186.9.11.105 - - [20/Mar/2018:13:39:32 -0300] "GET /cormun/servlet/solicitudotlog?c3953952c44084d28c099cf365215b1aab4ef95aff21402a07685904f5b8476a38bf3186af745bd74083b3b9349b64db846f77d083a36f60b9e2cc41adf2468c2c42b32e5d6e570ae0b5bd17c02d0894b751fb3d0971acda5201fb11805b2046360b4f42180c2e92ea288d155bcd424ef9dbe1595712bf3a95d4d121d5d68cbb0a98a8ef68aedfea66f8eb1e2c07399b404ebce865507ff289ba14514cf279fe,gx-no-cache=1521563924547 HTTP/1.1" 200 94
186.103.156.166 - - [20/Mar/2018:13:39:34 -0300] "POST /cormun/servlet/trcontratosolicitud?2ce3c7a068c8924b30df684c27b18328,,gx-no-cache=1521563923258 HTTP/1.1" 200 11846
186.103.156.166 - - [20/Mar/2018:13:39:34 -0300] "GET /cormun/static/Resources/PXToolsGridNext.gif HTTP/1.1" 200 369
186.103.156.166 - - [20/Mar/2018:13:39:35 -0300] "GET /cormun/static/Resources/PXToolsGridLast.gif HTTP/1.1" 200 370
186.9.11.105 - - [20/Mar/2018:13:39:37 -0300] "POST /cormun/servlet/solicitudotlog?79877d04010a42933f3dd4c1c8ca566c,INS,2018,7794,0,REC,,gx-no-cache=1521563929522 HTTP/1.1" 200 93
186.9.11.105 - - [20/Mar/2018:13:39:38 -0300] "GET /cormun/servlet/hpexe_return? HTTP/1.1" 200 1022
186.9.11.105 - - [20/Mar/2018:13:39:38 -0300] "GET /cormun/static/gxcfg.js?2016101716175148 HTTP/1.1" 200 953
186.9.11.105 - - [20/Mar/2018:13:39:38 -0300] "GET /cormun/static/hpexe_return.js?2016101716175153 HTTP/1.1" 200 1633
186.9.11.105 - - [20/Mar/2018:13:39:38 -0300] "GET /cormun/static/Resources/Spanish/PXTools.css?167811 HTTP/1.1" 200 89042
186.9.11.105 - - [20/Mar/2018:13:39:38 -0300] "GET /cormun/servlet/trsolicitudgral? HTTP/1.1" 200 10704
186.9.11.105 - - [20/Mar/2018:13:39:39 -0300] "GET /cormun/servlet/trsolicitudgral? HTTP/1.1" 200 10700
186.103.156.166 - - [20/Mar/2018:13:39:42 -0300] "POST /cormun/servlet/trcontratosolicitud?2ce3c7a068c8924b30df684c27b18328,,gx-no-cache=1521563930744 HTTP/1.1" 200 6407
186.103.156.166 - - [20/Mar/2018:13:39:42 -0300] "GET /cormun/static/Resources/PXToolsGridFirst.gif HTTP/1.1" 200 379
186.103.156.166 - - [20/Mar/2018:13:39:42 -0300] "GET /cormun/static/Resources/PXToolsGridPrevious.gif HTTP/1.1" 200 369
186.103.159.204 - - [20/Mar/2018:13:39:48 -0300] "GET /cormun/servlet/trsolicitudot? HTTP/1.1" 200 7087
186.103.159.204 - - [20/Mar/2018:13:39:48 -0300] "GET /cormun/servlet/trsolicitudot? HTTP/1.1" 200 7087
186.103.132.155 - - [20/Mar/2018:13:39:54 -0300] "POST /cormun/servlet/solicitudot?202fea67d445c9d88ef6d116f8d11a86,INS,0,0,,gx-no-cache=1521563931957 HTTP/1.1" 200 93
186.103.132.155 - - [20/Mar/2018:13:39:54 -0300] "GET /cormun/servlet/hpexe_return? HTTP/1.1" 200 1010
186.103.132.155 - - [20/Mar/2018:13:39:55 -0300] "GET /cormun/servlet/trsolicitudot HTTP/1.1" 200 8778
186.103.132.155 - - [20/Mar/2018:13:39:56 -0300] "GET /cormun/servlet/trsolicitudot HTTP/1.1" 200 8776
186.9.11.105 - - [20/Mar/2018:13:39:58 -0300] "POST /cormun/servlet/trsolicitudgral?79877d04010a42933f3dd4c1c8ca566c,,gx-no-cache=1521563950162 HTTP/1.1" 200 8742
186.103.156.166 - - [20/Mar/2018:13:40:03 -0300] "POST /cormun/servlet/trcontratosolicitud?2ce3c7a068c8924b30df684c27b18328,,gx-no-cache=1521563951953 HTTP/1.1" 200 11845
186.103.159.204 - - [20/Mar/2018:13:40:08 -0300] "POST /cormun/servlet/trsolicitudot?6aaf39c2e7352bbe7d38893de99cd1d1,,gx-no-cache=1521563954725 HTTP/1.1" 200 4284
200.111.122.170 - - [20/Mar/2018:13:40:30 -0300] "POST /cormun/servlet/trsolicitudot?202fea67d445c9d88ef6d116f8d11a86,gx-no-cache=1521563979117 HTTP/1.1" 200 4682
200.111.122.170 - - [20/Mar/2018:13:40:30 -0300] "GET /cormun/static/Shared/jqueryui/images/ui-bg_highlight-soft_100_c6c2c8_1x100.png HTTP/1.1" 404 1117
190.151.100.218 - - [20/Mar/2018:13:40:30 -0300] "GET /cormun/static/Shared/jqueryui/images/ui-icons_8d78a5_256x240.png HTTP/1.1" 404 1089
186.103.161.206 - - [20/Mar/2018:13:40:30 -0300] "GET /cormun/static/Shared/jqueryui/images/ui-bg_flat_55_fafafa_40x100.png HTTP/1.1" 404 1097
190.151.100.218 - - [20/Mar/2018:13:40:30 -0300] "GET /cormun/static/Shared/jqueryui/images/ui-icons_82798d_256x240.png HTTP/1.1" 404 1089
186.103.156.166 - - [20/Mar/2018:13:40:31 -0300] "POST /cormun/servlet/trcontratosolicitud?2ce3c7a068c8924b30df684c27b18328,,gx-no-cache=1521563979516 HTTP/1.1" 200 6399
200.111.122.170 - - [20/Mar/2018:13:40:32 -0300] "POST /cormun/servlet/trsolicitudot?202fea67d445c9d88ef6d116f8d11a86,gx-no-cache=1521563980312 HTTP/1.1" 200 4462
200.111.122.170 - - [20/Mar/2018:13:40:37 -0300] "GET /cormun/servlet/trautorizarsolicitud? HTTP/1.1" 200 8669
200.111.122.170 - - [20/Mar/2018:13:40:39 -0300] "GET /cormun/servlet/trautorizarsolicitud? HTTP/1.1" 200 8668
186.103.156.166 - - [20/Mar/2018:13:40:59 -0300] "POST /cormun/servlet/trcontratosolicitud?2ce3c7a068c8924b30df684c27b18328,,gx-no-cache=1521564008352 HTTP/1.1" 200 11846
186.9.11.105 - - [20/Mar/2018:13:41:11 -0300] "POST /cormun/servlet/trsolicitudgral?79877d04010a42933f3dd4c1c8ca566c,,gx-no-cache=1521564022899 HTTP/1.1" 200 7938
190.151.100.218 - - [20/Mar/2018:13:41:18 -0300] "POST /cormun/servlet/trautorizarsolicitud?202fea67d445c9d88ef6d116f8d11a86,,gx-no-cache=1521564027710 HTTP/1.1" 200 6218
190.151.100.218 - - [20/Mar/2018:13:41:18 -0300] "GET /cormun/static/Shared/jqueryui/images/ui-bg_highlight-soft_100_c6c2c8_1x100.png HTTP/1.1" 404 1117
190.151.100.218 - - [20/Mar/2018:13:41:18 -0300] "GET /cormun/static/Shared/jqueryui/images/ui-icons_82798d_256x240.png HTTP/1.1" 404 1089
200.111.122.170 - - [20/Mar/2018:13:41:18 -0300] "GET /cormun/static/Shared/jqueryui/images/ui-bg_flat_55_fafafa_40x100.png HTTP/1.1" 404 1097
200.72.197.82 - - [20/Mar/2018:13:41:18 -0300] "GET /cormun/static/Shared/jqueryui/images/ui-icons_8d78a5_256x240.png HTTP/1.1" 404 1089
200.72.197.82 - - [20/Mar/2018:13:41:19 -0300] "POST /cormun/servlet/trautorizarsolicitud?202fea67d445c9d88ef6d116f8d11a86,,gx-no-cache=1521564028503 HTTP/1.1" 200 6161
186.103.156.166 - - [20/Mar/2018:13:41:28 -0300] "POST /cormun/servlet/trcontratosolicitud?2ce3c7a068c8924b30df684c27b18328,,gx-no-cache=1521564037266 HTTP/1.1" 200 6400
200.72.197.82 - - [20/Mar/2018:13:41:29 -0300] "GET /cormun/servlet/veautorizarsolicitud?2018,10678,, HTTP/1.1" 200 8615
200.72.197.82 - - [20/Mar/2018:13:41:29 -0300] "GET /cormun/pexe_scrolldiv.js HTTP/1.1" 404 1009
200.72.197.82 - - [20/Mar/2018:13:41:29 -0300] "GET /cormun/pexe_scrolldiv.js HTTP/1.1" 404 1009
200.72.197.82 - - [20/Mar/2018:13:41:31 -0300] "GET /cormun/servlet/veautorizarsolicitud?2018,10678,, HTTP/1.1" 200 8614
186.67.164.142 - - [20/Mar/2018:13:41:49 -0300] "GET /cormun/servlet/trautorizarsolicitud? HTTP/1.1" 200 6287
186.67.164.142 - - [20/Mar/2018:13:41:50 -0300] "GET /cormun/servlet/trautorizarsolicitud? HTTP/1.1" 200 6287
186.67.164.142 - - [20/Mar/2018:13:41:50 -0300] "GET /cormun/servlet/hlogin HTTP/1.1" 200 1738
186.103.156.166 - - [20/Mar/2018:13:41:55 -0300] "POST /cormun/servlet/trcontratosolicitud?2ce3c7a068c8924b30df684c27b18328,,gx-no-cache=1521564063849 HTTP/1.1" 200 11847
186.67.164.142 - - [20/Mar/2018:13:42:03 -0300] "POST /cormun/servlet/hlogin?44d29f36a273ca4b8e2d2bf3832df14f,gx-no-cache=1521564073538 HTTP/1.1" 200 90
186.67.164.142 - - [20/Mar/2018:13:42:03 -0300] "GET /cormun/servlet/hpexe_link HTTP/1.1" 200 960
186.67.164.142 - - [20/Mar/2018:13:42:03 -0300] "GET /cormun/servlet/trautorizarsolicitud HTTP/1.1" 200 10283
186.67.164.142 - - [20/Mar/2018:13:42:04 -0300] "GET /cormun/servlet/trautorizarsolicitud HTTP/1.1" 200 10281
186.9.11.105 - - [20/Mar/2018:13:42:06 -0300] "POST /cormun/servlet/trsolicitudgral?79877d04010a42933f3dd4c1c8ca566c,,gx-no-cache=1521564078467 HTTP/1.1" 200 115
186.9.11.105 - - [20/Mar/2018:13:42:06 -0300] "GET /cormun/servlet/solicitudotlog?INS,2018,7765,0,REC, HTTP/1.1" 200 6266
186.67.172.234 - - [20/Mar/2018:13:42:07 -0300] "GET /cormun/servlet/prbanco?,MD,,gxPopupLevel%3D0%3B HTTP/1.1" 200 6665
186.67.172.234 - - [20/Mar/2018:13:42:07 -0300] "GET /cormun/static/gxcfg.js?20181161016094 HTTP/1.1" 200 953
186.9.11.105 - - [20/Mar/2018:13:42:07 -0300] "GET /cormun/servlet/solicitudotlog?INS,2018,7765,0,REC, HTTP/1.1" 200 6267
186.9.11.105 - - [20/Mar/2018:13:42:07 -0300] "GET /cormun/servlet/solicitudotlog?c3953952c44084d28c099cf365215b1a455e7b7d4fb5c7478dc2766795ec8a3038bf3186af745bd74083b3b9349b64db846f77d083a36f60b9e2cc41adf2468c2c42b32e5d6e570ae0b5bd17c02d0894b751fb3d0971acda5201fb11805b2046360b4f42180c2e92ea288d155bcd424ef9dbe1595712bf3a95d4d121d5d68cbb0a98a8ef68aedfea66f8eb1e2c07399b404ebce865507ff289ba14514cf279fe,gx-no-cache=1521564079656 HTTP/1.1" 200 94
186.103.161.206 - - [20/Mar/2018:13:42:10 -0300] "GET /cormun/servlet/trautorizarsolicitud? HTTP/1.1" 200 7324
186.103.161.206 - - [20/Mar/2018:13:42:11 -0300] "GET /cormun/servlet/trautorizarsolicitud? HTTP/1.1" 200 7324
186.9.11.105 - - [20/Mar/2018:13:42:13 -0300] "POST /cormun/servlet/solicitudotlog?79877d04010a42933f3dd4c1c8ca566c,INS,2018,7765,0,REC,,gx-no-cache=1521564084886 HTTP/1.1" 200 93
186.9.11.105 - - [20/Mar/2018:13:42:13 -0300] "GET /cormun/servlet/hpexe_return? HTTP/1.1" 200 1023
186.9.11.105 - - [20/Mar/2018:13:42:14 -0300] "GET /cormun/servlet/trsolicitudgral? HTTP/1.1" 200 10960
186.9.11.105 - - [20/Mar/2018:13:42:14 -0300] "GET /cormun/servlet/trsolicitudgral? HTTP/1.1" 200 10955
200.72.197.82 - - [20/Mar/2018:13:42:15 -0300] "GET /cormun/servlet/hlogin HTTP/1.1" 200 1746
186.103.156.166 - - [20/Mar/2018:13:42:17 -0300] "GET /cormun/servlet/trcontratounov2? HTTP/1.1" 200 17315
186.103.156.166 - - [20/Mar/2018:13:42:17 -0300] "GET /cormun/static/gxcfg.js?201752512124396 HTTP/1.1" 200 953
186.103.156.166 - - [20/Mar/2018:13:42:17 -0300] "GET /cormun/static/trcontratounov2.js?201752512125146 HTTP/1.1" 200 38486
186.67.172.234 - - [20/Mar/2018:13:42:17 -0300] "GET /cormun/servlet/solicitudot?41b76ff4993e10c1c3d3ffebb06102ff72ba13772a9b4982a0e1804a64cae23721855d55fd6e46e91e1f78256ff0e510,gx-no-cache=1521564034361 HTTP/1.1" 200 30
186.103.156.166 - - [20/Mar/2018:13:42:18 -0300] "GET /cormun/static/Resources/PXToolsAddSelectedAction.png HTTP/1.1" 200 3660
186.103.156.166 - - [20/Mar/2018:13:42:18 -0300] "GET /cormun/servlet/trcontratounov2? HTTP/1.1" 200 17364
186.9.11.105 - - [20/Mar/2018:13:42:26 -0300] "POST /cormun/servlet/trsolicitudgral?79877d04010a42933f3dd4c1c8ca566c,,gx-no-cache=1521564098224 HTTP/1.1" 200 7651
186.67.164.142 - - [20/Mar/2018:13:42:47 -0300] "POST /cormun/servlet/trautorizarsolicitud?44d29f36a273ca4b8e2d2bf3832df14f,gx-no-cache=1521564117573 HTTP/1.1" 200 7058
186.67.164.142 - - [20/Mar/2018:13:42:47 -0300] "GET /cormun/static/Shared/jqueryui/images/ui-bg_highlight-soft_100_c6c2c8_1x100.png HTTP/1.1" 404 1117
186.67.164.142 - - [20/Mar/2018:13:42:47 -0300] "GET /cormun/static/Shared/jqueryui/images/ui-icons_82798d_256x240.png HTTP/1.1" 404 1089
186.67.164.142 - - [20/Mar/2018:13:42:47 -0300] "GET /cormun/static/Shared/jqueryui/images/ui-bg_flat_55_fafafa_40x100.png HTTP/1.1" 404 1097
186.67.164.142 - - [20/Mar/2018:13:42:47 -0300] "GET /cormun/static/Shared/jqueryui/images/ui-icons_8d78a5_256x240.png HTTP/1.1" 404 1089
186.67.164.142 - - [20/Mar/2018:13:42:47 -0300] "POST /cormun/servlet/trautorizarsolicitud?44d29f36a273ca4b8e2d2bf3832df14f,gx-no-cache=1521564117974 HTTP/1.1" 200 7004
186.103.156.166 - - [20/Mar/2018:13:42:48 -0300] "GET /cormun/servlet/trcontratosolicitud? HTTP/1.1" 200 14165
186.67.164.142 - - [20/Mar/2018:13:42:48 -0300] "POST /cormun/servlet/trautorizarsolicitud?44d29f36a273ca4b8e2d2bf3832df14f,gx-no-cache=1521564118841 HTTP/1.1" 200 6812
186.67.164.142 - - [20/Mar/2018:13:42:49 -0300] "POST /cormun/servlet/trautorizarsolicitud?44d29f36a273ca4b8e2d2bf3832df14f,gx-no-cache=1521564119170 HTTP/1.1" 200 6757
186.103.156.166 - - [20/Mar/2018:13:42:49 -0300] "GET /cormun/servlet/trcontratosolicitud? HTTP/1.1" 200 14153
186.9.11.105 - - [20/Mar/2018:13:42:49 -0300] "POST /cormun/servlet/trsolicitudgral?79877d04010a42933f3dd4c1c8ca566c,,gx-no-cache=1521564121261 HTTP/1.1" 200 115
186.67.164.142 - - [20/Mar/2018:13:42:49 -0300] "POST /cormun/servlet/trautorizarsolicitud?44d29f36a273ca4b8e2d2bf3832df14f,gx-no-cache=1521564119967 HTTP/1.1" 200 6425
186.9.11.105 - - [20/Mar/2018:13:42:49 -0300] "GET /cormun/servlet/solicitudotlog?INS,2018,7747,0,REC, HTTP/1.1" 200 6267
186.67.164.142 - - [20/Mar/2018:13:42:50 -0300] "POST /cormun/servlet/trautorizarsolicitud?44d29f36a273ca4b8e2d2bf3832df14f,gx-no-cache=1521564120249 HTTP/1.1" 200 6369
186.9.11.105 - - [20/Mar/2018:13:42:50 -0300] "GET /cormun/servlet/solicitudotlog?INS,2018,7747,0,REC, HTTP/1.1" 200 6268
186.9.11.105 - - [20/Mar/2018:13:42:50 -0300] "GET /cormun/servlet/solicitudotlog?c3953952c44084d28c099cf365215b1a8ef2d57fb7ba6e463ba3f4799e27a5a438bf3186af745bd74083b3b9349b64db846f77d083a36f60b9e2cc41adf2468c2c42b32e5d6e570ae0b5bd17c02d0894b751fb3d0971acda5201fb11805b2046360b4f42180c2e92ea288d155bcd424ef9dbe1595712bf3a95d4d121d5d68cbb0a98a8ef68aedfea66f8eb1e2c07399b404ebce865507ff289ba14514cf279fe,gx-no-cache=1521564122531 HTTP/1.1" 200 94
186.67.164.142 - - [20/Mar/2018:13:42:51 -0300] "POST /cormun/servlet/trautorizarsolicitud?44d29f36a273ca4b8e2d2bf3832df14f,gx-no-cache=1521564121206 HTTP/1.1" 200 6006
186.67.164.142 - - [20/Mar/2018:13:42:51 -0300] "POST /cormun/servlet/trautorizarsolicitud?44d29f36a273ca4b8e2d2bf3832df14f,gx-no-cache=1521564121460 HTTP/1.1" 200 5952
186.67.164.142 - - [20/Mar/2018:13:42:52 -0300] "POST /cormun/servlet/trautorizarsolicitud?44d29f36a273ca4b8e2d2bf3832df14f,gx-no-cache=1521564122181 HTTP/1.1" 200 5676
186.67.164.142 - - [20/Mar/2018:13:42:52 -0300] "POST /cormun/servlet/trautorizarsolicitud?44d29f36a273ca4b8e2d2bf3832df14f,gx-no-cache=1521564122403 HTTP/1.1" 200 5620
186.67.164.142 - - [20/Mar/2018:13:42:53 -0300] "POST /cormun/servlet/trautorizarsolicitud?44d29f36a273ca4b8e2d2bf3832df14f,gx-no-cache=1521564123126 HTTP/1.1" 200 4376
186.67.164.142 - - [20/Mar/2018:13:42:53 -0300] "POST /cormun/servlet/trautorizarsolicitud?44d29f36a273ca4b8e2d2bf3832df14f,gx-no-cache=1521564123841 HTTP/1.1" 200 4125
186.9.11.105 - - [20/Mar/2018:13:42:56 -0300] "POST /cormun/servlet/solicitudotlog?79877d04010a42933f3dd4c1c8ca566c,INS,2018,7747,0,REC,,gx-no-cache=1521564128293 HTTP/1.1" 200 93
186.9.11.105 - - [20/Mar/2018:13:42:56 -0300] "GET /cormun/servlet/hpexe_return? HTTP/1.1" 200 1023
186.9.11.105 - - [20/Mar/2018:13:42:56 -0300] "GET /cormun/servlet/trsolicitudgral? HTTP/1.1" 200 10690
186.9.11.105 - - [20/Mar/2018:13:42:57 -0300] "GET /cormun/servlet/trsolicitudgral? HTTP/1.1" 200 10686
186.67.172.234 - - [20/Mar/2018:13:43:03 -0300] "GET /cormun/servlet/solicitudot?41b76ff4993e10c1c3d3ffebb06102ff290dc2f30af52386070ba079dea607f6,gx-no-cache=1521564079501 HTTP/1.1" 200 53
186.67.172.234 - - [20/Mar/2018:13:43:24 -0300] "POST /cormun/servlet/solicitudot?gx-no-cache=1521564100547 HTTP/1.1" 200 256
186.67.172.234 - - [20/Mar/2018:13:43:28 -0300] "GET /cormun/servlet/solicitudot?41b76ff4993e10c1c3d3ffebb06102ffb38417b5031955826ccce1abba2c18974549d6b91ecc65ff7586c3ca85315eeb11448a31671a8e8c5096ab1249e3f880a4be7d2d0c39318830e4995f33b971bd536d3c12fbbd6adbfb808cfcea6dc40c310577e86b42a138babcb94ed8668fcecb3ef210d31a128e408d6b7cc22152f1a98216ccdbcec05e9c177966725315790c929242143f60ecf4d072837a950bf55b4fe9f988b6b962d3166b8b0674f3a0b593e34256467ab338302d0004d50fb06eb779788bdd009a380fd3914e6d20759eac63b13fb99ae12a1b4d0f9d46996679fefff438d96a564070fef63549d86e03a81a08acacfcf3575fded621f3f21adeb0fd82a7b538cf01039259f4a6e83d42e756f16d88a20b2ecbcd7a826ac305316e8a9d5c95062e3a4e694df4f4431228de3b3d0234b467a6493faf398e6fa07285d641a36db75adb6bddd32e1a1ece8540e51113f5a1d0db8b2caed38082428c161a5d7ee497842b4c5b93b34176da85d89e58dcac110c8d4f69f123e01037,gx-no-cache=1521564104760 HTTP/1.1" 200 30
186.67.172.234 - - [20/Mar/2018:13:43:38 -0300] "POST /cormun/servlet/solicitudot?gx-no-cache=1521564115018 HTTP/1.1" 200 30
186.67.172.234 - - [20/Mar/2018:13:43:41 -0300] "POST /cormun/servlet/solicitudot?gx-no-cache=1521564117622 HTTP/1.1" 200 1333
186.67.172.234 - - [20/Mar/2018:13:43:41 -0300] "POST /cormun/servlet/solicitudot?gx-no-cache=1521564117746 HTTP/1.1" 200 38
186.67.172.234 - - [20/Mar/2018:13:44:11 -0300] "GET /cormun/servlet/solicitudot?41b76ff4993e10c1c3d3ffebb06102ffbe03122bb2d9518117464711095ee18bc0367ce3f80979513141514384ddd36cd1d941a9dcd74bde7942f5dda5d6ee8fe5fcf2b85b06cb04566e7fa9e04446e189042034b19f5b0982be412005970a259af888d317ea20c559244ba9497ac492,gx-no-cache=1521564147635 HTTP/1.1" 200 29
186.67.172.234 - - [20/Mar/2018:13:44:11 -0300] "POST /cormun/servlet/solicitudot?gx-no-cache=1521564147754 HTTP/1.1" 200 1319
186.67.172.234 - - [20/Mar/2018:13:44:11 -0300] "POST /cormun/servlet/solicitudot?gx-no-cache=1521564147872 HTTP/1.1" 200 1215
186.67.172.234 - - [20/Mar/2018:13:44:21 -0300] "GET /cormun/static/menuarrow.gif HTTP/1.1" 404 1015
186.67.172.234 - - [20/Mar/2018:13:44:29 -0300] "GET /cormun/servlet/solicitudot?41b76ff4993e10c1c3d3ffebb06102ffed6cc9ffbf91d7ab6ef3823aecb4bc290084bfb845b930eb6e36528cf7c7c9d3,gx-no-cache=1521564165533 HTTP/1.1" 200 30
186.67.172.234 - - [20/Mar/2018:13:44:40 -0300] "POST /cormun/servlet/solicitudot?gx-no-cache=1521564177160 HTTP/1.1" 200 30
186.103.156.166 - - [20/Mar/2018:13:44:44 -0300] "GET /cormun/servlet/hlogin HTTP/1.1" 200 1742
186.67.172.234 - - [20/Mar/2018:13:45:34 -0300] "POST /cormun/servlet/solicitudot?cdbc1c18f0e3e6c2139534b7e73ab0fa,INS,0,0,,gx-no-cache=1521564230932 HTTP/1.1" 200 93
186.67.172.234 - - [20/Mar/2018:13:45:34 -0300] "GET /cormun/servlet/hpexe_return? HTTP/1.1" 200 1009
186.67.172.234 - - [20/Mar/2018:13:45:34 -0300] "GET /cormun/servlet/trsolicitudot HTTP/1.1" 200 9169
186.67.172.234 - - [20/Mar/2018:13:45:35 -0300] "GET /cormun/servlet/trsolicitudot HTTP/1.1" 200 9165
186.67.172.234 - - [20/Mar/2018:13:45:41 -0300] "POST /cormun/servlet/trsolicitudot?cdbc1c18f0e3e6c2139534b7e73ab0fa,gx-no-cache=1521564238007 HTTP/1.1" 200 107
186.67.172.234 - - [20/Mar/2018:13:45:41 -0300] "GET /cormun/servlet/trsolicitudadjuntos?2018,10679, HTTP/1.1" 200 6328
186.67.172.234 - - [20/Mar/2018:13:45:42 -0300] "GET /cormun/servlet/trsolicitudadjuntos?2018,10679, HTTP/1.1" 200 6328
186.67.172.234 - - [20/Mar/2018:13:45:44 -0300] "GET /cormun/servlet/solicitudotadjuntos?INS,2018,10679,,1, HTTP/1.1" 200 6270
186.67.172.234 - - [20/Mar/2018:13:45:44 -0300] "GET /cormun/static/about:blank HTTP/1.1" 404 1011
186.67.172.234 - - [20/Mar/2018:13:45:44 -0300] "GET /cormun/servlet/solicitudotadjuntos?INS,2018,10679,,1, HTTP/1.1" 200 6264
186.67.172.234 - - [20/Mar/2018:13:45:45 -0300] "GET /cormun/servlet/solicitudotadjuntos?41b76ff4993e10c1c3d3ffebb06102ffe9949852d96582c3e5e7d173c39a93ad383d7fd497c15f92d5aadc14107ecb64,gx-no-cache=1521564241577 HTTP/1.1" 200 30
186.67.172.234 - - [20/Mar/2018:13:45:45 -0300] "POST /cormun/servlet/solicitudotadjuntos?cdbc1c18f0e3e6c2139534b7e73ab0fa,INS,2018,10679,,1,,gx-no-cache=1521564241637 HTTP/1.1" 200 3991
186.67.172.234 - - [20/Mar/2018:13:45:49 -0300] "POST /cormun/servlet/solicitudotadjuntos?gx-no-cache=1521564246221 HTTP/1.1" 200 26
186.67.172.234 - - [20/Mar/2018:13:45:58 -0300] "GET /cormun/servlet/solicitudotadjuntos?41b76ff4993e10c1c3d3ffebb06102ff745e71b51a2ea100a22a2becd5ef9893,gx-no-cache=1521564254482 HTTP/1.1" 200 30
186.67.172.234 - - [20/Mar/2018:13:45:58 -0300] "GET /cormun/servlet/solicitudotadjuntos?41b76ff4993e10c1c3d3ffebb06102ff745e71b51a2ea100a22a2becd5ef9893,gx-no-cache=1521564254530 HTTP/1.1" 200 30
186.67.172.234 - - [20/Mar/2018:13:45:59 -0300] "POST /cormun/servlet/solicitudotadjuntos?cdbc1c18f0e3e6c2139534b7e73ab0fa,INS,2018,10679,,1, HTTP/1.1" 200 116
186.67.172.234 - - [20/Mar/2018:13:45:59 -0300] "GET /cormun/servlet/hpexe_return? HTTP/1.1" 200 1029
186.67.172.234 - - [20/Mar/2018:13:45:59 -0300] "GET /cormun/servlet/trsolicitudadjuntos?2018,10679, HTTP/1.1" 200 8768
186.67.172.234 - - [20/Mar/2018:13:46:00 -0300] "GET /cormun/servlet/trsolicitudadjuntos?2018,10679, HTTP/1.1" 200 8762
186.67.172.234 - - [20/Mar/2018:13:46:02 -0300] "GET /cormun/servlet/solicitudotadjuntos?INS,2018,10679,,1, HTTP/1.1" 200 6270
186.67.172.234 - - [20/Mar/2018:13:46:02 -0300] "GET /cormun/static/about:blank HTTP/1.1" 404 1011
186.67.172.234 - - [20/Mar/2018:13:46:03 -0300] "GET /cormun/servlet/solicitudotadjuntos?INS,2018,10679,,1, HTTP/1.1" 200 6264
186.67.172.234 - - [20/Mar/2018:13:46:03 -0300] "GET /cormun/servlet/solicitudotadjuntos?41b76ff4993e10c1c3d3ffebb06102ffe9949852d96582c3e5e7d173c39a93ad383d7fd497c15f92d5aadc14107ecb64,gx-no-cache=1521564259954 HTTP/1.1" 200 30
186.67.172.234 - - [20/Mar/2018:13:46:03 -0300] "POST /cormun/servlet/solicitudotadjuntos?cdbc1c18f0e3e6c2139534b7e73ab0fa,INS,2018,10679,,1,,gx-no-cache=1521564260020 HTTP/1.1" 200 3991
186.67.172.234 - - [20/Mar/2018:13:46:06 -0300] "POST /cormun/servlet/solicitudotadjuntos?gx-no-cache=1521564262640 HTTP/1.1" 200 26
186.67.172.234 - - [20/Mar/2018:13:46:13 -0300] "GET /cormun/servlet/solicitudotadjuntos?41b76ff4993e10c1c3d3ffebb06102ff745e71b51a2ea100a22a2becd5ef9893,gx-no-cache=1521564270033 HTTP/1.1" 200 30
186.67.172.234 - - [20/Mar/2018:13:46:13 -0300] "GET /cormun/servlet/solicitudotadjuntos?41b76ff4993e10c1c3d3ffebb06102ff745e71b51a2ea100a22a2becd5ef9893,gx-no-cache=1521564270096 HTTP/1.1" 200 30
186.67.172.234 - - [20/Mar/2018:13:46:14 -0300] "POST /cormun/servlet/solicitudotadjuntos?cdbc1c18f0e3e6c2139534b7e73ab0fa,INS,2018,10679,,1, HTTP/1.1" 200 116
186.67.172.234 - - [20/Mar/2018:13:46:14 -0300] "GET /cormun/servlet/hpexe_return? HTTP/1.1" 200 1029
186.67.172.234 - - [20/Mar/2018:13:46:15 -0300] "GET /cormun/servlet/trsolicitudadjuntos?2018,10679, HTTP/1.1" 200 8987
186.67.172.234 - - [20/Mar/2018:13:46:15 -0300] "GET /cormun/servlet/trsolicitudadjuntos?2018,10679, HTTP/1.1" 200 8987
186.67.172.234 - - [20/Mar/2018:13:46:18 -0300] "GET /cormun/servlet/solicitudotadjuntos?INS,2018,10679,,1, HTTP/1.1" 200 6270
186.67.172.234 - - [20/Mar/2018:13:46:18 -0300] "GET /cormun/static/about:blank HTTP/1.1" 404 1011
186.67.172.234 - - [20/Mar/2018:13:46:18 -0300] "GET /cormun/servlet/solicitudotadjuntos?INS,2018,10679,,1, HTTP/1.1" 200 6264
186.67.172.234 - - [20/Mar/2018:13:46:19 -0300] "GET /cormun/servlet/solicitudotadjuntos?41b76ff4993e10c1c3d3ffebb06102ffe9949852d96582c3e5e7d173c39a93ad383d7fd497c15f92d5aadc14107ecb64,gx-no-cache=1521564275848 HTTP/1.1" 200 30
186.67.172.234 - - [20/Mar/2018:13:46:19 -0300] "POST /cormun/servlet/solicitudotadjuntos?cdbc1c18f0e3e6c2139534b7e73ab0fa,INS,2018,10679,,1,,gx-no-cache=1521564275935 HTTP/1.1" 200 3991
186.67.172.234 - - [20/Mar/2018:13:46:22 -0300] "POST /cormun/servlet/solicitudotadjuntos?gx-no-cache=1521564278585 HTTP/1.1" 200 26
186.67.172.234 - - [20/Mar/2018:13:46:28 -0300] "GET /cormun/servlet/solicitudotadjuntos?41b76ff4993e10c1c3d3ffebb06102ff745e71b51a2ea100a22a2becd5ef9893,gx-no-cache=1521564284728 HTTP/1.1" 200 30
186.67.172.234 - - [20/Mar/2018:13:46:28 -0300] "GET /cormun/servlet/solicitudotadjuntos?41b76ff4993e10c1c3d3ffebb06102ff745e71b51a2ea100a22a2becd5ef9893,gx-no-cache=1521564284759 HTTP/1.1" 200 30
186.67.172.234 - - [20/Mar/2018:13:46:29 -0300] "POST /cormun/servlet/solicitudotadjuntos?cdbc1c18f0e3e6c2139534b7e73ab0fa,INS,2018,10679,,1, HTTP/1.1" 200 116
186.67.172.234 - - [20/Mar/2018:13:46:30 -0300] "GET /cormun/servlet/hpexe_return? HTTP/1.1" 200 1029
186.67.172.234 - - [20/Mar/2018:13:46:30 -0300] "GET /cormun/servlet/trsolicitudadjuntos?2018,10679, HTTP/1.1" 200 9154
186.67.172.234 - - [20/Mar/2018:13:46:31 -0300] "GET /cormun/servlet/trsolicitudadjuntos?2018,10679, HTTP/1.1" 200 9151
186.67.172.234 - - [20/Mar/2018:13:46:33 -0300] "GET /cormun/servlet/solicitudotadjuntos?INS,2018,10679,,1, HTTP/1.1" 200 6270
186.67.172.234 - - [20/Mar/2018:13:46:33 -0300] "GET /cormun/static/about:blank HTTP/1.1" 404 1011
186.67.172.234 - - [20/Mar/2018:13:46:33 -0300] "GET /cormun/servlet/solicitudotadjuntos?INS,2018,10679,,1, HTTP/1.1" 200 6264
186.67.172.234 - - [20/Mar/2018:13:46:34 -0300] "GET /cormun/servlet/solicitudotadjuntos?41b76ff4993e10c1c3d3ffebb06102ffe9949852d96582c3e5e7d173c39a93ad383d7fd497c15f92d5aadc14107ecb64,gx-no-cache=1521564290751 HTTP/1.1" 200 30
186.67.172.234 - - [20/Mar/2018:13:46:34 -0300] "POST /cormun/servlet/solicitudotadjuntos?cdbc1c18f0e3e6c2139534b7e73ab0fa,INS,2018,10679,,1,,gx-no-cache=1521564290817 HTTP/1.1" 200 3991
186.67.172.234 - - [20/Mar/2018:13:46:36 -0300] "POST /cormun/servlet/solicitudotadjuntos?gx-no-cache=1521564293348 HTTP/1.1" 200 26
186.67.172.234 - - [20/Mar/2018:13:46:41 -0300] "GET /cormun/servlet/solicitudotadjuntos?41b76ff4993e10c1c3d3ffebb06102ff745e71b51a2ea100a22a2becd5ef9893,gx-no-cache=1521564297796 HTTP/1.1" 200 30
186.67.172.234 - - [20/Mar/2018:13:46:41 -0300] "GET /cormun/servlet/solicitudotadjuntos?41b76ff4993e10c1c3d3ffebb06102ff745e71b51a2ea100a22a2becd5ef9893,gx-no-cache=1521564297867 HTTP/1.1" 200 30
186.67.172.234 - - [20/Mar/2018:13:46:43 -0300] "POST /cormun/servlet/solicitudotadjuntos?cdbc1c18f0e3e6c2139534b7e73ab0fa,INS,2018,10679,,1, HTTP/1.1" 200 116
186.67.172.234 - - [20/Mar/2018:13:46:43 -0300] "GET /cormun/servlet/hpexe_return? HTTP/1.1" 200 1029
186.67.172.234 - - [20/Mar/2018:13:46:44 -0300] "GET /cormun/servlet/trsolicitudadjuntos?2018,10679, HTTP/1.1" 200 9372
186.67.172.234 - - [20/Mar/2018:13:46:44 -0300] "GET /cormun/servlet/trsolicitudadjuntos?2018,10679, HTTP/1.1" 200 9370
186.67.172.234 - - [20/Mar/2018:13:46:46 -0300] "GET /cormun/servlet/solicitudotadjuntos?INS,2018,10679,,1, HTTP/1.1" 200 6269
186.67.172.234 - - [20/Mar/2018:13:46:47 -0300] "GET /cormun/static/about:blank HTTP/1.1" 404 1011
186.67.172.234 - - [20/Mar/2018:13:46:47 -0300] "GET /cormun/servlet/solicitudotadjuntos?INS,2018,10679,,1, HTTP/1.1" 200 6263
186.67.172.234 - - [20/Mar/2018:13:46:47 -0300] "GET /cormun/servlet/solicitudotadjuntos?41b76ff4993e10c1c3d3ffebb06102ffe9949852d96582c3e5e7d173c39a93ad383d7fd497c15f92d5aadc14107ecb64,gx-no-cache=1521564304038 HTTP/1.1" 200 30
186.67.172.234 - - [20/Mar/2018:13:46:48 -0300] "POST /cormun/servlet/solicitudotadjuntos?cdbc1c18f0e3e6c2139534b7e73ab0fa,INS,2018,10679,,1,,gx-no-cache=1521564304116 HTTP/1.1" 200 3990
186.67.172.234 - - [20/Mar/2018:13:46:51 -0300] "POST /cormun/servlet/solicitudotadjuntos?gx-no-cache=1521564308251 HTTP/1.1" 200 26
192.168.10.96 - - [20/Mar/2018:13:46:53 -0300] "POST /cormun/servlet/vesolicitudgral?0bd1f58c8c574a58fd5736df136f78f4,2018,8836,,SolicitudOTAdjuntos,gx-no-cache=1521564247519 HTTP/1.1" 200 90
192.168.10.96 - - [20/Mar/2018:13:46:53 -0300] "GET /cormun/servlet/hpexe_link HTTP/1.1" 200 998
192.168.10.96 - - [20/Mar/2018:13:46:54 -0300] "GET /cormun/servlet/trsolicitudgral?gx-no-cache=1521560404974 HTTP/1.1" 200 14609
192.168.10.96 - - [20/Mar/2018:13:46:54 -0300] "GET /cormun/servlet/trsolicitudgral?gx-no-cache=1521560404974 HTTP/1.1" 200 14629
192.168.10.96 - - [20/Mar/2018:13:46:58 -0300] "GET /cormun/servlet/vesolicitudgral?2018,10111,, HTTP/1.1" 200 9305
192.168.10.96 - - [20/Mar/2018:13:46:58 -0300] "GET /cormun/pexe_scrolldiv.js HTTP/1.1" 404 1009
192.168.10.96 - - [20/Mar/2018:13:46:58 -0300] "GET /cormun/pexe_scrolldiv.js HTTP/1.1" 404 1009
192.168.10.96 - - [20/Mar/2018:13:46:58 -0300] "GET /cormun/servlet/vesolicitudgral?2018,10111,, HTTP/1.1" 200 9282
186.67.172.234 - - [20/Mar/2018:13:47:00 -0300] "GET /cormun/servlet/solicitudotadjuntos?41b76ff4993e10c1c3d3ffebb06102ff745e71b51a2ea100a22a2becd5ef9893,gx-no-cache=1521564316540 HTTP/1.1" 200 30
186.67.172.234 - - [20/Mar/2018:13:47:00 -0300] "GET /cormun/servlet/solicitudotadjuntos?41b76ff4993e10c1c3d3ffebb06102ff745e71b51a2ea100a22a2becd5ef9893,gx-no-cache=1521564316570 HTTP/1.1" 200 30
192.168.10.96 - - [20/Mar/2018:13:47:00 -0300] "GET /cormun/servlet/vesolicitudgral?2018,10111,,SolicitudOTAdjuntos HTTP/1.1" 200 11407
192.168.10.96 - - [20/Mar/2018:13:47:00 -0300] "GET /cormun/pexe_scrolldiv.js HTTP/1.1" 404 1009
192.168.10.96 - - [20/Mar/2018:13:47:00 -0300] "GET /cormun/pexe_scrolldiv.js HTTP/1.1" 404 1009
192.168.10.96 - - [20/Mar/2018:13:47:01 -0300] "GET /cormun/servlet/vesolicitudgral?2018,10111,,SolicitudOTAdjuntos HTTP/1.1" 200 11406
186.67.172.234 - - [20/Mar/2018:13:47:01 -0300] "POST /cormun/servlet/solicitudotadjuntos?cdbc1c18f0e3e6c2139534b7e73ab0fa,INS,2018,10679,,1, HTTP/1.1" 200 116
186.67.172.234 - - [20/Mar/2018:13:47:01 -0300] "GET /cormun/servlet/hpexe_return? HTTP/1.1" 200 1029
192.168.10.96 - - [20/Mar/2018:13:47:01 -0300] "POST /cormun/servlet/acontrolpreferencessavestate?None,DZAMUDIO,true HTTP/1.1" 200 35
186.67.172.234 - - [20/Mar/2018:13:47:02 -0300] "GET /cormun/servlet/trsolicitudadjuntos?2018,10679, HTTP/1.1" 200 9589
192.168.10.96 - - [20/Mar/2018:13:47:02 -0300] "GET /cormun/PublicTempStorage/cedula_de_identidad2.3238535.pdf HTTP/1.1" 200 267334
186.67.172.234 - - [20/Mar/2018:13:47:03 -0300] "GET /cormun/servlet/trsolicitudadjuntos?2018,10679, HTTP/1.1" 200 9584
186.67.172.234 - - [20/Mar/2018:13:47:06 -0300] "GET /cormun/servlet/solicitudotadjuntos?INS,2018,10679,,1, HTTP/1.1" 200 6269
186.67.172.234 - - [20/Mar/2018:13:47:07 -0300] "GET /cormun/static/about:blank HTTP/1.1" 404 1011
186.67.172.234 - - [20/Mar/2018:13:47:07 -0300] "GET /cormun/servlet/solicitudotadjuntos?INS,2018,10679,,1, HTTP/1.1" 200 6263
186.67.172.234 - - [20/Mar/2018:13:47:07 -0300] "GET /cormun/servlet/solicitudotadjuntos?41b76ff4993e10c1c3d3ffebb06102ffe9949852d96582c3e5e7d173c39a93ad383d7fd497c15f92d5aadc14107ecb64,gx-no-cache=1521564324253 HTTP/1.1" 200 30
186.67.172.234 - - [20/Mar/2018:13:47:07 -0300] "POST /cormun/servlet/solicitudotadjuntos?cdbc1c18f0e3e6c2139534b7e73ab0fa,INS,2018,10679,,1,,gx-no-cache=1521564324328 HTTP/1.1" 200 3990
186.67.172.234 - - [20/Mar/2018:13:47:10 -0300] "POST /cormun/servlet/solicitudotadjuntos?gx-no-cache=1521564327283 HTTP/1.1" 200 26
186.103.157.246 - - [20/Mar/2018:13:47:11 -0300] "GET /cormun/servlet/trsolicitudot? HTTP/1.1" 200 8956
186.103.157.246 - - [20/Mar/2018:13:47:15 -0300] "GET /cormun/static/menuarrow.gif HTTP/1.1" 404 1015
186.67.172.234 - - [20/Mar/2018:13:47:16 -0300] "GET /cormun/servlet/solicitudotadjuntos?41b76ff4993e10c1c3d3ffebb06102ff745e71b51a2ea100a22a2becd5ef9893,gx-no-cache=1521564332756 HTTP/1.1" 200 30
186.67.172.234 - - [20/Mar/2018:13:47:16 -0300] "GET /cormun/servlet/solicitudotadjuntos?41b76ff4993e10c1c3d3ffebb06102ff745e71b51a2ea100a22a2becd5ef9893,gx-no-cache=1521564332801 HTTP/1.1" 200 30
186.67.172.234 - - [20/Mar/2018:13:47:19 -0300] "POST /cormun/servlet/solicitudotadjuntos?cdbc1c18f0e3e6c2139534b7e73ab0fa,INS,2018,10679,,1, HTTP/1.1" 200 116
186.67.172.234 - - [20/Mar/2018:13:47:19 -0300] "GET /cormun/servlet/hpexe_return? HTTP/1.1" 200 1029
186.67.172.234 - - [20/Mar/2018:13:47:19 -0300] "GET /cormun/servlet/trsolicitudadjuntos?2018,10679, HTTP/1.1" 200 9838
186.67.203.186 - - [20/Mar/2018:13:47:20 -0300] "POST /cormun/servlet/hlogin?0d4384416a3224304bb491ab0012d2fc,gx-no-cache=1521564378508 HTTP/1.1" 440 972
186.67.172.234 - - [20/Mar/2018:13:47:21 -0300] "GET /cormun/servlet/trsolicitudadjuntos?2018,10679, HTTP/1.1" 200 9831
186.67.172.234 - - [20/Mar/2018:13:47:24 -0300] "POST /cormun/servlet/trsolicitudadjuntos?cdbc1c18f0e3e6c2139534b7e73ab0fa,2018,10679,,gx-no-cache=1521564340781 HTTP/1.1" 200 90
186.67.172.234 - - [20/Mar/2018:13:47:24 -0300] "GET /cormun/servlet/hpexe_link HTTP/1.1" 200 971
186.67.172.234 - - [20/Mar/2018:13:47:24 -0300] "GET /cormun/servlet/trsolicitudot HTTP/1.1" 200 9166
186.67.172.234 - - [20/Mar/2018:13:47:25 -0300] "GET /cormun/servlet/trsolicitudot HTTP/1.1" 200 9165
186.67.203.186 - - [20/Mar/2018:13:47:30 -0300] "GET /cormun/servlet/hlogin HTTP/1.1" 200 1734
186.67.172.234 - - [20/Mar/2018:13:47:30 -0300] "POST /cormun/servlet/trsolicitudot?cdbc1c18f0e3e6c2139534b7e73ab0fa,gx-no-cache=1521564346664 HTTP/1.1" 200 5835
186.67.172.234 - - [20/Mar/2018:13:47:30 -0300] "GET /cormun/static/Shared/jqueryui/images/ui-bg_highlight-soft_100_c6c2c8_1x100.png HTTP/1.1" 404 1117
186.67.172.234 - - [20/Mar/2018:13:47:30 -0300] "GET /cormun/static/Shared/jqueryui/images/ui-icons_82798d_256x240.png HTTP/1.1" 404 1089
186.67.172.234 - - [20/Mar/2018:13:47:30 -0300] "GET /cormun/static/Shared/jqueryui/images/ui-bg_flat_55_fafafa_40x100.png HTTP/1.1" 404 1097
186.67.172.234 - - [20/Mar/2018:13:47:30 -0300] "GET /cormun/static/Shared/jqueryui/images/ui-icons_8d78a5_256x240.png HTTP/1.1" 404 1089
186.67.172.234 - - [20/Mar/2018:13:47:30 -0300] "POST /cormun/servlet/trsolicitudot?cdbc1c18f0e3e6c2139534b7e73ab0fa,gx-no-cache=1521564347017 HTTP/1.1" 200 5777
186.103.157.246 - - [20/Mar/2018:13:47:33 -0300] "POST /cormun/servlet/trsolicitudot?da3d2829ba58717b79dd421fb316b32f,,gx-no-cache=1521568001497 HTTP/1.1" 200 7464
186.67.203.186 - - [20/Mar/2018:13:47:42 -0300] "POST /cormun/servlet/hlogin?202fea67d445c9d88ef6d116f8d11a86,gx-no-cache=1521564412194 HTTP/1.1" 200 90
186.67.203.186 - - [20/Mar/2018:13:47:42 -0300] "GET /cormun/servlet/hpexe_link HTTP/1.1" 200 965
186.67.203.186 - - [20/Mar/2018:13:47:43 -0300] "GET /cormun/servlet/trautorizarsolicitud HTTP/1.1" 200 7325
192.168.10.96 - - [20/Mar/2018:13:47:44 -0300] "GET /cormun/servlet/vesolicitudgral?2018,10111,,SolicitudOTAdjuntos HTTP/1.1" 200 11407
192.168.10.96 - - [20/Mar/2018:13:47:44 -0300] "GET /cormun/servlet/vesolicitudgral?2018,10111,,SolicitudOTAdjuntos HTTP/1.1" 200 11409
186.67.203.186 - - [20/Mar/2018:13:47:45 -0300] "GET /cormun/servlet/trautorizarsolicitud HTTP/1.1" 200 7324
192.168.10.96 - - [20/Mar/2018:13:47:45 -0300] "POST /cormun/servlet/acontrolpreferencessavestate?None,DZAMUDIO,true HTTP/1.1" 200 35
192.168.10.96 - - [20/Mar/2018:13:47:47 -0300] "GET /cormun/servlet/vesolicitudgral?2018,10111,,General HTTP/1.1" 200 9288
192.168.10.96 - - [20/Mar/2018:13:47:47 -0300] "GET /cormun/pexe_scrolldiv.js HTTP/1.1" 404 1009
192.168.10.96 - - [20/Mar/2018:13:47:47 -0300] "GET /cormun/pexe_scrolldiv.js HTTP/1.1" 404 1009
192.168.10.96 - - [20/Mar/2018:13:47:47 -0300] "GET /cormun/servlet/vesolicitudgral?2018,10111,,General HTTP/1.1" 200 9287
186.67.203.186 - - [20/Mar/2018:13:47:52 -0300] "GET /cormun/servlet/trsolicitudot? HTTP/1.1" 200 7421
186.67.203.186 - - [20/Mar/2018:13:47:53 -0300] "GET /cormun/servlet/trsolicitudot? HTTP/1.1" 200 7420
186.67.203.186 - - [20/Mar/2018:13:48:11 -0300] "GET /cormun/servlet/solicitudot?INS,0,0, HTTP/1.1" 200 13651
186.67.203.186 - - [20/Mar/2018:13:48:12 -0300] "GET /cormun/servlet/solicitudot?INS,0,0, HTTP/1.1" 200 13656
186.67.203.186 - - [20/Mar/2018:13:48:31 -0300] "POST /cormun/servlet/solicitudot?gx-no-cache=1521564460626 HTTP/1.1" 200 3284
186.67.203.186 - - [20/Mar/2018:13:48:31 -0300] "POST /cormun/servlet/solicitudot?202fea67d445c9d88ef6d116f8d11a86,INS,0,0,,gx-no-cache=1521564461094 HTTP/1.1" 200 10451
186.67.203.186 - - [20/Mar/2018:13:48:33 -0300] "GET /cormun/servlet/solicitudot?c2d46e4b9ae8efbdc88d54d3b321a3b1062272fe42888df8f2610f7fd07969f4a67598b41f182448859bc79185789a6c,gx-no-cache=1521564463486 HTTP/1.1" 200 30
201.215.248.160 - - [20/Mar/2018:13:48:36 -0300] "GET /cormun/servlet/trpermisosgoce HTTP/1.1" 200 8335
201.215.248.160 - - [20/Mar/2018:13:48:37 -0300] "GET /cormun/static/gxui/gxui-all.css?110300 HTTP/1.1" 200 2179
201.215.248.160 - - [20/Mar/2018:13:48:37 -0300] "GET /cormun/static/calendar-system.css?75620 HTTP/1.1" 200 5572
201.215.248.160 - - [20/Mar/2018:13:48:37 -0300] "GET /cormun/static/SmoothNavMenu/resources/ddsmoothmenu.css?1012540 HTTP/1.1" 200 2223
201.215.248.160 - - [20/Mar/2018:13:48:37 -0300] "GET /cormun/static/Shared/jqueryui/jquery-ui.min.css?1245370 HTTP/1.1" 200 30288
201.215.248.160 - - [20/Mar/2018:13:48:37 -0300] "GET /cormun/static/SmoothNavMenu/resources/ddsmoothmenu-v.css?1012540 HTTP/1.1" 200 1188
201.215.248.160 - - [20/Mar/2018:13:48:37 -0300] "GET /cormun/static/scaMessage/css/jquery.pnotify.default.css?1716380 HTTP/1.1" 200 1707
201.215.248.160 - - [20/Mar/2018:13:48:37 -0300] "GET /cormun/static/gxtimezone.js?85251 HTTP/1.1" 200 5781
201.215.248.160 - - [20/Mar/2018:13:48:37 -0300] "GET /cormun/static/Resources/Spanish/PXTools.css?1155365 HTTP/1.1" 200 89042
201.215.248.160 - - [20/Mar/2018:13:48:37 -0300] "GET /cormun/static/gxcfg.js?20177612163875 HTTP/1.1" 200 953
201.215.248.160 - - [20/Mar/2018:13:48:37 -0300] "GET /cormun/static/calendar-setup.js?85251 HTTP/1.1" 200 2588
201.215.248.160 - - [20/Mar/2018:13:48:37 -0300] "GET /cormun/static/calendar-es.js?85251 HTTP/1.1" 200 1901
201.215.248.160 - - [20/Mar/2018:13:48:37 -0300] "GET /cormun/static/calendar.js?85251 HTTP/1.1" 200 26246
201.215.248.160 - - [20/Mar/2018:13:48:37 -0300] "GET /cormun/static/RunJS/RunJS.js HTTP/1.1" 200 288
201.215.248.160 - - [20/Mar/2018:13:48:38 -0300] "GET /cormun/static/gxui/gxui-all.js HTTP/1.1" 200 107772
201.215.248.160 - - [20/Mar/2018:13:48:38 -0300] "GET /cormun/static/PXToolsJavascripts/pexe_autoreload.js HTTP/1.1" 200 1762
201.215.248.160 - - [20/Mar/2018:13:48:38 -0300] "GET /cormun/static/gxgral.js?85251 HTTP/1.1" 200 384558
201.215.248.160 - - [20/Mar/2018:13:48:38 -0300] "GET /cormun/static/PXToolsJavascripts/pexe_cookies.js HTTP/1.1" 200 792
201.215.248.160 - - [20/Mar/2018:13:48:38 -0300] "GET /cormun/static/Shared/ext/resources/css/ext-all.css?205870 HTTP/1.1" 200 416045
201.215.248.160 - - [20/Mar/2018:13:48:38 -0300] "GET /cormun/static/PXToolsJavascripts/pexe_windows.js HTTP/1.1" 200 15207
201.215.248.160 - - [20/Mar/2018:13:48:38 -0300] "GET /cormun/static/PXToolsJavascripts/pexe_griddivfix.js HTTP/1.1" 200 6644
201.215.248.160 - - [20/Mar/2018:13:48:38 -0300] "GET /cormun/static/PXToolsJavascripts/pexe_grid.js HTTP/1.1" 200 7559
201.215.248.160 - - [20/Mar/2018:13:48:38 -0300] "GET /cormun/static/PXToolsJavascripts/pexe_link.js HTTP/1.1" 200 5671
201.215.248.160 - - [20/Mar/2018:13:48:39 -0300] "GET /cormun/static/PXToolsJavascripts/pexe_menudivfix.js HTTP/1.1" 200 333
201.215.248.160 - - [20/Mar/2018:13:48:39 -0300] "GET /cormun/static/PXToolsJavascripts/pexe_menus.js HTTP/1.1" 200 1286
201.215.248.160 - - [20/Mar/2018:13:48:39 -0300] "GET /cormun/static/PXToolsJavascripts/pexe_oav.js HTTP/1.1" 200 645
201.215.248.160 - - [20/Mar/2018:13:48:39 -0300] "GET /cormun/static/PXToolsJavascripts/pexe_picture.js HTTP/1.1" 200 689
201.215.248.160 - - [20/Mar/2018:13:48:39 -0300] "GET /cormun/static/PXToolsJavascripts/pexe_layers.js HTTP/1.1" 200 4114
201.215.248.160 - - [20/Mar/2018:13:48:39 -0300] "GET /cormun/static/PXToolsJavascripts/pexe_popup.js HTTP/1.1" 200 13458
201.215.248.160 - - [20/Mar/2018:13:48:39 -0300] "GET /cormun/static/PXToolsJavascripts/pexe_oavdivfix.js HTTP/1.1" 200 639
201.215.248.160 - - [20/Mar/2018:13:48:39 -0300] "GET /cormun/static/PXToolsJavascripts/pexe_tabdivfix.js HTTP/1.1" 200 876
201.215.248.160 - - [20/Mar/2018:13:48:39 -0300] "GET /cormun/static/PXToolsJavascripts/pexe_scrolldiv.js HTTP/1.1" 200 4138
201.215.248.160 - - [20/Mar/2018:13:48:39 -0300] "GET /cormun/static/PXToolsJavascripts/pexe_upload.js HTTP/1.1" 200 1423
201.215.248.160 - - [20/Mar/2018:13:48:39 -0300] "GET /cormun/static/PXToolsJavascripts/pexe_tabs.js HTTP/1.1" 200 3748
201.215.248.160 - - [20/Mar/2018:13:48:40 -0300] "GET /cormun/static/PXToolsJavascripts/PXToolsJavascriptsRender.js HTTP/1.1" 200 367
201.215.248.160 - - [20/Mar/2018:13:48:40 -0300] "GET /cormun/static/Shared/ext/locale/ext-lang-en.js HTTP/1.1" 200 10940
201.215.248.160 - - [20/Mar/2018:13:48:40 -0300] "GET /cormun/static/Shared/ext/ext-all.js HTTP/1.1" 200 1289687
201.215.248.160 - - [20/Mar/2018:13:48:40 -0300] "GET /cormun/static/messages.spa.js?85251 HTTP/1.1" 200 30736
201.215.248.160 - - [20/Mar/2018:13:48:40 -0300] "GET /cormun/static/gxdec.js?85251 HTTP/1.1" 200 19579
201.215.248.160 - - [20/Mar/2018:13:48:40 -0300] "GET /cormun/static/trpermisosgoce.js?20177612164335 HTTP/1.1" 200 35904
201.215.248.160 - - [20/Mar/2018:13:48:41 -0300] "GET /cormun/static/hwchdr01.js?201752511465785 HTTP/1.1" 200 1183
201.215.248.160 - - [20/Mar/2018:13:48:41 -0300] "GET /cormun/static/hpexe_scripts.js?201752511465715 HTTP/1.1" 200 1544
201.215.248.160 - - [20/Mar/2018:13:48:41 -0300] "GET /cormun/static/hpexe_recentlink.js?20177611595044 HTTP/1.1" 200 2144
201.215.248.160 - - [20/Mar/2018:13:48:41 -0300] "GET /cormun/static/hpexe_messagepopupcomponent.js?20161017169425 HTTP/1.1" 200 605
201.215.248.160 - - [20/Mar/2018:13:48:41 -0300] "GET /cormun/static/hpexe_messagecontroller.js?20177611595012 HTTP/1.1" 200 870
201.215.248.160 - - [20/Mar/2018:13:48:41 -0300] "GET /cormun/static/cmcontrolpreferences.js?201752511465670 HTTP/1.1" 200 1375
201.215.248.160 - - [20/Mar/2018:13:48:41 -0300] "GET /cormun/static/hpexe_messagegenexuscomponent.js?201752511465344 HTTP/1.1" 200 587
201.215.248.160 - - [20/Mar/2018:13:48:42 -0300] "GET /cormun/static/Shared/jquery/jquery-1.4.2.min.js HTTP/1.1" 200 72174
201.215.248.160 - - [20/Mar/2018:13:48:42 -0300] "GET /cormun/static/SmoothNavMenu/resources/ddsmoothmenu.js HTTP/1.1" 200 12712
201.215.248.160 - - [20/Mar/2018:13:48:42 -0300] "GET /cormun/static/SmoothNavMenu/resources/SmoothNavMenuRender.js HTTP/1.1" 200 5951
201.215.248.160 - - [20/Mar/2018:13:48:42 -0300] "GET /cormun/static/scaMessage/js/jquery.pnotify.min.js HTTP/1.1" 200 13038
201.215.248.160 - - [20/Mar/2018:13:48:42 -0300] "GET /cormun/static/scaMessage/scaMessageRender.js HTTP/1.1" 200 11977
201.215.248.160 - - [20/Mar/2018:13:48:42 -0300] "GET /cormun/static/Resources/PXToolsGridPage.gif HTTP/1.1" 200 725
201.215.248.160 - - [20/Mar/2018:13:48:42 -0300] "GET /cormun/static/Resources/PXToolsGridNextDisabled.gif HTTP/1.1" 200 90
201.215.248.160 - - [20/Mar/2018:13:48:42 -0300] "GET /cormun/static/hmpwkw03.js?20177612122668 HTTP/1.1" 200 3965
201.215.248.160 - - [20/Mar/2018:13:48:42 -0300] "GET /cormun/static/Shared/jquery/jquery-1.10.2.min.js HTTP/1.1" 200 273199
201.215.248.160 - - [20/Mar/2018:13:48:42 -0300] "GET /cormun/static/Shared/jqueryui/jquery-ui.min.js HTTP/1.1" 200 240427
201.215.248.160 - - [20/Mar/2018:13:48:42 -0300] "GET /cormun/static/Resources/PXToolsFooterBackground2.png HTTP/1.1" 200 1172
201.215.248.160 - - [20/Mar/2018:13:48:42 -0300] "GET /cormun/static/Resources/PXToolsActionExcel.png HTTP/1.1" 200 3187
201.215.248.160 - - [20/Mar/2018:13:48:42 -0300] "GET /cormun/static/Resources/PXToolsHeaderBackground2.png HTTP/1.1" 200 1174
201.215.248.160 - - [20/Mar/2018:13:48:42 -0300] "GET /cormun/static/Resources/PXToolsDataTitle.png HTTP/1.1" 200 1173
201.215.248.160 - - [20/Mar/2018:13:48:43 -0300] "GET /cormun/static/Resources/PXToolsHeaderPreferences.png HTTP/1.1" 200 4189
201.215.248.160 - - [20/Mar/2018:13:48:43 -0300] "GET /cormun/static/Resources/PXToolsGridFirstDisabled.gif HTTP/1.1" 200 100
201.215.248.160 - - [20/Mar/2018:13:48:43 -0300] "GET /cormun/static/Resources/PXToolsGridNew.png HTTP/1.1" 200 2949
201.215.248.160 - - [20/Mar/2018:13:48:43 -0300] "GET /cormun/static/Resources/PXToolsHeaderLogin.png HTTP/1.1" 200 4279
201.215.248.160 - - [20/Mar/2018:13:48:43 -0300] "GET /cormun/static/Resources/PXToolsGridLastDisabled.gif HTTP/1.1" 200 98
201.215.248.160 - - [20/Mar/2018:13:48:43 -0300] "GET /cormun/static/Resources/PXToolsHeaderSecurity.png HTTP/1.1" 200 4166
201.215.248.160 - - [20/Mar/2018:13:48:43 -0300] "GET /cormun/static/Resources/PXToolsGridPreviousDisabled.gif HTTP/1.1" 200 90
201.215.248.160 - - [20/Mar/2018:13:48:43 -0300] "GET /cormun/static/Resources/PXToolsHeaderActionsRight.png HTTP/1.1" 200 1201
201.215.248.160 - - [20/Mar/2018:13:48:43 -0300] "GET /cormun/static/Resources/PXToolsHeaderActionsLeft.png HTTP/1.1" 200 1118
201.215.248.160 - - [20/Mar/2018:13:48:43 -0300] "GET /cormun/static/Resources/PXToolsHeaderHome.png HTTP/1.1" 200 4147
201.215.248.160 - - [20/Mar/2018:13:48:43 -0300] "GET /cormun/static/Resources/PXToolsHeaderActionsBackground.png HTTP/1.1" 200 484
201.215.248.160 - - [20/Mar/2018:13:48:44 -0300] "GET /cormun//static/Resources/PXToolsGridUpdate.png HTTP/1.1" 200 2984
201.215.248.160 - - [20/Mar/2018:13:48:44 -0300] "GET /cormun//static/Resources/PXToolsActionDisabled.gif HTTP/1.1" 200 53
201.215.248.160 - - [20/Mar/2018:13:48:44 -0300] "GET /cormun//static/Resources/PXToolsGridDisplay.png HTTP/1.1" 200 362
201.215.248.160 - - [20/Mar/2018:13:48:44 -0300] "GET /cormun//static/Resources/PXToolsHeaderHelp.png HTTP/1.1" 200 4055
201.215.248.160 - - [20/Mar/2018:13:48:44 -0300] "GET /cormun//static/Resources/PXTools/ActionInsert.png HTTP/1.1" 200 1482
201.215.248.160 - - [20/Mar/2018:13:48:44 -0300] "GET /cormun//static/Resources/PXToolsActionPrint.png HTTP/1.1" 200 3317
201.215.248.160 - - [20/Mar/2018:13:48:44 -0300] "GET /cormun/servlet/trpermisosgoce HTTP/1.1" 200 8331
201.215.248.160 - - [20/Mar/2018:13:48:44 -0300] "GET /cormun//static/Resources/PXToolsHeaderFavorites.png HTTP/1.1" 200 2744
201.215.248.160 - - [20/Mar/2018:13:48:44 -0300] "GET /cormun/static/SmoothNavMenu/resources/images/down.gif HTTP/1.1" 200 854
201.215.248.160 - - [20/Mar/2018:13:48:44 -0300] "GET /cormun/static/Shared/ext/resources/themes/images/default/tools/tool-sprites.gif HTTP/1.1" 200 5434
201.215.248.160 - - [20/Mar/2018:13:48:44 -0300] "GET /cormun/static/Resources/PXTools/calendar.png HTTP/1.1" 200 1306
201.215.248.160 - - [20/Mar/2018:13:48:44 -0300] "GET /cormun/static/Resources/PXToolsDataSearch.png HTTP/1.1" 200 419
201.215.248.160 - - [20/Mar/2018:13:48:44 -0300] "GET /cormun//static/Resources/PXToolsGridDelete.png HTTP/1.1" 200 357
201.215.248.160 - - [20/Mar/2018:13:48:44 -0300] "GET /cormun/static/Shared/ext/resources/themes/images/default/panel/bg-headersPanel.png HTTP/1.1" 200 255
201.215.248.160 - - [20/Mar/2018:13:48:45 -0300] "GET /cormun/static/Resources/logo4.png HTTP/1.1" 200 6582
201.215.248.160 - - [20/Mar/2018:13:48:45 -0300] "GET /cormun/static/Resources/indicator.gif HTTP/1.1" 200 1553
201.215.248.160 - - [20/Mar/2018:13:48:45 -0300] "GET /cormun/static/Resources/asc.gif HTTP/1.1" 200 67
201.215.248.160 - - [20/Mar/2018:13:48:45 -0300] "GET /cormun/static/Resources/desc.gif HTTP/1.1" 200 65
186.103.157.246 - - [20/Mar/2018:13:48:48 -0300] "POST /cormun/servlet/trsolicitudot?da3d2829ba58717b79dd421fb316b32f,,gx-no-cache=1521568075232 HTTP/1.1" 200 22045
186.103.159.182 - - [20/Mar/2018:13:48:51 -0300] "GET /cormun/servlet/hlogin HTTP/1.1" 200 1718
201.215.248.160 - - [20/Mar/2018:13:48:51 -0300] "GET /cormun/servlet/trpermisosgoce? HTTP/1.1" 200 8331
201.215.248.160 - - [20/Mar/2018:13:48:54 -0300] "GET /cormun/servlet/trpermisosgoce? HTTP/1.1" 200 8331
201.215.248.160 - - [20/Mar/2018:13:49:00 -0300] "GET /cormun/servlet/trpermisosadjuntos?7469643,20180320132928,P, HTTP/1.1" 200 6282
201.215.248.160 - - [20/Mar/2018:13:49:01 -0300] "GET /cormun/static/Resources/Spanish/PXTools.css?17315867 HTTP/1.1" 200 89042
201.215.248.160 - - [20/Mar/2018:13:49:01 -0300] "GET /cormun/static/gxcfg.js?201762817193957 HTTP/1.1" 200 953
201.215.248.160 - - [20/Mar/2018:13:49:01 -0300] "GET /cormun/static/trpermisosadjuntos.js?201762817194366 HTTP/1.1" 200 20158
201.215.248.160 - - [20/Mar/2018:13:49:01 -0300] "GET /cormun/servlet/trpermisosadjuntos?7469643,20180320132928,P, HTTP/1.1" 200 6282
201.215.248.160 - - [20/Mar/2018:13:49:04 -0300] "GET /cormun/servlet/permisosadjuntos?INS,7469643,P,20180320132928,, HTTP/1.1" 200 5611
201.215.248.160 - - [20/Mar/2018:13:49:04 -0300] "GET /cormun/static/gxcfg.js?201762717441171 HTTP/1.1" 200 953
201.215.248.160 - - [20/Mar/2018:13:49:04 -0300] "GET /cormun/static/permisosadjuntos.js?201762717441184 HTTP/1.1" 200 8724
201.215.248.160 - - [20/Mar/2018:13:49:04 -0300] "GET /cormun/static/Resources/PXToolsButtonLeft21.png HTTP/1.1" 200 1287
201.215.248.160 - - [20/Mar/2018:13:49:04 -0300] "GET /cormun/static/Resources/PXToolsButtonRight21.png HTTP/1.1" 200 1283
201.215.248.160 - - [20/Mar/2018:13:49:04 -0300] "GET /cormun/static/Resources/PXToolsButtonBackground2.png HTTP/1.1" 200 1181
201.215.248.160 - - [20/Mar/2018:13:49:04 -0300] "GET /cormun/static/about:blank HTTP/1.1" 404 1011
201.215.248.160 - - [20/Mar/2018:13:49:05 -0300] "GET /cormun/servlet/permisosadjuntos?INS,7469643,P,20180320132928,, HTTP/1.1" 200 5601
186.103.157.246 - - [20/Mar/2018:13:49:17 -0300] "POST /cormun/servlet/trsolicitudot?da3d2829ba58717b79dd421fb316b32f,,gx-no-cache=1521568104709 HTTP/1.1" 200 5997
201.215.248.160 - - [20/Mar/2018:13:49:17 -0300] "POST /cormun/servlet/permisosadjuntos?304a7e8beed33b3b41b69c8593b4dc2a,INS,7469643,P,20180320132928,, HTTP/1.1" 200 6177
201.215.248.160 - - [20/Mar/2018:13:49:18 -0300] "GET /cormun/static/Shared/jqueryui/images/ui-bg_highlight-soft_100_c6c2c8_1x100.png HTTP/1.1" 404 1117
201.215.248.160 - - [20/Mar/2018:13:49:18 -0300] "GET /cormun/static/Shared/jqueryui/images/ui-icons_82798d_256x240.png HTTP/1.1" 404 1089
201.215.248.160 - - [20/Mar/2018:13:49:18 -0300] "GET /cormun/static/Shared/jqueryui/images/ui-bg_flat_55_994d53_40x100.png HTTP/1.1" 404 1097
201.215.248.160 - - [20/Mar/2018:13:49:18 -0300] "GET /cormun/static/Shared/jqueryui/images/ui-icons_ebccce_256x240.png HTTP/1.1" 404 1089
201.215.248.160 - - [20/Mar/2018:13:49:18 -0300] "GET /cormun/PrivateTempStorage/upload_00016370.jpg HTTP/1.1" 200 907175
186.103.159.182 - - [20/Mar/2018:13:49:22 -0300] "POST /cormun/servlet/hlogin?016b69f7cc092fe8ca182d6b081c8646,gx-no-cache=1521564511506 HTTP/1.1" 200 90
186.103.159.182 - - [20/Mar/2018:13:49:22 -0300] "GET /cormun/servlet/hpexe_link HTTP/1.1" 200 950
186.103.159.182 - - [20/Mar/2018:13:49:23 -0300] "GET /cormun/static/gxcfg.js?20177612121792 HTTP/1.1" 200 953
186.103.159.182 - - [20/Mar/2018:13:49:23 -0300] "GET /cormun/servlet/hhome HTTP/1.1" 200 4259
186.103.159.182 - - [20/Mar/2018:13:49:24 -0300] "GET /cormun/servlet/hhome HTTP/1.1" 200 4255
186.103.159.182 - - [20/Mar/2018:13:49:33 -0300] "GET /cormun/servlet/trsolicitudot? HTTP/1.1" 200 7474
186.103.159.182 - - [20/Mar/2018:13:49:34 -0300] "GET /cormun/static/gxcfg.js?2017111422585916 HTTP/1.1" 200 953
186.103.159.182 - - [20/Mar/2018:13:49:34 -0300] "GET /cormun/static/gxui/gxui-all.css?120300 HTTP/1.1" 200 2179
186.103.159.182 - - [20/Mar/2018:13:49:34 -0300] "GET /cormun/static/Resources/Spanish/PXTools.css?1255365 HTTP/1.1" 200 89042
186.103.159.182 - - [20/Mar/2018:13:49:34 -0300] "GET /cormun/static/Shared/ext/resources/css/ext-all.css?215870 HTTP/1.1" 200 416045
