186.103.159.230 - - [20/Mar/2018:10:42:27 -0300] "GET /cormun/static/Shared/jqueryui/jquery-ui.min.js HTTP/1.1" 200 240427
186.103.159.230 - - [20/Mar/2018:10:42:27 -0300] "GET /cormun/servlet/hhome HTTP/1.1" 200 3405
186.103.159.230 - - [20/Mar/2018:10:42:27 -0300] "GET /cormun/servlet/hlogin HTTP/1.1" 200 1731
186.103.159.230 - - [20/Mar/2018:10:42:27 -0300] "GET /cormun/static/gxcfg.js?20175251213516 HTTP/1.1" 200 953
186.103.159.230 - - [20/Mar/2018:10:42:27 -0300] "GET /cormun/static/Resources/ComunLogin.png HTTP/1.1" 200 17326
186.103.159.230 - - [20/Mar/2018:10:42:27 -0300] "GET /cormun/static/hlogin.js?20175251213537 HTTP/1.1" 200 2136
186.103.159.230 - - [20/Mar/2018:10:42:27 -0300] "GET /cormun/static/Resources/PXToolsLoginTop.png HTTP/1.1" 200 1337
186.103.159.230 - - [20/Mar/2018:10:42:27 -0300] "GET /cormun/static/Resources/PXToolsLoginBackground.png HTTP/1.1" 200 1164
186.103.159.230 - - [20/Mar/2018:10:42:27 -0300] "GET /cormun/static/Resources/PXToolsButtonLeft21.png HTTP/1.1" 200 1287
186.103.159.230 - - [20/Mar/2018:10:42:27 -0300] "GET /cormun/static/Resources/PXToolsButtonRight21.png HTTP/1.1" 200 1283
186.103.159.230 - - [20/Mar/2018:10:42:27 -0300] "GET /cormun/static/Resources/PXToolsLoginBottom.png HTTP/1.1" 200 1389
186.103.159.230 - - [20/Mar/2018:10:42:27 -0300] "GET /cormun/static/Resources/PXToolsButtonBackground2.png HTTP/1.1" 200 1181
186.103.156.166 - - [20/Mar/2018:10:42:29 -0300] "GET /cormun/servlet/licenciaspermisosadjuntos?INS,8935260,L,20180320000000,, HTTP/1.1" 200 5532
186.103.156.166 - - [20/Mar/2018:10:42:29 -0300] "GET /cormun/static/about:blank HTTP/1.1" 404 1011
186.103.156.166 - - [20/Mar/2018:10:42:29 -0300] "GET /cormun/servlet/licenciaspermisosadjuntos?INS,8935260,L,20180320000000,, HTTP/1.1" 200 5521
186.103.156.24 - - [20/Mar/2018:10:42:32 -0300] "POST /cormun/servlet/solicitudot?gx-no-cache=1521553281935 HTTP/1.1" 200 1219
186.103.156.24 - - [20/Mar/2018:10:42:32 -0300] "GET /cormun/servlet/solicitudot?970f4c2ac4d3908d97a2f9e1c177b11c6c37c852ef5be13aaefb449bfa0d59038d23468933bbe7433e4542bc3fa1b84e,gx-no-cache=1521553301586 HTTP/1.1" 200 30
186.103.156.24 - - [20/Mar/2018:10:42:32 -0300] "POST /cormun/servlet/solicitudot?gx-no-cache=1521553301664 HTTP/1.1" 200 34
186.103.157.235 - - [20/Mar/2018:10:42:39 -0300] "POST /cormun/servlet/solicitudot?gx-no-cache=1521553304141 HTTP/1.1" 200 3284
186.103.159.230 - - [20/Mar/2018:10:42:43 -0300] "POST /cormun/servlet/hlogin?2bd40fa57a169632db8529be679fadb3,gx-no-cache=1521553313770 HTTP/1.1" 200 448
186.103.157.235 - - [20/Mar/2018:10:42:43 -0300] "POST /cormun/servlet/solicitudot?27aaca9f5e4d4a0dc584e0fa23b8ce70,INS,0,0,,gx-no-cache=1521553308898 HTTP/1.1" 200 10180
186.103.157.235 - - [20/Mar/2018:10:42:48 -0300] "GET /cormun/servlet/solicitudot?d1e1fb749ad495f84c4f0a01d3170bb5820848fae502fed977bdbc04fbc04bc93b0a45df11ca42a7b015719f2b691823,gx-no-cache=1521553317143 HTTP/1.1" 200 30
186.103.156.24 - - [20/Mar/2018:10:42:56 -0300] "POST /cormun/servlet/solicitudot?893dcc1b246bfc19525e0d98672c95cd,INS,0,0,,gx-no-cache=1521553301750 HTTP/1.1" 500 10
186.103.156.24 - - [20/Mar/2018:10:43:10 -0300] "GET /cormun/servlet/trsolicitudot? HTTP/1.1" 200 8794
186.103.156.24 - - [20/Mar/2018:10:43:11 -0300] "GET /cormun/servlet/trsolicitudot? HTTP/1.1" 200 8792
200.112.233.47 - - [20/Mar/2018:10:43:16 -0300] "GET /cormun/static/Resources/resize.gif HTTP/1.1" 200 77
186.103.159.230 - - [20/Mar/2018:10:43:16 -0300] "POST /cormun/servlet/hlogin?2bd40fa57a169632db8529be679fadb3,gx-no-cache=1521553346710 HTTP/1.1" 200 442
200.112.233.47 - - [20/Mar/2018:10:43:16 -0300] "GET /cormun/servlet/prfichaempleado?,MD,,gxPopupLevel%3D0%3B HTTP/1.1" 200 9364
200.112.233.47 - - [20/Mar/2018:10:43:16 -0300] "GET /cormun/static/gxui/gxui-all.css?110300 HTTP/1.1" 200 2179
200.112.233.47 - - [20/Mar/2018:10:43:17 -0300] "GET /cormun/static/Resources/PXToolsHeaderActionsLeft.png HTTP/1.1" 200 1118
200.112.233.47 - - [20/Mar/2018:10:43:17 -0300] "GET /cormun/static/Resources/PXToolsHeaderPreferences.png HTTP/1.1" 200 4189
200.112.233.47 - - [20/Mar/2018:10:43:17 -0300] "GET /cormun/static/Resources/PXToolsHeaderLogin.png HTTP/1.1" 200 4279
200.112.233.47 - - [20/Mar/2018:10:43:17 -0300] "GET /cormun/static/Resources/PXToolsHeaderSecurity.png HTTP/1.1" 200 4166
200.112.233.47 - - [20/Mar/2018:10:43:17 -0300] "GET /cormun/static/Resources/indicator.gif HTTP/1.1" 200 1553
200.112.233.47 - - [20/Mar/2018:10:43:17 -0300] "GET /cormun/static/Resources/PXToolsDataSearch.png HTTP/1.1" 200 419
200.112.233.47 - - [20/Mar/2018:10:43:17 -0300] "GET /cormun/static/Resources/PXToolsGridFirstDisabled.gif HTTP/1.1" 200 100
200.112.233.47 - - [20/Mar/2018:10:43:17 -0300] "GET /cormun/static/Resources/PXToolsGridPreviousDisabled.gif HTTP/1.1" 200 90
200.112.233.47 - - [20/Mar/2018:10:43:17 -0300] "GET /cormun/static/Resources/logo4.png HTTP/1.1" 200 6582
200.112.233.47 - - [20/Mar/2018:10:43:17 -0300] "GET /cormun/static/Resources/PXToolsHeaderHome.png HTTP/1.1" 200 4147
200.112.233.47 - - [20/Mar/2018:10:43:17 -0300] "GET /cormun/static/Resources/PXToolsGridNextDisabled.gif HTTP/1.1" 200 90
200.112.233.47 - - [20/Mar/2018:10:43:17 -0300] "GET /cormun/static/Resources/PXToolsHeaderActionsRight.png HTTP/1.1" 200 1201
200.112.233.47 - - [20/Mar/2018:10:43:17 -0300] "GET /cormun/static/Resources/asc.gif HTTP/1.1" 200 67
200.112.233.47 - - [20/Mar/2018:10:43:17 -0300] "GET /cormun/static/Resources/PXToolsGridPage.gif HTTP/1.1" 200 725
200.112.233.47 - - [20/Mar/2018:10:43:17 -0300] "GET /cormun/static/Resources/PXToolsMenuSearch.png HTTP/1.1" 200 2914
200.112.233.47 - - [20/Mar/2018:10:43:17 -0300] "GET /cormun/static/Resources/PXToolsMenuSearchCancel.png HTTP/1.1" 200 2972
200.112.233.47 - - [20/Mar/2018:10:43:18 -0300] "GET /cormun/static/Resources/PXToolsGridLastDisabled.gif HTTP/1.1" 200 98
186.103.156.24 - - [20/Mar/2018:10:43:23 -0300] "GET /cormun/servlet/trsolicitudot? HTTP/1.1" 200 8792
186.103.156.24 - - [20/Mar/2018:10:43:24 -0300] "GET /cormun/servlet/trsolicitudot? HTTP/1.1" 200 8792
200.112.233.47 - - [20/Mar/2018:10:43:27 -0300] "POST /cormun/servlet/prfichaempleado?2ff30573c32899216df5db27b571b232,,MD,,gxPopupLevel%3D0%3B,gx-no-cache=1521553355032 HTTP/1.1" 200 3444
186.103.156.24 - - [20/Mar/2018:10:43:32 -0300] "GET /cormun/servlet/trautorizarsolicitud? HTTP/1.1" 200 7344
186.103.156.24 - - [20/Mar/2018:10:43:33 -0300] "GET /cormun/static/gxcfg.js?2017111423403364 HTTP/1.1" 200 953
200.112.233.47 - - [20/Mar/2018:10:43:34 -0300] "POST /cormun/servlet/solicitudot?gx-no-cache=1521553361610 HTTP/1.1" 200 3400
186.103.156.24 - - [20/Mar/2018:10:43:34 -0300] "GET /cormun/static/trautorizarsolicitud.js?201711142340425 HTTP/1.1" 200 53910
200.112.233.47 - - [20/Mar/2018:10:43:34 -0300] "POST /cormun/servlet/solicitudot?2ff30573c32899216df5db27b571b232,INS,0,0,,gx-no-cache=1521553363090 HTTP/1.1" 200 10565
200.112.233.47 - - [20/Mar/2018:10:43:34 -0300] "GET /cormun/servlet/solicitudot?18624d9332f1b93e9a61c29eb8b77fea3e02fe51979c2e9cb8bb8d99d632dd2f278e6ace61286517bbeefacb83b8029f,gx-no-cache=1521553363374 HTTP/1.1" 200 30
186.103.156.24 - - [20/Mar/2018:10:43:35 -0300] "GET /cormun/servlet/trautorizarsolicitud? HTTP/1.1" 200 7343
186.103.156.24 - - [20/Mar/2018:10:43:41 -0300] "GET /cormun/servlet/trsolicitudot? HTTP/1.1" 200 8793
186.103.156.24 - - [20/Mar/2018:10:43:42 -0300] "GET /cormun/servlet/trsolicitudot? HTTP/1.1" 200 8792
200.112.233.47 - - [20/Mar/2018:10:43:45 -0300] "GET /cormun/servlet/solicitudot?18624d9332f1b93e9a61c29eb8b77feabd4ef794045a5d6f73605d35f9e0c1bf04b75f3a112baca479d8f9b8c2483fc5,gx-no-cache=1521553374230 HTTP/1.1" 200 30
200.112.233.47 - - [20/Mar/2018:10:43:45 -0300] "GET /cormun/servlet/solicitudot?18624d9332f1b93e9a61c29eb8b77fea34bb39862244d924acc936d1586797cc,gx-no-cache=1521553374306 HTTP/1.1" 200 61
200.112.233.47 - - [20/Mar/2018:10:43:45 -0300] "POST /cormun/servlet/solicitudot?gx-no-cache=1521553374388 HTTP/1.1" 200 255
186.103.156.24 - - [20/Mar/2018:10:43:45 -0300] "GET /cormun/servlet/solicitudot?INS,0,0, HTTP/1.1" 200 13669
200.112.233.47 - - [20/Mar/2018:10:43:45 -0300] "GET /cormun/servlet/solicitudot?18624d9332f1b93e9a61c29eb8b77fea5818b5b5be51dd132eb760bbce3b2db2e0a0ef55d69a0a63681fbcedc3b8e54f3e21df2a92a7a289e46d06eff2efa7b127c90d625104815996d47ba43217236f407024f1d1c532d99d54026c617c06dcf0df4e6ca2be60a65b9cf22168037b39dc4af41116c390401e1d741356b9b367299b9dd51bed2bc07e8d6e561372a4d1981b312f3a8ed8d11a42f568a17eeccbc03c5826fcada0e63e4bbfbb4747ea9b8acd03ffca573eb0b07452601004f5c27d69ee3bf9543daf029bf9aff9776f3299a3a4317dc58a5e755c174453f3f6914fe1ec764b0388c5fb4728c3db5be7ceb6313249a78a07abe70d4c2c21eb0b6a8817f25915724ded99c79f2a8a8f238544dc0339b7404d3552f1b25cb3c8eb82bd79f616868435b743904e9dc37b3fcf8a3ab45b05f3d9412974495d476944fa8b5b6cbe0b5b445bc4ed0fb4c30e04cad1c7c93142bd1f753f2486c31110838f5894c0b02c3b1a591e5355b5fc1ece036562f2a4b0c6537ecf2cc3ead4f342b2,gx-no-cache=1521553374482 HTTP/1.1" 200 30
200.112.233.47 - - [20/Mar/2018:10:43:46 -0300] "POST /cormun/servlet/solicitudot?gx-no-cache=1521553374562 HTTP/1.1" 200 30
200.112.233.47 - - [20/Mar/2018:10:43:46 -0300] "POST /cormun/servlet/solicitudot?gx-no-cache=1521553375038 HTTP/1.1" 200 1336
200.112.233.47 - - [20/Mar/2018:10:43:46 -0300] "POST /cormun/servlet/solicitudot?gx-no-cache=1521553375166 HTTP/1.1" 200 38
186.103.156.24 - - [20/Mar/2018:10:43:47 -0300] "GET /cormun/servlet/solicitudot?INS,0,0, HTTP/1.1" 200 13675
186.103.159.230 - - [20/Mar/2018:10:43:50 -0300] "POST /cormun/servlet/hlogin?2bd40fa57a169632db8529be679fadb3,gx-no-cache=1521553380082 HTTP/1.1" 200 90
186.103.159.230 - - [20/Mar/2018:10:43:50 -0300] "GET /cormun/servlet/hpexe_link HTTP/1.1" 200 950
186.103.159.230 - - [20/Mar/2018:10:43:50 -0300] "GET /cormun/static/gxcfg.js?20177612121792 HTTP/1.1" 200 953
186.103.159.230 - - [20/Mar/2018:10:43:50 -0300] "GET /cormun/static/hpexe_link.js?20177612121795 HTTP/1.1" 200 625
186.103.159.230 - - [20/Mar/2018:10:43:50 -0300] "GET /cormun/static/Resources/Spanish/PXTools.css?1155365 HTTP/1.1" 200 89042
186.103.159.230 - - [20/Mar/2018:10:43:50 -0300] "GET /cormun/servlet/hhome HTTP/1.1" 200 4164
186.103.159.230 - - [20/Mar/2018:10:43:51 -0300] "GET /cormun/static/SmoothNavMenu/resources/images/down.gif HTTP/1.1" 200 854
186.103.159.230 - - [20/Mar/2018:10:43:51 -0300] "GET /cormun/static/SmoothNavMenu/resources/images/right.gif HTTP/1.1" 200 860
186.103.159.230 - - [20/Mar/2018:10:43:51 -0300] "GET /cormun/servlet/hhome HTTP/1.1" 200 4160
200.112.233.47 - - [20/Mar/2018:10:44:02 -0300] "POST /cormun/servlet/solicitudot?gx-no-cache=1521553390500 HTTP/1.1" 200 30
186.103.159.230 - - [20/Mar/2018:10:44:02 -0300] "GET /cormun/servlet/trlicencias? HTTP/1.1" 200 8520
186.103.159.230 - - [20/Mar/2018:10:44:02 -0300] "GET /cormun/static/gxui/gxui-all.css?110300 HTTP/1.1" 200 2179
186.103.159.230 - - [20/Mar/2018:10:44:02 -0300] "GET /cormun/static/calendar-system.css?75620 HTTP/1.1" 200 5572
186.103.159.230 - - [20/Mar/2018:10:44:02 -0300] "GET /cormun/static/gxcfg.js?20176272054169 HTTP/1.1" 200 953
186.103.159.230 - - [20/Mar/2018:10:44:02 -0300] "GET /cormun/static/calendar.js?85251 HTTP/1.1" 200 26246
186.103.159.230 - - [20/Mar/2018:10:44:03 -0300] "GET /cormun/static/calendar-setup.js?85251 HTTP/1.1" 200 2588
186.103.159.230 - - [20/Mar/2018:10:44:03 -0300] "GET /cormun/static/calendar-es.js?85251 HTTP/1.1" 200 1901
186.103.159.230 - - [20/Mar/2018:10:44:03 -0300] "GET /cormun/static/Resources/Spanish/PXTools.css?17315867 HTTP/1.1" 200 89042
186.103.159.230 - - [20/Mar/2018:10:44:04 -0300] "GET /cormun/static/gxdec.js?85251 HTTP/1.1" 200 19579
186.103.159.230 - - [20/Mar/2018:10:44:04 -0300] "GET /cormun/static/trlicencias.js?20176272054837 HTTP/1.1" 200 41883
186.103.159.230 - - [20/Mar/2018:10:44:04 -0300] "GET /cormun/static/Resources/PXTools/calendar.png HTTP/1.1" 200 1306
186.103.159.230 - - [20/Mar/2018:10:44:04 -0300] "GET /cormun/static/Resources/PXToolsDataSearch.png HTTP/1.1" 200 419
186.103.159.230 - - [20/Mar/2018:10:44:04 -0300] "GET /cormun/static/Resources/PXToolsGridFirstDisabled.gif HTTP/1.1" 200 100
186.103.159.230 - - [20/Mar/2018:10:44:04 -0300] "GET /cormun/static/Resources/PXToolsGridPreviousDisabled.gif HTTP/1.1" 200 90
186.103.159.230 - - [20/Mar/2018:10:44:04 -0300] "GET /cormun/static/Resources/PXToolsGridNextDisabled.gif HTTP/1.1" 200 90
186.103.159.230 - - [20/Mar/2018:10:44:05 -0300] "GET /cormun/static/Resources/PXToolsGridLastDisabled.gif HTTP/1.1" 200 98
186.103.159.230 - - [20/Mar/2018:10:44:05 -0300] "GET /cormun/static/Resources/PXToolsGridPage.gif HTTP/1.1" 200 725
186.103.159.230 - - [20/Mar/2018:10:44:05 -0300] "GET /cormun/static/Resources/PXToolsActionExcel.png HTTP/1.1" 200 3187
186.103.159.230 - - [20/Mar/2018:10:44:05 -0300] "GET /cormun/static/Resources/PXToolsGridNew.png HTTP/1.1" 200 2949
186.103.159.230 - - [20/Mar/2018:10:44:06 -0300] "GET /cormun/static/Shared/ext/resources/css/ext-all.css?205870 HTTP/1.1" 200 416045
186.103.156.24 - - [20/Mar/2018:10:44:06 -0300] "GET /cormun/servlet/hlogin HTTP/1.1" 200 1712
186.103.159.230 - - [20/Mar/2018:10:44:06 -0300] "GET /cormun//static/Resources/PXToolsActionDisabled.gif HTTP/1.1" 200 53
186.103.159.230 - - [20/Mar/2018:10:44:06 -0300] "GET /cormun/static/Resources/asc.gif HTTP/1.1" 200 67
186.103.159.230 - - [20/Mar/2018:10:44:06 -0300] "GET /cormun/static/Resources/desc.gif HTTP/1.1" 200 65
186.103.159.230 - - [20/Mar/2018:10:44:06 -0300] "GET /cormun//static/Resources/PXToolsGridDisplay.png HTTP/1.1" 200 362
186.103.159.230 - - [20/Mar/2018:10:44:07 -0300] "GET /cormun//static/Resources/PXToolsActionPrint.png HTTP/1.1" 200 3317
186.103.159.230 - - [20/Mar/2018:10:44:07 -0300] "GET /cormun//static/Resources/PXToolsHeaderHelp.png HTTP/1.1" 200 4055
186.103.159.230 - - [20/Mar/2018:10:44:07 -0300] "GET /cormun//static/Resources/PXToolsHeaderFavorites.png HTTP/1.1" 200 2744
186.103.159.230 - - [20/Mar/2018:10:44:07 -0300] "GET /cormun/static/Shared/ext/resources/themes/images/default/tools/tool-sprites.gif HTTP/1.1" 200 5434
186.103.159.230 - - [20/Mar/2018:10:44:08 -0300] "GET /cormun/static/Shared/ext/resources/themes/images/default/panel/bg-headersPanel.png HTTP/1.1" 200 255
186.103.159.230 - - [20/Mar/2018:10:44:08 -0300] "GET /cormun/servlet/trlicencias? HTTP/1.1" 200 8517
200.112.233.47 - - [20/Mar/2018:10:44:09 -0300] "POST /cormun/servlet/solicitudot?gx-no-cache=1521553397764 HTTP/1.1" 200 1336
200.112.233.47 - - [20/Mar/2018:10:44:09 -0300] "POST /cormun/servlet/solicitudot?gx-no-cache=1521553398282 HTTP/1.1" 200 38
186.103.159.230 - - [20/Mar/2018:10:44:09 -0300] "GET /cormun//static/Resources/PXTools/ActionInsert.png HTTP/1.1" 200 1482
186.103.156.24 - - [20/Mar/2018:10:44:20 -0300] "POST /cormun/servlet/hlogin?893dcc1b246bfc19525e0d98672c95cd,gx-no-cache=1521553409017 HTTP/1.1" 200 422
186.103.157.235 - - [20/Mar/2018:10:44:22 -0300] "GET /cormun/servlet/prbanco?,MD,,gxPopupLevel%3D0%3B HTTP/1.1" 200 6666
186.103.156.24 - - [20/Mar/2018:10:44:27 -0300] "POST /cormun/servlet/hlogin?893dcc1b246bfc19525e0d98672c95cd,gx-no-cache=1521553416839 HTTP/1.1" 200 90
186.103.156.24 - - [20/Mar/2018:10:44:27 -0300] "GET /cormun/servlet/hpexe_link HTTP/1.1" 200 956
186.103.157.235 - - [20/Mar/2018:10:44:28 -0300] "GET /cormun/servlet/solicitudot?d1e1fb749ad495f84c4f0a01d3170bb5be673a2e0cbd659c941c95b49811064fbf5ed571ed235eb3367a4cf6fd0448590b33b6c4496c2f54b882ac7271119e21,gx-no-cache=1521553416231 HTTP/1.1" 200 30
186.103.156.24 - - [20/Mar/2018:10:44:28 -0300] "GET /cormun/servlet/solicitudot?INS,0,0, HTTP/1.1" 200 13672
186.103.156.24 - - [20/Mar/2018:10:44:29 -0300] "GET /cormun/servlet/solicitudot?INS,0,0, HTTP/1.1" 200 13675
186.103.157.235 - - [20/Mar/2018:10:44:29 -0300] "GET /cormun/servlet/solicitudot?d1e1fb749ad495f84c4f0a01d3170bb5eb137b53a3250608b814de66a0986684,gx-no-cache=1521553418645 HTTP/1.1" 200 51
200.112.233.47 - - [20/Mar/2018:10:44:35 -0300] "GET /cormun/servlet/solicitudot?18624d9332f1b93e9a61c29eb8b77fea1bf118a4e7c471c746fb7f10209c33bd6b6faf06e6699ea55e8125c317c5e8dd4e92871ae8278a8e255d05aad4d77977d211dcc45e059815168acadaef57d691cf1f996ee59501f483b25be22c9d1544d5be1d90b513f6cb0c946653592edbff2e9b99bdb7b051bde9fd8a638f60e9266497d982023b4db5a8e7b4929bcb83fc7bbfd99e49ed112884da88952380260f,gx-no-cache=1521553424096 HTTP/1.1" 200 29
200.112.233.47 - - [20/Mar/2018:10:44:35 -0300] "POST /cormun/servlet/solicitudot?gx-no-cache=1521553424268 HTTP/1.1" 200 1319
200.112.233.47 - - [20/Mar/2018:10:44:35 -0300] "POST /cormun/servlet/solicitudot?gx-no-cache=1521553424484 HTTP/1.1" 200 1219
186.103.157.235 - - [20/Mar/2018:10:44:36 -0300] "POST /cormun/servlet/solicitudot?27aaca9f5e4d4a0dc584e0fa23b8ce70,INS,0,0,,gx-no-cache=1521553423267 HTTP/1.1" 200 10370
186.103.157.235 - - [20/Mar/2018:10:44:36 -0300] "GET /cormun/static/Shared/jqueryui/images/ui-bg_highlight-soft_100_c6c2c8_1x100.png HTTP/1.1" 404 1117
186.103.157.235 - - [20/Mar/2018:10:44:36 -0300] "GET /cormun/static/Shared/jqueryui/images/ui-icons_82798d_256x240.png HTTP/1.1" 404 1089
186.103.157.235 - - [20/Mar/2018:10:44:36 -0300] "GET /cormun/static/Shared/jqueryui/images/ui-icons_8d78a5_256x240.png HTTP/1.1" 404 1089
186.103.157.235 - - [20/Mar/2018:10:44:36 -0300] "GET /cormun/static/Shared/jqueryui/images/ui-bg_flat_55_fafafa_40x100.png HTTP/1.1" 404 1097
186.103.157.235 - - [20/Mar/2018:10:44:42 -0300] "GET /cormun/servlet/solicitudot?d1e1fb749ad495f84c4f0a01d3170bb500e5863f7bffcc5f64d6465aaceb188af6ddbccb3e3aab20bf41dfdaa7c86a725a16ade9540fb9ff1f493bdfffc639de,gx-no-cache=1521553431436 HTTP/1.1" 200 51
186.103.157.235 - - [20/Mar/2018:10:44:42 -0300] "POST /cormun/servlet/solicitudot?gx-no-cache=1521553431598 HTTP/1.1" 200 297
186.103.157.235 - - [20/Mar/2018:10:44:42 -0300] "GET /cormun/servlet/solicitudot?d1e1fb749ad495f84c4f0a01d3170bb5328493c871674a8e7297a46e418fa3be10e8e28f9a0b6881b3425e5c0817c88679f0e26654371f57941834961084d887303ad9d2801f6a259eb6e5934f689d83eaa5ca01ce9d80e0c703ea846fd0e5c2e69f730101b8329d5dc90d3d59770f029af9a4059f3e462b19ae320afa63c009fea8fb9a65070d0a6045660793815e5a3ac1a97029cbb6985fd4e7b6ed3b332ab0815afd744cdbc05318c746b4d77dadd80e6bd19ade587f2cdbab2eb59065eeffe1266bbb638363fc5c14530393e798733a36674e5aeeb7cb99ed53c515664d84da37ce7b7f49092726c510d89ac2f16ec8c503feef557e1c5ecc50cf961750c2f04a2a31269a4e7b6b1eff8fd56c7ebf7698381c3642d458a941e2fc05c7e7a27ad2c6b44d7edec973601b1c560fde233456aa5cb1ac71c3096bb0ba691e612af932b9198d7c811bb4371d96392c1de23f0441b517dd7616dc6a4eaa7f344c9581f62a1582db15812d8f5b6f5f1c8ea36d4a20ce76a8246caef3a940fb8f5b4051355bd2a4f0eeb3675ba239581994,gx-no-cache=1521553431677 HTTP/1.1" 200 30
186.103.156.24 - - [20/Mar/2018:10:44:45 -0300] "POST /cormun/servlet/solicitudot?gx-no-cache=1521553433990 HTTP/1.1" 200 3284
186.103.157.235 - - [20/Mar/2018:10:44:45 -0300] "POST /cormun/servlet/solicitudot?gx-no-cache=1521553434532 HTTP/1.1" 200 30
186.103.156.24 - - [20/Mar/2018:10:44:46 -0300] "POST /cormun/servlet/solicitudot?893dcc1b246bfc19525e0d98672c95cd,INS,0,0,,gx-no-cache=1521553434761 HTTP/1.1" 200 10433
186.103.157.235 - - [20/Mar/2018:10:44:50 -0300] "POST /cormun/servlet/solicitudot?gx-no-cache=1521553439686 HTTP/1.1" 200 30
186.103.157.235 - - [20/Mar/2018:10:44:53 -0300] "POST /cormun/servlet/solicitudot?gx-no-cache=1521553442404 HTTP/1.1" 200 1333
186.103.157.235 - - [20/Mar/2018:10:44:53 -0300] "POST /cormun/servlet/solicitudot?gx-no-cache=1521553442516 HTTP/1.1" 200 38
186.103.156.24 - - [20/Mar/2018:10:44:59 -0300] "GET /cormun/servlet/solicitudot?970f4c2ac4d3908d97a2f9e1c177b11c85251f43bb7c04ba6318b3e386dad668b574c9ba8db49943dccf496e460af739,gx-no-cache=1521553442161 HTTP/1.1" 200 30
186.103.157.98 - - [20/Mar/2018:10:45:21 -0300] "GET /cormun/servlet/hlogin HTTP/1.1" 200 1724
186.103.159.230 - - [20/Mar/2018:10:45:22 -0300] "GET /cormun/servlet/licenciaspermisos?INS,0,,, HTTP/1.1" 200 7694
186.103.159.230 - - [20/Mar/2018:10:45:22 -0300] "GET /cormun/static/gxcfg.js?201762917281167 HTTP/1.1" 200 953
186.103.159.230 - - [20/Mar/2018:10:45:22 -0300] "GET /cormun/static/licenciaspermisos.js?201762917281260 HTTP/1.1" 200 37491
186.103.159.230 - - [20/Mar/2018:10:45:22 -0300] "GET /cormun/servlet/licenciaspermisos?INS,0,,, HTTP/1.1" 200 7702
186.103.159.230 - - [20/Mar/2018:10:45:22 -0300] "GET /cormun/static/Resources/prompt.gif HTTP/1.1" 200 902
186.103.157.235 - - [20/Mar/2018:10:45:33 -0300] "GET /cormun/servlet/solicitudot?d1e1fb749ad495f84c4f0a01d3170bb52e8b555df09f046e9bc2f5fb506bfa141eb04e831865b9fd40697dc647b94ddd2d3d76c80aa5ce5019fbaa017a0268e3d96f006cdc99335c2c3a88b69cb50760fe173ca8c12274363bcbd8115acda56cf667fc1fdd36ef933c8c7478e9d538b8,gx-no-cache=1521553482492 HTTP/1.1" 200 29
186.103.157.235 - - [20/Mar/2018:10:45:33 -0300] "POST /cormun/servlet/solicitudot?gx-no-cache=1521553482542 HTTP/1.1" 200 1317
186.103.157.235 - - [20/Mar/2018:10:45:33 -0300] "POST /cormun/servlet/solicitudot?gx-no-cache=1521553482677 HTTP/1.1" 200 1215
186.103.159.230 - - [20/Mar/2018:10:45:34 -0300] "POST /cormun/servlet/licenciaspermisos?2bd40fa57a169632db8529be679fadb3,INS,0,,,,gx-no-cache=1521553484249 HTTP/1.1" 200 93
186.103.159.230 - - [20/Mar/2018:10:45:34 -0300] "GET /cormun/servlet/hpexe_return? HTTP/1.1" 200 1012
186.103.159.230 - - [20/Mar/2018:10:45:34 -0300] "GET /cormun/servlet/trlicencias HTTP/1.1" 200 8522
186.103.159.230 - - [20/Mar/2018:10:45:34 -0300] "GET /cormun/servlet/trlicencias HTTP/1.1" 200 8517
186.103.157.98 - - [20/Mar/2018:10:45:40 -0300] "POST /cormun/servlet/hlogin?7baf54dc899caf9fbf8da38aefa943fa,gx-no-cache=1521553487633 HTTP/1.1" 200 90
186.103.157.98 - - [20/Mar/2018:10:45:40 -0300] "GET /cormun/servlet/hpexe_link HTTP/1.1" 200 963
186.103.157.98 - - [20/Mar/2018:10:45:41 -0300] "GET /cormun/servlet/solicitudot?INS,0,0, HTTP/1.1" 200 13697
186.103.157.235 - - [20/Mar/2018:10:45:41 -0300] "GET /cormun/static/menuarrow.gif HTTP/1.1" 404 1015
186.103.157.98 - - [20/Mar/2018:10:45:41 -0300] "GET /cormun/servlet/solicitudot?INS,0,0, HTTP/1.1" 200 13700
186.103.157.235 - - [20/Mar/2018:10:45:44 -0300] "GET /cormun/servlet/solicitudot?d1e1fb749ad495f84c4f0a01d3170bb57a4b41a2c700527344e41d680a9392ebef0a005664e5443344ac103c6a4aae0b,gx-no-cache=1521553493274 HTTP/1.1" 200 30
186.103.159.230 - - [20/Mar/2018:10:45:49 -0300] "GET /cormun/servlet/alicenciaprn?19264402,L,20180319000000,PU HTTP/1.1" 200 1559
186.103.157.235 - - [20/Mar/2018:10:45:55 -0300] "POST /cormun/servlet/solicitudot?gx-no-cache=1521553504852 HTTP/1.1" 200 30
186.103.157.235 - - [20/Mar/2018:10:45:58 -0300] "POST /cormun/servlet/solicitudot?27aaca9f5e4d4a0dc584e0fa23b8ce70,INS,0,0,,gx-no-cache=1521553504949 HTTP/1.1" 200 93
186.103.157.235 - - [20/Mar/2018:10:45:58 -0300] "GET /cormun/servlet/hpexe_return? HTTP/1.1" 200 1008
186.103.157.235 - - [20/Mar/2018:10:45:59 -0300] "GET /cormun/servlet/hhome HTTP/1.1" 200 4229
186.103.157.235 - - [20/Mar/2018:10:45:59 -0300] "GET /cormun/servlet/hhome HTTP/1.1" 200 4223
186.103.157.235 - - [20/Mar/2018:10:46:09 -0300] "GET /cormun/servlet/trsolicitudot? HTTP/1.1" 200 8777
186.103.157.235 - - [20/Mar/2018:10:46:10 -0300] "GET /cormun/servlet/trsolicitudot? HTTP/1.1" 200 8775
186.103.156.24 - - [20/Mar/2018:10:46:24 -0300] "GET /cormun/servlet/solicitudot?970f4c2ac4d3908d97a2f9e1c177b11cf2393e3e4b1b2001803bc8634f6e9487bede2d7443809bc8b43b48ca6e7911e34bd70087a758da24d2c57d034638b974,gx-no-cache=1521553530574 HTTP/1.1" 200 30
186.103.156.24 - - [20/Mar/2018:10:46:24 -0300] "GET /cormun/servlet/solicitudot?970f4c2ac4d3908d97a2f9e1c177b11c0621339205b1e3d52f40b608b3bd6134,gx-no-cache=1521553533698 HTTP/1.1" 200 29
186.103.156.24 - - [20/Mar/2018:10:46:29 -0300] "POST /cormun/servlet/solicitudot?gx-no-cache=1521553539424 HTTP/1.1" 200 240
186.103.156.24 - - [20/Mar/2018:10:46:35 -0300] "GET /cormun/servlet/solicitudot?970f4c2ac4d3908d97a2f9e1c177b11c8d832d849348a473c6a12fcaa79131850a49ea902fecca19ddf106b62d13fb9f2338d626417533066341a636731afcc123bc2c9d708826c5df7bd18e124097ef3ae2c0039f2e1873e1c1679227a4e7cd318cbbf10fa1eb96000bcc319cc051393202da73a529794e52535d67764a034afc2837e6662b2f1cdd3870e565765a3f7e1b146d72f0b204f6be65974212f4426b1eeab269cf025aa847dc93a071dad7e94e4e798d2b1b83fe6118f6df28cb68b46855617072211c154878b1c906be13ac7459bbd38aeedaa5cc61c8afb7eea239c21a6fdc533113a1dcb1315ff04798344f94a413c445dcb6b21314b2f24131a6018b7e5a2653140737eeb5d330d89e602c72eea18c28efaaf9ea2f426d4c3098e6cf07492a176117313e56ff74308f7782a1647a4b222fa3adbcc8ecc73e4554143e9f4a17bd5d6a4392ed235cb78d873b38510be2dff390af9feeeba7e0a3c6434c47c41f492738d52aa0d8359b9f7d54b2e28bbd8dee55e4eeda1c126ebc,gx-no-cache=1521553542338 HTTP/1.1" 200 30
186.103.156.24 - - [20/Mar/2018:10:46:46 -0300] "POST /cormun/servlet/solicitudot?gx-no-cache=1521553552399 HTTP/1.1" 200 30
186.103.156.24 - - [20/Mar/2018:10:47:04 -0300] "POST /cormun/servlet/solicitudot?gx-no-cache=1521553573921 HTTP/1.1" 200 1337
186.103.156.24 - - [20/Mar/2018:10:47:04 -0300] "GET /cormun/static/menuarrow.gif HTTP/1.1" 404 1015
186.103.156.24 - - [20/Mar/2018:10:47:19 -0300] "POST /cormun/servlet/solicitudot?gx-no-cache=1521553589305 HTTP/1.1" 200 41
186.103.156.24 - - [20/Mar/2018:10:47:43 -0300] "GET /cormun/servlet/solicitudot?970f4c2ac4d3908d97a2f9e1c177b11c47616bf3aa66252dca9ea3fa8f480f7133b5790c75acdecafc591f13e48743f3dd3245a744cd2a2b69d02d919d5f8595b7ca855140c725417d8be5fd2717222286fde2a4cdf44d6b9a08a0b6d15de03f0b6ca29ac73351141099e37898970df6,gx-no-cache=1521553612544 HTTP/1.1" 200 29
186.103.156.24 - - [20/Mar/2018:10:47:43 -0300] "POST /cormun/servlet/solicitudot?gx-no-cache=1521553612674 HTTP/1.1" 200 1319
186.103.156.24 - - [20/Mar/2018:10:47:43 -0300] "POST /cormun/servlet/solicitudot?gx-no-cache=1521553612752 HTTP/1.1" 200 1219
186.103.156.24 - - [20/Mar/2018:10:47:46 -0300] "POST /cormun/servlet/solicitudot?gx-no-cache=1521553616360 HTTP/1.1" 200 1319
186.103.156.24 - - [20/Mar/2018:10:47:46 -0300] "POST /cormun/servlet/solicitudot?gx-no-cache=1521553616454 HTTP/1.1" 200 1219
186.103.156.24 - - [20/Mar/2018:10:47:50 -0300] "GET /cormun/servlet/solicitudot?970f4c2ac4d3908d97a2f9e1c177b11c6c37c852ef5be13aaefb449bfa0d59038d23468933bbe7433e4542bc3fa1b84e,gx-no-cache=1521553620110 HTTP/1.1" 200 30
186.103.156.24 - - [20/Mar/2018:10:47:50 -0300] "POST /cormun/servlet/solicitudot?gx-no-cache=1521553620199 HTTP/1.1" 200 34
186.103.156.24 - - [20/Mar/2018:10:48:10 -0300] "POST /cormun/servlet/solicitudot?893dcc1b246bfc19525e0d98672c95cd,INS,0,0,,gx-no-cache=1521553637603 HTTP/1.1" 200 93
186.103.156.24 - - [20/Mar/2018:10:48:10 -0300] "GET /cormun/servlet/hpexe_return? HTTP/1.1" 200 1001
186.103.156.24 - - [20/Mar/2018:10:48:11 -0300] "GET /cormun/servlet/trsolicitudot HTTP/1.1" 200 9442
186.103.157.235 - - [20/Mar/2018:10:48:11 -0300] "GET /cormun/servlet/solicitudot?INS,0,0, HTTP/1.1" 200 13669
186.103.157.235 - - [20/Mar/2018:10:48:12 -0300] "GET /cormun/servlet/solicitudot?INS,0,0, HTTP/1.1" 200 13674
186.103.156.166 - - [20/Mar/2018:10:48:12 -0300] "POST /cormun/servlet/licenciaspermisosadjuntos?d7b4a2fe394c53c2c73bdb8d17743caa,INS,8935260,L,20180320000000,, HTTP/1.1" 200 116
186.103.156.166 - - [20/Mar/2018:10:48:12 -0300] "GET /cormun/servlet/hpexe_return? HTTP/1.1" 200 1040
186.103.156.24 - - [20/Mar/2018:10:48:12 -0300] "GET /cormun/servlet/trsolicitudot HTTP/1.1" 200 9438
186.103.156.166 - - [20/Mar/2018:10:48:13 -0300] "GET /cormun/servlet/trlicenciaspermisosadjuntos?8935260,20180320000000,L, HTTP/1.1" 200 6701
186.103.156.166 - - [20/Mar/2018:10:48:14 -0300] "GET /cormun/servlet/trlicenciaspermisosadjuntos?8935260,20180320000000,L, HTTP/1.1" 200 6698
186.103.156.166 - - [20/Mar/2018:10:48:21 -0300] "POST /cormun/servlet/trlicenciaspermisosadjuntos?d7b4a2fe394c53c2c73bdb8d17743caa,8935260,20180320000000,L,,gx-no-cache=1521557244681 HTTP/1.1" 200 90
186.103.156.166 - - [20/Mar/2018:10:48:21 -0300] "GET /cormun/servlet/hpexe_link HTTP/1.1" 200 981
186.103.156.166 - - [20/Mar/2018:10:48:21 -0300] "GET /cormun/servlet/trlicencias HTTP/1.1" 200 9645
186.103.156.24 - - [20/Mar/2018:10:48:21 -0300] "POST /cormun/servlet/trsolicitudot?893dcc1b246bfc19525e0d98672c95cd,gx-no-cache=1521553650527 HTTP/1.1" 200 107
186.103.156.24 - - [20/Mar/2018:10:48:21 -0300] "GET /cormun/servlet/trsolicitudadjuntos?2018,10654, HTTP/1.1" 200 6324
186.103.156.24 - - [20/Mar/2018:10:48:21 -0300] "GET /cormun/static/gxcfg.js?20177612135366 HTTP/1.1" 200 953
186.103.156.24 - - [20/Mar/2018:10:48:21 -0300] "GET /cormun/static/trsolicitudadjuntos.js?20177612135632 HTTP/1.1" 200 17922
186.103.156.166 - - [20/Mar/2018:10:48:22 -0300] "GET /cormun/servlet/trlicencias HTTP/1.1" 200 9643
186.103.156.24 - - [20/Mar/2018:10:48:22 -0300] "GET /cormun/servlet/trsolicitudadjuntos?2018,10654, HTTP/1.1" 200 6324
186.103.157.235 - - [20/Mar/2018:10:48:28 -0300] "POST /cormun/servlet/solicitudot?gx-no-cache=1521553657207 HTTP/1.1" 200 3284
186.103.157.235 - - [20/Mar/2018:10:48:29 -0300] "POST /cormun/servlet/solicitudot?27aaca9f5e4d4a0dc584e0fa23b8ce70,INS,0,0,,gx-no-cache=1521553657875 HTTP/1.1" 200 10442
186.103.156.24 - - [20/Mar/2018:10:48:31 -0300] "GET /cormun/servlet/solicitudotadjuntos?INS,2018,10654,,1, HTTP/1.1" 200 6267
186.103.156.24 - - [20/Mar/2018:10:48:31 -0300] "GET /cormun/static/gxcfg.js?2017761244068 HTTP/1.1" 200 953
186.103.156.24 - - [20/Mar/2018:10:48:31 -0300] "GET /cormun/static/solicitudotadjuntos.js?2017761244086 HTTP/1.1" 200 11771
186.103.156.24 - - [20/Mar/2018:10:48:31 -0300] "GET /cormun/static/about:blank HTTP/1.1" 404 1011
186.103.156.24 - - [20/Mar/2018:10:48:31 -0300] "GET /cormun/servlet/solicitudotadjuntos?INS,2018,10654,,1, HTTP/1.1" 200 6260
186.103.156.24 - - [20/Mar/2018:10:48:32 -0300] "GET /cormun/servlet/solicitudotadjuntos?970f4c2ac4d3908d97a2f9e1c177b11cea26b902a455a52dd97f2c0c5dfc5c63978bd3ba4b4a47556f5e7cfba47d2161,gx-no-cache=1521553661935 HTTP/1.1" 200 30
186.103.156.24 - - [20/Mar/2018:10:48:33 -0300] "POST /cormun/servlet/solicitudotadjuntos?893dcc1b246bfc19525e0d98672c95cd,INS,2018,10654,,1,,gx-no-cache=1521553661999 HTTP/1.1" 200 4013
186.103.156.166 - - [20/Mar/2018:10:48:33 -0300] "POST /cormun/servlet/trlicencias?d7b4a2fe394c53c2c73bdb8d17743caa,gx-no-cache=1521557257000 HTTP/1.1" 200 7035
186.103.156.166 - - [20/Mar/2018:10:48:33 -0300] "GET /cormun/static/Shared/jqueryui/images/ui-bg_highlight-soft_100_c6c2c8_1x100.png HTTP/1.1" 404 1117
186.103.156.166 - - [20/Mar/2018:10:48:33 -0300] "GET /cormun/static/Shared/jqueryui/images/ui-icons_82798d_256x240.png HTTP/1.1" 404 1089
186.103.156.166 - - [20/Mar/2018:10:48:33 -0300] "GET /cormun/static/Shared/jqueryui/images/ui-bg_flat_55_fafafa_40x100.png HTTP/1.1" 404 1097
186.103.156.166 - - [20/Mar/2018:10:48:34 -0300] "GET /cormun/static/Shared/jqueryui/images/ui-icons_8d78a5_256x240.png HTTP/1.1" 404 1089
186.103.156.24 - - [20/Mar/2018:10:48:35 -0300] "POST /cormun/servlet/solicitudotadjuntos?gx-no-cache=1521553665088 HTTP/1.1" 200 26
186.103.157.235 - - [20/Mar/2018:10:48:36 -0300] "GET /cormun/servlet/solicitudot?d1e1fb749ad495f84c4f0a01d3170bb5daae306bd2d72a0905249f4d95f9eed63b0a45df11ca42a7b015719f2b691823,gx-no-cache=1521553665611 HTTP/1.1" 200 30
186.103.156.24 - - [20/Mar/2018:10:49:01 -0300] "POST /cormun/servlet/solicitudotadjuntos?gx-no-cache=1521553691463 HTTP/1.1" 200 26
186.103.156.24 - - [20/Mar/2018:10:49:14 -0300] "POST /cormun/servlet/solicitudotadjuntos?gx-no-cache=1521553703575 HTTP/1.1" 200 26
186.103.156.24 - - [20/Mar/2018:10:49:26 -0300] "POST /cormun/servlet/solicitudotadjuntos?gx-no-cache=1521553715607 HTTP/1.1" 200 26
186.103.157.98 - - [20/Mar/2018:10:50:12 -0300] "POST /cormun/servlet/hlogin?a29939d030214a9ca89ad5dab9f50954,gx-no-cache=1521553761211 HTTP/1.1" 440 972
186.103.157.98 - - [20/Mar/2018:10:50:14 -0300] "GET /cormun/servlet/hlogin HTTP/1.1" 200 1732
186.103.157.98 - - [20/Mar/2018:10:50:14 -0300] "GET /cormun/static/gxtimezone.js?85251 HTTP/1.1" 304 -
186.103.157.235 - - [20/Mar/2018:10:50:17 -0300] "GET /cormun/servlet/prbanco?,MD,,gxPopupLevel%3D0%3B HTTP/1.1" 200 6666
186.103.157.98 - - [20/Mar/2018:10:50:27 -0300] "POST /cormun/servlet/hlogin?7baf54dc899caf9fbf8da38aefa943fa,gx-no-cache=1521553776457 HTTP/1.1" 200 90
186.103.157.98 - - [20/Mar/2018:10:50:27 -0300] "GET /cormun/servlet/hpexe_link HTTP/1.1" 200 963
186.103.157.98 - - [20/Mar/2018:10:50:28 -0300] "GET /cormun/servlet/solicitudot?INS,0,0, HTTP/1.1" 200 13697
186.103.157.98 - - [20/Mar/2018:10:50:28 -0300] "GET /cormun/servlet/solicitudot?INS,0,0, HTTP/1.1" 200 13701
186.103.157.235 - - [20/Mar/2018:10:50:31 -0300] "GET /cormun/servlet/solicitudot?d1e1fb749ad495f84c4f0a01d3170bb5a1df7326e692ec9c1becb747df446ea880ac41901eb95ff2be497a7028acd831,gx-no-cache=1521553780321 HTTP/1.1" 200 30
186.103.157.235 - - [20/Mar/2018:10:50:33 -0300] "GET /cormun/servlet/solicitudot?d1e1fb749ad495f84c4f0a01d3170bb5eb137b53a3250608b814de66a0986684,gx-no-cache=1521553782894 HTTP/1.1" 200 51
46.188.22.181 - - [20/Mar/2018:10:50:38 -0300] "GET /cormun/servlet/trlicencias? HTTP/1.1" 200 6868
46.188.22.181 - - [20/Mar/2018:10:50:39 -0300] "GET /cormun/static/SmoothNavMenu/resources/ddsmoothmenu.css?1012540 HTTP/1.1" 200 2223
46.188.22.181 - - [20/Mar/2018:10:50:39 -0300] "GET /cormun/static/PXToolsJavascripts/pexe_menus.js HTTP/1.1" 200 1286
46.188.22.181 - - [20/Mar/2018:10:50:39 -0300] "GET /cormun/static/PXToolsJavascripts/pexe_picture.js HTTP/1.1" 200 689
46.188.22.181 - - [20/Mar/2018:10:50:39 -0300] "GET /cormun/static/PXToolsJavascripts/pexe_oavdivfix.js HTTP/1.1" 200 639
46.188.22.181 - - [20/Mar/2018:10:50:39 -0300] "GET /cormun/static/PXToolsJavascripts/pexe_link.js HTTP/1.1" 200 5671
46.188.22.181 - - [20/Mar/2018:10:50:39 -0300] "GET /cormun/static/Resources/PXToolsHeaderHome.png HTTP/1.1" 200 4147
46.188.22.181 - - [20/Mar/2018:10:50:39 -0300] "GET /cormun/static/PXToolsJavascripts/pexe_griddivfix.js HTTP/1.1" 200 6644
46.188.22.181 - - [20/Mar/2018:10:50:39 -0300] "GET /cormun/static/PXToolsJavascripts/pexe_autoreload.js HTTP/1.1" 200 1762
46.188.22.181 - - [20/Mar/2018:10:50:39 -0300] "GET /cormun/static/Resources/PXToolsDataSearch.png HTTP/1.1" 200 419
46.188.22.181 - - [20/Mar/2018:10:50:39 -0300] "GET /cormun/static/Resources/PXToolsHeaderActionsRight.png HTTP/1.1" 200 1201
46.188.22.181 - - [20/Mar/2018:10:50:39 -0300] "GET /cormun/static/calendar-setup.js?85251 HTTP/1.1" 200 2588
46.188.22.181 - - [20/Mar/2018:10:50:39 -0300] "GET /cormun/static/Resources/PXToolsHeaderActionsLeft.png HTTP/1.1" 200 1118
46.188.22.181 - - [20/Mar/2018:10:50:39 -0300] "GET /cormun/static/Resources/PXToolsGridLastDisabled.gif HTTP/1.1" 200 98
46.188.22.181 - - [20/Mar/2018:10:50:39 -0300] "GET /cormun/static/PXToolsJavascripts/pexe_grid.js HTTP/1.1" 200 7559
46.188.22.181 - - [20/Mar/2018:10:50:39 -0300] "GET /cormun/static/calendar-system.css?75620 HTTP/1.1" 200 5572
46.188.22.181 - - [20/Mar/2018:10:50:39 -0300] "GET /cormun/static/gxtimezone.js?85251 HTTP/1.1" 200 5781
46.188.22.181 - - [20/Mar/2018:10:50:39 -0300] "GET /cormun/static/Resources/PXToolsActionExcel.png HTTP/1.1" 200 3187
46.188.22.181 - - [20/Mar/2018:10:50:39 -0300] "GET /cormun/static/PXToolsJavascripts/pexe_oav.js HTTP/1.1" 200 645
46.188.22.181 - - [20/Mar/2018:10:50:39 -0300] "GET /cormun/static/hmpwkw03.js?20177612122668 HTTP/1.1" 200 3965
46.188.22.181 - - [20/Mar/2018:10:50:39 -0300] "GET /cormun/static/gxcfg.js?20176272054169 HTTP/1.1" 200 953
46.188.22.181 - - [20/Mar/2018:10:50:39 -0300] "GET /cormun/static/Resources/PXTools/calendar.png HTTP/1.1" 200 1306
46.188.22.181 - - [20/Mar/2018:10:50:39 -0300] "GET /cormun/static/hwchdr01.js?201752511465785 HTTP/1.1" 200 1183
46.188.22.181 - - [20/Mar/2018:10:50:39 -0300] "GET /cormun/static/Resources/PXToolsGridNextDisabled.gif HTTP/1.1" 200 90
46.188.22.181 - - [20/Mar/2018:10:50:39 -0300] "GET /cormun/static/Resources/PXToolsGridPreviousDisabled.gif HTTP/1.1" 200 90
46.188.22.181 - - [20/Mar/2018:10:50:39 -0300] "GET /cormun/static/PXToolsJavascripts/pexe_menudivfix.js HTTP/1.1" 200 333
46.188.22.181 - - [20/Mar/2018:10:50:39 -0300] "GET /cormun/static/calendar-es.js?85251 HTTP/1.1" 200 1901
46.188.22.181 - - [20/Mar/2018:10:50:39 -0300] "GET /cormun/static/PXToolsJavascripts/pexe_popup.js HTTP/1.1" 200 13458
46.188.22.181 - - [20/Mar/2018:10:50:39 -0300] "GET /cormun/static/Resources/PXToolsHeaderSecurity.png HTTP/1.1" 200 4166
46.188.22.181 - - [20/Mar/2018:10:50:39 -0300] "GET /cormun/static/SmoothNavMenu/resources/ddsmoothmenu.js HTTP/1.1" 200 12712
46.188.22.181 - - [20/Mar/2018:10:50:39 -0300] "GET /cormun/static/PXToolsJavascripts/pexe_cookies.js HTTP/1.1" 200 792
46.188.22.181 - - [20/Mar/2018:10:50:39 -0300] "GET /cormun/static/RunJS/RunJS.js HTTP/1.1" 200 288
46.188.22.181 - - [20/Mar/2018:10:50:39 -0300] "GET /cormun/static/Resources/PXToolsHeaderPreferences.png HTTP/1.1" 200 4189
46.188.22.181 - - [20/Mar/2018:10:50:39 -0300] "GET /cormun/static/SmoothNavMenu/resources/SmoothNavMenuRender.js HTTP/1.1" 200 5951
46.188.22.181 - - [20/Mar/2018:10:50:39 -0300] "GET /cormun/static/PXToolsJavascripts/pexe_scrolldiv.js HTTP/1.1" 200 4138
46.188.22.181 - - [20/Mar/2018:10:50:39 -0300] "GET /cormun/static/PXToolsJavascripts/pexe_tabs.js HTTP/1.1" 200 3748
46.188.22.181 - - [20/Mar/2018:10:50:39 -0300] "GET /cormun/static/Resources/PXToolsHeaderLogin.png HTTP/1.1" 200 4279
46.188.22.181 - - [20/Mar/2018:10:50:39 -0300] "GET /cormun/static/Resources/PXToolsGridFirstDisabled.gif HTTP/1.1" 200 100
46.188.22.181 - - [20/Mar/2018:10:50:39 -0300] "GET /cormun/static/scaMessage/scaMessageRender.js HTTP/1.1" 200 11977
46.188.22.181 - - [20/Mar/2018:10:50:39 -0300] "GET /cormun/static/gxui/gxui-all.css?110300 HTTP/1.1" 200 2179
46.188.22.181 - - [20/Mar/2018:10:50:39 -0300] "GET /cormun/static/hpexe_recentlink.js?20177611595044 HTTP/1.1" 200 2144
46.188.22.181 - - [20/Mar/2018:10:50:39 -0300] "GET /cormun/static/hpexe_messagegenexuscomponent.js?201752511465344 HTTP/1.1" 200 587
46.188.22.181 - - [20/Mar/2018:10:50:39 -0300] "GET /cormun/static/hpexe_scripts.js?201752511465715 HTTP/1.1" 200 1544
46.188.22.181 - - [20/Mar/2018:10:50:39 -0300] "GET /cormun/static/scaMessage/css/jquery.pnotify.default.css?1716380 HTTP/1.1" 200 1707
46.188.22.181 - - [20/Mar/2018:10:50:39 -0300] "GET /cormun/static/Resources/PXToolsGridNew.png HTTP/1.1" 200 2949
46.188.22.181 - - [20/Mar/2018:10:50:39 -0300] "GET /cormun/static/SmoothNavMenu/resources/ddsmoothmenu-v.css?1012540 HTTP/1.1" 200 1188
46.188.22.181 - - [20/Mar/2018:10:50:39 -0300] "GET /cormun/static/hpexe_messagepopupcomponent.js?20161017169425 HTTP/1.1" 200 605
46.188.22.181 - - [20/Mar/2018:10:50:39 -0300] "GET /cormun/static/PXToolsJavascripts/pexe_layers.js HTTP/1.1" 200 4114
46.188.22.181 - - [20/Mar/2018:10:50:39 -0300] "GET /cormun/static/PXToolsJavascripts/pexe_tabdivfix.js HTTP/1.1" 200 876
46.188.22.181 - - [20/Mar/2018:10:50:39 -0300] "GET /cormun/static/PXToolsJavascripts/PXToolsJavascriptsRender.js HTTP/1.1" 200 367
46.188.22.181 - - [20/Mar/2018:10:50:39 -0300] "GET /cormun/static/scaMessage/js/jquery.pnotify.min.js HTTP/1.1" 200 13038
46.188.22.181 - - [20/Mar/2018:10:50:39 -0300] "GET /cormun/static/Resources/logo4.png HTTP/1.1" 200 6582
46.188.22.181 - - [20/Mar/2018:10:50:39 -0300] "GET /cormun/static/PXToolsJavascripts/pexe_upload.js HTTP/1.1" 200 1423
46.188.22.181 - - [20/Mar/2018:10:50:39 -0300] "GET /cormun/static/Shared/ext/locale/ext-lang-en.js HTTP/1.1" 200 10940
46.188.22.181 - - [20/Mar/2018:10:50:39 -0300] "GET /cormun/static/hpexe_messagecontroller.js?20177611595012 HTTP/1.1" 200 870
46.188.22.181 - - [20/Mar/2018:10:50:39 -0300] "GET /cormun/static/Resources/PXToolsGridPage.gif HTTP/1.1" 200 725
46.188.22.181 - - [20/Mar/2018:10:50:39 -0300] "GET /cormun/static/cmcontrolpreferences.js?201752511465670 HTTP/1.1" 200 1375
46.188.22.181 - - [20/Mar/2018:10:50:39 -0300] "GET /cormun/static/gxdec.js?85251 HTTP/1.1" 200 19579
46.188.22.181 - - [20/Mar/2018:10:50:39 -0300] "GET /cormun/static/gxui/gxui-all.js HTTP/1.1" 200 107772
46.188.22.181 - - [20/Mar/2018:10:50:39 -0300] "GET /cormun/static/PXToolsJavascripts/pexe_windows.js HTTP/1.1" 200 15207
46.188.22.181 - - [20/Mar/2018:10:50:39 -0300] "GET /cormun/static/Shared/jqueryui/jquery-ui.min.css?1245370 HTTP/1.1" 200 30288
46.188.22.181 - - [20/Mar/2018:10:50:39 -0300] "GET /cormun/static/messages.spa.js?85251 HTTP/1.1" 200 30736
46.188.22.181 - - [20/Mar/2018:10:50:40 -0300] "GET /cormun/static/calendar.js?85251 HTTP/1.1" 200 26246
186.103.157.235 - - [20/Mar/2018:10:50:40 -0300] "POST /cormun/servlet/solicitudot?27aaca9f5e4d4a0dc584e0fa23b8ce70,INS,0,0,,gx-no-cache=1521553789015 HTTP/1.1" 200 10638
186.103.157.235 - - [20/Mar/2018:10:50:40 -0300] "GET /cormun/static/Shared/jqueryui/images/ui-bg_highlight-soft_100_c6c2c8_1x100.png HTTP/1.1" 404 1117
186.103.157.235 - - [20/Mar/2018:10:50:40 -0300] "GET /cormun/static/Shared/jqueryui/images/ui-icons_82798d_256x240.png HTTP/1.1" 404 1089
186.103.157.235 - - [20/Mar/2018:10:50:40 -0300] "GET /cormun/static/Shared/jqueryui/images/ui-bg_flat_55_fafafa_40x100.png HTTP/1.1" 404 1097
186.103.157.235 - - [20/Mar/2018:10:50:40 -0300] "GET /cormun/static/Shared/jqueryui/images/ui-icons_8d78a5_256x240.png HTTP/1.1" 404 1089
46.188.22.181 - - [20/Mar/2018:10:50:40 -0300] "GET /cormun/static/trlicencias.js?20176272054837 HTTP/1.1" 200 41883
46.188.22.181 - - [20/Mar/2018:10:50:40 -0300] "GET /cormun/static/Shared/jqueryui/jquery-ui.min.js HTTP/1.1" 200 240427
46.188.22.181 - - [20/Mar/2018:10:50:40 -0300] "GET /cormun/static/Resources/Spanish/PXTools.css?17315867 HTTP/1.1" 200 89042
46.188.22.181 - - [20/Mar/2018:10:50:40 -0300] "GET /cormun/static/Shared/jquery/jquery-1.4.2.min.js HTTP/1.1" 200 72174
46.188.22.181 - - [20/Mar/2018:10:50:41 -0300] "GET /cormun/static/gxgral.js?85251 HTTP/1.1" 200 384558
46.188.22.181 - - [20/Mar/2018:10:50:41 -0300] "GET /cormun/static/Shared/ext/ext-all.js HTTP/1.1" 200 1289687
46.188.22.181 - - [20/Mar/2018:10:50:41 -0300] "GET /cormun/static/Shared/ext/resources/css/ext-all.css?205870 HTTP/1.1" 200 416045
46.188.22.181 - - [20/Mar/2018:10:50:43 -0300] "GET /cormun/static/Resources/PXToolsHeaderBackground2.png HTTP/1.1" 200 1174
46.188.22.181 - - [20/Mar/2018:10:50:43 -0300] "GET /cormun/static/Resources/PXToolsHeaderActionsBackground.png HTTP/1.1" 200 484
46.188.22.181 - - [20/Mar/2018:10:50:43 -0300] "GET /cormun/static/Resources/PXToolsFooterBackground2.png HTTP/1.1" 200 1172
46.188.22.181 - - [20/Mar/2018:10:50:43 -0300] "GET /cormun/static/Resources/PXToolsDataTitle.png HTTP/1.1" 200 1173
46.188.22.181 - - [20/Mar/2018:10:50:43 -0300] "GET /cormun/static/Shared/jquery/jquery-1.10.2.min.js HTTP/1.1" 200 273199
186.103.157.235 - - [20/Mar/2018:10:50:43 -0300] "GET /cormun/servlet/solicitudot?d1e1fb749ad495f84c4f0a01d3170bb500e5863f7bffcc5f64d6465aaceb188af6ddbccb3e3aab20bf41dfdaa7c86a725a16ade9540fb9ff1f493bdfffc639de,gx-no-cache=1521553793005 HTTP/1.1" 200 51
186.103.157.235 - - [20/Mar/2018:10:50:43 -0300] "POST /cormun/servlet/solicitudot?gx-no-cache=1521553793041 HTTP/1.1" 200 297
186.103.157.235 - - [20/Mar/2018:10:50:44 -0300] "GET /cormun/servlet/solicitudot?d1e1fb749ad495f84c4f0a01d3170bb5328493c871674a8e7297a46e418fa3be10e8e28f9a0b6881b3425e5c0817c88679f0e26654371f57941834961084d887303ad9d2801f6a259eb6e5934f689d83eaa5ca01ce9d80e0c703ea846fd0e5c2e69f730101b8329d5dc90d3d59770f029af9a4059f3e462b19ae320afa63c009fea8fb9a65070d0a6045660793815e5a3ac1a97029cbb6985fd4e7b6ed3b332ab0815afd744cdbc05318c746b4d77dadd80e6bd19ade587f2cdbab2eb59065eeffe1266bbb638363fc5c14530393e798733a36674e5aeeb7cb99ed53c515664d84da37ce7b7f49092726c510d89ac2f16ec8c503feef557e1c5ecc50cf961750c2f04a2a31269a4e7b6b1eff8fd56c7ebf7698381c3642d458a941e2fc05c7e7a27ad2c6b44d7edec973601b1c560fde233456aa5cb1ac71c3096bb0ba691e612af932b9198d7c811bb4371d96392c1de23f0441b517dd7616dc6a4eaa7f344c9581f62a1582db15812d8f5b6f5f1c8ea36d4a20ce76a8246caef3a940fb8f5b4051355bd2a4f0eeb3675ba239581994,gx-no-cache=1521553793083 HTTP/1.1" 200 30
46.188.22.181 - - [20/Mar/2018:10:50:44 -0300] "GET /cormun/static/Resources/indicator.gif HTTP/1.1" 200 1553
46.188.22.181 - - [20/Mar/2018:10:50:44 -0300] "GET /cormun/static/Resources/desc.gif HTTP/1.1" 200 65
46.188.22.181 - - [20/Mar/2018:10:50:44 -0300] "GET /cormun/static/Resources/asc.gif HTTP/1.1" 200 67
46.188.22.181 - - [20/Mar/2018:10:50:44 -0300] "GET /cormun/servlet/hlogin HTTP/1.1" 200 1740
46.188.22.181 - - [20/Mar/2018:10:50:45 -0300] "GET /cormun/static/Shared/ext/resources/themes/images/default/panel/bg-headersPanel.png HTTP/1.1" 200 255
46.188.22.181 - - [20/Mar/2018:10:50:45 -0300] "GET /cormun/static/Shared/ext/resources/themes/images/default/tools/tool-sprites.gif HTTP/1.1" 200 5434
46.188.22.181 - - [20/Mar/2018:10:50:45 -0300] "GET /cormun/static/gxtimezone.js?85251 HTTP/1.1" 200 5781
46.188.22.181 - - [20/Mar/2018:10:50:45 -0300] "GET /cormun/static/hlogin.js?20175251213537 HTTP/1.1" 200 2136
46.188.22.181 - - [20/Mar/2018:10:50:45 -0300] "GET /cormun/static/gxcfg.js?20175251213516 HTTP/1.1" 200 953
46.188.22.181 - - [20/Mar/2018:10:50:45 -0300] "GET /cormun/static/Resources/ComunLogin.png HTTP/1.1" 200 17326
46.188.22.181 - - [20/Mar/2018:10:50:45 -0300] "GET /cormun/static/messages.spa.js?85251 HTTP/1.1" 200 30736
186.103.157.235 - - [20/Mar/2018:10:50:46 -0300] "POST /cormun/servlet/solicitudot?gx-no-cache=1521553795278 HTTP/1.1" 200 30
46.188.22.181 - - [20/Mar/2018:10:50:46 -0300] "GET /cormun/static/Resources/Spanish/PXTools.css?11423723 HTTP/1.1" 200 89042
186.103.157.98 - - [20/Mar/2018:10:50:47 -0300] "POST /cormun/servlet/solicitudot?gx-no-cache=1521553795977 HTTP/1.1" 200 3373
186.103.157.98 - - [20/Mar/2018:10:50:47 -0300] "POST /cormun/servlet/solicitudot?7baf54dc899caf9fbf8da38aefa943fa,INS,0,0,,gx-no-cache=1521553796251 HTTP/1.1" 200 10537
186.103.157.235 - - [20/Mar/2018:10:50:47 -0300] "POST /cormun/servlet/solicitudot?gx-no-cache=1521553796798 HTTP/1.1" 200 1333
186.103.157.235 - - [20/Mar/2018:10:50:47 -0300] "POST /cormun/servlet/solicitudot?gx-no-cache=1521553796875 HTTP/1.1" 200 38
46.188.22.181 - - [20/Mar/2018:10:50:49 -0300] "GET /cormun/static/gxgral.js?85251 HTTP/1.1" 200 384558
46.188.22.181 - - [20/Mar/2018:10:50:50 -0300] "GET /cormun/static/Resources/indicator.gif HTTP/1.1" 200 1553
46.188.22.181 - - [20/Mar/2018:10:50:50 -0300] "GET /cormun/static/Resources/PXToolsLoginBackground.png HTTP/1.1" 200 1164
46.188.22.181 - - [20/Mar/2018:10:50:50 -0300] "GET /cormun/static/Resources/PXToolsButtonLeft21.png HTTP/1.1" 200 1287
46.188.22.181 - - [20/Mar/2018:10:50:50 -0300] "GET /cormun/static/Resources/PXToolsLoginBottom.png HTTP/1.1" 200 1389
46.188.22.181 - - [20/Mar/2018:10:50:50 -0300] "GET /cormun/static/Resources/PXToolsButtonRight21.png HTTP/1.1" 200 1283
46.188.22.181 - - [20/Mar/2018:10:50:50 -0300] "GET /cormun/static/Resources/PXToolsLoginTop.png HTTP/1.1" 200 1337
46.188.22.181 - - [20/Mar/2018:10:50:50 -0300] "GET /cormun/static/Resources/PXToolsButtonBackground2.png HTTP/1.1" 200 1181
186.103.157.98 - - [20/Mar/2018:10:50:52 -0300] "GET /cormun/servlet/solicitudot?6ce00057abdb60523db0a59fa0ff0c99edefbd3eb4c5e25e1cfdd6f1d3c3a8aaa07bb3d025379dbb8a59d18e2ac28bc3,gx-no-cache=1521553801707 HTTP/1.1" 200 30
200.112.233.47 - - [20/Mar/2018:10:51:47 -0300] "GET /cormun/static/menuarrow.gif HTTP/1.1" 404 1015
200.112.233.47 - - [20/Mar/2018:10:51:50 -0300] "GET /cormun/servlet/solicitudot?18624d9332f1b93e9a61c29eb8b77feaf556c35ecdaeba199e137f9c962f43619397531f74950b909aae0542ceffe7af,gx-no-cache=1521553859036 HTTP/1.1" 200 30
186.103.157.98 - - [20/Mar/2018:10:52:12 -0300] "GET /cormun/servlet/solicitudot?6ce00057abdb60523db0a59fa0ff0c99c544a730209daf194eee56f12b2766f9b6e1aec5a393039011af67e11824e41326a898df44a82ee4b20a9a02adb1a153,gx-no-cache=1521553881033 HTTP/1.1" 200 30
186.103.157.98 - - [20/Mar/2018:10:52:12 -0300] "GET /cormun/servlet/solicitudot?6ce00057abdb60523db0a59fa0ff0c99523b53756e5efa5d7f084933667d3de8,gx-no-cache=1521553881077 HTTP/1.1" 200 51
186.103.157.98 - - [20/Mar/2018:10:52:12 -0300] "POST /cormun/servlet/solicitudot?gx-no-cache=1521553881111 HTTP/1.1" 200 255
186.103.157.98 - - [20/Mar/2018:10:52:12 -0300] "GET /cormun/servlet/solicitudot?6ce00057abdb60523db0a59fa0ff0c997fb03a621b1fa7eaa5a5cbb1c24e93815a15f30e21f67c37565c7f3cc3a86e81e5c6fa9141f15b0628c4cbfff9214f22c2e4bf40920ce5cb7bbad52303c1c8539b4ad2b1d39e0554478d47d19ec97f3b450963eb31393d1e9efa8f2300f6272dba4ad929eb37a52f3c0d482a3b3c27c577f8002ee7fc002ec92784dec4647af2438362d36f02b00a2d4b20777276b886f2a3988bcff5f83103d30a3adb9b0e3897747cff55d29a500a59c9028f72967c04c3f3ce86093a5c8e378e9af5047bdc00d9e298ae4f86c03217103fcaa6cef5a87520b21f58210b1d77fbe50dff971f10f110f76adb6650b34aee1bb3358a597a053ab666eb4f88be4cce24ad6c8a62bb83ba78a6052fb4a46221a590913ed6ef19684850a213cba304932a8241d12eccf2d07ba542ef07a0609846bcf1687153358f0b747181d4d3f901e0297679e64623cfa53965389d5b4521cfd45a91d64192498318cf2ffff4c52b3adebc8c7c7604670182f3bc00a39b60a63874dde0,gx-no-cache=1521553881183 HTTP/1.1" 200 30
186.103.157.98 - - [20/Mar/2018:10:52:16 -0300] "POST /cormun/servlet/solicitudot?gx-no-cache=1521553885487 HTTP/1.1" 200 30
186.103.157.98 - - [20/Mar/2018:10:52:21 -0300] "POST /cormun/servlet/solicitudot?gx-no-cache=1521553890181 HTTP/1.1" 200 1337
186.103.157.98 - - [20/Mar/2018:10:52:21 -0300] "POST /cormun/servlet/solicitudot?gx-no-cache=1521553890266 HTTP/1.1" 200 38
186.103.157.235 - - [20/Mar/2018:10:52:22 -0300] "GET /cormun/servlet/solicitudot?d1e1fb749ad495f84c4f0a01d3170bb52e8b555df09f046e9bc2f5fb506bfa141eb04e831865b9fd40697dc647b94ddd2d3d76c80aa5ce5019fbaa017a0268e3d96f006cdc99335c2c3a88b69cb50760fe173ca8c12274363bcbd8115acda56cf667fc1fdd36ef933c8c7478e9d538b8,gx-no-cache=1521553891784 HTTP/1.1" 200 29
186.103.157.235 - - [20/Mar/2018:10:52:22 -0300] "POST /cormun/servlet/solicitudot?gx-no-cache=1521553891839 HTTP/1.1" 200 1319
186.103.157.235 - - [20/Mar/2018:10:52:22 -0300] "POST /cormun/servlet/solicitudot?gx-no-cache=1521553891949 HTTP/1.1" 200 1215
186.103.157.235 - - [20/Mar/2018:10:52:32 -0300] "GET /cormun/static/menuarrow.gif HTTP/1.1" 404 1015
