186.103.157.42 - - [20/Mar/2018:11:13:05 -0300] "GET /cormun/servlet/trsolicitudot? HTTP/1.1" 200 6383
186.103.157.42 - - [20/Mar/2018:11:13:06 -0300] "GET /cormun/servlet/trsolicitudot? HTTP/1.1" 200 6383
186.103.157.42 - - [20/Mar/2018:11:13:06 -0300] "GET /cormun/servlet/hlogin HTTP/1.1" 200 1728
186.103.156.24 - - [20/Mar/2018:11:13:14 -0300] "GET /cormun/servlet/trsolicitudot? HTTP/1.1" 200 9459
186.103.156.24 - - [20/Mar/2018:11:13:14 -0300] "GET /cormun/servlet/trsolicitudot? HTTP/1.1" 200 9448
186.103.157.42 - - [20/Mar/2018:11:13:15 -0300] "POST /cormun/servlet/hlogin?e3b16c226da115a78fcf5e19f4c7ee28,gx-no-cache=1521555160797 HTTP/1.1" 200 90
186.103.157.42 - - [20/Mar/2018:11:13:15 -0300] "GET /cormun/servlet/hpexe_link HTTP/1.1" 200 947
186.103.157.42 - - [20/Mar/2018:11:13:16 -0300] "GET /cormun/servlet/trsolicitudot HTTP/1.1" 200 7290
186.103.157.42 - - [20/Mar/2018:11:13:17 -0300] "GET /cormun/servlet/trsolicitudot HTTP/1.1" 200 7288
186.103.157.42 - - [20/Mar/2018:11:13:20 -0300] "GET /cormun/servlet/trsolicitudot? HTTP/1.1" 200 7288
186.103.157.42 - - [20/Mar/2018:11:13:20 -0300] "GET /cormun/servlet/trsolicitudot? HTTP/1.1" 200 7288
186.103.157.98 - - [20/Mar/2018:11:13:32 -0300] "GET /cormun/servlet/solicitudotadjuntos?INS,2018,10656,,1, HTTP/1.1" 200 6294
186.103.157.98 - - [20/Mar/2018:11:13:33 -0300] "GET /cormun/static/about:blank HTTP/1.1" 404 1011
186.103.157.98 - - [20/Mar/2018:11:13:33 -0300] "GET /cormun/servlet/solicitudotadjuntos?INS,2018,10656,,1, HTTP/1.1" 200 6287
186.103.157.98 - - [20/Mar/2018:11:13:34 -0300] "GET /cormun/servlet/solicitudotadjuntos?6ce00057abdb60523db0a59fa0ff0c990d40b0ba34deb09cdd396379008ed84e8a84784735e2817d008038b1da5ee759,gx-no-cache=1521555163008 HTTP/1.1" 200 30
186.103.156.24 - - [20/Mar/2018:11:13:34 -0300] "POST /cormun/servlet/trsolicitudot?952dfd07dc7b57a759ee900de3d6c7b5,,gx-no-cache=1521555163017 HTTP/1.1" 200 6734
186.103.156.24 - - [20/Mar/2018:11:13:34 -0300] "GET /cormun/static/Shared/jqueryui/images/ui-bg_highlight-soft_100_c6c2c8_1x100.png HTTP/1.1" 404 1117
186.103.156.24 - - [20/Mar/2018:11:13:34 -0300] "GET /cormun/static/Shared/jqueryui/images/ui-bg_flat_55_fafafa_40x100.png HTTP/1.1" 404 1097
186.103.156.24 - - [20/Mar/2018:11:13:34 -0300] "GET /cormun/static/Shared/jqueryui/images/ui-icons_82798d_256x240.png HTTP/1.1" 404 1089
186.103.156.24 - - [20/Mar/2018:11:13:34 -0300] "GET /cormun/static/Shared/jqueryui/images/ui-icons_8d78a5_256x240.png HTTP/1.1" 404 1089
186.103.157.42 - - [20/Mar/2018:11:13:35 -0300] "POST /cormun/servlet/trsolicitudot?e3b16c226da115a78fcf5e19f4c7ee28,,gx-no-cache=1521555179430 HTTP/1.1" 200 5604
186.103.157.98 - - [20/Mar/2018:11:13:37 -0300] "POST /cormun/servlet/solicitudotadjuntos?7baf54dc899caf9fbf8da38aefa943fa,INS,2018,10656,,1,,gx-no-cache=1521555163139 HTTP/1.1" 200 4025
186.103.157.98 - - [20/Mar/2018:11:13:52 -0300] "POST /cormun/servlet/solicitudotadjuntos?gx-no-cache=1521555181548 HTTP/1.1" 200 26
186.103.157.42 - - [20/Mar/2018:11:13:58 -0300] "POST /cormun/servlet/trsolicitudot?e3b16c226da115a78fcf5e19f4c7ee28,,gx-no-cache=1521555202015 HTTP/1.1" 200 5581
186.67.172.234 - - [20/Mar/2018:11:14:15 -0300] "GET /cormun/servlet/trsolicitudot? HTTP/1.1" 200 7440
186.67.172.234 - - [20/Mar/2018:11:14:15 -0300] "GET /cormun/static/calendar-system.css?85620 HTTP/1.1" 200 5572
186.67.172.234 - - [20/Mar/2018:11:14:15 -0300] "GET /cormun/static/gxui/gxui-all.css?120300 HTTP/1.1" 200 2179
186.67.172.234 - - [20/Mar/2018:11:14:15 -0300] "GET /cormun/static/gxcfg.js?2017111422585916 HTTP/1.1" 200 953
186.67.172.234 - - [20/Mar/2018:11:14:15 -0300] "GET /cormun/static/Resources/Spanish/PXTools.css?1255365 HTTP/1.1" 200 89042
186.67.172.234 - - [20/Mar/2018:11:14:15 -0300] "GET /cormun/static/trsolicitudot.js?201711142259839 HTTP/1.1" 200 54041
186.67.172.234 - - [20/Mar/2018:11:14:15 -0300] "GET /cormun/static/Shared/ext/resources/css/ext-all.css?215870 HTTP/1.1" 200 416045
186.67.172.234 - - [20/Mar/2018:11:14:15 -0300] "GET /cormun/static/Resources/PXTools/calendar.png HTTP/1.1" 200 1306
186.67.172.234 - - [20/Mar/2018:11:14:15 -0300] "GET /cormun/static/Resources/PXToolsActionExcel.png HTTP/1.1" 200 3187
186.67.172.234 - - [20/Mar/2018:11:14:15 -0300] "GET /cormun/static/Resources/PXToolsGridNew.png HTTP/1.1" 200 2949
186.67.172.234 - - [20/Mar/2018:11:14:16 -0300] "GET /cormun/servlet/trsolicitudot? HTTP/1.1" 200 7439
186.103.157.98 - - [20/Mar/2018:11:14:18 -0300] "GET /cormun/servlet/solicitudotadjuntos?6ce00057abdb60523db0a59fa0ff0c998877e9230979cb1a72ae09490bc9e034,gx-no-cache=1521555207562 HTTP/1.1" 200 30
186.103.157.98 - - [20/Mar/2018:11:14:18 -0300] "GET /cormun/servlet/solicitudotadjuntos?6ce00057abdb60523db0a59fa0ff0c998877e9230979cb1a72ae09490bc9e034,gx-no-cache=1521555207672 HTTP/1.1" 200 30
186.67.172.234 - - [20/Mar/2018:11:14:19 -0300] "GET /cormun/servlet/solicitudot?INS,0,0, HTTP/1.1" 200 13665
186.67.172.234 - - [20/Mar/2018:11:14:19 -0300] "GET /cormun/static/solicitudot.js?201812313224831 HTTP/1.1" 200 72336
186.67.172.234 - - [20/Mar/2018:11:14:19 -0300] "GET /cormun/static/Resources/prompt.gif HTTP/1.1" 200 902
186.67.172.234 - - [20/Mar/2018:11:14:19 -0300] "GET /cormun/static/gxcfg.js?201812313224582 HTTP/1.1" 200 953
186.67.172.234 - - [20/Mar/2018:11:14:20 -0300] "GET /cormun/servlet/solicitudot?INS,0,0, HTTP/1.1" 200 13670
186.103.157.98 - - [20/Mar/2018:11:14:23 -0300] "POST /cormun/servlet/solicitudotadjuntos?7baf54dc899caf9fbf8da38aefa943fa,INS,2018,10656,,1,,gx-no-cache=1521555207858 HTTP/1.1" 200 93
186.103.157.98 - - [20/Mar/2018:11:14:24 -0300] "GET /cormun/servlet/hpexe_return? HTTP/1.1" 200 1027
186.103.157.98 - - [20/Mar/2018:11:14:24 -0300] "GET /cormun/servlet/trsolicitudadjuntos?2018,10656, HTTP/1.1" 200 9950
186.103.157.42 - - [20/Mar/2018:11:14:26 -0300] "GET /cormun/servlet/solicitudot?INS,0,0, HTTP/1.1" 200 13692
186.103.157.98 - - [20/Mar/2018:11:14:26 -0300] "GET /cormun/servlet/trsolicitudadjuntos?2018,10656, HTTP/1.1" 200 9948
186.103.157.42 - - [20/Mar/2018:11:14:26 -0300] "GET /cormun/static/solicitudot.js?201812313224831 HTTP/1.1" 304 -
186.103.157.42 - - [20/Mar/2018:11:14:26 -0300] "GET /cormun/static/gxcfg.js?201812313224582 HTTP/1.1" 304 -
186.103.157.42 - - [20/Mar/2018:11:14:27 -0300] "GET /cormun/servlet/solicitudot?INS,0,0, HTTP/1.1" 200 13697
186.103.157.42 - - [20/Mar/2018:11:14:32 -0300] "POST /cormun/servlet/solicitudot?gx-no-cache=1521555237736 HTTP/1.1" 200 3394
186.103.157.42 - - [20/Mar/2018:11:14:33 -0300] "POST /cormun/servlet/solicitudot?e3b16c226da115a78fcf5e19f4c7ee28,INS,0,0,,gx-no-cache=1521555238508 HTTP/1.1" 200 10567
186.103.157.42 - - [20/Mar/2018:11:14:34 -0300] "GET /cormun/servlet/solicitudot?bf68c84d06d76e87c2412b95ceb705858d48b9704d4a36e65c3e128d74546711e7dc621a78a7627b53364aa240a270b6,gx-no-cache=1521555239742 HTTP/1.1" 200 30
186.103.157.42 - - [20/Mar/2018:11:14:38 -0300] "GET /cormun/static/Resources/resize.gif HTTP/1.1" 200 77
186.103.157.42 - - [20/Mar/2018:11:14:38 -0300] "GET /cormun/servlet/prbanco?,MD,,gxPopupLevel%3D0%3B HTTP/1.1" 200 6704
186.103.157.42 - - [20/Mar/2018:11:14:38 -0300] "GET /cormun/static/Resources/PXToolsMenuSearchCancel.png HTTP/1.1" 200 2972
186.103.157.42 - - [20/Mar/2018:11:14:38 -0300] "GET /cormun/static/prbanco.js?2018116101633 HTTP/1.1" 200 10693
186.103.157.42 - - [20/Mar/2018:11:14:38 -0300] "GET /cormun/static/menusearch.js?201610171694467 HTTP/1.1" 200 1424
186.103.157.42 - - [20/Mar/2018:11:14:38 -0300] "GET /cormun/static/hmpwkw011.js?20177612121862 HTTP/1.1" 200 1968
186.103.157.42 - - [20/Mar/2018:11:14:38 -0300] "GET /cormun/static/Resources/PXToolsMenuSearch.png HTTP/1.1" 200 2914
186.103.157.42 - - [20/Mar/2018:11:14:39 -0300] "GET /cormun/static/gxcfg.js?20181161016094 HTTP/1.1" 200 953
186.103.157.42 - - [20/Mar/2018:11:14:47 -0300] "GET /cormun/servlet/solicitudot?bf68c84d06d76e87c2412b95ceb705858e54b0392bfc5376f9ce4015d1904ac705df0c7b4ccd0f922c157f7236924777,gx-no-cache=1521555252687 HTTP/1.1" 200 30
186.103.157.42 - - [20/Mar/2018:11:14:48 -0300] "GET /cormun/servlet/solicitudot?bf68c84d06d76e87c2412b95ceb705851d3decf77c7df5817161ca31f44da170,gx-no-cache=1521555253975 HTTP/1.1" 200 53
186.103.157.98 - - [20/Mar/2018:11:14:56 -0300] "POST /cormun/servlet/trsolicitudadjuntos?7baf54dc899caf9fbf8da38aefa943fa,2018,10656,,gx-no-cache=1521555232971 HTTP/1.1" 200 90
186.103.157.42 - - [20/Mar/2018:11:14:59 -0300] "POST /cormun/servlet/solicitudot?gx-no-cache=1521555264728 HTTP/1.1" 200 297
186.103.157.42 - - [20/Mar/2018:11:14:59 -0300] "GET /cormun/servlet/solicitudot?bf68c84d06d76e87c2412b95ceb705853f56389c991b68a77d6a0d86ad83cb9df5484ec8f1c3c902da0dc07e920e5b8470343cf23e975c712cd3bc4c029cd4ed65b95dff9df1ec41bf8b6aad3273d6361aab8100cfe8dbaf1b04262c0b37e9a33be6cc18a0959c419d7ba732a125c749b39424342041a7c9c0eb1c31448002df362382988bd3c084a1b68ec420bde7d9de7256dadb47e24e24fd099927313b1a39713c3d45cc535846888305bde1cc63dd412d65d16f5230024c1e3ec44727b25a1247f7ae7d5a9d6b57367fd9c9e21f0bb0d0152ea0e62c4295881ae03607f903d580bd969b0277f66add687bd499de785d6af942e08cf7b827e9b491a5919067ba811cbe6cf115723ae26917cf7dfb35453783d9446cdf4fd180bacfeac695bca740130aa5170745664b5f054c3c160fb747510a2b4d7fd4cb733a9e2da3fc6749f8a37197f5a68fb613c9302767a69d7aba60f1214f198a6209527b12a2370ca9f495b55d11df629b4d6ab8c2277bb4380d8ea48afd3006f4f30537ad0af18fca7718f9080948026bbb5bc01e0c36,gx-no-cache=1521555264978 HTTP/1.1" 200 30
186.103.156.24 - - [20/Mar/2018:11:15:01 -0300] "POST /cormun/servlet/trsolicitudot?952dfd07dc7b57a759ee900de3d6c7b5,,gx-no-cache=1521555248876 HTTP/1.1" 200 107
186.103.156.24 - - [20/Mar/2018:11:15:01 -0300] "GET /cormun/servlet/trsolicitudadjuntos?2018,10654, HTTP/1.1" 200 6334
186.103.156.24 - - [20/Mar/2018:11:15:01 -0300] "GET /cormun/servlet/trsolicitudadjuntos?2018,10654, HTTP/1.1" 200 6334
186.103.157.42 - - [20/Mar/2018:11:15:01 -0300] "POST /cormun/servlet/solicitudot?gx-no-cache=1521555266758 HTTP/1.1" 200 30
186.103.156.24 - - [20/Mar/2018:11:15:05 -0300] "GET /cormun/servlet/solicitudotadjuntos?INS,2018,10654,,1, HTTP/1.1" 200 6276
186.103.156.24 - - [20/Mar/2018:11:15:06 -0300] "GET /cormun/static/about:blank HTTP/1.1" 404 1011
186.103.156.24 - - [20/Mar/2018:11:15:06 -0300] "GET /cormun/servlet/solicitudotadjuntos?INS,2018,10654,,1, HTTP/1.1" 200 6269
186.103.156.24 - - [20/Mar/2018:11:15:07 -0300] "GET /cormun/servlet/solicitudotadjuntos?46dd5910e7d01a55cdc9292053f05b66575d6a9ba49cb2b3603000235b352fb65ff605544742004a71e40ef43d3030c9,gx-no-cache=1521555256269 HTTP/1.1" 200 30
186.103.157.42 - - [20/Mar/2018:11:15:08 -0300] "POST /cormun/servlet/solicitudot?gx-no-cache=1521555271172 HTTP/1.1" 200 1336
186.103.157.42 - - [20/Mar/2018:11:15:09 -0300] "POST /cormun/servlet/solicitudot?gx-no-cache=1521555273851 HTTP/1.1" 200 38
186.67.172.234 - - [20/Mar/2018:11:15:11 -0300] "POST /cormun/servlet/solicitudot?gx-no-cache=1521555259751 HTTP/1.1" 200 3403
186.67.172.234 - - [20/Mar/2018:11:15:12 -0300] "POST /cormun/servlet/solicitudot?820ccecd8ab15237bb91a03966601f07,INS,0,0,,gx-no-cache=1521555260544 HTTP/1.1" 200 10549
186.103.157.42 - - [20/Mar/2018:11:15:17 -0300] "GET /cormun/servlet/solicitudot?bf68c84d06d76e87c2412b95ceb70585ed66a17104475fc8c42ba32525ef8e3cf052466d18ef822d60687402829724de206e4ddea3c908c2e538e2eb4d07a175e56a512560f788b9fd053f28cd01a68fcdb40d2a6e22ba28c0c7014e9fed212d28cab80ffa12012cac1d8beaf1311b86,gx-no-cache=1521555283168 HTTP/1.1" 200 29
186.103.157.98 - - [20/Mar/2018:11:15:17 -0300] "GET /cormun/servlet/hpexe_link HTTP/1.1" 200 969
186.103.157.42 - - [20/Mar/2018:11:15:18 -0300] "POST /cormun/servlet/solicitudot?gx-no-cache=1521555283362 HTTP/1.1" 200 1317
186.103.157.42 - - [20/Mar/2018:11:15:19 -0300] "POST /cormun/servlet/solicitudot?gx-no-cache=1521555284036 HTTP/1.1" 200 1218
186.103.157.98 - - [20/Mar/2018:11:15:20 -0300] "GET /cormun/servlet/trsolicitudot HTTP/1.1" 200 8724
186.67.172.234 - - [20/Mar/2018:11:15:22 -0300] "GET /cormun/servlet/solicitudot?dc774a9c78ccea847de41ef21e6cd6eaee81af756c892001605fab7b25b5a506de68b1f4d564813afafce477bac5c7bc,gx-no-cache=1521555270976 HTTP/1.1" 200 30
186.67.172.234 - - [20/Mar/2018:11:15:22 -0300] "GET /cormun/servlet/solicitudot?dc774a9c78ccea847de41ef21e6cd6ea9b1cc30500077f6eaec730bc2c481dfbdcd5e8cc18f421fe9d22d3da07b4c5e25f344ace23aa6d362dbf1ce138c05815,gx-no-cache=1521555271070 HTTP/1.1" 200 30
186.67.172.234 - - [20/Mar/2018:11:15:22 -0300] "GET /cormun/servlet/solicitudot?dc774a9c78ccea847de41ef21e6cd6ea3af7e289a5b0d3ce708dbb9e112e4239,gx-no-cache=1521555271159 HTTP/1.1" 200 53
186.67.172.234 - - [20/Mar/2018:11:15:22 -0300] "POST /cormun/servlet/solicitudot?gx-no-cache=1521555271259 HTTP/1.1" 200 256
186.67.172.234 - - [20/Mar/2018:11:15:22 -0300] "GET /cormun/servlet/solicitudot?dc774a9c78ccea847de41ef21e6cd6ea88d49db7b294c9ff240b4d8234efe12150625ccecc3c64a07dc6750c99d7593ce287258631d7d7dac3337b0993ac64295854a8af06d92db44da54d15837d3f1f1c118683bb529e72450b530cdedf4baad275e963beee4ed9dfd26b99f37337d22a0a21b911be75b080c41232b318d2f10bc7d22f1cbf3b1386e274b01050399154e0b8dc261ea1dccab581d6f8a9d55a821397d272fa58b9314e7ddc0296654671d9436473487e41c1028113c20613d82bb793ff431eb57c69c55f5fdabcd3a2b49367e7cbebe322ab111a4a285b03500c8a01dc192d9fe19aed8fb7a944ef94df6fdd40518e3d83df9c87c38cfc1e6b417746f94c976ff83372d17fff37a45ec2b8f557c2fd22766b431fda51283fc2b08f107e1e61aa2625c1b4dec59a8c99707ca662488dce2fd2ca5710dac9a95b257869f52481470d962fc739ce38403db1bf04c4e5d0ef5fb6de5da024719b5009096a64d9eb7ac1a28ea271531f71d612ed8437570e47acb3e478373387db4a,gx-no-cache=1521555271346 HTTP/1.1" 200 30
186.103.157.42 - - [20/Mar/2018:11:15:31 -0300] "POST /cormun/servlet/solicitudot?gx-no-cache=1521555287549 HTTP/1.1" 200 1317
186.103.157.42 - - [20/Mar/2018:11:15:31 -0300] "POST /cormun/servlet/solicitudot?gx-no-cache=1521555296818 HTTP/1.1" 200 1218
186.103.157.42 - - [20/Mar/2018:11:15:31 -0300] "GET /cormun/servlet/solicitudot?bf68c84d06d76e87c2412b95ceb7058591f1997cee112f43da88a7adf59b1f75960a43943bb0354150b1ba386b79d2dd,gx-no-cache=1521555297550 HTTP/1.1" 200 30
186.103.156.24 - - [20/Mar/2018:11:15:31 -0300] "POST /cormun/servlet/solicitudotadjuntos?952dfd07dc7b57a759ee900de3d6c7b5,INS,2018,10654,,1,,gx-no-cache=1521555256940 HTTP/1.1" 500 10
186.103.156.24 - - [20/Mar/2018:11:15:32 -0300] "GET /cormun/servlet/solicitudotadjuntos?d45ec0f8c9ff26944106914c9fe007f410b0340d2aa5d2f3efb44888ca9ff1824cca4a28fa396d43277bb78de65a82aabef44fb3de7be3c5dccc0977bfb529862c4c4d548d8424fb16b5c0e68f190c96,gx-no-cache=1521555281506 HTTP/1.1" 200 123
186.103.156.24 - - [20/Mar/2018:11:15:32 -0300] "GET /cormun/static/Shared/jqueryui/images/ui-bg_highlight-soft_100_c6c2c8_1x100.png HTTP/1.1" 404 1117
186.103.156.24 - - [20/Mar/2018:11:15:32 -0300] "GET /cormun/servlet/solicitudotadjuntos?d45ec0f8c9ff26944106914c9fe007f410b0340d2aa5d2f3efb44888ca9ff1824cca4a28fa396d43277bb78de65a82aabef44fb3de7be3c5dccc0977bfb529862c4c4d548d8424fb16b5c0e68f190c96,gx-no-cache=1521555282042 HTTP/1.1" 200 123
186.103.156.24 - - [20/Mar/2018:11:15:32 -0300] "GET /cormun/static/Shared/jqueryui/images/ui-icons_82798d_256x240.png HTTP/1.1" 404 1089
186.103.156.24 - - [20/Mar/2018:11:15:32 -0300] "GET /cormun/static/Shared/jqueryui/images/ui-bg_flat_55_994d53_40x100.png HTTP/1.1" 404 1097
186.103.156.24 - - [20/Mar/2018:11:15:33 -0300] "GET /cormun/static/Shared/jqueryui/images/ui-icons_ebccce_256x240.png HTTP/1.1" 404 1089
186.103.157.42 - - [20/Mar/2018:11:15:38 -0300] "POST /cormun/servlet/solicitudot?gx-no-cache=1521555303660 HTTP/1.1" 200 30
186.67.172.234 - - [20/Mar/2018:11:15:45 -0300] "POST /cormun/servlet/solicitudot?gx-no-cache=1521555293458 HTTP/1.1" 200 30
186.103.157.42 - - [20/Mar/2018:11:15:45 -0300] "POST /cormun/servlet/solicitudot?e3b16c226da115a78fcf5e19f4c7ee28,INS,0,0,,gx-no-cache=1521555309109 HTTP/1.1" 200 93
186.103.157.42 - - [20/Mar/2018:11:15:45 -0300] "GET /cormun/servlet/hpexe_return? HTTP/1.1" 200 998
186.103.157.42 - - [20/Mar/2018:11:15:46 -0300] "GET /cormun/static/gxcfg.js?2016101716175148 HTTP/1.1" 304 -
186.103.157.42 - - [20/Mar/2018:11:15:47 -0300] "GET /cormun/servlet/trsolicitudot? HTTP/1.1" 200 8986
186.103.157.42 - - [20/Mar/2018:11:15:48 -0300] "GET /cormun/servlet/trsolicitudot? HTTP/1.1" 200 8982
186.103.156.24 - - [20/Mar/2018:11:15:49 -0300] "GET /cormun/servlet/hlogin HTTP/1.1" 200 1724
186.103.157.98 - - [20/Mar/2018:11:15:53 -0300] "GET /cormun/servlet/trsolicitudot HTTP/1.1" 200 8723
186.67.172.234 - - [20/Mar/2018:11:15:57 -0300] "POST /cormun/servlet/solicitudot?gx-no-cache=1521555305231 HTTP/1.1" 200 1336
186.67.172.234 - - [20/Mar/2018:11:15:57 -0300] "POST /cormun/servlet/solicitudot?gx-no-cache=1521555305718 HTTP/1.1" 200 38
186.103.157.42 - - [20/Mar/2018:11:15:58 -0300] "POST /cormun/servlet/trsolicitudot?e3b16c226da115a78fcf5e19f4c7ee28,,gx-no-cache=1521555322849 HTTP/1.1" 200 5940
186.103.157.42 - - [20/Mar/2018:11:15:59 -0300] "GET /cormun/static/Shared/jqueryui/images/ui-bg_flat_55_fafafa_40x100.png HTTP/1.1" 404 1097
186.103.157.42 - - [20/Mar/2018:11:15:59 -0300] "GET /cormun/static/Shared/jqueryui/images/ui-bg_highlight-soft_100_c6c2c8_1x100.png HTTP/1.1" 404 1117
186.103.157.42 - - [20/Mar/2018:11:15:59 -0300] "GET /cormun/static/Shared/jqueryui/images/ui-icons_8d78a5_256x240.png HTTP/1.1" 404 1089
186.103.157.42 - - [20/Mar/2018:11:15:59 -0300] "GET /cormun/static/Shared/jqueryui/images/ui-icons_82798d_256x240.png HTTP/1.1" 404 1089
186.103.156.24 - - [20/Mar/2018:11:16:00 -0300] "POST /cormun/servlet/hlogin?952dfd07dc7b57a759ee900de3d6c7b5,gx-no-cache=1521555310251 HTTP/1.1" 200 90
186.103.156.24 - - [20/Mar/2018:11:16:00 -0300] "GET /cormun/servlet/hpexe_link HTTP/1.1" 200 980
186.103.157.42 - - [20/Mar/2018:11:16:01 -0300] "POST /cormun/servlet/trsolicitudot?e3b16c226da115a78fcf5e19f4c7ee28,,gx-no-cache=1521555324825 HTTP/1.1" 200 5884
186.103.156.24 - - [20/Mar/2018:11:16:01 -0300] "GET /cormun/servlet/solicitudotadjuntos?INS,2018,10654,,1, HTTP/1.1" 200 6270
186.103.156.24 - - [20/Mar/2018:11:16:02 -0300] "GET /cormun/static/about:blank HTTP/1.1" 404 1011
186.103.156.24 - - [20/Mar/2018:11:16:02 -0300] "GET /cormun/servlet/solicitudotadjuntos?INS,2018,10654,,1, HTTP/1.1" 200 6269
186.103.156.24 - - [20/Mar/2018:11:16:02 -0300] "GET /cormun/servlet/solicitudotadjuntos?46dd5910e7d01a55cdc9292053f05b66575d6a9ba49cb2b3603000235b352fb65ff605544742004a71e40ef43d3030c9,gx-no-cache=1521555312085 HTTP/1.1" 200 30
186.103.156.24 - - [20/Mar/2018:11:16:05 -0300] "POST /cormun/servlet/solicitudotadjuntos?952dfd07dc7b57a759ee900de3d6c7b5,INS,2018,10654,,1,,gx-no-cache=1521555312407 HTTP/1.1" 200 4012
186.103.156.24 - - [20/Mar/2018:11:16:09 -0300] "POST /cormun/servlet/solicitudotadjuntos?gx-no-cache=1521555318369 HTTP/1.1" 200 26
186.103.156.24 - - [20/Mar/2018:11:16:14 -0300] "GET /cormun/servlet/solicitudotadjuntos?46dd5910e7d01a55cdc9292053f05b667d07164adcd0ee05ac8932362df12d7c,gx-no-cache=1521555324385 HTTP/1.1" 200 30
186.103.156.24 - - [20/Mar/2018:11:16:14 -0300] "GET /cormun/servlet/solicitudotadjuntos?46dd5910e7d01a55cdc9292053f05b667d07164adcd0ee05ac8932362df12d7c,gx-no-cache=1521555324443 HTTP/1.1" 200 30
186.103.157.42 - - [20/Mar/2018:11:16:20 -0300] "POST /cormun/servlet/trsolicitudot?e3b16c226da115a78fcf5e19f4c7ee28,,gx-no-cache=1521555340151 HTTP/1.1" 200 5883
186.103.157.42 - - [20/Mar/2018:11:16:24 -0300] "GET /cormun/servlet/trautorizarsolicitud? HTTP/1.1" 200 9126
186.103.157.42 - - [20/Mar/2018:11:16:24 -0300] "GET /cormun/static/gxcfg.js?2017111423403364 HTTP/1.1" 304 -
186.103.157.42 - - [20/Mar/2018:11:16:24 -0300] "GET /cormun/static/trautorizarsolicitud.js?201711142340425 HTTP/1.1" 304 -
186.103.157.42 - - [20/Mar/2018:11:16:26 -0300] "POST /cormun/servlet/trsolicitudot?e3b16c226da115a78fcf5e19f4c7ee28,,gx-no-cache=1521555350170 HTTP/1.1" 200 5883
186.103.157.42 - - [20/Mar/2018:11:16:30 -0300] "GET /cormun/servlet/trautorizarsolicitud? HTTP/1.1" 200 9125
186.103.157.42 - - [20/Mar/2018:11:16:34 -0300] "POST /cormun/servlet/trautorizarsolicitud?e3b16c226da115a78fcf5e19f4c7ee28,,gx-no-cache=1521555359520 HTTP/1.1" 200 5789
186.103.157.42 - - [20/Mar/2018:11:16:35 -0300] "POST /cormun/servlet/trautorizarsolicitud?e3b16c226da115a78fcf5e19f4c7ee28,,gx-no-cache=1521555360893 HTTP/1.1" 200 5733
186.103.156.24 - - [20/Mar/2018:11:16:50 -0300] "POST /cormun/servlet/solicitudotadjuntos?952dfd07dc7b57a759ee900de3d6c7b5,INS,2018,10654,,1, HTTP/1.1" 200 116
186.103.156.24 - - [20/Mar/2018:11:16:50 -0300] "GET /cormun/servlet/hpexe_return? HTTP/1.1" 200 1027
186.103.156.24 - - [20/Mar/2018:11:16:50 -0300] "GET /cormun/servlet/trsolicitudadjuntos?2018,10654, HTTP/1.1" 200 8775
186.103.157.98 - - [20/Mar/2018:11:16:50 -0300] "POST /cormun/servlet/trsolicitudot?7baf54dc899caf9fbf8da38aefa943fa,gx-no-cache=1521555338447 HTTP/1.1" 200 4413
186.103.156.24 - - [20/Mar/2018:11:16:50 -0300] "GET /cormun/servlet/trsolicitudadjuntos?2018,10654, HTTP/1.1" 200 8774
186.103.157.98 - - [20/Mar/2018:11:16:53 -0300] "GET /cormun/static/Shared/jqueryui/images/ui-bg_highlight-soft_100_c6c2c8_1x100.png HTTP/1.1" 404 1117
186.103.157.98 - - [20/Mar/2018:11:16:53 -0300] "GET /cormun/static/Shared/jqueryui/images/ui-bg_flat_55_fafafa_40x100.png HTTP/1.1" 404 1097
186.103.157.98 - - [20/Mar/2018:11:16:53 -0300] "GET /cormun/static/Shared/jqueryui/images/ui-icons_82798d_256x240.png HTTP/1.1" 404 1089
186.103.157.98 - - [20/Mar/2018:11:16:53 -0300] "GET /cormun/static/Shared/jqueryui/images/ui-icons_8d78a5_256x240.png HTTP/1.1" 404 1089
186.103.157.98 - - [20/Mar/2018:11:16:59 -0300] "POST /cormun/servlet/trsolicitudot?7baf54dc899caf9fbf8da38aefa943fa,gx-no-cache=1521555361924 HTTP/1.1" 200 4189
186.103.157.98 - - [20/Mar/2018:11:17:09 -0300] "GET /cormun/servlet/trautorizarsolicitud? HTTP/1.1" 200 8742
186.103.156.24 - - [20/Mar/2018:11:17:10 -0300] "GET /cormun/servlet/solicitudotadjuntos?INS,2018,10654,,1, HTTP/1.1" 200 6275
186.103.156.24 - - [20/Mar/2018:11:17:11 -0300] "GET /cormun/static/about:blank HTTP/1.1" 404 1011
186.103.156.24 - - [20/Mar/2018:11:17:11 -0300] "GET /cormun/servlet/solicitudotadjuntos?INS,2018,10654,,1, HTTP/1.1" 200 6268
186.103.156.24 - - [20/Mar/2018:11:17:11 -0300] "GET /cormun/servlet/solicitudotadjuntos?46dd5910e7d01a55cdc9292053f05b66575d6a9ba49cb2b3603000235b352fb65ff605544742004a71e40ef43d3030c9,gx-no-cache=1521555381334 HTTP/1.1" 200 30
186.103.156.24 - - [20/Mar/2018:11:17:15 -0300] "POST /cormun/servlet/solicitudotadjuntos?952dfd07dc7b57a759ee900de3d6c7b5,INS,2018,10654,,1,,gx-no-cache=1521555381385 HTTP/1.1" 200 4021
186.103.157.98 - - [20/Mar/2018:11:17:18 -0300] "GET /cormun/servlet/trautorizarsolicitud? HTTP/1.1" 200 8741
186.103.156.24 - - [20/Mar/2018:11:17:19 -0300] "POST /cormun/servlet/solicitudotadjuntos?gx-no-cache=1521555388305 HTTP/1.1" 200 26
186.103.156.24 - - [20/Mar/2018:11:17:28 -0300] "GET /cormun/servlet/solicitudotadjuntos?46dd5910e7d01a55cdc9292053f05b667d07164adcd0ee05ac8932362df12d7c,gx-no-cache=1521555397970 HTTP/1.1" 200 30
186.103.156.24 - - [20/Mar/2018:11:17:29 -0300] "GET /cormun/servlet/solicitudotadjuntos?46dd5910e7d01a55cdc9292053f05b667d07164adcd0ee05ac8932362df12d7c,gx-no-cache=1521555398077 HTTP/1.1" 200 30
186.103.156.24 - - [20/Mar/2018:11:17:52 -0300] "POST /cormun/servlet/solicitudotadjuntos?952dfd07dc7b57a759ee900de3d6c7b5,INS,2018,10654,,1, HTTP/1.1" 200 116
186.103.156.24 - - [20/Mar/2018:11:17:52 -0300] "GET /cormun/servlet/hpexe_return? HTTP/1.1" 200 1027
186.103.156.24 - - [20/Mar/2018:11:17:53 -0300] "GET /cormun/servlet/trsolicitudadjuntos?2018,10654, HTTP/1.1" 200 8994
186.103.156.24 - - [20/Mar/2018:11:17:53 -0300] "GET /cormun/servlet/trsolicitudadjuntos?2018,10654, HTTP/1.1" 200 8993
186.103.156.24 - - [20/Mar/2018:11:18:07 -0300] "GET /cormun/servlet/solicitudotadjuntos?INS,2018,10654,,1, HTTP/1.1" 200 6276
186.103.156.24 - - [20/Mar/2018:11:18:07 -0300] "GET /cormun/servlet/solicitudotadjuntos?INS,2018,10654,,1, HTTP/1.1" 200 6269
186.103.156.24 - - [20/Mar/2018:11:18:08 -0300] "GET /cormun/static/about:blank HTTP/1.1" 404 1011
186.103.156.24 - - [20/Mar/2018:11:18:08 -0300] "GET /cormun/servlet/solicitudotadjuntos?46dd5910e7d01a55cdc9292053f05b66575d6a9ba49cb2b3603000235b352fb65ff605544742004a71e40ef43d3030c9,gx-no-cache=1521555437751 HTTP/1.1" 200 30
186.103.156.24 - - [20/Mar/2018:11:18:08 -0300] "POST /cormun/servlet/solicitudotadjuntos?952dfd07dc7b57a759ee900de3d6c7b5,INS,2018,10654,,1,,gx-no-cache=1521555437846 HTTP/1.1" 200 4023
186.103.157.98 - - [20/Mar/2018:11:18:10 -0300] "POST /cormun/servlet/trautorizarsolicitud?7baf54dc899caf9fbf8da38aefa943fa,,gx-no-cache=1521555435364 HTTP/1.1" 200 4615
186.103.157.98 - - [20/Mar/2018:11:18:10 -0300] "GET /cormun/static/Shared/jqueryui/images/ui-bg_highlight-soft_100_c6c2c8_1x100.png HTTP/1.1" 404 1117
186.103.157.98 - - [20/Mar/2018:11:18:10 -0300] "GET /cormun/static/Shared/jqueryui/images/ui-icons_82798d_256x240.png HTTP/1.1" 404 1089
186.103.157.98 - - [20/Mar/2018:11:18:10 -0300] "GET /cormun/static/Shared/jqueryui/images/ui-bg_flat_55_fafafa_40x100.png HTTP/1.1" 404 1097
186.103.157.98 - - [20/Mar/2018:11:18:10 -0300] "GET /cormun/static/Shared/jqueryui/images/ui-icons_8d78a5_256x240.png HTTP/1.1" 404 1089
186.103.157.98 - - [20/Mar/2018:11:18:10 -0300] "POST /cormun/servlet/trautorizarsolicitud?7baf54dc899caf9fbf8da38aefa943fa,,gx-no-cache=1521555439051 HTTP/1.1" 200 4391
186.103.156.24 - - [20/Mar/2018:11:18:11 -0300] "POST /cormun/servlet/solicitudotadjuntos?gx-no-cache=1521555441041 HTTP/1.1" 200 26
186.103.156.24 - - [20/Mar/2018:11:18:18 -0300] "GET /cormun/servlet/solicitudotadjuntos?46dd5910e7d01a55cdc9292053f05b667d07164adcd0ee05ac8932362df12d7c,gx-no-cache=1521555447777 HTTP/1.1" 200 30
186.103.156.24 - - [20/Mar/2018:11:18:18 -0300] "GET /cormun/servlet/solicitudotadjuntos?46dd5910e7d01a55cdc9292053f05b667d07164adcd0ee05ac8932362df12d7c,gx-no-cache=1521555447873 HTTP/1.1" 200 30
186.103.156.24 - - [20/Mar/2018:11:18:27 -0300] "POST /cormun/servlet/solicitudotadjuntos?952dfd07dc7b57a759ee900de3d6c7b5,INS,2018,10654,,1, HTTP/1.1" 200 116
186.103.156.24 - - [20/Mar/2018:11:18:28 -0300] "GET /cormun/servlet/hpexe_return? HTTP/1.1" 200 1027
186.103.156.24 - - [20/Mar/2018:11:18:28 -0300] "GET /cormun/servlet/trsolicitudadjuntos?2018,10654, HTTP/1.1" 200 9155
186.103.156.24 - - [20/Mar/2018:11:18:29 -0300] "GET /cormun/servlet/trsolicitudadjuntos?2018,10654, HTTP/1.1" 200 9153
186.103.156.24 - - [20/Mar/2018:11:18:35 -0300] "GET /cormun/servlet/solicitudotadjuntos?INS,2018,10654,,1, HTTP/1.1" 200 6276
186.103.156.24 - - [20/Mar/2018:11:18:36 -0300] "GET /cormun/static/about:blank HTTP/1.1" 404 1011
186.103.156.24 - - [20/Mar/2018:11:18:36 -0300] "GET /cormun/servlet/solicitudotadjuntos?INS,2018,10654,,1, HTTP/1.1" 200 6269
186.103.156.24 - - [20/Mar/2018:11:18:36 -0300] "GET /cormun/servlet/solicitudotadjuntos?46dd5910e7d01a55cdc9292053f05b66575d6a9ba49cb2b3603000235b352fb65ff605544742004a71e40ef43d3030c9,gx-no-cache=1521555466129 HTTP/1.1" 200 30
186.103.156.24 - - [20/Mar/2018:11:18:37 -0300] "POST /cormun/servlet/solicitudotadjuntos?952dfd07dc7b57a759ee900de3d6c7b5,INS,2018,10654,,1,,gx-no-cache=1521555466209 HTTP/1.1" 200 4023
186.103.156.24 - - [20/Mar/2018:11:18:42 -0300] "POST /cormun/servlet/solicitudotadjuntos?gx-no-cache=1521555471313 HTTP/1.1" 200 26
186.103.156.24 - - [20/Mar/2018:11:18:50 -0300] "GET /cormun/servlet/solicitudotadjuntos?46dd5910e7d01a55cdc9292053f05b667d07164adcd0ee05ac8932362df12d7c,gx-no-cache=1521555479385 HTTP/1.1" 200 30
186.103.156.24 - - [20/Mar/2018:11:18:50 -0300] "GET /cormun/servlet/solicitudotadjuntos?46dd5910e7d01a55cdc9292053f05b667d07164adcd0ee05ac8932362df12d7c,gx-no-cache=1521555479847 HTTP/1.1" 200 30
186.103.156.24 - - [20/Mar/2018:11:19:06 -0300] "POST /cormun/servlet/solicitudotadjuntos?952dfd07dc7b57a759ee900de3d6c7b5,INS,2018,10654,,1, HTTP/1.1" 200 116
186.103.156.24 - - [20/Mar/2018:11:19:06 -0300] "GET /cormun/servlet/hpexe_return? HTTP/1.1" 200 1027
186.103.156.24 - - [20/Mar/2018:11:19:06 -0300] "GET /cormun/servlet/trsolicitudadjuntos?2018,10654, HTTP/1.1" 200 9396
200.72.197.82 - - [20/Mar/2018:11:19:07 -0300] "GET /cormun/servlet/hlogin HTTP/1.1" 200 1725
186.103.156.24 - - [20/Mar/2018:11:19:07 -0300] "GET /cormun/servlet/trsolicitudadjuntos?2018,10654, HTTP/1.1" 200 9395
200.72.197.82 - - [20/Mar/2018:11:19:08 -0300] "GET /cormun/servlet/hlogin HTTP/1.1" 200 1730
186.103.156.24 - - [20/Mar/2018:11:19:11 -0300] "GET /cormun/servlet/solicitudotadjuntos?INS,2018,10654,,1, HTTP/1.1" 200 6276
186.103.156.24 - - [20/Mar/2018:11:19:11 -0300] "GET /cormun/static/about:blank HTTP/1.1" 404 1011
186.103.156.24 - - [20/Mar/2018:11:19:12 -0300] "GET /cormun/servlet/solicitudotadjuntos?INS,2018,10654,,1, HTTP/1.1" 200 6269
186.103.156.24 - - [20/Mar/2018:11:19:12 -0300] "GET /cormun/servlet/solicitudotadjuntos?46dd5910e7d01a55cdc9292053f05b66575d6a9ba49cb2b3603000235b352fb65ff605544742004a71e40ef43d3030c9,gx-no-cache=1521555502020 HTTP/1.1" 200 30
186.103.156.24 - - [20/Mar/2018:11:19:12 -0300] "POST /cormun/servlet/solicitudotadjuntos?952dfd07dc7b57a759ee900de3d6c7b5,INS,2018,10654,,1,,gx-no-cache=1521555502120 HTTP/1.1" 200 4023
186.103.156.24 - - [20/Mar/2018:11:19:16 -0300] "POST /cormun/servlet/solicitudotadjuntos?gx-no-cache=1521555505561 HTTP/1.1" 200 26
186.103.156.24 - - [20/Mar/2018:11:19:23 -0300] "GET /cormun/servlet/solicitudotadjuntos?46dd5910e7d01a55cdc9292053f05b667d07164adcd0ee05ac8932362df12d7c,gx-no-cache=1521555512218 HTTP/1.1" 200 30
186.103.156.24 - - [20/Mar/2018:11:19:23 -0300] "GET /cormun/servlet/solicitudotadjuntos?46dd5910e7d01a55cdc9292053f05b667d07164adcd0ee05ac8932362df12d7c,gx-no-cache=1521555512684 HTTP/1.1" 200 30
200.111.122.170 - - [20/Mar/2018:11:19:36 -0300] "POST /cormun/servlet/hlogin?8d8b6d79b923792ba03d3aefb9d5a7bd,gx-no-cache=1521555525825 HTTP/1.1" 200 90
200.111.122.170 - - [20/Mar/2018:11:19:36 -0300] "GET /cormun/servlet/hpexe_link HTTP/1.1" 200 949
200.111.122.170 - - [20/Mar/2018:11:19:37 -0300] "GET /cormun/servlet/hhome HTTP/1.1" 200 4190
200.111.122.170 - - [20/Mar/2018:11:19:38 -0300] "GET /cormun/servlet/hhome HTTP/1.1" 200 4187
186.103.156.24 - - [20/Mar/2018:11:19:38 -0300] "POST /cormun/servlet/solicitudotadjuntos?952dfd07dc7b57a759ee900de3d6c7b5,INS,2018,10654,,1, HTTP/1.1" 200 116
186.103.156.24 - - [20/Mar/2018:11:19:39 -0300] "GET /cormun/servlet/hpexe_return? HTTP/1.1" 200 1027
186.103.156.24 - - [20/Mar/2018:11:19:39 -0300] "GET /cormun/servlet/trsolicitudadjuntos?2018,10654, HTTP/1.1" 200 9601
186.103.156.24 - - [20/Mar/2018:11:19:40 -0300] "GET /cormun/servlet/trsolicitudadjuntos?2018,10654, HTTP/1.1" 200 9600
200.111.122.170 - - [20/Mar/2018:11:19:42 -0300] "GET /cormun/servlet/trsolicitudot? HTTP/1.1" 200 7410
200.111.122.170 - - [20/Mar/2018:11:19:43 -0300] "GET /cormun/servlet/trsolicitudot? HTTP/1.1" 200 7409
186.103.156.24 - - [20/Mar/2018:11:19:44 -0300] "GET /cormun/servlet/solicitudotadjuntos?INS,2018,10654,,1, HTTP/1.1" 200 6276
186.103.156.24 - - [20/Mar/2018:11:19:44 -0300] "GET /cormun/static/about:blank HTTP/1.1" 404 1011
186.103.156.24 - - [20/Mar/2018:11:19:44 -0300] "GET /cormun/servlet/solicitudotadjuntos?INS,2018,10654,,1, HTTP/1.1" 200 6269
186.103.156.24 - - [20/Mar/2018:11:19:45 -0300] "GET /cormun/servlet/solicitudotadjuntos?46dd5910e7d01a55cdc9292053f05b66575d6a9ba49cb2b3603000235b352fb65ff605544742004a71e40ef43d3030c9,gx-no-cache=1521555534529 HTTP/1.1" 200 30
186.103.156.24 - - [20/Mar/2018:11:19:45 -0300] "POST /cormun/servlet/solicitudotadjuntos?952dfd07dc7b57a759ee900de3d6c7b5,INS,2018,10654,,1,,gx-no-cache=1521555534596 HTTP/1.1" 200 4023
200.111.122.170 - - [20/Mar/2018:11:19:45 -0300] "GET /cormun/servlet/solicitudot?INS,0,0, HTTP/1.1" 200 13636
186.103.132.155 - - [20/Mar/2018:11:19:46 -0300] "GET /cormun/static/solicitudot.js?201812313224831 HTTP/1.1" 304 -
186.103.132.155 - - [20/Mar/2018:11:19:46 -0300] "GET /cormun/servlet/solicitudot?INS,0,0, HTTP/1.1" 200 13641
186.103.156.24 - - [20/Mar/2018:11:19:48 -0300] "POST /cormun/servlet/solicitudotadjuntos?gx-no-cache=1521555538313 HTTP/1.1" 200 26
186.103.156.24 - - [20/Mar/2018:11:19:56 -0300] "GET /cormun/servlet/solicitudotadjuntos?46dd5910e7d01a55cdc9292053f05b667d07164adcd0ee05ac8932362df12d7c,gx-no-cache=1521555545730 HTTP/1.1" 200 30
186.103.156.24 - - [20/Mar/2018:11:19:57 -0300] "GET /cormun/servlet/solicitudotadjuntos?46dd5910e7d01a55cdc9292053f05b667d07164adcd0ee05ac8932362df12d7c,gx-no-cache=1521555546687 HTTP/1.1" 200 30
186.103.156.24 - - [20/Mar/2018:11:20:13 -0300] "POST /cormun/servlet/solicitudotadjuntos?952dfd07dc7b57a759ee900de3d6c7b5,INS,2018,10654,,1, HTTP/1.1" 200 116
186.103.156.24 - - [20/Mar/2018:11:20:13 -0300] "GET /cormun/servlet/hpexe_return? HTTP/1.1" 200 1027
186.103.156.24 - - [20/Mar/2018:11:20:14 -0300] "GET /cormun/servlet/trsolicitudadjuntos?2018,10654, HTTP/1.1" 200 9870
186.103.156.24 - - [20/Mar/2018:11:20:14 -0300] "GET /cormun/servlet/trsolicitudadjuntos?2018,10654, HTTP/1.1" 200 9868
186.103.156.24 - - [20/Mar/2018:11:20:21 -0300] "GET /cormun/servlet/trsolicitudot? HTTP/1.1" 200 9455
186.103.156.24 - - [20/Mar/2018:11:20:22 -0300] "GET /cormun/servlet/trsolicitudot? HTTP/1.1" 200 9448
186.103.156.24 - - [20/Mar/2018:11:20:31 -0300] "POST /cormun/servlet/trsolicitudot?952dfd07dc7b57a759ee900de3d6c7b5,,gx-no-cache=1521555579071 HTTP/1.1" 200 5869
186.103.156.24 - - [20/Mar/2018:11:20:31 -0300] "GET /cormun/static/Shared/jqueryui/images/ui-bg_highlight-soft_100_c6c2c8_1x100.png HTTP/1.1" 404 1117
186.103.156.24 - - [20/Mar/2018:11:20:31 -0300] "GET /cormun/static/Shared/jqueryui/images/ui-icons_82798d_256x240.png HTTP/1.1" 404 1089
186.103.156.24 - - [20/Mar/2018:11:20:31 -0300] "GET /cormun/static/Shared/jqueryui/images/ui-bg_flat_55_fafafa_40x100.png HTTP/1.1" 404 1097
186.103.156.24 - - [20/Mar/2018:11:20:31 -0300] "GET /cormun/static/Shared/jqueryui/images/ui-icons_8d78a5_256x240.png HTTP/1.1" 404 1089
186.103.156.24 - - [20/Mar/2018:11:20:34 -0300] "POST /cormun/servlet/trsolicitudot?952dfd07dc7b57a759ee900de3d6c7b5,,gx-no-cache=1521555581378 HTTP/1.1" 200 5813
186.103.156.24 - - [20/Mar/2018:11:20:47 -0300] "POST /cormun/servlet/trsolicitudot?952dfd07dc7b57a759ee900de3d6c7b5,,gx-no-cache=1521555595666 HTTP/1.1" 200 4697
186.103.156.24 - - [20/Mar/2018:11:20:50 -0300] "POST /cormun/servlet/trsolicitudot?952dfd07dc7b57a759ee900de3d6c7b5,,gx-no-cache=1521555597427 HTTP/1.1" 200 4469
186.103.156.24 - - [20/Mar/2018:11:20:58 -0300] "GET /cormun/servlet/trautorizarsolicitud? HTTP/1.1" 200 9343
186.103.156.24 - - [20/Mar/2018:11:20:59 -0300] "GET /cormun/servlet/trautorizarsolicitud? HTTP/1.1" 200 9343
186.103.156.166 - - [20/Mar/2018:11:21:01 -0300] "GET /cormun/static/Shared/jqueryui/images/ui-bg_highlight-soft_100_eae6ea_1x100.png HTTP/1.1" 404 1117
186.103.156.166 - - [20/Mar/2018:11:21:02 -0300] "GET /cormun/servlet/hlogin HTTP/1.1" 200 1735
186.103.156.166 - - [20/Mar/2018:11:21:02 -0300] "GET /cormun/servlet/hlogin HTTP/1.1" 200 1737
186.103.156.24 - - [20/Mar/2018:11:21:13 -0300] "GET /cormun/servlet/treventos?2018,10654, HTTP/1.1" 200 7992
186.103.156.24 - - [20/Mar/2018:11:21:13 -0300] "GET /cormun/static/gxcfg.js?2016101716195975 HTTP/1.1" 200 953
186.103.156.24 - - [20/Mar/2018:11:21:13 -0300] "GET /cormun/static/treventos.js?201610171620222 HTTP/1.1" 200 16064
186.103.156.24 - - [20/Mar/2018:11:21:13 -0300] "GET /cormun/servlet/treventos?2018,10654, HTTP/1.1" 200 7992
186.103.156.24 - - [20/Mar/2018:11:21:18 -0300] "GET /cormun/servlet/trautorizarsolicitud? HTTP/1.1" 200 9343
186.103.156.24 - - [20/Mar/2018:11:21:19 -0300] "GET /cormun/servlet/trautorizarsolicitud? HTTP/1.1" 200 9343
186.103.156.24 - - [20/Mar/2018:11:21:27 -0300] "GET /cormun/servlet/treventos?2018,10143, HTTP/1.1" 200 10331
186.103.156.24 - - [20/Mar/2018:11:21:28 -0300] "GET /cormun/servlet/treventos?2018,10143, HTTP/1.1" 200 10337
186.103.156.24 - - [20/Mar/2018:11:21:50 -0300] "GET /cormun/servlet/trvisualizadoreventos? HTTP/1.1" 200 7000
186.103.156.24 - - [20/Mar/2018:11:21:50 -0300] "GET /cormun/static/gxcfg.js?20175251251426 HTTP/1.1" 200 953
186.103.156.24 - - [20/Mar/2018:11:21:50 -0300] "GET /cormun/static/trvisualizadoreventos.js?20175251251768 HTTP/1.1" 200 19318
186.103.156.24 - - [20/Mar/2018:11:21:50 -0300] "GET /cormun/static/Resources/PXToolsActionPrint.png HTTP/1.1" 200 3317
186.103.156.24 - - [20/Mar/2018:11:21:51 -0300] "GET /cormun/servlet/trvisualizadoreventos? HTTP/1.1" 200 6989
213.202.230.144 - - [20/Mar/2018:11:21:53 -0300] "/*àCookie: mstshash=Administr " 400 -
186.103.157.98 - - [20/Mar/2018:11:21:55 -0300] "GET /cormun/static/Shared/jqueryui/images/ui-icons_82798d_256x240.png HTTP/1.1" 404 1089
186.103.156.24 - - [20/Mar/2018:11:21:59 -0300] "GET /cormun/servlet/trsolicitudot? HTTP/1.1" 200 7453
200.73.230.197 - - [20/Mar/2018:11:22:00 -0300] "GET /cormun/servlet/hlogin HTTP/1.1" 200 1715
200.73.230.197 - - [20/Mar/2018:11:22:00 -0300] "GET /cormun/servlet/hlogin HTTP/1.1" 200 1725
190.151.100.218 - - [20/Mar/2018:11:22:04 -0300] "POST /cormun/servlet/solicitudot?gx-no-cache=1521555669995 HTTP/1.1" 200 3284
190.151.100.218 - - [20/Mar/2018:11:22:05 -0300] "POST /cormun/servlet/solicitudot?8d8b6d79b923792ba03d3aefb9d5a7bd,INS,0,0,,gx-no-cache=1521555673599 HTTP/1.1" 200 10442
190.151.100.218 - - [20/Mar/2018:11:22:17 -0300] "GET /cormun/servlet/solicitudot?d7578070f79080646735f0c230275740ef680cab52b8ee52a7ac28b9a1268b6ab6f3dcb71a0e729796bcb6ebf2bbce51,gx-no-cache=1521555686707 HTTP/1.1" 200 30
186.103.156.24 - - [20/Mar/2018:11:22:25 -0300] "GET /cormun/servlet/trvisualizadoreventos? HTTP/1.1" 200 7010
186.103.156.24 - - [20/Mar/2018:11:22:26 -0300] "GET /cormun/servlet/trvisualizadoreventos? HTTP/1.1" 200 7000
186.103.156.24 - - [20/Mar/2018:11:22:29 -0300] "GET /cormun/servlet/trlicencias? HTTP/1.1" 200 10393
186.103.156.24 - - [20/Mar/2018:11:22:30 -0300] "GET /cormun/servlet/trlicencias? HTTP/1.1" 200 10392
186.103.156.24 - - [20/Mar/2018:11:22:45 -0300] "GET /cormun/servlet/alicenciaprn?11671556,L,20180319000000,PU HTTP/1.1" 200 1547
186.103.156.24 - - [20/Mar/2018:11:22:52 -0300] "GET /cormun/servlet/licenciaspermisos?UPD,11671556,L,20180319000000, HTTP/1.1" 200 7971
186.103.156.24 - - [20/Mar/2018:11:22:52 -0300] "GET /cormun/servlet/licenciaspermisos?UPD,11671556,L,20180319000000, HTTP/1.1" 200 7990
186.103.156.24 - - [20/Mar/2018:11:22:53 -0300] "GET /cormun/servlet/licenciaspermisos?c144b4f7e5dd883822aa9d17107b3a947344b52548f94c0f9d12fa4aeff61181f4b59ea96a1e5d7706afdf451bcf0856109fa982b9163d4dd990f97c24fdc04b4bb318f2d6385dc72568059649f0f8cae03900c9af7dc4ac0ec9d0b6a7665a17,gx-no-cache=1521555722937 HTTP/1.1" 200 94
186.103.156.24 - - [20/Mar/2018:11:22:57 -0300] "GET /cormun/servlet/licenciaspermisos?c144b4f7e5dd883822aa9d17107b3a94a0a4427ff37569c6b739a18e53742b041dd09e0ba16cb5184297673d5b954fc61087e6c1bac6fc32be59223acccb0cd1a2e9e1dbac37aef4c5f2324d928b67a7aa6c46e6df13d0aac99184cc8f0354e11abe27bb41c1e5604290376aee99e3047fb4b6ca5168b918a3774f1489e94c3b5e4ca64a591ffb81786f4db921a2394d47c31498fe93c4a81abc6cadc8eb40156c00c551bbdded5df203f428bc69d23e4039bae17a30cd0a132ca2f4c896f53e166dab653aac413727eaf2da567be68f8a14a58579900b1670f163308b4696a0,gx-no-cache=1521555727105 HTTP/1.1" 200 30
186.103.156.24 - - [20/Mar/2018:11:23:01 -0300] "POST /cormun/servlet/licenciaspermisos?952dfd07dc7b57a759ee900de3d6c7b5,UPD,11671556,L,20180319000000,,gx-no-cache=1521555727458 HTTP/1.1" 200 4962
186.103.156.24 - - [20/Mar/2018:11:23:22 -0300] "GET /cormun/servlet/licenciaspermisos?c144b4f7e5dd883822aa9d17107b3a949de75a5d431a3b2372da5049ef2cab197f3375706ac30beeb9de56d2c6ea505f7cc859dde598f8b5c2d97fbf93b2fbed1ed1caea5bc2a3a8bc5df1948a2e4df887123227aa878491a28c7debb50e487ae697e4027e61b0b27b3067aae3987a3a84258fd91ec4a345238165c928e8a8efd4f87e30cd7173bb69a6b6114cbb0ad4719c17c07850dfaa795dda6a9f400cf276ab84d275d48552ccc2101e2ce688720297193ed84a3f928d20342e57a96e46219fd7eee47a1116c4b3dab77f2138f8268bc38986ec0f1ccdfde18755c74a6c687d8d9c36d96ecb42c7ad78f862dabb,gx-no-cache=1521555747968 HTTP/1.1" 200 29
186.103.156.24 - - [20/Mar/2018:11:23:23 -0300] "POST /cormun/servlet/licenciaspermisos?952dfd07dc7b57a759ee900de3d6c7b5,UPD,11671556,L,20180319000000,,gx-no-cache=1521555751817 HTTP/1.1" 200 93
186.103.156.24 - - [20/Mar/2018:11:23:23 -0300] "GET /cormun/servlet/hpexe_return? HTTP/1.1" 200 1029
186.103.156.24 - - [20/Mar/2018:11:23:23 -0300] "GET /cormun/servlet/trlicencias HTTP/1.1" 200 10410
186.103.156.24 - - [20/Mar/2018:11:23:24 -0300] "GET /cormun/servlet/trlicencias HTTP/1.1" 200 10405
186.103.156.24 - - [20/Mar/2018:11:23:31 -0300] "GET /cormun/servlet/alicenciaprn?11671556,L,20180319000000,PU HTTP/1.1" 200 1572
186.103.156.24 - - [20/Mar/2018:11:24:19 -0300] "GET /cormun/servlet/licenciaspermisos?UPD,11671556,L,20180319000000, HTTP/1.1" 200 7984
186.103.156.24 - - [20/Mar/2018:11:24:20 -0300] "GET /cormun/servlet/licenciaspermisos?UPD,11671556,L,20180319000000, HTTP/1.1" 200 8002
186.103.156.24 - - [20/Mar/2018:11:24:21 -0300] "GET /cormun/servlet/licenciaspermisos?c144b4f7e5dd883822aa9d17107b3a947344b52548f94c0f9d12fa4aeff61181f4b59ea96a1e5d7706afdf451bcf0856109fa982b9163d4dd990f97c24fdc04b4bb318f2d6385dc72568059649f0f8cae03900c9af7dc4ac0ec9d0b6a7665a17,gx-no-cache=1521555810459 HTTP/1.1" 200 94
186.103.156.24 - - [20/Mar/2018:11:24:22 -0300] "GET /cormun/servlet/licenciaspermisos?c144b4f7e5dd883822aa9d17107b3a94828b5f2be1d0697f341a20d6327185531dd09e0ba16cb5184297673d5b954fc61087e6c1bac6fc32be59223acccb0cd1a2e9e1dbac37aef4c5f2324d928b67a7aa6c46e6df13d0aac99184cc8f0354e11abe27bb41c1e5604290376aee99e3047fb4b6ca5168b918a3774f1489e94c3b5e4ca64a591ffb81786f4db921a2394d47c31498fe93c4a81abc6cadc8eb40156c00c551bbdded5df203f428bc69d23e4039bae17a30cd0a132ca2f4c896f53e166dab653aac413727eaf2da567be68f8a14a58579900b1670f163308b4696a0,gx-no-cache=1521555812332 HTTP/1.1" 200 30
186.103.157.235 - - [20/Mar/2018:11:24:33 -0300] "POST /cormun/servlet/trsolicitudot?27aaca9f5e4d4a0dc584e0fa23b8ce70,gx-no-cache=1521555822927 HTTP/1.1" 440 972
186.103.157.235 - - [20/Mar/2018:11:24:37 -0300] "GET /cormun/servlet/trsolicitudot HTTP/1.1" 200 6392
186.103.157.235 - - [20/Mar/2018:11:24:37 -0300] "GET /cormun/servlet/trsolicitudot HTTP/1.1" 200 6392
186.103.157.235 - - [20/Mar/2018:11:24:37 -0300] "GET /cormun/servlet/hlogin HTTP/1.1" 200 1737
186.103.156.24 - - [20/Mar/2018:11:24:44 -0300] "GET /cormun/servlet/licenciaspermisos?c144b4f7e5dd883822aa9d17107b3a949de75a5d431a3b2372da5049ef2cab197f3375706ac30beeb9de56d2c6ea505f7cc859dde598f8b5c2d97fbf93b2fbed1ed1caea5bc2a3a8bc5df1948a2e4df887123227aa878491a28c7debb50e487ae697e4027e61b0b27b3067aae3987a3a84258fd91ec4a345238165c928e8a8efd4f87e30cd7173bb69a6b6114cbb0ad4719c17c07850dfaa795dda6a9f400cf276ab84d275d48552ccc2101e2ce688720297193ed84a3f928d20342e57a96e46219fd7eee47a1116c4b3dab77f2138f8a8d73a93edeec83e0210657f0b4f7a4080d21a577e80fa366d5cfd9817303a07,gx-no-cache=1521555833491 HTTP/1.1" 200 29
186.103.156.24 - - [20/Mar/2018:11:24:44 -0300] "POST /cormun/servlet/licenciaspermisos?952dfd07dc7b57a759ee900de3d6c7b5,UPD,11671556,L,20180319000000,,gx-no-cache=1521555833621 HTTP/1.1" 200 93
186.103.156.24 - - [20/Mar/2018:11:24:44 -0300] "GET /cormun/servlet/hpexe_return? HTTP/1.1" 200 1029
186.103.156.24 - - [20/Mar/2018:11:24:45 -0300] "GET /cormun/servlet/trlicencias HTTP/1.1" 200 10412
186.103.157.235 - - [20/Mar/2018:11:24:45 -0300] "POST /cormun/servlet/hlogin?94292b8c4ae9e6f0dfc3a8bb10928ba8,gx-no-cache=1521555834375 HTTP/1.1" 200 90
186.103.156.24 - - [20/Mar/2018:11:24:45 -0300] "GET /cormun/servlet/trlicencias HTTP/1.1" 200 10407
186.103.157.235 - - [20/Mar/2018:11:24:45 -0300] "GET /cormun/servlet/hpexe_link HTTP/1.1" 200 956
186.103.157.235 - - [20/Mar/2018:11:24:45 -0300] "GET /cormun/servlet/trsolicitudot HTTP/1.1" 200 9092
186.103.157.235 - - [20/Mar/2018:11:24:46 -0300] "GET /cormun/servlet/trsolicitudot HTTP/1.1" 200 9090
186.103.156.24 - - [20/Mar/2018:11:24:49 -0300] "GET /cormun/servlet/alicenciaprn?11671556,L,20180319000000,PU HTTP/1.1" 200 1573
186.103.157.235 - - [20/Mar/2018:11:24:51 -0300] "POST /cormun/servlet/trsolicitudot?94292b8c4ae9e6f0dfc3a8bb10928ba8,gx-no-cache=1521555838713 HTTP/1.1" 200 107
186.103.157.235 - - [20/Mar/2018:11:24:51 -0300] "GET /cormun/servlet/trsolicitudadjuntos?2018,10655, HTTP/1.1" 200 6319
186.103.157.235 - - [20/Mar/2018:11:24:51 -0300] "GET /cormun/static/gxcfg.js?20177612135366 HTTP/1.1" 200 953
186.103.157.235 - - [20/Mar/2018:11:24:52 -0300] "GET /cormun/static/trsolicitudadjuntos.js?20177612135632 HTTP/1.1" 200 17922
186.103.157.235 - - [20/Mar/2018:11:24:52 -0300] "GET /cormun/servlet/trsolicitudadjuntos?2018,10655, HTTP/1.1" 200 6319
186.103.156.24 - - [20/Mar/2018:11:24:55 -0300] "GET /cormun/servlet/licenciaspermisos?UPD,11671556,L,20180319000000, HTTP/1.1" 200 7985
186.103.156.24 - - [20/Mar/2018:11:24:56 -0300] "GET /cormun/servlet/licenciaspermisos?UPD,11671556,L,20180319000000, HTTP/1.1" 200 8003
186.103.156.24 - - [20/Mar/2018:11:24:56 -0300] "GET /cormun/servlet/licenciaspermisos?c144b4f7e5dd883822aa9d17107b3a947344b52548f94c0f9d12fa4aeff61181f4b59ea96a1e5d7706afdf451bcf0856109fa982b9163d4dd990f97c24fdc04b4bb318f2d6385dc72568059649f0f8cae03900c9af7dc4ac0ec9d0b6a7665a17,gx-no-cache=1521555845842 HTTP/1.1" 200 94
186.103.156.24 - - [20/Mar/2018:11:24:58 -0300] "GET /cormun/servlet/licenciaspermisos?c144b4f7e5dd883822aa9d17107b3a94828b5f2be1d0697f341a20d6327185531dd09e0ba16cb5184297673d5b954fc61087e6c1bac6fc32be59223acccb0cd1a2e9e1dbac37aef4c5f2324d928b67a7aa6c46e6df13d0aac99184cc8f0354e11abe27bb41c1e5604290376aee99e3047fb4b6ca5168b918a3774f1489e94c3b5e4ca64a591ffb81786f4db921a2394d47c31498fe93c4a81abc6cadc8eb40156c00c551bbdded5df203f428bc69d23e4039bae17a30cd0a132ca2f4c896f53e166dab653aac413727eaf2da567be68f8a14a58579900b1670f163308b4696a0,gx-no-cache=1521555847544 HTTP/1.1" 200 30
186.103.157.235 - - [20/Mar/2018:11:24:58 -0300] "GET /cormun/servlet/solicitudotadjuntos?INS,2018,10655,,1, HTTP/1.1" 200 6266
186.103.157.235 - - [20/Mar/2018:11:24:58 -0300] "GET /cormun/static/gxcfg.js?2017761244068 HTTP/1.1" 200 953
186.103.157.235 - - [20/Mar/2018:11:24:59 -0300] "GET /cormun/static/about:blank HTTP/1.1" 404 1011
186.103.157.235 - - [20/Mar/2018:11:24:59 -0300] "GET /cormun/static/solicitudotadjuntos.js?2017761244086 HTTP/1.1" 200 11771
186.103.157.235 - - [20/Mar/2018:11:25:00 -0300] "GET /cormun/servlet/solicitudotadjuntos?c72dfc00f2db5132d36a86d20d2eb070a66be4466e5d9ac3571939c3c3fecc2b55abc716689eda82a7c2cba81b14b811,gx-no-cache=1521555849624 HTTP/1.1" 200 30
186.103.157.235 - - [20/Mar/2018:11:25:02 -0300] "POST /cormun/servlet/solicitudotadjuntos?94292b8c4ae9e6f0dfc3a8bb10928ba8,INS,2018,10655,,1,,gx-no-cache=1521555849700 HTTP/1.1" 200 3985
186.103.156.24 - - [20/Mar/2018:11:25:03 -0300] "GET /cormun/servlet/licenciaspermisos?c144b4f7e5dd883822aa9d17107b3a949de75a5d431a3b2372da5049ef2cab197f3375706ac30beeb9de56d2c6ea505f7cc859dde598f8b5c2d97fbf93b2fbed1ed1caea5bc2a3a8bc5df1948a2e4df887123227aa878491a28c7debb50e487ae697e4027e61b0b27b3067aae3987a3a84258fd91ec4a345238165c928e8a8efd4f87e30cd7173bb69a6b6114cbb0ad4719c17c07850dfaa795dda6a9f400cf276ab84d275d48552ccc2101e2ce688720297193ed84a3f928d20342e57a96e46219fd7eee47a1116c4b3dab77f2138f8268bc38986ec0f1ccdfde18755c74a6c687d8d9c36d96ecb42c7ad78f862dabb,gx-no-cache=1521555852986 HTTP/1.1" 200 29
186.103.156.24 - - [20/Mar/2018:11:25:03 -0300] "POST /cormun/servlet/licenciaspermisos?952dfd07dc7b57a759ee900de3d6c7b5,UPD,11671556,L,20180319000000,,gx-no-cache=1521555853070 HTTP/1.1" 200 93
186.103.156.24 - - [20/Mar/2018:11:25:03 -0300] "GET /cormun/servlet/hpexe_return? HTTP/1.1" 200 1029
186.103.156.24 - - [20/Mar/2018:11:25:04 -0300] "GET /cormun/servlet/trlicencias HTTP/1.1" 200 10410
186.103.157.235 - - [20/Mar/2018:11:25:04 -0300] "POST /cormun/servlet/solicitudotadjuntos?gx-no-cache=1521555853323 HTTP/1.1" 200 26
186.103.156.24 - - [20/Mar/2018:11:25:04 -0300] "GET /cormun/servlet/trlicencias HTTP/1.1" 200 10405
186.103.157.235 - - [20/Mar/2018:11:25:08 -0300] "GET /cormun/servlet/solicitudotadjuntos?INS,2018,10655,,1, HTTP/1.1" 200 6259
186.103.156.24 - - [20/Mar/2018:11:25:19 -0300] "GET /cormun/servlet/licenciaspermisos?DSP,11671556,L,20180319000000, HTTP/1.1" 200 7383
186.103.156.24 - - [20/Mar/2018:11:25:20 -0300] "GET /cormun/servlet/licenciaspermisos?DSP,11671556,L,20180319000000, HTTP/1.1" 200 7383
186.103.157.235 - - [20/Mar/2018:11:25:29 -0300] "GET /cormun/servlet/solicitudotadjuntos?c72dfc00f2db5132d36a86d20d2eb0709a92e5c70fe93db07751de4f43e750c7,gx-no-cache=1521555878276 HTTP/1.1" 200 30
186.103.157.235 - - [20/Mar/2018:11:25:29 -0300] "GET /cormun/servlet/solicitudotadjuntos?c72dfc00f2db5132d36a86d20d2eb0709a92e5c70fe93db07751de4f43e750c7,gx-no-cache=1521555878386 HTTP/1.1" 200 30
186.103.156.24 - - [20/Mar/2018:11:25:31 -0300] "GET /cormun/servlet/trlicencias? HTTP/1.1" 200 10407
186.103.156.24 - - [20/Mar/2018:11:25:32 -0300] "GET /cormun/servlet/trlicencias? HTTP/1.1" 200 10405
186.103.156.24 - - [20/Mar/2018:11:25:39 -0300] "POST /cormun/servlet/trlicencias?952dfd07dc7b57a759ee900de3d6c7b5,,gx-no-cache=1521555888836 HTTP/1.1" 200 7783
186.103.156.24 - - [20/Mar/2018:11:25:39 -0300] "GET /cormun/static/Shared/jqueryui/images/ui-bg_highlight-soft_100_c6c2c8_1x100.png HTTP/1.1" 404 1117
186.103.156.24 - - [20/Mar/2018:11:25:39 -0300] "GET /cormun/static/Shared/jqueryui/images/ui-icons_82798d_256x240.png HTTP/1.1" 404 1089
186.103.156.24 - - [20/Mar/2018:11:25:40 -0300] "GET /cormun/static/Shared/jqueryui/images/ui-bg_flat_55_fafafa_40x100.png HTTP/1.1" 404 1097
186.103.156.24 - - [20/Mar/2018:11:25:40 -0300] "GET /cormun/static/Shared/jqueryui/images/ui-icons_8d78a5_256x240.png HTTP/1.1" 404 1089
186.103.156.24 - - [20/Mar/2018:11:25:47 -0300] "GET /cormun/servlet/trlicenciaspermisosadjuntos?11671556,20180319000000,L, HTTP/1.1" 200 6586
186.103.156.24 - - [20/Mar/2018:11:25:47 -0300] "GET /cormun/static/gxcfg.js?20177612163414 HTTP/1.1" 200 953
186.103.156.24 - - [20/Mar/2018:11:25:47 -0300] "GET /cormun/servlet/trlicenciaspermisosadjuntos?11671556,20180319000000,L, HTTP/1.1" 200 6586
