186.67.172.234 - - [20/Mar/2018:13:03:25 -0300] "GET /cormun/servlet/solicitudot?38fd63912287f540befe1a439147ad292b78f22501903ad0618310f648cd9c2112773548238b22d8ed15893c42aaf4729ce959b7ee2f90826c27ff6d0672985f068d56c596e5dea20249fa74624eeff2282b8a6df6009eeaf3d759116a7d2f59c47e5b51419c7fbb82d554dfa37fb34a,gx-no-cache=1521561754133 HTTP/1.1" 200 29
186.67.172.234 - - [20/Mar/2018:13:03:25 -0300] "POST /cormun/servlet/solicitudot?gx-no-cache=1521561754186 HTTP/1.1" 200 1319
186.67.172.234 - - [20/Mar/2018:13:03:25 -0300] "POST /cormun/servlet/solicitudot?gx-no-cache=1521561754256 HTTP/1.1" 200 1218
186.67.172.234 - - [20/Mar/2018:13:03:25 -0300] "GET /cormun/static/menuarrow.gif HTTP/1.1" 404 1015
186.67.172.234 - - [20/Mar/2018:13:03:29 -0300] "POST /cormun/servlet/solicitudot?gx-no-cache=1521561758105 HTTP/1.1" 200 1319
186.67.172.234 - - [20/Mar/2018:13:03:29 -0300] "POST /cormun/servlet/solicitudot?gx-no-cache=1521561758164 HTTP/1.1" 200 1218
186.67.172.234 - - [20/Mar/2018:13:03:32 -0300] "GET /cormun/servlet/solicitudot?38fd63912287f540befe1a439147ad29cd83911742994dcfebb0e039c218149f45117d85d6274a0861f69616afab6d91,gx-no-cache=1521561760964 HTTP/1.1" 200 30
186.67.172.234 - - [20/Mar/2018:13:03:39 -0300] "POST /cormun/servlet/solicitudot?gx-no-cache=1521561768081 HTTP/1.1" 200 30
186.67.172.234 - - [20/Mar/2018:13:04:04 -0300] "POST /cormun/servlet/solicitudot?9115224325a8606f0971f69352a3fccc,INS,0,0,,gx-no-cache=1521561792936 HTTP/1.1" 200 11720
186.67.172.234 - - [20/Mar/2018:13:04:23 -0300] "GET /cormun/servlet/hlogin HTTP/1.1" 200 1729
186.67.172.234 - - [20/Mar/2018:13:04:28 -0300] "POST /cormun/servlet/hlogin?7c690f2e4182cb50f4f10de8ed2c1dc3,gx-no-cache=1521565459381 HTTP/1.1" 200 90
186.67.172.234 - - [20/Mar/2018:13:04:28 -0300] "GET /cormun/servlet/hpexe_link HTTP/1.1" 200 955
186.67.172.234 - - [20/Mar/2018:13:04:29 -0300] "GET /cormun/servlet/hhome HTTP/1.1" 200 4232
186.67.172.234 - - [20/Mar/2018:13:04:29 -0300] "GET /cormun/servlet/hhome HTTP/1.1" 200 4228
186.67.172.234 - - [20/Mar/2018:13:04:42 -0300] "GET /cormun/servlet/trautorizarsolicitud? HTTP/1.1" 200 10393
186.67.172.234 - - [20/Mar/2018:13:04:42 -0300] "GET /cormun/servlet/trautorizarsolicitud? HTTP/1.1" 200 10391
186.103.159.204 - - [20/Mar/2018:13:05:05 -0300] "POST /cormun/servlet/trsolicitudot?6aaf39c2e7352bbe7d38893de99cd1d1,,gx-no-cache=1521561852697 HTTP/1.1" 200 106
186.103.159.204 - - [20/Mar/2018:13:05:05 -0300] "GET /cormun/servlet/trsolicitudadjuntos?2018,8069, HTTP/1.1" 200 5976
186.103.159.204 - - [20/Mar/2018:13:05:06 -0300] "GET /cormun/servlet/trsolicitudadjuntos?2018,8069, HTTP/1.1" 200 5976
186.103.159.204 - - [20/Mar/2018:13:05:15 -0300] "GET /cormun/servlet/trsolicitudot? HTTP/1.1" 200 10138
186.103.159.204 - - [20/Mar/2018:13:05:15 -0300] "GET /cormun/servlet/trsolicitudot? HTTP/1.1" 200 10136
186.103.157.246 - - [20/Mar/2018:13:05:19 -0300] "GET /cormun/servlet/licenciaspermisosadjuntos?INS,12916119,L,20180320000000,, HTTP/1.1" 200 4883
186.103.157.246 - - [20/Mar/2018:13:05:20 -0300] "GET /cormun/servlet/licenciaspermisosadjuntos?INS,12916119,L,20180320000000,, HTTP/1.1" 200 4873
186.103.157.246 - - [20/Mar/2018:13:05:20 -0300] "GET /cormun/servlet/hlogin HTTP/1.1" 200 1768
186.103.159.204 - - [20/Mar/2018:13:05:27 -0300] "POST /cormun/servlet/trsolicitudot?6aaf39c2e7352bbe7d38893de99cd1d1,,gx-no-cache=1521561873764 HTTP/1.1" 200 106
186.103.159.204 - - [20/Mar/2018:13:05:27 -0300] "GET /cormun/servlet/trsolicitudadjuntos?2018,10190, HTTP/1.1" 200 5975
186.103.159.204 - - [20/Mar/2018:13:05:28 -0300] "GET /cormun/servlet/trsolicitudadjuntos?2018,10190, HTTP/1.1" 200 5975
186.103.159.204 - - [20/Mar/2018:13:05:34 -0300] "GET /cormun/servlet/trsolicitudot? HTTP/1.1" 200 10143
186.103.159.204 - - [20/Mar/2018:13:05:35 -0300] "GET /cormun/servlet/trsolicitudot? HTTP/1.1" 200 10136
186.103.157.246 - - [20/Mar/2018:13:05:37 -0300] "POST /cormun/servlet/hlogin?3e9f63b83a4e9fe6807a108cb34ab42b,gx-no-cache=1521561887146 HTTP/1.1" 200 90
186.103.157.246 - - [20/Mar/2018:13:05:37 -0300] "GET /cormun/servlet/hpexe_link HTTP/1.1" 200 987
186.103.157.246 - - [20/Mar/2018:13:05:38 -0300] "GET /cormun/servlet/licenciaspermisosadjuntos?INS,12916119,L,20180320000000,, HTTP/1.1" 200 5569
186.103.157.246 - - [20/Mar/2018:13:05:38 -0300] "GET /cormun/static/about:blank HTTP/1.1" 404 1011
186.103.157.246 - - [20/Mar/2018:13:05:39 -0300] "GET /cormun/servlet/licenciaspermisosadjuntos?INS,12916119,L,20180320000000,, HTTP/1.1" 200 5568
186.103.157.246 - - [20/Mar/2018:13:05:52 -0300] "GET /cormun/servlet/trlicencias? HTTP/1.1" 200 9940
186.103.157.246 - - [20/Mar/2018:13:05:54 -0300] "GET /cormun/servlet/trlicencias? HTTP/1.1" 200 9932
186.103.159.204 - - [20/Mar/2018:13:05:54 -0300] "POST /cormun/servlet/trsolicitudot?6aaf39c2e7352bbe7d38893de99cd1d1,,gx-no-cache=1521561901098 HTTP/1.1" 200 9875
186.103.159.204 - - [20/Mar/2018:13:05:57 -0300] "POST /cormun/servlet/trsolicitudot?6aaf39c2e7352bbe7d38893de99cd1d1,,gx-no-cache=1521561904522 HTTP/1.1" 200 107
186.103.159.204 - - [20/Mar/2018:13:05:57 -0300] "GET /cormun/servlet/trsolicitudadjuntos?2018,10567, HTTP/1.1" 200 9511
186.103.159.204 - - [20/Mar/2018:13:05:58 -0300] "GET /cormun/servlet/trsolicitudadjuntos?2018,10567, HTTP/1.1" 200 9523
186.103.157.246 - - [20/Mar/2018:13:06:04 -0300] "GET /cormun/servlet/trlicenciaspermisosadjuntos?12916119,20180320000000,L, HTTP/1.1" 200 6979
186.103.159.204 - - [20/Mar/2018:13:06:05 -0300] "GET /cormun/servlet/trsolicitudot? HTTP/1.1" 200 12803
186.103.159.204 - - [20/Mar/2018:13:06:05 -0300] "GET /cormun/servlet/trsolicitudot? HTTP/1.1" 200 12794
186.103.157.246 - - [20/Mar/2018:13:06:05 -0300] "GET /cormun/servlet/trlicenciaspermisosadjuntos?12916119,20180320000000,L, HTTP/1.1" 200 6979
186.103.157.246 - - [20/Mar/2018:13:06:18 -0300] "GET /cormun/servlet/licenciaspermisosadjuntos?INS,12916119,L,20180320000000,, HTTP/1.1" 200 5579
186.103.157.246 - - [20/Mar/2018:13:06:18 -0300] "GET /cormun/static/about:blank HTTP/1.1" 404 1011
186.103.157.246 - - [20/Mar/2018:13:06:19 -0300] "GET /cormun/servlet/licenciaspermisosadjuntos?INS,12916119,L,20180320000000,, HTTP/1.1" 200 5568
186.67.172.234 - - [20/Mar/2018:13:06:37 -0300] "POST /cormun/servlet/solicitudot?9115224325a8606f0971f69352a3fccc,INS,0,0,,gx-no-cache=1521561946337 HTTP/1.1" 200 93
186.67.172.234 - - [20/Mar/2018:13:06:37 -0300] "GET /cormun/servlet/hpexe_return? HTTP/1.1" 200 1004
186.67.172.234 - - [20/Mar/2018:13:06:38 -0300] "GET /cormun/servlet/hhome HTTP/1.1" 200 4226
186.67.172.234 - - [20/Mar/2018:13:06:38 -0300] "GET /cormun/static/gxcfg.js?20175251212442 HTTP/1.1" 200 953
186.67.172.234 - - [20/Mar/2018:13:06:38 -0300] "GET /cormun/static/hhome.js?20175251212450 HTTP/1.1" 200 777
186.67.172.234 - - [20/Mar/2018:13:06:38 -0300] "GET /cormun/servlet/hhome HTTP/1.1" 200 4220
186.103.157.246 - - [20/Mar/2018:13:06:39 -0300] "POST /cormun/servlet/licenciaspermisosadjuntos?3e9f63b83a4e9fe6807a108cb34ab42b,INS,12916119,L,20180320000000,, HTTP/1.1" 200 116
186.103.157.246 - - [20/Mar/2018:13:06:40 -0300] "GET /cormun/servlet/hpexe_return? HTTP/1.1" 200 1032
186.103.157.246 - - [20/Mar/2018:13:06:40 -0300] "GET /cormun/servlet/hhome HTTP/1.1" 200 4105
186.103.157.246 - - [20/Mar/2018:13:06:41 -0300] "GET /cormun/servlet/hhome HTTP/1.1" 200 4101
186.67.172.234 - - [20/Mar/2018:13:06:46 -0300] "GET /cormun/servlet/trsolicitudot? HTTP/1.1" 200 8768
186.67.172.234 - - [20/Mar/2018:13:06:47 -0300] "GET /cormun/servlet/trsolicitudot? HTTP/1.1" 200 8769
186.67.172.234 - - [20/Mar/2018:13:06:49 -0300] "GET /cormun/servlet/solicitudot?INS,0,0, HTTP/1.1" 200 13661
186.67.172.234 - - [20/Mar/2018:13:06:50 -0300] "GET /cormun/servlet/solicitudot?INS,0,0, HTTP/1.1" 200 13666
186.67.164.142 - - [20/Mar/2018:13:06:52 -0300] "GET /cormun/servlet/solicitudot?928f28d6f106014ad894da579b48fdcabab8eb446a7094004f566a793b1394ff470e6e15872f6970efbbe3a03d3e3e80af88689414bce6e3c6c570828b00dd79e146ff6c3bc79b028bb566e2b5e079f6be10af8e5cf2d41b69f6bde4e63ccd3612135b950c7cab4c3041f5ec9cd24651,gx-no-cache=1521561960948 HTTP/1.1" 200 29
186.67.164.142 - - [20/Mar/2018:13:06:53 -0300] "POST /cormun/servlet/solicitudot?gx-no-cache=1521561961088 HTTP/1.1" 200 1319
186.67.164.142 - - [20/Mar/2018:13:06:53 -0300] "POST /cormun/servlet/solicitudot?gx-no-cache=1521561961177 HTTP/1.1" 200 1219
186.67.164.142 - - [20/Mar/2018:13:06:53 -0300] "GET /cormun/static/menuarrow.gif HTTP/1.1" 404 1015
186.67.164.142 - - [20/Mar/2018:13:06:54 -0300] "POST /cormun/servlet/solicitudot?gx-no-cache=1521561962467 HTTP/1.1" 200 1319
186.67.164.142 - - [20/Mar/2018:13:06:54 -0300] "POST /cormun/servlet/solicitudot?gx-no-cache=1521561962564 HTTP/1.1" 200 1219
186.67.164.142 - - [20/Mar/2018:13:06:55 -0300] "GET /cormun/servlet/solicitudot?928f28d6f106014ad894da579b48fdcae5661a633a95b75767c8ebdef36ef8bc6c0c4035f47cdb4e0f6d6a9eef2fc390,gx-no-cache=1521561963344 HTTP/1.1" 200 30
186.67.164.142 - - [20/Mar/2018:13:06:55 -0300] "POST /cormun/servlet/solicitudot?gx-no-cache=1521561963416 HTTP/1.1" 200 34
186.103.159.204 - - [20/Mar/2018:13:06:56 -0300] "POST /cormun/servlet/trsolicitudot?6aaf39c2e7352bbe7d38893de99cd1d1,,gx-no-cache=1521561962951 HTTP/1.1" 200 4293
186.67.172.234 - - [20/Mar/2018:13:06:59 -0300] "POST /cormun/servlet/solicitudot?gx-no-cache=1521561967912 HTTP/1.1" 200 3365
186.67.172.234 - - [20/Mar/2018:13:06:59 -0300] "GET /cormun/static/Shared/jqueryui/images/ui-bg_highlight-soft_100_c6c2c8_1x100.png HTTP/1.1" 404 1117
186.67.172.234 - - [20/Mar/2018:13:06:59 -0300] "GET /cormun/static/Shared/jqueryui/images/ui-icons_82798d_256x240.png HTTP/1.1" 404 1089
186.67.172.234 - - [20/Mar/2018:13:06:59 -0300] "GET /cormun/static/Shared/jqueryui/images/ui-bg_flat_55_994d53_40x100.png HTTP/1.1" 404 1097
186.67.172.234 - - [20/Mar/2018:13:06:59 -0300] "GET /cormun/static/Shared/jqueryui/images/ui-icons_ebccce_256x240.png HTTP/1.1" 404 1089
186.103.159.204 - - [20/Mar/2018:13:07:07 -0300] "POST /cormun/servlet/trsolicitudot?6aaf39c2e7352bbe7d38893de99cd1d1,,gx-no-cache=1521561974395 HTTP/1.1" 200 4294
186.103.157.246 - - [20/Mar/2018:13:07:12 -0300] "GET /cormun/servlet/trlicencias? HTTP/1.1" 200 9942
186.103.159.204 - - [20/Mar/2018:13:07:12 -0300] "POST /cormun/servlet/trsolicitudot?6aaf39c2e7352bbe7d38893de99cd1d1,,gx-no-cache=1521561979643 HTTP/1.1" 200 5684
186.103.157.246 - - [20/Mar/2018:13:07:13 -0300] "GET /cormun/servlet/trlicencias? HTTP/1.1" 200 9939
186.103.159.204 - - [20/Mar/2018:13:07:20 -0300] "POST /cormun/servlet/trsolicitudot?6aaf39c2e7352bbe7d38893de99cd1d1,,gx-no-cache=1521561987131 HTTP/1.1" 200 4294
186.103.157.246 - - [20/Mar/2018:13:07:23 -0300] "GET /cormun/servlet/trlicenciaspermisosadjuntos?12916119,20180320000000,L, HTTP/1.1" 200 7081
186.103.157.246 - - [20/Mar/2018:13:07:25 -0300] "GET /cormun/servlet/trlicenciaspermisosadjuntos?12916119,20180320000000,L, HTTP/1.1" 200 7083
186.103.159.204 - - [20/Mar/2018:13:07:26 -0300] "POST /cormun/servlet/trsolicitudot?6aaf39c2e7352bbe7d38893de99cd1d1,,gx-no-cache=1521561993387 HTTP/1.1" 200 7364
186.103.157.246 - - [20/Mar/2018:13:07:36 -0300] "POST /cormun/servlet/acontrolpreferencessavestate?None,CANGELEV,true HTTP/1.1" 200 35
186.67.172.234 - - [20/Mar/2018:13:07:40 -0300] "GET /cormun/servlet/hlogin HTTP/1.1" 200 1745
186.103.157.246 - - [20/Mar/2018:13:07:42 -0300] "POST /cormun/servlet/trlicenciaspermisosadjuntos?3e9f63b83a4e9fe6807a108cb34ab42b,12916119,20180320000000,L,,gx-no-cache=1521562012396 HTTP/1.1" 200 90
186.103.157.246 - - [20/Mar/2018:13:07:43 -0300] "GET /cormun/servlet/hpexe_link HTTP/1.1" 200 981
186.103.157.246 - - [20/Mar/2018:13:07:43 -0300] "GET /cormun/servlet/trlicencias HTTP/1.1" 200 9960
186.103.157.246 - - [20/Mar/2018:13:07:44 -0300] "GET /cormun/servlet/trlicencias HTTP/1.1" 200 9959
186.103.157.246 - - [20/Mar/2018:13:07:52 -0300] "POST /cormun/servlet/trlicencias?3e9f63b83a4e9fe6807a108cb34ab42b,gx-no-cache=1521562021425 HTTP/1.1" 200 7336
186.103.157.246 - - [20/Mar/2018:13:07:52 -0300] "GET /cormun/static/Shared/jqueryui/images/ui-bg_highlight-soft_100_c6c2c8_1x100.png HTTP/1.1" 404 1117
186.103.157.246 - - [20/Mar/2018:13:07:52 -0300] "GET /cormun/static/Shared/jqueryui/images/ui-icons_82798d_256x240.png HTTP/1.1" 404 1089
186.103.157.246 - - [20/Mar/2018:13:07:52 -0300] "GET /cormun/static/Shared/jqueryui/images/ui-bg_flat_55_fafafa_40x100.png HTTP/1.1" 404 1097
186.103.157.246 - - [20/Mar/2018:13:07:52 -0300] "GET /cormun/static/Shared/jqueryui/images/ui-icons_8d78a5_256x240.png HTTP/1.1" 404 1089
186.67.164.142 - - [20/Mar/2018:13:08:12 -0300] "POST /cormun/servlet/solicitudot?1a4c68eb3a879bb4c918cd683e49615f,INS,0,0,,gx-no-cache=1521562040720 HTTP/1.1" 200 93
186.67.164.142 - - [20/Mar/2018:13:08:12 -0300] "GET /cormun/servlet/hpexe_return? HTTP/1.1" 200 1000
186.67.164.142 - - [20/Mar/2018:13:08:13 -0300] "GET /cormun/servlet/trsolicitudot HTTP/1.1" 200 9614
186.67.164.142 - - [20/Mar/2018:13:08:13 -0300] "GET /cormun/servlet/trsolicitudot HTTP/1.1" 200 9610
186.67.164.142 - - [20/Mar/2018:13:08:54 -0300] "GET /cormun/servlet/trlicencias? HTTP/1.1" 200 11398
186.67.164.142 - - [20/Mar/2018:13:08:54 -0300] "GET /cormun/servlet/trlicencias? HTTP/1.1" 200 11394
186.67.164.142 - - [20/Mar/2018:13:08:57 -0300] "GET /cormun/servlet/licenciaspermisos?INS,0,,, HTTP/1.1" 200 7492
186.67.164.142 - - [20/Mar/2018:13:08:57 -0300] "GET /cormun/static/gxcfg.js?201762917281167 HTTP/1.1" 200 953
186.67.164.142 - - [20/Mar/2018:13:08:58 -0300] "GET /cormun/servlet/licenciaspermisos?INS,0,,, HTTP/1.1" 200 7490
186.67.164.142 - - [20/Mar/2018:13:09:21 -0300] "GET /cormun/servlet/licenciaspermisos?b049c9494a6e929478cdd854f9d154d86ed04eb42f417ae6838de25fdd2b6d0b9070cf952170d225a12292b8af0c4bd9,gx-no-cache=1521562109720 HTTP/1.1" 200 82
186.67.164.142 - - [20/Mar/2018:13:09:21 -0300] "POST /cormun/servlet/licenciaspermisos?1a4c68eb3a879bb4c918cd683e49615f,INS,0,,,,gx-no-cache=1521562109839 HTTP/1.1" 200 4682
186.67.164.142 - - [20/Mar/2018:13:09:45 -0300] "GET /cormun/static/menuarrow.gif HTTP/1.1" 404 1015
186.103.159.204 - - [20/Mar/2018:13:09:52 -0300] "POST /cormun/servlet/trsolicitudot?6aaf39c2e7352bbe7d38893de99cd1d1,,gx-no-cache=1521562138486 HTTP/1.1" 200 21886
186.103.159.204 - - [20/Mar/2018:13:10:35 -0300] "POST /cormun/servlet/trsolicitudot?6aaf39c2e7352bbe7d38893de99cd1d1,,gx-no-cache=1521562182388 HTTP/1.1" 200 7364
186.67.164.142 - - [20/Mar/2018:13:10:38 -0300] "GET /cormun/servlet/licenciaspermisos?b049c9494a6e929478cdd854f9d154d86e10086bbe642385cc8b956bf9ce5862b027f0da11464300bade50e64da10b404dd5cb21322ca0a35ba0188babbe317c9823057c546e44ebee9a21d4fa629f977cd9e2d0b2d0d9643f349eff12aec0cc540fcee541e8f13cad82e7a7215e97fcdf4f4a90018343a42c3adc9cc41ce279100c4a906b6a60ed3c9f0c4c8679b475e853040d175b6e09c9bb3ef9a2cdbbbee94d680b74d7c79314f3cec96f7f100f,gx-no-cache=1521562187009 HTTP/1.1" 200 30
186.67.164.142 - - [20/Mar/2018:13:10:38 -0300] "GET /cormun/servlet/licenciaspermisos?b049c9494a6e929478cdd854f9d154d8202671cd965965edff8434a5cc48b7a1568ce604e6894cb4a76afeb519c557b6ab612ab7550ae3cb69909efcd7e2d07e4df9e32d1029db30d72ae9922e444cfe081df1c32679e8c2abf82d260a5d71c81a97fe87c3678b359766d7660a62a9fb3d035a426504d46833585a02e5bd60626afc3be78468a78126ee88c847cf511cb18a8125377ad27070eae16db141b8e12ad69d2d1a0c6f180a75d97179d8d45c,gx-no-cache=1521562187062 HTTP/1.1" 200 29
186.67.164.142 - - [20/Mar/2018:13:10:39 -0300] "POST /cormun/servlet/licenciaspermisos?1a4c68eb3a879bb4c918cd683e49615f,INS,0,,,,gx-no-cache=1521562187085 HTTP/1.1" 200 4875
186.67.164.142 - - [20/Mar/2018:13:10:39 -0300] "GET /cormun/static/Shared/jqueryui/images/ui-bg_highlight-soft_100_c6c2c8_1x100.png HTTP/1.1" 404 1117
186.67.164.142 - - [20/Mar/2018:13:10:39 -0300] "GET /cormun/static/Shared/jqueryui/images/ui-icons_82798d_256x240.png HTTP/1.1" 404 1089
186.67.164.142 - - [20/Mar/2018:13:10:39 -0300] "GET /cormun/static/Shared/jqueryui/images/ui-icons_ebccce_256x240.png HTTP/1.1" 404 1089
186.67.164.142 - - [20/Mar/2018:13:10:39 -0300] "GET /cormun/static/Shared/jqueryui/images/ui-bg_flat_55_994d53_40x100.png HTTP/1.1" 404 1097
186.79.62.124 - - [20/Mar/2018:13:10:39 -0300] "GET /cormun/servlet/hlogin HTTP/1.1" 200 1722
186.79.62.124 - - [20/Mar/2018:13:10:41 -0300] "POST /cormun/servlet/hlogin?e4200272f7e7dcbf990a577733625ff6,gx-no-cache=1521562191808 HTTP/1.1" 200 90
186.79.62.124 - - [20/Mar/2018:13:10:41 -0300] "GET /cormun/servlet/hpexe_link HTTP/1.1" 200 953
186.79.62.124 - - [20/Mar/2018:13:10:42 -0300] "GET /cormun/servlet/hhome HTTP/1.1" 200 3935
186.79.62.124 - - [20/Mar/2018:13:10:42 -0300] "GET /cormun/static/scaMessage/css/jquery.pnotify.default.css?1716380 HTTP/1.1" 200 1707
186.79.62.124 - - [20/Mar/2018:13:10:43 -0300] "GET /cormun/servlet/hhome HTTP/1.1" 200 3931
186.79.62.124 - - [20/Mar/2018:13:10:46 -0300] "GET /cormun/servlet/trsolicitudot? HTTP/1.1" 200 7144
186.79.62.124 - - [20/Mar/2018:13:10:47 -0300] "GET /cormun/servlet/trsolicitudot? HTTP/1.1" 200 7143
186.79.62.124 - - [20/Mar/2018:13:10:50 -0300] "GET /cormun/servlet/trlicencias? HTTP/1.1" 200 9600
186.79.62.124 - - [20/Mar/2018:13:10:51 -0300] "GET /cormun/static/gxcfg.js?20176272054169 HTTP/1.1" 304 -
186.79.62.124 - - [20/Mar/2018:13:10:51 -0300] "GET /cormun/servlet/trlicencias? HTTP/1.1" 200 9599
186.67.164.142 - - [20/Mar/2018:13:11:10 -0300] "GET /cormun/servlet/licenciaspermisos?b049c9494a6e929478cdd854f9d154d86e10086bbe642385cc8b956bf9ce5862b027f0da11464300bade50e64da10b404dd5cb21322ca0a35ba0188babbe317c9823057c546e44ebee9a21d4fa629f977cd9e2d0b2d0d9643f349eff12aec0cc73b9da10f20bea485a95ed372959ee0ddf4f4a90018343a42c3adc9cc41ce279f19b5cb336a0cc696f8f5e6c8391eefa8e427406e94b2e8266ff00c0e3d561befff398eb785dfa6a90bf336a7aa0ea0f750c46f768d023706949f32dc1bb24e704227423bdeba8bb527dba57f7167c20b75326de1308ce0ae398a5a12944e10a,gx-no-cache=1521562218555 HTTP/1.1" 200 30
186.67.164.142 - - [20/Mar/2018:13:11:10 -0300] "GET /cormun/servlet/licenciaspermisos?b049c9494a6e929478cdd854f9d154d8202671cd965965edff8434a5cc48b7a1568ce604e6894cb4a76afeb519c557b6ab612ab7550ae3cb69909efcd7e2d07e4df9e32d1029db30d72ae9922e444cfe081df1c32679e8c2abf82d260a5d71c8bb695a2b807d6a9d561e7cb37e396c433d035a426504d46833585a02e5bd606230fe0df4f4a7cbf8e5746c2bd0bdade884dbf72efcade9dc9ed2b896d4bdb77ec8e228d8903b8055320d48520da415e714a70cc1cbbd9212bfcb49d42cec7a6264fcfaaf0c55c07ca4b3aaa4b9140ae38310df84ec382758c61f01c99ae81186,gx-no-cache=1521562218728 HTTP/1.1" 200 29
186.67.164.142 - - [20/Mar/2018:13:11:10 -0300] "POST /cormun/servlet/licenciaspermisos?1a4c68eb3a879bb4c918cd683e49615f,INS,0,,,,gx-no-cache=1521562218756 HTTP/1.1" 200 93
186.67.164.142 - - [20/Mar/2018:13:11:10 -0300] "GET /cormun/servlet/hpexe_return? HTTP/1.1" 200 1006
186.67.164.142 - - [20/Mar/2018:13:11:11 -0300] "GET /cormun/servlet/trlicencias HTTP/1.1" 200 11881
186.79.62.124 - - [20/Mar/2018:13:11:11 -0300] "GET /cormun/servlet/licenciaspermisos?INS,0,,, HTTP/1.1" 200 7459
186.79.62.124 - - [20/Mar/2018:13:11:11 -0300] "GET /cormun/static/gxcfg.js?201762917281167 HTTP/1.1" 304 -
186.67.164.142 - - [20/Mar/2018:13:11:11 -0300] "GET /cormun/servlet/trlicencias HTTP/1.1" 200 11883
186.79.62.124 - - [20/Mar/2018:13:11:12 -0300] "GET /cormun/servlet/licenciaspermisos?INS,0,,, HTTP/1.1" 200 7458
186.67.164.142 - - [20/Mar/2018:13:11:16 -0300] "GET /cormun/servlet/trlicenciaspermisosadjuntos?8265169,20180320000000,L, HTTP/1.1" 200 6315
186.67.164.142 - - [20/Mar/2018:13:11:16 -0300] "GET /cormun/static/gxcfg.js?20177612163414 HTTP/1.1" 200 953
186.67.164.142 - - [20/Mar/2018:13:11:16 -0300] "GET /cormun/servlet/trlicenciaspermisosadjuntos?8265169,20180320000000,L, HTTP/1.1" 200 6316
186.67.164.142 - - [20/Mar/2018:13:11:18 -0300] "GET /cormun/servlet/licenciaspermisosadjuntos?INS,8265169,L,20180320000000,, HTTP/1.1" 200 5606
186.67.164.142 - - [20/Mar/2018:13:11:18 -0300] "GET /cormun/static/gxcfg.js?2017761263592 HTTP/1.1" 200 953
186.67.164.142 - - [20/Mar/2018:13:11:18 -0300] "GET /cormun/static/about:blank HTTP/1.1" 404 1011
186.67.164.142 - - [20/Mar/2018:13:11:18 -0300] "GET /cormun/servlet/licenciaspermisosadjuntos?INS,8265169,L,20180320000000,, HTTP/1.1" 200 5596
186.67.203.186 - - [20/Mar/2018:13:11:19 -0300] "POST /cormun/servlet/trsolicitudot?8ab5cd2ba88f6630bc89fd734fa483a7,,gx-no-cache=1521562228406 HTTP/1.1" 200 103
186.67.203.186 - - [20/Mar/2018:13:11:20 -0300] "GET /cormun/SolicitudOT-3725.xls HTTP/1.1" 200 22528
186.67.164.142 - - [20/Mar/2018:13:11:36 -0300] "POST /cormun/servlet/licenciaspermisosadjuntos?1a4c68eb3a879bb4c918cd683e49615f,INS,8265169,L,20180320000000,, HTTP/1.1" 200 116
186.67.164.142 - - [20/Mar/2018:13:11:36 -0300] "GET /cormun/servlet/hpexe_return? HTTP/1.1" 200 1034
186.67.164.142 - - [20/Mar/2018:13:11:36 -0300] "GET /cormun/servlet/trlicenciaspermisosadjuntos?8265169,20180320000000,L, HTTP/1.1" 200 6795
186.103.159.204 - - [20/Mar/2018:13:11:36 -0300] "POST /cormun/servlet/trsolicitudot?6aaf39c2e7352bbe7d38893de99cd1d1,,gx-no-cache=1521562242923 HTTP/1.1" 200 5683
186.67.164.142 - - [20/Mar/2018:13:11:37 -0300] "GET /cormun/servlet/trlicenciaspermisosadjuntos?8265169,20180320000000,L, HTTP/1.1" 200 6792
186.79.62.124 - - [20/Mar/2018:13:11:38 -0300] "GET /cormun/servlet/prfichaempleado?,MD,,gxPopupLevel%3D0%3B HTTP/1.1" 200 9277
186.79.62.124 - - [20/Mar/2018:13:11:38 -0300] "GET /cormun/static/gxcfg.js?20177612134814 HTTP/1.1" 304 -
186.67.164.142 - - [20/Mar/2018:13:11:39 -0300] "POST /cormun/servlet/trlicenciaspermisosadjuntos?1a4c68eb3a879bb4c918cd683e49615f,8265169,20180320000000,L,,gx-no-cache=1521562247385 HTTP/1.1" 200 90
186.67.164.142 - - [20/Mar/2018:13:11:39 -0300] "GET /cormun/servlet/hpexe_link HTTP/1.1" 200 977
186.67.164.142 - - [20/Mar/2018:13:11:39 -0300] "GET /cormun/servlet/trlicencias HTTP/1.1" 200 11878
186.67.164.142 - - [20/Mar/2018:13:11:40 -0300] "GET /cormun/servlet/trlicencias HTTP/1.1" 200 11864
186.67.164.142 - - [20/Mar/2018:13:11:42 -0300] "GET /cormun/servlet/alicenciaprn?8265169,L,20180320000000,PU HTTP/1.1" 200 1536
186.103.159.204 - - [20/Mar/2018:13:11:46 -0300] "POST /cormun/servlet/trsolicitudot?6aaf39c2e7352bbe7d38893de99cd1d1,,gx-no-cache=1521562253147 HTTP/1.1" 200 106
186.103.159.204 - - [20/Mar/2018:13:11:46 -0300] "GET /cormun/servlet/trsolicitudadjuntos?2018,9393, HTTP/1.1" 200 9639
186.103.159.204 - - [20/Mar/2018:13:11:47 -0300] "GET /cormun/servlet/trsolicitudadjuntos?2018,9393, HTTP/1.1" 200 9650
186.103.159.204 - - [20/Mar/2018:13:11:56 -0300] "GET /cormun/servlet/trsolicitudot? HTTP/1.1" 200 8490
186.103.159.204 - - [20/Mar/2018:13:11:57 -0300] "GET /cormun/servlet/trsolicitudot? HTTP/1.1" 200 8479
186.103.159.204 - - [20/Mar/2018:13:12:10 -0300] "POST /cormun/servlet/trsolicitudot?6aaf39c2e7352bbe7d38893de99cd1d1,,gx-no-cache=1521562277453 HTTP/1.1" 200 9875
186.103.159.204 - - [20/Mar/2018:13:12:18 -0300] "POST /cormun/servlet/trsolicitudot?6aaf39c2e7352bbe7d38893de99cd1d1,,gx-no-cache=1521562285282 HTTP/1.1" 200 9875
186.67.172.234 - - [20/Mar/2018:13:12:20 -0300] "POST /cormun/servlet/solicitudot?gx-no-cache=1521562289298 HTTP/1.1" 200 3389
186.67.172.234 - - [20/Mar/2018:13:12:21 -0300] "POST /cormun/servlet/solicitudot?9115224325a8606f0971f69352a3fccc,INS,0,0,,gx-no-cache=1521562289904 HTTP/1.1" 200 10560
186.67.172.234 - - [20/Mar/2018:13:12:22 -0300] "GET /cormun/servlet/solicitudot?38fd63912287f540befe1a439147ad2933eaf19f1a57459520da7a043ff74673a23917ca2f7f3b9148d37381cd2e81a5,gx-no-cache=1521562291471 HTTP/1.1" 200 30
186.103.159.204 - - [20/Mar/2018:13:12:29 -0300] "POST /cormun/servlet/trsolicitudot?6aaf39c2e7352bbe7d38893de99cd1d1,,gx-no-cache=1521562295386 HTTP/1.1" 200 4295
186.79.62.124 - - [20/Mar/2018:13:12:31 -0300] "GET /cormun/servlet/licenciaspermisos?be3042bee4a241046875695e36d37c40b021789d17ca36c0624714bf8a2609b6dd4e6d501a05832c51148a0e203d943c,gx-no-cache=1521562301174 HTTP/1.1" 200 98
186.79.62.124 - - [20/Mar/2018:13:12:31 -0300] "POST /cormun/servlet/licenciaspermisos?e4200272f7e7dcbf990a577733625ff6,INS,0,,,,gx-no-cache=1521562301559 HTTP/1.1" 200 4696
186.67.172.234 - - [20/Mar/2018:13:12:37 -0300] "GET /cormun/servlet/solicitudot?38fd63912287f540befe1a439147ad292b091877c86d2d4dac0308a70e2b6463828edf2bba31a1e804dbd2db285f80827959380ad9b58ca978ae41f4282a63ef,gx-no-cache=1521562305492 HTTP/1.1" 200 30
186.67.172.234 - - [20/Mar/2018:13:12:37 -0300] "GET /cormun/servlet/solicitudot?38fd63912287f540befe1a439147ad293b9b1221dec24ff638f95754e64be679,gx-no-cache=1521562305561 HTTP/1.1" 200 51
186.67.172.234 - - [20/Mar/2018:13:12:37 -0300] "POST /cormun/servlet/solicitudot?gx-no-cache=1521562305632 HTTP/1.1" 200 297
186.67.172.234 - - [20/Mar/2018:13:12:37 -0300] "GET /cormun/servlet/solicitudot?38fd63912287f540befe1a439147ad299cad8b7a954eed5560d02f9ae52026296c47807f83293d05ade16001563140083c518f2236e4f8ec3cc4ed23504b06f2590b20f83c11c5b1010290f0de2c5d31b913aff4b1c0092a254221ba2366850c690b0cde5b75e2c4fc2df895b4fadde6acc46327022a6e42ef86c6f09b0643a4e5ad857dd1b9ad9000bb2b2842af0a6150802b7be4deb064234dffcc3685ec548c248a6be1e8eb42b595d357da99fea804d2cbb9b0d27141faa304aeddaf0b8551e5fc5a3d93fc984423026ea1b3675938b5bd2bd8d0ecd256fe66c6e542f805f82d7c9fd6ec80d50396bacde8f404c1e94c0253a212a7fd5b647c850b1181a48fe19cceee6af5d035693a7f2268793ba33192c2a736f6a069199567eae8345fc31720da479896e768cde5da6c62fe57f56c0cd173dfaf5f1f81d3d07e51f98e7b65ddfa04b3ae54b84c282bbbcdb6a6b1aa78e38455f2bf70cde6eb3e03e1937d3a41fe77452be458a69d76d2b4e826f8fb0f7823539b73ac7b239c10962862dc641b3fbc11384d1c6a4e687cd8e057,gx-no-cache=1521562305709 HTTP/1.1" 200 30
186.67.172.234 - - [20/Mar/2018:13:12:39 -0300] "POST /cormun/servlet/solicitudot?gx-no-cache=1521562307834 HTTP/1.1" 200 30
186.67.172.234 - - [20/Mar/2018:13:12:42 -0300] "POST /cormun/servlet/solicitudot?gx-no-cache=1521562311336 HTTP/1.1" 200 1336
186.67.172.234 - - [20/Mar/2018:13:12:42 -0300] "POST /cormun/servlet/solicitudot?gx-no-cache=1521562311423 HTTP/1.1" 200 38
186.103.159.204 - - [20/Mar/2018:13:12:48 -0300] "POST /cormun/servlet/trsolicitudot?6aaf39c2e7352bbe7d38893de99cd1d1,,gx-no-cache=1521562315272 HTTP/1.1" 200 4294
186.67.164.142 - - [20/Mar/2018:13:12:49 -0300] "POST /cormun/servlet/trlicencias?1a4c68eb3a879bb4c918cd683e49615f,gx-no-cache=1521562317308 HTTP/1.1" 200 9182
186.67.164.142 - - [20/Mar/2018:13:12:49 -0300] "GET /cormun/static/Shared/jqueryui/images/ui-bg_highlight-soft_100_c6c2c8_1x100.png HTTP/1.1" 404 1117
186.67.164.142 - - [20/Mar/2018:13:12:49 -0300] "GET /cormun/static/Shared/jqueryui/images/ui-icons_82798d_256x240.png HTTP/1.1" 404 1089
186.67.164.142 - - [20/Mar/2018:13:12:49 -0300] "GET /cormun/static/Shared/jqueryui/images/ui-bg_flat_55_fafafa_40x100.png HTTP/1.1" 404 1097
186.67.164.142 - - [20/Mar/2018:13:12:49 -0300] "GET /cormun/static/Shared/jqueryui/images/ui-icons_8d78a5_256x240.png HTTP/1.1" 404 1089
186.103.159.204 - - [20/Mar/2018:13:12:51 -0300] "POST /cormun/servlet/trsolicitudot?6aaf39c2e7352bbe7d38893de99cd1d1,,gx-no-cache=1521562318438 HTTP/1.1" 200 4294
186.67.172.234 - - [20/Mar/2018:13:12:52 -0300] "GET /cormun/servlet/solicitudot?38fd63912287f540befe1a439147ad292b78f22501903ad0618310f648cd9c2112773548238b22d8ed15893c42aaf4729ce959b7ee2f90826c27ff6d0672985f068d56c596e5dea20249fa74624eeff2282b8a6df6009eeaf3d759116a7d2f59c47e5b51419c7fbb82d554dfa37fb34a,gx-no-cache=1521562321388 HTTP/1.1" 200 29
186.67.172.234 - - [20/Mar/2018:13:12:52 -0300] "POST /cormun/servlet/solicitudot?gx-no-cache=1521562321452 HTTP/1.1" 200 1319
186.67.172.234 - - [20/Mar/2018:13:12:53 -0300] "POST /cormun/servlet/solicitudot?gx-no-cache=1521562321506 HTTP/1.1" 200 1218
186.67.172.234 - - [20/Mar/2018:13:12:54 -0300] "GET /cormun/static/menuarrow.gif HTTP/1.1" 404 1015
186.67.172.234 - - [20/Mar/2018:13:12:57 -0300] "GET /cormun/servlet/solicitudot?38fd63912287f540befe1a439147ad29cd83911742994dcfebb0e039c218149f45117d85d6274a0861f69616afab6d91,gx-no-cache=1521562326041 HTTP/1.1" 200 30
186.67.172.234 - - [20/Mar/2018:13:13:07 -0300] "POST /cormun/servlet/solicitudot?gx-no-cache=1521562336294 HTTP/1.1" 200 30
190.100.93.40 - - [20/Mar/2018:13:13:32 -0300] "GET /cormun/servlet/hlogin HTTP/1.1" 200 1714
190.100.93.40 - - [20/Mar/2018:13:13:33 -0300] "GET /cormun/servlet/hlogin HTTP/1.1" 200 1725
190.100.93.40 - - [20/Mar/2018:13:13:34 -0300] "POST /cormun/servlet/hlogin?c023110456e8c5a040e892d00a3ea429,gx-no-cache=1521562362736 HTTP/1.1" 200 90
190.100.93.40 - - [20/Mar/2018:13:13:34 -0300] "GET /cormun/servlet/hpexe_link HTTP/1.1" 200 945
190.100.93.40 - - [20/Mar/2018:13:13:34 -0300] "GET /cormun/servlet/hhome HTTP/1.1" 200 4333
190.100.93.40 - - [20/Mar/2018:13:13:35 -0300] "GET /cormun/servlet/hhome HTTP/1.1" 200 4329
190.100.93.40 - - [20/Mar/2018:13:13:39 -0300] "GET /cormun/servlet/trpermisosgoce? HTTP/1.1" 200 9009
190.100.93.40 - - [20/Mar/2018:13:13:39 -0300] "GET /cormun/servlet/trpermisosgoce? HTTP/1.1" 200 9007
186.67.164.142 - - [20/Mar/2018:13:13:40 -0300] "GET /cormun/servlet/trsolicitudot? HTTP/1.1" 200 9610
186.67.164.142 - - [20/Mar/2018:13:13:40 -0300] "GET /cormun/servlet/trsolicitudot? HTTP/1.1" 200 9610
186.67.172.234 - - [20/Mar/2018:13:13:42 -0300] "POST /cormun/servlet/solicitudot?9115224325a8606f0971f69352a3fccc,INS,0,0,,gx-no-cache=1521562370549 HTTP/1.1" 200 11982
190.100.93.40 - - [20/Mar/2018:13:13:45 -0300] "GET /cormun/servlet/trpermisosadjuntos?8721654,20180319175049,P, HTTP/1.1" 200 6647
190.100.93.40 - - [20/Mar/2018:13:13:45 -0300] "GET /cormun/static/gxcfg.js?201762817193957 HTTP/1.1" 200 953
190.100.93.40 - - [20/Mar/2018:13:13:46 -0300] "GET /cormun/static/trpermisosadjuntos.js?201762817194366 HTTP/1.1" 200 20158
190.100.93.40 - - [20/Mar/2018:13:13:46 -0300] "GET /cormun/servlet/trpermisosadjuntos?8721654,20180319175049,P, HTTP/1.1" 200 6647
190.100.93.40 - - [20/Mar/2018:13:13:48 -0300] "GET /cormun/servlet/permisosadjuntos?INS,8721654,P,20180319175049,, HTTP/1.1" 200 5978
190.100.93.40 - - [20/Mar/2018:13:13:48 -0300] "GET /cormun/static/gxcfg.js?201762717441171 HTTP/1.1" 200 953
190.100.93.40 - - [20/Mar/2018:13:13:48 -0300] "GET /cormun/static/permisosadjuntos.js?201762717441184 HTTP/1.1" 200 8724
190.100.93.40 - - [20/Mar/2018:13:13:48 -0300] "GET /cormun/static/about:blank HTTP/1.1" 404 1011
190.100.93.40 - - [20/Mar/2018:13:13:48 -0300] "GET /cormun/servlet/permisosadjuntos?INS,8721654,P,20180319175049,, HTTP/1.1" 200 5967
186.67.164.142 - - [20/Mar/2018:13:13:48 -0300] "POST /cormun/servlet/trsolicitudot?1a4c68eb3a879bb4c918cd683e49615f,,gx-no-cache=1521562376801 HTTP/1.1" 200 107
186.67.164.142 - - [20/Mar/2018:13:13:49 -0300] "GET /cormun/servlet/trsolicitudadjuntos?2018,10671, HTTP/1.1" 200 6068
186.67.164.142 - - [20/Mar/2018:13:13:49 -0300] "GET /cormun/servlet/trsolicitudadjuntos?2018,10671, HTTP/1.1" 200 6069
186.67.164.142 - - [20/Mar/2018:13:13:51 -0300] "GET /cormun/servlet/solicitudotadjuntos?INS,2018,10671,,1, HTTP/1.1" 200 6007
186.67.164.142 - - [20/Mar/2018:13:13:51 -0300] "GET /cormun/static/about:blank HTTP/1.1" 404 1011
186.67.164.142 - - [20/Mar/2018:13:13:51 -0300] "GET /cormun/servlet/solicitudotadjuntos?INS,2018,10671,,1, HTTP/1.1" 200 6001
186.67.164.142 - - [20/Mar/2018:13:13:52 -0300] "GET /cormun/servlet/solicitudotadjuntos?928f28d6f106014ad894da579b48fdca0fec4ab8046bb8604fdc45619d6dbfcebdce05ec51d39fa01250cd308676a1ae,gx-no-cache=1521562380305 HTTP/1.1" 200 30
186.67.164.142 - - [20/Mar/2018:13:13:52 -0300] "POST /cormun/servlet/solicitudotadjuntos?1a4c68eb3a879bb4c918cd683e49615f,INS,2018,10671,,1,,gx-no-cache=1521562380428 HTTP/1.1" 200 3832
186.103.159.204 - - [20/Mar/2018:13:13:52 -0300] "POST /cormun/servlet/trsolicitudot?6aaf39c2e7352bbe7d38893de99cd1d1,,gx-no-cache=1521562379369 HTTP/1.1" 200 9875
190.100.93.40 - - [20/Mar/2018:13:13:53 -0300] "POST /cormun/servlet/permisosadjuntos?c023110456e8c5a040e892d00a3ea429,INS,8721654,P,20180319175049,, HTTP/1.1" 200 116
190.100.93.40 - - [20/Mar/2018:13:13:53 -0300] "GET /cormun/servlet/hpexe_return? HTTP/1.1" 200 1032
190.100.93.40 - - [20/Mar/2018:13:13:53 -0300] "GET /cormun/servlet/trpermisosadjuntos?8721654,20180319175049,P, HTTP/1.1" 200 7162
190.100.93.40 - - [20/Mar/2018:13:13:53 -0300] "GET /cormun/servlet/trpermisosadjuntos?8721654,20180319175049,P, HTTP/1.1" 200 7158
186.67.164.142 - - [20/Mar/2018:13:13:54 -0300] "POST /cormun/servlet/solicitudotadjuntos?gx-no-cache=1521562382743 HTTP/1.1" 200 26
190.100.93.40 - - [20/Mar/2018:13:13:56 -0300] "POST /cormun/servlet/trpermisosadjuntos?c023110456e8c5a040e892d00a3ea429,8721654,20180319175049,P,,gx-no-cache=1521562384665 HTTP/1.1" 200 90
190.100.93.40 - - [20/Mar/2018:13:13:56 -0300] "GET /cormun/servlet/hpexe_link HTTP/1.1" 200 978
190.100.93.40 - - [20/Mar/2018:13:13:56 -0300] "GET /cormun/servlet/trpermisosgoce HTTP/1.1" 200 9008
190.100.93.40 - - [20/Mar/2018:13:13:57 -0300] "GET /cormun/servlet/trpermisosgoce HTTP/1.1" 200 9007
190.100.93.40 - - [20/Mar/2018:13:14:01 -0300] "GET /cormun/servlet/trpermisosadjuntos?13945647,20180316142516,P, HTTP/1.1" 200 6642
190.100.93.40 - - [20/Mar/2018:13:14:01 -0300] "GET /cormun/servlet/trpermisosadjuntos?13945647,20180316142516,P, HTTP/1.1" 200 6641
190.100.93.40 - - [20/Mar/2018:13:14:07 -0300] "GET /cormun/servlet/permisosadjuntos?INS,13945647,P,20180316142516,, HTTP/1.1" 200 5970
190.100.93.40 - - [20/Mar/2018:13:14:08 -0300] "GET /cormun/static/about:blank HTTP/1.1" 404 1011
190.100.93.40 - - [20/Mar/2018:13:14:08 -0300] "GET /cormun/servlet/permisosadjuntos?INS,13945647,P,20180316142516,, HTTP/1.1" 200 5960
186.67.164.142 - - [20/Mar/2018:13:14:14 -0300] "GET /cormun/servlet/solicitudotadjuntos?928f28d6f106014ad894da579b48fdca1b75da41c0c6a84fa3ddffaaa14f8e8f,gx-no-cache=1521562402903 HTTP/1.1" 200 30
186.67.164.142 - - [20/Mar/2018:13:14:14 -0300] "GET /cormun/servlet/solicitudotadjuntos?928f28d6f106014ad894da579b48fdca1b75da41c0c6a84fa3ddffaaa14f8e8f,gx-no-cache=1521562402993 HTTP/1.1" 200 30
190.100.93.40 - - [20/Mar/2018:13:14:15 -0300] "POST /cormun/servlet/permisosadjuntos?c023110456e8c5a040e892d00a3ea429,INS,13945647,P,20180316142516,, HTTP/1.1" 200 116
190.100.93.40 - - [20/Mar/2018:13:14:16 -0300] "GET /cormun/servlet/hpexe_return? HTTP/1.1" 200 1032
186.103.159.204 - - [20/Mar/2018:13:14:16 -0300] "POST /cormun/servlet/trsolicitudot?6aaf39c2e7352bbe7d38893de99cd1d1,,gx-no-cache=1521562402447 HTTP/1.1" 200 9875
190.100.93.40 - - [20/Mar/2018:13:14:16 -0300] "GET /cormun/servlet/trpermisosadjuntos?13945647,20180316142516,P, HTTP/1.1" 200 7159
190.100.93.40 - - [20/Mar/2018:13:14:16 -0300] "GET /cormun/servlet/trpermisosadjuntos?13945647,20180316142516,P, HTTP/1.1" 200 7155
186.67.164.142 - - [20/Mar/2018:13:14:17 -0300] "POST /cormun/servlet/solicitudotadjuntos?1a4c68eb3a879bb4c918cd683e49615f,INS,2018,10671,,1, HTTP/1.1" 200 116
186.67.164.142 - - [20/Mar/2018:13:14:17 -0300] "GET /cormun/servlet/hpexe_return? HTTP/1.1" 200 1020
186.67.164.142 - - [20/Mar/2018:13:14:17 -0300] "GET /cormun/servlet/trsolicitudadjuntos?2018,10671, HTTP/1.1" 200 8532
186.67.164.142 - - [20/Mar/2018:13:14:18 -0300] "GET /cormun/servlet/trsolicitudadjuntos?2018,10671, HTTP/1.1" 200 8526
190.100.93.40 - - [20/Mar/2018:13:14:18 -0300] "POST /cormun/servlet/trpermisosadjuntos?c023110456e8c5a040e892d00a3ea429,13945647,20180316142516,P,,gx-no-cache=1521562407355 HTTP/1.1" 200 90
190.100.93.40 - - [20/Mar/2018:13:14:19 -0300] "GET /cormun/servlet/hpexe_link HTTP/1.1" 200 978
190.100.93.40 - - [20/Mar/2018:13:14:19 -0300] "GET /cormun/servlet/trpermisosgoce HTTP/1.1" 200 9008
190.100.93.40 - - [20/Mar/2018:13:14:19 -0300] "GET /cormun/servlet/trpermisosgoce HTTP/1.1" 200 9007
186.67.164.142 - - [20/Mar/2018:13:14:22 -0300] "GET /cormun/servlet/solicitudotadjuntos?INS,2018,10671,,1, HTTP/1.1" 200 6007
186.67.164.142 - - [20/Mar/2018:13:14:22 -0300] "GET /cormun/static/about:blank HTTP/1.1" 404 1011
186.67.164.142 - - [20/Mar/2018:13:14:22 -0300] "GET /cormun/servlet/solicitudotadjuntos?INS,2018,10671,,1, HTTP/1.1" 200 6001
186.67.164.142 - - [20/Mar/2018:13:14:22 -0300] "GET /cormun/servlet/solicitudotadjuntos?928f28d6f106014ad894da579b48fdca0fec4ab8046bb8604fdc45619d6dbfcebdce05ec51d39fa01250cd308676a1ae,gx-no-cache=1521562411059 HTTP/1.1" 200 30
186.67.164.142 - - [20/Mar/2018:13:14:23 -0300] "POST /cormun/servlet/solicitudotadjuntos?1a4c68eb3a879bb4c918cd683e49615f,INS,2018,10671,,1,,gx-no-cache=1521562411092 HTTP/1.1" 200 3832
190.100.93.40 - - [20/Mar/2018:13:14:23 -0300] "POST /cormun/servlet/trpermisosgoce?c023110456e8c5a040e892d00a3ea429,gx-no-cache=1521562411740 HTTP/1.1" 200 6051
190.100.93.40 - - [20/Mar/2018:13:14:23 -0300] "GET /cormun/static/Shared/jqueryui/images/ui-bg_highlight-soft_100_c6c2c8_1x100.png HTTP/1.1" 404 1117
190.100.93.40 - - [20/Mar/2018:13:14:23 -0300] "GET /cormun/static/Shared/jqueryui/images/ui-icons_82798d_256x240.png HTTP/1.1" 404 1089
190.100.93.40 - - [20/Mar/2018:13:14:23 -0300] "GET /cormun/static/Shared/jqueryui/images/ui-bg_flat_55_fafafa_40x100.png HTTP/1.1" 404 1097
190.100.93.40 - - [20/Mar/2018:13:14:23 -0300] "GET /cormun/static/Shared/jqueryui/images/ui-icons_8d78a5_256x240.png HTTP/1.1" 404 1089
186.67.164.142 - - [20/Mar/2018:13:14:24 -0300] "POST /cormun/servlet/solicitudotadjuntos?gx-no-cache=1521562412831 HTTP/1.1" 200 26
186.103.159.204 - - [20/Mar/2018:13:14:27 -0300] "POST /cormun/servlet/trsolicitudot?6aaf39c2e7352bbe7d38893de99cd1d1,,gx-no-cache=1521562414258 HTTP/1.1" 200 107
190.100.93.40 - - [20/Mar/2018:13:14:27 -0300] "POST /cormun/servlet/trpermisosgoce?c023110456e8c5a040e892d00a3ea429,gx-no-cache=1521562415089 HTTP/1.1" 200 6047
186.103.159.204 - - [20/Mar/2018:13:14:27 -0300] "GET /cormun/servlet/trsolicitudadjuntos?2018,10567, HTTP/1.1" 200 9513
186.103.159.204 - - [20/Mar/2018:13:14:28 -0300] "GET /cormun/servlet/trsolicitudadjuntos?2018,10567, HTTP/1.1" 200 9521
190.100.93.40 - - [20/Mar/2018:13:14:29 -0300] "GET /cormun/servlet/trautorizarpermisogoce? HTTP/1.1" 200 8337
190.100.93.40 - - [20/Mar/2018:13:14:29 -0300] "GET /cormun/static/gxcfg.js?20177612165975 HTTP/1.1" 200 953
190.100.93.40 - - [20/Mar/2018:13:14:29 -0300] "GET /cormun/static/trautorizarpermisogoce.js?2017761217384 HTTP/1.1" 200 34948
190.100.93.40 - - [20/Mar/2018:13:14:30 -0300] "GET /cormun/servlet/trautorizarpermisogoce? HTTP/1.1" 200 8337
186.67.164.142 - - [20/Mar/2018:13:14:30 -0300] "GET /cormun/servlet/solicitudotadjuntos?928f28d6f106014ad894da579b48fdca1b75da41c0c6a84fa3ddffaaa14f8e8f,gx-no-cache=1521562418791 HTTP/1.1" 200 30
186.67.164.142 - - [20/Mar/2018:13:14:30 -0300] "GET /cormun/servlet/solicitudotadjuntos?928f28d6f106014ad894da579b48fdca1b75da41c0c6a84fa3ddffaaa14f8e8f,gx-no-cache=1521562418830 HTTP/1.1" 200 30
186.67.164.142 - - [20/Mar/2018:13:14:32 -0300] "POST /cormun/servlet/solicitudotadjuntos?1a4c68eb3a879bb4c918cd683e49615f,INS,2018,10671,,1, HTTP/1.1" 200 116
186.67.164.142 - - [20/Mar/2018:13:14:32 -0300] "GET /cormun/servlet/hpexe_return? HTTP/1.1" 200 1020
186.67.164.142 - - [20/Mar/2018:13:14:33 -0300] "GET /cormun/servlet/trsolicitudadjuntos?2018,10671, HTTP/1.1" 200 8745
190.100.93.40 - - [20/Mar/2018:13:14:33 -0300] "POST /cormun/servlet/trautorizarpermisogoce?c023110456e8c5a040e892d00a3ea429,,gx-no-cache=1521562421611 HTTP/1.1" 200 5105
190.100.93.40 - - [20/Mar/2018:13:14:33 -0300] "GET /cormun/static/Shared/jqueryui/images/ui-bg_highlight-soft_100_c6c2c8_1x100.png HTTP/1.1" 404 1117
190.100.93.40 - - [20/Mar/2018:13:14:33 -0300] "GET /cormun/static/Shared/jqueryui/images/ui-icons_82798d_256x240.png HTTP/1.1" 404 1089
190.100.93.40 - - [20/Mar/2018:13:14:33 -0300] "GET /cormun/static/Shared/jqueryui/images/ui-bg_flat_55_fafafa_40x100.png HTTP/1.1" 404 1097
190.100.93.40 - - [20/Mar/2018:13:14:33 -0300] "GET /cormun/static/Shared/jqueryui/images/ui-icons_8d78a5_256x240.png HTTP/1.1" 404 1089
186.67.164.142 - - [20/Mar/2018:13:14:33 -0300] "GET /cormun/servlet/trsolicitudadjuntos?2018,10671, HTTP/1.1" 200 8745
186.103.159.204 - - [20/Mar/2018:13:14:33 -0300] "GET /cormun/servlet/trsolicitudot? HTTP/1.1" 200 12803
186.103.159.204 - - [20/Mar/2018:13:14:34 -0300] "GET /cormun/servlet/trsolicitudot? HTTP/1.1" 200 12794
190.100.93.40 - - [20/Mar/2018:13:14:35 -0300] "POST /cormun/servlet/trautorizarpermisogoce?c023110456e8c5a040e892d00a3ea429,,gx-no-cache=1521562423319 HTTP/1.1" 200 4348
186.67.164.142 - - [20/Mar/2018:13:14:36 -0300] "GET /cormun/servlet/solicitudotadjuntos?INS,2018,10671,,1, HTTP/1.1" 200 6007
186.67.164.142 - - [20/Mar/2018:13:14:36 -0300] "GET /cormun/static/about:blank HTTP/1.1" 404 1011
186.67.164.142 - - [20/Mar/2018:13:14:36 -0300] "GET /cormun/servlet/solicitudotadjuntos?INS,2018,10671,,1, HTTP/1.1" 200 6001
186.67.164.142 - - [20/Mar/2018:13:14:37 -0300] "GET /cormun/servlet/solicitudotadjuntos?928f28d6f106014ad894da579b48fdca0fec4ab8046bb8604fdc45619d6dbfcebdce05ec51d39fa01250cd308676a1ae,gx-no-cache=1521562425145 HTTP/1.1" 200 30
186.67.164.142 - - [20/Mar/2018:13:14:37 -0300] "POST /cormun/servlet/solicitudotadjuntos?1a4c68eb3a879bb4c918cd683e49615f,INS,2018,10671,,1,,gx-no-cache=1521562425213 HTTP/1.1" 200 3832
186.67.164.142 - - [20/Mar/2018:13:14:41 -0300] "POST /cormun/servlet/solicitudotadjuntos?gx-no-cache=1521562429348 HTTP/1.1" 200 26
186.67.164.142 - - [20/Mar/2018:13:14:48 -0300] "GET /cormun/servlet/solicitudotadjuntos?928f28d6f106014ad894da579b48fdca1b75da41c0c6a84fa3ddffaaa14f8e8f,gx-no-cache=1521562436623 HTTP/1.1" 200 30
186.67.164.142 - - [20/Mar/2018:13:14:48 -0300] "GET /cormun/servlet/solicitudotadjuntos?928f28d6f106014ad894da579b48fdca1b75da41c0c6a84fa3ddffaaa14f8e8f,gx-no-cache=1521562436686 HTTP/1.1" 200 30
190.100.93.40 - - [20/Mar/2018:13:14:54 -0300] "GET /cormun/servlet/trfichaempleadohoras? HTTP/1.1" 500 10
190.100.93.40 - - [20/Mar/2018:13:14:56 -0300] "GET /cormun/servlet/trfichaempleadohoras? HTTP/1.1" 500 10
190.100.93.40 - - [20/Mar/2018:13:14:57 -0300] "GET /cormun/servlet/trautorizarpermisogoce? HTTP/1.1" 200 7170
190.100.93.40 - - [20/Mar/2018:13:14:57 -0300] "GET /cormun/servlet/trautorizarpermisogoce? HTTP/1.1" 200 7169
186.67.164.142 - - [20/Mar/2018:13:15:01 -0300] "POST /cormun/servlet/solicitudotadjuntos?1a4c68eb3a879bb4c918cd683e49615f,INS,2018,10671,,1, HTTP/1.1" 200 116
186.67.164.142 - - [20/Mar/2018:13:15:01 -0300] "GET /cormun/servlet/hpexe_return? HTTP/1.1" 200 1020
186.67.164.142 - - [20/Mar/2018:13:15:02 -0300] "GET /cormun/servlet/trsolicitudadjuntos?2018,10671, HTTP/1.1" 200 8946
186.67.164.142 - - [20/Mar/2018:13:15:03 -0300] "GET /cormun/servlet/trsolicitudadjuntos?2018,10671, HTTP/1.1" 200 8942
186.67.164.142 - - [20/Mar/2018:13:15:05 -0300] "GET /cormun/servlet/solicitudotadjuntos?INS,2018,10671,,1, HTTP/1.1" 200 6008
186.67.164.142 - - [20/Mar/2018:13:15:05 -0300] "GET /cormun/static/about:blank HTTP/1.1" 404 1011
186.67.164.142 - - [20/Mar/2018:13:15:05 -0300] "GET /cormun/servlet/solicitudotadjuntos?INS,2018,10671,,1, HTTP/1.1" 200 6002
186.67.164.142 - - [20/Mar/2018:13:15:06 -0300] "GET /cormun/servlet/solicitudotadjuntos?928f28d6f106014ad894da579b48fdca0fec4ab8046bb8604fdc45619d6dbfcebdce05ec51d39fa01250cd308676a1ae,gx-no-cache=1521562454165 HTTP/1.1" 200 30
186.67.164.142 - - [20/Mar/2018:13:15:06 -0300] "POST /cormun/servlet/solicitudotadjuntos?1a4c68eb3a879bb4c918cd683e49615f,INS,2018,10671,,1,,gx-no-cache=1521562454221 HTTP/1.1" 200 3833
186.67.164.142 - - [20/Mar/2018:13:15:09 -0300] "POST /cormun/servlet/solicitudotadjuntos?gx-no-cache=1521562457547 HTTP/1.1" 200 26
186.67.164.142 - - [20/Mar/2018:13:15:15 -0300] "GET /cormun/servlet/solicitudotadjuntos?928f28d6f106014ad894da579b48fdca1b75da41c0c6a84fa3ddffaaa14f8e8f,gx-no-cache=1521562463189 HTTP/1.1" 200 30
186.67.164.142 - - [20/Mar/2018:13:15:15 -0300] "GET /cormun/servlet/solicitudotadjuntos?928f28d6f106014ad894da579b48fdca1b75da41c0c6a84fa3ddffaaa14f8e8f,gx-no-cache=1521562463243 HTTP/1.1" 200 30
186.67.164.142 - - [20/Mar/2018:13:15:17 -0300] "POST /cormun/servlet/solicitudotadjuntos?1a4c68eb3a879bb4c918cd683e49615f,INS,2018,10671,,1, HTTP/1.1" 200 116
186.67.164.142 - - [20/Mar/2018:13:15:17 -0300] "GET /cormun/servlet/hpexe_return? HTTP/1.1" 200 1020
186.103.159.204 - - [20/Mar/2018:13:15:17 -0300] "GET /cormun/servlet/trcontratoobservacion? HTTP/1.1" 200 12432
186.103.159.204 - - [20/Mar/2018:13:15:17 -0300] "GET /cormun/static/gxcfg.js?2017525126861 HTTP/1.1" 304 -
186.67.164.142 - - [20/Mar/2018:13:15:17 -0300] "GET /cormun/servlet/trsolicitudadjuntos?2018,10671, HTTP/1.1" 200 9137
186.103.159.204 - - [20/Mar/2018:13:15:17 -0300] "GET /cormun/servlet/trcontratoobservacion? HTTP/1.1" 200 12432
186.67.164.142 - - [20/Mar/2018:13:15:18 -0300] "GET /cormun/servlet/trsolicitudadjuntos?2018,10671, HTTP/1.1" 200 9134
186.67.164.142 - - [20/Mar/2018:13:15:20 -0300] "GET /cormun/servlet/solicitudotadjuntos?INS,2018,10671,,1, HTTP/1.1" 200 6008
186.67.164.142 - - [20/Mar/2018:13:15:20 -0300] "GET /cormun/static/about:blank HTTP/1.1" 404 1011
186.67.164.142 - - [20/Mar/2018:13:15:20 -0300] "GET /cormun/servlet/solicitudotadjuntos?INS,2018,10671,,1, HTTP/1.1" 200 6002
186.67.164.142 - - [20/Mar/2018:13:15:21 -0300] "GET /cormun/servlet/solicitudotadjuntos?928f28d6f106014ad894da579b48fdca0fec4ab8046bb8604fdc45619d6dbfcebdce05ec51d39fa01250cd308676a1ae,gx-no-cache=1521562469160 HTTP/1.1" 200 30
186.67.164.142 - - [20/Mar/2018:13:15:21 -0300] "POST /cormun/servlet/solicitudotadjuntos?1a4c68eb3a879bb4c918cd683e49615f,INS,2018,10671,,1,,gx-no-cache=1521562469212 HTTP/1.1" 200 3833
186.67.164.142 - - [20/Mar/2018:13:15:24 -0300] "POST /cormun/servlet/solicitudotadjuntos?gx-no-cache=1521562472929 HTTP/1.1" 200 26
186.67.164.142 - - [20/Mar/2018:13:15:33 -0300] "GET /cormun/servlet/solicitudotadjuntos?928f28d6f106014ad894da579b48fdca1b75da41c0c6a84fa3ddffaaa14f8e8f,gx-no-cache=1521562481755 HTTP/1.1" 200 30
186.67.164.142 - - [20/Mar/2018:13:15:33 -0300] "GET /cormun/servlet/solicitudotadjuntos?928f28d6f106014ad894da579b48fdca1b75da41c0c6a84fa3ddffaaa14f8e8f,gx-no-cache=1521562481793 HTTP/1.1" 200 30
186.67.164.142 - - [20/Mar/2018:13:15:36 -0300] "POST /cormun/servlet/solicitudotadjuntos?1a4c68eb3a879bb4c918cd683e49615f,INS,2018,10671,,1, HTTP/1.1" 200 116
186.67.164.142 - - [20/Mar/2018:13:15:36 -0300] "GET /cormun/servlet/hpexe_return? HTTP/1.1" 200 1020
186.67.164.142 - - [20/Mar/2018:13:15:37 -0300] "GET /cormun/servlet/trsolicitudadjuntos?2018,10671, HTTP/1.1" 200 9401
186.67.164.142 - - [20/Mar/2018:13:15:38 -0300] "GET /cormun/servlet/trsolicitudadjuntos?2018,10671, HTTP/1.1" 200 9400
186.67.164.142 - - [20/Mar/2018:13:15:39 -0300] "GET /cormun/servlet/solicitudotadjuntos?INS,2018,10671,,1, HTTP/1.1" 200 6008
186.67.164.142 - - [20/Mar/2018:13:15:39 -0300] "GET /cormun/static/about:blank HTTP/1.1" 404 1011
186.67.164.142 - - [20/Mar/2018:13:15:40 -0300] "GET /cormun/servlet/solicitudotadjuntos?INS,2018,10671,,1, HTTP/1.1" 200 6002
186.67.164.142 - - [20/Mar/2018:13:15:40 -0300] "GET /cormun/servlet/solicitudotadjuntos?928f28d6f106014ad894da579b48fdca0fec4ab8046bb8604fdc45619d6dbfcebdce05ec51d39fa01250cd308676a1ae,gx-no-cache=1521562488599 HTTP/1.1" 200 30
186.67.164.142 - - [20/Mar/2018:13:15:40 -0300] "POST /cormun/servlet/solicitudotadjuntos?1a4c68eb3a879bb4c918cd683e49615f,INS,2018,10671,,1,,gx-no-cache=1521562488667 HTTP/1.1" 200 3833
186.67.164.142 - - [20/Mar/2018:13:15:44 -0300] "POST /cormun/servlet/solicitudotadjuntos?gx-no-cache=1521562492364 HTTP/1.1" 200 26
186.103.159.204 - - [20/Mar/2018:13:15:44 -0300] "GET /cormun/servlet/trvisualizadoreventos? HTTP/1.1" 200 6604
186.103.159.204 - - [20/Mar/2018:13:15:44 -0300] "GET /cormun/static/gxcfg.js?20175251251426 HTTP/1.1" 304 -
186.103.159.204 - - [20/Mar/2018:13:15:45 -0300] "GET /cormun/servlet/trvisualizadoreventos? HTTP/1.1" 200 6604
186.67.164.142 - - [20/Mar/2018:13:15:53 -0300] "GET /cormun/servlet/solicitudotadjuntos?928f28d6f106014ad894da579b48fdca1b75da41c0c6a84fa3ddffaaa14f8e8f,gx-no-cache=1521562501120 HTTP/1.1" 200 30
186.67.164.142 - - [20/Mar/2018:13:15:53 -0300] "GET /cormun/servlet/solicitudotadjuntos?928f28d6f106014ad894da579b48fdca1b75da41c0c6a84fa3ddffaaa14f8e8f,gx-no-cache=1521562501178 HTTP/1.1" 200 30
186.67.164.142 - - [20/Mar/2018:13:15:54 -0300] "POST /cormun/servlet/solicitudotadjuntos?1a4c68eb3a879bb4c918cd683e49615f,INS,2018,10671,,1, HTTP/1.1" 200 116
186.67.164.142 - - [20/Mar/2018:13:15:54 -0300] "GET /cormun/servlet/hpexe_return? HTTP/1.1" 200 1020
186.67.164.142 - - [20/Mar/2018:13:15:55 -0300] "GET /cormun/servlet/trsolicitudadjuntos?2018,10671, HTTP/1.1" 200 9670
186.67.164.142 - - [20/Mar/2018:13:15:56 -0300] "GET /cormun/servlet/trsolicitudadjuntos?2018,10671, HTTP/1.1" 200 9668
186.67.164.142 - - [20/Mar/2018:13:16:07 -0300] "GET /cormun/servlet/solicitudotadjuntos?INS,2018,10671,,2, HTTP/1.1" 200 6006
186.67.164.142 - - [20/Mar/2018:13:16:08 -0300] "GET /cormun/static/about:blank HTTP/1.1" 404 1011
186.67.164.142 - - [20/Mar/2018:13:16:08 -0300] "GET /cormun/servlet/solicitudotadjuntos?INS,2018,10671,,2, HTTP/1.1" 200 5999
186.67.164.142 - - [20/Mar/2018:13:16:08 -0300] "GET /cormun/servlet/solicitudotadjuntos?928f28d6f106014ad894da579b48fdca0fec4ab8046bb8604fdc45619d6dbfcebdce05ec51d39fa01250cd308676a1ae,gx-no-cache=1521562516892 HTTP/1.1" 200 30
186.67.164.142 - - [20/Mar/2018:13:16:09 -0300] "POST /cormun/servlet/solicitudotadjuntos?1a4c68eb3a879bb4c918cd683e49615f,INS,2018,10671,,2,,gx-no-cache=1521562516949 HTTP/1.1" 200 3975
186.79.62.124 - - [20/Mar/2018:13:16:15 -0300] "GET /cormun/servlet/licenciaspermisos?be3042bee4a241046875695e36d37c404570991113d37482b316b1606432d335be7f940c5b18fe8c59029da9ee0e673c031e7635aaafad0ed6185fa05d14ff2940845253c35ce327a5181d355cc1ee9c385783ef72ee9862fda4034c6d94f3a27dbc9681dc2b579f63bd5262bf0f385c14d0a88a0cb5a420b797e64d05a9bec7039fd1191621b207c4d8d4c3ee4c18189d7ca16105cb29c1e5dabfe34f0748b95fc3bcf6582f6a5ec519bc659c3973f66555db068d7feefe8f68544381f91e274e8e27c7c4381536947a053cbfc61f8cbf5ef5aafe3a873d1acf9ba762e100cc,gx-no-cache=1521562524557 HTTP/1.1" 200 30
