186.103.156.24 - - [20/Mar/2018:11:25:51 -0300] "GET /cormun/servlet/licenciaspermisosadjuntos?INS,11671556,L,20180319000000,, HTTP/1.1" 200 5888
186.103.156.24 - - [20/Mar/2018:11:25:52 -0300] "GET /cormun/static/gxcfg.js?2017761263592 HTTP/1.1" 200 953
186.103.156.24 - - [20/Mar/2018:11:25:52 -0300] "GET /cormun/servlet/licenciaspermisosadjuntos?INS,11671556,L,20180319000000,, HTTP/1.1" 200 5878
186.103.156.24 - - [20/Mar/2018:11:25:52 -0300] "GET /cormun/static/about:blank HTTP/1.1" 404 1011
186.103.157.235 - - [20/Mar/2018:11:26:21 -0300] "POST /cormun/servlet/solicitudotadjuntos?94292b8c4ae9e6f0dfc3a8bb10928ba8,INS,2018,10655,,1, HTTP/1.1" 200 116
186.103.157.235 - - [20/Mar/2018:11:26:21 -0300] "GET /cormun/servlet/hpexe_return? HTTP/1.1" 200 1026
186.103.157.235 - - [20/Mar/2018:11:26:21 -0300] "GET /cormun/servlet/trsolicitudadjuntos?2018,10655, HTTP/1.1" 200 8787
186.103.157.235 - - [20/Mar/2018:11:26:22 -0300] "GET /cormun/servlet/trsolicitudadjuntos?2018,10655, HTTP/1.1" 200 8786
186.103.157.235 - - [20/Mar/2018:11:26:26 -0300] "GET /cormun/servlet/solicitudotadjuntos?INS,2018,10655,,1, HTTP/1.1" 200 6266
186.103.157.235 - - [20/Mar/2018:11:26:26 -0300] "GET /cormun/static/about:blank HTTP/1.1" 404 1011
186.103.157.235 - - [20/Mar/2018:11:26:26 -0300] "GET /cormun/servlet/solicitudotadjuntos?INS,2018,10655,,1, HTTP/1.1" 200 6259
186.103.157.235 - - [20/Mar/2018:11:26:27 -0300] "GET /cormun/servlet/solicitudotadjuntos?c72dfc00f2db5132d36a86d20d2eb070a66be4466e5d9ac3571939c3c3fecc2b55abc716689eda82a7c2cba81b14b811,gx-no-cache=1521555936173 HTTP/1.1" 200 30
186.103.157.235 - - [20/Mar/2018:11:26:30 -0300] "POST /cormun/servlet/solicitudotadjuntos?94292b8c4ae9e6f0dfc3a8bb10928ba8,INS,2018,10655,,1,,gx-no-cache=1521555936268 HTTP/1.1" 200 3985
186.103.157.235 - - [20/Mar/2018:11:26:32 -0300] "POST /cormun/servlet/solicitudotadjuntos?gx-no-cache=1521555941856 HTTP/1.1" 200 26
186.103.156.24 - - [20/Mar/2018:11:26:37 -0300] "POST /cormun/servlet/licenciaspermisosadjuntos?952dfd07dc7b57a759ee900de3d6c7b5,INS,11671556,L,20180319000000,, HTTP/1.1" 200 116
186.103.156.24 - - [20/Mar/2018:11:26:37 -0300] "GET /cormun/servlet/hpexe_return? HTTP/1.1" 200 1043
186.103.156.24 - - [20/Mar/2018:11:26:37 -0300] "GET /cormun/servlet/trlicenciaspermisosadjuntos?11671556,20180319000000,L, HTTP/1.1" 200 7125
186.103.156.24 - - [20/Mar/2018:11:26:38 -0300] "GET /cormun/servlet/trlicenciaspermisosadjuntos?11671556,20180319000000,L, HTTP/1.1" 200 7125
186.103.157.235 - - [20/Mar/2018:11:26:42 -0300] "GET /cormun/servlet/solicitudotadjuntos?c72dfc00f2db5132d36a86d20d2eb0709a92e5c70fe93db07751de4f43e750c7,gx-no-cache=1521555950200 HTTP/1.1" 200 30
186.103.157.235 - - [20/Mar/2018:11:26:42 -0300] "GET /cormun/servlet/solicitudotadjuntos?c72dfc00f2db5132d36a86d20d2eb0709a92e5c70fe93db07751de4f43e750c7,gx-no-cache=1521555951249 HTTP/1.1" 200 30
186.103.156.24 - - [20/Mar/2018:11:26:42 -0300] "GET /cormun/servlet/trlicencias? HTTP/1.1" 200 10406
186.103.156.24 - - [20/Mar/2018:11:26:43 -0300] "GET /cormun/servlet/trlicencias? HTTP/1.1" 200 10405
186.103.156.24 - - [20/Mar/2018:11:26:53 -0300] "POST /cormun/servlet/trlicencias?952dfd07dc7b57a759ee900de3d6c7b5,,gx-no-cache=1521555956568 HTTP/1.1" 200 7736
186.103.156.24 - - [20/Mar/2018:11:26:53 -0300] "GET /cormun/static/Shared/jqueryui/images/ui-bg_flat_55_fafafa_40x100.png HTTP/1.1" 404 1097
186.103.156.24 - - [20/Mar/2018:11:26:53 -0300] "GET /cormun/static/Shared/jqueryui/images/ui-icons_8d78a5_256x240.png HTTP/1.1" 404 1089
186.103.156.24 - - [20/Mar/2018:11:26:53 -0300] "GET /cormun/static/Shared/jqueryui/images/ui-icons_82798d_256x240.png HTTP/1.1" 404 1089
186.103.156.24 - - [20/Mar/2018:11:26:53 -0300] "GET /cormun/static/Shared/jqueryui/images/ui-bg_highlight-soft_100_c6c2c8_1x100.png HTTP/1.1" 404 1117
186.103.156.24 - - [20/Mar/2018:11:27:13 -0300] "GET /cormun/servlet/trsolicitudot? HTTP/1.1" 200 7453
186.103.156.24 - - [20/Mar/2018:11:27:14 -0300] "GET /cormun/servlet/trsolicitudot? HTTP/1.1" 200 7453
186.103.156.24 - - [20/Mar/2018:11:27:20 -0300] "GET /cormun/servlet/trautorizarsolicitud? HTTP/1.1" 200 9343
186.103.156.24 - - [20/Mar/2018:11:27:21 -0300] "GET /cormun/servlet/trautorizarsolicitud? HTTP/1.1" 200 9343
186.103.157.235 - - [20/Mar/2018:11:27:30 -0300] "POST /cormun/servlet/solicitudotadjuntos?94292b8c4ae9e6f0dfc3a8bb10928ba8,INS,2018,10655,,1, HTTP/1.1" 200 116
186.103.157.235 - - [20/Mar/2018:11:27:30 -0300] "GET /cormun/servlet/hpexe_return? HTTP/1.1" 200 1026
186.103.157.235 - - [20/Mar/2018:11:27:31 -0300] "GET /cormun/servlet/trsolicitudadjuntos?2018,10655, HTTP/1.1" 200 9013
186.103.157.235 - - [20/Mar/2018:11:27:31 -0300] "GET /cormun/servlet/trsolicitudadjuntos?2018,10655, HTTP/1.1" 200 9010
186.103.157.235 - - [20/Mar/2018:11:27:35 -0300] "GET /cormun/servlet/solicitudotadjuntos?INS,2018,10655,,1, HTTP/1.1" 200 6266
186.103.157.235 - - [20/Mar/2018:11:27:36 -0300] "GET /cormun/static/about:blank HTTP/1.1" 404 1011
186.103.157.235 - - [20/Mar/2018:11:27:36 -0300] "GET /cormun/servlet/solicitudotadjuntos?INS,2018,10655,,1, HTTP/1.1" 200 6259
186.103.157.235 - - [20/Mar/2018:11:27:36 -0300] "GET /cormun/servlet/solicitudotadjuntos?c72dfc00f2db5132d36a86d20d2eb070a66be4466e5d9ac3571939c3c3fecc2b55abc716689eda82a7c2cba81b14b811,gx-no-cache=1521556005726 HTTP/1.1" 200 30
186.103.156.24 - - [20/Mar/2018:11:27:37 -0300] "POST /cormun/servlet/trautorizarsolicitud?952dfd07dc7b57a759ee900de3d6c7b5,,gx-no-cache=1521556003998 HTTP/1.1" 200 5783
186.103.156.24 - - [20/Mar/2018:11:27:37 -0300] "GET /cormun/static/Shared/jqueryui/images/ui-bg_highlight-soft_100_c6c2c8_1x100.png HTTP/1.1" 404 1117
186.103.156.24 - - [20/Mar/2018:11:27:37 -0300] "GET /cormun/static/Shared/jqueryui/images/ui-icons_8d78a5_256x240.png HTTP/1.1" 404 1089
186.103.156.24 - - [20/Mar/2018:11:27:37 -0300] "GET /cormun/static/Shared/jqueryui/images/ui-bg_flat_55_fafafa_40x100.png HTTP/1.1" 404 1097
186.103.157.235 - - [20/Mar/2018:11:27:38 -0300] "POST /cormun/servlet/solicitudotadjuntos?94292b8c4ae9e6f0dfc3a8bb10928ba8,INS,2018,10655,,1,,gx-no-cache=1521556005810 HTTP/1.1" 200 3985
186.103.156.24 - - [20/Mar/2018:11:27:38 -0300] "GET /cormun/static/Shared/jqueryui/images/ui-icons_82798d_256x240.png HTTP/1.1" 404 1089
186.103.156.24 - - [20/Mar/2018:11:27:39 -0300] "POST /cormun/servlet/trautorizarsolicitud?952dfd07dc7b57a759ee900de3d6c7b5,,gx-no-cache=1521556006791 HTTP/1.1" 200 5727
186.103.156.24 - - [20/Mar/2018:11:27:42 -0300] "POST /cormun/servlet/trautorizarsolicitud?952dfd07dc7b57a759ee900de3d6c7b5,,gx-no-cache=1521556011555 HTTP/1.1" 200 4617
186.103.157.235 - - [20/Mar/2018:11:27:42 -0300] "POST /cormun/servlet/solicitudotadjuntos?gx-no-cache=1521556011223 HTTP/1.1" 200 26
186.103.156.24 - - [20/Mar/2018:11:27:45 -0300] "POST /cormun/servlet/trautorizarsolicitud?952dfd07dc7b57a759ee900de3d6c7b5,,gx-no-cache=1521556012030 HTTP/1.1" 200 4389
186.103.157.235 - - [20/Mar/2018:11:27:50 -0300] "GET /cormun/servlet/solicitudotadjuntos?c72dfc00f2db5132d36a86d20d2eb0709a92e5c70fe93db07751de4f43e750c7,gx-no-cache=1521556019009 HTTP/1.1" 200 30
186.103.157.235 - - [20/Mar/2018:11:27:51 -0300] "GET /cormun/servlet/solicitudotadjuntos?c72dfc00f2db5132d36a86d20d2eb0709a92e5c70fe93db07751de4f43e750c7,gx-no-cache=1521556019730 HTTP/1.1" 200 30
186.103.156.24 - - [20/Mar/2018:11:28:00 -0300] "GET /cormun/servlet/trcontratoobservaciondir? HTTP/1.1" 200 6437
186.103.156.24 - - [20/Mar/2018:11:28:00 -0300] "GET /cormun/static/trcontratoobservaciondir.js?20175251262715 HTTP/1.1" 200 27185
186.103.156.24 - - [20/Mar/2018:11:28:00 -0300] "GET /cormun/static/gxcfg.js?20175251262281 HTTP/1.1" 200 953
186.103.156.24 - - [20/Mar/2018:11:28:02 -0300] "GET /cormun/servlet/trcontratoobservaciondir? HTTP/1.1" 200 6437
186.103.157.235 - - [20/Mar/2018:11:28:38 -0300] "POST /cormun/servlet/solicitudotadjuntos?94292b8c4ae9e6f0dfc3a8bb10928ba8,INS,2018,10655,,1, HTTP/1.1" 200 116
186.103.157.235 - - [20/Mar/2018:11:28:38 -0300] "GET /cormun/servlet/hpexe_return? HTTP/1.1" 200 1026
186.103.157.235 - - [20/Mar/2018:11:28:39 -0300] "GET /cormun/servlet/trsolicitudadjuntos?2018,10655, HTTP/1.1" 200 9184
186.103.157.235 - - [20/Mar/2018:11:28:39 -0300] "GET /cormun/servlet/trsolicitudadjuntos?2018,10655, HTTP/1.1" 200 9183
186.103.157.235 - - [20/Mar/2018:11:28:41 -0300] "GET /cormun/servlet/solicitudotadjuntos?INS,2018,10655,,1, HTTP/1.1" 200 6265
186.103.157.235 - - [20/Mar/2018:11:28:42 -0300] "GET /cormun/static/about:blank HTTP/1.1" 404 1011
186.103.157.235 - - [20/Mar/2018:11:28:42 -0300] "GET /cormun/servlet/solicitudotadjuntos?INS,2018,10655,,1, HTTP/1.1" 200 6258
186.103.157.235 - - [20/Mar/2018:11:28:42 -0300] "GET /cormun/servlet/solicitudotadjuntos?c72dfc00f2db5132d36a86d20d2eb070a66be4466e5d9ac3571939c3c3fecc2b55abc716689eda82a7c2cba81b14b811,gx-no-cache=1521556071921 HTTP/1.1" 200 30
186.103.157.235 - - [20/Mar/2018:11:28:42 -0300] "POST /cormun/servlet/solicitudotadjuntos?94292b8c4ae9e6f0dfc3a8bb10928ba8,INS,2018,10655,,1,,gx-no-cache=1521556071997 HTTP/1.1" 200 3984
186.103.157.235 - - [20/Mar/2018:11:28:50 -0300] "POST /cormun/servlet/solicitudotadjuntos?gx-no-cache=1521556079223 HTTP/1.1" 200 26
186.103.157.235 - - [20/Mar/2018:11:28:57 -0300] "GET /cormun/servlet/solicitudotadjuntos?c72dfc00f2db5132d36a86d20d2eb0709a92e5c70fe93db07751de4f43e750c7,gx-no-cache=1521556086192 HTTP/1.1" 200 30
186.103.157.235 - - [20/Mar/2018:11:28:57 -0300] "GET /cormun/servlet/solicitudotadjuntos?c72dfc00f2db5132d36a86d20d2eb0709a92e5c70fe93db07751de4f43e750c7,gx-no-cache=1521556086257 HTTP/1.1" 200 30
200.73.230.197 - - [20/Mar/2018:11:29:16 -0300] "GET /cormun/servlet/hlogin HTTP/1.1" 200 1714
200.73.230.197 - - [20/Mar/2018:11:29:17 -0300] "GET /cormun/servlet/hlogin HTTP/1.1" 200 1714
200.73.230.197 - - [20/Mar/2018:11:29:26 -0300] "POST /cormun/servlet/hlogin?4aa82db8d3ab4da66f2218bad10a6559,gx-no-cache=1521556115393 HTTP/1.1" 200 90
200.73.230.197 - - [20/Mar/2018:11:29:26 -0300] "GET /cormun/servlet/hpexe_link HTTP/1.1" 200 947
200.73.230.197 - - [20/Mar/2018:11:29:26 -0300] "GET /cormun/servlet/hhome HTTP/1.1" 200 3911
200.73.230.197 - - [20/Mar/2018:11:29:29 -0300] "GET /cormun/servlet/hhome HTTP/1.1" 200 3908
200.73.230.197 - - [20/Mar/2018:11:29:35 -0300] "GET /cormun/servlet/trpermisosgoce? HTTP/1.1" 200 8464
200.73.230.197 - - [20/Mar/2018:11:29:36 -0300] "GET /cormun/servlet/trpermisosgoce? HTTP/1.1" 200 8458
186.103.157.235 - - [20/Mar/2018:11:29:39 -0300] "POST /cormun/servlet/solicitudotadjuntos?94292b8c4ae9e6f0dfc3a8bb10928ba8,INS,2018,10655,,1, HTTP/1.1" 200 7069
200.73.230.197 - - [20/Mar/2018:11:30:09 -0300] "GET /cormun/servlet/hlogin HTTP/1.1" 200 1722
186.103.157.235 - - [20/Mar/2018:11:30:13 -0300] "POST /cormun/servlet/solicitudotadjuntos?94292b8c4ae9e6f0dfc3a8bb10928ba8,INS,2018,10655,,1, HTTP/1.1" 200 116
186.103.157.235 - - [20/Mar/2018:11:30:13 -0300] "GET /cormun/servlet/hpexe_return? HTTP/1.1" 200 1026
186.103.157.235 - - [20/Mar/2018:11:30:14 -0300] "GET /cormun/servlet/trsolicitudadjuntos?2018,10655, HTTP/1.1" 200 9422
186.103.157.235 - - [20/Mar/2018:11:30:15 -0300] "GET /cormun/servlet/trsolicitudadjuntos?2018,10655, HTTP/1.1" 200 9419
200.73.230.197 - - [20/Mar/2018:11:30:18 -0300] "POST /cormun/servlet/hlogin?4be04359281914aa73d776c6729b5718,gx-no-cache=1521556166984 HTTP/1.1" 200 90
200.73.230.197 - - [20/Mar/2018:11:30:18 -0300] "GET /cormun/servlet/hpexe_link HTTP/1.1" 200 954
200.73.230.197 - - [20/Mar/2018:11:30:19 -0300] "GET /cormun/servlet/hhome HTTP/1.1" 200 3921
200.73.230.197 - - [20/Mar/2018:11:30:21 -0300] "GET /cormun/servlet/hhome HTTP/1.1" 200 3918
186.103.157.235 - - [20/Mar/2018:11:30:22 -0300] "GET /cormun/servlet/solicitudotadjuntos?INS,2018,10655,,1, HTTP/1.1" 200 6266
186.103.157.235 - - [20/Mar/2018:11:30:22 -0300] "GET /cormun/static/about:blank HTTP/1.1" 404 1011
186.103.157.235 - - [20/Mar/2018:11:30:22 -0300] "GET /cormun/servlet/solicitudotadjuntos?INS,2018,10655,,1, HTTP/1.1" 200 6259
186.103.157.235 - - [20/Mar/2018:11:30:22 -0300] "GET /cormun/servlet/solicitudotadjuntos?c72dfc00f2db5132d36a86d20d2eb070a66be4466e5d9ac3571939c3c3fecc2b55abc716689eda82a7c2cba81b14b811,gx-no-cache=1521556172114 HTTP/1.1" 200 30
186.103.157.235 - - [20/Mar/2018:11:30:23 -0300] "POST /cormun/servlet/solicitudotadjuntos?94292b8c4ae9e6f0dfc3a8bb10928ba8,INS,2018,10655,,1,,gx-no-cache=1521556172196 HTTP/1.1" 200 3985
200.73.230.197 - - [20/Mar/2018:11:30:27 -0300] "GET /cormun/servlet/trpermisosgoce? HTTP/1.1" 200 8477
186.103.157.235 - - [20/Mar/2018:11:30:27 -0300] "POST /cormun/servlet/solicitudotadjuntos?gx-no-cache=1521556175774 HTTP/1.1" 200 26
200.73.230.197 - - [20/Mar/2018:11:30:28 -0300] "GET /cormun/servlet/trpermisosgoce? HTTP/1.1" 200 8470
200.73.230.197 - - [20/Mar/2018:11:30:32 -0300] "GET /cormun/servlet/permisogoce?INS,0,,, HTTP/1.1" 200 6751
200.73.230.197 - - [20/Mar/2018:11:30:33 -0300] "GET /cormun/servlet/permisogoce?INS,0,,, HTTP/1.1" 200 6750
186.103.157.235 - - [20/Mar/2018:11:30:35 -0300] "GET /cormun/servlet/solicitudotadjuntos?c72dfc00f2db5132d36a86d20d2eb0709a92e5c70fe93db07751de4f43e750c7,gx-no-cache=1521556184591 HTTP/1.1" 200 30
186.103.157.235 - - [20/Mar/2018:11:30:35 -0300] "GET /cormun/servlet/solicitudotadjuntos?c72dfc00f2db5132d36a86d20d2eb0709a92e5c70fe93db07751de4f43e750c7,gx-no-cache=1521556184655 HTTP/1.1" 200 30
200.73.230.197 - - [20/Mar/2018:11:30:59 -0300] "GET /cormun/servlet/prfichaempleado?,MD,,gxPopupLevel%3D0%3B HTTP/1.1" 200 9272
186.103.157.235 - - [20/Mar/2018:11:31:03 -0300] "POST /cormun/servlet/solicitudotadjuntos?94292b8c4ae9e6f0dfc3a8bb10928ba8,INS,2018,10655,,1, HTTP/1.1" 200 7069
200.73.230.197 - - [20/Mar/2018:11:31:18 -0300] "POST /cormun/servlet/prfichaempleado?4be04359281914aa73d776c6729b5718,,MD,,gxPopupLevel%3D0%3B,gx-no-cache=1521556226940 HTTP/1.1" 200 3425
200.73.230.197 - - [20/Mar/2018:11:31:22 -0300] "GET /cormun/servlet/permisogoce?49494b174dca8e295bfd3435bcbc4e0d56b065bfe955ef8bf2a7ecc524b2fdb8df83fe5b4cfaf8f4bfeaeacf09a759bc,gx-no-cache=1521556231783 HTTP/1.1" 200 83
200.73.230.197 - - [20/Mar/2018:11:31:23 -0300] "GET /cormun/static/menuarrow.gif HTTP/1.1" 404 1015
200.111.122.170 - - [20/Mar/2018:11:31:27 -0300] "GET /cormun/servlet/solicitudot?d7578070f79080646735f0c230275740d91da94b1ce4470e5c1f7f882eb497ecd03dd7a182ec85adeedf051ca3096b306fd01b56623d6a5f2d7c61f181d9333c,gx-no-cache=1521556236348 HTTP/1.1" 200 30
200.111.122.170 - - [20/Mar/2018:11:31:27 -0300] "GET /cormun/servlet/solicitudot?d7578070f79080646735f0c230275740ad31ce3b418c3046bd09a4446af5d7d6,gx-no-cache=1521556236542 HTTP/1.1" 200 29
200.73.230.197 - - [20/Mar/2018:11:31:31 -0300] "GET /cormun/servlet/permisogoce?49494b174dca8e295bfd3435bcbc4e0d1b9df4ac811913834990999fba0d4714e16a46d6dd3e52af01cf4eeaf1dee766f5384c6e391da7577008f5f8fd03395e,gx-no-cache=1521556240240 HTTP/1.1" 200 47
200.73.230.197 - - [20/Mar/2018:11:31:37 -0300] "POST /cormun/servlet/permisogoce?4be04359281914aa73d776c6729b5718,INS,0,,,,gx-no-cache=1521556244640 HTTP/1.1" 200 93
200.73.230.197 - - [20/Mar/2018:11:31:37 -0300] "GET /cormun/servlet/hpexe_return? HTTP/1.1" 200 1013
200.73.230.197 - - [20/Mar/2018:11:31:37 -0300] "GET /cormun/servlet/trpermisosgoce HTTP/1.1" 200 8711
200.73.230.197 - - [20/Mar/2018:11:31:39 -0300] "GET /cormun/servlet/trpermisosgoce HTTP/1.1" 200 8705
200.73.230.197 - - [20/Mar/2018:11:31:52 -0300] "GET /cormun/servlet/apermisogoceprn?9889297,P,20180320112746,PU HTTP/1.1" 200 1628
200.111.122.170 - - [20/Mar/2018:11:31:54 -0300] "POST /cormun/servlet/solicitudot?gx-no-cache=1521556263546 HTTP/1.1" 200 297
200.111.122.170 - - [20/Mar/2018:11:31:59 -0300] "GET /cormun/servlet/solicitudot?d7578070f79080646735f0c230275740f92ec9ee0a728a4675e68b4ef3937e7734e0920e038c76fa6f8c367771266f86a1bb0f7e432dc1efe36dca1dd7dbf1c9bbb6e0487fa6ecee01241f8fab9a5acb6a8c27076b3f65833741b5e2df1a8f52153ea755d44057ba23227679b53741f6e4cfef317a9183f9605e660e05d58e042371cdeaf76047139b31531ce4289a1ff911db03c97e5e2805babe5c577365ad5fc581229a990d0cb8d8bf0d0d28208a6a2ea3719e641aa13b00bd378f824311934a9f47681fa6cb1c71693cf99152a9d30c03c8d944f9728976fe5b96b3889c75ec72086bb03318f4170667709b5693598af7e00fa920d7f91969450d85ce86500f8ba008b0ad8196f2bb2ee825dd71189e33054e5686e7451e8446ad136347269d20957b6d34db2e49b4d8c2dceff7c195e5fc1b89fe5fc8d99a6f0761e1544562ddcf7f7e8e8e3b0e47c2556a256b9822fc7f0e5d07ebc886dc080df9ad90547f2f6dc075090dee10758e661473a92e8a1dcff1ae5e248a79f1c8d0a6118c65803bf4e9c5b46c846445703280a9ed,gx-no-cache=1521556267788 HTTP/1.1" 200 30
200.111.122.170 - - [20/Mar/2018:11:32:03 -0300] "POST /cormun/servlet/solicitudot?gx-no-cache=1521556272489 HTTP/1.1" 200 30
200.111.122.170 - - [20/Mar/2018:11:32:05 -0300] "POST /cormun/servlet/solicitudot?gx-no-cache=1521556274937 HTTP/1.1" 200 1333
200.111.122.170 - - [20/Mar/2018:11:32:06 -0300] "POST /cormun/servlet/solicitudot?gx-no-cache=1521556275310 HTTP/1.1" 200 38
200.72.197.82 - - [20/Mar/2018:11:32:27 -0300] "GET /cormun/servlet/solicitudot?d7578070f79080646735f0c2302757404d8d97438cd060d210eff3c21fd6bd8d60e58fd847e1b40f62095267489de0d6b29eed8182484be28aad9ab9ee327ea0ef901d65d9312abc585e40ddcd6377655484481bfbf076846d60fd428e2c2aa6d0501eab27d83520adc3b7f436ed2be6,gx-no-cache=1521556296341 HTTP/1.1" 200 29
200.72.197.82 - - [20/Mar/2018:11:32:27 -0300] "POST /cormun/servlet/solicitudot?gx-no-cache=1521556296568 HTTP/1.1" 200 1317
200.72.197.82 - - [20/Mar/2018:11:32:28 -0300] "POST /cormun/servlet/solicitudot?gx-no-cache=1521556297305 HTTP/1.1" 200 1215
200.72.197.82 - - [20/Mar/2018:11:32:28 -0300] "GET /cormun/static/menuarrow.gif HTTP/1.1" 404 1015
186.103.157.235 - - [20/Mar/2018:11:32:30 -0300] "POST /cormun/servlet/solicitudotadjuntos?94292b8c4ae9e6f0dfc3a8bb10928ba8,INS,2018,10655,,1, HTTP/1.1" 200 116
186.103.157.235 - - [20/Mar/2018:11:32:31 -0300] "GET /cormun/servlet/hpexe_return? HTTP/1.1" 200 1026
186.103.157.235 - - [20/Mar/2018:11:32:31 -0300] "GET /cormun/servlet/trsolicitudadjuntos?2018,10655, HTTP/1.1" 200 9630
186.103.157.235 - - [20/Mar/2018:11:32:32 -0300] "GET /cormun/servlet/trsolicitudadjuntos?2018,10655, HTTP/1.1" 200 9628
186.103.157.235 - - [20/Mar/2018:11:32:36 -0300] "GET /cormun/servlet/solicitudotadjuntos?INS,2018,10655,,1, HTTP/1.1" 200 6265
186.103.157.235 - - [20/Mar/2018:11:32:36 -0300] "GET /cormun/static/about:blank HTTP/1.1" 404 1011
186.103.157.235 - - [20/Mar/2018:11:32:36 -0300] "GET /cormun/servlet/solicitudotadjuntos?INS,2018,10655,,1, HTTP/1.1" 200 6258
186.103.157.235 - - [20/Mar/2018:11:32:36 -0300] "GET /cormun/servlet/solicitudotadjuntos?c72dfc00f2db5132d36a86d20d2eb070a66be4466e5d9ac3571939c3c3fecc2b55abc716689eda82a7c2cba81b14b811,gx-no-cache=1521556305970 HTTP/1.1" 200 30
200.72.197.82 - - [20/Mar/2018:11:32:36 -0300] "POST /cormun/servlet/solicitudot?gx-no-cache=1521556304504 HTTP/1.1" 200 1317
200.72.197.82 - - [20/Mar/2018:11:32:38 -0300] "POST /cormun/servlet/solicitudot?gx-no-cache=1521556306206 HTTP/1.1" 200 1215
186.103.157.235 - - [20/Mar/2018:11:32:38 -0300] "POST /cormun/servlet/solicitudotadjuntos?94292b8c4ae9e6f0dfc3a8bb10928ba8,INS,2018,10655,,1,,gx-no-cache=1521556306047 HTTP/1.1" 200 3985
200.72.197.82 - - [20/Mar/2018:11:32:40 -0300] "GET /cormun/servlet/solicitudot?d7578070f79080646735f0c23027574009318d0b6e7a00ab0cebdc21a2a995e62a3a1c41fcb7972b9f5575d4238b7eea,gx-no-cache=1521556309214 HTTP/1.1" 200 30
186.103.157.235 - - [20/Mar/2018:11:32:40 -0300] "POST /cormun/servlet/solicitudotadjuntos?gx-no-cache=1521556310046 HTTP/1.1" 200 26
200.72.197.82 - - [20/Mar/2018:11:32:47 -0300] "POST /cormun/servlet/solicitudot?gx-no-cache=1521556316292 HTTP/1.1" 200 30
186.103.157.235 - - [20/Mar/2018:11:32:48 -0300] "GET /cormun/servlet/solicitudotadjuntos?c72dfc00f2db5132d36a86d20d2eb0709a92e5c70fe93db07751de4f43e750c7,gx-no-cache=1521556317343 HTTP/1.1" 200 30
186.103.157.235 - - [20/Mar/2018:11:32:48 -0300] "GET /cormun/servlet/solicitudotadjuntos?c72dfc00f2db5132d36a86d20d2eb0709a92e5c70fe93db07751de4f43e750c7,gx-no-cache=1521556317404 HTTP/1.1" 200 30
186.103.157.235 - - [20/Mar/2018:11:33:25 -0300] "POST /cormun/servlet/solicitudotadjuntos?94292b8c4ae9e6f0dfc3a8bb10928ba8,INS,2018,10655,,1, HTTP/1.1" 200 116
186.103.157.235 - - [20/Mar/2018:11:33:25 -0300] "GET /cormun/servlet/hpexe_return? HTTP/1.1" 200 1026
186.103.157.235 - - [20/Mar/2018:11:33:26 -0300] "GET /cormun/servlet/trsolicitudadjuntos?2018,10655, HTTP/1.1" 200 9879
186.67.203.186 - - [20/Mar/2018:11:33:28 -0300] "GET /cormun/servlet/solicitudot?d7578070f79080646735f0c230275740f92ec9ee0a728a4675e68b4ef3937e7734e0920e038c76fa6f8c367771266f86a1bb0f7e432dc1efe36dca1dd7dbf1c9bbb6e0487fa6ecee01241f8fab9a5acb6a8c27076b3f65833741b5e2df1a8f52153ea755d44057ba23227679b53741f6e4cfef317a9183f9605e660e05d58e042371cdeaf76047139b31531ce4289a1ff911db03c97e5e2805babe5c577365ad5fc581229a990d0cb8d8bf0d0d28208a6a2ea3719e641aa13b00bd378f824311934a9f47681fa6cb1c71693cf99152a9d30c03c8d944f9728976fe5b96b3889c75ec72086bb03318f4170667709b5693598af7e00fa920d7f91969450d85ce86500f8ba008b0ad8196f2bb2ee825dd71189e33054e5686e7451e8446ad136347269d20957b6d34db2e49b4d8c2dceff7c195e5fc1b89fe5fc8d99a6f0761e1544562ddcf7f7e8e8e3b0e47c2556a256b9822fc7f0e5d07ebc886dc080df9ad90547f2f6dc075090dee10758e661473a94d9201d232ef666a627a85324d45207765803bf4e9c5b46c846445703280a9ed,gx-no-cache=1521556357405 HTTP/1.1" 200 30
186.103.157.235 - - [20/Mar/2018:11:33:28 -0300] "GET /cormun/servlet/trsolicitudadjuntos?2018,10655, HTTP/1.1" 200 9880
186.67.203.186 - - [20/Mar/2018:11:33:29 -0300] "POST /cormun/servlet/solicitudot?gx-no-cache=1521556357638 HTTP/1.1" 200 30
186.67.203.186 - - [20/Mar/2018:11:33:29 -0300] "POST /cormun/servlet/solicitudot?gx-no-cache=1521556358385 HTTP/1.1" 200 1332
186.67.203.186 - - [20/Mar/2018:11:33:29 -0300] "POST /cormun/servlet/solicitudot?gx-no-cache=1521556358817 HTTP/1.1" 200 41
186.67.203.186 - - [20/Mar/2018:11:33:29 -0300] "POST /cormun/servlet/solicitudot?gx-no-cache=1521556359066 HTTP/1.1" 200 1317
186.67.203.186 - - [20/Mar/2018:11:33:30 -0300] "POST /cormun/servlet/solicitudot?gx-no-cache=1521556359296 HTTP/1.1" 200 1215
186.67.203.186 - - [20/Mar/2018:11:33:30 -0300] "GET /cormun/servlet/solicitudot?d7578070f79080646735f0c23027574009318d0b6e7a00ab0cebdc21a2a995e62a3a1c41fcb7972b9f5575d4238b7eea,gx-no-cache=1521556359382 HTTP/1.1" 200 30
186.67.203.186 - - [20/Mar/2018:11:33:30 -0300] "POST /cormun/servlet/solicitudot?gx-no-cache=1521556359466 HTTP/1.1" 200 30
186.67.203.186 - - [20/Mar/2018:11:33:31 -0300] "POST /cormun/servlet/solicitudot?8d8b6d79b923792ba03d3aefb9d5a7bd,INS,0,0,,gx-no-cache=1521556359660 HTTP/1.1" 200 93
186.67.203.186 - - [20/Mar/2018:11:33:31 -0300] "GET /cormun/servlet/hpexe_return? HTTP/1.1" 200 1004
186.67.203.186 - - [20/Mar/2018:11:33:31 -0300] "GET /cormun/servlet/trsolicitudot HTTP/1.1" 200 8778
186.103.157.235 - - [20/Mar/2018:11:33:32 -0300] "POST /cormun/servlet/trsolicitudadjuntos?94292b8c4ae9e6f0dfc3a8bb10928ba8,2018,10655,,gx-no-cache=1521556360905 HTTP/1.1" 200 90
186.103.157.235 - - [20/Mar/2018:11:33:32 -0300] "GET /cormun/servlet/hpexe_link HTTP/1.1" 200 968
186.103.157.235 - - [20/Mar/2018:11:33:32 -0300] "GET /cormun/servlet/trsolicitudot HTTP/1.1" 200 9092
186.67.203.186 - - [20/Mar/2018:11:33:32 -0300] "GET /cormun/servlet/trsolicitudot HTTP/1.1" 200 8774
186.103.157.235 - - [20/Mar/2018:11:33:32 -0300] "GET /cormun/servlet/trsolicitudot HTTP/1.1" 200 9090
186.103.157.235 - - [20/Mar/2018:11:33:37 -0300] "POST /cormun/servlet/trsolicitudot?94292b8c4ae9e6f0dfc3a8bb10928ba8,gx-no-cache=1521556366231 HTTP/1.1" 200 5616
186.103.157.235 - - [20/Mar/2018:11:33:37 -0300] "GET /cormun/static/Shared/jqueryui/images/ui-bg_highlight-soft_100_c6c2c8_1x100.png HTTP/1.1" 404 1117
186.103.157.235 - - [20/Mar/2018:11:33:37 -0300] "GET /cormun/static/Shared/jqueryui/images/ui-icons_8d78a5_256x240.png HTTP/1.1" 404 1089
186.103.157.235 - - [20/Mar/2018:11:33:37 -0300] "GET /cormun/static/Shared/jqueryui/images/ui-icons_82798d_256x240.png HTTP/1.1" 404 1089
186.103.157.235 - - [20/Mar/2018:11:33:37 -0300] "GET /cormun/static/Shared/jqueryui/images/ui-bg_flat_55_fafafa_40x100.png HTTP/1.1" 404 1097
186.103.157.235 - - [20/Mar/2018:11:33:38 -0300] "POST /cormun/servlet/trsolicitudot?94292b8c4ae9e6f0dfc3a8bb10928ba8,gx-no-cache=1521556366677 HTTP/1.1" 200 5557
200.72.197.82 - - [20/Mar/2018:11:33:38 -0300] "POST /cormun/servlet/trsolicitudot?8d8b6d79b923792ba03d3aefb9d5a7bd,gx-no-cache=1521556367291 HTTP/1.1" 200 107
200.72.197.82 - - [20/Mar/2018:11:33:38 -0300] "GET /cormun/servlet/trsolicitudadjuntos?2018,10659, HTTP/1.1" 200 6288
200.72.197.82 - - [20/Mar/2018:11:33:38 -0300] "GET /cormun/static/gxcfg.js?20177612135366 HTTP/1.1" 200 953
200.72.197.82 - - [20/Mar/2018:11:33:39 -0300] "GET /cormun/static/trsolicitudadjuntos.js?20177612135632 HTTP/1.1" 200 17922
200.72.197.82 - - [20/Mar/2018:11:33:39 -0300] "GET /cormun/servlet/trsolicitudadjuntos?2018,10659, HTTP/1.1" 200 6288
200.72.197.82 - - [20/Mar/2018:11:33:48 -0300] "GET /cormun/servlet/solicitudotadjuntos?INS,2018,10659,,1, HTTP/1.1" 200 6234
200.72.197.82 - - [20/Mar/2018:11:33:48 -0300] "GET /cormun/static/gxcfg.js?2017761244068 HTTP/1.1" 200 953
200.111.122.170 - - [20/Mar/2018:11:33:48 -0300] "GET /cormun/static/solicitudotadjuntos.js?2017761244086 HTTP/1.1" 200 11771
200.72.197.82 - - [20/Mar/2018:11:33:48 -0300] "GET /cormun/static/about:blank HTTP/1.1" 404 1011
200.72.197.82 - - [20/Mar/2018:11:33:48 -0300] "GET /cormun/servlet/solicitudotadjuntos?INS,2018,10659,,1, HTTP/1.1" 200 6227
200.72.197.82 - - [20/Mar/2018:11:33:49 -0300] "GET /cormun/servlet/solicitudotadjuntos?d7578070f79080646735f0c2302757406ac510690fb5d23d9299da2576acd098595b04b669d48d99e161d5b72dc8da9c,gx-no-cache=1521556378629 HTTP/1.1" 200 30
200.72.197.82 - - [20/Mar/2018:11:33:49 -0300] "POST /cormun/servlet/solicitudotadjuntos?8d8b6d79b923792ba03d3aefb9d5a7bd,INS,2018,10659,,1,,gx-no-cache=1521556378870 HTTP/1.1" 200 3982
200.72.197.82 - - [20/Mar/2018:11:33:55 -0300] "POST /cormun/servlet/solicitudotadjuntos?gx-no-cache=1521556384082 HTTP/1.1" 200 26
200.72.197.82 - - [20/Mar/2018:11:34:02 -0300] "POST /cormun/servlet/solicitudotadjuntos?gx-no-cache=1521556391372 HTTP/1.1" 200 26
186.67.203.186 - - [20/Mar/2018:11:34:30 -0300] "GET /cormun/servlet/solicitudotadjuntos?d7578070f79080646735f0c230275740b656450b8c202f847dd15bbe0445983f,gx-no-cache=1521556420022 HTTP/1.1" 200 30
186.67.203.186 - - [20/Mar/2018:11:34:30 -0300] "GET /cormun/servlet/solicitudotadjuntos?d7578070f79080646735f0c230275740b656450b8c202f847dd15bbe0445983f,gx-no-cache=1521556420153 HTTP/1.1" 200 30
186.67.203.186 - - [20/Mar/2018:11:34:35 -0300] "POST /cormun/servlet/solicitudotadjuntos?8d8b6d79b923792ba03d3aefb9d5a7bd,INS,2018,10659,,1, HTTP/1.1" 200 6555
186.67.203.186 - - [20/Mar/2018:11:34:35 -0300] "GET /cormun/static/Shared/jqueryui/images/ui-bg_highlight-soft_100_c6c2c8_1x100.png HTTP/1.1" 404 1117
186.103.161.206 - - [20/Mar/2018:11:34:35 -0300] "GET /cormun/static/Shared/jqueryui/images/ui-icons_82798d_256x240.png HTTP/1.1" 404 1089
186.67.203.186 - - [20/Mar/2018:11:34:35 -0300] "GET /cormun/static/Shared/jqueryui/images/ui-bg_flat_55_994d53_40x100.png HTTP/1.1" 404 1097
186.103.161.206 - - [20/Mar/2018:11:34:35 -0300] "GET /cormun/static/Shared/jqueryui/images/ui-icons_ebccce_256x240.png HTTP/1.1" 404 1089
200.72.197.82 - - [20/Mar/2018:11:34:36 -0300] "GET /cormun/PrivateTempStorage/upload_00015701.jpg HTTP/1.1" 200 244542
186.103.161.206 - - [20/Mar/2018:11:34:56 -0300] "POST /cormun/servlet/solicitudotadjuntos?gx-no-cache=1521556445716 HTTP/1.1" 200 26
186.103.161.206 - - [20/Mar/2018:11:35:10 -0300] "POST /cormun/servlet/solicitudotadjuntos?8d8b6d79b923792ba03d3aefb9d5a7bd,INS,2018,10659,,1, HTTP/1.1" 200 116
186.103.161.206 - - [20/Mar/2018:11:35:11 -0300] "GET /cormun/servlet/hpexe_return? HTTP/1.1" 200 1025
186.103.161.206 - - [20/Mar/2018:11:35:11 -0300] "GET /cormun/servlet/trsolicitudadjuntos?2018,10659, HTTP/1.1" 200 6292
186.103.161.206 - - [20/Mar/2018:11:35:12 -0300] "GET /cormun/servlet/trsolicitudadjuntos?2018,10659, HTTP/1.1" 200 6288
186.103.161.206 - - [20/Mar/2018:11:35:15 -0300] "GET /cormun/servlet/solicitudotadjuntos?INS,2018,10659,,1, HTTP/1.1" 200 6234
186.103.161.206 - - [20/Mar/2018:11:35:16 -0300] "GET /cormun/static/about:blank HTTP/1.1" 404 1011
186.67.203.186 - - [20/Mar/2018:11:35:16 -0300] "GET /cormun/servlet/solicitudotadjuntos?INS,2018,10659,,1, HTTP/1.1" 200 6228
186.67.203.186 - - [20/Mar/2018:11:35:16 -0300] "GET /cormun/servlet/solicitudotadjuntos?d7578070f79080646735f0c2302757406ac510690fb5d23d9299da2576acd098595b04b669d48d99e161d5b72dc8da9c,gx-no-cache=1521556466066 HTTP/1.1" 200 30
186.67.203.186 - - [20/Mar/2018:11:35:17 -0300] "POST /cormun/servlet/solicitudotadjuntos?8d8b6d79b923792ba03d3aefb9d5a7bd,INS,2018,10659,,1,,gx-no-cache=1521556466291 HTTP/1.1" 200 3982
186.67.203.186 - - [20/Mar/2018:11:35:24 -0300] "POST /cormun/servlet/solicitudotadjuntos?gx-no-cache=1521556473605 HTTP/1.1" 200 26
186.67.203.186 - - [20/Mar/2018:11:35:40 -0300] "GET /cormun/servlet/solicitudotadjuntos?d7578070f79080646735f0c230275740b656450b8c202f847dd15bbe0445983f,gx-no-cache=1521556489230 HTTP/1.1" 200 30
186.67.203.186 - - [20/Mar/2018:11:35:40 -0300] "GET /cormun/servlet/solicitudotadjuntos?d7578070f79080646735f0c230275740b656450b8c202f847dd15bbe0445983f,gx-no-cache=1521556489506 HTTP/1.1" 200 30
186.67.203.186 - - [20/Mar/2018:11:35:42 -0300] "POST /cormun/servlet/solicitudotadjuntos?8d8b6d79b923792ba03d3aefb9d5a7bd,INS,2018,10659,,1, HTTP/1.1" 200 116
186.67.203.186 - - [20/Mar/2018:11:35:42 -0300] "GET /cormun/servlet/hpexe_return? HTTP/1.1" 200 1025
186.67.203.186 - - [20/Mar/2018:11:35:42 -0300] "GET /cormun/servlet/trsolicitudadjuntos?2018,10659, HTTP/1.1" 200 8734
186.67.203.186 - - [20/Mar/2018:11:35:43 -0300] "GET /cormun/servlet/trsolicitudadjuntos?2018,10659, HTTP/1.1" 200 8727
186.67.203.186 - - [20/Mar/2018:11:35:48 -0300] "GET /cormun/servlet/solicitudotadjuntos?INS,2018,10659,,1, HTTP/1.1" 200 6233
186.67.203.186 - - [20/Mar/2018:11:35:48 -0300] "GET /cormun/static/about:blank HTTP/1.1" 404 1011
186.103.161.206 - - [20/Mar/2018:11:35:49 -0300] "GET /cormun/servlet/solicitudotadjuntos?INS,2018,10659,,1, HTTP/1.1" 200 6227
186.67.203.186 - - [20/Mar/2018:11:35:49 -0300] "GET /cormun/servlet/solicitudotadjuntos?d7578070f79080646735f0c2302757406ac510690fb5d23d9299da2576acd098595b04b669d48d99e161d5b72dc8da9c,gx-no-cache=1521556498490 HTTP/1.1" 200 30
186.67.203.186 - - [20/Mar/2018:11:35:50 -0300] "POST /cormun/servlet/solicitudotadjuntos?8d8b6d79b923792ba03d3aefb9d5a7bd,INS,2018,10659,,1,,gx-no-cache=1521556498697 HTTP/1.1" 200 3982
186.67.203.186 - - [20/Mar/2018:11:35:56 -0300] "POST /cormun/servlet/solicitudotadjuntos?gx-no-cache=1521556505950 HTTP/1.1" 200 26
186.67.203.186 - - [20/Mar/2018:11:36:03 -0300] "GET /cormun/servlet/solicitudotadjuntos?d7578070f79080646735f0c230275740b656450b8c202f847dd15bbe0445983f,gx-no-cache=1521556512978 HTTP/1.1" 200 30
186.67.203.186 - - [20/Mar/2018:11:36:04 -0300] "GET /cormun/servlet/solicitudotadjuntos?d7578070f79080646735f0c230275740b656450b8c202f847dd15bbe0445983f,gx-no-cache=1521556513044 HTTP/1.1" 200 30
186.67.172.234 - - [20/Mar/2018:11:36:04 -0300] "GET /cormun/servlet/hlogin HTTP/1.1" 200 1729
186.67.203.186 - - [20/Mar/2018:11:36:06 -0300] "POST /cormun/servlet/solicitudotadjuntos?8d8b6d79b923792ba03d3aefb9d5a7bd,INS,2018,10659,,1, HTTP/1.1" 200 116
186.67.203.186 - - [20/Mar/2018:11:36:07 -0300] "GET /cormun/servlet/hpexe_return? HTTP/1.1" 200 1025
186.67.203.186 - - [20/Mar/2018:11:36:07 -0300] "GET /cormun/servlet/trsolicitudadjuntos?2018,10659, HTTP/1.1" 200 8963
186.67.203.186 - - [20/Mar/2018:11:36:07 -0300] "GET /cormun/servlet/trsolicitudadjuntos?2018,10659, HTTP/1.1" 200 8961
200.111.122.170 - - [20/Mar/2018:11:36:10 -0300] "GET /cormun/servlet/solicitudotadjuntos?INS,2018,10659,,1, HTTP/1.1" 200 6233
200.111.122.170 - - [20/Mar/2018:11:36:11 -0300] "GET /cormun/static/about:blank HTTP/1.1" 404 1011
200.111.122.170 - - [20/Mar/2018:11:36:11 -0300] "GET /cormun/servlet/solicitudotadjuntos?INS,2018,10659,,1, HTTP/1.1" 200 6227
200.111.122.170 - - [20/Mar/2018:11:36:13 -0300] "GET /cormun/servlet/solicitudotadjuntos?d7578070f79080646735f0c2302757406ac510690fb5d23d9299da2576acd098595b04b669d48d99e161d5b72dc8da9c,gx-no-cache=1521556521340 HTTP/1.1" 200 30
200.111.122.170 - - [20/Mar/2018:11:36:18 -0300] "POST /cormun/servlet/solicitudotadjuntos?8d8b6d79b923792ba03d3aefb9d5a7bd,INS,2018,10659,,1,,gx-no-cache=1521556523218 HTTP/1.1" 200 3982
186.67.172.234 - - [20/Mar/2018:11:36:19 -0300] "POST /cormun/servlet/hlogin?67c483a1bf9f59a54834be3a00850139,gx-no-cache=1521556475944 HTTP/1.1" 200 90
186.67.172.234 - - [20/Mar/2018:11:36:19 -0300] "GET /cormun/servlet/hpexe_link HTTP/1.1" 200 953
186.67.172.234 - - [20/Mar/2018:11:36:19 -0300] "GET /cormun/servlet/hhome HTTP/1.1" 200 4233
186.67.172.234 - - [20/Mar/2018:11:36:21 -0300] "GET /cormun/servlet/hhome HTTP/1.1" 200 4229
200.111.122.170 - - [20/Mar/2018:11:36:22 -0300] "POST /cormun/servlet/solicitudotadjuntos?gx-no-cache=1521556531593 HTTP/1.1" 200 26
186.67.172.234 - - [20/Mar/2018:11:36:26 -0300] "GET /cormun/servlet/trsolicitudot? HTTP/1.1" 200 7447
186.67.172.234 - - [20/Mar/2018:11:36:26 -0300] "GET /cormun/static/trsolicitudot.js?201711142259839 HTTP/1.1" 304 -
186.67.172.234 - - [20/Mar/2018:11:36:27 -0300] "GET /cormun/servlet/trsolicitudot? HTTP/1.1" 200 7446
200.111.122.170 - - [20/Mar/2018:11:36:30 -0300] "GET /cormun/servlet/solicitudotadjuntos?d7578070f79080646735f0c230275740b656450b8c202f847dd15bbe0445983f,gx-no-cache=1521556538343 HTTP/1.1" 200 30
200.111.122.170 - - [20/Mar/2018:11:36:30 -0300] "GET /cormun/servlet/solicitudotadjuntos?d7578070f79080646735f0c230275740b656450b8c202f847dd15bbe0445983f,gx-no-cache=1521556539664 HTTP/1.1" 200 30
186.67.172.234 - - [20/Mar/2018:11:36:30 -0300] "GET /cormun/servlet/solicitudot?INS,0,0, HTTP/1.1" 200 13667
186.67.172.234 - - [20/Mar/2018:11:36:32 -0300] "GET /cormun/servlet/solicitudot?INS,0,0, HTTP/1.1" 200 13672
200.73.230.197 - - [20/Mar/2018:11:36:46 -0300] "GET /cormun/servlet/permisogoce?UPD,9889297,P,20180320112746, HTTP/1.1" 200 6814
200.111.122.170 - - [20/Mar/2018:11:36:47 -0300] "POST /cormun/servlet/solicitudotadjuntos?8d8b6d79b923792ba03d3aefb9d5a7bd,INS,2018,10659,,1, HTTP/1.1" 200 6563
186.67.172.234 - - [20/Mar/2018:11:36:47 -0300] "POST /cormun/servlet/solicitudot?gx-no-cache=1521556503859 HTTP/1.1" 200 3482
186.67.172.234 - - [20/Mar/2018:11:36:47 -0300] "GET /cormun/static/Shared/jqueryui/images/ui-bg_highlight-soft_100_c6c2c8_1x100.png HTTP/1.1" 404 1117
200.111.122.170 - - [20/Mar/2018:11:36:47 -0300] "GET /cormun/static/Shared/jqueryui/images/ui-bg_highlight-soft_100_c6c2c8_1x100.png HTTP/1.1" 404 1117
186.67.172.234 - - [20/Mar/2018:11:36:47 -0300] "GET /cormun/static/Shared/jqueryui/images/ui-icons_82798d_256x240.png HTTP/1.1" 404 1089
186.67.172.234 - - [20/Mar/2018:11:36:47 -0300] "GET /cormun/static/Shared/jqueryui/images/ui-bg_flat_55_994d53_40x100.png HTTP/1.1" 404 1097
186.67.172.234 - - [20/Mar/2018:11:36:47 -0300] "GET /cormun/static/Shared/jqueryui/images/ui-icons_ebccce_256x240.png HTTP/1.1" 404 1089
190.151.100.218 - - [20/Mar/2018:11:36:47 -0300] "GET /cormun/static/Shared/jqueryui/images/ui-icons_82798d_256x240.png HTTP/1.1" 404 1089
186.67.203.186 - - [20/Mar/2018:11:36:47 -0300] "GET /cormun/static/Shared/jqueryui/images/ui-bg_flat_55_994d53_40x100.png HTTP/1.1" 404 1097
186.103.132.155 - - [20/Mar/2018:11:36:47 -0300] "GET /cormun/static/Shared/jqueryui/images/ui-icons_ebccce_256x240.png HTTP/1.1" 404 1089
200.73.230.197 - - [20/Mar/2018:11:36:48 -0300] "GET /cormun/servlet/permisogoce?UPD,9889297,P,20180320112746, HTTP/1.1" 200 6815
200.73.230.197 - - [20/Mar/2018:11:36:48 -0300] "GET /cormun/servlet/permisogoce?49494b174dca8e295bfd3435bcbc4e0d56b065bfe955ef8bf2a7ecc524b2fdb892d7607df6fe17edb8b6c84c91d9bd4164edd544196031b6983266f87fa89bc1,gx-no-cache=1521556557278 HTTP/1.1" 200 85
200.73.230.197 - - [20/Mar/2018:11:36:50 -0300] "GET /cormun/static/menuarrow.gif HTTP/1.1" 404 1015
200.111.122.170 - - [20/Mar/2018:11:36:50 -0300] "GET /cormun/PrivateTempStorage/upload_00015749.jpg HTTP/1.1" 200 302336
200.73.230.197 - - [20/Mar/2018:11:36:55 -0300] "GET /cormun/servlet/permisogoce?49494b174dca8e295bfd3435bcbc4e0d1b9df4ac811913834990999fba0d4714560ab31ae336b89be16dab944815eed3cef067c59f190f248c065aeec4a0bb60,gx-no-cache=1521556564134 HTTP/1.1" 200 48
200.111.122.170 - - [20/Mar/2018:11:36:56 -0300] "GET /cormun/servlet/solicitudotadjuntos?d7578070f79080646735f0c230275740dc14255f576fa40176b52899e7c6094465803bf4e9c5b46c846445703280a9ed,gx-no-cache=1521556565745 HTTP/1.1" 200 30
200.73.230.197 - - [20/Mar/2018:11:37:02 -0300] "POST /cormun/servlet/permisogoce?4be04359281914aa73d776c6729b5718,UPD,9889297,P,20180320112746,,gx-no-cache=1521556570610 HTTP/1.1" 200 93
200.73.230.197 - - [20/Mar/2018:11:37:02 -0300] "GET /cormun/servlet/hpexe_return? HTTP/1.1" 200 1030
200.73.230.197 - - [20/Mar/2018:11:37:02 -0300] "GET /cormun/servlet/trpermisosgoce HTTP/1.1" 200 8718
200.73.230.197 - - [20/Mar/2018:11:37:04 -0300] "GET /cormun/servlet/trpermisosgoce HTTP/1.1" 200 8716
200.73.230.197 - - [20/Mar/2018:11:37:10 -0300] "GET /cormun/servlet/apermisogoceprn?9889297,P,20180320112746,PU HTTP/1.1" 200 1632
200.111.122.170 - - [20/Mar/2018:11:37:21 -0300] "POST /cormun/servlet/solicitudotadjuntos?8d8b6d79b923792ba03d3aefb9d5a7bd,INS,2018,10659,,1, HTTP/1.1" 200 6563
200.111.122.170 - - [20/Mar/2018:11:37:22 -0300] "GET /cormun/PrivateTempStorage/upload_00015761.jpg HTTP/1.1" 200 302336
186.67.172.234 - - [20/Mar/2018:11:37:24 -0300] "POST /cormun/servlet/solicitudot?gx-no-cache=1521556540763 HTTP/1.1" 200 3482
186.67.172.234 - - [20/Mar/2018:11:37:24 -0300] "GET /cormun/servlet/solicitudot?44f12c673d5e11f49b0a70bb5e99454a648d9e964bae5993d0bf409811f3f775219e759fe5ab9005b5d9d8df17bf879f,gx-no-cache=1521556541408 HTTP/1.1" 200 30
186.67.172.234 - - [20/Mar/2018:11:37:25 -0300] "GET /cormun/servlet/solicitudot?44f12c673d5e11f49b0a70bb5e99454af292430380cd04fe1c5d75e8d3943b90,gx-no-cache=1521556541508 HTTP/1.1" 200 94
186.67.172.234 - - [20/Mar/2018:11:37:25 -0300] "GET /cormun/servlet/solicitudot?44f12c673d5e11f49b0a70bb5e99454a0d702523f60a9ac81709e77385434f38,gx-no-cache=1521556541585 HTTP/1.1" 200 29
186.67.172.234 - - [20/Mar/2018:11:37:25 -0300] "GET /cormun/servlet/solicitudot?44f12c673d5e11f49b0a70bb5e99454af6ed7e2ad0bc8c81d9395b6d7c1de157f88f0304ea26daa2f75a42e0215b537d38fbb59999f9aefa718b0c6e24a7d40b5b0474315ce384832c1e8bc8dbe8557e61aa87d968120f7adfedd5dcd32153dc94c0cbc7261afee55d099146ea57d52ca0ec9022e43545c9aacbc9f271da28f15ba6234153981bda2ab2f61c087eb20a0b4d10d7a539c0309c52f2e2f7a04ac23a4ba70379643e79fcbef966bce3fbf143d94e79b408d57dd8233cd09a554d3a171d9457a4d8b3bc6e170657611de669d9515f8031827706dfbee159e26a5ef4f8309fd75682fb5397a57553d9b7c9b10334aaf69b9212da49763634e51f1b46abf122a44ee5bb22ec9c2f7eacc9beca5cbea4868b7d8c9fb2a0ab6e3fea548b0325fe387abe631566405e3a86c57e727f1a7a82afcdf3be428ee9f32eb4c74f07dead0f9630559459ab89049385fcc7,gx-no-cache=1521556541690 HTTP/1.1" 200 297
186.67.172.234 - - [20/Mar/2018:11:37:25 -0300] "GET /cormun/servlet/solicitudot?44f12c673d5e11f49b0a70bb5e99454a39a918744870241ed2e78839bab5ee2c182a3e9668b20280f523580ade971a46a75caab47bca0a0e2d7fbc9165ceb6510fcf142e632414e50f01f676c0a128eaddc90e20d07f4e5c09e80b0449f5adeb5fa56e09d7f8491227352aeb98d6421f8933762766f385abfeee337b39ba9c7a97f3a9c1cc620729379643c6fa06b945ee3e8575211361d4d43ec429b5613537612f782ebb28cca6d1988955fb75dcd733a504d7ca4e8175011629cb6d5bda463f20dc4cf50ee2ad9477b158d033a10d35a3fc3b8aa0975ffbf2f57a47efdd5b667cedddc37db259108fd828832f9ff95867e725e8e09d0b556159f6947570f19f5fe3343dc65c9abc52045d70cc5c75ea3b7cc7f5bd7055c438e76f0fe4b55fde8560dce4e23a44ddaa930a9992e0dc40e0c528360bd1f8b42d6484782f8b2aef7791591620ac63bd3d7e02dcd4f03c9cff5adb086efc7001c0f1bc90ae106535fb23a4aa3b77a712efea30eb401bfe1250be7116a2d227c265c6b0e40f9543a94fc396ed6ce6013050baf3b57a132c,gx-no-cache=1521556541783 HTTP/1.1" 200 30
186.67.172.234 - - [20/Mar/2018:11:37:25 -0300] "POST /cormun/servlet/solicitudot?gx-no-cache=1521556541865 HTTP/1.1" 200 30
186.67.172.234 - - [20/Mar/2018:11:37:26 -0300] "POST /cormun/servlet/solicitudot?gx-no-cache=1521556542529 HTTP/1.1" 200 1331
186.67.172.234 - - [20/Mar/2018:11:37:26 -0300] "POST /cormun/servlet/solicitudot?gx-no-cache=1521556543018 HTTP/1.1" 200 38
186.67.172.234 - - [20/Mar/2018:11:37:26 -0300] "GET /cormun/servlet/solicitudot?44f12c673d5e11f49b0a70bb5e99454a135ff9a1f8099f94acedf915d3cdc11f0334aaf69b9212da49763634e51f1b46abf122a44ee5bb22ec9c2f7eacc9beca8defaee14b87a53689cba462f4a2a5a1,gx-no-cache=1521556543094 HTTP/1.1" 200 29
186.67.172.234 - - [20/Mar/2018:11:37:27 -0300] "POST /cormun/servlet/solicitudot?gx-no-cache=1521556543171 HTTP/1.1" 200 1318
186.67.172.234 - - [20/Mar/2018:11:37:27 -0300] "POST /cormun/servlet/solicitudot?gx-no-cache=1521556544011 HTTP/1.1" 200 1215
186.67.172.234 - - [20/Mar/2018:11:37:38 -0300] "POST /cormun/servlet/solicitudot?gx-no-cache=1521556553505 HTTP/1.1" 200 3482
186.103.157.235 - - [20/Mar/2018:11:37:46 -0300] "POST /cormun/servlet/trsolicitudot?94292b8c4ae9e6f0dfc3a8bb10928ba8,gx-no-cache=1521556614197 HTTP/1.1" 200 107
186.103.157.235 - - [20/Mar/2018:11:37:46 -0300] "GET /cormun/servlet/trsolicitudadjuntos?2018,10653, HTTP/1.1" 200 6319
186.103.157.235 - - [20/Mar/2018:11:37:46 -0300] "GET /cormun/servlet/trsolicitudadjuntos?2018,10653, HTTP/1.1" 200 6319
186.103.157.235 - - [20/Mar/2018:11:37:50 -0300] "GET /cormun/servlet/solicitudotadjuntos?INS,2018,10653,,1, HTTP/1.1" 200 6264
186.103.157.235 - - [20/Mar/2018:11:37:50 -0300] "GET /cormun/servlet/solicitudotadjuntos?INS,2018,10653,,1, HTTP/1.1" 200 6258
186.103.157.235 - - [20/Mar/2018:11:37:51 -0300] "GET /cormun/servlet/solicitudotadjuntos?c72dfc00f2db5132d36a86d20d2eb0706cbfc70bee5821eab894e8f68fd2bbe655abc716689eda82a7c2cba81b14b811,gx-no-cache=1521556620481 HTTP/1.1" 200 30
186.103.157.235 - - [20/Mar/2018:11:37:51 -0300] "GET /cormun/static/about:blank HTTP/1.1" 404 1011
186.103.157.235 - - [20/Mar/2018:11:37:55 -0300] "POST /cormun/servlet/solicitudotadjuntos?94292b8c4ae9e6f0dfc3a8bb10928ba8,INS,2018,10653,,1,,gx-no-cache=1521556620619 HTTP/1.1" 200 3983
186.103.157.235 - - [20/Mar/2018:11:37:56 -0300] "POST /cormun/servlet/solicitudotadjuntos?gx-no-cache=1521556626012 HTTP/1.1" 200 26
186.103.157.235 - - [20/Mar/2018:11:38:03 -0300] "GET /cormun/servlet/solicitudotadjuntos?c72dfc00f2db5132d36a86d20d2eb0709a92e5c70fe93db07751de4f43e750c7,gx-no-cache=1521556632644 HTTP/1.1" 200 30
186.103.157.235 - - [20/Mar/2018:11:38:03 -0300] "GET /cormun/servlet/solicitudotadjuntos?c72dfc00f2db5132d36a86d20d2eb0709a92e5c70fe93db07751de4f43e750c7,gx-no-cache=1521556632702 HTTP/1.1" 200 30
186.67.172.234 - - [20/Mar/2018:11:38:08 -0300] "GET /cormun/servlet/solicitudot?44f12c673d5e11f49b0a70bb5e99454af292430380cd04fe1c5d75e8d3943b90,gx-no-cache=1521556584712 HTTP/1.1" 200 94
186.67.172.234 - - [20/Mar/2018:11:38:08 -0300] "POST /cormun/servlet/solicitudot?gx-no-cache=1521556585115 HTTP/1.1" 200 30
186.67.172.234 - - [20/Mar/2018:11:38:09 -0300] "POST /cormun/servlet/solicitudot?gx-no-cache=1521556585165 HTTP/1.1" 200 1331
186.67.172.234 - - [20/Mar/2018:11:38:09 -0300] "POST /cormun/servlet/solicitudot?gx-no-cache=1521556585767 HTTP/1.1" 200 38
186.67.172.234 - - [20/Mar/2018:11:38:09 -0300] "POST /cormun/servlet/solicitudot?gx-no-cache=1521556585839 HTTP/1.1" 200 1318
186.67.172.234 - - [20/Mar/2018:11:38:10 -0300] "POST /cormun/servlet/solicitudot?gx-no-cache=1521556586435 HTTP/1.1" 200 1215
186.67.172.234 - - [20/Mar/2018:11:38:10 -0300] "GET /cormun/static/menuarrow.gif HTTP/1.1" 404 1015
186.67.172.234 - - [20/Mar/2018:11:38:14 -0300] "GET /cormun/servlet/solicitudot?44f12c673d5e11f49b0a70bb5e99454af292430380cd04fe1c5d75e8d3943b90,gx-no-cache=1521556590546 HTTP/1.1" 200 94
186.67.172.234 - - [20/Mar/2018:11:38:14 -0300] "POST /cormun/servlet/solicitudot?gx-no-cache=1521556590637 HTTP/1.1" 200 30
186.103.132.155 - - [20/Mar/2018:11:38:14 -0300] "POST /cormun/servlet/solicitudotadjuntos?8d8b6d79b923792ba03d3aefb9d5a7bd,INS,2018,10659,,1, HTTP/1.1" 200 7062
186.67.172.234 - - [20/Mar/2018:11:38:14 -0300] "POST /cormun/servlet/solicitudot?gx-no-cache=1521556590710 HTTP/1.1" 200 1331
186.67.172.234 - - [20/Mar/2018:11:38:15 -0300] "POST /cormun/servlet/solicitudot?gx-no-cache=1521556591298 HTTP/1.1" 200 38
186.67.172.234 - - [20/Mar/2018:11:38:16 -0300] "POST /cormun/servlet/solicitudot?gx-no-cache=1521556592549 HTTP/1.1" 200 1318
186.67.172.234 - - [20/Mar/2018:11:38:19 -0300] "POST /cormun/servlet/solicitudot?gx-no-cache=1521556593409 HTTP/1.1" 200 1215
186.67.172.234 - - [20/Mar/2018:11:38:19 -0300] "GET /cormun/servlet/solicitudot?44f12c673d5e11f49b0a70bb5e99454a8611d717c63fc8065bb5a7e6eaa8427c18c78c02388185cb406dfafe9450044c,gx-no-cache=1521556596468 HTTP/1.1" 200 30
186.67.172.234 - - [20/Mar/2018:11:38:20 -0300] "POST /cormun/servlet/solicitudot?gx-no-cache=1521556596549 HTTP/1.1" 200 30
186.103.157.235 - - [20/Mar/2018:11:38:26 -0300] "POST /cormun/servlet/solicitudotadjuntos?94292b8c4ae9e6f0dfc3a8bb10928ba8,INS,2018,10653,,1, HTTP/1.1" 200 116
186.103.157.235 - - [20/Mar/2018:11:38:28 -0300] "GET /cormun/servlet/hpexe_return? HTTP/1.1" 200 1026
186.103.157.235 - - [20/Mar/2018:11:38:28 -0300] "GET /cormun/servlet/trsolicitudadjuntos?2018,10653, HTTP/1.1" 200 8781
186.103.157.235 - - [20/Mar/2018:11:38:29 -0300] "GET /cormun/servlet/trsolicitudadjuntos?2018,10653, HTTP/1.1" 200 8779
186.103.157.235 - - [20/Mar/2018:11:38:31 -0300] "GET /cormun/servlet/solicitudotadjuntos?INS,2018,10653,,1, HTTP/1.1" 200 6264
186.103.157.235 - - [20/Mar/2018:11:38:32 -0300] "GET /cormun/static/about:blank HTTP/1.1" 404 1011
186.103.157.235 - - [20/Mar/2018:11:38:32 -0300] "GET /cormun/servlet/solicitudotadjuntos?INS,2018,10653,,1, HTTP/1.1" 200 6258
186.103.157.235 - - [20/Mar/2018:11:38:32 -0300] "GET /cormun/servlet/solicitudotadjuntos?c72dfc00f2db5132d36a86d20d2eb0706cbfc70bee5821eab894e8f68fd2bbe655abc716689eda82a7c2cba81b14b811,gx-no-cache=1521556661937 HTTP/1.1" 200 30
186.103.157.235 - - [20/Mar/2018:11:38:34 -0300] "POST /cormun/servlet/solicitudotadjuntos?94292b8c4ae9e6f0dfc3a8bb10928ba8,INS,2018,10653,,1,,gx-no-cache=1521556662007 HTTP/1.1" 200 3983
186.103.157.235 - - [20/Mar/2018:11:38:39 -0300] "POST /cormun/servlet/solicitudotadjuntos?gx-no-cache=1521556666122 HTTP/1.1" 200 26
186.103.157.235 - - [20/Mar/2018:11:38:48 -0300] "GET /cormun/servlet/solicitudotadjuntos?c72dfc00f2db5132d36a86d20d2eb0709a92e5c70fe93db07751de4f43e750c7,gx-no-cache=1521556677531 HTTP/1.1" 200 30
186.103.157.235 - - [20/Mar/2018:11:38:48 -0300] "GET /cormun/servlet/solicitudotadjuntos?c72dfc00f2db5132d36a86d20d2eb0709a92e5c70fe93db07751de4f43e750c7,gx-no-cache=1521556677688 HTTP/1.1" 200 30
186.67.172.234 - - [20/Mar/2018:11:38:54 -0300] "GET /cormun/servlet/solicitudot?44f12c673d5e11f49b0a70bb5e99454a8611d717c63fc8065bb5a7e6eaa8427c18c78c02388185cb406dfafe9450044c,gx-no-cache=1521556631275 HTTP/1.1" 200 30
186.67.172.234 - - [20/Mar/2018:11:38:54 -0300] "POST /cormun/servlet/solicitudot?gx-no-cache=1521556631326 HTTP/1.1" 200 30
186.67.203.186 - - [20/Mar/2018:11:38:56 -0300] "POST /cormun/servlet/solicitudotadjuntos?8d8b6d79b923792ba03d3aefb9d5a7bd,INS,2018,10659,,1, HTTP/1.1" 200 116
186.67.203.186 - - [20/Mar/2018:11:38:56 -0300] "GET /cormun/servlet/hpexe_return? HTTP/1.1" 200 1025
186.67.203.186 - - [20/Mar/2018:11:38:57 -0300] "GET /cormun/servlet/trsolicitudadjuntos?2018,10659, HTTP/1.1" 200 8963
186.67.203.186 - - [20/Mar/2018:11:38:58 -0300] "GET /cormun/servlet/trsolicitudadjuntos?2018,10659, HTTP/1.1" 200 8961
186.67.172.234 - - [20/Mar/2018:11:38:58 -0300] "POST /cormun/servlet/solicitudot?67c483a1bf9f59a54834be3a00850139,INS,0,0,,gx-no-cache=1521556631415 HTTP/1.1" 200 11884
186.67.172.234 - - [20/Mar/2018:11:39:25 -0300] "GET /cormun/servlet/solicitudot?dc774a9c78ccea847de41ef21e6cd6ea7e973c2b3f2cfeff687dee7278aea1669d3108b44bb5d6b463bb23504ecca5b3b0425db78d323dada3d4498bb2192ad8f2b4f82f758d37e1b7ce13ed2a6d8c288ff5d323a13bb5683cb30a3e23033783ebb44e08b181d9e512e3c3a68e55c106,gx-no-cache=1521556713185 HTTP/1.1" 200 29
186.67.172.234 - - [20/Mar/2018:11:39:25 -0300] "POST /cormun/servlet/solicitudot?gx-no-cache=1521556713633 HTTP/1.1" 200 1319
186.67.172.234 - - [20/Mar/2018:11:39:27 -0300] "POST /cormun/servlet/solicitudot?gx-no-cache=1521556714372 HTTP/1.1" 200 1218
186.67.172.234 - - [20/Mar/2018:11:39:27 -0300] "GET /cormun/static/menuarrow.gif HTTP/1.1" 404 1015
186.67.172.234 - - [20/Mar/2018:11:39:33 -0300] "POST /cormun/servlet/solicitudot?gx-no-cache=1521556669396 HTTP/1.1" 200 3478
186.67.172.234 - - [20/Mar/2018:11:39:34 -0300] "GET /cormun/servlet/solicitudot?44f12c673d5e11f49b0a70bb5e99454aef81efaa58dd66d4b0e444e6fa52efd8932c2d9dd7eaa31dd236aba0ec1aa7b4f4bfc60081506c0db7f8ae5361d8831e,gx-no-cache=1521556670354 HTTP/1.1" 200 30
186.67.172.234 - - [20/Mar/2018:11:39:34 -0300] "GET /cormun/servlet/solicitudot?dc774a9c78ccea847de41ef21e6cd6eaa07e0b47c01c7dd77ca91d63046d843ab4d7adb25e8de8b87e1ccc5ae9d9c54a,gx-no-cache=1521556720275 HTTP/1.1" 200 30
186.67.172.234 - - [20/Mar/2018:11:39:34 -0300] "POST /cormun/servlet/solicitudot?gx-no-cache=1521556670702 HTTP/1.1" 200 30
186.67.172.234 - - [20/Mar/2018:11:39:34 -0300] "POST /cormun/servlet/solicitudot?gx-no-cache=1521556670791 HTTP/1.1" 200 1336
186.67.172.234 - - [20/Mar/2018:11:39:35 -0300] "POST /cormun/servlet/solicitudot?gx-no-cache=1521556671336 HTTP/1.1" 200 38
186.67.172.234 - - [20/Mar/2018:11:39:35 -0300] "POST /cormun/servlet/solicitudot?gx-no-cache=1521556671787 HTTP/1.1" 200 1318
186.67.172.234 - - [20/Mar/2018:11:39:35 -0300] "POST /cormun/servlet/solicitudot?gx-no-cache=1521556671904 HTTP/1.1" 200 1218
186.67.172.234 - - [20/Mar/2018:11:39:44 -0300] "POST /cormun/servlet/solicitudot?gx-no-cache=1521556732539 HTTP/1.1" 200 30
