200.112.233.47 - - [20/Mar/2018:17:08:08 -0300] "GET /cormun/servlet/trsolicitudot? HTTP/1.1" 200 8787
200.112.233.47 - - [20/Mar/2018:17:08:08 -0300] "GET /cormun/static/calendar-system.css?85620 HTTP/1.1" 200 5572
200.112.233.47 - - [20/Mar/2018:17:08:08 -0300] "GET /cormun/static/gxui/gxui-all.css?120300 HTTP/1.1" 200 2179
200.112.233.47 - - [20/Mar/2018:17:08:08 -0300] "GET /cormun/static/Resources/PXToolsGridNew.png HTTP/1.1" 200 2949
200.112.233.47 - - [20/Mar/2018:17:08:08 -0300] "GET /cormun/static/Resources/Spanish/PXTools.css?1255365 HTTP/1.1" 200 16384
200.112.233.47 - - [20/Mar/2018:17:08:08 -0300] "GET /cormun/static/Resources/PXToolsActionExcel.png HTTP/1.1" 200 3187
200.112.233.47 - - [20/Mar/2018:17:08:08 -0300] "GET /cormun//static/Resources/PXToolsGridDelete.png HTTP/1.1" 200 357
200.112.233.47 - - [20/Mar/2018:17:08:08 -0300] "GET /cormun//static/Resources/PXToolsRemoveAllAction.png HTTP/1.1" 200 3558
200.112.233.47 - - [20/Mar/2018:17:08:08 -0300] "GET /cormun//static/Resources/PXToolsActionView.png HTTP/1.1" 200 2995
200.112.233.47 - - [20/Mar/2018:17:08:08 -0300] "GET /cormun//static/Resources/PXTools/ActionInsert.png HTTP/1.1" 200 1482
200.112.233.47 - - [20/Mar/2018:17:08:08 -0300] "GET /cormun/servlet/trsolicitudot? HTTP/1.1" 200 8787
200.112.233.47 - - [20/Mar/2018:17:08:12 -0300] "POST /cormun/servlet/trsolicitudot?b3bbf580b15ba953dcb568a56c4327a1,,gx-no-cache=1521576440702 HTTP/1.1" 200 5905
200.112.233.47 - - [20/Mar/2018:17:08:12 -0300] "GET /cormun/static/Shared/jqueryui/images/ui-bg_highlight-soft_100_c6c2c8_1x100.png HTTP/1.1" 404 1117
200.112.233.47 - - [20/Mar/2018:17:08:12 -0300] "GET /cormun/static/Shared/jqueryui/images/ui-bg_flat_55_fafafa_40x100.png HTTP/1.1" 404 1097
200.112.233.47 - - [20/Mar/2018:17:08:12 -0300] "GET /cormun/static/Shared/jqueryui/images/ui-icons_8d78a5_256x240.png HTTP/1.1" 404 1089
200.112.233.47 - - [20/Mar/2018:17:08:12 -0300] "GET /cormun/static/Shared/jqueryui/images/ui-icons_82798d_256x240.png HTTP/1.1" 404 1089
186.67.172.234 - - [20/Mar/2018:17:08:44 -0300] "GET /cormun/servlet/solicitudot?4fc0a65d5bd39ac8432e252744107e5954114caff83885a020534eadcf3c6d0b,gx-no-cache=1521576420622 HTTP/1.1" 200 94
186.67.172.234 - - [20/Mar/2018:17:08:44 -0300] "GET /cormun/static/Shared/jqueryui/images/ui-bg_highlight-soft_100_c6c2c8_1x100.png HTTP/1.1" 404 1117
186.67.172.234 - - [20/Mar/2018:17:08:44 -0300] "GET /cormun/static/Shared/jqueryui/images/ui-icons_82798d_256x240.png HTTP/1.1" 404 1089
186.67.172.234 - - [20/Mar/2018:17:08:44 -0300] "GET /cormun/static/Shared/jqueryui/images/ui-bg_flat_55_994d53_40x100.png HTTP/1.1" 404 1097
186.67.172.234 - - [20/Mar/2018:17:08:44 -0300] "GET /cormun/static/Shared/jqueryui/images/ui-icons_ebccce_256x240.png HTTP/1.1" 404 1089
186.67.172.234 - - [20/Mar/2018:17:08:44 -0300] "GET /cormun/servlet/solicitudot?4fc0a65d5bd39ac8432e252744107e59d78a81675cf27221cafe70f8dc9e3a93,gx-no-cache=1521576420710 HTTP/1.1" 200 29
186.67.172.234 - - [20/Mar/2018:17:09:11 -0300] "GET /cormun/servlet/prbanco?,MD,,gxPopupLevel%3D0%3B HTTP/1.1" 200 6654
186.67.172.234 - - [20/Mar/2018:17:09:11 -0300] "GET /cormun/servlet/prbanco?,MD,,gxPopupLevel%3D0%3B,gxPopupLevel%3D0%3B HTTP/1.1" 200 6661
186.67.172.234 - - [20/Mar/2018:17:10:00 -0300] "GET /cormun/servlet/solicitudot?4fc0a65d5bd39ac8432e252744107e5959683fa0c864a743449f8fb80899f0600d53c09e81e6463098ec69bdbb8332b5,gx-no-cache=1521576496441 HTTP/1.1" 200 30
186.67.172.234 - - [20/Mar/2018:17:10:01 -0300] "GET /cormun/servlet/solicitudot?4fc0a65d5bd39ac8432e252744107e591ebd3a0427a1db39202f93aa28d85a19,gx-no-cache=1521576497992 HTTP/1.1" 200 70
200.112.233.47 - - [20/Mar/2018:17:10:10 -0300] "POST /cormun/servlet/trsolicitudot?b3bbf580b15ba953dcb568a56c4327a1,,gx-no-cache=1521576558612 HTTP/1.1" 200 107
200.112.233.47 - - [20/Mar/2018:17:10:10 -0300] "GET /cormun/servlet/trsolicitudadjuntos?2018,10628, HTTP/1.1" 200 9572
200.112.233.47 - - [20/Mar/2018:17:10:11 -0300] "GET /cormun/servlet/trsolicitudadjuntos?2018,10628, HTTP/1.1" 200 9578
200.112.233.47 - - [20/Mar/2018:17:10:14 -0300] "GET /cormun/servlet/solicitudotadjuntos?INS,2018,10628,,1, HTTP/1.1" 200 6244
200.112.233.47 - - [20/Mar/2018:17:10:15 -0300] "GET /cormun/static/about:blank HTTP/1.1" 404 1011
200.112.233.47 - - [20/Mar/2018:17:10:15 -0300] "GET /cormun/servlet/solicitudotadjuntos?INS,2018,10628,,1, HTTP/1.1" 200 6238
200.112.233.47 - - [20/Mar/2018:17:10:16 -0300] "GET /cormun/servlet/solicitudotadjuntos?c3cb387f9fbf201522b6e6ff6ec5d0ac8263cceb3e0efccb9a0f24778a777e205011020b79c9b768033c165738810d16,gx-no-cache=1521576564542 HTTP/1.1" 200 30
200.112.233.47 - - [20/Mar/2018:17:10:16 -0300] "POST /cormun/servlet/solicitudotadjuntos?b3bbf580b15ba953dcb568a56c4327a1,INS,2018,10628,,1,,gx-no-cache=1521576564580 HTTP/1.1" 200 4025
200.112.233.47 - - [20/Mar/2018:17:10:19 -0300] "POST /cormun/servlet/solicitudotadjuntos?gx-no-cache=1521576567720 HTTP/1.1" 200 26
192.168.10.96 - - [20/Mar/2018:17:10:21 -0300] "GET /cormun/servlet/trsolicitudgral? HTTP/1.1" 200 9223
192.168.10.96 - - [20/Mar/2018:17:10:22 -0300] "GET /cormun/servlet/trsolicitudgral? HTTP/1.1" 200 9206
200.112.233.47 - - [20/Mar/2018:17:10:25 -0300] "GET /cormun/servlet/solicitudotadjuntos?c3cb387f9fbf201522b6e6ff6ec5d0ac35e0cd90a11f25afdd44085c5c3e9e92,gx-no-cache=1521576574340 HTTP/1.1" 200 30
200.112.233.47 - - [20/Mar/2018:17:10:25 -0300] "GET /cormun/servlet/solicitudotadjuntos?c3cb387f9fbf201522b6e6ff6ec5d0ac35e0cd90a11f25afdd44085c5c3e9e92,gx-no-cache=1521576574376 HTTP/1.1" 200 30
192.168.10.96 - - [20/Mar/2018:17:10:27 -0300] "POST /cormun/servlet/trsolicitudgral?de30423eb6d65c14ca2a2fa228799923,,gx-no-cache=1521576460983 HTTP/1.1" 200 5944
192.168.10.96 - - [20/Mar/2018:17:10:27 -0300] "POST /cormun/servlet/trsolicitudgral?de30423eb6d65c14ca2a2fa228799923,,gx-no-cache=1521576461180 HTTP/1.1" 200 5944
192.168.10.96 - - [20/Mar/2018:17:10:27 -0300] "POST /cormun/servlet/trsolicitudgral?de30423eb6d65c14ca2a2fa228799923,,gx-no-cache=1521576461348 HTTP/1.1" 200 5945
200.112.233.47 - - [20/Mar/2018:17:10:27 -0300] "POST /cormun/servlet/solicitudotadjuntos?b3bbf580b15ba953dcb568a56c4327a1,INS,2018,10628,,1, HTTP/1.1" 200 116
192.168.10.96 - - [20/Mar/2018:17:10:27 -0300] "POST /cormun/servlet/trsolicitudgral?de30423eb6d65c14ca2a2fa228799923,,gx-no-cache=1521576461541 HTTP/1.1" 200 5945
200.112.233.47 - - [20/Mar/2018:17:10:27 -0300] "GET /cormun/servlet/hpexe_return? HTTP/1.1" 200 1022
200.112.233.47 - - [20/Mar/2018:17:10:28 -0300] "GET /cormun/servlet/trsolicitudadjuntos?2018,10628, HTTP/1.1" 200 9828
200.112.233.47 - - [20/Mar/2018:17:10:29 -0300] "GET /cormun/servlet/trsolicitudadjuntos?2018,10628, HTTP/1.1" 200 9827
186.67.172.234 - - [20/Mar/2018:17:10:30 -0300] "POST /cormun/servlet/solicitudot?gx-no-cache=1521576526621 HTTP/1.1" 200 256
192.168.10.96 - - [20/Mar/2018:17:10:31 -0300] "POST /cormun/servlet/trsolicitudgral?de30423eb6d65c14ca2a2fa228799923,,gx-no-cache=1521576464876 HTTP/1.1" 200 7322
186.67.172.234 - - [20/Mar/2018:17:10:32 -0300] "GET /cormun/servlet/solicitudot?4fc0a65d5bd39ac8432e252744107e59d49561f7104ba83e1bc73d6a4f81f776ff8cca0591d4170d012d6a4cc23d9449f964711925cab3ec3c9e8510248836b9e6f1ad26cd5738cc65ba090a8469440f6478b6d62c1a1a1354341712df9c9a31c9fafd02bf15ffe1fb011c7dafb047e77c59f16dfe1904d501331725f77e0cd6b0d387407c567a461a993b7ea87feecdb387f32fe6b13b296172ac8ce9e878910021a3c22578acba8a5e56f052962a47e32d25bac40b17f0102a6f834d89740f41dccb2e6cb37bfcfd3ba527a32799fbaf239c9f9dd33f1e1b6f398eab7c7cc17919ef9e5d84c9bd4521865fcdfd1bdf3d21b3461e506aeea60a29a5e17a4eb475c39fd33c9d48999a92044f384936f8d0ae6e707df19f0c47d915dc5a94dd29cddc4bdb453a396e0953dd8ee99bbd37123c3c4172dce09b014a41045fb8beefc30eee5df35fe915233e15a573f743a5c97b55bad70e9a8f00e451e07ef4b6e64d6a2fbe76ab767364bf0a5135a49063b77ec31dfde604b0250ac510fa230e2a,gx-no-cache=1521576528859 HTTP/1.1" 200 30
200.112.233.47 - - [20/Mar/2018:17:10:34 -0300] "POST /cormun/servlet/trsolicitudadjuntos?b3bbf580b15ba953dcb568a56c4327a1,2018,10628,,gx-no-cache=1521576582408 HTTP/1.1" 200 90
200.112.233.47 - - [20/Mar/2018:17:10:34 -0300] "GET /cormun/servlet/hpexe_link HTTP/1.1" 200 971
186.67.172.234 - - [20/Mar/2018:17:10:35 -0300] "POST /cormun/servlet/solicitudot?gx-no-cache=1521576531413 HTTP/1.1" 200 30
186.67.172.234 - - [20/Mar/2018:17:10:38 -0300] "POST /cormun/servlet/solicitudot?gx-no-cache=1521576534383 HTTP/1.1" 200 1333
186.67.172.234 - - [20/Mar/2018:17:10:38 -0300] "POST /cormun/servlet/solicitudot?gx-no-cache=1521576534486 HTTP/1.1" 200 38
200.30.252.129 - - [20/Mar/2018:17:11:03 -0300] "POST /cormun/servlet/solicitudot?gx-no-cache=1521576611737 HTTP/1.1" 200 3284
200.30.252.129 - - [20/Mar/2018:17:11:04 -0300] "POST /cormun/servlet/solicitudot?609aa333fdc8106e9de930a02f1cf6c3,INS,0,0,,gx-no-cache=1521576611984 HTTP/1.1" 200 10436
200.30.252.129 - - [20/Mar/2018:17:11:04 -0300] "GET /cormun/servlet/solicitudot?5b7f2c5a9205f5a3ef7e9ae0e49097c4a725143d00e0afd35e0008edb6646304,gx-no-cache=1521576612375 HTTP/1.1" 200 111
200.30.252.129 - - [20/Mar/2018:17:11:04 -0300] "GET /cormun/static/Shared/jqueryui/images/ui-bg_highlight-soft_100_c6c2c8_1x100.png HTTP/1.1" 404 1117
200.30.252.129 - - [20/Mar/2018:17:11:04 -0300] "GET /cormun/static/Shared/jqueryui/images/ui-icons_ebccce_256x240.png HTTP/1.1" 404 1089
200.30.252.129 - - [20/Mar/2018:17:11:04 -0300] "GET /cormun/static/Shared/jqueryui/images/ui-icons_82798d_256x240.png HTTP/1.1" 404 1089
200.30.252.129 - - [20/Mar/2018:17:11:04 -0300] "GET /cormun/static/Shared/jqueryui/images/ui-bg_flat_55_994d53_40x100.png HTTP/1.1" 404 1097
186.67.172.234 - - [20/Mar/2018:17:11:30 -0300] "GET /cormun/servlet/solicitudot?4fc0a65d5bd39ac8432e252744107e5903e39deb1f37b39da500756b868e2266930a821aec88c37c7cfb3c5434341c93fb3e2cb988da6610e305dd7bd7d6ab37cbb170808ac991a626159ab59c7c80bb1b1ddc8bd642f5b9920683dbf6d568f5314e793761adb27677f667e5a3c56035,gx-no-cache=1521576586379 HTTP/1.1" 200 29
186.67.172.234 - - [20/Mar/2018:17:11:30 -0300] "POST /cormun/servlet/solicitudot?gx-no-cache=1521576586457 HTTP/1.1" 200 1319
186.67.172.234 - - [20/Mar/2018:17:11:30 -0300] "POST /cormun/servlet/solicitudot?gx-no-cache=1521576586501 HTTP/1.1" 200 1215
200.111.122.170 - - [20/Mar/2018:17:11:36 -0300] "GET /cormun/servlet/hlogin HTTP/1.1" 200 1720
186.67.172.234 - - [20/Mar/2018:17:11:36 -0300] "GET /cormun/static/menuarrow.gif HTTP/1.1" 404 1015
186.67.172.234 - - [20/Mar/2018:17:11:39 -0300] "GET /cormun/servlet/solicitudot?4fc0a65d5bd39ac8432e252744107e59fc5cb7aeb94724d2bd2124e3e52c032a928750b806fc1472f729e2179f2e647e,gx-no-cache=1521576596163 HTTP/1.1" 200 30
200.111.122.170 - - [20/Mar/2018:17:11:46 -0300] "POST /cormun/servlet/hlogin?5a1be8876e4593abcb268eaeacd5e6d1,gx-no-cache=1521576656007 HTTP/1.1" 200 90
200.111.122.170 - - [20/Mar/2018:17:11:46 -0300] "GET /cormun/servlet/hpexe_link HTTP/1.1" 200 962
200.111.122.170 - - [20/Mar/2018:17:11:46 -0300] "GET /cormun/servlet/permisogoce?INS,0,,, HTTP/1.1" 200 7065
186.67.172.234 - - [20/Mar/2018:17:11:47 -0300] "POST /cormun/servlet/solicitudot?gx-no-cache=1521576603888 HTTP/1.1" 200 30
200.111.122.170 - - [20/Mar/2018:17:11:48 -0300] "GET /cormun/servlet/permisogoce?INS,0,,, HTTP/1.1" 200 7065
200.111.122.170 - - [20/Mar/2018:17:11:54 -0300] "GET /cormun/servlet/trautorizarsolicitud? HTTP/1.1" 200 13452
200.111.122.170 - - [20/Mar/2018:17:11:55 -0300] "GET /cormun/servlet/trautorizarsolicitud? HTTP/1.1" 200 13444
200.111.122.170 - - [20/Mar/2018:17:12:10 -0300] "POST /cormun/servlet/trautorizarsolicitud?5a1be8876e4593abcb268eaeacd5e6d1,,gx-no-cache=1521576679601 HTTP/1.1" 200 5807
200.30.252.129 - - [20/Mar/2018:17:12:22 -0300] "POST /cormun/servlet/solicitudot?gx-no-cache=1521576690354 HTTP/1.1" 200 3284
200.30.252.129 - - [20/Mar/2018:17:12:22 -0300] "POST /cormun/servlet/solicitudot?609aa333fdc8106e9de930a02f1cf6c3,INS,0,0,,gx-no-cache=1521576690561 HTTP/1.1" 200 10493
200.30.252.129 - - [20/Mar/2018:17:12:25 -0300] "GET /cormun/servlet/solicitudot?5b7f2c5a9205f5a3ef7e9ae0e49097c44704210c5cbfd0586caa66d3512e9139c020908cc4e18e56e7db0d2f9a13ede1,gx-no-cache=1521576693130 HTTP/1.1" 200 30
200.112.233.47 - - [20/Mar/2018:17:12:31 -0300] "GET /cormun/servlet/hpexe_link HTTP/1.1" 200 941
186.67.172.234 - - [20/Mar/2018:17:12:33 -0300] "POST /cormun/servlet/solicitudot?6b85bd1bcb86d10bec76a39f9a609236,INS,0,0,,gx-no-cache=1521576649839 HTTP/1.1" 200 93
186.67.172.234 - - [20/Mar/2018:17:12:33 -0300] "GET /cormun/servlet/hpexe_return? HTTP/1.1" 200 998
186.67.172.234 - - [20/Mar/2018:17:12:33 -0300] "GET /cormun/servlet/trsolicitudot HTTP/1.1" 200 9533
186.67.172.234 - - [20/Mar/2018:17:12:34 -0300] "GET /cormun/servlet/trsolicitudot HTTP/1.1" 200 9529
186.67.172.234 - - [20/Mar/2018:17:12:38 -0300] "POST /cormun/servlet/trsolicitudot?6b85bd1bcb86d10bec76a39f9a609236,gx-no-cache=1521576655244 HTTP/1.1" 200 107
186.67.172.234 - - [20/Mar/2018:17:12:39 -0300] "GET /cormun/servlet/trsolicitudadjuntos?2018,10718, HTTP/1.1" 200 6316
186.67.172.234 - - [20/Mar/2018:17:12:39 -0300] "GET /cormun/servlet/trsolicitudadjuntos?2018,10718, HTTP/1.1" 200 6316
186.67.172.234 - - [20/Mar/2018:17:12:41 -0300] "GET /cormun/servlet/solicitudotadjuntos?INS,2018,10718,,1, HTTP/1.1" 200 6258
186.67.172.234 - - [20/Mar/2018:17:12:41 -0300] "GET /cormun/static/about:blank HTTP/1.1" 404 1011
186.67.172.234 - - [20/Mar/2018:17:12:41 -0300] "GET /cormun/servlet/solicitudotadjuntos?INS,2018,10718,,1, HTTP/1.1" 200 6251
186.67.172.234 - - [20/Mar/2018:17:12:42 -0300] "GET /cormun/servlet/solicitudotadjuntos?4fc0a65d5bd39ac8432e252744107e59ff735cb448523b1e4a4454dac8bf6dd319382bf4daed3a68c1484284fd26fc33,gx-no-cache=1521576658666 HTTP/1.1" 200 30
186.67.172.234 - - [20/Mar/2018:17:12:42 -0300] "POST /cormun/servlet/solicitudotadjuntos?6b85bd1bcb86d10bec76a39f9a609236,INS,2018,10718,,1,,gx-no-cache=1521576658711 HTTP/1.1" 200 3976
186.67.172.234 - - [20/Mar/2018:17:12:47 -0300] "POST /cormun/servlet/solicitudotadjuntos?gx-no-cache=1521576663589 HTTP/1.1" 200 26
192.168.10.89 - - [20/Mar/2018:17:12:50 -0300] "GET /cormun/servlet/hlogin HTTP/1.1" 200 1736
186.67.172.234 - - [20/Mar/2018:17:12:53 -0300] "GET /cormun/servlet/solicitudotadjuntos?4fc0a65d5bd39ac8432e252744107e594a015674291c42a2527f197f204d6016,gx-no-cache=1521576670300 HTTP/1.1" 200 30
186.67.172.234 - - [20/Mar/2018:17:12:53 -0300] "GET /cormun/servlet/solicitudotadjuntos?4fc0a65d5bd39ac8432e252744107e594a015674291c42a2527f197f204d6016,gx-no-cache=1521576670313 HTTP/1.1" 200 30
186.67.172.234 - - [20/Mar/2018:17:12:54 -0300] "POST /cormun/servlet/solicitudotadjuntos?6b85bd1bcb86d10bec76a39f9a609236,INS,2018,10718,,1, HTTP/1.1" 200 116
186.67.172.234 - - [20/Mar/2018:17:12:54 -0300] "GET /cormun/servlet/hpexe_return? HTTP/1.1" 200 1017
186.67.172.234 - - [20/Mar/2018:17:12:55 -0300] "GET /cormun/servlet/trsolicitudadjuntos?2018,10718, HTTP/1.1" 200 8756
186.67.172.234 - - [20/Mar/2018:17:12:55 -0300] "GET /cormun/servlet/trsolicitudadjuntos?2018,10718, HTTP/1.1" 200 8748
186.67.172.234 - - [20/Mar/2018:17:12:58 -0300] "GET /cormun/servlet/solicitudotadjuntos?INS,2018,10718,,1, HTTP/1.1" 200 6257
200.30.252.129 - - [20/Mar/2018:17:12:58 -0300] "GET /cormun/servlet/solicitudot?5b7f2c5a9205f5a3ef7e9ae0e49097c49645e57de8fc73577259c9d1383b3a4e,gx-no-cache=1521576726051 HTTP/1.1" 200 94
192.168.10.89 - - [20/Mar/2018:17:12:58 -0300] "POST /cormun/servlet/hlogin?452d28e9f660b8c65aa82b0237e5d0e4,gx-no-cache=1521576611785 HTTP/1.1" 200 90
192.168.10.89 - - [20/Mar/2018:17:12:58 -0300] "GET /cormun/servlet/hpexe_link HTTP/1.1" 200 948
200.30.252.129 - - [20/Mar/2018:17:12:58 -0300] "GET /cormun/servlet/solicitudot?5b7f2c5a9205f5a3ef7e9ae0e49097c433c25b703ab898004a87c9f43d27308e,gx-no-cache=1521576726230 HTTP/1.1" 200 29
186.67.172.234 - - [20/Mar/2018:17:12:58 -0300] "GET /cormun/static/about:blank HTTP/1.1" 404 1011
192.168.10.89 - - [20/Mar/2018:17:12:58 -0300] "GET /cormun/servlet/hhome HTTP/1.1" 200 4919
186.67.172.234 - - [20/Mar/2018:17:12:58 -0300] "GET /cormun/servlet/solicitudotadjuntos?INS,2018,10718,,1, HTTP/1.1" 200 6251
186.67.172.234 - - [20/Mar/2018:17:12:58 -0300] "GET /cormun/servlet/solicitudotadjuntos?4fc0a65d5bd39ac8432e252744107e59ff735cb448523b1e4a4454dac8bf6dd319382bf4daed3a68c1484284fd26fc33,gx-no-cache=1521576675268 HTTP/1.1" 200 30
186.67.172.234 - - [20/Mar/2018:17:12:58 -0300] "POST /cormun/servlet/solicitudotadjuntos?6b85bd1bcb86d10bec76a39f9a609236,INS,2018,10718,,1,,gx-no-cache=1521576675309 HTTP/1.1" 200 3976
192.168.10.89 - - [20/Mar/2018:17:13:01 -0300] "GET /cormun/servlet/trsolicitudgral? HTTP/1.1" 200 28833
192.168.10.89 - - [20/Mar/2018:17:13:01 -0300] "GET /cormun/static/trsolicitudgral.js?201813119462015 HTTP/1.1" 304 -
186.67.172.234 - - [20/Mar/2018:17:13:02 -0300] "POST /cormun/servlet/solicitudotadjuntos?gx-no-cache=1521576679341 HTTP/1.1" 200 26
200.30.252.129 - - [20/Mar/2018:17:13:05 -0300] "POST /cormun/servlet/solicitudot?gx-no-cache=1521576733101 HTTP/1.1" 200 256
186.67.172.234 - - [20/Mar/2018:17:13:09 -0300] "GET /cormun/servlet/solicitudotadjuntos?4fc0a65d5bd39ac8432e252744107e594a015674291c42a2527f197f204d6016,gx-no-cache=1521576686381 HTTP/1.1" 200 30
186.67.172.234 - - [20/Mar/2018:17:13:09 -0300] "GET /cormun/servlet/solicitudotadjuntos?4fc0a65d5bd39ac8432e252744107e594a015674291c42a2527f197f204d6016,gx-no-cache=1521576686393 HTTP/1.1" 200 30
186.67.172.234 - - [20/Mar/2018:17:13:11 -0300] "POST /cormun/servlet/solicitudotadjuntos?6b85bd1bcb86d10bec76a39f9a609236,INS,2018,10718,,1, HTTP/1.1" 200 116
186.67.172.234 - - [20/Mar/2018:17:13:11 -0300] "GET /cormun/servlet/hpexe_return? HTTP/1.1" 200 1017
186.67.172.234 - - [20/Mar/2018:17:13:11 -0300] "GET /cormun/servlet/trsolicitudadjuntos?2018,10718, HTTP/1.1" 200 8978
186.67.172.234 - - [20/Mar/2018:17:13:12 -0300] "GET /cormun/servlet/trsolicitudadjuntos?2018,10718, HTTP/1.1" 200 8976
186.67.172.234 - - [20/Mar/2018:17:13:15 -0300] "GET /cormun/servlet/solicitudotadjuntos?INS,2018,10718,,1, HTTP/1.1" 200 6257
186.67.172.234 - - [20/Mar/2018:17:13:15 -0300] "GET /cormun/static/about:blank HTTP/1.1" 404 1011
186.67.172.234 - - [20/Mar/2018:17:13:15 -0300] "GET /cormun/servlet/solicitudotadjuntos?INS,2018,10718,,1, HTTP/1.1" 200 6251
186.67.172.234 - - [20/Mar/2018:17:13:15 -0300] "GET /cormun/servlet/solicitudotadjuntos?4fc0a65d5bd39ac8432e252744107e59ff735cb448523b1e4a4454dac8bf6dd319382bf4daed3a68c1484284fd26fc33,gx-no-cache=1521576692227 HTTP/1.1" 200 30
186.67.172.234 - - [20/Mar/2018:17:13:16 -0300] "POST /cormun/servlet/solicitudotadjuntos?6b85bd1bcb86d10bec76a39f9a609236,INS,2018,10718,,1,,gx-no-cache=1521576692272 HTTP/1.1" 200 3976
192.168.10.89 - - [20/Mar/2018:17:13:16 -0300] "POST /cormun/servlet/trsolicitudgral?452d28e9f660b8c65aa82b0237e5d0e4,,gx-no-cache=1521576629677 HTTP/1.1" 200 20491
186.67.172.234 - - [20/Mar/2018:17:13:18 -0300] "POST /cormun/servlet/solicitudotadjuntos?gx-no-cache=1521576695268 HTTP/1.1" 200 26
186.67.172.234 - - [20/Mar/2018:17:13:23 -0300] "GET /cormun/servlet/solicitudotadjuntos?4fc0a65d5bd39ac8432e252744107e594a015674291c42a2527f197f204d6016,gx-no-cache=1521576700317 HTTP/1.1" 200 30
186.67.172.234 - - [20/Mar/2018:17:13:23 -0300] "GET /cormun/servlet/solicitudotadjuntos?4fc0a65d5bd39ac8432e252744107e594a015674291c42a2527f197f204d6016,gx-no-cache=1521576700328 HTTP/1.1" 200 30
186.67.172.234 - - [20/Mar/2018:17:13:24 -0300] "POST /cormun/servlet/solicitudotadjuntos?6b85bd1bcb86d10bec76a39f9a609236,INS,2018,10718,,1, HTTP/1.1" 200 116
186.67.172.234 - - [20/Mar/2018:17:13:24 -0300] "GET /cormun/servlet/hpexe_return? HTTP/1.1" 200 1017
186.67.172.234 - - [20/Mar/2018:17:13:25 -0300] "GET /cormun/servlet/trsolicitudadjuntos?2018,10718, HTTP/1.1" 200 9143
186.67.172.234 - - [20/Mar/2018:17:13:25 -0300] "GET /cormun/servlet/trsolicitudadjuntos?2018,10718, HTTP/1.1" 200 9140
186.67.172.234 - - [20/Mar/2018:17:13:27 -0300] "GET /cormun/servlet/solicitudotadjuntos?INS,2018,10718,,1, HTTP/1.1" 200 6257
186.67.172.234 - - [20/Mar/2018:17:13:27 -0300] "GET /cormun/static/about:blank HTTP/1.1" 404 1011
186.67.172.234 - - [20/Mar/2018:17:13:27 -0300] "GET /cormun/servlet/solicitudotadjuntos?INS,2018,10718,,1, HTTP/1.1" 200 6251
186.67.172.234 - - [20/Mar/2018:17:13:28 -0300] "GET /cormun/servlet/solicitudotadjuntos?4fc0a65d5bd39ac8432e252744107e59ff735cb448523b1e4a4454dac8bf6dd319382bf4daed3a68c1484284fd26fc33,gx-no-cache=1521576704764 HTTP/1.1" 200 30
186.67.172.234 - - [20/Mar/2018:17:13:28 -0300] "POST /cormun/servlet/solicitudotadjuntos?6b85bd1bcb86d10bec76a39f9a609236,INS,2018,10718,,1,,gx-no-cache=1521576704802 HTTP/1.1" 200 3976
186.67.172.234 - - [20/Mar/2018:17:13:31 -0300] "POST /cormun/servlet/solicitudotadjuntos?gx-no-cache=1521576707756 HTTP/1.1" 200 26
192.168.10.89 - - [20/Mar/2018:17:13:37 -0300] "POST /cormun/servlet/trsolicitudgral?452d28e9f660b8c65aa82b0237e5d0e4,,gx-no-cache=1521576650121 HTTP/1.1" 200 105
192.168.10.89 - - [20/Mar/2018:17:13:37 -0300] "GET /cormun/SolicitudGral-8787.xls HTTP/1.1" 200 22016
186.67.172.234 - - [20/Mar/2018:17:13:38 -0300] "GET /cormun/servlet/solicitudotadjuntos?4fc0a65d5bd39ac8432e252744107e594a015674291c42a2527f197f204d6016,gx-no-cache=1521576715220 HTTP/1.1" 200 30
186.67.172.234 - - [20/Mar/2018:17:13:38 -0300] "GET /cormun/servlet/solicitudotadjuntos?4fc0a65d5bd39ac8432e252744107e594a015674291c42a2527f197f204d6016,gx-no-cache=1521576715232 HTTP/1.1" 200 30
186.67.172.234 - - [20/Mar/2018:17:13:39 -0300] "POST /cormun/servlet/solicitudotadjuntos?6b85bd1bcb86d10bec76a39f9a609236,INS,2018,10718,,1, HTTP/1.1" 200 116
192.168.10.89 - - [20/Mar/2018:17:13:39 -0300] "OPTIONS /cormun/ HTTP/1.1" 200 -
186.67.172.234 - - [20/Mar/2018:17:13:39 -0300] "GET /cormun/servlet/hpexe_return? HTTP/1.1" 200 1017
192.168.10.89 - - [20/Mar/2018:17:13:39 -0300] "OPTIONS /cormun/ HTTP/1.1" 200 -
186.67.172.234 - - [20/Mar/2018:17:13:39 -0300] "GET /cormun/servlet/trsolicitudadjuntos?2018,10718, HTTP/1.1" 200 9358
186.67.172.234 - - [20/Mar/2018:17:13:40 -0300] "GET /cormun/servlet/trsolicitudadjuntos?2018,10718, HTTP/1.1" 200 9356
192.168.10.89 - - [20/Mar/2018:17:13:44 -0300] "HEAD /cormun/SolicitudGral-8787.xls HTTP/1.1" 200 -
192.168.10.89 - - [20/Mar/2018:17:13:44 -0300] "HEAD /cormun/SolicitudGral-8787.xls HTTP/1.1" 200 -
192.168.10.89 - - [20/Mar/2018:17:13:47 -0300] "GET /cormun/SolicitudGral-8787.xls HTTP/1.1" 200 22016
192.168.10.89 - - [20/Mar/2018:17:13:47 -0300] "HEAD /cormun/SolicitudGral-8787.xls HTTP/1.1" 200 -
186.67.172.234 - - [20/Mar/2018:17:13:51 -0300] "GET /cormun/servlet/solicitudotadjuntos?INS,2018,10718,,1, HTTP/1.1" 200 6258
186.67.172.234 - - [20/Mar/2018:17:13:51 -0300] "GET /cormun/static/about:blank HTTP/1.1" 404 1011
186.67.172.234 - - [20/Mar/2018:17:13:51 -0300] "GET /cormun/servlet/solicitudotadjuntos?INS,2018,10718,,1, HTTP/1.1" 200 6251
186.67.172.234 - - [20/Mar/2018:17:13:52 -0300] "GET /cormun/servlet/solicitudotadjuntos?4fc0a65d5bd39ac8432e252744107e59ff735cb448523b1e4a4454dac8bf6dd319382bf4daed3a68c1484284fd26fc33,gx-no-cache=1521576728442 HTTP/1.1" 200 30
186.67.172.234 - - [20/Mar/2018:17:13:52 -0300] "POST /cormun/servlet/solicitudotadjuntos?6b85bd1bcb86d10bec76a39f9a609236,INS,2018,10718,,1,,gx-no-cache=1521576728491 HTTP/1.1" 200 3975
186.67.172.234 - - [20/Mar/2018:17:13:54 -0300] "POST /cormun/servlet/solicitudotadjuntos?gx-no-cache=1521576730764 HTTP/1.1" 200 26
200.112.233.47 - - [20/Mar/2018:17:13:56 -0300] "POST /cormun/servlet/trfichaempleado?b3bbf580b15ba953dcb568a56c4327a1,,gx-no-cache=1521576506920 HTTP/1.1" 200 9439
186.67.172.234 - - [20/Mar/2018:17:14:00 -0300] "GET /cormun/servlet/solicitudotadjuntos?4fc0a65d5bd39ac8432e252744107e594a015674291c42a2527f197f204d6016,gx-no-cache=1521576737181 HTTP/1.1" 200 30
186.67.172.234 - - [20/Mar/2018:17:14:00 -0300] "GET /cormun/servlet/solicitudotadjuntos?4fc0a65d5bd39ac8432e252744107e594a015674291c42a2527f197f204d6016,gx-no-cache=1521576737194 HTTP/1.1" 200 30
186.67.172.234 - - [20/Mar/2018:17:14:01 -0300] "POST /cormun/servlet/solicitudotadjuntos?6b85bd1bcb86d10bec76a39f9a609236,INS,2018,10718,,1, HTTP/1.1" 200 116
186.67.172.234 - - [20/Mar/2018:17:14:02 -0300] "GET /cormun/servlet/hpexe_return? HTTP/1.1" 200 1017
186.67.172.234 - - [20/Mar/2018:17:14:02 -0300] "GET /cormun/servlet/trsolicitudadjuntos?2018,10718, HTTP/1.1" 200 9578
186.67.172.234 - - [20/Mar/2018:17:14:03 -0300] "GET /cormun/servlet/trsolicitudadjuntos?2018,10718, HTTP/1.1" 200 9577
186.67.172.234 - - [20/Mar/2018:17:14:05 -0300] "GET /cormun/servlet/solicitudotadjuntos?INS,2018,10718,,1, HTTP/1.1" 200 6258
186.67.172.234 - - [20/Mar/2018:17:14:05 -0300] "GET /cormun/static/about:blank HTTP/1.1" 404 1011
186.67.172.234 - - [20/Mar/2018:17:14:05 -0300] "GET /cormun/servlet/solicitudotadjuntos?INS,2018,10718,,1, HTTP/1.1" 200 6251
186.67.172.234 - - [20/Mar/2018:17:14:06 -0300] "GET /cormun/servlet/solicitudotadjuntos?4fc0a65d5bd39ac8432e252744107e59ff735cb448523b1e4a4454dac8bf6dd319382bf4daed3a68c1484284fd26fc33,gx-no-cache=1521576742849 HTTP/1.1" 200 30
186.67.172.234 - - [20/Mar/2018:17:14:06 -0300] "POST /cormun/servlet/solicitudotadjuntos?6b85bd1bcb86d10bec76a39f9a609236,INS,2018,10718,,1,,gx-no-cache=1521576742889 HTTP/1.1" 200 3975
186.67.172.234 - - [20/Mar/2018:17:14:08 -0300] "POST /cormun/servlet/solicitudotadjuntos?gx-no-cache=1521576745332 HTTP/1.1" 200 26
186.67.172.234 - - [20/Mar/2018:17:14:14 -0300] "GET /cormun/servlet/solicitudotadjuntos?4fc0a65d5bd39ac8432e252744107e594a015674291c42a2527f197f204d6016,gx-no-cache=1521576750660 HTTP/1.1" 200 30
192.168.10.62 - - [20/Mar/2018:17:14:14 -0300] "GET /cormun/servlet/hlogin HTTP/1.1" 200 1732
186.67.172.234 - - [20/Mar/2018:17:14:14 -0300] "GET /cormun/servlet/solicitudotadjuntos?4fc0a65d5bd39ac8432e252744107e594a015674291c42a2527f197f204d6016,gx-no-cache=1521576750719 HTTP/1.1" 200 30
186.67.172.234 - - [20/Mar/2018:17:14:16 -0300] "POST /cormun/servlet/solicitudotadjuntos?6b85bd1bcb86d10bec76a39f9a609236,INS,2018,10718,,1, HTTP/1.1" 200 116
186.67.172.234 - - [20/Mar/2018:17:14:16 -0300] "GET /cormun/servlet/hpexe_return? HTTP/1.1" 200 1017
186.67.172.234 - - [20/Mar/2018:17:14:16 -0300] "GET /cormun/servlet/trsolicitudadjuntos?2018,10718, HTTP/1.1" 200 9832
186.67.172.234 - - [20/Mar/2018:17:14:17 -0300] "GET /cormun/servlet/trsolicitudadjuntos?2018,10718, HTTP/1.1" 200 9829
186.67.172.234 - - [20/Mar/2018:17:14:21 -0300] "POST /cormun/servlet/trsolicitudadjuntos?6b85bd1bcb86d10bec76a39f9a609236,2018,10718,,gx-no-cache=1521576758310 HTTP/1.1" 200 90
186.67.172.234 - - [20/Mar/2018:17:14:21 -0300] "GET /cormun/servlet/hpexe_link HTTP/1.1" 200 960
186.67.172.234 - - [20/Mar/2018:17:14:22 -0300] "GET /cormun/servlet/trsolicitudot HTTP/1.1" 200 9530
186.67.172.234 - - [20/Mar/2018:17:14:22 -0300] "GET /cormun/servlet/trsolicitudot HTTP/1.1" 200 9529
186.67.172.234 - - [20/Mar/2018:17:14:28 -0300] "POST /cormun/servlet/trsolicitudot?6b85bd1bcb86d10bec76a39f9a609236,gx-no-cache=1521576765095 HTTP/1.1" 200 6226
186.67.172.234 - - [20/Mar/2018:17:14:28 -0300] "GET /cormun/static/Shared/jqueryui/images/ui-bg_highlight-soft_100_c6c2c8_1x100.png HTTP/1.1" 404 1117
186.67.172.234 - - [20/Mar/2018:17:14:29 -0300] "GET /cormun/static/Shared/jqueryui/images/ui-icons_82798d_256x240.png HTTP/1.1" 404 1089
186.67.172.234 - - [20/Mar/2018:17:14:29 -0300] "GET /cormun/static/Shared/jqueryui/images/ui-bg_flat_55_fafafa_40x100.png HTTP/1.1" 404 1097
186.67.172.234 - - [20/Mar/2018:17:14:29 -0300] "GET /cormun/static/Shared/jqueryui/images/ui-icons_8d78a5_256x240.png HTTP/1.1" 404 1089
186.67.172.234 - - [20/Mar/2018:17:14:29 -0300] "POST /cormun/servlet/trsolicitudot?6b85bd1bcb86d10bec76a39f9a609236,gx-no-cache=1521576765367 HTTP/1.1" 200 6167
192.168.10.62 - - [20/Mar/2018:17:14:31 -0300] "POST /cormun/servlet/hlogin?81a0ee1471d23dff490c7e8eaba54c9a,gx-no-cache=1521576705130 HTTP/1.1" 200 90
192.168.10.62 - - [20/Mar/2018:17:14:31 -0300] "GET /cormun/servlet/hpexe_link HTTP/1.1" 200 945
186.67.172.234 - - [20/Mar/2018:17:14:31 -0300] "GET /cormun/static/Shared/jqueryui/images/ui-bg_highlight-soft_100_eae6ea_1x100.png HTTP/1.1" 404 1117
192.168.10.62 - - [20/Mar/2018:17:14:31 -0300] "GET /cormun/servlet/hhome HTTP/1.1" 200 4472
192.168.10.62 - - [20/Mar/2018:17:14:31 -0300] "GET /cormun/servlet/hhome HTTP/1.1" 200 4468
192.168.10.62 - - [20/Mar/2018:17:14:37 -0300] "GET /cormun/servlet/trsolicitudgral? HTTP/1.1" 200 28380
192.168.10.62 - - [20/Mar/2018:17:14:39 -0300] "GET /cormun/servlet/trsolicitudgral? HTTP/1.1" 200 28378
192.168.10.89 - - [20/Mar/2018:17:14:51 -0300] "GET /cormun/servlet/hlogin HTTP/1.1" 200 1736
200.30.252.129 - - [20/Mar/2018:17:14:55 -0300] "GET /cormun/servlet/solicitudot?5b7f2c5a9205f5a3ef7e9ae0e49097c4a4ceac92a7d1b31173e9e715a9b85e5c76b6efc991ca4f5bc245259e38470f30d7928f0f43211934f44d9a3e0fdf586e14bb58b834493e5606d3f2162d543d98b702200e365bc037307429b905b300b6fc09a7ba7b432402dfbd7e67f85e845c1212f41d0aca75cdccdafd697bcc76f58cf9267742fc512377a209eddd29bce7350586ecc52dabc1cf09ce33076e486bc11801b0f77aa3b5c5279395c122f68d37b3667dd14b8c062c32bba5515ad0ef22d25abe02518d78428747521b62304d4cf5de4f5ba55946a7a2dee73e8d54b7dd9514d3fbe29e3fe0c99a1682e61a329758f05f0b8b2114419e8dce09c3fd4f52a71d99c2ede6fc77ee2d558777322e2ae8b9eecb0627e970572d5099d6311e1f28050e62cd21a28eed9cf69e0cff112b0ad8a45b2fb054fa287331f274c3f776e418bfb1b61d614ff2811dec96128b1f8ebafd105b6b43c6e2bbd8bacfd7bdbe7d0164e2dcd173c874099829b397a319b4808937ea28846d3c34bc558c2e05,gx-no-cache=1521576843701 HTTP/1.1" 200 30
200.30.252.129 - - [20/Mar/2018:17:14:59 -0300] "POST /cormun/servlet/solicitudot?gx-no-cache=1521576847212 HTTP/1.1" 200 30
200.30.252.129 - - [20/Mar/2018:17:15:04 -0300] "POST /cormun/servlet/solicitudot?gx-no-cache=1521576852762 HTTP/1.1" 200 1333
200.30.252.129 - - [20/Mar/2018:17:15:04 -0300] "POST /cormun/servlet/solicitudot?gx-no-cache=1521576852957 HTTP/1.1" 200 38
192.168.10.62 - - [20/Mar/2018:17:15:05 -0300] "POST /cormun/servlet/trsolicitudgral?81a0ee1471d23dff490c7e8eaba54c9a,,gx-no-cache=1521576738596 HTTP/1.1" 200 24247
192.168.10.62 - - [20/Mar/2018:17:15:09 -0300] "POST /cormun/servlet/trsolicitudgral?81a0ee1471d23dff490c7e8eaba54c9a,,gx-no-cache=1521576742279 HTTP/1.1" 200 105
192.168.10.62 - - [20/Mar/2018:17:15:09 -0300] "GET /cormun/SolicitudGral-3135.xls HTTP/1.1" 200 35840
200.112.233.47 - - [20/Mar/2018:17:15:35 -0300] "GET /cormun/servlet/trfichaempleado? HTTP/1.1" 200 11713
200.112.233.47 - - [20/Mar/2018:17:15:45 -0300] "GET /cormun/servlet/trsolicitudot? HTTP/1.1" 200 8787
200.112.233.47 - - [20/Mar/2018:17:15:45 -0300] "GET /cormun/servlet/trsolicitudot? HTTP/1.1" 200 8787
200.112.233.47 - - [20/Mar/2018:17:15:50 -0300] "POST /cormun/servlet/trsolicitudot?b3bbf580b15ba953dcb568a56c4327a1,,gx-no-cache=1521576899282 HTTP/1.1" 200 4694
200.112.233.47 - - [20/Mar/2018:17:15:51 -0300] "GET /cormun/static/Shared/jqueryui/images/ui-icons_82798d_256x240.png HTTP/1.1" 404 1089
200.112.233.47 - - [20/Mar/2018:17:15:51 -0300] "GET /cormun/static/Shared/jqueryui/images/ui-bg_highlight-soft_100_c6c2c8_1x100.png HTTP/1.1" 404 1117
200.112.233.47 - - [20/Mar/2018:17:15:51 -0300] "GET /cormun/static/Shared/jqueryui/images/ui-icons_8d78a5_256x240.png HTTP/1.1" 404 1089
200.112.233.47 - - [20/Mar/2018:17:15:51 -0300] "GET /cormun/static/Shared/jqueryui/images/ui-bg_flat_55_fafafa_40x100.png HTTP/1.1" 404 1097
200.112.233.47 - - [20/Mar/2018:17:15:51 -0300] "POST /cormun/servlet/trsolicitudot?b3bbf580b15ba953dcb568a56c4327a1,,gx-no-cache=1521576899516 HTTP/1.1" 200 4458
186.103.161.206 - - [20/Mar/2018:17:16:06 -0300] "POST /cormun/servlet/trautorizarsolicitud?5a1be8876e4593abcb268eaeacd5e6d1,,gx-no-cache=1521576916037 HTTP/1.1" 200 4633
186.103.161.206 - - [20/Mar/2018:17:16:06 -0300] "GET /cormun/static/Shared/jqueryui/images/ui-bg_highlight-soft_100_c6c2c8_1x100.png HTTP/1.1" 404 1117
186.103.161.206 - - [20/Mar/2018:17:16:06 -0300] "GET /cormun/static/Shared/jqueryui/images/ui-icons_82798d_256x240.png HTTP/1.1" 404 1089
186.103.161.206 - - [20/Mar/2018:17:16:06 -0300] "GET /cormun/static/Shared/jqueryui/images/ui-bg_flat_55_fafafa_40x100.png HTTP/1.1" 404 1097
186.103.161.206 - - [20/Mar/2018:17:16:06 -0300] "GET /cormun/static/Shared/jqueryui/images/ui-icons_8d78a5_256x240.png HTTP/1.1" 404 1089
186.103.161.206 - - [20/Mar/2018:17:16:07 -0300] "POST /cormun/servlet/trautorizarsolicitud?5a1be8876e4593abcb268eaeacd5e6d1,,gx-no-cache=1521576916576 HTTP/1.1" 200 4393
186.103.161.206 - - [20/Mar/2018:17:16:14 -0300] "POST /cormun/servlet/trautorizarsolicitud?5a1be8876e4593abcb268eaeacd5e6d1,,gx-no-cache=1521576923774 HTTP/1.1" 200 11000
157.55.39.195 - - [20/Mar/2018:17:16:15 -0300] "GET /cormun/servlet/trvisualizadoreventos HTTP/1.1" 200 5996
186.103.161.206 - - [20/Mar/2018:17:16:18 -0300] "GET /cormun/servlet/veautorizarsolicitud?2018,10717,, HTTP/1.1" 200 8627
186.103.161.206 - - [20/Mar/2018:17:16:18 -0300] "GET /cormun/pexe_scrolldiv.js HTTP/1.1" 404 1009
186.103.161.206 - - [20/Mar/2018:17:16:18 -0300] "GET /cormun/pexe_scrolldiv.js HTTP/1.1" 404 1009
192.168.10.62 - - [20/Mar/2018:17:16:18 -0300] "GET /cormun/servlet/vesolicitudgral?2018,10699,, HTTP/1.1" 200 9025
192.168.10.62 - - [20/Mar/2018:17:16:18 -0300] "GET /cormun/pexe_scrolldiv.js HTTP/1.1" 404 1009
192.168.10.62 - - [20/Mar/2018:17:16:18 -0300] "GET /cormun/static/tbsolicitudgral01.js?201813119422078 HTTP/1.1" 304 -
192.168.10.62 - - [20/Mar/2018:17:16:19 -0300] "GET /cormun/pexe_scrolldiv.js HTTP/1.1" 404 1009
192.168.10.62 - - [20/Mar/2018:17:16:19 -0300] "GET /cormun/servlet/vesolicitudgral?2018,10699,, HTTP/1.1" 200 9024
186.103.161.206 - - [20/Mar/2018:17:16:19 -0300] "GET /cormun/servlet/veautorizarsolicitud?2018,10717,, HTTP/1.1" 200 8627
192.168.10.62 - - [20/Mar/2018:17:16:20 -0300] "GET /cormun/servlet/vesolicitudgral?2018,10699,,SolicitudOTLog HTTP/1.1" 200 9420
192.168.10.62 - - [20/Mar/2018:17:16:20 -0300] "GET /cormun/pexe_scrolldiv.js HTTP/1.1" 404 1009
192.168.10.62 - - [20/Mar/2018:17:16:21 -0300] "GET /cormun/pexe_scrolldiv.js HTTP/1.1" 404 1009
192.168.10.62 - - [20/Mar/2018:17:16:21 -0300] "GET /cormun/servlet/vesolicitudgral?2018,10699,,SolicitudOTLog HTTP/1.1" 200 9420
192.168.10.62 - - [20/Mar/2018:17:16:22 -0300] "POST /cormun/servlet/acontrolpreferencessavestate?None,FGONZALEZ,true HTTP/1.1" 200 35
192.168.10.62 - - [20/Mar/2018:17:16:25 -0300] "POST /cormun/servlet/vesolicitudgral?81a0ee1471d23dff490c7e8eaba54c9a,2018,10699,,SolicitudOTLog,gx-no-cache=1521576819326 HTTP/1.1" 200 90
192.168.10.62 - - [20/Mar/2018:17:16:25 -0300] "GET /cormun/servlet/hpexe_link HTTP/1.1" 200 970
192.168.10.62 - - [20/Mar/2018:17:16:26 -0300] "GET /cormun/servlet/trsolicitudgral? HTTP/1.1" 200 26802
192.168.10.62 - - [20/Mar/2018:17:16:27 -0300] "GET /cormun/servlet/trsolicitudgral? HTTP/1.1" 200 26800
207.46.13.67 - - [20/Mar/2018:17:17:12 -0300] "GET /cormun/static/Resources/PXToolsGridFirstDisabled.gif HTTP/1.1" 200 100
207.46.13.67 - - [20/Mar/2018:17:17:13 -0300] "GET /cormun/static/trvisualizadoreventos.js?20175251251768 HTTP/1.1" 200 19318
200.112.233.47 - - [20/Mar/2018:17:17:19 -0300] "GET /cormun/servlet/trfichaempleado? HTTP/1.1" 200 11715
186.67.203.186 - - [20/Mar/2018:17:17:52 -0300] "GET /cormun/servlet/trsolicitudot? HTTP/1.1" 200 7368
186.67.203.186 - - [20/Mar/2018:17:17:52 -0300] "POST /cormun/servlet/veautorizarsolicitud?5a1be8876e4593abcb268eaeacd5e6d1,2018,10717,,,gx-no-cache=1521577021504 HTTP/1.1" 200 90
186.67.203.186 - - [20/Mar/2018:17:17:54 -0300] "GET /cormun/servlet/trsolicitudot? HTTP/1.1" 200 7413
186.67.203.186 - - [20/Mar/2018:17:17:57 -0300] "GET /cormun/servlet/trsolicitudot? HTTP/1.1" 200 7413
186.67.203.186 - - [20/Mar/2018:17:17:58 -0300] "GET /cormun/servlet/trsolicitudot? HTTP/1.1" 200 7413
186.67.203.186 - - [20/Mar/2018:17:18:01 -0300] "GET /cormun/servlet/solicitudot?INS,0,0, HTTP/1.1" 200 13644
186.67.203.186 - - [20/Mar/2018:17:18:02 -0300] "GET /cormun/servlet/solicitudot?INS,0,0, HTTP/1.1" 200 13649
186.67.203.186 - - [20/Mar/2018:17:18:05 -0300] "GET /cormun/servlet/prfichaempleado?,MD,,gxPopupLevel%3D0%3B HTTP/1.1" 200 9361
200.112.233.47 - - [20/Mar/2018:17:18:14 -0300] "GET /cormun/servlet/hlogin HTTP/1.1" 200 1719
200.112.233.47 - - [20/Mar/2018:17:18:14 -0300] "GET /cormun/static/gxcfg.js?20175251213516 HTTP/1.1" 200 953
200.112.233.47 - - [20/Mar/2018:17:18:14 -0300] "GET /cormun/static/hlogin.js?20175251213537 HTTP/1.1" 200 2136
200.112.233.47 - - [20/Mar/2018:17:18:14 -0300] "GET /cormun/static/Resources/PXToolsLoginTop.png HTTP/1.1" 200 1337
200.112.233.47 - - [20/Mar/2018:17:18:14 -0300] "GET /cormun/static/Resources/PXToolsLoginBackground.png HTTP/1.1" 200 1164
200.112.233.47 - - [20/Mar/2018:17:18:14 -0300] "GET /cormun/static/Resources/PXToolsButtonLeft21.png HTTP/1.1" 200 1287
200.112.233.47 - - [20/Mar/2018:17:18:14 -0300] "GET /cormun/static/Resources/indicator.gif HTTP/1.1" 200 1553
200.112.233.47 - - [20/Mar/2018:17:18:14 -0300] "GET /cormun/static/Resources/PXToolsButtonRight21.png HTTP/1.1" 200 1283
200.112.233.47 - - [20/Mar/2018:17:18:14 -0300] "GET /cormun/static/Resources/PXToolsLoginBottom.png HTTP/1.1" 200 1389
200.112.233.47 - - [20/Mar/2018:17:18:14 -0300] "GET /cormun/static/Resources/PXToolsButtonBackground2.png HTTP/1.1" 200 1181
186.67.203.186 - - [20/Mar/2018:17:18:19 -0300] "POST /cormun/servlet/prfichaempleado?5a1be8876e4593abcb268eaeacd5e6d1,,MD,,gxPopupLevel%3D0%3B,gx-no-cache=1521577048637 HTTP/1.1" 200 3424
186.67.203.186 - - [20/Mar/2018:17:18:27 -0300] "POST /cormun/servlet/solicitudot?gx-no-cache=1521577056586 HTTP/1.1" 200 3413
186.67.203.186 - - [20/Mar/2018:17:18:27 -0300] "POST /cormun/servlet/solicitudot?5a1be8876e4593abcb268eaeacd5e6d1,INS,0,0,,gx-no-cache=1521577056940 HTTP/1.1" 200 10579
186.67.203.186 - - [20/Mar/2018:17:18:27 -0300] "GET /cormun/servlet/solicitudot?54bca782c4d386cd805ce003c752e3e6cfc0063c649b1b23ed53c1e4d685efa8edb6f19895592a185d0b5545b78bd63a,gx-no-cache=1521577057368 HTTP/1.1" 200 30
186.67.203.186 - - [20/Mar/2018:17:18:31 -0300] "GET /cormun/servlet/solicitudot?54bca782c4d386cd805ce003c752e3e6edb5139d57a4b768bdbe6851b1201b905c51db7333b21968953b5d3de5fadd59d2d0a62226767bb017ac69222f81453f,gx-no-cache=1521577061349 HTTP/1.1" 200 30
186.67.203.186 - - [20/Mar/2018:17:18:31 -0300] "GET /cormun/servlet/solicitudot?54bca782c4d386cd805ce003c752e3e60089f7838ad93ab8b8e4c168442c5050,gx-no-cache=1521577061446 HTTP/1.1" 200 53
186.67.203.186 - - [20/Mar/2018:17:18:32 -0300] "POST /cormun/servlet/solicitudot?gx-no-cache=1521577061613 HTTP/1.1" 200 255
186.67.203.186 - - [20/Mar/2018:17:18:32 -0300] "GET /cormun/servlet/solicitudot?54bca782c4d386cd805ce003c752e3e6d47a4dc4cb354072aa65d4e1fd7f509e430876a9010f8c997e9ec2798768b1f090b7f84d781b9c1c5be155aa643536487ae03532f030b8b447c0483442b94267966dbc36297887b1c34c16f3dec15373544b35dbfd382dfbeac31c9006a7e638d479ba0284d63185f93f98ffcd92d187c3313117c9479ddc35e615180c838faa42401fa6d90339311c5c7b9d086d4d9555d13cb56c0b1a9678ef632859a23d13fb9dcf958e41e02c42bf9765f344d953ee0fbbf97b0bc5c4230a46b0b2d6aaeeb9875445ec1d09dbcffdb7813678208c54d92901125cee73002f78939091d93cbabce29e30cd5321701bf7e2087569ca76dc271006d5a0739d43ff22e2b90da6c003e3902ea90b46fb1eb450cedfe0193a363fcfbfe9c1ef04a3f06e2c7570029b2a8db4f3332b060fbe6e77ed995f390c2b3bae5e5c62517c437d1525b31877352bb67c783cd49e38c53e5cf1bc357dcaa963a376400584b5fcd1ee6a2132c309544031b37892487fd58d98fd27d0a7,gx-no-cache=1521577061725 HTTP/1.1" 200 30
186.67.203.186 - - [20/Mar/2018:17:18:34 -0300] "POST /cormun/servlet/solicitudot?gx-no-cache=1521577064057 HTTP/1.1" 200 30
186.67.203.186 - - [20/Mar/2018:17:18:49 -0300] "GET /cormun/servlet/prsolicitudot?15987607,,,,,MD,,gxPopupLevel%3D0%3B HTTP/1.1" 200 6235
200.112.233.47 - - [20/Mar/2018:17:19:04 -0300] "POST /cormun/servlet/hlogin?802e801dae1731df0449216f80b5ef67,gx-no-cache=1521577092290 HTTP/1.1" 200 90
200.112.233.47 - - [20/Mar/2018:17:19:04 -0300] "GET /cormun/servlet/hpexe_link HTTP/1.1" 200 952
200.112.233.47 - - [20/Mar/2018:17:19:04 -0300] "GET /cormun/static/Resources/Spanish/PXTools.css?1155365 HTTP/1.1" 200 16384
200.112.233.47 - - [20/Mar/2018:17:19:04 -0300] "GET /cormun/servlet/hhome HTTP/1.1" 200 4202
200.112.233.47 - - [20/Mar/2018:17:19:04 -0300] "GET /cormun/static/SmoothNavMenu/resources/ddsmoothmenu.css?1012540 HTTP/1.1" 200 2223
200.112.233.47 - - [20/Mar/2018:17:19:04 -0300] "GET /cormun/static/hpexe_messagegenexuscomponent.js?201752511465344 HTTP/1.1" 200 587
200.112.233.47 - - [20/Mar/2018:17:19:04 -0300] "GET /cormun/static/PXToolsJavascripts/pexe_oav.js HTTP/1.1" 200 645
200.112.233.47 - - [20/Mar/2018:17:19:04 -0300] "GET /cormun/static/hhome.js?20175251212450 HTTP/1.1" 200 777
200.112.233.47 - - [20/Mar/2018:17:19:04 -0300] "GET /cormun/static/Shared/jqueryui/jquery-ui.min.css?1245370 HTTP/1.1" 200 16384
200.112.233.47 - - [20/Mar/2018:17:19:04 -0300] "GET /cormun/static/hpexe_messagepopupcomponent.js?20161017169425 HTTP/1.1" 200 605
200.112.233.47 - - [20/Mar/2018:17:19:04 -0300] "GET /cormun/static/PXToolsJavascripts/PXToolsJavascriptsRender.js HTTP/1.1" 200 367
200.112.233.47 - - [20/Mar/2018:17:19:04 -0300] "GET /cormun/static/RunJS/RunJS.js HTTP/1.1" 200 288
200.112.233.47 - - [20/Mar/2018:17:19:04 -0300] "GET /cormun/static/PXToolsJavascripts/pexe_cookies.js HTTP/1.1" 200 792
200.112.233.47 - - [20/Mar/2018:17:19:04 -0300] "GET /cormun/static/hpexe_messagecontroller.js?20177611595012 HTTP/1.1" 200 870
200.112.233.47 - - [20/Mar/2018:17:19:04 -0300] "GET /cormun/static/PXToolsJavascripts/pexe_menudivfix.js HTTP/1.1" 200 333
200.112.233.47 - - [20/Mar/2018:17:19:04 -0300] "GET /cormun/static/Resources/PXToolsHeaderActionsLeft.png HTTP/1.1" 200 1118
200.112.233.47 - - [20/Mar/2018:17:19:04 -0300] "GET /cormun/static/Resources/logo4.png HTTP/1.1" 200 6582
200.112.233.47 - - [20/Mar/2018:17:19:04 -0300] "GET /cormun/static/Resources/PXToolsHeaderPreferences.png HTTP/1.1" 200 4189
200.112.233.47 - - [20/Mar/2018:17:19:04 -0300] "GET /cormun/static/Resources/PXToolsHeaderHome.png HTTP/1.1" 200 4147
200.112.233.47 - - [20/Mar/2018:17:19:04 -0300] "GET /cormun/static/Resources/PXToolsHeaderActionsRight.png HTTP/1.1" 200 1201
200.112.233.47 - - [20/Mar/2018:17:19:04 -0300] "GET /cormun/static/Resources/PXToolsHeaderLogin.png HTTP/1.1" 200 4279
200.112.233.47 - - [20/Mar/2018:17:19:04 -0300] "GET /cormun/static/Resources/PXToolsFooterBackground2.png HTTP/1.1" 200 1172
200.112.233.47 - - [20/Mar/2018:17:19:04 -0300] "GET /cormun/static/Resources/PXToolsHeaderActionsBackground.png HTTP/1.1" 200 484
200.112.233.47 - - [20/Mar/2018:17:19:04 -0300] "GET /cormun/static/Resources/PXToolsHeaderBackground2.png HTTP/1.1" 200 1174
200.112.233.47 - - [20/Mar/2018:17:19:04 -0300] "GET /cormun/static/Resources/PXToolsDataTitle.png HTTP/1.1" 200 1173
200.112.233.47 - - [20/Mar/2018:17:19:05 -0300] "GET /cormun/servlet/hhome HTTP/1.1" 200 4200
200.112.233.47 - - [20/Mar/2018:17:19:05 -0300] "GET /cormun/static/SmoothNavMenu/resources/images/down.gif HTTP/1.1" 200 854
200.72.197.82 - - [20/Mar/2018:17:19:10 -0300] "POST /cormun/servlet/solicitudot?gx-no-cache=1521577099473 HTTP/1.1" 200 1337
200.72.197.82 - - [20/Mar/2018:17:19:10 -0300] "POST /cormun/servlet/solicitudot?gx-no-cache=1521577099697 HTTP/1.1" 200 38
200.72.197.82 - - [20/Mar/2018:17:19:10 -0300] "GET /cormun/servlet/solicitudot?54bca782c4d386cd805ce003c752e3e6b885c1b5bef58ea60e50d848152803d52c91f02b44f3cb165430d23cac9ed7b1a6dc98fa4a496f85745781bebc109597cc96e39aaa4757c6a2dd17374f35175dd61bf6b27ecdbf689c86deccaca07bebea8642ecdf681f0b031622b58257c474b2297552b7fbbea347d19393b39de30f79f49d8e0374048c037575b668d705ea474e371f6645b957be634529fa022c56,gx-no-cache=1521577099796 HTTP/1.1" 200 29
200.72.197.82 - - [20/Mar/2018:17:19:10 -0300] "POST /cormun/servlet/solicitudot?gx-no-cache=1521577100047 HTTP/1.1" 200 1321
200.72.197.82 - - [20/Mar/2018:17:19:10 -0300] "POST /cormun/servlet/solicitudot?gx-no-cache=1521577100279 HTTP/1.1" 200 1218
200.72.197.82 - - [20/Mar/2018:17:19:10 -0300] "GET /cormun/servlet/solicitudot?54bca782c4d386cd805ce003c752e3e6f1d61c2f687b2aea6dd03f5c217fed7b35231a0f9b30344187ca52e937d84d29,gx-no-cache=1521577100387 HTTP/1.1" 200 30
200.112.233.47 - - [20/Mar/2018:17:19:15 -0300] "GET /cormun/servlet/trsolicitudot? HTTP/1.1" 200 7417
200.112.233.47 - - [20/Mar/2018:17:19:15 -0300] "GET /cormun/static/gxui/gxui-all.css?120300 HTTP/1.1" 200 2179
200.112.233.47 - - [20/Mar/2018:17:19:15 -0300] "GET /cormun/static/Resources/PXToolsDataSearch.png HTTP/1.1" 200 419
200.112.233.47 - - [20/Mar/2018:17:19:15 -0300] "GET /cormun/static/Resources/PXToolsGridFirstDisabled.gif HTTP/1.1" 200 100
200.112.233.47 - - [20/Mar/2018:17:19:15 -0300] "GET /cormun/static/Resources/PXToolsGridNextDisabled.gif HTTP/1.1" 200 90
200.112.233.47 - - [20/Mar/2018:17:19:15 -0300] "GET /cormun/static/Resources/PXToolsGridPreviousDisabled.gif HTTP/1.1" 200 90
200.112.233.47 - - [20/Mar/2018:17:19:15 -0300] "GET /cormun/static/Resources/PXToolsGridLastDisabled.gif HTTP/1.1" 200 98
200.112.233.47 - - [20/Mar/2018:17:19:15 -0300] "GET /cormun/static/Resources/asc.gif HTTP/1.1" 200 67
200.112.233.47 - - [20/Mar/2018:17:19:15 -0300] "GET /cormun/static/Resources/desc.gif HTTP/1.1" 200 65
200.112.233.47 - - [20/Mar/2018:17:19:15 -0300] "GET /cormun/servlet/trsolicitudot? HTTP/1.1" 200 7416
200.112.233.47 - - [20/Mar/2018:17:19:16 -0300] "GET /cormun/static/Shared/ext/resources/themes/images/default/panel/bg-headersPanel.png HTTP/1.1" 200 255
200.112.233.47 - - [20/Mar/2018:17:19:16 -0300] "GET /cormun/static/Shared/ext/resources/themes/images/default/tools/tool-sprites.gif HTTP/1.1" 200 5434
200.112.233.47 - - [20/Mar/2018:17:19:21 -0300] "GET /cormun/servlet/solicitudot?INS,0,0, HTTP/1.1" 200 13657
200.112.233.47 - - [20/Mar/2018:17:19:21 -0300] "GET /cormun/static/gxcfg.js?201812313224582 HTTP/1.1" 200 953
200.112.233.47 - - [20/Mar/2018:17:19:21 -0300] "GET /cormun/static/Resources/prompt.gif HTTP/1.1" 200 902
200.112.233.47 - - [20/Mar/2018:17:19:21 -0300] "GET /cormun/servlet/solicitudot?INS,0,0, HTTP/1.1" 200 13662
200.112.233.47 - - [20/Mar/2018:17:19:28 -0300] "GET /cormun/static/Resources/resize.gif HTTP/1.1" 200 77
200.112.233.47 - - [20/Mar/2018:17:19:28 -0300] "GET /cormun/servlet/prfichaempleado?,MD,,gxPopupLevel%3D0%3B HTTP/1.1" 200 9362
200.112.233.47 - - [20/Mar/2018:17:19:28 -0300] "GET /cormun/static/gxui/gxui-all.css?110300 HTTP/1.1" 200 2179
200.112.233.47 - - [20/Mar/2018:17:19:29 -0300] "GET /cormun/static/Resources/PXToolsMenuSearchCancel.png HTTP/1.1" 200 2972
200.112.233.47 - - [20/Mar/2018:17:19:29 -0300] "GET /cormun/static/Resources/PXToolsMenuSearch.png HTTP/1.1" 200 2914
200.72.197.82 - - [20/Mar/2018:17:19:41 -0300] "POST /cormun/servlet/solicitudot?gx-no-cache=1521577130829 HTTP/1.1" 200 1320
200.72.197.82 - - [20/Mar/2018:17:19:41 -0300] "POST /cormun/servlet/solicitudot?gx-no-cache=1521577131330 HTTP/1.1" 200 1218
200.72.197.82 - - [20/Mar/2018:17:19:41 -0300] "POST /cormun/servlet/solicitudot?gx-no-cache=1521577131455 HTTP/1.1" 200 33
200.112.233.47 - - [20/Mar/2018:17:19:51 -0300] "POST /cormun/servlet/prfichaempleado?802e801dae1731df0449216f80b5ef67,,MD,,gxPopupLevel%3D0%3B,gx-no-cache=1521577139816 HTTP/1.1" 200 3433
200.112.233.47 - - [20/Mar/2018:17:19:57 -0300] "POST /cormun/servlet/solicitudot?gx-no-cache=1521577145438 HTTP/1.1" 200 3411
200.112.233.47 - - [20/Mar/2018:17:19:57 -0300] "POST /cormun/servlet/solicitudot?802e801dae1731df0449216f80b5ef67,INS,0,0,,gx-no-cache=1521577145960 HTTP/1.1" 200 10590
200.112.233.47 - - [20/Mar/2018:17:20:04 -0300] "GET /cormun/servlet/solicitudot?860ac81df7275fc72fce6795bf0ee8c8c634e4b21b0fa011b8a351db87b372f667db9d25dfc171c4656bfdd36ec5c2a3,gx-no-cache=1521577152474 HTTP/1.1" 200 30
200.112.233.47 - - [20/Mar/2018:17:20:04 -0300] "GET /cormun/servlet/solicitudot?860ac81df7275fc72fce6795bf0ee8c81d6cbb5156438cd01540d2988c69de13047a934682fa4c3e346375e05d786de0,gx-no-cache=1521577152546 HTTP/1.1" 200 30
200.112.233.47 - - [20/Mar/2018:17:20:04 -0300] "GET /cormun/servlet/solicitudot?860ac81df7275fc72fce6795bf0ee8c86553c486a384480e58a583aeb878ce41,gx-no-cache=1521577152582 HTTP/1.1" 200 53
200.112.233.47 - - [20/Mar/2018:17:20:04 -0300] "POST /cormun/servlet/solicitudot?gx-no-cache=1521577152620 HTTP/1.1" 200 297
200.112.233.47 - - [20/Mar/2018:17:20:04 -0300] "GET /cormun/servlet/solicitudot?860ac81df7275fc72fce6795bf0ee8c89df2b5ce284fdffad04a49b1cea959dcacda7790be19d3bf2dabde411b420eebfe19691b9eacf2dde3456f649a9d5171b86b7a8d2b879f007e02ebed81ddcb68a47a67aabf36e8c348b563c388a4b88bb9472d9a180db1a1d113e5d3884fc151c90c2c2ada1a1ededf0bf482fecdd1caabe7163f2f689ce783716378fa9e9ce14eb4e71dac7097466b8b75e70dd3f7912bea183cfd473e7a082fc192dbc83bf2cda79770130f40f060f1803978c1dce4a32c8bae7795c0b6efada479cdb7f26616afbd50c40d68c62a9600804b0465e95a8f1d993e07a9bb0d7a89377f23d2a4011970ebb8946c86c42c56635f04117e45a88b3afc0f4eae93cc4e54e452e6cf616f261c260d5bd8ae82bf0d938d65b18def5be12e90883e02c3078ba677eb3ede1976e847cd3b75adcc908b0f4e622e153593d8eb2f53448573a262025c3e71e1753f41f56089afec5676caa00e054fae013e173a577d1a8bcc45bf6bc3da577e2040a69b10e455a9873a7e1ac7c8b70614d72867f8f0efe35738a304a3b313,gx-no-cache=1521577152674 HTTP/1.1" 200 30
200.112.233.47 - - [20/Mar/2018:17:20:06 -0300] "POST /cormun/servlet/solicitudot?gx-no-cache=1521577154598 HTTP/1.1" 200 30
200.112.233.47 - - [20/Mar/2018:17:20:11 -0300] "POST /cormun/servlet/solicitudot?gx-no-cache=1521577159610 HTTP/1.1" 200 1336
200.112.233.47 - - [20/Mar/2018:17:20:11 -0300] "POST /cormun/servlet/solicitudot?gx-no-cache=1521577159716 HTTP/1.1" 200 38
200.112.233.47 - - [20/Mar/2018:17:20:30 -0300] "GET /cormun/servlet/solicitudot?860ac81df7275fc72fce6795bf0ee8c8be41d117347459e167baa99dfe6430df2f2952ec3e7b12b47bfbad27713a24e8d6f5998931a88a6e9093b7647e29506b773174ebdc18219c62b0f69234fddddd6a5c06526c694d0e57bdf0ef7c8ea0a11fcf5520789d6fc5aeb2cceaf4f7a7d4,gx-no-cache=1521577178710 HTTP/1.1" 200 29
200.112.233.47 - - [20/Mar/2018:17:20:30 -0300] "POST /cormun/servlet/solicitudot?gx-no-cache=1521577178784 HTTP/1.1" 200 1319
