200.112.233.47 - - [20/Mar/2018:16:42:30 -0300] "GET /cormun/servlet/solicitudot?c3cb387f9fbf201522b6e6ff6ec5d0ac05cbb7f5008649b15cbe314a290cfab235e4e5ed7d7f34aa6038702deb1ff070398b908f5a0a84252acc4e6720783e03,gx-no-cache=1521574899354 HTTP/1.1" 200 30
200.112.233.47 - - [20/Mar/2018:16:42:30 -0300] "GET /cormun/servlet/solicitudot?c3cb387f9fbf201522b6e6ff6ec5d0acc0d2237cb9e5e7f498df66501e7d711f00f49ddf710e9b80f5d8d1cb0ae8365d757cfb0f785815d5c1f0d3643e05f2ed,gx-no-cache=1521574899432 HTTP/1.1" 200 53
200.112.233.47 - - [20/Mar/2018:16:42:31 -0300] "POST /cormun/servlet/solicitudot?gx-no-cache=1521574899476 HTTP/1.1" 200 257
200.112.233.47 - - [20/Mar/2018:16:42:31 -0300] "GET /cormun/servlet/solicitudot?c3cb387f9fbf201522b6e6ff6ec5d0ac80e3a989f26b2d587dfb5071d60424ddc9404494348821128650490134baef4607499da4c9c58dbf7ec5678a67d777218b4223e2cc203d7abc649e3f1a328eeb54617ff41799cba0078037893b5fd84032f193bccaf8e6528789d3d3242cb9f5a3e4fcc5d16c18352d9a710622078dfd0db97128abb2e25efb1f8f2829db59611eac9f2a87e2d27b2d4387b136507d4aae0d9ec724386269719d40665632b5e654d420db31f893fe69c9046b955b4217a43dd27d3a4bf3baa90626eef94bbaf292a60049f3f069abb477a69830d79ee20726dc8c163a48f4f7803ee459b23c2c5e5ac565ffdc69a898657058776d715000306f09aba617381a2346730a6552ac0f31282510300abec25acb2e0487e434b47bbb51d120afee5d637fa8ddb5964d351b3cb5370685eb9472290ee1933273d232950b0ef4910954b825ecbb2b73797eaf1806e6fa461ac8474ec87e960a38a550c001386ff11a602dffe1a38908872df1389cb8a767b235f79dcca8ee40de,gx-no-cache=1521574899514 HTTP/1.1" 200 30
200.112.233.47 - - [20/Mar/2018:16:42:31 -0300] "POST /cormun/servlet/solicitudot?gx-no-cache=1521574899638 HTTP/1.1" 200 30
200.112.233.47 - - [20/Mar/2018:16:42:31 -0300] "POST /cormun/servlet/solicitudot?gx-no-cache=1521574899704 HTTP/1.1" 200 1336
200.112.233.47 - - [20/Mar/2018:16:42:31 -0300] "POST /cormun/servlet/solicitudot?gx-no-cache=1521574899792 HTTP/1.1" 200 41
200.112.233.47 - - [20/Mar/2018:16:42:34 -0300] "GET /cormun/servlet/solicitudot?c3cb387f9fbf201522b6e6ff6ec5d0ac1fc6ed49ffcc11ca0a6e45ee429b4ed1e0e6e7420fdca8ddd1721345e563b82c54a157b96280a3ae1f8be011a80f0453c2ea3fdffd9c1d1e245f6d55951f1ccf107322db9fa3d1b018fc409bad7fca3b800323963ce568a78fd8dc1127526637,gx-no-cache=1521574902468 HTTP/1.1" 200 29
200.112.233.47 - - [20/Mar/2018:16:42:34 -0300] "POST /cormun/servlet/solicitudot?gx-no-cache=1521574902508 HTTP/1.1" 200 1319
200.112.233.47 - - [20/Mar/2018:16:42:34 -0300] "POST /cormun/servlet/solicitudot?gx-no-cache=1521574902568 HTTP/1.1" 200 1218
200.112.233.47 - - [20/Mar/2018:16:42:34 -0300] "GET /cormun/servlet/solicitudot?c3cb387f9fbf201522b6e6ff6ec5d0acde79ad86f64315356fa483f962acabc317450b189a435187e1fd2f1536aea6ab,gx-no-cache=1521574902612 HTTP/1.1" 200 30
200.112.233.47 - - [20/Mar/2018:16:42:34 -0300] "POST /cormun/servlet/solicitudot?gx-no-cache=1521574902666 HTTP/1.1" 200 30
200.112.233.47 - - [20/Mar/2018:16:42:34 -0300] "POST /cormun/servlet/solicitudot?b3bbf580b15ba953dcb568a56c4327a1,UPD,2018,10699,,gx-no-cache=1521574902726 HTTP/1.1" 200 93
200.112.233.47 - - [20/Mar/2018:16:42:34 -0300] "GET /cormun/servlet/hpexe_return? HTTP/1.1" 200 1009
200.112.233.47 - - [20/Mar/2018:16:42:35 -0300] "GET /cormun/servlet/trsolicitudot HTTP/1.1" 200 14277
200.112.233.47 - - [20/Mar/2018:16:42:36 -0300] "GET /cormun/servlet/trsolicitudot HTTP/1.1" 200 14272
186.103.159.183 - - [20/Mar/2018:16:42:41 -0300] "GET /cormun/servlet/hlogin HTTP/1.1" 200 1741
186.67.172.234 - - [20/Mar/2018:16:42:50 -0300] "GET /cormun/servlet/solicitudot?ca98fb29bb7e5f75e96bcc057b863ccf6ea858068c3e2a8816556d73228749e775c77c67bcb3da5d018a6a61afc5bfd0,gx-no-cache=1521574867314 HTTP/1.1" 200 30
186.103.159.183 - - [20/Mar/2018:16:42:59 -0300] "GET /cormun/servlet/hlogin HTTP/1.1" 200 1721
186.103.159.183 - - [20/Mar/2018:16:42:59 -0300] "GET /cormun/static/gxtimezone.js?85251 HTTP/1.1" 200 5781
186.103.159.183 - - [20/Mar/2018:16:42:59 -0300] "GET /cormun/static/gxcfg.js?20175251213516 HTTP/1.1" 200 953
186.103.159.183 - - [20/Mar/2018:16:42:59 -0300] "GET /cormun/static/hlogin.js?20175251213537 HTTP/1.1" 200 2136
186.103.159.183 - - [20/Mar/2018:16:42:59 -0300] "GET /cormun/static/Resources/Spanish/PXTools.css?11423723 HTTP/1.1" 200 89042
186.103.159.183 - - [20/Mar/2018:16:42:59 -0300] "GET /cormun/static/messages.spa.js?85251 HTTP/1.1" 200 30736
186.103.159.183 - - [20/Mar/2018:16:43:00 -0300] "GET /cormun/static/gxgral.js?85251 HTTP/1.1" 200 384558
186.103.159.183 - - [20/Mar/2018:16:43:00 -0300] "GET /cormun/static/Resources/ComunLogin.png HTTP/1.1" 200 17326
186.103.159.183 - - [20/Mar/2018:16:43:00 -0300] "GET /cormun/static/Resources/PXToolsLoginTop.png HTTP/1.1" 200 1337
186.103.159.183 - - [20/Mar/2018:16:43:00 -0300] "GET /cormun/static/Resources/PXToolsButtonRight21.png HTTP/1.1" 200 1283
186.103.159.183 - - [20/Mar/2018:16:43:00 -0300] "GET /cormun/static/Resources/PXToolsButtonBackground2.png HTTP/1.1" 200 1181
186.103.159.183 - - [20/Mar/2018:16:43:00 -0300] "GET /cormun/static/Resources/PXToolsLoginBackground.png HTTP/1.1" 200 1164
186.103.159.183 - - [20/Mar/2018:16:43:00 -0300] "GET /cormun/static/Resources/PXToolsButtonLeft21.png HTTP/1.1" 200 1287
186.103.159.183 - - [20/Mar/2018:16:43:00 -0300] "GET /cormun/static/Resources/indicator.gif HTTP/1.1" 200 1553
186.103.159.183 - - [20/Mar/2018:16:43:00 -0300] "GET /cormun/servlet/hlogin HTTP/1.1" 200 1732
186.103.159.183 - - [20/Mar/2018:16:43:00 -0300] "GET /favicon.ico HTTP/1.1" 200 21630
186.103.159.183 - - [20/Mar/2018:16:43:00 -0300] "GET /cormun/static/Resources/ComunLogin.png HTTP/1.1" 200 17326
186.103.159.183 - - [20/Mar/2018:16:43:00 -0300] "GET /cormun/static/Resources/PXToolsLoginBackground.png HTTP/1.1" 200 1164
186.103.159.183 - - [20/Mar/2018:16:43:00 -0300] "GET /cormun/static/Resources/PXToolsLoginTop.png HTTP/1.1" 200 1337
186.103.159.183 - - [20/Mar/2018:16:43:00 -0300] "GET /cormun/static/Resources/PXToolsButtonLeft21.png HTTP/1.1" 200 1287
186.103.159.183 - - [20/Mar/2018:16:43:00 -0300] "GET /cormun/static/Resources/PXToolsButtonRight21.png HTTP/1.1" 200 1283
186.103.159.183 - - [20/Mar/2018:16:43:00 -0300] "GET /cormun/static/Resources/PXToolsLoginBottom.png HTTP/1.1" 200 1389
186.103.159.183 - - [20/Mar/2018:16:43:00 -0300] "GET /cormun/static/Resources/PXToolsButtonBackground2.png HTTP/1.1" 200 1181
186.103.159.183 - - [20/Mar/2018:16:43:00 -0300] "GET /favicon.ico HTTP/1.1" 200 21630
200.72.197.82 - - [20/Mar/2018:16:43:01 -0300] "POST /cormun/servlet/trautorizarsolicitud?5a1be8876e4593abcb268eaeacd5e6d1,gx-no-cache=1521574930286 HTTP/1.1" 200 10073
200.72.197.82 - - [20/Mar/2018:16:43:01 -0300] "GET /cormun/static/Shared/jqueryui/images/ui-bg_highlight-soft_100_c6c2c8_1x100.png HTTP/1.1" 404 1117
186.67.203.186 - - [20/Mar/2018:16:43:01 -0300] "GET /cormun/static/Shared/jqueryui/images/ui-icons_82798d_256x240.png HTTP/1.1" 404 1089
200.72.197.82 - - [20/Mar/2018:16:43:01 -0300] "GET /cormun/static/Shared/jqueryui/images/ui-bg_flat_55_fafafa_40x100.png HTTP/1.1" 404 1097
186.67.203.186 - - [20/Mar/2018:16:43:01 -0300] "GET /cormun/static/Shared/jqueryui/images/ui-icons_8d78a5_256x240.png HTTP/1.1" 404 1089
186.67.203.186 - - [20/Mar/2018:16:43:02 -0300] "POST /cormun/servlet/trautorizarsolicitud?5a1be8876e4593abcb268eaeacd5e6d1,gx-no-cache=1521574931482 HTTP/1.1" 200 10020
200.112.233.47 - - [20/Mar/2018:16:43:05 -0300] "POST /cormun/servlet/trfichaempleado?b3bbf580b15ba953dcb568a56c4327a1,,gx-no-cache=1521574640282 HTTP/1.1" 200 9425
186.103.159.183 - - [20/Mar/2018:16:43:10 -0300] "POST /cormun/servlet/hlogin?110eee70075b5d168ae0e34387879a33,gx-no-cache=1521574940710 HTTP/1.1" 200 90
186.103.159.183 - - [20/Mar/2018:16:43:10 -0300] "GET /cormun/servlet/hpexe_link HTTP/1.1" 200 953
186.103.159.183 - - [20/Mar/2018:16:43:10 -0300] "GET /cormun/static/gxcfg.js?20177612121792 HTTP/1.1" 200 953
186.103.159.183 - - [20/Mar/2018:16:43:10 -0300] "GET /cormun/static/Resources/Spanish/PXTools.css?1155365 HTTP/1.1" 200 89042
186.103.159.183 - - [20/Mar/2018:16:43:10 -0300] "GET /cormun/servlet/hhome HTTP/1.1" 200 4196
186.103.159.183 - - [20/Mar/2018:16:43:11 -0300] "GET /cormun/static/Shared/jqueryui/jquery-ui.min.css?1245370 HTTP/1.1" 200 30288
186.103.159.183 - - [20/Mar/2018:16:43:11 -0300] "GET /cormun/static/SmoothNavMenu/resources/ddsmoothmenu.css?1012540 HTTP/1.1" 200 2223
186.103.159.183 - - [20/Mar/2018:16:43:11 -0300] "GET /cormun/static/SmoothNavMenu/resources/ddsmoothmenu-v.css?1012540 HTTP/1.1" 200 1188
186.103.159.183 - - [20/Mar/2018:16:43:11 -0300] "GET /cormun/static/scaMessage/css/jquery.pnotify.default.css?1716380 HTTP/1.1" 200 1707
186.103.159.183 - - [20/Mar/2018:16:43:11 -0300] "GET /cormun/static/PXToolsJavascripts/pexe_autoreload.js HTTP/1.1" 200 1762
186.103.159.183 - - [20/Mar/2018:16:43:11 -0300] "GET /cormun/static/gxcfg.js?20175251212442 HTTP/1.1" 200 953
186.103.159.183 - - [20/Mar/2018:16:43:11 -0300] "GET /cormun/static/PXToolsJavascripts/pexe_cookies.js HTTP/1.1" 200 792
186.103.159.183 - - [20/Mar/2018:16:43:11 -0300] "GET /cormun/static/PXToolsJavascripts/pexe_windows.js HTTP/1.1" 200 15207
186.103.159.183 - - [20/Mar/2018:16:43:11 -0300] "GET /cormun/static/PXToolsJavascripts/pexe_grid.js HTTP/1.1" 200 7559
186.103.159.183 - - [20/Mar/2018:16:43:11 -0300] "GET /cormun/static/PXToolsJavascripts/pexe_griddivfix.js HTTP/1.1" 200 6644
186.103.159.183 - - [20/Mar/2018:16:43:11 -0300] "GET /cormun/static/PXToolsJavascripts/pexe_link.js HTTP/1.1" 200 5671
186.103.159.183 - - [20/Mar/2018:16:43:11 -0300] "GET /cormun/static/PXToolsJavascripts/pexe_menudivfix.js HTTP/1.1" 200 333
186.103.159.183 - - [20/Mar/2018:16:43:11 -0300] "GET /cormun/static/PXToolsJavascripts/pexe_menus.js HTTP/1.1" 200 1286
186.103.159.183 - - [20/Mar/2018:16:43:11 -0300] "GET /cormun/static/PXToolsJavascripts/pexe_layers.js HTTP/1.1" 200 4114
186.103.159.183 - - [20/Mar/2018:16:43:11 -0300] "GET /cormun/static/hpexe_link.js?20177612121795 HTTP/1.1" 200 625
186.103.159.183 - - [20/Mar/2018:16:43:11 -0300] "GET /cormun/static/PXToolsJavascripts/pexe_oavdivfix.js HTTP/1.1" 200 639
186.103.159.183 - - [20/Mar/2018:16:43:11 -0300] "GET /cormun/static/PXToolsJavascripts/pexe_oav.js HTTP/1.1" 200 645
186.103.159.183 - - [20/Mar/2018:16:43:11 -0300] "GET /cormun/static/PXToolsJavascripts/pexe_picture.js HTTP/1.1" 200 689
186.103.159.183 - - [20/Mar/2018:16:43:11 -0300] "GET /cormun/static/PXToolsJavascripts/pexe_popup.js HTTP/1.1" 200 13458
186.103.159.183 - - [20/Mar/2018:16:43:11 -0300] "GET /cormun/static/PXToolsJavascripts/pexe_tabdivfix.js HTTP/1.1" 200 876
186.103.159.183 - - [20/Mar/2018:16:43:11 -0300] "GET /cormun/static/PXToolsJavascripts/pexe_upload.js HTTP/1.1" 200 1423
186.103.159.183 - - [20/Mar/2018:16:43:11 -0300] "GET /cormun/static/PXToolsJavascripts/PXToolsJavascriptsRender.js HTTP/1.1" 200 367
186.103.159.183 - - [20/Mar/2018:16:43:11 -0300] "GET /cormun/static/PXToolsJavascripts/pexe_tabs.js HTTP/1.1" 200 3748
186.103.159.183 - - [20/Mar/2018:16:43:11 -0300] "GET /cormun/static/RunJS/RunJS.js HTTP/1.1" 200 288
186.103.159.183 - - [20/Mar/2018:16:43:11 -0300] "GET /cormun/static/Shared/ext/locale/ext-lang-en.js HTTP/1.1" 200 10940
186.103.159.183 - - [20/Mar/2018:16:43:11 -0300] "GET /cormun/static/hhome.js?20175251212450 HTTP/1.1" 200 777
186.103.159.183 - - [20/Mar/2018:16:43:11 -0300] "GET /cormun/static/hwchdr01.js?201752511465785 HTTP/1.1" 200 1183
186.103.159.183 - - [20/Mar/2018:16:43:11 -0300] "GET /cormun/static/hpexe_scripts.js?201752511465715 HTTP/1.1" 200 1544
186.103.159.183 - - [20/Mar/2018:16:43:11 -0300] "GET /cormun/static/hpexe_messagecontroller.js?20177611595012 HTTP/1.1" 200 870
186.103.159.183 - - [20/Mar/2018:16:43:11 -0300] "GET /cormun/static/gxui/gxui-all.js HTTP/1.1" 200 107772
186.103.159.183 - - [20/Mar/2018:16:43:11 -0300] "GET /cormun/static/hpexe_messagegenexuscomponent.js?201752511465344 HTTP/1.1" 200 587
186.103.159.183 - - [20/Mar/2018:16:43:11 -0300] "GET /cormun/static/cmcontrolpreferences.js?201752511465670 HTTP/1.1" 200 1375
186.103.159.183 - - [20/Mar/2018:16:43:11 -0300] "GET /cormun/static/Shared/jquery/jquery-1.4.2.min.js HTTP/1.1" 200 72174
186.103.159.183 - - [20/Mar/2018:16:43:11 -0300] "GET /cormun/static/PXToolsJavascripts/pexe_scrolldiv.js HTTP/1.1" 200 4138
186.103.159.183 - - [20/Mar/2018:16:43:11 -0300] "GET /cormun/static/Shared/jquery/jquery-1.10.2.min.js HTTP/1.1" 200 273199
186.103.159.183 - - [20/Mar/2018:16:43:11 -0300] "GET /cormun/static/Shared/jqueryui/jquery-ui.min.js HTTP/1.1" 200 240427
186.103.159.183 - - [20/Mar/2018:16:43:11 -0300] "GET /cormun/static/SmoothNavMenu/resources/ddsmoothmenu.js HTTP/1.1" 200 12712
186.103.159.183 - - [20/Mar/2018:16:43:11 -0300] "GET /cormun/static/SmoothNavMenu/resources/SmoothNavMenuRender.js HTTP/1.1" 200 5951
186.103.159.183 - - [20/Mar/2018:16:43:11 -0300] "GET /cormun/static/hpexe_recentlink.js?20177611595044 HTTP/1.1" 200 2144
186.103.159.183 - - [20/Mar/2018:16:43:11 -0300] "GET /cormun/static/hpexe_messagepopupcomponent.js?20161017169425 HTTP/1.1" 200 605
186.103.159.183 - - [20/Mar/2018:16:43:11 -0300] "GET /cormun/static/scaMessage/js/jquery.pnotify.min.js HTTP/1.1" 200 13038
186.103.159.183 - - [20/Mar/2018:16:43:11 -0300] "GET /cormun/static/scaMessage/scaMessageRender.js HTTP/1.1" 200 11977
186.103.159.183 - - [20/Mar/2018:16:43:11 -0300] "GET /cormun/static/hmpwkw03.js?20177612122668 HTTP/1.1" 200 3965
186.103.159.183 - - [20/Mar/2018:16:43:11 -0300] "GET /cormun/static/Resources/logo4.png HTTP/1.1" 200 6582
186.103.159.183 - - [20/Mar/2018:16:43:11 -0300] "GET /cormun/static/Resources/PXToolsHeaderLogin.png HTTP/1.1" 200 4279
186.103.159.183 - - [20/Mar/2018:16:43:11 -0300] "GET /cormun/static/Resources/PXToolsHeaderHome.png HTTP/1.1" 200 4147
186.103.159.183 - - [20/Mar/2018:16:43:11 -0300] "GET /cormun/static/Resources/PXToolsHeaderPreferences.png HTTP/1.1" 200 4189
186.103.159.183 - - [20/Mar/2018:16:43:11 -0300] "GET /cormun/static/Resources/PXToolsHeaderSecurity.png HTTP/1.1" 200 4166
186.103.159.183 - - [20/Mar/2018:16:43:11 -0300] "GET /cormun/static/Resources/PXToolsHeaderActionsLeft.png HTTP/1.1" 200 1118
186.103.159.183 - - [20/Mar/2018:16:43:11 -0300] "GET /cormun/static/Resources/PXToolsHeaderActionsRight.png HTTP/1.1" 200 1201
186.103.159.183 - - [20/Mar/2018:16:43:11 -0300] "GET /cormun/static/Resources/PXToolsFooterBackground2.png HTTP/1.1" 200 1172
186.103.159.183 - - [20/Mar/2018:16:43:11 -0300] "GET /cormun/static/Resources/PXToolsHeaderBackground2.png HTTP/1.1" 200 1174
186.103.159.183 - - [20/Mar/2018:16:43:11 -0300] "GET /cormun/static/Resources/PXToolsHeaderActionsBackground.png HTTP/1.1" 200 484
186.103.159.183 - - [20/Mar/2018:16:43:11 -0300] "GET /cormun/static/Resources/PXToolsDataTitle.png HTTP/1.1" 200 1173
186.103.159.183 - - [20/Mar/2018:16:43:12 -0300] "GET /cormun/static/Shared/ext/ext-all.js HTTP/1.1" 200 1289687
186.103.159.183 - - [20/Mar/2018:16:43:12 -0300] "GET /cormun/static/SmoothNavMenu/resources/images/down.gif HTTP/1.1" 200 854
186.103.159.183 - - [20/Mar/2018:16:43:12 -0300] "GET /cormun/servlet/hhome HTTP/1.1" 200 4193
186.103.159.183 - - [20/Mar/2018:16:43:12 -0300] "GET /cormun/static/SmoothNavMenu/resources/images/right.gif HTTP/1.1" 200 860
186.103.159.183 - - [20/Mar/2018:16:43:15 -0300] "GET /cormun/servlet/trsolicitudot? HTTP/1.1" 200 7412
186.103.159.183 - - [20/Mar/2018:16:43:15 -0300] "GET /cormun/static/calendar-system.css?85620 HTTP/1.1" 200 5572
186.103.159.183 - - [20/Mar/2018:16:43:15 -0300] "GET /cormun/static/gxui/gxui-all.css?120300 HTTP/1.1" 200 2179
186.103.159.183 - - [20/Mar/2018:16:43:15 -0300] "GET /cormun/static/gxcfg.js?2017111422585916 HTTP/1.1" 200 953
186.103.159.183 - - [20/Mar/2018:16:43:15 -0300] "GET /cormun/static/calendar.js?85251 HTTP/1.1" 200 26246
186.103.159.183 - - [20/Mar/2018:16:43:15 -0300] "GET /cormun/static/calendar-setup.js?85251 HTTP/1.1" 200 2588
186.103.159.183 - - [20/Mar/2018:16:43:15 -0300] "GET /cormun/static/calendar-es.js?85251 HTTP/1.1" 200 1901
186.103.159.183 - - [20/Mar/2018:16:43:15 -0300] "GET /cormun/static/gxdec.js?85251 HTTP/1.1" 200 19579
186.103.159.183 - - [20/Mar/2018:16:43:15 -0300] "GET /cormun/static/trsolicitudot.js?201711142259839 HTTP/1.1" 200 54041
186.103.159.183 - - [20/Mar/2018:16:43:15 -0300] "GET /cormun/static/Shared/ext/resources/css/ext-all.css?215870 HTTP/1.1" 200 416045
186.103.159.183 - - [20/Mar/2018:16:43:15 -0300] "GET /cormun/static/Resources/Spanish/PXTools.css?1255365 HTTP/1.1" 200 89042
186.103.159.183 - - [20/Mar/2018:16:43:15 -0300] "GET /cormun/static/Resources/PXToolsGridNew.png HTTP/1.1" 200 2949
186.103.159.183 - - [20/Mar/2018:16:43:15 -0300] "GET /cormun/static/Resources/PXTools/calendar.png HTTP/1.1" 200 1306
186.67.203.186 - - [20/Mar/2018:16:43:16 -0300] "GET /cormun/servlet/veautorizarsolicitud?2018,10710,, HTTP/1.1" 200 8597
186.67.203.186 - - [20/Mar/2018:16:43:16 -0300] "GET /cormun/pexe_scrolldiv.js HTTP/1.1" 404 1009
186.103.159.183 - - [20/Mar/2018:16:43:16 -0300] "GET /cormun/static/Resources/PXToolsDataSearch.png HTTP/1.1" 200 419
186.103.159.183 - - [20/Mar/2018:16:43:16 -0300] "GET /cormun/static/Resources/PXToolsGridNextDisabled.gif HTTP/1.1" 200 90
186.103.159.183 - - [20/Mar/2018:16:43:16 -0300] "GET /cormun/static/Resources/PXToolsGridPreviousDisabled.gif HTTP/1.1" 200 90
186.103.159.183 - - [20/Mar/2018:16:43:16 -0300] "GET /cormun/static/Resources/PXToolsGridPage.gif HTTP/1.1" 200 725
186.103.159.183 - - [20/Mar/2018:16:43:16 -0300] "GET /cormun/static/Resources/PXToolsGridFirstDisabled.gif HTTP/1.1" 200 100
186.103.159.183 - - [20/Mar/2018:16:43:16 -0300] "GET /cormun/static/Resources/PXToolsGridLastDisabled.gif HTTP/1.1" 200 98
186.103.159.183 - - [20/Mar/2018:16:43:16 -0300] "GET /cormun/static/Resources/PXToolsActionExcel.png HTTP/1.1" 200 3187
186.103.159.183 - - [20/Mar/2018:16:43:16 -0300] "GET /cormun/static/Resources/asc.gif HTTP/1.1" 200 67
186.103.159.183 - - [20/Mar/2018:16:43:16 -0300] "GET /cormun/static/Resources/desc.gif HTTP/1.1" 200 65
186.103.159.183 - - [20/Mar/2018:16:43:16 -0300] "GET /cormun/static/Resources/asc.gif HTTP/1.1" 200 67
186.103.159.183 - - [20/Mar/2018:16:43:16 -0300] "GET /cormun/static/Resources/asc.gif HTTP/1.1" 200 67
186.103.159.183 - - [20/Mar/2018:16:43:16 -0300] "GET /cormun/static/Resources/asc.gif HTTP/1.1" 200 67
186.103.159.183 - - [20/Mar/2018:16:43:16 -0300] "GET /cormun/static/Resources/desc.gif HTTP/1.1" 200 65
186.103.159.183 - - [20/Mar/2018:16:43:16 -0300] "GET /cormun/static/Resources/asc.gif HTTP/1.1" 200 67
186.103.159.183 - - [20/Mar/2018:16:43:16 -0300] "GET /cormun/static/Resources/desc.gif HTTP/1.1" 200 65
186.67.203.186 - - [20/Mar/2018:16:43:16 -0300] "GET /cormun/pexe_scrolldiv.js HTTP/1.1" 404 1009
186.103.159.183 - - [20/Mar/2018:16:43:16 -0300] "GET /cormun/servlet/trsolicitudot? HTTP/1.1" 200 7411
186.103.159.183 - - [20/Mar/2018:16:43:16 -0300] "GET /cormun/static/Shared/ext/resources/themes/images/default/panel/bg-headersPanel.png HTTP/1.1" 200 255
186.103.159.183 - - [20/Mar/2018:16:43:16 -0300] "GET /cormun/static/Shared/ext/resources/themes/images/default/tools/tool-sprites.gif HTTP/1.1" 200 5434
186.67.203.186 - - [20/Mar/2018:16:43:18 -0300] "GET /cormun/servlet/veautorizarsolicitud?2018,10710,, HTTP/1.1" 200 8597
186.103.159.183 - - [20/Mar/2018:16:43:18 -0300] "GET /cormun/servlet/solicitudot?INS,0,0, HTTP/1.1" 200 13639
186.103.159.183 - - [20/Mar/2018:16:43:18 -0300] "GET /cormun/static/gxcfg.js?201812313224582 HTTP/1.1" 200 953
186.103.159.183 - - [20/Mar/2018:16:43:18 -0300] "GET /cormun/static/Resources/prompt.gif HTTP/1.1" 200 902
186.103.159.183 - - [20/Mar/2018:16:43:18 -0300] "GET /cormun/static/solicitudot.js?201812313224831 HTTP/1.1" 200 72336
186.103.159.183 - - [20/Mar/2018:16:43:19 -0300] "GET /cormun/servlet/solicitudot?INS,0,0, HTTP/1.1" 200 13643
186.103.159.183 - - [20/Mar/2018:16:43:27 -0300] "POST /cormun/servlet/solicitudot?gx-no-cache=1521574957174 HTTP/1.1" 200 3291
186.103.159.183 - - [20/Mar/2018:16:43:27 -0300] "POST /cormun/servlet/solicitudot?110eee70075b5d168ae0e34387879a33,INS,0,0,,gx-no-cache=1521574957384 HTTP/1.1" 200 10449
186.103.159.183 - - [20/Mar/2018:16:43:30 -0300] "GET /cormun/static/Resources/resize.gif HTTP/1.1" 200 77
186.103.159.183 - - [20/Mar/2018:16:43:30 -0300] "GET /cormun/servlet/prfichaempleado?,MD,,gxPopupLevel%3D0%3B HTTP/1.1" 200 9351
186.103.159.183 - - [20/Mar/2018:16:43:30 -0300] "GET /cormun/static/gxui/gxui-all.css?110300 HTTP/1.1" 200 2179
186.103.159.183 - - [20/Mar/2018:16:43:30 -0300] "GET /cormun/static/gxcfg.js?20177612134814 HTTP/1.1" 200 953
186.103.159.183 - - [20/Mar/2018:16:43:30 -0300] "GET /cormun/static/Shared/ext/resources/css/ext-all.css?205870 HTTP/1.1" 200 416045
186.103.159.183 - - [20/Mar/2018:16:43:30 -0300] "GET /cormun/static/prfichaempleado.js?20177612134999 HTTP/1.1" 200 16006
186.103.159.183 - - [20/Mar/2018:16:43:30 -0300] "GET /cormun/static/menusearch.js?201610171694467 HTTP/1.1" 200 1424
186.103.159.183 - - [20/Mar/2018:16:43:30 -0300] "GET /cormun/static/hmpwkw011.js?20177612121862 HTTP/1.1" 200 1968
186.103.159.183 - - [20/Mar/2018:16:43:31 -0300] "GET /cormun/static/Resources/PXToolsMenuSearch.png HTTP/1.1" 200 2914
186.103.159.183 - - [20/Mar/2018:16:43:31 -0300] "GET /cormun/static/Resources/PXToolsMenuSearchCancel.png HTTP/1.1" 200 2972
186.67.203.186 - - [20/Mar/2018:16:43:44 -0300] "POST /cormun/servlet/veautorizarsolicitud?5a1be8876e4593abcb268eaeacd5e6d1,2018,10710,,,gx-no-cache=1521574973360 HTTP/1.1" 200 90
186.67.203.186 - - [20/Mar/2018:16:43:44 -0300] "GET /cormun/servlet/hpexe_link HTTP/1.1" 200 990
186.67.203.186 - - [20/Mar/2018:16:43:44 -0300] "GET /cormun/servlet/trautorizarsolicitud?gx-no-cache=1521574931482 HTTP/1.1" 200 8678
186.67.203.186 - - [20/Mar/2018:16:43:46 -0300] "GET /cormun/servlet/trautorizarsolicitud?gx-no-cache=1521574931482 HTTP/1.1" 200 8698
186.103.159.183 - - [20/Mar/2018:16:43:49 -0300] "POST /cormun/servlet/prfichaempleado?110eee70075b5d168ae0e34387879a33,,MD,,gxPopupLevel%3D0%3B,gx-no-cache=1521574979344 HTTP/1.1" 200 3189
186.103.159.183 - - [20/Mar/2018:16:43:55 -0300] "POST /cormun/servlet/prfichaempleado?110eee70075b5d168ae0e34387879a33,,MD,,gxPopupLevel%3D0%3B,gx-no-cache=1521574985540 HTTP/1.1" 200 3189
186.67.203.186 - - [20/Mar/2018:16:43:59 -0300] "POST /cormun/servlet/trautorizarsolicitud?5a1be8876e4593abcb268eaeacd5e6d1,gx-no-cache=1521574931482,gx-no-cache=1521574988958 HTTP/1.1" 200 10638
186.67.203.186 - - [20/Mar/2018:16:44:00 -0300] "GET /cormun/static/Shared/jqueryui/images/ui-bg_highlight-soft_100_c6c2c8_1x100.png HTTP/1.1" 404 1117
200.72.197.82 - - [20/Mar/2018:16:44:00 -0300] "GET /cormun/static/Shared/jqueryui/images/ui-icons_82798d_256x240.png HTTP/1.1" 404 1089
200.72.197.82 - - [20/Mar/2018:16:44:00 -0300] "GET /cormun/static/Shared/jqueryui/images/ui-bg_flat_55_fafafa_40x100.png HTTP/1.1" 404 1097
186.67.203.186 - - [20/Mar/2018:16:44:00 -0300] "GET /cormun/static/Shared/jqueryui/images/ui-icons_8d78a5_256x240.png HTTP/1.1" 404 1089
186.67.203.186 - - [20/Mar/2018:16:44:00 -0300] "POST /cormun/servlet/trautorizarsolicitud?5a1be8876e4593abcb268eaeacd5e6d1,gx-no-cache=1521574931482,gx-no-cache=1521574989986 HTTP/1.1" 200 10582
186.103.159.183 - - [20/Mar/2018:16:44:01 -0300] "GET /cormun/servlet/solicitudot?95019a4e38a40bfec0a05579540701d701770c35d945688f71ba773c262ee6c7b4967de5c86baad12d8ce2409d906431,gx-no-cache=1521574992068 HTTP/1.1" 200 30
186.67.203.186 - - [20/Mar/2018:16:44:05 -0300] "GET /cormun/servlet/veautorizarsolicitud?2018,10715,, HTTP/1.1" 200 8602
186.67.203.186 - - [20/Mar/2018:16:44:06 -0300] "GET /cormun/pexe_scrolldiv.js HTTP/1.1" 404 1009
186.67.203.186 - - [20/Mar/2018:16:44:06 -0300] "GET /cormun/pexe_scrolldiv.js HTTP/1.1" 404 1009
186.67.203.186 - - [20/Mar/2018:16:44:07 -0300] "GET /cormun/servlet/veautorizarsolicitud?2018,10715,, HTTP/1.1" 200 8580
200.72.197.82 - - [20/Mar/2018:16:44:46 -0300] "POST /cormun/servlet/veautorizarsolicitud?5a1be8876e4593abcb268eaeacd5e6d1,2018,10715,,,gx-no-cache=1521575035917 HTTP/1.1" 200 90
186.67.172.234 - - [20/Mar/2018:16:44:46 -0300] "GET /cormun/servlet/prbanco?,MD,,gxPopupLevel%3D0%3B HTTP/1.1" 200 6661
200.72.197.82 - - [20/Mar/2018:16:44:46 -0300] "GET /cormun/servlet/hpexe_link HTTP/1.1" 200 990
200.72.197.82 - - [20/Mar/2018:16:44:47 -0300] "GET /cormun/servlet/trautorizarsolicitud?gx-no-cache=1521574931482 HTTP/1.1" 200 7318
200.72.197.82 - - [20/Mar/2018:16:44:49 -0300] "GET /cormun/servlet/trautorizarsolicitud?gx-no-cache=1521574931482 HTTP/1.1" 200 7339
186.103.159.183 - - [20/Mar/2018:16:44:52 -0300] "GET /cormun/servlet/prbanco?,MD,,gxPopupLevel%3D0%3B HTTP/1.1" 200 6632
186.103.159.183 - - [20/Mar/2018:16:44:52 -0300] "GET /cormun/static/gxcfg.js?20181161016094 HTTP/1.1" 200 953
186.103.159.183 - - [20/Mar/2018:16:44:52 -0300] "GET /cormun/static/prbanco.js?2018116101633 HTTP/1.1" 200 10693
186.103.159.183 - - [20/Mar/2018:16:44:53 -0300] "GET /cormun/static/Shared/ext/ext-all.js HTTP/1.1" 200 1289687
200.111.191.210 - - [20/Mar/2018:16:45:00 -0300] "GET /cormun/servlet/hlogin HTTP/1.1" 200 1732
200.111.191.210 - - [20/Mar/2018:16:45:00 -0300] "GET /favicon.ico HTTP/1.1" 200 21630
186.103.159.183 - - [20/Mar/2018:16:45:02 -0300] "GET /cormun/servlet/solicitudot?95019a4e38a40bfec0a05579540701d794ed9055f311dce09591bdf03f47dfe1,gx-no-cache=1521575052452 HTTP/1.1" 200 94
186.103.159.183 - - [20/Mar/2018:16:45:02 -0300] "GET /cormun/static/Shared/jqueryui/images/ui-bg_highlight-soft_100_c6c2c8_1x100.png HTTP/1.1" 404 1117
186.103.159.183 - - [20/Mar/2018:16:45:02 -0300] "GET /cormun/static/Shared/jqueryui/images/ui-icons_82798d_256x240.png HTTP/1.1" 404 1089
186.103.159.183 - - [20/Mar/2018:16:45:02 -0300] "GET /cormun/static/Shared/jqueryui/images/ui-icons_ebccce_256x240.png HTTP/1.1" 404 1089
186.103.159.183 - - [20/Mar/2018:16:45:02 -0300] "GET /cormun/static/Shared/jqueryui/images/ui-bg_flat_55_994d53_40x100.png HTTP/1.1" 404 1097
186.103.159.183 - - [20/Mar/2018:16:45:05 -0300] "GET /cormun/servlet/solicitudot?95019a4e38a40bfec0a05579540701d7d5bed5f7393b38dd2382f06b506a1b90,gx-no-cache=1521575055212 HTTP/1.1" 200 53
192.168.10.96 - - [20/Mar/2018:16:45:07 -0300] "POST /cormun/servlet/trsolicitudgral?de30423eb6d65c14ca2a2fa228799923,,gx-no-cache=1521574940209 HTTP/1.1" 200 25840
192.168.10.96 - - [20/Mar/2018:16:45:15 -0300] "POST /cormun/servlet/trsolicitudgral?de30423eb6d65c14ca2a2fa228799923,,gx-no-cache=1521574949208 HTTP/1.1" 200 8250
192.168.10.96 - - [20/Mar/2018:16:45:16 -0300] "POST /cormun/servlet/trsolicitudgral?de30423eb6d65c14ca2a2fa228799923,,gx-no-cache=1521574949881 HTTP/1.1" 200 8250
192.168.10.96 - - [20/Mar/2018:16:45:16 -0300] "POST /cormun/servlet/trsolicitudgral?de30423eb6d65c14ca2a2fa228799923,,gx-no-cache=1521574950171 HTTP/1.1" 200 8250
192.168.10.96 - - [20/Mar/2018:16:45:30 -0300] "POST /cormun/servlet/trsolicitudgral?de30423eb6d65c14ca2a2fa228799923,,gx-no-cache=1521574963770 HTTP/1.1" 200 8864
186.67.172.234 - - [20/Mar/2018:16:45:38 -0300] "GET /cormun/servlet/solicitudot?ca98fb29bb7e5f75e96bcc057b863ccfa2da183b7f74c5bb2a27c3e16f502a25ebeec00b1d6fe4fc7d7a6f163e794eb1,gx-no-cache=1521575035020 HTTP/1.1" 200 30
186.67.172.234 - - [20/Mar/2018:16:45:44 -0300] "POST /cormun/servlet/solicitudot?4c7356866b552c544aecaa012f3ecd11,INS,0,0,,gx-no-cache=1521575040564 HTTP/1.1" 200 93
186.67.172.234 - - [20/Mar/2018:16:45:44 -0300] "GET /cormun/servlet/hpexe_return? HTTP/1.1" 200 1005
186.67.172.234 - - [20/Mar/2018:16:45:44 -0300] "GET /cormun/servlet/trsolicitudot HTTP/1.1" 200 9186
186.67.172.234 - - [20/Mar/2018:16:45:44 -0300] "GET /cormun/servlet/trsolicitudot HTTP/1.1" 200 9182
200.72.197.82 - - [20/Mar/2018:16:45:58 -0300] "POST /cormun/servlet/trautorizarsolicitud?5a1be8876e4593abcb268eaeacd5e6d1,gx-no-cache=1521574931482,gx-no-cache=1521575096266 HTTP/1.1" 200 10605
200.112.233.47 - - [20/Mar/2018:16:46:00 -0300] "GET /cormun/servlet/trautorizarsolicitud? HTTP/1.1" 200 9177
200.112.233.47 - - [20/Mar/2018:16:46:01 -0300] "GET /cormun/servlet/trautorizarsolicitud? HTTP/1.1" 200 9176
200.72.197.82 - - [20/Mar/2018:16:46:08 -0300] "GET /cormun/servlet/trsolicitudot? HTTP/1.1" 200 7437
200.72.197.82 - - [20/Mar/2018:16:46:10 -0300] "GET /cormun/servlet/trsolicitudot? HTTP/1.1" 200 7413
192.168.10.96 - - [20/Mar/2018:16:46:12 -0300] "POST /cormun/servlet/trsolicitudgral?de30423eb6d65c14ca2a2fa228799923,,gx-no-cache=1521575006027 HTTP/1.1" 200 8249
192.168.10.96 - - [20/Mar/2018:16:46:13 -0300] "POST /cormun/servlet/trsolicitudgral?de30423eb6d65c14ca2a2fa228799923,,gx-no-cache=1521575006673 HTTP/1.1" 200 8250
192.168.10.96 - - [20/Mar/2018:16:46:13 -0300] "POST /cormun/servlet/trsolicitudgral?de30423eb6d65c14ca2a2fa228799923,,gx-no-cache=1521575006880 HTTP/1.1" 200 8250
192.168.10.96 - - [20/Mar/2018:16:46:13 -0300] "POST /cormun/servlet/trsolicitudgral?de30423eb6d65c14ca2a2fa228799923,,gx-no-cache=1521575007089 HTTP/1.1" 200 8250
192.168.10.96 - - [20/Mar/2018:16:46:13 -0300] "POST /cormun/servlet/trsolicitudgral?de30423eb6d65c14ca2a2fa228799923,,gx-no-cache=1521575007297 HTTP/1.1" 200 8250
192.168.10.96 - - [20/Mar/2018:16:46:13 -0300] "POST /cormun/servlet/trsolicitudgral?de30423eb6d65c14ca2a2fa228799923,,gx-no-cache=1521575007503 HTTP/1.1" 200 8249
200.112.233.47 - - [20/Mar/2018:16:46:14 -0300] "POST /cormun/servlet/trautorizarsolicitud?b3bbf580b15ba953dcb568a56c4327a1,,gx-no-cache=1521575122406 HTTP/1.1" 200 5798
200.112.233.47 - - [20/Mar/2018:16:46:14 -0300] "GET /cormun/static/Shared/jqueryui/images/ui-bg_highlight-soft_100_c6c2c8_1x100.png HTTP/1.1" 404 1117
200.112.233.47 - - [20/Mar/2018:16:46:14 -0300] "GET /cormun/static/Shared/jqueryui/images/ui-icons_8d78a5_256x240.png HTTP/1.1" 404 1089
200.112.233.47 - - [20/Mar/2018:16:46:14 -0300] "GET /cormun/static/Shared/jqueryui/images/ui-bg_flat_55_fafafa_40x100.png HTTP/1.1" 404 1097
200.112.233.47 - - [20/Mar/2018:16:46:14 -0300] "GET /cormun/static/Shared/jqueryui/images/ui-icons_82798d_256x240.png HTTP/1.1" 404 1089
192.168.10.96 - - [20/Mar/2018:16:46:14 -0300] "POST /cormun/servlet/trsolicitudgral?de30423eb6d65c14ca2a2fa228799923,,gx-no-cache=1521575007850 HTTP/1.1" 200 8611
200.112.233.47 - - [20/Mar/2018:16:46:14 -0300] "POST /cormun/servlet/trautorizarsolicitud?b3bbf580b15ba953dcb568a56c4327a1,,gx-no-cache=1521575122670 HTTP/1.1" 200 5743
192.168.10.96 - - [20/Mar/2018:16:46:15 -0300] "POST /cormun/servlet/trsolicitudgral?de30423eb6d65c14ca2a2fa228799923,,gx-no-cache=1521575008625 HTTP/1.1" 200 8612
192.168.10.96 - - [20/Mar/2018:16:46:15 -0300] "POST /cormun/servlet/trsolicitudgral?de30423eb6d65c14ca2a2fa228799923,,gx-no-cache=1521575008887 HTTP/1.1" 200 8611
192.168.10.96 - - [20/Mar/2018:16:46:15 -0300] "POST /cormun/servlet/trsolicitudgral?de30423eb6d65c14ca2a2fa228799923,,gx-no-cache=1521575009160 HTTP/1.1" 200 8611
192.168.10.96 - - [20/Mar/2018:16:46:15 -0300] "POST /cormun/servlet/trsolicitudgral?de30423eb6d65c14ca2a2fa228799923,,gx-no-cache=1521575009430 HTTP/1.1" 200 8610
192.168.10.96 - - [20/Mar/2018:16:46:16 -0300] "POST /cormun/servlet/trsolicitudgral?de30423eb6d65c14ca2a2fa228799923,,gx-no-cache=1521575009729 HTTP/1.1" 200 8611
192.168.10.96 - - [20/Mar/2018:16:46:16 -0300] "POST /cormun/servlet/trsolicitudgral?de30423eb6d65c14ca2a2fa228799923,,gx-no-cache=1521575010006 HTTP/1.1" 200 8611
192.168.10.96 - - [20/Mar/2018:16:46:16 -0300] "POST /cormun/servlet/trsolicitudgral?de30423eb6d65c14ca2a2fa228799923,,gx-no-cache=1521575010264 HTTP/1.1" 200 8611
192.168.10.96 - - [20/Mar/2018:16:46:16 -0300] "POST /cormun/servlet/trsolicitudgral?de30423eb6d65c14ca2a2fa228799923,,gx-no-cache=1521575010549 HTTP/1.1" 200 8610
192.168.10.96 - - [20/Mar/2018:16:46:17 -0300] "POST /cormun/servlet/trsolicitudgral?de30423eb6d65c14ca2a2fa228799923,,gx-no-cache=1521575010858 HTTP/1.1" 200 8611
192.168.10.96 - - [20/Mar/2018:16:46:17 -0300] "POST /cormun/servlet/trsolicitudgral?de30423eb6d65c14ca2a2fa228799923,,gx-no-cache=1521575011124 HTTP/1.1" 200 8611
192.168.10.96 - - [20/Mar/2018:16:46:17 -0300] "POST /cormun/servlet/trsolicitudgral?de30423eb6d65c14ca2a2fa228799923,,gx-no-cache=1521575011417 HTTP/1.1" 200 8612
192.168.10.96 - - [20/Mar/2018:16:46:18 -0300] "POST /cormun/servlet/trsolicitudgral?de30423eb6d65c14ca2a2fa228799923,,gx-no-cache=1521575012113 HTTP/1.1" 200 8611
192.168.10.96 - - [20/Mar/2018:16:46:18 -0300] "POST /cormun/servlet/trsolicitudgral?de30423eb6d65c14ca2a2fa228799923,,gx-no-cache=1521575012432 HTTP/1.1" 200 8611
192.168.10.96 - - [20/Mar/2018:16:46:19 -0300] "POST /cormun/servlet/trsolicitudgral?de30423eb6d65c14ca2a2fa228799923,,gx-no-cache=1521575012736 HTTP/1.1" 200 8611
192.168.10.96 - - [20/Mar/2018:16:46:19 -0300] "POST /cormun/servlet/trsolicitudgral?de30423eb6d65c14ca2a2fa228799923,,gx-no-cache=1521575013055 HTTP/1.1" 200 8611
192.168.10.96 - - [20/Mar/2018:16:46:19 -0300] "POST /cormun/servlet/trsolicitudgral?de30423eb6d65c14ca2a2fa228799923,,gx-no-cache=1521575013378 HTTP/1.1" 200 8611
192.168.10.96 - - [20/Mar/2018:16:46:20 -0300] "POST /cormun/servlet/trsolicitudgral?de30423eb6d65c14ca2a2fa228799923,,gx-no-cache=1521575013776 HTTP/1.1" 200 8611
192.168.10.96 - - [20/Mar/2018:16:46:20 -0300] "POST /cormun/servlet/trsolicitudgral?de30423eb6d65c14ca2a2fa228799923,,gx-no-cache=1521575014098 HTTP/1.1" 200 8612
192.168.10.96 - - [20/Mar/2018:16:46:20 -0300] "POST /cormun/servlet/trsolicitudgral?de30423eb6d65c14ca2a2fa228799923,,gx-no-cache=1521575014553 HTTP/1.1" 200 8612
192.168.10.96 - - [20/Mar/2018:16:46:21 -0300] "POST /cormun/servlet/trsolicitudgral?de30423eb6d65c14ca2a2fa228799923,,gx-no-cache=1521575015361 HTTP/1.1" 200 8611
192.168.10.96 - - [20/Mar/2018:16:46:22 -0300] "POST /cormun/servlet/trsolicitudgral?de30423eb6d65c14ca2a2fa228799923,,gx-no-cache=1521575016049 HTTP/1.1" 200 8611
192.168.10.96 - - [20/Mar/2018:16:46:22 -0300] "POST /cormun/servlet/trsolicitudgral?de30423eb6d65c14ca2a2fa228799923,,gx-no-cache=1521575016434 HTTP/1.1" 200 8612
192.168.10.96 - - [20/Mar/2018:16:46:26 -0300] "POST /cormun/servlet/trsolicitudgral?de30423eb6d65c14ca2a2fa228799923,,gx-no-cache=1521575019622 HTTP/1.1" 200 8613
200.112.233.47 - - [20/Mar/2018:16:46:28 -0300] "POST /cormun/servlet/trautorizarsolicitud?b3bbf580b15ba953dcb568a56c4327a1,,gx-no-cache=1521575136784 HTTP/1.1" 200 4628
192.168.10.96 - - [20/Mar/2018:16:46:28 -0300] "POST /cormun/servlet/trsolicitudgral?de30423eb6d65c14ca2a2fa228799923,,gx-no-cache=1521575022527 HTTP/1.1" 200 8044
200.112.233.47 - - [20/Mar/2018:16:46:29 -0300] "POST /cormun/servlet/trautorizarsolicitud?b3bbf580b15ba953dcb568a56c4327a1,,gx-no-cache=1521575137294 HTTP/1.1" 200 4393
200.112.233.47 - - [20/Mar/2018:16:46:38 -0300] "GET /cormun/servlet/trsolicitudot? HTTP/1.1" 200 14273
200.112.233.47 - - [20/Mar/2018:16:46:39 -0300] "GET /cormun/servlet/trsolicitudot? HTTP/1.1" 200 14272
192.168.10.96 - - [20/Mar/2018:16:46:46 -0300] "POST /cormun/servlet/trsolicitudgral?de30423eb6d65c14ca2a2fa228799923,,gx-no-cache=1521575040462 HTTP/1.1" 200 8044
192.168.10.96 - - [20/Mar/2018:16:46:47 -0300] "POST /cormun/servlet/trsolicitudgral?de30423eb6d65c14ca2a2fa228799923,,gx-no-cache=1521575040781 HTTP/1.1" 200 8045
192.168.10.96 - - [20/Mar/2018:16:46:47 -0300] "POST /cormun/servlet/trsolicitudgral?de30423eb6d65c14ca2a2fa228799923,,gx-no-cache=1521575041070 HTTP/1.1" 200 8045
192.168.10.96 - - [20/Mar/2018:16:46:47 -0300] "POST /cormun/servlet/trsolicitudgral?de30423eb6d65c14ca2a2fa228799923,,gx-no-cache=1521575041450 HTTP/1.1" 200 8044
192.168.10.96 - - [20/Mar/2018:16:46:48 -0300] "POST /cormun/servlet/trsolicitudgral?de30423eb6d65c14ca2a2fa228799923,,gx-no-cache=1521575041778 HTTP/1.1" 200 8045
192.168.10.96 - - [20/Mar/2018:16:46:52 -0300] "POST /cormun/servlet/trsolicitudgral?de30423eb6d65c14ca2a2fa228799923,,gx-no-cache=1521575045702 HTTP/1.1" 200 9008
192.168.10.96 - - [20/Mar/2018:16:46:52 -0300] "POST /cormun/servlet/trsolicitudgral?de30423eb6d65c14ca2a2fa228799923,,gx-no-cache=1521575046118 HTTP/1.1" 200 9007
192.168.10.96 - - [20/Mar/2018:16:46:52 -0300] "POST /cormun/servlet/trsolicitudgral?de30423eb6d65c14ca2a2fa228799923,,gx-no-cache=1521575046525 HTTP/1.1" 200 9008
192.168.10.96 - - [20/Mar/2018:16:46:53 -0300] "POST /cormun/servlet/trsolicitudgral?de30423eb6d65c14ca2a2fa228799923,,gx-no-cache=1521575047019 HTTP/1.1" 200 9008
192.168.10.96 - - [20/Mar/2018:16:46:53 -0300] "POST /cormun/servlet/trsolicitudgral?de30423eb6d65c14ca2a2fa228799923,,gx-no-cache=1521575047452 HTTP/1.1" 200 9008
192.168.10.96 - - [20/Mar/2018:16:46:56 -0300] "POST /cormun/servlet/trsolicitudgral?de30423eb6d65c14ca2a2fa228799923,,gx-no-cache=1521575050248 HTTP/1.1" 200 8458
200.112.233.47 - - [20/Mar/2018:16:46:56 -0300] "POST /cormun/servlet/trsolicitudot?b3bbf580b15ba953dcb568a56c4327a1,,gx-no-cache=1521575164428 HTTP/1.1" 200 11074
200.112.233.47 - - [20/Mar/2018:16:46:56 -0300] "GET /cormun/static/Shared/jqueryui/images/ui-icons_82798d_256x240.png HTTP/1.1" 404 1089
200.112.233.47 - - [20/Mar/2018:16:46:56 -0300] "GET /cormun/static/Shared/jqueryui/images/ui-bg_highlight-soft_100_c6c2c8_1x100.png HTTP/1.1" 404 1117
200.112.233.47 - - [20/Mar/2018:16:46:56 -0300] "GET /cormun/static/Shared/jqueryui/images/ui-bg_flat_55_fafafa_40x100.png HTTP/1.1" 404 1097
200.112.233.47 - - [20/Mar/2018:16:46:56 -0300] "GET /cormun/static/Shared/jqueryui/images/ui-icons_8d78a5_256x240.png HTTP/1.1" 404 1089
192.168.10.96 - - [20/Mar/2018:16:46:57 -0300] "POST /cormun/servlet/trsolicitudgral?de30423eb6d65c14ca2a2fa228799923,,gx-no-cache=1521575051142 HTTP/1.1" 200 8458
200.112.233.47 - - [20/Mar/2018:16:46:57 -0300] "POST /cormun/servlet/trsolicitudot?b3bbf580b15ba953dcb568a56c4327a1,,gx-no-cache=1521575165388 HTTP/1.1" 200 11016
192.168.10.96 - - [20/Mar/2018:16:46:57 -0300] "POST /cormun/servlet/trsolicitudgral?de30423eb6d65c14ca2a2fa228799923,,gx-no-cache=1521575051552 HTTP/1.1" 200 8458
192.168.10.96 - - [20/Mar/2018:16:46:58 -0300] "POST /cormun/servlet/trsolicitudgral?de30423eb6d65c14ca2a2fa228799923,,gx-no-cache=1521575051929 HTTP/1.1" 200 8458
200.112.233.47 - - [20/Mar/2018:16:47:01 -0300] "POST /cormun/servlet/trsolicitudot?b3bbf580b15ba953dcb568a56c4327a1,,gx-no-cache=1521575169250 HTTP/1.1" 200 10774
200.112.233.47 - - [20/Mar/2018:16:47:01 -0300] "POST /cormun/servlet/trsolicitudot?b3bbf580b15ba953dcb568a56c4327a1,,gx-no-cache=1521575169696 HTTP/1.1" 200 10713
186.103.159.183 - - [20/Mar/2018:16:47:05 -0300] "POST /cormun/servlet/solicitudot?gx-no-cache=1521575175132 HTTP/1.1" 200 297
186.103.159.183 - - [20/Mar/2018:16:47:05 -0300] "GET /cormun/servlet/solicitudot?95019a4e38a40bfec0a05579540701d7930e263c5451216c1a65a5d7f570e8fb44e68fa9f5a16f0e03a5416e54625ce6cfe96279170c0e423ed70e8e08a27892157814685137735c16fa65a29a7047b53b49e5bc22bb2167e0617c65592b75fd2bd8def63d29667eb29576d52f8329a19f5d9e807c12e0e655e970780454d8151d9c44429ae4d2f96db2a1c99a749ee3207140889525a5554cc89c8eb75647c73529948015d91a001fa1fac04206805a0332882556aa89350e55baec7304afa9e04b515a620f2226457f8af879a17148b26992a42931661840bd28d46d79dc218e1120849e2476d38a1e5605a1cd8e154dac41be5864955e9fe1d00231bbf7ab8cd2c4ba71840e109a3ebf544464f5e706403b29480435730c61286becbbc13a5909430577aec1726f5928df2b90f988af004c3cb4bfaa054d3396e40376f75703f15fb6d1806abc51b4cdc4d50660ffb842d6f5bba8a5e67bb557fb6523a74e876ebd6057efe7223ff734309f550bf1e30920bf9bb708831033defcb20edf658c604f02f29163ce5ea84761de094266,gx-no-cache=1521575175234 HTTP/1.1" 200 30
186.103.159.183 - - [20/Mar/2018:16:47:07 -0300] "POST /cormun/servlet/solicitudot?gx-no-cache=1521575177274 HTTP/1.1" 200 30
200.112.233.47 - - [20/Mar/2018:16:47:07 -0300] "POST /cormun/servlet/trsolicitudot?b3bbf580b15ba953dcb568a56c4327a1,,gx-no-cache=1521575175372 HTTP/1.1" 200 10112
186.103.159.183 - - [20/Mar/2018:16:47:08 -0300] "GET /cormun/servlet/prsolicitudot?9752381,,,,,MD,,gxPopupLevel%3D0%3B HTTP/1.1" 200 5983
186.103.159.183 - - [20/Mar/2018:16:47:08 -0300] "GET /cormun/static/gxcfg.js?2017111422591492 HTTP/1.1" 200 953
200.112.233.47 - - [20/Mar/2018:16:47:08 -0300] "POST /cormun/servlet/trsolicitudot?b3bbf580b15ba953dcb568a56c4327a1,,gx-no-cache=1521575176172 HTTP/1.1" 200 10050
186.103.159.183 - - [20/Mar/2018:16:47:08 -0300] "GET /cormun/static/prsolicitudot.js?2017111422591715 HTTP/1.1" 200 13680
186.103.159.183 - - [20/Mar/2018:16:47:08 -0300] "GET /cormun/static/Shared/ext/ext-all.js HTTP/1.1" 200 1289687
200.112.233.47 - - [20/Mar/2018:16:47:08 -0300] "POST /cormun/servlet/trsolicitudot?b3bbf580b15ba953dcb568a56c4327a1,,gx-no-cache=1521575177214 HTTP/1.1" 200 9716
200.112.233.47 - - [20/Mar/2018:16:47:09 -0300] "POST /cormun/servlet/trsolicitudot?b3bbf580b15ba953dcb568a56c4327a1,,gx-no-cache=1521575177694 HTTP/1.1" 200 9651
186.103.159.183 - - [20/Mar/2018:16:47:12 -0300] "POST /cormun/servlet/solicitudot?gx-no-cache=1521575182174 HTTP/1.1" 200 1335
200.112.233.47 - - [20/Mar/2018:16:47:12 -0300] "POST /cormun/servlet/trsolicitudot?b3bbf580b15ba953dcb568a56c4327a1,,gx-no-cache=1521575180080 HTTP/1.1" 200 9429
186.103.159.183 - - [20/Mar/2018:16:47:12 -0300] "POST /cormun/servlet/solicitudot?gx-no-cache=1521575182332 HTTP/1.1" 200 38
186.103.159.183 - - [20/Mar/2018:16:47:12 -0300] "GET /cormun/servlet/solicitudot?95019a4e38a40bfec0a05579540701d7be7655fb5d1fd142b4b1a3d890f44cf4217671bc62b47ceaf91ffec0e38a9f6d2de4d82e25b7500123ed1159d767c7bbe0dc75b8b5cf5e722720f1a6de87eebc4786c8cd6a881df8c7022501b1b86773e852245f0d27af166247d247deca5442,gx-no-cache=1521575182460 HTTP/1.1" 200 29
200.112.233.47 - - [20/Mar/2018:16:47:12 -0300] "POST /cormun/servlet/trsolicitudot?b3bbf580b15ba953dcb568a56c4327a1,,gx-no-cache=1521575180892 HTTP/1.1" 200 9373
186.103.159.183 - - [20/Mar/2018:16:47:12 -0300] "POST /cormun/servlet/solicitudot?gx-no-cache=1521575182534 HTTP/1.1" 200 1317
186.103.159.183 - - [20/Mar/2018:16:47:12 -0300] "POST /cormun/servlet/solicitudot?gx-no-cache=1521575183022 HTTP/1.1" 200 1218
186.103.159.183 - - [20/Mar/2018:16:47:13 -0300] "GET /cormun/servlet/solicitudot?95019a4e38a40bfec0a05579540701d7f1ed059f9da147b9f64b1bb279b14fda34be86efed76f558eab6c78c8e766117,gx-no-cache=1521575183164 HTTP/1.1" 200 30
200.112.233.47 - - [20/Mar/2018:16:47:13 -0300] "POST /cormun/servlet/trsolicitudot?b3bbf580b15ba953dcb568a56c4327a1,,gx-no-cache=1521575181882 HTTP/1.1" 200 8995
200.112.233.47 - - [20/Mar/2018:16:47:14 -0300] "POST /cormun/servlet/trsolicitudot?b3bbf580b15ba953dcb568a56c4327a1,,gx-no-cache=1521575182408 HTTP/1.1" 200 8931
192.168.10.96 - - [20/Mar/2018:16:47:17 -0300] "POST /cormun/servlet/trsolicitudgral?de30423eb6d65c14ca2a2fa228799923,,gx-no-cache=1521575071440 HTTP/1.1" 200 10292
192.168.10.96 - - [20/Mar/2018:16:47:18 -0300] "POST /cormun/servlet/trsolicitudgral?de30423eb6d65c14ca2a2fa228799923,,gx-no-cache=1521575072246 HTTP/1.1" 200 10292
200.112.233.47 - - [20/Mar/2018:16:47:18 -0300] "POST /cormun/servlet/trsolicitudot?b3bbf580b15ba953dcb568a56c4327a1,,gx-no-cache=1521575186586 HTTP/1.1" 200 8684
200.112.233.47 - - [20/Mar/2018:16:47:19 -0300] "POST /cormun/servlet/trsolicitudot?b3bbf580b15ba953dcb568a56c4327a1,,gx-no-cache=1521575187482 HTTP/1.1" 200 8628
200.112.233.47 - - [20/Mar/2018:16:47:23 -0300] "POST /cormun/servlet/trsolicitudot?b3bbf580b15ba953dcb568a56c4327a1,,gx-no-cache=1521575191402 HTTP/1.1" 200 8310
200.72.197.82 - - [20/Mar/2018:16:47:24 -0300] "GET /cormun/servlet/solicitudot?INS,0,0, HTTP/1.1" 200 13644
200.112.233.47 - - [20/Mar/2018:16:47:24 -0300] "POST /cormun/servlet/trsolicitudot?b3bbf580b15ba953dcb568a56c4327a1,,gx-no-cache=1521575192312 HTTP/1.1" 200 8252
200.72.197.82 - - [20/Mar/2018:16:47:26 -0300] "GET /cormun/servlet/solicitudot?INS,0,0, HTTP/1.1" 200 13649
192.168.10.96 - - [20/Mar/2018:16:47:27 -0300] "POST /cormun/servlet/trsolicitudgral?de30423eb6d65c14ca2a2fa228799923,,gx-no-cache=1521575081083 HTTP/1.1" 200 9007
200.112.233.47 - - [20/Mar/2018:16:47:27 -0300] "POST /cormun/servlet/trsolicitudot?b3bbf580b15ba953dcb568a56c4327a1,,gx-no-cache=1521575196212 HTTP/1.1" 200 7881
200.112.233.47 - - [20/Mar/2018:16:47:28 -0300] "POST /cormun/servlet/trsolicitudot?b3bbf580b15ba953dcb568a56c4327a1,,gx-no-cache=1521575196644 HTTP/1.1" 200 7824
200.72.197.82 - - [20/Mar/2018:16:47:29 -0300] "GET /cormun/servlet/prfichaempleado?,MD,,gxPopupLevel%3D0%3B HTTP/1.1" 200 9361
200.112.233.47 - - [20/Mar/2018:16:47:29 -0300] "POST /cormun/servlet/trsolicitudot?b3bbf580b15ba953dcb568a56c4327a1,,gx-no-cache=1521575197868 HTTP/1.1" 200 7509
200.112.233.47 - - [20/Mar/2018:16:47:30 -0300] "POST /cormun/servlet/trsolicitudot?b3bbf580b15ba953dcb568a56c4327a1,,gx-no-cache=1521575198668 HTTP/1.1" 200 7453
192.168.10.96 - - [20/Mar/2018:16:47:31 -0300] "POST /cormun/servlet/trsolicitudgral?de30423eb6d65c14ca2a2fa228799923,,gx-no-cache=1521575084546 HTTP/1.1" 200 11737
200.112.233.47 - - [20/Mar/2018:16:47:31 -0300] "POST /cormun/servlet/trsolicitudot?b3bbf580b15ba953dcb568a56c4327a1,,gx-no-cache=1521575199930 HTTP/1.1" 200 7144
200.112.233.47 - - [20/Mar/2018:16:47:32 -0300] "POST /cormun/servlet/trsolicitudot?b3bbf580b15ba953dcb568a56c4327a1,,gx-no-cache=1521575200302 HTTP/1.1" 200 7087
200.112.233.47 - - [20/Mar/2018:16:47:35 -0300] "POST /cormun/servlet/trsolicitudot?b3bbf580b15ba953dcb568a56c4327a1,,gx-no-cache=1521575202980 HTTP/1.1" 200 6785
200.112.233.47 - - [20/Mar/2018:16:47:36 -0300] "POST /cormun/servlet/trsolicitudot?b3bbf580b15ba953dcb568a56c4327a1,,gx-no-cache=1521575203652 HTTP/1.1" 200 6729
200.112.233.47 - - [20/Mar/2018:16:47:37 -0300] "POST /cormun/servlet/trsolicitudot?b3bbf580b15ba953dcb568a56c4327a1,,gx-no-cache=1521575206086 HTTP/1.1" 200 6349
200.112.233.47 - - [20/Mar/2018:16:47:38 -0300] "POST /cormun/servlet/trsolicitudot?b3bbf580b15ba953dcb568a56c4327a1,,gx-no-cache=1521575206446 HTTP/1.1" 200 6290
200.112.233.47 - - [20/Mar/2018:16:47:39 -0300] "POST /cormun/servlet/trsolicitudot?b3bbf580b15ba953dcb568a56c4327a1,,gx-no-cache=1521575207378 HTTP/1.1" 200 5890
200.112.233.47 - - [20/Mar/2018:16:47:39 -0300] "POST /cormun/servlet/trsolicitudot?b3bbf580b15ba953dcb568a56c4327a1,,gx-no-cache=1521575207676 HTTP/1.1" 200 5834
186.103.159.183 - - [20/Mar/2018:16:47:39 -0300] "POST /cormun/servlet/solicitudot?gx-no-cache=1521575209512 HTTP/1.1" 200 1318
186.103.159.183 - - [20/Mar/2018:16:47:39 -0300] "POST /cormun/servlet/solicitudot?gx-no-cache=1521575209638 HTTP/1.1" 200 1218
186.103.159.183 - - [20/Mar/2018:16:47:39 -0300] "GET /cormun/static/menuarrow.gif HTTP/1.1" 404 1015
200.112.233.47 - - [20/Mar/2018:16:47:40 -0300] "POST /cormun/servlet/trsolicitudot?b3bbf580b15ba953dcb568a56c4327a1,,gx-no-cache=1521575208678 HTTP/1.1" 200 6101
192.168.10.96 - - [20/Mar/2018:16:47:41 -0300] "GET /cormun/servlet/trpermisosgeneralesgoce? HTTP/1.1" 200 13955
192.168.10.96 - - [20/Mar/2018:16:47:41 -0300] "GET /cormun/static/gxcfg.js?20176272065695 HTTP/1.1" 200 953
192.168.10.96 - - [20/Mar/2018:16:47:41 -0300] "GET /cormun/static/trpermisosgeneralesgoce.js?201762720718 HTTP/1.1" 200 30422
186.103.159.183 - - [20/Mar/2018:16:47:42 -0300] "POST /cormun/servlet/solicitudot?gx-no-cache=1521575211762 HTTP/1.1" 200 1318
192.168.10.96 - - [20/Mar/2018:16:47:42 -0300] "GET /cormun/servlet/trpermisosgeneralesgoce? HTTP/1.1" 200 13954
186.103.159.183 - - [20/Mar/2018:16:47:42 -0300] "POST /cormun/servlet/solicitudot?gx-no-cache=1521575212362 HTTP/1.1" 200 1218
192.168.10.96 - - [20/Mar/2018:16:47:49 -0300] "POST /cormun/servlet/trpermisosgeneralesgoce?de30423eb6d65c14ca2a2fa228799923,,gx-no-cache=1521575103148 HTTP/1.1" 200 6578
200.30.252.129 - - [20/Mar/2018:16:47:54 -0300] "GET /cormun/servlet/trcontratosolicitud? HTTP/1.1" 200 5734
200.30.252.129 - - [20/Mar/2018:16:47:57 -0300] "GET /cormun/servlet/trcontratosolicitud? HTTP/1.1" 200 5745
200.30.252.129 - - [20/Mar/2018:16:47:57 -0300] "GET /cormun/servlet/hlogin HTTP/1.1" 200 1740
192.168.10.96 - - [20/Mar/2018:16:47:58 -0300] "POST /cormun/servlet/trpermisosgeneralesgoce?de30423eb6d65c14ca2a2fa228799923,,gx-no-cache=1521575111810 HTTP/1.1" 200 5982
192.168.10.96 - - [20/Mar/2018:16:48:00 -0300] "POST /cormun/servlet/trpermisosgeneralesgoce?de30423eb6d65c14ca2a2fa228799923,,gx-no-cache=1521575114281 HTTP/1.1" 200 6787
186.103.159.183 - - [20/Mar/2018:16:48:01 -0300] "GET /cormun/servlet/solicitudot?95019a4e38a40bfec0a05579540701d7eae46ba2bf774e76f34c5acb9d6fd7a234be86efed76f558eab6c78c8e766117,gx-no-cache=1521575231192 HTTP/1.1" 200 30
186.103.159.183 - - [20/Mar/2018:16:48:01 -0300] "POST /cormun/servlet/solicitudot?gx-no-cache=1521575231272 HTTP/1.1" 200 33
200.112.233.47 - - [20/Mar/2018:16:48:03 -0300] "POST /cormun/servlet/trsolicitudot?b3bbf580b15ba953dcb568a56c4327a1,,gx-no-cache=1521575231776 HTTP/1.1" 200 6101
192.168.10.96 - - [20/Mar/2018:16:48:06 -0300] "POST /cormun/servlet/trpermisosgeneralesgoce?de30423eb6d65c14ca2a2fa228799923,,gx-no-cache=1521575120105 HTTP/1.1" 200 5981
186.67.172.234 - - [20/Mar/2018:16:48:08 -0300] "GET /cormun/servlet/trautorizarsolicitud? HTTP/1.1" 200 11920
186.67.172.234 - - [20/Mar/2018:16:48:08 -0300] "GET /cormun/servlet/trautorizarsolicitud? HTTP/1.1" 200 11920
192.168.10.96 - - [20/Mar/2018:16:48:09 -0300] "POST /cormun/servlet/trpermisosgeneralesgoce?de30423eb6d65c14ca2a2fa228799923,,gx-no-cache=1521575123423 HTTP/1.1" 200 6578
186.103.132.155 - - [20/Mar/2018:16:48:10 -0300] "POST /cormun/servlet/prfichaempleado?5a1be8876e4593abcb268eaeacd5e6d1,,MD,,gxPopupLevel%3D0%3B,gx-no-cache=1521575239357 HTTP/1.1" 200 3424
186.103.132.155 - - [20/Mar/2018:16:48:14 -0300] "POST /cormun/servlet/solicitudot?gx-no-cache=1521575243931 HTTP/1.1" 200 3412
186.103.132.155 - - [20/Mar/2018:16:48:14 -0300] "POST /cormun/servlet/solicitudot?5a1be8876e4593abcb268eaeacd5e6d1,INS,0,0,,gx-no-cache=1521575244304 HTTP/1.1" 200 10583
186.103.132.155 - - [20/Mar/2018:16:48:15 -0300] "GET /cormun/servlet/solicitudot?54bca782c4d386cd805ce003c752e3e66b44202dd9d399a7bab35bbca2c0885cedb6f19895592a185d0b5545b78bd63a,gx-no-cache=1521575244765 HTTP/1.1" 200 30
192.168.10.96 - - [20/Mar/2018:16:48:20 -0300] "POST /cormun/servlet/trpermisosgeneralesgoce?de30423eb6d65c14ca2a2fa228799923,,gx-no-cache=1521575133768 HTTP/1.1" 200 5982
