200.112.48.142 - - [20/Mar/2018:08:41:05 -0300] "GET /cormun/servlet/hhome HTTP/1.1" 200 3992
192.168.10.61 - - [20/Mar/2018:08:41:06 -0300] "POST /cormun/servlet/trsolicitudgral?ea376cb39ede6ce84a6ea8ed9e71eeb5,gx-no-cache=1521545285441,gx-no-cache=1521545924830 HTTP/1.1" 200 23876
192.168.10.50 - - [20/Mar/2018:08:41:40 -0300] "POST /cormun/servlet/trsolicitudgral?3eb124c49db71281eaca0474f80aa5d6,,gx-no-cache=1521545934229 HTTP/1.1" 200 8967
192.168.10.50 - - [20/Mar/2018:08:41:56 -0300] "POST /cormun/servlet/trsolicitudgral?3eb124c49db71281eaca0474f80aa5d6,,gx-no-cache=1521545950362 HTTP/1.1" 200 5920
192.168.10.50 - - [20/Mar/2018:08:41:59 -0300] "GET /cormun/static/menuarrow.gif HTTP/1.1" 404 1015
192.168.10.50 - - [20/Mar/2018:08:42:06 -0300] "POST /cormun/servlet/trsolicitudgral?3eb124c49db71281eaca0474f80aa5d6,,gx-no-cache=1521545960151 HTTP/1.1" 200 7723
192.168.10.61 - - [20/Mar/2018:08:42:09 -0300] "POST /cormun/servlet/trsolicitudgral?ea376cb39ede6ce84a6ea8ed9e71eeb5,gx-no-cache=1521545285441,gx-no-cache=1521545987980 HTTP/1.1" 200 7629
190.100.93.40 - - [20/Mar/2018:08:42:32 -0300] "POST /cormun/servlet/trcontratosolicitud?f43425d354d96a65800694ddd9125145,,gx-no-cache=1521546102121 HTTP/1.1" 200 12440
190.100.93.40 - - [20/Mar/2018:08:42:32 -0300] "GET /cormun/static/Resources/PXToolsGridFirst.gif HTTP/1.1" 200 379
190.100.93.40 - - [20/Mar/2018:08:42:32 -0300] "GET /cormun/static/Resources/PXToolsGridLast.gif HTTP/1.1" 200 370
190.100.93.40 - - [20/Mar/2018:08:42:32 -0300] "GET /cormun/static/Resources/PXToolsGridNext.gif HTTP/1.1" 200 369
190.100.93.40 - - [20/Mar/2018:08:42:32 -0300] "GET /cormun/static/Resources/PXToolsGridPrevious.gif HTTP/1.1" 200 369
192.168.10.61 - - [20/Mar/2018:08:42:37 -0300] "POST /cormun/servlet/trsolicitudgral?ea376cb39ede6ce84a6ea8ed9e71eeb5,gx-no-cache=1521545285441,gx-no-cache=1521546016184 HTTP/1.1" 200 7630
192.168.10.61 - - [20/Mar/2018:08:42:38 -0300] "POST /cormun/servlet/trsolicitudgral?ea376cb39ede6ce84a6ea8ed9e71eeb5,gx-no-cache=1521545285441,gx-no-cache=1521546017431 HTTP/1.1" 200 7630
192.168.10.61 - - [20/Mar/2018:08:42:41 -0300] "POST /cormun/servlet/trsolicitudgral?ea376cb39ede6ce84a6ea8ed9e71eeb5,gx-no-cache=1521545285441,gx-no-cache=1521546019848 HTTP/1.1" 200 7630
192.168.10.61 - - [20/Mar/2018:08:43:01 -0300] "POST /cormun/servlet/trsolicitudgral?ea376cb39ede6ce84a6ea8ed9e71eeb5,gx-no-cache=1521545285441,gx-no-cache=1521546040353 HTTP/1.1" 200 8075
190.100.93.40 - - [20/Mar/2018:08:43:06 -0300] "GET /cormun/servlet/trsolicitudot? HTTP/1.1" 200 7539
190.100.93.40 - - [20/Mar/2018:08:43:07 -0300] "GET /cormun/servlet/trsolicitudot? HTTP/1.1" 200 7539
190.100.93.40 - - [20/Mar/2018:08:43:08 -0300] "GET /cormun/servlet/solicitudot?INS,0,0, HTTP/1.1" 200 13777
190.100.93.40 - - [20/Mar/2018:08:43:09 -0300] "GET /cormun/servlet/solicitudot?INS,0,0, HTTP/1.1" 200 13782
190.100.93.40 - - [20/Mar/2018:08:43:17 -0300] "POST /cormun/servlet/solicitudot?gx-no-cache=1521546147580 HTTP/1.1" 200 3396
190.100.93.40 - - [20/Mar/2018:08:43:18 -0300] "POST /cormun/servlet/solicitudot?f43425d354d96a65800694ddd9125145,INS,0,0,,gx-no-cache=1521546148154 HTTP/1.1" 200 10554
190.100.93.40 - - [20/Mar/2018:08:43:21 -0300] "GET /cormun/servlet/solicitudot?e1c453a5007b33f174fd4849b1cdc8f3af0f342bbceba81c4465d4ba69da5f47ee05b5791c38f95b54cb460b1afb7413,gx-no-cache=1521546151419 HTTP/1.1" 200 30
190.100.93.40 - - [20/Mar/2018:08:43:21 -0300] "GET /cormun/servlet/solicitudot?e1c453a5007b33f174fd4849b1cdc8f32c71d4613be5a8ff2cb425bcdfc773d44526907997fb30461c13e23bc95869d3d216c0c740afddfef1cb32bd5859c840,gx-no-cache=1521546151522 HTTP/1.1" 200 30
190.100.93.40 - - [20/Mar/2018:08:43:21 -0300] "GET /cormun/servlet/solicitudot?e1c453a5007b33f174fd4849b1cdc8f35bb30280c33f7df6061ef0c108715df2,gx-no-cache=1521546151598 HTTP/1.1" 200 51
190.100.93.40 - - [20/Mar/2018:08:43:21 -0300] "POST /cormun/servlet/solicitudot?gx-no-cache=1521546151684 HTTP/1.1" 200 255
190.100.93.40 - - [20/Mar/2018:08:43:21 -0300] "GET /cormun/servlet/solicitudot?e1c453a5007b33f174fd4849b1cdc8f3dea1413559b9bce54ecc9bab47a6ce272d5ff879e393d361354fa67c0fad128280f374df925cc26fd1254384657ace25d066ecdf68f9fe2518be40a516421b31632724bf126fbd5399ba0a9e32346b696a93ddad6a62033d3db6a1389dbc637329d1fbcfcf7c83bf4ac6c97ade7a627543a00e8ee81164890307b6e827e7da4306100b9dcd1d595752c14d89840f7b5900d05f636c95e934f07d11db11d8d2e73f7afa45636e40952563762d3caadcb3d2beaf66bf9a9d8066b3cdbb2628d07b753e613f4dbb5275c4d32fc1d6573b841697fabc1ce4a0687d404d6141b68749f6a6fcc5f178a2a023a9224821be92130efe4cdd8e01373c92a3107650bbac5074d4b75e1adaf440c746e2546c4eebbbc0bd09c298047812cf77f537c457624c10ce7886fa51360b94d87e3e31720ad10629c5f46f1463a90fed2cefe4129d9135c938f6809d40ee29cd370427ece243328e7aa97cb9c217af9c1046cb2427d11d21de39069d2959cc16f575ad95a41f,gx-no-cache=1521546151782 HTTP/1.1" 200 30
190.100.93.40 - - [20/Mar/2018:08:43:24 -0300] "POST /cormun/servlet/solicitudot?gx-no-cache=1521546154368 HTTP/1.1" 200 30
186.67.164.142 - - [20/Mar/2018:08:43:29 -0300] "GET /cormun/servlet/hlogin HTTP/1.1" 200 1725
186.67.164.142 - - [20/Mar/2018:08:43:29 -0300] "GET /cormun/static/gxtimezone.js?85251 HTTP/1.1" 304 -
186.67.164.142 - - [20/Mar/2018:08:43:36 -0300] "POST /cormun/servlet/hlogin?c1df2d2d7298d92f6669ab8bdad2d625,gx-no-cache=1521546165474 HTTP/1.1" 200 90
186.67.164.142 - - [20/Mar/2018:08:43:36 -0300] "GET /cormun/servlet/hpexe_link HTTP/1.1" 200 957
186.67.164.142 - - [20/Mar/2018:08:43:36 -0300] "GET /cormun/servlet/hhome HTTP/1.1" 200 3980
186.67.164.142 - - [20/Mar/2018:08:43:37 -0300] "GET /cormun/servlet/hhome HTTP/1.1" 200 3976
190.100.93.40 - - [20/Mar/2018:08:43:40 -0300] "POST /cormun/servlet/solicitudot?gx-no-cache=1521546170013 HTTP/1.1" 200 1337
190.100.93.40 - - [20/Mar/2018:08:43:40 -0300] "POST /cormun/servlet/solicitudot?gx-no-cache=1521546170543 HTTP/1.1" 200 38
186.67.164.142 - - [20/Mar/2018:08:43:42 -0300] "GET /cormun/servlet/trlicencias? HTTP/1.1" 200 11400
186.67.164.142 - - [20/Mar/2018:08:43:42 -0300] "GET /cormun/static/gxcfg.js?20176272054169 HTTP/1.1" 304 -
186.67.164.142 - - [20/Mar/2018:08:43:42 -0300] "GET /cormun/static/calendar-setup.js?85251 HTTP/1.1" 304 -
186.67.164.142 - - [20/Mar/2018:08:43:42 -0300] "GET /cormun/static/calendar.js?85251 HTTP/1.1" 304 -
186.67.164.142 - - [20/Mar/2018:08:43:42 -0300] "GET /cormun/static/calendar-es.js?85251 HTTP/1.1" 304 -
186.67.164.142 - - [20/Mar/2018:08:43:42 -0300] "GET /cormun/static/gxdec.js?85251 HTTP/1.1" 304 -
186.67.164.142 - - [20/Mar/2018:08:43:43 -0300] "GET /cormun/servlet/trlicencias? HTTP/1.1" 200 11399
190.100.93.40 - - [20/Mar/2018:08:45:13 -0300] "GET /cormun/servlet/solicitudot?e1c453a5007b33f174fd4849b1cdc8f31c343d99c242c15d3d4eecb2c25d9d0a3b353b4bc25a6d1ff1e689b0fc9906504997ca023247825b0c2db2a0dd62c5ca533c099feaa884eab8ddb309f29245620323f6d1de875a2ee70e5c48abf1b4a2886112b50bfbb054dccd999c9b91c47d0af75ae4fe70b4205cf2b21f4f60a2233b2426adef642366b18398edf5f00c11ac09a71cc819c6d47204ed8e6cbb2052,gx-no-cache=1521546262928 HTTP/1.1" 200 29
190.100.93.40 - - [20/Mar/2018:08:45:14 -0300] "POST /cormun/servlet/solicitudot?gx-no-cache=1521546263251 HTTP/1.1" 200 1321
190.100.93.40 - - [20/Mar/2018:08:45:15 -0300] "POST /cormun/servlet/solicitudot?gx-no-cache=1521546264417 HTTP/1.1" 200 1219
190.100.93.40 - - [20/Mar/2018:08:45:15 -0300] "GET /cormun/static/menuarrow.gif HTTP/1.1" 404 1015
190.100.93.40 - - [20/Mar/2018:08:45:17 -0300] "POST /cormun/servlet/solicitudot?gx-no-cache=1521546267813 HTTP/1.1" 200 1321
190.100.93.40 - - [20/Mar/2018:08:45:18 -0300] "POST /cormun/servlet/solicitudot?gx-no-cache=1521546268089 HTTP/1.1" 200 1219
190.100.93.40 - - [20/Mar/2018:08:45:19 -0300] "GET /cormun/servlet/solicitudot?e1c453a5007b33f174fd4849b1cdc8f38f80e48926eed118fc734dd7ef7b2abd5c0abd31029a7dd0b495537428cedab3,gx-no-cache=1521546269366 HTTP/1.1" 200 30
190.100.93.40 - - [20/Mar/2018:08:45:30 -0300] "POST /cormun/servlet/solicitudot?gx-no-cache=1521546280010 HTTP/1.1" 200 33
192.168.10.89 - - [20/Mar/2018:08:46:17 -0300] "POST /cormun/servlet/trsolicitudgral?02c2255d8cd712272049a0e4cb8e52b4,,gx-no-cache=1521546211185 HTTP/1.1" 440 972
192.168.10.89 - - [20/Mar/2018:08:46:18 -0300] "GET /cormun/servlet/trsolicitudgral? HTTP/1.1" 500 10
192.168.10.96 - - [20/Mar/2018:08:46:26 -0300] "GET /cormun/servlet/trsolicitudgral? HTTP/1.1" 500 10
192.168.10.96 - - [20/Mar/2018:08:46:29 -0300] "GET /cormun/servlet/hlogin HTTP/1.1" 200 1718
192.168.10.96 - - [20/Mar/2018:08:46:30 -0300] "GET /cormun/servlet/hlogin HTTP/1.1" 200 1718
200.111.122.170 - - [20/Mar/2018:08:46:35 -0300] "GET /cormun/servlet/hlogin HTTP/1.1" 200 1720
200.111.122.170 - - [20/Mar/2018:08:46:35 -0300] "GET /cormun/static/gxtimezone.js?85251 HTTP/1.1" 304 -
200.111.122.170 - - [20/Mar/2018:08:46:35 -0300] "GET /cormun/static/messages.spa.js?85251 HTTP/1.1" 304 -
192.168.10.96 - - [20/Mar/2018:08:46:36 -0300] "POST /cormun/servlet/hlogin?1bfa0c2713b46fa3e61b6f96213394f2,gx-no-cache=1521546230534 HTTP/1.1" 200 90
192.168.10.96 - - [20/Mar/2018:08:46:36 -0300] "GET /cormun/servlet/hpexe_link HTTP/1.1" 200 949
192.168.10.96 - - [20/Mar/2018:08:46:36 -0300] "GET /cormun/servlet/hhome HTTP/1.1" 200 4702
192.168.10.96 - - [20/Mar/2018:08:46:36 -0300] "GET /cormun/servlet/hhome HTTP/1.1" 200 4701
200.111.122.170 - - [20/Mar/2018:08:46:48 -0300] "POST /cormun/servlet/hlogin?407181fbc184f917f59bb912c460d149,gx-no-cache=1521546358038 HTTP/1.1" 200 90
200.111.122.170 - - [20/Mar/2018:08:46:48 -0300] "GET /cormun/servlet/hpexe_link HTTP/1.1" 200 952
200.111.122.170 - - [20/Mar/2018:08:46:51 -0300] "GET /cormun/static/gxcfg.js?20177612121792 HTTP/1.1" 304 -
200.111.122.170 - - [20/Mar/2018:08:46:51 -0300] "GET /cormun/servlet/hhome HTTP/1.1" 200 4219
200.111.122.170 - - [20/Mar/2018:08:46:52 -0300] "GET /cormun/servlet/hhome HTTP/1.1" 200 4215
200.111.122.170 - - [20/Mar/2018:08:46:55 -0300] "GET /cormun/servlet/trsolicitudot? HTTP/1.1" 200 7437
200.111.122.170 - - [20/Mar/2018:08:46:55 -0300] "GET /cormun/static/gxcfg.js?2017111422585916 HTTP/1.1" 304 -
186.103.161.206 - - [20/Mar/2018:08:46:55 -0300] "GET /cormun/static/calendar.js?85251 HTTP/1.1" 304 -
200.111.122.170 - - [20/Mar/2018:08:46:55 -0300] "GET /cormun/static/calendar-es.js?85251 HTTP/1.1" 304 -
190.151.100.218 - - [20/Mar/2018:08:46:55 -0300] "GET /cormun/static/calendar-setup.js?85251 HTTP/1.1" 304 -
190.151.100.218 - - [20/Mar/2018:08:46:55 -0300] "GET /cormun/static/gxdec.js?85251 HTTP/1.1" 304 -
190.151.100.218 - - [20/Mar/2018:08:46:56 -0300] "GET /cormun/servlet/trsolicitudot? HTTP/1.1" 200 7437
190.151.100.218 - - [20/Mar/2018:08:46:58 -0300] "GET /cormun/static/menuarrow.gif HTTP/1.1" 404 1015
192.168.10.96 - - [20/Mar/2018:08:47:00 -0300] "GET /cormun/servlet/trsolicitudgral? HTTP/1.1" 200 28199
192.168.10.96 - - [20/Mar/2018:08:47:01 -0300] "GET /cormun/servlet/trsolicitudgral? HTTP/1.1" 200 28197
190.151.100.218 - - [20/Mar/2018:08:47:04 -0300] "POST /cormun/servlet/trsolicitudot?407181fbc184f917f59bb912c460d149,,gx-no-cache=1521546373370 HTTP/1.1" 200 5824
192.168.10.96 - - [20/Mar/2018:08:47:11 -0300] "GET /cormun/servlet/trsolicitudgral? HTTP/1.1" 200 28197
192.168.10.96 - - [20/Mar/2018:08:47:12 -0300] "GET /cormun/servlet/trsolicitudgral? HTTP/1.1" 200 28197
190.151.100.218 - - [20/Mar/2018:08:47:16 -0300] "POST /cormun/servlet/trsolicitudot?407181fbc184f917f59bb912c460d149,,gx-no-cache=1521546385650 HTTP/1.1" 200 20273
200.120.230.197 - - [20/Mar/2018:08:47:36 -0300] "POST /cormun/servlet/hlogin?9c64d32792c30be8307c99f6568cf17e,gx-no-cache=1521546415364 HTTP/1.1" 200 90
200.120.230.197 - - [20/Mar/2018:08:47:37 -0300] "GET /cormun/servlet/hpexe_link HTTP/1.1" 200 945
200.120.230.197 - - [20/Mar/2018:08:47:37 -0300] "GET /cormun/servlet/hpexe_link HTTP/1.1" 200 943
200.120.230.197 - - [20/Mar/2018:08:47:37 -0300] "GET /cormun/servlet/hhome HTTP/1.1" 200 4226
200.120.230.197 - - [20/Mar/2018:08:47:39 -0300] "GET /cormun/servlet/hhome HTTP/1.1" 200 4222
200.120.230.197 - - [20/Mar/2018:08:47:43 -0300] "GET /cormun/servlet/trlicencias? HTTP/1.1" 200 12158
200.120.230.197 - - [20/Mar/2018:08:47:43 -0300] "GET /cormun/static/calendar.js?85251 HTTP/1.1" 304 -
186.79.88.167 - - [20/Mar/2018:08:47:43 -0300] "GET /cormun/static/calendar-setup.js?85251 HTTP/1.1" 304 -
200.120.230.197 - - [20/Mar/2018:08:47:43 -0300] "GET /cormun/static/calendar-es.js?85251 HTTP/1.1" 304 -
200.120.230.197 - - [20/Mar/2018:08:47:43 -0300] "GET /cormun/static/gxdec.js?85251 HTTP/1.1" 304 -
200.120.230.197 - - [20/Mar/2018:08:47:44 -0300] "GET /cormun/servlet/trlicencias? HTTP/1.1" 200 12155
200.120.230.197 - - [20/Mar/2018:08:47:55 -0300] "GET /cormun/servlet/licenciaspermisos?INS,0,,, HTTP/1.1" 200 7759
200.120.230.197 - - [20/Mar/2018:08:47:55 -0300] "GET /cormun/static/gxcfg.js?201762917281167 HTTP/1.1" 200 953
200.120.230.197 - - [20/Mar/2018:08:47:56 -0300] "GET /cormun/servlet/licenciaspermisos?INS,0,,, HTTP/1.1" 200 7767
200.120.230.197 - - [20/Mar/2018:08:48:12 -0300] "GET /cormun/servlet/licenciaspermisos?0a3869c2e3baa2ec2e3faa95e7220f7527c09dfe284e643304a027453a62ccbd60d7343360cb5dd397418dace38ba8d9,gx-no-cache=1521546450454 HTTP/1.1" 200 96
200.120.230.197 - - [20/Mar/2018:08:48:13 -0300] "POST /cormun/servlet/licenciaspermisos?9c64d32792c30be8307c99f6568cf17e,INS,0,,,,gx-no-cache=1521546451542 HTTP/1.1" 200 4875
200.120.230.197 - - [20/Mar/2018:08:48:31 -0300] "GET /cormun/static/menuarrow.gif HTTP/1.1" 404 1015
200.120.230.197 - - [20/Mar/2018:08:49:31 -0300] "GET /cormun/servlet/licenciaspermisos?0a3869c2e3baa2ec2e3faa95e7220f7512f848d2ea5a58e8b424660059d39fbc2651d5d688ed3ca76783b0449e17b78784c832f7022537068b7dcbffc760bb0ad69be437e69f101f258b40f3524d41425c90735181de2302cace06bebb318469b20da0c272939c6b7b3ced84544250ab648bbefd1c0ac14613e1574718a073d35eb0025d529ec439ff0f1dc9d7575c497b59ff0232d341af73de0789496e7e1b33d143df0ce2ac0a4ca256f7ac3fc35a,gx-no-cache=1521546530356 HTTP/1.1" 200 30
200.120.230.197 - - [20/Mar/2018:08:49:31 -0300] "POST /cormun/servlet/licenciaspermisos?9c64d32792c30be8307c99f6568cf17e,INS,0,,,,gx-no-cache=1521546530548 HTTP/1.1" 200 4956
190.100.93.40 - - [20/Mar/2018:08:49:47 -0300] "POST /cormun/servlet/solicitudot?f43425d354d96a65800694ddd9125145,INS,0,0,,gx-no-cache=1521546529403 HTTP/1.1" 200 93
190.100.93.40 - - [20/Mar/2018:08:49:47 -0300] "GET /cormun/servlet/hpexe_return? HTTP/1.1" 200 1006
190.100.93.40 - - [20/Mar/2018:08:49:48 -0300] "GET /cormun/static/gxcfg.js?2016101716175148 HTTP/1.1" 304 -
190.100.93.40 - - [20/Mar/2018:08:49:48 -0300] "GET /cormun/servlet/trsolicitudot HTTP/1.1" 200 8947
190.100.93.40 - - [20/Mar/2018:08:49:48 -0300] "GET /cormun/servlet/trsolicitudot HTTP/1.1" 200 8943
190.100.93.40 - - [20/Mar/2018:08:50:04 -0300] "GET /cormun/servlet/solicitudot?INS,0,0, HTTP/1.1" 200 13779
200.120.230.197 - - [20/Mar/2018:08:50:05 -0300] "GET /cormun/servlet/licenciaspermisos?0a3869c2e3baa2ec2e3faa95e7220f751bfaccb2d1dce251d21e9b89f912934faf6666d35d01e8b671bf803a2d3a7250b13313dc59caea91d43fb9bdc8f90f48807834f45fcad4c73296173b597ec4897e630fca30ad3384ec9251c0f6be8a35291c4cfc46f5e64850a02dc572917efe6b2aa921029c0124c96fa6a29c25b64f91b7bbe82709d9e8e988297dc4f98b9c3b58615040b88f08ba4cbf784bfe79d94dfe3ae62abd8a2b3b70a1e6c1f4f0e5db799d3aab4cfff347e4faa5c0f77e2bf138e2a3a6713770cb5fb542eb77e415f01d3321b87f99ac75197a17adc362f9926de4607bb8593c7862b96caffa4481,gx-no-cache=1521546563899 HTTP/1.1" 200 58
190.100.93.40 - - [20/Mar/2018:08:50:05 -0300] "GET /cormun/servlet/solicitudot?INS,0,0, HTTP/1.1" 200 13784
200.120.230.197 - - [20/Mar/2018:08:50:13 -0300] "POST /cormun/servlet/licenciaspermisos?9c64d32792c30be8307c99f6568cf17e,INS,0,,,,gx-no-cache=1521546564141 HTTP/1.1" 200 93
200.120.230.197 - - [20/Mar/2018:08:50:13 -0300] "GET /cormun/servlet/hpexe_return? HTTP/1.1" 200 1007
199.30.24.164 - - [20/Mar/2018:08:50:13 -0300] "GET /cormun/static/PXToolsJavascripts/pexe_menudivfix.js HTTP/1.1" 200 333
200.120.230.197 - - [20/Mar/2018:08:50:13 -0300] "GET /cormun/static/gxcfg.js?2016101716175148 HTTP/1.1" 304 -
199.30.25.213 - - [20/Mar/2018:08:50:14 -0300] "GET /cormun/static/PXToolsJavascripts/pexe_menus.js HTTP/1.1" 200 1286
200.120.230.197 - - [20/Mar/2018:08:50:14 -0300] "GET /cormun/servlet/trlicencias HTTP/1.1" 200 12693
65.55.210.212 - - [20/Mar/2018:08:50:15 -0300] "GET /cormun/static/PXToolsJavascripts/pexe_oavdivfix.js HTTP/1.1" 200 639
200.120.230.197 - - [20/Mar/2018:08:50:16 -0300] "GET /cormun/servlet/trlicencias HTTP/1.1" 200 12688
190.100.93.40 - - [20/Mar/2018:08:50:16 -0300] "POST /cormun/servlet/solicitudot?gx-no-cache=1521546566711 HTTP/1.1" 200 3415
190.100.93.40 - - [20/Mar/2018:08:50:20 -0300] "POST /cormun/servlet/solicitudot?f43425d354d96a65800694ddd9125145,INS,0,0,,gx-no-cache=1521546567186 HTTP/1.1" 200 10581
200.120.230.197 - - [20/Mar/2018:08:50:20 -0300] "GET /cormun/servlet/trlicenciaspermisosadjuntos?10287673,20180320000000,L, HTTP/1.1" 200 6575
200.120.230.197 - - [20/Mar/2018:08:50:21 -0300] "GET /cormun/static/gxcfg.js?20177612163414 HTTP/1.1" 200 953
200.120.230.197 - - [20/Mar/2018:08:50:21 -0300] "GET /cormun/static/trlicenciaspermisosadjuntos.js?20177612163719 HTTP/1.1" 200 21036
200.120.230.197 - - [20/Mar/2018:08:50:22 -0300] "GET /cormun/servlet/trlicenciaspermisosadjuntos?10287673,20180320000000,L, HTTP/1.1" 200 6575
190.100.93.40 - - [20/Mar/2018:08:50:23 -0300] "GET /cormun/servlet/solicitudot?e1c453a5007b33f174fd4849b1cdc8f3ec3a2d7f9a88540b7f28262cf1557801ee05b5791c38f95b54cb460b1afb7413,gx-no-cache=1521546573633 HTTP/1.1" 200 30
190.100.93.40 - - [20/Mar/2018:08:50:23 -0300] "GET /cormun/servlet/solicitudot?e1c453a5007b33f174fd4849b1cdc8f3421758dfc597d4f1a6d511bb368268eb22bca8f16a1c58e43c009784028c4493144724155c064d04f114263a6c291f8c,gx-no-cache=1521546573754 HTTP/1.1" 200 30
190.100.93.40 - - [20/Mar/2018:08:50:23 -0300] "GET /cormun/servlet/solicitudot?e1c453a5007b33f174fd4849b1cdc8f35bb30280c33f7df6061ef0c108715df2,gx-no-cache=1521546573849 HTTP/1.1" 200 51
190.100.93.40 - - [20/Mar/2018:08:50:23 -0300] "POST /cormun/servlet/solicitudot?gx-no-cache=1521546573940 HTTP/1.1" 200 255
200.120.230.197 - - [20/Mar/2018:08:50:24 -0300] "GET /cormun/servlet/licenciaspermisosadjuntos?INS,10287673,L,20180320000000,, HTTP/1.1" 200 5876
200.120.230.197 - - [20/Mar/2018:08:50:24 -0300] "GET /cormun/static/gxcfg.js?2017761263592 HTTP/1.1" 200 953
186.79.88.167 - - [20/Mar/2018:08:50:24 -0300] "GET /cormun/static/licenciaspermisosadjuntos.js?201776126362 HTTP/1.1" 200 8760
186.79.88.167 - - [20/Mar/2018:08:50:24 -0300] "GET /cormun/static/about:blank HTTP/1.1" 404 1011
186.79.88.167 - - [20/Mar/2018:08:50:25 -0300] "GET /cormun/servlet/licenciaspermisosadjuntos?INS,10287673,L,20180320000000,, HTTP/1.1" 200 5865
190.100.93.40 - - [20/Mar/2018:08:50:28 -0300] "GET /cormun/servlet/solicitudot?e1c453a5007b33f174fd4849b1cdc8f3dea1413559b9bce54ecc9bab47a6ce272d5ff879e393d361354fa67c0fad128280f374df925cc26fd1254384657ace25d066ecdf68f9fe2518be40a516421b31632724bf126fbd5399ba0a9e32346b696a93ddad6a62033d3db6a1389dbc637329d1fbcfcf7c83bf4ac6c97ade7a627543a00e8ee81164890307b6e827e7da4306100b9dcd1d595752c14d89840f7b5900d05f636c95e934f07d11db11d8d2e73f7afa45636e40952563762d3caadcb3d2beaf66bf9a9d8066b3cdbb2628d07b753e613f4dbb5275c4d32fc1d6573b841697fabc1ce4a0687d404d6141b68749f6a6fcc5f178a2a023a9224821be92130efe4cdd8e01373c92a3107650bbac5074d4b75e1adaf440c746e2546c4eebbbc0bd09c298047812cf77f537c457624c10ce7886fa51360b94d87e3e31720ad10629c5f46f1463a90fed2cefe4129d9135c938f6809d40ee29cd370427ece243328e7aa97cb9c217af9c1046cb2427d11d21de39069d2959cc16f575ad95a41f,gx-no-cache=1521546574051 HTTP/1.1" 200 30
190.100.93.40 - - [20/Mar/2018:08:50:32 -0300] "POST /cormun/servlet/solicitudot?gx-no-cache=1521546582741 HTTP/1.1" 200 30
190.100.93.40 - - [20/Mar/2018:08:50:43 -0300] "POST /cormun/servlet/solicitudot?gx-no-cache=1521546593962 HTTP/1.1" 200 1337
190.100.93.40 - - [20/Mar/2018:08:50:44 -0300] "POST /cormun/servlet/solicitudot?gx-no-cache=1521546594097 HTTP/1.1" 200 38
186.79.62.124 - - [20/Mar/2018:08:50:46 -0300] "GET /cormun/servlet/hlogin HTTP/1.1" 200 1720
186.79.62.124 - - [20/Mar/2018:08:50:48 -0300] "POST /cormun/servlet/hlogin?632fdd14a2f80fb5da4528b47fd5ead6,gx-no-cache=1521546596432 HTTP/1.1" 200 90
186.79.62.124 - - [20/Mar/2018:08:50:48 -0300] "GET /cormun/servlet/hpexe_link HTTP/1.1" 200 960
186.79.62.124 - - [20/Mar/2018:08:50:48 -0300] "GET /cormun/servlet/trautorizarsolicitud? HTTP/1.1" 200 18559
186.79.62.124 - - [20/Mar/2018:08:50:50 -0300] "GET /cormun/servlet/trautorizarsolicitud? HTTP/1.1" 200 18557
190.100.93.40 - - [20/Mar/2018:08:50:51 -0300] "GET /cormun/servlet/solicitudot?e1c453a5007b33f174fd4849b1cdc8f31c343d99c242c15d3d4eecb2c25d9d0a3b353b4bc25a6d1ff1e689b0fc9906504997ca023247825b0c2db2a0dd62c5ca533c099feaa884eab8ddb309f29245620323f6d1de875a2ee70e5c48abf1b4a2886112b50bfbb054dccd999c9b91c47d0af75ae4fe70b4205cf2b21f4f60a2233b2426adef642366b18398edf5f00c11ac09a71cc819c6d47204ed8e6cbb2052,gx-no-cache=1521546601493 HTTP/1.1" 200 29
190.100.93.40 - - [20/Mar/2018:08:50:51 -0300] "POST /cormun/servlet/solicitudot?gx-no-cache=1521546601886 HTTP/1.1" 200 1321
190.100.93.40 - - [20/Mar/2018:08:50:52 -0300] "POST /cormun/servlet/solicitudot?gx-no-cache=1521546602050 HTTP/1.1" 200 1219
190.100.93.40 - - [20/Mar/2018:08:50:52 -0300] "GET /cormun/static/menuarrow.gif HTTP/1.1" 404 1015
190.100.93.40 - - [20/Mar/2018:08:50:54 -0300] "POST /cormun/servlet/solicitudot?gx-no-cache=1521546603809 HTTP/1.1" 200 1321
190.100.93.40 - - [20/Mar/2018:08:50:54 -0300] "POST /cormun/servlet/solicitudot?gx-no-cache=1521546604649 HTTP/1.1" 200 1219
190.100.93.40 - - [20/Mar/2018:08:50:56 -0300] "GET /cormun/servlet/solicitudot?e1c453a5007b33f174fd4849b1cdc8f38f80e48926eed118fc734dd7ef7b2abd5c0abd31029a7dd0b495537428cedab3,gx-no-cache=1521546606432 HTTP/1.1" 200 30
186.79.62.124 - - [20/Mar/2018:08:51:01 -0300] "POST /cormun/servlet/trautorizarsolicitud?632fdd14a2f80fb5da4528b47fd5ead6,,gx-no-cache=1521546605330 HTTP/1.1" 200 6276
186.79.62.124 - - [20/Mar/2018:08:51:11 -0300] "POST /cormun/servlet/trautorizarsolicitud?632fdd14a2f80fb5da4528b47fd5ead6,,gx-no-cache=1521546617737 HTTP/1.1" 200 15840
190.100.93.40 - - [20/Mar/2018:08:51:13 -0300] "POST /cormun/servlet/solicitudot?gx-no-cache=1521546623998 HTTP/1.1" 200 30
186.79.88.167 - - [20/Mar/2018:08:51:16 -0300] "POST /cormun/servlet/licenciaspermisosadjuntos?9c64d32792c30be8307c99f6568cf17e,INS,10287673,L,20180320000000,, HTTP/1.1" 200 116
186.79.88.167 - - [20/Mar/2018:08:51:16 -0300] "GET /cormun/servlet/hpexe_return? HTTP/1.1" 200 1037
186.79.88.167 - - [20/Mar/2018:08:51:17 -0300] "GET /cormun/servlet/trlicenciaspermisosadjuntos?10287673,20180320000000,L, HTTP/1.1" 200 7081
186.79.88.167 - - [20/Mar/2018:08:51:19 -0300] "GET /cormun/servlet/trlicenciaspermisosadjuntos?10287673,20180320000000,L, HTTP/1.1" 200 7080
186.79.88.167 - - [20/Mar/2018:08:51:30 -0300] "POST /cormun/servlet/trlicenciaspermisosadjuntos?9c64d32792c30be8307c99f6568cf17e,10287673,20180320000000,L,,gx-no-cache=1521546642108 HTTP/1.1" 200 90
186.79.88.167 - - [20/Mar/2018:08:51:30 -0300] "GET /cormun/servlet/hpexe_link HTTP/1.1" 200 979
186.79.88.167 - - [20/Mar/2018:08:51:30 -0300] "GET /cormun/servlet/trlicencias HTTP/1.1" 200 12687
186.79.88.167 - - [20/Mar/2018:08:51:32 -0300] "GET /cormun/servlet/trlicencias HTTP/1.1" 200 12685
186.79.88.167 - - [20/Mar/2018:08:51:38 -0300] "GET /cormun/servlet/alicenciaprn?10287673,L,20180320000000,PU HTTP/1.1" 200 1593
190.100.93.40 - - [20/Mar/2018:08:51:44 -0300] "POST /cormun/servlet/solicitudot?f43425d354d96a65800694ddd9125145,INS,0,0,,gx-no-cache=1521546651647 HTTP/1.1" 200 93
190.100.93.40 - - [20/Mar/2018:08:51:45 -0300] "GET /cormun/servlet/hpexe_return? HTTP/1.1" 200 1006
190.100.93.40 - - [20/Mar/2018:08:51:45 -0300] "GET /cormun/servlet/trsolicitudot HTTP/1.1" 200 9328
190.100.93.40 - - [20/Mar/2018:08:51:45 -0300] "GET /cormun/servlet/trsolicitudot HTTP/1.1" 200 9324
192.168.10.96 - - [20/Mar/2018:08:52:12 -0300] "GET /cormun/servlet/trsolicitudgral? HTTP/1.1" 200 28197
192.168.10.96 - - [20/Mar/2018:08:52:13 -0300] "GET /cormun/servlet/trsolicitudgral? HTTP/1.1" 200 28197
192.168.10.96 - - [20/Mar/2018:08:52:20 -0300] "POST /cormun/servlet/trsolicitudgral?1bfa0c2713b46fa3e61b6f96213394f2,,gx-no-cache=1521546574598 HTTP/1.1" 200 7274
200.120.230.197 - - [20/Mar/2018:08:52:22 -0300] "POST /cormun/servlet/trlicencias?9c64d32792c30be8307c99f6568cf17e,gx-no-cache=1521546695366 HTTP/1.1" 200 9911
200.120.230.197 - - [20/Mar/2018:08:52:22 -0300] "GET /cormun/static/Shared/jqueryui/images/ui-bg_highlight-soft_100_c6c2c8_1x100.png HTTP/1.1" 404 1117
186.79.88.167 - - [20/Mar/2018:08:52:22 -0300] "GET /cormun/static/Shared/jqueryui/images/ui-icons_82798d_256x240.png HTTP/1.1" 404 1089
186.79.88.167 - - [20/Mar/2018:08:52:22 -0300] "GET /cormun/static/Shared/jqueryui/images/ui-bg_flat_55_fafafa_40x100.png HTTP/1.1" 404 1097
200.120.230.197 - - [20/Mar/2018:08:52:22 -0300] "GET /cormun/static/Shared/jqueryui/images/ui-icons_8d78a5_256x240.png HTTP/1.1" 404 1089
192.168.10.89 - - [20/Mar/2018:08:52:23 -0300] "GET /cormun/servlet/hlogin HTTP/1.1" 200 1726
192.168.10.89 - - [20/Mar/2018:08:52:23 -0300] "GET /cormun/servlet/hlogin HTTP/1.1" 200 1737
192.168.10.96 - - [20/Mar/2018:08:52:28 -0300] "POST /cormun/servlet/trsolicitudgral?1bfa0c2713b46fa3e61b6f96213394f2,,gx-no-cache=1521546582199 HTTP/1.1" 200 8741
190.100.93.40 - - [20/Mar/2018:08:52:54 -0300] "POST /cormun/servlet/trsolicitudot?f43425d354d96a65800694ddd9125145,gx-no-cache=1521546722357 HTTP/1.1" 200 5906
190.100.93.40 - - [20/Mar/2018:08:52:54 -0300] "GET /cormun/static/Shared/jqueryui/images/ui-bg_highlight-soft_100_c6c2c8_1x100.png HTTP/1.1" 404 1117
190.100.93.40 - - [20/Mar/2018:08:52:54 -0300] "GET /cormun/static/Shared/jqueryui/images/ui-icons_82798d_256x240.png HTTP/1.1" 404 1089
190.100.93.40 - - [20/Mar/2018:08:52:54 -0300] "GET /cormun/static/Shared/jqueryui/images/ui-bg_flat_55_fafafa_40x100.png HTTP/1.1" 404 1097
190.100.93.40 - - [20/Mar/2018:08:52:54 -0300] "GET /cormun/static/Shared/jqueryui/images/ui-icons_8d78a5_256x240.png HTTP/1.1" 404 1089
190.100.93.40 - - [20/Mar/2018:08:52:54 -0300] "POST /cormun/servlet/trsolicitudot?f43425d354d96a65800694ddd9125145,gx-no-cache=1521546724294 HTTP/1.1" 200 5849
190.100.93.40 - - [20/Mar/2018:08:52:57 -0300] "POST /cormun/servlet/trsolicitudot?f43425d354d96a65800694ddd9125145,gx-no-cache=1521546726354 HTTP/1.1" 200 4694
190.100.93.40 - - [20/Mar/2018:08:53:05 -0300] "POST /cormun/servlet/trsolicitudot?f43425d354d96a65800694ddd9125145,gx-no-cache=1521546735158 HTTP/1.1" 200 4457
190.100.93.40 - - [20/Mar/2018:08:53:09 -0300] "GET /cormun/servlet/trautorizarsolicitud? HTTP/1.1" 200 9218
190.100.93.40 - - [20/Mar/2018:08:53:09 -0300] "GET /cormun/static/gxcfg.js?2017111423403364 HTTP/1.1" 304 -
190.100.93.40 - - [20/Mar/2018:08:53:09 -0300] "GET /cormun/servlet/trautorizarsolicitud? HTTP/1.1" 200 9217
190.100.93.40 - - [20/Mar/2018:08:53:13 -0300] "POST /cormun/servlet/trautorizarsolicitud?f43425d354d96a65800694ddd9125145,,gx-no-cache=1521546743159 HTTP/1.1" 200 5828
190.100.93.40 - - [20/Mar/2018:08:53:13 -0300] "GET /cormun/static/Shared/jqueryui/images/ui-bg_highlight-soft_100_c6c2c8_1x100.png HTTP/1.1" 404 1117
190.100.93.40 - - [20/Mar/2018:08:53:13 -0300] "GET /cormun/static/Shared/jqueryui/images/ui-icons_82798d_256x240.png HTTP/1.1" 404 1089
190.100.93.40 - - [20/Mar/2018:08:53:13 -0300] "GET /cormun/static/Shared/jqueryui/images/ui-bg_flat_55_fafafa_40x100.png HTTP/1.1" 404 1097
190.100.93.40 - - [20/Mar/2018:08:53:13 -0300] "GET /cormun/static/Shared/jqueryui/images/ui-icons_8d78a5_256x240.png HTTP/1.1" 404 1089
190.100.93.40 - - [20/Mar/2018:08:53:13 -0300] "POST /cormun/servlet/trautorizarsolicitud?f43425d354d96a65800694ddd9125145,,gx-no-cache=1521546743676 HTTP/1.1" 200 5773
190.100.93.40 - - [20/Mar/2018:08:53:16 -0300] "POST /cormun/servlet/trautorizarsolicitud?f43425d354d96a65800694ddd9125145,,gx-no-cache=1521546745562 HTTP/1.1" 200 4626
190.100.93.40 - - [20/Mar/2018:08:53:16 -0300] "POST /cormun/servlet/trautorizarsolicitud?f43425d354d96a65800694ddd9125145,,gx-no-cache=1521546746697 HTTP/1.1" 200 4393
192.168.10.50 - - [20/Mar/2018:08:53:19 -0300] "POST /cormun/servlet/trsolicitudgral?3eb124c49db71281eaca0474f80aa5d6,,gx-no-cache=1521546633117 HTTP/1.1" 200 115
192.168.10.50 - - [20/Mar/2018:08:53:19 -0300] "GET /cormun/servlet/solicitudotlog?INS,2018,9364,0,REC, HTTP/1.1" 200 6264
192.168.10.50 - - [20/Mar/2018:08:53:19 -0300] "GET /cormun/servlet/solicitudotlog?INS,2018,9364,0,REC, HTTP/1.1" 200 6265
192.168.10.50 - - [20/Mar/2018:08:53:19 -0300] "GET /cormun/servlet/solicitudotlog?INS,2018,9364,0,REC, HTTP/1.1" 200 6265
192.168.10.50 - - [20/Mar/2018:08:53:20 -0300] "GET /cormun/servlet/solicitudotlog?INS,2018,9364,0,REC, HTTP/1.1" 200 6265
192.168.10.50 - - [20/Mar/2018:08:53:20 -0300] "GET /cormun/servlet/solicitudotlog?d9a4b6fd890da8688f64ef89846d85ac7758ea51e083c75849be69d9dac20e24c7efe677759ac9c9c4f8d2e408480464865644324bb9090de9388f6c61b74e0f6754a984b75ae28d65b85b988079665c3600ee6846fdfff9f7a856c571766c94014a1bd86dc189d997b467c5e24194025ca765e809d534110162c7b229715967b8606d7acb6c9f91793f937ca35ac87f60e0830483579ea1542615aeea9b8a39,gx-no-cache=1521546634400 HTTP/1.1" 200 94
192.168.10.50 - - [20/Mar/2018:08:53:37 -0300] "POST /cormun/servlet/solicitudotlog?3eb124c49db71281eaca0474f80aa5d6,INS,2018,9364,0,REC,,gx-no-cache=1521546651644 HTTP/1.1" 200 93
192.168.10.50 - - [20/Mar/2018:08:53:37 -0300] "GET /cormun/servlet/hpexe_return? HTTP/1.1" 200 1020
192.168.10.50 - - [20/Mar/2018:08:53:38 -0300] "GET /cormun/servlet/trsolicitudgral? HTTP/1.1" 200 10342
192.168.10.50 - - [20/Mar/2018:08:53:38 -0300] "GET /cormun/servlet/trsolicitudgral? HTTP/1.1" 200 10339
192.168.10.50 - - [20/Mar/2018:08:53:45 -0300] "POST /cormun/servlet/trsolicitudgral?3eb124c49db71281eaca0474f80aa5d6,,gx-no-cache=1521546659363 HTTP/1.1" 200 23583
192.168.10.50 - - [20/Mar/2018:08:53:52 -0300] "POST /cormun/servlet/trsolicitudgral?3eb124c49db71281eaca0474f80aa5d6,,gx-no-cache=1521546666583 HTTP/1.1" 200 5927
192.168.10.50 - - [20/Mar/2018:08:53:57 -0300] "POST /cormun/servlet/trsolicitudgral?3eb124c49db71281eaca0474f80aa5d6,,gx-no-cache=1521546671361 HTTP/1.1" 200 7878
186.79.88.167 - - [20/Mar/2018:08:54:09 -0300] "GET /cormun/servlet/licenciaspermisos?INS,0,,, HTTP/1.1" 200 7759
192.168.10.50 - - [20/Mar/2018:08:54:09 -0300] "POST /cormun/servlet/trsolicitudgral?3eb124c49db71281eaca0474f80aa5d6,,gx-no-cache=1521546683705 HTTP/1.1" 200 7878
186.103.159.189 - - [20/Mar/2018:08:54:10 -0300] "GET /cormun/servlet/hlogin HTTP/1.1" 200 1717
186.79.88.167 - - [20/Mar/2018:08:54:11 -0300] "GET /cormun/servlet/licenciaspermisos?INS,0,,, HTTP/1.1" 200 7767
192.168.10.50 - - [20/Mar/2018:08:54:18 -0300] "POST /cormun/servlet/trsolicitudgral?3eb124c49db71281eaca0474f80aa5d6,,gx-no-cache=1521546689017 HTTP/1.1" 200 26145
186.79.88.167 - - [20/Mar/2018:08:54:20 -0300] "GET /cormun/servlet/licenciaspermisos?0a3869c2e3baa2ec2e3faa95e7220f7591aed5b441844c707b0e5b160187d8b10ffb86eb36d746803b412288c4e2ebad,gx-no-cache=1521546818699 HTTP/1.1" 200 91
186.79.88.167 - - [20/Mar/2018:08:54:21 -0300] "POST /cormun/servlet/licenciaspermisos?9c64d32792c30be8307c99f6568cf17e,INS,0,,,,gx-no-cache=1521546818978 HTTP/1.1" 200 4873
186.67.203.186 - - [20/Mar/2018:08:54:27 -0300] "POST /cormun/servlet/trsolicitudot?407181fbc184f917f59bb912c460d149,,gx-no-cache=1521546812297 HTTP/1.1" 200 4471
186.103.159.189 - - [20/Mar/2018:08:54:32 -0300] "POST /cormun/servlet/hlogin?e142f29ca0125844f67aaca10468c436,gx-no-cache=1521546819480 HTTP/1.1" 200 90
186.103.159.189 - - [20/Mar/2018:08:54:32 -0300] "GET /cormun/servlet/hpexe_link HTTP/1.1" 200 950
186.103.159.189 - - [20/Mar/2018:08:54:33 -0300] "GET /cormun/servlet/hhome HTTP/1.1" 200 3983
186.103.159.189 - - [20/Mar/2018:08:54:34 -0300] "GET /cormun/servlet/hhome HTTP/1.1" 200 3980
200.120.230.197 - - [20/Mar/2018:08:54:41 -0300] "GET /cormun/static/menuarrow.gif HTTP/1.1" 404 1015
186.103.159.189 - - [20/Mar/2018:08:54:49 -0300] "GET /cormun/servlet/trpermisosgoce? HTTP/1.1" 200 8022
186.103.159.189 - - [20/Mar/2018:08:54:50 -0300] "GET /cormun/servlet/trpermisosgoce? HTTP/1.1" 200 8020
190.151.100.218 - - [20/Mar/2018:08:54:52 -0300] "POST /cormun/servlet/trsolicitudot?407181fbc184f917f59bb912c460d149,,gx-no-cache=1521546841178 HTTP/1.1" 200 4470
192.168.10.96 - - [20/Mar/2018:08:54:53 -0300] "POST /cormun/servlet/trsolicitudgral?1bfa0c2713b46fa3e61b6f96213394f2,,gx-no-cache=1521546726839 HTTP/1.1" 200 8603
190.151.100.218 - - [20/Mar/2018:08:54:57 -0300] "POST /cormun/servlet/trsolicitudot?407181fbc184f917f59bb912c460d149,,gx-no-cache=1521546846967 HTTP/1.1" 200 6777
200.111.191.210 - - [20/Mar/2018:08:55:03 -0300] "GET /cormun/servlet/trsolicitudot? HTTP/1.1" 200 6397
200.111.191.210 - - [20/Mar/2018:08:55:03 -0300] "GET /cormun/static/gxtimezone.js?85251 HTTP/1.1" 304 -
200.111.191.210 - - [20/Mar/2018:08:55:03 -0300] "GET /cormun/static/calendar.js?85251 HTTP/1.1" 304 -
200.111.191.210 - - [20/Mar/2018:08:55:03 -0300] "GET /cormun/static/calendar-setup.js?85251 HTTP/1.1" 304 -
200.111.191.210 - - [20/Mar/2018:08:55:03 -0300] "GET /cormun/static/calendar-es.js?85251 HTTP/1.1" 304 -
200.111.191.210 - - [20/Mar/2018:08:55:03 -0300] "GET /cormun/static/messages.spa.js?85251 HTTP/1.1" 304 -
200.111.191.210 - - [20/Mar/2018:08:55:03 -0300] "GET /cormun/static/gxdec.js?85251 HTTP/1.1" 304 -
200.111.191.210 - - [20/Mar/2018:08:55:03 -0300] "GET /cormun/servlet/hlogin HTTP/1.1" 200 1736
200.111.191.210 - - [20/Mar/2018:08:55:03 -0300] "GET /cormun/servlet/trsolicitudot? HTTP/1.1" 200 6392
186.103.159.189 - - [20/Mar/2018:08:55:11 -0300] "GET /cormun/servlet/permisogoce?INS,0,,, HTTP/1.1" 200 6824
186.103.159.189 - - [20/Mar/2018:08:55:13 -0300] "GET /cormun/servlet/permisogoce?INS,0,,, HTTP/1.1" 200 6823
200.111.191.210 - - [20/Mar/2018:08:55:13 -0300] "POST /cormun/servlet/hlogin?8e9e6e3ade06c0fd035b533cb1c0cc25,gx-no-cache=1521546863101 HTTP/1.1" 200 90
200.111.191.210 - - [20/Mar/2018:08:55:13 -0300] "GET /cormun/servlet/hpexe_link HTTP/1.1" 200 955
200.111.191.210 - - [20/Mar/2018:08:55:13 -0300] "GET /cormun/servlet/trsolicitudot HTTP/1.1" 200 6991
200.111.191.210 - - [20/Mar/2018:08:55:13 -0300] "GET /cormun/servlet/trsolicitudot HTTP/1.1" 200 6989
200.111.191.210 - - [20/Mar/2018:08:55:21 -0300] "GET /cormun/static/menuarrow.gif HTTP/1.1" 404 1015
200.111.191.210 - - [20/Mar/2018:08:55:26 -0300] "POST /cormun/servlet/trsolicitudot?8e9e6e3ade06c0fd035b533cb1c0cc25,gx-no-cache=1521546876324 HTTP/1.1" 200 5402
186.79.62.124 - - [20/Mar/2018:08:55:29 -0300] "GET /cormun/servlet/hlogin HTTP/1.1" 200 1730
186.79.62.124 - - [20/Mar/2018:08:55:29 -0300] "GET /cormun/static/gxtimezone.js?85251 HTTP/1.1" 200 5781
186.79.62.124 - - [20/Mar/2018:08:55:29 -0300] "GET /cormun/static/gxcfg.js?20175251213516 HTTP/1.1" 200 953
186.79.62.124 - - [20/Mar/2018:08:55:29 -0300] "GET /cormun/static/Resources/Spanish/PXTools.css?11423723 HTTP/1.1" 200 89042
186.79.62.124 - - [20/Mar/2018:08:55:29 -0300] "GET /cormun/static/messages.spa.js?85251 HTTP/1.1" 200 30736
186.79.62.124 - - [20/Mar/2018:08:55:30 -0300] "GET /cormun/static/hlogin.js?20175251213537 HTTP/1.1" 200 2136
186.79.62.124 - - [20/Mar/2018:08:55:30 -0300] "GET /cormun/static/Resources/ComunLogin.png HTTP/1.1" 200 17326
200.111.191.210 - - [20/Mar/2018:08:55:31 -0300] "GET /cormun/servlet/treventos?2018,10598, HTTP/1.1" 200 8160
200.111.191.210 - - [20/Mar/2018:08:55:31 -0300] "GET /cormun/static/gxcfg.js?2016101716195975 HTTP/1.1" 304 -
200.111.191.210 - - [20/Mar/2018:08:55:32 -0300] "GET /cormun/servlet/treventos?2018,10598, HTTP/1.1" 200 8166
186.103.159.189 - - [20/Mar/2018:08:55:32 -0300] "GET /cormun/servlet/permisogoce?54ccd75cbd61daf3d4945755d73c7ac8ee9c17791cf6ca9b105bdfddd2751275458e35d13774186f60ffd58e17916d38242ca5d5ccc0a58a92a3ae0de77db8d6,gx-no-cache=1521546879437 HTTP/1.1" 200 173
186.103.159.189 - - [20/Mar/2018:08:55:32 -0300] "GET /cormun/static/Shared/jqueryui/images/ui-bg_highlight-soft_100_c6c2c8_1x100.png HTTP/1.1" 404 1117
186.103.159.189 - - [20/Mar/2018:08:55:32 -0300] "GET /cormun/static/Shared/jqueryui/images/ui-icons_82798d_256x240.png HTTP/1.1" 404 1089
186.103.159.189 - - [20/Mar/2018:08:55:32 -0300] "GET /cormun/static/Shared/jqueryui/images/ui-bg_flat_55_994d53_40x100.png HTTP/1.1" 404 1097
186.103.159.189 - - [20/Mar/2018:08:55:32 -0300] "GET /cormun/static/Shared/jqueryui/images/ui-icons_ebccce_256x240.png HTTP/1.1" 404 1089
186.79.62.124 - - [20/Mar/2018:08:55:33 -0300] "GET /cormun/static/gxgral.js?85251 HTTP/1.1" 200 384558
186.79.62.124 - - [20/Mar/2018:08:55:34 -0300] "GET /cormun/static/Resources/PXToolsLoginTop.png HTTP/1.1" 200 1337
186.79.62.124 - - [20/Mar/2018:08:55:34 -0300] "GET /cormun/static/Resources/PXToolsLoginBackground.png HTTP/1.1" 200 1164
186.79.62.124 - - [20/Mar/2018:08:55:34 -0300] "GET /cormun/static/Resources/PXToolsButtonLeft21.png HTTP/1.1" 200 1287
186.79.62.124 - - [20/Mar/2018:08:55:34 -0300] "GET /cormun/static/Resources/PXToolsButtonRight21.png HTTP/1.1" 200 1283
186.79.62.124 - - [20/Mar/2018:08:55:34 -0300] "GET /cormun/servlet/hlogin HTTP/1.1" 200 1736
186.79.62.124 - - [20/Mar/2018:08:55:34 -0300] "GET /cormun/static/Resources/PXToolsButtonBackground2.png HTTP/1.1" 200 1181
186.79.62.124 - - [20/Mar/2018:08:55:34 -0300] "GET /cormun/static/Resources/PXToolsLoginBottom.png HTTP/1.1" 200 1389
186.79.62.124 - - [20/Mar/2018:08:55:34 -0300] "GET /cormun/static/Resources/indicator.gif HTTP/1.1" 200 1553
186.79.62.124 - - [20/Mar/2018:08:55:35 -0300] "GET /cormun/static/Resources/PXToolsButtonBackground2.png HTTP/1.1" 200 1181
186.79.62.124 - - [20/Mar/2018:08:55:35 -0300] "GET /cormun/static/Resources/PXToolsLoginBottom.png HTTP/1.1" 200 1389
186.79.62.124 - - [20/Mar/2018:08:55:35 -0300] "GET /cormun/static/Resources/indicator.gif HTTP/1.1" 200 1553
186.79.62.124 - - [20/Mar/2018:08:55:37 -0300] "POST /cormun/servlet/hlogin?24175362d6cf9511cabce1758cf71528,gx-no-cache=1521546886351 HTTP/1.1" 200 90
186.79.62.124 - - [20/Mar/2018:08:55:38 -0300] "GET /cormun/servlet/hpexe_link HTTP/1.1" 200 953
186.79.62.124 - - [20/Mar/2018:08:55:38 -0300] "GET /cormun/static/hpexe_link.js?20177612121795 HTTP/1.1" 200 625
186.79.62.124 - - [20/Mar/2018:08:55:38 -0300] "GET /cormun/static/gxcfg.js?20177612121792 HTTP/1.1" 200 953
186.79.62.124 - - [20/Mar/2018:08:55:38 -0300] "GET /cormun/static/Resources/Spanish/PXTools.css?1155365 HTTP/1.1" 200 89042
186.79.62.124 - - [20/Mar/2018:08:55:39 -0300] "GET /cormun/servlet/hhome HTTP/1.1" 200 4163
186.79.62.124 - - [20/Mar/2018:08:55:39 -0300] "GET /cormun/static/Shared/jqueryui/jquery-ui.min.css?1245370 HTTP/1.1" 200 30288
186.79.62.124 - - [20/Mar/2018:08:55:39 -0300] "GET /cormun/static/SmoothNavMenu/resources/ddsmoothmenu-v.css?1012540 HTTP/1.1" 200 1188
186.79.62.124 - - [20/Mar/2018:08:55:39 -0300] "GET /cormun/static/SmoothNavMenu/resources/ddsmoothmenu.css?1012540 HTTP/1.1" 200 2223
186.79.62.124 - - [20/Mar/2018:08:55:39 -0300] "GET /cormun/static/scaMessage/css/jquery.pnotify.default.css?1716380 HTTP/1.1" 200 1707
186.79.62.124 - - [20/Mar/2018:08:55:39 -0300] "GET /cormun/static/gxcfg.js?20175251212442 HTTP/1.1" 200 953
186.79.62.124 - - [20/Mar/2018:08:55:39 -0300] "GET /cormun/static/PXToolsJavascripts/pexe_autoreload.js HTTP/1.1" 200 1762
186.79.62.124 - - [20/Mar/2018:08:55:40 -0300] "GET /cormun/static/PXToolsJavascripts/pexe_cookies.js HTTP/1.1" 200 792
186.79.62.124 - - [20/Mar/2018:08:55:40 -0300] "GET /cormun/static/PXToolsJavascripts/pexe_windows.js HTTP/1.1" 200 15207
186.79.62.124 - - [20/Mar/2018:08:55:40 -0300] "GET /cormun/static/PXToolsJavascripts/pexe_griddivfix.js HTTP/1.1" 200 6644
186.79.62.124 - - [20/Mar/2018:08:55:40 -0300] "GET /cormun/static/PXToolsJavascripts/pexe_link.js HTTP/1.1" 200 5671
186.79.62.124 - - [20/Mar/2018:08:55:40 -0300] "GET /cormun/static/PXToolsJavascripts/pexe_menudivfix.js HTTP/1.1" 200 333
186.79.62.124 - - [20/Mar/2018:08:55:40 -0300] "GET /cormun/static/PXToolsJavascripts/pexe_menus.js HTTP/1.1" 200 1286
186.79.62.124 - - [20/Mar/2018:08:55:40 -0300] "GET /cormun/static/PXToolsJavascripts/pexe_grid.js HTTP/1.1" 200 7559
186.79.62.124 - - [20/Mar/2018:08:55:40 -0300] "GET /cormun/static/PXToolsJavascripts/pexe_oav.js HTTP/1.1" 200 645
186.79.62.124 - - [20/Mar/2018:08:55:40 -0300] "GET /cormun/static/PXToolsJavascripts/pexe_layers.js HTTP/1.1" 200 4114
186.79.62.124 - - [20/Mar/2018:08:55:40 -0300] "GET /cormun/static/PXToolsJavascripts/pexe_oavdivfix.js HTTP/1.1" 200 639
186.79.62.124 - - [20/Mar/2018:08:55:40 -0300] "GET /cormun/static/PXToolsJavascripts/pexe_picture.js HTTP/1.1" 200 689
186.79.62.124 - - [20/Mar/2018:08:55:40 -0300] "GET /cormun/static/PXToolsJavascripts/pexe_popup.js HTTP/1.1" 200 13458
186.79.62.124 - - [20/Mar/2018:08:55:40 -0300] "GET /cormun/static/PXToolsJavascripts/pexe_scrolldiv.js HTTP/1.1" 200 4138
186.79.62.124 - - [20/Mar/2018:08:55:40 -0300] "GET /cormun/static/PXToolsJavascripts/pexe_tabdivfix.js HTTP/1.1" 200 876
186.79.62.124 - - [20/Mar/2018:08:55:40 -0300] "GET /cormun/static/PXToolsJavascripts/pexe_tabs.js HTTP/1.1" 200 3748
186.79.62.124 - - [20/Mar/2018:08:55:40 -0300] "GET /cormun/static/PXToolsJavascripts/pexe_upload.js HTTP/1.1" 200 1423
186.79.62.124 - - [20/Mar/2018:08:55:40 -0300] "GET /cormun/static/PXToolsJavascripts/PXToolsJavascriptsRender.js HTTP/1.1" 200 367
186.79.62.124 - - [20/Mar/2018:08:55:40 -0300] "GET /cormun/static/RunJS/RunJS.js HTTP/1.1" 200 288
186.79.62.124 - - [20/Mar/2018:08:55:41 -0300] "GET /cormun/static/Shared/ext/locale/ext-lang-en.js HTTP/1.1" 200 10940
186.79.62.124 - - [20/Mar/2018:08:55:41 -0300] "GET /cormun/static/hhome.js?20175251212450 HTTP/1.1" 200 777
186.79.62.124 - - [20/Mar/2018:08:55:41 -0300] "GET /cormun/static/hwchdr01.js?201752511465785 HTTP/1.1" 200 1183
186.79.62.124 - - [20/Mar/2018:08:55:41 -0300] "GET /cormun/static/Resources/PXToolsHeaderLogin.png HTTP/1.1" 200 4279
192.168.10.56 - - [20/Mar/2018:08:55:41 -0300] "POST /cormun/servlet/trsolicitudgral?119913501ffe75b3fbc629fa97495c5b,,gx-no-cache=1521546774932 HTTP/1.1" 200 7624
186.79.62.124 - - [20/Mar/2018:08:55:41 -0300] "GET /cormun/static/Resources/PXToolsHeaderBackground2.png HTTP/1.1" 200 1174
186.79.62.124 - - [20/Mar/2018:08:55:41 -0300] "GET /cormun/static/Resources/PXToolsFooterBackground2.png HTTP/1.1" 200 1172
186.79.62.124 - - [20/Mar/2018:08:55:41 -0300] "GET /cormun/static/Resources/PXToolsDataTitle.png HTTP/1.1" 200 1173
186.79.62.124 - - [20/Mar/2018:08:55:41 -0300] "GET /cormun/static/Resources/PXToolsHeaderActionsBackground.png HTTP/1.1" 200 484
186.79.62.124 - - [20/Mar/2018:08:55:41 -0300] "GET /cormun/static/Resources/PXToolsHeaderHome.png HTTP/1.1" 200 4147
186.79.62.124 - - [20/Mar/2018:08:55:41 -0300] "GET /cormun/static/Resources/logo4.png HTTP/1.1" 200 6582
186.79.62.124 - - [20/Mar/2018:08:55:41 -0300] "GET /cormun/static/Resources/PXToolsHeaderPreferences.png HTTP/1.1" 200 4189
186.79.62.124 - - [20/Mar/2018:08:55:41 -0300] "GET /cormun/static/Resources/PXToolsHeaderActionsLeft.png HTTP/1.1" 200 1118
186.79.62.124 - - [20/Mar/2018:08:55:41 -0300] "GET /cormun/static/Resources/PXToolsHeaderSecurity.png HTTP/1.1" 200 4166
186.79.62.124 - - [20/Mar/2018:08:55:41 -0300] "GET /cormun/static/Resources/PXToolsHeaderActionsRight.png HTTP/1.1" 200 1201
186.79.62.124 - - [20/Mar/2018:08:55:41 -0300] "GET /cormun/static/hpexe_recentlink.js?20177611595044 HTTP/1.1" 200 2144
186.79.62.124 - - [20/Mar/2018:08:55:41 -0300] "GET /cormun/static/hpexe_scripts.js?201752511465715 HTTP/1.1" 200 1544
186.79.62.124 - - [20/Mar/2018:08:55:41 -0300] "GET /cormun/static/hpexe_messagecontroller.js?20177611595012 HTTP/1.1" 200 870
186.79.62.124 - - [20/Mar/2018:08:55:41 -0300] "GET /cormun/static/hpexe_messagegenexuscomponent.js?201752511465344 HTTP/1.1" 200 587
186.79.62.124 - - [20/Mar/2018:08:55:41 -0300] "GET /cormun/static/cmcontrolpreferences.js?201752511465670 HTTP/1.1" 200 1375
186.79.62.124 - - [20/Mar/2018:08:55:41 -0300] "GET /cormun/static/gxui/gxui-all.js HTTP/1.1" 200 107772
186.79.62.124 - - [20/Mar/2018:08:55:41 -0300] "GET /cormun/static/hpexe_messagepopupcomponent.js?20161017169425 HTTP/1.1" 200 605
186.79.62.124 - - [20/Mar/2018:08:55:41 -0300] "GET /cormun/static/Shared/jquery/jquery-1.4.2.min.js HTTP/1.1" 200 72174
186.79.62.124 - - [20/Mar/2018:08:55:42 -0300] "GET /cormun/static/SmoothNavMenu/resources/ddsmoothmenu.js HTTP/1.1" 200 12712
186.79.62.124 - - [20/Mar/2018:08:55:42 -0300] "GET /cormun/static/SmoothNavMenu/resources/SmoothNavMenuRender.js HTTP/1.1" 200 5951
186.79.62.124 - - [20/Mar/2018:08:55:42 -0300] "GET /cormun/static/scaMessage/js/jquery.pnotify.min.js HTTP/1.1" 200 13038
186.79.62.124 - - [20/Mar/2018:08:55:42 -0300] "GET /cormun/static/scaMessage/scaMessageRender.js HTTP/1.1" 200 11977
186.79.62.124 - - [20/Mar/2018:08:55:42 -0300] "GET /cormun/static/hmpwkw03.js?20177612122668 HTTP/1.1" 200 3965
186.103.159.189 - - [20/Mar/2018:08:55:44 -0300] "GET /cormun/static/Resources/resize.gif HTTP/1.1" 200 77
186.103.159.189 - - [20/Mar/2018:08:55:44 -0300] "GET /cormun/servlet/prfichaempleado?,MD,,gxPopupLevel%3D0%3B HTTP/1.1" 200 9337
186.103.159.189 - - [20/Mar/2018:08:55:44 -0300] "GET /cormun/static/gxcfg.js?20177612134814 HTTP/1.1" 200 953
186.103.159.189 - - [20/Mar/2018:08:55:44 -0300] "GET /cormun/static/Resources/PXToolsMenuSearch.png HTTP/1.1" 200 2914
186.103.159.189 - - [20/Mar/2018:08:55:44 -0300] "GET /cormun/static/Resources/PXToolsMenuSearchCancel.png HTTP/1.1" 200 2972
186.79.62.124 - - [20/Mar/2018:08:55:46 -0300] "GET /cormun/static/Shared/jquery/jquery-1.10.2.min.js HTTP/1.1" 200 273199
186.79.62.124 - - [20/Mar/2018:08:55:48 -0300] "GET /cormun/static/Shared/jqueryui/jquery-ui.min.js HTTP/1.1" 200 240427
186.103.159.189 - - [20/Mar/2018:08:56:00 -0300] "POST /cormun/servlet/prfichaempleado?e142f29ca0125844f67aaca10468c436,,MD,,gxPopupLevel%3D0%3B,gx-no-cache=1521546907008 HTTP/1.1" 200 3409
192.168.10.89 - - [20/Mar/2018:08:56:00 -0300] "POST /cormun/servlet/hlogin?b2e1adfc62d6cf20d93071a31b5ab532,gx-no-cache=1521546794581 HTTP/1.1" 200 90
192.168.10.89 - - [20/Mar/2018:08:56:00 -0300] "GET /cormun/servlet/hpexe_link HTTP/1.1" 200 954
192.168.10.89 - - [20/Mar/2018:08:56:00 -0300] "GET /cormun/servlet/hhome HTTP/1.1" 200 4924
192.168.10.89 - - [20/Mar/2018:08:56:04 -0300] "GET /cormun/servlet/trsolicitudgral? HTTP/1.1" 200 28315
186.103.159.189 - - [20/Mar/2018:08:56:04 -0300] "GET /cormun/servlet/permisogoce?54ccd75cbd61daf3d4945755d73c7ac8ee9c17791cf6ca9b105bdfddd2751275458e35d13774186f60ffd58e17916d38242ca5d5ccc0a58a92a3ae0de77db8d6,gx-no-cache=1521546910957 HTTP/1.1" 200 173
200.120.230.197 - - [20/Mar/2018:08:56:05 -0300] "GET /cormun/servlet/licenciaspermisos?0a3869c2e3baa2ec2e3faa95e7220f7512f848d2ea5a58e8b424660059d39fbc41392dfc9940a40eee49cb32aabc4e4d84c832f7022537068b7dcbffc760bb0ad69be437e69f101f258b40f3524d41425c90735181de2302cace06bebb318469b20da0c272939c6b7b3ced84544250ab648bbefd1c0ac14613e1574718a073d35eb0025d529ec439ff0f1dc9d7575c497b59ff0232d341af73de0789496e7e1b33d143df0ce2ac0a4ca256f7ac3fc35a,gx-no-cache=1521546924640 HTTP/1.1" 200 30
200.120.230.197 - - [20/Mar/2018:08:56:05 -0300] "GET /cormun/servlet/licenciaspermisos?0a3869c2e3baa2ec2e3faa95e7220f751bfaccb2d1dce251d21e9b89f912934f9cbfc863e23162de9a2cde3a01d79d52b13313dc59caea91d43fb9bdc8f90f48807834f45fcad4c73296173b597ec4897e630fca30ad3384ec9251c0f6be8a35c4520f7bf2cadf2c323bf4fc6a8807616b2aa921029c0124c96fa6a29c25b64f28278bd5e3cdb8d85eca50afedb49cc97a1b1beadb0d022eaa7f02e48a0a11f5664f6b0250e0ca8f2259b8e7b58ffa5a,gx-no-cache=1521546924753 HTTP/1.1" 200 29
190.100.93.40 - - [20/Mar/2018:08:56:06 -0300] "POST /cormun/servlet/hlogin?7c811bd51745e944d88094aa8d6a691d,gx-no-cache=1521546914411 HTTP/1.1" 440 972
200.120.230.197 - - [20/Mar/2018:08:56:06 -0300] "POST /cormun/servlet/licenciaspermisos?9c64d32792c30be8307c99f6568cf17e,INS,0,,,,gx-no-cache=1521546924858 HTTP/1.1" 200 93
200.120.230.197 - - [20/Mar/2018:08:56:06 -0300] "GET /cormun/servlet/hpexe_return? HTTP/1.1" 200 1029
200.120.230.197 - - [20/Mar/2018:08:56:06 -0300] "GET /cormun/servlet/trlicencias?gx-no-cache=1521546695366 HTTP/1.1" 200 12913
190.100.93.40 - - [20/Mar/2018:08:56:07 -0300] "GET /cormun/servlet/hlogin HTTP/1.1" 200 1730
186.79.62.124 - - [20/Mar/2018:08:56:07 -0300] "POST /cormun/servlet/trautorizarsolicitud?632fdd14a2f80fb5da4528b47fd5ead6,,gx-no-cache=1521546912388 HTTP/1.1" 200 6891
190.100.93.40 - - [20/Mar/2018:08:56:08 -0300] "GET /cormun/servlet/hlogin HTTP/1.1" 200 1720
200.120.230.197 - - [20/Mar/2018:08:56:08 -0300] "GET /cormun/servlet/trlicencias?gx-no-cache=1521546695366 HTTP/1.1" 200 12929
190.100.93.40 - - [20/Mar/2018:08:56:09 -0300] "POST /cormun/servlet/hlogin?a062e5513426a56c0caaef3ce74d1adb,gx-no-cache=1521546918265 HTTP/1.1" 200 90
190.100.93.40 - - [20/Mar/2018:08:56:09 -0300] "GET /cormun/servlet/hpexe_link HTTP/1.1" 200 953
190.100.93.40 - - [20/Mar/2018:08:56:09 -0300] "GET /cormun/servlet/hhome HTTP/1.1" 200 4329
190.100.93.40 - - [20/Mar/2018:08:56:10 -0300] "GET /cormun/servlet/hhome HTTP/1.1" 200 4325
186.79.62.124 - - [20/Mar/2018:08:56:14 -0300] "GET /cormun/static/Shared/ext/ext-all.js HTTP/1.1" 200 1289687
186.79.62.124 - - [20/Mar/2018:08:56:15 -0300] "GET /cormun/servlet/hhome HTTP/1.1" 200 4162
186.79.62.124 - - [20/Mar/2018:08:56:15 -0300] "GET /cormun/static/SmoothNavMenu/resources/images/down.gif HTTP/1.1" 200 854
186.79.62.124 - - [20/Mar/2018:08:56:15 -0300] "GET /cormun/static/SmoothNavMenu/resources/images/right.gif HTTP/1.1" 200 860
186.79.62.124 - - [20/Mar/2018:08:56:15 -0300] "POST /cormun/servlet/trautorizarsolicitud?632fdd14a2f80fb5da4528b47fd5ead6,,gx-no-cache=1521546922567 HTTP/1.1" 200 6562
186.79.62.124 - - [20/Mar/2018:08:56:16 -0300] "GET /cormun/static/Shared/jqueryui/images/ui-bg_highlight-soft_100_c6c2c8_1x100.png HTTP/1.1" 404 1117
