186.79.88.167 - - [20/Mar/2018:12:12:01 -0300] "GET /cormun/servlet/trsolicitudadjuntos?2018,10666, HTTP/1.1" 200 6332
186.79.88.167 - - [20/Mar/2018:12:12:04 -0300] "GET /cormun/servlet/solicitudotadjuntos?INS,2018,10666,,1, HTTP/1.1" 200 6277
200.120.230.197 - - [20/Mar/2018:12:12:04 -0300] "GET /cormun/static/gxcfg.js?2017761244068 HTTP/1.1" 304 -
186.79.88.167 - - [20/Mar/2018:12:12:05 -0300] "GET /cormun/static/about:blank HTTP/1.1" 404 1011
186.79.88.167 - - [20/Mar/2018:12:12:05 -0300] "GET /cormun/servlet/solicitudotadjuntos?INS,2018,10666,,1, HTTP/1.1" 200 6270
186.79.88.167 - - [20/Mar/2018:12:12:06 -0300] "GET /cormun/servlet/solicitudotadjuntos?b731f24238e8b79de59afbb7a24553f9d1815d1e058d4126d9730aff74c324b7b4026c22877ba34e2ea1f3a8d6c00c38,gx-no-cache=1521558684918 HTTP/1.1" 200 30
186.79.88.167 - - [20/Mar/2018:12:12:06 -0300] "POST /cormun/servlet/solicitudotadjuntos?d8c00f20219a81a979230df4cc834adf,INS,2018,10666,,1,,gx-no-cache=1521558685108 HTTP/1.1" 200 3995
186.79.88.167 - - [20/Mar/2018:12:12:09 -0300] "POST /cormun/servlet/solicitudotadjuntos?gx-no-cache=1521558687657 HTTP/1.1" 200 26
186.79.88.167 - - [20/Mar/2018:12:12:21 -0300] "GET /cormun/servlet/solicitudotadjuntos?b731f24238e8b79de59afbb7a24553f9742359e8672befa474f416a4c84b38ad,gx-no-cache=1521558700254 HTTP/1.1" 200 30
186.79.88.167 - - [20/Mar/2018:12:12:21 -0300] "GET /cormun/servlet/solicitudotadjuntos?b731f24238e8b79de59afbb7a24553f9742359e8672befa474f416a4c84b38ad,gx-no-cache=1521558700494 HTTP/1.1" 200 30
186.79.88.167 - - [20/Mar/2018:12:12:31 -0300] "POST /cormun/servlet/solicitudotadjuntos?d8c00f20219a81a979230df4cc834adf,INS,2018,10666,,1, HTTP/1.1" 200 116
186.79.88.167 - - [20/Mar/2018:12:12:31 -0300] "GET /cormun/servlet/hpexe_return? HTTP/1.1" 200 1030
186.79.88.167 - - [20/Mar/2018:12:12:32 -0300] "GET /cormun/servlet/trsolicitudadjuntos?2018,10666, HTTP/1.1" 200 8774
186.79.88.167 - - [20/Mar/2018:12:12:34 -0300] "GET /cormun/servlet/trsolicitudadjuntos?2018,10666, HTTP/1.1" 200 8773
186.79.88.167 - - [20/Mar/2018:12:12:36 -0300] "GET /cormun/servlet/solicitudotadjuntos?INS,2018,10666,,1, HTTP/1.1" 200 6277
186.79.88.167 - - [20/Mar/2018:12:12:37 -0300] "GET /cormun/static/about:blank HTTP/1.1" 404 1011
186.79.88.167 - - [20/Mar/2018:12:12:38 -0300] "GET /cormun/servlet/solicitudotadjuntos?INS,2018,10666,,1, HTTP/1.1" 200 6270
200.120.230.197 - - [20/Mar/2018:12:12:38 -0300] "GET /cormun/servlet/solicitudotadjuntos?b731f24238e8b79de59afbb7a24553f9d1815d1e058d4126d9730aff74c324b7b4026c22877ba34e2ea1f3a8d6c00c38,gx-no-cache=1521558717322 HTTP/1.1" 200 30
200.120.230.197 - - [20/Mar/2018:12:12:39 -0300] "POST /cormun/servlet/solicitudotadjuntos?d8c00f20219a81a979230df4cc834adf,INS,2018,10666,,1,,gx-no-cache=1521558717532 HTTP/1.1" 200 3995
200.120.230.197 - - [20/Mar/2018:12:12:41 -0300] "POST /cormun/servlet/solicitudotadjuntos?gx-no-cache=1521558720420 HTTP/1.1" 200 26
200.120.230.197 - - [20/Mar/2018:12:12:46 -0300] "GET /cormun/servlet/solicitudotadjuntos?b731f24238e8b79de59afbb7a24553f9742359e8672befa474f416a4c84b38ad,gx-no-cache=1521558725501 HTTP/1.1" 200 30
200.120.230.197 - - [20/Mar/2018:12:12:46 -0300] "GET /cormun/servlet/solicitudotadjuntos?b731f24238e8b79de59afbb7a24553f9742359e8672befa474f416a4c84b38ad,gx-no-cache=1521558725606 HTTP/1.1" 200 30
200.120.230.197 - - [20/Mar/2018:12:12:52 -0300] "POST /cormun/servlet/solicitudotadjuntos?d8c00f20219a81a979230df4cc834adf,INS,2018,10666,,1, HTTP/1.1" 200 116
200.120.230.197 - - [20/Mar/2018:12:12:52 -0300] "GET /cormun/servlet/hpexe_return? HTTP/1.1" 200 1030
200.120.230.197 - - [20/Mar/2018:12:12:52 -0300] "GET /cormun/servlet/trsolicitudadjuntos?2018,10666, HTTP/1.1" 200 9001
200.120.230.197 - - [20/Mar/2018:12:12:53 -0300] "GET /cormun/servlet/trsolicitudadjuntos?2018,10666, HTTP/1.1" 200 9000
200.120.230.197 - - [20/Mar/2018:12:12:55 -0300] "GET /cormun/servlet/solicitudotadjuntos?INS,2018,10666,,1, HTTP/1.1" 200 6277
200.120.230.197 - - [20/Mar/2018:12:12:55 -0300] "GET /cormun/static/about:blank HTTP/1.1" 404 1011
200.120.230.197 - - [20/Mar/2018:12:12:56 -0300] "GET /cormun/servlet/solicitudotadjuntos?INS,2018,10666,,1, HTTP/1.1" 200 6270
200.120.230.197 - - [20/Mar/2018:12:12:57 -0300] "GET /cormun/servlet/solicitudotadjuntos?b731f24238e8b79de59afbb7a24553f9d1815d1e058d4126d9730aff74c324b7b4026c22877ba34e2ea1f3a8d6c00c38,gx-no-cache=1521558735829 HTTP/1.1" 200 30
200.120.230.197 - - [20/Mar/2018:12:12:57 -0300] "POST /cormun/servlet/solicitudotadjuntos?d8c00f20219a81a979230df4cc834adf,INS,2018,10666,,1,,gx-no-cache=1521558735937 HTTP/1.1" 200 3994
186.103.157.39 - - [20/Mar/2018:12:12:57 -0300] "GET /cormun/servlet/hlogin HTTP/1.1" 200 1721
186.103.157.39 - - [20/Mar/2018:12:12:58 -0300] "GET /cormun/servlet/hlogin HTTP/1.1" 200 1719
186.103.157.39 - - [20/Mar/2018:12:12:58 -0300] "GET /cormun/static/messages.spa.js?85251 HTTP/1.1" 304 -
186.103.157.39 - - [20/Mar/2018:12:12:58 -0300] "GET /cormun/static/gxtimezone.js?85251 HTTP/1.1" 304 -
186.103.157.39 - - [20/Mar/2018:12:12:58 -0300] "GET /cormun/static/gxcfg.js?20175251213516 HTTP/1.1" 304 -
186.103.157.39 - - [20/Mar/2018:12:12:58 -0300] "GET /cormun/servlet/hlogin HTTP/1.1" 200 1729
200.120.230.197 - - [20/Mar/2018:12:13:00 -0300] "POST /cormun/servlet/solicitudotadjuntos?gx-no-cache=1521558739442 HTTP/1.1" 200 26
200.120.230.197 - - [20/Mar/2018:12:13:06 -0300] "GET /cormun/servlet/solicitudotadjuntos?b731f24238e8b79de59afbb7a24553f9742359e8672befa474f416a4c84b38ad,gx-no-cache=1521558745612 HTTP/1.1" 200 30
200.120.230.197 - - [20/Mar/2018:12:13:06 -0300] "GET /cormun/servlet/solicitudotadjuntos?b731f24238e8b79de59afbb7a24553f9742359e8672befa474f416a4c84b38ad,gx-no-cache=1521558745679 HTTP/1.1" 200 30
200.120.230.197 - - [20/Mar/2018:12:13:08 -0300] "POST /cormun/servlet/solicitudotadjuntos?d8c00f20219a81a979230df4cc834adf,INS,2018,10666,,1, HTTP/1.1" 200 116
200.120.230.197 - - [20/Mar/2018:12:13:08 -0300] "GET /cormun/servlet/hpexe_return? HTTP/1.1" 200 1030
200.120.230.197 - - [20/Mar/2018:12:13:09 -0300] "GET /cormun/servlet/trsolicitudadjuntos?2018,10666, HTTP/1.1" 200 9159
200.120.230.197 - - [20/Mar/2018:12:13:10 -0300] "GET /cormun/servlet/trsolicitudadjuntos?2018,10666, HTTP/1.1" 200 9157
186.103.157.39 - - [20/Mar/2018:12:13:10 -0300] "POST /cormun/servlet/hlogin?b19f254eeb6ea20983e832139b73285c,gx-no-cache=1521558740150 HTTP/1.1" 200 90
186.103.157.39 - - [20/Mar/2018:12:13:10 -0300] "GET /cormun/servlet/hpexe_link HTTP/1.1" 200 948
186.103.157.39 - - [20/Mar/2018:12:13:10 -0300] "GET /cormun/static/gxcfg.js?20177612121792 HTTP/1.1" 304 -
186.103.157.39 - - [20/Mar/2018:12:13:10 -0300] "GET /cormun/servlet/hhome HTTP/1.1" 200 4146
186.103.157.39 - - [20/Mar/2018:12:13:10 -0300] "GET /cormun/static/PXToolsJavascripts/pexe_autoreload.js HTTP/1.1" 200 1762
186.103.157.39 - - [20/Mar/2018:12:13:10 -0300] "GET /cormun/static/gxcfg.js?20175251212442 HTTP/1.1" 304 -
186.103.157.39 - - [20/Mar/2018:12:13:11 -0300] "GET /cormun/servlet/hhome HTTP/1.1" 200 4143
200.120.230.197 - - [20/Mar/2018:12:13:12 -0300] "GET /cormun/servlet/solicitudotadjuntos?INS,2018,10666,,1, HTTP/1.1" 200 6277
200.120.230.197 - - [20/Mar/2018:12:13:13 -0300] "GET /cormun/static/about:blank HTTP/1.1" 404 1011
200.120.230.197 - - [20/Mar/2018:12:13:13 -0300] "GET /cormun/servlet/solicitudotadjuntos?INS,2018,10666,,1, HTTP/1.1" 200 6270
200.120.230.197 - - [20/Mar/2018:12:13:13 -0300] "GET /cormun/servlet/solicitudotadjuntos?b731f24238e8b79de59afbb7a24553f9d1815d1e058d4126d9730aff74c324b7b4026c22877ba34e2ea1f3a8d6c00c38,gx-no-cache=1521558752445 HTTP/1.1" 200 30
200.120.230.197 - - [20/Mar/2018:12:13:13 -0300] "POST /cormun/servlet/solicitudotadjuntos?d8c00f20219a81a979230df4cc834adf,INS,2018,10666,,1,,gx-no-cache=1521558752526 HTTP/1.1" 200 3994
200.120.230.197 - - [20/Mar/2018:12:13:16 -0300] "POST /cormun/servlet/solicitudotadjuntos?gx-no-cache=1521558755180 HTTP/1.1" 200 26
186.103.157.39 - - [20/Mar/2018:12:13:16 -0300] "GET /cormun/servlet/trautorizarsolicitud? HTTP/1.1" 200 8610
186.103.157.39 - - [20/Mar/2018:12:13:16 -0300] "GET /cormun/static/calendar-setup.js?85251 HTTP/1.1" 304 -
186.103.157.39 - - [20/Mar/2018:12:13:16 -0300] "GET /cormun/static/gxcfg.js?2017111423403364 HTTP/1.1" 304 -
186.103.157.39 - - [20/Mar/2018:12:13:16 -0300] "GET /cormun/static/calendar.js?85251 HTTP/1.1" 304 -
186.103.157.39 - - [20/Mar/2018:12:13:16 -0300] "GET /cormun/static/calendar-es.js?85251 HTTP/1.1" 304 -
186.103.157.39 - - [20/Mar/2018:12:13:16 -0300] "GET /cormun/static/gxdec.js?85251 HTTP/1.1" 304 -
186.103.157.39 - - [20/Mar/2018:12:13:16 -0300] "GET /cormun/static/trautorizarsolicitud.js?201711142340425 HTTP/1.1" 304 -
186.103.157.39 - - [20/Mar/2018:12:13:17 -0300] "GET /cormun/servlet/trautorizarsolicitud? HTTP/1.1" 200 8609
200.120.230.197 - - [20/Mar/2018:12:13:21 -0300] "GET /cormun/servlet/solicitudotadjuntos?b731f24238e8b79de59afbb7a24553f9742359e8672befa474f416a4c84b38ad,gx-no-cache=1521558760141 HTTP/1.1" 200 30
200.120.230.197 - - [20/Mar/2018:12:13:21 -0300] "GET /cormun/servlet/solicitudotadjuntos?b731f24238e8b79de59afbb7a24553f9742359e8672befa474f416a4c84b38ad,gx-no-cache=1521558760219 HTTP/1.1" 200 30
200.120.230.197 - - [20/Mar/2018:12:13:22 -0300] "POST /cormun/servlet/solicitudotadjuntos?d8c00f20219a81a979230df4cc834adf,INS,2018,10666,,1, HTTP/1.1" 200 116
200.120.230.197 - - [20/Mar/2018:12:13:22 -0300] "GET /cormun/servlet/hpexe_return? HTTP/1.1" 200 1030
200.120.230.197 - - [20/Mar/2018:12:13:23 -0300] "GET /cormun/servlet/trsolicitudadjuntos?2018,10666, HTTP/1.1" 200 9386
186.103.157.39 - - [20/Mar/2018:12:13:23 -0300] "POST /cormun/servlet/trautorizarsolicitud?b19f254eeb6ea20983e832139b73285c,,gx-no-cache=1521558753530 HTTP/1.1" 200 4587
186.103.157.39 - - [20/Mar/2018:12:13:23 -0300] "GET /cormun/static/Shared/jqueryui/images/ui-bg_highlight-soft_100_c6c2c8_1x100.png HTTP/1.1" 404 1117
186.103.157.39 - - [20/Mar/2018:12:13:23 -0300] "GET /cormun/static/Shared/jqueryui/images/ui-icons_82798d_256x240.png HTTP/1.1" 404 1089
186.103.157.39 - - [20/Mar/2018:12:13:23 -0300] "GET /cormun/static/Shared/jqueryui/images/ui-icons_8d78a5_256x240.png HTTP/1.1" 404 1089
186.103.157.39 - - [20/Mar/2018:12:13:23 -0300] "GET /cormun/static/Shared/jqueryui/images/ui-bg_flat_55_fafafa_40x100.png HTTP/1.1" 404 1097
186.103.157.39 - - [20/Mar/2018:12:13:24 -0300] "POST /cormun/servlet/trautorizarsolicitud?b19f254eeb6ea20983e832139b73285c,,gx-no-cache=1521558753945 HTTP/1.1" 200 4372
200.120.230.197 - - [20/Mar/2018:12:13:24 -0300] "GET /cormun/servlet/trsolicitudadjuntos?2018,10666, HTTP/1.1" 200 9386
200.120.230.197 - - [20/Mar/2018:12:13:26 -0300] "GET /cormun/servlet/solicitudotadjuntos?INS,2018,10666,,1, HTTP/1.1" 200 6277
200.120.230.197 - - [20/Mar/2018:12:13:27 -0300] "GET /cormun/static/about:blank HTTP/1.1" 404 1011
200.120.230.197 - - [20/Mar/2018:12:13:27 -0300] "GET /cormun/servlet/solicitudotadjuntos?INS,2018,10666,,1, HTTP/1.1" 200 6270
200.120.230.197 - - [20/Mar/2018:12:13:28 -0300] "GET /cormun/servlet/solicitudotadjuntos?b731f24238e8b79de59afbb7a24553f9d1815d1e058d4126d9730aff74c324b7b4026c22877ba34e2ea1f3a8d6c00c38,gx-no-cache=1521558766865 HTTP/1.1" 200 30
200.120.230.197 - - [20/Mar/2018:12:13:28 -0300] "POST /cormun/servlet/solicitudotadjuntos?d8c00f20219a81a979230df4cc834adf,INS,2018,10666,,1,,gx-no-cache=1521558766940 HTTP/1.1" 200 3994
200.120.230.197 - - [20/Mar/2018:12:13:30 -0300] "POST /cormun/servlet/solicitudotadjuntos?gx-no-cache=1521558769419 HTTP/1.1" 200 26
186.103.157.39 - - [20/Mar/2018:12:13:41 -0300] "GET /cormun/servlet/hlogin HTTP/1.1" 200 1739
200.120.230.197 - - [20/Mar/2018:12:13:54 -0300] "GET /cormun/servlet/solicitudotadjuntos?b731f24238e8b79de59afbb7a24553f9742359e8672befa474f416a4c84b38ad,gx-no-cache=1521558793225 HTTP/1.1" 200 30
200.120.230.197 - - [20/Mar/2018:12:13:54 -0300] "GET /cormun/servlet/solicitudotadjuntos?b731f24238e8b79de59afbb7a24553f9742359e8672befa474f416a4c84b38ad,gx-no-cache=1521558793333 HTTP/1.1" 200 30
200.120.230.197 - - [20/Mar/2018:12:13:55 -0300] "POST /cormun/servlet/solicitudotadjuntos?d8c00f20219a81a979230df4cc834adf,INS,2018,10666,,1, HTTP/1.1" 200 116
200.120.230.197 - - [20/Mar/2018:12:13:56 -0300] "GET /cormun/servlet/hpexe_return? HTTP/1.1" 200 1030
200.120.230.197 - - [20/Mar/2018:12:13:56 -0300] "GET /cormun/servlet/trsolicitudadjuntos?2018,10666, HTTP/1.1" 200 9598
200.120.230.197 - - [20/Mar/2018:12:13:58 -0300] "GET /cormun/servlet/trsolicitudadjuntos?2018,10666, HTTP/1.1" 200 9596
200.120.230.197 - - [20/Mar/2018:12:14:02 -0300] "GET /cormun/servlet/solicitudotadjuntos?INS,2018,10666,,1, HTTP/1.1" 200 6277
186.103.157.39 - - [20/Mar/2018:12:14:02 -0300] "POST /cormun/servlet/hlogin?b19f254eeb6ea20983e832139b73285c,gx-no-cache=1521558792550 HTTP/1.1" 200 454
200.120.230.197 - - [20/Mar/2018:12:14:03 -0300] "GET /cormun/static/about:blank HTTP/1.1" 404 1011
200.120.230.197 - - [20/Mar/2018:12:14:03 -0300] "GET /cormun/servlet/solicitudotadjuntos?INS,2018,10666,,1, HTTP/1.1" 200 6270
200.120.230.197 - - [20/Mar/2018:12:14:03 -0300] "GET /cormun/servlet/solicitudotadjuntos?b731f24238e8b79de59afbb7a24553f9d1815d1e058d4126d9730aff74c324b7b4026c22877ba34e2ea1f3a8d6c00c38,gx-no-cache=1521558802619 HTTP/1.1" 200 30
200.120.230.197 - - [20/Mar/2018:12:14:04 -0300] "POST /cormun/servlet/solicitudotadjuntos?d8c00f20219a81a979230df4cc834adf,INS,2018,10666,,1,,gx-no-cache=1521558802722 HTTP/1.1" 200 3994
200.120.230.197 - - [20/Mar/2018:12:14:06 -0300] "POST /cormun/servlet/solicitudotadjuntos?gx-no-cache=1521558805294 HTTP/1.1" 200 26
186.103.157.39 - - [20/Mar/2018:12:14:09 -0300] "POST /cormun/servlet/hlogin?b19f254eeb6ea20983e832139b73285c,gx-no-cache=1521558798906 HTTP/1.1" 200 90
186.103.157.39 - - [20/Mar/2018:12:14:09 -0300] "GET /cormun/servlet/hpexe_link HTTP/1.1" 200 948
186.103.157.39 - - [20/Mar/2018:12:14:09 -0300] "GET /cormun/servlet/hhome HTTP/1.1" 200 3939
186.103.157.39 - - [20/Mar/2018:12:14:10 -0300] "GET /cormun/servlet/hhome HTTP/1.1" 200 3936
200.120.230.197 - - [20/Mar/2018:12:14:14 -0300] "GET /cormun/servlet/solicitudotadjuntos?b731f24238e8b79de59afbb7a24553f9742359e8672befa474f416a4c84b38ad,gx-no-cache=1521558813510 HTTP/1.1" 200 30
200.120.230.197 - - [20/Mar/2018:12:14:14 -0300] "GET /cormun/servlet/solicitudotadjuntos?b731f24238e8b79de59afbb7a24553f9742359e8672befa474f416a4c84b38ad,gx-no-cache=1521558813550 HTTP/1.1" 200 30
200.120.230.197 - - [20/Mar/2018:12:14:15 -0300] "POST /cormun/servlet/solicitudotadjuntos?d8c00f20219a81a979230df4cc834adf,INS,2018,10666,,1, HTTP/1.1" 200 116
200.120.230.197 - - [20/Mar/2018:12:14:15 -0300] "GET /cormun/servlet/hpexe_return? HTTP/1.1" 200 1030
200.120.230.197 - - [20/Mar/2018:12:14:16 -0300] "GET /cormun/servlet/trsolicitudadjuntos?2018,10666, HTTP/1.1" 200 9858
200.120.230.197 - - [20/Mar/2018:12:14:17 -0300] "GET /cormun/servlet/trsolicitudadjuntos?2018,10666, HTTP/1.1" 200 9855
200.120.230.197 - - [20/Mar/2018:12:14:20 -0300] "POST /cormun/servlet/trsolicitudadjuntos?d8c00f20219a81a979230df4cc834adf,2018,10666,,gx-no-cache=1521558819750 HTTP/1.1" 200 90
200.120.230.197 - - [20/Mar/2018:12:14:21 -0300] "GET /cormun/servlet/hpexe_link HTTP/1.1" 200 993
200.120.230.197 - - [20/Mar/2018:12:14:21 -0300] "GET /cormun/servlet/trsolicitudot?gx-no-cache=1521558665625 HTTP/1.1" 200 9678
200.120.230.197 - - [20/Mar/2018:12:14:22 -0300] "GET /cormun/servlet/trsolicitudot?gx-no-cache=1521558665625 HTTP/1.1" 200 9700
200.120.230.197 - - [20/Mar/2018:12:14:32 -0300] "POST /cormun/servlet/trsolicitudot?d8c00f20219a81a979230df4cc834adf,gx-no-cache=1521558665625,gx-no-cache=1521558831313 HTTP/1.1" 200 6743
192.168.10.96 - - [20/Mar/2018:12:14:37 -0300] "GET /cormun/servlet/trsolicitudot? HTTP/1.1" 200 9281
192.168.10.96 - - [20/Mar/2018:12:14:37 -0300] "GET /cormun/servlet/trsolicitudot? HTTP/1.1" 200 9266
200.120.230.197 - - [20/Mar/2018:12:14:39 -0300] "POST /cormun/servlet/trsolicitudot?d8c00f20219a81a979230df4cc834adf,gx-no-cache=1521558665625,gx-no-cache=1521558838197 HTTP/1.1" 200 6459
200.120.230.197 - - [20/Mar/2018:12:14:39 -0300] "POST /cormun/servlet/trsolicitudot?d8c00f20219a81a979230df4cc834adf,gx-no-cache=1521558665625,gx-no-cache=1521558838677 HTTP/1.1" 200 6400
186.103.157.39 - - [20/Mar/2018:12:14:40 -0300] "GET /cormun/servlet/trsolicitudot? HTTP/1.1" 200 8573
186.103.157.39 - - [20/Mar/2018:12:14:40 -0300] "GET /cormun/static/gxcfg.js?2017111422585916 HTTP/1.1" 304 -
186.103.157.39 - - [20/Mar/2018:12:14:40 -0300] "GET /cormun/static/trsolicitudot.js?201711142259839 HTTP/1.1" 304 -
186.103.157.39 - - [20/Mar/2018:12:14:41 -0300] "GET /cormun/servlet/trsolicitudot? HTTP/1.1" 200 8572
186.103.157.39 - - [20/Mar/2018:12:14:44 -0300] "POST /cormun/servlet/trsolicitudot?b19f254eeb6ea20983e832139b73285c,,gx-no-cache=1521558834325 HTTP/1.1" 200 5933
186.103.157.39 - - [20/Mar/2018:12:14:44 -0300] "GET /cormun/static/Shared/jqueryui/images/ui-bg_highlight-soft_100_c6c2c8_1x100.png HTTP/1.1" 404 1117
186.103.157.39 - - [20/Mar/2018:12:14:44 -0300] "GET /cormun/static/Shared/jqueryui/images/ui-icons_82798d_256x240.png HTTP/1.1" 404 1089
186.103.157.39 - - [20/Mar/2018:12:14:44 -0300] "GET /cormun/static/Shared/jqueryui/images/ui-bg_flat_55_fafafa_40x100.png HTTP/1.1" 404 1097
186.103.157.39 - - [20/Mar/2018:12:14:44 -0300] "GET /cormun/static/Shared/jqueryui/images/ui-icons_8d78a5_256x240.png HTTP/1.1" 404 1089
192.168.10.96 - - [20/Mar/2018:12:14:49 -0300] "POST /cormun/servlet/trsolicitudot?0bd1f58c8c574a58fd5736df136f78f4,,gx-no-cache=1521558723489 HTTP/1.1" 200 4935
192.168.10.96 - - [20/Mar/2018:12:14:50 -0300] "POST /cormun/servlet/trsolicitudot?0bd1f58c8c574a58fd5736df136f78f4,,gx-no-cache=1521558724150 HTTP/1.1" 200 4934
192.168.10.96 - - [20/Mar/2018:12:14:50 -0300] "POST /cormun/servlet/trsolicitudot?0bd1f58c8c574a58fd5736df136f78f4,,gx-no-cache=1521558724360 HTTP/1.1" 200 4934
192.168.10.96 - - [20/Mar/2018:12:14:54 -0300] "GET /cormun/servlet/trsolicitudgral? HTTP/1.1" 200 13812
192.168.10.96 - - [20/Mar/2018:12:14:54 -0300] "GET /cormun/servlet/trsolicitudgral? HTTP/1.1" 200 13811
186.103.157.39 - - [20/Mar/2018:12:14:59 -0300] "POST /cormun/servlet/trsolicitudot?b19f254eeb6ea20983e832139b73285c,,gx-no-cache=1521558849629 HTTP/1.1" 200 107
186.103.157.39 - - [20/Mar/2018:12:14:59 -0300] "GET /cormun/servlet/trsolicitudadjuntos?2018,10557, HTTP/1.1" 200 6039
186.103.157.39 - - [20/Mar/2018:12:14:59 -0300] "GET /cormun/static/gxcfg.js?20177612135366 HTTP/1.1" 304 -
200.120.230.197 - - [20/Mar/2018:12:15:00 -0300] "POST /cormun/servlet/trsolicitudot?d8c00f20219a81a979230df4cc834adf,gx-no-cache=1521558665625,gx-no-cache=1521558859252 HTTP/1.1" 200 6443
186.103.157.39 - - [20/Mar/2018:12:15:00 -0300] "GET /cormun/servlet/trsolicitudadjuntos?2018,10557, HTTP/1.1" 200 6040
192.168.10.96 - - [20/Mar/2018:12:15:02 -0300] "POST /cormun/servlet/trsolicitudgral?0bd1f58c8c574a58fd5736df136f78f4,,gx-no-cache=1521558736415 HTTP/1.1" 200 5936
200.120.230.197 - - [20/Mar/2018:12:15:04 -0300] "POST /cormun/servlet/trsolicitudot?d8c00f20219a81a979230df4cc834adf,gx-no-cache=1521558665625,gx-no-cache=1521558863485 HTTP/1.1" 200 5882
200.120.230.197 - - [20/Mar/2018:12:15:05 -0300] "POST /cormun/servlet/trsolicitudot?d8c00f20219a81a979230df4cc834adf,gx-no-cache=1521558665625,gx-no-cache=1521558863872 HTTP/1.1" 200 5824
186.103.157.39 - - [20/Mar/2018:12:15:06 -0300] "GET /cormun/servlet/solicitudotadjuntos?INS,2018,10557,,1, HTTP/1.1" 200 5982
186.103.157.39 - - [20/Mar/2018:12:15:06 -0300] "GET /cormun/static/gxcfg.js?2017761244068 HTTP/1.1" 304 -
192.168.10.96 - - [20/Mar/2018:12:15:06 -0300] "POST /cormun/servlet/trsolicitudgral?0bd1f58c8c574a58fd5736df136f78f4,,gx-no-cache=1521558740159 HTTP/1.1" 200 9157
186.103.157.39 - - [20/Mar/2018:12:15:06 -0300] "GET /cormun/static/about:blank HTTP/1.1" 404 1011
186.103.157.39 - - [20/Mar/2018:12:15:07 -0300] "GET /cormun/servlet/solicitudotadjuntos?INS,2018,10557,,1, HTTP/1.1" 200 5975
186.103.157.39 - - [20/Mar/2018:12:15:07 -0300] "GET /cormun/servlet/solicitudotadjuntos?fb6e655ce07d55f928e817bb64b079e40008119154ecd8c1e30381644d2f6aa416c4311f7d7a5e87132aebb60a03871a,gx-no-cache=1521558857453 HTTP/1.1" 200 30
186.103.157.39 - - [20/Mar/2018:12:15:07 -0300] "POST /cormun/servlet/solicitudotadjuntos?b19f254eeb6ea20983e832139b73285c,INS,2018,10557,,1,,gx-no-cache=1521558857518 HTTP/1.1" 200 3814
186.103.157.39 - - [20/Mar/2018:12:15:12 -0300] "POST /cormun/servlet/solicitudotadjuntos?gx-no-cache=1521558861989 HTTP/1.1" 200 26
200.120.230.197 - - [20/Mar/2018:12:15:13 -0300] "POST /cormun/servlet/trsolicitudot?d8c00f20219a81a979230df4cc834adf,gx-no-cache=1521558665625,gx-no-cache=1521558872721 HTTP/1.1" 200 4640
200.120.230.197 - - [20/Mar/2018:12:15:14 -0300] "POST /cormun/servlet/trsolicitudot?d8c00f20219a81a979230df4cc834adf,gx-no-cache=1521558665625,gx-no-cache=1521558873035 HTTP/1.1" 200 4457
186.103.157.39 - - [20/Mar/2018:12:15:33 -0300] "GET /cormun/servlet/solicitudotadjuntos?fb6e655ce07d55f928e817bb64b079e47e14833394811606e253d61920644669,gx-no-cache=1521558883480 HTTP/1.1" 200 30
186.103.157.39 - - [20/Mar/2018:12:15:33 -0300] "GET /cormun/servlet/solicitudotadjuntos?fb6e655ce07d55f928e817bb64b079e47e14833394811606e253d61920644669,gx-no-cache=1521558883545 HTTP/1.1" 200 30
186.103.157.39 - - [20/Mar/2018:12:15:34 -0300] "POST /cormun/servlet/solicitudotadjuntos?b19f254eeb6ea20983e832139b73285c,INS,2018,10557,,1, HTTP/1.1" 200 116
186.103.157.39 - - [20/Mar/2018:12:15:34 -0300] "GET /cormun/servlet/hpexe_return? HTTP/1.1" 200 1024
186.103.157.39 - - [20/Mar/2018:12:15:35 -0300] "GET /cormun/static/gxcfg.js?2016101716175148 HTTP/1.1" 304 -
186.103.157.39 - - [20/Mar/2018:12:15:35 -0300] "GET /cormun/servlet/trsolicitudadjuntos?2018,10557, HTTP/1.1" 200 8459
186.103.157.39 - - [20/Mar/2018:12:15:36 -0300] "GET /cormun/servlet/trsolicitudadjuntos?2018,10557, HTTP/1.1" 200 8455
186.103.157.39 - - [20/Mar/2018:12:15:40 -0300] "GET /cormun/servlet/solicitudotadjuntos?INS,2018,10557,,1, HTTP/1.1" 200 5982
186.103.157.39 - - [20/Mar/2018:12:15:40 -0300] "GET /cormun/static/about:blank HTTP/1.1" 404 1011
186.103.157.39 - - [20/Mar/2018:12:15:41 -0300] "GET /cormun/servlet/solicitudotadjuntos?INS,2018,10557,,1, HTTP/1.1" 200 5975
186.103.157.39 - - [20/Mar/2018:12:15:41 -0300] "GET /cormun/servlet/solicitudotadjuntos?fb6e655ce07d55f928e817bb64b079e40008119154ecd8c1e30381644d2f6aa416c4311f7d7a5e87132aebb60a03871a,gx-no-cache=1521558891734 HTTP/1.1" 200 30
186.103.157.39 - - [20/Mar/2018:12:15:42 -0300] "POST /cormun/servlet/solicitudotadjuntos?b19f254eeb6ea20983e832139b73285c,INS,2018,10557,,1,,gx-no-cache=1521558891819 HTTP/1.1" 200 3814
186.103.157.39 - - [20/Mar/2018:12:15:45 -0300] "POST /cormun/servlet/solicitudotadjuntos?gx-no-cache=1521558895725 HTTP/1.1" 200 26
186.103.157.39 - - [20/Mar/2018:12:15:52 -0300] "GET /cormun/servlet/solicitudotadjuntos?fb6e655ce07d55f928e817bb64b079e47e14833394811606e253d61920644669,gx-no-cache=1521558902583 HTTP/1.1" 200 30
186.103.157.39 - - [20/Mar/2018:12:15:52 -0300] "GET /cormun/servlet/solicitudotadjuntos?fb6e655ce07d55f928e817bb64b079e47e14833394811606e253d61920644669,gx-no-cache=1521558902613 HTTP/1.1" 200 30
186.103.157.39 - - [20/Mar/2018:12:15:53 -0300] "POST /cormun/servlet/solicitudotadjuntos?b19f254eeb6ea20983e832139b73285c,INS,2018,10557,,1, HTTP/1.1" 200 116
186.103.157.39 - - [20/Mar/2018:12:15:53 -0300] "GET /cormun/servlet/hpexe_return? HTTP/1.1" 200 1024
186.103.157.39 - - [20/Mar/2018:12:15:53 -0300] "GET /cormun/servlet/trsolicitudadjuntos?2018,10557, HTTP/1.1" 200 8686
186.103.157.39 - - [20/Mar/2018:12:15:54 -0300] "GET /cormun/servlet/trsolicitudadjuntos?2018,10557, HTTP/1.1" 200 8686
186.103.157.39 - - [20/Mar/2018:12:15:56 -0300] "GET /cormun/servlet/solicitudotadjuntos?INS,2018,10557,,1, HTTP/1.1" 200 5982
186.103.157.39 - - [20/Mar/2018:12:15:57 -0300] "GET /cormun/static/about:blank HTTP/1.1" 404 1011
186.103.157.39 - - [20/Mar/2018:12:15:57 -0300] "GET /cormun/servlet/solicitudotadjuntos?INS,2018,10557,,1, HTTP/1.1" 200 5975
192.168.10.96 - - [20/Mar/2018:12:15:57 -0300] "POST /cormun/servlet/trsolicitudgral?0bd1f58c8c574a58fd5736df136f78f4,,gx-no-cache=1521558791567 HTTP/1.1" 200 8108
186.103.157.39 - - [20/Mar/2018:12:15:58 -0300] "GET /cormun/servlet/solicitudotadjuntos?fb6e655ce07d55f928e817bb64b079e40008119154ecd8c1e30381644d2f6aa416c4311f7d7a5e87132aebb60a03871a,gx-no-cache=1521558908130 HTTP/1.1" 200 30
186.103.157.39 - - [20/Mar/2018:12:15:58 -0300] "POST /cormun/servlet/solicitudotadjuntos?b19f254eeb6ea20983e832139b73285c,INS,2018,10557,,1,,gx-no-cache=1521558908223 HTTP/1.1" 200 3815
186.103.157.39 - - [20/Mar/2018:12:16:03 -0300] "POST /cormun/servlet/solicitudotadjuntos?gx-no-cache=1521558913784 HTTP/1.1" 200 26
186.103.157.39 - - [20/Mar/2018:12:16:09 -0300] "GET /cormun/servlet/solicitudotadjuntos?fb6e655ce07d55f928e817bb64b079e47e14833394811606e253d61920644669,gx-no-cache=1521558919299 HTTP/1.1" 200 30
186.103.157.39 - - [20/Mar/2018:12:16:09 -0300] "GET /cormun/servlet/solicitudotadjuntos?fb6e655ce07d55f928e817bb64b079e47e14833394811606e253d61920644669,gx-no-cache=1521558919325 HTTP/1.1" 200 30
186.103.157.39 - - [20/Mar/2018:12:16:10 -0300] "POST /cormun/servlet/solicitudotadjuntos?b19f254eeb6ea20983e832139b73285c,INS,2018,10557,,1, HTTP/1.1" 200 116
186.103.157.39 - - [20/Mar/2018:12:16:10 -0300] "GET /cormun/servlet/hpexe_return? HTTP/1.1" 200 1024
186.103.157.39 - - [20/Mar/2018:12:16:11 -0300] "GET /cormun/servlet/trsolicitudadjuntos?2018,10557, HTTP/1.1" 200 8869
186.103.157.39 - - [20/Mar/2018:12:16:12 -0300] "GET /cormun/servlet/trsolicitudadjuntos?2018,10557, HTTP/1.1" 200 8868
186.103.157.39 - - [20/Mar/2018:12:16:14 -0300] "GET /cormun/servlet/solicitudotadjuntos?INS,2018,10557,,1, HTTP/1.1" 200 5982
186.103.157.39 - - [20/Mar/2018:12:16:14 -0300] "GET /cormun/static/about:blank HTTP/1.1" 404 1011
186.103.157.39 - - [20/Mar/2018:12:16:15 -0300] "GET /cormun/servlet/solicitudotadjuntos?INS,2018,10557,,1, HTTP/1.1" 200 5975
186.103.157.39 - - [20/Mar/2018:12:16:15 -0300] "GET /cormun/servlet/solicitudotadjuntos?fb6e655ce07d55f928e817bb64b079e40008119154ecd8c1e30381644d2f6aa416c4311f7d7a5e87132aebb60a03871a,gx-no-cache=1521558925469 HTTP/1.1" 200 30
186.103.157.39 - - [20/Mar/2018:12:16:15 -0300] "POST /cormun/servlet/solicitudotadjuntos?b19f254eeb6ea20983e832139b73285c,INS,2018,10557,,1,,gx-no-cache=1521558925556 HTTP/1.1" 200 3815
192.168.10.96 - - [20/Mar/2018:12:16:16 -0300] "POST /cormun/servlet/trsolicitudgral?0bd1f58c8c574a58fd5736df136f78f4,,gx-no-cache=1521558809535 HTTP/1.1" 200 26129
186.103.157.39 - - [20/Mar/2018:12:16:19 -0300] "POST /cormun/servlet/solicitudotadjuntos?gx-no-cache=1521558929128 HTTP/1.1" 200 26
186.103.157.39 - - [20/Mar/2018:12:16:24 -0300] "GET /cormun/servlet/solicitudotadjuntos?fb6e655ce07d55f928e817bb64b079e47e14833394811606e253d61920644669,gx-no-cache=1521558934723 HTTP/1.1" 200 30
186.103.157.39 - - [20/Mar/2018:12:16:24 -0300] "GET /cormun/servlet/solicitudotadjuntos?fb6e655ce07d55f928e817bb64b079e47e14833394811606e253d61920644669,gx-no-cache=1521558934747 HTTP/1.1" 200 30
186.103.157.39 - - [20/Mar/2018:12:16:25 -0300] "POST /cormun/servlet/solicitudotadjuntos?b19f254eeb6ea20983e832139b73285c,INS,2018,10557,,1, HTTP/1.1" 200 116
186.103.157.39 - - [20/Mar/2018:12:16:26 -0300] "GET /cormun/servlet/hpexe_return? HTTP/1.1" 200 1024
192.168.10.96 - - [20/Mar/2018:12:16:26 -0300] "POST /cormun/servlet/trsolicitudgral?0bd1f58c8c574a58fd5736df136f78f4,,gx-no-cache=1521558819778 HTTP/1.1" 200 5923
186.103.157.39 - - [20/Mar/2018:12:16:26 -0300] "GET /cormun/servlet/trsolicitudadjuntos?2018,10557, HTTP/1.1" 200 9063
192.168.10.96 - - [20/Mar/2018:12:16:27 -0300] "POST /cormun/servlet/trsolicitudgral?0bd1f58c8c574a58fd5736df136f78f4,,gx-no-cache=1521558820756 HTTP/1.1" 200 5923
192.168.10.96 - - [20/Mar/2018:12:16:27 -0300] "POST /cormun/servlet/trsolicitudgral?0bd1f58c8c574a58fd5736df136f78f4,,gx-no-cache=1521558820932 HTTP/1.1" 200 5923
192.168.10.96 - - [20/Mar/2018:12:16:27 -0300] "POST /cormun/servlet/trsolicitudgral?0bd1f58c8c574a58fd5736df136f78f4,,gx-no-cache=1521558821100 HTTP/1.1" 200 5922
186.103.157.39 - - [20/Mar/2018:12:16:27 -0300] "GET /cormun/servlet/trsolicitudadjuntos?2018,10557, HTTP/1.1" 200 9061
186.103.157.39 - - [20/Mar/2018:12:16:30 -0300] "GET /cormun/servlet/solicitudotadjuntos?INS,2018,10557,,1, HTTP/1.1" 200 5982
186.103.157.39 - - [20/Mar/2018:12:16:31 -0300] "GET /cormun/static/about:blank HTTP/1.1" 404 1011
186.103.157.39 - - [20/Mar/2018:12:16:31 -0300] "GET /cormun/servlet/solicitudotadjuntos?INS,2018,10557,,1, HTTP/1.1" 200 5975
186.103.157.39 - - [20/Mar/2018:12:16:32 -0300] "GET /cormun/servlet/solicitudotadjuntos?fb6e655ce07d55f928e817bb64b079e40008119154ecd8c1e30381644d2f6aa416c4311f7d7a5e87132aebb60a03871a,gx-no-cache=1521558942175 HTTP/1.1" 200 30
186.103.157.39 - - [20/Mar/2018:12:16:32 -0300] "POST /cormun/servlet/solicitudotadjuntos?b19f254eeb6ea20983e832139b73285c,INS,2018,10557,,1,,gx-no-cache=1521558942248 HTTP/1.1" 200 3815
186.103.157.39 - - [20/Mar/2018:12:16:37 -0300] "POST /cormun/servlet/solicitudotadjuntos?gx-no-cache=1521558947321 HTTP/1.1" 200 26
192.168.10.96 - - [20/Mar/2018:12:16:38 -0300] "POST /cormun/servlet/trsolicitudgral?0bd1f58c8c574a58fd5736df136f78f4,,gx-no-cache=1521558832060 HTTP/1.1" 200 5923
192.168.10.96 - - [20/Mar/2018:12:16:38 -0300] "POST /cormun/servlet/trsolicitudgral?0bd1f58c8c574a58fd5736df136f78f4,,gx-no-cache=1521558832277 HTTP/1.1" 200 5923
192.168.10.96 - - [20/Mar/2018:12:16:45 -0300] "POST /cormun/servlet/trsolicitudgral?0bd1f58c8c574a58fd5736df136f78f4,,gx-no-cache=1521558838837 HTTP/1.1" 200 5918
192.168.10.96 - - [20/Mar/2018:12:16:45 -0300] "POST /cormun/servlet/trsolicitudgral?0bd1f58c8c574a58fd5736df136f78f4,,gx-no-cache=1521558839478 HTTP/1.1" 200 5921
186.103.157.39 - - [20/Mar/2018:12:16:46 -0300] "GET /cormun/servlet/solicitudotadjuntos?fb6e655ce07d55f928e817bb64b079e47e14833394811606e253d61920644669,gx-no-cache=1521558956555 HTTP/1.1" 200 30
186.103.157.39 - - [20/Mar/2018:12:16:46 -0300] "GET /cormun/servlet/solicitudotadjuntos?fb6e655ce07d55f928e817bb64b079e47e14833394811606e253d61920644669,gx-no-cache=1521558956578 HTTP/1.1" 200 30
186.103.157.39 - - [20/Mar/2018:12:16:49 -0300] "POST /cormun/servlet/solicitudotadjuntos?b19f254eeb6ea20983e832139b73285c,INS,2018,10557,,1, HTTP/1.1" 200 116
186.103.157.39 - - [20/Mar/2018:12:16:49 -0300] "GET /cormun/servlet/hpexe_return? HTTP/1.1" 200 1024
186.103.157.39 - - [20/Mar/2018:12:16:49 -0300] "GET /cormun/servlet/trsolicitudadjuntos?2018,10557, HTTP/1.1" 200 9320
186.103.157.39 - - [20/Mar/2018:12:16:50 -0300] "GET /cormun/servlet/trsolicitudadjuntos?2018,10557, HTTP/1.1" 200 9317
192.168.10.96 - - [20/Mar/2018:12:16:51 -0300] "POST /cormun/servlet/trsolicitudgral?0bd1f58c8c574a58fd5736df136f78f4,,gx-no-cache=1521558844992 HTTP/1.1" 200 8952
186.103.157.39 - - [20/Mar/2018:12:16:53 -0300] "GET /cormun/servlet/solicitudotadjuntos?INS,2018,10557,,1, HTTP/1.1" 200 5981
186.103.157.39 - - [20/Mar/2018:12:16:53 -0300] "GET /cormun/static/about:blank HTTP/1.1" 404 1011
186.103.157.39 - - [20/Mar/2018:12:16:53 -0300] "GET /cormun/servlet/solicitudotadjuntos?INS,2018,10557,,1, HTTP/1.1" 200 5974
186.103.157.39 - - [20/Mar/2018:12:16:54 -0300] "GET /cormun/servlet/solicitudotadjuntos?fb6e655ce07d55f928e817bb64b079e40008119154ecd8c1e30381644d2f6aa416c4311f7d7a5e87132aebb60a03871a,gx-no-cache=1521558964335 HTTP/1.1" 200 30
186.103.157.39 - - [20/Mar/2018:12:16:54 -0300] "POST /cormun/servlet/solicitudotadjuntos?b19f254eeb6ea20983e832139b73285c,INS,2018,10557,,1,,gx-no-cache=1521558964415 HTTP/1.1" 200 3815
186.103.157.39 - - [20/Mar/2018:12:16:57 -0300] "POST /cormun/servlet/solicitudotadjuntos?gx-no-cache=1521558967665 HTTP/1.1" 200 26
186.103.157.39 - - [20/Mar/2018:12:17:06 -0300] "GET /cormun/servlet/solicitudotadjuntos?fb6e655ce07d55f928e817bb64b079e47e14833394811606e253d61920644669,gx-no-cache=1521558976693 HTTP/1.1" 200 30
186.103.157.39 - - [20/Mar/2018:12:17:06 -0300] "GET /cormun/servlet/solicitudotadjuntos?fb6e655ce07d55f928e817bb64b079e47e14833394811606e253d61920644669,gx-no-cache=1521558976735 HTTP/1.1" 200 30
186.103.157.39 - - [20/Mar/2018:12:17:09 -0300] "POST /cormun/servlet/solicitudotadjuntos?b19f254eeb6ea20983e832139b73285c,INS,2018,10557,,1, HTTP/1.1" 200 116
186.103.157.39 - - [20/Mar/2018:12:17:09 -0300] "GET /cormun/servlet/hpexe_return? HTTP/1.1" 200 1024
186.103.157.39 - - [20/Mar/2018:12:17:09 -0300] "GET /cormun/servlet/trsolicitudadjuntos?2018,10557, HTTP/1.1" 200 9582
186.103.157.39 - - [20/Mar/2018:12:17:11 -0300] "GET /cormun/servlet/trsolicitudadjuntos?2018,10557, HTTP/1.1" 200 9578
190.151.100.218 - - [20/Mar/2018:12:17:21 -0300] "GET /cormun/servlet/trsolicitudot? HTTP/1.1" 200 6387
186.103.157.39 - - [20/Mar/2018:12:17:21 -0300] "GET /cormun/servlet/trsolicitudot? HTTP/1.1" 200 8578
200.72.197.82 - - [20/Mar/2018:12:17:22 -0300] "GET /cormun/servlet/hlogin HTTP/1.1" 200 1730
190.151.100.218 - - [20/Mar/2018:12:17:22 -0300] "GET /cormun/servlet/trsolicitudot? HTTP/1.1" 200 6387
186.103.157.39 - - [20/Mar/2018:12:17:22 -0300] "GET /cormun/servlet/trsolicitudot? HTTP/1.1" 200 8572
186.103.157.39 - - [20/Mar/2018:12:17:26 -0300] "POST /cormun/servlet/trsolicitudot?b19f254eeb6ea20983e832139b73285c,,gx-no-cache=1521558996178 HTTP/1.1" 200 4501
186.103.157.39 - - [20/Mar/2018:12:17:26 -0300] "GET /cormun/static/Shared/jqueryui/images/ui-bg_highlight-soft_100_c6c2c8_1x100.png HTTP/1.1" 404 1117
186.103.157.39 - - [20/Mar/2018:12:17:26 -0300] "GET /cormun/static/Shared/jqueryui/images/ui-icons_8d78a5_256x240.png HTTP/1.1" 404 1089
186.103.157.39 - - [20/Mar/2018:12:17:26 -0300] "GET /cormun/static/Shared/jqueryui/images/ui-icons_82798d_256x240.png HTTP/1.1" 404 1089
186.103.157.39 - - [20/Mar/2018:12:17:26 -0300] "GET /cormun/static/Shared/jqueryui/images/ui-bg_flat_55_fafafa_40x100.png HTTP/1.1" 404 1097
186.103.157.39 - - [20/Mar/2018:12:17:26 -0300] "POST /cormun/servlet/trsolicitudot?b19f254eeb6ea20983e832139b73285c,,gx-no-cache=1521558996458 HTTP/1.1" 200 4261
200.72.197.82 - - [20/Mar/2018:12:17:30 -0300] "POST /cormun/servlet/hlogin?e1f75318720d8c41f19bdc1b82f8978e,gx-no-cache=1521559001571 HTTP/1.1" 200 90
200.72.197.82 - - [20/Mar/2018:12:17:30 -0300] "GET /cormun/servlet/hpexe_link HTTP/1.1" 200 950
200.72.197.82 - - [20/Mar/2018:12:17:31 -0300] "GET /cormun/servlet/trsolicitudot HTTP/1.1" 200 7116
186.103.157.39 - - [20/Mar/2018:12:17:31 -0300] "GET /cormun/servlet/solicitudot?INS,0,0, HTTP/1.1" 200 13378
186.103.157.39 - - [20/Mar/2018:12:17:31 -0300] "GET /cormun/static/solicitudot.js?201812313224831 HTTP/1.1" 304 -
186.103.157.39 - - [20/Mar/2018:12:17:31 -0300] "GET /cormun/static/gxcfg.js?201812313224582 HTTP/1.1" 304 -
200.72.197.82 - - [20/Mar/2018:12:17:32 -0300] "GET /cormun/servlet/trsolicitudot HTTP/1.1" 200 7114
186.103.157.39 - - [20/Mar/2018:12:17:32 -0300] "GET /cormun/servlet/solicitudot?INS,0,0, HTTP/1.1" 200 13382
200.72.197.82 - - [20/Mar/2018:12:17:34 -0300] "GET /cormun/static/menuarrow.gif HTTP/1.1" 404 1015
200.72.197.82 - - [20/Mar/2018:12:17:37 -0300] "GET /cormun/servlet/trsolicitudot? HTTP/1.1" 200 7114
200.72.197.82 - - [20/Mar/2018:12:17:38 -0300] "GET /cormun/servlet/trsolicitudot? HTTP/1.1" 200 7114
186.103.157.39 - - [20/Mar/2018:12:17:56 -0300] "POST /cormun/servlet/solicitudot?gx-no-cache=1521559025987 HTTP/1.1" 200 3339
186.103.157.39 - - [20/Mar/2018:12:17:56 -0300] "POST /cormun/servlet/solicitudot?b19f254eeb6ea20983e832139b73285c,INS,0,0,,gx-no-cache=1521559026262 HTTP/1.1" 200 10327
186.103.157.39 - - [20/Mar/2018:12:17:59 -0300] "GET /cormun/servlet/solicitudot?fb6e655ce07d55f928e817bb64b079e48957f9898b199b2cbaa18f6550516e8a86a850937a848d915fb76f5e1be0cdf1,gx-no-cache=1521559028938 HTTP/1.1" 200 30
192.168.10.96 - - [20/Mar/2018:12:20:01 -0300] "POST /cormun/servlet/trsolicitudgral?0bd1f58c8c574a58fd5736df136f78f4,,gx-no-cache=1521559034815 HTTP/1.1" 200 10612
192.168.10.96 - - [20/Mar/2018:12:20:04 -0300] "POST /cormun/servlet/trsolicitudgral?0bd1f58c8c574a58fd5736df136f78f4,,gx-no-cache=1521559038446 HTTP/1.1" 200 10612
192.168.10.96 - - [20/Mar/2018:12:20:20 -0300] "GET /cormun/servlet/vesolicitudgral?2018,10301,, HTTP/1.1" 200 9269
192.168.10.96 - - [20/Mar/2018:12:20:20 -0300] "GET /cormun/pexe_scrolldiv.js HTTP/1.1" 404 1009
192.168.10.96 - - [20/Mar/2018:12:20:20 -0300] "GET /cormun/pexe_scrolldiv.js HTTP/1.1" 404 1009
192.168.10.96 - - [20/Mar/2018:12:20:20 -0300] "GET /cormun/servlet/vesolicitudgral?2018,10301,, HTTP/1.1" 200 9268
192.168.10.96 - - [20/Mar/2018:12:20:34 -0300] "GET /cormun/servlet/vesolicitudgral?2018,10301,,SolicitudOTAdjuntos HTTP/1.1" 200 7959
192.168.10.96 - - [20/Mar/2018:12:20:34 -0300] "GET /cormun/pexe_scrolldiv.js HTTP/1.1" 404 1009
192.168.10.96 - - [20/Mar/2018:12:20:34 -0300] "GET /cormun/pexe_scrolldiv.js HTTP/1.1" 404 1009
192.168.10.96 - - [20/Mar/2018:12:20:35 -0300] "GET /cormun/servlet/vesolicitudgral?2018,10301,,SolicitudOTAdjuntos HTTP/1.1" 200 7960
192.168.10.96 - - [20/Mar/2018:12:20:36 -0300] "POST /cormun/servlet/acontrolpreferencessavestate?None,DZAMUDIO,true HTTP/1.1" 200 35
192.168.10.96 - - [20/Mar/2018:12:20:42 -0300] "POST /cormun/servlet/vesolicitudgral?0bd1f58c8c574a58fd5736df136f78f4,2018,10301,,SolicitudOTAdjuntos,gx-no-cache=1521559076357 HTTP/1.1" 200 90
192.168.10.96 - - [20/Mar/2018:12:20:42 -0300] "GET /cormun/servlet/hpexe_link HTTP/1.1" 200 978
192.168.10.96 - - [20/Mar/2018:12:20:42 -0300] "GET /cormun/servlet/trsolicitudgral? HTTP/1.1" 200 13812
192.168.10.96 - - [20/Mar/2018:12:20:43 -0300] "GET /cormun/servlet/trsolicitudgral? HTTP/1.1" 200 13811
186.103.157.39 - - [20/Mar/2018:12:22:14 -0300] "GET /cormun/servlet/solicitudot?fb6e655ce07d55f928e817bb64b079e47148736ce65238bf7b6e8a80e18aa147,gx-no-cache=1521559284183 HTTP/1.1" 200 94
186.103.157.39 - - [20/Mar/2018:12:22:14 -0300] "GET /cormun/static/Shared/jqueryui/images/ui-bg_highlight-soft_100_c6c2c8_1x100.png HTTP/1.1" 404 1117
186.103.157.39 - - [20/Mar/2018:12:22:14 -0300] "GET /cormun/static/Shared/jqueryui/images/ui-icons_82798d_256x240.png HTTP/1.1" 404 1089
186.103.157.39 - - [20/Mar/2018:12:22:14 -0300] "GET /cormun/static/Shared/jqueryui/images/ui-bg_flat_55_994d53_40x100.png HTTP/1.1" 404 1097
186.103.157.39 - - [20/Mar/2018:12:22:14 -0300] "GET /cormun/static/Shared/jqueryui/images/ui-icons_ebccce_256x240.png HTTP/1.1" 404 1089
186.103.157.39 - - [20/Mar/2018:12:22:14 -0300] "GET /cormun/servlet/solicitudot?fb6e655ce07d55f928e817bb64b079e47ee751551527675911882a1e666a7558,gx-no-cache=1521559284489 HTTP/1.1" 200 51
186.103.157.39 - - [20/Mar/2018:12:22:14 -0300] "POST /cormun/servlet/solicitudot?gx-no-cache=1521559284556 HTTP/1.1" 200 255
186.103.157.39 - - [20/Mar/2018:12:22:14 -0300] "GET /cormun/servlet/solicitudot?fb6e655ce07d55f928e817bb64b079e41720634b1f0536bab37d8df6a4ff842013314f8dc1847bfc4336fa3533919bb5b797dd5fe8f3b4d16c37b6ef2781832288372feba9dd93f21a27820e7498d09d5630745fb8795a59b6bdcb56d5db21b5b601cf74f0983067f62e5b95edcb0bd4f14750c911eb431a99548242d1b328678c84d8eb33b42a3c7dfd05b945a8a5f5abcbb0e0c05931381feaafee2dc33886ef717fe31937e19ece04a541811ffbeeb6e26b80987ff40a1a000c6c554738b7c02c13338f3dba95b86ccc6ea67c3b4b0556c1d1186e815335b1574a2d5ae58b6954325c199c06baf69ea621913972c55ae708cf81d0d9af5c18e53cc79f156eaa522008fb3fbc3b8955a57c9656ce903d627fd6670f4ddb8a9e36bf7f1788e944fa1035d9e0d516fd344cc9503e020cae44e1c2b9badb14ab72cf47e9e810466127a7f934c224e9b8858abdba2eac0345ac9bb28630a8133f9da2d0c3ad00476a901617b89708d53ebbca41f6136ef012b3fd1c40eb5afc1707baa4ea9582d2,gx-no-cache=1521559284618 HTTP/1.1" 200 30
186.103.157.39 - - [20/Mar/2018:12:22:17 -0300] "POST /cormun/servlet/solicitudot?gx-no-cache=1521559287382 HTTP/1.1" 200 30
186.103.157.39 - - [20/Mar/2018:12:22:21 -0300] "POST /cormun/servlet/solicitudot?gx-no-cache=1521559290905 HTTP/1.1" 200 1337
186.103.157.39 - - [20/Mar/2018:12:22:21 -0300] "POST /cormun/servlet/solicitudot?gx-no-cache=1521559291035 HTTP/1.1" 200 38
186.103.157.39 - - [20/Mar/2018:12:22:35 -0300] "GET /cormun/servlet/solicitudot?fb6e655ce07d55f928e817bb64b079e44b8a5975cde5ad113e7e675e3317d681e698aec80a3c948f83fe68809e0c636ddf7c2277c59db3fbbf4a974243614640dc06cdb0e33a1082a4f438a45e1ee919361b56e0d6ffda1904e8cce9794f5ad501d3f19bbf079ae90381cbfc480af9fea4a5f51708fce733c5d65fbbe46b6087fa35feb47d83fa17b587991ece832f878950dbde86be430afa45895a24bac815f9ec451394a26f609012eef4c1caba6f274f02b2b4d14f4a0ab77e7cf7e4e6931b6bcf7337da3edcd75f1f968d7ae3f5,gx-no-cache=1521559305209 HTTP/1.1" 200 29
186.103.157.39 - - [20/Mar/2018:12:22:35 -0300] "POST /cormun/servlet/solicitudot?gx-no-cache=1521559305251 HTTP/1.1" 200 1319
186.103.157.39 - - [20/Mar/2018:12:22:35 -0300] "POST /cormun/servlet/solicitudot?gx-no-cache=1521559305338 HTTP/1.1" 200 1218
186.103.157.39 - - [20/Mar/2018:12:22:35 -0300] "GET /cormun/static/menuarrow.gif HTTP/1.1" 404 1015
186.103.157.39 - - [20/Mar/2018:12:22:37 -0300] "POST /cormun/servlet/solicitudot?gx-no-cache=1521559307297 HTTP/1.1" 200 1319
186.103.157.39 - - [20/Mar/2018:12:22:37 -0300] "POST /cormun/servlet/solicitudot?gx-no-cache=1521559307389 HTTP/1.1" 200 1218
192.168.10.96 - - [20/Mar/2018:12:23:13 -0300] "POST /cormun/servlet/trsolicitudgral?0bd1f58c8c574a58fd5736df136f78f4,,gx-no-cache=1521559226860 HTTP/1.1" 200 14214
192.168.10.96 - - [20/Mar/2018:12:23:17 -0300] "GET /cormun/servlet/vesolicitudgral?2018,8661,, HTTP/1.1" 200 9267
192.168.10.96 - - [20/Mar/2018:12:23:17 -0300] "GET /cormun/pexe_scrolldiv.js HTTP/1.1" 404 1009
192.168.10.96 - - [20/Mar/2018:12:23:17 -0300] "GET /cormun/pexe_scrolldiv.js HTTP/1.1" 404 1009
192.168.10.96 - - [20/Mar/2018:12:23:17 -0300] "GET /cormun/servlet/vesolicitudgral?2018,8661,, HTTP/1.1" 200 9268
192.168.10.96 - - [20/Mar/2018:12:23:19 -0300] "GET /cormun/servlet/vesolicitudgral?2018,8661,,SolicitudOTAdjuntos HTTP/1.1" 200 11421
192.168.10.96 - - [20/Mar/2018:12:23:19 -0300] "GET /cormun/pexe_scrolldiv.js HTTP/1.1" 404 1009
192.168.10.96 - - [20/Mar/2018:12:23:19 -0300] "GET /cormun/pexe_scrolldiv.js HTTP/1.1" 404 1009
192.168.10.96 - - [20/Mar/2018:12:23:19 -0300] "GET /cormun/servlet/vesolicitudgral?2018,8661,,SolicitudOTAdjuntos HTTP/1.1" 200 11424
192.168.10.96 - - [20/Mar/2018:12:23:20 -0300] "POST /cormun/servlet/acontrolpreferencessavestate?None,DZAMUDIO,true HTTP/1.1" 200 35
192.168.10.96 - - [20/Mar/2018:12:23:20 -0300] "GET /cormun/PublicTempStorage/carnet_de_identidad6210397.pdf HTTP/1.1" 200 303552
192.168.10.96 - - [20/Mar/2018:12:23:26 -0300] "GET /cormun/servlet/vesolicitudgral?2018,8661,,SolicitudOTAdjuntos HTTP/1.1" 200 11422
192.168.10.96 - - [20/Mar/2018:12:23:27 -0300] "GET /cormun/servlet/vesolicitudgral?2018,8661,,SolicitudOTAdjuntos HTTP/1.1" 200 11421
192.168.10.96 - - [20/Mar/2018:12:23:28 -0300] "POST /cormun/servlet/acontrolpreferencessavestate?None,DZAMUDIO,true HTTP/1.1" 200 35
192.168.10.96 - - [20/Mar/2018:12:23:28 -0300] "GET /cormun/PublicTempStorage/certificado_de_afiliacion_afp_capital4212919.PDF HTTP/1.1" 200 22272
192.168.10.96 - - [20/Mar/2018:12:23:39 -0300] "GET /cormun/servlet/vesolicitudgral?2018,8661,,SolicitudOTAdjuntos HTTP/1.1" 200 11421
192.168.10.96 - - [20/Mar/2018:12:23:40 -0300] "GET /cormun/servlet/vesolicitudgral?2018,8661,,SolicitudOTAdjuntos HTTP/1.1" 200 11423
192.168.10.96 - - [20/Mar/2018:12:23:41 -0300] "POST /cormun/servlet/acontrolpreferencessavestate?None,DZAMUDIO,true HTTP/1.1" 200 35
186.103.157.39 - - [20/Mar/2018:12:23:54 -0300] "GET /cormun/servlet/solicitudot?fb6e655ce07d55f928e817bb64b079e4331ccbcb2132f17491590b74b7e0fc44f26f8f4d25ecc81b7273cda5dadba653dd7e89c14ba50ee243898be5f89d2e9a,gx-no-cache=1521559383789 HTTP/1.1" 200 30
186.103.157.39 - - [20/Mar/2018:12:23:54 -0300] "POST /cormun/servlet/solicitudot?gx-no-cache=1521559384052 HTTP/1.1" 200 255
186.103.157.39 - - [20/Mar/2018:12:23:54 -0300] "GET /cormun/servlet/solicitudot?fb6e655ce07d55f928e817bb64b079e41720634b1f0536bab37d8df6a4ff842013314f8dc1847bfc4336fa3533919bb5b797dd5fe8f3b4d16c37b6ef2781832288372feba9dd93f21a27820e7498d09d5630745fb8795a59b6bdcb56d5db21b5b601cf74f0983067f62e5b95edcb0bd4f14750c911eb431a99548242d1b328678c84d8eb33b42a3c7dfd05b945a8a5f5abcbb0e0c05931381feaafee2dc33886ef717fe31937e19ece04a541811ffbeeb6e26b80987ff40a1a000c6c554738b7c02c13338f3dba95b86ccc6ea67c3b4b0556c1d1186e815335b1574a2d5ae58b6954325c199c06baf69ea621913972c55ae708cf81d0d9af5c18e53cc79f156eaa522008fb3fbc3b8955a57c9656ce903d627fd6670f4ddb8a9e36bf7f1788e944fa1035d9e0d516fd344cc9503e020cae44e1c2b9badb14ab72cf47e9e810466127a7f934c224e9b8858abdba2eac0345ac9bb28630a8133f9da2d0c3ad00476a901617b89708d53ebbca41f6136ef015fe1455e24358b4424ff7d8ff9a70b5,gx-no-cache=1521559384120 HTTP/1.1" 200 30
186.103.157.39 - - [20/Mar/2018:12:23:54 -0300] "POST /cormun/servlet/solicitudot?gx-no-cache=1521559384272 HTTP/1.1" 200 30
186.103.157.39 - - [20/Mar/2018:12:23:54 -0300] "POST /cormun/servlet/solicitudot?gx-no-cache=1521559384349 HTTP/1.1" 200 1337
186.103.157.39 - - [20/Mar/2018:12:23:54 -0300] "POST /cormun/servlet/solicitudot?gx-no-cache=1521559384475 HTTP/1.1" 200 38
186.103.157.39 - - [20/Mar/2018:12:23:54 -0300] "POST /cormun/servlet/solicitudot?gx-no-cache=1521559384524 HTTP/1.1" 200 1319
186.103.157.39 - - [20/Mar/2018:12:23:54 -0300] "POST /cormun/servlet/solicitudot?gx-no-cache=1521559384587 HTTP/1.1" 200 1218
186.103.157.39 - - [20/Mar/2018:12:23:54 -0300] "GET /cormun/servlet/solicitudot?fb6e655ce07d55f928e817bb64b079e49b42674908066e1b0d04f5c8636acaf83d7e7a997723cf5fbf76f36ef598c199,gx-no-cache=1521559384641 HTTP/1.1" 200 30
192.168.10.96 - - [20/Mar/2018:12:23:57 -0300] "GET /cormun/PublicTempStorage/certificado_de_afiliacion_fonasa1930756.pdf HTTP/1.1" 200 66835
192.168.10.96 - - [20/Mar/2018:12:24:06 -0300] "GET /cormun/servlet/vesolicitudgral?2018,8661,,SolicitudOTAdjuntos HTTP/1.1" 200 11422
192.168.10.96 - - [20/Mar/2018:12:24:07 -0300] "GET /cormun/servlet/vesolicitudgral?2018,8661,,SolicitudOTAdjuntos HTTP/1.1" 200 11424
192.168.10.96 - - [20/Mar/2018:12:24:08 -0300] "POST /cormun/servlet/acontrolpreferencessavestate?None,DZAMUDIO,true HTTP/1.1" 200 35
192.168.10.96 - - [20/Mar/2018:12:24:09 -0300] "GET /cormun/PublicTempStorage/certificado_de_antecedentes7672462.pdf HTTP/1.1" 200 34401
186.103.157.39 - - [20/Mar/2018:12:24:09 -0300] "POST /cormun/servlet/solicitudot?gx-no-cache=1521559399549 HTTP/1.1" 200 255
186.103.157.39 - - [20/Mar/2018:12:24:09 -0300] "GET /cormun/servlet/solicitudot?fb6e655ce07d55f928e817bb64b079e41720634b1f0536bab37d8df6a4ff842013314f8dc1847bfc4336fa3533919bb5b797dd5fe8f3b4d16c37b6ef2781832288372feba9dd93f21a27820e7498d09d5630745fb8795a59b6bdcb56d5db21b5b601cf74f0983067f62e5b95edcb0bd4f14750c911eb431a99548242d1b328678c84d8eb33b42a3c7dfd05b945a8a5f5abcbb0e0c05931381feaafee2dc33886ef717fe31937e19ece04a541811ffbeeb6e26b80987ff40a1a000c6c554738b7c02c13338f3dba95b86ccc6ea67c3b4b0556c1d1186e815335b1574a2d5ae58b6954325c199c06baf69ea621913972c55ae708cf81d0d9af5c18e53cc79f156eaa522008fb3fbc3b8955a57c9656ce903d627fd6670f4ddb8a9e36bf7f1788e944fa1035d9e0d516fd344cc9503e020cae44e1c2b9badb14ab72cf47e9e810466127a7f934c224e9b8858abdba2eac0345ac9bb28630a8133f9da2d0c3ad00476a901617b89708d53ebbca41f6136ef015fe1455e24358b4424ff7d8ff9a70b5,gx-no-cache=1521559399640 HTTP/1.1" 200 30
186.103.157.39 - - [20/Mar/2018:12:24:09 -0300] "POST /cormun/servlet/solicitudot?gx-no-cache=1521559399720 HTTP/1.1" 200 30
186.103.157.39 - - [20/Mar/2018:12:24:09 -0300] "POST /cormun/servlet/solicitudot?gx-no-cache=1521559399792 HTTP/1.1" 200 1337
186.103.157.39 - - [20/Mar/2018:12:24:10 -0300] "POST /cormun/servlet/solicitudot?gx-no-cache=1521559399881 HTTP/1.1" 200 38
186.103.157.39 - - [20/Mar/2018:12:24:10 -0300] "POST /cormun/servlet/solicitudot?gx-no-cache=1521559399940 HTTP/1.1" 200 1319
186.103.157.39 - - [20/Mar/2018:12:24:10 -0300] "POST /cormun/servlet/solicitudot?gx-no-cache=1521559400036 HTTP/1.1" 200 1218
192.168.10.96 - - [20/Mar/2018:12:24:12 -0300] "GET /cormun/servlet/vesolicitudgral?2018,8661,,SolicitudOTAdjuntos HTTP/1.1" 200 11422
192.168.10.96 - - [20/Mar/2018:12:24:13 -0300] "GET /cormun/servlet/vesolicitudgral?2018,8661,,SolicitudOTAdjuntos HTTP/1.1" 200 11422
192.168.10.96 - - [20/Mar/2018:12:24:14 -0300] "POST /cormun/servlet/acontrolpreferencessavestate?None,DZAMUDIO,true HTTP/1.1" 200 35
192.168.10.96 - - [20/Mar/2018:12:24:14 -0300] "GET /cormun/PublicTempStorage/curriculum_vitae649398.pdf HTTP/1.1" 200 248148
186.103.157.39 - - [20/Mar/2018:12:24:16 -0300] "POST /cormun/servlet/solicitudot?gx-no-cache=1521559406332 HTTP/1.1" 200 30
192.168.10.96 - - [20/Mar/2018:12:24:18 -0300] "GET /cormun/servlet/vesolicitudgral?2018,8661,,SolicitudOTAdjuntos HTTP/1.1" 200 11422
192.168.10.96 - - [20/Mar/2018:12:24:18 -0300] "GET /cormun/servlet/vesolicitudgral?2018,8661,,SolicitudOTAdjuntos HTTP/1.1" 200 11425
192.168.10.96 - - [20/Mar/2018:12:24:19 -0300] "POST /cormun/servlet/acontrolpreferencessavestate?None,DZAMUDIO,true HTTP/1.1" 200 35
192.168.10.96 - - [20/Mar/2018:12:24:19 -0300] "GET /cormun/PublicTempStorage/certificado_de_titulo_%281%296058595.pdf HTTP/1.1" 200 463897
186.103.157.39 - - [20/Mar/2018:12:25:00 -0300] "POST /cormun/servlet/solicitudot?b19f254eeb6ea20983e832139b73285c,INS,0,0,,gx-no-cache=1521559449880 HTTP/1.1" 200 11709
186.67.172.234 - - [20/Mar/2018:12:26:00 -0300] "GET /cormun/servlet/hlogin HTTP/1.1" 200 1721
186.67.172.234 - - [20/Mar/2018:12:26:12 -0300] "POST /cormun/servlet/hlogin?69c0adef517615a0e2c2922178b76243,gx-no-cache=1521559469325 HTTP/1.1" 200 90
186.67.172.234 - - [20/Mar/2018:12:26:12 -0300] "GET /cormun/servlet/hpexe_link HTTP/1.1" 200 948
186.67.172.234 - - [20/Mar/2018:12:26:13 -0300] "GET /cormun/servlet/hhome HTTP/1.1" 200 4225
186.67.172.234 - - [20/Mar/2018:12:26:13 -0300] "GET /cormun/servlet/hhome HTTP/1.1" 200 4222
186.67.172.234 - - [20/Mar/2018:12:26:15 -0300] "GET /cormun/servlet/trsolicitudot? HTTP/1.1" 200 8771
186.67.172.234 - - [20/Mar/2018:12:26:16 -0300] "GET /cormun/servlet/trsolicitudot? HTTP/1.1" 200 8772
