186.79.62.124 - - [20/Mar/2018:08:56:16 -0300] "GET /cormun/static/Shared/jqueryui/images/ui-icons_82798d_256x240.png HTTP/1.1" 404 1089
186.79.62.124 - - [20/Mar/2018:08:56:16 -0300] "GET /cormun/static/Shared/jqueryui/images/ui-bg_flat_55_fafafa_40x100.png HTTP/1.1" 404 1097
186.79.62.124 - - [20/Mar/2018:08:56:16 -0300] "GET /cormun/static/Shared/jqueryui/images/ui-icons_8d78a5_256x240.png HTTP/1.1" 404 1089
186.79.62.124 - - [20/Mar/2018:08:56:17 -0300] "POST /cormun/servlet/trautorizarsolicitud?632fdd14a2f80fb5da4528b47fd5ead6,,gx-no-cache=1521546925114 HTTP/1.1" 200 6504
186.79.62.124 - - [20/Mar/2018:08:56:20 -0300] "POST /cormun/servlet/trautorizarsolicitud?632fdd14a2f80fb5da4528b47fd5ead6,,gx-no-cache=1521546927828 HTTP/1.1" 200 6191
190.100.93.40 - - [20/Mar/2018:08:56:21 -0300] "GET /cormun/servlet/trlicencias? HTTP/1.1" 200 9947
192.168.10.89 - - [20/Mar/2018:08:56:21 -0300] "POST /cormun/servlet/trsolicitudgral?b2e1adfc62d6cf20d93071a31b5ab532,,gx-no-cache=1521546810421 HTTP/1.1" 200 26513
190.100.93.40 - - [20/Mar/2018:08:56:21 -0300] "GET /cormun/servlet/trlicencias? HTTP/1.1" 200 9944
186.79.62.124 - - [20/Mar/2018:08:56:22 -0300] "POST /cormun/servlet/trautorizarsolicitud?632fdd14a2f80fb5da4528b47fd5ead6,,gx-no-cache=1521546929441 HTTP/1.1" 200 6133
186.79.62.124 - - [20/Mar/2018:08:56:24 -0300] "POST /cormun/servlet/trautorizarsolicitud?632fdd14a2f80fb5da4528b47fd5ead6,,gx-no-cache=1521546931997 HTTP/1.1" 200 5768
186.79.62.124 - - [20/Mar/2018:08:56:25 -0300] "POST /cormun/servlet/trautorizarsolicitud?632fdd14a2f80fb5da4528b47fd5ead6,,gx-no-cache=1521546932692 HTTP/1.1" 200 5711
192.168.10.89 - - [20/Mar/2018:08:56:27 -0300] "POST /cormun/servlet/trsolicitudgral?b2e1adfc62d6cf20d93071a31b5ab532,,gx-no-cache=1521546820964 HTTP/1.1" 200 24242
186.79.62.124 - - [20/Mar/2018:08:56:28 -0300] "POST /cormun/servlet/trautorizarsolicitud?632fdd14a2f80fb5da4528b47fd5ead6,,gx-no-cache=1521546936469 HTTP/1.1" 200 4603
186.79.62.124 - - [20/Mar/2018:08:56:29 -0300] "POST /cormun/servlet/trautorizarsolicitud?632fdd14a2f80fb5da4528b47fd5ead6,,gx-no-cache=1521546937150 HTTP/1.1" 200 4377
200.120.230.197 - - [20/Mar/2018:08:56:33 -0300] "GET /cormun/servlet/trlicenciaspermisosadjuntos?8494476,20180320000000,L, HTTP/1.1" 200 6586
200.120.230.197 - - [20/Mar/2018:08:56:35 -0300] "GET /cormun/servlet/trlicenciaspermisosadjuntos?8494476,20180320000000,L, HTTP/1.1" 200 6565
200.120.230.197 - - [20/Mar/2018:08:56:37 -0300] "GET /cormun/servlet/licenciaspermisosadjuntos?INS,8494476,L,20180320000000,, HTTP/1.1" 200 5868
200.120.230.197 - - [20/Mar/2018:08:56:37 -0300] "GET /cormun/static/about:blank HTTP/1.1" 404 1011
200.120.230.197 - - [20/Mar/2018:08:56:38 -0300] "GET /cormun/servlet/licenciaspermisosadjuntos?INS,8494476,L,20180320000000,, HTTP/1.1" 200 5857
192.168.10.89 - - [20/Mar/2018:08:56:40 -0300] "POST /cormun/servlet/trsolicitudgral?b2e1adfc62d6cf20d93071a31b5ab532,,gx-no-cache=1521546833501 HTTP/1.1" 200 105
192.168.10.89 - - [20/Mar/2018:08:56:40 -0300] "GET /cormun/SolicitudGral-3850.xls HTTP/1.1" 200 28160
186.103.132.155 - - [20/Mar/2018:08:56:41 -0300] "POST /cormun/servlet/trsolicitudot?407181fbc184f917f59bb912c460d149,,gx-no-cache=1521546950474 HTTP/1.1" 200 20273
192.168.10.89 - - [20/Mar/2018:08:56:44 -0300] "OPTIONS /cormun/ HTTP/1.1" 200 -
192.168.10.89 - - [20/Mar/2018:08:56:44 -0300] "OPTIONS /cormun/ HTTP/1.1" 200 -
192.168.10.89 - - [20/Mar/2018:08:56:49 -0300] "HEAD /cormun/SolicitudGral-3850.xls HTTP/1.1" 200 -
192.168.10.89 - - [20/Mar/2018:08:56:49 -0300] "HEAD /cormun/SolicitudGral-3850.xls HTTP/1.1" 200 -
190.100.93.40 - - [20/Mar/2018:08:56:54 -0300] "GET /cormun/servlet/trhorasextrasplan? HTTP/1.1" 200 6960
192.168.10.89 - - [20/Mar/2018:08:56:54 -0300] "GET /cormun/SolicitudGral-3850.xls HTTP/1.1" 200 28160
192.168.10.89 - - [20/Mar/2018:08:56:54 -0300] "HEAD /cormun/SolicitudGral-3850.xls HTTP/1.1" 200 -
190.100.93.40 - - [20/Mar/2018:08:56:54 -0300] "GET /cormun/static/gxcfg.js?201710411305628 HTTP/1.1" 200 953
190.100.93.40 - - [20/Mar/2018:08:56:54 -0300] "GET /cormun/static/trhorasextrasplan.js?201710411305972 HTTP/1.1" 200 24934
190.100.93.40 - - [20/Mar/2018:08:56:55 -0300] "GET /cormun/servlet/trhorasextrasplan? HTTP/1.1" 200 6960
190.100.93.40 - - [20/Mar/2018:08:56:56 -0300] "POST /cormun/servlet/acontrolpreferencessavestate?None,MMANRIQUEZ,true HTTP/1.1" 200 35
190.100.93.40 - - [20/Mar/2018:08:56:57 -0300] "POST /cormun/servlet/trhorasextrasplan?a062e5513426a56c0caaef3ce74d1adb,,gx-no-cache=1521546965885 HTTP/1.1" 200 4169
190.100.93.40 - - [20/Mar/2018:08:56:57 -0300] "GET /cormun/static/Shared/jqueryui/images/ui-bg_highlight-soft_100_c6c2c8_1x100.png HTTP/1.1" 404 1117
190.100.93.40 - - [20/Mar/2018:08:56:57 -0300] "GET /cormun/static/Shared/jqueryui/images/ui-icons_82798d_256x240.png HTTP/1.1" 404 1089
190.100.93.40 - - [20/Mar/2018:08:56:57 -0300] "GET /cormun/static/Shared/jqueryui/images/ui-bg_flat_55_fafafa_40x100.png HTTP/1.1" 404 1097
190.100.93.40 - - [20/Mar/2018:08:56:57 -0300] "GET /cormun/static/Shared/jqueryui/images/ui-icons_8d78a5_256x240.png HTTP/1.1" 404 1089
200.120.230.197 - - [20/Mar/2018:08:57:01 -0300] "POST /cormun/servlet/licenciaspermisosadjuntos?9c64d32792c30be8307c99f6568cf17e,INS,8494476,L,20180320000000,, HTTP/1.1" 200 116
190.100.93.40 - - [20/Mar/2018:08:57:01 -0300] "GET /cormun/servlet/horasextrasplan?INS,0,,, HTTP/1.1" 200 6331
190.100.93.40 - - [20/Mar/2018:08:57:01 -0300] "GET /cormun/static/gxcfg.js?201710411305426 HTTP/1.1" 200 953
190.100.93.40 - - [20/Mar/2018:08:57:01 -0300] "GET /cormun/static/horasextrasplan.js?201710411305452 HTTP/1.1" 200 15581
200.120.230.197 - - [20/Mar/2018:08:57:01 -0300] "GET /cormun/servlet/hpexe_return? HTTP/1.1" 200 1036
190.100.93.40 - - [20/Mar/2018:08:57:01 -0300] "GET /cormun/servlet/horasextrasplan?INS,0,,, HTTP/1.1" 200 6332
200.120.230.197 - - [20/Mar/2018:08:57:02 -0300] "GET /cormun/servlet/trlicenciaspermisosadjuntos?8494476,20180320000000,L, HTTP/1.1" 200 7069
200.120.230.197 - - [20/Mar/2018:08:57:03 -0300] "GET /cormun/servlet/trlicenciaspermisosadjuntos?8494476,20180320000000,L, HTTP/1.1" 200 7067
200.120.230.197 - - [20/Mar/2018:08:57:06 -0300] "POST /cormun/servlet/trlicenciaspermisosadjuntos?9c64d32792c30be8307c99f6568cf17e,8494476,20180320000000,L,,gx-no-cache=1521546984939 HTTP/1.1" 200 90
200.120.230.197 - - [20/Mar/2018:08:57:06 -0300] "GET /cormun/servlet/hpexe_link HTTP/1.1" 200 999
200.120.230.197 - - [20/Mar/2018:08:57:07 -0300] "GET /cormun/servlet/trlicencias?gx-no-cache=1521546695366 HTTP/1.1" 200 12909
200.120.230.197 - - [20/Mar/2018:08:57:08 -0300] "GET /cormun/servlet/trlicencias?gx-no-cache=1521546695366 HTTP/1.1" 200 12915
190.100.93.40 - - [20/Mar/2018:08:57:09 -0300] "GET /cormun/servlet/horasextrasplan?d2d6778b4c1e38a9a23fa698d355c1460421d22670523e0bfad66425c5934708d79810f5eb02ed5ff25816a1fa2a4b76,gx-no-cache=1521546977962 HTTP/1.1" 200 20
190.100.93.40 - - [20/Mar/2018:08:57:11 -0300] "GET /cormun/servlet/horasextrasplan?d2d6778b4c1e38a9a23fa698d355c1467a4746de8a7d4975787c4a78ed163e5a231c021d2593b6d38fc22752bc139206e7e2d5a3207e3edb88fe34729ec7c1e9408538e0cf7da02f120913d410b4abe50c1074ac49823633ee5cb0aef04f38f8c2c3dcc5de74944fb186e76b4a2eb571a0059e164cc35ad78ef0bf9eb0b9a877660bc8d9a04b96a8d63f5b28ef6915d93b05fe2fb5af9c14fd20bb44fee8a6051c93a15cc48a435dea4dadcefa6787e9c585985e793794180be03eff13ba2f04f63e1d0dd4ce42c6b1a56d7edb521d890f66c1a2a616420864d32d808f9c768896573df7f39abe1626b83341c633206031a0c8ae80696352dace45c9c765dc37f182fd91548a30911fef2a9027639fab0e323c6638257678495ff9d587065ed986e2e549b786f1bc68d8a60620a7c4385b0301371018ce0dea95b23df078239fab332834f4ceae701b6e539291a8b949,gx-no-cache=1521546979922 HTTP/1.1" 200 30
200.120.230.197 - - [20/Mar/2018:08:57:12 -0300] "GET /cormun/servlet/alicenciaprn?8494476,L,20180320000000,PU HTTP/1.1" 200 1533
190.100.93.40 - - [20/Mar/2018:08:57:18 -0300] "GET /cormun/servlet/trfichaempleadohoras? HTTP/1.1" 500 10
190.100.93.40 - - [20/Mar/2018:08:57:20 -0300] "GET /cormun/servlet/trfichaempleadohoras? HTTP/1.1" 500 10
190.100.93.40 - - [20/Mar/2018:08:57:21 -0300] "GET /cormun/servlet/hlogin HTTP/1.1" 200 1720
190.100.93.40 - - [20/Mar/2018:08:57:23 -0300] "POST /cormun/servlet/hlogin?a062e5513426a56c0caaef3ce74d1adb,gx-no-cache=1521546991747 HTTP/1.1" 200 90
190.100.93.40 - - [20/Mar/2018:08:57:23 -0300] "GET /cormun/servlet/hpexe_link HTTP/1.1" 200 964
190.100.93.40 - - [20/Mar/2018:08:57:23 -0300] "GET /cormun/servlet/trfichaempleadohoras HTTP/1.1" 500 10
190.100.93.40 - - [20/Mar/2018:08:57:26 -0300] "GET /cormun/servlet/trfichaempleadohoras HTTP/1.1" 500 10
190.100.93.40 - - [20/Mar/2018:08:57:28 -0300] "GET /cormun/servlet/hlogin HTTP/1.1" 200 1720
190.100.93.40 - - [20/Mar/2018:08:57:29 -0300] "POST /cormun/servlet/hlogin?a062e5513426a56c0caaef3ce74d1adb,gx-no-cache=1521546998410 HTTP/1.1" 200 90
190.100.93.40 - - [20/Mar/2018:08:57:30 -0300] "GET /cormun/servlet/hpexe_link HTTP/1.1" 200 964
190.100.93.40 - - [20/Mar/2018:08:57:30 -0300] "GET /cormun/servlet/trfichaempleadohoras HTTP/1.1" 500 10
186.67.203.186 - - [20/Mar/2018:08:57:31 -0300] "POST /cormun/servlet/trsolicitudot?407181fbc184f917f59bb912c460d149,,gx-no-cache=1521546998922 HTTP/1.1" 200 4473
190.100.93.40 - - [20/Mar/2018:08:57:32 -0300] "GET /cormun/servlet/trfichaempleadohoras HTTP/1.1" 500 10
190.100.93.40 - - [20/Mar/2018:08:57:33 -0300] "GET /cormun/servlet/hlogin HTTP/1.1" 200 1720
190.100.93.40 - - [20/Mar/2018:08:57:34 -0300] "POST /cormun/servlet/hlogin?a062e5513426a56c0caaef3ce74d1adb,gx-no-cache=1521547002961 HTTP/1.1" 200 90
190.100.93.40 - - [20/Mar/2018:08:57:34 -0300] "GET /cormun/servlet/hpexe_link HTTP/1.1" 200 964
190.100.93.40 - - [20/Mar/2018:08:57:35 -0300] "GET /cormun/servlet/trfichaempleadohoras HTTP/1.1" 500 10
186.67.203.186 - - [20/Mar/2018:08:57:35 -0300] "POST /cormun/servlet/trsolicitudot?407181fbc184f917f59bb912c460d149,,gx-no-cache=1521547004983 HTTP/1.1" 200 4470
186.79.88.167 - - [20/Mar/2018:08:57:37 -0300] "GET /cormun/servlet/alicenciaprn?8494476,L,20180320000000,PU HTTP/1.1" 200 1536
190.100.93.40 - - [20/Mar/2018:08:57:42 -0300] "GET /cormun/servlet/hlogin HTTP/1.1" 200 1720
186.67.203.186 - - [20/Mar/2018:08:57:42 -0300] "POST /cormun/servlet/trsolicitudot?407181fbc184f917f59bb912c460d149,,gx-no-cache=1521547011780 HTTP/1.1" 200 6776
190.100.93.40 - - [20/Mar/2018:08:57:44 -0300] "POST /cormun/servlet/hlogin?a062e5513426a56c0caaef3ce74d1adb,gx-no-cache=1521547012704 HTTP/1.1" 200 90
190.100.93.40 - - [20/Mar/2018:08:57:44 -0300] "GET /cormun/servlet/hpexe_link HTTP/1.1" 200 964
192.168.10.96 - - [20/Mar/2018:08:57:44 -0300] "GET /cormun/servlet/vesolicitudgral?2018,8698,, HTTP/1.1" 200 9338
192.168.10.96 - - [20/Mar/2018:08:57:44 -0300] "GET /cormun/pexe_scrolldiv.js HTTP/1.1" 404 1009
192.168.10.96 - - [20/Mar/2018:08:57:44 -0300] "GET /cormun/pexe_scrolldiv.js HTTP/1.1" 404 1009
190.100.93.40 - - [20/Mar/2018:08:57:45 -0300] "GET /cormun/servlet/trfichaempleadohoras HTTP/1.1" 500 10
192.168.10.96 - - [20/Mar/2018:08:57:45 -0300] "GET /cormun/servlet/vesolicitudgral?2018,8698,, HTTP/1.1" 200 9337
186.79.88.167 - - [20/Mar/2018:08:57:46 -0300] "POST /cormun/servlet/trlicencias?9c64d32792c30be8307c99f6568cf17e,gx-no-cache=1521546695366,gx-no-cache=1521547022392 HTTP/1.1" 200 10307
192.168.10.96 - - [20/Mar/2018:08:57:46 -0300] "GET /cormun/servlet/vesolicitudgral?2018,8698,,SolicitudOTAdjuntos HTTP/1.1" 200 7959
192.168.10.96 - - [20/Mar/2018:08:57:46 -0300] "GET /cormun/pexe_scrolldiv.js HTTP/1.1" 404 1009
192.168.10.96 - - [20/Mar/2018:08:57:46 -0300] "GET /cormun/pexe_scrolldiv.js HTTP/1.1" 404 1009
192.168.10.96 - - [20/Mar/2018:08:57:46 -0300] "GET /cormun/servlet/vesolicitudgral?2018,8698,,SolicitudOTAdjuntos HTTP/1.1" 200 7960
192.168.10.96 - - [20/Mar/2018:08:57:47 -0300] "POST /cormun/servlet/acontrolpreferencessavestate?None,DZAMUDIO,true HTTP/1.1" 200 35
186.79.88.167 - - [20/Mar/2018:08:57:49 -0300] "GET /cormun/static/Shared/jqueryui/images/ui-bg_highlight-soft_100_c6c2c8_1x100.png HTTP/1.1" 404 1117
200.120.230.197 - - [20/Mar/2018:08:57:49 -0300] "GET /cormun/static/Shared/jqueryui/images/ui-icons_82798d_256x240.png HTTP/1.1" 404 1089
186.79.88.167 - - [20/Mar/2018:08:57:49 -0300] "GET /cormun/static/Shared/jqueryui/images/ui-bg_flat_55_fafafa_40x100.png HTTP/1.1" 404 1097
200.120.230.197 - - [20/Mar/2018:08:57:49 -0300] "GET /cormun/static/Shared/jqueryui/images/ui-icons_8d78a5_256x240.png HTTP/1.1" 404 1089
192.168.10.96 - - [20/Mar/2018:08:57:49 -0300] "POST /cormun/servlet/vesolicitudgral?1bfa0c2713b46fa3e61b6f96213394f2,2018,8698,,SolicitudOTAdjuntos,gx-no-cache=1521546903188 HTTP/1.1" 200 90
192.168.10.96 - - [20/Mar/2018:08:57:49 -0300] "GET /cormun/servlet/hpexe_link HTTP/1.1" 200 977
192.168.10.96 - - [20/Mar/2018:08:57:49 -0300] "GET /cormun/servlet/trsolicitudgral? HTTP/1.1" 200 11886
192.168.10.96 - - [20/Mar/2018:08:57:50 -0300] "GET /cormun/servlet/trsolicitudgral? HTTP/1.1" 200 11884
186.79.88.167 - - [20/Mar/2018:08:58:00 -0300] "GET /cormun/servlet/trsolicitudot? HTTP/1.1" 200 8829
186.79.88.167 - - [20/Mar/2018:08:58:02 -0300] "GET /cormun/servlet/trsolicitudot? HTTP/1.1" 200 8807
200.120.230.197 - - [20/Mar/2018:08:58:08 -0300] "GET /cormun/servlet/solicitudot?INS,0,0, HTTP/1.1" 200 13660
200.120.230.197 - - [20/Mar/2018:08:58:08 -0300] "GET /cormun/static/gxcfg.js?201812313224582 HTTP/1.1" 304 -
186.103.161.206 - - [20/Mar/2018:08:58:08 -0300] "GET /cormun/servlet/treventos?2018,10114, HTTP/1.1" 200 8117
200.120.230.197 - - [20/Mar/2018:08:58:08 -0300] "GET /cormun/static/solicitudot.js?201812313224831 HTTP/1.1" 304 -
186.103.161.206 - - [20/Mar/2018:08:58:09 -0300] "GET /cormun/servlet/treventos?2018,10114, HTTP/1.1" 200 8123
200.120.230.197 - - [20/Mar/2018:08:58:12 -0300] "GET /cormun/servlet/solicitudot?INS,0,0, HTTP/1.1" 200 13665
186.103.161.206 - - [20/Mar/2018:08:58:14 -0300] "POST /cormun/servlet/treventos?407181fbc184f917f59bb912c460d149,2018,10114,,gx-no-cache=1521547043971 HTTP/1.1" 200 90
186.103.161.206 - - [20/Mar/2018:08:58:14 -0300] "GET /cormun/servlet/hpexe_link HTTP/1.1" 200 968
186.103.161.206 - - [20/Mar/2018:08:58:15 -0300] "GET /cormun/servlet/trsolicitudot? HTTP/1.1" 200 9714
186.103.161.206 - - [20/Mar/2018:08:58:15 -0300] "GET /cormun/servlet/trsolicitudot? HTTP/1.1" 200 9714
186.103.161.206 - - [20/Mar/2018:08:58:26 -0300] "POST /cormun/servlet/trsolicitudot?407181fbc184f917f59bb912c460d149,,gx-no-cache=1521547054712 HTTP/1.1" 200 6776
200.120.230.197 - - [20/Mar/2018:08:58:27 -0300] "POST /cormun/servlet/solicitudot?gx-no-cache=1521547063194 HTTP/1.1" 200 3292
200.120.230.197 - - [20/Mar/2018:08:58:28 -0300] "POST /cormun/servlet/solicitudot?9c64d32792c30be8307c99f6568cf17e,INS,0,0,,gx-no-cache=1521547066090 HTTP/1.1" 200 10440
200.120.230.197 - - [20/Mar/2018:08:58:40 -0300] "GET /cormun/servlet/solicitudot?5ee17472e1e3205e867ed54dd037c1f25de131ae9df025443e0aabcf609d9339d75cd198d2cd658f1881edcfa8a37cd0,gx-no-cache=1521547077909 HTTP/1.1" 200 30
186.67.203.186 - - [20/Mar/2018:08:58:57 -0300] "GET /cormun/servlet/trpermisosgoce? HTTP/1.1" 200 8000
186.67.203.186 - - [20/Mar/2018:08:58:57 -0300] "GET /cormun/servlet/trpermisosgoce? HTTP/1.1" 200 7999
186.67.203.186 - - [20/Mar/2018:08:59:08 -0300] "GET /cormun/servlet/trpermisosadjuntos?13720292,20180316085542,P, HTTP/1.1" 200 7023
200.111.122.170 - - [20/Mar/2018:08:59:09 -0300] "GET /cormun/static/gxcfg.js?201762817193957 HTTP/1.1" 200 953
200.111.122.170 - - [20/Mar/2018:08:59:09 -0300] "GET /cormun/static/trpermisosadjuntos.js?201762817194366 HTTP/1.1" 200 20158
186.67.203.186 - - [20/Mar/2018:08:59:12 -0300] "GET /cormun/static/Resources/Spanish/PXTools.css?17315867 HTTP/1.1" 200 89042
186.67.203.186 - - [20/Mar/2018:08:59:12 -0300] "GET /cormun/servlet/trpermisosadjuntos?13720292,20180316085542,P, HTTP/1.1" 200 7022
186.67.203.186 - - [20/Mar/2018:08:59:18 -0300] "POST /cormun/servlet/trpermisosadjuntos?407181fbc184f917f59bb912c460d149,13720292,20180316085542,P,,gx-no-cache=1521547106716 HTTP/1.1" 200 90
186.67.203.186 - - [20/Mar/2018:08:59:18 -0300] "GET /cormun/servlet/hpexe_link HTTP/1.1" 200 984
186.67.203.186 - - [20/Mar/2018:08:59:18 -0300] "GET /cormun/servlet/trpermisosgoce HTTP/1.1" 200 8001
186.67.203.186 - - [20/Mar/2018:08:59:18 -0300] "GET /cormun/servlet/trpermisosgoce HTTP/1.1" 200 7999
186.67.203.186 - - [20/Mar/2018:08:59:25 -0300] "GET /cormun/servlet/permisogoce?INS,0,,, HTTP/1.1" 200 7080
186.67.203.186 - - [20/Mar/2018:08:59:26 -0300] "GET /cormun/servlet/permisogoce?INS,0,,, HTTP/1.1" 200 7080
186.67.203.186 - - [20/Mar/2018:08:59:30 -0300] "GET /cormun/static/Resources/resize.gif HTTP/1.1" 200 77
186.67.203.186 - - [20/Mar/2018:08:59:30 -0300] "GET /cormun/servlet/prfichaempleado?,MD,,gxPopupLevel%3D0%3B HTTP/1.1" 200 9378
186.67.203.186 - - [20/Mar/2018:08:59:30 -0300] "GET /cormun/static/Resources/PXToolsMenuSearch.png HTTP/1.1" 200 2914
186.67.203.186 - - [20/Mar/2018:08:59:30 -0300] "GET /cormun/static/gxcfg.js?20177612134814 HTTP/1.1" 200 953
186.67.203.186 - - [20/Mar/2018:08:59:30 -0300] "GET /cormun/static/Resources/PXToolsMenuSearchCancel.png HTTP/1.1" 200 2972
186.67.203.186 - - [20/Mar/2018:08:59:30 -0300] "GET /cormun/static/hmpwkw011.js?20177612121862 HTTP/1.1" 200 1968
186.103.161.206 - - [20/Mar/2018:08:59:30 -0300] "GET /cormun/static/menusearch.js?201610171694467 HTTP/1.1" 200 1424
190.151.100.218 - - [20/Mar/2018:08:59:30 -0300] "GET /cormun/static/prfichaempleado.js?20177612134999 HTTP/1.1" 200 16006
190.100.93.40 - - [20/Mar/2018:08:59:38 -0300] "GET /cormun/servlet/hlogin HTTP/1.1" 200 1720
190.151.100.218 - - [20/Mar/2018:08:59:39 -0300] "POST /cormun/servlet/prfichaempleado?407181fbc184f917f59bb912c460d149,,MD,,gxPopupLevel%3D0%3B,gx-no-cache=1521547128405 HTTP/1.1" 200 3184
190.151.100.218 - - [20/Mar/2018:08:59:47 -0300] "POST /cormun/servlet/prfichaempleado?407181fbc184f917f59bb912c460d149,,MD,,gxPopupLevel%3D0%3B,gx-no-cache=1521547137099 HTTP/1.1" 200 3492
190.151.100.218 - - [20/Mar/2018:08:59:56 -0300] "GET /cormun/servlet/permisogoce?1bed7b4c804e408267daeef49692f75d41d00648f38d532d9552cdaae6fd5bc52adacb494ae99b9869dca70b7e71a3169319388e48d845f93f38f4c9bcd16150,gx-no-cache=1521547145884 HTTP/1.1" 200 177
190.151.100.218 - - [20/Mar/2018:08:59:56 -0300] "GET /cormun/static/Shared/jqueryui/images/ui-bg_highlight-soft_100_c6c2c8_1x100.png HTTP/1.1" 404 1117
190.151.100.218 - - [20/Mar/2018:08:59:56 -0300] "GET /cormun/static/Shared/jqueryui/images/ui-icons_ebccce_256x240.png HTTP/1.1" 404 1089
200.72.197.82 - - [20/Mar/2018:08:59:57 -0300] "GET /cormun/static/Shared/jqueryui/images/ui-bg_flat_55_994d53_40x100.png HTTP/1.1" 404 1097
190.151.100.218 - - [20/Mar/2018:08:59:57 -0300] "GET /cormun/static/Shared/jqueryui/images/ui-icons_82798d_256x240.png HTTP/1.1" 404 1089
190.100.93.40 - - [20/Mar/2018:09:00:20 -0300] "GET /cormun/servlet/hlogin HTTP/1.1" 200 1720
190.100.93.40 - - [20/Mar/2018:09:00:23 -0300] "POST /cormun/servlet/hlogin?a062e5513426a56c0caaef3ce74d1adb,gx-no-cache=1521547171029 HTTP/1.1" 200 90
190.100.93.40 - - [20/Mar/2018:09:00:25 -0300] "GET /cormun/servlet/hpexe_link HTTP/1.1" 200 964
190.100.93.40 - - [20/Mar/2018:09:00:25 -0300] "GET /cormun/servlet/trfichaempleadohoras HTTP/1.1" 500 10
200.120.230.197 - - [20/Mar/2018:09:00:27 -0300] "GET /cormun/servlet/prbanco?,MD,,gxPopupLevel%3D0%3B HTTP/1.1" 200 6665
200.120.230.197 - - [20/Mar/2018:09:00:27 -0300] "GET /cormun/static/gxcfg.js?20181161016094 HTTP/1.1" 200 953
186.79.88.167 - - [20/Mar/2018:09:00:27 -0300] "GET /cormun/static/prbanco.js?2018116101633 HTTP/1.1" 200 10693
186.79.88.167 - - [20/Mar/2018:09:00:35 -0300] "GET /cormun/servlet/solicitudot?5ee17472e1e3205e867ed54dd037c1f263bb0ac5582084b8ea3e5773a29c8b514a699f18691be4d58152b01d9c8c281530a92958612e4970c9c0e1e1c25eca3a,gx-no-cache=1521547193811 HTTP/1.1" 200 30
186.79.88.167 - - [20/Mar/2018:09:00:39 -0300] "GET /cormun/servlet/solicitudot?5ee17472e1e3205e867ed54dd037c1f208a97ded983b52b2ae18f7c5cc34ae5a,gx-no-cache=1521547198418 HTTP/1.1" 200 53
186.79.88.167 - - [20/Mar/2018:09:00:54 -0300] "POST /cormun/servlet/solicitudot?gx-no-cache=1521547213160 HTTP/1.1" 200 255
186.79.88.167 - - [20/Mar/2018:09:00:57 -0300] "GET /cormun/servlet/solicitudot?5ee17472e1e3205e867ed54dd037c1f2e1867ec8cebf06d65f8d7dec1d9cf45cc1a17a6db8a534d407a43c008176824bd53897b29ca21536602b900d3d2c3f0e603250144e25ab21714d6d6b5889669e11beea00efbddb8bb910dc5880c63fb65e5a7f0d6cb36020ca77e3a8d92fab1e03a20808c109fa2202242b29e9cbbf832b1528fc1a1880305c789dd811802210d6caf7835dcba33a6f4e37e5be02bbc2d5d8bb1255af75b371cd7ebd5455a5a3ba88fd1e2e9ec01cc77f161c2f363288c9d53c781a4c4e4eb223a8a615881cf0af421cef96088fe3eb1f9b91844e3bb4bbaf1f15d100e6c4ddbb8a4411b34cfd487531d76b78d52970447e606fe4602684c832f7022537068b7dcbffc760bb0ac341fe0dc80a796e9d8c703e25a8b7f3eaebe674fc0b348a9d3124746789edb6f28ec958fc07b991346db2b8d60c4ae9dc783f255d6947add77615b8591bc3be5544a8c61180ba438aa58955c6d9b32b7dc59470c28f328fdf9bb23a7f58b55bcf910da4c39e163bc14cdfb28b7f75ff,gx-no-cache=1521547215259 HTTP/1.1" 200 30
200.120.230.197 - - [20/Mar/2018:09:01:20 -0300] "POST /cormun/servlet/solicitudot?gx-no-cache=1521547238530 HTTP/1.1" 200 30
200.120.230.197 - - [20/Mar/2018:09:01:20 -0300] "POST /cormun/servlet/solicitudot?gx-no-cache=1521547239708 HTTP/1.1" 200 1337
200.120.230.197 - - [20/Mar/2018:09:01:21 -0300] "POST /cormun/servlet/solicitudot?gx-no-cache=1521547239892 HTTP/1.1" 200 38
186.103.159.189 - - [20/Mar/2018:09:01:35 -0300] "POST /cormun/servlet/permisogoce?e142f29ca0125844f67aaca10468c436,INS,0,,,,gx-no-cache=1521547242298 HTTP/1.1" 200 93
186.103.159.189 - - [20/Mar/2018:09:01:35 -0300] "GET /cormun/servlet/hpexe_return? HTTP/1.1" 200 1009
186.103.159.189 - - [20/Mar/2018:09:01:36 -0300] "GET /cormun/servlet/trpermisosgoce HTTP/1.1" 200 8024
186.67.164.142 - - [20/Mar/2018:09:01:36 -0300] "GET /cormun/servlet/trsolicitudot? HTTP/1.1" 200 9093
186.67.164.142 - - [20/Mar/2018:09:01:37 -0300] "GET /cormun/servlet/trsolicitudot? HTTP/1.1" 200 9093
186.103.159.189 - - [20/Mar/2018:09:01:38 -0300] "GET /cormun/servlet/trpermisosgoce HTTP/1.1" 200 8020
186.103.132.155 - - [20/Mar/2018:09:02:04 -0300] "GET /cormun/servlet/trsolicitudot? HTTP/1.1" 200 9722
186.103.132.155 - - [20/Mar/2018:09:02:05 -0300] "GET /cormun/servlet/trsolicitudot? HTTP/1.1" 200 9714
192.168.10.56 - - [20/Mar/2018:09:02:06 -0300] "POST /cormun/servlet/trsolicitudgral?119913501ffe75b3fbc629fa97495c5b,,gx-no-cache=1521547160339 HTTP/1.1" 200 9847
186.67.164.142 - - [20/Mar/2018:09:02:08 -0300] "GET /cormun/servlet/solicitudot?INS,0,0, HTTP/1.1" 200 13418
186.67.164.142 - - [20/Mar/2018:09:02:09 -0300] "GET /cormun/servlet/solicitudot?INS,0,0, HTTP/1.1" 200 13423
186.79.88.167 - - [20/Mar/2018:09:02:11 -0300] "POST /cormun/servlet/solicitudot?gx-no-cache=1521547290217 HTTP/1.1" 200 1337
186.79.88.167 - - [20/Mar/2018:09:02:11 -0300] "POST /cormun/servlet/solicitudot?gx-no-cache=1521547290614 HTTP/1.1" 200 38
186.103.132.155 - - [20/Mar/2018:09:02:12 -0300] "POST /cormun/servlet/trsolicitudot?407181fbc184f917f59bb912c460d149,,gx-no-cache=1521547280387 HTTP/1.1" 200 20282
192.168.10.56 - - [20/Mar/2018:09:02:24 -0300] "GET /cormun/servlet/vesolicitudgral?2018,10251,, HTTP/1.1" 200 9082
192.168.10.56 - - [20/Mar/2018:09:02:24 -0300] "GET /cormun/static/gxcfg.js?201711151294153 HTTP/1.1" 304 -
192.168.10.56 - - [20/Mar/2018:09:02:24 -0300] "GET /cormun/pexe_scrolldiv.js HTTP/1.1" 404 1009
192.168.10.56 - - [20/Mar/2018:09:02:24 -0300] "GET /cormun/pexe_scrolldiv.js HTTP/1.1" 404 1009
192.168.10.56 - - [20/Mar/2018:09:02:24 -0300] "GET /cormun/static/tbsolicitudgral01.js?201813119422078 HTTP/1.1" 304 -
192.168.10.56 - - [20/Mar/2018:09:02:24 -0300] "GET /cormun/servlet/vesolicitudgral?2018,10251,, HTTP/1.1" 200 9081
192.168.10.56 - - [20/Mar/2018:09:02:27 -0300] "GET /cormun/servlet/vesolicitudgral?2018,10251,,SolicitudOTLog HTTP/1.1" 200 9957
192.168.10.56 - - [20/Mar/2018:09:02:27 -0300] "GET /cormun/pexe_scrolldiv.js HTTP/1.1" 404 1009
192.168.10.56 - - [20/Mar/2018:09:02:27 -0300] "GET /cormun/pexe_scrolldiv.js HTTP/1.1" 404 1009
192.168.10.56 - - [20/Mar/2018:09:02:27 -0300] "GET /cormun/static/tbsolicitudgral03.js?20177611585854 HTTP/1.1" 304 -
192.168.10.56 - - [20/Mar/2018:09:02:27 -0300] "GET /cormun/servlet/vesolicitudgral?2018,10251,,SolicitudOTLog HTTP/1.1" 200 9957
192.168.10.56 - - [20/Mar/2018:09:02:28 -0300] "POST /cormun/servlet/acontrolpreferencessavestate?None,OVARGAS,true HTTP/1.1" 200 35
192.168.10.56 - - [20/Mar/2018:09:02:36 -0300] "GET /cormun/servlet/vesolicitudgral?2018,10251,,General HTTP/1.1" 200 9086
192.168.10.56 - - [20/Mar/2018:09:02:36 -0300] "GET /cormun/pexe_scrolldiv.js HTTP/1.1" 404 1009
192.168.10.56 - - [20/Mar/2018:09:02:36 -0300] "GET /cormun/pexe_scrolldiv.js HTTP/1.1" 404 1009
192.168.10.56 - - [20/Mar/2018:09:02:36 -0300] "GET /cormun/servlet/vesolicitudgral?2018,10251,,General HTTP/1.1" 200 9086
192.168.10.56 - - [20/Mar/2018:09:02:38 -0300] "POST /cormun/servlet/vesolicitudgral?119913501ffe75b3fbc629fa97495c5b,2018,10251,,General,gx-no-cache=1521547191975 HTTP/1.1" 200 93
192.168.10.56 - - [20/Mar/2018:09:02:38 -0300] "GET /cormun/servlet/hpexe_return? HTTP/1.1" 200 1013
192.168.10.56 - - [20/Mar/2018:09:02:38 -0300] "GET /cormun/servlet/trsolicitudgral? HTTP/1.1" 200 12846
192.168.10.56 - - [20/Mar/2018:09:02:38 -0300] "GET /cormun/servlet/trsolicitudgral? HTTP/1.1" 200 12842
186.103.157.98 - - [20/Mar/2018:09:03:06 -0300] "GET /cormun/servlet/hlogin HTTP/1.1" 200 1729
186.103.157.98 - - [20/Mar/2018:09:03:06 -0300] "GET /cormun/static/gxtimezone.js?85251 HTTP/1.1" 304 -
200.120.230.197 - - [20/Mar/2018:09:03:12 -0300] "GET /cormun/servlet/solicitudot?5ee17472e1e3205e867ed54dd037c1f2d98eca602f450b40e045b26e96bb74416067bffed3027c495bcddd853451c7ccd6496d742bc1f1f87db7d5e10daae154e407118b77d3bebf9459f5d691899141f1f27c78c1b839cdeb29146a4452bdc330bfb8ef4fc75399a5c38c93196ef0ae,gx-no-cache=1521547351701 HTTP/1.1" 200 29
200.120.230.197 - - [20/Mar/2018:09:03:16 -0300] "POST /cormun/servlet/solicitudot?gx-no-cache=1521547351897 HTTP/1.1" 200 1319
200.120.230.197 - - [20/Mar/2018:09:03:16 -0300] "POST /cormun/servlet/solicitudot?gx-no-cache=1521547355239 HTTP/1.1" 200 1219
200.120.230.197 - - [20/Mar/2018:09:03:16 -0300] "GET /cormun/static/menuarrow.gif HTTP/1.1" 404 1015
186.103.157.98 - - [20/Mar/2018:09:03:19 -0300] "POST /cormun/servlet/hlogin?187dbb69c8d876b8aca8c33e272b94be,gx-no-cache=1521547347633 HTTP/1.1" 200 90
186.103.157.98 - - [20/Mar/2018:09:03:19 -0300] "GET /cormun/servlet/hpexe_link HTTP/1.1" 200 954
186.103.157.98 - - [20/Mar/2018:09:03:19 -0300] "GET /cormun/servlet/hhome HTTP/1.1" 200 4257
186.103.157.98 - - [20/Mar/2018:09:03:20 -0300] "GET /cormun/servlet/hhome HTTP/1.1" 200 4253
200.120.230.197 - - [20/Mar/2018:09:03:24 -0300] "POST /cormun/servlet/solicitudot?gx-no-cache=1521547358060 HTTP/1.1" 200 1319
200.120.230.197 - - [20/Mar/2018:09:03:24 -0300] "POST /cormun/servlet/solicitudot?gx-no-cache=1521547363239 HTTP/1.1" 200 1219
200.120.230.197 - - [20/Mar/2018:09:03:26 -0300] "GET /cormun/servlet/solicitudot?5ee17472e1e3205e867ed54dd037c1f2438e0556b4ca702dc49c1a2ccc93fbfbac0c68caf9198909e151b19789419afc,gx-no-cache=1521547365398 HTTP/1.1" 200 30
200.111.122.170 - - [20/Mar/2018:09:03:30 -0300] "GET /cormun/servlet/trpermisosgoce? HTTP/1.1" 200 8000
186.103.157.98 - - [20/Mar/2018:09:03:31 -0300] "GET /cormun/servlet/trsolicitudot? HTTP/1.1" 200 7476
186.103.157.98 - - [20/Mar/2018:09:03:31 -0300] "GET /cormun/static/calendar.js?85251 HTTP/1.1" 304 -
186.103.157.98 - - [20/Mar/2018:09:03:31 -0300] "GET /cormun/static/calendar-es.js?85251 HTTP/1.1" 304 -
186.103.157.98 - - [20/Mar/2018:09:03:31 -0300] "GET /cormun/static/calendar-setup.js?85251 HTTP/1.1" 304 -
186.103.157.98 - - [20/Mar/2018:09:03:31 -0300] "GET /cormun/static/gxdec.js?85251 HTTP/1.1" 304 -
200.111.122.170 - - [20/Mar/2018:09:03:31 -0300] "GET /cormun/servlet/trpermisosgoce? HTTP/1.1" 200 7999
186.103.157.98 - - [20/Mar/2018:09:03:31 -0300] "GET /cormun/servlet/trsolicitudot? HTTP/1.1" 200 7476
200.120.230.197 - - [20/Mar/2018:09:03:33 -0300] "POST /cormun/servlet/solicitudot?gx-no-cache=1521547372014 HTTP/1.1" 200 30
186.103.157.98 - - [20/Mar/2018:09:03:34 -0300] "GET /cormun/servlet/trautorizarsolicitud? HTTP/1.1" 200 7379
186.103.132.155 - - [20/Mar/2018:09:03:35 -0300] "GET /cormun/servlet/permisogoce?INS,0,,, HTTP/1.1" 200 7080
186.103.157.98 - - [20/Mar/2018:09:03:35 -0300] "GET /cormun/servlet/trautorizarsolicitud? HTTP/1.1" 200 7379
186.103.132.155 - - [20/Mar/2018:09:03:36 -0300] "GET /cormun/servlet/permisogoce?INS,0,,, HTTP/1.1" 200 7080
186.103.157.98 - - [20/Mar/2018:09:03:37 -0300] "GET /cormun/servlet/trvisualizadoreventos? HTTP/1.1" 200 7015
186.103.157.98 - - [20/Mar/2018:09:03:38 -0300] "GET /cormun/servlet/trvisualizadoreventos? HTTP/1.1" 200 7014
186.67.203.186 - - [20/Mar/2018:09:03:39 -0300] "GET /cormun/servlet/prfichaempleado?,MD,,gxPopupLevel%3D0%3B HTTP/1.1" 200 9378
186.67.203.186 - - [20/Mar/2018:09:03:47 -0300] "POST /cormun/servlet/prfichaempleado?407181fbc184f917f59bb912c460d149,,MD,,gxPopupLevel%3D0%3B,gx-no-cache=1521547376906 HTTP/1.1" 200 3492
200.120.230.197 - - [20/Mar/2018:09:03:50 -0300] "POST /cormun/servlet/solicitudot?9c64d32792c30be8307c99f6568cf17e,INS,0,0,,gx-no-cache=1521547386795 HTTP/1.1" 200 93
200.120.230.197 - - [20/Mar/2018:09:03:50 -0300] "GET /cormun/servlet/hpexe_return? HTTP/1.1" 200 1001
200.120.230.197 - - [20/Mar/2018:09:03:51 -0300] "GET /cormun/servlet/trsolicitudot HTTP/1.1" 200 9325
200.120.230.197 - - [20/Mar/2018:09:03:52 -0300] "GET /cormun/servlet/trsolicitudot HTTP/1.1" 200 9321
200.120.230.197 - - [20/Mar/2018:09:04:03 -0300] "GET /cormun/servlet/vesolicitudot?2018,10641,, HTTP/1.1" 200 8608
200.120.230.197 - - [20/Mar/2018:09:04:03 -0300] "GET /cormun/static/gxcfg.js?2017111422591385 HTTP/1.1" 304 -
200.120.230.197 - - [20/Mar/2018:09:04:03 -0300] "GET /cormun/pexe_scrolldiv.js HTTP/1.1" 404 1009
200.120.230.197 - - [20/Mar/2018:09:04:03 -0300] "GET /cormun/static/vesolicitudot.js?2017111422591449 HTTP/1.1" 304 -
200.120.230.197 - - [20/Mar/2018:09:04:03 -0300] "GET /cormun/static/tbsolicitudot01.js?2017111422581186 HTTP/1.1" 304 -
200.120.230.197 - - [20/Mar/2018:09:04:04 -0300] "GET /cormun/pexe_scrolldiv.js HTTP/1.1" 404 1009
186.67.203.186 - - [20/Mar/2018:09:04:05 -0300] "POST /cormun/servlet/permisogoce?407181fbc184f917f59bb912c460d149,INS,0,,,,gx-no-cache=1521547394857 HTTP/1.1" 200 4632
186.67.203.186 - - [20/Mar/2018:09:04:05 -0300] "GET /cormun/static/Shared/jqueryui/images/ui-bg_highlight-soft_100_c6c2c8_1x100.png HTTP/1.1" 404 1117
186.67.203.186 - - [20/Mar/2018:09:04:06 -0300] "GET /cormun/static/Shared/jqueryui/images/ui-bg_flat_55_994d53_40x100.png HTTP/1.1" 404 1097
186.103.132.155 - - [20/Mar/2018:09:04:06 -0300] "GET /cormun/static/Shared/jqueryui/images/ui-icons_82798d_256x240.png HTTP/1.1" 404 1089
186.67.203.186 - - [20/Mar/2018:09:04:06 -0300] "GET /cormun/static/Shared/jqueryui/images/ui-icons_ebccce_256x240.png HTTP/1.1" 404 1089
200.120.230.197 - - [20/Mar/2018:09:04:11 -0300] "GET /cormun/servlet/vesolicitudot?2018,10641,, HTTP/1.1" 200 8607
186.67.203.186 - - [20/Mar/2018:09:04:12 -0300] "GET /cormun/servlet/permisogoce?1bed7b4c804e408267daeef49692f75d41d00648f38d532d9552cdaae6fd5bc56b23bcb9a9a14e229beab732f3781ff1fa5070b311541409ceb9730142306d5647d5b7ba2881e9e8b3c343204b04b6f2baa6890da6282fd6676c534fcf832844ca20e8bbc1e1af0332312325ae09b4acfa5070b311541409ceb9730142306d5647d5b7ba2881e9e8b3c343204b04b6f2b52a60df8e906f611a32b513851a562f685100b5077580f00429a4c89b77c9406eed48ccf35067df00bd68aa8b14ed3f72f46db3d004152430dfc7678fb3af6b,gx-no-cache=1521547401613 HTTP/1.1" 200 177
186.67.203.186 - - [20/Mar/2018:09:04:19 -0300] "GET /cormun/static/menuarrow.gif HTTP/1.1" 404 1015
186.103.157.98 - - [20/Mar/2018:09:04:23 -0300] "GET /cormun/servlet/trvisualizadoreventos? HTTP/1.1" 200 7014
186.103.157.98 - - [20/Mar/2018:09:04:24 -0300] "GET /cormun/servlet/trvisualizadoreventos? HTTP/1.1" 200 7014
186.79.88.167 - - [20/Mar/2018:09:04:45 -0300] "POST /cormun/servlet/vesolicitudot?9c64d32792c30be8307c99f6568cf17e,2018,10641,,,gx-no-cache=1521547442634 HTTP/1.1" 200 90
186.79.88.167 - - [20/Mar/2018:09:04:46 -0300] "GET /cormun/servlet/hpexe_link HTTP/1.1" 200 961
186.79.88.167 - - [20/Mar/2018:09:04:46 -0300] "GET /cormun/servlet/trsolicitudot HTTP/1.1" 200 9323
186.79.88.167 - - [20/Mar/2018:09:04:48 -0300] "GET /cormun/servlet/trsolicitudot HTTP/1.1" 200 9321
186.79.88.167 - - [20/Mar/2018:09:04:56 -0300] "POST /cormun/servlet/trsolicitudot?9c64d32792c30be8307c99f6568cf17e,gx-no-cache=1521547453360 HTTP/1.1" 200 5866
186.79.88.167 - - [20/Mar/2018:09:04:56 -0300] "GET /cormun/static/Shared/jqueryui/images/ui-bg_highlight-soft_100_c6c2c8_1x100.png HTTP/1.1" 404 1117
200.120.230.197 - - [20/Mar/2018:09:04:56 -0300] "GET /cormun/static/Shared/jqueryui/images/ui-icons_82798d_256x240.png HTTP/1.1" 404 1089
200.120.230.197 - - [20/Mar/2018:09:04:56 -0300] "GET /cormun/static/Shared/jqueryui/images/ui-bg_flat_55_fafafa_40x100.png HTTP/1.1" 404 1097
186.79.88.167 - - [20/Mar/2018:09:04:56 -0300] "GET /cormun/static/Shared/jqueryui/images/ui-icons_8d78a5_256x240.png HTTP/1.1" 404 1089
186.79.88.167 - - [20/Mar/2018:09:04:57 -0300] "POST /cormun/servlet/trsolicitudot?9c64d32792c30be8307c99f6568cf17e,gx-no-cache=1521547455682 HTTP/1.1" 200 5809
186.79.88.167 - - [20/Mar/2018:09:04:59 -0300] "GET /cormun/servlet/solicitudot?INS,0,0, HTTP/1.1" 200 13661
186.79.88.167 - - [20/Mar/2018:09:05:01 -0300] "GET /cormun/servlet/solicitudot?INS,0,0, HTTP/1.1" 200 13666
186.67.164.142 - - [20/Mar/2018:09:06:21 -0300] "POST /cormun/servlet/solicitudot?gx-no-cache=1521547529977 HTTP/1.1" 200 3284
186.67.164.142 - - [20/Mar/2018:09:06:23 -0300] "POST /cormun/servlet/solicitudot?c1df2d2d7298d92f6669ab8bdad2d625,INS,0,0,,gx-no-cache=1521547530364 HTTP/1.1" 200 10246
186.67.164.142 - - [20/Mar/2018:09:06:26 -0300] "GET /cormun/servlet/solicitudot?d28c02e8aa8587613b49fe9be1689ff35813502ccfe4af0fa0961223a478169bb36e9b417d589ea164eeb47d969ea11a,gx-no-cache=1521547534559 HTTP/1.1" 200 30
200.120.230.197 - - [20/Mar/2018:09:07:25 -0300] "POST /cormun/servlet/solicitudot?gx-no-cache=1521547603786 HTTP/1.1" 200 3365
200.120.230.197 - - [20/Mar/2018:09:07:26 -0300] "POST /cormun/servlet/solicitudot?9c64d32792c30be8307c99f6568cf17e,INS,0,0,,gx-no-cache=1521547604299 HTTP/1.1" 200 10518
200.120.230.197 - - [20/Mar/2018:09:07:30 -0300] "GET /cormun/servlet/solicitudot?5ee17472e1e3205e867ed54dd037c1f249cbcbb13ddec3197ffe608bd4fb7aaad75cd198d2cd658f1881edcfa8a37cd0,gx-no-cache=1521547608934 HTTP/1.1" 200 30
200.120.230.197 - - [20/Mar/2018:09:07:30 -0300] "GET /cormun/servlet/solicitudot?5ee17472e1e3205e867ed54dd037c1f258c367cb67706f33dec09065f6c341f1,gx-no-cache=1521547609073 HTTP/1.1" 200 94
200.120.230.197 - - [20/Mar/2018:09:07:30 -0300] "GET /cormun/static/Shared/jqueryui/images/ui-bg_highlight-soft_100_c6c2c8_1x100.png HTTP/1.1" 404 1117
200.120.230.197 - - [20/Mar/2018:09:07:30 -0300] "GET /cormun/servlet/solicitudot?5ee17472e1e3205e867ed54dd037c1f2510b49bf037e571355b1db04aacd26d5,gx-no-cache=1521547609225 HTTP/1.1" 200 51
200.120.230.197 - - [20/Mar/2018:09:07:30 -0300] "GET /cormun/static/Shared/jqueryui/images/ui-icons_82798d_256x240.png HTTP/1.1" 404 1089
200.120.230.197 - - [20/Mar/2018:09:07:30 -0300] "GET /cormun/static/Shared/jqueryui/images/ui-bg_flat_55_994d53_40x100.png HTTP/1.1" 404 1097
200.120.230.197 - - [20/Mar/2018:09:07:30 -0300] "GET /cormun/static/Shared/jqueryui/images/ui-icons_ebccce_256x240.png HTTP/1.1" 404 1089
200.120.230.197 - - [20/Mar/2018:09:07:30 -0300] "POST /cormun/servlet/solicitudot?gx-no-cache=1521547609346 HTTP/1.1" 200 255
200.120.230.197 - - [20/Mar/2018:09:07:31 -0300] "GET /cormun/servlet/solicitudot?5ee17472e1e3205e867ed54dd037c1f2e1867ec8cebf06d65f8d7dec1d9cf45cc1a17a6db8a534d407a43c008176824bd53897b29ca21536602b900d3d2c3f0e603250144e25ab21714d6d6b5889669e11beea00efbddb8bb910dc5880c63fb65e5a7f0d6cb36020ca77e3a8d92fab1e03a20808c109fa2202242b29e9cbbf832b1528fc1a1880305c789dd811802210d6caf7835dcba33a6f4e37e5be02bbc2d5d8bb1255af75b371cd7ebd5455a5a3ba88fd1e2e9ec01cc77f161c2f363288c9d53c781a4c4e4eb223a8a615881cf0af421cef96088fe3eb1f9b91844e3bb4bbaf1f15d100e6c4ddbb8a4411b34cfd487531d76b78d52970447e606fe4602684c832f7022537068b7dcbffc760bb0ac341fe0dc80a796e9d8c703e25a8b7f3eaebe674fc0b348a9d3124746789edb6f28ec958fc07b991346db2b8d60c4ae9dc783f255d6947add77615b8591bc3be5544a8c61180ba438aa58955c6d9b32b7dc59470c28f328fdf9bb23a7f58b55bcf910da4c39e163bc14cdfb28b7f75ff,gx-no-cache=1521547609434 HTTP/1.1" 200 30
200.120.230.197 - - [20/Mar/2018:09:07:36 -0300] "POST /cormun/servlet/solicitudot?gx-no-cache=1521547615705 HTTP/1.1" 200 30
200.120.230.197 - - [20/Mar/2018:09:07:38 -0300] "GET /cormun/servlet/prsolicitudot?10026195,,,,,MD,,gxPopupLevel%3D0%3B HTTP/1.1" 200 6114
200.120.230.197 - - [20/Mar/2018:09:07:38 -0300] "GET /cormun/static/gxcfg.js?2017111422591492 HTTP/1.1" 304 -
200.120.230.197 - - [20/Mar/2018:09:07:46 -0300] "POST /cormun/servlet/solicitudot?gx-no-cache=1521547625499 HTTP/1.1" 200 1418
200.120.230.197 - - [20/Mar/2018:09:07:46 -0300] "POST /cormun/servlet/solicitudot?gx-no-cache=1521547625653 HTTP/1.1" 200 117
200.120.230.197 - - [20/Mar/2018:09:07:46 -0300] "GET /cormun/servlet/solicitudot?5ee17472e1e3205e867ed54dd037c1f2d98eca602f450b40e045b26e96bb74416067bffed3027c495bcddd853451c7ccb6127d41a9d023598fc3e8b62a60cf0182e84727be21825f0af1d17f4384bda3f192784203469383add422c7b0f9e6aa04479ddb0db9fa75add9ea1a721df2316d78a23bc16f3f371e357d21d1be19b8d46ca7d411b177991a9389a032583779177bace1d6bdf5547a010541c5f89279,gx-no-cache=1521547625784 HTTP/1.1" 200 29
200.120.230.197 - - [20/Mar/2018:09:07:47 -0300] "GET /cormun/servlet/solicitudot?5ee17472e1e3205e867ed54dd037c1f239b05ab3abb7ca581abbc64577e02d9ecb4cd91c57e13f000e5e35601883ebdf9fb8b0d39803405f8ec27b82fce9647a6aae83e79a1bd461556d7c8b9f3b7b88c35f0cdf07de0e1a19c72257967222014f878a7e34a21f16940510ef4409902dc526df78e925224b91adad4d162b57e8116e5301d5b1e047e3e52d3508986a17de8c726aee9bcc1ba59d2d7416aca6433ddfb8eb3cb4a791c6ba99b42426dbefb6ae506699fb88b82593d02238cf2862,gx-no-cache=1521547625887 HTTP/1.1" 200 62
200.120.230.197 - - [20/Mar/2018:09:07:47 -0300] "GET /cormun/servlet/solicitudot?5d53ca154f4218fa98200f05a9c5eef1c026d8bde6ef9573b59bdf27eaf88139dc288fb0b1affba314fb31296d134f7cd0e68dea3c1ab39068fda79f519447ef33d143df0ce2ac0a4ca256f7ac3fc35a,gx-no-cache=1521547625978 HTTP/1.1" 200 55
200.120.230.197 - - [20/Mar/2018:09:07:47 -0300] "GET /cormun/servlet/solicitudot?5ee17472e1e3205e867ed54dd037c1f2ea7799c815890d0c8db212d2e024cc0d49c82a97a3b58f5835f06817ccac520a,gx-no-cache=1521547626079 HTTP/1.1" 200 30
200.120.230.197 - - [20/Mar/2018:09:08:17 -0300] "GET /cormun/servlet/prlicenciaspermisos?10287673,L,,MD,,gxPopupLevel%3D0%3B HTTP/1.1" 200 6029
200.120.230.197 - - [20/Mar/2018:09:08:17 -0300] "GET /cormun/static/gxcfg.js?20176272053834 HTTP/1.1" 200 953
200.120.230.197 - - [20/Mar/2018:09:08:17 -0300] "GET /cormun/static/prlicenciaspermisos.js?20176272054050 HTTP/1.1" 200 13379
200.120.230.197 - - [20/Mar/2018:09:08:22 -0300] "POST /cormun/servlet/solicitudot?gx-no-cache=1521547660844 HTTP/1.1" 200 1337
200.120.230.197 - - [20/Mar/2018:09:08:29 -0300] "POST /cormun/servlet/solicitudot?gx-no-cache=1521547668097 HTTP/1.1" 200 41
200.120.230.197 - - [20/Mar/2018:09:08:41 -0300] "POST /cormun/servlet/solicitudot?gx-no-cache=1521547679844 HTTP/1.1" 200 1319
200.120.230.197 - - [20/Mar/2018:09:08:41 -0300] "POST /cormun/servlet/solicitudot?gx-no-cache=1521547679958 HTTP/1.1" 200 1219
200.120.230.197 - - [20/Mar/2018:09:08:41 -0300] "POST /cormun/servlet/solicitudot?gx-no-cache=1521547680090 HTTP/1.1" 200 122
200.120.230.197 - - [20/Mar/2018:09:08:47 -0300] "GET /cormun/static/menuarrow.gif HTTP/1.1" 404 1015
200.120.230.197 - - [20/Mar/2018:09:08:56 -0300] "GET /cormun/servlet/solicitudot?5ee17472e1e3205e867ed54dd037c1f2438e0556b4ca702dc49c1a2ccc93fbfb05f34dd2923e9a312b87e83b1a985f39,gx-no-cache=1521547695431 HTTP/1.1" 200 30
200.120.230.197 - - [20/Mar/2018:09:09:10 -0300] "POST /cormun/servlet/solicitudot?gx-no-cache=1521547709624 HTTP/1.1" 200 32
200.120.230.197 - - [20/Mar/2018:09:09:49 -0300] "POST /cormun/servlet/solicitudot?9c64d32792c30be8307c99f6568cf17e,INS,0,0,,gx-no-cache=1521547747630 HTTP/1.1" 200 11967
200.120.230.197 - - [20/Mar/2018:09:10:06 -0300] "GET /cormun/servlet/solicitudot?5ee17472e1e3205e867ed54dd037c1f2c39d479bd9f080087edd2e977a8684a4de34af6711a9379de5cfc07ecf1bb768a276c054511ba9109541712a70282db5,gx-no-cache=1521547764817 HTTP/1.1" 200 30
200.120.230.197 - - [20/Mar/2018:09:10:07 -0300] "POST /cormun/servlet/solicitudot?gx-no-cache=1521547765833 HTTP/1.1" 200 256
200.120.230.197 - - [20/Mar/2018:09:10:07 -0300] "GET /cormun/servlet/solicitudot?5ee17472e1e3205e867ed54dd037c1f2e1867ec8cebf06d65f8d7dec1d9cf45cc1a17a6db8a534d407a43c008176824bd53897b29ca21536602b900d3d2c3f0e603250144e25ab21714d6d6b5889669e11beea00efbddb8bb910dc5880c63fb65e5a7f0d6cb36020ca77e3a8d92fab1e03a20808c109fa2202242b29e9cbbf832b1528fc1a1880305c789dd811802210d6caf7835dcba33a6f4e37e5be02bbc2d5d8bb1255af75b371cd7ebd5455a5a3ba88fd1e2e9ec01cc77f161c2f363288c9d53c781a4c4e4eb223a8a615881cf0af421cef96088fe3eb1f9b91844e3bb4bbaf1f15d100e6c4ddbb8a4411b34cfd487531d76b78d52970447e606fe4602684c832f7022537068b7dcbffc760bb0ac341fe0dc80a796e9d8c703e25a8b7f3eaebe674fc0b348a9d3124746789edb6f28ec958fc07b991346db2b8d60c4ae9dc783f255d6947add77615b8591bc3be5544a8c61180ba438aa58955c6d9b32b7dc59470c28f328fdf9bb23a7f58b55bd437add7432f715ae2c5be72b8b6bf44,gx-no-cache=1521547765934 HTTP/1.1" 200 30
200.120.230.197 - - [20/Mar/2018:09:10:07 -0300] "POST /cormun/servlet/solicitudot?gx-no-cache=1521547766443 HTTP/1.1" 200 30
200.120.230.197 - - [20/Mar/2018:09:10:07 -0300] "POST /cormun/servlet/solicitudot?gx-no-cache=1521547766576 HTTP/1.1" 200 1337
200.120.230.197 - - [20/Mar/2018:09:10:08 -0300] "POST /cormun/servlet/solicitudot?gx-no-cache=1521547766846 HTTP/1.1" 200 41
200.120.230.197 - - [20/Mar/2018:09:10:09 -0300] "POST /cormun/servlet/solicitudot?gx-no-cache=1521547767330 HTTP/1.1" 200 1319
200.120.230.197 - - [20/Mar/2018:09:10:09 -0300] "POST /cormun/servlet/solicitudot?gx-no-cache=1521547768525 HTTP/1.1" 200 1219
200.120.230.197 - - [20/Mar/2018:09:10:10 -0300] "GET /cormun/servlet/solicitudot?5ee17472e1e3205e867ed54dd037c1f2438e0556b4ca702dc49c1a2ccc93fbfb05f34dd2923e9a312b87e83b1a985f39,gx-no-cache=1521547768703 HTTP/1.1" 200 30
200.120.230.197 - - [20/Mar/2018:09:10:10 -0300] "POST /cormun/servlet/solicitudot?gx-no-cache=1521547769087 HTTP/1.1" 200 32
200.120.230.197 - - [20/Mar/2018:09:10:12 -0300] "POST /cormun/servlet/solicitudot?9c64d32792c30be8307c99f6568cf17e,INS,0,0,,gx-no-cache=1521547769195 HTTP/1.1" 200 93
200.120.230.197 - - [20/Mar/2018:09:10:12 -0300] "GET /cormun/servlet/hpexe_return? HTTP/1.1" 200 1022
200.120.230.197 - - [20/Mar/2018:09:10:12 -0300] "GET /cormun/servlet/trsolicitudot?gx-no-cache=1521547455682 HTTP/1.1" 200 9396
200.120.230.197 - - [20/Mar/2018:09:10:14 -0300] "GET /cormun/servlet/trsolicitudot?gx-no-cache=1521547455682 HTTP/1.1" 200 9411
186.79.88.167 - - [20/Mar/2018:09:10:18 -0300] "GET /cormun/servlet/vesolicitudot?2018,10642,, HTTP/1.1" 200 8623
186.103.157.235 - - [20/Mar/2018:09:10:22 -0300] "GET /cormun/servlet/hlogin HTTP/1.1" 200 1720
186.79.88.167 - - [20/Mar/2018:09:10:24 -0300] "GET /cormun/pexe_scrolldiv.js HTTP/1.1" 404 1009
186.79.88.167 - - [20/Mar/2018:09:10:25 -0300] "GET /cormun/servlet/vesolicitudot?2018,10642,, HTTP/1.1" 200 8600
186.103.157.235 - - [20/Mar/2018:09:10:25 -0300] "GET /cormun/servlet/hlogin HTTP/1.1" 200 1720
192.168.10.61 - - [20/Mar/2018:09:10:37 -0300] "GET /cormun/servlet/hlogin HTTP/1.1" 200 1726
192.168.10.61 - - [20/Mar/2018:09:10:51 -0300] "POST /cormun/servlet/hlogin?ea376cb39ede6ce84a6ea8ed9e71eeb5,gx-no-cache=1521547710445 HTTP/1.1" 200 90
192.168.10.61 - - [20/Mar/2018:09:10:51 -0300] "GET /cormun/servlet/hpexe_link HTTP/1.1" 200 981
192.168.10.61 - - [20/Mar/2018:09:10:51 -0300] "GET /cormun/servlet/trsolicitudgral?gx-no-cache=1521545285441 HTTP/1.1" 200 12213
192.168.10.61 - - [20/Mar/2018:09:10:52 -0300] "GET /cormun/servlet/trsolicitudgral?gx-no-cache=1521545285441 HTTP/1.1" 200 12234
192.168.10.61 - - [20/Mar/2018:09:11:14 -0300] "POST /cormun/servlet/trsolicitudgral?ea376cb39ede6ce84a6ea8ed9e71eeb5,gx-no-cache=1521545285441,gx-no-cache=1521547732595 HTTP/1.1" 200 13486
186.79.88.167 - - [20/Mar/2018:09:11:25 -0300] "POST /cormun/servlet/vesolicitudot?9c64d32792c30be8307c99f6568cf17e,2018,10642,,,gx-no-cache=1521547841835 HTTP/1.1" 200 90
186.79.88.167 - - [20/Mar/2018:09:11:25 -0300] "GET /cormun/servlet/hpexe_link HTTP/1.1" 200 981
186.79.88.167 - - [20/Mar/2018:09:11:26 -0300] "GET /cormun/servlet/trsolicitudot?gx-no-cache=1521547455682 HTTP/1.1" 200 9393
186.103.157.246 - - [20/Mar/2018:09:11:28 -0300] "GET /cormun/servlet/hlogin HTTP/1.1" 200 1726
186.103.157.246 - - [20/Mar/2018:09:11:28 -0300] "GET /cormun/static/gxcfg.js?20175251213516 HTTP/1.1" 304 -
186.103.157.246 - - [20/Mar/2018:09:11:28 -0300] "GET /cormun/static/gxtimezone.js?85251 HTTP/1.1" 304 -
186.79.88.167 - - [20/Mar/2018:09:11:28 -0300] "GET /cormun/servlet/trsolicitudot?gx-no-cache=1521547455682 HTTP/1.1" 200 9411
186.103.157.246 - - [20/Mar/2018:09:11:28 -0300] "GET /cormun/static/messages.spa.js?85251 HTTP/1.1" 304 -
186.103.157.246 - - [20/Mar/2018:09:11:29 -0300] "GET /cormun/servlet/hlogin HTTP/1.1" 200 1732
192.168.10.61 - - [20/Mar/2018:09:11:51 -0300] "POST /cormun/servlet/trsolicitudgral?ea376cb39ede6ce84a6ea8ed9e71eeb5,gx-no-cache=1521545285441,gx-no-cache=1521547770348 HTTP/1.1" 200 7808
186.103.157.246 - - [20/Mar/2018:09:11:51 -0300] "POST /cormun/servlet/hlogin?78555255fa6466fe1deed831aabfd4bc,gx-no-cache=1521547862345 HTTP/1.1" 200 90
186.103.157.246 - - [20/Mar/2018:09:11:52 -0300] "GET /cormun/servlet/hpexe_link HTTP/1.1" 200 953
186.103.157.246 - - [20/Mar/2018:09:11:52 -0300] "GET /cormun/static/gxcfg.js?20177612121792 HTTP/1.1" 304 -
186.103.157.246 - - [20/Mar/2018:09:11:53 -0300] "GET /cormun/servlet/hhome HTTP/1.1" 200 3881
186.103.157.246 - - [20/Mar/2018:09:11:53 -0300] "GET /cormun/static/gxcfg.js?20175251212442 HTTP/1.1" 304 -
186.103.157.246 - - [20/Mar/2018:09:11:54 -0300] "GET /cormun/servlet/hhome HTTP/1.1" 200 3878
186.103.157.246 - - [20/Mar/2018:09:11:58 -0300] "GET /cormun/servlet/trsolicitudot? HTTP/1.1" 200 8966
186.103.157.246 - - [20/Mar/2018:09:11:58 -0300] "GET /cormun/static/gxcfg.js?2017111422585916 HTTP/1.1" 304 -
186.103.157.246 - - [20/Mar/2018:09:11:58 -0300] "GET /cormun/static/calendar-setup.js?85251 HTTP/1.1" 304 -
186.103.157.246 - - [20/Mar/2018:09:11:58 -0300] "GET /cormun/static/calendar-es.js?85251 HTTP/1.1" 304 -
186.103.157.246 - - [20/Mar/2018:09:11:58 -0300] "GET /cormun/static/calendar.js?85251 HTTP/1.1" 304 -
186.103.157.246 - - [20/Mar/2018:09:11:59 -0300] "GET /cormun/static/gxdec.js?85251 HTTP/1.1" 304 -
186.103.157.246 - - [20/Mar/2018:09:11:59 -0300] "GET /cormun/servlet/trsolicitudot? HTTP/1.1" 200 8966
186.103.157.246 - - [20/Mar/2018:09:12:33 -0300] "GET /cormun/static/menuarrow.gif HTTP/1.1" 404 1015
200.120.230.197 - - [20/Mar/2018:09:12:48 -0300] "POST /cormun/servlet/trsolicitudot?9c64d32792c30be8307c99f6568cf17e,gx-no-cache=1521547455682,gx-no-cache=1521547927145 HTTP/1.1" 200 5867
200.120.230.197 - - [20/Mar/2018:09:12:48 -0300] "GET /cormun/static/Shared/jqueryui/images/ui-bg_highlight-soft_100_c6c2c8_1x100.png HTTP/1.1" 404 1117
200.120.230.197 - - [20/Mar/2018:09:12:48 -0300] "GET /cormun/static/Shared/jqueryui/images/ui-icons_82798d_256x240.png HTTP/1.1" 404 1089
200.120.230.197 - - [20/Mar/2018:09:12:48 -0300] "GET /cormun/static/Shared/jqueryui/images/ui-icons_8d78a5_256x240.png HTTP/1.1" 404 1089
200.120.230.197 - - [20/Mar/2018:09:12:49 -0300] "GET /cormun/static/Shared/jqueryui/images/ui-bg_flat_55_fafafa_40x100.png HTTP/1.1" 404 1097
186.79.88.167 - - [20/Mar/2018:09:12:53 -0300] "POST /cormun/servlet/trsolicitudot?9c64d32792c30be8307c99f6568cf17e,gx-no-cache=1521547455682,gx-no-cache=1521547927794 HTTP/1.1" 200 5809
186.103.157.246 - - [20/Mar/2018:09:12:58 -0300] "POST /cormun/servlet/trsolicitudot?78555255fa6466fe1deed831aabfd4bc,,gx-no-cache=1521547923440 HTTP/1.1" 200 22702
186.79.88.167 - - [20/Mar/2018:09:13:06 -0300] "GET /cormun/servlet/hlogin HTTP/1.1" 200 1751
186.103.157.246 - - [20/Mar/2018:09:13:24 -0300] "POST /cormun/servlet/trsolicitudot?78555255fa6466fe1deed831aabfd4bc,,gx-no-cache=1521547953224 HTTP/1.1" 200 22680
186.103.157.246 - - [20/Mar/2018:09:13:59 -0300] "POST /cormun/servlet/trsolicitudot?78555255fa6466fe1deed831aabfd4bc,,gx-no-cache=1521547985235 HTTP/1.1" 200 102
186.103.157.246 - - [20/Mar/2018:09:13:59 -0300] "GET /cormun/SolicitudOT-474.xls HTTP/1.1" 200 39424
46.174.191.28 - - [20/Mar/2018:09:14:41 -0300] "GET / HTTP/1.0" 200 11197
186.103.157.235 - - [20/Mar/2018:09:15:19 -0300] "POST /cormun/servlet/hlogin?5b3f871144ed3c142df331725ac745d3,gx-no-cache=1521548068346 HTTP/1.1" 200 90
186.103.157.235 - - [20/Mar/2018:09:15:19 -0300] "GET /cormun/servlet/hpexe_link HTTP/1.1" 200 949
186.103.157.235 - - [20/Mar/2018:09:15:19 -0300] "GET /cormun/servlet/hhome HTTP/1.1" 200 4223
186.103.157.235 - - [20/Mar/2018:09:15:20 -0300] "GET /cormun/servlet/hhome HTTP/1.1" 200 4219
186.103.157.235 - - [20/Mar/2018:09:15:34 -0300] "GET /cormun/servlet/trsolicitudot? HTTP/1.1" 200 7429
186.103.157.235 - - [20/Mar/2018:09:15:36 -0300] "GET /cormun/servlet/trsolicitudot? HTTP/1.1" 200 7440
186.103.157.235 - - [20/Mar/2018:09:15:59 -0300] "GET /cormun/servlet/solicitudot?INS,0,0, HTTP/1.1" 200 13665
186.103.157.235 - - [20/Mar/2018:09:16:00 -0300] "GET /cormun/servlet/solicitudot?INS,0,0, HTTP/1.1" 200 13670
186.103.157.235 - - [20/Mar/2018:09:16:17 -0300] "POST /cormun/servlet/solicitudot?gx-no-cache=1521548125298 HTTP/1.1" 200 3284
