186.79.62.124 - - [20/Mar/2018:13:16:15 -0300] "GET /cormun/servlet/licenciaspermisos?be3042bee4a241046875695e36d37c4009518801acf0f130aea995b1890b05cb3bc23accd651d8c280648ef5ff6dc66cb26ac988fad17677e3bfa177a8639f5e454c1c8aa23cba434e4510da7377489c6f9fe7dacbc4934dcc7da577d29e99d8e3592c7167096dad200e45b3767a35e9d6dfd202995d757d3b86e02c3d95a6d82eaba0269c607d31f2bbed2ce85f92953956cead2ea48f321e260681702e2406c6b5d42624b8fecf9e099e54041a499543e4aae6b3cc371ce12a8c008842b873d7dca898d854a1530158526a404ecbb049100f419e7e07c89f6803d696ceefbb,gx-no-cache=1521562526084 HTTP/1.1" 200 29
186.79.62.124 - - [20/Mar/2018:13:16:16 -0300] "POST /cormun/servlet/licenciaspermisos?e4200272f7e7dcbf990a577733625ff6,INS,0,,,,gx-no-cache=1521562526302 HTTP/1.1" 200 93
186.79.62.124 - - [20/Mar/2018:13:16:16 -0300] "GET /cormun/servlet/hpexe_return? HTTP/1.1" 200 1013
186.79.62.124 - - [20/Mar/2018:13:16:17 -0300] "GET /cormun/servlet/trlicencias HTTP/1.1" 200 9988
186.79.62.124 - - [20/Mar/2018:13:16:19 -0300] "GET /cormun/servlet/trlicencias HTTP/1.1" 200 9983
186.67.164.142 - - [20/Mar/2018:13:16:27 -0300] "POST /cormun/servlet/solicitudotadjuntos?1a4c68eb3a879bb4c918cd683e49615f,INS,2018,10671,,2,,gx-no-cache=1521562535317 HTTP/1.1" 200 93
186.67.164.142 - - [20/Mar/2018:13:16:27 -0300] "GET /cormun/servlet/hpexe_return? HTTP/1.1" 200 1021
186.67.164.142 - - [20/Mar/2018:13:16:28 -0300] "GET /cormun/servlet/trsolicitudadjuntos?2018,10671, HTTP/1.1" 200 9673
186.67.164.142 - - [20/Mar/2018:13:16:29 -0300] "GET /cormun/servlet/trsolicitudadjuntos?2018,10671, HTTP/1.1" 200 9668
186.67.164.142 - - [20/Mar/2018:13:16:37 -0300] "POST /cormun/servlet/trsolicitudadjuntos?1a4c68eb3a879bb4c918cd683e49615f,2018,10671,,gx-no-cache=1521562545011 HTTP/1.1" 200 90
186.79.62.124 - - [20/Mar/2018:13:16:37 -0300] "GET /cormun/servlet/alicenciaprn?19854422,L,20180320000000,PU HTTP/1.1" 200 1557
186.67.164.142 - - [20/Mar/2018:13:16:37 -0300] "GET /cormun/servlet/hpexe_link HTTP/1.1" 200 963
186.67.164.142 - - [20/Mar/2018:13:16:37 -0300] "GET /cormun/servlet/trsolicitudot HTTP/1.1" 200 9611
186.67.164.142 - - [20/Mar/2018:13:16:38 -0300] "GET /cormun/servlet/trsolicitudot HTTP/1.1" 200 9610
186.103.159.204 - - [20/Mar/2018:13:16:47 -0300] "GET /cormun/servlet/trsolicitudot? HTTP/1.1" 200 12795
186.103.159.204 - - [20/Mar/2018:13:16:47 -0300] "GET /cormun/servlet/trsolicitudot? HTTP/1.1" 200 12794
186.67.164.142 - - [20/Mar/2018:13:17:13 -0300] "POST /cormun/servlet/trsolicitudot?1a4c68eb3a879bb4c918cd683e49615f,gx-no-cache=1521562580698 HTTP/1.1" 200 6235
186.67.164.142 - - [20/Mar/2018:13:17:13 -0300] "GET /cormun/static/Shared/jqueryui/images/ui-bg_highlight-soft_100_c6c2c8_1x100.png HTTP/1.1" 404 1117
186.67.164.142 - - [20/Mar/2018:13:17:13 -0300] "GET /cormun/static/Shared/jqueryui/images/ui-icons_82798d_256x240.png HTTP/1.1" 404 1089
186.67.164.142 - - [20/Mar/2018:13:17:13 -0300] "GET /cormun/static/Shared/jqueryui/images/ui-bg_flat_55_fafafa_40x100.png HTTP/1.1" 404 1097
186.67.164.142 - - [20/Mar/2018:13:17:13 -0300] "GET /cormun/static/Shared/jqueryui/images/ui-icons_8d78a5_256x240.png HTTP/1.1" 404 1089
186.67.164.142 - - [20/Mar/2018:13:17:13 -0300] "POST /cormun/servlet/trsolicitudot?1a4c68eb3a879bb4c918cd683e49615f,gx-no-cache=1521562581213 HTTP/1.1" 200 6177
186.67.164.142 - - [20/Mar/2018:13:17:17 -0300] "GET /cormun/servlet/solicitudot?INS,0,0, HTTP/1.1" 200 13408
186.67.164.142 - - [20/Mar/2018:13:17:18 -0300] "GET /cormun/servlet/solicitudot?INS,0,0, HTTP/1.1" 200 13413
186.67.164.142 - - [20/Mar/2018:13:17:27 -0300] "POST /cormun/servlet/solicitudot?gx-no-cache=1521562595689 HTTP/1.1" 200 3292
186.67.164.142 - - [20/Mar/2018:13:17:28 -0300] "POST /cormun/servlet/solicitudot?1a4c68eb3a879bb4c918cd683e49615f,INS,0,0,,gx-no-cache=1521562595929 HTTP/1.1" 200 10241
186.67.164.142 - - [20/Mar/2018:13:17:29 -0300] "GET /cormun/servlet/solicitudot?928f28d6f106014ad894da579b48fdca557085c53ec27d62473bb2cadcc83ac955fd61ce2930c0a64a4887bd908c2c7c,gx-no-cache=1521562597048 HTTP/1.1" 200 30
186.103.159.204 - - [20/Mar/2018:13:17:36 -0300] "POST /cormun/servlet/trsolicitudot?6aaf39c2e7352bbe7d38893de99cd1d1,,gx-no-cache=1521562603098 HTTP/1.1" 200 9866
190.100.93.40 - - [20/Mar/2018:13:20:20 -0300] "GET /cormun/servlet/trfichaempleado? HTTP/1.1" 200 15153
190.100.93.40 - - [20/Mar/2018:13:20:27 -0300] "GET /cormun/servlet/trfichaempleado? HTTP/1.1" 200 15153
190.100.93.40 - - [20/Mar/2018:13:20:46 -0300] "GET /cormun/servlet/trfichaempleado? HTTP/1.1" 200 15153
192.168.10.96 - - [20/Mar/2018:13:21:39 -0300] "POST /cormun/servlet/vesolicitudgral?0bd1f58c8c574a58fd5736df136f78f4,2018,10113,,SolicitudOTAdjuntos,gx-no-cache=1521562733222 HTTP/1.1" 200 90
192.168.10.96 - - [20/Mar/2018:13:21:39 -0300] "GET /cormun/servlet/hpexe_link HTTP/1.1" 200 998
192.168.10.96 - - [20/Mar/2018:13:21:39 -0300] "GET /cormun/servlet/trsolicitudgral?gx-no-cache=1521560404974 HTTP/1.1" 200 16555
192.168.10.96 - - [20/Mar/2018:13:21:40 -0300] "GET /cormun/servlet/trsolicitudgral?gx-no-cache=1521560404974 HTTP/1.1" 200 16574
192.168.10.96 - - [20/Mar/2018:13:21:44 -0300] "GET /cormun/servlet/vesolicitudgral?2018,8836,, HTTP/1.1" 200 9298
192.168.10.96 - - [20/Mar/2018:13:21:44 -0300] "GET /cormun/pexe_scrolldiv.js HTTP/1.1" 404 1009
192.168.10.96 - - [20/Mar/2018:13:21:44 -0300] "GET /cormun/pexe_scrolldiv.js HTTP/1.1" 404 1009
192.168.10.96 - - [20/Mar/2018:13:21:44 -0300] "GET /cormun/servlet/vesolicitudgral?2018,8836,, HTTP/1.1" 200 9276
192.168.10.96 - - [20/Mar/2018:13:21:46 -0300] "GET /cormun/servlet/vesolicitudgral?2018,8836,,SolicitudOTAdjuntos HTTP/1.1" 200 11495
192.168.10.96 - - [20/Mar/2018:13:21:46 -0300] "GET /cormun/pexe_scrolldiv.js HTTP/1.1" 404 1009
192.168.10.96 - - [20/Mar/2018:13:21:46 -0300] "GET /cormun/pexe_scrolldiv.js HTTP/1.1" 404 1009
192.168.10.96 - - [20/Mar/2018:13:21:47 -0300] "GET /cormun/servlet/vesolicitudgral?2018,8836,,SolicitudOTAdjuntos HTTP/1.1" 200 11499
192.168.10.96 - - [20/Mar/2018:13:21:48 -0300] "POST /cormun/servlet/acontrolpreferencessavestate?None,DZAMUDIO,true HTTP/1.1" 200 35
192.168.10.96 - - [20/Mar/2018:13:21:48 -0300] "GET /cormun/PublicTempStorage/certificado_de_fonasa956155.pdf HTTP/1.1" 200 141544
186.67.164.142 - - [20/Mar/2018:13:24:11 -0300] "GET /cormun/servlet/solicitudot?928f28d6f106014ad894da579b48fdca5101336a4439635a19be962a072f4ed2923c47cafcbf0ded5b1ad0fc9db15c47,gx-no-cache=1521562998932 HTTP/1.1" 200 30
186.67.164.142 - - [20/Mar/2018:13:24:11 -0300] "GET /cormun/servlet/solicitudot?928f28d6f106014ad894da579b48fdca35f0ef4d0979aa6d749a0a13c392ad7b,gx-no-cache=1521562999244 HTTP/1.1" 200 29
186.67.164.142 - - [20/Mar/2018:13:24:12 -0300] "POST /cormun/servlet/solicitudot?gx-no-cache=1521563000730 HTTP/1.1" 200 240
186.67.164.142 - - [20/Mar/2018:13:24:14 -0300] "GET /cormun/servlet/solicitudot?928f28d6f106014ad894da579b48fdca2ba5063524b7663b430d539f1975a67d9e8be6fdbe6ea2f1b6fc8d3d1a050b6d64347c97249d0e43da62fa442d9eac93dc8a6084031165e0aacb08fb31204e976853b70f7fa0da95fc635bef406a349a0b87ed10f13f555605f0dff88ba6afe5ffc27e6f4d4b3716b9a8ea17acfc07c711ea927bf9227815504ea59f039564bad335ae56effb651664cda7fbb15c2480d74217b06bd72a1629fc702295a271945a7733db079d85131100a69d777bbeeaa7f1fb3b9bd79a7c60d5314aaac6476f0a222dab4b63beda76a33c900e510215c03c50a641654eb19cb0b85b08f68d718ffec756cbb4509e14810ed07119ade94dd5cb21322ca0a35ba0188babbe317ca35abd52ad5d57d631436d2a50cdc8abb557c2ddff07f7243065fcb1cf2640954b4e209c77978afd7b945dcf12e6e0c04aff1d4a9bb04722ab61676cccc03c114cdd0f163b8dc18caf01f3ecd6f7f94c83597f61c058865ab58df38701b06ac779081a90424d473e3a5877efd2fc77c8,gx-no-cache=1521563002296 HTTP/1.1" 200 30
186.67.164.142 - - [20/Mar/2018:13:24:30 -0300] "POST /cormun/servlet/solicitudot?gx-no-cache=1521563018363 HTTP/1.1" 200 30
186.67.164.142 - - [20/Mar/2018:13:24:33 -0300] "GET /cormun/servlet/prsolicitudot?17520918,,,,,MD,,gxPopupLevel%3D0%3B HTTP/1.1" 200 6167
186.67.164.142 - - [20/Mar/2018:13:24:44 -0300] "POST /cormun/servlet/solicitudot?gx-no-cache=1521563032474 HTTP/1.1" 200 1418
186.67.164.142 - - [20/Mar/2018:13:24:44 -0300] "GET /cormun/static/Shared/jqueryui/images/ui-bg_highlight-soft_100_c6c2c8_1x100.png HTTP/1.1" 404 1117
186.67.164.142 - - [20/Mar/2018:13:24:44 -0300] "GET /cormun/static/Shared/jqueryui/images/ui-icons_82798d_256x240.png HTTP/1.1" 404 1089
186.67.164.142 - - [20/Mar/2018:13:24:44 -0300] "GET /cormun/static/Shared/jqueryui/images/ui-bg_flat_55_994d53_40x100.png HTTP/1.1" 404 1097
186.67.164.142 - - [20/Mar/2018:13:24:44 -0300] "GET /cormun/static/Shared/jqueryui/images/ui-icons_ebccce_256x240.png HTTP/1.1" 404 1089
186.67.164.142 - - [20/Mar/2018:13:24:44 -0300] "POST /cormun/servlet/solicitudot?gx-no-cache=1521563032597 HTTP/1.1" 200 117
186.67.164.142 - - [20/Mar/2018:13:24:44 -0300] "GET /cormun/servlet/solicitudot?928f28d6f106014ad894da579b48fdcabab8eb446a7094004f566a793b1394ff470e6e15872f6970efbbe3a03d3e3e80af88689414bce6e3c6c570828b00dd79e146ff6c3bc79b028bb566e2b5e079f6be10af8e5cf2d41b69f6bde4e63ccd3612135b950c7cab4c3041f5ec9cd24651,gx-no-cache=1521563032696 HTTP/1.1" 200 29
186.67.164.142 - - [20/Mar/2018:13:24:44 -0300] "GET /cormun/servlet/solicitudot?928f28d6f106014ad894da579b48fdca272c55dceb833909e9f4b7c69659311ab1c8c4a54bc70517493029a5a5d0693950fbc4831e0f8c82afce46e326c841a1179f5aabdaa67554d60aee61e444174d5534d2196acda50fe354b805a4a1f48b070f47853f6494649c445180fbc831a10e0b22c58f987c920996ff76af34b48a3588a618b2fa4b59de8f5778dddd4c19d6107a6fb421fbb6aab99df17501d958cff84a49b7a8522248588bc2d620519c751a9842829a7849f3bf97f3e96672c7,gx-no-cache=1521563032770 HTTP/1.1" 200 62
186.67.164.142 - - [20/Mar/2018:13:24:44 -0300] "GET /cormun/servlet/solicitudot?0508cea1cba08794d72358321f160b19aebd3331f6ae5b6fe5bdb3e2248f0215ef430fab2152427c6b6ec656c9aab363feae8be1138dafbefb00b4c189f56cbfe94d680b74d7c79314f3cec96f7f100f,gx-no-cache=1521563032848 HTTP/1.1" 200 55
186.67.164.142 - - [20/Mar/2018:13:24:44 -0300] "GET /cormun/servlet/solicitudot?928f28d6f106014ad894da579b48fdcae5661a633a95b75767c8ebdef36ef8bc9ca5bfca0bd9495fced1d27482f99a9c,gx-no-cache=1521563032908 HTTP/1.1" 200 30
186.67.164.142 - - [20/Mar/2018:13:27:12 -0300] "POST /cormun/servlet/solicitudot?gx-no-cache=1521563180821 HTTP/1.1" 200 1337
186.67.164.142 - - [20/Mar/2018:13:27:16 -0300] "GET /cormun/servlet/prlicenciaspermisos?7229698,L,,MD,,gxPopupLevel%3D0%3B HTTP/1.1" 200 7775
186.67.164.142 - - [20/Mar/2018:13:27:20 -0300] "POST /cormun/servlet/solicitudot?gx-no-cache=1521563188778 HTTP/1.1" 200 41
186.103.159.204 - - [20/Mar/2018:13:27:52 -0300] "POST /cormun/servlet/trsolicitudot?6aaf39c2e7352bbe7d38893de99cd1d1,,gx-no-cache=1521563219591 HTTP/1.1" 200 9886
186.103.159.204 - - [20/Mar/2018:13:27:53 -0300] "GET /cormun/static/Shared/jqueryui/images/ui-bg_highlight-soft_100_c6c2c8_1x100.png HTTP/1.1" 404 1117
186.103.159.204 - - [20/Mar/2018:13:27:53 -0300] "GET /cormun/static/Shared/jqueryui/images/ui-icons_82798d_256x240.png HTTP/1.1" 404 1089
186.103.159.204 - - [20/Mar/2018:13:27:53 -0300] "GET /cormun/static/Shared/jqueryui/images/ui-bg_flat_55_fafafa_40x100.png HTTP/1.1" 404 1097
186.103.159.204 - - [20/Mar/2018:13:27:53 -0300] "GET /cormun/static/Shared/jqueryui/images/ui-icons_8d78a5_256x240.png HTTP/1.1" 404 1089
186.103.159.204 - - [20/Mar/2018:13:28:05 -0300] "POST /cormun/servlet/trsolicitudot?6aaf39c2e7352bbe7d38893de99cd1d1,,gx-no-cache=1521563231886 HTTP/1.1" 200 9886
186.67.164.142 - - [20/Mar/2018:13:28:05 -0300] "POST /cormun/servlet/solicitudot?gx-no-cache=1521563233775 HTTP/1.1" 200 1321
186.67.164.142 - - [20/Mar/2018:13:28:05 -0300] "POST /cormun/servlet/solicitudot?gx-no-cache=1521563233890 HTTP/1.1" 200 1219
186.67.164.142 - - [20/Mar/2018:13:28:06 -0300] "POST /cormun/servlet/solicitudot?gx-no-cache=1521563233976 HTTP/1.1" 200 32
186.103.159.204 - - [20/Mar/2018:13:28:10 -0300] "POST /cormun/servlet/trsolicitudot?6aaf39c2e7352bbe7d38893de99cd1d1,,gx-no-cache=1521563237166 HTTP/1.1" 200 106
186.103.159.204 - - [20/Mar/2018:13:28:10 -0300] "GET /cormun/servlet/trsolicitudadjuntos?2018,10030, HTTP/1.1" 200 9546
186.103.159.204 - - [20/Mar/2018:13:28:11 -0300] "GET /cormun/servlet/trsolicitudadjuntos?2018,10030, HTTP/1.1" 200 9551
186.67.164.142 - - [20/Mar/2018:13:28:12 -0300] "POST /cormun/servlet/solicitudot?1a4c68eb3a879bb4c918cd683e49615f,INS,0,0,,gx-no-cache=1521563240399 HTTP/1.1" 200 93
186.67.164.142 - - [20/Mar/2018:13:28:12 -0300] "GET /cormun/servlet/hpexe_return? HTTP/1.1" 200 1021
186.67.164.142 - - [20/Mar/2018:13:28:12 -0300] "GET /cormun/servlet/trsolicitudot?gx-no-cache=1521562581213 HTTP/1.1" 200 9620
186.67.164.142 - - [20/Mar/2018:13:28:13 -0300] "GET /cormun/servlet/trsolicitudot?gx-no-cache=1521562581213 HTTP/1.1" 200 9637
186.103.159.204 - - [20/Mar/2018:13:28:27 -0300] "GET /cormun/servlet/trsolicitudot? HTTP/1.1" 200 12795
186.103.159.204 - - [20/Mar/2018:13:28:27 -0300] "GET /cormun/servlet/trsolicitudot? HTTP/1.1" 200 12794
186.67.164.142 - - [20/Mar/2018:13:28:29 -0300] "POST /cormun/servlet/trsolicitudot?1a4c68eb3a879bb4c918cd683e49615f,gx-no-cache=1521562581213,gx-no-cache=1521563257711 HTTP/1.1" 200 6238
186.67.164.142 - - [20/Mar/2018:13:28:29 -0300] "GET /cormun/static/Shared/jqueryui/images/ui-bg_highlight-soft_100_c6c2c8_1x100.png HTTP/1.1" 404 1117
186.67.164.142 - - [20/Mar/2018:13:28:29 -0300] "GET /cormun/static/Shared/jqueryui/images/ui-bg_flat_55_fafafa_40x100.png HTTP/1.1" 404 1097
186.67.164.142 - - [20/Mar/2018:13:28:29 -0300] "GET /cormun/static/Shared/jqueryui/images/ui-icons_8d78a5_256x240.png HTTP/1.1" 404 1089
186.67.164.142 - - [20/Mar/2018:13:28:29 -0300] "GET /cormun/static/Shared/jqueryui/images/ui-icons_82798d_256x240.png HTTP/1.1" 404 1089
186.67.164.142 - - [20/Mar/2018:13:28:30 -0300] "POST /cormun/servlet/trsolicitudot?1a4c68eb3a879bb4c918cd683e49615f,gx-no-cache=1521562581213,gx-no-cache=1521563257992 HTTP/1.1" 200 6180
186.103.159.204 - - [20/Mar/2018:13:28:33 -0300] "POST /cormun/servlet/trsolicitudot?6aaf39c2e7352bbe7d38893de99cd1d1,,gx-no-cache=1521563259434 HTTP/1.1" 200 107
186.103.159.204 - - [20/Mar/2018:13:28:33 -0300] "GET /cormun/servlet/trsolicitudadjuntos?2018,9403, HTTP/1.1" 200 9697
186.103.159.204 - - [20/Mar/2018:13:28:34 -0300] "GET /cormun/servlet/trsolicitudadjuntos?2018,9403, HTTP/1.1" 200 9707
186.67.172.234 - - [20/Mar/2018:13:28:36 -0300] "POST /cormun/servlet/solicitudot?9115224325a8606f0971f69352a3fccc,INS,0,0,,gx-no-cache=1521563264495 HTTP/1.1" 200 93
186.67.172.234 - - [20/Mar/2018:13:28:36 -0300] "GET /cormun/servlet/hpexe_return? HTTP/1.1" 200 1004
186.67.172.234 - - [20/Mar/2018:13:28:36 -0300] "GET /cormun/servlet/trsolicitudot HTTP/1.1" 200 8770
186.67.172.234 - - [20/Mar/2018:13:28:36 -0300] "GET /cormun/servlet/trsolicitudot HTTP/1.1" 200 8769
186.103.159.204 - - [20/Mar/2018:13:28:38 -0300] "GET /cormun/servlet/trsolicitudot? HTTP/1.1" 200 12795
186.103.159.204 - - [20/Mar/2018:13:28:39 -0300] "GET /cormun/servlet/trsolicitudot? HTTP/1.1" 200 12794
186.103.159.204 - - [20/Mar/2018:13:28:44 -0300] "POST /cormun/servlet/trsolicitudot?6aaf39c2e7352bbe7d38893de99cd1d1,,gx-no-cache=1521563271019 HTTP/1.1" 200 9886
186.103.159.204 - - [20/Mar/2018:13:28:44 -0300] "GET /cormun/static/Shared/jqueryui/images/ui-bg_highlight-soft_100_c6c2c8_1x100.png HTTP/1.1" 404 1117
186.103.159.204 - - [20/Mar/2018:13:28:44 -0300] "GET /cormun/static/Shared/jqueryui/images/ui-icons_82798d_256x240.png HTTP/1.1" 404 1089
186.103.159.204 - - [20/Mar/2018:13:28:44 -0300] "GET /cormun/static/Shared/jqueryui/images/ui-bg_flat_55_fafafa_40x100.png HTTP/1.1" 404 1097
186.103.159.204 - - [20/Mar/2018:13:28:44 -0300] "GET /cormun/static/Shared/jqueryui/images/ui-icons_8d78a5_256x240.png HTTP/1.1" 404 1089
186.67.172.234 - - [20/Mar/2018:13:29:20 -0300] "GET /cormun/servlet/solicitudot?INS,0,0, HTTP/1.1" 200 13659
186.67.172.234 - - [20/Mar/2018:13:29:20 -0300] "GET /cormun/servlet/solicitudot?INS,0,0, HTTP/1.1" 200 13664
186.67.172.234 - - [20/Mar/2018:13:29:33 -0300] "POST /cormun/servlet/solicitudot?gx-no-cache=1521563322210 HTTP/1.1" 200 3365
186.67.172.234 - - [20/Mar/2018:13:29:33 -0300] "GET /cormun/static/Shared/jqueryui/images/ui-bg_highlight-soft_100_c6c2c8_1x100.png HTTP/1.1" 404 1117
186.67.172.234 - - [20/Mar/2018:13:29:34 -0300] "GET /cormun/static/Shared/jqueryui/images/ui-icons_82798d_256x240.png HTTP/1.1" 404 1089
186.67.172.234 - - [20/Mar/2018:13:29:34 -0300] "GET /cormun/static/Shared/jqueryui/images/ui-icons_ebccce_256x240.png HTTP/1.1" 404 1089
186.67.172.234 - - [20/Mar/2018:13:29:34 -0300] "GET /cormun/static/Shared/jqueryui/images/ui-bg_flat_55_994d53_40x100.png HTTP/1.1" 404 1097
186.103.159.204 - - [20/Mar/2018:13:30:44 -0300] "POST /cormun/servlet/trsolicitudot?6aaf39c2e7352bbe7d38893de99cd1d1,,gx-no-cache=1521563391416 HTTP/1.1" 200 4283
186.103.159.204 - - [20/Mar/2018:13:30:56 -0300] "POST /cormun/servlet/trsolicitudot?6aaf39c2e7352bbe7d38893de99cd1d1,,gx-no-cache=1521563402679 HTTP/1.1" 200 14494
186.103.157.246 - - [20/Mar/2018:13:31:29 -0300] "GET /cormun/servlet/hlogin HTTP/1.1" 200 1706
186.103.157.246 - - [20/Mar/2018:13:31:29 -0300] "GET /cormun/static/Resources/Spanish/PXTools.css?11423723 HTTP/1.1" 304 -
186.103.157.246 - - [20/Mar/2018:13:31:29 -0300] "GET /cormun/static/gxtimezone.js?85251 HTTP/1.1" 304 -
186.103.157.246 - - [20/Mar/2018:13:31:29 -0300] "GET /cormun/static/gxgral.js?85251 HTTP/1.1" 304 -
186.103.157.246 - - [20/Mar/2018:13:31:29 -0300] "GET /cormun/static/gxcfg.js?20175251213516 HTTP/1.1" 304 -
186.103.157.246 - - [20/Mar/2018:13:31:29 -0300] "GET /cormun/static/hlogin.js?20175251213537 HTTP/1.1" 304 -
186.103.157.246 - - [20/Mar/2018:13:31:29 -0300] "GET /cormun/static/messages.spa.js?85251 HTTP/1.1" 304 -
186.103.157.246 - - [20/Mar/2018:13:31:29 -0300] "GET /cormun/static/Resources/ComunLogin.png HTTP/1.1" 304 -
186.103.157.246 - - [20/Mar/2018:13:31:29 -0300] "GET /cormun/static/Resources/PXToolsLoginBackground.png HTTP/1.1" 304 -
186.103.157.246 - - [20/Mar/2018:13:31:29 -0300] "GET /cormun/static/Resources/PXToolsLoginTop.png HTTP/1.1" 304 -
186.103.157.246 - - [20/Mar/2018:13:31:29 -0300] "GET /cormun/static/Resources/PXToolsButtonRight21.png HTTP/1.1" 304 -
186.103.157.246 - - [20/Mar/2018:13:31:29 -0300] "GET /cormun/static/Resources/PXToolsButtonLeft21.png HTTP/1.1" 304 -
186.103.157.246 - - [20/Mar/2018:13:31:29 -0300] "GET /cormun/static/Resources/PXToolsButtonBackground2.png HTTP/1.1" 304 -
186.103.157.246 - - [20/Mar/2018:13:31:29 -0300] "GET /cormun/static/Resources/PXToolsLoginBottom.png HTTP/1.1" 304 -
186.103.157.246 - - [20/Mar/2018:13:31:29 -0300] "GET /cormun/servlet/hlogin HTTP/1.1" 200 1706
186.103.157.246 - - [20/Mar/2018:13:31:29 -0300] "GET /cormun/static/Resources/indicator.gif HTTP/1.1" 304 -
186.67.164.142 - - [20/Mar/2018:13:31:31 -0300] "GET /cormun/servlet/solicitudot?INS,0,0, HTTP/1.1" 200 13428
186.67.164.142 - - [20/Mar/2018:13:31:32 -0300] "GET /cormun/servlet/solicitudot?INS,0,0, HTTP/1.1" 200 13411
186.67.164.142 - - [20/Mar/2018:13:31:37 -0300] "POST /cormun/servlet/solicitudot?gx-no-cache=1521563445430 HTTP/1.1" 200 3388
186.67.164.142 - - [20/Mar/2018:13:31:37 -0300] "POST /cormun/servlet/solicitudot?1a4c68eb3a879bb4c918cd683e49615f,INS,0,0,,gx-no-cache=1521563445687 HTTP/1.1" 200 10387
186.103.157.246 - - [20/Mar/2018:13:31:39 -0300] "POST /cormun/servlet/hlogin?da3d2829ba58717b79dd421fb316b32f,gx-no-cache=1521567047889 HTTP/1.1" 200 90
186.103.157.246 - - [20/Mar/2018:13:31:40 -0300] "GET /cormun/servlet/hpexe_link HTTP/1.1" 200 938
186.103.157.246 - - [20/Mar/2018:13:31:40 -0300] "GET /cormun/static/Resources/Spanish/PXTools.css?1155365 HTTP/1.1" 304 -
186.103.157.246 - - [20/Mar/2018:13:31:40 -0300] "GET /cormun/static/gxcfg.js?20177612121792 HTTP/1.1" 304 -
186.103.157.246 - - [20/Mar/2018:13:31:40 -0300] "GET /cormun/static/hpexe_link.js?20177612121795 HTTP/1.1" 304 -
186.103.157.246 - - [20/Mar/2018:13:31:40 -0300] "GET /cormun/servlet/hhome HTTP/1.1" 200 3869
186.103.157.246 - - [20/Mar/2018:13:31:40 -0300] "GET /cormun/static/scaMessage/css/jquery.pnotify.default.css?1716380 HTTP/1.1" 304 -
186.103.157.246 - - [20/Mar/2018:13:31:40 -0300] "GET /cormun/static/Shared/jqueryui/jquery-ui.min.css?1245370 HTTP/1.1" 304 -
186.103.157.246 - - [20/Mar/2018:13:31:40 -0300] "GET /cormun/static/SmoothNavMenu/resources/ddsmoothmenu-v.css?1012540 HTTP/1.1" 304 -
186.103.157.246 - - [20/Mar/2018:13:31:40 -0300] "GET /cormun/static/SmoothNavMenu/resources/ddsmoothmenu.css?1012540 HTTP/1.1" 304 -
186.103.157.246 - - [20/Mar/2018:13:31:40 -0300] "GET /cormun/static/PXToolsJavascripts/pexe_cookies.js HTTP/1.1" 304 -
186.103.157.246 - - [20/Mar/2018:13:31:40 -0300] "GET /cormun/static/PXToolsJavascripts/pexe_grid.js HTTP/1.1" 304 -
186.103.157.246 - - [20/Mar/2018:13:31:40 -0300] "GET /cormun/static/gxcfg.js?20175251212442 HTTP/1.1" 304 -
186.103.157.246 - - [20/Mar/2018:13:31:40 -0300] "GET /cormun/static/PXToolsJavascripts/pexe_autoreload.js HTTP/1.1" 304 -
186.103.157.246 - - [20/Mar/2018:13:31:40 -0300] "GET /cormun/static/PXToolsJavascripts/pexe_windows.js HTTP/1.1" 304 -
186.103.157.246 - - [20/Mar/2018:13:31:40 -0300] "GET /cormun/static/PXToolsJavascripts/pexe_griddivfix.js HTTP/1.1" 304 -
186.103.157.246 - - [20/Mar/2018:13:31:40 -0300] "GET /cormun/static/PXToolsJavascripts/pexe_link.js HTTP/1.1" 304 -
186.103.157.246 - - [20/Mar/2018:13:31:40 -0300] "GET /cormun/static/PXToolsJavascripts/pexe_menudivfix.js HTTP/1.1" 304 -
186.103.157.246 - - [20/Mar/2018:13:31:40 -0300] "GET /cormun/static/PXToolsJavascripts/pexe_menus.js HTTP/1.1" 304 -
186.103.157.246 - - [20/Mar/2018:13:31:40 -0300] "GET /cormun/static/PXToolsJavascripts/pexe_oav.js HTTP/1.1" 304 -
186.103.157.246 - - [20/Mar/2018:13:31:40 -0300] "GET /cormun/static/PXToolsJavascripts/pexe_layers.js HTTP/1.1" 304 -
186.103.157.246 - - [20/Mar/2018:13:31:40 -0300] "GET /cormun/static/PXToolsJavascripts/pexe_oavdivfix.js HTTP/1.1" 304 -
186.103.157.246 - - [20/Mar/2018:13:31:40 -0300] "GET /cormun/static/PXToolsJavascripts/pexe_picture.js HTTP/1.1" 304 -
186.103.157.246 - - [20/Mar/2018:13:31:40 -0300] "GET /cormun/static/PXToolsJavascripts/pexe_popup.js HTTP/1.1" 304 -
186.103.157.246 - - [20/Mar/2018:13:31:40 -0300] "GET /cormun/static/PXToolsJavascripts/PXToolsJavascriptsRender.js HTTP/1.1" 304 -
186.103.157.246 - - [20/Mar/2018:13:31:40 -0300] "GET /cormun/static/RunJS/RunJS.js HTTP/1.1" 304 -
186.103.157.246 - - [20/Mar/2018:13:31:40 -0300] "GET /cormun/static/PXToolsJavascripts/pexe_tabs.js HTTP/1.1" 304 -
186.103.157.246 - - [20/Mar/2018:13:31:40 -0300] "GET /cormun/static/PXToolsJavascripts/pexe_tabdivfix.js HTTP/1.1" 304 -
186.103.157.246 - - [20/Mar/2018:13:31:40 -0300] "GET /cormun/static/PXToolsJavascripts/pexe_upload.js HTTP/1.1" 304 -
186.67.164.142 - - [20/Mar/2018:13:31:40 -0300] "GET /cormun/servlet/solicitudot?928f28d6f106014ad894da579b48fdca18db08df6196687c11120af90739f79f2f35c44e64766ea70d03825ca3468359,gx-no-cache=1521563448527 HTTP/1.1" 200 30
186.67.164.142 - - [20/Mar/2018:13:31:40 -0300] "GET /cormun/servlet/solicitudot?928f28d6f106014ad894da579b48fdcaee7a4aaa1814e926091f0ba818f0c0d74f2cda38174eff23eb9817e505cc3c24e94d680b74d7c79314f3cec96f7f100f,gx-no-cache=1521563448583 HTTP/1.1" 200 30
186.67.164.142 - - [20/Mar/2018:13:31:40 -0300] "GET /cormun/servlet/solicitudot?928f28d6f106014ad894da579b48fdca2a8ac757a19e93370d179fdece73b15f,gx-no-cache=1521563448631 HTTP/1.1" 200 48
186.103.157.246 - - [20/Mar/2018:13:31:40 -0300] "GET /cormun/static/Shared/ext/ext-all.js HTTP/1.1" 304 -
186.67.164.142 - - [20/Mar/2018:13:31:40 -0300] "POST /cormun/servlet/solicitudot?gx-no-cache=1521563448694 HTTP/1.1" 200 255
186.103.157.246 - - [20/Mar/2018:13:31:40 -0300] "GET /cormun/static/gxui/gxui-all.js HTTP/1.1" 304 -
186.67.164.142 - - [20/Mar/2018:13:31:40 -0300] "GET /cormun/servlet/solicitudot?928f28d6f106014ad894da579b48fdca2ba5063524b7663b430d539f1975a67ded5217d6b3d2e8d75fb0f2a3429a41fc64347c97249d0e43da62fa442d9eac93dc8a6084031165e0aacb08fb31204e976853b70f7fa0da95fc635bef406a349a0b87ed10f13f555605f0dff88ba6afe5ffc27e6f4d4b3716b9a8ea17acfc07c711ea927bf9227815504ea59f039564bad335ae56effb651664cda7fbb15c2480d74217b06bd72a1629fc702295a271945a7733db079d85131100a69d777bbeeaa7f1fb3b9bd79a7c60d5314aaac6476f0a222dab4b63beda76a33c900e510215c03c50a641654eb19cb0b85b08f68d718ffec756cbb4509e14810ed07119ade94dd5cb21322ca0a35ba0188babbe317cbaf00a8a874e4b3154e5c83c258a8bde9bdb0aa7ad8acff7c57288da5166dc4eb5fce1c9d3fb4ad61e4ac3b45b98d9a29a82cecc6f50ed7894dac2ad0a728f62545c8b7c9fb5f4c30cbe109e361c81ece5cb01e8586c199b502dbfb66bf25ba393d6cc5a1f7a5d68cfaacebaa5ad98f8,gx-no-cache=1521563448775 HTTP/1.1" 200 30
186.103.157.246 - - [20/Mar/2018:13:31:40 -0300] "GET /cormun/static/Shared/ext/locale/ext-lang-en.js HTTP/1.1" 304 -
186.103.157.246 - - [20/Mar/2018:13:31:40 -0300] "GET /cormun/static/hhome.js?20175251212450 HTTP/1.1" 304 -
186.103.157.246 - - [20/Mar/2018:13:31:40 -0300] "GET /cormun/static/hwchdr01.js?201752511465785 HTTP/1.1" 304 -
186.103.157.246 - - [20/Mar/2018:13:31:40 -0300] "GET /cormun/static/hpexe_recentlink.js?20177611595044 HTTP/1.1" 304 -
186.103.157.246 - - [20/Mar/2018:13:31:40 -0300] "GET /cormun/static/hpexe_scripts.js?201752511465715 HTTP/1.1" 304 -
186.103.157.246 - - [20/Mar/2018:13:31:40 -0300] "GET /cormun/static/hpexe_messagecontroller.js?20177611595012 HTTP/1.1" 304 -
186.103.157.246 - - [20/Mar/2018:13:31:40 -0300] "GET /cormun/static/hpexe_messagepopupcomponent.js?20161017169425 HTTP/1.1" 304 -
186.103.157.246 - - [20/Mar/2018:13:31:40 -0300] "GET /cormun/static/cmcontrolpreferences.js?201752511465670 HTTP/1.1" 304 -
186.103.157.246 - - [20/Mar/2018:13:31:40 -0300] "GET /cormun/static/PXToolsJavascripts/pexe_scrolldiv.js HTTP/1.1" 304 -
186.103.157.246 - - [20/Mar/2018:13:31:40 -0300] "GET /cormun/static/Shared/jquery/jquery-1.4.2.min.js HTTP/1.1" 304 -
186.103.157.246 - - [20/Mar/2018:13:31:41 -0300] "GET /cormun/static/Shared/jquery/jquery-1.10.2.min.js HTTP/1.1" 304 -
186.103.157.246 - - [20/Mar/2018:13:31:41 -0300] "GET /cormun/static/SmoothNavMenu/resources/ddsmoothmenu.js HTTP/1.1" 304 -
186.103.157.246 - - [20/Mar/2018:13:31:41 -0300] "GET /cormun/static/scaMessage/scaMessageRender.js HTTP/1.1" 304 -
186.103.157.246 - - [20/Mar/2018:13:31:41 -0300] "GET /cormun/static/scaMessage/js/jquery.pnotify.min.js HTTP/1.1" 304 -
186.103.157.246 - - [20/Mar/2018:13:31:41 -0300] "GET /cormun/static/hpexe_messagegenexuscomponent.js?201752511465344 HTTP/1.1" 304 -
186.103.157.246 - - [20/Mar/2018:13:31:41 -0300] "GET /cormun/static/SmoothNavMenu/resources/SmoothNavMenuRender.js HTTP/1.1" 304 -
186.103.157.246 - - [20/Mar/2018:13:31:41 -0300] "GET /cormun/static/Shared/jqueryui/jquery-ui.min.js HTTP/1.1" 304 -
186.103.157.246 - - [20/Mar/2018:13:31:41 -0300] "GET /cormun/static/Resources/PXToolsHeaderActionsLeft.png HTTP/1.1" 304 -
186.103.157.246 - - [20/Mar/2018:13:31:41 -0300] "GET /cormun/static/Resources/PXToolsFooterBackground2.png HTTP/1.1" 304 -
186.103.157.246 - - [20/Mar/2018:13:31:41 -0300] "GET /cormun/static/hmpwkw03.js?20177612122668 HTTP/1.1" 304 -
201.215.248.160 - - [20/Mar/2018:13:31:41 -0300] "GET /cormun/servlet/hhome HTTP/1.1" 200 3383
186.103.157.246 - - [20/Mar/2018:13:31:41 -0300] "GET /cormun/static/Resources/logo4.png HTTP/1.1" 304 -
186.103.157.246 - - [20/Mar/2018:13:31:41 -0300] "GET /cormun/static/Resources/PXToolsHeaderBackground2.png HTTP/1.1" 304 -
186.103.157.246 - - [20/Mar/2018:13:31:41 -0300] "GET /cormun/static/Resources/PXToolsHeaderHome.png HTTP/1.1" 304 -
186.103.157.246 - - [20/Mar/2018:13:31:41 -0300] "GET /cormun/static/Resources/PXToolsHeaderLogin.png HTTP/1.1" 304 -
186.103.157.246 - - [20/Mar/2018:13:31:41 -0300] "GET /cormun/static/Resources/PXToolsHeaderPreferences.png HTTP/1.1" 304 -
186.103.157.246 - - [20/Mar/2018:13:31:41 -0300] "GET /cormun/static/Resources/PXToolsHeaderActionsRight.png HTTP/1.1" 304 -
186.103.157.246 - - [20/Mar/2018:13:31:41 -0300] "GET /cormun/static/Resources/PXToolsHeaderActionsBackground.png HTTP/1.1" 304 -
186.103.157.246 - - [20/Mar/2018:13:31:41 -0300] "GET /cormun/static/Resources/PXToolsHeaderSecurity.png HTTP/1.1" 304 -
186.103.157.246 - - [20/Mar/2018:13:31:41 -0300] "GET /cormun/static/Resources/PXToolsDataTitle.png HTTP/1.1" 304 -
186.103.157.246 - - [20/Mar/2018:13:31:41 -0300] "GET /cormun/static/SmoothNavMenu/resources/images/down.gif HTTP/1.1" 304 -
201.215.248.160 - - [20/Mar/2018:13:31:42 -0300] "GET /cormun/servlet/hhome HTTP/1.1" 200 3393
201.215.248.160 - - [20/Mar/2018:13:31:42 -0300] "GET /cormun/servlet/hlogin HTTP/1.1" 200 1718
186.67.164.142 - - [20/Mar/2018:13:31:42 -0300] "POST /cormun/servlet/solicitudot?gx-no-cache=1521563450513 HTTP/1.1" 200 30
186.103.157.246 - - [20/Mar/2018:13:31:44 -0300] "GET /cormun/servlet/trsolicitudot? HTTP/1.1" 200 8957
186.103.157.246 - - [20/Mar/2018:13:31:44 -0300] "GET /cormun/static/gxui/gxui-all.css?120300 HTTP/1.1" 304 -
186.103.157.246 - - [20/Mar/2018:13:31:44 -0300] "GET /cormun/static/Resources/Spanish/PXTools.css?1255365 HTTP/1.1" 304 -
186.103.157.246 - - [20/Mar/2018:13:31:44 -0300] "GET /cormun/static/gxcfg.js?2017111422585916 HTTP/1.1" 304 -
186.103.157.246 - - [20/Mar/2018:13:31:45 -0300] "GET /cormun/static/Shared/ext/resources/css/ext-all.css?215870 HTTP/1.1" 304 -
186.103.157.246 - - [20/Mar/2018:13:31:45 -0300] "GET /cormun/static/calendar-system.css?85620 HTTP/1.1" 304 -
186.103.157.246 - - [20/Mar/2018:13:31:45 -0300] "GET /cormun/static/calendar.js?85251 HTTP/1.1" 304 -
186.103.157.246 - - [20/Mar/2018:13:31:45 -0300] "GET /cormun/static/calendar-es.js?85251 HTTP/1.1" 304 -
186.103.157.246 - - [20/Mar/2018:13:31:45 -0300] "GET /cormun/static/calendar-setup.js?85251 HTTP/1.1" 304 -
186.103.157.246 - - [20/Mar/2018:13:31:45 -0300] "GET /cormun/static/Resources/PXTools/calendar.png HTTP/1.1" 304 -
186.103.157.246 - - [20/Mar/2018:13:31:45 -0300] "GET /cormun/static/Resources/PXToolsDataSearch.png HTTP/1.1" 304 -
186.103.157.246 - - [20/Mar/2018:13:31:45 -0300] "GET /cormun/static/Resources/PXToolsGridPreviousDisabled.gif HTTP/1.1" 304 -
186.103.157.246 - - [20/Mar/2018:13:31:45 -0300] "GET /cormun/static/Resources/PXToolsGridLastDisabled.gif HTTP/1.1" 304 -
186.103.157.246 - - [20/Mar/2018:13:31:45 -0300] "GET /cormun/static/Resources/PXToolsGridPage.gif HTTP/1.1" 304 -
186.103.157.246 - - [20/Mar/2018:13:31:45 -0300] "GET /cormun/static/Resources/PXToolsGridNextDisabled.gif HTTP/1.1" 304 -
186.103.157.246 - - [20/Mar/2018:13:31:45 -0300] "GET /cormun/static/Resources/PXToolsGridFirstDisabled.gif HTTP/1.1" 304 -
186.103.157.246 - - [20/Mar/2018:13:31:45 -0300] "GET /cormun/static/Resources/PXToolsActionExcel.png HTTP/1.1" 304 -
186.103.157.246 - - [20/Mar/2018:13:31:45 -0300] "GET /cormun/static/Resources/PXToolsGridNew.png HTTP/1.1" 304 -
186.103.157.246 - - [20/Mar/2018:13:31:45 -0300] "GET /cormun/static/gxdec.js?85251 HTTP/1.1" 304 -
186.103.157.246 - - [20/Mar/2018:13:31:45 -0300] "GET /cormun/static/trsolicitudot.js?201711142259839 HTTP/1.1" 304 -
186.103.157.246 - - [20/Mar/2018:13:31:45 -0300] "GET /cormun/static/Resources/asc.gif HTTP/1.1" 304 -
186.103.157.246 - - [20/Mar/2018:13:31:45 -0300] "GET /cormun/static/Resources/desc.gif HTTP/1.1" 304 -
186.103.157.246 - - [20/Mar/2018:13:31:45 -0300] "GET /cormun//static/Resources/PXToolsGridUpdate.png HTTP/1.1" 304 -
186.103.157.246 - - [20/Mar/2018:13:31:45 -0300] "GET /cormun//static/Resources/PXToolsGridDelete.png HTTP/1.1" 304 -
186.103.157.246 - - [20/Mar/2018:13:31:45 -0300] "GET /cormun//static/Resources/PXToolsRemoveAllAction.png HTTP/1.1" 304 -
186.103.157.246 - - [20/Mar/2018:13:31:45 -0300] "GET /cormun//static/Resources/PXToolsActionView.png HTTP/1.1" 304 -
186.103.157.246 - - [20/Mar/2018:13:31:45 -0300] "GET /cormun//static/Resources/PXTools/ActionInsert.png HTTP/1.1" 304 -
186.103.157.246 - - [20/Mar/2018:13:31:46 -0300] "GET /cormun/static/Shared/ext/resources/themes/images/default/tools/tool-sprites.gif HTTP/1.1" 304 -
186.103.157.246 - - [20/Mar/2018:13:31:46 -0300] "GET /cormun/static/Shared/ext/resources/themes/images/default/tip/tip-sides.gif HTTP/1.1" 304 -
186.103.157.246 - - [20/Mar/2018:13:31:46 -0300] "GET /cormun/static/Shared/ext/resources/themes/images/default/tip/tip-corners.gif HTTP/1.1" 304 -
186.103.157.246 - - [20/Mar/2018:13:31:46 -0300] "GET /cormun/static/Shared/ext/resources/themes/images/default/panel/bg-headersPanel.png HTTP/1.1" 304 -
186.67.164.142 - - [20/Mar/2018:13:31:46 -0300] "POST /cormun/servlet/solicitudot?gx-no-cache=1521563454293 HTTP/1.1" 200 1337
186.67.164.142 - - [20/Mar/2018:13:31:46 -0300] "POST /cormun/servlet/solicitudot?gx-no-cache=1521563454404 HTTP/1.1" 200 38
186.67.164.142 - - [20/Mar/2018:13:31:46 -0300] "GET /cormun/servlet/solicitudot?928f28d6f106014ad894da579b48fdcabab8eb446a7094004f566a793b1394ff470e6e15872f6970efbbe3a03d3e3e80dde33962fb180d87ee3f8bbd8a50b71899f80f38d8f60c9440fb669b6911999132669abfd7e3bcadacd54187499b190404f92fbcb8a72c626dacd8aeae99e1b2af2e07e8dc3c8b0de2a25a45cc203fdafa21ef70a77f4c7f43d2def3f2f21c10ac01fa73096177e12e629efe3706c9ae185667f96922be1fce5b22bc96859e3580def382cccc68c997c19e0b73b61f46ffe7db8e9bb6790488ed449128d51c42,gx-no-cache=1521563454483 HTTP/1.1" 200 29
186.67.164.142 - - [20/Mar/2018:13:31:46 -0300] "POST /cormun/servlet/solicitudot?gx-no-cache=1521563454559 HTTP/1.1" 200 1319
186.67.164.142 - - [20/Mar/2018:13:31:46 -0300] "POST /cormun/servlet/solicitudot?gx-no-cache=1521563454667 HTTP/1.1" 200 1218
186.67.164.142 - - [20/Mar/2018:13:31:46 -0300] "GET /cormun/servlet/solicitudot?928f28d6f106014ad894da579b48fdca49f1d182c64af36dfa7a95467f287b8b,gx-no-cache=1521563454750 HTTP/1.1" 200 30
186.67.164.142 - - [20/Mar/2018:13:31:46 -0300] "POST /cormun/servlet/solicitudot?gx-no-cache=1521563454808 HTTP/1.1" 200 30
186.103.157.246 - - [20/Mar/2018:13:31:50 -0300] "GET /cormun/servlet/solicitudot?INS,0,0, HTTP/1.1" 200 13322
186.103.157.246 - - [20/Mar/2018:13:31:50 -0300] "GET /cormun/static/gxcfg.js?201812313224582 HTTP/1.1" 304 -
186.103.157.246 - - [20/Mar/2018:13:31:50 -0300] "GET /cormun/static/Resources/prompt.gif HTTP/1.1" 304 -
186.103.157.246 - - [20/Mar/2018:13:31:50 -0300] "GET /cormun/static/solicitudot.js?201812313224831 HTTP/1.1" 304 -
186.103.157.246 - - [20/Mar/2018:13:31:53 -0300] "GET /cormun/static/Resources/resize.gif HTTP/1.1" 304 -
186.103.157.246 - - [20/Mar/2018:13:31:54 -0300] "GET /cormun/servlet/prfichaempleado?,MD,,gxPopupLevel%3D0%3B HTTP/1.1" 200 9194
186.103.157.246 - - [20/Mar/2018:13:31:54 -0300] "GET /cormun/static/gxui/gxui-all.css?110300 HTTP/1.1" 304 -
186.103.157.246 - - [20/Mar/2018:13:31:54 -0300] "GET /cormun/static/gxcfg.js?20177612134814 HTTP/1.1" 304 -
186.103.157.246 - - [20/Mar/2018:13:31:54 -0300] "GET /cormun/static/Shared/ext/resources/css/ext-all.css?205870 HTTP/1.1" 304 -
201.215.248.160 - - [20/Mar/2018:13:31:54 -0300] "POST /cormun/servlet/hlogin?304a7e8beed33b3b41b69c8593b4dc2a,gx-no-cache=1521563463750 HTTP/1.1" 200 90
201.215.248.160 - - [20/Mar/2018:13:31:54 -0300] "GET /cormun/servlet/hpexe_link HTTP/1.1" 200 939
186.103.157.246 - - [20/Mar/2018:13:31:55 -0300] "GET /cormun/static/Resources/PXToolsMenuSearchCancel.png HTTP/1.1" 304 -
186.103.157.246 - - [20/Mar/2018:13:31:55 -0300] "GET /cormun/static/Resources/PXToolsMenuSearch.png HTTP/1.1" 304 -
201.215.248.160 - - [20/Mar/2018:13:31:55 -0300] "GET /cormun/servlet/hhome HTTP/1.1" 200 3968
186.103.157.246 - - [20/Mar/2018:13:31:55 -0300] "GET /cormun/static/prfichaempleado.js?20177612134999 HTTP/1.1" 304 -
186.103.157.246 - - [20/Mar/2018:13:31:55 -0300] "GET /cormun/static/menusearch.js?201610171694467 HTTP/1.1" 304 -
186.103.157.246 - - [20/Mar/2018:13:31:55 -0300] "GET /cormun/static/hmpwkw011.js?20177612121862 HTTP/1.1" 304 -
201.215.248.160 - - [20/Mar/2018:13:31:55 -0300] "GET /cormun/servlet/hhome HTTP/1.1" 200 3965
186.67.164.142 - - [20/Mar/2018:13:31:57 -0300] "POST /cormun/servlet/solicitudot?gx-no-cache=1521563465091 HTTP/1.1" 200 1319
186.67.164.142 - - [20/Mar/2018:13:31:57 -0300] "POST /cormun/servlet/solicitudot?gx-no-cache=1521563465184 HTTP/1.1" 200 1218
192.168.10.96 - - [20/Mar/2018:13:31:58 -0300] "GET /cormun/servlet/vesolicitudgral?2018,8836,,SolicitudOTAdjuntos HTTP/1.1" 200 11504
201.215.248.160 - - [20/Mar/2018:13:31:58 -0300] "GET /cormun/servlet/trpermisosgoce? HTTP/1.1" 200 8009
201.215.248.160 - - [20/Mar/2018:13:31:59 -0300] "GET /cormun/static/gxcfg.js?20177612163875 HTTP/1.1" 304 -
192.168.10.96 - - [20/Mar/2018:13:31:59 -0300] "GET /cormun/servlet/vesolicitudgral?2018,8836,,SolicitudOTAdjuntos HTTP/1.1" 200 11506
201.215.248.160 - - [20/Mar/2018:13:31:59 -0300] "GET /cormun/servlet/trpermisosgoce? HTTP/1.1" 200 8007
192.168.10.96 - - [20/Mar/2018:13:31:59 -0300] "POST /cormun/servlet/acontrolpreferencessavestate?None,DZAMUDIO,true HTTP/1.1" 200 35
186.103.157.246 - - [20/Mar/2018:13:32:02 -0300] "POST /cormun/servlet/prfichaempleado?da3d2829ba58717b79dd421fb316b32f,,MD,,gxPopupLevel%3D0%3B,gx-no-cache=1521567069972 HTTP/1.1" 200 5686
186.103.157.246 - - [20/Mar/2018:13:32:11 -0300] "GET /cormun/servlet/solicitudot?ac3cb71478ad656252a23c22c0e014b8924e893c2cf298fc41d4d2830f2f7d08,gx-no-cache=1521567079056 HTTP/1.1" 200 20
186.67.164.142 - - [20/Mar/2018:13:32:11 -0300] "GET /cormun/static/menuarrow.gif HTTP/1.1" 404 1015
201.215.248.160 - - [20/Mar/2018:13:32:15 -0300] "GET /cormun/servlet/permisogoce?INS,0,,, HTTP/1.1" 200 6800
201.215.248.160 - - [20/Mar/2018:13:32:15 -0300] "GET /cormun/static/gxcfg.js?201776126440 HTTP/1.1" 304 -
201.215.248.160 - - [20/Mar/2018:13:32:15 -0300] "GET /cormun/servlet/permisogoce?INS,0,,, HTTP/1.1" 200 6798
186.103.157.246 - - [20/Mar/2018:13:32:15 -0300] "POST /cormun/servlet/solicitudot?gx-no-cache=1521567083568 HTTP/1.1" 200 3404
186.103.157.246 - - [20/Mar/2018:13:32:16 -0300] "POST /cormun/servlet/solicitudot?da3d2829ba58717b79dd421fb316b32f,INS,0,0,,gx-no-cache=1521567084023 HTTP/1.1" 200 10370
186.103.157.246 - - [20/Mar/2018:13:32:16 -0300] "GET /cormun/servlet/solicitudot?a02657895b9ad7a2875af19959734e2cc3d15feea2c0b9b8d7e9d32b9c71ee1344c9b875c4ef08d919a46a7070b025b5,gx-no-cache=1521567084604 HTTP/1.1" 200 30
186.67.164.142 - - [20/Mar/2018:13:32:17 -0300] "GET /cormun/servlet/solicitudot?928f28d6f106014ad894da579b48fdca329398aeaed7f2d895007f68b1fb81f49ca5bfca0bd9495fced1d27482f99a9c,gx-no-cache=1521563485840 HTTP/1.1" 200 30
186.103.157.246 - - [20/Mar/2018:13:32:23 -0300] "GET /cormun/servlet/solicitudot?a02657895b9ad7a2875af19959734e2c2cf49c53c61af76893f5349637efab094d3e45ea1f869249613f74860d7a4130dad720c38a52fd918b38bcc2107968c0,gx-no-cache=1521567091403 HTTP/1.1" 200 30
186.103.157.246 - - [20/Mar/2018:13:32:23 -0300] "GET /cormun/servlet/solicitudot?a02657895b9ad7a2875af19959734e2c4d65c84c2a30d3c798ebba06f433457d,gx-no-cache=1521567091823 HTTP/1.1" 200 51
186.103.157.246 - - [20/Mar/2018:13:32:24 -0300] "POST /cormun/servlet/solicitudot?gx-no-cache=1521567091941 HTTP/1.1" 200 297
186.103.157.246 - - [20/Mar/2018:13:32:24 -0300] "GET /cormun/servlet/solicitudot?a02657895b9ad7a2875af19959734e2ca06ea3a9eaa3b251623503821f21358e0cc7767d0c706ada3646c7c71bbdcd1f3c3d9b2f30030c3e421abcaa41e6900a0bd71f40528185af8cc53ae367e69d72eb63334244f337bf9548527773d8b491bc4df0574dabb8343e8bce0671423c6e611530931843390e9901b9a8f7165e2a7c2dd7944b790ea27c66e6fd17e5f9551aad661fa16952fbf8b86d4fc550fbf6f7a4abf2a28f84a0f4175a5111c723f5b9a0197899380324b48c5ccae2b2ca889d044723297f3520dcf343cf827b6a1b230adb2f96290ae65bc04cc9b0e812838b8f38196bead004eed07e6b14a17009c75aa50bd9901d3663faf085ed0fd33b325d152a6b85c16f85a3844dd579d8fbbc4c85f1ba6867164a670a69f91b56759f9a3e9a7eac4cdb2eadc000da5235ff1cf80d644217801e736892a1e818e30a5601ca335e0ef715054b3f74457c462d2e836ddfe89380c99f50fda283655281f04a05dd9244ff0c69a1bddfc5ef24bef9e2a8f06f649497e46b28655026c3fe215559ea1072060c64bbfd43ec3e63e2,gx-no-cache=1521567092140 HTTP/1.1" 200 30
201.215.248.160 - - [20/Mar/2018:13:32:25 -0300] "GET /cormun/servlet/permisogoce?e2dcb74dc2e803dcb483224253c44ceb6afbb7739ecf1ef5d15288610fabcc9d403412e4264c5d6849a06815f90e7b42,gx-no-cache=1521563494641 HTTP/1.1" 200 74
186.103.157.246 - - [20/Mar/2018:13:32:26 -0300] "POST /cormun/servlet/solicitudot?gx-no-cache=1521567094639 HTTP/1.1" 200 30
186.67.164.142 - - [20/Mar/2018:13:32:26 -0300] "POST /cormun/servlet/solicitudot?gx-no-cache=1521563494985 HTTP/1.1" 200 30
186.103.157.246 - - [20/Mar/2018:13:32:31 -0300] "POST /cormun/servlet/solicitudot?gx-no-cache=1521567099296 HTTP/1.1" 200 1336
186.103.157.246 - - [20/Mar/2018:13:32:31 -0300] "POST /cormun/servlet/solicitudot?gx-no-cache=1521567099454 HTTP/1.1" 200 38
186.103.159.204 - - [20/Mar/2018:13:32:36 -0300] "POST /cormun/servlet/trsolicitudot?6aaf39c2e7352bbe7d38893de99cd1d1,,gx-no-cache=1521563502344 HTTP/1.1" 200 9867
186.103.157.246 - - [20/Mar/2018:13:32:43 -0300] "GET /cormun/servlet/solicitudot?a02657895b9ad7a2875af19959734e2cb3dfe46662e96682a509d231bd84f6714b9d2797cb6a534c004c7713ebb2aaf59767f8c151a6b0fbe0afa532038ffbf0b307a6b89e7874a5b16449334d28afc403c7b8f43d994002fbfe916d17bc6b5e4c375ebf36f32c24d2f20915b9fbc6aa,gx-no-cache=1521567111494 HTTP/1.1" 200 29
186.103.157.246 - - [20/Mar/2018:13:32:44 -0300] "POST /cormun/servlet/solicitudot?gx-no-cache=1521567111934 HTTP/1.1" 200 1317
186.103.157.246 - - [20/Mar/2018:13:32:44 -0300] "POST /cormun/servlet/solicitudot?gx-no-cache=1521567112145 HTTP/1.1" 200 1218
186.103.157.246 - - [20/Mar/2018:13:32:44 -0300] "GET /cormun/static/menuarrow.gif HTTP/1.1" 404 1015
201.215.248.160 - - [20/Mar/2018:13:32:45 -0300] "GET /cormun/servlet/permisogoce?e2dcb74dc2e803dcb483224253c44ceb72c29d68e48deb40cd004261111d16e8a7975159ad9410ec35b4a96da497667e24355d1ab11ab0e9ecaee654200c9fbb,gx-no-cache=1521563514528 HTTP/1.1" 200 47
186.103.157.246 - - [20/Mar/2018:13:32:46 -0300] "POST /cormun/servlet/solicitudot?gx-no-cache=1521567114456 HTTP/1.1" 200 1317
186.103.157.246 - - [20/Mar/2018:13:32:46 -0300] "POST /cormun/servlet/solicitudot?gx-no-cache=1521567114728 HTTP/1.1" 200 1218
186.103.157.246 - - [20/Mar/2018:13:32:49 -0300] "GET /cormun/servlet/solicitudot?a02657895b9ad7a2875af19959734e2c67665f70f2f2d2306dd3e40769c996e6b8143bc421d5b1187f4e89e31dc6072f,gx-no-cache=1521567116685 HTTP/1.1" 200 30
186.67.164.142 - - [20/Mar/2018:13:32:54 -0300] "POST /cormun/servlet/solicitudot?1a4c68eb3a879bb4c918cd683e49615f,INS,0,0,,gx-no-cache=1521563522158 HTTP/1.1" 200 93
186.67.164.142 - - [20/Mar/2018:13:32:54 -0300] "GET /cormun/servlet/hpexe_return? HTTP/1.1" 200 1021
186.67.164.142 - - [20/Mar/2018:13:32:54 -0300] "GET /cormun/servlet/trsolicitudot?gx-no-cache=1521562581213 HTTP/1.1" 200 9464
186.67.164.142 - - [20/Mar/2018:13:32:55 -0300] "GET /cormun/servlet/trsolicitudot?gx-no-cache=1521562581213 HTTP/1.1" 200 9481
186.103.157.246 - - [20/Mar/2018:13:32:57 -0300] "POST /cormun/servlet/solicitudot?gx-no-cache=1521567125759 HTTP/1.1" 200 30
201.215.248.160 - - [20/Mar/2018:13:33:00 -0300] "POST /cormun/servlet/permisogoce?304a7e8beed33b3b41b69c8593b4dc2a,INS,0,,,,gx-no-cache=1521563528555 HTTP/1.1" 200 93
201.215.248.160 - - [20/Mar/2018:13:33:00 -0300] "GET /cormun/servlet/hpexe_return? HTTP/1.1" 200 1000
201.215.248.160 - - [20/Mar/2018:13:33:00 -0300] "GET /cormun/servlet/trpermisosgoce HTTP/1.1" 200 8335
186.103.159.204 - - [20/Mar/2018:13:33:00 -0300] "POST /cormun/servlet/trsolicitudot?6aaf39c2e7352bbe7d38893de99cd1d1,,gx-no-cache=1521563527015 HTTP/1.1" 200 4285
201.215.248.160 - - [20/Mar/2018:13:33:01 -0300] "GET /cormun/servlet/trpermisosgoce HTTP/1.1" 200 8331
201.215.248.160 - - [20/Mar/2018:13:33:07 -0300] "GET /cormun/servlet/apermisogoceprn?7469643,P,20180320132928,PU HTTP/1.1" 200 1652
186.67.164.142 - - [20/Mar/2018:13:33:09 -0300] "POST /cormun/servlet/trsolicitudot?1a4c68eb3a879bb4c918cd683e49615f,gx-no-cache=1521562581213,gx-no-cache=1521563536905 HTTP/1.1" 200 106
186.67.164.142 - - [20/Mar/2018:13:33:09 -0300] "GET /cormun/servlet/solicitudot?UPD,2018,10673, HTTP/1.1" 200 15199
186.67.164.142 - - [20/Mar/2018:13:33:10 -0300] "GET /cormun/servlet/solicitudot?UPD,2018,10673, HTTP/1.1" 200 15187
186.67.164.142 - - [20/Mar/2018:13:33:10 -0300] "POST /cormun/servlet/solicitudot?gx-no-cache=1521563538557 HTTP/1.1" 200 3400
186.67.164.142 - - [20/Mar/2018:13:33:11 -0300] "POST /cormun/servlet/solicitudot?1a4c68eb3a879bb4c918cd683e49615f,UPD,2018,10673,,gx-no-cache=1521563538843 HTTP/1.1" 200 11540
186.67.164.142 - - [20/Mar/2018:13:33:11 -0300] "GET /cormun/servlet/solicitudot?928f28d6f106014ad894da579b48fdca18db08df6196687c11120af90739f79f48ea3c5e45b116e6496fa1582f50d9f2,gx-no-cache=1521563539446 HTTP/1.1" 200 30
186.67.164.142 - - [20/Mar/2018:13:33:11 -0300] "GET /cormun/servlet/solicitudot?928f28d6f106014ad894da579b48fdcaee7a4aaa1814e926091f0ba818f0c0d7b6ede6ae430cce120baddcb381d027a1e94d680b74d7c79314f3cec96f7f100f,gx-no-cache=1521563539515 HTTP/1.1" 200 30
186.67.164.142 - - [20/Mar/2018:13:33:11 -0300] "GET /cormun/servlet/solicitudot?928f28d6f106014ad894da579b48fdca963d9497b1991671f0033b0aa9466f86107a2ae14ac724fba98d10135910dc316d2903a580750f03d0162e1c12cb2e6a,gx-no-cache=1521563539582 HTTP/1.1" 200 48
186.67.164.142 - - [20/Mar/2018:13:33:11 -0300] "POST /cormun/servlet/solicitudot?gx-no-cache=1521563539655 HTTP/1.1" 200 254
186.67.164.142 - - [20/Mar/2018:13:33:11 -0300] "GET /cormun/servlet/solicitudot?928f28d6f106014ad894da579b48fdca2ba5063524b7663b430d539f1975a67ded5217d6b3d2e8d75fb0f2a3429a41fc64347c97249d0e43da62fa442d9eac93dc8a6084031165e0aacb08fb31204e976853b70f7fa0da95fc635bef406a349a0b87ed10f13f555605f0dff88ba6afe5ffc27e6f4d4b3716b9a8ea17acfc07c711ea927bf9227815504ea59f039564bad335ae56effb651664cda7fbb15c2480d74217b06bd72a1629fc702295a271945a7733db079d85131100a69d777bbeeaa7f1fb3b9bd79a7c60d5314aaac6476f0a222dab4b63beda76a33c900e510215c03c50a641654eb19cb0b85b08f68d718ffec756cbb4509e14810ed07119ade94dd5cb21322ca0a35ba0188babbe317cbaf00a8a874e4b3154e5c83c258a8bde9bdb0aa7ad8acff7c57288da5166dc4eb5fce1c9d3fb4ad61e4ac3b45b98d9a29a82cecc6f50ed7894dac2ad0a728f62545c8b7c9fb5f4c30cbe109e361c81ece5cb01e8586c199b502dbfb66bf25ba39985df8fd0738602679a64fd9137a472,gx-no-cache=1521563539734 HTTP/1.1" 200 30
186.67.164.142 - - [20/Mar/2018:13:33:11 -0300] "POST /cormun/servlet/solicitudot?gx-no-cache=1521563539865 HTTP/1.1" 200 30
186.67.164.142 - - [20/Mar/2018:13:33:11 -0300] "POST /cormun/servlet/solicitudot?gx-no-cache=1521563539956 HTTP/1.1" 200 1337
186.67.164.142 - - [20/Mar/2018:13:33:12 -0300] "POST /cormun/servlet/solicitudot?gx-no-cache=1521563540045 HTTP/1.1" 200 41
186.67.164.142 - - [20/Mar/2018:13:33:13 -0300] "GET /cormun/servlet/solicitudot?928f28d6f106014ad894da579b48fdca12e8edcb96cf2d470fb2a1ae1b6fa4b047fdd6a9b51a0d1a68af30b703de2be6ff5592880d42326199c8b041403d5319162364eead45008d83c7c2ed62b2df818a5e4b8e1e4585a71fde8bab92383dada33c283a4055ded8f91efbd01a5df09ac3b364e481648f2c8434705da194a303661c8bb3eb241ba351f356eabf0ff50947439da5e87d5d84e98b3bd768bf2d52ffd84985e0855fd4bec20aace3125f563982f50fa73e059a2f485cf1272faccb7b826002f407a078569a3fdd71c943e9,gx-no-cache=1521563541749 HTTP/1.1" 200 29
186.67.164.142 - - [20/Mar/2018:13:33:13 -0300] "POST /cormun/servlet/solicitudot?gx-no-cache=1521563541812 HTTP/1.1" 200 1319
186.67.164.142 - - [20/Mar/2018:13:33:13 -0300] "POST /cormun/servlet/solicitudot?gx-no-cache=1521563541902 HTTP/1.1" 200 1218
186.103.157.246 - - [20/Mar/2018:13:33:17 -0300] "POST /cormun/servlet/solicitudot?da3d2829ba58717b79dd421fb316b32f,INS,0,0,,gx-no-cache=1521567144612 HTTP/1.1" 200 93
186.103.157.246 - - [20/Mar/2018:13:33:17 -0300] "GET /cormun/servlet/hpexe_return? HTTP/1.1" 200 994
186.103.157.246 - - [20/Mar/2018:13:33:17 -0300] "GET /cormun/static/Resources/Spanish/PXTools.css?167811 HTTP/1.1" 304 -
186.103.157.246 - - [20/Mar/2018:13:33:17 -0300] "GET /cormun/static/gxcfg.js?2016101716175148 HTTP/1.1" 304 -
186.103.157.246 - - [20/Mar/2018:13:33:17 -0300] "GET /cormun/static/hpexe_return.js?2016101716175153 HTTP/1.1" 304 -
186.103.157.246 - - [20/Mar/2018:13:33:17 -0300] "GET /cormun/servlet/trsolicitudot HTTP/1.1" 200 9309
186.67.164.142 - - [20/Mar/2018:13:33:23 -0300] "GET /cormun/servlet/solicitudot?928f28d6f106014ad894da579b48fdca329398aeaed7f2d895007f68b1fb81f49ca5bfca0bd9495fced1d27482f99a9c,gx-no-cache=1521563551390 HTTP/1.1" 200 30
186.67.164.142 - - [20/Mar/2018:13:33:23 -0300] "POST /cormun/servlet/solicitudot?gx-no-cache=1521563551456 HTTP/1.1" 200 30
186.67.164.142 - - [20/Mar/2018:13:33:23 -0300] "POST /cormun/servlet/solicitudot?1a4c68eb3a879bb4c918cd683e49615f,UPD,2018,10673,,gx-no-cache=1521563551533 HTTP/1.1" 200 93
186.67.164.142 - - [20/Mar/2018:13:33:23 -0300] "GET /cormun/servlet/hpexe_return? HTTP/1.1" 200 1029
186.67.164.142 - - [20/Mar/2018:13:33:24 -0300] "GET /cormun/servlet/trsolicitudot?gx-no-cache=1521562581213 HTTP/1.1" 200 9468
186.67.164.142 - - [20/Mar/2018:13:33:24 -0300] "GET /cormun/servlet/trsolicitudot?gx-no-cache=1521562581213 HTTP/1.1" 200 9483
186.103.157.246 - - [20/Mar/2018:13:33:24 -0300] "POST /cormun/servlet/trsolicitudot?da3d2829ba58717b79dd421fb316b32f,gx-no-cache=1521567152561 HTTP/1.1" 200 6176
186.103.157.246 - - [20/Mar/2018:13:33:25 -0300] "GET /cormun/static/Shared/jqueryui/images/ui-bg_highlight-soft_100_c6c2c8_1x100.png HTTP/1.1" 404 1117
186.103.157.246 - - [20/Mar/2018:13:33:25 -0300] "GET /cormun/static/Shared/jqueryui/images/ui-icons_82798d_256x240.png HTTP/1.1" 404 1089
186.103.157.246 - - [20/Mar/2018:13:33:25 -0300] "GET /cormun/static/Shared/jqueryui/images/ui-bg_flat_55_fafafa_40x100.png HTTP/1.1" 404 1097
186.103.157.246 - - [20/Mar/2018:13:33:25 -0300] "GET /cormun/static/Shared/jqueryui/images/ui-icons_8d78a5_256x240.png HTTP/1.1" 404 1089
186.103.157.246 - - [20/Mar/2018:13:33:25 -0300] "POST /cormun/servlet/trsolicitudot?da3d2829ba58717b79dd421fb316b32f,gx-no-cache=1521567153077 HTTP/1.1" 200 6117
186.67.172.234 - - [20/Mar/2018:13:33:31 -0300] "GET /cormun/static/Resources/resize.gif HTTP/1.1" 200 77
186.67.172.234 - - [20/Mar/2018:13:33:32 -0300] "GET /cormun/servlet/prfichaempleado?,MD,,gxPopupLevel%3D0%3B HTTP/1.1" 200 9374
