191.116.124.36 - - [20/Mar/2018:16:18:44 -0300] "POST /cormun/servlet/solicitudot?gx-no-cache=1521573473126 HTTP/1.1" 200 3357
191.116.124.36 - - [20/Mar/2018:16:18:45 -0300] "POST /cormun/servlet/solicitudot?4e07bbc006d541d6b13a6a2c6b493046,INS,0,0,,gx-no-cache=1521573473361 HTTP/1.1" 200 11656
191.116.124.36 - - [20/Mar/2018:16:18:45 -0300] "GET /cormun/servlet/solicitudot?34fc424490ff2ec13a45aff86949a1ef6678e692cea630aa7100b42e0d2ee69492f66431e405d94b18b624dce67e124d,gx-no-cache=1521573473865 HTTP/1.1" 200 30
191.116.124.36 - - [20/Mar/2018:16:18:45 -0300] "GET /cormun/servlet/solicitudot?34fc424490ff2ec13a45aff86949a1efe2e1eb85b59e6de6bcd6aa0adcee7ee4047b5acbcfc084076e1a7a94b71af932c6618aeb30dfc6794a3bf5a236acac72,gx-no-cache=1521573473992 HTTP/1.1" 200 30
191.116.124.36 - - [20/Mar/2018:16:18:45 -0300] "GET /cormun/servlet/solicitudot?34fc424490ff2ec13a45aff86949a1efc3351d4fa30c022e8b1f44d36ad57a44,gx-no-cache=1521573474085 HTTP/1.1" 200 29
191.116.124.36 - - [20/Mar/2018:16:18:45 -0300] "POST /cormun/servlet/solicitudot?gx-no-cache=1521573474222 HTTP/1.1" 200 297
191.116.124.36 - - [20/Mar/2018:16:18:46 -0300] "GET /cormun/servlet/solicitudot?34fc424490ff2ec13a45aff86949a1ef662cd80229fe47ad104774849e6a843fb0c0f3cfbaa82b0363684220d9dd1498d4ac0e60087d30576d3eb8204f33425c76b8b4605246e0f69c3b672428ac5a247d33528b4cdc69c7cb12d7ddf5a68c821ca2dc6081a53db1fac1eb7c2e1c1f2bc398cd3f542eeedd165494be6a0b1ec76164ad027ca2201030dac194f1daec22d51348a8d0ac2da424b51ad5d8d5f4ac65059c396fe6aed05cc5ee31036a91a36b42aa99e2e286c46db63f0203517bee4710c078f04a56bc80cae51aaa04be5271b7cf554cbb16098da4f2ffbafdb58c5d52d5d91c381f523ec35da15ed7027385d029d9ab54d46a196504cf8eae412e4c0f37f5e88c44f86b939b161a54bfd72de0313d852deca2b75b020fbbda783c49510902062ece61a1f8db343ca86336f63836fc4eda06223de37fe3eb5a7bdc74a8297d22166df54510679812835c08fa5c455cb824909e9f59293f7aab741fce486bffc67bcf47a06a4d4bdff622689527b3147fea1ed4bb5646b1aa4c0afddb2cac51fece3814f099f183a0cca5a2,gx-no-cache=1521573474352 HTTP/1.1" 200 30
191.116.124.36 - - [20/Mar/2018:16:18:46 -0300] "POST /cormun/servlet/solicitudot?gx-no-cache=1521573474490 HTTP/1.1" 200 30
191.116.124.36 - - [20/Mar/2018:16:18:46 -0300] "POST /cormun/servlet/solicitudot?gx-no-cache=1521573474638 HTTP/1.1" 200 1333
191.116.124.36 - - [20/Mar/2018:16:18:46 -0300] "POST /cormun/servlet/solicitudot?gx-no-cache=1521573474923 HTTP/1.1" 200 41
191.116.124.36 - - [20/Mar/2018:16:18:46 -0300] "POST /cormun/servlet/solicitudot?gx-no-cache=1521573475052 HTTP/1.1" 200 1318
191.116.124.36 - - [20/Mar/2018:16:18:47 -0300] "POST /cormun/servlet/solicitudot?gx-no-cache=1521573475255 HTTP/1.1" 200 1219
191.116.124.36 - - [20/Mar/2018:16:18:47 -0300] "POST /cormun/servlet/solicitudot?gx-no-cache=1521573475426 HTTP/1.1" 200 30
190.151.100.218 - - [20/Mar/2018:16:18:47 -0300] "POST /cormun/servlet/veautorizarsolicitud?5a1be8876e4593abcb268eaeacd5e6d1,2018,10708,,,gx-no-cache=1521573470558 HTTP/1.1" 200 90
191.116.124.36 - - [20/Mar/2018:16:18:47 -0300] "POST /cormun/servlet/solicitudot?4e07bbc006d541d6b13a6a2c6b493046,INS,0,0,,gx-no-cache=1521573475557 HTTP/1.1" 200 11715
190.151.100.218 - - [20/Mar/2018:16:18:47 -0300] "GET /cormun/servlet/hpexe_link HTTP/1.1" 200 971
191.116.124.36 - - [20/Mar/2018:16:18:47 -0300] "GET /cormun/servlet/solicitudot?34fc424490ff2ec13a45aff86949a1efc3351d4fa30c022e8b1f44d36ad57a44,gx-no-cache=1521573475955 HTTP/1.1" 200 29
191.116.124.36 - - [20/Mar/2018:16:18:47 -0300] "POST /cormun/servlet/solicitudot?gx-no-cache=1521573476093 HTTP/1.1" 200 297
190.151.100.218 - - [20/Mar/2018:16:18:47 -0300] "GET /cormun/servlet/trautorizarsolicitud? HTTP/1.1" 200 7318
191.116.124.36 - - [20/Mar/2018:16:18:47 -0300] "GET /cormun/servlet/solicitudot?34fc424490ff2ec13a45aff86949a1ef662cd80229fe47ad104774849e6a843fb0c0f3cfbaa82b0363684220d9dd1498d4ac0e60087d30576d3eb8204f33425c76b8b4605246e0f69c3b672428ac5a247d33528b4cdc69c7cb12d7ddf5a68c821ca2dc6081a53db1fac1eb7c2e1c1f2bc398cd3f542eeedd165494be6a0b1ec76164ad027ca2201030dac194f1daec22d51348a8d0ac2da424b51ad5d8d5f4ac65059c396fe6aed05cc5ee31036a91a36b42aa99e2e286c46db63f0203517bee4710c078f04a56bc80cae51aaa04be5271b7cf554cbb16098da4f2ffbafdb58c5d52d5d91c381f523ec35da15ed7027385d029d9ab54d46a196504cf8eae412e4c0f37f5e88c44f86b939b161a54bfd72de0313d852deca2b75b020fbbda783c49510902062ece61a1f8db343ca86336f63836fc4eda06223de37fe3eb5a7bdc74a8297d22166df54510679812835c08fa5c455cb824909e9f59293f7aab741fce486bffc67bcf47a06a4d4bdff622689527b3147fea1ed4bb5646b1aa4c0afddb2cac51fece3814f099f183a0cca5a2,gx-no-cache=1521573476229 HTTP/1.1" 200 30
191.116.124.36 - - [20/Mar/2018:16:18:48 -0300] "POST /cormun/servlet/solicitudot?gx-no-cache=1521573476334 HTTP/1.1" 200 30
191.116.124.36 - - [20/Mar/2018:16:18:48 -0300] "POST /cormun/servlet/solicitudot?gx-no-cache=1521573476486 HTTP/1.1" 200 1333
191.116.124.36 - - [20/Mar/2018:16:18:48 -0300] "POST /cormun/servlet/solicitudot?gx-no-cache=1521573476657 HTTP/1.1" 200 41
191.116.124.36 - - [20/Mar/2018:16:18:48 -0300] "GET /cormun/servlet/solicitudot?34fc424490ff2ec13a45aff86949a1ef45d6e68c57b94a28de59faca0390cdd8ea237fcd648f654c69a391c111c4fa362c407e44ce361279734dac61b15e9c6ade977645be15f4ac7a6943cecf7f403f9ffebfa06ed0f19b2334d59b6bcbd8c203820587e47ca27d777e64a0b5bbb068,gx-no-cache=1521573476782 HTTP/1.1" 200 29
191.116.124.36 - - [20/Mar/2018:16:18:48 -0300] "POST /cormun/servlet/solicitudot?gx-no-cache=1521573476924 HTTP/1.1" 200 1318
191.116.124.36 - - [20/Mar/2018:16:18:48 -0300] "POST /cormun/servlet/solicitudot?gx-no-cache=1521573477104 HTTP/1.1" 200 1219
191.116.124.36 - - [20/Mar/2018:16:18:48 -0300] "GET /cormun/servlet/solicitudot?34fc424490ff2ec13a45aff86949a1ef2e1e8523665829a29bbd26eb9821793735560b4c9cf41a479a0880269b056deb,gx-no-cache=1521573477239 HTTP/1.1" 200 30
191.116.124.36 - - [20/Mar/2018:16:18:49 -0300] "POST /cormun/servlet/solicitudot?gx-no-cache=1521573477339 HTTP/1.1" 200 30
191.116.124.36 - - [20/Mar/2018:16:18:49 -0300] "GET /cormun/servlet/solicitudot?34fc424490ff2ec13a45aff86949a1ef662cd80229fe47ad104774849e6a843fb0c0f3cfbaa82b0363684220d9dd1498d4ac0e60087d30576d3eb8204f33425c76b8b4605246e0f69c3b672428ac5a247d33528b4cdc69c7cb12d7ddf5a68c821ca2dc6081a53db1fac1eb7c2e1c1f2bc398cd3f542eeedd165494be6a0b1ec76164ad027ca2201030dac194f1daec22d51348a8d0ac2da424b51ad5d8d5f4ac65059c396fe6aed05cc5ee31036a91a36b42aa99e2e286c46db63f0203517bee4710c078f04a56bc80cae51aaa04be5271b7cf554cbb16098da4f2ffbafdb58c5d52d5d91c381f523ec35da15ed7027385d029d9ab54d46a196504cf8eae412e4c0f37f5e88c44f86b939b161a54bfd72de0313d852deca2b75b020fbbda783c49510902062ece61a1f8db343ca86336f63836fc4eda06223de37fe3eb5a7bdc74a8297d22166df54510679812835c08fa5c455cb824909e9f59293f7aab741fce486bffc67bcf47a06a4d4bdff622689527b3147fea1ed4bb5646b1aa4c0afddb2cac51fece3814f099f183a0cca5a2,gx-no-cache=1521573477439 HTTP/1.1" 200 30
190.151.100.218 - - [20/Mar/2018:16:18:49 -0300] "GET /cormun/servlet/trautorizarsolicitud? HTTP/1.1" 200 7317
191.116.124.36 - - [20/Mar/2018:16:18:49 -0300] "POST /cormun/servlet/solicitudot?gx-no-cache=1521573477557 HTTP/1.1" 200 30
191.116.124.36 - - [20/Mar/2018:16:18:49 -0300] "POST /cormun/servlet/solicitudot?gx-no-cache=1521573477701 HTTP/1.1" 200 1333
191.116.124.36 - - [20/Mar/2018:16:18:49 -0300] "POST /cormun/servlet/solicitudot?gx-no-cache=1521573477794 HTTP/1.1" 200 41
191.116.124.36 - - [20/Mar/2018:16:18:49 -0300] "POST /cormun/servlet/solicitudot?gx-no-cache=1521573477908 HTTP/1.1" 200 1318
191.116.124.36 - - [20/Mar/2018:16:18:49 -0300] "POST /cormun/servlet/solicitudot?gx-no-cache=1521573478077 HTTP/1.1" 200 1219
191.116.124.36 - - [20/Mar/2018:16:18:49 -0300] "GET /cormun/servlet/solicitudot?34fc424490ff2ec13a45aff86949a1ef2e1e8523665829a29bbd26eb9821793735560b4c9cf41a479a0880269b056deb,gx-no-cache=1521573478212 HTTP/1.1" 200 30
191.116.124.36 - - [20/Mar/2018:16:18:50 -0300] "POST /cormun/servlet/solicitudot?gx-no-cache=1521573478337 HTTP/1.1" 200 30
191.116.124.36 - - [20/Mar/2018:16:18:50 -0300] "GET /cormun/servlet/solicitudot?34fc424490ff2ec13a45aff86949a1ef662cd80229fe47ad104774849e6a843fb0c0f3cfbaa82b0363684220d9dd1498d4ac0e60087d30576d3eb8204f33425c76b8b4605246e0f69c3b672428ac5a247d33528b4cdc69c7cb12d7ddf5a68c821ca2dc6081a53db1fac1eb7c2e1c1f2bc398cd3f542eeedd165494be6a0b1ec76164ad027ca2201030dac194f1daec22d51348a8d0ac2da424b51ad5d8d5f4ac65059c396fe6aed05cc5ee31036a91a36b42aa99e2e286c46db63f0203517bee4710c078f04a56bc80cae51aaa04be5271b7cf554cbb16098da4f2ffbafdb58c5d52d5d91c381f523ec35da15ed7027385d029d9ab54d46a196504cf8eae412e4c0f37f5e88c44f86b939b161a54bfd72de0313d852deca2b75b020fbbda783c49510902062ece61a1f8db343ca86336f63836fc4eda06223de37fe3eb5a7bdc74a8297d22166df54510679812835c08fa5c455cb824909e9f59293f7aab741fce486bffc67bcf47a06a4d4bdff622689527b3147fea1ed4bb5646b1aa4c0afddb2cac51fece3814f099f183a0cca5a2,gx-no-cache=1521573478453 HTTP/1.1" 200 30
191.116.124.36 - - [20/Mar/2018:16:18:50 -0300] "POST /cormun/servlet/solicitudot?gx-no-cache=1521573478650 HTTP/1.1" 200 30
191.116.124.36 - - [20/Mar/2018:16:18:50 -0300] "POST /cormun/servlet/solicitudot?gx-no-cache=1521573478808 HTTP/1.1" 200 1333
191.116.124.36 - - [20/Mar/2018:16:18:50 -0300] "POST /cormun/servlet/solicitudot?gx-no-cache=1521573478949 HTTP/1.1" 200 41
191.116.124.36 - - [20/Mar/2018:16:18:50 -0300] "POST /cormun/servlet/solicitudot?gx-no-cache=1521573479056 HTTP/1.1" 200 1318
191.116.124.36 - - [20/Mar/2018:16:18:50 -0300] "POST /cormun/servlet/solicitudot?gx-no-cache=1521573479192 HTTP/1.1" 200 1219
191.116.124.36 - - [20/Mar/2018:16:18:51 -0300] "GET /cormun/servlet/solicitudot?34fc424490ff2ec13a45aff86949a1ef2e1e8523665829a29bbd26eb9821793735560b4c9cf41a479a0880269b056deb,gx-no-cache=1521573479317 HTTP/1.1" 200 30
191.116.124.36 - - [20/Mar/2018:16:18:51 -0300] "POST /cormun/servlet/solicitudot?gx-no-cache=1521573479424 HTTP/1.1" 200 30
191.116.124.36 - - [20/Mar/2018:16:18:51 -0300] "POST /cormun/servlet/solicitudot?4e07bbc006d541d6b13a6a2c6b493046,INS,0,0,,gx-no-cache=1521573479537 HTTP/1.1" 200 93
191.116.124.36 - - [20/Mar/2018:16:18:51 -0300] "GET /cormun/servlet/hpexe_return? HTTP/1.1" 200 1008
191.116.124.36 - - [20/Mar/2018:16:18:51 -0300] "GET /cormun/static/gxcfg.js?2016101716175148 HTTP/1.1" 304 -
191.116.124.36 - - [20/Mar/2018:16:18:52 -0300] "GET /cormun/servlet/trsolicitudot HTTP/1.1" 200 8791
191.116.124.36 - - [20/Mar/2018:16:18:53 -0300] "GET /cormun/servlet/trsolicitudot HTTP/1.1" 200 8787
186.67.172.234 - - [20/Mar/2018:16:18:56 -0300] "GET /cormun/servlet/prbanco?,MD,,gxPopupLevel%3D0%3B HTTP/1.1" 200 6661
191.116.124.36 - - [20/Mar/2018:16:19:00 -0300] "POST /cormun/servlet/trsolicitudot?4e07bbc006d541d6b13a6a2c6b493046,gx-no-cache=1521573488290 HTTP/1.1" 200 107
191.116.124.36 - - [20/Mar/2018:16:19:00 -0300] "GET /cormun/servlet/trsolicitudadjuntos?2018,10709, HTTP/1.1" 200 6313
186.67.172.234 - - [20/Mar/2018:16:19:00 -0300] "GET /cormun/servlet/solicitudot?ca98fb29bb7e5f75e96bcc057b863ccf01d465353077e6e3b06a4b1b2475a91fc6eeb7b1ad138dba5c07f3d8bd591f8af2cc714885374e4fe92df5d4e15b45f4,gx-no-cache=1521573436671 HTTP/1.1" 200 30
191.116.124.36 - - [20/Mar/2018:16:19:00 -0300] "GET /cormun/static/gxcfg.js?20177612135366 HTTP/1.1" 200 953
191.116.124.36 - - [20/Mar/2018:16:19:00 -0300] "GET /cormun/static/trsolicitudadjuntos.js?20177612135632 HTTP/1.1" 200 17922
191.116.124.36 - - [20/Mar/2018:16:19:01 -0300] "GET /cormun/servlet/trsolicitudadjuntos?2018,10709, HTTP/1.1" 200 6313
186.67.172.234 - - [20/Mar/2018:16:19:01 -0300] "GET /cormun/servlet/solicitudot?ca98fb29bb7e5f75e96bcc057b863ccfb8ebec31567b61c3213cdc5fa30b5b02,gx-no-cache=1521573438355 HTTP/1.1" 200 53
191.116.124.36 - - [20/Mar/2018:16:19:03 -0300] "GET /cormun/servlet/solicitudotadjuntos?INS,2018,10709,,1, HTTP/1.1" 200 6256
191.116.124.36 - - [20/Mar/2018:16:19:04 -0300] "GET /cormun/static/gxcfg.js?2017761244068 HTTP/1.1" 304 -
191.116.124.36 - - [20/Mar/2018:16:19:04 -0300] "GET /cormun/static/about:blank HTTP/1.1" 404 1011
191.116.124.36 - - [20/Mar/2018:16:19:04 -0300] "GET /cormun/servlet/solicitudotadjuntos?INS,2018,10709,,1, HTTP/1.1" 200 6250
191.116.124.36 - - [20/Mar/2018:16:19:05 -0300] "GET /cormun/servlet/solicitudotadjuntos?34fc424490ff2ec13a45aff86949a1ef85b7c66a4c703571dbcd9e4192169b66323e74698f784bf8891fbaf73b222e1a,gx-no-cache=1521573493474 HTTP/1.1" 200 30
191.116.124.36 - - [20/Mar/2018:16:19:05 -0300] "POST /cormun/servlet/solicitudotadjuntos?4e07bbc006d541d6b13a6a2c6b493046,INS,2018,10709,,1,,gx-no-cache=1521573493601 HTTP/1.1" 200 3979
186.103.132.155 - - [20/Mar/2018:16:19:11 -0300] "GET /cormun/servlet/trsolicitudot? HTTP/1.1" 200 7413
186.103.132.155 - - [20/Mar/2018:16:19:12 -0300] "GET /cormun/servlet/trsolicitudot? HTTP/1.1" 200 7413
186.103.132.155 - - [20/Mar/2018:16:19:19 -0300] "GET /cormun/servlet/solicitudot?INS,0,0, HTTP/1.1" 200 13644
186.67.172.234 - - [20/Mar/2018:16:19:19 -0300] "POST /cormun/servlet/solicitudot?gx-no-cache=1521573456331 HTTP/1.1" 200 256
186.103.132.155 - - [20/Mar/2018:16:19:20 -0300] "GET /cormun/servlet/solicitudot?INS,0,0, HTTP/1.1" 200 13649
186.67.172.234 - - [20/Mar/2018:16:19:22 -0300] "GET /cormun/servlet/solicitudot?ca98fb29bb7e5f75e96bcc057b863ccf41cd48e3fd0eab500a6dd9f0d792443f9bc014fb708ebd5b156e640b70fde934de53550066c69247fa087a292824a3d1d888c8c87ba3db8e6405847260cec214940637eb6e51a78c832569a3093f141e6e35d86a77d8f6ab0ab1c09f4d72f62e7501def0a169a6937fa609cf99376bd3f1cc57cc295bba756ffaad4b26c23eb4b832284a3a373c49b5c71922d28c2b031514964786c8a42894bd790ae9942aac4cb93fd90f37ff2064c4b023fe97dab8279c4118df3dfe4721075fefd34254628da77624cdfa3d7fdf159724167bbe467289250ca32ab97275a72ffe9d93efcae3610b38443988cef2eed7394c80ea4c8e96c65b18144d91283b390b5c84a7e9d9a30131db58ddd4b35bfb19af822d4033ff2aea41adc70e22307990cfd3a628ed63c3121d1dbfc5d9e4e829a7365db90849979d4b26e956358e00ab659f6fb01877dffbcfbb9348390146d2ef21d7e270ad6716b48bdc1b1d73965d0d4091720d3d3971fc8aad01c4319441fcfbec87,gx-no-cache=1521573458598 HTTP/1.1" 200 30
190.151.100.218 - - [20/Mar/2018:16:19:24 -0300] "GET /cormun/servlet/prfichaempleado?,MD,,gxPopupLevel%3D0%3B HTTP/1.1" 200 9361
186.67.172.234 - - [20/Mar/2018:16:19:26 -0300] "POST /cormun/servlet/solicitudot?gx-no-cache=1521573462651 HTTP/1.1" 200 30
192.168.10.96 - - [20/Mar/2018:16:19:27 -0300] "GET /cormun/servlet/hlogin HTTP/1.1" 200 1752
192.168.10.96 - - [20/Mar/2018:16:19:34 -0300] "POST /cormun/servlet/hlogin?de30423eb6d65c14ca2a2fa228799923,gx-no-cache=1521573408010 HTTP/1.1" 200 90
192.168.10.96 - - [20/Mar/2018:16:19:34 -0300] "GET /cormun/servlet/hpexe_link HTTP/1.1" 200 974
192.168.10.96 - - [20/Mar/2018:16:19:34 -0300] "GET /cormun/servlet/vesolicitudgral?2018,7728,,SolicitudOTAdjuntos HTTP/1.1" 200 11210
192.168.10.96 - - [20/Mar/2018:16:19:34 -0300] "GET /cormun/pexe_scrolldiv.js HTTP/1.1" 404 1009
192.168.10.96 - - [20/Mar/2018:16:19:34 -0300] "GET /cormun/pexe_scrolldiv.js HTTP/1.1" 404 1009
192.168.10.96 - - [20/Mar/2018:16:19:35 -0300] "GET /cormun/servlet/vesolicitudgral?2018,7728,,SolicitudOTAdjuntos HTTP/1.1" 200 11219
186.67.172.234 - - [20/Mar/2018:16:19:35 -0300] "POST /cormun/servlet/solicitudot?gx-no-cache=1521573472232 HTTP/1.1" 200 1333
186.67.172.234 - - [20/Mar/2018:16:19:35 -0300] "POST /cormun/servlet/solicitudot?gx-no-cache=1521573472306 HTTP/1.1" 200 38
192.168.10.96 - - [20/Mar/2018:16:19:36 -0300] "POST /cormun/servlet/acontrolpreferencessavestate?None,DZAMUDIO,true HTTP/1.1" 200 35
190.151.100.218 - - [20/Mar/2018:16:19:36 -0300] "POST /cormun/servlet/prfichaempleado?5a1be8876e4593abcb268eaeacd5e6d1,,MD,,gxPopupLevel%3D0%3B,gx-no-cache=1521573526100 HTTP/1.1" 200 3419
191.116.124.36 - - [20/Mar/2018:16:19:37 -0300] "POST /cormun/servlet/solicitudotadjuntos?gx-no-cache=1521573525395 HTTP/1.1" 200 26
192.168.10.96 - - [20/Mar/2018:16:19:41 -0300] "GET /cormun/servlet/hlogin HTTP/1.1" 200 1752
190.151.100.218 - - [20/Mar/2018:16:19:43 -0300] "POST /cormun/servlet/solicitudot?gx-no-cache=1521573532948 HTTP/1.1" 200 3407
190.151.100.218 - - [20/Mar/2018:16:19:43 -0300] "POST /cormun/servlet/solicitudot?5a1be8876e4593abcb268eaeacd5e6d1,INS,0,0,,gx-no-cache=1521573533296 HTTP/1.1" 200 10575
186.67.172.234 - - [20/Mar/2018:16:19:44 -0300] "GET /cormun/servlet/solicitudot?ca98fb29bb7e5f75e96bcc057b863ccf9bd51409f60753183d2aba8707f7610a88c72e4ee57bdb6c32aa18f4f32f4c82a4afe9e06e42bdf186bd60ab394482a589dec22fe6b74eea36fca59658aae8d77921f6b1fe9ce3385d5a512efa717d083fcbec6c0f93e7812ec343cbaa2167e8,gx-no-cache=1521573480430 HTTP/1.1" 200 29
190.151.100.218 - - [20/Mar/2018:16:19:44 -0300] "GET /cormun/servlet/solicitudot?54bca782c4d386cd805ce003c752e3e639088de8aef33c1749152b78d469f73fedb6f19895592a185d0b5545b78bd63a,gx-no-cache=1521573533739 HTTP/1.1" 200 30
186.67.172.234 - - [20/Mar/2018:16:19:44 -0300] "POST /cormun/servlet/solicitudot?gx-no-cache=1521573480525 HTTP/1.1" 200 1319
186.67.172.234 - - [20/Mar/2018:16:19:44 -0300] "POST /cormun/servlet/solicitudot?gx-no-cache=1521573480984 HTTP/1.1" 200 1215
192.168.10.96 - - [20/Mar/2018:16:19:45 -0300] "POST /cormun/servlet/hlogin?de30423eb6d65c14ca2a2fa228799923,gx-no-cache=1521573419545 HTTP/1.1" 200 90
192.168.10.96 - - [20/Mar/2018:16:19:45 -0300] "GET /cormun/servlet/hpexe_link HTTP/1.1" 200 974
192.168.10.96 - - [20/Mar/2018:16:19:46 -0300] "GET /cormun/servlet/vesolicitudgral?2018,7728,,SolicitudOTAdjuntos HTTP/1.1" 200 11209
192.168.10.96 - - [20/Mar/2018:16:19:46 -0300] "GET /cormun/pexe_scrolldiv.js HTTP/1.1" 404 1009
192.168.10.96 - - [20/Mar/2018:16:19:46 -0300] "GET /cormun/pexe_scrolldiv.js HTTP/1.1" 404 1009
192.168.10.96 - - [20/Mar/2018:16:19:46 -0300] "GET /cormun/servlet/vesolicitudgral?2018,7728,,SolicitudOTAdjuntos HTTP/1.1" 200 11216
192.168.10.96 - - [20/Mar/2018:16:19:47 -0300] "POST /cormun/servlet/acontrolpreferencessavestate?None,DZAMUDIO,true HTTP/1.1" 200 35
191.116.124.36 - - [20/Mar/2018:16:19:48 -0300] "GET /cormun/servlet/solicitudotadjuntos?34fc424490ff2ec13a45aff86949a1ef5471b0cf1e721c4c7562d35684834985,gx-no-cache=1521573536488 HTTP/1.1" 200 30
191.116.124.36 - - [20/Mar/2018:16:19:48 -0300] "GET /cormun/servlet/solicitudotadjuntos?34fc424490ff2ec13a45aff86949a1ef5471b0cf1e721c4c7562d35684834985,gx-no-cache=1521573536647 HTTP/1.1" 200 30
191.116.124.36 - - [20/Mar/2018:16:19:49 -0300] "POST /cormun/servlet/solicitudotadjuntos?4e07bbc006d541d6b13a6a2c6b493046,INS,2018,10709,,1, HTTP/1.1" 200 116
191.116.124.36 - - [20/Mar/2018:16:19:49 -0300] "GET /cormun/servlet/hpexe_return? HTTP/1.1" 200 1028
191.116.124.36 - - [20/Mar/2018:16:19:50 -0300] "GET /cormun/servlet/trsolicitudadjuntos?2018,10709, HTTP/1.1" 200 8771
191.116.124.36 - - [20/Mar/2018:16:19:51 -0300] "GET /cormun/servlet/trsolicitudadjuntos?2018,10709, HTTP/1.1" 200 8764
192.168.10.96 - - [20/Mar/2018:16:19:51 -0300] "GET /cormun/servlet/trsolicitudgral? HTTP/1.1" 200 28477
192.168.10.96 - - [20/Mar/2018:16:19:52 -0300] "GET /cormun/servlet/trsolicitudgral? HTTP/1.1" 200 28464
190.151.100.218 - - [20/Mar/2018:16:19:52 -0300] "GET /cormun/servlet/solicitudot?54bca782c4d386cd805ce003c752e3e6a58ad64afa069e4cea546bf21b741212db3c28aea91d725201ec7a011c0f038b09e554ea76e0f736914ca8a03282bbcf,gx-no-cache=1521573542185 HTTP/1.1" 200 30
190.151.100.218 - - [20/Mar/2018:16:19:52 -0300] "GET /cormun/servlet/solicitudot?54bca782c4d386cd805ce003c752e3e62e6a99bc0148b9541de41dfdd43836cc,gx-no-cache=1521573542245 HTTP/1.1" 200 51
190.151.100.218 - - [20/Mar/2018:16:19:52 -0300] "POST /cormun/servlet/solicitudot?gx-no-cache=1521573542328 HTTP/1.1" 200 255
190.151.100.218 - - [20/Mar/2018:16:19:52 -0300] "GET /cormun/servlet/solicitudot?54bca782c4d386cd805ce003c752e3e6d47a4dc4cb354072aa65d4e1fd7f509e430876a9010f8c997e9ec2798768b1f090b7f84d781b9c1c5be155aa643536487ae03532f030b8b447c0483442b94267966dbc36297887b1c34c16f3dec15373544b35dbfd382dfbeac31c9006a7e638d479ba0284d63185f93f98ffcd92d187c3313117c9479ddc35e615180c838faa42401fa6d90339311c5c7b9d086d4d9555d13cb56c0b1a9678ef632859a23d13fb9dcf958e41e02c42bf9765f344d953ee0fbbf97b0bc5c4230a46b0b2d6aaeeb9875445ec1d09dbcffdb7813678208c54d92901125cee73002f78939091d93cbabce29e30cd5321701bf7e2087569ca76dc271006d5a0739d43ff22e2b90da6c003e3902ea90b46fb1eb450cedfe0193a363fcfbfe9c1ef04a3f06e2c7570029b2a8db4f3332b060fbe6e77ed995f390c2b3bae5e5c62517c437d1525b31877352bb67c783cd49e38c53e5cf1bc357dcaa963a376400584b5fcd1ee6a2132c309544031b37892487fd58d98fd27d0a7,gx-no-cache=1521573542463 HTTP/1.1" 200 30
191.116.124.36 - - [20/Mar/2018:16:19:54 -0300] "GET /cormun/servlet/solicitudotadjuntos?INS,2018,10709,,1, HTTP/1.1" 200 6257
190.151.100.218 - - [20/Mar/2018:16:19:54 -0300] "POST /cormun/servlet/solicitudot?gx-no-cache=1521573544476 HTTP/1.1" 200 30
191.116.124.36 - - [20/Mar/2018:16:19:55 -0300] "GET /cormun/static/about:blank HTTP/1.1" 404 1011
191.116.124.36 - - [20/Mar/2018:16:19:55 -0300] "GET /cormun/servlet/solicitudotadjuntos?INS,2018,10709,,1, HTTP/1.1" 200 6251
191.116.124.36 - - [20/Mar/2018:16:19:55 -0300] "GET /cormun/servlet/solicitudotadjuntos?34fc424490ff2ec13a45aff86949a1ef85b7c66a4c703571dbcd9e4192169b66323e74698f784bf8891fbaf73b222e1a,gx-no-cache=1521573543876 HTTP/1.1" 200 30
191.116.124.36 - - [20/Mar/2018:16:19:55 -0300] "POST /cormun/servlet/solicitudotadjuntos?4e07bbc006d541d6b13a6a2c6b493046,INS,2018,10709,,1,,gx-no-cache=1521573543998 HTTP/1.1" 200 3981
190.151.100.218 - - [20/Mar/2018:16:19:57 -0300] "GET /cormun/servlet/prsolicitudot?17505728,,,,,MD,,gxPopupLevel%3D0%3B HTTP/1.1" 200 6156
191.116.124.36 - - [20/Mar/2018:16:19:58 -0300] "POST /cormun/servlet/solicitudotadjuntos?gx-no-cache=1521573547181 HTTP/1.1" 200 26
186.67.172.234 - - [20/Mar/2018:16:19:59 -0300] "GET /cormun/static/menuarrow.gif HTTP/1.1" 404 1015
192.168.10.96 - - [20/Mar/2018:16:20:03 -0300] "POST /cormun/servlet/trsolicitudgral?de30423eb6d65c14ca2a2fa228799923,,gx-no-cache=1521573436114 HTTP/1.1" 200 26757
190.151.100.218 - - [20/Mar/2018:16:20:04 -0300] "POST /cormun/servlet/solicitudot?gx-no-cache=1521573553848 HTTP/1.1" 200 1337
186.67.172.234 - - [20/Mar/2018:16:20:04 -0300] "GET /cormun/servlet/solicitudot?ca98fb29bb7e5f75e96bcc057b863ccfc4a4fd19b01b5a82cd225f80467a0e99fd1346b0733a7d1f50e553fdfae0e382,gx-no-cache=1521573500859 HTTP/1.1" 200 30
190.151.100.218 - - [20/Mar/2018:16:20:04 -0300] "POST /cormun/servlet/solicitudot?gx-no-cache=1521573553977 HTTP/1.1" 200 38
190.151.100.218 - - [20/Mar/2018:16:20:04 -0300] "GET /cormun/servlet/solicitudot?54bca782c4d386cd805ce003c752e3e6b885c1b5bef58ea60e50d848152803d52c91f02b44f3cb165430d23cac9ed7b1a6dc98fa4a496f85745781bebc109597cc96e39aaa4757c6a2dd17374f35175dd61bf6b27ecdbf689c86deccaca07bebea8642ecdf681f0b031622b58257c474b2297552b7fbbea347d19393b39de30f79f49d8e0374048c037575b668d705ea474e371f6645b957be634529fa022c56,gx-no-cache=1521573554093 HTTP/1.1" 200 29
190.151.100.218 - - [20/Mar/2018:16:20:04 -0300] "POST /cormun/servlet/solicitudot?gx-no-cache=1521573554166 HTTP/1.1" 200 1319
190.151.100.218 - - [20/Mar/2018:16:20:04 -0300] "POST /cormun/servlet/solicitudot?gx-no-cache=1521573554387 HTTP/1.1" 200 1219
190.151.100.218 - - [20/Mar/2018:16:20:05 -0300] "GET /cormun/servlet/solicitudot?54bca782c4d386cd805ce003c752e3e6f1d61c2f687b2aea6dd03f5c217fed7b35231a0f9b30344187ca52e937d84d29,gx-no-cache=1521573554630 HTTP/1.1" 200 30
191.116.124.36 - - [20/Mar/2018:16:20:07 -0300] "GET /cormun/servlet/solicitudotadjuntos?34fc424490ff2ec13a45aff86949a1ef5471b0cf1e721c4c7562d35684834985,gx-no-cache=1521573556025 HTTP/1.1" 200 30
191.116.124.36 - - [20/Mar/2018:16:20:07 -0300] "GET /cormun/servlet/solicitudotadjuntos?34fc424490ff2ec13a45aff86949a1ef5471b0cf1e721c4c7562d35684834985,gx-no-cache=1521573556109 HTTP/1.1" 200 30
191.116.124.36 - - [20/Mar/2018:16:20:08 -0300] "POST /cormun/servlet/solicitudotadjuntos?4e07bbc006d541d6b13a6a2c6b493046,INS,2018,10709,,1, HTTP/1.1" 200 116
191.116.124.36 - - [20/Mar/2018:16:20:08 -0300] "GET /cormun/servlet/hpexe_return? HTTP/1.1" 200 1028
191.116.124.36 - - [20/Mar/2018:16:20:09 -0300] "GET /cormun/servlet/trsolicitudadjuntos?2018,10709, HTTP/1.1" 200 9022
191.116.124.36 - - [20/Mar/2018:16:20:09 -0300] "GET /cormun/servlet/trsolicitudadjuntos?2018,10709, HTTP/1.1" 200 9021
186.67.172.234 - - [20/Mar/2018:16:20:12 -0300] "POST /cormun/servlet/solicitudot?gx-no-cache=1521573508447 HTTP/1.1" 200 30
191.116.124.36 - - [20/Mar/2018:16:20:12 -0300] "GET /cormun/servlet/solicitudotadjuntos?INS,2018,10709,,1, HTTP/1.1" 200 6257
191.116.124.36 - - [20/Mar/2018:16:20:12 -0300] "GET /cormun/static/about:blank HTTP/1.1" 404 1011
191.116.124.36 - - [20/Mar/2018:16:20:13 -0300] "GET /cormun/servlet/solicitudotadjuntos?INS,2018,10709,,1, HTTP/1.1" 200 6251
191.116.124.36 - - [20/Mar/2018:16:20:13 -0300] "GET /cormun/servlet/solicitudotadjuntos?34fc424490ff2ec13a45aff86949a1ef85b7c66a4c703571dbcd9e4192169b66323e74698f784bf8891fbaf73b222e1a,gx-no-cache=1521573561992 HTTP/1.1" 200 30
191.116.124.36 - - [20/Mar/2018:16:20:13 -0300] "POST /cormun/servlet/solicitudotadjuntos?4e07bbc006d541d6b13a6a2c6b493046,INS,2018,10709,,1,,gx-no-cache=1521573562101 HTTP/1.1" 200 3981
191.116.124.36 - - [20/Mar/2018:16:20:17 -0300] "POST /cormun/servlet/solicitudotadjuntos?gx-no-cache=1521573565757 HTTP/1.1" 200 26
191.116.124.36 - - [20/Mar/2018:16:20:26 -0300] "GET /cormun/servlet/solicitudotadjuntos?34fc424490ff2ec13a45aff86949a1ef5471b0cf1e721c4c7562d35684834985,gx-no-cache=1521573575125 HTTP/1.1" 200 30
191.116.124.36 - - [20/Mar/2018:16:20:26 -0300] "GET /cormun/servlet/solicitudotadjuntos?34fc424490ff2ec13a45aff86949a1ef5471b0cf1e721c4c7562d35684834985,gx-no-cache=1521573575207 HTTP/1.1" 200 30
192.168.10.96 - - [20/Mar/2018:16:20:27 -0300] "POST /cormun/servlet/trsolicitudgral?de30423eb6d65c14ca2a2fa228799923,,gx-no-cache=1521573460935 HTTP/1.1" 200 8578
191.116.124.36 - - [20/Mar/2018:16:20:27 -0300] "POST /cormun/servlet/solicitudotadjuntos?4e07bbc006d541d6b13a6a2c6b493046,INS,2018,10709,,1, HTTP/1.1" 200 116
191.116.124.36 - - [20/Mar/2018:16:20:27 -0300] "GET /cormun/servlet/hpexe_return? HTTP/1.1" 200 1028
191.116.124.36 - - [20/Mar/2018:16:20:28 -0300] "GET /cormun/servlet/trsolicitudadjuntos?2018,10709, HTTP/1.1" 200 9181
191.116.124.36 - - [20/Mar/2018:16:20:29 -0300] "GET /cormun/servlet/trsolicitudadjuntos?2018,10709, HTTP/1.1" 200 9179
192.168.10.96 - - [20/Mar/2018:16:20:29 -0300] "GET /cormun/servlet/vesolicitudgral?2018,10483,, HTTP/1.1" 200 9118
192.168.10.96 - - [20/Mar/2018:16:20:30 -0300] "GET /cormun/pexe_scrolldiv.js HTTP/1.1" 404 1009
192.168.10.96 - - [20/Mar/2018:16:20:30 -0300] "GET /cormun/pexe_scrolldiv.js HTTP/1.1" 404 1009
192.168.10.96 - - [20/Mar/2018:16:20:30 -0300] "GET /cormun/servlet/vesolicitudgral?2018,10483,, HTTP/1.1" 200 9118
191.116.124.36 - - [20/Mar/2018:16:20:31 -0300] "GET /cormun/servlet/solicitudotadjuntos?INS,2018,10709,,1, HTTP/1.1" 200 6257
191.116.124.36 - - [20/Mar/2018:16:20:31 -0300] "GET /cormun/static/about:blank HTTP/1.1" 404 1011
191.116.124.36 - - [20/Mar/2018:16:20:32 -0300] "GET /cormun/servlet/solicitudotadjuntos?34fc424490ff2ec13a45aff86949a1ef85b7c66a4c703571dbcd9e4192169b66323e74698f784bf8891fbaf73b222e1a,gx-no-cache=1521573580905 HTTP/1.1" 200 30
191.116.124.36 - - [20/Mar/2018:16:20:32 -0300] "GET /cormun/servlet/solicitudotadjuntos?INS,2018,10709,,1, HTTP/1.1" 200 6251
191.116.124.36 - - [20/Mar/2018:16:20:33 -0300] "POST /cormun/servlet/solicitudotadjuntos?4e07bbc006d541d6b13a6a2c6b493046,INS,2018,10709,,1,,gx-no-cache=1521573581265 HTTP/1.1" 200 3981
192.168.10.96 - - [20/Mar/2018:16:20:33 -0300] "GET /cormun/servlet/vesolicitudgral?2018,10483,,SolicitudOTAdjuntos HTTP/1.1" 200 11317
192.168.10.96 - - [20/Mar/2018:16:20:33 -0300] "GET /cormun/pexe_scrolldiv.js HTTP/1.1" 404 1009
192.168.10.96 - - [20/Mar/2018:16:20:33 -0300] "GET /cormun/pexe_scrolldiv.js HTTP/1.1" 404 1009
192.168.10.96 - - [20/Mar/2018:16:20:34 -0300] "POST /cormun/servlet/acontrolpreferencessavestate?None,DZAMUDIO,true HTTP/1.1" 200 35
192.168.10.96 - - [20/Mar/2018:16:20:35 -0300] "GET /cormun/servlet/vesolicitudgral?2018,10483,,SolicitudOTAdjuntos HTTP/1.1" 200 11321
192.168.10.96 - - [20/Mar/2018:16:20:35 -0300] "GET /cormun/PublicTempStorage/carnet958307.docx HTTP/1.1" 200 345294
191.116.124.36 - - [20/Mar/2018:16:20:36 -0300] "POST /cormun/servlet/solicitudotadjuntos?gx-no-cache=1521573584540 HTTP/1.1" 200 26
186.67.203.186 - - [20/Mar/2018:16:20:38 -0300] "POST /cormun/servlet/solicitudot?gx-no-cache=1521573587685 HTTP/1.1" 200 1321
186.67.203.186 - - [20/Mar/2018:16:20:38 -0300] "POST /cormun/servlet/solicitudot?gx-no-cache=1521573587895 HTTP/1.1" 200 1219
186.67.203.186 - - [20/Mar/2018:16:20:38 -0300] "POST /cormun/servlet/solicitudot?gx-no-cache=1521573588178 HTTP/1.1" 200 33
186.67.203.186 - - [20/Mar/2018:16:20:39 -0300] "POST /cormun/servlet/solicitudot?5a1be8876e4593abcb268eaeacd5e6d1,INS,0,0,,gx-no-cache=1521573588373 HTTP/1.1" 200 93
186.67.203.186 - - [20/Mar/2018:16:20:39 -0300] "GET /cormun/servlet/hpexe_return? HTTP/1.1" 200 1004
186.67.203.186 - - [20/Mar/2018:16:20:39 -0300] "GET /cormun/servlet/trsolicitudot HTTP/1.1" 200 8803
186.67.203.186 - - [20/Mar/2018:16:20:41 -0300] "GET /cormun/servlet/trsolicitudot HTTP/1.1" 200 8799
191.116.124.36 - - [20/Mar/2018:16:20:46 -0300] "GET /cormun/servlet/solicitudotadjuntos?34fc424490ff2ec13a45aff86949a1ef5471b0cf1e721c4c7562d35684834985,gx-no-cache=1521573594782 HTTP/1.1" 200 30
191.116.124.36 - - [20/Mar/2018:16:20:46 -0300] "GET /cormun/servlet/solicitudotadjuntos?34fc424490ff2ec13a45aff86949a1ef5471b0cf1e721c4c7562d35684834985,gx-no-cache=1521573594887 HTTP/1.1" 200 30
191.116.124.36 - - [20/Mar/2018:16:20:47 -0300] "POST /cormun/servlet/solicitudotadjuntos?4e07bbc006d541d6b13a6a2c6b493046,INS,2018,10709,,1, HTTP/1.1" 200 116
191.116.124.36 - - [20/Mar/2018:16:20:47 -0300] "GET /cormun/servlet/hpexe_return? HTTP/1.1" 200 1028
191.116.124.36 - - [20/Mar/2018:16:20:48 -0300] "GET /cormun/servlet/trsolicitudadjuntos?2018,10709, HTTP/1.1" 200 9413
191.116.124.36 - - [20/Mar/2018:16:20:49 -0300] "GET /cormun/servlet/trsolicitudadjuntos?2018,10709, HTTP/1.1" 200 9412
191.116.124.36 - - [20/Mar/2018:16:20:51 -0300] "GET /cormun/servlet/solicitudotadjuntos?INS,2018,10709,,1, HTTP/1.1" 200 6256
191.116.124.36 - - [20/Mar/2018:16:20:52 -0300] "GET /cormun/static/about:blank HTTP/1.1" 404 1011
191.116.124.36 - - [20/Mar/2018:16:20:52 -0300] "GET /cormun/servlet/solicitudotadjuntos?INS,2018,10709,,1, HTTP/1.1" 200 6250
191.116.124.36 - - [20/Mar/2018:16:20:53 -0300] "GET /cormun/servlet/solicitudotadjuntos?34fc424490ff2ec13a45aff86949a1ef85b7c66a4c703571dbcd9e4192169b66323e74698f784bf8891fbaf73b222e1a,gx-no-cache=1521573601281 HTTP/1.1" 200 30
191.116.124.36 - - [20/Mar/2018:16:20:53 -0300] "POST /cormun/servlet/solicitudotadjuntos?4e07bbc006d541d6b13a6a2c6b493046,INS,2018,10709,,1,,gx-no-cache=1521573601411 HTTP/1.1" 200 3979
192.168.10.96 - - [20/Mar/2018:16:20:53 -0300] "GET /cormun/PublicTempStorage/titulo6688080.docx HTTP/1.1" 200 4070754
186.67.172.234 - - [20/Mar/2018:16:20:55 -0300] "POST /cormun/servlet/solicitudot?gx-no-cache=1521573551384 HTTP/1.1" 200 1319
186.67.172.234 - - [20/Mar/2018:16:20:55 -0300] "POST /cormun/servlet/solicitudot?gx-no-cache=1521573551507 HTTP/1.1" 200 1218
186.67.172.234 - - [20/Mar/2018:16:20:55 -0300] "GET /cormun/servlet/solicitudot?ca98fb29bb7e5f75e96bcc057b863ccfc4a4fd19b01b5a82cd225f80467a0e99fd1346b0733a7d1f50e553fdfae0e382,gx-no-cache=1521573551563 HTTP/1.1" 200 30
186.67.172.234 - - [20/Mar/2018:16:20:55 -0300] "POST /cormun/servlet/solicitudot?gx-no-cache=1521573551588 HTTP/1.1" 200 30
186.67.172.234 - - [20/Mar/2018:16:20:55 -0300] "POST /cormun/servlet/solicitudot?4c7356866b552c544aecaa012f3ecd11,INS,0,0,,gx-no-cache=1521573551631 HTTP/1.1" 200 93
186.67.172.234 - - [20/Mar/2018:16:20:55 -0300] "GET /cormun/servlet/hpexe_return? HTTP/1.1" 200 1005
186.67.172.234 - - [20/Mar/2018:16:20:55 -0300] "GET /cormun/servlet/trsolicitudot HTTP/1.1" 200 9186
186.67.172.234 - - [20/Mar/2018:16:20:56 -0300] "GET /cormun/servlet/trsolicitudot HTTP/1.1" 200 9182
191.116.124.36 - - [20/Mar/2018:16:20:57 -0300] "POST /cormun/servlet/solicitudotadjuntos?gx-no-cache=1521573604761 HTTP/1.1" 200 26
186.67.203.186 - - [20/Mar/2018:16:20:59 -0300] "POST /cormun/servlet/trsolicitudot?5a1be8876e4593abcb268eaeacd5e6d1,gx-no-cache=1521573608744 HTTP/1.1" 200 4690
186.67.203.186 - - [20/Mar/2018:16:21:00 -0300] "GET /cormun/static/Shared/jqueryui/images/ui-bg_highlight-soft_100_c6c2c8_1x100.png HTTP/1.1" 404 1117
186.67.203.186 - - [20/Mar/2018:16:21:00 -0300] "GET /cormun/static/Shared/jqueryui/images/ui-icons_82798d_256x240.png HTTP/1.1" 404 1089
186.103.132.155 - - [20/Mar/2018:16:21:00 -0300] "GET /cormun/static/Shared/jqueryui/images/ui-bg_flat_55_fafafa_40x100.png HTTP/1.1" 404 1097
186.67.203.186 - - [20/Mar/2018:16:21:00 -0300] "GET /cormun/static/Shared/jqueryui/images/ui-icons_8d78a5_256x240.png HTTP/1.1" 404 1089
186.67.172.234 - - [20/Mar/2018:16:21:00 -0300] "POST /cormun/servlet/trsolicitudot?4c7356866b552c544aecaa012f3ecd11,gx-no-cache=1521573556669 HTTP/1.1" 200 107
186.67.172.234 - - [20/Mar/2018:16:21:00 -0300] "GET /cormun/servlet/trsolicitudadjuntos?2018,10711, HTTP/1.1" 200 6324
186.67.172.234 - - [20/Mar/2018:16:21:00 -0300] "GET /cormun/servlet/trsolicitudadjuntos?2018,10711, HTTP/1.1" 200 6324
186.103.132.155 - - [20/Mar/2018:16:21:00 -0300] "POST /cormun/servlet/trsolicitudot?5a1be8876e4593abcb268eaeacd5e6d1,gx-no-cache=1521573609770 HTTP/1.1" 200 4456
186.67.172.234 - - [20/Mar/2018:16:21:04 -0300] "GET /cormun/servlet/solicitudotadjuntos?INS,2018,10711,,1, HTTP/1.1" 200 6264
186.67.172.234 - - [20/Mar/2018:16:21:04 -0300] "GET /cormun/static/about:blank HTTP/1.1" 404 1011
186.67.172.234 - - [20/Mar/2018:16:21:04 -0300] "GET /cormun/servlet/solicitudotadjuntos?INS,2018,10711,,1, HTTP/1.1" 200 6258
186.67.172.234 - - [20/Mar/2018:16:21:04 -0300] "GET /cormun/servlet/solicitudotadjuntos?ca98fb29bb7e5f75e96bcc057b863ccfb3b03f8181d820e6a5364afe25b67bdb99b04b8bd8676742aedecbaa149d3813,gx-no-cache=1521573561360 HTTP/1.1" 200 30
186.67.172.234 - - [20/Mar/2018:16:21:05 -0300] "POST /cormun/servlet/solicitudotadjuntos?4c7356866b552c544aecaa012f3ecd11,INS,2018,10711,,1,,gx-no-cache=1521573561447 HTTP/1.1" 200 3983
186.67.172.234 - - [20/Mar/2018:16:21:09 -0300] "POST /cormun/servlet/solicitudotadjuntos?gx-no-cache=1521573565409 HTTP/1.1" 200 26
191.116.124.36 - - [20/Mar/2018:16:21:09 -0300] "GET /cormun/servlet/solicitudotadjuntos?34fc424490ff2ec13a45aff86949a1ef5471b0cf1e721c4c7562d35684834985,gx-no-cache=1521573617538 HTTP/1.1" 200 30
191.116.124.36 - - [20/Mar/2018:16:21:09 -0300] "GET /cormun/servlet/solicitudotadjuntos?34fc424490ff2ec13a45aff86949a1ef5471b0cf1e721c4c7562d35684834985,gx-no-cache=1521573617660 HTTP/1.1" 200 30
191.116.124.36 - - [20/Mar/2018:16:21:10 -0300] "POST /cormun/servlet/solicitudotadjuntos?4e07bbc006d541d6b13a6a2c6b493046,INS,2018,10709,,1, HTTP/1.1" 200 116
191.116.124.36 - - [20/Mar/2018:16:21:10 -0300] "GET /cormun/servlet/hpexe_return? HTTP/1.1" 200 1028
191.116.124.36 - - [20/Mar/2018:16:21:11 -0300] "GET /cormun/servlet/trsolicitudadjuntos?2018,10709, HTTP/1.1" 200 9612
191.116.124.36 - - [20/Mar/2018:16:21:12 -0300] "GET /cormun/servlet/trsolicitudadjuntos?2018,10709, HTTP/1.1" 200 9613
186.67.172.234 - - [20/Mar/2018:16:21:15 -0300] "GET /cormun/servlet/solicitudotadjuntos?ca98fb29bb7e5f75e96bcc057b863ccfd78f577715d3973c5912bdb8ed40e485,gx-no-cache=1521573571519 HTTP/1.1" 200 30
186.67.172.234 - - [20/Mar/2018:16:21:15 -0300] "GET /cormun/servlet/solicitudotadjuntos?ca98fb29bb7e5f75e96bcc057b863ccfd78f577715d3973c5912bdb8ed40e485,gx-no-cache=1521573571784 HTTP/1.1" 200 30
186.67.172.234 - - [20/Mar/2018:16:21:18 -0300] "POST /cormun/servlet/solicitudotadjuntos?4c7356866b552c544aecaa012f3ecd11,INS,2018,10711,,1, HTTP/1.1" 200 116
186.67.172.234 - - [20/Mar/2018:16:21:18 -0300] "GET /cormun/servlet/hpexe_return? HTTP/1.1" 200 1025
186.67.172.234 - - [20/Mar/2018:16:21:18 -0300] "GET /cormun/servlet/trsolicitudadjuntos?2018,10711, HTTP/1.1" 200 8763
186.67.172.234 - - [20/Mar/2018:16:21:18 -0300] "GET /cormun/servlet/trsolicitudadjuntos?2018,10711, HTTP/1.1" 200 8757
186.67.172.234 - - [20/Mar/2018:16:21:21 -0300] "GET /cormun/servlet/solicitudotadjuntos?INS,2018,10711,,1, HTTP/1.1" 200 6264
186.67.172.234 - - [20/Mar/2018:16:21:21 -0300] "GET /cormun/static/about:blank HTTP/1.1" 404 1011
186.67.172.234 - - [20/Mar/2018:16:21:21 -0300] "GET /cormun/servlet/solicitudotadjuntos?INS,2018,10711,,1, HTTP/1.1" 200 6258
186.67.172.234 - - [20/Mar/2018:16:21:22 -0300] "GET /cormun/servlet/solicitudotadjuntos?ca98fb29bb7e5f75e96bcc057b863ccfb3b03f8181d820e6a5364afe25b67bdb99b04b8bd8676742aedecbaa149d3813,gx-no-cache=1521573578728 HTTP/1.1" 200 30
186.67.172.234 - - [20/Mar/2018:16:21:22 -0300] "POST /cormun/servlet/solicitudotadjuntos?4c7356866b552c544aecaa012f3ecd11,INS,2018,10711,,1,,gx-no-cache=1521573578803 HTTP/1.1" 200 3983
191.116.124.36 - - [20/Mar/2018:16:21:27 -0300] "GET /cormun/servlet/trvisualizadoreventos? HTTP/1.1" 200 6991
191.116.124.36 - - [20/Mar/2018:16:21:27 -0300] "GET /cormun/static/gxcfg.js?20175251251426 HTTP/1.1" 304 -
191.116.124.36 - - [20/Mar/2018:16:21:27 -0300] "GET /cormun/static/trvisualizadoreventos.js?20175251251768 HTTP/1.1" 304 -
191.116.124.36 - - [20/Mar/2018:16:21:28 -0300] "GET /cormun/servlet/trvisualizadoreventos? HTTP/1.1" 200 6977
186.67.172.234 - - [20/Mar/2018:16:21:28 -0300] "POST /cormun/servlet/solicitudotadjuntos?gx-no-cache=1521573584909 HTTP/1.1" 200 26
191.116.124.36 - - [20/Mar/2018:16:21:33 -0300] "GET /cormun/servlet/trautorizarsolicitud? HTTP/1.1" 200 7328
191.116.124.36 - - [20/Mar/2018:16:21:33 -0300] "GET /cormun/static/gxcfg.js?2017111423403364 HTTP/1.1" 304 -
191.116.124.36 - - [20/Mar/2018:16:21:33 -0300] "GET /cormun/static/trautorizarsolicitud.js?201711142340425 HTTP/1.1" 304 -
191.116.124.36 - - [20/Mar/2018:16:21:34 -0300] "GET /cormun/servlet/trautorizarsolicitud? HTTP/1.1" 200 7327
186.67.172.234 - - [20/Mar/2018:16:21:38 -0300] "GET /cormun/servlet/solicitudotadjuntos?ca98fb29bb7e5f75e96bcc057b863ccfd78f577715d3973c5912bdb8ed40e485,gx-no-cache=1521573595053 HTTP/1.1" 200 30
186.67.172.234 - - [20/Mar/2018:16:21:38 -0300] "GET /cormun/servlet/solicitudotadjuntos?ca98fb29bb7e5f75e96bcc057b863ccfd78f577715d3973c5912bdb8ed40e485,gx-no-cache=1521573595065 HTTP/1.1" 200 30
186.67.172.234 - - [20/Mar/2018:16:21:39 -0300] "POST /cormun/servlet/solicitudotadjuntos?4c7356866b552c544aecaa012f3ecd11,INS,2018,10711,,1, HTTP/1.1" 200 116
186.67.172.234 - - [20/Mar/2018:16:21:39 -0300] "GET /cormun/servlet/hpexe_return? HTTP/1.1" 200 1025
186.67.172.234 - - [20/Mar/2018:16:21:39 -0300] "GET /cormun/servlet/trsolicitudadjuntos?2018,10711, HTTP/1.1" 200 8977
186.67.172.234 - - [20/Mar/2018:16:21:40 -0300] "GET /cormun/servlet/trsolicitudadjuntos?2018,10711, HTTP/1.1" 200 8977
186.67.172.234 - - [20/Mar/2018:16:21:42 -0300] "GET /cormun/servlet/solicitudotadjuntos?INS,2018,10711,,1, HTTP/1.1" 200 6264
186.67.172.234 - - [20/Mar/2018:16:21:42 -0300] "GET /cormun/static/about:blank HTTP/1.1" 404 1011
186.67.172.234 - - [20/Mar/2018:16:21:42 -0300] "GET /cormun/servlet/solicitudotadjuntos?INS,2018,10711,,1, HTTP/1.1" 200 6258
186.67.172.234 - - [20/Mar/2018:16:21:43 -0300] "GET /cormun/servlet/solicitudotadjuntos?ca98fb29bb7e5f75e96bcc057b863ccfb3b03f8181d820e6a5364afe25b67bdb99b04b8bd8676742aedecbaa149d3813,gx-no-cache=1521573599622 HTTP/1.1" 200 30
186.67.172.234 - - [20/Mar/2018:16:21:43 -0300] "POST /cormun/servlet/solicitudotadjuntos?4c7356866b552c544aecaa012f3ecd11,INS,2018,10711,,1,,gx-no-cache=1521573599662 HTTP/1.1" 200 3983
191.116.124.36 - - [20/Mar/2018:16:21:44 -0300] "GET /cormun/servlet/trsolicitudot? HTTP/1.1" 200 8788
191.116.124.36 - - [20/Mar/2018:16:21:45 -0300] "GET /cormun/servlet/trsolicitudot? HTTP/1.1" 200 8787
186.67.172.234 - - [20/Mar/2018:16:21:47 -0300] "POST /cormun/servlet/solicitudotadjuntos?gx-no-cache=1521573604173 HTTP/1.1" 200 26
191.116.124.36 - - [20/Mar/2018:16:21:54 -0300] "POST /cormun/servlet/trsolicitudot?4e07bbc006d541d6b13a6a2c6b493046,,gx-no-cache=1521573662754 HTTP/1.1" 200 4679
191.116.124.36 - - [20/Mar/2018:16:21:54 -0300] "GET /cormun/static/Shared/jqueryui/images/ui-bg_highlight-soft_100_c6c2c8_1x100.png HTTP/1.1" 404 1117
191.116.124.36 - - [20/Mar/2018:16:21:54 -0300] "GET /cormun/static/Shared/jqueryui/images/ui-bg_flat_55_fafafa_40x100.png HTTP/1.1" 404 1097
191.116.124.36 - - [20/Mar/2018:16:21:54 -0300] "GET /cormun/static/Shared/jqueryui/images/ui-icons_8d78a5_256x240.png HTTP/1.1" 404 1089
191.116.124.36 - - [20/Mar/2018:16:21:54 -0300] "GET /cormun/static/Shared/jqueryui/images/ui-icons_82798d_256x240.png HTTP/1.1" 404 1089
191.116.124.36 - - [20/Mar/2018:16:21:54 -0300] "POST /cormun/servlet/trsolicitudot?4e07bbc006d541d6b13a6a2c6b493046,,gx-no-cache=1521573663099 HTTP/1.1" 200 4450
186.67.172.234 - - [20/Mar/2018:16:21:55 -0300] "GET /cormun/servlet/solicitudotadjuntos?ca98fb29bb7e5f75e96bcc057b863ccfd78f577715d3973c5912bdb8ed40e485,gx-no-cache=1521573611486 HTTP/1.1" 200 30
186.67.172.234 - - [20/Mar/2018:16:21:55 -0300] "GET /cormun/servlet/solicitudotadjuntos?ca98fb29bb7e5f75e96bcc057b863ccfd78f577715d3973c5912bdb8ed40e485,gx-no-cache=1521573611497 HTTP/1.1" 200 30
186.67.172.234 - - [20/Mar/2018:16:21:56 -0300] "POST /cormun/servlet/solicitudotadjuntos?4c7356866b552c544aecaa012f3ecd11,INS,2018,10711,,1, HTTP/1.1" 200 116
186.67.172.234 - - [20/Mar/2018:16:21:56 -0300] "GET /cormun/servlet/hpexe_return? HTTP/1.1" 200 1025
186.67.172.234 - - [20/Mar/2018:16:21:56 -0300] "GET /cormun/servlet/trsolicitudadjuntos?2018,10711, HTTP/1.1" 200 9153
186.67.172.234 - - [20/Mar/2018:16:21:57 -0300] "GET /cormun/servlet/trsolicitudadjuntos?2018,10711, HTTP/1.1" 200 9152
186.67.172.234 - - [20/Mar/2018:16:21:59 -0300] "GET /cormun/servlet/solicitudotadjuntos?INS,2018,10711,,1, HTTP/1.1" 200 6265
186.67.172.234 - - [20/Mar/2018:16:21:59 -0300] "GET /cormun/static/about:blank HTTP/1.1" 404 1011
186.67.172.234 - - [20/Mar/2018:16:21:59 -0300] "GET /cormun/servlet/solicitudotadjuntos?INS,2018,10711,,1, HTTP/1.1" 200 6259
186.67.172.234 - - [20/Mar/2018:16:21:59 -0300] "GET /cormun/servlet/solicitudotadjuntos?ca98fb29bb7e5f75e96bcc057b863ccfb3b03f8181d820e6a5364afe25b67bdb99b04b8bd8676742aedecbaa149d3813,gx-no-cache=1521573616359 HTTP/1.1" 200 30
186.67.172.234 - - [20/Mar/2018:16:22:00 -0300] "POST /cormun/servlet/solicitudotadjuntos?4c7356866b552c544aecaa012f3ecd11,INS,2018,10711,,1,,gx-no-cache=1521573616398 HTTP/1.1" 200 3985
191.116.124.36 - - [20/Mar/2018:16:22:01 -0300] "GET /cormun/servlet/trvisualizadoreventos? HTTP/1.1" 200 6982
191.116.124.36 - - [20/Mar/2018:16:22:02 -0300] "GET /cormun/servlet/trvisualizadoreventos? HTTP/1.1" 200 6982
186.67.172.234 - - [20/Mar/2018:16:22:04 -0300] "POST /cormun/servlet/solicitudotadjuntos?gx-no-cache=1521573620781 HTTP/1.1" 200 26
191.116.124.36 - - [20/Mar/2018:16:22:07 -0300] "GET /cormun/servlet/trvisualizadoreventos? HTTP/1.1" 200 6982
191.116.124.36 - - [20/Mar/2018:16:22:07 -0300] "GET /cormun/servlet/trvisualizadoreventos? HTTP/1.1" 200 6982
186.67.172.234 - - [20/Mar/2018:16:22:09 -0300] "GET /cormun/servlet/solicitudotadjuntos?ca98fb29bb7e5f75e96bcc057b863ccfd78f577715d3973c5912bdb8ed40e485,gx-no-cache=1521573626357 HTTP/1.1" 200 30
186.67.172.234 - - [20/Mar/2018:16:22:09 -0300] "GET /cormun/servlet/solicitudotadjuntos?ca98fb29bb7e5f75e96bcc057b863ccfd78f577715d3973c5912bdb8ed40e485,gx-no-cache=1521573626370 HTTP/1.1" 200 30
186.67.172.234 - - [20/Mar/2018:16:22:11 -0300] "POST /cormun/servlet/solicitudotadjuntos?4c7356866b552c544aecaa012f3ecd11,INS,2018,10711,,1, HTTP/1.1" 200 116
186.67.172.234 - - [20/Mar/2018:16:22:11 -0300] "GET /cormun/servlet/hpexe_return? HTTP/1.1" 200 1025
186.67.172.234 - - [20/Mar/2018:16:22:11 -0300] "GET /cormun/servlet/trsolicitudadjuntos?2018,10711, HTTP/1.1" 200 9383
186.67.172.234 - - [20/Mar/2018:16:22:12 -0300] "GET /cormun/servlet/trsolicitudadjuntos?2018,10711, HTTP/1.1" 200 9380
200.112.233.47 - - [20/Mar/2018:16:22:14 -0300] "POST /cormun/servlet/solicitudot?gx-no-cache=1521573682532 HTTP/1.1" 200 1319
200.112.233.47 - - [20/Mar/2018:16:22:14 -0300] "POST /cormun/servlet/solicitudot?gx-no-cache=1521573682666 HTTP/1.1" 200 1218
186.67.172.234 - - [20/Mar/2018:16:22:14 -0300] "GET /cormun/servlet/solicitudotadjuntos?INS,2018,10711,,1, HTTP/1.1" 200 6265
186.67.172.234 - - [20/Mar/2018:16:22:14 -0300] "GET /cormun/static/about:blank HTTP/1.1" 404 1011
186.67.172.234 - - [20/Mar/2018:16:22:14 -0300] "GET /cormun/servlet/solicitudotadjuntos?INS,2018,10711,,1, HTTP/1.1" 200 6259
191.116.124.36 - - [20/Mar/2018:16:22:15 -0300] "GET /cormun/servlet/trautorizarsolicitud? HTTP/1.1" 200 8677
186.67.172.234 - - [20/Mar/2018:16:22:15 -0300] "GET /cormun/servlet/solicitudotadjuntos?ca98fb29bb7e5f75e96bcc057b863ccfb3b03f8181d820e6a5364afe25b67bdb99b04b8bd8676742aedecbaa149d3813,gx-no-cache=1521573631848 HTTP/1.1" 200 30
186.67.172.234 - - [20/Mar/2018:16:22:15 -0300] "POST /cormun/servlet/solicitudotadjuntos?4c7356866b552c544aecaa012f3ecd11,INS,2018,10711,,1,,gx-no-cache=1521573631896 HTTP/1.1" 200 3985
191.116.124.36 - - [20/Mar/2018:16:22:15 -0300] "GET /cormun/servlet/trautorizarsolicitud? HTTP/1.1" 200 8676
186.67.172.234 - - [20/Mar/2018:16:22:18 -0300] "POST /cormun/servlet/solicitudotadjuntos?gx-no-cache=1521573634645 HTTP/1.1" 200 26
191.116.124.36 - - [20/Mar/2018:16:22:20 -0300] "POST /cormun/servlet/trautorizarsolicitud?4e07bbc006d541d6b13a6a2c6b493046,,gx-no-cache=1521573688413 HTTP/1.1" 200 4610
191.116.124.36 - - [20/Mar/2018:16:22:20 -0300] "GET /cormun/static/Shared/jqueryui/images/ui-bg_highlight-soft_100_c6c2c8_1x100.png HTTP/1.1" 404 1117
191.116.124.36 - - [20/Mar/2018:16:22:20 -0300] "GET /cormun/static/Shared/jqueryui/images/ui-bg_flat_55_fafafa_40x100.png HTTP/1.1" 404 1097
191.116.124.36 - - [20/Mar/2018:16:22:20 -0300] "GET /cormun/static/Shared/jqueryui/images/ui-icons_82798d_256x240.png HTTP/1.1" 404 1089
191.116.124.36 - - [20/Mar/2018:16:22:20 -0300] "GET /cormun/static/Shared/jqueryui/images/ui-icons_8d78a5_256x240.png HTTP/1.1" 404 1089
191.116.124.36 - - [20/Mar/2018:16:22:20 -0300] "POST /cormun/servlet/trautorizarsolicitud?4e07bbc006d541d6b13a6a2c6b493046,,gx-no-cache=1521573688754 HTTP/1.1" 200 4382
186.67.172.234 - - [20/Mar/2018:16:22:23 -0300] "GET /cormun/servlet/solicitudotadjuntos?ca98fb29bb7e5f75e96bcc057b863ccfd78f577715d3973c5912bdb8ed40e485,gx-no-cache=1521573640110 HTTP/1.1" 200 30
186.67.172.234 - - [20/Mar/2018:16:22:23 -0300] "GET /cormun/servlet/solicitudotadjuntos?ca98fb29bb7e5f75e96bcc057b863ccfd78f577715d3973c5912bdb8ed40e485,gx-no-cache=1521573640152 HTTP/1.1" 200 30
186.67.172.234 - - [20/Mar/2018:16:22:25 -0300] "POST /cormun/servlet/solicitudotadjuntos?4c7356866b552c544aecaa012f3ecd11,INS,2018,10711,,1, HTTP/1.1" 200 116
186.67.172.234 - - [20/Mar/2018:16:22:25 -0300] "GET /cormun/servlet/hpexe_return? HTTP/1.1" 200 1025
186.67.172.234 - - [20/Mar/2018:16:22:26 -0300] "GET /cormun/servlet/trsolicitudadjuntos?2018,10711, HTTP/1.1" 200 9582
191.116.124.36 - - [20/Mar/2018:16:22:26 -0300] "GET /cormun/servlet/trvisualizadoreventos? HTTP/1.1" 200 6982
191.116.124.36 - - [20/Mar/2018:16:22:27 -0300] "GET /cormun/servlet/trvisualizadoreventos? HTTP/1.1" 200 6982
186.67.172.234 - - [20/Mar/2018:16:22:27 -0300] "GET /cormun/servlet/trsolicitudadjuntos?2018,10711, HTTP/1.1" 200 9581
186.67.172.234 - - [20/Mar/2018:16:22:29 -0300] "POST /cormun/servlet/trsolicitudadjuntos?4c7356866b552c544aecaa012f3ecd11,2018,10711,,gx-no-cache=1521573646344 HTTP/1.1" 200 90
186.67.172.234 - - [20/Mar/2018:16:22:30 -0300] "GET /cormun/servlet/hpexe_link HTTP/1.1" 200 967
186.67.172.234 - - [20/Mar/2018:16:22:30 -0300] "GET /cormun/servlet/trsolicitudot HTTP/1.1" 200 9184
186.67.172.234 - - [20/Mar/2018:16:22:30 -0300] "GET /cormun/servlet/trsolicitudot HTTP/1.1" 200 9182
191.116.124.36 - - [20/Mar/2018:16:22:31 -0300] "GET /cormun/servlet/trautorizarsolicitud? HTTP/1.1" 200 7328
191.116.124.36 - - [20/Mar/2018:16:22:31 -0300] "GET /cormun/servlet/trautorizarsolicitud? HTTP/1.1" 200 7327
186.67.172.234 - - [20/Mar/2018:16:22:36 -0300] "POST /cormun/servlet/trsolicitudot?4c7356866b552c544aecaa012f3ecd11,gx-no-cache=1521573653138 HTTP/1.1" 200 6274
186.67.172.234 - - [20/Mar/2018:16:22:36 -0300] "GET /cormun/static/Shared/jqueryui/images/ui-bg_highlight-soft_100_c6c2c8_1x100.png HTTP/1.1" 404 1117
186.67.172.234 - - [20/Mar/2018:16:22:36 -0300] "GET /cormun/static/Shared/jqueryui/images/ui-icons_82798d_256x240.png HTTP/1.1" 404 1089
186.67.172.234 - - [20/Mar/2018:16:22:36 -0300] "GET /cormun/static/Shared/jqueryui/images/ui-bg_flat_55_fafafa_40x100.png HTTP/1.1" 404 1097
186.67.172.234 - - [20/Mar/2018:16:22:36 -0300] "GET /cormun/static/Shared/jqueryui/images/ui-icons_8d78a5_256x240.png HTTP/1.1" 404 1089
192.168.10.96 - - [20/Mar/2018:16:23:09 -0300] "GET /cormun/PublicTempStorage/certificado-de-afiliacion-afpmodelo6226.pdf HTTP/1.1" 200 92365
192.168.10.96 - - [20/Mar/2018:16:23:16 -0300] "GET /cormun/servlet/vesolicitudgral?2018,10483,,SolicitudOTAdjuntos HTTP/1.1" 200 11321
192.168.10.96 - - [20/Mar/2018:16:23:17 -0300] "POST /cormun/servlet/acontrolpreferencessavestate?None,DZAMUDIO,true HTTP/1.1" 200 35
192.168.10.96 - - [20/Mar/2018:16:23:17 -0300] "GET /cormun/servlet/vesolicitudgral?2018,10483,,SolicitudOTAdjuntos HTTP/1.1" 200 11324
192.168.10.96 - - [20/Mar/2018:16:23:18 -0300] "GET /cormun/PublicTempStorage/certificado_fonasa2992625.pdf HTTP/1.1" 200 66842
192.168.10.96 - - [20/Mar/2018:16:23:23 -0300] "GET /cormun/servlet/vesolicitudgral?2018,10483,,SolicitudOTAdjuntos HTTP/1.1" 200 11319
192.168.10.96 - - [20/Mar/2018:16:23:25 -0300] "POST /cormun/servlet/acontrolpreferencessavestate?None,DZAMUDIO,true HTTP/1.1" 200 35
192.168.10.96 - - [20/Mar/2018:16:23:25 -0300] "GET /cormun/servlet/vesolicitudgral?2018,10483,,SolicitudOTAdjuntos HTTP/1.1" 200 11322
192.168.10.96 - - [20/Mar/2018:16:23:25 -0300] "GET /cormun/PublicTempStorage/curriculum_kine-2018_%283%294498126.pdf HTTP/1.1" 200 2015604
