186.103.161.206 - - [20/Mar/2018:14:15:48 -0300] "GET /cormun/pexe_scrolldiv.js HTTP/1.1" 404 1009
186.103.161.206 - - [20/Mar/2018:14:15:50 -0300] "GET /cormun/servlet/veautorizarsolicitud?2018,10680,, HTTP/1.1" 200 8597
200.111.122.170 - - [20/Mar/2018:14:16:04 -0300] "GET /cormun/servlet/hlogin HTTP/1.1" 200 1758
200.111.122.170 - - [20/Mar/2018:14:16:12 -0300] "POST /cormun/servlet/hlogin?202fea67d445c9d88ef6d116f8d11a86,gx-no-cache=1521566121921 HTTP/1.1" 200 90
200.111.122.170 - - [20/Mar/2018:14:16:12 -0300] "GET /cormun/servlet/hpexe_link HTTP/1.1" 200 975
200.111.122.170 - - [20/Mar/2018:14:16:12 -0300] "GET /cormun/servlet/veautorizarsolicitud?2018,10680,, HTTP/1.1" 200 8603
200.111.122.170 - - [20/Mar/2018:14:16:13 -0300] "GET /cormun/pexe_scrolldiv.js HTTP/1.1" 404 1009
200.111.122.170 - - [20/Mar/2018:14:16:15 -0300] "GET /cormun/servlet/veautorizarsolicitud?2018,10680,, HTTP/1.1" 200 8597
46.174.191.31 - - [20/Mar/2018:14:21:02 -0300] "GET / HTTP/1.0" 200 11197
200.72.197.82 - - [20/Mar/2018:14:24:32 -0300] "GET /cormun/servlet/hlogin HTTP/1.1" 200 1721
200.72.197.82 - - [20/Mar/2018:14:24:45 -0300] "POST /cormun/servlet/hlogin?01cde78fb0c6f6f02cfb8652ea100138,gx-no-cache=1521566634851 HTTP/1.1" 200 90
200.72.197.82 - - [20/Mar/2018:14:24:45 -0300] "GET /cormun/servlet/hpexe_link HTTP/1.1" 200 950
200.72.197.82 - - [20/Mar/2018:14:24:45 -0300] "GET /cormun/servlet/hhome HTTP/1.1" 200 4198
200.72.197.82 - - [20/Mar/2018:14:24:47 -0300] "GET /cormun/servlet/hhome HTTP/1.1" 200 4195
200.72.197.82 - - [20/Mar/2018:14:24:57 -0300] "GET /cormun/servlet/trsolicitudot? HTTP/1.1" 200 7415
200.72.197.82 - - [20/Mar/2018:14:24:58 -0300] "GET /cormun/servlet/trsolicitudot? HTTP/1.1" 200 7415
200.72.197.82 - - [20/Mar/2018:14:25:01 -0300] "GET /cormun/servlet/solicitudot?INS,0,0, HTTP/1.1" 200 13647
200.72.197.82 - - [20/Mar/2018:14:25:02 -0300] "GET /cormun/servlet/solicitudot?INS,0,0, HTTP/1.1" 200 13652
200.72.197.82 - - [20/Mar/2018:14:25:06 -0300] "GET /cormun/servlet/prfichaempleado?,MD,,gxPopupLevel%3D0%3B HTTP/1.1" 200 9361
192.168.10.97 - - [20/Mar/2018:14:25:17 -0300] "GET /cormun/servlet/hlogin HTTP/1.1" 200 1727
192.168.10.97 - - [20/Mar/2018:14:25:17 -0300] "GET /cormun/servlet/hlogin HTTP/1.1" 200 1732
200.72.197.82 - - [20/Mar/2018:14:25:17 -0300] "POST /cormun/servlet/prfichaempleado?01cde78fb0c6f6f02cfb8652ea100138,,MD,,gxPopupLevel%3D0%3B,gx-no-cache=1521566666770 HTTP/1.1" 200 3421
192.168.10.97 - - [20/Mar/2018:14:25:19 -0300] "POST /cormun/servlet/hlogin?7d3ee934f8cb8bf43a5928a752929571,gx-no-cache=1521566553300 HTTP/1.1" 200 90
192.168.10.97 - - [20/Mar/2018:14:25:19 -0300] "GET /cormun/servlet/hpexe_link HTTP/1.1" 200 953
192.168.10.97 - - [20/Mar/2018:14:25:19 -0300] "GET /cormun/servlet/hhome HTTP/1.1" 200 4574
192.168.10.97 - - [20/Mar/2018:14:25:20 -0300] "GET /cormun/servlet/hhome HTTP/1.1" 200 4570
200.72.197.82 - - [20/Mar/2018:14:25:22 -0300] "POST /cormun/servlet/solicitudot?gx-no-cache=1521566672076 HTTP/1.1" 200 3392
200.72.197.82 - - [20/Mar/2018:14:25:22 -0300] "POST /cormun/servlet/solicitudot?01cde78fb0c6f6f02cfb8652ea100138,INS,0,0,,gx-no-cache=1521566672350 HTTP/1.1" 200 10565
200.72.197.82 - - [20/Mar/2018:14:25:23 -0300] "GET /cormun/servlet/solicitudot?dc9e3c72a379b7f2c6044ab44bb498b9cd6032af33d72cb93a7c3fceb0fac7d7a6ee451659c7f74523c0add9394cc89b,gx-no-cache=1521566673014 HTTP/1.1" 200 30
192.168.10.97 - - [20/Mar/2018:14:25:24 -0300] "GET /cormun/servlet/trsolicitudgral? HTTP/1.1" 200 9075
192.168.10.97 - - [20/Mar/2018:14:25:24 -0300] "GET /cormun/servlet/trsolicitudgral? HTTP/1.1" 200 9074
192.168.10.97 - - [20/Mar/2018:14:25:47 -0300] "POST /cormun/servlet/trsolicitudgral?7d3ee934f8cb8bf43a5928a752929571,,gx-no-cache=1521566580714 HTTP/1.1" 200 7349
186.103.161.206 - - [20/Mar/2018:14:25:58 -0300] "GET /cormun/servlet/solicitudot?dc9e3c72a379b7f2c6044ab44bb498b9c05fd2b5173ece428dfb72375c4962f1a9bb24072b3c454431b9374f9077b2b5a6ee451659c7f74523c0add9394cc89b,gx-no-cache=1521566707892 HTTP/1.1" 200 30
186.103.161.206 - - [20/Mar/2018:14:25:58 -0300] "GET /cormun/servlet/solicitudot?dc9e3c72a379b7f2c6044ab44bb498b9523bbd24796bedfb01214127e95b2790,gx-no-cache=1521566707997 HTTP/1.1" 200 53
186.103.161.206 - - [20/Mar/2018:14:25:58 -0300] "POST /cormun/servlet/solicitudot?gx-no-cache=1521566708154 HTTP/1.1" 200 255
186.103.161.206 - - [20/Mar/2018:14:25:58 -0300] "GET /cormun/servlet/solicitudot?dc9e3c72a379b7f2c6044ab44bb498b9af351f7122debe452bf9b82e088baa032fb0baaa9ab190cb7df2c01134aa03e58336e745d0ab2c091505d54f018a8011e419345b6a6eb6b1299ad9e959ba2c4096d459741acec49e3d05a591fee1256df55515294efb4b4e33f80d9d1b5b9e1b160bc604b166b3aaeecdd69a238eca9331b2c08d0b0b7047003776bc39a3221eb235f434d3b085a6cd65d0fa346470374d96c9818c3d8fce4db348aad460956aebd7dd1c586ef11f0225656577bddd175907555e755bf3a1518ca8289ff9535847fb0f9aed5f2775f2bb9439b4691b352b0b821da4a88a6053c983e680889bf250e1671bc3b017a77dd7c480ae83baaa47f8903e44d0e4220e092f8f35f1f55c823f6a17917bdad74d1171ade8c266870425486ce94047723a1c77d8a0991c9805163c0171fbfe56ffce8ecffa5559bc2a9aecd4a697234099ac7bbe909fcd9580620ea367e6e22197666ad7b6890b539204b447ce77381b8331723dd5009fb9bff46b738b6e73b8a04b54eecebb1be1,gx-no-cache=1521566708389 HTTP/1.1" 200 30
186.103.161.206 - - [20/Mar/2018:14:26:01 -0300] "POST /cormun/servlet/solicitudot?gx-no-cache=1521566710561 HTTP/1.1" 200 30
186.103.161.206 - - [20/Mar/2018:14:26:04 -0300] "GET /cormun/servlet/prsolicitudot?10452599,,,,,MD,,gxPopupLevel%3D0%3B HTTP/1.1" 200 6254
192.168.10.97 - - [20/Mar/2018:14:26:07 -0300] "GET /cormun/servlet/solicitudgral3?UPD,2018,10672, HTTP/1.1" 200 13695
192.168.10.97 - - [20/Mar/2018:14:26:07 -0300] "GET /cormun/static/gxcfg.js?20181911363991 HTTP/1.1" 200 953
192.168.10.97 - - [20/Mar/2018:14:26:07 -0300] "GET /cormun/static/solicitudgral3.js?20181911364079 HTTP/1.1" 200 45896
192.168.10.97 - - [20/Mar/2018:14:26:07 -0300] "GET /cormun/servlet/solicitudgral3?UPD,2018,10672, HTTP/1.1" 200 13706
192.168.10.97 - - [20/Mar/2018:14:26:08 -0300] "POST /cormun/servlet/solicitudgral3?gx-no-cache=1521566602156 HTTP/1.1" 200 4013
192.168.10.97 - - [20/Mar/2018:14:26:08 -0300] "GET /cormun/servlet/solicitudgral3?3a35df228e5a465d50d68b7823164b1a278c3bbf5192c9177495b26fb2274837c9231b2d8f9bbdff7cca9456346608c3f219b8e383f3b3737e37f56d6ef9bfa0ee5e7903ade9eb36dd08a880d2538e35dce142eb839c75b61c2446b6168a0f9f135ac15316be75244edfa6dc1c4c664ccba221a3fe879cd7279467410d955784526f0d0c9c3de647451988df4a0e4d7610681bbd554659588aaff7958dbb0fc4b796a92df8ae439212d24638a863f14361322cd76fa9a7544e2700706bc3405a63ade4840b11b7441aef73b98b01160cb600152281e8c27a85356d068f8090fa5f11550ba09b341c42b8db829a10a7eb2d7571b4594073f4fe0e51bbc75313a70955454559e2cbb9e1d25554e1ee5968c120672bc27c18291def16d295a83153e5d27f2b9408ece54bff35aee1e26c6ab0b6383f56a70abb25698874ad00d55def55f6c5163a62ebef38603aa01cc796,gx-no-cache=1521566602341 HTTP/1.1" 200 240
192.168.10.97 - - [20/Mar/2018:14:26:08 -0300] "POST /cormun/servlet/solicitudgral3?gx-no-cache=1521566602365 HTTP/1.1" 200 1401
192.168.10.97 - - [20/Mar/2018:14:26:08 -0300] "GET /cormun/servlet/solicitudgral3?3a35df228e5a465d50d68b7823164b1a493b969b1a6a5bbf965306fa3afb91365e713fbd030c0b3314c924f0a17f4ad9e3e469acfad16d0265c8a9c0dc88caf989e2f148385affdf4916985eb4cc1f4399730ffd53e4f36bc04f4a059854ac7ecc7ed10b486a11b2ee444c54398e9614bd8838775229a71c5d52d80c12535569,gx-no-cache=1521566602437 HTTP/1.1" 200 41
186.103.161.206 - - [20/Mar/2018:14:26:24 -0300] "POST /cormun/servlet/solicitudot?gx-no-cache=1521566733960 HTTP/1.1" 200 1337
186.103.161.206 - - [20/Mar/2018:14:26:24 -0300] "POST /cormun/servlet/solicitudot?gx-no-cache=1521566734177 HTTP/1.1" 200 38
186.103.161.206 - - [20/Mar/2018:14:26:24 -0300] "GET /cormun/servlet/solicitudot?dc9e3c72a379b7f2c6044ab44bb498b97c4b6dbfc070b0388c2e5174d64e7495c4a50b6da08ba9ea06370203435ed26f54d227e7b3cd632be7ba092d3f1ca778a4d0f09d0285aaa879816f9d3d82dde640fd2d5014a23a464ea5023f7623d6ae4ae5f4c1e5ce7da4b2abe9206ee64a0123eb7b320ccfafaa1e339da2a609b842a2be8b7e5380d2098d1d75c040e6240504c579b5fa61975cae42b43f9c59bb4a,gx-no-cache=1521566734338 HTTP/1.1" 200 29
186.103.161.206 - - [20/Mar/2018:14:26:25 -0300] "POST /cormun/servlet/solicitudot?gx-no-cache=1521566734474 HTTP/1.1" 200 1319
192.168.10.97 - - [20/Mar/2018:14:26:25 -0300] "POST /cormun/servlet/solicitudgral3?7d3ee934f8cb8bf43a5928a752929571,UPD,2018,10672,,gx-no-cache=1521566618782 HTTP/1.1" 200 12218
186.103.161.206 - - [20/Mar/2018:14:26:25 -0300] "POST /cormun/servlet/solicitudot?gx-no-cache=1521566734752 HTTP/1.1" 200 1219
192.168.10.97 - - [20/Mar/2018:14:26:25 -0300] "GET /cormun/servlet/solicitudgral3?3a35df228e5a465d50d68b7823164b1abfe64db7917f3d0e1b7a686c4db9b7126762fd728d3d7c5ff6638c40e8df91477c2b0233c571bb94566f2e4b5e4b34490a3424ccd592e9a18ee01c48a52c5b8a25b1ef0b243bf158590724b2ef2fedb64367423dce75131b6abbd24650a4b803a6e55a4a22071afd95859f681a5767d48c3be465270518035515cf37c39d9856da7d7b3c0c7bf687943142c59fd13df00b0ab3c189b693df436604a08d3f1aa7748f92da51091b8664918ff384f5051a3acf0de55834cd7f034856a90bf4fbfb,gx-no-cache=1521566619133 HTTP/1.1" 200 29
192.168.10.97 - - [20/Mar/2018:14:26:25 -0300] "POST /cormun/servlet/solicitudgral3?gx-no-cache=1521566619150 HTTP/1.1" 200 1297
192.168.10.97 - - [20/Mar/2018:14:26:25 -0300] "POST /cormun/servlet/solicitudgral3?gx-no-cache=1521566619180 HTTP/1.1" 200 1219
192.168.10.97 - - [20/Mar/2018:14:26:25 -0300] "GET /cormun/servlet/solicitudgral3?3a35df228e5a465d50d68b7823164b1aef90cb4547644ecf89a4e2946440307a4960af1b9e52f1db1b68e14abca8324c65f593da48b315688756e42d985f2a40f219b8e383f3b3737e37f56d6ef9bfa0361904bf0a9e6b5feed02f4c82ea41c780fc7dfd28c0923b1458ca72a01535aa3008202cb810ff4b4ca1dfcbf5c89973,gx-no-cache=1521566619214 HTTP/1.1" 200 30
186.103.161.206 - - [20/Mar/2018:14:26:25 -0300] "GET /cormun/servlet/solicitudot?dc9e3c72a379b7f2c6044ab44bb498b92fbf8880c7bd7e076a752fc3fd0fe217398db1e41214902fc01caa13fe846caf,gx-no-cache=1521566734925 HTTP/1.1" 200 30
192.168.10.97 - - [20/Mar/2018:14:26:25 -0300] "POST /cormun/servlet/solicitudgral3?7d3ee934f8cb8bf43a5928a752929571,UPD,2018,10672,,gx-no-cache=1521566619234 HTTP/1.1" 200 93
192.168.10.97 - - [20/Mar/2018:14:26:25 -0300] "GET /cormun/servlet/hpexe_return? HTTP/1.1" 200 1019
192.168.10.97 - - [20/Mar/2018:14:26:25 -0300] "GET /cormun/servlet/trsolicitudgral? HTTP/1.1" 200 10497
192.168.10.97 - - [20/Mar/2018:14:26:26 -0300] "GET /cormun/servlet/trsolicitudgral? HTTP/1.1" 200 10493
192.168.10.97 - - [20/Mar/2018:14:26:32 -0300] "POST /cormun/servlet/trsolicitudgral?7d3ee934f8cb8bf43a5928a752929571,,gx-no-cache=1521566626167 HTTP/1.1" 200 6155
192.168.10.97 - - [20/Mar/2018:14:26:32 -0300] "GET /cormun/static/Shared/jqueryui/images/ui-bg_highlight-soft_100_c6c2c8_1x100.png HTTP/1.1" 404 1117
192.168.10.97 - - [20/Mar/2018:14:26:32 -0300] "GET /cormun/static/Shared/jqueryui/images/ui-icons_82798d_256x240.png HTTP/1.1" 404 1089
192.168.10.97 - - [20/Mar/2018:14:26:32 -0300] "GET /cormun/static/Shared/jqueryui/images/ui-bg_flat_55_fafafa_40x100.png HTTP/1.1" 404 1097
192.168.10.97 - - [20/Mar/2018:14:26:32 -0300] "GET /cormun/static/Shared/jqueryui/images/ui-icons_8d78a5_256x240.png HTTP/1.1" 404 1089
192.168.10.97 - - [20/Mar/2018:14:26:45 -0300] "POST /cormun/servlet/trsolicitudgral?7d3ee934f8cb8bf43a5928a752929571,,gx-no-cache=1521566638688 HTTP/1.1" 200 5928
192.168.10.97 - - [20/Mar/2018:14:26:57 -0300] "POST /cormun/servlet/trsolicitudgral?7d3ee934f8cb8bf43a5928a752929571,,gx-no-cache=1521566650927 HTTP/1.1" 200 5928
192.168.10.97 - - [20/Mar/2018:14:27:08 -0300] "POST /cormun/servlet/trsolicitudgral?7d3ee934f8cb8bf43a5928a752929571,,gx-no-cache=1521566661914 HTTP/1.1" 200 5928
200.111.122.170 - - [20/Mar/2018:14:27:09 -0300] "POST /cormun/servlet/solicitudot?gx-no-cache=1521566778458 HTTP/1.1" 200 1321
200.111.122.170 - - [20/Mar/2018:14:27:09 -0300] "POST /cormun/servlet/solicitudot?gx-no-cache=1521566778619 HTTP/1.1" 200 1219
200.111.122.170 - - [20/Mar/2018:14:27:09 -0300] "POST /cormun/servlet/solicitudot?gx-no-cache=1521566778814 HTTP/1.1" 200 33
192.168.10.97 - - [20/Mar/2018:14:27:16 -0300] "POST /cormun/servlet/trsolicitudgral?7d3ee934f8cb8bf43a5928a752929571,,gx-no-cache=1521566670530 HTTP/1.1" 200 5929
192.168.10.97 - - [20/Mar/2018:14:27:32 -0300] "POST /cormun/servlet/trsolicitudgral?7d3ee934f8cb8bf43a5928a752929571,,gx-no-cache=1521566686249 HTTP/1.1" 200 5928
186.103.156.166 - - [20/Mar/2018:14:27:34 -0300] "GET /cormun/servlet/hlogin HTTP/1.1" 200 1716
192.168.10.97 - - [20/Mar/2018:14:27:44 -0300] "POST /cormun/servlet/trsolicitudgral?7d3ee934f8cb8bf43a5928a752929571,,gx-no-cache=1521566698475 HTTP/1.1" 200 5924
186.103.156.166 - - [20/Mar/2018:14:27:47 -0300] "POST /cormun/servlet/hlogin?fa8a07f193f79fde4d4023a95694af38,gx-no-cache=1521566816679 HTTP/1.1" 200 90
186.103.156.166 - - [20/Mar/2018:14:27:47 -0300] "GET /cormun/servlet/hpexe_link HTTP/1.1" 200 944
186.103.156.166 - - [20/Mar/2018:14:27:48 -0300] "GET /cormun/servlet/hhome HTTP/1.1" 200 4169
186.103.156.166 - - [20/Mar/2018:14:27:48 -0300] "GET /cormun/servlet/hhome HTTP/1.1" 200 4166
192.168.10.97 - - [20/Mar/2018:14:27:51 -0300] "POST /cormun/servlet/trsolicitudgral?7d3ee934f8cb8bf43a5928a752929571,,gx-no-cache=1521566704969 HTTP/1.1" 200 5927
192.168.10.97 - - [20/Mar/2018:14:28:00 -0300] "POST /cormun/servlet/trsolicitudgral?7d3ee934f8cb8bf43a5928a752929571,,gx-no-cache=1521566714280 HTTP/1.1" 200 5925
192.168.10.97 - - [20/Mar/2018:14:28:09 -0300] "POST /cormun/servlet/trsolicitudgral?7d3ee934f8cb8bf43a5928a752929571,,gx-no-cache=1521566723282 HTTP/1.1" 200 5925
186.103.156.166 - - [20/Mar/2018:14:28:14 -0300] "GET /cormun/servlet/trcontratosolicitud? HTTP/1.1" 200 14146
186.103.156.166 - - [20/Mar/2018:14:28:15 -0300] "GET /cormun/servlet/trcontratosolicitud? HTTP/1.1" 200 14144
192.168.10.97 - - [20/Mar/2018:14:28:16 -0300] "POST /cormun/servlet/trsolicitudgral?7d3ee934f8cb8bf43a5928a752929571,,gx-no-cache=1521566730209 HTTP/1.1" 200 5925
192.168.10.97 - - [20/Mar/2018:14:28:22 -0300] "POST /cormun/servlet/trsolicitudgral?7d3ee934f8cb8bf43a5928a752929571,,gx-no-cache=1521566736424 HTTP/1.1" 200 9489
200.111.122.170 - - [20/Mar/2018:14:28:47 -0300] "POST /cormun/servlet/solicitudot?01cde78fb0c6f6f02cfb8652ea100138,INS,0,0,,gx-no-cache=1521566876504 HTTP/1.1" 200 93
200.111.122.170 - - [20/Mar/2018:14:28:47 -0300] "GET /cormun/servlet/hpexe_return? HTTP/1.1" 200 1006
200.111.122.170 - - [20/Mar/2018:14:28:47 -0300] "GET /cormun/servlet/trsolicitudot HTTP/1.1" 200 8803
200.111.122.170 - - [20/Mar/2018:14:28:49 -0300] "GET /cormun/servlet/trsolicitudot HTTP/1.1" 200 8799
192.168.10.97 - - [20/Mar/2018:14:28:59 -0300] "GET /cormun/servlet/solicitudgral2?UPD,2018,10626, HTTP/1.1" 200 13067
192.168.10.97 - - [20/Mar/2018:14:28:59 -0300] "GET /cormun/static/gxcfg.js?20181911361990 HTTP/1.1" 304 -
192.168.10.97 - - [20/Mar/2018:14:28:59 -0300] "GET /cormun/servlet/solicitudgral2?UPD,2018,10626, HTTP/1.1" 200 13077
192.168.10.97 - - [20/Mar/2018:14:29:00 -0300] "POST /cormun/servlet/solicitudgral2?gx-no-cache=1521566773916 HTTP/1.1" 200 3903
192.168.10.97 - - [20/Mar/2018:14:29:00 -0300] "GET /cormun/servlet/solicitudgral2?3a35df228e5a465d50d68b7823164b1a278c3bbf5192c9177495b26fb22748379eeeaaf2fd38cb45c75799cb0cf45032f219b8e383f3b3737e37f56d6ef9bfa0ee5e7903ade9eb36dd08a880d2538e35dce142eb839c75b61c2446b6168a0f9f135ac15316be75244edfa6dc1c4c664ccba221a3fe879cd7279467410d955784526f0d0c9c3de647451988df4a0e4d7610681bbd554659588aaff7958dbb0fc4b796a92df8ae439212d24638a863f14361322cd76fa9a7544e2700706bc3405a63ade4840b11b7441aef73b98b01160cb600152281e8c27a85356d068f8090fa5f11550ba09b341c42b8db829a10a7eb2d7571b4594073f4fe0e51bbc75313a70955454559e2cbb9e1d25554e1ee5968c120672bc27c18291def16d295a83153e5d27f2b9408ece54bff35aee1e26c6ab0b6383f56a70abb25698874ad00d55def55f6c5163a62ebef38603aa01cc796,gx-no-cache=1521566774015 HTTP/1.1" 200 255
192.168.10.97 - - [20/Mar/2018:14:29:00 -0300] "POST /cormun/servlet/solicitudgral2?gx-no-cache=1521566774038 HTTP/1.1" 200 1399
192.168.10.97 - - [20/Mar/2018:14:29:00 -0300] "GET /cormun/servlet/solicitudgral2?3a35df228e5a465d50d68b7823164b1a493b969b1a6a5bbf965306fa3afb91365e713fbd030c0b3314c924f0a17f4ad9e3e469acfad16d0265c8a9c0dc88caf989e2f148385affdf4916985eb4cc1f43305c661ea32e0a78d5a6f547a32dd0f2d22ee85947f8aa8b0b0f79f88bf229fd,gx-no-cache=1521566774076 HTTP/1.1" 200 41
192.168.10.97 - - [20/Mar/2018:14:29:21 -0300] "POST /cormun/servlet/solicitudgral2?7d3ee934f8cb8bf43a5928a752929571,UPD,2018,10626,,gx-no-cache=1521566795438 HTTP/1.1" 200 93
192.168.10.97 - - [20/Mar/2018:14:29:21 -0300] "GET /cormun/servlet/hpexe_return? HTTP/1.1" 200 1019
192.168.10.97 - - [20/Mar/2018:14:29:21 -0300] "GET /cormun/servlet/trsolicitudgral? HTTP/1.1" 200 12607
192.168.10.97 - - [20/Mar/2018:14:29:22 -0300] "GET /cormun/servlet/trsolicitudgral? HTTP/1.1" 200 12602
186.103.132.155 - - [20/Mar/2018:14:29:31 -0300] "POST /cormun/servlet/trsolicitudot?01cde78fb0c6f6f02cfb8652ea100138,gx-no-cache=1521566920851 HTTP/1.1" 200 4685
186.103.132.155 - - [20/Mar/2018:14:29:31 -0300] "GET /cormun/static/Shared/jqueryui/images/ui-bg_highlight-soft_100_c6c2c8_1x100.png HTTP/1.1" 404 1117
186.103.161.206 - - [20/Mar/2018:14:29:31 -0300] "GET /cormun/static/Shared/jqueryui/images/ui-icons_82798d_256x240.png HTTP/1.1" 404 1089
186.103.132.155 - - [20/Mar/2018:14:29:31 -0300] "GET /cormun/static/Shared/jqueryui/images/ui-bg_flat_55_fafafa_40x100.png HTTP/1.1" 404 1097
200.111.122.170 - - [20/Mar/2018:14:29:31 -0300] "GET /cormun/static/Shared/jqueryui/images/ui-icons_8d78a5_256x240.png HTTP/1.1" 404 1089
200.111.122.170 - - [20/Mar/2018:14:29:32 -0300] "POST /cormun/servlet/trsolicitudot?01cde78fb0c6f6f02cfb8652ea100138,gx-no-cache=1521566921466 HTTP/1.1" 200 4456
200.111.122.170 - - [20/Mar/2018:14:29:37 -0300] "GET /cormun/servlet/trautorizarsolicitud? HTTP/1.1" 200 8693
200.111.122.170 - - [20/Mar/2018:14:29:38 -0300] "GET /cormun/servlet/trautorizarsolicitud? HTTP/1.1" 200 8693
200.111.122.170 - - [20/Mar/2018:14:29:57 -0300] "POST /cormun/servlet/trautorizarsolicitud?01cde78fb0c6f6f02cfb8652ea100138,,gx-no-cache=1521566947117 HTTP/1.1" 200 6961
200.111.122.170 - - [20/Mar/2018:14:29:58 -0300] "GET /cormun/static/Shared/jqueryui/images/ui-bg_highlight-soft_100_c6c2c8_1x100.png HTTP/1.1" 404 1117
200.111.122.170 - - [20/Mar/2018:14:29:58 -0300] "GET /cormun/static/Shared/jqueryui/images/ui-icons_82798d_256x240.png HTTP/1.1" 404 1089
200.111.122.170 - - [20/Mar/2018:14:29:58 -0300] "GET /cormun/static/Shared/jqueryui/images/ui-bg_flat_55_fafafa_40x100.png HTTP/1.1" 404 1097
200.111.122.170 - - [20/Mar/2018:14:29:58 -0300] "GET /cormun/static/Shared/jqueryui/images/ui-icons_8d78a5_256x240.png HTTP/1.1" 404 1089
200.111.122.170 - - [20/Mar/2018:14:29:58 -0300] "POST /cormun/servlet/trautorizarsolicitud?01cde78fb0c6f6f02cfb8652ea100138,,gx-no-cache=1521566947677 HTTP/1.1" 200 6906
200.111.122.170 - - [20/Mar/2018:14:30:06 -0300] "GET /cormun/servlet/veautorizarsolicitud?2018,10681,, HTTP/1.1" 200 8614
200.111.122.170 - - [20/Mar/2018:14:30:06 -0300] "GET /cormun/pexe_scrolldiv.js HTTP/1.1" 404 1009
200.111.122.170 - - [20/Mar/2018:14:30:07 -0300] "GET /cormun/servlet/veautorizarsolicitud?2018,10681,, HTTP/1.1" 200 8613
200.112.233.47 - - [20/Mar/2018:14:30:35 -0300] "GET /cormun/servlet/hlogin HTTP/1.1" 200 1715
200.112.233.47 - - [20/Mar/2018:14:30:35 -0300] "GET /cormun/static/hlogin.js?20175251213537 HTTP/1.1" 200 2136
200.112.233.47 - - [20/Mar/2018:14:30:35 -0300] "GET /cormun/static/gxcfg.js?20175251213516 HTTP/1.1" 200 953
200.112.233.47 - - [20/Mar/2018:14:30:35 -0300] "GET /cormun/static/Resources/Spanish/PXTools.css?11423723 HTTP/1.1" 200 89042
200.112.233.47 - - [20/Mar/2018:14:30:35 -0300] "GET /cormun/static/Resources/ComunLogin.png HTTP/1.1" 200 17326
200.112.233.47 - - [20/Mar/2018:14:30:35 -0300] "GET /cormun/static/Resources/PXToolsLoginBackground.png HTTP/1.1" 200 1164
200.112.233.47 - - [20/Mar/2018:14:30:35 -0300] "GET /cormun/static/Resources/PXToolsLoginTop.png HTTP/1.1" 200 1337
200.112.233.47 - - [20/Mar/2018:14:30:35 -0300] "GET /cormun/static/Resources/PXToolsButtonLeft21.png HTTP/1.1" 200 1287
200.112.233.47 - - [20/Mar/2018:14:30:35 -0300] "GET /cormun/static/Resources/PXToolsButtonBackground2.png HTTP/1.1" 200 1181
200.112.233.47 - - [20/Mar/2018:14:30:35 -0300] "GET /cormun/static/Resources/PXToolsButtonRight21.png HTTP/1.1" 200 1283
200.112.233.47 - - [20/Mar/2018:14:30:35 -0300] "GET /cormun/static/Resources/PXToolsLoginBottom.png HTTP/1.1" 200 1389
200.112.233.47 - - [20/Mar/2018:14:30:35 -0300] "GET /cormun/static/Resources/indicator.gif HTTP/1.1" 200 1553
200.112.233.47 - - [20/Mar/2018:14:30:36 -0300] "GET /favicon.ico HTTP/1.1" 200 21630
190.151.100.218 - - [20/Mar/2018:14:30:40 -0300] "POST /cormun/servlet/veautorizarsolicitud?01cde78fb0c6f6f02cfb8652ea100138,2018,10681,,,gx-no-cache=1521566989537 HTTP/1.1" 200 90
190.151.100.218 - - [20/Mar/2018:14:30:40 -0300] "GET /cormun/servlet/hpexe_link HTTP/1.1" 200 972
190.151.100.218 - - [20/Mar/2018:14:30:40 -0300] "GET /cormun/servlet/trautorizarsolicitud? HTTP/1.1" 200 7320
190.151.100.218 - - [20/Mar/2018:14:30:42 -0300] "GET /cormun/servlet/trautorizarsolicitud? HTTP/1.1" 200 7318
186.103.156.166 - - [20/Mar/2018:14:30:50 -0300] "GET /cormun/servlet/hlogin HTTP/1.1" 200 1732
200.112.233.47 - - [20/Mar/2018:14:30:58 -0300] "POST /cormun/servlet/hlogin?b3bbf580b15ba953dcb568a56c4327a1,gx-no-cache=1521567006692 HTTP/1.1" 200 90
200.112.233.47 - - [20/Mar/2018:14:30:58 -0300] "GET /cormun/servlet/hpexe_link HTTP/1.1" 200 945
200.112.233.47 - - [20/Mar/2018:14:30:58 -0300] "GET /cormun/static/hpexe_link.js?20177612121795 HTTP/1.1" 200 625
200.112.233.47 - - [20/Mar/2018:14:30:58 -0300] "GET /cormun/static/gxcfg.js?20177612121792 HTTP/1.1" 200 953
200.112.233.47 - - [20/Mar/2018:14:30:58 -0300] "GET /cormun/static/Resources/Spanish/PXTools.css?1155365 HTTP/1.1" 200 49152
200.112.233.47 - - [20/Mar/2018:14:30:58 -0300] "GET /cormun/servlet/hhome HTTP/1.1" 200 4202
200.112.233.47 - - [20/Mar/2018:14:30:58 -0300] "GET /cormun/static/SmoothNavMenu/resources/ddsmoothmenu-v.css?1012540 HTTP/1.1" 200 1188
200.112.233.47 - - [20/Mar/2018:14:30:58 -0300] "GET /cormun/static/SmoothNavMenu/resources/ddsmoothmenu.css?1012540 HTTP/1.1" 200 2223
200.112.233.47 - - [20/Mar/2018:14:30:58 -0300] "GET /cormun/static/Shared/jqueryui/jquery-ui.min.css?1245370 HTTP/1.1" 200 16384
200.112.233.47 - - [20/Mar/2018:14:30:58 -0300] "GET /cormun/static/scaMessage/css/jquery.pnotify.default.css?1716380 HTTP/1.1" 200 1707
200.112.233.47 - - [20/Mar/2018:14:30:59 -0300] "GET /cormun/static/PXToolsJavascripts/pexe_menudivfix.js HTTP/1.1" 200 333
200.112.233.47 - - [20/Mar/2018:14:30:59 -0300] "GET /cormun/static/PXToolsJavascripts/pexe_oav.js HTTP/1.1" 200 645
200.112.233.47 - - [20/Mar/2018:14:30:59 -0300] "GET /cormun/static/PXToolsJavascripts/pexe_oavdivfix.js HTTP/1.1" 200 639
200.112.233.47 - - [20/Mar/2018:14:30:59 -0300] "GET /cormun/static/PXToolsJavascripts/pexe_tabdivfix.js HTTP/1.1" 200 876
200.112.233.47 - - [20/Mar/2018:14:30:59 -0300] "GET /cormun/static/PXToolsJavascripts/pexe_picture.js HTTP/1.1" 200 689
200.112.233.47 - - [20/Mar/2018:14:30:59 -0300] "GET /cormun/static/RunJS/RunJS.js HTTP/1.1" 200 288
200.112.233.47 - - [20/Mar/2018:14:30:59 -0300] "GET /cormun/static/PXToolsJavascripts/PXToolsJavascriptsRender.js HTTP/1.1" 200 367
200.112.233.47 - - [20/Mar/2018:14:30:59 -0300] "GET /cormun/static/hpexe_messagecontroller.js?20177611595012 HTTP/1.1" 200 870
200.112.233.47 - - [20/Mar/2018:14:30:59 -0300] "GET /cormun/static/hpexe_messagepopupcomponent.js?20161017169425 HTTP/1.1" 200 605
200.112.233.47 - - [20/Mar/2018:14:30:59 -0300] "GET /cormun/static/hpexe_messagegenexuscomponent.js?201752511465344 HTTP/1.1" 200 587
200.112.233.47 - - [20/Mar/2018:14:30:59 -0300] "GET /cormun/static/Resources/logo4.png HTTP/1.1" 200 6582
200.112.233.47 - - [20/Mar/2018:14:30:59 -0300] "GET /cormun/static/hhome.js?20175251212450 HTTP/1.1" 200 777
200.112.233.47 - - [20/Mar/2018:14:30:59 -0300] "GET /cormun/static/Resources/PXToolsHeaderActionsLeft.png HTTP/1.1" 200 1118
200.112.233.47 - - [20/Mar/2018:14:30:59 -0300] "GET /cormun/static/Resources/PXToolsHeaderHome.png HTTP/1.1" 200 4147
200.112.233.47 - - [20/Mar/2018:14:30:59 -0300] "GET /cormun/static/Resources/PXToolsHeaderLogin.png HTTP/1.1" 200 4279
200.112.233.47 - - [20/Mar/2018:14:30:59 -0300] "GET /cormun/static/Resources/PXToolsHeaderPreferences.png HTTP/1.1" 200 4189
200.112.233.47 - - [20/Mar/2018:14:30:59 -0300] "GET /cormun/static/Resources/PXToolsHeaderSecurity.png HTTP/1.1" 200 4166
200.112.233.47 - - [20/Mar/2018:14:30:59 -0300] "GET /cormun/static/Resources/PXToolsHeaderActionsRight.png HTTP/1.1" 200 1201
200.112.233.47 - - [20/Mar/2018:14:30:59 -0300] "GET /cormun/static/Resources/PXToolsHeaderActionsBackground.png HTTP/1.1" 200 484
200.112.233.47 - - [20/Mar/2018:14:30:59 -0300] "GET /cormun/static/Resources/PXToolsHeaderBackground2.png HTTP/1.1" 200 1174
200.112.233.47 - - [20/Mar/2018:14:30:59 -0300] "GET /cormun/static/Resources/PXToolsFooterBackground2.png HTTP/1.1" 200 1172
200.112.233.47 - - [20/Mar/2018:14:30:59 -0300] "GET /cormun/static/Resources/PXToolsDataTitle.png HTTP/1.1" 200 1173
200.112.233.47 - - [20/Mar/2018:14:31:01 -0300] "GET /cormun/static/SmoothNavMenu/resources/images/down.gif HTTP/1.1" 200 854
200.112.233.47 - - [20/Mar/2018:14:31:01 -0300] "GET /cormun/servlet/hhome HTTP/1.1" 200 4198
200.112.233.47 - - [20/Mar/2018:14:31:01 -0300] "GET /cormun/static/SmoothNavMenu/resources/images/right.gif HTTP/1.1" 200 860
200.111.122.170 - - [20/Mar/2018:14:31:16 -0300] "GET /cormun/servlet/trsolicitudot? HTTP/1.1" 200 7415
200.111.122.170 - - [20/Mar/2018:14:31:17 -0300] "GET /cormun/servlet/trsolicitudot? HTTP/1.1" 200 7415
200.72.197.82 - - [20/Mar/2018:14:31:19 -0300] "GET /cormun/servlet/solicitudot?INS,0,0, HTTP/1.1" 200 13645
200.72.197.82 - - [20/Mar/2018:14:31:20 -0300] "GET /cormun/servlet/solicitudot?INS,0,0, HTTP/1.1" 200 13650
200.112.233.47 - - [20/Mar/2018:14:31:27 -0300] "GET /cormun/servlet/trsolicitudot? HTTP/1.1" 200 9267
200.112.233.47 - - [20/Mar/2018:14:31:27 -0300] "GET /cormun/static/gxui/gxui-all.css?120300 HTTP/1.1" 200 2179
200.112.233.47 - - [20/Mar/2018:14:31:27 -0300] "GET /cormun/static/calendar-system.css?85620 HTTP/1.1" 200 5572
200.112.233.47 - - [20/Mar/2018:14:31:27 -0300] "GET /cormun/static/gxcfg.js?2017111422585916 HTTP/1.1" 200 953
200.112.233.47 - - [20/Mar/2018:14:31:27 -0300] "GET /cormun/static/Resources/PXTools/calendar.png HTTP/1.1" 200 1306
200.112.233.47 - - [20/Mar/2018:14:31:27 -0300] "GET /cormun/static/Resources/PXToolsGridNew.png HTTP/1.1" 200 2949
200.112.233.47 - - [20/Mar/2018:14:31:27 -0300] "GET /cormun/static/Resources/Spanish/PXTools.css?1255365 HTTP/1.1" 200 49152
200.112.233.47 - - [20/Mar/2018:14:31:28 -0300] "GET /cormun/static/Resources/PXToolsGridPreviousDisabled.gif HTTP/1.1" 200 90
200.112.233.47 - - [20/Mar/2018:14:31:28 -0300] "GET /cormun/static/Resources/PXToolsGridPage.gif HTTP/1.1" 200 725
200.112.233.47 - - [20/Mar/2018:14:31:28 -0300] "GET /cormun/static/Resources/PXToolsGridLastDisabled.gif HTTP/1.1" 200 98
200.112.233.47 - - [20/Mar/2018:14:31:28 -0300] "GET /cormun/static/Resources/PXToolsGridFirstDisabled.gif HTTP/1.1" 200 100
200.112.233.47 - - [20/Mar/2018:14:31:28 -0300] "GET /cormun/static/Resources/PXToolsDataSearch.png HTTP/1.1" 200 419
200.112.233.47 - - [20/Mar/2018:14:31:28 -0300] "GET /cormun/static/Resources/PXToolsGridNextDisabled.gif HTTP/1.1" 200 90
200.112.233.47 - - [20/Mar/2018:14:31:29 -0300] "GET /cormun/servlet/trsolicitudot? HTTP/1.1" 200 9264
200.112.233.47 - - [20/Mar/2018:14:31:29 -0300] "GET /cormun/static/Resources/asc.gif HTTP/1.1" 200 67
186.67.203.186 - - [20/Mar/2018:14:31:39 -0300] "GET /cormun/servlet/prfichaempleado?,MD,,gxPopupLevel%3D0%3B HTTP/1.1" 200 9361
186.67.203.186 - - [20/Mar/2018:14:31:51 -0300] "POST /cormun/servlet/prfichaempleado?01cde78fb0c6f6f02cfb8652ea100138,,MD,,gxPopupLevel%3D0%3B,gx-no-cache=1521567060816 HTTP/1.1" 200 3488
186.103.132.155 - - [20/Mar/2018:14:32:15 -0300] "POST /cormun/servlet/solicitudot?gx-no-cache=1521567084808 HTTP/1.1" 200 3399
186.103.132.155 - - [20/Mar/2018:14:32:15 -0300] "POST /cormun/servlet/solicitudot?01cde78fb0c6f6f02cfb8652ea100138,INS,0,0,,gx-no-cache=1521567085280 HTTP/1.1" 200 10584
186.103.132.155 - - [20/Mar/2018:14:32:16 -0300] "GET /cormun/servlet/solicitudot?dc9e3c72a379b7f2c6044ab44bb498b985c451593bee4fe838d4787a6c28acfba6ee451659c7f74523c0add9394cc89b,gx-no-cache=1521567085746 HTTP/1.1" 200 30
186.103.132.155 - - [20/Mar/2018:14:32:22 -0300] "GET /cormun/servlet/solicitudot?dc9e3c72a379b7f2c6044ab44bb498b935a94d26f829d0b53abf7b829413524d2501f6b2911c9844d4cdd57b5028805bc5fab7279c28f5317c2107f5f48e088e,gx-no-cache=1521567092198 HTTP/1.1" 200 30
186.103.132.155 - - [20/Mar/2018:14:32:23 -0300] "GET /cormun/servlet/solicitudot?dc9e3c72a379b7f2c6044ab44bb498b9b2968412f003d76e9928bbf4cf4b774c,gx-no-cache=1521567092492 HTTP/1.1" 200 60
186.103.132.155 - - [20/Mar/2018:14:32:23 -0300] "POST /cormun/servlet/solicitudot?gx-no-cache=1521567092819 HTTP/1.1" 200 255
186.103.132.155 - - [20/Mar/2018:14:32:23 -0300] "GET /cormun/servlet/solicitudot?dc9e3c72a379b7f2c6044ab44bb498b9af351f7122debe452bf9b82e088baa032fb0baaa9ab190cb7df2c01134aa03e58336e745d0ab2c091505d54f018a8011e419345b6a6eb6b1299ad9e959ba2c4096d459741acec49e3d05a591fee1256df55515294efb4b4e33f80d9d1b5b9e1b160bc604b166b3aaeecdd69a238eca9331b2c08d0b0b7047003776bc39a3221eb235f434d3b085a6cd65d0fa346470374d96c9818c3d8fce4db348aad460956aebd7dd1c586ef11f0225656577bddd175907555e755bf3a1518ca8289ff9535847fb0f9aed5f2775f2bb9439b4691b352b0b821da4a88a6053c983e680889bf250e1671bc3b017a77dd7c480ae83baaa47f8903e44d0e4220e092f8f35f1f55c823f6a17917bdad74d1171ade8c266870425486ce94047723a1c77d8a0991c9805163c0171fbfe56ffce8ecffa5559bc2a9aecd4a697234099ac7bbe909fcd9580620ea367e6e22197666ad7b6890b539204b447ce77381b8331723dd5009fb9bff46b738b6e73b8a04b54eecebb1be1,gx-no-cache=1521567093202 HTTP/1.1" 200 30
186.103.132.155 - - [20/Mar/2018:14:32:26 -0300] "POST /cormun/servlet/solicitudot?gx-no-cache=1521567096065 HTTP/1.1" 200 30
186.103.132.155 - - [20/Mar/2018:14:32:37 -0300] "GET /cormun/servlet/prsolicitudot?15122749,,,,,MD,,gxPopupLevel%3D0%3B HTTP/1.1" 200 6179
200.72.197.82 - - [20/Mar/2018:14:33:29 -0300] "POST /cormun/servlet/solicitudot?gx-no-cache=1521567159198 HTTP/1.1" 200 1337
200.72.197.82 - - [20/Mar/2018:14:33:30 -0300] "POST /cormun/servlet/solicitudot?gx-no-cache=1521567160271 HTTP/1.1" 200 38
200.72.197.82 - - [20/Mar/2018:14:33:30 -0300] "GET /cormun/servlet/solicitudot?dc9e3c72a379b7f2c6044ab44bb498b97c4b6dbfc070b0388c2e5174d64e7495c4a50b6da08ba9ea06370203435ed26f54d227e7b3cd632be7ba092d3f1ca778a4d0f09d0285aaa879816f9d3d82dde640fd2d5014a23a464ea5023f7623d6ae4ae5f4c1e5ce7da4b2abe9206ee64a0123eb7b320ccfafaa1e339da2a609b842a2be8b7e5380d2098d1d75c040e6240504c579b5fa61975cae42b43f9c59bb4a,gx-no-cache=1521567160359 HTTP/1.1" 200 29
200.72.197.82 - - [20/Mar/2018:14:33:31 -0300] "POST /cormun/servlet/solicitudot?gx-no-cache=1521567160495 HTTP/1.1" 200 1319
200.72.197.82 - - [20/Mar/2018:14:33:31 -0300] "POST /cormun/servlet/solicitudot?gx-no-cache=1521567160685 HTTP/1.1" 200 1219
200.72.197.82 - - [20/Mar/2018:14:33:31 -0300] "GET /cormun/servlet/solicitudot?dc9e3c72a379b7f2c6044ab44bb498b92fbf8880c7bd7e076a752fc3fd0fe217398db1e41214902fc01caa13fe846caf,gx-no-cache=1521567160894 HTTP/1.1" 200 30
200.111.191.210 - - [20/Mar/2018:14:33:32 -0300] "GET /cormun/servlet/trpermisosgoce? HTTP/1.1" 200 6083
200.111.191.210 - - [20/Mar/2018:14:33:32 -0300] "GET /cormun/servlet/hlogin HTTP/1.1" 200 1738
200.111.191.210 - - [20/Mar/2018:14:33:32 -0300] "GET /cormun/servlet/trpermisosgoce? HTTP/1.1" 200 6093
200.111.191.210 - - [20/Mar/2018:14:33:54 -0300] "POST /cormun/servlet/hlogin?366b11fe7da67c96323bf78e22527904,gx-no-cache=1521567185024 HTTP/1.1" 200 90
200.111.191.210 - - [20/Mar/2018:14:33:54 -0300] "GET /cormun/servlet/hpexe_link HTTP/1.1" 200 956
200.111.191.210 - - [20/Mar/2018:14:33:54 -0300] "GET /cormun/servlet/trpermisosgoce HTTP/1.1" 200 9541
200.111.191.210 - - [20/Mar/2018:14:33:54 -0300] "GET /cormun/servlet/trpermisosgoce HTTP/1.1" 200 9538
200.111.191.210 - - [20/Mar/2018:14:33:57 -0300] "GET /cormun/servlet/trpermisosgoce? HTTP/1.1" 200 9538
200.111.191.210 - - [20/Mar/2018:14:33:59 -0300] "GET /cormun/servlet/trpermisosgoce? HTTP/1.1" 200 9538
200.111.122.170 - - [20/Mar/2018:14:34:20 -0300] "POST /cormun/servlet/solicitudot?gx-no-cache=1521567210129 HTTP/1.1" 200 1321
200.111.122.170 - - [20/Mar/2018:14:34:20 -0300] "POST /cormun/servlet/solicitudot?gx-no-cache=1521567210326 HTTP/1.1" 200 1219
200.111.122.170 - - [20/Mar/2018:14:34:21 -0300] "POST /cormun/servlet/solicitudot?gx-no-cache=1521567210496 HTTP/1.1" 200 33
58.218.199.221 - - [20/Mar/2018:14:35:13 -0300] "PUT /thefox.jsp/ HTTP/1.1" 403 970
200.111.191.210 - - [20/Mar/2018:14:35:18 -0300] "GET /cormun/servlet/trpermisosadjuntos?17137508,20180314162528,P, HTTP/1.1" 200 6278
200.111.191.210 - - [20/Mar/2018:14:35:19 -0300] "GET /cormun/static/gxcfg.js?201762817193957 HTTP/1.1" 200 953
200.111.191.210 - - [20/Mar/2018:14:35:19 -0300] "GET /cormun/static/trpermisosadjuntos.js?201762817194366 HTTP/1.1" 200 20158
200.111.191.210 - - [20/Mar/2018:14:35:19 -0300] "GET /cormun/servlet/trpermisosadjuntos?17137508,20180314162528,P, HTTP/1.1" 200 6278
200.111.191.210 - - [20/Mar/2018:14:35:20 -0300] "GET /cormun/servlet/permisosadjuntos?INS,17137508,P,20180314162528,, HTTP/1.1" 200 5609
200.111.191.210 - - [20/Mar/2018:14:35:20 -0300] "GET /cormun/static/gxcfg.js?201762717441171 HTTP/1.1" 200 953
200.111.191.210 - - [20/Mar/2018:14:35:20 -0300] "GET /cormun/static/permisosadjuntos.js?201762717441184 HTTP/1.1" 200 8724
200.111.191.210 - - [20/Mar/2018:14:35:20 -0300] "GET /cormun/static/about:blank HTTP/1.1" 404 1011
200.111.191.210 - - [20/Mar/2018:14:35:21 -0300] "GET /cormun/servlet/permisosadjuntos?INS,17137508,P,20180314162528,, HTTP/1.1" 200 5599
186.103.132.155 - - [20/Mar/2018:14:35:31 -0300] "POST /cormun/servlet/solicitudot?01cde78fb0c6f6f02cfb8652ea100138,INS,0,0,,gx-no-cache=1521567267843 HTTP/1.1" 200 93
186.103.132.155 - - [20/Mar/2018:14:35:31 -0300] "GET /cormun/servlet/hpexe_return? HTTP/1.1" 200 1006
186.103.132.155 - - [20/Mar/2018:14:35:31 -0300] "GET /cormun/servlet/trsolicitudot HTTP/1.1" 200 8812
186.103.132.155 - - [20/Mar/2018:14:35:33 -0300] "GET /cormun/servlet/trsolicitudot HTTP/1.1" 200 8808
200.111.191.210 - - [20/Mar/2018:14:35:48 -0300] "POST /cormun/servlet/permisosadjuntos?366b11fe7da67c96323bf78e22527904,INS,17137508,P,20180314162528,, HTTP/1.1" 200 116
200.111.191.210 - - [20/Mar/2018:14:35:48 -0300] "GET /cormun/servlet/hpexe_return? HTTP/1.1" 200 1039
186.103.132.155 - - [20/Mar/2018:14:35:48 -0300] "POST /cormun/servlet/trsolicitudot?01cde78fb0c6f6f02cfb8652ea100138,gx-no-cache=1521567297960 HTTP/1.1" 200 4694
186.103.132.155 - - [20/Mar/2018:14:35:48 -0300] "GET /cormun/static/Shared/jqueryui/images/ui-bg_highlight-soft_100_c6c2c8_1x100.png HTTP/1.1" 404 1117
200.111.191.210 - - [20/Mar/2018:14:35:48 -0300] "GET /cormun/servlet/trpermisosadjuntos?17137508,20180314162528,P, HTTP/1.1" 200 6737
200.111.122.170 - - [20/Mar/2018:14:35:48 -0300] "GET /cormun/static/Shared/jqueryui/images/ui-icons_82798d_256x240.png HTTP/1.1" 404 1089
186.103.132.155 - - [20/Mar/2018:14:35:48 -0300] "GET /cormun/static/Shared/jqueryui/images/ui-bg_flat_55_fafafa_40x100.png HTTP/1.1" 404 1097
200.72.197.82 - - [20/Mar/2018:14:35:48 -0300] "GET /cormun/static/Shared/jqueryui/images/ui-icons_8d78a5_256x240.png HTTP/1.1" 404 1089
200.111.191.210 - - [20/Mar/2018:14:35:49 -0300] "GET /cormun/servlet/trpermisosadjuntos?17137508,20180314162528,P, HTTP/1.1" 200 6734
200.72.197.82 - - [20/Mar/2018:14:35:49 -0300] "POST /cormun/servlet/trsolicitudot?01cde78fb0c6f6f02cfb8652ea100138,gx-no-cache=1521567298524 HTTP/1.1" 200 4457
200.111.191.210 - - [20/Mar/2018:14:36:01 -0300] "GET /cormun/servlet/trpermisosgoce? HTTP/1.1" 200 9542
200.112.233.47 - - [20/Mar/2018:14:36:07 -0300] "GET /cormun/servlet/trfichaempleado? HTTP/1.1" 200 11714
200.111.191.210 - - [20/Mar/2018:14:36:16 -0300] "GET /cormun/servlet/trpermisosgoce? HTTP/1.1" 200 9540
200.111.191.210 - - [20/Mar/2018:14:36:17 -0300] "GET /cormun/servlet/trpermisosgoce? HTTP/1.1" 200 9540
200.111.191.210 - - [20/Mar/2018:14:36:47 -0300] "POST /cormun/servlet/trpermisosgoce?366b11fe7da67c96323bf78e22527904,,gx-no-cache=1521567358367 HTTP/1.1" 200 6693
200.111.191.210 - - [20/Mar/2018:14:36:47 -0300] "GET /cormun/static/Shared/jqueryui/images/ui-bg_highlight-soft_100_c6c2c8_1x100.png HTTP/1.1" 404 1117
200.111.191.210 - - [20/Mar/2018:14:36:47 -0300] "GET /cormun/static/Shared/jqueryui/images/ui-bg_flat_55_fafafa_40x100.png HTTP/1.1" 404 1097
200.111.191.210 - - [20/Mar/2018:14:36:47 -0300] "GET /cormun/static/Shared/jqueryui/images/ui-icons_82798d_256x240.png HTTP/1.1" 404 1089
200.111.191.210 - - [20/Mar/2018:14:36:47 -0300] "GET /cormun/static/Shared/jqueryui/images/ui-icons_8d78a5_256x240.png HTTP/1.1" 404 1089
200.111.191.210 - - [20/Mar/2018:14:36:48 -0300] "GET /cormun/servlet/trpermisosadjuntos?12961977,20180315155737,P, HTTP/1.1" 200 6267
200.111.191.210 - - [20/Mar/2018:14:36:49 -0300] "GET /cormun/servlet/trpermisosadjuntos?12961977,20180315155737,P, HTTP/1.1" 200 6267
200.111.191.210 - - [20/Mar/2018:14:36:50 -0300] "GET /cormun/servlet/permisosadjuntos?INS,12961977,P,20180315155737,, HTTP/1.1" 200 5596
200.111.191.210 - - [20/Mar/2018:14:36:50 -0300] "GET /cormun/static/about:blank HTTP/1.1" 404 1011
200.111.191.210 - - [20/Mar/2018:14:36:50 -0300] "GET /cormun/servlet/permisosadjuntos?INS,12961977,P,20180315155737,, HTTP/1.1" 200 5587
200.111.191.210 - - [20/Mar/2018:14:36:57 -0300] "POST /cormun/servlet/permisosadjuntos?366b11fe7da67c96323bf78e22527904,INS,12961977,P,20180315155737,, HTTP/1.1" 200 116
200.111.191.210 - - [20/Mar/2018:14:36:57 -0300] "GET /cormun/servlet/hpexe_return? HTTP/1.1" 200 1038
200.111.191.210 - - [20/Mar/2018:14:36:57 -0300] "GET /cormun/servlet/trpermisosadjuntos?12961977,20180315155737,P, HTTP/1.1" 200 6727
200.111.191.210 - - [20/Mar/2018:14:36:57 -0300] "GET /cormun/servlet/trpermisosadjuntos?12961977,20180315155737,P, HTTP/1.1" 200 6723
186.103.161.206 - - [20/Mar/2018:14:37:00 -0300] "GET /cormun/servlet/trautorizarsolicitud? HTTP/1.1" 200 8704
200.111.191.210 - - [20/Mar/2018:14:37:00 -0300] "GET /cormun/servlet/trpermisosgoce? HTTP/1.1" 200 9543
200.111.191.210 - - [20/Mar/2018:14:37:00 -0300] "GET /cormun/servlet/trpermisosgoce? HTTP/1.1" 200 9543
186.103.161.206 - - [20/Mar/2018:14:37:01 -0300] "GET /cormun/servlet/trautorizarsolicitud? HTTP/1.1" 200 8704
200.111.191.210 - - [20/Mar/2018:14:37:04 -0300] "POST /cormun/servlet/trpermisosgoce?366b11fe7da67c96323bf78e22527904,,gx-no-cache=1521567375088 HTTP/1.1" 200 6684
200.111.191.210 - - [20/Mar/2018:14:37:17 -0300] "GET /cormun/static/Shared/jqueryui/images/ui-bg_highlight-soft_100_c6c2c8_1x100.png HTTP/1.1" 404 1117
200.111.191.210 - - [20/Mar/2018:14:37:17 -0300] "GET /cormun/static/Shared/jqueryui/images/ui-icons_82798d_256x240.png HTTP/1.1" 404 1089
200.111.191.210 - - [20/Mar/2018:14:37:17 -0300] "GET /cormun/static/Shared/jqueryui/images/ui-bg_flat_55_fafafa_40x100.png HTTP/1.1" 404 1097
200.111.191.210 - - [20/Mar/2018:14:37:17 -0300] "GET /cormun/static/Shared/jqueryui/images/ui-icons_8d78a5_256x240.png HTTP/1.1" 404 1089
200.111.191.210 - - [20/Mar/2018:14:37:20 -0300] "GET /cormun/servlet/trpermisosadjuntos?12778096,20180316122425,P, HTTP/1.1" 200 6269
200.111.191.210 - - [20/Mar/2018:14:37:20 -0300] "GET /cormun/servlet/trpermisosadjuntos?12778096,20180316122425,P, HTTP/1.1" 200 6269
200.111.191.210 - - [20/Mar/2018:14:37:21 -0300] "GET /cormun/servlet/permisosadjuntos?INS,12778096,P,20180316122425,, HTTP/1.1" 200 5600
200.111.191.210 - - [20/Mar/2018:14:37:21 -0300] "GET /cormun/static/about:blank HTTP/1.1" 404 1011
200.111.191.210 - - [20/Mar/2018:14:37:21 -0300] "GET /cormun/servlet/permisosadjuntos?INS,12778096,P,20180316122425,, HTTP/1.1" 200 5590
200.111.191.210 - - [20/Mar/2018:14:37:26 -0300] "POST /cormun/servlet/permisosadjuntos?366b11fe7da67c96323bf78e22527904,INS,12778096,P,20180316122425,, HTTP/1.1" 200 116
200.111.191.210 - - [20/Mar/2018:14:37:26 -0300] "GET /cormun/servlet/hpexe_return? HTTP/1.1" 200 1038
200.111.191.210 - - [20/Mar/2018:14:37:26 -0300] "GET /cormun/servlet/trpermisosadjuntos?12778096,20180316122425,P, HTTP/1.1" 200 6729
200.111.191.210 - - [20/Mar/2018:14:37:27 -0300] "GET /cormun/servlet/trpermisosadjuntos?12778096,20180316122425,P, HTTP/1.1" 200 6726
200.111.191.210 - - [20/Mar/2018:14:37:30 -0300] "GET /cormun/servlet/trpermisosgoce? HTTP/1.1" 200 9541
200.111.191.210 - - [20/Mar/2018:14:37:30 -0300] "GET /cormun/servlet/trpermisosgoce? HTTP/1.1" 200 9539
200.111.191.210 - - [20/Mar/2018:14:37:32 -0300] "POST /cormun/servlet/trpermisosgoce?366b11fe7da67c96323bf78e22527904,,gx-no-cache=1521567403076 HTTP/1.1" 200 6673
200.111.191.210 - - [20/Mar/2018:14:37:32 -0300] "GET /cormun/static/Shared/jqueryui/images/ui-bg_highlight-soft_100_c6c2c8_1x100.png HTTP/1.1" 404 1117
200.111.191.210 - - [20/Mar/2018:14:37:32 -0300] "GET /cormun/static/Shared/jqueryui/images/ui-bg_flat_55_fafafa_40x100.png HTTP/1.1" 404 1097
200.111.191.210 - - [20/Mar/2018:14:37:32 -0300] "GET /cormun/static/Shared/jqueryui/images/ui-icons_82798d_256x240.png HTTP/1.1" 404 1089
200.111.191.210 - - [20/Mar/2018:14:37:32 -0300] "GET /cormun/static/Shared/jqueryui/images/ui-icons_8d78a5_256x240.png HTTP/1.1" 404 1089
200.111.191.210 - - [20/Mar/2018:14:37:33 -0300] "GET /cormun/servlet/trpermisosadjuntos?8259312,20180319115402,P, HTTP/1.1" 200 6267
200.111.191.210 - - [20/Mar/2018:14:37:33 -0300] "GET /cormun/servlet/trpermisosadjuntos?8259312,20180319115402,P, HTTP/1.1" 200 6267
200.111.191.210 - - [20/Mar/2018:14:37:35 -0300] "GET /cormun/servlet/permisosadjuntos?INS,8259312,P,20180319115402,, HTTP/1.1" 200 5596
200.111.191.210 - - [20/Mar/2018:14:37:35 -0300] "GET /cormun/static/about:blank HTTP/1.1" 404 1011
200.111.191.210 - - [20/Mar/2018:14:37:35 -0300] "GET /cormun/servlet/permisosadjuntos?INS,8259312,P,20180319115402,, HTTP/1.1" 200 5586
200.112.233.47 - - [20/Mar/2018:14:37:36 -0300] "GET /cormun/servlet/solicitudot?INS,0,0, HTTP/1.1" 200 13661
200.112.233.47 - - [20/Mar/2018:14:37:36 -0300] "GET /cormun/static/gxcfg.js?201812313224582 HTTP/1.1" 200 953
200.112.233.47 - - [20/Mar/2018:14:37:36 -0300] "GET /cormun/static/Resources/prompt.gif HTTP/1.1" 200 902
200.112.233.47 - - [20/Mar/2018:14:37:37 -0300] "GET /cormun/servlet/solicitudot?INS,0,0, HTTP/1.1" 200 13666
200.111.191.210 - - [20/Mar/2018:14:37:41 -0300] "POST /cormun/servlet/permisosadjuntos?366b11fe7da67c96323bf78e22527904,INS,8259312,P,20180319115402,, HTTP/1.1" 200 116
200.111.191.210 - - [20/Mar/2018:14:37:41 -0300] "GET /cormun/servlet/hpexe_return? HTTP/1.1" 200 1038
200.111.191.210 - - [20/Mar/2018:14:37:41 -0300] "GET /cormun/servlet/trpermisosadjuntos?8259312,20180319115402,P, HTTP/1.1" 200 6727
190.151.100.218 - - [20/Mar/2018:14:37:41 -0300] "POST /cormun/servlet/trautorizarsolicitud?01cde78fb0c6f6f02cfb8652ea100138,,gx-no-cache=1521567410756 HTTP/1.1" 200 7305
200.111.191.210 - - [20/Mar/2018:14:37:41 -0300] "GET /cormun/servlet/trpermisosadjuntos?8259312,20180319115402,P, HTTP/1.1" 200 6724
190.151.100.218 - - [20/Mar/2018:14:37:41 -0300] "GET /cormun/static/Shared/jqueryui/images/ui-bg_highlight-soft_100_c6c2c8_1x100.png HTTP/1.1" 404 1117
200.72.197.82 - - [20/Mar/2018:14:37:41 -0300] "GET /cormun/static/Shared/jqueryui/images/ui-icons_82798d_256x240.png HTTP/1.1" 404 1089
190.151.100.218 - - [20/Mar/2018:14:37:41 -0300] "GET /cormun/static/Shared/jqueryui/images/ui-icons_8d78a5_256x240.png HTTP/1.1" 404 1089
200.72.197.82 - - [20/Mar/2018:14:37:41 -0300] "GET /cormun/static/Shared/jqueryui/images/ui-bg_flat_55_fafafa_40x100.png HTTP/1.1" 404 1097
190.151.100.218 - - [20/Mar/2018:14:37:42 -0300] "POST /cormun/servlet/trautorizarsolicitud?01cde78fb0c6f6f02cfb8652ea100138,,gx-no-cache=1521567411429 HTTP/1.1" 200 7252
200.111.191.210 - - [20/Mar/2018:14:37:44 -0300] "GET /cormun/servlet/trpermisosgoce? HTTP/1.1" 200 9534
200.111.191.210 - - [20/Mar/2018:14:37:44 -0300] "GET /cormun/servlet/trpermisosgoce? HTTP/1.1" 200 9534
200.111.191.210 - - [20/Mar/2018:14:37:46 -0300] "POST /cormun/servlet/trpermisosgoce?366b11fe7da67c96323bf78e22527904,,gx-no-cache=1521567417547 HTTP/1.1" 200 6619
200.111.191.210 - - [20/Mar/2018:14:37:46 -0300] "GET /cormun/static/Shared/jqueryui/images/ui-bg_highlight-soft_100_c6c2c8_1x100.png HTTP/1.1" 404 1117
200.111.191.210 - - [20/Mar/2018:14:37:46 -0300] "GET /cormun/static/Shared/jqueryui/images/ui-icons_82798d_256x240.png HTTP/1.1" 404 1089
200.111.191.210 - - [20/Mar/2018:14:37:46 -0300] "GET /cormun/static/Shared/jqueryui/images/ui-icons_8d78a5_256x240.png HTTP/1.1" 404 1089
200.111.191.210 - - [20/Mar/2018:14:37:46 -0300] "GET /cormun/static/Shared/jqueryui/images/ui-bg_flat_55_fafafa_40x100.png HTTP/1.1" 404 1097
200.112.233.47 - - [20/Mar/2018:14:37:46 -0300] "GET /cormun/static/Resources/resize.gif HTTP/1.1" 200 77
200.112.233.47 - - [20/Mar/2018:14:37:47 -0300] "GET /cormun/servlet/prfichaempleado?,MD,,gxPopupLevel%3D0%3B HTTP/1.1" 200 9358
200.112.233.47 - - [20/Mar/2018:14:37:47 -0300] "GET /cormun/static/gxui/gxui-all.css?110300 HTTP/1.1" 200 2179
200.112.233.47 - - [20/Mar/2018:14:37:47 -0300] "GET /cormun/static/gxcfg.js?20177612134814 HTTP/1.1" 200 953
200.112.233.47 - - [20/Mar/2018:14:37:48 -0300] "GET /cormun/static/Resources/PXToolsMenuSearch.png HTTP/1.1" 200 2914
200.112.233.47 - - [20/Mar/2018:14:37:48 -0300] "GET /cormun/static/Resources/PXToolsMenuSearchCancel.png HTTP/1.1" 200 2972
200.111.191.210 - - [20/Mar/2018:14:37:49 -0300] "GET /cormun/servlet/trsolicitudot? HTTP/1.1" 200 7172
200.111.191.210 - - [20/Mar/2018:14:37:51 -0300] "GET /cormun/servlet/trsolicitudot? HTTP/1.1" 200 7172
190.151.100.218 - - [20/Mar/2018:14:37:53 -0300] "GET /cormun/servlet/veautorizarsolicitud?2018,10682,, HTTP/1.1" 200 8640
200.72.197.82 - - [20/Mar/2018:14:37:53 -0300] "GET /cormun/pexe_scrolldiv.js HTTP/1.1" 404 1009
200.72.197.82 - - [20/Mar/2018:14:37:54 -0300] "GET /cormun/pexe_scrolldiv.js HTTP/1.1" 404 1009
190.151.100.218 - - [20/Mar/2018:14:37:55 -0300] "GET /cormun/servlet/veautorizarsolicitud?2018,10682,, HTTP/1.1" 200 8639
200.112.233.47 - - [20/Mar/2018:14:38:09 -0300] "POST /cormun/servlet/prfichaempleado?b3bbf580b15ba953dcb568a56c4327a1,,MD,,gxPopupLevel%3D0%3B,gx-no-cache=1521567437562 HTTP/1.1" 200 3433
200.112.233.47 - - [20/Mar/2018:14:38:14 -0300] "POST /cormun/servlet/solicitudot?gx-no-cache=1521567442802 HTTP/1.1" 200 3423
200.112.233.47 - - [20/Mar/2018:14:38:14 -0300] "POST /cormun/servlet/solicitudot?b3bbf580b15ba953dcb568a56c4327a1,INS,0,0,,gx-no-cache=1521567443388 HTTP/1.1" 200 10604
200.112.233.47 - - [20/Mar/2018:14:38:15 -0300] "GET /cormun/servlet/solicitudot?c3cb387f9fbf201522b6e6ff6ec5d0ac9bdd6f5915ec385bb991fba4bc2452c957af945db1e39e79fca79744793b2ea7,gx-no-cache=1521567443596 HTTP/1.1" 200 30
200.111.191.210 - - [20/Mar/2018:14:38:17 -0300] "GET /cormun/servlet/hlogin HTTP/1.1" 200 1738
200.111.191.210 - - [20/Mar/2018:14:38:40 -0300] "POST /cormun/servlet/hlogin?366b11fe7da67c96323bf78e22527904,gx-no-cache=1521567471143 HTTP/1.1" 200 456
200.111.191.210 - - [20/Mar/2018:14:38:43 -0300] "POST /cormun/servlet/hlogin?366b11fe7da67c96323bf78e22527904,gx-no-cache=1521567474429 HTTP/1.1" 200 456
200.112.233.47 - - [20/Mar/2018:14:38:45 -0300] "GET /cormun/servlet/solicitudot?c3cb387f9fbf201522b6e6ff6ec5d0acc7a8cf69ee41a2d80b82b39de320ac1c9dfe2649f504b150c973cbcbbb85e4e9c4d57b219d789ec280f74e266f7419cc,gx-no-cache=1521567473794 HTTP/1.1" 200 30
200.112.233.47 - - [20/Mar/2018:14:38:45 -0300] "GET /cormun/servlet/solicitudot?c3cb387f9fbf201522b6e6ff6ec5d0ac66be8ed53fdbb3fd85aa9e0e439beab3,gx-no-cache=1521567473846 HTTP/1.1" 200 53
200.112.233.47 - - [20/Mar/2018:14:38:45 -0300] "POST /cormun/servlet/solicitudot?gx-no-cache=1521567473890 HTTP/1.1" 200 297
200.112.233.47 - - [20/Mar/2018:14:38:45 -0300] "GET /cormun/servlet/solicitudot?c3cb387f9fbf201522b6e6ff6ec5d0ac80e3a989f26b2d587dfb5071d60424ddd0fe36065eadceed3b33e8736ae1beed07499da4c9c58dbf7ec5678a67d777218b4223e2cc203d7abc649e3f1a328eeb54617ff41799cba0078037893b5fd84032f193bccaf8e6528789d3d3242cb9f5a3e4fcc5d16c18352d9a710622078dfd0db97128abb2e25efb1f8f2829db59611eac9f2a87e2d27b2d4387b136507d4aae0d9ec724386269719d40665632b5e654d420db31f893fe69c9046b955b4217a43dd27d3a4bf3baa90626eef94bbaf292a60049f3f069abb477a69830d79ee20726dc8c163a48f4f7803ee459b23c2c5e5ac565ffdc69a898657058776d715000306f09aba617381a2346730a6552ac0f31282510300abec25acb2e0487e434b47bbb51d120afee5d637fa8ddb5964d351b3cb5370685eb9472290ee19332734c09fd1200deca9c8da3552db4cb90d79324c66202e7fafeb5a36fbd6b3621477f870659eb5371a7a1a035442a1c63025993dcd15d93710819babee11e832374b96f357422de6c741069bcead1d3f881,gx-no-cache=1521567473958 HTTP/1.1" 200 30
200.112.233.47 - - [20/Mar/2018:14:38:45 -0300] "POST /cormun/servlet/solicitudot?gx-no-cache=1521567474018 HTTP/1.1" 200 30
200.112.233.47 - - [20/Mar/2018:14:38:45 -0300] "POST /cormun/servlet/solicitudot?gx-no-cache=1521567474086 HTTP/1.1" 200 1336
200.112.233.47 - - [20/Mar/2018:14:38:45 -0300] "POST /cormun/servlet/solicitudot?gx-no-cache=1521567474180 HTTP/1.1" 200 38
200.111.191.210 - - [20/Mar/2018:14:38:51 -0300] "POST /cormun/servlet/hlogin?366b11fe7da67c96323bf78e22527904,gx-no-cache=1521567482439 HTTP/1.1" 200 90
200.111.191.210 - - [20/Mar/2018:14:38:51 -0300] "GET /cormun/servlet/hpexe_link HTTP/1.1" 200 950
200.111.191.210 - - [20/Mar/2018:14:38:51 -0300] "GET /cormun/servlet/hhome HTTP/1.1" 200 4190
200.111.191.210 - - [20/Mar/2018:14:38:51 -0300] "GET /cormun/servlet/hhome HTTP/1.1" 200 4187
200.112.233.47 - - [20/Mar/2018:14:38:55 -0300] "GET /cormun/servlet/trfichaempleado? HTTP/1.1" 200 12003
