186.103.159.183 - - [20/Mar/2018:16:34:26 -0300] "POST /cormun/servlet/solicitudot?gx-no-cache=1521574416492 HTTP/1.1" 200 1321
186.103.159.183 - - [20/Mar/2018:16:34:26 -0300] "POST /cormun/servlet/solicitudot?gx-no-cache=1521574416626 HTTP/1.1" 200 1219
186.103.159.183 - - [20/Mar/2018:16:34:26 -0300] "GET /cormun/static/menuarrow.gif HTTP/1.1" 404 1015
186.103.159.183 - - [20/Mar/2018:16:34:29 -0300] "POST /cormun/servlet/solicitudot?gx-no-cache=1521574419146 HTTP/1.1" 200 1321
186.103.159.183 - - [20/Mar/2018:16:34:29 -0300] "POST /cormun/servlet/solicitudot?gx-no-cache=1521574419212 HTTP/1.1" 200 1219
186.103.159.183 - - [20/Mar/2018:16:34:35 -0300] "GET /cormun/servlet/solicitudot?2010df6696e533a9bc1935eb4cb91dd6fc2c7c7b07f68a0d956823fa8439ef8e7ec4b0a2cc43dbfc4cb2ab129d6ae8fe,gx-no-cache=1521574425722 HTTP/1.1" 200 30
186.103.159.183 - - [20/Mar/2018:16:34:35 -0300] "POST /cormun/servlet/solicitudot?gx-no-cache=1521574425768 HTTP/1.1" 200 33
200.112.233.47 - - [20/Mar/2018:16:34:53 -0300] "GET /cormun/servlet/solicitudot?c3cb387f9fbf201522b6e6ff6ec5d0acf9d7d3c3ce4a304c89667238e54e284ff483685134da8797523e25a4b1657bbfdea3debb53adc182af77286105738a5b174125e589d1838f30b46624ec4e6eb3c0d90e459e5863649d102a27961293837a9bf7346f3898f4ce00040dda413780cb65747d457232b19fedffd04def1add5418781191cdc28ed9f1eeddc404c3da6b00524fae7b60461dc4e87ce8a9721b,gx-no-cache=1521574442260 HTTP/1.1" 200 29
200.112.233.47 - - [20/Mar/2018:16:34:53 -0300] "POST /cormun/servlet/solicitudot?gx-no-cache=1521574442390 HTTP/1.1" 200 1317
200.112.233.47 - - [20/Mar/2018:16:34:54 -0300] "POST /cormun/servlet/solicitudot?gx-no-cache=1521574442474 HTTP/1.1" 200 1217
200.112.233.47 - - [20/Mar/2018:16:34:54 -0300] "GET /cormun/static/menuarrow.gif HTTP/1.1" 404 1015
200.112.233.47 - - [20/Mar/2018:16:34:55 -0300] "POST /cormun/servlet/solicitudot?gx-no-cache=1521574444058 HTTP/1.1" 200 1317
200.112.233.47 - - [20/Mar/2018:16:34:55 -0300] "POST /cormun/servlet/solicitudot?gx-no-cache=1521574444112 HTTP/1.1" 200 1217
200.112.233.47 - - [20/Mar/2018:16:34:57 -0300] "GET /cormun/servlet/solicitudot?c3cb387f9fbf201522b6e6ff6ec5d0acde79ad86f64315356fa483f962acabc317450b189a435187e1fd2f1536aea6ab,gx-no-cache=1521574445500 HTTP/1.1" 200 30
186.103.132.155 - - [20/Mar/2018:16:34:58 -0300] "GET /cormun/servlet/solicitudot?54bca782c4d386cd805ce003c752e3e66c86b20ee486b6b1fd684a2626914ddb55b9bf8430545fb0c718a6908d0d826b46ca1023a5c429c116e115f43339ff59,gx-no-cache=1521574436659 HTTP/1.1" 200 30
186.103.132.155 - - [20/Mar/2018:16:34:59 -0300] "POST /cormun/servlet/solicitudot?gx-no-cache=1521574448219 HTTP/1.1" 200 256
186.103.132.155 - - [20/Mar/2018:16:34:59 -0300] "GET /cormun/servlet/solicitudot?54bca782c4d386cd805ce003c752e3e6d47a4dc4cb354072aa65d4e1fd7f509e430876a9010f8c997e9ec2798768b1f090b7f84d781b9c1c5be155aa643536487ae03532f030b8b447c0483442b94267966dbc36297887b1c34c16f3dec15373544b35dbfd382dfbeac31c9006a7e638d479ba0284d63185f93f98ffcd92d187c3313117c9479ddc35e615180c838faa42401fa6d90339311c5c7b9d086d4d9555d13cb56c0b1a9678ef632859a23d13fb9dcf958e41e02c42bf9765f344d953ee0fbbf97b0bc5c4230a46b0b2d6aaeeb9875445ec1d09dbcffdb7813678208c54d92901125cee73002f78939091d93cbabce29e30cd5321701bf7e2087569ca76dc271006d5a0739d43ff22e2b90da6c003e3902ea90b46fb1eb450cedfe0193a363fcfbfe9c1ef04a3f06e2c7570029b2a8db4f3332b060fbe6e77ed995f390c2b3bae5e5c62517c437d1525b31877352bb67c783cd49e38c53e5cf1bc357dcaa963a376400584b5fcd1ee6a2132c38fca51316ab2b1da134ea91e30816215,gx-no-cache=1521574448727 HTTP/1.1" 200 30
186.103.132.155 - - [20/Mar/2018:16:34:59 -0300] "POST /cormun/servlet/solicitudot?gx-no-cache=1521574448848 HTTP/1.1" 200 30
186.103.132.155 - - [20/Mar/2018:16:34:59 -0300] "POST /cormun/servlet/solicitudot?gx-no-cache=1521574448977 HTTP/1.1" 200 1336
186.103.132.155 - - [20/Mar/2018:16:34:59 -0300] "POST /cormun/servlet/solicitudot?gx-no-cache=1521574449118 HTTP/1.1" 200 41
186.103.132.155 - - [20/Mar/2018:16:34:59 -0300] "POST /cormun/servlet/solicitudot?gx-no-cache=1521574449282 HTTP/1.1" 200 1318
186.103.132.155 - - [20/Mar/2018:16:35:00 -0300] "POST /cormun/servlet/solicitudot?gx-no-cache=1521574449507 HTTP/1.1" 200 1218
186.103.132.155 - - [20/Mar/2018:16:35:00 -0300] "GET /cormun/servlet/solicitudot?54bca782c4d386cd805ce003c752e3e6f1d61c2f687b2aea6dd03f5c217fed7b35231a0f9b30344187ca52e937d84d29,gx-no-cache=1521574449737 HTTP/1.1" 200 30
186.103.132.155 - - [20/Mar/2018:16:35:00 -0300] "POST /cormun/servlet/solicitudot?gx-no-cache=1521574449866 HTTP/1.1" 200 33
186.103.132.155 - - [20/Mar/2018:16:35:00 -0300] "POST /cormun/servlet/solicitudot?5a1be8876e4593abcb268eaeacd5e6d1,INS,0,0,,gx-no-cache=1521574450007 HTTP/1.1" 200 12017
186.103.132.155 - - [20/Mar/2018:16:35:20 -0300] "GET /cormun/servlet/prsolicitudot?8935606,,,,,MD,,gxPopupLevel%3D0%3B HTTP/1.1" 200 6372
200.112.233.47 - - [20/Mar/2018:16:35:24 -0300] "POST /cormun/servlet/solicitudot?gx-no-cache=1521574473258 HTTP/1.1" 200 30
200.112.233.47 - - [20/Mar/2018:16:35:25 -0300] "POST /cormun/servlet/solicitudot?b3bbf580b15ba953dcb568a56c4327a1,INS,0,0,,gx-no-cache=1521574473338 HTTP/1.1" 200 93
200.112.233.47 - - [20/Mar/2018:16:35:25 -0300] "GET /cormun/servlet/hpexe_return? HTTP/1.1" 200 1002
200.112.233.47 - - [20/Mar/2018:16:35:26 -0300] "GET /cormun/servlet/trsolicitudot HTTP/1.1" 200 15107
200.112.233.47 - - [20/Mar/2018:16:35:27 -0300] "GET /cormun/servlet/trsolicitudot HTTP/1.1" 200 15102
192.168.10.96 - - [20/Mar/2018:16:35:57 -0300] "POST /cormun/servlet/trsolicitudgral?de30423eb6d65c14ca2a2fa228799923,,gx-no-cache=1521574390932 HTTP/1.1" 200 8563
192.168.10.96 - - [20/Mar/2018:16:36:01 -0300] "POST /cormun/servlet/trsolicitudgral?de30423eb6d65c14ca2a2fa228799923,,gx-no-cache=1521574395469 HTTP/1.1" 200 8561
190.151.100.218 - - [20/Mar/2018:16:36:06 -0300] "POST /cormun/servlet/solicitudot?gx-no-cache=1521574516361 HTTP/1.1" 200 1336
190.151.100.218 - - [20/Mar/2018:16:36:07 -0300] "POST /cormun/servlet/solicitudot?gx-no-cache=1521574516547 HTTP/1.1" 200 41
190.151.100.218 - - [20/Mar/2018:16:36:07 -0300] "POST /cormun/servlet/solicitudot?gx-no-cache=1521574516626 HTTP/1.1" 200 1318
190.151.100.218 - - [20/Mar/2018:16:36:07 -0300] "POST /cormun/servlet/solicitudot?gx-no-cache=1521574516800 HTTP/1.1" 200 1218
190.151.100.218 - - [20/Mar/2018:16:36:07 -0300] "GET /cormun/servlet/solicitudot?54bca782c4d386cd805ce003c752e3e6f9cd0d3110516328ed507d9e2b0b654935231a0f9b30344187ca52e937d84d29,gx-no-cache=1521574516976 HTTP/1.1" 200 134
190.151.100.218 - - [20/Mar/2018:16:36:17 -0300] "POST /cormun/servlet/solicitudot?5a1be8876e4593abcb268eaeacd5e6d1,INS,0,0,,gx-no-cache=1521574526548 HTTP/1.1" 200 93
190.151.100.218 - - [20/Mar/2018:16:36:18 -0300] "GET /cormun/servlet/hpexe_return? HTTP/1.1" 200 1024
190.151.100.218 - - [20/Mar/2018:16:36:18 -0300] "GET /cormun/servlet/trsolicitudot?gx-no-cache=1521573609770 HTTP/1.1" 200 7416
190.151.100.218 - - [20/Mar/2018:16:36:19 -0300] "GET /cormun/servlet/trsolicitudot?gx-no-cache=1521573609770 HTTP/1.1" 200 7434
186.103.132.155 - - [20/Mar/2018:16:36:49 -0300] "GET /cormun/servlet/trsolicitudot? HTTP/1.1" 200 7434
186.103.132.155 - - [20/Mar/2018:16:36:50 -0300] "GET /cormun/servlet/trsolicitudot? HTTP/1.1" 200 7413
200.112.233.47 - - [20/Mar/2018:16:36:51 -0300] "POST /cormun/servlet/trsolicitudot?b3bbf580b15ba953dcb568a56c4327a1,gx-no-cache=1521574559998 HTTP/1.1" 200 106
200.112.233.47 - - [20/Mar/2018:16:36:51 -0300] "GET /cormun/servlet/solicitudot?UPD,2018,10713, HTTP/1.1" 200 15432
200.112.233.47 - - [20/Mar/2018:16:36:52 -0300] "GET /cormun/static/Resources/prompt.gif HTTP/1.1" 200 902
200.112.233.47 - - [20/Mar/2018:16:36:52 -0300] "GET /cormun/static/Resources/PXToolsButtonRight21.png HTTP/1.1" 200 1283
200.112.233.47 - - [20/Mar/2018:16:36:52 -0300] "GET /cormun/static/Resources/PXToolsButtonLeft21.png HTTP/1.1" 200 1287
200.112.233.47 - - [20/Mar/2018:16:36:52 -0300] "GET /cormun/static/Resources/PXToolsButtonBackground2.png HTTP/1.1" 200 1181
200.112.233.47 - - [20/Mar/2018:16:36:52 -0300] "GET /cormun/servlet/solicitudot?UPD,2018,10713, HTTP/1.1" 200 15443
200.112.233.47 - - [20/Mar/2018:16:36:53 -0300] "POST /cormun/servlet/solicitudot?gx-no-cache=1521574561594 HTTP/1.1" 200 3386
200.112.233.47 - - [20/Mar/2018:16:36:53 -0300] "POST /cormun/servlet/solicitudot?b3bbf580b15ba953dcb568a56c4327a1,UPD,2018,10713,,gx-no-cache=1521574561748 HTTP/1.1" 200 11673
200.112.233.47 - - [20/Mar/2018:16:36:53 -0300] "GET /cormun/servlet/solicitudot?c3cb387f9fbf201522b6e6ff6ec5d0ac8c1ea956faba1c4aa6bfd7061153ab1eb9aec082787905df9e0bda86e614db7a,gx-no-cache=1521574562068 HTTP/1.1" 200 30
200.112.233.47 - - [20/Mar/2018:16:36:53 -0300] "GET /cormun/servlet/solicitudot?c3cb387f9fbf201522b6e6ff6ec5d0ac4b10c6fe7d919b2c0e2dd1cc1209381ba7149c23793d56ff731b9c477924ec5ab1a0b28d9202f6f1319b723585553523,gx-no-cache=1521574562110 HTTP/1.1" 200 30
200.112.233.47 - - [20/Mar/2018:16:36:53 -0300] "GET /cormun/servlet/solicitudot?c3cb387f9fbf201522b6e6ff6ec5d0acc0d2237cb9e5e7f498df66501e7d711f00f49ddf710e9b80f5d8d1cb0ae8365d757cfb0f785815d5c1f0d3643e05f2ed,gx-no-cache=1521574562138 HTTP/1.1" 200 53
200.112.233.47 - - [20/Mar/2018:16:36:53 -0300] "POST /cormun/servlet/solicitudot?gx-no-cache=1521574562168 HTTP/1.1" 200 254
200.112.233.47 - - [20/Mar/2018:16:36:53 -0300] "GET /cormun/servlet/solicitudot?c3cb387f9fbf201522b6e6ff6ec5d0ac80e3a989f26b2d587dfb5071d60424ddf5025c2a9d8ac7a3fa032691842a6c9c07499da4c9c58dbf7ec5678a67d777218b4223e2cc203d7abc649e3f1a328eeb54617ff41799cba0078037893b5fd84032f193bccaf8e6528789d3d3242cb9f5a3e4fcc5d16c18352d9a710622078dfd0db97128abb2e25efb1f8f2829db59611eac9f2a87e2d27b2d4387b136507d4aae0d9ec724386269719d40665632b5e654d420db31f893fe69c9046b955b4217a43dd27d3a4bf3baa90626eef94bbaf292a60049f3f069abb477a69830d79ee20726dc8c163a48f4f7803ee459b23c2cba63807312cd5c1bcfa77e35b9627c5f00306f09aba617381a2346730a6552acbbbfde6ac98de08fc930ce2de84bc6647d987ac98fa2dfb9296ea9c4aa516b747603e5db1a20799bd11bf5d8054bd6d462405848f2df0009893c3531ff48e7eb5d77a854c9e319c90ef2394390870eced7f847ab000201a830b08ce2dbae62432c61f3b8a2bcb07f7996841fcf093b99,gx-no-cache=1521574562228 HTTP/1.1" 200 30
200.112.233.47 - - [20/Mar/2018:16:36:53 -0300] "POST /cormun/servlet/solicitudot?gx-no-cache=1521574562334 HTTP/1.1" 200 30
200.112.233.47 - - [20/Mar/2018:16:36:53 -0300] "POST /cormun/servlet/solicitudot?gx-no-cache=1521574562396 HTTP/1.1" 200 1335
200.112.233.47 - - [20/Mar/2018:16:36:54 -0300] "POST /cormun/servlet/solicitudot?gx-no-cache=1521574562474 HTTP/1.1" 200 41
186.103.132.155 - - [20/Mar/2018:16:36:55 -0300] "GET /cormun/servlet/solicitudot?INS,0,0, HTTP/1.1" 200 13644
186.103.132.155 - - [20/Mar/2018:16:36:56 -0300] "GET /cormun/servlet/solicitudot?INS,0,0, HTTP/1.1" 200 13649
186.103.132.155 - - [20/Mar/2018:16:37:04 -0300] "GET /cormun/servlet/prfichaempleado?,MD,,gxPopupLevel%3D0%3B HTTP/1.1" 200 9361
200.112.233.47 - - [20/Mar/2018:16:37:05 -0300] "GET /cormun/servlet/solicitudot?c3cb387f9fbf201522b6e6ff6ec5d0ac1fc6ed49ffcc11ca0a6e45ee429b4ed1e0e6e7420fdca8ddd1721345e563b82c54a157b96280a3ae1f8be011a80f04530f8ef34dcd8d51f0abc21eae40b16ca97533236ce037184953c56fd37030cf895f748fdbfe1f4e80b14595f04988f38e6523c47ef3d99d6a92e3c2c14dd941c0d07c8384d73705ae6dda7101a2763ef8bc742d8a64289d06c4db08122bd44b31,gx-no-cache=1521574574416 HTTP/1.1" 200 29
200.112.233.47 - - [20/Mar/2018:16:37:06 -0300] "POST /cormun/servlet/solicitudot?gx-no-cache=1521574574482 HTTP/1.1" 200 1317
200.112.233.47 - - [20/Mar/2018:16:37:06 -0300] "POST /cormun/servlet/solicitudot?gx-no-cache=1521574574558 HTTP/1.1" 200 1217
200.112.233.47 - - [20/Mar/2018:16:37:06 -0300] "GET /cormun/servlet/solicitudot?c3cb387f9fbf201522b6e6ff6ec5d0acde79ad86f64315356fa483f962acabc317450b189a435187e1fd2f1536aea6ab,gx-no-cache=1521574574628 HTTP/1.1" 200 30
200.112.233.47 - - [20/Mar/2018:16:37:06 -0300] "POST /cormun/servlet/solicitudot?gx-no-cache=1521574574688 HTTP/1.1" 200 30
200.112.233.47 - - [20/Mar/2018:16:37:06 -0300] "POST /cormun/servlet/solicitudot?b3bbf580b15ba953dcb568a56c4327a1,UPD,2018,10713,,gx-no-cache=1521574574766 HTTP/1.1" 200 93
200.112.233.47 - - [20/Mar/2018:16:37:07 -0300] "GET /cormun/servlet/hpexe_return? HTTP/1.1" 200 1009
200.112.233.47 - - [20/Mar/2018:16:37:07 -0300] "GET /cormun/servlet/trsolicitudot HTTP/1.1" 200 15107
200.112.233.47 - - [20/Mar/2018:16:37:08 -0300] "GET /cormun/servlet/trsolicitudot HTTP/1.1" 200 15102
186.103.132.155 - - [20/Mar/2018:16:37:22 -0300] "POST /cormun/servlet/prfichaempleado?5a1be8876e4593abcb268eaeacd5e6d1,,MD,,gxPopupLevel%3D0%3B,gx-no-cache=1521574591386 HTTP/1.1" 200 3427
200.112.233.47 - - [20/Mar/2018:16:37:37 -0300] "GET /cormun/servlet/trautorizarsolicitud? HTTP/1.1" 200 8676
200.112.233.47 - - [20/Mar/2018:16:37:37 -0300] "GET /cormun/static/gxcfg.js?2017111423403364 HTTP/1.1" 200 953
200.112.233.47 - - [20/Mar/2018:16:37:37 -0300] "GET /cormun/static/trautorizarsolicitud.js?201711142340425 HTTP/1.1" 200 53910
186.103.132.155 - - [20/Mar/2018:16:37:37 -0300] "POST /cormun/servlet/solicitudot?gx-no-cache=1521574607068 HTTP/1.1" 200 3419
186.103.132.155 - - [20/Mar/2018:16:37:37 -0300] "POST /cormun/servlet/solicitudot?5a1be8876e4593abcb268eaeacd5e6d1,INS,0,0,,gx-no-cache=1521574607407 HTTP/1.1" 200 10597
200.112.233.47 - - [20/Mar/2018:16:37:38 -0300] "GET /cormun/servlet/trautorizarsolicitud? HTTP/1.1" 200 8675
186.103.132.155 - - [20/Mar/2018:16:37:38 -0300] "GET /cormun/servlet/solicitudot?54bca782c4d386cd805ce003c752e3e6b2d7559c87652bbd1b20a994086143e1edb6f19895592a185d0b5545b78bd63a,gx-no-cache=1521574607787 HTTP/1.1" 200 30
186.103.132.155 - - [20/Mar/2018:16:37:53 -0300] "GET /cormun/servlet/solicitudot?54bca782c4d386cd805ce003c752e3e6b635c59e6d055393aa887d92b0a860427bac64b9317e2caf0856580d814340f1edb6f19895592a185d0b5545b78bd63a,gx-no-cache=1521574622405 HTTP/1.1" 200 30
186.103.132.155 - - [20/Mar/2018:16:37:53 -0300] "GET /cormun/servlet/solicitudot?54bca782c4d386cd805ce003c752e3e62e6a99bc0148b9541de41dfdd43836cc,gx-no-cache=1521574623127 HTTP/1.1" 200 51
186.103.132.155 - - [20/Mar/2018:16:37:53 -0300] "POST /cormun/servlet/solicitudot?gx-no-cache=1521574623314 HTTP/1.1" 200 297
186.103.132.155 - - [20/Mar/2018:16:37:53 -0300] "GET /cormun/servlet/solicitudot?54bca782c4d386cd805ce003c752e3e6d47a4dc4cb354072aa65d4e1fd7f509e598f2d5f4f89ac640419de99d59ea68490b7f84d781b9c1c5be155aa643536487ae03532f030b8b447c0483442b94267966dbc36297887b1c34c16f3dec15373544b35dbfd382dfbeac31c9006a7e638d479ba0284d63185f93f98ffcd92d187c3313117c9479ddc35e615180c838faa42401fa6d90339311c5c7b9d086d4d9555d13cb56c0b1a9678ef632859a23d13fb9dcf958e41e02c42bf9765f344d953ee0fbbf97b0bc5c4230a46b0b2d6aaeeb9875445ec1d09dbcffdb7813678208c54d92901125cee73002f78939091d93c783ca54a650399f6d0c0194b779b0d2e76dc271006d5a0739d43ff22e2b90da62085d3546d21676c65d2e32b2a6561c72e6c8e0a8dc3fb08abd3207f352c0d266189d92d983ac1ac0bb97a1a0c8d4c4c770d8bdb3beab63951def45c358686934efe11402c42cabed418cf222eb9d83d7f697c0cd0cb60552d289b7c5a0a207c5e7943040fdf670fcfb864244d538b2c46ca1023a5c429c116e115f43339ff59,gx-no-cache=1521574623472 HTTP/1.1" 200 30
192.168.10.96 - - [20/Mar/2018:16:37:54 -0300] "POST /cormun/servlet/trsolicitudgral?de30423eb6d65c14ca2a2fa228799923,,gx-no-cache=1521574507788 HTTP/1.1" 200 8185
186.103.132.155 - - [20/Mar/2018:16:37:55 -0300] "POST /cormun/servlet/solicitudot?gx-no-cache=1521574625343 HTTP/1.1" 200 30
186.103.132.155 - - [20/Mar/2018:16:37:59 -0300] "GET /cormun/servlet/prsolicitudot?18376408,,,,,MD,,gxPopupLevel%3D0%3B HTTP/1.1" 200 6198
200.112.233.47 - - [20/Mar/2018:16:38:00 -0300] "POST /cormun/servlet/trautorizarsolicitud?b3bbf580b15ba953dcb568a56c4327a1,,gx-no-cache=1521574628796 HTTP/1.1" 200 4610
200.112.233.47 - - [20/Mar/2018:16:38:00 -0300] "GET /cormun/static/Shared/jqueryui/images/ui-bg_highlight-soft_100_c6c2c8_1x100.png HTTP/1.1" 404 1117
200.112.233.47 - - [20/Mar/2018:16:38:00 -0300] "GET /cormun/static/Shared/jqueryui/images/ui-icons_82798d_256x240.png HTTP/1.1" 404 1089
200.112.233.47 - - [20/Mar/2018:16:38:00 -0300] "GET /cormun/static/Shared/jqueryui/images/ui-bg_flat_55_fafafa_40x100.png HTTP/1.1" 404 1097
200.112.233.47 - - [20/Mar/2018:16:38:00 -0300] "GET /cormun/static/Shared/jqueryui/images/ui-icons_8d78a5_256x240.png HTTP/1.1" 404 1089
200.112.233.47 - - [20/Mar/2018:16:38:00 -0300] "POST /cormun/servlet/trautorizarsolicitud?b3bbf580b15ba953dcb568a56c4327a1,,gx-no-cache=1521574629028 HTTP/1.1" 200 4392
186.103.159.183 - - [20/Mar/2018:16:38:13 -0300] "POST /cormun/servlet/solicitudot?31d4180e610f00cc8660216951e977b5,INS,0,0,,gx-no-cache=1521574643348 HTTP/1.1" 200 93
186.103.159.183 - - [20/Mar/2018:16:38:13 -0300] "GET /cormun/servlet/hpexe_return? HTTP/1.1" 200 1005
186.103.159.183 - - [20/Mar/2018:16:38:13 -0300] "GET /cormun/static/Resources/Spanish/PXTools.css?167811 HTTP/1.1" 200 89042
186.103.159.183 - - [20/Mar/2018:16:38:13 -0300] "GET /cormun/static/gxcfg.js?2016101716175148 HTTP/1.1" 200 953
186.103.159.183 - - [20/Mar/2018:16:38:14 -0300] "GET /cormun/static/hpexe_return.js?2016101716175153 HTTP/1.1" 200 1633
186.103.159.183 - - [20/Mar/2018:16:38:14 -0300] "GET /cormun/servlet/trsolicitudot HTTP/1.1" 200 8793
186.103.159.183 - - [20/Mar/2018:16:38:14 -0300] "GET /cormun/static/Shared/ext/ext-all.js HTTP/1.1" 200 1289687
186.103.159.183 - - [20/Mar/2018:16:38:15 -0300] "GET /cormun//static/Resources/PXToolsGridUpdate.png HTTP/1.1" 200 2984
186.103.159.183 - - [20/Mar/2018:16:38:15 -0300] "GET /cormun//static/Resources/PXTools/ActionInsert.png HTTP/1.1" 200 1482
186.103.159.183 - - [20/Mar/2018:16:38:15 -0300] "GET /cormun//static/Resources/PXToolsGridDelete.png HTTP/1.1" 200 357
186.103.159.183 - - [20/Mar/2018:16:38:15 -0300] "GET /cormun//static/Resources/PXToolsActionView.png HTTP/1.1" 200 2995
186.103.159.183 - - [20/Mar/2018:16:38:15 -0300] "GET /cormun//static/Resources/PXToolsRemoveAllAction.png HTTP/1.1" 200 3558
186.103.159.183 - - [20/Mar/2018:16:38:15 -0300] "GET /cormun/servlet/trsolicitudot HTTP/1.1" 200 8791
200.54.247.70 - - [20/Mar/2018:16:38:18 -0300] "GET /cormun/servlet/hlogin HTTP/1.1" 200 1713
200.54.247.70 - - [20/Mar/2018:16:38:18 -0300] "GET /cormun/static/Resources/Spanish/PXTools.css?11423723 HTTP/1.1" 304 -
200.54.247.70 - - [20/Mar/2018:16:38:18 -0300] "GET /cormun/static/gxgral.js?85251 HTTP/1.1" 304 -
200.54.247.70 - - [20/Mar/2018:16:38:18 -0300] "GET /cormun/static/gxtimezone.js?85251 HTTP/1.1" 304 -
200.54.247.70 - - [20/Mar/2018:16:38:18 -0300] "GET /cormun/static/messages.spa.js?85251 HTTP/1.1" 304 -
200.54.247.70 - - [20/Mar/2018:16:38:18 -0300] "GET /cormun/static/Resources/ComunLogin.png HTTP/1.1" 304 -
200.54.247.70 - - [20/Mar/2018:16:38:18 -0300] "GET /cormun/static/gxcfg.js?20175251213516 HTTP/1.1" 304 -
200.54.247.70 - - [20/Mar/2018:16:38:18 -0300] "GET /cormun/static/Resources/PXToolsLoginTop.png HTTP/1.1" 304 -
200.54.247.70 - - [20/Mar/2018:16:38:18 -0300] "GET /cormun/static/Resources/PXToolsButtonLeft21.png HTTP/1.1" 304 -
200.54.247.70 - - [20/Mar/2018:16:38:18 -0300] "GET /cormun/static/Resources/PXToolsLoginBackground.png HTTP/1.1" 304 -
200.54.247.70 - - [20/Mar/2018:16:38:18 -0300] "GET /cormun/static/Resources/PXToolsLoginBottom.png HTTP/1.1" 304 -
200.54.247.70 - - [20/Mar/2018:16:38:18 -0300] "GET /cormun/static/Resources/PXToolsButtonRight21.png HTTP/1.1" 304 -
200.54.247.70 - - [20/Mar/2018:16:38:18 -0300] "GET /cormun/static/Resources/PXToolsButtonBackground2.png HTTP/1.1" 304 -
200.54.247.70 - - [20/Mar/2018:16:38:18 -0300] "GET /cormun/static/hlogin.js?20175251213537 HTTP/1.1" 304 -
200.54.247.70 - - [20/Mar/2018:16:38:18 -0300] "GET /cormun/static/Resources/indicator.gif HTTP/1.1" 304 -
200.112.233.47 - - [20/Mar/2018:16:38:28 -0300] "GET /cormun/servlet/trsolicitudot? HTTP/1.1" 200 15103
200.54.247.70 - - [20/Mar/2018:16:38:29 -0300] "POST /cormun/servlet/hlogin?ab5069e8ba980cd624c6462b0184f813,gx-no-cache=1521574658197 HTTP/1.1" 200 90
200.54.247.70 - - [20/Mar/2018:16:38:29 -0300] "GET /cormun/servlet/hpexe_link HTTP/1.1" 200 945
200.54.247.70 - - [20/Mar/2018:16:38:29 -0300] "GET /cormun/servlet/hhome HTTP/1.1" 200 4228
200.112.233.47 - - [20/Mar/2018:16:38:29 -0300] "GET /cormun/servlet/trsolicitudot? HTTP/1.1" 200 15103
200.54.247.70 - - [20/Mar/2018:16:38:34 -0300] "GET /cormun/servlet/trsolicitudot? HTTP/1.1" 200 7443
200.112.233.47 - - [20/Mar/2018:16:38:36 -0300] "POST /cormun/servlet/trsolicitudot?b3bbf580b15ba953dcb568a56c4327a1,,gx-no-cache=1521574664792 HTTP/1.1" 200 11849
200.112.233.47 - - [20/Mar/2018:16:38:37 -0300] "GET /cormun/static/Shared/jqueryui/images/ui-bg_highlight-soft_100_c6c2c8_1x100.png HTTP/1.1" 404 1117
200.112.233.47 - - [20/Mar/2018:16:38:37 -0300] "GET /cormun/static/Shared/jqueryui/images/ui-icons_8d78a5_256x240.png HTTP/1.1" 404 1089
200.112.233.47 - - [20/Mar/2018:16:38:37 -0300] "GET /cormun/static/Shared/jqueryui/images/ui-icons_82798d_256x240.png HTTP/1.1" 404 1089
200.112.233.47 - - [20/Mar/2018:16:38:37 -0300] "GET /cormun/static/Shared/jqueryui/images/ui-bg_flat_55_fafafa_40x100.png HTTP/1.1" 404 1097
200.112.233.47 - - [20/Mar/2018:16:38:37 -0300] "POST /cormun/servlet/trsolicitudot?b3bbf580b15ba953dcb568a56c4327a1,,gx-no-cache=1521574665560 HTTP/1.1" 200 11786
200.54.247.70 - - [20/Mar/2018:16:38:38 -0300] "GET /cormun/servlet/solicitudot?INS,0,0, HTTP/1.1" 200 13670
192.168.10.96 - - [20/Mar/2018:16:38:39 -0300] "GET /cormun/servlet/vesolicitudgral?2018,10526,, HTTP/1.1" 200 9181
192.168.10.96 - - [20/Mar/2018:16:38:39 -0300] "GET /cormun/pexe_scrolldiv.js HTTP/1.1" 404 1009
192.168.10.96 - - [20/Mar/2018:16:38:39 -0300] "GET /cormun/pexe_scrolldiv.js HTTP/1.1" 404 1009
192.168.10.96 - - [20/Mar/2018:16:38:39 -0300] "GET /cormun/servlet/vesolicitudgral?2018,10526,, HTTP/1.1" 200 9181
192.168.10.96 - - [20/Mar/2018:16:38:42 -0300] "GET /cormun/servlet/trsolicitudgral? HTTP/1.1" 200 11417
200.112.233.47 - - [20/Mar/2018:16:38:42 -0300] "POST /cormun/servlet/trsolicitudot?b3bbf580b15ba953dcb568a56c4327a1,,gx-no-cache=1521574670726 HTTP/1.1" 200 11463
192.168.10.96 - - [20/Mar/2018:16:38:42 -0300] "GET /cormun/servlet/trsolicitudgral? HTTP/1.1" 200 11417
200.112.233.47 - - [20/Mar/2018:16:38:43 -0300] "POST /cormun/servlet/trsolicitudot?b3bbf580b15ba953dcb568a56c4327a1,,gx-no-cache=1521574671380 HTTP/1.1" 200 11405
186.67.203.186 - - [20/Mar/2018:16:38:46 -0300] "POST /cormun/servlet/solicitudot?gx-no-cache=1521574676368 HTTP/1.1" 200 1336
186.67.203.186 - - [20/Mar/2018:16:38:47 -0300] "POST /cormun/servlet/solicitudot?gx-no-cache=1521574676594 HTTP/1.1" 200 38
186.67.203.186 - - [20/Mar/2018:16:38:47 -0300] "GET /cormun/servlet/solicitudot?54bca782c4d386cd805ce003c752e3e6b885c1b5bef58ea60e50d848152803d52c91f02b44f3cb165430d23cac9ed7b17f5fa059bbdfce7ebca3df206d4da5a2c2cc635d6e608a8bd8e01b43c854a0630e3d29cda283d34bb449c35d3ac01354e21c8ec6456e7c36dd1d7def776d32ce,gx-no-cache=1521574676678 HTTP/1.1" 200 29
186.67.203.186 - - [20/Mar/2018:16:38:47 -0300] "POST /cormun/servlet/solicitudot?gx-no-cache=1521574676752 HTTP/1.1" 200 1319
186.67.203.186 - - [20/Mar/2018:16:38:47 -0300] "POST /cormun/servlet/solicitudot?gx-no-cache=1521574676982 HTTP/1.1" 200 1218
186.67.203.186 - - [20/Mar/2018:16:38:47 -0300] "GET /cormun/servlet/solicitudot?54bca782c4d386cd805ce003c752e3e6f1d61c2f687b2aea6dd03f5c217fed7b35231a0f9b30344187ca52e937d84d29,gx-no-cache=1521574677181 HTTP/1.1" 200 30
186.103.159.183 - - [20/Mar/2018:16:38:48 -0300] "POST /cormun/servlet/trsolicitudot?31d4180e610f00cc8660216951e977b5,gx-no-cache=1521574678630 HTTP/1.1" 200 4680
186.103.159.183 - - [20/Mar/2018:16:38:48 -0300] "GET /cormun/static/Shared/jqueryui/images/ui-bg_highlight-soft_100_c6c2c8_1x100.png HTTP/1.1" 404 1117
186.103.159.183 - - [20/Mar/2018:16:38:48 -0300] "GET /cormun/static/Shared/jqueryui/images/ui-icons_82798d_256x240.png HTTP/1.1" 404 1089
186.103.159.183 - - [20/Mar/2018:16:38:48 -0300] "GET /cormun/static/Shared/jqueryui/images/ui-bg_flat_55_fafafa_40x100.png HTTP/1.1" 404 1097
186.103.159.183 - - [20/Mar/2018:16:38:48 -0300] "GET /cormun/static/Shared/jqueryui/images/ui-icons_8d78a5_256x240.png HTTP/1.1" 404 1089
186.103.159.183 - - [20/Mar/2018:16:38:49 -0300] "POST /cormun/servlet/trsolicitudot?31d4180e610f00cc8660216951e977b5,gx-no-cache=1521574679022 HTTP/1.1" 200 4451
186.103.159.183 - - [20/Mar/2018:16:38:52 -0300] "GET /cormun/servlet/trautorizarsolicitud? HTTP/1.1" 200 8685
186.103.159.183 - - [20/Mar/2018:16:38:52 -0300] "GET /cormun/static/gxcfg.js?2017111423403364 HTTP/1.1" 200 953
186.103.159.183 - - [20/Mar/2018:16:38:52 -0300] "GET /cormun/static/trautorizarsolicitud.js?201711142340425 HTTP/1.1" 200 53910
186.103.159.183 - - [20/Mar/2018:16:38:52 -0300] "GET /cormun/static/Shared/ext/ext-all.js HTTP/1.1" 200 1289687
186.103.159.183 - - [20/Mar/2018:16:38:53 -0300] "GET /cormun/servlet/trautorizarsolicitud? HTTP/1.1" 200 8684
200.54.247.70 - - [20/Mar/2018:16:38:58 -0300] "POST /cormun/servlet/solicitudot?gx-no-cache=1521574687639 HTTP/1.1" 200 3387
200.54.247.70 - - [20/Mar/2018:16:38:59 -0300] "POST /cormun/servlet/solicitudot?ab5069e8ba980cd624c6462b0184f813,INS,0,0,,gx-no-cache=1521574687929 HTTP/1.1" 200 10526
200.54.247.70 - - [20/Mar/2018:16:39:02 -0300] "GET /cormun/servlet/solicitudot?0519ff802023f8553e107acef6cceeaecc04fcc6e3670cd0416d8e95b3f391afff598792ebfd6d28fb1fb2ca60fc1482,gx-no-cache=1521574691589 HTTP/1.1" 200 30
200.54.247.70 - - [20/Mar/2018:16:39:02 -0300] "GET /cormun/servlet/solicitudot?0519ff802023f8553e107acef6cceeaef49633a11ae0d7580dc2dd8e214847f5513755ca034b9170603a30a4840d5291,gx-no-cache=1521574691632 HTTP/1.1" 200 103
200.54.247.70 - - [20/Mar/2018:16:39:02 -0300] "GET /cormun/servlet/solicitudot?0519ff802023f8553e107acef6cceeae1418a66d8d211ce0c082b7a084943561,gx-no-cache=1521574691695 HTTP/1.1" 200 51
200.54.247.70 - - [20/Mar/2018:16:39:02 -0300] "POST /cormun/servlet/solicitudot?gx-no-cache=1521574691735 HTTP/1.1" 200 256
200.54.247.70 - - [20/Mar/2018:16:39:02 -0300] "GET /cormun/servlet/solicitudot?0519ff802023f8553e107acef6cceeaecdc3f5909bb3fb159bccf487d7006c050967fb7041aaf83e44ff2a73f75a8064a840935498ddb84bf7bcfd38e115a00f8acae62d24fef873cb251aa6bb275acbed2802fc00d8a4a579293f75387a60e7ff8d7072580ed44a646c60a4369968b4820836bede5eca983e3af559c20c083bb97180d078866f12e789cd7d810b7c5fff2174200c11bf7317807718f107d645fdded02732b94c7bd99af6812a4f0646595eb9edf4abcfb516b3a73003e9406f95b2c7ad30f7e4f58ef61c76b6f02c9b3ffa477ed6cb7ebd2050b53bcff42bd7243910ee1fec647ebfbe259be2a20a4791fef32e0f048424bef3a18f905d760b66e4510ea1aa5e1c5c5c05718b99e91fc4b0adb23c6cb2c1885611c9127c46cbd887589e5afce43076eeaff6903cd046065a7dab129a7d85db69781f37321385f0242e1fd5b479e43734c2d4b34b0a3fa3cb485f3b1ddda403f7b05686b537b2898cc7605f831caaefcdb2a44af803093424ad6a261265617bfd75207fbd14aa,gx-no-cache=1521574691792 HTTP/1.1" 200 30
200.54.247.70 - - [20/Mar/2018:16:39:02 -0300] "GET /cormun/static/Shared/jqueryui/images/ui-bg_highlight-soft_100_c6c2c8_1x100.png HTTP/1.1" 404 1117
200.54.247.70 - - [20/Mar/2018:16:39:02 -0300] "GET /cormun/static/Shared/jqueryui/images/ui-bg_flat_55_994d53_40x100.png HTTP/1.1" 404 1097
200.54.247.70 - - [20/Mar/2018:16:39:02 -0300] "GET /cormun/static/Shared/jqueryui/images/ui-icons_82798d_256x240.png HTTP/1.1" 404 1089
200.54.247.70 - - [20/Mar/2018:16:39:02 -0300] "GET /cormun/static/Shared/jqueryui/images/ui-icons_ebccce_256x240.png HTTP/1.1" 404 1089
200.112.233.47 - - [20/Mar/2018:16:39:06 -0300] "GET /cormun/static/Shared/jqueryui/images/ui-bg_highlight-soft_100_eae6ea_1x100.png HTTP/1.1" 404 1117
192.168.10.96 - - [20/Mar/2018:16:39:13 -0300] "POST /cormun/servlet/trsolicitudgral?de30423eb6d65c14ca2a2fa228799923,,gx-no-cache=1521574567366 HTTP/1.1" 200 25568
192.168.10.96 - - [20/Mar/2018:16:39:26 -0300] "POST /cormun/servlet/trsolicitudgral?de30423eb6d65c14ca2a2fa228799923,,gx-no-cache=1521574598363 HTTP/1.1" 200 25818
186.103.159.183 - - [20/Mar/2018:16:39:26 -0300] "POST /cormun/servlet/trautorizarsolicitud?31d4180e610f00cc8660216951e977b5,,gx-no-cache=1521574716190 HTTP/1.1" 200 4611
186.103.159.183 - - [20/Mar/2018:16:39:26 -0300] "GET /cormun/static/Shared/jqueryui/images/ui-bg_highlight-soft_100_c6c2c8_1x100.png HTTP/1.1" 404 1117
186.103.159.183 - - [20/Mar/2018:16:39:26 -0300] "GET /cormun/static/Shared/jqueryui/images/ui-icons_82798d_256x240.png HTTP/1.1" 404 1089
186.103.159.183 - - [20/Mar/2018:16:39:26 -0300] "GET /cormun/static/Shared/jqueryui/images/ui-icons_8d78a5_256x240.png HTTP/1.1" 404 1089
186.103.159.183 - - [20/Mar/2018:16:39:26 -0300] "GET /cormun/static/Shared/jqueryui/images/ui-bg_flat_55_fafafa_40x100.png HTTP/1.1" 404 1097
186.103.159.183 - - [20/Mar/2018:16:39:26 -0300] "POST /cormun/servlet/trautorizarsolicitud?31d4180e610f00cc8660216951e977b5,,gx-no-cache=1521574716554 HTTP/1.1" 200 4384
192.168.10.96 - - [20/Mar/2018:16:39:33 -0300] "POST /cormun/servlet/trsolicitudgral?de30423eb6d65c14ca2a2fa228799923,,gx-no-cache=1521574606958 HTTP/1.1" 200 24831
186.67.203.186 - - [20/Mar/2018:16:39:45 -0300] "POST /cormun/servlet/solicitudot?gx-no-cache=1521574734474 HTTP/1.1" 200 1318
186.67.203.186 - - [20/Mar/2018:16:39:46 -0300] "POST /cormun/servlet/solicitudot?gx-no-cache=1521574735157 HTTP/1.1" 200 1218
186.67.203.186 - - [20/Mar/2018:16:39:46 -0300] "POST /cormun/servlet/solicitudot?gx-no-cache=1521574735829 HTTP/1.1" 200 33
186.67.203.186 - - [20/Mar/2018:16:39:47 -0300] "POST /cormun/servlet/solicitudot?5a1be8876e4593abcb268eaeacd5e6d1,INS,0,0,,gx-no-cache=1521574736010 HTTP/1.1" 200 93
186.67.203.186 - - [20/Mar/2018:16:39:47 -0300] "GET /cormun/servlet/hpexe_return? HTTP/1.1" 200 1004
186.67.203.186 - - [20/Mar/2018:16:39:47 -0300] "GET /cormun/servlet/trsolicitudot HTTP/1.1" 200 8782
186.67.203.186 - - [20/Mar/2018:16:39:49 -0300] "GET /cormun/servlet/trsolicitudot HTTP/1.1" 200 8778
192.168.10.96 - - [20/Mar/2018:16:40:25 -0300] "POST /cormun/servlet/trsolicitudgral?de30423eb6d65c14ca2a2fa228799923,,gx-no-cache=1521574657689 HTTP/1.1" 200 25850
186.103.159.183 - - [20/Mar/2018:16:40:28 -0300] "GET /cormun/servlet/trsolicitudot? HTTP/1.1" 200 7407
186.103.159.183 - - [20/Mar/2018:16:40:29 -0300] "GET /cormun/static/Shared/ext/ext-all.js HTTP/1.1" 200 1289687
186.103.159.183 - - [20/Mar/2018:16:40:29 -0300] "GET /cormun/servlet/trsolicitudot? HTTP/1.1" 200 7406
186.103.159.183 - - [20/Mar/2018:16:40:33 -0300] "GET /cormun/servlet/solicitudot?INS,0,0, HTTP/1.1" 200 13635
186.103.159.183 - - [20/Mar/2018:16:40:33 -0300] "GET /cormun/static/Shared/ext/ext-all.js HTTP/1.1" 200 1289687
186.103.159.183 - - [20/Mar/2018:16:40:34 -0300] "GET /cormun/servlet/solicitudot?INS,0,0, HTTP/1.1" 200 13640
192.168.10.96 - - [20/Mar/2018:16:40:37 -0300] "POST /cormun/servlet/trsolicitudgral?de30423eb6d65c14ca2a2fa228799923,,gx-no-cache=1521574669413 HTTP/1.1" 200 25850
186.103.159.183 - - [20/Mar/2018:16:40:44 -0300] "POST /cormun/servlet/solicitudot?gx-no-cache=1521574794806 HTTP/1.1" 200 3291
186.103.159.183 - - [20/Mar/2018:16:40:45 -0300] "POST /cormun/servlet/solicitudot?31d4180e610f00cc8660216951e977b5,INS,0,0,,gx-no-cache=1521574795072 HTTP/1.1" 200 10446
200.72.197.82 - - [20/Mar/2018:16:40:46 -0300] "POST /cormun/servlet/trsolicitudot?5a1be8876e4593abcb268eaeacd5e6d1,gx-no-cache=1521574784870 HTTP/1.1" 200 4685
200.72.197.82 - - [20/Mar/2018:16:40:47 -0300] "GET /cormun/static/Shared/jqueryui/images/ui-bg_highlight-soft_100_c6c2c8_1x100.png HTTP/1.1" 404 1117
190.151.100.218 - - [20/Mar/2018:16:40:47 -0300] "GET /cormun/static/Shared/jqueryui/images/ui-icons_82798d_256x240.png HTTP/1.1" 404 1089
200.72.197.82 - - [20/Mar/2018:16:40:47 -0300] "GET /cormun/static/Shared/jqueryui/images/ui-bg_flat_55_fafafa_40x100.png HTTP/1.1" 404 1097
200.111.122.170 - - [20/Mar/2018:16:40:47 -0300] "GET /cormun/static/Shared/jqueryui/images/ui-icons_8d78a5_256x240.png HTTP/1.1" 404 1089
200.72.197.82 - - [20/Mar/2018:16:40:47 -0300] "POST /cormun/servlet/trsolicitudot?5a1be8876e4593abcb268eaeacd5e6d1,gx-no-cache=1521574797064 HTTP/1.1" 200 4457
200.72.197.82 - - [20/Mar/2018:16:40:52 -0300] "GET /cormun/servlet/trautorizarsolicitud? HTTP/1.1" 200 9181
200.72.197.82 - - [20/Mar/2018:16:40:53 -0300] "GET /cormun/servlet/trautorizarsolicitud? HTTP/1.1" 200 9180
90.154.68.192 - - [20/Mar/2018:16:40:54 -0300] "GET /cormun/servlet/hlogin HTTP/1.1" 200 1711
90.154.68.192 - - [20/Mar/2018:16:40:55 -0300] "GET /cormun/static/gxtimezone.js?85251 HTTP/1.1" 200 5781
90.154.68.192 - - [20/Mar/2018:16:40:55 -0300] "GET /cormun/static/gxcfg.js?20175251213516 HTTP/1.1" 200 953
90.154.68.192 - - [20/Mar/2018:16:40:55 -0300] "GET /cormun/static/Resources/Spanish/PXTools.css?11423723 HTTP/1.1" 200 89042
90.154.68.192 - - [20/Mar/2018:16:40:56 -0300] "GET /cormun/static/messages.spa.js?85251 HTTP/1.1" 200 30736
90.154.68.192 - - [20/Mar/2018:16:40:57 -0300] "GET /cormun/static/gxgral.js?85251 HTTP/1.1" 200 384558
90.154.68.192 - - [20/Mar/2018:16:40:57 -0300] "GET /cormun/static/hlogin.js?20175251213537 HTTP/1.1" 200 2136
90.154.68.192 - - [20/Mar/2018:16:40:58 -0300] "GET /cormun/servlet/hlogin HTTP/1.1" 200 1711
200.112.233.47 - - [20/Mar/2018:16:41:02 -0300] "POST /cormun/servlet/trsolicitudot?b3bbf580b15ba953dcb568a56c4327a1,,gx-no-cache=1521574810706 HTTP/1.1" 200 105
200.112.233.47 - - [20/Mar/2018:16:41:02 -0300] "GET /cormun/servlet/solicitudot?UPD,2018,10700, HTTP/1.1" 200 15408
200.112.233.47 - - [20/Mar/2018:16:41:03 -0300] "GET /cormun/servlet/solicitudot?UPD,2018,10700, HTTP/1.1" 200 15417
200.112.233.47 - - [20/Mar/2018:16:41:04 -0300] "POST /cormun/servlet/solicitudot?gx-no-cache=1521574812420 HTTP/1.1" 200 3414
200.112.233.47 - - [20/Mar/2018:16:41:04 -0300] "POST /cormun/servlet/solicitudot?b3bbf580b15ba953dcb568a56c4327a1,UPD,2018,10700,,gx-no-cache=1521574812930 HTTP/1.1" 200 11687
200.112.233.47 - - [20/Mar/2018:16:41:04 -0300] "GET /cormun/servlet/solicitudot?c3cb387f9fbf201522b6e6ff6ec5d0ac85e5461e01d5f457de5af86008dcf7f1b9aec082787905df9e0bda86e614db7a,gx-no-cache=1521574813156 HTTP/1.1" 200 30
200.112.233.47 - - [20/Mar/2018:16:41:05 -0300] "GET /cormun/servlet/solicitudot?c3cb387f9fbf201522b6e6ff6ec5d0ace5cd102003f76071e1ed9c0e1211946d37f3afabd75547a40aa803e9b3b84f54b9aec082787905df9e0bda86e614db7a,gx-no-cache=1521574813226 HTTP/1.1" 200 30
200.112.233.47 - - [20/Mar/2018:16:41:05 -0300] "GET /cormun/servlet/solicitudot?c3cb387f9fbf201522b6e6ff6ec5d0ac62a64bb9e92405970c80d3e5e3d5e1b8dfe6307e86ff4d409b32376f392845e5f580c6d5f1d9d68461384f0505e6d1c0,gx-no-cache=1521574813506 HTTP/1.1" 200 51
200.112.233.47 - - [20/Mar/2018:16:41:05 -0300] "POST /cormun/servlet/solicitudot?gx-no-cache=1521574813556 HTTP/1.1" 200 257
90.154.68.192 - - [20/Mar/2018:16:41:05 -0300] "GET /cormun/static/hlogin.js?20175251213537 HTTP/1.1" 200 2136
200.112.233.47 - - [20/Mar/2018:16:41:05 -0300] "GET /cormun/servlet/solicitudot?c3cb387f9fbf201522b6e6ff6ec5d0ac80e3a989f26b2d587dfb5071d60424ddc9404494348821128650490134baef4607499da4c9c58dbf7ec5678a67d777218b4223e2cc203d7abc649e3f1a328eeb54617ff41799cba0078037893b5fd84032f193bccaf8e6528789d3d3242cb9f5a3e4fcc5d16c18352d9a710622078dfd0db97128abb2e25efb1f8f2829db59611eac9f2a87e2d27b2d4387b136507d4aae0d9ec724386269719d40665632b5e654d420db31f893fe69c9046b955b4217a43dd27d3a4bf3baa90626eef94bbaf292a60049f3f069abb477a69830d79ee20726dc8c163a48f4f7803ee459b23c2c5e5ac565ffdc69a898657058776d715000306f09aba617381a2346730a6552ac0f31282510300abec25acb2e0487e434b47bbb51d120afee5d637fa8ddb5964d351b3cb5370685eb9472290ee1933273d232950b0ef4910954b825ecbb2b73797eaf1806e6fa461ac8474ec87e960a38a550c001386ff11a602dffe1a38908872df1389cb8a767b235f79dcca8ee40de,gx-no-cache=1521574813596 HTTP/1.1" 200 30
200.112.233.47 - - [20/Mar/2018:16:41:05 -0300] "POST /cormun/servlet/solicitudot?gx-no-cache=1521574813632 HTTP/1.1" 200 30
200.112.233.47 - - [20/Mar/2018:16:41:05 -0300] "POST /cormun/servlet/solicitudot?gx-no-cache=1521574813700 HTTP/1.1" 200 1337
200.112.233.47 - - [20/Mar/2018:16:41:05 -0300] "POST /cormun/servlet/solicitudot?gx-no-cache=1521574813778 HTTP/1.1" 200 41
90.154.68.192 - - [20/Mar/2018:16:41:05 -0300] "GET /cormun/static/messages.spa.js?85251 HTTP/1.1" 200 30736
200.112.233.47 - - [20/Mar/2018:16:41:18 -0300] "GET /cormun/servlet/solicitudot?c3cb387f9fbf201522b6e6ff6ec5d0ac1fc6ed49ffcc11ca0a6e45ee429b4ed1e0e6e7420fdca8ddd1721345e563b82c54a157b96280a3ae1f8be011a80f0453c2ea3fdffd9c1d1e245f6d55951f1ccf107322db9fa3d1b018fc409bad7fca3b800323963ce568a78fd8dc1127526637,gx-no-cache=1521574826890 HTTP/1.1" 200 29
200.112.233.47 - - [20/Mar/2018:16:41:18 -0300] "POST /cormun/servlet/solicitudot?gx-no-cache=1521574826940 HTTP/1.1" 200 1319
200.112.233.47 - - [20/Mar/2018:16:41:18 -0300] "POST /cormun/servlet/solicitudot?gx-no-cache=1521574826994 HTTP/1.1" 200 1218
200.112.233.47 - - [20/Mar/2018:16:41:18 -0300] "GET /cormun/servlet/solicitudot?c3cb387f9fbf201522b6e6ff6ec5d0acde79ad86f64315356fa483f962acabc317450b189a435187e1fd2f1536aea6ab,gx-no-cache=1521574827066 HTTP/1.1" 200 30
200.112.233.47 - - [20/Mar/2018:16:41:18 -0300] "POST /cormun/servlet/solicitudot?gx-no-cache=1521574827116 HTTP/1.1" 200 30
200.112.233.47 - - [20/Mar/2018:16:41:19 -0300] "POST /cormun/servlet/solicitudot?b3bbf580b15ba953dcb568a56c4327a1,UPD,2018,10700,,gx-no-cache=1521574827182 HTTP/1.1" 200 93
200.112.233.47 - - [20/Mar/2018:16:41:19 -0300] "GET /cormun/servlet/hpexe_return? HTTP/1.1" 200 1009
200.112.233.47 - - [20/Mar/2018:16:41:19 -0300] "GET /cormun/servlet/trsolicitudot? HTTP/1.1" 200 14277
200.112.233.47 - - [20/Mar/2018:16:41:20 -0300] "GET /cormun/servlet/trsolicitudot? HTTP/1.1" 200 14272
186.103.159.183 - - [20/Mar/2018:16:41:25 -0300] "GET /cormun/servlet/solicitudot?2010df6696e533a9bc1935eb4cb91dd64adc44069085feab03a46e8cb8e2eb7574f3b004ddc82e25b1e638aff1f27a2e,gx-no-cache=1521574835756 HTTP/1.1" 200 30
200.72.197.82 - - [20/Mar/2018:16:41:34 -0300] "GET /cormun/servlet/trautorizarsolicitud? HTTP/1.1" 200 9180
200.72.197.82 - - [20/Mar/2018:16:41:36 -0300] "GET /cormun/servlet/trautorizarsolicitud? HTTP/1.1" 200 9180
200.112.233.47 - - [20/Mar/2018:16:41:45 -0300] "POST /cormun/servlet/trsolicitudot?b3bbf580b15ba953dcb568a56c4327a1,,gx-no-cache=1521574853276 HTTP/1.1" 200 105
200.112.233.47 - - [20/Mar/2018:16:41:45 -0300] "GET /cormun/servlet/solicitudot?UPD,2018,10701, HTTP/1.1" 200 15405
200.112.233.47 - - [20/Mar/2018:16:41:46 -0300] "GET /cormun/servlet/solicitudot?UPD,2018,10701, HTTP/1.1" 200 15415
200.112.233.47 - - [20/Mar/2018:16:41:47 -0300] "POST /cormun/servlet/solicitudot?gx-no-cache=1521574855114 HTTP/1.1" 200 3414
200.112.233.47 - - [20/Mar/2018:16:41:47 -0300] "POST /cormun/servlet/solicitudot?b3bbf580b15ba953dcb568a56c4327a1,UPD,2018,10701,,gx-no-cache=1521574855760 HTTP/1.1" 200 11685
200.72.197.82 - - [20/Mar/2018:16:41:47 -0300] "GET /cormun/servlet/veautorizarsolicitud?2018,10715,, HTTP/1.1" 200 8580
200.112.233.47 - - [20/Mar/2018:16:41:47 -0300] "GET /cormun/servlet/solicitudot?c3cb387f9fbf201522b6e6ff6ec5d0ac85e5461e01d5f457de5af86008dcf7f1b9aec082787905df9e0bda86e614db7a,gx-no-cache=1521574856094 HTTP/1.1" 200 30
200.112.233.47 - - [20/Mar/2018:16:41:47 -0300] "GET /cormun/servlet/solicitudot?c3cb387f9fbf201522b6e6ff6ec5d0ace5cd102003f76071e1ed9c0e1211946d37f3afabd75547a40aa803e9b3b84f54b9aec082787905df9e0bda86e614db7a,gx-no-cache=1521574856138 HTTP/1.1" 200 30
200.112.233.47 - - [20/Mar/2018:16:41:47 -0300] "GET /cormun/servlet/solicitudot?c3cb387f9fbf201522b6e6ff6ec5d0ac62a64bb9e92405970c80d3e5e3d5e1b8dfe6307e86ff4d409b32376f392845e5f580c6d5f1d9d68461384f0505e6d1c0,gx-no-cache=1521574856202 HTTP/1.1" 200 51
200.112.233.47 - - [20/Mar/2018:16:41:47 -0300] "POST /cormun/servlet/solicitudot?gx-no-cache=1521574856240 HTTP/1.1" 200 257
200.112.233.47 - - [20/Mar/2018:16:41:47 -0300] "GET /cormun/servlet/solicitudot?c3cb387f9fbf201522b6e6ff6ec5d0ac80e3a989f26b2d587dfb5071d60424ddc9404494348821128650490134baef4607499da4c9c58dbf7ec5678a67d777218b4223e2cc203d7abc649e3f1a328eeb54617ff41799cba0078037893b5fd84032f193bccaf8e6528789d3d3242cb9f5a3e4fcc5d16c18352d9a710622078dfd0db97128abb2e25efb1f8f2829db59611eac9f2a87e2d27b2d4387b136507d4aae0d9ec724386269719d40665632b5e654d420db31f893fe69c9046b955b4217a43dd27d3a4bf3baa90626eef94bbaf292a60049f3f069abb477a69830d79ee20726dc8c163a48f4f7803ee459b23c2c5e5ac565ffdc69a898657058776d715000306f09aba617381a2346730a6552ac0f31282510300abec25acb2e0487e434b47bbb51d120afee5d637fa8ddb5964d351b3cb5370685eb9472290ee1933273d232950b0ef4910954b825ecbb2b73797eaf1806e6fa461ac8474ec87e960a38a550c001386ff11a602dffe1a38908872df1389cb8a767b235f79dcca8ee40de,gx-no-cache=1521574856278 HTTP/1.1" 200 30
200.112.233.47 - - [20/Mar/2018:16:41:47 -0300] "POST /cormun/servlet/solicitudot?gx-no-cache=1521574856314 HTTP/1.1" 200 30
200.112.233.47 - - [20/Mar/2018:16:41:47 -0300] "POST /cormun/servlet/solicitudot?gx-no-cache=1521574856382 HTTP/1.1" 200 1337
200.112.233.47 - - [20/Mar/2018:16:41:48 -0300] "POST /cormun/servlet/solicitudot?gx-no-cache=1521574856482 HTTP/1.1" 200 41
186.103.161.206 - - [20/Mar/2018:16:41:48 -0300] "GET /cormun/pexe_scrolldiv.js HTTP/1.1" 404 1009
186.103.161.206 - - [20/Mar/2018:16:41:49 -0300] "GET /cormun/servlet/veautorizarsolicitud?2018,10715,, HTTP/1.1" 200 8579
186.103.161.206 - - [20/Mar/2018:16:41:52 -0300] "POST /cormun/servlet/veautorizarsolicitud?5a1be8876e4593abcb268eaeacd5e6d1,2018,10715,,,gx-no-cache=1521574862178 HTTP/1.1" 200 90
186.103.161.206 - - [20/Mar/2018:16:41:52 -0300] "GET /cormun/servlet/hpexe_link HTTP/1.1" 200 969
186.103.161.206 - - [20/Mar/2018:16:41:53 -0300] "GET /cormun/servlet/trautorizarsolicitud HTTP/1.1" 200 9181
186.103.161.206 - - [20/Mar/2018:16:41:54 -0300] "GET /cormun/servlet/trautorizarsolicitud HTTP/1.1" 200 9180
192.168.10.96 - - [20/Mar/2018:16:41:58 -0300] "POST /cormun/servlet/trsolicitudgral?de30423eb6d65c14ca2a2fa228799923,,gx-no-cache=1521574752080 HTTP/1.1" 200 7267
200.72.197.82 - - [20/Mar/2018:16:41:59 -0300] "GET /cormun/servlet/veautorizarsolicitud?2018,10710,, HTTP/1.1" 200 8597
200.72.197.82 - - [20/Mar/2018:16:41:59 -0300] "GET /cormun/pexe_scrolldiv.js HTTP/1.1" 404 1009
200.72.197.82 - - [20/Mar/2018:16:41:59 -0300] "GET /cormun/pexe_scrolldiv.js HTTP/1.1" 404 1009
200.72.197.82 - - [20/Mar/2018:16:42:00 -0300] "GET /cormun/servlet/veautorizarsolicitud?2018,10710,, HTTP/1.1" 200 8597
200.112.233.47 - - [20/Mar/2018:16:42:01 -0300] "GET /cormun/servlet/solicitudot?c3cb387f9fbf201522b6e6ff6ec5d0ac1fc6ed49ffcc11ca0a6e45ee429b4ed1e0e6e7420fdca8ddd1721345e563b82c54a157b96280a3ae1f8be011a80f0453c2ea3fdffd9c1d1e245f6d55951f1ccf107322db9fa3d1b018fc409bad7fca3b800323963ce568a78fd8dc1127526637,gx-no-cache=1521574869822 HTTP/1.1" 200 29
200.112.233.47 - - [20/Mar/2018:16:42:01 -0300] "POST /cormun/servlet/solicitudot?gx-no-cache=1521574869860 HTTP/1.1" 200 1319
200.112.233.47 - - [20/Mar/2018:16:42:01 -0300] "POST /cormun/servlet/solicitudot?gx-no-cache=1521574869922 HTTP/1.1" 200 1218
200.112.233.47 - - [20/Mar/2018:16:42:01 -0300] "GET /cormun/servlet/solicitudot?c3cb387f9fbf201522b6e6ff6ec5d0acde79ad86f64315356fa483f962acabc317450b189a435187e1fd2f1536aea6ab,gx-no-cache=1521574869970 HTTP/1.1" 200 30
200.112.233.47 - - [20/Mar/2018:16:42:01 -0300] "POST /cormun/servlet/solicitudot?gx-no-cache=1521574870014 HTTP/1.1" 200 30
200.112.233.47 - - [20/Mar/2018:16:42:02 -0300] "POST /cormun/servlet/solicitudot?b3bbf580b15ba953dcb568a56c4327a1,UPD,2018,10701,,gx-no-cache=1521574870062 HTTP/1.1" 200 93
200.112.233.47 - - [20/Mar/2018:16:42:02 -0300] "GET /cormun/servlet/hpexe_return? HTTP/1.1" 200 1009
200.112.233.47 - - [20/Mar/2018:16:42:02 -0300] "GET /cormun/servlet/trsolicitudot HTTP/1.1" 200 14277
200.112.233.47 - - [20/Mar/2018:16:42:03 -0300] "GET /cormun/servlet/trsolicitudot HTTP/1.1" 200 14272
200.112.233.47 - - [20/Mar/2018:16:42:09 -0300] "POST /cormun/servlet/trsolicitudot?b3bbf580b15ba953dcb568a56c4327a1,gx-no-cache=1521574877614 HTTP/1.1" 200 105
200.112.233.47 - - [20/Mar/2018:16:42:09 -0300] "GET /cormun/servlet/solicitudot?UPD,2018,10700, HTTP/1.1" 200 15401
200.112.233.47 - - [20/Mar/2018:16:42:10 -0300] "GET /cormun/servlet/solicitudot?UPD,2018,10700, HTTP/1.1" 200 15411
200.112.233.47 - - [20/Mar/2018:16:42:11 -0300] "POST /cormun/servlet/solicitudot?gx-no-cache=1521574879164 HTTP/1.1" 200 3414
200.112.233.47 - - [20/Mar/2018:16:42:11 -0300] "POST /cormun/servlet/solicitudot?b3bbf580b15ba953dcb568a56c4327a1,UPD,2018,10700,,gx-no-cache=1521574879710 HTTP/1.1" 200 11682
200.112.233.47 - - [20/Mar/2018:16:42:11 -0300] "GET /cormun/servlet/solicitudot?c3cb387f9fbf201522b6e6ff6ec5d0ac85e5461e01d5f457de5af86008dcf7f1b9aec082787905df9e0bda86e614db7a,gx-no-cache=1521574880040 HTTP/1.1" 200 30
200.112.233.47 - - [20/Mar/2018:16:42:11 -0300] "GET /cormun/servlet/solicitudot?c3cb387f9fbf201522b6e6ff6ec5d0ace5cd102003f76071e1ed9c0e1211946d37f3afabd75547a40aa803e9b3b84f54b9aec082787905df9e0bda86e614db7a,gx-no-cache=1521574880086 HTTP/1.1" 200 30
200.112.233.47 - - [20/Mar/2018:16:42:11 -0300] "GET /cormun/servlet/solicitudot?c3cb387f9fbf201522b6e6ff6ec5d0ac62a64bb9e92405970c80d3e5e3d5e1b8dfe6307e86ff4d409b32376f392845e5f580c6d5f1d9d68461384f0505e6d1c0,gx-no-cache=1521574880116 HTTP/1.1" 200 51
200.72.197.82 - - [20/Mar/2018:16:42:11 -0300] "POST /cormun/servlet/veautorizarsolicitud?5a1be8876e4593abcb268eaeacd5e6d1,2018,10710,,,gx-no-cache=1521574880901 HTTP/1.1" 200 90
200.112.233.47 - - [20/Mar/2018:16:42:11 -0300] "POST /cormun/servlet/solicitudot?gx-no-cache=1521574880170 HTTP/1.1" 200 257
200.112.233.47 - - [20/Mar/2018:16:42:11 -0300] "GET /cormun/servlet/solicitudot?c3cb387f9fbf201522b6e6ff6ec5d0ac80e3a989f26b2d587dfb5071d60424ddc9404494348821128650490134baef4607499da4c9c58dbf7ec5678a67d777218b4223e2cc203d7abc649e3f1a328eeb54617ff41799cba0078037893b5fd84032f193bccaf8e6528789d3d3242cb9f5a3e4fcc5d16c18352d9a710622078dfd0db97128abb2e25efb1f8f2829db59611eac9f2a87e2d27b2d4387b136507d4aae0d9ec724386269719d40665632b5e654d420db31f893fe69c9046b955b4217a43dd27d3a4bf3baa90626eef94bbaf292a60049f3f069abb477a69830d79ee20726dc8c163a48f4f7803ee459b23c2c5e5ac565ffdc69a898657058776d715000306f09aba617381a2346730a6552ac0f31282510300abec25acb2e0487e434b47bbb51d120afee5d637fa8ddb5964d351b3cb5370685eb9472290ee1933273d232950b0ef4910954b825ecbb2b73797eaf1806e6fa461ac8474ec87e960a38a550c001386ff11a602dffe1a38908872df1389cb8a767b235f79dcca8ee40de,gx-no-cache=1521574880218 HTTP/1.1" 200 30
200.112.233.47 - - [20/Mar/2018:16:42:11 -0300] "POST /cormun/servlet/solicitudot?gx-no-cache=1521574880254 HTTP/1.1" 200 30
200.72.197.82 - - [20/Mar/2018:16:42:12 -0300] "GET /cormun/servlet/hpexe_link HTTP/1.1" 200 969
200.112.233.47 - - [20/Mar/2018:16:42:12 -0300] "POST /cormun/servlet/solicitudot?gx-no-cache=1521574880520 HTTP/1.1" 200 1337
200.112.233.47 - - [20/Mar/2018:16:42:12 -0300] "POST /cormun/servlet/solicitudot?gx-no-cache=1521574880626 HTTP/1.1" 200 41
200.72.197.82 - - [20/Mar/2018:16:42:12 -0300] "GET /cormun/servlet/trautorizarsolicitud HTTP/1.1" 200 9181
200.72.197.82 - - [20/Mar/2018:16:42:13 -0300] "GET /cormun/servlet/trautorizarsolicitud HTTP/1.1" 200 9180
186.67.172.234 - - [20/Mar/2018:16:42:15 -0300] "GET /cormun/servlet/trsolicitudot? HTTP/1.1" 200 9182
186.67.172.234 - - [20/Mar/2018:16:42:15 -0300] "GET /cormun/servlet/trsolicitudot? HTTP/1.1" 200 9182
200.112.233.47 - - [20/Mar/2018:16:42:18 -0300] "GET /cormun/servlet/solicitudot?c3cb387f9fbf201522b6e6ff6ec5d0ac1fc6ed49ffcc11ca0a6e45ee429b4ed1e0e6e7420fdca8ddd1721345e563b82c54a157b96280a3ae1f8be011a80f0453c2ea3fdffd9c1d1e245f6d55951f1ccf107322db9fa3d1b018fc409bad7fca3b800323963ce568a78fd8dc1127526637,gx-no-cache=1521574886684 HTTP/1.1" 200 29
200.112.233.47 - - [20/Mar/2018:16:42:18 -0300] "POST /cormun/servlet/solicitudot?gx-no-cache=1521574886738 HTTP/1.1" 200 1319
200.112.233.47 - - [20/Mar/2018:16:42:18 -0300] "POST /cormun/servlet/solicitudot?gx-no-cache=1521574886810 HTTP/1.1" 200 1218
200.112.233.47 - - [20/Mar/2018:16:42:18 -0300] "GET /cormun/servlet/solicitudot?c3cb387f9fbf201522b6e6ff6ec5d0acde79ad86f64315356fa483f962acabc317450b189a435187e1fd2f1536aea6ab,gx-no-cache=1521574886874 HTTP/1.1" 200 30
200.112.233.47 - - [20/Mar/2018:16:42:18 -0300] "POST /cormun/servlet/solicitudot?gx-no-cache=1521574886920 HTTP/1.1" 200 30
186.67.172.234 - - [20/Mar/2018:16:42:18 -0300] "GET /cormun/servlet/solicitudot?INS,0,0, HTTP/1.1" 200 13663
186.67.172.234 - - [20/Mar/2018:16:42:19 -0300] "GET /cormun/servlet/solicitudot?INS,0,0, HTTP/1.1" 200 13668
200.112.233.47 - - [20/Mar/2018:16:42:19 -0300] "POST /cormun/servlet/solicitudot?b3bbf580b15ba953dcb568a56c4327a1,UPD,2018,10700,,gx-no-cache=1521574886976 HTTP/1.1" 200 93
200.112.233.47 - - [20/Mar/2018:16:42:19 -0300] "GET /cormun/servlet/hpexe_return? HTTP/1.1" 200 1009
200.112.233.47 - - [20/Mar/2018:16:42:19 -0300] "GET /cormun/servlet/trsolicitudot HTTP/1.1" 200 14277
200.112.233.47 - - [20/Mar/2018:16:42:20 -0300] "GET /cormun/servlet/trsolicitudot HTTP/1.1" 200 14272
200.112.233.47 - - [20/Mar/2018:16:42:28 -0300] "POST /cormun/servlet/trsolicitudot?b3bbf580b15ba953dcb568a56c4327a1,gx-no-cache=1521574896686 HTTP/1.1" 200 106
200.112.233.47 - - [20/Mar/2018:16:42:29 -0300] "GET /cormun/servlet/solicitudot?UPD,2018,10699, HTTP/1.1" 200 15412
186.67.172.234 - - [20/Mar/2018:16:42:29 -0300] "POST /cormun/servlet/solicitudot?gx-no-cache=1521574846153 HTTP/1.1" 200 3284
200.112.233.47 - - [20/Mar/2018:16:42:29 -0300] "GET /cormun/servlet/solicitudot?UPD,2018,10699, HTTP/1.1" 200 15422
200.112.233.47 - - [20/Mar/2018:16:42:30 -0300] "POST /cormun/servlet/solicitudot?gx-no-cache=1521574898728 HTTP/1.1" 200 3419
186.67.172.234 - - [20/Mar/2018:16:42:30 -0300] "POST /cormun/servlet/solicitudot?4c7356866b552c544aecaa012f3ecd11,INS,0,0,,gx-no-cache=1521574846405 HTTP/1.1" 200 10431
200.112.233.47 - - [20/Mar/2018:16:42:30 -0300] "POST /cormun/servlet/solicitudot?b3bbf580b15ba953dcb568a56c4327a1,UPD,2018,10699,,gx-no-cache=1521574898992 HTTP/1.1" 200 11689
200.112.233.47 - - [20/Mar/2018:16:42:30 -0300] "GET /cormun/servlet/solicitudot?c3cb387f9fbf201522b6e6ff6ec5d0acd68bae5371d1f63601336313293b08f3b9aec082787905df9e0bda86e614db7a,gx-no-cache=1521574899278 HTTP/1.1" 200 30
