200.112.233.47 - - [20/Mar/2018:17:20:30 -0300] "POST /cormun/servlet/solicitudot?gx-no-cache=1521577178874 HTTP/1.1" 200 1218
200.112.233.47 - - [20/Mar/2018:17:20:30 -0300] "GET /cormun/static/menuarrow.gif HTTP/1.1" 404 1015
200.112.233.47 - - [20/Mar/2018:17:20:33 -0300] "POST /cormun/servlet/solicitudot?gx-no-cache=1521577182114 HTTP/1.1" 200 1319
200.112.233.47 - - [20/Mar/2018:17:20:33 -0300] "POST /cormun/servlet/solicitudot?gx-no-cache=1521577182190 HTTP/1.1" 200 1218
200.112.233.47 - - [20/Mar/2018:17:20:34 -0300] "GET /cormun/servlet/solicitudot?860ac81df7275fc72fce6795bf0ee8c899f7b4401d2d4b6bee0df860b48ef4a4240b022b6c11dc724dce29b05e734f14,gx-no-cache=1521577182988 HTTP/1.1" 200 30
200.112.233.47 - - [20/Mar/2018:17:21:00 -0300] "POST /cormun/servlet/solicitudot?gx-no-cache=1521577208980 HTTP/1.1" 200 30
200.112.233.47 - - [20/Mar/2018:17:21:01 -0300] "POST /cormun/servlet/solicitudot?802e801dae1731df0449216f80b5ef67,INS,0,0,,gx-no-cache=1521577209040 HTTP/1.1" 200 93
200.112.233.47 - - [20/Mar/2018:17:21:01 -0300] "GET /cormun/servlet/hpexe_return? HTTP/1.1" 200 1007
200.112.233.47 - - [20/Mar/2018:17:21:01 -0300] "GET /cormun/servlet/trsolicitudot HTTP/1.1" 200 8779
200.112.233.47 - - [20/Mar/2018:17:21:02 -0300] "GET /cormun//static/Resources/PXToolsGridUpdate.png HTTP/1.1" 200 2984
200.112.233.47 - - [20/Mar/2018:17:21:02 -0300] "GET /cormun/servlet/trsolicitudot HTTP/1.1" 200 8775
200.112.233.47 - - [20/Mar/2018:17:21:05 -0300] "GET /cormun/servlet/solicitudot?INS,0,0, HTTP/1.1" 200 13655
200.112.233.47 - - [20/Mar/2018:17:21:06 -0300] "GET /cormun/servlet/solicitudot?INS,0,0, HTTP/1.1" 200 13659
200.112.233.47 - - [20/Mar/2018:17:21:11 -0300] "GET /cormun/servlet/prfichaempleado?,MD,,gxPopupLevel%3D0%3B HTTP/1.1" 200 9362
200.112.233.47 - - [20/Mar/2018:17:21:33 -0300] "POST /cormun/servlet/prfichaempleado?802e801dae1731df0449216f80b5ef67,,MD,,gxPopupLevel%3D0%3B,gx-no-cache=1521577241912 HTTP/1.1" 200 3434
200.112.233.47 - - [20/Mar/2018:17:21:38 -0300] "POST /cormun/servlet/solicitudot?gx-no-cache=1521577246468 HTTP/1.1" 200 3405
200.112.233.47 - - [20/Mar/2018:17:21:38 -0300] "POST /cormun/servlet/solicitudot?802e801dae1731df0449216f80b5ef67,INS,0,0,,gx-no-cache=1521577246966 HTTP/1.1" 200 10580
200.30.252.129 - - [20/Mar/2018:17:21:40 -0300] "GET /cormun/servlet/solicitudot?5b7f2c5a9205f5a3ef7e9ae0e49097c40a5e43b112c516b43547e9eda7e7648732fc9dd1d1a30777d0b02ed3069e60f6c020908cc4e18e56e7db0d2f9a13ede1,gx-no-cache=1521577247922 HTTP/1.1" 200 30
200.30.252.129 - - [20/Mar/2018:17:21:40 -0300] "POST /cormun/servlet/solicitudot?gx-no-cache=1521577248072 HTTP/1.1" 200 30
200.30.252.129 - - [20/Mar/2018:17:21:40 -0300] "POST /cormun/servlet/solicitudot?gx-no-cache=1521577248145 HTTP/1.1" 200 1333
200.30.252.129 - - [20/Mar/2018:17:21:40 -0300] "POST /cormun/servlet/solicitudot?gx-no-cache=1521577248249 HTTP/1.1" 200 38
200.30.252.129 - - [20/Mar/2018:17:21:40 -0300] "GET /cormun/servlet/solicitudot?5b7f2c5a9205f5a3ef7e9ae0e49097c47e545582655d1a559cb6ee4862123fc907253ab1ee1473ea4573bf06d9c5faadc2f7fc28f5b6079e714837ce879b7c9e65519b4157ff957e9af679139bbbf0b14f6d6af4b5526881d5ddfa3e4a1d2b6c3d8fa7ec80852ebf66788262a7f17b63,gx-no-cache=1521577248333 HTTP/1.1" 200 29
200.30.252.129 - - [20/Mar/2018:17:21:40 -0300] "POST /cormun/servlet/solicitudot?gx-no-cache=1521577248436 HTTP/1.1" 200 1319
200.30.252.129 - - [20/Mar/2018:17:21:40 -0300] "POST /cormun/servlet/solicitudot?gx-no-cache=1521577248561 HTTP/1.1" 200 1215
200.112.233.47 - - [20/Mar/2018:17:21:41 -0300] "GET /cormun/servlet/solicitudot?860ac81df7275fc72fce6795bf0ee8c83e523200f3d6b803eacc604630b9001e67db9d25dfc171c4656bfdd36ec5c2a3,gx-no-cache=1521577249806 HTTP/1.1" 200 30
200.112.233.47 - - [20/Mar/2018:17:21:41 -0300] "GET /cormun/servlet/solicitudot?860ac81df7275fc72fce6795bf0ee8c836e9aa1c157fe241d917ff1d767d0e61bcf15bd5df7fc237dad609a9ec340bb1,gx-no-cache=1521577249880 HTTP/1.1" 200 30
200.112.233.47 - - [20/Mar/2018:17:21:41 -0300] "GET /cormun/servlet/solicitudot?860ac81df7275fc72fce6795bf0ee8c86553c486a384480e58a583aeb878ce41,gx-no-cache=1521577249920 HTTP/1.1" 200 53
200.112.233.47 - - [20/Mar/2018:17:21:41 -0300] "POST /cormun/servlet/solicitudot?gx-no-cache=1521577249958 HTTP/1.1" 200 297
200.112.233.47 - - [20/Mar/2018:17:21:41 -0300] "GET /cormun/servlet/solicitudot?860ac81df7275fc72fce6795bf0ee8c89df2b5ce284fdffad04a49b1cea959dcacda7790be19d3bf2dabde411b420eebfe19691b9eacf2dde3456f649a9d5171b86b7a8d2b879f007e02ebed81ddcb68a47a67aabf36e8c348b563c388a4b88bb9472d9a180db1a1d113e5d3884fc151c90c2c2ada1a1ededf0bf482fecdd1caabe7163f2f689ce783716378fa9e9ce14eb4e71dac7097466b8b75e70dd3f7912bea183cfd473e7a082fc192dbc83bf2cda79770130f40f060f1803978c1dce4a32c8bae7795c0b6efada479cdb7f26616afbd50c40d68c62a9600804b0465e95a8f1d993e07a9bb0d7a89377f23d2a4011970ebb8946c86c42c56635f04117e45a88b3afc0f4eae93cc4e54e452e6cf616f261c260d5bd8ae82bf0d938d65b18def5be12e90883e02c3078ba677eb3ede1976e847cd3b75adcc908b0f4e622e153593d8eb2f53448573a262025c3e71e1753f41f56089afec5676caa00e054fae013e173a577d1a8bcc45bf6bc3da577e2040a69b10e455a9873a7e1ac7c8b70614d72867f8f0efe35738a304a3b313,gx-no-cache=1521577250010 HTTP/1.1" 200 30
200.112.233.47 - - [20/Mar/2018:17:21:42 -0300] "POST /cormun/servlet/solicitudot?gx-no-cache=1521577250830 HTTP/1.1" 200 30
200.112.233.47 - - [20/Mar/2018:17:21:45 -0300] "POST /cormun/servlet/solicitudot?gx-no-cache=1521577253808 HTTP/1.1" 200 1336
200.112.233.47 - - [20/Mar/2018:17:21:45 -0300] "POST /cormun/servlet/solicitudot?gx-no-cache=1521577253922 HTTP/1.1" 200 38
200.30.252.129 - - [20/Mar/2018:17:21:46 -0300] "GET /cormun/static/menuarrow.gif HTTP/1.1" 404 1015
200.112.233.47 - - [20/Mar/2018:17:21:53 -0300] "GET /cormun/servlet/solicitudot?860ac81df7275fc72fce6795bf0ee8c8be41d117347459e167baa99dfe6430df2f2952ec3e7b12b47bfbad27713a24e8d6f5998931a88a6e9093b7647e29506b773174ebdc18219c62b0f69234fddddd6a5c06526c694d0e57bdf0ef7c8ea0a11fcf5520789d6fc5aeb2cceaf4f7a7d4,gx-no-cache=1521577261728 HTTP/1.1" 200 29
200.112.233.47 - - [20/Mar/2018:17:21:53 -0300] "POST /cormun/servlet/solicitudot?gx-no-cache=1521577261796 HTTP/1.1" 200 1319
200.112.233.47 - - [20/Mar/2018:17:21:53 -0300] "POST /cormun/servlet/solicitudot?gx-no-cache=1521577261884 HTTP/1.1" 200 1218
200.112.233.47 - - [20/Mar/2018:17:21:53 -0300] "GET /cormun/static/menuarrow.gif HTTP/1.1" 404 1015
200.112.233.47 - - [20/Mar/2018:17:21:56 -0300] "POST /cormun/servlet/solicitudot?gx-no-cache=1521577264638 HTTP/1.1" 200 1319
200.112.233.47 - - [20/Mar/2018:17:21:56 -0300] "POST /cormun/servlet/solicitudot?gx-no-cache=1521577264702 HTTP/1.1" 200 1218
200.112.233.47 - - [20/Mar/2018:17:21:57 -0300] "GET /cormun/servlet/solicitudot?860ac81df7275fc72fce6795bf0ee8c899f7b4401d2d4b6bee0df860b48ef4a4240b022b6c11dc724dce29b05e734f14,gx-no-cache=1521577265398 HTTP/1.1" 200 30
191.125.38.229 - - [20/Mar/2018:17:22:06 -0300] "GET /cormun/servlet/hlogin HTTP/1.1" 200 1725
200.30.252.129 - - [20/Mar/2018:17:22:07 -0300] "GET /cormun/servlet/solicitudot?5b7f2c5a9205f5a3ef7e9ae0e49097c4832e0b44989249e3f52cbaa29bcadb35132a34a91cc279d59121a359573c7d74,gx-no-cache=1521577275006 HTTP/1.1" 200 30
200.112.233.47 - - [20/Mar/2018:17:22:09 -0300] "POST /cormun/servlet/solicitudot?gx-no-cache=1521577277996 HTTP/1.1" 200 30
200.112.233.47 - - [20/Mar/2018:17:22:10 -0300] "POST /cormun/servlet/solicitudot?802e801dae1731df0449216f80b5ef67,INS,0,0,,gx-no-cache=1521577278040 HTTP/1.1" 200 93
200.112.233.47 - - [20/Mar/2018:17:22:10 -0300] "GET /cormun/servlet/hpexe_return? HTTP/1.1" 200 1007
200.112.233.47 - - [20/Mar/2018:17:22:10 -0300] "GET /cormun/servlet/trsolicitudot HTTP/1.1" 200 9167
200.112.233.47 - - [20/Mar/2018:17:22:11 -0300] "GET /cormun/servlet/trsolicitudot HTTP/1.1" 200 9163
200.112.233.47 - - [20/Mar/2018:17:22:41 -0300] "POST /cormun/servlet/trsolicitudot?802e801dae1731df0449216f80b5ef67,gx-no-cache=1521577309602 HTTP/1.1" 200 5869
200.112.233.47 - - [20/Mar/2018:17:22:41 -0300] "GET /cormun/static/Shared/jqueryui/images/ui-bg_highlight-soft_100_c6c2c8_1x100.png HTTP/1.1" 404 1117
200.112.233.47 - - [20/Mar/2018:17:22:41 -0300] "GET /cormun/static/Shared/jqueryui/images/ui-bg_flat_55_fafafa_40x100.png HTTP/1.1" 404 1097
200.112.233.47 - - [20/Mar/2018:17:22:41 -0300] "GET /cormun/static/Shared/jqueryui/images/ui-icons_82798d_256x240.png HTTP/1.1" 404 1089
200.112.233.47 - - [20/Mar/2018:17:22:41 -0300] "GET /cormun/static/Shared/jqueryui/images/ui-icons_8d78a5_256x240.png HTTP/1.1" 404 1089
200.112.233.47 - - [20/Mar/2018:17:22:41 -0300] "POST /cormun/servlet/trsolicitudot?802e801dae1731df0449216f80b5ef67,gx-no-cache=1521577309894 HTTP/1.1" 200 5811
200.112.233.47 - - [20/Mar/2018:17:22:42 -0300] "POST /cormun/servlet/trsolicitudot?802e801dae1731df0449216f80b5ef67,gx-no-cache=1521577311206 HTTP/1.1" 200 4694
200.112.233.47 - - [20/Mar/2018:17:22:43 -0300] "POST /cormun/servlet/trsolicitudot?802e801dae1731df0449216f80b5ef67,gx-no-cache=1521577311476 HTTP/1.1" 200 4458
200.112.233.47 - - [20/Mar/2018:17:22:47 -0300] "GET /cormun/servlet/trautorizarsolicitud? HTTP/1.1" 200 14892
200.112.233.47 - - [20/Mar/2018:17:22:47 -0300] "GET /cormun/static/gxcfg.js?2017111423403364 HTTP/1.1" 200 953
200.112.233.47 - - [20/Mar/2018:17:22:47 -0300] "GET /cormun/static/trautorizarsolicitud.js?201711142340425 HTTP/1.1" 200 53910
200.112.233.47 - - [20/Mar/2018:17:22:48 -0300] "GET /cormun/servlet/trautorizarsolicitud? HTTP/1.1" 200 14892
200.30.252.129 - - [20/Mar/2018:17:22:52 -0300] "POST /cormun/servlet/solicitudot?gx-no-cache=1521577320409 HTTP/1.1" 200 30
191.125.38.229 - - [20/Mar/2018:17:22:53 -0300] "GET /cormun/static/Resources/Spanish/PXTools.css?11423723 HTTP/1.1" 200 89042
191.125.38.229 - - [20/Mar/2018:17:22:54 -0300] "GET /cormun/static/gxcfg.js?20175251213516 HTTP/1.1" 200 953
191.125.38.229 - - [20/Mar/2018:17:22:54 -0300] "GET /cormun/static/gxtimezone.js?85251 HTTP/1.1" 200 5781
191.125.38.229 - - [20/Mar/2018:17:22:54 -0300] "GET /cormun/static/messages.spa.js?85251 HTTP/1.1" 200 30736
191.125.38.229 - - [20/Mar/2018:17:22:54 -0300] "GET /cormun/static/hlogin.js?20175251213537 HTTP/1.1" 200 2136
191.125.38.229 - - [20/Mar/2018:17:22:54 -0300] "GET /cormun/static/Resources/ComunLogin.png HTTP/1.1" 200 17326
191.125.38.229 - - [20/Mar/2018:17:23:03 -0300] "GET /cormun/static/gxgral.js?85251 HTTP/1.1" 200 384558
191.125.38.229 - - [20/Mar/2018:17:23:04 -0300] "GET /cormun/static/Resources/PXToolsLoginTop.png HTTP/1.1" 200 1337
191.125.38.229 - - [20/Mar/2018:17:23:04 -0300] "GET /cormun/static/Resources/PXToolsButtonRight21.png HTTP/1.1" 200 1283
191.125.38.229 - - [20/Mar/2018:17:23:04 -0300] "GET /cormun/servlet/hlogin HTTP/1.1" 200 1732
191.125.38.229 - - [20/Mar/2018:17:23:04 -0300] "GET /cormun/static/Resources/indicator.gif HTTP/1.1" 200 1553
191.125.38.229 - - [20/Mar/2018:17:23:04 -0300] "GET /cormun/static/Resources/PXToolsLoginBackground.png HTTP/1.1" 200 1164
191.125.38.229 - - [20/Mar/2018:17:23:04 -0300] "GET /cormun/static/Resources/PXToolsLoginBackground.png HTTP/1.1" 200 1164
191.125.38.229 - - [20/Mar/2018:17:23:04 -0300] "GET /cormun/static/Resources/PXToolsLoginBottom.png HTTP/1.1" 200 1389
191.125.38.229 - - [20/Mar/2018:17:23:04 -0300] "GET /cormun/static/Resources/PXToolsLoginBottom.png HTTP/1.1" 200 1389
191.125.38.229 - - [20/Mar/2018:17:23:04 -0300] "GET /cormun/static/Resources/PXToolsButtonLeft21.png HTTP/1.1" 200 1287
191.125.38.229 - - [20/Mar/2018:17:23:04 -0300] "GET /cormun/static/Resources/PXToolsButtonBackground2.png HTTP/1.1" 200 1181
191.125.38.229 - - [20/Mar/2018:17:23:05 -0300] "GET /cormun/static/Resources/PXToolsButtonBackground2.png HTTP/1.1" 200 1181
191.125.38.229 - - [20/Mar/2018:17:23:05 -0300] "GET /cormun/static/Resources/indicator.gif HTTP/1.1" 200 1553
191.125.38.229 - - [20/Mar/2018:17:23:05 -0300] "GET /favicon.ico HTTP/1.1" 200 21630
46.174.191.31 - - [20/Mar/2018:17:23:09 -0300] "GET / HTTP/1.0" 200 11197
200.112.233.47 - - [20/Mar/2018:17:23:13 -0300] "GET /cormun/servlet/trfichaempleado? HTTP/1.1" 200 11712
200.112.233.47 - - [20/Mar/2018:17:23:13 -0300] "GET /cormun/static/gxcfg.js?20177616262612 HTTP/1.1" 200 953
192.168.10.62 - - [20/Mar/2018:17:23:13 -0300] "GET /cormun/servlet/vesolicitudgral?2018,10699,, HTTP/1.1" 200 9025
192.168.10.62 - - [20/Mar/2018:17:23:13 -0300] "GET /cormun/pexe_scrolldiv.js HTTP/1.1" 404 1009
192.168.10.62 - - [20/Mar/2018:17:23:14 -0300] "GET /cormun/pexe_scrolldiv.js HTTP/1.1" 404 1009
192.168.10.62 - - [20/Mar/2018:17:23:14 -0300] "GET /cormun/servlet/vesolicitudgral?2018,10699,, HTTP/1.1" 200 9024
192.168.10.62 - - [20/Mar/2018:17:23:16 -0300] "GET /cormun/servlet/vesolicitudgral?2018,10699,,SolicitudOTLog HTTP/1.1" 200 9420
192.168.10.62 - - [20/Mar/2018:17:23:16 -0300] "GET /cormun/pexe_scrolldiv.js HTTP/1.1" 404 1009
192.168.10.62 - - [20/Mar/2018:17:23:16 -0300] "GET /cormun/pexe_scrolldiv.js HTTP/1.1" 404 1009
192.168.10.62 - - [20/Mar/2018:17:23:17 -0300] "GET /cormun/servlet/vesolicitudgral?2018,10699,,SolicitudOTLog HTTP/1.1" 200 9420
200.30.252.129 - - [20/Mar/2018:17:23:17 -0300] "POST /cormun/servlet/solicitudot?609aa333fdc8106e9de930a02f1cf6c3,INS,0,0,,gx-no-cache=1521577345464 HTTP/1.1" 200 93
200.30.252.129 - - [20/Mar/2018:17:23:17 -0300] "GET /cormun/servlet/hpexe_return? HTTP/1.1" 200 1008
192.168.10.62 - - [20/Mar/2018:17:23:17 -0300] "POST /cormun/servlet/acontrolpreferencessavestate?None,FGONZALEZ,true HTTP/1.1" 200 35
200.30.252.129 - - [20/Mar/2018:17:23:18 -0300] "GET /cormun/servlet/trsolicitudot HTTP/1.1" 200 8780
200.30.252.129 - - [20/Mar/2018:17:23:18 -0300] "GET /cormun/servlet/trsolicitudot HTTP/1.1" 200 8776
192.168.10.62 - - [20/Mar/2018:17:23:20 -0300] "GET /cormun/servlet/vesolicitudgral?2018,10699,,SolicitudOTAdjuntos HTTP/1.1" 200 7729
192.168.10.62 - - [20/Mar/2018:17:23:20 -0300] "GET /cormun/pexe_scrolldiv.js HTTP/1.1" 404 1009
192.168.10.62 - - [20/Mar/2018:17:23:20 -0300] "GET /cormun/pexe_scrolldiv.js HTTP/1.1" 404 1009
192.168.10.62 - - [20/Mar/2018:17:23:20 -0300] "GET /cormun/servlet/vesolicitudgral?2018,10699,,SolicitudOTAdjuntos HTTP/1.1" 200 7729
192.168.10.62 - - [20/Mar/2018:17:23:21 -0300] "POST /cormun/servlet/acontrolpreferencessavestate?None,FGONZALEZ,true HTTP/1.1" 200 35
192.168.10.62 - - [20/Mar/2018:17:23:22 -0300] "GET /cormun/servlet/vesolicitudgral?2018,10699,,SolicitudOTLog HTTP/1.1" 200 9421
192.168.10.62 - - [20/Mar/2018:17:23:22 -0300] "GET /cormun/pexe_scrolldiv.js HTTP/1.1" 404 1009
192.168.10.62 - - [20/Mar/2018:17:23:22 -0300] "GET /cormun/pexe_scrolldiv.js HTTP/1.1" 404 1009
192.168.10.62 - - [20/Mar/2018:17:23:23 -0300] "GET /cormun/servlet/vesolicitudgral?2018,10699,,SolicitudOTLog HTTP/1.1" 200 9420
200.30.252.129 - - [20/Mar/2018:17:23:23 -0300] "POST /cormun/servlet/trsolicitudot?609aa333fdc8106e9de930a02f1cf6c3,gx-no-cache=1521577351857 HTTP/1.1" 200 106
200.30.252.129 - - [20/Mar/2018:17:23:24 -0300] "GET /cormun/servlet/trsolicitudadjuntos?2018,10721, HTTP/1.1" 200 6313
192.168.10.62 - - [20/Mar/2018:17:23:24 -0300] "POST /cormun/servlet/acontrolpreferencessavestate?None,FGONZALEZ,true HTTP/1.1" 200 35
200.30.252.129 - - [20/Mar/2018:17:23:24 -0300] "GET /cormun/servlet/trsolicitudadjuntos?2018,10721, HTTP/1.1" 200 6313
192.168.10.62 - - [20/Mar/2018:17:23:28 -0300] "POST /cormun/servlet/vesolicitudgral?81a0ee1471d23dff490c7e8eaba54c9a,2018,10699,,SolicitudOTLog,gx-no-cache=1521577241954 HTTP/1.1" 200 90
192.168.10.62 - - [20/Mar/2018:17:23:28 -0300] "GET /cormun/servlet/hpexe_link HTTP/1.1" 200 970
192.168.10.62 - - [20/Mar/2018:17:23:28 -0300] "GET /cormun/servlet/trsolicitudgral HTTP/1.1" 200 27035
192.168.10.62 - - [20/Mar/2018:17:23:29 -0300] "GET /cormun/servlet/trsolicitudgral HTTP/1.1" 200 27034
192.168.10.62 - - [20/Mar/2018:17:23:32 -0300] "GET /cormun/servlet/vesolicitudgral?2018,10698,, HTTP/1.1" 200 9039
200.112.233.47 - - [20/Mar/2018:17:23:32 -0300] "POST /cormun/servlet/trautorizarsolicitud?802e801dae1731df0449216f80b5ef67,,gx-no-cache=1521577360132 HTTP/1.1" 200 11773
192.168.10.62 - - [20/Mar/2018:17:23:32 -0300] "GET /cormun/pexe_scrolldiv.js HTTP/1.1" 404 1009
192.168.10.62 - - [20/Mar/2018:17:23:32 -0300] "GET /cormun/pexe_scrolldiv.js HTTP/1.1" 404 1009
200.112.233.47 - - [20/Mar/2018:17:23:32 -0300] "GET /cormun/static/Shared/jqueryui/images/ui-bg_highlight-soft_100_c6c2c8_1x100.png HTTP/1.1" 404 1117
200.112.233.47 - - [20/Mar/2018:17:23:32 -0300] "GET /cormun/static/Shared/jqueryui/images/ui-bg_flat_55_fafafa_40x100.png HTTP/1.1" 404 1097
200.112.233.47 - - [20/Mar/2018:17:23:32 -0300] "GET /cormun/static/Shared/jqueryui/images/ui-icons_82798d_256x240.png HTTP/1.1" 404 1089
200.112.233.47 - - [20/Mar/2018:17:23:32 -0300] "GET /cormun/static/Shared/jqueryui/images/ui-icons_8d78a5_256x240.png HTTP/1.1" 404 1089
192.168.10.62 - - [20/Mar/2018:17:23:32 -0300] "GET /cormun/servlet/vesolicitudgral?2018,10698,, HTTP/1.1" 200 9038
200.112.233.47 - - [20/Mar/2018:17:23:32 -0300] "POST /cormun/servlet/trautorizarsolicitud?802e801dae1731df0449216f80b5ef67,,gx-no-cache=1521577360866 HTTP/1.1" 200 11716
200.112.233.47 - - [20/Mar/2018:17:23:33 -0300] "POST /cormun/servlet/trautorizarsolicitud?802e801dae1731df0449216f80b5ef67,,gx-no-cache=1521577361658 HTTP/1.1" 200 11363
200.112.233.47 - - [20/Mar/2018:17:23:34 -0300] "POST /cormun/servlet/trautorizarsolicitud?802e801dae1731df0449216f80b5ef67,,gx-no-cache=1521577362470 HTTP/1.1" 200 11308
192.168.10.62 - - [20/Mar/2018:17:23:34 -0300] "GET /cormun/servlet/vesolicitudgral?2018,10698,,SolicitudOTAdjuntos HTTP/1.1" 200 7729
192.168.10.62 - - [20/Mar/2018:17:23:34 -0300] "GET /cormun/pexe_scrolldiv.js HTTP/1.1" 404 1009
192.168.10.62 - - [20/Mar/2018:17:23:34 -0300] "GET /cormun/pexe_scrolldiv.js HTTP/1.1" 404 1009
192.168.10.62 - - [20/Mar/2018:17:23:34 -0300] "GET /cormun/servlet/vesolicitudgral?2018,10698,,SolicitudOTAdjuntos HTTP/1.1" 200 7729
200.112.233.47 - - [20/Mar/2018:17:23:34 -0300] "POST /cormun/servlet/trautorizarsolicitud?802e801dae1731df0449216f80b5ef67,,gx-no-cache=1521577362998 HTTP/1.1" 200 10971
200.112.233.47 - - [20/Mar/2018:17:23:35 -0300] "POST /cormun/servlet/trautorizarsolicitud?802e801dae1731df0449216f80b5ef67,,gx-no-cache=1521577363512 HTTP/1.1" 200 10915
192.168.10.62 - - [20/Mar/2018:17:23:35 -0300] "POST /cormun/servlet/acontrolpreferencessavestate?None,FGONZALEZ,true HTTP/1.1" 200 35
200.112.233.47 - - [20/Mar/2018:17:23:36 -0300] "POST /cormun/servlet/trautorizarsolicitud?802e801dae1731df0449216f80b5ef67,,gx-no-cache=1521577364100 HTTP/1.1" 200 10675
200.112.233.47 - - [20/Mar/2018:17:23:36 -0300] "POST /cormun/servlet/trautorizarsolicitud?802e801dae1731df0449216f80b5ef67,,gx-no-cache=1521577364906 HTTP/1.1" 200 10618
200.30.252.129 - - [20/Mar/2018:17:23:36 -0300] "GET /cormun/servlet/solicitudotadjuntos?INS,2018,10721,,1, HTTP/1.1" 200 6260
192.168.10.62 - - [20/Mar/2018:17:23:36 -0300] "POST /cormun/servlet/vesolicitudgral?81a0ee1471d23dff490c7e8eaba54c9a,2018,10698,,SolicitudOTAdjuntos,gx-no-cache=1521577250671 HTTP/1.1" 200 90
192.168.10.62 - - [20/Mar/2018:17:23:36 -0300] "GET /cormun/servlet/hpexe_link HTTP/1.1" 200 973
200.30.252.129 - - [20/Mar/2018:17:23:37 -0300] "GET /cormun/static/about:blank HTTP/1.1" 404 1011
200.30.252.129 - - [20/Mar/2018:17:23:37 -0300] "GET /cormun/servlet/solicitudotadjuntos?INS,2018,10721,,1, HTTP/1.1" 200 6252
192.168.10.62 - - [20/Mar/2018:17:23:37 -0300] "GET /cormun/servlet/trsolicitudgral HTTP/1.1" 200 27038
200.30.252.129 - - [20/Mar/2018:17:23:37 -0300] "GET /cormun/servlet/solicitudotadjuntos?5b7f2c5a9205f5a3ef7e9ae0e49097c468de35c2db7c5eae6dbcaf3a7cebd20b10ce36bbce7fe0388e32885e5229ec55,gx-no-cache=1521577365951 HTTP/1.1" 200 30
200.30.252.129 - - [20/Mar/2018:17:23:38 -0300] "POST /cormun/servlet/solicitudotadjuntos?609aa333fdc8106e9de930a02f1cf6c3,INS,2018,10721,,1,,gx-no-cache=1521577366007 HTTP/1.1" 200 3984
192.168.10.62 - - [20/Mar/2018:17:23:38 -0300] "GET /cormun/servlet/trsolicitudgral HTTP/1.1" 200 27036
200.112.233.47 - - [20/Mar/2018:17:23:40 -0300] "POST /cormun/servlet/trautorizarsolicitud?802e801dae1731df0449216f80b5ef67,,gx-no-cache=1521577369124 HTTP/1.1" 200 10008
200.112.233.47 - - [20/Mar/2018:17:23:41 -0300] "POST /cormun/servlet/trautorizarsolicitud?802e801dae1731df0449216f80b5ef67,,gx-no-cache=1521577369682 HTTP/1.1" 200 9952
200.30.252.129 - - [20/Mar/2018:17:23:41 -0300] "POST /cormun/servlet/solicitudotadjuntos?gx-no-cache=1521577369748 HTTP/1.1" 200 26
200.112.233.47 - - [20/Mar/2018:17:23:42 -0300] "POST /cormun/servlet/trautorizarsolicitud?802e801dae1731df0449216f80b5ef67,,gx-no-cache=1521577370404 HTTP/1.1" 200 9585
200.112.233.47 - - [20/Mar/2018:17:23:42 -0300] "POST /cormun/servlet/trautorizarsolicitud?802e801dae1731df0449216f80b5ef67,,gx-no-cache=1521577370996 HTTP/1.1" 200 9532
200.112.233.47 - - [20/Mar/2018:17:23:43 -0300] "POST /cormun/servlet/trautorizarsolicitud?802e801dae1731df0449216f80b5ef67,,gx-no-cache=1521577371608 HTTP/1.1" 200 9319
200.112.233.47 - - [20/Mar/2018:17:23:44 -0300] "POST /cormun/servlet/trautorizarsolicitud?802e801dae1731df0449216f80b5ef67,,gx-no-cache=1521577372488 HTTP/1.1" 200 9264
200.112.233.47 - - [20/Mar/2018:17:23:47 -0300] "POST /cormun/servlet/trautorizarsolicitud?802e801dae1731df0449216f80b5ef67,,gx-no-cache=1521577375764 HTTP/1.1" 200 8846
200.112.233.47 - - [20/Mar/2018:17:23:48 -0300] "POST /cormun/servlet/trautorizarsolicitud?802e801dae1731df0449216f80b5ef67,,gx-no-cache=1521577376302 HTTP/1.1" 200 8773
200.112.233.47 - - [20/Mar/2018:17:23:49 -0300] "POST /cormun/servlet/trautorizarsolicitud?802e801dae1731df0449216f80b5ef67,,gx-no-cache=1521577377032 HTTP/1.1" 200 8553
200.112.233.47 - - [20/Mar/2018:17:23:49 -0300] "POST /cormun/servlet/trautorizarsolicitud?802e801dae1731df0449216f80b5ef67,,gx-no-cache=1521577377898 HTTP/1.1" 200 8497
200.112.233.47 - - [20/Mar/2018:17:23:50 -0300] "POST /cormun/servlet/trautorizarsolicitud?802e801dae1731df0449216f80b5ef67,,gx-no-cache=1521577378672 HTTP/1.1" 200 8172
200.112.233.47 - - [20/Mar/2018:17:23:51 -0300] "POST /cormun/servlet/trautorizarsolicitud?802e801dae1731df0449216f80b5ef67,,gx-no-cache=1521577379244 HTTP/1.1" 200 8116
200.30.252.129 - - [20/Mar/2018:17:23:53 -0300] "GET /cormun/servlet/solicitudotadjuntos?5b7f2c5a9205f5a3ef7e9ae0e49097c4ca8179eee283c2107af2467fd2fadbbe,gx-no-cache=1521577381304 HTTP/1.1" 200 30
200.30.252.129 - - [20/Mar/2018:17:23:53 -0300] "GET /cormun/servlet/solicitudotadjuntos?5b7f2c5a9205f5a3ef7e9ae0e49097c4ca8179eee283c2107af2467fd2fadbbe,gx-no-cache=1521577381362 HTTP/1.1" 200 30
200.30.252.129 - - [20/Mar/2018:17:23:54 -0300] "POST /cormun/servlet/solicitudotadjuntos?609aa333fdc8106e9de930a02f1cf6c3,INS,2018,10721,,1, HTTP/1.1" 200 116
200.30.252.129 - - [20/Mar/2018:17:23:54 -0300] "GET /cormun/servlet/hpexe_return? HTTP/1.1" 200 1027
200.30.252.129 - - [20/Mar/2018:17:23:55 -0300] "GET /cormun/servlet/trsolicitudadjuntos?2018,10721, HTTP/1.1" 200 8767
200.30.252.129 - - [20/Mar/2018:17:23:55 -0300] "GET /cormun/servlet/trsolicitudadjuntos?2018,10721, HTTP/1.1" 200 8760
200.112.233.47 - - [20/Mar/2018:17:23:55 -0300] "POST /cormun/servlet/trautorizarsolicitud?802e801dae1731df0449216f80b5ef67,,gx-no-cache=1521577383842 HTTP/1.1" 200 7776
200.112.233.47 - - [20/Mar/2018:17:23:56 -0300] "POST /cormun/servlet/trautorizarsolicitud?802e801dae1731df0449216f80b5ef67,,gx-no-cache=1521577384680 HTTP/1.1" 200 7721
200.112.233.47 - - [20/Mar/2018:17:23:57 -0300] "POST /cormun/servlet/trautorizarsolicitud?802e801dae1731df0449216f80b5ef67,,gx-no-cache=1521577385820 HTTP/1.1" 200 7415
200.30.252.129 - - [20/Mar/2018:17:23:58 -0300] "GET /cormun/servlet/solicitudotadjuntos?INS,2018,10721,,1, HTTP/1.1" 200 6257
200.112.233.47 - - [20/Mar/2018:17:23:58 -0300] "POST /cormun/servlet/trautorizarsolicitud?802e801dae1731df0449216f80b5ef67,,gx-no-cache=1521577386590 HTTP/1.1" 200 7359
200.30.252.129 - - [20/Mar/2018:17:23:58 -0300] "GET /cormun/static/about:blank HTTP/1.1" 404 1011
200.30.252.129 - - [20/Mar/2018:17:23:58 -0300] "GET /cormun/servlet/solicitudotadjuntos?INS,2018,10721,,1, HTTP/1.1" 200 6250
200.30.252.129 - - [20/Mar/2018:17:23:59 -0300] "GET /cormun/servlet/solicitudotadjuntos?5b7f2c5a9205f5a3ef7e9ae0e49097c468de35c2db7c5eae6dbcaf3a7cebd20b10ce36bbce7fe0388e32885e5229ec55,gx-no-cache=1521577387332 HTTP/1.1" 200 30
200.30.252.129 - - [20/Mar/2018:17:23:59 -0300] "POST /cormun/servlet/solicitudotadjuntos?609aa333fdc8106e9de930a02f1cf6c3,INS,2018,10721,,1,,gx-no-cache=1521577387380 HTTP/1.1" 200 3982
200.30.252.129 - - [20/Mar/2018:17:24:02 -0300] "POST /cormun/servlet/solicitudotadjuntos?gx-no-cache=1521577390966 HTTP/1.1" 200 26
200.112.233.47 - - [20/Mar/2018:17:24:06 -0300] "POST /cormun/servlet/trautorizarsolicitud?802e801dae1731df0449216f80b5ef67,,gx-no-cache=1521577394886 HTTP/1.1" 200 7052
200.112.233.47 - - [20/Mar/2018:17:24:07 -0300] "POST /cormun/servlet/trautorizarsolicitud?802e801dae1731df0449216f80b5ef67,,gx-no-cache=1521577395900 HTTP/1.1" 200 6996
200.112.233.47 - - [20/Mar/2018:17:24:08 -0300] "POST /cormun/servlet/trautorizarsolicitud?802e801dae1731df0449216f80b5ef67,,gx-no-cache=1521577396404 HTTP/1.1" 200 6694
186.103.159.204 - - [20/Mar/2018:17:24:08 -0300] "POST /cormun/servlet/trsolicitudot?bf99e9ad0cb9c0b40b2e6453af314b98,gx-no-cache=1521577394987 HTTP/1.1" 440 972
200.112.233.47 - - [20/Mar/2018:17:24:08 -0300] "POST /cormun/servlet/trautorizarsolicitud?802e801dae1731df0449216f80b5ef67,,gx-no-cache=1521577396796 HTTP/1.1" 200 6640
200.112.233.47 - - [20/Mar/2018:17:24:09 -0300] "POST /cormun/servlet/trautorizarsolicitud?802e801dae1731df0449216f80b5ef67,,gx-no-cache=1521577397610 HTTP/1.1" 200 6258
200.112.233.47 - - [20/Mar/2018:17:24:09 -0300] "POST /cormun/servlet/trautorizarsolicitud?802e801dae1731df0449216f80b5ef67,,gx-no-cache=1521577397944 HTTP/1.1" 200 6203
200.112.233.47 - - [20/Mar/2018:17:24:10 -0300] "POST /cormun/servlet/trautorizarsolicitud?802e801dae1731df0449216f80b5ef67,,gx-no-cache=1521577398858 HTTP/1.1" 200 5797
200.112.233.47 - - [20/Mar/2018:17:24:10 -0300] "POST /cormun/servlet/trautorizarsolicitud?802e801dae1731df0449216f80b5ef67,,gx-no-cache=1521577399162 HTTP/1.1" 200 5741
200.112.233.47 - - [20/Mar/2018:17:24:11 -0300] "POST /cormun/servlet/trautorizarsolicitud?802e801dae1731df0449216f80b5ef67,,gx-no-cache=1521577400056 HTTP/1.1" 200 4614
200.30.252.129 - - [20/Mar/2018:17:24:12 -0300] "POST /cormun/servlet/solicitudotadjuntos?gx-no-cache=1521577400128 HTTP/1.1" 200 26
200.112.233.47 - - [20/Mar/2018:17:24:12 -0300] "POST /cormun/servlet/trautorizarsolicitud?802e801dae1731df0449216f80b5ef67,,gx-no-cache=1521577400410 HTTP/1.1" 200 4381
200.112.233.47 - - [20/Mar/2018:17:24:32 -0300] "GET /cormun/servlet/trsolicitudot? HTTP/1.1" 200 7417
200.112.233.47 - - [20/Mar/2018:17:24:33 -0300] "GET /cormun/servlet/trsolicitudot? HTTP/1.1" 200 7416
200.112.233.47 - - [20/Mar/2018:17:24:39 -0300] "GET /cormun/servlet/solicitudot?INS,0,0, HTTP/1.1" 200 13657
200.112.233.47 - - [20/Mar/2018:17:24:39 -0300] "GET /cormun/servlet/solicitudot?INS,0,0, HTTP/1.1" 200 13662
200.112.233.47 - - [20/Mar/2018:17:24:41 -0300] "POST /cormun/servlet/solicitudot?gx-no-cache=1521577429336 HTTP/1.1" 200 3341
200.112.233.47 - - [20/Mar/2018:17:24:41 -0300] "GET /cormun/static/Shared/jqueryui/images/ui-bg_highlight-soft_100_c6c2c8_1x100.png HTTP/1.1" 404 1117
200.112.233.47 - - [20/Mar/2018:17:24:41 -0300] "GET /cormun/static/Shared/jqueryui/images/ui-icons_82798d_256x240.png HTTP/1.1" 404 1089
200.112.233.47 - - [20/Mar/2018:17:24:41 -0300] "GET /cormun/static/Shared/jqueryui/images/ui-bg_flat_55_994d53_40x100.png HTTP/1.1" 404 1097
200.112.233.47 - - [20/Mar/2018:17:24:41 -0300] "GET /cormun/static/Shared/jqueryui/images/ui-icons_ebccce_256x240.png HTTP/1.1" 404 1089
200.112.233.47 - - [20/Mar/2018:17:24:41 -0300] "GET /cormun/servlet/solicitudot?860ac81df7275fc72fce6795bf0ee8c82f0e77afd297d511a23d680e2da5125e,gx-no-cache=1521577429848 HTTP/1.1" 200 111
200.112.233.47 - - [20/Mar/2018:17:24:43 -0300] "GET /cormun/servlet/prfichaempleado?,MD,,gxPopupLevel%3D0%3B HTTP/1.1" 200 9362
200.30.252.129 - - [20/Mar/2018:17:24:47 -0300] "GET /cormun/servlet/solicitudotadjuntos?5b7f2c5a9205f5a3ef7e9ae0e49097c4ca8179eee283c2107af2467fd2fadbbe,gx-no-cache=1521577435124 HTTP/1.1" 200 30
200.30.252.129 - - [20/Mar/2018:17:24:47 -0300] "GET /cormun/servlet/solicitudotadjuntos?5b7f2c5a9205f5a3ef7e9ae0e49097c4ca8179eee283c2107af2467fd2fadbbe,gx-no-cache=1521577435198 HTTP/1.1" 200 30
200.30.252.129 - - [20/Mar/2018:17:24:47 -0300] "POST /cormun/servlet/solicitudotadjuntos?609aa333fdc8106e9de930a02f1cf6c3,INS,2018,10721,,1, HTTP/1.1" 200 116
200.30.252.129 - - [20/Mar/2018:17:24:47 -0300] "GET /cormun/servlet/hpexe_return? HTTP/1.1" 200 1027
200.30.252.129 - - [20/Mar/2018:17:24:48 -0300] "GET /cormun/servlet/trsolicitudadjuntos?2018,10721, HTTP/1.1" 200 9002
200.30.252.129 - - [20/Mar/2018:17:24:49 -0300] "GET /cormun/servlet/trsolicitudadjuntos?2018,10721, HTTP/1.1" 200 9000
200.30.252.129 - - [20/Mar/2018:17:24:51 -0300] "GET /cormun/servlet/solicitudotadjuntos?INS,2018,10721,,1, HTTP/1.1" 200 6259
200.30.252.129 - - [20/Mar/2018:17:24:51 -0300] "GET /cormun/static/about:blank HTTP/1.1" 404 1011
200.30.252.129 - - [20/Mar/2018:17:24:52 -0300] "GET /cormun/servlet/solicitudotadjuntos?INS,2018,10721,,1, HTTP/1.1" 200 6252
200.30.252.129 - - [20/Mar/2018:17:24:52 -0300] "GET /cormun/servlet/solicitudotadjuntos?5b7f2c5a9205f5a3ef7e9ae0e49097c468de35c2db7c5eae6dbcaf3a7cebd20b10ce36bbce7fe0388e32885e5229ec55,gx-no-cache=1521577440645 HTTP/1.1" 200 30
200.30.252.129 - - [20/Mar/2018:17:24:52 -0300] "POST /cormun/servlet/solicitudotadjuntos?609aa333fdc8106e9de930a02f1cf6c3,INS,2018,10721,,1,,gx-no-cache=1521577440732 HTTP/1.1" 200 3984
200.30.252.129 - - [20/Mar/2018:17:24:56 -0300] "POST /cormun/servlet/solicitudotadjuntos?gx-no-cache=1521577444563 HTTP/1.1" 200 26
200.112.233.47 - - [20/Mar/2018:17:25:00 -0300] "POST /cormun/servlet/prfichaempleado?802e801dae1731df0449216f80b5ef67,,MD,,gxPopupLevel%3D0%3B,gx-no-cache=1521577448756 HTTP/1.1" 200 3190
200.30.252.129 - - [20/Mar/2018:17:25:05 -0300] "GET /cormun/servlet/solicitudotadjuntos?5b7f2c5a9205f5a3ef7e9ae0e49097c4ca8179eee283c2107af2467fd2fadbbe,gx-no-cache=1521577453500 HTTP/1.1" 200 30
200.30.252.129 - - [20/Mar/2018:17:25:05 -0300] "GET /cormun/servlet/solicitudotadjuntos?5b7f2c5a9205f5a3ef7e9ae0e49097c4ca8179eee283c2107af2467fd2fadbbe,gx-no-cache=1521577453571 HTTP/1.1" 200 30
200.112.233.47 - - [20/Mar/2018:17:25:06 -0300] "POST /cormun/servlet/prfichaempleado?802e801dae1731df0449216f80b5ef67,,MD,,gxPopupLevel%3D0%3B,gx-no-cache=1521577454752 HTTP/1.1" 200 3190
200.30.252.129 - - [20/Mar/2018:17:25:06 -0300] "POST /cormun/servlet/solicitudotadjuntos?609aa333fdc8106e9de930a02f1cf6c3,INS,2018,10721,,1, HTTP/1.1" 200 116
200.30.252.129 - - [20/Mar/2018:17:25:06 -0300] "GET /cormun/servlet/hpexe_return? HTTP/1.1" 200 1027
200.30.252.129 - - [20/Mar/2018:17:25:07 -0300] "GET /cormun/servlet/trsolicitudadjuntos?2018,10721, HTTP/1.1" 200 9177
200.30.252.129 - - [20/Mar/2018:17:25:07 -0300] "GET /cormun/servlet/trsolicitudadjuntos?2018,10721, HTTP/1.1" 200 9176
200.30.252.129 - - [20/Mar/2018:17:25:10 -0300] "GET /cormun/servlet/solicitudotadjuntos?INS,2018,10721,,1, HTTP/1.1" 200 6259
200.30.252.129 - - [20/Mar/2018:17:25:11 -0300] "GET /cormun/static/about:blank HTTP/1.1" 404 1011
200.30.252.129 - - [20/Mar/2018:17:25:11 -0300] "GET /cormun/servlet/solicitudotadjuntos?INS,2018,10721,,1, HTTP/1.1" 200 6252
200.30.252.129 - - [20/Mar/2018:17:25:11 -0300] "GET /cormun/servlet/solicitudotadjuntos?5b7f2c5a9205f5a3ef7e9ae0e49097c468de35c2db7c5eae6dbcaf3a7cebd20b10ce36bbce7fe0388e32885e5229ec55,gx-no-cache=1521577459965 HTTP/1.1" 200 30
200.30.252.129 - - [20/Mar/2018:17:25:12 -0300] "POST /cormun/servlet/solicitudotadjuntos?609aa333fdc8106e9de930a02f1cf6c3,INS,2018,10721,,1,,gx-no-cache=1521577460018 HTTP/1.1" 200 3984
200.30.252.129 - - [20/Mar/2018:17:25:16 -0300] "POST /cormun/servlet/solicitudotadjuntos?gx-no-cache=1521577464537 HTTP/1.1" 200 26
200.30.252.129 - - [20/Mar/2018:17:25:21 -0300] "GET /cormun/servlet/solicitudotadjuntos?5b7f2c5a9205f5a3ef7e9ae0e49097c4ca8179eee283c2107af2467fd2fadbbe,gx-no-cache=1521577469881 HTTP/1.1" 200 30
200.30.252.129 - - [20/Mar/2018:17:25:21 -0300] "GET /cormun/servlet/solicitudotadjuntos?5b7f2c5a9205f5a3ef7e9ae0e49097c4ca8179eee283c2107af2467fd2fadbbe,gx-no-cache=1521577469915 HTTP/1.1" 200 30
200.30.252.129 - - [20/Mar/2018:17:25:22 -0300] "POST /cormun/servlet/solicitudotadjuntos?609aa333fdc8106e9de930a02f1cf6c3,INS,2018,10721,,1, HTTP/1.1" 200 116
200.30.252.129 - - [20/Mar/2018:17:25:22 -0300] "GET /cormun/servlet/hpexe_return? HTTP/1.1" 200 1027
200.30.252.129 - - [20/Mar/2018:17:25:23 -0300] "GET /cormun/servlet/trsolicitudadjuntos?2018,10721, HTTP/1.1" 200 9405
200.30.252.129 - - [20/Mar/2018:17:25:24 -0300] "GET /cormun/servlet/trsolicitudadjuntos?2018,10721, HTTP/1.1" 200 9404
200.30.252.129 - - [20/Mar/2018:17:26:00 -0300] "GET /cormun/servlet/solicitudotadjuntos?INS,2018,10721,,1, HTTP/1.1" 200 6259
200.30.252.129 - - [20/Mar/2018:17:26:00 -0300] "GET /cormun/static/about:blank HTTP/1.1" 404 1011
200.30.252.129 - - [20/Mar/2018:17:26:00 -0300] "GET /cormun/servlet/solicitudotadjuntos?INS,2018,10721,,1, HTTP/1.1" 200 6252
200.30.252.129 - - [20/Mar/2018:17:26:01 -0300] "GET /cormun/servlet/solicitudotadjuntos?5b7f2c5a9205f5a3ef7e9ae0e49097c468de35c2db7c5eae6dbcaf3a7cebd20b10ce36bbce7fe0388e32885e5229ec55,gx-no-cache=1521577509430 HTTP/1.1" 200 30
200.30.252.129 - - [20/Mar/2018:17:26:01 -0300] "POST /cormun/servlet/solicitudotadjuntos?609aa333fdc8106e9de930a02f1cf6c3,INS,2018,10721,,1,,gx-no-cache=1521577509500 HTTP/1.1" 200 3984
200.30.252.129 - - [20/Mar/2018:17:26:05 -0300] "POST /cormun/servlet/solicitudotadjuntos?gx-no-cache=1521577513448 HTTP/1.1" 200 26
200.30.252.129 - - [20/Mar/2018:17:26:12 -0300] "GET /cormun/servlet/solicitudotadjuntos?5b7f2c5a9205f5a3ef7e9ae0e49097c4ca8179eee283c2107af2467fd2fadbbe,gx-no-cache=1521577520470 HTTP/1.1" 200 30
200.30.252.129 - - [20/Mar/2018:17:26:12 -0300] "GET /cormun/servlet/solicitudotadjuntos?5b7f2c5a9205f5a3ef7e9ae0e49097c4ca8179eee283c2107af2467fd2fadbbe,gx-no-cache=1521577520540 HTTP/1.1" 200 30
200.30.252.129 - - [20/Mar/2018:17:26:13 -0300] "POST /cormun/servlet/solicitudotadjuntos?609aa333fdc8106e9de930a02f1cf6c3,INS,2018,10721,,1, HTTP/1.1" 200 116
200.30.252.129 - - [20/Mar/2018:17:26:13 -0300] "GET /cormun/servlet/hpexe_return? HTTP/1.1" 200 1027
200.30.252.129 - - [20/Mar/2018:17:26:14 -0300] "GET /cormun/servlet/trsolicitudadjuntos?2018,10721, HTTP/1.1" 200 9623
200.30.252.129 - - [20/Mar/2018:17:26:15 -0300] "GET /cormun/servlet/trsolicitudadjuntos?2018,10721, HTTP/1.1" 200 9621
200.30.252.129 - - [20/Mar/2018:17:26:46 -0300] "GET /cormun/servlet/solicitudotadjuntos?INS,2018,10721,,1, HTTP/1.1" 200 6259
200.30.252.129 - - [20/Mar/2018:17:26:47 -0300] "GET /cormun/static/about:blank HTTP/1.1" 404 1011
200.30.252.129 - - [20/Mar/2018:17:26:47 -0300] "GET /cormun/servlet/solicitudotadjuntos?INS,2018,10721,,1, HTTP/1.1" 200 6252
200.30.252.129 - - [20/Mar/2018:17:26:48 -0300] "GET /cormun/servlet/solicitudotadjuntos?5b7f2c5a9205f5a3ef7e9ae0e49097c468de35c2db7c5eae6dbcaf3a7cebd20b10ce36bbce7fe0388e32885e5229ec55,gx-no-cache=1521577556000 HTTP/1.1" 200 30
200.30.252.129 - - [20/Mar/2018:17:26:48 -0300] "POST /cormun/servlet/solicitudotadjuntos?609aa333fdc8106e9de930a02f1cf6c3,INS,2018,10721,,1,,gx-no-cache=1521577556079 HTTP/1.1" 200 3984
200.30.252.129 - - [20/Mar/2018:17:26:55 -0300] "POST /cormun/servlet/solicitudotadjuntos?609aa333fdc8106e9de930a02f1cf6c3,INS,2018,10721,,1,,gx-no-cache=1521577563407 HTTP/1.1" 200 93
200.30.252.129 - - [20/Mar/2018:17:26:55 -0300] "GET /cormun/servlet/hpexe_return? HTTP/1.1" 200 1027
200.30.252.129 - - [20/Mar/2018:17:26:55 -0300] "GET /cormun/servlet/trsolicitudadjuntos?2018,10721, HTTP/1.1" 200 9621
200.30.252.129 - - [20/Mar/2018:17:26:56 -0300] "GET /cormun/servlet/trsolicitudadjuntos?2018,10721, HTTP/1.1" 200 9619
200.30.252.129 - - [20/Mar/2018:17:27:00 -0300] "GET /cormun/servlet/trautorizarsolicitud? HTTP/1.1" 200 7336
200.30.252.129 - - [20/Mar/2018:17:27:01 -0300] "GET /cormun/servlet/trautorizarsolicitud? HTTP/1.1" 200 7321
200.30.252.129 - - [20/Mar/2018:17:27:04 -0300] "POST /cormun/servlet/trautorizarsolicitud?609aa333fdc8106e9de930a02f1cf6c3,,gx-no-cache=1521577572762 HTTP/1.1" 200 4405
200.30.252.129 - - [20/Mar/2018:17:27:12 -0300] "POST /cormun/servlet/trautorizarsolicitud?609aa333fdc8106e9de930a02f1cf6c3,,gx-no-cache=1521577580149 HTTP/1.1" 200 5725
200.30.252.129 - - [20/Mar/2018:17:27:21 -0300] "POST /cormun/servlet/trautorizarsolicitud?609aa333fdc8106e9de930a02f1cf6c3,,gx-no-cache=1521577589485 HTTP/1.1" 200 5738
200.30.252.129 - - [20/Mar/2018:17:27:21 -0300] "GET /cormun/static/Shared/jqueryui/images/ui-bg_highlight-soft_100_c6c2c8_1x100.png HTTP/1.1" 404 1117
200.30.252.129 - - [20/Mar/2018:17:27:21 -0300] "GET /cormun/static/Shared/jqueryui/images/ui-bg_flat_55_fafafa_40x100.png HTTP/1.1" 404 1097
200.30.252.129 - - [20/Mar/2018:17:27:21 -0300] "GET /cormun/static/Shared/jqueryui/images/ui-icons_8d78a5_256x240.png HTTP/1.1" 404 1089
200.30.252.129 - - [20/Mar/2018:17:27:21 -0300] "GET /cormun/static/Shared/jqueryui/images/ui-icons_82798d_256x240.png HTTP/1.1" 404 1089
200.112.233.47 - - [20/Mar/2018:17:27:25 -0300] "GET /cormun/servlet/trvisualizadoreventos? HTTP/1.1" 200 6972
200.112.233.47 - - [20/Mar/2018:17:27:25 -0300] "GET /cormun/static/calendar-system.css?75620 HTTP/1.1" 200 5572
200.112.233.47 - - [20/Mar/2018:17:27:25 -0300] "GET /cormun/static/gxcfg.js?20175251251426 HTTP/1.1" 200 953
200.112.233.47 - - [20/Mar/2018:17:27:25 -0300] "GET /cormun/static/trvisualizadoreventos.js?20175251251768 HTTP/1.1" 200 19318
200.112.233.47 - - [20/Mar/2018:17:27:25 -0300] "GET /cormun/static/Resources/PXToolsActionPrint.png HTTP/1.1" 200 3317
200.112.233.47 - - [20/Mar/2018:17:27:26 -0300] "GET /cormun/servlet/trvisualizadoreventos? HTTP/1.1" 200 6966
200.30.252.129 - - [20/Mar/2018:17:27:29 -0300] "POST /cormun/servlet/trautorizarsolicitud?609aa333fdc8106e9de930a02f1cf6c3,,gx-no-cache=1521577597088 HTTP/1.1" 200 5737
200.112.233.47 - - [20/Mar/2018:17:27:33 -0300] "POST /cormun/servlet/trvisualizadoreventos?802e801dae1731df0449216f80b5ef67,,gx-no-cache=1521577601080 HTTP/1.1" 200 5473
200.112.233.47 - - [20/Mar/2018:17:27:43 -0300] "POST /cormun/servlet/trvisualizadoreventos?802e801dae1731df0449216f80b5ef67,,gx-no-cache=1521577611626 HTTP/1.1" 200 5543
186.103.161.206 - - [20/Mar/2018:17:27:49 -0300] "POST /cormun/servlet/solicitudot?5a1be8876e4593abcb268eaeacd5e6d1,INS,0,0,,gx-no-cache=1521577607179 HTTP/1.1" 200 93
186.103.161.206 - - [20/Mar/2018:17:27:49 -0300] "GET /cormun/servlet/hpexe_return? HTTP/1.1" 200 1004
186.103.161.206 - - [20/Mar/2018:17:27:49 -0300] "GET /cormun/servlet/trsolicitudot HTTP/1.1" 200 8800
186.103.161.206 - - [20/Mar/2018:17:27:51 -0300] "GET /cormun/servlet/trsolicitudot HTTP/1.1" 200 8796
200.112.233.47 - - [20/Mar/2018:17:27:53 -0300] "POST /cormun/servlet/trvisualizadoreventos?802e801dae1731df0449216f80b5ef67,,gx-no-cache=1521577621558 HTTP/1.1" 200 4156
200.112.233.47 - - [20/Mar/2018:17:27:55 -0300] "GET /cormun/servlet/trfichaempleado? HTTP/1.1" 200 11717
200.112.233.47 - - [20/Mar/2018:17:27:59 -0300] "POST /cormun/servlet/trvisualizadoreventos?802e801dae1731df0449216f80b5ef67,,gx-no-cache=1521577628264 HTTP/1.1" 200 4158
200.112.233.47 - - [20/Mar/2018:17:28:09 -0300] "POST /cormun/servlet/trvisualizadoreventos?802e801dae1731df0449216f80b5ef67,,gx-no-cache=1521577637886 HTTP/1.1" 200 4157
186.103.161.206 - - [20/Mar/2018:17:28:15 -0300] "POST /cormun/servlet/trsolicitudot?5a1be8876e4593abcb268eaeacd5e6d1,gx-no-cache=1521577644473 HTTP/1.1" 200 4680
186.103.161.206 - - [20/Mar/2018:17:28:15 -0300] "GET /cormun/static/Shared/jqueryui/images/ui-bg_highlight-soft_100_c6c2c8_1x100.png HTTP/1.1" 404 1117
200.111.122.170 - - [20/Mar/2018:17:28:15 -0300] "GET /cormun/static/Shared/jqueryui/images/ui-icons_82798d_256x240.png HTTP/1.1" 404 1089
186.103.161.206 - - [20/Mar/2018:17:28:15 -0300] "GET /cormun/static/Shared/jqueryui/images/ui-bg_flat_55_fafafa_40x100.png HTTP/1.1" 404 1097
186.67.203.186 - - [20/Mar/2018:17:28:15 -0300] "GET /cormun/static/Shared/jqueryui/images/ui-icons_8d78a5_256x240.png HTTP/1.1" 404 1089
200.112.233.47 - - [20/Mar/2018:17:28:15 -0300] "POST /cormun/servlet/trvisualizadoreventos?802e801dae1731df0449216f80b5ef67,,gx-no-cache=1521577643874 HTTP/1.1" 200 4156
186.67.203.186 - - [20/Mar/2018:17:28:15 -0300] "POST /cormun/servlet/trsolicitudot?5a1be8876e4593abcb268eaeacd5e6d1,gx-no-cache=1521577644955 HTTP/1.1" 200 4457
200.112.233.47 - - [20/Mar/2018:17:28:18 -0300] "POST /cormun/servlet/trvisualizadoreventos?802e801dae1731df0449216f80b5ef67,,gx-no-cache=1521577646274 HTTP/1.1" 200 4156
186.67.203.186 - - [20/Mar/2018:17:28:21 -0300] "GET /cormun/servlet/trautorizarsolicitud? HTTP/1.1" 200 13849
186.67.203.186 - - [20/Mar/2018:17:28:23 -0300] "GET /cormun/servlet/trautorizarsolicitud? HTTP/1.1" 200 13849
200.112.233.47 - - [20/Mar/2018:17:28:24 -0300] "GET /cormun/servlet/trautorizarsolicitud? HTTP/1.1" 200 7315
200.112.233.47 - - [20/Mar/2018:17:28:24 -0300] "GET /cormun/servlet/trautorizarsolicitud? HTTP/1.1" 200 7315
200.30.252.129 - - [20/Mar/2018:17:28:29 -0300] "POST /cormun/servlet/trautorizarsolicitud?609aa333fdc8106e9de930a02f1cf6c3,,gx-no-cache=1521577656953 HTTP/1.1" 200 5738
186.67.203.186 - - [20/Mar/2018:17:28:32 -0300] "POST /cormun/servlet/trautorizarsolicitud?5a1be8876e4593abcb268eaeacd5e6d1,,gx-no-cache=1521577661748 HTTP/1.1" 200 5785
200.112.233.47 - - [20/Mar/2018:17:28:33 -0300] "POST /cormun/servlet/trfichaempleado?802e801dae1731df0449216f80b5ef67,,gx-no-cache=1521577406170 HTTP/1.1" 200 9233
200.112.233.47 - - [20/Mar/2018:17:28:34 -0300] "POST /cormun/servlet/trautorizarsolicitud?802e801dae1731df0449216f80b5ef67,,gx-no-cache=1521577662478 HTTP/1.1" 200 13728
200.30.252.129 - - [20/Mar/2018:17:28:36 -0300] "POST /cormun/servlet/trautorizarsolicitud?609aa333fdc8106e9de930a02f1cf6c3,,gx-no-cache=1521577664644 HTTP/1.1" 200 5725
186.67.203.186 - - [20/Mar/2018:17:28:48 -0300] "POST /cormun/servlet/trautorizarsolicitud?5a1be8876e4593abcb268eaeacd5e6d1,,gx-no-cache=1521577678163 HTTP/1.1" 200 4613
186.67.203.186 - - [20/Mar/2018:17:28:49 -0300] "GET /cormun/static/Shared/jqueryui/images/ui-bg_highlight-soft_100_c6c2c8_1x100.png HTTP/1.1" 404 1117
186.67.203.186 - - [20/Mar/2018:17:28:49 -0300] "GET /cormun/static/Shared/jqueryui/images/ui-bg_flat_55_fafafa_40x100.png HTTP/1.1" 404 1097
186.67.203.186 - - [20/Mar/2018:17:28:49 -0300] "GET /cormun/static/Shared/jqueryui/images/ui-icons_82798d_256x240.png HTTP/1.1" 404 1089
186.67.203.186 - - [20/Mar/2018:17:28:49 -0300] "GET /cormun/static/Shared/jqueryui/images/ui-icons_8d78a5_256x240.png HTTP/1.1" 404 1089
186.67.203.186 - - [20/Mar/2018:17:28:49 -0300] "POST /cormun/servlet/trautorizarsolicitud?5a1be8876e4593abcb268eaeacd5e6d1,,gx-no-cache=1521577679085 HTTP/1.1" 200 4390
200.30.252.129 - - [20/Mar/2018:17:28:54 -0300] "GET /cormun/servlet/trvisualizadoreventos? HTTP/1.1" 200 6974
200.30.252.129 - - [20/Mar/2018:17:28:55 -0300] "GET /cormun/servlet/trvisualizadoreventos? HTTP/1.1" 200 6974
200.112.233.47 - - [20/Mar/2018:17:28:56 -0300] "GET /cormun/servlet/trsolicitudot? HTTP/1.1" 200 7417
200.112.233.47 - - [20/Mar/2018:17:28:56 -0300] "GET /cormun/servlet/trsolicitudot? HTTP/1.1" 200 7416
186.67.203.186 - - [20/Mar/2018:17:28:59 -0300] "POST /cormun/servlet/trautorizarsolicitud?5a1be8876e4593abcb268eaeacd5e6d1,,gx-no-cache=1521577688697 HTTP/1.1" 200 11430
200.112.233.47 - - [20/Mar/2018:17:29:00 -0300] "GET /cormun/servlet/trautorizarsolicitud? HTTP/1.1" 200 16470
200.112.233.47 - - [20/Mar/2018:17:29:01 -0300] "GET /cormun/servlet/trautorizarsolicitud? HTTP/1.1" 200 16469
186.67.203.186 - - [20/Mar/2018:17:29:03 -0300] "GET /cormun/servlet/veautorizarsolicitud?2018,10722,, HTTP/1.1" 200 8640
186.67.203.186 - - [20/Mar/2018:17:29:04 -0300] "GET /cormun/pexe_scrolldiv.js HTTP/1.1" 404 1009
186.103.159.204 - - [20/Mar/2018:17:29:04 -0300] "GET /cormun/servlet/hlogin HTTP/1.1" 200 1722
186.67.203.186 - - [20/Mar/2018:17:29:04 -0300] "GET /cormun/pexe_scrolldiv.js HTTP/1.1" 404 1009
186.67.203.186 - - [20/Mar/2018:17:29:05 -0300] "GET /cormun/servlet/veautorizarsolicitud?2018,10722,, HTTP/1.1" 200 8640
200.112.233.47 - - [20/Mar/2018:17:29:08 -0300] "POST /cormun/servlet/trautorizarsolicitud?802e801dae1731df0449216f80b5ef67,,gx-no-cache=1521577696870 HTTP/1.1" 200 4416
200.112.233.47 - - [20/Mar/2018:17:29:14 -0300] "POST /cormun/servlet/trautorizarsolicitud?802e801dae1731df0449216f80b5ef67,,gx-no-cache=1521577702114 HTTP/1.1" 200 4416
186.103.159.204 - - [20/Mar/2018:17:29:19 -0300] "POST /cormun/servlet/hlogin?fb28e66f201f74f3de8c57016e43cb8d,gx-no-cache=1521577705630 HTTP/1.1" 200 90
186.103.159.204 - - [20/Mar/2018:17:29:19 -0300] "GET /cormun/servlet/hpexe_link HTTP/1.1" 200 949
186.103.159.204 - - [20/Mar/2018:17:29:19 -0300] "GET /cormun/servlet/hhome HTTP/1.1" 200 3876
186.103.159.204 - - [20/Mar/2018:17:29:19 -0300] "GET /cormun/servlet/hhome HTTP/1.1" 200 3872
200.30.252.129 - - [20/Mar/2018:17:29:27 -0300] "GET /cormun/servlet/trautorizarsolicitud? HTTP/1.1" 200 8658
200.30.252.129 - - [20/Mar/2018:17:29:28 -0300] "GET /cormun/servlet/trautorizarsolicitud? HTTP/1.1" 200 8658
200.30.252.129 - - [20/Mar/2018:17:29:38 -0300] "POST /cormun/servlet/trautorizarsolicitud?609aa333fdc8106e9de930a02f1cf6c3,,gx-no-cache=1521577725904 HTTP/1.1" 200 5735
200.30.252.129 - - [20/Mar/2018:17:29:38 -0300] "GET /cormun/static/Shared/jqueryui/images/ui-bg_highlight-soft_100_c6c2c8_1x100.png HTTP/1.1" 404 1117
200.30.252.129 - - [20/Mar/2018:17:29:38 -0300] "GET /cormun/static/Shared/jqueryui/images/ui-bg_flat_55_fafafa_40x100.png HTTP/1.1" 404 1097
200.30.252.129 - - [20/Mar/2018:17:29:38 -0300] "GET /cormun/static/Shared/jqueryui/images/ui-icons_82798d_256x240.png HTTP/1.1" 404 1089
200.30.252.129 - - [20/Mar/2018:17:29:38 -0300] "GET /cormun/static/Shared/jqueryui/images/ui-icons_8d78a5_256x240.png HTTP/1.1" 404 1089
200.30.252.129 - - [20/Mar/2018:17:29:46 -0300] "POST /cormun/servlet/trautorizarsolicitud?609aa333fdc8106e9de930a02f1cf6c3,,gx-no-cache=1521577734233 HTTP/1.1" 200 5735
200.30.252.129 - - [20/Mar/2018:17:29:46 -0300] "POST /cormun/servlet/trautorizarsolicitud?609aa333fdc8106e9de930a02f1cf6c3,,gx-no-cache=1521577734627 HTTP/1.1" 200 5736
200.30.252.129 - - [20/Mar/2018:17:29:47 -0300] "POST /cormun/servlet/trautorizarsolicitud?609aa333fdc8106e9de930a02f1cf6c3,,gx-no-cache=1521577735096 HTTP/1.1" 200 5735
186.103.159.204 - - [20/Mar/2018:17:29:52 -0300] "GET /cormun/servlet/trsolicitudot? HTTP/1.1" 200 8472
186.103.159.204 - - [20/Mar/2018:17:29:53 -0300] "GET /cormun/servlet/trsolicitudot? HTTP/1.1" 200 8469
200.112.233.47 - - [20/Mar/2018:17:30:25 -0300] "GET /cormun/servlet/trsolicitudot? HTTP/1.1" 200 7417
200.112.233.47 - - [20/Mar/2018:17:30:26 -0300] "GET /cormun/servlet/trsolicitudot? HTTP/1.1" 200 7416
200.112.233.47 - - [20/Mar/2018:17:30:29 -0300] "GET /cormun/servlet/solicitudot?INS,0,0, HTTP/1.1" 200 13658
200.112.233.47 - - [20/Mar/2018:17:30:29 -0300] "GET /cormun/servlet/solicitudot?INS,0,0, HTTP/1.1" 200 13663
200.112.233.47 - - [20/Mar/2018:17:30:32 -0300] "GET /cormun/servlet/prfichaempleado?,MD,,gxPopupLevel%3D0%3B HTTP/1.1" 200 9362
190.151.100.218 - - [20/Mar/2018:17:30:41 -0300] "GET /cormun/servlet/hlogin HTTP/1.1" 200 1749
200.112.233.47 - - [20/Mar/2018:17:30:45 -0300] "POST /cormun/servlet/prfichaempleado?802e801dae1731df0449216f80b5ef67,,MD,,gxPopupLevel%3D0%3B,gx-no-cache=1521577793470 HTTP/1.1" 200 3430
200.112.233.47 - - [20/Mar/2018:17:30:58 -0300] "POST /cormun/servlet/solicitudot?gx-no-cache=1521577806260 HTTP/1.1" 200 3412
200.112.233.47 - - [20/Mar/2018:17:30:58 -0300] "POST /cormun/servlet/solicitudot?802e801dae1731df0449216f80b5ef67,INS,0,0,,gx-no-cache=1521577806926 HTTP/1.1" 200 10573
200.112.233.47 - - [20/Mar/2018:17:31:05 -0300] "GET /cormun/servlet/solicitudot?860ac81df7275fc72fce6795bf0ee8c8817280b35bf884df04e7d979a851300c67db9d25dfc171c4656bfdd36ec5c2a3,gx-no-cache=1521577813656 HTTP/1.1" 200 30
200.112.233.47 - - [20/Mar/2018:17:31:05 -0300] "GET /cormun/servlet/solicitudot?860ac81df7275fc72fce6795bf0ee8c8b104fdf4f29203deb16891075217399d63054f10e2dd261be0653d969e0d10160448b837ecc1b6d04f853e7d2afaf953,gx-no-cache=1521577813992 HTTP/1.1" 200 30
200.112.233.47 - - [20/Mar/2018:17:31:05 -0300] "GET /cormun/servlet/solicitudot?860ac81df7275fc72fce6795bf0ee8c86553c486a384480e58a583aeb878ce41,gx-no-cache=1521577814060 HTTP/1.1" 200 53
200.112.233.47 - - [20/Mar/2018:17:31:05 -0300] "POST /cormun/servlet/solicitudot?gx-no-cache=1521577814130 HTTP/1.1" 200 255
200.112.233.47 - - [20/Mar/2018:17:31:05 -0300] "GET /cormun/servlet/solicitudot?860ac81df7275fc72fce6795bf0ee8c89df2b5ce284fdffad04a49b1cea959dc6e36256a7fab3ea4560ab28733ff9fcbfe19691b9eacf2dde3456f649a9d5171b86b7a8d2b879f007e02ebed81ddcb68a47a67aabf36e8c348b563c388a4b88bb9472d9a180db1a1d113e5d3884fc151c90c2c2ada1a1ededf0bf482fecdd1caabe7163f2f689ce783716378fa9e9ce14eb4e71dac7097466b8b75e70dd3f7912bea183cfd473e7a082fc192dbc83bf2cda79770130f40f060f1803978c1dce4a32c8bae7795c0b6efada479cdb7f26616afbd50c40d68c62a9600804b0465e95a8f1d993e07a9bb0d7a89377f23d2a418c65ec70bc0cf989318984deab5d11145a88b3afc0f4eae93cc4e54e452e6cf5bc43902b838f434d9a251042ebcb267b8bffe6c400f08852bd52a6af6116a2fd1ecacf5c79444baad398707e429600a6b74e56098206541d5325b08d350efc52c88b19ba75d401437c646da59b6ec0f737bcf0bfd451cbf2ff4f1e987b007da53380e08b757b0b1dbc18e5af8aa3f32,gx-no-cache=1521577814206 HTTP/1.1" 200 30
200.112.233.47 - - [20/Mar/2018:17:31:06 -0300] "POST /cormun/servlet/solicitudot?gx-no-cache=1521577814290 HTTP/1.1" 200 30
200.112.233.47 - - [20/Mar/2018:17:31:06 -0300] "POST /cormun/servlet/solicitudot?gx-no-cache=1521577814738 HTTP/1.1" 200 1337
