200.111.191.210 - - [20/Mar/2018:14:39:01 -0300] "GET /cormun/servlet/trautorizarpermisogoce? HTTP/1.1" 200 8676
200.111.191.210 - - [20/Mar/2018:14:39:01 -0300] "GET /cormun/static/gxcfg.js?20177612165975 HTTP/1.1" 200 953
200.111.191.210 - - [20/Mar/2018:14:39:01 -0300] "GET /cormun/static/trautorizarpermisogoce.js?2017761217384 HTTP/1.1" 200 34948
200.111.191.210 - - [20/Mar/2018:14:39:01 -0300] "GET /cormun/servlet/trautorizarpermisogoce? HTTP/1.1" 200 8674
200.111.191.210 - - [20/Mar/2018:14:39:04 -0300] "POST /cormun/servlet/trautorizarpermisogoce?366b11fe7da67c96323bf78e22527904,,gx-no-cache=1521567494810 HTTP/1.1" 200 5677
200.111.191.210 - - [20/Mar/2018:14:39:04 -0300] "GET /cormun/static/Shared/jqueryui/images/ui-bg_highlight-soft_100_c6c2c8_1x100.png HTTP/1.1" 404 1117
200.111.191.210 - - [20/Mar/2018:14:39:04 -0300] "GET /cormun/static/Shared/jqueryui/images/ui-icons_82798d_256x240.png HTTP/1.1" 404 1089
200.111.191.210 - - [20/Mar/2018:14:39:04 -0300] "GET /cormun/static/Shared/jqueryui/images/ui-bg_flat_55_fafafa_40x100.png HTTP/1.1" 404 1097
200.111.191.210 - - [20/Mar/2018:14:39:04 -0300] "GET /cormun/static/Shared/jqueryui/images/ui-icons_8d78a5_256x240.png HTTP/1.1" 404 1089
200.111.191.210 - - [20/Mar/2018:14:39:04 -0300] "POST /cormun/servlet/trautorizarpermisogoce?366b11fe7da67c96323bf78e22527904,,gx-no-cache=1521567495549 HTTP/1.1" 200 5442
200.111.191.210 - - [20/Mar/2018:14:39:05 -0300] "POST /cormun/servlet/trautorizarpermisogoce?366b11fe7da67c96323bf78e22527904,,gx-no-cache=1521567496236 HTTP/1.1" 200 5137
200.111.191.210 - - [20/Mar/2018:14:39:06 -0300] "POST /cormun/servlet/trautorizarpermisogoce?366b11fe7da67c96323bf78e22527904,,gx-no-cache=1521567496853 HTTP/1.1" 200 4377
200.111.191.210 - - [20/Mar/2018:14:39:07 -0300] "GET /cormun/servlet/trlicencias? HTTP/1.1" 200 10098
200.111.191.210 - - [20/Mar/2018:14:39:07 -0300] "GET /cormun/servlet/trlicencias? HTTP/1.1" 200 10097
200.111.191.210 - - [20/Mar/2018:14:39:12 -0300] "GET /cormun/servlet/licenciaspermisos?INS,0,,, HTTP/1.1" 200 7723
200.111.191.210 - - [20/Mar/2018:14:39:12 -0300] "GET /cormun/static/gxcfg.js?201762917281167 HTTP/1.1" 200 953
200.111.191.210 - - [20/Mar/2018:14:39:12 -0300] "GET /cormun/static/licenciaspermisos.js?201762917281260 HTTP/1.1" 200 37491
200.111.191.210 - - [20/Mar/2018:14:39:13 -0300] "GET /cormun/servlet/licenciaspermisos?INS,0,,, HTTP/1.1" 200 7731
200.111.191.210 - - [20/Mar/2018:14:39:17 -0300] "GET /cormun/servlet/licenciaspermisos?ac862233bbd21d8e92a3aaaf6c72e2c06698759638444815b1b3acff80ad8b9f55ff645e9e0cc7ae16abe4c49eef3ccf,gx-no-cache=1521567508833 HTTP/1.1" 200 96
200.111.191.210 - - [20/Mar/2018:14:39:17 -0300] "POST /cormun/servlet/licenciaspermisos?366b11fe7da67c96323bf78e22527904,INS,0,,,,gx-no-cache=1521567508859 HTTP/1.1" 200 4876
200.112.233.47 - - [20/Mar/2018:14:39:43 -0300] "POST /cormun/servlet/solicitudot?gx-no-cache=1521567532432 HTTP/1.1" 200 30
200.112.233.47 - - [20/Mar/2018:14:39:44 -0300] "POST /cormun/servlet/solicitudot?gx-no-cache=1521567532568 HTTP/1.1" 200 1336
200.112.233.47 - - [20/Mar/2018:14:39:44 -0300] "POST /cormun/servlet/solicitudot?gx-no-cache=1521567532676 HTTP/1.1" 200 38
200.111.191.210 - - [20/Mar/2018:14:40:01 -0300] "GET /cormun/servlet/licenciaspermisos?ac862233bbd21d8e92a3aaaf6c72e2c02385380491c8a6f92d64e92c87eb7d11e05eb8ed05beb1c5ea147848b6eba44340ff04312ec6badcd59ea76971a596b90d87da0437ae56bafdb6b37444c362140aa17e91514fa35ff7c8b600ecd06c4f62b49cd57a13e1f184b4f4cc117a8d72e1fcdce49f2412d44a4b1e31f29e16980ee0a6529f4c5f199314fe7a70cde84947b09e4e9779e12bc559a49aece450f0d56be0963e3bb8dc415578ee40218b27,gx-no-cache=1521567552558 HTTP/1.1" 200 30
200.111.191.210 - - [20/Mar/2018:14:40:01 -0300] "GET /cormun/servlet/licenciaspermisos?ac862233bbd21d8e92a3aaaf6c72e2c0be59cb791797c4ef3f89711712892a7a808e5f39a8d990db08f106797a65a87fe666b5dfbac86687431bcd1afaebd738db6c71073e848d85d1361fb8f11348020f8faf52e77600dd89b2543f58deb221105a1ce9e6569e45bf74acaa59a475eb551c6fab2538240b52d346d89121764752143e16ce2eb6dbf09dc571077c039e0c0a884d616f21ab9571b0fedd9976be856099d2aba1bc2cbef22ee47c56fdde,gx-no-cache=1521567552619 HTTP/1.1" 200 29
200.111.191.210 - - [20/Mar/2018:14:40:01 -0300] "POST /cormun/servlet/licenciaspermisos?366b11fe7da67c96323bf78e22527904,INS,0,,,,gx-no-cache=1521567552661 HTTP/1.1" 200 93
200.111.191.210 - - [20/Mar/2018:14:40:02 -0300] "GET /cormun/servlet/hpexe_return? HTTP/1.1" 200 1012
200.111.191.210 - - [20/Mar/2018:14:40:02 -0300] "GET /cormun/servlet/trlicencias HTTP/1.1" 200 10615
200.111.191.210 - - [20/Mar/2018:14:40:02 -0300] "GET /cormun/servlet/trlicencias HTTP/1.1" 200 10610
200.111.191.210 - - [20/Mar/2018:14:40:18 -0300] "GET /cormun/servlet/alicenciaprn?10180683,L,20180320000000,PU HTTP/1.1" 200 1533
200.54.247.70 - - [20/Mar/2018:14:40:22 -0300] "GET /cormun/servlet/hlogin HTTP/1.1" 200 1721
200.54.247.70 - - [20/Mar/2018:14:40:23 -0300] "GET /cormun/static/Resources/Spanish/PXTools.css?11423723 HTTP/1.1" 304 -
200.54.247.70 - - [20/Mar/2018:14:40:23 -0300] "GET /cormun/static/gxtimezone.js?85251 HTTP/1.1" 304 -
200.54.247.70 - - [20/Mar/2018:14:40:23 -0300] "GET /cormun/static/gxcfg.js?20175251213516 HTTP/1.1" 304 -
200.54.247.70 - - [20/Mar/2018:14:40:23 -0300] "GET /cormun/static/gxgral.js?85251 HTTP/1.1" 304 -
200.54.247.70 - - [20/Mar/2018:14:40:23 -0300] "GET /cormun/static/Resources/ComunLogin.png HTTP/1.1" 304 -
200.54.247.70 - - [20/Mar/2018:14:40:23 -0300] "GET /cormun/static/hlogin.js?20175251213537 HTTP/1.1" 304 -
200.54.247.70 - - [20/Mar/2018:14:40:23 -0300] "GET /cormun/static/messages.spa.js?85251 HTTP/1.1" 304 -
200.54.247.70 - - [20/Mar/2018:14:40:23 -0300] "GET /cormun/static/Resources/indicator.gif HTTP/1.1" 304 -
200.112.233.47 - - [20/Mar/2018:14:40:40 -0300] "POST /cormun/servlet/solicitudot?gx-no-cache=1521567588998 HTTP/1.1" 200 30
200.54.247.70 - - [20/Mar/2018:14:40:41 -0300] "POST /cormun/servlet/hlogin?103a31f4f8726fc7ef428678aa2ee3a2,gx-no-cache=1521567589830 HTTP/1.1" 200 90
200.54.247.70 - - [20/Mar/2018:14:40:41 -0300] "GET /cormun/servlet/hpexe_link HTTP/1.1" 200 953
200.54.247.70 - - [20/Mar/2018:14:40:41 -0300] "GET /cormun/servlet/hhome HTTP/1.1" 200 4237
200.112.233.47 - - [20/Mar/2018:14:40:52 -0300] "POST /cormun/servlet/solicitudot?gx-no-cache=1521567601324 HTTP/1.1" 200 1336
200.112.233.47 - - [20/Mar/2018:14:40:52 -0300] "POST /cormun/servlet/solicitudot?gx-no-cache=1521567601414 HTTP/1.1" 200 38
200.112.233.47 - - [20/Mar/2018:14:40:52 -0300] "GET /cormun/servlet/solicitudot?c3cb387f9fbf201522b6e6ff6ec5d0acf9d7d3c3ce4a304c89667238e54e284ff483685134da8797523e25a4b1657bbfdea3debb53adc182af77286105738a5bfc40b03ef8de608436b80e04e6575250170b034df160dd9e917284072c09d88a798b1f9e6a92877e4bae9dd16d8f1cc7,gx-no-cache=1521567601458 HTTP/1.1" 200 29
200.112.233.47 - - [20/Mar/2018:14:40:52 -0300] "POST /cormun/servlet/solicitudot?gx-no-cache=1521567601492 HTTP/1.1" 200 1318
200.112.233.47 - - [20/Mar/2018:14:40:53 -0300] "POST /cormun/servlet/solicitudot?gx-no-cache=1521567601554 HTTP/1.1" 200 1218
200.112.233.47 - - [20/Mar/2018:14:40:53 -0300] "GET /cormun/static/menuarrow.gif HTTP/1.1" 404 1015
200.54.247.70 - - [20/Mar/2018:14:40:55 -0300] "GET /cormun/servlet/trsolicitudot? HTTP/1.1" 200 7453
200.54.247.70 - - [20/Mar/2018:14:40:58 -0300] "GET /cormun/servlet/solicitudot?INS,0,0, HTTP/1.1" 200 13677
200.112.233.47 - - [20/Mar/2018:14:40:59 -0300] "POST /cormun/servlet/solicitudot?gx-no-cache=1521567608090 HTTP/1.1" 200 30
200.112.233.47 - - [20/Mar/2018:14:40:59 -0300] "POST /cormun/servlet/solicitudot?gx-no-cache=1521567608148 HTTP/1.1" 200 1336
200.112.233.47 - - [20/Mar/2018:14:40:59 -0300] "POST /cormun/servlet/solicitudot?gx-no-cache=1521567608224 HTTP/1.1" 200 38
200.112.233.47 - - [20/Mar/2018:14:40:59 -0300] "POST /cormun/servlet/solicitudot?gx-no-cache=1521567608270 HTTP/1.1" 200 1318
200.112.233.47 - - [20/Mar/2018:14:40:59 -0300] "POST /cormun/servlet/solicitudot?gx-no-cache=1521567608322 HTTP/1.1" 200 1218
200.112.233.47 - - [20/Mar/2018:14:41:01 -0300] "GET /cormun/servlet/solicitudot?c3cb387f9fbf201522b6e6ff6ec5d0acde79ad86f64315356fa483f962acabc317450b189a435187e1fd2f1536aea6ab,gx-no-cache=1521567609774 HTTP/1.1" 200 30
200.54.247.70 - - [20/Mar/2018:14:41:10 -0300] "GET /cormun/servlet/prfichaempleado?,MD,,gxPopupLevel%3D0%3B HTTP/1.1" 200 9400
200.112.233.47 - - [20/Mar/2018:14:41:11 -0300] "GET /cormun/servlet/trfichaempleado? HTTP/1.1" 200 12003
200.112.233.47 - - [20/Mar/2018:14:41:11 -0300] "GET /cormun/static/gxcfg.js?20177616262612 HTTP/1.1" 200 953
200.54.247.70 - - [20/Mar/2018:14:41:23 -0300] "POST /cormun/servlet/prfichaempleado?103a31f4f8726fc7ef428678aa2ee3a2,,MD,,gxPopupLevel%3D0%3B,gx-no-cache=1521567632240 HTTP/1.1" 200 6004
200.54.247.70 - - [20/Mar/2018:14:41:38 -0300] "POST /cormun/servlet/solicitudot?gx-no-cache=1521567647676 HTTP/1.1" 200 3397
200.54.247.70 - - [20/Mar/2018:14:41:39 -0300] "POST /cormun/servlet/solicitudot?103a31f4f8726fc7ef428678aa2ee3a2,INS,0,0,,gx-no-cache=1521567647947 HTTP/1.1" 200 10567
200.54.247.70 - - [20/Mar/2018:14:41:39 -0300] "GET /cormun/servlet/solicitudot?ba31da9722bb21018720437701324f92d10a5e08f23afd65f28e27dc836ff6c1ce2da8a61cfd1e662b9c50d643ee0e7b,gx-no-cache=1521567648136 HTTP/1.1" 200 30
200.54.247.70 - - [20/Mar/2018:14:41:41 -0300] "GET /cormun/servlet/solicitudot?ba31da9722bb21018720437701324f92bb6b7009c7b62f3c605aff84384b516a4711572f98457124973e0c38086abd3d,gx-no-cache=1521567650251 HTTP/1.1" 200 30
200.54.247.70 - - [20/Mar/2018:14:41:41 -0300] "GET /cormun/servlet/solicitudot?ba31da9722bb21018720437701324f92479b59ca5a243e9fde20dc5f1ded288d,gx-no-cache=1521567650296 HTTP/1.1" 200 51
200.54.247.70 - - [20/Mar/2018:14:41:41 -0300] "POST /cormun/servlet/solicitudot?gx-no-cache=1521567650340 HTTP/1.1" 200 255
200.54.247.70 - - [20/Mar/2018:14:41:41 -0300] "GET /cormun/servlet/solicitudot?ba31da9722bb21018720437701324f923f20e926ef413a4ed567a0fad33e16518587ce82b5370781032897d7359626c4a204222cdbe34399cc65302acc5af82bec7b3507162ccf8934476c866f70dcccefe2c490e536f204019d65280aaa9bde83fc021038a73beb195be34aac266b4f6091afdafde1e06b0e5ca92019350268441ca16f91a1427943c7e9d54d0fb4f66e9f7fb1e2fca00a84c5c3c8c5a78590be9725399443e89f64e435377ee0a71f751bfbe0eb46dd4492afadfe96534fc286502a853c9d0df538670100e7243f201dc1893d4140c17bc98ae95f03c3357d5a890b6a55972aad0640603978f669586a64641b87c095428d0f84c697cb41a649db4fe3dbf43bccd53f2f09a3cfc2be71fff423de2ead456765fb24e7e13b1bc6c02730f08f65faa31926c4c59ed5048d4d7f51a35cb305faa4451d5164bbec234279434a25a8bc60913f603c22a1f00379aec768520e5e08b7c6a3a6db0356c78a862301a2106f8243e9ecb1b972200d5a51da7c0393a93a20aca5e4c648fc,gx-no-cache=1521567650378 HTTP/1.1" 200 30
200.54.247.70 - - [20/Mar/2018:14:41:44 -0300] "POST /cormun/servlet/solicitudot?gx-no-cache=1521567653246 HTTP/1.1" 200 30
200.54.247.70 - - [20/Mar/2018:14:41:46 -0300] "GET /cormun/servlet/prcontratosol?10607785,,,,,MD,,gxPopupLevel%3D0%3B HTTP/1.1" 200 8447
200.54.247.70 - - [20/Mar/2018:14:41:46 -0300] "GET /cormun/static/gxcfg.js?201761413223964 HTTP/1.1" 304 -
200.54.247.70 - - [20/Mar/2018:14:41:49 -0300] "POST /cormun/servlet/solicitudot?gx-no-cache=1521567658661 HTTP/1.1" 200 1337
200.54.247.70 - - [20/Mar/2018:14:41:49 -0300] "POST /cormun/servlet/solicitudot?gx-no-cache=1521567658800 HTTP/1.1" 200 38
200.54.247.70 - - [20/Mar/2018:14:41:49 -0300] "GET /cormun/servlet/solicitudot?ba31da9722bb21018720437701324f928d589d4d01f5c3e95fb8e51cbd889d9f8ee86af3fa37f5aa37635350fc8bd1016bc438a1db9d0a456de1d69df6c0e89b646933dfc76f1768fa227a2c235da42cb4dc241edeed16e15b57c8c049a4dec3a14ee1ebd41230b781cd568dab0ae13c744b4f82f7ccf270a7748e6d594fd56861f38ac29c9177b748cb27572dd1bd7452342ee19498b1d6215b1168d130c6fa,gx-no-cache=1521567658836 HTTP/1.1" 200 29
200.54.247.70 - - [20/Mar/2018:14:41:49 -0300] "POST /cormun/servlet/solicitudot?gx-no-cache=1521567658867 HTTP/1.1" 200 1319
200.54.247.70 - - [20/Mar/2018:14:41:50 -0300] "POST /cormun/servlet/solicitudot?gx-no-cache=1521567658916 HTTP/1.1" 200 1218
200.54.247.70 - - [20/Mar/2018:14:41:50 -0300] "GET /cormun/servlet/solicitudot?ba31da9722bb21018720437701324f92c13bce8e38bb4b46f453ad2113502f29027b5c3645ccb9bb98915947f8628369,gx-no-cache=1521567658963 HTTP/1.1" 200 134
200.54.247.70 - - [20/Mar/2018:14:41:50 -0300] "GET /cormun/static/Shared/jqueryui/images/ui-icons_82798d_256x240.png HTTP/1.1" 404 1089
200.54.247.70 - - [20/Mar/2018:14:41:50 -0300] "GET /cormun/static/Shared/jqueryui/images/ui-bg_flat_55_994d53_40x100.png HTTP/1.1" 404 1097
200.54.247.70 - - [20/Mar/2018:14:41:50 -0300] "GET /cormun/static/Shared/jqueryui/images/ui-icons_ebccce_256x240.png HTTP/1.1" 404 1089
200.54.247.70 - - [20/Mar/2018:14:41:50 -0300] "GET /cormun/static/Shared/jqueryui/images/ui-bg_highlight-soft_100_c6c2c8_1x100.png HTTP/1.1" 404 1117
200.54.247.70 - - [20/Mar/2018:14:41:56 -0300] "GET /cormun/static/menuarrow.gif HTTP/1.1" 404 1015
200.72.197.82 - - [20/Mar/2018:14:42:07 -0300] "POST /cormun/servlet/veautorizarsolicitud?01cde78fb0c6f6f02cfb8652ea100138,2018,10682,,,gx-no-cache=1521567665496 HTTP/1.1" 200 90
200.72.197.82 - - [20/Mar/2018:14:42:07 -0300] "GET /cormun/servlet/hpexe_link HTTP/1.1" 200 972
200.72.197.82 - - [20/Mar/2018:14:42:07 -0300] "GET /cormun/servlet/trautorizarsolicitud? HTTP/1.1" 200 7320
200.54.247.70 - - [20/Mar/2018:14:42:08 -0300] "GET /cormun/servlet/solicitudot?ba31da9722bb21018720437701324f929d7923cf318dfd09f634564d4af712db7982f491907160ddee4d150b5d99f359,gx-no-cache=1521567677312 HTTP/1.1" 200 134
200.72.197.82 - - [20/Mar/2018:14:42:09 -0300] "GET /cormun/servlet/trautorizarsolicitud? HTTP/1.1" 200 7318
200.54.247.70 - - [20/Mar/2018:14:42:28 -0300] "GET /cormun/servlet/solicitudot?ba31da9722bb21018720437701324f92bda8f67a407351ebe2f9a37534b6e3ef027b5c3645ccb9bb98915947f8628369,gx-no-cache=1521567697672 HTTP/1.1" 200 30
192.168.10.62 - - [20/Mar/2018:14:42:47 -0300] "GET /cormun/servlet/hlogin HTTP/1.1" 200 1722
192.168.10.62 - - [20/Mar/2018:14:42:47 -0300] "GET /cormun/servlet/hlogin HTTP/1.1" 200 1732
192.168.10.62 - - [20/Mar/2018:14:42:58 -0300] "POST /cormun/servlet/hlogin?46c2b37e2f9e88be98c239e571c3b320,gx-no-cache=1521567612417 HTTP/1.1" 200 90
192.168.10.62 - - [20/Mar/2018:14:42:58 -0300] "GET /cormun/servlet/hpexe_link HTTP/1.1" 200 954
192.168.10.62 - - [20/Mar/2018:14:42:58 -0300] "GET /cormun/servlet/hhome HTTP/1.1" 200 4481
200.54.247.70 - - [20/Mar/2018:14:42:59 -0300] "POST /cormun/servlet/solicitudot?gx-no-cache=1521567728138 HTTP/1.1" 200 1318
200.54.247.70 - - [20/Mar/2018:14:42:59 -0300] "POST /cormun/servlet/solicitudot?gx-no-cache=1521567728230 HTTP/1.1" 200 1218
200.54.247.70 - - [20/Mar/2018:14:42:59 -0300] "POST /cormun/servlet/solicitudot?gx-no-cache=1521567728288 HTTP/1.1" 200 33
192.168.10.62 - - [20/Mar/2018:14:42:59 -0300] "GET /cormun/servlet/hhome HTTP/1.1" 200 4478
200.54.247.70 - - [20/Mar/2018:14:42:59 -0300] "POST /cormun/servlet/solicitudot?103a31f4f8726fc7ef428678aa2ee3a2,INS,0,0,,gx-no-cache=1521567728351 HTTP/1.1" 200 93
200.54.247.70 - - [20/Mar/2018:14:42:59 -0300] "GET /cormun/servlet/hpexe_return? HTTP/1.1" 200 1008
200.54.247.70 - - [20/Mar/2018:14:42:59 -0300] "GET /cormun/servlet/trsolicitudot HTTP/1.1" 200 8826
192.168.10.62 - - [20/Mar/2018:14:43:03 -0300] "GET /cormun/servlet/trsolicitudgral? HTTP/1.1" 200 28276
192.168.10.62 - - [20/Mar/2018:14:43:03 -0300] "GET /cormun/static/trsolicitudgral.js?201813119462015 HTTP/1.1" 304 -
192.168.10.62 - - [20/Mar/2018:14:43:04 -0300] "GET /cormun/servlet/trsolicitudgral? HTTP/1.1" 200 28274
200.54.247.70 - - [20/Mar/2018:14:43:29 -0300] "POST /cormun/servlet/trsolicitudot?103a31f4f8726fc7ef428678aa2ee3a2,gx-no-cache=1521567758494 HTTP/1.1" 200 4674
200.54.247.70 - - [20/Mar/2018:14:43:30 -0300] "POST /cormun/servlet/trsolicitudot?103a31f4f8726fc7ef428678aa2ee3a2,gx-no-cache=1521567758903 HTTP/1.1" 200 4453
200.54.247.70 - - [20/Mar/2018:14:43:30 -0300] "GET /cormun/static/Shared/jqueryui/images/ui-icons_82798d_256x240.png HTTP/1.1" 404 1089
200.54.247.70 - - [20/Mar/2018:14:43:30 -0300] "GET /cormun/static/Shared/jqueryui/images/ui-bg_highlight-soft_100_c6c2c8_1x100.png HTTP/1.1" 404 1117
200.54.247.70 - - [20/Mar/2018:14:43:30 -0300] "GET /cormun/static/Shared/jqueryui/images/ui-icons_8d78a5_256x240.png HTTP/1.1" 404 1089
200.54.247.70 - - [20/Mar/2018:14:43:30 -0300] "GET /cormun/static/Shared/jqueryui/images/ui-bg_flat_55_fafafa_40x100.png HTTP/1.1" 404 1097
200.72.197.82 - - [20/Mar/2018:14:43:34 -0300] "POST /cormun/servlet/trautorizarsolicitud?01cde78fb0c6f6f02cfb8652ea100138,,gx-no-cache=1521567763768 HTTP/1.1" 200 7273
200.54.247.70 - - [20/Mar/2018:14:43:34 -0300] "GET /cormun/servlet/trautorizarsolicitud? HTTP/1.1" 200 8715
200.54.247.70 - - [20/Mar/2018:14:43:37 -0300] "POST /cormun/servlet/trautorizarsolicitud?103a31f4f8726fc7ef428678aa2ee3a2,,gx-no-cache=1521567766494 HTTP/1.1" 200 4604
200.54.247.70 - - [20/Mar/2018:14:43:37 -0300] "POST /cormun/servlet/trautorizarsolicitud?103a31f4f8726fc7ef428678aa2ee3a2,,gx-no-cache=1521567766784 HTTP/1.1" 200 4387
200.54.247.70 - - [20/Mar/2018:14:43:38 -0300] "GET /cormun/static/Shared/jqueryui/images/ui-icons_8d78a5_256x240.png HTTP/1.1" 404 1089
200.54.247.70 - - [20/Mar/2018:14:43:38 -0300] "GET /cormun/static/Shared/jqueryui/images/ui-icons_82798d_256x240.png HTTP/1.1" 404 1089
200.54.247.70 - - [20/Mar/2018:14:43:38 -0300] "GET /cormun/static/Shared/jqueryui/images/ui-bg_highlight-soft_100_c6c2c8_1x100.png HTTP/1.1" 404 1117
200.54.247.70 - - [20/Mar/2018:14:43:38 -0300] "GET /cormun/static/Shared/jqueryui/images/ui-bg_flat_55_fafafa_40x100.png HTTP/1.1" 404 1097
200.54.247.70 - - [20/Mar/2018:14:43:42 -0300] "GET /cormun/servlet/trsolicitudot? HTTP/1.1" 200 7453
200.54.247.70 - - [20/Mar/2018:14:43:44 -0300] "GET /cormun/servlet/solicitudot?INS,0,0, HTTP/1.1" 200 13677
200.72.197.82 - - [20/Mar/2018:14:43:50 -0300] "GET /cormun/servlet/trsolicitudot? HTTP/1.1" 200 7415
200.72.197.82 - - [20/Mar/2018:14:43:51 -0300] "GET /cormun/servlet/trsolicitudot? HTTP/1.1" 200 7415
192.168.10.62 - - [20/Mar/2018:14:43:54 -0300] "POST /cormun/servlet/trsolicitudgral?46c2b37e2f9e88be98c239e571c3b320,,gx-no-cache=1521567667999 HTTP/1.1" 200 13435
200.54.247.70 - - [20/Mar/2018:14:43:54 -0300] "POST /cormun/servlet/solicitudot?gx-no-cache=1521567783693 HTTP/1.1" 200 3391
200.54.247.70 - - [20/Mar/2018:14:43:55 -0300] "POST /cormun/servlet/solicitudot?103a31f4f8726fc7ef428678aa2ee3a2,INS,0,0,,gx-no-cache=1521567783947 HTTP/1.1" 200 10533
192.168.10.62 - - [20/Mar/2018:14:43:56 -0300] "POST /cormun/servlet/trsolicitudgral?46c2b37e2f9e88be98c239e571c3b320,,gx-no-cache=1521567670004 HTTP/1.1" 200 105
192.168.10.62 - - [20/Mar/2018:14:43:56 -0300] "POST /cormun/servlet/trsolicitudgral?46c2b37e2f9e88be98c239e571c3b320,,gx-no-cache=1521567670209 HTTP/1.1" 200 13417
192.168.10.62 - - [20/Mar/2018:14:43:56 -0300] "GET /cormun/SolicitudGral-5412.xls HTTP/1.1" 200 12288
200.72.197.82 - - [20/Mar/2018:14:43:57 -0300] "GET /cormun/servlet/solicitudot?INS,0,0, HTTP/1.1" 200 13647
200.72.197.82 - - [20/Mar/2018:14:43:58 -0300] "GET /cormun/servlet/solicitudot?INS,0,0, HTTP/1.1" 200 13651
200.54.247.70 - - [20/Mar/2018:14:44:01 -0300] "GET /cormun/servlet/solicitudot?ba31da9722bb21018720437701324f92ccb2dbd9a74309da8186e5bdf8019f64ce2da8a61cfd1e662b9c50d643ee0e7b,gx-no-cache=1521567790797 HTTP/1.1" 200 30
200.54.247.70 - - [20/Mar/2018:14:44:02 -0300] "GET /cormun/servlet/solicitudot?ba31da9722bb21018720437701324f92792c70312366c62be8a75ceed82aa6297fa86a8096b71ec59377871cee0b0c0e,gx-no-cache=1521567790899 HTTP/1.1" 200 30
200.54.247.70 - - [20/Mar/2018:14:44:02 -0300] "GET /cormun/servlet/solicitudot?ba31da9722bb21018720437701324f92479b59ca5a243e9fde20dc5f1ded288d,gx-no-cache=1521567790932 HTTP/1.1" 200 51
200.72.197.82 - - [20/Mar/2018:14:44:02 -0300] "GET /cormun/servlet/prfichaempleado?,MD,,gxPopupLevel%3D0%3B HTTP/1.1" 200 9361
200.54.247.70 - - [20/Mar/2018:14:44:02 -0300] "POST /cormun/servlet/solicitudot?gx-no-cache=1521567790969 HTTP/1.1" 200 240
200.54.247.70 - - [20/Mar/2018:14:44:02 -0300] "GET /cormun/servlet/solicitudot?ba31da9722bb21018720437701324f923f20e926ef413a4ed567a0fad33e1651812690df75942436ddaba4f7cb553586a204222cdbe34399cc65302acc5af82bec7b3507162ccf8934476c866f70dcccefe2c490e536f204019d65280aaa9bde83fc021038a73beb195be34aac266b4f6091afdafde1e06b0e5ca92019350268441ca16f91a1427943c7e9d54d0fb4f66e9f7fb1e2fca00a84c5c3c8c5a78590be9725399443e89f64e435377ee0a71f751bfbe0eb46dd4492afadfe96534fc286502a853c9d0df538670100e7243f201dc1893d4140c17bc98ae95f03c3357d5a890b6a55972aad0640603978f669586a64641b87c095428d0f84c697cb41a649db4fe3dbf43bccd53f2f09a3cfc2be7aa6854db5f2a47e73ecf08e664150c7d71018ca34ff85ea8818c2612ecc92849ff0594d27683e15a92ef98061703c6df34f342dface17032d65608aa057a1e5aee611991eb5c64b8a34c3af1047a27d36c5c1c701158e371ed2d07ba8fe5f03a3ab850aba47af5dbc31b63e8a5c52ea,gx-no-cache=1521567791019 HTTP/1.1" 200 30
200.72.197.82 - - [20/Mar/2018:14:44:18 -0300] "POST /cormun/servlet/prfichaempleado?01cde78fb0c6f6f02cfb8652ea100138,,MD,,gxPopupLevel%3D0%3B,gx-no-cache=1521567808061 HTTP/1.1" 200 3488
200.54.247.70 - - [20/Mar/2018:14:44:19 -0300] "POST /cormun/servlet/solicitudot?gx-no-cache=1521567808601 HTTP/1.1" 200 30
200.72.197.82 - - [20/Mar/2018:14:44:22 -0300] "POST /cormun/servlet/solicitudot?gx-no-cache=1521567811472 HTTP/1.1" 200 3393
200.72.197.82 - - [20/Mar/2018:14:44:22 -0300] "POST /cormun/servlet/solicitudot?01cde78fb0c6f6f02cfb8652ea100138,INS,0,0,,gx-no-cache=1521567811796 HTTP/1.1" 200 10549
200.72.197.82 - - [20/Mar/2018:14:44:22 -0300] "GET /cormun/servlet/solicitudot?dc9e3c72a379b7f2c6044ab44bb498b9b9e7ebc28be79bf8282fc2b3911d2d5ba6ee451659c7f74523c0add9394cc89b,gx-no-cache=1521567812205 HTTP/1.1" 200 30
200.54.247.70 - - [20/Mar/2018:14:44:23 -0300] "GET /cormun/servlet/prcontratosol?17136119,,,,,MD,,gxPopupLevel%3D0%3B HTTP/1.1" 200 9275
200.72.197.82 - - [20/Mar/2018:14:44:26 -0300] "GET /cormun/servlet/solicitudot?dc9e3c72a379b7f2c6044ab44bb498b9d33ffc6929da029ec7cd354229112354983ac89199cd0d0bdecf7b4dae36a71b9c447891f4f013dcf29f5fb8140fa0c6,gx-no-cache=1521567816438 HTTP/1.1" 200 30
200.72.197.82 - - [20/Mar/2018:14:44:27 -0300] "GET /cormun/servlet/solicitudot?dc9e3c72a379b7f2c6044ab44bb498b9354db8ada3bbc61ab68dfc79b4f38950,gx-no-cache=1521567816528 HTTP/1.1" 200 51
200.72.197.82 - - [20/Mar/2018:14:44:27 -0300] "POST /cormun/servlet/solicitudot?gx-no-cache=1521567816640 HTTP/1.1" 200 255
200.72.197.82 - - [20/Mar/2018:14:44:27 -0300] "GET /cormun/servlet/solicitudot?dc9e3c72a379b7f2c6044ab44bb498b9af351f7122debe452bf9b82e088baa032fb0baaa9ab190cb7df2c01134aa03e58336e745d0ab2c091505d54f018a8011e419345b6a6eb6b1299ad9e959ba2c4096d459741acec49e3d05a591fee1256df55515294efb4b4e33f80d9d1b5b9e1b160bc604b166b3aaeecdd69a238eca9331b2c08d0b0b7047003776bc39a3221eb235f434d3b085a6cd65d0fa346470374d96c9818c3d8fce4db348aad460956aebd7dd1c586ef11f0225656577bddd175907555e755bf3a1518ca8289ff9535847fb0f9aed5f2775f2bb9439b4691b352b0b821da4a88a6053c983e680889bf250e1671bc3b017a77dd7c480ae83baaa47f8903e44d0e4220e092f8f35f1f55c823f6a17917bdad74d1171ade8c266870425486ce94047723a1c77d8a0991c9805163c0171fbfe56ffce8ecffa5559bc2a9aecd4a697234099ac7bbe909fcd9580620ea367e6e22197666ad7b6890b539204b447ce77381b8331723dd5009fb9bff46b738b6e73b8a04b54eecebb1be1,gx-no-cache=1521567816819 HTTP/1.1" 200 30
200.54.247.70 - - [20/Mar/2018:14:44:30 -0300] "POST /cormun/servlet/solicitudot?gx-no-cache=1521567819136 HTTP/1.1" 200 1418
200.54.247.70 - - [20/Mar/2018:14:44:30 -0300] "POST /cormun/servlet/solicitudot?gx-no-cache=1521567819205 HTTP/1.1" 200 117
200.54.247.70 - - [20/Mar/2018:14:44:30 -0300] "GET /cormun/servlet/solicitudot?ba31da9722bb21018720437701324f928d589d4d01f5c3e95fb8e51cbd889d9f8ee86af3fa37f5aa37635350fc8bd1016bc438a1db9d0a456de1d69df6c0e89b646933dfc76f1768fa227a2c235da42cb4dc241edeed16e15b57c8c049a4dec3a14ee1ebd41230b781cd568dab0ae13c744b4f82f7ccf270a7748e6d594fd56861f38ac29c9177b748cb27572dd1bd7452342ee19498b1d6215b1168d130c6fa,gx-no-cache=1521567819243 HTTP/1.1" 200 29
200.54.247.70 - - [20/Mar/2018:14:44:30 -0300] "GET /cormun/servlet/solicitudot?ba31da9722bb21018720437701324f92cd809ab4dabb88a094538ecff304858782fc6a5b070f3dcec5897a2512542ac4134c93fb9ce9c69a36d0378a29a7911e957a6c8861f6fad1cbce5720aa9819bce225fc3f1f12c46acea6ad963056b0b50d569dfa358ebd9ce60d86cbd11f7d03d30526e4a25a340e7394e6f59ff42e27bcdd0b853cc18799170d2c627f57c18249e6cb57ffea89e9762262267aa24cb9ed79121aaa6f35b0cfe37224b22759f347040c55ba205138b713c3a90bb14576,gx-no-cache=1521567819268 HTTP/1.1" 200 62
200.54.247.70 - - [20/Mar/2018:14:44:30 -0300] "GET /cormun/servlet/solicitudot?1ed95ba989c34e9e96d17c05d448517ec3a6f62b377e287928b2ddc882ae858b2f4d756d9306bb3d29112f71603da563aeeb93cee6f13affcf382e5b198b2fbb2e223dc68750a5956d9931c7134028f2,gx-no-cache=1521567819297 HTTP/1.1" 200 55
200.54.247.70 - - [20/Mar/2018:14:44:30 -0300] "GET /cormun/servlet/solicitudot?ba31da9722bb21018720437701324f9240121b4d70fbf151e538b2931fcf188dc31543b9af10858abdddebb7d794f768,gx-no-cache=1521567819331 HTTP/1.1" 200 30
200.54.247.70 - - [20/Mar/2018:14:44:30 -0300] "GET /cormun/static/Shared/jqueryui/images/ui-bg_highlight-soft_100_c6c2c8_1x100.png HTTP/1.1" 404 1117
200.54.247.70 - - [20/Mar/2018:14:44:30 -0300] "GET /cormun/static/Shared/jqueryui/images/ui-bg_flat_55_994d53_40x100.png HTTP/1.1" 404 1097
200.54.247.70 - - [20/Mar/2018:14:44:30 -0300] "GET /cormun/static/Shared/jqueryui/images/ui-icons_82798d_256x240.png HTTP/1.1" 404 1089
200.54.247.70 - - [20/Mar/2018:14:44:30 -0300] "GET /cormun/static/Shared/jqueryui/images/ui-icons_ebccce_256x240.png HTTP/1.1" 404 1089
200.72.197.82 - - [20/Mar/2018:14:44:32 -0300] "POST /cormun/servlet/solicitudot?gx-no-cache=1521567822134 HTTP/1.1" 200 30
200.72.197.82 - - [20/Mar/2018:14:44:35 -0300] "GET /cormun/servlet/prsolicitudot?17909060,,,,,MD,,gxPopupLevel%3D0%3B HTTP/1.1" 200 6432
200.112.233.47 - - [20/Mar/2018:14:45:06 -0300] "GET /cormun/servlet/trfichaempleado? HTTP/1.1" 200 11714
200.72.197.82 - - [20/Mar/2018:14:45:12 -0300] "POST /cormun/servlet/solicitudot?gx-no-cache=1521567861679 HTTP/1.1" 200 1337
200.72.197.82 - - [20/Mar/2018:14:45:12 -0300] "POST /cormun/servlet/solicitudot?gx-no-cache=1521567861850 HTTP/1.1" 200 38
200.72.197.82 - - [20/Mar/2018:14:45:12 -0300] "GET /cormun/servlet/solicitudot?dc9e3c72a379b7f2c6044ab44bb498b97c4b6dbfc070b0388c2e5174d64e7495c4a50b6da08ba9ea06370203435ed26f54d227e7b3cd632be7ba092d3f1ca778a4d0f09d0285aaa879816f9d3d82dde640fd2d5014a23a464ea5023f7623d6ae4ae5f4c1e5ce7da4b2abe9206ee64a0123eb7b320ccfafaa1e339da2a609b842a2be8b7e5380d2098d1d75c040e6240504c579b5fa61975cae42b43f9c59bb4a,gx-no-cache=1521567862027 HTTP/1.1" 200 29
200.72.197.82 - - [20/Mar/2018:14:45:12 -0300] "POST /cormun/servlet/solicitudot?gx-no-cache=1521567862097 HTTP/1.1" 200 1319
200.72.197.82 - - [20/Mar/2018:14:45:12 -0300] "POST /cormun/servlet/solicitudot?gx-no-cache=1521567862251 HTTP/1.1" 200 1219
200.72.197.82 - - [20/Mar/2018:14:45:12 -0300] "GET /cormun/servlet/solicitudot?dc9e3c72a379b7f2c6044ab44bb498b92fbf8880c7bd7e076a752fc3fd0fe217398db1e41214902fc01caa13fe846caf,gx-no-cache=1521567862371 HTTP/1.1" 200 30
200.72.197.82 - - [20/Mar/2018:14:45:31 -0300] "POST /cormun/servlet/solicitudot?gx-no-cache=1521567880802 HTTP/1.1" 200 1321
200.72.197.82 - - [20/Mar/2018:14:45:31 -0300] "POST /cormun/servlet/solicitudot?gx-no-cache=1521567880940 HTTP/1.1" 200 1219
200.72.197.82 - - [20/Mar/2018:14:45:31 -0300] "POST /cormun/servlet/solicitudot?gx-no-cache=1521567881113 HTTP/1.1" 200 33
200.54.247.70 - - [20/Mar/2018:14:45:53 -0300] "GET /cormun/servlet/prfichaempleado?,MD,,gxPopupLevel%3D0%3B HTTP/1.1" 200 9400
186.67.203.186 - - [20/Mar/2018:14:45:56 -0300] "POST /cormun/servlet/solicitudot?01cde78fb0c6f6f02cfb8652ea100138,INS,0,0,,gx-no-cache=1521567905498 HTTP/1.1" 200 93
186.67.203.186 - - [20/Mar/2018:14:45:56 -0300] "GET /cormun/servlet/hpexe_return? HTTP/1.1" 200 1006
186.67.203.186 - - [20/Mar/2018:14:45:56 -0300] "GET /cormun/servlet/trsolicitudot HTTP/1.1" 200 8803
186.67.203.186 - - [20/Mar/2018:14:45:58 -0300] "GET /cormun/servlet/trsolicitudot HTTP/1.1" 200 8799
200.54.247.70 - - [20/Mar/2018:14:46:02 -0300] "POST /cormun/servlet/prfichaempleado?103a31f4f8726fc7ef428678aa2ee3a2,,MD,,gxPopupLevel%3D0%3B,gx-no-cache=1521567910864 HTTP/1.1" 200 3980
200.54.247.70 - - [20/Mar/2018:14:46:09 -0300] "POST /cormun/servlet/solicitudot?gx-no-cache=1521567918354 HTTP/1.1" 200 1337
200.54.247.70 - - [20/Mar/2018:14:46:09 -0300] "GET /cormun/static/menuarrow.gif HTTP/1.1" 404 1015
200.54.247.70 - - [20/Mar/2018:14:46:13 -0300] "GET /cormun/servlet/prlicenciaspermisos?9178799,L,,MD,,gxPopupLevel%3D0%3B HTTP/1.1" 200 7818
200.54.247.70 - - [20/Mar/2018:14:46:13 -0300] "GET /cormun/static/Resources/Spanish/PXTools.css?17315867 HTTP/1.1" 304 -
200.54.247.70 - - [20/Mar/2018:14:46:13 -0300] "GET /cormun/static/gxcfg.js?20176272053834 HTTP/1.1" 304 -
186.67.203.186 - - [20/Mar/2018:14:46:15 -0300] "POST /cormun/servlet/trsolicitudot?01cde78fb0c6f6f02cfb8652ea100138,gx-no-cache=1521567924961 HTTP/1.1" 200 4690
186.67.203.186 - - [20/Mar/2018:14:46:16 -0300] "GET /cormun/static/Shared/jqueryui/images/ui-bg_highlight-soft_100_c6c2c8_1x100.png HTTP/1.1" 404 1117
186.67.203.186 - - [20/Mar/2018:14:46:16 -0300] "GET /cormun/static/Shared/jqueryui/images/ui-icons_82798d_256x240.png HTTP/1.1" 404 1089
190.151.100.218 - - [20/Mar/2018:14:46:16 -0300] "GET /cormun/static/Shared/jqueryui/images/ui-bg_flat_55_fafafa_40x100.png HTTP/1.1" 404 1097
190.151.100.218 - - [20/Mar/2018:14:46:16 -0300] "GET /cormun/static/Shared/jqueryui/images/ui-icons_8d78a5_256x240.png HTTP/1.1" 404 1089
186.67.203.186 - - [20/Mar/2018:14:46:16 -0300] "POST /cormun/servlet/trsolicitudot?01cde78fb0c6f6f02cfb8652ea100138,gx-no-cache=1521567926061 HTTP/1.1" 200 4457
186.67.203.186 - - [20/Mar/2018:14:46:24 -0300] "GET /cormun/servlet/trautorizarsolicitud? HTTP/1.1" 200 10157
200.54.247.70 - - [20/Mar/2018:14:46:24 -0300] "POST /cormun/servlet/solicitudot?gx-no-cache=1521567933120 HTTP/1.1" 200 41
186.67.203.186 - - [20/Mar/2018:14:46:25 -0300] "GET /cormun/servlet/trautorizarsolicitud? HTTP/1.1" 200 10155
200.54.247.70 - - [20/Mar/2018:14:46:39 -0300] "POST /cormun/servlet/solicitudot?gx-no-cache=1521567948001 HTTP/1.1" 200 1318
200.54.247.70 - - [20/Mar/2018:14:46:39 -0300] "POST /cormun/servlet/solicitudot?gx-no-cache=1521567948071 HTTP/1.1" 200 1218
200.54.247.70 - - [20/Mar/2018:14:46:39 -0300] "POST /cormun/servlet/solicitudot?gx-no-cache=1521567948139 HTTP/1.1" 200 32
200.54.247.70 - - [20/Mar/2018:14:46:39 -0300] "POST /cormun/servlet/solicitudot?103a31f4f8726fc7ef428678aa2ee3a2,INS,0,0,,gx-no-cache=1521567948219 HTTP/1.1" 200 93
200.54.247.70 - - [20/Mar/2018:14:46:39 -0300] "GET /cormun/servlet/hpexe_return? HTTP/1.1" 200 1008
200.54.247.70 - - [20/Mar/2018:14:46:39 -0300] "GET /cormun/servlet/trsolicitudot HTTP/1.1" 200 8889
186.67.203.186 - - [20/Mar/2018:14:46:39 -0300] "POST /cormun/servlet/trautorizarsolicitud?01cde78fb0c6f6f02cfb8652ea100138,,gx-no-cache=1521567949276 HTTP/1.1" 200 5792
200.54.247.70 - - [20/Mar/2018:14:46:43 -0300] "POST /cormun/servlet/trsolicitudot?103a31f4f8726fc7ef428678aa2ee3a2,gx-no-cache=1521567952244 HTTP/1.1" 200 4705
200.54.247.70 - - [20/Mar/2018:14:46:43 -0300] "POST /cormun/servlet/trsolicitudot?103a31f4f8726fc7ef428678aa2ee3a2,gx-no-cache=1521567952529 HTTP/1.1" 200 4453
200.54.247.70 - - [20/Mar/2018:14:46:43 -0300] "GET /cormun/static/Shared/jqueryui/images/ui-icons_82798d_256x240.png HTTP/1.1" 404 1089
200.54.247.70 - - [20/Mar/2018:14:46:43 -0300] "GET /cormun/static/Shared/jqueryui/images/ui-icons_8d78a5_256x240.png HTTP/1.1" 404 1089
200.54.247.70 - - [20/Mar/2018:14:46:43 -0300] "GET /cormun/static/Shared/jqueryui/images/ui-bg_flat_55_fafafa_40x100.png HTTP/1.1" 404 1097
200.54.247.70 - - [20/Mar/2018:14:46:43 -0300] "GET /cormun/static/Shared/jqueryui/images/ui-bg_highlight-soft_100_c6c2c8_1x100.png HTTP/1.1" 404 1117
200.54.247.70 - - [20/Mar/2018:14:46:47 -0300] "GET /cormun/servlet/trautorizarsolicitud? HTTP/1.1" 200 8777
200.54.247.70 - - [20/Mar/2018:14:46:51 -0300] "POST /cormun/servlet/trautorizarsolicitud?103a31f4f8726fc7ef428678aa2ee3a2,,gx-no-cache=1521567960624 HTTP/1.1" 200 4636
200.54.247.70 - - [20/Mar/2018:14:46:52 -0300] "POST /cormun/servlet/trautorizarsolicitud?103a31f4f8726fc7ef428678aa2ee3a2,,gx-no-cache=1521567960922 HTTP/1.1" 200 4386
200.54.247.70 - - [20/Mar/2018:14:46:52 -0300] "GET /cormun/static/Shared/jqueryui/images/ui-icons_8d78a5_256x240.png HTTP/1.1" 404 1089
200.54.247.70 - - [20/Mar/2018:14:46:52 -0300] "GET /cormun/static/Shared/jqueryui/images/ui-bg_highlight-soft_100_c6c2c8_1x100.png HTTP/1.1" 404 1117
200.54.247.70 - - [20/Mar/2018:14:46:52 -0300] "GET /cormun/static/Shared/jqueryui/images/ui-bg_flat_55_fafafa_40x100.png HTTP/1.1" 404 1097
200.54.247.70 - - [20/Mar/2018:14:46:52 -0300] "GET /cormun/static/Shared/jqueryui/images/ui-icons_82798d_256x240.png HTTP/1.1" 404 1089
186.67.203.186 - - [20/Mar/2018:14:46:57 -0300] "POST /cormun/servlet/trautorizarsolicitud?01cde78fb0c6f6f02cfb8652ea100138,,gx-no-cache=1521567966462 HTTP/1.1" 200 4622
186.67.203.186 - - [20/Mar/2018:14:46:57 -0300] "GET /cormun/static/Shared/jqueryui/images/ui-bg_highlight-soft_100_c6c2c8_1x100.png HTTP/1.1" 404 1117
186.67.203.186 - - [20/Mar/2018:14:46:57 -0300] "GET /cormun/static/Shared/jqueryui/images/ui-icons_82798d_256x240.png HTTP/1.1" 404 1089
186.67.203.186 - - [20/Mar/2018:14:46:57 -0300] "GET /cormun/static/Shared/jqueryui/images/ui-bg_flat_55_fafafa_40x100.png HTTP/1.1" 404 1097
186.103.161.206 - - [20/Mar/2018:14:46:57 -0300] "GET /cormun/static/Shared/jqueryui/images/ui-icons_8d78a5_256x240.png HTTP/1.1" 404 1089
186.67.203.186 - - [20/Mar/2018:14:46:57 -0300] "POST /cormun/servlet/trautorizarsolicitud?01cde78fb0c6f6f02cfb8652ea100138,,gx-no-cache=1521567966909 HTTP/1.1" 200 4391
200.54.247.70 - - [20/Mar/2018:14:46:59 -0300] "GET /cormun/servlet/trsolicitudot? HTTP/1.1" 200 7453
200.54.247.70 - - [20/Mar/2018:14:47:02 -0300] "GET /cormun/servlet/solicitudot?INS,0,0, HTTP/1.1" 200 13679
186.67.203.186 - - [20/Mar/2018:14:47:10 -0300] "POST /cormun/servlet/trautorizarsolicitud?01cde78fb0c6f6f02cfb8652ea100138,,gx-no-cache=1521567979716 HTTP/1.1" 200 7649
186.67.203.186 - - [20/Mar/2018:14:47:16 -0300] "GET /cormun/servlet/veautorizarsolicitud?2018,10682,, HTTP/1.1" 200 8640
200.54.247.70 - - [20/Mar/2018:14:47:16 -0300] "POST /cormun/servlet/solicitudot?gx-no-cache=1521567984378 HTTP/1.1" 200 3396
186.67.203.186 - - [20/Mar/2018:14:47:16 -0300] "GET /cormun/pexe_scrolldiv.js HTTP/1.1" 404 1009
200.54.247.70 - - [20/Mar/2018:14:47:16 -0300] "POST /cormun/servlet/solicitudot?103a31f4f8726fc7ef428678aa2ee3a2,INS,0,0,,gx-no-cache=1521567985633 HTTP/1.1" 200 10572
186.67.203.186 - - [20/Mar/2018:14:47:18 -0300] "GET /cormun/servlet/veautorizarsolicitud?2018,10682,, HTTP/1.1" 200 8639
200.54.247.70 - - [20/Mar/2018:14:47:19 -0300] "GET /cormun/servlet/solicitudot?ba31da9722bb21018720437701324f925a4374e0f7a5ad60792bad2fbfaf5195ce2da8a61cfd1e662b9c50d643ee0e7b,gx-no-cache=1521567988408 HTTP/1.1" 200 30
200.54.247.70 - - [20/Mar/2018:14:47:19 -0300] "GET /cormun/servlet/solicitudot?ba31da9722bb21018720437701324f92ef37c081ff03d1c13e4e5f8ce03041f384aaff27b8d96693e3043077231cdb66ed6dee11cd95ec7c8e36e78017eeff6a,gx-no-cache=1521567988454 HTTP/1.1" 200 30
200.54.247.70 - - [20/Mar/2018:14:47:19 -0300] "GET /cormun/servlet/solicitudot?ba31da9722bb21018720437701324f92f9297f21a16ab3348dbb0776f3ae14b0,gx-no-cache=1521567988497 HTTP/1.1" 200 53
200.54.247.70 - - [20/Mar/2018:14:47:19 -0300] "POST /cormun/servlet/solicitudot?gx-no-cache=1521567988532 HTTP/1.1" 200 255
200.54.247.70 - - [20/Mar/2018:14:47:19 -0300] "GET /cormun/servlet/solicitudot?ba31da9722bb21018720437701324f923f20e926ef413a4ed567a0fad33e16518587ce82b5370781032897d7359626c4a204222cdbe34399cc65302acc5af82bec7b3507162ccf8934476c866f70dcccefe2c490e536f204019d65280aaa9bde83fc021038a73beb195be34aac266b4f6091afdafde1e06b0e5ca92019350268441ca16f91a1427943c7e9d54d0fb4f66e9f7fb1e2fca00a84c5c3c8c5a78590be9725399443e89f64e435377ee0a71f751bfbe0eb46dd4492afadfe96534fc286502a853c9d0df538670100e7243f201dc1893d4140c17bc98ae95f03c3357d5a890b6a55972aad0640603978f669586a64641b87c095428d0f84c697cb41a649db4fe3dbf43bccd53f2f09a3cfc2be71fff423de2ead456765fb24e7e13b1bc6c02730f08f65faa31926c4c59ed5048d4d7f51a35cb305faa4451d5164bbec234279434a25a8bc60913f603c22a1f00379aec768520e5e08b7c6a3a6db0356c78a862301a2106f8243e9ecb1b972200d5a51da7c0393a93a20aca5e4c648fc,gx-no-cache=1521567988570 HTTP/1.1" 200 30
200.54.247.70 - - [20/Mar/2018:14:47:21 -0300] "POST /cormun/servlet/solicitudot?gx-no-cache=1521567990538 HTTP/1.1" 200 30
186.103.132.155 - - [20/Mar/2018:14:47:23 -0300] "POST /cormun/servlet/veautorizarsolicitud?01cde78fb0c6f6f02cfb8652ea100138,2018,10682,,,gx-no-cache=1521567993095 HTTP/1.1" 200 90
186.103.132.155 - - [20/Mar/2018:14:47:23 -0300] "GET /cormun/servlet/hpexe_link HTTP/1.1" 200 972
186.103.132.155 - - [20/Mar/2018:14:47:24 -0300] "GET /cormun/servlet/trautorizarsolicitud? HTTP/1.1" 200 10529
200.54.247.70 - - [20/Mar/2018:14:47:24 -0300] "GET /cormun/servlet/prcontratosol?18647685,,,,,MD,,gxPopupLevel%3D0%3B HTTP/1.1" 200 8066
186.103.132.155 - - [20/Mar/2018:14:47:26 -0300] "GET /cormun/servlet/trautorizarsolicitud? HTTP/1.1" 200 10528
200.54.247.70 - - [20/Mar/2018:14:47:29 -0300] "POST /cormun/servlet/solicitudot?gx-no-cache=1521567998439 HTTP/1.1" 200 1337
200.54.247.70 - - [20/Mar/2018:14:47:29 -0300] "POST /cormun/servlet/solicitudot?gx-no-cache=1521567998646 HTTP/1.1" 200 38
200.54.247.70 - - [20/Mar/2018:14:47:29 -0300] "GET /cormun/servlet/solicitudot?ba31da9722bb21018720437701324f928d589d4d01f5c3e95fb8e51cbd889d9f8ee86af3fa37f5aa37635350fc8bd1016bc438a1db9d0a456de1d69df6c0e89b646933dfc76f1768fa227a2c235da42cb4dc241edeed16e15b57c8c049a4dec3a14ee1ebd41230b781cd568dab0ae13c744b4f82f7ccf270a7748e6d594fd56861f38ac29c9177b748cb27572dd1bd7452342ee19498b1d6215b1168d130c6fa,gx-no-cache=1521567998729 HTTP/1.1" 200 29
200.54.247.70 - - [20/Mar/2018:14:47:29 -0300] "POST /cormun/servlet/solicitudot?gx-no-cache=1521567998790 HTTP/1.1" 200 1319
200.54.247.70 - - [20/Mar/2018:14:47:30 -0300] "POST /cormun/servlet/solicitudot?gx-no-cache=1521567998855 HTTP/1.1" 200 1218
200.54.247.70 - - [20/Mar/2018:14:47:30 -0300] "GET /cormun/servlet/solicitudot?ba31da9722bb21018720437701324f9240121b4d70fbf151e538b2931fcf188d027b5c3645ccb9bb98915947f8628369,gx-no-cache=1521567999328 HTTP/1.1" 200 30
186.67.203.186 - - [20/Mar/2018:14:47:34 -0300] "GET /cormun/servlet/veautorizarsolicitud?2018,10684,, HTTP/1.1" 200 8613
186.67.203.186 - - [20/Mar/2018:14:47:34 -0300] "GET /cormun/pexe_scrolldiv.js HTTP/1.1" 404 1009
186.67.203.186 - - [20/Mar/2018:14:47:34 -0300] "GET /cormun/pexe_scrolldiv.js HTTP/1.1" 404 1009
186.67.203.186 - - [20/Mar/2018:14:47:35 -0300] "GET /cormun/servlet/veautorizarsolicitud?2018,10684,, HTTP/1.1" 200 8612
186.67.172.234 - - [20/Mar/2018:14:47:43 -0300] "GET /cormun/servlet/hlogin HTTP/1.1" 200 1725
186.67.172.234 - - [20/Mar/2018:14:47:55 -0300] "POST /cormun/servlet/hlogin?4c7356866b552c544aecaa012f3ecd11,gx-no-cache=1521567972315 HTTP/1.1" 200 90
186.67.172.234 - - [20/Mar/2018:14:47:55 -0300] "GET /cormun/servlet/hpexe_link HTTP/1.1" 200 949
186.67.172.234 - - [20/Mar/2018:14:47:56 -0300] "GET /cormun/servlet/hhome HTTP/1.1" 200 4226
186.67.172.234 - - [20/Mar/2018:14:47:56 -0300] "GET /cormun/servlet/hhome HTTP/1.1" 200 4222
200.112.233.47 - - [20/Mar/2018:14:47:56 -0300] "POST /cormun/servlet/trfichaempleado?b3bbf580b15ba953dcb568a56c4327a1,,gx-no-cache=1521567825158 HTTP/1.1" 200 9429
200.111.191.210 - - [20/Mar/2018:14:47:58 -0300] "GET /cormun/servlet/trsolicitudot? HTTP/1.1" 200 7401
200.111.191.210 - - [20/Mar/2018:14:47:59 -0300] "GET /cormun/servlet/trsolicitudot? HTTP/1.1" 200 7401
186.67.172.234 - - [20/Mar/2018:14:48:06 -0300] "GET /cormun/servlet/trsolicitudot? HTTP/1.1" 200 8770
186.67.172.234 - - [20/Mar/2018:14:48:07 -0300] "GET /cormun/servlet/trsolicitudot? HTTP/1.1" 200 8771
200.111.191.210 - - [20/Mar/2018:14:48:10 -0300] "POST /cormun/servlet/trsolicitudot?366b11fe7da67c96323bf78e22527904,,gx-no-cache=1521568040780 HTTP/1.1" 200 12228
186.67.172.234 - - [20/Mar/2018:14:48:18 -0300] "GET /cormun/servlet/solicitudot?INS,0,0, HTTP/1.1" 200 13663
186.67.172.234 - - [20/Mar/2018:14:48:18 -0300] "GET /cormun/servlet/solicitudot?INS,0,0, HTTP/1.1" 200 13668
200.111.191.210 - - [20/Mar/2018:14:48:20 -0300] "GET /cormun/servlet/vesolicitudot?2018,10482,, HTTP/1.1" 200 8587
200.111.191.210 - - [20/Mar/2018:14:48:20 -0300] "GET /cormun/static/gxcfg.js?2017111422591385 HTTP/1.1" 200 953
200.111.191.210 - - [20/Mar/2018:14:48:20 -0300] "GET /cormun/pexe_scrolldiv.js HTTP/1.1" 404 1009
200.111.191.210 - - [20/Mar/2018:14:48:20 -0300] "GET /cormun/static/vesolicitudot.js?2017111422591449 HTTP/1.1" 200 6091
200.111.191.210 - - [20/Mar/2018:14:48:20 -0300] "GET /cormun/static/hwcviewtabs.js?20177611594913 HTTP/1.1" 200 1074
200.111.191.210 - - [20/Mar/2018:14:48:20 -0300] "GET /cormun/static/hpexe_tabsview.js?201610171694228 HTTP/1.1" 200 1661
200.111.191.210 - - [20/Mar/2018:14:48:20 -0300] "GET /cormun/static/Resources/PXToolsTabLastUnselected.png HTTP/1.1" 200 1291
200.111.191.210 - - [20/Mar/2018:14:48:20 -0300] "GET /cormun/static/Resources/PXToolsTabFirstSelected.png HTTP/1.1" 200 1259
200.111.191.210 - - [20/Mar/2018:14:48:20 -0300] "GET /cormun/static/Resources/PXToolsTabPrevious.gif HTTP/1.1" 200 172
200.111.191.210 - - [20/Mar/2018:14:48:20 -0300] "GET /cormun/static/Resources/PXToolsTabNext.gif HTTP/1.1" 200 168
200.111.191.210 - - [20/Mar/2018:14:48:20 -0300] "GET /cormun/static/tbsolicitudot01.js?2017111422581186 HTTP/1.1" 200 30566
200.111.191.210 - - [20/Mar/2018:14:48:21 -0300] "GET /cormun/static/calendar-system.css HTTP/1.1" 200 5572
200.111.191.210 - - [20/Mar/2018:14:48:21 -0300] "GET /cormun/static/Resources/PXToolsTabBackUnselected.png HTTP/1.1" 200 1175
200.111.191.210 - - [20/Mar/2018:14:48:21 -0300] "GET /cormun/static/Resources/PXToolsTabBackSelected.png HTTP/1.1" 200 1157
200.111.191.210 - - [20/Mar/2018:14:48:21 -0300] "GET /cormun/static/Resources/PXToolsTabSelectedUnselected.png HTTP/1.1" 200 1428
200.111.191.210 - - [20/Mar/2018:14:48:21 -0300] "GET /cormun/static/Resources/PXToolsTabUnselectedUnselected.png HTTP/1.1" 200 1459
200.111.191.210 - - [20/Mar/2018:14:48:21 -0300] "GET /cormun/servlet/vesolicitudot?2018,10482,, HTTP/1.1" 200 8586
200.54.247.70 - - [20/Mar/2018:14:48:24 -0300] "POST /cormun/servlet/solicitudot?gx-no-cache=1521568053233 HTTP/1.1" 200 1318
200.54.247.70 - - [20/Mar/2018:14:48:24 -0300] "POST /cormun/servlet/solicitudot?gx-no-cache=1521568053316 HTTP/1.1" 200 1218
200.54.247.70 - - [20/Mar/2018:14:48:24 -0300] "POST /cormun/servlet/solicitudot?gx-no-cache=1521568053360 HTTP/1.1" 200 33
200.54.247.70 - - [20/Mar/2018:14:48:24 -0300] "POST /cormun/servlet/solicitudot?103a31f4f8726fc7ef428678aa2ee3a2,INS,0,0,,gx-no-cache=1521568053418 HTTP/1.1" 200 93
200.54.247.70 - - [20/Mar/2018:14:48:24 -0300] "GET /cormun/servlet/hpexe_return? HTTP/1.1" 200 1008
200.54.247.70 - - [20/Mar/2018:14:48:25 -0300] "GET /cormun/servlet/trsolicitudot HTTP/1.1" 200 8829
200.111.191.210 - - [20/Mar/2018:14:48:25 -0300] "GET /cormun/servlet/vesolicitudot?2018,10482,,SolicitudOTLog HTTP/1.1" 200 9784
200.111.191.210 - - [20/Mar/2018:14:48:25 -0300] "GET /cormun/pexe_scrolldiv.js HTTP/1.1" 404 1009
200.111.191.210 - - [20/Mar/2018:14:48:26 -0300] "GET /cormun/pexe_scrolldiv.js HTTP/1.1" 404 1009
200.111.191.210 - - [20/Mar/2018:14:48:26 -0300] "GET /cormun/static/Resources/PXToolsTabLastSelected.png HTTP/1.1" 200 1262
200.111.191.210 - - [20/Mar/2018:14:48:26 -0300] "GET /cormun/static/tbsolicitudot03.js?20177611592012 HTTP/1.1" 200 13332
200.111.191.210 - - [20/Mar/2018:14:48:26 -0300] "GET /cormun/static/gxui/gxui-all.css HTTP/1.1" 200 2179
200.111.191.210 - - [20/Mar/2018:14:48:26 -0300] "GET /cormun/static/Resources/PXToolsTabUnselectedSelected.png HTTP/1.1" 200 1444
200.111.191.210 - - [20/Mar/2018:14:48:26 -0300] "GET /cormun/static/Resources/PXToolsTabFirstUnselected.png HTTP/1.1" 200 1264
200.111.191.210 - - [20/Mar/2018:14:48:26 -0300] "GET /cormun/static/Shared/ext/resources/css/ext-all.css HTTP/1.1" 200 416045
200.111.191.210 - - [20/Mar/2018:14:48:26 -0300] "GET /cormun/servlet/vesolicitudot?2018,10482,,SolicitudOTLog HTTP/1.1" 200 9786
200.111.191.210 - - [20/Mar/2018:14:48:27 -0300] "POST /cormun/servlet/acontrolpreferencessavestate?None,CINOSTROZA,true HTTP/1.1" 200 35
200.54.247.70 - - [20/Mar/2018:14:48:27 -0300] "POST /cormun/servlet/trsolicitudot?103a31f4f8726fc7ef428678aa2ee3a2,gx-no-cache=1521568056320 HTTP/1.1" 200 4675
200.54.247.70 - - [20/Mar/2018:14:48:27 -0300] "POST /cormun/servlet/trsolicitudot?103a31f4f8726fc7ef428678aa2ee3a2,gx-no-cache=1521568056610 HTTP/1.1" 200 4452
200.54.247.70 - - [20/Mar/2018:14:48:27 -0300] "GET /cormun/static/Shared/jqueryui/images/ui-bg_flat_55_fafafa_40x100.png HTTP/1.1" 404 1097
200.54.247.70 - - [20/Mar/2018:14:48:27 -0300] "GET /cormun/static/Shared/jqueryui/images/ui-icons_8d78a5_256x240.png HTTP/1.1" 404 1089
200.54.247.70 - - [20/Mar/2018:14:48:27 -0300] "GET /cormun/static/Shared/jqueryui/images/ui-icons_82798d_256x240.png HTTP/1.1" 404 1089
200.54.247.70 - - [20/Mar/2018:14:48:27 -0300] "GET /cormun/static/Shared/jqueryui/images/ui-bg_highlight-soft_100_c6c2c8_1x100.png HTTP/1.1" 404 1117
200.72.197.82 - - [20/Mar/2018:14:48:30 -0300] "POST /cormun/servlet/veautorizarsolicitud?01cde78fb0c6f6f02cfb8652ea100138,2018,10684,,,gx-no-cache=1521568059827 HTTP/1.1" 200 90
200.72.197.82 - - [20/Mar/2018:14:48:30 -0300] "GET /cormun/servlet/hpexe_link HTTP/1.1" 200 971
200.72.197.82 - - [20/Mar/2018:14:48:30 -0300] "GET /cormun/servlet/trautorizarsolicitud HTTP/1.1" 200 10529
186.67.172.234 - - [20/Mar/2018:14:48:31 -0300] "POST /cormun/servlet/solicitudot?gx-no-cache=1521568007457 HTTP/1.1" 200 3284
186.67.172.234 - - [20/Mar/2018:14:48:31 -0300] "POST /cormun/servlet/solicitudot?4c7356866b552c544aecaa012f3ecd11,INS,0,0,,gx-no-cache=1521568007597 HTTP/1.1" 200 10433
200.72.197.82 - - [20/Mar/2018:14:48:32 -0300] "GET /cormun/servlet/trautorizarsolicitud HTTP/1.1" 200 10528
200.111.191.210 - - [20/Mar/2018:14:48:32 -0300] "GET /cormun/servlet/vesolicitudot?2018,10482,, HTTP/1.1" 200 8587
200.111.191.210 - - [20/Mar/2018:14:48:33 -0300] "GET /cormun/servlet/vesolicitudot?2018,10482,, HTTP/1.1" 200 8586
200.111.191.210 - - [20/Mar/2018:14:48:34 -0300] "GET /cormun/servlet/trsolicitudot? HTTP/1.1" 200 15038
200.111.191.210 - - [20/Mar/2018:14:48:34 -0300] "GET /cormun/servlet/trsolicitudot? HTTP/1.1" 200 15039
200.54.247.70 - - [20/Mar/2018:14:48:35 -0300] "GET /cormun/servlet/trautorizarsolicitud? HTTP/1.1" 200 8717
200.54.247.70 - - [20/Mar/2018:14:48:38 -0300] "POST /cormun/servlet/trautorizarsolicitud?103a31f4f8726fc7ef428678aa2ee3a2,,gx-no-cache=1521568067266 HTTP/1.1" 200 4606
200.54.247.70 - - [20/Mar/2018:14:48:38 -0300] "POST /cormun/servlet/trautorizarsolicitud?103a31f4f8726fc7ef428678aa2ee3a2,,gx-no-cache=1521568067666 HTTP/1.1" 200 4386
200.54.247.70 - - [20/Mar/2018:14:48:39 -0300] "GET /cormun/static/Shared/jqueryui/images/ui-icons_8d78a5_256x240.png HTTP/1.1" 404 1089
200.54.247.70 - - [20/Mar/2018:14:48:39 -0300] "GET /cormun/static/Shared/jqueryui/images/ui-bg_flat_55_fafafa_40x100.png HTTP/1.1" 404 1097
200.54.247.70 - - [20/Mar/2018:14:48:39 -0300] "GET /cormun/static/Shared/jqueryui/images/ui-bg_highlight-soft_100_c6c2c8_1x100.png HTTP/1.1" 404 1117
200.54.247.70 - - [20/Mar/2018:14:48:39 -0300] "GET /cormun/static/Shared/jqueryui/images/ui-icons_82798d_256x240.png HTTP/1.1" 404 1089
186.67.172.234 - - [20/Mar/2018:14:48:39 -0300] "GET /cormun/servlet/solicitudot?ca98fb29bb7e5f75e96bcc057b863ccfbb7282b1eafec41da2bd10bcbe23076375c77c67bcb3da5d018a6a61afc5bfd0,gx-no-cache=1521568016127 HTTP/1.1" 200 30
200.111.191.210 - - [20/Mar/2018:14:48:43 -0300] "GET /cormun/servlet/vesolicitudot?2018,10470,, HTTP/1.1" 200 8571
200.111.191.210 - - [20/Mar/2018:14:48:43 -0300] "GET /cormun/pexe_scrolldiv.js HTTP/1.1" 404 1009
200.111.191.210 - - [20/Mar/2018:14:48:43 -0300] "GET /cormun/pexe_scrolldiv.js HTTP/1.1" 404 1009
200.111.191.210 - - [20/Mar/2018:14:48:43 -0300] "GET /cormun/servlet/vesolicitudot?2018,10470,, HTTP/1.1" 200 8571
200.111.191.210 - - [20/Mar/2018:14:48:45 -0300] "GET /cormun/servlet/vesolicitudot?2018,10470,,SolicitudOTLog HTTP/1.1" 200 9780
200.111.191.210 - - [20/Mar/2018:14:48:45 -0300] "GET /cormun/pexe_scrolldiv.js HTTP/1.1" 404 1009
200.111.191.210 - - [20/Mar/2018:14:48:46 -0300] "GET /cormun/servlet/vesolicitudot?2018,10470,,SolicitudOTLog HTTP/1.1" 200 9781
200.111.191.210 - - [20/Mar/2018:14:48:46 -0300] "POST /cormun/servlet/acontrolpreferencessavestate?None,CINOSTROZA,true HTTP/1.1" 200 35
200.111.191.210 - - [20/Mar/2018:14:48:49 -0300] "GET /cormun/servlet/vesolicitudot?2018,10470,, HTTP/1.1" 200 8571
200.111.191.210 - - [20/Mar/2018:14:48:49 -0300] "GET /cormun/servlet/vesolicitudot?2018,10470,, HTTP/1.1" 200 8571
200.111.191.210 - - [20/Mar/2018:14:48:53 -0300] "GET /cormun/servlet/trsolicitudot? HTTP/1.1" 200 15038
200.111.191.210 - - [20/Mar/2018:14:48:54 -0300] "GET /cormun/servlet/trsolicitudot? HTTP/1.1" 200 15039
200.111.191.210 - - [20/Mar/2018:14:48:57 -0300] "GET /cormun/servlet/vesolicitudot?2018,10425,, HTTP/1.1" 200 8547
200.111.191.210 - - [20/Mar/2018:14:48:57 -0300] "GET /cormun/pexe_scrolldiv.js HTTP/1.1" 404 1009
200.111.191.210 - - [20/Mar/2018:14:48:57 -0300] "GET /cormun/pexe_scrolldiv.js HTTP/1.1" 404 1009
200.111.191.210 - - [20/Mar/2018:14:48:57 -0300] "GET /cormun/servlet/vesolicitudot?2018,10425,, HTTP/1.1" 200 8547
200.111.191.210 - - [20/Mar/2018:14:48:59 -0300] "GET /cormun/servlet/vesolicitudot?2018,10425,,SolicitudOTLog HTTP/1.1" 200 9783
200.111.191.210 - - [20/Mar/2018:14:48:59 -0300] "GET /cormun/pexe_scrolldiv.js HTTP/1.1" 404 1009
