186.9.11.105 - - [20/Mar/2018:11:50:12 -0300] "GET /cormun/static/PXToolsJavascripts/pexe_autoreload.js HTTP/1.1" 200 1762
186.9.11.105 - - [20/Mar/2018:11:50:12 -0300] "GET /cormun/static/gxcfg.js?20175251212442 HTTP/1.1" 200 953
186.9.11.105 - - [20/Mar/2018:11:50:12 -0300] "GET /cormun/static/scaMessage/css/jquery.pnotify.default.css?1716380 HTTP/1.1" 200 1707
186.9.11.105 - - [20/Mar/2018:11:50:12 -0300] "GET /cormun/static/Shared/jqueryui/jquery-ui.min.css?1245370 HTTP/1.1" 200 30288
186.9.11.105 - - [20/Mar/2018:11:50:12 -0300] "GET /cormun/static/PXToolsJavascripts/pexe_cookies.js HTTP/1.1" 200 792
186.9.11.105 - - [20/Mar/2018:11:50:12 -0300] "GET /cormun/static/PXToolsJavascripts/pexe_windows.js HTTP/1.1" 200 15207
186.9.11.105 - - [20/Mar/2018:11:50:12 -0300] "GET /cormun/static/PXToolsJavascripts/pexe_link.js HTTP/1.1" 200 5671
186.9.11.105 - - [20/Mar/2018:11:50:12 -0300] "GET /cormun/static/PXToolsJavascripts/pexe_grid.js HTTP/1.1" 200 7559
186.9.11.105 - - [20/Mar/2018:11:50:12 -0300] "GET /cormun/static/PXToolsJavascripts/pexe_griddivfix.js HTTP/1.1" 200 6644
186.9.11.105 - - [20/Mar/2018:11:50:12 -0300] "GET /cormun/static/PXToolsJavascripts/pexe_menudivfix.js HTTP/1.1" 200 333
186.9.11.105 - - [20/Mar/2018:11:50:12 -0300] "GET /cormun/static/PXToolsJavascripts/pexe_oav.js HTTP/1.1" 200 645
186.9.11.105 - - [20/Mar/2018:11:50:12 -0300] "GET /cormun/static/PXToolsJavascripts/pexe_menus.js HTTP/1.1" 200 1286
186.9.11.105 - - [20/Mar/2018:11:50:12 -0300] "GET /cormun/static/PXToolsJavascripts/pexe_layers.js HTTP/1.1" 200 4114
186.9.11.105 - - [20/Mar/2018:11:50:12 -0300] "GET /cormun/static/PXToolsJavascripts/pexe_oavdivfix.js HTTP/1.1" 200 639
186.9.11.105 - - [20/Mar/2018:11:50:12 -0300] "GET /cormun/static/PXToolsJavascripts/pexe_picture.js HTTP/1.1" 200 689
186.9.11.105 - - [20/Mar/2018:11:50:12 -0300] "GET /cormun/static/PXToolsJavascripts/pexe_popup.js HTTP/1.1" 200 13458
186.9.11.105 - - [20/Mar/2018:11:50:12 -0300] "GET /cormun/static/PXToolsJavascripts/pexe_scrolldiv.js HTTP/1.1" 200 4138
186.9.11.105 - - [20/Mar/2018:11:50:12 -0300] "GET /cormun/static/PXToolsJavascripts/pexe_tabdivfix.js HTTP/1.1" 200 876
186.9.11.105 - - [20/Mar/2018:11:50:12 -0300] "GET /cormun/static/PXToolsJavascripts/pexe_tabs.js HTTP/1.1" 200 3748
186.9.11.105 - - [20/Mar/2018:11:50:12 -0300] "GET /cormun/static/PXToolsJavascripts/pexe_upload.js HTTP/1.1" 200 1423
186.9.11.105 - - [20/Mar/2018:11:50:12 -0300] "GET /cormun/static/PXToolsJavascripts/PXToolsJavascriptsRender.js HTTP/1.1" 200 367
186.9.11.105 - - [20/Mar/2018:11:50:12 -0300] "GET /cormun/static/RunJS/RunJS.js HTTP/1.1" 200 288
186.9.11.105 - - [20/Mar/2018:11:50:12 -0300] "GET /cormun/static/Shared/ext/locale/ext-lang-en.js HTTP/1.1" 200 10940
186.9.11.105 - - [20/Mar/2018:11:50:12 -0300] "GET /cormun/static/hhome.js?20175251212450 HTTP/1.1" 200 777
186.9.11.105 - - [20/Mar/2018:11:50:12 -0300] "GET /cormun/static/hwchdr01.js?201752511465785 HTTP/1.1" 200 1183
186.9.11.105 - - [20/Mar/2018:11:50:12 -0300] "GET /cormun/static/Resources/logo4.png HTTP/1.1" 200 6582
186.9.11.105 - - [20/Mar/2018:11:50:12 -0300] "GET /cormun/static/gxui/gxui-all.js HTTP/1.1" 200 107772
186.9.11.105 - - [20/Mar/2018:11:50:12 -0300] "GET /cormun/static/Resources/PXToolsHeaderBackground2.png HTTP/1.1" 200 1174
186.9.11.105 - - [20/Mar/2018:11:50:12 -0300] "GET /cormun/static/Resources/PXToolsFooterBackground2.png HTTP/1.1" 200 1172
186.9.11.105 - - [20/Mar/2018:11:50:12 -0300] "GET /cormun/static/Resources/PXToolsDataTitle.png HTTP/1.1" 200 1173
186.9.11.105 - - [20/Mar/2018:11:50:12 -0300] "GET /cormun/static/Resources/PXToolsHeaderActionsBackground.png HTTP/1.1" 200 484
186.9.11.105 - - [20/Mar/2018:11:50:12 -0300] "GET /cormun/static/Resources/PXToolsHeaderPreferences.png HTTP/1.1" 200 4189
186.9.11.105 - - [20/Mar/2018:11:50:12 -0300] "GET /cormun/static/Resources/PXToolsHeaderActionsRight.png HTTP/1.1" 200 1201
186.9.11.105 - - [20/Mar/2018:11:50:12 -0300] "GET /cormun/static/Resources/PXToolsHeaderSecurity.png HTTP/1.1" 200 4166
186.9.11.105 - - [20/Mar/2018:11:50:12 -0300] "GET /cormun/static/Resources/PXToolsHeaderHome.png HTTP/1.1" 200 4147
186.9.11.105 - - [20/Mar/2018:11:50:12 -0300] "GET /cormun/static/Resources/PXToolsHeaderLogin.png HTTP/1.1" 200 4279
186.9.11.105 - - [20/Mar/2018:11:50:12 -0300] "GET /cormun/static/Resources/PXToolsHeaderActionsLeft.png HTTP/1.1" 200 1118
186.9.11.105 - - [20/Mar/2018:11:50:12 -0300] "GET /cormun/static/hpexe_recentlink.js?20177611595044 HTTP/1.1" 200 2144
186.9.11.105 - - [20/Mar/2018:11:50:12 -0300] "GET /cormun/static/hpexe_scripts.js?201752511465715 HTTP/1.1" 200 1544
186.9.11.105 - - [20/Mar/2018:11:50:12 -0300] "GET /cormun/static/hpexe_messagecontroller.js?20177611595012 HTTP/1.1" 200 870
186.9.11.105 - - [20/Mar/2018:11:50:12 -0300] "GET /cormun/static/hpexe_messagepopupcomponent.js?20161017169425 HTTP/1.1" 200 605
186.9.11.105 - - [20/Mar/2018:11:50:12 -0300] "GET /cormun/static/hpexe_messagegenexuscomponent.js?201752511465344 HTTP/1.1" 200 587
186.9.11.105 - - [20/Mar/2018:11:50:12 -0300] "GET /cormun/static/cmcontrolpreferences.js?201752511465670 HTTP/1.1" 200 1375
186.9.11.105 - - [20/Mar/2018:11:50:13 -0300] "GET /cormun/static/SmoothNavMenu/resources/ddsmoothmenu.js HTTP/1.1" 200 12712
186.9.11.105 - - [20/Mar/2018:11:50:13 -0300] "GET /cormun/static/Shared/jquery/jquery-1.4.2.min.js HTTP/1.1" 200 72174
186.9.11.105 - - [20/Mar/2018:11:50:13 -0300] "GET /cormun/static/SmoothNavMenu/resources/SmoothNavMenuRender.js HTTP/1.1" 200 5951
186.9.11.105 - - [20/Mar/2018:11:50:13 -0300] "GET /cormun/static/scaMessage/js/jquery.pnotify.min.js HTTP/1.1" 200 13038
186.9.11.105 - - [20/Mar/2018:11:50:13 -0300] "GET /cormun/static/scaMessage/scaMessageRender.js HTTP/1.1" 200 11977
186.9.11.105 - - [20/Mar/2018:11:50:13 -0300] "GET /cormun/static/Shared/jqueryui/jquery-ui.min.js HTTP/1.1" 200 240427
186.9.11.105 - - [20/Mar/2018:11:50:13 -0300] "GET /cormun/static/hmpwkw03.js?20177612122668 HTTP/1.1" 200 3965
186.9.11.105 - - [20/Mar/2018:11:50:13 -0300] "GET /cormun/static/Shared/jquery/jquery-1.10.2.min.js HTTP/1.1" 200 273199
186.9.11.105 - - [20/Mar/2018:11:50:18 -0300] "GET /cormun/static/Shared/ext/ext-all.js HTTP/1.1" 200 1289687
186.9.11.105 - - [20/Mar/2018:11:50:19 -0300] "GET /cormun/static/SmoothNavMenu/resources/images/down.gif HTTP/1.1" 200 854
186.9.11.105 - - [20/Mar/2018:11:50:19 -0300] "GET /cormun/static/SmoothNavMenu/resources/images/right.gif HTTP/1.1" 200 860
186.9.11.105 - - [20/Mar/2018:11:50:19 -0300] "GET /cormun/servlet/hhome HTTP/1.1" 200 4447
200.111.122.170 - - [20/Mar/2018:11:50:20 -0300] "GET /cormun/servlet/solicitudotadjuntos?d7578070f79080646735f0c230275740dc14255f576fa40176b52899e7c6094465803bf4e9c5b46c846445703280a9ed,gx-no-cache=1521557369366 HTTP/1.1" 200 30
186.103.159.182 - - [20/Mar/2018:11:50:20 -0300] "GET /cormun/static/Resources/resize.gif HTTP/1.1" 200 77
186.103.159.182 - - [20/Mar/2018:11:50:21 -0300] "GET /cormun/servlet/prfichaempleado?,MD,,gxPopupLevel%3D0%3B HTTP/1.1" 200 9431
186.103.159.182 - - [20/Mar/2018:11:50:22 -0300] "GET /cormun/static/gxcfg.js?20177612134814 HTTP/1.1" 200 953
186.103.159.182 - - [20/Mar/2018:11:50:22 -0300] "GET /cormun/static/Resources/PXToolsMenuSearch.png HTTP/1.1" 200 2914
186.103.159.182 - - [20/Mar/2018:11:50:22 -0300] "GET /cormun/static/Resources/PXToolsMenuSearchCancel.png HTTP/1.1" 200 2972
186.103.159.182 - - [20/Mar/2018:11:50:22 -0300] "GET /cormun/static/menusearch.js?201610171694467 HTTP/1.1" 200 1424
186.103.159.182 - - [20/Mar/2018:11:50:22 -0300] "GET /cormun/static/hmpwkw011.js?20177612121862 HTTP/1.1" 200 1968
186.103.159.182 - - [20/Mar/2018:11:50:22 -0300] "GET /cormun/static/prfichaempleado.js?20177612134999 HTTP/1.1" 200 16006
200.111.122.170 - - [20/Mar/2018:11:50:22 -0300] "POST /cormun/servlet/solicitudotadjuntos?8d8b6d79b923792ba03d3aefb9d5a7bd,INS,2018,10659,,1, HTTP/1.1" 200 6558
200.111.122.170 - - [20/Mar/2018:11:50:23 -0300] "GET /cormun/PrivateTempStorage/upload_00015877.jpg HTTP/1.1" 200 244542
186.9.11.105 - - [20/Mar/2018:11:50:26 -0300] "GET /cormun/servlet/trsolicitudgral? HTTP/1.1" 200 28387
186.9.11.105 - - [20/Mar/2018:11:50:26 -0300] "GET /cormun/static/gxui/gxui-all.css?120300 HTTP/1.1" 200 2179
186.9.11.105 - - [20/Mar/2018:11:50:26 -0300] "GET /cormun/static/calendar-system.css?85620 HTTP/1.1" 200 5572
186.9.11.105 - - [20/Mar/2018:11:50:26 -0300] "GET /cormun/static/gxcfg.js?201813119461163 HTTP/1.1" 200 953
186.9.11.105 - - [20/Mar/2018:11:50:26 -0300] "GET /cormun/static/calendar.js?85251 HTTP/1.1" 200 26246
186.9.11.105 - - [20/Mar/2018:11:50:26 -0300] "GET /cormun/static/calendar-setup.js?85251 HTTP/1.1" 200 2588
186.9.11.105 - - [20/Mar/2018:11:50:26 -0300] "GET /cormun/static/calendar-es.js?85251 HTTP/1.1" 200 1901
186.9.11.105 - - [20/Mar/2018:11:50:26 -0300] "GET /cormun/static/Resources/Spanish/PXTools.css?1255365 HTTP/1.1" 200 89042
186.9.11.105 - - [20/Mar/2018:11:50:27 -0300] "GET /cormun/static/gxdec.js?85251 HTTP/1.1" 200 19579
186.9.11.105 - - [20/Mar/2018:11:50:27 -0300] "GET /cormun/static/Shared/ext/resources/css/ext-all.css?215870 HTTP/1.1" 200 416045
186.9.11.105 - - [20/Mar/2018:11:50:27 -0300] "GET /cormun/static/trsolicitudgral.js?201813119462015 HTTP/1.1" 200 55173
186.9.11.105 - - [20/Mar/2018:11:50:27 -0300] "GET /cormun/static/Resources/PXTools/calendar.png HTTP/1.1" 200 1306
186.9.11.105 - - [20/Mar/2018:11:50:27 -0300] "GET /cormun/static/Resources/PXToolsDataSearch.png HTTP/1.1" 200 419
186.9.11.105 - - [20/Mar/2018:11:50:27 -0300] "GET /cormun/static/Resources/PXToolsGridFirstDisabled.gif HTTP/1.1" 200 100
186.9.11.105 - - [20/Mar/2018:11:50:27 -0300] "GET /cormun/static/Resources/PXToolsGridPreviousDisabled.gif HTTP/1.1" 200 90
186.9.11.105 - - [20/Mar/2018:11:50:27 -0300] "GET /cormun/static/Resources/PXToolsGridNextDisabled.gif HTTP/1.1" 200 90
186.9.11.105 - - [20/Mar/2018:11:50:27 -0300] "GET /cormun/static/Resources/PXToolsGridLastDisabled.gif HTTP/1.1" 200 98
186.9.11.105 - - [20/Mar/2018:11:50:27 -0300] "GET /cormun/static/Resources/PXToolsActionExcel.png HTTP/1.1" 200 3187
186.9.11.105 - - [20/Mar/2018:11:50:27 -0300] "GET /cormun/static/Resources/PXToolsRemoveAllStandardAction.png HTTP/1.1" 200 495
186.9.11.105 - - [20/Mar/2018:11:50:27 -0300] "GET /cormun/static/Resources/PXToolsGridPage.gif HTTP/1.1" 200 725
186.9.11.105 - - [20/Mar/2018:11:50:27 -0300] "GET /cormun/static/Resources/PXToolsAddAllStandardAction.png HTTP/1.1" 200 628
186.9.11.105 - - [20/Mar/2018:11:50:28 -0300] "GET /cormun/static/Resources/desc.gif HTTP/1.1" 200 65
186.9.11.105 - - [20/Mar/2018:11:50:28 -0300] "GET /cormun//static/Resources/PXToolsGridUpdate.png HTTP/1.1" 200 2984
186.9.11.105 - - [20/Mar/2018:11:50:28 -0300] "GET /cormun//static/Resources/PXToolsGridDelete.png HTTP/1.1" 200 357
186.9.11.105 - - [20/Mar/2018:11:50:28 -0300] "GET /cormun/static/Resources/asc.gif HTTP/1.1" 200 67
186.9.11.105 - - [20/Mar/2018:11:50:28 -0300] "GET /cormun/static/Shared/ext/resources/themes/images/default/panel/bg-headersPanel.png HTTP/1.1" 200 255
186.9.11.105 - - [20/Mar/2018:11:50:28 -0300] "GET /cormun/static/Shared/ext/resources/themes/images/default/tools/tool-sprites.gif HTTP/1.1" 200 5434
186.9.11.105 - - [20/Mar/2018:11:50:28 -0300] "GET /cormun/servlet/trsolicitudgral? HTTP/1.1" 200 28386
200.111.122.170 - - [20/Mar/2018:11:50:36 -0300] "POST /cormun/servlet/solicitudotadjuntos?8d8b6d79b923792ba03d3aefb9d5a7bd,INS,2018,10659,,1, HTTP/1.1" 200 116
200.111.122.170 - - [20/Mar/2018:11:50:36 -0300] "GET /cormun/servlet/hpexe_return? HTTP/1.1" 200 1025
200.111.122.170 - - [20/Mar/2018:11:50:37 -0300] "GET /cormun/servlet/trsolicitudadjuntos?2018,10659, HTTP/1.1" 200 8961
200.111.122.170 - - [20/Mar/2018:11:50:38 -0300] "GET /cormun/servlet/trsolicitudadjuntos?2018,10659, HTTP/1.1" 200 8961
186.103.159.182 - - [20/Mar/2018:11:50:41 -0300] "POST /cormun/servlet/prfichaempleado?6dbbebb7a62cf1c99206bab7e9049e51,,MD,,gxPopupLevel%3D0%3B,gx-no-cache=1521557389622 HTTP/1.1" 200 6294
200.111.122.170 - - [20/Mar/2018:11:50:41 -0300] "GET /cormun/servlet/solicitudotadjuntos?INS,2018,10659,,1, HTTP/1.1" 200 6234
186.103.159.182 - - [20/Mar/2018:11:50:41 -0300] "GET /cormun/static/Resources/PXToolsGridNext.gif HTTP/1.1" 200 369
186.103.159.182 - - [20/Mar/2018:11:50:41 -0300] "GET /cormun/static/Resources/PXToolsGridLast.gif HTTP/1.1" 200 370
200.111.122.170 - - [20/Mar/2018:11:50:41 -0300] "GET /cormun/static/about:blank HTTP/1.1" 404 1011
186.9.11.105 - - [20/Mar/2018:11:50:42 -0300] "POST /cormun/servlet/trsolicitudgral?139a49922168e8279548d9b540f69e84,,gx-no-cache=1521557393175 HTTP/1.1" 200 5920
186.103.132.155 - - [20/Mar/2018:11:50:42 -0300] "GET /cormun/servlet/solicitudotadjuntos?d7578070f79080646735f0c2302757406ac510690fb5d23d9299da2576acd098595b04b669d48d99e161d5b72dc8da9c,gx-no-cache=1521557392042 HTTP/1.1" 200 30
200.111.122.170 - - [20/Mar/2018:11:50:43 -0300] "GET /cormun/servlet/solicitudotadjuntos?INS,2018,10659,,1, HTTP/1.1" 200 6228
186.103.132.155 - - [20/Mar/2018:11:50:43 -0300] "POST /cormun/servlet/solicitudotadjuntos?8d8b6d79b923792ba03d3aefb9d5a7bd,INS,2018,10659,,1,,gx-no-cache=1521557392268 HTTP/1.1" 200 3983
186.9.11.105 - - [20/Mar/2018:11:50:48 -0300] "POST /cormun/servlet/trsolicitudgral?139a49922168e8279548d9b540f69e84,,gx-no-cache=1521557399933 HTTP/1.1" 200 11117
186.103.132.155 - - [20/Mar/2018:11:50:49 -0300] "POST /cormun/servlet/solicitudotadjuntos?gx-no-cache=1521557398686 HTTP/1.1" 200 26
186.103.132.155 - - [20/Mar/2018:11:50:56 -0300] "GET /cormun/servlet/solicitudotadjuntos?d7578070f79080646735f0c230275740b656450b8c202f847dd15bbe0445983f,gx-no-cache=1521557405377 HTTP/1.1" 200 30
186.103.132.155 - - [20/Mar/2018:11:50:56 -0300] "GET /cormun/servlet/solicitudotadjuntos?d7578070f79080646735f0c230275740b656450b8c202f847dd15bbe0445983f,gx-no-cache=1521557405463 HTTP/1.1" 200 30
186.103.132.155 - - [20/Mar/2018:11:50:57 -0300] "POST /cormun/servlet/solicitudotadjuntos?8d8b6d79b923792ba03d3aefb9d5a7bd,INS,2018,10659,,1, HTTP/1.1" 200 116
186.103.132.155 - - [20/Mar/2018:11:50:57 -0300] "GET /cormun/servlet/hpexe_return? HTTP/1.1" 200 1025
186.103.132.155 - - [20/Mar/2018:11:50:57 -0300] "GET /cormun/servlet/trsolicitudadjuntos?2018,10659, HTTP/1.1" 200 9168
186.103.132.155 - - [20/Mar/2018:11:50:58 -0300] "GET /cormun/servlet/trsolicitudadjuntos?2018,10659, HTTP/1.1" 200 9167
186.67.172.234 - - [20/Mar/2018:11:51:02 -0300] "POST /cormun/servlet/trsolicitudot?67c483a1bf9f59a54834be3a00850139,gx-no-cache=1521557358157 HTTP/1.1" 200 106
186.103.132.155 - - [20/Mar/2018:11:51:02 -0300] "GET /cormun/servlet/solicitudotadjuntos?INS,2018,10659,,1, HTTP/1.1" 200 6234
186.67.172.234 - - [20/Mar/2018:11:51:02 -0300] "GET /cormun/servlet/solicitudot?UPD,2018,10662, HTTP/1.1" 200 15435
186.67.172.234 - - [20/Mar/2018:11:51:02 -0300] "GET /cormun/servlet/solicitudot?UPD,2018,10662, HTTP/1.1" 200 15444
186.103.132.155 - - [20/Mar/2018:11:51:03 -0300] "GET /cormun/static/about:blank HTTP/1.1" 404 1011
200.111.122.170 - - [20/Mar/2018:11:51:03 -0300] "GET /cormun/servlet/solicitudotadjuntos?INS,2018,10659,,1, HTTP/1.1" 200 6228
186.67.172.234 - - [20/Mar/2018:11:51:03 -0300] "POST /cormun/servlet/solicitudot?gx-no-cache=1521557359933 HTTP/1.1" 200 3414
186.103.161.206 - - [20/Mar/2018:11:51:03 -0300] "GET /cormun/servlet/solicitudotadjuntos?d7578070f79080646735f0c2302757406ac510690fb5d23d9299da2576acd098595b04b669d48d99e161d5b72dc8da9c,gx-no-cache=1521557412689 HTTP/1.1" 200 30
186.67.172.234 - - [20/Mar/2018:11:51:03 -0300] "POST /cormun/servlet/solicitudot?67c483a1bf9f59a54834be3a00850139,UPD,2018,10662,,gx-no-cache=1521557360177 HTTP/1.1" 200 11691
186.67.172.234 - - [20/Mar/2018:11:51:03 -0300] "GET /cormun/servlet/solicitudot?44f12c673d5e11f49b0a70bb5e99454a34746f9202202968f25f1a424dc71e147daa44e718bee140a60e2549d27ef972,gx-no-cache=1521557360461 HTTP/1.1" 200 30
186.103.161.206 - - [20/Mar/2018:11:51:03 -0300] "POST /cormun/servlet/solicitudotadjuntos?8d8b6d79b923792ba03d3aefb9d5a7bd,INS,2018,10659,,1,,gx-no-cache=1521557412969 HTTP/1.1" 200 3982
186.67.172.234 - - [20/Mar/2018:11:51:04 -0300] "GET /cormun/servlet/solicitudot?44f12c673d5e11f49b0a70bb5e99454a5a7c85d1174e4973cbdd89b858f8e1f65f40137d15834a4406477f95be353e59a94fc396ed6ce6013050baf3b57a132c,gx-no-cache=1521557360557 HTTP/1.1" 200 30
186.67.172.234 - - [20/Mar/2018:11:51:04 -0300] "GET /cormun/servlet/solicitudot?44f12c673d5e11f49b0a70bb5e99454a2f4a210a4b4fcff28ecbde9774a6faee6d0bf8027166fe2ee3d32044aa9e1ca7535045d2de5c77a8360ec8c4faf44efb,gx-no-cache=1521557360639 HTTP/1.1" 200 51
186.67.172.234 - - [20/Mar/2018:11:51:04 -0300] "POST /cormun/servlet/solicitudot?gx-no-cache=1521557360981 HTTP/1.1" 200 257
186.67.172.234 - - [20/Mar/2018:11:51:04 -0300] "GET /cormun/servlet/solicitudot?44f12c673d5e11f49b0a70bb5e99454a39a918744870241ed2e78839bab5ee2c2e1ac3dea874f4d133f1ec510d6c2085a75caab47bca0a0e2d7fbc9165ceb6510fcf142e632414e50f01f676c0a128eaddc90e20d07f4e5c09e80b0449f5adeb5fa56e09d7f8491227352aeb98d6421f8933762766f385abfeee337b39ba9c7a97f3a9c1cc620729379643c6fa06b945ee3e8575211361d4d43ec429b5613537612f782ebb28cca6d1988955fb75dcd733a504d7ca4e8175011629cb6d5bda463f20dc4cf50ee2ad9477b158d033a10d35a3fc3b8aa0975ffbf2f57a47efdd5b667cedddc37db259108fd828832f9ff95867e725e8e09d0b556159f6947570f19f5fe3343dc65c9abc52045d70cc5c75ea3b7cc7f5bd7055c438e76f0fe4b55fde8560dce4e23a44ddaa930a9992e0dc40e0c528360bd1f8b42d6484782f8b2a2d99396f70484c40c7abd5a1f3eafe9349df019896b17a4d68fa44a9fd09d03b82f6519aad383b652a9699fbcb74680d954742d88254e1a91b7229c01be8b4ef,gx-no-cache=1521557361068 HTTP/1.1" 200 30
186.67.172.234 - - [20/Mar/2018:11:51:04 -0300] "POST /cormun/servlet/solicitudot?gx-no-cache=1521557361129 HTTP/1.1" 200 30
186.67.172.234 - - [20/Mar/2018:11:51:05 -0300] "POST /cormun/servlet/solicitudot?gx-no-cache=1521557361225 HTTP/1.1" 200 1336
186.9.11.105 - - [20/Mar/2018:11:51:05 -0300] "POST /cormun/servlet/trsolicitudgral?139a49922168e8279548d9b540f69e84,,gx-no-cache=1521557416617 HTTP/1.1" 200 5931
186.67.172.234 - - [20/Mar/2018:11:51:05 -0300] "POST /cormun/servlet/solicitudot?gx-no-cache=1521557361761 HTTP/1.1" 200 41
186.103.159.182 - - [20/Mar/2018:11:51:09 -0300] "GET /cormun/servlet/licenciaspermisos?8e24da620f2478934fcbc535dcff4d33850b05c0dfda9aad99af939b186798c42cb04f0c68998cf6e9f5ae1c66dd9e8b,gx-no-cache=1521557418437 HTTP/1.1" 200 79
186.103.159.182 - - [20/Mar/2018:11:51:10 -0300] "POST /cormun/servlet/licenciaspermisos?6dbbebb7a62cf1c99206bab7e9049e51,INS,0,,,,gx-no-cache=1521557418576 HTTP/1.1" 200 4880
186.103.161.206 - - [20/Mar/2018:11:51:10 -0300] "POST /cormun/servlet/solicitudotadjuntos?gx-no-cache=1521557419297 HTTP/1.1" 200 26
186.9.11.105 - - [20/Mar/2018:11:51:14 -0300] "POST /cormun/servlet/trsolicitudgral?139a49922168e8279548d9b540f69e84,,gx-no-cache=1521557425988 HTTP/1.1" 200 5925
186.9.11.105 - - [20/Mar/2018:11:51:19 -0300] "GET /cormun/static/menuarrow.gif HTTP/1.1" 404 1015
186.103.159.182 - - [20/Mar/2018:11:51:21 -0300] "GET /cormun/servlet/trlicencias? HTTP/1.1" 200 8905
186.103.159.182 - - [20/Mar/2018:11:51:23 -0300] "GET /cormun/servlet/trlicencias? HTTP/1.1" 200 8903
186.9.11.105 - - [20/Mar/2018:11:51:29 -0300] "POST /cormun/servlet/trsolicitudgral?139a49922168e8279548d9b540f69e84,,gx-no-cache=1521557439859 HTTP/1.1" 200 5931
186.67.172.234 - - [20/Mar/2018:11:51:31 -0300] "GET /cormun/servlet/solicitudot?44f12c673d5e11f49b0a70bb5e99454a55e6bd5385f476144112e596425450c9f6ad9a5f019cbec0657e1bb41722ab644afe1baed286468afc894fddc953e66ed2893e68ad54371f42719f36a10d7736b03f9424972a9909d704cef9561120535f75cc190965caba1a4b14e3acda9e65,gx-no-cache=1521557387506 HTTP/1.1" 200 29
186.67.172.234 - - [20/Mar/2018:11:51:31 -0300] "POST /cormun/servlet/solicitudot?gx-no-cache=1521557387640 HTTP/1.1" 200 1319
186.67.172.234 - - [20/Mar/2018:11:51:31 -0300] "POST /cormun/servlet/solicitudot?gx-no-cache=1521557388185 HTTP/1.1" 200 1218
186.67.172.234 - - [20/Mar/2018:11:51:31 -0300] "GET /cormun/servlet/solicitudot?44f12c673d5e11f49b0a70bb5e99454a8611d717c63fc8065bb5a7e6eaa8427c18c78c02388185cb406dfafe9450044c,gx-no-cache=1521557388245 HTTP/1.1" 200 30
186.67.172.234 - - [20/Mar/2018:11:51:31 -0300] "POST /cormun/servlet/solicitudot?gx-no-cache=1521557388309 HTTP/1.1" 200 30
186.67.172.234 - - [20/Mar/2018:11:51:32 -0300] "POST /cormun/servlet/solicitudot?67c483a1bf9f59a54834be3a00850139,UPD,2018,10662,,gx-no-cache=1521557388396 HTTP/1.1" 200 93
186.67.172.234 - - [20/Mar/2018:11:51:32 -0300] "GET /cormun/servlet/hpexe_return? HTTP/1.1" 200 1016
186.67.172.234 - - [20/Mar/2018:11:51:32 -0300] "GET /cormun/servlet/trsolicitudot HTTP/1.1" 200 9860
186.67.172.234 - - [20/Mar/2018:11:51:32 -0300] "GET /cormun/servlet/trsolicitudot HTTP/1.1" 200 9855
186.9.11.105 - - [20/Mar/2018:11:51:36 -0300] "POST /cormun/servlet/trsolicitudgral?139a49922168e8279548d9b540f69e84,,gx-no-cache=1521557447947 HTTP/1.1" 200 5929
200.111.122.170 - - [20/Mar/2018:11:51:38 -0300] "GET /cormun/servlet/solicitudotadjuntos?d7578070f79080646735f0c230275740b656450b8c202f847dd15bbe0445983f,gx-no-cache=1521557444686 HTTP/1.1" 200 30
200.111.122.170 - - [20/Mar/2018:11:51:38 -0300] "GET /cormun/servlet/solicitudotadjuntos?d7578070f79080646735f0c230275740b656450b8c202f847dd15bbe0445983f,gx-no-cache=1521557447875 HTTP/1.1" 200 30
200.111.122.170 - - [20/Mar/2018:11:51:46 -0300] "POST /cormun/servlet/solicitudotadjuntos?8d8b6d79b923792ba03d3aefb9d5a7bd,INS,2018,10659,,1, HTTP/1.1" 200 6561
200.111.122.170 - - [20/Mar/2018:11:51:47 -0300] "GET /cormun/static/Shared/jqueryui/images/ui-bg_highlight-soft_100_c6c2c8_1x100.png HTTP/1.1" 404 1117
190.151.100.218 - - [20/Mar/2018:11:51:47 -0300] "GET /cormun/static/Shared/jqueryui/images/ui-icons_82798d_256x240.png HTTP/1.1" 404 1089
200.111.122.170 - - [20/Mar/2018:11:51:47 -0300] "GET /cormun/static/Shared/jqueryui/images/ui-icons_ebccce_256x240.png HTTP/1.1" 404 1089
200.111.122.170 - - [20/Mar/2018:11:51:47 -0300] "GET /cormun/static/Shared/jqueryui/images/ui-bg_flat_55_994d53_40x100.png HTTP/1.1" 404 1097
186.67.203.186 - - [20/Mar/2018:11:51:48 -0300] "GET /cormun/PrivateTempStorage/upload_00015913.jpg HTTP/1.1" 200 302336
192.168.10.96 - - [20/Mar/2018:11:51:51 -0300] "GET /cormun/servlet/trsolicitudgral? HTTP/1.1" 200 28641
192.168.10.96 - - [20/Mar/2018:11:51:52 -0300] "GET /cormun/servlet/trsolicitudgral? HTTP/1.1" 200 28638
186.9.11.105 - - [20/Mar/2018:11:51:53 -0300] "POST /cormun/servlet/trsolicitudgral?139a49922168e8279548d9b540f69e84,,gx-no-cache=1521557464273 HTTP/1.1" 200 7296
186.67.203.186 - - [20/Mar/2018:11:51:58 -0300] "GET /cormun/servlet/solicitudotadjuntos?d7578070f79080646735f0c230275740dc14255f576fa40176b52899e7c6094465803bf4e9c5b46c846445703280a9ed,gx-no-cache=1521557467755 HTTP/1.1" 200 30
186.67.203.186 - - [20/Mar/2018:11:52:05 -0300] "POST /cormun/servlet/solicitudotadjuntos?8d8b6d79b923792ba03d3aefb9d5a7bd,INS,2018,10659,,1, HTTP/1.1" 200 6561
186.67.203.186 - - [20/Mar/2018:11:52:06 -0300] "GET /cormun/PrivateTempStorage/upload_00015925.jpg HTTP/1.1" 200 302336
186.67.203.186 - - [20/Mar/2018:11:52:17 -0300] "POST /cormun/servlet/solicitudotadjuntos?8d8b6d79b923792ba03d3aefb9d5a7bd,INS,2018,10659,,1, HTTP/1.1" 200 116
186.67.203.186 - - [20/Mar/2018:11:52:17 -0300] "GET /cormun/servlet/hpexe_return? HTTP/1.1" 200 1025
186.67.203.186 - - [20/Mar/2018:11:52:18 -0300] "GET /cormun/servlet/trsolicitudadjuntos?2018,10659, HTTP/1.1" 200 9168
186.67.203.186 - - [20/Mar/2018:11:52:19 -0300] "GET /cormun/servlet/trsolicitudadjuntos?2018,10659, HTTP/1.1" 200 9166
186.9.11.105 - - [20/Mar/2018:11:52:19 -0300] "POST /cormun/servlet/trsolicitudgral?139a49922168e8279548d9b540f69e84,,gx-no-cache=1521557490745 HTTP/1.1" 200 7296
186.9.11.105 - - [20/Mar/2018:11:52:20 -0300] "POST /cormun/servlet/trsolicitudgral?139a49922168e8279548d9b540f69e84,,gx-no-cache=1521557491386 HTTP/1.1" 200 7296
186.9.11.105 - - [20/Mar/2018:11:52:35 -0300] "POST /cormun/servlet/trsolicitudgral?139a49922168e8279548d9b540f69e84,,gx-no-cache=1521557506245 HTTP/1.1" 200 7283
186.103.159.182 - - [20/Mar/2018:11:53:09 -0300] "GET /cormun/servlet/licenciaspermisos?INS,0,,, HTTP/1.1" 200 7797
186.103.159.182 - - [20/Mar/2018:11:53:10 -0300] "GET /cormun/servlet/licenciaspermisos?INS,0,,, HTTP/1.1" 200 7805
186.103.159.182 - - [20/Mar/2018:11:53:37 -0300] "GET /cormun/servlet/prfichaempleado?,MD,,gxPopupLevel%3D0%3B HTTP/1.1" 200 9431
190.151.100.218 - - [20/Mar/2018:11:53:42 -0300] "GET /cormun/servlet/solicitudotadjuntos?INS,2018,10659,,1, HTTP/1.1" 200 6234
190.151.100.218 - - [20/Mar/2018:11:53:43 -0300] "GET /cormun/static/about:blank HTTP/1.1" 404 1011
190.151.100.218 - - [20/Mar/2018:11:53:43 -0300] "GET /cormun/servlet/solicitudotadjuntos?INS,2018,10659,,1, HTTP/1.1" 200 6227
190.151.100.218 - - [20/Mar/2018:11:53:44 -0300] "GET /cormun/servlet/solicitudotadjuntos?d7578070f79080646735f0c2302757406ac510690fb5d23d9299da2576acd098595b04b669d48d99e161d5b72dc8da9c,gx-no-cache=1521557573544 HTTP/1.1" 200 30
190.151.100.218 - - [20/Mar/2018:11:53:44 -0300] "POST /cormun/servlet/solicitudotadjuntos?8d8b6d79b923792ba03d3aefb9d5a7bd,INS,2018,10659,,1,,gx-no-cache=1521557573651 HTTP/1.1" 200 3982
190.151.100.218 - - [20/Mar/2018:11:53:48 -0300] "POST /cormun/servlet/solicitudotadjuntos?gx-no-cache=1521557577191 HTTP/1.1" 200 26
186.103.159.182 - - [20/Mar/2018:11:53:52 -0300] "POST /cormun/servlet/prfichaempleado?6dbbebb7a62cf1c99206bab7e9049e51,,MD,,gxPopupLevel%3D0%3B,gx-no-cache=1521557581371 HTTP/1.1" 200 3478
190.151.100.218 - - [20/Mar/2018:11:53:54 -0300] "GET /cormun/servlet/solicitudotadjuntos?d7578070f79080646735f0c230275740b656450b8c202f847dd15bbe0445983f,gx-no-cache=1521557583819 HTTP/1.1" 200 30
190.151.100.218 - - [20/Mar/2018:11:53:54 -0300] "GET /cormun/servlet/solicitudotadjuntos?d7578070f79080646735f0c230275740b656450b8c202f847dd15bbe0445983f,gx-no-cache=1521557583899 HTTP/1.1" 200 30
190.151.100.218 - - [20/Mar/2018:11:53:58 -0300] "POST /cormun/servlet/solicitudotadjuntos?8d8b6d79b923792ba03d3aefb9d5a7bd,INS,2018,10659,,1, HTTP/1.1" 200 116
190.151.100.218 - - [20/Mar/2018:11:53:58 -0300] "GET /cormun/servlet/hpexe_return? HTTP/1.1" 200 1025
190.151.100.218 - - [20/Mar/2018:11:53:59 -0300] "GET /cormun/servlet/trsolicitudadjuntos?2018,10659, HTTP/1.1" 200 9410
190.151.100.218 - - [20/Mar/2018:11:54:00 -0300] "GET /cormun/servlet/trsolicitudadjuntos?2018,10659, HTTP/1.1" 200 9408
186.103.159.182 - - [20/Mar/2018:11:54:00 -0300] "GET /cormun/servlet/licenciaspermisos?8e24da620f2478934fcbc535dcff4d33850b05c0dfda9aad99af939b186798c42cb04f0c68998cf6e9f5ae1c66dd9e8b,gx-no-cache=1521557589365 HTTP/1.1" 200 79
186.103.159.182 - - [20/Mar/2018:11:54:00 -0300] "POST /cormun/servlet/licenciaspermisos?6dbbebb7a62cf1c99206bab7e9049e51,INS,0,,,,gx-no-cache=1521557589480 HTTP/1.1" 200 4880
200.72.197.82 - - [20/Mar/2018:11:54:02 -0300] "GET /cormun/servlet/solicitudotadjuntos?INS,2018,10659,,1, HTTP/1.1" 200 6234
200.72.197.82 - - [20/Mar/2018:11:54:02 -0300] "GET /cormun/static/about:blank HTTP/1.1" 404 1011
200.72.197.82 - - [20/Mar/2018:11:54:03 -0300] "GET /cormun/servlet/solicitudotadjuntos?INS,2018,10659,,1, HTTP/1.1" 200 6227
200.72.197.82 - - [20/Mar/2018:11:54:03 -0300] "GET /cormun/servlet/solicitudotadjuntos?d7578070f79080646735f0c2302757406ac510690fb5d23d9299da2576acd098595b04b669d48d99e161d5b72dc8da9c,gx-no-cache=1521557592526 HTTP/1.1" 200 30
200.72.197.82 - - [20/Mar/2018:11:54:03 -0300] "POST /cormun/servlet/solicitudotadjuntos?8d8b6d79b923792ba03d3aefb9d5a7bd,INS,2018,10659,,1,,gx-no-cache=1521557592623 HTTP/1.1" 200 3982
186.67.172.234 - - [20/Mar/2018:11:54:04 -0300] "GET /cormun/servlet/solicitudot?INS,0,0, HTTP/1.1" 200 13667
186.67.172.234 - - [20/Mar/2018:11:54:04 -0300] "GET /cormun/servlet/solicitudot?INS,0,0, HTTP/1.1" 200 13672
200.72.197.82 - - [20/Mar/2018:11:54:08 -0300] "POST /cormun/servlet/solicitudotadjuntos?gx-no-cache=1521557597418 HTTP/1.1" 200 26
200.72.197.82 - - [20/Mar/2018:11:54:13 -0300] "GET /cormun/servlet/solicitudotadjuntos?d7578070f79080646735f0c230275740b656450b8c202f847dd15bbe0445983f,gx-no-cache=1521557602433 HTTP/1.1" 200 30
200.72.197.82 - - [20/Mar/2018:11:54:13 -0300] "GET /cormun/servlet/solicitudotadjuntos?d7578070f79080646735f0c230275740b656450b8c202f847dd15bbe0445983f,gx-no-cache=1521557602786 HTTP/1.1" 200 30
200.72.197.82 - - [20/Mar/2018:11:54:19 -0300] "POST /cormun/servlet/solicitudotadjuntos?8d8b6d79b923792ba03d3aefb9d5a7bd,INS,2018,10659,,1, HTTP/1.1" 200 116
200.72.197.82 - - [20/Mar/2018:11:54:19 -0300] "GET /cormun/servlet/hpexe_return? HTTP/1.1" 200 1025
200.72.197.82 - - [20/Mar/2018:11:54:20 -0300] "GET /cormun/servlet/trsolicitudadjuntos?2018,10659, HTTP/1.1" 200 9614
200.72.197.82 - - [20/Mar/2018:11:54:21 -0300] "GET /cormun/servlet/trsolicitudadjuntos?2018,10659, HTTP/1.1" 200 9612
186.67.172.234 - - [20/Mar/2018:11:54:44 -0300] "POST /cormun/servlet/solicitudot?gx-no-cache=1521557580656 HTTP/1.1" 200 3398
186.67.172.234 - - [20/Mar/2018:11:54:44 -0300] "POST /cormun/servlet/solicitudot?67c483a1bf9f59a54834be3a00850139,INS,0,0,,gx-no-cache=1521557580846 HTTP/1.1" 200 10543
186.67.172.234 - - [20/Mar/2018:11:54:50 -0300] "GET /cormun/servlet/solicitudot?44f12c673d5e11f49b0a70bb5e99454a35dd481ad644f5fd56ca868c3e79bf23219e759fe5ab9005b5d9d8df17bf879f,gx-no-cache=1521557586945 HTTP/1.1" 200 30
186.67.172.234 - - [20/Mar/2018:11:54:50 -0300] "GET /cormun/servlet/solicitudot?44f12c673d5e11f49b0a70bb5e99454a1242d84cf50192e445281469d5cdaf12da301c27a2017d80f9b9d9750ba5b508,gx-no-cache=1521557587045 HTTP/1.1" 200 30
186.67.172.234 - - [20/Mar/2018:11:54:50 -0300] "GET /cormun/servlet/solicitudot?44f12c673d5e11f49b0a70bb5e99454ab3173c4e461de4d6f856da79ea5d4a04,gx-no-cache=1521557587127 HTTP/1.1" 200 51
186.67.172.234 - - [20/Mar/2018:11:54:50 -0300] "POST /cormun/servlet/solicitudot?gx-no-cache=1521557587203 HTTP/1.1" 200 256
186.67.172.234 - - [20/Mar/2018:11:54:50 -0300] "GET /cormun/servlet/solicitudot?44f12c673d5e11f49b0a70bb5e99454a39a918744870241ed2e78839bab5ee2c2e1ac3dea874f4d133f1ec510d6c2085a75caab47bca0a0e2d7fbc9165ceb6510fcf142e632414e50f01f676c0a128eaddc90e20d07f4e5c09e80b0449f5adeb5fa56e09d7f8491227352aeb98d6421f8933762766f385abfeee337b39ba9c7a97f3a9c1cc620729379643c6fa06b945ee3e8575211361d4d43ec429b5613537612f782ebb28cca6d1988955fb75dcd733a504d7ca4e8175011629cb6d5bda463f20dc4cf50ee2ad9477b158d033a10d35a3fc3b8aa0975ffbf2f57a47efdd5b667cedddc37db259108fd828832f9ff95867e725e8e09d0b556159f6947570f19f5fe3343dc65c9abc52045d70cc5c75ea3b7cc7f5bd7055c438e76f0fe4b55fde8560dce4e23a44ddaa930a9992e0dc40e0c528360bd1f8b42d6484782f8b2a2d99396f70484c40c7abd5a1f3eafe9349df019896b17a4d68fa44a9fd09d03b82f6519aad383b652a9699fbcb74680db613b157d6cb43ff874dc874609a2346,gx-no-cache=1521557587300 HTTP/1.1" 200 30
186.67.172.234 - - [20/Mar/2018:11:54:53 -0300] "POST /cormun/servlet/solicitudot?gx-no-cache=1521557589972 HTTP/1.1" 200 30
186.103.159.182 - - [20/Mar/2018:11:54:55 -0300] "GET /cormun/static/menuarrow.gif HTTP/1.1" 404 1015
186.67.172.234 - - [20/Mar/2018:11:55:27 -0300] "POST /cormun/servlet/solicitudot?gx-no-cache=1521557624202 HTTP/1.1" 200 1336
186.67.172.234 - - [20/Mar/2018:11:55:27 -0300] "POST /cormun/servlet/solicitudot?gx-no-cache=1521557624332 HTTP/1.1" 200 38
186.67.172.234 - - [20/Mar/2018:11:55:49 -0300] "GET /cormun/servlet/solicitudot?44f12c673d5e11f49b0a70bb5e99454a135ff9a1f8099f94acedf915d3cdc11f0334aaf69b9212da49763634e51f1b46256b3ba7189e5c087527f2baa4804807676b0e09496475a6881eb9c9de52ec2e9db8d588b913e0d91520b91332b2de15344ba90fc80849a40216755c6a4b8f90,gx-no-cache=1521557645990 HTTP/1.1" 200 29
186.67.172.234 - - [20/Mar/2018:11:55:49 -0300] "POST /cormun/servlet/solicitudot?gx-no-cache=1521557646103 HTTP/1.1" 200 1319
186.67.172.234 - - [20/Mar/2018:11:55:49 -0300] "POST /cormun/servlet/solicitudot?gx-no-cache=1521557646214 HTTP/1.1" 200 1218
186.67.172.234 - - [20/Mar/2018:11:55:49 -0300] "GET /cormun/static/menuarrow.gif HTTP/1.1" 404 1015
186.67.172.234 - - [20/Mar/2018:11:55:53 -0300] "POST /cormun/servlet/solicitudot?gx-no-cache=1521557649754 HTTP/1.1" 200 1319
186.67.172.234 - - [20/Mar/2018:11:55:53 -0300] "POST /cormun/servlet/solicitudot?gx-no-cache=1521557650320 HTTP/1.1" 200 1218
186.79.88.167 - - [20/Mar/2018:11:55:53 -0300] "GET /cormun/servlet/prbanco?,MD,,gxPopupLevel%3D0%3B HTTP/1.1" 200 6676
186.79.88.167 - - [20/Mar/2018:11:55:54 -0300] "GET /cormun/static/gxcfg.js?20181161016094 HTTP/1.1" 200 953
186.67.172.234 - - [20/Mar/2018:11:55:55 -0300] "GET /cormun/servlet/solicitudot?44f12c673d5e11f49b0a70bb5e99454a8611d717c63fc8065bb5a7e6eaa8427c18c78c02388185cb406dfafe9450044c,gx-no-cache=1521557652132 HTTP/1.1" 200 30
186.79.88.167 - - [20/Mar/2018:11:55:59 -0300] "GET /cormun/servlet/solicitudot?b731f24238e8b79de59afbb7a24553f9058fc5bc47c54063831d44cbf1c2324e8c2a30f848e31125c32bfe6357258c4c6c5f2f976e0428bce1bb7545112a3b3b,gx-no-cache=1521557718032 HTTP/1.1" 200 30
186.79.88.167 - - [20/Mar/2018:11:56:00 -0300] "GET /cormun/servlet/solicitudot?b731f24238e8b79de59afbb7a24553f944722e3dc883ae0a4a1439849c22d4f2,gx-no-cache=1521557719651 HTTP/1.1" 200 53
186.67.172.234 - - [20/Mar/2018:11:56:19 -0300] "POST /cormun/servlet/solicitudot?gx-no-cache=1521557676445 HTTP/1.1" 200 30
186.67.172.234 - - [20/Mar/2018:11:56:20 -0300] "POST /cormun/servlet/solicitudot?67c483a1bf9f59a54834be3a00850139,INS,0,0,,gx-no-cache=1521557676542 HTTP/1.1" 200 93
186.67.172.234 - - [20/Mar/2018:11:56:20 -0300] "GET /cormun/servlet/hpexe_return? HTTP/1.1" 200 1010
186.67.172.234 - - [20/Mar/2018:11:56:20 -0300] "GET /cormun/servlet/trsolicitudot HTTP/1.1" 200 10181
186.67.172.234 - - [20/Mar/2018:11:56:21 -0300] "GET /cormun/servlet/trsolicitudot HTTP/1.1" 200 10177
186.67.172.234 - - [20/Mar/2018:11:56:27 -0300] "GET /cormun/servlet/solicitudot?INS,0,0, HTTP/1.1" 200 13668
186.67.172.234 - - [20/Mar/2018:11:56:28 -0300] "GET /cormun/servlet/solicitudot?INS,0,0, HTTP/1.1" 200 13673
186.103.159.182 - - [20/Mar/2018:11:56:43 -0300] "GET /cormun/servlet/licenciaspermisos?8e24da620f2478934fcbc535dcff4d33bf24ef40762a5f75f0457d40bee43c740d215ffd70d85446496ab68dc72231e35b66b88b52d61de33d08acdc55bba679e49d6fc6c858f78983a989d8059d81d97a1b0ecc474fe0fa48f968f1657ef01bb00842426f8ff9b234b7581f97dbe80454851f8dd45c8f5ad62f94c98e92c290d75569aa8d4a4696dbaa2fb63d9f3e4258509deec2c72a090f1309885d5b325cc21f24d4efe7d76a4125398e667d230179433fd91cdc0c5802f68f42e5294cf65d387be1257bbcd03b28d224b4e048beca731adc64f4b3520fa3f6da0954fcd7,gx-no-cache=1521557752424 HTTP/1.1" 200 30
186.103.159.182 - - [20/Mar/2018:11:56:43 -0300] "GET /cormun/servlet/licenciaspermisos?8e24da620f2478934fcbc535dcff4d33e9ba354be9546c357d1df799bfa6c946b79961fcca76c1a29134a6ca1945b32ffb6c89724d00b9fa554e124b4343ebf9a7000bd1b0c22ed0765acb025599dc7ce2f12b672c5aac9e62ed2c157c3d0ea2259d1fc1fb59c80e72c3d846fcdb7c62749d7b6fb647a60c264c5e3eb67e1650612265a5db69509c7f33b69f993f1adf3a727ca6fb14e1f4ee05ca332ac33c9470c9e81bdffcee8a4c9a42bc6efafa26500c9ba2e2a4b8a06036b742bdf287c344553ac90d2d20f1443b1ed7d8f05e0af2592f0383d6fbee70d698050812d719,gx-no-cache=1521557752579 HTTP/1.1" 200 29
186.103.159.182 - - [20/Mar/2018:11:56:44 -0300] "POST /cormun/servlet/licenciaspermisos?6dbbebb7a62cf1c99206bab7e9049e51,INS,0,,,,gx-no-cache=1521557752675 HTTP/1.1" 200 5050
186.103.159.182 - - [20/Mar/2018:11:56:45 -0300] "GET /cormun/static/Shared/jqueryui/images/ui-bg_highlight-soft_100_c6c2c8_1x100.png HTTP/1.1" 404 1117
186.103.159.182 - - [20/Mar/2018:11:56:45 -0300] "GET /cormun/static/Shared/jqueryui/images/ui-icons_ebccce_256x240.png HTTP/1.1" 404 1089
186.103.159.182 - - [20/Mar/2018:11:56:45 -0300] "GET /cormun/static/Shared/jqueryui/images/ui-icons_82798d_256x240.png HTTP/1.1" 404 1089
186.103.159.182 - - [20/Mar/2018:11:56:45 -0300] "GET /cormun/static/Shared/jqueryui/images/ui-bg_flat_55_994d53_40x100.png HTTP/1.1" 404 1097
186.67.172.234 - - [20/Mar/2018:11:56:47 -0300] "POST /cormun/servlet/solicitudot?gx-no-cache=1521557703593 HTTP/1.1" 200 3393
186.67.172.234 - - [20/Mar/2018:11:56:48 -0300] "POST /cormun/servlet/solicitudot?67c483a1bf9f59a54834be3a00850139,INS,0,0,,gx-no-cache=1521557704391 HTTP/1.1" 200 10536
186.103.132.155 - - [20/Mar/2018:11:56:48 -0300] "GET /cormun/servlet/trautorizarsolicitud? HTTP/1.1" 200 7312
186.103.132.155 - - [20/Mar/2018:11:56:50 -0300] "GET /cormun/servlet/trautorizarsolicitud? HTTP/1.1" 200 7298
186.103.132.155 - - [20/Mar/2018:11:56:52 -0300] "GET /cormun/servlet/trsolicitudot? HTTP/1.1" 200 8774
186.103.132.155 - - [20/Mar/2018:11:56:53 -0300] "GET /cormun/servlet/trsolicitudot? HTTP/1.1" 200 8774
186.67.172.234 - - [20/Mar/2018:11:56:53 -0300] "GET /cormun/servlet/solicitudot?44f12c673d5e11f49b0a70bb5e99454aa5f43099a01dd22a62d4f7fd23edb9da219e759fe5ab9005b5d9d8df17bf879f,gx-no-cache=1521557710477 HTTP/1.1" 200 30
186.67.172.234 - - [20/Mar/2018:11:56:54 -0300] "GET /cormun/servlet/solicitudot?44f12c673d5e11f49b0a70bb5e99454abc613c0edd931cd65800071fe089ec3d59b9fddd41d379554f1315066688910ba94fc396ed6ce6013050baf3b57a132c,gx-no-cache=1521557710573 HTTP/1.1" 200 30
186.67.172.234 - - [20/Mar/2018:11:56:54 -0300] "GET /cormun/servlet/solicitudot?44f12c673d5e11f49b0a70bb5e99454ab3173c4e461de4d6f856da79ea5d4a04,gx-no-cache=1521557710623 HTTP/1.1" 200 51
186.67.172.234 - - [20/Mar/2018:11:56:54 -0300] "POST /cormun/servlet/solicitudot?gx-no-cache=1521557710683 HTTP/1.1" 200 256
186.67.172.234 - - [20/Mar/2018:11:56:54 -0300] "GET /cormun/servlet/solicitudot?44f12c673d5e11f49b0a70bb5e99454a39a918744870241ed2e78839bab5ee2c2e1ac3dea874f4d133f1ec510d6c2085a75caab47bca0a0e2d7fbc9165ceb6510fcf142e632414e50f01f676c0a128eaddc90e20d07f4e5c09e80b0449f5adeb5fa56e09d7f8491227352aeb98d6421f8933762766f385abfeee337b39ba9c7a97f3a9c1cc620729379643c6fa06b945ee3e8575211361d4d43ec429b5613537612f782ebb28cca6d1988955fb75dcd733a504d7ca4e8175011629cb6d5bda463f20dc4cf50ee2ad9477b158d033a10d35a3fc3b8aa0975ffbf2f57a47efdd5b667cedddc37db259108fd828832f9ff95867e725e8e09d0b556159f6947570f19f5fe3343dc65c9abc52045d70cc5c75ea3b7cc7f5bd7055c438e76f0fe4b55fde8560dce4e23a44ddaa930a9992e0dc40e0c528360bd1f8b42d6484782f8b2a2d99396f70484c40c7abd5a1f3eafe9349df019896b17a4d68fa44a9fd09d03b82f6519aad383b652a9699fbcb74680db613b157d6cb43ff874dc874609a2346,gx-no-cache=1521557710770 HTTP/1.1" 200 30
186.67.172.234 - - [20/Mar/2018:11:56:56 -0300] "POST /cormun/servlet/solicitudot?gx-no-cache=1521557712184 HTTP/1.1" 200 30
186.67.172.234 - - [20/Mar/2018:11:57:01 -0300] "POST /cormun/servlet/solicitudot?gx-no-cache=1521557718260 HTTP/1.1" 200 1336
186.67.172.234 - - [20/Mar/2018:11:57:01 -0300] "POST /cormun/servlet/solicitudot?gx-no-cache=1521557718361 HTTP/1.1" 200 38
186.79.88.167 - - [20/Mar/2018:11:57:03 -0300] "POST /cormun/servlet/solicitudot?gx-no-cache=1521557782359 HTTP/1.1" 200 297
186.79.88.167 - - [20/Mar/2018:11:57:03 -0300] "GET /cormun/servlet/solicitudot?b731f24238e8b79de59afbb7a24553f9b15ceaefd1fa35ccc346057886e2fdecdc86340a3bb9eef39b347c8c63dbefe8f9dc4fe31a4ddf532f0cc8f2811ef072fa4156e4e1af8f776f0005a4bfbfde87a7fb34f7b8405d5bdf60773121c9f1bf32c079c91f7560cfee867dd86132b7e14ca1d6f920abea5b45d3ff3c8a5e87cd4149457ca007cd9b02751872b8d02fb0bb98690c31253db49628a4de83cbab670d2933ec9ff5d57ea09b35ab345e400ae48031f93317f5d9b0e179cefa841ef0b67c9f0db70a7c3d046b5470193bd6797ad6a3f976c290975e0f412421d7b12d77d6d7db8cecd816be121242b5f4a11006e3038d5519d4c1fbbf019671c3c333d717c82742004d23276f14a011ed2effae32c8fc86bb5e0f6081f863c0aeb578a546cfe4ad6c3b651f4a320016bb7d394316c57968ee594d5cbc365960ef0f3264e886af7e01e1dfd0bc5c106218bd24e793b2a7f6059d42aa92f56f4ec1ba366f7b2875e7b71d605e4c4bc6add25c814fd0db0018da39050235923ae022b49d280c5bd0c72e8c63b6a733f3e978e29b,gx-no-cache=1521557782656 HTTP/1.1" 200 30
186.103.159.182 - - [20/Mar/2018:11:57:08 -0300] "GET /cormun/servlet/licenciaspermisos?8e24da620f2478934fcbc535dcff4d33bf24ef40762a5f75f0457d40bee43c745b79bed9d1ceb08280ea908e28a870185b66b88b52d61de33d08acdc55bba679e49d6fc6c858f78983a989d8059d81d97a1b0ecc474fe0fa48f968f1657ef01bb00842426f8ff9b234b7581f97dbe80454851f8dd45c8f5ad62f94c98e92c290d75569aa8d4a4696dbaa2fb63d9f3e4258509deec2c72a090f1309885d5b325cc21f24d4efe7d76a4125398e667d230179433fd91cdc0c5802f68f42e5294cf65d387be1257bbcd03b28d224b4e048beca731adc64f4b3520fa3f6da0954fcd7,gx-no-cache=1521557776972 HTTP/1.1" 200 30
186.103.159.182 - - [20/Mar/2018:11:57:08 -0300] "POST /cormun/servlet/licenciaspermisos?6dbbebb7a62cf1c99206bab7e9049e51,INS,0,,,,gx-no-cache=1521557777147 HTTP/1.1" 200 4968
186.103.159.182 - - [20/Mar/2018:11:57:09 -0300] "GET /cormun/servlet/licenciaspermisos?8e24da620f2478934fcbc535dcff4d33850b05c0dfda9aad99af939b186798c4f5f5da040c6618528338916f74a0ca2356f4e2a97a29e43ccefec97f0a6eaec9283dcc76379055d2ad93e83e043bb5f83475dac8788580de3997ba56ebb59b65283dcc76379055d2ad93e83e043bb5f83deea10740ae453556b43baec7f7970871d7ee4adfd68dcb681d1b692e8f6e8ff424adfde1b5f32c265a7833fd851e2a1f86336f60c4b2ca7fde013e37fcc5c2441c60868a4228222460d19d1c7a88a169b83b1c7cf0d24464c3c6e50968bab9,gx-no-cache=1521557778779 HTTP/1.1" 200 100
186.103.159.182 - - [20/Mar/2018:11:57:10 -0300] "POST /cormun/servlet/licenciaspermisos?6dbbebb7a62cf1c99206bab7e9049e51,INS,0,,,,gx-no-cache=1521557778863 HTTP/1.1" 200 4967
186.79.88.167 - - [20/Mar/2018:11:57:11 -0300] "POST /cormun/servlet/solicitudot?gx-no-cache=1521557790033 HTTP/1.1" 200 30
200.72.197.82 - - [20/Mar/2018:11:57:16 -0300] "POST /cormun/servlet/trsolicitudot?8d8b6d79b923792ba03d3aefb9d5a7bd,,gx-no-cache=1521557785484 HTTP/1.1" 200 5888
200.72.197.82 - - [20/Mar/2018:11:57:17 -0300] "GET /cormun/static/Shared/jqueryui/images/ui-bg_highlight-soft_100_c6c2c8_1x100.png HTTP/1.1" 404 1117
200.111.122.170 - - [20/Mar/2018:11:57:17 -0300] "GET /cormun/static/Shared/jqueryui/images/ui-icons_82798d_256x240.png HTTP/1.1" 404 1089
186.67.203.186 - - [20/Mar/2018:11:57:17 -0300] "GET /cormun/static/Shared/jqueryui/images/ui-bg_flat_55_fafafa_40x100.png HTTP/1.1" 404 1097
200.72.197.82 - - [20/Mar/2018:11:57:17 -0300] "GET /cormun/static/Shared/jqueryui/images/ui-icons_8d78a5_256x240.png HTTP/1.1" 404 1089
192.168.10.96 - - [20/Mar/2018:11:57:21 -0300] "POST /cormun/servlet/trsolicitudgral?0bd1f58c8c574a58fd5736df136f78f4,,gx-no-cache=1521557674996 HTTP/1.1" 200 11402
186.79.88.167 - - [20/Mar/2018:11:57:21 -0300] "GET /cormun/servlet/prlicenciaspermisos?15806809,L,,MD,,gxPopupLevel%3D0%3B HTTP/1.1" 200 5576
186.79.88.167 - - [20/Mar/2018:11:57:21 -0300] "GET /cormun/static/gxcfg.js?20176272053834 HTTP/1.1" 200 953
192.168.10.96 - - [20/Mar/2018:11:57:25 -0300] "GET /cormun/servlet/vesolicitudgral?2018,9216,, HTTP/1.1" 200 9267
192.168.10.96 - - [20/Mar/2018:11:57:25 -0300] "GET /cormun/pexe_scrolldiv.js HTTP/1.1" 404 1009
192.168.10.96 - - [20/Mar/2018:11:57:26 -0300] "GET /cormun/pexe_scrolldiv.js HTTP/1.1" 404 1009
192.168.10.96 - - [20/Mar/2018:11:57:26 -0300] "GET /cormun/servlet/vesolicitudgral?2018,9216,, HTTP/1.1" 200 9266
192.168.10.96 - - [20/Mar/2018:11:57:28 -0300] "GET /cormun/servlet/vesolicitudgral?2018,9216,,SolicitudOTAdjuntos HTTP/1.1" 200 11331
192.168.10.96 - - [20/Mar/2018:11:57:28 -0300] "GET /cormun/pexe_scrolldiv.js HTTP/1.1" 404 1009
192.168.10.96 - - [20/Mar/2018:11:57:29 -0300] "GET /cormun/pexe_scrolldiv.js HTTP/1.1" 404 1009
192.168.10.96 - - [20/Mar/2018:11:57:29 -0300] "GET /cormun/servlet/vesolicitudgral?2018,9216,,SolicitudOTAdjuntos HTTP/1.1" 200 11334
192.168.10.96 - - [20/Mar/2018:11:57:30 -0300] "POST /cormun/servlet/acontrolpreferencessavestate?None,DZAMUDIO,true HTTP/1.1" 200 35
192.168.10.96 - - [20/Mar/2018:11:57:31 -0300] "GET /cormun/PublicTempStorage/img4826474712.jpg HTTP/1.1" 200 550205
186.103.159.182 - - [20/Mar/2018:11:57:35 -0300] "GET /cormun/servlet/prfichaempleado?,MD,,gxPopupLevel%3D0%3B HTTP/1.1" 200 9431
192.168.10.96 - - [20/Mar/2018:11:57:35 -0300] "GET /cormun/servlet/vesolicitudgral?2018,9216,,SolicitudOTAdjuntos HTTP/1.1" 200 11331
192.168.10.96 - - [20/Mar/2018:11:57:36 -0300] "GET /cormun/servlet/vesolicitudgral?2018,9216,,SolicitudOTAdjuntos HTTP/1.1" 200 11331
192.168.10.96 - - [20/Mar/2018:11:57:36 -0300] "POST /cormun/servlet/acontrolpreferencessavestate?None,DZAMUDIO,true HTTP/1.1" 200 35
192.168.10.96 - - [20/Mar/2018:11:57:38 -0300] "GET /cormun/PublicTempStorage/img4855762094.jpg HTTP/1.1" 200 516240
186.67.172.234 - - [20/Mar/2018:11:57:41 -0300] "GET /cormun/servlet/solicitudot?44f12c673d5e11f49b0a70bb5e99454a135ff9a1f8099f94acedf915d3cdc11f0334aaf69b9212da49763634e51f1b46256b3ba7189e5c087527f2baa4804807676b0e09496475a6881eb9c9de52ec2e9db8d588b913e0d91520b91332b2de15344ba90fc80849a40216755c6a4b8f90,gx-no-cache=1521557758361 HTTP/1.1" 200 29
186.67.172.234 - - [20/Mar/2018:11:57:42 -0300] "POST /cormun/servlet/solicitudot?gx-no-cache=1521557758490 HTTP/1.1" 200 1319
186.67.172.234 - - [20/Mar/2018:11:57:42 -0300] "POST /cormun/servlet/solicitudot?gx-no-cache=1521557758970 HTTP/1.1" 200 1218
186.67.172.234 - - [20/Mar/2018:11:57:42 -0300] "GET /cormun/static/menuarrow.gif HTTP/1.1" 404 1015
186.79.88.167 - - [20/Mar/2018:11:57:44 -0300] "POST /cormun/servlet/solicitudot?gx-no-cache=1521557822650 HTTP/1.1" 200 1336
186.67.172.234 - - [20/Mar/2018:11:57:45 -0300] "POST /cormun/servlet/solicitudot?gx-no-cache=1521557761033 HTTP/1.1" 200 1319
186.67.172.234 - - [20/Mar/2018:11:57:45 -0300] "POST /cormun/servlet/solicitudot?gx-no-cache=1521557761732 HTTP/1.1" 200 1218
186.67.172.234 - - [20/Mar/2018:11:57:47 -0300] "GET /cormun/servlet/solicitudot?44f12c673d5e11f49b0a70bb5e99454a8611d717c63fc8065bb5a7e6eaa8427c18c78c02388185cb406dfafe9450044c,gx-no-cache=1521557763564 HTTP/1.1" 200 30
186.79.88.167 - - [20/Mar/2018:11:57:47 -0300] "GET /cormun/servlet/prlicenciaspermisos?15806809,L,,MD,,gxPopupLevel%3D0%3B HTTP/1.1" 200 5576
186.79.88.167 - - [20/Mar/2018:11:57:56 -0300] "GET /cormun/servlet/prlicenciaspermisos?15806809,L,,MD,,gxPopupLevel%3D0%3B HTTP/1.1" 200 5576
186.103.159.182 - - [20/Mar/2018:11:57:59 -0300] "POST /cormun/servlet/prfichaempleado?6dbbebb7a62cf1c99206bab7e9049e51,,MD,,gxPopupLevel%3D0%3B,gx-no-cache=1521557828618 HTTP/1.1" 200 3488
186.67.203.186 - - [20/Mar/2018:11:58:00 -0300] "POST /cormun/servlet/trsolicitudot?8d8b6d79b923792ba03d3aefb9d5a7bd,,gx-no-cache=1521557828404 HTTP/1.1" 200 5886
186.103.159.182 - - [20/Mar/2018:11:58:06 -0300] "GET /cormun/servlet/licenciaspermisos?8e24da620f2478934fcbc535dcff4d33e9ba354be9546c357d1df799bfa6c946831231d3ab27bcb72bf91a20c843f60ffb6c89724d00b9fa554e124b4343ebf9a7000bd1b0c22ed0765acb025599dc7ce2f12b672c5aac9e62ed2c157c3d0ea2259d1fc1fb59c80e72c3d846fcdb7c62749d7b6fb647a60c264c5e3eb67e1650612265a5db69509c7f33b69f993f1adf3a727ca6fb14e1f4ee05ca332ac33c9470c9e81bdffcee8a4c9a42bc6efafa26500c9ba2e2a4b8a06036b742bdf287c344553ac90d2d20f1443b1ed7d8f05e0aefcaed4e98e9763be9fa230e9afb050c7fc2206023aab04b4f5c46709ba44f38,gx-no-cache=1521557835541 HTTP/1.1" 200 67
186.103.159.182 - - [20/Mar/2018:11:58:07 -0300] "POST /cormun/servlet/licenciaspermisos?6dbbebb7a62cf1c99206bab7e9049e51,INS,0,,,,gx-no-cache=1521557836017 HTTP/1.1" 200 93
186.103.159.182 - - [20/Mar/2018:11:58:07 -0300] "GET /cormun/servlet/hpexe_return? HTTP/1.1" 200 1011
186.103.159.182 - - [20/Mar/2018:11:58:07 -0300] "GET /cormun/static/gxcfg.js?2016101716175148 HTTP/1.1" 200 953
186.103.159.182 - - [20/Mar/2018:11:58:07 -0300] "GET /cormun/static/hpexe_return.js?2016101716175153 HTTP/1.1" 200 1633
186.103.159.182 - - [20/Mar/2018:11:58:07 -0300] "GET /cormun/static/Resources/Spanish/PXTools.css?167811 HTTP/1.1" 200 89042
186.103.159.182 - - [20/Mar/2018:11:58:08 -0300] "GET /cormun/servlet/trlicencias HTTP/1.1" 200 9358
186.103.159.182 - - [20/Mar/2018:11:58:11 -0300] "GET /cormun//static/Resources/PXToolsGridUpdate.png HTTP/1.1" 200 2984
186.103.159.182 - - [20/Mar/2018:11:58:11 -0300] "GET /cormun//static/Resources/PXToolsGridDelete.png HTTP/1.1" 200 357
186.103.159.182 - - [20/Mar/2018:11:58:11 -0300] "GET /cormun/servlet/trlicencias HTTP/1.1" 200 9353
186.79.88.167 - - [20/Mar/2018:11:58:17 -0300] "POST /cormun/servlet/solicitudot?gx-no-cache=1521557855484 HTTP/1.1" 200 41
186.67.172.234 - - [20/Mar/2018:11:58:18 -0300] "POST /cormun/servlet/solicitudot?gx-no-cache=1521557795157 HTTP/1.1" 200 30
186.67.172.234 - - [20/Mar/2018:11:58:21 -0300] "POST /cormun/servlet/solicitudot?67c483a1bf9f59a54834be3a00850139,INS,0,0,,gx-no-cache=1521557795296 HTTP/1.1" 200 93
186.67.172.234 - - [20/Mar/2018:11:58:21 -0300] "GET /cormun/servlet/hpexe_return? HTTP/1.1" 200 1010
186.67.172.234 - - [20/Mar/2018:11:58:21 -0300] "GET /cormun/servlet/trsolicitudot HTTP/1.1" 200 10519
186.67.172.234 - - [20/Mar/2018:11:58:22 -0300] "GET /cormun/servlet/trsolicitudot HTTP/1.1" 200 10515
186.79.88.167 - - [20/Mar/2018:11:58:33 -0300] "GET /cormun/servlet/solicitudot?b731f24238e8b79de59afbb7a24553f9ea0d2420ba4c5f8ffd6874d1f29cf8cc163f837ba13d3218c2f43359cf9d071fb70fed9391d477770f779ca6313b5b440c2dd5cab8ff0d10bdc50842d7f053c09a496a1486bff3c5766d0c41b05cd766daa7d972375b3aff86b7bf0596e08301,gx-no-cache=1521557871986 HTTP/1.1" 200 29
186.79.88.167 - - [20/Mar/2018:11:58:33 -0300] "POST /cormun/servlet/solicitudot?gx-no-cache=1521557872105 HTTP/1.1" 200 1318
186.79.88.167 - - [20/Mar/2018:11:58:33 -0300] "POST /cormun/servlet/solicitudot?gx-no-cache=1521557872344 HTTP/1.1" 200 1218
186.79.88.167 - - [20/Mar/2018:11:58:43 -0300] "GET /cormun/static/menuarrow.gif HTTP/1.1" 404 1015
186.79.88.167 - - [20/Mar/2018:11:58:48 -0300] "GET /cormun/servlet/solicitudot?b731f24238e8b79de59afbb7a24553f965b357308174345a89366b373bb421f5d9f0ae52a42077758ef285030757fbf3,gx-no-cache=1521557886890 HTTP/1.1" 200 30
186.79.88.167 - - [20/Mar/2018:11:58:48 -0300] "POST /cormun/servlet/solicitudot?gx-no-cache=1521557887115 HTTP/1.1" 200 34
186.67.172.234 - - [20/Mar/2018:11:59:02 -0300] "GET /cormun/servlet/solicitudot?INS,0,0, HTTP/1.1" 200 13668
186.67.172.234 - - [20/Mar/2018:11:59:02 -0300] "GET /cormun/servlet/solicitudot?INS,0,0, HTTP/1.1" 200 13673
186.67.172.234 - - [20/Mar/2018:11:59:17 -0300] "POST /cormun/servlet/solicitudot?gx-no-cache=1521557854282 HTTP/1.1" 200 3413
