192.168.10.96 - - [20/Mar/2018:15:36:51 -0300] "GET /cormun/servlet/trsolicitudgral HTTP/1.1" 200 12424
192.168.10.96 - - [20/Mar/2018:15:36:58 -0300] "POST /cormun/servlet/trsolicitudgral?942e9473c01cb4b857fec7e72cc0f6ff,gx-no-cache=1521570852594 HTTP/1.1" 200 7899
200.112.233.47 - - [20/Mar/2018:15:36:59 -0300] "POST /cormun/servlet/prfichaempleado?b3bbf580b15ba953dcb568a56c4327a1,,MD,,gxPopupLevel%3D0%3B,gx-no-cache=1521570968112 HTTP/1.1" 200 3487
200.112.233.47 - - [20/Mar/2018:15:37:04 -0300] "POST /cormun/servlet/solicitudot?gx-no-cache=1521570972420 HTTP/1.1" 200 3404
200.112.233.47 - - [20/Mar/2018:15:37:04 -0300] "POST /cormun/servlet/solicitudot?b3bbf580b15ba953dcb568a56c4327a1,INS,0,0,,gx-no-cache=1521570972928 HTTP/1.1" 200 10549
200.112.233.47 - - [20/Mar/2018:15:37:08 -0300] "GET /cormun/servlet/solicitudot?c3cb387f9fbf201522b6e6ff6ec5d0acd68bae5371d1f63601336313293b08f357af945db1e39e79fca79744793b2ea7,gx-no-cache=1521570977386 HTTP/1.1" 200 30
200.112.233.47 - - [20/Mar/2018:15:37:09 -0300] "GET /cormun/servlet/solicitudot?c3cb387f9fbf201522b6e6ff6ec5d0ac05cbb7f5008649b15cbe314a290cfab235e4e5ed7d7f34aa6038702deb1ff0705d56f252bd137a8ea252d546b1a39b3e,gx-no-cache=1521570977456 HTTP/1.1" 200 30
200.112.233.47 - - [20/Mar/2018:15:37:09 -0300] "GET /cormun/servlet/solicitudot?c3cb387f9fbf201522b6e6ff6ec5d0ac66be8ed53fdbb3fd85aa9e0e439beab3,gx-no-cache=1521570977558 HTTP/1.1" 200 53
200.112.233.47 - - [20/Mar/2018:15:37:09 -0300] "POST /cormun/servlet/solicitudot?gx-no-cache=1521570977600 HTTP/1.1" 200 256
200.112.233.47 - - [20/Mar/2018:15:37:09 -0300] "GET /cormun/servlet/solicitudot?c3cb387f9fbf201522b6e6ff6ec5d0ac80e3a989f26b2d587dfb5071d60424ddc9404494348821128650490134baef4607499da4c9c58dbf7ec5678a67d777218b4223e2cc203d7abc649e3f1a328eeb54617ff41799cba0078037893b5fd84032f193bccaf8e6528789d3d3242cb9f5a3e4fcc5d16c18352d9a710622078dfd0db97128abb2e25efb1f8f2829db59611eac9f2a87e2d27b2d4387b136507d4aae0d9ec724386269719d40665632b5e654d420db31f893fe69c9046b955b4217a43dd27d3a4bf3baa90626eef94bbaf292a60049f3f069abb477a69830d79ee20726dc8c163a48f4f7803ee459b23c2c5e5ac565ffdc69a898657058776d715000306f09aba617381a2346730a6552ac0f31282510300abec25acb2e0487e434b47bbb51d120afee5d637fa8ddb5964d351b3cb5370685eb9472290ee1933273d232950b0ef4910954b825ecbb2b73797eaf1806e6fa461ac8474ec87e960a38a550c001386ff11a602dffe1a3890887f238718ecd225a7baf910b8207f74bd6,gx-no-cache=1521570977642 HTTP/1.1" 200 30
200.112.233.47 - - [20/Mar/2018:15:37:09 -0300] "POST /cormun/servlet/solicitudot?gx-no-cache=1521570977678 HTTP/1.1" 200 30
200.112.233.47 - - [20/Mar/2018:15:37:09 -0300] "POST /cormun/servlet/solicitudot?gx-no-cache=1521570977718 HTTP/1.1" 200 1336
200.112.233.47 - - [20/Mar/2018:15:37:09 -0300] "POST /cormun/servlet/solicitudot?gx-no-cache=1521570977804 HTTP/1.1" 200 38
200.112.233.47 - - [20/Mar/2018:15:37:15 -0300] "POST /cormun/servlet/solicitudot?gx-no-cache=1521570984108 HTTP/1.1" 200 30
200.112.233.47 - - [20/Mar/2018:15:37:18 -0300] "POST /cormun/servlet/solicitudot?gx-no-cache=1521570986726 HTTP/1.1" 200 1336
200.112.233.47 - - [20/Mar/2018:15:37:18 -0300] "POST /cormun/servlet/solicitudot?gx-no-cache=1521570986812 HTTP/1.1" 200 38
200.112.233.47 - - [20/Mar/2018:15:37:23 -0300] "GET /cormun/servlet/solicitudot?c3cb387f9fbf201522b6e6ff6ec5d0acf9d7d3c3ce4a304c89667238e54e284ff483685134da8797523e25a4b1657bbfdea3debb53adc182af77286105738a5bfc40b03ef8de608436b80e04e6575250170b034df160dd9e917284072c09d88a798b1f9e6a92877e4bae9dd16d8f1cc7,gx-no-cache=1521570991664 HTTP/1.1" 200 29
200.112.233.47 - - [20/Mar/2018:15:37:23 -0300] "POST /cormun/servlet/solicitudot?gx-no-cache=1521570991694 HTTP/1.1" 200 1319
200.112.233.47 - - [20/Mar/2018:15:37:23 -0300] "POST /cormun/servlet/solicitudot?gx-no-cache=1521570991742 HTTP/1.1" 200 1218
200.112.233.47 - - [20/Mar/2018:15:37:23 -0300] "GET /cormun/static/menuarrow.gif HTTP/1.1" 404 1015
200.112.233.47 - - [20/Mar/2018:15:37:25 -0300] "POST /cormun/servlet/solicitudot?gx-no-cache=1521570993512 HTTP/1.1" 200 1319
200.112.233.47 - - [20/Mar/2018:15:37:25 -0300] "POST /cormun/servlet/solicitudot?gx-no-cache=1521570993564 HTTP/1.1" 200 1218
200.112.233.47 - - [20/Mar/2018:15:37:26 -0300] "GET /cormun/servlet/solicitudot?c3cb387f9fbf201522b6e6ff6ec5d0acde79ad86f64315356fa483f962acabc317450b189a435187e1fd2f1536aea6ab,gx-no-cache=1521570995082 HTTP/1.1" 200 30
200.112.233.47 - - [20/Mar/2018:15:37:41 -0300] "POST /cormun/servlet/solicitudot?gx-no-cache=1521571009874 HTTP/1.1" 200 30
200.112.233.47 - - [20/Mar/2018:15:37:42 -0300] "POST /cormun/servlet/solicitudot?b3bbf580b15ba953dcb568a56c4327a1,INS,0,0,,gx-no-cache=1521571009910 HTTP/1.1" 200 93
200.112.233.47 - - [20/Mar/2018:15:37:42 -0300] "GET /cormun/servlet/hpexe_return? HTTP/1.1" 200 1002
200.112.233.47 - - [20/Mar/2018:15:37:42 -0300] "GET /cormun/servlet/trsolicitudot HTTP/1.1" 200 11886
200.112.233.47 - - [20/Mar/2018:15:37:43 -0300] "GET /cormun/servlet/trsolicitudot HTTP/1.1" 200 11881
200.112.233.47 - - [20/Mar/2018:15:37:50 -0300] "GET /cormun/servlet/solicitudot?INS,0,0, HTTP/1.1" 200 13652
200.112.233.47 - - [20/Mar/2018:15:37:51 -0300] "GET /cormun/servlet/solicitudot?INS,0,0, HTTP/1.1" 200 13657
200.112.233.47 - - [20/Mar/2018:15:37:53 -0300] "POST /cormun/servlet/solicitudot?gx-no-cache=1521571021346 HTTP/1.1" 200 3341
200.112.233.47 - - [20/Mar/2018:15:37:53 -0300] "GET /cormun/static/Shared/jqueryui/images/ui-bg_highlight-soft_100_c6c2c8_1x100.png HTTP/1.1" 404 1117
200.112.233.47 - - [20/Mar/2018:15:37:53 -0300] "GET /cormun/static/Shared/jqueryui/images/ui-icons_82798d_256x240.png HTTP/1.1" 404 1089
200.112.233.47 - - [20/Mar/2018:15:37:53 -0300] "GET /cormun/static/Shared/jqueryui/images/ui-icons_ebccce_256x240.png HTTP/1.1" 404 1089
200.112.233.47 - - [20/Mar/2018:15:37:53 -0300] "GET /cormun/servlet/solicitudot?c3cb387f9fbf201522b6e6ff6ec5d0ac81c859ad5ee6c513949e57f545bcef9e,gx-no-cache=1521571021842 HTTP/1.1" 200 111
200.112.233.47 - - [20/Mar/2018:15:37:53 -0300] "GET /cormun/static/Shared/jqueryui/images/ui-bg_flat_55_994d53_40x100.png HTTP/1.1" 404 1097
200.112.233.47 - - [20/Mar/2018:15:37:56 -0300] "GET /cormun/servlet/prfichaempleado?,MD,,gxPopupLevel%3D0%3B HTTP/1.1" 200 9358
200.112.233.47 - - [20/Mar/2018:15:38:09 -0300] "POST /cormun/servlet/prfichaempleado?b3bbf580b15ba953dcb568a56c4327a1,,MD,,gxPopupLevel%3D0%3B,gx-no-cache=1521571037464 HTTP/1.1" 200 3600
200.112.233.47 - - [20/Mar/2018:15:38:21 -0300] "POST /cormun/servlet/solicitudot?gx-no-cache=1521571049720 HTTP/1.1" 200 3400
200.112.233.47 - - [20/Mar/2018:15:38:21 -0300] "POST /cormun/servlet/solicitudot?b3bbf580b15ba953dcb568a56c4327a1,INS,0,0,,gx-no-cache=1521571049888 HTTP/1.1" 200 10546
200.112.233.47 - - [20/Mar/2018:15:38:24 -0300] "GET /cormun/servlet/solicitudot?c3cb387f9fbf201522b6e6ff6ec5d0ac85e5461e01d5f457de5af86008dcf7f157af945db1e39e79fca79744793b2ea7,gx-no-cache=1521571053316 HTTP/1.1" 200 30
200.112.233.47 - - [20/Mar/2018:15:38:24 -0300] "GET /cormun/servlet/solicitudot?c3cb387f9fbf201522b6e6ff6ec5d0ace5cd102003f76071e1ed9c0e1211946d37f3afabd75547a40aa803e9b3b84f5457af945db1e39e79fca79744793b2ea7,gx-no-cache=1521571053392 HTTP/1.1" 200 30
200.112.233.47 - - [20/Mar/2018:15:38:24 -0300] "GET /cormun/servlet/solicitudot?c3cb387f9fbf201522b6e6ff6ec5d0ace2fc055e405d8affc482bf46be531982,gx-no-cache=1521571053452 HTTP/1.1" 200 51
200.112.233.47 - - [20/Mar/2018:15:38:24 -0300] "POST /cormun/servlet/solicitudot?gx-no-cache=1521571053490 HTTP/1.1" 200 256
200.112.233.47 - - [20/Mar/2018:15:38:25 -0300] "GET /cormun/servlet/solicitudot?c3cb387f9fbf201522b6e6ff6ec5d0ac80e3a989f26b2d587dfb5071d60424ddc9404494348821128650490134baef4607499da4c9c58dbf7ec5678a67d777218b4223e2cc203d7abc649e3f1a328eeb54617ff41799cba0078037893b5fd84032f193bccaf8e6528789d3d3242cb9f5a3e4fcc5d16c18352d9a710622078dfd0db97128abb2e25efb1f8f2829db59611eac9f2a87e2d27b2d4387b136507d4aae0d9ec724386269719d40665632b5e654d420db31f893fe69c9046b955b4217a43dd27d3a4bf3baa90626eef94bbaf292a60049f3f069abb477a69830d79ee20726dc8c163a48f4f7803ee459b23c2c5e5ac565ffdc69a898657058776d715000306f09aba617381a2346730a6552ac0f31282510300abec25acb2e0487e434b47bbb51d120afee5d637fa8ddb5964d351b3cb5370685eb9472290ee1933273d232950b0ef4910954b825ecbb2b73797eaf1806e6fa461ac8474ec87e960a38a550c001386ff11a602dffe1a3890887f238718ecd225a7baf910b8207f74bd6,gx-no-cache=1521571053530 HTTP/1.1" 200 30
200.112.233.47 - - [20/Mar/2018:15:38:27 -0300] "POST /cormun/servlet/solicitudot?gx-no-cache=1521571055860 HTTP/1.1" 200 30
192.168.10.96 - - [20/Mar/2018:15:38:31 -0300] "POST /cormun/servlet/trsolicitudgral?942e9473c01cb4b857fec7e72cc0f6ff,gx-no-cache=1521570945482 HTTP/1.1" 200 11020
200.112.233.47 - - [20/Mar/2018:15:38:32 -0300] "POST /cormun/servlet/solicitudot?gx-no-cache=1521571061370 HTTP/1.1" 200 1337
200.112.233.47 - - [20/Mar/2018:15:38:33 -0300] "POST /cormun/servlet/solicitudot?gx-no-cache=1521571061526 HTTP/1.1" 200 38
192.168.10.96 - - [20/Mar/2018:15:38:38 -0300] "POST /cormun/servlet/trsolicitudgral?942e9473c01cb4b857fec7e72cc0f6ff,gx-no-cache=1521570952411 HTTP/1.1" 200 14392
192.168.10.96 - - [20/Mar/2018:15:38:41 -0300] "GET /cormun/servlet/vesolicitudgral?2018,7728,, HTTP/1.1" 200 9255
192.168.10.96 - - [20/Mar/2018:15:38:41 -0300] "GET /cormun/pexe_scrolldiv.js HTTP/1.1" 404 1009
192.168.10.96 - - [20/Mar/2018:15:38:41 -0300] "GET /cormun/pexe_scrolldiv.js HTTP/1.1" 404 1009
192.168.10.96 - - [20/Mar/2018:15:38:42 -0300] "GET /cormun/servlet/vesolicitudgral?2018,7728,, HTTP/1.1" 200 9254
192.168.10.96 - - [20/Mar/2018:15:38:43 -0300] "GET /cormun/servlet/vesolicitudgral?2018,7728,,SolicitudOTAdjuntos HTTP/1.1" 200 11318
192.168.10.96 - - [20/Mar/2018:15:38:43 -0300] "GET /cormun/pexe_scrolldiv.js HTTP/1.1" 404 1009
192.168.10.96 - - [20/Mar/2018:15:38:43 -0300] "GET /cormun/pexe_scrolldiv.js HTTP/1.1" 404 1009
192.168.10.96 - - [20/Mar/2018:15:38:44 -0300] "GET /cormun/servlet/vesolicitudgral?2018,7728,,SolicitudOTAdjuntos HTTP/1.1" 200 11318
192.168.10.96 - - [20/Mar/2018:15:38:45 -0300] "POST /cormun/servlet/acontrolpreferencessavestate?None,DZAMUDIO,true HTTP/1.1" 200 35
192.168.10.96 - - [20/Mar/2018:15:38:45 -0300] "GET /cormun/PublicTempStorage/carnet3675999.pdf HTTP/1.1" 200 146118
192.168.10.96 - - [20/Mar/2018:15:38:50 -0300] "GET /cormun/servlet/vesolicitudgral?2018,7728,,SolicitudOTAdjuntos HTTP/1.1" 200 11316
192.168.10.96 - - [20/Mar/2018:15:38:50 -0300] "GET /cormun/servlet/vesolicitudgral?2018,7728,,SolicitudOTAdjuntos HTTP/1.1" 200 11320
192.168.10.96 - - [20/Mar/2018:15:38:51 -0300] "POST /cormun/servlet/acontrolpreferencessavestate?None,DZAMUDIO,true HTTP/1.1" 200 35
192.168.10.96 - - [20/Mar/2018:15:38:52 -0300] "GET /cormun/PublicTempStorage/afp6198543.pdf HTTP/1.1" 200 621242
192.168.10.96 - - [20/Mar/2018:15:38:56 -0300] "GET /cormun/servlet/vesolicitudgral?2018,7728,,SolicitudOTAdjuntos HTTP/1.1" 200 11317
192.168.10.96 - - [20/Mar/2018:15:38:57 -0300] "GET /cormun/servlet/vesolicitudgral?2018,7728,,SolicitudOTAdjuntos HTTP/1.1" 200 11319
192.168.10.96 - - [20/Mar/2018:15:38:58 -0300] "POST /cormun/servlet/acontrolpreferencessavestate?None,DZAMUDIO,true HTTP/1.1" 200 35
192.168.10.96 - - [20/Mar/2018:15:38:58 -0300] "GET /cormun/PublicTempStorage/fonasa4173762.pdf HTTP/1.1" 200 79583
192.168.10.96 - - [20/Mar/2018:15:39:03 -0300] "GET /cormun/servlet/vesolicitudgral?2018,7728,,SolicitudOTAdjuntos HTTP/1.1" 200 11317
192.168.10.96 - - [20/Mar/2018:15:39:03 -0300] "GET /cormun/servlet/vesolicitudgral?2018,7728,,SolicitudOTAdjuntos HTTP/1.1" 200 11318
192.168.10.96 - - [20/Mar/2018:15:39:04 -0300] "POST /cormun/servlet/acontrolpreferencessavestate?None,DZAMUDIO,true HTTP/1.1" 200 35
192.168.10.96 - - [20/Mar/2018:15:39:05 -0300] "GET /cormun/PublicTempStorage/fonasa1066539.pdf HTTP/1.1" 200 79583
192.168.10.96 - - [20/Mar/2018:15:39:08 -0300] "GET /cormun/servlet/vesolicitudgral?2018,7728,,SolicitudOTAdjuntos HTTP/1.1" 200 11318
192.168.10.96 - - [20/Mar/2018:15:39:08 -0300] "GET /cormun/servlet/vesolicitudgral?2018,7728,,SolicitudOTAdjuntos HTTP/1.1" 200 11319
192.168.10.96 - - [20/Mar/2018:15:39:09 -0300] "POST /cormun/servlet/acontrolpreferencessavestate?None,DZAMUDIO,true HTTP/1.1" 200 35
192.168.10.96 - - [20/Mar/2018:15:39:10 -0300] "GET /cormun/PublicTempStorage/antecedentes8207430.pdf HTTP/1.1" 200 224995
192.168.10.96 - - [20/Mar/2018:15:39:13 -0300] "GET /cormun/servlet/vesolicitudgral?2018,7728,,SolicitudOTAdjuntos HTTP/1.1" 200 11320
192.168.10.96 - - [20/Mar/2018:15:39:14 -0300] "GET /cormun/servlet/vesolicitudgral?2018,7728,,SolicitudOTAdjuntos HTTP/1.1" 200 11320
192.168.10.96 - - [20/Mar/2018:15:39:15 -0300] "POST /cormun/servlet/acontrolpreferencessavestate?None,DZAMUDIO,true HTTP/1.1" 200 35
192.168.10.96 - - [20/Mar/2018:15:39:16 -0300] "GET /cormun/PublicTempStorage/curriculum6672597.pdf HTTP/1.1" 200 410268
186.67.172.234 - - [20/Mar/2018:15:39:17 -0300] "GET /cormun/servlet/trsolicitudot? HTTP/1.1" 200 8772
186.67.172.234 - - [20/Mar/2018:15:39:17 -0300] "GET /cormun/servlet/trsolicitudot? HTTP/1.1" 200 8771
192.168.10.96 - - [20/Mar/2018:15:39:20 -0300] "GET /cormun/servlet/vesolicitudgral?2018,7728,,SolicitudOTAdjuntos HTTP/1.1" 200 11317
186.67.172.234 - - [20/Mar/2018:15:39:21 -0300] "GET /cormun/servlet/solicitudot?INS,0,0, HTTP/1.1" 200 13663
192.168.10.96 - - [20/Mar/2018:15:39:21 -0300] "GET /cormun/servlet/vesolicitudgral?2018,7728,,SolicitudOTAdjuntos HTTP/1.1" 200 11318
186.67.172.234 - - [20/Mar/2018:15:39:21 -0300] "GET /cormun/servlet/solicitudot?INS,0,0, HTTP/1.1" 200 13668
192.168.10.96 - - [20/Mar/2018:15:39:22 -0300] "POST /cormun/servlet/acontrolpreferencessavestate?None,DZAMUDIO,true HTTP/1.1" 200 35
192.168.10.96 - - [20/Mar/2018:15:39:22 -0300] "GET /cormun/PublicTempStorage/titulo2688836.pdf HTTP/1.1" 200 263975
201.215.248.160 - - [20/Mar/2018:15:39:25 -0300] "GET /cormun/servlet/hhome HTTP/1.1" 200 3968
201.215.248.160 - - [20/Mar/2018:15:39:26 -0300] "GET /cormun/servlet/hhome HTTP/1.1" 200 3977
200.112.233.47 - - [20/Mar/2018:15:39:36 -0300] "GET /cormun/servlet/solicitudot?c3cb387f9fbf201522b6e6ff6ec5d0acf9d7d3c3ce4a304c89667238e54e284ff483685134da8797523e25a4b1657bbfdea3debb53adc182af77286105738a5bfc40b03ef8de608436b80e04e6575250170b034df160dd9e917284072c09d88a798b1f9e6a92877e4bae9dd16d8f1cc7,gx-no-cache=1521571125016 HTTP/1.1" 200 29
200.112.233.47 - - [20/Mar/2018:15:39:36 -0300] "POST /cormun/servlet/solicitudot?gx-no-cache=1521571125070 HTTP/1.1" 200 1319
200.112.233.47 - - [20/Mar/2018:15:39:36 -0300] "POST /cormun/servlet/solicitudot?gx-no-cache=1521571125128 HTTP/1.1" 200 1218
200.112.233.47 - - [20/Mar/2018:15:39:36 -0300] "GET /cormun/static/menuarrow.gif HTTP/1.1" 404 1015
200.112.233.47 - - [20/Mar/2018:15:39:38 -0300] "POST /cormun/servlet/solicitudot?gx-no-cache=1521571126738 HTTP/1.1" 200 1319
200.112.233.47 - - [20/Mar/2018:15:39:38 -0300] "POST /cormun/servlet/solicitudot?gx-no-cache=1521571126794 HTTP/1.1" 200 1218
186.67.172.234 - - [20/Mar/2018:15:39:38 -0300] "POST /cormun/servlet/solicitudot?gx-no-cache=1521571075145 HTTP/1.1" 200 3284
186.67.172.234 - - [20/Mar/2018:15:39:38 -0300] "POST /cormun/servlet/solicitudot?4c7356866b552c544aecaa012f3ecd11,INS,0,0,,gx-no-cache=1521571075269 HTTP/1.1" 200 10432
200.112.233.47 - - [20/Mar/2018:15:39:39 -0300] "GET /cormun/servlet/solicitudot?c3cb387f9fbf201522b6e6ff6ec5d0acde79ad86f64315356fa483f962acabc317450b189a435187e1fd2f1536aea6ab,gx-no-cache=1521571127794 HTTP/1.1" 200 30
186.103.159.189 - - [20/Mar/2018:15:39:40 -0300] "GET /cormun/servlet/hlogin HTTP/1.1" 200 1725
186.103.159.189 - - [20/Mar/2018:15:39:41 -0300] "GET /cormun/servlet/hlogin HTTP/1.1" 200 1735
186.103.159.189 - - [20/Mar/2018:15:39:51 -0300] "POST /cormun/servlet/hlogin?f3752ebf030f2987244664eec8ac4d2a,gx-no-cache=1521571138645 HTTP/1.1" 200 90
186.103.159.189 - - [20/Mar/2018:15:39:51 -0300] "GET /cormun/servlet/hpexe_link HTTP/1.1" 200 956
186.103.159.189 - - [20/Mar/2018:15:39:51 -0300] "GET /cormun/servlet/hhome HTTP/1.1" 200 3992
186.103.159.189 - - [20/Mar/2018:15:39:52 -0300] "GET /cormun/servlet/hhome HTTP/1.1" 200 3989
186.67.172.234 - - [20/Mar/2018:15:39:57 -0300] "GET /cormun/servlet/solicitudot?ca98fb29bb7e5f75e96bcc057b863ccfcf5265c85b932f66345adf15f1e20e6675c77c67bcb3da5d018a6a61afc5bfd0,gx-no-cache=1521571093654 HTTP/1.1" 200 30
200.112.233.47 - - [20/Mar/2018:15:40:05 -0300] "POST /cormun/servlet/solicitudot?gx-no-cache=1521571153752 HTTP/1.1" 200 30
200.112.233.47 - - [20/Mar/2018:15:40:06 -0300] "POST /cormun/servlet/solicitudot?b3bbf580b15ba953dcb568a56c4327a1,INS,0,0,,gx-no-cache=1521571153834 HTTP/1.1" 200 93
200.112.233.47 - - [20/Mar/2018:15:40:06 -0300] "GET /cormun/servlet/hpexe_return? HTTP/1.1" 200 1002
200.112.233.47 - - [20/Mar/2018:15:40:06 -0300] "GET /cormun/servlet/trsolicitudot HTTP/1.1" 200 12332
200.112.233.47 - - [20/Mar/2018:15:40:07 -0300] "GET /cormun/servlet/trsolicitudot HTTP/1.1" 200 12328
200.112.233.47 - - [20/Mar/2018:15:40:09 -0300] "GET /cormun/servlet/solicitudot?INS,0,0, HTTP/1.1" 200 13652
200.112.233.47 - - [20/Mar/2018:15:40:10 -0300] "GET /cormun/servlet/solicitudot?INS,0,0, HTTP/1.1" 200 13657
200.112.233.47 - - [20/Mar/2018:15:40:13 -0300] "GET /cormun/servlet/prfichaempleado?,MD,,gxPopupLevel%3D0%3B HTTP/1.1" 200 9358
200.112.233.47 - - [20/Mar/2018:15:40:25 -0300] "POST /cormun/servlet/prfichaempleado?b3bbf580b15ba953dcb568a56c4327a1,,MD,,gxPopupLevel%3D0%3B,gx-no-cache=1521571173258 HTTP/1.1" 200 3600
186.103.159.189 - - [20/Mar/2018:15:40:28 -0300] "GET /cormun/servlet/trsolicitudot? HTTP/1.1" 200 7200
186.103.159.189 - - [20/Mar/2018:15:40:28 -0300] "GET /cormun/static/gxui/gxui-all.css?120300 HTTP/1.1" 200 2179
186.103.159.189 - - [20/Mar/2018:15:40:28 -0300] "GET /cormun/static/calendar-system.css?85620 HTTP/1.1" 200 5572
186.103.159.189 - - [20/Mar/2018:15:40:28 -0300] "GET /cormun/static/Resources/Spanish/PXTools.css?1255365 HTTP/1.1" 200 89042
186.103.159.189 - - [20/Mar/2018:15:40:28 -0300] "GET /cormun/static/gxcfg.js?2017111422585916 HTTP/1.1" 200 953
186.103.159.189 - - [20/Mar/2018:15:40:28 -0300] "GET /cormun/static/trsolicitudot.js?201711142259839 HTTP/1.1" 200 54041
186.103.159.189 - - [20/Mar/2018:15:40:28 -0300] "GET /cormun/static/Shared/ext/resources/css/ext-all.css?215870 HTTP/1.1" 200 416045
200.112.233.47 - - [20/Mar/2018:15:40:29 -0300] "POST /cormun/servlet/solicitudot?gx-no-cache=1521571178230 HTTP/1.1" 200 3400
186.103.159.189 - - [20/Mar/2018:15:40:29 -0300] "GET /cormun/servlet/trsolicitudot? HTTP/1.1" 200 7199
200.112.233.47 - - [20/Mar/2018:15:40:30 -0300] "POST /cormun/servlet/solicitudot?b3bbf580b15ba953dcb568a56c4327a1,INS,0,0,,gx-no-cache=1521571178380 HTTP/1.1" 200 10546
200.112.233.47 - - [20/Mar/2018:15:40:32 -0300] "GET /cormun/servlet/solicitudot?c3cb387f9fbf201522b6e6ff6ec5d0ac85e5461e01d5f457de5af86008dcf7f157af945db1e39e79fca79744793b2ea7,gx-no-cache=1521571181248 HTTP/1.1" 200 30
200.112.233.47 - - [20/Mar/2018:15:40:32 -0300] "GET /cormun/servlet/solicitudot?c3cb387f9fbf201522b6e6ff6ec5d0ace5cd102003f76071e1ed9c0e1211946d37f3afabd75547a40aa803e9b3b84f5457af945db1e39e79fca79744793b2ea7,gx-no-cache=1521571181372 HTTP/1.1" 200 30
200.112.233.47 - - [20/Mar/2018:15:40:32 -0300] "GET /cormun/servlet/solicitudot?c3cb387f9fbf201522b6e6ff6ec5d0ace2fc055e405d8affc482bf46be531982,gx-no-cache=1521571181406 HTTP/1.1" 200 51
200.112.233.47 - - [20/Mar/2018:15:40:32 -0300] "POST /cormun/servlet/solicitudot?gx-no-cache=1521571181442 HTTP/1.1" 200 256
200.112.233.47 - - [20/Mar/2018:15:40:32 -0300] "GET /cormun/servlet/solicitudot?c3cb387f9fbf201522b6e6ff6ec5d0ac80e3a989f26b2d587dfb5071d60424ddc9404494348821128650490134baef4607499da4c9c58dbf7ec5678a67d777218b4223e2cc203d7abc649e3f1a328eeb54617ff41799cba0078037893b5fd84032f193bccaf8e6528789d3d3242cb9f5a3e4fcc5d16c18352d9a710622078dfd0db97128abb2e25efb1f8f2829db59611eac9f2a87e2d27b2d4387b136507d4aae0d9ec724386269719d40665632b5e654d420db31f893fe69c9046b955b4217a43dd27d3a4bf3baa90626eef94bbaf292a60049f3f069abb477a69830d79ee20726dc8c163a48f4f7803ee459b23c2c5e5ac565ffdc69a898657058776d715000306f09aba617381a2346730a6552ac0f31282510300abec25acb2e0487e434b47bbb51d120afee5d637fa8ddb5964d351b3cb5370685eb9472290ee1933273d232950b0ef4910954b825ecbb2b73797eaf1806e6fa461ac8474ec87e960a38a550c001386ff11a602dffe1a3890887f238718ecd225a7baf910b8207f74bd6,gx-no-cache=1521571181484 HTTP/1.1" 200 30
200.112.233.47 - - [20/Mar/2018:15:40:33 -0300] "POST /cormun/servlet/solicitudot?gx-no-cache=1521571182220 HTTP/1.1" 200 30
200.112.233.47 - - [20/Mar/2018:15:40:36 -0300] "POST /cormun/servlet/solicitudot?gx-no-cache=1521571184326 HTTP/1.1" 200 1337
200.112.233.47 - - [20/Mar/2018:15:40:36 -0300] "POST /cormun/servlet/solicitudot?gx-no-cache=1521571184794 HTTP/1.1" 200 38
186.103.159.189 - - [20/Mar/2018:15:40:43 -0300] "POST /cormun/servlet/trsolicitudot?f3752ebf030f2987244664eec8ac4d2a,,gx-no-cache=1521571190667 HTTP/1.1" 200 19533
186.103.159.189 - - [20/Mar/2018:15:40:44 -0300] "GET /cormun//static/Resources/PXToolsActionView.png HTTP/1.1" 200 2995
186.103.159.189 - - [20/Mar/2018:15:40:44 -0300] "GET /cormun//static/Resources/PXToolsRemoveAllAction.png HTTP/1.1" 200 3558
200.112.233.47 - - [20/Mar/2018:15:40:47 -0300] "GET /cormun/servlet/solicitudot?c3cb387f9fbf201522b6e6ff6ec5d0acf9d7d3c3ce4a304c89667238e54e284ff483685134da8797523e25a4b1657bbfdea3debb53adc182af77286105738a5bfc40b03ef8de608436b80e04e6575250170b034df160dd9e917284072c09d88a798b1f9e6a92877e4bae9dd16d8f1cc7,gx-no-cache=1521571196052 HTTP/1.1" 200 29
200.112.233.47 - - [20/Mar/2018:15:40:47 -0300] "POST /cormun/servlet/solicitudot?gx-no-cache=1521571196094 HTTP/1.1" 200 1319
200.112.233.47 - - [20/Mar/2018:15:40:47 -0300] "POST /cormun/servlet/solicitudot?gx-no-cache=1521571196152 HTTP/1.1" 200 1218
200.112.233.47 - - [20/Mar/2018:15:40:47 -0300] "GET /cormun/static/menuarrow.gif HTTP/1.1" 404 1015
200.112.233.47 - - [20/Mar/2018:15:40:48 -0300] "POST /cormun/servlet/solicitudot?gx-no-cache=1521571197470 HTTP/1.1" 200 1319
200.112.233.47 - - [20/Mar/2018:15:40:49 -0300] "POST /cormun/servlet/solicitudot?gx-no-cache=1521571197516 HTTP/1.1" 200 1218
200.112.233.47 - - [20/Mar/2018:15:40:50 -0300] "GET /cormun/servlet/solicitudot?c3cb387f9fbf201522b6e6ff6ec5d0acde79ad86f64315356fa483f962acabc317450b189a435187e1fd2f1536aea6ab,gx-no-cache=1521571198746 HTTP/1.1" 200 30
200.112.233.47 - - [20/Mar/2018:15:41:00 -0300] "POST /cormun/servlet/solicitudot?gx-no-cache=1521571208944 HTTP/1.1" 200 30
200.112.233.47 - - [20/Mar/2018:15:41:01 -0300] "POST /cormun/servlet/solicitudot?b3bbf580b15ba953dcb568a56c4327a1,INS,0,0,,gx-no-cache=1521571209026 HTTP/1.1" 200 93
200.112.233.47 - - [20/Mar/2018:15:41:01 -0300] "GET /cormun/servlet/hpexe_return? HTTP/1.1" 200 1002
200.112.233.47 - - [20/Mar/2018:15:41:01 -0300] "GET /cormun/servlet/trsolicitudot HTTP/1.1" 200 12650
200.112.233.47 - - [20/Mar/2018:15:41:02 -0300] "GET /cormun/servlet/trsolicitudot HTTP/1.1" 200 12646
186.103.159.189 - - [20/Mar/2018:15:41:11 -0300] "GET /cormun/servlet/trvisualizadoreventos? HTTP/1.1" 200 6724
200.112.233.47 - - [20/Mar/2018:15:41:11 -0300] "GET /cormun/servlet/solicitudot?INS,0,0, HTTP/1.1" 200 13651
186.103.159.189 - - [20/Mar/2018:15:41:11 -0300] "GET /cormun/static/gxcfg.js?20175251251426 HTTP/1.1" 200 953
186.103.159.189 - - [20/Mar/2018:15:41:11 -0300] "GET /cormun/static/Resources/PXToolsActionPrint.png HTTP/1.1" 200 3317
200.112.233.47 - - [20/Mar/2018:15:41:12 -0300] "GET /cormun/servlet/solicitudot?INS,0,0, HTTP/1.1" 200 13656
186.103.159.189 - - [20/Mar/2018:15:41:13 -0300] "GET /cormun/servlet/trvisualizadoreventos? HTTP/1.1" 200 6724
200.112.233.47 - - [20/Mar/2018:15:41:14 -0300] "POST /cormun/servlet/solicitudot?gx-no-cache=1521571222592 HTTP/1.1" 200 3341
200.112.233.47 - - [20/Mar/2018:15:41:14 -0300] "GET /cormun/static/Shared/jqueryui/images/ui-bg_highlight-soft_100_c6c2c8_1x100.png HTTP/1.1" 404 1117
200.112.233.47 - - [20/Mar/2018:15:41:14 -0300] "GET /cormun/servlet/solicitudot?c3cb387f9fbf201522b6e6ff6ec5d0ac81c859ad5ee6c513949e57f545bcef9e,gx-no-cache=1521571223072 HTTP/1.1" 200 111
200.112.233.47 - - [20/Mar/2018:15:41:14 -0300] "GET /cormun/static/Shared/jqueryui/images/ui-icons_82798d_256x240.png HTTP/1.1" 404 1089
200.112.233.47 - - [20/Mar/2018:15:41:14 -0300] "GET /cormun/static/Shared/jqueryui/images/ui-icons_ebccce_256x240.png HTTP/1.1" 404 1089
200.112.233.47 - - [20/Mar/2018:15:41:14 -0300] "GET /cormun/static/Shared/jqueryui/images/ui-bg_flat_55_994d53_40x100.png HTTP/1.1" 404 1097
186.103.159.189 - - [20/Mar/2018:15:41:16 -0300] "POST /cormun/servlet/trvisualizadoreventos?f3752ebf030f2987244664eec8ac4d2a,,gx-no-cache=1521571223848 HTTP/1.1" 200 3943
186.103.159.189 - - [20/Mar/2018:15:41:18 -0300] "GET /cormun/static/menuarrow.gif HTTP/1.1" 404 1015
186.103.159.189 - - [20/Mar/2018:15:41:20 -0300] "POST /cormun/servlet/trvisualizadoreventos?f3752ebf030f2987244664eec8ac4d2a,,gx-no-cache=1521571228312 HTTP/1.1" 200 3949
186.103.159.189 - - [20/Mar/2018:15:41:24 -0300] "POST /cormun/servlet/trvisualizadoreventos?f3752ebf030f2987244664eec8ac4d2a,,gx-no-cache=1521571232126 HTTP/1.1" 200 3949
186.103.159.189 - - [20/Mar/2018:15:41:28 -0300] "POST /cormun/servlet/trvisualizadoreventos?f3752ebf030f2987244664eec8ac4d2a,,gx-no-cache=1521571235721 HTTP/1.1" 200 3951
186.103.159.189 - - [20/Mar/2018:15:41:31 -0300] "POST /cormun/servlet/trvisualizadoreventos?f3752ebf030f2987244664eec8ac4d2a,,gx-no-cache=1521571239424 HTTP/1.1" 200 3951
186.103.159.189 - - [20/Mar/2018:15:41:32 -0300] "POST /cormun/servlet/trvisualizadoreventos?f3752ebf030f2987244664eec8ac4d2a,,gx-no-cache=1521571240559 HTTP/1.1" 200 3951
186.103.159.189 - - [20/Mar/2018:15:41:39 -0300] "POST /cormun/servlet/trvisualizadoreventos?f3752ebf030f2987244664eec8ac4d2a,,gx-no-cache=1521571247312 HTTP/1.1" 200 7421
186.103.159.189 - - [20/Mar/2018:15:41:40 -0300] "GET /cormun/static/Resources/PXToolsGridNext.gif HTTP/1.1" 200 369
186.103.159.189 - - [20/Mar/2018:15:41:40 -0300] "GET /cormun/static/Resources/PXToolsGridLast.gif HTTP/1.1" 200 370
200.112.233.47 - - [20/Mar/2018:15:42:00 -0300] "GET /cormun/servlet/prfichaempleado?,MD,,gxPopupLevel%3D0%3B HTTP/1.1" 200 9358
186.103.159.204 - - [20/Mar/2018:15:42:12 -0300] "POST /cormun/servlet/trsolicitudot?6aaf39c2e7352bbe7d38893de99cd1d1,,gx-no-cache=1521571279051 HTTP/1.1" 440 972
186.103.159.204 - - [20/Mar/2018:15:42:15 -0300] "GET /cormun/servlet/trsolicitudot? HTTP/1.1" 200 6392
186.103.159.204 - - [20/Mar/2018:15:42:15 -0300] "GET /cormun/servlet/hlogin HTTP/1.1" 200 1737
186.103.159.204 - - [20/Mar/2018:15:42:15 -0300] "GET /cormun/servlet/trsolicitudot? HTTP/1.1" 200 6392
186.67.172.234 - - [20/Mar/2018:15:42:16 -0300] "GET /cormun/servlet/prbanco?,MD,,gxPopupLevel%3D0%3B HTTP/1.1" 200 6661
200.112.233.47 - - [20/Mar/2018:15:42:19 -0300] "POST /cormun/servlet/prfichaempleado?b3bbf580b15ba953dcb568a56c4327a1,,MD,,gxPopupLevel%3D0%3B,gx-no-cache=1521571288000 HTTP/1.1" 200 3189
186.67.172.234 - - [20/Mar/2018:15:42:20 -0300] "GET /cormun/servlet/solicitudot?ca98fb29bb7e5f75e96bcc057b863ccf06004a50bab0a9961a10e7c79e3cbdc191789c7b024e6ae388cbdfc12359791eabc7eb3f4f20ef1da6569866b58ffb15,gx-no-cache=1521571236770 HTTP/1.1" 200 30
186.67.172.234 - - [20/Mar/2018:15:42:21 -0300] "GET /cormun/servlet/solicitudot?ca98fb29bb7e5f75e96bcc057b863ccfb8ebec31567b61c3213cdc5fa30b5b02,gx-no-cache=1521571238244 HTTP/1.1" 200 53
200.112.233.47 - - [20/Mar/2018:15:42:25 -0300] "POST /cormun/servlet/prfichaempleado?b3bbf580b15ba953dcb568a56c4327a1,,MD,,gxPopupLevel%3D0%3B,gx-no-cache=1521571294296 HTTP/1.1" 200 3189
200.112.233.47 - - [20/Mar/2018:15:42:27 -0300] "POST /cormun/servlet/prfichaempleado?b3bbf580b15ba953dcb568a56c4327a1,,MD,,gxPopupLevel%3D0%3B,gx-no-cache=1521571295894 HTTP/1.1" 200 3189
186.103.159.204 - - [20/Mar/2018:15:42:37 -0300] "POST /cormun/servlet/hlogin?bf99e9ad0cb9c0b40b2e6453af314b98,gx-no-cache=1521571304216 HTTP/1.1" 200 90
186.103.159.204 - - [20/Mar/2018:15:42:37 -0300] "GET /cormun/servlet/hpexe_link HTTP/1.1" 200 955
186.103.159.204 - - [20/Mar/2018:15:42:37 -0300] "GET /cormun/servlet/trsolicitudot HTTP/1.1" 200 8346
186.103.159.204 - - [20/Mar/2018:15:42:38 -0300] "GET /cormun/servlet/trsolicitudot HTTP/1.1" 200 8345
186.103.159.189 - - [20/Mar/2018:15:42:38 -0300] "GET /cormun/servlet/trcontratoobservacion? HTTP/1.1" 200 8410
186.103.159.189 - - [20/Mar/2018:15:42:38 -0300] "GET /cormun/static/gxcfg.js?2017525126861 HTTP/1.1" 200 953
186.103.159.189 - - [20/Mar/2018:15:42:38 -0300] "GET /cormun/static/trcontratoobservacion.js?20175251261223 HTTP/1.1" 200 25148
186.103.159.189 - - [20/Mar/2018:15:42:39 -0300] "GET /cormun/servlet/trcontratoobservacion? HTTP/1.1" 200 8410
186.67.172.234 - - [20/Mar/2018:15:42:42 -0300] "POST /cormun/servlet/solicitudot?gx-no-cache=1521571258867 HTTP/1.1" 200 297
186.67.172.234 - - [20/Mar/2018:15:42:47 -0300] "POST /cormun/servlet/solicitudot?gx-no-cache=1521571263628 HTTP/1.1" 200 256
186.103.159.189 - - [20/Mar/2018:15:42:49 -0300] "GET /cormun/servlet/trcontratoobservacion? HTTP/1.1" 200 8410
186.103.159.189 - - [20/Mar/2018:15:42:50 -0300] "GET /cormun/servlet/trcontratoobservacion? HTTP/1.1" 200 8410
186.103.159.189 - - [20/Mar/2018:15:42:52 -0300] "GET /cormun/servlet/trlicencias? HTTP/1.1" 200 9005
186.103.159.189 - - [20/Mar/2018:15:42:53 -0300] "GET /cormun/static/gxcfg.js?20176272054169 HTTP/1.1" 200 953
186.103.159.189 - - [20/Mar/2018:15:42:53 -0300] "GET /cormun/static/Resources/Spanish/PXTools.css?17315867 HTTP/1.1" 200 89042
186.103.159.189 - - [20/Mar/2018:15:42:54 -0300] "GET /cormun/servlet/trlicencias? HTTP/1.1" 200 9004
186.67.172.234 - - [20/Mar/2018:15:42:54 -0300] "GET /cormun/servlet/solicitudot?ca98fb29bb7e5f75e96bcc057b863ccf41cd48e3fd0eab500a6dd9f0d792443f9bc014fb708ebd5b156e640b70fde934de53550066c69247fa087a292824a3d1d888c8c87ba3db8e6405847260cec214940637eb6e51a78c832569a3093f141e6e35d86a77d8f6ab0ab1c09f4d72f62e7501def0a169a6937fa609cf99376bd3f1cc57cc295bba756ffaad4b26c23eb4b832284a3a373c49b5c71922d28c2b031514964786c8a42894bd790ae9942aac4cb93fd90f37ff2064c4b023fe97dab8279c4118df3dfe4721075fefd34254628da77624cdfa3d7fdf159724167bbe467289250ca32ab97275a72ffe9d93efcae3610b38443988cef2eed7394c80ea4c8e96c65b18144d91283b390b5c84a7e9d9a30131db58ddd4b35bfb19af822d4033ff2aea41adc70e22307990cfd3a628ed63c3121d1dbfc5d9e4e829a7365db90849979d4b26e956358e00ab659f6fb01877dffbcfbb9348390146d2ef21d7e270ad6716b48bdc1b1d73965d0d4091720d3d3971fc8aad01c4319441fcfbec87,gx-no-cache=1521571270785 HTTP/1.1" 200 30
200.112.233.47 - - [20/Mar/2018:15:42:54 -0300] "POST /cormun/servlet/solicitudot?gx-no-cache=1521571323022 HTTP/1.1" 200 3284
200.112.233.47 - - [20/Mar/2018:15:42:54 -0300] "POST /cormun/servlet/solicitudot?b3bbf580b15ba953dcb568a56c4327a1,INS,0,0,,gx-no-cache=1521571323200 HTTP/1.1" 200 10437
186.103.159.204 - - [20/Mar/2018:15:42:56 -0300] "POST /cormun/servlet/trsolicitudot?bf99e9ad0cb9c0b40b2e6453af314b98,gx-no-cache=1521571322936 HTTP/1.1" 200 9859
200.112.233.47 - - [20/Mar/2018:15:42:58 -0300] "GET /cormun/servlet/solicitudot?c3cb387f9fbf201522b6e6ff6ec5d0ac675808637a37f7a577392f1276b96eea57af945db1e39e79fca79744793b2ea7,gx-no-cache=1521571326552 HTTP/1.1" 200 30
186.67.172.234 - - [20/Mar/2018:15:42:58 -0300] "POST /cormun/servlet/solicitudot?gx-no-cache=1521571274772 HTTP/1.1" 200 30
186.67.172.234 - - [20/Mar/2018:15:43:00 -0300] "POST /cormun/servlet/solicitudot?gx-no-cache=1521571277368 HTTP/1.1" 200 1333
186.67.172.234 - - [20/Mar/2018:15:43:01 -0300] "POST /cormun/servlet/solicitudot?gx-no-cache=1521571277461 HTTP/1.1" 200 38
186.103.159.189 - - [20/Mar/2018:15:43:01 -0300] "GET /cormun/servlet/trsolicitudot? HTTP/1.1" 200 22260
186.103.159.189 - - [20/Mar/2018:15:43:03 -0300] "GET /cormun/servlet/trsolicitudot? HTTP/1.1" 200 22260
186.67.172.234 - - [20/Mar/2018:15:43:19 -0300] "GET /cormun/servlet/solicitudot?ca98fb29bb7e5f75e96bcc057b863ccf9bd51409f60753183d2aba8707f7610a88c72e4ee57bdb6c32aa18f4f32f4c82a4afe9e06e42bdf186bd60ab394482a589dec22fe6b74eea36fca59658aae8d77921f6b1fe9ce3385d5a512efa717d083fcbec6c0f93e7812ec343cbaa2167e8,gx-no-cache=1521571296053 HTTP/1.1" 200 29
186.67.172.234 - - [20/Mar/2018:15:43:19 -0300] "POST /cormun/servlet/solicitudot?gx-no-cache=1521571296091 HTTP/1.1" 200 1319
186.67.172.234 - - [20/Mar/2018:15:43:19 -0300] "POST /cormun/servlet/solicitudot?gx-no-cache=1521571296150 HTTP/1.1" 200 1215
186.67.172.234 - - [20/Mar/2018:15:43:28 -0300] "GET /cormun/static/menuarrow.gif HTTP/1.1" 404 1015
186.67.172.234 - - [20/Mar/2018:15:43:31 -0300] "GET /cormun/servlet/solicitudot?ca98fb29bb7e5f75e96bcc057b863ccfc4a4fd19b01b5a82cd225f80467a0e99fd1346b0733a7d1f50e553fdfae0e382,gx-no-cache=1521571307500 HTTP/1.1" 200 30
186.67.172.234 - - [20/Mar/2018:15:43:40 -0300] "POST /cormun/servlet/solicitudot?gx-no-cache=1521571317137 HTTP/1.1" 200 30
186.103.159.204 - - [20/Mar/2018:15:43:47 -0300] "POST /cormun/servlet/trsolicitudot?bf99e9ad0cb9c0b40b2e6453af314b98,gx-no-cache=1521571373521 HTTP/1.1" 200 103
186.103.159.204 - - [20/Mar/2018:15:43:47 -0300] "GET /cormun/SolicitudOT-8101.xls HTTP/1.1" 200 10240
186.67.172.234 - - [20/Mar/2018:15:44:37 -0300] "GET /cormun/servlet/hlogin HTTP/1.1" 200 1722
186.67.172.234 - - [20/Mar/2018:15:44:40 -0300] "POST /cormun/servlet/hlogin?d61d4fd78d7647198002b6099b9721f1,gx-no-cache=1521575070194 HTTP/1.1" 200 90
186.67.172.234 - - [20/Mar/2018:15:44:40 -0300] "GET /cormun/servlet/hpexe_link HTTP/1.1" 200 949
186.67.172.234 - - [20/Mar/2018:15:44:40 -0300] "GET /cormun/servlet/hhome HTTP/1.1" 200 4225
186.67.172.234 - - [20/Mar/2018:15:44:40 -0300] "GET /cormun/servlet/hhome HTTP/1.1" 200 4221
186.67.172.234 - - [20/Mar/2018:15:44:46 -0300] "GET /cormun/servlet/trautorizarsolicitud? HTTP/1.1" 200 11527
186.67.172.234 - - [20/Mar/2018:15:44:47 -0300] "GET /cormun/servlet/trautorizarsolicitud? HTTP/1.1" 200 11525
186.67.172.234 - - [20/Mar/2018:15:44:51 -0300] "POST /cormun/servlet/solicitudot?4c7356866b552c544aecaa012f3ecd11,INS,0,0,,gx-no-cache=1521571387327 HTTP/1.1" 200 93
186.67.172.234 - - [20/Mar/2018:15:44:51 -0300] "GET /cormun/servlet/hpexe_return? HTTP/1.1" 200 1005
186.67.172.234 - - [20/Mar/2018:15:44:51 -0300] "GET /cormun/servlet/trsolicitudot HTTP/1.1" 200 9181
186.67.172.234 - - [20/Mar/2018:15:44:51 -0300] "GET /cormun/servlet/trsolicitudot HTTP/1.1" 200 9176
200.112.48.142 - - [20/Mar/2018:15:44:55 -0300] "GET /cormun/servlet/trpermisosgoce? HTTP/1.1" 200 8124
200.112.48.142 - - [20/Mar/2018:15:44:55 -0300] "GET /cormun/static/gxcfg.js?20177612163875 HTTP/1.1" 200 953
200.112.48.142 - - [20/Mar/2018:15:44:55 -0300] "GET /cormun/static/trpermisosgoce.js?20177612164335 HTTP/1.1" 200 35904
200.112.48.142 - - [20/Mar/2018:15:44:55 -0300] "GET /cormun//static/Resources/PXToolsGridDisplay.png HTTP/1.1" 200 362
200.112.48.142 - - [20/Mar/2018:15:44:55 -0300] "GET /cormun/servlet/trpermisosgoce? HTTP/1.1" 200 8124
200.112.48.142 - - [20/Mar/2018:15:44:55 -0300] "GET /cormun//static/Resources/PXToolsActionPrint.png HTTP/1.1" 200 3317
200.112.48.142 - - [20/Mar/2018:15:44:55 -0300] "GET /cormun//static/Resources/PXToolsHeaderHelp.png HTTP/1.1" 200 4055
200.112.48.142 - - [20/Mar/2018:15:44:55 -0300] "GET /cormun//static/Resources/PXToolsActionDisabled.gif HTTP/1.1" 200 53
200.112.48.142 - - [20/Mar/2018:15:44:55 -0300] "GET /cormun//static/Resources/PXToolsHeaderFavorites.png HTTP/1.1" 200 2744
186.67.172.234 - - [20/Mar/2018:15:44:58 -0300] "POST /cormun/servlet/trsolicitudot?4c7356866b552c544aecaa012f3ecd11,gx-no-cache=1521571394460 HTTP/1.1" 200 106
186.67.172.234 - - [20/Mar/2018:15:44:58 -0300] "GET /cormun/servlet/trsolicitudadjuntos?2018,10702, HTTP/1.1" 200 6325
186.67.172.234 - - [20/Mar/2018:15:44:58 -0300] "GET /cormun/servlet/trsolicitudadjuntos?2018,10702, HTTP/1.1" 200 6324
186.67.172.234 - - [20/Mar/2018:15:45:00 -0300] "GET /cormun/servlet/solicitudotadjuntos?INS,2018,10702,,1, HTTP/1.1" 200 6264
186.67.172.234 - - [20/Mar/2018:15:45:00 -0300] "GET /cormun/static/about:blank HTTP/1.1" 404 1011
186.67.172.234 - - [20/Mar/2018:15:45:00 -0300] "GET /cormun/servlet/solicitudotadjuntos?INS,2018,10702,,1, HTTP/1.1" 200 6257
186.67.172.234 - - [20/Mar/2018:15:45:01 -0300] "GET /cormun/servlet/solicitudotadjuntos?ca98fb29bb7e5f75e96bcc057b863ccf28d4c801834f635e925d5431da7bf5c199b04b8bd8676742aedecbaa149d3813,gx-no-cache=1521571397723 HTTP/1.1" 200 30
186.67.172.234 - - [20/Mar/2018:15:45:01 -0300] "POST /cormun/servlet/solicitudotadjuntos?4c7356866b552c544aecaa012f3ecd11,INS,2018,10702,,1,,gx-no-cache=1521571397756 HTTP/1.1" 200 3984
200.112.48.142 - - [20/Mar/2018:15:45:01 -0300] "GET /cormun/servlet/permisogoce?INS,0,,, HTTP/1.1" 200 6835
200.112.48.142 - - [20/Mar/2018:15:45:01 -0300] "GET /cormun/static/gxcfg.js?201776126440 HTTP/1.1" 200 953
200.112.48.142 - - [20/Mar/2018:15:45:01 -0300] "GET /cormun/static/permisogoce.js?2017761264459 HTTP/1.1" 200 27897
200.112.48.142 - - [20/Mar/2018:15:45:01 -0300] "GET /cormun/servlet/permisogoce?INS,0,,, HTTP/1.1" 200 6835
200.112.48.142 - - [20/Mar/2018:15:45:04 -0300] "GET /cormun/servlet/prfichaempleado?,MD,,gxPopupLevel%3D0%3B HTTP/1.1" 200 9351
186.67.172.234 - - [20/Mar/2018:15:45:05 -0300] "POST /cormun/servlet/solicitudotadjuntos?gx-no-cache=1521571402374 HTTP/1.1" 200 26
186.67.172.234 - - [20/Mar/2018:15:45:11 -0300] "GET /cormun/servlet/solicitudotadjuntos?ca98fb29bb7e5f75e96bcc057b863ccfd78f577715d3973c5912bdb8ed40e485,gx-no-cache=1521571408245 HTTP/1.1" 200 30
186.67.172.234 - - [20/Mar/2018:15:45:11 -0300] "GET /cormun/servlet/solicitudotadjuntos?ca98fb29bb7e5f75e96bcc057b863ccfd78f577715d3973c5912bdb8ed40e485,gx-no-cache=1521571408257 HTTP/1.1" 200 30
186.67.172.234 - - [20/Mar/2018:15:45:13 -0300] "POST /cormun/servlet/solicitudotadjuntos?4c7356866b552c544aecaa012f3ecd11,INS,2018,10702,,1, HTTP/1.1" 200 116
186.67.172.234 - - [20/Mar/2018:15:45:13 -0300] "GET /cormun/servlet/hpexe_return? HTTP/1.1" 200 1026
186.67.172.234 - - [20/Mar/2018:15:45:13 -0300] "GET /cormun/servlet/trsolicitudadjuntos?2018,10702, HTTP/1.1" 200 8763
186.67.172.234 - - [20/Mar/2018:15:45:13 -0300] "GET /cormun/servlet/trsolicitudadjuntos?2018,10702, HTTP/1.1" 200 8758
200.112.48.142 - - [20/Mar/2018:15:45:14 -0300] "POST /cormun/servlet/prfichaempleado?83898393546a4bae1f5ba7bb0cccadbf,,MD,,gxPopupLevel%3D0%3B,gx-no-cache=1521571462924 HTTP/1.1" 200 3420
186.67.172.234 - - [20/Mar/2018:15:45:15 -0300] "GET /cormun/servlet/solicitudotadjuntos?INS,2018,10702,,1, HTTP/1.1" 200 6264
186.67.172.234 - - [20/Mar/2018:15:45:16 -0300] "GET /cormun/static/about:blank HTTP/1.1" 404 1011
186.67.172.234 - - [20/Mar/2018:15:45:16 -0300] "GET /cormun/servlet/solicitudotadjuntos?INS,2018,10702,,1, HTTP/1.1" 200 6257
186.67.172.234 - - [20/Mar/2018:15:45:16 -0300] "GET /cormun/servlet/solicitudotadjuntos?ca98fb29bb7e5f75e96bcc057b863ccf28d4c801834f635e925d5431da7bf5c199b04b8bd8676742aedecbaa149d3813,gx-no-cache=1521571413208 HTTP/1.1" 200 30
186.67.172.234 - - [20/Mar/2018:15:45:16 -0300] "POST /cormun/servlet/solicitudotadjuntos?4c7356866b552c544aecaa012f3ecd11,INS,2018,10702,,1,,gx-no-cache=1521571413260 HTTP/1.1" 200 3984
200.112.48.142 - - [20/Mar/2018:15:45:18 -0300] "GET /cormun/servlet/permisogoce?134867ca215b0623bf4c88a050b5a351c611543d415b79dc2049ed726f25dde3e9a847ce33666c389ba2e79f1de3aec41c78b3131ac45f921b979f42564ea803,gx-no-cache=1521571467607 HTTP/1.1" 200 83
186.67.172.234 - - [20/Mar/2018:15:45:19 -0300] "POST /cormun/servlet/solicitudotadjuntos?gx-no-cache=1521571416108 HTTP/1.1" 200 26
200.112.48.142 - - [20/Mar/2018:15:45:20 -0300] "GET /cormun/static/menuarrow.gif HTTP/1.1" 404 1015
200.112.233.47 - - [20/Mar/2018:15:45:22 -0300] "GET /cormun/servlet/solicitudot?c3cb387f9fbf201522b6e6ff6ec5d0aca67b6d5438c369cb819ccd867efbee22de07269c534467a2c625c840a40546d514c65842ea0f211b5027fc329e998031,gx-no-cache=1521571470834 HTTP/1.1" 200 30
200.112.233.47 - - [20/Mar/2018:15:45:22 -0300] "GET /cormun/servlet/solicitudot?c3cb387f9fbf201522b6e6ff6ec5d0acc4bee4203f4b356283c89632c5369777,gx-no-cache=1521571470946 HTTP/1.1" 200 29
200.112.233.47 - - [20/Mar/2018:15:45:22 -0300] "POST /cormun/servlet/solicitudot?gx-no-cache=1521571470984 HTTP/1.1" 200 297
200.112.233.47 - - [20/Mar/2018:15:45:22 -0300] "GET /cormun/servlet/solicitudot?c3cb387f9fbf201522b6e6ff6ec5d0ac80e3a989f26b2d587dfb5071d60424ddd0fe36065eadceed3b33e8736ae1beed07499da4c9c58dbf7ec5678a67d777218b4223e2cc203d7abc649e3f1a328eeb54617ff41799cba0078037893b5fd84032f193bccaf8e6528789d3d3242cb9f5a3e4fcc5d16c18352d9a710622078dfd0db97128abb2e25efb1f8f2829db59611eac9f2a87e2d27b2d4387b136507d4aae0d9ec724386269719d40665632b5e654d420db31f893fe69c9046b955b4217a43dd27d3a4bf3baa90626eef94bbaf292a60049f3f069abb477a69830d79ee20726dc8c163a48f4f7803ee459b23c2c5e5ac565ffdc69a898657058776d715000306f09aba617381a2346730a6552ac0f31282510300abec25acb2e0487e434b47bbb51d120afee5d637fa8ddb5964d351b3cb5370685eb9472290ee19332734c09fd1200deca9c8da3552db4cb90d79324c66202e7fafeb5a36fbd6b3621477f870659eb5371a7a1a035442a1c63025993dcd15d93710819babee11e832374b96f357422de6c741069bcead1d3f881,gx-no-cache=1521571471026 HTTP/1.1" 200 30
186.67.172.234 - - [20/Mar/2018:15:45:27 -0300] "GET /cormun/servlet/solicitudotadjuntos?ca98fb29bb7e5f75e96bcc057b863ccfd78f577715d3973c5912bdb8ed40e485,gx-no-cache=1521571424333 HTTP/1.1" 200 30
186.67.172.234 - - [20/Mar/2018:15:45:27 -0300] "GET /cormun/servlet/solicitudotadjuntos?ca98fb29bb7e5f75e96bcc057b863ccfd78f577715d3973c5912bdb8ed40e485,gx-no-cache=1521571424374 HTTP/1.1" 200 30
200.112.48.142 - - [20/Mar/2018:15:45:28 -0300] "GET /cormun/servlet/permisogoce?134867ca215b0623bf4c88a050b5a351bd054a0ca76c620e8799f9c2246b4c8493167597390d01e0c0874a47f938dd47cc4da543ac452775fef2853c2e787dfc,gx-no-cache=1521571477134 HTTP/1.1" 200 47
186.67.172.234 - - [20/Mar/2018:15:45:29 -0300] "POST /cormun/servlet/solicitudotadjuntos?4c7356866b552c544aecaa012f3ecd11,INS,2018,10702,,1, HTTP/1.1" 200 116
186.67.172.234 - - [20/Mar/2018:15:45:29 -0300] "GET /cormun/servlet/hpexe_return? HTTP/1.1" 200 1026
186.67.172.234 - - [20/Mar/2018:15:45:29 -0300] "GET /cormun/servlet/trsolicitudadjuntos?2018,10702, HTTP/1.1" 200 8983
186.67.172.234 - - [20/Mar/2018:15:45:30 -0300] "GET /cormun/servlet/trsolicitudadjuntos?2018,10702, HTTP/1.1" 200 8982
186.67.172.234 - - [20/Mar/2018:15:45:32 -0300] "GET /cormun/servlet/solicitudotadjuntos?INS,2018,10702,,1, HTTP/1.1" 200 6264
186.67.172.234 - - [20/Mar/2018:15:45:32 -0300] "GET /cormun/static/about:blank HTTP/1.1" 404 1011
186.67.172.234 - - [20/Mar/2018:15:45:32 -0300] "GET /cormun/servlet/solicitudotadjuntos?INS,2018,10702,,1, HTTP/1.1" 200 6257
186.67.172.234 - - [20/Mar/2018:15:45:33 -0300] "GET /cormun/servlet/solicitudotadjuntos?ca98fb29bb7e5f75e96bcc057b863ccf28d4c801834f635e925d5431da7bf5c199b04b8bd8676742aedecbaa149d3813,gx-no-cache=1521571429823 HTTP/1.1" 200 30
186.67.172.234 - - [20/Mar/2018:15:45:33 -0300] "POST /cormun/servlet/solicitudotadjuntos?4c7356866b552c544aecaa012f3ecd11,INS,2018,10702,,1,,gx-no-cache=1521571429866 HTTP/1.1" 200 3984
186.67.172.234 - - [20/Mar/2018:15:45:36 -0300] "POST /cormun/servlet/solicitudotadjuntos?gx-no-cache=1521571432780 HTTP/1.1" 200 26
186.67.172.234 - - [20/Mar/2018:15:45:42 -0300] "GET /cormun/servlet/solicitudotadjuntos?ca98fb29bb7e5f75e96bcc057b863ccfd78f577715d3973c5912bdb8ed40e485,gx-no-cache=1521571439229 HTTP/1.1" 200 30
186.67.172.234 - - [20/Mar/2018:15:45:42 -0300] "GET /cormun/servlet/solicitudotadjuntos?ca98fb29bb7e5f75e96bcc057b863ccfd78f577715d3973c5912bdb8ed40e485,gx-no-cache=1521571439254 HTTP/1.1" 200 30
186.67.172.234 - - [20/Mar/2018:15:45:43 -0300] "POST /cormun/servlet/solicitudotadjuntos?4c7356866b552c544aecaa012f3ecd11,INS,2018,10702,,1, HTTP/1.1" 200 116
186.67.172.234 - - [20/Mar/2018:15:45:43 -0300] "GET /cormun/servlet/hpexe_return? HTTP/1.1" 200 1026
186.67.172.234 - - [20/Mar/2018:15:45:43 -0300] "GET /cormun/servlet/trsolicitudadjuntos?2018,10702, HTTP/1.1" 200 9148
186.67.172.234 - - [20/Mar/2018:15:45:44 -0300] "GET /cormun/servlet/trsolicitudadjuntos?2018,10702, HTTP/1.1" 200 9142
200.112.48.142 - - [20/Mar/2018:15:45:44 -0300] "POST /cormun/servlet/permisogoce?83898393546a4bae1f5ba7bb0cccadbf,INS,0,,,,gx-no-cache=1521571492905 HTTP/1.1" 200 93
200.112.48.142 - - [20/Mar/2018:15:45:44 -0300] "GET /cormun/servlet/hpexe_return? HTTP/1.1" 200 1006
200.112.48.142 - - [20/Mar/2018:15:45:44 -0300] "GET /cormun/servlet/trpermisosgoce HTTP/1.1" 200 8404
200.112.48.142 - - [20/Mar/2018:15:45:45 -0300] "GET /cormun/servlet/trpermisosgoce HTTP/1.1" 200 8400
186.67.172.234 - - [20/Mar/2018:15:45:47 -0300] "GET /cormun/servlet/solicitudotadjuntos?INS,2018,10702,,1, HTTP/1.1" 200 6265
186.67.172.234 - - [20/Mar/2018:15:45:47 -0300] "GET /cormun/static/about:blank HTTP/1.1" 404 1011
186.67.172.234 - - [20/Mar/2018:15:45:47 -0300] "GET /cormun/servlet/solicitudotadjuntos?INS,2018,10702,,1, HTTP/1.1" 200 6258
186.67.172.234 - - [20/Mar/2018:15:45:48 -0300] "GET /cormun/servlet/solicitudotadjuntos?ca98fb29bb7e5f75e96bcc057b863ccf28d4c801834f635e925d5431da7bf5c199b04b8bd8676742aedecbaa149d3813,gx-no-cache=1521571444533 HTTP/1.1" 200 30
186.67.172.234 - - [20/Mar/2018:15:45:48 -0300] "POST /cormun/servlet/solicitudotadjuntos?4c7356866b552c544aecaa012f3ecd11,INS,2018,10702,,1,,gx-no-cache=1521571444577 HTTP/1.1" 200 3985
186.67.172.234 - - [20/Mar/2018:15:45:51 -0300] "POST /cormun/servlet/solicitudotadjuntos?gx-no-cache=1521571447792 HTTP/1.1" 200 26
200.112.48.142 - - [20/Mar/2018:15:45:51 -0300] "GET /cormun/servlet/apermisogoceprn?15739045,P,20180320154215,PU HTTP/1.1" 200 1662
186.67.172.234 - - [20/Mar/2018:15:45:56 -0300] "GET /cormun/servlet/solicitudotadjuntos?ca98fb29bb7e5f75e96bcc057b863ccfd78f577715d3973c5912bdb8ed40e485,gx-no-cache=1521571453232 HTTP/1.1" 200 30
186.67.172.234 - - [20/Mar/2018:15:45:56 -0300] "GET /cormun/servlet/solicitudotadjuntos?ca98fb29bb7e5f75e96bcc057b863ccfd78f577715d3973c5912bdb8ed40e485,gx-no-cache=1521571453266 HTTP/1.1" 200 30
186.67.172.234 - - [20/Mar/2018:15:45:57 -0300] "POST /cormun/servlet/solicitudotadjuntos?4c7356866b552c544aecaa012f3ecd11,INS,2018,10702,,1, HTTP/1.1" 200 116
186.67.172.234 - - [20/Mar/2018:15:45:57 -0300] "GET /cormun/servlet/hpexe_return? HTTP/1.1" 200 1026
186.67.172.234 - - [20/Mar/2018:15:45:58 -0300] "GET /cormun/servlet/trsolicitudadjuntos?2018,10702, HTTP/1.1" 200 9377
186.67.172.234 - - [20/Mar/2018:15:45:58 -0300] "GET /cormun/servlet/trsolicitudadjuntos?2018,10702, HTTP/1.1" 200 9372
192.168.10.61 - - [20/Mar/2018:15:45:58 -0300] "GET /cormun/servlet/trsolicitudgral?gx-no-cache=1521545285441 HTTP/1.1" 500 10
186.67.172.234 - - [20/Mar/2018:15:46:00 -0300] "GET /cormun/servlet/solicitudotadjuntos?INS,2018,10702,,1, HTTP/1.1" 200 6265
186.67.172.234 - - [20/Mar/2018:15:46:00 -0300] "GET /cormun/static/about:blank HTTP/1.1" 404 1011
186.67.172.234 - - [20/Mar/2018:15:46:01 -0300] "GET /cormun/servlet/solicitudotadjuntos?INS,2018,10702,,1, HTTP/1.1" 200 6258
186.67.172.234 - - [20/Mar/2018:15:46:01 -0300] "GET /cormun/servlet/solicitudotadjuntos?ca98fb29bb7e5f75e96bcc057b863ccf28d4c801834f635e925d5431da7bf5c199b04b8bd8676742aedecbaa149d3813,gx-no-cache=1521571458003 HTTP/1.1" 200 30
186.67.172.234 - - [20/Mar/2018:15:46:01 -0300] "POST /cormun/servlet/solicitudotadjuntos?4c7356866b552c544aecaa012f3ecd11,INS,2018,10702,,1,,gx-no-cache=1521571458055 HTTP/1.1" 200 3985
186.67.172.234 - - [20/Mar/2018:15:46:04 -0300] "POST /cormun/servlet/solicitudotadjuntos?gx-no-cache=1521571460736 HTTP/1.1" 200 26
186.67.172.234 - - [20/Mar/2018:15:46:09 -0300] "GET /cormun/servlet/solicitudotadjuntos?ca98fb29bb7e5f75e96bcc057b863ccfd78f577715d3973c5912bdb8ed40e485,gx-no-cache=1521571466137 HTTP/1.1" 200 30
186.67.172.234 - - [20/Mar/2018:15:46:09 -0300] "GET /cormun/servlet/solicitudotadjuntos?ca98fb29bb7e5f75e96bcc057b863ccfd78f577715d3973c5912bdb8ed40e485,gx-no-cache=1521571466177 HTTP/1.1" 200 30
186.67.172.234 - - [20/Mar/2018:15:46:10 -0300] "POST /cormun/servlet/solicitudotadjuntos?4c7356866b552c544aecaa012f3ecd11,INS,2018,10702,,1, HTTP/1.1" 200 116
186.67.172.234 - - [20/Mar/2018:15:46:10 -0300] "GET /cormun/servlet/hpexe_return? HTTP/1.1" 200 1026
186.67.172.234 - - [20/Mar/2018:15:46:11 -0300] "GET /cormun/servlet/trsolicitudadjuntos?2018,10702, HTTP/1.1" 200 9585
186.67.172.234 - - [20/Mar/2018:15:46:12 -0300] "GET /cormun/servlet/trsolicitudadjuntos?2018,10702, HTTP/1.1" 200 9585
186.67.172.234 - - [20/Mar/2018:15:46:14 -0300] "GET /cormun/servlet/solicitudotadjuntos?INS,2018,10702,,1, HTTP/1.1" 200 6265
186.67.172.234 - - [20/Mar/2018:15:46:15 -0300] "GET /cormun/static/about:blank HTTP/1.1" 404 1011
186.67.172.234 - - [20/Mar/2018:15:46:15 -0300] "GET /cormun/servlet/solicitudotadjuntos?INS,2018,10702,,1, HTTP/1.1" 200 6258
192.168.10.61 - - [20/Mar/2018:15:46:15 -0300] "GET /cormun/servlet/hhome HTTP/1.1" 200 3395
186.67.172.234 - - [20/Mar/2018:15:46:15 -0300] "GET /cormun/servlet/solicitudotadjuntos?ca98fb29bb7e5f75e96bcc057b863ccf28d4c801834f635e925d5431da7bf5c199b04b8bd8676742aedecbaa149d3813,gx-no-cache=1521571472184 HTTP/1.1" 200 30
186.67.172.234 - - [20/Mar/2018:15:46:15 -0300] "POST /cormun/servlet/solicitudotadjuntos?4c7356866b552c544aecaa012f3ecd11,INS,2018,10702,,1,,gx-no-cache=1521571472225 HTTP/1.1" 200 3985
192.168.10.61 - - [20/Mar/2018:15:46:16 -0300] "GET /cormun/servlet/hhome HTTP/1.1" 200 3405
192.168.10.61 - - [20/Mar/2018:15:46:16 -0300] "GET /cormun/servlet/hlogin HTTP/1.1" 200 1733
186.67.172.234 - - [20/Mar/2018:15:46:18 -0300] "POST /cormun/servlet/solicitudotadjuntos?gx-no-cache=1521571474472 HTTP/1.1" 200 26
186.67.172.234 - - [20/Mar/2018:15:46:21 -0300] "GET /cormun/servlet/hlogin HTTP/1.1" 200 1741
186.67.172.234 - - [20/Mar/2018:15:46:22 -0300] "GET /cormun/servlet/solicitudotadjuntos?ca98fb29bb7e5f75e96bcc057b863ccfd78f577715d3973c5912bdb8ed40e485,gx-no-cache=1521571479305 HTTP/1.1" 200 30
186.67.172.234 - - [20/Mar/2018:15:46:22 -0300] "GET /cormun/servlet/solicitudotadjuntos?ca98fb29bb7e5f75e96bcc057b863ccfd78f577715d3973c5912bdb8ed40e485,gx-no-cache=1521571479317 HTTP/1.1" 200 30
