200.112.233.47 - - [20/Mar/2018:15:23:50 -0300] "GET /cormun/servlet/solicitudot?c3cb387f9fbf201522b6e6ff6ec5d0ac80e3a989f26b2d587dfb5071d60424ddc9404494348821128650490134baef4607499da4c9c58dbf7ec5678a67d777218b4223e2cc203d7abc649e3f1a328eeb54617ff41799cba0078037893b5fd84032f193bccaf8e6528789d3d3242cb9f5a3e4fcc5d16c18352d9a710622078dfd0db97128abb2e25efb1f8f2829db59611eac9f2a87e2d27b2d4387b136507d4aae0d9ec724386269719d40665632b5e654d420db31f893fe69c9046b955b4217a43dd27d3a4bf3baa90626eef94bbaf292a60049f3f069abb477a69830d79ee20726dc8c163a48f4f7803ee459b23c2cba63807312cd5c1bcfa77e35b9627c5f00306f09aba617381a2346730a6552ac0f31282510300abec25acb2e0487e434b47bbb51d120afee5d637fa8ddb5964d351b3cb5370685eb9472290ee1933273d232950b0ef4910954b825ecbb2b73797eaf1806e6fa461ac8474ec87e960a38a550c001386ff11a602dffe1a3890887f238718ecd225a7baf910b8207f74bd6,gx-no-cache=1521570179292 HTTP/1.1" 200 30
200.112.233.47 - - [20/Mar/2018:15:23:58 -0300] "POST /cormun/servlet/solicitudot?gx-no-cache=1521570187330 HTTP/1.1" 200 30
186.103.159.182 - - [20/Mar/2018:15:23:58 -0300] "POST /cormun/servlet/prfichaempleado?2caaa0abeed6deae4bd51386ecc659fb,,MD,,gxPopupLevel%3D0%3B,gx-no-cache=1521570187570 HTTP/1.1" 200 3872
200.112.233.47 - - [20/Mar/2018:15:24:06 -0300] "POST /cormun/servlet/solicitudot?gx-no-cache=1521570194556 HTTP/1.1" 200 30
186.103.159.182 - - [20/Mar/2018:15:24:10 -0300] "GET /cormun/servlet/licenciaspermisos?cd06f0909a791ddc5dffb7f8d20568a7a9c1b7fbb1d70801bba0781b02ba9f71d12985e2e512b99c122838c979e7d20e,gx-no-cache=1521570198988 HTTP/1.1" 200 97
186.103.159.182 - - [20/Mar/2018:15:24:10 -0300] "POST /cormun/servlet/licenciaspermisos?2caaa0abeed6deae4bd51386ecc659fb,INS,0,,,,gx-no-cache=1521570199068 HTTP/1.1" 200 4893
200.112.233.47 - - [20/Mar/2018:15:24:12 -0300] "POST /cormun/servlet/solicitudot?gx-no-cache=1521570200910 HTTP/1.1" 200 1337
200.112.233.47 - - [20/Mar/2018:15:24:12 -0300] "POST /cormun/servlet/solicitudot?gx-no-cache=1521570201052 HTTP/1.1" 200 38
186.103.159.182 - - [20/Mar/2018:15:24:36 -0300] "GET /cormun/static/menuarrow.gif HTTP/1.1" 404 1015
200.112.233.47 - - [20/Mar/2018:15:24:40 -0300] "GET /cormun/servlet/solicitudot?c3cb387f9fbf201522b6e6ff6ec5d0acf9d7d3c3ce4a304c89667238e54e284ff483685134da8797523e25a4b1657bbf29412e8393b3aae2a61b712261401512174125e589d1838f30b46624ec4e6eb3c0d90e459e5863649d102a27961293837a9bf7346f3898f4ce00040dda413780cb65747d457232b19fedffd04def1add5418781191cdc28ed9f1eeddc404c3da6b00524fae7b60461dc4e87ce8a9721b,gx-no-cache=1521570228942 HTTP/1.1" 200 29
200.112.233.47 - - [20/Mar/2018:15:24:40 -0300] "POST /cormun/servlet/solicitudot?gx-no-cache=1521570229064 HTTP/1.1" 200 1319
200.112.233.47 - - [20/Mar/2018:15:24:40 -0300] "POST /cormun/servlet/solicitudot?gx-no-cache=1521570229152 HTTP/1.1" 200 1219
200.112.233.47 - - [20/Mar/2018:15:24:40 -0300] "GET /cormun/static/menuarrow.gif HTTP/1.1" 404 1015
200.112.233.47 - - [20/Mar/2018:15:24:42 -0300] "POST /cormun/servlet/solicitudot?gx-no-cache=1521570230940 HTTP/1.1" 200 1319
200.112.233.47 - - [20/Mar/2018:15:24:42 -0300] "POST /cormun/servlet/solicitudot?gx-no-cache=1521570231008 HTTP/1.1" 200 1219
200.112.233.47 - - [20/Mar/2018:15:24:48 -0300] "GET /cormun/servlet/solicitudot?c3cb387f9fbf201522b6e6ff6ec5d0acde79ad86f64315356fa483f962acabc317450b189a435187e1fd2f1536aea6ab,gx-no-cache=1521570236610 HTTP/1.1" 200 30
200.112.233.47 - - [20/Mar/2018:15:24:58 -0300] "POST /cormun/servlet/solicitudot?gx-no-cache=1521570246576 HTTP/1.1" 200 30
200.112.233.47 - - [20/Mar/2018:15:24:59 -0300] "POST /cormun/servlet/solicitudot?b3bbf580b15ba953dcb568a56c4327a1,INS,0,0,,gx-no-cache=1521570246656 HTTP/1.1" 200 93
200.112.233.47 - - [20/Mar/2018:15:24:59 -0300] "GET /cormun/servlet/hpexe_return? HTTP/1.1" 200 1002
200.112.233.47 - - [20/Mar/2018:15:24:59 -0300] "GET /cormun/servlet/trsolicitudot HTTP/1.1" 200 10024
200.112.233.47 - - [20/Mar/2018:15:25:00 -0300] "GET /cormun/servlet/trsolicitudot HTTP/1.1" 200 10019
200.112.233.47 - - [20/Mar/2018:15:25:09 -0300] "GET /cormun/servlet/solicitudot?INS,0,0, HTTP/1.1" 200 13652
200.112.233.47 - - [20/Mar/2018:15:25:10 -0300] "GET /cormun/servlet/solicitudot?INS,0,0, HTTP/1.1" 200 13657
192.168.10.96 - - [20/Mar/2018:15:25:11 -0300] "GET /cormun/servlet/vesolicitudgral?2018,10475,, HTTP/1.1" 200 9294
192.168.10.96 - - [20/Mar/2018:15:25:12 -0300] "GET /cormun/pexe_scrolldiv.js HTTP/1.1" 404 1009
192.168.10.96 - - [20/Mar/2018:15:25:12 -0300] "GET /cormun/pexe_scrolldiv.js HTTP/1.1" 404 1009
192.168.10.96 - - [20/Mar/2018:15:25:12 -0300] "GET /cormun/servlet/vesolicitudgral?2018,10475,, HTTP/1.1" 200 9293
192.168.10.96 - - [20/Mar/2018:15:25:13 -0300] "GET /cormun/servlet/vesolicitudgral?2018,10475,,SolicitudOTAdjuntos HTTP/1.1" 200 11385
192.168.10.96 - - [20/Mar/2018:15:25:14 -0300] "GET /cormun/pexe_scrolldiv.js HTTP/1.1" 404 1009
192.168.10.96 - - [20/Mar/2018:15:25:14 -0300] "GET /cormun/pexe_scrolldiv.js HTTP/1.1" 404 1009
200.112.233.47 - - [20/Mar/2018:15:25:14 -0300] "GET /cormun/servlet/prfichaempleado?,MD,,gxPopupLevel%3D0%3B HTTP/1.1" 200 9358
192.168.10.96 - - [20/Mar/2018:15:25:14 -0300] "GET /cormun/servlet/vesolicitudgral?2018,10475,,SolicitudOTAdjuntos HTTP/1.1" 200 11384
192.168.10.96 - - [20/Mar/2018:15:25:15 -0300] "POST /cormun/servlet/acontrolpreferencessavestate?None,DZAMUDIO,true HTTP/1.1" 200 35
200.112.233.47 - - [20/Mar/2018:15:25:26 -0300] "POST /cormun/servlet/prfichaempleado?b3bbf580b15ba953dcb568a56c4327a1,,MD,,gxPopupLevel%3D0%3B,gx-no-cache=1521570274604 HTTP/1.1" 200 3425
200.112.48.142 - - [20/Mar/2018:15:25:31 -0300] "GET /cormun/servlet/hlogin HTTP/1.1" 200 1716
200.112.48.142 - - [20/Mar/2018:15:25:31 -0300] "GET /cormun/servlet/hlogin HTTP/1.1" 200 1726
200.112.48.142 - - [20/Mar/2018:15:25:33 -0300] "POST /cormun/servlet/hlogin?83898393546a4bae1f5ba7bb0cccadbf,gx-no-cache=1521570282539 HTTP/1.1" 200 90
200.112.48.142 - - [20/Mar/2018:15:25:33 -0300] "GET /cormun/servlet/hpexe_link HTTP/1.1" 200 947
200.112.48.142 - - [20/Mar/2018:15:25:34 -0300] "GET /cormun/servlet/hhome HTTP/1.1" 200 3993
200.112.48.142 - - [20/Mar/2018:15:25:34 -0300] "GET /cormun/servlet/hhome HTTP/1.1" 200 3990
200.112.48.142 - - [20/Mar/2018:15:25:38 -0300] "GET /cormun/servlet/trsolicitudot? HTTP/1.1" 200 7206
200.112.48.142 - - [20/Mar/2018:15:25:38 -0300] "GET /cormun/static/calendar.js?85251 HTTP/1.1" 304 -
200.112.48.142 - - [20/Mar/2018:15:25:38 -0300] "GET /cormun/static/calendar-setup.js?85251 HTTP/1.1" 304 -
200.112.48.142 - - [20/Mar/2018:15:25:38 -0300] "GET /cormun/static/calendar-es.js?85251 HTTP/1.1" 304 -
200.112.48.142 - - [20/Mar/2018:15:25:38 -0300] "GET /cormun/static/gxdec.js?85251 HTTP/1.1" 304 -
200.112.233.47 - - [20/Mar/2018:15:25:38 -0300] "POST /cormun/servlet/solicitudot?gx-no-cache=1521570287324 HTTP/1.1" 200 3405
200.112.48.142 - - [20/Mar/2018:15:25:39 -0300] "GET /cormun/servlet/trsolicitudot? HTTP/1.1" 200 7206
200.112.233.47 - - [20/Mar/2018:15:25:39 -0300] "POST /cormun/servlet/solicitudot?b3bbf580b15ba953dcb568a56c4327a1,INS,0,0,,gx-no-cache=1521570287542 HTTP/1.1" 200 10580
200.112.233.47 - - [20/Mar/2018:15:25:39 -0300] "GET /cormun/servlet/solicitudot?c3cb387f9fbf201522b6e6ff6ec5d0ac54a7b0d4df009d5fdf6143dba877718357af945db1e39e79fca79744793b2ea7,gx-no-cache=1521570287884 HTTP/1.1" 200 30
200.112.48.142 - - [20/Mar/2018:15:25:41 -0300] "GET /cormun/static/menuarrow.gif HTTP/1.1" 404 1015
186.103.159.182 - - [20/Mar/2018:15:25:44 -0300] "GET /cormun/servlet/licenciaspermisos?cd06f0909a791ddc5dffb7f8d20568a7799e9d09166e3ae800110236ee7e659a35d7a9a6684b249c25b6f0f855698f2431cbc2dafa876f898694feade8515390aca735d10c53b91a09ee438247f60429573b101ad63167e5dddc588f34a98d24af9bed4ec0550e0dfa27d6e801295465c9de882e1a63c0eba1218ed126cfedb53f265802c2e4ff96c7e84be62b19a852e6720e0a0ea475a5621be82a4ceb68601bfdbef93df43ea01d7775b02a7bb5d738c8018607a53116d32db1e3c86104dcabdca1e769bf9bf9292fb8edb538b7645ec9d20f6a5b65a3276612481b306d9e,gx-no-cache=1521570292757 HTTP/1.1" 200 30
186.103.159.182 - - [20/Mar/2018:15:25:44 -0300] "GET /cormun/servlet/licenciaspermisos?cd06f0909a791ddc5dffb7f8d20568a7c3fb1b18e2156bd1d3eb9721e6c4159adccc8368d67f95bcf01c44445ce5d3024d585c4496ae59d6dde710b130e518b32136c3e401083bbfa818a467aba96d598f873e8581cbe85efc9250d9da874f4ec582ccdb41fddbc2682a5611858f88c78db9a2e852bed838aed71baa0854a027e0cb5228837989d81d8f861b3aeafec8445a70ca652b4e3a8b35f992dddf1299429ed0a8bef8379ff3c4899475d9638c2168b25295db53c8fe732b90a2dee7b210ba00863bb26376f2ed5c64fa70a579fc6d7ed1fefccc733397ba96b7dd7194,gx-no-cache=1521570292906 HTTP/1.1" 200 29
186.103.159.182 - - [20/Mar/2018:15:25:44 -0300] "POST /cormun/servlet/licenciaspermisos?2caaa0abeed6deae4bd51386ecc659fb,INS,0,,,,gx-no-cache=1521570293007 HTTP/1.1" 200 93
186.103.159.182 - - [20/Mar/2018:15:25:44 -0300] "GET /cormun/servlet/hpexe_return? HTTP/1.1" 200 1013
186.103.159.182 - - [20/Mar/2018:15:25:44 -0300] "GET /cormun/servlet/trlicencias HTTP/1.1" 200 9662
186.103.159.182 - - [20/Mar/2018:15:25:48 -0300] "GET /cormun/servlet/trlicencias HTTP/1.1" 200 9657
200.112.233.47 - - [20/Mar/2018:15:25:49 -0300] "GET /cormun/servlet/solicitudot?c3cb387f9fbf201522b6e6ff6ec5d0ac7c16b15f04cd553c76cc0f34c1b332effabb2bfb0bb8c364f0d5a965f74f743257af945db1e39e79fca79744793b2ea7,gx-no-cache=1521570297916 HTTP/1.1" 200 30
200.112.233.47 - - [20/Mar/2018:15:25:49 -0300] "GET /cormun/servlet/solicitudot?c3cb387f9fbf201522b6e6ff6ec5d0ace2fc055e405d8affc482bf46be531982,gx-no-cache=1521570297994 HTTP/1.1" 200 51
200.112.233.47 - - [20/Mar/2018:15:25:49 -0300] "POST /cormun/servlet/solicitudot?gx-no-cache=1521570298068 HTTP/1.1" 200 255
200.112.233.47 - - [20/Mar/2018:15:25:49 -0300] "GET /cormun/servlet/solicitudot?c3cb387f9fbf201522b6e6ff6ec5d0ac80e3a989f26b2d587dfb5071d60424ddf5025c2a9d8ac7a3fa032691842a6c9c07499da4c9c58dbf7ec5678a67d777218b4223e2cc203d7abc649e3f1a328eeb54617ff41799cba0078037893b5fd84032f193bccaf8e6528789d3d3242cb9f5a3e4fcc5d16c18352d9a710622078dfd0db97128abb2e25efb1f8f2829db59611eac9f2a87e2d27b2d4387b136507d4aae0d9ec724386269719d40665632b5e654d420db31f893fe69c9046b955b4217a43dd27d3a4bf3baa90626eef94bbaf292a60049f3f069abb477a69830d79ee20726dc8c163a48f4f7803ee459b23c2cba63807312cd5c1bcfa77e35b9627c5f00306f09aba617381a2346730a6552acbbbfde6ac98de08fc930ce2de84bc6647d987ac98fa2dfb9296ea9c4aa516b747603e5db1a20799bd11bf5d8054bd6d462405848f2df0009893c3531ff48e7eb5d77a854c9e319c90ef2394390870eced7f847ab000201a830b08ce2dbae6243a6ca1b55e044d437a1fd74a3d7948a28,gx-no-cache=1521570298146 HTTP/1.1" 200 30
200.112.233.47 - - [20/Mar/2018:15:25:49 -0300] "POST /cormun/servlet/solicitudot?gx-no-cache=1521570298224 HTTP/1.1" 200 30
200.112.233.47 - - [20/Mar/2018:15:25:49 -0300] "POST /cormun/servlet/solicitudot?gx-no-cache=1521570298304 HTTP/1.1" 200 1337
200.112.233.47 - - [20/Mar/2018:15:25:49 -0300] "POST /cormun/servlet/solicitudot?gx-no-cache=1521570298422 HTTP/1.1" 200 38
192.168.10.89 - - [20/Mar/2018:15:25:52 -0300] "GET /cormun/servlet/hlogin HTTP/1.1" 200 1718
200.112.48.142 - - [20/Mar/2018:15:25:54 -0300] "POST /cormun/servlet/trsolicitudot?83898393546a4bae1f5ba7bb0cccadbf,,gx-no-cache=1521570302883 HTTP/1.1" 200 15744
200.112.233.47 - - [20/Mar/2018:15:25:58 -0300] "POST /cormun/servlet/solicitudot?gx-no-cache=1521570306506 HTTP/1.1" 200 30
192.168.10.89 - - [20/Mar/2018:15:25:58 -0300] "POST /cormun/servlet/hlogin?299c1b27f972881e4da81bee76b6f056,gx-no-cache=1521570192596 HTTP/1.1" 200 90
192.168.10.89 - - [20/Mar/2018:15:25:59 -0300] "GET /cormun/servlet/hpexe_link HTTP/1.1" 200 948
192.168.10.89 - - [20/Mar/2018:15:25:59 -0300] "GET /cormun/servlet/hhome HTTP/1.1" 200 4917
200.112.233.47 - - [20/Mar/2018:15:26:02 -0300] "POST /cormun/servlet/solicitudot?gx-no-cache=1521570310918 HTTP/1.1" 200 1337
200.112.233.47 - - [20/Mar/2018:15:26:02 -0300] "POST /cormun/servlet/solicitudot?gx-no-cache=1521570311082 HTTP/1.1" 200 38
192.168.10.89 - - [20/Mar/2018:15:26:05 -0300] "GET /cormun/servlet/trsolicitudgral? HTTP/1.1" 200 28576
200.112.233.47 - - [20/Mar/2018:15:26:08 -0300] "GET /cormun/servlet/solicitudot?c3cb387f9fbf201522b6e6ff6ec5d0acf9d7d3c3ce4a304c89667238e54e284ff483685134da8797523e25a4b1657bbf29412e8393b3aae2a61b712261401512174125e589d1838f30b46624ec4e6eb3c0d90e459e5863649d102a27961293837a9bf7346f3898f4ce00040dda413780cb65747d457232b19fedffd04def1add5418781191cdc28ed9f1eeddc404c3da6b00524fae7b60461dc4e87ce8a9721b,gx-no-cache=1521570317176 HTTP/1.1" 200 29
200.112.233.47 - - [20/Mar/2018:15:26:08 -0300] "POST /cormun/servlet/solicitudot?gx-no-cache=1521570317248 HTTP/1.1" 200 1319
200.112.233.47 - - [20/Mar/2018:15:26:08 -0300] "POST /cormun/servlet/solicitudot?gx-no-cache=1521570317334 HTTP/1.1" 200 1218
200.112.233.47 - - [20/Mar/2018:15:26:08 -0300] "GET /cormun/static/menuarrow.gif HTTP/1.1" 404 1015
200.112.233.47 - - [20/Mar/2018:15:26:10 -0300] "POST /cormun/servlet/solicitudot?gx-no-cache=1521570319258 HTTP/1.1" 200 1319
200.112.233.47 - - [20/Mar/2018:15:26:10 -0300] "POST /cormun/servlet/solicitudot?gx-no-cache=1521570319324 HTTP/1.1" 200 1218
200.112.233.47 - - [20/Mar/2018:15:26:13 -0300] "GET /cormun/servlet/solicitudot?c3cb387f9fbf201522b6e6ff6ec5d0acde79ad86f64315356fa483f962acabc317450b189a435187e1fd2f1536aea6ab,gx-no-cache=1521570321990 HTTP/1.1" 200 30
192.168.10.89 - - [20/Mar/2018:15:26:23 -0300] "POST /cormun/servlet/trsolicitudgral?299c1b27f972881e4da81bee76b6f056,,gx-no-cache=1521570215511 HTTP/1.1" 200 24378
200.112.233.47 - - [20/Mar/2018:15:26:27 -0300] "POST /cormun/servlet/solicitudot?gx-no-cache=1521570336040 HTTP/1.1" 200 30
200.112.233.47 - - [20/Mar/2018:15:26:28 -0300] "POST /cormun/servlet/solicitudot?b3bbf580b15ba953dcb568a56c4327a1,INS,0,0,,gx-no-cache=1521570336120 HTTP/1.1" 200 93
200.112.233.47 - - [20/Mar/2018:15:26:28 -0300] "GET /cormun/servlet/hpexe_return? HTTP/1.1" 200 1002
200.112.233.47 - - [20/Mar/2018:15:26:28 -0300] "GET /cormun/servlet/trsolicitudot HTTP/1.1" 200 10390
200.112.233.47 - - [20/Mar/2018:15:26:29 -0300] "GET /cormun/servlet/trsolicitudot HTTP/1.1" 200 10385
200.112.233.47 - - [20/Mar/2018:15:26:41 -0300] "GET /cormun/servlet/solicitudot?INS,0,0, HTTP/1.1" 200 13652
186.103.159.182 - - [20/Mar/2018:15:26:42 -0300] "GET /cormun/servlet/trlicenciaspermisosadjuntos?13717343,20180320000000,L, HTTP/1.1" 200 6607
200.112.233.47 - - [20/Mar/2018:15:26:42 -0300] "GET /cormun/servlet/solicitudot?INS,0,0, HTTP/1.1" 200 13657
200.112.233.47 - - [20/Mar/2018:15:26:44 -0300] "POST /cormun/servlet/solicitudot?gx-no-cache=1521570352262 HTTP/1.1" 200 3341
200.112.233.47 - - [20/Mar/2018:15:26:44 -0300] "GET /cormun/static/Shared/jqueryui/images/ui-bg_highlight-soft_100_c6c2c8_1x100.png HTTP/1.1" 404 1117
200.112.233.47 - - [20/Mar/2018:15:26:44 -0300] "GET /cormun/static/Shared/jqueryui/images/ui-bg_flat_55_994d53_40x100.png HTTP/1.1" 404 1097
200.112.233.47 - - [20/Mar/2018:15:26:44 -0300] "GET /cormun/static/Shared/jqueryui/images/ui-icons_ebccce_256x240.png HTTP/1.1" 404 1089
186.103.159.182 - - [20/Mar/2018:15:26:44 -0300] "GET /cormun/servlet/trlicenciaspermisosadjuntos?13717343,20180320000000,L, HTTP/1.1" 200 6607
200.112.233.47 - - [20/Mar/2018:15:26:44 -0300] "GET /cormun/static/Shared/jqueryui/images/ui-icons_82798d_256x240.png HTTP/1.1" 404 1089
200.112.233.47 - - [20/Mar/2018:15:26:44 -0300] "GET /cormun/servlet/solicitudot?c3cb387f9fbf201522b6e6ff6ec5d0ac81c859ad5ee6c513949e57f545bcef9e,gx-no-cache=1521570352872 HTTP/1.1" 200 111
200.112.233.47 - - [20/Mar/2018:15:26:46 -0300] "GET /cormun/servlet/prfichaempleado?,MD,,gxPopupLevel%3D0%3B HTTP/1.1" 200 9358
186.103.159.182 - - [20/Mar/2018:15:26:50 -0300] "GET /cormun/servlet/licenciaspermisosadjuntos?INS,13717343,L,20180320000000,, HTTP/1.1" 200 5910
186.103.159.182 - - [20/Mar/2018:15:26:50 -0300] "GET /cormun/static/about:blank HTTP/1.1" 404 1011
186.103.159.182 - - [20/Mar/2018:15:26:51 -0300] "GET /cormun/servlet/licenciaspermisosadjuntos?INS,13717343,L,20180320000000,, HTTP/1.1" 200 5899
192.168.10.89 - - [20/Mar/2018:15:26:52 -0300] "POST /cormun/servlet/trsolicitudgral?299c1b27f972881e4da81bee76b6f056,,gx-no-cache=1521570245542 HTTP/1.1" 200 23959
200.112.233.47 - - [20/Mar/2018:15:26:56 -0300] "POST /cormun/servlet/prfichaempleado?b3bbf580b15ba953dcb568a56c4327a1,,MD,,gxPopupLevel%3D0%3B,gx-no-cache=1521570364982 HTTP/1.1" 200 3572
200.112.233.47 - - [20/Mar/2018:15:27:25 -0300] "POST /cormun/servlet/solicitudot?gx-no-cache=1521570393568 HTTP/1.1" 200 3396
200.112.233.47 - - [20/Mar/2018:15:27:25 -0300] "POST /cormun/servlet/solicitudot?b3bbf580b15ba953dcb568a56c4327a1,INS,0,0,,gx-no-cache=1521570394290 HTTP/1.1" 200 10561
200.112.233.47 - - [20/Mar/2018:15:27:32 -0300] "GET /cormun/servlet/solicitudot?c3cb387f9fbf201522b6e6ff6ec5d0ac5bfbb2b48476b786c6d175958fa3428a57af945db1e39e79fca79744793b2ea7,gx-no-cache=1521570400820 HTTP/1.1" 200 30
200.112.233.47 - - [20/Mar/2018:15:27:32 -0300] "GET /cormun/servlet/solicitudot?c3cb387f9fbf201522b6e6ff6ec5d0ac3d009aaf21250fefa76eb58458af7db4cad50e4e4cda9fd2dc593f5838488e24ab250fdba776f1ea73ac02549f6a5656,gx-no-cache=1521570400948 HTTP/1.1" 200 30
200.112.233.47 - - [20/Mar/2018:15:27:32 -0300] "GET /cormun/servlet/solicitudot?c3cb387f9fbf201522b6e6ff6ec5d0ac66be8ed53fdbb3fd85aa9e0e439beab3,gx-no-cache=1521570401020 HTTP/1.1" 200 53
200.112.233.47 - - [20/Mar/2018:15:27:32 -0300] "POST /cormun/servlet/solicitudot?gx-no-cache=1521570401094 HTTP/1.1" 200 255
200.112.233.47 - - [20/Mar/2018:15:27:32 -0300] "GET /cormun/servlet/solicitudot?c3cb387f9fbf201522b6e6ff6ec5d0ac80e3a989f26b2d587dfb5071d60424ddf5025c2a9d8ac7a3fa032691842a6c9c07499da4c9c58dbf7ec5678a67d777218b4223e2cc203d7abc649e3f1a328eeb54617ff41799cba0078037893b5fd84032f193bccaf8e6528789d3d3242cb9f5a3e4fcc5d16c18352d9a710622078dfd0db97128abb2e25efb1f8f2829db59611eac9f2a87e2d27b2d4387b136507d4aae0d9ec724386269719d40665632b5e654d420db31f893fe69c9046b955b4217a43dd27d3a4bf3baa90626eef94bbaf292a60049f3f069abb477a69830d79ee20726dc8c163a48f4f7803ee459b23c2cba63807312cd5c1bcfa77e35b9627c5f00306f09aba617381a2346730a6552acbbbfde6ac98de08fc930ce2de84bc6647d987ac98fa2dfb9296ea9c4aa516b747603e5db1a20799bd11bf5d8054bd6d462405848f2df0009893c3531ff48e7eb5d77a854c9e319c90ef2394390870eced7f847ab000201a830b08ce2dbae6243a6ca1b55e044d437a1fd74a3d7948a28,gx-no-cache=1521570401194 HTTP/1.1" 200 30
186.103.159.182 - - [20/Mar/2018:15:27:33 -0300] "POST /cormun/servlet/licenciaspermisosadjuntos?2caaa0abeed6deae4bd51386ecc659fb,INS,13717343,L,20180320000000,, HTTP/1.1" 200 116
186.103.159.182 - - [20/Mar/2018:15:27:33 -0300] "GET /cormun/servlet/hpexe_return? HTTP/1.1" 200 1043
186.103.159.182 - - [20/Mar/2018:15:27:34 -0300] "GET /cormun/servlet/trlicenciaspermisosadjuntos?13717343,20180320000000,L, HTTP/1.1" 200 7115
200.112.233.47 - - [20/Mar/2018:15:27:35 -0300] "POST /cormun/servlet/solicitudot?gx-no-cache=1521570403638 HTTP/1.1" 200 30
186.103.159.182 - - [20/Mar/2018:15:27:36 -0300] "GET /cormun/servlet/trlicenciaspermisosadjuntos?13717343,20180320000000,L, HTTP/1.1" 200 7113
200.112.233.47 - - [20/Mar/2018:15:27:39 -0300] "POST /cormun/servlet/solicitudot?gx-no-cache=1521570407408 HTTP/1.1" 200 1337
200.112.233.47 - - [20/Mar/2018:15:27:39 -0300] "POST /cormun/servlet/solicitudot?gx-no-cache=1521570407930 HTTP/1.1" 200 38
200.112.233.47 - - [20/Mar/2018:15:27:51 -0300] "GET /cormun/servlet/solicitudot?c3cb387f9fbf201522b6e6ff6ec5d0acf9d7d3c3ce4a304c89667238e54e284ff483685134da8797523e25a4b1657bbf29412e8393b3aae2a61b712261401512174125e589d1838f30b46624ec4e6eb3c0d90e459e5863649d102a27961293837a9bf7346f3898f4ce00040dda413780cb65747d457232b19fedffd04def1add5418781191cdc28ed9f1eeddc404c3da6b00524fae7b60461dc4e87ce8a9721b,gx-no-cache=1521570419462 HTTP/1.1" 200 29
200.112.233.47 - - [20/Mar/2018:15:27:51 -0300] "POST /cormun/servlet/solicitudot?gx-no-cache=1521570419572 HTTP/1.1" 200 1318
200.112.233.47 - - [20/Mar/2018:15:27:51 -0300] "POST /cormun/servlet/solicitudot?gx-no-cache=1521570419720 HTTP/1.1" 200 1218
192.168.10.96 - - [20/Mar/2018:15:27:54 -0300] "GET /cormun/PublicTempStorage/cedula_de_identidad1114461.pdf HTTP/1.1" 200 103672
192.168.10.96 - - [20/Mar/2018:15:28:04 -0300] "GET /cormun/servlet/vesolicitudgral?2018,10475,,SolicitudOTAdjuntos HTTP/1.1" 200 11386
192.168.10.96 - - [20/Mar/2018:15:28:05 -0300] "GET /cormun/servlet/vesolicitudgral?2018,10475,,SolicitudOTAdjuntos HTTP/1.1" 200 11386
192.168.10.96 - - [20/Mar/2018:15:28:06 -0300] "POST /cormun/servlet/acontrolpreferencessavestate?None,DZAMUDIO,true HTTP/1.1" 200 35
192.168.10.96 - - [20/Mar/2018:15:28:06 -0300] "GET /cormun/PublicTempStorage/certificado_de_alumno_regular1299939.pdf HTTP/1.1" 200 138003
186.103.159.182 - - [20/Mar/2018:15:28:12 -0300] "GET /cormun/servlet/licenciaspermisosadjuntos?INS,13717343,L,20180320000000,, HTTP/1.1" 200 5909
192.168.10.96 - - [20/Mar/2018:15:28:13 -0300] "GET /cormun/servlet/vesolicitudgral?2018,10475,,SolicitudOTAdjuntos HTTP/1.1" 200 11385
192.168.10.96 - - [20/Mar/2018:15:28:14 -0300] "GET /cormun/servlet/vesolicitudgral?2018,10475,,SolicitudOTAdjuntos HTTP/1.1" 200 11386
186.103.159.182 - - [20/Mar/2018:15:28:14 -0300] "GET /cormun/servlet/licenciaspermisosadjuntos?INS,13717343,L,20180320000000,, HTTP/1.1" 200 5898
192.168.10.96 - - [20/Mar/2018:15:28:15 -0300] "POST /cormun/servlet/acontrolpreferencessavestate?None,DZAMUDIO,true HTTP/1.1" 200 35
192.168.10.96 - - [20/Mar/2018:15:28:15 -0300] "GET /cormun/PublicTempStorage/certificado_de_afp5531939.pdf HTTP/1.1" 200 141101
200.112.233.47 - - [20/Mar/2018:15:28:18 -0300] "GET /cormun/static/menuarrow.gif HTTP/1.1" 404 1015
186.103.159.182 - - [20/Mar/2018:15:28:18 -0300] "GET /cormun/servlet/trlicencias? HTTP/1.1" 200 9665
192.168.10.96 - - [20/Mar/2018:15:28:20 -0300] "GET /cormun/servlet/vesolicitudgral?2018,10475,,SolicitudOTAdjuntos HTTP/1.1" 200 11386
186.103.159.182 - - [20/Mar/2018:15:28:20 -0300] "GET /cormun/servlet/trlicencias? HTTP/1.1" 200 9657
192.168.10.96 - - [20/Mar/2018:15:28:20 -0300] "GET /cormun/servlet/vesolicitudgral?2018,10475,,SolicitudOTAdjuntos HTTP/1.1" 200 11383
200.112.233.47 - - [20/Mar/2018:15:28:20 -0300] "GET /cormun/servlet/solicitudot?c3cb387f9fbf201522b6e6ff6ec5d0acde79ad86f64315356fa483f962acabc317450b189a435187e1fd2f1536aea6ab,gx-no-cache=1521570449282 HTTP/1.1" 200 30
192.168.10.96 - - [20/Mar/2018:15:28:21 -0300] "POST /cormun/servlet/acontrolpreferencessavestate?None,DZAMUDIO,true HTTP/1.1" 200 35
192.168.10.96 - - [20/Mar/2018:15:28:22 -0300] "GET /cormun/PublicTempStorage/certificado_no_afiliacion5898832.pdf HTTP/1.1" 200 137274
186.103.159.182 - - [20/Mar/2018:15:28:26 -0300] "POST /cormun/servlet/trlicencias?2caaa0abeed6deae4bd51386ecc659fb,,gx-no-cache=1521570455019 HTTP/1.1" 200 6868
186.103.159.182 - - [20/Mar/2018:15:28:26 -0300] "GET /cormun/static/Shared/jqueryui/images/ui-bg_highlight-soft_100_c6c2c8_1x100.png HTTP/1.1" 404 1117
186.103.159.182 - - [20/Mar/2018:15:28:26 -0300] "GET /cormun/static/Shared/jqueryui/images/ui-icons_82798d_256x240.png HTTP/1.1" 404 1089
186.103.159.182 - - [20/Mar/2018:15:28:26 -0300] "GET /cormun/static/Shared/jqueryui/images/ui-icons_8d78a5_256x240.png HTTP/1.1" 404 1089
186.103.159.182 - - [20/Mar/2018:15:28:27 -0300] "GET /cormun/static/Shared/jqueryui/images/ui-bg_flat_55_fafafa_40x100.png HTTP/1.1" 404 1097
192.168.10.96 - - [20/Mar/2018:15:28:27 -0300] "GET /cormun/servlet/vesolicitudgral?2018,10475,,SolicitudOTAdjuntos HTTP/1.1" 200 11379
200.112.233.47 - - [20/Mar/2018:15:28:27 -0300] "POST /cormun/servlet/solicitudot?b3bbf580b15ba953dcb568a56c4327a1,INS,0,0,,gx-no-cache=1521570455698 HTTP/1.1" 200 93
192.168.10.96 - - [20/Mar/2018:15:28:27 -0300] "GET /cormun/servlet/vesolicitudgral?2018,10475,,SolicitudOTAdjuntos HTTP/1.1" 200 11386
200.112.233.47 - - [20/Mar/2018:15:28:28 -0300] "GET /cormun/servlet/hpexe_return? HTTP/1.1" 200 1002
200.112.233.47 - - [20/Mar/2018:15:28:28 -0300] "GET /cormun/servlet/trsolicitudot HTTP/1.1" 200 10770
192.168.10.96 - - [20/Mar/2018:15:28:28 -0300] "POST /cormun/servlet/acontrolpreferencessavestate?None,DZAMUDIO,true HTTP/1.1" 200 35
192.168.10.96 - - [20/Mar/2018:15:28:28 -0300] "GET /cormun/PublicTempStorage/certificado_de_antecedentes3948410.pdf HTTP/1.1" 200 185702
200.112.233.47 - - [20/Mar/2018:15:28:29 -0300] "GET /cormun/servlet/trsolicitudot HTTP/1.1" 200 10766
186.103.159.182 - - [20/Mar/2018:15:28:31 -0300] "GET /cormun/servlet/alicenciaprn?13717343,L,20180320000000,PU HTTP/1.1" 200 1564
192.168.10.96 - - [20/Mar/2018:15:28:33 -0300] "GET /cormun/servlet/vesolicitudgral?2018,10475,,SolicitudOTAdjuntos HTTP/1.1" 200 11384
192.168.10.96 - - [20/Mar/2018:15:28:34 -0300] "GET /cormun/servlet/vesolicitudgral?2018,10475,,SolicitudOTAdjuntos HTTP/1.1" 200 11387
192.168.10.96 - - [20/Mar/2018:15:28:34 -0300] "POST /cormun/servlet/acontrolpreferencessavestate?None,DZAMUDIO,true HTTP/1.1" 200 35
192.168.10.96 - - [20/Mar/2018:15:28:35 -0300] "GET /cormun/PublicTempStorage/curriculum_vitae4393647.pdf HTTP/1.1" 200 220851
200.112.233.47 - - [20/Mar/2018:15:28:37 -0300] "GET /cormun/servlet/solicitudot?INS,0,0, HTTP/1.1" 200 13652
200.112.233.47 - - [20/Mar/2018:15:28:38 -0300] "GET /cormun/servlet/solicitudot?INS,0,0, HTTP/1.1" 200 13657
200.112.233.47 - - [20/Mar/2018:15:28:47 -0300] "GET /cormun/servlet/prfichaempleado?,MD,,gxPopupLevel%3D0%3B HTTP/1.1" 200 9358
200.112.233.47 - - [20/Mar/2018:15:28:57 -0300] "POST /cormun/servlet/prfichaempleado?b3bbf580b15ba953dcb568a56c4327a1,,MD,,gxPopupLevel%3D0%3B,gx-no-cache=1521570485104 HTTP/1.1" 200 3429
200.112.233.47 - - [20/Mar/2018:15:29:01 -0300] "POST /cormun/servlet/solicitudot?gx-no-cache=1521570489564 HTTP/1.1" 200 3412
200.112.233.47 - - [20/Mar/2018:15:29:01 -0300] "POST /cormun/servlet/solicitudot?b3bbf580b15ba953dcb568a56c4327a1,INS,0,0,,gx-no-cache=1521570489734 HTTP/1.1" 200 10551
201.215.248.160 - - [20/Mar/2018:15:29:03 -0300] "GET /cormun/servlet/hhome HTTP/1.1" 200 3396
201.215.248.160 - - [20/Mar/2018:15:29:03 -0300] "GET /cormun/static/gxcfg.js?20175251212442 HTTP/1.1" 200 953
201.215.248.160 - - [20/Mar/2018:15:29:03 -0300] "GET /cormun/static/Resources/Spanish/PXTools.css?11423723 HTTP/1.1" 200 89042
201.215.248.160 - - [20/Mar/2018:15:29:03 -0300] "GET /cormun/static/hhome.js?20175251212450 HTTP/1.1" 200 777
201.215.248.160 - - [20/Mar/2018:15:29:04 -0300] "GET /cormun/servlet/hhome HTTP/1.1" 200 3405
201.215.248.160 - - [20/Mar/2018:15:29:04 -0300] "GET /cormun/servlet/hlogin HTTP/1.1" 200 1730
201.215.248.160 - - [20/Mar/2018:15:29:04 -0300] "GET /cormun/static/gxcfg.js?20175251213516 HTTP/1.1" 200 953
201.215.248.160 - - [20/Mar/2018:15:29:04 -0300] "GET /cormun/static/Resources/ComunLogin.png HTTP/1.1" 200 17326
201.215.248.160 - - [20/Mar/2018:15:29:04 -0300] "GET /cormun/static/hlogin.js?20175251213537 HTTP/1.1" 200 2136
201.215.248.160 - - [20/Mar/2018:15:29:04 -0300] "GET /cormun/static/Resources/PXToolsLoginTop.png HTTP/1.1" 200 1337
200.112.233.47 - - [20/Mar/2018:15:29:04 -0300] "GET /cormun/servlet/solicitudot?c3cb387f9fbf201522b6e6ff6ec5d0ac69e6d977e6ed8e8953418012b32b8d1157af945db1e39e79fca79744793b2ea7,gx-no-cache=1521570493256 HTTP/1.1" 200 30
201.215.248.160 - - [20/Mar/2018:15:29:04 -0300] "GET /cormun/static/Resources/PXToolsLoginBackground.png HTTP/1.1" 200 1164
201.215.248.160 - - [20/Mar/2018:15:29:04 -0300] "GET /cormun/static/Resources/PXToolsLoginBottom.png HTTP/1.1" 200 1389
200.112.233.47 - - [20/Mar/2018:15:29:04 -0300] "GET /cormun/servlet/solicitudot?c3cb387f9fbf201522b6e6ff6ec5d0acc3ea24ae2c26e2039505c732b26c7ef5ff606e6e1a7937d9ee1b352b86244e46,gx-no-cache=1521570493386 HTTP/1.1" 200 30
200.112.233.47 - - [20/Mar/2018:15:29:04 -0300] "GET /cormun/servlet/solicitudot?c3cb387f9fbf201522b6e6ff6ec5d0ace2fc055e405d8affc482bf46be531982,gx-no-cache=1521570493416 HTTP/1.1" 200 51
200.112.233.47 - - [20/Mar/2018:15:29:04 -0300] "POST /cormun/servlet/solicitudot?gx-no-cache=1521570493452 HTTP/1.1" 200 256
200.112.233.47 - - [20/Mar/2018:15:29:04 -0300] "GET /cormun/servlet/solicitudot?c3cb387f9fbf201522b6e6ff6ec5d0ac80e3a989f26b2d587dfb5071d60424ddc9404494348821128650490134baef4607499da4c9c58dbf7ec5678a67d777218b4223e2cc203d7abc649e3f1a328eeb54617ff41799cba0078037893b5fd84032f193bccaf8e6528789d3d3242cb9f5a3e4fcc5d16c18352d9a710622078dfd0db97128abb2e25efb1f8f2829db59611eac9f2a87e2d27b2d4387b136507d4aae0d9ec724386269719d40665632b5e654d420db31f893fe69c9046b955b4217a43dd27d3a4bf3baa90626eef94bbaf292a60049f3f069abb477a69830d79ee20726dc8c163a48f4f7803ee459b23c2c5e5ac565ffdc69a898657058776d715000306f09aba617381a2346730a6552ac0f31282510300abec25acb2e0487e434b47bbb51d120afee5d637fa8ddb5964d351b3cb5370685eb9472290ee1933273d232950b0ef4910954b825ecbb2b73797eaf1806e6fa461ac8474ec87e960a38a550c001386ff11a602dffe1a3890887f238718ecd225a7baf910b8207f74bd6,gx-no-cache=1521570493504 HTTP/1.1" 200 30
200.112.233.47 - - [20/Mar/2018:15:29:07 -0300] "POST /cormun/servlet/solicitudot?gx-no-cache=1521570495568 HTTP/1.1" 200 30
200.112.233.47 - - [20/Mar/2018:15:29:11 -0300] "POST /cormun/servlet/solicitudot?gx-no-cache=1521570500292 HTTP/1.1" 200 1337
200.112.233.47 - - [20/Mar/2018:15:29:11 -0300] "POST /cormun/servlet/solicitudot?gx-no-cache=1521570500422 HTTP/1.1" 200 38
201.215.248.160 - - [20/Mar/2018:15:29:22 -0300] "POST /cormun/servlet/hlogin?64fd17303a2505010c3015575cb81204,gx-no-cache=1521570511936 HTTP/1.1" 200 90
201.215.248.160 - - [20/Mar/2018:15:29:22 -0300] "GET /cormun/servlet/hpexe_link HTTP/1.1" 200 950
201.215.248.160 - - [20/Mar/2018:15:29:22 -0300] "GET /cormun/static/gxcfg.js?20177612121792 HTTP/1.1" 200 953
201.215.248.160 - - [20/Mar/2018:15:29:22 -0300] "GET /cormun/static/hpexe_link.js?20177612121795 HTTP/1.1" 200 625
201.215.248.160 - - [20/Mar/2018:15:29:22 -0300] "GET /cormun/servlet/hhome HTTP/1.1" 200 3980
201.215.248.160 - - [20/Mar/2018:15:29:23 -0300] "GET /cormun/servlet/hhome HTTP/1.1" 200 3977
201.215.248.160 - - [20/Mar/2018:15:29:26 -0300] "GET /cormun/servlet/trpermisosgoce? HTTP/1.1" 200 8345
201.215.248.160 - - [20/Mar/2018:15:29:27 -0300] "GET /cormun/servlet/trpermisosgoce? HTTP/1.1" 200 8343
200.112.233.47 - - [20/Mar/2018:15:29:30 -0300] "GET /cormun/servlet/solicitudot?c3cb387f9fbf201522b6e6ff6ec5d0acf9d7d3c3ce4a304c89667238e54e284ff483685134da8797523e25a4b1657bbfdea3debb53adc182af77286105738a5bfc40b03ef8de608436b80e04e6575250170b034df160dd9e917284072c09d88a798b1f9e6a92877e4bae9dd16d8f1cc7,gx-no-cache=1521570519020 HTTP/1.1" 200 29
200.112.233.47 - - [20/Mar/2018:15:29:30 -0300] "POST /cormun/servlet/solicitudot?gx-no-cache=1521570519084 HTTP/1.1" 200 1318
200.112.233.47 - - [20/Mar/2018:15:29:30 -0300] "POST /cormun/servlet/solicitudot?gx-no-cache=1521570519184 HTTP/1.1" 200 1218
201.215.248.160 - - [20/Mar/2018:15:29:33 -0300] "GET /cormun/servlet/trpermisosadjuntos?7469643,20180320132928,P, HTTP/1.1" 200 6295
201.215.248.160 - - [20/Mar/2018:15:29:34 -0300] "GET /cormun/servlet/trpermisosadjuntos?7469643,20180320132928,P, HTTP/1.1" 200 6295
201.215.248.160 - - [20/Mar/2018:15:29:36 -0300] "GET /cormun/servlet/permisosadjuntos?INS,7469643,P,20180320132928,, HTTP/1.1" 200 5623
201.215.248.160 - - [20/Mar/2018:15:29:37 -0300] "GET /cormun/static/about:blank HTTP/1.1" 404 1011
201.215.248.160 - - [20/Mar/2018:15:29:37 -0300] "GET /cormun/servlet/permisosadjuntos?INS,7469643,P,20180320132928,, HTTP/1.1" 200 5613
201.215.248.160 - - [20/Mar/2018:15:29:46 -0300] "POST /cormun/servlet/permisosadjuntos?64fd17303a2505010c3015575cb81204,INS,7469643,P,20180320132928,, HTTP/1.1" 200 116
201.215.248.160 - - [20/Mar/2018:15:29:46 -0300] "GET /cormun/servlet/hpexe_return? HTTP/1.1" 200 1036
201.215.248.160 - - [20/Mar/2018:15:29:46 -0300] "GET /cormun/static/Resources/Spanish/PXTools.css?167811 HTTP/1.1" 200 89042
201.215.248.160 - - [20/Mar/2018:15:29:46 -0300] "GET /cormun/static/gxcfg.js?2016101716175148 HTTP/1.1" 200 953
201.215.248.160 - - [20/Mar/2018:15:29:46 -0300] "GET /cormun/static/hpexe_return.js?2016101716175153 HTTP/1.1" 200 1633
201.215.248.160 - - [20/Mar/2018:15:29:47 -0300] "GET /cormun/servlet/trpermisosadjuntos?7469643,20180320132928,P, HTTP/1.1" 200 6831
201.215.248.160 - - [20/Mar/2018:15:29:47 -0300] "GET /cormun/servlet/trpermisosadjuntos?7469643,20180320132928,P, HTTP/1.1" 200 6828
201.215.248.160 - - [20/Mar/2018:15:30:06 -0300] "GET /cormun/PublicTempStorage/permiso_administrativo_fresia_mu%F1oz_cavieres9923580.pdf HTTP/1.1" 200 418106
200.112.233.47 - - [20/Mar/2018:15:30:13 -0300] "GET /cormun/static/menuarrow.gif HTTP/1.1" 404 1015
200.112.233.47 - - [20/Mar/2018:15:30:17 -0300] "GET /cormun/servlet/solicitudot?c3cb387f9fbf201522b6e6ff6ec5d0acde79ad86f64315356fa483f962acabc317450b189a435187e1fd2f1536aea6ab,gx-no-cache=1521570566272 HTTP/1.1" 200 30
200.112.233.47 - - [20/Mar/2018:15:30:22 -0300] "POST /cormun/servlet/solicitudot?b3bbf580b15ba953dcb568a56c4327a1,INS,0,0,,gx-no-cache=1521570570168 HTTP/1.1" 200 93
200.112.233.47 - - [20/Mar/2018:15:30:22 -0300] "GET /cormun/servlet/hpexe_return? HTTP/1.1" 200 1002
200.112.233.47 - - [20/Mar/2018:15:30:22 -0300] "GET /cormun/servlet/trsolicitudot HTTP/1.1" 200 11190
200.112.233.47 - - [20/Mar/2018:15:30:23 -0300] "GET /cormun/servlet/trsolicitudot HTTP/1.1" 200 11185
201.215.248.160 - - [20/Mar/2018:15:30:24 -0300] "GET /cormun/servlet/hhome HTTP/1.1" 200 3968
201.215.248.160 - - [20/Mar/2018:15:30:25 -0300] "GET /cormun/servlet/hhome HTTP/1.1" 200 3977
201.215.248.160 - - [20/Mar/2018:15:30:29 -0300] "GET /cormun/servlet/trpermisosgoce? HTTP/1.1" 200 8345
201.215.248.160 - - [20/Mar/2018:15:30:29 -0300] "GET /cormun/servlet/trpermisosgoce? HTTP/1.1" 200 8343
200.112.233.47 - - [20/Mar/2018:15:30:41 -0300] "POST /cormun/servlet/trsolicitudot?b3bbf580b15ba953dcb568a56c4327a1,gx-no-cache=1521570589530 HTTP/1.1" 200 107
200.112.233.47 - - [20/Mar/2018:15:30:41 -0300] "GET /cormun/servlet/solicitudot?UPD,2018,10697, HTTP/1.1" 200 15453
200.112.233.47 - - [20/Mar/2018:15:30:42 -0300] "GET /cormun/servlet/solicitudot?UPD,2018,10697, HTTP/1.1" 200 15462
200.112.233.47 - - [20/Mar/2018:15:30:43 -0300] "POST /cormun/servlet/solicitudot?gx-no-cache=1521570591374 HTTP/1.1" 200 3422
200.112.233.47 - - [20/Mar/2018:15:30:43 -0300] "POST /cormun/servlet/solicitudot?b3bbf580b15ba953dcb568a56c4327a1,UPD,2018,10697,,gx-no-cache=1521570591886 HTTP/1.1" 200 11694
200.112.233.47 - - [20/Mar/2018:15:30:43 -0300] "GET /cormun/servlet/solicitudot?c3cb387f9fbf201522b6e6ff6ec5d0ac69e6d977e6ed8e8953418012b32b8d11b9aec082787905df9e0bda86e614db7a,gx-no-cache=1521570592104 HTTP/1.1" 200 30
200.112.233.47 - - [20/Mar/2018:15:30:43 -0300] "GET /cormun/servlet/solicitudot?c3cb387f9fbf201522b6e6ff6ec5d0acc3ea24ae2c26e2039505c732b26c7ef58a6b3286d027482f7361da2f3f79f230,gx-no-cache=1521570592238 HTTP/1.1" 200 30
200.112.233.47 - - [20/Mar/2018:15:30:43 -0300] "GET /cormun/servlet/solicitudot?c3cb387f9fbf201522b6e6ff6ec5d0ac62a64bb9e92405970c80d3e5e3d5e1b8dfe6307e86ff4d409b32376f392845e5f580c6d5f1d9d68461384f0505e6d1c0,gx-no-cache=1521570592288 HTTP/1.1" 200 51
200.112.233.47 - - [20/Mar/2018:15:30:43 -0300] "POST /cormun/servlet/solicitudot?gx-no-cache=1521570592334 HTTP/1.1" 200 257
200.112.233.47 - - [20/Mar/2018:15:30:43 -0300] "GET /cormun/servlet/solicitudot?c3cb387f9fbf201522b6e6ff6ec5d0ac80e3a989f26b2d587dfb5071d60424ddc9404494348821128650490134baef4607499da4c9c58dbf7ec5678a67d777218b4223e2cc203d7abc649e3f1a328eeb54617ff41799cba0078037893b5fd84032f193bccaf8e6528789d3d3242cb9f5a3e4fcc5d16c18352d9a710622078dfd0db97128abb2e25efb1f8f2829db59611eac9f2a87e2d27b2d4387b136507d4aae0d9ec724386269719d40665632b5e654d420db31f893fe69c9046b955b4217a43dd27d3a4bf3baa90626eef94bbaf292a60049f3f069abb477a69830d79ee20726dc8c163a48f4f7803ee459b23c2c5e5ac565ffdc69a898657058776d715000306f09aba617381a2346730a6552ac0f31282510300abec25acb2e0487e434b47bbb51d120afee5d637fa8ddb5964d351b3cb5370685eb9472290ee1933273d232950b0ef4910954b825ecbb2b73797eaf1806e6fa461ac8474ec87e960a38a550c001386ff11a602dffe1a38908872df1389cb8a767b235f79dcca8ee40de,gx-no-cache=1521570592372 HTTP/1.1" 200 30
200.112.233.47 - - [20/Mar/2018:15:30:43 -0300] "POST /cormun/servlet/solicitudot?gx-no-cache=1521570592410 HTTP/1.1" 200 30
200.112.233.47 - - [20/Mar/2018:15:30:43 -0300] "POST /cormun/servlet/solicitudot?gx-no-cache=1521570592478 HTTP/1.1" 200 1337
200.112.233.47 - - [20/Mar/2018:15:30:44 -0300] "POST /cormun/servlet/solicitudot?gx-no-cache=1521570592730 HTTP/1.1" 200 41
200.112.233.47 - - [20/Mar/2018:15:30:54 -0300] "GET /cormun/servlet/solicitudot?c3cb387f9fbf201522b6e6ff6ec5d0ac1fc6ed49ffcc11ca0a6e45ee429b4ed1e0e6e7420fdca8ddd1721345e563b82c54a157b96280a3ae1f8be011a80f0453c2ea3fdffd9c1d1e245f6d55951f1ccf107322db9fa3d1b018fc409bad7fca3b800323963ce568a78fd8dc1127526637,gx-no-cache=1521570602996 HTTP/1.1" 200 29
200.112.233.47 - - [20/Mar/2018:15:30:54 -0300] "POST /cormun/servlet/solicitudot?gx-no-cache=1521570603130 HTTP/1.1" 200 1318
200.112.233.47 - - [20/Mar/2018:15:30:54 -0300] "POST /cormun/servlet/solicitudot?gx-no-cache=1521570603196 HTTP/1.1" 200 1218
200.112.233.47 - - [20/Mar/2018:15:31:20 -0300] "POST /cormun/servlet/solicitudot?gx-no-cache=1521570628760 HTTP/1.1" 200 1319
200.112.233.47 - - [20/Mar/2018:15:31:20 -0300] "POST /cormun/servlet/solicitudot?gx-no-cache=1521570628910 HTTP/1.1" 200 1219
200.112.233.47 - - [20/Mar/2018:15:31:20 -0300] "GET /cormun/servlet/solicitudot?c3cb387f9fbf201522b6e6ff6ec5d0acde79ad86f64315356fa483f962acabc317450b189a435187e1fd2f1536aea6ab,gx-no-cache=1521570628994 HTTP/1.1" 200 30
200.112.233.47 - - [20/Mar/2018:15:31:20 -0300] "POST /cormun/servlet/solicitudot?gx-no-cache=1521570629056 HTTP/1.1" 200 30
200.112.233.47 - - [20/Mar/2018:15:31:21 -0300] "POST /cormun/servlet/solicitudot?b3bbf580b15ba953dcb568a56c4327a1,UPD,2018,10697,,gx-no-cache=1521570629142 HTTP/1.1" 200 93
200.112.233.47 - - [20/Mar/2018:15:31:21 -0300] "GET /cormun/servlet/hpexe_return? HTTP/1.1" 200 1009
200.112.233.47 - - [20/Mar/2018:15:31:21 -0300] "GET /cormun/servlet/trsolicitudot HTTP/1.1" 200 11180
200.112.233.47 - - [20/Mar/2018:15:31:22 -0300] "GET /cormun/servlet/trsolicitudot HTTP/1.1" 200 11175
200.112.233.47 - - [20/Mar/2018:15:31:44 -0300] "GET /cormun/servlet/solicitudot?INS,0,0, HTTP/1.1" 200 13651
200.112.233.47 - - [20/Mar/2018:15:31:44 -0300] "GET /cormun/servlet/solicitudot?INS,0,0, HTTP/1.1" 200 13655
200.112.233.47 - - [20/Mar/2018:15:31:46 -0300] "POST /cormun/servlet/solicitudot?gx-no-cache=1521570654686 HTTP/1.1" 200 3341
200.112.233.47 - - [20/Mar/2018:15:31:46 -0300] "GET /cormun/static/Shared/jqueryui/images/ui-bg_highlight-soft_100_c6c2c8_1x100.png HTTP/1.1" 404 1117
200.112.233.47 - - [20/Mar/2018:15:31:46 -0300] "GET /cormun/static/Shared/jqueryui/images/ui-icons_82798d_256x240.png HTTP/1.1" 404 1089
200.112.233.47 - - [20/Mar/2018:15:31:46 -0300] "GET /cormun/servlet/solicitudot?c3cb387f9fbf201522b6e6ff6ec5d0ac81c859ad5ee6c513949e57f545bcef9e,gx-no-cache=1521570654836 HTTP/1.1" 200 111
200.112.233.47 - - [20/Mar/2018:15:31:46 -0300] "GET /cormun/static/Shared/jqueryui/images/ui-icons_ebccce_256x240.png HTTP/1.1" 404 1089
200.112.233.47 - - [20/Mar/2018:15:31:46 -0300] "GET /cormun/static/Shared/jqueryui/images/ui-bg_flat_55_994d53_40x100.png HTTP/1.1" 404 1097
200.112.233.47 - - [20/Mar/2018:15:32:14 -0300] "GET /cormun/servlet/trsolicitudot HTTP/1.1" 200 11180
200.112.233.47 - - [20/Mar/2018:15:32:14 -0300] "GET /cormun/servlet/trsolicitudot HTTP/1.1" 200 11175
200.112.233.47 - - [20/Mar/2018:15:32:24 -0300] "GET /cormun/servlet/solicitudot?INS,0,0, HTTP/1.1" 200 13652
200.112.233.47 - - [20/Mar/2018:15:32:25 -0300] "GET /cormun/servlet/solicitudot?INS,0,0, HTTP/1.1" 200 13656
200.112.233.47 - - [20/Mar/2018:15:32:27 -0300] "POST /cormun/servlet/solicitudot?gx-no-cache=1521570694890 HTTP/1.1" 200 3341
200.112.233.47 - - [20/Mar/2018:15:32:27 -0300] "GET /cormun/static/Shared/jqueryui/images/ui-bg_highlight-soft_100_c6c2c8_1x100.png HTTP/1.1" 404 1117
200.112.233.47 - - [20/Mar/2018:15:32:27 -0300] "GET /cormun/static/Shared/jqueryui/images/ui-icons_82798d_256x240.png HTTP/1.1" 404 1089
200.112.233.47 - - [20/Mar/2018:15:32:27 -0300] "GET /cormun/static/Shared/jqueryui/images/ui-bg_flat_55_994d53_40x100.png HTTP/1.1" 404 1097
200.112.233.47 - - [20/Mar/2018:15:32:27 -0300] "GET /cormun/servlet/solicitudot?c3cb387f9fbf201522b6e6ff6ec5d0ac81c859ad5ee6c513949e57f545bcef9e,gx-no-cache=1521570695586 HTTP/1.1" 200 111
200.112.233.47 - - [20/Mar/2018:15:32:27 -0300] "GET /cormun/static/Shared/jqueryui/images/ui-icons_ebccce_256x240.png HTTP/1.1" 404 1089
186.67.172.234 - - [20/Mar/2018:15:32:49 -0300] "GET /cormun/servlet/trautorizarsolicitud? HTTP/1.1" 200 11533
186.67.172.234 - - [20/Mar/2018:15:32:50 -0300] "GET /cormun/servlet/trautorizarsolicitud? HTTP/1.1" 200 11533
200.112.233.47 - - [20/Mar/2018:15:32:50 -0300] "GET /cormun/servlet/prfichaempleado?,MD,,gxPopupLevel%3D0%3B HTTP/1.1" 200 9358
200.112.233.47 - - [20/Mar/2018:15:33:01 -0300] "POST /cormun/servlet/prfichaempleado?b3bbf580b15ba953dcb568a56c4327a1,,MD,,gxPopupLevel%3D0%3B,gx-no-cache=1521570729798 HTTP/1.1" 200 3192
200.112.233.47 - - [20/Mar/2018:15:33:07 -0300] "POST /cormun/servlet/prfichaempleado?b3bbf580b15ba953dcb568a56c4327a1,,MD,,gxPopupLevel%3D0%3B,gx-no-cache=1521570735762 HTTP/1.1" 200 3192
200.112.233.47 - - [20/Mar/2018:15:33:08 -0300] "POST /cormun/servlet/prfichaempleado?b3bbf580b15ba953dcb568a56c4327a1,,MD,,gxPopupLevel%3D0%3B,gx-no-cache=1521570736942 HTTP/1.1" 200 3192
200.112.233.47 - - [20/Mar/2018:15:33:09 -0300] "POST /cormun/servlet/prfichaempleado?b3bbf580b15ba953dcb568a56c4327a1,,MD,,gxPopupLevel%3D0%3B,gx-no-cache=1521570737986 HTTP/1.1" 200 3192
200.112.233.47 - - [20/Mar/2018:15:33:10 -0300] "POST /cormun/servlet/prfichaempleado?b3bbf580b15ba953dcb568a56c4327a1,,MD,,gxPopupLevel%3D0%3B,gx-no-cache=1521570738852 HTTP/1.1" 200 3192
200.112.233.47 - - [20/Mar/2018:15:33:11 -0300] "POST /cormun/servlet/prfichaempleado?b3bbf580b15ba953dcb568a56c4327a1,,MD,,gxPopupLevel%3D0%3B,gx-no-cache=1521570739598 HTTP/1.1" 200 3192
200.112.233.47 - - [20/Mar/2018:15:33:12 -0300] "POST /cormun/servlet/prfichaempleado?b3bbf580b15ba953dcb568a56c4327a1,,MD,,gxPopupLevel%3D0%3B,gx-no-cache=1521570740948 HTTP/1.1" 200 3192
200.112.233.47 - - [20/Mar/2018:15:33:18 -0300] "POST /cormun/servlet/solicitudot?gx-no-cache=1521570746626 HTTP/1.1" 200 3352
200.112.233.47 - - [20/Mar/2018:15:33:18 -0300] "GET /cormun/servlet/solicitudot?c3cb387f9fbf201522b6e6ff6ec5d0ac81c859ad5ee6c513949e57f545bcef9e,gx-no-cache=1521570747032 HTTP/1.1" 200 111
200.112.233.47 - - [20/Mar/2018:15:33:28 -0300] "GET /cormun/servlet/prfichaempleado?,MD,,gxPopupLevel%3D0%3B HTTP/1.1" 200 9358
200.112.233.47 - - [20/Mar/2018:15:33:52 -0300] "POST /cormun/servlet/prfichaempleado?b3bbf580b15ba953dcb568a56c4327a1,,MD,,gxPopupLevel%3D0%3B,gx-no-cache=1521570780578 HTTP/1.1" 200 3192
200.112.233.47 - - [20/Mar/2018:15:34:01 -0300] "POST /cormun/servlet/prfichaempleado?b3bbf580b15ba953dcb568a56c4327a1,,MD,,gxPopupLevel%3D0%3B,gx-no-cache=1521570789834 HTTP/1.1" 200 3200
200.112.233.47 - - [20/Mar/2018:15:34:03 -0300] "POST /cormun/servlet/prfichaempleado?b3bbf580b15ba953dcb568a56c4327a1,,MD,,gxPopupLevel%3D0%3B,gx-no-cache=1521570792132 HTTP/1.1" 200 3200
201.215.248.160 - - [20/Mar/2018:15:34:09 -0300] "POST /cormun/servlet/trpermisosgoce?64fd17303a2505010c3015575cb81204,,gx-no-cache=1521570799189 HTTP/1.1" 200 5516
201.215.248.160 - - [20/Mar/2018:15:34:10 -0300] "GET /cormun/static/Shared/jqueryui/images/ui-bg_highlight-soft_100_c6c2c8_1x100.png HTTP/1.1" 404 1117
201.215.248.160 - - [20/Mar/2018:15:34:10 -0300] "GET /cormun/static/Shared/jqueryui/images/ui-icons_82798d_256x240.png HTTP/1.1" 404 1089
201.215.248.160 - - [20/Mar/2018:15:34:10 -0300] "GET /cormun/static/Shared/jqueryui/images/ui-bg_flat_55_fafafa_40x100.png HTTP/1.1" 404 1097
201.215.248.160 - - [20/Mar/2018:15:34:10 -0300] "GET /cormun/static/Shared/jqueryui/images/ui-icons_8d78a5_256x240.png HTTP/1.1" 404 1089
200.112.233.47 - - [20/Mar/2018:15:34:33 -0300] "POST /cormun/servlet/solicitudot?gx-no-cache=1521570822096 HTTP/1.1" 200 3284
200.112.233.47 - - [20/Mar/2018:15:34:33 -0300] "POST /cormun/servlet/solicitudot?b3bbf580b15ba953dcb568a56c4327a1,INS,0,0,,gx-no-cache=1521570822252 HTTP/1.1" 200 10437
200.112.233.47 - - [20/Mar/2018:15:34:37 -0300] "GET /cormun/servlet/solicitudot?c3cb387f9fbf201522b6e6ff6ec5d0ac5caaf5baa887b27a6db2f29676c6214657af945db1e39e79fca79744793b2ea7,gx-no-cache=1521570825670 HTTP/1.1" 200 111
200.112.233.47 - - [20/Mar/2018:15:35:02 -0300] "GET /cormun/servlet/prfichaempleado?,MD,,gxPopupLevel%3D0%3B HTTP/1.1" 200 9358
200.112.233.47 - - [20/Mar/2018:15:35:23 -0300] "POST /cormun/servlet/prfichaempleado?b3bbf580b15ba953dcb568a56c4327a1,,MD,,gxPopupLevel%3D0%3B,gx-no-cache=1521570871496 HTTP/1.1" 200 3488
200.112.233.47 - - [20/Mar/2018:15:35:30 -0300] "POST /cormun/servlet/solicitudot?gx-no-cache=1521570878996 HTTP/1.1" 200 3404
200.112.233.47 - - [20/Mar/2018:15:35:31 -0300] "POST /cormun/servlet/solicitudot?b3bbf580b15ba953dcb568a56c4327a1,INS,0,0,,gx-no-cache=1521570879474 HTTP/1.1" 200 10606
200.112.233.47 - - [20/Mar/2018:15:35:34 -0300] "GET /cormun/servlet/solicitudot?c3cb387f9fbf201522b6e6ff6ec5d0acd68bae5371d1f63601336313293b08f357af945db1e39e79fca79744793b2ea7,gx-no-cache=1521570883014 HTTP/1.1" 200 30
200.112.233.47 - - [20/Mar/2018:15:35:34 -0300] "GET /cormun/servlet/solicitudot?c3cb387f9fbf201522b6e6ff6ec5d0ac05cbb7f5008649b15cbe314a290cfab235e4e5ed7d7f34aa6038702deb1ff0705d56f252bd137a8ea252d546b1a39b3e,gx-no-cache=1521570883148 HTTP/1.1" 200 30
200.112.233.47 - - [20/Mar/2018:15:35:34 -0300] "GET /cormun/servlet/solicitudot?c3cb387f9fbf201522b6e6ff6ec5d0ac66be8ed53fdbb3fd85aa9e0e439beab3,gx-no-cache=1521570883196 HTTP/1.1" 200 53
200.112.233.47 - - [20/Mar/2018:15:35:34 -0300] "POST /cormun/servlet/solicitudot?gx-no-cache=1521570883230 HTTP/1.1" 200 256
200.112.233.47 - - [20/Mar/2018:15:35:34 -0300] "GET /cormun/servlet/solicitudot?c3cb387f9fbf201522b6e6ff6ec5d0ac80e3a989f26b2d587dfb5071d60424ddc9404494348821128650490134baef4607499da4c9c58dbf7ec5678a67d777218b4223e2cc203d7abc649e3f1a328eeb54617ff41799cba0078037893b5fd84032f193bccaf8e6528789d3d3242cb9f5a3e4fcc5d16c18352d9a710622078dfd0db97128abb2e25efb1f8f2829db59611eac9f2a87e2d27b2d4387b136507d4aae0d9ec724386269719d40665632b5e654d420db31f893fe69c9046b955b4217a43dd27d3a4bf3baa90626eef94bbaf292a60049f3f069abb477a69830d79ee20726dc8c163a48f4f7803ee459b23c2c5e5ac565ffdc69a898657058776d715000306f09aba617381a2346730a6552ac0f31282510300abec25acb2e0487e434b47bbb51d120afee5d637fa8ddb5964d351b3cb5370685eb9472290ee1933273d232950b0ef4910954b825ecbb2b73797eaf1806e6fa461ac8474ec87e960a38a550c001386ff11a602dffe1a3890887f238718ecd225a7baf910b8207f74bd6,gx-no-cache=1521570883268 HTTP/1.1" 200 30
200.112.233.47 - - [20/Mar/2018:15:35:37 -0300] "POST /cormun/servlet/solicitudot?gx-no-cache=1521570886242 HTTP/1.1" 200 30
200.112.233.47 - - [20/Mar/2018:15:35:43 -0300] "POST /cormun/servlet/solicitudot?gx-no-cache=1521570892326 HTTP/1.1" 200 1336
200.112.233.47 - - [20/Mar/2018:15:35:44 -0300] "POST /cormun/servlet/solicitudot?gx-no-cache=1521570892526 HTTP/1.1" 200 38
200.112.233.47 - - [20/Mar/2018:15:36:02 -0300] "GET /cormun/servlet/solicitudot?c3cb387f9fbf201522b6e6ff6ec5d0acf9d7d3c3ce4a304c89667238e54e284ff483685134da8797523e25a4b1657bbfdea3debb53adc182af77286105738a5bfc40b03ef8de608436b80e04e6575250170b034df160dd9e917284072c09d88a798b1f9e6a92877e4bae9dd16d8f1cc7,gx-no-cache=1521570911268 HTTP/1.1" 200 29
200.112.233.47 - - [20/Mar/2018:15:36:02 -0300] "POST /cormun/servlet/solicitudot?gx-no-cache=1521570911308 HTTP/1.1" 200 1319
200.112.233.47 - - [20/Mar/2018:15:36:02 -0300] "POST /cormun/servlet/solicitudot?gx-no-cache=1521570911362 HTTP/1.1" 200 1218
200.112.233.47 - - [20/Mar/2018:15:36:02 -0300] "GET /cormun/static/menuarrow.gif HTTP/1.1" 404 1015
200.112.233.47 - - [20/Mar/2018:15:36:04 -0300] "POST /cormun/servlet/solicitudot?gx-no-cache=1521570913070 HTTP/1.1" 200 1319
200.112.233.47 - - [20/Mar/2018:15:36:04 -0300] "POST /cormun/servlet/solicitudot?gx-no-cache=1521570913122 HTTP/1.1" 200 1218
200.112.233.47 - - [20/Mar/2018:15:36:05 -0300] "GET /cormun/servlet/solicitudot?c3cb387f9fbf201522b6e6ff6ec5d0acde79ad86f64315356fa483f962acabc317450b189a435187e1fd2f1536aea6ab,gx-no-cache=1521570914354 HTTP/1.1" 200 30
200.112.233.47 - - [20/Mar/2018:15:36:20 -0300] "POST /cormun/servlet/solicitudot?gx-no-cache=1521570928662 HTTP/1.1" 200 30
200.112.233.47 - - [20/Mar/2018:15:36:20 -0300] "POST /cormun/servlet/solicitudot?b3bbf580b15ba953dcb568a56c4327a1,INS,0,0,,gx-no-cache=1521570928694 HTTP/1.1" 200 93
200.112.233.47 - - [20/Mar/2018:15:36:20 -0300] "GET /cormun/servlet/hpexe_return? HTTP/1.1" 200 1002
200.112.233.47 - - [20/Mar/2018:15:36:21 -0300] "GET /cormun/servlet/trsolicitudot HTTP/1.1" 200 11532
200.112.233.47 - - [20/Mar/2018:15:36:22 -0300] "GET /cormun/servlet/trsolicitudot HTTP/1.1" 200 11528
200.112.233.47 - - [20/Mar/2018:15:36:25 -0300] "GET /cormun/servlet/solicitudot?INS,0,0, HTTP/1.1" 200 13652
200.112.233.47 - - [20/Mar/2018:15:36:26 -0300] "GET /cormun/servlet/solicitudot?INS,0,0, HTTP/1.1" 200 13657
200.112.233.47 - - [20/Mar/2018:15:36:28 -0300] "GET /cormun/servlet/prfichaempleado?,MD,,gxPopupLevel%3D0%3B HTTP/1.1" 200 9358
192.168.10.96 - - [20/Mar/2018:15:36:44 -0300] "GET /cormun/servlet/vesolicitudgral?2018,10475,,SolicitudOTAdjuntos HTTP/1.1" 200 11387
192.168.10.96 - - [20/Mar/2018:15:36:44 -0300] "GET /cormun/servlet/vesolicitudgral?2018,10475,,SolicitudOTAdjuntos HTTP/1.1" 200 11390
192.168.10.96 - - [20/Mar/2018:15:36:46 -0300] "POST /cormun/servlet/acontrolpreferencessavestate?None,DZAMUDIO,true HTTP/1.1" 200 35
192.168.10.96 - - [20/Mar/2018:15:36:50 -0300] "POST /cormun/servlet/vesolicitudgral?942e9473c01cb4b857fec7e72cc0f6ff,2018,10475,,SolicitudOTAdjuntos,gx-no-cache=1521570844411 HTTP/1.1" 200 90
192.168.10.96 - - [20/Mar/2018:15:36:50 -0300] "GET /cormun/servlet/hpexe_link HTTP/1.1" 200 978
192.168.10.96 - - [20/Mar/2018:15:36:51 -0300] "GET /cormun/servlet/trsolicitudgral HTTP/1.1" 200 12426
