186.67.172.234 - - [20/Mar/2018:13:33:32 -0300] "GET /cormun/static/gxui/gxui-all.css?110300 HTTP/1.1" 200 2179
186.67.172.234 - - [20/Mar/2018:13:33:32 -0300] "GET /cormun/static/gxcfg.js?20177612134814 HTTP/1.1" 200 953
186.67.172.234 - - [20/Mar/2018:13:33:32 -0300] "GET /cormun/static/Resources/PXToolsMenuSearch.png HTTP/1.1" 200 2914
186.67.172.234 - - [20/Mar/2018:13:33:32 -0300] "GET /cormun/static/hmpwkw011.js?20177612121862 HTTP/1.1" 200 1968
186.67.172.234 - - [20/Mar/2018:13:33:32 -0300] "GET /cormun/static/menusearch.js?201610171694467 HTTP/1.1" 200 1424
186.67.172.234 - - [20/Mar/2018:13:33:32 -0300] "GET /cormun/static/Resources/PXToolsMenuSearchCancel.png HTTP/1.1" 200 2972
186.67.172.234 - - [20/Mar/2018:13:33:32 -0300] "GET /cormun/static/prfichaempleado.js?20177612134999 HTTP/1.1" 200 16006
186.67.172.234 - - [20/Mar/2018:13:33:32 -0300] "GET /cormun/static/Shared/ext/resources/css/ext-all.css?205870 HTTP/1.1" 200 416045
186.67.164.142 - - [20/Mar/2018:13:33:38 -0300] "POST /cormun/servlet/trsolicitudot?1a4c68eb3a879bb4c918cd683e49615f,gx-no-cache=1521562581213,gx-no-cache=1521563566207 HTTP/1.1" 200 6239
186.67.164.142 - - [20/Mar/2018:13:33:38 -0300] "GET /cormun/static/Shared/jqueryui/images/ui-bg_highlight-soft_100_c6c2c8_1x100.png HTTP/1.1" 404 1117
186.67.164.142 - - [20/Mar/2018:13:33:38 -0300] "GET /cormun/static/Shared/jqueryui/images/ui-bg_flat_55_fafafa_40x100.png HTTP/1.1" 404 1097
186.67.164.142 - - [20/Mar/2018:13:33:38 -0300] "GET /cormun/static/Shared/jqueryui/images/ui-icons_8d78a5_256x240.png HTTP/1.1" 404 1089
186.67.164.142 - - [20/Mar/2018:13:33:38 -0300] "GET /cormun/static/Shared/jqueryui/images/ui-icons_82798d_256x240.png HTTP/1.1" 404 1089
186.67.164.142 - - [20/Mar/2018:13:33:39 -0300] "POST /cormun/servlet/trsolicitudot?1a4c68eb3a879bb4c918cd683e49615f,gx-no-cache=1521562581213,gx-no-cache=1521563566814 HTTP/1.1" 200 6180
186.67.164.142 - - [20/Mar/2018:13:33:53 -0300] "GET /cormun/servlet/solicitudot?INS,0,0, HTTP/1.1" 200 13430
186.67.164.142 - - [20/Mar/2018:13:33:53 -0300] "GET /cormun/servlet/solicitudot?INS,0,0, HTTP/1.1" 200 13413
186.67.164.142 - - [20/Mar/2018:13:34:00 -0300] "POST /cormun/servlet/solicitudot?gx-no-cache=1521563587773 HTTP/1.1" 200 3402
186.67.164.142 - - [20/Mar/2018:13:34:00 -0300] "POST /cormun/servlet/solicitudot?1a4c68eb3a879bb4c918cd683e49615f,INS,0,0,,gx-no-cache=1521563588309 HTTP/1.1" 200 10404
186.103.157.246 - - [20/Mar/2018:13:34:00 -0300] "GET /cormun/servlet/hlogin HTTP/1.1" 200 1719
186.67.164.142 - - [20/Mar/2018:13:34:02 -0300] "GET /cormun/servlet/solicitudot?928f28d6f106014ad894da579b48fdca35ec3f0c29eaef32c412853a06e4f6eb2f35c44e64766ea70d03825ca3468359,gx-no-cache=1521563590488 HTTP/1.1" 200 30
186.67.164.142 - - [20/Mar/2018:13:34:02 -0300] "GET /cormun/servlet/solicitudot?928f28d6f106014ad894da579b48fdca3fef9aafa69af1e9415da851ebd8e89de279d215c97931256972845e2b885c7ce94d680b74d7c79314f3cec96f7f100f,gx-no-cache=1521563590574 HTTP/1.1" 200 30
186.67.164.142 - - [20/Mar/2018:13:34:02 -0300] "GET /cormun/servlet/solicitudot?928f28d6f106014ad894da579b48fdca5ece176d73dbb6ac76775af636decfc9,gx-no-cache=1521563590621 HTTP/1.1" 200 51
186.67.164.142 - - [20/Mar/2018:13:34:02 -0300] "POST /cormun/servlet/solicitudot?gx-no-cache=1521563590662 HTTP/1.1" 200 255
186.67.164.142 - - [20/Mar/2018:13:34:02 -0300] "GET /cormun/servlet/solicitudot?928f28d6f106014ad894da579b48fdca2ba5063524b7663b430d539f1975a67ded5217d6b3d2e8d75fb0f2a3429a41fc64347c97249d0e43da62fa442d9eac93dc8a6084031165e0aacb08fb31204e976853b70f7fa0da95fc635bef406a349a0b87ed10f13f555605f0dff88ba6afe5ffc27e6f4d4b3716b9a8ea17acfc07c711ea927bf9227815504ea59f039564bad335ae56effb651664cda7fbb15c2480d74217b06bd72a1629fc702295a271945a7733db079d85131100a69d777bbeeaa7f1fb3b9bd79a7c60d5314aaac6476f0a222dab4b63beda76a33c900e510215c03c50a641654eb19cb0b85b08f68d718ffec756cbb4509e14810ed07119ade94dd5cb21322ca0a35ba0188babbe317cbaf00a8a874e4b3154e5c83c258a8bde9bdb0aa7ad8acff7c57288da5166dc4eb5fce1c9d3fb4ad61e4ac3b45b98d9a29a82cecc6f50ed7894dac2ad0a728f62545c8b7c9fb5f4c30cbe109e361c81ece5cb01e8586c199b502dbfb66bf25ba393d6cc5a1f7a5d68cfaacebaa5ad98f8,gx-no-cache=1521563590717 HTTP/1.1" 200 30
186.67.164.142 - - [20/Mar/2018:13:34:09 -0300] "POST /cormun/servlet/solicitudot?gx-no-cache=1521563597195 HTTP/1.1" 200 30
186.67.172.234 - - [20/Mar/2018:13:34:09 -0300] "POST /cormun/servlet/solicitudot?gx-no-cache=1521563597747 HTTP/1.1" 200 3372
186.67.172.234 - - [20/Mar/2018:13:34:09 -0300] "POST /cormun/servlet/solicitudot?9115224325a8606f0971f69352a3fccc,INS,0,0,,gx-no-cache=1521563597877 HTTP/1.1" 200 10528
186.67.164.142 - - [20/Mar/2018:13:34:12 -0300] "POST /cormun/servlet/solicitudot?gx-no-cache=1521563600600 HTTP/1.1" 200 1337
186.67.164.142 - - [20/Mar/2018:13:34:12 -0300] "POST /cormun/servlet/solicitudot?gx-no-cache=1521563600713 HTTP/1.1" 200 38
186.67.164.142 - - [20/Mar/2018:13:34:12 -0300] "GET /cormun/servlet/solicitudot?928f28d6f106014ad894da579b48fdcabab8eb446a7094004f566a793b1394ff470e6e15872f6970efbbe3a03d3e3e80dde33962fb180d87ee3f8bbd8a50b71899f80f38d8f60c9440fb669b6911999132669abfd7e3bcadacd54187499b190404f92fbcb8a72c626dacd8aeae99e1b2af2e07e8dc3c8b0de2a25a45cc203fdafa21ef70a77f4c7f43d2def3f2f21c10ac01fa73096177e12e629efe3706c9ae185667f96922be1fce5b22bc96859e3580def382cccc68c997c19e0b73b61f46ffe7db8e9bb6790488ed449128d51c42,gx-no-cache=1521563600754 HTTP/1.1" 200 29
186.67.164.142 - - [20/Mar/2018:13:34:12 -0300] "POST /cormun/servlet/solicitudot?gx-no-cache=1521563600811 HTTP/1.1" 200 1319
186.67.164.142 - - [20/Mar/2018:13:34:12 -0300] "POST /cormun/servlet/solicitudot?gx-no-cache=1521563600895 HTTP/1.1" 200 1219
186.67.164.142 - - [20/Mar/2018:13:34:12 -0300] "GET /cormun/servlet/solicitudot?928f28d6f106014ad894da579b48fdca49f1d182c64af36dfa7a95467f287b8b,gx-no-cache=1521563600977 HTTP/1.1" 200 30
186.67.164.142 - - [20/Mar/2018:13:34:13 -0300] "POST /cormun/servlet/solicitudot?gx-no-cache=1521563601039 HTTP/1.1" 200 30
186.103.157.246 - - [20/Mar/2018:13:34:14 -0300] "POST /cormun/servlet/hlogin?e820c7ac61a82956c29b8d2fb4b85088,gx-no-cache=1521563603998 HTTP/1.1" 200 90
186.103.157.246 - - [20/Mar/2018:13:34:14 -0300] "GET /cormun/servlet/hpexe_link HTTP/1.1" 200 949
186.103.157.246 - - [20/Mar/2018:13:34:14 -0300] "GET /cormun/servlet/hhome HTTP/1.1" 200 4124
186.103.157.246 - - [20/Mar/2018:13:34:15 -0300] "GET /cormun/servlet/hhome HTTP/1.1" 200 4121
186.67.172.234 - - [20/Mar/2018:13:34:16 -0300] "GET /cormun/servlet/solicitudot?38fd63912287f540befe1a439147ad296de2e072bea4aea3320280538387c784a23917ca2f7f3b9148d37381cd2e81a5,gx-no-cache=1521563604834 HTTP/1.1" 200 30
186.67.172.234 - - [20/Mar/2018:13:34:16 -0300] "GET /cormun/servlet/solicitudot?38fd63912287f540befe1a439147ad29dfeaf6e7989fc393ae4a36fd90d30739,gx-no-cache=1521563604943 HTTP/1.1" 200 94
186.67.172.234 - - [20/Mar/2018:13:34:16 -0300] "GET /cormun/servlet/solicitudot?38fd63912287f540befe1a439147ad29d062249c43ebece9558c5e7e71f49d0f,gx-no-cache=1521563604994 HTTP/1.1" 200 53
186.67.172.234 - - [20/Mar/2018:13:34:16 -0300] "POST /cormun/servlet/solicitudot?gx-no-cache=1521563605088 HTTP/1.1" 200 297
186.67.172.234 - - [20/Mar/2018:13:34:16 -0300] "GET /cormun/servlet/solicitudot?38fd63912287f540befe1a439147ad299cad8b7a954eed5560d02f9ae52026296c47807f83293d05ade16001563140083c518f2236e4f8ec3cc4ed23504b06f2590b20f83c11c5b1010290f0de2c5d31b913aff4b1c0092a254221ba2366850c690b0cde5b75e2c4fc2df895b4fadde6acc46327022a6e42ef86c6f09b0643a4e5ad857dd1b9ad9000bb2b2842af0a6150802b7be4deb064234dffcc3685ec548c248a6be1e8eb42b595d357da99fea804d2cbb9b0d27141faa304aeddaf0b8551e5fc5a3d93fc984423026ea1b3675938b5bd2bd8d0ecd256fe66c6e542f805f82d7c9fd6ec80d50396bacde8f404c1e94c0253a212a7fd5b647c850b1181a48fe19cceee6af5d035693a7f2268793ba33192c2a736f6a069199567eae8345fc31720da479896e768cde5da6c62fe57f56c0cd173dfaf5f1f81d3d07e51f98e7b65ddfa04b3ae54b84c282bbbcdb6a6b1aa78e38455f2bf70cde6eb3e03e1937d3a41fe77452be458a69d76d2b4e826f8fb0f7823539b73ac7b239c10962862dc641b3fbc11384d1c6a4e687cd8e057,gx-no-cache=1521563605175 HTTP/1.1" 200 30
186.103.157.246 - - [20/Mar/2018:13:34:20 -0300] "GET /cormun/servlet/trautorizarsolicitud? HTTP/1.1" 200 8566
186.67.172.234 - - [20/Mar/2018:13:34:21 -0300] "POST /cormun/servlet/solicitudot?gx-no-cache=1521563609716 HTTP/1.1" 200 30
186.103.157.246 - - [20/Mar/2018:13:34:21 -0300] "GET /cormun/servlet/trautorizarsolicitud? HTTP/1.1" 200 8564
200.111.122.170 - - [20/Mar/2018:13:34:37 -0300] "GET /cormun/servlet/hlogin HTTP/1.1" 200 1723
186.103.157.246 - - [20/Mar/2018:13:34:40 -0300] "POST /cormun/servlet/trautorizarsolicitud?e820c7ac61a82956c29b8d2fb4b85088,,gx-no-cache=1521563629385 HTTP/1.1" 200 4590
186.103.157.246 - - [20/Mar/2018:13:34:40 -0300] "GET /cormun/static/Shared/jqueryui/images/ui-bg_highlight-soft_100_c6c2c8_1x100.png HTTP/1.1" 404 1117
186.103.157.246 - - [20/Mar/2018:13:34:40 -0300] "GET /cormun/static/Shared/jqueryui/images/ui-icons_82798d_256x240.png HTTP/1.1" 404 1089
186.103.157.246 - - [20/Mar/2018:13:34:40 -0300] "GET /cormun/static/Shared/jqueryui/images/ui-bg_flat_55_fafafa_40x100.png HTTP/1.1" 404 1097
186.103.157.246 - - [20/Mar/2018:13:34:40 -0300] "GET /cormun/static/Shared/jqueryui/images/ui-icons_8d78a5_256x240.png HTTP/1.1" 404 1089
186.103.157.246 - - [20/Mar/2018:13:34:40 -0300] "POST /cormun/servlet/trautorizarsolicitud?e820c7ac61a82956c29b8d2fb4b85088,,gx-no-cache=1521563629852 HTTP/1.1" 200 4374
186.67.164.142 - - [20/Mar/2018:13:34:42 -0300] "POST /cormun/servlet/solicitudot?gx-no-cache=1521563629985 HTTP/1.1" 200 1319
186.67.164.142 - - [20/Mar/2018:13:34:42 -0300] "POST /cormun/servlet/solicitudot?gx-no-cache=1521563630128 HTTP/1.1" 200 1219
186.67.164.142 - - [20/Mar/2018:13:34:42 -0300] "GET /cormun/static/menuarrow.gif HTTP/1.1" 404 1015
186.67.164.142 - - [20/Mar/2018:13:34:43 -0300] "POST /cormun/servlet/solicitudot?gx-no-cache=1521563631245 HTTP/1.1" 200 1319
186.67.164.142 - - [20/Mar/2018:13:34:43 -0300] "POST /cormun/servlet/solicitudot?gx-no-cache=1521563631341 HTTP/1.1" 200 1219
186.67.164.142 - - [20/Mar/2018:13:34:45 -0300] "GET /cormun/servlet/solicitudot?928f28d6f106014ad894da579b48fdca49f1d182c64af36dfa7a95467f287b8b,gx-no-cache=1521563633061 HTTP/1.1" 200 30
186.67.172.234 - - [20/Mar/2018:13:34:46 -0300] "POST /cormun/servlet/solicitudot?9115224325a8606f0971f69352a3fccc,INS,0,0,,gx-no-cache=1521563634861 HTTP/1.1" 200 93
186.67.172.234 - - [20/Mar/2018:13:34:46 -0300] "GET /cormun/servlet/hpexe_return? HTTP/1.1" 200 1004
186.67.172.234 - - [20/Mar/2018:13:34:46 -0300] "GET /cormun/servlet/trsolicitudot HTTP/1.1" 200 8770
186.67.172.234 - - [20/Mar/2018:13:34:47 -0300] "GET /cormun/servlet/trsolicitudot HTTP/1.1" 200 8769
186.67.164.142 - - [20/Mar/2018:13:34:49 -0300] "POST /cormun/servlet/solicitudot?gx-no-cache=1521563637186 HTTP/1.1" 200 30
186.67.172.234 - - [20/Mar/2018:13:34:49 -0300] "GET /cormun/servlet/solicitudot?INS,0,0, HTTP/1.1" 200 13659
186.67.172.234 - - [20/Mar/2018:13:34:49 -0300] "GET /cormun/servlet/solicitudot?INS,0,0, HTTP/1.1" 200 13664
186.67.172.234 - - [20/Mar/2018:13:34:55 -0300] "POST /cormun/servlet/solicitudot?gx-no-cache=1521563644252 HTTP/1.1" 200 3389
186.67.172.234 - - [20/Mar/2018:13:34:56 -0300] "POST /cormun/servlet/solicitudot?9115224325a8606f0971f69352a3fccc,INS,0,0,,gx-no-cache=1521563644473 HTTP/1.1" 200 10558
186.67.172.234 - - [20/Mar/2018:13:34:57 -0300] "GET /cormun/servlet/solicitudot?38fd63912287f540befe1a439147ad2933eaf19f1a57459520da7a043ff74673a23917ca2f7f3b9148d37381cd2e81a5,gx-no-cache=1521563646102 HTTP/1.1" 200 30
186.67.172.234 - - [20/Mar/2018:13:35:04 -0300] "GET /cormun/servlet/solicitudot?38fd63912287f540befe1a439147ad29bd8ec04926e211ce3097cf9aa78f2ab1,gx-no-cache=1521563653330 HTTP/1.1" 200 103
186.67.172.234 - - [20/Mar/2018:13:35:04 -0300] "GET /cormun/static/Shared/jqueryui/images/ui-bg_highlight-soft_100_c6c2c8_1x100.png HTTP/1.1" 404 1117
186.67.172.234 - - [20/Mar/2018:13:35:04 -0300] "GET /cormun/static/Shared/jqueryui/images/ui-bg_flat_55_994d53_40x100.png HTTP/1.1" 404 1097
186.67.172.234 - - [20/Mar/2018:13:35:04 -0300] "GET /cormun/static/Shared/jqueryui/images/ui-icons_ebccce_256x240.png HTTP/1.1" 404 1089
186.67.172.234 - - [20/Mar/2018:13:35:04 -0300] "GET /cormun/static/Shared/jqueryui/images/ui-icons_82798d_256x240.png HTTP/1.1" 404 1089
186.67.172.234 - - [20/Mar/2018:13:35:04 -0300] "GET /cormun/servlet/solicitudot?38fd63912287f540befe1a439147ad293b9b1221dec24ff638f95754e64be679,gx-no-cache=1521563653409 HTTP/1.1" 200 51
186.67.172.234 - - [20/Mar/2018:13:35:05 -0300] "POST /cormun/servlet/solicitudot?gx-no-cache=1521563653519 HTTP/1.1" 200 297
186.67.172.234 - - [20/Mar/2018:13:35:05 -0300] "GET /cormun/servlet/solicitudot?38fd63912287f540befe1a439147ad299cad8b7a954eed5560d02f9ae52026296c47807f83293d05ade16001563140083c518f2236e4f8ec3cc4ed23504b06f2590b20f83c11c5b1010290f0de2c5d31b913aff4b1c0092a254221ba2366850c690b0cde5b75e2c4fc2df895b4fadde6acc46327022a6e42ef86c6f09b0643a4e5ad857dd1b9ad9000bb2b2842af0a6150802b7be4deb064234dffcc3685ec548c248a6be1e8eb42b595d357da99fea804d2cbb9b0d27141faa304aeddaf0b8551e5fc5a3d93fc984423026ea1b3675938b5bd2bd8d0ecd256fe66c6e542f805f82d7c9fd6ec80d50396bacde8f404c1e94c0253a212a7fd5b647c850b1181a48fe19cceee6af5d035693a7f2268793ba33192c2a736f6a069199567eae8345fc31720da479896e768cde5da6c62fe57f56c0cd173dfaf5f1f81d3d07e51f98e7b65ddfa04b3ae54b84c282bbbcdb6a6b1aa78e38455f2bf70cde6eb3e03e1937d3a41fe77452be458a69d76d2b4e826f8fb0f7823539b73ac7b239c10962862dc641b3fbc11384d1c6a4e687cd8e057,gx-no-cache=1521563653637 HTTP/1.1" 200 30
186.67.164.142 - - [20/Mar/2018:13:35:06 -0300] "POST /cormun/servlet/solicitudot?1a4c68eb3a879bb4c918cd683e49615f,INS,0,0,,gx-no-cache=1521563654362 HTTP/1.1" 200 12109
186.67.164.142 - - [20/Mar/2018:13:35:06 -0300] "GET /cormun/static/Shared/jqueryui/images/ui-bg_highlight-soft_100_c6c2c8_1x100.png HTTP/1.1" 404 1117
186.67.164.142 - - [20/Mar/2018:13:35:06 -0300] "GET /cormun/static/Shared/jqueryui/images/ui-icons_82798d_256x240.png HTTP/1.1" 404 1089
186.67.164.142 - - [20/Mar/2018:13:35:06 -0300] "GET /cormun/static/Shared/jqueryui/images/ui-icons_ebccce_256x240.png HTTP/1.1" 404 1089
186.67.164.142 - - [20/Mar/2018:13:35:06 -0300] "GET /cormun/static/Shared/jqueryui/images/ui-bg_flat_55_994d53_40x100.png HTTP/1.1" 404 1097
186.67.172.234 - - [20/Mar/2018:13:35:09 -0300] "POST /cormun/servlet/solicitudot?gx-no-cache=1521563657724 HTTP/1.1" 200 30
186.67.164.142 - - [20/Mar/2018:13:35:14 -0300] "GET /cormun/servlet/solicitudot?928f28d6f106014ad894da579b48fdca329398aeaed7f2d895007f68b1fb81f49ca5bfca0bd9495fced1d27482f99a9c,gx-no-cache=1521563662805 HTTP/1.1" 200 30
186.67.164.142 - - [20/Mar/2018:13:35:14 -0300] "POST /cormun/servlet/solicitudot?gx-no-cache=1521563662888 HTTP/1.1" 200 30
186.67.164.142 - - [20/Mar/2018:13:35:15 -0300] "POST /cormun/servlet/solicitudot?1a4c68eb3a879bb4c918cd683e49615f,INS,0,0,,gx-no-cache=1521563662963 HTTP/1.1" 200 93
186.67.164.142 - - [20/Mar/2018:13:35:15 -0300] "GET /cormun/servlet/hpexe_return? HTTP/1.1" 200 1021
186.67.164.142 - - [20/Mar/2018:13:35:15 -0300] "GET /cormun/servlet/trsolicitudot?gx-no-cache=1521562581213 HTTP/1.1" 200 9494
186.67.164.142 - - [20/Mar/2018:13:35:16 -0300] "GET /cormun/servlet/trsolicitudot?gx-no-cache=1521562581213 HTTP/1.1" 200 9511
186.67.164.142 - - [20/Mar/2018:13:35:18 -0300] "GET /cormun/servlet/solicitudot?INS,0,0, HTTP/1.1" 200 13430
186.67.164.142 - - [20/Mar/2018:13:35:18 -0300] "GET /cormun/servlet/solicitudot?INS,0,0, HTTP/1.1" 200 13413
186.9.11.105 - - [20/Mar/2018:13:35:19 -0300] "GET /cormun/servlet/hlogin HTTP/1.1" 200 1721
186.9.11.105 - - [20/Mar/2018:13:35:19 -0300] "GET /cormun/servlet/hlogin HTTP/1.1" 200 1722
186.67.164.142 - - [20/Mar/2018:13:35:23 -0300] "POST /cormun/servlet/solicitudot?gx-no-cache=1521563671118 HTTP/1.1" 200 3402
186.67.164.142 - - [20/Mar/2018:13:35:23 -0300] "POST /cormun/servlet/solicitudot?1a4c68eb3a879bb4c918cd683e49615f,INS,0,0,,gx-no-cache=1521563671676 HTTP/1.1" 200 10404
186.67.164.142 - - [20/Mar/2018:13:35:26 -0300] "GET /cormun/servlet/solicitudot?928f28d6f106014ad894da579b48fdca35ec3f0c29eaef32c412853a06e4f6eb2f35c44e64766ea70d03825ca3468359,gx-no-cache=1521563674420 HTTP/1.1" 200 30
186.67.164.142 - - [20/Mar/2018:13:35:26 -0300] "GET /cormun/servlet/solicitudot?928f28d6f106014ad894da579b48fdca3fef9aafa69af1e9415da851ebd8e89de279d215c97931256972845e2b885c7ce94d680b74d7c79314f3cec96f7f100f,gx-no-cache=1521563674502 HTTP/1.1" 200 30
186.67.164.142 - - [20/Mar/2018:13:35:26 -0300] "GET /cormun/servlet/solicitudot?928f28d6f106014ad894da579b48fdca5ece176d73dbb6ac76775af636decfc9,gx-no-cache=1521563674580 HTTP/1.1" 200 51
186.67.164.142 - - [20/Mar/2018:13:35:26 -0300] "POST /cormun/servlet/solicitudot?gx-no-cache=1521563674643 HTTP/1.1" 200 255
186.67.164.142 - - [20/Mar/2018:13:35:26 -0300] "GET /cormun/servlet/solicitudot?928f28d6f106014ad894da579b48fdca2ba5063524b7663b430d539f1975a67ded5217d6b3d2e8d75fb0f2a3429a41fc64347c97249d0e43da62fa442d9eac93dc8a6084031165e0aacb08fb31204e976853b70f7fa0da95fc635bef406a349a0b87ed10f13f555605f0dff88ba6afe5ffc27e6f4d4b3716b9a8ea17acfc07c711ea927bf9227815504ea59f039564bad335ae56effb651664cda7fbb15c2480d74217b06bd72a1629fc702295a271945a7733db079d85131100a69d777bbeeaa7f1fb3b9bd79a7c60d5314aaac6476f0a222dab4b63beda76a33c900e510215c03c50a641654eb19cb0b85b08f68d718ffec756cbb4509e14810ed07119ade94dd5cb21322ca0a35ba0188babbe317cbaf00a8a874e4b3154e5c83c258a8bde9bdb0aa7ad8acff7c57288da5166dc4eb5fce1c9d3fb4ad61e4ac3b45b98d9a29a82cecc6f50ed7894dac2ad0a728f62545c8b7c9fb5f4c30cbe109e361c81ece5cb01e8586c199b502dbfb66bf25ba393d6cc5a1f7a5d68cfaacebaa5ad98f8,gx-no-cache=1521563674718 HTTP/1.1" 200 30
186.9.11.105 - - [20/Mar/2018:13:35:27 -0300] "POST /cormun/servlet/hlogin?79877d04010a42933f3dd4c1c8ca566c,gx-no-cache=1521563678193 HTTP/1.1" 200 90
186.9.11.105 - - [20/Mar/2018:13:35:27 -0300] "GET /cormun/servlet/hpexe_link HTTP/1.1" 200 951
186.9.11.105 - - [20/Mar/2018:13:35:27 -0300] "GET /cormun/servlet/hhome HTTP/1.1" 200 4460
186.9.11.105 - - [20/Mar/2018:13:35:28 -0300] "GET /cormun/servlet/hhome HTTP/1.1" 200 4458
186.67.164.142 - - [20/Mar/2018:13:35:28 -0300] "POST /cormun/servlet/solicitudot?gx-no-cache=1521563676302 HTTP/1.1" 200 30
186.67.164.142 - - [20/Mar/2018:13:35:31 -0300] "POST /cormun/servlet/solicitudot?gx-no-cache=1521563679190 HTTP/1.1" 200 1337
186.67.164.142 - - [20/Mar/2018:13:35:31 -0300] "POST /cormun/servlet/solicitudot?gx-no-cache=1521563679301 HTTP/1.1" 200 38
186.67.164.142 - - [20/Mar/2018:13:35:31 -0300] "GET /cormun/servlet/solicitudot?928f28d6f106014ad894da579b48fdcabab8eb446a7094004f566a793b1394ff470e6e15872f6970efbbe3a03d3e3e80dde33962fb180d87ee3f8bbd8a50b71899f80f38d8f60c9440fb669b6911999132669abfd7e3bcadacd54187499b190404f92fbcb8a72c626dacd8aeae99e1b2af2e07e8dc3c8b0de2a25a45cc203fdafa21ef70a77f4c7f43d2def3f2f21c10ac01fa73096177e12e629efe3706c9ae185667f96922be1fce5b22bc96859e3580def382cccc68c997c19e0b73b61f46ffe7db8e9bb6790488ed449128d51c42,gx-no-cache=1521563679371 HTTP/1.1" 200 29
186.67.164.142 - - [20/Mar/2018:13:35:31 -0300] "POST /cormun/servlet/solicitudot?gx-no-cache=1521563679443 HTTP/1.1" 200 1319
186.67.164.142 - - [20/Mar/2018:13:35:31 -0300] "POST /cormun/servlet/solicitudot?gx-no-cache=1521563679533 HTTP/1.1" 200 1219
186.67.164.142 - - [20/Mar/2018:13:35:31 -0300] "GET /cormun/servlet/solicitudot?928f28d6f106014ad894da579b48fdca49f1d182c64af36dfa7a95467f287b8b,gx-no-cache=1521563679614 HTTP/1.1" 200 30
186.67.164.142 - - [20/Mar/2018:13:35:31 -0300] "POST /cormun/servlet/solicitudot?gx-no-cache=1521563679681 HTTP/1.1" 200 30
190.151.100.218 - - [20/Mar/2018:13:35:32 -0300] "POST /cormun/servlet/hlogin?202fea67d445c9d88ef6d116f8d11a86,gx-no-cache=1521563682080 HTTP/1.1" 200 90
190.151.100.218 - - [20/Mar/2018:13:35:32 -0300] "GET /cormun/servlet/hpexe_link HTTP/1.1" 200 954
190.151.100.218 - - [20/Mar/2018:13:35:33 -0300] "GET /cormun/servlet/hhome HTTP/1.1" 200 4206
186.9.11.105 - - [20/Mar/2018:13:35:34 -0300] "GET /cormun/servlet/trsolicitudgral? HTTP/1.1" 200 28587
190.151.100.218 - - [20/Mar/2018:13:35:35 -0300] "GET /cormun/servlet/hhome HTTP/1.1" 200 4202
186.9.11.105 - - [20/Mar/2018:13:35:35 -0300] "GET /cormun/servlet/trsolicitudgral? HTTP/1.1" 200 28585
186.67.164.142 - - [20/Mar/2018:13:35:44 -0300] "POST /cormun/servlet/solicitudot?gx-no-cache=1521563692667 HTTP/1.1" 200 1319
186.67.164.142 - - [20/Mar/2018:13:35:44 -0300] "POST /cormun/servlet/solicitudot?gx-no-cache=1521563692772 HTTP/1.1" 200 1219
186.67.203.186 - - [20/Mar/2018:13:35:55 -0300] "GET /cormun/servlet/trsolicitudot? HTTP/1.1" 200 7421
186.9.11.105 - - [20/Mar/2018:13:35:57 -0300] "POST /cormun/servlet/trsolicitudgral?79877d04010a42933f3dd4c1c8ca566c,,gx-no-cache=1521563708845 HTTP/1.1" 200 7264
186.67.203.186 - - [20/Mar/2018:13:35:57 -0300] "GET /cormun/servlet/trsolicitudot? HTTP/1.1" 200 7420
186.67.203.186 - - [20/Mar/2018:13:36:06 -0300] "GET /cormun/servlet/solicitudot?INS,0,0, HTTP/1.1" 200 13651
186.9.11.105 - - [20/Mar/2018:13:36:20 -0300] "POST /cormun/servlet/trsolicitudgral?79877d04010a42933f3dd4c1c8ca566c,,gx-no-cache=1521563732037 HTTP/1.1" 200 6110
186.9.11.105 - - [20/Mar/2018:13:36:20 -0300] "GET /cormun/static/Shared/jqueryui/images/ui-bg_highlight-soft_100_c6c2c8_1x100.png HTTP/1.1" 404 1117
186.9.11.105 - - [20/Mar/2018:13:36:20 -0300] "GET /cormun/static/Shared/jqueryui/images/ui-icons_82798d_256x240.png HTTP/1.1" 404 1089
186.9.11.105 - - [20/Mar/2018:13:36:20 -0300] "GET /cormun/static/Shared/jqueryui/images/ui-bg_flat_55_fafafa_40x100.png HTTP/1.1" 404 1097
186.9.11.105 - - [20/Mar/2018:13:36:20 -0300] "GET /cormun/static/Shared/jqueryui/images/ui-icons_8d78a5_256x240.png HTTP/1.1" 404 1089
186.67.172.234 - - [20/Mar/2018:13:36:26 -0300] "GET /cormun/servlet/hlogin HTTP/1.1" 200 1729
186.9.11.105 - - [20/Mar/2018:13:36:27 -0300] "POST /cormun/servlet/trsolicitudgral?79877d04010a42933f3dd4c1c8ca566c,,gx-no-cache=1521563739100 HTTP/1.1" 200 13282
200.72.197.82 - - [20/Mar/2018:13:36:27 -0300] "GET /cormun/static/solicitudot.js?201812313224831 HTTP/1.1" 304 -
186.67.172.234 - - [20/Mar/2018:13:36:28 -0300] "POST /cormun/servlet/hlogin?7c690f2e4182cb50f4f10de8ed2c1dc3,gx-no-cache=1521567378516 HTTP/1.1" 200 90
186.67.172.234 - - [20/Mar/2018:13:36:28 -0300] "GET /cormun/servlet/hpexe_link HTTP/1.1" 200 966
186.67.172.234 - - [20/Mar/2018:13:36:28 -0300] "GET /cormun/servlet/trautorizarsolicitud HTTP/1.1" 200 10393
186.67.172.234 - - [20/Mar/2018:13:36:28 -0300] "GET /cormun/servlet/trautorizarsolicitud HTTP/1.1" 200 10391
200.72.197.82 - - [20/Mar/2018:13:36:28 -0300] "GET /cormun/servlet/solicitudot?INS,0,0, HTTP/1.1" 200 13656
190.151.100.218 - - [20/Mar/2018:13:36:32 -0300] "GET /cormun/servlet/prfichaempleado?,MD,,gxPopupLevel%3D0%3B HTTP/1.1" 200 9367
186.9.11.105 - - [20/Mar/2018:13:36:46 -0300] "POST /cormun/servlet/trsolicitudgral?79877d04010a42933f3dd4c1c8ca566c,,gx-no-cache=1521563758557 HTTP/1.1" 200 5930
186.67.164.142 - - [20/Mar/2018:13:36:53 -0300] "GET /cormun/static/menuarrow.gif HTTP/1.1" 404 1015
186.67.164.142 - - [20/Mar/2018:13:36:59 -0300] "GET /cormun/servlet/solicitudot?928f28d6f106014ad894da579b48fdca329398aeaed7f2d895007f68b1fb81f49ca5bfca0bd9495fced1d27482f99a9c,gx-no-cache=1521563767605 HTTP/1.1" 200 30
186.67.164.142 - - [20/Mar/2018:13:37:04 -0300] "POST /cormun/servlet/solicitudot?gx-no-cache=1521563772844 HTTP/1.1" 200 30
186.9.11.105 - - [20/Mar/2018:13:37:10 -0300] "POST /cormun/servlet/trsolicitudgral?79877d04010a42933f3dd4c1c8ca566c,,gx-no-cache=1521563781825 HTTP/1.1" 200 22209
186.67.172.234 - - [20/Mar/2018:13:37:15 -0300] "GET /cormun/servlet/hlogin HTTP/1.1" 200 1744
186.103.132.155 - - [20/Mar/2018:13:37:20 -0300] "POST /cormun/servlet/prfichaempleado?202fea67d445c9d88ef6d116f8d11a86,,MD,,gxPopupLevel%3D0%3B,gx-no-cache=1521563790124 HTTP/1.1" 200 3427
186.67.164.142 - - [20/Mar/2018:13:37:21 -0300] "POST /cormun/servlet/solicitudot?1a4c68eb3a879bb4c918cd683e49615f,INS,0,0,,gx-no-cache=1521563789220 HTTP/1.1" 200 93
186.67.164.142 - - [20/Mar/2018:13:37:21 -0300] "GET /cormun/servlet/hpexe_return? HTTP/1.1" 200 1021
186.67.164.142 - - [20/Mar/2018:13:37:21 -0300] "GET /cormun/servlet/trsolicitudot?gx-no-cache=1521562581213 HTTP/1.1" 200 9744
186.67.164.142 - - [20/Mar/2018:13:37:22 -0300] "GET /cormun/servlet/trsolicitudot?gx-no-cache=1521562581213 HTTP/1.1" 200 9760
186.67.164.142 - - [20/Mar/2018:13:37:24 -0300] "GET /cormun/servlet/solicitudot?INS,0,0, HTTP/1.1" 200 13430
186.67.164.142 - - [20/Mar/2018:13:37:25 -0300] "GET /cormun/servlet/solicitudot?INS,0,0, HTTP/1.1" 200 13413
186.103.132.155 - - [20/Mar/2018:13:37:27 -0300] "POST /cormun/servlet/solicitudot?gx-no-cache=1521563797388 HTTP/1.1" 200 3404
186.103.132.155 - - [20/Mar/2018:13:37:28 -0300] "POST /cormun/servlet/solicitudot?202fea67d445c9d88ef6d116f8d11a86,INS,0,0,,gx-no-cache=1521563797687 HTTP/1.1" 200 10574
186.103.132.155 - - [20/Mar/2018:13:37:28 -0300] "GET /cormun/servlet/solicitudot?c2d46e4b9ae8efbdc88d54d3b321a3b17a975995d4721b5b2d143c867fe24c57e5727b432ba15d0746e75d652aac8227,gx-no-cache=1521563798133 HTTP/1.1" 200 30
186.67.164.142 - - [20/Mar/2018:13:37:29 -0300] "POST /cormun/servlet/solicitudot?gx-no-cache=1521563797276 HTTP/1.1" 200 3402
186.67.164.142 - - [20/Mar/2018:13:37:29 -0300] "POST /cormun/servlet/solicitudot?1a4c68eb3a879bb4c918cd683e49615f,INS,0,0,,gx-no-cache=1521563797587 HTTP/1.1" 200 10404
186.67.164.142 - - [20/Mar/2018:13:37:32 -0300] "GET /cormun/servlet/solicitudot?928f28d6f106014ad894da579b48fdca35ec3f0c29eaef32c412853a06e4f6eb2f35c44e64766ea70d03825ca3468359,gx-no-cache=1521563800060 HTTP/1.1" 200 30
186.67.164.142 - - [20/Mar/2018:13:37:32 -0300] "GET /cormun/servlet/solicitudot?928f28d6f106014ad894da579b48fdca3fef9aafa69af1e9415da851ebd8e89de279d215c97931256972845e2b885c7ce94d680b74d7c79314f3cec96f7f100f,gx-no-cache=1521563800138 HTTP/1.1" 200 30
186.67.164.142 - - [20/Mar/2018:13:37:32 -0300] "GET /cormun/servlet/solicitudot?928f28d6f106014ad894da579b48fdca5ece176d73dbb6ac76775af636decfc9,gx-no-cache=1521563800201 HTTP/1.1" 200 51
186.67.164.142 - - [20/Mar/2018:13:37:32 -0300] "POST /cormun/servlet/solicitudot?gx-no-cache=1521563800264 HTTP/1.1" 200 255
186.67.164.142 - - [20/Mar/2018:13:37:32 -0300] "GET /cormun/servlet/solicitudot?928f28d6f106014ad894da579b48fdca2ba5063524b7663b430d539f1975a67ded5217d6b3d2e8d75fb0f2a3429a41fc64347c97249d0e43da62fa442d9eac93dc8a6084031165e0aacb08fb31204e976853b70f7fa0da95fc635bef406a349a0b87ed10f13f555605f0dff88ba6afe5ffc27e6f4d4b3716b9a8ea17acfc07c711ea927bf9227815504ea59f039564bad335ae56effb651664cda7fbb15c2480d74217b06bd72a1629fc702295a271945a7733db079d85131100a69d777bbeeaa7f1fb3b9bd79a7c60d5314aaac6476f0a222dab4b63beda76a33c900e510215c03c50a641654eb19cb0b85b08f68d718ffec756cbb4509e14810ed07119ade94dd5cb21322ca0a35ba0188babbe317cbaf00a8a874e4b3154e5c83c258a8bde9bdb0aa7ad8acff7c57288da5166dc4eb5fce1c9d3fb4ad61e4ac3b45b98d9a29a82cecc6f50ed7894dac2ad0a728f62545c8b7c9fb5f4c30cbe109e361c81ece5cb01e8586c199b502dbfb66bf25ba393d6cc5a1f7a5d68cfaacebaa5ad98f8,gx-no-cache=1521563800352 HTTP/1.1" 200 30
186.67.164.142 - - [20/Mar/2018:13:37:33 -0300] "POST /cormun/servlet/solicitudot?gx-no-cache=1521563801965 HTTP/1.1" 200 30
186.9.11.105 - - [20/Mar/2018:13:37:34 -0300] "POST /cormun/servlet/trsolicitudgral?79877d04010a42933f3dd4c1c8ca566c,,gx-no-cache=1521563805598 HTTP/1.1" 200 9125
186.67.164.142 - - [20/Mar/2018:13:37:36 -0300] "GET /cormun/servlet/prsolicitudot?8283180,,,,,MD,,gxPopupLevel%3D0%3B HTTP/1.1" 200 6058
186.103.132.155 - - [20/Mar/2018:13:37:39 -0300] "GET /cormun/servlet/solicitudot?c2d46e4b9ae8efbdc88d54d3b321a3b1a1260451b1d7becd284c1662b990542a9077876794ce582dbcd4c8baea437dd9af92709cfa1c79be8753ed436a35ff8f,gx-no-cache=1521563809056 HTTP/1.1" 200 30
186.103.132.155 - - [20/Mar/2018:13:37:39 -0300] "GET /cormun/servlet/solicitudot?c2d46e4b9ae8efbdc88d54d3b321a3b17e99d0a8e0049dd35b152c10f8d02ba0,gx-no-cache=1521563809238 HTTP/1.1" 200 53
186.103.132.155 - - [20/Mar/2018:13:37:39 -0300] "POST /cormun/servlet/solicitudot?gx-no-cache=1521563809366 HTTP/1.1" 200 256
186.103.132.155 - - [20/Mar/2018:13:37:39 -0300] "GET /cormun/servlet/solicitudot?c2d46e4b9ae8efbdc88d54d3b321a3b184857f95a34ff8df28f52bf4d4347f521626463c1bbcd933d02286b19c4f13734e26a27f6a91a5caf3ad3f74b7119caff78c92c34cf5b772ec1054c212ac8886033f092d857daf65f156ba23adae76582a038054e7d47a2010f36cadd793acd78a72556f796376b400fcfb764ee49010f5a49e1e3bc2d8f58d388f753a228cc1d7aaae3ab1ebb7f3321e5ff2bbfe013c899d5e19d4a8e91df6f5875e8ea8576c19e7b7890f2b4668bd000e897837ba86177930e9c916eec63b0ab6f3d104c3874e22611c6dbd90ef26cf6e66429d011a3293ca42b8718cc1dfed2649efbdcc067c7340b32ce751a1dfe3827268ac958fab072bcce0e803aeb5123ef974f895008d83edd26332579f2c7534e97f77419118ba4216199465af6f84865ee5f08023ef1891065a194412f6280ceea47b38b80101c9771003682db943b63cfc38a098d9a14872c262ccb7f3d884be5ee981269a4a1f78b97431ded56859dc1818f2b83693373abf9dc4a0bc389804c8a8ff55,gx-no-cache=1521563809534 HTTP/1.1" 200 30
186.67.164.142 - - [20/Mar/2018:13:37:40 -0300] "POST /cormun/servlet/solicitudot?gx-no-cache=1521563808318 HTTP/1.1" 200 1337
186.67.164.142 - - [20/Mar/2018:13:37:40 -0300] "POST /cormun/servlet/solicitudot?gx-no-cache=1521563808420 HTTP/1.1" 200 38
186.67.164.142 - - [20/Mar/2018:13:37:40 -0300] "GET /cormun/servlet/solicitudot?928f28d6f106014ad894da579b48fdcabab8eb446a7094004f566a793b1394ff470e6e15872f6970efbbe3a03d3e3e80dde33962fb180d87ee3f8bbd8a50b71899f80f38d8f60c9440fb669b6911999132669abfd7e3bcadacd54187499b190404f92fbcb8a72c626dacd8aeae99e1b2af2e07e8dc3c8b0de2a25a45cc203fdafa21ef70a77f4c7f43d2def3f2f21c10ac01fa73096177e12e629efe3706c9ae185667f96922be1fce5b22bc96859e3580def382cccc68c997c19e0b73b61f46ffe7db8e9bb6790488ed449128d51c42,gx-no-cache=1521563808496 HTTP/1.1" 200 29
186.67.164.142 - - [20/Mar/2018:13:37:40 -0300] "POST /cormun/servlet/solicitudot?gx-no-cache=1521563808554 HTTP/1.1" 200 1319
186.67.164.142 - - [20/Mar/2018:13:37:40 -0300] "POST /cormun/servlet/solicitudot?gx-no-cache=1521563808641 HTTP/1.1" 200 1219
186.67.164.142 - - [20/Mar/2018:13:37:40 -0300] "GET /cormun/servlet/solicitudot?928f28d6f106014ad894da579b48fdca329398aeaed7f2d895007f68b1fb81f49ca5bfca0bd9495fced1d27482f99a9c,gx-no-cache=1521563808735 HTTP/1.1" 200 30
186.103.132.155 - - [20/Mar/2018:13:37:42 -0300] "POST /cormun/servlet/solicitudot?gx-no-cache=1521563812187 HTTP/1.1" 200 30
186.103.132.155 - - [20/Mar/2018:13:37:47 -0300] "POST /cormun/servlet/solicitudot?gx-no-cache=1521563816696 HTTP/1.1" 200 1337
186.103.132.155 - - [20/Mar/2018:13:37:47 -0300] "POST /cormun/servlet/solicitudot?gx-no-cache=1521563817001 HTTP/1.1" 200 38
186.67.164.142 - - [20/Mar/2018:13:37:51 -0300] "POST /cormun/servlet/solicitudot?gx-no-cache=1521563819758 HTTP/1.1" 200 1318
186.67.164.142 - - [20/Mar/2018:13:37:51 -0300] "POST /cormun/servlet/solicitudot?gx-no-cache=1521563819857 HTTP/1.1" 200 1219
186.67.164.142 - - [20/Mar/2018:13:37:58 -0300] "POST /cormun/servlet/solicitudot?gx-no-cache=1521563826682 HTTP/1.1" 200 33
186.103.132.155 - - [20/Mar/2018:13:38:01 -0300] "GET /cormun/servlet/solicitudot?c2d46e4b9ae8efbdc88d54d3b321a3b141e7d960e54cfeef4c662d851b14146c2fb5ce129986310d669b7a922a8307c8574d433bbee6c96b8059060176fa01e12873cae981a1d744ff0d66e259c5af5e7369f4c4e96e2cae12bb02d02d87788c50291c848be3b437ef706db1713bdc73622670047124a574046f69f4b0e4259d74b35f1584959f4d7c5a2a466b9c918c4a62d57748347d71e5d1b6367f6f19c1,gx-no-cache=1521563831416 HTTP/1.1" 200 29
186.103.132.155 - - [20/Mar/2018:13:38:01 -0300] "POST /cormun/servlet/solicitudot?gx-no-cache=1521563831574 HTTP/1.1" 200 1321
186.103.132.155 - - [20/Mar/2018:13:38:02 -0300] "POST /cormun/servlet/solicitudot?gx-no-cache=1521563831835 HTTP/1.1" 200 1219
186.103.132.155 - - [20/Mar/2018:13:38:02 -0300] "GET /cormun/static/menuarrow.gif HTTP/1.1" 404 1015
186.103.132.155 - - [20/Mar/2018:13:38:05 -0300] "POST /cormun/servlet/solicitudot?gx-no-cache=1521563834566 HTTP/1.1" 200 1321
186.103.132.155 - - [20/Mar/2018:13:38:05 -0300] "POST /cormun/servlet/solicitudot?gx-no-cache=1521563834856 HTTP/1.1" 200 1219
186.67.164.142 - - [20/Mar/2018:13:38:07 -0300] "POST /cormun/servlet/solicitudot?1a4c68eb3a879bb4c918cd683e49615f,INS,0,0,,gx-no-cache=1521563835726 HTTP/1.1" 200 93
186.67.164.142 - - [20/Mar/2018:13:38:08 -0300] "GET /cormun/servlet/hpexe_return? HTTP/1.1" 200 1021
186.67.164.142 - - [20/Mar/2018:13:38:08 -0300] "GET /cormun/servlet/trsolicitudot?gx-no-cache=1521562581213 HTTP/1.1" 200 10011
186.67.164.142 - - [20/Mar/2018:13:38:08 -0300] "GET /cormun/servlet/trsolicitudot?gx-no-cache=1521562581213 HTTP/1.1" 200 10027
186.103.156.166 - - [20/Mar/2018:13:38:09 -0300] "GET /cormun/servlet/hlogin HTTP/1.1" 200 1728
186.103.132.155 - - [20/Mar/2018:13:38:09 -0300] "GET /cormun/servlet/solicitudot?c2d46e4b9ae8efbdc88d54d3b321a3b1f4d8599c28c98214eb48b5f91eee37b7a3bc964e29bfc6d9815098cc75b28731,gx-no-cache=1521563838433 HTTP/1.1" 200 30
186.103.156.166 - - [20/Mar/2018:13:38:09 -0300] "GET /cormun/static/gxtimezone.js?85251 HTTP/1.1" 304 -
186.103.156.166 - - [20/Mar/2018:13:38:09 -0300] "GET /cormun/static/gxcfg.js?20175251213516 HTTP/1.1" 304 -
186.103.156.166 - - [20/Mar/2018:13:38:09 -0300] "GET /cormun/static/messages.spa.js?85251 HTTP/1.1" 304 -
186.103.156.166 - - [20/Mar/2018:13:38:09 -0300] "GET /cormun/servlet/hlogin HTTP/1.1" 200 1732
186.103.156.166 - - [20/Mar/2018:13:38:25 -0300] "POST /cormun/servlet/hlogin?2ce3c7a068c8924b30df684c27b18328,gx-no-cache=1521563854685 HTTP/1.1" 200 90
186.103.156.166 - - [20/Mar/2018:13:38:25 -0300] "GET /cormun/servlet/hpexe_link HTTP/1.1" 200 954
186.103.156.166 - - [20/Mar/2018:13:38:26 -0300] "GET /cormun/static/gxcfg.js?20177612121792 HTTP/1.1" 304 -
186.103.156.166 - - [20/Mar/2018:13:38:26 -0300] "GET /cormun/servlet/hhome HTTP/1.1" 200 4179
186.103.156.166 - - [20/Mar/2018:13:38:26 -0300] "GET /cormun/static/gxcfg.js?20175251212442 HTTP/1.1" 304 -
186.67.164.142 - - [20/Mar/2018:13:38:26 -0300] "POST /cormun/servlet/trsolicitudot?1a4c68eb3a879bb4c918cd683e49615f,gx-no-cache=1521562581213,gx-no-cache=1521563853957 HTTP/1.1" 200 106
186.67.164.142 - - [20/Mar/2018:13:38:26 -0300] "GET /cormun/servlet/solicitudot?UPD,2018,10676, HTTP/1.1" 200 15225
186.103.156.166 - - [20/Mar/2018:13:38:27 -0300] "GET /cormun/servlet/hhome HTTP/1.1" 200 4176
186.67.164.142 - - [20/Mar/2018:13:38:27 -0300] "GET /cormun/servlet/solicitudot?UPD,2018,10676, HTTP/1.1" 200 15213
186.103.132.155 - - [20/Mar/2018:13:38:27 -0300] "POST /cormun/servlet/solicitudot?gx-no-cache=1521563857264 HTTP/1.1" 200 30
186.67.164.142 - - [20/Mar/2018:13:38:27 -0300] "POST /cormun/servlet/solicitudot?gx-no-cache=1521563855813 HTTP/1.1" 200 3415
186.67.164.142 - - [20/Mar/2018:13:38:28 -0300] "POST /cormun/servlet/solicitudot?1a4c68eb3a879bb4c918cd683e49615f,UPD,2018,10676,,gx-no-cache=1521563856090 HTTP/1.1" 200 11550
186.67.164.142 - - [20/Mar/2018:13:38:28 -0300] "GET /cormun/servlet/solicitudot?928f28d6f106014ad894da579b48fdca35ec3f0c29eaef32c412853a06e4f6eb48ea3c5e45b116e6496fa1582f50d9f2,gx-no-cache=1521563856352 HTTP/1.1" 200 30
186.67.164.142 - - [20/Mar/2018:13:38:28 -0300] "GET /cormun/servlet/solicitudot?928f28d6f106014ad894da579b48fdca3fef9aafa69af1e9415da851ebd8e89d4da5b87994b8852163ec93ebc6238718e94d680b74d7c79314f3cec96f7f100f,gx-no-cache=1521563856440 HTTP/1.1" 200 30
186.67.164.142 - - [20/Mar/2018:13:38:28 -0300] "GET /cormun/servlet/solicitudot?928f28d6f106014ad894da579b48fdca053586edb31a221fc881b554a4c25844e83842ffa57c6a967c7a7541f72a73be955d906c43b4f7d43489469ef575d8f3,gx-no-cache=1521563856506 HTTP/1.1" 200 51
186.67.164.142 - - [20/Mar/2018:13:38:28 -0300] "POST /cormun/servlet/solicitudot?gx-no-cache=1521563856588 HTTP/1.1" 200 254
186.67.164.142 - - [20/Mar/2018:13:38:28 -0300] "GET /cormun/servlet/solicitudot?928f28d6f106014ad894da579b48fdca2ba5063524b7663b430d539f1975a67ded5217d6b3d2e8d75fb0f2a3429a41fc64347c97249d0e43da62fa442d9eac93dc8a6084031165e0aacb08fb31204e976853b70f7fa0da95fc635bef406a349a0b87ed10f13f555605f0dff88ba6afe5ffc27e6f4d4b3716b9a8ea17acfc07c711ea927bf9227815504ea59f039564bad335ae56effb651664cda7fbb15c2480d74217b06bd72a1629fc702295a271945a7733db079d85131100a69d777bbeeaa7f1fb3b9bd79a7c60d5314aaac6476f0a222dab4b63beda76a33c900e510215c03c50a641654eb19cb0b85b08f68d718ffec756cbb4509e14810ed07119ade94dd5cb21322ca0a35ba0188babbe317cbaf00a8a874e4b3154e5c83c258a8bde9bdb0aa7ad8acff7c57288da5166dc4eb5fce1c9d3fb4ad61e4ac3b45b98d9a29a82cecc6f50ed7894dac2ad0a728f62545c8b7c9fb5f4c30cbe109e361c81ece5cb01e8586c199b502dbfb66bf25ba39985df8fd0738602679a64fd9137a472,gx-no-cache=1521563856659 HTTP/1.1" 200 30
186.67.164.142 - - [20/Mar/2018:13:38:28 -0300] "POST /cormun/servlet/solicitudot?gx-no-cache=1521563856716 HTTP/1.1" 200 30
186.67.164.142 - - [20/Mar/2018:13:38:28 -0300] "POST /cormun/servlet/solicitudot?gx-no-cache=1521563856782 HTTP/1.1" 200 1337
186.67.164.142 - - [20/Mar/2018:13:38:28 -0300] "POST /cormun/servlet/solicitudot?gx-no-cache=1521563856875 HTTP/1.1" 200 41
186.9.11.105 - - [20/Mar/2018:13:38:30 -0300] "POST /cormun/servlet/trsolicitudgral?79877d04010a42933f3dd4c1c8ca566c,,gx-no-cache=1521563861417 HTTP/1.1" 200 22209
186.67.164.142 - - [20/Mar/2018:13:38:30 -0300] "GET /cormun/servlet/solicitudot?928f28d6f106014ad894da579b48fdca12e8edcb96cf2d470fb2a1ae1b6fa4b047fdd6a9b51a0d1a68af30b703de2be6ff5592880d42326199c8b041403d5319162364eead45008d83c7c2ed62b2df818a5e4b8e1e4585a71fde8bab92383dada33c283a4055ded8f91efbd01a5df09ac3b364e481648f2c8434705da194a303661c8bb3eb241ba351f356eabf0ff50947439da5e87d5d84e98b3bd768bf2d52ffd84985e0855fd4bec20aace3125f563982f50fa73e059a2f485cf1272faccb7b826002f407a078569a3fdd71c943e9,gx-no-cache=1521563858513 HTTP/1.1" 200 29
186.67.164.142 - - [20/Mar/2018:13:38:30 -0300] "POST /cormun/servlet/solicitudot?gx-no-cache=1521563858580 HTTP/1.1" 200 1319
186.67.164.142 - - [20/Mar/2018:13:38:30 -0300] "POST /cormun/servlet/solicitudot?gx-no-cache=1521563858674 HTTP/1.1" 200 1219
186.103.156.166 - - [20/Mar/2018:13:38:32 -0300] "GET /cormun/servlet/trcontratosolicitud? HTTP/1.1" 200 14156
186.103.156.166 - - [20/Mar/2018:13:38:32 -0300] "GET /cormun/static/calendar-setup.js?85251 HTTP/1.1" 304 -
186.103.156.166 - - [20/Mar/2018:13:38:32 -0300] "GET /cormun/static/calendar-es.js?85251 HTTP/1.1" 304 -
186.103.156.166 - - [20/Mar/2018:13:38:32 -0300] "GET /cormun/static/gxcfg.js?20177612214014 HTTP/1.1" 200 953
186.103.156.166 - - [20/Mar/2018:13:38:32 -0300] "GET /cormun/static/calendar.js?85251 HTTP/1.1" 304 -
186.103.156.166 - - [20/Mar/2018:13:38:32 -0300] "GET /cormun/static/gxdec.js?85251 HTTP/1.1" 304 -
186.103.156.166 - - [20/Mar/2018:13:38:32 -0300] "GET /cormun/static/trcontratosolicitud.js?20177612214349 HTTP/1.1" 200 28237
186.103.156.166 - - [20/Mar/2018:13:38:32 -0300] "GET /cormun//static/Resources/PXToolsGridNew.png HTTP/1.1" 200 2949
186.103.156.166 - - [20/Mar/2018:13:38:32 -0300] "GET /cormun//static/Resources/PXToolsActionDisabled.gif HTTP/1.1" 200 53
186.103.156.166 - - [20/Mar/2018:13:38:33 -0300] "GET /cormun/servlet/trcontratosolicitud? HTTP/1.1" 200 14149
186.67.164.142 - - [20/Mar/2018:13:38:38 -0300] "GET /cormun/servlet/solicitudot?928f28d6f106014ad894da579b48fdca329398aeaed7f2d895007f68b1fb81f49ca5bfca0bd9495fced1d27482f99a9c,gx-no-cache=1521563866257 HTTP/1.1" 200 30
186.67.164.142 - - [20/Mar/2018:13:38:38 -0300] "POST /cormun/servlet/solicitudot?gx-no-cache=1521563866315 HTTP/1.1" 200 30
186.67.164.142 - - [20/Mar/2018:13:38:38 -0300] "POST /cormun/servlet/solicitudot?1a4c68eb3a879bb4c918cd683e49615f,UPD,2018,10676,,gx-no-cache=1521563866387 HTTP/1.1" 200 93
186.67.164.142 - - [20/Mar/2018:13:38:38 -0300] "GET /cormun/servlet/hpexe_return? HTTP/1.1" 200 1029
186.67.164.142 - - [20/Mar/2018:13:38:38 -0300] "GET /cormun/servlet/trsolicitudot?gx-no-cache=1521562581213 HTTP/1.1" 200 10027
186.67.164.142 - - [20/Mar/2018:13:38:39 -0300] "GET /cormun/servlet/trsolicitudot?gx-no-cache=1521562581213 HTTP/1.1" 200 10043
186.67.172.234 - - [20/Mar/2018:13:38:39 -0300] "GET /cormun/servlet/hlogin HTTP/1.1" 200 1729
186.67.164.142 - - [20/Mar/2018:13:38:42 -0300] "POST /cormun/servlet/trsolicitudot?1a4c68eb3a879bb4c918cd683e49615f,gx-no-cache=1521562581213,gx-no-cache=1521563870887 HTTP/1.1" 200 106
186.67.164.142 - - [20/Mar/2018:13:38:43 -0300] "GET /cormun/servlet/solicitudot?UPD,2018,10677, HTTP/1.1" 200 15244
186.67.164.142 - - [20/Mar/2018:13:38:43 -0300] "GET /cormun/servlet/solicitudot?UPD,2018,10677, HTTP/1.1" 200 15232
186.67.164.142 - - [20/Mar/2018:13:38:44 -0300] "POST /cormun/servlet/solicitudot?gx-no-cache=1521563872098 HTTP/1.1" 200 3415
186.67.164.142 - - [20/Mar/2018:13:38:44 -0300] "POST /cormun/servlet/solicitudot?1a4c68eb3a879bb4c918cd683e49615f,UPD,2018,10677,,gx-no-cache=1521563872401 HTTP/1.1" 200 11559
186.67.164.142 - - [20/Mar/2018:13:38:44 -0300] "GET /cormun/servlet/solicitudot?928f28d6f106014ad894da579b48fdca35ec3f0c29eaef32c412853a06e4f6eb48ea3c5e45b116e6496fa1582f50d9f2,gx-no-cache=1521563872639 HTTP/1.1" 200 30
186.67.164.142 - - [20/Mar/2018:13:38:44 -0300] "GET /cormun/servlet/solicitudot?928f28d6f106014ad894da579b48fdca3fef9aafa69af1e9415da851ebd8e89d4da5b87994b8852163ec93ebc6238718e94d680b74d7c79314f3cec96f7f100f,gx-no-cache=1521563872715 HTTP/1.1" 200 30
186.67.164.142 - - [20/Mar/2018:13:38:44 -0300] "GET /cormun/servlet/solicitudot?928f28d6f106014ad894da579b48fdca053586edb31a221fc881b554a4c25844e83842ffa57c6a967c7a7541f72a73be955d906c43b4f7d43489469ef575d8f3,gx-no-cache=1521563872783 HTTP/1.1" 200 51
186.67.164.142 - - [20/Mar/2018:13:38:44 -0300] "POST /cormun/servlet/solicitudot?gx-no-cache=1521563872850 HTTP/1.1" 200 256
186.67.164.142 - - [20/Mar/2018:13:38:44 -0300] "GET /cormun/servlet/solicitudot?928f28d6f106014ad894da579b48fdca2ba5063524b7663b430d539f1975a67ded5217d6b3d2e8d75fb0f2a3429a41fc64347c97249d0e43da62fa442d9eac93dc8a6084031165e0aacb08fb31204e976853b70f7fa0da95fc635bef406a349a0b87ed10f13f555605f0dff88ba6afe5ffc27e6f4d4b3716b9a8ea17acfc07c711ea927bf9227815504ea59f039564bad335ae56effb651664cda7fbb15c2480d74217b06bd72a1629fc702295a271945a7733db079d85131100a69d777bbeeaa7f1fb3b9bd79a7c60d5314aaac6476f0a222dab4b63beda76a33c900e510215c03c50a641654eb19cb0b85b08f68d718ffec756cbb4509e14810ed07119ade94dd5cb21322ca0a35ba0188babbe317cbaf00a8a874e4b3154e5c83c258a8bde9bdb0aa7ad8acff7c57288da5166dc4eb5fce1c9d3fb4ad61e4ac3b45b98d9a29a82cecc6f50ed7894dac2ad0a728f62545c8b7c9fb5f4c30cbe109e361c81ece5cb01e8586c199b502dbfb66bf25ba39985df8fd0738602679a64fd9137a472,gx-no-cache=1521563872932 HTTP/1.1" 200 30
186.67.164.142 - - [20/Mar/2018:13:38:45 -0300] "POST /cormun/servlet/solicitudot?gx-no-cache=1521563872990 HTTP/1.1" 200 30
186.67.164.142 - - [20/Mar/2018:13:38:45 -0300] "POST /cormun/servlet/solicitudot?gx-no-cache=1521563873077 HTTP/1.1" 200 1336
186.67.164.142 - - [20/Mar/2018:13:38:45 -0300] "POST /cormun/servlet/solicitudot?gx-no-cache=1521563873179 HTTP/1.1" 200 41
186.67.164.142 - - [20/Mar/2018:13:38:46 -0300] "GET /cormun/servlet/solicitudot?928f28d6f106014ad894da579b48fdca12e8edcb96cf2d470fb2a1ae1b6fa4b047fdd6a9b51a0d1a68af30b703de2be6ff5592880d42326199c8b041403d5319162364eead45008d83c7c2ed62b2df818a5e4b8e1e4585a71fde8bab92383dada33c283a4055ded8f91efbd01a5df09ac3b364e481648f2c8434705da194a303661c8bb3eb241ba351f356eabf0ff50947439da5e87d5d84e98b3bd768bf2d52ffd84985e0855fd4bec20aace3125f563982f50fa73e059a2f485cf1272faccb7b826002f407a078569a3fdd71c943e9,gx-no-cache=1521563874183 HTTP/1.1" 200 29
186.67.164.142 - - [20/Mar/2018:13:38:46 -0300] "POST /cormun/servlet/solicitudot?gx-no-cache=1521563874245 HTTP/1.1" 200 1318
186.67.164.142 - - [20/Mar/2018:13:38:46 -0300] "POST /cormun/servlet/solicitudot?gx-no-cache=1521563874322 HTTP/1.1" 200 1219
186.67.172.234 - - [20/Mar/2018:13:38:50 -0300] "POST /cormun/servlet/hlogin?cdbc1c18f0e3e6c2139534b7e73ab0fa,gx-no-cache=1521563826458 HTTP/1.1" 200 90
186.67.172.234 - - [20/Mar/2018:13:38:50 -0300] "GET /cormun/servlet/hpexe_link HTTP/1.1" 200 954
186.9.11.105 - - [20/Mar/2018:13:38:50 -0300] "POST /cormun/servlet/trsolicitudgral?79877d04010a42933f3dd4c1c8ca566c,,gx-no-cache=1521563881678 HTTP/1.1" 200 7659
186.67.172.234 - - [20/Mar/2018:13:38:50 -0300] "GET /cormun/servlet/hhome HTTP/1.1" 200 4232
186.67.172.234 - - [20/Mar/2018:13:38:51 -0300] "GET /cormun/servlet/hhome HTTP/1.1" 200 4228
186.67.164.142 - - [20/Mar/2018:13:38:54 -0300] "GET /cormun/servlet/solicitudot?928f28d6f106014ad894da579b48fdca329398aeaed7f2d895007f68b1fb81f49ca5bfca0bd9495fced1d27482f99a9c,gx-no-cache=1521563882263 HTTP/1.1" 200 30
186.67.164.142 - - [20/Mar/2018:13:38:54 -0300] "POST /cormun/servlet/solicitudot?gx-no-cache=1521563882326 HTTP/1.1" 200 33
186.67.164.142 - - [20/Mar/2018:13:38:55 -0300] "POST /cormun/servlet/solicitudot?1a4c68eb3a879bb4c918cd683e49615f,UPD,2018,10677,,gx-no-cache=1521563882426 HTTP/1.1" 200 93
186.67.164.142 - - [20/Mar/2018:13:38:55 -0300] "GET /cormun/servlet/hpexe_return? HTTP/1.1" 200 1028
186.67.164.142 - - [20/Mar/2018:13:38:55 -0300] "GET /cormun/servlet/trsolicitudot?gx-no-cache=1521562581213 HTTP/1.1" 200 10028
186.67.164.142 - - [20/Mar/2018:13:38:56 -0300] "GET /cormun/servlet/trsolicitudot?gx-no-cache=1521562581213 HTTP/1.1" 200 10044
186.67.172.234 - - [20/Mar/2018:13:38:58 -0300] "GET /cormun/servlet/trsolicitudot? HTTP/1.1" 200 8775
186.67.172.234 - - [20/Mar/2018:13:38:58 -0300] "GET /cormun/servlet/trsolicitudot? HTTP/1.1" 200 8775
186.103.156.166 - - [20/Mar/2018:13:39:02 -0300] "POST /cormun/servlet/trcontratosolicitud?2ce3c7a068c8924b30df684c27b18328,,gx-no-cache=1521563891302 HTTP/1.1" 200 4133
186.67.172.234 - - [20/Mar/2018:13:39:02 -0300] "GET /cormun/servlet/solicitudot?INS,0,0, HTTP/1.1" 200 13667
186.67.172.234 - - [20/Mar/2018:13:39:03 -0300] "GET /cormun/servlet/solicitudot?INS,0,0, HTTP/1.1" 200 13672
186.103.156.166 - - [20/Mar/2018:13:39:12 -0300] "GET /cormun/servlet/trcontratosolicitud? HTTP/1.1" 200 6715
186.103.156.166 - - [20/Mar/2018:13:39:12 -0300] "GET /cormun/servlet/trcontratosolicitud? HTTP/1.1" 200 6715
186.67.172.234 - - [20/Mar/2018:13:39:13 -0300] "POST /cormun/servlet/solicitudot?gx-no-cache=1521563849772 HTTP/1.1" 200 3284
186.67.172.234 - - [20/Mar/2018:13:39:13 -0300] "POST /cormun/servlet/solicitudot?cdbc1c18f0e3e6c2139534b7e73ab0fa,INS,0,0,,gx-no-cache=1521563849882 HTTP/1.1" 200 10437
186.67.172.234 - - [20/Mar/2018:13:39:16 -0300] "GET /cormun/servlet/solicitudot?41b76ff4993e10c1c3d3ffebb06102ff68550851fbccdcd7a3c868aa6ac9a4deb6a40f41a6780a089f47dd63b1a80f5a,gx-no-cache=1521563853122 HTTP/1.1" 200 30
186.67.164.142 - - [20/Mar/2018:13:39:17 -0300] "POST /cormun/servlet/trsolicitudot?1a4c68eb3a879bb4c918cd683e49615f,gx-no-cache=1521562581213,gx-no-cache=1521563905632 HTTP/1.1" 200 6933
186.67.164.142 - - [20/Mar/2018:13:39:18 -0300] "GET /cormun/static/Shared/jqueryui/images/ui-bg_highlight-soft_100_c6c2c8_1x100.png HTTP/1.1" 404 1117
186.67.164.142 - - [20/Mar/2018:13:39:18 -0300] "GET /cormun/static/Shared/jqueryui/images/ui-icons_82798d_256x240.png HTTP/1.1" 404 1089
186.67.164.142 - - [20/Mar/2018:13:39:18 -0300] "GET /cormun/static/Shared/jqueryui/images/ui-icons_8d78a5_256x240.png HTTP/1.1" 404 1089
186.67.164.142 - - [20/Mar/2018:13:39:18 -0300] "GET /cormun/static/Shared/jqueryui/images/ui-bg_flat_55_fafafa_40x100.png HTTP/1.1" 404 1097
186.67.164.142 - - [20/Mar/2018:13:39:18 -0300] "POST /cormun/servlet/trsolicitudot?1a4c68eb3a879bb4c918cd683e49615f,gx-no-cache=1521562581213,gx-no-cache=1521563906056 HTTP/1.1" 200 6876
186.67.164.142 - - [20/Mar/2018:13:39:19 -0300] "POST /cormun/servlet/trsolicitudot?1a4c68eb3a879bb4c918cd683e49615f,gx-no-cache=1521562581213,gx-no-cache=1521563907085 HTTP/1.1" 200 6651
186.67.164.142 - - [20/Mar/2018:13:39:19 -0300] "POST /cormun/servlet/trsolicitudot?1a4c68eb3a879bb4c918cd683e49615f,gx-no-cache=1521562581213,gx-no-cache=1521563907368 HTTP/1.1" 200 6593
186.67.164.142 - - [20/Mar/2018:13:39:20 -0300] "POST /cormun/servlet/trsolicitudot?1a4c68eb3a879bb4c918cd683e49615f,gx-no-cache=1521562581213,gx-no-cache=1521563908363 HTTP/1.1" 200 6239
186.67.164.142 - - [20/Mar/2018:13:39:20 -0300] "POST /cormun/servlet/trsolicitudot?1a4c68eb3a879bb4c918cd683e49615f,gx-no-cache=1521562581213,gx-no-cache=1521563908629 HTTP/1.1" 200 6180
186.103.156.166 - - [20/Mar/2018:13:39:22 -0300] "GET /cormun/servlet/trcontratosolicitud? HTTP/1.1" 200 6715
186.103.156.166 - - [20/Mar/2018:13:39:22 -0300] "GET /cormun/servlet/trcontratosolicitud? HTTP/1.1" 200 6715
186.103.156.166 - - [20/Mar/2018:13:39:25 -0300] "POST /cormun/servlet/trcontratosolicitud?2ce3c7a068c8924b30df684c27b18328,,gx-no-cache=1521563914366 HTTP/1.1" 200 4135
186.103.156.166 - - [20/Mar/2018:13:39:27 -0300] "POST /cormun/servlet/trcontratosolicitud?2ce3c7a068c8924b30df684c27b18328,,gx-no-cache=1521563915729 HTTP/1.1" 200 4136
186.103.159.204 - - [20/Mar/2018:13:39:28 -0300] "GET /cormun/servlet/trsolicitudot? HTTP/1.1" 200 7087
186.103.159.204 - - [20/Mar/2018:13:39:28 -0300] "GET /cormun/servlet/trsolicitudot? HTTP/1.1" 200 7087
186.9.11.105 - - [20/Mar/2018:13:39:31 -0300] "POST /cormun/servlet/trsolicitudgral?79877d04010a42933f3dd4c1c8ca566c,,gx-no-cache=1521563922909 HTTP/1.1" 200 115
186.9.11.105 - - [20/Mar/2018:13:39:31 -0300] "GET /cormun/servlet/solicitudotlog?INS,2018,7794,0,REC, HTTP/1.1" 200 6267
186.9.11.105 - - [20/Mar/2018:13:39:31 -0300] "GET /cormun/static/calendar-system.css?75620 HTTP/1.1" 200 5572
186.9.11.105 - - [20/Mar/2018:13:39:31 -0300] "GET /cormun/static/gxcfg.js?2017761245646 HTTP/1.1" 200 953
186.9.11.105 - - [20/Mar/2018:13:39:31 -0300] "GET /cormun/static/solicitudotlog.js?2017761245655 HTTP/1.1" 200 8934
186.9.11.105 - - [20/Mar/2018:13:39:32 -0300] "GET /cormun/servlet/solicitudotlog?INS,2018,7794,0,REC, HTTP/1.1" 200 6268
