186.67.203.186 - - [19/Mar/2018:12:09:44 -0300] "POST /cormun/servlet/prfichaempleado?dcfaa7de75379a94c49f3d8926fa7c57,,MD,,gxPopupLevel%3D0%3B,gx-no-cache=1521472148465 HTTP/1.1" 200 3423
186.67.203.186 - - [19/Mar/2018:12:09:47 -0300] "POST /cormun/servlet/solicitudot?gx-no-cache=1521472151789 HTTP/1.1" 200 3399
186.67.203.186 - - [19/Mar/2018:12:09:48 -0300] "POST /cormun/servlet/solicitudot?dcfaa7de75379a94c49f3d8926fa7c57,INS,0,0,,gx-no-cache=1521472152056 HTTP/1.1" 200 10382
186.67.203.186 - - [19/Mar/2018:12:09:48 -0300] "GET /cormun/servlet/solicitudot?3505229cbb27707129c0ce22bd5f8bd38e1ce196cb49e7eb9e00d19637a2c54fea182d9a1609ab96e0283a4940911abd,gx-no-cache=1521472152404 HTTP/1.1" 200 30
186.67.203.186 - - [19/Mar/2018:12:09:50 -0300] "GET /cormun/servlet/solicitudot?3505229cbb27707129c0ce22bd5f8bd3db267a92ea3fbc1b12fb47c36ecdfe374b2db543bf23581941ff0c634c2672c74831489f9e229c93dfe26c9c1fed0b23,gx-no-cache=1521472154695 HTTP/1.1" 200 30
186.67.203.186 - - [19/Mar/2018:12:09:51 -0300] "GET /cormun/servlet/solicitudot?3505229cbb27707129c0ce22bd5f8bd3232c47302517d2cddd8249316c2b7f15,gx-no-cache=1521472155491 HTTP/1.1" 200 53
186.67.203.186 - - [19/Mar/2018:12:09:51 -0300] "POST /cormun/servlet/solicitudot?gx-no-cache=1521472155631 HTTP/1.1" 200 255
186.67.203.186 - - [19/Mar/2018:12:09:51 -0300] "GET /cormun/servlet/solicitudot?3505229cbb27707129c0ce22bd5f8bd3f6a2b98edf264f251eca1fb51058bcd746998e0ecdc99a93833c72a279f83b54136b6278b7a52e0404b84531cc567a5c171c6ff6cf048857317180b300be765bdb934cfb31fe77b2430f7a80eeeac9d86b2b5ca8a0617824d4acb1a7203daf70ddcb883ab0ccdb00471ce855e5322aacc5664a177f88b9115b85424b0197f4573c9d3b09e78300dd633ef40b81b3d68c70a65996edaf4e8d4f60a26896402779e925cca91b04a134f71daaeef272ff896b93242a86822a16fcaca2d9f61790b63ced258c390e4eb50a3a3cdd98b887b68ee89fa0b2de990b03b3d3cbe2197b9a587551ea8823a1d38f764ef5a3ebaa9264736b1082c9e894c6c9447b491931375111fc7abbf3a859c013bd2482ef7e3d1a7a080401c8b4f0a4b3fba4e765f4659f79ca90b4c923f1a677e2d75e4952e8ecb2caa47980071d90bdbcd793c8b14ea60b9962a4732bd1f26b43b9f17b0ac81497a55b75f1d556e83424d39f8fa3051f3a82478c852d2c0624245bc6f5b29d,gx-no-cache=1521472155838 HTTP/1.1" 200 30
186.103.159.182 - - [19/Mar/2018:12:09:52 -0300] "POST /cormun/servlet/trsolicitudot?de0a3b22cd7a0a2fd6167e4e4eb72189,,gx-no-cache=1521472141568 HTTP/1.1" 200 4479
186.67.203.186 - - [19/Mar/2018:12:09:53 -0300] "POST /cormun/servlet/solicitudot?gx-no-cache=1521472157958 HTTP/1.1" 200 30
186.67.203.186 - - [19/Mar/2018:12:09:55 -0300] "GET /cormun/servlet/prsolicitudot?17650928,,,,,MD,,gxPopupLevel%3D0%3B HTTP/1.1" 200 6130
186.103.159.230 - - [19/Mar/2018:12:09:56 -0300] "POST /cormun/servlet/solicitudot?gx-no-cache=1521472146593 HTTP/1.1" 200 1336
186.103.159.230 - - [19/Mar/2018:12:09:57 -0300] "POST /cormun/servlet/solicitudot?gx-no-cache=1521472146668 HTTP/1.1" 200 41
186.103.159.230 - - [19/Mar/2018:12:09:57 -0300] "POST /cormun/servlet/solicitudot?gx-no-cache=1521472146709 HTTP/1.1" 200 1318
186.103.159.46 - - [19/Mar/2018:12:09:57 -0300] "GET /cormun/servlet/licenciaspermisos?abee3ee10773bd1ddbb7b558eb52249d2c4e2504135ca93d0984b544ee489f47a8a9c9296781ebed2bf2037362f39d5f83c6eaaa9493e64219f451d85c771a49d44be088735e52e38093d64688fee180423a9fcacc0e03dc4cdc456f4f9cc8249b41eb277080a72216993cdbdf9817903beb3d623be95ebd2eb7e8dddcdafa3d62406bb788dda5ce4aebd43b4e3c9b45a559fa67ff2f71270c58d91e3ce0ae202f824ac45b47adef2737b81de67cbcbc85c1d5e5922d68bc5080679cb864e606c705a7b43a3f3eab1ad42ad022cb88cf0b638fbb09fde6e62d15361cd800b119,gx-no-cache=1521472147778 HTTP/1.1" 200 30
186.103.159.46 - - [19/Mar/2018:12:09:57 -0300] "GET /cormun/servlet/licenciaspermisos?abee3ee10773bd1ddbb7b558eb52249d08be4914abc1125eb1e42490d4efdddfc3e5ce8db9ea85409f652ee858464ab0107c6def65bf677bf92d4d49e55d505e738ea5e94413a1463bf0a09bf296240c7201f5deccc2d4f7c99516a4c3fa1138e5662ec8940bf5837b293e8e462dac90c5e9728a376e062b0b36646a736e933b430d3957f243f3fd68f8ea50c48eafac7fd17bb556ca5e50743eb0624351ec4c177591b80450d257337bf54fc71eda2fd39d2cd69887f30a6e372eb5ca07610a2721e796293e28193b9ed4a9e41b207fbac6ddd6331ad6e3991cea222d5f72c4,gx-no-cache=1521472147833 HTTP/1.1" 200 108
186.103.159.230 - - [19/Mar/2018:12:09:57 -0300] "POST /cormun/servlet/solicitudot?gx-no-cache=1521472146768 HTTP/1.1" 200 1218
186.103.159.230 - - [19/Mar/2018:12:09:57 -0300] "GET /cormun/servlet/solicitudot?f4ec86199e084c0396039c24ce2b5b182daf80cfd74f9152355dc44c80d5d9a4a56f5501974de5c437469ddd68103392,gx-no-cache=1521472146820 HTTP/1.1" 200 30
186.103.159.46 - - [19/Mar/2018:12:09:57 -0300] "POST /cormun/servlet/licenciaspermisos?9cfde740e81eb9c34ab61c7d1d2ce322,INS,0,,,,gx-no-cache=1521472147878 HTTP/1.1" 200 4873
186.103.159.230 - - [19/Mar/2018:12:09:58 -0300] "POST /cormun/servlet/solicitudot?gx-no-cache=1521472148552 HTTP/1.1" 200 30
186.103.159.230 - - [19/Mar/2018:12:09:58 -0300] "POST /cormun/servlet/solicitudot?gx-no-cache=1521472148598 HTTP/1.1" 200 1336
186.103.159.230 - - [19/Mar/2018:12:09:59 -0300] "POST /cormun/servlet/solicitudot?gx-no-cache=1521472148664 HTTP/1.1" 200 41
186.103.159.230 - - [19/Mar/2018:12:09:59 -0300] "POST /cormun/servlet/solicitudot?gx-no-cache=1521472148695 HTTP/1.1" 200 1318
186.103.159.230 - - [19/Mar/2018:12:09:59 -0300] "POST /cormun/servlet/solicitudot?gx-no-cache=1521472148758 HTTP/1.1" 200 1218
186.67.203.186 - - [19/Mar/2018:12:10:01 -0300] "POST /cormun/servlet/solicitudot?gx-no-cache=1521472165145 HTTP/1.1" 200 1337
186.67.203.186 - - [19/Mar/2018:12:10:01 -0300] "POST /cormun/servlet/solicitudot?gx-no-cache=1521472165369 HTTP/1.1" 200 38
186.67.203.186 - - [19/Mar/2018:12:10:01 -0300] "GET /cormun/servlet/solicitudot?3505229cbb27707129c0ce22bd5f8bd342dc308aa04f5807ca0ad19d61c4441b98a806681d122010d0c4d1e4a6e654a90326cf75508cde94f1825de101b6834fd90af79d72e1011183f12a5536a5285f15ae66ea1d2598ef11b3ac5d77fe1865011974d4d5539018979f48969aa23864c200c8dede17f4b0cb1defc6966afae7a4e82d3678b18c96206aa7cdc617d7c14fe84c5125d73f3090a9b13e4b59c804,gx-no-cache=1521472165535 HTTP/1.1" 200 29
186.67.203.186 - - [19/Mar/2018:12:10:02 -0300] "POST /cormun/servlet/solicitudot?gx-no-cache=1521472166211 HTTP/1.1" 200 1319
186.67.203.186 - - [19/Mar/2018:12:10:02 -0300] "POST /cormun/servlet/solicitudot?gx-no-cache=1521472166589 HTTP/1.1" 200 1218
186.67.203.186 - - [19/Mar/2018:12:10:02 -0300] "GET /cormun/servlet/solicitudot?3505229cbb27707129c0ce22bd5f8bd3c75654e385c06e7dbe1830e83d2793c00ed9d27465022e3ac8e6a488c32caa42,gx-no-cache=1521472166775 HTTP/1.1" 200 30
186.103.159.182 - - [19/Mar/2018:12:10:06 -0300] "GET /cormun/servlet/trcontratosolicitud? HTTP/1.1" 200 14543
186.103.159.182 - - [19/Mar/2018:12:10:06 -0300] "GET /cormun/static/calendar-system.css?75620 HTTP/1.1" 200 5572
186.103.159.182 - - [19/Mar/2018:12:10:06 -0300] "GET /cormun/static/gxcfg.js?20177612214014 HTTP/1.1" 200 953
186.103.159.182 - - [19/Mar/2018:12:10:06 -0300] "GET /cormun/static/trcontratosolicitud.js?20177612214349 HTTP/1.1" 200 28237
186.103.159.182 - - [19/Mar/2018:12:10:07 -0300] "GET /cormun//static/Resources/PXToolsActionDisabled.gif HTTP/1.1" 200 53
186.103.159.182 - - [19/Mar/2018:12:10:07 -0300] "GET /cormun//static/Resources/PXToolsGridNew.png HTTP/1.1" 200 2949
186.103.159.46 - - [19/Mar/2018:12:10:13 -0300] "GET /cormun/servlet/licenciaspermisos?abee3ee10773bd1ddbb7b558eb52249d2c4e2504135ca93d0984b544ee489f47a8a9c9296781ebed2bf2037362f39d5f83c6eaaa9493e64219f451d85c771a49d44be088735e52e38093d64688fee180423a9fcacc0e03dc4cdc456f4f9cc8249b41eb277080a72216993cdbdf9817903beb3d623be95ebd2eb7e8dddcdafa3d62406bb788dda5ce4aebd43b4e3c9b45a559fa67ff2f71270c58d91e3ce0ae202f824ac45b47adef2737b81de67cbcbc85c1d5e5922d68bc5080679cb864e606c705a7b43a3f3eab1ad42ad022cb88cf0b638fbb09fde6e62d15361cd800b119,gx-no-cache=1521472163736 HTTP/1.1" 200 30
186.103.159.46 - - [19/Mar/2018:12:10:13 -0300] "GET /cormun/servlet/licenciaspermisos?abee3ee10773bd1ddbb7b558eb52249d08be4914abc1125eb1e42490d4efdddfc3e5ce8db9ea85409f652ee858464ab0107c6def65bf677bf92d4d49e55d505e738ea5e94413a1463bf0a09bf296240c7201f5deccc2d4f7c99516a4c3fa1138e5662ec8940bf5837b293e8e462dac90c5e9728a376e062b0b36646a736e933b430d3957f243f3fd68f8ea50c48eafac7fd17bb556ca5e50743eb0624351ec4c177591b80450d257337bf54fc71eda2fd39d2cd69887f30a6e372eb5ca07610a2721e796293e28193b9ed4a9e41b207fbac6ddd6331ad6e3991cea222d5f72c4,gx-no-cache=1521472163816 HTTP/1.1" 200 108
186.67.203.186 - - [19/Mar/2018:12:10:13 -0300] "POST /cormun/servlet/solicitudot?gx-no-cache=1521472177237 HTTP/1.1" 200 1318
186.103.159.46 - - [19/Mar/2018:12:10:13 -0300] "POST /cormun/servlet/licenciaspermisos?9cfde740e81eb9c34ab61c7d1d2ce322,INS,0,,,,gx-no-cache=1521472163887 HTTP/1.1" 200 4873
186.67.203.186 - - [19/Mar/2018:12:10:13 -0300] "POST /cormun/servlet/solicitudot?gx-no-cache=1521472177400 HTTP/1.1" 200 1218
186.67.203.186 - - [19/Mar/2018:12:10:13 -0300] "POST /cormun/servlet/solicitudot?gx-no-cache=1521472177593 HTTP/1.1" 200 33
186.103.159.182 - - [19/Mar/2018:12:10:19 -0300] "POST /cormun/servlet/trcontratosolicitud?de0a3b22cd7a0a2fd6167e4e4eb72189,,gx-no-cache=1521472168402 HTTP/1.1" 200 12154
186.103.159.182 - - [19/Mar/2018:12:10:20 -0300] "GET /cormun/static/Resources/PXToolsGridFirst.gif HTTP/1.1" 200 379
186.103.159.182 - - [19/Mar/2018:12:10:20 -0300] "GET /cormun/static/Resources/PXToolsGridPrevious.gif HTTP/1.1" 200 369
186.103.159.182 - - [19/Mar/2018:12:10:20 -0300] "GET /cormun/static/Resources/PXToolsGridNext.gif HTTP/1.1" 200 369
186.103.159.182 - - [19/Mar/2018:12:10:20 -0300] "GET /cormun/static/Resources/PXToolsGridLast.gif HTTP/1.1" 200 370
186.103.159.230 - - [19/Mar/2018:12:10:23 -0300] "POST /cormun/servlet/solicitudot?gx-no-cache=1521472172989 HTTP/1.1" 200 30
186.103.159.230 - - [19/Mar/2018:12:10:23 -0300] "POST /cormun/servlet/solicitudot?634197ef54ab5f14297783f83879c6f5,INS,0,0,,gx-no-cache=1521472173112 HTTP/1.1" 200 12012
186.103.159.46 - - [19/Mar/2018:12:10:24 -0300] "GET /cormun/servlet/licenciaspermisos?abee3ee10773bd1ddbb7b558eb52249d2c4e2504135ca93d0984b544ee489f4767f2c72664b61ea40f689e6afd8443ce83c6eaaa9493e64219f451d85c771a49d44be088735e52e38093d64688fee180423a9fcacc0e03dc4cdc456f4f9cc8249b41eb277080a72216993cdbdf9817903beb3d623be95ebd2eb7e8dddcdafa3d62406bb788dda5ce4aebd43b4e3c9b45a559fa67ff2f71270c58d91e3ce0ae202f824ac45b47adef2737b81de67cbcbc85c1d5e5922d68bc5080679cb864e606c705a7b43a3f3eab1ad42ad022cb88cf0b638fbb09fde6e62d15361cd800b119,gx-no-cache=1521472174951 HTTP/1.1" 200 30
186.103.159.46 - - [19/Mar/2018:12:10:24 -0300] "POST /cormun/servlet/licenciaspermisos?9cfde740e81eb9c34ab61c7d1d2ce322,INS,0,,,,gx-no-cache=1521472175035 HTTP/1.1" 200 4771
186.103.159.46 - - [19/Mar/2018:12:10:28 -0300] "GET /cormun/servlet/licenciaspermisos?abee3ee10773bd1ddbb7b558eb52249d2c4e2504135ca93d0984b544ee489f47a8a9c9296781ebed2bf2037362f39d5f83c6eaaa9493e64219f451d85c771a49d44be088735e52e38093d64688fee180423a9fcacc0e03dc4cdc456f4f9cc8249b41eb277080a72216993cdbdf9817903beb3d623be95ebd2eb7e8dddcdafa3d62406bb788dda5ce4aebd43b4e3c9b45a559fa67ff2f71270c58d91e3ce0ae202f824ac45b47adef2737b81de67cbcbc85c1d5e5922d68bc5080679cb864e606c705a7b43a3f3eab1ad42ad022cb88cf0b638fbb09fde6e62d15361cd800b119,gx-no-cache=1521472179480 HTTP/1.1" 200 30
186.103.159.46 - - [19/Mar/2018:12:10:29 -0300] "POST /cormun/servlet/licenciaspermisos?9cfde740e81eb9c34ab61c7d1d2ce322,INS,0,,,,gx-no-cache=1521472179558 HTTP/1.1" 200 4772
186.103.159.182 - - [19/Mar/2018:12:10:29 -0300] "POST /cormun/servlet/trcontratosolicitud?de0a3b22cd7a0a2fd6167e4e4eb72189,,gx-no-cache=1521472177648 HTTP/1.1" 200 6244
186.103.159.182 - - [19/Mar/2018:12:10:35 -0300] "POST /cormun/servlet/trcontratosolicitud?de0a3b22cd7a0a2fd6167e4e4eb72189,,gx-no-cache=1521472183977 HTTP/1.1" 200 12161
186.103.132.155 - - [19/Mar/2018:12:10:37 -0300] "POST /cormun/servlet/solicitudot?dcfaa7de75379a94c49f3d8926fa7c57,INS,0,0,,gx-no-cache=1521472199493 HTTP/1.1" 200 93
186.103.132.155 - - [19/Mar/2018:12:10:37 -0300] "GET /cormun/servlet/hpexe_return? HTTP/1.1" 200 1030
186.103.132.155 - - [19/Mar/2018:12:10:41 -0300] "GET /cormun/servlet/trsolicitudot?gx-no-cache=1521472101439 HTTP/1.1" 200 8595
186.103.132.155 - - [19/Mar/2018:12:10:42 -0300] "GET /cormun/servlet/trsolicitudot?gx-no-cache=1521472101439 HTTP/1.1" 200 8612
200.111.122.170 - - [19/Mar/2018:12:10:45 -0300] "POST /cormun/servlet/trsolicitudot?dcfaa7de75379a94c49f3d8926fa7c57,gx-no-cache=1521472101439,gx-no-cache=1521472208744 HTTP/1.1" 200 4485
200.111.122.170 - - [19/Mar/2018:12:10:46 -0300] "GET /cormun/static/Shared/jqueryui/images/ui-bg_highlight-soft_100_c6c2c8_1x100.png HTTP/1.1" 404 1117
200.111.122.170 - - [19/Mar/2018:12:10:46 -0300] "GET /cormun/static/Shared/jqueryui/images/ui-icons_8d78a5_256x240.png HTTP/1.1" 404 1089
186.103.161.206 - - [19/Mar/2018:12:10:46 -0300] "GET /cormun/static/Shared/jqueryui/images/ui-icons_82798d_256x240.png HTTP/1.1" 404 1089
186.103.132.155 - - [19/Mar/2018:12:10:46 -0300] "GET /cormun/static/Shared/jqueryui/images/ui-bg_flat_55_fafafa_40x100.png HTTP/1.1" 404 1097
186.103.132.155 - - [19/Mar/2018:12:10:46 -0300] "POST /cormun/servlet/trsolicitudot?dcfaa7de75379a94c49f3d8926fa7c57,gx-no-cache=1521472101439,gx-no-cache=1521472210122 HTTP/1.1" 200 4260
190.161.236.41 - - [19/Mar/2018:12:10:51 -0300] "GET /cormun/servlet/hlogin HTTP/1.1" 200 1726
186.103.159.46 - - [19/Mar/2018:12:10:57 -0300] "GET /cormun/servlet/licenciaspermisos?abee3ee10773bd1ddbb7b558eb52249d08be4914abc1125eb1e42490d4efdddfc3e5ce8db9ea85409f652ee858464ab0107c6def65bf677bf92d4d49e55d505e738ea5e94413a1463bf0a09bf296240c7201f5deccc2d4f7c99516a4c3fa1138e5662ec8940bf5837b293e8e462dac90c5e9728a376e062b0b36646a736e933b430d3957f243f3fd68f8ea50c48eafac7fd17bb556ca5e50743eb0624351ec4c177591b80450d257337bf54fc71eda2fd39d2cd69887f30a6e372eb5ca07610a2721e796293e28193b9ed4a9e41b207fac9253e342a58129fb7916bffe1b325a31831ec5abbfb14713fa30ef5be715f0,gx-no-cache=1521472207832 HTTP/1.1" 200 29
186.103.159.46 - - [19/Mar/2018:12:10:58 -0300] "POST /cormun/servlet/licenciaspermisos?9cfde740e81eb9c34ab61c7d1d2ce322,INS,0,,,,gx-no-cache=1521472208193 HTTP/1.1" 200 93
186.103.159.46 - - [19/Mar/2018:12:10:58 -0300] "GET /cormun/servlet/hpexe_return? HTTP/1.1" 200 1009
190.161.236.41 - - [19/Mar/2018:12:10:58 -0300] "POST /cormun/servlet/hlogin?05f3f081b80bec268d033bf304587dea,gx-no-cache=1521472207513 HTTP/1.1" 200 90
186.103.159.46 - - [19/Mar/2018:12:10:58 -0300] "GET /cormun/static/gxcfg.js?2016101716175148 HTTP/1.1" 304 -
190.161.236.41 - - [19/Mar/2018:12:10:58 -0300] "GET /cormun/servlet/hpexe_link HTTP/1.1" 200 951
190.161.236.41 - - [19/Mar/2018:12:10:58 -0300] "GET /cormun/servlet/hhome HTTP/1.1" 200 3948
186.103.159.46 - - [19/Mar/2018:12:10:58 -0300] "GET /cormun/servlet/trlicencias HTTP/1.1" 200 10110
190.161.236.41 - - [19/Mar/2018:12:10:59 -0300] "GET /cormun/servlet/hhome HTTP/1.1" 200 3945
186.103.159.46 - - [19/Mar/2018:12:10:59 -0300] "GET /cormun/servlet/trlicencias HTTP/1.1" 200 10105
186.103.159.230 - - [19/Mar/2018:12:11:04 -0300] "POST /cormun/servlet/solicitudot?gx-no-cache=1521472214464 HTTP/1.1" 200 30
186.103.159.46 - - [19/Mar/2018:12:11:10 -0300] "GET /cormun/servlet/trlicenciaspermisosadjuntos?9517647,20180319000000,L, HTTP/1.1" 200 6314
186.103.159.46 - - [19/Mar/2018:12:11:10 -0300] "GET /cormun/static/gxcfg.js?20177612163414 HTTP/1.1" 200 953
186.103.159.46 - - [19/Mar/2018:12:11:10 -0300] "GET /cormun/static/trlicenciaspermisosadjuntos.js?20177612163719 HTTP/1.1" 200 21036
186.103.159.46 - - [19/Mar/2018:12:11:11 -0300] "GET /cormun/servlet/trlicenciaspermisosadjuntos?9517647,20180319000000,L, HTTP/1.1" 200 6315
186.103.159.46 - - [19/Mar/2018:12:11:15 -0300] "GET /cormun/servlet/licenciaspermisosadjuntos?INS,9517647,L,20180319000000,, HTTP/1.1" 200 5611
186.103.159.46 - - [19/Mar/2018:12:11:15 -0300] "GET /cormun/static/gxcfg.js?2017761263592 HTTP/1.1" 200 953
186.103.159.46 - - [19/Mar/2018:12:11:15 -0300] "GET /cormun/static/licenciaspermisosadjuntos.js?201776126362 HTTP/1.1" 200 8760
186.103.159.46 - - [19/Mar/2018:12:11:15 -0300] "GET /cormun/static/about:blank HTTP/1.1" 404 1011
186.103.159.46 - - [19/Mar/2018:12:11:15 -0300] "GET /cormun/servlet/licenciaspermisosadjuntos?INS,9517647,L,20180319000000,, HTTP/1.1" 200 5601
186.103.159.230 - - [19/Mar/2018:12:11:23 -0300] "POST /cormun/servlet/solicitudot?gx-no-cache=1521472233075 HTTP/1.1" 200 1336
186.103.159.230 - - [19/Mar/2018:12:11:23 -0300] "POST /cormun/servlet/solicitudot?gx-no-cache=1521472233181 HTTP/1.1" 200 41
186.103.159.230 - - [19/Mar/2018:12:11:23 -0300] "POST /cormun/servlet/solicitudot?gx-no-cache=1521472233228 HTTP/1.1" 200 1318
186.103.159.230 - - [19/Mar/2018:12:11:23 -0300] "POST /cormun/servlet/solicitudot?gx-no-cache=1521472233295 HTTP/1.1" 200 1218
186.103.159.230 - - [19/Mar/2018:12:11:23 -0300] "GET /cormun/servlet/solicitudot?f4ec86199e084c0396039c24ce2b5b182daf80cfd74f9152355dc44c80d5d9a4a56f5501974de5c437469ddd68103392,gx-no-cache=1521472233376 HTTP/1.1" 200 30
186.103.159.230 - - [19/Mar/2018:12:11:23 -0300] "POST /cormun/servlet/solicitudot?gx-no-cache=1521472233442 HTTP/1.1" 200 30
186.103.159.230 - - [19/Mar/2018:12:11:24 -0300] "POST /cormun/servlet/solicitudot?634197ef54ab5f14297783f83879c6f5,INS,0,0,,gx-no-cache=1521472233497 HTTP/1.1" 200 12057
186.103.159.230 - - [19/Mar/2018:12:11:31 -0300] "POST /cormun/servlet/solicitudot?gx-no-cache=1521472241467 HTTP/1.1" 200 30
186.103.159.188 - - [19/Mar/2018:12:11:36 -0300] "GET /cormun/servlet/trsolicitudot? HTTP/1.1" 200 7161
186.103.159.188 - - [19/Mar/2018:12:11:36 -0300] "GET /cormun/static/gxcfg.js?2017111422585916 HTTP/1.1" 304 -
186.103.159.188 - - [19/Mar/2018:12:11:36 -0300] "GET /cormun/servlet/trsolicitudot? HTTP/1.1" 200 7161
186.103.159.46 - - [19/Mar/2018:12:11:41 -0300] "POST /cormun/servlet/licenciaspermisosadjuntos?9cfde740e81eb9c34ab61c7d1d2ce322,INS,9517647,L,20180319000000,, HTTP/1.1" 200 6186
186.103.159.46 - - [19/Mar/2018:12:11:41 -0300] "GET /cormun/static/Shared/jqueryui/images/ui-bg_highlight-soft_100_c6c2c8_1x100.png HTTP/1.1" 404 1117
186.103.159.46 - - [19/Mar/2018:12:11:41 -0300] "GET /cormun/static/Shared/jqueryui/images/ui-icons_82798d_256x240.png HTTP/1.1" 404 1089
186.103.159.46 - - [19/Mar/2018:12:11:41 -0300] "GET /cormun/static/Shared/jqueryui/images/ui-bg_flat_55_994d53_40x100.png HTTP/1.1" 404 1097
186.103.159.46 - - [19/Mar/2018:12:11:41 -0300] "GET /cormun/static/Shared/jqueryui/images/ui-icons_ebccce_256x240.png HTTP/1.1" 404 1089
186.103.159.46 - - [19/Mar/2018:12:11:43 -0300] "GET /cormun/PrivateTempStorage/upload_00014585.jpg HTTP/1.1" 200 2350038
186.103.159.188 - - [19/Mar/2018:12:11:50 -0300] "GET /cormun/servlet/solicitudot?INS,0,0, HTTP/1.1" 200 13398
186.103.159.188 - - [19/Mar/2018:12:11:50 -0300] "GET /cormun/static/gxcfg.js?201812313224582 HTTP/1.1" 304 -
186.103.159.188 - - [19/Mar/2018:12:11:50 -0300] "GET /cormun/static/solicitudot.js?201812313224831 HTTP/1.1" 304 -
186.103.159.188 - - [19/Mar/2018:12:11:50 -0300] "GET /cormun/servlet/solicitudot?INS,0,0, HTTP/1.1" 200 13403
186.103.159.188 - - [19/Mar/2018:12:12:01 -0300] "POST /cormun/servlet/solicitudot?gx-no-cache=1521472269889 HTTP/1.1" 200 3284
186.103.159.188 - - [19/Mar/2018:12:12:01 -0300] "POST /cormun/servlet/solicitudot?05f3f081b80bec268d033bf304587dea,INS,0,0,,gx-no-cache=1521472270337 HTTP/1.1" 200 10248
186.103.159.188 - - [19/Mar/2018:12:12:12 -0300] "GET /cormun/servlet/solicitudot?9dcd9da93618b94c1055ca2dd729d91121554caa3d53ce56ef2d85090944b4e6676f09570512f526df3d3c48491d99d1,gx-no-cache=1521472281857 HTTP/1.1" 200 30
186.103.159.182 - - [19/Mar/2018:12:12:31 -0300] "POST /cormun/servlet/trsolicitudot?ecd278aaa7de697feabb8e2c76721273,,gx-no-cache=1521472300718 HTTP/1.1" 200 4471
186.103.159.188 - - [19/Mar/2018:12:12:34 -0300] "GET /cormun/servlet/solicitudot?9dcd9da93618b94c1055ca2dd729d9118d76ab121deb118222b4fe73ad73a2cb,gx-no-cache=1521472302863 HTTP/1.1" 200 94
186.103.159.188 - - [19/Mar/2018:12:12:34 -0300] "GET /cormun/static/Shared/jqueryui/images/ui-bg_highlight-soft_100_c6c2c8_1x100.png HTTP/1.1" 404 1117
186.103.159.188 - - [19/Mar/2018:12:12:34 -0300] "GET /cormun/static/Shared/jqueryui/images/ui-icons_82798d_256x240.png HTTP/1.1" 404 1089
186.103.159.188 - - [19/Mar/2018:12:12:34 -0300] "GET /cormun/static/Shared/jqueryui/images/ui-icons_ebccce_256x240.png HTTP/1.1" 404 1089
186.103.159.188 - - [19/Mar/2018:12:12:34 -0300] "GET /cormun/servlet/solicitudot?9dcd9da93618b94c1055ca2dd729d911c9e61db7a67fb51b9784382b7282e41e,gx-no-cache=1521472303063 HTTP/1.1" 200 29
186.103.159.188 - - [19/Mar/2018:12:12:34 -0300] "GET /cormun/static/Shared/jqueryui/images/ui-bg_flat_55_994d53_40x100.png HTTP/1.1" 404 1097
186.103.159.188 - - [19/Mar/2018:12:12:34 -0300] "POST /cormun/servlet/solicitudot?gx-no-cache=1521472303125 HTTP/1.1" 200 297
186.103.159.188 - - [19/Mar/2018:12:12:34 -0300] "GET /cormun/servlet/solicitudot?9dcd9da93618b94c1055ca2dd729d9116c9e6cb5102ecb2a349587496bb9b57e7eaa678978bd691a03f37767e45b89373e3253571938f5343029311e331b719e64ea089f57fb81f385d83bfa12eef7f142d66b475420dd7237593fed9543a6b57da72cd8e5c1617e2d4f0bf4473c90037f93728aeb6efac49ca2ae57b0bec42d92e3e21672b405cd9414848448935b220f7240c1e015945b95f013e549893a7b88d08909163b1cc562c1bcb9042d251a2a3b78f887403172e5f7d053353e359bb04c45828f2af8348f2aa225dd69c326f2296fbfab05023293d0629e92d236d218adeab967dd7d8c4b45db0c0d7398f8313bb0e64b71b1f8393e9d7f898c2006d388c7f1f763fc95b489f145ca6391f31ecf725b063cb74500b3ce125a3f3d8be9dd277a85320b12795039cb6b30abc04f468e623d3769661f7be241731b5070858be29a0ce25fe7feed4cb6d1ee55eae36089cc63dde8e834915a225a403dc1ced1e35ba5c010bd2b610dd0fe77d739668c50ba1863789617fde7f5c6fe58b6e46debc24cd5d45d50c1fa18a33a529a,gx-no-cache=1521472303191 HTTP/1.1" 200 30
186.103.159.182 - - [19/Mar/2018:12:12:39 -0300] "POST /cormun/servlet/trsolicitudot?ecd278aaa7de697feabb8e2c76721273,,gx-no-cache=1521472307952 HTTP/1.1" 200 4471
186.103.159.230 - - [19/Mar/2018:12:12:39 -0300] "GET /cormun/servlet/solicitudot?f4ec86199e084c0396039c24ce2b5b181674755b1c832f5874d04ba228b2137c,gx-no-cache=1521472308945 HTTP/1.1" 200 103
186.103.159.230 - - [19/Mar/2018:12:12:39 -0300] "POST /cormun/servlet/solicitudot?gx-no-cache=1521472309069 HTTP/1.1" 200 254
186.103.159.230 - - [19/Mar/2018:12:12:39 -0300] "GET /cormun/servlet/solicitudot?f4ec86199e084c0396039c24ce2b5b1817d58f82c92bf882d9064bfe7e83a27f67297a5bd7ee72fd49761c01e63b81cd0ce0de222a8498b75b270dad36f6887abbce5fabc1dae6e9c1a51933d8ab88c4c46d4d4e1b00bf8169261e2e5afe3733bc0cb0e52d2c36906a01e199bfb22af9c2b871237334ff54a8760cf80fcc9edad00f8b2635a3715398ed5e6669fd7d80cce9a18aa3c188804f10c00cb5ddbe7a3d4d99a0fa7b4211aeb1f123d1588f47f120f0ff0f509b5ee6db75a961059455e708dfc7a94aa238ca005256320b33de6fa1652e8c7ba97a591b37eb6ea215240f02800b5714a5fa2e888043fd971788d25ac0298dd438b108f684854f06d5f57e1459dedb1aa7689cd857d58f3fc55588db2709e6de9cb29db24c79bc3409386bda5827c3bc5fc822b72f315a9bc61948850a411bc03372f34d99fd17d89224fb78af922913a1419834e34f39572b0a3e47da2adf2d037a955544b7a1ca1b2a31441ababb2665c3adbbaf216fe58ab33ca2cc9d463f0a6965dd36a8a0a4c2a7,gx-no-cache=1521472309150 HTTP/1.1" 200 30
186.103.159.230 - - [19/Mar/2018:12:12:39 -0300] "POST /cormun/servlet/solicitudot?gx-no-cache=1521472309527 HTTP/1.1" 200 30
186.103.159.230 - - [19/Mar/2018:12:12:39 -0300] "POST /cormun/servlet/solicitudot?gx-no-cache=1521472309591 HTTP/1.1" 200 1337
186.103.159.230 - - [19/Mar/2018:12:12:40 -0300] "POST /cormun/servlet/solicitudot?gx-no-cache=1521472309700 HTTP/1.1" 200 41
186.103.159.230 - - [19/Mar/2018:12:12:40 -0300] "POST /cormun/servlet/solicitudot?gx-no-cache=1521472309742 HTTP/1.1" 200 1321
186.103.159.230 - - [19/Mar/2018:12:12:40 -0300] "POST /cormun/servlet/solicitudot?gx-no-cache=1521472309811 HTTP/1.1" 200 1219
186.103.159.188 - - [19/Mar/2018:12:12:41 -0300] "POST /cormun/servlet/solicitudot?gx-no-cache=1521472310737 HTTP/1.1" 200 30
186.103.159.182 - - [19/Mar/2018:12:12:46 -0300] "POST /cormun/servlet/trsolicitudot?ecd278aaa7de697feabb8e2c76721273,,gx-no-cache=1521472315468 HTTP/1.1" 200 4474
186.103.159.182 - - [19/Mar/2018:12:12:51 -0300] "POST /cormun/servlet/trsolicitudot?ecd278aaa7de697feabb8e2c76721273,,gx-no-cache=1521472319694 HTTP/1.1" 200 4475
186.103.159.182 - - [19/Mar/2018:12:12:55 -0300] "POST /cormun/servlet/trsolicitudot?ecd278aaa7de697feabb8e2c76721273,,gx-no-cache=1521472323434 HTTP/1.1" 200 4474
186.103.159.182 - - [19/Mar/2018:12:13:00 -0300] "GET /cormun/servlet/solicitudot?INS,0,0, HTTP/1.1" 200 13696
186.103.159.182 - - [19/Mar/2018:12:13:01 -0300] "GET /cormun/servlet/solicitudot?INS,0,0, HTTP/1.1" 200 13701
186.103.159.182 - - [19/Mar/2018:12:13:07 -0300] "GET /cormun/servlet/prfichaempleado?,MD,,gxPopupLevel%3D0%3B HTTP/1.1" 200 9426
186.103.159.182 - - [19/Mar/2018:12:13:19 -0300] "POST /cormun/servlet/prfichaempleado?ecd278aaa7de697feabb8e2c76721273,,MD,,gxPopupLevel%3D0%3B,gx-no-cache=1521472348224 HTTP/1.1" 200 3410
186.103.159.46 - - [19/Mar/2018:12:13:22 -0300] "GET /cormun/servlet/trlicenciaspermisosadjuntos?9517647,20180319000000,L, HTTP/1.1" 200 6314
186.103.159.46 - - [19/Mar/2018:12:13:23 -0300] "GET /cormun/servlet/trlicenciaspermisosadjuntos?9517647,20180319000000,L, HTTP/1.1" 200 6315
186.103.159.182 - - [19/Mar/2018:12:13:29 -0300] "POST /cormun/servlet/solicitudot?gx-no-cache=1521472358126 HTTP/1.1" 200 3388
186.103.159.182 - - [19/Mar/2018:12:13:29 -0300] "POST /cormun/servlet/solicitudot?ecd278aaa7de697feabb8e2c76721273,INS,0,0,,gx-no-cache=1521472358452 HTTP/1.1" 200 10553
186.103.159.182 - - [19/Mar/2018:12:13:30 -0300] "GET /cormun/servlet/solicitudot?a3f9c758ff8e84b13ea1886379f699b0f9ebf3714cd59a52d34a62ee733e4127f9f0c2dfd25f8d09ef4478b0d4c6b203,gx-no-cache=1521472358948 HTTP/1.1" 200 30
186.103.159.182 - - [19/Mar/2018:12:13:42 -0300] "GET /cormun/servlet/solicitudot?a3f9c758ff8e84b13ea1886379f699b0895548a952d39b2080efc085ae5763d7212ea12114759fb9bffafe2b09cc9bfb3d78cca9dcd649540ec4aae59cfa5b2b,gx-no-cache=1521472371194 HTTP/1.1" 200 30
186.103.159.182 - - [19/Mar/2018:12:13:42 -0300] "GET /cormun/servlet/solicitudot?a3f9c758ff8e84b13ea1886379f699b0c52f9c2c1070c66c60ebb3e668a692cd,gx-no-cache=1521472371294 HTTP/1.1" 200 53
186.103.159.182 - - [19/Mar/2018:12:13:42 -0300] "POST /cormun/servlet/solicitudot?gx-no-cache=1521472371396 HTTP/1.1" 200 255
186.103.159.230 - - [19/Mar/2018:12:13:42 -0300] "GET /cormun/servlet/solicitudot?f4ec86199e084c0396039c24ce2b5b18ed2cbf24373f35cb156514fb47bd06e04548e715d3db1a3a771a1be9ef4468ea2f7e96c9385930909d446946695d08c5,gx-no-cache=1521472372176 HTTP/1.1" 200 30
186.103.159.230 - - [19/Mar/2018:12:13:42 -0300] "POST /cormun/servlet/solicitudot?gx-no-cache=1521472372258 HTTP/1.1" 200 254
186.103.159.182 - - [19/Mar/2018:12:13:42 -0300] "GET /cormun/servlet/solicitudot?a3f9c758ff8e84b13ea1886379f699b03f9fde4d6d0c3c02ee8e40e18dd00478094d86f0f13ebd409c41471224bca36b75d8d06db8ed418bcd1ebcea8a3a8812aed9e4d8969638462596cae5d83be1764bcbe7b6d442139d884eccbc7403d5f0d0916db871553b0605d7510c55dc0489464bca44d5374b0d917ef09b500a73ac1ad8f53a90ada14772bf5724f2b880f5a16e3af0b9ce60bf0da5e79df115d075641bf229592b737752ca59b48db44c91272fc5c0bbedfc88152222b561e7ef433ee811907e19f613a30d87cbf95bffc7242ce650c3d2e6eb96e46cb4e02ad266fa67aa33cee149115b2199527d85d3456da15ce419816a9ab47bbd428ad7700811f55c2aeef68f25222441836d72da9f5a2381e7c50ac00bf30a6d4272120283fa8222d097e00181eb343077d7c597a6e3fff4b99a982359a2dc96965a45a12f6dc36010fca6944a74a6522d01f7f8fcbece8771f3831f84fc36dc9e908f64c7b7bd462fb4b934ce2e95dc527fe3f935a8eba371db34b6f0c5c804ba56f15452,gx-no-cache=1521472371508 HTTP/1.1" 200 30
186.103.159.230 - - [19/Mar/2018:12:13:43 -0300] "GET /cormun/servlet/solicitudot?f4ec86199e084c0396039c24ce2b5b1817d58f82c92bf882d9064bfe7e83a27f67297a5bd7ee72fd49761c01e63b81cd0ce0de222a8498b75b270dad36f6887abbce5fabc1dae6e9c1a51933d8ab88c4c46d4d4e1b00bf8169261e2e5afe3733bc0cb0e52d2c36906a01e199bfb22af9c2b871237334ff54a8760cf80fcc9edad00f8b2635a3715398ed5e6669fd7d80cce9a18aa3c188804f10c00cb5ddbe7a3d4d99a0fa7b4211aeb1f123d1588f47f120f0ff0f509b5ee6db75a961059455e708dfc7a94aa238ca005256320b33de6fa1652e8c7ba97a591b37eb6ea215240f02800b5714a5fa2e888043fd971788d25ac0298dd438b108f684854f06d5f57e1459dedb1aa7689cd857d58f3fc55588db2709e6de9cb29db24c79bc3409386bda5827c3bc5fc822b72f315a9bc61948850a411bc03372f34d99fd17d89224fb78af922913a1419834e34f39572b0a3e47da2adf2d037a955544b7a1ca1b2a31441ababb2665c3adbbaf216fe58ab33ca2cc9d463f0a6965dd36a8a0a4c2a7,gx-no-cache=1521472372333 HTTP/1.1" 200 30
186.103.159.230 - - [19/Mar/2018:12:13:43 -0300] "POST /cormun/servlet/solicitudot?gx-no-cache=1521472372701 HTTP/1.1" 200 30
186.103.159.230 - - [19/Mar/2018:12:13:43 -0300] "POST /cormun/servlet/solicitudot?gx-no-cache=1521472372781 HTTP/1.1" 200 1337
186.103.159.230 - - [19/Mar/2018:12:13:43 -0300] "POST /cormun/servlet/solicitudot?gx-no-cache=1521472372973 HTTP/1.1" 200 41
186.103.159.230 - - [19/Mar/2018:12:13:43 -0300] "POST /cormun/servlet/solicitudot?gx-no-cache=1521472373039 HTTP/1.1" 200 1321
186.103.159.230 - - [19/Mar/2018:12:13:43 -0300] "POST /cormun/servlet/solicitudot?gx-no-cache=1521472373150 HTTP/1.1" 200 1219
186.103.159.230 - - [19/Mar/2018:12:13:43 -0300] "GET /cormun/servlet/solicitudot?f4ec86199e084c0396039c24ce2b5b182daf80cfd74f9152355dc44c80d5d9a4a56f5501974de5c437469ddd68103392,gx-no-cache=1521472373254 HTTP/1.1" 200 30
186.103.159.230 - - [19/Mar/2018:12:13:43 -0300] "POST /cormun/servlet/solicitudot?gx-no-cache=1521472373314 HTTP/1.1" 200 30
186.103.159.230 - - [19/Mar/2018:12:13:44 -0300] "POST /cormun/servlet/solicitudot?634197ef54ab5f14297783f83879c6f5,INS,0,0,,gx-no-cache=1521472373376 HTTP/1.1" 200 12114
186.103.159.182 - - [19/Mar/2018:12:13:44 -0300] "POST /cormun/servlet/solicitudot?gx-no-cache=1521472372972 HTTP/1.1" 200 30
186.103.159.182 - - [19/Mar/2018:12:13:45 -0300] "GET /cormun/servlet/prcontratosol?8266126,,,,,MD,,gxPopupLevel%3D0%3B HTTP/1.1" 200 7786
186.103.159.188 - - [19/Mar/2018:12:13:46 -0300] "GET /cormun/servlet/prsolicitudot?16846248,,,,,MD,,gxPopupLevel%3D0%3B HTTP/1.1" 200 5921
186.103.159.188 - - [19/Mar/2018:12:13:46 -0300] "GET /cormun/static/gxcfg.js?2017111422591492 HTTP/1.1" 200 953
186.103.159.188 - - [19/Mar/2018:12:13:46 -0300] "GET /cormun/static/prsolicitudot.js?2017111422591715 HTTP/1.1" 200 13680
186.103.159.188 - - [19/Mar/2018:12:13:48 -0300] "GET /cormun/servlet/solicitudot?9dcd9da93618b94c1055ca2dd729d9118d76ab121deb118222b4fe73ad73a2cb,gx-no-cache=1521472377909 HTTP/1.1" 200 94
186.103.159.188 - - [19/Mar/2018:12:13:49 -0300] "POST /cormun/servlet/solicitudot?gx-no-cache=1521472377980 HTTP/1.1" 200 1414
186.103.159.188 - - [19/Mar/2018:12:13:49 -0300] "POST /cormun/servlet/solicitudot?gx-no-cache=1521472378065 HTTP/1.1" 200 117
186.103.159.188 - - [19/Mar/2018:12:13:49 -0300] "GET /cormun/servlet/solicitudot?9dcd9da93618b94c1055ca2dd729d911fc128e7315f6f2801f61395627f2ee8d430543559940fa1feaf1883e981a1c88cded0c0d0f76e56af7b1851ab93a11ad1dcbbd7aa6e9984fc0dae604e3e09e1f22e96de7ac3368667eaa406d2b00cd632bbc285e2dd012d32ec78b7d58aca57f,gx-no-cache=1521472378134 HTTP/1.1" 200 29
186.103.159.188 - - [19/Mar/2018:12:13:49 -0300] "GET /cormun/servlet/solicitudot?9dcd9da93618b94c1055ca2dd729d911d52d5fa9ef6c70d288717f94db44a6242206fd0384f889e944857a04a62a29b1448241979d6c04c30e728990c4b1bd03b8d7ee65fac421b3f85295a70dc5068a51de10d2e47523b5964abbcbee640f8a8b3310dae03cba473abf65832b09e69ae40055a24a6c4d329d39504b8940df2bee7fe0bb8c54a3d4a9b325757e02073d6b4d3319d26ad8934cda59f916c2ce46cfbc02fc88ce10e40d8da8ebe08d4d1417abc5e55f0ff3a20544fe99daf74628,gx-no-cache=1521472378189 HTTP/1.1" 200 62
186.103.159.188 - - [19/Mar/2018:12:13:49 -0300] "GET /cormun/servlet/solicitudot?93bd0e4bb7d250ee76347d7bc9eeb10e1b49de9406e07d0dc63dbf861c66b9e8d828d3ab8bb4cb8382fedc848748a349af193105ce432abe66e168948a4b71d9e46debc24cd5d45d50c1fa18a33a529a,gx-no-cache=1521472378247 HTTP/1.1" 200 55
186.103.159.188 - - [19/Mar/2018:12:13:49 -0300] "GET /cormun/servlet/solicitudot?9dcd9da93618b94c1055ca2dd729d911c0d15a89f74a0c3fd38dee5c7a6101cdaf5ae39b7138a6d721a763eb20dd3329,gx-no-cache=1521472378305 HTTP/1.1" 200 30
186.103.159.182 - - [19/Mar/2018:12:13:49 -0300] "POST /cormun/servlet/solicitudot?gx-no-cache=1521472378490 HTTP/1.1" 200 1337
186.103.159.182 - - [19/Mar/2018:12:13:49 -0300] "POST /cormun/servlet/solicitudot?gx-no-cache=1521472378764 HTTP/1.1" 200 38
186.103.159.182 - - [19/Mar/2018:12:13:50 -0300] "GET /cormun/servlet/solicitudot?a3f9c758ff8e84b13ea1886379f699b08f94e17ae0470e1e674bf45e7368c2fd7b532edc5f60fc88386f567173ce0d5276fa56b9cb873aa642cbaba6c776dd4c90f3fed482f203f871c7c4536838e582f71a1589d44b56cad176dbd39858e9a17db7a7d338200ec5abc309201a7e0f318287fb956e0a79b00b6f331d444bda0b83e51cebdea126c515da1370d19935689b0a0a8638bae5cb079f0f8df5e8cfb6,gx-no-cache=1521472378956 HTTP/1.1" 200 29
186.103.159.182 - - [19/Mar/2018:12:13:50 -0300] "POST /cormun/servlet/solicitudot?gx-no-cache=1521472379454 HTTP/1.1" 200 1319
186.103.159.182 - - [19/Mar/2018:12:13:50 -0300] "POST /cormun/servlet/solicitudot?gx-no-cache=1521472379722 HTTP/1.1" 200 1218
186.103.159.182 - - [19/Mar/2018:12:13:51 -0300] "GET /cormun/servlet/solicitudot?a3f9c758ff8e84b13ea1886379f699b0054945b10d5ade5ea143c43eab30cb589b53d9ef3f774c54b91a8f336bdade06,gx-no-cache=1521472379840 HTTP/1.1" 200 134
186.103.159.182 - - [19/Mar/2018:12:13:51 -0300] "GET /cormun/static/Shared/jqueryui/images/ui-bg_highlight-soft_100_c6c2c8_1x100.png HTTP/1.1" 404 1117
186.103.159.182 - - [19/Mar/2018:12:13:51 -0300] "GET /cormun/static/Shared/jqueryui/images/ui-icons_82798d_256x240.png HTTP/1.1" 404 1089
186.103.159.182 - - [19/Mar/2018:12:13:51 -0300] "GET /cormun/static/Shared/jqueryui/images/ui-bg_flat_55_994d53_40x100.png HTTP/1.1" 404 1097
186.103.159.182 - - [19/Mar/2018:12:13:51 -0300] "GET /cormun/static/Shared/jqueryui/images/ui-icons_ebccce_256x240.png HTTP/1.1" 404 1089
186.103.159.182 - - [19/Mar/2018:12:14:02 -0300] "POST /cormun/servlet/solicitudot?gx-no-cache=1521472391278 HTTP/1.1" 200 1318
186.103.159.182 - - [19/Mar/2018:12:14:02 -0300] "POST /cormun/servlet/solicitudot?gx-no-cache=1521472391502 HTTP/1.1" 200 1218
186.103.159.182 - - [19/Mar/2018:12:14:02 -0300] "GET /cormun/static/menuarrow.gif HTTP/1.1" 404 1015
186.103.159.182 - - [19/Mar/2018:12:14:05 -0300] "POST /cormun/servlet/solicitudot?gx-no-cache=1521472394100 HTTP/1.1" 200 1318
186.103.159.182 - - [19/Mar/2018:12:14:05 -0300] "POST /cormun/servlet/solicitudot?gx-no-cache=1521472394382 HTTP/1.1" 200 1218
186.103.159.182 - - [19/Mar/2018:12:14:12 -0300] "GET /cormun/servlet/solicitudot?a3f9c758ff8e84b13ea1886379f699b0a839a70e391b9cd00dc9a6aa6f0bf3308534528d8808deb9db9a93834ffc3f33,gx-no-cache=1521472400956 HTTP/1.1" 200 30
186.103.157.246 - - [19/Mar/2018:12:14:17 -0300] "POST /cormun/servlet/trsolicitudot?3c69704838c07d447652110cd7935a4e,,gx-no-cache=1521472403883 HTTP/1.1" 200 22948
186.103.159.182 - - [19/Mar/2018:12:14:26 -0300] "POST /cormun/servlet/solicitudot?gx-no-cache=1521472415496 HTTP/1.1" 200 33
186.103.159.230 - - [19/Mar/2018:12:14:28 -0300] "GET /cormun/servlet/solicitudot?f4ec86199e084c0396039c24ce2b5b18ed2cbf24373f35cb156514fb47bd06e04548e715d3db1a3a771a1be9ef4468ea2f7e96c9385930909d446946695d08c5,gx-no-cache=1521472417849 HTTP/1.1" 200 30
186.103.159.230 - - [19/Mar/2018:12:14:28 -0300] "POST /cormun/servlet/solicitudot?gx-no-cache=1521472417929 HTTP/1.1" 200 254
186.103.157.246 - - [19/Mar/2018:12:14:28 -0300] "POST /cormun/servlet/trsolicitudot?3c69704838c07d447652110cd7935a4e,,gx-no-cache=1521472416696 HTTP/1.1" 200 22948
186.103.159.230 - - [19/Mar/2018:12:14:28 -0300] "GET /cormun/servlet/solicitudot?f4ec86199e084c0396039c24ce2b5b1817d58f82c92bf882d9064bfe7e83a27f67297a5bd7ee72fd49761c01e63b81cd0ce0de222a8498b75b270dad36f6887abbce5fabc1dae6e9c1a51933d8ab88c4c46d4d4e1b00bf8169261e2e5afe3733bc0cb0e52d2c36906a01e199bfb22af9c2b871237334ff54a8760cf80fcc9edad00f8b2635a3715398ed5e6669fd7d80cce9a18aa3c188804f10c00cb5ddbe7a3d4d99a0fa7b4211aeb1f123d1588f47f120f0ff0f509b5ee6db75a961059455e708dfc7a94aa238ca005256320b33de6fa1652e8c7ba97a591b37eb6ea215240f02800b5714a5fa2e888043fd971788d25ac0298dd438b108f684854f06d5f57e1459dedb1aa7689cd857d58f3fc55588db2709e6de9cb29db24c79bc3409386bda5827c3bc5fc822b72f315a9bc61948850a411bc03372f34d99fd17d89224fb78af922913a1419834e34f39572b0a3e47da2adf2d037a955544b7a1ca1b2a31441ababb2665c3adbbaf216fe58ab33ca2cc9d463f0a6965dd36a8a0a4c2a7,gx-no-cache=1521472417999 HTTP/1.1" 200 30
186.103.159.230 - - [19/Mar/2018:12:14:28 -0300] "POST /cormun/servlet/solicitudot?gx-no-cache=1521472418362 HTTP/1.1" 200 30
186.103.159.230 - - [19/Mar/2018:12:14:28 -0300] "POST /cormun/servlet/solicitudot?gx-no-cache=1521472418431 HTTP/1.1" 200 1337
186.103.159.230 - - [19/Mar/2018:12:14:29 -0300] "POST /cormun/servlet/solicitudot?gx-no-cache=1521472418667 HTTP/1.1" 200 41
186.103.159.230 - - [19/Mar/2018:12:14:29 -0300] "POST /cormun/servlet/solicitudot?gx-no-cache=1521472418724 HTTP/1.1" 200 1321
186.103.159.230 - - [19/Mar/2018:12:14:29 -0300] "POST /cormun/servlet/solicitudot?gx-no-cache=1521472418840 HTTP/1.1" 200 1219
186.103.159.230 - - [19/Mar/2018:12:14:29 -0300] "GET /cormun/servlet/solicitudot?f4ec86199e084c0396039c24ce2b5b182daf80cfd74f9152355dc44c80d5d9a4a56f5501974de5c437469ddd68103392,gx-no-cache=1521472418924 HTTP/1.1" 200 30
186.103.159.230 - - [19/Mar/2018:12:14:29 -0300] "POST /cormun/servlet/solicitudot?gx-no-cache=1521472418991 HTTP/1.1" 200 30
186.103.159.230 - - [19/Mar/2018:12:14:29 -0300] "POST /cormun/servlet/solicitudot?634197ef54ab5f14297783f83879c6f5,INS,0,0,,gx-no-cache=1521472419066 HTTP/1.1" 200 12160
186.103.159.230 - - [19/Mar/2018:12:14:34 -0300] "POST /cormun/servlet/solicitudot?634197ef54ab5f14297783f83879c6f5,INS,0,0,,gx-no-cache=1521472423927 HTTP/1.1" 200 12062
186.103.159.230 - - [19/Mar/2018:12:14:35 -0300] "GET /cormun/static/Shared/jqueryui/images/ui-bg_flat_55_fafafa_40x100.png HTTP/1.1" 404 1097
186.103.159.230 - - [19/Mar/2018:12:14:35 -0300] "GET /cormun/static/Shared/jqueryui/images/ui-icons_8d78a5_256x240.png HTTP/1.1" 404 1089
186.103.159.182 - - [19/Mar/2018:12:14:39 -0300] "POST /cormun/servlet/solicitudot?ecd278aaa7de697feabb8e2c76721273,INS,0,0,,gx-no-cache=1521472427994 HTTP/1.1" 200 93
186.103.159.182 - - [19/Mar/2018:12:14:39 -0300] "GET /cormun/servlet/hpexe_return? HTTP/1.1" 200 1004
186.103.159.182 - - [19/Mar/2018:12:14:39 -0300] "GET /cormun/servlet/trsolicitudot? HTTP/1.1" 200 7480
186.103.159.182 - - [19/Mar/2018:12:14:41 -0300] "GET /cormun/servlet/trsolicitudot? HTTP/1.1" 200 7477
186.103.159.182 - - [19/Mar/2018:12:14:46 -0300] "GET /cormun/servlet/trautorizarsolicitud? HTTP/1.1" 200 7372
186.103.159.182 - - [19/Mar/2018:12:14:46 -0300] "GET /cormun/static/gxcfg.js?2017111423403364 HTTP/1.1" 200 953
186.103.159.182 - - [19/Mar/2018:12:14:47 -0300] "GET /cormun/servlet/trautorizarsolicitud? HTTP/1.1" 200 7372
186.103.159.182 - - [19/Mar/2018:12:15:05 -0300] "POST /cormun/servlet/trautorizarsolicitud?ecd278aaa7de697feabb8e2c76721273,,gx-no-cache=1521472454620 HTTP/1.1" 200 4408
186.103.159.182 - - [19/Mar/2018:12:15:12 -0300] "GET /cormun/static/menuarrow.gif HTTP/1.1" 404 1015
186.103.159.182 - - [19/Mar/2018:12:15:20 -0300] "POST /cormun/servlet/trautorizarsolicitud?ecd278aaa7de697feabb8e2c76721273,,gx-no-cache=1521472469400 HTTP/1.1" 200 4402
186.103.159.182 - - [19/Mar/2018:12:15:34 -0300] "POST /cormun/servlet/trautorizarsolicitud?ecd278aaa7de697feabb8e2c76721273,,gx-no-cache=1521472482466 HTTP/1.1" 200 5769
192.168.10.56 - - [19/Mar/2018:12:15:43 -0300] "POST /cormun/servlet/trsolicitudgral?36c4cd6d5361a3956a1c268e71bd99fa,,gx-no-cache=1521472376886 HTTP/1.1" 200 25587
192.168.10.56 - - [19/Mar/2018:12:15:44 -0300] "POST /cormun/servlet/trsolicitudgral?36c4cd6d5361a3956a1c268e71bd99fa,,gx-no-cache=1521472378128 HTTP/1.1" 200 25587
192.168.10.56 - - [19/Mar/2018:12:15:45 -0300] "POST /cormun/servlet/trsolicitudgral?36c4cd6d5361a3956a1c268e71bd99fa,,gx-no-cache=1521472379407 HTTP/1.1" 200 25587
192.168.10.56 - - [19/Mar/2018:12:15:47 -0300] "POST /cormun/servlet/trsolicitudgral?36c4cd6d5361a3956a1c268e71bd99fa,,gx-no-cache=1521472380671 HTTP/1.1" 200 25587
192.168.10.56 - - [19/Mar/2018:12:15:49 -0300] "GET /cormun/servlet/hlogin HTTP/1.1" 200 1737
186.103.159.182 - - [19/Mar/2018:12:16:16 -0300] "POST /cormun/servlet/trautorizarsolicitud?ecd278aaa7de697feabb8e2c76721273,,gx-no-cache=1521472524948 HTTP/1.1" 200 5781
186.103.159.182 - - [19/Mar/2018:12:16:16 -0300] "GET /cormun/static/Shared/jqueryui/images/ui-bg_highlight-soft_100_c6c2c8_1x100.png HTTP/1.1" 404 1117
186.103.159.182 - - [19/Mar/2018:12:16:16 -0300] "GET /cormun/static/Shared/jqueryui/images/ui-icons_82798d_256x240.png HTTP/1.1" 404 1089
186.103.159.182 - - [19/Mar/2018:12:16:16 -0300] "GET /cormun/static/Shared/jqueryui/images/ui-bg_flat_55_fafafa_40x100.png HTTP/1.1" 404 1097
186.103.159.182 - - [19/Mar/2018:12:16:16 -0300] "GET /cormun/static/Shared/jqueryui/images/ui-icons_8d78a5_256x240.png HTTP/1.1" 404 1089
186.103.159.230 - - [19/Mar/2018:12:16:21 -0300] "POST /cormun/servlet/solicitudot?gx-no-cache=1521472531076 HTTP/1.1" 200 3373
186.103.159.230 - - [19/Mar/2018:12:16:21 -0300] "POST /cormun/servlet/solicitudot?634197ef54ab5f14297783f83879c6f5,INS,0,0,,gx-no-cache=1521472531354 HTTP/1.1" 200 12088
186.103.159.230 - - [19/Mar/2018:12:16:21 -0300] "GET /cormun/servlet/solicitudot?f4ec86199e084c0396039c24ce2b5b18b8e27e911fd81d5fb334618ecddf30c2a28f1cf06cfd66ce6d8b69a30257585a,gx-no-cache=1521472531644 HTTP/1.1" 200 30
186.103.159.182 - - [19/Mar/2018:12:16:25 -0300] "POST /cormun/servlet/trautorizarsolicitud?ecd278aaa7de697feabb8e2c76721273,,gx-no-cache=1521472534776 HTTP/1.1" 200 5781
190.151.100.218 - - [19/Mar/2018:12:16:30 -0300] "GET /cormun/servlet/hlogin HTTP/1.1" 200 1717
186.103.159.182 - - [19/Mar/2018:12:16:35 -0300] "POST /cormun/servlet/trautorizarsolicitud?ecd278aaa7de697feabb8e2c76721273,,gx-no-cache=1521472543282 HTTP/1.1" 200 5769
190.151.100.218 - - [19/Mar/2018:12:16:42 -0300] "POST /cormun/servlet/hlogin?ebd6d611903c49b9c2dc36df30da7063,gx-no-cache=1521472550281 HTTP/1.1" 200 90
190.151.100.218 - - [19/Mar/2018:12:16:42 -0300] "GET /cormun/servlet/hpexe_link HTTP/1.1" 200 949
190.151.100.218 - - [19/Mar/2018:12:16:43 -0300] "GET /cormun/servlet/hhome HTTP/1.1" 200 4197
186.103.159.182 - - [19/Mar/2018:12:16:43 -0300] "POST /cormun/servlet/trautorizarsolicitud?ecd278aaa7de697feabb8e2c76721273,,gx-no-cache=1521472551834 HTTP/1.1" 200 5780
190.151.100.218 - - [19/Mar/2018:12:16:44 -0300] "GET /cormun/servlet/hhome HTTP/1.1" 200 4193
186.103.159.182 - - [19/Mar/2018:12:16:48 -0300] "GET /cormun/servlet/trsolicitudot? HTTP/1.1" 200 7477
186.103.159.182 - - [19/Mar/2018:12:16:50 -0300] "GET /cormun/servlet/trsolicitudot? HTTP/1.1" 200 7477
186.103.159.182 - - [19/Mar/2018:12:16:53 -0300] "GET /cormun/static/menuarrow.gif HTTP/1.1" 404 1015
186.103.159.182 - - [19/Mar/2018:12:17:03 -0300] "POST /cormun/servlet/trsolicitudot?ecd278aaa7de697feabb8e2c76721273,,gx-no-cache=1521472572440 HTTP/1.1" 200 5844
186.103.159.182 - - [19/Mar/2018:12:17:07 -0300] "POST /cormun/servlet/trsolicitudot?ecd278aaa7de697feabb8e2c76721273,,gx-no-cache=1521472576082 HTTP/1.1" 200 4673
186.103.159.182 - - [19/Mar/2018:12:17:07 -0300] "GET /cormun/static/Shared/jqueryui/images/ui-bg_highlight-soft_100_c6c2c8_1x100.png HTTP/1.1" 404 1117
186.103.159.182 - - [19/Mar/2018:12:17:07 -0300] "GET /cormun/static/Shared/jqueryui/images/ui-icons_82798d_256x240.png HTTP/1.1" 404 1089
186.103.159.182 - - [19/Mar/2018:12:17:07 -0300] "GET /cormun/static/Shared/jqueryui/images/ui-icons_8d78a5_256x240.png HTTP/1.1" 404 1089
186.103.159.182 - - [19/Mar/2018:12:17:07 -0300] "GET /cormun/static/Shared/jqueryui/images/ui-bg_flat_55_fafafa_40x100.png HTTP/1.1" 404 1097
186.103.159.182 - - [19/Mar/2018:12:17:07 -0300] "POST /cormun/servlet/trsolicitudot?ecd278aaa7de697feabb8e2c76721273,,gx-no-cache=1521472576510 HTTP/1.1" 200 4450
186.103.159.182 - - [19/Mar/2018:12:17:12 -0300] "GET /cormun/servlet/trautorizarsolicitud? HTTP/1.1" 200 7378
186.103.159.182 - - [19/Mar/2018:12:17:14 -0300] "GET /cormun/servlet/trautorizarsolicitud? HTTP/1.1" 200 7378
186.103.159.182 - - [19/Mar/2018:12:17:24 -0300] "POST /cormun/servlet/trautorizarsolicitud?ecd278aaa7de697feabb8e2c76721273,,gx-no-cache=1521472593418 HTTP/1.1" 200 5769
186.103.159.230 - - [19/Mar/2018:12:17:26 -0300] "GET /cormun/servlet/solicitudot?f4ec86199e084c0396039c24ce2b5b18ed2cbf24373f35cb156514fb47bd06e04548e715d3db1a3a771a1be9ef4468ea2f7e96c9385930909d446946695d08c5,gx-no-cache=1521472596623 HTTP/1.1" 200 30
186.103.159.230 - - [19/Mar/2018:12:17:27 -0300] "GET /cormun/servlet/solicitudot?f4ec86199e084c0396039c24ce2b5b1819220cab1c153a6a3b8fc7f950255baf0f8928496f95f27e29eeead1c24c72d980af0d70349649ffcd0bc611e25eec0e3bb0970a392a1ed54749c3f12e89f8181c6f0e2ab7a394d7154e0b1277de5cec91025d73cf9f50f5e470970209e8d79f,gx-no-cache=1521472596668 HTTP/1.1" 200 51
186.103.159.230 - - [19/Mar/2018:12:17:27 -0300] "POST /cormun/servlet/solicitudot?gx-no-cache=1521472596706 HTTP/1.1" 200 254
186.103.159.230 - - [19/Mar/2018:12:17:27 -0300] "GET /cormun/servlet/solicitudot?f4ec86199e084c0396039c24ce2b5b1817d58f82c92bf882d9064bfe7e83a27f67297a5bd7ee72fd49761c01e63b81cd0ce0de222a8498b75b270dad36f6887abbce5fabc1dae6e9c1a51933d8ab88c4c46d4d4e1b00bf8169261e2e5afe3733bc0cb0e52d2c36906a01e199bfb22af9c2b871237334ff54a8760cf80fcc9edad00f8b2635a3715398ed5e6669fd7d80cce9a18aa3c188804f10c00cb5ddbe7a3d4d99a0fa7b4211aeb1f123d1588f47f120f0ff0f509b5ee6db75a961059455e708dfc7a94aa238ca005256320b33de6fa1652e8c7ba97a591b37eb6ea215240f02800b5714a5fa2e888043fd971788d25ac0298dd438b108f684854f06d5f57e1459dedb1aa7689cd857d58f3fc55588db2709e6de9cb29db24c79bc3409386bda5827c3bc5fc822b72f315a9bc61948850a411bc03372f34d99fd17d89224fb78af922913a1419834e34f39572b0a3e47da2adf2d037a955544b7a1ca1b2a31441ababb2665c3adbbaf216fe58ab33ca2cc9d463f0a6965dd36a8a0a4c2a7,gx-no-cache=1521472596751 HTTP/1.1" 200 30
186.103.159.230 - - [19/Mar/2018:12:17:27 -0300] "POST /cormun/servlet/solicitudot?gx-no-cache=1521472597104 HTTP/1.1" 200 30
186.103.159.230 - - [19/Mar/2018:12:17:27 -0300] "POST /cormun/servlet/solicitudot?gx-no-cache=1521472597168 HTTP/1.1" 200 1336
186.103.159.230 - - [19/Mar/2018:12:17:27 -0300] "POST /cormun/servlet/solicitudot?gx-no-cache=1521472597285 HTTP/1.1" 200 41
186.103.159.182 - - [19/Mar/2018:12:17:28 -0300] "POST /cormun/servlet/trautorizarsolicitud?ecd278aaa7de697feabb8e2c76721273,,gx-no-cache=1521472597544 HTTP/1.1" 200 4604
186.103.159.182 - - [19/Mar/2018:12:17:29 -0300] "GET /cormun/static/Shared/jqueryui/images/ui-bg_highlight-soft_100_c6c2c8_1x100.png HTTP/1.1" 404 1117
186.103.159.182 - - [19/Mar/2018:12:17:29 -0300] "GET /cormun/static/Shared/jqueryui/images/ui-icons_82798d_256x240.png HTTP/1.1" 404 1089
186.103.159.182 - - [19/Mar/2018:12:17:29 -0300] "GET /cormun/static/Shared/jqueryui/images/ui-bg_flat_55_fafafa_40x100.png HTTP/1.1" 404 1097
186.103.159.182 - - [19/Mar/2018:12:17:29 -0300] "GET /cormun/static/Shared/jqueryui/images/ui-icons_8d78a5_256x240.png HTTP/1.1" 404 1089
186.103.159.182 - - [19/Mar/2018:12:17:29 -0300] "POST /cormun/servlet/trautorizarsolicitud?ecd278aaa7de697feabb8e2c76721273,,gx-no-cache=1521472598088 HTTP/1.1" 200 4385
186.103.159.182 - - [19/Mar/2018:12:17:36 -0300] "GET /cormun/static/menuarrow.gif HTTP/1.1" 404 1015
186.103.159.230 - - [19/Mar/2018:12:17:40 -0300] "GET /cormun/servlet/solicitudot?f4ec86199e084c0396039c24ce2b5b1842e4f8730b59e69a94181450740736ef5d913af6144b727b37f7b7a8e50ce628efcdffa57594225b172de7c661b06b59aab193e3a8a2909a826c2723a9a644249b93ee3feaa0ae4366f866abc6ba9e3b7fbc9a7387a332cb4e24e4399b39eee45a5075fe9e830f5d14c6e43faa08f189653c50311918ff9820eee56785dc35b2f78273f93136caa8cf1aa84f78343341,gx-no-cache=1521472610513 HTTP/1.1" 200 29
186.103.159.230 - - [19/Mar/2018:12:17:41 -0300] "POST /cormun/servlet/solicitudot?gx-no-cache=1521472610599 HTTP/1.1" 200 1317
186.103.159.230 - - [19/Mar/2018:12:17:41 -0300] "POST /cormun/servlet/solicitudot?gx-no-cache=1521472611176 HTTP/1.1" 200 1218
186.103.159.230 - - [19/Mar/2018:12:17:42 -0300] "GET /cormun/servlet/solicitudot?f4ec86199e084c0396039c24ce2b5b182daf80cfd74f9152355dc44c80d5d9a4a56f5501974de5c437469ddd68103392,gx-no-cache=1521472611432 HTTP/1.1" 200 30
186.103.159.230 - - [19/Mar/2018:12:17:42 -0300] "POST /cormun/servlet/solicitudot?gx-no-cache=1521472611812 HTTP/1.1" 200 30
186.103.159.230 - - [19/Mar/2018:12:17:43 -0300] "POST /cormun/servlet/solicitudot?634197ef54ab5f14297783f83879c6f5,INS,0,0,,gx-no-cache=1521472611944 HTTP/1.1" 200 93
186.103.159.230 - - [19/Mar/2018:12:17:43 -0300] "GET /cormun/servlet/hpexe_return? HTTP/1.1" 200 1001
186.103.159.230 - - [19/Mar/2018:12:17:43 -0300] "GET /cormun/static/gxcfg.js?2016101716175148 HTTP/1.1" 304 -
186.103.159.230 - - [19/Mar/2018:12:17:43 -0300] "GET /cormun/servlet/trsolicitudot? HTTP/1.1" 200 8744
186.103.159.230 - - [19/Mar/2018:12:17:44 -0300] "GET /cormun/servlet/trsolicitudot? HTTP/1.1" 200 8740
192.168.10.96 - - [19/Mar/2018:12:17:58 -0300] "POST /cormun/servlet/trsolicitudgral?2661ae5db0a161e290633b2f943d73a8,,gx-no-cache=1521472512127 HTTP/1.1" 200 5946
192.168.10.96 - - [19/Mar/2018:12:17:58 -0300] "POST /cormun/servlet/trsolicitudgral?2661ae5db0a161e290633b2f943d73a8,,gx-no-cache=1521472512886 HTTP/1.1" 200 5947
192.168.10.96 - - [19/Mar/2018:12:17:58 -0300] "POST /cormun/servlet/trsolicitudgral?2661ae5db0a161e290633b2f943d73a8,,gx-no-cache=1521472513087 HTTP/1.1" 200 5947
186.103.159.230 - - [19/Mar/2018:12:18:01 -0300] "POST /cormun/servlet/trsolicitudot?634197ef54ab5f14297783f83879c6f5,,gx-no-cache=1521472630646 HTTP/1.1" 200 4666
186.103.159.230 - - [19/Mar/2018:12:18:01 -0300] "GET /cormun/static/Shared/jqueryui/images/ui-bg_highlight-soft_100_c6c2c8_1x100.png HTTP/1.1" 404 1117
186.103.159.230 - - [19/Mar/2018:12:18:01 -0300] "GET /cormun/static/Shared/jqueryui/images/ui-icons_82798d_256x240.png HTTP/1.1" 404 1089
186.103.159.230 - - [19/Mar/2018:12:18:01 -0300] "GET /cormun/static/Shared/jqueryui/images/ui-bg_flat_55_fafafa_40x100.png HTTP/1.1" 404 1097
