200.111.191.210 - - [19/Mar/2018:10:18:08 -0300] "GET /cormun/static/about:blank HTTP/1.1" 404 1011
200.111.191.210 - - [19/Mar/2018:10:18:08 -0300] "GET /cormun/servlet/solicitudotadjuntos?INS,2018,10598,,1, HTTP/1.1" 200 5995
200.111.191.210 - - [19/Mar/2018:10:18:09 -0300] "GET /cormun/servlet/solicitudotadjuntos?78aae98e6c77f98a837041f1b4a69a0b4e5da060492521fb8f45530d3b96337a273d4de181c604ebc99562aa3e67a9bc,gx-no-cache=1521465438918 HTTP/1.1" 200 30
200.111.191.210 - - [19/Mar/2018:10:18:09 -0300] "POST /cormun/servlet/solicitudotadjuntos?19bd190b1888e39e6b31c7e267a1dfc8,INS,2018,10598,,1,,gx-no-cache=1521465438936 HTTP/1.1" 200 3783
186.103.159.182 - - [19/Mar/2018:10:18:11 -0300] "POST /cormun/servlet/trcontratoobservaciondir?ecd278aaa7de697feabb8e2c76721273,,gx-no-cache=1521465440316 HTTP/1.1" 200 3961
200.111.191.210 - - [19/Mar/2018:10:18:12 -0300] "POST /cormun/servlet/solicitudotadjuntos?gx-no-cache=1521465441627 HTTP/1.1" 200 26
186.103.159.182 - - [19/Mar/2018:10:18:14 -0300] "GET /cormun/servlet/hlogin HTTP/1.1" 200 1717
186.103.159.182 - - [19/Mar/2018:10:18:14 -0300] "GET /cormun/static/gxtimezone.js?85251 HTTP/1.1" 200 5781
186.103.159.182 - - [19/Mar/2018:10:18:14 -0300] "GET /cormun/static/gxcfg.js?20175251213516 HTTP/1.1" 200 953
186.103.159.182 - - [19/Mar/2018:10:18:14 -0300] "GET /cormun/static/hlogin.js?20175251213537 HTTP/1.1" 200 2136
186.103.159.182 - - [19/Mar/2018:10:18:15 -0300] "GET /cormun/static/messages.spa.js?85251 HTTP/1.1" 200 30736
186.103.159.182 - - [19/Mar/2018:10:18:15 -0300] "GET /cormun/static/Resources/Spanish/PXTools.css?11423723 HTTP/1.1" 200 89042
186.103.159.182 - - [19/Mar/2018:10:18:15 -0300] "GET /cormun/static/gxgral.js?85251 HTTP/1.1" 200 384558
186.103.159.182 - - [19/Mar/2018:10:18:15 -0300] "GET /cormun/servlet/trsolicitudot? HTTP/1.1" 200 7466
186.103.159.182 - - [19/Mar/2018:10:18:15 -0300] "GET /cormun/static/gxui/gxui-all.css?120300 HTTP/1.1" 200 2179
186.103.159.182 - - [19/Mar/2018:10:18:15 -0300] "GET /cormun/static/trsolicitudot.js?201711142259839 HTTP/1.1" 200 16384
186.103.159.182 - - [19/Mar/2018:10:18:16 -0300] "GET /cormun/static/Resources/ComunLogin.png HTTP/1.1" 200 17326
186.103.159.182 - - [19/Mar/2018:10:18:17 -0300] "GET /cormun/servlet/trsolicitudot? HTTP/1.1" 200 7465
186.103.159.182 - - [19/Mar/2018:10:18:20 -0300] "GET /cormun/static/menuarrow.gif HTTP/1.1" 404 1015
200.111.191.210 - - [19/Mar/2018:10:18:20 -0300] "GET /cormun/servlet/solicitudotadjuntos?78aae98e6c77f98a837041f1b4a69a0ba1cedceeb7795adb821e73b3bcfe14bf,gx-no-cache=1521465449448 HTTP/1.1" 200 30
200.111.191.210 - - [19/Mar/2018:10:18:20 -0300] "GET /cormun/servlet/solicitudotadjuntos?78aae98e6c77f98a837041f1b4a69a0ba1cedceeb7795adb821e73b3bcfe14bf,gx-no-cache=1521465449752 HTTP/1.1" 200 30
192.168.10.96 - - [19/Mar/2018:10:18:20 -0300] "GET /cormun/servlet/vesolicitudgral?2018,10524,,SolicitudOTAdjuntos HTTP/1.1" 200 11659
192.168.10.96 - - [19/Mar/2018:10:18:22 -0300] "POST /cormun/servlet/acontrolpreferencessavestate?None,DZAMUDIO,true HTTP/1.1" 200 35
192.168.10.96 - - [19/Mar/2018:10:18:23 -0300] "GET /cormun/servlet/vesolicitudgral?2018,10524,,SolicitudOTAdjuntos HTTP/1.1" 200 11660
192.168.10.96 - - [19/Mar/2018:10:18:26 -0300] "GET /cormun/PublicTempStorage/cotizacines8424245.pdf HTTP/1.1" 200 13768853
186.103.159.189 - - [19/Mar/2018:10:18:26 -0300] "POST /cormun/servlet/hlogin?def60b1afec6129459c66a150eb06693,gx-no-cache=1521465456472 HTTP/1.1" 200 90
186.103.159.189 - - [19/Mar/2018:10:18:26 -0300] "GET /cormun/servlet/hpexe_link HTTP/1.1" 200 971
200.111.191.210 - - [19/Mar/2018:10:18:26 -0300] "POST /cormun/servlet/solicitudotadjuntos?19bd190b1888e39e6b31c7e267a1dfc8,INS,2018,10598,,1, HTTP/1.1" 200 116
186.103.159.189 - - [19/Mar/2018:10:18:26 -0300] "GET /cormun/static/gxcfg.js?20177612121792 HTTP/1.1" 304 -
200.111.191.210 - - [19/Mar/2018:10:18:27 -0300] "GET /cormun/servlet/hpexe_return? HTTP/1.1" 200 1024
186.103.159.189 - - [19/Mar/2018:10:18:27 -0300] "GET /cormun/servlet/trrenunciasadjuntos?124,17375587, HTTP/1.1" 200 6349
200.111.191.210 - - [19/Mar/2018:10:18:27 -0300] "GET /cormun/servlet/trsolicitudadjuntos?2018,10598, HTTP/1.1" 200 9299
200.111.191.210 - - [19/Mar/2018:10:18:28 -0300] "GET /cormun/servlet/trsolicitudadjuntos?2018,10598, HTTP/1.1" 200 9299
186.103.159.189 - - [19/Mar/2018:10:18:29 -0300] "GET /cormun/servlet/trrenunciasadjuntos?124,17375587, HTTP/1.1" 200 6347
186.103.159.182 - - [19/Mar/2018:10:18:30 -0300] "POST /cormun/servlet/trsolicitudot?ecd278aaa7de697feabb8e2c76721273,,gx-no-cache=1521465459106 HTTP/1.1" 200 6658
200.111.191.210 - - [19/Mar/2018:10:18:30 -0300] "GET /cormun/servlet/solicitudotadjuntos?INS,2018,10598,,1, HTTP/1.1" 200 6002
186.103.159.182 - - [19/Mar/2018:10:18:30 -0300] "GET /cormun//static/Resources/PXToolsGridUpdate.png HTTP/1.1" 200 2984
186.103.159.182 - - [19/Mar/2018:10:18:31 -0300] "GET /cormun//static/Resources/PXToolsRemoveAllAction.png HTTP/1.1" 200 3558
186.103.159.182 - - [19/Mar/2018:10:18:31 -0300] "GET /cormun//static/Resources/PXTools/ActionInsert.png HTTP/1.1" 200 1482
186.103.159.182 - - [19/Mar/2018:10:18:31 -0300] "GET /cormun//static/Resources/PXToolsActionView.png HTTP/1.1" 200 2995
200.111.191.210 - - [19/Mar/2018:10:18:31 -0300] "GET /cormun/static/about:blank HTTP/1.1" 404 1011
186.103.159.182 - - [19/Mar/2018:10:18:31 -0300] "GET /cormun//static/Resources/PXToolsGridDelete.png HTTP/1.1" 200 357
200.111.191.210 - - [19/Mar/2018:10:18:31 -0300] "GET /cormun/servlet/solicitudotadjuntos?INS,2018,10598,,1, HTTP/1.1" 200 5995
200.111.191.210 - - [19/Mar/2018:10:18:31 -0300] "GET /cormun/servlet/solicitudotadjuntos?78aae98e6c77f98a837041f1b4a69a0b4e5da060492521fb8f45530d3b96337a273d4de181c604ebc99562aa3e67a9bc,gx-no-cache=1521465461074 HTTP/1.1" 200 30
200.111.191.210 - - [19/Mar/2018:10:18:31 -0300] "POST /cormun/servlet/solicitudotadjuntos?19bd190b1888e39e6b31c7e267a1dfc8,INS,2018,10598,,1,,gx-no-cache=1521465461090 HTTP/1.1" 200 3783
200.111.191.210 - - [19/Mar/2018:10:18:34 -0300] "POST /cormun/servlet/solicitudotadjuntos?gx-no-cache=1521465463680 HTTP/1.1" 200 26
192.168.10.96 - - [19/Mar/2018:10:18:38 -0300] "GET /cormun/servlet/vesolicitudgral?2018,10524,,SolicitudOTAdjuntos HTTP/1.1" 200 11659
192.168.10.96 - - [19/Mar/2018:10:18:40 -0300] "POST /cormun/servlet/acontrolpreferencessavestate?None,DZAMUDIO,true HTTP/1.1" 200 35
192.168.10.96 - - [19/Mar/2018:10:18:41 -0300] "GET /cormun/servlet/vesolicitudgral?2018,10524,,SolicitudOTAdjuntos HTTP/1.1" 200 11661
192.168.10.96 - - [19/Mar/2018:10:18:42 -0300] "GET /cormun/PublicTempStorage/afp8107962.pdf HTTP/1.1" 200 365042
200.111.191.210 - - [19/Mar/2018:10:18:45 -0300] "GET /cormun/servlet/solicitudotadjuntos?78aae98e6c77f98a837041f1b4a69a0ba1cedceeb7795adb821e73b3bcfe14bf,gx-no-cache=1521465475496 HTTP/1.1" 200 30
200.111.191.210 - - [19/Mar/2018:10:18:46 -0300] "GET /cormun/servlet/solicitudotadjuntos?78aae98e6c77f98a837041f1b4a69a0ba1cedceeb7795adb821e73b3bcfe14bf,gx-no-cache=1521465475552 HTTP/1.1" 200 30
186.103.159.189 - - [19/Mar/2018:10:18:48 -0300] "GET /cormun/servlet/trrenuncias? HTTP/1.1" 200 7585
186.103.159.189 - - [19/Mar/2018:10:18:49 -0300] "GET /cormun/servlet/trrenuncias? HTTP/1.1" 200 7585
200.111.191.210 - - [19/Mar/2018:10:18:49 -0300] "POST /cormun/servlet/solicitudotadjuntos?19bd190b1888e39e6b31c7e267a1dfc8,INS,2018,10598,,1, HTTP/1.1" 200 116
200.111.191.210 - - [19/Mar/2018:10:18:49 -0300] "GET /cormun/servlet/hpexe_return? HTTP/1.1" 200 1024
200.111.191.210 - - [19/Mar/2018:10:18:50 -0300] "GET /cormun/servlet/trsolicitudadjuntos?2018,10598, HTTP/1.1" 200 9553
200.111.191.210 - - [19/Mar/2018:10:18:51 -0300] "GET /cormun/servlet/trsolicitudadjuntos?2018,10598, HTTP/1.1" 200 9550
192.168.10.96 - - [19/Mar/2018:10:18:55 -0300] "GET /cormun/servlet/vesolicitudgral?2018,10524,,SolicitudOTAdjuntos HTTP/1.1" 200 11655
192.168.10.96 - - [19/Mar/2018:10:18:57 -0300] "POST /cormun/servlet/acontrolpreferencessavestate?None,DZAMUDIO,true HTTP/1.1" 200 35
186.103.159.189 - - [19/Mar/2018:10:18:57 -0300] "POST /cormun/servlet/trrenuncias?def60b1afec6129459c66a150eb06693,,gx-no-cache=1521465485980 HTTP/1.1" 200 4806
186.103.159.189 - - [19/Mar/2018:10:18:57 -0300] "GET /cormun/static/Shared/jqueryui/images/ui-icons_82798d_256x240.png HTTP/1.1" 404 1089
186.103.159.189 - - [19/Mar/2018:10:18:57 -0300] "GET /cormun/static/Shared/jqueryui/images/ui-bg_highlight-soft_100_c6c2c8_1x100.png HTTP/1.1" 404 1117
186.103.159.189 - - [19/Mar/2018:10:18:57 -0300] "GET /cormun/static/Shared/jqueryui/images/ui-bg_flat_55_fafafa_40x100.png HTTP/1.1" 404 1097
186.103.159.189 - - [19/Mar/2018:10:18:57 -0300] "GET /cormun/static/Shared/jqueryui/images/ui-icons_8d78a5_256x240.png HTTP/1.1" 404 1089
192.168.10.96 - - [19/Mar/2018:10:18:57 -0300] "GET /cormun/servlet/vesolicitudgral?2018,10524,,SolicitudOTAdjuntos HTTP/1.1" 200 11657
192.168.10.96 - - [19/Mar/2018:10:18:58 -0300] "GET /cormun/PublicTempStorage/isapre2239411.pdf HTTP/1.1" 200 514554
186.103.159.189 - - [19/Mar/2018:10:19:01 -0300] "GET /cormun/servlet/trrenunciasadjuntos?124,17375587, HTTP/1.1" 200 6347
186.103.159.189 - - [19/Mar/2018:10:19:03 -0300] "GET /cormun/servlet/trrenunciasadjuntos?124,17375587, HTTP/1.1" 200 6347
186.103.159.189 - - [19/Mar/2018:10:19:05 -0300] "GET /cormun/servlet/renunciasadjuntos?INS,124,, HTTP/1.1" 200 5322
186.103.159.189 - - [19/Mar/2018:10:19:05 -0300] "GET /cormun/static/gxcfg.js?2017761273622 HTTP/1.1" 200 953
186.103.159.189 - - [19/Mar/2018:10:19:05 -0300] "GET /cormun/static/renunciasadjuntos.js?2017761273629 HTTP/1.1" 200 5937
186.103.159.189 - - [19/Mar/2018:10:19:05 -0300] "GET /cormun/static/about:blank HTTP/1.1" 404 1011
186.103.159.189 - - [19/Mar/2018:10:19:06 -0300] "GET /cormun/servlet/renunciasadjuntos?INS,124,, HTTP/1.1" 200 5308
192.168.10.96 - - [19/Mar/2018:10:19:12 -0300] "GET /cormun/servlet/vesolicitudgral?2018,10524,,SolicitudOTAdjuntos HTTP/1.1" 200 11660
192.168.10.96 - - [19/Mar/2018:10:19:14 -0300] "POST /cormun/servlet/acontrolpreferencessavestate?None,DZAMUDIO,true HTTP/1.1" 200 35
192.168.10.96 - - [19/Mar/2018:10:19:14 -0300] "GET /cormun/servlet/vesolicitudgral?2018,10524,,SolicitudOTAdjuntos HTTP/1.1" 200 11660
192.168.10.96 - - [19/Mar/2018:10:19:15 -0300] "GET /cormun/PublicTempStorage/cert_antecedentes4987565.pdf HTTP/1.1" 200 303874
186.103.159.189 - - [19/Mar/2018:10:19:17 -0300] "GET /cormun/servlet/trrenuncias? HTTP/1.1" 200 7592
200.111.122.170 - - [19/Mar/2018:10:19:18 -0300] "POST /cormun/servlet/trsolicitudot?e344c0d93ab73067bf0261b6fe99887a,gx-no-cache=1521465507024 HTTP/1.1" 200 106
186.103.159.189 - - [19/Mar/2018:10:19:18 -0300] "GET /cormun/servlet/trrenuncias? HTTP/1.1" 200 7584
200.111.122.170 - - [19/Mar/2018:10:19:18 -0300] "GET /cormun/servlet/solicitudot?UPD,2018,10595, HTTP/1.1" 200 15365
200.111.122.170 - - [19/Mar/2018:10:19:22 -0300] "GET /cormun/servlet/solicitudot?UPD,2018,10595, HTTP/1.1" 200 15374
192.168.10.96 - - [19/Mar/2018:10:19:22 -0300] "GET /cormun/servlet/vesolicitudgral?2018,10524,,SolicitudOTAdjuntos HTTP/1.1" 200 11660
186.67.203.186 - - [19/Mar/2018:10:19:22 -0300] "POST /cormun/servlet/solicitudot?gx-no-cache=1521465511307 HTTP/1.1" 200 3399
192.168.10.96 - - [19/Mar/2018:10:19:24 -0300] "POST /cormun/servlet/acontrolpreferencessavestate?None,DZAMUDIO,true HTTP/1.1" 200 35
186.103.159.189 - - [19/Mar/2018:10:19:24 -0300] "POST /cormun/servlet/trrenuncias?def60b1afec6129459c66a150eb06693,,gx-no-cache=1521465513511 HTTP/1.1" 200 4809
186.67.203.186 - - [19/Mar/2018:10:19:24 -0300] "POST /cormun/servlet/solicitudot?e344c0d93ab73067bf0261b6fe99887a,UPD,2018,10595,,gx-no-cache=1521465512095 HTTP/1.1" 200 11694
186.103.159.189 - - [19/Mar/2018:10:19:24 -0300] "GET /cormun/static/Shared/jqueryui/images/ui-bg_highlight-soft_100_c6c2c8_1x100.png HTTP/1.1" 404 1117
186.103.159.189 - - [19/Mar/2018:10:19:24 -0300] "GET /cormun/static/Shared/jqueryui/images/ui-icons_82798d_256x240.png HTTP/1.1" 404 1089
186.103.159.189 - - [19/Mar/2018:10:19:24 -0300] "GET /cormun/static/Shared/jqueryui/images/ui-bg_flat_55_fafafa_40x100.png HTTP/1.1" 404 1097
186.103.159.189 - - [19/Mar/2018:10:19:24 -0300] "GET /cormun/static/Shared/jqueryui/images/ui-icons_8d78a5_256x240.png HTTP/1.1" 404 1089
186.67.203.186 - - [19/Mar/2018:10:19:24 -0300] "GET /cormun/servlet/solicitudot?4cee0f84d0fe1d35e485350f24e3ce3f62992d8dda3597e7fdacf84c02730e3163d6efdb64656525e8717558f3e552e9,gx-no-cache=1521465513755 HTTP/1.1" 200 30
186.67.203.186 - - [19/Mar/2018:10:19:24 -0300] "GET /cormun/servlet/solicitudot?4cee0f84d0fe1d35e485350f24e3ce3fc585c59b7995b9c343222df42126bb51c7640a6b512dbd5d698612e5962f761b63d6efdb64656525e8717558f3e552e9,gx-no-cache=1521465513859 HTTP/1.1" 200 30
186.67.203.186 - - [19/Mar/2018:10:19:25 -0300] "GET /cormun/servlet/solicitudot?4cee0f84d0fe1d35e485350f24e3ce3f622860da7888b9801d319653aa77bc8ac4b7c270f4b6f0e2ee4fb0d4b07c1130d10d8087feefd1d859d7c69fc51c7f16,gx-no-cache=1521465513979 HTTP/1.1" 200 51
192.168.10.96 - - [19/Mar/2018:10:19:25 -0300] "GET /cormun/PublicTempStorage/curriculum__vitae550014.pdf HTTP/1.1" 200 1186811
192.168.10.96 - - [19/Mar/2018:10:19:25 -0300] "GET /cormun/servlet/vesolicitudgral?2018,10524,,SolicitudOTAdjuntos HTTP/1.1" 200 11658
186.67.203.186 - - [19/Mar/2018:10:19:25 -0300] "POST /cormun/servlet/solicitudot?gx-no-cache=1521465514183 HTTP/1.1" 200 238
186.67.203.186 - - [19/Mar/2018:10:19:25 -0300] "GET /cormun/servlet/solicitudot?4cee0f84d0fe1d35e485350f24e3ce3f71ade507628bfdea96df3bf39a184d8688360d9fc37d8696d442a91bc205d6e90327bdd2e723529ca372417e282a9897ed89dc9d549706efdfcc0038fe4e217be0a30272e4ad50ec4d720a5ac0b7410c490384b6830fe4f61b4a4ce242c03f34592f9529d3f2dad544d3efd3a49fe1a85aa756bd98716f07ba08d15c2a0a13e41cdecfbee713e741bea0dc40264fbf18b0c86d18c4a828dda4025355f5ea9cf1dc2a31dad0b56818cdd26d1960008c7af815ed74d0b885c30fa6557a6e3f9e9e83a374c79766a13c0cc46cc4a54138509789b2f8742b27c45f27290d80b61b0c75a367f7d16fa7b1e1192c66eba65233039722f1cd9bc2e97b2be2e0516324186298b34d5d2069397b4ddc7fd03159bcee66210bd5eae1892b57cd20960767263fd5afbb8b36db22e8534261886fa6aaced9da7da8aeae4814f86055188066865f3a6ef15ee7b0161bc28df7ee8707fb820d3b08830d472f1d2320a86d8be50f76c2ee89096e878579c6ac2817dad12f,gx-no-cache=1521465514332 HTTP/1.1" 200 30
186.67.203.186 - - [19/Mar/2018:10:19:25 -0300] "POST /cormun/servlet/solicitudot?gx-no-cache=1521465514482 HTTP/1.1" 200 30
186.67.203.186 - - [19/Mar/2018:10:19:25 -0300] "POST /cormun/servlet/solicitudot?gx-no-cache=1521465514634 HTTP/1.1" 200 1337
186.67.203.186 - - [19/Mar/2018:10:19:25 -0300] "POST /cormun/servlet/solicitudot?gx-no-cache=1521465514822 HTTP/1.1" 200 41
192.168.10.96 - - [19/Mar/2018:10:19:33 -0300] "GET /cormun/servlet/vesolicitudgral?2018,10524,,SolicitudOTAdjuntos HTTP/1.1" 200 11660
192.168.10.96 - - [19/Mar/2018:10:19:34 -0300] "POST /cormun/servlet/acontrolpreferencessavestate?None,DZAMUDIO,true HTTP/1.1" 200 35
186.103.159.182 - - [19/Mar/2018:10:19:35 -0300] "POST /cormun/servlet/trsolicitudot?ecd278aaa7de697feabb8e2c76721273,,gx-no-cache=1521465523536 HTTP/1.1" 200 6241
192.168.10.96 - - [19/Mar/2018:10:19:35 -0300] "GET /cormun/PublicTempStorage/titulo_y_grado223151.pdf HTTP/1.1" 200 330325
186.103.159.182 - - [19/Mar/2018:10:19:35 -0300] "POST /cormun/servlet/trsolicitudot?ecd278aaa7de697feabb8e2c76721273,,gx-no-cache=1521465524428 HTTP/1.1" 200 6221
192.168.10.96 - - [19/Mar/2018:10:19:35 -0300] "GET /cormun/servlet/vesolicitudgral?2018,10524,,SolicitudOTAdjuntos HTTP/1.1" 200 11658
186.103.159.182 - - [19/Mar/2018:10:19:37 -0300] "POST /cormun/servlet/trsolicitudot?ecd278aaa7de697feabb8e2c76721273,,gx-no-cache=1521465526816 HTTP/1.1" 200 5860
186.103.159.182 - - [19/Mar/2018:10:19:38 -0300] "POST /cormun/servlet/trsolicitudot?ecd278aaa7de697feabb8e2c76721273,,gx-no-cache=1521465527184 HTTP/1.1" 200 5841
190.100.93.40 - - [19/Mar/2018:10:19:39 -0300] "POST /cormun/servlet/trfichaempleado?112a1728a2bc004dc41d52b0fdae5bfb,,gx-no-cache=1521465527601 HTTP/1.1" 200 4470
186.103.159.182 - - [19/Mar/2018:10:19:40 -0300] "POST /cormun/servlet/trsolicitudot?ecd278aaa7de697feabb8e2c76721273,,gx-no-cache=1521465529718 HTTP/1.1" 200 4646
186.103.159.182 - - [19/Mar/2018:10:19:41 -0300] "POST /cormun/servlet/trsolicitudot?ecd278aaa7de697feabb8e2c76721273,,gx-no-cache=1521465530148 HTTP/1.1" 200 4450
190.100.93.40 - - [19/Mar/2018:10:19:41 -0300] "GET /cormun/servlet/fichaempleado?UPD,10955447, HTTP/1.1" 200 6266
190.100.93.40 - - [19/Mar/2018:10:19:41 -0300] "GET /cormun/static/gxcfg.js?20176282043676 HTTP/1.1" 200 953
190.100.93.40 - - [19/Mar/2018:10:19:41 -0300] "GET /cormun/static/fichaempleado.js?2017628204374 HTTP/1.1" 200 17534
190.100.93.40 - - [19/Mar/2018:10:19:42 -0300] "GET /cormun/servlet/fichaempleado?UPD,10955447, HTTP/1.1" 200 6266
190.100.93.40 - - [19/Mar/2018:10:19:49 -0300] "POST /cormun/servlet/fichaempleado?112a1728a2bc004dc41d52b0fdae5bfb,UPD,10955447,,gx-no-cache=1521465538925 HTTP/1.1" 200 47
190.100.93.40 - - [19/Mar/2018:10:19:50 -0300] "GET /cormun/servlet/trfichaempleado? HTTP/1.1" 200 7008
192.168.10.96 - - [19/Mar/2018:10:19:50 -0300] "GET /cormun/servlet/vesolicitudgral?2018,10524,,SolicitudOTAdjuntos HTTP/1.1" 200 11658
192.168.10.96 - - [19/Mar/2018:10:19:52 -0300] "POST /cormun/servlet/acontrolpreferencessavestate?None,DZAMUDIO,true HTTP/1.1" 200 35
190.100.93.40 - - [19/Mar/2018:10:19:52 -0300] "GET /cormun/servlet/trfichaempleado? HTTP/1.1" 200 7007
192.168.10.96 - - [19/Mar/2018:10:19:53 -0300] "GET /cormun/servlet/vesolicitudgral?2018,10524,,SolicitudOTAdjuntos HTTP/1.1" 200 11661
192.168.10.96 - - [19/Mar/2018:10:19:54 -0300] "GET /cormun/servlet/vesolicitudgral?2018,10524,,SolicitudOTLog HTTP/1.1" 200 10162
192.168.10.96 - - [19/Mar/2018:10:19:54 -0300] "GET /cormun/pexe_scrolldiv.js HTTP/1.1" 404 1009
192.168.10.96 - - [19/Mar/2018:10:19:54 -0300] "GET /cormun/pexe_scrolldiv.js HTTP/1.1" 404 1009
192.168.10.96 - - [19/Mar/2018:10:19:54 -0300] "GET /cormun/servlet/vesolicitudgral?2018,10524,,SolicitudOTLog HTTP/1.1" 200 10162
186.103.159.182 - - [19/Mar/2018:10:19:55 -0300] "POST /cormun/servlet/trsolicitudot?ecd278aaa7de697feabb8e2c76721273,,gx-no-cache=1521465544172 HTTP/1.1" 200 4469
192.168.10.96 - - [19/Mar/2018:10:19:55 -0300] "POST /cormun/servlet/acontrolpreferencessavestate?None,DZAMUDIO,true HTTP/1.1" 200 35
186.103.159.182 - - [19/Mar/2018:10:19:59 -0300] "POST /cormun/servlet/trsolicitudot?ecd278aaa7de697feabb8e2c76721273,,gx-no-cache=1521465548530 HTTP/1.1" 200 8388
192.168.10.96 - - [19/Mar/2018:10:20:06 -0300] "GET /cormun/servlet/vesolicitudgral?2018,10524,,General HTTP/1.1" 200 9316
192.168.10.96 - - [19/Mar/2018:10:20:06 -0300] "GET /cormun/pexe_scrolldiv.js HTTP/1.1" 404 1009
192.168.10.96 - - [19/Mar/2018:10:20:06 -0300] "GET /cormun/pexe_scrolldiv.js HTTP/1.1" 404 1009
192.168.10.96 - - [19/Mar/2018:10:20:07 -0300] "GET /cormun/servlet/vesolicitudgral?2018,10524,,General HTTP/1.1" 200 9316
192.168.10.96 - - [19/Mar/2018:10:20:12 -0300] "GET /cormun/servlet/trsolicitudgral? HTTP/1.1" 200 11371
192.168.10.96 - - [19/Mar/2018:10:20:13 -0300] "GET /cormun/servlet/trsolicitudgral? HTTP/1.1" 200 11368
186.67.203.186 - - [19/Mar/2018:10:20:23 -0300] "GET /cormun/servlet/solicitudot?4cee0f84d0fe1d35e485350f24e3ce3fb75b3fb5c3de44d27879e76b94b779162f8a15c536bce39377e5ac6fcd5bedc70656d8224a7187859fbff4f1bf597f4c1da986d07db6b1efe24745650c1d409a02b2e636a87f2a66de67f9454b30ca56957b5fb44437ea838491867437de91ec18bce7ba560caf5fdeb0b3d770d75dc6129294a5cfa3b3cf6fe840d719fd8dce362c51bb2c16e56a637a986dc4cfae2a,gx-no-cache=1521465572613 HTTP/1.1" 200 29
186.67.203.186 - - [19/Mar/2018:10:20:23 -0300] "POST /cormun/servlet/solicitudot?gx-no-cache=1521465572768 HTTP/1.1" 200 1319
186.67.203.186 - - [19/Mar/2018:10:20:24 -0300] "POST /cormun/servlet/solicitudot?gx-no-cache=1521465572923 HTTP/1.1" 200 1219
186.103.159.189 - - [19/Mar/2018:10:20:53 -0300] "GET /cormun/servlet/trrenunciasadjuntos?124,17375587, HTTP/1.1" 200 6347
186.103.159.189 - - [19/Mar/2018:10:20:54 -0300] "GET /cormun/servlet/trrenunciasadjuntos?124,17375587, HTTP/1.1" 200 6347
192.168.10.62 - - [19/Mar/2018:10:20:54 -0300] "GET /cormun/servlet/hlogin HTTP/1.1" 200 1741
186.103.132.155 - - [19/Mar/2018:10:21:02 -0300] "GET /cormun/servlet/solicitudot?4cee0f84d0fe1d35e485350f24e3ce3f48a90f6cbe3e1b3710754e1acf34ac5921c85294a03839ebcd76068d10531ecb,gx-no-cache=1521465611048 HTTP/1.1" 200 30
186.103.132.155 - - [19/Mar/2018:10:21:03 -0300] "POST /cormun/servlet/solicitudot?gx-no-cache=1521465611586 HTTP/1.1" 200 30
186.103.132.155 - - [19/Mar/2018:10:21:03 -0300] "POST /cormun/servlet/solicitudot?e344c0d93ab73067bf0261b6fe99887a,UPD,2018,10595,,gx-no-cache=1521465612108 HTTP/1.1" 200 93
186.103.132.155 - - [19/Mar/2018:10:21:04 -0300] "GET /cormun/servlet/hpexe_return? HTTP/1.1" 200 1012
186.103.132.155 - - [19/Mar/2018:10:21:05 -0300] "GET /cormun/servlet/trsolicitudot HTTP/1.1" 200 8771
186.103.132.155 - - [19/Mar/2018:10:21:06 -0300] "GET /cormun/servlet/trsolicitudot HTTP/1.1" 200 8767
186.103.159.189 - - [19/Mar/2018:10:21:08 -0300] "GET /cormun/servlet/trsolicitudot? HTTP/1.1" 200 7203
186.103.159.189 - - [19/Mar/2018:10:21:09 -0300] "GET /cormun/static/gxcfg.js?2017111422585916 HTTP/1.1" 304 -
186.103.159.189 - - [19/Mar/2018:10:21:10 -0300] "GET /cormun/servlet/trsolicitudot? HTTP/1.1" 200 7186
186.103.159.189 - - [19/Mar/2018:10:21:13 -0300] "GET /cormun/servlet/solicitudot?INS,0,0, HTTP/1.1" 200 13430
186.103.159.189 - - [19/Mar/2018:10:21:13 -0300] "GET /cormun/static/gxcfg.js?201812313224582 HTTP/1.1" 304 -
186.103.159.189 - - [19/Mar/2018:10:21:13 -0300] "GET /cormun/static/solicitudot.js?201812313224831 HTTP/1.1" 304 -
186.103.159.189 - - [19/Mar/2018:10:21:15 -0300] "GET /cormun/servlet/solicitudot?INS,0,0, HTTP/1.1" 200 13435
186.103.159.182 - - [19/Mar/2018:10:21:33 -0300] "GET /cormun/servlet/vesolicitudot?2018,10597,, HTTP/1.1" 200 8659
186.103.159.182 - - [19/Mar/2018:10:21:34 -0300] "GET /cormun/static/gxcfg.js?2017111422591385 HTTP/1.1" 200 953
186.103.159.182 - - [19/Mar/2018:10:21:34 -0300] "GET /cormun/pexe_scrolldiv.js HTTP/1.1" 404 1009
186.103.159.182 - - [19/Mar/2018:10:21:34 -0300] "GET /cormun/static/vesolicitudot.js?2017111422591449 HTTP/1.1" 200 6091
186.103.159.182 - - [19/Mar/2018:10:21:34 -0300] "GET /cormun/static/hwcviewtabs.js?20177611594913 HTTP/1.1" 200 1074
186.103.159.182 - - [19/Mar/2018:10:21:34 -0300] "GET /cormun/static/hpexe_tabsview.js?201610171694228 HTTP/1.1" 200 1661
186.103.159.182 - - [19/Mar/2018:10:21:34 -0300] "GET /cormun/static/Resources/PXToolsTabFirstSelected.png HTTP/1.1" 200 1259
186.103.159.182 - - [19/Mar/2018:10:21:34 -0300] "GET /cormun/static/Resources/PXToolsTabLastUnselected.png HTTP/1.1" 200 1291
186.103.159.182 - - [19/Mar/2018:10:21:34 -0300] "GET /cormun/static/Resources/PXToolsTabNext.gif HTTP/1.1" 200 168
186.103.159.182 - - [19/Mar/2018:10:21:34 -0300] "GET /cormun/static/Resources/PXToolsTabPrevious.gif HTTP/1.1" 200 172
186.103.159.182 - - [19/Mar/2018:10:21:34 -0300] "GET /cormun/static/tbsolicitudot01.js?2017111422581186 HTTP/1.1" 200 30566
186.103.159.182 - - [19/Mar/2018:10:21:35 -0300] "GET /cormun/static/calendar-system.css HTTP/1.1" 200 5572
186.103.159.182 - - [19/Mar/2018:10:21:35 -0300] "GET /cormun/static/Resources/PXToolsTabSelectedUnselected.png HTTP/1.1" 200 1428
186.103.159.182 - - [19/Mar/2018:10:21:35 -0300] "GET /cormun/static/Resources/PXToolsTabUnselectedUnselected.png HTTP/1.1" 200 1459
186.103.159.182 - - [19/Mar/2018:10:21:35 -0300] "GET /cormun/static/Resources/PXToolsTabBackSelected.png HTTP/1.1" 200 1157
186.103.159.182 - - [19/Mar/2018:10:21:35 -0300] "GET /cormun/static/Resources/PXToolsTabBackUnselected.png HTTP/1.1" 200 1175
186.103.159.182 - - [19/Mar/2018:10:21:35 -0300] "GET /cormun/servlet/vesolicitudot?2018,10597,, HTTP/1.1" 200 8659
186.103.132.155 - - [19/Mar/2018:10:21:42 -0300] "POST /cormun/servlet/trsolicitudot?e344c0d93ab73067bf0261b6fe99887a,gx-no-cache=1521465651536 HTTP/1.1" 200 4678
186.103.132.155 - - [19/Mar/2018:10:21:42 -0300] "GET /cormun/static/Shared/jqueryui/images/ui-bg_highlight-soft_100_c6c2c8_1x100.png HTTP/1.1" 404 1117
186.103.132.155 - - [19/Mar/2018:10:21:42 -0300] "GET /cormun/static/Shared/jqueryui/images/ui-icons_82798d_256x240.png HTTP/1.1" 404 1089
200.72.197.82 - - [19/Mar/2018:10:21:43 -0300] "GET /cormun/static/Shared/jqueryui/images/ui-bg_flat_55_fafafa_40x100.png HTTP/1.1" 404 1097
200.72.197.82 - - [19/Mar/2018:10:21:43 -0300] "GET /cormun/static/Shared/jqueryui/images/ui-icons_8d78a5_256x240.png HTTP/1.1" 404 1089
186.103.132.155 - - [19/Mar/2018:10:21:43 -0300] "POST /cormun/servlet/trsolicitudot?e344c0d93ab73067bf0261b6fe99887a,gx-no-cache=1521465652006 HTTP/1.1" 200 4458
200.72.197.82 - - [19/Mar/2018:10:21:48 -0300] "GET /cormun/servlet/trautorizarsolicitud? HTTP/1.1" 200 8661
200.72.197.82 - - [19/Mar/2018:10:21:50 -0300] "GET /cormun/static/gxcfg.js?2017111423403364 HTTP/1.1" 304 -
200.72.197.82 - - [19/Mar/2018:10:21:56 -0300] "GET /cormun/servlet/trautorizarsolicitud? HTTP/1.1" 200 8661
200.111.122.170 - - [19/Mar/2018:10:22:17 -0300] "POST /cormun/servlet/trautorizarsolicitud?e344c0d93ab73067bf0261b6fe99887a,,gx-no-cache=1521465686342 HTTP/1.1" 200 5796
200.111.122.170 - - [19/Mar/2018:10:22:18 -0300] "GET /cormun/static/Shared/jqueryui/images/ui-bg_highlight-soft_100_c6c2c8_1x100.png HTTP/1.1" 404 1117
200.72.197.82 - - [19/Mar/2018:10:22:18 -0300] "GET /cormun/static/Shared/jqueryui/images/ui-icons_82798d_256x240.png HTTP/1.1" 404 1089
200.111.122.170 - - [19/Mar/2018:10:22:18 -0300] "GET /cormun/static/Shared/jqueryui/images/ui-bg_flat_55_fafafa_40x100.png HTTP/1.1" 404 1097
186.103.132.155 - - [19/Mar/2018:10:22:18 -0300] "GET /cormun/static/Shared/jqueryui/images/ui-icons_8d78a5_256x240.png HTTP/1.1" 404 1089
186.103.132.155 - - [19/Mar/2018:10:22:18 -0300] "POST /cormun/servlet/trautorizarsolicitud?e344c0d93ab73067bf0261b6fe99887a,,gx-no-cache=1521465687260 HTTP/1.1" 200 5742
186.103.159.182 - - [19/Mar/2018:10:22:23 -0300] "POST /cormun/servlet/vesolicitudot?ecd278aaa7de697feabb8e2c76721273,2018,10597,,,gx-no-cache=1521465692450 HTTP/1.1" 200 93
186.103.159.182 - - [19/Mar/2018:10:22:23 -0300] "GET /cormun/servlet/hpexe_return? HTTP/1.1" 200 1009
186.103.159.182 - - [19/Mar/2018:10:22:23 -0300] "GET /cormun/servlet/trsolicitudot? HTTP/1.1" 200 11392
186.103.159.182 - - [19/Mar/2018:10:22:25 -0300] "GET /cormun/servlet/trsolicitudot? HTTP/1.1" 200 11388
186.103.132.155 - - [19/Mar/2018:10:22:28 -0300] "GET /cormun/servlet/veautorizarsolicitud?2018,10595,, HTTP/1.1" 200 8582
200.111.122.170 - - [19/Mar/2018:10:22:29 -0300] "GET /cormun/static/gxcfg.js?2017111423404691 HTTP/1.1" 304 -
200.72.197.82 - - [19/Mar/2018:10:22:29 -0300] "GET /cormun/pexe_scrolldiv.js HTTP/1.1" 404 1009
200.72.197.82 - - [19/Mar/2018:10:22:29 -0300] "GET /cormun/pexe_scrolldiv.js HTTP/1.1" 404 1009
186.103.132.155 - - [19/Mar/2018:10:22:30 -0300] "GET /cormun/servlet/veautorizarsolicitud?2018,10595,, HTTP/1.1" 200 8581
186.103.159.182 - - [19/Mar/2018:10:22:33 -0300] "GET /cormun/servlet/vesolicitudot?2018,10593,, HTTP/1.1" 200 8634
186.103.159.182 - - [19/Mar/2018:10:22:33 -0300] "GET /cormun/pexe_scrolldiv.js HTTP/1.1" 404 1009
186.103.159.182 - - [19/Mar/2018:10:22:33 -0300] "GET /cormun/pexe_scrolldiv.js HTTP/1.1" 404 1009
186.103.159.182 - - [19/Mar/2018:10:22:34 -0300] "GET /cormun/static/calendar-system.css HTTP/1.1" 200 5572
186.103.159.182 - - [19/Mar/2018:10:22:34 -0300] "GET /cormun/servlet/vesolicitudot?2018,10593,, HTTP/1.1" 200 8633
186.103.159.189 - - [19/Mar/2018:10:22:35 -0300] "POST /cormun/servlet/solicitudot?gx-no-cache=1521465705180 HTTP/1.1" 200 3284
186.103.159.189 - - [19/Mar/2018:10:22:35 -0300] "POST /cormun/servlet/solicitudot?def60b1afec6129459c66a150eb06693,INS,0,0,,gx-no-cache=1521465705577 HTTP/1.1" 200 10249
186.103.159.189 - - [19/Mar/2018:10:22:38 -0300] "GET /cormun/servlet/solicitudot?09a19fa38e014f29ac5a73e1049e271aded353117bfa13add8f640071eb530b00513667d288c14de64b8e3fe64ef4d5d,gx-no-cache=1521465708499 HTTP/1.1" 200 111
186.103.159.189 - - [19/Mar/2018:10:22:38 -0300] "GET /cormun/static/Shared/jqueryui/images/ui-bg_highlight-soft_100_c6c2c8_1x100.png HTTP/1.1" 404 1117
186.103.159.189 - - [19/Mar/2018:10:22:38 -0300] "GET /cormun/static/Shared/jqueryui/images/ui-icons_82798d_256x240.png HTTP/1.1" 404 1089
186.103.159.189 - - [19/Mar/2018:10:22:38 -0300] "GET /cormun/static/Shared/jqueryui/images/ui-icons_ebccce_256x240.png HTTP/1.1" 404 1089
186.103.159.189 - - [19/Mar/2018:10:22:38 -0300] "GET /cormun/static/Shared/jqueryui/images/ui-bg_flat_55_994d53_40x100.png HTTP/1.1" 404 1097
186.103.159.182 - - [19/Mar/2018:10:23:14 -0300] "POST /cormun/servlet/vesolicitudot?ecd278aaa7de697feabb8e2c76721273,2018,10593,,,gx-no-cache=1521465743108 HTTP/1.1" 200 93
186.103.159.182 - - [19/Mar/2018:10:23:14 -0300] "GET /cormun/servlet/hpexe_return? HTTP/1.1" 200 1008
186.103.159.182 - - [19/Mar/2018:10:23:14 -0300] "GET /cormun/servlet/trsolicitudot HTTP/1.1" 200 11392
186.103.159.182 - - [19/Mar/2018:10:23:14 -0300] "GET /cormun/servlet/hlogin HTTP/1.1" 200 1712
186.103.159.182 - - [19/Mar/2018:10:23:14 -0300] "GET /cormun/static/gxtimezone.js?85251 HTTP/1.1" 200 5781
186.103.159.182 - - [19/Mar/2018:10:23:14 -0300] "GET /cormun/static/gxcfg.js?20175251213516 HTTP/1.1" 200 953
186.103.159.182 - - [19/Mar/2018:10:23:14 -0300] "GET /cormun/static/messages.spa.js?85251 HTTP/1.1" 200 30736
186.103.159.182 - - [19/Mar/2018:10:23:14 -0300] "GET /cormun/static/hlogin.js?20175251213537 HTTP/1.1" 200 2136
186.103.159.182 - - [19/Mar/2018:10:23:14 -0300] "GET /cormun/static/Resources/Spanish/PXTools.css?11423723 HTTP/1.1" 200 89042
186.103.159.182 - - [19/Mar/2018:10:23:14 -0300] "GET /cormun/static/gxgral.js?85251 HTTP/1.1" 200 384558
186.103.159.182 - - [19/Mar/2018:10:23:15 -0300] "GET /cormun/static/Resources/ComunLogin.png HTTP/1.1" 200 17326
186.103.159.182 - - [19/Mar/2018:10:23:15 -0300] "GET /cormun/static/Resources/indicator.gif HTTP/1.1" 200 1553
186.103.159.182 - - [19/Mar/2018:10:23:15 -0300] "GET /cormun/static/Resources/PXToolsLoginBackground.png HTTP/1.1" 200 1164
186.103.159.182 - - [19/Mar/2018:10:23:15 -0300] "GET /cormun/static/Resources/PXToolsLoginTop.png HTTP/1.1" 200 1337
186.103.159.182 - - [19/Mar/2018:10:23:15 -0300] "GET /cormun/static/Resources/PXToolsButtonLeft21.png HTTP/1.1" 200 1287
186.103.159.182 - - [19/Mar/2018:10:23:15 -0300] "GET /cormun/static/Resources/PXToolsButtonRight21.png HTTP/1.1" 200 1283
186.103.159.182 - - [19/Mar/2018:10:23:15 -0300] "GET /cormun/static/Resources/PXToolsLoginBottom.png HTTP/1.1" 200 1389
186.103.159.182 - - [19/Mar/2018:10:23:15 -0300] "GET /cormun/static/Resources/PXToolsButtonBackground2.png HTTP/1.1" 200 1181
186.103.159.182 - - [19/Mar/2018:10:23:16 -0300] "GET /cormun/servlet/trsolicitudot HTTP/1.1" 200 11388
186.103.159.182 - - [19/Mar/2018:10:23:19 -0300] "GET /cormun/servlet/vesolicitudot?2018,10591,, HTTP/1.1" 200 8612
186.103.159.182 - - [19/Mar/2018:10:23:19 -0300] "GET /cormun/pexe_scrolldiv.js HTTP/1.1" 404 1009
186.103.159.182 - - [19/Mar/2018:10:23:20 -0300] "GET /cormun/servlet/vesolicitudot?2018,10591,, HTTP/1.1" 200 8611
186.103.132.155 - - [19/Mar/2018:10:23:27 -0300] "POST /cormun/servlet/veautorizarsolicitud?e344c0d93ab73067bf0261b6fe99887a,2018,10595,,,gx-no-cache=1521465754895 HTTP/1.1" 200 93
186.103.132.155 - - [19/Mar/2018:10:23:27 -0300] "GET /cormun/servlet/hpexe_return? HTTP/1.1" 200 1016
186.103.132.155 - - [19/Mar/2018:10:23:27 -0300] "GET /cormun/servlet/trautorizarsolicitud? HTTP/1.1" 200 7321
186.103.132.155 - - [19/Mar/2018:10:23:29 -0300] "GET /cormun/servlet/trautorizarsolicitud? HTTP/1.1" 200 7317
190.151.100.218 - - [19/Mar/2018:10:23:31 -0300] "GET /cormun/servlet/hlogin HTTP/1.1" 200 1741
186.103.159.182 - - [19/Mar/2018:10:23:56 -0300] "POST /cormun/servlet/vesolicitudot?ecd278aaa7de697feabb8e2c76721273,2018,10591,,,gx-no-cache=1521465785390 HTTP/1.1" 200 93
186.103.159.182 - - [19/Mar/2018:10:23:56 -0300] "GET /cormun/servlet/hpexe_return? HTTP/1.1" 200 1007
186.103.159.182 - - [19/Mar/2018:10:23:57 -0300] "GET /cormun/servlet/trsolicitudot HTTP/1.1" 200 11392
186.103.159.182 - - [19/Mar/2018:10:23:58 -0300] "GET /cormun/servlet/trsolicitudot HTTP/1.1" 200 11388
186.103.159.182 - - [19/Mar/2018:10:24:03 -0300] "GET /cormun/servlet/vesolicitudot?2018,10590,, HTTP/1.1" 200 8622
186.103.159.182 - - [19/Mar/2018:10:24:03 -0300] "GET /cormun/pexe_scrolldiv.js HTTP/1.1" 404 1009
186.103.159.182 - - [19/Mar/2018:10:24:03 -0300] "GET /cormun/pexe_scrolldiv.js HTTP/1.1" 404 1009
186.103.159.182 - - [19/Mar/2018:10:24:04 -0300] "GET /cormun/servlet/vesolicitudot?2018,10590,, HTTP/1.1" 200 8622
186.103.159.189 - - [19/Mar/2018:10:24:26 -0300] "POST /cormun/servlet/solicitudot?def60b1afec6129459c66a150eb06693,INS,0,0,,gx-no-cache=1521465816722 HTTP/1.1" 200 10397
186.103.159.189 - - [19/Mar/2018:10:24:26 -0300] "GET /cormun/static/Shared/jqueryui/images/ui-bg_flat_55_fafafa_40x100.png HTTP/1.1" 404 1097
186.103.159.189 - - [19/Mar/2018:10:24:26 -0300] "GET /cormun/static/Shared/jqueryui/images/ui-icons_8d78a5_256x240.png HTTP/1.1" 404 1089
186.103.159.189 - - [19/Mar/2018:10:24:32 -0300] "GET /cormun/servlet/solicitudot?09a19fa38e014f29ac5a73e1049e271aded353117bfa13add8f640071eb530b00513667d288c14de64b8e3fe64ef4d5d,gx-no-cache=1521465822568 HTTP/1.1" 200 111
186.103.159.189 - - [19/Mar/2018:10:24:32 -0300] "GET /cormun/servlet/solicitudot?09a19fa38e014f29ac5a73e1049e271abc4dfd0d4ac74055a626a89698282f4d,gx-no-cache=1521465822675 HTTP/1.1" 200 94
186.103.159.189 - - [19/Mar/2018:10:24:32 -0300] "GET /cormun/servlet/solicitudot?09a19fa38e014f29ac5a73e1049e271ae57343e299b3d8e1168dc4a035fd7493,gx-no-cache=1521465822723 HTTP/1.1" 200 29
186.103.159.189 - - [19/Mar/2018:10:24:36 -0300] "POST /cormun/servlet/solicitudot?gx-no-cache=1521465826935 HTTP/1.1" 200 255
186.103.159.189 - - [19/Mar/2018:10:24:39 -0300] "GET /cormun/servlet/solicitudot?09a19fa38e014f29ac5a73e1049e271af1440efc9909f70a0df2a6c0912085704927559897d7af5819d586945592db180922fb95927fd9319c3324454a005f36110218d40967fa977cbbbbff6cc9c9e84399d0b3e3a535a4cbc9c0402d4fcc3df6ffcb73b0883503780a79aa4da49cfce374fb8a0ddb538e1e080bf5e6f2b1bc178ff6a09e7ce0d878b75df6ad9eb6ffe4f6bb7c4034101d71decb4b2d942442a8b3405799a121f5e43bdbe93ec15a6846de1556de646b5ae0844a6caa794b40f03bc3655dd5b380d99bfcbc48dfdad1b31cb7d54db66f20e97c6a7b72a7f1e823cb50740aa71e7f3532aad4375efe73bef7f51db7fad185fa3aa451b54b0ea5f31e9a9df2fb1b9d82ab401f296061121ca2437f9dbc0b28c2626c55c91fddfb59394e36723895502074b9757d51625418b99d58f35fa8b9fe7e78e02fbf9e4669eaf6a5a52cfd12afbda3640fcdc4cde808ebc817b6be19e420e8bf286a454480342a9804545a630e6f4f1f39ad6cceda1ebda1c7fb093514bdd022b0dd06b7,gx-no-cache=1521465829748 HTTP/1.1" 200 30
186.103.159.189 - - [19/Mar/2018:10:24:42 -0300] "POST /cormun/servlet/solicitudot?gx-no-cache=1521465832964 HTTP/1.1" 200 30
186.103.159.189 - - [19/Mar/2018:10:24:44 -0300] "POST /cormun/servlet/solicitudot?gx-no-cache=1521465834991 HTTP/1.1" 200 1333
186.103.159.182 - - [19/Mar/2018:10:24:44 -0300] "POST /cormun/servlet/vesolicitudot?ecd278aaa7de697feabb8e2c76721273,2018,10590,,,gx-no-cache=1521465833722 HTTP/1.1" 200 93
186.103.159.182 - - [19/Mar/2018:10:24:44 -0300] "GET /cormun/servlet/hpexe_return? HTTP/1.1" 200 1008
186.103.159.189 - - [19/Mar/2018:10:24:44 -0300] "POST /cormun/servlet/solicitudot?gx-no-cache=1521465835119 HTTP/1.1" 200 38
186.103.159.182 - - [19/Mar/2018:10:24:45 -0300] "GET /cormun/servlet/trsolicitudot HTTP/1.1" 200 11392
186.103.159.182 - - [19/Mar/2018:10:24:46 -0300] "GET /cormun/servlet/trsolicitudot HTTP/1.1" 200 11388
186.103.159.182 - - [19/Mar/2018:10:24:59 -0300] "GET /cormun/servlet/vesolicitudot?2018,10589,, HTTP/1.1" 200 8650
186.103.159.182 - - [19/Mar/2018:10:24:59 -0300] "GET /cormun/pexe_scrolldiv.js HTTP/1.1" 404 1009
186.103.159.182 - - [19/Mar/2018:10:24:59 -0300] "GET /cormun/pexe_scrolldiv.js HTTP/1.1" 404 1009
200.111.191.210 - - [19/Mar/2018:10:24:59 -0300] "GET /cormun/servlet/trsolicitudot? HTTP/1.1" 200 8524
200.111.191.210 - - [19/Mar/2018:10:25:00 -0300] "GET /cormun/servlet/trsolicitudot? HTTP/1.1" 200 8518
186.103.159.182 - - [19/Mar/2018:10:25:00 -0300] "GET /cormun/servlet/vesolicitudot?2018,10589,, HTTP/1.1" 200 8649
200.111.191.210 - - [19/Mar/2018:10:25:02 -0300] "POST /cormun/servlet/trsolicitudot?19bd190b1888e39e6b31c7e267a1dfc8,,gx-no-cache=1521465851558 HTTP/1.1" 200 4472
200.111.191.210 - - [19/Mar/2018:10:25:02 -0300] "GET /cormun/static/Shared/jqueryui/images/ui-bg_highlight-soft_100_c6c2c8_1x100.png HTTP/1.1" 404 1117
200.111.191.210 - - [19/Mar/2018:10:25:02 -0300] "GET /cormun/static/Shared/jqueryui/images/ui-icons_82798d_256x240.png HTTP/1.1" 404 1089
200.111.191.210 - - [19/Mar/2018:10:25:02 -0300] "GET /cormun/static/Shared/jqueryui/images/ui-bg_flat_55_fafafa_40x100.png HTTP/1.1" 404 1097
200.111.191.210 - - [19/Mar/2018:10:25:02 -0300] "GET /cormun/static/Shared/jqueryui/images/ui-icons_8d78a5_256x240.png HTTP/1.1" 404 1089
200.111.191.210 - - [19/Mar/2018:10:25:02 -0300] "POST /cormun/servlet/trsolicitudot?19bd190b1888e39e6b31c7e267a1dfc8,,gx-no-cache=1521465851811 HTTP/1.1" 200 4257
200.111.191.210 - - [19/Mar/2018:10:25:04 -0300] "GET /cormun/servlet/trpermisosgoce? HTTP/1.1" 200 9450
200.111.191.210 - - [19/Mar/2018:10:25:05 -0300] "GET /cormun/servlet/trpermisosgoce? HTTP/1.1" 200 9449
200.111.191.210 - - [19/Mar/2018:10:25:06 -0300] "GET /cormun/servlet/hlogin HTTP/1.1" 200 1736
186.103.159.189 - - [19/Mar/2018:10:25:11 -0300] "GET /cormun/servlet/solicitudot?09a19fa38e014f29ac5a73e1049e271a73d4db5ce050cee8f88976f9438ebb54f2aaf7d6d73e5544ded02f82d386338eb33cf74cc6c4d5a3573f0580a78cc2e7a2078261cb35e5d192d54c1b26833fe9c84fb2519e4c5893bdda8fd287bd5236361c37ab44b105c4d7a12ee1eaec642b,gx-no-cache=1521465861439 HTTP/1.1" 200 29
186.103.159.189 - - [19/Mar/2018:10:25:11 -0300] "POST /cormun/servlet/solicitudot?gx-no-cache=1521465861545 HTTP/1.1" 200 1318
186.103.159.189 - - [19/Mar/2018:10:25:11 -0300] "POST /cormun/servlet/solicitudot?gx-no-cache=1521465861609 HTTP/1.1" 200 1215
186.103.159.189 - - [19/Mar/2018:10:25:38 -0300] "GET /cormun/static/menuarrow.gif HTTP/1.1" 404 1015
186.103.159.189 - - [19/Mar/2018:10:25:42 -0300] "GET /cormun/servlet/solicitudot?09a19fa38e014f29ac5a73e1049e271ac2eb014253cfff0f20108192b772ffb0e1ef0b4465c8a6ee3710c8a72e72c47b,gx-no-cache=1521465893003 HTTP/1.1" 200 30
186.103.159.182 - - [19/Mar/2018:10:25:43 -0300] "POST /cormun/servlet/vesolicitudot?ecd278aaa7de697feabb8e2c76721273,2018,10589,,,gx-no-cache=1521465892614 HTTP/1.1" 200 93
186.103.159.182 - - [19/Mar/2018:10:25:43 -0300] "GET /cormun/servlet/hpexe_return? HTTP/1.1" 200 1008
186.103.159.182 - - [19/Mar/2018:10:25:44 -0300] "GET /cormun/servlet/trsolicitudot HTTP/1.1" 200 11392
186.103.159.182 - - [19/Mar/2018:10:25:45 -0300] "GET /cormun/servlet/trsolicitudot HTTP/1.1" 200 11388
186.103.159.189 - - [19/Mar/2018:10:25:50 -0300] "POST /cormun/servlet/solicitudot?gx-no-cache=1521465900260 HTTP/1.1" 200 30
186.103.159.182 - - [19/Mar/2018:10:25:52 -0300] "GET /cormun/servlet/vesolicitudot?2018,10586,, HTTP/1.1" 200 8635
186.103.159.182 - - [19/Mar/2018:10:25:52 -0300] "GET /cormun/pexe_scrolldiv.js HTTP/1.1" 404 1009
186.103.159.182 - - [19/Mar/2018:10:25:52 -0300] "GET /cormun/pexe_scrolldiv.js HTTP/1.1" 404 1009
186.103.159.182 - - [19/Mar/2018:10:25:54 -0300] "GET /cormun/servlet/vesolicitudot?2018,10586,, HTTP/1.1" 200 8634
186.103.159.182 - - [19/Mar/2018:10:26:02 -0300] "POST /cormun/servlet/vesolicitudot?ecd278aaa7de697feabb8e2c76721273,2018,10586,,,gx-no-cache=1521465911760 HTTP/1.1" 200 93
186.103.159.182 - - [19/Mar/2018:10:26:02 -0300] "GET /cormun/servlet/hpexe_return? HTTP/1.1" 200 1008
186.103.159.182 - - [19/Mar/2018:10:26:03 -0300] "GET /cormun/servlet/trsolicitudot HTTP/1.1" 200 11392
186.103.159.182 - - [19/Mar/2018:10:26:04 -0300] "GET /cormun/servlet/trsolicitudot HTTP/1.1" 200 11388
186.103.159.182 - - [19/Mar/2018:10:26:08 -0300] "GET /cormun/servlet/vesolicitudot?2018,10585,, HTTP/1.1" 200 8635
186.103.159.182 - - [19/Mar/2018:10:26:09 -0300] "GET /cormun/pexe_scrolldiv.js HTTP/1.1" 404 1009
186.103.159.182 - - [19/Mar/2018:10:26:09 -0300] "GET /cormun/pexe_scrolldiv.js HTTP/1.1" 404 1009
186.103.159.182 - - [19/Mar/2018:10:26:10 -0300] "GET /cormun/servlet/vesolicitudot?2018,10585,, HTTP/1.1" 200 8634
186.103.159.182 - - [19/Mar/2018:10:26:16 -0300] "POST /cormun/servlet/vesolicitudot?ecd278aaa7de697feabb8e2c76721273,2018,10585,,,gx-no-cache=1521465925304 HTTP/1.1" 200 93
186.103.159.182 - - [19/Mar/2018:10:26:16 -0300] "GET /cormun/servlet/hpexe_return? HTTP/1.1" 200 1008
186.103.159.182 - - [19/Mar/2018:10:26:16 -0300] "GET /cormun/servlet/trsolicitudot HTTP/1.1" 200 11392
186.103.159.182 - - [19/Mar/2018:10:26:18 -0300] "GET /cormun/servlet/trsolicitudot HTTP/1.1" 200 11388
186.103.159.182 - - [19/Mar/2018:10:26:24 -0300] "GET /cormun/servlet/vesolicitudot?2018,8716,, HTTP/1.1" 200 8626
186.103.159.182 - - [19/Mar/2018:10:26:24 -0300] "GET /cormun/pexe_scrolldiv.js HTTP/1.1" 404 1009
186.103.159.182 - - [19/Mar/2018:10:26:25 -0300] "GET /cormun/pexe_scrolldiv.js HTTP/1.1" 404 1009
186.103.159.182 - - [19/Mar/2018:10:26:26 -0300] "GET /cormun/servlet/vesolicitudot?2018,8716,, HTTP/1.1" 200 8626
200.111.122.170 - - [19/Mar/2018:10:26:44 -0300] "POST /cormun/servlet/hlogin?e344c0d93ab73067bf0261b6fe99887a,gx-no-cache=1521465941809 HTTP/1.1" 200 90
200.111.122.170 - - [19/Mar/2018:10:26:44 -0300] "GET /cormun/servlet/hpexe_link HTTP/1.1" 200 961
200.111.122.170 - - [19/Mar/2018:10:26:44 -0300] "GET /cormun/servlet/trautorizarsolicitud HTTP/1.1" 200 7319
186.103.159.182 - - [19/Mar/2018:10:26:44 -0300] "POST /cormun/servlet/vesolicitudot?ecd278aaa7de697feabb8e2c76721273,2018,8716,,,gx-no-cache=1521465953740 HTTP/1.1" 200 93
186.103.159.182 - - [19/Mar/2018:10:26:44 -0300] "GET /cormun/servlet/hpexe_return? HTTP/1.1" 200 1006
186.103.159.182 - - [19/Mar/2018:10:26:45 -0300] "GET /cormun/servlet/trsolicitudot HTTP/1.1" 200 11392
186.103.159.182 - - [19/Mar/2018:10:26:46 -0300] "GET /cormun/servlet/trsolicitudot HTTP/1.1" 200 11388
186.103.159.189 - - [19/Mar/2018:10:26:47 -0300] "POST /cormun/servlet/solicitudot?gx-no-cache=1521465957944 HTTP/1.1" 200 3324
186.103.159.189 - - [19/Mar/2018:10:26:48 -0300] "POST /cormun/servlet/solicitudot?def60b1afec6129459c66a150eb06693,INS,0,0,,gx-no-cache=1521465958171 HTTP/1.1" 200 11504
186.103.159.189 - - [19/Mar/2018:10:26:48 -0300] "GET /cormun/servlet/solicitudot?09a19fa38e014f29ac5a73e1049e271aacab8540fffe8d4bc235afa1be90badf0513667d288c14de64b8e3fe64ef4d5d,gx-no-cache=1521465958479 HTTP/1.1" 200 30
200.111.122.170 - - [19/Mar/2018:10:26:52 -0300] "GET /cormun/servlet/trautorizarsolicitud HTTP/1.1" 200 7318
186.103.159.182 - - [19/Mar/2018:10:26:59 -0300] "POST /cormun/servlet/trsolicitudot?ecd278aaa7de697feabb8e2c76721273,gx-no-cache=1521465968220 HTTP/1.1" 200 8356
186.103.159.189 - - [19/Mar/2018:10:27:30 -0300] "GET /cormun/servlet/solicitudot?09a19fa38e014f29ac5a73e1049e271a1969b60a9f1329cb147957e1682bec6fb156062583fc7966c44deeaa4ad2f67bb284cff447aa5807306150555c5da97b,gx-no-cache=1521466001115 HTTP/1.1" 200 30
186.103.159.189 - - [19/Mar/2018:10:27:31 -0300] "GET /cormun/servlet/solicitudot?09a19fa38e014f29ac5a73e1049e271ae57343e299b3d8e1168dc4a035fd7493,gx-no-cache=1521466001192 HTTP/1.1" 200 29
186.103.159.189 - - [19/Mar/2018:10:27:31 -0300] "POST /cormun/servlet/solicitudot?gx-no-cache=1521466001253 HTTP/1.1" 200 254
186.103.159.189 - - [19/Mar/2018:10:27:31 -0300] "GET /cormun/servlet/solicitudot?09a19fa38e014f29ac5a73e1049e271af1440efc9909f70a0df2a6c0912085704927559897d7af5819d586945592db180922fb95927fd9319c3324454a005f36110218d40967fa977cbbbbff6cc9c9e84399d0b3e3a535a4cbc9c0402d4fcc3df6ffcb73b0883503780a79aa4da49cfce374fb8a0ddb538e1e080bf5e6f2b1bc178ff6a09e7ce0d878b75df6ad9eb6ffe4f6bb7c4034101d71decb4b2d942442a8b3405799a121f5e43bdbe93ec15a6846de1556de646b5ae0844a6caa794b40f03bc3655dd5b380d99bfcbc48dfdad1b31cb7d54db66f20e97c6a7b72a7f1e823cb50740aa71e7f3532aad4375efe73bef7f51db7fad185fa3aa451b54b0ea5f31e9a9df2fb1b9d82ab401f296061121ca2437f9dbc0b28c2626c55c91fddfb59394e36723895502074b9757d51625418b99d58f35fa8b9fe7e78e02fbf9e4669eaf6a5a52cfd12afbda3640fcdc4cde808ebc817b6be19e420e8bf286a454480342a9804545a630e6f4f1f39ad6cce21b7bdea4cca26770711e3e98c64ec90,gx-no-cache=1521466001347 HTTP/1.1" 200 30
186.103.159.189 - - [19/Mar/2018:10:27:31 -0300] "POST /cormun/servlet/solicitudot?gx-no-cache=1521466001427 HTTP/1.1" 200 30
186.103.159.189 - - [19/Mar/2018:10:27:31 -0300] "POST /cormun/servlet/solicitudot?gx-no-cache=1521466001515 HTTP/1.1" 200 1335
186.103.159.189 - - [19/Mar/2018:10:27:31 -0300] "POST /cormun/servlet/solicitudot?gx-no-cache=1521466001598 HTTP/1.1" 200 41
186.103.159.189 - - [19/Mar/2018:10:27:31 -0300] "POST /cormun/servlet/solicitudot?gx-no-cache=1521466001659 HTTP/1.1" 200 1319
186.103.159.189 - - [19/Mar/2018:10:27:31 -0300] "POST /cormun/servlet/solicitudot?gx-no-cache=1521466001774 HTTP/1.1" 200 1219
186.103.159.189 - - [19/Mar/2018:10:27:31 -0300] "GET /cormun/servlet/solicitudot?09a19fa38e014f29ac5a73e1049e271ac2eb014253cfff0f20108192b772ffb0e1ef0b4465c8a6ee3710c8a72e72c47b,gx-no-cache=1521466001890 HTTP/1.1" 200 30
186.103.159.189 - - [19/Mar/2018:10:27:31 -0300] "POST /cormun/servlet/solicitudot?gx-no-cache=1521466001995 HTTP/1.1" 200 30
186.103.159.189 - - [19/Mar/2018:10:27:32 -0300] "POST /cormun/servlet/solicitudot?def60b1afec6129459c66a150eb06693,INS,0,0,,gx-no-cache=1521466002100 HTTP/1.1" 200 93
186.103.159.189 - - [19/Mar/2018:10:27:32 -0300] "GET /cormun/servlet/hpexe_return? HTTP/1.1" 200 1004
186.103.159.189 - - [19/Mar/2018:10:27:32 -0300] "GET /cormun/servlet/trsolicitudot HTTP/1.1" 200 8567
186.103.159.189 - - [19/Mar/2018:10:27:34 -0300] "GET /cormun/servlet/trsolicitudot HTTP/1.1" 200 8563
190.151.100.218 - - [19/Mar/2018:10:28:06 -0300] "GET /cormun/servlet/trautorizarsolicitud? HTTP/1.1" 200 7318
190.151.100.218 - - [19/Mar/2018:10:28:08 -0300] "GET /cormun/servlet/trautorizarsolicitud? HTTP/1.1" 200 7317
190.151.100.218 - - [19/Mar/2018:10:28:14 -0300] "POST /cormun/servlet/trautorizarsolicitud?e344c0d93ab73067bf0261b6fe99887a,,gx-no-cache=1521466043129 HTTP/1.1" 200 5763
186.103.159.182 - - [19/Mar/2018:10:28:14 -0300] "GET /cormun/servlet/hlogin HTTP/1.1" 200 1714
186.103.159.182 - - [19/Mar/2018:10:28:14 -0300] "GET /cormun/static/gxtimezone.js?85251 HTTP/1.1" 200 5781
186.103.159.182 - - [19/Mar/2018:10:28:14 -0300] "GET /cormun/static/gxcfg.js?20175251213516 HTTP/1.1" 200 953
186.103.159.182 - - [19/Mar/2018:10:28:14 -0300] "GET /cormun/static/hlogin.js?20175251213537 HTTP/1.1" 200 2136
186.103.159.182 - - [19/Mar/2018:10:28:14 -0300] "GET /cormun/static/messages.spa.js?85251 HTTP/1.1" 200 30736
186.103.159.182 - - [19/Mar/2018:10:28:14 -0300] "GET /cormun/static/Resources/Spanish/PXTools.css?11423723 HTTP/1.1" 200 89042
186.103.159.182 - - [19/Mar/2018:10:28:15 -0300] "GET /cormun/static/gxgral.js?85251 HTTP/1.1" 200 384558
186.103.159.182 - - [19/Mar/2018:10:28:15 -0300] "GET /cormun/static/Resources/ComunLogin.png HTTP/1.1" 200 17326
186.103.159.182 - - [19/Mar/2018:10:28:15 -0300] "GET /cormun/static/Resources/indicator.gif HTTP/1.1" 200 1553
186.103.159.182 - - [19/Mar/2018:10:28:15 -0300] "GET /cormun/static/Resources/PXToolsLoginTop.png HTTP/1.1" 200 1337
186.103.159.182 - - [19/Mar/2018:10:28:15 -0300] "GET /cormun/static/Resources/PXToolsLoginBackground.png HTTP/1.1" 200 1164
186.103.159.182 - - [19/Mar/2018:10:28:15 -0300] "GET /cormun/static/Resources/PXToolsButtonLeft21.png HTTP/1.1" 200 1287
186.103.159.182 - - [19/Mar/2018:10:28:15 -0300] "GET /cormun/static/Resources/PXToolsButtonRight21.png HTTP/1.1" 200 1283
186.103.159.182 - - [19/Mar/2018:10:28:15 -0300] "GET /cormun/static/Resources/PXToolsLoginBottom.png HTTP/1.1" 200 1389
186.103.159.182 - - [19/Mar/2018:10:28:15 -0300] "GET /cormun/static/Resources/PXToolsButtonBackground2.png HTTP/1.1" 200 1181
190.151.100.218 - - [19/Mar/2018:10:28:26 -0300] "GET /cormun/servlet/trsolicitudot? HTTP/1.1" 200 7415
190.151.100.218 - - [19/Mar/2018:10:28:27 -0300] "GET /cormun/servlet/trsolicitudot? HTTP/1.1" 200 7414
190.151.100.218 - - [19/Mar/2018:10:28:31 -0300] "GET /cormun/servlet/solicitudot?INS,0,0, HTTP/1.1" 200 13645
190.151.100.218 - - [19/Mar/2018:10:28:32 -0300] "GET /cormun/servlet/solicitudot?INS,0,0, HTTP/1.1" 200 13650
200.72.197.82 - - [19/Mar/2018:10:28:36 -0300] "GET /cormun/servlet/prfichaempleado?,MD,,gxPopupLevel%3D0%3B HTTP/1.1" 200 9363
200.72.197.82 - - [19/Mar/2018:10:28:36 -0300] "GET /cormun/static/gxcfg.js?20177612134814 HTTP/1.1" 304 -
186.103.159.182 - - [19/Mar/2018:10:28:42 -0300] "GET /cormun/servlet/hpexe_return? HTTP/1.1" 200 985
186.103.159.182 - - [19/Mar/2018:10:28:42 -0300] "GET /cormun/static/gxtimezone.js?85251 HTTP/1.1" 200 5781
186.103.159.182 - - [19/Mar/2018:10:28:42 -0300] "GET /cormun/static/gxcfg.js?2016101716175148 HTTP/1.1" 200 953
186.103.159.182 - - [19/Mar/2018:10:28:42 -0300] "GET /cormun/static/messages.spa.js?85251 HTTP/1.1" 200 30736
186.103.159.182 - - [19/Mar/2018:10:28:42 -0300] "GET /cormun/static/hpexe_return.js?2016101716175153 HTTP/1.1" 200 1633
186.103.159.182 - - [19/Mar/2018:10:28:42 -0300] "GET /cormun/static/Resources/Spanish/PXTools.css?167811 HTTP/1.1" 200 89042
186.103.159.182 - - [19/Mar/2018:10:28:42 -0300] "GET /cormun/static/RunJS/RunJS.js HTTP/1.1" 200 288
186.103.159.182 - - [19/Mar/2018:10:28:42 -0300] "GET /cormun/static/gxgral.js?85251 HTTP/1.1" 200 384558
186.103.159.182 - - [19/Mar/2018:10:28:42 -0300] "GET /cormun/static/Resources/indicator.gif HTTP/1.1" 200 1553
186.103.159.182 - - [19/Mar/2018:10:28:42 -0300] "GET /cormun/servlet/hhome HTTP/1.1" 200 3410
186.103.159.182 - - [19/Mar/2018:10:28:42 -0300] "GET /cormun/static/Shared/jqueryui/jquery-ui.min.css?1245370 HTTP/1.1" 200 30288
186.103.159.182 - - [19/Mar/2018:10:28:42 -0300] "GET /cormun/static/gxtimezone.js?85251 HTTP/1.1" 200 5781
