186.103.159.188 - - [19/Mar/2018:13:00:36 -0300] "POST /cormun/servlet/solicitudotadjuntos?67a6f4b3957f183bfe6da1822ab4b79f,INS,2018,10622,,1,,gx-no-cache=1521475185659 HTTP/1.1" 200 3802
192.168.10.89 - - [19/Mar/2018:13:00:38 -0300] "GET /cormun/PublicTempStorage/ci_pablo6803665.PDF HTTP/1.1" 200 819511
186.103.159.188 - - [19/Mar/2018:13:00:38 -0300] "POST /cormun/servlet/solicitudotadjuntos?gx-no-cache=1521475187507 HTTP/1.1" 200 26
186.103.159.188 - - [19/Mar/2018:13:00:45 -0300] "GET /cormun/servlet/solicitudotadjuntos?2397385968c57f5a701d8dcec0ef2948562ce53b8d21ef9750331790446cf16a,gx-no-cache=1521475194647 HTTP/1.1" 200 30
186.103.159.188 - - [19/Mar/2018:13:00:45 -0300] "GET /cormun/servlet/solicitudotadjuntos?2397385968c57f5a701d8dcec0ef2948562ce53b8d21ef9750331790446cf16a,gx-no-cache=1521475194674 HTTP/1.1" 200 30
186.103.159.188 - - [19/Mar/2018:13:00:48 -0300] "POST /cormun/servlet/solicitudotadjuntos?67a6f4b3957f183bfe6da1822ab4b79f,INS,2018,10622,,1, HTTP/1.1" 200 116
186.103.159.188 - - [19/Mar/2018:13:00:48 -0300] "GET /cormun/servlet/hpexe_return? HTTP/1.1" 200 1030
186.103.159.188 - - [19/Mar/2018:13:00:48 -0300] "GET /cormun/servlet/trsolicitudadjuntos?2018,10622, HTTP/1.1" 200 8491
186.103.159.188 - - [19/Mar/2018:13:00:49 -0300] "GET /cormun/servlet/trsolicitudadjuntos?2018,10622, HTTP/1.1" 200 8488
186.103.159.188 - - [19/Mar/2018:13:00:52 -0300] "GET /cormun/servlet/solicitudotadjuntos?INS,2018,10622,,1, HTTP/1.1" 200 5997
186.103.159.188 - - [19/Mar/2018:13:00:52 -0300] "GET /cormun/static/about:blank HTTP/1.1" 404 1011
190.161.236.41 - - [19/Mar/2018:13:00:52 -0300] "GET /cormun/servlet/solicitudotadjuntos?INS,2018,10622,,1, HTTP/1.1" 200 5990
190.161.236.41 - - [19/Mar/2018:13:00:53 -0300] "GET /cormun/servlet/solicitudotadjuntos?2397385968c57f5a701d8dcec0ef2948dd31cb15382f1fe3ab38e60f6817ddf1f1035860c306b8aa22f3cff292e1d3ac,gx-no-cache=1521475201908 HTTP/1.1" 200 30
190.161.236.41 - - [19/Mar/2018:13:00:53 -0300] "POST /cormun/servlet/solicitudotadjuntos?67a6f4b3957f183bfe6da1822ab4b79f,INS,2018,10622,,1,,gx-no-cache=1521475201981 HTTP/1.1" 200 3801
192.168.10.89 - - [19/Mar/2018:13:00:54 -0300] "GET /cormun/servlet/vesolicitudgral?2018,10470,,SolicitudOTAdjuntos HTTP/1.1" 200 11517
192.168.10.89 - - [19/Mar/2018:13:00:54 -0300] "GET /cormun/pexe_scrolldiv.js HTTP/1.1" 404 1009
192.168.10.89 - - [19/Mar/2018:13:00:56 -0300] "POST /cormun/servlet/acontrolpreferencessavestate?None,CDROGUETT,true HTTP/1.1" 200 35
192.168.10.89 - - [19/Mar/2018:13:00:58 -0300] "GET /cormun/PublicTempStorage/afp_pablo775041.PDF HTTP/1.1" 200 495154
201.215.248.160 - - [19/Mar/2018:13:01:02 -0300] "POST /cormun/servlet/solicitudot?gx-no-cache=1521475209292 HTTP/1.1" 200 3284
201.215.248.160 - - [19/Mar/2018:13:01:03 -0300] "POST /cormun/servlet/solicitudot?9f2a16a63c69e0c9a4465caaaf0d361c,INS,0,0,,gx-no-cache=1521475210070 HTTP/1.1" 200 10433
192.168.10.89 - - [19/Mar/2018:13:01:05 -0300] "GET /cormun/servlet/vesolicitudgral?2018,10470,,SolicitudOTAdjuntos HTTP/1.1" 200 11521
192.168.10.89 - - [19/Mar/2018:13:01:05 -0300] "GET /cormun/pexe_scrolldiv.js HTTP/1.1" 404 1009
192.168.10.89 - - [19/Mar/2018:13:01:06 -0300] "POST /cormun/servlet/acontrolpreferencessavestate?None,CDROGUETT,true HTTP/1.1" 200 35
192.168.10.89 - - [19/Mar/2018:13:01:07 -0300] "GET /cormun/PublicTempStorage/salud_pablo7573676.PDF HTTP/1.1" 200 556399
190.161.236.41 - - [19/Mar/2018:13:01:08 -0300] "POST /cormun/servlet/solicitudotadjuntos?gx-no-cache=1521475217526 HTTP/1.1" 200 26
201.215.248.160 - - [19/Mar/2018:13:01:08 -0300] "GET /cormun/servlet/prfichaempleado?,MD,,gxPopupLevel%3D0%3B HTTP/1.1" 200 9366
201.215.248.160 - - [19/Mar/2018:13:01:09 -0300] "GET /cormun/static/gxcfg.js?20177612134814 HTTP/1.1" 304 -
192.168.10.89 - - [19/Mar/2018:13:01:14 -0300] "GET /cormun/servlet/vesolicitudgral?2018,10470,,SolicitudOTAdjuntos HTTP/1.1" 200 11519
192.168.10.89 - - [19/Mar/2018:13:01:14 -0300] "GET /cormun/pexe_scrolldiv.js HTTP/1.1" 404 1009
192.168.10.89 - - [19/Mar/2018:13:01:16 -0300] "POST /cormun/servlet/acontrolpreferencessavestate?None,CDROGUETT,true HTTP/1.1" 200 35
192.168.10.89 - - [19/Mar/2018:13:01:17 -0300] "GET /cormun/PublicTempStorage/ca_pablo4993313.PDF HTTP/1.1" 200 963595
190.161.236.41 - - [19/Mar/2018:13:01:17 -0300] "GET /cormun/servlet/solicitudotadjuntos?2397385968c57f5a701d8dcec0ef2948562ce53b8d21ef9750331790446cf16a,gx-no-cache=1521475226166 HTTP/1.1" 200 30
192.168.10.56 - - [19/Mar/2018:13:01:17 -0300] "POST /cormun/servlet/solicitudgral2?gx-no-cache=1521475111633 HTTP/1.1" 200 1297
192.168.10.56 - - [19/Mar/2018:13:01:17 -0300] "POST /cormun/servlet/solicitudgral2?gx-no-cache=1521475111661 HTTP/1.1" 200 1219
192.168.10.56 - - [19/Mar/2018:13:01:17 -0300] "GET /cormun/servlet/solicitudgral2?e6a754d55b6d0cdd1800541050032b6dd83798e1642b038286939c31c6e3cc1c91f95b5b57a306ceb29ff517f23ef001aeda0416a848b1c4013b9702af4209d9c7edf4fc23499e31c8c05a561669261ebe35fb1dc37b1595eaa90f1ac23cbb5ea913b81d8069ff6fe7f9769d7fd3189030f42cfe22b105484d9cbdc7bbe42c74,gx-no-cache=1521475111695 HTTP/1.1" 200 30
190.161.236.41 - - [19/Mar/2018:13:01:17 -0300] "GET /cormun/servlet/solicitudotadjuntos?2397385968c57f5a701d8dcec0ef2948562ce53b8d21ef9750331790446cf16a,gx-no-cache=1521475226237 HTTP/1.1" 200 30
192.168.10.56 - - [19/Mar/2018:13:01:17 -0300] "POST /cormun/servlet/solicitudgral2?ab9f73bdec93eaa18ddb93e9d6de88f0,UPD,2018,10580,,gx-no-cache=1521475111760 HTTP/1.1" 200 93
192.168.10.56 - - [19/Mar/2018:13:01:17 -0300] "GET /cormun/servlet/hpexe_return? HTTP/1.1" 200 1020
192.168.10.56 - - [19/Mar/2018:13:01:18 -0300] "GET /cormun/servlet/trsolicitudgral? HTTP/1.1" 200 11855
192.168.10.56 - - [19/Mar/2018:13:01:18 -0300] "GET /cormun/servlet/trsolicitudgral? HTTP/1.1" 200 11850
190.161.236.41 - - [19/Mar/2018:13:01:21 -0300] "POST /cormun/servlet/solicitudotadjuntos?67a6f4b3957f183bfe6da1822ab4b79f,INS,2018,10622,,1, HTTP/1.1" 200 116
190.161.236.41 - - [19/Mar/2018:13:01:21 -0300] "GET /cormun/servlet/hpexe_return? HTTP/1.1" 200 1030
190.161.236.41 - - [19/Mar/2018:13:01:21 -0300] "GET /cormun/servlet/trsolicitudadjuntos?2018,10622, HTTP/1.1" 200 8741
190.161.236.41 - - [19/Mar/2018:13:01:22 -0300] "GET /cormun/servlet/trsolicitudadjuntos?2018,10622, HTTP/1.1" 200 8741
192.168.10.89 - - [19/Mar/2018:13:01:23 -0300] "GET /cormun/servlet/vesolicitudgral?2018,10470,,SolicitudOTAdjuntos HTTP/1.1" 200 11522
192.168.10.89 - - [19/Mar/2018:13:01:24 -0300] "GET /cormun/pexe_scrolldiv.js HTTP/1.1" 404 1009
190.161.236.41 - - [19/Mar/2018:13:01:24 -0300] "GET /cormun/servlet/solicitudotadjuntos?INS,2018,10622,,1, HTTP/1.1" 200 5997
192.168.10.56 - - [19/Mar/2018:13:01:24 -0300] "POST /cormun/servlet/trsolicitudgral?ab9f73bdec93eaa18ddb93e9d6de88f0,,gx-no-cache=1521475118882 HTTP/1.1" 200 6157
190.161.236.41 - - [19/Mar/2018:13:01:24 -0300] "GET /cormun/static/about:blank HTTP/1.1" 404 1011
192.168.10.56 - - [19/Mar/2018:13:01:24 -0300] "GET /cormun/static/Shared/jqueryui/images/ui-bg_highlight-soft_100_c6c2c8_1x100.png HTTP/1.1" 404 1117
192.168.10.56 - - [19/Mar/2018:13:01:24 -0300] "GET /cormun/static/Shared/jqueryui/images/ui-icons_82798d_256x240.png HTTP/1.1" 404 1089
192.168.10.56 - - [19/Mar/2018:13:01:24 -0300] "GET /cormun/static/Shared/jqueryui/images/ui-bg_flat_55_fafafa_40x100.png HTTP/1.1" 404 1097
192.168.10.56 - - [19/Mar/2018:13:01:24 -0300] "GET /cormun/static/Shared/jqueryui/images/ui-icons_8d78a5_256x240.png HTTP/1.1" 404 1089
186.103.159.188 - - [19/Mar/2018:13:01:25 -0300] "GET /cormun/servlet/solicitudotadjuntos?INS,2018,10622,,1, HTTP/1.1" 200 5990
192.168.10.89 - - [19/Mar/2018:13:01:25 -0300] "POST /cormun/servlet/acontrolpreferencessavestate?None,CDROGUETT,true HTTP/1.1" 200 35
186.103.159.188 - - [19/Mar/2018:13:01:25 -0300] "GET /cormun/servlet/solicitudotadjuntos?2397385968c57f5a701d8dcec0ef2948dd31cb15382f1fe3ab38e60f6817ddf1f1035860c306b8aa22f3cff292e1d3ac,gx-no-cache=1521475234366 HTTP/1.1" 200 30
186.103.159.188 - - [19/Mar/2018:13:01:26 -0300] "POST /cormun/servlet/solicitudotadjuntos?67a6f4b3957f183bfe6da1822ab4b79f,INS,2018,10622,,1,,gx-no-cache=1521475234814 HTTP/1.1" 200 3801
192.168.10.89 - - [19/Mar/2018:13:01:26 -0300] "GET /cormun/PublicTempStorage/curriculum_pablo6055563.PDF HTTP/1.1" 200 2320563
192.168.10.56 - - [19/Mar/2018:13:01:29 -0300] "POST /cormun/servlet/trsolicitudgral?ab9f73bdec93eaa18ddb93e9d6de88f0,,gx-no-cache=1521475123480 HTTP/1.1" 200 5939
186.103.159.188 - - [19/Mar/2018:13:01:30 -0300] "POST /cormun/servlet/solicitudotadjuntos?gx-no-cache=1521475238889 HTTP/1.1" 200 26
192.168.10.56 - - [19/Mar/2018:13:01:33 -0300] "POST /cormun/servlet/trsolicitudgral?ab9f73bdec93eaa18ddb93e9d6de88f0,,gx-no-cache=1521475127511 HTTP/1.1" 200 5936
201.215.248.160 - - [19/Mar/2018:13:01:33 -0300] "GET /cormun/servlet/prfichaempleado?,MD,,gxPopupLevel%3D0%3B HTTP/1.1" 200 9366
192.168.10.89 - - [19/Mar/2018:13:01:33 -0300] "GET /cormun/servlet/vesolicitudgral?2018,10470,,SolicitudOTAdjuntos HTTP/1.1" 200 11520
192.168.10.89 - - [19/Mar/2018:13:01:33 -0300] "GET /cormun/pexe_scrolldiv.js HTTP/1.1" 404 1009
186.103.159.188 - - [19/Mar/2018:13:01:36 -0300] "GET /cormun/servlet/solicitudotadjuntos?2397385968c57f5a701d8dcec0ef2948562ce53b8d21ef9750331790446cf16a,gx-no-cache=1521475245001 HTTP/1.1" 200 30
192.168.10.89 - - [19/Mar/2018:13:01:36 -0300] "POST /cormun/servlet/acontrolpreferencessavestate?None,CDROGUETT,true HTTP/1.1" 200 35
186.103.159.188 - - [19/Mar/2018:13:01:36 -0300] "GET /cormun/servlet/solicitudotadjuntos?2397385968c57f5a701d8dcec0ef2948562ce53b8d21ef9750331790446cf16a,gx-no-cache=1521475245051 HTTP/1.1" 200 30
192.168.10.89 - - [19/Mar/2018:13:01:36 -0300] "GET /cormun/PublicTempStorage/ce_pablo6030236.PDF HTTP/1.1" 200 536742
192.168.10.56 - - [19/Mar/2018:13:01:37 -0300] "POST /cormun/servlet/trsolicitudgral?ab9f73bdec93eaa18ddb93e9d6de88f0,,gx-no-cache=1521475131224 HTTP/1.1" 200 5937
192.168.10.56 - - [19/Mar/2018:13:01:41 -0300] "POST /cormun/servlet/trsolicitudgral?ab9f73bdec93eaa18ddb93e9d6de88f0,,gx-no-cache=1521475135551 HTTP/1.1" 200 5936
201.215.248.160 - - [19/Mar/2018:13:01:41 -0300] "POST /cormun/servlet/solicitudot?gx-no-cache=1521475248235 HTTP/1.1" 200 3344
201.215.248.160 - - [19/Mar/2018:13:01:41 -0300] "GET /cormun/static/Shared/jqueryui/images/ui-bg_highlight-soft_100_c6c2c8_1x100.png HTTP/1.1" 404 1117
201.215.248.160 - - [19/Mar/2018:13:01:41 -0300] "GET /cormun/static/Shared/jqueryui/images/ui-icons_82798d_256x240.png HTTP/1.1" 404 1089
201.215.248.160 - - [19/Mar/2018:13:01:41 -0300] "GET /cormun/static/Shared/jqueryui/images/ui-bg_flat_55_994d53_40x100.png HTTP/1.1" 404 1097
201.215.248.160 - - [19/Mar/2018:13:01:42 -0300] "GET /cormun/static/Shared/jqueryui/images/ui-icons_ebccce_256x240.png HTTP/1.1" 404 1089
186.103.159.188 - - [19/Mar/2018:13:01:42 -0300] "POST /cormun/servlet/solicitudotadjuntos?67a6f4b3957f183bfe6da1822ab4b79f,INS,2018,10622,,1, HTTP/1.1" 200 116
186.103.159.188 - - [19/Mar/2018:13:01:42 -0300] "GET /cormun/servlet/hpexe_return? HTTP/1.1" 200 1030
186.103.159.188 - - [19/Mar/2018:13:01:42 -0300] "GET /cormun/servlet/trsolicitudadjuntos?2018,10622, HTTP/1.1" 200 8920
186.103.159.188 - - [19/Mar/2018:13:01:43 -0300] "GET /cormun/servlet/trsolicitudadjuntos?2018,10622, HTTP/1.1" 200 8915
190.161.236.41 - - [19/Mar/2018:13:01:46 -0300] "GET /cormun/servlet/solicitudotadjuntos?INS,2018,10622,,1, HTTP/1.1" 200 5998
190.161.236.41 - - [19/Mar/2018:13:01:46 -0300] "GET /cormun/static/about:blank HTTP/1.1" 404 1011
186.103.159.188 - - [19/Mar/2018:13:01:46 -0300] "GET /cormun/servlet/solicitudotadjuntos?INS,2018,10622,,1, HTTP/1.1" 200 5990
186.103.159.188 - - [19/Mar/2018:13:01:47 -0300] "GET /cormun/servlet/solicitudotadjuntos?2397385968c57f5a701d8dcec0ef2948dd31cb15382f1fe3ab38e60f6817ddf1f1035860c306b8aa22f3cff292e1d3ac,gx-no-cache=1521475255959 HTTP/1.1" 200 30
186.103.159.188 - - [19/Mar/2018:13:01:47 -0300] "POST /cormun/servlet/solicitudotadjuntos?67a6f4b3957f183bfe6da1822ab4b79f,INS,2018,10622,,1,,gx-no-cache=1521475256034 HTTP/1.1" 200 3802
186.103.159.188 - - [19/Mar/2018:13:01:50 -0300] "POST /cormun/servlet/solicitudotadjuntos?gx-no-cache=1521475259113 HTTP/1.1" 200 26
192.168.10.89 - - [19/Mar/2018:13:01:54 -0300] "GET /cormun/servlet/vesolicitudgral?2018,10470,,SolicitudOTAdjuntos HTTP/1.1" 200 11517
192.168.10.89 - - [19/Mar/2018:13:01:54 -0300] "GET /cormun/pexe_scrolldiv.js HTTP/1.1" 404 1009
192.168.10.89 - - [19/Mar/2018:13:01:56 -0300] "POST /cormun/servlet/acontrolpreferencessavestate?None,CDROGUETT,true HTTP/1.1" 200 35
186.103.159.188 - - [19/Mar/2018:13:01:56 -0300] "GET /cormun/servlet/solicitudotadjuntos?2397385968c57f5a701d8dcec0ef2948562ce53b8d21ef9750331790446cf16a,gx-no-cache=1521475265385 HTTP/1.1" 200 30
186.103.159.188 - - [19/Mar/2018:13:01:56 -0300] "GET /cormun/servlet/solicitudotadjuntos?2397385968c57f5a701d8dcec0ef2948562ce53b8d21ef9750331790446cf16a,gx-no-cache=1521475265418 HTTP/1.1" 200 30
201.215.248.160 - - [19/Mar/2018:13:01:56 -0300] "GET /cormun/servlet/prfichaempleado?,MD,,gxPopupLevel%3D0%3B HTTP/1.1" 200 9366
192.168.10.89 - - [19/Mar/2018:13:01:57 -0300] "POST /cormun/servlet/vesolicitudgral?9184ae0d1230225fbadace040ffcd067,2018,10470,,SolicitudOTAdjuntos,gx-no-cache=1521475151420 HTTP/1.1" 200 90
192.168.10.89 - - [19/Mar/2018:13:01:57 -0300] "GET /cormun/servlet/hpexe_link HTTP/1.1" 200 977
192.168.10.89 - - [19/Mar/2018:13:01:57 -0300] "GET /cormun/servlet/trsolicitudgral? HTTP/1.1" 200 11209
186.103.159.188 - - [19/Mar/2018:13:01:59 -0300] "POST /cormun/servlet/solicitudotadjuntos?67a6f4b3957f183bfe6da1822ab4b79f,INS,2018,10622,,1, HTTP/1.1" 200 116
186.103.159.188 - - [19/Mar/2018:13:02:00 -0300] "GET /cormun/servlet/hpexe_return? HTTP/1.1" 200 1030
201.215.248.160 - - [19/Mar/2018:13:02:02 -0300] "POST /cormun/servlet/solicitudot?gx-no-cache=1521475268414 HTTP/1.1" 200 3361
201.215.248.160 - - [19/Mar/2018:13:02:03 -0300] "POST /cormun/servlet/solicitudot?9f2a16a63c69e0c9a4465caaaf0d361c,INS,0,0,,gx-no-cache=1521475269764 HTTP/1.1" 200 10580
201.215.248.160 - - [19/Mar/2018:13:02:07 -0300] "GET /cormun/servlet/solicitudot?8e62e1ed202196fef40afedf650c2b37cdd05d41ac18519627379beb0a845b5cc6c41318011adddc86dedc9e1fb97538,gx-no-cache=1521475274796 HTTP/1.1" 200 30
186.103.159.188 - - [19/Mar/2018:13:02:09 -0300] "GET /cormun/servlet/trsolicitudadjuntos?2018,10622, HTTP/1.1" 200 9100
186.103.159.188 - - [19/Mar/2018:13:02:10 -0300] "GET /cormun/servlet/trsolicitudadjuntos?2018,10622, HTTP/1.1" 200 9098
192.168.10.89 - - [19/Mar/2018:13:02:14 -0300] "POST /cormun/servlet/trsolicitudgral?9184ae0d1230225fbadace040ffcd067,,gx-no-cache=1521475168442 HTTP/1.1" 200 8418
186.103.159.188 - - [19/Mar/2018:13:02:15 -0300] "GET /cormun/servlet/solicitudotadjuntos?INS,2018,10622,,1, HTTP/1.1" 200 5998
186.103.159.188 - - [19/Mar/2018:13:02:15 -0300] "GET /cormun/static/about:blank HTTP/1.1" 404 1011
186.103.159.188 - - [19/Mar/2018:13:02:15 -0300] "GET /cormun/servlet/solicitudotadjuntos?INS,2018,10622,,1, HTTP/1.1" 200 5990
186.103.159.188 - - [19/Mar/2018:13:02:15 -0300] "GET /cormun/servlet/solicitudotadjuntos?2397385968c57f5a701d8dcec0ef2948dd31cb15382f1fe3ab38e60f6817ddf1f1035860c306b8aa22f3cff292e1d3ac,gx-no-cache=1521475284709 HTTP/1.1" 200 30
186.103.159.188 - - [19/Mar/2018:13:02:16 -0300] "POST /cormun/servlet/solicitudotadjuntos?67a6f4b3957f183bfe6da1822ab4b79f,INS,2018,10622,,1,,gx-no-cache=1521475284781 HTTP/1.1" 200 3802
192.168.10.89 - - [19/Mar/2018:13:02:20 -0300] "GET /cormun/servlet/vesolicitudgral?2018,10473,, HTTP/1.1" 200 9501
192.168.10.89 - - [19/Mar/2018:13:02:20 -0300] "GET /cormun/pexe_scrolldiv.js HTTP/1.1" 404 1009
186.103.159.188 - - [19/Mar/2018:13:02:20 -0300] "POST /cormun/servlet/solicitudotadjuntos?gx-no-cache=1521475288896 HTTP/1.1" 200 26
192.168.10.89 - - [19/Mar/2018:13:02:22 -0300] "GET /cormun/servlet/vesolicitudgral?2018,10473,,SolicitudOTAdjuntos HTTP/1.1" 200 11519
192.168.10.89 - - [19/Mar/2018:13:02:22 -0300] "GET /cormun/pexe_scrolldiv.js HTTP/1.1" 404 1009
192.168.10.89 - - [19/Mar/2018:13:02:24 -0300] "POST /cormun/servlet/acontrolpreferencessavestate?None,CDROGUETT,true HTTP/1.1" 200 35
192.168.10.89 - - [19/Mar/2018:13:02:24 -0300] "GET /cormun/PublicTempStorage/ci_luis2209878.PDF HTTP/1.1" 200 753602
186.103.159.188 - - [19/Mar/2018:13:02:26 -0300] "GET /cormun/servlet/solicitudotadjuntos?2397385968c57f5a701d8dcec0ef2948562ce53b8d21ef9750331790446cf16a,gx-no-cache=1521475295112 HTTP/1.1" 200 30
186.103.159.188 - - [19/Mar/2018:13:02:26 -0300] "GET /cormun/servlet/solicitudotadjuntos?2397385968c57f5a701d8dcec0ef2948562ce53b8d21ef9750331790446cf16a,gx-no-cache=1521475295177 HTTP/1.1" 200 30
186.103.159.188 - - [19/Mar/2018:13:02:29 -0300] "POST /cormun/servlet/solicitudotadjuntos?67a6f4b3957f183bfe6da1822ab4b79f,INS,2018,10622,,1, HTTP/1.1" 200 116
186.103.159.188 - - [19/Mar/2018:13:02:29 -0300] "GET /cormun/servlet/hpexe_return? HTTP/1.1" 200 1030
186.103.159.188 - - [19/Mar/2018:13:02:30 -0300] "GET /cormun/servlet/trsolicitudadjuntos?2018,10622, HTTP/1.1" 200 9359
186.103.159.188 - - [19/Mar/2018:13:02:31 -0300] "GET /cormun/servlet/trsolicitudadjuntos?2018,10622, HTTP/1.1" 200 9357
192.168.10.89 - - [19/Mar/2018:13:02:31 -0300] "GET /cormun/servlet/vesolicitudgral?2018,10473,,SolicitudOTAdjuntos HTTP/1.1" 200 11517
192.168.10.89 - - [19/Mar/2018:13:02:31 -0300] "GET /cormun/pexe_scrolldiv.js HTTP/1.1" 404 1009
192.168.10.89 - - [19/Mar/2018:13:02:32 -0300] "POST /cormun/servlet/acontrolpreferencessavestate?None,CDROGUETT,true HTTP/1.1" 200 35
192.168.10.89 - - [19/Mar/2018:13:02:33 -0300] "GET /cormun/PublicTempStorage/afp_luis8818881.PDF HTTP/1.1" 200 613848
192.168.10.89 - - [19/Mar/2018:13:02:40 -0300] "GET /cormun/servlet/vesolicitudgral?2018,10473,,SolicitudOTAdjuntos HTTP/1.1" 200 11517
192.168.10.89 - - [19/Mar/2018:13:02:40 -0300] "GET /cormun/pexe_scrolldiv.js HTTP/1.1" 404 1009
192.168.10.89 - - [19/Mar/2018:13:02:41 -0300] "POST /cormun/servlet/acontrolpreferencessavestate?None,CDROGUETT,true HTTP/1.1" 200 35
192.168.10.89 - - [19/Mar/2018:13:02:42 -0300] "GET /cormun/PublicTempStorage/fonasa_luis2154284.PDF HTTP/1.1" 200 566044
186.103.159.188 - - [19/Mar/2018:13:02:43 -0300] "GET /cormun/servlet/solicitudotadjuntos?INS,2018,10622,,1, HTTP/1.1" 200 5998
186.103.159.188 - - [19/Mar/2018:13:02:44 -0300] "GET /cormun/static/about:blank HTTP/1.1" 404 1011
186.103.159.188 - - [19/Mar/2018:13:02:44 -0300] "GET /cormun/servlet/solicitudotadjuntos?INS,2018,10622,,1, HTTP/1.1" 200 5990
186.103.159.188 - - [19/Mar/2018:13:02:44 -0300] "GET /cormun/servlet/solicitudotadjuntos?2397385968c57f5a701d8dcec0ef2948dd31cb15382f1fe3ab38e60f6817ddf1f1035860c306b8aa22f3cff292e1d3ac,gx-no-cache=1521475313468 HTTP/1.1" 200 30
186.103.159.188 - - [19/Mar/2018:13:02:44 -0300] "POST /cormun/servlet/solicitudotadjuntos?67a6f4b3957f183bfe6da1822ab4b79f,INS,2018,10622,,1,,gx-no-cache=1521475313542 HTTP/1.1" 200 3802
186.103.159.188 - - [19/Mar/2018:13:02:49 -0300] "POST /cormun/servlet/solicitudotadjuntos?gx-no-cache=1521475318368 HTTP/1.1" 200 26
186.103.159.188 - - [19/Mar/2018:13:02:54 -0300] "GET /cormun/servlet/solicitudotadjuntos?2397385968c57f5a701d8dcec0ef2948562ce53b8d21ef9750331790446cf16a,gx-no-cache=1521475322985 HTTP/1.1" 200 30
186.103.159.188 - - [19/Mar/2018:13:02:54 -0300] "GET /cormun/servlet/solicitudotadjuntos?2397385968c57f5a701d8dcec0ef2948562ce53b8d21ef9750331790446cf16a,gx-no-cache=1521475323043 HTTP/1.1" 200 30
192.168.10.89 - - [19/Mar/2018:13:02:57 -0300] "GET /cormun/servlet/vesolicitudgral?2018,10473,,SolicitudOTAdjuntos HTTP/1.1" 200 11519
192.168.10.89 - - [19/Mar/2018:13:02:57 -0300] "GET /cormun/pexe_scrolldiv.js HTTP/1.1" 404 1009
192.168.10.89 - - [19/Mar/2018:13:02:59 -0300] "POST /cormun/servlet/acontrolpreferencessavestate?None,CDROGUETT,true HTTP/1.1" 200 35
186.103.159.188 - - [19/Mar/2018:13:02:59 -0300] "POST /cormun/servlet/solicitudotadjuntos?67a6f4b3957f183bfe6da1822ab4b79f,INS,2018,10622,,1, HTTP/1.1" 200 116
192.168.10.89 - - [19/Mar/2018:13:03:00 -0300] "GET /cormun/PublicTempStorage/ca_luis4471108.PDF HTTP/1.1" 200 932851
186.103.159.188 - - [19/Mar/2018:13:03:00 -0300] "GET /cormun/servlet/hpexe_return? HTTP/1.1" 200 1030
186.103.159.188 - - [19/Mar/2018:13:03:00 -0300] "GET /cormun/servlet/trsolicitudadjuntos?2018,10622, HTTP/1.1" 200 9625
186.103.159.188 - - [19/Mar/2018:13:03:01 -0300] "GET /cormun/servlet/trsolicitudadjuntos?2018,10622, HTTP/1.1" 200 9620
201.215.248.160 - - [19/Mar/2018:13:03:01 -0300] "GET /cormun/servlet/solicitudot?8e62e1ed202196fef40afedf650c2b370fd78c5927eef85560f4c59b915bf77f06cb31b51421b06ff6393099a1297cbb38c9a28afe0ff7ff08ebac7a41186cae,gx-no-cache=1521475328856 HTTP/1.1" 200 30
201.215.248.160 - - [19/Mar/2018:13:03:01 -0300] "GET /cormun/servlet/solicitudot?8e62e1ed202196fef40afedf650c2b37c013f4f35f899150ad140cc43db974f0,gx-no-cache=1521475329024 HTTP/1.1" 200 60
201.215.248.160 - - [19/Mar/2018:13:03:02 -0300] "POST /cormun/servlet/solicitudot?gx-no-cache=1521475329111 HTTP/1.1" 200 255
201.215.248.160 - - [19/Mar/2018:13:03:02 -0300] "GET /cormun/servlet/solicitudot?8e62e1ed202196fef40afedf650c2b37114368c4918b044359c40f940b85f52a2da517c425a1a049019022bfc5f0cd86a8f6152b79598d5db9ba7239bbc6640bfbe842e8a0baaa7835771e5c947b3eba0b6a40be34b8dce0bedcf3152cd959a7a84b000a78a17b82e570592aea601a3ca8f1c22338caccd2ca25d8988b13ec30560b10b40a86e973043f6ccd05aa112763875332f7fd9d8fe4c5b44543730a5c8fc0739a1d56ddf0531d1e4e3288a19ca054b8b86cb58d996eba702b25387463fa36b24101d29a3cf980a42de1988d1d4c8c233aba6da253fd0d824f2941a7d3b1b0583be09031d060977db5a4c23f698f306928335f71c8743f6a40dcff60e87348487ff98fdc03b127b6a86f0e3b22c693ed4bfab7765bb9f2c67c4fe234aa1dd06acd05656f350863c8d344648840e1cd83a3e2f836cfb4c3736ead06b58abecda5774a996ac6b984e163c13fa3c398e8ccef6e2c5c82d4c361d97118c8344e7a55d90ddc27a17ab8ff1b86835c7e684d770bae219b2250b0f39a01a73d30,gx-no-cache=1521475329195 HTTP/1.1" 200 30
201.215.248.160 - - [19/Mar/2018:13:03:04 -0300] "POST /cormun/servlet/solicitudot?gx-no-cache=1521475331149 HTTP/1.1" 200 30
186.103.159.188 - - [19/Mar/2018:13:03:04 -0300] "GET /cormun/servlet/solicitudotadjuntos?INS,2018,10622,,2, HTTP/1.1" 200 5997
186.103.159.188 - - [19/Mar/2018:13:03:05 -0300] "GET /cormun/static/about:blank HTTP/1.1" 404 1011
186.103.159.188 - - [19/Mar/2018:13:03:05 -0300] "GET /cormun/servlet/solicitudotadjuntos?INS,2018,10622,,2, HTTP/1.1" 200 5989
190.161.236.41 - - [19/Mar/2018:13:03:05 -0300] "GET /cormun/servlet/solicitudotadjuntos?2397385968c57f5a701d8dcec0ef2948dd31cb15382f1fe3ab38e60f6817ddf1f1035860c306b8aa22f3cff292e1d3ac,gx-no-cache=1521475334505 HTTP/1.1" 200 30
190.161.236.41 - - [19/Mar/2018:13:03:06 -0300] "POST /cormun/servlet/solicitudotadjuntos?67a6f4b3957f183bfe6da1822ab4b79f,INS,2018,10622,,2,,gx-no-cache=1521475334885 HTTP/1.1" 200 4007
192.168.10.89 - - [19/Mar/2018:13:03:07 -0300] "GET /cormun/servlet/vesolicitudgral?2018,10473,,SolicitudOTAdjuntos HTTP/1.1" 200 11518
192.168.10.89 - - [19/Mar/2018:13:03:07 -0300] "GET /cormun/pexe_scrolldiv.js HTTP/1.1" 404 1009
192.168.10.89 - - [19/Mar/2018:13:03:09 -0300] "POST /cormun/servlet/acontrolpreferencessavestate?None,CDROGUETT,true HTTP/1.1" 200 35
201.215.248.160 - - [19/Mar/2018:13:03:09 -0300] "POST /cormun/servlet/solicitudot?gx-no-cache=1521475336378 HTTP/1.1" 200 1337
190.161.236.41 - - [19/Mar/2018:13:03:09 -0300] "POST /cormun/servlet/solicitudotadjuntos?gx-no-cache=1521475338431 HTTP/1.1" 200 26
192.168.10.89 - - [19/Mar/2018:13:03:10 -0300] "GET /cormun/PublicTempStorage/curriculum_luis6697574.PDF HTTP/1.1" 200 654867
201.215.248.160 - - [19/Mar/2018:13:03:10 -0300] "POST /cormun/servlet/solicitudot?gx-no-cache=1521475336518 HTTP/1.1" 200 38
190.161.236.41 - - [19/Mar/2018:13:03:13 -0300] "GET /cormun/servlet/solicitudotadjuntos?2397385968c57f5a701d8dcec0ef2948562ce53b8d21ef9750331790446cf16a,gx-no-cache=1521475342840 HTTP/1.1" 200 30
190.161.236.41 - - [19/Mar/2018:13:03:13 -0300] "GET /cormun/servlet/solicitudotadjuntos?2397385968c57f5a701d8dcec0ef2948562ce53b8d21ef9750331790446cf16a,gx-no-cache=1521475342865 HTTP/1.1" 200 30
190.161.236.41 - - [19/Mar/2018:13:03:14 -0300] "POST /cormun/servlet/solicitudotadjuntos?67a6f4b3957f183bfe6da1822ab4b79f,INS,2018,10622,,2, HTTP/1.1" 200 116
190.161.236.41 - - [19/Mar/2018:13:03:14 -0300] "GET /cormun/servlet/hpexe_return? HTTP/1.1" 200 1030
190.161.236.41 - - [19/Mar/2018:13:03:14 -0300] "GET /cormun/servlet/trsolicitudadjuntos?2018,10622, HTTP/1.1" 200 9761
201.215.248.160 - - [19/Mar/2018:13:03:15 -0300] "GET /cormun/servlet/solicitudot?8e62e1ed202196fef40afedf650c2b372417bf6729e58d7b756b89b5d6fe46878db3566114b55422461f179b63cca8dab9197ca21ef6b5f67f2a496b67d00b81af0f93f443c16d190a312b048637f3ef6341663cf84bc4f3ad702ffa3c57d933eae6d7797b99449c67cf7ef90391295536ae865936c60fdde01d476db0b9c424c4a8623c33845ce26e3961fb176ca2584a21ba066e586d5bfc226e155a75bc39,gx-no-cache=1521475342282 HTTP/1.1" 200 29
190.161.236.41 - - [19/Mar/2018:13:03:15 -0300] "GET /cormun/servlet/trsolicitudadjuntos?2018,10622, HTTP/1.1" 200 9760
192.168.10.89 - - [19/Mar/2018:13:03:16 -0300] "GET /cormun/servlet/vesolicitudgral?2018,10473,,SolicitudOTAdjuntos HTTP/1.1" 200 11519
192.168.10.89 - - [19/Mar/2018:13:03:16 -0300] "GET /cormun/pexe_scrolldiv.js HTTP/1.1" 404 1009
201.215.248.160 - - [19/Mar/2018:13:03:17 -0300] "POST /cormun/servlet/solicitudot?gx-no-cache=1521475343973 HTTP/1.1" 200 1319
192.168.10.89 - - [19/Mar/2018:13:03:17 -0300] "POST /cormun/servlet/acontrolpreferencessavestate?None,CDROGUETT,true HTTP/1.1" 200 35
192.168.10.89 - - [19/Mar/2018:13:03:18 -0300] "GET /cormun/PublicTempStorage/ce_luis2737881.PDF HTTP/1.1" 200 537641
201.215.248.160 - - [19/Mar/2018:13:03:18 -0300] "POST /cormun/servlet/solicitudot?gx-no-cache=1521475344584 HTTP/1.1" 200 1219
201.215.248.160 - - [19/Mar/2018:13:03:18 -0300] "GET /cormun/static/menuarrow.gif HTTP/1.1" 404 1015
190.161.236.41 - - [19/Mar/2018:13:03:19 -0300] "GET /cormun/servlet/trsolicitudot? HTTP/1.1" 200 8542
190.161.236.41 - - [19/Mar/2018:13:03:20 -0300] "GET /cormun/servlet/trsolicitudot? HTTP/1.1" 200 8536
201.215.248.160 - - [19/Mar/2018:13:03:20 -0300] "POST /cormun/servlet/solicitudot?gx-no-cache=1521475347230 HTTP/1.1" 200 1319
201.215.248.160 - - [19/Mar/2018:13:03:20 -0300] "POST /cormun/servlet/solicitudot?gx-no-cache=1521475347417 HTTP/1.1" 200 1219
201.215.248.160 - - [19/Mar/2018:13:03:22 -0300] "GET /cormun/servlet/solicitudot?8e62e1ed202196fef40afedf650c2b37ffa9be180badd580673b762e84b2c4aa195d2c451e7d12b2d3a65c99bcb45025,gx-no-cache=1521475349099 HTTP/1.1" 200 30
190.161.236.41 - - [19/Mar/2018:13:03:33 -0300] "POST /cormun/servlet/trsolicitudot?67a6f4b3957f183bfe6da1822ab4b79f,,gx-no-cache=1521475362750 HTTP/1.1" 200 4503
190.161.236.41 - - [19/Mar/2018:13:03:34 -0300] "GET /cormun/static/Shared/jqueryui/images/ui-bg_highlight-soft_100_c6c2c8_1x100.png HTTP/1.1" 404 1117
186.103.159.188 - - [19/Mar/2018:13:03:34 -0300] "GET /cormun/static/Shared/jqueryui/images/ui-icons_82798d_256x240.png HTTP/1.1" 404 1089
190.161.236.41 - - [19/Mar/2018:13:03:34 -0300] "GET /cormun/static/Shared/jqueryui/images/ui-bg_flat_55_fafafa_40x100.png HTTP/1.1" 404 1097
190.161.236.41 - - [19/Mar/2018:13:03:34 -0300] "GET /cormun/static/Shared/jqueryui/images/ui-icons_8d78a5_256x240.png HTTP/1.1" 404 1089
186.103.159.188 - - [19/Mar/2018:13:03:34 -0300] "POST /cormun/servlet/trsolicitudot?67a6f4b3957f183bfe6da1822ab4b79f,,gx-no-cache=1521475362959 HTTP/1.1" 200 4277
192.168.10.89 - - [19/Mar/2018:13:03:37 -0300] "GET /cormun/servlet/vesolicitudgral?2018,10473,,SolicitudOTAdjuntos HTTP/1.1" 200 11517
192.168.10.89 - - [19/Mar/2018:13:03:37 -0300] "GET /cormun/pexe_scrolldiv.js HTTP/1.1" 404 1009
192.168.10.89 - - [19/Mar/2018:13:03:38 -0300] "POST /cormun/servlet/acontrolpreferencessavestate?None,CDROGUETT,true HTTP/1.1" 200 35
201.215.248.160 - - [19/Mar/2018:13:03:46 -0300] "POST /cormun/servlet/solicitudot?gx-no-cache=1521475370795 HTTP/1.1" 200 30
201.215.248.160 - - [19/Mar/2018:13:03:47 -0300] "POST /cormun/servlet/solicitudot?9f2a16a63c69e0c9a4465caaaf0d361c,INS,0,0,,gx-no-cache=1521475373446 HTTP/1.1" 200 11976
201.215.248.160 - - [19/Mar/2018:13:04:18 -0300] "GET /cormun/servlet/solicitudot?8e62e1ed202196fef40afedf650c2b37b0dda6790fe0f6b5e4850da7c744cc368030d814227b9cc74c3af93df42dd8dac6c41318011adddc86dedc9e1fb97538,gx-no-cache=1521475405173 HTTP/1.1" 200 30
201.215.248.160 - - [19/Mar/2018:13:04:18 -0300] "POST /cormun/servlet/solicitudot?gx-no-cache=1521475405344 HTTP/1.1" 200 255
201.215.248.160 - - [19/Mar/2018:13:04:18 -0300] "GET /cormun/servlet/solicitudot?8e62e1ed202196fef40afedf650c2b37114368c4918b044359c40f940b85f52a2da517c425a1a049019022bfc5f0cd86a8f6152b79598d5db9ba7239bbc6640bfbe842e8a0baaa7835771e5c947b3eba0b6a40be34b8dce0bedcf3152cd959a7a84b000a78a17b82e570592aea601a3ca8f1c22338caccd2ca25d8988b13ec30560b10b40a86e973043f6ccd05aa112763875332f7fd9d8fe4c5b44543730a5c8fc0739a1d56ddf0531d1e4e3288a19ca054b8b86cb58d996eba702b25387463fa36b24101d29a3cf980a42de1988d1d4c8c233aba6da253fd0d824f2941a7d3b1b0583be09031d060977db5a4c23f698f306928335f71c8743f6a40dcff60e87348487ff98fdc03b127b6a86f0e3b22c693ed4bfab7765bb9f2c67c4fe234aa1dd06acd05656f350863c8d344648840e1cd83a3e2f836cfb4c3736ead06b58abecda5774a996ac6b984e163c13fa3c398e8ccef6e2c5c82d4c361d97118c8344e7a55d90ddc27a17ab8ff1b86835c7efa111a2662ffdd89092e7b5f416baf19,gx-no-cache=1521475405417 HTTP/1.1" 200 30
201.215.248.160 - - [19/Mar/2018:13:04:18 -0300] "POST /cormun/servlet/solicitudot?gx-no-cache=1521475405504 HTTP/1.1" 200 30
201.215.248.160 - - [19/Mar/2018:13:04:18 -0300] "POST /cormun/servlet/solicitudot?gx-no-cache=1521475405590 HTTP/1.1" 200 1337
201.215.248.160 - - [19/Mar/2018:13:04:18 -0300] "POST /cormun/servlet/solicitudot?gx-no-cache=1521475405683 HTTP/1.1" 200 41
201.215.248.160 - - [19/Mar/2018:13:04:19 -0300] "POST /cormun/servlet/solicitudot?gx-no-cache=1521475405783 HTTP/1.1" 200 1319
201.215.248.160 - - [19/Mar/2018:13:04:19 -0300] "POST /cormun/servlet/solicitudot?gx-no-cache=1521475406290 HTTP/1.1" 200 1219
201.215.248.160 - - [19/Mar/2018:13:04:19 -0300] "GET /cormun/servlet/solicitudot?8e62e1ed202196fef40afedf650c2b37ffa9be180badd580673b762e84b2c4aa195d2c451e7d12b2d3a65c99bcb45025,gx-no-cache=1521475406413 HTTP/1.1" 200 30
201.215.248.160 - - [19/Mar/2018:13:04:19 -0300] "POST /cormun/servlet/solicitudot?gx-no-cache=1521475406497 HTTP/1.1" 200 30
201.215.248.160 - - [19/Mar/2018:13:04:21 -0300] "POST /cormun/servlet/solicitudot?9f2a16a63c69e0c9a4465caaaf0d361c,INS,0,0,,gx-no-cache=1521475406573 HTTP/1.1" 200 12024
201.215.248.160 - - [19/Mar/2018:13:06:00 -0300] "GET /cormun/servlet/solicitudot?8e62e1ed202196fef40afedf650c2b37f1fed22916bc08e3fe1c2c6fc218a6cc8ca3379cd9cf5c17c4d01d53ac8f6dc88ea59a29fcea67ba57d9c7156871cb94,gx-no-cache=1521475507035 HTTP/1.1" 200 30
201.215.248.160 - - [19/Mar/2018:13:06:00 -0300] "POST /cormun/servlet/solicitudot?gx-no-cache=1521475507185 HTTP/1.1" 200 255
201.215.248.160 - - [19/Mar/2018:13:06:00 -0300] "GET /cormun/servlet/solicitudot?8e62e1ed202196fef40afedf650c2b37114368c4918b044359c40f940b85f52a2da517c425a1a049019022bfc5f0cd86a8f6152b79598d5db9ba7239bbc6640bfbe842e8a0baaa7835771e5c947b3eba0b6a40be34b8dce0bedcf3152cd959a7a84b000a78a17b82e570592aea601a3ca8f1c22338caccd2ca25d8988b13ec30560b10b40a86e973043f6ccd05aa112763875332f7fd9d8fe4c5b44543730a5c8fc0739a1d56ddf0531d1e4e3288a19ca054b8b86cb58d996eba702b25387463fa36b24101d29a3cf980a42de1988d1d4c8c233aba6da253fd0d824f2941a7d3b1b0583be09031d060977db5a4c23f698f306928335f71c8743f6a40dcff60e87348487ff98fdc03b127b6a86f0e3b22c693ed4bfab7765bb9f2c67c4fe234aa1dd06acd05656f350863c8d344648840e1cd83a3e2f836cfb4c3736ead06b58abecda5774a996ac6b984e163c13fa3c398e8ccef6e2c5c82d4c361d97118c8344e7a55d90ddc27a17ab8ff1b86835c7efa111a2662ffdd89092e7b5f416baf19,gx-no-cache=1521475507284 HTTP/1.1" 200 30
201.215.248.160 - - [19/Mar/2018:13:06:00 -0300] "POST /cormun/servlet/solicitudot?gx-no-cache=1521475507363 HTTP/1.1" 200 30
201.215.248.160 - - [19/Mar/2018:13:06:00 -0300] "POST /cormun/servlet/solicitudot?gx-no-cache=1521475507438 HTTP/1.1" 200 1337
201.215.248.160 - - [19/Mar/2018:13:06:00 -0300] "POST /cormun/servlet/solicitudot?gx-no-cache=1521475508025 HTTP/1.1" 200 41
201.215.248.160 - - [19/Mar/2018:13:06:01 -0300] "POST /cormun/servlet/solicitudot?gx-no-cache=1521475508120 HTTP/1.1" 200 1319
201.215.248.160 - - [19/Mar/2018:13:06:01 -0300] "POST /cormun/servlet/solicitudot?gx-no-cache=1521475508637 HTTP/1.1" 200 1219
201.215.248.160 - - [19/Mar/2018:13:06:01 -0300] "GET /cormun/servlet/solicitudot?8e62e1ed202196fef40afedf650c2b37ffa9be180badd580673b762e84b2c4aa195d2c451e7d12b2d3a65c99bcb45025,gx-no-cache=1521475508909 HTTP/1.1" 200 30
201.215.248.160 - - [19/Mar/2018:13:06:01 -0300] "POST /cormun/servlet/solicitudot?gx-no-cache=1521475508993 HTTP/1.1" 200 30
201.215.248.160 - - [19/Mar/2018:13:06:03 -0300] "POST /cormun/servlet/solicitudot?9f2a16a63c69e0c9a4465caaaf0d361c,INS,0,0,,gx-no-cache=1521475509082 HTTP/1.1" 200 93
201.215.248.160 - - [19/Mar/2018:13:06:03 -0300] "GET /cormun/servlet/hpexe_return? HTTP/1.1" 200 1002
201.215.248.160 - - [19/Mar/2018:13:06:03 -0300] "GET /cormun/servlet/trsolicitudot HTTP/1.1" 200 8781
201.215.248.160 - - [19/Mar/2018:13:06:04 -0300] "GET /cormun/servlet/trsolicitudot HTTP/1.1" 200 8777
201.215.248.160 - - [19/Mar/2018:13:06:10 -0300] "POST /cormun/servlet/trsolicitudot?9f2a16a63c69e0c9a4465caaaf0d361c,gx-no-cache=1521475517193 HTTP/1.1" 200 4656
201.215.248.160 - - [19/Mar/2018:13:06:10 -0300] "GET /cormun/static/Shared/jqueryui/images/ui-bg_highlight-soft_100_c6c2c8_1x100.png HTTP/1.1" 404 1117
201.215.248.160 - - [19/Mar/2018:13:06:10 -0300] "GET /cormun/static/Shared/jqueryui/images/ui-icons_8d78a5_256x240.png HTTP/1.1" 404 1089
201.215.248.160 - - [19/Mar/2018:13:06:11 -0300] "GET /cormun/static/Shared/jqueryui/images/ui-icons_82798d_256x240.png HTTP/1.1" 404 1089
201.215.248.160 - - [19/Mar/2018:13:06:11 -0300] "GET /cormun/static/Shared/jqueryui/images/ui-bg_flat_55_fafafa_40x100.png HTTP/1.1" 404 1097
201.215.248.160 - - [19/Mar/2018:13:06:12 -0300] "POST /cormun/servlet/trsolicitudot?9f2a16a63c69e0c9a4465caaaf0d361c,gx-no-cache=1521475518034 HTTP/1.1" 200 4445
192.168.10.50 - - [19/Mar/2018:13:08:29 -0300] "GET /cormun/servlet/trsolicitudgral HTTP/1.1" 500 10
192.168.10.50 - - [19/Mar/2018:13:08:36 -0300] "GET /cormun/servlet/trsolicitudgral HTTP/1.1" 500 10
192.168.10.50 - - [19/Mar/2018:13:08:38 -0300] "GET /cormun/servlet/trsolicitudgral HTTP/1.1" 500 10
201.215.248.160 - - [19/Mar/2018:13:09:02 -0300] "GET /cormun/servlet/trautorizarsolicitud? HTTP/1.1" 200 9220
201.215.248.160 - - [19/Mar/2018:13:09:02 -0300] "GET /cormun/static/gxcfg.js?2017111423403364 HTTP/1.1" 304 -
201.215.248.160 - - [19/Mar/2018:13:09:02 -0300] "GET /cormun/servlet/trautorizarsolicitud? HTTP/1.1" 200 9220
192.168.10.50 - - [19/Mar/2018:13:09:05 -0300] "GET /cormun/servlet/hlogin HTTP/1.1" 200 1719
192.168.10.50 - - [19/Mar/2018:13:09:06 -0300] "POST /cormun/servlet/hlogin?0219c99099dfad75db0cf1342323ef8e,gx-no-cache=1521475580614 HTTP/1.1" 200 90
192.168.10.50 - - [19/Mar/2018:13:09:06 -0300] "GET /cormun/servlet/hpexe_link HTTP/1.1" 200 944
192.168.10.50 - - [19/Mar/2018:13:09:06 -0300] "GET /cormun/servlet/hhome HTTP/1.1" 200 4454
192.168.10.50 - - [19/Mar/2018:13:09:07 -0300] "GET /cormun/servlet/hhome HTTP/1.1" 200 4451
201.215.248.160 - - [19/Mar/2018:13:09:12 -0300] "POST /cormun/servlet/trautorizarsolicitud?9f2a16a63c69e0c9a4465caaaf0d361c,,gx-no-cache=1521475697949 HTTP/1.1" 200 5817
201.215.248.160 - - [19/Mar/2018:13:09:12 -0300] "GET /cormun/static/Shared/jqueryui/images/ui-bg_highlight-soft_100_c6c2c8_1x100.png HTTP/1.1" 404 1117
201.215.248.160 - - [19/Mar/2018:13:09:12 -0300] "GET /cormun/static/Shared/jqueryui/images/ui-icons_82798d_256x240.png HTTP/1.1" 404 1089
201.215.248.160 - - [19/Mar/2018:13:09:12 -0300] "GET /cormun/static/Shared/jqueryui/images/ui-bg_flat_55_fafafa_40x100.png HTTP/1.1" 404 1097
201.215.248.160 - - [19/Mar/2018:13:09:12 -0300] "GET /cormun/static/Shared/jqueryui/images/ui-icons_8d78a5_256x240.png HTTP/1.1" 404 1089
201.215.248.160 - - [19/Mar/2018:13:09:12 -0300] "POST /cormun/servlet/trautorizarsolicitud?9f2a16a63c69e0c9a4465caaaf0d361c,,gx-no-cache=1521475699303 HTTP/1.1" 200 5761
192.168.10.50 - - [19/Mar/2018:13:09:35 -0300] "GET /cormun/servlet/trsolicitudgral? HTTP/1.1" 200 27961
192.168.10.50 - - [19/Mar/2018:13:09:36 -0300] "GET /cormun/servlet/trsolicitudgral? HTTP/1.1" 200 27959
192.168.10.50 - - [19/Mar/2018:13:09:41 -0300] "POST /cormun/servlet/trsolicitudgral?0219c99099dfad75db0cf1342323ef8e,,gx-no-cache=1521475615060 HTTP/1.1" 200 12018
192.168.10.50 - - [19/Mar/2018:13:09:47 -0300] "POST /cormun/servlet/trsolicitudgral?0219c99099dfad75db0cf1342323ef8e,,gx-no-cache=1521475621165 HTTP/1.1" 200 12019
192.168.10.50 - - [19/Mar/2018:13:10:18 -0300] "POST /cormun/servlet/trsolicitudgral?0219c99099dfad75db0cf1342323ef8e,,gx-no-cache=1521475651962 HTTP/1.1" 200 11681
192.168.10.50 - - [19/Mar/2018:13:10:18 -0300] "GET /cormun/static/Shared/jqueryui/images/ui-icons_82798d_256x240.png HTTP/1.1" 404 1089
192.168.10.50 - - [19/Mar/2018:13:10:18 -0300] "GET /cormun/static/Shared/jqueryui/images/ui-bg_highlight-soft_100_c6c2c8_1x100.png HTTP/1.1" 404 1117
192.168.10.50 - - [19/Mar/2018:13:10:18 -0300] "GET /cormun/static/Shared/jqueryui/images/ui-bg_flat_55_fafafa_40x100.png HTTP/1.1" 404 1097
192.168.10.50 - - [19/Mar/2018:13:10:18 -0300] "GET /cormun/static/Shared/jqueryui/images/ui-icons_8d78a5_256x240.png HTTP/1.1" 404 1089
192.168.10.50 - - [19/Mar/2018:13:11:11 -0300] "POST /cormun/servlet/trsolicitudgral?0219c99099dfad75db0cf1342323ef8e,,gx-no-cache=1521475705647 HTTP/1.1" 200 8365
192.168.10.50 - - [19/Mar/2018:13:11:18 -0300] "POST /cormun/servlet/trsolicitudgral?0219c99099dfad75db0cf1342323ef8e,,gx-no-cache=1521475712151 HTTP/1.1" 200 10707
192.168.10.50 - - [19/Mar/2018:13:11:34 -0300] "GET /cormun/servlet/vesolicitudgral?2018,10611,, HTTP/1.1" 200 9027
192.168.10.50 - - [19/Mar/2018:13:11:34 -0300] "GET /cormun/pexe_scrolldiv.js HTTP/1.1" 404 1009
192.168.10.50 - - [19/Mar/2018:13:11:34 -0300] "GET /cormun/static/gxcfg.js?201711151294153 HTTP/1.1" 304 -
192.168.10.50 - - [19/Mar/2018:13:11:34 -0300] "GET /cormun/static/vesolicitudgral.js?201711151294244 HTTP/1.1" 304 -
192.168.10.50 - - [19/Mar/2018:13:11:34 -0300] "GET /cormun/pexe_scrolldiv.js HTTP/1.1" 404 1009
192.168.10.50 - - [19/Mar/2018:13:11:34 -0300] "GET /cormun/static/tbsolicitudgral01.js?201813119422078 HTTP/1.1" 304 -
192.168.10.50 - - [19/Mar/2018:13:11:35 -0300] "GET /cormun/servlet/vesolicitudgral?2018,10611,, HTTP/1.1" 200 9025
192.168.10.50 - - [19/Mar/2018:13:11:37 -0300] "GET /cormun/servlet/vesolicitudgral?2018,10611,,SolicitudOTLog HTTP/1.1" 200 9709
192.168.10.50 - - [19/Mar/2018:13:11:37 -0300] "GET /cormun/pexe_scrolldiv.js HTTP/1.1" 404 1009
192.168.10.50 - - [19/Mar/2018:13:11:37 -0300] "GET /cormun/pexe_scrolldiv.js HTTP/1.1" 404 1009
192.168.10.50 - - [19/Mar/2018:13:11:37 -0300] "GET /cormun/servlet/vesolicitudgral?2018,10611,,SolicitudOTLog HTTP/1.1" 200 9709
192.168.10.50 - - [19/Mar/2018:13:11:38 -0300] "POST /cormun/servlet/acontrolpreferencessavestate?None,MRAMOS,true HTTP/1.1" 200 35
186.103.159.230 - - [19/Mar/2018:13:11:52 -0300] "GET / HTTP/1.1" 200 11217
186.103.159.230 - - [19/Mar/2018:13:11:52 -0300] "GET /tomcat.css HTTP/1.1" 200 5576
186.103.159.230 - - [19/Mar/2018:13:11:52 -0300] "GET /tomcat.png HTTP/1.1" 200 5103
186.103.159.230 - - [19/Mar/2018:13:11:52 -0300] "GET /bg-nav.png HTTP/1.1" 200 1401
186.103.159.230 - - [19/Mar/2018:13:11:52 -0300] "GET /bg-upper.png HTTP/1.1" 200 3103
186.103.159.230 - - [19/Mar/2018:13:11:52 -0300] "GET /asf-logo.png HTTP/1.1" 200 17811
186.103.159.230 - - [19/Mar/2018:13:11:52 -0300] "GET /bg-middle.png HTTP/1.1" 200 1918
186.103.159.230 - - [19/Mar/2018:13:11:53 -0300] "GET /bg-button.png HTTP/1.1" 200 713
186.103.159.230 - - [19/Mar/2018:13:12:44 -0300] "GET /cormun/servlet/hlogin HTTP/1.1" 200 1718
186.103.159.230 - - [19/Mar/2018:13:12:44 -0300] "GET /cormun/static/gxcfg.js?20175251213516 HTTP/1.1" 200 953
186.103.159.230 - - [19/Mar/2018:13:12:44 -0300] "GET /cormun/static/gxtimezone.js?85251 HTTP/1.1" 200 5781
186.103.159.230 - - [19/Mar/2018:13:12:45 -0300] "GET /cormun/static/Resources/Spanish/PXTools.css?11423723 HTTP/1.1" 200 89042
186.103.159.230 - - [19/Mar/2018:13:12:45 -0300] "GET /cormun/static/messages.spa.js?85251 HTTP/1.1" 200 30736
186.103.159.230 - - [19/Mar/2018:13:12:45 -0300] "GET /cormun/static/hlogin.js?20175251213537 HTTP/1.1" 200 2136
186.103.159.230 - - [19/Mar/2018:13:12:45 -0300] "GET /cormun/static/gxgral.js?85251 HTTP/1.1" 200 384558
186.103.159.230 - - [19/Mar/2018:13:12:45 -0300] "GET /cormun/static/Resources/PXToolsLoginTop.png HTTP/1.1" 200 1337
186.103.159.230 - - [19/Mar/2018:13:12:45 -0300] "GET /cormun/servlet/hlogin HTTP/1.1" 200 1728
186.103.159.230 - - [19/Mar/2018:13:12:45 -0300] "GET /cormun/static/Resources/ComunLogin.png HTTP/1.1" 200 17326
186.103.159.230 - - [19/Mar/2018:13:12:45 -0300] "GET /cormun/static/Resources/PXToolsLoginBottom.png HTTP/1.1" 200 1389
186.103.159.230 - - [19/Mar/2018:13:12:45 -0300] "GET /cormun/static/Resources/ComunLogin.png HTTP/1.1" 200 17326
186.103.159.230 - - [19/Mar/2018:13:12:45 -0300] "GET /cormun/static/Resources/PXToolsButtonRight21.png HTTP/1.1" 200 1283
186.103.159.230 - - [19/Mar/2018:13:12:45 -0300] "GET /cormun/static/Resources/PXToolsButtonBackground2.png HTTP/1.1" 200 1181
186.103.159.230 - - [19/Mar/2018:13:12:45 -0300] "GET /cormun/static/Resources/PXToolsLoginBackground.png HTTP/1.1" 200 1164
186.103.159.230 - - [19/Mar/2018:13:12:45 -0300] "GET /cormun/static/Resources/PXToolsLoginBottom.png HTTP/1.1" 200 1389
186.103.159.230 - - [19/Mar/2018:13:12:45 -0300] "GET /cormun/static/Resources/PXToolsButtonLeft21.png HTTP/1.1" 200 1287
186.103.159.230 - - [19/Mar/2018:13:12:45 -0300] "GET /cormun/static/Resources/indicator.gif HTTP/1.1" 200 1553
186.103.159.230 - - [19/Mar/2018:13:12:45 -0300] "GET /cormun/static/Resources/PXToolsLoginBackground.png HTTP/1.1" 200 1164
186.103.159.230 - - [19/Mar/2018:13:12:45 -0300] "GET /cormun/static/Resources/PXToolsButtonLeft21.png HTTP/1.1" 200 1287
186.103.159.230 - - [19/Mar/2018:13:13:01 -0300] "POST /cormun/servlet/hlogin?3d32260f76e19abe492a02a41a8c7a40,gx-no-cache=1521475930304 HTTP/1.1" 200 90
186.103.159.230 - - [19/Mar/2018:13:13:01 -0300] "GET /cormun/servlet/hpexe_link HTTP/1.1" 200 950
186.103.159.230 - - [19/Mar/2018:13:13:01 -0300] "GET /cormun/static/Resources/Spanish/PXTools.css?1155365 HTTP/1.1" 200 89042
186.103.159.230 - - [19/Mar/2018:13:13:01 -0300] "GET /cormun/static/gxcfg.js?20177612121792 HTTP/1.1" 200 953
186.103.159.230 - - [19/Mar/2018:13:13:01 -0300] "GET /cormun/static/hpexe_link.js?20177612121795 HTTP/1.1" 200 625
186.103.159.230 - - [19/Mar/2018:13:13:02 -0300] "GET /cormun/servlet/hhome HTTP/1.1" 200 4166
186.103.159.230 - - [19/Mar/2018:13:13:02 -0300] "GET /cormun/static/SmoothNavMenu/resources/ddsmoothmenu-v.css?1012540 HTTP/1.1" 200 1188
186.103.159.230 - - [19/Mar/2018:13:13:02 -0300] "GET /cormun/static/gxcfg.js?20175251212442 HTTP/1.1" 200 953
186.103.159.230 - - [19/Mar/2018:13:13:02 -0300] "GET /cormun/static/PXToolsJavascripts/pexe_autoreload.js HTTP/1.1" 200 1762
186.103.159.230 - - [19/Mar/2018:13:13:02 -0300] "GET /cormun/static/PXToolsJavascripts/pexe_cookies.js HTTP/1.1" 200 792
186.103.159.230 - - [19/Mar/2018:13:13:02 -0300] "GET /cormun/static/PXToolsJavascripts/pexe_windows.js HTTP/1.1" 200 15207
186.103.159.230 - - [19/Mar/2018:13:13:02 -0300] "GET /cormun/static/PXToolsJavascripts/pexe_grid.js HTTP/1.1" 200 7559
186.103.159.230 - - [19/Mar/2018:13:13:02 -0300] "GET /cormun/static/PXToolsJavascripts/pexe_griddivfix.js HTTP/1.1" 200 6644
186.103.159.230 - - [19/Mar/2018:13:13:02 -0300] "GET /cormun/static/PXToolsJavascripts/pexe_link.js HTTP/1.1" 200 5671
186.103.159.230 - - [19/Mar/2018:13:13:02 -0300] "GET /cormun/static/PXToolsJavascripts/pexe_menudivfix.js HTTP/1.1" 200 333
186.103.159.230 - - [19/Mar/2018:13:13:02 -0300] "GET /cormun/static/PXToolsJavascripts/pexe_menus.js HTTP/1.1" 200 1286
186.103.159.230 - - [19/Mar/2018:13:13:02 -0300] "GET /cormun/static/PXToolsJavascripts/pexe_layers.js HTTP/1.1" 200 4114
186.103.159.230 - - [19/Mar/2018:13:13:02 -0300] "GET /cormun/static/PXToolsJavascripts/pexe_oav.js HTTP/1.1" 200 645
186.103.159.230 - - [19/Mar/2018:13:13:02 -0300] "GET /cormun/static/Shared/jqueryui/jquery-ui.min.css?1245370 HTTP/1.1" 200 30288
186.103.159.230 - - [19/Mar/2018:13:13:02 -0300] "GET /cormun/static/scaMessage/css/jquery.pnotify.default.css?1716380 HTTP/1.1" 200 1707
186.103.159.230 - - [19/Mar/2018:13:13:02 -0300] "GET /cormun/static/PXToolsJavascripts/pexe_oavdivfix.js HTTP/1.1" 200 639
186.103.159.230 - - [19/Mar/2018:13:13:02 -0300] "GET /cormun/static/PXToolsJavascripts/pexe_picture.js HTTP/1.1" 200 689
186.103.159.230 - - [19/Mar/2018:13:13:02 -0300] "GET /cormun/static/PXToolsJavascripts/pexe_tabdivfix.js HTTP/1.1" 200 876
186.103.159.230 - - [19/Mar/2018:13:13:02 -0300] "GET /cormun/static/PXToolsJavascripts/pexe_tabs.js HTTP/1.1" 200 3748
186.103.159.230 - - [19/Mar/2018:13:13:02 -0300] "GET /cormun/static/PXToolsJavascripts/pexe_upload.js HTTP/1.1" 200 1423
186.103.159.230 - - [19/Mar/2018:13:13:02 -0300] "GET /cormun/static/PXToolsJavascripts/pexe_popup.js HTTP/1.1" 200 13458
186.103.159.230 - - [19/Mar/2018:13:13:02 -0300] "GET /cormun/static/PXToolsJavascripts/pexe_scrolldiv.js HTTP/1.1" 200 4138
186.103.159.230 - - [19/Mar/2018:13:13:03 -0300] "GET /cormun/static/PXToolsJavascripts/PXToolsJavascriptsRender.js HTTP/1.1" 200 367
186.103.159.230 - - [19/Mar/2018:13:13:03 -0300] "GET /cormun/static/RunJS/RunJS.js HTTP/1.1" 200 288
186.103.159.230 - - [19/Mar/2018:13:13:04 -0300] "GET /cormun/static/Shared/ext/ext-all.js HTTP/1.1" 200 1289687
186.103.159.230 - - [19/Mar/2018:13:13:04 -0300] "GET /cormun/static/gxui/gxui-all.js HTTP/1.1" 200 107772
186.103.159.230 - - [19/Mar/2018:13:13:04 -0300] "GET /cormun/static/Shared/ext/locale/ext-lang-en.js HTTP/1.1" 200 10940
186.103.159.230 - - [19/Mar/2018:13:13:04 -0300] "GET /cormun/static/hhome.js?20175251212450 HTTP/1.1" 200 777
186.103.159.230 - - [19/Mar/2018:13:13:04 -0300] "GET /cormun/static/SmoothNavMenu/resources/ddsmoothmenu.css?1012540 HTTP/1.1" 200 2223
186.103.159.230 - - [19/Mar/2018:13:13:05 -0300] "GET /cormun/static/hpexe_scripts.js?201752511465715 HTTP/1.1" 200 1544
186.103.159.230 - - [19/Mar/2018:13:13:05 -0300] "GET /cormun/static/hpexe_messagepopupcomponent.js?20161017169425 HTTP/1.1" 200 605
186.103.159.230 - - [19/Mar/2018:13:13:05 -0300] "GET /cormun/static/hpexe_recentlink.js?20177611595044 HTTP/1.1" 200 2144
186.103.159.230 - - [19/Mar/2018:13:13:05 -0300] "GET /cormun/static/hpexe_messagecontroller.js?20177611595012 HTTP/1.1" 200 870
186.103.159.230 - - [19/Mar/2018:13:13:05 -0300] "GET /cormun/static/hwchdr01.js?201752511465785 HTTP/1.1" 200 1183
186.103.159.230 - - [19/Mar/2018:13:13:05 -0300] "GET /cormun/static/hpexe_messagegenexuscomponent.js?201752511465344 HTTP/1.1" 200 587
186.103.159.230 - - [19/Mar/2018:13:13:05 -0300] "GET /cormun/static/cmcontrolpreferences.js?201752511465670 HTTP/1.1" 200 1375
186.103.159.230 - - [19/Mar/2018:13:13:05 -0300] "GET /cormun/static/SmoothNavMenu/resources/ddsmoothmenu.js HTTP/1.1" 200 12712
186.103.159.230 - - [19/Mar/2018:13:13:05 -0300] "GET /cormun/static/SmoothNavMenu/resources/SmoothNavMenuRender.js HTTP/1.1" 200 5951
186.103.159.230 - - [19/Mar/2018:13:13:05 -0300] "GET /cormun/static/scaMessage/js/jquery.pnotify.min.js HTTP/1.1" 200 13038
186.103.159.230 - - [19/Mar/2018:13:13:05 -0300] "GET /cormun/static/scaMessage/scaMessageRender.js HTTP/1.1" 200 11977
186.103.159.230 - - [19/Mar/2018:13:13:05 -0300] "GET /cormun/static/Shared/jquery/jquery-1.4.2.min.js HTTP/1.1" 200 72174
186.103.159.230 - - [19/Mar/2018:13:13:05 -0300] "GET /cormun/static/hmpwkw03.js?20177612122668 HTTP/1.1" 200 3965
186.103.159.230 - - [19/Mar/2018:13:13:05 -0300] "GET /cormun/static/Resources/logo4.png HTTP/1.1" 200 6582
186.103.159.230 - - [19/Mar/2018:13:13:05 -0300] "GET /cormun/static/Resources/PXToolsHeaderActionsLeft.png HTTP/1.1" 200 1118
186.103.159.230 - - [19/Mar/2018:13:13:05 -0300] "GET /cormun/static/Resources/PXToolsHeaderLogin.png HTTP/1.1" 200 4279
186.103.159.230 - - [19/Mar/2018:13:13:05 -0300] "GET /cormun/static/Resources/PXToolsHeaderHome.png HTTP/1.1" 200 4147
186.103.159.230 - - [19/Mar/2018:13:13:05 -0300] "GET /cormun/static/Resources/PXToolsHeaderPreferences.png HTTP/1.1" 200 4189
186.103.159.230 - - [19/Mar/2018:13:13:05 -0300] "GET /cormun/static/Resources/PXToolsHeaderSecurity.png HTTP/1.1" 200 4166
186.103.159.230 - - [19/Mar/2018:13:13:05 -0300] "GET /cormun/static/Shared/jquery/jquery-1.10.2.min.js HTTP/1.1" 200 273199
186.103.159.230 - - [19/Mar/2018:13:13:05 -0300] "GET /cormun/static/Resources/PXToolsHeaderActionsRight.png HTTP/1.1" 200 1201
186.103.159.230 - - [19/Mar/2018:13:13:05 -0300] "GET /cormun/static/Resources/PXToolsFooterBackground2.png HTTP/1.1" 200 1172
186.103.159.230 - - [19/Mar/2018:13:13:05 -0300] "GET /cormun/static/Shared/jqueryui/jquery-ui.min.js HTTP/1.1" 200 240427
186.103.159.230 - - [19/Mar/2018:13:13:06 -0300] "GET /cormun/static/Resources/PXToolsHeaderBackground2.png HTTP/1.1" 200 1174
186.103.159.230 - - [19/Mar/2018:13:13:06 -0300] "GET /cormun/servlet/hhome HTTP/1.1" 200 4162
186.103.159.230 - - [19/Mar/2018:13:13:06 -0300] "GET /cormun/static/SmoothNavMenu/resources/images/down.gif HTTP/1.1" 200 854
186.103.159.230 - - [19/Mar/2018:13:13:06 -0300] "GET /cormun/static/SmoothNavMenu/resources/images/right.gif HTTP/1.1" 200 860
186.103.159.230 - - [19/Mar/2018:13:13:06 -0300] "GET /cormun/static/Resources/PXToolsHeaderActionsBackground.png HTTP/1.1" 200 484
186.103.159.230 - - [19/Mar/2018:13:13:06 -0300] "GET /cormun/static/Resources/PXToolsDataTitle.png HTTP/1.1" 200 1173
