186.103.159.44 - - [19/Mar/2018:11:09:32 -0300] "GET /cormun/static/SmoothNavMenu/resources/images/down.gif HTTP/1.1" 200 854
186.103.159.44 - - [19/Mar/2018:11:09:32 -0300] "GET /cormun/static/SmoothNavMenu/resources/images/right.gif HTTP/1.1" 200 860
186.103.159.187 - - [19/Mar/2018:11:09:32 -0300] "POST /cormun/servlet/solicitudot?gx-no-cache=1521472212294 HTTP/1.1" 200 1318
186.103.159.187 - - [19/Mar/2018:11:09:32 -0300] "POST /cormun/servlet/solicitudot?gx-no-cache=1521472212795 HTTP/1.1" 200 1218
186.103.159.187 - - [19/Mar/2018:11:09:34 -0300] "GET /cormun/servlet/solicitudot?482a33b11ef4bbea9a833255c72ec2fd94b54f0f25102bf537986e6978921d30bcc0c93768b70c92dc49a80c1e814ba1,gx-no-cache=1521472214237 HTTP/1.1" 200 30
186.103.159.44 - - [19/Mar/2018:11:09:39 -0300] "GET /cormun/servlet/trautorizarsolicitud? HTTP/1.1" 200 7088
186.103.159.44 - - [19/Mar/2018:11:09:39 -0300] "GET /cormun/static/SmoothNavMenu/resources/ddsmoothmenu-v.css?1012540 HTTP/1.1" 200 1188
186.103.159.44 - - [19/Mar/2018:11:09:39 -0300] "GET /cormun/static/scaMessage/css/jquery.pnotify.default.css?1716380 HTTP/1.1" 200 1707
186.103.159.44 - - [19/Mar/2018:11:09:39 -0300] "GET /cormun/static/Shared/jqueryui/jquery-ui.min.css?1245370 HTTP/1.1" 200 30288
186.103.159.187 - - [19/Mar/2018:11:09:42 -0300] "POST /cormun/servlet/solicitudot?gx-no-cache=1521472223177 HTTP/1.1" 200 30
186.103.159.187 - - [19/Mar/2018:11:09:52 -0300] "POST /cormun/servlet/solicitudot?5607db41d4587609d919b58b0feee82d,INS,0,0,,gx-no-cache=1521472232222 HTTP/1.1" 200 93
186.103.159.187 - - [19/Mar/2018:11:09:52 -0300] "GET /cormun/servlet/hpexe_return? HTTP/1.1" 200 1009
186.103.159.187 - - [19/Mar/2018:11:09:52 -0300] "GET /cormun/static/gxcfg.js?2016101716175148 HTTP/1.1" 304 -
186.103.159.187 - - [19/Mar/2018:11:09:52 -0300] "GET /cormun/servlet/trsolicitudot HTTP/1.1" 200 8525
186.103.159.187 - - [19/Mar/2018:11:09:53 -0300] "GET /cormun/servlet/trsolicitudot HTTP/1.1" 200 8520
186.103.159.182 - - [19/Mar/2018:11:09:56 -0300] "POST /cormun/servlet/trsolicitudot?ecd278aaa7de697feabb8e2c76721273,gx-no-cache=1521468545306 HTTP/1.1" 200 6200
186.103.159.187 - - [19/Mar/2018:11:10:07 -0300] "POST /cormun/servlet/trsolicitudot?5607db41d4587609d919b58b0feee82d,gx-no-cache=1521472247761 HTTP/1.1" 200 4489
186.103.159.187 - - [19/Mar/2018:11:10:07 -0300] "GET /cormun/static/Shared/jqueryui/images/ui-bg_highlight-soft_100_c6c2c8_1x100.png HTTP/1.1" 404 1117
186.103.159.187 - - [19/Mar/2018:11:10:07 -0300] "GET /cormun/static/Shared/jqueryui/images/ui-icons_82798d_256x240.png HTTP/1.1" 404 1089
186.103.159.187 - - [19/Mar/2018:11:10:07 -0300] "GET /cormun/static/Shared/jqueryui/images/ui-bg_flat_55_fafafa_40x100.png HTTP/1.1" 404 1097
186.103.159.187 - - [19/Mar/2018:11:10:07 -0300] "GET /cormun/static/Shared/jqueryui/images/ui-icons_8d78a5_256x240.png HTTP/1.1" 404 1089
186.103.159.187 - - [19/Mar/2018:11:10:07 -0300] "POST /cormun/servlet/trsolicitudot?5607db41d4587609d919b58b0feee82d,gx-no-cache=1521472248167 HTTP/1.1" 200 4259
192.168.10.89 - - [19/Mar/2018:11:10:13 -0300] "POST /cormun/servlet/trsolicitudgral?92db09fa3e8e36d717ba706a0e2f7cc6,,gx-no-cache=1521468447475 HTTP/1.1" 200 7301
186.103.159.187 - - [19/Mar/2018:11:10:20 -0300] "GET /cormun/servlet/hlogin HTTP/1.1" 200 1740
186.103.159.182 - - [19/Mar/2018:11:10:21 -0300] "POST /cormun/servlet/trsolicitudot?ecd278aaa7de697feabb8e2c76721273,gx-no-cache=1521468569586 HTTP/1.1" 200 5882
192.168.10.89 - - [19/Mar/2018:11:10:24 -0300] "GET /cormun/servlet/vesolicitudgral?2018,10584,, HTTP/1.1" 200 9539
192.168.10.89 - - [19/Mar/2018:11:10:24 -0300] "GET /cormun/static/gxcfg.js?201711151294153 HTTP/1.1" 304 -
192.168.10.89 - - [19/Mar/2018:11:10:24 -0300] "GET /cormun/pexe_scrolldiv.js HTTP/1.1" 404 1009
192.168.10.89 - - [19/Mar/2018:11:10:24 -0300] "GET /cormun/static/tbsolicitudgral01.js?201813119422078 HTTP/1.1" 304 -
186.103.159.187 - - [19/Mar/2018:11:10:28 -0300] "POST /cormun/servlet/hlogin?5607db41d4587609d919b58b0feee82d,gx-no-cache=1521472268619 HTTP/1.1" 200 449
186.103.159.187 - - [19/Mar/2018:11:10:33 -0300] "POST /cormun/servlet/hlogin?5607db41d4587609d919b58b0feee82d,gx-no-cache=1521472273573 HTTP/1.1" 200 90
186.103.159.187 - - [19/Mar/2018:11:10:33 -0300] "GET /cormun/servlet/hpexe_link HTTP/1.1" 200 952
186.103.159.187 - - [19/Mar/2018:11:10:33 -0300] "GET /cormun/servlet/hhome HTTP/1.1" 200 4146
186.103.159.182 - - [19/Mar/2018:11:10:35 -0300] "POST /cormun/servlet/trsolicitudot?ecd278aaa7de697feabb8e2c76721273,gx-no-cache=1521468584092 HTTP/1.1" 200 5872
186.103.159.187 - - [19/Mar/2018:11:10:35 -0300] "GET /cormun/servlet/hhome HTTP/1.1" 200 4141
186.103.159.44 - - [19/Mar/2018:11:10:39 -0300] "GET /cormun/servlet/trautorizarsolicitud? HTTP/1.1" 200 7087
186.103.159.44 - - [19/Mar/2018:11:10:39 -0300] "GET /cormun/static/SmoothNavMenu/resources/ddsmoothmenu-v.css?1012540 HTTP/1.1" 200 1188
186.103.159.44 - - [19/Mar/2018:11:10:39 -0300] "GET /cormun/static/scaMessage/css/jquery.pnotify.default.css?1716380 HTTP/1.1" 200 1707
186.103.159.44 - - [19/Mar/2018:11:10:39 -0300] "GET /cormun/static/Shared/jqueryui/jquery-ui.min.css?1245370 HTTP/1.1" 200 30288
186.103.159.187 - - [19/Mar/2018:11:10:39 -0300] "GET /cormun/servlet/trautorizarsolicitud? HTTP/1.1" 200 8616
186.103.159.187 - - [19/Mar/2018:11:10:39 -0300] "GET /cormun/static/gxcfg.js?2017111423403364 HTTP/1.1" 304 -
186.103.159.187 - - [19/Mar/2018:11:10:40 -0300] "GET /cormun/servlet/trautorizarsolicitud? HTTP/1.1" 200 8614
186.103.159.187 - - [19/Mar/2018:11:10:46 -0300] "POST /cormun/servlet/trautorizarsolicitud?5607db41d4587609d919b58b0feee82d,,gx-no-cache=1521472286309 HTTP/1.1" 200 4612
186.103.159.187 - - [19/Mar/2018:11:10:46 -0300] "GET /cormun/static/Shared/jqueryui/images/ui-bg_highlight-soft_100_c6c2c8_1x100.png HTTP/1.1" 404 1117
186.103.159.187 - - [19/Mar/2018:11:10:46 -0300] "GET /cormun/static/Shared/jqueryui/images/ui-icons_82798d_256x240.png HTTP/1.1" 404 1089
186.103.159.187 - - [19/Mar/2018:11:10:46 -0300] "GET /cormun/static/Shared/jqueryui/images/ui-bg_flat_55_fafafa_40x100.png HTTP/1.1" 404 1097
186.103.159.187 - - [19/Mar/2018:11:10:46 -0300] "GET /cormun/static/Shared/jqueryui/images/ui-icons_8d78a5_256x240.png HTTP/1.1" 404 1089
186.103.159.187 - - [19/Mar/2018:11:10:46 -0300] "POST /cormun/servlet/trautorizarsolicitud?5607db41d4587609d919b58b0feee82d,,gx-no-cache=1521472286588 HTTP/1.1" 200 4376
186.103.159.182 - - [19/Mar/2018:11:10:53 -0300] "POST /cormun/servlet/trsolicitudot?ecd278aaa7de697feabb8e2c76721273,gx-no-cache=1521468602524 HTTP/1.1" 200 4479
192.168.10.89 - - [19/Mar/2018:11:10:54 -0300] "POST /cormun/servlet/vesolicitudgral?92db09fa3e8e36d717ba706a0e2f7cc6,2018,10584,,,gx-no-cache=1521468488357 HTTP/1.1" 200 93
192.168.10.89 - - [19/Mar/2018:11:10:54 -0300] "GET /cormun/servlet/hpexe_return? HTTP/1.1" 200 1016
192.168.10.89 - - [19/Mar/2018:11:10:54 -0300] "GET /cormun/servlet/trsolicitudgral? HTTP/1.1" 200 10809
186.103.159.182 - - [19/Mar/2018:11:10:59 -0300] "POST /cormun/servlet/trsolicitudot?ecd278aaa7de697feabb8e2c76721273,gx-no-cache=1521468608080 HTTP/1.1" 200 5877
186.103.159.182 - - [19/Mar/2018:11:11:21 -0300] "POST /cormun/servlet/trsolicitudot?ecd278aaa7de697feabb8e2c76721273,gx-no-cache=1521468629920 HTTP/1.1" 200 4479
186.103.159.182 - - [19/Mar/2018:11:11:26 -0300] "POST /cormun/servlet/trsolicitudot?ecd278aaa7de697feabb8e2c76721273,gx-no-cache=1521468634186 HTTP/1.1" 200 5874
186.103.159.182 - - [19/Mar/2018:11:11:34 -0300] "POST /cormun/servlet/trsolicitudot?ecd278aaa7de697feabb8e2c76721273,gx-no-cache=1521468643690 HTTP/1.1" 200 5882
186.103.159.182 - - [19/Mar/2018:11:11:48 -0300] "POST /cormun/servlet/trsolicitudot?ecd278aaa7de697feabb8e2c76721273,gx-no-cache=1521468657522 HTTP/1.1" 200 4478
186.103.159.182 - - [19/Mar/2018:11:11:56 -0300] "POST /cormun/servlet/trsolicitudot?ecd278aaa7de697feabb8e2c76721273,gx-no-cache=1521468665600 HTTP/1.1" 200 4476
186.103.159.182 - - [19/Mar/2018:11:12:05 -0300] "POST /cormun/servlet/trsolicitudot?ecd278aaa7de697feabb8e2c76721273,gx-no-cache=1521468674186 HTTP/1.1" 200 6203
186.103.161.206 - - [19/Mar/2018:11:12:11 -0300] "GET /cormun/servlet/treventos?2018,9730, HTTP/1.1" 200 8106
200.72.197.82 - - [19/Mar/2018:11:12:11 -0300] "GET /cormun/static/gxcfg.js?2016101716195975 HTTP/1.1" 200 953
200.72.197.82 - - [19/Mar/2018:11:12:11 -0300] "GET /cormun/static/treventos.js?201610171620222 HTTP/1.1" 200 16064
186.103.161.206 - - [19/Mar/2018:11:12:11 -0300] "GET /cormun/static/Resources/Spanish/PXTools.css?167811 HTTP/1.1" 200 89042
186.103.161.206 - - [19/Mar/2018:11:12:12 -0300] "GET /cormun/servlet/treventos?2018,9730, HTTP/1.1" 200 8125
186.103.159.44 - - [19/Mar/2018:11:12:15 -0300] "POST /cormun/servlet/trautorizarsolicitud?273b05dc897ee03aa2b3a472058a8637,,gx-no-cache=1521468686143 HTTP/1.1" 200 4125
192.168.10.89 - - [19/Mar/2018:11:12:25 -0300] "POST /cormun/servlet/trsolicitudgral?92db09fa3e8e36d717ba706a0e2f7cc6,,gx-no-cache=1521468579324 HTTP/1.1" 200 5937
186.103.161.206 - - [19/Mar/2018:11:12:27 -0300] "GET /cormun/servlet/trautorizarsolicitud? HTTP/1.1" 200 22846
186.103.161.206 - - [19/Mar/2018:11:12:29 -0300] "GET /cormun/servlet/trautorizarsolicitud? HTTP/1.1" 200 22838
186.103.159.182 - - [19/Mar/2018:11:12:31 -0300] "POST /cormun/servlet/trsolicitudot?ecd278aaa7de697feabb8e2c76721273,gx-no-cache=1521468700220 HTTP/1.1" 200 5879
186.103.159.44 - - [19/Mar/2018:11:12:33 -0300] "POST /cormun/servlet/trautorizarsolicitud?273b05dc897ee03aa2b3a472058a8637,,gx-no-cache=1521468701674 HTTP/1.1" 200 5517
186.103.159.44 - - [19/Mar/2018:11:12:37 -0300] "GET /cormun//static/Resources/PXToolsRemoveAllAction.png HTTP/1.1" 200 3558
186.103.159.44 - - [19/Mar/2018:11:12:37 -0300] "GET /cormun//static/Resources/PXToolsGridDelete.png HTTP/1.1" 200 357
186.103.159.44 - - [19/Mar/2018:11:12:37 -0300] "GET /cormun//static/Resources/PXTools/ActionInsert.png HTTP/1.1" 200 1482
186.103.159.44 - - [19/Mar/2018:11:12:37 -0300] "GET /cormun//static/Resources/PXToolsGridUpdate.png HTTP/1.1" 200 2984
186.103.159.44 - - [19/Mar/2018:11:12:37 -0300] "GET /cormun//static/Resources/PXToolsActionView.png HTTP/1.1" 200 2995
186.103.159.182 - - [19/Mar/2018:11:12:45 -0300] "POST /cormun/servlet/trsolicitudot?ecd278aaa7de697feabb8e2c76721273,gx-no-cache=1521468713998 HTTP/1.1" 200 5877
186.103.159.44 - - [19/Mar/2018:11:12:53 -0300] "POST /cormun/servlet/trautorizarsolicitud?273b05dc897ee03aa2b3a472058a8637,,gx-no-cache=1521468723929 HTTP/1.1" 200 8473
186.103.132.155 - - [19/Mar/2018:11:12:58 -0300] "GET /cormun/servlet/treventos?2018,9729, HTTP/1.1" 200 8119
186.103.132.155 - - [19/Mar/2018:11:12:59 -0300] "GET /cormun/servlet/treventos?2018,9729, HTTP/1.1" 200 8126
186.103.159.182 - - [19/Mar/2018:11:13:00 -0300] "POST /cormun/servlet/trsolicitudot?ecd278aaa7de697feabb8e2c76721273,gx-no-cache=1521468729146 HTTP/1.1" 200 4476
186.103.132.155 - - [19/Mar/2018:11:13:04 -0300] "GET /cormun/servlet/trautorizarsolicitud? HTTP/1.1" 200 22846
186.103.132.155 - - [19/Mar/2018:11:13:06 -0300] "GET /cormun/servlet/trautorizarsolicitud? HTTP/1.1" 200 22838
186.103.132.155 - - [19/Mar/2018:11:13:22 -0300] "GET /cormun/servlet/treventos?2018,9728, HTTP/1.1" 200 8625
186.103.132.155 - - [19/Mar/2018:11:13:23 -0300] "GET /cormun/servlet/treventos?2018,9728, HTTP/1.1" 200 8631
186.103.159.182 - - [19/Mar/2018:11:13:29 -0300] "POST /cormun/servlet/trsolicitudot?ecd278aaa7de697feabb8e2c76721273,gx-no-cache=1521468758660 HTTP/1.1" 200 5869
186.103.132.155 - - [19/Mar/2018:11:13:33 -0300] "GET /cormun/servlet/trautorizarsolicitud? HTTP/1.1" 200 22846
186.103.132.155 - - [19/Mar/2018:11:13:34 -0300] "GET /cormun/servlet/trautorizarsolicitud? HTTP/1.1" 200 22838
186.103.132.155 - - [19/Mar/2018:11:13:40 -0300] "GET /cormun/servlet/treventos?2018,9730, HTTP/1.1" 200 8118
186.103.132.155 - - [19/Mar/2018:11:13:41 -0300] "GET /cormun/servlet/treventos?2018,9730, HTTP/1.1" 200 8125
186.103.159.44 - - [19/Mar/2018:11:13:42 -0300] "GET /cormun/static/menuarrow.gif HTTP/1.1" 404 1015
200.86.95.220 - - [19/Mar/2018:11:13:43 -0300] "GET /cormun/servlet/hlogin HTTP/1.1" 200 1716
186.103.132.155 - - [19/Mar/2018:11:13:45 -0300] "GET /cormun/servlet/trautorizarsolicitud? HTTP/1.1" 200 22846
186.103.132.155 - - [19/Mar/2018:11:13:47 -0300] "GET /cormun/servlet/trautorizarsolicitud? HTTP/1.1" 200 22838
200.86.95.220 - - [19/Mar/2018:11:13:52 -0300] "POST /cormun/servlet/hlogin?c04d45f38763f3d8ead0f011ff3ce999,gx-no-cache=1521468782037 HTTP/1.1" 200 90
200.86.95.220 - - [19/Mar/2018:11:13:52 -0300] "GET /cormun/servlet/hpexe_link HTTP/1.1" 200 947
200.86.95.220 - - [19/Mar/2018:11:13:53 -0300] "GET /cormun/servlet/hhome HTTP/1.1" 200 3946
186.103.159.44 - - [19/Mar/2018:11:13:54 -0300] "POST /cormun/servlet/trautorizarsolicitud?273b05dc897ee03aa2b3a472058a8637,,gx-no-cache=1521468783717 HTTP/1.1" 200 23525
186.103.159.44 - - [19/Mar/2018:11:13:54 -0300] "GET /cormun/static/Resources/PXToolsGridNext.gif HTTP/1.1" 200 369
186.103.159.44 - - [19/Mar/2018:11:13:54 -0300] "GET /cormun/static/Resources/PXToolsGridLast.gif HTTP/1.1" 200 370
200.86.95.220 - - [19/Mar/2018:11:13:54 -0300] "GET /cormun/servlet/hhome HTTP/1.1" 200 3943
186.103.159.182 - - [19/Mar/2018:11:14:02 -0300] "POST /cormun/servlet/trsolicitudot?ecd278aaa7de697feabb8e2c76721273,gx-no-cache=1521468790830 HTTP/1.1" 200 4475
200.86.95.220 - - [19/Mar/2018:11:14:04 -0300] "GET /cormun/servlet/hlogin HTTP/1.1" 200 1716
186.103.159.182 - - [19/Mar/2018:11:14:06 -0300] "POST /cormun/servlet/trsolicitudot?ecd278aaa7de697feabb8e2c76721273,gx-no-cache=1521468795530 HTTP/1.1" 200 4474
186.103.159.182 - - [19/Mar/2018:11:14:11 -0300] "POST /cormun/servlet/trsolicitudot?ecd278aaa7de697feabb8e2c76721273,gx-no-cache=1521468800128 HTTP/1.1" 200 6501
200.86.95.220 - - [19/Mar/2018:11:14:12 -0300] "POST /cormun/servlet/hlogin?c04d45f38763f3d8ead0f011ff3ce999,gx-no-cache=1521468802071 HTTP/1.1" 200 90
200.86.95.220 - - [19/Mar/2018:11:14:12 -0300] "GET /cormun/servlet/hpexe_link HTTP/1.1" 200 947
200.86.95.220 - - [19/Mar/2018:11:14:13 -0300] "GET /cormun/servlet/hhome HTTP/1.1" 200 4115
200.86.95.220 - - [19/Mar/2018:11:14:15 -0300] "GET /cormun/servlet/hhome HTTP/1.1" 200 4110
200.86.95.220 - - [19/Mar/2018:11:14:18 -0300] "GET /cormun/servlet/trsolicitudot? HTTP/1.1" 200 9135
200.86.95.220 - - [19/Mar/2018:11:14:19 -0300] "GET /cormun/servlet/trsolicitudot? HTTP/1.1" 200 9133
200.86.95.220 - - [19/Mar/2018:11:14:26 -0300] "POST /cormun/servlet/trsolicitudot?c04d45f38763f3d8ead0f011ff3ce999,,gx-no-cache=1521468815992 HTTP/1.1" 200 9815
186.103.156.24 - - [19/Mar/2018:11:14:37 -0300] "GET /cormun/servlet/hlogin HTTP/1.1" 200 1723
186.103.159.182 - - [19/Mar/2018:11:14:43 -0300] "POST /cormun/servlet/trsolicitudot?ecd278aaa7de697feabb8e2c76721273,gx-no-cache=1521468831770 HTTP/1.1" 200 6505
186.103.156.24 - - [19/Mar/2018:11:14:46 -0300] "POST /cormun/servlet/hlogin?f7d9a04daab803f59bf71477fd3086fb,gx-no-cache=1521468835488 HTTP/1.1" 200 90
186.103.156.24 - - [19/Mar/2018:11:14:46 -0300] "GET /cormun/servlet/hpexe_link HTTP/1.1" 200 955
186.103.156.24 - - [19/Mar/2018:11:14:47 -0300] "GET /cormun/servlet/hhome HTTP/1.1" 200 4239
186.103.156.24 - - [19/Mar/2018:11:14:47 -0300] "GET /cormun/servlet/hhome HTTP/1.1" 200 4235
186.103.159.44 - - [19/Mar/2018:11:14:48 -0300] "POST /cormun/servlet/trautorizarsolicitud?273b05dc897ee03aa2b3a472058a8637,,gx-no-cache=1521468801919 HTTP/1.1" 200 23541
186.103.159.44 - - [19/Mar/2018:11:14:52 -0300] "GET /cormun/static/Shared/jqueryui/images/ui-icons_8d78a5_256x240.png HTTP/1.1" 404 1089
186.103.159.44 - - [19/Mar/2018:11:14:52 -0300] "GET /cormun/static/Shared/jqueryui/images/ui-icons_82798d_256x240.png HTTP/1.1" 404 1089
186.103.159.44 - - [19/Mar/2018:11:14:52 -0300] "GET /cormun/static/Shared/jqueryui/images/ui-bg_flat_55_fafafa_40x100.png HTTP/1.1" 404 1097
186.103.159.44 - - [19/Mar/2018:11:14:52 -0300] "GET /cormun/static/Shared/jqueryui/images/ui-bg_highlight-soft_100_c6c2c8_1x100.png HTTP/1.1" 404 1117
186.103.156.24 - - [19/Mar/2018:11:14:52 -0300] "GET /cormun/servlet/trlicencias? HTTP/1.1" 200 9819
186.103.156.24 - - [19/Mar/2018:11:14:53 -0300] "GET /cormun/servlet/trlicencias? HTTP/1.1" 200 9818
200.86.95.220 - - [19/Mar/2018:11:15:02 -0300] "POST /cormun/servlet/trsolicitudot?c04d45f38763f3d8ead0f011ff3ce999,,gx-no-cache=1521468851534 HTTP/1.1" 200 16244
186.103.159.182 - - [19/Mar/2018:11:15:24 -0300] "POST /cormun/servlet/trsolicitudot?ecd278aaa7de697feabb8e2c76721273,gx-no-cache=1521468872978 HTTP/1.1" 200 6269
186.103.159.44 - - [19/Mar/2018:11:15:55 -0300] "POST /cormun/servlet/trautorizarsolicitud?273b05dc897ee03aa2b3a472058a8637,,gx-no-cache=1521468903239 HTTP/1.1" 200 23541
186.103.157.246 - - [19/Mar/2018:11:16:10 -0300] "GET /cormun/servlet/licenciaspermisos?INS,0,,, HTTP/1.1" 200 6749
186.103.157.246 - - [19/Mar/2018:11:16:11 -0300] "GET /cormun/static/gxcfg.js?201762917281167 HTTP/1.1" 304 -
186.103.157.246 - - [19/Mar/2018:11:16:11 -0300] "GET /cormun/static/gxtimezone.js?85251 HTTP/1.1" 304 -
186.103.157.246 - - [19/Mar/2018:11:16:11 -0300] "GET /cormun/static/calendar.js?85251 HTTP/1.1" 304 -
186.103.157.246 - - [19/Mar/2018:11:16:11 -0300] "GET /cormun/static/calendar-es.js?85251 HTTP/1.1" 304 -
186.103.157.246 - - [19/Mar/2018:11:16:11 -0300] "GET /cormun/static/Resources/Spanish/PXTools.css?17315867 HTTP/1.1" 304 -
186.103.157.246 - - [19/Mar/2018:11:16:11 -0300] "GET /cormun/static/calendar-setup.js?85251 HTTP/1.1" 304 -
186.103.157.246 - - [19/Mar/2018:11:16:11 -0300] "GET /cormun/static/hpexe_recentlink.js?20177611595044 HTTP/1.1" 304 -
186.103.157.246 - - [19/Mar/2018:11:16:11 -0300] "GET /cormun/static/messages.spa.js?85251 HTTP/1.1" 304 -
186.103.157.246 - - [19/Mar/2018:11:16:11 -0300] "GET /cormun/static/licenciaspermisos.js?201762917281260 HTTP/1.1" 304 -
186.103.157.246 - - [19/Mar/2018:11:16:11 -0300] "GET /cormun/static/hpexe_scripts.js?201752511465715 HTTP/1.1" 304 -
186.103.157.246 - - [19/Mar/2018:11:16:11 -0300] "GET /cormun/static/hpexe_messagepopupcomponent.js?20161017169425 HTTP/1.1" 304 -
186.103.157.246 - - [19/Mar/2018:11:16:11 -0300] "GET /cormun/static/hpexe_messagecontroller.js?20177611595012 HTTP/1.1" 304 -
186.103.157.246 - - [19/Mar/2018:11:16:11 -0300] "GET /cormun/static/hpexe_messagegenexuscomponent.js?201752511465344 HTTP/1.1" 304 -
186.103.157.246 - - [19/Mar/2018:11:16:11 -0300] "GET /cormun/static/cmcontrolpreferences.js?201752511465670 HTTP/1.1" 304 -
186.103.157.246 - - [19/Mar/2018:11:16:11 -0300] "GET /cormun/static/hmpwkw03.js?20177612122668 HTTP/1.1" 304 -
186.103.157.246 - - [19/Mar/2018:11:16:11 -0300] "GET /cormun/servlet/licenciaspermisos?INS,0,,, HTTP/1.1" 200 6749
186.103.157.246 - - [19/Mar/2018:11:16:12 -0300] "GET /cormun/static/hwchdr01.js?201752511465785 HTTP/1.1" 304 -
186.103.157.246 - - [19/Mar/2018:11:16:12 -0300] "GET /cormun/static/gxdec.js?85251 HTTP/1.1" 304 -
186.103.157.246 - - [19/Mar/2018:11:16:13 -0300] "GET /cormun/servlet/licenciaspermisos?INS,0,,, HTTP/1.1" 200 6760
186.103.157.246 - - [19/Mar/2018:11:16:13 -0300] "GET /cormun/servlet/hlogin HTTP/1.1" 200 1741
186.103.157.246 - - [19/Mar/2018:11:16:13 -0300] "GET /cormun/static/Resources/Spanish/PXTools.css?11423723 HTTP/1.1" 304 -
186.103.157.246 - - [19/Mar/2018:11:16:13 -0300] "GET /cormun/static/gxcfg.js?20175251213516 HTTP/1.1" 304 -
186.103.157.246 - - [19/Mar/2018:11:16:13 -0300] "GET /cormun/static/hlogin.js?20175251213537 HTTP/1.1" 304 -
186.103.157.246 - - [19/Mar/2018:11:16:27 -0300] "POST /cormun/servlet/hlogin?3c69704838c07d447652110cd7935a4e,gx-no-cache=1521468936854 HTTP/1.1" 200 90
186.103.157.246 - - [19/Mar/2018:11:16:28 -0300] "GET /cormun/servlet/hpexe_link HTTP/1.1" 200 964
186.103.157.246 - - [19/Mar/2018:11:16:28 -0300] "GET /cormun/static/gxcfg.js?20177612121792 HTTP/1.1" 304 -
186.103.157.246 - - [19/Mar/2018:11:16:28 -0300] "GET /cormun/static/hpexe_link.js?20177612121795 HTTP/1.1" 304 -
186.103.157.246 - - [19/Mar/2018:11:16:28 -0300] "GET /cormun/static/Resources/Spanish/PXTools.css?1155365 HTTP/1.1" 304 -
186.103.157.246 - - [19/Mar/2018:11:16:28 -0300] "GET /cormun/servlet/licenciaspermisos?INS,0,,, HTTP/1.1" 200 7476
186.103.157.246 - - [19/Mar/2018:11:16:30 -0300] "GET /cormun/servlet/licenciaspermisos?INS,0,,, HTTP/1.1" 200 7483
186.103.159.182 - - [19/Mar/2018:11:16:36 -0300] "POST /cormun/servlet/trsolicitudot?ecd278aaa7de697feabb8e2c76721273,gx-no-cache=1521468945114 HTTP/1.1" 200 4476
186.103.157.246 - - [19/Mar/2018:11:16:37 -0300] "GET /cormun/servlet/trautorizarsolicitud? HTTP/1.1" 200 9927
186.103.157.246 - - [19/Mar/2018:11:16:38 -0300] "GET /cormun/static/gxcfg.js?2017111423403364 HTTP/1.1" 304 -
186.103.157.246 - - [19/Mar/2018:11:16:38 -0300] "GET /cormun/static/trautorizarsolicitud.js?201711142340425 HTTP/1.1" 304 -
186.103.157.246 - - [19/Mar/2018:11:16:39 -0300] "GET /cormun/servlet/trautorizarsolicitud? HTTP/1.1" 200 9916
186.103.159.182 - - [19/Mar/2018:11:16:40 -0300] "POST /cormun/servlet/trsolicitudot?ecd278aaa7de697feabb8e2c76721273,gx-no-cache=1521468949370 HTTP/1.1" 200 4477
186.103.159.182 - - [19/Mar/2018:11:16:45 -0300] "POST /cormun/servlet/trsolicitudot?ecd278aaa7de697feabb8e2c76721273,gx-no-cache=1521468953790 HTTP/1.1" 200 5855
186.103.157.246 - - [19/Mar/2018:11:16:55 -0300] "POST /cormun/servlet/trautorizarsolicitud?3c69704838c07d447652110cd7935a4e,,gx-no-cache=1521468964354 HTTP/1.1" 200 6911
186.103.157.246 - - [19/Mar/2018:11:16:55 -0300] "GET /cormun/static/Shared/jqueryui/images/ui-bg_highlight-soft_100_c6c2c8_1x100.png HTTP/1.1" 404 1117
186.103.157.246 - - [19/Mar/2018:11:16:55 -0300] "GET /cormun/static/Shared/jqueryui/images/ui-icons_82798d_256x240.png HTTP/1.1" 404 1089
186.103.157.246 - - [19/Mar/2018:11:16:55 -0300] "GET /cormun/static/Shared/jqueryui/images/ui-bg_flat_55_fafafa_40x100.png HTTP/1.1" 404 1097
186.103.157.246 - - [19/Mar/2018:11:16:55 -0300] "GET /cormun/static/Shared/jqueryui/images/ui-icons_8d78a5_256x240.png HTTP/1.1" 404 1089
186.103.157.246 - - [19/Mar/2018:11:16:55 -0300] "POST /cormun/servlet/trautorizarsolicitud?3c69704838c07d447652110cd7935a4e,,gx-no-cache=1521468965049 HTTP/1.1" 200 6858
186.103.159.189 - - [19/Mar/2018:11:17:01 -0300] "GET /cormun/servlet/hlogin HTTP/1.1" 200 1716
186.103.157.246 - - [19/Mar/2018:11:17:07 -0300] "POST /cormun/servlet/trautorizarsolicitud?3c69704838c07d447652110cd7935a4e,,gx-no-cache=1521468974133 HTTP/1.1" 200 6667
186.103.157.246 - - [19/Mar/2018:11:17:08 -0300] "POST /cormun/servlet/trautorizarsolicitud?3c69704838c07d447652110cd7935a4e,,gx-no-cache=1521468977211 HTTP/1.1" 200 6611
186.103.159.189 - - [19/Mar/2018:11:17:12 -0300] "POST /cormun/servlet/hlogin?8f4114afc255baec5fcb414a244eb2ab,gx-no-cache=1521472579686 HTTP/1.1" 200 90
186.103.159.189 - - [19/Mar/2018:11:17:12 -0300] "GET /cormun/servlet/hpexe_link HTTP/1.1" 200 949
186.103.159.189 - - [19/Mar/2018:11:17:12 -0300] "GET /cormun/servlet/hhome HTTP/1.1" 200 3978
186.103.159.189 - - [19/Mar/2018:11:17:16 -0300] "GET /cormun/servlet/hhome HTTP/1.1" 200 3976
186.103.159.189 - - [19/Mar/2018:11:17:21 -0300] "GET /cormun/servlet/trvisualizadoreventos? HTTP/1.1" 200 6708
186.103.159.189 - - [19/Mar/2018:11:17:22 -0300] "GET /cormun/static/gxcfg.js?20175251251426 HTTP/1.1" 200 953
186.103.159.189 - - [19/Mar/2018:11:17:22 -0300] "GET /cormun/static/Resources/PXToolsActionPrint.png HTTP/1.1" 200 3317
186.103.159.189 - - [19/Mar/2018:11:17:23 -0300] "GET /cormun/servlet/trvisualizadoreventos? HTTP/1.1" 200 6708
186.103.159.182 - - [19/Mar/2018:11:17:24 -0300] "POST /cormun/servlet/trsolicitudot?ecd278aaa7de697feabb8e2c76721273,gx-no-cache=1521468992170 HTTP/1.1" 200 4474
186.103.159.189 - - [19/Mar/2018:11:17:28 -0300] "GET /cormun/servlet/trcontratoobservacion? HTTP/1.1" 200 8400
186.103.159.189 - - [19/Mar/2018:11:17:28 -0300] "GET /cormun/static/gxcfg.js?2017525126861 HTTP/1.1" 200 953
186.103.159.189 - - [19/Mar/2018:11:17:28 -0300] "GET /cormun/static/trcontratoobservacion.js?20175251261223 HTTP/1.1" 200 25148
186.103.157.246 - - [19/Mar/2018:11:17:28 -0300] "POST /cormun/servlet/trautorizarsolicitud?3c69704838c07d447652110cd7935a4e,,gx-no-cache=1521468987682 HTTP/1.1" 200 6185
186.103.159.189 - - [19/Mar/2018:11:17:29 -0300] "GET /cormun/servlet/trcontratoobservacion? HTTP/1.1" 200 8399
186.103.157.246 - - [19/Mar/2018:11:17:29 -0300] "POST /cormun/servlet/trautorizarsolicitud?3c69704838c07d447652110cd7935a4e,,gx-no-cache=1521468998673 HTTP/1.1" 200 6126
186.103.159.182 - - [19/Mar/2018:11:17:30 -0300] "POST /cormun/servlet/trsolicitudot?ecd278aaa7de697feabb8e2c76721273,gx-no-cache=1521468999034 HTTP/1.1" 200 4477
186.103.159.182 - - [19/Mar/2018:11:17:35 -0300] "POST /cormun/servlet/trsolicitudot?ecd278aaa7de697feabb8e2c76721273,gx-no-cache=1521469003696 HTTP/1.1" 200 5865
186.103.159.189 - - [19/Mar/2018:11:17:36 -0300] "GET /cormun/servlet/trsolicitudot? HTTP/1.1" 200 8565
186.103.159.189 - - [19/Mar/2018:11:17:36 -0300] "GET /cormun/static/gxcfg.js?2017111422585916 HTTP/1.1" 304 -
186.103.159.189 - - [19/Mar/2018:11:17:37 -0300] "GET /cormun/servlet/trsolicitudot? HTTP/1.1" 200 8564
186.103.157.246 - - [19/Mar/2018:11:17:38 -0300] "POST /cormun/servlet/trautorizarsolicitud?3c69704838c07d447652110cd7935a4e,,gx-no-cache=1521469007693 HTTP/1.1" 200 116
186.103.157.246 - - [19/Mar/2018:11:17:38 -0300] "GET /cormun/servlet/solicitudotlog?INS,2018,10512,0,ANU, HTTP/1.1" 200 5915
186.103.157.246 - - [19/Mar/2018:11:17:38 -0300] "GET /cormun/static/solicitudotlog.js?2017761245655 HTTP/1.1" 200 8934
186.103.157.246 - - [19/Mar/2018:11:17:38 -0300] "GET /cormun/static/gxcfg.js?2017761245646 HTTP/1.1" 200 953
186.103.157.246 - - [19/Mar/2018:11:17:39 -0300] "GET /cormun/servlet/solicitudotlog?INS,2018,10512,0,ANU, HTTP/1.1" 200 5915
186.103.157.246 - - [19/Mar/2018:11:17:40 -0300] "GET /cormun/servlet/solicitudotlog?21bbe3ad717639783a54d317167fbde44feeba9d472c104b9a926c3a8c6cfe11970db251093b720b1f3b2dcf1c83d0810299ad11cb641578284531b77744a677c626ca51d678bce8fb548b9c1a3902ccfeed99c1f093cfbd3b970e035a397c8fa31e00a93351e833ed6f3a77c3f8191fd78e955f6aed24d66858f14a4c9a0226401ed9eaa73eddb90de6e808600550a3d38c2a3b19ce7757c4b98979c007a6d1,gx-no-cache=1521469009670 HTTP/1.1" 200 94
186.103.159.189 - - [19/Mar/2018:11:17:43 -0300] "POST /cormun/servlet/trsolicitudot?8f4114afc255baec5fcb414a244eb2ab,,gx-no-cache=1521472611382 HTTP/1.1" 200 107
186.103.159.189 - - [19/Mar/2018:11:17:44 -0300] "GET /cormun/servlet/trsolicitudadjuntos?2018,10599, HTTP/1.1" 200 6080
186.103.159.189 - - [19/Mar/2018:11:17:44 -0300] "GET /cormun/static/gxcfg.js?20177612135366 HTTP/1.1" 304 -
186.103.159.189 - - [19/Mar/2018:11:17:45 -0300] "GET /cormun/servlet/trsolicitudadjuntos?2018,10599, HTTP/1.1" 200 6080
186.103.159.189 - - [19/Mar/2018:11:17:49 -0300] "GET /cormun/servlet/solicitudotadjuntos?INS,2018,10599,,1, HTTP/1.1" 200 6025
186.103.159.189 - - [19/Mar/2018:11:17:49 -0300] "GET /cormun/static/gxcfg.js?2017761244068 HTTP/1.1" 304 -
186.103.159.189 - - [19/Mar/2018:11:17:49 -0300] "GET /cormun/static/about:blank HTTP/1.1" 404 1011
186.103.159.189 - - [19/Mar/2018:11:17:50 -0300] "GET /cormun/servlet/solicitudotadjuntos?INS,2018,10599,,1, HTTP/1.1" 200 6019
186.103.159.189 - - [19/Mar/2018:11:17:51 -0300] "GET /cormun/servlet/solicitudotadjuntos?e6fd8912ff1b4e6a273b308d00f4d6a28f1be59b6a332f9b0e75cb9807a4ed283f4e544ec070b7b640d8356237b8856f,gx-no-cache=1521472618625 HTTP/1.1" 200 30
186.103.159.189 - - [19/Mar/2018:11:17:52 -0300] "POST /cormun/servlet/solicitudotadjuntos?8f4114afc255baec5fcb414a244eb2ab,INS,2018,10599,,1,,gx-no-cache=1521472619014 HTTP/1.1" 200 3819
186.103.159.189 - - [19/Mar/2018:11:17:54 -0300] "POST /cormun/servlet/solicitudotadjuntos?gx-no-cache=1521472622199 HTTP/1.1" 200 26
186.103.157.246 - - [19/Mar/2018:11:17:57 -0300] "POST /cormun/servlet/solicitudotlog?3c69704838c07d447652110cd7935a4e,INS,2018,10512,0,ANU,,gx-no-cache=1521469026357 HTTP/1.1" 200 93
186.103.157.246 - - [19/Mar/2018:11:17:57 -0300] "GET /cormun/servlet/hpexe_return? HTTP/1.1" 200 1026
186.103.157.246 - - [19/Mar/2018:11:17:57 -0300] "GET /cormun/static/Resources/Spanish/PXTools.css?167811 HTTP/1.1" 304 -
186.103.157.246 - - [19/Mar/2018:11:17:57 -0300] "GET /cormun/static/gxcfg.js?2016101716175148 HTTP/1.1" 304 -
186.103.157.246 - - [19/Mar/2018:11:17:57 -0300] "GET /cormun/static/hpexe_return.js?2016101716175153 HTTP/1.1" 304 -
186.103.157.246 - - [19/Mar/2018:11:17:57 -0300] "GET /cormun/servlet/trautorizarsolicitud? HTTP/1.1" 200 8571
186.103.157.246 - - [19/Mar/2018:11:17:58 -0300] "GET /cormun/servlet/trautorizarsolicitud? HTTP/1.1" 200 8567
186.103.159.182 - - [19/Mar/2018:11:18:09 -0300] "POST /cormun/servlet/trsolicitudot?ecd278aaa7de697feabb8e2c76721273,gx-no-cache=1521469038170 HTTP/1.1" 200 6756
186.103.159.189 - - [19/Mar/2018:11:18:12 -0300] "GET /cormun/servlet/solicitudotadjuntos?e6fd8912ff1b4e6a273b308d00f4d6a2be57625d6920cc02aea49f200e84a3d9,gx-no-cache=1521472639972 HTTP/1.1" 200 30
186.103.159.189 - - [19/Mar/2018:11:18:12 -0300] "GET /cormun/servlet/solicitudotadjuntos?e6fd8912ff1b4e6a273b308d00f4d6a2be57625d6920cc02aea49f200e84a3d9,gx-no-cache=1521472640037 HTTP/1.1" 200 30
186.103.159.189 - - [19/Mar/2018:11:18:13 -0300] "POST /cormun/servlet/solicitudotadjuntos?8f4114afc255baec5fcb414a244eb2ab,INS,2018,10599,,1, HTTP/1.1" 200 116
186.103.159.189 - - [19/Mar/2018:11:18:13 -0300] "GET /cormun/servlet/hpexe_return? HTTP/1.1" 200 1023
186.103.159.189 - - [19/Mar/2018:11:18:13 -0300] "GET /cormun/servlet/trsolicitudadjuntos?2018,10599, HTTP/1.1" 200 8539
186.103.159.189 - - [19/Mar/2018:11:18:15 -0300] "GET /cormun/servlet/trsolicitudadjuntos?2018,10599, HTTP/1.1" 200 8536
186.103.159.189 - - [19/Mar/2018:11:18:19 -0300] "GET /cormun/servlet/solicitudotadjuntos?INS,2018,10599,,1, HTTP/1.1" 200 6025
186.103.159.189 - - [19/Mar/2018:11:18:19 -0300] "GET /cormun/static/about:blank HTTP/1.1" 404 1011
186.103.159.44 - - [19/Mar/2018:11:18:20 -0300] "GET /cormun/servlet/trautorizarsolicitud? HTTP/1.1" 200 26289
186.103.159.44 - - [19/Mar/2018:11:18:20 -0300] "GET /cormun/static/SmoothNavMenu/resources/ddsmoothmenu-v.css?1012540 HTTP/1.1" 200 1188
186.103.159.44 - - [19/Mar/2018:11:18:20 -0300] "GET /cormun/static/scaMessage/css/jquery.pnotify.default.css?1716380 HTTP/1.1" 200 1707
186.103.159.44 - - [19/Mar/2018:11:18:20 -0300] "GET /cormun/static/Shared/jqueryui/jquery-ui.min.css?1245370 HTTP/1.1" 200 30288
186.103.159.189 - - [19/Mar/2018:11:18:21 -0300] "GET /cormun/servlet/solicitudotadjuntos?INS,2018,10599,,1, HTTP/1.1" 200 6019
186.103.159.189 - - [19/Mar/2018:11:18:21 -0300] "GET /cormun/servlet/solicitudotadjuntos?e6fd8912ff1b4e6a273b308d00f4d6a28f1be59b6a332f9b0e75cb9807a4ed283f4e544ec070b7b640d8356237b8856f,gx-no-cache=1521472649136 HTTP/1.1" 200 30
186.103.159.189 - - [19/Mar/2018:11:18:21 -0300] "POST /cormun/servlet/solicitudotadjuntos?8f4114afc255baec5fcb414a244eb2ab,INS,2018,10599,,1,,gx-no-cache=1521472649203 HTTP/1.1" 200 3819
186.103.157.246 - - [19/Mar/2018:11:18:26 -0300] "POST /cormun/servlet/trautorizarsolicitud?3c69704838c07d447652110cd7935a4e,,gx-no-cache=1521469035649 HTTP/1.1" 500 10
186.103.159.189 - - [19/Mar/2018:11:18:29 -0300] "POST /cormun/servlet/solicitudotadjuntos?gx-no-cache=1521472657120 HTTP/1.1" 200 26
186.103.159.189 - - [19/Mar/2018:11:18:35 -0300] "GET /cormun/servlet/solicitudotadjuntos?e6fd8912ff1b4e6a273b308d00f4d6a2be57625d6920cc02aea49f200e84a3d9,gx-no-cache=1521472663321 HTTP/1.1" 200 30
186.103.159.189 - - [19/Mar/2018:11:18:35 -0300] "GET /cormun/servlet/solicitudotadjuntos?e6fd8912ff1b4e6a273b308d00f4d6a2be57625d6920cc02aea49f200e84a3d9,gx-no-cache=1521472663388 HTTP/1.1" 200 30
186.103.159.189 - - [19/Mar/2018:11:18:37 -0300] "POST /cormun/servlet/solicitudotadjuntos?8f4114afc255baec5fcb414a244eb2ab,INS,2018,10599,,1, HTTP/1.1" 200 116
186.103.159.189 - - [19/Mar/2018:11:18:37 -0300] "GET /cormun/servlet/hpexe_return? HTTP/1.1" 200 1023
186.103.159.189 - - [19/Mar/2018:11:18:37 -0300] "GET /cormun/servlet/trsolicitudadjuntos?2018,10599, HTTP/1.1" 200 8759
186.103.159.189 - - [19/Mar/2018:11:18:39 -0300] "GET /cormun/servlet/trsolicitudadjuntos?2018,10599, HTTP/1.1" 200 8758
186.103.159.44 - - [19/Mar/2018:11:18:39 -0300] "POST /cormun/servlet/trautorizarsolicitud?273b05dc897ee03aa2b3a472058a8637,,gx-no-cache=1521469068819 HTTP/1.1" 200 23541
186.103.159.44 - - [19/Mar/2018:11:18:41 -0300] "GET /cormun/static/Shared/jqueryui/images/ui-icons_8d78a5_256x240.png HTTP/1.1" 404 1089
186.103.159.44 - - [19/Mar/2018:11:18:41 -0300] "GET /cormun/static/Shared/jqueryui/images/ui-icons_82798d_256x240.png HTTP/1.1" 404 1089
186.103.159.44 - - [19/Mar/2018:11:18:41 -0300] "GET /cormun/static/Shared/jqueryui/images/ui-bg_flat_55_fafafa_40x100.png HTTP/1.1" 404 1097
186.103.159.44 - - [19/Mar/2018:11:18:41 -0300] "GET /cormun/static/Shared/jqueryui/images/ui-bg_highlight-soft_100_c6c2c8_1x100.png HTTP/1.1" 404 1117
186.103.159.189 - - [19/Mar/2018:11:18:41 -0300] "GET /cormun/servlet/solicitudotadjuntos?INS,2018,10599,,1, HTTP/1.1" 200 6025
186.103.159.189 - - [19/Mar/2018:11:18:43 -0300] "GET /cormun/static/about:blank HTTP/1.1" 404 1011
186.103.159.189 - - [19/Mar/2018:11:18:43 -0300] "GET /cormun/servlet/solicitudotadjuntos?INS,2018,10599,,1, HTTP/1.1" 200 6019
186.103.159.189 - - [19/Mar/2018:11:18:44 -0300] "GET /cormun/servlet/solicitudotadjuntos?e6fd8912ff1b4e6a273b308d00f4d6a28f1be59b6a332f9b0e75cb9807a4ed283f4e544ec070b7b640d8356237b8856f,gx-no-cache=1521472671356 HTTP/1.1" 200 30
186.103.159.189 - - [19/Mar/2018:11:18:44 -0300] "POST /cormun/servlet/solicitudotadjuntos?8f4114afc255baec5fcb414a244eb2ab,INS,2018,10599,,1,,gx-no-cache=1521472671753 HTTP/1.1" 200 3819
186.103.159.189 - - [19/Mar/2018:11:18:47 -0300] "POST /cormun/servlet/solicitudotadjuntos?gx-no-cache=1521472675290 HTTP/1.1" 200 26
186.103.159.189 - - [19/Mar/2018:11:18:54 -0300] "GET /cormun/servlet/solicitudotadjuntos?e6fd8912ff1b4e6a273b308d00f4d6a2be57625d6920cc02aea49f200e84a3d9,gx-no-cache=1521472681890 HTTP/1.1" 200 30
186.103.159.189 - - [19/Mar/2018:11:18:54 -0300] "GET /cormun/servlet/solicitudotadjuntos?e6fd8912ff1b4e6a273b308d00f4d6a2be57625d6920cc02aea49f200e84a3d9,gx-no-cache=1521472681935 HTTP/1.1" 200 30
186.103.159.189 - - [19/Mar/2018:11:18:55 -0300] "POST /cormun/servlet/solicitudotadjuntos?8f4114afc255baec5fcb414a244eb2ab,INS,2018,10599,,1, HTTP/1.1" 200 116
186.103.159.189 - - [19/Mar/2018:11:18:55 -0300] "GET /cormun/servlet/hpexe_return? HTTP/1.1" 200 1023
186.103.159.44 - - [19/Mar/2018:11:18:55 -0300] "POST /cormun/servlet/trautorizarsolicitud?273b05dc897ee03aa2b3a472058a8637,,gx-no-cache=1521469085657 HTTP/1.1" 200 5939
186.103.159.189 - - [19/Mar/2018:11:18:55 -0300] "GET /cormun/servlet/trsolicitudadjuntos?2018,10599, HTTP/1.1" 200 8949
186.103.159.189 - - [19/Mar/2018:11:18:57 -0300] "GET /cormun/servlet/trsolicitudadjuntos?2018,10599, HTTP/1.1" 200 8947
186.103.159.189 - - [19/Mar/2018:11:18:59 -0300] "GET /cormun/servlet/solicitudotadjuntos?INS,2018,10599,,1, HTTP/1.1" 200 6025
186.103.159.189 - - [19/Mar/2018:11:19:00 -0300] "GET /cormun/static/about:blank HTTP/1.1" 404 1011
186.103.159.189 - - [19/Mar/2018:11:19:00 -0300] "GET /cormun/servlet/solicitudotadjuntos?INS,2018,10599,,1, HTTP/1.1" 200 6019
186.103.159.189 - - [19/Mar/2018:11:19:01 -0300] "GET /cormun/servlet/solicitudotadjuntos?e6fd8912ff1b4e6a273b308d00f4d6a28f1be59b6a332f9b0e75cb9807a4ed283f4e544ec070b7b640d8356237b8856f,gx-no-cache=1521472689071 HTTP/1.1" 200 30
186.103.159.189 - - [19/Mar/2018:11:19:01 -0300] "POST /cormun/servlet/solicitudotadjuntos?8f4114afc255baec5fcb414a244eb2ab,INS,2018,10599,,1,,gx-no-cache=1521472689146 HTTP/1.1" 200 3819
186.103.159.189 - - [19/Mar/2018:11:19:05 -0300] "POST /cormun/servlet/solicitudotadjuntos?gx-no-cache=1521472692628 HTTP/1.1" 200 26
186.103.159.182 - - [19/Mar/2018:11:19:05 -0300] "POST /cormun/servlet/trsolicitudot?ecd278aaa7de697feabb8e2c76721273,gx-no-cache=1521469093974 HTTP/1.1" 200 4475
186.103.157.246 - - [19/Mar/2018:11:19:08 -0300] "GET /cormun/servlet/solicitudotlog?INS,2018,10512,0,ANU, HTTP/1.1" 200 5915
186.103.157.246 - - [19/Mar/2018:11:19:09 -0300] "GET /cormun/servlet/solicitudotlog?INS,2018,10512,0,ANU, HTTP/1.1" 200 5915
186.103.157.246 - - [19/Mar/2018:11:19:09 -0300] "GET /cormun/servlet/solicitudotlog?21bbe3ad717639783a54d317167fbde44feeba9d472c104b9a926c3a8c6cfe11970db251093b720b1f3b2dcf1c83d0810299ad11cb641578284531b77744a677c626ca51d678bce8fb548b9c1a3902ccfeed99c1f093cfbd3b970e035a397c8fa31e00a93351e833ed6f3a77c3f8191fd78e955f6aed24d66858f14a4c9a0226401ed9eaa73eddb90de6e808600550a3d38c2a3b19ce7757c4b98979c007a6d1,gx-no-cache=1521469098993 HTTP/1.1" 200 94
186.103.159.182 - - [19/Mar/2018:11:19:10 -0300] "POST /cormun/servlet/trsolicitudot?ecd278aaa7de697feabb8e2c76721273,gx-no-cache=1521469099274 HTTP/1.1" 200 5836
186.103.159.189 - - [19/Mar/2018:11:19:11 -0300] "GET /cormun/servlet/solicitudotadjuntos?e6fd8912ff1b4e6a273b308d00f4d6a2be57625d6920cc02aea49f200e84a3d9,gx-no-cache=1521472699145 HTTP/1.1" 200 30
186.103.159.189 - - [19/Mar/2018:11:19:11 -0300] "GET /cormun/servlet/solicitudotadjuntos?e6fd8912ff1b4e6a273b308d00f4d6a2be57625d6920cc02aea49f200e84a3d9,gx-no-cache=1521472699253 HTTP/1.1" 200 30
186.103.159.189 - - [19/Mar/2018:11:19:13 -0300] "POST /cormun/servlet/solicitudotadjuntos?8f4114afc255baec5fcb414a244eb2ab,INS,2018,10599,,1, HTTP/1.1" 200 116
186.103.159.189 - - [19/Mar/2018:11:19:13 -0300] "GET /cormun/servlet/hpexe_return? HTTP/1.1" 200 1023
186.103.159.189 - - [19/Mar/2018:11:19:14 -0300] "GET /cormun/servlet/trsolicitudadjuntos?2018,10599, HTTP/1.1" 200 9146
186.103.157.246 - - [19/Mar/2018:11:19:15 -0300] "GET /cormun/servlet/trautorizarsolicitud? HTTP/1.1" 200 8583
186.103.159.189 - - [19/Mar/2018:11:19:16 -0300] "GET /cormun/servlet/trsolicitudadjuntos?2018,10599, HTTP/1.1" 200 9145
186.103.157.246 - - [19/Mar/2018:11:19:17 -0300] "GET /cormun/servlet/trautorizarsolicitud? HTTP/1.1" 200 8567
186.103.159.44 - - [19/Mar/2018:11:19:17 -0300] "POST /cormun/servlet/trautorizarsolicitud?273b05dc897ee03aa2b3a472058a8637,,gx-no-cache=1521469107659 HTTP/1.1" 200 4125
186.103.159.189 - - [19/Mar/2018:11:19:18 -0300] "GET /cormun/servlet/solicitudotadjuntos?INS,2018,10599,,1, HTTP/1.1" 200 6025
186.103.159.189 - - [19/Mar/2018:11:19:18 -0300] "GET /cormun/static/about:blank HTTP/1.1" 404 1011
186.103.159.189 - - [19/Mar/2018:11:19:19 -0300] "GET /cormun/servlet/solicitudotadjuntos?INS,2018,10599,,1, HTTP/1.1" 200 6019
186.103.159.189 - - [19/Mar/2018:11:19:20 -0300] "GET /cormun/servlet/solicitudotadjuntos?e6fd8912ff1b4e6a273b308d00f4d6a28f1be59b6a332f9b0e75cb9807a4ed283f4e544ec070b7b640d8356237b8856f,gx-no-cache=1521472707631 HTTP/1.1" 200 30
186.103.159.189 - - [19/Mar/2018:11:19:20 -0300] "POST /cormun/servlet/solicitudotadjuntos?8f4114afc255baec5fcb414a244eb2ab,INS,2018,10599,,1,,gx-no-cache=1521472708020 HTTP/1.1" 200 3819
186.103.159.189 - - [19/Mar/2018:11:19:24 -0300] "POST /cormun/servlet/solicitudotadjuntos?gx-no-cache=1521472711825 HTTP/1.1" 200 26
186.103.157.246 - - [19/Mar/2018:11:19:25 -0300] "POST /cormun/servlet/trautorizarsolicitud?3c69704838c07d447652110cd7935a4e,,gx-no-cache=1521469113461 HTTP/1.1" 200 4617
186.103.157.246 - - [19/Mar/2018:11:19:25 -0300] "GET /cormun/static/Shared/jqueryui/images/ui-bg_highlight-soft_100_c6c2c8_1x100.png HTTP/1.1" 404 1117
186.103.157.246 - - [19/Mar/2018:11:19:25 -0300] "GET /cormun/static/Shared/jqueryui/images/ui-icons_82798d_256x240.png HTTP/1.1" 404 1089
186.103.157.246 - - [19/Mar/2018:11:19:25 -0300] "GET /cormun/static/Shared/jqueryui/images/ui-bg_flat_55_fafafa_40x100.png HTTP/1.1" 404 1097
186.103.157.246 - - [19/Mar/2018:11:19:25 -0300] "GET /cormun/static/Shared/jqueryui/images/ui-icons_8d78a5_256x240.png HTTP/1.1" 404 1089
186.103.157.246 - - [19/Mar/2018:11:19:25 -0300] "POST /cormun/servlet/trautorizarsolicitud?3c69704838c07d447652110cd7935a4e,,gx-no-cache=1521469114856 HTTP/1.1" 200 4392
186.103.159.182 - - [19/Mar/2018:11:19:27 -0300] "POST /cormun/servlet/trsolicitudot?ecd278aaa7de697feabb8e2c76721273,gx-no-cache=1521469115970 HTTP/1.1" 200 4474
186.103.159.44 - - [19/Mar/2018:11:19:27 -0300] "POST /cormun/servlet/trautorizarsolicitud?273b05dc897ee03aa2b3a472058a8637,,gx-no-cache=1521469117703 HTTP/1.1" 200 4130
186.103.159.189 - - [19/Mar/2018:11:19:28 -0300] "GET /cormun/servlet/solicitudotadjuntos?e6fd8912ff1b4e6a273b308d00f4d6a2be57625d6920cc02aea49f200e84a3d9,gx-no-cache=1521472716446 HTTP/1.1" 200 30
186.103.159.189 - - [19/Mar/2018:11:19:28 -0300] "GET /cormun/servlet/solicitudotadjuntos?e6fd8912ff1b4e6a273b308d00f4d6a2be57625d6920cc02aea49f200e84a3d9,gx-no-cache=1521472716487 HTTP/1.1" 200 30
186.103.159.189 - - [19/Mar/2018:11:19:30 -0300] "POST /cormun/servlet/solicitudotadjuntos?8f4114afc255baec5fcb414a244eb2ab,INS,2018,10599,,1, HTTP/1.1" 200 116
186.103.159.189 - - [19/Mar/2018:11:19:30 -0300] "GET /cormun/servlet/hpexe_return? HTTP/1.1" 200 1023
186.103.159.189 - - [19/Mar/2018:11:19:31 -0300] "GET /cormun/servlet/trsolicitudadjuntos?2018,10599, HTTP/1.1" 200 9384
186.103.159.182 - - [19/Mar/2018:11:19:32 -0300] "POST /cormun/servlet/trsolicitudot?ecd278aaa7de697feabb8e2c76721273,gx-no-cache=1521469121504 HTTP/1.1" 200 4471
186.103.159.189 - - [19/Mar/2018:11:19:33 -0300] "GET /cormun/servlet/trsolicitudadjuntos?2018,10599, HTTP/1.1" 200 9381
186.103.157.246 - - [19/Mar/2018:11:19:35 -0300] "GET /cormun/servlet/trcontratosolicitud? HTTP/1.1" 200 14539
186.103.157.246 - - [19/Mar/2018:11:19:36 -0300] "GET /cormun/static/gxcfg.js?20177612214014 HTTP/1.1" 200 953
186.103.157.246 - - [19/Mar/2018:11:19:36 -0300] "GET /cormun/static/trcontratosolicitud.js?20177612214349 HTTP/1.1" 200 28237
186.103.157.246 - - [19/Mar/2018:11:19:37 -0300] "GET /cormun//static/Resources/PXToolsGridNew.png HTTP/1.1" 200 2949
186.103.157.246 - - [19/Mar/2018:11:19:37 -0300] "GET /cormun/servlet/trcontratosolicitud? HTTP/1.1" 200 14529
186.103.159.44 - - [19/Mar/2018:11:19:41 -0300] "POST /cormun/servlet/trautorizarsolicitud?273b05dc897ee03aa2b3a472058a8637,,gx-no-cache=1521469131302 HTTP/1.1" 200 6389
186.103.159.189 - - [19/Mar/2018:11:19:41 -0300] "GET /cormun/servlet/solicitudotadjuntos?INS,2018,10599,,1, HTTP/1.1" 200 6025
186.103.159.189 - - [19/Mar/2018:11:19:42 -0300] "GET /cormun/static/about:blank HTTP/1.1" 404 1011
186.103.159.189 - - [19/Mar/2018:11:19:43 -0300] "GET /cormun/servlet/solicitudotadjuntos?INS,2018,10599,,1, HTTP/1.1" 200 6019
186.103.159.189 - - [19/Mar/2018:11:19:43 -0300] "GET /cormun/servlet/solicitudotadjuntos?e6fd8912ff1b4e6a273b308d00f4d6a28f1be59b6a332f9b0e75cb9807a4ed283f4e544ec070b7b640d8356237b8856f,gx-no-cache=1521472731195 HTTP/1.1" 200 30
186.103.159.189 - - [19/Mar/2018:11:19:43 -0300] "POST /cormun/servlet/solicitudotadjuntos?8f4114afc255baec5fcb414a244eb2ab,INS,2018,10599,,1,,gx-no-cache=1521472731276 HTTP/1.1" 200 3819
186.103.157.246 - - [19/Mar/2018:11:19:44 -0300] "GET /cormun/servlet/trcontratounov2? HTTP/1.1" 200 17652
186.103.159.189 - - [19/Mar/2018:11:19:48 -0300] "POST /cormun/servlet/solicitudotadjuntos?gx-no-cache=1521472736177 HTTP/1.1" 200 26
186.103.157.246 - - [19/Mar/2018:11:19:50 -0300] "GET /cormun/static/gxcfg.js?201752512124396 HTTP/1.1" 200 953
186.103.157.246 - - [19/Mar/2018:11:19:51 -0300] "GET /cormun/static/Resources/PXToolsAddSelectedAction.png HTTP/1.1" 200 3660
186.103.157.246 - - [19/Mar/2018:11:19:51 -0300] "GET /cormun/static/trcontratounov2.js?201752512125146 HTTP/1.1" 200 38486
186.103.157.246 - - [19/Mar/2018:11:19:52 -0300] "GET /cormun/servlet/trcontratounov2? HTTP/1.1" 200 17658
186.103.159.182 - - [19/Mar/2018:11:19:54 -0300] "POST /cormun/servlet/trsolicitudot?ecd278aaa7de697feabb8e2c76721273,gx-no-cache=1521469143104 HTTP/1.1" 200 4482
186.103.159.189 - - [19/Mar/2018:11:19:54 -0300] "GET /cormun/servlet/solicitudotadjuntos?e6fd8912ff1b4e6a273b308d00f4d6a2be57625d6920cc02aea49f200e84a3d9,gx-no-cache=1521472741925 HTTP/1.1" 200 30
186.103.159.189 - - [19/Mar/2018:11:19:54 -0300] "GET /cormun/servlet/solicitudotadjuntos?e6fd8912ff1b4e6a273b308d00f4d6a2be57625d6920cc02aea49f200e84a3d9,gx-no-cache=1521472741985 HTTP/1.1" 200 30
186.103.159.189 - - [19/Mar/2018:11:19:55 -0300] "POST /cormun/servlet/solicitudotadjuntos?8f4114afc255baec5fcb414a244eb2ab,INS,2018,10599,,1, HTTP/1.1" 200 116
186.103.159.189 - - [19/Mar/2018:11:19:55 -0300] "GET /cormun/servlet/hpexe_return? HTTP/1.1" 200 1023
186.103.159.189 - - [19/Mar/2018:11:19:56 -0300] "GET /cormun/servlet/trsolicitudadjuntos?2018,10599, HTTP/1.1" 200 9654
186.103.159.189 - - [19/Mar/2018:11:19:58 -0300] "GET /cormun/servlet/trsolicitudadjuntos?2018,10599, HTTP/1.1" 200 9649
186.103.157.246 - - [19/Mar/2018:11:19:58 -0300] "GET /cormun/servlet/trcontratosolicitud? HTTP/1.1" 200 14558
186.103.157.246 - - [19/Mar/2018:11:19:59 -0300] "GET /cormun/servlet/trcontratosolicitud? HTTP/1.1" 200 14565
186.103.159.182 - - [19/Mar/2018:11:20:00 -0300] "POST /cormun/servlet/trsolicitudot?ecd278aaa7de697feabb8e2c76721273,gx-no-cache=1521469148992 HTTP/1.1" 200 4483
186.103.159.189 - - [19/Mar/2018:11:20:01 -0300] "GET /cormun/servlet/solicitudotadjuntos?INS,2018,10599,,2, HTTP/1.1" 200 6023
186.103.159.189 - - [19/Mar/2018:11:20:02 -0300] "GET /cormun/static/about:blank HTTP/1.1" 404 1011
186.103.159.189 - - [19/Mar/2018:11:20:02 -0300] "GET /cormun/servlet/solicitudotadjuntos?INS,2018,10599,,2, HTTP/1.1" 200 6017
186.103.159.189 - - [19/Mar/2018:11:20:03 -0300] "GET /cormun/servlet/solicitudotadjuntos?e6fd8912ff1b4e6a273b308d00f4d6a28f1be59b6a332f9b0e75cb9807a4ed283f4e544ec070b7b640d8356237b8856f,gx-no-cache=1521472750856 HTTP/1.1" 200 30
186.103.159.189 - - [19/Mar/2018:11:20:03 -0300] "POST /cormun/servlet/solicitudotadjuntos?8f4114afc255baec5fcb414a244eb2ab,INS,2018,10599,,2,,gx-no-cache=1521472750914 HTTP/1.1" 200 3962
186.103.159.182 - - [19/Mar/2018:11:20:03 -0300] "POST /cormun/servlet/trsolicitudot?ecd278aaa7de697feabb8e2c76721273,gx-no-cache=1521469152814 HTTP/1.1" 200 5876
186.103.157.246 - - [19/Mar/2018:11:20:04 -0300] "GET /cormun/servlet/trcontratoobservaciondir? HTTP/1.1" 200 13657
186.103.157.246 - - [19/Mar/2018:11:20:04 -0300] "GET /cormun/static/gxcfg.js?20175251262281 HTTP/1.1" 200 953
186.103.157.246 - - [19/Mar/2018:11:20:04 -0300] "GET /cormun/static/trcontratoobservaciondir.js?20175251262715 HTTP/1.1" 200 27185
186.103.157.246 - - [19/Mar/2018:11:20:05 -0300] "GET /cormun/servlet/trcontratoobservaciondir? HTTP/1.1" 200 13656
186.103.159.189 - - [19/Mar/2018:11:20:09 -0300] "POST /cormun/servlet/solicitudotadjuntos?gx-no-cache=1521472756874 HTTP/1.1" 200 26
186.103.159.189 - - [19/Mar/2018:11:20:17 -0300] "GET /cormun/servlet/solicitudotadjuntos?e6fd8912ff1b4e6a273b308d00f4d6a2be57625d6920cc02aea49f200e84a3d9,gx-no-cache=1521472764711 HTTP/1.1" 200 30
186.103.159.189 - - [19/Mar/2018:11:20:17 -0300] "GET /cormun/servlet/solicitudotadjuntos?e6fd8912ff1b4e6a273b308d00f4d6a2be57625d6920cc02aea49f200e84a3d9,gx-no-cache=1521472764807 HTTP/1.1" 200 30
186.103.157.246 - - [19/Mar/2018:11:20:23 -0300] "GET /cormun/servlet/trsolicitudot? HTTP/1.1" 200 8669
186.103.159.182 - - [19/Mar/2018:11:20:23 -0300] "POST /cormun/servlet/trsolicitudot?ecd278aaa7de697feabb8e2c76721273,gx-no-cache=1521469172114 HTTP/1.1" 200 6210
186.103.157.246 - - [19/Mar/2018:11:20:24 -0300] "GET /cormun/static/gxcfg.js?2017111422585916 HTTP/1.1" 304 -
186.103.157.246 - - [19/Mar/2018:11:20:25 -0300] "GET /cormun/servlet/trsolicitudot? HTTP/1.1" 200 8669
192.168.10.89 - - [19/Mar/2018:11:20:28 -0300] "POST /cormun/servlet/trsolicitudgral?92db09fa3e8e36d717ba706a0e2f7cc6,,gx-no-cache=1521469062436 HTTP/1.1" 200 7785
186.103.159.189 - - [19/Mar/2018:11:20:32 -0300] "POST /cormun/servlet/solicitudotadjuntos?8f4114afc255baec5fcb414a244eb2ab,INS,2018,10599,,2, HTTP/1.1" 200 116
186.103.159.189 - - [19/Mar/2018:11:20:32 -0300] "GET /cormun/servlet/hpexe_return? HTTP/1.1" 200 1023
186.103.159.44 - - [19/Mar/2018:11:20:33 -0300] "POST /cormun/servlet/trautorizarsolicitud?273b05dc897ee03aa2b3a472058a8637,,gx-no-cache=1521469182953 HTTP/1.1" 200 4125
186.103.159.189 - - [19/Mar/2018:11:20:34 -0300] "GET /cormun/servlet/trsolicitudadjuntos?2018,10599, HTTP/1.1" 200 9800
186.103.159.189 - - [19/Mar/2018:11:20:37 -0300] "GET /cormun/servlet/trsolicitudadjuntos?2018,10599, HTTP/1.1" 200 9798
186.103.159.189 - - [19/Mar/2018:11:20:38 -0300] "GET /cormun/servlet/solicitudotadjuntos?INS,2018,10599,,2, HTTP/1.1" 200 6023
186.103.159.189 - - [19/Mar/2018:11:20:40 -0300] "GET /cormun/static/about:blank HTTP/1.1" 404 1011
186.103.159.189 - - [19/Mar/2018:11:20:40 -0300] "GET /cormun/servlet/solicitudotadjuntos?INS,2018,10599,,2, HTTP/1.1" 200 6017
186.103.159.189 - - [19/Mar/2018:11:20:40 -0300] "GET /cormun/servlet/solicitudotadjuntos?e6fd8912ff1b4e6a273b308d00f4d6a28f1be59b6a332f9b0e75cb9807a4ed283f4e544ec070b7b640d8356237b8856f,gx-no-cache=1521472788236 HTTP/1.1" 200 30
186.103.159.189 - - [19/Mar/2018:11:20:40 -0300] "POST /cormun/servlet/solicitudotadjuntos?8f4114afc255baec5fcb414a244eb2ab,INS,2018,10599,,2,,gx-no-cache=1521472788306 HTTP/1.1" 200 3962
186.103.159.44 - - [19/Mar/2018:11:20:43 -0300] "POST /cormun/servlet/trautorizarsolicitud?273b05dc897ee03aa2b3a472058a8637,,gx-no-cache=1521469193721 HTTP/1.1" 200 5939
186.103.159.189 - - [19/Mar/2018:11:20:44 -0300] "POST /cormun/servlet/solicitudotadjuntos?gx-no-cache=1521472791836 HTTP/1.1" 200 26
186.103.159.189 - - [19/Mar/2018:11:20:50 -0300] "GET /cormun/servlet/solicitudotadjuntos?e6fd8912ff1b4e6a273b308d00f4d6a2be57625d6920cc02aea49f200e84a3d9,gx-no-cache=1521472798002 HTTP/1.1" 200 30
186.103.159.189 - - [19/Mar/2018:11:20:50 -0300] "GET /cormun/servlet/solicitudotadjuntos?e6fd8912ff1b4e6a273b308d00f4d6a2be57625d6920cc02aea49f200e84a3d9,gx-no-cache=1521472798038 HTTP/1.1" 200 30
186.103.159.189 - - [19/Mar/2018:11:20:51 -0300] "POST /cormun/servlet/solicitudotadjuntos?8f4114afc255baec5fcb414a244eb2ab,INS,2018,10599,,2, HTTP/1.1" 200 116
