186.103.157.98 - - [19/Mar/2018:09:14:03 -0300] "GET /cormun/static/gxcfg.js?20175251212442 HTTP/1.1" 304 -
186.103.157.98 - - [19/Mar/2018:09:14:04 -0300] "GET /cormun/servlet/hhome HTTP/1.1" 200 4242
186.103.157.98 - - [19/Mar/2018:09:14:07 -0300] "GET /cormun/servlet/trsolicitudot? HTTP/1.1" 200 9249
186.103.157.98 - - [19/Mar/2018:09:14:08 -0300] "GET /cormun/static/gxcfg.js?2017111422585916 HTTP/1.1" 304 -
186.103.157.98 - - [19/Mar/2018:09:14:08 -0300] "GET /cormun/servlet/trsolicitudot? HTTP/1.1" 200 9247
186.103.157.98 - - [19/Mar/2018:09:14:14 -0300] "POST /cormun/servlet/trsolicitudot?e0168130da93c77be0a264dd914ef75a,,gx-no-cache=1521461606094 HTTP/1.1" 200 107
186.103.157.98 - - [19/Mar/2018:09:14:14 -0300] "GET /cormun/servlet/trsolicitudadjuntos?2018,10576, HTTP/1.1" 200 9681
186.103.157.98 - - [19/Mar/2018:09:14:15 -0300] "GET /cormun/servlet/trsolicitudadjuntos?2018,10576, HTTP/1.1" 200 9682
192.168.10.56 - - [19/Mar/2018:09:14:33 -0300] "POST /cormun/servlet/trsolicitudgral?a1cb8ccf417638ad91ae69e448c4e8ff,gx-no-cache=1521461507057 HTTP/1.1" 200 23870
192.168.10.56 - - [19/Mar/2018:09:15:18 -0300] "POST /cormun/servlet/trsolicitudgral?a1cb8ccf417638ad91ae69e448c4e8ff,gx-no-cache=1521461552734 HTTP/1.1" 200 8094
192.168.10.56 - - [19/Mar/2018:09:16:17 -0300] "POST /cormun/servlet/trsolicitudgral?a1cb8ccf417638ad91ae69e448c4e8ff,gx-no-cache=1521461612024 HTTP/1.1" 200 6137
192.168.10.56 - - [19/Mar/2018:09:16:23 -0300] "POST /cormun/servlet/trsolicitudgral?a1cb8ccf417638ad91ae69e448c4e8ff,gx-no-cache=1521461617648 HTTP/1.1" 200 7287
192.168.10.56 - - [19/Mar/2018:09:16:51 -0300] "POST /cormun/servlet/trsolicitudgral?a1cb8ccf417638ad91ae69e448c4e8ff,gx-no-cache=1521461645344 HTTP/1.1" 200 8090
186.103.157.42 - - [19/Mar/2018:09:17:05 -0300] "GET /cormun/servlet/hlogin HTTP/1.1" 200 1723
186.103.157.42 - - [19/Mar/2018:09:17:05 -0300] "GET /cormun/static/gxcfg.js?20175251213516 HTTP/1.1" 200 953
186.103.157.42 - - [19/Mar/2018:09:17:05 -0300] "GET /cormun/static/gxtimezone.js?85251 HTTP/1.1" 200 5781
186.103.157.42 - - [19/Mar/2018:09:17:05 -0300] "GET /cormun/static/Resources/Spanish/PXTools.css?11423723 HTTP/1.1" 200 89042
192.168.10.56 - - [19/Mar/2018:09:17:07 -0300] "POST /cormun/servlet/trsolicitudgral?a1cb8ccf417638ad91ae69e448c4e8ff,gx-no-cache=1521461661138 HTTP/1.1" 200 7306
186.103.157.42 - - [19/Mar/2018:09:17:10 -0300] "GET /cormun/static/messages.spa.js?85251 HTTP/1.1" 200 30736
186.103.157.42 - - [19/Mar/2018:09:17:12 -0300] "GET /cormun/static/hlogin.js?20175251213537 HTTP/1.1" 200 2136
192.168.10.56 - - [19/Mar/2018:09:17:14 -0300] "POST /cormun/servlet/trsolicitudgral?a1cb8ccf417638ad91ae69e448c4e8ff,gx-no-cache=1521461668208 HTTP/1.1" 200 6109
186.103.157.42 - - [19/Mar/2018:09:17:14 -0300] "GET /cormun/static/Resources/ComunLogin.png HTTP/1.1" 200 17326
192.168.10.56 - - [19/Mar/2018:09:17:25 -0300] "POST /cormun/servlet/trsolicitudgral?a1cb8ccf417638ad91ae69e448c4e8ff,gx-no-cache=1521461679345 HTTP/1.1" 200 7288
186.103.157.42 - - [19/Mar/2018:09:17:42 -0300] "GET /cormun/static/gxgral.js?85251 HTTP/1.1" 200 384558
186.103.157.42 - - [19/Mar/2018:09:17:43 -0300] "GET /cormun/static/Resources/PXToolsButtonBackground2.png HTTP/1.1" 200 1181
186.103.157.42 - - [19/Mar/2018:09:17:43 -0300] "GET /cormun/static/Resources/PXToolsButtonRight21.png HTTP/1.1" 200 1283
186.103.157.42 - - [19/Mar/2018:09:17:43 -0300] "GET /cormun/static/Resources/PXToolsButtonLeft21.png HTTP/1.1" 200 1287
186.103.157.42 - - [19/Mar/2018:09:17:43 -0300] "GET /cormun/static/Resources/PXToolsLoginBackground.png HTTP/1.1" 200 1164
186.103.157.42 - - [19/Mar/2018:09:17:43 -0300] "GET /cormun/static/Resources/PXToolsLoginTop.png HTTP/1.1" 200 1337
186.103.157.42 - - [19/Mar/2018:09:17:43 -0300] "GET /cormun/static/Resources/PXToolsLoginBottom.png HTTP/1.1" 200 1389
186.103.157.42 - - [19/Mar/2018:09:17:43 -0300] "GET /cormun/servlet/hlogin HTTP/1.1" 200 1730
186.103.157.42 - - [19/Mar/2018:09:17:43 -0300] "GET /cormun/static/Resources/indicator.gif HTTP/1.1" 200 1553
186.103.157.42 - - [19/Mar/2018:09:17:43 -0300] "GET /cormun/static/Resources/PXToolsLoginBottom.png HTTP/1.1" 200 1389
186.103.157.42 - - [19/Mar/2018:09:17:43 -0300] "GET /cormun/static/Resources/indicator.gif HTTP/1.1" 200 1553
186.103.157.42 - - [19/Mar/2018:09:17:44 -0300] "GET /favicon.ico HTTP/1.1" 304 -
186.103.157.42 - - [19/Mar/2018:09:17:47 -0300] "POST /cormun/servlet/hlogin?864d47ccf29917679775a2bd64b97b30,gx-no-cache=1521461815955 HTTP/1.1" 200 90
186.103.157.42 - - [19/Mar/2018:09:17:47 -0300] "GET /cormun/servlet/hpexe_link HTTP/1.1" 200 950
186.103.157.42 - - [19/Mar/2018:09:17:47 -0300] "GET /cormun/static/gxcfg.js?20177612121792 HTTP/1.1" 200 953
186.103.157.42 - - [19/Mar/2018:09:17:47 -0300] "GET /cormun/static/hpexe_link.js?20177612121795 HTTP/1.1" 200 625
186.103.157.42 - - [19/Mar/2018:09:17:54 -0300] "GET /cormun/static/Resources/Spanish/PXTools.css?1155365 HTTP/1.1" 200 89042
186.103.157.42 - - [19/Mar/2018:09:18:02 -0300] "GET /cormun/servlet/hhome HTTP/1.1" 200 4255
186.103.157.42 - - [19/Mar/2018:09:18:02 -0300] "GET /cormun/static/gxcfg.js?20175251212442 HTTP/1.1" 200 953
186.103.157.42 - - [19/Mar/2018:09:18:02 -0300] "GET /cormun/static/SmoothNavMenu/resources/ddsmoothmenu-v.css?1012540 HTTP/1.1" 200 1188
186.103.157.42 - - [19/Mar/2018:09:18:02 -0300] "GET /cormun/static/SmoothNavMenu/resources/ddsmoothmenu.css?1012540 HTTP/1.1" 200 2223
186.103.157.42 - - [19/Mar/2018:09:18:02 -0300] "GET /cormun/static/scaMessage/css/jquery.pnotify.default.css?1716380 HTTP/1.1" 200 1707
186.103.157.42 - - [19/Mar/2018:09:18:02 -0300] "GET /cormun/static/Shared/jqueryui/jquery-ui.min.css?1245370 HTTP/1.1" 200 30288
186.103.157.42 - - [19/Mar/2018:09:18:02 -0300] "GET /cormun/static/PXToolsJavascripts/pexe_autoreload.js HTTP/1.1" 200 1762
192.168.10.56 - - [19/Mar/2018:09:18:02 -0300] "POST /cormun/servlet/trsolicitudgral?a1cb8ccf417638ad91ae69e448c4e8ff,gx-no-cache=1521461716985 HTTP/1.1" 200 5920
186.103.157.42 - - [19/Mar/2018:09:18:03 -0300] "GET /cormun/static/PXToolsJavascripts/pexe_windows.js HTTP/1.1" 200 15207
186.103.157.42 - - [19/Mar/2018:09:18:03 -0300] "GET /cormun/static/PXToolsJavascripts/pexe_menudivfix.js HTTP/1.1" 200 333
186.103.157.42 - - [19/Mar/2018:09:18:03 -0300] "GET /cormun/static/PXToolsJavascripts/pexe_griddivfix.js HTTP/1.1" 200 6644
186.103.157.42 - - [19/Mar/2018:09:18:03 -0300] "GET /cormun/static/PXToolsJavascripts/pexe_grid.js HTTP/1.1" 200 7559
186.103.157.42 - - [19/Mar/2018:09:18:03 -0300] "GET /cormun/static/PXToolsJavascripts/pexe_oavdivfix.js HTTP/1.1" 200 639
186.103.157.42 - - [19/Mar/2018:09:18:03 -0300] "GET /cormun/static/PXToolsJavascripts/pexe_layers.js HTTP/1.1" 200 4114
186.103.157.42 - - [19/Mar/2018:09:18:03 -0300] "GET /cormun/static/PXToolsJavascripts/pexe_link.js HTTP/1.1" 200 5671
186.103.157.42 - - [19/Mar/2018:09:18:03 -0300] "GET /cormun/static/PXToolsJavascripts/pexe_picture.js HTTP/1.1" 200 689
186.103.157.42 - - [19/Mar/2018:09:18:03 -0300] "GET /cormun/static/PXToolsJavascripts/pexe_tabdivfix.js HTTP/1.1" 200 876
186.103.157.42 - - [19/Mar/2018:09:18:03 -0300] "GET /cormun/static/PXToolsJavascripts/pexe_popup.js HTTP/1.1" 200 13458
186.103.157.42 - - [19/Mar/2018:09:18:03 -0300] "GET /cormun/static/PXToolsJavascripts/PXToolsJavascriptsRender.js HTTP/1.1" 200 367
186.103.157.42 - - [19/Mar/2018:09:18:03 -0300] "GET /cormun/static/PXToolsJavascripts/pexe_upload.js HTTP/1.1" 200 1423
186.103.157.42 - - [19/Mar/2018:09:18:03 -0300] "GET /cormun/static/PXToolsJavascripts/pexe_tabs.js HTTP/1.1" 200 3748
186.103.157.42 - - [19/Mar/2018:09:18:03 -0300] "GET /cormun/static/PXToolsJavascripts/pexe_scrolldiv.js HTTP/1.1" 200 4138
186.103.157.42 - - [19/Mar/2018:09:18:03 -0300] "GET /cormun/static/RunJS/RunJS.js HTTP/1.1" 200 288
186.103.157.42 - - [19/Mar/2018:09:18:03 -0300] "GET /cormun/static/hhome.js?20175251212450 HTTP/1.1" 200 777
186.103.157.42 - - [19/Mar/2018:09:18:03 -0300] "GET /cormun/static/hwchdr01.js?201752511465785 HTTP/1.1" 200 1183
186.103.157.42 - - [19/Mar/2018:09:18:03 -0300] "GET /cormun/static/hpexe_recentlink.js?20177611595044 HTTP/1.1" 200 2144
186.103.157.42 - - [19/Mar/2018:09:18:03 -0300] "GET /cormun/static/hpexe_scripts.js?201752511465715 HTTP/1.1" 200 1544
186.103.157.42 - - [19/Mar/2018:09:18:04 -0300] "GET /cormun/static/hpexe_messagecontroller.js?20177611595012 HTTP/1.1" 200 870
186.103.157.42 - - [19/Mar/2018:09:18:04 -0300] "GET /cormun/static/Shared/ext/locale/ext-lang-en.js HTTP/1.1" 200 10940
186.103.157.42 - - [19/Mar/2018:09:18:04 -0300] "GET /cormun/static/Resources/PXToolsHeaderActionsLeft.png HTTP/1.1" 200 1118
186.103.159.182 - - [19/Mar/2018:09:18:04 -0300] "POST /cormun/servlet/trcontratosolicitud?ecd278aaa7de697feabb8e2c76721273,,gx-no-cache=1521461832828 HTTP/1.1" 200 6234
186.103.157.42 - - [19/Mar/2018:09:18:04 -0300] "GET /cormun/static/Resources/logo4.png HTTP/1.1" 200 6582
186.103.157.42 - - [19/Mar/2018:09:18:04 -0300] "GET /cormun/static/Resources/PXToolsHeaderActionsBackground.png HTTP/1.1" 200 484
186.103.157.42 - - [19/Mar/2018:09:18:04 -0300] "GET /cormun/static/Resources/PXToolsHeaderLogin.png HTTP/1.1" 200 4279
186.103.157.42 - - [19/Mar/2018:09:18:04 -0300] "GET /cormun/static/Resources/PXToolsHeaderPreferences.png HTTP/1.1" 200 4189
186.103.157.42 - - [19/Mar/2018:09:18:04 -0300] "GET /cormun/static/Resources/PXToolsFooterBackground2.png HTTP/1.1" 200 1172
186.103.157.42 - - [19/Mar/2018:09:18:04 -0300] "GET /cormun/static/Resources/PXToolsDataTitle.png HTTP/1.1" 200 1173
186.103.157.42 - - [19/Mar/2018:09:18:04 -0300] "GET /cormun/static/Resources/PXToolsHeaderBackground2.png HTTP/1.1" 200 1174
186.103.157.42 - - [19/Mar/2018:09:18:04 -0300] "GET /cormun/static/Resources/PXToolsHeaderActionsRight.png HTTP/1.1" 200 1201
186.103.157.42 - - [19/Mar/2018:09:18:04 -0300] "GET /cormun/static/Resources/PXToolsHeaderSecurity.png HTTP/1.1" 200 4166
186.103.157.42 - - [19/Mar/2018:09:18:04 -0300] "GET /cormun/static/Resources/PXToolsHeaderHome.png HTTP/1.1" 200 4147
186.103.157.42 - - [19/Mar/2018:09:18:04 -0300] "GET /cormun/static/hpexe_messagepopupcomponent.js?20161017169425 HTTP/1.1" 200 605
186.103.157.42 - - [19/Mar/2018:09:18:05 -0300] "GET /cormun/static/hpexe_messagegenexuscomponent.js?201752511465344 HTTP/1.1" 200 587
186.103.157.42 - - [19/Mar/2018:09:18:05 -0300] "GET /cormun/static/cmcontrolpreferences.js?201752511465670 HTTP/1.1" 200 1375
186.103.157.42 - - [19/Mar/2018:09:18:05 -0300] "GET /cormun/static/SmoothNavMenu/resources/ddsmoothmenu.js HTTP/1.1" 200 12712
186.103.157.42 - - [19/Mar/2018:09:18:06 -0300] "GET /cormun/static/SmoothNavMenu/resources/SmoothNavMenuRender.js HTTP/1.1" 200 5951
186.103.157.42 - - [19/Mar/2018:09:18:06 -0300] "GET /cormun/static/scaMessage/js/jquery.pnotify.min.js HTTP/1.1" 200 13038
186.103.157.42 - - [19/Mar/2018:09:18:07 -0300] "GET /cormun/static/scaMessage/scaMessageRender.js HTTP/1.1" 200 11977
186.103.157.42 - - [19/Mar/2018:09:18:07 -0300] "GET /cormun/static/Shared/jquery/jquery-1.4.2.min.js HTTP/1.1" 200 72174
186.103.157.42 - - [19/Mar/2018:09:18:07 -0300] "GET /cormun/static/gxui/gxui-all.js HTTP/1.1" 200 107772
186.103.157.42 - - [19/Mar/2018:09:18:07 -0300] "GET /cormun/static/hmpwkw03.js?20177612122668 HTTP/1.1" 200 3965
192.168.10.56 - - [19/Mar/2018:09:18:13 -0300] "POST /cormun/servlet/trsolicitudgral?a1cb8ccf417638ad91ae69e448c4e8ff,gx-no-cache=1521461727897 HTTP/1.1" 200 5928
186.103.157.42 - - [19/Mar/2018:09:18:14 -0300] "GET /cormun/static/Shared/jqueryui/jquery-ui.min.js HTTP/1.1" 200 240427
186.103.159.182 - - [19/Mar/2018:09:18:14 -0300] "GET /cormun/servlet/hlogin HTTP/1.1" 200 1719
186.103.159.182 - - [19/Mar/2018:09:18:14 -0300] "GET /cormun/static/gxcfg.js?20175251213516 HTTP/1.1" 200 953
186.103.159.182 - - [19/Mar/2018:09:18:14 -0300] "GET /cormun/static/messages.spa.js?85251 HTTP/1.1" 200 30736
186.103.159.182 - - [19/Mar/2018:09:18:14 -0300] "GET /cormun/static/Resources/Spanish/PXTools.css?11423723 HTTP/1.1" 200 89042
186.103.159.182 - - [19/Mar/2018:09:18:15 -0300] "GET /cormun/static/gxtimezone.js?85251 HTTP/1.1" 200 5781
186.103.159.182 - - [19/Mar/2018:09:18:15 -0300] "GET /cormun/static/gxgral.js?85251 HTTP/1.1" 200 384558
186.103.159.182 - - [19/Mar/2018:09:18:15 -0300] "GET /cormun/static/Resources/ComunLogin.png HTTP/1.1" 200 17326
186.103.159.182 - - [19/Mar/2018:09:18:16 -0300] "GET /cormun/static/Resources/PXToolsLoginTop.png HTTP/1.1" 200 1337
186.103.159.182 - - [19/Mar/2018:09:18:16 -0300] "GET /cormun/static/Resources/PXToolsLoginBackground.png HTTP/1.1" 200 1164
186.103.159.182 - - [19/Mar/2018:09:18:16 -0300] "GET /cormun/static/Resources/PXToolsButtonLeft21.png HTTP/1.1" 200 1287
186.103.159.182 - - [19/Mar/2018:09:18:16 -0300] "GET /cormun/static/Resources/PXToolsButtonRight21.png HTTP/1.1" 200 1283
186.103.159.182 - - [19/Mar/2018:09:18:16 -0300] "GET /cormun/static/Resources/PXToolsButtonBackground2.png HTTP/1.1" 200 1181
186.103.159.182 - - [19/Mar/2018:09:18:16 -0300] "GET /cormun/static/Resources/PXToolsLoginBottom.png HTTP/1.1" 200 1389
186.103.157.42 - - [19/Mar/2018:09:18:16 -0300] "GET /cormun/static/Shared/jquery/jquery-1.10.2.min.js HTTP/1.1" 200 273199
192.168.10.56 - - [19/Mar/2018:09:18:45 -0300] "POST /cormun/servlet/trsolicitudgral?a1cb8ccf417638ad91ae69e448c4e8ff,gx-no-cache=1521461758553 HTTP/1.1" 200 25447
192.168.10.56 - - [19/Mar/2018:09:18:54 -0300] "POST /cormun/servlet/trsolicitudgral?a1cb8ccf417638ad91ae69e448c4e8ff,gx-no-cache=1521461768151 HTTP/1.1" 200 22278
186.103.157.42 - - [19/Mar/2018:09:18:58 -0300] "GET /cormun/servlet/hhome HTTP/1.1" 200 4243
186.103.157.42 - - [19/Mar/2018:09:18:58 -0300] "GET /cormun/static/Shared/ext/ext-all.js HTTP/1.1" 206 1
186.103.157.98 - - [19/Mar/2018:09:19:14 -0300] "GET /cormun/servlet/solicitudotadjuntos?INS,2018,10576,,1, HTTP/1.1" 200 6290
186.103.157.98 - - [19/Mar/2018:09:19:14 -0300] "GET /cormun/static/about:blank HTTP/1.1" 404 1011
186.103.157.98 - - [19/Mar/2018:09:19:14 -0300] "GET /cormun/servlet/solicitudotadjuntos?INS,2018,10576,,1, HTTP/1.1" 200 6283
186.103.157.98 - - [19/Mar/2018:09:19:15 -0300] "GET /cormun/servlet/solicitudotadjuntos?378d02ad305b8de604a2ea38608dd75dde1307ff90f765b47e4f3e45de0f0f8f910680abc5b0547c639330f962435d7e,gx-no-cache=1521461907370 HTTP/1.1" 200 30
186.103.157.98 - - [19/Mar/2018:09:19:15 -0300] "POST /cormun/servlet/solicitudotadjuntos?e0168130da93c77be0a264dd914ef75a,INS,2018,10576,,1,,gx-no-cache=1521461907449 HTTP/1.1" 200 3988
186.103.157.98 - - [19/Mar/2018:09:19:18 -0300] "POST /cormun/servlet/solicitudotadjuntos?gx-no-cache=1521461910472 HTTP/1.1" 200 26
186.103.159.182 - - [19/Mar/2018:09:19:19 -0300] "POST /cormun/servlet/trcontratosolicitud?ecd278aaa7de697feabb8e2c76721273,,gx-no-cache=1521461907626 HTTP/1.1" 200 12134
186.103.159.182 - - [19/Mar/2018:09:19:27 -0300] "POST /cormun/servlet/trcontratosolicitud?ecd278aaa7de697feabb8e2c76721273,,gx-no-cache=1521461915344 HTTP/1.1" 200 12191
186.103.157.98 - - [19/Mar/2018:09:19:32 -0300] "GET /cormun/servlet/solicitudotadjuntos?378d02ad305b8de604a2ea38608dd75d72a3d4c35fc11390c110af052d41db4c,gx-no-cache=1521461924543 HTTP/1.1" 200 30
186.103.157.98 - - [19/Mar/2018:09:19:32 -0300] "GET /cormun/servlet/solicitudotadjuntos?378d02ad305b8de604a2ea38608dd75d72a3d4c35fc11390c110af052d41db4c,gx-no-cache=1521461924596 HTTP/1.1" 200 30
186.103.157.98 - - [19/Mar/2018:09:19:34 -0300] "POST /cormun/servlet/solicitudotadjuntos?e0168130da93c77be0a264dd914ef75a,INS,2018,10576,,1, HTTP/1.1" 200 6519
186.103.157.98 - - [19/Mar/2018:09:19:34 -0300] "GET /home/sistema/apache-tomcat-7.0.65/webapps/cormun/PrivateTempStorage/upload_00014272.pdf HTTP/1.1" 404 1135
186.103.157.98 - - [19/Mar/2018:09:19:34 -0300] "GET /cormun/static/Shared/jqueryui/images/ui-bg_highlight-soft_100_c6c2c8_1x100.png HTTP/1.1" 404 1117
186.103.157.98 - - [19/Mar/2018:09:19:34 -0300] "GET /cormun/static/Shared/jqueryui/images/ui-icons_82798d_256x240.png HTTP/1.1" 404 1089
186.103.157.98 - - [19/Mar/2018:09:19:34 -0300] "GET /home/sistema/apache-tomcat-7.0.65/webapps/cormun/PrivateTempStorage/upload_00014272.pdf HTTP/1.1" 404 1135
186.103.157.98 - - [19/Mar/2018:09:19:34 -0300] "GET /cormun/static/Shared/jqueryui/images/ui-bg_flat_55_994d53_40x100.png HTTP/1.1" 404 1097
186.103.157.98 - - [19/Mar/2018:09:19:34 -0300] "GET /cormun/static/Shared/jqueryui/images/ui-icons_ebccce_256x240.png HTTP/1.1" 404 1089
186.103.157.98 - - [19/Mar/2018:09:19:34 -0300] "GET /cormun/PrivateTempStorage/upload_00014272.pdf HTTP/1.1" 304 -
186.103.157.98 - - [19/Mar/2018:09:19:34 -0300] "GET /cormun/PrivateTempStorage/upload_00014272.pdf HTTP/1.1" 200 117406
186.103.157.98 - - [19/Mar/2018:09:19:40 -0300] "GET /cormun/servlet/solicitudotadjuntos?378d02ad305b8de604a2ea38608dd75db3f5f47bbcda515d537d89f472c297faafddde707a2346d8a8fe4c5593978700,gx-no-cache=1521461932301 HTTP/1.1" 200 30
186.103.157.98 - - [19/Mar/2018:09:19:40 -0300] "POST /cormun/servlet/solicitudotadjuntos?e0168130da93c77be0a264dd914ef75a,INS,2018,10576,,1, HTTP/1.1" 200 6518
186.103.157.98 - - [19/Mar/2018:09:19:41 -0300] "GET /home/sistema/apache-tomcat-7.0.65/webapps/cormun/PrivateTempStorage/upload_00014284.pdf HTTP/1.1" 404 1135
186.103.157.98 - - [19/Mar/2018:09:19:41 -0300] "GET /cormun/PrivateTempStorage/upload_00014284.pdf HTTP/1.1" 200 40960
186.103.157.98 - - [19/Mar/2018:09:19:41 -0300] "GET /cormun/PrivateTempStorage/upload_00014284.pdf HTTP/1.1" 200 117406
186.103.157.98 - - [19/Mar/2018:09:19:48 -0300] "POST /cormun/servlet/solicitudotadjuntos?e0168130da93c77be0a264dd914ef75a,INS,2018,10576,,1, HTTP/1.1" 200 116
186.103.157.98 - - [19/Mar/2018:09:19:48 -0300] "GET /cormun/servlet/hpexe_return? HTTP/1.1" 200 1021
186.103.157.98 - - [19/Mar/2018:09:19:48 -0300] "GET /cormun/static/gxcfg.js?2016101716175148 HTTP/1.1" 304 -
186.103.157.98 - - [19/Mar/2018:09:19:48 -0300] "GET /cormun/servlet/trsolicitudadjuntos?2018,10576, HTTP/1.1" 200 9686
186.103.157.42 - - [19/Mar/2018:09:19:49 -0300] "GET /cormun/static/Shared/ext/ext-all.js HTTP/1.1" 206 913334
186.103.157.98 - - [19/Mar/2018:09:19:49 -0300] "GET /cormun/servlet/trsolicitudadjuntos?2018,10576, HTTP/1.1" 200 9683
186.103.157.42 - - [19/Mar/2018:09:19:51 -0300] "GET /cormun/servlet/hhome HTTP/1.1" 200 4252
186.103.157.42 - - [19/Mar/2018:09:19:51 -0300] "GET /cormun/static/SmoothNavMenu/resources/images/right.gif HTTP/1.1" 200 860
186.103.157.42 - - [19/Mar/2018:09:19:51 -0300] "GET /cormun/static/SmoothNavMenu/resources/images/down.gif HTTP/1.1" 200 854
186.103.157.98 - - [19/Mar/2018:09:19:53 -0300] "GET /cormun/servlet/solicitudotadjuntos?DLT,2018,10576,CARNET,0, HTTP/1.1" 200 6168
186.103.157.98 - - [19/Mar/2018:09:19:53 -0300] "GET /cormun/static/about:blank HTTP/1.1" 404 1011
186.103.157.98 - - [19/Mar/2018:09:19:53 -0300] "GET /cormun/static/Shared/jqueryui/images/ui-bg_highlight-soft_100_c6c2c8_1x100.png HTTP/1.1" 404 1117
186.103.157.98 - - [19/Mar/2018:09:19:53 -0300] "GET /cormun/static/Shared/jqueryui/images/ui-icons_82798d_256x240.png HTTP/1.1" 404 1089
186.103.157.98 - - [19/Mar/2018:09:19:53 -0300] "GET /cormun/static/Shared/jqueryui/images/ui-bg_flat_55_fafafa_40x100.png HTTP/1.1" 404 1097
186.103.157.98 - - [19/Mar/2018:09:19:53 -0300] "GET /cormun/static/Shared/jqueryui/images/ui-icons_8d78a5_256x240.png HTTP/1.1" 404 1089
186.103.157.98 - - [19/Mar/2018:09:19:53 -0300] "GET /cormun/servlet/solicitudotadjuntos?DLT,2018,10576,CARNET,0, HTTP/1.1" 200 6162
192.168.10.56 - - [19/Mar/2018:09:19:54 -0300] "POST /cormun/servlet/trsolicitudgral?a1cb8ccf417638ad91ae69e448c4e8ff,gx-no-cache=1521461827702 HTTP/1.1" 200 24343
186.103.157.98 - - [19/Mar/2018:09:19:56 -0300] "POST /cormun/servlet/solicitudotadjuntos?e0168130da93c77be0a264dd914ef75a,DLT,2018,10576,CARNET,0,,gx-no-cache=1521461948365 HTTP/1.1" 200 93
186.103.157.98 - - [19/Mar/2018:09:19:56 -0300] "GET /cormun/servlet/hpexe_return? HTTP/1.1" 200 1027
186.103.157.98 - - [19/Mar/2018:09:19:56 -0300] "GET /cormun/servlet/trsolicitudadjuntos?2018,10576, HTTP/1.1" 200 9505
186.103.157.98 - - [19/Mar/2018:09:19:57 -0300] "GET /cormun/servlet/trsolicitudadjuntos?2018,10576, HTTP/1.1" 200 9506
186.103.157.98 - - [19/Mar/2018:09:20:01 -0300] "GET /cormun/servlet/solicitudotadjuntos?INS,2018,10576,,1, HTTP/1.1" 200 6291
186.103.157.98 - - [19/Mar/2018:09:20:01 -0300] "GET /cormun/static/about:blank HTTP/1.1" 404 1011
186.103.157.98 - - [19/Mar/2018:09:20:01 -0300] "GET /cormun/servlet/solicitudotadjuntos?INS,2018,10576,,1, HTTP/1.1" 200 6284
186.103.157.98 - - [19/Mar/2018:09:20:02 -0300] "GET /cormun/servlet/solicitudotadjuntos?378d02ad305b8de604a2ea38608dd75dde1307ff90f765b47e4f3e45de0f0f8f910680abc5b0547c639330f962435d7e,gx-no-cache=1521461954028 HTTP/1.1" 200 30
186.103.157.98 - - [19/Mar/2018:09:20:02 -0300] "POST /cormun/servlet/solicitudotadjuntos?e0168130da93c77be0a264dd914ef75a,INS,2018,10576,,1,,gx-no-cache=1521461954093 HTTP/1.1" 200 3989
186.103.157.98 - - [19/Mar/2018:09:20:03 -0300] "POST /cormun/servlet/solicitudotadjuntos?gx-no-cache=1521461955944 HTTP/1.1" 200 26
186.103.157.98 - - [19/Mar/2018:09:20:12 -0300] "GET /cormun/servlet/solicitudotadjuntos?378d02ad305b8de604a2ea38608dd75d72a3d4c35fc11390c110af052d41db4c,gx-no-cache=1521461964988 HTTP/1.1" 200 30
186.103.157.98 - - [19/Mar/2018:09:20:13 -0300] "GET /cormun/servlet/solicitudotadjuntos?378d02ad305b8de604a2ea38608dd75d72a3d4c35fc11390c110af052d41db4c,gx-no-cache=1521461965051 HTTP/1.1" 200 30
186.103.157.98 - - [19/Mar/2018:09:20:15 -0300] "POST /cormun/servlet/solicitudotadjuntos?e0168130da93c77be0a264dd914ef75a,INS,2018,10576,,1, HTTP/1.1" 200 116
186.103.157.98 - - [19/Mar/2018:09:20:15 -0300] "GET /cormun/servlet/hpexe_return? HTTP/1.1" 200 1021
186.103.157.98 - - [19/Mar/2018:09:20:15 -0300] "GET /cormun/servlet/trsolicitudadjuntos?2018,10576, HTTP/1.1" 200 9720
186.103.157.98 - - [19/Mar/2018:09:20:16 -0300] "GET /cormun/servlet/trsolicitudadjuntos?2018,10576, HTTP/1.1" 200 9718
186.103.157.98 - - [19/Mar/2018:09:20:22 -0300] "GET /cormun/servlet/solicitudotadjuntos?INS,2018,10576,,1, HTTP/1.1" 200 6291
186.103.157.98 - - [19/Mar/2018:09:20:23 -0300] "GET /cormun/servlet/solicitudotadjuntos?INS,2018,10576,,1, HTTP/1.1" 200 6284
186.103.157.98 - - [19/Mar/2018:09:20:23 -0300] "GET /cormun/static/about:blank HTTP/1.1" 404 1011
186.103.157.98 - - [19/Mar/2018:09:20:23 -0300] "GET /cormun/servlet/solicitudotadjuntos?378d02ad305b8de604a2ea38608dd75dde1307ff90f765b47e4f3e45de0f0f8f910680abc5b0547c639330f962435d7e,gx-no-cache=1521461975683 HTTP/1.1" 200 30
186.103.157.98 - - [19/Mar/2018:09:20:24 -0300] "POST /cormun/servlet/solicitudotadjuntos?e0168130da93c77be0a264dd914ef75a,INS,2018,10576,,1,,gx-no-cache=1521461975764 HTTP/1.1" 200 3989
192.168.10.56 - - [19/Mar/2018:09:20:27 -0300] "POST /cormun/servlet/trsolicitudgral?a1cb8ccf417638ad91ae69e448c4e8ff,gx-no-cache=1521461860495 HTTP/1.1" 200 25447
186.103.157.98 - - [19/Mar/2018:09:20:27 -0300] "POST /cormun/servlet/solicitudotadjuntos?gx-no-cache=1521461979955 HTTP/1.1" 200 26
192.168.10.56 - - [19/Mar/2018:09:20:32 -0300] "POST /cormun/servlet/trsolicitudgral?a1cb8ccf417638ad91ae69e448c4e8ff,gx-no-cache=1521461866308 HTTP/1.1" 200 5920
186.103.157.98 - - [19/Mar/2018:09:20:36 -0300] "GET /cormun/servlet/solicitudotadjuntos?378d02ad305b8de604a2ea38608dd75d72a3d4c35fc11390c110af052d41db4c,gx-no-cache=1521461988723 HTTP/1.1" 200 30
186.103.157.98 - - [19/Mar/2018:09:20:36 -0300] "GET /cormun/servlet/solicitudotadjuntos?378d02ad305b8de604a2ea38608dd75d72a3d4c35fc11390c110af052d41db4c,gx-no-cache=1521461988824 HTTP/1.1" 200 30
186.103.157.98 - - [19/Mar/2018:09:20:39 -0300] "POST /cormun/servlet/solicitudotadjuntos?e0168130da93c77be0a264dd914ef75a,INS,2018,10576,,1, HTTP/1.1" 200 116
186.103.157.98 - - [19/Mar/2018:09:20:39 -0300] "GET /cormun/servlet/hpexe_return? HTTP/1.1" 200 1021
186.103.157.98 - - [19/Mar/2018:09:20:40 -0300] "GET /cormun/servlet/trsolicitudadjuntos?2018,10576, HTTP/1.1" 200 9993
186.103.157.98 - - [19/Mar/2018:09:20:40 -0300] "GET /cormun/servlet/trsolicitudadjuntos?2018,10576, HTTP/1.1" 200 9988
186.103.157.98 - - [19/Mar/2018:09:20:52 -0300] "POST /cormun/servlet/trsolicitudadjuntos?e0168130da93c77be0a264dd914ef75a,2018,10576,,gx-no-cache=1521462004681 HTTP/1.1" 200 90
186.103.157.98 - - [19/Mar/2018:09:20:52 -0300] "GET /cormun/servlet/hpexe_link HTTP/1.1" 200 963
186.103.157.98 - - [19/Mar/2018:09:20:53 -0300] "GET /cormun/servlet/trsolicitudot HTTP/1.1" 200 9248
186.103.157.98 - - [19/Mar/2018:09:20:53 -0300] "GET /cormun/servlet/trsolicitudot HTTP/1.1" 200 9247
186.103.157.98 - - [19/Mar/2018:09:21:00 -0300] "POST /cormun/servlet/trsolicitudot?e0168130da93c77be0a264dd914ef75a,gx-no-cache=1521462012800 HTTP/1.1" 200 6336
186.103.157.98 - - [19/Mar/2018:09:21:01 -0300] "GET /cormun/static/Shared/jqueryui/images/ui-bg_highlight-soft_100_c6c2c8_1x100.png HTTP/1.1" 404 1117
186.103.157.98 - - [19/Mar/2018:09:21:01 -0300] "GET /cormun/static/Shared/jqueryui/images/ui-icons_82798d_256x240.png HTTP/1.1" 404 1089
186.103.157.98 - - [19/Mar/2018:09:21:01 -0300] "GET /cormun/static/Shared/jqueryui/images/ui-bg_flat_55_fafafa_40x100.png HTTP/1.1" 404 1097
186.103.157.98 - - [19/Mar/2018:09:21:01 -0300] "GET /cormun/static/Shared/jqueryui/images/ui-icons_8d78a5_256x240.png HTTP/1.1" 404 1089
186.103.157.98 - - [19/Mar/2018:09:21:08 -0300] "POST /cormun/servlet/trsolicitudot?e0168130da93c77be0a264dd914ef75a,gx-no-cache=1521462020414 HTTP/1.1" 200 107
186.103.157.98 - - [19/Mar/2018:09:21:08 -0300] "GET /cormun/servlet/trsolicitudadjuntos?2018,10576, HTTP/1.1" 200 9985
186.103.157.98 - - [19/Mar/2018:09:21:09 -0300] "GET /cormun/servlet/trsolicitudadjuntos?2018,10576, HTTP/1.1" 200 9991
192.168.10.56 - - [19/Mar/2018:09:21:15 -0300] "POST /cormun/servlet/trsolicitudgral?a1cb8ccf417638ad91ae69e448c4e8ff,gx-no-cache=1521461909635 HTTP/1.1" 200 5919
192.168.10.56 - - [19/Mar/2018:09:21:20 -0300] "POST /cormun/servlet/trsolicitudgral?a1cb8ccf417638ad91ae69e448c4e8ff,gx-no-cache=1521461914995 HTTP/1.1" 200 5920
192.168.10.56 - - [19/Mar/2018:09:21:26 -0300] "POST /cormun/servlet/trsolicitudgral?a1cb8ccf417638ad91ae69e448c4e8ff,gx-no-cache=1521461920763 HTTP/1.1" 200 5920
186.103.157.98 - - [19/Mar/2018:09:21:30 -0300] "GET /cormun/servlet/solicitudotadjuntos?DLT,2018,10576,CERTIF1,0, HTTP/1.1" 200 6307
186.103.157.98 - - [19/Mar/2018:09:21:30 -0300] "GET /cormun/static/Shared/jqueryui/images/ui-bg_highlight-soft_100_c6c2c8_1x100.png HTTP/1.1" 404 1117
186.103.157.98 - - [19/Mar/2018:09:21:30 -0300] "GET /cormun/static/Shared/jqueryui/images/ui-bg_flat_55_fafafa_40x100.png HTTP/1.1" 404 1097
186.103.157.98 - - [19/Mar/2018:09:21:30 -0300] "GET /cormun/static/Shared/jqueryui/images/ui-icons_8d78a5_256x240.png HTTP/1.1" 404 1089
186.103.157.98 - - [19/Mar/2018:09:21:31 -0300] "GET /cormun/PublicTempStorage/certificado_de_estudios_ignacio_galarce_mu%F1oz6716472.pdf HTTP/1.1" 200 62245
186.103.157.98 - - [19/Mar/2018:09:21:31 -0300] "GET /cormun/servlet/solicitudotadjuntos?DLT,2018,10576,CERTIF1,0, HTTP/1.1" 200 6299
186.103.157.98 - - [19/Mar/2018:09:21:31 -0300] "GET /cormun/static/Shared/jqueryui/images/ui-icons_82798d_256x240.png HTTP/1.1" 404 1089
192.168.10.56 - - [19/Mar/2018:09:21:32 -0300] "POST /cormun/servlet/trsolicitudgral?a1cb8ccf417638ad91ae69e448c4e8ff,gx-no-cache=1521461926402 HTTP/1.1" 200 7301
186.103.157.98 - - [19/Mar/2018:09:21:34 -0300] "POST /cormun/servlet/solicitudotadjuntos?e0168130da93c77be0a264dd914ef75a,DLT,2018,10576,CERTIF1,0,,gx-no-cache=1521462046222 HTTP/1.1" 200 93
186.103.157.98 - - [19/Mar/2018:09:21:34 -0300] "GET /cormun/servlet/hpexe_return? HTTP/1.1" 200 1027
186.103.157.98 - - [19/Mar/2018:09:21:34 -0300] "GET /cormun/servlet/trsolicitudadjuntos?2018,10576, HTTP/1.1" 200 9664
186.103.157.98 - - [19/Mar/2018:09:21:35 -0300] "GET /cormun/servlet/trsolicitudadjuntos?2018,10576, HTTP/1.1" 200 9665
192.168.10.56 - - [19/Mar/2018:09:21:39 -0300] "POST /cormun/servlet/trsolicitudgral?a1cb8ccf417638ad91ae69e448c4e8ff,gx-no-cache=1521461933683 HTTP/1.1" 200 6127
186.103.157.98 - - [19/Mar/2018:09:21:40 -0300] "GET /cormun/servlet/solicitudotadjuntos?INS,2018,10576,,1, HTTP/1.1" 200 6290
186.103.157.98 - - [19/Mar/2018:09:21:40 -0300] "GET /cormun/static/about:blank HTTP/1.1" 404 1011
186.103.157.98 - - [19/Mar/2018:09:21:41 -0300] "GET /cormun/servlet/solicitudotadjuntos?INS,2018,10576,,1, HTTP/1.1" 200 6283
186.103.157.98 - - [19/Mar/2018:09:21:41 -0300] "GET /cormun/servlet/solicitudotadjuntos?378d02ad305b8de604a2ea38608dd75dde1307ff90f765b47e4f3e45de0f0f8f910680abc5b0547c639330f962435d7e,gx-no-cache=1521462053438 HTTP/1.1" 200 30
186.103.157.98 - - [19/Mar/2018:09:21:41 -0300] "POST /cormun/servlet/solicitudotadjuntos?e0168130da93c77be0a264dd914ef75a,INS,2018,10576,,1,,gx-no-cache=1521462053534 HTTP/1.1" 200 3988
192.168.10.56 - - [19/Mar/2018:09:21:45 -0300] "POST /cormun/servlet/trsolicitudgral?a1cb8ccf417638ad91ae69e448c4e8ff,gx-no-cache=1521461939547 HTTP/1.1" 200 5920
186.103.157.98 - - [19/Mar/2018:09:21:46 -0300] "POST /cormun/servlet/solicitudotadjuntos?gx-no-cache=1521462057887 HTTP/1.1" 200 26
192.168.10.56 - - [19/Mar/2018:09:21:49 -0300] "POST /cormun/servlet/trsolicitudgral?a1cb8ccf417638ad91ae69e448c4e8ff,gx-no-cache=1521461944035 HTTP/1.1" 200 5923
192.168.10.56 - - [19/Mar/2018:09:21:56 -0300] "POST /cormun/servlet/trsolicitudgral?a1cb8ccf417638ad91ae69e448c4e8ff,gx-no-cache=1521461950547 HTTP/1.1" 200 7306
186.103.159.182 - - [19/Mar/2018:09:22:13 -0300] "GET /cormun/servlet/solicitudotcontratos?INS,2018,0,15730716,9,6,2018,1292,NADA,,9,B, HTTP/1.1" 200 10003
186.103.159.182 - - [19/Mar/2018:09:22:15 -0300] "GET /cormun/servlet/solicitudotcontratos?INS,2018,0,15730716,9,6,2018,1292,NADA,,9,B, HTTP/1.1" 200 10029
186.103.159.182 - - [19/Mar/2018:09:22:15 -0300] "GET /cormun/servlet/solicitudotcontratos?a3f9c758ff8e84b13ea1886379f699b0c6d2bf68aaf3dc8c0c5987ed59ffd363f9f0c2dfd25f8d09ef4478b0d4c6b203,gx-no-cache=1521462084474 HTTP/1.1" 200 30
186.103.159.182 - - [19/Mar/2018:09:22:15 -0300] "GET /cormun/servlet/solicitudotcontratos?a3f9c758ff8e84b13ea1886379f699b0db81086708ea46f3cd3231f76ae086540570434da9b0b7cade8bf4dd578518c5,gx-no-cache=1521462084552 HTTP/1.1" 200 30
186.103.159.182 - - [19/Mar/2018:09:22:15 -0300] "GET /cormun/servlet/solicitudotcontratos?a3f9c758ff8e84b13ea1886379f699b0ea98f779695b89633a6ed16f2ca71bf3460c4ddfa4fcfc2573403dc376b9e4976ab1b3ae0249ccfe0ec6f6a859e8a02dad0dd9376c29811e59bf64ff73fbb23c3a2885731068dfef52b1bdd04cc2407929aeb36107be5a8c6ede129cca5bb8bd39fe8afc80906dc9da810d834b61b25d,gx-no-cache=1521462084616 HTTP/1.1" 200 50
186.103.159.182 - - [19/Mar/2018:09:22:15 -0300] "GET /cormun/servlet/solicitudotcontratos?a3f9c758ff8e84b13ea1886379f699b0c83b15749af7f17850925c8617e1bd401296568f4dde0bd68e9ea23f4204b0b7,gx-no-cache=1521462084708 HTTP/1.1" 200 30
186.103.159.182 - - [19/Mar/2018:09:22:15 -0300] "GET /cormun/servlet/solicitudotcontratos?a3f9c758ff8e84b13ea1886379f699b02860be399123486a95efb0f127c7a952969042f0d8fecbebabfb6f3924b3611e590322babb2255eceea7aef9a16fba936798e0136566f6ecf63e7b4dc9953fff80b0f6e450f60634c065a24314df24133d78cca9dcd649540ec4aae59cfa5b2b,gx-no-cache=1521462084828 HTTP/1.1" 200 30
186.103.159.182 - - [19/Mar/2018:09:22:16 -0300] "GET /cormun/servlet/solicitudotcontratos?a3f9c758ff8e84b13ea1886379f699b010bbeb46f08fac7c0b27fddeae25adbc9e2fa49c33ee299cf0e157957f26b9986b0633a50dd3c0db1f41f2b1fe1784968b56bb16d2cde18def1e55d0cdc091f4e80e83e9f10200ef62c3ea2f359a878c3ae286bed9b053c6c92a084d7045276fae7a1a2d99732cd992395cc3e53fa93594397adb967ab454b394c5e9c5ae6c1ed3a990fd1cbfadfb40f0a696ab5bcc822092c22a956a06ff6261fcaa3c28d8a751f360e77b917f0f2c0aca7d8f821bd20410fa219ca03097e1a8faaa36f8dcd8809e6ce472dbd03e5a0923d0ccdc7b84cb84f04d0a718de035e9e7c00caa933291f055f427c832ec9350f9436c71119daea1b9582e42aec897b66d6e93639ae6cd66a5992decdc26e612a3a81e82c5724e955870224349da41acccab2d0310cbbe7ba9e43a697cde05e031c95986e2698a8998c19b4e5e8fc8c44e2f55a0d26857416237d42f3106b0f5e9326d55c50e5da9b103adf6466958ca18a64b5554abda6983191503fc3ce5e86fedacfa70a0c290457ae26e48a24ebfa13904cf0344e2090efafc4771c224bf21335500ba0b12109153b00879e694589cc6ba8a28c2,gx-no-cache=1521462084966 HTTP/1.1" 200 72
186.103.157.98 - - [19/Mar/2018:09:22:19 -0300] "GET /cormun/servlet/solicitudotadjuntos?378d02ad305b8de604a2ea38608dd75d72a3d4c35fc11390c110af052d41db4c,gx-no-cache=1521462091264 HTTP/1.1" 200 30
186.103.157.98 - - [19/Mar/2018:09:22:19 -0300] "GET /cormun/servlet/solicitudotadjuntos?378d02ad305b8de604a2ea38608dd75d72a3d4c35fc11390c110af052d41db4c,gx-no-cache=1521462091390 HTTP/1.1" 200 30
186.103.157.98 - - [19/Mar/2018:09:22:19 -0300] "POST /cormun/servlet/solicitudotadjuntos?e0168130da93c77be0a264dd914ef75a,INS,2018,10576,,1, HTTP/1.1" 200 116
186.103.157.98 - - [19/Mar/2018:09:22:20 -0300] "GET /cormun/servlet/hpexe_return? HTTP/1.1" 200 1021
186.103.157.98 - - [19/Mar/2018:09:22:20 -0300] "GET /cormun/servlet/trsolicitudadjuntos?2018,10576, HTTP/1.1" 200 9986
186.103.157.98 - - [19/Mar/2018:09:22:21 -0300] "GET /cormun/servlet/trsolicitudadjuntos?2018,10576, HTTP/1.1" 200 9984
186.103.157.98 - - [19/Mar/2018:09:22:25 -0300] "POST /cormun/servlet/trsolicitudadjuntos?e0168130da93c77be0a264dd914ef75a,2018,10576,,gx-no-cache=1521462096901 HTTP/1.1" 200 90
186.103.157.98 - - [19/Mar/2018:09:22:26 -0300] "GET /cormun/servlet/hpexe_link HTTP/1.1" 200 983
186.103.157.98 - - [19/Mar/2018:09:22:26 -0300] "GET /cormun/servlet/trsolicitudot?gx-no-cache=1521462012800 HTTP/1.1" 200 9248
186.103.157.98 - - [19/Mar/2018:09:22:27 -0300] "GET /cormun/servlet/trsolicitudot?gx-no-cache=1521462012800 HTTP/1.1" 200 9267
186.103.157.98 - - [19/Mar/2018:09:22:31 -0300] "POST /cormun/servlet/trsolicitudot?e0168130da93c77be0a264dd914ef75a,gx-no-cache=1521462012800,gx-no-cache=1521462102766 HTTP/1.1" 200 5838
186.103.159.182 - - [19/Mar/2018:09:22:31 -0300] "POST /cormun/servlet/solicitudotcontratos?ecd278aaa7de697feabb8e2c76721273,INS,2018,0,15730716,9,6,2018,1292,NADA,,9,B,,gx-no-cache=1521462099900 HTTP/1.1" 200 10802
186.103.157.98 - - [19/Mar/2018:09:22:31 -0300] "GET /cormun/static/Shared/jqueryui/images/ui-icons_82798d_256x240.png HTTP/1.1" 404 1089
186.103.157.98 - - [19/Mar/2018:09:22:31 -0300] "GET /cormun/static/Shared/jqueryui/images/ui-bg_flat_55_fafafa_40x100.png HTTP/1.1" 404 1097
186.103.157.98 - - [19/Mar/2018:09:22:32 -0300] "GET /cormun/static/Shared/jqueryui/images/ui-bg_highlight-soft_100_c6c2c8_1x100.png HTTP/1.1" 404 1117
186.103.157.98 - - [19/Mar/2018:09:22:32 -0300] "GET /cormun/static/Shared/jqueryui/images/ui-icons_8d78a5_256x240.png HTTP/1.1" 404 1089
186.103.157.98 - - [19/Mar/2018:09:22:32 -0300] "POST /cormun/servlet/trsolicitudot?e0168130da93c77be0a264dd914ef75a,gx-no-cache=1521462012800,gx-no-cache=1521462103628 HTTP/1.1" 200 5779
186.103.159.182 - - [19/Mar/2018:09:22:32 -0300] "POST /cormun/servlet/solicitudotcontratos?gx-no-cache=1521462100914 HTTP/1.1" 200 1321
186.103.159.182 - - [19/Mar/2018:09:22:33 -0300] "POST /cormun/servlet/solicitudotcontratos?gx-no-cache=1521462102044 HTTP/1.1" 200 1219
186.103.159.182 - - [19/Mar/2018:09:22:33 -0300] "GET /cormun/servlet/solicitudotcontratos?a3f9c758ff8e84b13ea1886379f699b0796ac518871b755a6ee92879db477f663a57def6b0d184178b534b18a24aa814b42446aa0f4e388d2b9122b2b31dae855a07ab1fa42d2c2251fcc282e68935965c26044c5bfd6bb29d29f3f65b5bd440a95154828308cd5c03324dd13c5b1f76a9db06b9a83c0876a852517f63da27e5,gx-no-cache=1521462102772 HTTP/1.1" 200 30
186.103.159.182 - - [19/Mar/2018:09:22:34 -0300] "POST /cormun/servlet/solicitudotcontratos?ecd278aaa7de697feabb8e2c76721273,INS,2018,0,15730716,9,6,2018,1292,NADA,,9,B,,gx-no-cache=1521462102866 HTTP/1.1" 200 93
186.103.159.182 - - [19/Mar/2018:09:22:34 -0300] "GET /cormun/servlet/hpexe_return? HTTP/1.1" 200 1039
186.103.159.182 - - [19/Mar/2018:09:22:35 -0300] "GET /cormun/servlet/trcontratosolicitud? HTTP/1.1" 200 14539
186.103.157.98 - - [19/Mar/2018:09:22:37 -0300] "GET /cormun/servlet/trautorizarsolicitud? HTTP/1.1" 200 8759
186.103.157.98 - - [19/Mar/2018:09:22:37 -0300] "GET /cormun/static/gxcfg.js?2017111423403364 HTTP/1.1" 304 -
186.103.159.182 - - [19/Mar/2018:09:22:37 -0300] "GET /cormun/servlet/trcontratosolicitud? HTTP/1.1" 200 14529
186.103.157.98 - - [19/Mar/2018:09:22:37 -0300] "GET /cormun/servlet/trautorizarsolicitud? HTTP/1.1" 200 8738
186.103.157.98 - - [19/Mar/2018:09:22:41 -0300] "POST /cormun/servlet/trautorizarsolicitud?e0168130da93c77be0a264dd914ef75a,,gx-no-cache=1521462113382 HTTP/1.1" 200 4639
186.103.157.98 - - [19/Mar/2018:09:22:41 -0300] "GET /cormun/static/Shared/jqueryui/images/ui-icons_82798d_256x240.png HTTP/1.1" 404 1089
186.103.157.98 - - [19/Mar/2018:09:22:41 -0300] "GET /cormun/static/Shared/jqueryui/images/ui-bg_highlight-soft_100_c6c2c8_1x100.png HTTP/1.1" 404 1117
186.103.157.98 - - [19/Mar/2018:09:22:41 -0300] "GET /cormun/static/Shared/jqueryui/images/ui-icons_8d78a5_256x240.png HTTP/1.1" 404 1089
186.103.157.98 - - [19/Mar/2018:09:22:41 -0300] "GET /cormun/static/Shared/jqueryui/images/ui-bg_flat_55_fafafa_40x100.png HTTP/1.1" 404 1097
186.103.157.98 - - [19/Mar/2018:09:22:42 -0300] "POST /cormun/servlet/trautorizarsolicitud?e0168130da93c77be0a264dd914ef75a,,gx-no-cache=1521462113747 HTTP/1.1" 200 4396
200.54.247.70 - - [19/Mar/2018:09:22:42 -0300] "GET /cormun/servlet/trsolicitudot? HTTP/1.1" 200 7451
186.103.157.98 - - [19/Mar/2018:09:22:46 -0300] "GET /cormun/servlet/trautorizarsolicitud? HTTP/1.1" 200 7367
186.103.157.98 - - [19/Mar/2018:09:22:47 -0300] "GET /cormun/servlet/trautorizarsolicitud? HTTP/1.1" 200 7367
186.103.157.98 - - [19/Mar/2018:09:22:49 -0300] "GET /cormun/servlet/trsolicitudot? HTTP/1.1" 200 8795
186.103.157.98 - - [19/Mar/2018:09:22:50 -0300] "GET /cormun/servlet/trsolicitudot? HTTP/1.1" 200 8794
186.103.157.98 - - [19/Mar/2018:09:22:54 -0300] "POST /cormun/servlet/trsolicitudot?e0168130da93c77be0a264dd914ef75a,,gx-no-cache=1521462125542 HTTP/1.1" 200 4675
186.103.157.98 - - [19/Mar/2018:09:22:54 -0300] "GET /cormun/static/Shared/jqueryui/images/ui-icons_82798d_256x240.png HTTP/1.1" 404 1089
186.103.157.98 - - [19/Mar/2018:09:22:54 -0300] "GET /cormun/static/Shared/jqueryui/images/ui-bg_highlight-soft_100_c6c2c8_1x100.png HTTP/1.1" 404 1117
186.103.157.98 - - [19/Mar/2018:09:22:54 -0300] "GET /cormun/static/Shared/jqueryui/images/ui-bg_flat_55_fafafa_40x100.png HTTP/1.1" 404 1097
186.103.157.98 - - [19/Mar/2018:09:22:54 -0300] "GET /cormun/static/Shared/jqueryui/images/ui-icons_8d78a5_256x240.png HTTP/1.1" 404 1089
186.103.157.98 - - [19/Mar/2018:09:22:56 -0300] "POST /cormun/servlet/trsolicitudot?e0168130da93c77be0a264dd914ef75a,,gx-no-cache=1521462126268 HTTP/1.1" 200 4456
186.103.157.98 - - [19/Mar/2018:09:23:00 -0300] "GET /cormun/servlet/trautorizarsolicitud? HTTP/1.1" 200 8691
186.103.157.98 - - [19/Mar/2018:09:23:00 -0300] "GET /cormun/servlet/trautorizarsolicitud? HTTP/1.1" 200 8692
200.54.247.70 - - [19/Mar/2018:09:23:01 -0300] "POST /cormun/servlet/trsolicitudot?eb40a37a4808be59a7922350fa214118,,gx-no-cache=1521462127348 HTTP/1.1" 200 15479
186.103.157.98 - - [19/Mar/2018:09:23:04 -0300] "POST /cormun/servlet/trautorizarsolicitud?e0168130da93c77be0a264dd914ef75a,,gx-no-cache=1521462136118 HTTP/1.1" 200 4606
186.103.157.98 - - [19/Mar/2018:09:23:04 -0300] "GET /cormun/static/Shared/jqueryui/images/ui-icons_82798d_256x240.png HTTP/1.1" 404 1089
186.103.157.98 - - [19/Mar/2018:09:23:04 -0300] "GET /cormun/static/Shared/jqueryui/images/ui-bg_highlight-soft_100_c6c2c8_1x100.png HTTP/1.1" 404 1117
186.103.157.98 - - [19/Mar/2018:09:23:04 -0300] "GET /cormun/static/Shared/jqueryui/images/ui-bg_flat_55_fafafa_40x100.png HTTP/1.1" 404 1097
186.103.157.98 - - [19/Mar/2018:09:23:04 -0300] "GET /cormun/static/Shared/jqueryui/images/ui-icons_8d78a5_256x240.png HTTP/1.1" 404 1089
186.103.157.98 - - [19/Mar/2018:09:23:04 -0300] "POST /cormun/servlet/trautorizarsolicitud?e0168130da93c77be0a264dd914ef75a,,gx-no-cache=1521462136422 HTTP/1.1" 200 4389
186.103.157.42 - - [19/Mar/2018:09:23:14 -0300] "GET /cormun/servlet/trlicencias? HTTP/1.1" 200 9752
186.103.159.182 - - [19/Mar/2018:09:23:14 -0300] "GET /cormun/servlet/hlogin HTTP/1.1" 200 1721
186.103.159.182 - - [19/Mar/2018:09:23:14 -0300] "GET /cormun/static/gxcfg.js?20175251213516 HTTP/1.1" 200 953
186.103.159.182 - - [19/Mar/2018:09:23:14 -0300] "GET /cormun/static/gxtimezone.js?85251 HTTP/1.1" 200 5781
186.103.159.182 - - [19/Mar/2018:09:23:14 -0300] "GET /cormun/static/hlogin.js?20175251213537 HTTP/1.1" 200 2136
186.103.159.182 - - [19/Mar/2018:09:23:14 -0300] "GET /cormun/static/messages.spa.js?85251 HTTP/1.1" 200 30736
186.103.157.42 - - [19/Mar/2018:09:23:14 -0300] "GET /cormun/static/gxcfg.js?20176272054169 HTTP/1.1" 200 953
186.103.159.182 - - [19/Mar/2018:09:23:14 -0300] "GET /cormun/static/Resources/Spanish/PXTools.css?11423723 HTTP/1.1" 200 89042
186.103.157.42 - - [19/Mar/2018:09:23:14 -0300] "GET /cormun/static/gxui/gxui-all.css?110300 HTTP/1.1" 200 2179
186.103.157.42 - - [19/Mar/2018:09:23:14 -0300] "GET /cormun/static/calendar-system.css?75620 HTTP/1.1" 200 5572
186.103.157.42 - - [19/Mar/2018:09:23:15 -0300] "GET /cormun/static/calendar-setup.js?85251 HTTP/1.1" 200 2588
186.103.157.42 - - [19/Mar/2018:09:23:15 -0300] "GET /cormun/static/calendar.js?85251 HTTP/1.1" 200 26246
186.103.157.42 - - [19/Mar/2018:09:23:15 -0300] "GET /cormun/static/calendar-es.js?85251 HTTP/1.1" 200 1901
186.103.159.182 - - [19/Mar/2018:09:23:15 -0300] "GET /cormun/static/gxgral.js?85251 HTTP/1.1" 200 384558
186.103.159.182 - - [19/Mar/2018:09:23:15 -0300] "GET /cormun/static/Resources/ComunLogin.png HTTP/1.1" 200 17326
186.103.159.182 - - [19/Mar/2018:09:23:15 -0300] "GET /cormun/static/Resources/indicator.gif HTTP/1.1" 200 1553
186.103.159.182 - - [19/Mar/2018:09:23:15 -0300] "GET /cormun/static/Resources/PXToolsLoginTop.png HTTP/1.1" 200 1337
186.103.159.182 - - [19/Mar/2018:09:23:15 -0300] "GET /cormun/static/Resources/PXToolsLoginBackground.png HTTP/1.1" 200 1164
186.103.159.182 - - [19/Mar/2018:09:23:15 -0300] "GET /cormun/static/Resources/PXToolsButtonLeft21.png HTTP/1.1" 200 1287
186.103.159.182 - - [19/Mar/2018:09:23:15 -0300] "GET /cormun/static/Resources/PXToolsButtonRight21.png HTTP/1.1" 200 1283
186.103.159.182 - - [19/Mar/2018:09:23:15 -0300] "GET /cormun/static/Resources/PXToolsButtonBackground2.png HTTP/1.1" 200 1181
186.103.159.182 - - [19/Mar/2018:09:23:15 -0300] "GET /cormun/static/Resources/PXToolsLoginBottom.png HTTP/1.1" 200 1389
186.103.157.42 - - [19/Mar/2018:09:23:17 -0300] "GET /cormun/static/Resources/Spanish/PXTools.css?17315867 HTTP/1.1" 200 89042
186.103.157.42 - - [19/Mar/2018:09:23:18 -0300] "GET /cormun/static/gxdec.js?85251 HTTP/1.1" 200 19579
186.103.157.42 - - [19/Mar/2018:09:23:20 -0300] "GET /cormun/static/trlicencias.js?20176272054837 HTTP/1.1" 200 41883
186.103.157.42 - - [19/Mar/2018:09:23:21 -0300] "GET /cormun/static/Resources/PXTools/calendar.png HTTP/1.1" 200 1306
186.103.157.42 - - [19/Mar/2018:09:23:22 -0300] "GET /cormun/static/Resources/PXToolsDataSearch.png HTTP/1.1" 200 419
186.103.157.42 - - [19/Mar/2018:09:23:23 -0300] "GET /cormun/static/Resources/PXToolsGridFirstDisabled.gif HTTP/1.1" 200 100
186.103.157.42 - - [19/Mar/2018:09:23:23 -0300] "GET /cormun/static/Resources/PXToolsGridPreviousDisabled.gif HTTP/1.1" 200 90
186.103.157.42 - - [19/Mar/2018:09:23:23 -0300] "GET /cormun/static/Resources/PXToolsGridNextDisabled.gif HTTP/1.1" 200 90
186.103.157.42 - - [19/Mar/2018:09:23:23 -0300] "GET /cormun/static/Resources/PXToolsGridLastDisabled.gif HTTP/1.1" 200 98
186.103.157.42 - - [19/Mar/2018:09:23:23 -0300] "GET /cormun/static/Resources/PXToolsGridPage.gif HTTP/1.1" 200 725
186.103.157.42 - - [19/Mar/2018:09:23:23 -0300] "GET /cormun/static/Resources/PXToolsActionExcel.png HTTP/1.1" 200 3187
186.103.157.42 - - [19/Mar/2018:09:23:24 -0300] "GET /cormun/static/Resources/PXToolsGridNew.png HTTP/1.1" 200 2949
186.103.159.182 - - [19/Mar/2018:09:23:30 -0300] "POST /cormun/servlet/trcontratosolicitud?ecd278aaa7de697feabb8e2c76721273,,gx-no-cache=1521462158676 HTTP/1.1" 200 12158
186.103.157.42 - - [19/Mar/2018:09:23:50 -0300] "GET /cormun/static/Shared/ext/resources/css/ext-all.css?205870 HTTP/1.1" 200 416045
186.103.157.42 - - [19/Mar/2018:09:24:02 -0300] "GET /cormun/servlet/trlicencias? HTTP/1.1" 200 9750
186.103.157.42 - - [19/Mar/2018:09:24:02 -0300] "GET /cormun//static/Resources/PXToolsHeaderHelp.png HTTP/1.1" 200 4055
186.103.157.42 - - [19/Mar/2018:09:24:02 -0300] "GET /cormun//static/Resources/PXToolsActionPrint.png HTTP/1.1" 200 3317
186.103.157.42 - - [19/Mar/2018:09:24:02 -0300] "GET /cormun//static/Resources/PXToolsActionDisabled.gif HTTP/1.1" 200 53
186.103.157.42 - - [19/Mar/2018:09:24:02 -0300] "GET /cormun//static/Resources/PXTools/ActionInsert.png HTTP/1.1" 200 1482
186.103.157.42 - - [19/Mar/2018:09:24:02 -0300] "GET /cormun/static/Resources/desc.gif HTTP/1.1" 200 65
186.103.157.42 - - [19/Mar/2018:09:24:02 -0300] "GET /cormun/static/Resources/asc.gif HTTP/1.1" 200 67
186.103.157.42 - - [19/Mar/2018:09:24:02 -0300] "GET /cormun/static/Shared/ext/resources/themes/images/default/tools/tool-sprites.gif HTTP/1.1" 200 5434
186.103.157.42 - - [19/Mar/2018:09:24:02 -0300] "GET /cormun//static/Resources/PXToolsHeaderFavorites.png HTTP/1.1" 200 2744
186.103.157.42 - - [19/Mar/2018:09:24:02 -0300] "GET /cormun//static/Resources/PXToolsGridDisplay.png HTTP/1.1" 200 362
186.103.157.42 - - [19/Mar/2018:09:24:02 -0300] "GET /cormun/static/Shared/ext/resources/themes/images/default/panel/bg-headersPanel.png HTTP/1.1" 200 255
186.103.157.42 - - [19/Mar/2018:09:24:10 -0300] "GET /cormun/servlet/trlicencias? HTTP/1.1" 200 9750
192.168.10.56 - - [19/Mar/2018:09:24:10 -0300] "GET /cormun/servlet/solicitudgral2?UPD,2018,9398, HTTP/1.1" 200 12945
192.168.10.56 - - [19/Mar/2018:09:24:11 -0300] "GET /cormun/static/gxtimezone.js?85251 HTTP/1.1" 304 -
192.168.10.56 - - [19/Mar/2018:09:24:11 -0300] "GET /cormun/static/calendar.js?85251 HTTP/1.1" 304 -
192.168.10.56 - - [19/Mar/2018:09:24:11 -0300] "GET /cormun/static/calendar-setup.js?85251 HTTP/1.1" 304 -
192.168.10.56 - - [19/Mar/2018:09:24:11 -0300] "GET /cormun/static/calendar-es.js?85251 HTTP/1.1" 304 -
192.168.10.56 - - [19/Mar/2018:09:24:11 -0300] "GET /cormun/static/gxdec.js?85251 HTTP/1.1" 304 -
186.103.157.42 - - [19/Mar/2018:09:24:11 -0300] "GET /cormun/servlet/trlicencias? HTTP/1.1" 200 9750
192.168.10.56 - - [19/Mar/2018:09:24:12 -0300] "GET /cormun/servlet/solicitudgral2?UPD,2018,9398, HTTP/1.1" 200 12956
192.168.10.56 - - [19/Mar/2018:09:24:12 -0300] "POST /cormun/servlet/solicitudgral2?gx-no-cache=1521462086991 HTTP/1.1" 200 3898
192.168.10.56 - - [19/Mar/2018:09:24:12 -0300] "GET /cormun/servlet/solicitudgral2?345ec90b37060adfa7ea94da059c0eb5fb50a93d5ef601c181e9ba29f733995ae39305ecd71ea536487bc3d7a069becf24d5267c0480bfead85cbc578d224fc9551bf9fdfa322b94a0ff272bbb4d2b243e68aa45783e344607cf813a5157e2dffd63f1c5b63eef19b614b65ebd18581adc970076d754fcd734aab4bb55d5b2a920a22b758ad0f505640aec42cfe7f32d00029bccd04fed0157abf734c069fcb0ae1764bef008f495270a7a76e325df06f0aafaf2bee4ea1d1363771c4bba020be7348a7c8a7f49dcc788312c3b3efcc4c5cd7cf211a7880d2666c0c7774cb98c172c48f9cacdbcb9022de4bac2b0441a9d886418793e5387b0512c71a403edf523d8426f5ccfe6b050a16e88fc82f8f1a767380b97e347117d59ae1b6196058602f09e6c92e0481009b9cd0d0215b6dcd77d96ad1e17289327550f6173fe708ee5a530572c38c2b77d904e56c9cb08d3,gx-no-cache=1521462087148 HTTP/1.1" 200 255
192.168.10.56 - - [19/Mar/2018:09:24:13 -0300] "POST /cormun/servlet/solicitudgral2?gx-no-cache=1521462087303 HTTP/1.1" 200 1397
192.168.10.56 - - [19/Mar/2018:09:24:13 -0300] "GET /cormun/servlet/solicitudgral2?345ec90b37060adfa7ea94da059c0eb591a856191fb9633f609984ac23dd3c535a28e7cc85442ececb07d36039b835db2674745858d0bf8eedf366ac72f3580c41cb29e125379b9122aad128e5f4a88c52d00e0210177eddd4ea160eaad198d61df1206a85881dc2c04a887721e020fa,gx-no-cache=1521462087355 HTTP/1.1" 200 41
192.168.10.56 - - [19/Mar/2018:09:24:14 -0300] "POST /cormun/servlet/solicitudgral2?a1cb8ccf417638ad91ae69e448c4e8ff,UPD,2018,9398,,gx-no-cache=1521462088216 HTTP/1.1" 200 11842
192.168.10.56 - - [19/Mar/2018:09:24:14 -0300] "GET /cormun/servlet/solicitudgral2?345ec90b37060adfa7ea94da059c0eb5ab93d8ca57427c53a1dfe81b481216dd4653ce52b74c3e8a3d93f76c047aea4b9d71f067f2b8cadccd3639cc73ceb221a91f38aaa5703404edbc21fee6f6d1bba72bd699909036d7426ebcee0616a8a94cbee8f340d8301f182576610d93ac9c1b83bd79cf604248e4d3f054e1ec8b6306c9fbac2b3db5ee48554a4ae9faa471dc78fe8eb101c7097ef80c1747db1763,gx-no-cache=1521462088380 HTTP/1.1" 200 29
192.168.10.56 - - [19/Mar/2018:09:24:14 -0300] "POST /cormun/servlet/solicitudgral2?gx-no-cache=1521462088396 HTTP/1.1" 200 1295
192.168.10.56 - - [19/Mar/2018:09:24:14 -0300] "POST /cormun/servlet/solicitudgral2?gx-no-cache=1521462088452 HTTP/1.1" 200 1218
192.168.10.56 - - [19/Mar/2018:09:24:15 -0300] "GET /cormun/static/menuarrow.gif HTTP/1.1" 404 1015
192.168.10.56 - - [19/Mar/2018:09:24:21 -0300] "GET /cormun/servlet/solicitudgral2?345ec90b37060adfa7ea94da059c0eb5f871e0d0153e3cadd3e2170a5f4c3d2eeb8289ed4f1d2c74b660e60abbefd8070b9dd73b25c38b94821e8b87187083f547433960a88ff608b922e9549bbdf6010e3156493543c43c4785b1f1836c8ae7fabe4a6f2b8943a0f462be60a84859dda8dee5b47c50e1e11d5ddd20b4f687ac,gx-no-cache=1521462095964 HTTP/1.1" 200 30
192.168.10.56 - - [19/Mar/2018:09:24:21 -0300] "POST /cormun/servlet/solicitudgral2?a1cb8ccf417638ad91ae69e448c4e8ff,UPD,2018,9398,,gx-no-cache=1521462095984 HTTP/1.1" 200 93
192.168.10.56 - - [19/Mar/2018:09:24:21 -0300] "GET /cormun/servlet/hpexe_return? HTTP/1.1" 200 1031
192.168.10.56 - - [19/Mar/2018:09:24:22 -0300] "GET /cormun/servlet/trsolicitudgral?gx-no-cache=1521461950547 HTTP/1.1" 200 10390
186.103.159.182 - - [19/Mar/2018:09:24:23 -0300] "GET /cormun/servlet/solicitudotcontratos?INS,2018,0,13718092,8,6,2018,2539,LEY+SEP,,14,B, HTTP/1.1" 200 9975
192.168.10.56 - - [19/Mar/2018:09:24:23 -0300] "GET /cormun/servlet/trsolicitudgral?gx-no-cache=1521461950547 HTTP/1.1" 200 10407
