186.103.157.246 - - [19/Mar/2018:10:46:16 -0300] "GET /cormun/static/PXToolsJavascripts/pexe_windows.js HTTP/1.1" 304 -
186.103.161.206 - - [19/Mar/2018:10:46:16 -0300] "POST /cormun/servlet/solicitudot?gx-no-cache=1521467125788 HTTP/1.1" 200 1219
186.103.157.246 - - [19/Mar/2018:10:46:16 -0300] "GET /cormun/static/PXToolsJavascripts/pexe_popup.js HTTP/1.1" 304 -
186.103.157.246 - - [19/Mar/2018:10:46:16 -0300] "GET /cormun/static/PXToolsJavascripts/pexe_picture.js HTTP/1.1" 304 -
186.103.157.246 - - [19/Mar/2018:10:46:16 -0300] "GET /cormun/static/PXToolsJavascripts/pexe_tabdivfix.js HTTP/1.1" 304 -
186.103.157.246 - - [19/Mar/2018:10:46:16 -0300] "GET /cormun/static/PXToolsJavascripts/pexe_scrolldiv.js HTTP/1.1" 304 -
186.103.157.246 - - [19/Mar/2018:10:46:16 -0300] "GET /cormun/static/PXToolsJavascripts/pexe_upload.js HTTP/1.1" 304 -
186.103.157.246 - - [19/Mar/2018:10:46:16 -0300] "GET /cormun/static/PXToolsJavascripts/pexe_tabs.js HTTP/1.1" 304 -
186.103.157.246 - - [19/Mar/2018:10:46:16 -0300] "GET /cormun/static/PXToolsJavascripts/PXToolsJavascriptsRender.js HTTP/1.1" 304 -
186.103.157.246 - - [19/Mar/2018:10:46:16 -0300] "GET /cormun/static/RunJS/RunJS.js HTTP/1.1" 304 -
186.103.157.246 - - [19/Mar/2018:10:46:17 -0300] "GET /cormun/static/Shared/ext/ext-all.js HTTP/1.1" 304 -
186.103.161.206 - - [19/Mar/2018:10:46:17 -0300] "POST /cormun/servlet/solicitudot?gx-no-cache=1521467126152 HTTP/1.1" 200 105
186.103.157.246 - - [19/Mar/2018:10:46:17 -0300] "GET /cormun/static/gxui/gxui-all.js HTTP/1.1" 304 -
186.103.157.246 - - [19/Mar/2018:10:46:17 -0300] "GET /cormun/static/Shared/ext/locale/ext-lang-en.js HTTP/1.1" 304 -
186.103.157.246 - - [19/Mar/2018:10:46:17 -0300] "GET /cormun/static/hhome.js?20175251212450 HTTP/1.1" 304 -
186.103.157.246 - - [19/Mar/2018:10:46:17 -0300] "GET /cormun/static/hwchdr01.js?201752511465785 HTTP/1.1" 304 -
186.103.157.246 - - [19/Mar/2018:10:46:17 -0300] "GET /cormun/static/hpexe_recentlink.js?20177611595044 HTTP/1.1" 304 -
186.103.157.246 - - [19/Mar/2018:10:46:17 -0300] "GET /cormun/static/hpexe_scripts.js?201752511465715 HTTP/1.1" 304 -
186.103.157.246 - - [19/Mar/2018:10:46:17 -0300] "GET /cormun/static/hpexe_messagecontroller.js?20177611595012 HTTP/1.1" 304 -
186.103.157.246 - - [19/Mar/2018:10:46:17 -0300] "GET /cormun/static/hpexe_messagepopupcomponent.js?20161017169425 HTTP/1.1" 304 -
186.103.157.246 - - [19/Mar/2018:10:46:17 -0300] "GET /cormun/static/hpexe_messagegenexuscomponent.js?201752511465344 HTTP/1.1" 304 -
186.103.157.246 - - [19/Mar/2018:10:46:17 -0300] "GET /cormun/static/cmcontrolpreferences.js?201752511465670 HTTP/1.1" 304 -
186.103.157.246 - - [19/Mar/2018:10:46:17 -0300] "GET /cormun/static/Shared/jquery/jquery-1.4.2.min.js HTTP/1.1" 304 -
186.103.161.206 - - [19/Mar/2018:10:46:17 -0300] "GET /cormun/static/Shared/jqueryui/images/ui-bg_highlight-soft_100_c6c2c8_1x100.png HTTP/1.1" 404 1117
186.103.157.246 - - [19/Mar/2018:10:46:17 -0300] "GET /cormun/static/Shared/jquery/jquery-1.10.2.min.js HTTP/1.1" 304 -
186.103.161.206 - - [19/Mar/2018:10:46:17 -0300] "GET /cormun/static/Shared/jqueryui/images/ui-bg_flat_55_994d53_40x100.png HTTP/1.1" 404 1097
186.103.132.155 - - [19/Mar/2018:10:46:17 -0300] "GET /cormun/static/Shared/jqueryui/images/ui-icons_82798d_256x240.png HTTP/1.1" 404 1089
186.103.157.246 - - [19/Mar/2018:10:46:17 -0300] "GET /cormun/static/Shared/jqueryui/jquery-ui.min.js HTTP/1.1" 304 -
186.103.157.246 - - [19/Mar/2018:10:46:17 -0300] "GET /cormun/static/SmoothNavMenu/resources/ddsmoothmenu.js HTTP/1.1" 304 -
186.103.157.246 - - [19/Mar/2018:10:46:17 -0300] "GET /cormun/static/SmoothNavMenu/resources/SmoothNavMenuRender.js HTTP/1.1" 304 -
186.103.157.246 - - [19/Mar/2018:10:46:17 -0300] "GET /cormun/static/scaMessage/js/jquery.pnotify.min.js HTTP/1.1" 304 -
186.103.157.246 - - [19/Mar/2018:10:46:17 -0300] "GET /cormun/static/scaMessage/scaMessageRender.js HTTP/1.1" 304 -
186.103.157.246 - - [19/Mar/2018:10:46:17 -0300] "GET /cormun/static/hmpwkw03.js?20177612122668 HTTP/1.1" 304 -
186.103.157.246 - - [19/Mar/2018:10:46:17 -0300] "GET /cormun/static/Resources/logo4.png HTTP/1.1" 304 -
186.103.157.246 - - [19/Mar/2018:10:46:17 -0300] "GET /cormun/static/Resources/PXToolsHeaderActionsLeft.png HTTP/1.1" 304 -
186.103.157.246 - - [19/Mar/2018:10:46:17 -0300] "GET /cormun/static/Resources/PXToolsHeaderHome.png HTTP/1.1" 304 -
186.103.157.246 - - [19/Mar/2018:10:46:17 -0300] "GET /cormun/static/Resources/PXToolsHeaderLogin.png HTTP/1.1" 304 -
186.103.157.246 - - [19/Mar/2018:10:46:17 -0300] "GET /cormun/static/Resources/PXToolsFooterBackground2.png HTTP/1.1" 304 -
186.103.157.246 - - [19/Mar/2018:10:46:17 -0300] "GET /cormun/static/Resources/PXToolsHeaderPreferences.png HTTP/1.1" 304 -
186.103.157.246 - - [19/Mar/2018:10:46:17 -0300] "GET /cormun/static/Resources/PXToolsHeaderBackground2.png HTTP/1.1" 304 -
190.151.100.218 - - [19/Mar/2018:10:46:17 -0300] "GET /cormun/static/Shared/jqueryui/images/ui-icons_ebccce_256x240.png HTTP/1.1" 404 1089
186.103.157.246 - - [19/Mar/2018:10:46:17 -0300] "GET /cormun/static/Resources/PXToolsHeaderActionsBackground.png HTTP/1.1" 304 -
186.103.157.246 - - [19/Mar/2018:10:46:17 -0300] "GET /cormun/static/Resources/PXToolsHeaderActionsRight.png HTTP/1.1" 304 -
186.103.157.246 - - [19/Mar/2018:10:46:17 -0300] "GET /cormun/static/Resources/PXToolsHeaderSecurity.png HTTP/1.1" 304 -
186.103.157.246 - - [19/Mar/2018:10:46:17 -0300] "GET /cormun/static/Resources/PXToolsDataTitle.png HTTP/1.1" 304 -
186.103.157.246 - - [19/Mar/2018:10:46:18 -0300] "GET /cormun/static/SmoothNavMenu/resources/images/down.gif HTTP/1.1" 304 -
186.103.157.246 - - [19/Mar/2018:10:46:18 -0300] "GET /cormun/static/SmoothNavMenu/resources/images/right.gif HTTP/1.1" 304 -
186.103.157.246 - - [19/Mar/2018:10:46:23 -0300] "GET /cormun/servlet/trsolicitudot? HTTP/1.1" 200 8673
186.103.157.246 - - [19/Mar/2018:10:46:23 -0300] "GET /cormun/static/gxui/gxui-all.css?120300 HTTP/1.1" 304 -
186.103.157.246 - - [19/Mar/2018:10:46:23 -0300] "GET /cormun/static/Shared/ext/resources/css/ext-all.css?215870 HTTP/1.1" 304 -
186.103.157.246 - - [19/Mar/2018:10:46:23 -0300] "GET /cormun/static/calendar-system.css?85620 HTTP/1.1" 304 -
186.103.157.246 - - [19/Mar/2018:10:46:23 -0300] "GET /cormun/static/Resources/Spanish/PXTools.css?1255365 HTTP/1.1" 304 -
186.103.157.246 - - [19/Mar/2018:10:46:23 -0300] "GET /cormun/static/gxcfg.js?2017111422585916 HTTP/1.1" 304 -
186.103.157.246 - - [19/Mar/2018:10:46:23 -0300] "GET /cormun/static/calendar.js?85251 HTTP/1.1" 304 -
186.103.157.246 - - [19/Mar/2018:10:46:23 -0300] "GET /cormun/static/calendar-setup.js?85251 HTTP/1.1" 304 -
186.103.157.246 - - [19/Mar/2018:10:46:23 -0300] "GET /cormun/static/calendar-es.js?85251 HTTP/1.1" 304 -
186.103.157.246 - - [19/Mar/2018:10:46:23 -0300] "GET /cormun/static/Resources/PXTools/calendar.png HTTP/1.1" 304 -
186.103.157.246 - - [19/Mar/2018:10:46:23 -0300] "GET /cormun/static/Resources/PXToolsDataSearch.png HTTP/1.1" 304 -
186.103.157.246 - - [19/Mar/2018:10:46:23 -0300] "GET /cormun/static/Resources/PXToolsGridFirstDisabled.gif HTTP/1.1" 304 -
186.103.157.246 - - [19/Mar/2018:10:46:23 -0300] "GET /cormun/static/Resources/PXToolsGridPreviousDisabled.gif HTTP/1.1" 304 -
186.103.157.246 - - [19/Mar/2018:10:46:23 -0300] "GET /cormun/static/Resources/PXToolsGridNextDisabled.gif HTTP/1.1" 304 -
186.103.157.246 - - [19/Mar/2018:10:46:23 -0300] "GET /cormun/static/Resources/PXToolsActionExcel.png HTTP/1.1" 304 -
186.103.157.246 - - [19/Mar/2018:10:46:23 -0300] "GET /cormun/static/Resources/PXToolsGridNew.png HTTP/1.1" 304 -
186.103.157.246 - - [19/Mar/2018:10:46:23 -0300] "GET /cormun/static/gxdec.js?85251 HTTP/1.1" 304 -
186.103.157.246 - - [19/Mar/2018:10:46:23 -0300] "GET /cormun/static/trsolicitudot.js?201711142259839 HTTP/1.1" 304 -
186.103.157.246 - - [19/Mar/2018:10:46:24 -0300] "GET /cormun/static/Resources/PXToolsGridLastDisabled.gif HTTP/1.1" 304 -
186.103.157.246 - - [19/Mar/2018:10:46:24 -0300] "GET /cormun/static/Resources/PXToolsGridPage.gif HTTP/1.1" 304 -
186.103.157.246 - - [19/Mar/2018:10:46:24 -0300] "GET /cormun/static/Resources/desc.gif HTTP/1.1" 304 -
186.103.157.246 - - [19/Mar/2018:10:46:24 -0300] "GET /cormun//static/Resources/PXToolsGridUpdate.png HTTP/1.1" 304 -
186.103.157.246 - - [19/Mar/2018:10:46:24 -0300] "GET /cormun//static/Resources/PXToolsGridDelete.png HTTP/1.1" 304 -
186.103.157.246 - - [19/Mar/2018:10:46:24 -0300] "GET /cormun//static/Resources/PXTools/ActionInsert.png HTTP/1.1" 304 -
186.103.157.246 - - [19/Mar/2018:10:46:24 -0300] "GET /cormun//static/Resources/PXToolsRemoveAllAction.png HTTP/1.1" 304 -
186.103.157.246 - - [19/Mar/2018:10:46:24 -0300] "GET /cormun/static/Shared/ext/resources/themes/images/default/tools/tool-sprites.gif HTTP/1.1" 304 -
186.103.157.246 - - [19/Mar/2018:10:46:24 -0300] "GET /cormun/static/Shared/ext/resources/themes/images/default/tip/tip-corners.gif HTTP/1.1" 304 -
186.103.157.246 - - [19/Mar/2018:10:46:24 -0300] "GET /cormun/static/Shared/ext/resources/themes/images/default/tip/tip-sides.gif HTTP/1.1" 304 -
186.103.157.246 - - [19/Mar/2018:10:46:24 -0300] "GET /cormun/static/Resources/asc.gif HTTP/1.1" 304 -
186.103.157.246 - - [19/Mar/2018:10:46:25 -0300] "GET /cormun/static/Shared/ext/resources/themes/images/default/panel/bg-headersPanel.png HTTP/1.1" 304 -
186.103.157.246 - - [19/Mar/2018:10:46:25 -0300] "GET /cormun//static/Resources/PXToolsActionView.png HTTP/1.1" 304 -
186.103.157.246 - - [19/Mar/2018:10:46:26 -0300] "GET /cormun/static/menuarrow.gif HTTP/1.1" 404 1015
186.103.157.246 - - [19/Mar/2018:10:46:46 -0300] "POST /cormun/servlet/trsolicitudot?4fbf9ca1e5c9869a16a48f52a501ab1a,,gx-no-cache=1521467154519 HTTP/1.1" 200 23328
186.103.157.246 - - [19/Mar/2018:10:46:46 -0300] "GET /cormun/static/Resources/PXToolsGridNext.gif HTTP/1.1" 304 -
186.103.157.246 - - [19/Mar/2018:10:46:46 -0300] "GET /cormun/static/Resources/PXToolsGridLast.gif HTTP/1.1" 304 -
200.86.95.220 - - [19/Mar/2018:10:46:48 -0300] "GET /cormun/servlet/trsolicitudot? HTTP/1.1" 200 9383
200.86.95.220 - - [19/Mar/2018:10:46:50 -0300] "GET /cormun/servlet/trsolicitudot? HTTP/1.1" 200 9383
186.103.159.182 - - [19/Mar/2018:10:46:53 -0300] "POST /cormun/servlet/trsolicitudot?ecd278aaa7de697feabb8e2c76721273,gx-no-cache=1521467161708 HTTP/1.1" 200 8357
200.86.95.220 - - [19/Mar/2018:10:46:54 -0300] "GET /cormun/servlet/solicitudot?INS,0,0, HTTP/1.1" 200 13390
200.86.95.220 - - [19/Mar/2018:10:46:56 -0300] "GET /cormun/servlet/solicitudot?INS,0,0, HTTP/1.1" 200 13395
192.168.10.89 - - [19/Mar/2018:10:47:19 -0300] "POST /cormun/servlet/trsolicitudgral?92db09fa3e8e36d717ba706a0e2f7cc6,,gx-no-cache=1521467073506 HTTP/1.1" 200 5931
186.103.157.42 - - [19/Mar/2018:10:47:20 -0300] "GET /cormun/servlet/hlogin HTTP/1.1" 200 1722
200.86.95.220 - - [19/Mar/2018:10:47:24 -0300] "POST /cormun/servlet/solicitudot?gx-no-cache=1521467193660 HTTP/1.1" 200 3397
200.86.95.220 - - [19/Mar/2018:10:47:25 -0300] "POST /cormun/servlet/solicitudot?c04d45f38763f3d8ead0f011ff3ce999,INS,0,0,,gx-no-cache=1521467194107 HTTP/1.1" 200 10378
186.103.157.42 - - [19/Mar/2018:10:47:25 -0300] "POST /cormun/servlet/hlogin?8d36694257c9f82320b35e668fdf3027,gx-no-cache=1521467194316 HTTP/1.1" 200 90
186.103.157.42 - - [19/Mar/2018:10:47:25 -0300] "GET /cormun/servlet/hpexe_link HTTP/1.1" 200 947
186.103.157.42 - - [19/Mar/2018:10:47:25 -0300] "GET /cormun/servlet/hhome HTTP/1.1" 200 4253
186.103.157.246 - - [19/Mar/2018:10:47:28 -0300] "POST /cormun/servlet/trsolicitudot?4fbf9ca1e5c9869a16a48f52a501ab1a,,gx-no-cache=1521467195046 HTTP/1.1" 200 103
186.103.157.246 - - [19/Mar/2018:10:47:28 -0300] "GET /cormun/SolicitudOT-5404.xls HTTP/1.1" 200 38400
200.86.95.220 - - [19/Mar/2018:10:47:30 -0300] "GET /cormun/servlet/solicitudot?13daf58f09c03a0bb286f0252858ff06d5eab390dab34983dd21a0b97d6f2d203c92c187e48c74a1666929f93f321af5,gx-no-cache=1521467200067 HTTP/1.1" 200 30
186.103.157.42 - - [19/Mar/2018:10:47:30 -0300] "GET /cormun/servlet/hhome HTTP/1.1" 200 4249
200.86.95.220 - - [19/Mar/2018:10:47:30 -0300] "GET /cormun/servlet/solicitudot?13daf58f09c03a0bb286f0252858ff06962ee7c045a47f7f73a945394a0ca2222cb1d390941d862b3e07b2495a4d924e409cfae6dbbe18ab5f72f7362d13f7d8,gx-no-cache=1521467200152 HTTP/1.1" 200 30
200.86.95.220 - - [19/Mar/2018:10:47:30 -0300] "GET /cormun/servlet/solicitudot?13daf58f09c03a0bb286f0252858ff06cc65f5bf447adbb95ee77d82a22ce83f,gx-no-cache=1521467200210 HTTP/1.1" 200 51
200.86.95.220 - - [19/Mar/2018:10:47:30 -0300] "POST /cormun/servlet/solicitudot?gx-no-cache=1521467200263 HTTP/1.1" 200 255
200.86.95.220 - - [19/Mar/2018:10:47:31 -0300] "GET /cormun/servlet/solicitudot?13daf58f09c03a0bb286f0252858ff061d31105f875d91975cee71fcd9d9eafb363be45c9ca980fbfa4ce0ee329dab9da3dbd0a56369d153943aa3c600ed9319399e2f5602a7dcd9fb0a862cc1bfcc9ec102f920bca53df95102f6efe1f8c98307829cf02df0fa6713c0b07007ae446b75868506e130405ae81da9f58c899982b85c5ac7d58117dca376caa2faf94bb9189026dfc39378fd7cb8dffbf655bd509f23f1c25663271293d5e7e983521f66f124d4ff60860780d7bd9e277c8af2c07af8edeabc6ed1f0c9ea862c7f93e601c0727b3ce657caf27d3c15ac8e45ca8ca82ab4e2be21474a08130ebb91a7ec1270929d2cb0b4b0336b6158f15c52bd0924889b80b4b6a92fecc7666bc7dd42951047bdd132bb87b111db3b1bc2381fa4c0bffdacd0a469fcf2ce20c115ec235d9262abbc44ddf75f79871bcaacafc3184c12a55fe71091c3d928a1497e8be8d637089311a65720f4e32ca3a77227b26e9de60a974984780658addcc0ddab31f0d8d046ef6a300e4564e1ba6472f722a7,gx-no-cache=1521467200331 HTTP/1.1" 200 30
200.86.95.220 - - [19/Mar/2018:10:47:32 -0300] "POST /cormun/servlet/solicitudot?gx-no-cache=1521467202199 HTTP/1.1" 200 30
186.103.157.246 - - [19/Mar/2018:10:47:38 -0300] "POST /cormun/servlet/trsolicitudot?4fbf9ca1e5c9869a16a48f52a501ab1a,,gx-no-cache=1521467207224 HTTP/1.1" 200 103
186.103.157.246 - - [19/Mar/2018:10:47:38 -0300] "GET /cormun/SolicitudOT-8152.xls HTTP/1.1" 200 38400
200.86.95.220 - - [19/Mar/2018:10:47:41 -0300] "POST /cormun/servlet/solicitudot?gx-no-cache=1521467211017 HTTP/1.1" 200 1337
200.86.95.220 - - [19/Mar/2018:10:47:41 -0300] "POST /cormun/servlet/solicitudot?gx-no-cache=1521467211139 HTTP/1.1" 200 38
186.103.157.246 - - [19/Mar/2018:10:47:46 -0300] "GET /cormun/servlet/trsolicitudot? HTTP/1.1" 200 25870
200.86.95.220 - - [19/Mar/2018:10:47:53 -0300] "GET /cormun/servlet/solicitudot?13daf58f09c03a0bb286f0252858ff064f3cd7302be3548857ce29633477fe7d545086d97501115e03af424f63bb55ff830f8c51012db21268d2ede1caa53af42b1c82a69775775644cefbf5cbaaf8b52ff00c242ddbc7975cf648d044b7f18b8a1c4150cd88edd5cb8bc168fecb02ebc19ad294552366f357f7e6bd53a65340e1680b5cb1c9545b03c2d715c5efa64c1b6e2a166fb55f071a66d6abb11b7a4df7b4cc680a11b44bb52c63befa210366f1cbb0013d090b1fbd4cdb2a1f09e50800cb3be30296b2ddd14d2be4cfd958d3,gx-no-cache=1521467223212 HTTP/1.1" 200 29
186.103.157.246 - - [19/Mar/2018:10:47:56 -0300] "POST /cormun/servlet/trsolicitudot?4fbf9ca1e5c9869a16a48f52a501ab1a,,gx-no-cache=1521467224460 HTTP/1.1" 200 103
186.103.157.246 - - [19/Mar/2018:10:47:56 -0300] "GET /cormun/SolicitudOT-4972.xls HTTP/1.1" 200 38400
200.86.95.220 - - [19/Mar/2018:10:47:57 -0300] "POST /cormun/servlet/solicitudot?gx-no-cache=1521467226879 HTTP/1.1" 200 1319
200.86.95.220 - - [19/Mar/2018:10:47:58 -0300] "POST /cormun/servlet/solicitudot?gx-no-cache=1521467227018 HTTP/1.1" 200 1219
200.86.95.220 - - [19/Mar/2018:10:47:58 -0300] "GET /cormun/static/menuarrow.gif HTTP/1.1" 404 1015
200.86.95.220 - - [19/Mar/2018:10:47:59 -0300] "POST /cormun/servlet/solicitudot?gx-no-cache=1521467228981 HTTP/1.1" 200 1319
200.86.95.220 - - [19/Mar/2018:10:47:59 -0300] "POST /cormun/servlet/solicitudot?gx-no-cache=1521467229134 HTTP/1.1" 200 1219
186.103.157.246 - - [19/Mar/2018:10:48:00 -0300] "OPTIONS /cormun/ HTTP/1.1" 200 -
186.103.157.246 - - [19/Mar/2018:10:48:00 -0300] "OPTIONS /cormun/ HTTP/1.1" 200 -
186.103.157.246 - - [19/Mar/2018:10:48:00 -0300] "OPTIONS /cormun/ HTTP/1.1" 200 -
186.103.157.246 - - [19/Mar/2018:10:48:00 -0300] "HEAD /cormun/SolicitudOT-4972.xls HTTP/1.1" 200 -
200.86.95.220 - - [19/Mar/2018:10:48:01 -0300] "GET /cormun/servlet/solicitudot?13daf58f09c03a0bb286f0252858ff06e7782c979be54c471ab8fa24f7554b0ab203449612c9dc8805b5bede60eb2325,gx-no-cache=1521467230372 HTTP/1.1" 200 30
186.103.157.246 - - [19/Mar/2018:10:48:06 -0300] "OPTIONS / HTTP/1.1" 200 11217
186.103.157.246 - - [19/Mar/2018:10:48:06 -0300] "HEAD /cormun/SolicitudOT-4972.xls HTTP/1.1" 200 -
200.86.95.220 - - [19/Mar/2018:10:48:10 -0300] "POST /cormun/servlet/solicitudot?gx-no-cache=1521467239967 HTTP/1.1" 200 30
186.103.157.246 - - [19/Mar/2018:10:48:10 -0300] "GET /cormun/SolicitudOT-4972.xls HTTP/1.1" 200 38400
186.103.157.246 - - [19/Mar/2018:10:48:10 -0300] "HEAD /cormun/SolicitudOT-4972.xls HTTP/1.1" 200 -
186.103.159.182 - - [19/Mar/2018:10:48:15 -0300] "GET /cormun/servlet/hlogin HTTP/1.1" 200 1721
186.103.159.182 - - [19/Mar/2018:10:48:15 -0300] "GET /cormun/static/gxtimezone.js?85251 HTTP/1.1" 200 5781
186.103.159.182 - - [19/Mar/2018:10:48:15 -0300] "GET /cormun/static/gxcfg.js?20175251213516 HTTP/1.1" 200 953
186.103.159.182 - - [19/Mar/2018:10:48:15 -0300] "GET /cormun/static/hlogin.js?20175251213537 HTTP/1.1" 200 2136
186.103.159.182 - - [19/Mar/2018:10:48:15 -0300] "GET /cormun/static/messages.spa.js?85251 HTTP/1.1" 200 30736
186.103.159.182 - - [19/Mar/2018:10:48:15 -0300] "GET /cormun/static/Resources/Spanish/PXTools.css?11423723 HTTP/1.1" 200 89042
186.103.159.182 - - [19/Mar/2018:10:48:15 -0300] "GET /cormun/static/gxgral.js?85251 HTTP/1.1" 200 384558
186.103.159.182 - - [19/Mar/2018:10:48:15 -0300] "GET /cormun/static/Resources/ComunLogin.png HTTP/1.1" 200 17326
186.103.159.182 - - [19/Mar/2018:10:48:15 -0300] "GET /cormun/static/Resources/indicator.gif HTTP/1.1" 200 1553
186.103.159.182 - - [19/Mar/2018:10:48:15 -0300] "GET /cormun/static/Resources/PXToolsLoginTop.png HTTP/1.1" 200 1337
186.103.159.182 - - [19/Mar/2018:10:48:15 -0300] "GET /cormun/static/Resources/PXToolsButtonRight21.png HTTP/1.1" 200 1283
186.103.159.182 - - [19/Mar/2018:10:48:15 -0300] "GET /cormun/static/Resources/PXToolsButtonLeft21.png HTTP/1.1" 200 1287
186.103.159.182 - - [19/Mar/2018:10:48:15 -0300] "GET /cormun/static/Resources/PXToolsButtonBackground2.png HTTP/1.1" 200 1181
186.103.159.182 - - [19/Mar/2018:10:48:15 -0300] "GET /cormun/static/Resources/PXToolsLoginBackground.png HTTP/1.1" 200 1164
186.103.159.182 - - [19/Mar/2018:10:48:15 -0300] "GET /cormun/static/Resources/PXToolsLoginBottom.png HTTP/1.1" 200 1389
186.103.157.42 - - [19/Mar/2018:10:48:23 -0300] "GET /cormun/servlet/trsolicitudot? HTTP/1.1" 200 8837
186.103.157.42 - - [19/Mar/2018:10:48:24 -0300] "GET /cormun/static/gxui/gxui-all.css?120300 HTTP/1.1" 200 2179
186.103.157.42 - - [19/Mar/2018:10:48:24 -0300] "GET /cormun/static/gxcfg.js?2017111422585916 HTTP/1.1" 200 953
186.103.157.42 - - [19/Mar/2018:10:48:24 -0300] "GET /cormun/static/Resources/Spanish/PXTools.css?1255365 HTTP/1.1" 200 89042
186.103.157.42 - - [19/Mar/2018:10:48:24 -0300] "GET /cormun/static/calendar-system.css?85620 HTTP/1.1" 200 5572
186.103.157.42 - - [19/Mar/2018:10:48:24 -0300] "GET /cormun/static/Shared/ext/resources/css/ext-all.css?215870 HTTP/1.1" 200 416045
186.103.157.42 - - [19/Mar/2018:10:48:24 -0300] "GET /cormun/static/trsolicitudot.js?201711142259839 HTTP/1.1" 200 54041
186.103.157.42 - - [19/Mar/2018:10:48:25 -0300] "GET /cormun/servlet/trsolicitudot? HTTP/1.1" 200 8835
186.103.157.42 - - [19/Mar/2018:10:48:25 -0300] "GET /cormun//static/Resources/PXToolsActionView.png HTTP/1.1" 200 2995
186.103.157.42 - - [19/Mar/2018:10:48:25 -0300] "GET /cormun//static/Resources/PXToolsGridUpdate.png HTTP/1.1" 200 2984
186.103.157.42 - - [19/Mar/2018:10:48:25 -0300] "GET /cormun//static/Resources/PXToolsGridDelete.png HTTP/1.1" 200 357
186.103.157.42 - - [19/Mar/2018:10:48:25 -0300] "GET /cormun//static/Resources/PXToolsRemoveAllAction.png HTTP/1.1" 200 3558
186.103.157.42 - - [19/Mar/2018:10:48:42 -0300] "GET /cormun/servlet/solicitudot?INS,0,0, HTTP/1.1" 200 13700
186.103.157.42 - - [19/Mar/2018:10:48:42 -0300] "GET /cormun/static/gxcfg.js?201812313224582 HTTP/1.1" 200 953
186.103.157.42 - - [19/Mar/2018:10:48:42 -0300] "GET /cormun/static/Resources/prompt.gif HTTP/1.1" 200 902
186.103.157.42 - - [19/Mar/2018:10:48:42 -0300] "GET /cormun/static/solicitudot.js?201812313224831 HTTP/1.1" 200 72336
186.103.157.42 - - [19/Mar/2018:10:48:44 -0300] "GET /cormun/servlet/solicitudot?INS,0,0, HTTP/1.1" 200 13705
186.103.157.42 - - [19/Mar/2018:10:48:54 -0300] "POST /cormun/servlet/solicitudot?gx-no-cache=1521467283718 HTTP/1.1" 200 3410
186.103.157.42 - - [19/Mar/2018:10:48:55 -0300] "POST /cormun/servlet/solicitudot?8d36694257c9f82320b35e668fdf3027,INS,0,0,,gx-no-cache=1521467283966 HTTP/1.1" 200 10578
186.103.157.42 - - [19/Mar/2018:10:48:55 -0300] "GET /cormun/servlet/solicitudot?ec6c35a049495f7ac3f708eece6a0c1366b24ce9b4782637d40e2df441c7760070c9a57d8db31f55af8736fdd88aca56,gx-no-cache=1521467284210 HTTP/1.1" 200 30
186.103.157.42 - - [19/Mar/2018:10:49:01 -0300] "GET /cormun/servlet/solicitudot?ec6c35a049495f7ac3f708eece6a0c136bfb59a9dc2d0041c3112c7c28f07a8fcc629cbc036347ee17008e7b0aea7119213593ed88c4f803cd1ad38d6f800165,gx-no-cache=1521467290173 HTTP/1.1" 200 30
186.103.157.42 - - [19/Mar/2018:10:49:01 -0300] "GET /cormun/servlet/solicitudot?ec6c35a049495f7ac3f708eece6a0c1391a411fa0505d400c314b9ed2ba09663,gx-no-cache=1521467290206 HTTP/1.1" 200 51
186.103.157.42 - - [19/Mar/2018:10:49:01 -0300] "POST /cormun/servlet/solicitudot?gx-no-cache=1521467290244 HTTP/1.1" 200 255
186.103.157.42 - - [19/Mar/2018:10:49:01 -0300] "GET /cormun/servlet/solicitudot?ec6c35a049495f7ac3f708eece6a0c137996e131d33d487d1607a837b13c37f93ae5b30ddc85da1c6ad7aad450e46ed3080943b2dc2e3e9e6d8e383f78ffa46d2ac409482b731c080d039222c3dae6123e9d1cbb9c7f6b644ea27341c46a061d2fc60ee89eef8ee045830a764585d9ebd61a0913861a40ae65892371dff0a6574059305d88cdd9e98bc9d27a48a98199f536e8effb2f64af0e3b375cc398019902762fb11f584f46c95feea2f804f584beac4be6dd4e7de420bef157dbe5c1f340215ecba69cae2defda538c8c13729f7cd96858e0189c1ee76ce52ccef63e9942ee6f2a774ab229ac5e062a1f0f4b72f81bf3a981815f92746bca2178b0cb249169ef5b720334ddf1dc50a04cda862ea1142bacdfac0b8dcccceb404f017f06fb80a747634d2d81539310694ac06bac564428e83744e81c8b1a261cd9aae2d8bb4084735219409b000dde3ef1c33f324cdb6da96726897ce4095bdc0bb464dc0a9c7b36446d173ace197b32ba14550ad86eb7021324846c83168209e1224037,gx-no-cache=1521467290304 HTTP/1.1" 200 30
186.103.157.42 - - [19/Mar/2018:10:49:04 -0300] "POST /cormun/servlet/solicitudot?gx-no-cache=1521467293305 HTTP/1.1" 200 30
186.103.157.42 - - [19/Mar/2018:10:49:07 -0300] "POST /cormun/servlet/solicitudot?gx-no-cache=1521467296176 HTTP/1.1" 200 1337
186.103.157.42 - - [19/Mar/2018:10:49:07 -0300] "POST /cormun/servlet/solicitudot?gx-no-cache=1521467296295 HTTP/1.1" 200 38
186.103.157.42 - - [19/Mar/2018:10:49:15 -0300] "GET /cormun/servlet/solicitudot?ec6c35a049495f7ac3f708eece6a0c1330a6c4294285ab2adf3cc817e7325be07f84ce248eaf83eea9bd511de22ab5e907ba076cce9b05b778976f9d3ace59df082ed1a3c8625eb30a3e98d6fe654e0c0939c9466fcd7c403a38411d5f916dce0ea9c2ecc116887787a61ff078fb4a24b2536a3ff622fd9608b1b8cbb5c5611781169546a0c610e24cbd9f0712b0064838bbf11dd96739d93ae5487c5acaa71b,gx-no-cache=1521467303999 HTTP/1.1" 200 29
186.103.157.42 - - [19/Mar/2018:10:49:15 -0300] "POST /cormun/servlet/solicitudot?gx-no-cache=1521467304071 HTTP/1.1" 200 1319
186.103.157.42 - - [19/Mar/2018:10:49:15 -0300] "POST /cormun/servlet/solicitudot?gx-no-cache=1521467304136 HTTP/1.1" 200 1219
186.103.157.42 - - [19/Mar/2018:10:49:15 -0300] "GET /cormun/static/menuarrow.gif HTTP/1.1" 404 1015
186.103.157.42 - - [19/Mar/2018:10:49:16 -0300] "POST /cormun/servlet/solicitudot?gx-no-cache=1521467305302 HTTP/1.1" 200 1319
186.103.157.42 - - [19/Mar/2018:10:49:16 -0300] "POST /cormun/servlet/solicitudot?gx-no-cache=1521467305389 HTTP/1.1" 200 1219
186.103.157.42 - - [19/Mar/2018:10:49:17 -0300] "GET /cormun/servlet/solicitudot?ec6c35a049495f7ac3f708eece6a0c13f36a05b63f2b53b5e1dc185cd7dc179619766aff5918f02397195d03632a0531,gx-no-cache=1521467306530 HTTP/1.1" 200 30
186.103.161.206 - - [19/Mar/2018:10:49:22 -0300] "GET /cormun/servlet/solicitudot?b6f4ad32e38b8551b41f159c34ab25fc41dc763af3748700494240ebd0ca6ffc8a08a3caf77ee54fc2a112ead877a407,gx-no-cache=1521467311276 HTTP/1.1" 200 30
186.103.157.42 - - [19/Mar/2018:10:49:24 -0300] "POST /cormun/servlet/solicitudot?gx-no-cache=1521467313218 HTTP/1.1" 200 30
186.103.157.42 - - [19/Mar/2018:10:49:24 -0300] "POST /cormun/servlet/solicitudot?8d36694257c9f82320b35e668fdf3027,INS,0,0,,gx-no-cache=1521467313276 HTTP/1.1" 200 93
186.103.157.42 - - [19/Mar/2018:10:49:25 -0300] "GET /cormun/servlet/hpexe_return? HTTP/1.1" 200 1003
186.103.157.42 - - [19/Mar/2018:10:49:25 -0300] "GET /cormun/static/gxcfg.js?2016101716175148 HTTP/1.1" 200 953
186.103.157.42 - - [19/Mar/2018:10:49:25 -0300] "GET /cormun/static/hpexe_return.js?2016101716175153 HTTP/1.1" 200 1633
186.103.157.42 - - [19/Mar/2018:10:49:25 -0300] "GET /cormun/static/Resources/Spanish/PXTools.css?167811 HTTP/1.1" 200 89042
186.103.157.42 - - [19/Mar/2018:10:49:25 -0300] "GET /cormun/servlet/trsolicitudot HTTP/1.1" 200 9324
186.103.157.42 - - [19/Mar/2018:10:49:26 -0300] "GET /cormun/servlet/trsolicitudot HTTP/1.1" 200 9320
186.103.161.206 - - [19/Mar/2018:10:49:37 -0300] "POST /cormun/servlet/solicitudot?gx-no-cache=1521467326332 HTTP/1.1" 200 30
186.103.161.206 - - [19/Mar/2018:10:49:37 -0300] "POST /cormun/servlet/solicitudot?f16b92f194e5ed50c9772a03a476ac5f,INS,0,0,,gx-no-cache=1521467326565 HTTP/1.1" 200 93
186.103.161.206 - - [19/Mar/2018:10:49:37 -0300] "GET /cormun/servlet/hpexe_return? HTTP/1.1" 200 1003
186.103.161.206 - - [19/Mar/2018:10:49:38 -0300] "GET /cormun/servlet/trsolicitudot HTTP/1.1" 200 8800
186.103.161.206 - - [19/Mar/2018:10:49:39 -0300] "GET /cormun/servlet/trsolicitudot HTTP/1.1" 200 8797
200.86.95.220 - - [19/Mar/2018:10:49:39 -0300] "POST /cormun/servlet/solicitudot?c04d45f38763f3d8ead0f011ff3ce999,INS,0,0,,gx-no-cache=1521467328854 HTTP/1.1" 200 93
200.86.95.220 - - [19/Mar/2018:10:49:39 -0300] "GET /cormun/servlet/hpexe_return? HTTP/1.1" 200 1003
200.86.95.220 - - [19/Mar/2018:10:49:40 -0300] "GET /cormun/servlet/trsolicitudot HTTP/1.1" 200 9734
200.86.95.220 - - [19/Mar/2018:10:49:42 -0300] "GET /cormun/servlet/trsolicitudot HTTP/1.1" 200 9730
186.103.161.206 - - [19/Mar/2018:10:49:43 -0300] "GET /cormun/servlet/solicitudot?INS,0,0, HTTP/1.1" 200 13635
186.103.161.206 - - [19/Mar/2018:10:49:44 -0300] "GET /cormun/servlet/solicitudot?INS,0,0, HTTP/1.1" 200 13640
200.86.95.220 - - [19/Mar/2018:10:49:57 -0300] "GET /cormun/servlet/solicitudot?INS,0,0, HTTP/1.1" 200 13390
200.86.95.220 - - [19/Mar/2018:10:49:59 -0300] "GET /cormun/servlet/solicitudot?INS,0,0, HTTP/1.1" 200 13395
186.103.157.246 - - [19/Mar/2018:10:50:08 -0300] "GET /cormun/servlet/trsolicitudot? HTTP/1.1" 200 25870
200.86.95.220 - - [19/Mar/2018:10:50:14 -0300] "POST /cormun/servlet/solicitudot?gx-no-cache=1521467363352 HTTP/1.1" 200 3387
200.86.95.220 - - [19/Mar/2018:10:50:15 -0300] "POST /cormun/servlet/solicitudot?c04d45f38763f3d8ead0f011ff3ce999,INS,0,0,,gx-no-cache=1521467363736 HTTP/1.1" 200 10355
200.86.95.220 - - [19/Mar/2018:10:50:17 -0300] "GET /cormun/servlet/solicitudot?13daf58f09c03a0bb286f0252858ff064bc31e515a57d0512930f175005ef87e3c92c187e48c74a1666929f93f321af5,gx-no-cache=1521467366467 HTTP/1.1" 200 30
200.86.95.220 - - [19/Mar/2018:10:50:17 -0300] "GET /cormun/servlet/solicitudot?13daf58f09c03a0bb286f0252858ff0660d84e3804e38a92757011f197e9cd01f212b63e8d3c62d03290982a48297231d2360f682fe63c6dd3346d533aa9eb91,gx-no-cache=1521467366601 HTTP/1.1" 200 30
200.86.95.220 - - [19/Mar/2018:10:50:17 -0300] "GET /cormun/servlet/solicitudot?13daf58f09c03a0bb286f0252858ff0647e03a4e1e80979c49a9b65f940150bb,gx-no-cache=1521467366697 HTTP/1.1" 200 59
200.86.95.220 - - [19/Mar/2018:10:50:17 -0300] "POST /cormun/servlet/solicitudot?gx-no-cache=1521467366802 HTTP/1.1" 200 255
200.86.95.220 - - [19/Mar/2018:10:50:17 -0300] "GET /cormun/servlet/solicitudot?13daf58f09c03a0bb286f0252858ff061d31105f875d91975cee71fcd9d9eafb363be45c9ca980fbfa4ce0ee329dab9da3dbd0a56369d153943aa3c600ed9319399e2f5602a7dcd9fb0a862cc1bfcc9ec102f920bca53df95102f6efe1f8c98307829cf02df0fa6713c0b07007ae446b75868506e130405ae81da9f58c899982b85c5ac7d58117dca376caa2faf94bb9189026dfc39378fd7cb8dffbf655bd509f23f1c25663271293d5e7e983521f66f124d4ff60860780d7bd9e277c8af2c07af8edeabc6ed1f0c9ea862c7f93e601c0727b3ce657caf27d3c15ac8e45ca8ca82ab4e2be21474a08130ebb91a7ec1270929d2cb0b4b0336b6158f15c52bd0924889b80b4b6a92fecc7666bc7dd42951047bdd132bb87b111db3b1bc2381fa4c0bffdacd0a469fcf2ce20c115ec235d9262abbc44ddf75f79871bcaacafc3184c12a55fe71091c3d928a1497e8be8d637089311a65720f4e32ca3a77227b26e9de60a974984780658addcc0ddab31f0d8d046ef6a300e4564e1ba6472f722a7,gx-no-cache=1521467366911 HTTP/1.1" 200 30
186.103.157.246 - - [19/Mar/2018:10:50:17 -0300] "GET /cormun/servlet/solicitudot?INS,0,0, HTTP/1.1" 200 13551
186.103.157.246 - - [19/Mar/2018:10:50:17 -0300] "GET /cormun/static/gxcfg.js?201812313224582 HTTP/1.1" 304 -
186.103.157.246 - - [19/Mar/2018:10:50:18 -0300] "GET /cormun/static/Resources/prompt.gif HTTP/1.1" 304 -
186.103.157.246 - - [19/Mar/2018:10:50:18 -0300] "GET /cormun/static/solicitudot.js?201812313224831 HTTP/1.1" 304 -
186.103.161.206 - - [19/Mar/2018:10:50:19 -0300] "POST /cormun/servlet/solicitudot?gx-no-cache=1521467368338 HTTP/1.1" 200 3411
200.86.95.220 - - [19/Mar/2018:10:50:19 -0300] "POST /cormun/servlet/solicitudot?gx-no-cache=1521467368552 HTTP/1.1" 200 30
186.103.161.206 - - [19/Mar/2018:10:50:20 -0300] "POST /cormun/servlet/solicitudot?f16b92f194e5ed50c9772a03a476ac5f,INS,0,0,,gx-no-cache=1521467369024 HTTP/1.1" 200 10580
200.86.95.220 - - [19/Mar/2018:10:50:21 -0300] "POST /cormun/servlet/solicitudot?gx-no-cache=1521467370501 HTTP/1.1" 200 1337
200.86.95.220 - - [19/Mar/2018:10:50:21 -0300] "POST /cormun/servlet/solicitudot?gx-no-cache=1521467370636 HTTP/1.1" 200 38
186.103.157.246 - - [19/Mar/2018:10:50:22 -0300] "GET /cormun/static/Resources/resize.gif HTTP/1.1" 304 -
186.103.157.246 - - [19/Mar/2018:10:50:23 -0300] "GET /cormun/servlet/prfichaempleado?,MD,,gxPopupLevel%3D0%3B HTTP/1.1" 200 9226
186.103.157.246 - - [19/Mar/2018:10:50:23 -0300] "GET /cormun/static/gxui/gxui-all.css?110300 HTTP/1.1" 304 -
186.103.157.246 - - [19/Mar/2018:10:50:23 -0300] "GET /cormun/static/gxcfg.js?20177612134814 HTTP/1.1" 304 -
186.103.157.246 - - [19/Mar/2018:10:50:23 -0300] "GET /cormun/static/Shared/ext/resources/css/ext-all.css?205870 HTTP/1.1" 304 -
186.103.157.246 - - [19/Mar/2018:10:50:23 -0300] "GET /cormun/static/Resources/PXToolsMenuSearchCancel.png HTTP/1.1" 304 -
186.103.157.246 - - [19/Mar/2018:10:50:23 -0300] "GET /cormun/static/Resources/PXToolsMenuSearch.png HTTP/1.1" 304 -
186.103.157.246 - - [19/Mar/2018:10:50:23 -0300] "GET /cormun/static/prfichaempleado.js?20177612134999 HTTP/1.1" 304 -
186.103.157.246 - - [19/Mar/2018:10:50:23 -0300] "GET /cormun/static/menusearch.js?201610171694467 HTTP/1.1" 304 -
186.103.157.246 - - [19/Mar/2018:10:50:23 -0300] "GET /cormun/static/hmpwkw011.js?20177612121862 HTTP/1.1" 304 -
186.103.161.206 - - [19/Mar/2018:10:50:30 -0300] "GET /cormun/servlet/solicitudot?b6f4ad32e38b8551b41f159c34ab25fccc2718e68f9b9f46456a91b708d030ddeb4039a476eaa518aadc68aea632b168,gx-no-cache=1521467380066 HTTP/1.1" 200 30
186.103.161.206 - - [19/Mar/2018:10:50:30 -0300] "GET /cormun/servlet/solicitudot?b6f4ad32e38b8551b41f159c34ab25fc602542ff60edbe1170206d03c92cc2d45b9c2aafaad72805ebd3d0ef47d7e7bf0221bdd6734bd4c66335c08603e3f3a1,gx-no-cache=1521467380191 HTTP/1.1" 200 30
186.103.161.206 - - [19/Mar/2018:10:50:30 -0300] "GET /cormun/servlet/solicitudot?b6f4ad32e38b8551b41f159c34ab25fc2d4d62c42ec55fd86784e041c7b92c22,gx-no-cache=1521467380269 HTTP/1.1" 200 51
186.103.161.206 - - [19/Mar/2018:10:50:31 -0300] "POST /cormun/servlet/solicitudot?gx-no-cache=1521467380355 HTTP/1.1" 200 255
186.103.161.206 - - [19/Mar/2018:10:50:31 -0300] "GET /cormun/servlet/solicitudot?b6f4ad32e38b8551b41f159c34ab25fcdfc5ce449630da798b1e610e58144b4ba2b80a65d0f0c24e7ef85de964d9ebe7716713076b99d4002f501f8d4c3f1fea577ba6dcf29f6b82f8b60a5cc1be1b37b5e07d752d5464bee64d47f7a751d8732f073354d853422c407d8fcb8da472dd1f157c33ebc99898588ad8fd67ab0f6ac25a40142b7ad08689719091167a723b37e57d98ec668e26b283be788eddd07dcb8142dfec2a8ab4fbd54ad47921b5c51e134b3e2edfd26ca4e424fbb080c464125e5baf74e57e630f740202a8437aef9f05ce42af977b8580112e13ae9bef2607a788bef3238267b74897a27344efd4fcceaa0e5a7d95f23447c73666116586314db59c59251af74b67e74956c90e37060e7dd73e458641a6b427bd8e5271b8829e07fa9e14cf3849f1735da16c660bd0f3f8df6dfe4c326b1d68074248d339bf49d54d679c89ee3bf8703838689d56399d7baee7a91d3458e8378300f992b87c2911a80642e8fe9efd83338ca12560777d20afc4b745d62db631f8860e22e0,gx-no-cache=1521467380551 HTTP/1.1" 200 30
186.103.161.206 - - [19/Mar/2018:10:50:34 -0300] "POST /cormun/servlet/solicitudot?gx-no-cache=1521467383557 HTTP/1.1" 200 30
200.86.95.220 - - [19/Mar/2018:10:50:36 -0300] "GET /cormun/servlet/solicitudot?13daf58f09c03a0bb286f0252858ff064f3cd7302be3548857ce29633477fe7d545086d97501115e03af424f63bb55ff60515bec7cf2012c177434a3877807fc2b1c82a69775775644cefbf5cbaaf8b52ff00c242ddbc7975cf648d044b7f18b8a1c4150cd88edd5cb8bc168fecb02ebc19ad294552366f357f7e6bd53a65340e1680b5cb1c9545b03c2d715c5efa64c1b6e2a166fb55f071a66d6abb11b7a4df7b4cc680a11b44bb52c63befa210366f1cbb0013d090b1fbd4cdb2a1f09e50800cb3be30296b2ddd14d2be4cfd958d3,gx-no-cache=1521467385343 HTTP/1.1" 200 29
200.86.95.220 - - [19/Mar/2018:10:50:36 -0300] "POST /cormun/servlet/solicitudot?gx-no-cache=1521467385455 HTTP/1.1" 200 1319
200.86.95.220 - - [19/Mar/2018:10:50:36 -0300] "POST /cormun/servlet/solicitudot?gx-no-cache=1521467385575 HTTP/1.1" 200 1218
186.103.161.206 - - [19/Mar/2018:10:50:38 -0300] "GET /cormun/servlet/prcontratosol?8721006,,,,,MD,,gxPopupLevel%3D0%3B HTTP/1.1" 200 7710
200.86.95.220 - - [19/Mar/2018:10:50:41 -0300] "GET /cormun/static/menuarrow.gif HTTP/1.1" 404 1015
186.103.157.246 - - [19/Mar/2018:10:50:43 -0300] "POST /cormun/servlet/prfichaempleado?4fbf9ca1e5c9869a16a48f52a501ab1a,,MD,,gxPopupLevel%3D0%3B,gx-no-cache=1521467390446 HTTP/1.1" 200 3396
200.86.95.220 - - [19/Mar/2018:10:50:44 -0300] "GET /cormun/servlet/solicitudot?13daf58f09c03a0bb286f0252858ff06e7782c979be54c471ab8fa24f7554b0ab203449612c9dc8805b5bede60eb2325,gx-no-cache=1521467394145 HTTP/1.1" 200 30
186.103.157.246 - - [19/Mar/2018:10:50:45 -0300] "GET /cormun/servlet/solicitudot?6d97379624029b767c6c7b74fddbbede742a5831a9ecbbaf2c52bb25a2e0b4b3,gx-no-cache=1521467394933 HTTP/1.1" 200 20
186.103.157.246 - - [19/Mar/2018:10:50:49 -0300] "POST /cormun/servlet/solicitudot?gx-no-cache=1521467398286 HTTP/1.1" 200 3400
186.103.157.246 - - [19/Mar/2018:10:50:49 -0300] "POST /cormun/servlet/solicitudot?4fbf9ca1e5c9869a16a48f52a501ab1a,INS,0,0,,gx-no-cache=1521467398645 HTTP/1.1" 200 10568
186.103.157.246 - - [19/Mar/2018:10:50:50 -0300] "GET /cormun/servlet/solicitudot?aae794d94319a2137c158a38a1f8dc9ef56af34b7199249323f62d30fdb2fbfcf5718baf76b62fca0fabc1135abb9dca,gx-no-cache=1521467399076 HTTP/1.1" 200 30
186.103.157.246 - - [19/Mar/2018:10:51:01 -0300] "GET /cormun/servlet/solicitudot?aae794d94319a2137c158a38a1f8dc9ee10c3ccd5901ba340050b7e5d894ab55454bfc82d4f6bf981532fef87b1303e422022567de500430d0de9f2ba1495819,gx-no-cache=1521467410041 HTTP/1.1" 200 30
186.103.157.246 - - [19/Mar/2018:10:51:01 -0300] "GET /cormun/servlet/solicitudot?aae794d94319a2137c158a38a1f8dc9e6f813558498489d4afc9d9403ca6eb51,gx-no-cache=1521467410426 HTTP/1.1" 200 53
186.103.157.246 - - [19/Mar/2018:10:51:01 -0300] "POST /cormun/servlet/solicitudot?gx-no-cache=1521467410528 HTTP/1.1" 200 255
186.103.157.246 - - [19/Mar/2018:10:51:01 -0300] "GET /cormun/servlet/solicitudot?aae794d94319a2137c158a38a1f8dc9e59204ca906425bc80fb88fe2aa7f7f0b45c8f10ee3050c56168bb4bf16a94dd462c52b71323199d7bd562d63612796fa69aa41ec30867d667e2246a328d60a32629da57851d36c4a6e8e89c3a60cc02e31ecb6e5a979fe492cae1fd8d4fc3ab8257a1db91fee9128a813d3d3a85809eaccd573c8ec1c697925ab322bbcef404f3bd31376cc0b3be9e1bacab3316e43c9759b31378037ec921e3d4ddf1536d93b8f766db750fa0f819dbe382d7c3f6dc8553f652ae5cc7cc27f9d51051fe94686d08e9a8badf0fcc1f1b6827af97aee0ac06d0fdb844be1e3c95e6e2dc84ce03b8b5e29748b9abaa6b7ea34d82e8356157d1a159df3059ebe7000c9796e3fb23ee01ea944d85a220f9d46567358c0f27e99debe224635f9f1a3bafc3b468fc276886457ee98fc1e82293226cbeaa532c5d4b66b7bdc313495a688255d1140e58927f00ede02f372ba544d49a5c881ed279fa98a2845abeeaf8db8e9d354a0a00b06ed47c036323a51543ad5b6ce42bd48,gx-no-cache=1521467410725 HTTP/1.1" 200 30
200.86.95.220 - - [19/Mar/2018:10:51:03 -0300] "POST /cormun/servlet/solicitudot?gx-no-cache=1521467412596 HTTP/1.1" 200 30
186.103.157.246 - - [19/Mar/2018:10:51:04 -0300] "POST /cormun/servlet/solicitudot?gx-no-cache=1521467413243 HTTP/1.1" 200 30
186.103.157.246 - - [19/Mar/2018:10:51:08 -0300] "POST /cormun/servlet/solicitudot?gx-no-cache=1521467416691 HTTP/1.1" 200 1337
190.151.100.218 - - [19/Mar/2018:10:51:08 -0300] "POST /cormun/servlet/solicitudot?gx-no-cache=1521467417471 HTTP/1.1" 200 1337
186.103.157.246 - - [19/Mar/2018:10:51:08 -0300] "POST /cormun/servlet/solicitudot?gx-no-cache=1521467417251 HTTP/1.1" 200 38
190.151.100.218 - - [19/Mar/2018:10:51:08 -0300] "POST /cormun/servlet/solicitudot?gx-no-cache=1521467417705 HTTP/1.1" 200 38
190.151.100.218 - - [19/Mar/2018:10:51:08 -0300] "GET /cormun/servlet/solicitudot?b6f4ad32e38b8551b41f159c34ab25fc3fa6da2f9c7e885bdecfb692d313b4848de2114b4efefbd644414d61e270777b96d1c9e829376c4d250730597f257f5e11e25115a7f1deb22f9c748a804a08f74e2ccd9d1ba4256f2089cc38ac678e7a37046400121dff481002ed587c1cb6bf5ea7a6e632bf32a0187e467f96b67c5a9d37ac7a8459dbc2055da68bd8dfa191d82a9bd28e84386eb510f1de369e058f,gx-no-cache=1521467418202 HTTP/1.1" 200 29
190.151.100.218 - - [19/Mar/2018:10:51:09 -0300] "POST /cormun/servlet/solicitudot?gx-no-cache=1521467418305 HTTP/1.1" 200 1319
190.151.100.218 - - [19/Mar/2018:10:51:09 -0300] "POST /cormun/servlet/solicitudot?gx-no-cache=1521467418563 HTTP/1.1" 200 1219
190.151.100.218 - - [19/Mar/2018:10:51:09 -0300] "GET /cormun/servlet/solicitudot?b6f4ad32e38b8551b41f159c34ab25fce58bd6b27d5caf05eaf6dfcf578b285482550d4f65df5f8edec62094a44182cc,gx-no-cache=1521467418764 HTTP/1.1" 200 134
190.151.100.218 - - [19/Mar/2018:10:51:09 -0300] "GET /cormun/static/Shared/jqueryui/images/ui-bg_highlight-soft_100_c6c2c8_1x100.png HTTP/1.1" 404 1117
200.72.197.82 - - [19/Mar/2018:10:51:09 -0300] "GET /cormun/static/Shared/jqueryui/images/ui-icons_82798d_256x240.png HTTP/1.1" 404 1089
186.103.161.206 - - [19/Mar/2018:10:51:09 -0300] "GET /cormun/static/Shared/jqueryui/images/ui-icons_ebccce_256x240.png HTTP/1.1" 404 1089
186.67.203.186 - - [19/Mar/2018:10:51:12 -0300] "GET /cormun/static/Shared/jqueryui/images/ui-bg_flat_55_994d53_40x100.png HTTP/1.1" 404 1097
186.67.203.186 - - [19/Mar/2018:10:51:15 -0300] "GET /cormun/static/menuarrow.gif HTTP/1.1" 404 1015
186.103.157.246 - - [19/Mar/2018:10:51:19 -0300] "GET /cormun/servlet/solicitudot?aae794d94319a2137c158a38a1f8dc9e1b031b42af7c5d979a60100d3775fb9285d0c6e6f3d02bc1cbfcc54b79d617136301e767b4dfcd9387d4c6a575407371c7a43ea23702f7d56160ab5baac6e49442d1c628dc6044f76f442da7266a7e9b62ec7c0b46f0ec1140dbb98067516969c441021b448ed1eb0b342c1fb98c1833a42a297851a00c594dc4def8275956bb118e41929652d63e33e76b8dce5ef373,gx-no-cache=1521467428308 HTTP/1.1" 200 29
186.103.157.246 - - [19/Mar/2018:10:51:20 -0300] "POST /cormun/servlet/solicitudot?gx-no-cache=1521467428817 HTTP/1.1" 200 1319
186.103.157.246 - - [19/Mar/2018:10:51:20 -0300] "POST /cormun/servlet/solicitudot?gx-no-cache=1521467429539 HTTP/1.1" 200 1219
186.103.157.246 - - [19/Mar/2018:10:51:20 -0300] "GET /cormun/static/menuarrow.gif HTTP/1.1" 404 1015
186.103.157.246 - - [19/Mar/2018:10:51:23 -0300] "POST /cormun/servlet/solicitudot?gx-no-cache=1521467432417 HTTP/1.1" 200 1319
186.103.157.246 - - [19/Mar/2018:10:51:24 -0300] "POST /cormun/servlet/solicitudot?gx-no-cache=1521467433037 HTTP/1.1" 200 1219
186.103.157.246 - - [19/Mar/2018:10:51:26 -0300] "GET /cormun/servlet/solicitudot?aae794d94319a2137c158a38a1f8dc9e9c68ca3b27d1edf60b9599e0c3fc6910089b5706f737015067a02fd571e14f03,gx-no-cache=1521467435129 HTTP/1.1" 200 30
186.103.157.42 - - [19/Mar/2018:10:51:28 -0300] "POST /cormun/servlet/trsolicitudot?8d36694257c9f82320b35e668fdf3027,gx-no-cache=1521467435802 HTTP/1.1" 200 5875
186.103.157.42 - - [19/Mar/2018:10:51:28 -0300] "GET /cormun/static/Shared/jqueryui/images/ui-bg_highlight-soft_100_c6c2c8_1x100.png HTTP/1.1" 404 1117
186.103.157.42 - - [19/Mar/2018:10:51:28 -0300] "GET /cormun/static/Shared/jqueryui/images/ui-icons_82798d_256x240.png HTTP/1.1" 404 1089
186.103.157.42 - - [19/Mar/2018:10:51:28 -0300] "GET /cormun/static/Shared/jqueryui/images/ui-icons_8d78a5_256x240.png HTTP/1.1" 404 1089
186.67.203.186 - - [19/Mar/2018:10:51:30 -0300] "GET /cormun/servlet/solicitudot?b6f4ad32e38b8551b41f159c34ab25fcc79a2bfb1cbecf1f09aa2395fde59ef58a08a3caf77ee54fc2a112ead877a407,gx-no-cache=1521467439384 HTTP/1.1" 200 134
186.103.157.42 - - [19/Mar/2018:10:51:30 -0300] "GET /cormun/static/Shared/jqueryui/images/ui-bg_flat_55_fafafa_40x100.png HTTP/1.1" 404 1097
186.103.157.42 - - [19/Mar/2018:10:51:31 -0300] "POST /cormun/servlet/trsolicitudot?8d36694257c9f82320b35e668fdf3027,gx-no-cache=1521467437601 HTTP/1.1" 200 5817
186.103.157.246 - - [19/Mar/2018:10:51:35 -0300] "POST /cormun/servlet/solicitudot?gx-no-cache=1521467444367 HTTP/1.1" 200 30
186.103.157.42 - - [19/Mar/2018:10:51:38 -0300] "POST /cormun/servlet/trsolicitudot?8d36694257c9f82320b35e668fdf3027,gx-no-cache=1521467446798 HTTP/1.1" 200 4667
186.103.157.42 - - [19/Mar/2018:10:51:38 -0300] "POST /cormun/servlet/trsolicitudot?8d36694257c9f82320b35e668fdf3027,gx-no-cache=1521467447053 HTTP/1.1" 200 4450
200.86.95.220 - - [19/Mar/2018:10:51:38 -0300] "POST /cormun/servlet/solicitudot?c04d45f38763f3d8ead0f011ff3ce999,INS,0,0,,gx-no-cache=1521467447562 HTTP/1.1" 200 93
200.86.95.220 - - [19/Mar/2018:10:51:38 -0300] "GET /cormun/servlet/hpexe_return? HTTP/1.1" 200 1003
200.86.95.220 - - [19/Mar/2018:10:51:39 -0300] "GET /cormun/servlet/trsolicitudot HTTP/1.1" 200 10092
186.103.157.42 - - [19/Mar/2018:10:51:40 -0300] "GET /cormun/servlet/trautorizarsolicitud? HTTP/1.1" 200 9643
186.103.157.42 - - [19/Mar/2018:10:51:40 -0300] "GET /cormun/static/gxcfg.js?2017111423403364 HTTP/1.1" 200 953
200.86.95.220 - - [19/Mar/2018:10:51:41 -0300] "GET /cormun/servlet/trsolicitudot HTTP/1.1" 200 10087
186.103.157.42 - - [19/Mar/2018:10:51:45 -0300] "GET /cormun/static/trautorizarsolicitud.js?201711142340425 HTTP/1.1" 200 53910
186.103.157.42 - - [19/Mar/2018:10:51:45 -0300] "GET /cormun/servlet/trautorizarsolicitud? HTTP/1.1" 200 9643
186.103.157.42 - - [19/Mar/2018:10:51:50 -0300] "POST /cormun/servlet/trautorizarsolicitud?8d36694257c9f82320b35e668fdf3027,,gx-no-cache=1521467458916 HTTP/1.1" 200 6290
186.103.157.42 - - [19/Mar/2018:10:51:50 -0300] "POST /cormun/servlet/trautorizarsolicitud?8d36694257c9f82320b35e668fdf3027,,gx-no-cache=1521467459304 HTTP/1.1" 200 6231
186.103.157.42 - - [19/Mar/2018:10:51:53 -0300] "POST /cormun/servlet/trautorizarsolicitud?8d36694257c9f82320b35e668fdf3027,,gx-no-cache=1521467461937 HTTP/1.1" 200 5792
186.103.157.42 - - [19/Mar/2018:10:51:53 -0300] "POST /cormun/servlet/trautorizarsolicitud?8d36694257c9f82320b35e668fdf3027,,gx-no-cache=1521467462323 HTTP/1.1" 200 5738
200.86.95.220 - - [19/Mar/2018:10:51:58 -0300] "POST /cormun/servlet/trsolicitudot?c04d45f38763f3d8ead0f011ff3ce999,gx-no-cache=1521467468165 HTTP/1.1" 200 106
200.86.95.220 - - [19/Mar/2018:10:51:59 -0300] "GET /cormun/servlet/solicitudot?UPD,2018,10605, HTTP/1.1" 200 15176
200.86.95.220 - - [19/Mar/2018:10:52:01 -0300] "GET /cormun/servlet/solicitudot?UPD,2018,10605, HTTP/1.1" 200 15184
200.86.95.220 - - [19/Mar/2018:10:52:01 -0300] "POST /cormun/servlet/solicitudot?gx-no-cache=1521467470879 HTTP/1.1" 200 3387
200.86.95.220 - - [19/Mar/2018:10:52:02 -0300] "POST /cormun/servlet/solicitudot?c04d45f38763f3d8ead0f011ff3ce999,UPD,2018,10605,,gx-no-cache=1521467471331 HTTP/1.1" 200 11526
200.86.95.220 - - [19/Mar/2018:10:52:02 -0300] "GET /cormun/servlet/solicitudot?13daf58f09c03a0bb286f0252858ff064bc31e515a57d0512930f175005ef87e800156a1f2dadda0c7825112cb5c2023,gx-no-cache=1521467471698 HTTP/1.1" 200 30
200.86.95.220 - - [19/Mar/2018:10:52:02 -0300] "GET /cormun/servlet/solicitudot?13daf58f09c03a0bb286f0252858ff0660d84e3804e38a92757011f197e9cd01f212b63e8d3c62d03290982a48297231da118b1619141d1daacb33ee29dd764a,gx-no-cache=1521467471805 HTTP/1.1" 200 30
200.86.95.220 - - [19/Mar/2018:10:52:02 -0300] "GET /cormun/servlet/solicitudot?13daf58f09c03a0bb286f0252858ff06e84cd8ad057f0dfd6e6502624b0e384516e40e7f6d9f70275a28b6d6b2bbd2f9396f2d187c5a3dd32930852686980b6e20bbbc81b97c77ee5de56da10221d45c,gx-no-cache=1521467471885 HTTP/1.1" 200 59
200.86.95.220 - - [19/Mar/2018:10:52:02 -0300] "POST /cormun/servlet/solicitudot?gx-no-cache=1521467472261 HTTP/1.1" 200 255
200.86.95.220 - - [19/Mar/2018:10:52:03 -0300] "GET /cormun/servlet/solicitudot?13daf58f09c03a0bb286f0252858ff061d31105f875d91975cee71fcd9d9eafb363be45c9ca980fbfa4ce0ee329dab9da3dbd0a56369d153943aa3c600ed9319399e2f5602a7dcd9fb0a862cc1bfcc9ec102f920bca53df95102f6efe1f8c98307829cf02df0fa6713c0b07007ae446b75868506e130405ae81da9f58c899982b85c5ac7d58117dca376caa2faf94bb9189026dfc39378fd7cb8dffbf655bd509f23f1c25663271293d5e7e983521f66f124d4ff60860780d7bd9e277c8af2c07af8edeabc6ed1f0c9ea862c7f93e601c0727b3ce657caf27d3c15ac8e45ca8ca82ab4e2be21474a08130ebb91a7ec1270929d2cb0b4b0336b6158f15c52bd0924889b80b4b6a92fecc7666bc7dd42951047bdd132bb87b111db3b1bc2381fa4c0bffdacd0a469fcf2ce20c115ec235d9262abbc44ddf75f79871bcaacafc3184c12a55fe71091c3d928a1497e8be8d637089311a65720f4e32ca3a77227b26e9de60a974984780658addcc0ddab31f011f6e879f6a450487e07607c217c65b4,gx-no-cache=1521467472355 HTTP/1.1" 200 30
200.86.95.220 - - [19/Mar/2018:10:52:03 -0300] "POST /cormun/servlet/solicitudot?gx-no-cache=1521467472441 HTTP/1.1" 200 30
200.86.95.220 - - [19/Mar/2018:10:52:03 -0300] "POST /cormun/servlet/solicitudot?gx-no-cache=1521467472552 HTTP/1.1" 200 1337
200.86.95.220 - - [19/Mar/2018:10:52:03 -0300] "POST /cormun/servlet/solicitudot?gx-no-cache=1521467472679 HTTP/1.1" 200 41
186.103.157.246 - - [19/Mar/2018:10:52:04 -0300] "POST /cormun/servlet/solicitudot?4fbf9ca1e5c9869a16a48f52a501ab1a,INS,0,0,,gx-no-cache=1521467473426 HTTP/1.1" 200 93
186.103.157.246 - - [19/Mar/2018:10:52:04 -0300] "GET /cormun/servlet/hpexe_return? HTTP/1.1" 200 996
186.103.157.246 - - [19/Mar/2018:10:52:04 -0300] "GET /cormun/static/Resources/Spanish/PXTools.css?167811 HTTP/1.1" 304 -
186.103.157.246 - - [19/Mar/2018:10:52:05 -0300] "GET /cormun/static/gxcfg.js?2016101716175148 HTTP/1.1" 304 -
186.103.157.246 - - [19/Mar/2018:10:52:05 -0300] "GET /cormun/static/hpexe_return.js?2016101716175153 HTTP/1.1" 304 -
200.86.95.220 - - [19/Mar/2018:10:52:05 -0300] "GET /cormun/servlet/solicitudot?13daf58f09c03a0bb286f0252858ff067c172587c3e59fc57c4aff2c7ddaa09393a0da08b1f4163af436e0f4c57feb80c74ab64d0fd57af39592841f1be43cb6b307cc482ead2b3dd7af0f6797553a8d25212f1dc148b91ee14bc0c2332de47b0d96ef468a40d50af39cdf8dc51d95716f24e68a413ea340623e428e624cc823aa528fcee9d67a46afa0d514a4b2852a28be682976146528b983c9550d1109825bf82cceb80655890ee3f3c3d6f94762897354776e3073962118aaaafba20b421d8cb14664d696a8bf841f9322071328,gx-no-cache=1521467475216 HTTP/1.1" 200 29
200.86.95.220 - - [19/Mar/2018:10:52:05 -0300] "POST /cormun/servlet/solicitudot?gx-no-cache=1521467475276 HTTP/1.1" 200 1319
200.86.95.220 - - [19/Mar/2018:10:52:06 -0300] "POST /cormun/servlet/solicitudot?gx-no-cache=1521467475358 HTTP/1.1" 200 1218
186.103.157.246 - - [19/Mar/2018:10:52:06 -0300] "GET /cormun/servlet/trsolicitudot HTTP/1.1" 200 25826
186.103.161.206 - - [19/Mar/2018:10:52:08 -0300] "GET /cormun/servlet/solicitudot?b6f4ad32e38b8551b41f159c34ab25fc41dc763af3748700494240ebd0ca6ffc8a08a3caf77ee54fc2a112ead877a407,gx-no-cache=1521467477951 HTTP/1.1" 200 30
200.86.95.220 - - [19/Mar/2018:10:52:09 -0300] "GET /cormun/servlet/solicitudot?13daf58f09c03a0bb286f0252858ff06e7782c979be54c471ab8fa24f7554b0ab203449612c9dc8805b5bede60eb2325,gx-no-cache=1521467478818 HTTP/1.1" 200 30
200.86.95.220 - - [19/Mar/2018:10:52:09 -0300] "POST /cormun/servlet/solicitudot?gx-no-cache=1521467478875 HTTP/1.1" 200 30
200.86.95.220 - - [19/Mar/2018:10:52:09 -0300] "POST /cormun/servlet/solicitudot?c04d45f38763f3d8ead0f011ff3ce999,UPD,2018,10605,,gx-no-cache=1521467478952 HTTP/1.1" 200 93
200.86.95.220 - - [19/Mar/2018:10:52:09 -0300] "GET /cormun/servlet/hpexe_return? HTTP/1.1" 200 1009
200.86.95.220 - - [19/Mar/2018:10:52:10 -0300] "GET /cormun/servlet/trsolicitudot HTTP/1.1" 200 10092
200.86.95.220 - - [19/Mar/2018:10:52:12 -0300] "GET /cormun/servlet/trsolicitudot HTTP/1.1" 200 10087
186.103.159.182 - - [19/Mar/2018:10:52:23 -0300] "POST /cormun/servlet/trsolicitudot?ecd278aaa7de697feabb8e2c76721273,gx-no-cache=1521467491534 HTTP/1.1" 200 4467
186.103.157.246 - - [19/Mar/2018:10:52:25 -0300] "POST /cormun/servlet/trsolicitudot?4fbf9ca1e5c9869a16a48f52a501ab1a,gx-no-cache=1521467492888 HTTP/1.1" 200 23291
186.103.157.246 - - [19/Mar/2018:10:52:26 -0300] "GET /cormun/static/Shared/jqueryui/images/ui-bg_highlight-soft_100_c6c2c8_1x100.png HTTP/1.1" 404 1117
186.103.157.246 - - [19/Mar/2018:10:52:26 -0300] "GET /cormun/static/Shared/jqueryui/images/ui-icons_8d78a5_256x240.png HTTP/1.1" 404 1089
186.103.157.246 - - [19/Mar/2018:10:52:26 -0300] "GET /cormun/static/Shared/jqueryui/images/ui-bg_flat_55_fafafa_40x100.png HTTP/1.1" 404 1097
186.103.157.246 - - [19/Mar/2018:10:52:27 -0300] "GET /cormun/static/Shared/jqueryui/images/ui-icons_82798d_256x240.png HTTP/1.1" 404 1089
186.103.157.246 - - [19/Mar/2018:10:52:28 -0300] "POST /cormun/servlet/trsolicitudot?4fbf9ca1e5c9869a16a48f52a501ab1a,gx-no-cache=1521467496449 HTTP/1.1" 200 23228
200.86.95.220 - - [19/Mar/2018:10:52:33 -0300] "POST /cormun/servlet/trsolicitudot?c04d45f38763f3d8ead0f011ff3ce999,gx-no-cache=1521467502636 HTTP/1.1" 200 6909
