186.103.159.182 - - [19/Mar/2018:09:54:13 -0300] "GET /cormun/servlet/solicitudotcontratos?a3f9c758ff8e84b13ea1886379f699b010bbeb46f08fac7c0b27fddeae25adbc9e2fa49c33ee299cf0e157957f26b99821e45f8af48f42b6765c639415951ffc590322babb2255eceea7aef9a16fba936247c8ceaf80b6f47c2c550b727247761438baa48fc58cf55c6c3ad1c276ae2dfc9c7dcc726cbfd11b4fc4ea063300ed2cee252163083aecdc15321ba031828f3a985fc00a7f77c165b03be861160bfc21e45f8af48f42b6765c639415951ffc1ad15369b3ddbb3d8134b7acd63e662b34969f06293f8152bcfdc45a0b0f6218dcbf6ba6fa356afdf6e41432d3bf9d6a2633bbe4c1f6c01412b9200d35608e01020e24d3c60a4707a981f73894134bff8ce1d5e1a9c9b91e5f820c95d0abbf121f3ec4304ab17869a5dc9d0f686b7a03a52eaa130bd3bbc3b0dd39875ebd6d1f5def6de4098f64f3feb7de7b8378e1442c302bfb93e2e1b90367e3315713f1df0c232b415d904b0c32edcc3d28c6f5033e79a9e464551a7a70d8f4ad652f8439af18731acafed65c88cb3276d8256f5717528b7a56884d6863d8996f131b3114d8cc7dbc6aebd453aed2f742061dcf431f3d627372acbff83d2cc1133b0c5751,gx-no-cache=1521464002002 HTTP/1.1" 200 79
186.103.132.155 - - [19/Mar/2018:09:54:13 -0300] "GET /cormun/static/Resources/PXToolsGridNew.png HTTP/1.1" 200 2949
186.103.132.155 - - [19/Mar/2018:09:54:13 -0300] "GET /cormun/static/Resources/asc.gif HTTP/1.1" 200 67
186.103.161.206 - - [19/Mar/2018:09:54:13 -0300] "GET /cormun/static/Resources/desc.gif HTTP/1.1" 200 65
200.72.197.82 - - [19/Mar/2018:09:54:13 -0300] "GET /cormun/static/Resources/PXToolsActionExcel.png HTTP/1.1" 200 3187
186.67.203.186 - - [19/Mar/2018:09:54:13 -0300] "GET /cormun/servlet/trsolicitudot? HTTP/1.1" 200 7412
186.103.161.206 - - [19/Mar/2018:09:54:13 -0300] "GET /cormun/static/Shared/ext/resources/themes/images/default/tools/tool-sprites.gif HTTP/1.1" 200 5434
200.72.197.82 - - [19/Mar/2018:09:54:13 -0300] "GET /cormun/static/Shared/ext/resources/themes/images/default/panel/bg-headersPanel.png HTTP/1.1" 200 255
186.103.132.155 - - [19/Mar/2018:09:54:14 -0300] "GET /cormun/static/Resources/PXToolsGridPage.gif HTTP/1.1" 200 725
186.103.132.155 - - [19/Mar/2018:09:54:17 -0300] "GET /cormun/servlet/solicitudot?INS,0,0, HTTP/1.1" 200 13639
186.103.161.206 - - [19/Mar/2018:09:54:17 -0300] "GET /cormun/static/gxcfg.js?201812313224582 HTTP/1.1" 200 953
200.72.197.82 - - [19/Mar/2018:09:54:17 -0300] "GET /cormun/static/Resources/prompt.gif HTTP/1.1" 200 902
186.67.172.234 - - [19/Mar/2018:09:54:17 -0300] "GET /cormun/servlet/hlogin HTTP/1.1" 200 1715
186.67.164.142 - - [19/Mar/2018:09:54:18 -0300] "POST /cormun/servlet/trsolicitudot?0000e8aca9cfd5d72b389e2d33392488,gx-no-cache=1521464006891 HTTP/1.1" 200 4487
186.67.164.142 - - [19/Mar/2018:09:54:18 -0300] "GET /cormun/static/Shared/jqueryui/images/ui-bg_highlight-soft_100_c6c2c8_1x100.png HTTP/1.1" 404 1117
200.72.197.82 - - [19/Mar/2018:09:54:18 -0300] "GET /cormun/static/solicitudot.js?201812313224831 HTTP/1.1" 200 72336
186.67.164.142 - - [19/Mar/2018:09:54:18 -0300] "GET /cormun/static/Shared/jqueryui/images/ui-icons_82798d_256x240.png HTTP/1.1" 404 1089
186.67.164.142 - - [19/Mar/2018:09:54:18 -0300] "GET /cormun/static/Shared/jqueryui/images/ui-bg_flat_55_fafafa_40x100.png HTTP/1.1" 404 1097
186.67.164.142 - - [19/Mar/2018:09:54:18 -0300] "GET /cormun/static/Shared/jqueryui/images/ui-icons_8d78a5_256x240.png HTTP/1.1" 404 1089
186.67.164.142 - - [19/Mar/2018:09:54:18 -0300] "POST /cormun/servlet/trsolicitudot?0000e8aca9cfd5d72b389e2d33392488,gx-no-cache=1521464007260 HTTP/1.1" 200 4269
200.72.197.82 - - [19/Mar/2018:09:54:18 -0300] "GET /cormun/servlet/solicitudot?INS,0,0, HTTP/1.1" 200 13644
186.103.159.182 - - [19/Mar/2018:09:54:19 -0300] "POST /cormun/servlet/solicitudotcontratos?ecd278aaa7de697feabb8e2c76721273,INS,2018,0,9651124,8,6,2018,2887,LEY+SEP,,2,B,,gx-no-cache=1521464007604 HTTP/1.1" 200 10779
186.103.159.182 - - [19/Mar/2018:09:54:20 -0300] "POST /cormun/servlet/solicitudotcontratos?gx-no-cache=1521464008868 HTTP/1.1" 200 1323
186.103.159.182 - - [19/Mar/2018:09:54:20 -0300] "POST /cormun/servlet/solicitudotcontratos?gx-no-cache=1521464009444 HTTP/1.1" 200 1219
186.103.159.182 - - [19/Mar/2018:09:54:20 -0300] "GET /cormun/servlet/solicitudotcontratos?a3f9c758ff8e84b13ea1886379f699b0796ac518871b755a6ee92879db477f663a57def6b0d184178b534b18a24aa814b42446aa0f4e388d2b9122b2b31dae855a07ab1fa42d2c2251fcc282e68935965c26044c5bfd6bb29d29f3f65b5bd440a95154828308cd5c03324dd13c5b1f76a9db06b9a83c0876a852517f63da27e5,gx-no-cache=1521464009748 HTTP/1.1" 200 30
186.103.159.182 - - [19/Mar/2018:09:54:21 -0300] "POST /cormun/servlet/solicitudotcontratos?ecd278aaa7de697feabb8e2c76721273,INS,2018,0,9651124,8,6,2018,2887,LEY+SEP,,2,B,,gx-no-cache=1521464009856 HTTP/1.1" 200 93
186.103.159.182 - - [19/Mar/2018:09:54:21 -0300] "GET /cormun/servlet/hpexe_return? HTTP/1.1" 200 1042
186.103.159.182 - - [19/Mar/2018:09:54:21 -0300] "GET /cormun/servlet/trcontratosolicitud HTTP/1.1" 200 14574
186.103.161.206 - - [19/Mar/2018:09:54:22 -0300] "POST /cormun/servlet/solicitudot?gx-no-cache=1521464010902 HTTP/1.1" 200 3341
186.103.161.206 - - [19/Mar/2018:09:54:22 -0300] "GET /cormun/static/Shared/jqueryui/images/ui-bg_highlight-soft_100_c6c2c8_1x100.png HTTP/1.1" 404 1117
186.103.132.155 - - [19/Mar/2018:09:54:22 -0300] "GET /cormun/static/Shared/jqueryui/images/ui-icons_82798d_256x240.png HTTP/1.1" 404 1089
186.67.203.186 - - [19/Mar/2018:09:54:22 -0300] "GET /cormun/static/Shared/jqueryui/images/ui-bg_flat_55_994d53_40x100.png HTTP/1.1" 404 1097
186.103.132.155 - - [19/Mar/2018:09:54:22 -0300] "GET /cormun/static/Shared/jqueryui/images/ui-icons_ebccce_256x240.png HTTP/1.1" 404 1089
186.103.161.206 - - [19/Mar/2018:09:54:22 -0300] "GET /cormun/servlet/solicitudot?bb09ba9d3b6bcaba91c1045b338fca58dd63668d47afd5acb556402654861b4a,gx-no-cache=1521464011491 HTTP/1.1" 200 111
186.103.159.182 - - [19/Mar/2018:09:54:24 -0300] "GET /cormun/servlet/trcontratosolicitud HTTP/1.1" 200 14570
186.67.172.234 - - [19/Mar/2018:09:54:27 -0300] "POST /cormun/servlet/hlogin?ea441d98f864f5fe8ab0f60df563bead,gx-no-cache=1521464013453 HTTP/1.1" 200 90
186.67.172.234 - - [19/Mar/2018:09:54:27 -0300] "GET /cormun/servlet/hpexe_link HTTP/1.1" 200 961
186.67.172.234 - - [19/Mar/2018:09:54:27 -0300] "GET /cormun/servlet/solicitudot?INS,0,0, HTTP/1.1" 200 13663
186.67.172.234 - - [19/Mar/2018:09:54:28 -0300] "GET /cormun/servlet/solicitudot?INS,0,0, HTTP/1.1" 200 13667
186.103.157.42 - - [19/Mar/2018:09:54:33 -0300] "GET /cormun/servlet/trlicencias? HTTP/1.1" 200 6104
186.67.172.234 - - [19/Mar/2018:09:54:44 -0300] "POST /cormun/servlet/solicitudot?gx-no-cache=1521464030607 HTTP/1.1" 200 3403
186.67.172.234 - - [19/Mar/2018:09:54:45 -0300] "POST /cormun/servlet/solicitudot?ea441d98f864f5fe8ab0f60df563bead,INS,0,0,,gx-no-cache=1521464030880 HTTP/1.1" 200 10577
186.67.172.234 - - [19/Mar/2018:09:54:57 -0300] "GET /cormun/servlet/solicitudot?ccd09873375b39e5c160220acf4a9b7e44f5b8d270ed99a9a6bffcb805ec3fee9427e4bd5ff85226a34e7b2f44dc13c9,gx-no-cache=1521464043579 HTTP/1.1" 200 30
186.67.172.234 - - [19/Mar/2018:09:54:57 -0300] "GET /cormun/servlet/solicitudot?ccd09873375b39e5c160220acf4a9b7e4a1fbe016a855b898381c9d2a6c82f104c9f6ee4b2a1677ab813c72b8e5522e04023864ad4e0464b5a7217f6cb6ed6ec,gx-no-cache=1521464043969 HTTP/1.1" 200 30
186.67.172.234 - - [19/Mar/2018:09:54:57 -0300] "GET /cormun/servlet/solicitudot?ccd09873375b39e5c160220acf4a9b7e39ac8ca985bf642f395fe4fc3036030b,gx-no-cache=1521464044058 HTTP/1.1" 200 70
186.67.172.234 - - [19/Mar/2018:09:54:57 -0300] "POST /cormun/servlet/solicitudot?gx-no-cache=1521464044160 HTTP/1.1" 200 255
186.67.172.234 - - [19/Mar/2018:09:54:58 -0300] "GET /cormun/servlet/solicitudot?ccd09873375b39e5c160220acf4a9b7ed00fc5076a9fbc64b8e153e5e0ea8ede909ecf3c9941a59cc380a99cef448533c11a9184bf147a4deb342ec4f5b4cca0da234eb48bba2a0b8e36c1ce96460b096786898f5451bab8cdf809898f5c513487c8efb785f805f9247c94647066853703c86fe6eeb779422615830c18575c704f197ae4c1892e5d69bac396fea71e675576f3546c3630e8a629da754dbf9c47eef67b5a0ac2ab1d2947ec83cf3d9871c8d9689b1a8c7b7bc03e87a8d8baef1b1ac72fc717890c6198d76276cfc31542f89d4797c460bcccd5964ba1be5e7315b51ce99c7cddd64ed12cd3e8c0909d34033c7b7b40bb52444b0c17000008c2d4eaeb72e1a18f71933f383c1c55168785097879572286077926d62bb547557eeeba594a6e8ecb3a339c6c3b8847ad26efe689e85e8e037fa20b982fccda60dd075a4d4f3b8e3d667a69047d7d00643291c864951e26fd63c2791a1e59d7e611bff420cc58682fc22a5ce0c6f9dd91a5b03c51556a41cf9a161b6fd0d234163e09,gx-no-cache=1521464044285 HTTP/1.1" 200 30
186.67.172.234 - - [19/Mar/2018:09:55:09 -0300] "POST /cormun/servlet/solicitudot?gx-no-cache=1521464055771 HTTP/1.1" 200 30
186.67.172.234 - - [19/Mar/2018:09:55:11 -0300] "GET /cormun/servlet/prcontratosol?6152035,,,,,MD,,gxPopupLevel%3D0%3B HTTP/1.1" 200 8899
186.67.172.234 - - [19/Mar/2018:09:55:11 -0300] "GET /cormun/static/gxcfg.js?201761413223964 HTTP/1.1" 304 -
186.103.159.182 - - [19/Mar/2018:09:55:14 -0300] "POST /cormun/servlet/trcontratosolicitud?ecd278aaa7de697feabb8e2c76721273,gx-no-cache=1521464062138 HTTP/1.1" 200 12208
186.67.172.234 - - [19/Mar/2018:09:55:15 -0300] "POST /cormun/servlet/solicitudot?gx-no-cache=1521464061307 HTTP/1.1" 200 1337
186.67.172.234 - - [19/Mar/2018:09:55:15 -0300] "POST /cormun/servlet/solicitudot?gx-no-cache=1521464061450 HTTP/1.1" 200 38
186.67.172.234 - - [19/Mar/2018:09:55:15 -0300] "GET /cormun/servlet/solicitudot?ccd09873375b39e5c160220acf4a9b7e865adabdafb6b4ceac60012ea477285577796e23392cbf9f09ab630b222e048f1bb735de2150b633e084e94b1717c96dbe4f03f7c8fa1d87c62dab27a6ff6c1268de9bb5811876bbb5cecf8c83c122b7c002a365dbb9803657bff672957cdaba619ba1c83ea91fa57c4ffc80348b6622f620b9a6d26901d8dbc4a06a34e9eda62fc976ae1e27a053a71af9230a9e6ca2165e54d5c11f04592e4a2fdc88607f384d682c3f53b2f484f59bb91122d99d015055d264c9d0fbb957548ecf47e3ee4a,gx-no-cache=1521464061540 HTTP/1.1" 200 29
186.67.172.234 - - [19/Mar/2018:09:55:15 -0300] "POST /cormun/servlet/solicitudot?gx-no-cache=1521464061654 HTTP/1.1" 200 1319
186.67.172.234 - - [19/Mar/2018:09:55:15 -0300] "POST /cormun/servlet/solicitudot?gx-no-cache=1521464061759 HTTP/1.1" 200 1218
186.67.172.234 - - [19/Mar/2018:09:55:15 -0300] "GET /cormun/servlet/solicitudot?ccd09873375b39e5c160220acf4a9b7e3b851fc5e91751cf7ab90bbaaf88c17a160823e32c84a38d1f931c2f843a7190,gx-no-cache=1521464061851 HTTP/1.1" 200 30
186.67.172.234 - - [19/Mar/2018:09:55:26 -0300] "GET /cormun/servlet/solicitudot?ccd09873375b39e5c160220acf4a9b7e865adabdafb6b4ceac60012ea477285577796e23392cbf9f09ab630b222e048fb2612c902695bb617457420626811746be4f03f7c8fa1d87c62dab27a6ff6c1268de9bb5811876bbb5cecf8c83c122b7c002a365dbb9803657bff672957cdaba619ba1c83ea91fa57c4ffc80348b6622f620b9a6d26901d8dbc4a06a34e9eda62fc976ae1e27a053a71af9230a9e6ca2165e54d5c11f04592e4a2fdc88607f384d682c3f53b2f484f59bb91122d99d015055d264c9d0fbb957548ecf47e3ee4a,gx-no-cache=1521464072486 HTTP/1.1" 200 29
186.67.172.234 - - [19/Mar/2018:09:55:28 -0300] "POST /cormun/servlet/solicitudot?gx-no-cache=1521464074770 HTTP/1.1" 200 1319
186.67.172.234 - - [19/Mar/2018:09:55:28 -0300] "POST /cormun/servlet/solicitudot?gx-no-cache=1521464074926 HTTP/1.1" 200 1218
186.67.172.234 - - [19/Mar/2018:09:55:34 -0300] "GET /cormun/servlet/solicitudot?ccd09873375b39e5c160220acf4a9b7e86fcbc3d10a18caab6639b316cc663a0329eb1258a1a3054b92db79d8baa258c,gx-no-cache=1521464080572 HTTP/1.1" 200 30
186.67.172.234 - - [19/Mar/2018:09:55:34 -0300] "POST /cormun/servlet/solicitudot?gx-no-cache=1521464080655 HTTP/1.1" 200 33
190.151.100.218 - - [19/Mar/2018:09:55:53 -0300] "POST /cormun/servlet/solicitudot?e344c0d93ab73067bf0261b6fe99887a,INS,0,0,,gx-no-cache=1521464090612 HTTP/1.1" 200 11978
190.151.100.218 - - [19/Mar/2018:09:55:58 -0300] "POST /cormun/servlet/solicitudot?e344c0d93ab73067bf0261b6fe99887a,INS,0,0,,gx-no-cache=1521464107394 HTTP/1.1" 200 11825
186.67.164.142 - - [19/Mar/2018:09:56:03 -0300] "GET /cormun/servlet/trautorizarsolicitud? HTTP/1.1" 200 6289
186.67.164.142 - - [19/Mar/2018:09:56:03 -0300] "GET /cormun/static/gxcfg.js?2017111423403364 HTTP/1.1" 304 -
186.67.164.142 - - [19/Mar/2018:09:56:04 -0300] "GET /cormun/servlet/trautorizarsolicitud? HTTP/1.1" 200 6289
186.67.164.142 - - [19/Mar/2018:09:56:05 -0300] "GET /cormun/servlet/hlogin HTTP/1.1" 200 1741
186.67.164.142 - - [19/Mar/2018:09:56:05 -0300] "GET /cormun/static/gxcfg.js?20175251213516 HTTP/1.1" 304 -
190.151.100.218 - - [19/Mar/2018:09:56:06 -0300] "POST /cormun/servlet/solicitudot?gx-no-cache=1521464115110 HTTP/1.1" 200 3375
200.111.191.210 - - [19/Mar/2018:09:56:06 -0300] "GET /cormun/servlet/trsolicitudot? HTTP/1.1" 200 7164
200.111.191.210 - - [19/Mar/2018:09:56:06 -0300] "GET /cormun/static/gxcfg.js?2017111422585916 HTTP/1.1" 200 953
200.111.191.210 - - [19/Mar/2018:09:56:06 -0300] "GET /cormun/static/Resources/Spanish/PXTools.css?1255365 HTTP/1.1" 200 89042
200.111.191.210 - - [19/Mar/2018:09:56:06 -0300] "GET /cormun/static/trsolicitudot.js?201711142259839 HTTP/1.1" 200 54041
190.151.100.218 - - [19/Mar/2018:09:56:06 -0300] "POST /cormun/servlet/solicitudot?e344c0d93ab73067bf0261b6fe99887a,INS,0,0,,gx-no-cache=1521464115451 HTTP/1.1" 200 11840
200.111.191.210 - - [19/Mar/2018:09:56:06 -0300] "GET /cormun/servlet/trsolicitudot? HTTP/1.1" 200 7164
190.151.100.218 - - [19/Mar/2018:09:56:07 -0300] "GET /cormun/servlet/solicitudot?4cee0f84d0fe1d35e485350f24e3ce3f62992d8dda3597e7fdacf84c02730e3163d6efdb64656525e8717558f3e552e9,gx-no-cache=1521464115994 HTTP/1.1" 200 30
190.151.100.218 - - [19/Mar/2018:09:56:07 -0300] "GET /cormun/servlet/solicitudot?4cee0f84d0fe1d35e485350f24e3ce3fc585c59b7995b9c343222df42126bb51c7640a6b512dbd5d698612e5962f761b63d6efdb64656525e8717558f3e552e9,gx-no-cache=1521464116155 HTTP/1.1" 200 30
190.151.100.218 - - [19/Mar/2018:09:56:07 -0300] "GET /cormun/servlet/solicitudot?4cee0f84d0fe1d35e485350f24e3ce3fd4e6b88c8dab6d642c507b97230b7126,gx-no-cache=1521464116276 HTTP/1.1" 200 123
190.151.100.218 - - [19/Mar/2018:09:56:07 -0300] "POST /cormun/servlet/solicitudot?gx-no-cache=1521464116432 HTTP/1.1" 200 238
190.151.100.218 - - [19/Mar/2018:09:56:07 -0300] "GET /cormun/servlet/solicitudot?4cee0f84d0fe1d35e485350f24e3ce3f71ade507628bfdea96df3bf39a184d8688360d9fc37d8696d442a91bc205d6e90327bdd2e723529ca372417e282a9897ed89dc9d549706efdfcc0038fe4e217be0a30272e4ad50ec4d720a5ac0b7410c490384b6830fe4f61b4a4ce242c03f34592f9529d3f2dad544d3efd3a49fe1a85aa756bd98716f07ba08d15c2a0a13e41cdecfbee713e741bea0dc40264fbf18b0c86d18c4a828dda4025355f5ea9cf1dc2a31dad0b56818cdd26d1960008c7af815ed74d0b885c30fa6557a6e3f9e9e83a374c79766a13c0cc46cc4a54138509789b2f8742b27c45f27290d80b61b0c75a367f7d16fa7b1e1192c66eba65233039722f1cd9bc2e97b2be2e0516324186298b34d5d2069397b4ddc7fd03159bcee66210bd5eae1892b57cd20960767263fd5afbb8b36db22e8534261886fa6aaced9da7da8aeae4814f86055188066865f3a6ef15ee7b0161bc28df7ee8707fb820d3b08830d472f1d2320a86d8be50f76c2ee89096e878579c6ac2817dad12f,gx-no-cache=1521464116601 HTTP/1.1" 200 30
190.151.100.218 - - [19/Mar/2018:09:56:07 -0300] "POST /cormun/servlet/solicitudot?gx-no-cache=1521464116733 HTTP/1.1" 200 30
190.151.100.218 - - [19/Mar/2018:09:56:08 -0300] "POST /cormun/servlet/solicitudot?gx-no-cache=1521464116930 HTTP/1.1" 200 1337
190.151.100.218 - - [19/Mar/2018:09:56:08 -0300] "POST /cormun/servlet/solicitudot?gx-no-cache=1521464117144 HTTP/1.1" 200 41
190.151.100.218 - - [19/Mar/2018:09:56:08 -0300] "GET /cormun/servlet/solicitudot?4cee0f84d0fe1d35e485350f24e3ce3f3cf14898e9ceda41116949efeb1d95ba5e4e2858c6fa9ccec8bffeb965e68ce53da0f4691a350523e30454cac5d9807ab3610e11a11d6d3f00c4d919927ec82e9b22d2ed3ca04ad915342ed3059b2fbe63fa175c3fc1080e266994f99d1747621ff581823cf5d72a1d138f4247e1ffe83efc144015589530b2f51f00a0428b1366e629e417b3c939e79df5d58382d964,gx-no-cache=1521464117307 HTTP/1.1" 200 29
190.151.100.218 - - [19/Mar/2018:09:56:09 -0300] "POST /cormun/servlet/solicitudot?gx-no-cache=1521464117456 HTTP/1.1" 200 1319
190.151.100.218 - - [19/Mar/2018:09:56:09 -0300] "POST /cormun/servlet/solicitudot?gx-no-cache=1521464118240 HTTP/1.1" 200 1219
190.151.100.218 - - [19/Mar/2018:09:56:09 -0300] "GET /cormun/servlet/solicitudot?4cee0f84d0fe1d35e485350f24e3ce3f48a90f6cbe3e1b3710754e1acf34ac5921c85294a03839ebcd76068d10531ecb,gx-no-cache=1521464118494 HTTP/1.1" 200 30
190.151.100.218 - - [19/Mar/2018:09:56:09 -0300] "POST /cormun/servlet/solicitudot?gx-no-cache=1521464118668 HTTP/1.1" 200 30
190.151.100.218 - - [19/Mar/2018:09:56:10 -0300] "POST /cormun/servlet/solicitudot?e344c0d93ab73067bf0261b6fe99887a,INS,0,0,,gx-no-cache=1521464118848 HTTP/1.1" 200 12131
186.67.164.142 - - [19/Mar/2018:09:56:19 -0300] "POST /cormun/servlet/hlogin?ab1f67de14923a95b3557080c77e9434,gx-no-cache=1521464135877 HTTP/1.1" 200 90
186.67.164.142 - - [19/Mar/2018:09:56:19 -0300] "GET /cormun/servlet/hpexe_link HTTP/1.1" 200 962
186.67.164.142 - - [19/Mar/2018:09:56:19 -0300] "GET /cormun/static/gxcfg.js?20177612121792 HTTP/1.1" 304 -
186.67.164.142 - - [19/Mar/2018:09:56:19 -0300] "GET /cormun/servlet/trautorizarsolicitud HTTP/1.1" 200 8950
186.67.164.142 - - [19/Mar/2018:09:56:20 -0300] "GET /cormun/servlet/trautorizarsolicitud HTTP/1.1" 200 8949
190.151.100.218 - - [19/Mar/2018:09:56:25 -0300] "POST /cormun/servlet/solicitudot?e344c0d93ab73067bf0261b6fe99887a,INS,0,0,,gx-no-cache=1521464131475 HTTP/1.1" 200 12008
186.67.164.142 - - [19/Mar/2018:09:56:29 -0300] "POST /cormun/servlet/trautorizarsolicitud?ab1f67de14923a95b3557080c77e9434,gx-no-cache=1521464145270 HTTP/1.1" 200 5577
186.67.164.142 - - [19/Mar/2018:09:56:29 -0300] "GET /cormun/static/Shared/jqueryui/images/ui-bg_highlight-soft_100_c6c2c8_1x100.png HTTP/1.1" 404 1117
186.67.164.142 - - [19/Mar/2018:09:56:29 -0300] "GET /cormun/static/Shared/jqueryui/images/ui-icons_8d78a5_256x240.png HTTP/1.1" 404 1089
186.67.164.142 - - [19/Mar/2018:09:56:29 -0300] "GET /cormun/static/Shared/jqueryui/images/ui-bg_flat_55_fafafa_40x100.png HTTP/1.1" 404 1097
186.67.164.142 - - [19/Mar/2018:09:56:29 -0300] "GET /cormun/static/Shared/jqueryui/images/ui-icons_82798d_256x240.png HTTP/1.1" 404 1089
186.67.164.142 - - [19/Mar/2018:09:56:32 -0300] "POST /cormun/servlet/trautorizarsolicitud?ab1f67de14923a95b3557080c77e9434,gx-no-cache=1521464146587 HTTP/1.1" 200 5519
186.67.172.234 - - [19/Mar/2018:09:56:34 -0300] "POST /cormun/servlet/solicitudot?ea441d98f864f5fe8ab0f60df563bead,INS,0,0,,gx-no-cache=1521464137342 HTTP/1.1" 200 93
186.67.172.234 - - [19/Mar/2018:09:56:34 -0300] "GET /cormun/servlet/hpexe_return? HTTP/1.1" 200 1004
186.67.172.234 - - [19/Mar/2018:09:56:34 -0300] "GET /cormun/static/gxcfg.js?2016101716175148 HTTP/1.1" 304 -
186.67.172.234 - - [19/Mar/2018:09:56:34 -0300] "GET /cormun/servlet/trsolicitudot HTTP/1.1" 200 8853
186.67.164.142 - - [19/Mar/2018:09:56:35 -0300] "POST /cormun/servlet/trautorizarsolicitud?ab1f67de14923a95b3557080c77e9434,gx-no-cache=1521464150561 HTTP/1.1" 200 4356
186.67.172.234 - - [19/Mar/2018:09:56:35 -0300] "GET /cormun/servlet/trsolicitudot HTTP/1.1" 200 8849
186.67.164.142 - - [19/Mar/2018:09:56:36 -0300] "POST /cormun/servlet/trautorizarsolicitud?ab1f67de14923a95b3557080c77e9434,gx-no-cache=1521464152368 HTTP/1.1" 200 4125
190.151.100.218 - - [19/Mar/2018:09:56:37 -0300] "POST /cormun/servlet/solicitudot?gx-no-cache=1521464146350 HTTP/1.1" 200 3375
190.151.100.218 - - [19/Mar/2018:09:56:39 -0300] "POST /cormun/servlet/solicitudot?e344c0d93ab73067bf0261b6fe99887a,INS,0,0,,gx-no-cache=1521464147124 HTTP/1.1" 200 12041
190.151.100.218 - - [19/Mar/2018:09:56:39 -0300] "GET /cormun/servlet/solicitudot?4cee0f84d0fe1d35e485350f24e3ce3f62992d8dda3597e7fdacf84c02730e3163d6efdb64656525e8717558f3e552e9,gx-no-cache=1521464148483 HTTP/1.1" 200 30
190.151.100.218 - - [19/Mar/2018:09:56:39 -0300] "GET /cormun/servlet/solicitudot?4cee0f84d0fe1d35e485350f24e3ce3fc585c59b7995b9c343222df42126bb51c7640a6b512dbd5d698612e5962f761b63d6efdb64656525e8717558f3e552e9,gx-no-cache=1521464148635 HTTP/1.1" 200 30
190.151.100.218 - - [19/Mar/2018:09:56:39 -0300] "GET /cormun/servlet/solicitudot?4cee0f84d0fe1d35e485350f24e3ce3fd4e6b88c8dab6d642c507b97230b7126,gx-no-cache=1521464148763 HTTP/1.1" 200 123
190.151.100.218 - - [19/Mar/2018:09:56:40 -0300] "POST /cormun/servlet/solicitudot?gx-no-cache=1521464148920 HTTP/1.1" 200 238
190.151.100.218 - - [19/Mar/2018:09:56:40 -0300] "GET /cormun/servlet/solicitudot?4cee0f84d0fe1d35e485350f24e3ce3f71ade507628bfdea96df3bf39a184d8688360d9fc37d8696d442a91bc205d6e90327bdd2e723529ca372417e282a9897ed89dc9d549706efdfcc0038fe4e217be0a30272e4ad50ec4d720a5ac0b7410c490384b6830fe4f61b4a4ce242c03f34592f9529d3f2dad544d3efd3a49fe1a85aa756bd98716f07ba08d15c2a0a13e41cdecfbee713e741bea0dc40264fbf18b0c86d18c4a828dda4025355f5ea9cf1dc2a31dad0b56818cdd26d1960008c7af815ed74d0b885c30fa6557a6e3f9e9e83a374c79766a13c0cc46cc4a54138509789b2f8742b27c45f27290d80b61b0c75a367f7d16fa7b1e1192c66eba65233039722f1cd9bc2e97b2be2e0516324186298b34d5d2069397b4ddc7fd03159bcee66210bd5eae1892b57cd20960767263fd5afbb8b36db22e8534261886fa6aaced9da7da8aeae4814f86055188066865f3a6ef15ee7b0161bc28df7ee8707fb820d3b08830d472f1d2320a86d8be50f76c2ee89096e878579c6ac2817dad12f,gx-no-cache=1521464149524 HTTP/1.1" 200 30
190.151.100.218 - - [19/Mar/2018:09:56:41 -0300] "POST /cormun/servlet/solicitudot?gx-no-cache=1521464149704 HTTP/1.1" 200 30
190.151.100.218 - - [19/Mar/2018:09:56:42 -0300] "POST /cormun/servlet/solicitudot?gx-no-cache=1521464150902 HTTP/1.1" 200 1337
190.151.100.218 - - [19/Mar/2018:09:56:42 -0300] "POST /cormun/servlet/solicitudot?gx-no-cache=1521464151588 HTTP/1.1" 200 41
190.151.100.218 - - [19/Mar/2018:09:56:42 -0300] "GET /cormun/servlet/solicitudot?4cee0f84d0fe1d35e485350f24e3ce3f3cf14898e9ceda41116949efeb1d95ba5e4e2858c6fa9ccec8bffeb965e68ce53da0f4691a350523e30454cac5d9807ab3610e11a11d6d3f00c4d919927ec82e9b22d2ed3ca04ad915342ed3059b2fbe63fa175c3fc1080e266994f99d1747621ff581823cf5d72a1d138f4247e1ffe83efc144015589530b2f51f00a0428b1366e629e417b3c939e79df5d58382d964,gx-no-cache=1521464151818 HTTP/1.1" 200 29
190.151.100.218 - - [19/Mar/2018:09:56:43 -0300] "POST /cormun/servlet/solicitudot?gx-no-cache=1521464151954 HTTP/1.1" 200 1319
190.151.100.218 - - [19/Mar/2018:09:56:43 -0300] "POST /cormun/servlet/solicitudot?gx-no-cache=1521464152538 HTTP/1.1" 200 1219
190.151.100.218 - - [19/Mar/2018:09:56:43 -0300] "GET /cormun/servlet/solicitudot?4cee0f84d0fe1d35e485350f24e3ce3f48a90f6cbe3e1b3710754e1acf34ac5921c85294a03839ebcd76068d10531ecb,gx-no-cache=1521464152667 HTTP/1.1" 200 30
190.151.100.218 - - [19/Mar/2018:09:56:43 -0300] "POST /cormun/servlet/solicitudot?gx-no-cache=1521464152763 HTTP/1.1" 200 30
186.67.172.234 - - [19/Mar/2018:09:56:43 -0300] "GET /cormun/servlet/solicitudot?INS,0,0, HTTP/1.1" 200 13662
186.67.172.234 - - [19/Mar/2018:09:56:44 -0300] "GET /cormun/servlet/solicitudot?INS,0,0, HTTP/1.1" 200 13667
190.151.100.218 - - [19/Mar/2018:09:56:45 -0300] "POST /cormun/servlet/solicitudot?e344c0d93ab73067bf0261b6fe99887a,INS,0,0,,gx-no-cache=1521464152909 HTTP/1.1" 200 12323
190.151.100.218 - - [19/Mar/2018:09:56:50 -0300] "GET /cormun/servlet/prbanco?,MD,,gxPopupLevel%3D0%3B HTTP/1.1" 200 6639
190.151.100.218 - - [19/Mar/2018:09:56:55 -0300] "GET /cormun/static/gxcfg.js?20181161016094 HTTP/1.1" 200 953
200.72.197.82 - - [19/Mar/2018:09:56:55 -0300] "GET /cormun/static/prbanco.js?2018116101633 HTTP/1.1" 200 10693
186.67.172.234 - - [19/Mar/2018:09:57:02 -0300] "POST /cormun/servlet/solicitudot?gx-no-cache=1521464168165 HTTP/1.1" 200 3408
186.67.172.234 - - [19/Mar/2018:09:57:03 -0300] "POST /cormun/servlet/solicitudot?ea441d98f864f5fe8ab0f60df563bead,INS,0,0,,gx-no-cache=1521464168481 HTTP/1.1" 200 10578
186.67.172.234 - - [19/Mar/2018:09:57:07 -0300] "GET /cormun/servlet/solicitudot?ccd09873375b39e5c160220acf4a9b7e887459f0804ec42b2084d1fb813a4cb232a69e11c3cea98d71f177fc765275b9,gx-no-cache=1521464173523 HTTP/1.1" 200 30
186.67.172.234 - - [19/Mar/2018:09:57:07 -0300] "GET /cormun/servlet/solicitudot?ccd09873375b39e5c160220acf4a9b7e46c5349c53d26d1ff68306b41eec8687f3e6a0430fe9a720412e8e093fc2f2c4c456241a411345fbed2fd7877f0691f9,gx-no-cache=1521464173626 HTTP/1.1" 200 30
186.67.172.234 - - [19/Mar/2018:09:57:07 -0300] "GET /cormun/servlet/solicitudot?ccd09873375b39e5c160220acf4a9b7e09bf62c2dc70be57a7f4fcbc2f612919,gx-no-cache=1521464173722 HTTP/1.1" 200 51
186.67.172.234 - - [19/Mar/2018:09:57:08 -0300] "POST /cormun/servlet/solicitudot?gx-no-cache=1521464173846 HTTP/1.1" 200 255
186.67.172.234 - - [19/Mar/2018:09:57:08 -0300] "GET /cormun/servlet/solicitudot?ccd09873375b39e5c160220acf4a9b7ed00fc5076a9fbc64b8e153e5e0ea8ede909ecf3c9941a59cc380a99cef448533c11a9184bf147a4deb342ec4f5b4cca0da234eb48bba2a0b8e36c1ce96460b096786898f5451bab8cdf809898f5c513487c8efb785f805f9247c94647066853703c86fe6eeb779422615830c18575c704f197ae4c1892e5d69bac396fea71e675576f3546c3630e8a629da754dbf9c47eef67b5a0ac2ab1d2947ec83cf3d9871c8d9689b1a8c7b7bc03e87a8d8baef1b1ac72fc717890c6198d76276cfc31542f89d4797c460bcccd5964ba1be5e7315b51ce99c7cddd64ed12cd3e8c0909d34033c7b7b40bb52444b0c17000008c2d4eaeb72e1a18f71933f383c1c55168785097879572286077926d62bb547557eeeba594a6e8ecb3a339c6c3b8847ad26efe689e85e8e037fa20b982fccda60dd075a4d4f3b8e3d667a69047d7d00643291c864951e26fd63c2791a1e59d7e611bff420cc58682fc22a5ce0c6f9dd91a5b03c51556a41cf9a161b6fd0d234163e09,gx-no-cache=1521464174557 HTTP/1.1" 200 30
186.67.172.234 - - [19/Mar/2018:09:57:10 -0300] "POST /cormun/servlet/solicitudot?gx-no-cache=1521464176987 HTTP/1.1" 200 30
186.67.172.234 - - [19/Mar/2018:09:57:12 -0300] "GET /cormun/servlet/prcontratosol?15731151,,,,,MD,,gxPopupLevel%3D0%3B HTTP/1.1" 200 9585
186.67.172.234 - - [19/Mar/2018:09:57:16 -0300] "POST /cormun/servlet/solicitudot?gx-no-cache=1521464182710 HTTP/1.1" 200 1336
186.67.172.234 - - [19/Mar/2018:09:57:16 -0300] "POST /cormun/servlet/solicitudot?gx-no-cache=1521464182847 HTTP/1.1" 200 38
186.67.172.234 - - [19/Mar/2018:09:57:17 -0300] "GET /cormun/servlet/solicitudot?ccd09873375b39e5c160220acf4a9b7e865adabdafb6b4ceac60012ea477285577796e23392cbf9f09ab630b222e048f1bb735de2150b633e084e94b1717c96dbe4f03f7c8fa1d87c62dab27a6ff6c1268de9bb5811876bbb5cecf8c83c122b7c002a365dbb9803657bff672957cdaba619ba1c83ea91fa57c4ffc80348b6622f620b9a6d26901d8dbc4a06a34e9eda62fc976ae1e27a053a71af9230a9e6ca2165e54d5c11f04592e4a2fdc88607f384d682c3f53b2f484f59bb91122d99d015055d264c9d0fbb957548ecf47e3ee4a,gx-no-cache=1521464182938 HTTP/1.1" 200 29
186.67.172.234 - - [19/Mar/2018:09:57:17 -0300] "POST /cormun/servlet/solicitudot?gx-no-cache=1521464183333 HTTP/1.1" 200 1318
186.67.172.234 - - [19/Mar/2018:09:57:17 -0300] "POST /cormun/servlet/solicitudot?gx-no-cache=1521464183486 HTTP/1.1" 200 1218
186.67.172.234 - - [19/Mar/2018:09:57:17 -0300] "GET /cormun/servlet/solicitudot?ccd09873375b39e5c160220acf4a9b7e3b851fc5e91751cf7ab90bbaaf88c17a160823e32c84a38d1f931c2f843a7190,gx-no-cache=1521464183593 HTTP/1.1" 200 30
200.111.122.170 - - [19/Mar/2018:09:57:19 -0300] "GET /cormun/servlet/solicitudot?4cee0f84d0fe1d35e485350f24e3ce3f27a73cdaf48efc308dec56a295748b19,gx-no-cache=1521464187960 HTTP/1.1" 200 51
186.103.159.182 - - [19/Mar/2018:09:57:20 -0300] "POST /cormun/servlet/trcontratosolicitud?ecd278aaa7de697feabb8e2c76721273,gx-no-cache=1521464189018 HTTP/1.1" 200 12154
200.111.122.170 - - [19/Mar/2018:09:57:25 -0300] "POST /cormun/servlet/solicitudot?e344c0d93ab73067bf0261b6fe99887a,INS,0,0,,gx-no-cache=1521464193450 HTTP/1.1" 200 12172
186.67.172.234 - - [19/Mar/2018:09:57:26 -0300] "GET /cormun/servlet/solicitudot?ccd09873375b39e5c160220acf4a9b7e865adabdafb6b4ceac60012ea477285577796e23392cbf9f09ab630b222e048fb2612c902695bb617457420626811746be4f03f7c8fa1d87c62dab27a6ff6c1268de9bb5811876bbb5cecf8c83c122b7c002a365dbb9803657bff672957cdaba619ba1c83ea91fa57c4ffc80348b6622f620b9a6d26901d8dbc4a06a34e9eda62fc976ae1e27a053a71af9230a9e6ca2165e54d5c11f04592e4a2fdc88607f384d682c3f53b2f484f59bb91122d99d015055d264c9d0fbb957548ecf47e3ee4a,gx-no-cache=1521464192316 HTTP/1.1" 200 29
186.67.172.234 - - [19/Mar/2018:09:57:27 -0300] "POST /cormun/servlet/solicitudot?gx-no-cache=1521464193384 HTTP/1.1" 200 1319
186.67.172.234 - - [19/Mar/2018:09:57:27 -0300] "POST /cormun/servlet/solicitudot?gx-no-cache=1521464193492 HTTP/1.1" 200 1218
186.67.172.234 - - [19/Mar/2018:09:57:32 -0300] "GET /cormun/servlet/solicitudot?ccd09873375b39e5c160220acf4a9b7e86fcbc3d10a18caab6639b316cc663a0329eb1258a1a3054b92db79d8baa258c,gx-no-cache=1521464199033 HTTP/1.1" 200 30
186.67.172.234 - - [19/Mar/2018:09:57:33 -0300] "POST /cormun/servlet/solicitudot?gx-no-cache=1521464199110 HTTP/1.1" 200 33
200.111.122.170 - - [19/Mar/2018:09:57:36 -0300] "POST /cormun/servlet/solicitudot?gx-no-cache=1521464204767 HTTP/1.1" 200 3379
200.111.122.170 - - [19/Mar/2018:09:57:36 -0300] "POST /cormun/servlet/solicitudot?e344c0d93ab73067bf0261b6fe99887a,INS,0,0,,gx-no-cache=1521464205475 HTTP/1.1" 200 12184
200.111.122.170 - - [19/Mar/2018:09:57:37 -0300] "GET /cormun/servlet/solicitudot?4cee0f84d0fe1d35e485350f24e3ce3f62992d8dda3597e7fdacf84c02730e3163d6efdb64656525e8717558f3e552e9,gx-no-cache=1521464206246 HTTP/1.1" 200 30
200.111.122.170 - - [19/Mar/2018:09:57:37 -0300] "GET /cormun/servlet/solicitudot?4cee0f84d0fe1d35e485350f24e3ce3fc585c59b7995b9c343222df42126bb51c7640a6b512dbd5d698612e5962f761b63d6efdb64656525e8717558f3e552e9,gx-no-cache=1521464206428 HTTP/1.1" 200 30
200.111.122.170 - - [19/Mar/2018:09:57:37 -0300] "GET /cormun/servlet/solicitudot?4cee0f84d0fe1d35e485350f24e3ce3f622860da7888b9801d319653aa77bc8ac4b7c270f4b6f0e2ee4fb0d4b07c1130d10d8087feefd1d859d7c69fc51c7f16,gx-no-cache=1521464206597 HTTP/1.1" 200 51
200.111.122.170 - - [19/Mar/2018:09:57:37 -0300] "POST /cormun/servlet/solicitudot?gx-no-cache=1521464206749 HTTP/1.1" 200 238
200.111.122.170 - - [19/Mar/2018:09:57:38 -0300] "GET /cormun/servlet/solicitudot?4cee0f84d0fe1d35e485350f24e3ce3f71ade507628bfdea96df3bf39a184d8688360d9fc37d8696d442a91bc205d6e90327bdd2e723529ca372417e282a9897ed89dc9d549706efdfcc0038fe4e217be0a30272e4ad50ec4d720a5ac0b7410c490384b6830fe4f61b4a4ce242c03f34592f9529d3f2dad544d3efd3a49fe1a85aa756bd98716f07ba08d15c2a0a13e41cdecfbee713e741bea0dc40264fbf18b0c86d18c4a828dda4025355f5ea9cf1dc2a31dad0b56818cdd26d1960008c7af815ed74d0b885c30fa6557a6e3f9e9e83a374c79766a13c0cc46cc4a54138509789b2f8742b27c45f27290d80b61b0c75a367f7d16fa7b1e1192c66eba65233039722f1cd9bc2e97b2be2e0516324186298b34d5d2069397b4ddc7fd03159bcee66210bd5eae1892b57cd20960767263fd5afbb8b36db22e8534261886fa6aaced9da7da8aeae4814f86055188066865f3a6ef15ee7b0161bc28df7ee8707fb820d3b08830d472f1d2320a86d8be50f76c2ee89096e878579c6ac2817dad12f,gx-no-cache=1521464206938 HTTP/1.1" 200 30
200.111.122.170 - - [19/Mar/2018:09:57:38 -0300] "POST /cormun/servlet/solicitudot?gx-no-cache=1521464207113 HTTP/1.1" 200 30
200.111.122.170 - - [19/Mar/2018:09:57:38 -0300] "POST /cormun/servlet/solicitudot?gx-no-cache=1521464207287 HTTP/1.1" 200 1337
200.111.122.170 - - [19/Mar/2018:09:57:39 -0300] "POST /cormun/servlet/solicitudot?gx-no-cache=1521464207994 HTTP/1.1" 200 41
200.111.122.170 - - [19/Mar/2018:09:57:39 -0300] "GET /cormun/servlet/solicitudot?4cee0f84d0fe1d35e485350f24e3ce3f3cf14898e9ceda41116949efeb1d95ba5e4e2858c6fa9ccec8bffeb965e68ce53da0f4691a350523e30454cac5d9807ab3610e11a11d6d3f00c4d919927ec82e9b22d2ed3ca04ad915342ed3059b2fbe63fa175c3fc1080e266994f99d1747621ff581823cf5d72a1d138f4247e1ffe83efc144015589530b2f51f00a0428b1366e629e417b3c939e79df5d58382d964,gx-no-cache=1521464208148 HTTP/1.1" 200 29
200.111.122.170 - - [19/Mar/2018:09:57:39 -0300] "POST /cormun/servlet/solicitudot?gx-no-cache=1521464208351 HTTP/1.1" 200 1319
200.111.122.170 - - [19/Mar/2018:09:57:40 -0300] "POST /cormun/servlet/solicitudot?gx-no-cache=1521464209000 HTTP/1.1" 200 1219
200.111.122.170 - - [19/Mar/2018:09:57:40 -0300] "GET /cormun/servlet/solicitudot?4cee0f84d0fe1d35e485350f24e3ce3f48a90f6cbe3e1b3710754e1acf34ac5921c85294a03839ebcd76068d10531ecb,gx-no-cache=1521464209366 HTTP/1.1" 200 30
200.111.122.170 - - [19/Mar/2018:09:57:40 -0300] "POST /cormun/servlet/solicitudot?gx-no-cache=1521464209500 HTTP/1.1" 200 30
200.111.122.170 - - [19/Mar/2018:09:57:41 -0300] "POST /cormun/servlet/solicitudot?e344c0d93ab73067bf0261b6fe99887a,INS,0,0,,gx-no-cache=1521464209688 HTTP/1.1" 200 93
200.111.122.170 - - [19/Mar/2018:09:57:41 -0300] "GET /cormun/servlet/hpexe_return? HTTP/1.1" 200 1004
200.111.122.170 - - [19/Mar/2018:09:57:41 -0300] "GET /cormun/static/gxcfg.js?2016101716175148 HTTP/1.1" 304 -
200.111.122.170 - - [19/Mar/2018:09:57:41 -0300] "GET /cormun/servlet/trsolicitudot HTTP/1.1" 200 8761
200.111.122.170 - - [19/Mar/2018:09:57:43 -0300] "GET /cormun/servlet/trsolicitudot HTTP/1.1" 200 8757
186.67.172.234 - - [19/Mar/2018:09:57:44 -0300] "POST /cormun/servlet/solicitudot?ea441d98f864f5fe8ab0f60df563bead,INS,0,0,,gx-no-cache=1521464210007 HTTP/1.1" 200 93
186.67.172.234 - - [19/Mar/2018:09:57:44 -0300] "GET /cormun/servlet/hpexe_return? HTTP/1.1" 200 1004
186.67.172.234 - - [19/Mar/2018:09:57:44 -0300] "GET /cormun/servlet/trsolicitudot HTTP/1.1" 200 9260
186.67.172.234 - - [19/Mar/2018:09:57:44 -0300] "GET /cormun/servlet/trsolicitudot HTTP/1.1" 200 9256
186.103.159.182 - - [19/Mar/2018:09:57:46 -0300] "POST /cormun/servlet/trcontratosolicitud?ecd278aaa7de697feabb8e2c76721273,gx-no-cache=1521464214520 HTTP/1.1" 200 12203
186.103.161.206 - - [19/Mar/2018:09:58:12 -0300] "POST /cormun/servlet/trsolicitudot?e344c0d93ab73067bf0261b6fe99887a,gx-no-cache=1521464240760 HTTP/1.1" 200 107
186.103.161.206 - - [19/Mar/2018:09:58:12 -0300] "GET /cormun/servlet/trsolicitudadjuntos?2018,10595, HTTP/1.1" 200 6295
186.103.161.206 - - [19/Mar/2018:09:58:13 -0300] "GET /cormun/static/gxcfg.js?20177612135366 HTTP/1.1" 304 -
186.103.161.206 - - [19/Mar/2018:09:58:14 -0300] "GET /cormun/servlet/trsolicitudadjuntos?2018,10595, HTTP/1.1" 200 6294
186.103.159.182 - - [19/Mar/2018:09:58:15 -0300] "GET /cormun/servlet/hlogin HTTP/1.1" 200 1724
186.103.159.182 - - [19/Mar/2018:09:58:15 -0300] "GET /cormun/static/gxtimezone.js?85251 HTTP/1.1" 200 5781
186.103.159.182 - - [19/Mar/2018:09:58:15 -0300] "GET /cormun/static/gxcfg.js?20175251213516 HTTP/1.1" 200 953
186.103.159.182 - - [19/Mar/2018:09:58:15 -0300] "GET /cormun/static/hlogin.js?20175251213537 HTTP/1.1" 200 2136
186.103.159.182 - - [19/Mar/2018:09:58:15 -0300] "GET /cormun/static/messages.spa.js?85251 HTTP/1.1" 200 30736
186.103.159.182 - - [19/Mar/2018:09:58:15 -0300] "GET /cormun/static/Resources/Spanish/PXTools.css?11423723 HTTP/1.1" 200 89042
186.103.159.182 - - [19/Mar/2018:09:58:15 -0300] "GET /cormun/static/gxgral.js?85251 HTTP/1.1" 200 384558
186.103.159.182 - - [19/Mar/2018:09:58:16 -0300] "GET /cormun/static/Resources/ComunLogin.png HTTP/1.1" 200 17326
186.103.159.182 - - [19/Mar/2018:09:58:16 -0300] "GET /cormun/static/Resources/indicator.gif HTTP/1.1" 200 1553
186.103.159.182 - - [19/Mar/2018:09:58:16 -0300] "GET /cormun/static/Resources/PXToolsLoginTop.png HTTP/1.1" 200 1337
186.103.159.182 - - [19/Mar/2018:09:58:16 -0300] "GET /cormun/static/Resources/PXToolsLoginBackground.png HTTP/1.1" 200 1164
186.103.159.182 - - [19/Mar/2018:09:58:16 -0300] "GET /cormun/static/Resources/PXToolsButtonLeft21.png HTTP/1.1" 200 1287
186.103.159.182 - - [19/Mar/2018:09:58:16 -0300] "GET /cormun/static/Resources/PXToolsButtonRight21.png HTTP/1.1" 200 1283
186.103.159.182 - - [19/Mar/2018:09:58:16 -0300] "GET /cormun/static/Resources/PXToolsButtonBackground2.png HTTP/1.1" 200 1181
186.103.159.182 - - [19/Mar/2018:09:58:16 -0300] "GET /cormun/static/Resources/PXToolsLoginBottom.png HTTP/1.1" 200 1389
190.151.100.218 - - [19/Mar/2018:09:58:17 -0300] "GET /cormun/servlet/solicitudotadjuntos?INS,2018,10595,,1, HTTP/1.1" 200 6242
190.151.100.218 - - [19/Mar/2018:09:58:17 -0300] "GET /cormun/static/gxcfg.js?2017761244068 HTTP/1.1" 304 -
200.72.197.82 - - [19/Mar/2018:09:58:19 -0300] "GET /cormun/servlet/solicitudotadjuntos?INS,2018,10595,,1, HTTP/1.1" 200 6236
190.151.100.218 - - [19/Mar/2018:09:58:19 -0300] "GET /cormun/static/about:blank HTTP/1.1" 404 1011
200.72.197.82 - - [19/Mar/2018:09:58:19 -0300] "GET /cormun/servlet/solicitudotadjuntos?4cee0f84d0fe1d35e485350f24e3ce3f83cde1833ce3ba7ad5e822d6b0d32dc42954543299a3a1faaee22b12de01ec73,gx-no-cache=1521464248429 HTTP/1.1" 200 30
200.72.197.82 - - [19/Mar/2018:09:58:20 -0300] "POST /cormun/servlet/solicitudotadjuntos?e344c0d93ab73067bf0261b6fe99887a,INS,2018,10595,,1,,gx-no-cache=1521464248883 HTTP/1.1" 200 4023
200.72.197.82 - - [19/Mar/2018:09:58:23 -0300] "POST /cormun/servlet/solicitudotadjuntos?gx-no-cache=1521464252093 HTTP/1.1" 200 26
186.103.132.155 - - [19/Mar/2018:09:58:54 -0300] "GET /cormun/servlet/solicitudotadjuntos?4cee0f84d0fe1d35e485350f24e3ce3ffc7ce7b1c12cbcf2a0545d9e88129404,gx-no-cache=1521464282958 HTTP/1.1" 200 30
186.103.132.155 - - [19/Mar/2018:09:58:54 -0300] "GET /cormun/servlet/solicitudotadjuntos?4cee0f84d0fe1d35e485350f24e3ce3ffc7ce7b1c12cbcf2a0545d9e88129404,gx-no-cache=1521464283162 HTTP/1.1" 200 30
186.67.172.234 - - [19/Mar/2018:09:58:54 -0300] "POST /cormun/servlet/trsolicitudot?ea441d98f864f5fe8ab0f60df563bead,gx-no-cache=1521464280582 HTTP/1.1" 200 5909
186.67.172.234 - - [19/Mar/2018:09:58:54 -0300] "GET /cormun/static/Shared/jqueryui/images/ui-bg_highlight-soft_100_c6c2c8_1x100.png HTTP/1.1" 404 1117
186.67.172.234 - - [19/Mar/2018:09:58:54 -0300] "GET /cormun/static/Shared/jqueryui/images/ui-icons_82798d_256x240.png HTTP/1.1" 404 1089
186.67.172.234 - - [19/Mar/2018:09:58:54 -0300] "GET /cormun/static/Shared/jqueryui/images/ui-bg_flat_55_fafafa_40x100.png HTTP/1.1" 404 1097
186.67.172.234 - - [19/Mar/2018:09:58:54 -0300] "GET /cormun/static/Shared/jqueryui/images/ui-icons_8d78a5_256x240.png HTTP/1.1" 404 1089
186.67.172.234 - - [19/Mar/2018:09:58:55 -0300] "POST /cormun/servlet/trsolicitudot?ea441d98f864f5fe8ab0f60df563bead,gx-no-cache=1521464281212 HTTP/1.1" 200 5854
186.67.172.234 - - [19/Mar/2018:09:58:56 -0300] "POST /cormun/servlet/trsolicitudot?ea441d98f864f5fe8ab0f60df563bead,gx-no-cache=1521464282467 HTTP/1.1" 200 4675
186.67.172.234 - - [19/Mar/2018:09:58:57 -0300] "POST /cormun/servlet/trsolicitudot?ea441d98f864f5fe8ab0f60df563bead,gx-no-cache=1521464282716 HTTP/1.1" 200 4451
186.103.132.155 - - [19/Mar/2018:09:58:58 -0300] "POST /cormun/servlet/solicitudotadjuntos?e344c0d93ab73067bf0261b6fe99887a,INS,2018,10595,,1, HTTP/1.1" 200 116
186.103.132.155 - - [19/Mar/2018:09:58:59 -0300] "GET /cormun/servlet/hpexe_return? HTTP/1.1" 200 1024
186.103.132.155 - - [19/Mar/2018:09:58:59 -0300] "GET /cormun/servlet/trsolicitudadjuntos?2018,10595, HTTP/1.1" 200 8774
186.103.159.182 - - [19/Mar/2018:09:59:00 -0300] "POST /cormun/servlet/trcontratosolicitud?ecd278aaa7de697feabb8e2c76721273,gx-no-cache=1521464288816 HTTP/1.1" 200 12153
186.103.132.155 - - [19/Mar/2018:09:59:00 -0300] "GET /cormun/servlet/trsolicitudadjuntos?2018,10595, HTTP/1.1" 200 8764
186.103.132.155 - - [19/Mar/2018:09:59:02 -0300] "GET /cormun/servlet/solicitudotadjuntos?INS,2018,10595,,1, HTTP/1.1" 200 6243
186.103.132.155 - - [19/Mar/2018:09:59:03 -0300] "GET /cormun/static/about:blank HTTP/1.1" 404 1011
186.103.132.155 - - [19/Mar/2018:09:59:04 -0300] "GET /cormun/servlet/solicitudotadjuntos?INS,2018,10595,,1, HTTP/1.1" 200 6237
186.103.132.155 - - [19/Mar/2018:09:59:04 -0300] "GET /cormun/servlet/solicitudotadjuntos?4cee0f84d0fe1d35e485350f24e3ce3f83cde1833ce3ba7ad5e822d6b0d32dc42954543299a3a1faaee22b12de01ec73,gx-no-cache=1521464293428 HTTP/1.1" 200 30
186.103.132.155 - - [19/Mar/2018:09:59:05 -0300] "POST /cormun/servlet/solicitudotadjuntos?e344c0d93ab73067bf0261b6fe99887a,INS,2018,10595,,1,,gx-no-cache=1521464293574 HTTP/1.1" 200 4024
186.67.172.234 - - [19/Mar/2018:09:59:06 -0300] "GET /cormun/servlet/trautorizarsolicitud? HTTP/1.1" 200 9152
186.67.172.234 - - [19/Mar/2018:09:59:07 -0300] "GET /cormun/servlet/trautorizarsolicitud? HTTP/1.1" 200 9151
186.103.132.155 - - [19/Mar/2018:09:59:09 -0300] "POST /cormun/servlet/solicitudotadjuntos?gx-no-cache=1521464298241 HTTP/1.1" 200 26
186.67.172.234 - - [19/Mar/2018:09:59:11 -0300] "POST /cormun/servlet/trautorizarsolicitud?ea441d98f864f5fe8ab0f60df563bead,,gx-no-cache=1521464297880 HTTP/1.1" 200 5832
186.67.172.234 - - [19/Mar/2018:09:59:12 -0300] "GET /cormun/static/Shared/jqueryui/images/ui-icons_82798d_256x240.png HTTP/1.1" 404 1089
186.67.172.234 - - [19/Mar/2018:09:59:12 -0300] "GET /cormun/static/Shared/jqueryui/images/ui-bg_highlight-soft_100_c6c2c8_1x100.png HTTP/1.1" 404 1117
186.67.172.234 - - [19/Mar/2018:09:59:12 -0300] "GET /cormun/static/Shared/jqueryui/images/ui-bg_flat_55_fafafa_40x100.png HTTP/1.1" 404 1097
186.67.172.234 - - [19/Mar/2018:09:59:12 -0300] "GET /cormun/static/Shared/jqueryui/images/ui-icons_8d78a5_256x240.png HTTP/1.1" 404 1089
186.67.172.234 - - [19/Mar/2018:09:59:12 -0300] "POST /cormun/servlet/trautorizarsolicitud?ea441d98f864f5fe8ab0f60df563bead,,gx-no-cache=1521464298242 HTTP/1.1" 200 5778
186.67.172.234 - - [19/Mar/2018:09:59:13 -0300] "POST /cormun/servlet/trautorizarsolicitud?ea441d98f864f5fe8ab0f60df563bead,,gx-no-cache=1521464299858 HTTP/1.1" 200 4608
186.67.172.234 - - [19/Mar/2018:09:59:14 -0300] "POST /cormun/servlet/trautorizarsolicitud?ea441d98f864f5fe8ab0f60df563bead,,gx-no-cache=1521464300143 HTTP/1.1" 200 4385
186.103.132.155 - - [19/Mar/2018:09:59:19 -0300] "GET /cormun/servlet/solicitudotadjuntos?4cee0f84d0fe1d35e485350f24e3ce3ffc7ce7b1c12cbcf2a0545d9e88129404,gx-no-cache=1521464308362 HTTP/1.1" 200 30
186.103.132.155 - - [19/Mar/2018:09:59:19 -0300] "GET /cormun/servlet/solicitudotadjuntos?4cee0f84d0fe1d35e485350f24e3ce3ffc7ce7b1c12cbcf2a0545d9e88129404,gx-no-cache=1521464308526 HTTP/1.1" 200 30
186.103.132.155 - - [19/Mar/2018:09:59:23 -0300] "POST /cormun/servlet/solicitudotadjuntos?e344c0d93ab73067bf0261b6fe99887a,INS,2018,10595,,1, HTTP/1.1" 200 116
186.103.132.155 - - [19/Mar/2018:09:59:24 -0300] "GET /cormun/servlet/hpexe_return? HTTP/1.1" 200 1024
186.103.132.155 - - [19/Mar/2018:09:59:24 -0300] "GET /cormun/servlet/trsolicitudadjuntos?2018,10595, HTTP/1.1" 200 9004
186.103.132.155 - - [19/Mar/2018:09:59:25 -0300] "GET /cormun/servlet/trsolicitudadjuntos?2018,10595, HTTP/1.1" 200 9001
186.103.132.155 - - [19/Mar/2018:09:59:28 -0300] "GET /cormun/servlet/solicitudotadjuntos?INS,2018,10595,,1, HTTP/1.1" 200 6243
186.103.132.155 - - [19/Mar/2018:09:59:28 -0300] "GET /cormun/static/about:blank HTTP/1.1" 404 1011
186.103.132.155 - - [19/Mar/2018:09:59:29 -0300] "GET /cormun/servlet/solicitudotadjuntos?INS,2018,10595,,1, HTTP/1.1" 200 6237
186.103.132.155 - - [19/Mar/2018:09:59:30 -0300] "GET /cormun/servlet/solicitudotadjuntos?4cee0f84d0fe1d35e485350f24e3ce3f83cde1833ce3ba7ad5e822d6b0d32dc42954543299a3a1faaee22b12de01ec73,gx-no-cache=1521464319163 HTTP/1.1" 200 30
186.103.132.155 - - [19/Mar/2018:09:59:30 -0300] "POST /cormun/servlet/solicitudotadjuntos?e344c0d93ab73067bf0261b6fe99887a,INS,2018,10595,,1,,gx-no-cache=1521464319367 HTTP/1.1" 200 4024
186.103.159.182 - - [19/Mar/2018:10:00:02 -0300] "GET /cormun/servlet/solicitudotcontratos?INS,2018,0,16253381,9,6,2018,2890,LEY+SEP,,2,B, HTTP/1.1" 200 10002
186.103.159.182 - - [19/Mar/2018:10:00:04 -0300] "GET /cormun/servlet/solicitudotcontratos?INS,2018,0,16253381,9,6,2018,2890,LEY+SEP,,2,B, HTTP/1.1" 200 10034
186.103.159.182 - - [19/Mar/2018:10:00:04 -0300] "GET /cormun/servlet/solicitudotcontratos?a3f9c758ff8e84b13ea1886379f699b04b872fc72456e3f9ee267407114e7610f9f0c2dfd25f8d09ef4478b0d4c6b203,gx-no-cache=1521464353824 HTTP/1.1" 200 30
186.103.159.182 - - [19/Mar/2018:10:00:04 -0300] "GET /cormun/servlet/solicitudotcontratos?a3f9c758ff8e84b13ea1886379f699b02b6404a3da46bcd998ce5291b5c5aa660570434da9b0b7cade8bf4dd578518c5,gx-no-cache=1521464353908 HTTP/1.1" 200 30
186.103.159.182 - - [19/Mar/2018:10:00:04 -0300] "GET /cormun/servlet/solicitudotcontratos?a3f9c758ff8e84b13ea1886379f699b0ea98f779695b89633a6ed16f2ca71bf3460c4ddfa4fcfc2573403dc376b9e4976ab1b3ae0249ccfe0ec6f6a859e8a02dad0dd9376c29811e59bf64ff73fbb23c3a2885731068dfef52b1bdd04cc2407929aeb36107be5a8c6ede129cca5bb8bd39fe8afc80906dc9da810d834b61b25d,gx-no-cache=1521464353956 HTTP/1.1" 200 50
186.103.159.182 - - [19/Mar/2018:10:00:05 -0300] "GET /cormun/servlet/solicitudotcontratos?a3f9c758ff8e84b13ea1886379f699b08ae3b3467ea8441419a3395b38dc6f2ed249f1db2f7a35447fc182c0b51fe5bb,gx-no-cache=1521464354022 HTTP/1.1" 200 30
186.103.159.182 - - [19/Mar/2018:10:00:05 -0300] "GET /cormun/servlet/solicitudotcontratos?a3f9c758ff8e84b13ea1886379f699b02860be399123486a95efb0f127c7a952969042f0d8fecbebabfb6f3924b3611e590322babb2255eceea7aef9a16fba936798e0136566f6ecf63e7b4dc9953fff80b0f6e450f60634c065a24314df24133d78cca9dcd649540ec4aae59cfa5b2b,gx-no-cache=1521464354128 HTTP/1.1" 200 30
186.103.159.182 - - [19/Mar/2018:10:00:05 -0300] "GET /cormun/servlet/solicitudotcontratos?a3f9c758ff8e84b13ea1886379f699b010bbeb46f08fac7c0b27fddeae25adbc9e2fa49c33ee299cf0e157957f26b99821e45f8af48f42b6765c639415951ffc590322babb2255eceea7aef9a16fba936247c8ceaf80b6f47c2c550b727247761438baa48fc58cf55c6c3ad1c276ae2dfc9c7dcc726cbfd11b4fc4ea063300ed2cee252163083aecdc15321ba031828f3a985fc00a7f77c165b03be861160bfc21e45f8af48f42b6765c639415951ffc1ad15369b3ddbb3d8134b7acd63e662b34969f06293f8152bcfdc45a0b0f6218dcbf6ba6fa356afdf6e41432d3bf9d6a2633bbe4c1f6c01412b9200d35608e01020e24d3c60a4707a981f73894134bff8ce1d5e1a9c9b91e5f820c95d0abbf121f3ec4304ab17869a5dc9d0f686b7a03a52eaa130bd3bbc3b0dd39875ebd6d1f5def6de4098f64f3feb7de7b8378e1442c302bfb93e2e1b90367e3315713f1df0c232b415d904b0c32edcc3d28c6f5033e79a9e464551a7a70d8f4ad652f8439af18731acafed65c88cb3276d8256f5717528b7a56884d6863d8996f131b3114d8cc7dbc6aebd453aed2f742061dcf431f3d627372acbff83d2cc1133b0c5751,gx-no-cache=1521464354256 HTTP/1.1" 200 79
186.103.159.182 - - [19/Mar/2018:10:00:21 -0300] "POST /cormun/servlet/solicitudotcontratos?ecd278aaa7de697feabb8e2c76721273,INS,2018,0,16253381,9,6,2018,2890,LEY+SEP,,2,B,,gx-no-cache=1521464369862 HTTP/1.1" 200 10792
186.103.159.182 - - [19/Mar/2018:10:00:21 -0300] "POST /cormun/servlet/solicitudotcontratos?gx-no-cache=1521464370568 HTTP/1.1" 200 1323
186.103.159.182 - - [19/Mar/2018:10:00:21 -0300] "POST /cormun/servlet/solicitudotcontratos?gx-no-cache=1521464370772 HTTP/1.1" 200 1219
186.103.159.182 - - [19/Mar/2018:10:00:22 -0300] "GET /cormun/servlet/solicitudotcontratos?a3f9c758ff8e84b13ea1886379f699b0796ac518871b755a6ee92879db477f663a57def6b0d184178b534b18a24aa814b42446aa0f4e388d2b9122b2b31dae855a07ab1fa42d2c2251fcc282e68935965c26044c5bfd6bb29d29f3f65b5bd440a95154828308cd5c03324dd13c5b1f76a9db06b9a83c0876a852517f63da27e5,gx-no-cache=1521464370970 HTTP/1.1" 200 30
186.103.159.182 - - [19/Mar/2018:10:00:22 -0300] "POST /cormun/servlet/solicitudotcontratos?ecd278aaa7de697feabb8e2c76721273,INS,2018,0,16253381,9,6,2018,2890,LEY+SEP,,2,B,,gx-no-cache=1521464371070 HTTP/1.1" 200 93
186.103.159.182 - - [19/Mar/2018:10:00:22 -0300] "GET /cormun/servlet/hpexe_return? HTTP/1.1" 200 1065
186.103.159.182 - - [19/Mar/2018:10:00:23 -0300] "GET /cormun/servlet/trcontratosolicitud?gx-no-cache=1521464288816 HTTP/1.1" 200 14565
186.103.159.182 - - [19/Mar/2018:10:00:25 -0300] "GET /cormun/servlet/trcontratosolicitud?gx-no-cache=1521464288816 HTTP/1.1" 200 14592
186.67.203.186 - - [19/Mar/2018:10:00:46 -0300] "POST /cormun/servlet/solicitudotadjuntos?gx-no-cache=1521464384317 HTTP/1.1" 200 26
186.67.203.186 - - [19/Mar/2018:10:00:46 -0300] "GET /cormun/servlet/solicitudotadjuntos?4cee0f84d0fe1d35e485350f24e3ce3ffc7ce7b1c12cbcf2a0545d9e88129404,gx-no-cache=1521464395653 HTTP/1.1" 200 30
186.67.203.186 - - [19/Mar/2018:10:00:46 -0300] "GET /cormun/servlet/solicitudotadjuntos?4cee0f84d0fe1d35e485350f24e3ce3ffc7ce7b1c12cbcf2a0545d9e88129404,gx-no-cache=1521464395778 HTTP/1.1" 200 30
186.67.203.186 - - [19/Mar/2018:10:00:47 -0300] "POST /cormun/servlet/solicitudotadjuntos?e344c0d93ab73067bf0261b6fe99887a,INS,2018,10595,,1,,gx-no-cache=1521464395963 HTTP/1.1" 200 93
186.67.203.186 - - [19/Mar/2018:10:00:47 -0300] "GET /cormun/servlet/hpexe_return? HTTP/1.1" 200 1024
186.67.203.186 - - [19/Mar/2018:10:00:47 -0300] "GET /cormun/servlet/trsolicitudadjuntos?2018,10595, HTTP/1.1" 200 9117
186.67.203.186 - - [19/Mar/2018:10:00:49 -0300] "GET /cormun/servlet/trsolicitudadjuntos?2018,10595, HTTP/1.1" 200 9114
186.103.159.182 - - [19/Mar/2018:10:00:56 -0300] "POST /cormun/servlet/trcontratosolicitud?ecd278aaa7de697feabb8e2c76721273,gx-no-cache=1521464288816,gx-no-cache=1521464405338 HTTP/1.1" 200 12199
200.72.197.82 - - [19/Mar/2018:10:01:10 -0300] "GET /cormun/servlet/solicitudotadjuntos?DLT,2018,10595,CERTIF4,0, HTTP/1.1" 200 6123
200.111.122.170 - - [19/Mar/2018:10:01:11 -0300] "GET /cormun/static/about:blank HTTP/1.1" 404 1011
200.111.122.170 - - [19/Mar/2018:10:01:12 -0300] "GET /cormun/static/Shared/jqueryui/images/ui-icons_82798d_256x240.png HTTP/1.1" 404 1089
200.72.197.82 - - [19/Mar/2018:10:01:12 -0300] "GET /cormun/static/Shared/jqueryui/images/ui-bg_highlight-soft_100_c6c2c8_1x100.png HTTP/1.1" 404 1117
200.111.122.170 - - [19/Mar/2018:10:01:12 -0300] "GET /cormun/static/Shared/jqueryui/images/ui-icons_8d78a5_256x240.png HTTP/1.1" 404 1089
200.72.197.82 - - [19/Mar/2018:10:01:12 -0300] "GET /cormun/static/Shared/jqueryui/images/ui-bg_flat_55_fafafa_40x100.png HTTP/1.1" 404 1097
186.103.132.155 - - [19/Mar/2018:10:01:12 -0300] "GET /cormun/servlet/solicitudotadjuntos?DLT,2018,10595,CERTIF4,0, HTTP/1.1" 200 6117
186.103.132.155 - - [19/Mar/2018:10:01:24 -0300] "POST /cormun/servlet/solicitudotadjuntos?e344c0d93ab73067bf0261b6fe99887a,DLT,2018,10595,CERTIF4,0,,gx-no-cache=1521464432996 HTTP/1.1" 200 90
186.103.132.155 - - [19/Mar/2018:10:01:24 -0300] "GET /cormun/servlet/hpexe_link HTTP/1.1" 200 985
186.103.132.155 - - [19/Mar/2018:10:01:24 -0300] "GET /cormun/servlet/trsolicitudadjuntos?2018,10595, HTTP/1.1" 200 9112
186.103.132.155 - - [19/Mar/2018:10:01:26 -0300] "GET /cormun/servlet/trsolicitudadjuntos?2018,10595, HTTP/1.1" 200 9113
186.103.132.155 - - [19/Mar/2018:10:01:32 -0300] "GET /cormun/servlet/solicitudotadjuntos?DLT,2018,10595,CERTIF4,0, HTTP/1.1" 200 6123
186.103.132.155 - - [19/Mar/2018:10:01:33 -0300] "GET /cormun/static/about:blank HTTP/1.1" 404 1011
200.111.122.170 - - [19/Mar/2018:10:01:34 -0300] "GET /cormun/static/Shared/jqueryui/images/ui-icons_82798d_256x240.png HTTP/1.1" 404 1089
