192.168.10.56 - - [19/Mar/2018:08:51:20 -0300] "GET /cormun/servlet/solicitudotlog?345ec90b37060adfa7ea94da059c0eb522dea5aa06bf7588194ed61d65e1a5889d886418793e5387b0512c71a403edf5b992218780739e16d357ba962864cc5a58141a4137579d506edf7fbf8215e347cc7d480a1b6931c06f15576afb0e4717b52eb5af7db357c56333945fd399c1c0631590160c8d276cc666ec6ad16c659209313bbfdfe16c200287c43cabed96204e6be6e6b6fe6e04fec8cd3d15412de3,gx-no-cache=1521460114315 HTTP/1.1" 200 94
192.168.10.56 - - [19/Mar/2018:08:51:28 -0300] "POST /cormun/servlet/solicitudotlog?a1cb8ccf417638ad91ae69e448c4e8ff,INS,2018,8090,0,APR,,gx-no-cache=1521460122874 HTTP/1.1" 200 93
192.168.10.56 - - [19/Mar/2018:08:51:28 -0300] "GET /cormun/servlet/hpexe_return? HTTP/1.1" 200 1020
192.168.10.56 - - [19/Mar/2018:08:51:29 -0300] "GET /cormun/servlet/trautorizarot HTTP/1.1" 200 16753
192.168.10.56 - - [19/Mar/2018:08:51:29 -0300] "GET /cormun/servlet/trautorizarot HTTP/1.1" 200 16748
192.168.10.56 - - [19/Mar/2018:08:51:31 -0300] "GET /cormun/servlet/hlogin HTTP/1.1" 200 1730
192.168.10.56 - - [19/Mar/2018:08:51:35 -0300] "POST /cormun/servlet/hlogin?a1cb8ccf417638ad91ae69e448c4e8ff,gx-no-cache=1521460129864 HTTP/1.1" 200 90
192.168.10.56 - - [19/Mar/2018:08:51:35 -0300] "GET /cormun/servlet/hpexe_link HTTP/1.1" 200 945
192.168.10.56 - - [19/Mar/2018:08:51:35 -0300] "GET /cormun/servlet/hhome HTTP/1.1" 200 4492
192.168.10.56 - - [19/Mar/2018:08:51:36 -0300] "GET /cormun/servlet/hhome HTTP/1.1" 200 4489
192.168.10.62 - - [19/Mar/2018:08:51:37 -0300] "GET /cormun/servlet/vesolicitudgral?2018,9722,, HTTP/1.1" 200 9151
192.168.10.62 - - [19/Mar/2018:08:51:37 -0300] "GET /cormun/pexe_scrolldiv.js HTTP/1.1" 404 1009
192.168.10.62 - - [19/Mar/2018:08:51:37 -0300] "GET /cormun/pexe_scrolldiv.js HTTP/1.1" 404 1009
192.168.10.62 - - [19/Mar/2018:08:51:38 -0300] "GET /cormun/servlet/vesolicitudgral?2018,9722,, HTTP/1.1" 200 9152
192.168.10.56 - - [19/Mar/2018:08:51:39 -0300] "GET /cormun/servlet/trsolicitudgral? HTTP/1.1" 200 11180
192.168.10.56 - - [19/Mar/2018:08:51:39 -0300] "GET /cormun/servlet/trsolicitudgral? HTTP/1.1" 200 11178
192.168.10.62 - - [19/Mar/2018:08:51:41 -0300] "GET /cormun/servlet/vesolicitudgral?2018,9722,,SolicitudOTLog HTTP/1.1" 200 9602
192.168.10.62 - - [19/Mar/2018:08:51:41 -0300] "GET /cormun/pexe_scrolldiv.js HTTP/1.1" 404 1009
192.168.10.62 - - [19/Mar/2018:08:51:41 -0300] "GET /cormun/pexe_scrolldiv.js HTTP/1.1" 404 1009
192.168.10.62 - - [19/Mar/2018:08:51:42 -0300] "GET /cormun/servlet/vesolicitudgral?2018,9722,,SolicitudOTLog HTTP/1.1" 200 9602
192.168.10.62 - - [19/Mar/2018:08:51:42 -0300] "POST /cormun/servlet/acontrolpreferencessavestate?None,FGONZALEZ,true HTTP/1.1" 200 35
192.168.10.62 - - [19/Mar/2018:08:51:44 -0300] "GET /cormun/servlet/vesolicitudgral?2018,9722,,SolicitudOTAdjuntos HTTP/1.1" 200 7732
192.168.10.62 - - [19/Mar/2018:08:51:44 -0300] "GET /cormun/pexe_scrolldiv.js HTTP/1.1" 404 1009
192.168.10.62 - - [19/Mar/2018:08:51:44 -0300] "GET /cormun/pexe_scrolldiv.js HTTP/1.1" 404 1009
192.168.10.62 - - [19/Mar/2018:08:51:44 -0300] "GET /cormun/servlet/vesolicitudgral?2018,9722,,SolicitudOTAdjuntos HTTP/1.1" 200 7732
192.168.10.62 - - [19/Mar/2018:08:51:45 -0300] "POST /cormun/servlet/acontrolpreferencessavestate?None,FGONZALEZ,true HTTP/1.1" 200 35
192.168.10.56 - - [19/Mar/2018:08:51:46 -0300] "GET /cormun/servlet/solicitudgral?UPD,2018,8264, HTTP/1.1" 200 12909
192.168.10.56 - - [19/Mar/2018:08:51:46 -0300] "GET /cormun/static/gxcfg.js?20181911354237 HTTP/1.1" 304 -
192.168.10.56 - - [19/Mar/2018:08:51:46 -0300] "GET /cormun/static/solicitudgral.js?20181911354326 HTTP/1.1" 304 -
192.168.10.56 - - [19/Mar/2018:08:51:47 -0300] "GET /cormun/servlet/solicitudgral?UPD,2018,8264, HTTP/1.1" 200 12919
192.168.10.56 - - [19/Mar/2018:08:51:47 -0300] "POST /cormun/servlet/solicitudgral?gx-no-cache=1521460141912 HTTP/1.1" 200 3892
192.168.10.56 - - [19/Mar/2018:08:51:47 -0300] "GET /cormun/servlet/solicitudgral?345ec90b37060adfa7ea94da059c0eb5fb50a93d5ef601c181e9ba29f733995ae39305ecd71ea536487bc3d7a069becf24d5267c0480bfead85cbc578d224fc9551bf9fdfa322b94a0ff272bbb4d2b243e68aa45783e344607cf813a5157e2dffd63f1c5b63eef19b614b65ebd18581adc970076d754fcd734aab4bb55d5b2a920a22b758ad0f505640aec42cfe7f32d00029bccd04fed0157abf734c069fcb0ae1764bef008f495270a7a76e325df06f0aafaf2bee4ea1d1363771c4bba020be7348a7c8a7f49dcc788312c3b3efcc4c5cd7cf211a7880d2666c0c7774cb98c172c48f9cacdbcb9022de4bac2b0441a9d886418793e5387b0512c71a403edf523d8426f5ccfe6b050a16e88fc82f8f1a767380b97e347117d59ae1b6196058602f09e6c92e0481009b9cd0d0215b6dcd77d96ad1e17289327550f6173fe708ee5a530572c38c2b77d904e56c9cb08d3,gx-no-cache=1521460142115 HTTP/1.1" 200 255
192.168.10.56 - - [19/Mar/2018:08:51:57 -0300] "GET /cormun/servlet/solicitudgral?345ec90b37060adfa7ea94da059c0eb5174f493689b7a9bd7fbb5c0c1259fdaf247880c75e216cb41c20dad2e94d319823d8426f5ccfe6b050a16e88fc82f8f1eac30258772f00f8c325de235f236a4d08d830c176a3a558d28099da4b3c7372dc9fc663ec0773d10ba16e718bf5d2fc52bc2a83cb2b0872a9cf8671426f568f85f3efbeb868b749cdc1b9f0dcf081810e5b453e3655c000b60acc0755383a4456b4a45210bd03ceec02124d0fb5ef9714b9db11069488dbbd0e30e6a74a6cb5091965f4843a746b6e0c63313232c73b95ccc0fcbc352d86827edf3314a29934282cf15c56c44493312fddd03e2e7b429451969d43445d1bf35a1dec5b7dbd1a52ed3970d6f05996a16d6914e82f500579e7c47649397a8b6c07a8f324ae8673ba566cdcb2ad89f11efb452bf95dbf69369463a7d3a1d399310df28eb130f34152162690977bce32262533500a7cc517261163b9f78fb20ccedec5cff7bdd65052ed3970d6f05996a16d6914e82f5005a9b2e51d496c1ef3c3b2e87ece9bdc8923f7ece1357024bb24312727abe6015c6d6f5359559863f5ed786f76b5f773b103a2e1f23f07b808417b697e7de41afa,gx-no-cache=1521460151940 HTTP/1.1" 200 48
192.168.10.56 - - [19/Mar/2018:08:52:01 -0300] "POST /cormun/servlet/solicitudgral?a1cb8ccf417638ad91ae69e448c4e8ff,UPD,2018,8264,,gx-no-cache=1521460155296 HTTP/1.1" 200 11786
192.168.10.56 - - [19/Mar/2018:08:52:01 -0300] "GET /cormun/servlet/solicitudgral?345ec90b37060adfa7ea94da059c0eb568d06c9ae5d703732aa8bc957f200deb4653ce52b74c3e8a3d93f76c047aea4bdbb73240392b1f669eada2b493d0136ec1726ead6676cb3bb35ec1d95e8f8b04a72bd699909036d7426ebcee0616a8a9da99b8306f35b8d4ffdc24e3863a62ab926c773bcf11f9e50725fb8d63a65a1cefa52860e6dfd2603a4e8b3ef228cd3587c33509bbf26ee2b3dc0837bb0ef1bb,gx-no-cache=1521460155483 HTTP/1.1" 200 29
192.168.10.56 - - [19/Mar/2018:08:52:01 -0300] "POST /cormun/servlet/solicitudgral?gx-no-cache=1521460155511 HTTP/1.1" 200 1295
192.168.10.56 - - [19/Mar/2018:08:52:01 -0300] "POST /cormun/servlet/solicitudgral?gx-no-cache=1521460155559 HTTP/1.1" 200 1217
192.168.10.56 - - [19/Mar/2018:08:52:05 -0300] "POST /cormun/servlet/solicitudgral?a1cb8ccf417638ad91ae69e448c4e8ff,UPD,2018,8264,,gx-no-cache=1521460159117 HTTP/1.1" 200 93
192.168.10.56 - - [19/Mar/2018:08:52:05 -0300] "GET /cormun/servlet/hpexe_return? HTTP/1.1" 200 1009
192.168.10.56 - - [19/Mar/2018:08:52:05 -0300] "GET /cormun/servlet/trsolicitudgral HTTP/1.1" 200 11185
192.168.10.56 - - [19/Mar/2018:08:52:05 -0300] "GET /cormun/servlet/trsolicitudgral HTTP/1.1" 200 11181
186.103.156.24 - - [19/Mar/2018:08:52:16 -0300] "GET /cormun/servlet/licenciaspermisos?39fd51248d8d6d6e262e7c49bbd1db90e60961fdd3f5a5a805dad4ab890341b487af505640e2e4c9f90be8c55752fb123e89c5213e22f40726893689fadc1a3bc5cc76a3289353a69567722a6cdb9a326de48f166cf278820c2593d1a72ffa29f08cd1fff423c7bce219e298c6843c1263c8c5e032f5721ea360fe34efbd7a36edeead759e11059508e012b856acde55b9ddf0b0fd820c93fa6c121534a9145a5fe2500cb06094af45e4bccdc9503ee4b7e518c409bcbda88c462bb706545928be20dece6fc092370f678ba6789947a4cd832e736ae90c4d0cb94fa92c2b8e9a,gx-no-cache=1521460285705 HTTP/1.1" 200 30
186.103.156.24 - - [19/Mar/2018:08:52:16 -0300] "GET /cormun/servlet/licenciaspermisos?39fd51248d8d6d6e262e7c49bbd1db902144b2675119874040bacdbbe5c56738520a1eea81582adab70d2df7760bc1ed9e230826beeebdfff9e5c7254e5b24e6814290b6e499b4bd0cc091f6810fc3c4d3bfa1b7eaaad1d713c1b83e9bbffee0e2d803e711ea30e7ad7055dbec88c99f0f5d4eea7b4f723de688cc465a1faed7bd57d5ebff98d7153018d9ebeff7eadaf40c0b25b454fe06ac21bda91cdb82b5d09e5aa440a1e071ccef39876a0184b6c2e816804a39188c592351413382505a3132a255f98f7093348df59b294900c9571a54906160751c1c679fc4825597c8,gx-no-cache=1521460285760 HTTP/1.1" 200 29
186.103.156.24 - - [19/Mar/2018:08:52:16 -0300] "POST /cormun/servlet/licenciaspermisos?dd2aac50cee4d5e1a17545a8b9fb2245,INS,0,,,,gx-no-cache=1521460285794 HTTP/1.1" 200 93
186.103.156.24 - - [19/Mar/2018:08:52:17 -0300] "GET /cormun/servlet/hpexe_return? HTTP/1.1" 200 1012
186.103.156.24 - - [19/Mar/2018:08:52:17 -0300] "GET /cormun/static/gxcfg.js?2016101716175148 HTTP/1.1" 304 -
186.103.156.24 - - [19/Mar/2018:08:52:17 -0300] "GET /cormun/servlet/trlicencias HTTP/1.1" 200 9905
186.103.156.24 - - [19/Mar/2018:08:52:18 -0300] "GET /cormun/servlet/trlicencias HTTP/1.1" 200 9900
192.168.10.56 - - [19/Mar/2018:08:52:19 -0300] "POST /cormun/servlet/trsolicitudgral?a1cb8ccf417638ad91ae69e448c4e8ff,gx-no-cache=1521460173021 HTTP/1.1" 200 9999
192.168.10.62 - - [19/Mar/2018:08:52:22 -0300] "POST /cormun/servlet/vesolicitudgral?f393f248b7dd55d1cd65639e50707783,2018,9722,,SolicitudOTAdjuntos,gx-no-cache=1521460177070 HTTP/1.1" 200 90
192.168.10.62 - - [19/Mar/2018:08:52:22 -0300] "GET /cormun/servlet/hpexe_link HTTP/1.1" 200 977
192.168.10.62 - - [19/Mar/2018:08:52:23 -0300] "GET /cormun/servlet/trsolicitudgral HTTP/1.1" 200 26015
192.168.10.62 - - [19/Mar/2018:08:52:24 -0300] "GET /cormun/servlet/trsolicitudgral HTTP/1.1" 200 26014
192.168.10.97 - - [19/Mar/2018:08:52:26 -0300] "POST /cormun/servlet/trsolicitudgral?2e64f380f9bcde0d387856e0e7cb3dca,,gx-no-cache=1521460302524 HTTP/1.1" 200 5917
192.168.10.97 - - [19/Mar/2018:08:52:28 -0300] "POST /cormun/servlet/trsolicitudgral?2e64f380f9bcde0d387856e0e7cb3dca,,gx-no-cache=1521460304412 HTTP/1.1" 200 5917
192.168.10.62 - - [19/Mar/2018:08:52:38 -0300] "GET /cormun/servlet/vesolicitudgral?2018,9722,, HTTP/1.1" 200 9151
192.168.10.62 - - [19/Mar/2018:08:52:38 -0300] "GET /cormun/pexe_scrolldiv.js HTTP/1.1" 404 1009
192.168.10.62 - - [19/Mar/2018:08:52:38 -0300] "GET /cormun/pexe_scrolldiv.js HTTP/1.1" 404 1009
192.168.10.62 - - [19/Mar/2018:08:52:39 -0300] "GET /cormun/servlet/vesolicitudgral?2018,9722,, HTTP/1.1" 200 9152
192.168.10.62 - - [19/Mar/2018:08:52:41 -0300] "POST /cormun/servlet/vesolicitudgral?f393f248b7dd55d1cd65639e50707783,2018,9722,,,gx-no-cache=1521460195263 HTTP/1.1" 200 115
192.168.10.62 - - [19/Mar/2018:08:52:41 -0300] "GET /cormun/servlet/solicitudotlog?INS,2018,9722,0,REC, HTTP/1.1" 200 6299
192.168.10.62 - - [19/Mar/2018:08:52:41 -0300] "GET /cormun/servlet/solicitudotlog?INS,2018,9722,0,REC, HTTP/1.1" 200 6293
192.168.10.62 - - [19/Mar/2018:08:52:41 -0300] "GET /cormun/servlet/solicitudotlog?82fa997e78dd8f5f746414074d973d2ddb06c0cc2a74775346aebfa10cf3df4de150ed51f34d56a232c42197f97eb085e391cb03df37756b72071b89d15ac7172e6dce3eca92bb4801b0a061cfcf71425db8694e288166a893a73df31c0f45bc23d4e2a521f2ef5e8251e6ea2d8c4cb69ae5d717902391f5c9e61f3fa6b58983f0ba30712b27dfece80a3c402482d0f8c4a41c949f81fcfa1932aef82a7ef56c,gx-no-cache=1521460196159 HTTP/1.1" 200 94
186.103.156.24 - - [19/Mar/2018:08:52:49 -0300] "GET /cormun/servlet/alicenciaprn?17378428,L,20180319000000,PU HTTP/1.1" 200 1557
186.103.156.24 - - [19/Mar/2018:08:53:00 -0300] "GET /cormun/servlet/trlicenciaspermisosadjuntos?17378428,20180319000000,L, HTTP/1.1" 200 6580
186.103.156.24 - - [19/Mar/2018:08:53:00 -0300] "GET /cormun/static/gxcfg.js?20177612163414 HTTP/1.1" 200 953
186.103.156.24 - - [19/Mar/2018:08:53:01 -0300] "GET /cormun/servlet/trlicenciaspermisosadjuntos?17378428,20180319000000,L, HTTP/1.1" 200 6580
192.168.10.97 - - [19/Mar/2018:08:53:05 -0300] "POST /cormun/servlet/trsolicitudgral?2e64f380f9bcde0d387856e0e7cb3dca,,gx-no-cache=1521460341580 HTTP/1.1" 200 7724
192.168.10.62 - - [19/Mar/2018:08:53:05 -0300] "POST /cormun/servlet/solicitudotlog?f393f248b7dd55d1cd65639e50707783,INS,2018,9722,0,REC,,gx-no-cache=1521460219640 HTTP/1.1" 200 93
192.168.10.62 - - [19/Mar/2018:08:53:05 -0300] "GET /cormun/servlet/hpexe_return? HTTP/1.1" 200 1026
192.168.10.62 - - [19/Mar/2018:08:53:05 -0300] "GET /cormun/servlet/vesolicitudgral?2018,9722,, HTTP/1.1" 200 9164
192.168.10.62 - - [19/Mar/2018:08:53:05 -0300] "GET /cormun/pexe_scrolldiv.js HTTP/1.1" 404 1009
192.168.10.62 - - [19/Mar/2018:08:53:05 -0300] "GET /cormun/pexe_scrolldiv.js HTTP/1.1" 404 1009
192.168.10.62 - - [19/Mar/2018:08:53:06 -0300] "GET /cormun/servlet/vesolicitudgral?2018,9722,, HTTP/1.1" 200 9161
192.168.10.62 - - [19/Mar/2018:08:53:07 -0300] "POST /cormun/servlet/vesolicitudgral?f393f248b7dd55d1cd65639e50707783,2018,9722,,,gx-no-cache=1521460221933 HTTP/1.1" 200 90
192.168.10.62 - - [19/Mar/2018:08:53:07 -0300] "GET /cormun/servlet/hpexe_link HTTP/1.1" 200 965
192.168.10.97 - - [19/Mar/2018:08:53:08 -0300] "GET /cormun/servlet/solicitudgral?UPD,2018,8097, HTTP/1.1" 200 12908
192.168.10.62 - - [19/Mar/2018:08:53:08 -0300] "GET /cormun/servlet/trsolicitudgral HTTP/1.1" 200 25661
192.168.10.97 - - [19/Mar/2018:08:53:08 -0300] "GET /cormun/servlet/solicitudgral?UPD,2018,8097, HTTP/1.1" 200 12917
186.103.156.24 - - [19/Mar/2018:08:53:09 -0300] "GET /cormun/servlet/licenciaspermisosadjuntos?INS,17378428,L,20180319000000,, HTTP/1.1" 200 5883
192.168.10.97 - - [19/Mar/2018:08:53:09 -0300] "POST /cormun/servlet/solicitudgral?gx-no-cache=1521460345621 HTTP/1.1" 200 3894
186.103.156.24 - - [19/Mar/2018:08:53:09 -0300] "GET /cormun/static/gxcfg.js?2017761263592 HTTP/1.1" 200 953
192.168.10.97 - - [19/Mar/2018:08:53:09 -0300] "GET /cormun/servlet/solicitudgral?09131c3cc67da8ea24a4754bb2d516de6c593d08316b4952501052150ecbe8400bbdb23fdef079a424de009313ee497595a9b67b61a5d5d9535e8c2947cc8142e283dbdc849fe3888a54fa41607379b218466c41a01e0fac059e8cfab3741674a9069c347d70a42af08738866d0a8a7d4033eb10f86edd7049b20677609c68ff9c02ce3bc3470636bc3ef9852b06f309ef99969caa4ae1ede8b4f29d1353383ac8858193f5cb487c05f909f463b3d06c9d1c0b52e48848dfbcb290fb40e8ea52a48e9eda8040f72934f936b46ef61408655de692923a30a68ae5acdc4a8abf6f6e7b91bcb24000ad8030847f2e86e6a18558ea2cb6db222bd5e922f6fbdd9ea349d40887090b412104198f687d12bd00ed8c5f667881019cdb9e9f4e5e0c63b61fca2797b9b6c253144a139adeb4b139b7fa9b876ef439bf5cf5b8d1e64ff131505040343b5ade2411ec23aef88e1e33,gx-no-cache=1521460346014 HTTP/1.1" 200 256
186.103.156.24 - - [19/Mar/2018:08:53:09 -0300] "GET /cormun/static/about:blank HTTP/1.1" 404 1011
192.168.10.62 - - [19/Mar/2018:08:53:09 -0300] "GET /cormun/servlet/trsolicitudgral HTTP/1.1" 200 25659
186.103.156.24 - - [19/Mar/2018:08:53:10 -0300] "GET /cormun/servlet/licenciaspermisosadjuntos?INS,17378428,L,20180319000000,, HTTP/1.1" 200 5872
186.103.159.182 - - [19/Mar/2018:08:53:14 -0300] "GET /cormun/servlet/hlogin HTTP/1.1" 200 1709
186.103.159.182 - - [19/Mar/2018:08:53:14 -0300] "GET /cormun/static/gxtimezone.js?85251 HTTP/1.1" 200 5781
186.103.159.182 - - [19/Mar/2018:08:53:14 -0300] "GET /cormun/static/hlogin.js?20175251213537 HTTP/1.1" 200 2136
186.103.159.182 - - [19/Mar/2018:08:53:14 -0300] "GET /cormun/static/messages.spa.js?85251 HTTP/1.1" 200 30736
186.103.159.182 - - [19/Mar/2018:08:53:14 -0300] "GET /cormun/static/Resources/Spanish/PXTools.css?11423723 HTTP/1.1" 200 89042
192.168.10.97 - - [19/Mar/2018:08:53:14 -0300] "GET /cormun/servlet/solicitudgral?09131c3cc67da8ea24a4754bb2d516dea97cbef27e422ae660977f2f6d198beb4aa9f708b62c3b2b9acd8fb15285dde949d40887090b412104198f687d12bd008b44759b5e367ee1397a8cbfdfc04a3c662b2cdd613f2e7648bdb0af3b4a955a229779ec82c49f23581e7f1ad57b02d33047583a8c9e7a99114307ac5ac9a951394b0df1595ab27be160bc0127ba3d7232a337be291eb1c360f25cb083fd34c686d35ca60ff273e731486fbad12daf0efd600b5ab9128b2ee605eb230ebd78f7e74bc97d50fa5ed5f6c21dd3c68d3727462b93fc67415d721a3f06c3e63bd80d3bdcff8405b4ca6e840b394e370d05b90f01cbb376001300c3cf85ee318a917181c1ff41cec01efb59f2bf8c6ed88c46316f047166e7554457996304617ec0b41928fea00a85877844ae4585a4816f550732486dcd2368eca86143492b4055f3a4cdc571a051a9db418d704712b820d79a59217cfd7d584e6eca5e2686c05f1c81c1ff41cec01efb59f2bf8c6ed88c46e06ac60d86954c5d61b375c094a309544bb81153ec3695496f03b23ef73208881d6069c0affcc9e5f636bc96089b8cab74edb2593ec87bd1bdc7c15f9d2bfeeb,gx-no-cache=1521460350767 HTTP/1.1" 200 48
186.103.159.182 - - [19/Mar/2018:08:53:14 -0300] "GET /cormun/static/gxcfg.js?20175251213516 HTTP/1.1" 200 953
186.103.159.182 - - [19/Mar/2018:08:53:14 -0300] "GET /cormun/static/gxgral.js?85251 HTTP/1.1" 200 384558
186.103.159.182 - - [19/Mar/2018:08:53:14 -0300] "GET /cormun/static/Resources/ComunLogin.png HTTP/1.1" 200 17326
186.103.159.182 - - [19/Mar/2018:08:53:14 -0300] "GET /cormun/static/Resources/indicator.gif HTTP/1.1" 200 1553
186.103.159.182 - - [19/Mar/2018:08:53:14 -0300] "GET /cormun/static/Resources/PXToolsLoginTop.png HTTP/1.1" 200 1337
186.103.159.182 - - [19/Mar/2018:08:53:14 -0300] "GET /cormun/static/Resources/PXToolsLoginBackground.png HTTP/1.1" 200 1164
186.103.159.182 - - [19/Mar/2018:08:53:14 -0300] "GET /cormun/static/Resources/PXToolsButtonLeft21.png HTTP/1.1" 200 1287
186.103.159.182 - - [19/Mar/2018:08:53:14 -0300] "GET /cormun/static/Resources/PXToolsButtonRight21.png HTTP/1.1" 200 1283
186.103.159.182 - - [19/Mar/2018:08:53:14 -0300] "GET /cormun/static/Resources/PXToolsButtonBackground2.png HTTP/1.1" 200 1181
186.103.159.182 - - [19/Mar/2018:08:53:14 -0300] "GET /cormun/static/Resources/PXToolsLoginBottom.png HTTP/1.1" 200 1389
192.168.10.97 - - [19/Mar/2018:08:53:16 -0300] "POST /cormun/servlet/solicitudgral?2e64f380f9bcde0d387856e0e7cb3dca,UPD,2018,8097,,gx-no-cache=1521460352929 HTTP/1.1" 200 11789
192.168.10.97 - - [19/Mar/2018:08:53:16 -0300] "GET /cormun/servlet/solicitudgral?09131c3cc67da8ea24a4754bb2d516def9c318a1e247408e6e54b62ec2e99c818fd24758d0e77173227c360952c997d3c7219d943558927ea3539283860169037756439c395bc9ea3e130103e2e36a67bb699088f581f19266f10050b7dfc2d809ec515ea0a1dbaa923a4246fd2868f7e13ded4afdccb3d41b8ca18d4c7e10cdd012eb90c44f3299c47874d482b3923bd9fb0b6536af93b48bca262d8eebe063,gx-no-cache=1521460353091 HTTP/1.1" 200 29
192.168.10.97 - - [19/Mar/2018:08:53:16 -0300] "POST /cormun/servlet/solicitudgral?gx-no-cache=1521460353139 HTTP/1.1" 200 1295
192.168.10.97 - - [19/Mar/2018:08:53:16 -0300] "POST /cormun/servlet/solicitudgral?gx-no-cache=1521460353198 HTTP/1.1" 200 1218
192.168.10.97 - - [19/Mar/2018:08:53:21 -0300] "POST /cormun/servlet/solicitudgral?2e64f380f9bcde0d387856e0e7cb3dca,UPD,2018,8097,,gx-no-cache=1521460357326 HTTP/1.1" 200 93
192.168.10.97 - - [19/Mar/2018:08:53:21 -0300] "GET /cormun/servlet/hpexe_return? HTTP/1.1" 200 1014
192.168.10.97 - - [19/Mar/2018:08:53:21 -0300] "GET /cormun/servlet/trsolicitudgral? HTTP/1.1" 200 10452
192.168.10.97 - - [19/Mar/2018:08:53:21 -0300] "GET /cormun/servlet/trsolicitudgral? HTTP/1.1" 200 10448
192.168.10.97 - - [19/Mar/2018:08:53:25 -0300] "GET /cormun/servlet/solicitudgral2?UPD,2018,8090, HTTP/1.1" 200 13064
192.168.10.97 - - [19/Mar/2018:08:53:25 -0300] "GET /cormun/static/solicitudgral2.js?20181911362067 HTTP/1.1" 304 -
192.168.10.97 - - [19/Mar/2018:08:53:25 -0300] "GET /cormun/servlet/solicitudgral2?UPD,2018,8090, HTTP/1.1" 200 13074
192.168.10.97 - - [19/Mar/2018:08:53:26 -0300] "POST /cormun/servlet/solicitudgral2?gx-no-cache=1521460362395 HTTP/1.1" 200 3909
192.168.10.97 - - [19/Mar/2018:08:53:26 -0300] "GET /cormun/servlet/solicitudgral2?09131c3cc67da8ea24a4754bb2d516de6c593d08316b4952501052150ecbe8400f156c64851bb70f05f863f5db6dfe2195a9b67b61a5d5d9535e8c2947cc8142e283dbdc849fe3888a54fa41607379b218466c41a01e0fac059e8cfab3741674a9069c347d70a42af08738866d0a8a7d4033eb10f86edd7049b20677609c68ff9c02ce3bc3470636bc3ef9852b06f309ef99969caa4ae1ede8b4f29d1353383ac8858193f5cb487c05f909f463b3d06c9d1c0b52e48848dfbcb290fb40e8ea52a48e9eda8040f72934f936b46ef61408655de692923a30a68ae5acdc4a8abf6f6e7b91bcb24000ad8030847f2e86e6a18558ea2cb6db222bd5e922f6fbdd9ea349d40887090b412104198f687d12bd00ed8c5f667881019cdb9e9f4e5e0c63b61fca2797b9b6c253144a139adeb4b139b7fa9b876ef439bf5cf5b8d1e64ff131505040343b5ade2411ec23aef88e1e33,gx-no-cache=1521460362547 HTTP/1.1" 200 255
192.168.10.97 - - [19/Mar/2018:08:53:26 -0300] "POST /cormun/servlet/solicitudgral2?gx-no-cache=1521460362606 HTTP/1.1" 200 1398
192.168.10.97 - - [19/Mar/2018:08:53:26 -0300] "GET /cormun/servlet/solicitudgral2?09131c3cc67da8ea24a4754bb2d516dec00dc0580848b455c2890713e8046b147b964112134ad741fde7aadd4ae3f0b648fdc2d4967a7063adae850eac1a18edf4609741d4a174556ee301f3e8854df6848da4eac77def5e4da8ae840c52e2df0a43455008a30beb1b85a8dfe446f20b,gx-no-cache=1521460362700 HTTP/1.1" 200 41
192.168.10.62 - - [19/Mar/2018:08:53:32 -0300] "GET /cormun/servlet/vesolicitudgral?2018,8805,, HTTP/1.1" 200 9109
192.168.10.62 - - [19/Mar/2018:08:53:32 -0300] "GET /cormun/pexe_scrolldiv.js HTTP/1.1" 404 1009
192.168.10.62 - - [19/Mar/2018:08:53:32 -0300] "GET /cormun/pexe_scrolldiv.js HTTP/1.1" 404 1009
192.168.10.62 - - [19/Mar/2018:08:53:32 -0300] "GET /cormun/servlet/vesolicitudgral?2018,8805,, HTTP/1.1" 200 9109
192.168.10.97 - - [19/Mar/2018:08:53:34 -0300] "POST /cormun/servlet/solicitudgral2?2e64f380f9bcde0d387856e0e7cb3dca,UPD,2018,8090,,gx-no-cache=1521460370249 HTTP/1.1" 200 11847
192.168.10.97 - - [19/Mar/2018:08:53:34 -0300] "GET /cormun/servlet/solicitudgral2?09131c3cc67da8ea24a4754bb2d516def9c318a1e247408e6e54b62ec2e99c818fd24758d0e77173227c360952c997d3c7219d943558927ea3539283860169037756439c395bc9ea3e130103e2e36a67bb699088f581f19266f10050b7dfc2d809ec515ea0a1dbaa923a4246fd2868f7e13ded4afdccb3d41b8ca18d4c7e10cdd012eb90c44f3299c47874d482b3923bd9fb0b6536af93b48bca262d8eebe063,gx-no-cache=1521460370447 HTTP/1.1" 200 29
192.168.10.97 - - [19/Mar/2018:08:53:34 -0300] "POST /cormun/servlet/solicitudgral2?gx-no-cache=1521460370493 HTTP/1.1" 200 1295
192.168.10.97 - - [19/Mar/2018:08:53:34 -0300] "POST /cormun/servlet/solicitudgral2?gx-no-cache=1521460370526 HTTP/1.1" 200 1218
192.168.10.97 - - [19/Mar/2018:08:53:34 -0300] "GET /cormun/servlet/solicitudgral2?09131c3cc67da8ea24a4754bb2d516de0c872ca4e0c472d048f90400fd1a6f518cad5348c17819107af5592597df9fc17d7afbcdaa60da3cdae42668fe08788d7529e4a409e5d3d4d8d4378fe510a03c2e80757d3658fe6408ceb27fefca7dfb2e47a73268963a2ace5904fe6e2b8c8b2cc983cbe2b42d174a7493bc51476d73,gx-no-cache=1521460370555 HTTP/1.1" 200 30
186.103.156.24 - - [19/Mar/2018:08:53:37 -0300] "POST /cormun/servlet/licenciaspermisosadjuntos?dd2aac50cee4d5e1a17545a8b9fb2245,INS,17378428,L,20180319000000,, HTTP/1.1" 200 116
186.103.156.24 - - [19/Mar/2018:08:53:37 -0300] "GET /cormun/servlet/hpexe_return? HTTP/1.1" 200 1043
192.168.10.62 - - [19/Mar/2018:08:53:38 -0300] "POST /cormun/servlet/vesolicitudgral?f393f248b7dd55d1cd65639e50707783,2018,8805,,,gx-no-cache=1521460252357 HTTP/1.1" 200 115
186.103.156.24 - - [19/Mar/2018:08:53:38 -0300] "GET /cormun/servlet/trlicenciaspermisosadjuntos?17378428,20180319000000,L, HTTP/1.1" 200 7088
192.168.10.62 - - [19/Mar/2018:08:53:38 -0300] "GET /cormun/servlet/solicitudotlog?INS,2018,8805,0,REC, HTTP/1.1" 200 6299
192.168.10.62 - - [19/Mar/2018:08:53:38 -0300] "GET /cormun/servlet/solicitudotlog?INS,2018,8805,0,REC, HTTP/1.1" 200 6294
192.168.10.97 - - [19/Mar/2018:08:53:38 -0300] "POST /cormun/servlet/solicitudgral2?2e64f380f9bcde0d387856e0e7cb3dca,UPD,2018,8090,,gx-no-cache=1521460375046 HTTP/1.1" 200 93
186.103.156.24 - - [19/Mar/2018:08:53:38 -0300] "GET /cormun/servlet/trlicenciaspermisosadjuntos?17378428,20180319000000,L, HTTP/1.1" 200 7086
192.168.10.97 - - [19/Mar/2018:08:53:38 -0300] "GET /cormun/servlet/hpexe_return? HTTP/1.1" 200 1015
192.168.10.62 - - [19/Mar/2018:08:53:39 -0300] "GET /cormun/servlet/solicitudotlog?82fa997e78dd8f5f746414074d973d2dc3eddf59fe45dcb742ebcf354f3945c2e150ed51f34d56a232c42197f97eb085e391cb03df37756b72071b89d15ac7172e6dce3eca92bb4801b0a061cfcf71425db8694e288166a893a73df31c0f45bc23d4e2a521f2ef5e8251e6ea2d8c4cb69ae5d717902391f5c9e61f3fa6b58983f0ba30712b27dfece80a3c402482d0f8c4a41c949f81fcfa1932aef82a7ef56c,gx-no-cache=1521460253322 HTTP/1.1" 200 94
192.168.10.97 - - [19/Mar/2018:08:53:39 -0300] "GET /cormun/servlet/trsolicitudgral HTTP/1.1" 200 9082
192.168.10.97 - - [19/Mar/2018:08:53:39 -0300] "GET /cormun/servlet/trsolicitudgral HTTP/1.1" 200 9079
192.168.10.62 - - [19/Mar/2018:08:53:50 -0300] "POST /cormun/servlet/solicitudotlog?f393f248b7dd55d1cd65639e50707783,INS,2018,8805,0,REC,,gx-no-cache=1521460264272 HTTP/1.1" 200 93
192.168.10.62 - - [19/Mar/2018:08:53:50 -0300] "GET /cormun/servlet/hpexe_return? HTTP/1.1" 200 1026
192.168.10.62 - - [19/Mar/2018:08:53:50 -0300] "GET /cormun/servlet/vesolicitudgral?2018,8805,, HTTP/1.1" 200 9119
192.168.10.62 - - [19/Mar/2018:08:53:50 -0300] "GET /cormun/pexe_scrolldiv.js HTTP/1.1" 404 1009
192.168.10.62 - - [19/Mar/2018:08:53:50 -0300] "GET /cormun/pexe_scrolldiv.js HTTP/1.1" 404 1009
192.168.10.62 - - [19/Mar/2018:08:53:50 -0300] "GET /cormun/servlet/vesolicitudgral?2018,8805,, HTTP/1.1" 200 9114
192.168.10.97 - - [19/Mar/2018:08:53:51 -0300] "POST /cormun/servlet/trsolicitudgral?2e64f380f9bcde0d387856e0e7cb3dca,gx-no-cache=1521460387550 HTTP/1.1" 200 5924
186.103.156.24 - - [19/Mar/2018:08:53:52 -0300] "GET /cormun/servlet/trlicencias? HTTP/1.1" 200 9901
192.168.10.62 - - [19/Mar/2018:08:53:52 -0300] "POST /cormun/servlet/vesolicitudgral?f393f248b7dd55d1cd65639e50707783,2018,8805,,,gx-no-cache=1521460266569 HTTP/1.1" 200 93
192.168.10.62 - - [19/Mar/2018:08:53:52 -0300] "GET /cormun/servlet/hpexe_return? HTTP/1.1" 200 1009
186.103.156.24 - - [19/Mar/2018:08:53:52 -0300] "GET /cormun/servlet/trlicencias? HTTP/1.1" 200 9900
192.168.10.62 - - [19/Mar/2018:08:53:53 -0300] "GET /cormun/servlet/trsolicitudgral HTTP/1.1" 200 25328
192.168.10.62 - - [19/Mar/2018:08:53:54 -0300] "GET /cormun/servlet/trsolicitudgral HTTP/1.1" 200 25323
186.103.156.24 - - [19/Mar/2018:08:53:55 -0300] "GET /cormun/servlet/alicenciaprn?17378428,L,20180319000000,PU HTTP/1.1" 200 1556
192.168.10.62 - - [19/Mar/2018:08:53:57 -0300] "GET /cormun/servlet/vesolicitudgral?2018,8733,, HTTP/1.1" 200 9112
192.168.10.62 - - [19/Mar/2018:08:53:57 -0300] "GET /cormun/pexe_scrolldiv.js HTTP/1.1" 404 1009
192.168.10.62 - - [19/Mar/2018:08:53:57 -0300] "GET /cormun/pexe_scrolldiv.js HTTP/1.1" 404 1009
192.168.10.62 - - [19/Mar/2018:08:53:57 -0300] "GET /cormun/servlet/vesolicitudgral?2018,8733,, HTTP/1.1" 200 9112
192.168.10.62 - - [19/Mar/2018:08:53:58 -0300] "POST /cormun/servlet/vesolicitudgral?f393f248b7dd55d1cd65639e50707783,2018,8733,,,gx-no-cache=1521460273109 HTTP/1.1" 200 115
192.168.10.62 - - [19/Mar/2018:08:53:59 -0300] "GET /cormun/servlet/solicitudotlog?INS,2018,8733,0,REC, HTTP/1.1" 200 6299
192.168.10.62 - - [19/Mar/2018:08:53:59 -0300] "GET /cormun/servlet/solicitudotlog?INS,2018,8733,0,REC, HTTP/1.1" 200 6293
192.168.10.62 - - [19/Mar/2018:08:53:59 -0300] "GET /cormun/servlet/solicitudotlog?82fa997e78dd8f5f746414074d973d2d2598acd7ecd59ab1beee865eed76695ce150ed51f34d56a232c42197f97eb085e391cb03df37756b72071b89d15ac7172e6dce3eca92bb4801b0a061cfcf71425db8694e288166a893a73df31c0f45bc23d4e2a521f2ef5e8251e6ea2d8c4cb69ae5d717902391f5c9e61f3fa6b58983f0ba30712b27dfece80a3c402482d0f8c4a41c949f81fcfa1932aef82a7ef56c,gx-no-cache=1521460274049 HTTP/1.1" 200 94
192.168.10.97 - - [19/Mar/2018:08:54:04 -0300] "POST /cormun/servlet/trsolicitudgral?2e64f380f9bcde0d387856e0e7cb3dca,gx-no-cache=1521460400652 HTTP/1.1" 200 5925
192.168.10.62 - - [19/Mar/2018:08:54:12 -0300] "POST /cormun/servlet/solicitudotlog?f393f248b7dd55d1cd65639e50707783,INS,2018,8733,0,REC,,gx-no-cache=1521460286672 HTTP/1.1" 200 93
192.168.10.62 - - [19/Mar/2018:08:54:12 -0300] "GET /cormun/servlet/hpexe_return? HTTP/1.1" 200 1026
192.168.10.62 - - [19/Mar/2018:08:54:12 -0300] "GET /cormun/servlet/vesolicitudgral?2018,8733,, HTTP/1.1" 200 9122
192.168.10.62 - - [19/Mar/2018:08:54:12 -0300] "GET /cormun/pexe_scrolldiv.js HTTP/1.1" 404 1009
192.168.10.62 - - [19/Mar/2018:08:54:12 -0300] "GET /cormun/pexe_scrolldiv.js HTTP/1.1" 404 1009
192.168.10.62 - - [19/Mar/2018:08:54:13 -0300] "GET /cormun/servlet/vesolicitudgral?2018,8733,, HTTP/1.1" 200 9119
192.168.10.97 - - [19/Mar/2018:08:54:14 -0300] "POST /cormun/servlet/trsolicitudgral?2e64f380f9bcde0d387856e0e7cb3dca,gx-no-cache=1521460410556 HTTP/1.1" 200 5926
192.168.10.62 - - [19/Mar/2018:08:54:14 -0300] "POST /cormun/servlet/vesolicitudgral?f393f248b7dd55d1cd65639e50707783,2018,8733,,,gx-no-cache=1521460288923 HTTP/1.1" 200 90
192.168.10.62 - - [19/Mar/2018:08:54:14 -0300] "GET /cormun/servlet/hpexe_link HTTP/1.1" 200 966
192.168.10.62 - - [19/Mar/2018:08:54:15 -0300] "GET /cormun/servlet/trsolicitudgral HTTP/1.1" 200 24971
192.168.10.62 - - [19/Mar/2018:08:54:16 -0300] "GET /cormun/servlet/trsolicitudgral HTTP/1.1" 200 24970
192.168.10.97 - - [19/Mar/2018:08:54:26 -0300] "POST /cormun/servlet/trsolicitudgral?2e64f380f9bcde0d387856e0e7cb3dca,gx-no-cache=1521460422462 HTTP/1.1" 200 5925
192.168.10.97 - - [19/Mar/2018:08:54:36 -0300] "POST /cormun/servlet/trsolicitudgral?2e64f380f9bcde0d387856e0e7cb3dca,gx-no-cache=1521460432670 HTTP/1.1" 200 5922
192.168.10.62 - - [19/Mar/2018:08:54:38 -0300] "POST /cormun/servlet/trsolicitudgral?f393f248b7dd55d1cd65639e50707783,gx-no-cache=1521460311585 HTTP/1.1" 200 22248
192.168.10.62 - - [19/Mar/2018:08:54:40 -0300] "POST /cormun/servlet/trsolicitudgral?f393f248b7dd55d1cd65639e50707783,gx-no-cache=1521460314444 HTTP/1.1" 200 105
192.168.10.62 - - [19/Mar/2018:08:54:40 -0300] "GET /cormun/SolicitudGral-7861.xls HTTP/1.1" 200 24064
192.168.10.97 - - [19/Mar/2018:08:54:44 -0300] "POST /cormun/servlet/trsolicitudgral?2e64f380f9bcde0d387856e0e7cb3dca,gx-no-cache=1521460440276 HTTP/1.1" 200 7784
186.103.156.24 - - [19/Mar/2018:08:55:21 -0300] "POST /cormun/servlet/trlicencias?dd2aac50cee4d5e1a17545a8b9fb2245,,gx-no-cache=1521460469685 HTTP/1.1" 200 7147
186.103.156.24 - - [19/Mar/2018:08:55:21 -0300] "GET /cormun/static/Shared/jqueryui/images/ui-icons_82798d_256x240.png HTTP/1.1" 404 1089
186.103.156.24 - - [19/Mar/2018:08:55:21 -0300] "GET /cormun/static/Shared/jqueryui/images/ui-bg_highlight-soft_100_c6c2c8_1x100.png HTTP/1.1" 404 1117
186.103.156.24 - - [19/Mar/2018:08:55:21 -0300] "GET /cormun/static/Shared/jqueryui/images/ui-icons_8d78a5_256x240.png HTTP/1.1" 404 1089
186.103.156.24 - - [19/Mar/2018:08:55:21 -0300] "GET /cormun/static/Shared/jqueryui/images/ui-bg_flat_55_fafafa_40x100.png HTTP/1.1" 404 1097
192.168.10.97 - - [19/Mar/2018:08:55:24 -0300] "POST /cormun/servlet/trsolicitudgral?2e64f380f9bcde0d387856e0e7cb3dca,gx-no-cache=1521460480431 HTTP/1.1" 200 115
192.168.10.97 - - [19/Mar/2018:08:55:24 -0300] "GET /cormun/servlet/solicitudotlog?INS,2018,9841,0,REC, HTTP/1.1" 200 6372
192.168.10.97 - - [19/Mar/2018:08:55:24 -0300] "GET /cormun/static/gxcfg.js?2017761245646 HTTP/1.1" 304 -
192.168.10.97 - - [19/Mar/2018:08:55:24 -0300] "GET /cormun/servlet/solicitudotlog?INS,2018,9841,0,REC, HTTP/1.1" 200 6372
192.168.10.97 - - [19/Mar/2018:08:55:25 -0300] "GET /cormun/servlet/solicitudotlog?09131c3cc67da8ea24a4754bb2d516de6ed1f8159ccaeddbccd2f094e125a4068558ea2cb6db222bd5e922f6fbdd9ea3cbfa974391913d4c651c5c2130bfe0ff0954d36c2d381c5f1a2c6224186003806cc8af9a94ff63dd72ae9cde9ca048b90308187e5fa3d9a5a5c4398e13820105729015f2ee3008331c5649b7f04b58f6cae5e37f8ed9f6c54740a392cf561652c2983b548c02a9b42e001ce000c216f1,gx-no-cache=1521460481410 HTTP/1.1" 200 94
192.168.10.97 - - [19/Mar/2018:08:55:47 -0300] "POST /cormun/servlet/solicitudotlog?2e64f380f9bcde0d387856e0e7cb3dca,INS,2018,9841,0,REC,,gx-no-cache=1521460503431 HTTP/1.1" 200 93
192.168.10.97 - - [19/Mar/2018:08:55:47 -0300] "GET /cormun/servlet/hpexe_return? HTTP/1.1" 200 1044
192.168.10.97 - - [19/Mar/2018:08:55:47 -0300] "GET /cormun/servlet/trsolicitudgral?gx-no-cache=1521460440276 HTTP/1.1" 200 10457
192.168.10.97 - - [19/Mar/2018:08:55:47 -0300] "GET /cormun/servlet/trsolicitudgral?gx-no-cache=1521460440276 HTTP/1.1" 200 10475
192.168.10.97 - - [19/Mar/2018:08:55:50 -0300] "POST /cormun/servlet/trsolicitudgral?2e64f380f9bcde0d387856e0e7cb3dca,gx-no-cache=1521460440276,gx-no-cache=1521460507235 HTTP/1.1" 200 115
192.168.10.97 - - [19/Mar/2018:08:55:50 -0300] "GET /cormun/servlet/solicitudotlog?INS,2018,9806,0,REC, HTTP/1.1" 200 6393
192.168.10.97 - - [19/Mar/2018:08:55:51 -0300] "GET /cormun/servlet/solicitudotlog?INS,2018,9806,0,REC, HTTP/1.1" 200 6372
192.168.10.97 - - [19/Mar/2018:08:55:51 -0300] "GET /cormun/servlet/solicitudotlog?09131c3cc67da8ea24a4754bb2d516de37c56ad7bd5acda459bd0d0b9348dd6b8558ea2cb6db222bd5e922f6fbdd9ea3cbfa974391913d4c651c5c2130bfe0ff0954d36c2d381c5f1a2c6224186003806cc8af9a94ff63dd72ae9cde9ca048b90308187e5fa3d9a5a5c4398e13820105729015f2ee3008331c5649b7f04b58f6cae5e37f8ed9f6c54740a392cf561652c2983b548c02a9b42e001ce000c216f1,gx-no-cache=1521460508044 HTTP/1.1" 200 94
192.168.10.97 - - [19/Mar/2018:08:56:09 -0300] "POST /cormun/servlet/solicitudotlog?2e64f380f9bcde0d387856e0e7cb3dca,INS,2018,9806,0,REC,,gx-no-cache=1521460525741 HTTP/1.1" 200 93
192.168.10.97 - - [19/Mar/2018:08:56:09 -0300] "GET /cormun/servlet/hpexe_return? HTTP/1.1" 200 1044
192.168.10.97 - - [19/Mar/2018:08:56:09 -0300] "GET /cormun/servlet/trsolicitudgral?gx-no-cache=1521460440276 HTTP/1.1" 200 9082
192.168.10.97 - - [19/Mar/2018:08:56:10 -0300] "GET /cormun/servlet/trsolicitudgral?gx-no-cache=1521460440276 HTTP/1.1" 200 9098
192.168.10.97 - - [19/Mar/2018:08:56:18 -0300] "POST /cormun/servlet/trsolicitudgral?2e64f380f9bcde0d387856e0e7cb3dca,gx-no-cache=1521460440276,gx-no-cache=1521460534982 HTTP/1.1" 200 5923
192.168.10.97 - - [19/Mar/2018:08:56:26 -0300] "POST /cormun/servlet/trsolicitudgral?2e64f380f9bcde0d387856e0e7cb3dca,gx-no-cache=1521460440276,gx-no-cache=1521460542387 HTTP/1.1" 200 5923
192.168.10.97 - - [19/Mar/2018:08:56:33 -0300] "POST /cormun/servlet/trsolicitudgral?2e64f380f9bcde0d387856e0e7cb3dca,gx-no-cache=1521460440276,gx-no-cache=1521460550019 HTTP/1.1" 200 5923
192.168.10.97 - - [19/Mar/2018:08:56:39 -0300] "POST /cormun/servlet/trsolicitudgral?2e64f380f9bcde0d387856e0e7cb3dca,gx-no-cache=1521460440276,gx-no-cache=1521460555356 HTTP/1.1" 200 7660
186.103.159.189 - - [19/Mar/2018:08:56:50 -0300] "GET /cormun/servlet/hlogin HTTP/1.1" 200 1716
186.103.159.189 - - [19/Mar/2018:08:56:53 -0300] "GET /cormun/static/gxtimezone.js?85251 HTTP/1.1" 304 -
186.103.159.189 - - [19/Mar/2018:08:56:53 -0300] "GET /cormun/static/messages.spa.js?85251 HTTP/1.1" 304 -
186.103.159.189 - - [19/Mar/2018:08:56:54 -0300] "GET /cormun/servlet/hlogin HTTP/1.1" 200 1727
186.103.159.189 - - [19/Mar/2018:08:57:03 -0300] "POST /cormun/servlet/hlogin?bd51164c1ea0fdff631545379539d5cb,gx-no-cache=1521460572550 HTTP/1.1" 200 90
186.103.159.189 - - [19/Mar/2018:08:57:04 -0300] "GET /cormun/servlet/hpexe_link HTTP/1.1" 200 946
186.103.159.189 - - [19/Mar/2018:08:57:05 -0300] "GET /cormun/servlet/hhome HTTP/1.1" 200 3982
186.103.159.189 - - [19/Mar/2018:08:57:08 -0300] "GET /cormun/servlet/hhome HTTP/1.1" 200 3979
186.103.159.189 - - [19/Mar/2018:08:57:24 -0300] "GET /cormun/servlet/trrenuncias? HTTP/1.1" 200 7612
186.103.159.189 - - [19/Mar/2018:08:57:24 -0300] "GET /cormun/static/gxcfg.js?20175251282642 HTTP/1.1" 200 953
186.103.159.189 - - [19/Mar/2018:08:57:24 -0300] "GET /cormun/static/calendar.js?85251 HTTP/1.1" 304 -
186.103.159.189 - - [19/Mar/2018:08:57:24 -0300] "GET /cormun/static/calendar-setup.js?85251 HTTP/1.1" 304 -
186.103.159.189 - - [19/Mar/2018:08:57:24 -0300] "GET /cormun/static/calendar-es.js?85251 HTTP/1.1" 304 -
186.103.159.189 - - [19/Mar/2018:08:57:24 -0300] "GET /cormun/static/gxdec.js?85251 HTTP/1.1" 304 -
186.103.159.189 - - [19/Mar/2018:08:57:24 -0300] "GET /cormun/static/trrenuncias.js?20175251283179 HTTP/1.1" 200 31174
186.103.159.189 - - [19/Mar/2018:08:57:26 -0300] "GET /cormun/servlet/trrenuncias? HTTP/1.1" 200 7612
186.103.159.189 - - [19/Mar/2018:08:57:34 -0300] "GET /cormun/servlet/trrenunciasadjuntos?124,17375587, HTTP/1.1" 200 5975
186.103.159.189 - - [19/Mar/2018:08:57:35 -0300] "GET /cormun/static/gxcfg.js?20177612185036 HTTP/1.1" 200 953
186.103.159.189 - - [19/Mar/2018:08:57:35 -0300] "GET /cormun/static/trrenunciasadjuntos.js?20177612185280 HTTP/1.1" 200 15250
186.103.159.189 - - [19/Mar/2018:08:57:36 -0300] "GET /cormun/servlet/trrenunciasadjuntos?124,17375587, HTTP/1.1" 200 5976
200.54.247.70 - - [19/Mar/2018:08:57:36 -0300] "GET /cormun/servlet/solicitudot?301ef5158d811147f9c2254c64601f7e82a927c377b95723a1fb9780a2d570c247143aefae740f2e5a2247cb1a591930,gx-no-cache=1521460603616 HTTP/1.1" 440 972
200.54.247.70 - - [19/Mar/2018:08:57:41 -0300] "GET /cormun/servlet/solicitudot?INS,0,0, HTTP/1.1" 200 12652
200.54.247.70 - - [19/Mar/2018:08:57:41 -0300] "POST /cormun/servlet/solicitudot?gx-no-cache=1521460608044 HTTP/1.1" 440 972
200.54.247.70 - - [19/Mar/2018:08:57:41 -0300] "GET /cormun/servlet/solicitudot?301ef5158d811147f9c2254c64601f7e82a927c377b95723a1fb9780a2d570c247143aefae740f2e5a2247cb1a591930,gx-no-cache=1521460608508 HTTP/1.1" 440 972
200.54.247.70 - - [19/Mar/2018:08:57:43 -0300] "GET /cormun/servlet/solicitudot?INS,0,0, HTTP/1.1" 200 12652
200.54.247.70 - - [19/Mar/2018:08:57:43 -0300] "POST /cormun/servlet/solicitudot?gx-no-cache=1521460609652 HTTP/1.1" 440 972
200.54.247.70 - - [19/Mar/2018:08:57:45 -0300] "GET /cormun/servlet/solicitudot?301ef5158d811147f9c2254c64601f7eec659fa096084462fb8977bedf10aa1daf2826dd919691bb971be3bed762e1adce86d83d2de823fad92194d5814b8f4aa432647a97d62a0b558addcf7aeb5a6e101efb093e10a90cc1910dee0f6e7f251582349bc02f0b4114affb17947db51a15469f27895989ceb50fe8150e948ebe8ffa8dbce109f220c4fc51716e3cd27b130a3d8b4abc96f7a9d2e0511ed67b7ddead9099ab7a12b49b7a3fb82f1570518c70213af3e3d71a52c171f14129da6749cbdf88c2fb91504b66418c68060ec7f09bf69e4653bdb70868eb2ea4f9fee76814bf1b99d2103c1f6a9c62e4d63a437954d1b213d1de9d211461ff42bf422b61dbe3fa6246f748267b5fb0a3f9940f890a3878aeb6b6e1f95a1d4ac27d3b2fde09757a69baaeefa5245f34bec2948235ba6c0c37a71ca2966ff1f47b98bfbb9196b4b0ba58ec150a6f69fdb6124a2f81197212d15e7c8288a4b07ffa895906f4e40dcacaac08c9924afbb9f04a431563201a8e1cff3cd5341694f111c069d0,gx-no-cache=1521460612132 HTTP/1.1" 500 10
200.54.247.70 - - [19/Mar/2018:08:57:45 -0300] "GET /cormun/servlet/solicitudot?INS,0,0, HTTP/1.1" 200 12652
200.54.247.70 - - [19/Mar/2018:08:57:45 -0300] "POST /cormun/servlet/solicitudot?gx-no-cache=1521460612289 HTTP/1.1" 440 972
200.54.247.70 - - [19/Mar/2018:08:57:52 -0300] "POST /cormun/servlet/solicitudot?gx-no-cache=1521460618901 HTTP/1.1" 440 972
186.103.159.189 - - [19/Mar/2018:08:57:53 -0300] "GET /cormun/servlet/renunciasadjuntos?INS,124,, HTTP/1.1" 200 5320
186.103.159.189 - - [19/Mar/2018:08:57:54 -0300] "GET /cormun/static/gxcfg.js?2017761273622 HTTP/1.1" 200 953
186.103.159.189 - - [19/Mar/2018:08:57:54 -0300] "GET /cormun/static/renunciasadjuntos.js?2017761273629 HTTP/1.1" 200 5937
186.103.159.189 - - [19/Mar/2018:08:57:54 -0300] "GET /cormun/static/about:blank HTTP/1.1" 404 1011
200.54.247.70 - - [19/Mar/2018:08:57:54 -0300] "POST /cormun/servlet/solicitudot?gx-no-cache=1521460620944 HTTP/1.1" 440 972
200.54.247.70 - - [19/Mar/2018:08:57:54 -0300] "GET /cormun/servlet/solicitudot?INS,0,0, HTTP/1.1" 200 12652
186.103.159.189 - - [19/Mar/2018:08:57:55 -0300] "GET /cormun/servlet/renunciasadjuntos?INS,124,, HTTP/1.1" 200 5305
200.54.247.70 - - [19/Mar/2018:08:57:56 -0300] "POST /cormun/servlet/solicitudot?gx-no-cache=1521460622598 HTTP/1.1" 440 972
200.54.247.70 - - [19/Mar/2018:08:58:04 -0300] "POST /cormun/servlet/solicitudot?gx-no-cache=1521460631149 HTTP/1.1" 440 972
200.54.247.70 - - [19/Mar/2018:08:58:04 -0300] "GET /cormun/servlet/solicitudot?INS,0,0, HTTP/1.1" 200 12652
200.54.247.70 - - [19/Mar/2018:08:58:05 -0300] "GET /cormun/servlet/solicitudot?301ef5158d811147f9c2254c64601f7e45b0e751980fdfa171071228fcc35b29bb58918653c3ca47526081e201643fce,gx-no-cache=1521460632289 HTTP/1.1" 440 972
200.54.247.70 - - [19/Mar/2018:08:58:05 -0300] "GET /cormun/servlet/solicitudot?INS,0,0, HTTP/1.1" 200 12652
200.54.247.70 - - [19/Mar/2018:08:58:06 -0300] "POST /cormun/servlet/solicitudot?gx-no-cache=1521460633533 HTTP/1.1" 440 972
186.103.159.189 - - [19/Mar/2018:08:58:08 -0300] "POST /cormun/servlet/renunciasadjuntos?bd51164c1ea0fdff631545379539d5cb,INS,124,, HTTP/1.1" 200 116
186.103.159.189 - - [19/Mar/2018:08:58:08 -0300] "GET /cormun/servlet/hpexe_return? HTTP/1.1" 200 1020
200.54.247.70 - - [19/Mar/2018:08:58:09 -0300] "GET /cormun/servlet/solicitudot?301ef5158d811147f9c2254c64601f7eec659fa096084462fb8977bedf10aa1daf2826dd919691bb971be3bed762e1adce86d83d2de823fad92194d5814b8f4aa432647a97d62a0b558addcf7aeb5a6e101efb093e10a90cc1910dee0f6e7f251582349bc02f0b4114affb17947db51a15469f27895989ceb50fe8150e948ebe8ffa8dbce109f220c4fc51716e3cd27b130a3d8b4abc96f7a9d2e0511ed67b7ddead9099ab7a12b49b7a3fb82f1570518c70213af3e3d71a52c171f14129da6749cbdf88c2fb91504b66418c68060ec7f09bf69e4653bdb70868eb2ea4f9fee76814bf1b99d2103c1f6a9c62e4d63a437954d1b213d1de9d211461ff42bf422b61dbe3fa6246f748267b5fb0a3f9940f890a3878aeb6b6e1f95a1d4ac27d3b2fde09757a69baaeefa5245f34bec2948235ba6c0c37a71ca2966ff1f47b98bfbb9196b4b0ba58ec150a6f69fdb6124a2f81197212d15e7c8288a4b07ffa895906f4e40dcacaac08c9924afbb9f04a431563201a8e1cff3cd5341694f111c069d0,gx-no-cache=1521460635989 HTTP/1.1" 500 10
200.54.247.70 - - [19/Mar/2018:08:58:09 -0300] "POST /cormun/servlet/solicitudot?gx-no-cache=1521460636117 HTTP/1.1" 440 972
186.103.159.189 - - [19/Mar/2018:08:58:09 -0300] "GET /cormun/servlet/trrenunciasadjuntos?124,17375587, HTTP/1.1" 200 6462
200.54.247.70 - - [19/Mar/2018:08:58:10 -0300] "POST /cormun/servlet/solicitudot?gx-no-cache=1521460637149 HTTP/1.1" 440 972
186.103.159.189 - - [19/Mar/2018:08:58:11 -0300] "GET /cormun/servlet/trrenunciasadjuntos?124,17375587, HTTP/1.1" 200 6460
200.54.247.70 - - [19/Mar/2018:08:58:12 -0300] "POST /cormun/servlet/solicitudot?gx-no-cache=1521460639064 HTTP/1.1" 440 972
200.54.247.70 - - [19/Mar/2018:08:58:13 -0300] "POST /cormun/servlet/solicitudot?gx-no-cache=1521460639879 HTTP/1.1" 440 972
186.103.159.182 - - [19/Mar/2018:08:58:14 -0300] "GET /cormun/servlet/hlogin HTTP/1.1" 200 1721
186.103.159.182 - - [19/Mar/2018:08:58:14 -0300] "GET /cormun/static/gxtimezone.js?85251 HTTP/1.1" 200 5781
186.103.159.182 - - [19/Mar/2018:08:58:14 -0300] "GET /cormun/static/gxcfg.js?20175251213516 HTTP/1.1" 200 953
186.103.159.182 - - [19/Mar/2018:08:58:14 -0300] "GET /cormun/static/hlogin.js?20175251213537 HTTP/1.1" 200 2136
186.103.159.182 - - [19/Mar/2018:08:58:14 -0300] "GET /cormun/static/messages.spa.js?85251 HTTP/1.1" 200 30736
186.103.159.182 - - [19/Mar/2018:08:58:14 -0300] "GET /cormun/static/Resources/Spanish/PXTools.css?11423723 HTTP/1.1" 200 89042
186.103.159.182 - - [19/Mar/2018:08:58:14 -0300] "GET /cormun/static/gxgral.js?85251 HTTP/1.1" 200 384558
186.103.159.182 - - [19/Mar/2018:08:58:14 -0300] "GET /cormun/static/Resources/ComunLogin.png HTTP/1.1" 200 17326
186.103.159.182 - - [19/Mar/2018:08:58:14 -0300] "GET /cormun/static/Resources/indicator.gif HTTP/1.1" 200 1553
186.103.159.182 - - [19/Mar/2018:08:58:14 -0300] "GET /cormun/static/Resources/PXToolsLoginTop.png HTTP/1.1" 200 1337
186.103.159.182 - - [19/Mar/2018:08:58:14 -0300] "GET /cormun/static/Resources/PXToolsLoginBackground.png HTTP/1.1" 200 1164
186.103.159.182 - - [19/Mar/2018:08:58:14 -0300] "GET /cormun/static/Resources/PXToolsButtonLeft21.png HTTP/1.1" 200 1287
186.103.159.182 - - [19/Mar/2018:08:58:14 -0300] "GET /cormun/static/Resources/PXToolsButtonRight21.png HTTP/1.1" 200 1283
186.103.159.182 - - [19/Mar/2018:08:58:14 -0300] "GET /cormun/static/Resources/PXToolsButtonBackground2.png HTTP/1.1" 200 1181
186.103.159.182 - - [19/Mar/2018:08:58:14 -0300] "GET /cormun/static/Resources/PXToolsLoginBottom.png HTTP/1.1" 200 1389
186.103.159.189 - - [19/Mar/2018:08:58:16 -0300] "POST /cormun/servlet/trrenunciasadjuntos?bd51164c1ea0fdff631545379539d5cb,124,17375587,,gx-no-cache=1521460644831 HTTP/1.1" 200 90
186.103.159.189 - - [19/Mar/2018:08:58:16 -0300] "GET /cormun/servlet/hpexe_link HTTP/1.1" 200 968
186.103.159.189 - - [19/Mar/2018:08:58:16 -0300] "GET /cormun/servlet/trrenuncias HTTP/1.1" 200 7613
186.103.159.189 - - [19/Mar/2018:08:58:18 -0300] "GET /cormun/servlet/trrenuncias HTTP/1.1" 200 7612
200.54.247.70 - - [19/Mar/2018:08:58:19 -0300] "POST /cormun/servlet/solicitudot?gx-no-cache=1521460646496 HTTP/1.1" 440 972
200.54.247.70 - - [19/Mar/2018:08:58:19 -0300] "GET /cormun/servlet/solicitudot?INS,0,0, HTTP/1.1" 200 12652
200.54.247.70 - - [19/Mar/2018:08:58:21 -0300] "GET /cormun/servlet/solicitudot?301ef5158d811147f9c2254c64601f7e45b0e751980fdfa171071228fcc35b29bb58918653c3ca47526081e201643fce,gx-no-cache=1521460647914 HTTP/1.1" 440 972
200.54.247.70 - - [19/Mar/2018:08:58:21 -0300] "GET /cormun/servlet/solicitudot?INS,0,0, HTTP/1.1" 200 12652
186.103.159.189 - - [19/Mar/2018:08:58:29 -0300] "POST /cormun/servlet/trrenuncias?bd51164c1ea0fdff631545379539d5cb,gx-no-cache=1521460658191 HTTP/1.1" 200 4797
186.103.159.189 - - [19/Mar/2018:08:58:29 -0300] "GET /cormun/static/Shared/jqueryui/images/ui-bg_highlight-soft_100_c6c2c8_1x100.png HTTP/1.1" 404 1117
186.103.159.189 - - [19/Mar/2018:08:58:29 -0300] "GET /cormun/static/Shared/jqueryui/images/ui-icons_82798d_256x240.png HTTP/1.1" 404 1089
186.103.159.189 - - [19/Mar/2018:08:58:29 -0300] "GET /cormun/static/Shared/jqueryui/images/ui-bg_flat_55_fafafa_40x100.png HTTP/1.1" 404 1097
186.103.159.189 - - [19/Mar/2018:08:58:29 -0300] "GET /cormun/static/Shared/jqueryui/images/ui-icons_8d78a5_256x240.png HTTP/1.1" 404 1089
200.54.247.70 - - [19/Mar/2018:08:58:30 -0300] "POST /cormun/servlet/solicitudot?gx-no-cache=1521460657174 HTTP/1.1" 440 972
200.54.247.70 - - [19/Mar/2018:08:58:30 -0300] "GET /cormun/servlet/solicitudot?INS,0,0, HTTP/1.1" 200 12652
200.54.247.70 - - [19/Mar/2018:08:58:45 -0300] "GET /cormun/servlet/solicitudot?INS,0,0, HTTP/1.1" 200 12652
200.54.247.70 - - [19/Mar/2018:08:58:45 -0300] "POST /cormun/servlet/solicitudot?d569a38c60e160edafa5967ac567b51d,INS,0,0,,gx-no-cache=1521460672098 HTTP/1.1" 440 972
200.54.247.70 - - [19/Mar/2018:08:58:46 -0300] "GET /cormun/servlet/hlogin HTTP/1.1" 200 1736
200.54.247.70 - - [19/Mar/2018:08:58:55 -0300] "POST /cormun/servlet/hlogin?9e721753e1f2c1c882f8359ebc964ba1,gx-no-cache=1521460682383 HTTP/1.1" 200 90
200.54.247.70 - - [19/Mar/2018:08:58:55 -0300] "GET /cormun/servlet/hpexe_link HTTP/1.1" 200 958
200.54.247.70 - - [19/Mar/2018:08:58:56 -0300] "GET /cormun/servlet/solicitudot?INS,0,0, HTTP/1.1" 200 13505
200.54.247.70 - - [19/Mar/2018:08:59:10 -0300] "GET /cormun/servlet/prfichaempleado?,MD,,gxPopupLevel%3D0%3B HTTP/1.1" 200 9390
200.54.247.70 - - [19/Mar/2018:08:59:11 -0300] "GET /cormun/static/gxcfg.js?20177612134814 HTTP/1.1" 304 -
200.54.247.70 - - [19/Mar/2018:08:59:24 -0300] "GET /cormun/servlet/hlogin HTTP/1.1" 200 1736
200.54.247.70 - - [19/Mar/2018:08:59:34 -0300] "POST /cormun/servlet/hlogin?9e721753e1f2c1c882f8359ebc964ba1,gx-no-cache=1521460721316 HTTP/1.1" 200 90
200.54.247.70 - - [19/Mar/2018:08:59:34 -0300] "GET /cormun/servlet/hpexe_link HTTP/1.1" 200 959
200.54.247.70 - - [19/Mar/2018:08:59:35 -0300] "GET /cormun/servlet/prfichaempleado?,MD, HTTP/1.1" 200 9388
200.54.247.70 - - [19/Mar/2018:08:59:47 -0300] "GET /cormun/servlet/hlogin HTTP/1.1" 200 1715
200.54.247.70 - - [19/Mar/2018:08:59:47 -0300] "GET /cormun/static/Resources/Spanish/PXTools.css?11423723 HTTP/1.1" 304 -
200.54.247.70 - - [19/Mar/2018:08:59:47 -0300] "GET /cormun/static/gxcfg.js?20175251213516 HTTP/1.1" 304 -
200.54.247.70 - - [19/Mar/2018:08:59:47 -0300] "GET /cormun/static/Resources/ComunLogin.png HTTP/1.1" 304 -
200.54.247.70 - - [19/Mar/2018:08:59:47 -0300] "GET /cormun/static/messages.spa.js?85251 HTTP/1.1" 304 -
200.54.247.70 - - [19/Mar/2018:08:59:47 -0300] "GET /cormun/static/hlogin.js?20175251213537 HTTP/1.1" 304 -
200.54.247.70 - - [19/Mar/2018:08:59:47 -0300] "GET /cormun/static/gxtimezone.js?85251 HTTP/1.1" 304 -
200.54.247.70 - - [19/Mar/2018:08:59:48 -0300] "GET /cormun/static/gxgral.js?85251 HTTP/1.1" 304 -
200.54.247.70 - - [19/Mar/2018:08:59:50 -0300] "GET /cormun/static/Resources/indicator.gif HTTP/1.1" 304 -
200.54.247.70 - - [19/Mar/2018:09:00:01 -0300] "POST /cormun/servlet/hlogin?9e721753e1f2c1c882f8359ebc964ba1,gx-no-cache=1521460747963 HTTP/1.1" 200 90
200.54.247.70 - - [19/Mar/2018:09:00:01 -0300] "GET /cormun/servlet/hpexe_link HTTP/1.1" 200 959
200.54.247.70 - - [19/Mar/2018:09:00:02 -0300] "GET /cormun/servlet/prfichaempleado?,MD, HTTP/1.1" 200 9388
200.54.247.70 - - [19/Mar/2018:09:00:12 -0300] "GET /cormun/servlet/hlogin HTTP/1.1" 200 1715
200.54.247.70 - - [19/Mar/2018:09:00:12 -0300] "GET /cormun/static/gxtimezone.js?85251 HTTP/1.1" 304 -
200.54.247.70 - - [19/Mar/2018:09:00:12 -0300] "GET /cormun/static/Resources/ComunLogin.png HTTP/1.1" 304 -
200.54.247.70 - - [19/Mar/2018:09:00:12 -0300] "GET /cormun/static/gxgral.js?85251 HTTP/1.1" 304 -
200.54.247.70 - - [19/Mar/2018:09:00:12 -0300] "GET /cormun/static/Resources/Spanish/PXTools.css?11423723 HTTP/1.1" 304 -
200.54.247.70 - - [19/Mar/2018:09:00:12 -0300] "GET /cormun/static/gxcfg.js?20175251213516 HTTP/1.1" 304 -
200.54.247.70 - - [19/Mar/2018:09:00:12 -0300] "GET /cormun/static/messages.spa.js?85251 HTTP/1.1" 304 -
200.54.247.70 - - [19/Mar/2018:09:00:12 -0300] "GET /cormun/static/hlogin.js?20175251213537 HTTP/1.1" 304 -
200.54.247.70 - - [19/Mar/2018:09:00:12 -0300] "GET /cormun/static/Resources/PXToolsLoginTop.png HTTP/1.1" 304 -
200.54.247.70 - - [19/Mar/2018:09:00:12 -0300] "GET /cormun/static/Resources/PXToolsLoginBackground.png HTTP/1.1" 304 -
200.54.247.70 - - [19/Mar/2018:09:00:12 -0300] "GET /cormun/static/Resources/PXToolsButtonBackground2.png HTTP/1.1" 304 -
200.54.247.70 - - [19/Mar/2018:09:00:12 -0300] "GET /cormun/static/Resources/PXToolsButtonRight21.png HTTP/1.1" 304 -
200.54.247.70 - - [19/Mar/2018:09:00:12 -0300] "GET /cormun/static/Resources/PXToolsButtonLeft21.png HTTP/1.1" 304 -
200.54.247.70 - - [19/Mar/2018:09:00:12 -0300] "GET /cormun/static/Resources/PXToolsLoginBottom.png HTTP/1.1" 304 -
200.54.247.70 - - [19/Mar/2018:09:00:12 -0300] "GET /cormun/static/Resources/indicator.gif HTTP/1.1" 304 -
200.54.247.70 - - [19/Mar/2018:09:00:43 -0300] "GET /cormun/servlet/hlogin HTTP/1.1" 200 1722
