186.103.159.46 - - [19/Mar/2018:12:41:07 -0300] "GET /cormun/servlet/trlicencias? HTTP/1.1" 200 10109
186.103.159.46 - - [19/Mar/2018:12:41:07 -0300] "GET /cormun/static/gxui/gxui-all.css?110300 HTTP/1.1" 200 2179
186.103.159.46 - - [19/Mar/2018:12:41:07 -0300] "GET /cormun/static/calendar-system.css?75620 HTTP/1.1" 200 5572
186.103.159.46 - - [19/Mar/2018:12:41:07 -0300] "GET /cormun/static/Resources/Spanish/PXTools.css?17315867 HTTP/1.1" 200 89042
186.103.159.46 - - [19/Mar/2018:12:41:07 -0300] "GET /cormun/static/calendar.js?85251 HTTP/1.1" 200 26246
186.103.159.46 - - [19/Mar/2018:12:41:07 -0300] "GET /cormun/static/gxcfg.js?20176272054169 HTTP/1.1" 200 953
186.103.159.46 - - [19/Mar/2018:12:41:07 -0300] "GET /cormun/static/calendar-setup.js?85251 HTTP/1.1" 200 2588
186.103.159.46 - - [19/Mar/2018:12:41:07 -0300] "GET /cormun/static/calendar-es.js?85251 HTTP/1.1" 200 1901
186.103.159.46 - - [19/Mar/2018:12:41:07 -0300] "GET /cormun/static/gxdec.js?85251 HTTP/1.1" 200 19579
186.103.159.46 - - [19/Mar/2018:12:41:07 -0300] "GET /cormun/static/Resources/PXTools/calendar.png HTTP/1.1" 200 1306
186.103.159.46 - - [19/Mar/2018:12:41:07 -0300] "GET /cormun/static/trlicencias.js?20176272054837 HTTP/1.1" 200 41883
186.103.159.46 - - [19/Mar/2018:12:41:07 -0300] "GET /cormun/static/Resources/PXToolsDataSearch.png HTTP/1.1" 200 419
186.103.159.46 - - [19/Mar/2018:12:41:07 -0300] "GET /cormun/static/Shared/ext/resources/css/ext-all.css?205870 HTTP/1.1" 200 416045
186.103.159.46 - - [19/Mar/2018:12:41:07 -0300] "GET /cormun/static/Resources/PXToolsGridFirstDisabled.gif HTTP/1.1" 200 100
186.103.159.46 - - [19/Mar/2018:12:41:07 -0300] "GET /cormun/static/Resources/PXToolsGridPreviousDisabled.gif HTTP/1.1" 200 90
186.103.159.46 - - [19/Mar/2018:12:41:07 -0300] "GET /cormun/static/Resources/PXToolsGridNextDisabled.gif HTTP/1.1" 200 90
186.103.159.46 - - [19/Mar/2018:12:41:07 -0300] "GET /cormun/static/Resources/PXToolsGridLastDisabled.gif HTTP/1.1" 200 98
186.103.159.46 - - [19/Mar/2018:12:41:08 -0300] "GET /cormun/static/Resources/PXToolsGridPage.gif HTTP/1.1" 200 725
186.103.159.46 - - [19/Mar/2018:12:41:08 -0300] "GET /cormun/static/Resources/PXToolsActionExcel.png HTTP/1.1" 200 3187
186.103.159.46 - - [19/Mar/2018:12:41:08 -0300] "GET /cormun/static/Resources/PXToolsGridNew.png HTTP/1.1" 200 2949
186.103.159.46 - - [19/Mar/2018:12:41:11 -0300] "GET /cormun/servlet/trlicencias? HTTP/1.1" 200 10106
186.103.159.46 - - [19/Mar/2018:12:41:11 -0300] "GET /cormun/static/Resources/asc.gif HTTP/1.1" 200 67
186.103.159.46 - - [19/Mar/2018:12:41:11 -0300] "GET /cormun/static/Resources/desc.gif HTTP/1.1" 200 65
186.103.159.46 - - [19/Mar/2018:12:41:11 -0300] "GET /cormun//static/Resources/PXToolsGridUpdate.png HTTP/1.1" 200 2984
186.103.159.46 - - [19/Mar/2018:12:41:11 -0300] "GET /cormun//static/Resources/PXToolsGridDelete.png HTTP/1.1" 200 357
186.103.159.46 - - [19/Mar/2018:12:41:12 -0300] "GET /cormun//static/Resources/PXToolsGridDisplay.png HTTP/1.1" 200 362
186.103.159.46 - - [19/Mar/2018:12:41:12 -0300] "GET /cormun//static/Resources/PXTools/ActionInsert.png HTTP/1.1" 200 1482
186.103.159.46 - - [19/Mar/2018:12:41:12 -0300] "GET /cormun//static/Resources/PXToolsActionPrint.png HTTP/1.1" 200 3317
186.103.159.46 - - [19/Mar/2018:12:41:12 -0300] "GET /cormun//static/Resources/PXToolsHeaderHelp.png HTTP/1.1" 200 4055
186.103.159.46 - - [19/Mar/2018:12:41:12 -0300] "GET /cormun//static/Resources/PXToolsActionDisabled.gif HTTP/1.1" 200 53
186.103.159.46 - - [19/Mar/2018:12:41:12 -0300] "GET /cormun//static/Resources/PXToolsHeaderFavorites.png HTTP/1.1" 200 2744
186.103.159.46 - - [19/Mar/2018:12:41:12 -0300] "GET /cormun/static/Shared/ext/resources/themes/images/default/panel/bg-headersPanel.png HTTP/1.1" 200 255
186.103.159.46 - - [19/Mar/2018:12:41:13 -0300] "GET /cormun/static/Shared/ext/resources/themes/images/default/tools/tool-sprites.gif HTTP/1.1" 200 5434
186.103.159.46 - - [19/Mar/2018:12:41:21 -0300] "GET /cormun/servlet/alicenciaprn?9517647,L,20180319000000,PU HTTP/1.1" 200 1588
186.103.159.46 - - [19/Mar/2018:12:41:22 -0300] "GET /cormun/servlet/alicenciaprn?9517647,L,20180319000000,PU HTTP/1.1" 200 1588
186.103.159.46 - - [19/Mar/2018:12:41:52 -0300] "GET /cormun/servlet/alicenciaprn?9517647,L,20180319000000,PU HTTP/1.1" 200 1587
186.103.159.46 - - [19/Mar/2018:12:41:53 -0300] "GET /cormun/servlet/alicenciaprn?9517647,L,20180319000000,PU HTTP/1.1" 200 1588
186.103.159.46 - - [19/Mar/2018:12:42:07 -0300] "GET /cormun/servlet/alicenciaprn?9517647,L,20180319000000,PU HTTP/1.1" 200 1589
186.103.159.46 - - [19/Mar/2018:12:42:08 -0300] "GET /cormun/servlet/alicenciaprn?9517647,L,20180319000000,PU HTTP/1.1" 200 1587
192.168.10.62 - - [19/Mar/2018:12:42:09 -0300] "GET /cormun/servlet/hlogin HTTP/1.1" 200 1722
192.168.10.62 - - [19/Mar/2018:12:42:20 -0300] "POST /cormun/servlet/hlogin?d6f47d46ad8a9dca0d3d9f0dc3f09bb9,gx-no-cache=1521473974196 HTTP/1.1" 200 90
192.168.10.62 - - [19/Mar/2018:12:42:20 -0300] "GET /cormun/servlet/hpexe_link HTTP/1.1" 200 951
192.168.10.62 - - [19/Mar/2018:12:42:20 -0300] "GET /cormun/servlet/hhome HTTP/1.1" 200 4480
192.168.10.62 - - [19/Mar/2018:12:42:21 -0300] "GET /cormun/servlet/hhome HTTP/1.1" 200 4476
192.168.10.62 - - [19/Mar/2018:12:42:24 -0300] "GET /cormun/servlet/trsolicitudgral? HTTP/1.1" 200 28493
192.168.10.62 - - [19/Mar/2018:12:42:26 -0300] "GET /cormun/servlet/trsolicitudgral? HTTP/1.1" 200 28491
192.168.10.97 - - [19/Mar/2018:12:42:44 -0300] "GET /cormun/servlet/hlogin HTTP/1.1" 200 1726
192.168.10.97 - - [19/Mar/2018:12:42:46 -0300] "POST /cormun/servlet/hlogin?35b9c92186f494ec809fb51c556de309,gx-no-cache=1521474122786 HTTP/1.1" 200 90
192.168.10.97 - - [19/Mar/2018:12:42:46 -0300] "GET /cormun/servlet/hpexe_link HTTP/1.1" 200 952
192.168.10.97 - - [19/Mar/2018:12:42:46 -0300] "GET /cormun/servlet/hhome HTTP/1.1" 200 4570
192.168.10.97 - - [19/Mar/2018:12:42:47 -0300] "GET /cormun/servlet/hhome HTTP/1.1" 200 4568
186.103.158.250 - - [19/Mar/2018:12:42:49 -0300] "GET /cormun/servlet/hlogin HTTP/1.1" 200 1720
186.103.158.250 - - [19/Mar/2018:12:42:49 -0300] "GET /cormun/static/gxtimezone.js?85251 HTTP/1.1" 200 5781
186.103.158.250 - - [19/Mar/2018:12:42:50 -0300] "GET /cormun/static/gxcfg.js?20175251213516 HTTP/1.1" 200 953
186.103.158.250 - - [19/Mar/2018:12:42:50 -0300] "GET /cormun/static/Resources/Spanish/PXTools.css?11423723 HTTP/1.1" 200 89042
186.103.158.250 - - [19/Mar/2018:12:42:50 -0300] "GET /cormun/static/messages.spa.js?85251 HTTP/1.1" 200 30736
186.103.158.250 - - [19/Mar/2018:12:42:50 -0300] "GET /cormun/static/hlogin.js?20175251213537 HTTP/1.1" 200 2136
186.103.158.250 - - [19/Mar/2018:12:42:50 -0300] "GET /cormun/static/Resources/ComunLogin.png HTTP/1.1" 200 17326
186.103.158.250 - - [19/Mar/2018:12:42:50 -0300] "GET /cormun/static/gxgral.js?85251 HTTP/1.1" 200 384558
192.168.10.97 - - [19/Mar/2018:12:42:51 -0300] "GET /cormun/servlet/trsolicitudgral? HTTP/1.1" 200 9072
186.103.158.250 - - [19/Mar/2018:12:42:51 -0300] "GET /cormun/static/Resources/PXToolsLoginBottom.png HTTP/1.1" 200 1389
186.103.158.250 - - [19/Mar/2018:12:42:51 -0300] "GET /cormun/static/Resources/PXToolsLoginBackground.png HTTP/1.1" 200 1164
186.103.158.250 - - [19/Mar/2018:12:42:51 -0300] "GET /cormun/static/Resources/PXToolsButtonLeft21.png HTTP/1.1" 200 1287
186.103.158.250 - - [19/Mar/2018:12:42:51 -0300] "GET /cormun/static/Resources/PXToolsButtonRight21.png HTTP/1.1" 200 1283
186.103.158.250 - - [19/Mar/2018:12:42:51 -0300] "GET /cormun/static/Resources/PXToolsButtonBackground2.png HTTP/1.1" 200 1181
186.103.158.250 - - [19/Mar/2018:12:42:51 -0300] "GET /cormun/static/Resources/PXToolsLoginTop.png HTTP/1.1" 200 1337
186.103.158.250 - - [19/Mar/2018:12:42:51 -0300] "GET /cormun/static/Resources/indicator.gif HTTP/1.1" 200 1553
186.103.158.250 - - [19/Mar/2018:12:42:51 -0300] "GET /cormun/servlet/hlogin HTTP/1.1" 200 1731
192.168.10.97 - - [19/Mar/2018:12:42:51 -0300] "GET /cormun/servlet/trsolicitudgral? HTTP/1.1" 200 9070
186.103.158.250 - - [19/Mar/2018:12:42:52 -0300] "GET /favicon.ico HTTP/1.1" 200 21630
192.168.10.62 - - [19/Mar/2018:12:42:57 -0300] "POST /cormun/servlet/trsolicitudgral?d6f47d46ad8a9dca0d3d9f0dc3f09bb9,,gx-no-cache=1521474011517 HTTP/1.1" 200 13749
192.168.10.62 - - [19/Mar/2018:12:42:59 -0300] "POST /cormun/servlet/trsolicitudgral?d6f47d46ad8a9dca0d3d9f0dc3f09bb9,,gx-no-cache=1521474013439 HTTP/1.1" 200 105
192.168.10.62 - - [19/Mar/2018:12:42:59 -0300] "POST /cormun/servlet/trsolicitudgral?d6f47d46ad8a9dca0d3d9f0dc3f09bb9,,gx-no-cache=1521474013626 HTTP/1.1" 200 13726
192.168.10.62 - - [19/Mar/2018:12:42:59 -0300] "GET /cormun/SolicitudGral-3481.xls HTTP/1.1" 200 12800
186.103.157.98 - - [19/Mar/2018:12:43:09 -0300] "POST /cormun/servlet/hlogin?340bf83ea427ee2a66cf0a55059a3b28,gx-no-cache=1521474137845 HTTP/1.1" 200 90
186.103.157.98 - - [19/Mar/2018:12:43:09 -0300] "GET /cormun/servlet/hpexe_link HTTP/1.1" 200 948
186.103.157.98 - - [19/Mar/2018:12:43:09 -0300] "GET /cormun/servlet/hhome HTTP/1.1" 200 4247
186.103.157.98 - - [19/Mar/2018:12:43:09 -0300] "GET /cormun/servlet/hhome HTTP/1.1" 200 4243
186.103.157.98 - - [19/Mar/2018:12:43:13 -0300] "GET /cormun/servlet/trautorizarsolicitud? HTTP/1.1" 200 7362
186.103.157.98 - - [19/Mar/2018:12:43:14 -0300] "GET /cormun/servlet/trautorizarsolicitud? HTTP/1.1" 200 7361
192.168.10.97 - - [19/Mar/2018:12:43:17 -0300] "POST /cormun/servlet/trsolicitudgral?35b9c92186f494ec809fb51c556de309,,gx-no-cache=1521474153680 HTTP/1.1" 200 5920
186.103.157.98 - - [19/Mar/2018:12:43:20 -0300] "GET /cormun/servlet/trsolicitudot? HTTP/1.1" 200 7461
186.103.157.98 - - [19/Mar/2018:12:43:20 -0300] "GET /cormun/servlet/trsolicitudot? HTTP/1.1" 200 7460
186.103.158.250 - - [19/Mar/2018:12:43:22 -0300] "POST /cormun/servlet/hlogin?6fb06294538a7f7836a975a0ff4bcf49,gx-no-cache=1521477551356 HTTP/1.1" 200 90
186.103.158.250 - - [19/Mar/2018:12:43:22 -0300] "GET /cormun/servlet/hpexe_link HTTP/1.1" 200 953
186.103.158.250 - - [19/Mar/2018:12:43:22 -0300] "GET /cormun/static/gxcfg.js?20177612121792 HTTP/1.1" 200 953
186.103.158.250 - - [19/Mar/2018:12:43:22 -0300] "GET /cormun/static/hpexe_link.js?20177612121795 HTTP/1.1" 200 625
186.103.158.250 - - [19/Mar/2018:12:43:22 -0300] "GET /cormun/static/Resources/Spanish/PXTools.css?1155365 HTTP/1.1" 200 89042
186.103.158.250 - - [19/Mar/2018:12:43:23 -0300] "GET /cormun/servlet/hhome HTTP/1.1" 200 3972
186.103.158.250 - - [19/Mar/2018:12:43:23 -0300] "GET /cormun/static/SmoothNavMenu/resources/ddsmoothmenu.css?1012540 HTTP/1.1" 200 2223
186.103.158.250 - - [19/Mar/2018:12:43:23 -0300] "GET /cormun/static/Shared/jqueryui/jquery-ui.min.css?1245370 HTTP/1.1" 200 30288
186.103.158.250 - - [19/Mar/2018:12:43:23 -0300] "GET /cormun/static/scaMessage/css/jquery.pnotify.default.css?1716380 HTTP/1.1" 200 1707
186.103.158.250 - - [19/Mar/2018:12:43:23 -0300] "GET /cormun/static/gxcfg.js?20175251212442 HTTP/1.1" 200 953
186.103.158.250 - - [19/Mar/2018:12:43:23 -0300] "GET /cormun/static/PXToolsJavascripts/pexe_autoreload.js HTTP/1.1" 200 1762
186.103.158.250 - - [19/Mar/2018:12:43:23 -0300] "GET /cormun/static/PXToolsJavascripts/pexe_cookies.js HTTP/1.1" 200 792
186.103.158.250 - - [19/Mar/2018:12:43:23 -0300] "GET /cormun/static/PXToolsJavascripts/pexe_windows.js HTTP/1.1" 200 15207
186.103.158.250 - - [19/Mar/2018:12:43:23 -0300] "GET /cormun/static/PXToolsJavascripts/pexe_grid.js HTTP/1.1" 200 7559
186.103.158.250 - - [19/Mar/2018:12:43:24 -0300] "GET /cormun/static/PXToolsJavascripts/pexe_griddivfix.js HTTP/1.1" 200 6644
186.103.158.250 - - [19/Mar/2018:12:43:24 -0300] "GET /cormun/static/PXToolsJavascripts/pexe_link.js HTTP/1.1" 200 5671
186.103.158.250 - - [19/Mar/2018:12:43:24 -0300] "GET /cormun/static/PXToolsJavascripts/pexe_menudivfix.js HTTP/1.1" 200 333
186.103.158.250 - - [19/Mar/2018:12:43:24 -0300] "GET /cormun/static/PXToolsJavascripts/pexe_menus.js HTTP/1.1" 200 1286
186.103.158.250 - - [19/Mar/2018:12:43:24 -0300] "GET /cormun/static/PXToolsJavascripts/pexe_layers.js HTTP/1.1" 200 4114
186.103.158.250 - - [19/Mar/2018:12:43:24 -0300] "GET /cormun/static/PXToolsJavascripts/pexe_oav.js HTTP/1.1" 200 645
186.103.158.250 - - [19/Mar/2018:12:43:24 -0300] "GET /cormun/static/PXToolsJavascripts/pexe_oavdivfix.js HTTP/1.1" 200 639
186.103.158.250 - - [19/Mar/2018:12:43:24 -0300] "GET /cormun/static/PXToolsJavascripts/pexe_picture.js HTTP/1.1" 200 689
186.103.158.250 - - [19/Mar/2018:12:43:24 -0300] "GET /cormun/static/PXToolsJavascripts/pexe_popup.js HTTP/1.1" 200 13458
186.103.158.250 - - [19/Mar/2018:12:43:24 -0300] "GET /cormun/static/PXToolsJavascripts/pexe_scrolldiv.js HTTP/1.1" 200 4138
186.103.158.250 - - [19/Mar/2018:12:43:24 -0300] "GET /cormun/static/SmoothNavMenu/resources/ddsmoothmenu-v.css?1012540 HTTP/1.1" 200 1188
186.103.158.250 - - [19/Mar/2018:12:43:24 -0300] "GET /cormun/static/PXToolsJavascripts/pexe_tabdivfix.js HTTP/1.1" 200 876
186.103.158.250 - - [19/Mar/2018:12:43:24 -0300] "GET /cormun/static/PXToolsJavascripts/pexe_tabs.js HTTP/1.1" 200 3748
186.103.158.250 - - [19/Mar/2018:12:43:24 -0300] "GET /cormun/static/PXToolsJavascripts/PXToolsJavascriptsRender.js HTTP/1.1" 200 367
186.103.158.250 - - [19/Mar/2018:12:43:24 -0300] "GET /cormun/static/PXToolsJavascripts/pexe_upload.js HTTP/1.1" 200 1423
186.103.158.250 - - [19/Mar/2018:12:43:24 -0300] "GET /cormun/static/RunJS/RunJS.js HTTP/1.1" 200 288
186.103.158.250 - - [19/Mar/2018:12:43:24 -0300] "GET /cormun/static/hhome.js?20175251212450 HTTP/1.1" 200 777
186.103.158.250 - - [19/Mar/2018:12:43:24 -0300] "GET /cormun/static/hwchdr01.js?201752511465785 HTTP/1.1" 200 1183
186.103.158.250 - - [19/Mar/2018:12:43:24 -0300] "GET /cormun/static/Shared/ext/locale/ext-lang-en.js HTTP/1.1" 200 10940
186.103.158.250 - - [19/Mar/2018:12:43:25 -0300] "GET /cormun/static/Resources/PXToolsHeaderLogin.png HTTP/1.1" 200 4279
186.103.158.250 - - [19/Mar/2018:12:43:25 -0300] "GET /cormun/static/Resources/PXToolsHeaderActionsRight.png HTTP/1.1" 200 1201
186.103.158.250 - - [19/Mar/2018:12:43:25 -0300] "GET /cormun/static/Resources/PXToolsHeaderBackground2.png HTTP/1.1" 200 1174
186.103.158.250 - - [19/Mar/2018:12:43:25 -0300] "GET /cormun/static/Resources/PXToolsDataTitle.png HTTP/1.1" 200 1173
186.103.158.250 - - [19/Mar/2018:12:43:25 -0300] "GET /cormun/static/Resources/PXToolsHeaderActionsBackground.png HTTP/1.1" 200 484
186.103.158.250 - - [19/Mar/2018:12:43:25 -0300] "GET /cormun/static/Resources/logo4.png HTTP/1.1" 200 6582
186.103.158.250 - - [19/Mar/2018:12:43:25 -0300] "GET /cormun/static/Resources/PXToolsFooterBackground2.png HTTP/1.1" 200 1172
186.103.158.250 - - [19/Mar/2018:12:43:25 -0300] "GET /cormun/static/Resources/PXToolsHeaderPreferences.png HTTP/1.1" 200 4189
186.103.158.250 - - [19/Mar/2018:12:43:25 -0300] "GET /cormun/static/Resources/PXToolsHeaderSecurity.png HTTP/1.1" 200 4166
186.103.158.250 - - [19/Mar/2018:12:43:25 -0300] "GET /cormun/static/Resources/PXToolsHeaderHome.png HTTP/1.1" 200 4147
186.103.158.250 - - [19/Mar/2018:12:43:25 -0300] "GET /cormun/static/Resources/PXToolsHeaderActionsLeft.png HTTP/1.1" 200 1118
186.103.158.250 - - [19/Mar/2018:12:43:25 -0300] "GET /cormun/static/hpexe_recentlink.js?20177611595044 HTTP/1.1" 200 2144
186.103.158.250 - - [19/Mar/2018:12:43:25 -0300] "GET /cormun/static/hpexe_scripts.js?201752511465715 HTTP/1.1" 200 1544
186.103.158.250 - - [19/Mar/2018:12:43:25 -0300] "GET /cormun/static/hpexe_messagecontroller.js?20177611595012 HTTP/1.1" 200 870
186.103.158.250 - - [19/Mar/2018:12:43:25 -0300] "GET /cormun/static/hpexe_messagepopupcomponent.js?20161017169425 HTTP/1.1" 200 605
186.103.158.250 - - [19/Mar/2018:12:43:25 -0300] "GET /cormun/static/hpexe_messagegenexuscomponent.js?201752511465344 HTTP/1.1" 200 587
186.103.158.250 - - [19/Mar/2018:12:43:25 -0300] "GET /cormun/static/cmcontrolpreferences.js?201752511465670 HTTP/1.1" 200 1375
192.168.10.97 - - [19/Mar/2018:12:43:26 -0300] "POST /cormun/servlet/trsolicitudgral?35b9c92186f494ec809fb51c556de309,,gx-no-cache=1521474162736 HTTP/1.1" 200 5920
186.103.158.250 - - [19/Mar/2018:12:43:26 -0300] "GET /cormun/static/Shared/jquery/jquery-1.4.2.min.js HTTP/1.1" 200 72174
186.103.158.250 - - [19/Mar/2018:12:43:26 -0300] "GET /cormun/static/gxui/gxui-all.js HTTP/1.1" 200 107772
186.103.158.250 - - [19/Mar/2018:12:43:26 -0300] "GET /cormun/static/SmoothNavMenu/resources/ddsmoothmenu.js HTTP/1.1" 200 12712
186.103.158.250 - - [19/Mar/2018:12:43:26 -0300] "GET /cormun/static/SmoothNavMenu/resources/SmoothNavMenuRender.js HTTP/1.1" 200 5951
186.103.158.250 - - [19/Mar/2018:12:43:27 -0300] "GET /cormun/static/scaMessage/js/jquery.pnotify.min.js HTTP/1.1" 200 13038
186.103.158.250 - - [19/Mar/2018:12:43:27 -0300] "GET /cormun/static/hmpwkw03.js?20177612122668 HTTP/1.1" 200 3965
186.103.158.250 - - [19/Mar/2018:12:43:27 -0300] "GET /cormun/static/scaMessage/scaMessageRender.js HTTP/1.1" 200 11977
186.103.158.250 - - [19/Mar/2018:12:43:28 -0300] "GET /cormun/static/Shared/jquery/jquery-1.10.2.min.js HTTP/1.1" 200 273199
186.103.158.250 - - [19/Mar/2018:12:43:29 -0300] "GET /cormun/static/Shared/ext/ext-all.js HTTP/1.1" 200 1289687
186.103.158.250 - - [19/Mar/2018:12:43:30 -0300] "GET /cormun/static/Shared/jqueryui/jquery-ui.min.js HTTP/1.1" 200 240427
186.103.158.250 - - [19/Mar/2018:12:43:30 -0300] "GET /cormun/servlet/hhome HTTP/1.1" 200 3969
186.103.158.250 - - [19/Mar/2018:12:43:30 -0300] "GET /cormun/static/SmoothNavMenu/resources/images/down.gif HTTP/1.1" 200 854
186.103.158.250 - - [19/Mar/2018:12:43:34 -0300] "GET /cormun/servlet/trlicencias? HTTP/1.1" 200 9032
186.103.158.250 - - [19/Mar/2018:12:43:34 -0300] "GET /cormun/static/gxui/gxui-all.css?110300 HTTP/1.1" 200 2179
186.103.158.250 - - [19/Mar/2018:12:43:34 -0300] "GET /cormun/static/calendar-system.css?75620 HTTP/1.1" 200 5572
186.103.158.250 - - [19/Mar/2018:12:43:34 -0300] "GET /cormun/static/gxcfg.js?20176272054169 HTTP/1.1" 200 953
186.103.158.250 - - [19/Mar/2018:12:43:34 -0300] "GET /cormun/static/calendar.js?85251 HTTP/1.1" 200 26246
186.103.158.250 - - [19/Mar/2018:12:43:34 -0300] "GET /cormun/static/calendar-setup.js?85251 HTTP/1.1" 200 2588
186.103.158.250 - - [19/Mar/2018:12:43:34 -0300] "GET /cormun/static/calendar-es.js?85251 HTTP/1.1" 200 1901
186.103.158.250 - - [19/Mar/2018:12:43:34 -0300] "GET /cormun/static/Resources/Spanish/PXTools.css?17315867 HTTP/1.1" 200 89042
186.103.158.250 - - [19/Mar/2018:12:43:34 -0300] "GET /cormun/static/gxdec.js?85251 HTTP/1.1" 200 19579
186.103.158.250 - - [19/Mar/2018:12:43:34 -0300] "GET /cormun/static/Shared/ext/resources/css/ext-all.css?205870 HTTP/1.1" 200 416045
186.103.158.250 - - [19/Mar/2018:12:43:34 -0300] "GET /cormun/static/trlicencias.js?20176272054837 HTTP/1.1" 200 41883
186.103.158.250 - - [19/Mar/2018:12:43:34 -0300] "GET /cormun/static/Resources/PXTools/calendar.png HTTP/1.1" 200 1306
186.103.158.250 - - [19/Mar/2018:12:43:34 -0300] "GET /cormun/static/Resources/PXToolsDataSearch.png HTTP/1.1" 200 419
186.103.158.250 - - [19/Mar/2018:12:43:34 -0300] "GET /cormun/static/Resources/PXToolsGridFirstDisabled.gif HTTP/1.1" 200 100
186.103.158.250 - - [19/Mar/2018:12:43:34 -0300] "GET /cormun/static/Resources/PXToolsGridPreviousDisabled.gif HTTP/1.1" 200 90
186.103.158.250 - - [19/Mar/2018:12:43:34 -0300] "GET /cormun/static/Resources/PXToolsGridNextDisabled.gif HTTP/1.1" 200 90
186.103.158.250 - - [19/Mar/2018:12:43:34 -0300] "GET /cormun/static/Resources/PXToolsGridLastDisabled.gif HTTP/1.1" 200 98
186.103.158.250 - - [19/Mar/2018:12:43:34 -0300] "GET /cormun/static/Resources/PXToolsGridPage.gif HTTP/1.1" 200 725
186.103.158.250 - - [19/Mar/2018:12:43:34 -0300] "GET /cormun/static/Resources/PXToolsActionExcel.png HTTP/1.1" 200 3187
186.103.158.250 - - [19/Mar/2018:12:43:34 -0300] "GET /cormun/static/Resources/PXToolsGridNew.png HTTP/1.1" 200 2949
192.168.10.97 - - [19/Mar/2018:12:43:35 -0300] "POST /cormun/servlet/trsolicitudgral?35b9c92186f494ec809fb51c556de309,,gx-no-cache=1521474172080 HTTP/1.1" 200 5920
186.103.158.250 - - [19/Mar/2018:12:43:36 -0300] "GET /cormun/static/Resources/desc.gif HTTP/1.1" 200 65
186.103.158.250 - - [19/Mar/2018:12:43:36 -0300] "GET /cormun//static/Resources/PXToolsActionDisabled.gif HTTP/1.1" 200 53
186.103.158.250 - - [19/Mar/2018:12:43:36 -0300] "GET /cormun/servlet/trlicencias? HTTP/1.1" 200 9029
186.103.158.250 - - [19/Mar/2018:12:43:36 -0300] "GET /cormun//static/Resources/PXTools/ActionInsert.png HTTP/1.1" 200 1482
186.103.158.250 - - [19/Mar/2018:12:43:36 -0300] "GET /cormun//static/Resources/PXToolsHeaderFavorites.png HTTP/1.1" 200 2744
186.103.158.250 - - [19/Mar/2018:12:43:36 -0300] "GET /cormun//static/Resources/PXToolsHeaderHelp.png HTTP/1.1" 200 4055
186.103.158.250 - - [19/Mar/2018:12:43:36 -0300] "GET /cormun//static/Resources/PXToolsActionPrint.png HTTP/1.1" 200 3317
186.103.158.250 - - [19/Mar/2018:12:43:36 -0300] "GET /cormun/static/Resources/asc.gif HTTP/1.1" 200 67
186.103.158.250 - - [19/Mar/2018:12:43:36 -0300] "GET /cormun//static/Resources/PXToolsGridDisplay.png HTTP/1.1" 200 362
186.103.158.250 - - [19/Mar/2018:12:43:36 -0300] "GET /cormun/static/Shared/ext/resources/themes/images/default/panel/bg-headersPanel.png HTTP/1.1" 200 255
186.103.158.250 - - [19/Mar/2018:12:43:36 -0300] "GET /cormun/static/Shared/ext/resources/themes/images/default/tools/tool-sprites.gif HTTP/1.1" 200 5434
186.103.157.98 - - [19/Mar/2018:12:43:46 -0300] "GET /cormun/servlet/trsolicitudot? HTTP/1.1" 200 7460
192.168.10.97 - - [19/Mar/2018:12:43:46 -0300] "POST /cormun/servlet/trsolicitudgral?35b9c92186f494ec809fb51c556de309,,gx-no-cache=1521474182718 HTTP/1.1" 200 5919
186.103.157.98 - - [19/Mar/2018:12:43:47 -0300] "GET /cormun/servlet/trsolicitudot? HTTP/1.1" 200 7460
192.168.10.97 - - [19/Mar/2018:12:44:02 -0300] "POST /cormun/servlet/trsolicitudgral?35b9c92186f494ec809fb51c556de309,,gx-no-cache=1521474198902 HTTP/1.1" 200 5921
186.103.157.98 - - [19/Mar/2018:12:44:08 -0300] "GET /cormun/servlet/trcontratounov2? HTTP/1.1" 200 16953
186.103.157.98 - - [19/Mar/2018:12:44:08 -0300] "GET /cormun/servlet/trsolicitudot? HTTP/1.1" 200 7460
186.103.157.98 - - [19/Mar/2018:12:44:08 -0300] "GET /cormun/servlet/trsolicitudot? HTTP/1.1" 200 7460
192.168.10.97 - - [19/Mar/2018:12:44:10 -0300] "POST /cormun/servlet/trsolicitudgral?35b9c92186f494ec809fb51c556de309,,gx-no-cache=1521474207167 HTTP/1.1" 200 5919
186.103.157.98 - - [19/Mar/2018:12:44:11 -0300] "GET /cormun/servlet/trautorizarsolicitud? HTTP/1.1" 200 7362
186.103.157.98 - - [19/Mar/2018:12:44:12 -0300] "GET /cormun/servlet/trautorizarsolicitud? HTTP/1.1" 200 7361
192.168.10.62 - - [19/Mar/2018:12:44:14 -0300] "GET /cormun/servlet/vesolicitudgral?2018,10578,, HTTP/1.1" 200 9084
192.168.10.62 - - [19/Mar/2018:12:44:15 -0300] "GET /cormun/pexe_scrolldiv.js HTTP/1.1" 404 1009
192.168.10.62 - - [19/Mar/2018:12:44:15 -0300] "GET /cormun/servlet/vesolicitudgral?2018,10578,, HTTP/1.1" 200 9083
186.103.157.98 - - [19/Mar/2018:12:44:15 -0300] "GET /cormun/servlet/trvisualizadoreventos? HTTP/1.1" 200 7006
186.103.157.98 - - [19/Mar/2018:12:44:16 -0300] "GET /cormun/static/gxcfg.js?20175251251426 HTTP/1.1" 200 953
186.103.157.98 - - [19/Mar/2018:12:44:16 -0300] "GET /cormun/static/Resources/PXToolsActionPrint.png HTTP/1.1" 200 3317
192.168.10.62 - - [19/Mar/2018:12:44:17 -0300] "GET /cormun/servlet/vesolicitudgral?2018,10578,,SolicitudOTAdjuntos HTTP/1.1" 200 11285
192.168.10.62 - - [19/Mar/2018:12:44:17 -0300] "GET /cormun/pexe_scrolldiv.js HTTP/1.1" 404 1009
192.168.10.62 - - [19/Mar/2018:12:44:17 -0300] "GET /cormun/pexe_scrolldiv.js HTTP/1.1" 404 1009
192.168.10.62 - - [19/Mar/2018:12:44:18 -0300] "GET /cormun/servlet/vesolicitudgral?2018,10578,,SolicitudOTAdjuntos HTTP/1.1" 200 11286
192.168.10.62 - - [19/Mar/2018:12:44:19 -0300] "POST /cormun/servlet/acontrolpreferencessavestate?None,FGONZALEZ,true HTTP/1.1" 200 35
186.103.157.98 - - [19/Mar/2018:12:44:19 -0300] "GET /cormun/servlet/trvisualizadoreventos? HTTP/1.1" 200 7005
192.168.10.97 - - [19/Mar/2018:12:44:20 -0300] "POST /cormun/servlet/trsolicitudgral?35b9c92186f494ec809fb51c556de309,,gx-no-cache=1521474216421 HTTP/1.1" 200 5915
192.168.10.97 - - [19/Mar/2018:12:44:26 -0300] "POST /cormun/servlet/trsolicitudgral?35b9c92186f494ec809fb51c556de309,,gx-no-cache=1521474222581 HTTP/1.1" 200 5919
186.103.158.250 - - [19/Mar/2018:12:44:28 -0300] "GET /cormun/servlet/trlicencias? HTTP/1.1" 200 9029
192.168.10.62 - - [19/Mar/2018:12:44:29 -0300] "GET /cormun/PublicTempStorage/cert._titulo9458229.pdf HTTP/1.1" 200 196410
186.103.158.250 - - [19/Mar/2018:12:44:30 -0300] "GET /cormun/servlet/trlicencias? HTTP/1.1" 200 9029
192.168.10.97 - - [19/Mar/2018:12:44:34 -0300] "POST /cormun/servlet/trsolicitudgral?35b9c92186f494ec809fb51c556de309,,gx-no-cache=1521474230702 HTTP/1.1" 200 5918
192.168.10.62 - - [19/Mar/2018:12:44:35 -0300] "GET /cormun/servlet/vesolicitudgral?2018,10578,,SolicitudOTAdjuntos HTTP/1.1" 200 11284
192.168.10.62 - - [19/Mar/2018:12:44:35 -0300] "GET /cormun/servlet/vesolicitudgral?2018,10578,,SolicitudOTAdjuntos HTTP/1.1" 200 11285
192.168.10.62 - - [19/Mar/2018:12:44:36 -0300] "POST /cormun/servlet/acontrolpreferencessavestate?None,FGONZALEZ,true HTTP/1.1" 200 35
192.168.10.62 - - [19/Mar/2018:12:44:46 -0300] "GET /cormun/PublicTempStorage/cedula1241458.pdf HTTP/1.1" 200 193603
192.168.10.97 - - [19/Mar/2018:12:44:46 -0300] "POST /cormun/servlet/trsolicitudgral?35b9c92186f494ec809fb51c556de309,,gx-no-cache=1521474242319 HTTP/1.1" 200 5917
192.168.10.62 - - [19/Mar/2018:12:44:49 -0300] "GET /cormun/servlet/vesolicitudgral?2018,10578,,SolicitudOTAdjuntos HTTP/1.1" 200 11282
192.168.10.62 - - [19/Mar/2018:12:44:50 -0300] "GET /cormun/servlet/vesolicitudgral?2018,10578,,SolicitudOTAdjuntos HTTP/1.1" 200 11283
192.168.10.62 - - [19/Mar/2018:12:44:51 -0300] "POST /cormun/servlet/acontrolpreferencessavestate?None,FGONZALEZ,true HTTP/1.1" 200 35
192.168.10.62 - - [19/Mar/2018:12:44:51 -0300] "GET /cormun/PublicTempStorage/afp5328237.pdf HTTP/1.1" 200 324337
192.168.10.97 - - [19/Mar/2018:12:44:52 -0300] "POST /cormun/servlet/trsolicitudgral?35b9c92186f494ec809fb51c556de309,,gx-no-cache=1521474248749 HTTP/1.1" 200 5917
192.168.10.62 - - [19/Mar/2018:12:44:55 -0300] "GET /cormun/servlet/vesolicitudgral?2018,10578,,SolicitudOTAdjuntos HTTP/1.1" 200 11284
192.168.10.62 - - [19/Mar/2018:12:44:55 -0300] "GET /cormun/servlet/vesolicitudgral?2018,10578,,SolicitudOTAdjuntos HTTP/1.1" 200 11283
192.168.10.62 - - [19/Mar/2018:12:44:56 -0300] "POST /cormun/servlet/acontrolpreferencessavestate?None,FGONZALEZ,true HTTP/1.1" 200 35
192.168.10.62 - - [19/Mar/2018:12:44:58 -0300] "GET /cormun/PublicTempStorage/antecedentes4900531.pdf HTTP/1.1" 200 344500
192.168.10.62 - - [19/Mar/2018:12:45:01 -0300] "GET /cormun/servlet/vesolicitudgral?2018,10578,,SolicitudOTAdjuntos HTTP/1.1" 200 11284
192.168.10.62 - - [19/Mar/2018:12:45:02 -0300] "GET /cormun/servlet/vesolicitudgral?2018,10578,,SolicitudOTAdjuntos HTTP/1.1" 200 11286
192.168.10.62 - - [19/Mar/2018:12:45:02 -0300] "POST /cormun/servlet/acontrolpreferencessavestate?None,FGONZALEZ,true HTTP/1.1" 200 35
192.168.10.62 - - [19/Mar/2018:12:45:03 -0300] "GET /cormun/PublicTempStorage/cert._titulo4863188.pdf HTTP/1.1" 200 196410
192.168.10.62 - - [19/Mar/2018:12:45:06 -0300] "GET /cormun/servlet/vesolicitudgral?2018,10578,,SolicitudOTAdjuntos HTTP/1.1" 200 11286
192.168.10.62 - - [19/Mar/2018:12:45:07 -0300] "GET /cormun/servlet/vesolicitudgral?2018,10578,,SolicitudOTAdjuntos HTTP/1.1" 200 11283
192.168.10.97 - - [19/Mar/2018:12:45:07 -0300] "POST /cormun/servlet/trsolicitudgral?35b9c92186f494ec809fb51c556de309,,gx-no-cache=1521474263726 HTTP/1.1" 200 5918
192.168.10.62 - - [19/Mar/2018:12:45:07 -0300] "POST /cormun/servlet/acontrolpreferencessavestate?None,FGONZALEZ,true HTTP/1.1" 200 35
192.168.10.62 - - [19/Mar/2018:12:45:08 -0300] "GET /cormun/PublicTempStorage/curriculum6787109.docx HTTP/1.1" 200 22919
186.103.159.46 - - [19/Mar/2018:12:45:08 -0300] "GET /cormun/servlet/alicenciaprn?9517647,L,20180319000000,PU HTTP/1.1" 200 1588
186.103.159.46 - - [19/Mar/2018:12:45:18 -0300] "GET /cormun/servlet/alicenciaprn?9517647,L,20180319000000,PU HTTP/1.1" 200 1585
192.168.10.97 - - [19/Mar/2018:12:45:18 -0300] "POST /cormun/servlet/trsolicitudgral?35b9c92186f494ec809fb51c556de309,,gx-no-cache=1521474275030 HTTP/1.1" 200 5918
192.168.10.62 - - [19/Mar/2018:12:45:19 -0300] "GET /cormun/PublicTempStorage/afp_27732944.pdf HTTP/1.1" 200 214014
192.168.10.62 - - [19/Mar/2018:12:45:24 -0300] "GET /cormun/servlet/vesolicitudgral?2018,10578,,SolicitudOTAdjuntos HTTP/1.1" 200 11284
192.168.10.62 - - [19/Mar/2018:12:45:24 -0300] "GET /cormun/servlet/vesolicitudgral?2018,10578,,SolicitudOTAdjuntos HTTP/1.1" 200 11283
192.168.10.62 - - [19/Mar/2018:12:45:25 -0300] "POST /cormun/servlet/acontrolpreferencessavestate?None,FGONZALEZ,true HTTP/1.1" 200 35
186.103.158.250 - - [19/Mar/2018:12:45:27 -0300] "GET /cormun/servlet/licenciaspermisos?INS,0,,, HTTP/1.1" 200 7511
186.103.158.250 - - [19/Mar/2018:12:45:27 -0300] "GET /cormun/static/gxcfg.js?201762917281167 HTTP/1.1" 200 953
186.103.158.250 - - [19/Mar/2018:12:45:27 -0300] "GET /cormun/static/licenciaspermisos.js?201762917281260 HTTP/1.1" 200 37491
186.103.158.250 - - [19/Mar/2018:12:45:27 -0300] "GET /cormun/static/Resources/prompt.gif HTTP/1.1" 200 902
192.168.10.97 - - [19/Mar/2018:12:45:27 -0300] "POST /cormun/servlet/trsolicitudgral?35b9c92186f494ec809fb51c556de309,,gx-no-cache=1521474284039 HTTP/1.1" 200 5918
186.103.158.250 - - [19/Mar/2018:12:45:28 -0300] "GET /cormun/servlet/licenciaspermisos?INS,0,,, HTTP/1.1" 200 7509
192.168.10.97 - - [19/Mar/2018:12:45:36 -0300] "POST /cormun/servlet/trsolicitudgral?35b9c92186f494ec809fb51c556de309,,gx-no-cache=1521474293047 HTTP/1.1" 200 5917
192.168.10.97 - - [19/Mar/2018:12:45:45 -0300] "POST /cormun/servlet/trsolicitudgral?35b9c92186f494ec809fb51c556de309,,gx-no-cache=1521474301919 HTTP/1.1" 200 5918
200.112.5.56 - - [19/Mar/2018:12:45:54 -0300] "GET /cormun/servlet/hlogin HTTP/1.1" 200 1721
192.168.10.97 - - [19/Mar/2018:12:45:55 -0300] "POST /cormun/servlet/trsolicitudgral?35b9c92186f494ec809fb51c556de309,,gx-no-cache=1521474311838 HTTP/1.1" 200 5920
200.112.5.56 - - [19/Mar/2018:12:45:55 -0300] "POST /cormun/servlet/hlogin?41e2b44ebc8ab9d2b6c85d7ae992e89c,gx-no-cache=1521474304441 HTTP/1.1" 200 90
200.112.5.56 - - [19/Mar/2018:12:45:55 -0300] "GET /cormun/servlet/hpexe_link HTTP/1.1" 200 950
200.112.5.56 - - [19/Mar/2018:12:45:56 -0300] "GET /cormun/servlet/hhome HTTP/1.1" 200 3997
200.112.5.56 - - [19/Mar/2018:12:45:56 -0300] "GET /cormun/servlet/hhome HTTP/1.1" 200 3994
200.112.5.56 - - [19/Mar/2018:12:45:58 -0300] "GET /cormun/servlet/trsolicitudot? HTTP/1.1" 200 7211
200.112.5.56 - - [19/Mar/2018:12:45:59 -0300] "GET /cormun/servlet/trsolicitudot? HTTP/1.1" 200 7210
200.112.5.56 - - [19/Mar/2018:12:46:01 -0300] "GET /cormun/servlet/solicitudot?INS,0,0, HTTP/1.1" 200 13451
200.112.5.56 - - [19/Mar/2018:12:46:01 -0300] "GET /cormun/static/gxcfg.js?201812313224582 HTTP/1.1" 304 -
200.112.5.56 - - [19/Mar/2018:12:46:01 -0300] "GET /cormun/static/solicitudot.js?201812313224831 HTTP/1.1" 304 -
200.112.5.56 - - [19/Mar/2018:12:46:02 -0300] "GET /cormun/servlet/solicitudot?INS,0,0, HTTP/1.1" 200 13456
192.168.10.97 - - [19/Mar/2018:12:46:03 -0300] "POST /cormun/servlet/trsolicitudgral?35b9c92186f494ec809fb51c556de309,,gx-no-cache=1521474319864 HTTP/1.1" 200 5918
186.103.158.250 - - [19/Mar/2018:12:46:04 -0300] "GET /cormun/servlet/licenciaspermisos?9b6a43c6537de29c2b748fe0e4e508dee72e9e8c7dc1b125c538b810551a3aab6d6f10cb7bf3b3a017a2441069c4df96,gx-no-cache=1521477713498 HTTP/1.1" 200 103
186.103.158.250 - - [19/Mar/2018:12:46:04 -0300] "POST /cormun/servlet/licenciaspermisos?6fb06294538a7f7836a975a0ff4bcf49,INS,0,,,,gx-no-cache=1521477713678 HTTP/1.1" 200 4698
200.112.5.56 - - [19/Mar/2018:12:46:04 -0300] "GET /cormun/servlet/prfichaempleado?,MD,,gxPopupLevel%3D0%3B HTTP/1.1" 200 9352
200.112.5.56 - - [19/Mar/2018:12:46:04 -0300] "GET /cormun/static/gxcfg.js?20177612134814 HTTP/1.1" 304 -
192.168.10.97 - - [19/Mar/2018:12:46:07 -0300] "POST /cormun/servlet/trsolicitudgral?35b9c92186f494ec809fb51c556de309,,gx-no-cache=1521474323830 HTTP/1.1" 200 5916
192.168.10.97 - - [19/Mar/2018:12:46:16 -0300] "POST /cormun/servlet/trsolicitudgral?35b9c92186f494ec809fb51c556de309,,gx-no-cache=1521474332535 HTTP/1.1" 200 5917
192.168.10.97 - - [19/Mar/2018:12:46:23 -0300] "POST /cormun/servlet/trsolicitudgral?35b9c92186f494ec809fb51c556de309,,gx-no-cache=1521474339375 HTTP/1.1" 200 5920
186.67.203.186 - - [19/Mar/2018:12:46:27 -0300] "GET /cormun/servlet/hlogin HTTP/1.1" 200 1717
200.112.5.56 - - [19/Mar/2018:12:46:29 -0300] "POST /cormun/servlet/prfichaempleado?41e2b44ebc8ab9d2b6c85d7ae992e89c,,MD,,gxPopupLevel%3D0%3B,gx-no-cache=1521474337426 HTTP/1.1" 200 3191
192.168.10.97 - - [19/Mar/2018:12:46:31 -0300] "POST /cormun/servlet/trsolicitudgral?35b9c92186f494ec809fb51c556de309,,gx-no-cache=1521474347495 HTTP/1.1" 200 5918
186.103.158.250 - - [19/Mar/2018:12:46:33 -0300] "POST /cormun/servlet/licenciaspermisos?6fb06294538a7f7836a975a0ff4bcf49,INS,0,,,,gx-no-cache=1521477742361 HTTP/1.1" 200 93
186.103.158.250 - - [19/Mar/2018:12:46:33 -0300] "GET /cormun/servlet/hpexe_return? HTTP/1.1" 200 1012
186.103.158.250 - - [19/Mar/2018:12:46:33 -0300] "GET /cormun/static/gxcfg.js?2016101716175148 HTTP/1.1" 200 953
186.103.158.250 - - [19/Mar/2018:12:46:33 -0300] "GET /cormun/static/hpexe_return.js?2016101716175153 HTTP/1.1" 200 1633
186.103.158.250 - - [19/Mar/2018:12:46:33 -0300] "GET /cormun/static/Resources/Spanish/PXTools.css?167811 HTTP/1.1" 200 89042
186.103.158.250 - - [19/Mar/2018:12:46:33 -0300] "GET /cormun/servlet/trlicencias HTTP/1.1" 200 9034
186.103.158.250 - - [19/Mar/2018:12:46:35 -0300] "GET /cormun/servlet/trlicencias HTTP/1.1" 200 9029
200.112.5.56 - - [19/Mar/2018:12:46:37 -0300] "POST /cormun/servlet/prfichaempleado?41e2b44ebc8ab9d2b6c85d7ae992e89c,,MD,,gxPopupLevel%3D0%3B,gx-no-cache=1521474345376 HTTP/1.1" 200 3421
186.103.159.46 - - [19/Mar/2018:12:46:39 -0300] "GET /cormun/servlet/licenciaspermisosadjuntos?INS,9517647,L,20180319000000,, HTTP/1.1" 200 5729
200.112.5.56 - - [19/Mar/2018:12:46:39 -0300] "POST /cormun/servlet/solicitudot?gx-no-cache=1521474347788 HTTP/1.1" 200 3394
186.103.159.46 - - [19/Mar/2018:12:46:39 -0300] "GET /cormun/static/about:blank HTTP/1.1" 404 1011
200.112.5.56 - - [19/Mar/2018:12:46:39 -0300] "POST /cormun/servlet/solicitudot?41e2b44ebc8ab9d2b6c85d7ae992e89c,INS,0,0,,gx-no-cache=1521474348247 HTTP/1.1" 200 10358
200.112.5.56 - - [19/Mar/2018:12:46:40 -0300] "GET /cormun/servlet/solicitudot?5aa3daf86dd771e9448f49587268db2b4ec90b1f055d77d7738cf6b21be476e5bc6eeb6dabc29099dc08ab75fb87ad0d,gx-no-cache=1521474348774 HTTP/1.1" 200 30
186.103.159.46 - - [19/Mar/2018:12:46:40 -0300] "GET /cormun/servlet/licenciaspermisosadjuntos?INS,9517647,L,20180319000000,, HTTP/1.1" 200 5718
200.112.5.56 - - [19/Mar/2018:12:46:40 -0300] "GET /cormun/servlet/solicitudot?5aa3daf86dd771e9448f49587268db2b14d4c2215e247e5a2c784f45addb43ed90d2a795d3c44f9ac472f402a4c5a04cbc6eeb6dabc29099dc08ab75fb87ad0d,gx-no-cache=1521474348932 HTTP/1.1" 200 30
200.112.5.56 - - [19/Mar/2018:12:46:40 -0300] "GET /cormun/servlet/solicitudot?5aa3daf86dd771e9448f49587268db2b33f5efb90d10392bc788306996dff833,gx-no-cache=1521474349120 HTTP/1.1" 200 51
200.112.5.56 - - [19/Mar/2018:12:46:40 -0300] "POST /cormun/servlet/solicitudot?gx-no-cache=1521474349242 HTTP/1.1" 200 255
200.112.5.56 - - [19/Mar/2018:12:46:40 -0300] "GET /cormun/servlet/solicitudot?5aa3daf86dd771e9448f49587268db2ba4497f1774c246f0eddd19c02b759f0197df45fa7eeb3f98ba5b7e0bb9dabfbf809a0dc8bef1855cded80921b66dbb417ec6d416bab33d25501e9973ab620664a2beec7751d378401459fa5efb837b2aa5362662f98fd55f39f18025b9fd15a7884d872997103c38ae5f9d1d1cfdec3de2e8ad8dab20afe7cff17253acc9838dd4ec410412087ead48e3e95a3b99b1f1b38d836acacda38abe233fbb31a5f04e5c1881ba1d40d51bb7cbf52fb4d140dcd53274c5dab5673faeaee5cc626c8f0768b942c88baaa78e8a45ed021f718f2decb9ab830e08f2cd07cf1cd3df2a866e1eadf8efb3e5c99752dc7c45cd021996c96223e866739057fadef40dc036143480f2cbff1fb50bfd05c9a5d5d086909280da349c08706ccec28cc4ed22c3594418a71b01578b95497bb29f72b56c5d974ba82a8e74cf10a22fa4632d1f401eebbe0bdd38fa129e98047de007d58abe3f01c7c568f5a832fa8ac5f2a8a40dc87ad3a28bbf7013e30ae7a09d5347d06e69,gx-no-cache=1521474349408 HTTP/1.1" 200 30
200.112.5.56 - - [19/Mar/2018:12:46:40 -0300] "POST /cormun/servlet/solicitudot?gx-no-cache=1521474349506 HTTP/1.1" 200 30
200.112.5.56 - - [19/Mar/2018:12:46:41 -0300] "POST /cormun/servlet/solicitudot?gx-no-cache=1521474349631 HTTP/1.1" 200 1336
200.112.5.56 - - [19/Mar/2018:12:46:41 -0300] "POST /cormun/servlet/solicitudot?gx-no-cache=1521474349791 HTTP/1.1" 200 38
200.112.5.56 - - [19/Mar/2018:12:46:41 -0300] "GET /cormun/servlet/solicitudot?5aa3daf86dd771e9448f49587268db2bd7afd26effd6eef5f72da1becd4a3c4907beb293890df1e1d0d22d542a5ac25e964b09b9628a69accb68169a41bfbab3f3ae191abdbf6dbdf7030a7d15f205cbb066d78420c4ee0d8827abd34fc57b4a9ae8a9d2aa4675b1ad5d09e054cea2316469fd40853162de08d22bb56905f4530b1bf3922a396712d30bc0b9a57005edb4b414902e1564b4f920f622694be3d1,gx-no-cache=1521474349916 HTTP/1.1" 200 29
200.112.5.56 - - [19/Mar/2018:12:46:41 -0300] "POST /cormun/servlet/solicitudot?gx-no-cache=1521474350027 HTTP/1.1" 200 1319
200.112.5.56 - - [19/Mar/2018:12:46:41 -0300] "POST /cormun/servlet/solicitudot?gx-no-cache=1521474350262 HTTP/1.1" 200 1219
200.112.5.56 - - [19/Mar/2018:12:46:41 -0300] "GET /cormun/servlet/solicitudot?5aa3daf86dd771e9448f49587268db2b384e330f4db70cb924b3afd5f7a40dc6,gx-no-cache=1521474350463 HTTP/1.1" 200 30
200.112.5.56 - - [19/Mar/2018:12:46:41 -0300] "POST /cormun/servlet/solicitudot?gx-no-cache=1521474350577 HTTP/1.1" 200 30
186.67.203.186 - - [19/Mar/2018:12:46:46 -0300] "POST /cormun/servlet/hlogin?ebd6d611903c49b9c2dc36df30da7063,gx-no-cache=1521474354528 HTTP/1.1" 200 90
186.67.203.186 - - [19/Mar/2018:12:46:46 -0300] "GET /cormun/servlet/hpexe_link HTTP/1.1" 200 949
186.67.203.186 - - [19/Mar/2018:12:46:47 -0300] "GET /cormun/servlet/hhome HTTP/1.1" 200 4197
186.67.203.186 - - [19/Mar/2018:12:46:48 -0300] "GET /cormun/servlet/hhome HTTP/1.1" 200 4193
186.103.159.46 - - [19/Mar/2018:12:46:54 -0300] "POST /cormun/servlet/licenciaspermisosadjuntos?9cfde740e81eb9c34ab61c7d1d2ce322,INS,9517647,L,20180319000000,, HTTP/1.1" 200 116
186.103.159.46 - - [19/Mar/2018:12:46:54 -0300] "GET /cormun/servlet/hpexe_return? HTTP/1.1" 200 1040
186.67.203.186 - - [19/Mar/2018:12:46:54 -0300] "GET /cormun/servlet/trsolicitudot? HTTP/1.1" 200 7412
186.103.159.46 - - [19/Mar/2018:12:46:54 -0300] "GET /cormun/servlet/trlicenciaspermisosadjuntos?9517647,20180319000000,L, HTTP/1.1" 200 7066
186.103.159.46 - - [19/Mar/2018:12:46:55 -0300] "GET /cormun/servlet/trlicenciaspermisosadjuntos?9517647,20180319000000,L, HTTP/1.1" 200 7062
186.67.203.186 - - [19/Mar/2018:12:46:55 -0300] "GET /cormun/servlet/trsolicitudot? HTTP/1.1" 200 7412
186.103.158.250 - - [19/Mar/2018:12:46:59 -0300] "GET /cormun/servlet/licenciaspermisos?INS,0,,, HTTP/1.1" 200 7511
186.67.203.186 - - [19/Mar/2018:12:47:00 -0300] "GET /cormun/servlet/solicitudot?INS,0,0, HTTP/1.1" 200 13645
186.103.158.250 - - [19/Mar/2018:12:47:00 -0300] "GET /cormun/servlet/licenciaspermisos?INS,0,,, HTTP/1.1" 200 7509
186.67.203.186 - - [19/Mar/2018:12:47:01 -0300] "GET /cormun/servlet/solicitudot?INS,0,0, HTTP/1.1" 200 13649
200.112.5.56 - - [19/Mar/2018:12:47:02 -0300] "POST /cormun/servlet/solicitudot?gx-no-cache=1521474371085 HTTP/1.1" 200 30
192.168.10.97 - - [19/Mar/2018:12:47:03 -0300] "POST /cormun/servlet/trsolicitudgral?35b9c92186f494ec809fb51c556de309,,gx-no-cache=1521474379814 HTTP/1.1" 200 5916
200.112.5.56 - - [19/Mar/2018:12:47:05 -0300] "POST /cormun/servlet/solicitudot?gx-no-cache=1521474373766 HTTP/1.1" 200 1336
200.112.5.56 - - [19/Mar/2018:12:47:05 -0300] "POST /cormun/servlet/solicitudot?gx-no-cache=1521474374024 HTTP/1.1" 200 38
192.168.10.97 - - [19/Mar/2018:12:47:05 -0300] "POST /cormun/servlet/trsolicitudgral?35b9c92186f494ec809fb51c556de309,,gx-no-cache=1521474382158 HTTP/1.1" 200 5918
192.168.10.97 - - [19/Mar/2018:12:47:12 -0300] "POST /cormun/servlet/trsolicitudgral?35b9c92186f494ec809fb51c556de309,,gx-no-cache=1521474388766 HTTP/1.1" 200 5919
200.112.5.56 - - [19/Mar/2018:12:47:18 -0300] "POST /cormun/servlet/solicitudot?gx-no-cache=1521474387128 HTTP/1.1" 200 1319
200.112.5.56 - - [19/Mar/2018:12:47:18 -0300] "POST /cormun/servlet/solicitudot?gx-no-cache=1521474387412 HTTP/1.1" 200 1219
192.168.10.97 - - [19/Mar/2018:12:47:18 -0300] "POST /cormun/servlet/trsolicitudgral?35b9c92186f494ec809fb51c556de309,,gx-no-cache=1521474395208 HTTP/1.1" 200 7283
200.112.5.56 - - [19/Mar/2018:12:47:19 -0300] "GET /cormun/static/menuarrow.gif HTTP/1.1" 404 1015
200.112.5.56 - - [19/Mar/2018:12:47:21 -0300] "POST /cormun/servlet/solicitudot?gx-no-cache=1521474390167 HTTP/1.1" 200 1319
200.112.5.56 - - [19/Mar/2018:12:47:21 -0300] "POST /cormun/servlet/solicitudot?gx-no-cache=1521474390436 HTTP/1.1" 200 1219
200.112.5.56 - - [19/Mar/2018:12:47:23 -0300] "GET /cormun/servlet/solicitudot?5aa3daf86dd771e9448f49587268db2b509f2172af6b9f85f11311251c7d3c557d24847ad1295b957e362646c1f9786d,gx-no-cache=1521474391822 HTTP/1.1" 200 30
186.67.203.186 - - [19/Mar/2018:12:47:31 -0300] "POST /cormun/servlet/solicitudot?gx-no-cache=1521474398558 HTTP/1.1" 200 3407
186.67.203.186 - - [19/Mar/2018:12:47:32 -0300] "POST /cormun/servlet/solicitudot?ebd6d611903c49b9c2dc36df30da7063,INS,0,0,,gx-no-cache=1521474399919 HTTP/1.1" 200 10581
200.112.5.56 - - [19/Mar/2018:12:47:35 -0300] "POST /cormun/servlet/solicitudot?gx-no-cache=1521474403200 HTTP/1.1" 200 30
200.112.5.56 - - [19/Mar/2018:12:47:35 -0300] "POST /cormun/servlet/solicitudot?41e2b44ebc8ab9d2b6c85d7ae992e89c,INS,0,0,,gx-no-cache=1521474403993 HTTP/1.1" 200 93
200.112.5.56 - - [19/Mar/2018:12:47:36 -0300] "GET /cormun/servlet/hpexe_return? HTTP/1.1" 200 1007
200.112.5.56 - - [19/Mar/2018:12:47:36 -0300] "GET /cormun/static/gxcfg.js?2016101716175148 HTTP/1.1" 304 -
200.112.5.56 - - [19/Mar/2018:12:47:36 -0300] "GET /cormun/servlet/trsolicitudot HTTP/1.1" 200 8579
200.112.5.56 - - [19/Mar/2018:12:47:36 -0300] "GET /cormun/servlet/trsolicitudot HTTP/1.1" 200 8575
186.103.158.250 - - [19/Mar/2018:12:47:40 -0300] "GET /cormun/servlet/licenciaspermisos?9b6a43c6537de29c2b748fe0e4e508dee72e9e8c7dc1b125c538b810551a3aab810311c04fa86390a3f4554f7f7134f2,gx-no-cache=1521477810320 HTTP/1.1" 200 185
186.103.158.250 - - [19/Mar/2018:12:47:40 -0300] "GET /cormun/static/Shared/jqueryui/images/ui-bg_highlight-soft_100_c6c2c8_1x100.png HTTP/1.1" 404 1117
186.103.158.250 - - [19/Mar/2018:12:47:41 -0300] "GET /cormun/static/Shared/jqueryui/images/ui-icons_82798d_256x240.png HTTP/1.1" 404 1089
186.103.158.250 - - [19/Mar/2018:12:47:41 -0300] "GET /cormun/static/Shared/jqueryui/images/ui-bg_flat_55_994d53_40x100.png HTTP/1.1" 404 1097
186.103.158.250 - - [19/Mar/2018:12:47:41 -0300] "GET /cormun/static/Shared/jqueryui/images/ui-icons_ebccce_256x240.png HTTP/1.1" 404 1089
200.112.5.56 - - [19/Mar/2018:12:47:41 -0300] "POST /cormun/servlet/trsolicitudot?41e2b44ebc8ab9d2b6c85d7ae992e89c,gx-no-cache=1521474409528 HTTP/1.1" 200 4466
200.112.5.56 - - [19/Mar/2018:12:47:41 -0300] "GET /cormun/static/Shared/jqueryui/images/ui-bg_highlight-soft_100_c6c2c8_1x100.png HTTP/1.1" 404 1117
200.112.5.56 - - [19/Mar/2018:12:47:41 -0300] "GET /cormun/static/Shared/jqueryui/images/ui-icons_82798d_256x240.png HTTP/1.1" 404 1089
200.112.5.56 - - [19/Mar/2018:12:47:41 -0300] "GET /cormun/static/Shared/jqueryui/images/ui-bg_flat_55_fafafa_40x100.png HTTP/1.1" 404 1097
200.112.5.56 - - [19/Mar/2018:12:47:41 -0300] "GET /cormun/static/Shared/jqueryui/images/ui-icons_8d78a5_256x240.png HTTP/1.1" 404 1089
200.112.5.56 - - [19/Mar/2018:12:47:41 -0300] "POST /cormun/servlet/trsolicitudot?41e2b44ebc8ab9d2b6c85d7ae992e89c,gx-no-cache=1521474410004 HTTP/1.1" 200 4254
200.112.5.56 - - [19/Mar/2018:12:47:46 -0300] "GET /cormun/servlet/hlogin HTTP/1.1" 200 1721
200.112.5.56 - - [19/Mar/2018:12:47:49 -0300] "POST /cormun/servlet/hlogin?41e2b44ebc8ab9d2b6c85d7ae992e89c,gx-no-cache=1521474418473 HTTP/1.1" 200 90
200.112.5.56 - - [19/Mar/2018:12:47:49 -0300] "GET /cormun/servlet/hpexe_link HTTP/1.1" 200 950
200.112.5.56 - - [19/Mar/2018:12:47:50 -0300] "GET /cormun/servlet/hhome HTTP/1.1" 200 4202
200.112.5.56 - - [19/Mar/2018:12:47:50 -0300] "GET /cormun/servlet/hhome HTTP/1.1" 200 4198
186.103.158.250 - - [19/Mar/2018:12:47:51 -0300] "GET /cormun/servlet/licenciaspermisos?9b6a43c6537de29c2b748fe0e4e508dee72e9e8c7dc1b125c538b810551a3aab6d6f10cb7bf3b3a017a2441069c4df96,gx-no-cache=1521477820596 HTTP/1.1" 200 103
186.103.158.250 - - [19/Mar/2018:12:47:51 -0300] "POST /cormun/servlet/licenciaspermisos?6fb06294538a7f7836a975a0ff4bcf49,INS,0,,,,gx-no-cache=1521477820700 HTTP/1.1" 200 4697
200.112.5.56 - - [19/Mar/2018:12:47:53 -0300] "GET /cormun/servlet/trautorizarsolicitud? HTTP/1.1" 200 8662
200.112.5.56 - - [19/Mar/2018:12:47:53 -0300] "GET /cormun/static/gxcfg.js?2017111423403364 HTTP/1.1" 304 -
200.112.5.56 - - [19/Mar/2018:12:47:53 -0300] "GET /cormun/servlet/trautorizarsolicitud? HTTP/1.1" 200 8660
200.112.5.56 - - [19/Mar/2018:12:47:58 -0300] "POST /cormun/servlet/trautorizarsolicitud?41e2b44ebc8ab9d2b6c85d7ae992e89c,,gx-no-cache=1521474426323 HTTP/1.1" 200 4593
200.112.5.56 - - [19/Mar/2018:12:47:58 -0300] "GET /cormun/static/Shared/jqueryui/images/ui-bg_highlight-soft_100_c6c2c8_1x100.png HTTP/1.1" 404 1117
200.112.5.56 - - [19/Mar/2018:12:47:58 -0300] "GET /cormun/static/Shared/jqueryui/images/ui-icons_82798d_256x240.png HTTP/1.1" 404 1089
200.112.5.56 - - [19/Mar/2018:12:47:58 -0300] "GET /cormun/static/Shared/jqueryui/images/ui-bg_flat_55_fafafa_40x100.png HTTP/1.1" 404 1097
200.112.5.56 - - [19/Mar/2018:12:47:58 -0300] "GET /cormun/static/Shared/jqueryui/images/ui-icons_8d78a5_256x240.png HTTP/1.1" 404 1089
200.112.5.56 - - [19/Mar/2018:12:47:58 -0300] "POST /cormun/servlet/trautorizarsolicitud?41e2b44ebc8ab9d2b6c85d7ae992e89c,,gx-no-cache=1521474426820 HTTP/1.1" 200 4379
192.168.10.62 - - [19/Mar/2018:12:48:05 -0300] "POST /cormun/servlet/vesolicitudgral?d6f47d46ad8a9dca0d3d9f0dc3f09bb9,2018,10578,,SolicitudOTAdjuntos,gx-no-cache=1521474319555 HTTP/1.1" 200 90
192.168.10.62 - - [19/Mar/2018:12:48:05 -0300] "GET /cormun/servlet/hpexe_link HTTP/1.1" 200 979
192.168.10.62 - - [19/Mar/2018:12:48:05 -0300] "GET /cormun/servlet/trsolicitudgral? HTTP/1.1" 200 16647
192.168.10.62 - - [19/Mar/2018:12:48:06 -0300] "GET /cormun/servlet/trsolicitudgral? HTTP/1.1" 200 16646
192.168.10.62 - - [19/Mar/2018:12:48:16 -0300] "POST /cormun/servlet/trsolicitudgral?d6f47d46ad8a9dca0d3d9f0dc3f09bb9,,gx-no-cache=1521474330302 HTTP/1.1" 200 16162
192.168.10.62 - - [19/Mar/2018:12:48:21 -0300] "POST /cormun/servlet/trsolicitudgral?d6f47d46ad8a9dca0d3d9f0dc3f09bb9,,gx-no-cache=1521474335253 HTTP/1.1" 200 7300
186.103.132.155 - - [19/Mar/2018:12:48:25 -0300] "GET /cormun/servlet/solicitudot?bc484a4d17ddcf186178bf7f814385687775ae568a0a40a41c3081cd1fe92aac52157b3e966aec4f78a766d1402519e9,gx-no-cache=1521474454016 HTTP/1.1" 200 30
186.103.132.155 - - [19/Mar/2018:12:48:26 -0300] "GET /cormun/servlet/solicitudot?bc484a4d17ddcf186178bf7f81438568fd34f9c0796efc90f7ce7187e9b33f661aed3e0cb964254c156023ebb862a472eac487797ecff44cc8ca736d2c9ae36f,gx-no-cache=1521474454432 HTTP/1.1" 200 30
186.103.132.155 - - [19/Mar/2018:12:48:26 -0300] "GET /cormun/servlet/solicitudot?bc484a4d17ddcf186178bf7f81438568e28aafbbd9bcf0ff1bd38d3d77e629ea,gx-no-cache=1521474454637 HTTP/1.1" 200 53
186.103.132.155 - - [19/Mar/2018:12:48:26 -0300] "POST /cormun/servlet/solicitudot?gx-no-cache=1521474455022 HTTP/1.1" 200 297
186.103.132.155 - - [19/Mar/2018:12:48:27 -0300] "GET /cormun/servlet/solicitudot?bc484a4d17ddcf186178bf7f81438568fdd4abdaed2f6297bad7f9c85f9540a7d3c9a23a909c01afbed5cb7f1cd5fcea2035187c965e0276b7174aa7eabf8e70fc348fa3ca0ab1eb4b9f862d6c04ffbb92cae806b0e5022102f4d8482fc5e622684bcac2f48af1c55637df1ebcf12bb7a454cccd21c28410f2d0032cff66898452e7f4c9729a949870c98a841f4639fbb0be980bffe517734b3c5b57ae8ec401dce76517beda1a8e23d32a921f3ff297d809150615d63d72a902efcba4dbe012239963d6fded95f0fbc664480ecf1e6d52fbd670374947b1e2b2fdd4aa5b50068552675074eb6a1b4e718fb8b79403a0b5edde8db0071b1c51ea61a20b109cab90ceb8efa7a41abbb79dd0f3682eebf959257f373754591c670e4e22ace3a2038053a37b3a40c6af3d1ccb5d9a330b245002bc2653d8af7baf02954165298465bec3a8dfcab0fa3bac1af887f24d80a327b911921ce3da6865e0705f626b0e43dc4644e7b7ac559a81cd53c26b0fb6b0f93b7437b806a5450a9bfb011fc6cb250edb0a10a1d7bdf799a4f47967654327,gx-no-cache=1521474455243 HTTP/1.1" 200 30
186.103.158.250 - - [19/Mar/2018:12:48:30 -0300] "GET /cormun/static/menuarrow.gif HTTP/1.1" 404 1015
186.103.132.155 - - [19/Mar/2018:12:48:31 -0300] "POST /cormun/servlet/solicitudot?gx-no-cache=1521474459045 HTTP/1.1" 200 30
192.168.10.62 - - [19/Mar/2018:12:48:38 -0300] "GET /cormun/servlet/vesolicitudgral?2018,9722,, HTTP/1.1" 200 9136
192.168.10.62 - - [19/Mar/2018:12:48:38 -0300] "GET /cormun/pexe_scrolldiv.js HTTP/1.1" 404 1009
192.168.10.62 - - [19/Mar/2018:12:48:38 -0300] "GET /cormun/pexe_scrolldiv.js HTTP/1.1" 404 1009
192.168.10.62 - - [19/Mar/2018:12:48:38 -0300] "GET /cormun/servlet/vesolicitudgral?2018,9722,, HTTP/1.1" 200 9136
192.168.10.62 - - [19/Mar/2018:12:48:40 -0300] "GET /cormun/servlet/vesolicitudgral?2018,9722,,SolicitudOTAdjuntos HTTP/1.1" 200 7735
192.168.10.62 - - [19/Mar/2018:12:48:40 -0300] "GET /cormun/pexe_scrolldiv.js HTTP/1.1" 404 1009
192.168.10.62 - - [19/Mar/2018:12:48:40 -0300] "GET /cormun/pexe_scrolldiv.js HTTP/1.1" 404 1009
192.168.10.62 - - [19/Mar/2018:12:48:40 -0300] "GET /cormun/servlet/vesolicitudgral?2018,9722,,SolicitudOTAdjuntos HTTP/1.1" 200 7735
192.168.10.62 - - [19/Mar/2018:12:48:41 -0300] "POST /cormun/servlet/acontrolpreferencessavestate?None,FGONZALEZ,true HTTP/1.1" 200 35
192.168.10.96 - - [19/Mar/2018:12:48:42 -0300] "GET /cormun/servlet/trsolicitudgral? HTTP/1.1" 200 10927
