186.103.159.183 - - [19/Mar/2018:11:43:45 -0300] "GET /cormun/servlet/trcontratosolicitud? HTTP/1.1" 200 14727
186.103.159.182 - - [19/Mar/2018:11:44:21 -0300] "POST /cormun/servlet/trsolicitudot?ecd278aaa7de697feabb8e2c76721273,,gx-no-cache=1521470610050 HTTP/1.1" 200 8269
186.103.159.182 - - [19/Mar/2018:11:44:51 -0300] "POST /cormun/servlet/trsolicitudot?ecd278aaa7de697feabb8e2c76721273,,gx-no-cache=1521470640180 HTTP/1.1" 200 8269
192.168.10.97 - - [19/Mar/2018:11:44:53 -0300] "POST /cormun/servlet/trsolicitudgral?5af6f09deeb649453d2984379da3a7f9,,gx-no-cache=1521470650096 HTTP/1.1" 200 5925
186.103.159.182 - - [19/Mar/2018:11:44:59 -0300] "POST /cormun/servlet/trsolicitudot?ecd278aaa7de697feabb8e2c76721273,,gx-no-cache=1521470647482 HTTP/1.1" 200 8271
186.103.159.182 - - [19/Mar/2018:11:45:03 -0300] "POST /cormun/servlet/trsolicitudot?ecd278aaa7de697feabb8e2c76721273,,gx-no-cache=1521470651560 HTTP/1.1" 200 8270
186.103.159.182 - - [19/Mar/2018:11:45:11 -0300] "GET /cormun/servlet/hlogin HTTP/1.1" 200 1715
192.168.10.97 - - [19/Mar/2018:11:45:15 -0300] "POST /cormun/servlet/trsolicitudgral?5af6f09deeb649453d2984379da3a7f9,,gx-no-cache=1521470671760 HTTP/1.1" 200 5923
186.103.159.182 - - [19/Mar/2018:11:45:43 -0300] "POST /cormun/servlet/hlogin?ecd278aaa7de697feabb8e2c76721273,gx-no-cache=1521470692682 HTTP/1.1" 200 90
186.103.159.182 - - [19/Mar/2018:11:45:43 -0300] "GET /cormun/servlet/hpexe_link HTTP/1.1" 200 954
186.103.159.182 - - [19/Mar/2018:11:45:44 -0300] "GET /cormun/servlet/trsolicitudot? HTTP/1.1" 200 11314
186.103.159.182 - - [19/Mar/2018:11:45:46 -0300] "GET /cormun/servlet/trsolicitudot? HTTP/1.1" 200 11312
186.103.159.183 - - [19/Mar/2018:11:45:49 -0300] "GET /cormun/servlet/trsolicitudot? HTTP/1.1" 200 7408
186.103.159.183 - - [19/Mar/2018:11:45:50 -0300] "GET /cormun/static/Shared/ext/ext-all.js HTTP/1.1" 200 1289687
186.103.159.183 - - [19/Mar/2018:11:45:51 -0300] "GET /cormun/servlet/trsolicitudot? HTTP/1.1" 200 7408
192.168.10.97 - - [19/Mar/2018:11:45:55 -0300] "GET /cormun/servlet/trautorizarsolicitud? HTTP/1.1" 200 7675
192.168.10.97 - - [19/Mar/2018:11:45:55 -0300] "GET /cormun/servlet/trautorizarsolicitud? HTTP/1.1" 200 7675
186.103.159.182 - - [19/Mar/2018:11:45:56 -0300] "POST /cormun/servlet/trsolicitudot?ecd278aaa7de697feabb8e2c76721273,,gx-no-cache=1521470704822 HTTP/1.1" 200 8267
192.168.10.97 - - [19/Mar/2018:11:46:04 -0300] "GET /cormun/servlet/trsolicitudgral? HTTP/1.1" 200 9075
192.168.10.97 - - [19/Mar/2018:11:46:04 -0300] "GET /cormun/servlet/trsolicitudgral? HTTP/1.1" 200 9075
186.103.159.182 - - [19/Mar/2018:11:46:06 -0300] "POST /cormun/servlet/trsolicitudot?ecd278aaa7de697feabb8e2c76721273,,gx-no-cache=1521470714608 HTTP/1.1" 200 4463
186.103.159.182 - - [19/Mar/2018:11:46:11 -0300] "POST /cormun/servlet/trsolicitudot?ecd278aaa7de697feabb8e2c76721273,,gx-no-cache=1521470720394 HTTP/1.1" 200 5855
186.103.159.183 - - [19/Mar/2018:11:46:17 -0300] "GET /cormun/servlet/trsolicitudot? HTTP/1.1" 200 7408
186.103.159.183 - - [19/Mar/2018:11:46:18 -0300] "GET /cormun/static/Shared/ext/ext-all.js HTTP/1.1" 200 1289687
186.103.159.183 - - [19/Mar/2018:11:46:19 -0300] "GET /cormun/servlet/trsolicitudot? HTTP/1.1" 200 7408
186.103.159.183 - - [19/Mar/2018:11:46:24 -0300] "GET /cormun/static/menuarrow.gif HTTP/1.1" 404 1015
186.103.159.182 - - [19/Mar/2018:11:46:26 -0300] "POST /cormun/servlet/trsolicitudot?ecd278aaa7de697feabb8e2c76721273,,gx-no-cache=1521470735440 HTTP/1.1" 200 4636
186.103.159.182 - - [19/Mar/2018:11:46:27 -0300] "POST /cormun/servlet/trsolicitudot?ecd278aaa7de697feabb8e2c76721273,,gx-no-cache=1521470736060 HTTP/1.1" 200 4444
186.103.159.183 - - [19/Mar/2018:11:46:41 -0300] "POST /cormun/servlet/trsolicitudot?0b22fd43729ca67a53c1804df887496d,,gx-no-cache=1521470750836 HTTP/1.1" 200 15698
186.103.159.183 - - [19/Mar/2018:11:46:41 -0300] "GET /cormun//static/Resources/PXToolsGridUpdate.png HTTP/1.1" 200 2984
186.103.159.183 - - [19/Mar/2018:11:46:41 -0300] "GET /cormun//static/Resources/PXToolsGridDelete.png HTTP/1.1" 200 357
186.103.159.183 - - [19/Mar/2018:11:46:41 -0300] "GET /cormun//static/Resources/PXTools/ActionInsert.png HTTP/1.1" 200 1482
186.103.159.183 - - [19/Mar/2018:11:46:41 -0300] "GET /cormun//static/Resources/PXToolsRemoveAllAction.png HTTP/1.1" 200 3558
186.103.159.183 - - [19/Mar/2018:11:46:41 -0300] "GET /cormun//static/Resources/PXToolsActionView.png HTTP/1.1" 200 2995
186.103.161.206 - - [19/Mar/2018:11:46:46 -0300] "GET /cormun/servlet/hlogin HTTP/1.1" 200 1717
186.103.159.182 - - [19/Mar/2018:11:46:48 -0300] "POST /cormun/servlet/trsolicitudot?ecd278aaa7de697feabb8e2c76721273,,gx-no-cache=1521470756688 HTTP/1.1" 200 4463
192.168.10.97 - - [19/Mar/2018:11:46:56 -0300] "POST /cormun/servlet/trsolicitudgral?5af6f09deeb649453d2984379da3a7f9,,gx-no-cache=1521470772223 HTTP/1.1" 200 7281
186.103.159.182 - - [19/Mar/2018:11:47:05 -0300] "POST /cormun/servlet/trsolicitudot?ecd278aaa7de697feabb8e2c76721273,,gx-no-cache=1521470773804 HTTP/1.1" 200 4462
192.168.10.97 - - [19/Mar/2018:11:47:08 -0300] "GET /cormun/servlet/solicitudgral?UPD,2018,8913, HTTP/1.1" 200 13032
192.168.10.97 - - [19/Mar/2018:11:47:08 -0300] "GET /cormun/static/gxcfg.js?20181911354237 HTTP/1.1" 304 -
192.168.10.97 - - [19/Mar/2018:11:47:08 -0300] "GET /cormun/servlet/solicitudgral?UPD,2018,8913, HTTP/1.1" 200 13042
192.168.10.97 - - [19/Mar/2018:11:47:09 -0300] "POST /cormun/servlet/solicitudgral?gx-no-cache=1521470785637 HTTP/1.1" 200 3926
192.168.10.97 - - [19/Mar/2018:11:47:09 -0300] "GET /cormun/servlet/solicitudgral?4c038d5479c4cd19592535e8b274f1ad69155c3aedca41b89a2f61d016bb83d5da925c40de7541239d8f0c626f124dce626180a7f881a0165705a76cd10f47f4a8ae7e8bc1195390d6b56cfe95c64344f148d5c77f35dcbce165dafc4302376d61c85c227a47ae49b5e459daba1528989e1eb4b91b0a1ea7d34064805418b8f8d3cdb4d146f29a0e29de14b280dad34f3f4f71a90f036e4bfc911ec92f32cbab7a1a56f2d3a1230f2fe31cb614c4287f2c003db287f1cee7ea347e79c1e15a274515f53992af2baaec1e94f643267e94c00faac0bdbcc034c2aff70c7d1f998e8f9371d1fc55a19d0e922bd1b35335c61d48742336b2965221b90ee064417105007fbd2a10af0111d5dea742c38a2ac46b2524e91303420b783512956b16d67bf3bdbeb06211a318295208f9ed507ff8c470beec51c50e23a0c42af72265c85bfbcfee6df14eac78947d559d373dce80,gx-no-cache=1521470785794 HTTP/1.1" 200 297
192.168.10.89 - - [19/Mar/2018:11:47:11 -0300] "POST /cormun/servlet/trsolicitudgral?92db09fa3e8e36d717ba706a0e2f7cc6,,gx-no-cache=1521470665196 HTTP/1.1" 200 7722
192.168.10.97 - - [19/Mar/2018:11:47:14 -0300] "GET /cormun/servlet/solicitudgral?4c038d5479c4cd19592535e8b274f1addf92eda25afda61c70a992608a5d8e989e6812a7ae1845802ff9fa1c80956eb293c8d745f3b6c0fa8d1bbc41d3555e94994563262135435aa1ac99ff52c7cbbd17d2336b104110bac8cd4f3617592c2cf52341c9cdcc0358804970bc03717b5285d444d75b545c917b7ed17e7d05f40fb2aad7fb66f272a88dc368c3eb3286514c4a3aaaa44d16b4557e459c06ccd1c750d55b22b651c45a7c7a8ddca9bf09e57a944e05471c36daa77f1e40596bcbe4b4efa3e25186c29d25159e94a5fd427f36c4b9a5184ccdd028d83d0d1f746f3558c72ebc5e981e813f1b8221ee3f1d648a92e1fd06dd6f2b680f453f84634fe1786433bd22d6998ccdd5d16066272259f07a94435fadc52255ef114376f2c277b60b579ab3e4bd7b9b80f12ed86c664262e888bb29bf8f0a40e1c03bddc8134ddf3a5f4040bb91e25d2a0e933e7f860520d449617b2ef19c3686d34c5d808a6ebc74ba6625f544321c3690cc9a69a911b9daaf1fc1f8839875bd0c7625135e80f1170c19215216308b4971d82d9b314812d85d5eae8c11b9e7bf817562d902a1991b15b297c6f379ecffbf0fbe809d95,gx-no-cache=1521470790864 HTTP/1.1" 200 48
192.168.10.89 - - [19/Mar/2018:11:47:19 -0300] "POST /cormun/servlet/trsolicitudgral?92db09fa3e8e36d717ba706a0e2f7cc6,,gx-no-cache=1521470673185 HTTP/1.1" 200 5925
192.168.10.97 - - [19/Mar/2018:11:47:20 -0300] "POST /cormun/servlet/solicitudgral?5af6f09deeb649453d2984379da3a7f9,UPD,2018,8913,,gx-no-cache=1521470797136 HTTP/1.1" 200 11843
192.168.10.97 - - [19/Mar/2018:11:47:21 -0300] "GET /cormun/servlet/solicitudgral?4c038d5479c4cd19592535e8b274f1ad6eb4162c1fab1d751e1c5d7b076e56bffcdab4d0a6ef0aedcf641b2963c247e2426bf0ae8391e08bbda165023bc14539c1cd67d927daa9bbd478123ae2fa9055804bd1f7b6c5cbba97f5ac0413795609f340d2e1e7e715d5b6d26800713334f5,gx-no-cache=1521470797361 HTTP/1.1" 200 29
192.168.10.97 - - [19/Mar/2018:11:47:21 -0300] "POST /cormun/servlet/solicitudgral?gx-no-cache=1521470797379 HTTP/1.1" 200 1296
192.168.10.97 - - [19/Mar/2018:11:47:21 -0300] "POST /cormun/servlet/solicitudgral?gx-no-cache=1521470797408 HTTP/1.1" 200 1218
192.168.10.97 - - [19/Mar/2018:11:47:21 -0300] "POST /cormun/servlet/solicitudgral?5af6f09deeb649453d2984379da3a7f9,UPD,2018,8913,,gx-no-cache=1521470797437 HTTP/1.1" 200 93
192.168.10.97 - - [19/Mar/2018:11:47:21 -0300] "GET /cormun/servlet/hpexe_return? HTTP/1.1" 200 1012
192.168.10.97 - - [19/Mar/2018:11:47:21 -0300] "GET /cormun/servlet/trsolicitudgral? HTTP/1.1" 200 9077
186.103.159.182 - - [19/Mar/2018:11:47:21 -0300] "POST /cormun/servlet/trsolicitudot?ecd278aaa7de697feabb8e2c76721273,,gx-no-cache=1521470789158 HTTP/1.1" 200 8289
192.168.10.97 - - [19/Mar/2018:11:47:21 -0300] "GET /cormun/servlet/trsolicitudgral? HTTP/1.1" 200 9073
192.168.10.89 - - [19/Mar/2018:11:47:24 -0300] "POST /cormun/servlet/trsolicitudgral?92db09fa3e8e36d717ba706a0e2f7cc6,,gx-no-cache=1521470678176 HTTP/1.1" 200 5926
192.168.10.89 - - [19/Mar/2018:11:47:28 -0300] "POST /cormun/servlet/trsolicitudgral?92db09fa3e8e36d717ba706a0e2f7cc6,,gx-no-cache=1521470683112 HTTP/1.1" 200 5926
186.103.159.182 - - [19/Mar/2018:11:47:31 -0300] "POST /cormun/servlet/trsolicitudot?ecd278aaa7de697feabb8e2c76721273,,gx-no-cache=1521470799670 HTTP/1.1" 200 8267
192.168.10.89 - - [19/Mar/2018:11:47:32 -0300] "POST /cormun/servlet/trsolicitudgral?92db09fa3e8e36d717ba706a0e2f7cc6,,gx-no-cache=1521470686952 HTTP/1.1" 200 9601
186.103.159.182 - - [19/Mar/2018:11:47:34 -0300] "POST /cormun/servlet/trsolicitudot?ecd278aaa7de697feabb8e2c76721273,,gx-no-cache=1521470802554 HTTP/1.1" 200 8267
192.168.10.97 - - [19/Mar/2018:11:47:34 -0300] "POST /cormun/servlet/trsolicitudgral?5af6f09deeb649453d2984379da3a7f9,,gx-no-cache=1521470810964 HTTP/1.1" 200 5925
186.103.159.182 - - [19/Mar/2018:11:47:39 -0300] "POST /cormun/servlet/trsolicitudot?ecd278aaa7de697feabb8e2c76721273,,gx-no-cache=1521470807540 HTTP/1.1" 200 8266
192.168.10.97 - - [19/Mar/2018:11:47:46 -0300] "POST /cormun/servlet/trsolicitudgral?5af6f09deeb649453d2984379da3a7f9,,gx-no-cache=1521470822511 HTTP/1.1" 200 8554
186.103.159.183 - - [19/Mar/2018:11:48:31 -0300] "POST /cormun/servlet/trsolicitudot?0b22fd43729ca67a53c1804df887496d,,gx-no-cache=1521470860554 HTTP/1.1" 200 15699
192.168.10.97 - - [19/Mar/2018:11:48:34 -0300] "POST /cormun/servlet/trsolicitudgral?5af6f09deeb649453d2984379da3a7f9,,gx-no-cache=1521470870694 HTTP/1.1" 200 6141
192.168.10.97 - - [19/Mar/2018:11:48:34 -0300] "GET /cormun/static/Shared/jqueryui/images/ui-bg_highlight-soft_100_c6c2c8_1x100.png HTTP/1.1" 404 1117
192.168.10.97 - - [19/Mar/2018:11:48:34 -0300] "GET /cormun/static/Shared/jqueryui/images/ui-icons_82798d_256x240.png HTTP/1.1" 404 1089
192.168.10.97 - - [19/Mar/2018:11:48:34 -0300] "GET /cormun/static/Shared/jqueryui/images/ui-icons_8d78a5_256x240.png HTTP/1.1" 404 1089
192.168.10.97 - - [19/Mar/2018:11:48:34 -0300] "GET /cormun/static/Shared/jqueryui/images/ui-bg_flat_55_fafafa_40x100.png HTTP/1.1" 404 1097
190.161.236.41 - - [19/Mar/2018:11:48:35 -0300] "GET /cormun/servlet/hlogin HTTP/1.1" 200 1731
190.161.236.41 - - [19/Mar/2018:11:48:35 -0300] "GET /cormun/static/gxcfg.js?20175251213516 HTTP/1.1" 304 -
186.103.159.188 - - [19/Mar/2018:11:48:35 -0300] "GET /cormun/static/gxtimezone.js?85251 HTTP/1.1" 304 -
190.161.236.41 - - [19/Mar/2018:11:48:35 -0300] "GET /cormun/static/messages.spa.js?85251 HTTP/1.1" 304 -
190.161.236.41 - - [19/Mar/2018:11:48:35 -0300] "GET /cormun/servlet/hlogin HTTP/1.1" 200 1734
190.161.236.41 - - [19/Mar/2018:11:48:42 -0300] "POST /cormun/servlet/hlogin?217027f63979517659868e43cb42ed53,gx-no-cache=1521470871469 HTTP/1.1" 200 90
190.161.236.41 - - [19/Mar/2018:11:48:42 -0300] "GET /cormun/servlet/hpexe_link HTTP/1.1" 200 956
190.161.236.41 - - [19/Mar/2018:11:48:42 -0300] "GET /cormun/static/gxcfg.js?20177612121792 HTTP/1.1" 304 -
190.161.236.41 - - [19/Mar/2018:11:48:43 -0300] "GET /cormun/servlet/hhome HTTP/1.1" 200 3954
190.161.236.41 - - [19/Mar/2018:11:48:43 -0300] "GET /cormun/static/gxcfg.js?20175251212442 HTTP/1.1" 304 -
190.161.236.41 - - [19/Mar/2018:11:48:43 -0300] "GET /cormun/servlet/hhome HTTP/1.1" 200 3949
192.168.10.89 - - [19/Mar/2018:11:48:44 -0300] "POST /cormun/servlet/trsolicitudgral?92db09fa3e8e36d717ba706a0e2f7cc6,,gx-no-cache=1521470758314 HTTP/1.1" 200 7652
186.103.157.246 - - [19/Mar/2018:11:48:45 -0300] "POST /cormun/servlet/trsolicitudot?3c69704838c07d447652110cd7935a4e,,gx-no-cache=1521470872928 HTTP/1.1" 200 22941
190.161.236.41 - - [19/Mar/2018:11:48:46 -0300] "GET /cormun/servlet/trlicencias? HTTP/1.1" 200 9226
186.103.159.188 - - [19/Mar/2018:11:48:46 -0300] "GET /cormun/static/calendar.js?85251 HTTP/1.1" 304 -
190.161.236.41 - - [19/Mar/2018:11:48:46 -0300] "GET /cormun/static/gxcfg.js?20176272054169 HTTP/1.1" 304 -
186.103.159.188 - - [19/Mar/2018:11:48:46 -0300] "GET /cormun/static/calendar-setup.js?85251 HTTP/1.1" 304 -
190.161.236.41 - - [19/Mar/2018:11:48:46 -0300] "GET /cormun/static/calendar-es.js?85251 HTTP/1.1" 304 -
190.161.236.41 - - [19/Mar/2018:11:48:46 -0300] "GET /cormun/static/gxdec.js?85251 HTTP/1.1" 304 -
190.161.236.41 - - [19/Mar/2018:11:48:46 -0300] "GET /cormun/servlet/trlicencias? HTTP/1.1" 200 9224
192.168.10.97 - - [19/Mar/2018:11:48:47 -0300] "POST /cormun/servlet/trsolicitudgral?5af6f09deeb649453d2984379da3a7f9,,gx-no-cache=1521470884169 HTTP/1.1" 200 5922
192.168.10.97 - - [19/Mar/2018:11:48:50 -0300] "POST /cormun/servlet/trsolicitudgral?5af6f09deeb649453d2984379da3a7f9,,gx-no-cache=1521470886305 HTTP/1.1" 200 5922
192.168.10.97 - - [19/Mar/2018:11:48:57 -0300] "POST /cormun/servlet/trsolicitudgral?5af6f09deeb649453d2984379da3a7f9,,gx-no-cache=1521470893753 HTTP/1.1" 200 5924
186.103.159.182 - - [19/Mar/2018:11:49:04 -0300] "GET /cormun/servlet/hlogin HTTP/1.1" 200 1716
186.103.159.182 - - [19/Mar/2018:11:49:05 -0300] "GET /cormun/static/gxtimezone.js?85251 HTTP/1.1" 200 5781
186.103.159.182 - - [19/Mar/2018:11:49:05 -0300] "GET /cormun/static/gxcfg.js?20175251213516 HTTP/1.1" 200 953
186.103.159.182 - - [19/Mar/2018:11:49:05 -0300] "GET /cormun/static/hlogin.js?20175251213537 HTTP/1.1" 200 2136
186.103.159.182 - - [19/Mar/2018:11:49:05 -0300] "GET /cormun/static/Resources/ComunLogin.png HTTP/1.1" 200 17326
186.103.159.182 - - [19/Mar/2018:11:49:05 -0300] "GET /cormun/static/messages.spa.js?85251 HTTP/1.1" 200 30736
186.103.159.182 - - [19/Mar/2018:11:49:05 -0300] "GET /cormun/static/Resources/Spanish/PXTools.css?11423723 HTTP/1.1" 200 89042
186.103.159.182 - - [19/Mar/2018:11:49:05 -0300] "GET /cormun/static/gxgral.js?85251 HTTP/1.1" 200 384558
186.103.159.182 - - [19/Mar/2018:11:49:05 -0300] "GET /cormun/static/Resources/indicator.gif HTTP/1.1" 200 1553
186.103.159.182 - - [19/Mar/2018:11:49:05 -0300] "GET /cormun/servlet/hlogin HTTP/1.1" 200 1726
186.103.159.182 - - [19/Mar/2018:11:49:05 -0300] "GET /cormun/static/Resources/PXToolsLoginBackground.png HTTP/1.1" 200 1164
186.103.159.182 - - [19/Mar/2018:11:49:05 -0300] "GET /cormun/static/Resources/PXToolsButtonLeft21.png HTTP/1.1" 200 1287
186.103.159.182 - - [19/Mar/2018:11:49:05 -0300] "GET /cormun/static/Resources/PXToolsButtonRight21.png HTTP/1.1" 200 1283
186.103.159.182 - - [19/Mar/2018:11:49:05 -0300] "GET /cormun/static/Resources/PXToolsButtonBackground2.png HTTP/1.1" 200 1181
186.103.159.182 - - [19/Mar/2018:11:49:05 -0300] "GET /cormun/static/Resources/PXToolsLoginTop.png HTTP/1.1" 200 1337
186.103.159.182 - - [19/Mar/2018:11:49:05 -0300] "GET /cormun/static/Resources/PXToolsLoginBottom.png HTTP/1.1" 200 1389
186.103.159.182 - - [19/Mar/2018:11:49:06 -0300] "GET /cormun/static/Resources/PXToolsLoginBackground.png HTTP/1.1" 200 1164
186.103.159.182 - - [19/Mar/2018:11:49:06 -0300] "GET /cormun/static/Resources/PXToolsLoginTop.png HTTP/1.1" 200 1337
186.103.159.182 - - [19/Mar/2018:11:49:06 -0300] "GET /cormun/static/Resources/PXToolsButtonBackground2.png HTTP/1.1" 200 1181
186.103.159.182 - - [19/Mar/2018:11:49:06 -0300] "GET /cormun/static/Resources/PXToolsButtonRight21.png HTTP/1.1" 200 1283
186.103.159.182 - - [19/Mar/2018:11:49:06 -0300] "GET /cormun/static/Resources/PXToolsButtonLeft21.png HTTP/1.1" 200 1287
186.103.159.182 - - [19/Mar/2018:11:49:06 -0300] "GET /cormun/static/Resources/PXToolsLoginBottom.png HTTP/1.1" 200 1389
186.103.159.182 - - [19/Mar/2018:11:49:06 -0300] "GET /favicon.ico HTTP/1.1" 200 21630
192.168.10.97 - - [19/Mar/2018:11:49:07 -0300] "POST /cormun/servlet/trsolicitudgral?5af6f09deeb649453d2984379da3a7f9,,gx-no-cache=1521470903769 HTTP/1.1" 200 5925
192.168.10.97 - - [19/Mar/2018:11:49:17 -0300] "POST /cormun/servlet/trsolicitudgral?5af6f09deeb649453d2984379da3a7f9,,gx-no-cache=1521470913338 HTTP/1.1" 200 5923
186.103.159.182 - - [19/Mar/2018:11:49:21 -0300] "POST /cormun/servlet/hlogin?de0a3b22cd7a0a2fd6167e4e4eb72189,gx-no-cache=1521470909827 HTTP/1.1" 200 90
186.103.159.182 - - [19/Mar/2018:11:49:21 -0300] "GET /cormun/servlet/hpexe_link HTTP/1.1" 200 949
186.103.159.182 - - [19/Mar/2018:11:49:21 -0300] "GET /cormun/static/gxcfg.js?20177612121792 HTTP/1.1" 200 953
186.103.159.182 - - [19/Mar/2018:11:49:21 -0300] "GET /cormun/static/hpexe_link.js?20177612121795 HTTP/1.1" 200 625
186.103.159.182 - - [19/Mar/2018:11:49:21 -0300] "GET /cormun/static/Resources/Spanish/PXTools.css?1155365 HTTP/1.1" 200 89042
186.103.159.182 - - [19/Mar/2018:11:49:21 -0300] "GET /cormun/servlet/hhome HTTP/1.1" 200 4256
186.103.159.182 - - [19/Mar/2018:11:49:21 -0300] "GET /cormun/static/SmoothNavMenu/resources/ddsmoothmenu.css?1012540 HTTP/1.1" 200 2223
186.103.159.182 - - [19/Mar/2018:11:49:21 -0300] "GET /cormun/static/SmoothNavMenu/resources/ddsmoothmenu-v.css?1012540 HTTP/1.1" 200 1188
186.103.159.182 - - [19/Mar/2018:11:49:21 -0300] "GET /cormun/static/scaMessage/css/jquery.pnotify.default.css?1716380 HTTP/1.1" 200 1707
186.103.159.182 - - [19/Mar/2018:11:49:21 -0300] "GET /cormun/static/Shared/jqueryui/jquery-ui.min.css?1245370 HTTP/1.1" 200 30288
186.103.159.182 - - [19/Mar/2018:11:49:21 -0300] "GET /cormun/static/gxcfg.js?20175251212442 HTTP/1.1" 200 953
186.103.159.182 - - [19/Mar/2018:11:49:21 -0300] "GET /cormun/static/PXToolsJavascripts/pexe_autoreload.js HTTP/1.1" 200 1762
186.103.159.182 - - [19/Mar/2018:11:49:21 -0300] "GET /cormun/static/PXToolsJavascripts/pexe_cookies.js HTTP/1.1" 200 792
186.103.159.182 - - [19/Mar/2018:11:49:21 -0300] "GET /cormun/static/PXToolsJavascripts/pexe_grid.js HTTP/1.1" 200 7559
186.103.159.182 - - [19/Mar/2018:11:49:21 -0300] "GET /cormun/static/PXToolsJavascripts/pexe_griddivfix.js HTTP/1.1" 200 6644
186.103.159.182 - - [19/Mar/2018:11:49:21 -0300] "GET /cormun/static/PXToolsJavascripts/pexe_link.js HTTP/1.1" 200 5671
186.103.159.182 - - [19/Mar/2018:11:49:21 -0300] "GET /cormun/static/PXToolsJavascripts/pexe_menudivfix.js HTTP/1.1" 200 333
186.103.159.182 - - [19/Mar/2018:11:49:21 -0300] "GET /cormun/static/PXToolsJavascripts/pexe_menus.js HTTP/1.1" 200 1286
186.103.159.182 - - [19/Mar/2018:11:49:21 -0300] "GET /cormun/static/PXToolsJavascripts/pexe_layers.js HTTP/1.1" 200 4114
186.103.159.182 - - [19/Mar/2018:11:49:21 -0300] "GET /cormun/static/PXToolsJavascripts/pexe_oav.js HTTP/1.1" 200 645
186.103.159.182 - - [19/Mar/2018:11:49:21 -0300] "GET /cormun/static/PXToolsJavascripts/pexe_picture.js HTTP/1.1" 200 689
186.103.159.182 - - [19/Mar/2018:11:49:21 -0300] "GET /cormun/static/PXToolsJavascripts/pexe_oavdivfix.js HTTP/1.1" 200 639
186.103.159.182 - - [19/Mar/2018:11:49:21 -0300] "GET /cormun/static/PXToolsJavascripts/pexe_popup.js HTTP/1.1" 200 13458
186.103.159.182 - - [19/Mar/2018:11:49:21 -0300] "GET /cormun/static/PXToolsJavascripts/pexe_tabdivfix.js HTTP/1.1" 200 876
186.103.159.182 - - [19/Mar/2018:11:49:21 -0300] "GET /cormun/static/PXToolsJavascripts/pexe_tabs.js HTTP/1.1" 200 3748
186.103.159.182 - - [19/Mar/2018:11:49:21 -0300] "GET /cormun/static/PXToolsJavascripts/pexe_scrolldiv.js HTTP/1.1" 200 4138
186.103.159.182 - - [19/Mar/2018:11:49:21 -0300] "GET /cormun/static/PXToolsJavascripts/pexe_upload.js HTTP/1.1" 200 1423
186.103.159.182 - - [19/Mar/2018:11:49:21 -0300] "GET /cormun/static/PXToolsJavascripts/PXToolsJavascriptsRender.js HTTP/1.1" 200 367
186.103.159.182 - - [19/Mar/2018:11:49:21 -0300] "GET /cormun/static/RunJS/RunJS.js HTTP/1.1" 200 288
186.103.159.182 - - [19/Mar/2018:11:49:21 -0300] "GET /cormun/static/gxui/gxui-all.js HTTP/1.1" 200 107772
186.103.159.182 - - [19/Mar/2018:11:49:22 -0300] "GET /cormun/static/PXToolsJavascripts/pexe_windows.js HTTP/1.1" 200 15207
186.103.159.182 - - [19/Mar/2018:11:49:22 -0300] "GET /cormun/static/Shared/ext/locale/ext-lang-en.js HTTP/1.1" 200 10940
186.103.159.182 - - [19/Mar/2018:11:49:22 -0300] "GET /cormun/static/hpexe_recentlink.js?20177611595044 HTTP/1.1" 200 2144
186.103.159.182 - - [19/Mar/2018:11:49:22 -0300] "GET /cormun/static/hpexe_messagecontroller.js?20177611595012 HTTP/1.1" 200 870
186.103.159.182 - - [19/Mar/2018:11:49:22 -0300] "GET /cormun/static/hpexe_scripts.js?201752511465715 HTTP/1.1" 200 1544
186.103.159.182 - - [19/Mar/2018:11:49:22 -0300] "GET /cormun/static/hpexe_messagepopupcomponent.js?20161017169425 HTTP/1.1" 200 605
186.103.159.182 - - [19/Mar/2018:11:49:22 -0300] "GET /cormun/static/hhome.js?20175251212450 HTTP/1.1" 200 777
186.103.159.182 - - [19/Mar/2018:11:49:22 -0300] "GET /cormun/static/Resources/PXToolsHeaderBackground2.png HTTP/1.1" 200 1174
186.103.159.182 - - [19/Mar/2018:11:49:22 -0300] "GET /cormun/static/hwchdr01.js?201752511465785 HTTP/1.1" 200 1183
186.103.159.182 - - [19/Mar/2018:11:49:22 -0300] "GET /cormun/static/Resources/PXToolsDataTitle.png HTTP/1.1" 200 1173
186.103.159.182 - - [19/Mar/2018:11:49:22 -0300] "GET /cormun/static/Resources/PXToolsHeaderActionsBackground.png HTTP/1.1" 200 484
186.103.159.182 - - [19/Mar/2018:11:49:22 -0300] "GET /cormun/static/Resources/PXToolsFooterBackground2.png HTTP/1.1" 200 1172
186.103.159.182 - - [19/Mar/2018:11:49:22 -0300] "GET /cormun/static/hpexe_messagegenexuscomponent.js?201752511465344 HTTP/1.1" 200 587
186.103.159.182 - - [19/Mar/2018:11:49:22 -0300] "GET /cormun/static/cmcontrolpreferences.js?201752511465670 HTTP/1.1" 200 1375
186.103.159.182 - - [19/Mar/2018:11:49:22 -0300] "GET /cormun/static/SmoothNavMenu/resources/ddsmoothmenu.js HTTP/1.1" 200 12712
186.103.159.182 - - [19/Mar/2018:11:49:22 -0300] "GET /cormun/static/Shared/jquery/jquery-1.10.2.min.js HTTP/1.1" 200 273199
186.103.159.182 - - [19/Mar/2018:11:49:22 -0300] "GET /cormun/static/scaMessage/js/jquery.pnotify.min.js HTTP/1.1" 200 13038
186.103.159.182 - - [19/Mar/2018:11:49:22 -0300] "GET /cormun/static/scaMessage/scaMessageRender.js HTTP/1.1" 200 11977
186.103.159.182 - - [19/Mar/2018:11:49:22 -0300] "GET /cormun/static/Shared/jqueryui/jquery-ui.min.js HTTP/1.1" 200 240427
186.103.159.182 - - [19/Mar/2018:11:49:22 -0300] "GET /cormun/static/Shared/jquery/jquery-1.4.2.min.js HTTP/1.1" 200 72174
186.103.159.182 - - [19/Mar/2018:11:49:22 -0300] "GET /cormun/static/hmpwkw03.js?20177612122668 HTTP/1.1" 200 3965
186.103.159.182 - - [19/Mar/2018:11:49:22 -0300] "GET /cormun/static/SmoothNavMenu/resources/SmoothNavMenuRender.js HTTP/1.1" 200 5951
186.103.159.182 - - [19/Mar/2018:11:49:22 -0300] "GET /cormun/static/Resources/PXToolsHeaderActionsLeft.png HTTP/1.1" 200 1118
186.103.159.182 - - [19/Mar/2018:11:49:22 -0300] "GET /cormun/static/Resources/logo4.png HTTP/1.1" 200 6582
186.103.159.182 - - [19/Mar/2018:11:49:22 -0300] "GET /cormun/static/Resources/PXToolsHeaderHome.png HTTP/1.1" 200 4147
186.103.159.182 - - [19/Mar/2018:11:49:22 -0300] "GET /cormun/static/Resources/PXToolsHeaderPreferences.png HTTP/1.1" 200 4189
186.103.159.182 - - [19/Mar/2018:11:49:22 -0300] "GET /cormun/static/Resources/PXToolsHeaderSecurity.png HTTP/1.1" 200 4166
186.103.159.182 - - [19/Mar/2018:11:49:22 -0300] "GET /cormun/static/Resources/PXToolsHeaderActionsRight.png HTTP/1.1" 200 1201
186.103.159.182 - - [19/Mar/2018:11:49:22 -0300] "GET /cormun/static/Resources/PXToolsHeaderLogin.png HTTP/1.1" 200 4279
186.103.159.182 - - [19/Mar/2018:11:49:23 -0300] "GET /cormun/static/Shared/ext/ext-all.js HTTP/1.1" 200 1289687
186.103.159.182 - - [19/Mar/2018:11:49:24 -0300] "GET /cormun/static/SmoothNavMenu/resources/images/down.gif HTTP/1.1" 200 854
186.103.159.182 - - [19/Mar/2018:11:49:24 -0300] "GET /cormun/static/SmoothNavMenu/resources/images/right.gif HTTP/1.1" 200 860
192.168.10.97 - - [19/Mar/2018:11:49:26 -0300] "GET /cormun/servlet/trfichaempleado? HTTP/1.1" 200 15195
192.168.10.97 - - [19/Mar/2018:11:49:27 -0300] "POST /cormun/servlet/trsolicitudgral?5af6f09deeb649453d2984379da3a7f9,,gx-no-cache=1521470923523 HTTP/1.1" 200 5926
192.168.10.97 - - [19/Mar/2018:11:49:28 -0300] "GET /cormun/servlet/trfichaempleado? HTTP/1.1" 200 15195
186.103.159.182 - - [19/Mar/2018:11:49:28 -0300] "GET /cormun/servlet/trsolicitudot? HTTP/1.1" 200 7471
186.103.159.182 - - [19/Mar/2018:11:49:28 -0300] "GET /cormun/static/gxui/gxui-all.css?120300 HTTP/1.1" 200 2179
186.103.159.182 - - [19/Mar/2018:11:49:28 -0300] "GET /cormun/static/calendar-system.css?85620 HTTP/1.1" 200 5572
186.103.159.182 - - [19/Mar/2018:11:49:28 -0300] "GET /cormun/static/gxcfg.js?2017111422585916 HTTP/1.1" 200 953
186.103.159.182 - - [19/Mar/2018:11:49:28 -0300] "GET /cormun/static/calendar.js?85251 HTTP/1.1" 200 26246
186.103.159.182 - - [19/Mar/2018:11:49:28 -0300] "GET /cormun/static/calendar-setup.js?85251 HTTP/1.1" 200 2588
186.103.159.182 - - [19/Mar/2018:11:49:28 -0300] "GET /cormun/static/calendar-es.js?85251 HTTP/1.1" 200 1901
186.103.159.182 - - [19/Mar/2018:11:49:28 -0300] "GET /cormun/static/Resources/PXTools/calendar.png HTTP/1.1" 200 1306
186.103.159.182 - - [19/Mar/2018:11:49:28 -0300] "GET /cormun/static/Resources/PXToolsGridFirstDisabled.gif HTTP/1.1" 200 100
186.103.159.182 - - [19/Mar/2018:11:49:28 -0300] "GET /cormun/static/Resources/PXToolsDataSearch.png HTTP/1.1" 200 419
186.103.159.182 - - [19/Mar/2018:11:49:28 -0300] "GET /cormun/static/gxdec.js?85251 HTTP/1.1" 200 19579
186.103.159.182 - - [19/Mar/2018:11:49:28 -0300] "GET /cormun/static/trsolicitudot.js?201711142259839 HTTP/1.1" 200 54041
186.103.159.182 - - [19/Mar/2018:11:49:29 -0300] "GET /cormun/static/Resources/PXToolsGridNextDisabled.gif HTTP/1.1" 200 90
186.103.159.182 - - [19/Mar/2018:11:49:29 -0300] "GET /cormun/static/Resources/PXToolsGridPreviousDisabled.gif HTTP/1.1" 200 90
186.103.159.182 - - [19/Mar/2018:11:49:29 -0300] "GET /cormun/static/Resources/PXToolsGridLastDisabled.gif HTTP/1.1" 200 98
186.103.159.182 - - [19/Mar/2018:11:49:29 -0300] "GET /cormun/static/Resources/PXToolsGridPage.gif HTTP/1.1" 200 725
186.103.159.182 - - [19/Mar/2018:11:49:29 -0300] "GET /cormun/static/Resources/PXToolsActionExcel.png HTTP/1.1" 200 3187
186.103.159.182 - - [19/Mar/2018:11:49:29 -0300] "GET /cormun/static/Resources/PXToolsGridNew.png HTTP/1.1" 200 2949
186.103.159.182 - - [19/Mar/2018:11:49:29 -0300] "GET /cormun/static/Resources/Spanish/PXTools.css?1255365 HTTP/1.1" 200 89042
186.103.159.182 - - [19/Mar/2018:11:49:29 -0300] "GET /cormun/static/Shared/ext/resources/css/ext-all.css?215870 HTTP/1.1" 200 416045
186.103.159.182 - - [19/Mar/2018:11:49:30 -0300] "GET /cormun/static/Resources/asc.gif HTTP/1.1" 200 67
186.103.159.182 - - [19/Mar/2018:11:49:30 -0300] "GET /cormun/static/Resources/desc.gif HTTP/1.1" 200 65
186.103.159.182 - - [19/Mar/2018:11:49:31 -0300] "GET /cormun/static/Shared/ext/resources/themes/images/default/tools/tool-sprites.gif HTTP/1.1" 200 5434
186.103.159.182 - - [19/Mar/2018:11:49:31 -0300] "GET /cormun/static/Shared/ext/resources/themes/images/default/panel/bg-headersPanel.png HTTP/1.1" 200 255
190.161.236.41 - - [19/Mar/2018:11:49:32 -0300] "GET /cormun/servlet/trlicencias? HTTP/1.1" 200 9224
190.161.236.41 - - [19/Mar/2018:11:49:32 -0300] "GET /cormun/servlet/trlicencias? HTTP/1.1" 200 9224
192.168.10.97 - - [19/Mar/2018:11:49:34 -0300] "POST /cormun/servlet/trsolicitudgral?5af6f09deeb649453d2984379da3a7f9,,gx-no-cache=1521470930409 HTTP/1.1" 200 5927
190.161.236.41 - - [19/Mar/2018:11:49:36 -0300] "GET /cormun/servlet/licenciaspermisos?INS,0,,, HTTP/1.1" 200 7480
190.161.236.41 - - [19/Mar/2018:11:49:36 -0300] "GET /cormun/static/gxcfg.js?201762917281167 HTTP/1.1" 304 -
190.161.236.41 - - [19/Mar/2018:11:49:36 -0300] "GET /cormun/servlet/licenciaspermisos?INS,0,,, HTTP/1.1" 200 7480
186.103.159.182 - - [19/Mar/2018:11:49:39 -0300] "GET /cormun/servlet/solicitudot?INS,0,0, HTTP/1.1" 200 13699
186.103.159.182 - - [19/Mar/2018:11:49:39 -0300] "GET /cormun/static/gxcfg.js?201812313224582 HTTP/1.1" 200 953
186.103.159.182 - - [19/Mar/2018:11:49:39 -0300] "GET /cormun/static/Resources/prompt.gif HTTP/1.1" 200 902
186.103.159.182 - - [19/Mar/2018:11:49:39 -0300] "GET /cormun/static/solicitudot.js?201812313224831 HTTP/1.1" 200 72336
186.103.159.182 - - [19/Mar/2018:11:49:43 -0300] "POST /cormun/servlet/solicitudot?de0a3b22cd7a0a2fd6167e4e4eb72189,INS,0,0,,gx-no-cache=1521470932301 HTTP/1.1" 200 90
186.103.159.182 - - [19/Mar/2018:11:49:43 -0300] "GET /cormun/servlet/hpexe_link HTTP/1.1" 200 960
186.103.159.182 - - [19/Mar/2018:11:49:43 -0300] "GET /cormun/servlet/trsolicitudot HTTP/1.1" 200 7472
192.168.10.97 - - [19/Mar/2018:11:49:45 -0300] "POST /cormun/servlet/trsolicitudgral?5af6f09deeb649453d2984379da3a7f9,,gx-no-cache=1521470941602 HTTP/1.1" 200 5926
186.103.159.182 - - [19/Mar/2018:11:49:52 -0300] "POST /cormun/servlet/trsolicitudot?de0a3b22cd7a0a2fd6167e4e4eb72189,gx-no-cache=1521470940963 HTTP/1.1" 200 7905
186.103.159.182 - - [19/Mar/2018:11:49:52 -0300] "GET /cormun//static/Resources/PXToolsGridUpdate.png HTTP/1.1" 200 2984
186.103.159.182 - - [19/Mar/2018:11:49:52 -0300] "GET /cormun//static/Resources/PXToolsGridDelete.png HTTP/1.1" 200 357
186.103.159.182 - - [19/Mar/2018:11:49:52 -0300] "GET /cormun//static/Resources/PXToolsRemoveAllAction.png HTTP/1.1" 200 3558
186.103.159.182 - - [19/Mar/2018:11:49:52 -0300] "GET /cormun//static/Resources/PXToolsActionView.png HTTP/1.1" 200 2995
186.103.159.182 - - [19/Mar/2018:11:49:52 -0300] "GET /cormun//static/Resources/PXTools/ActionInsert.png HTTP/1.1" 200 1482
192.168.10.97 - - [19/Mar/2018:11:49:53 -0300] "POST /cormun/servlet/trsolicitudgral?5af6f09deeb649453d2984379da3a7f9,,gx-no-cache=1521470949930 HTTP/1.1" 200 5926
186.103.159.182 - - [19/Mar/2018:11:50:02 -0300] "POST /cormun/servlet/trsolicitudot?de0a3b22cd7a0a2fd6167e4e4eb72189,gx-no-cache=1521470950289 HTTP/1.1" 200 7882
186.103.159.182 - - [19/Mar/2018:11:50:23 -0300] "POST /cormun/servlet/trsolicitudot?de0a3b22cd7a0a2fd6167e4e4eb72189,gx-no-cache=1521470970376 HTTP/1.1" 200 7882
186.103.159.182 - - [19/Mar/2018:11:50:45 -0300] "POST /cormun/servlet/trsolicitudot?de0a3b22cd7a0a2fd6167e4e4eb72189,gx-no-cache=1521470993627 HTTP/1.1" 200 7882
186.103.159.182 - - [19/Mar/2018:11:51:00 -0300] "GET /cormun/static/menuarrow.gif HTTP/1.1" 404 1015
190.161.236.41 - - [19/Mar/2018:11:52:21 -0300] "GET /cormun/servlet/licenciaspermisos?3927c32c111283e6c67c7a0671e82a25222f6a7f37ad5737d6d16c90c1ee99461d8807b9ffee32f1f4ffbcdb151d8db5,gx-no-cache=1521471090620 HTTP/1.1" 200 101
190.161.236.41 - - [19/Mar/2018:11:52:21 -0300] "POST /cormun/servlet/licenciaspermisos?217027f63979517659868e43cb42ed53,INS,0,,,,gx-no-cache=1521471090807 HTTP/1.1" 200 4694
186.103.159.182 - - [19/Mar/2018:11:52:36 -0300] "GET /cormun/servlet/solicitudot?INS,0,0, HTTP/1.1" 200 13699
186.103.159.183 - - [19/Mar/2018:11:52:55 -0300] "GET /cormun/servlet/hlogin HTTP/1.1" 200 1739
186.103.159.182 - - [19/Mar/2018:11:53:04 -0300] "POST /cormun/servlet/solicitudot?de0a3b22cd7a0a2fd6167e4e4eb72189,INS,0,0,,gx-no-cache=1521471132929 HTTP/1.1" 200 90
186.103.159.182 - - [19/Mar/2018:11:53:04 -0300] "GET /cormun/servlet/hpexe_link HTTP/1.1" 200 980
186.103.159.182 - - [19/Mar/2018:11:53:04 -0300] "GET /cormun/servlet/trsolicitudot?gx-no-cache=1521470993627 HTTP/1.1" 200 10917
190.161.236.41 - - [19/Mar/2018:11:53:10 -0300] "GET /cormun/static/menuarrow.gif HTTP/1.1" 404 1015
186.103.159.182 - - [19/Mar/2018:11:53:16 -0300] "POST /cormun/servlet/trsolicitudot?de0a3b22cd7a0a2fd6167e4e4eb72189,gx-no-cache=1521470993627,gx-no-cache=1521471144498 HTTP/1.1" 200 4473
186.103.159.182 - - [19/Mar/2018:11:53:22 -0300] "POST /cormun/servlet/trsolicitudot?de0a3b22cd7a0a2fd6167e4e4eb72189,gx-no-cache=1521470993627,gx-no-cache=1521471150967 HTTP/1.1" 200 4475
186.103.159.182 - - [19/Mar/2018:11:53:27 -0300] "POST /cormun/servlet/trsolicitudot?de0a3b22cd7a0a2fd6167e4e4eb72189,gx-no-cache=1521470993627,gx-no-cache=1521471155756 HTTP/1.1" 200 5835
186.103.159.182 - - [19/Mar/2018:11:53:37 -0300] "GET /cormun/servlet/solicitudot?INS,0,0, HTTP/1.1" 200 13720
192.168.10.96 - - [19/Mar/2018:11:53:40 -0300] "GET /cormun/servlet/trsolicitudgral? HTTP/1.1" 500 10
186.103.159.182 - - [19/Mar/2018:11:53:41 -0300] "GET /cormun/static/Resources/resize.gif HTTP/1.1" 200 77
186.103.159.182 - - [19/Mar/2018:11:53:42 -0300] "GET /cormun/servlet/prfichaempleado?,MD,,gxPopupLevel%3D0%3B HTTP/1.1" 200 9428
186.103.159.182 - - [19/Mar/2018:11:53:42 -0300] "GET /cormun/static/gxui/gxui-all.css?110300 HTTP/1.1" 200 2179
186.103.159.182 - - [19/Mar/2018:11:53:42 -0300] "GET /cormun/static/gxcfg.js?20177612134814 HTTP/1.1" 200 953
186.103.159.182 - - [19/Mar/2018:11:53:42 -0300] "GET /cormun/static/Resources/PXToolsMenuSearch.png HTTP/1.1" 200 2914
186.103.159.182 - - [19/Mar/2018:11:53:42 -0300] "GET /cormun/static/Resources/PXToolsMenuSearchCancel.png HTTP/1.1" 200 2972
186.103.159.182 - - [19/Mar/2018:11:53:42 -0300] "GET /cormun/static/menusearch.js?201610171694467 HTTP/1.1" 200 1424
186.103.159.182 - - [19/Mar/2018:11:53:42 -0300] "GET /cormun/static/prfichaempleado.js?20177612134999 HTTP/1.1" 200 16006
186.103.159.182 - - [19/Mar/2018:11:53:42 -0300] "GET /cormun/static/hmpwkw011.js?20177612121862 HTTP/1.1" 200 1968
192.168.10.96 - - [19/Mar/2018:11:53:42 -0300] "GET /cormun/servlet/hlogin HTTP/1.1" 200 1722
192.168.10.96 - - [19/Mar/2018:11:53:43 -0300] "GET /cormun/static/gxtimezone.js?85251 HTTP/1.1" 304 -
192.168.10.96 - - [19/Mar/2018:11:53:43 -0300] "GET /cormun/servlet/hlogin HTTP/1.1" 200 1722
192.168.10.96 - - [19/Mar/2018:11:53:43 -0300] "GET /cormun/static/gxtimezone.js?85251 HTTP/1.1" 304 -
186.103.159.182 - - [19/Mar/2018:11:53:45 -0300] "GET /cormun/static/Shared/ext/resources/css/ext-all.css?205870 HTTP/1.1" 200 416045
192.168.10.96 - - [19/Mar/2018:11:53:48 -0300] "POST /cormun/servlet/hlogin?2661ae5db0a161e290633b2f943d73a8,gx-no-cache=1521471062581 HTTP/1.1" 200 90
192.168.10.96 - - [19/Mar/2018:11:53:48 -0300] "GET /cormun/servlet/hpexe_link HTTP/1.1" 200 954
192.168.10.96 - - [19/Mar/2018:11:53:48 -0300] "GET /cormun/servlet/hhome HTTP/1.1" 200 4712
192.168.10.96 - - [19/Mar/2018:11:53:49 -0300] "GET /cormun/servlet/hhome HTTP/1.1" 200 4708
192.168.10.96 - - [19/Mar/2018:11:53:52 -0300] "GET /cormun/servlet/trsolicitudgral? HTTP/1.1" 200 28447
192.168.10.96 - - [19/Mar/2018:11:53:52 -0300] "GET /cormun/static/calendar.js?85251 HTTP/1.1" 304 -
192.168.10.96 - - [19/Mar/2018:11:53:52 -0300] "GET /cormun/static/calendar-setup.js?85251 HTTP/1.1" 304 -
192.168.10.96 - - [19/Mar/2018:11:53:52 -0300] "GET /cormun/static/calendar-es.js?85251 HTTP/1.1" 304 -
192.168.10.96 - - [19/Mar/2018:11:53:52 -0300] "GET /cormun/static/gxdec.js?85251 HTTP/1.1" 304 -
192.168.10.96 - - [19/Mar/2018:11:53:53 -0300] "GET /cormun/servlet/trsolicitudgral? HTTP/1.1" 200 28445
186.103.159.182 - - [19/Mar/2018:11:54:00 -0300] "POST /cormun/servlet/prfichaempleado?de0a3b22cd7a0a2fd6167e4e4eb72189,,MD,,gxPopupLevel%3D0%3B,gx-no-cache=1521471188799 HTTP/1.1" 200 3389
192.168.10.96 - - [19/Mar/2018:11:54:04 -0300] "POST /cormun/servlet/trsolicitudgral?2661ae5db0a161e290633b2f943d73a8,,gx-no-cache=1521471078168 HTTP/1.1" 200 8416
186.103.159.182 - - [19/Mar/2018:11:54:04 -0300] "POST /cormun/servlet/solicitudot?gx-no-cache=1521471193635 HTTP/1.1" 200 3389
186.103.159.182 - - [19/Mar/2018:11:54:06 -0300] "POST /cormun/servlet/solicitudot?de0a3b22cd7a0a2fd6167e4e4eb72189,INS,0,0,,gx-no-cache=1521471194468 HTTP/1.1" 200 10570
186.103.159.182 - - [19/Mar/2018:11:54:06 -0300] "GET /cormun/servlet/solicitudot?adbff29b20693605ed6464240cf272ada80744bb1d402ee83854e3190d44b025d91cc8f20933a4a829fa7760837ed3cc,gx-no-cache=1521471195259 HTTP/1.1" 200 30
192.168.10.96 - - [19/Mar/2018:11:54:07 -0300] "POST /cormun/servlet/trsolicitudgral?2661ae5db0a161e290633b2f943d73a8,,gx-no-cache=1521471080911 HTTP/1.1" 200 19093
186.103.159.182 - - [19/Mar/2018:11:54:10 -0300] "GET /cormun/servlet/solicitudot?adbff29b20693605ed6464240cf272adbbac582e863eba857929eebc543ef73bc97114be4b5b7e0aee0b2248abf8beb1f15accce7f82f839855f9ec764471d94,gx-no-cache=1521471198870 HTTP/1.1" 200 30
186.103.159.182 - - [19/Mar/2018:11:54:10 -0300] "GET /cormun/servlet/solicitudot?adbff29b20693605ed6464240cf272ad2e8de6e48a079d849dd2058b969bcd99,gx-no-cache=1521471198969 HTTP/1.1" 200 51
186.103.159.182 - - [19/Mar/2018:11:54:10 -0300] "POST /cormun/servlet/solicitudot?gx-no-cache=1521471199079 HTTP/1.1" 200 255
186.103.159.182 - - [19/Mar/2018:11:54:10 -0300] "GET /cormun/servlet/solicitudot?adbff29b20693605ed6464240cf272ad7c42320d1dfab098efbd816c4959d554e2ca96d671713d75b7e11804a9455088b73493d9b2b7c49ce84229b3c682c1cfb19201ed079579d726651955aeb7e96b843466224ab1e12ce671736a6b50bd761f9540ca8067ddfc2057aded4cf5745edced7c6eb330093e5f4e0bde2df82c5401c5f4076b1e56e4d563d93638d58c26b83620296af524168f2a14ea807860bf4513204198f6e1ea5cd4e194be603b702408699393d9af0dd0ffcd61044dcf5e938eeec01f99d79b8e9fefcb536cb7615ac6087002fed1f63163a2b38911174e945cc779ea19c24e6acb626eb6898479c91ed72c2826390f6772cf4a7e21bbd51eca58b9b29b0802e05259171a8085e1bf0428b057f3c7c1b3a528a94c92a0c91df1af93088780cf3cf4af4e74d5c4a973281f8ef8953c255358cfe3d6516239c10525ec286560bd59d483f33086154e498e75af5682cf10e7f4f74954c873b07c5547c425d7960f43ccf783c0584d2c63a7f88dfe41b7cab3bba46c8ed281bc,gx-no-cache=1521471199192 HTTP/1.1" 200 30
186.103.159.188 - - [19/Mar/2018:11:54:11 -0300] "GET /cormun/servlet/licenciaspermisos?3927c32c111283e6c67c7a0671e82a25af6f12ed5762bc00ac5846b054f66a5a923f3167b9b546215f5620612082c6b479d712af36b7f2641f6cadf9253cb00919454a5e0e03ddc91f0ff0bfd8f95cff9b6ca00a33bd5a3c19cd1db2397c22967a283713300f120189fe14b4a9d574b55c829e15a106d773345e195013c4c9a6efd74ae134e9787f39baff5290d494243a3253a0c1596b71c85f594937fedd74a3b104d8933ec3bc64dd1af67e6bd1a0,gx-no-cache=1521471199947 HTTP/1.1" 200 30
186.103.159.188 - - [19/Mar/2018:11:54:11 -0300] "POST /cormun/servlet/licenciaspermisos?217027f63979517659868e43cb42ed53,INS,0,,,,gx-no-cache=1521471200131 HTTP/1.1" 200 4791
186.103.159.182 - - [19/Mar/2018:11:54:13 -0300] "POST /cormun/servlet/solicitudot?gx-no-cache=1521471202243 HTTP/1.1" 200 30
192.168.10.96 - - [19/Mar/2018:11:54:18 -0300] "POST /cormun/servlet/trsolicitudgral?2661ae5db0a161e290633b2f943d73a8,,gx-no-cache=1521471092543 HTTP/1.1" 200 7294
192.168.10.96 - - [19/Mar/2018:11:54:20 -0300] "GET /cormun/servlet/vesolicitudgral?2018,9843,, HTTP/1.1" 200 9292
192.168.10.96 - - [19/Mar/2018:11:54:20 -0300] "GET /cormun/pexe_scrolldiv.js HTTP/1.1" 404 1009
192.168.10.96 - - [19/Mar/2018:11:54:20 -0300] "GET /cormun/pexe_scrolldiv.js HTTP/1.1" 404 1009
192.168.10.96 - - [19/Mar/2018:11:54:21 -0300] "GET /cormun/servlet/vesolicitudgral?2018,9843,, HTTP/1.1" 200 9292
186.103.159.182 - - [19/Mar/2018:11:54:21 -0300] "POST /cormun/servlet/solicitudot?gx-no-cache=1521471210639 HTTP/1.1" 200 1338
186.103.159.182 - - [19/Mar/2018:11:54:22 -0300] "POST /cormun/servlet/solicitudot?gx-no-cache=1521471211088 HTTP/1.1" 200 38
192.168.10.96 - - [19/Mar/2018:11:54:23 -0300] "GET /cormun/servlet/vesolicitudgral?2018,9843,,SolicitudOTLog HTTP/1.1" 200 10383
192.168.10.96 - - [19/Mar/2018:11:54:23 -0300] "GET /cormun/pexe_scrolldiv.js HTTP/1.1" 404 1009
192.168.10.96 - - [19/Mar/2018:11:54:23 -0300] "GET /cormun/pexe_scrolldiv.js HTTP/1.1" 404 1009
192.168.10.96 - - [19/Mar/2018:11:54:23 -0300] "GET /cormun/servlet/vesolicitudgral?2018,9843,,SolicitudOTLog HTTP/1.1" 200 10384
192.168.10.96 - - [19/Mar/2018:11:54:24 -0300] "POST /cormun/servlet/acontrolpreferencessavestate?None,DZAMUDIO,true HTTP/1.1" 200 35
192.168.10.96 - - [19/Mar/2018:11:54:27 -0300] "GET /cormun/servlet/vesolicitudgral?2018,9843,,SolicitudOTAdjuntos HTTP/1.1" 200 11443
192.168.10.96 - - [19/Mar/2018:11:54:27 -0300] "GET /cormun/pexe_scrolldiv.js HTTP/1.1" 404 1009
192.168.10.96 - - [19/Mar/2018:11:54:27 -0300] "GET /cormun/pexe_scrolldiv.js HTTP/1.1" 404 1009
192.168.10.96 - - [19/Mar/2018:11:54:27 -0300] "GET /cormun/servlet/vesolicitudgral?2018,9843,,SolicitudOTAdjuntos HTTP/1.1" 200 11442
192.168.10.96 - - [19/Mar/2018:11:54:28 -0300] "POST /cormun/servlet/acontrolpreferencessavestate?None,DZAMUDIO,true HTTP/1.1" 200 35
192.168.10.96 - - [19/Mar/2018:11:54:29 -0300] "GET /cormun/PublicTempStorage/certificado_de_titulo445364.jpeg HTTP/1.1" 200 632103
186.103.159.188 - - [19/Mar/2018:11:54:31 -0300] "GET /cormun/servlet/prfichaempleado?,MD,,gxPopupLevel%3D0%3B HTTP/1.1" 200 9299
186.103.159.188 - - [19/Mar/2018:11:54:31 -0300] "GET /cormun/static/gxcfg.js?20177612134814 HTTP/1.1" 304 -
186.103.159.182 - - [19/Mar/2018:11:54:39 -0300] "GET /cormun/servlet/solicitudot?adbff29b20693605ed6464240cf272add5ccfa1652aa680892408728578a7b7287830093fb208b3edea2741133f915ecb99632802b64bf92046e2fadc1dbce3af26b093aa6e491a2280134d35f8d390a91e91e0988a6314dbc9a85d1cb90c117d54318eff578e236cf71ebc1080fb9d0e61637ef1fbf84d09bda51c01d1c2d0ce0a326579482ee429c3407beda7b834c44a8d9e49295365923f69e9a20a26618,gx-no-cache=1521471227595 HTTP/1.1" 200 29
186.103.159.182 - - [19/Mar/2018:11:54:39 -0300] "POST /cormun/servlet/solicitudot?gx-no-cache=1521471228086 HTTP/1.1" 200 1319
186.103.159.182 - - [19/Mar/2018:11:54:39 -0300] "POST /cormun/servlet/solicitudot?gx-no-cache=1521471228295 HTTP/1.1" 200 1219
186.103.159.188 - - [19/Mar/2018:11:54:48 -0300] "POST /cormun/servlet/prfichaempleado?217027f63979517659868e43cb42ed53,,MD,,gxPopupLevel%3D0%3B,gx-no-cache=1521471236903 HTTP/1.1" 200 3203
186.103.159.188 - - [19/Mar/2018:11:55:01 -0300] "GET /cormun/servlet/licenciaspermisos?3927c32c111283e6c67c7a0671e82a25a6b1e8a0a30952a2fddbb6ce54108f72ddc28e3e3ee9445baa781ac14f70f91cadd5361f404ed956fb59c924c35fe1b31bb69e45f1b3cc4255f27c8a2ec40edb91b5802dd441dd7827fd4e0fb9b687b451829b45afa67af12cecba391d96b4055e5cfe66ed2d58b092bc35d7959dc5e94307d066a8533f7530c405f5419ef8d82b9cff35a70f0b472d28468801dc0ee5021d503546954c3718cc71d3bcf082ac1be39e53b261ab88f57283f8cec824b9017f0da6b58e6c8f1a662f53a635119ea079b61ec776ecbdfc5d12d39607e725ccc3cd0e61ed334398b77dd4f77580f8,gx-no-cache=1521471249932 HTTP/1.1" 200 63
186.103.159.188 - - [19/Mar/2018:11:55:01 -0300] "POST /cormun/servlet/licenciaspermisos?217027f63979517659868e43cb42ed53,INS,0,,,,gx-no-cache=1521471250065 HTTP/1.1" 200 93
186.103.159.188 - - [19/Mar/2018:11:55:01 -0300] "GET /cormun/servlet/hpexe_return? HTTP/1.1" 200 1016
186.103.159.188 - - [19/Mar/2018:11:55:02 -0300] "GET /cormun/static/gxcfg.js?2016101716175148 HTTP/1.1" 304 -
186.103.159.188 - - [19/Mar/2018:11:55:02 -0300] "GET /cormun/servlet/trlicencias HTTP/1.1" 200 9656
186.103.159.188 - - [19/Mar/2018:11:55:02 -0300] "GET /cormun/servlet/trlicencias HTTP/1.1" 200 9651
186.103.159.182 - - [19/Mar/2018:11:55:05 -0300] "GET /cormun/static/menuarrow.gif HTTP/1.1" 404 1015
190.161.236.41 - - [19/Mar/2018:11:55:11 -0300] "GET /cormun/servlet/trlicenciaspermisosadjuntos?14035502,20180319000000,L, HTTP/1.1" 200 6303
190.161.236.41 - - [19/Mar/2018:11:55:11 -0300] "GET /cormun/static/gxcfg.js?20177612163414 HTTP/1.1" 304 -
190.161.236.41 - - [19/Mar/2018:11:55:11 -0300] "GET /cormun/servlet/trlicenciaspermisosadjuntos?14035502,20180319000000,L, HTTP/1.1" 200 6304
190.161.236.41 - - [19/Mar/2018:11:55:14 -0300] "GET /cormun/servlet/licenciaspermisosadjuntos?INS,14035502,L,20180319000000,, HTTP/1.1" 200 5602
190.161.236.41 - - [19/Mar/2018:11:55:14 -0300] "GET /cormun/static/gxcfg.js?2017761263592 HTTP/1.1" 304 -
190.161.236.41 - - [19/Mar/2018:11:55:14 -0300] "GET /cormun/static/about:blank HTTP/1.1" 404 1011
190.161.236.41 - - [19/Mar/2018:11:55:15 -0300] "GET /cormun/servlet/licenciaspermisosadjuntos?INS,14035502,L,20180319000000,, HTTP/1.1" 200 5592
186.103.159.182 - - [19/Mar/2018:11:55:18 -0300] "GET /cormun/servlet/solicitudot?adbff29b20693605ed6464240cf272ad658881e544212c8391c4b70327f086e1093e74f70f6c717630307d1e1e85f479,gx-no-cache=1521471267375 HTTP/1.1" 200 30
190.161.236.41 - - [19/Mar/2018:11:55:24 -0300] "POST /cormun/servlet/licenciaspermisosadjuntos?217027f63979517659868e43cb42ed53,INS,14035502,L,20180319000000,, HTTP/1.1" 200 116
190.161.236.41 - - [19/Mar/2018:11:55:24 -0300] "GET /cormun/servlet/hpexe_return? HTTP/1.1" 200 1047
190.161.236.41 - - [19/Mar/2018:11:55:25 -0300] "GET /cormun/servlet/trlicenciaspermisosadjuntos?14035502,20180319000000,L, HTTP/1.1" 200 6783
190.161.236.41 - - [19/Mar/2018:11:55:25 -0300] "GET /cormun/servlet/trlicenciaspermisosadjuntos?14035502,20180319000000,L, HTTP/1.1" 200 6781
190.161.236.41 - - [19/Mar/2018:11:55:29 -0300] "GET /cormun/servlet/trlicencias? HTTP/1.1" 200 9652
190.161.236.41 - - [19/Mar/2018:11:55:29 -0300] "GET /cormun/servlet/trlicencias? HTTP/1.1" 200 9651
186.103.159.188 - - [19/Mar/2018:11:55:32 -0300] "GET /cormun/servlet/alicenciaprn?14035502,L,20180319000000,PU HTTP/1.1" 200 1592
186.103.159.182 - - [19/Mar/2018:11:55:41 -0300] "POST /cormun/servlet/solicitudot?gx-no-cache=1521471289839 HTTP/1.1" 200 30
186.103.159.182 - - [19/Mar/2018:11:56:02 -0300] "POST /cormun/servlet/solicitudot?de0a3b22cd7a0a2fd6167e4e4eb72189,INS,0,0,,gx-no-cache=1521471310285 HTTP/1.1" 200 93
186.103.159.182 - - [19/Mar/2018:11:56:02 -0300] "GET /cormun/servlet/hpexe_return? HTTP/1.1" 200 1027
186.103.159.182 - - [19/Mar/2018:11:56:02 -0300] "GET /cormun/static/gxcfg.js?2016101716175148 HTTP/1.1" 200 953
186.103.159.182 - - [19/Mar/2018:11:56:02 -0300] "GET /cormun/static/hpexe_return.js?2016101716175153 HTTP/1.1" 200 1633
186.103.159.182 - - [19/Mar/2018:11:56:02 -0300] "GET /cormun/static/Resources/Spanish/PXTools.css?167811 HTTP/1.1" 200 89042
186.103.159.182 - - [19/Mar/2018:11:56:02 -0300] "GET /cormun/servlet/trsolicitudot?gx-no-cache=1521470993627 HTTP/1.1" 200 8843
186.103.159.182 - - [19/Mar/2018:11:56:35 -0300] "POST /cormun/servlet/trsolicitudot?de0a3b22cd7a0a2fd6167e4e4eb72189,gx-no-cache=1521470993627,gx-no-cache=1521471343578 HTTP/1.1" 200 7512
200.111.191.210 - - [19/Mar/2018:11:56:37 -0300] "GET /cormun/servlet/hlogin HTTP/1.1" 200 1725
200.111.191.210 - - [19/Mar/2018:11:56:41 -0300] "POST /cormun/servlet/hlogin?0ffe662da6873c0a54efc1ff4449f939,gx-no-cache=1521471351184 HTTP/1.1" 200 90
200.111.191.210 - - [19/Mar/2018:11:56:41 -0300] "GET /cormun/servlet/hpexe_link HTTP/1.1" 200 957
200.111.191.210 - - [19/Mar/2018:11:56:42 -0300] "GET /cormun/static/gxcfg.js?20177612121792 HTTP/1.1" 304 -
200.111.191.210 - - [19/Mar/2018:11:56:42 -0300] "GET /cormun/servlet/hhome HTTP/1.1" 200 3963
200.111.191.210 - - [19/Mar/2018:11:56:42 -0300] "GET /cormun/static/gxcfg.js?20175251212442 HTTP/1.1" 304 -
200.111.191.210 - - [19/Mar/2018:11:56:42 -0300] "GET /cormun/servlet/hhome HTTP/1.1" 200 3959
200.111.191.210 - - [19/Mar/2018:11:56:45 -0300] "GET /cormun/servlet/trpermisosgoce? HTTP/1.1" 200 9452
200.111.191.210 - - [19/Mar/2018:11:56:45 -0300] "GET /cormun/static/gxcfg.js?20177612163875 HTTP/1.1" 304 -
200.111.191.210 - - [19/Mar/2018:11:56:46 -0300] "GET /cormun/servlet/trpermisosgoce? HTTP/1.1" 200 9450
200.111.191.210 - - [19/Mar/2018:11:56:48 -0300] "GET /cormun/servlet/permisogoce?INS,0,,, HTTP/1.1" 200 6801
200.111.191.210 - - [19/Mar/2018:11:56:48 -0300] "GET /cormun/static/gxcfg.js?201776126440 HTTP/1.1" 304 -
200.111.191.210 - - [19/Mar/2018:11:56:48 -0300] "GET /cormun/servlet/permisogoce?INS,0,,, HTTP/1.1" 200 6800
200.111.191.210 - - [19/Mar/2018:11:56:53 -0300] "GET /cormun/servlet/permisogoce?02bfeb599d52772c30dd29b90505f323adaa5eb8089608bafa568fb6562561c479cd8f2d3d354944d59c1027b2a0ecec,gx-no-cache=1521471362879 HTTP/1.1" 200 70
200.111.191.210 - - [19/Mar/2018:11:56:59 -0300] "GET /cormun/servlet/permisogoce?02bfeb599d52772c30dd29b90505f323a664529bef925fbf4e499763f548b89c4be02212072f4073a157b4e66a07c7f21bbd92cef475621f052482a96118062d,gx-no-cache=1521471368867 HTTP/1.1" 200 47
186.103.159.182 - - [19/Mar/2018:11:57:00 -0300] "POST /cormun/servlet/trsolicitudot?de0a3b22cd7a0a2fd6167e4e4eb72189,gx-no-cache=1521470993627,gx-no-cache=1521471368912 HTTP/1.1" 200 5823
200.111.191.210 - - [19/Mar/2018:11:57:09 -0300] "POST /cormun/servlet/permisogoce?0ffe662da6873c0a54efc1ff4449f939,INS,0,,,,gx-no-cache=1521471377941 HTTP/1.1" 200 93
200.111.191.210 - - [19/Mar/2018:11:57:09 -0300] "GET /cormun/servlet/hpexe_return? HTTP/1.1" 200 1016
200.111.191.210 - - [19/Mar/2018:11:57:09 -0300] "GET /cormun/static/gxcfg.js?2016101716175148 HTTP/1.1" 304 -
200.111.191.210 - - [19/Mar/2018:11:57:09 -0300] "GET /cormun/servlet/trpermisosgoce HTTP/1.1" 200 9677
200.111.191.210 - - [19/Mar/2018:11:57:09 -0300] "GET /cormun/servlet/trpermisosgoce HTTP/1.1" 200 9671
200.111.191.210 - - [19/Mar/2018:11:57:12 -0300] "GET /cormun/servlet/apermisogoceprn?8259312,P,20180319115402,PU HTTP/1.1" 200 1645
186.103.159.182 - - [19/Mar/2018:11:57:41 -0300] "POST /cormun/servlet/trsolicitudot?de0a3b22cd7a0a2fd6167e4e4eb72189,gx-no-cache=1521470993627,gx-no-cache=1521471409452 HTTP/1.1" 200 4658
186.103.159.182 - - [19/Mar/2018:11:57:42 -0300] "POST /cormun/servlet/trsolicitudot?de0a3b22cd7a0a2fd6167e4e4eb72189,gx-no-cache=1521470993627,gx-no-cache=1521471411159 HTTP/1.1" 200 4449
186.103.159.182 - - [19/Mar/2018:11:57:43 -0300] "GET /cormun/static/Shared/jqueryui/images/ui-icons_8d78a5_256x240.png HTTP/1.1" 404 1089
186.103.159.182 - - [19/Mar/2018:11:57:43 -0300] "GET /cormun/static/Shared/jqueryui/images/ui-bg_flat_55_fafafa_40x100.png HTTP/1.1" 404 1097
