186.103.159.189 - - [19/Mar/2018:11:20:51 -0300] "GET /cormun/servlet/hpexe_return? HTTP/1.1" 200 1023
186.103.159.189 - - [19/Mar/2018:11:20:53 -0300] "GET /cormun/servlet/trsolicitudadjuntos?2018,10599, HTTP/1.1" 200 9952
186.103.159.44 - - [19/Mar/2018:11:20:55 -0300] "POST /cormun/servlet/trautorizarsolicitud?273b05dc897ee03aa2b3a472058a8637,,gx-no-cache=1521469205208 HTTP/1.1" 200 4125
186.103.159.189 - - [19/Mar/2018:11:20:56 -0300] "GET /cormun/servlet/trsolicitudadjuntos?2018,10599, HTTP/1.1" 200 9951
186.103.159.182 - - [19/Mar/2018:11:20:57 -0300] "POST /cormun/servlet/trsolicitudot?ecd278aaa7de697feabb8e2c76721273,gx-no-cache=1521469205622 HTTP/1.1" 200 6224
186.103.159.189 - - [19/Mar/2018:11:20:59 -0300] "POST /cormun/servlet/trsolicitudadjuntos?8f4114afc255baec5fcb414a244eb2ab,2018,10599,,gx-no-cache=1521472807269 HTTP/1.1" 200 90
186.103.159.189 - - [19/Mar/2018:11:20:59 -0300] "GET /cormun/servlet/hpexe_link HTTP/1.1" 200 967
186.103.159.189 - - [19/Mar/2018:11:21:00 -0300] "GET /cormun/servlet/trsolicitudot HTTP/1.1" 200 8566
186.103.157.246 - - [19/Mar/2018:11:21:01 -0300] "GET /cormun/static/menuarrow.gif HTTP/1.1" 404 1015
186.103.159.189 - - [19/Mar/2018:11:21:01 -0300] "GET /cormun/servlet/trsolicitudot HTTP/1.1" 200 8565
186.103.159.44 - - [19/Mar/2018:11:21:09 -0300] "POST /cormun/servlet/trautorizarsolicitud?273b05dc897ee03aa2b3a472058a8637,,gx-no-cache=1521469219535 HTTP/1.1" 200 6389
186.103.159.182 - - [19/Mar/2018:11:21:21 -0300] "POST /cormun/servlet/trsolicitudot?ecd278aaa7de697feabb8e2c76721273,gx-no-cache=1521469229658 HTTP/1.1" 200 4480
186.103.159.182 - - [19/Mar/2018:11:21:25 -0300] "POST /cormun/servlet/trsolicitudot?ecd278aaa7de697feabb8e2c76721273,gx-no-cache=1521469234308 HTTP/1.1" 200 4481
186.103.159.182 - - [19/Mar/2018:11:21:29 -0300] "POST /cormun/servlet/trsolicitudot?ecd278aaa7de697feabb8e2c76721273,gx-no-cache=1521469238326 HTTP/1.1" 200 5871
186.103.159.44 - - [19/Mar/2018:11:21:43 -0300] "POST /cormun/servlet/trautorizarsolicitud?273b05dc897ee03aa2b3a472058a8637,,gx-no-cache=1521469253889 HTTP/1.1" 200 11133
192.168.10.56 - - [19/Mar/2018:11:21:44 -0300] "GET /cormun/servlet/hlogin HTTP/1.1" 200 1758
186.103.159.182 - - [19/Mar/2018:11:22:12 -0300] "POST /cormun/servlet/trsolicitudot?ecd278aaa7de697feabb8e2c76721273,gx-no-cache=1521469281360 HTTP/1.1" 200 4482
186.103.159.182 - - [19/Mar/2018:11:22:16 -0300] "POST /cormun/servlet/trsolicitudot?ecd278aaa7de697feabb8e2c76721273,gx-no-cache=1521469285296 HTTP/1.1" 200 4480
186.103.159.182 - - [19/Mar/2018:11:22:21 -0300] "POST /cormun/servlet/trsolicitudot?ecd278aaa7de697feabb8e2c76721273,gx-no-cache=1521469290096 HTTP/1.1" 200 6224
192.168.10.89 - - [19/Mar/2018:11:22:22 -0300] "GET /cormun/servlet/vesolicitudgral?2018,10573,, HTTP/1.1" 200 9538
192.168.10.89 - - [19/Mar/2018:11:22:22 -0300] "GET /cormun/pexe_scrolldiv.js HTTP/1.1" 404 1009
186.103.159.182 - - [19/Mar/2018:11:22:25 -0300] "GET /cormun/servlet/solicitudot?INS,0,0, HTTP/1.1" 200 13697
186.103.159.182 - - [19/Mar/2018:11:22:25 -0300] "GET /cormun/static/solicitudot.js?201812313224831 HTTP/1.1" 200 57344
186.103.159.182 - - [19/Mar/2018:11:22:27 -0300] "GET /cormun/servlet/solicitudot?INS,0,0, HTTP/1.1" 200 13702
186.103.159.182 - - [19/Mar/2018:11:22:30 -0300] "GET /cormun/servlet/prfichaempleado?,MD,,gxPopupLevel%3D0%3B HTTP/1.1" 200 9426
186.103.159.182 - - [19/Mar/2018:11:22:30 -0300] "GET /cormun/static/Resources/PXToolsMenuSearch.png HTTP/1.1" 200 2914
186.103.159.182 - - [19/Mar/2018:11:22:30 -0300] "GET /cormun/static/Resources/PXToolsMenuSearchCancel.png HTTP/1.1" 200 2972
186.103.159.182 - - [19/Mar/2018:11:22:42 -0300] "POST /cormun/servlet/prfichaempleado?ecd278aaa7de697feabb8e2c76721273,,MD,,gxPopupLevel%3D0%3B,gx-no-cache=1521469311238 HTTP/1.1" 200 6049
186.103.159.182 - - [19/Mar/2018:11:22:51 -0300] "POST /cormun/servlet/solicitudot?gx-no-cache=1521469320230 HTTP/1.1" 200 3400
186.103.159.182 - - [19/Mar/2018:11:22:51 -0300] "POST /cormun/servlet/solicitudot?ecd278aaa7de697feabb8e2c76721273,INS,0,0,,gx-no-cache=1521469320610 HTTP/1.1" 200 10551
201.215.248.160 - - [19/Mar/2018:11:22:51 -0300] "GET /cormun/servlet/hhome HTTP/1.1" 200 3389
201.215.248.160 - - [19/Mar/2018:11:22:52 -0300] "GET /cormun/static/gxtimezone.js?85251 HTTP/1.1" 304 -
186.103.159.182 - - [19/Mar/2018:11:22:52 -0300] "GET /cormun/servlet/solicitudot?a3f9c758ff8e84b13ea1886379f699b02b6404a3da46bcd998ce5291b5c5aa663d78cca9dcd649540ec4aae59cfa5b2b,gx-no-cache=1521469321010 HTTP/1.1" 200 30
201.215.248.160 - - [19/Mar/2018:11:22:52 -0300] "GET /cormun/static/gxcfg.js?20175251212442 HTTP/1.1" 304 -
201.215.248.160 - - [19/Mar/2018:11:22:52 -0300] "GET /cormun/static/messages.spa.js?85251 HTTP/1.1" 304 -
201.215.248.160 - - [19/Mar/2018:11:22:52 -0300] "GET /cormun/servlet/hhome HTTP/1.1" 200 3398
201.215.248.160 - - [19/Mar/2018:11:22:52 -0300] "GET /cormun/servlet/hlogin HTTP/1.1" 200 1724
201.215.248.160 - - [19/Mar/2018:11:22:52 -0300] "GET /cormun/static/gxcfg.js?20175251213516 HTTP/1.1" 304 -
186.103.159.182 - - [19/Mar/2018:11:22:54 -0300] "GET /cormun/servlet/solicitudot?a3f9c758ff8e84b13ea1886379f699b0c87cbb5d32152272325b38fc8a75830cb7d1ae6adb419a742e7aee7b0b07c4b587831a0c2c0583202301e3295bdcbe65,gx-no-cache=1521469323070 HTTP/1.1" 200 30
186.103.159.182 - - [19/Mar/2018:11:22:54 -0300] "GET /cormun/servlet/solicitudot?a3f9c758ff8e84b13ea1886379f699b0c52f9c2c1070c66c60ebb3e668a692cd,gx-no-cache=1521469323142 HTTP/1.1" 200 53
186.103.159.182 - - [19/Mar/2018:11:22:54 -0300] "POST /cormun/servlet/solicitudot?gx-no-cache=1521469323206 HTTP/1.1" 200 255
186.103.159.182 - - [19/Mar/2018:11:22:54 -0300] "GET /cormun/servlet/solicitudot?a3f9c758ff8e84b13ea1886379f699b03f9fde4d6d0c3c02ee8e40e18dd00478094d86f0f13ebd409c41471224bca36b75d8d06db8ed418bcd1ebcea8a3a8812aed9e4d8969638462596cae5d83be1764bcbe7b6d442139d884eccbc7403d5f0d0916db871553b0605d7510c55dc0489464bca44d5374b0d917ef09b500a73ac1ad8f53a90ada14772bf5724f2b880f5a16e3af0b9ce60bf0da5e79df115d075641bf229592b737752ca59b48db44c91272fc5c0bbedfc88152222b561e7ef433ee811907e19f613a30d87cbf95bffc7242ce650c3d2e6eb96e46cb4e02ad266fa67aa33cee149115b2199527d85d3456da15ce419816a9ab47bbd428ad7700811f55c2aeef68f25222441836d72da9f5a2381e7c50ac00bf30a6d4272120283fa8222d097e00181eb343077d7c597a6e3fff4b99a982359a2dc96965a45a12f6dc36010fca6944a74a6522d01f7f8fcbece8771f3831f84fc36dc9e908f64c7b7bd462fb4b934ce2e95dc527fe3f935a8eba371db34b6f0c5c804ba56f15452,gx-no-cache=1521469323276 HTTP/1.1" 200 30
186.103.159.182 - - [19/Mar/2018:11:22:55 -0300] "POST /cormun/servlet/solicitudot?gx-no-cache=1521469324724 HTTP/1.1" 200 30
186.103.159.182 - - [19/Mar/2018:11:23:00 -0300] "GET /cormun/servlet/prcontratosol?16253381,,,,,MD,,gxPopupLevel%3D0%3B HTTP/1.1" 200 8841
201.215.248.160 - - [19/Mar/2018:11:23:05 -0300] "POST /cormun/servlet/hlogin?6f67aa1d1b1fb68fb46ad7fe7cd06bdf,gx-no-cache=1521469333689 HTTP/1.1" 200 90
201.215.248.160 - - [19/Mar/2018:11:23:06 -0300] "GET /cormun/servlet/hpexe_link HTTP/1.1" 200 944
201.215.248.160 - - [19/Mar/2018:11:23:06 -0300] "GET /cormun/static/gxcfg.js?20177612121792 HTTP/1.1" 304 -
201.215.248.160 - - [19/Mar/2018:11:23:06 -0300] "GET /cormun/servlet/hhome HTTP/1.1" 200 4199
201.215.248.160 - - [19/Mar/2018:11:23:06 -0300] "GET /cormun/servlet/hhome HTTP/1.1" 200 4196
186.103.159.182 - - [19/Mar/2018:11:23:10 -0300] "POST /cormun/servlet/solicitudot?gx-no-cache=1521469339712 HTTP/1.1" 200 1337
186.103.159.182 - - [19/Mar/2018:11:23:11 -0300] "POST /cormun/servlet/solicitudot?gx-no-cache=1521469340040 HTTP/1.1" 200 38
186.103.159.182 - - [19/Mar/2018:11:23:11 -0300] "GET /cormun/servlet/solicitudot?a3f9c758ff8e84b13ea1886379f699b08f94e17ae0470e1e674bf45e7368c2fd7b532edc5f60fc88386f567173ce0d5276fa56b9cb873aa642cbaba6c776dd4c90f3fed482f203f871c7c4536838e582f71a1589d44b56cad176dbd39858e9a17db7a7d338200ec5abc309201a7e0f318287fb956e0a79b00b6f331d444bda0b83e51cebdea126c515da1370d19935689b0a0a8638bae5cb079f0f8df5e8cfb6,gx-no-cache=1521469340320 HTTP/1.1" 200 29
186.103.159.182 - - [19/Mar/2018:11:23:11 -0300] "POST /cormun/servlet/solicitudot?gx-no-cache=1521469340386 HTTP/1.1" 200 1319
186.103.159.182 - - [19/Mar/2018:11:23:11 -0300] "POST /cormun/servlet/solicitudot?gx-no-cache=1521469340508 HTTP/1.1" 200 1219
186.103.159.182 - - [19/Mar/2018:11:23:11 -0300] "GET /cormun/servlet/solicitudot?a3f9c758ff8e84b13ea1886379f699b0a34cdae7fd3a94a2851a5bacc65933588534528d8808deb9db9a93834ffc3f33,gx-no-cache=1521469340594 HTTP/1.1" 200 134
186.103.159.182 - - [19/Mar/2018:11:23:11 -0300] "GET /cormun/static/Shared/jqueryui/images/ui-bg_highlight-soft_100_c6c2c8_1x100.png HTTP/1.1" 404 1117
186.103.159.182 - - [19/Mar/2018:11:23:11 -0300] "GET /cormun/static/Shared/jqueryui/images/ui-icons_82798d_256x240.png HTTP/1.1" 404 1089
186.103.159.182 - - [19/Mar/2018:11:23:11 -0300] "GET /cormun/static/Shared/jqueryui/images/ui-bg_flat_55_994d53_40x100.png HTTP/1.1" 404 1097
186.103.159.182 - - [19/Mar/2018:11:23:11 -0300] "GET /cormun/static/Shared/jqueryui/images/ui-icons_ebccce_256x240.png HTTP/1.1" 404 1089
186.103.159.44 - - [19/Mar/2018:11:23:16 -0300] "POST /cormun/servlet/trautorizarsolicitud?273b05dc897ee03aa2b3a472058a8637,,gx-no-cache=1521469346079 HTTP/1.1" 200 23057
201.215.248.160 - - [19/Mar/2018:11:23:20 -0300] "GET /cormun/servlet/trsolicitudot? HTTP/1.1" 200 7418
201.215.248.160 - - [19/Mar/2018:11:23:20 -0300] "GET /cormun/static/gxcfg.js?2017111422585916 HTTP/1.1" 304 -
201.215.248.160 - - [19/Mar/2018:11:23:20 -0300] "GET /cormun/static/calendar.js?85251 HTTP/1.1" 304 -
201.215.248.160 - - [19/Mar/2018:11:23:20 -0300] "GET /cormun/static/calendar-es.js?85251 HTTP/1.1" 304 -
201.215.248.160 - - [19/Mar/2018:11:23:20 -0300] "GET /cormun/static/calendar-setup.js?85251 HTTP/1.1" 304 -
201.215.248.160 - - [19/Mar/2018:11:23:20 -0300] "GET /cormun/static/gxdec.js?85251 HTTP/1.1" 304 -
201.215.248.160 - - [19/Mar/2018:11:23:21 -0300] "GET /cormun/servlet/trsolicitudot? HTTP/1.1" 200 7417
186.103.159.182 - - [19/Mar/2018:11:23:37 -0300] "POST /cormun/servlet/solicitudot?gx-no-cache=1521469365998 HTTP/1.1" 200 1319
186.103.159.182 - - [19/Mar/2018:11:23:37 -0300] "POST /cormun/servlet/solicitudot?gx-no-cache=1521469366148 HTTP/1.1" 200 1219
186.103.159.182 - - [19/Mar/2018:11:23:37 -0300] "GET /cormun/static/menuarrow.gif HTTP/1.1" 404 1015
186.103.159.182 - - [19/Mar/2018:11:23:38 -0300] "POST /cormun/servlet/solicitudot?gx-no-cache=1521469367794 HTTP/1.1" 200 1319
186.103.159.182 - - [19/Mar/2018:11:23:38 -0300] "POST /cormun/servlet/solicitudot?gx-no-cache=1521469367880 HTTP/1.1" 200 1219
186.103.159.182 - - [19/Mar/2018:11:23:50 -0300] "GET /cormun/servlet/solicitudot?a3f9c758ff8e84b13ea1886379f699b0a839a70e391b9cd00dc9a6aa6f0bf3308534528d8808deb9db9a93834ffc3f33,gx-no-cache=1521469379092 HTTP/1.1" 200 30
186.103.159.189 - - [19/Mar/2018:11:24:07 -0300] "GET /cormun/servlet/hlogin HTTP/1.1" 200 1715
186.103.159.182 - - [19/Mar/2018:11:24:07 -0300] "POST /cormun/servlet/solicitudot?gx-no-cache=1521469395968 HTTP/1.1" 200 33
186.103.159.189 - - [19/Mar/2018:11:24:14 -0300] "POST /cormun/servlet/hlogin?014c54f38d12cd7c743d92f327a580b6,gx-no-cache=1521469404987 HTTP/1.1" 200 90
186.103.159.189 - - [19/Mar/2018:11:24:14 -0300] "GET /cormun/servlet/hpexe_link HTTP/1.1" 200 946
186.103.159.189 - - [19/Mar/2018:11:24:14 -0300] "GET /cormun/servlet/hhome HTTP/1.1" 200 3981
186.103.159.189 - - [19/Mar/2018:11:24:15 -0300] "GET /cormun/static/gxcfg.js?20175251212442 HTTP/1.1" 304 -
186.103.159.189 - - [19/Mar/2018:11:24:16 -0300] "GET /cormun/servlet/hhome HTTP/1.1" 200 3978
186.103.159.182 - - [19/Mar/2018:11:24:17 -0300] "POST /cormun/servlet/solicitudot?ecd278aaa7de697feabb8e2c76721273,INS,0,0,,gx-no-cache=1521469406390 HTTP/1.1" 200 93
186.103.159.182 - - [19/Mar/2018:11:24:17 -0300] "GET /cormun/servlet/hpexe_return? HTTP/1.1" 200 1024
186.103.159.182 - - [19/Mar/2018:11:24:18 -0300] "GET /cormun/servlet/trsolicitudot?gx-no-cache=1521469290096 HTTP/1.1" 200 9225
186.103.159.182 - - [19/Mar/2018:11:24:19 -0300] "GET /cormun/servlet/trsolicitudot?gx-no-cache=1521469290096 HTTP/1.1" 200 9241
186.103.159.189 - - [19/Mar/2018:11:24:20 -0300] "GET /cormun/servlet/trrenuncias? HTTP/1.1" 200 7586
186.103.159.189 - - [19/Mar/2018:11:24:21 -0300] "GET /cormun/servlet/trrenuncias? HTTP/1.1" 200 7585
186.103.159.44 - - [19/Mar/2018:11:24:21 -0300] "POST /cormun/servlet/trautorizarsolicitud?273b05dc897ee03aa2b3a472058a8637,,gx-no-cache=1521469409421 HTTP/1.1" 200 4126
192.168.10.89 - - [19/Mar/2018:11:24:21 -0300] "POST /cormun/servlet/vesolicitudgral?92db09fa3e8e36d717ba706a0e2f7cc6,2018,10573,,,gx-no-cache=1521469295590 HTTP/1.1" 200 93
192.168.10.89 - - [19/Mar/2018:11:24:21 -0300] "GET /cormun/servlet/hpexe_return? HTTP/1.1" 200 1017
192.168.10.89 - - [19/Mar/2018:11:24:21 -0300] "GET /cormun/servlet/trsolicitudgral? HTTP/1.1" 200 11269
186.103.159.189 - - [19/Mar/2018:11:24:25 -0300] "POST /cormun/servlet/trrenuncias?014c54f38d12cd7c743d92f327a580b6,,gx-no-cache=1521469415277 HTTP/1.1" 200 4801
186.103.159.189 - - [19/Mar/2018:11:24:25 -0300] "GET /cormun/static/Shared/jqueryui/images/ui-bg_highlight-soft_100_c6c2c8_1x100.png HTTP/1.1" 404 1117
186.103.159.189 - - [19/Mar/2018:11:24:25 -0300] "GET /cormun/static/Shared/jqueryui/images/ui-icons_82798d_256x240.png HTTP/1.1" 404 1089
186.103.159.189 - - [19/Mar/2018:11:24:25 -0300] "GET /cormun/static/Shared/jqueryui/images/ui-bg_flat_55_fafafa_40x100.png HTTP/1.1" 404 1097
186.103.159.189 - - [19/Mar/2018:11:24:25 -0300] "GET /cormun/static/Shared/jqueryui/images/ui-icons_8d78a5_256x240.png HTTP/1.1" 404 1089
186.103.159.44 - - [19/Mar/2018:11:24:26 -0300] "POST /cormun/servlet/trautorizarsolicitud?273b05dc897ee03aa2b3a472058a8637,,gx-no-cache=1521469416535 HTTP/1.1" 200 4126
192.168.10.89 - - [19/Mar/2018:11:24:28 -0300] "POST /cormun/servlet/trsolicitudgral?92db09fa3e8e36d717ba706a0e2f7cc6,,gx-no-cache=1521469302741 HTTP/1.1" 200 7894
186.103.159.44 - - [19/Mar/2018:11:24:30 -0300] "POST /cormun/servlet/trautorizarsolicitud?273b05dc897ee03aa2b3a472058a8637,,gx-no-cache=1521469420189 HTTP/1.1" 200 4124
186.103.159.189 - - [19/Mar/2018:11:24:34 -0300] "GET /cormun/Manuales/ManualContratos.pdf HTTP/1.1" 200 629147
186.103.159.189 - - [19/Mar/2018:11:24:39 -0300] "GET /cormun/servlet/trrenuncias? HTTP/1.1" 200 7586
186.103.159.189 - - [19/Mar/2018:11:24:40 -0300] "GET /cormun/servlet/trrenuncias? HTTP/1.1" 200 7585
186.103.159.189 - - [19/Mar/2018:11:24:48 -0300] "GET /cormun/servlet/trsolicitudot? HTTP/1.1" 200 8563
186.103.159.189 - - [19/Mar/2018:11:24:49 -0300] "GET /cormun/servlet/trsolicitudot? HTTP/1.1" 200 8563
186.103.159.44 - - [19/Mar/2018:11:24:57 -0300] "POST /cormun/servlet/trautorizarsolicitud?273b05dc897ee03aa2b3a472058a8637,,gx-no-cache=1521469446462 HTTP/1.1" 200 23525
186.103.159.182 - - [19/Mar/2018:11:24:57 -0300] "GET /cormun/servlet/hlogin HTTP/1.1" 200 1715
186.103.159.182 - - [19/Mar/2018:11:24:57 -0300] "GET /cormun/static/Resources/PXToolsLoginTop.png HTTP/1.1" 200 1337
186.103.159.182 - - [19/Mar/2018:11:24:57 -0300] "GET /cormun/static/Resources/PXToolsLoginBottom.png HTTP/1.1" 200 1389
186.103.159.182 - - [19/Mar/2018:11:25:12 -0300] "POST /cormun/servlet/hlogin?ecd278aaa7de697feabb8e2c76721273,gx-no-cache=1521469461738 HTTP/1.1" 200 90
186.103.159.182 - - [19/Mar/2018:11:25:12 -0300] "GET /cormun/servlet/hpexe_link HTTP/1.1" 200 974
186.103.159.182 - - [19/Mar/2018:11:25:13 -0300] "GET /cormun/servlet/trsolicitudot?gx-no-cache=1521469290096 HTTP/1.1" 200 9223
186.103.159.182 - - [19/Mar/2018:11:25:13 -0300] "GET /cormun/static/Resources/logo4.png HTTP/1.1" 200 6582
186.103.159.182 - - [19/Mar/2018:11:25:14 -0300] "GET /cormun/static/Resources/PXToolsHeaderBackground2.png HTTP/1.1" 200 1174
186.103.159.182 - - [19/Mar/2018:11:25:14 -0300] "GET /cormun/static/Resources/PXToolsFooterBackground2.png HTTP/1.1" 200 1172
186.103.159.182 - - [19/Mar/2018:11:25:14 -0300] "GET /cormun/servlet/trsolicitudot?gx-no-cache=1521469290096 HTTP/1.1" 200 9241
186.103.159.182 - - [19/Mar/2018:11:25:14 -0300] "GET /cormun/static/SmoothNavMenu/resources/images/down.gif HTTP/1.1" 200 854
186.103.159.189 - - [19/Mar/2018:11:25:19 -0300] "POST /cormun/servlet/trsolicitudot?014c54f38d12cd7c743d92f327a580b6,,gx-no-cache=1521469469757 HTTP/1.1" 200 4470
186.103.159.189 - - [19/Mar/2018:11:25:19 -0300] "GET /cormun/static/Shared/jqueryui/images/ui-bg_highlight-soft_100_c6c2c8_1x100.png HTTP/1.1" 404 1117
186.103.159.189 - - [19/Mar/2018:11:25:19 -0300] "GET /cormun/static/Shared/jqueryui/images/ui-icons_82798d_256x240.png HTTP/1.1" 404 1089
186.103.159.189 - - [19/Mar/2018:11:25:19 -0300] "GET /cormun/static/Shared/jqueryui/images/ui-bg_flat_55_fafafa_40x100.png HTTP/1.1" 404 1097
186.103.159.189 - - [19/Mar/2018:11:25:19 -0300] "GET /cormun/static/Shared/jqueryui/images/ui-icons_8d78a5_256x240.png HTTP/1.1" 404 1089
186.103.159.189 - - [19/Mar/2018:11:25:19 -0300] "POST /cormun/servlet/trsolicitudot?014c54f38d12cd7c743d92f327a580b6,,gx-no-cache=1521469470157 HTTP/1.1" 200 4247
186.103.159.189 - - [19/Mar/2018:11:25:27 -0300] "GET /cormun/servlet/hlogin HTTP/1.1" 200 1715
186.103.159.189 - - [19/Mar/2018:11:25:27 -0300] "GET /cormun/servlet/hlogin HTTP/1.1" 200 1715
186.103.159.182 - - [19/Mar/2018:11:25:31 -0300] "GET /cormun/static/menuarrow.gif HTTP/1.1" 404 1015
186.103.159.182 - - [19/Mar/2018:11:25:39 -0300] "POST /cormun/servlet/trsolicitudot?ecd278aaa7de697feabb8e2c76721273,gx-no-cache=1521469290096,gx-no-cache=1521469488706 HTTP/1.1" 200 4463
186.103.159.182 - - [19/Mar/2018:11:25:45 -0300] "POST /cormun/servlet/trsolicitudot?ecd278aaa7de697feabb8e2c76721273,gx-no-cache=1521469290096,gx-no-cache=1521469493922 HTTP/1.1" 200 5854
186.103.159.182 - - [19/Mar/2018:11:25:58 -0300] "POST /cormun/servlet/trsolicitudot?ecd278aaa7de697feabb8e2c76721273,gx-no-cache=1521469290096,gx-no-cache=1521469507290 HTTP/1.1" 200 4676
186.103.159.182 - - [19/Mar/2018:11:25:58 -0300] "GET /cormun/static/Shared/jqueryui/images/ui-bg_highlight-soft_100_c6c2c8_1x100.png HTTP/1.1" 404 1117
186.103.159.182 - - [19/Mar/2018:11:25:58 -0300] "GET /cormun/static/Shared/jqueryui/images/ui-icons_82798d_256x240.png HTTP/1.1" 404 1089
186.103.159.182 - - [19/Mar/2018:11:25:58 -0300] "GET /cormun/static/Shared/jqueryui/images/ui-bg_flat_55_fafafa_40x100.png HTTP/1.1" 404 1097
186.103.159.182 - - [19/Mar/2018:11:25:58 -0300] "GET /cormun/static/Shared/jqueryui/images/ui-icons_8d78a5_256x240.png HTTP/1.1" 404 1089
186.103.159.182 - - [19/Mar/2018:11:25:58 -0300] "POST /cormun/servlet/trsolicitudot?ecd278aaa7de697feabb8e2c76721273,gx-no-cache=1521469290096,gx-no-cache=1521469507702 HTTP/1.1" 200 4443
186.103.159.182 - - [19/Mar/2018:11:26:04 -0300] "GET /cormun/servlet/trautorizarsolicitud? HTTP/1.1" 200 8777
186.103.159.182 - - [19/Mar/2018:11:26:04 -0300] "GET /cormun/static/gxcfg.js?2017111423403364 HTTP/1.1" 200 953
186.103.159.182 - - [19/Mar/2018:11:26:04 -0300] "GET /cormun/static/trautorizarsolicitud.js?201711142340425 HTTP/1.1" 200 53910
186.103.159.182 - - [19/Mar/2018:11:26:05 -0300] "GET /cormun/servlet/trautorizarsolicitud? HTTP/1.1" 200 8757
186.103.159.182 - - [19/Mar/2018:11:26:18 -0300] "POST /cormun/servlet/trautorizarsolicitud?ecd278aaa7de697feabb8e2c76721273,,gx-no-cache=1521469527638 HTTP/1.1" 200 4620
186.103.159.182 - - [19/Mar/2018:11:26:19 -0300] "GET /cormun/static/Shared/jqueryui/images/ui-icons_82798d_256x240.png HTTP/1.1" 404 1089
186.103.159.182 - - [19/Mar/2018:11:26:19 -0300] "GET /cormun/static/Shared/jqueryui/images/ui-bg_highlight-soft_100_c6c2c8_1x100.png HTTP/1.1" 404 1117
186.103.159.182 - - [19/Mar/2018:11:26:19 -0300] "GET /cormun/static/Shared/jqueryui/images/ui-bg_flat_55_fafafa_40x100.png HTTP/1.1" 404 1097
186.103.159.182 - - [19/Mar/2018:11:26:19 -0300] "GET /cormun/static/Shared/jqueryui/images/ui-icons_8d78a5_256x240.png HTTP/1.1" 404 1089
186.103.159.182 - - [19/Mar/2018:11:26:19 -0300] "POST /cormun/servlet/trautorizarsolicitud?ecd278aaa7de697feabb8e2c76721273,,gx-no-cache=1521469528126 HTTP/1.1" 200 4390
192.168.10.89 - - [19/Mar/2018:11:26:20 -0300] "POST /cormun/servlet/trsolicitudgral?92db09fa3e8e36d717ba706a0e2f7cc6,,gx-no-cache=1521469414849 HTTP/1.1" 200 8816
186.103.159.189 - - [19/Mar/2018:11:26:34 -0300] "POST /cormun/servlet/hlogin?014c54f38d12cd7c743d92f327a580b6,gx-no-cache=1521469545206 HTTP/1.1" 200 90
186.103.159.189 - - [19/Mar/2018:11:26:35 -0300] "GET /cormun/servlet/hpexe_link HTTP/1.1" 200 946
186.103.159.189 - - [19/Mar/2018:11:26:35 -0300] "GET /cormun/servlet/hhome HTTP/1.1" 200 4168
186.103.159.189 - - [19/Mar/2018:11:26:36 -0300] "GET /cormun/servlet/hhome HTTP/1.1" 200 4165
186.103.159.182 - - [19/Mar/2018:11:26:42 -0300] "GET /cormun/static/menuarrow.gif HTTP/1.1" 404 1015
186.103.159.182 - - [19/Mar/2018:11:26:46 -0300] "GET /cormun/servlet/trsolicitudot? HTTP/1.1" 200 7468
186.103.159.182 - - [19/Mar/2018:11:26:47 -0300] "GET /cormun/servlet/trsolicitudot? HTTP/1.1" 200 7467
186.103.159.182 - - [19/Mar/2018:11:26:50 -0300] "GET /cormun/static/menuarrow.gif HTTP/1.1" 404 1015
192.168.10.89 - - [19/Mar/2018:11:26:59 -0300] "POST /cormun/servlet/trsolicitudgral?92db09fa3e8e36d717ba706a0e2f7cc6,,gx-no-cache=1521469453681 HTTP/1.1" 200 7907
201.215.248.160 - - [19/Mar/2018:11:27:28 -0300] "GET /cormun/servlet/solicitudot?INS,0,0, HTTP/1.1" 200 13645
201.215.248.160 - - [19/Mar/2018:11:27:28 -0300] "GET /cormun/static/gxcfg.js?201812313224582 HTTP/1.1" 304 -
201.215.248.160 - - [19/Mar/2018:11:27:28 -0300] "GET /cormun/static/solicitudot.js?201812313224831 HTTP/1.1" 304 -
201.215.248.160 - - [19/Mar/2018:11:27:29 -0300] "GET /cormun/servlet/solicitudot?INS,0,0, HTTP/1.1" 200 13650
201.215.248.160 - - [19/Mar/2018:11:27:47 -0300] "POST /cormun/servlet/solicitudot?gx-no-cache=1521469614921 HTTP/1.1" 200 3361
201.215.248.160 - - [19/Mar/2018:11:27:47 -0300] "POST /cormun/servlet/solicitudot?6f67aa1d1b1fb68fb46ad7fe7cd06bdf,INS,0,0,,gx-no-cache=1521469615365 HTTP/1.1" 200 10523
201.215.248.160 - - [19/Mar/2018:11:27:51 -0300] "GET /cormun/servlet/solicitudot?15da2341368e7f59da378c578081261e0a302a09e45e95bc5c3634d106f3e444b5e99ad58294004a9667ef9a9e6cab43,gx-no-cache=1521469619658 HTTP/1.1" 200 30
201.215.248.160 - - [19/Mar/2018:11:27:51 -0300] "GET /cormun/servlet/solicitudot?15da2341368e7f59da378c578081261e582ee1105d92fbf6cb5dfad0ae77259a,gx-no-cache=1521469619739 HTTP/1.1" 200 103
201.215.248.160 - - [19/Mar/2018:11:27:51 -0300] "GET /cormun/static/Shared/jqueryui/images/ui-bg_highlight-soft_100_c6c2c8_1x100.png HTTP/1.1" 404 1117
201.215.248.160 - - [19/Mar/2018:11:27:52 -0300] "GET /cormun/static/Shared/jqueryui/images/ui-icons_82798d_256x240.png HTTP/1.1" 404 1089
201.215.248.160 - - [19/Mar/2018:11:27:52 -0300] "GET /cormun/static/Shared/jqueryui/images/ui-icons_ebccce_256x240.png HTTP/1.1" 404 1089
201.215.248.160 - - [19/Mar/2018:11:27:52 -0300] "GET /cormun/static/Shared/jqueryui/images/ui-bg_flat_55_994d53_40x100.png HTTP/1.1" 404 1097
201.215.248.160 - - [19/Mar/2018:11:27:52 -0300] "GET /cormun/servlet/solicitudot?15da2341368e7f59da378c578081261e5feb2d604ea46590038adb783192475a,gx-no-cache=1521469619861 HTTP/1.1" 200 60
201.215.248.160 - - [19/Mar/2018:11:27:52 -0300] "POST /cormun/servlet/solicitudot?gx-no-cache=1521469619949 HTTP/1.1" 200 255
201.215.248.160 - - [19/Mar/2018:11:27:52 -0300] "GET /cormun/servlet/solicitudot?15da2341368e7f59da378c578081261e08f46f69754396b03751d1d821155a1db2bbddb42abe63dc4d540b0e744205c9e347eb738111070a840c47a105b090a0a9e2777745b20d4261e8ed59a601222e0524780679a9a04d5f6b7a601d2f5653bf9e6d6c80a29640835f5bb7197eb2bfabb2d1c7b9757ea27ad44dc0603966e00553d370de0e433895be99392df646e7de5161bdcb9309ba96c9c5f065bb2c49e4589f2a74d5fb5207a056fe9338db03dd1765348e716755dea8fda71be9e9ee0d1f5c99c837d841f0a8fe8ebc785223fc703981cc6c77afeee7e165ac9be433d7dffd4f60e41adb1f21dfb027cea069d3f8137d74ad8e21797fd259553e46c5cbab599e98b45a55d7e3b08e5d13b1745567a4537808915d28f70f71e8eb5d43febff80e8ae9c3f2ffbdc82d0be837bdd2d0366a26800e9b9b35751d0786aa247ed6d85ac8eb2372a3b48eaefe58e00f56de7a8d6f576623ffb0bb28aaa9ee85efc0bea0d202787eb1e911250e3c2927d4e487060e41045436109733a1847e3e,gx-no-cache=1521469620028 HTTP/1.1" 200 30
201.215.248.160 - - [19/Mar/2018:11:27:55 -0300] "POST /cormun/servlet/solicitudot?gx-no-cache=1521469623103 HTTP/1.1" 200 30
201.215.248.160 - - [19/Mar/2018:11:28:01 -0300] "POST /cormun/servlet/solicitudot?gx-no-cache=1521469628770 HTTP/1.1" 200 1337
186.103.159.189 - - [19/Mar/2018:11:28:01 -0300] "GET /cormun/servlet/trautorizarsolicitud? HTTP/1.1" 200 8641
201.215.248.160 - - [19/Mar/2018:11:28:01 -0300] "POST /cormun/servlet/solicitudot?gx-no-cache=1521469628901 HTTP/1.1" 200 38
186.103.159.189 - - [19/Mar/2018:11:28:01 -0300] "GET /cormun/static/gxcfg.js?2017111423403364 HTTP/1.1" 304 -
186.103.159.189 - - [19/Mar/2018:11:28:02 -0300] "GET /cormun/servlet/trautorizarsolicitud? HTTP/1.1" 200 8639
186.103.159.189 - - [19/Mar/2018:11:28:10 -0300] "POST /cormun/servlet/trautorizarsolicitud?014c54f38d12cd7c743d92f327a580b6,,gx-no-cache=1521469640522 HTTP/1.1" 200 4597
186.103.159.189 - - [19/Mar/2018:11:28:10 -0300] "GET /cormun/static/Shared/jqueryui/images/ui-bg_highlight-soft_100_c6c2c8_1x100.png HTTP/1.1" 404 1117
186.103.159.189 - - [19/Mar/2018:11:28:10 -0300] "GET /cormun/static/Shared/jqueryui/images/ui-icons_82798d_256x240.png HTTP/1.1" 404 1089
186.103.159.189 - - [19/Mar/2018:11:28:10 -0300] "GET /cormun/static/Shared/jqueryui/images/ui-bg_flat_55_fafafa_40x100.png HTTP/1.1" 404 1097
186.103.159.189 - - [19/Mar/2018:11:28:10 -0300] "GET /cormun/static/Shared/jqueryui/images/ui-icons_8d78a5_256x240.png HTTP/1.1" 404 1089
186.103.159.189 - - [19/Mar/2018:11:28:10 -0300] "POST /cormun/servlet/trautorizarsolicitud?014c54f38d12cd7c743d92f327a580b6,,gx-no-cache=1521469640912 HTTP/1.1" 200 4371
201.215.248.160 - - [19/Mar/2018:11:28:12 -0300] "GET /cormun/servlet/solicitudot?15da2341368e7f59da378c578081261e06b6c34c171ea7a6feee430e0f514aa28db6cc01834a0bf785367cdfb602eeeb16f8f1b5615119b1b9968f6649a021ecbd8a67dbd3de497ff0a09c12ffa0131f9eba63e1c33e685c934f656900999209886c25263d2b7ae9632eb089739dc99c8a1cbdb1633d06245533bfb513a7cc8e82fef094944507b45e3e26a6486f1f40be31484354e8ae0770a3b4fc8fc015d7,gx-no-cache=1521469640522 HTTP/1.1" 200 29
201.215.248.160 - - [19/Mar/2018:11:28:12 -0300] "POST /cormun/servlet/solicitudot?gx-no-cache=1521469640598 HTTP/1.1" 200 1319
201.215.248.160 - - [19/Mar/2018:11:28:12 -0300] "POST /cormun/servlet/solicitudot?gx-no-cache=1521469640707 HTTP/1.1" 200 1219
201.215.248.160 - - [19/Mar/2018:11:28:12 -0300] "GET /cormun/static/menuarrow.gif HTTP/1.1" 404 1015
186.103.159.182 - - [19/Mar/2018:11:28:16 -0300] "POST /cormun/servlet/trsolicitudot?ecd278aaa7de697feabb8e2c76721273,,gx-no-cache=1521469644838 HTTP/1.1" 200 4476
201.215.248.160 - - [19/Mar/2018:11:28:17 -0300] "POST /cormun/servlet/solicitudot?gx-no-cache=1521469645305 HTTP/1.1" 200 1319
201.215.248.160 - - [19/Mar/2018:11:28:18 -0300] "POST /cormun/servlet/solicitudot?gx-no-cache=1521469645431 HTTP/1.1" 200 1219
201.215.248.160 - - [19/Mar/2018:11:28:20 -0300] "GET /cormun/servlet/solicitudot?15da2341368e7f59da378c578081261e6c7fdd49778f438741bd54fe3c976a2a319a852fcf9f7419cdbdc1d2ecf6bd54,gx-no-cache=1521469648237 HTTP/1.1" 200 30
186.103.159.182 - - [19/Mar/2018:11:28:26 -0300] "POST /cormun/servlet/trsolicitudot?ecd278aaa7de697feabb8e2c76721273,,gx-no-cache=1521469655576 HTTP/1.1" 200 4478
186.103.159.189 - - [19/Mar/2018:11:28:33 -0300] "GET /cormun/servlet/trautorizarenuncias? HTTP/1.1" 200 7540
186.103.159.182 - - [19/Mar/2018:11:28:33 -0300] "POST /cormun/servlet/trsolicitudot?ecd278aaa7de697feabb8e2c76721273,,gx-no-cache=1521469662340 HTTP/1.1" 200 6204
186.103.159.189 - - [19/Mar/2018:11:28:33 -0300] "GET /cormun/static/gxcfg.js?2017761218543 HTTP/1.1" 200 953
186.103.159.189 - - [19/Mar/2018:11:28:33 -0300] "GET /cormun/static/trautorizarenuncias.js?20177612185765 HTTP/1.1" 200 29147
186.103.159.189 - - [19/Mar/2018:11:28:34 -0300] "GET /cormun/servlet/trautorizarenuncias? HTTP/1.1" 200 7540
186.103.159.189 - - [19/Mar/2018:11:28:39 -0300] "POST /cormun/servlet/trautorizarenuncias?014c54f38d12cd7c743d92f327a580b6,,gx-no-cache=1521469669815 HTTP/1.1" 200 4282
186.103.159.189 - - [19/Mar/2018:11:28:39 -0300] "GET /cormun/static/Shared/jqueryui/images/ui-bg_highlight-soft_100_c6c2c8_1x100.png HTTP/1.1" 404 1117
186.103.159.189 - - [19/Mar/2018:11:28:39 -0300] "GET /cormun/static/Shared/jqueryui/images/ui-bg_flat_55_fafafa_40x100.png HTTP/1.1" 404 1097
186.103.159.189 - - [19/Mar/2018:11:28:39 -0300] "GET /cormun/static/Shared/jqueryui/images/ui-icons_8d78a5_256x240.png HTTP/1.1" 404 1089
186.103.159.189 - - [19/Mar/2018:11:28:40 -0300] "GET /cormun/static/Shared/jqueryui/images/ui-icons_82798d_256x240.png HTTP/1.1" 404 1089
186.103.159.44 - - [19/Mar/2018:11:28:40 -0300] "POST /cormun/servlet/trautorizarsolicitud?273b05dc897ee03aa2b3a472058a8637,,gx-no-cache=1521469669606 HTTP/1.1" 200 23540
190.151.124.170 - - [19/Mar/2018:11:29:04 -0300] "GET /cormun/servlet/hlogin HTTP/1.1" 200 1723
186.67.84.236 - - [19/Mar/2018:11:29:04 -0300] "GET /cormun/static/gxtimezone.js?85251 HTTP/1.1" 304 -
186.67.84.236 - - [19/Mar/2018:11:29:04 -0300] "GET /cormun/static/gxcfg.js?20175251213516 HTTP/1.1" 304 -
190.151.124.170 - - [19/Mar/2018:11:29:05 -0300] "GET /cormun/static/messages.spa.js?85251 HTTP/1.1" 304 -
190.151.124.170 - - [19/Mar/2018:11:29:05 -0300] "GET /cormun/servlet/hlogin HTTP/1.1" 200 1729
190.151.124.170 - - [19/Mar/2018:11:29:06 -0300] "POST /cormun/servlet/hlogin?6d6b467b22c9aefb128ccf993efa0f89,gx-no-cache=1521469686704 HTTP/1.1" 200 90
190.151.124.170 - - [19/Mar/2018:11:29:06 -0300] "GET /cormun/servlet/hpexe_link HTTP/1.1" 200 949
190.151.124.170 - - [19/Mar/2018:11:29:07 -0300] "GET /cormun/static/gxcfg.js?20177612121792 HTTP/1.1" 304 -
190.151.124.170 - - [19/Mar/2018:11:29:07 -0300] "GET /cormun/servlet/hhome HTTP/1.1" 200 4202
186.67.84.236 - - [19/Mar/2018:11:29:07 -0300] "GET /cormun/static/gxcfg.js?20175251212442 HTTP/1.1" 304 -
190.151.124.170 - - [19/Mar/2018:11:29:07 -0300] "GET /cormun/servlet/hhome HTTP/1.1" 200 4198
186.67.84.236 - - [19/Mar/2018:11:29:09 -0300] "GET /cormun/servlet/trsolicitudot? HTTP/1.1" 200 7419
186.103.196.84 - - [19/Mar/2018:11:29:10 -0300] "GET /cormun/static/calendar.js?85251 HTTP/1.1" 304 -
186.67.84.236 - - [19/Mar/2018:11:29:10 -0300] "GET /cormun/static/gxcfg.js?2017111422585916 HTTP/1.1" 304 -
186.67.84.236 - - [19/Mar/2018:11:29:10 -0300] "GET /cormun/static/calendar-setup.js?85251 HTTP/1.1" 304 -
186.67.84.236 - - [19/Mar/2018:11:29:10 -0300] "GET /cormun/static/calendar-es.js?85251 HTTP/1.1" 304 -
186.67.84.236 - - [19/Mar/2018:11:29:10 -0300] "GET /cormun/static/gxdec.js?85251 HTTP/1.1" 304 -
186.103.159.44 - - [19/Mar/2018:11:29:16 -0300] "GET /cormun/servlet/trsolicitudot? HTTP/1.1" 200 7360
186.103.159.44 - - [19/Mar/2018:11:29:16 -0300] "GET /cormun/static/scaMessage/css/jquery.pnotify.default.css?1716380 HTTP/1.1" 200 1707
186.103.159.44 - - [19/Mar/2018:11:29:16 -0300] "GET /cormun/static/Shared/jqueryui/jquery-ui.min.css?1245370 HTTP/1.1" 200 30288
186.103.159.44 - - [19/Mar/2018:11:29:16 -0300] "GET /cormun/static/Resources/PXToolsGridNew.png HTTP/1.1" 200 2949
186.103.159.44 - - [19/Mar/2018:11:29:16 -0300] "GET /cormun/static/trsolicitudot.js?201711142259839 HTTP/1.1" 200 54041
186.103.159.44 - - [19/Mar/2018:11:29:16 -0300] "GET /cormun/static/SmoothNavMenu/resources/ddsmoothmenu-v.css?1012540 HTTP/1.1" 200 1188
186.103.159.44 - - [19/Mar/2018:11:29:16 -0300] "GET /cormun/static/gxcfg.js?2017111422585916 HTTP/1.1" 200 953
186.103.159.182 - - [19/Mar/2018:11:29:16 -0300] "POST /cormun/servlet/trsolicitudot?ecd278aaa7de697feabb8e2c76721273,,gx-no-cache=1521469705334 HTTP/1.1" 200 6199
186.103.196.84 - - [19/Mar/2018:11:29:19 -0300] "GET /cormun/servlet/trsolicitudot? HTTP/1.1" 200 7418
192.168.10.89 - - [19/Mar/2018:11:29:19 -0300] "GET /cormun/servlet/hlogin HTTP/1.1" 200 1742
186.67.84.236 - - [19/Mar/2018:11:29:28 -0300] "GET /cormun/servlet/solicitudot?INS,0,0, HTTP/1.1" 200 13653
186.67.84.236 - - [19/Mar/2018:11:29:28 -0300] "GET /cormun/static/gxcfg.js?201812313224582 HTTP/1.1" 304 -
186.67.84.236 - - [19/Mar/2018:11:29:29 -0300] "GET /cormun/servlet/solicitudot?INS,0,0, HTTP/1.1" 200 13658
152.231.70.146 - - [19/Mar/2018:11:29:33 -0300] "GET /cormun/servlet/trsolicitudot? HTTP/1.1" 200 7419
192.168.10.89 - - [19/Mar/2018:11:29:35 -0300] "POST /cormun/servlet/hlogin?92db09fa3e8e36d717ba706a0e2f7cc6,gx-no-cache=1521469609742 HTTP/1.1" 200 90
192.168.10.89 - - [19/Mar/2018:11:29:35 -0300] "GET /cormun/servlet/hpexe_link HTTP/1.1" 200 954
152.231.70.146 - - [19/Mar/2018:11:29:35 -0300] "GET /cormun/servlet/trsolicitudot? HTTP/1.1" 200 7418
192.168.10.89 - - [19/Mar/2018:11:29:35 -0300] "GET /cormun/servlet/hhome HTTP/1.1" 200 4152
192.168.10.89 - - [19/Mar/2018:11:29:37 -0300] "GET /cormun/servlet/trsolicitudot? HTTP/1.1" 200 7368
192.168.10.89 - - [19/Mar/2018:11:29:37 -0300] "GET /cormun/static/gxcfg.js?2017111422585916 HTTP/1.1" 304 -
186.103.159.182 - - [19/Mar/2018:11:29:37 -0300] "POST /cormun/servlet/trsolicitudot?ecd278aaa7de697feabb8e2c76721273,,gx-no-cache=1521469726554 HTTP/1.1" 200 5859
186.103.196.90 - - [19/Mar/2018:11:29:41 -0300] "POST /cormun/servlet/trsolicitudot?6d6b467b22c9aefb128ccf993efa0f89,,gx-no-cache=1521469721155 HTTP/1.1" 200 8004
192.168.10.89 - - [19/Mar/2018:11:29:44 -0300] "POST /cormun/servlet/trsolicitudot?92db09fa3e8e36d717ba706a0e2f7cc6,,gx-no-cache=1521469618192 HTTP/1.1" 200 8699
186.103.196.90 - - [19/Mar/2018:11:29:44 -0300] "POST /cormun/servlet/trsolicitudot?6d6b467b22c9aefb128ccf993efa0f89,,gx-no-cache=1521469724611 HTTP/1.1" 200 107
201.215.248.160 - - [19/Mar/2018:11:29:45 -0300] "GET /cormun/servlet/solicitudot?15da2341368e7f59da378c578081261e12e2ec84a8bfaaff22fbecdf375fb3dc451b644e86885bf8403eb70e04b93d8f19e56b6b5c7a8bdc0be616b0148c3096,gx-no-cache=1521469732674 HTTP/1.1" 200 30
201.215.248.160 - - [19/Mar/2018:11:29:45 -0300] "POST /cormun/servlet/solicitudot?gx-no-cache=1521469733014 HTTP/1.1" 200 255
186.103.196.90 - - [19/Mar/2018:11:29:45 -0300] "GET /cormun/servlet/trsolicitudadjuntos?2018,10481, HTTP/1.1" 200 9684
201.215.248.160 - - [19/Mar/2018:11:29:45 -0300] "GET /cormun/servlet/solicitudot?15da2341368e7f59da378c578081261e08f46f69754396b03751d1d821155a1db2bbddb42abe63dc4d540b0e744205c9e347eb738111070a840c47a105b090a0a9e2777745b20d4261e8ed59a601222e0524780679a9a04d5f6b7a601d2f5653bf9e6d6c80a29640835f5bb7197eb2bfabb2d1c7b9757ea27ad44dc0603966e00553d370de0e433895be99392df646e7de5161bdcb9309ba96c9c5f065bb2c49e4589f2a74d5fb5207a056fe9338db03dd1765348e716755dea8fda71be9e9ee0d1f5c99c837d841f0a8fe8ebc785223fc703981cc6c77afeee7e165ac9be433d7dffd4f60e41adb1f21dfb027cea069d3f8137d74ad8e21797fd259553e46c5cbab599e98b45a55d7e3b08e5d13b1745567a4537808915d28f70f71e8eb5d43febff80e8ae9c3f2ffbdc82d0be837bdd2d0366a26800e9b9b35751d0786aa247ed6d85ac8eb2372a3b48eaefe58e00f56de7a8d6f576623ffb0bb28aaa9ee85efc0bea0d202787eb1e911250e3c29276da0ec1a267f9dad04a7e615574d8544,gx-no-cache=1521469733103 HTTP/1.1" 200 30
201.215.248.160 - - [19/Mar/2018:11:29:45 -0300] "POST /cormun/servlet/solicitudot?gx-no-cache=1521469733177 HTTP/1.1" 200 30
200.54.18.125 - - [19/Mar/2018:11:29:45 -0300] "GET /cormun/static/gxcfg.js?20177612135366 HTTP/1.1" 304 -
201.215.248.160 - - [19/Mar/2018:11:29:45 -0300] "POST /cormun/servlet/solicitudot?gx-no-cache=1521469733267 HTTP/1.1" 200 1337
201.215.248.160 - - [19/Mar/2018:11:29:45 -0300] "POST /cormun/servlet/solicitudot?gx-no-cache=1521469733413 HTTP/1.1" 200 41
201.215.248.160 - - [19/Mar/2018:11:29:45 -0300] "POST /cormun/servlet/solicitudot?gx-no-cache=1521469733504 HTTP/1.1" 200 1319
201.215.248.160 - - [19/Mar/2018:11:29:45 -0300] "POST /cormun/servlet/solicitudot?gx-no-cache=1521469733586 HTTP/1.1" 200 1219
201.215.248.160 - - [19/Mar/2018:11:29:45 -0300] "POST /cormun/servlet/solicitudot?gx-no-cache=1521469733656 HTTP/1.1" 200 30
201.215.248.160 - - [19/Mar/2018:11:29:46 -0300] "POST /cormun/servlet/solicitudot?6f67aa1d1b1fb68fb46ad7fe7cd06bdf,INS,0,0,,gx-no-cache=1521469733738 HTTP/1.1" 200 11918
200.54.18.125 - - [19/Mar/2018:11:29:49 -0300] "GET /cormun//static/Resources/PXToolsActionDisabled.gif HTTP/1.1" 200 53
186.103.196.90 - - [19/Mar/2018:11:29:50 -0300] "GET /cormun/servlet/trsolicitudadjuntos?2018,10481, HTTP/1.1" 200 9694
201.215.248.160 - - [19/Mar/2018:11:30:10 -0300] "GET /cormun/servlet/solicitudot?15da2341368e7f59da378c578081261e12e2ec84a8bfaaff22fbecdf375fb3dc451b644e86885bf8403eb70e04b93d8f19e56b6b5c7a8bdc0be616b0148c3096,gx-no-cache=1521469757873 HTTP/1.1" 200 30
201.215.248.160 - - [19/Mar/2018:11:30:10 -0300] "POST /cormun/servlet/solicitudot?gx-no-cache=1521469757951 HTTP/1.1" 200 255
201.215.248.160 - - [19/Mar/2018:11:30:10 -0300] "GET /cormun/servlet/solicitudot?15da2341368e7f59da378c578081261e08f46f69754396b03751d1d821155a1db2bbddb42abe63dc4d540b0e744205c9e347eb738111070a840c47a105b090a0a9e2777745b20d4261e8ed59a601222e0524780679a9a04d5f6b7a601d2f5653bf9e6d6c80a29640835f5bb7197eb2bfabb2d1c7b9757ea27ad44dc0603966e00553d370de0e433895be99392df646e7de5161bdcb9309ba96c9c5f065bb2c49e4589f2a74d5fb5207a056fe9338db03dd1765348e716755dea8fda71be9e9ee0d1f5c99c837d841f0a8fe8ebc785223fc703981cc6c77afeee7e165ac9be433d7dffd4f60e41adb1f21dfb027cea069d3f8137d74ad8e21797fd259553e46c5cbab599e98b45a55d7e3b08e5d13b1745567a4537808915d28f70f71e8eb5d43febff80e8ae9c3f2ffbdc82d0be837bdd2d0366a26800e9b9b35751d0786aa247ed6d85ac8eb2372a3b48eaefe58e00f56de7a8d6f576623ffb0bb28aaa9ee85efc0bea0d202787eb1e911250e3c29276da0ec1a267f9dad04a7e615574d8544,gx-no-cache=1521469758007 HTTP/1.1" 200 30
201.215.248.160 - - [19/Mar/2018:11:30:10 -0300] "POST /cormun/servlet/solicitudot?gx-no-cache=1521469758049 HTTP/1.1" 200 30
201.215.248.160 - - [19/Mar/2018:11:30:10 -0300] "POST /cormun/servlet/solicitudot?gx-no-cache=1521469758098 HTTP/1.1" 200 1337
201.215.248.160 - - [19/Mar/2018:11:30:10 -0300] "POST /cormun/servlet/solicitudot?gx-no-cache=1521469758168 HTTP/1.1" 200 41
201.215.248.160 - - [19/Mar/2018:11:30:10 -0300] "POST /cormun/servlet/solicitudot?gx-no-cache=1521469758240 HTTP/1.1" 200 1319
201.215.248.160 - - [19/Mar/2018:11:30:10 -0300] "POST /cormun/servlet/solicitudot?gx-no-cache=1521469758330 HTTP/1.1" 200 1219
201.215.248.160 - - [19/Mar/2018:11:30:10 -0300] "GET /cormun/servlet/solicitudot?15da2341368e7f59da378c578081261e6c7fdd49778f438741bd54fe3c976a2a319a852fcf9f7419cdbdc1d2ecf6bd54,gx-no-cache=1521469758411 HTTP/1.1" 200 30
201.215.248.160 - - [19/Mar/2018:11:30:10 -0300] "POST /cormun/servlet/solicitudot?gx-no-cache=1521469758447 HTTP/1.1" 200 30
201.215.248.160 - - [19/Mar/2018:11:30:10 -0300] "POST /cormun/servlet/solicitudot?6f67aa1d1b1fb68fb46ad7fe7cd06bdf,INS,0,0,,gx-no-cache=1521469758491 HTTP/1.1" 200 11975
192.168.10.89 - - [19/Mar/2018:11:30:13 -0300] "POST /cormun/servlet/trsolicitudot?92db09fa3e8e36d717ba706a0e2f7cc6,,gx-no-cache=1521469647659 HTTP/1.1" 200 8369
192.168.10.89 - - [19/Mar/2018:11:30:14 -0300] "POST /cormun/servlet/trsolicitudot?92db09fa3e8e36d717ba706a0e2f7cc6,,gx-no-cache=1521469648261 HTTP/1.1" 200 8311
192.168.10.89 - - [19/Mar/2018:11:30:14 -0300] "GET /cormun/static/Shared/jqueryui/images/ui-icons_8d78a5_256x240.png HTTP/1.1" 404 1089
192.168.10.89 - - [19/Mar/2018:11:30:14 -0300] "GET /cormun/static/Shared/jqueryui/images/ui-bg_flat_55_fafafa_40x100.png HTTP/1.1" 404 1097
192.168.10.89 - - [19/Mar/2018:11:30:14 -0300] "GET /cormun/static/Shared/jqueryui/images/ui-icons_82798d_256x240.png HTTP/1.1" 404 1089
192.168.10.89 - - [19/Mar/2018:11:30:14 -0300] "GET /cormun/static/Shared/jqueryui/images/ui-bg_highlight-soft_100_c6c2c8_1x100.png HTTP/1.1" 404 1117
186.103.159.182 - - [19/Mar/2018:11:30:15 -0300] "POST /cormun/servlet/trsolicitudot?ecd278aaa7de697feabb8e2c76721273,,gx-no-cache=1521469763862 HTTP/1.1" 200 5839
192.168.10.89 - - [19/Mar/2018:11:30:16 -0300] "POST /cormun/servlet/trsolicitudot?92db09fa3e8e36d717ba706a0e2f7cc6,,gx-no-cache=1521469650331 HTTP/1.1" 200 8017
192.168.10.89 - - [19/Mar/2018:11:30:16 -0300] "POST /cormun/servlet/trsolicitudot?92db09fa3e8e36d717ba706a0e2f7cc6,,gx-no-cache=1521469650978 HTTP/1.1" 200 7953
192.168.10.89 - - [19/Mar/2018:11:30:18 -0300] "POST /cormun/servlet/trsolicitudot?92db09fa3e8e36d717ba706a0e2f7cc6,,gx-no-cache=1521469652555 HTTP/1.1" 200 7549
192.168.10.89 - - [19/Mar/2018:11:30:19 -0300] "POST /cormun/servlet/trsolicitudot?92db09fa3e8e36d717ba706a0e2f7cc6,,gx-no-cache=1521469653214 HTTP/1.1" 200 7491
192.168.10.89 - - [19/Mar/2018:11:30:25 -0300] "POST /cormun/servlet/trsolicitudot?92db09fa3e8e36d717ba706a0e2f7cc6,,gx-no-cache=1521469659571 HTTP/1.1" 200 7043
192.168.10.89 - - [19/Mar/2018:11:30:26 -0300] "POST /cormun/servlet/trsolicitudot?92db09fa3e8e36d717ba706a0e2f7cc6,,gx-no-cache=1521469660125 HTTP/1.1" 200 7024
201.215.248.160 - - [19/Mar/2018:11:30:35 -0300] "GET /cormun/servlet/solicitudot?15da2341368e7f59da378c578081261e3c2b6609d6757cc0095711bcae874e339cb1dafee06c1998a1b0055c420f9f3eb5e99ad58294004a9667ef9a9e6cab43,gx-no-cache=1521469782760 HTTP/1.1" 200 30
201.215.248.160 - - [19/Mar/2018:11:30:35 -0300] "POST /cormun/servlet/solicitudot?gx-no-cache=1521469782926 HTTP/1.1" 200 255
201.215.248.160 - - [19/Mar/2018:11:30:35 -0300] "GET /cormun/servlet/solicitudot?15da2341368e7f59da378c578081261e08f46f69754396b03751d1d821155a1db2bbddb42abe63dc4d540b0e744205c9e347eb738111070a840c47a105b090a0a9e2777745b20d4261e8ed59a601222e0524780679a9a04d5f6b7a601d2f5653bf9e6d6c80a29640835f5bb7197eb2bfabb2d1c7b9757ea27ad44dc0603966e00553d370de0e433895be99392df646e7de5161bdcb9309ba96c9c5f065bb2c49e4589f2a74d5fb5207a056fe9338db03dd1765348e716755dea8fda71be9e9ee0d1f5c99c837d841f0a8fe8ebc785223fc703981cc6c77afeee7e165ac9be433d7dffd4f60e41adb1f21dfb027cea069d3f8137d74ad8e21797fd259553e46c5cbab599e98b45a55d7e3b08e5d13b1745567a4537808915d28f70f71e8eb5d43febff80e8ae9c3f2ffbdc82d0be837bdd2d0366a26800e9b9b35751d0786aa247ed6d85ac8eb2372a3b48eaefe58e00f56de7a8d6f576623ffb0bb28aaa9ee85efc0bea0d202787eb1e911250e3c29276da0ec1a267f9dad04a7e615574d8544,gx-no-cache=1521469783005 HTTP/1.1" 200 30
201.215.248.160 - - [19/Mar/2018:11:30:35 -0300] "POST /cormun/servlet/solicitudot?gx-no-cache=1521469783072 HTTP/1.1" 200 30
201.215.248.160 - - [19/Mar/2018:11:30:35 -0300] "POST /cormun/servlet/solicitudot?gx-no-cache=1521469783145 HTTP/1.1" 200 1337
201.215.248.160 - - [19/Mar/2018:11:30:35 -0300] "POST /cormun/servlet/solicitudot?gx-no-cache=1521469783242 HTTP/1.1" 200 41
201.215.248.160 - - [19/Mar/2018:11:30:35 -0300] "POST /cormun/servlet/solicitudot?gx-no-cache=1521469783316 HTTP/1.1" 200 1319
201.215.248.160 - - [19/Mar/2018:11:30:35 -0300] "POST /cormun/servlet/solicitudot?gx-no-cache=1521469783405 HTTP/1.1" 200 1219
201.215.248.160 - - [19/Mar/2018:11:30:35 -0300] "GET /cormun/servlet/solicitudot?15da2341368e7f59da378c578081261e6c7fdd49778f438741bd54fe3c976a2a319a852fcf9f7419cdbdc1d2ecf6bd54,gx-no-cache=1521469783510 HTTP/1.1" 200 30
201.215.248.160 - - [19/Mar/2018:11:30:35 -0300] "POST /cormun/servlet/solicitudot?gx-no-cache=1521469783588 HTTP/1.1" 200 30
201.215.248.160 - - [19/Mar/2018:11:30:36 -0300] "POST /cormun/servlet/solicitudot?6f67aa1d1b1fb68fb46ad7fe7cd06bdf,INS,0,0,,gx-no-cache=1521469783674 HTTP/1.1" 200 12023
201.215.248.160 - - [19/Mar/2018:11:30:49 -0300] "GET /cormun/servlet/solicitudot?15da2341368e7f59da378c578081261e1a04012c13eb26e223d7313f026dc266,gx-no-cache=1521469797503 HTTP/1.1" 200 94
201.215.248.160 - - [19/Mar/2018:11:30:49 -0300] "POST /cormun/servlet/solicitudot?gx-no-cache=1521469797563 HTTP/1.1" 200 255
201.215.248.160 - - [19/Mar/2018:11:30:49 -0300] "GET /cormun/servlet/solicitudot?15da2341368e7f59da378c578081261e08f46f69754396b03751d1d821155a1db2bbddb42abe63dc4d540b0e744205c9e347eb738111070a840c47a105b090a0a9e2777745b20d4261e8ed59a601222e0524780679a9a04d5f6b7a601d2f5653bf9e6d6c80a29640835f5bb7197eb2bfabb2d1c7b9757ea27ad44dc0603966e00553d370de0e433895be99392df646e7de5161bdcb9309ba96c9c5f065bb2c49e4589f2a74d5fb5207a056fe9338db03dd1765348e716755dea8fda71be9e9ee0d1f5c99c837d841f0a8fe8ebc785223fc703981cc6c77afeee7e165ac9be433d7dffd4f60e41adb1f21dfb027cea069d3f8137d74ad8e21797fd259553e46c5cbab599e98b45a55d7e3b08e5d13b1745567a4537808915d28f70f71e8eb5d43febff80e8ae9c3f2ffbdc82d0be837bdd2d0366a26800e9b9b35751d0786aa247ed6d85ac8eb2372a3b48eaefe58e00f56de7a8d6f576623ffb0bb28aaa9ee85efc0bea0d202787eb1e911250e3c29276da0ec1a267f9dad04a7e615574d8544,gx-no-cache=1521469797617 HTTP/1.1" 200 30
201.215.248.160 - - [19/Mar/2018:11:30:49 -0300] "POST /cormun/servlet/solicitudot?gx-no-cache=1521469797660 HTTP/1.1" 200 30
201.215.248.160 - - [19/Mar/2018:11:30:49 -0300] "POST /cormun/servlet/solicitudot?gx-no-cache=1521469797709 HTTP/1.1" 200 1337
201.215.248.160 - - [19/Mar/2018:11:30:49 -0300] "POST /cormun/servlet/solicitudot?gx-no-cache=1521469797780 HTTP/1.1" 200 41
201.215.248.160 - - [19/Mar/2018:11:30:50 -0300] "POST /cormun/servlet/solicitudot?gx-no-cache=1521469797824 HTTP/1.1" 200 1319
201.215.248.160 - - [19/Mar/2018:11:30:50 -0300] "POST /cormun/servlet/solicitudot?gx-no-cache=1521469797886 HTTP/1.1" 200 1219
201.215.248.160 - - [19/Mar/2018:11:30:50 -0300] "GET /cormun/servlet/solicitudot?15da2341368e7f59da378c578081261e6c7fdd49778f438741bd54fe3c976a2a319a852fcf9f7419cdbdc1d2ecf6bd54,gx-no-cache=1521469797937 HTTP/1.1" 200 30
201.215.248.160 - - [19/Mar/2018:11:30:50 -0300] "POST /cormun/servlet/solicitudot?gx-no-cache=1521469797975 HTTP/1.1" 200 30
201.215.248.160 - - [19/Mar/2018:11:30:50 -0300] "POST /cormun/servlet/solicitudot?6f67aa1d1b1fb68fb46ad7fe7cd06bdf,INS,0,0,,gx-no-cache=1521469798015 HTTP/1.1" 200 12085
192.168.10.89 - - [19/Mar/2018:11:30:53 -0300] "POST /cormun/servlet/trsolicitudot?92db09fa3e8e36d717ba706a0e2f7cc6,,gx-no-cache=1521469687529 HTTP/1.1" 200 6655
192.168.10.89 - - [19/Mar/2018:11:30:54 -0300] "POST /cormun/servlet/trsolicitudot?92db09fa3e8e36d717ba706a0e2f7cc6,,gx-no-cache=1521469688103 HTTP/1.1" 200 6635
192.168.10.89 - - [19/Mar/2018:11:30:56 -0300] "GET /cormun/servlet/trautorizarsolicitud? HTTP/1.1" 200 7272
192.168.10.89 - - [19/Mar/2018:11:30:56 -0300] "GET /cormun/static/gxcfg.js?2017111423403364 HTTP/1.1" 304 -
192.168.10.89 - - [19/Mar/2018:11:31:05 -0300] "POST /cormun/servlet/trautorizarsolicitud?92db09fa3e8e36d717ba706a0e2f7cc6,,gx-no-cache=1521469699324 HTTP/1.1" 200 7273
192.168.10.89 - - [19/Mar/2018:11:31:13 -0300] "POST /cormun/servlet/trautorizarsolicitud?92db09fa3e8e36d717ba706a0e2f7cc6,,gx-no-cache=1521469707428 HTTP/1.1" 200 6964
192.168.10.89 - - [19/Mar/2018:11:31:13 -0300] "POST /cormun/servlet/trautorizarsolicitud?92db09fa3e8e36d717ba706a0e2f7cc6,,gx-no-cache=1521469707832 HTTP/1.1" 200 6909
192.168.10.89 - - [19/Mar/2018:11:31:14 -0300] "GET /cormun/static/Shared/jqueryui/images/ui-icons_8d78a5_256x240.png HTTP/1.1" 404 1089
192.168.10.89 - - [19/Mar/2018:11:31:14 -0300] "GET /cormun/static/Shared/jqueryui/images/ui-icons_82798d_256x240.png HTTP/1.1" 404 1089
192.168.10.89 - - [19/Mar/2018:11:31:14 -0300] "GET /cormun/static/Shared/jqueryui/images/ui-bg_highlight-soft_100_c6c2c8_1x100.png HTTP/1.1" 404 1117
192.168.10.89 - - [19/Mar/2018:11:31:14 -0300] "GET /cormun/static/Shared/jqueryui/images/ui-bg_flat_55_fafafa_40x100.png HTTP/1.1" 404 1097
192.168.10.89 - - [19/Mar/2018:11:31:15 -0300] "POST /cormun/servlet/trautorizarsolicitud?92db09fa3e8e36d717ba706a0e2f7cc6,,gx-no-cache=1521469709424 HTTP/1.1" 200 6620
192.168.10.89 - - [19/Mar/2018:11:31:15 -0300] "POST /cormun/servlet/trautorizarsolicitud?92db09fa3e8e36d717ba706a0e2f7cc6,,gx-no-cache=1521469709844 HTTP/1.1" 200 6565
192.168.10.89 - - [19/Mar/2018:11:31:17 -0300] "POST /cormun/servlet/trautorizarsolicitud?92db09fa3e8e36d717ba706a0e2f7cc6,,gx-no-cache=1521469711328 HTTP/1.1" 200 6209
192.168.10.89 - - [19/Mar/2018:11:31:17 -0300] "POST /cormun/servlet/trautorizarsolicitud?92db09fa3e8e36d717ba706a0e2f7cc6,,gx-no-cache=1521469711819 HTTP/1.1" 200 6155
192.168.10.89 - - [19/Mar/2018:11:31:39 -0300] "POST /cormun/servlet/trautorizarsolicitud?92db09fa3e8e36d717ba706a0e2f7cc6,,gx-no-cache=1521469733402 HTTP/1.1" 200 115
192.168.10.89 - - [19/Mar/2018:11:31:39 -0300] "GET /cormun/servlet/solicitudotlog?INS,2018,9480,0,REC, HTTP/1.1" 200 5958
192.168.10.89 - - [19/Mar/2018:11:31:39 -0300] "GET /cormun/static/gxcfg.js?2017761245646 HTTP/1.1" 304 -
192.168.10.89 - - [19/Mar/2018:11:31:40 -0300] "GET /cormun/servlet/solicitudotlog?6fd8d3f01d35191cb73d7b61d7aeff3eb509fb299c67d4c0d2ed5b7ab069e978f4927c50d888ae552f18b0f25a2c9b9bf55440db526355ef84110809552deaa4995f32233a55603ca7d2af0c91f2d0e35c252c6bde30b6646fb55b1ab302e75460416b07f3f667e7e67540ff232ca28ab68627c555a87dd920023742aeb62b9a3fa11bb019150cfb21996dc4c2a885c51490a6eda18dd3dd1b8bb2eaeed9be0a,gx-no-cache=1521469734501 HTTP/1.1" 200 94
192.168.10.89 - - [19/Mar/2018:11:31:46 -0300] "POST /cormun/servlet/solicitudotlog?92db09fa3e8e36d717ba706a0e2f7cc6,INS,2018,9480,0,REC,,gx-no-cache=1521469740167 HTTP/1.1" 200 93
192.168.10.89 - - [19/Mar/2018:11:31:46 -0300] "GET /cormun/servlet/hpexe_return? HTTP/1.1" 200 1031
192.168.10.89 - - [19/Mar/2018:11:31:46 -0300] "GET /cormun/servlet/trautorizarsolicitud? HTTP/1.1" 200 8666
201.215.248.160 - - [19/Mar/2018:11:31:48 -0300] "GET /cormun/servlet/solicitudot?15da2341368e7f59da378c578081261e12e2ec84a8bfaaff22fbecdf375fb3dc451b644e86885bf8403eb70e04b93d8f19e56b6b5c7a8bdc0be616b0148c3096,gx-no-cache=1521469856012 HTTP/1.1" 200 30
201.215.248.160 - - [19/Mar/2018:11:31:48 -0300] "POST /cormun/servlet/solicitudot?gx-no-cache=1521469856087 HTTP/1.1" 200 255
