200.72.197.82 - - [19/Mar/2018:11:04:04 -0300] "GET /cormun/servlet/solicitudot?b6f4ad32e38b8551b41f159c34ab25fcdfc5ce449630da798b1e610e58144b4ba2b80a65d0f0c24e7ef85de964d9ebe7716713076b99d4002f501f8d4c3f1fea577ba6dcf29f6b82f8b60a5cc1be1b37b5e07d752d5464bee64d47f7a751d8732f073354d853422c407d8fcb8da472dd1f157c33ebc99898588ad8fd67ab0f6ac25a40142b7ad08689719091167a723b37e57d98ec668e26b283be788eddd07dcb8142dfec2a8ab4fbd54ad47921b5c51e134b3e2edfd26ca4e424fbb080c464125e5baf74e57e630f740202a8437aef9f05ce42af977b8580112e13ae9bef2607a788bef3238267b74897a27344efd4fcceaa0e5a7d95f23447c73666116586314db59c59251af74b67e74956c90e37060e7dd73e458641a6b427bd8e5271b8829e07fa9e14cf3849f1735da16c660bd0f3f8df6dfe4c326b1d68074248d339bf49d54d679c89ee3bf8703838689d56399d7baee7a91d3458e8378300f992b87c2911a80642e8fe9efd83338ca12560777d20afc4b745d62db631f8860e22e0,gx-no-cache=1521468193920 HTTP/1.1" 200 30
200.72.197.82 - - [19/Mar/2018:11:04:04 -0300] "POST /cormun/servlet/solicitudot?gx-no-cache=1521468194091 HTTP/1.1" 200 30
200.72.197.82 - - [19/Mar/2018:11:04:05 -0300] "POST /cormun/servlet/solicitudot?gx-no-cache=1521468194307 HTTP/1.1" 200 1337
200.72.197.82 - - [19/Mar/2018:11:04:05 -0300] "POST /cormun/servlet/solicitudot?gx-no-cache=1521468194617 HTTP/1.1" 200 38
200.72.197.82 - - [19/Mar/2018:11:04:05 -0300] "GET /cormun/servlet/solicitudot?b6f4ad32e38b8551b41f159c34ab25fc3fa6da2f9c7e885bdecfb692d313b4848de2114b4efefbd644414d61e270777b96d1c9e829376c4d250730597f257f5e11e25115a7f1deb22f9c748a804a08f74e2ccd9d1ba4256f2089cc38ac678e7a37046400121dff481002ed587c1cb6bf5ea7a6e632bf32a0187e467f96b67c5a9d37ac7a8459dbc2055da68bd8dfa191d82a9bd28e84386eb510f1de369e058f,gx-no-cache=1521468194860 HTTP/1.1" 200 29
200.72.197.82 - - [19/Mar/2018:11:04:06 -0300] "POST /cormun/servlet/solicitudot?gx-no-cache=1521468194978 HTTP/1.1" 200 1319
200.72.197.82 - - [19/Mar/2018:11:04:06 -0300] "POST /cormun/servlet/solicitudot?gx-no-cache=1521468195471 HTTP/1.1" 200 1218
200.72.197.82 - - [19/Mar/2018:11:04:10 -0300] "GET /cormun/static/menuarrow.gif HTTP/1.1" 404 1015
200.72.197.82 - - [19/Mar/2018:11:04:12 -0300] "GET /cormun/servlet/solicitudot?b6f4ad32e38b8551b41f159c34ab25fcd70ee9d151336726f4c5ad46e5a06398,gx-no-cache=1521468202049 HTTP/1.1" 200 123
200.72.197.82 - - [19/Mar/2018:11:04:13 -0300] "POST /cormun/servlet/solicitudot?gx-no-cache=1521468202139 HTTP/1.1" 200 255
200.72.197.82 - - [19/Mar/2018:11:04:13 -0300] "GET /cormun/servlet/solicitudot?b6f4ad32e38b8551b41f159c34ab25fcdfc5ce449630da798b1e610e58144b4ba2b80a65d0f0c24e7ef85de964d9ebe7716713076b99d4002f501f8d4c3f1fea577ba6dcf29f6b82f8b60a5cc1be1b37b5e07d752d5464bee64d47f7a751d8732f073354d853422c407d8fcb8da472dd1f157c33ebc99898588ad8fd67ab0f6ac25a40142b7ad08689719091167a723b37e57d98ec668e26b283be788eddd07dcb8142dfec2a8ab4fbd54ad47921b5c51e134b3e2edfd26ca4e424fbb080c464125e5baf74e57e630f740202a8437aef9f05ce42af977b8580112e13ae9bef2607a788bef3238267b74897a27344efd4fcceaa0e5a7d95f23447c73666116586314db59c59251af74b67e74956c90e37060e7dd73e458641a6b427bd8e5271b8829e07fa9e14cf3849f1735da16c660bd0f3f8df6dfe4c326b1d68074248d339bf49d54d679c89ee3bf8703838689d56399d7baee7a91d3458e8378300f992b87c2911a80642e8fe9efd83338ca125608594b01c137a634d7b65a0658a2babab,gx-no-cache=1521468202428 HTTP/1.1" 200 30
200.72.197.82 - - [19/Mar/2018:11:04:14 -0300] "POST /cormun/servlet/solicitudot?gx-no-cache=1521468202534 HTTP/1.1" 200 30
200.72.197.82 - - [19/Mar/2018:11:04:14 -0300] "POST /cormun/servlet/solicitudot?gx-no-cache=1521468203640 HTTP/1.1" 200 1337
200.72.197.82 - - [19/Mar/2018:11:04:14 -0300] "POST /cormun/servlet/solicitudot?gx-no-cache=1521468203791 HTTP/1.1" 200 38
200.72.197.82 - - [19/Mar/2018:11:04:14 -0300] "POST /cormun/servlet/solicitudot?gx-no-cache=1521468203899 HTTP/1.1" 200 1319
200.72.197.82 - - [19/Mar/2018:11:04:14 -0300] "POST /cormun/servlet/solicitudot?gx-no-cache=1521468204009 HTTP/1.1" 200 1218
200.72.197.82 - - [19/Mar/2018:11:04:14 -0300] "GET /cormun/servlet/solicitudot?b6f4ad32e38b8551b41f159c34ab25fc41dc763af3748700494240ebd0ca6ffc8a08a3caf77ee54fc2a112ead877a407,gx-no-cache=1521468204157 HTTP/1.1" 200 30
200.72.197.82 - - [19/Mar/2018:11:04:14 -0300] "POST /cormun/servlet/solicitudot?gx-no-cache=1521468204204 HTTP/1.1" 200 30
186.103.159.182 - - [19/Mar/2018:11:04:34 -0300] "POST /cormun/servlet/trsolicitudot?ecd278aaa7de697feabb8e2c76721273,gx-no-cache=1521468222582 HTTP/1.1" 200 4475
186.103.157.246 - - [19/Mar/2018:11:04:34 -0300] "POST /cormun/servlet/trsolicitudot?4fbf9ca1e5c9869a16a48f52a501ab1a,,gx-no-cache=1521468221134 HTTP/1.1" 200 7221
186.103.159.182 - - [19/Mar/2018:11:04:38 -0300] "POST /cormun/servlet/trsolicitudot?ecd278aaa7de697feabb8e2c76721273,gx-no-cache=1521468226870 HTTP/1.1" 200 4474
186.103.132.155 - - [19/Mar/2018:11:04:40 -0300] "POST /cormun/servlet/solicitudot?gx-no-cache=1521468228955 HTTP/1.1" 200 1336
186.103.132.155 - - [19/Mar/2018:11:04:40 -0300] "POST /cormun/servlet/solicitudot?gx-no-cache=1521468229673 HTTP/1.1" 200 41
186.103.132.155 - - [19/Mar/2018:11:04:41 -0300] "POST /cormun/servlet/solicitudot?gx-no-cache=1521468229875 HTTP/1.1" 200 1318
186.103.132.155 - - [19/Mar/2018:11:04:41 -0300] "POST /cormun/servlet/solicitudot?gx-no-cache=1521468230450 HTTP/1.1" 200 1218
186.103.132.155 - - [19/Mar/2018:11:04:41 -0300] "GET /cormun/servlet/solicitudot?b6f4ad32e38b8551b41f159c34ab25fc41dc763af3748700494240ebd0ca6ffc8a08a3caf77ee54fc2a112ead877a407,gx-no-cache=1521468230635 HTTP/1.1" 200 30
186.103.132.155 - - [19/Mar/2018:11:04:41 -0300] "POST /cormun/servlet/solicitudot?gx-no-cache=1521468230727 HTTP/1.1" 200 30
186.103.132.155 - - [19/Mar/2018:11:04:42 -0300] "POST /cormun/servlet/solicitudot?f16b92f194e5ed50c9772a03a476ac5f,INS,0,0,,gx-no-cache=1521468230972 HTTP/1.1" 200 11927
186.103.159.182 - - [19/Mar/2018:11:04:44 -0300] "POST /cormun/servlet/trsolicitudot?ecd278aaa7de697feabb8e2c76721273,gx-no-cache=1521468232576 HTTP/1.1" 200 6142
186.103.132.155 - - [19/Mar/2018:11:04:45 -0300] "GET /cormun/servlet/prbanco?,MD,,gxPopupLevel%3D0%3B HTTP/1.1" 200 6627
186.103.132.155 - - [19/Mar/2018:11:04:52 -0300] "GET /cormun/servlet/solicitudot?b6f4ad32e38b8551b41f159c34ab25fc2d4d62c42ec55fd86784e041c7b92c22,gx-no-cache=1521468241527 HTTP/1.1" 200 51
186.103.132.155 - - [19/Mar/2018:11:04:56 -0300] "POST /cormun/servlet/solicitudot?gx-no-cache=1521468245313 HTTP/1.1" 200 255
186.103.132.155 - - [19/Mar/2018:11:04:56 -0300] "GET /cormun/servlet/solicitudot?b6f4ad32e38b8551b41f159c34ab25fcdfc5ce449630da798b1e610e58144b4ba2b80a65d0f0c24e7ef85de964d9ebe7716713076b99d4002f501f8d4c3f1fea577ba6dcf29f6b82f8b60a5cc1be1b37b5e07d752d5464bee64d47f7a751d8732f073354d853422c407d8fcb8da472dd1f157c33ebc99898588ad8fd67ab0f6ac25a40142b7ad08689719091167a723b37e57d98ec668e26b283be788eddd07dcb8142dfec2a8ab4fbd54ad47921b5c51e134b3e2edfd26ca4e424fbb080c464125e5baf74e57e630f740202a8437aef9f05ce42af977b8580112e13ae9bef2607a788bef3238267b74897a27344efd4fcceaa0e5a7d95f23447c73666116586314db59c59251af74b67e74956c90e37060e7dd73e458641a6b427bd8e5271b8829e07fa9e14cf3849f1735da16c660bd0f3f8df6dfe4c326b1d68074248d339bf49d54d679c89ee3bf8703838689d56399d7baee7a91d3458e8378300f992b87c2911a80642e8fe9efd83338ca125608594b01c137a634d7b65a0658a2babab,gx-no-cache=1521468245615 HTTP/1.1" 200 30
186.103.132.155 - - [19/Mar/2018:11:04:56 -0300] "POST /cormun/servlet/solicitudot?gx-no-cache=1521468245785 HTTP/1.1" 200 30
186.103.132.155 - - [19/Mar/2018:11:04:56 -0300] "POST /cormun/servlet/solicitudot?gx-no-cache=1521468245990 HTTP/1.1" 200 1336
186.103.132.155 - - [19/Mar/2018:11:04:57 -0300] "POST /cormun/servlet/solicitudot?gx-no-cache=1521468246234 HTTP/1.1" 200 41
186.103.132.155 - - [19/Mar/2018:11:04:57 -0300] "POST /cormun/servlet/solicitudot?gx-no-cache=1521468246474 HTTP/1.1" 200 1318
186.103.132.155 - - [19/Mar/2018:11:04:57 -0300] "POST /cormun/servlet/solicitudot?gx-no-cache=1521468246605 HTTP/1.1" 200 1218
186.103.132.155 - - [19/Mar/2018:11:04:58 -0300] "GET /cormun/servlet/solicitudot?b6f4ad32e38b8551b41f159c34ab25fc41dc763af3748700494240ebd0ca6ffc8a08a3caf77ee54fc2a112ead877a407,gx-no-cache=1521468247366 HTTP/1.1" 200 30
186.103.132.155 - - [19/Mar/2018:11:04:59 -0300] "POST /cormun/servlet/solicitudot?gx-no-cache=1521468248403 HTTP/1.1" 200 30
186.103.132.155 - - [19/Mar/2018:11:05:03 -0300] "POST /cormun/servlet/solicitudot?f16b92f194e5ed50c9772a03a476ac5f,INS,0,0,,gx-no-cache=1521468248773 HTTP/1.1" 200 93
186.103.132.155 - - [19/Mar/2018:11:05:04 -0300] "GET /cormun/servlet/hpexe_return? HTTP/1.1" 200 1003
186.103.132.155 - - [19/Mar/2018:11:05:06 -0300] "GET /cormun/servlet/trsolicitudot HTTP/1.1" 200 9919
186.103.132.155 - - [19/Mar/2018:11:05:07 -0300] "GET /cormun/servlet/trsolicitudot HTTP/1.1" 200 9914
186.103.132.155 - - [19/Mar/2018:11:05:14 -0300] "POST /cormun/servlet/trsolicitudot?f16b92f194e5ed50c9772a03a476ac5f,gx-no-cache=1521468262481 HTTP/1.1" 200 6631
186.103.132.155 - - [19/Mar/2018:11:05:15 -0300] "GET /cormun/static/Shared/jqueryui/images/ui-bg_highlight-soft_100_c6c2c8_1x100.png HTTP/1.1" 404 1117
200.111.122.170 - - [19/Mar/2018:11:05:15 -0300] "GET /cormun/static/Shared/jqueryui/images/ui-icons_82798d_256x240.png HTTP/1.1" 404 1089
200.72.197.82 - - [19/Mar/2018:11:05:15 -0300] "GET /cormun/static/Shared/jqueryui/images/ui-bg_flat_55_fafafa_40x100.png HTTP/1.1" 404 1097
190.151.100.218 - - [19/Mar/2018:11:05:18 -0300] "GET /cormun/static/Shared/jqueryui/images/ui-icons_8d78a5_256x240.png HTTP/1.1" 404 1089
186.103.159.182 - - [19/Mar/2018:11:05:22 -0300] "POST /cormun/servlet/trsolicitudot?ecd278aaa7de697feabb8e2c76721273,gx-no-cache=1521468271028 HTTP/1.1" 200 5855
186.103.161.206 - - [19/Mar/2018:11:05:25 -0300] "POST /cormun/servlet/trsolicitudot?f16b92f194e5ed50c9772a03a476ac5f,gx-no-cache=1521468264692 HTTP/1.1" 200 6573
192.168.10.89 - - [19/Mar/2018:11:05:26 -0300] "POST /cormun/servlet/trsolicitudgral?92db09fa3e8e36d717ba706a0e2f7cc6,,gx-no-cache=1521468160164 HTTP/1.1" 200 7639
186.103.161.206 - - [19/Mar/2018:11:05:29 -0300] "POST /cormun/servlet/trsolicitudot?f16b92f194e5ed50c9772a03a476ac5f,gx-no-cache=1521468277419 HTTP/1.1" 200 6290
186.103.161.206 - - [19/Mar/2018:11:05:30 -0300] "POST /cormun/servlet/trsolicitudot?f16b92f194e5ed50c9772a03a476ac5f,gx-no-cache=1521468278822 HTTP/1.1" 200 6232
186.103.161.206 - - [19/Mar/2018:11:05:33 -0300] "POST /cormun/servlet/trsolicitudot?f16b92f194e5ed50c9772a03a476ac5f,gx-no-cache=1521468281105 HTTP/1.1" 200 5898
192.168.10.89 - - [19/Mar/2018:11:05:34 -0300] "POST /cormun/servlet/trsolicitudgral?92db09fa3e8e36d717ba706a0e2f7cc6,,gx-no-cache=1521468167645 HTTP/1.1" 200 24703
186.103.161.206 - - [19/Mar/2018:11:05:34 -0300] "POST /cormun/servlet/trsolicitudot?f16b92f194e5ed50c9772a03a476ac5f,gx-no-cache=1521468283226 HTTP/1.1" 200 5842
186.103.161.206 - - [19/Mar/2018:11:05:36 -0300] "POST /cormun/servlet/trsolicitudot?f16b92f194e5ed50c9772a03a476ac5f,gx-no-cache=1521468284705 HTTP/1.1" 200 4683
186.103.161.206 - - [19/Mar/2018:11:05:36 -0300] "POST /cormun/servlet/trsolicitudot?f16b92f194e5ed50c9772a03a476ac5f,gx-no-cache=1521468285523 HTTP/1.1" 200 4448
186.103.159.182 - - [19/Mar/2018:11:05:38 -0300] "POST /cormun/servlet/trsolicitudot?ecd278aaa7de697feabb8e2c76721273,gx-no-cache=1521468286736 HTTP/1.1" 200 5859
186.103.161.206 - - [19/Mar/2018:11:05:39 -0300] "GET /cormun/servlet/trautorizarsolicitud? HTTP/1.1" 200 9808
200.72.197.82 - - [19/Mar/2018:11:05:40 -0300] "GET /cormun/static/gxcfg.js?2017111423403364 HTTP/1.1" 304 -
186.103.132.155 - - [19/Mar/2018:11:05:40 -0300] "GET /cormun/static/trautorizarsolicitud.js?201711142340425 HTTP/1.1" 304 -
186.103.132.155 - - [19/Mar/2018:11:05:41 -0300] "GET /cormun/servlet/trautorizarsolicitud? HTTP/1.1" 200 9807
186.103.132.155 - - [19/Mar/2018:11:05:45 -0300] "POST /cormun/servlet/permisogoce?49a6f79850577e99fa3ce9310c5933ea,INS,0,,,,gx-no-cache=1521468295213 HTTP/1.1" 200 4594
186.103.157.246 - - [19/Mar/2018:11:05:54 -0300] "POST /cormun/servlet/trsolicitudot?4fbf9ca1e5c9869a16a48f52a501ab1a,,gx-no-cache=1521468303029 HTTP/1.1" 200 7198
192.168.10.89 - - [19/Mar/2018:11:05:55 -0300] "POST /cormun/servlet/trsolicitudgral?92db09fa3e8e36d717ba706a0e2f7cc6,,gx-no-cache=1521468189294 HTTP/1.1" 200 7280
200.72.197.82 - - [19/Mar/2018:11:05:55 -0300] "POST /cormun/servlet/trautorizarsolicitud?f16b92f194e5ed50c9772a03a476ac5f,,gx-no-cache=1521468303410 HTTP/1.1" 200 116
200.72.197.82 - - [19/Mar/2018:11:05:56 -0300] "GET /cormun/servlet/solicitudotlog?INS,2018,10611,0,ANU, HTTP/1.1" 200 5996
200.72.197.82 - - [19/Mar/2018:11:05:56 -0300] "GET /cormun/static/gxcfg.js?2017761245646 HTTP/1.1" 200 953
200.72.197.82 - - [19/Mar/2018:11:05:56 -0300] "GET /cormun/servlet/solicitudotlog?INS,2018,10611,0,ANU, HTTP/1.1" 200 5996
200.72.197.82 - - [19/Mar/2018:11:05:57 -0300] "GET /cormun/servlet/solicitudotlog?b6f4ad32e38b8551b41f159c34ab25fcf7d0fe471b500159020f635bef7339f98bed3d4f9f9577b445d24a5da12f8f3b5fcaf7a4071bd15a9f1c51b07fce4e661cfff9f5e428b01cbdc4d61cc5cf30267d0681acc5d4600d7a502ae78d2976caf5f2165fc2c903c81130e3cf934b074b084f4d51e5c33ddd32090e9ffb487c6cc74e9e8fcd6988e7c3081448a1d09ecf3f8aef7096e3842a6e7ace88502f374a,gx-no-cache=1521468306507 HTTP/1.1" 200 94
200.72.197.82 - - [19/Mar/2018:11:06:03 -0300] "POST /cormun/servlet/solicitudotlog?f16b92f194e5ed50c9772a03a476ac5f,INS,2018,10611,0,ANU,,gx-no-cache=1521468312614 HTTP/1.1" 200 93
200.72.197.82 - - [19/Mar/2018:11:06:03 -0300] "GET /cormun/servlet/hpexe_return? HTTP/1.1" 200 1025
200.72.197.82 - - [19/Mar/2018:11:06:04 -0300] "GET /cormun/servlet/trautorizarsolicitud HTTP/1.1" 200 9812
200.72.197.82 - - [19/Mar/2018:11:06:04 -0300] "GET /cormun/servlet/trautorizarsolicitud HTTP/1.1" 200 9807
186.103.132.155 - - [19/Mar/2018:11:06:16 -0300] "GET /cormun/servlet/treventos?2018,10611, HTTP/1.1" 200 7948
186.103.132.155 - - [19/Mar/2018:11:06:16 -0300] "GET /cormun/static/gxcfg.js?2016101716195975 HTTP/1.1" 200 953
186.103.132.155 - - [19/Mar/2018:11:06:17 -0300] "GET /cormun/servlet/treventos?2018,10611, HTTP/1.1" 200 7947
186.103.132.155 - - [19/Mar/2018:11:06:22 -0300] "GET /cormun/servlet/trautorizarsolicitud HTTP/1.1" 200 9812
186.103.132.155 - - [19/Mar/2018:11:06:23 -0300] "GET /cormun/servlet/trautorizarsolicitud HTTP/1.1" 200 9807
186.103.159.182 - - [19/Mar/2018:11:06:28 -0300] "POST /cormun/servlet/trsolicitudot?ecd278aaa7de697feabb8e2c76721273,gx-no-cache=1521468336384 HTTP/1.1" 200 6209
186.103.132.155 - - [19/Mar/2018:11:06:28 -0300] "POST /cormun/servlet/trautorizarsolicitud?f16b92f194e5ed50c9772a03a476ac5f,gx-no-cache=1521468337286 HTTP/1.1" 200 6627
186.103.132.155 - - [19/Mar/2018:11:06:29 -0300] "GET /cormun/static/Shared/jqueryui/images/ui-bg_highlight-soft_100_c6c2c8_1x100.png HTTP/1.1" 404 1117
186.103.132.155 - - [19/Mar/2018:11:06:30 -0300] "GET /cormun/static/Shared/jqueryui/images/ui-icons_82798d_256x240.png HTTP/1.1" 404 1089
186.103.161.206 - - [19/Mar/2018:11:06:30 -0300] "GET /cormun/static/Shared/jqueryui/images/ui-bg_flat_55_fafafa_40x100.png HTTP/1.1" 404 1097
186.103.132.155 - - [19/Mar/2018:11:06:30 -0300] "GET /cormun/static/Shared/jqueryui/images/ui-icons_8d78a5_256x240.png HTTP/1.1" 404 1089
186.103.132.155 - - [19/Mar/2018:11:06:30 -0300] "POST /cormun/servlet/trautorizarsolicitud?f16b92f194e5ed50c9772a03a476ac5f,gx-no-cache=1521468339362 HTTP/1.1" 200 6571
186.103.132.155 - - [19/Mar/2018:11:06:33 -0300] "POST /cormun/servlet/trautorizarsolicitud?f16b92f194e5ed50c9772a03a476ac5f,gx-no-cache=1521468342188 HTTP/1.1" 200 6274
186.103.132.155 - - [19/Mar/2018:11:06:34 -0300] "POST /cormun/servlet/trautorizarsolicitud?f16b92f194e5ed50c9772a03a476ac5f,gx-no-cache=1521468342905 HTTP/1.1" 200 6219
186.103.132.155 - - [19/Mar/2018:11:06:37 -0300] "POST /cormun/servlet/trautorizarsolicitud?f16b92f194e5ed50c9772a03a476ac5f,gx-no-cache=1521468346409 HTTP/1.1" 200 5804
186.103.132.155 - - [19/Mar/2018:11:06:38 -0300] "POST /cormun/servlet/trautorizarsolicitud?f16b92f194e5ed50c9772a03a476ac5f,gx-no-cache=1521468347111 HTTP/1.1" 200 5749
186.103.132.155 - - [19/Mar/2018:11:06:48 -0300] "POST /cormun/servlet/trautorizarsolicitud?f16b92f194e5ed50c9772a03a476ac5f,gx-no-cache=1521468357702 HTTP/1.1" 200 116
186.103.132.155 - - [19/Mar/2018:11:06:48 -0300] "GET /cormun/servlet/solicitudotlog?INS,2018,10611,0,ANU, HTTP/1.1" 200 5997
186.103.132.155 - - [19/Mar/2018:11:06:50 -0300] "GET /cormun/servlet/solicitudotlog?INS,2018,10611,0,ANU, HTTP/1.1" 200 5997
186.103.132.155 - - [19/Mar/2018:11:06:50 -0300] "GET /cormun/servlet/solicitudotlog?b6f4ad32e38b8551b41f159c34ab25fcf7d0fe471b500159020f635bef7339f98bed3d4f9f9577b445d24a5da12f8f3b5fcaf7a4071bd15a9f1c51b07fce4e661cfff9f5e428b01cbdc4d61cc5cf30267d0681acc5d4600d7a502ae78d2976caf5f2165fc2c903c81130e3cf934b074b084f4d51e5c33ddd32090e9ffb487c6cc74e9e8fcd6988e7c3081448a1d09ecf3f8aef7096e3842a6e7ace88502f374a,gx-no-cache=1521468359498 HTTP/1.1" 200 94
186.103.159.182 - - [19/Mar/2018:11:06:55 -0300] "POST /cormun/servlet/trsolicitudot?ecd278aaa7de697feabb8e2c76721273,gx-no-cache=1521468363742 HTTP/1.1" 200 6211
186.103.132.155 - - [19/Mar/2018:11:07:02 -0300] "POST /cormun/servlet/solicitudotlog?f16b92f194e5ed50c9772a03a476ac5f,INS,2018,10611,0,ANU,,gx-no-cache=1521468370777 HTTP/1.1" 200 93
186.103.132.155 - - [19/Mar/2018:11:07:02 -0300] "GET /cormun/servlet/hpexe_return? HTTP/1.1" 200 1046
186.103.132.155 - - [19/Mar/2018:11:07:03 -0300] "GET /cormun/servlet/trautorizarsolicitud?gx-no-cache=1521468347111 HTTP/1.1" 200 7313
186.103.132.155 - - [19/Mar/2018:11:07:03 -0300] "GET /cormun/servlet/trautorizarsolicitud?gx-no-cache=1521468347111 HTTP/1.1" 200 7328
186.103.132.155 - - [19/Mar/2018:11:07:07 -0300] "GET /cormun/servlet/trsolicitudot? HTTP/1.1" 200 7427
186.103.132.155 - - [19/Mar/2018:11:07:08 -0300] "GET /cormun/servlet/trsolicitudot? HTTP/1.1" 200 7407
186.103.132.155 - - [19/Mar/2018:11:07:10 -0300] "GET /cormun/servlet/solicitudot?INS,0,0, HTTP/1.1" 200 13636
186.103.132.155 - - [19/Mar/2018:11:07:11 -0300] "GET /cormun/servlet/solicitudot?INS,0,0, HTTP/1.1" 200 13641
186.103.159.182 - - [19/Mar/2018:11:07:18 -0300] "POST /cormun/servlet/trsolicitudot?ecd278aaa7de697feabb8e2c76721273,gx-no-cache=1521468386284 HTTP/1.1" 200 6507
190.151.100.218 - - [19/Mar/2018:11:07:21 -0300] "POST /cormun/servlet/solicitudot?gx-no-cache=1521468390348 HTTP/1.1" 200 3384
190.151.100.218 - - [19/Mar/2018:11:07:22 -0300] "POST /cormun/servlet/solicitudot?f16b92f194e5ed50c9772a03a476ac5f,INS,0,0,,gx-no-cache=1521468391498 HTTP/1.1" 200 10550
190.151.100.218 - - [19/Mar/2018:11:07:32 -0300] "GET /cormun/servlet/solicitudot?b6f4ad32e38b8551b41f159c34ab25fc041b6de68a362275d60a9175c9171d03eb4039a476eaa518aadc68aea632b168,gx-no-cache=1521468401706 HTTP/1.1" 200 30
190.151.100.218 - - [19/Mar/2018:11:07:33 -0300] "GET /cormun/servlet/solicitudot?b6f4ad32e38b8551b41f159c34ab25fc8372ad4c727400fa23f84b6c812a560ce3809c7620d45abafc39809329f60d29eb4039a476eaa518aadc68aea632b168,gx-no-cache=1521468402594 HTTP/1.1" 200 30
190.151.100.218 - - [19/Mar/2018:11:07:33 -0300] "GET /cormun/servlet/solicitudot?b6f4ad32e38b8551b41f159c34ab25fcd70ee9d151336726f4c5ad46e5a06398,gx-no-cache=1521468402713 HTTP/1.1" 200 123
190.151.100.218 - - [19/Mar/2018:11:07:33 -0300] "GET /cormun/static/Shared/jqueryui/images/ui-bg_highlight-soft_100_c6c2c8_1x100.png HTTP/1.1" 404 1117
200.111.122.170 - - [19/Mar/2018:11:07:33 -0300] "GET /cormun/static/Shared/jqueryui/images/ui-bg_flat_55_994d53_40x100.png HTTP/1.1" 404 1097
186.103.132.155 - - [19/Mar/2018:11:07:33 -0300] "GET /cormun/static/Shared/jqueryui/images/ui-icons_82798d_256x240.png HTTP/1.1" 404 1089
200.72.197.82 - - [19/Mar/2018:11:07:33 -0300] "GET /cormun/static/Shared/jqueryui/images/ui-icons_ebccce_256x240.png HTTP/1.1" 404 1089
200.72.197.82 - - [19/Mar/2018:11:07:33 -0300] "POST /cormun/servlet/solicitudot?gx-no-cache=1521468402815 HTTP/1.1" 200 255
200.72.197.82 - - [19/Mar/2018:11:07:33 -0300] "GET /cormun/servlet/solicitudot?b6f4ad32e38b8551b41f159c34ab25fcdfc5ce449630da798b1e610e58144b4ba2b80a65d0f0c24e7ef85de964d9ebe7716713076b99d4002f501f8d4c3f1fea577ba6dcf29f6b82f8b60a5cc1be1b37b5e07d752d5464bee64d47f7a751d8732f073354d853422c407d8fcb8da472dd1f157c33ebc99898588ad8fd67ab0f6ac25a40142b7ad08689719091167a723b37e57d98ec668e26b283be788eddd07dcb8142dfec2a8ab4fbd54ad47921b5c51e134b3e2edfd26ca4e424fbb080c464125e5baf74e57e630f740202a8437aef9f05ce42af977b8580112e13ae9bef2607a788bef3238267b74897a27344efd4fcceaa0e5a7d95f23447c73666116586314db59c59251af74b67e74956c90e37060e7dd73e458641a6b427bd8e5271b8829e07fa9e14cf3849f1735da16c660bd0f3f8df6dfe4c326b1d68074248d339bf49d54d679c89ee3bf8703838689d56399d7baee7a91d3458e8378300f992b87c2911a80642e8fe9efd83338ca12560777d20afc4b745d62db631f8860e22e0,gx-no-cache=1521468403095 HTTP/1.1" 200 30
200.72.197.82 - - [19/Mar/2018:11:07:36 -0300] "POST /cormun/servlet/solicitudot?gx-no-cache=1521468405750 HTTP/1.1" 200 30
186.103.159.182 - - [19/Mar/2018:11:07:37 -0300] "POST /cormun/servlet/trsolicitudot?ecd278aaa7de697feabb8e2c76721273,gx-no-cache=1521468405790 HTTP/1.1" 200 5875
200.72.197.82 - - [19/Mar/2018:11:07:39 -0300] "GET /cormun/servlet/prcontratosol?8141861,,,,,MD,,gxPopupLevel%3D0%3B HTTP/1.1" 200 7694
186.103.159.44 - - [19/Mar/2018:11:07:39 -0300] "GET /cormun/servlet/trautorizarsolicitud? HTTP/1.1" 200 6291
186.103.159.44 - - [19/Mar/2018:11:07:39 -0300] "GET /cormun/static/gxui/gxui-all.css?120300 HTTP/1.1" 200 2179
186.103.159.44 - - [19/Mar/2018:11:07:39 -0300] "GET /cormun/static/calendar-system.css?85620 HTTP/1.1" 200 5572
186.103.159.44 - - [19/Mar/2018:11:07:39 -0300] "GET /cormun/static/Shared/jqueryui/jquery-ui.min.css?1245370 HTTP/1.1" 200 30288
186.103.159.44 - - [19/Mar/2018:11:07:39 -0300] "GET /cormun/static/SmoothNavMenu/resources/ddsmoothmenu-v.css?1012540 HTTP/1.1" 200 1188
186.103.159.44 - - [19/Mar/2018:11:07:39 -0300] "GET /cormun/static/scaMessage/css/jquery.pnotify.default.css?1716380 HTTP/1.1" 200 1707
186.103.159.44 - - [19/Mar/2018:11:07:39 -0300] "GET /cormun/static/gxtimezone.js?85251 HTTP/1.1" 200 5781
186.103.159.44 - - [19/Mar/2018:11:07:39 -0300] "GET /cormun/static/gxcfg.js?2017111423403364 HTTP/1.1" 200 953
186.103.159.44 - - [19/Mar/2018:11:07:39 -0300] "GET /cormun/static/Resources/Spanish/PXTools.css?1255365 HTTP/1.1" 200 89042
186.103.159.44 - - [19/Mar/2018:11:07:40 -0300] "GET /cormun/static/calendar.js?85251 HTTP/1.1" 200 26246
186.103.159.44 - - [19/Mar/2018:11:07:40 -0300] "GET /cormun/static/calendar-setup.js?85251 HTTP/1.1" 200 2588
186.103.159.44 - - [19/Mar/2018:11:07:40 -0300] "GET /cormun/static/calendar-es.js?85251 HTTP/1.1" 200 1901
186.103.159.44 - - [19/Mar/2018:11:07:40 -0300] "GET /cormun/static/SmoothNavMenu/resources/ddsmoothmenu.css?1012540 HTTP/1.1" 200 2223
186.103.159.44 - - [19/Mar/2018:11:07:40 -0300] "GET /cormun/static/RunJS/RunJS.js HTTP/1.1" 200 288
186.103.159.44 - - [19/Mar/2018:11:07:40 -0300] "GET /cormun/static/gxui/gxui-all.js HTTP/1.1" 200 107772
186.103.159.187 - - [19/Mar/2018:11:07:40 -0300] "GET /cormun/servlet/hhome HTTP/1.1" 200 3398
186.103.159.44 - - [19/Mar/2018:11:07:40 -0300] "GET /cormun/static/PXToolsJavascripts/pexe_autoreload.js HTTP/1.1" 200 1762
186.103.159.44 - - [19/Mar/2018:11:07:40 -0300] "GET /cormun/static/PXToolsJavascripts/pexe_cookies.js HTTP/1.1" 200 792
186.103.159.44 - - [19/Mar/2018:11:07:40 -0300] "GET /cormun/static/PXToolsJavascripts/pexe_windows.js HTTP/1.1" 200 15207
186.103.159.44 - - [19/Mar/2018:11:07:40 -0300] "GET /cormun/static/PXToolsJavascripts/pexe_grid.js HTTP/1.1" 200 7559
186.103.159.44 - - [19/Mar/2018:11:07:40 -0300] "GET /cormun/static/PXToolsJavascripts/pexe_griddivfix.js HTTP/1.1" 200 6644
186.103.159.44 - - [19/Mar/2018:11:07:40 -0300] "GET /cormun/static/PXToolsJavascripts/pexe_link.js HTTP/1.1" 200 5671
186.103.159.44 - - [19/Mar/2018:11:07:40 -0300] "GET /cormun/static/Shared/ext/resources/css/ext-all.css?215870 HTTP/1.1" 200 416045
186.103.159.44 - - [19/Mar/2018:11:07:40 -0300] "GET /cormun/static/gxgral.js?85251 HTTP/1.1" 200 384558
186.103.159.44 - - [19/Mar/2018:11:07:40 -0300] "GET /cormun/static/PXToolsJavascripts/pexe_menudivfix.js HTTP/1.1" 200 333
186.103.159.44 - - [19/Mar/2018:11:07:40 -0300] "GET /cormun/static/PXToolsJavascripts/pexe_menus.js HTTP/1.1" 200 1286
186.103.159.44 - - [19/Mar/2018:11:07:40 -0300] "GET /cormun/static/PXToolsJavascripts/pexe_layers.js HTTP/1.1" 200 4114
186.103.159.44 - - [19/Mar/2018:11:07:40 -0300] "GET /cormun/static/PXToolsJavascripts/pexe_oav.js HTTP/1.1" 200 645
186.103.159.44 - - [19/Mar/2018:11:07:40 -0300] "GET /cormun/static/PXToolsJavascripts/pexe_oavdivfix.js HTTP/1.1" 200 639
186.103.159.44 - - [19/Mar/2018:11:07:40 -0300] "GET /cormun/static/PXToolsJavascripts/pexe_picture.js HTTP/1.1" 200 689
186.103.159.44 - - [19/Mar/2018:11:07:40 -0300] "GET /cormun/static/PXToolsJavascripts/pexe_popup.js HTTP/1.1" 200 13458
186.103.159.44 - - [19/Mar/2018:11:07:40 -0300] "GET /cormun/static/PXToolsJavascripts/pexe_scrolldiv.js HTTP/1.1" 200 4138
186.103.159.187 - - [19/Mar/2018:11:07:40 -0300] "GET /cormun/static/gxtimezone.js?85251 HTTP/1.1" 304 -
186.103.159.187 - - [19/Mar/2018:11:07:40 -0300] "GET /cormun/static/gxcfg.js?20175251212442 HTTP/1.1" 304 -
186.103.159.44 - - [19/Mar/2018:11:07:40 -0300] "GET /cormun/static/PXToolsJavascripts/pexe_tabdivfix.js HTTP/1.1" 200 876
186.103.159.44 - - [19/Mar/2018:11:07:40 -0300] "GET /cormun/static/PXToolsJavascripts/pexe_tabs.js HTTP/1.1" 200 3748
186.103.159.44 - - [19/Mar/2018:11:07:40 -0300] "GET /cormun/static/PXToolsJavascripts/PXToolsJavascriptsRender.js HTTP/1.1" 200 367
186.103.159.44 - - [19/Mar/2018:11:07:40 -0300] "GET /cormun/static/Shared/ext/locale/ext-lang-en.js HTTP/1.1" 200 10940
186.103.159.44 - - [19/Mar/2018:11:07:40 -0300] "GET /cormun/static/PXToolsJavascripts/pexe_upload.js HTTP/1.1" 200 1423
186.103.159.44 - - [19/Mar/2018:11:07:40 -0300] "GET /cormun/static/messages.spa.js?85251 HTTP/1.1" 200 30736
186.103.159.44 - - [19/Mar/2018:11:07:40 -0300] "GET /cormun/static/gxdec.js?85251 HTTP/1.1" 200 19579
186.103.159.44 - - [19/Mar/2018:11:07:40 -0300] "GET /cormun/static/trautorizarsolicitud.js?201711142340425 HTTP/1.1" 200 53910
186.103.159.44 - - [19/Mar/2018:11:07:40 -0300] "GET /cormun/static/hwchdr01.js?201752511465785 HTTP/1.1" 200 1183
186.103.159.44 - - [19/Mar/2018:11:07:40 -0300] "GET /cormun/static/hpexe_scripts.js?201752511465715 HTTP/1.1" 200 1544
186.103.159.44 - - [19/Mar/2018:11:07:40 -0300] "GET /cormun/static/hpexe_messagecontroller.js?20177611595012 HTTP/1.1" 200 870
186.103.159.44 - - [19/Mar/2018:11:07:40 -0300] "GET /cormun/static/hpexe_messagepopupcomponent.js?20161017169425 HTTP/1.1" 200 605
186.103.159.44 - - [19/Mar/2018:11:07:40 -0300] "GET /cormun/static/hpexe_messagegenexuscomponent.js?201752511465344 HTTP/1.1" 200 587
186.103.159.44 - - [19/Mar/2018:11:07:40 -0300] "GET /cormun/static/cmcontrolpreferences.js?201752511465670 HTTP/1.1" 200 1375
186.103.159.44 - - [19/Mar/2018:11:07:40 -0300] "GET /cormun/static/Shared/jquery/jquery-1.4.2.min.js HTTP/1.1" 200 72174
186.103.159.44 - - [19/Mar/2018:11:07:40 -0300] "GET /cormun/static/hpexe_recentlink.js?20177611595044 HTTP/1.1" 200 2144
186.103.159.187 - - [19/Mar/2018:11:07:40 -0300] "GET /cormun/static/messages.spa.js?85251 HTTP/1.1" 304 -
186.103.159.44 - - [19/Mar/2018:11:07:40 -0300] "GET /cormun/static/Shared/jqueryui/jquery-ui.min.js HTTP/1.1" 200 240427
186.103.159.44 - - [19/Mar/2018:11:07:41 -0300] "GET /cormun/static/SmoothNavMenu/resources/ddsmoothmenu.js HTTP/1.1" 200 12712
186.103.159.44 - - [19/Mar/2018:11:07:41 -0300] "GET /cormun/static/SmoothNavMenu/resources/SmoothNavMenuRender.js HTTP/1.1" 200 5951
186.103.159.44 - - [19/Mar/2018:11:07:41 -0300] "GET /cormun/static/scaMessage/js/jquery.pnotify.min.js HTTP/1.1" 200 13038
186.103.159.44 - - [19/Mar/2018:11:07:41 -0300] "GET /cormun/static/scaMessage/scaMessageRender.js HTTP/1.1" 200 11977
186.103.159.44 - - [19/Mar/2018:11:07:41 -0300] "GET /cormun/static/hmpwkw03.js?20177612122668 HTTP/1.1" 200 3965
186.103.159.44 - - [19/Mar/2018:11:07:41 -0300] "GET /cormun/static/Shared/jquery/jquery-1.10.2.min.js HTTP/1.1" 200 273199
186.103.159.44 - - [19/Mar/2018:11:07:41 -0300] "GET /cormun/static/Resources/logo4.png HTTP/1.1" 200 6582
186.103.159.44 - - [19/Mar/2018:11:07:41 -0300] "GET /cormun/static/Resources/PXToolsHeaderActionsLeft.png HTTP/1.1" 200 1118
186.103.159.44 - - [19/Mar/2018:11:07:41 -0300] "GET /cormun/static/Resources/PXToolsHeaderHome.png HTTP/1.1" 200 4147
186.103.159.44 - - [19/Mar/2018:11:07:41 -0300] "GET /cormun/static/Resources/PXToolsHeaderLogin.png HTTP/1.1" 200 4279
186.103.159.44 - - [19/Mar/2018:11:07:41 -0300] "GET /cormun/static/Resources/PXToolsHeaderPreferences.png HTTP/1.1" 200 4189
186.103.159.44 - - [19/Mar/2018:11:07:41 -0300] "GET /cormun/static/Resources/PXToolsHeaderSecurity.png HTTP/1.1" 200 4166
186.103.159.44 - - [19/Mar/2018:11:07:41 -0300] "GET /cormun/static/Resources/PXToolsHeaderActionsRight.png HTTP/1.1" 200 1201
186.103.159.44 - - [19/Mar/2018:11:07:41 -0300] "GET /cormun/static/Resources/PXTools/calendar.png HTTP/1.1" 200 1306
186.103.159.44 - - [19/Mar/2018:11:07:41 -0300] "GET /cormun/static/Resources/PXToolsDataSearch.png HTTP/1.1" 200 419
186.103.159.44 - - [19/Mar/2018:11:07:41 -0300] "GET /cormun/static/Resources/PXToolsGridFirstDisabled.gif HTTP/1.1" 200 100
186.103.159.44 - - [19/Mar/2018:11:07:41 -0300] "GET /cormun/static/Resources/PXToolsGridPreviousDisabled.gif HTTP/1.1" 200 90
186.103.159.44 - - [19/Mar/2018:11:07:41 -0300] "GET /cormun/static/Shared/ext/ext-all.js HTTP/1.1" 200 1289687
186.103.159.44 - - [19/Mar/2018:11:07:41 -0300] "GET /cormun/static/Resources/PXToolsGridNextDisabled.gif HTTP/1.1" 200 90
186.103.159.44 - - [19/Mar/2018:11:07:41 -0300] "GET /cormun/static/Resources/PXToolsGridLastDisabled.gif HTTP/1.1" 200 98
186.103.159.44 - - [19/Mar/2018:11:07:41 -0300] "GET /cormun/static/Resources/PXToolsActionExcel.png HTTP/1.1" 200 3187
186.103.159.44 - - [19/Mar/2018:11:07:41 -0300] "GET /cormun/static/Resources/PXToolsGridPage.gif HTTP/1.1" 200 725
186.103.159.44 - - [19/Mar/2018:11:07:42 -0300] "GET /cormun/static/Resources/PXToolsFooterBackground2.png HTTP/1.1" 200 1172
186.103.159.44 - - [19/Mar/2018:11:07:42 -0300] "GET /cormun/static/Resources/PXToolsHeaderBackground2.png HTTP/1.1" 200 1174
186.103.159.44 - - [19/Mar/2018:11:07:42 -0300] "GET /cormun/static/Resources/PXToolsHeaderActionsBackground.png HTTP/1.1" 200 484
186.103.159.44 - - [19/Mar/2018:11:07:42 -0300] "GET /cormun/static/Resources/PXToolsDataTitle.png HTTP/1.1" 200 1173
186.103.159.187 - - [19/Mar/2018:11:07:42 -0300] "GET /cormun/servlet/hhome HTTP/1.1" 200 3398
186.103.159.44 - - [19/Mar/2018:11:07:42 -0300] "GET /cormun/static/Resources/indicator.gif HTTP/1.1" 200 1553
186.103.159.44 - - [19/Mar/2018:11:07:42 -0300] "GET /cormun/static/Resources/asc.gif HTTP/1.1" 200 67
186.103.159.44 - - [19/Mar/2018:11:07:42 -0300] "GET /cormun/servlet/trautorizarsolicitud? HTTP/1.1" 200 6289
186.103.159.44 - - [19/Mar/2018:11:07:42 -0300] "GET /cormun/static/Resources/desc.gif HTTP/1.1" 200 65
186.103.159.44 - - [19/Mar/2018:11:07:42 -0300] "GET /cormun/servlet/hlogin HTTP/1.1" 200 1742
186.103.159.44 - - [19/Mar/2018:11:07:42 -0300] "GET /cormun/static/Shared/ext/resources/themes/images/default/panel/bg-headersPanel.png HTTP/1.1" 200 255
186.103.159.44 - - [19/Mar/2018:11:07:42 -0300] "GET /cormun/static/Shared/ext/resources/themes/images/default/tools/tool-sprites.gif HTTP/1.1" 200 5434
186.103.159.44 - - [19/Mar/2018:11:07:42 -0300] "GET /cormun/static/gxcfg.js?20175251213516 HTTP/1.1" 200 953
186.103.159.44 - - [19/Mar/2018:11:07:42 -0300] "GET /cormun/static/hlogin.js?20175251213537 HTTP/1.1" 200 2136
186.103.159.44 - - [19/Mar/2018:11:07:42 -0300] "GET /cormun/static/Resources/ComunLogin.png HTTP/1.1" 200 17326
186.103.159.44 - - [19/Mar/2018:11:07:42 -0300] "GET /cormun/static/Resources/Spanish/PXTools.css?11423723 HTTP/1.1" 200 89042
186.103.159.44 - - [19/Mar/2018:11:07:42 -0300] "GET /cormun/static/Resources/PXToolsLoginTop.png HTTP/1.1" 200 1337
186.103.159.44 - - [19/Mar/2018:11:07:42 -0300] "GET /cormun/static/Resources/PXToolsButtonLeft21.png HTTP/1.1" 200 1287
186.103.159.44 - - [19/Mar/2018:11:07:42 -0300] "GET /cormun/static/Resources/PXToolsButtonRight21.png HTTP/1.1" 200 1283
186.103.159.44 - - [19/Mar/2018:11:07:42 -0300] "GET /cormun/static/Resources/PXToolsLoginBackground.png HTTP/1.1" 200 1164
186.103.159.44 - - [19/Mar/2018:11:07:42 -0300] "GET /cormun/static/Resources/PXToolsButtonBackground2.png HTTP/1.1" 200 1181
186.103.159.44 - - [19/Mar/2018:11:07:42 -0300] "GET /cormun/static/Resources/PXToolsLoginBottom.png HTTP/1.1" 200 1389
186.103.159.44 - - [19/Mar/2018:11:07:43 -0300] "GET /favicon.ico HTTP/1.1" 200 21630
186.103.159.187 - - [19/Mar/2018:11:07:43 -0300] "GET /cormun/servlet/hlogin HTTP/1.1" 200 1736
186.103.159.187 - - [19/Mar/2018:11:07:43 -0300] "GET /cormun/static/gxcfg.js?20175251213516 HTTP/1.1" 304 -
186.103.159.187 - - [19/Mar/2018:11:07:43 -0300] "GET /cormun/servlet/hhome HTTP/1.1" 200 3408
200.72.197.82 - - [19/Mar/2018:11:07:44 -0300] "POST /cormun/servlet/solicitudot?gx-no-cache=1521468413381 HTTP/1.1" 200 1337
200.72.197.82 - - [19/Mar/2018:11:07:44 -0300] "POST /cormun/servlet/solicitudot?gx-no-cache=1521468413622 HTTP/1.1" 200 38
200.72.197.82 - - [19/Mar/2018:11:07:44 -0300] "GET /cormun/servlet/solicitudot?b6f4ad32e38b8551b41f159c34ab25fc3fa6da2f9c7e885bdecfb692d313b4848de2114b4efefbd644414d61e270777b96d1c9e829376c4d250730597f257f5e11e25115a7f1deb22f9c748a804a08f74e2ccd9d1ba4256f2089cc38ac678e7a37046400121dff481002ed587c1cb6bf5ea7a6e632bf32a0187e467f96b67c5a9d37ac7a8459dbc2055da68bd8dfa191d82a9bd28e84386eb510f1de369e058f,gx-no-cache=1521468413817 HTTP/1.1" 200 29
200.72.197.82 - - [19/Mar/2018:11:07:44 -0300] "POST /cormun/servlet/solicitudot?gx-no-cache=1521468413893 HTTP/1.1" 200 1319
200.72.197.82 - - [19/Mar/2018:11:07:45 -0300] "POST /cormun/servlet/solicitudot?gx-no-cache=1521468414368 HTTP/1.1" 200 1218
200.72.197.82 - - [19/Mar/2018:11:07:45 -0300] "GET /cormun/servlet/solicitudot?b6f4ad32e38b8551b41f159c34ab25fca045a62d064ae633713398ec413c04c5,gx-no-cache=1521468414500 HTTP/1.1" 200 30
200.72.197.82 - - [19/Mar/2018:11:07:46 -0300] "GET /cormun/servlet/prbanco?,MD,,gxPopupLevel%3D0%3B HTTP/1.1" 200 6627
186.103.159.182 - - [19/Mar/2018:11:07:51 -0300] "POST /cormun/servlet/trsolicitudot?ecd278aaa7de697feabb8e2c76721273,gx-no-cache=1521468420328 HTTP/1.1" 200 5875
200.72.197.82 - - [19/Mar/2018:11:07:52 -0300] "GET /cormun/servlet/solicitudot?b6f4ad32e38b8551b41f159c34ab25fc2d4d62c42ec55fd86784e041c7b92c22,gx-no-cache=1521468421371 HTTP/1.1" 200 51
200.72.197.82 - - [19/Mar/2018:11:07:56 -0300] "POST /cormun/servlet/solicitudot?gx-no-cache=1521468425356 HTTP/1.1" 200 256
186.103.159.187 - - [19/Mar/2018:11:07:56 -0300] "POST /cormun/servlet/hlogin?5607db41d4587609d919b58b0feee82d,gx-no-cache=1521472116869 HTTP/1.1" 200 445
200.72.197.82 - - [19/Mar/2018:11:07:56 -0300] "GET /cormun/servlet/solicitudot?b6f4ad32e38b8551b41f159c34ab25fcdfc5ce449630da798b1e610e58144b4ba2b80a65d0f0c24e7ef85de964d9ebe7716713076b99d4002f501f8d4c3f1fea577ba6dcf29f6b82f8b60a5cc1be1b37b5e07d752d5464bee64d47f7a751d8732f073354d853422c407d8fcb8da472dd1f157c33ebc99898588ad8fd67ab0f6ac25a40142b7ad08689719091167a723b37e57d98ec668e26b283be788eddd07dcb8142dfec2a8ab4fbd54ad47921b5c51e134b3e2edfd26ca4e424fbb080c464125e5baf74e57e630f740202a8437aef9f05ce42af977b8580112e13ae9bef2607a788bef3238267b74897a27344efd4fcceaa0e5a7d95f23447c73666116586314db59c59251af74b67e74956c90e37060e7dd73e458641a6b427bd8e5271b8829e07fa9e14cf3849f1735da16c660bd0f3f8df6dfe4c326b1d68074248d339bf49d54d679c89ee3bf8703838689d56399d7baee7a91d3458e8378300f992b87c2911a80642e8fe9efd83338ca125608594b01c137a634d7b65a0658a2babab,gx-no-cache=1521468426097 HTTP/1.1" 200 30
200.72.197.82 - - [19/Mar/2018:11:07:57 -0300] "POST /cormun/servlet/solicitudot?gx-no-cache=1521468426201 HTTP/1.1" 200 30
186.103.159.187 - - [19/Mar/2018:11:08:02 -0300] "POST /cormun/servlet/hlogin?5607db41d4587609d919b58b0feee82d,gx-no-cache=1521472122640 HTTP/1.1" 200 90
186.103.159.187 - - [19/Mar/2018:11:08:02 -0300] "GET /cormun/servlet/hpexe_link HTTP/1.1" 200 952
186.103.159.187 - - [19/Mar/2018:11:08:02 -0300] "GET /cormun/static/gxcfg.js?20177612121792 HTTP/1.1" 304 -
186.103.159.187 - - [19/Mar/2018:11:08:02 -0300] "GET /cormun/servlet/hhome HTTP/1.1" 200 3932
200.72.197.82 - - [19/Mar/2018:11:08:03 -0300] "POST /cormun/servlet/solicitudot?gx-no-cache=1521468432736 HTTP/1.1" 200 1337
186.103.159.187 - - [19/Mar/2018:11:08:03 -0300] "GET /cormun/servlet/hhome HTTP/1.1" 200 3929
200.72.197.82 - - [19/Mar/2018:11:08:04 -0300] "POST /cormun/servlet/solicitudot?gx-no-cache=1521468432903 HTTP/1.1" 200 38
200.72.197.82 - - [19/Mar/2018:11:08:05 -0300] "POST /cormun/servlet/permisogoce?49a6f79850577e99fa3ce9310c5933ea,INS,0,,,,gx-no-cache=1521468435312 HTTP/1.1" 200 4594
186.103.159.182 - - [19/Mar/2018:11:08:05 -0300] "POST /cormun/servlet/trsolicitudot?ecd278aaa7de697feabb8e2c76721273,gx-no-cache=1521468434676 HTTP/1.1" 200 4478
186.103.159.187 - - [19/Mar/2018:11:08:08 -0300] "GET /cormun/servlet/trsolicitudot? HTTP/1.1" 200 7140
186.103.159.187 - - [19/Mar/2018:11:08:08 -0300] "GET /cormun/static/gxcfg.js?2017111422585916 HTTP/1.1" 304 -
186.103.159.187 - - [19/Mar/2018:11:08:08 -0300] "GET /cormun/static/calendar.js?85251 HTTP/1.1" 304 -
186.103.159.187 - - [19/Mar/2018:11:08:08 -0300] "GET /cormun/static/calendar-setup.js?85251 HTTP/1.1" 304 -
186.103.159.187 - - [19/Mar/2018:11:08:08 -0300] "GET /cormun/static/calendar-es.js?85251 HTTP/1.1" 304 -
186.103.159.187 - - [19/Mar/2018:11:08:08 -0300] "GET /cormun/static/gxdec.js?85251 HTTP/1.1" 304 -
186.103.159.187 - - [19/Mar/2018:11:08:09 -0300] "GET /cormun/servlet/trsolicitudot? HTTP/1.1" 200 7139
200.72.197.82 - - [19/Mar/2018:11:08:10 -0300] "POST /cormun/servlet/solicitudot?gx-no-cache=1521468439402 HTTP/1.1" 200 1318
200.72.197.82 - - [19/Mar/2018:11:08:10 -0300] "POST /cormun/servlet/solicitudot?gx-no-cache=1521468440094 HTTP/1.1" 200 1218
200.72.197.82 - - [19/Mar/2018:11:08:10 -0300] "GET /cormun/static/menuarrow.gif HTTP/1.1" 404 1015
186.103.159.187 - - [19/Mar/2018:11:08:11 -0300] "GET /cormun/servlet/solicitudot?INS,0,0, HTTP/1.1" 200 13384
186.103.159.182 - - [19/Mar/2018:11:08:11 -0300] "POST /cormun/servlet/trsolicitudot?ecd278aaa7de697feabb8e2c76721273,gx-no-cache=1521468439840 HTTP/1.1" 200 4476
186.103.159.187 - - [19/Mar/2018:11:08:11 -0300] "GET /cormun/static/gxcfg.js?201812313224582 HTTP/1.1" 304 -
186.103.159.187 - - [19/Mar/2018:11:08:11 -0300] "GET /cormun/static/solicitudot.js?201812313224831 HTTP/1.1" 304 -
200.72.197.82 - - [19/Mar/2018:11:08:12 -0300] "POST /cormun/servlet/solicitudot?gx-no-cache=1521468441520 HTTP/1.1" 200 1318
200.72.197.82 - - [19/Mar/2018:11:08:12 -0300] "POST /cormun/servlet/solicitudot?gx-no-cache=1521468441613 HTTP/1.1" 200 1218
186.103.159.187 - - [19/Mar/2018:11:08:12 -0300] "GET /cormun/servlet/solicitudot?INS,0,0, HTTP/1.1" 200 13389
200.72.197.82 - - [19/Mar/2018:11:08:13 -0300] "GET /cormun/servlet/solicitudot?b6f4ad32e38b8551b41f159c34ab25fc41dc763af3748700494240ebd0ca6ffc8a08a3caf77ee54fc2a112ead877a407,gx-no-cache=1521468443236 HTTP/1.1" 200 30
186.103.159.182 - - [19/Mar/2018:11:08:14 -0300] "GET /cormun/servlet/hlogin HTTP/1.1" 200 1715
186.103.159.182 - - [19/Mar/2018:11:08:14 -0300] "GET /cormun/static/gxtimezone.js?85251 HTTP/1.1" 200 5781
186.103.159.182 - - [19/Mar/2018:11:08:14 -0300] "GET /cormun/static/gxcfg.js?20175251213516 HTTP/1.1" 200 953
186.103.159.182 - - [19/Mar/2018:11:08:14 -0300] "GET /cormun/static/hlogin.js?20175251213537 HTTP/1.1" 200 2136
186.103.159.182 - - [19/Mar/2018:11:08:14 -0300] "GET /cormun/static/messages.spa.js?85251 HTTP/1.1" 200 30736
186.103.159.182 - - [19/Mar/2018:11:08:14 -0300] "GET /cormun/static/Resources/Spanish/PXTools.css?11423723 HTTP/1.1" 200 89042
186.103.159.182 - - [19/Mar/2018:11:08:14 -0300] "GET /cormun/static/gxgral.js?85251 HTTP/1.1" 200 384558
186.103.159.182 - - [19/Mar/2018:11:08:14 -0300] "GET /cormun/static/Resources/ComunLogin.png HTTP/1.1" 200 17326
186.103.159.182 - - [19/Mar/2018:11:08:14 -0300] "GET /cormun/static/Resources/indicator.gif HTTP/1.1" 200 1553
186.103.159.182 - - [19/Mar/2018:11:08:14 -0300] "GET /cormun/static/Resources/PXToolsLoginBackground.png HTTP/1.1" 200 1164
186.103.159.182 - - [19/Mar/2018:11:08:14 -0300] "GET /cormun/static/Resources/PXToolsLoginTop.png HTTP/1.1" 200 1337
186.103.159.182 - - [19/Mar/2018:11:08:14 -0300] "GET /cormun/static/Resources/PXToolsButtonLeft21.png HTTP/1.1" 200 1287
186.103.159.182 - - [19/Mar/2018:11:08:14 -0300] "GET /cormun/static/Resources/PXToolsButtonRight21.png HTTP/1.1" 200 1283
186.103.159.182 - - [19/Mar/2018:11:08:15 -0300] "GET /cormun/static/Resources/PXToolsLoginBottom.png HTTP/1.1" 200 1389
186.103.159.182 - - [19/Mar/2018:11:08:15 -0300] "GET /cormun/static/Resources/PXToolsButtonBackground2.png HTTP/1.1" 200 1181
186.103.159.182 - - [19/Mar/2018:11:08:16 -0300] "POST /cormun/servlet/trsolicitudot?ecd278aaa7de697feabb8e2c76721273,gx-no-cache=1521468444982 HTTP/1.1" 200 4478
200.72.197.82 - - [19/Mar/2018:11:08:18 -0300] "GET /cormun/servlet/trautorizarsolicitud? HTTP/1.1" 200 7335
200.72.197.82 - - [19/Mar/2018:11:08:18 -0300] "GET /cormun/static/gxcfg.js?2017111423403364 HTTP/1.1" 200 953
200.72.197.82 - - [19/Mar/2018:11:08:19 -0300] "GET /cormun/static/trautorizarsolicitud.js?201711142340425 HTTP/1.1" 200 53910
200.72.197.82 - - [19/Mar/2018:11:08:19 -0300] "GET /cormun/servlet/trautorizarsolicitud? HTTP/1.1" 200 7327
186.103.159.182 - - [19/Mar/2018:11:08:21 -0300] "POST /cormun/servlet/trsolicitudot?ecd278aaa7de697feabb8e2c76721273,gx-no-cache=1521468450220 HTTP/1.1" 200 4475
200.72.197.82 - - [19/Mar/2018:11:08:23 -0300] "POST /cormun/servlet/solicitudot?gx-no-cache=1521468452337 HTTP/1.1" 200 30
200.72.197.82 - - [19/Mar/2018:11:08:24 -0300] "GET /cormun/static/menuarrow.gif HTTP/1.1" 404 1015
186.103.159.182 - - [19/Mar/2018:11:08:28 -0300] "POST /cormun/servlet/trsolicitudot?ecd278aaa7de697feabb8e2c76721273,gx-no-cache=1521468457446 HTTP/1.1" 200 4474
186.103.159.187 - - [19/Mar/2018:11:08:35 -0300] "POST /cormun/servlet/solicitudot?gx-no-cache=1521472155753 HTTP/1.1" 200 3284
186.103.159.187 - - [19/Mar/2018:11:08:35 -0300] "POST /cormun/servlet/solicitudot?5607db41d4587609d919b58b0feee82d,INS,0,0,,gx-no-cache=1521472156100 HTTP/1.1" 200 10252
186.103.159.182 - - [19/Mar/2018:11:08:51 -0300] "POST /cormun/servlet/trsolicitudot?ecd278aaa7de697feabb8e2c76721273,gx-no-cache=1521468480386 HTTP/1.1" 200 6755
190.151.100.218 - - [19/Mar/2018:11:08:52 -0300] "POST /cormun/servlet/solicitudot?f16b92f194e5ed50c9772a03a476ac5f,INS,0,0,,gx-no-cache=1521468480680 HTTP/1.1" 200 93
190.151.100.218 - - [19/Mar/2018:11:08:52 -0300] "GET /cormun/servlet/hpexe_return? HTTP/1.1" 200 1003
190.151.100.218 - - [19/Mar/2018:11:08:52 -0300] "GET /cormun/servlet/trsolicitudot HTTP/1.1" 200 8775
190.151.100.218 - - [19/Mar/2018:11:08:53 -0300] "GET /cormun/servlet/trsolicitudot HTTP/1.1" 200 8771
190.151.100.218 - - [19/Mar/2018:11:08:59 -0300] "POST /cormun/servlet/trsolicitudot?f16b92f194e5ed50c9772a03a476ac5f,gx-no-cache=1521468488152 HTTP/1.1" 200 4671
190.151.100.218 - - [19/Mar/2018:11:09:00 -0300] "GET /cormun/static/Shared/jqueryui/images/ui-bg_highlight-soft_100_c6c2c8_1x100.png HTTP/1.1" 404 1117
186.103.132.155 - - [19/Mar/2018:11:09:00 -0300] "GET /cormun/static/Shared/jqueryui/images/ui-bg_flat_55_fafafa_40x100.png HTTP/1.1" 404 1097
186.67.203.186 - - [19/Mar/2018:11:09:00 -0300] "GET /cormun/static/Shared/jqueryui/images/ui-icons_82798d_256x240.png HTTP/1.1" 404 1089
186.103.161.206 - - [19/Mar/2018:11:09:00 -0300] "GET /cormun/static/Shared/jqueryui/images/ui-icons_8d78a5_256x240.png HTTP/1.1" 404 1089
190.151.100.218 - - [19/Mar/2018:11:09:01 -0300] "POST /cormun/servlet/trsolicitudot?f16b92f194e5ed50c9772a03a476ac5f,gx-no-cache=1521468489675 HTTP/1.1" 200 4449
186.103.159.187 - - [19/Mar/2018:11:09:03 -0300] "POST /cormun/servlet/solicitudot?gx-no-cache=1521472183109 HTTP/1.1" 200 3436
186.103.159.187 - - [19/Mar/2018:11:09:03 -0300] "POST /cormun/servlet/solicitudot?5607db41d4587609d919b58b0feee82d,INS,0,0,,gx-no-cache=1521472183405 HTTP/1.1" 200 10453
190.151.100.218 - - [19/Mar/2018:11:09:04 -0300] "GET /cormun/servlet/trautorizarsolicitud? HTTP/1.1" 200 8665
190.151.100.218 - - [19/Mar/2018:11:09:06 -0300] "GET /cormun/servlet/trautorizarsolicitud? HTTP/1.1" 200 8664
186.103.159.187 - - [19/Mar/2018:11:09:06 -0300] "GET /cormun/servlet/solicitudot?482a33b11ef4bbea9a833255c72ec2fd055cbad38e848755af0cf4b438034b1b07bd6ce9119eead53066bf3364a32eda,gx-no-cache=1521472186894 HTTP/1.1" 200 30
186.103.159.187 - - [19/Mar/2018:11:09:06 -0300] "GET /cormun/servlet/solicitudot?482a33b11ef4bbea9a833255c72ec2fd62a14343ce4b4d41dc965de4e8cc2af35e18eacc8c79321d322e4bb44c8e73b9d8ade81a9d7ed54910b534d017fd8a63,gx-no-cache=1521472186954 HTTP/1.1" 200 30
186.103.159.187 - - [19/Mar/2018:11:09:06 -0300] "GET /cormun/servlet/solicitudot?482a33b11ef4bbea9a833255c72ec2fddf51e6df9a315b59650bb803cea7997b,gx-no-cache=1521472187002 HTTP/1.1" 200 53
186.103.159.187 - - [19/Mar/2018:11:09:06 -0300] "POST /cormun/servlet/solicitudot?gx-no-cache=1521472187040 HTTP/1.1" 200 256
186.103.159.187 - - [19/Mar/2018:11:09:07 -0300] "GET /cormun/servlet/solicitudot?482a33b11ef4bbea9a833255c72ec2fde6ec79d041600fdf3f228bb87ef1b74ab2f335b81b85c667081ee422404098575a3f18c580c9f6d7f0b956da8eec5d77e2f5f71d741411fbc08762885ff9d4eb27114138527f8f4b5e7a6a4536ddf3e52d17847e968c4dfde01726cb510d7d3430c05fada35c65f26b34ec7dad44f624b560e0d550eb6eca02c0d66615f02acdae10c490bccd974da473c0e3543eb753a864f9512b011f06299ceda521f3d2a558eadc6bada522dc06a7de064a26803e6941954de9e4adb685a81cb6e99cb915e9fdd7b4a6338660e76ca0e22ce8fd9eaeeb0e29c7a5a455201fdaad56d9716ee8edee58d563e26ab471bc0c376e090c050a525c8608c2b8a963c9de4b3d2b057a5d0fc2a8306acd9dcd8f39a244460085259e95525859957b8821aa8686231985bff4942d43c95c30b03039ecfd266a36a0dbe4e095b4f8a6c21585bb97751dfa45c523c3fea24d9b86431c1041aa7f0fec5bfc09a044a3030932bb1e386bf000894369380d3d629d0eab0e079fa4f7,gx-no-cache=1521472187099 HTTP/1.1" 200 30
190.151.100.218 - - [19/Mar/2018:11:09:09 -0300] "POST /cormun/servlet/trautorizarsolicitud?f16b92f194e5ed50c9772a03a476ac5f,,gx-no-cache=1521468498491 HTTP/1.1" 200 4602
190.151.100.218 - - [19/Mar/2018:11:09:10 -0300] "GET /cormun/static/Shared/jqueryui/images/ui-bg_highlight-soft_100_c6c2c8_1x100.png HTTP/1.1" 404 1117
186.67.203.186 - - [19/Mar/2018:11:09:10 -0300] "GET /cormun/static/Shared/jqueryui/images/ui-icons_82798d_256x240.png HTTP/1.1" 404 1089
186.103.132.155 - - [19/Mar/2018:11:09:10 -0300] "GET /cormun/static/Shared/jqueryui/images/ui-bg_flat_55_fafafa_40x100.png HTTP/1.1" 404 1097
186.103.161.206 - - [19/Mar/2018:11:09:10 -0300] "GET /cormun/static/Shared/jqueryui/images/ui-icons_8d78a5_256x240.png HTTP/1.1" 404 1089
190.151.100.218 - - [19/Mar/2018:11:09:10 -0300] "POST /cormun/servlet/trautorizarsolicitud?f16b92f194e5ed50c9772a03a476ac5f,,gx-no-cache=1521468499512 HTTP/1.1" 200 4382
186.103.159.187 - - [19/Mar/2018:11:09:10 -0300] "POST /cormun/servlet/solicitudot?gx-no-cache=1521472190756 HTTP/1.1" 200 30
186.103.159.187 - - [19/Mar/2018:11:09:13 -0300] "POST /cormun/servlet/solicitudot?gx-no-cache=1521472194138 HTTP/1.1" 200 1336
186.103.159.187 - - [19/Mar/2018:11:09:13 -0300] "POST /cormun/servlet/solicitudot?gx-no-cache=1521472194225 HTTP/1.1" 200 38
186.103.132.155 - - [19/Mar/2018:11:09:20 -0300] "POST /cormun/servlet/trautorizarsolicitud?49a6f79850577e99fa3ce9310c5933ea,,gx-no-cache=1521468509507 HTTP/1.1" 200 20168
186.103.159.187 - - [19/Mar/2018:11:09:30 -0300] "GET /cormun/servlet/solicitudot?482a33b11ef4bbea9a833255c72ec2fdd60ee1fdd3ee27a19ed68454f870da74e98f9268b244adbebf68d2a3441b4bd33f249d661ae97cee4a03906d0562c105ba68355e713e3f9efd11bd2c2dae71cb097d701588ea657b66506ae3074a9204473d23464fb29aec779813626d1fa46e,gx-no-cache=1521472210463 HTTP/1.1" 200 29
186.103.159.187 - - [19/Mar/2018:11:09:30 -0300] "POST /cormun/servlet/solicitudot?gx-no-cache=1521472210541 HTTP/1.1" 200 1318
186.103.159.187 - - [19/Mar/2018:11:09:30 -0300] "POST /cormun/servlet/solicitudot?gx-no-cache=1521472210636 HTTP/1.1" 200 1218
186.103.159.187 - - [19/Mar/2018:11:09:30 -0300] "GET /cormun/static/menuarrow.gif HTTP/1.1" 404 1015
186.103.159.44 - - [19/Mar/2018:11:09:31 -0300] "POST /cormun/servlet/hlogin?273b05dc897ee03aa2b3a472058a8637,gx-no-cache=1521468521408 HTTP/1.1" 200 90
186.103.159.44 - - [19/Mar/2018:11:09:31 -0300] "GET /cormun/servlet/hpexe_link HTTP/1.1" 200 960
186.103.159.44 - - [19/Mar/2018:11:09:31 -0300] "GET /cormun/static/gxcfg.js?20177612121792 HTTP/1.1" 200 953
186.103.159.44 - - [19/Mar/2018:11:09:31 -0300] "GET /cormun/static/hpexe_link.js?20177612121795 HTTP/1.1" 200 625
186.103.159.44 - - [19/Mar/2018:11:09:31 -0300] "GET /cormun/static/Resources/Spanish/PXTools.css?1155365 HTTP/1.1" 200 89042
186.103.159.44 - - [19/Mar/2018:11:09:31 -0300] "GET /cormun/servlet/trautorizarsolicitud HTTP/1.1" 200 7089
186.103.159.44 - - [19/Mar/2018:11:09:31 -0300] "GET /cormun/static/Shared/jqueryui/jquery-ui.min.css?1245370 HTTP/1.1" 200 30288
186.103.159.44 - - [19/Mar/2018:11:09:31 -0300] "GET /cormun/static/SmoothNavMenu/resources/ddsmoothmenu-v.css?1012540 HTTP/1.1" 200 1188
186.103.159.44 - - [19/Mar/2018:11:09:31 -0300] "GET /cormun/static/scaMessage/css/jquery.pnotify.default.css?1716380 HTTP/1.1" 200 1707
186.103.159.44 - - [19/Mar/2018:11:09:32 -0300] "GET /cormun/static/Resources/PXToolsHeaderActionsBackground.png HTTP/1.1" 200 484
186.103.159.44 - - [19/Mar/2018:11:09:32 -0300] "GET /cormun/static/Resources/PXToolsDataTitle.png HTTP/1.1" 200 1173
186.103.159.44 - - [19/Mar/2018:11:09:32 -0300] "GET /cormun/static/Resources/PXToolsHeaderBackground2.png HTTP/1.1" 200 1174
186.103.159.44 - - [19/Mar/2018:11:09:32 -0300] "GET /cormun/static/Resources/PXToolsFooterBackground2.png HTTP/1.1" 200 1172
