186.103.156.24 - - [19/Mar/2018:08:41:54 -0300] "GET /cormun/static/messages.spa.js?85251 HTTP/1.1" 304 -
186.103.156.24 - - [19/Mar/2018:08:41:55 -0300] "GET /cormun/servlet/hlogin HTTP/1.1" 200 1731
186.103.156.24 - - [19/Mar/2018:08:41:58 -0300] "POST /cormun/servlet/hlogin?dd2aac50cee4d5e1a17545a8b9fb2245,gx-no-cache=1521459667641 HTTP/1.1" 200 438
186.103.159.182 - - [19/Mar/2018:08:42:03 -0300] "POST /cormun/servlet/trcontratosolicitud?ecd278aaa7de697feabb8e2c76721273,,gx-no-cache=1521459672854 HTTP/1.1" 200 12141
200.120.230.197 - - [19/Mar/2018:08:42:03 -0300] "GET /cormun/servlet/trautorizarsolicitud? HTTP/1.1" 200 7336
186.103.159.182 - - [19/Mar/2018:08:42:03 -0300] "GET /cormun/static/Resources/PXToolsGridFirst.gif HTTP/1.1" 200 379
186.103.159.182 - - [19/Mar/2018:08:42:03 -0300] "GET /cormun/static/Resources/PXToolsGridPrevious.gif HTTP/1.1" 200 369
186.103.159.182 - - [19/Mar/2018:08:42:03 -0300] "GET /cormun/static/Resources/PXToolsGridLast.gif HTTP/1.1" 200 370
186.103.159.182 - - [19/Mar/2018:08:42:03 -0300] "GET /cormun/static/Resources/PXToolsGridNext.gif HTTP/1.1" 200 369
200.120.230.197 - - [19/Mar/2018:08:42:03 -0300] "GET /cormun/static/gxcfg.js?2017111423403364 HTTP/1.1" 200 953
192.168.10.62 - - [19/Mar/2018:08:42:04 -0300] "GET /cormun/servlet/vesolicitudgral?2018,9460,, HTTP/1.1" 200 9055
192.168.10.62 - - [19/Mar/2018:08:42:04 -0300] "GET /cormun/pexe_scrolldiv.js HTTP/1.1" 404 1009
192.168.10.62 - - [19/Mar/2018:08:42:04 -0300] "GET /cormun/pexe_scrolldiv.js HTTP/1.1" 404 1009
192.168.10.62 - - [19/Mar/2018:08:42:04 -0300] "GET /cormun/servlet/vesolicitudgral?2018,9460,, HTTP/1.1" 200 9055
200.73.230.197 - - [19/Mar/2018:08:42:05 -0300] "POST /cormun/servlet/hlogin?df6eda8e966b76233dede6e8b0f04eac,gx-no-cache=1521459674154 HTTP/1.1" 200 90
200.73.230.197 - - [19/Mar/2018:08:42:05 -0300] "GET /cormun/servlet/hpexe_link HTTP/1.1" 200 949
200.73.230.197 - - [19/Mar/2018:08:42:05 -0300] "GET /cormun/static/gxcfg.js?20177612121792 HTTP/1.1" 304 -
200.120.230.197 - - [19/Mar/2018:08:42:05 -0300] "GET /cormun/servlet/trautorizarsolicitud? HTTP/1.1" 200 7335
200.73.230.197 - - [19/Mar/2018:08:42:05 -0300] "GET /cormun/servlet/hhome HTTP/1.1" 200 3916
200.73.230.197 - - [19/Mar/2018:08:42:05 -0300] "GET /cormun/static/gxcfg.js?20175251212442 HTTP/1.1" 304 -
200.73.230.197 - - [19/Mar/2018:08:42:07 -0300] "GET /cormun/servlet/hhome HTTP/1.1" 200 3913
192.168.10.62 - - [19/Mar/2018:08:42:07 -0300] "GET /cormun/servlet/vesolicitudgral?2018,9460,,SolicitudOTLog HTTP/1.1" 200 7725
192.168.10.62 - - [19/Mar/2018:08:42:07 -0300] "GET /cormun/pexe_scrolldiv.js HTTP/1.1" 404 1009
192.168.10.62 - - [19/Mar/2018:08:42:07 -0300] "GET /cormun/pexe_scrolldiv.js HTTP/1.1" 404 1009
192.168.10.62 - - [19/Mar/2018:08:42:08 -0300] "GET /cormun/servlet/vesolicitudgral?2018,9460,,SolicitudOTLog HTTP/1.1" 200 7726
192.168.10.62 - - [19/Mar/2018:08:42:09 -0300] "POST /cormun/servlet/acontrolpreferencessavestate?None,FGONZALEZ,true HTTP/1.1" 200 35
200.120.230.197 - - [19/Mar/2018:08:42:09 -0300] "GET /cormun/static/menuarrow.gif HTTP/1.1" 404 1015
186.103.156.24 - - [19/Mar/2018:08:42:10 -0300] "POST /cormun/servlet/hlogin?dd2aac50cee4d5e1a17545a8b9fb2245,gx-no-cache=1521459679662 HTTP/1.1" 200 90
186.103.156.24 - - [19/Mar/2018:08:42:10 -0300] "GET /cormun/servlet/hpexe_link HTTP/1.1" 200 951
186.103.156.24 - - [19/Mar/2018:08:42:10 -0300] "GET /cormun/static/gxcfg.js?20177612121792 HTTP/1.1" 304 -
186.103.156.24 - - [19/Mar/2018:08:42:10 -0300] "GET /cormun/servlet/hhome HTTP/1.1" 200 4236
186.103.156.24 - - [19/Mar/2018:08:42:10 -0300] "GET /cormun/static/gxcfg.js?20175251212442 HTTP/1.1" 304 -
192.168.10.62 - - [19/Mar/2018:08:42:11 -0300] "POST /cormun/servlet/vesolicitudgral?f393f248b7dd55d1cd65639e50707783,2018,9460,,SolicitudOTLog,gx-no-cache=1521459565329 HTTP/1.1" 200 90
192.168.10.62 - - [19/Mar/2018:08:42:11 -0300] "GET /cormun/servlet/hpexe_link HTTP/1.1" 200 973
186.103.156.24 - - [19/Mar/2018:08:42:11 -0300] "GET /cormun/servlet/hhome HTTP/1.1" 200 4232
192.168.10.62 - - [19/Mar/2018:08:42:11 -0300] "GET /cormun/servlet/trsolicitudgral HTTP/1.1" 200 26739
192.168.10.62 - - [19/Mar/2018:08:42:12 -0300] "GET /cormun/servlet/trsolicitudgral HTTP/1.1" 200 26737
200.120.230.197 - - [19/Mar/2018:08:42:13 -0300] "POST /cormun/servlet/trautorizarsolicitud?f5e5bf24a5f5f2e6a6ffd25d66da1c10,,gx-no-cache=1521459691565 HTTP/1.1" 200 4399
192.168.10.97 - - [19/Mar/2018:08:42:21 -0300] "GET /cormun/servlet/hlogin HTTP/1.1" 200 1731
192.168.10.97 - - [19/Mar/2018:08:42:21 -0300] "GET /cormun/static/gxcfg.js?20175251213516 HTTP/1.1" 304 -
192.168.10.97 - - [19/Mar/2018:08:42:21 -0300] "GET /cormun/static/messages.spa.js?85251 HTTP/1.1" 304 -
192.168.10.62 - - [19/Mar/2018:08:42:21 -0300] "GET /cormun/servlet/vesolicitudgral?2018,9460,, HTTP/1.1" 200 9055
192.168.10.62 - - [19/Mar/2018:08:42:21 -0300] "GET /cormun/pexe_scrolldiv.js HTTP/1.1" 404 1009
192.168.10.62 - - [19/Mar/2018:08:42:21 -0300] "GET /cormun/pexe_scrolldiv.js HTTP/1.1" 404 1009
192.168.10.97 - - [19/Mar/2018:08:42:21 -0300] "GET /cormun/servlet/hlogin HTTP/1.1" 200 1735
192.168.10.62 - - [19/Mar/2018:08:42:22 -0300] "GET /cormun/servlet/vesolicitudgral?2018,9460,, HTTP/1.1" 200 9055
192.168.10.97 - - [19/Mar/2018:08:42:23 -0300] "POST /cormun/servlet/hlogin?76c425b296f91a8360ff28eb08e26d60,gx-no-cache=1521459700047 HTTP/1.1" 200 90
192.168.10.97 - - [19/Mar/2018:08:42:23 -0300] "GET /cormun/servlet/hpexe_link HTTP/1.1" 200 957
192.168.10.97 - - [19/Mar/2018:08:42:23 -0300] "GET /cormun/static/gxcfg.js?20177612121792 HTTP/1.1" 304 -
192.168.10.97 - - [19/Mar/2018:08:42:23 -0300] "GET /cormun/servlet/hhome HTTP/1.1" 200 4566
192.168.10.97 - - [19/Mar/2018:08:42:23 -0300] "GET /cormun/static/gxcfg.js?20175251212442 HTTP/1.1" 304 -
200.120.230.197 - - [19/Mar/2018:08:42:24 -0300] "POST /cormun/servlet/trautorizarsolicitud?f5e5bf24a5f5f2e6a6ffd25d66da1c10,,gx-no-cache=1521459702812 HTTP/1.1" 200 5767
192.168.10.97 - - [19/Mar/2018:08:42:24 -0300] "GET /cormun/servlet/hhome HTTP/1.1" 200 4563
200.73.230.197 - - [19/Mar/2018:08:42:26 -0300] "GET /cormun/servlet/trpermisosgoce? HTTP/1.1" 200 6802
200.73.230.197 - - [19/Mar/2018:08:42:26 -0300] "GET /cormun/static/gxcfg.js?20177612163875 HTTP/1.1" 200 953
200.73.230.197 - - [19/Mar/2018:08:42:26 -0300] "GET /cormun/static/calendar.js?85251 HTTP/1.1" 304 -
200.73.230.197 - - [19/Mar/2018:08:42:26 -0300] "GET /cormun/static/calendar-setup.js?85251 HTTP/1.1" 304 -
200.73.230.197 - - [19/Mar/2018:08:42:26 -0300] "GET /cormun/static/calendar-es.js?85251 HTTP/1.1" 304 -
200.73.230.197 - - [19/Mar/2018:08:42:26 -0300] "GET /cormun/static/gxdec.js?85251 HTTP/1.1" 304 -
200.73.230.197 - - [19/Mar/2018:08:42:26 -0300] "GET /cormun/static/trpermisosgoce.js?20177612164335 HTTP/1.1" 200 35904
200.73.230.197 - - [19/Mar/2018:08:42:28 -0300] "GET /cormun/servlet/trpermisosgoce? HTTP/1.1" 200 6801
192.168.10.97 - - [19/Mar/2018:08:42:30 -0300] "GET /cormun/servlet/trsolicitudgral? HTTP/1.1" 200 9064
192.168.10.97 - - [19/Mar/2018:08:42:30 -0300] "GET /cormun/static/gxcfg.js?201813119461163 HTTP/1.1" 304 -
192.168.10.62 - - [19/Mar/2018:08:42:30 -0300] "POST /cormun/servlet/vesolicitudgral?f393f248b7dd55d1cd65639e50707783,2018,9460,,,gx-no-cache=1521459584894 HTTP/1.1" 200 115
192.168.10.62 - - [19/Mar/2018:08:42:30 -0300] "GET /cormun/servlet/solicitudotlog?INS,2018,9460,0,REC, HTTP/1.1" 200 6299
192.168.10.97 - - [19/Mar/2018:08:42:31 -0300] "GET /cormun/servlet/trsolicitudgral? HTTP/1.1" 200 9064
192.168.10.62 - - [19/Mar/2018:08:42:31 -0300] "GET /cormun/servlet/solicitudotlog?INS,2018,9460,0,REC, HTTP/1.1" 200 6293
192.168.10.62 - - [19/Mar/2018:08:42:31 -0300] "GET /cormun/servlet/solicitudotlog?82fa997e78dd8f5f746414074d973d2dab25f043600294cee2f53a49836c29c8e150ed51f34d56a232c42197f97eb085e391cb03df37756b72071b89d15ac7172e6dce3eca92bb4801b0a061cfcf71425db8694e288166a893a73df31c0f45bc23d4e2a521f2ef5e8251e6ea2d8c4cb69ae5d717902391f5c9e61f3fa6b58983f0ba30712b27dfece80a3c402482d0f8c4a41c949f81fcfa1932aef82a7ef56c,gx-no-cache=1521459585814 HTTP/1.1" 200 94
200.73.230.197 - - [19/Mar/2018:08:42:34 -0300] "GET /cormun/servlet/permisogoce?INS,0,,, HTTP/1.1" 200 6748
200.73.230.197 - - [19/Mar/2018:08:42:34 -0300] "GET /cormun/static/gxcfg.js?201776126440 HTTP/1.1" 200 953
200.73.230.197 - - [19/Mar/2018:08:42:34 -0300] "GET /cormun/static/permisogoce.js?2017761264459 HTTP/1.1" 200 27897
200.73.230.197 - - [19/Mar/2018:08:42:35 -0300] "GET /cormun/servlet/permisogoce?INS,0,,, HTTP/1.1" 200 6747
200.120.230.197 - - [19/Mar/2018:08:42:37 -0300] "POST /cormun/servlet/trautorizarsolicitud?f5e5bf24a5f5f2e6a6ffd25d66da1c10,,gx-no-cache=1521459715652 HTTP/1.1" 200 5762
200.120.230.197 - - [19/Mar/2018:08:42:46 -0300] "POST /cormun/servlet/trautorizarsolicitud?f5e5bf24a5f5f2e6a6ffd25d66da1c10,,gx-no-cache=1521459724431 HTTP/1.1" 200 4400
200.73.230.197 - - [19/Mar/2018:08:42:51 -0300] "GET /cormun/servlet/prfichaempleado?,MD,,gxPopupLevel%3D0%3B HTTP/1.1" 200 9269
200.73.230.197 - - [19/Mar/2018:08:42:52 -0300] "GET /cormun/static/gxcfg.js?20177612134814 HTTP/1.1" 200 953
200.73.230.197 - - [19/Mar/2018:08:42:52 -0300] "GET /cormun/static/prfichaempleado.js?20177612134999 HTTP/1.1" 200 16006
200.120.230.197 - - [19/Mar/2018:08:43:00 -0300] "POST /cormun/servlet/trautorizarsolicitud?f5e5bf24a5f5f2e6a6ffd25d66da1c10,,gx-no-cache=1521459739012 HTTP/1.1" 200 90
200.120.230.197 - - [19/Mar/2018:08:43:00 -0300] "GET /cormun/servlet/hpexe_link HTTP/1.1" 200 970
200.120.230.197 - - [19/Mar/2018:08:43:01 -0300] "GET /cormun/servlet/trvisualizadoreventos? HTTP/1.1" 200 9448
200.120.230.197 - - [19/Mar/2018:08:43:02 -0300] "GET /cormun/servlet/trvisualizadoreventos? HTTP/1.1" 200 9447
200.120.230.197 - - [19/Mar/2018:08:43:04 -0300] "POST /cormun/servlet/trvisualizadoreventos?f5e5bf24a5f5f2e6a6ffd25d66da1c10,,gx-no-cache=1521459743368 HTTP/1.1" 200 90
200.120.230.197 - - [19/Mar/2018:08:43:05 -0300] "GET /cormun/servlet/hpexe_link HTTP/1.1" 200 965
200.120.230.197 - - [19/Mar/2018:08:43:05 -0300] "GET /cormun/servlet/trcontratounov2? HTTP/1.1" 200 17963
200.120.230.197 - - [19/Mar/2018:08:43:07 -0300] "GET /cormun/servlet/trcontratounov2? HTTP/1.1" 200 17939
200.73.230.197 - - [19/Mar/2018:08:43:08 -0300] "POST /cormun/servlet/prfichaempleado?df6eda8e966b76233dede6e8b0f04eac,,MD,,gxPopupLevel%3D0%3B,gx-no-cache=1521459737490 HTTP/1.1" 200 3417
192.168.10.62 - - [19/Mar/2018:08:43:09 -0300] "POST /cormun/servlet/solicitudotlog?f393f248b7dd55d1cd65639e50707783,INS,2018,9460,0,REC,,gx-no-cache=1521459623613 HTTP/1.1" 200 93
192.168.10.62 - - [19/Mar/2018:08:43:09 -0300] "GET /cormun/servlet/hpexe_return? HTTP/1.1" 200 1027
192.168.10.62 - - [19/Mar/2018:08:43:09 -0300] "GET /cormun/servlet/vesolicitudgral?2018,9460,, HTTP/1.1" 200 9065
192.168.10.62 - - [19/Mar/2018:08:43:09 -0300] "GET /cormun/pexe_scrolldiv.js HTTP/1.1" 404 1009
192.168.10.62 - - [19/Mar/2018:08:43:09 -0300] "GET /cormun/pexe_scrolldiv.js HTTP/1.1" 404 1009
192.168.10.62 - - [19/Mar/2018:08:43:10 -0300] "GET /cormun/servlet/vesolicitudgral?2018,9460,, HTTP/1.1" 200 9062
192.168.10.62 - - [19/Mar/2018:08:43:12 -0300] "POST /cormun/servlet/vesolicitudgral?f393f248b7dd55d1cd65639e50707783,2018,9460,,,gx-no-cache=1521459626694 HTTP/1.1" 200 90
192.168.10.62 - - [19/Mar/2018:08:43:12 -0300] "GET /cormun/servlet/hpexe_link HTTP/1.1" 200 965
192.168.10.62 - - [19/Mar/2018:08:43:13 -0300] "GET /cormun/servlet/trsolicitudgral HTTP/1.1" 200 26322
186.103.159.182 - - [19/Mar/2018:08:43:14 -0300] "GET /cormun/servlet/hlogin HTTP/1.1" 200 1720
192.168.10.62 - - [19/Mar/2018:08:43:14 -0300] "GET /cormun/servlet/trsolicitudgral HTTP/1.1" 200 26320
186.103.159.182 - - [19/Mar/2018:08:43:14 -0300] "GET /cormun/static/hlogin.js?20175251213537 HTTP/1.1" 200 2136
186.103.159.182 - - [19/Mar/2018:08:43:14 -0300] "GET /cormun/static/gxtimezone.js?85251 HTTP/1.1" 200 5781
186.103.159.182 - - [19/Mar/2018:08:43:14 -0300] "GET /cormun/static/gxcfg.js?20175251213516 HTTP/1.1" 200 953
186.103.159.182 - - [19/Mar/2018:08:43:14 -0300] "GET /cormun/static/messages.spa.js?85251 HTTP/1.1" 200 30736
186.103.159.182 - - [19/Mar/2018:08:43:14 -0300] "GET /cormun/static/Resources/Spanish/PXTools.css?11423723 HTTP/1.1" 200 89042
186.103.159.182 - - [19/Mar/2018:08:43:15 -0300] "GET /cormun/static/gxgral.js?85251 HTTP/1.1" 200 384558
186.103.159.182 - - [19/Mar/2018:08:43:15 -0300] "GET /cormun/static/Resources/ComunLogin.png HTTP/1.1" 200 17326
186.103.159.182 - - [19/Mar/2018:08:43:15 -0300] "GET /cormun/static/Resources/indicator.gif HTTP/1.1" 200 1553
186.103.159.182 - - [19/Mar/2018:08:43:21 -0300] "GET /cormun/servlet/solicitudotcontratos?INS,2018,0,8175791,7,6,2018,2920,LEY+SEP,,6,B, HTTP/1.1" 200 9987
186.103.159.182 - - [19/Mar/2018:08:43:21 -0300] "GET /cormun/static/calendar-system.css?85620 HTTP/1.1" 200 5572
186.103.159.182 - - [19/Mar/2018:08:43:21 -0300] "GET /cormun/static/gxcfg.js?2018191138350 HTTP/1.1" 200 953
186.103.159.182 - - [19/Mar/2018:08:43:21 -0300] "GET /cormun/static/solicitudotcontratos.js?20181911383611 HTTP/1.1" 200 43152
186.103.159.182 - - [19/Mar/2018:08:43:21 -0300] "GET /cormun/static/Resources/Spanish/PXTools.css?1255365 HTTP/1.1" 200 89042
186.103.159.182 - - [19/Mar/2018:08:43:22 -0300] "GET /cormun/static/Resources/prompt.gif HTTP/1.1" 200 902
186.103.159.182 - - [19/Mar/2018:08:43:22 -0300] "GET /cormun/static/Resources/PXTools/calendar.png HTTP/1.1" 200 1306
186.103.159.182 - - [19/Mar/2018:08:43:23 -0300] "GET /cormun/servlet/solicitudotcontratos?INS,2018,0,8175791,7,6,2018,2920,LEY+SEP,,6,B, HTTP/1.1" 200 10017
186.103.159.182 - - [19/Mar/2018:08:43:24 -0300] "GET /cormun/servlet/solicitudotcontratos?a3f9c758ff8e84b13ea1886379f699b0422654c26b9bee0b54d7707ce0be9e35a4a276e5bc1faa98c2b2126ba7e8312d,gx-no-cache=1521459753112 HTTP/1.1" 200 30
186.103.159.182 - - [19/Mar/2018:08:43:24 -0300] "GET /cormun/servlet/solicitudotcontratos?a3f9c758ff8e84b13ea1886379f699b0240cc27f6dfe7d2f4ed6376d7d0d6dc7c0e360f2ee8e25eca172cdc71e6d942e,gx-no-cache=1521459753232 HTTP/1.1" 200 30
186.103.159.182 - - [19/Mar/2018:08:43:24 -0300] "GET /cormun/servlet/solicitudotcontratos?a3f9c758ff8e84b13ea1886379f699b0ea98f779695b89633a6ed16f2ca71bf3460c4ddfa4fcfc2573403dc376b9e4976ab1b3ae0249ccfe0ec6f6a859e8a02dad0dd9376c29811e59bf64ff73fbb23c3a2885731068dfef52b1bdd04cc2407929aeb36107be5a8c6ede129cca5bb8bd39fe8afc80906dc9da810d834b61b25d,gx-no-cache=1521459753312 HTTP/1.1" 200 50
186.103.159.182 - - [19/Mar/2018:08:43:24 -0300] "GET /cormun/servlet/solicitudotcontratos?a3f9c758ff8e84b13ea1886379f699b08bf2f5379bc45ff88717214576128879ad58b3d9451480d515d461fa15059127,gx-no-cache=1521459753400 HTTP/1.1" 200 30
186.103.159.182 - - [19/Mar/2018:08:43:24 -0300] "GET /cormun/servlet/solicitudotcontratos?a3f9c758ff8e84b13ea1886379f699b02860be399123486a95efb0f127c7a952969042f0d8fecbebabfb6f3924b3611e590322babb2255eceea7aef9a16fba936798e0136566f6ecf63e7b4dc9953fff80b0f6e450f60634c065a24314df24133d78cca9dcd649540ec4aae59cfa5b2b,gx-no-cache=1521459753552 HTTP/1.1" 200 30
186.103.159.182 - - [19/Mar/2018:08:43:24 -0300] "GET /cormun/servlet/solicitudotcontratos?a3f9c758ff8e84b13ea1886379f699b010bbeb46f08fac7c0b27fddeae25adbc9e2fa49c33ee299cf0e157957f26b99821e45f8af48f42b6765c639415951ffc590322babb2255eceea7aef9a16fba936247c8ceaf80b6f47c2c550b727247761438baa48fc58cf55c6c3ad1c276ae2dfc9c7dcc726cbfd11b4fc4ea063300ed2cee252163083aecdc15321ba031828f3a985fc00a7f77c165b03be861160bfc21e45f8af48f42b6765c639415951ffc1ad15369b3ddbb3d8134b7acd63e662b34969f06293f8152bcfdc45a0b0f6218dcbf6ba6fa356afdf6e41432d3bf9d6a2633bbe4c1f6c01412b9200d35608e01020e24d3c60a4707a981f73894134bff8ce1d5e1a9c9b91e5f820c95d0abbf121f3ec4304ab17869a5dc9d0f686b7a03a52eaa130bd3bbc3b0dd39875ebd6d1f5def6de4098f64f3feb7de7b8378e1442c302bfb93e2e1b90367e3315713f1df0c232b415d904b0c32edcc3d28c6f5033e79a9e464551a7a70d8f4ad652f8439af18731acafed65c88cb3276d8256f5717528b7a56884d6863d8996f131b3114d8cc7dbc6aebd453aed2f742061dcf431f3d627372acbff83d2cc1133b0c5751,gx-no-cache=1521459753682 HTTP/1.1" 200 79
200.73.230.197 - - [19/Mar/2018:08:43:30 -0300] "GET /cormun/servlet/permisogoce?03dcb71c9ee207b0bf3e1ee374e5de68e6222f62e2821e687a819ae23a199b46fdd46ac5252e1541b5f52a07cc42d921a105a22992bd5c14b8644d79983fe4b1,gx-no-cache=1521459759486 HTTP/1.1" 200 81
200.73.230.197 - - [19/Mar/2018:08:43:30 -0300] "GET /cormun/static/menuarrow.gif HTTP/1.1" 404 1015
200.120.230.197 - - [19/Mar/2018:08:43:32 -0300] "GET /cormun/servlet/hlogin HTTP/1.1" 200 1738
200.73.230.197 - - [19/Mar/2018:08:43:39 -0300] "GET /cormun/servlet/permisogoce?03dcb71c9ee207b0bf3e1ee374e5de68af2ebc9f24a52c68fea68378fc54a7f31821cbe21d60e5bd009bfd16d333d1d75a43a242404143b587d20d4249f8bc49,gx-no-cache=1521459768335 HTTP/1.1" 200 46
192.168.10.97 - - [19/Mar/2018:08:43:41 -0300] "POST /cormun/servlet/trsolicitudgral?76c425b296f91a8360ff28eb08e26d60,,gx-no-cache=1521459777929 HTTP/1.1" 200 5930
200.73.230.197 - - [19/Mar/2018:08:43:45 -0300] "POST /cormun/servlet/permisogoce?df6eda8e966b76233dede6e8b0f04eac,INS,0,,,,gx-no-cache=1521459773664 HTTP/1.1" 200 93
200.73.230.197 - - [19/Mar/2018:08:43:45 -0300] "GET /cormun/servlet/hpexe_return? HTTP/1.1" 200 1009
200.73.230.197 - - [19/Mar/2018:08:43:45 -0300] "GET /cormun/static/gxcfg.js?2016101716175148 HTTP/1.1" 304 -
200.73.230.197 - - [19/Mar/2018:08:43:45 -0300] "GET /cormun/servlet/trpermisosgoce HTTP/1.1" 200 7702
200.73.230.197 - - [19/Mar/2018:08:43:47 -0300] "GET /cormun/servlet/trpermisosgoce HTTP/1.1" 200 7699
192.168.10.97 - - [19/Mar/2018:08:43:52 -0300] "POST /cormun/servlet/trsolicitudgral?76c425b296f91a8360ff28eb08e26d60,,gx-no-cache=1521459788699 HTTP/1.1" 200 8122
192.168.10.97 - - [19/Mar/2018:08:44:07 -0300] "GET /cormun/servlet/solicitudgral?UPD,2018,8264, HTTP/1.1" 200 12985
192.168.10.97 - - [19/Mar/2018:08:44:07 -0300] "GET /cormun/servlet/solicitudgral?UPD,2018,8264, HTTP/1.1" 200 12994
192.168.10.97 - - [19/Mar/2018:08:44:08 -0300] "POST /cormun/servlet/solicitudgral?gx-no-cache=1521459804649 HTTP/1.1" 200 3892
192.168.10.97 - - [19/Mar/2018:08:44:08 -0300] "GET /cormun/servlet/solicitudgral?f51c7139dc0c62aa6d129c5e9b38491ea63e1f7d45a28c0141bc8b516acafb0581bb10a76556f4078eefc48c3add188d036508cce68a1117c6d323b3ca9e05e83f1b1bc5503ad0e8a820dd40e35cc627fd42b1c798f72bb405bca0676391d583c5e9db506409b8db9798236fc9ef92d75fb402697af3c2d80fcedab898aa6a13012a658355e782f3842e8e5bbad53ef0692dd919f0e7ea5f79f7738412f2849abff1bab6081f231ce239f31b5e38fe19c5bb15de88fcd5549f2e30090dd5f8a2ed35b89c3e84ef08cde394a2c6fe60921d96f47dbe5931b5e06e40b6bc99c791a5ec9e26d172ca9f3a0442a8d056ac219c4b865b2f2a6f86594efa2133b32275bbf3ca9549a0433b69c1c312b19f4e8764066c69286cc812d6e2c6a087c172bc801a83e8172f7e9d742d98fa964699562c1455086b438c4dc1fac4004f16c2431ce918403b684be9c30e757ac0da016f,gx-no-cache=1521459804927 HTTP/1.1" 200 255
200.73.230.197 - - [19/Mar/2018:08:44:22 -0300] "GET /cormun/servlet/apermisogoceprn?15125678,P,20180319083949,PU HTTP/1.1" 200 1648
192.168.10.97 - - [19/Mar/2018:08:44:23 -0300] "POST /cormun/servlet/solicitudgral?76c425b296f91a8360ff28eb08e26d60,UPD,2018,8264,,gx-no-cache=1521459819663 HTTP/1.1" 200 93
192.168.10.97 - - [19/Mar/2018:08:44:23 -0300] "GET /cormun/servlet/hpexe_return? HTTP/1.1" 200 1019
192.168.10.97 - - [19/Mar/2018:08:44:23 -0300] "GET /cormun/static/gxcfg.js?2016101716175148 HTTP/1.1" 304 -
192.168.10.97 - - [19/Mar/2018:08:44:23 -0300] "GET /cormun/servlet/trsolicitudgral? HTTP/1.1" 200 11253
192.168.10.97 - - [19/Mar/2018:08:44:23 -0300] "GET /cormun/servlet/trsolicitudgral? HTTP/1.1" 200 11249
192.168.10.97 - - [19/Mar/2018:08:44:32 -0300] "POST /cormun/servlet/trsolicitudgral?76c425b296f91a8360ff28eb08e26d60,,gx-no-cache=1521459828715 HTTP/1.1" 200 6151
192.168.10.97 - - [19/Mar/2018:08:44:32 -0300] "GET /cormun/static/Shared/jqueryui/images/ui-bg_highlight-soft_100_c6c2c8_1x100.png HTTP/1.1" 404 1117
192.168.10.97 - - [19/Mar/2018:08:44:32 -0300] "GET /cormun/static/Shared/jqueryui/images/ui-icons_82798d_256x240.png HTTP/1.1" 404 1089
192.168.10.97 - - [19/Mar/2018:08:44:32 -0300] "GET /cormun/static/Shared/jqueryui/images/ui-icons_8d78a5_256x240.png HTTP/1.1" 404 1089
192.168.10.97 - - [19/Mar/2018:08:44:32 -0300] "GET /cormun/static/Shared/jqueryui/images/ui-bg_flat_55_fafafa_40x100.png HTTP/1.1" 404 1097
200.73.230.197 - - [19/Mar/2018:08:44:57 -0300] "GET /cormun/servlet/permisogoce?INS,0,,, HTTP/1.1" 200 6748
200.73.230.197 - - [19/Mar/2018:08:44:58 -0300] "GET /cormun/servlet/permisogoce?INS,0,,, HTTP/1.1" 200 6747
186.103.156.24 - - [19/Mar/2018:08:45:03 -0300] "GET /cormun/servlet/trlicencias? HTTP/1.1" 200 9510
186.103.156.24 - - [19/Mar/2018:08:45:03 -0300] "GET /cormun/static/gxcfg.js?20176272054169 HTTP/1.1" 304 -
186.103.156.24 - - [19/Mar/2018:08:45:03 -0300] "GET /cormun/static/calendar-setup.js?85251 HTTP/1.1" 304 -
186.103.156.24 - - [19/Mar/2018:08:45:03 -0300] "GET /cormun/static/calendar.js?85251 HTTP/1.1" 304 -
186.103.156.24 - - [19/Mar/2018:08:45:03 -0300] "GET /cormun/static/calendar-es.js?85251 HTTP/1.1" 304 -
186.103.156.24 - - [19/Mar/2018:08:45:03 -0300] "GET /cormun/static/gxdec.js?85251 HTTP/1.1" 304 -
186.103.156.24 - - [19/Mar/2018:08:45:04 -0300] "GET /cormun/servlet/trlicencias? HTTP/1.1" 200 9508
200.73.230.197 - - [19/Mar/2018:08:45:06 -0300] "GET /cormun/servlet/trpermisosgoce? HTTP/1.1" 200 7700
200.73.230.197 - - [19/Mar/2018:08:45:07 -0300] "GET /cormun/servlet/trpermisosgoce? HTTP/1.1" 200 7699
200.73.230.197 - - [19/Mar/2018:08:45:12 -0300] "GET /cormun/servlet/permisogoce?INS,0,,, HTTP/1.1" 200 6748
200.73.230.197 - - [19/Mar/2018:08:45:13 -0300] "GET /cormun/servlet/permisogoce?INS,0,,, HTTP/1.1" 200 6747
186.103.156.24 - - [19/Mar/2018:08:45:14 -0300] "GET /cormun/servlet/licenciaspermisos?INS,0,,, HTTP/1.1" 200 7765
186.103.156.24 - - [19/Mar/2018:08:45:14 -0300] "GET /cormun/static/gxcfg.js?201762917281167 HTTP/1.1" 304 -
186.103.156.24 - - [19/Mar/2018:08:45:14 -0300] "GET /cormun/servlet/licenciaspermisos?INS,0,,, HTTP/1.1" 200 7773
192.168.10.97 - - [19/Mar/2018:08:45:23 -0300] "GET /cormun/servlet/trautorizarsolicitud? HTTP/1.1" 200 7672
192.168.10.97 - - [19/Mar/2018:08:45:23 -0300] "GET /cormun/static/gxcfg.js?2017111423403364 HTTP/1.1" 304 -
192.168.10.97 - - [19/Mar/2018:08:45:24 -0300] "GET /cormun/servlet/trautorizarsolicitud? HTTP/1.1" 200 7671
200.73.230.197 - - [19/Mar/2018:08:45:39 -0300] "GET /cormun/servlet/prfichaempleado?,MD,,gxPopupLevel%3D0%3B HTTP/1.1" 200 9269
192.168.10.97 - - [19/Mar/2018:08:45:39 -0300] "GET /cormun/servlet/trvisualizargeneral? HTTP/1.1" 200 8147
192.168.10.97 - - [19/Mar/2018:08:45:39 -0300] "GET /cormun/static/gxcfg.js?201791313391558 HTTP/1.1" 200 953
192.168.10.97 - - [19/Mar/2018:08:45:39 -0300] "GET /cormun/static/trvisualizargeneral.js?201791313391856 HTTP/1.1" 200 25543
192.168.10.97 - - [19/Mar/2018:08:45:40 -0300] "GET /cormun/servlet/trvisualizargeneral? HTTP/1.1" 200 8146
192.168.10.97 - - [19/Mar/2018:08:45:41 -0300] "POST /cormun/servlet/acontrolpreferencessavestate?None,EQUINTEROS,true HTTP/1.1" 200 35
192.168.10.62 - - [19/Mar/2018:08:45:48 -0300] "GET /cormun/servlet/vesolicitudgral?2018,9997,, HTTP/1.1" 200 9044
192.168.10.62 - - [19/Mar/2018:08:45:48 -0300] "GET /cormun/pexe_scrolldiv.js HTTP/1.1" 404 1009
192.168.10.62 - - [19/Mar/2018:08:45:48 -0300] "GET /cormun/pexe_scrolldiv.js HTTP/1.1" 404 1009
192.168.10.62 - - [19/Mar/2018:08:45:49 -0300] "GET /cormun/servlet/vesolicitudgral?2018,9997,, HTTP/1.1" 200 9044
192.168.10.62 - - [19/Mar/2018:08:45:51 -0300] "POST /cormun/servlet/vesolicitudgral?f393f248b7dd55d1cd65639e50707783,2018,9997,,,gx-no-cache=1521459785737 HTTP/1.1" 200 115
192.168.10.62 - - [19/Mar/2018:08:45:51 -0300] "GET /cormun/servlet/solicitudotlog?INS,2018,9997,0,REC, HTTP/1.1" 200 6299
192.168.10.62 - - [19/Mar/2018:08:45:51 -0300] "GET /cormun/servlet/solicitudotlog?INS,2018,9997,0,REC, HTTP/1.1" 200 6293
200.73.230.197 - - [19/Mar/2018:08:45:52 -0300] "POST /cormun/servlet/prfichaempleado?df6eda8e966b76233dede6e8b0f04eac,,MD,,gxPopupLevel%3D0%3B,gx-no-cache=1521459901337 HTTP/1.1" 200 3478
192.168.10.62 - - [19/Mar/2018:08:45:52 -0300] "GET /cormun/servlet/solicitudotlog?82fa997e78dd8f5f746414074d973d2da71721969fac96f378ca1e3733e72582e150ed51f34d56a232c42197f97eb085e391cb03df37756b72071b89d15ac7172e6dce3eca92bb4801b0a061cfcf71425db8694e288166a893a73df31c0f45bc23d4e2a521f2ef5e8251e6ea2d8c4cb69ae5d717902391f5c9e61f3fa6b58983f0ba30712b27dfece80a3c402482d0f8c4a41c949f81fcfa1932aef82a7ef56c,gx-no-cache=1521459786704 HTTP/1.1" 200 94
200.73.230.197 - - [19/Mar/2018:08:46:02 -0300] "GET /cormun/servlet/permisogoce?03dcb71c9ee207b0bf3e1ee374e5de68b7d69a2df8ab7749ee484d943a022519fdd46ac5252e1541b5f52a07cc42d921a105a22992bd5c14b8644d79983fe4b1,gx-no-cache=1521459911723 HTTP/1.1" 200 78
200.73.230.197 - - [19/Mar/2018:08:46:02 -0300] "GET /cormun/static/menuarrow.gif HTTP/1.1" 404 1015
192.168.10.62 - - [19/Mar/2018:08:46:07 -0300] "POST /cormun/servlet/solicitudotlog?f393f248b7dd55d1cd65639e50707783,INS,2018,9997,0,REC,,gx-no-cache=1521459801588 HTTP/1.1" 200 93
192.168.10.62 - - [19/Mar/2018:08:46:07 -0300] "GET /cormun/servlet/hpexe_return? HTTP/1.1" 200 1026
192.168.10.62 - - [19/Mar/2018:08:46:07 -0300] "GET /cormun/servlet/vesolicitudgral?2018,9997,, HTTP/1.1" 200 9055
192.168.10.62 - - [19/Mar/2018:08:46:07 -0300] "GET /cormun/pexe_scrolldiv.js HTTP/1.1" 404 1009
192.168.10.62 - - [19/Mar/2018:08:46:07 -0300] "GET /cormun/pexe_scrolldiv.js HTTP/1.1" 404 1009
192.168.10.62 - - [19/Mar/2018:08:46:08 -0300] "GET /cormun/servlet/vesolicitudgral?2018,9997,, HTTP/1.1" 200 9048
192.168.10.62 - - [19/Mar/2018:08:46:09 -0300] "POST /cormun/servlet/vesolicitudgral?f393f248b7dd55d1cd65639e50707783,2018,9997,,,gx-no-cache=1521459803813 HTTP/1.1" 200 93
192.168.10.62 - - [19/Mar/2018:08:46:09 -0300] "GET /cormun/servlet/hpexe_return? HTTP/1.1" 200 1011
192.168.10.62 - - [19/Mar/2018:08:46:10 -0300] "GET /cormun/servlet/trsolicitudgral HTTP/1.1" 200 26019
192.168.10.62 - - [19/Mar/2018:08:46:11 -0300] "GET /cormun/servlet/trsolicitudgral HTTP/1.1" 200 26014
186.103.159.182 - - [19/Mar/2018:08:46:13 -0300] "POST /cormun/servlet/solicitudotcontratos?ecd278aaa7de697feabb8e2c76721273,INS,2018,0,8175791,7,6,2018,2920,LEY+SEP,,6,B,,gx-no-cache=1521459922066 HTTP/1.1" 200 10798
186.103.159.182 - - [19/Mar/2018:08:46:14 -0300] "POST /cormun/servlet/solicitudotcontratos?gx-no-cache=1521459922986 HTTP/1.1" 200 1322
186.103.159.182 - - [19/Mar/2018:08:46:14 -0300] "POST /cormun/servlet/solicitudotcontratos?gx-no-cache=1521459923214 HTTP/1.1" 200 1218
186.103.159.182 - - [19/Mar/2018:08:46:14 -0300] "GET /cormun/servlet/solicitudotcontratos?a3f9c758ff8e84b13ea1886379f699b0796ac518871b755a6ee92879db477f663a57def6b0d184178b534b18a24aa814b42446aa0f4e388d2b9122b2b31dae855a07ab1fa42d2c2251fcc282e68935965c26044c5bfd6bb29d29f3f65b5bd440a95154828308cd5c03324dd13c5b1f76a9db06b9a83c0876a852517f63da27e5,gx-no-cache=1521459923866 HTTP/1.1" 200 30
186.103.159.182 - - [19/Mar/2018:08:46:16 -0300] "POST /cormun/servlet/solicitudotcontratos?ecd278aaa7de697feabb8e2c76721273,INS,2018,0,8175791,7,6,2018,2920,LEY+SEP,,6,B,,gx-no-cache=1521459923964 HTTP/1.1" 200 93
186.103.159.182 - - [19/Mar/2018:08:46:16 -0300] "GET /cormun/servlet/hpexe_return? HTTP/1.1" 200 1042
186.103.159.182 - - [19/Mar/2018:08:46:16 -0300] "GET /cormun/static/hpexe_return.js?2016101716175153 HTTP/1.1" 200 1633
186.103.159.182 - - [19/Mar/2018:08:46:16 -0300] "GET /cormun/static/gxcfg.js?2016101716175148 HTTP/1.1" 200 953
186.103.159.182 - - [19/Mar/2018:08:46:17 -0300] "GET /cormun/static/Resources/Spanish/PXTools.css?167811 HTTP/1.1" 200 89042
186.103.159.182 - - [19/Mar/2018:08:46:17 -0300] "GET /cormun/servlet/trcontratosolicitud? HTTP/1.1" 200 14553
186.103.159.182 - - [19/Mar/2018:08:46:17 -0300] "GET /cormun/static/trcontratosolicitud.js?20177612214349 HTTP/1.1" 200 16384
186.103.159.182 - - [19/Mar/2018:08:46:18 -0300] "GET /cormun/static/Resources/PXToolsDataSearch.png HTTP/1.1" 200 419
186.103.159.182 - - [19/Mar/2018:08:46:18 -0300] "GET /cormun/static/Resources/PXToolsGridFirst.gif HTTP/1.1" 200 379
186.103.159.182 - - [19/Mar/2018:08:46:18 -0300] "GET /cormun/static/Resources/PXToolsGridPrevious.gif HTTP/1.1" 200 369
186.103.159.182 - - [19/Mar/2018:08:46:19 -0300] "GET /cormun/servlet/trcontratosolicitud? HTTP/1.1" 200 14539
192.168.10.97 - - [19/Mar/2018:08:46:22 -0300] "GET /cormun/servlet/trfuncionariobloqueados? HTTP/1.1" 200 10286
192.168.10.97 - - [19/Mar/2018:08:46:22 -0300] "GET /cormun/static/gxcfg.js?201812320593311 HTTP/1.1" 304 -
192.168.10.97 - - [19/Mar/2018:08:46:22 -0300] "GET /cormun/static/trfuncionariobloqueados.js?201812320593613 HTTP/1.1" 304 -
192.168.10.97 - - [19/Mar/2018:08:46:23 -0300] "GET /cormun/servlet/trfuncionariobloqueados? HTTP/1.1" 200 10285
200.73.230.197 - - [19/Mar/2018:08:46:31 -0300] "GET /cormun/servlet/permisogoce?03dcb71c9ee207b0bf3e1ee374e5de68ee84aaf7bb93258a84ec6d3b37b8d97bf7392acd8b25a89be35ac7de94b8c76b5a43a242404143b587d20d4249f8bc49,gx-no-cache=1521459940589 HTTP/1.1" 200 47
200.73.230.197 - - [19/Mar/2018:08:46:36 -0300] "POST /cormun/servlet/permisogoce?df6eda8e966b76233dede6e8b0f04eac,INS,0,,,,gx-no-cache=1521459944663 HTTP/1.1" 200 93
200.73.230.197 - - [19/Mar/2018:08:46:36 -0300] "GET /cormun/servlet/hpexe_return? HTTP/1.1" 200 1009
200.73.230.197 - - [19/Mar/2018:08:46:36 -0300] "GET /cormun/servlet/trpermisosgoce HTTP/1.1" 200 7976
200.73.230.197 - - [19/Mar/2018:08:46:37 -0300] "GET /cormun/servlet/trpermisosgoce HTTP/1.1" 200 7971
200.73.230.197 - - [19/Mar/2018:08:46:43 -0300] "GET /cormun/servlet/apermisogoceprn?12692670,P,20180319084226,PU HTTP/1.1" 200 1655
200.73.230.197 - - [19/Mar/2018:08:47:26 -0300] "GET /cormun/servlet/permisogoce?INS,0,,, HTTP/1.1" 200 6747
200.73.230.197 - - [19/Mar/2018:08:47:27 -0300] "GET /cormun/servlet/permisogoce?INS,0,,, HTTP/1.1" 200 6747
192.168.10.97 - - [19/Mar/2018:08:47:28 -0300] "GET /cormun/servlet/hlogin HTTP/1.1" 200 1731
192.168.10.97 - - [19/Mar/2018:08:47:29 -0300] "POST /cormun/servlet/hlogin?76c425b296f91a8360ff28eb08e26d60,gx-no-cache=1521460006118 HTTP/1.1" 200 90
192.168.10.97 - - [19/Mar/2018:08:47:29 -0300] "GET /cormun/servlet/hpexe_link HTTP/1.1" 200 970
192.168.10.97 - - [19/Mar/2018:08:47:30 -0300] "GET /cormun/servlet/trfuncionariobloqueados HTTP/1.1" 200 10287
192.168.10.97 - - [19/Mar/2018:08:47:30 -0300] "GET /cormun/servlet/trfuncionariobloqueados HTTP/1.1" 200 10285
192.168.10.56 - - [19/Mar/2018:08:47:37 -0300] "POST /cormun/servlet/trsolicitudgral?a1cb8ccf417638ad91ae69e448c4e8ff,gx-no-cache=1521459891609 HTTP/1.1" 200 5926
192.168.10.97 - - [19/Mar/2018:08:47:40 -0300] "GET /cormun/servlet/hlogin HTTP/1.1" 200 1731
192.168.10.97 - - [19/Mar/2018:08:47:41 -0300] "POST /cormun/servlet/hlogin?76c425b296f91a8360ff28eb08e26d60,gx-no-cache=1521460018196 HTTP/1.1" 200 90
192.168.10.97 - - [19/Mar/2018:08:47:41 -0300] "GET /cormun/servlet/hpexe_link HTTP/1.1" 200 970
192.168.10.97 - - [19/Mar/2018:08:47:42 -0300] "GET /cormun/servlet/trfuncionariobloqueados HTTP/1.1" 200 10287
192.168.10.56 - - [19/Mar/2018:08:47:42 -0300] "POST /cormun/servlet/trsolicitudgral?a1cb8ccf417638ad91ae69e448c4e8ff,gx-no-cache=1521459896401 HTTP/1.1" 200 10001
192.168.10.97 - - [19/Mar/2018:08:47:42 -0300] "GET /cormun/servlet/trfuncionariobloqueados HTTP/1.1" 200 10285
200.73.230.197 - - [19/Mar/2018:08:47:43 -0300] "GET /cormun/servlet/prfichaempleado?,MD,,gxPopupLevel%3D0%3B HTTP/1.1" 200 9269
192.168.10.97 - - [19/Mar/2018:08:47:48 -0300] "GET /cormun/servlet/trfuncionariobloqueados? HTTP/1.1" 200 10285
192.168.10.97 - - [19/Mar/2018:08:47:48 -0300] "GET /cormun/servlet/trfuncionariobloqueados? HTTP/1.1" 200 10285
200.73.230.197 - - [19/Mar/2018:08:47:59 -0300] "POST /cormun/servlet/prfichaempleado?df6eda8e966b76233dede6e8b0f04eac,,MD,,gxPopupLevel%3D0%3B,gx-no-cache=1521460028023 HTTP/1.1" 200 3418
192.168.10.97 - - [19/Mar/2018:08:48:00 -0300] "GET /cormun/servlet/funcionariobloqueados?INS,0, HTTP/1.1" 200 5799
192.168.10.97 - - [19/Mar/2018:08:48:00 -0300] "GET /cormun/static/gxcfg.js?2018123205875 HTTP/1.1" 200 953
192.168.10.97 - - [19/Mar/2018:08:48:00 -0300] "GET /cormun/static/Resources/prompt.gif HTTP/1.1" 200 902
192.168.10.97 - - [19/Mar/2018:08:48:00 -0300] "GET /cormun/static/funcionariobloqueados.js?20181232058712 HTTP/1.1" 200 6850
192.168.10.97 - - [19/Mar/2018:08:48:00 -0300] "GET /cormun/servlet/funcionariobloqueados?INS,0, HTTP/1.1" 200 5799
192.168.10.97 - - [19/Mar/2018:08:48:04 -0300] "POST /cormun/servlet/funcionariobloqueados?76c425b296f91a8360ff28eb08e26d60,INS,0,,gx-no-cache=1521460040875 HTTP/1.1" 200 93
192.168.10.97 - - [19/Mar/2018:08:48:04 -0300] "GET /cormun/servlet/hpexe_return? HTTP/1.1" 200 1017
192.168.10.97 - - [19/Mar/2018:08:48:04 -0300] "GET /cormun/servlet/trfuncionariobloqueados HTTP/1.1" 200 10290
192.168.10.97 - - [19/Mar/2018:08:48:05 -0300] "GET /cormun/servlet/trfuncionariobloqueados HTTP/1.1" 200 10285
200.73.230.197 - - [19/Mar/2018:08:48:07 -0300] "GET /cormun/servlet/permisogoce?03dcb71c9ee207b0bf3e1ee374e5de682a210fbf5e146958ec80c454c03640a5fdd46ac5252e1541b5f52a07cc42d921a105a22992bd5c14b8644d79983fe4b1,gx-no-cache=1521460036603 HTTP/1.1" 200 77
200.73.230.197 - - [19/Mar/2018:08:48:07 -0300] "GET /cormun/static/menuarrow.gif HTTP/1.1" 404 1015
192.168.10.97 - - [19/Mar/2018:08:48:13 -0300] "GET /cormun/servlet/funcionariobloqueados?INS,0, HTTP/1.1" 200 5799
192.168.10.97 - - [19/Mar/2018:08:48:13 -0300] "GET /cormun/servlet/funcionariobloqueados?INS,0, HTTP/1.1" 200 5799
200.73.230.197 - - [19/Mar/2018:08:48:13 -0300] "GET /cormun/servlet/permisogoce?03dcb71c9ee207b0bf3e1ee374e5de68e74408de68adfc38970f96a0146aab6d581680df05f7ccaf3480235f6629a4fb5a43a242404143b587d20d4249f8bc49,gx-no-cache=1521460042877 HTTP/1.1" 200 47
186.103.159.182 - - [19/Mar/2018:08:48:14 -0300] "GET /cormun/servlet/hlogin HTTP/1.1" 200 1713
186.103.159.182 - - [19/Mar/2018:08:48:15 -0300] "GET /cormun/static/gxtimezone.js?85251 HTTP/1.1" 200 5781
186.103.159.182 - - [19/Mar/2018:08:48:15 -0300] "GET /cormun/static/gxcfg.js?20175251213516 HTTP/1.1" 200 953
186.103.159.182 - - [19/Mar/2018:08:48:15 -0300] "GET /cormun/static/hlogin.js?20175251213537 HTTP/1.1" 200 2136
186.103.159.182 - - [19/Mar/2018:08:48:15 -0300] "GET /cormun/static/messages.spa.js?85251 HTTP/1.1" 200 30736
186.103.159.182 - - [19/Mar/2018:08:48:15 -0300] "GET /cormun/static/Resources/Spanish/PXTools.css?11423723 HTTP/1.1" 200 89042
186.103.159.182 - - [19/Mar/2018:08:48:15 -0300] "GET /cormun/servlet/solicitudotcontratos?INS,2018,0,8175791,7,6,2018,2920,LEY+SEP,,6,B, HTTP/1.1" 200 9987
192.168.10.97 - - [19/Mar/2018:08:48:15 -0300] "GET /cormun/servlet/funcionariobloqueados?21d03dee719f0a37c9eb47cf8dd3763f8d29c692d46cd866985d62af236a7f2d,gx-no-cache=1521460051657 HTTP/1.1" 200 127
192.168.10.97 - - [19/Mar/2018:08:48:15 -0300] "GET /cormun/static/Shared/jqueryui/images/ui-bg_highlight-soft_100_c6c2c8_1x100.png HTTP/1.1" 404 1117
192.168.10.97 - - [19/Mar/2018:08:48:15 -0300] "GET /cormun/static/Shared/jqueryui/images/ui-icons_82798d_256x240.png HTTP/1.1" 404 1089
192.168.10.97 - - [19/Mar/2018:08:48:15 -0300] "GET /cormun/static/Shared/jqueryui/images/ui-bg_flat_55_994d53_40x100.png HTTP/1.1" 404 1097
192.168.10.97 - - [19/Mar/2018:08:48:15 -0300] "GET /cormun/static/Shared/jqueryui/images/ui-icons_ebccce_256x240.png HTTP/1.1" 404 1089
192.168.10.97 - - [19/Mar/2018:08:48:15 -0300] "POST /cormun/servlet/funcionariobloqueados?76c425b296f91a8360ff28eb08e26d60,INS,0,,gx-no-cache=1521460051686 HTTP/1.1" 200 4018
186.103.159.182 - - [19/Mar/2018:08:48:16 -0300] "GET /cormun/static/Resources/PXTools/calendar.png HTTP/1.1" 200 1306
186.103.159.182 - - [19/Mar/2018:08:48:16 -0300] "GET /cormun/static/gxgral.js?85251 HTTP/1.1" 200 384558
186.103.159.182 - - [19/Mar/2018:08:48:16 -0300] "GET /cormun/static/Resources/ComunLogin.png HTTP/1.1" 200 17326
186.103.159.182 - - [19/Mar/2018:08:48:16 -0300] "GET /cormun/static/Resources/indicator.gif HTTP/1.1" 200 1553
186.103.159.182 - - [19/Mar/2018:08:48:16 -0300] "GET /cormun/static/Resources/PXToolsLoginTop.png HTTP/1.1" 200 1337
186.103.159.182 - - [19/Mar/2018:08:48:16 -0300] "GET /cormun/static/Resources/PXToolsButtonLeft21.png HTTP/1.1" 200 1287
186.103.159.182 - - [19/Mar/2018:08:48:16 -0300] "GET /cormun/static/Resources/PXToolsButtonRight21.png HTTP/1.1" 200 1283
186.103.159.182 - - [19/Mar/2018:08:48:16 -0300] "GET /cormun/static/Resources/PXToolsLoginBottom.png HTTP/1.1" 200 1389
186.103.159.182 - - [19/Mar/2018:08:48:16 -0300] "GET /cormun/servlet/solicitudotcontratos?INS,2018,0,8175791,7,6,2018,2920,LEY+SEP,,6,B, HTTP/1.1" 200 10018
186.103.159.182 - - [19/Mar/2018:08:48:17 -0300] "GET /cormun/static/Resources/PXToolsButtonBackground2.png HTTP/1.1" 200 1181
186.103.159.182 - - [19/Mar/2018:08:48:17 -0300] "GET /cormun/static/Resources/PXToolsLoginBackground.png HTTP/1.1" 200 1164
186.103.159.182 - - [19/Mar/2018:08:48:17 -0300] "GET /cormun/servlet/solicitudotcontratos?a3f9c758ff8e84b13ea1886379f699b0422654c26b9bee0b54d7707ce0be9e35a4a276e5bc1faa98c2b2126ba7e8312d,gx-no-cache=1521460046252 HTTP/1.1" 200 30
200.73.230.197 - - [19/Mar/2018:08:48:17 -0300] "POST /cormun/servlet/permisogoce?df6eda8e966b76233dede6e8b0f04eac,INS,0,,,,gx-no-cache=1521460046340 HTTP/1.1" 200 93
186.103.159.182 - - [19/Mar/2018:08:48:17 -0300] "GET /cormun/servlet/solicitudotcontratos?a3f9c758ff8e84b13ea1886379f699b0240cc27f6dfe7d2f4ed6376d7d0d6dc7c0e360f2ee8e25eca172cdc71e6d942e,gx-no-cache=1521460046652 HTTP/1.1" 200 30
186.103.159.182 - - [19/Mar/2018:08:48:18 -0300] "GET /cormun/servlet/solicitudotcontratos?a3f9c758ff8e84b13ea1886379f699b0ea98f779695b89633a6ed16f2ca71bf3460c4ddfa4fcfc2573403dc376b9e4976ab1b3ae0249ccfe0ec6f6a859e8a02dad0dd9376c29811e59bf64ff73fbb23c3a2885731068dfef52b1bdd04cc2407929aeb36107be5a8c6ede129cca5bb8bd39fe8afc80906dc9da810d834b61b25d,gx-no-cache=1521460047134 HTTP/1.1" 200 50
200.73.230.197 - - [19/Mar/2018:08:48:18 -0300] "GET /cormun/servlet/hpexe_return? HTTP/1.1" 200 1009
186.103.159.182 - - [19/Mar/2018:08:48:18 -0300] "GET /cormun/servlet/solicitudotcontratos?a3f9c758ff8e84b13ea1886379f699b08bf2f5379bc45ff88717214576128879ad58b3d9451480d515d461fa15059127,gx-no-cache=1521460047290 HTTP/1.1" 200 30
186.103.159.182 - - [19/Mar/2018:08:48:18 -0300] "GET /cormun/servlet/solicitudotcontratos?a3f9c758ff8e84b13ea1886379f699b02860be399123486a95efb0f127c7a952969042f0d8fecbebabfb6f3924b3611e590322babb2255eceea7aef9a16fba936798e0136566f6ecf63e7b4dc9953fff80b0f6e450f60634c065a24314df24133d78cca9dcd649540ec4aae59cfa5b2b,gx-no-cache=1521460047474 HTTP/1.1" 200 30
192.168.10.97 - - [19/Mar/2018:08:48:18 -0300] "POST /cormun/servlet/funcionariobloqueados?76c425b296f91a8360ff28eb08e26d60,INS,0,,gx-no-cache=1521460054788 HTTP/1.1" 200 93
192.168.10.97 - - [19/Mar/2018:08:48:18 -0300] "GET /cormun/servlet/hpexe_return? HTTP/1.1" 200 1017
200.73.230.197 - - [19/Mar/2018:08:48:18 -0300] "GET /cormun/servlet/trpermisosgoce HTTP/1.1" 200 8232
192.168.10.97 - - [19/Mar/2018:08:48:18 -0300] "GET /cormun/servlet/trfuncionariobloqueados HTTP/1.1" 200 10290
192.168.10.97 - - [19/Mar/2018:08:48:18 -0300] "GET /cormun/servlet/trfuncionariobloqueados HTTP/1.1" 200 10285
186.103.159.182 - - [19/Mar/2018:08:48:19 -0300] "GET /cormun/servlet/solicitudotcontratos?a3f9c758ff8e84b13ea1886379f699b010bbeb46f08fac7c0b27fddeae25adbc9e2fa49c33ee299cf0e157957f26b99821e45f8af48f42b6765c639415951ffc590322babb2255eceea7aef9a16fba936247c8ceaf80b6f47c2c550b727247761438baa48fc58cf55c6c3ad1c276ae2dfc9c7dcc726cbfd11b4fc4ea063300ed2cee252163083aecdc15321ba031828f3a985fc00a7f77c165b03be861160bfc21e45f8af48f42b6765c639415951ffc1ad15369b3ddbb3d8134b7acd63e662b34969f06293f8152bcfdc45a0b0f6218dcbf6ba6fa356afdf6e41432d3bf9d6a2633bbe4c1f6c01412b9200d35608e01020e24d3c60a4707a981f73894134bff8ce1d5e1a9c9b91e5f820c95d0abbf121f3ec4304ab17869a5dc9d0f686b7a03a52eaa130bd3bbc3b0dd39875ebd6d1f5def6de4098f64f3feb7de7b8378e1442c302bfb93e2e1b90367e3315713f1df0c232b415d904b0c32edcc3d28c6f5033e79a9e464551a7a70d8f4ad652f8439af18731acafed65c88cb3276d8256f5717528b7a56884d6863d8996f131b3114d8cc7dbc6aebd453aed2f742061dcf431f3d627372acbff83d2cc1133b0c5751,gx-no-cache=1521460047668 HTTP/1.1" 200 79
200.73.230.197 - - [19/Mar/2018:08:48:19 -0300] "GET /cormun/servlet/trpermisosgoce HTTP/1.1" 200 8224
186.103.159.182 - - [19/Mar/2018:08:48:21 -0300] "POST /cormun/servlet/solicitudotcontratos?ecd278aaa7de697feabb8e2c76721273,INS,2018,0,8175791,7,6,2018,2920,LEY+SEP,,6,B,,gx-no-cache=1521460050064 HTTP/1.1" 200 10802
192.168.10.97 - - [19/Mar/2018:08:48:22 -0300] "GET /cormun/servlet/funcionariobloqueados?DLT,8181938, HTTP/1.1" 200 5906
192.168.10.97 - - [19/Mar/2018:08:48:22 -0300] "GET /cormun/static/Shared/jqueryui/images/ui-icons_82798d_256x240.png HTTP/1.1" 404 1089
192.168.10.97 - - [19/Mar/2018:08:48:22 -0300] "GET /cormun/static/Shared/jqueryui/images/ui-bg_highlight-soft_100_c6c2c8_1x100.png HTTP/1.1" 404 1117
192.168.10.97 - - [19/Mar/2018:08:48:22 -0300] "GET /cormun/static/Shared/jqueryui/images/ui-bg_flat_55_fafafa_40x100.png HTTP/1.1" 404 1097
192.168.10.97 - - [19/Mar/2018:08:48:22 -0300] "GET /cormun/static/Shared/jqueryui/images/ui-icons_8d78a5_256x240.png HTTP/1.1" 404 1089
192.168.10.97 - - [19/Mar/2018:08:48:22 -0300] "GET /cormun/servlet/funcionariobloqueados?DLT,8181938, HTTP/1.1" 200 5905
186.103.159.182 - - [19/Mar/2018:08:48:23 -0300] "POST /cormun/servlet/solicitudotcontratos?gx-no-cache=1521460051054 HTTP/1.1" 200 1322
186.103.159.182 - - [19/Mar/2018:08:48:23 -0300] "POST /cormun/servlet/solicitudotcontratos?gx-no-cache=1521460052372 HTTP/1.1" 200 1218
200.73.230.197 - - [19/Mar/2018:08:48:23 -0300] "GET /cormun/servlet/apermisogoceprn?14202567,P,20180319084440,PU HTTP/1.1" 200 1658
186.103.159.182 - - [19/Mar/2018:08:48:23 -0300] "GET /cormun/static/menuarrow.gif HTTP/1.1" 404 1015
192.168.10.97 - - [19/Mar/2018:08:48:26 -0300] "POST /cormun/servlet/funcionariobloqueados?76c425b296f91a8360ff28eb08e26d60,DLT,8181938,,gx-no-cache=1521460062379 HTTP/1.1" 200 93
192.168.10.97 - - [19/Mar/2018:08:48:26 -0300] "GET /cormun/servlet/hpexe_return? HTTP/1.1" 200 1024
192.168.10.97 - - [19/Mar/2018:08:48:26 -0300] "GET /cormun/servlet/trfuncionariobloqueados HTTP/1.1" 200 10290
192.168.10.97 - - [19/Mar/2018:08:48:26 -0300] "GET /cormun/servlet/trfuncionariobloqueados HTTP/1.1" 200 10285
186.103.159.182 - - [19/Mar/2018:08:48:29 -0300] "POST /cormun/servlet/solicitudotcontratos?gx-no-cache=1521460058564 HTTP/1.1" 200 1322
186.103.159.182 - - [19/Mar/2018:08:48:30 -0300] "POST /cormun/servlet/solicitudotcontratos?gx-no-cache=1521460058908 HTTP/1.1" 200 1218
186.103.159.182 - - [19/Mar/2018:08:48:43 -0300] "GET /cormun/servlet/solicitudotcontratos?a3f9c758ff8e84b13ea1886379f699b0796ac518871b755a6ee92879db477f663a57def6b0d184178b534b18a24aa814b42446aa0f4e388d2b9122b2b31dae855a07ab1fa42d2c2251fcc282e68935965c26044c5bfd6bb29d29f3f65b5bd440a95154828308cd5c03324dd13c5b1f76a9db06b9a83c0876a852517f63da27e5,gx-no-cache=1521460072020 HTTP/1.1" 200 30
186.103.159.182 - - [19/Mar/2018:08:48:44 -0300] "POST /cormun/servlet/solicitudotcontratos?ecd278aaa7de697feabb8e2c76721273,INS,2018,0,8175791,7,6,2018,2920,LEY+SEP,,6,B,,gx-no-cache=1521460072158 HTTP/1.1" 200 93
186.103.159.182 - - [19/Mar/2018:08:48:44 -0300] "GET /cormun/servlet/hpexe_return? HTTP/1.1" 200 1041
186.103.159.182 - - [19/Mar/2018:08:48:44 -0300] "GET /cormun/servlet/trcontratosolicitud HTTP/1.1" 200 14567
186.103.159.182 - - [19/Mar/2018:08:48:46 -0300] "GET /cormun/servlet/trcontratosolicitud HTTP/1.1" 200 14565
192.168.10.97 - - [19/Mar/2018:08:49:00 -0300] "GET /cormun/servlet/hlogin HTTP/1.1" 200 1722
192.168.10.97 - - [19/Mar/2018:08:49:01 -0300] "POST /cormun/servlet/hlogin?2e64f380f9bcde0d387856e0e7cb3dca,gx-no-cache=1521460098174 HTTP/1.1" 200 90
192.168.10.97 - - [19/Mar/2018:08:49:01 -0300] "GET /cormun/servlet/hpexe_link HTTP/1.1" 200 950
192.168.10.97 - - [19/Mar/2018:08:49:02 -0300] "GET /cormun/servlet/hhome HTTP/1.1" 200 4568
192.168.10.97 - - [19/Mar/2018:08:49:02 -0300] "GET /cormun/servlet/hhome HTTP/1.1" 200 4566
192.168.10.97 - - [19/Mar/2018:08:49:08 -0300] "GET /cormun/servlet/trsolicitudgral? HTTP/1.1" 200 9071
192.168.10.97 - - [19/Mar/2018:08:49:08 -0300] "GET /cormun/servlet/trsolicitudgral? HTTP/1.1" 200 9070
186.103.159.182 - - [19/Mar/2018:08:49:22 -0300] "POST /cormun/servlet/trcontratosolicitud?ecd278aaa7de697feabb8e2c76721273,gx-no-cache=1521460109660 HTTP/1.1" 200 12200
192.168.10.97 - - [19/Mar/2018:08:49:27 -0300] "POST /cormun/servlet/trsolicitudgral?2e64f380f9bcde0d387856e0e7cb3dca,,gx-no-cache=1521460124245 HTTP/1.1" 200 5916
192.168.10.56 - - [19/Mar/2018:08:49:58 -0300] "POST /cormun/servlet/trsolicitudgral?a1cb8ccf417638ad91ae69e448c4e8ff,gx-no-cache=1521460032518 HTTP/1.1" 200 5924
192.168.10.56 - - [19/Mar/2018:08:50:06 -0300] "POST /cormun/servlet/trsolicitudgral?a1cb8ccf417638ad91ae69e448c4e8ff,gx-no-cache=1521460040394 HTTP/1.1" 200 5919
192.168.10.56 - - [19/Mar/2018:08:50:11 -0300] "GET /cormun/servlet/hlogin HTTP/1.1" 200 1731
192.168.10.56 - - [19/Mar/2018:08:50:15 -0300] "POST /cormun/servlet/hlogin?a1cb8ccf417638ad91ae69e448c4e8ff,gx-no-cache=1521460049628 HTTP/1.1" 200 90
192.168.10.56 - - [19/Mar/2018:08:50:15 -0300] "GET /cormun/servlet/hpexe_link HTTP/1.1" 200 945
192.168.10.56 - - [19/Mar/2018:08:50:15 -0300] "GET /cormun/servlet/hhome HTTP/1.1" 200 3830
192.168.10.56 - - [19/Mar/2018:08:50:15 -0300] "GET /cormun/servlet/hhome HTTP/1.1" 200 3826
192.168.10.56 - - [19/Mar/2018:08:50:18 -0300] "GET /cormun/servlet/trautorizarot? HTTP/1.1" 200 12326
192.168.10.56 - - [19/Mar/2018:08:50:18 -0300] "GET /cormun/static/gxcfg.js?201711151294486 HTTP/1.1" 304 -
192.168.10.56 - - [19/Mar/2018:08:50:18 -0300] "GET /cormun/servlet/trautorizarot? HTTP/1.1" 200 12323
186.103.156.24 - - [19/Mar/2018:08:50:23 -0300] "GET /cormun/servlet/licenciaspermisos?39fd51248d8d6d6e262e7c49bbd1db90ccc7814f4bdbe1cdc754585455b4224de3fcf09e24afeb3723e6b0ca8ca64e19,gx-no-cache=1521460172452 HTTP/1.1" 200 97
186.103.156.24 - - [19/Mar/2018:08:50:24 -0300] "POST /cormun/servlet/licenciaspermisos?dd2aac50cee4d5e1a17545a8b9fb2245,INS,0,,,,gx-no-cache=1521460172610 HTTP/1.1" 200 4895
192.168.10.56 - - [19/Mar/2018:08:50:24 -0300] "GET /cormun/static/menuarrow.gif HTTP/1.1" 404 1015
192.168.10.56 - - [19/Mar/2018:08:50:30 -0300] "POST /cormun/servlet/trautorizarot?a1cb8ccf417638ad91ae69e448c4e8ff,,gx-no-cache=1521460064053 HTTP/1.1" 200 14951
192.168.10.56 - - [19/Mar/2018:08:50:44 -0300] "POST /cormun/servlet/trautorizarot?a1cb8ccf417638ad91ae69e448c4e8ff,,gx-no-cache=1521460078734 HTTP/1.1" 200 115
192.168.10.56 - - [19/Mar/2018:08:50:44 -0300] "GET /cormun/servlet/solicitudotlog?INS,2018,8264,0,APR, HTTP/1.1" 200 5650
192.168.10.56 - - [19/Mar/2018:08:50:44 -0300] "GET /cormun/servlet/solicitudotlog?INS,2018,8264,0,APR, HTTP/1.1" 200 5650
192.168.10.56 - - [19/Mar/2018:08:50:45 -0300] "GET /cormun/servlet/solicitudotlog?345ec90b37060adfa7ea94da059c0eb5cefda1a710e5c1a2f9b7306f04559ca69d886418793e5387b0512c71a403edf5b992218780739e16d357ba962864cc5a58141a4137579d506edf7fbf8215e347cc7d480a1b6931c06f15576afb0e4717b52eb5af7db357c56333945fd399c1c0631590160c8d276cc666ec6ad16c659209313bbfdfe16c200287c43cabed96204e6be6e6b6fe6e04fec8cd3d15412de3,gx-no-cache=1521460079576 HTTP/1.1" 200 94
186.103.156.24 - - [19/Mar/2018:08:50:45 -0300] "GET /cormun/static/menuarrow.gif HTTP/1.1" 404 1015
192.168.10.56 - - [19/Mar/2018:08:50:55 -0300] "POST /cormun/servlet/solicitudotlog?a1cb8ccf417638ad91ae69e448c4e8ff,INS,2018,8264,0,APR,,gx-no-cache=1521460089354 HTTP/1.1" 200 93
192.168.10.56 - - [19/Mar/2018:08:50:55 -0300] "GET /cormun/servlet/hpexe_return? HTTP/1.1" 200 1021
192.168.10.56 - - [19/Mar/2018:08:50:55 -0300] "GET /cormun/servlet/trautorizarot? HTTP/1.1" 200 17584
192.168.10.56 - - [19/Mar/2018:08:50:56 -0300] "GET /cormun/servlet/trautorizarot? HTTP/1.1" 200 17580
192.168.10.56 - - [19/Mar/2018:08:51:00 -0300] "POST /cormun/servlet/trautorizarot?a1cb8ccf417638ad91ae69e448c4e8ff,,gx-no-cache=1521460094251 HTTP/1.1" 200 115
192.168.10.56 - - [19/Mar/2018:08:51:00 -0300] "GET /cormun/servlet/solicitudotlog?INS,2018,8097,0,APR, HTTP/1.1" 200 5649
192.168.10.56 - - [19/Mar/2018:08:51:00 -0300] "GET /cormun/servlet/solicitudotlog?INS,2018,8097,0,APR, HTTP/1.1" 200 5649
192.168.10.56 - - [19/Mar/2018:08:51:00 -0300] "GET /cormun/servlet/solicitudotlog?345ec90b37060adfa7ea94da059c0eb5f517682f3dfbd6b70d132c7f684322e89d886418793e5387b0512c71a403edf5b992218780739e16d357ba962864cc5a58141a4137579d506edf7fbf8215e347cc7d480a1b6931c06f15576afb0e4717b52eb5af7db357c56333945fd399c1c0631590160c8d276cc666ec6ad16c659209313bbfdfe16c200287c43cabed96204e6be6e6b6fe6e04fec8cd3d15412de3,gx-no-cache=1521460095101 HTTP/1.1" 200 94
192.168.10.56 - - [19/Mar/2018:08:51:12 -0300] "POST /cormun/servlet/solicitudotlog?a1cb8ccf417638ad91ae69e448c4e8ff,INS,2018,8097,0,APR,,gx-no-cache=1521460107066 HTTP/1.1" 200 93
192.168.10.56 - - [19/Mar/2018:08:51:12 -0300] "GET /cormun/servlet/hpexe_return? HTTP/1.1" 200 1020
192.168.10.56 - - [19/Mar/2018:08:51:13 -0300] "GET /cormun/servlet/trautorizarot HTTP/1.1" 200 17176
192.168.10.56 - - [19/Mar/2018:08:51:14 -0300] "GET /cormun/servlet/trautorizarot HTTP/1.1" 200 17171
192.168.10.56 - - [19/Mar/2018:08:51:19 -0300] "POST /cormun/servlet/trautorizarot?a1cb8ccf417638ad91ae69e448c4e8ff,gx-no-cache=1521460113419 HTTP/1.1" 200 115
192.168.10.56 - - [19/Mar/2018:08:51:19 -0300] "GET /cormun/servlet/solicitudotlog?INS,2018,8090,0,APR, HTTP/1.1" 200 5649
192.168.10.56 - - [19/Mar/2018:08:51:19 -0300] "GET /cormun/servlet/solicitudotlog?INS,2018,8090,0,APR, HTTP/1.1" 200 5649
