186.79.189.15 - - [19/Mar/2018:17:48:35 -0300] "GET /cormun/servlet/solicitudot?c968511eaf1922b32fb406fb1c4c844bdf676a09edaa9d2ca8234f72061a80bfccc15e2eb40c1d07cbeb9f4e808c1447bd19c72733c75e10713b01a73525df03abe2271ff7c6a9a9872733a1eff824d92190ed8491336dffad47a4e1f5f5d8e72d0465c3ca635c9889f81208e5bd092eb4509987308a79d074a39b1ad5bfde4102eaa659d97e7353a9090f8dfb16fd010d5be3b7d836e0baa5d1f9105b5437e20e210508685986474d7a6fd0701046b35f030f18f7c7b7b50ad1820ce23bfb4f4d5c535a295d3c025d8792098b6ac703a876a917d23247f6e26d6cf24848b5aff65a4675c044588818e9c60ab666cfdd8e9d0ed7cec37fb4a093c2e45d538eaa95e0aaef17a7a7d2821ebc5389b7b447b144b77e626f0de12f1f79ebff2085a2f3187e132e7f6c29a5350dd55c3149c2a4b01823ddacee7116d7e0a09096f580df14d71dedd19539e638fa21596ea74220bbddaff7107a3df1382b0090d48e315887cb259f0a8949905e6573c41b46cc330e1150b52206e3fd416733e5ca4208a13f39c17969a47354743802db85004b,gx-no-cache=1521492464161 HTTP/1.1" 200 30
186.79.189.15 - - [19/Mar/2018:17:48:38 -0300] "POST /cormun/servlet/solicitudot?gx-no-cache=1521492468231 HTTP/1.1" 200 30
186.103.159.182 - - [19/Mar/2018:17:48:41 -0300] "GET /cormun/servlet/solicitudotadjuntos?c552deb3dc3fbc73ea03b716a783b3fe3742c5110ad44db679bdafa5261f75ca,gx-no-cache=1521492470352 HTTP/1.1" 200 30
186.103.159.182 - - [19/Mar/2018:17:48:41 -0300] "GET /cormun/servlet/solicitudotadjuntos?c552deb3dc3fbc73ea03b716a783b3fe3742c5110ad44db679bdafa5261f75ca,gx-no-cache=1521492470475 HTTP/1.1" 200 30
186.79.189.15 - - [19/Mar/2018:17:48:47 -0300] "POST /cormun/servlet/solicitudot?gx-no-cache=1521492476694 HTTP/1.1" 200 1333
186.79.189.15 - - [19/Mar/2018:17:48:48 -0300] "POST /cormun/servlet/solicitudot?gx-no-cache=1521492477332 HTTP/1.1" 200 38
186.103.159.182 - - [19/Mar/2018:17:49:06 -0300] "POST /cormun/servlet/solicitudotadjuntos?88422002402dc28fd01734fae4f95b20,INS,2018,10514,,1, HTTP/1.1" 200 116
186.103.159.182 - - [19/Mar/2018:17:49:06 -0300] "GET /cormun/servlet/hpexe_return? HTTP/1.1" 200 1036
186.103.159.182 - - [19/Mar/2018:17:49:07 -0300] "GET /cormun/servlet/vesolicitudot?2018,10514,,SolicitudOTAdjuntos HTTP/1.1" 200 10061
186.103.159.182 - - [19/Mar/2018:17:49:07 -0300] "GET /cormun/pexe_scrolldiv.js HTTP/1.1" 404 1009
186.103.159.182 - - [19/Mar/2018:17:49:07 -0300] "GET /cormun/pexe_scrolldiv.js HTTP/1.1" 404 1009
186.103.159.182 - - [19/Mar/2018:17:49:08 -0300] "GET /cormun/servlet/vesolicitudot?2018,10514,,SolicitudOTAdjuntos HTTP/1.1" 200 10057
186.103.159.182 - - [19/Mar/2018:17:49:10 -0300] "POST /cormun/servlet/acontrolpreferencessavestate?None,SGONGORA,true HTTP/1.1" 200 35
186.103.159.182 - - [19/Mar/2018:17:49:15 -0300] "GET /cormun/servlet/solicitudotadjuntos?INS,2018,10514,,1, HTTP/1.1" 200 6318
186.103.159.182 - - [19/Mar/2018:17:49:15 -0300] "GET /cormun/static/about:blank HTTP/1.1" 404 1011
186.103.159.182 - - [19/Mar/2018:17:49:16 -0300] "GET /cormun/servlet/solicitudotadjuntos?INS,2018,10514,,1, HTTP/1.1" 200 6310
186.103.159.182 - - [19/Mar/2018:17:49:16 -0300] "GET /cormun/servlet/solicitudotadjuntos?c552deb3dc3fbc73ea03b716a783b3fe767083edfac87f3d329c8990d980f452e20d6a92f974dca05a39997cbfeb74c5,gx-no-cache=1521492506109 HTTP/1.1" 200 30
186.103.159.182 - - [19/Mar/2018:17:49:17 -0300] "POST /cormun/servlet/solicitudotadjuntos?88422002402dc28fd01734fae4f95b20,INS,2018,10514,,1,,gx-no-cache=1521492506193 HTTP/1.1" 200 4000
186.103.159.182 - - [19/Mar/2018:17:49:20 -0300] "POST /cormun/servlet/solicitudotadjuntos?gx-no-cache=1521492509082 HTTP/1.1" 200 26
186.79.189.15 - - [19/Mar/2018:17:49:24 -0300] "POST /cormun/servlet/solicitudot?gx-no-cache=1521492513175 HTTP/1.1" 200 1333
186.79.189.15 - - [19/Mar/2018:17:49:24 -0300] "POST /cormun/servlet/solicitudot?gx-no-cache=1521492514018 HTTP/1.1" 200 38
186.103.159.182 - - [19/Mar/2018:17:49:28 -0300] "GET /cormun/servlet/solicitudotadjuntos?c552deb3dc3fbc73ea03b716a783b3fe3742c5110ad44db679bdafa5261f75ca,gx-no-cache=1521492517026 HTTP/1.1" 200 30
186.103.159.182 - - [19/Mar/2018:17:49:28 -0300] "GET /cormun/servlet/solicitudotadjuntos?c552deb3dc3fbc73ea03b716a783b3fe3742c5110ad44db679bdafa5261f75ca,gx-no-cache=1521492517488 HTTP/1.1" 200 30
186.79.189.15 - - [19/Mar/2018:17:49:30 -0300] "GET /cormun/servlet/solicitudot?c968511eaf1922b32fb406fb1c4c844b2305078cfe9eeb1f43270e10540605a51c482e94bbf7064b64b2f8d8160670eb48484e2755005d8391997fa2b2d80ca8a5c52876b189a48e977fae5ac3aed0964f397606e722fa1cd21e0055f0768c8f3ea821e3a0e6742a0ba54199321c79ba,gx-no-cache=1521492519261 HTTP/1.1" 200 29
186.79.189.15 - - [19/Mar/2018:17:49:30 -0300] "POST /cormun/servlet/solicitudot?gx-no-cache=1521492519691 HTTP/1.1" 200 1319
186.79.189.15 - - [19/Mar/2018:17:49:31 -0300] "POST /cormun/servlet/solicitudot?gx-no-cache=1521492520429 HTTP/1.1" 200 1215
186.79.189.15 - - [19/Mar/2018:17:50:12 -0300] "GET /cormun/servlet/solicitudot?c968511eaf1922b32fb406fb1c4c844be594191954bebb5dc0377f76a9ca6083fa9b9419550235b64d11472dedcacb5e,gx-no-cache=1521492561577 HTTP/1.1" 200 30
186.79.189.15 - - [19/Mar/2018:17:50:30 -0300] "POST /cormun/servlet/solicitudot?gx-no-cache=1521492579860 HTTP/1.1" 200 30
190.100.93.40 - - [19/Mar/2018:17:50:57 -0300] "GET /cormun/servlet/hlogin HTTP/1.1" 200 1715
190.100.93.40 - - [19/Mar/2018:17:50:59 -0300] "POST /cormun/servlet/hlogin?c1db4856ffe60070573691af0b3f0d89,gx-no-cache=1521492607131 HTTP/1.1" 200 90
190.100.93.40 - - [19/Mar/2018:17:50:59 -0300] "GET /cormun/servlet/hpexe_link HTTP/1.1" 200 975
190.100.93.40 - - [19/Mar/2018:17:50:59 -0300] "GET /cormun/servlet/vesolicitudot?2018,10063,,SolicitudOTAdjuntos HTTP/1.1" 200 11313
190.100.93.40 - - [19/Mar/2018:17:50:59 -0300] "GET /cormun/pexe_scrolldiv.js HTTP/1.1" 404 1009
190.100.93.40 - - [19/Mar/2018:17:51:00 -0300] "GET /cormun/servlet/vesolicitudot?2018,10063,,SolicitudOTAdjuntos HTTP/1.1" 200 11323
190.100.93.40 - - [19/Mar/2018:17:51:01 -0300] "POST /cormun/servlet/acontrolpreferencessavestate?None,MMANRIQUEZ,true HTTP/1.1" 200 35
190.100.93.40 - - [19/Mar/2018:17:51:06 -0300] "GET /cormun/servlet/trpermisosgoce? HTTP/1.1" 200 8729
190.100.93.40 - - [19/Mar/2018:17:51:06 -0300] "GET /cormun/static/gxcfg.js?20177612163875 HTTP/1.1" 304 -
190.100.93.40 - - [19/Mar/2018:17:51:07 -0300] "GET /cormun/servlet/trpermisosgoce? HTTP/1.1" 200 8715
186.103.159.182 - - [19/Mar/2018:17:51:26 -0300] "GET /cormun/servlet/hlogin HTTP/1.1" 200 1728
190.100.93.40 - - [19/Mar/2018:17:51:34 -0300] "GET /cormun/servlet/trpermisosgoce? HTTP/1.1" 200 8715
190.100.93.40 - - [19/Mar/2018:17:51:34 -0300] "GET /cormun/servlet/trpermisosgoce? HTTP/1.1" 200 8715
186.103.159.182 - - [19/Mar/2018:17:51:35 -0300] "POST /cormun/servlet/solicitudotadjuntos?88422002402dc28fd01734fae4f95b20,INS,2018,10514,,1, HTTP/1.1" 200 6429
186.103.159.182 - - [19/Mar/2018:17:51:35 -0300] "GET /cormun/static/Shared/jqueryui/images/ui-bg_highlight-soft_100_c6c2c8_1x100.png HTTP/1.1" 404 1117
186.103.159.182 - - [19/Mar/2018:17:51:35 -0300] "GET /cormun/static/Shared/jqueryui/images/ui-icons_82798d_256x240.png HTTP/1.1" 404 1089
186.103.159.182 - - [19/Mar/2018:17:51:35 -0300] "GET /cormun/static/Shared/jqueryui/images/ui-icons_ebccce_256x240.png HTTP/1.1" 404 1089
186.103.159.182 - - [19/Mar/2018:17:51:36 -0300] "GET /cormun/static/Shared/jqueryui/images/ui-bg_flat_55_994d53_40x100.png HTTP/1.1" 404 1097
186.103.159.182 - - [19/Mar/2018:17:51:36 -0300] "GET /cormun/servlet/hlogin HTTP/1.1" 200 1763
186.103.159.182 - - [19/Mar/2018:17:51:36 -0300] "GET /home/sistema/apache-tomcat-7.0.65/webapps/cormun/PrivateTempStorage/upload_00015032.pdf HTTP/1.1" 404 1135
190.100.93.40 - - [19/Mar/2018:17:51:39 -0300] "GET /cormun/servlet/permisogoce?INS,0,,, HTTP/1.1" 200 7187
190.100.93.40 - - [19/Mar/2018:17:51:39 -0300] "GET /cormun/static/gxcfg.js?201776126440 HTTP/1.1" 304 -
190.100.93.40 - - [19/Mar/2018:17:51:40 -0300] "GET /cormun/servlet/permisogoce?INS,0,,, HTTP/1.1" 200 7187
186.103.159.182 - - [19/Mar/2018:17:51:50 -0300] "POST /cormun/servlet/hlogin?88422002402dc28fd01734fae4f95b20,gx-no-cache=1521492659618 HTTP/1.1" 200 90
186.103.159.182 - - [19/Mar/2018:17:51:50 -0300] "GET /cormun/servlet/hpexe_link HTTP/1.1" 200 981
186.103.159.182 - - [19/Mar/2018:17:51:51 -0300] "GET /cormun/servlet/solicitudotadjuntos?INS,2018,10514,,1, HTTP/1.1" 200 6311
186.103.159.182 - - [19/Mar/2018:17:51:51 -0300] "GET /cormun/static/about:blank HTTP/1.1" 404 1011
186.103.159.182 - - [19/Mar/2018:17:51:52 -0300] "GET /cormun/servlet/solicitudotadjuntos?INS,2018,10514,,1, HTTP/1.1" 200 6309
186.103.159.182 - - [19/Mar/2018:17:51:53 -0300] "GET /cormun/servlet/solicitudotadjuntos?c552deb3dc3fbc73ea03b716a783b3fe767083edfac87f3d329c8990d980f452e20d6a92f974dca05a39997cbfeb74c5,gx-no-cache=1521492662305 HTTP/1.1" 200 30
186.103.159.182 - - [19/Mar/2018:17:51:54 -0300] "POST /cormun/servlet/solicitudotadjuntos?88422002402dc28fd01734fae4f95b20,INS,2018,10514,,1,,gx-no-cache=1521492662382 HTTP/1.1" 200 3988
190.100.93.40 - - [19/Mar/2018:17:52:07 -0300] "GET /cormun/servlet/permisogoce?96d7198ea7719a881e429d3dcab3b971431591a4c5bee9a6079d751809e898eeba9110c829f56c4986f8626f1ccb5651,gx-no-cache=1521492675109 HTTP/1.1" 200 83
190.100.93.40 - - [19/Mar/2018:17:52:08 -0300] "GET /cormun/static/menuarrow.gif HTTP/1.1" 404 1015
186.103.159.182 - - [19/Mar/2018:17:52:13 -0300] "POST /cormun/servlet/solicitudotadjuntos?gx-no-cache=1521492682337 HTTP/1.1" 200 26
190.100.93.40 - - [19/Mar/2018:17:52:14 -0300] "GET /cormun/servlet/permisogoce?96d7198ea7719a881e429d3dcab3b9715623b85924cbd69c0c807133fe3b4ef9a0060950bc11eedf4d4bf0aa557f42c98b4d85d8e8c597bcd4ebe3ef15b1e51a,gx-no-cache=1521492681729 HTTP/1.1" 200 47
186.79.189.15 - - [19/Mar/2018:17:52:15 -0300] "POST /cormun/servlet/solicitudot?ba062ef83e09d477ab10f66c812bfa82,INS,0,0,,gx-no-cache=1521492683685 HTTP/1.1" 200 11764
186.79.189.15 - - [19/Mar/2018:17:52:25 -0300] "GET /cormun/servlet/prcontratosol?16883231,,,,,MD,,gxPopupLevel%3D0%3B HTTP/1.1" 200 5609
186.79.189.15 - - [19/Mar/2018:17:52:30 -0300] "POST /cormun/servlet/solicitudot?gx-no-cache=1521492699838 HTTP/1.1" 200 1335
186.79.189.15 - - [19/Mar/2018:17:52:30 -0300] "POST /cormun/servlet/solicitudot?gx-no-cache=1521492700177 HTTP/1.1" 200 41
186.79.189.15 - - [19/Mar/2018:17:52:31 -0300] "POST /cormun/servlet/solicitudot?gx-no-cache=1521492700288 HTTP/1.1" 200 1320
186.79.189.15 - - [19/Mar/2018:17:52:31 -0300] "POST /cormun/servlet/solicitudot?gx-no-cache=1521492700878 HTTP/1.1" 200 1218
186.79.189.15 - - [19/Mar/2018:17:52:31 -0300] "GET /cormun/servlet/solicitudot?c968511eaf1922b32fb406fb1c4c844be594191954bebb5dc0377f76a9ca6083fa9b9419550235b64d11472dedcacb5e,gx-no-cache=1521492701130 HTTP/1.1" 200 30
190.100.93.40 - - [19/Mar/2018:17:52:31 -0300] "GET /cormun/servlet/permisogoce?96d7198ea7719a881e429d3dcab3b9715623b85924cbd69c0c807133fe3b4ef934e498af05e27c9b5502cc8e2422631870a0138bf708dfa43b9edd8ca82c7c10,gx-no-cache=1521492699909 HTTP/1.1" 200 47
186.79.189.15 - - [19/Mar/2018:17:52:43 -0300] "POST /cormun/servlet/solicitudot?gx-no-cache=1521492712686 HTTP/1.1" 200 30
186.79.189.15 - - [19/Mar/2018:17:52:56 -0300] "POST /cormun/servlet/solicitudot?gx-no-cache=1521492725169 HTTP/1.1" 200 1335
186.79.189.15 - - [19/Mar/2018:17:52:56 -0300] "POST /cormun/servlet/solicitudot?gx-no-cache=1521492726342 HTTP/1.1" 200 41
186.79.189.15 - - [19/Mar/2018:17:52:58 -0300] "POST /cormun/servlet/solicitudot?gx-no-cache=1521492726543 HTTP/1.1" 200 1320
186.79.189.15 - - [19/Mar/2018:17:52:59 -0300] "POST /cormun/servlet/solicitudot?gx-no-cache=1521492728265 HTTP/1.1" 200 1218
186.79.189.15 - - [19/Mar/2018:17:52:59 -0300] "POST /cormun/servlet/solicitudot?gx-no-cache=1521492728874 HTTP/1.1" 200 30
186.79.189.15 - - [19/Mar/2018:17:53:03 -0300] "POST /cormun/servlet/solicitudot?ba062ef83e09d477ab10f66c812bfa82,INS,0,0,,gx-no-cache=1521492729321 HTTP/1.1" 200 93
186.79.189.15 - - [19/Mar/2018:17:53:03 -0300] "GET /cormun/servlet/hpexe_return? HTTP/1.1" 200 1008
186.79.189.15 - - [19/Mar/2018:17:53:03 -0300] "GET /cormun/servlet/trsolicitudot HTTP/1.1" 200 8494
186.79.189.15 - - [19/Mar/2018:17:53:04 -0300] "GET /cormun/servlet/trsolicitudot HTTP/1.1" 200 8490
186.103.159.182 - - [19/Mar/2018:17:53:05 -0300] "GET /cormun/servlet/solicitudotadjuntos?c552deb3dc3fbc73ea03b716a783b3fe3742c5110ad44db679bdafa5261f75ca,gx-no-cache=1521492734077 HTTP/1.1" 200 30
186.103.159.182 - - [19/Mar/2018:17:53:05 -0300] "GET /cormun/servlet/solicitudotadjuntos?c552deb3dc3fbc73ea03b716a783b3fe3742c5110ad44db679bdafa5261f75ca,gx-no-cache=1521492734616 HTTP/1.1" 200 30
190.100.93.40 - - [19/Mar/2018:17:53:23 -0300] "GET /cormun/servlet/hlogin HTTP/1.1" 200 1715
190.100.93.40 - - [19/Mar/2018:17:53:25 -0300] "POST /cormun/servlet/permisogoce?c1db4856ffe60070573691af0b3f0d89,INS,0,,,,gx-no-cache=1521492724141 HTTP/1.1" 200 4569
190.100.93.40 - - [19/Mar/2018:17:53:25 -0300] "GET /cormun/static/Shared/jqueryui/images/ui-icons_82798d_256x240.png HTTP/1.1" 404 1089
190.100.93.40 - - [19/Mar/2018:17:53:25 -0300] "GET /cormun/static/Shared/jqueryui/images/ui-bg_flat_55_994d53_40x100.png HTTP/1.1" 404 1097
190.100.93.40 - - [19/Mar/2018:17:53:25 -0300] "GET /cormun/static/Shared/jqueryui/images/ui-icons_ebccce_256x240.png HTTP/1.1" 404 1089
190.100.93.40 - - [19/Mar/2018:17:53:25 -0300] "POST /cormun/servlet/hlogin?c1db4856ffe60070573691af0b3f0d89,gx-no-cache=1521492753384 HTTP/1.1" 200 90
190.100.93.40 - - [19/Mar/2018:17:53:25 -0300] "GET /cormun/servlet/hpexe_link HTTP/1.1" 200 961
190.100.93.40 - - [19/Mar/2018:17:53:26 -0300] "GET /cormun/servlet/permisogoce?INS,0,,, HTTP/1.1" 200 7188
190.100.93.40 - - [19/Mar/2018:17:53:26 -0300] "GET /cormun/servlet/hlogin HTTP/1.1" 200 1741
190.100.93.40 - - [19/Mar/2018:17:53:26 -0300] "GET /cormun/servlet/permisogoce?INS,0,,, HTTP/1.1" 200 6238
190.100.93.40 - - [19/Mar/2018:17:53:29 -0300] "POST /cormun/servlet/hlogin?c1db4856ffe60070573691af0b3f0d89,gx-no-cache=1521492757326 HTTP/1.1" 200 90
190.100.93.40 - - [19/Mar/2018:17:53:29 -0300] "GET /cormun/servlet/hpexe_link HTTP/1.1" 200 961
190.100.93.40 - - [19/Mar/2018:17:53:29 -0300] "GET /cormun/servlet/permisogoce?INS,0,,, HTTP/1.1" 200 7188
190.100.93.40 - - [19/Mar/2018:17:53:30 -0300] "GET /cormun/servlet/permisogoce?INS,0,,, HTTP/1.1" 200 7187
190.100.93.40 - - [19/Mar/2018:17:53:31 -0300] "GET /cormun/servlet/trpermisosgoce? HTTP/1.1" 200 8716
190.100.93.40 - - [19/Mar/2018:17:53:32 -0300] "GET /cormun/servlet/trpermisosgoce? HTTP/1.1" 200 8715
190.100.93.40 - - [19/Mar/2018:17:53:35 -0300] "GET /cormun/servlet/permisogoce?INS,0,,, HTTP/1.1" 200 7187
190.100.93.40 - - [19/Mar/2018:17:53:35 -0300] "GET /cormun/servlet/permisogoce?INS,0,,, HTTP/1.1" 200 7186
190.100.93.40 - - [19/Mar/2018:17:53:42 -0300] "GET /cormun/servlet/permisogoce?96d7198ea7719a881e429d3dcab3b971431591a4c5bee9a6079d751809e898eeba9110c829f56c4986f8626f1ccb5651,gx-no-cache=1521492770444 HTTP/1.1" 200 83
190.100.93.40 - - [19/Mar/2018:17:53:42 -0300] "GET /cormun/static/menuarrow.gif HTTP/1.1" 404 1015
190.100.93.40 - - [19/Mar/2018:17:53:47 -0300] "GET /cormun/servlet/permisogoce?96d7198ea7719a881e429d3dcab3b9715623b85924cbd69c0c807133fe3b4ef9a7672f439e879e8f2b0b3fd25c96e2ec8b4d85d8e8c597bcd4ebe3ef15b1e51a,gx-no-cache=1521492774315 HTTP/1.1" 200 47
186.103.159.182 - - [19/Mar/2018:17:53:50 -0300] "POST /cormun/servlet/solicitudotadjuntos?88422002402dc28fd01734fae4f95b20,INS,2018,10514,,1, HTTP/1.1" 200 7166
190.100.93.40 - - [19/Mar/2018:17:53:59 -0300] "POST /cormun/servlet/permisogoce?c1db4856ffe60070573691af0b3f0d89,INS,0,,,,gx-no-cache=1521492785318 HTTP/1.1" 200 93
190.100.93.40 - - [19/Mar/2018:17:53:59 -0300] "GET /cormun/servlet/hpexe_return? HTTP/1.1" 200 1007
190.100.93.40 - - [19/Mar/2018:17:53:59 -0300] "GET /cormun/static/gxcfg.js?2016101716175148 HTTP/1.1" 304 -
190.100.93.40 - - [19/Mar/2018:17:53:59 -0300] "GET /cormun/servlet/trpermisosgoce HTTP/1.1" 200 9003
190.100.93.40 - - [19/Mar/2018:17:54:00 -0300] "GET /cormun/servlet/trpermisosgoce HTTP/1.1" 200 8999
190.100.93.40 - - [19/Mar/2018:17:54:02 -0300] "GET /cormun/servlet/apermisogoceprn?8721654,P,20180319175049,PU HTTP/1.1" 200 1669
186.79.189.15 - - [19/Mar/2018:17:54:46 -0300] "POST /cormun/servlet/trsolicitudot?ba062ef83e09d477ab10f66c812bfa82,gx-no-cache=1521492835783 HTTP/1.1" 200 107
186.79.189.15 - - [19/Mar/2018:17:54:47 -0300] "GET /cormun/servlet/trsolicitudadjuntos?2018,10636, HTTP/1.1" 200 6030
186.79.189.15 - - [19/Mar/2018:17:54:47 -0300] "GET /cormun/static/gxcfg.js?20177612135366 HTTP/1.1" 304 -
186.79.189.15 - - [19/Mar/2018:17:54:48 -0300] "GET /cormun/servlet/trsolicitudadjuntos?2018,10636, HTTP/1.1" 200 6030
186.79.189.15 - - [19/Mar/2018:17:54:52 -0300] "GET /cormun/servlet/solicitudotadjuntos?INS,2018,10636,,1, HTTP/1.1" 200 5974
186.79.189.15 - - [19/Mar/2018:17:54:52 -0300] "GET /cormun/static/gxcfg.js?2017761244068 HTTP/1.1" 304 -
186.79.189.15 - - [19/Mar/2018:17:54:52 -0300] "GET /cormun/static/about:blank HTTP/1.1" 404 1011
186.79.189.15 - - [19/Mar/2018:17:54:52 -0300] "GET /cormun/servlet/solicitudotadjuntos?INS,2018,10636,,1, HTTP/1.1" 200 5966
186.79.189.15 - - [19/Mar/2018:17:54:53 -0300] "GET /cormun/servlet/solicitudotadjuntos?c968511eaf1922b32fb406fb1c4c844bbb372fb316f11449854e26d54a99eaf1c9379b22016b193eae52c3fdb53e8bba,gx-no-cache=1521492842960 HTTP/1.1" 200 30
186.79.189.15 - - [19/Mar/2018:17:54:54 -0300] "POST /cormun/servlet/solicitudotadjuntos?ba062ef83e09d477ab10f66c812bfa82,INS,2018,10636,,1,,gx-no-cache=1521492843098 HTTP/1.1" 200 3795
186.79.189.15 - - [19/Mar/2018:17:54:57 -0300] "POST /cormun/servlet/solicitudotadjuntos?gx-no-cache=1521492846541 HTTP/1.1" 200 26
186.79.189.15 - - [19/Mar/2018:17:56:00 -0300] "GET /cormun/servlet/solicitudotadjuntos?c968511eaf1922b32fb406fb1c4c844b68746e0cd1da2ab94f53cfeb33bd9c17,gx-no-cache=1521492909178 HTTP/1.1" 200 30
186.79.189.15 - - [19/Mar/2018:17:56:00 -0300] "GET /cormun/servlet/solicitudotadjuntos?c968511eaf1922b32fb406fb1c4c844b68746e0cd1da2ab94f53cfeb33bd9c17,gx-no-cache=1521492909634 HTTP/1.1" 200 30
186.79.189.15 - - [19/Mar/2018:17:56:29 -0300] "POST /cormun/servlet/solicitudotadjuntos?ba062ef83e09d477ab10f66c812bfa82,INS,2018,10636,,1, HTTP/1.1" 200 116
186.79.189.15 - - [19/Mar/2018:17:56:30 -0300] "GET /cormun/servlet/hpexe_return? HTTP/1.1" 200 1027
186.79.189.15 - - [19/Mar/2018:17:56:30 -0300] "GET /cormun/servlet/trsolicitudadjuntos?2018,10636, HTTP/1.1" 200 8440
186.79.189.15 - - [19/Mar/2018:17:56:31 -0300] "GET /cormun/servlet/trsolicitudadjuntos?2018,10636, HTTP/1.1" 200 8437
186.79.189.15 - - [19/Mar/2018:17:56:35 -0300] "GET /cormun/servlet/solicitudotadjuntos?INS,2018,10636,,1, HTTP/1.1" 200 5975
186.79.189.15 - - [19/Mar/2018:17:56:36 -0300] "GET /cormun/servlet/solicitudotadjuntos?INS,2018,10636,,1, HTTP/1.1" 200 5968
186.79.189.15 - - [19/Mar/2018:17:56:37 -0300] "GET /cormun/servlet/solicitudotadjuntos?c968511eaf1922b32fb406fb1c4c844bbb372fb316f11449854e26d54a99eaf1c9379b22016b193eae52c3fdb53e8bba,gx-no-cache=1521492946445 HTTP/1.1" 200 30
186.79.189.15 - - [19/Mar/2018:17:56:37 -0300] "GET /cormun/static/about:blank HTTP/1.1" 404 1011
186.79.189.15 - - [19/Mar/2018:17:56:38 -0300] "POST /cormun/servlet/solicitudotadjuntos?ba062ef83e09d477ab10f66c812bfa82,INS,2018,10636,,1,,gx-no-cache=1521492946643 HTTP/1.1" 200 3797
186.79.189.15 - - [19/Mar/2018:17:56:45 -0300] "POST /cormun/servlet/solicitudotadjuntos?gx-no-cache=1521492952658 HTTP/1.1" 200 26
186.79.189.15 - - [19/Mar/2018:17:56:49 -0300] "GET /cormun/servlet/solicitudotadjuntos?c968511eaf1922b32fb406fb1c4c844b68746e0cd1da2ab94f53cfeb33bd9c17,gx-no-cache=1521492958545 HTTP/1.1" 200 30
186.79.189.15 - - [19/Mar/2018:17:56:49 -0300] "GET /cormun/servlet/solicitudotadjuntos?c968511eaf1922b32fb406fb1c4c844b68746e0cd1da2ab94f53cfeb33bd9c17,gx-no-cache=1521492958709 HTTP/1.1" 200 30
192.168.10.96 - - [19/Mar/2018:17:56:54 -0300] "POST /cormun/servlet/trsolicitudgral?49d25d8e9698cb36592503de259c4746,,gx-no-cache=1521492848517 HTTP/1.1" 200 16337
192.168.10.96 - - [19/Mar/2018:17:56:59 -0300] "GET /cormun/servlet/vesolicitudgral?2018,9656,, HTTP/1.1" 200 9262
192.168.10.96 - - [19/Mar/2018:17:56:59 -0300] "GET /cormun/pexe_scrolldiv.js HTTP/1.1" 404 1009
192.168.10.96 - - [19/Mar/2018:17:56:59 -0300] "GET /cormun/pexe_scrolldiv.js HTTP/1.1" 404 1009
192.168.10.96 - - [19/Mar/2018:17:57:00 -0300] "GET /cormun/servlet/vesolicitudgral?2018,9656,, HTTP/1.1" 200 9262
186.79.189.15 - - [19/Mar/2018:17:57:12 -0300] "POST /cormun/servlet/solicitudotadjuntos?ba062ef83e09d477ab10f66c812bfa82,INS,2018,10636,,1,,gx-no-cache=1521492959222 HTTP/1.1" 500 10
192.168.10.96 - - [19/Mar/2018:17:57:18 -0300] "GET /cormun/servlet/vesolicitudgral?2018,9656,,SolicitudOTAdjuntos HTTP/1.1" 200 11512
192.168.10.96 - - [19/Mar/2018:17:57:18 -0300] "GET /cormun/pexe_scrolldiv.js HTTP/1.1" 404 1009
192.168.10.96 - - [19/Mar/2018:17:57:18 -0300] "GET /cormun/pexe_scrolldiv.js HTTP/1.1" 404 1009
192.168.10.96 - - [19/Mar/2018:17:57:18 -0300] "GET /cormun/servlet/vesolicitudgral?2018,9656,,SolicitudOTAdjuntos HTTP/1.1" 200 11511
192.168.10.96 - - [19/Mar/2018:17:57:19 -0300] "POST /cormun/servlet/acontrolpreferencessavestate?None,DZAMUDIO,true HTTP/1.1" 200 35
186.79.189.15 - - [19/Mar/2018:17:57:20 -0300] "GET /cormun/servlet/trsolicitudadjuntos?2018,10636, HTTP/1.1" 200 8440
192.168.10.96 - - [19/Mar/2018:17:57:20 -0300] "GET /cormun/PublicTempStorage/c._de_identidad2165450.pdf HTTP/1.1" 200 185352
186.79.189.15 - - [19/Mar/2018:17:57:21 -0300] "GET /cormun/servlet/trsolicitudadjuntos?2018,10636, HTTP/1.1" 200 8437
186.79.189.15 - - [19/Mar/2018:17:57:24 -0300] "GET /cormun/servlet/solicitudotadjuntos?INS,2018,10636,,1, HTTP/1.1" 200 5975
186.79.189.15 - - [19/Mar/2018:17:57:25 -0300] "GET /cormun/static/about:blank HTTP/1.1" 404 1011
186.79.189.15 - - [19/Mar/2018:17:57:26 -0300] "GET /cormun/servlet/solicitudotadjuntos?INS,2018,10636,,1, HTTP/1.1" 200 5968
186.79.189.15 - - [19/Mar/2018:17:57:27 -0300] "GET /cormun/servlet/solicitudotadjuntos?c968511eaf1922b32fb406fb1c4c844bbb372fb316f11449854e26d54a99eaf1c9379b22016b193eae52c3fdb53e8bba,gx-no-cache=1521492996585 HTTP/1.1" 200 30
192.168.10.96 - - [19/Mar/2018:17:57:28 -0300] "GET /cormun/servlet/vesolicitudgral?2018,9656,,SolicitudOTAdjuntos HTTP/1.1" 200 11512
192.168.10.96 - - [19/Mar/2018:17:57:28 -0300] "GET /cormun/pexe_scrolldiv.js HTTP/1.1" 404 1009
192.168.10.96 - - [19/Mar/2018:17:57:28 -0300] "GET /cormun/servlet/vesolicitudgral?2018,9656,,SolicitudOTAdjuntos HTTP/1.1" 200 11513
192.168.10.96 - - [19/Mar/2018:17:57:29 -0300] "POST /cormun/servlet/acontrolpreferencessavestate?None,DZAMUDIO,true HTTP/1.1" 200 35
186.79.189.15 - - [19/Mar/2018:17:57:31 -0300] "POST /cormun/servlet/solicitudotadjuntos?ba062ef83e09d477ab10f66c812bfa82,INS,2018,10636,,1,,gx-no-cache=1521492996721 HTTP/1.1" 200 3797
192.168.10.96 - - [19/Mar/2018:17:57:34 -0300] "GET /cormun/PublicTempStorage/licencia_e._media618021.pdf HTTP/1.1" 200 346465
192.168.10.96 - - [19/Mar/2018:17:57:41 -0300] "GET /cormun/servlet/vesolicitudgral?2018,9656,,SolicitudOTAdjuntos HTTP/1.1" 200 11511
186.79.189.15 - - [19/Mar/2018:17:57:41 -0300] "POST /cormun/servlet/solicitudotadjuntos?gx-no-cache=1521493011387 HTTP/1.1" 200 26
192.168.10.96 - - [19/Mar/2018:17:57:42 -0300] "GET /cormun/servlet/vesolicitudgral?2018,9656,,SolicitudOTAdjuntos HTTP/1.1" 200 11515
192.168.10.96 - - [19/Mar/2018:17:57:42 -0300] "POST /cormun/servlet/acontrolpreferencessavestate?None,DZAMUDIO,true HTTP/1.1" 200 35
192.168.10.96 - - [19/Mar/2018:17:57:46 -0300] "GET /cormun/PublicTempStorage/afp3336196.pdf HTTP/1.1" 200 213173
186.79.189.15 - - [19/Mar/2018:17:57:48 -0300] "GET /cormun/servlet/solicitudotadjuntos?c968511eaf1922b32fb406fb1c4c844b68746e0cd1da2ab94f53cfeb33bd9c17,gx-no-cache=1521493018309 HTTP/1.1" 200 30
186.79.189.15 - - [19/Mar/2018:17:57:48 -0300] "GET /cormun/servlet/solicitudotadjuntos?c968511eaf1922b32fb406fb1c4c844b68746e0cd1da2ab94f53cfeb33bd9c17,gx-no-cache=1521493018427 HTTP/1.1" 200 30
192.168.10.96 - - [19/Mar/2018:17:57:51 -0300] "GET /cormun/servlet/vesolicitudgral?2018,9656,,SolicitudOTAdjuntos HTTP/1.1" 200 11510
192.168.10.96 - - [19/Mar/2018:17:57:52 -0300] "GET /cormun/servlet/vesolicitudgral?2018,9656,,SolicitudOTAdjuntos HTTP/1.1" 200 11512
192.168.10.96 - - [19/Mar/2018:17:57:52 -0300] "POST /cormun/servlet/acontrolpreferencessavestate?None,DZAMUDIO,true HTTP/1.1" 200 35
192.168.10.96 - - [19/Mar/2018:17:57:58 -0300] "GET /cormun/PublicTempStorage/fonasa5767211.pdf HTTP/1.1" 200 240370
192.168.10.96 - - [19/Mar/2018:17:58:04 -0300] "GET /cormun/servlet/vesolicitudgral?2018,9656,,SolicitudOTAdjuntos HTTP/1.1" 200 11510
192.168.10.96 - - [19/Mar/2018:17:58:05 -0300] "GET /cormun/servlet/vesolicitudgral?2018,9656,,SolicitudOTAdjuntos HTTP/1.1" 200 11513
192.168.10.96 - - [19/Mar/2018:17:58:06 -0300] "POST /cormun/servlet/acontrolpreferencessavestate?None,DZAMUDIO,true HTTP/1.1" 200 35
192.168.10.96 - - [19/Mar/2018:17:58:12 -0300] "GET /cormun/PublicTempStorage/c._antecedentes4104226.pdf HTTP/1.1" 200 412609
192.168.10.96 - - [19/Mar/2018:17:58:19 -0300] "GET /cormun/servlet/vesolicitudgral?2018,9656,,SolicitudOTAdjuntos HTTP/1.1" 200 11511
192.168.10.96 - - [19/Mar/2018:17:58:20 -0300] "GET /cormun/servlet/vesolicitudgral?2018,9656,,SolicitudOTAdjuntos HTTP/1.1" 200 11513
192.168.10.96 - - [19/Mar/2018:17:58:21 -0300] "POST /cormun/servlet/acontrolpreferencessavestate?None,DZAMUDIO,true HTTP/1.1" 200 35
192.168.10.96 - - [19/Mar/2018:17:58:22 -0300] "GET /cormun/PublicTempStorage/curriculum3870877.pdf HTTP/1.1" 200 233019
186.79.189.15 - - [19/Mar/2018:17:58:26 -0300] "POST /cormun/servlet/solicitudotadjuntos?ba062ef83e09d477ab10f66c812bfa82,INS,2018,10636,,1, HTTP/1.1" 200 6673
186.79.189.15 - - [19/Mar/2018:17:58:49 -0300] "POST /cormun/servlet/solicitudotadjuntos?ba062ef83e09d477ab10f66c812bfa82,INS,2018,10636,,1, HTTP/1.1" 200 116
186.79.189.15 - - [19/Mar/2018:17:58:49 -0300] "GET /cormun/servlet/hpexe_return? HTTP/1.1" 200 1027
186.79.189.15 - - [19/Mar/2018:17:58:49 -0300] "GET /cormun/servlet/trsolicitudadjuntos?2018,10636, HTTP/1.1" 200 8672
186.79.189.15 - - [19/Mar/2018:17:58:50 -0300] "GET /cormun/servlet/trsolicitudadjuntos?2018,10636, HTTP/1.1" 200 8670
186.79.189.15 - - [19/Mar/2018:17:58:54 -0300] "GET /cormun/servlet/solicitudotadjuntos?INS,2018,10636,,1, HTTP/1.1" 200 5974
186.79.189.15 - - [19/Mar/2018:17:58:55 -0300] "GET /cormun/static/about:blank HTTP/1.1" 404 1011
186.79.189.15 - - [19/Mar/2018:17:58:55 -0300] "GET /cormun/servlet/solicitudotadjuntos?INS,2018,10636,,1, HTTP/1.1" 200 5967
186.79.189.15 - - [19/Mar/2018:17:58:56 -0300] "GET /cormun/servlet/solicitudotadjuntos?c968511eaf1922b32fb406fb1c4c844bbb372fb316f11449854e26d54a99eaf1c9379b22016b193eae52c3fdb53e8bba,gx-no-cache=1521493085455 HTTP/1.1" 200 30
186.79.189.15 - - [19/Mar/2018:17:59:20 -0300] "GET /cormun/servlet/trsolicitudadjuntos?2018,10636, HTTP/1.1" 200 8670
186.79.189.15 - - [19/Mar/2018:17:59:32 -0300] "POST /cormun/servlet/solicitudotadjuntos?ba062ef83e09d477ab10f66c812bfa82,INS,2018,10636,,1,,gx-no-cache=1521493086216 HTTP/1.1" 500 10
186.79.189.15 - - [19/Mar/2018:17:59:35 -0300] "GET /cormun/servlet/hlogin HTTP/1.1" 200 1716
186.79.189.15 - - [19/Mar/2018:17:59:37 -0300] "POST /cormun/servlet/hlogin?3b8a7be0c3f5e09944322e48c93defea,gx-no-cache=1521493127040 HTTP/1.1" 200 90
186.79.189.15 - - [19/Mar/2018:17:59:38 -0300] "GET /cormun/servlet/hpexe_link HTTP/1.1" 200 950
186.79.189.15 - - [19/Mar/2018:17:59:38 -0300] "GET /cormun/servlet/hhome HTTP/1.1" 200 3932
186.79.189.15 - - [19/Mar/2018:17:59:39 -0300] "GET /cormun/servlet/hhome HTTP/1.1" 200 3928
186.79.189.15 - - [19/Mar/2018:17:59:42 -0300] "GET /cormun/servlet/trsolicitudot? HTTP/1.1" 200 8491
186.79.189.15 - - [19/Mar/2018:17:59:44 -0300] "GET /cormun/servlet/trsolicitudot? HTTP/1.1" 200 8489
186.79.189.15 - - [19/Mar/2018:17:59:51 -0300] "POST /cormun/servlet/trsolicitudot?3b8a7be0c3f5e09944322e48c93defea,,gx-no-cache=1521493139401 HTTP/1.1" 200 107
186.79.189.15 - - [19/Mar/2018:17:59:51 -0300] "GET /cormun/servlet/trsolicitudadjuntos?2018,10636, HTTP/1.1" 200 8666
186.79.189.15 - - [19/Mar/2018:17:59:52 -0300] "GET /cormun/servlet/trsolicitudadjuntos?2018,10636, HTTP/1.1" 200 8669
186.79.189.15 - - [19/Mar/2018:17:59:54 -0300] "GET /cormun/servlet/solicitudotadjuntos?INS,2018,10636,,1, HTTP/1.1" 200 5973
186.79.189.15 - - [19/Mar/2018:17:59:55 -0300] "GET /cormun/static/about:blank HTTP/1.1" 404 1011
186.79.189.15 - - [19/Mar/2018:17:59:56 -0300] "GET /cormun/servlet/solicitudotadjuntos?e056ac358a54d0469b0d80f746422e9490065c620955ce59361f404c1a0f87b9242c491a2daf8259c506749825ca9a28,gx-no-cache=1521493145485 HTTP/1.1" 200 30
186.79.189.15 - - [19/Mar/2018:17:59:56 -0300] "GET /cormun/servlet/solicitudotadjuntos?INS,2018,10636,,1, HTTP/1.1" 200 5966
186.79.189.15 - - [19/Mar/2018:17:59:57 -0300] "POST /cormun/servlet/solicitudotadjuntos?3b8a7be0c3f5e09944322e48c93defea,INS,2018,10636,,1,,gx-no-cache=1521493145731 HTTP/1.1" 200 3795
186.79.189.15 - - [19/Mar/2018:18:00:06 -0300] "POST /cormun/servlet/solicitudotadjuntos?gx-no-cache=1521493153063 HTTP/1.1" 200 26
186.79.189.15 - - [19/Mar/2018:18:00:26 -0300] "GET /cormun/servlet/solicitudotadjuntos?e056ac358a54d0469b0d80f746422e94d55027d3833adb23e084b97ed9952e94,gx-no-cache=1521493162220 HTTP/1.1" 200 30
186.79.189.15 - - [19/Mar/2018:18:00:26 -0300] "GET /cormun/servlet/solicitudotadjuntos?e056ac358a54d0469b0d80f746422e94d55027d3833adb23e084b97ed9952e94,gx-no-cache=1521493176152 HTTP/1.1" 200 30
186.79.189.15 - - [19/Mar/2018:18:00:55 -0300] "POST /cormun/servlet/solicitudotadjuntos?3b8a7be0c3f5e09944322e48c93defea,INS,2018,10636,,1, HTTP/1.1" 200 116
186.79.189.15 - - [19/Mar/2018:18:00:55 -0300] "GET /cormun/servlet/hpexe_return? HTTP/1.1" 200 1026
186.79.189.15 - - [19/Mar/2018:18:00:56 -0300] "GET /cormun/servlet/trsolicitudadjuntos?2018,10636, HTTP/1.1" 200 8864
186.79.189.15 - - [19/Mar/2018:18:00:56 -0300] "GET /cormun/servlet/trsolicitudadjuntos?2018,10636, HTTP/1.1" 200 8861
186.79.189.15 - - [19/Mar/2018:18:01:01 -0300] "GET /cormun/servlet/solicitudotadjuntos?INS,2018,10636,,1, HTTP/1.1" 200 5973
186.79.189.15 - - [19/Mar/2018:18:01:02 -0300] "GET /cormun/static/about:blank HTTP/1.1" 404 1011
186.79.189.15 - - [19/Mar/2018:18:01:02 -0300] "GET /cormun/servlet/solicitudotadjuntos?INS,2018,10636,,1, HTTP/1.1" 200 5966
186.79.189.15 - - [19/Mar/2018:18:01:03 -0300] "GET /cormun/servlet/solicitudotadjuntos?e056ac358a54d0469b0d80f746422e9490065c620955ce59361f404c1a0f87b9242c491a2daf8259c506749825ca9a28,gx-no-cache=1521493212462 HTTP/1.1" 200 30
186.79.189.15 - - [19/Mar/2018:18:01:07 -0300] "POST /cormun/servlet/solicitudotadjuntos?3b8a7be0c3f5e09944322e48c93defea,INS,2018,10636,,1,,gx-no-cache=1521493212753 HTTP/1.1" 200 3795
186.79.189.15 - - [19/Mar/2018:18:01:13 -0300] "POST /cormun/servlet/solicitudotadjuntos?gx-no-cache=1521493221079 HTTP/1.1" 200 26
186.79.189.15 - - [19/Mar/2018:18:01:16 -0300] "GET /cormun/servlet/solicitudotadjuntos?e056ac358a54d0469b0d80f746422e94d55027d3833adb23e084b97ed9952e94,gx-no-cache=1521493225715 HTTP/1.1" 200 30
186.79.189.15 - - [19/Mar/2018:18:01:16 -0300] "GET /cormun/servlet/solicitudotadjuntos?e056ac358a54d0469b0d80f746422e94d55027d3833adb23e084b97ed9952e94,gx-no-cache=1521493225822 HTTP/1.1" 200 30
186.79.189.15 - - [19/Mar/2018:18:01:17 -0300] "POST /cormun/servlet/solicitudotadjuntos?3b8a7be0c3f5e09944322e48c93defea,INS,2018,10636,,1,,gx-no-cache=1521493225935 HTTP/1.1" 200 93
186.79.189.15 - - [19/Mar/2018:18:01:17 -0300] "GET /cormun/servlet/hpexe_return? HTTP/1.1" 200 1026
186.79.189.15 - - [19/Mar/2018:18:01:18 -0300] "GET /cormun/servlet/trsolicitudadjuntos?2018,10636, HTTP/1.1" 200 8964
186.79.189.15 - - [19/Mar/2018:18:01:22 -0300] "GET /cormun/servlet/solicitudotadjuntos?DLT,2018,10636,CERTIF4,0, HTTP/1.1" 200 5849
186.79.189.15 - - [19/Mar/2018:18:01:23 -0300] "GET /cormun/static/Shared/jqueryui/images/ui-icons_82798d_256x240.png HTTP/1.1" 404 1089
186.79.189.15 - - [19/Mar/2018:18:01:23 -0300] "GET /cormun/static/Shared/jqueryui/images/ui-icons_8d78a5_256x240.png HTTP/1.1" 404 1089
186.79.189.15 - - [19/Mar/2018:18:01:23 -0300] "GET /cormun/static/about:blank HTTP/1.1" 404 1011
186.79.189.15 - - [19/Mar/2018:18:01:23 -0300] "GET /cormun/static/Shared/jqueryui/images/ui-bg_highlight-soft_100_c6c2c8_1x100.png HTTP/1.1" 404 1117
186.79.189.15 - - [19/Mar/2018:18:01:23 -0300] "GET /cormun/static/Shared/jqueryui/images/ui-bg_flat_55_fafafa_40x100.png HTTP/1.1" 404 1097
186.79.189.15 - - [19/Mar/2018:18:01:23 -0300] "GET /cormun/servlet/solicitudotadjuntos?DLT,2018,10636,CERTIF4,0, HTTP/1.1" 200 5842
186.79.189.15 - - [19/Mar/2018:18:01:27 -0300] "GET /cormun/servlet/trsolicitudadjuntos?2018,10636, HTTP/1.1" 200 8965
186.79.189.15 - - [19/Mar/2018:18:01:32 -0300] "POST /cormun/servlet/solicitudotadjuntos?3b8a7be0c3f5e09944322e48c93defea,DLT,2018,10636,CERTIF4,0,,gx-no-cache=1521493234709 HTTP/1.1" 200 93
186.79.189.15 - - [19/Mar/2018:18:01:32 -0300] "GET /cormun/servlet/hpexe_return? HTTP/1.1" 200 1028
186.79.189.15 - - [19/Mar/2018:18:01:32 -0300] "GET /cormun/servlet/trsolicitudot HTTP/1.1" 200 8493
186.79.189.15 - - [19/Mar/2018:18:01:33 -0300] "GET /cormun/servlet/trsolicitudot HTTP/1.1" 200 8489
186.79.189.15 - - [19/Mar/2018:18:01:38 -0300] "POST /cormun/servlet/trsolicitudot?3b8a7be0c3f5e09944322e48c93defea,gx-no-cache=1521493246624 HTTP/1.1" 200 107
186.79.189.15 - - [19/Mar/2018:18:01:39 -0300] "GET /cormun/servlet/trsolicitudadjuntos?2018,10636, HTTP/1.1" 200 8860
186.79.189.15 - - [19/Mar/2018:18:01:39 -0300] "GET /cormun/servlet/trsolicitudadjuntos?2018,10636, HTTP/1.1" 200 8862
186.79.189.15 - - [19/Mar/2018:18:01:43 -0300] "GET /cormun/servlet/solicitudotadjuntos?INS,2018,10636,,1, HTTP/1.1" 200 5973
186.79.189.15 - - [19/Mar/2018:18:01:43 -0300] "GET /cormun/static/about:blank HTTP/1.1" 404 1011
186.79.189.15 - - [19/Mar/2018:18:01:43 -0300] "GET /cormun/servlet/solicitudotadjuntos?INS,2018,10636,,1, HTTP/1.1" 200 5966
186.79.189.15 - - [19/Mar/2018:18:01:44 -0300] "GET /cormun/servlet/solicitudotadjuntos?e056ac358a54d0469b0d80f746422e9490065c620955ce59361f404c1a0f87b9242c491a2daf8259c506749825ca9a28,gx-no-cache=1521493253824 HTTP/1.1" 200 30
186.79.189.15 - - [19/Mar/2018:18:01:49 -0300] "POST /cormun/servlet/solicitudotadjuntos?3b8a7be0c3f5e09944322e48c93defea,INS,2018,10636,,1,,gx-no-cache=1521493254244 HTTP/1.1" 200 3795
186.79.189.15 - - [19/Mar/2018:18:01:55 -0300] "POST /cormun/servlet/solicitudotadjuntos?gx-no-cache=1521493264525 HTTP/1.1" 200 26
186.79.189.15 - - [19/Mar/2018:18:02:11 -0300] "GET /cormun/servlet/solicitudotadjuntos?e056ac358a54d0469b0d80f746422e94d55027d3833adb23e084b97ed9952e94,gx-no-cache=1521493278463 HTTP/1.1" 200 30
186.79.189.15 - - [19/Mar/2018:18:02:19 -0300] "GET /cormun/servlet/solicitudotadjuntos?e056ac358a54d0469b0d80f746422e94d55027d3833adb23e084b97ed9952e94,gx-no-cache=1521493281274 HTTP/1.1" 200 30
186.103.159.182 - - [19/Mar/2018:18:02:58 -0300] "GET /cormun/servlet/hlogin HTTP/1.1" 200 1728
186.103.159.182 - - [19/Mar/2018:18:03:11 -0300] "POST /cormun/servlet/hlogin?88422002402dc28fd01734fae4f95b20,gx-no-cache=1521493340685 HTTP/1.1" 200 90
186.103.159.182 - - [19/Mar/2018:18:03:12 -0300] "GET /cormun/servlet/hpexe_link HTTP/1.1" 200 981
186.103.159.182 - - [19/Mar/2018:18:03:12 -0300] "GET /cormun/servlet/solicitudotadjuntos?INS,2018,10514,,1, HTTP/1.1" 200 6312
186.103.159.182 - - [19/Mar/2018:18:03:12 -0300] "GET /cormun/static/about:blank HTTP/1.1" 404 1011
186.79.189.15 - - [19/Mar/2018:18:03:13 -0300] "POST /cormun/servlet/solicitudotadjuntos?3b8a7be0c3f5e09944322e48c93defea,INS,2018,10636,,1, HTTP/1.1" 200 6672
186.103.159.182 - - [19/Mar/2018:18:03:14 -0300] "GET /cormun/servlet/solicitudotadjuntos?INS,2018,10514,,1, HTTP/1.1" 200 6311
186.103.159.182 - - [19/Mar/2018:18:03:14 -0300] "GET /cormun/servlet/solicitudotadjuntos?c552deb3dc3fbc73ea03b716a783b3fe767083edfac87f3d329c8990d980f452e20d6a92f974dca05a39997cbfeb74c5,gx-no-cache=1521493343625 HTTP/1.1" 200 30
186.103.159.182 - - [19/Mar/2018:18:03:16 -0300] "POST /cormun/servlet/solicitudotadjuntos?88422002402dc28fd01734fae4f95b20,INS,2018,10514,,1,,gx-no-cache=1521493344093 HTTP/1.1" 200 3987
186.103.159.182 - - [19/Mar/2018:18:03:18 -0300] "GET /cormun/servlet/trsolicitudot? HTTP/1.1" 200 8851
186.103.159.182 - - [19/Mar/2018:18:03:20 -0300] "GET /cormun/servlet/trsolicitudot? HTTP/1.1" 200 8839
186.103.159.182 - - [19/Mar/2018:18:03:31 -0300] "POST /cormun/servlet/trsolicitudot?88422002402dc28fd01734fae4f95b20,,gx-no-cache=1521493359481 HTTP/1.1" 200 5861
186.103.159.182 - - [19/Mar/2018:18:03:43 -0300] "GET /cormun/servlet/vesolicitudot?2018,10493,, HTTP/1.1" 200 8656
186.103.159.182 - - [19/Mar/2018:18:03:43 -0300] "GET /cormun/pexe_scrolldiv.js HTTP/1.1" 404 1009
186.103.159.182 - - [19/Mar/2018:18:03:45 -0300] "GET /cormun/servlet/vesolicitudot?2018,10493,, HTTP/1.1" 200 8655
186.79.189.15 - - [19/Mar/2018:18:03:46 -0300] "POST /cormun/servlet/solicitudotadjuntos?gx-no-cache=1521493375889 HTTP/1.1" 200 26
186.79.189.15 - - [19/Mar/2018:18:03:55 -0300] "GET /cormun/servlet/solicitudotadjuntos?e056ac358a54d0469b0d80f746422e94d55027d3833adb23e084b97ed9952e94,gx-no-cache=1521493385328 HTTP/1.1" 200 30
186.79.189.15 - - [19/Mar/2018:18:03:55 -0300] "GET /cormun/servlet/solicitudotadjuntos?e056ac358a54d0469b0d80f746422e94d55027d3833adb23e084b97ed9952e94,gx-no-cache=1521493385431 HTTP/1.1" 200 30
192.168.10.96 - - [19/Mar/2018:18:04:04 -0300] "GET /cormun/servlet/vesolicitudgral?2018,9656,,SolicitudOTAdjuntos HTTP/1.1" 200 11518
192.168.10.96 - - [19/Mar/2018:18:04:05 -0300] "GET /cormun/servlet/vesolicitudgral?2018,9656,,SolicitudOTAdjuntos HTTP/1.1" 200 11519
192.168.10.96 - - [19/Mar/2018:18:04:06 -0300] "POST /cormun/servlet/acontrolpreferencessavestate?None,DZAMUDIO,true HTTP/1.1" 200 35
192.168.10.96 - - [19/Mar/2018:18:04:11 -0300] "POST /cormun/servlet/vesolicitudgral?49d25d8e9698cb36592503de259c4746,2018,9656,,SolicitudOTAdjuntos,gx-no-cache=1521493285325 HTTP/1.1" 200 90
192.168.10.96 - - [19/Mar/2018:18:04:11 -0300] "GET /cormun/servlet/hpexe_link HTTP/1.1" 200 981
192.168.10.96 - - [19/Mar/2018:18:04:11 -0300] "GET /cormun/servlet/trsolicitudgral? HTTP/1.1" 200 19157
192.168.10.96 - - [19/Mar/2018:18:04:12 -0300] "GET /cormun/servlet/trsolicitudgral? HTTP/1.1" 200 19156
192.168.10.96 - - [19/Mar/2018:18:04:21 -0300] "GET /cormun/servlet/vesolicitudgral?2018,9657,, HTTP/1.1" 200 9293
192.168.10.96 - - [19/Mar/2018:18:04:21 -0300] "GET /cormun/pexe_scrolldiv.js HTTP/1.1" 404 1009
192.168.10.96 - - [19/Mar/2018:18:04:21 -0300] "GET /cormun/pexe_scrolldiv.js HTTP/1.1" 404 1009
192.168.10.96 - - [19/Mar/2018:18:04:22 -0300] "GET /cormun/servlet/vesolicitudgral?2018,9657,, HTTP/1.1" 200 9291
192.168.10.96 - - [19/Mar/2018:18:04:23 -0300] "GET /cormun/servlet/vesolicitudgral?2018,9657,,SolicitudOTAdjuntos HTTP/1.1" 200 11342
192.168.10.96 - - [19/Mar/2018:18:04:23 -0300] "GET /cormun/pexe_scrolldiv.js HTTP/1.1" 404 1009
192.168.10.96 - - [19/Mar/2018:18:04:24 -0300] "GET /cormun/pexe_scrolldiv.js HTTP/1.1" 404 1009
192.168.10.96 - - [19/Mar/2018:18:04:24 -0300] "GET /cormun/servlet/vesolicitudgral?2018,9657,,SolicitudOTAdjuntos HTTP/1.1" 200 11344
192.168.10.96 - - [19/Mar/2018:18:04:25 -0300] "POST /cormun/servlet/acontrolpreferencessavestate?None,DZAMUDIO,true HTTP/1.1" 200 35
192.168.10.96 - - [19/Mar/2018:18:04:25 -0300] "GET /cormun/PublicTempStorage/c._identidad9187595.pdf HTTP/1.1" 200 327189
192.168.10.96 - - [19/Mar/2018:18:04:30 -0300] "GET /cormun/servlet/vesolicitudgral?2018,9657,,SolicitudOTAdjuntos HTTP/1.1" 200 11340
192.168.10.96 - - [19/Mar/2018:18:04:30 -0300] "GET /cormun/pexe_scrolldiv.js HTTP/1.1" 404 1009
192.168.10.96 - - [19/Mar/2018:18:04:30 -0300] "GET /cormun/servlet/vesolicitudgral?2018,9657,,SolicitudOTAdjuntos HTTP/1.1" 200 11344
192.168.10.96 - - [19/Mar/2018:18:04:31 -0300] "POST /cormun/servlet/acontrolpreferencessavestate?None,DZAMUDIO,true HTTP/1.1" 200 35
192.168.10.96 - - [19/Mar/2018:18:04:32 -0300] "GET /cormun/PublicTempStorage/afp2547183.pdf HTTP/1.1" 200 261264
192.168.10.96 - - [19/Mar/2018:18:04:36 -0300] "GET /cormun/servlet/vesolicitudgral?2018,9657,,SolicitudOTAdjuntos HTTP/1.1" 200 11342
192.168.10.96 - - [19/Mar/2018:18:04:37 -0300] "GET /cormun/servlet/vesolicitudgral?2018,9657,,SolicitudOTAdjuntos HTTP/1.1" 200 11348
192.168.10.96 - - [19/Mar/2018:18:04:37 -0300] "POST /cormun/servlet/acontrolpreferencessavestate?None,DZAMUDIO,true HTTP/1.1" 200 35
192.168.10.96 - - [19/Mar/2018:18:04:38 -0300] "GET /cormun/PublicTempStorage/isapre6680618.pdf HTTP/1.1" 200 210582
186.79.189.15 - - [19/Mar/2018:18:04:42 -0300] "POST /cormun/servlet/solicitudotadjuntos?3b8a7be0c3f5e09944322e48c93defea,INS,2018,10636,,1, HTTP/1.1" 200 116
192.168.10.96 - - [19/Mar/2018:18:04:42 -0300] "GET /cormun/servlet/vesolicitudgral?2018,9657,,SolicitudOTAdjuntos HTTP/1.1" 200 11343
186.79.189.15 - - [19/Mar/2018:18:04:42 -0300] "GET /cormun/servlet/hpexe_return? HTTP/1.1" 200 1026
192.168.10.96 - - [19/Mar/2018:18:04:43 -0300] "GET /cormun/servlet/vesolicitudgral?2018,9657,,SolicitudOTAdjuntos HTTP/1.1" 200 11346
186.79.189.15 - - [19/Mar/2018:18:04:43 -0300] "GET /cormun/servlet/trsolicitudadjuntos?2018,10636, HTTP/1.1" 200 9044
192.168.10.96 - - [19/Mar/2018:18:04:43 -0300] "POST /cormun/servlet/acontrolpreferencessavestate?None,DZAMUDIO,true HTTP/1.1" 200 35
192.168.10.96 - - [19/Mar/2018:18:04:44 -0300] "GET /cormun/PublicTempStorage/c._de_antecedentes2247053.pdf HTTP/1.1" 200 321073
186.79.189.15 - - [19/Mar/2018:18:04:44 -0300] "GET /cormun/servlet/trsolicitudadjuntos?2018,10636, HTTP/1.1" 200 9044
192.168.10.96 - - [19/Mar/2018:18:04:48 -0300] "GET /cormun/servlet/vesolicitudgral?2018,9657,,SolicitudOTAdjuntos HTTP/1.1" 200 11343
192.168.10.96 - - [19/Mar/2018:18:04:49 -0300] "GET /cormun/servlet/vesolicitudgral?2018,9657,,SolicitudOTAdjuntos HTTP/1.1" 200 11342
192.168.10.96 - - [19/Mar/2018:18:04:49 -0300] "POST /cormun/servlet/acontrolpreferencessavestate?None,DZAMUDIO,true HTTP/1.1" 200 35
192.168.10.96 - - [19/Mar/2018:18:04:49 -0300] "GET /cormun/PublicTempStorage/curriculum6774923.pdf HTTP/1.1" 200 955288
192.168.10.96 - - [19/Mar/2018:18:04:59 -0300] "GET /cormun/servlet/vesolicitudgral?2018,9657,,SolicitudOTAdjuntos HTTP/1.1" 200 11342
192.168.10.96 - - [19/Mar/2018:18:05:00 -0300] "GET /cormun/servlet/vesolicitudgral?2018,9657,,SolicitudOTAdjuntos HTTP/1.1" 200 11345
192.168.10.96 - - [19/Mar/2018:18:05:01 -0300] "POST /cormun/servlet/acontrolpreferencessavestate?None,DZAMUDIO,true HTTP/1.1" 200 35
192.168.10.96 - - [19/Mar/2018:18:05:02 -0300] "GET /cormun/PublicTempStorage/titulo3336531.pdf HTTP/1.1" 200 489004
186.79.189.15 - - [19/Mar/2018:18:05:07 -0300] "GET /cormun/servlet/solicitudotadjuntos?INS,2018,10636,,1, HTTP/1.1" 200 5972
186.79.189.15 - - [19/Mar/2018:18:05:07 -0300] "GET /cormun/static/about:blank HTTP/1.1" 404 1011
186.79.189.15 - - [19/Mar/2018:18:05:08 -0300] "GET /cormun/servlet/solicitudotadjuntos?INS,2018,10636,,1, HTTP/1.1" 200 5965
186.79.189.15 - - [19/Mar/2018:18:05:08 -0300] "GET /cormun/servlet/solicitudotadjuntos?e056ac358a54d0469b0d80f746422e9490065c620955ce59361f404c1a0f87b9242c491a2daf8259c506749825ca9a28,gx-no-cache=1521493457700 HTTP/1.1" 200 30
186.79.189.15 - - [19/Mar/2018:18:05:12 -0300] "POST /cormun/servlet/solicitudotadjuntos?3b8a7be0c3f5e09944322e48c93defea,INS,2018,10636,,1,,gx-no-cache=1521493457915 HTTP/1.1" 200 3794
192.168.10.89 - - [19/Mar/2018:18:05:16 -0300] "POST /cormun/servlet/trsolicitudgral?5d58dd72ef50b7cb9977d95853ce1618,gx-no-cache=1521487425393,gx-no-cache=1521493350577 HTTP/1.1" 200 7308
192.168.10.89 - - [19/Mar/2018:18:05:18 -0300] "GET /cormun/servlet/vesolicitudgral?2018,10572,, HTTP/1.1" 200 9521
192.168.10.89 - - [19/Mar/2018:18:05:18 -0300] "GET /cormun/pexe_scrolldiv.js HTTP/1.1" 404 1009
192.168.10.89 - - [19/Mar/2018:18:05:20 -0300] "GET /cormun/servlet/vesolicitudgral?2018,10572,,SolicitudOTAdjuntos HTTP/1.1" 200 11622
192.168.10.89 - - [19/Mar/2018:18:05:20 -0300] "GET /cormun/pexe_scrolldiv.js HTTP/1.1" 404 1009
192.168.10.89 - - [19/Mar/2018:18:05:22 -0300] "POST /cormun/servlet/acontrolpreferencessavestate?None,CDROGUETT,true HTTP/1.1" 200 35
192.168.10.89 - - [19/Mar/2018:18:05:22 -0300] "GET /cormun/PublicTempStorage/cedula_identidad_doc44503269.pdf HTTP/1.1" 200 36082
186.79.189.15 - - [19/Mar/2018:18:05:29 -0300] "POST /cormun/servlet/solicitudotadjuntos?gx-no-cache=1521493472574 HTTP/1.1" 200 26
186.79.189.15 - - [19/Mar/2018:18:05:38 -0300] "GET /cormun/servlet/solicitudotadjuntos?e056ac358a54d0469b0d80f746422e94d55027d3833adb23e084b97ed9952e94,gx-no-cache=1521493488137 HTTP/1.1" 200 30
186.79.189.15 - - [19/Mar/2018:18:05:38 -0300] "GET /cormun/servlet/solicitudotadjuntos?e056ac358a54d0469b0d80f746422e94d55027d3833adb23e084b97ed9952e94,gx-no-cache=1521493488309 HTTP/1.1" 200 30
192.168.10.89 - - [19/Mar/2018:18:06:03 -0300] "GET /cormun/servlet/vesolicitudgral?2018,10572,,SolicitudOTAdjuntos HTTP/1.1" 200 11620
192.168.10.89 - - [19/Mar/2018:18:06:03 -0300] "GET /cormun/pexe_scrolldiv.js HTTP/1.1" 404 1009
192.168.10.89 - - [19/Mar/2018:18:06:05 -0300] "POST /cormun/servlet/acontrolpreferencessavestate?None,CDROGUETT,true HTTP/1.1" 200 35
192.168.10.89 - - [19/Mar/2018:18:06:07 -0300] "GET /cormun/PublicTempStorage/certificado_anual_de_estudios_doc23175282.pdf HTTP/1.1" 200 70118
192.168.10.89 - - [19/Mar/2018:18:06:16 -0300] "GET /cormun/servlet/vesolicitudgral?2018,10572,,SolicitudOTAdjuntos HTTP/1.1" 200 11624
192.168.10.89 - - [19/Mar/2018:18:06:16 -0300] "GET /cormun/pexe_scrolldiv.js HTTP/1.1" 404 1009
192.168.10.89 - - [19/Mar/2018:18:06:18 -0300] "POST /cormun/servlet/acontrolpreferencessavestate?None,CDROGUETT,true HTTP/1.1" 200 35
192.168.10.89 - - [19/Mar/2018:18:06:18 -0300] "GET /cormun/PublicTempStorage/certificado_afp_doc68417593.pdf HTTP/1.1" 200 69924
192.168.10.89 - - [19/Mar/2018:18:06:26 -0300] "GET /cormun/servlet/vesolicitudgral?2018,10572,,SolicitudOTAdjuntos HTTP/1.1" 200 11623
192.168.10.89 - - [19/Mar/2018:18:06:26 -0300] "GET /cormun/pexe_scrolldiv.js HTTP/1.1" 404 1009
192.168.10.89 - - [19/Mar/2018:18:06:28 -0300] "POST /cormun/servlet/acontrolpreferencessavestate?None,CDROGUETT,true HTTP/1.1" 200 35
192.168.10.89 - - [19/Mar/2018:18:06:29 -0300] "GET /cormun/PublicTempStorage/certificado_fonasa_doc55624145.pdf HTTP/1.1" 200 43785
192.168.10.89 - - [19/Mar/2018:18:06:39 -0300] "GET /cormun/servlet/vesolicitudgral?2018,10572,,SolicitudOTAdjuntos HTTP/1.1" 200 11621
192.168.10.89 - - [19/Mar/2018:18:06:39 -0300] "GET /cormun/pexe_scrolldiv.js HTTP/1.1" 404 1009
192.168.10.89 - - [19/Mar/2018:18:06:40 -0300] "POST /cormun/servlet/acontrolpreferencessavestate?None,CDROGUETT,true HTTP/1.1" 200 35
192.168.10.89 - - [19/Mar/2018:18:06:41 -0300] "GET /cormun/PublicTempStorage/certificado_antecedentes_doc75058084.pdf HTTP/1.1" 200 72543
192.168.10.89 - - [19/Mar/2018:18:06:48 -0300] "GET /cormun/servlet/vesolicitudgral?2018,10572,,SolicitudOTAdjuntos HTTP/1.1" 200 11621
192.168.10.89 - - [19/Mar/2018:18:06:48 -0300] "GET /cormun/pexe_scrolldiv.js HTTP/1.1" 404 1009
192.168.10.89 - - [19/Mar/2018:18:06:49 -0300] "POST /cormun/servlet/acontrolpreferencessavestate?None,CDROGUETT,true HTTP/1.1" 200 35
192.168.10.89 - - [19/Mar/2018:18:06:50 -0300] "GET /cormun/PublicTempStorage/curriculum_doc8919059.pdf HTTP/1.1" 200 57042
186.79.189.15 - - [19/Mar/2018:18:06:56 -0300] "POST /cormun/servlet/solicitudotadjuntos?3b8a7be0c3f5e09944322e48c93defea,INS,2018,10636,,1, HTTP/1.1" 200 6672
192.168.10.89 - - [19/Mar/2018:18:07:02 -0300] "GET /cormun/servlet/vesolicitudgral?2018,10572,,SolicitudOTAdjuntos HTTP/1.1" 200 11620
192.168.10.89 - - [19/Mar/2018:18:07:02 -0300] "GET /cormun/pexe_scrolldiv.js HTTP/1.1" 404 1009
192.168.10.89 - - [19/Mar/2018:18:07:04 -0300] "POST /cormun/servlet/acontrolpreferencessavestate?None,CDROGUETT,true HTTP/1.1" 200 35
192.168.10.89 - - [19/Mar/2018:18:07:07 -0300] "POST /cormun/servlet/vesolicitudgral?5d58dd72ef50b7cb9977d95853ce1618,2018,10572,,SolicitudOTAdjuntos,gx-no-cache=1521493461348 HTTP/1.1" 200 90
192.168.10.89 - - [19/Mar/2018:18:07:07 -0300] "GET /cormun/servlet/hpexe_link HTTP/1.1" 200 997
192.168.10.89 - - [19/Mar/2018:18:07:07 -0300] "GET /cormun/servlet/trsolicitudgral?gx-no-cache=1521487425393 HTTP/1.1" 200 10818
186.79.189.15 - - [19/Mar/2018:18:07:21 -0300] "POST /cormun/servlet/solicitudotadjuntos?gx-no-cache=1521493583578 HTTP/1.1" 200 26
186.79.189.15 - - [19/Mar/2018:18:07:30 -0300] "GET /cormun/servlet/solicitudotadjuntos?e056ac358a54d0469b0d80f746422e94d55027d3833adb23e084b97ed9952e94,gx-no-cache=1521493599350 HTTP/1.1" 200 30
186.79.189.15 - - [19/Mar/2018:18:07:32 -0300] "GET /cormun/servlet/solicitudotadjuntos?e056ac358a54d0469b0d80f746422e94d55027d3833adb23e084b97ed9952e94,gx-no-cache=1521493600370 HTTP/1.1" 200 30
186.79.189.15 - - [19/Mar/2018:18:07:59 -0300] "POST /cormun/servlet/solicitudotadjuntos?3b8a7be0c3f5e09944322e48c93defea,INS,2018,10636,,1, HTTP/1.1" 200 116
186.79.189.15 - - [19/Mar/2018:18:07:59 -0300] "GET /cormun/servlet/hpexe_return? HTTP/1.1" 200 1026
186.79.189.15 - - [19/Mar/2018:18:08:00 -0300] "GET /cormun/servlet/trsolicitudadjuntos?2018,10636, HTTP/1.1" 200 9306
186.79.189.15 - - [19/Mar/2018:18:08:01 -0300] "GET /cormun/servlet/trsolicitudadjuntos?2018,10636, HTTP/1.1" 200 9301
186.79.189.15 - - [19/Mar/2018:18:08:05 -0300] "GET /cormun/servlet/solicitudotadjuntos?INS,2018,10636,,1, HTTP/1.1" 200 5973
186.79.189.15 - - [19/Mar/2018:18:08:06 -0300] "GET /cormun/static/about:blank HTTP/1.1" 404 1011
186.79.189.15 - - [19/Mar/2018:18:08:06 -0300] "GET /cormun/servlet/solicitudotadjuntos?INS,2018,10636,,1, HTTP/1.1" 200 5966
186.79.189.15 - - [19/Mar/2018:18:08:06 -0300] "GET /cormun/servlet/solicitudotadjuntos?e056ac358a54d0469b0d80f746422e9490065c620955ce59361f404c1a0f87b9242c491a2daf8259c506749825ca9a28,gx-no-cache=1521493636217 HTTP/1.1" 200 30
