186.103.159.182 - - [19/Mar/2018:11:57:43 -0300] "GET /cormun/static/Shared/jqueryui/images/ui-bg_highlight-soft_100_c6c2c8_1x100.png HTTP/1.1" 404 1117
186.103.159.182 - - [19/Mar/2018:11:57:43 -0300] "GET /cormun/static/Shared/jqueryui/images/ui-icons_82798d_256x240.png HTTP/1.1" 404 1089
186.103.159.230 - - [19/Mar/2018:11:57:46 -0300] "GET /cormun/servlet/hlogin HTTP/1.1" 200 1714
186.103.159.230 - - [19/Mar/2018:11:57:46 -0300] "GET /cormun/static/gxcfg.js?20175251213516 HTTP/1.1" 304 -
186.103.159.182 - - [19/Mar/2018:11:57:47 -0300] "GET /cormun/servlet/trautorizarsolicitud? HTTP/1.1" 200 8742
186.103.159.182 - - [19/Mar/2018:11:57:47 -0300] "GET /cormun/static/gxcfg.js?2017111423403364 HTTP/1.1" 200 953
186.103.159.182 - - [19/Mar/2018:11:57:47 -0300] "GET /cormun/static/trautorizarsolicitud.js?201711142340425 HTTP/1.1" 200 53910
186.103.159.230 - - [19/Mar/2018:11:57:50 -0300] "GET /cormun/servlet/hlogin HTTP/1.1" 200 1714
186.103.159.230 - - [19/Mar/2018:11:57:50 -0300] "GET /cormun/servlet/hlogin HTTP/1.1" 200 1724
192.168.10.96 - - [19/Mar/2018:11:57:53 -0300] "GET /cormun/servlet/vesolicitudgral?2018,9843,,SolicitudOTAdjuntos HTTP/1.1" 200 11443
192.168.10.96 - - [19/Mar/2018:11:57:53 -0300] "GET /cormun/pexe_scrolldiv.js HTTP/1.1" 404 1009
192.168.10.96 - - [19/Mar/2018:11:57:54 -0300] "GET /cormun/servlet/vesolicitudgral?2018,9843,,SolicitudOTAdjuntos HTTP/1.1" 200 11442
192.168.10.96 - - [19/Mar/2018:11:57:55 -0300] "POST /cormun/servlet/acontrolpreferencessavestate?None,DZAMUDIO,true HTTP/1.1" 200 35
186.103.159.182 - - [19/Mar/2018:11:58:05 -0300] "POST /cormun/servlet/trautorizarsolicitud?de0a3b22cd7a0a2fd6167e4e4eb72189,,gx-no-cache=1521471434228 HTTP/1.1" 200 4601
186.103.159.182 - - [19/Mar/2018:11:58:07 -0300] "POST /cormun/servlet/trautorizarsolicitud?de0a3b22cd7a0a2fd6167e4e4eb72189,,gx-no-cache=1521471435110 HTTP/1.1" 200 4393
186.103.159.182 - - [19/Mar/2018:11:58:08 -0300] "GET /cormun/static/Shared/jqueryui/images/ui-icons_8d78a5_256x240.png HTTP/1.1" 404 1089
186.103.159.182 - - [19/Mar/2018:11:58:08 -0300] "GET /cormun/static/Shared/jqueryui/images/ui-bg_highlight-soft_100_c6c2c8_1x100.png HTTP/1.1" 404 1117
186.103.159.182 - - [19/Mar/2018:11:58:08 -0300] "GET /cormun/static/Shared/jqueryui/images/ui-icons_82798d_256x240.png HTTP/1.1" 404 1089
186.103.159.182 - - [19/Mar/2018:11:58:08 -0300] "GET /cormun/static/Shared/jqueryui/images/ui-bg_flat_55_fafafa_40x100.png HTTP/1.1" 404 1097
186.103.159.230 - - [19/Mar/2018:11:58:11 -0300] "POST /cormun/servlet/hlogin?634197ef54ab5f14297783f83879c6f5,gx-no-cache=1521471441144 HTTP/1.1" 200 90
186.103.159.230 - - [19/Mar/2018:11:58:11 -0300] "GET /cormun/servlet/hpexe_link HTTP/1.1" 200 945
186.103.159.230 - - [19/Mar/2018:11:58:11 -0300] "GET /cormun/static/gxcfg.js?20177612121792 HTTP/1.1" 304 -
186.103.159.230 - - [19/Mar/2018:11:58:11 -0300] "GET /cormun/servlet/hhome HTTP/1.1" 200 4158
186.103.159.230 - - [19/Mar/2018:11:58:11 -0300] "GET /cormun/static/gxcfg.js?20175251212442 HTTP/1.1" 304 -
186.103.159.230 - - [19/Mar/2018:11:58:12 -0300] "GET /cormun/servlet/hhome HTTP/1.1" 200 4154
186.103.159.230 - - [19/Mar/2018:11:58:16 -0300] "GET /cormun/servlet/trsolicitudot? HTTP/1.1" 200 8761
186.103.159.230 - - [19/Mar/2018:11:58:16 -0300] "GET /cormun/static/gxcfg.js?2017111422585916 HTTP/1.1" 304 -
186.103.159.230 - - [19/Mar/2018:11:58:16 -0300] "GET /cormun/servlet/trsolicitudot? HTTP/1.1" 200 8759
186.103.159.230 - - [19/Mar/2018:11:58:27 -0300] "POST /cormun/servlet/trsolicitudot?634197ef54ab5f14297783f83879c6f5,,gx-no-cache=1521471457043 HTTP/1.1" 200 4635
186.103.159.230 - - [19/Mar/2018:11:58:27 -0300] "POST /cormun/servlet/trsolicitudot?634197ef54ab5f14297783f83879c6f5,,gx-no-cache=1521471457243 HTTP/1.1" 200 4444
186.103.159.230 - - [19/Mar/2018:11:58:30 -0300] "GET /cormun/servlet/solicitudot?INS,0,0, HTTP/1.1" 200 13604
186.103.159.230 - - [19/Mar/2018:11:58:30 -0300] "GET /cormun/static/gxcfg.js?201812313224582 HTTP/1.1" 304 -
186.103.159.230 - - [19/Mar/2018:11:58:30 -0300] "GET /cormun/servlet/solicitudot?INS,0,0, HTTP/1.1" 200 13609
186.103.159.182 - - [19/Mar/2018:11:59:49 -0300] "GET /cormun/static/menuarrow.gif HTTP/1.1" 404 1015
186.103.159.182 - - [19/Mar/2018:11:59:50 -0300] "GET /cormun/servlet/trsolicitudot? HTTP/1.1" 200 7471
186.103.159.182 - - [19/Mar/2018:11:59:55 -0300] "GET /cormun/static/menuarrow.gif HTTP/1.1" 404 1015
186.103.159.182 - - [19/Mar/2018:12:00:14 -0300] "POST /cormun/servlet/trsolicitudot?de0a3b22cd7a0a2fd6167e4e4eb72189,,gx-no-cache=1521471563063 HTTP/1.1" 200 4481
186.103.159.182 - - [19/Mar/2018:12:00:21 -0300] "POST /cormun/servlet/trsolicitudot?de0a3b22cd7a0a2fd6167e4e4eb72189,,gx-no-cache=1521471569759 HTTP/1.1" 200 4484
186.103.159.182 - - [19/Mar/2018:12:00:27 -0300] "POST /cormun/servlet/trsolicitudot?de0a3b22cd7a0a2fd6167e4e4eb72189,,gx-no-cache=1521471575729 HTTP/1.1" 200 5854
186.103.159.182 - - [19/Mar/2018:12:01:34 -0300] "POST /cormun/servlet/trsolicitudot?de0a3b22cd7a0a2fd6167e4e4eb72189,,gx-no-cache=1521471643448 HTTP/1.1" 200 5860
186.79.227.211 - - [19/Mar/2018:12:01:49 -0300] "GET /cormun/servlet/hlogin HTTP/1.1" 200 1734
186.79.227.211 - - [19/Mar/2018:12:01:50 -0300] "GET /cormun/static/gxtimezone.js?85251 HTTP/1.1" 200 5781
186.79.227.211 - - [19/Mar/2018:12:01:50 -0300] "GET /cormun/static/gxcfg.js?20175251213516 HTTP/1.1" 200 953
186.79.227.211 - - [19/Mar/2018:12:01:50 -0300] "GET /cormun/static/Resources/Spanish/PXTools.css?11423723 HTTP/1.1" 200 89042
186.79.227.211 - - [19/Mar/2018:12:01:50 -0300] "GET /cormun/static/messages.spa.js?85251 HTTP/1.1" 200 30736
186.79.227.211 - - [19/Mar/2018:12:01:50 -0300] "GET /cormun/static/hlogin.js?20175251213537 HTTP/1.1" 200 2136
186.79.227.211 - - [19/Mar/2018:12:01:50 -0300] "GET /cormun/static/Resources/ComunLogin.png HTTP/1.1" 200 17326
186.79.227.211 - - [19/Mar/2018:12:01:50 -0300] "GET /cormun/static/gxgral.js?85251 HTTP/1.1" 200 384558
186.79.227.211 - - [19/Mar/2018:12:01:50 -0300] "GET /cormun/static/Resources/PXToolsLoginBottom.png HTTP/1.1" 200 1389
186.79.227.211 - - [19/Mar/2018:12:01:50 -0300] "GET /cormun/static/Resources/PXToolsLoginBackground.png HTTP/1.1" 200 1164
186.79.227.211 - - [19/Mar/2018:12:01:50 -0300] "GET /cormun/static/Resources/PXToolsButtonLeft21.png HTTP/1.1" 200 1287
186.79.227.211 - - [19/Mar/2018:12:01:50 -0300] "GET /cormun/static/Resources/PXToolsButtonRight21.png HTTP/1.1" 200 1283
186.79.227.211 - - [19/Mar/2018:12:01:51 -0300] "GET /cormun/static/Resources/PXToolsLoginTop.png HTTP/1.1" 200 1337
186.79.227.211 - - [19/Mar/2018:12:01:51 -0300] "GET /cormun/static/Resources/indicator.gif HTTP/1.1" 200 1553
186.79.227.211 - - [19/Mar/2018:12:01:51 -0300] "GET /cormun/static/Resources/PXToolsButtonBackground2.png HTTP/1.1" 200 1181
186.79.227.211 - - [19/Mar/2018:12:01:51 -0300] "GET /cormun/servlet/hlogin HTTP/1.1" 200 1739
186.79.227.211 - - [19/Mar/2018:12:01:52 -0300] "GET /favicon.ico HTTP/1.1" 200 21630
186.79.227.211 - - [19/Mar/2018:12:02:00 -0300] "POST /cormun/servlet/hlogin?dcec0fed237d5ec0b13a12bcdd154551,gx-no-cache=1521471670594 HTTP/1.1" 200 90
186.79.227.211 - - [19/Mar/2018:12:02:00 -0300] "GET /cormun/servlet/hpexe_link HTTP/1.1" 200 959
186.79.227.211 - - [19/Mar/2018:12:02:01 -0300] "GET /cormun/static/hpexe_link.js?20177612121795 HTTP/1.1" 200 625
186.79.227.211 - - [19/Mar/2018:12:02:01 -0300] "GET /cormun/static/gxcfg.js?20177612121792 HTTP/1.1" 200 953
186.79.227.211 - - [19/Mar/2018:12:02:01 -0300] "GET /cormun/static/Resources/Spanish/PXTools.css?1155365 HTTP/1.1" 200 89042
186.79.227.211 - - [19/Mar/2018:12:02:01 -0300] "GET /cormun/servlet/hhome HTTP/1.1" 200 4482
186.79.227.211 - - [19/Mar/2018:12:02:01 -0300] "GET /cormun/static/Shared/jqueryui/jquery-ui.min.css?1245370 HTTP/1.1" 200 30288
186.79.227.211 - - [19/Mar/2018:12:02:01 -0300] "GET /cormun/static/SmoothNavMenu/resources/ddsmoothmenu.css?1012540 HTTP/1.1" 200 2223
186.79.227.211 - - [19/Mar/2018:12:02:01 -0300] "GET /cormun/static/SmoothNavMenu/resources/ddsmoothmenu-v.css?1012540 HTTP/1.1" 200 1188
186.79.227.211 - - [19/Mar/2018:12:02:01 -0300] "GET /cormun/static/scaMessage/css/jquery.pnotify.default.css?1716380 HTTP/1.1" 200 1707
186.79.227.211 - - [19/Mar/2018:12:02:01 -0300] "GET /cormun/static/gxcfg.js?20175251212442 HTTP/1.1" 200 953
186.79.227.211 - - [19/Mar/2018:12:02:01 -0300] "GET /cormun/static/PXToolsJavascripts/pexe_autoreload.js HTTP/1.1" 200 1762
186.79.227.211 - - [19/Mar/2018:12:02:01 -0300] "GET /cormun/static/PXToolsJavascripts/pexe_cookies.js HTTP/1.1" 200 792
186.79.227.211 - - [19/Mar/2018:12:02:01 -0300] "GET /cormun/static/PXToolsJavascripts/pexe_windows.js HTTP/1.1" 200 15207
186.79.227.211 - - [19/Mar/2018:12:02:01 -0300] "GET /cormun/static/PXToolsJavascripts/pexe_grid.js HTTP/1.1" 200 7559
186.79.227.211 - - [19/Mar/2018:12:02:01 -0300] "GET /cormun/static/PXToolsJavascripts/pexe_griddivfix.js HTTP/1.1" 200 6644
186.79.227.211 - - [19/Mar/2018:12:02:01 -0300] "GET /cormun/static/PXToolsJavascripts/pexe_link.js HTTP/1.1" 200 5671
186.79.227.211 - - [19/Mar/2018:12:02:01 -0300] "GET /cormun/static/PXToolsJavascripts/pexe_menudivfix.js HTTP/1.1" 200 333
186.79.227.211 - - [19/Mar/2018:12:02:01 -0300] "GET /cormun/static/PXToolsJavascripts/pexe_menus.js HTTP/1.1" 200 1286
186.79.227.211 - - [19/Mar/2018:12:02:01 -0300] "GET /cormun/static/PXToolsJavascripts/pexe_layers.js HTTP/1.1" 200 4114
186.79.227.211 - - [19/Mar/2018:12:02:01 -0300] "GET /cormun/static/PXToolsJavascripts/pexe_oav.js HTTP/1.1" 200 645
186.79.227.211 - - [19/Mar/2018:12:02:01 -0300] "GET /cormun/static/PXToolsJavascripts/pexe_oavdivfix.js HTTP/1.1" 200 639
186.79.227.211 - - [19/Mar/2018:12:02:01 -0300] "GET /cormun/static/PXToolsJavascripts/pexe_picture.js HTTP/1.1" 200 689
186.79.227.211 - - [19/Mar/2018:12:02:01 -0300] "GET /cormun/static/PXToolsJavascripts/pexe_popup.js HTTP/1.1" 200 13458
186.79.227.211 - - [19/Mar/2018:12:02:02 -0300] "GET /cormun/static/PXToolsJavascripts/pexe_scrolldiv.js HTTP/1.1" 200 4138
186.79.227.211 - - [19/Mar/2018:12:02:02 -0300] "GET /cormun/static/PXToolsJavascripts/pexe_tabdivfix.js HTTP/1.1" 200 876
186.79.227.211 - - [19/Mar/2018:12:02:02 -0300] "GET /cormun/static/PXToolsJavascripts/pexe_upload.js HTTP/1.1" 200 1423
186.79.227.211 - - [19/Mar/2018:12:02:02 -0300] "GET /cormun/static/PXToolsJavascripts/PXToolsJavascriptsRender.js HTTP/1.1" 200 367
186.79.227.211 - - [19/Mar/2018:12:02:02 -0300] "GET /cormun/static/PXToolsJavascripts/pexe_tabs.js HTTP/1.1" 200 3748
186.79.227.211 - - [19/Mar/2018:12:02:02 -0300] "GET /cormun/static/RunJS/RunJS.js HTTP/1.1" 200 288
186.79.227.211 - - [19/Mar/2018:12:02:02 -0300] "GET /cormun/static/Shared/ext/locale/ext-lang-en.js HTTP/1.1" 200 10940
186.79.227.211 - - [19/Mar/2018:12:02:02 -0300] "GET /cormun/static/hhome.js?20175251212450 HTTP/1.1" 200 777
186.79.227.211 - - [19/Mar/2018:12:02:02 -0300] "GET /cormun/static/hwchdr01.js?201752511465785 HTTP/1.1" 200 1183
186.79.227.211 - - [19/Mar/2018:12:02:02 -0300] "GET /cormun/static/Resources/PXToolsHeaderSecurity.png HTTP/1.1" 200 4166
186.79.227.211 - - [19/Mar/2018:12:02:02 -0300] "GET /cormun/static/Resources/PXToolsHeaderActionsLeft.png HTTP/1.1" 200 1118
186.79.227.211 - - [19/Mar/2018:12:02:02 -0300] "GET /cormun/static/Resources/PXToolsFooterBackground2.png HTTP/1.1" 200 1172
186.79.227.211 - - [19/Mar/2018:12:02:03 -0300] "GET /cormun/static/Resources/PXToolsHeaderBackground2.png HTTP/1.1" 200 1174
186.79.227.211 - - [19/Mar/2018:12:02:03 -0300] "GET /cormun/static/Resources/PXToolsDataTitle.png HTTP/1.1" 200 1173
186.79.227.211 - - [19/Mar/2018:12:02:03 -0300] "GET /cormun/static/Resources/PXToolsHeaderActionsBackground.png HTTP/1.1" 200 484
186.79.227.211 - - [19/Mar/2018:12:02:03 -0300] "GET /cormun/static/Resources/PXToolsHeaderHome.png HTTP/1.1" 200 4147
186.79.227.211 - - [19/Mar/2018:12:02:03 -0300] "GET /cormun/static/Resources/PXToolsHeaderLogin.png HTTP/1.1" 200 4279
186.79.227.211 - - [19/Mar/2018:12:02:03 -0300] "GET /cormun/static/gxui/gxui-all.js HTTP/1.1" 200 107772
186.79.227.211 - - [19/Mar/2018:12:02:03 -0300] "GET /cormun/static/Resources/PXToolsHeaderActionsRight.png HTTP/1.1" 200 1201
186.79.227.211 - - [19/Mar/2018:12:02:03 -0300] "GET /cormun/static/Resources/PXToolsHeaderPreferences.png HTTP/1.1" 200 4189
186.79.227.211 - - [19/Mar/2018:12:02:03 -0300] "GET /cormun/static/Resources/logo4.png HTTP/1.1" 200 6582
186.79.227.211 - - [19/Mar/2018:12:02:03 -0300] "GET /cormun/static/hpexe_recentlink.js?20177611595044 HTTP/1.1" 200 2144
186.79.227.211 - - [19/Mar/2018:12:02:03 -0300] "GET /cormun/static/hpexe_scripts.js?201752511465715 HTTP/1.1" 200 1544
186.79.227.211 - - [19/Mar/2018:12:02:03 -0300] "GET /cormun/static/hpexe_messagecontroller.js?20177611595012 HTTP/1.1" 200 870
186.79.227.211 - - [19/Mar/2018:12:02:03 -0300] "GET /cormun/static/hpexe_messagepopupcomponent.js?20161017169425 HTTP/1.1" 200 605
186.79.227.211 - - [19/Mar/2018:12:02:03 -0300] "GET /cormun/static/hpexe_messagegenexuscomponent.js?201752511465344 HTTP/1.1" 200 587
186.79.227.211 - - [19/Mar/2018:12:02:03 -0300] "GET /cormun/static/cmcontrolpreferences.js?201752511465670 HTTP/1.1" 200 1375
186.79.227.211 - - [19/Mar/2018:12:02:03 -0300] "GET /cormun/static/Shared/jquery/jquery-1.4.2.min.js HTTP/1.1" 200 72174
186.79.227.211 - - [19/Mar/2018:12:02:03 -0300] "GET /cormun/static/SmoothNavMenu/resources/ddsmoothmenu.js HTTP/1.1" 200 12712
186.79.227.211 - - [19/Mar/2018:12:02:03 -0300] "GET /cormun/static/scaMessage/js/jquery.pnotify.min.js HTTP/1.1" 200 13038
186.79.227.211 - - [19/Mar/2018:12:02:04 -0300] "GET /cormun/static/SmoothNavMenu/resources/SmoothNavMenuRender.js HTTP/1.1" 200 5951
186.79.227.211 - - [19/Mar/2018:12:02:04 -0300] "GET /cormun/static/scaMessage/scaMessageRender.js HTTP/1.1" 200 11977
186.79.227.211 - - [19/Mar/2018:12:02:04 -0300] "GET /cormun/static/hmpwkw03.js?20177612122668 HTTP/1.1" 200 3965
186.79.227.211 - - [19/Mar/2018:12:02:04 -0300] "GET /cormun/static/Shared/jqueryui/jquery-ui.min.js HTTP/1.1" 200 240427
186.79.227.211 - - [19/Mar/2018:12:02:04 -0300] "GET /cormun/static/Shared/jquery/jquery-1.10.2.min.js HTTP/1.1" 200 273199
186.79.227.211 - - [19/Mar/2018:12:02:05 -0300] "GET /cormun/static/Shared/ext/ext-all.js HTTP/1.1" 200 1289687
186.79.227.211 - - [19/Mar/2018:12:02:06 -0300] "GET /cormun/servlet/hhome HTTP/1.1" 200 4478
186.79.227.211 - - [19/Mar/2018:12:02:06 -0300] "GET /cormun/static/SmoothNavMenu/resources/images/down.gif HTTP/1.1" 200 854
186.79.227.211 - - [19/Mar/2018:12:02:06 -0300] "GET /cormun/static/SmoothNavMenu/resources/images/right.gif HTTP/1.1" 200 860
192.168.10.56 - - [19/Mar/2018:12:02:09 -0300] "POST /cormun/servlet/trsolicitudgral?36c4cd6d5361a3956a1c268e71bd99fa,,gx-no-cache=1521471563073 HTTP/1.1" 200 9309
186.79.227.211 - - [19/Mar/2018:12:02:12 -0300] "GET /cormun/servlet/trsolicitudgral? HTTP/1.1" 200 14754
186.79.227.211 - - [19/Mar/2018:12:02:12 -0300] "GET /cormun/static/calendar-system.css?85620 HTTP/1.1" 200 5572
186.79.227.211 - - [19/Mar/2018:12:02:12 -0300] "GET /cormun/static/gxui/gxui-all.css?120300 HTTP/1.1" 200 2179
186.79.227.211 - - [19/Mar/2018:12:02:12 -0300] "GET /cormun/static/gxcfg.js?201813119461163 HTTP/1.1" 200 953
186.79.227.211 - - [19/Mar/2018:12:02:12 -0300] "GET /cormun/static/calendar.js?85251 HTTP/1.1" 200 26246
186.79.227.211 - - [19/Mar/2018:12:02:12 -0300] "GET /cormun/static/calendar-setup.js?85251 HTTP/1.1" 200 2588
186.79.227.211 - - [19/Mar/2018:12:02:12 -0300] "GET /cormun/static/calendar-es.js?85251 HTTP/1.1" 200 1901
186.79.227.211 - - [19/Mar/2018:12:02:12 -0300] "GET /cormun/static/Resources/Spanish/PXTools.css?1255365 HTTP/1.1" 200 89042
186.79.227.211 - - [19/Mar/2018:12:02:13 -0300] "GET /cormun/static/gxdec.js?85251 HTTP/1.1" 200 19579
186.79.227.211 - - [19/Mar/2018:12:02:13 -0300] "GET /cormun/static/trsolicitudgral.js?201813119462015 HTTP/1.1" 200 55173
186.79.227.211 - - [19/Mar/2018:12:02:13 -0300] "GET /cormun/static/Shared/ext/resources/css/ext-all.css?215870 HTTP/1.1" 200 416045
186.79.227.211 - - [19/Mar/2018:12:02:13 -0300] "GET /cormun/static/Resources/PXTools/calendar.png HTTP/1.1" 200 1306
186.79.227.211 - - [19/Mar/2018:12:02:14 -0300] "GET /cormun/static/Resources/PXToolsDataSearch.png HTTP/1.1" 200 419
186.79.227.211 - - [19/Mar/2018:12:02:14 -0300] "GET /cormun/static/Resources/PXToolsGridFirstDisabled.gif HTTP/1.1" 200 100
186.79.227.211 - - [19/Mar/2018:12:02:14 -0300] "GET /cormun/static/Resources/PXToolsGridPreviousDisabled.gif HTTP/1.1" 200 90
186.79.227.211 - - [19/Mar/2018:12:02:14 -0300] "GET /cormun/static/Resources/PXToolsGridPage.gif HTTP/1.1" 200 725
186.79.227.211 - - [19/Mar/2018:12:02:14 -0300] "GET /cormun/static/Resources/PXToolsGridNextDisabled.gif HTTP/1.1" 200 90
186.79.227.211 - - [19/Mar/2018:12:02:14 -0300] "GET /cormun/static/Resources/PXToolsGridLastDisabled.gif HTTP/1.1" 200 98
186.79.227.211 - - [19/Mar/2018:12:02:14 -0300] "GET /cormun/static/Resources/PXToolsActionExcel.png HTTP/1.1" 200 3187
186.79.227.211 - - [19/Mar/2018:12:02:14 -0300] "GET /cormun/static/Resources/PXToolsAddAllStandardAction.png HTTP/1.1" 200 628
186.79.227.211 - - [19/Mar/2018:12:02:14 -0300] "GET /cormun/static/Resources/PXToolsRemoveAllStandardAction.png HTTP/1.1" 200 495
186.79.227.211 - - [19/Mar/2018:12:02:14 -0300] "GET /cormun/static/Resources/asc.gif HTTP/1.1" 200 67
186.79.227.211 - - [19/Mar/2018:12:02:14 -0300] "GET /cormun/static/Resources/desc.gif HTTP/1.1" 200 65
186.79.227.211 - - [19/Mar/2018:12:02:14 -0300] "GET /cormun//static/Resources/PXToolsGridUpdate.png HTTP/1.1" 200 2984
186.79.227.211 - - [19/Mar/2018:12:02:14 -0300] "GET /cormun//static/Resources/PXToolsGridDelete.png HTTP/1.1" 200 357
186.79.227.211 - - [19/Mar/2018:12:02:14 -0300] "GET /cormun/servlet/trsolicitudgral? HTTP/1.1" 200 14752
186.79.227.211 - - [19/Mar/2018:12:02:15 -0300] "GET /cormun/static/Shared/ext/resources/themes/images/default/panel/bg-headersPanel.png HTTP/1.1" 200 255
186.79.227.211 - - [19/Mar/2018:12:02:15 -0300] "GET /cormun/static/Shared/ext/resources/themes/images/default/tools/tool-sprites.gif HTTP/1.1" 200 5434
186.103.159.182 - - [19/Mar/2018:12:02:21 -0300] "POST /cormun/servlet/trsolicitudot?de0a3b22cd7a0a2fd6167e4e4eb72189,,gx-no-cache=1521471690487 HTTP/1.1" 200 4484
186.103.159.182 - - [19/Mar/2018:12:02:30 -0300] "POST /cormun/servlet/trsolicitudot?de0a3b22cd7a0a2fd6167e4e4eb72189,,gx-no-cache=1521471698939 HTTP/1.1" 200 5854
192.168.10.56 - - [19/Mar/2018:12:02:32 -0300] "POST /cormun/servlet/trsolicitudgral?36c4cd6d5361a3956a1c268e71bd99fa,,gx-no-cache=1521471586765 HTTP/1.1" 200 6157
186.79.227.211 - - [19/Mar/2018:12:02:37 -0300] "POST /cormun/servlet/trsolicitudgral?dcec0fed237d5ec0b13a12bcdd154551,,gx-no-cache=1521471706070 HTTP/1.1" 200 25084
186.79.227.211 - - [19/Mar/2018:12:02:38 -0300] "GET /cormun/static/Resources/PXToolsGridNext.gif HTTP/1.1" 200 369
186.79.227.211 - - [19/Mar/2018:12:02:38 -0300] "GET /cormun/static/Resources/PXToolsGridLast.gif HTTP/1.1" 200 370
192.168.10.56 - - [19/Mar/2018:12:02:38 -0300] "POST /cormun/servlet/trsolicitudgral?36c4cd6d5361a3956a1c268e71bd99fa,,gx-no-cache=1521471592165 HTTP/1.1" 200 25587
192.168.10.97 - - [19/Mar/2018:12:02:47 -0300] "POST /cormun/servlet/trsolicitudgral?5af6f09deeb649453d2984379da3a7f9,,gx-no-cache=1521471723281 HTTP/1.1" 200 5926
192.168.10.97 - - [19/Mar/2018:12:02:56 -0300] "POST /cormun/servlet/trsolicitudgral?5af6f09deeb649453d2984379da3a7f9,,gx-no-cache=1521471732346 HTTP/1.1" 200 5925
192.168.10.97 - - [19/Mar/2018:12:03:08 -0300] "POST /cormun/servlet/trsolicitudgral?5af6f09deeb649453d2984379da3a7f9,,gx-no-cache=1521471744635 HTTP/1.1" 200 7284
186.103.157.246 - - [19/Mar/2018:12:03:14 -0300] "POST /cormun/servlet/trsolicitudot?3c69704838c07d447652110cd7935a4e,,gx-no-cache=1521471742701 HTTP/1.1" 200 22924
186.103.159.182 - - [19/Mar/2018:12:03:33 -0300] "POST /cormun/servlet/trsolicitudot?de0a3b22cd7a0a2fd6167e4e4eb72189,,gx-no-cache=1521471762005 HTTP/1.1" 200 5859
186.103.159.46 - - [19/Mar/2018:12:03:39 -0300] "GET /cormun/servlet/hlogin HTTP/1.1" 200 1729
186.103.159.230 - - [19/Mar/2018:12:03:40 -0300] "POST /cormun/servlet/solicitudot?gx-no-cache=1521471770051 HTTP/1.1" 200 3374
186.103.159.230 - - [19/Mar/2018:12:03:40 -0300] "POST /cormun/servlet/solicitudot?634197ef54ab5f14297783f83879c6f5,INS,0,0,,gx-no-cache=1521471770244 HTTP/1.1" 200 10538
186.79.227.211 - - [19/Mar/2018:12:03:49 -0300] "POST /cormun/servlet/trsolicitudgral?dcec0fed237d5ec0b13a12bcdd154551,,gx-no-cache=1521471776685 HTTP/1.1" 200 12904
186.103.159.230 - - [19/Mar/2018:12:03:49 -0300] "GET /cormun/servlet/solicitudot?f4ec86199e084c0396039c24ce2b5b18b8e27e911fd81d5fb334618ecddf30c22f7e96c9385930909d446946695d08c5,gx-no-cache=1521471778678 HTTP/1.1" 200 30
186.103.159.230 - - [19/Mar/2018:12:03:49 -0300] "GET /cormun/servlet/solicitudot?f4ec86199e084c0396039c24ce2b5b185cc89118a57142b5cc72f201751c7545b62c5c9869c640dccb5836ddf5344294,gx-no-cache=1521471778765 HTTP/1.1" 200 103
186.103.159.230 - - [19/Mar/2018:12:03:49 -0300] "GET /cormun/static/Shared/jqueryui/images/ui-bg_highlight-soft_100_c6c2c8_1x100.png HTTP/1.1" 404 1117
186.103.159.230 - - [19/Mar/2018:12:03:49 -0300] "GET /cormun/static/Shared/jqueryui/images/ui-icons_82798d_256x240.png HTTP/1.1" 404 1089
186.103.159.230 - - [19/Mar/2018:12:03:49 -0300] "GET /cormun/static/Shared/jqueryui/images/ui-bg_flat_55_994d53_40x100.png HTTP/1.1" 404 1097
186.103.159.230 - - [19/Mar/2018:12:03:49 -0300] "GET /cormun/static/Shared/jqueryui/images/ui-icons_ebccce_256x240.png HTTP/1.1" 404 1089
186.103.159.230 - - [19/Mar/2018:12:03:49 -0300] "GET /cormun/servlet/solicitudot?f4ec86199e084c0396039c24ce2b5b187a78f15aed6e66cb594334e3cb0bb2a4,gx-no-cache=1521471778903 HTTP/1.1" 200 51
186.103.159.230 - - [19/Mar/2018:12:03:49 -0300] "POST /cormun/servlet/solicitudot?gx-no-cache=1521471778960 HTTP/1.1" 200 255
186.103.159.230 - - [19/Mar/2018:12:03:49 -0300] "GET /cormun/servlet/solicitudot?f4ec86199e084c0396039c24ce2b5b1817d58f82c92bf882d9064bfe7e83a27f67297a5bd7ee72fd49761c01e63b81cd0ce0de222a8498b75b270dad36f6887abbce5fabc1dae6e9c1a51933d8ab88c4c46d4d4e1b00bf8169261e2e5afe3733bc0cb0e52d2c36906a01e199bfb22af9c2b871237334ff54a8760cf80fcc9edad00f8b2635a3715398ed5e6669fd7d80cce9a18aa3c188804f10c00cb5ddbe7a3d4d99a0fa7b4211aeb1f123d1588f47f120f0ff0f509b5ee6db75a961059455e708dfc7a94aa238ca005256320b33de6fa1652e8c7ba97a591b37eb6ea215240f02800b5714a5fa2e888043fd971788d25ac0298dd438b108f684854f06d5f57e1459dedb1aa7689cd857d58f3fc55588db2709e6de9cb29db24c79bc3409386bda5827c3bc5fc822b72f315a9bc61948850a411bc03372f34d99fd17d89224fb78af922913a1419834e34f39572b0a3e47da2adf2d037a955544b7a1ca1b2a31441ababb2665c3adbbaf216fe58ab38ddc44e7dbbe31dffce9c25800fde125,gx-no-cache=1521471779010 HTTP/1.1" 200 30
186.103.157.246 - - [19/Mar/2018:12:03:50 -0300] "POST /cormun/servlet/trsolicitudot?3c69704838c07d447652110cd7935a4e,,gx-no-cache=1521471776052 HTTP/1.1" 200 22925
186.103.159.230 - - [19/Mar/2018:12:03:52 -0300] "POST /cormun/servlet/solicitudot?gx-no-cache=1521471782336 HTTP/1.1" 200 30
186.79.227.211 - - [19/Mar/2018:12:03:53 -0300] "POST /cormun/servlet/trsolicitudgral?dcec0fed237d5ec0b13a12bcdd154551,,gx-no-cache=1521471782673 HTTP/1.1" 200 105
186.79.227.211 - - [19/Mar/2018:12:03:53 -0300] "GET /cormun/SolicitudGral-6595.xls HTTP/1.1" 200 11776
186.103.159.230 - - [19/Mar/2018:12:03:54 -0300] "POST /cormun/servlet/solicitudot?gx-no-cache=1521471784415 HTTP/1.1" 200 1337
186.103.159.230 - - [19/Mar/2018:12:03:54 -0300] "POST /cormun/servlet/solicitudot?gx-no-cache=1521471784486 HTTP/1.1" 200 38
186.103.159.46 - - [19/Mar/2018:12:03:59 -0300] "POST /cormun/servlet/hlogin?9cfde740e81eb9c34ab61c7d1d2ce322,gx-no-cache=1521471789971 HTTP/1.1" 200 90
186.103.159.46 - - [19/Mar/2018:12:03:59 -0300] "GET /cormun/servlet/hpexe_link HTTP/1.1" 200 948
186.103.159.46 - - [19/Mar/2018:12:03:59 -0300] "GET /cormun/static/gxcfg.js?20177612121792 HTTP/1.1" 304 -
186.103.159.46 - - [19/Mar/2018:12:03:59 -0300] "GET /cormun/servlet/hhome HTTP/1.1" 200 3955
186.103.159.46 - - [19/Mar/2018:12:03:59 -0300] "GET /cormun/static/gxcfg.js?20175251212442 HTTP/1.1" 304 -
186.103.159.46 - - [19/Mar/2018:12:04:00 -0300] "GET /cormun/servlet/hhome HTTP/1.1" 200 3952
186.103.159.46 - - [19/Mar/2018:12:04:04 -0300] "GET /cormun/servlet/trlicencias? HTTP/1.1" 200 9610
186.103.159.46 - - [19/Mar/2018:12:04:04 -0300] "GET /cormun/static/calendar.js?85251 HTTP/1.1" 304 -
186.103.159.46 - - [19/Mar/2018:12:04:04 -0300] "GET /cormun/static/calendar-setup.js?85251 HTTP/1.1" 304 -
186.103.159.46 - - [19/Mar/2018:12:04:04 -0300] "GET /cormun/static/calendar-es.js?85251 HTTP/1.1" 304 -
186.103.159.46 - - [19/Mar/2018:12:04:04 -0300] "GET /cormun/static/gxcfg.js?20176272054169 HTTP/1.1" 304 -
186.103.159.46 - - [19/Mar/2018:12:04:04 -0300] "GET /cormun/static/gxdec.js?85251 HTTP/1.1" 304 -
186.103.159.46 - - [19/Mar/2018:12:04:05 -0300] "GET /cormun/servlet/trlicencias? HTTP/1.1" 200 9608
186.103.159.46 - - [19/Mar/2018:12:04:16 -0300] "GET /cormun/servlet/licenciaspermisos?INS,0,,, HTTP/1.1" 200 7482
186.103.159.46 - - [19/Mar/2018:12:04:16 -0300] "GET /cormun/static/gxcfg.js?201762917281167 HTTP/1.1" 200 953
186.103.159.46 - - [19/Mar/2018:12:04:16 -0300] "GET /cormun/static/licenciaspermisos.js?201762917281260 HTTP/1.1" 200 37491
186.103.159.46 - - [19/Mar/2018:12:04:17 -0300] "GET /cormun/servlet/licenciaspermisos?INS,0,,, HTTP/1.1" 200 7480
186.103.159.230 - - [19/Mar/2018:12:04:20 -0300] "GET /cormun/servlet/solicitudot?f4ec86199e084c0396039c24ce2b5b1842e4f8730b59e69a94181450740736ef5d913af6144b727b37f7b7a8e50ce628efcdffa57594225b172de7c661b06b59aab193e3a8a2909a826c2723a9a644249b93ee3feaa0ae4366f866abc6ba9e3b7fbc9a7387a332cb4e24e4399b39eee45a5075fe9e830f5d14c6e43faa08f189653c50311918ff9820eee56785dc35b2f78273f93136caa8cf1aa84f78343341,gx-no-cache=1521471810158 HTTP/1.1" 200 29
186.103.159.230 - - [19/Mar/2018:12:04:20 -0300] "POST /cormun/servlet/solicitudot?gx-no-cache=1521471810203 HTTP/1.1" 200 1321
186.103.159.230 - - [19/Mar/2018:12:04:20 -0300] "POST /cormun/servlet/solicitudot?gx-no-cache=1521471810268 HTTP/1.1" 200 1219
192.168.10.97 - - [19/Mar/2018:12:04:20 -0300] "GET /cormun/servlet/solicitudgral?UPD,2018,8913, HTTP/1.1" 200 13035
192.168.10.97 - - [19/Mar/2018:12:04:21 -0300] "GET /cormun/servlet/solicitudgral?UPD,2018,8913, HTTP/1.1" 200 13044
192.168.10.97 - - [19/Mar/2018:12:04:21 -0300] "POST /cormun/servlet/solicitudgral?gx-no-cache=1521471818114 HTTP/1.1" 200 3926
192.168.10.97 - - [19/Mar/2018:12:04:21 -0300] "GET /cormun/servlet/solicitudgral?4c038d5479c4cd19592535e8b274f1ad69155c3aedca41b89a2f61d016bb83d5da925c40de7541239d8f0c626f124dce626180a7f881a0165705a76cd10f47f4a8ae7e8bc1195390d6b56cfe95c64344f148d5c77f35dcbce165dafc4302376d61c85c227a47ae49b5e459daba1528989e1eb4b91b0a1ea7d34064805418b8f8d3cdb4d146f29a0e29de14b280dad34f3f4f71a90f036e4bfc911ec92f32cbab7a1a56f2d3a1230f2fe31cb614c4287f2c003db287f1cee7ea347e79c1e15a274515f53992af2baaec1e94f643267e94c00faac0bdbcc034c2aff70c7d1f998e8f9371d1fc55a19d0e922bd1b35335c61d48742336b2965221b90ee064417105007fbd2a10af0111d5dea742c38a2ac46b2524e91303420b783512956b16d67bf3bdbeb06211a318295208f9ed507ff8c470beec51c50e23a0c42af72265c85bfbcfee6df14eac78947d559d373dce80,gx-no-cache=1521471818218 HTTP/1.1" 200 297
192.168.10.97 - - [19/Mar/2018:12:04:27 -0300] "GET /cormun/servlet/solicitudgral?4c038d5479c4cd19592535e8b274f1addf92eda25afda61c70a992608a5d8e989e6812a7ae1845802ff9fa1c80956eb293c8d745f3b6c0fa8d1bbc41d3555e94994563262135435aa1ac99ff52c7cbbd17d2336b104110bac8cd4f3617592c2cf52341c9cdcc0358804970bc03717b5285d444d75b545c917b7ed17e7d05f40fb2aad7fb66f272a88dc368c3eb3286514c4a3aaaa44d16b4557e459c06ccd1c750d55b22b651c45a7c7a8ddca9bf09e57a944e05471c36daa77f1e40596bcbe4b4efa3e25186c29d25159e94a5fd427f36c4b9a5184ccdd028d83d0d1f746f3558c72ebc5e981e813f1b8221ee3f1d648a92e1fd06dd6f2b680f453f84634fe1786433bd22d6998ccdd5d16066272259f07a94435fadc52255ef114376f2c277b60b579ab3e4bd7b9b80f12ed86c664262e888bb29bf8f0a40e1c03bddc8134ddf3a5f4040bb91e25d2a0e933e7f860520d449617b2ef19c3686d34c5d808a6ebc74ba6625f544321c3690cc9a69a911b9daaf1fc1f8839875bd0c7625135e80f1170c19215216308b4971d82d9b314812d85d5eae8c11b9e7bf817562d902a1991b15b297c6f379ecffbf0fbe809d95,gx-no-cache=1521471823996 HTTP/1.1" 200 48
192.168.10.97 - - [19/Mar/2018:12:04:27 -0300] "POST /cormun/servlet/solicitudgral?5af6f09deeb649453d2984379da3a7f9,UPD,2018,8913,,gx-no-cache=1521471824018 HTTP/1.1" 200 11839
192.168.10.97 - - [19/Mar/2018:12:04:27 -0300] "GET /cormun/servlet/solicitudgral?4c038d5479c4cd19592535e8b274f1ad6eb4162c1fab1d751e1c5d7b076e56bffcdab4d0a6ef0aedcf641b2963c247e2426bf0ae8391e08bbda165023bc14539c1cd67d927daa9bbd478123ae2fa9055804bd1f7b6c5cbba97f5ac0413795609f340d2e1e7e715d5b6d26800713334f5,gx-no-cache=1521471824181 HTTP/1.1" 200 29
192.168.10.97 - - [19/Mar/2018:12:04:27 -0300] "POST /cormun/servlet/solicitudgral?gx-no-cache=1521471824198 HTTP/1.1" 200 1296
192.168.10.97 - - [19/Mar/2018:12:04:27 -0300] "POST /cormun/servlet/solicitudgral?gx-no-cache=1521471824226 HTTP/1.1" 200 1218
192.168.10.97 - - [19/Mar/2018:12:04:28 -0300] "POST /cormun/servlet/solicitudgral?5af6f09deeb649453d2984379da3a7f9,UPD,2018,8913,,gx-no-cache=1521471824273 HTTP/1.1" 200 93
192.168.10.97 - - [19/Mar/2018:12:04:28 -0300] "GET /cormun/servlet/hpexe_return? HTTP/1.1" 200 1012
192.168.10.97 - - [19/Mar/2018:12:04:28 -0300] "GET /cormun/servlet/trsolicitudgral? HTTP/1.1" 200 10425
192.168.10.97 - - [19/Mar/2018:12:04:28 -0300] "GET /cormun/servlet/trsolicitudgral? HTTP/1.1" 200 10421
186.103.159.46 - - [19/Mar/2018:12:04:37 -0300] "GET /cormun/servlet/prfichaempleado?,MD,,gxPopupLevel%3D0%3B HTTP/1.1" 200 9310
186.103.159.46 - - [19/Mar/2018:12:04:37 -0300] "GET /cormun/static/gxcfg.js?20177612134814 HTTP/1.1" 304 -
186.103.159.46 - - [19/Mar/2018:12:04:44 -0300] "GET /cormun/servlet/licenciaspermisos?abee3ee10773bd1ddbb7b558eb52249dbe0fb04c38dff5105d00505eae133b0177729cadac03c0d8d6e836847244970c,gx-no-cache=1521471835478 HTTP/1.1" 200 86
186.103.159.46 - - [19/Mar/2018:12:04:44 -0300] "POST /cormun/servlet/licenciaspermisos?9cfde740e81eb9c34ab61c7d1d2ce322,INS,0,,,,gx-no-cache=1521471835571 HTTP/1.1" 200 4682
192.168.10.97 - - [19/Mar/2018:12:04:46 -0300] "POST /cormun/servlet/trsolicitudgral?5af6f09deeb649453d2984379da3a7f9,,gx-no-cache=1521471843066 HTTP/1.1" 200 6124
192.168.10.97 - - [19/Mar/2018:12:04:46 -0300] "GET /cormun/static/Shared/jqueryui/images/ui-icons_82798d_256x240.png HTTP/1.1" 404 1089
192.168.10.97 - - [19/Mar/2018:12:04:46 -0300] "GET /cormun/static/Shared/jqueryui/images/ui-bg_flat_55_fafafa_40x100.png HTTP/1.1" 404 1097
192.168.10.97 - - [19/Mar/2018:12:04:46 -0300] "GET /cormun/static/Shared/jqueryui/images/ui-bg_highlight-soft_100_c6c2c8_1x100.png HTTP/1.1" 404 1117
192.168.10.97 - - [19/Mar/2018:12:04:46 -0300] "GET /cormun/static/Shared/jqueryui/images/ui-icons_8d78a5_256x240.png HTTP/1.1" 404 1089
186.103.159.230 - - [19/Mar/2018:12:04:57 -0300] "GET /cormun/static/menuarrow.gif HTTP/1.1" 404 1015
186.103.159.230 - - [19/Mar/2018:12:05:05 -0300] "GET /cormun/servlet/solicitudot?f4ec86199e084c0396039c24ce2b5b182daf80cfd74f9152355dc44c80d5d9a4a56f5501974de5c437469ddd68103392,gx-no-cache=1521471855324 HTTP/1.1" 200 30
186.103.159.230 - - [19/Mar/2018:12:05:16 -0300] "POST /cormun/servlet/solicitudot?gx-no-cache=1521471866215 HTTP/1.1" 200 30
186.103.159.182 - - [19/Mar/2018:12:05:25 -0300] "POST /cormun/servlet/trsolicitudot?de0a3b22cd7a0a2fd6167e4e4eb72189,,gx-no-cache=1521471874148 HTTP/1.1" 200 5853
186.103.159.182 - - [19/Mar/2018:12:05:39 -0300] "POST /cormun/servlet/trsolicitudot?de0a3b22cd7a0a2fd6167e4e4eb72189,,gx-no-cache=1521471888182 HTTP/1.1" 200 4483
186.103.159.182 - - [19/Mar/2018:12:05:48 -0300] "POST /cormun/servlet/trsolicitudot?de0a3b22cd7a0a2fd6167e4e4eb72189,,gx-no-cache=1521471897165 HTTP/1.1" 200 4485
186.103.159.182 - - [19/Mar/2018:12:05:56 -0300] "POST /cormun/servlet/trsolicitudot?de0a3b22cd7a0a2fd6167e4e4eb72189,,gx-no-cache=1521471905310 HTTP/1.1" 200 5877
186.103.159.46 - - [19/Mar/2018:12:06:16 -0300] "GET /cormun/static/menuarrow.gif HTTP/1.1" 404 1015
200.72.197.82 - - [19/Mar/2018:12:06:25 -0300] "GET /cormun/servlet/hlogin HTTP/1.1" 200 1726
200.72.197.82 - - [19/Mar/2018:12:06:25 -0300] "GET /cormun/static/gxcfg.js?20175251213516 HTTP/1.1" 304 -
200.72.197.82 - - [19/Mar/2018:12:06:26 -0300] "GET /cormun/servlet/hlogin HTTP/1.1" 200 1734
200.72.197.82 - - [19/Mar/2018:12:06:43 -0300] "POST /cormun/servlet/hlogin?dcfaa7de75379a94c49f3d8926fa7c57,gx-no-cache=1521471967941 HTTP/1.1" 200 90
200.72.197.82 - - [19/Mar/2018:12:06:44 -0300] "GET /cormun/servlet/hpexe_link HTTP/1.1" 200 953
200.72.197.82 - - [19/Mar/2018:12:06:44 -0300] "GET /cormun/static/gxcfg.js?20177612121792 HTTP/1.1" 304 -
200.72.197.82 - - [19/Mar/2018:12:06:44 -0300] "GET /cormun/servlet/hhome HTTP/1.1" 200 3984
200.72.197.82 - - [19/Mar/2018:12:06:44 -0300] "GET /cormun/static/gxcfg.js?20175251212442 HTTP/1.1" 304 -
200.72.197.82 - - [19/Mar/2018:12:06:44 -0300] "GET /cormun/servlet/hhome HTTP/1.1" 200 3980
186.67.203.186 - - [19/Mar/2018:12:06:48 -0300] "GET /cormun/servlet/trsolicitudot? HTTP/1.1" 200 7201
186.67.203.186 - - [19/Mar/2018:12:06:48 -0300] "GET /cormun/static/gxcfg.js?2017111422585916 HTTP/1.1" 304 -
186.67.203.186 - - [19/Mar/2018:12:06:48 -0300] "GET /cormun/static/calendar-setup.js?85251 HTTP/1.1" 304 -
200.72.197.82 - - [19/Mar/2018:12:06:48 -0300] "GET /cormun/static/calendar.js?85251 HTTP/1.1" 304 -
186.103.132.155 - - [19/Mar/2018:12:06:48 -0300] "GET /cormun/static/calendar-es.js?85251 HTTP/1.1" 304 -
186.67.203.186 - - [19/Mar/2018:12:06:49 -0300] "GET /cormun/servlet/trsolicitudot? HTTP/1.1" 200 7201
186.103.132.155 - - [19/Mar/2018:12:06:53 -0300] "GET /cormun/servlet/solicitudot?INS,0,0, HTTP/1.1" 200 13425
186.67.203.186 - - [19/Mar/2018:12:06:54 -0300] "GET /cormun/static/gxcfg.js?201812313224582 HTTP/1.1" 304 -
186.67.203.186 - - [19/Mar/2018:12:06:54 -0300] "GET /cormun/servlet/solicitudot?INS,0,0, HTTP/1.1" 200 13430
186.103.132.155 - - [19/Mar/2018:12:06:58 -0300] "GET /cormun/servlet/prfichaempleado?,MD,,gxPopupLevel%3D0%3B HTTP/1.1" 200 9339
200.72.197.82 - - [19/Mar/2018:12:06:58 -0300] "GET /cormun/static/gxcfg.js?20177612134814 HTTP/1.1" 304 -
192.168.10.96 - - [19/Mar/2018:12:07:01 -0300] "GET /cormun/servlet/trsolicitudgral? HTTP/1.1" 200 10568
192.168.10.96 - - [19/Mar/2018:12:07:01 -0300] "GET /cormun/servlet/trsolicitudgral? HTTP/1.1" 200 10562
192.168.10.96 - - [19/Mar/2018:12:07:09 -0300] "POST /cormun/servlet/trsolicitudgral?2661ae5db0a161e290633b2f943d73a8,,gx-no-cache=1521471863389 HTTP/1.1" 200 7319
186.103.132.155 - - [19/Mar/2018:12:07:11 -0300] "POST /cormun/servlet/prfichaempleado?dcfaa7de75379a94c49f3d8926fa7c57,,MD,,gxPopupLevel%3D0%3B,gx-no-cache=1521471995052 HTTP/1.1" 200 3427
192.168.10.96 - - [19/Mar/2018:12:07:14 -0300] "POST /cormun/servlet/trsolicitudgral?2661ae5db0a161e290633b2f943d73a8,,gx-no-cache=1521471868491 HTTP/1.1" 200 8165
186.103.132.155 - - [19/Mar/2018:12:07:14 -0300] "POST /cormun/servlet/solicitudot?gx-no-cache=1521471998886 HTTP/1.1" 200 3409
186.103.132.155 - - [19/Mar/2018:12:07:15 -0300] "POST /cormun/servlet/solicitudot?dcfaa7de75379a94c49f3d8926fa7c57,INS,0,0,,gx-no-cache=1521471999192 HTTP/1.1" 200 10396
186.103.132.155 - - [19/Mar/2018:12:07:15 -0300] "GET /cormun/servlet/solicitudot?3505229cbb27707129c0ce22bd5f8bd3e6a492b879541f4c88bdba808d4c744fea182d9a1609ab96e0283a4940911abd,gx-no-cache=1521471999763 HTTP/1.1" 200 30
186.103.132.155 - - [19/Mar/2018:12:07:19 -0300] "GET /cormun/servlet/solicitudot?3505229cbb27707129c0ce22bd5f8bd360879f9110b9f50a758edb9811affa0bdeae7d36cf7183def28cf58af839ddd6c45730a47cfc84e1b909e4dc863d71cb,gx-no-cache=1521472002934 HTTP/1.1" 200 30
186.103.132.155 - - [19/Mar/2018:12:07:19 -0300] "GET /cormun/servlet/solicitudot?3505229cbb27707129c0ce22bd5f8bd3232c47302517d2cddd8249316c2b7f15,gx-no-cache=1521472003188 HTTP/1.1" 200 53
186.103.132.155 - - [19/Mar/2018:12:07:19 -0300] "POST /cormun/servlet/solicitudot?gx-no-cache=1521472003375 HTTP/1.1" 200 255
186.103.132.155 - - [19/Mar/2018:12:07:19 -0300] "GET /cormun/servlet/solicitudot?3505229cbb27707129c0ce22bd5f8bd3f6a2b98edf264f251eca1fb51058bcd746998e0ecdc99a93833c72a279f83b54136b6278b7a52e0404b84531cc567a5c171c6ff6cf048857317180b300be765bdb934cfb31fe77b2430f7a80eeeac9d86b2b5ca8a0617824d4acb1a7203daf70ddcb883ab0ccdb00471ce855e5322aacc5664a177f88b9115b85424b0197f4573c9d3b09e78300dd633ef40b81b3d68c70a65996edaf4e8d4f60a26896402779e925cca91b04a134f71daaeef272ff896b93242a86822a16fcaca2d9f61790b63ced258c390e4eb50a3a3cdd98b887b68ee89fa0b2de990b03b3d3cbe2197b9a587551ea8823a1d38f764ef5a3ebaa9264736b1082c9e894c6c9447b491931375111fc7abbf3a859c013bd2482ef7e3d1a7a080401c8b4f0a4b3fba4e765f4659f79ca90b4c923f1a677e2d75e4952e8ecb2caa47980071d90bdbcd793c8b14ea60b9962a4732bd1f26b43b9f17b0ac81497a55b75f1d556e83424d39f8fa3051f3a82478c852d2c0624245bc6f5b29d,gx-no-cache=1521472003498 HTTP/1.1" 200 30
186.103.132.155 - - [19/Mar/2018:12:07:21 -0300] "POST /cormun/servlet/solicitudot?gx-no-cache=1521472005959 HTTP/1.1" 200 30
186.103.132.155 - - [19/Mar/2018:12:07:23 -0300] "GET /cormun/servlet/prsolicitudot?15993422,,,,,MD,,gxPopupLevel%3D0%3B HTTP/1.1" 200 6854
186.103.132.155 - - [19/Mar/2018:12:07:23 -0300] "GET /cormun/static/gxcfg.js?2017111422591492 HTTP/1.1" 304 -
192.168.10.96 - - [19/Mar/2018:12:07:25 -0300] "POST /cormun/servlet/trsolicitudgral?2661ae5db0a161e290633b2f943d73a8,,gx-no-cache=1521471879435 HTTP/1.1" 200 8164
192.168.10.96 - - [19/Mar/2018:12:07:26 -0300] "POST /cormun/servlet/trsolicitudgral?2661ae5db0a161e290633b2f943d73a8,,gx-no-cache=1521471880347 HTTP/1.1" 200 8164
192.168.10.96 - - [19/Mar/2018:12:07:26 -0300] "POST /cormun/servlet/trsolicitudgral?2661ae5db0a161e290633b2f943d73a8,,gx-no-cache=1521471880532 HTTP/1.1" 200 8164
192.168.10.96 - - [19/Mar/2018:12:07:26 -0300] "POST /cormun/servlet/trsolicitudgral?2661ae5db0a161e290633b2f943d73a8,,gx-no-cache=1521471880726 HTTP/1.1" 200 8164
192.168.10.96 - - [19/Mar/2018:12:07:26 -0300] "POST /cormun/servlet/trsolicitudgral?2661ae5db0a161e290633b2f943d73a8,,gx-no-cache=1521471880924 HTTP/1.1" 200 8164
186.103.132.155 - - [19/Mar/2018:12:07:29 -0300] "POST /cormun/servlet/solicitudot?gx-no-cache=1521472012985 HTTP/1.1" 200 1337
186.103.132.155 - - [19/Mar/2018:12:07:29 -0300] "POST /cormun/servlet/solicitudot?gx-no-cache=1521472013244 HTTP/1.1" 200 38
186.103.132.155 - - [19/Mar/2018:12:07:29 -0300] "GET /cormun/servlet/solicitudot?3505229cbb27707129c0ce22bd5f8bd342dc308aa04f5807ca0ad19d61c4441b98a806681d122010d0c4d1e4a6e654a90326cf75508cde94f1825de101b6834fd90af79d72e1011183f12a5536a5285f15ae66ea1d2598ef11b3ac5d77fe1865011974d4d5539018979f48969aa23864c200c8dede17f4b0cb1defc6966afae7a4e82d3678b18c96206aa7cdc617d7c14fe84c5125d73f3090a9b13e4b59c804,gx-no-cache=1521472013427 HTTP/1.1" 200 29
186.103.132.155 - - [19/Mar/2018:12:07:29 -0300] "POST /cormun/servlet/solicitudot?gx-no-cache=1521472013679 HTTP/1.1" 200 1321
186.103.132.155 - - [19/Mar/2018:12:07:29 -0300] "POST /cormun/servlet/solicitudot?gx-no-cache=1521472013893 HTTP/1.1" 200 1218
186.103.132.155 - - [19/Mar/2018:12:07:30 -0300] "GET /cormun/servlet/solicitudot?3505229cbb27707129c0ce22bd5f8bd3c75654e385c06e7dbe1830e83d2793c00ed9d27465022e3ac8e6a488c32caa42,gx-no-cache=1521472014021 HTTP/1.1" 200 30
186.103.132.155 - - [19/Mar/2018:12:07:41 -0300] "POST /cormun/servlet/solicitudot?gx-no-cache=1521472025109 HTTP/1.1" 200 1321
186.103.132.155 - - [19/Mar/2018:12:07:42 -0300] "POST /cormun/servlet/solicitudot?gx-no-cache=1521472026075 HTTP/1.1" 200 1218
186.103.132.155 - - [19/Mar/2018:12:07:42 -0300] "GET /cormun/static/menuarrow.gif HTTP/1.1" 404 1015
186.103.132.155 - - [19/Mar/2018:12:07:47 -0300] "POST /cormun/servlet/solicitudot?gx-no-cache=1521472030036 HTTP/1.1" 200 1321
186.103.132.155 - - [19/Mar/2018:12:07:48 -0300] "POST /cormun/servlet/solicitudot?gx-no-cache=1521472032461 HTTP/1.1" 200 1218
186.103.132.155 - - [19/Mar/2018:12:07:48 -0300] "GET /cormun/servlet/solicitudot?3505229cbb27707129c0ce22bd5f8bd3f6c29dec8c8b7755ca7a293a642c0191c30142a86f611357655dabe975e68b3e,gx-no-cache=1521472032745 HTTP/1.1" 200 30
186.103.132.155 - - [19/Mar/2018:12:07:48 -0300] "POST /cormun/servlet/solicitudot?gx-no-cache=1521472032958 HTTP/1.1" 200 33
186.103.132.155 - - [19/Mar/2018:12:07:51 -0300] "GET /cormun/servlet/solicitudot?3505229cbb27707129c0ce22bd5f8bd3f6c29dec8c8b7755ca7a293a642c0191c30142a86f611357655dabe975e68b3e,gx-no-cache=1521472035566 HTTP/1.1" 200 30
186.103.132.155 - - [19/Mar/2018:12:07:51 -0300] "POST /cormun/servlet/solicitudot?gx-no-cache=1521472035758 HTTP/1.1" 200 33
186.103.159.46 - - [19/Mar/2018:12:08:06 -0300] "GET /cormun/servlet/licenciaspermisos?abee3ee10773bd1ddbb7b558eb52249d2c4e2504135ca93d0984b544ee489f47a8a9c9296781ebed2bf2037362f39d5f83c6eaaa9493e64219f451d85c771a49d44be088735e52e38093d64688fee180423a9fcacc0e03dc4cdc456f4f9cc8249b41eb277080a72216993cdbdf9817903beb3d623be95ebd2eb7e8dddcdafa3d62406bb788dda5ce4aebd43b4e3c9b45a559fa67ff2f71270c58d91e3ce0ae202f824ac45b47adef2737b81de67cbcbc85c1d5e5922d68bc5080679cb864e606c705a7b43a3f3eab1ad42ad022cb88cf0b638fbb09fde6e62d15361cd800b119,gx-no-cache=1521472036930 HTTP/1.1" 200 30
186.103.159.46 - - [19/Mar/2018:12:08:06 -0300] "POST /cormun/servlet/licenciaspermisos?9cfde740e81eb9c34ab61c7d1d2ce322,INS,0,,,,gx-no-cache=1521472036980 HTTP/1.1" 200 4749
186.103.159.230 - - [19/Mar/2018:12:08:06 -0300] "GET /cormun/servlet/solicitudot?f4ec86199e084c0396039c24ce2b5b18ed2cbf24373f35cb156514fb47bd06e04548e715d3db1a3a771a1be9ef4468ea2f7e96c9385930909d446946695d08c5,gx-no-cache=1521472036298 HTTP/1.1" 200 30
186.103.159.230 - - [19/Mar/2018:12:08:06 -0300] "POST /cormun/servlet/solicitudot?gx-no-cache=1521472036343 HTTP/1.1" 200 254
186.103.159.230 - - [19/Mar/2018:12:08:07 -0300] "GET /cormun/servlet/solicitudot?f4ec86199e084c0396039c24ce2b5b1817d58f82c92bf882d9064bfe7e83a27f67297a5bd7ee72fd49761c01e63b81cd0ce0de222a8498b75b270dad36f6887abbce5fabc1dae6e9c1a51933d8ab88c4c46d4d4e1b00bf8169261e2e5afe3733bc0cb0e52d2c36906a01e199bfb22af9c2b871237334ff54a8760cf80fcc9edad00f8b2635a3715398ed5e6669fd7d80cce9a18aa3c188804f10c00cb5ddbe7a3d4d99a0fa7b4211aeb1f123d1588f47f120f0ff0f509b5ee6db75a961059455e708dfc7a94aa238ca005256320b33de6fa1652e8c7ba97a591b37eb6ea215240f02800b5714a5fa2e888043fd971788d25ac0298dd438b108f684854f06d5f57e1459dedb1aa7689cd857d58f3fc55588db2709e6de9cb29db24c79bc3409386bda5827c3bc5fc822b72f315a9bc61948850a411bc03372f34d99fd17d89224fb78af922913a1419834e34f39572b0a3e47da2adf2d037a955544b7a1ca1b2a31441ababb2665c3adbbaf216fe58ab33ca2cc9d463f0a6965dd36a8a0a4c2a7,gx-no-cache=1521472036388 HTTP/1.1" 200 30
186.103.159.230 - - [19/Mar/2018:12:08:07 -0300] "POST /cormun/servlet/solicitudot?gx-no-cache=1521472036721 HTTP/1.1" 200 30
186.103.159.230 - - [19/Mar/2018:12:08:07 -0300] "POST /cormun/servlet/solicitudot?gx-no-cache=1521472036763 HTTP/1.1" 200 1337
186.103.159.230 - - [19/Mar/2018:12:08:07 -0300] "POST /cormun/servlet/solicitudot?gx-no-cache=1521472036842 HTTP/1.1" 200 41
186.103.159.230 - - [19/Mar/2018:12:08:07 -0300] "POST /cormun/servlet/solicitudot?gx-no-cache=1521472036874 HTTP/1.1" 200 1321
186.103.159.230 - - [19/Mar/2018:12:08:07 -0300] "POST /cormun/servlet/solicitudot?gx-no-cache=1521472036938 HTTP/1.1" 200 1219
186.103.159.230 - - [19/Mar/2018:12:08:07 -0300] "GET /cormun/servlet/solicitudot?f4ec86199e084c0396039c24ce2b5b182daf80cfd74f9152355dc44c80d5d9a4a56f5501974de5c437469ddd68103392,gx-no-cache=1521472036988 HTTP/1.1" 200 30
186.103.159.230 - - [19/Mar/2018:12:08:07 -0300] "POST /cormun/servlet/solicitudot?gx-no-cache=1521472037015 HTTP/1.1" 200 30
186.103.159.230 - - [19/Mar/2018:12:08:07 -0300] "POST /cormun/servlet/solicitudot?634197ef54ab5f14297783f83879c6f5,INS,0,0,,gx-no-cache=1521472037045 HTTP/1.1" 200 11947
190.161.236.41 - - [19/Mar/2018:12:08:19 -0300] "POST /cormun/servlet/trlicencias?217027f63979517659868e43cb42ed53,,gx-no-cache=1521472047631 HTTP/1.1" 200 6998
190.161.236.41 - - [19/Mar/2018:12:08:19 -0300] "GET /cormun/static/Shared/jqueryui/images/ui-icons_82798d_256x240.png HTTP/1.1" 404 1089
186.103.159.188 - - [19/Mar/2018:12:08:19 -0300] "GET /cormun/static/Shared/jqueryui/images/ui-bg_highlight-soft_100_c6c2c8_1x100.png HTTP/1.1" 404 1117
190.161.236.41 - - [19/Mar/2018:12:08:19 -0300] "GET /cormun/static/Shared/jqueryui/images/ui-bg_flat_55_fafafa_40x100.png HTTP/1.1" 404 1097
186.103.159.188 - - [19/Mar/2018:12:08:19 -0300] "GET /cormun/static/Shared/jqueryui/images/ui-icons_8d78a5_256x240.png HTTP/1.1" 404 1089
186.103.159.230 - - [19/Mar/2018:12:08:26 -0300] "POST /cormun/servlet/solicitudot?gx-no-cache=1521472056491 HTTP/1.1" 200 30
186.103.159.230 - - [19/Mar/2018:12:08:43 -0300] "GET /cormun/servlet/prcontratosol?9195811,,,,,MD,,gxPopupLevel%3D0%3B HTTP/1.1" 200 7947
186.103.159.230 - - [19/Mar/2018:12:08:44 -0300] "GET /cormun/static/gxcfg.js?201761413223964 HTTP/1.1" 304 -
190.151.100.218 - - [19/Mar/2018:12:08:52 -0300] "POST /cormun/servlet/solicitudot?dcfaa7de75379a94c49f3d8926fa7c57,INS,0,0,,gx-no-cache=1521472094054 HTTP/1.1" 200 93
190.151.100.218 - - [19/Mar/2018:12:08:52 -0300] "GET /cormun/servlet/hpexe_return? HTTP/1.1" 200 1009
190.151.100.218 - - [19/Mar/2018:12:08:52 -0300] "GET /cormun/static/gxcfg.js?2016101716175148 HTTP/1.1" 304 -
190.151.100.218 - - [19/Mar/2018:12:08:52 -0300] "GET /cormun/servlet/trsolicitudot HTTP/1.1" 200 8586
186.103.159.230 - - [19/Mar/2018:12:08:54 -0300] "POST /cormun/servlet/solicitudot?gx-no-cache=1521472083762 HTTP/1.1" 200 1336
186.103.159.230 - - [19/Mar/2018:12:08:54 -0300] "POST /cormun/servlet/solicitudot?gx-no-cache=1521472083856 HTTP/1.1" 200 41
186.103.159.230 - - [19/Mar/2018:12:08:54 -0300] "POST /cormun/servlet/solicitudot?gx-no-cache=1521472083914 HTTP/1.1" 200 1318
190.151.100.218 - - [19/Mar/2018:12:08:54 -0300] "GET /cormun/servlet/trsolicitudot HTTP/1.1" 200 8582
186.103.159.230 - - [19/Mar/2018:12:08:54 -0300] "POST /cormun/servlet/solicitudot?gx-no-cache=1521472083995 HTTP/1.1" 200 1218
186.103.159.230 - - [19/Mar/2018:12:08:54 -0300] "GET /cormun/servlet/solicitudot?f4ec86199e084c0396039c24ce2b5b189d992dd57b127a5a93f5536e05301a14a56f5501974de5c437469ddd68103392,gx-no-cache=1521472084079 HTTP/1.1" 200 134
200.72.197.82 - - [19/Mar/2018:12:08:57 -0300] "POST /cormun/servlet/trsolicitudot?dcfaa7de75379a94c49f3d8926fa7c57,gx-no-cache=1521472100824 HTTP/1.1" 200 4486
200.72.197.82 - - [19/Mar/2018:12:08:57 -0300] "GET /cormun/static/Shared/jqueryui/images/ui-bg_highlight-soft_100_c6c2c8_1x100.png HTTP/1.1" 404 1117
190.151.100.218 - - [19/Mar/2018:12:08:57 -0300] "GET /cormun/static/Shared/jqueryui/images/ui-icons_82798d_256x240.png HTTP/1.1" 404 1089
200.72.197.82 - - [19/Mar/2018:12:08:57 -0300] "GET /cormun/static/Shared/jqueryui/images/ui-bg_flat_55_fafafa_40x100.png HTTP/1.1" 404 1097
200.111.122.170 - - [19/Mar/2018:12:08:57 -0300] "GET /cormun/static/Shared/jqueryui/images/ui-icons_8d78a5_256x240.png HTTP/1.1" 404 1089
200.72.197.82 - - [19/Mar/2018:12:08:58 -0300] "POST /cormun/servlet/trsolicitudot?dcfaa7de75379a94c49f3d8926fa7c57,gx-no-cache=1521472101439 HTTP/1.1" 200 4260
186.103.159.46 - - [19/Mar/2018:12:08:58 -0300] "GET /cormun/servlet/licenciaspermisos?abee3ee10773bd1ddbb7b558eb52249d08be4914abc1125eb1e42490d4efdddfc3e5ce8db9ea85409f652ee858464ab0107c6def65bf677bf92d4d49e55d505e738ea5e94413a1463bf0a09bf296240c7201f5deccc2d4f7c99516a4c3fa1138e5662ec8940bf5837b293e8e462dac90c5e9728a376e062b0b36646a736e933b430d3957f243f3fd68f8ea50c48eafac7fd17bb556ca5e50743eb0624351ec4c177591b80450d257337bf54fc71eda2fd39d2cd69887f30a6e372eb5ca07610a2721e796293e28193b9ed4a9e41b207fbac6ddd6331ad6e3991cea222d5f72c4,gx-no-cache=1521472089023 HTTP/1.1" 200 108
186.103.159.46 - - [19/Mar/2018:12:08:58 -0300] "GET /cormun/static/Shared/jqueryui/images/ui-bg_highlight-soft_100_c6c2c8_1x100.png HTTP/1.1" 404 1117
186.103.159.46 - - [19/Mar/2018:12:08:58 -0300] "GET /cormun/static/Shared/jqueryui/images/ui-icons_82798d_256x240.png HTTP/1.1" 404 1089
186.103.159.46 - - [19/Mar/2018:12:08:58 -0300] "GET /cormun/static/Shared/jqueryui/images/ui-bg_flat_55_994d53_40x100.png HTTP/1.1" 404 1097
186.103.159.46 - - [19/Mar/2018:12:08:58 -0300] "GET /cormun/static/Shared/jqueryui/images/ui-icons_ebccce_256x240.png HTTP/1.1" 404 1089
186.103.159.46 - - [19/Mar/2018:12:08:58 -0300] "POST /cormun/servlet/licenciaspermisos?9cfde740e81eb9c34ab61c7d1d2ce322,INS,0,,,,gx-no-cache=1521472089197 HTTP/1.1" 200 4867
186.103.159.182 - - [19/Mar/2018:12:09:00 -0300] "POST /cormun/servlet/trsolicitudot?de0a3b22cd7a0a2fd6167e4e4eb72189,,gx-no-cache=1521472089173 HTTP/1.1" 200 4482
186.103.159.182 - - [19/Mar/2018:12:09:10 -0300] "POST /cormun/servlet/trsolicitudot?de0a3b22cd7a0a2fd6167e4e4eb72189,,gx-no-cache=1521472097998 HTTP/1.1" 200 4478
186.103.159.182 - - [19/Mar/2018:12:09:18 -0300] "POST /cormun/servlet/trsolicitudot?de0a3b22cd7a0a2fd6167e4e4eb72189,,gx-no-cache=1521472107003 HTTP/1.1" 200 4479
186.67.203.186 - - [19/Mar/2018:12:09:31 -0300] "GET /cormun/servlet/solicitudot?INS,0,0, HTTP/1.1" 200 13423
186.67.203.186 - - [19/Mar/2018:12:09:31 -0300] "GET /cormun/servlet/solicitudot?INS,0,0, HTTP/1.1" 200 13428
186.67.203.186 - - [19/Mar/2018:12:09:34 -0300] "GET /cormun/servlet/prfichaempleado?,MD,,gxPopupLevel%3D0%3B HTTP/1.1" 200 9339
186.103.159.182 - - [19/Mar/2018:12:09:35 -0300] "POST /cormun/servlet/trsolicitudot?de0a3b22cd7a0a2fd6167e4e4eb72189,,gx-no-cache=1521472123689 HTTP/1.1" 200 4482
186.103.159.230 - - [19/Mar/2018:12:09:37 -0300] "POST /cormun/servlet/solicitudot?gx-no-cache=1521472126641 HTTP/1.1" 200 30
186.103.159.182 - - [19/Mar/2018:12:09:43 -0300] "POST /cormun/servlet/trsolicitudot?de0a3b22cd7a0a2fd6167e4e4eb72189,,gx-no-cache=1521472132249 HTTP/1.1" 200 4480
