46.174.191.30 - - [19/Mar/2018:00:07:15 -0300] "GET / HTTP/1.0" 200 11197
200.27.27.55 - - [19/Mar/2018:01:56:38 -0300] "GET / HTTP/1.1" 200 11217
46.174.191.28 - - [19/Mar/2018:02:53:43 -0300] "GET / HTTP/1.0" 200 11197
66.249.69.238 - - [19/Mar/2018:04:17:50 -0300] "GET /cormun/servlet/hlogin HTTP/1.1" 200 1707
66.249.69.240 - - [19/Mar/2018:04:17:51 -0300] "GET /cormun/servlet/hlogin?_escaped_fragment_= HTTP/1.1" 200 1718
40.77.167.44 - - [19/Mar/2018:04:41:50 -0300] "GET /cormun/servlet/licenciaspermisos?INS,0,,,&_escaped_fragment_= HTTP/1.1" 200 6593
40.77.167.102 - - [19/Mar/2018:04:45:08 -0300] "GET /cormun/static/gxcfg.js?201762917281167 HTTP/1.1" 200 953
200.54.247.70 - - [19/Mar/2018:07:48:41 -0300] "GET /cormun/servlet/hlogin HTTP/1.1" 200 1720
200.54.247.70 - - [19/Mar/2018:07:48:42 -0300] "GET /cormun/static/gxtimezone.js?85251 HTTP/1.1" 304 -
200.54.247.70 - - [19/Mar/2018:07:48:42 -0300] "GET /cormun/static/gxcfg.js?20175251213516 HTTP/1.1" 304 -
200.54.247.70 - - [19/Mar/2018:07:48:42 -0300] "GET /cormun/static/Resources/Spanish/PXTools.css?11423723 HTTP/1.1" 304 -
200.54.247.70 - - [19/Mar/2018:07:48:42 -0300] "GET /cormun/static/Resources/ComunLogin.png HTTP/1.1" 304 -
200.54.247.70 - - [19/Mar/2018:07:48:42 -0300] "GET /cormun/static/gxgral.js?85251 HTTP/1.1" 304 -
200.54.247.70 - - [19/Mar/2018:07:48:42 -0300] "GET /cormun/static/messages.spa.js?85251 HTTP/1.1" 304 -
200.54.247.70 - - [19/Mar/2018:07:48:42 -0300] "GET /cormun/static/Resources/PXToolsLoginTop.png HTTP/1.1" 304 -
200.54.247.70 - - [19/Mar/2018:07:48:42 -0300] "GET /cormun/static/Resources/PXToolsLoginBackground.png HTTP/1.1" 304 -
200.54.247.70 - - [19/Mar/2018:07:48:42 -0300] "GET /cormun/static/hlogin.js?20175251213537 HTTP/1.1" 304 -
200.54.247.70 - - [19/Mar/2018:07:48:42 -0300] "GET /cormun/servlet/hlogin HTTP/1.1" 200 1731
200.54.247.70 - - [19/Mar/2018:07:48:42 -0300] "GET /cormun/static/Resources/indicator.gif HTTP/1.1" 304 -
200.54.247.70 - - [19/Mar/2018:07:48:42 -0300] "GET /cormun/static/Resources/PXToolsLoginBottom.png HTTP/1.1" 304 -
200.54.247.70 - - [19/Mar/2018:07:48:42 -0300] "GET /cormun/static/Resources/PXToolsButtonLeft21.png HTTP/1.1" 304 -
200.54.247.70 - - [19/Mar/2018:07:48:42 -0300] "GET /cormun/static/Resources/PXToolsButtonBackground2.png HTTP/1.1" 304 -
200.54.247.70 - - [19/Mar/2018:07:48:42 -0300] "GET /cormun/static/Resources/PXToolsButtonRight21.png HTTP/1.1" 304 -
200.54.247.70 - - [19/Mar/2018:07:48:57 -0300] "POST /cormun/servlet/hlogin?d569a38c60e160edafa5967ac567b51d,gx-no-cache=1521456484605 HTTP/1.1" 200 90
200.54.247.70 - - [19/Mar/2018:07:48:58 -0300] "GET /cormun/servlet/hpexe_link HTTP/1.1" 200 953
200.54.247.70 - - [19/Mar/2018:07:48:58 -0300] "GET /cormun/static/gxcfg.js?20177612121792 HTTP/1.1" 304 -
200.54.247.70 - - [19/Mar/2018:07:48:58 -0300] "GET /cormun/static/hpexe_link.js?20177612121795 HTTP/1.1" 304 -
200.54.247.70 - - [19/Mar/2018:07:48:58 -0300] "GET /cormun/static/Resources/Spanish/PXTools.css?1155365 HTTP/1.1" 304 -
200.54.247.70 - - [19/Mar/2018:07:48:58 -0300] "GET /cormun/servlet/hhome HTTP/1.1" 200 4237
200.54.247.70 - - [19/Mar/2018:07:48:58 -0300] "GET /cormun/static/gxcfg.js?20175251212442 HTTP/1.1" 304 -
200.54.247.70 - - [19/Mar/2018:07:48:58 -0300] "GET /cormun/static/hwchdr01.js?201752511465785 HTTP/1.1" 304 -
200.54.247.70 - - [19/Mar/2018:07:48:58 -0300] "GET /cormun/static/hpexe_recentlink.js?20177611595044 HTTP/1.1" 304 -
200.54.247.70 - - [19/Mar/2018:07:48:58 -0300] "GET /cormun/static/hhome.js?20175251212450 HTTP/1.1" 304 -
200.54.247.70 - - [19/Mar/2018:07:48:58 -0300] "GET /cormun/static/hpexe_messagecontroller.js?20177611595012 HTTP/1.1" 304 -
200.54.247.70 - - [19/Mar/2018:07:48:58 -0300] "GET /cormun/static/hpexe_scripts.js?201752511465715 HTTP/1.1" 304 -
200.54.247.70 - - [19/Mar/2018:07:48:58 -0300] "GET /cormun/static/hpexe_messagepopupcomponent.js?20161017169425 HTTP/1.1" 304 -
200.54.247.70 - - [19/Mar/2018:07:48:58 -0300] "GET /cormun/static/cmcontrolpreferences.js?201752511465670 HTTP/1.1" 304 -
200.54.247.70 - - [19/Mar/2018:07:48:58 -0300] "GET /cormun/static/hpexe_messagegenexuscomponent.js?201752511465344 HTTP/1.1" 304 -
200.54.247.70 - - [19/Mar/2018:07:48:58 -0300] "GET /cormun/static/hmpwkw03.js?20177612122668 HTTP/1.1" 304 -
200.54.247.70 - - [19/Mar/2018:07:49:03 -0300] "GET /cormun/servlet/trsolicitudot? HTTP/1.1" 200 8809
200.54.247.70 - - [19/Mar/2018:07:49:04 -0300] "GET /cormun/static/gxcfg.js?2017111422585916 HTTP/1.1" 304 -
200.54.247.70 - - [19/Mar/2018:07:49:04 -0300] "GET /cormun/static/Shared/ext/resources/themes/images/default/panel/bg-headersPanel.png HTTP/1.1" 200 255
200.54.247.70 - - [19/Mar/2018:07:49:09 -0300] "POST /cormun/servlet/trsolicitudot?d569a38c60e160edafa5967ac567b51d,,gx-no-cache=1521456495898 HTTP/1.1" 200 4667
200.54.247.70 - - [19/Mar/2018:07:49:09 -0300] "POST /cormun/servlet/trsolicitudot?d569a38c60e160edafa5967ac567b51d,,gx-no-cache=1521456496302 HTTP/1.1" 200 4449
200.54.247.70 - - [19/Mar/2018:07:49:09 -0300] "GET /cormun/static/Shared/jqueryui/images/ui-bg_flat_55_fafafa_40x100.png HTTP/1.1" 404 1097
200.54.247.70 - - [19/Mar/2018:07:49:09 -0300] "GET /cormun/static/Shared/jqueryui/images/ui-icons_8d78a5_256x240.png HTTP/1.1" 404 1089
200.54.247.70 - - [19/Mar/2018:07:49:09 -0300] "GET /cormun/static/Shared/jqueryui/images/ui-icons_82798d_256x240.png HTTP/1.1" 404 1089
200.54.247.70 - - [19/Mar/2018:07:49:09 -0300] "GET /cormun/static/Shared/jqueryui/images/ui-bg_highlight-soft_100_c6c2c8_1x100.png HTTP/1.1" 404 1117
200.54.247.70 - - [19/Mar/2018:07:49:13 -0300] "GET /cormun/servlet/solicitudot?INS,0,0, HTTP/1.1" 200 13680
200.54.247.70 - - [19/Mar/2018:07:49:14 -0300] "GET /cormun/static/gxcfg.js?201812313224582 HTTP/1.1" 304 -
200.54.247.70 - - [19/Mar/2018:07:49:14 -0300] "GET /cormun/static/solicitudot.js?201812313224831 HTTP/1.1" 304 -
200.54.247.70 - - [19/Mar/2018:07:49:22 -0300] "POST /cormun/servlet/solicitudot?gx-no-cache=1521456509024 HTTP/1.1" 200 3373
200.54.247.70 - - [19/Mar/2018:07:49:22 -0300] "POST /cormun/servlet/solicitudot?d569a38c60e160edafa5967ac567b51d,INS,0,0,,gx-no-cache=1521456509492 HTTP/1.1" 200 10543
200.54.247.70 - - [19/Mar/2018:07:49:26 -0300] "GET /cormun/servlet/solicitudot?301ef5158d811147f9c2254c64601f7ee7a7a1aefd44a6be6696e4e6cc18403b5bddb60b17579a208727c269b49e0245,gx-no-cache=1521456513242 HTTP/1.1" 200 30
200.54.247.70 - - [19/Mar/2018:07:49:38 -0300] "GET /cormun/servlet/solicitudot?301ef5158d811147f9c2254c64601f7e82a927c377b95723a1fb9780a2d570c247143aefae740f2e5a2247cb1a591930,gx-no-cache=1521456525326 HTTP/1.1" 200 30
200.54.247.70 - - [19/Mar/2018:07:49:38 -0300] "GET /cormun/servlet/solicitudot?301ef5158d811147f9c2254c64601f7ea6adc2885d9e9b3dc4ef9dd05facecb9,gx-no-cache=1521456525381 HTTP/1.1" 200 70
200.54.247.70 - - [19/Mar/2018:07:49:38 -0300] "POST /cormun/servlet/solicitudot?gx-no-cache=1521456525508 HTTP/1.1" 200 255
200.54.247.70 - - [19/Mar/2018:07:49:38 -0300] "GET /cormun/servlet/solicitudot?301ef5158d811147f9c2254c64601f7eec659fa096084462fb8977bedf10aa1daf2826dd919691bb971be3bed762e1adce86d83d2de823fad92194d5814b8f4aa432647a97d62a0b558addcf7aeb5a6e101efb093e10a90cc1910dee0f6e7f251582349bc02f0b4114affb17947db51a15469f27895989ceb50fe8150e948ebe8ffa8dbce109f220c4fc51716e3cd27b130a3d8b4abc96f7a9d2e0511ed67b7ddead9099ab7a12b49b7a3fb82f1570518c70213af3e3d71a52c171f14129da6749cbdf88c2fb91504b66418c68060ec7f09bf69e4653bdb70868eb2ea4f9fee76814bf1b99d2103c1f6a9c62e4d63a437954d1b213d1de9d211461ff42bf422b61dbe3fa6246f748267b5fb0a3f9940f890a3878aeb6b6e1f95a1d4ac27d3b2fde09757a69baaeefa5245f34bec2948235ba6c0c37a71ca2966ff1f47b98bfbb9196b4b0ba58ec150a6f69fdb6124a2f81197212d15e7c8288a4b07ffa895906f4e40dcacaac08c9924afbb9f04a4315fe62636ba001f7732897fb1efb479820,gx-no-cache=1521456525627 HTTP/1.1" 200 30
200.54.247.70 - - [19/Mar/2018:07:49:51 -0300] "POST /cormun/servlet/solicitudot?gx-no-cache=1521456538080 HTTP/1.1" 200 30
200.54.247.70 - - [19/Mar/2018:07:50:09 -0300] "POST /cormun/servlet/solicitudot?gx-no-cache=1521456556281 HTTP/1.1" 200 1337
200.54.247.70 - - [19/Mar/2018:07:50:09 -0300] "POST /cormun/servlet/solicitudot?gx-no-cache=1521456556531 HTTP/1.1" 200 38
200.54.247.70 - - [19/Mar/2018:07:50:19 -0300] "GET /cormun/servlet/solicitudot?301ef5158d811147f9c2254c64601f7e4fd18aa0bdf737116ef14c56c3fd7151401861a563aef6303c3fbf756ee65b66b394529106b559d80b4a5264d333e67e9ace203c4e25c5af1307aaef878b0d6f7462e480b20bb141ea1b7d0f3366cd1aeada8a1d390a7d51fb1d40962103bcf79c49a4e446d1f02a67cb611d5131304171e6efd96c4ccfa6479c7bd34754022759d8ee375c69a2b00dde1f54a4d7462d,gx-no-cache=1521456566257 HTTP/1.1" 200 29
200.54.247.70 - - [19/Mar/2018:07:50:19 -0300] "POST /cormun/servlet/solicitudot?gx-no-cache=1521456566325 HTTP/1.1" 200 1319
200.54.247.70 - - [19/Mar/2018:07:50:19 -0300] "POST /cormun/servlet/solicitudot?gx-no-cache=1521456566508 HTTP/1.1" 200 1219
200.54.247.70 - - [19/Mar/2018:07:50:19 -0300] "GET /cormun/static/menuarrow.gif HTTP/1.1" 404 1015
200.54.247.70 - - [19/Mar/2018:07:50:23 -0300] "POST /cormun/servlet/solicitudot?gx-no-cache=1521456570135 HTTP/1.1" 200 1319
200.54.247.70 - - [19/Mar/2018:07:50:23 -0300] "POST /cormun/servlet/solicitudot?gx-no-cache=1521456570227 HTTP/1.1" 200 1219
200.54.247.70 - - [19/Mar/2018:07:50:24 -0300] "GET /cormun/servlet/solicitudot?301ef5158d811147f9c2254c64601f7e45b0e751980fdfa171071228fcc35b29bb58918653c3ca47526081e201643fce,gx-no-cache=1521456571558 HTTP/1.1" 200 30
200.54.247.70 - - [19/Mar/2018:07:50:46 -0300] "POST /cormun/servlet/solicitudot?gx-no-cache=1521456592929 HTTP/1.1" 200 30
200.54.247.70 - - [19/Mar/2018:07:50:46 -0300] "POST /cormun/servlet/solicitudot?d569a38c60e160edafa5967ac567b51d,INS,0,0,,gx-no-cache=1521456593008 HTTP/1.1" 200 11941
200.54.247.70 - - [19/Mar/2018:07:50:46 -0300] "GET /cormun/static/Shared/jqueryui/images/ui-icons_ebccce_256x240.png HTTP/1.1" 404 1089
200.54.247.70 - - [19/Mar/2018:07:50:46 -0300] "GET /cormun/static/Shared/jqueryui/images/ui-bg_flat_55_994d53_40x100.png HTTP/1.1" 404 1097
200.54.247.70 - - [19/Mar/2018:07:50:46 -0300] "GET /cormun/static/Shared/jqueryui/images/ui-bg_highlight-soft_100_c6c2c8_1x100.png HTTP/1.1" 404 1117
200.54.247.70 - - [19/Mar/2018:07:50:46 -0300] "GET /cormun/static/Shared/jqueryui/images/ui-icons_82798d_256x240.png HTTP/1.1" 404 1089
54.165.90.203 - - [19/Mar/2018:07:54:39 -0300] "GET /robots.txt HTTP/1.0" 404 981
54.165.90.203 - - [19/Mar/2018:07:54:39 -0300] "GET /cormun/servlet/trsolicitudot? HTTP/1.0" 200 32954
66.249.83.2 - - [19/Mar/2018:08:07:04 -0300] "GET /cormun/servlet/hlogin HTTP/1.1" 200 1716
66.249.83.5 - - [19/Mar/2018:08:07:05 -0300] "GET /cormun/servlet/hlogin?_escaped_fragment_= HTTP/1.1" 200 1716
66.249.83.5 - - [19/Mar/2018:08:07:06 -0300] "GET /favicon.ico HTTP/1.1" 200 21630
192.168.10.89 - - [19/Mar/2018:08:15:27 -0300] "GET /cormun/servlet/hlogin HTTP/1.1" 200 1725
192.168.10.89 - - [19/Mar/2018:08:15:27 -0300] "GET /cormun/static/gxcfg.js?20175251213516 HTTP/1.1" 304 -
192.168.10.89 - - [19/Mar/2018:08:15:27 -0300] "GET /cormun/static/messages.spa.js?85251 HTTP/1.1" 304 -
192.168.10.89 - - [19/Mar/2018:08:15:28 -0300] "GET /cormun/servlet/hlogin HTTP/1.1" 200 1736
192.168.10.89 - - [19/Mar/2018:08:15:34 -0300] "POST /cormun/servlet/hlogin?5e266f8676b01897c32ef4236fb66f43,gx-no-cache=1521457972367 HTTP/1.1" 200 90
192.168.10.89 - - [19/Mar/2018:08:15:34 -0300] "GET /cormun/servlet/hpexe_link HTTP/1.1" 200 952
192.168.10.89 - - [19/Mar/2018:08:15:34 -0300] "GET /cormun/static/gxcfg.js?20177612121792 HTTP/1.1" 304 -
192.168.10.89 - - [19/Mar/2018:08:15:35 -0300] "GET /cormun/servlet/hhome HTTP/1.1" 200 4928
192.168.10.89 - - [19/Mar/2018:08:15:35 -0300] "GET /cormun/static/gxcfg.js?20175251212442 HTTP/1.1" 304 -
192.168.10.89 - - [19/Mar/2018:08:15:35 -0300] "GET /cormun/static/PXToolsJavascripts/pexe_tabdivfix.js HTTP/1.1" 200 876
192.168.10.61 - - [19/Mar/2018:08:16:04 -0300] "GET /cormun/servlet/hlogin HTTP/1.1" 200 1724
192.168.10.61 - - [19/Mar/2018:08:16:05 -0300] "GET /cormun/static/gxtimezone.js?85251 HTTP/1.1" 304 -
192.168.10.61 - - [19/Mar/2018:08:16:05 -0300] "GET /cormun/static/gxcfg.js?20175251213516 HTTP/1.1" 304 -
192.168.10.61 - - [19/Mar/2018:08:16:05 -0300] "GET /cormun/static/messages.spa.js?85251 HTTP/1.1" 304 -
192.168.10.61 - - [19/Mar/2018:08:16:06 -0300] "GET /cormun/servlet/hlogin HTTP/1.1" 200 1734
192.168.10.89 - - [19/Mar/2018:08:16:09 -0300] "GET /cormun/servlet/trsecurityuser01? HTTP/1.1" 200 12368
192.168.10.89 - - [19/Mar/2018:08:16:09 -0300] "GET /cormun/static/gxcfg.js?201762721181157 HTTP/1.1" 304 -
192.168.10.89 - - [19/Mar/2018:08:16:15 -0300] "POST /cormun/servlet/trsecurityuser01?5e266f8676b01897c32ef4236fb66f43,,gx-no-cache=1521458012418 HTTP/1.1" 200 10008
192.168.10.61 - - [19/Mar/2018:08:16:20 -0300] "POST /cormun/servlet/hlogin?0a832cff364e2573eee753170c99f4c8,gx-no-cache=1521458017059 HTTP/1.1" 200 90
192.168.10.61 - - [19/Mar/2018:08:16:20 -0300] "GET /cormun/servlet/hpexe_link HTTP/1.1" 200 952
192.168.10.61 - - [19/Mar/2018:08:16:20 -0300] "GET /cormun/static/gxcfg.js?20177612121792 HTTP/1.1" 304 -
192.168.10.61 - - [19/Mar/2018:08:16:20 -0300] "GET /cormun/servlet/hhome HTTP/1.1" 200 4476
192.168.10.61 - - [19/Mar/2018:08:16:21 -0300] "GET /cormun/static/gxcfg.js?20175251212442 HTTP/1.1" 304 -
192.168.10.61 - - [19/Mar/2018:08:16:22 -0300] "GET /cormun/servlet/hhome HTTP/1.1" 200 4473
192.168.10.89 - - [19/Mar/2018:08:16:30 -0300] "GET /cormun/servlet/securityusers?INS,0, HTTP/1.1" 200 7872
192.168.10.89 - - [19/Mar/2018:08:16:30 -0300] "GET /cormun/static/gxcfg.js?20176272118832 HTTP/1.1" 304 -
192.168.10.61 - - [19/Mar/2018:08:16:33 -0300] "GET /cormun/servlet/trsolicitudgral? HTTP/1.1" 200 12928
192.168.10.61 - - [19/Mar/2018:08:16:33 -0300] "GET /cormun/static/gxcfg.js?201813119461163 HTTP/1.1" 304 -
192.168.10.61 - - [19/Mar/2018:08:16:33 -0300] "GET /cormun/static/calendar-es.js?85251 HTTP/1.1" 304 -
192.168.10.61 - - [19/Mar/2018:08:16:33 -0300] "GET /cormun/static/calendar-setup.js?85251 HTTP/1.1" 304 -
192.168.10.61 - - [19/Mar/2018:08:16:33 -0300] "GET /cormun/static/calendar.js?85251 HTTP/1.1" 304 -
192.168.10.61 - - [19/Mar/2018:08:16:33 -0300] "GET /cormun/static/gxdec.js?85251 HTTP/1.1" 304 -
192.168.10.61 - - [19/Mar/2018:08:16:33 -0300] "GET /cormun/static/trsolicitudgral.js?201813119462015 HTTP/1.1" 304 -
192.168.10.61 - - [19/Mar/2018:08:16:33 -0300] "GET /cormun/servlet/trsolicitudgral? HTTP/1.1" 200 12926
192.168.10.61 - - [19/Mar/2018:08:17:04 -0300] "POST /cormun/servlet/trsolicitudgral?0a832cff364e2573eee753170c99f4c8,,gx-no-cache=1521458059393 HTTP/1.1" 200 25076
192.168.10.61 - - [19/Mar/2018:08:17:04 -0300] "GET /cormun/static/Resources/PXToolsGridNext.gif HTTP/1.1" 200 369
192.168.10.61 - - [19/Mar/2018:08:17:04 -0300] "GET /cormun/static/Resources/PXToolsGridLast.gif HTTP/1.1" 200 370
192.168.10.89 - - [19/Mar/2018:08:17:26 -0300] "POST /cormun/servlet/securityusers?5e266f8676b01897c32ef4236fb66f43,INS,0,,gx-no-cache=1521458083987 HTTP/1.1" 500 10
192.168.10.61 - - [19/Mar/2018:08:17:29 -0300] "POST /cormun/servlet/trsolicitudgral?0a832cff364e2573eee753170c99f4c8,,gx-no-cache=1521458085405 HTTP/1.1" 200 5854
192.168.10.61 - - [19/Mar/2018:08:17:37 -0300] "POST /cormun/servlet/trsolicitudgral?0a832cff364e2573eee753170c99f4c8,,gx-no-cache=1521458093935 HTTP/1.1" 200 5855
192.168.10.61 - - [19/Mar/2018:08:17:39 -0300] "POST /cormun/servlet/trsolicitudgral?0a832cff364e2573eee753170c99f4c8,,gx-no-cache=1521458095988 HTTP/1.1" 200 5854
192.168.10.61 - - [19/Mar/2018:08:17:45 -0300] "POST /cormun/servlet/trsolicitudgral?0a832cff364e2573eee753170c99f4c8,,gx-no-cache=1521458102021 HTTP/1.1" 200 5856
192.168.10.61 - - [19/Mar/2018:08:18:02 -0300] "POST /cormun/servlet/trsolicitudgral?0a832cff364e2573eee753170c99f4c8,,gx-no-cache=1521458119269 HTTP/1.1" 200 5855
192.168.10.89 - - [19/Mar/2018:08:18:14 -0300] "GET /cormun/servlet/securityusers?INS,0, HTTP/1.1" 200 7872
192.168.10.61 - - [19/Mar/2018:08:18:16 -0300] "POST /cormun/servlet/trsolicitudgral?0a832cff364e2573eee753170c99f4c8,,gx-no-cache=1521458132285 HTTP/1.1" 200 8020
192.168.10.89 - - [19/Mar/2018:08:18:21 -0300] "GET /cormun/servlet/trsecurityuser01? HTTP/1.1" 200 12372
192.168.10.61 - - [19/Mar/2018:08:18:38 -0300] "POST /cormun/servlet/trsolicitudgral?0a832cff364e2573eee753170c99f4c8,,gx-no-cache=1521458155005 HTTP/1.1" 200 115
192.168.10.61 - - [19/Mar/2018:08:18:38 -0300] "GET /cormun/servlet/solicitudotlog?INS,2018,9358,0,REC, HTTP/1.1" 200 6301
192.168.10.61 - - [19/Mar/2018:08:18:38 -0300] "GET /cormun/static/gxcfg.js?2017761245646 HTTP/1.1" 304 -
192.168.10.61 - - [19/Mar/2018:08:18:39 -0300] "GET /cormun/servlet/solicitudotlog?INS,2018,9358,0,REC, HTTP/1.1" 200 6302
192.168.10.61 - - [19/Mar/2018:08:18:39 -0300] "GET /cormun/servlet/solicitudotlog?aadd230b2019b4244108df010b2fc83f69d76eeb735b6a5843c138ec5f3a870cf72ed48026141fd39fb3f81180a5bfcdbb1b4eaed1e7753256028cab4823776136fb4988bad510b301bdad86f50927c10350891ce4a91bf3b14180716d036d149c042f090745ea9826a5eefb647eaf55497923208e1b2811cc30cc3b66398ba160ac57f764a0fb0e021100b80dcf6077e150e892d16f2f709305f2ca0288fbbb,gx-no-cache=1521458156080 HTTP/1.1" 200 94
192.168.10.89 - - [19/Mar/2018:08:18:41 -0300] "POST /cormun/servlet/trsecurityuser01?5e266f8676b01897c32ef4236fb66f43,,gx-no-cache=1521458159337 HTTP/1.1" 200 5085
192.168.10.89 - - [19/Mar/2018:08:18:43 -0300] "GET /cormun/servlet/securityusers?UPD,34, HTTP/1.1" 200 7987
192.168.10.89 - - [19/Mar/2018:08:19:20 -0300] "POST /cormun/servlet/securityusers?5e266f8676b01897c32ef4236fb66f43,UPD,34,,gx-no-cache=1521458198234 HTTP/1.1" 500 10
192.168.10.61 - - [19/Mar/2018:08:19:46 -0300] "POST /cormun/servlet/solicitudotlog?0a832cff364e2573eee753170c99f4c8,INS,2018,9358,0,REC,,gx-no-cache=1521458222538 HTTP/1.1" 200 93
192.168.10.61 - - [19/Mar/2018:08:19:46 -0300] "GET /cormun/servlet/hpexe_return? HTTP/1.1" 200 1025
192.168.10.61 - - [19/Mar/2018:08:19:46 -0300] "GET /cormun/static/gxcfg.js?2016101716175148 HTTP/1.1" 304 -
192.168.10.61 - - [19/Mar/2018:08:19:46 -0300] "GET /cormun/servlet/trsolicitudgral? HTTP/1.1" 200 11070
192.168.10.61 - - [19/Mar/2018:08:19:47 -0300] "GET /cormun/servlet/trsolicitudgral? HTTP/1.1" 200 11065
192.168.10.61 - - [19/Mar/2018:08:19:56 -0300] "POST /cormun/servlet/trsolicitudgral?0a832cff364e2573eee753170c99f4c8,,gx-no-cache=1521458232611 HTTP/1.1" 200 10746
192.168.10.89 - - [19/Mar/2018:08:20:43 -0300] "GET /cormun/servlet/securityusers?UPD,34, HTTP/1.1" 200 7987
192.168.10.89 - - [19/Mar/2018:08:20:47 -0300] "POST /cormun/servlet/securityusers?5e266f8676b01897c32ef4236fb66f43,UPD,34,,gx-no-cache=1521458285294 HTTP/1.1" 200 93
192.168.10.89 - - [19/Mar/2018:08:20:47 -0300] "GET /cormun/servlet/hpexe_return? HTTP/1.1" 200 1013
192.168.10.89 - - [19/Mar/2018:08:20:47 -0300] "GET /cormun/static/gxcfg.js?2016101716175148 HTTP/1.1" 304 -
192.168.10.89 - - [19/Mar/2018:08:20:48 -0300] "GET /cormun/servlet/trsecurityuser01? HTTP/1.1" 200 7764
192.168.10.89 - - [19/Mar/2018:08:20:56 -0300] "GET /cormun/servlet/trestablecimiento? HTTP/1.1" 200 7312
192.168.10.89 - - [19/Mar/2018:08:20:56 -0300] "GET /cormun/static/gxcfg.js?20181312016440 HTTP/1.1" 200 953
192.168.10.89 - - [19/Mar/2018:08:20:56 -0300] "GET /cormun/static/trestablecimiento.js?20181312016683 HTTP/1.1" 200 13165
192.168.10.89 - - [19/Mar/2018:08:21:02 -0300] "POST /cormun/servlet/trestablecimiento?5e266f8676b01897c32ef4236fb66f43,,gx-no-cache=1521458299667 HTTP/1.1" 200 6773
46.174.191.31 - - [19/Mar/2018:08:21:04 -0300] "GET / HTTP/1.0" 200 11197
192.168.10.89 - - [19/Mar/2018:08:21:08 -0300] "GET /cormun/servlet/trestablecimientocargahoraria?ENOR, HTTP/1.1" 200 8661
192.168.10.89 - - [19/Mar/2018:08:21:08 -0300] "GET /cormun/static/gxcfg.js?20181312024626 HTTP/1.1" 200 953
192.168.10.89 - - [19/Mar/2018:08:21:08 -0300] "GET /cormun/static/trestablecimientocargahoraria.js?20181312024964 HTTP/1.1" 200 21479
66.249.83.5 - - [19/Mar/2018:08:21:25 -0300] "GET /cormun/servlet/hlogin HTTP/1.1" 200 1713
66.249.83.2 - - [19/Mar/2018:08:21:25 -0300] "GET /cormun/servlet/hlogin?_escaped_fragment_= HTTP/1.1" 200 1719
192.168.10.89 - - [19/Mar/2018:08:21:25 -0300] "POST /cormun/servlet/trestablecimientocargahoraria?5e266f8676b01897c32ef4236fb66f43,ENOR,,gx-no-cache=1521458323123 HTTP/1.1" 200 90
192.168.10.89 - - [19/Mar/2018:08:21:25 -0300] "GET /cormun/servlet/hpexe_link HTTP/1.1" 200 975
192.168.10.89 - - [19/Mar/2018:08:21:25 -0300] "GET /cormun/servlet/trestablecimiento? HTTP/1.1" 200 9549
192.168.10.61 - - [19/Mar/2018:08:21:28 -0300] "GET /cormun/servlet/vesolicitudgral?2018,9358,, HTTP/1.1" 200 9068
192.168.10.61 - - [19/Mar/2018:08:21:28 -0300] "GET /cormun/static/gxcfg.js?201711151294153 HTTP/1.1" 304 -
192.168.10.61 - - [19/Mar/2018:08:21:28 -0300] "GET /cormun/pexe_scrolldiv.js HTTP/1.1" 404 1009
192.168.10.61 - - [19/Mar/2018:08:21:28 -0300] "GET /cormun/static/vesolicitudgral.js?201711151294244 HTTP/1.1" 304 -
192.168.10.61 - - [19/Mar/2018:08:21:28 -0300] "GET /cormun/static/tbsolicitudgral01.js?201813119422078 HTTP/1.1" 304 -
192.168.10.61 - - [19/Mar/2018:08:21:29 -0300] "GET /cormun/servlet/vesolicitudgral?2018,9358,, HTTP/1.1" 200 9067
192.168.10.61 - - [19/Mar/2018:08:21:34 -0300] "POST /cormun/servlet/vesolicitudgral?0a832cff364e2573eee753170c99f4c8,2018,9358,,,gx-no-cache=1521458330475 HTTP/1.1" 200 11983
192.168.10.61 - - [19/Mar/2018:08:21:34 -0300] "GET /cormun/static/Shared/jqueryui/images/ui-icons_82798d_256x240.png HTTP/1.1" 404 1089
192.168.10.61 - - [19/Mar/2018:08:21:34 -0300] "GET /cormun/static/Shared/jqueryui/images/ui-bg_highlight-soft_100_c6c2c8_1x100.png HTTP/1.1" 404 1117
192.168.10.61 - - [19/Mar/2018:08:21:34 -0300] "GET /cormun/static/Shared/jqueryui/images/ui-bg_flat_55_fafafa_40x100.png HTTP/1.1" 404 1097
192.168.10.61 - - [19/Mar/2018:08:21:34 -0300] "GET /cormun/static/Shared/jqueryui/images/ui-icons_8d78a5_256x240.png HTTP/1.1" 404 1089
192.168.10.61 - - [19/Mar/2018:08:21:34 -0300] "POST /cormun/servlet/vesolicitudgral?0a832cff364e2573eee753170c99f4c8,2018,9358,,,gx-no-cache=1521458331139 HTTP/1.1" 200 11918
192.168.10.61 - - [19/Mar/2018:08:21:42 -0300] "POST /cormun/servlet/vesolicitudgral?0a832cff364e2573eee753170c99f4c8,2018,9358,,,gx-no-cache=1521458338624 HTTP/1.1" 200 93
192.168.10.61 - - [19/Mar/2018:08:21:42 -0300] "GET /cormun/servlet/hpexe_return? HTTP/1.1" 200 1014
192.168.10.61 - - [19/Mar/2018:08:21:42 -0300] "GET /cormun/servlet/trsolicitudgral? HTTP/1.1" 200 13751
192.168.10.61 - - [19/Mar/2018:08:21:43 -0300] "GET /cormun/servlet/trsolicitudgral? HTTP/1.1" 200 13747
192.168.10.61 - - [19/Mar/2018:08:21:55 -0300] "POST /cormun/servlet/trsolicitudgral?0a832cff364e2573eee753170c99f4c8,,gx-no-cache=1521458351891 HTTP/1.1" 200 13077
192.168.10.61 - - [19/Mar/2018:08:22:08 -0300] "POST /cormun/servlet/trsolicitudgral?0a832cff364e2573eee753170c99f4c8,,gx-no-cache=1521458364778 HTTP/1.1" 200 10516
192.168.10.56 - - [19/Mar/2018:08:22:20 -0300] "GET /cormun/servlet/hlogin HTTP/1.1" 200 1713
192.168.10.56 - - [19/Mar/2018:08:22:21 -0300] "GET /cormun/static/gxcfg.js?20175251213516 HTTP/1.1" 304 -
192.168.10.56 - - [19/Mar/2018:08:22:21 -0300] "GET /cormun/static/messages.spa.js?85251 HTTP/1.1" 304 -
192.168.10.56 - - [19/Mar/2018:08:22:22 -0300] "GET /cormun/servlet/hlogin HTTP/1.1" 200 1724
192.168.10.56 - - [19/Mar/2018:08:22:24 -0300] "POST /cormun/servlet/hlogin?a1cb8ccf417638ad91ae69e448c4e8ff,gx-no-cache=1521458378440 HTTP/1.1" 200 90
192.168.10.56 - - [19/Mar/2018:08:22:24 -0300] "GET /cormun/servlet/hpexe_link HTTP/1.1" 200 945
192.168.10.56 - - [19/Mar/2018:08:22:24 -0300] "GET /cormun/static/gxcfg.js?20177612121792 HTTP/1.1" 304 -
192.168.10.56 - - [19/Mar/2018:08:22:24 -0300] "GET /cormun/servlet/hhome HTTP/1.1" 200 4492
192.168.10.56 - - [19/Mar/2018:08:22:25 -0300] "GET /cormun/static/gxcfg.js?20175251212442 HTTP/1.1" 304 -
192.168.10.56 - - [19/Mar/2018:08:22:26 -0300] "GET /cormun/servlet/hhome HTTP/1.1" 200 4489
192.168.10.56 - - [19/Mar/2018:08:22:30 -0300] "GET /cormun/servlet/trsolicitudgral? HTTP/1.1" 200 28545
192.168.10.56 - - [19/Mar/2018:08:22:30 -0300] "GET /cormun/static/gxcfg.js?201813119461163 HTTP/1.1" 304 -
192.168.10.56 - - [19/Mar/2018:08:22:32 -0300] "GET /cormun/servlet/trsolicitudgral? HTTP/1.1" 200 28543
192.168.10.56 - - [19/Mar/2018:08:22:36 -0300] "GET /cormun/static/menuarrow.gif HTTP/1.1" 404 1015
192.168.10.89 - - [19/Mar/2018:08:22:36 -0300] "GET /cormun/servlet/hlogin HTTP/1.1" 200 1744
192.168.10.56 - - [19/Mar/2018:08:22:43 -0300] "POST /cormun/servlet/trsolicitudgral?a1cb8ccf417638ad91ae69e448c4e8ff,,gx-no-cache=1521458397693 HTTP/1.1" 200 8112
192.168.10.61 - - [19/Mar/2018:08:22:46 -0300] "POST /cormun/servlet/trsolicitudgral?0a832cff364e2573eee753170c99f4c8,,gx-no-cache=1521458402530 HTTP/1.1" 200 13076
192.168.10.89 - - [19/Mar/2018:08:22:51 -0300] "GET /cormun/servlet/hlogin HTTP/1.1" 200 1719
192.168.10.89 - - [19/Mar/2018:08:22:57 -0300] "POST /cormun/servlet/hlogin?5e2ac9fac95244868cfcfeb576612315,gx-no-cache=1521458415070 HTTP/1.1" 200 90
192.168.10.89 - - [19/Mar/2018:08:22:57 -0300] "GET /cormun/servlet/hpexe_link HTTP/1.1" 200 950
192.168.10.89 - - [19/Mar/2018:08:22:57 -0300] "GET /cormun/servlet/hhome HTTP/1.1" 200 4917
192.168.10.56 - - [19/Mar/2018:08:23:00 -0300] "POST /cormun/servlet/trsolicitudgral?a1cb8ccf417638ad91ae69e448c4e8ff,,gx-no-cache=1521458414377 HTTP/1.1" 200 6135
192.168.10.56 - - [19/Mar/2018:08:23:00 -0300] "GET /cormun/static/Shared/jqueryui/images/ui-bg_flat_55_fafafa_40x100.png HTTP/1.1" 404 1097
192.168.10.56 - - [19/Mar/2018:08:23:00 -0300] "GET /cormun/static/Shared/jqueryui/images/ui-bg_highlight-soft_100_c6c2c8_1x100.png HTTP/1.1" 404 1117
192.168.10.56 - - [19/Mar/2018:08:23:00 -0300] "GET /cormun/static/Shared/jqueryui/images/ui-icons_8d78a5_256x240.png HTTP/1.1" 404 1089
192.168.10.56 - - [19/Mar/2018:08:23:00 -0300] "GET /cormun/static/Shared/jqueryui/images/ui-icons_82798d_256x240.png HTTP/1.1" 404 1089
192.168.10.61 - - [19/Mar/2018:08:23:00 -0300] "POST /cormun/servlet/trsolicitudgral?0a832cff364e2573eee753170c99f4c8,,gx-no-cache=1521458417161 HTTP/1.1" 200 7804
192.168.10.56 - - [19/Mar/2018:08:23:06 -0300] "POST /cormun/servlet/trsolicitudgral?a1cb8ccf417638ad91ae69e448c4e8ff,,gx-no-cache=1521458418271 HTTP/1.1" 200 25686
192.168.10.61 - - [19/Mar/2018:08:23:06 -0300] "GET /cormun/servlet/vesolicitudgral?2018,9963,, HTTP/1.1" 200 9079
192.168.10.61 - - [19/Mar/2018:08:23:06 -0300] "GET /cormun/pexe_scrolldiv.js HTTP/1.1" 404 1009
192.168.10.61 - - [19/Mar/2018:08:23:06 -0300] "GET /cormun/pexe_scrolldiv.js HTTP/1.1" 404 1009
192.168.10.61 - - [19/Mar/2018:08:23:07 -0300] "GET /cormun/servlet/vesolicitudgral?2018,9963,, HTTP/1.1" 200 9078
192.168.10.61 - - [19/Mar/2018:08:23:13 -0300] "POST /cormun/servlet/vesolicitudgral?0a832cff364e2573eee753170c99f4c8,2018,9963,,,gx-no-cache=1521458429883 HTTP/1.1" 200 12006
192.168.10.61 - - [19/Mar/2018:08:23:13 -0300] "GET /cormun/static/Shared/jqueryui/images/ui-bg_highlight-soft_100_c6c2c8_1x100.png HTTP/1.1" 404 1117
192.168.10.61 - - [19/Mar/2018:08:23:13 -0300] "GET /cormun/static/Shared/jqueryui/images/ui-icons_82798d_256x240.png HTTP/1.1" 404 1089
192.168.10.61 - - [19/Mar/2018:08:23:13 -0300] "GET /cormun/static/Shared/jqueryui/images/ui-bg_flat_55_fafafa_40x100.png HTTP/1.1" 404 1097
192.168.10.61 - - [19/Mar/2018:08:23:13 -0300] "GET /cormun/static/Shared/jqueryui/images/ui-icons_8d78a5_256x240.png HTTP/1.1" 404 1089
192.168.10.61 - - [19/Mar/2018:08:23:13 -0300] "POST /cormun/servlet/vesolicitudgral?0a832cff364e2573eee753170c99f4c8,2018,9963,,,gx-no-cache=1521458430212 HTTP/1.1" 200 11941
192.168.10.89 - - [19/Mar/2018:08:23:20 -0300] "GET /cormun/servlet/trsecurityuser01? HTTP/1.1" 200 12361
192.168.10.89 - - [19/Mar/2018:08:23:36 -0300] "POST /cormun/servlet/trsecurityuser01?5e2ac9fac95244868cfcfeb576612315,,gx-no-cache=1521458453402 HTTP/1.1" 200 4446
192.168.10.89 - - [19/Mar/2018:08:23:43 -0300] "GET /cormun/servlet/securityusers?INS,0, HTTP/1.1" 200 7865
192.168.10.61 - - [19/Mar/2018:08:23:58 -0300] "POST /cormun/servlet/vesolicitudgral?0a832cff364e2573eee753170c99f4c8,2018,9963,,,gx-no-cache=1521458474888 HTTP/1.1" 200 93
192.168.10.61 - - [19/Mar/2018:08:23:58 -0300] "GET /cormun/servlet/hpexe_return? HTTP/1.1" 200 1014
192.168.10.61 - - [19/Mar/2018:08:23:58 -0300] "GET /cormun/servlet/trsolicitudgral? HTTP/1.1" 200 10847
192.168.10.61 - - [19/Mar/2018:08:23:59 -0300] "GET /cormun/servlet/trsolicitudgral? HTTP/1.1" 200 10843
192.168.10.56 - - [19/Mar/2018:08:24:08 -0300] "POST /cormun/servlet/trsolicitudgral?a1cb8ccf417638ad91ae69e448c4e8ff,,gx-no-cache=1521458482151 HTTP/1.1" 200 10139
192.168.10.61 - - [19/Mar/2018:08:24:08 -0300] "GET /cormun/servlet/vesolicitudgral?2018,9189,, HTTP/1.1" 200 9074
192.168.10.61 - - [19/Mar/2018:08:24:08 -0300] "GET /cormun/pexe_scrolldiv.js HTTP/1.1" 404 1009
192.168.10.61 - - [19/Mar/2018:08:24:08 -0300] "GET /cormun/pexe_scrolldiv.js HTTP/1.1" 404 1009
192.168.10.61 - - [19/Mar/2018:08:24:09 -0300] "GET /cormun/servlet/vesolicitudgral?2018,9189,, HTTP/1.1" 200 9074
192.168.10.61 - - [19/Mar/2018:08:24:44 -0300] "POST /cormun/servlet/vesolicitudgral?0a832cff364e2573eee753170c99f4c8,2018,9189,,,gx-no-cache=1521458520420 HTTP/1.1" 200 115
192.168.10.61 - - [19/Mar/2018:08:24:44 -0300] "GET /cormun/servlet/solicitudotlog?INS,2018,9189,0,REC, HTTP/1.1" 200 6312
192.168.10.61 - - [19/Mar/2018:08:24:44 -0300] "GET /cormun/servlet/solicitudotlog?INS,2018,9189,0,REC, HTTP/1.1" 200 6308
192.168.10.61 - - [19/Mar/2018:08:24:45 -0300] "GET /cormun/servlet/solicitudotlog?aadd230b2019b4244108df010b2fc83faa0ace59288148c8a4b4129813d2c27af72ed48026141fd39fb3f81180a5bfcdbb1b4eaed1e7753256028cab4823776136fb4988bad510b301bdad86f50927c10350891ce4a91bf3b14180716d036d149c042f090745ea9826a5eefb647eaf55497923208e1b2811cc30cc3b66398ba160ac57f764a0fb0e021100b80dcf6077e150e892d16f2f709305f2ca0288fbbb,gx-no-cache=1521458521534 HTTP/1.1" 200 94
192.168.10.61 - - [19/Mar/2018:08:25:00 -0300] "POST /cormun/servlet/solicitudotlog?0a832cff364e2573eee753170c99f4c8,INS,2018,9189,0,REC,,gx-no-cache=1521458536916 HTTP/1.1" 200 93
192.168.10.61 - - [19/Mar/2018:08:25:00 -0300] "GET /cormun/servlet/hpexe_return? HTTP/1.1" 200 1029
192.168.10.61 - - [19/Mar/2018:08:25:00 -0300] "GET /cormun/servlet/vesolicitudgral?2018,9189,, HTTP/1.1" 200 9085
192.168.10.61 - - [19/Mar/2018:08:25:00 -0300] "GET /cormun/pexe_scrolldiv.js HTTP/1.1" 404 1009
192.168.10.61 - - [19/Mar/2018:08:25:00 -0300] "GET /cormun/pexe_scrolldiv.js HTTP/1.1" 404 1009
192.168.10.61 - - [19/Mar/2018:08:25:01 -0300] "GET /cormun/servlet/vesolicitudgral?2018,9189,, HTTP/1.1" 200 9081
192.168.10.61 - - [19/Mar/2018:08:25:03 -0300] "POST /cormun/servlet/vesolicitudgral?0a832cff364e2573eee753170c99f4c8,2018,9189,,,gx-no-cache=1521458539637 HTTP/1.1" 200 93
192.168.10.61 - - [19/Mar/2018:08:25:03 -0300] "GET /cormun/servlet/hpexe_return? HTTP/1.1" 200 1013
192.168.10.61 - - [19/Mar/2018:08:25:03 -0300] "GET /cormun/servlet/trsolicitudgral HTTP/1.1" 200 10852
192.168.10.61 - - [19/Mar/2018:08:25:04 -0300] "GET /cormun/servlet/trsolicitudgral HTTP/1.1" 200 10848
192.168.10.61 - - [19/Mar/2018:08:25:22 -0300] "POST /cormun/servlet/trsolicitudgral?0a832cff364e2573eee753170c99f4c8,gx-no-cache=1521458559166 HTTP/1.1" 200 115
192.168.10.61 - - [19/Mar/2018:08:25:22 -0300] "GET /cormun/servlet/solicitudotlog?INS,2018,9188,0,REC, HTTP/1.1" 200 6301
192.168.10.61 - - [19/Mar/2018:08:25:23 -0300] "GET /cormun/servlet/solicitudotlog?INS,2018,9188,0,REC, HTTP/1.1" 200 6302
192.168.10.61 - - [19/Mar/2018:08:25:23 -0300] "GET /cormun/servlet/solicitudotlog?aadd230b2019b4244108df010b2fc83f0368ad83bf4970004a980e834ea8fe70f72ed48026141fd39fb3f81180a5bfcdbb1b4eaed1e7753256028cab4823776136fb4988bad510b301bdad86f50927c10350891ce4a91bf3b14180716d036d149c042f090745ea9826a5eefb647eaf55497923208e1b2811cc30cc3b66398ba160ac57f764a0fb0e021100b80dcf6077e150e892d16f2f709305f2ca0288fbbb,gx-no-cache=1521458560178 HTTP/1.1" 200 94
192.168.10.61 - - [19/Mar/2018:08:25:33 -0300] "POST /cormun/servlet/solicitudotlog?0a832cff364e2573eee753170c99f4c8,INS,2018,9188,0,REC,,gx-no-cache=1521458569719 HTTP/1.1" 200 93
192.168.10.61 - - [19/Mar/2018:08:25:33 -0300] "GET /cormun/servlet/hpexe_return? HTTP/1.1" 200 1024
192.168.10.61 - - [19/Mar/2018:08:25:33 -0300] "GET /cormun/servlet/trsolicitudgral HTTP/1.1" 200 10846
192.168.10.89 - - [19/Mar/2018:08:25:34 -0300] "POST /cormun/servlet/securityusers?5e2ac9fac95244868cfcfeb576612315,INS,0,,gx-no-cache=1521458571556 HTTP/1.1" 500 10
192.168.10.61 - - [19/Mar/2018:08:25:34 -0300] "GET /cormun/servlet/trsolicitudgral HTTP/1.1" 200 10842
192.168.10.61 - - [19/Mar/2018:08:25:40 -0300] "POST /cormun/servlet/trsolicitudgral?0a832cff364e2573eee753170c99f4c8,gx-no-cache=1521458576731 HTTP/1.1" 200 13085
192.168.10.61 - - [19/Mar/2018:08:25:47 -0300] "POST /cormun/servlet/trsolicitudgral?0a832cff364e2573eee753170c99f4c8,gx-no-cache=1521458583975 HTTP/1.1" 200 9521
192.168.10.56 - - [19/Mar/2018:08:25:53 -0300] "POST /cormun/servlet/trsolicitudgral?a1cb8ccf417638ad91ae69e448c4e8ff,,gx-no-cache=1521458587769 HTTP/1.1" 200 5924
192.168.10.56 - - [19/Mar/2018:08:25:57 -0300] "POST /cormun/servlet/trsolicitudgral?a1cb8ccf417638ad91ae69e448c4e8ff,,gx-no-cache=1521458591751 HTTP/1.1" 200 10141
192.168.10.61 - - [19/Mar/2018:08:26:47 -0300] "GET /cormun/servlet/vesolicitudgral?2018,9108,, HTTP/1.1" 200 9075
192.168.10.61 - - [19/Mar/2018:08:26:47 -0300] "GET /cormun/pexe_scrolldiv.js HTTP/1.1" 404 1009
192.168.10.61 - - [19/Mar/2018:08:26:47 -0300] "GET /cormun/pexe_scrolldiv.js HTTP/1.1" 404 1009
192.168.10.61 - - [19/Mar/2018:08:26:48 -0300] "GET /cormun/servlet/vesolicitudgral?2018,9108,, HTTP/1.1" 200 9075
192.168.10.61 - - [19/Mar/2018:08:26:50 -0300] "POST /cormun/servlet/vesolicitudgral?0a832cff364e2573eee753170c99f4c8,2018,9108,,,gx-no-cache=1521458646819 HTTP/1.1" 200 12009
192.168.10.61 - - [19/Mar/2018:08:26:50 -0300] "GET /cormun/static/Shared/jqueryui/images/ui-bg_highlight-soft_100_c6c2c8_1x100.png HTTP/1.1" 404 1117
192.168.10.61 - - [19/Mar/2018:08:26:50 -0300] "GET /cormun/static/Shared/jqueryui/images/ui-icons_82798d_256x240.png HTTP/1.1" 404 1089
192.168.10.61 - - [19/Mar/2018:08:26:50 -0300] "GET /cormun/static/Shared/jqueryui/images/ui-bg_flat_55_fafafa_40x100.png HTTP/1.1" 404 1097
192.168.10.61 - - [19/Mar/2018:08:26:50 -0300] "GET /cormun/static/Shared/jqueryui/images/ui-icons_8d78a5_256x240.png HTTP/1.1" 404 1089
192.168.10.61 - - [19/Mar/2018:08:26:50 -0300] "POST /cormun/servlet/vesolicitudgral?0a832cff364e2573eee753170c99f4c8,2018,9108,,,gx-no-cache=1521458647233 HTTP/1.1" 200 11944
192.168.10.61 - - [19/Mar/2018:08:26:55 -0300] "POST /cormun/servlet/vesolicitudgral?0a832cff364e2573eee753170c99f4c8,2018,9108,,,gx-no-cache=1521458651710 HTTP/1.1" 200 93
192.168.10.61 - - [19/Mar/2018:08:26:55 -0300] "GET /cormun/servlet/hpexe_return? HTTP/1.1" 200 1035
192.168.10.61 - - [19/Mar/2018:08:26:55 -0300] "GET /cormun/servlet/trsolicitudgral?gx-no-cache=1521458583975 HTTP/1.1" 200 12193
192.168.10.61 - - [19/Mar/2018:08:26:56 -0300] "GET /cormun/servlet/trsolicitudgral?gx-no-cache=1521458583975 HTTP/1.1" 200 12211
186.103.159.189 - - [19/Mar/2018:08:27:08 -0300] "GET /cormun/servlet/hlogin HTTP/1.1" 200 1714
186.103.159.189 - - [19/Mar/2018:08:27:08 -0300] "GET /cormun/static/gxtimezone.js?85251 HTTP/1.1" 304 -
186.103.159.189 - - [19/Mar/2018:08:27:08 -0300] "GET /cormun/static/messages.spa.js?85251 HTTP/1.1" 304 -
186.103.159.189 - - [19/Mar/2018:08:27:09 -0300] "GET /cormun/servlet/hlogin HTTP/1.1" 200 1725
192.168.10.61 - - [19/Mar/2018:08:27:14 -0300] "GET /cormun/servlet/vesolicitudgral?2018,9124,, HTTP/1.1" 200 9104
192.168.10.61 - - [19/Mar/2018:08:27:14 -0300] "GET /cormun/pexe_scrolldiv.js HTTP/1.1" 404 1009
192.168.10.61 - - [19/Mar/2018:08:27:14 -0300] "GET /cormun/pexe_scrolldiv.js HTTP/1.1" 404 1009
192.168.10.61 - - [19/Mar/2018:08:27:15 -0300] "GET /cormun/servlet/vesolicitudgral?2018,9124,, HTTP/1.1" 200 9084
192.168.10.61 - - [19/Mar/2018:08:27:16 -0300] "POST /cormun/servlet/vesolicitudgral?0a832cff364e2573eee753170c99f4c8,2018,9124,,,gx-no-cache=1521458672954 HTTP/1.1" 200 12027
192.168.10.61 - - [19/Mar/2018:08:27:16 -0300] "GET /cormun/static/Shared/jqueryui/images/ui-bg_highlight-soft_100_c6c2c8_1x100.png HTTP/1.1" 404 1117
192.168.10.61 - - [19/Mar/2018:08:27:16 -0300] "GET /cormun/static/Shared/jqueryui/images/ui-icons_82798d_256x240.png HTTP/1.1" 404 1089
192.168.10.61 - - [19/Mar/2018:08:27:16 -0300] "GET /cormun/static/Shared/jqueryui/images/ui-bg_flat_55_fafafa_40x100.png HTTP/1.1" 404 1097
192.168.10.61 - - [19/Mar/2018:08:27:16 -0300] "GET /cormun/static/Shared/jqueryui/images/ui-icons_8d78a5_256x240.png HTTP/1.1" 404 1089
192.168.10.61 - - [19/Mar/2018:08:27:17 -0300] "POST /cormun/servlet/vesolicitudgral?0a832cff364e2573eee753170c99f4c8,2018,9124,,,gx-no-cache=1521458673411 HTTP/1.1" 200 11962
192.168.10.61 - - [19/Mar/2018:08:27:19 -0300] "POST /cormun/servlet/vesolicitudgral?0a832cff364e2573eee753170c99f4c8,2018,9124,,,gx-no-cache=1521458675654 HTTP/1.1" 200 93
192.168.10.61 - - [19/Mar/2018:08:27:19 -0300] "GET /cormun/servlet/hpexe_return? HTTP/1.1" 200 1035
192.168.10.61 - - [19/Mar/2018:08:27:19 -0300] "GET /cormun/servlet/trsolicitudgral?gx-no-cache=1521458583975 HTTP/1.1" 200 11784
192.168.10.61 - - [19/Mar/2018:08:27:20 -0300] "GET /cormun/servlet/trsolicitudgral?gx-no-cache=1521458583975 HTTP/1.1" 200 11801
192.168.10.61 - - [19/Mar/2018:08:27:28 -0300] "GET /cormun/servlet/vesolicitudgral?2018,9162,, HTTP/1.1" 200 9094
192.168.10.61 - - [19/Mar/2018:08:27:28 -0300] "GET /cormun/pexe_scrolldiv.js HTTP/1.1" 404 1009
192.168.10.61 - - [19/Mar/2018:08:27:28 -0300] "GET /cormun/pexe_scrolldiv.js HTTP/1.1" 404 1009
192.168.10.61 - - [19/Mar/2018:08:27:29 -0300] "GET /cormun/servlet/vesolicitudgral?2018,9162,, HTTP/1.1" 200 9071
192.168.10.61 - - [19/Mar/2018:08:27:31 -0300] "POST /cormun/servlet/vesolicitudgral?0a832cff364e2573eee753170c99f4c8,2018,9162,,,gx-no-cache=1521458688066 HTTP/1.1" 200 12031
192.168.10.61 - - [19/Mar/2018:08:27:31 -0300] "GET /cormun/static/Shared/jqueryui/images/ui-icons_82798d_256x240.png HTTP/1.1" 404 1089
192.168.10.61 - - [19/Mar/2018:08:27:31 -0300] "GET /cormun/static/Shared/jqueryui/images/ui-bg_highlight-soft_100_c6c2c8_1x100.png HTTP/1.1" 404 1117
192.168.10.61 - - [19/Mar/2018:08:27:31 -0300] "GET /cormun/static/Shared/jqueryui/images/ui-bg_flat_55_fafafa_40x100.png HTTP/1.1" 404 1097
192.168.10.61 - - [19/Mar/2018:08:27:31 -0300] "GET /cormun/static/Shared/jqueryui/images/ui-icons_8d78a5_256x240.png HTTP/1.1" 404 1089
192.168.10.61 - - [19/Mar/2018:08:27:32 -0300] "POST /cormun/servlet/vesolicitudgral?0a832cff364e2573eee753170c99f4c8,2018,9162,,,gx-no-cache=1521458688543 HTTP/1.1" 200 11965
192.168.10.61 - - [19/Mar/2018:08:27:33 -0300] "POST /cormun/servlet/vesolicitudgral?0a832cff364e2573eee753170c99f4c8,2018,9162,,,gx-no-cache=1521458690231 HTTP/1.1" 200 93
192.168.10.61 - - [19/Mar/2018:08:27:33 -0300] "GET /cormun/servlet/hpexe_return? HTTP/1.1" 200 1035
192.168.10.61 - - [19/Mar/2018:08:27:34 -0300] "GET /cormun/servlet/trsolicitudgral?gx-no-cache=1521458583975 HTTP/1.1" 200 11463
192.168.10.61 - - [19/Mar/2018:08:27:34 -0300] "GET /cormun/servlet/trsolicitudgral?gx-no-cache=1521458583975 HTTP/1.1" 200 11480
192.168.10.61 - - [19/Mar/2018:08:27:42 -0300] "GET /cormun/servlet/vesolicitudgral?2018,9177,, HTTP/1.1" 200 9123
192.168.10.61 - - [19/Mar/2018:08:27:42 -0300] "GET /cormun/pexe_scrolldiv.js HTTP/1.1" 404 1009
192.168.10.61 - - [19/Mar/2018:08:27:42 -0300] "GET /cormun/pexe_scrolldiv.js HTTP/1.1" 404 1009
192.168.10.61 - - [19/Mar/2018:08:27:43 -0300] "GET /cormun/servlet/vesolicitudgral?2018,9177,, HTTP/1.1" 200 9101
192.168.10.61 - - [19/Mar/2018:08:27:44 -0300] "POST /cormun/servlet/vesolicitudgral?0a832cff364e2573eee753170c99f4c8,2018,9177,,,gx-no-cache=1521458700981 HTTP/1.1" 200 12063
192.168.10.61 - - [19/Mar/2018:08:27:44 -0300] "GET /cormun/static/Shared/jqueryui/images/ui-icons_82798d_256x240.png HTTP/1.1" 404 1089
192.168.10.61 - - [19/Mar/2018:08:27:44 -0300] "GET /cormun/static/Shared/jqueryui/images/ui-bg_highlight-soft_100_c6c2c8_1x100.png HTTP/1.1" 404 1117
192.168.10.61 - - [19/Mar/2018:08:27:44 -0300] "GET /cormun/static/Shared/jqueryui/images/ui-icons_8d78a5_256x240.png HTTP/1.1" 404 1089
192.168.10.61 - - [19/Mar/2018:08:27:44 -0300] "GET /cormun/static/Shared/jqueryui/images/ui-bg_flat_55_fafafa_40x100.png HTTP/1.1" 404 1097
192.168.10.61 - - [19/Mar/2018:08:27:45 -0300] "POST /cormun/servlet/vesolicitudgral?0a832cff364e2573eee753170c99f4c8,2018,9177,,,gx-no-cache=1521458701330 HTTP/1.1" 200 11998
192.168.10.56 - - [19/Mar/2018:08:27:47 -0300] "POST /cormun/servlet/trsolicitudgral?a1cb8ccf417638ad91ae69e448c4e8ff,,gx-no-cache=1521458701614 HTTP/1.1" 200 5924
192.168.10.61 - - [19/Mar/2018:08:27:49 -0300] "POST /cormun/servlet/vesolicitudgral?0a832cff364e2573eee753170c99f4c8,2018,9177,,,gx-no-cache=1521458705662 HTTP/1.1" 200 93
192.168.10.61 - - [19/Mar/2018:08:27:49 -0300] "GET /cormun/servlet/hpexe_return? HTTP/1.1" 200 1035
192.168.10.61 - - [19/Mar/2018:08:27:49 -0300] "GET /cormun/servlet/trsolicitudgral?gx-no-cache=1521458583975 HTTP/1.1" 200 11093
192.168.10.61 - - [19/Mar/2018:08:27:50 -0300] "GET /cormun/servlet/trsolicitudgral?gx-no-cache=1521458583975 HTTP/1.1" 200 11111
186.103.159.189 - - [19/Mar/2018:08:27:50 -0300] "POST /cormun/servlet/hlogin?3d2e9276cf8c06e07b864f0d9a110040,gx-no-cache=1521458819680 HTTP/1.1" 200 441
192.168.10.56 - - [19/Mar/2018:08:27:53 -0300] "POST /cormun/servlet/trsolicitudgral?a1cb8ccf417638ad91ae69e448c4e8ff,,gx-no-cache=1521458706829 HTTP/1.1" 200 10000
186.103.159.189 - - [19/Mar/2018:08:27:57 -0300] "POST /cormun/servlet/hlogin?3d2e9276cf8c06e07b864f0d9a110040,gx-no-cache=1521458827470 HTTP/1.1" 200 90
186.103.159.189 - - [19/Mar/2018:08:27:57 -0300] "GET /cormun/servlet/hpexe_link HTTP/1.1" 200 946
186.103.159.189 - - [19/Mar/2018:08:27:57 -0300] "GET /cormun/servlet/hhome HTTP/1.1" 200 3980
186.103.159.189 - - [19/Mar/2018:08:27:58 -0300] "GET /cormun/static/SmoothNavMenu/resources/SmoothNavMenuRender.js HTTP/1.1" 200 5951
186.103.159.189 - - [19/Mar/2018:08:27:59 -0300] "GET /cormun/servlet/hhome HTTP/1.1" 200 3977
192.168.10.61 - - [19/Mar/2018:08:28:02 -0300] "GET /cormun/servlet/vesolicitudgral?2018,9181,, HTTP/1.1" 200 9114
192.168.10.61 - - [19/Mar/2018:08:28:02 -0300] "GET /cormun/pexe_scrolldiv.js HTTP/1.1" 404 1009
192.168.10.61 - - [19/Mar/2018:08:28:02 -0300] "GET /cormun/pexe_scrolldiv.js HTTP/1.1" 404 1009
192.168.10.61 - - [19/Mar/2018:08:28:03 -0300] "GET /cormun/servlet/vesolicitudgral?2018,9181,, HTTP/1.1" 200 9095
186.103.159.189 - - [19/Mar/2018:08:28:05 -0300] "GET /cormun/servlet/trrenuncias? HTTP/1.1" 200 6828
192.168.10.61 - - [19/Mar/2018:08:28:05 -0300] "POST /cormun/servlet/vesolicitudgral?0a832cff364e2573eee753170c99f4c8,2018,9181,,,gx-no-cache=1521458721540 HTTP/1.1" 200 12049
192.168.10.61 - - [19/Mar/2018:08:28:05 -0300] "GET /cormun/static/Shared/jqueryui/images/ui-bg_highlight-soft_100_c6c2c8_1x100.png HTTP/1.1" 404 1117
192.168.10.61 - - [19/Mar/2018:08:28:05 -0300] "GET /cormun/static/Shared/jqueryui/images/ui-icons_82798d_256x240.png HTTP/1.1" 404 1089
192.168.10.61 - - [19/Mar/2018:08:28:05 -0300] "GET /cormun/static/Shared/jqueryui/images/ui-bg_flat_55_fafafa_40x100.png HTTP/1.1" 404 1097
192.168.10.61 - - [19/Mar/2018:08:28:05 -0300] "GET /cormun/static/Shared/jqueryui/images/ui-icons_8d78a5_256x240.png HTTP/1.1" 404 1089
186.103.159.189 - - [19/Mar/2018:08:28:05 -0300] "GET /cormun/static/calendar-es.js?85251 HTTP/1.1" 304 -
186.103.159.189 - - [19/Mar/2018:08:28:05 -0300] "GET /cormun/static/calendar.js?85251 HTTP/1.1" 304 -
186.103.159.189 - - [19/Mar/2018:08:28:05 -0300] "GET /cormun/static/calendar-setup.js?85251 HTTP/1.1" 304 -
192.168.10.61 - - [19/Mar/2018:08:28:05 -0300] "POST /cormun/servlet/vesolicitudgral?0a832cff364e2573eee753170c99f4c8,2018,9181,,,gx-no-cache=1521458722000 HTTP/1.1" 200 11984
186.103.159.189 - - [19/Mar/2018:08:28:05 -0300] "GET /cormun/static/gxdec.js?85251 HTTP/1.1" 304 -
186.103.159.189 - - [19/Mar/2018:08:28:05 -0300] "GET /cormun/static/gxcfg.js?20175251282642 HTTP/1.1" 200 953
186.103.159.189 - - [19/Mar/2018:08:28:06 -0300] "GET /cormun/static/trrenuncias.js?20175251283179 HTTP/1.1" 200 31174
186.103.159.189 - - [19/Mar/2018:08:28:06 -0300] "GET /cormun/servlet/trrenuncias? HTTP/1.1" 200 6827
192.168.10.61 - - [19/Mar/2018:08:28:08 -0300] "POST /cormun/servlet/vesolicitudgral?0a832cff364e2573eee753170c99f4c8,2018,9181,,,gx-no-cache=1521458724405 HTTP/1.1" 200 93
192.168.10.61 - - [19/Mar/2018:08:28:08 -0300] "GET /cormun/servlet/hpexe_return? HTTP/1.1" 200 1035
192.168.10.61 - - [19/Mar/2018:08:28:08 -0300] "GET /cormun/servlet/trsolicitudgral?gx-no-cache=1521458583975 HTTP/1.1" 200 10732
192.168.10.61 - - [19/Mar/2018:08:28:08 -0300] "GET /cormun/servlet/trsolicitudgral?gx-no-cache=1521458583975 HTTP/1.1" 200 10750
186.103.159.189 - - [19/Mar/2018:08:28:11 -0300] "GET /cormun/servlet/renuncias?INS,0, HTTP/1.1" 200 6125
186.103.159.189 - - [19/Mar/2018:08:28:11 -0300] "GET /cormun/static/gxcfg.js?2017426922787 HTTP/1.1" 200 953
186.103.159.189 - - [19/Mar/2018:08:28:11 -0300] "GET /cormun/static/renuncias.js?201742692287 HTTP/1.1" 200 14762
186.103.159.189 - - [19/Mar/2018:08:28:11 -0300] "GET /cormun/static/Resources/Spanish/PXTools.css?11294912 HTTP/1.1" 200 89042
192.168.10.61 - - [19/Mar/2018:08:28:11 -0300] "GET /cormun/servlet/vesolicitudgral?2018,9136,, HTTP/1.1" 200 9081
192.168.10.61 - - [19/Mar/2018:08:28:12 -0300] "GET /cormun/pexe_scrolldiv.js HTTP/1.1" 404 1009
192.168.10.61 - - [19/Mar/2018:08:28:12 -0300] "GET /cormun/pexe_scrolldiv.js HTTP/1.1" 404 1009
192.168.10.61 - - [19/Mar/2018:08:28:12 -0300] "GET /cormun/servlet/vesolicitudgral?2018,9136,, HTTP/1.1" 200 9057
186.103.159.189 - - [19/Mar/2018:08:28:12 -0300] "GET /cormun/servlet/renuncias?INS,0, HTTP/1.1" 200 6125
192.168.10.61 - - [19/Mar/2018:08:28:15 -0300] "POST /cormun/servlet/vesolicitudgral?0a832cff364e2573eee753170c99f4c8,2018,9136,,,gx-no-cache=1521458731258 HTTP/1.1" 200 11995
192.168.10.61 - - [19/Mar/2018:08:28:15 -0300] "GET /cormun/static/Shared/jqueryui/images/ui-icons_82798d_256x240.png HTTP/1.1" 404 1089
192.168.10.61 - - [19/Mar/2018:08:28:15 -0300] "GET /cormun/static/Shared/jqueryui/images/ui-bg_highlight-soft_100_c6c2c8_1x100.png HTTP/1.1" 404 1117
192.168.10.61 - - [19/Mar/2018:08:28:15 -0300] "GET /cormun/static/Shared/jqueryui/images/ui-bg_flat_55_fafafa_40x100.png HTTP/1.1" 404 1097
192.168.10.61 - - [19/Mar/2018:08:28:15 -0300] "GET /cormun/static/Shared/jqueryui/images/ui-icons_8d78a5_256x240.png HTTP/1.1" 404 1089
192.168.10.61 - - [19/Mar/2018:08:28:15 -0300] "POST /cormun/servlet/vesolicitudgral?0a832cff364e2573eee753170c99f4c8,2018,9136,,,gx-no-cache=1521458731632 HTTP/1.1" 200 11930
192.168.10.61 - - [19/Mar/2018:08:28:18 -0300] "POST /cormun/servlet/vesolicitudgral?0a832cff364e2573eee753170c99f4c8,2018,9136,,,gx-no-cache=1521458734869 HTTP/1.1" 200 93
192.168.10.61 - - [19/Mar/2018:08:28:18 -0300] "GET /cormun/servlet/hpexe_return? HTTP/1.1" 200 1035
192.168.10.61 - - [19/Mar/2018:08:28:18 -0300] "GET /cormun/servlet/trsolicitudgral?gx-no-cache=1521458583975 HTTP/1.1" 200 10294
192.168.10.61 - - [19/Mar/2018:08:28:19 -0300] "GET /cormun/servlet/trsolicitudgral?gx-no-cache=1521458583975 HTTP/1.1" 200 10311
186.103.159.189 - - [19/Mar/2018:08:28:20 -0300] "GET /cormun/servlet/renuncias?888cd264ee87876eec7a9650a8248d12a4ae6708154365bd086c264fdf6f43dbb624957008ce52bfcef10fdb1894e8ce,gx-no-cache=1521458850640 HTTP/1.1" 200 33
192.168.10.61 - - [19/Mar/2018:08:28:37 -0300] "POST /cormun/servlet/trsolicitudgral?0a832cff364e2573eee753170c99f4c8,gx-no-cache=1521458583975,gx-no-cache=1521458753682 HTTP/1.1" 200 13086
200.111.191.210 - - [19/Mar/2018:08:28:43 -0300] "GET /cormun/servlet/hlogin HTTP/1.1" 200 1714
200.111.191.210 - - [19/Mar/2018:08:28:43 -0300] "GET /cormun/static/gxcfg.js?20175251213516 HTTP/1.1" 304 -
200.111.191.210 - - [19/Mar/2018:08:28:44 -0300] "GET /cormun/servlet/hlogin HTTP/1.1" 200 1724
192.168.10.61 - - [19/Mar/2018:08:28:45 -0300] "POST /cormun/servlet/trsolicitudgral?0a832cff364e2573eee753170c99f4c8,gx-no-cache=1521458583975,gx-no-cache=1521458761898 HTTP/1.1" 200 7836
192.168.10.56 - - [19/Mar/2018:08:28:46 -0300] "POST /cormun/servlet/trsolicitudgral?a1cb8ccf417638ad91ae69e448c4e8ff,,gx-no-cache=1521458760094 HTTP/1.1" 200 10139
192.168.10.61 - - [19/Mar/2018:08:29:05 -0300] "POST /cormun/servlet/trsolicitudgral?0a832cff364e2573eee753170c99f4c8,gx-no-cache=1521458583975,gx-no-cache=1521458782306 HTTP/1.1" 200 115
192.168.10.61 - - [19/Mar/2018:08:29:05 -0300] "GET /cormun/servlet/solicitudotlog?INS,2018,9179,0,REC, HTTP/1.1" 200 6323
192.168.10.61 - - [19/Mar/2018:08:29:06 -0300] "GET /cormun/servlet/solicitudotlog?INS,2018,9179,0,REC, HTTP/1.1" 200 6301
192.168.10.61 - - [19/Mar/2018:08:29:06 -0300] "GET /cormun/servlet/solicitudotlog?aadd230b2019b4244108df010b2fc83f3a6fd4fc85103ff498c0c18d33df7cb2f72ed48026141fd39fb3f81180a5bfcdbb1b4eaed1e7753256028cab4823776136fb4988bad510b301bdad86f50927c10350891ce4a91bf3b14180716d036d149c042f090745ea9826a5eefb647eaf55497923208e1b2811cc30cc3b66398ba160ac57f764a0fb0e021100b80dcf6077e150e892d16f2f709305f2ca0288fbbb,gx-no-cache=1521458783290 HTTP/1.1" 200 94
192.168.10.61 - - [19/Mar/2018:08:29:19 -0300] "POST /cormun/servlet/solicitudotlog?0a832cff364e2573eee753170c99f4c8,INS,2018,9179,0,REC,,gx-no-cache=1521458795648 HTTP/1.1" 200 93
192.168.10.61 - - [19/Mar/2018:08:29:19 -0300] "GET /cormun/servlet/hpexe_return? HTTP/1.1" 200 1046
192.168.10.61 - - [19/Mar/2018:08:29:19 -0300] "GET /cormun/servlet/trsolicitudgral?gx-no-cache=1521458583975 HTTP/1.1" 200 10852
192.168.10.61 - - [19/Mar/2018:08:29:20 -0300] "GET /cormun/servlet/trsolicitudgral?gx-no-cache=1521458583975 HTTP/1.1" 200 10870
