192.168.10.96 - - [19/Mar/2018:12:48:42 -0300] "GET /cormun/servlet/trsolicitudgral? HTTP/1.1" 200 10927
192.168.10.62 - - [19/Mar/2018:12:48:43 -0300] "POST /cormun/servlet/vesolicitudgral?d6f47d46ad8a9dca0d3d9f0dc3f09bb9,2018,9722,,SolicitudOTAdjuntos,gx-no-cache=1521474357393 HTTP/1.1" 200 90
192.168.10.62 - - [19/Mar/2018:12:48:43 -0300] "GET /cormun/servlet/hpexe_link HTTP/1.1" 200 978
192.168.10.62 - - [19/Mar/2018:12:48:43 -0300] "GET /cormun/servlet/trsolicitudgral? HTTP/1.1" 200 10350
192.168.10.62 - - [19/Mar/2018:12:48:43 -0300] "GET /cormun/servlet/trsolicitudgral? HTTP/1.1" 200 10349
192.168.10.62 - - [19/Mar/2018:12:48:50 -0300] "GET /cormun/servlet/vesolicitudgral?2018,9722,, HTTP/1.1" 200 9136
192.168.10.62 - - [19/Mar/2018:12:48:51 -0300] "GET /cormun/pexe_scrolldiv.js HTTP/1.1" 404 1009
192.168.10.62 - - [19/Mar/2018:12:48:51 -0300] "GET /cormun/pexe_scrolldiv.js HTTP/1.1" 404 1009
192.168.10.62 - - [19/Mar/2018:12:48:51 -0300] "GET /cormun/servlet/vesolicitudgral?2018,9722,, HTTP/1.1" 200 9136
192.168.10.96 - - [19/Mar/2018:12:48:51 -0300] "POST /cormun/servlet/trsolicitudgral?2661ae5db0a161e290633b2f943d73a8,,gx-no-cache=1521474365331 HTTP/1.1" 200 23475
192.168.10.96 - - [19/Mar/2018:12:48:52 -0300] "POST /cormun/servlet/trsolicitudgral?2661ae5db0a161e290633b2f943d73a8,,gx-no-cache=1521474366157 HTTP/1.1" 200 23473
192.168.10.62 - - [19/Mar/2018:12:48:52 -0300] "GET /cormun/servlet/vesolicitudgral?2018,9722,,SolicitudOTLog HTTP/1.1" 200 10285
192.168.10.62 - - [19/Mar/2018:12:48:52 -0300] "GET /cormun/pexe_scrolldiv.js HTTP/1.1" 404 1009
192.168.10.62 - - [19/Mar/2018:12:48:52 -0300] "GET /cormun/pexe_scrolldiv.js HTTP/1.1" 404 1009
192.168.10.62 - - [19/Mar/2018:12:48:53 -0300] "GET /cormun/servlet/vesolicitudgral?2018,9722,,SolicitudOTLog HTTP/1.1" 200 10286
192.168.10.62 - - [19/Mar/2018:12:48:54 -0300] "POST /cormun/servlet/acontrolpreferencessavestate?None,FGONZALEZ,true HTTP/1.1" 200 35
192.168.10.96 - - [19/Mar/2018:12:48:56 -0300] "POST /cormun/servlet/trsolicitudgral?2661ae5db0a161e290633b2f943d73a8,,gx-no-cache=1521474370734 HTTP/1.1" 200 7275
192.168.10.56 - - [19/Mar/2018:12:49:07 -0300] "GET /cormun/servlet/hlogin HTTP/1.1" 200 1724
200.112.5.56 - - [19/Mar/2018:12:49:10 -0300] "GET /cormun/servlet/hlogin HTTP/1.1" 200 1721
192.168.10.62 - - [19/Mar/2018:12:49:11 -0300] "POST /cormun/servlet/vesolicitudgral?d6f47d46ad8a9dca0d3d9f0dc3f09bb9,2018,9722,,SolicitudOTLog,gx-no-cache=1521474386096 HTTP/1.1" 200 90
192.168.10.62 - - [19/Mar/2018:12:49:12 -0300] "GET /cormun/servlet/hpexe_link HTTP/1.1" 200 974
192.168.10.62 - - [19/Mar/2018:12:49:12 -0300] "GET /cormun/servlet/trsolicitudgral HTTP/1.1" 200 10350
192.168.10.62 - - [19/Mar/2018:12:49:12 -0300] "GET /cormun/servlet/trsolicitudgral HTTP/1.1" 200 10349
200.112.5.56 - - [19/Mar/2018:12:49:13 -0300] "POST /cormun/servlet/hlogin?41e2b44ebc8ab9d2b6c85d7ae992e89c,gx-no-cache=1521474501697 HTTP/1.1" 200 90
200.112.5.56 - - [19/Mar/2018:12:49:13 -0300] "GET /cormun/servlet/hpexe_link HTTP/1.1" 200 950
200.112.5.56 - - [19/Mar/2018:12:49:13 -0300] "GET /cormun/servlet/hhome HTTP/1.1" 200 3997
186.103.159.46 - - [19/Mar/2018:12:49:13 -0300] "POST /cormun/servlet/trlicencias?9cfde740e81eb9c34ab61c7d1d2ce322,,gx-no-cache=1521474504032 HTTP/1.1" 200 7666
186.103.159.46 - - [19/Mar/2018:12:49:13 -0300] "GET /cormun/static/Shared/jqueryui/images/ui-bg_highlight-soft_100_c6c2c8_1x100.png HTTP/1.1" 404 1117
186.103.159.46 - - [19/Mar/2018:12:49:14 -0300] "GET /cormun/static/Shared/jqueryui/images/ui-icons_82798d_256x240.png HTTP/1.1" 404 1089
200.112.5.56 - - [19/Mar/2018:12:49:14 -0300] "GET /cormun/servlet/hhome HTTP/1.1" 200 3994
186.103.159.46 - - [19/Mar/2018:12:49:14 -0300] "GET /cormun/static/Shared/jqueryui/images/ui-icons_8d78a5_256x240.png HTTP/1.1" 404 1089
186.103.159.46 - - [19/Mar/2018:12:49:14 -0300] "GET /cormun/static/Shared/jqueryui/images/ui-bg_flat_55_fafafa_40x100.png HTTP/1.1" 404 1097
192.168.10.62 - - [19/Mar/2018:12:49:14 -0300] "GET /cormun/servlet/vesolicitudgral?2018,9722,, HTTP/1.1" 200 9136
192.168.10.62 - - [19/Mar/2018:12:49:14 -0300] "GET /cormun/pexe_scrolldiv.js HTTP/1.1" 404 1009
192.168.10.96 - - [19/Mar/2018:12:49:14 -0300] "POST /cormun/servlet/trsolicitudgral?2661ae5db0a161e290633b2f943d73a8,,gx-no-cache=1521474388152 HTTP/1.1" 200 11560
192.168.10.62 - - [19/Mar/2018:12:49:14 -0300] "GET /cormun/pexe_scrolldiv.js HTTP/1.1" 404 1009
192.168.10.62 - - [19/Mar/2018:12:49:14 -0300] "GET /cormun/servlet/vesolicitudgral?2018,9722,, HTTP/1.1" 200 9136
192.168.10.62 - - [19/Mar/2018:12:49:16 -0300] "GET /cormun/servlet/vesolicitudgral?2018,9722,,SolicitudOTLog HTTP/1.1" 200 10285
192.168.10.62 - - [19/Mar/2018:12:49:16 -0300] "GET /cormun/pexe_scrolldiv.js HTTP/1.1" 404 1009
192.168.10.62 - - [19/Mar/2018:12:49:16 -0300] "GET /cormun/pexe_scrolldiv.js HTTP/1.1" 404 1009
192.168.10.62 - - [19/Mar/2018:12:49:16 -0300] "GET /cormun/servlet/vesolicitudgral?2018,9722,,SolicitudOTLog HTTP/1.1" 200 10286
200.112.5.56 - - [19/Mar/2018:12:49:17 -0300] "GET /cormun/servlet/trvisualizadoreventos? HTTP/1.1" 200 6729
192.168.10.62 - - [19/Mar/2018:12:49:17 -0300] "POST /cormun/servlet/acontrolpreferencessavestate?None,FGONZALEZ,true HTTP/1.1" 200 35
200.112.5.56 - - [19/Mar/2018:12:49:17 -0300] "GET /cormun/static/gxcfg.js?20175251251426 HTTP/1.1" 304 -
200.112.5.56 - - [19/Mar/2018:12:49:17 -0300] "GET /cormun/servlet/trvisualizadoreventos? HTTP/1.1" 200 6728
186.67.203.186 - - [19/Mar/2018:12:49:18 -0300] "POST /cormun/servlet/solicitudot?gx-no-cache=1521474494180 HTTP/1.1" 200 1337
186.67.203.186 - - [19/Mar/2018:12:49:18 -0300] "POST /cormun/servlet/solicitudot?gx-no-cache=1521474506980 HTTP/1.1" 200 38
200.112.5.56 - - [19/Mar/2018:12:49:20 -0300] "POST /cormun/servlet/trvisualizadoreventos?41e2b44ebc8ab9d2b6c85d7ae992e89c,,gx-no-cache=1521474508747 HTTP/1.1" 200 3929
192.168.10.56 - - [19/Mar/2018:12:49:23 -0300] "POST /cormun/servlet/hlogin?ab9f73bdec93eaa18ddb93e9d6de88f0,gx-no-cache=1521474397481 HTTP/1.1" 200 90
192.168.10.56 - - [19/Mar/2018:12:49:23 -0300] "GET /cormun/servlet/hpexe_link HTTP/1.1" 200 955
192.168.10.56 - - [19/Mar/2018:12:49:23 -0300] "GET /cormun/servlet/hhome HTTP/1.1" 200 4502
192.168.10.56 - - [19/Mar/2018:12:49:23 -0300] "GET /cormun/servlet/hhome HTTP/1.1" 200 4498
200.112.5.56 - - [19/Mar/2018:12:49:24 -0300] "GET /cormun/servlet/trsolicitudot? HTTP/1.1" 200 7210
200.112.5.56 - - [19/Mar/2018:12:49:24 -0300] "GET /cormun/servlet/trsolicitudot? HTTP/1.1" 200 7210
186.103.159.46 - - [19/Mar/2018:12:49:25 -0300] "GET /cormun/servlet/trautorizarsolicitud? HTTP/1.1" 200 8576
186.103.159.46 - - [19/Mar/2018:12:49:26 -0300] "GET /cormun/servlet/trautorizarsolicitud? HTTP/1.1" 200 8550
192.168.10.56 - - [19/Mar/2018:12:49:27 -0300] "GET /cormun/servlet/trsolicitudgral? HTTP/1.1" 200 28409
192.168.10.96 - - [19/Mar/2018:12:49:27 -0300] "POST /cormun/servlet/trsolicitudgral?2661ae5db0a161e290633b2f943d73a8,,gx-no-cache=1521474401913 HTTP/1.1" 200 5927
192.168.10.56 - - [19/Mar/2018:12:49:28 -0300] "GET /cormun/servlet/trsolicitudgral? HTTP/1.1" 200 28407
186.103.159.46 - - [19/Mar/2018:12:49:30 -0300] "GET /cormun/servlet/trlicencias? HTTP/1.1" 200 10117
192.168.10.56 - - [19/Mar/2018:12:49:30 -0300] "GET /cormun/static/menuarrow.gif HTTP/1.1" 404 1015
192.168.10.62 - - [19/Mar/2018:12:49:30 -0300] "GET /cormun/servlet/vesolicitudgral?2018,9722,,SolicitudOTAdjuntos HTTP/1.1" 200 7735
192.168.10.62 - - [19/Mar/2018:12:49:30 -0300] "GET /cormun/pexe_scrolldiv.js HTTP/1.1" 404 1009
192.168.10.62 - - [19/Mar/2018:12:49:30 -0300] "GET /cormun/pexe_scrolldiv.js HTTP/1.1" 404 1009
186.103.159.46 - - [19/Mar/2018:12:49:30 -0300] "GET /cormun/servlet/trlicencias? HTTP/1.1" 200 10116
192.168.10.62 - - [19/Mar/2018:12:49:30 -0300] "GET /cormun/servlet/vesolicitudgral?2018,9722,,SolicitudOTAdjuntos HTTP/1.1" 200 7735
192.168.10.62 - - [19/Mar/2018:12:49:31 -0300] "POST /cormun/servlet/acontrolpreferencessavestate?None,FGONZALEZ,true HTTP/1.1" 200 35
192.168.10.96 - - [19/Mar/2018:12:49:32 -0300] "POST /cormun/servlet/trsolicitudgral?2661ae5db0a161e290633b2f943d73a8,,gx-no-cache=1521474406504 HTTP/1.1" 200 5932
192.168.10.62 - - [19/Mar/2018:12:49:33 -0300] "POST /cormun/servlet/vesolicitudgral?d6f47d46ad8a9dca0d3d9f0dc3f09bb9,2018,9722,,SolicitudOTAdjuntos,gx-no-cache=1521474408032 HTTP/1.1" 200 90
192.168.10.62 - - [19/Mar/2018:12:49:33 -0300] "GET /cormun/servlet/hpexe_link HTTP/1.1" 200 978
192.168.10.62 - - [19/Mar/2018:12:49:34 -0300] "GET /cormun/servlet/trsolicitudgral HTTP/1.1" 200 10350
192.168.10.62 - - [19/Mar/2018:12:49:34 -0300] "GET /cormun/servlet/trsolicitudgral HTTP/1.1" 200 10349
192.168.10.62 - - [19/Mar/2018:12:49:36 -0300] "GET /cormun/servlet/vesolicitudgral?2018,9722,, HTTP/1.1" 200 9136
192.168.10.62 - - [19/Mar/2018:12:49:36 -0300] "GET /cormun/pexe_scrolldiv.js HTTP/1.1" 404 1009
192.168.10.62 - - [19/Mar/2018:12:49:37 -0300] "GET /cormun/pexe_scrolldiv.js HTTP/1.1" 404 1009
192.168.10.62 - - [19/Mar/2018:12:49:37 -0300] "GET /cormun/servlet/vesolicitudgral?2018,9722,, HTTP/1.1" 200 9136
192.168.10.56 - - [19/Mar/2018:12:49:37 -0300] "POST /cormun/servlet/trsolicitudgral?ab9f73bdec93eaa18ddb93e9d6de88f0,,gx-no-cache=1521474411534 HTTP/1.1" 200 7834
192.168.10.62 - - [19/Mar/2018:12:49:38 -0300] "POST /cormun/servlet/vesolicitudgral?d6f47d46ad8a9dca0d3d9f0dc3f09bb9,2018,9722,,,gx-no-cache=1521474412546 HTTP/1.1" 200 115
192.168.10.62 - - [19/Mar/2018:12:49:38 -0300] "GET /cormun/servlet/solicitudotlog?INS,2018,9722,0,REC, HTTP/1.1" 200 6302
192.168.10.62 - - [19/Mar/2018:12:49:38 -0300] "GET /cormun/servlet/solicitudotlog?INS,2018,9722,0,REC, HTTP/1.1" 200 6297
192.168.10.62 - - [19/Mar/2018:12:49:39 -0300] "GET /cormun/servlet/solicitudotlog?0f2a04f34fb86afc5e0786b1fd2d95b0f9a9734a531d275f8d42938c3a8050415fd4612e72f00d93d516baef83a5afb75ec418351b1521d869e3f801ed47e2452b74e17710641c64e1d459bdfb5e3e380e0b3ed549966b2403c503ef95bce87838fc59593e921bcb543024af5bd6d60e1014fb735e5d64f632eac1b9ca3447835c9b146f445043015df7d01c0fcccb068c5c533e309a34ac974e4c54611b1af5,gx-no-cache=1521474413484 HTTP/1.1" 200 94
186.103.159.46 - - [19/Mar/2018:12:49:43 -0300] "POST /cormun/servlet/trlicencias?9cfde740e81eb9c34ab61c7d1d2ce322,,gx-no-cache=1521474533598 HTTP/1.1" 200 7631
186.103.132.155 - - [19/Mar/2018:12:49:46 -0300] "GET /cormun/servlet/solicitudot?bc484a4d17ddcf186178bf7f81438568a24004bba7b96a79184f47381305d137bdd320fb170e7eb0e3159c1f0ec8579f4a1b8d7a2b29177801f133f5365e19d7dac1d3525bdae8575f5ef81295a4eeea527fbe81a4dc9be68d2ac2a636f37827a03ae52785c259e7329bb89247adc335,gx-no-cache=1521474534198 HTTP/1.1" 200 29
186.103.132.155 - - [19/Mar/2018:12:49:46 -0300] "POST /cormun/servlet/solicitudot?gx-no-cache=1521474534769 HTTP/1.1" 200 1318
186.103.132.155 - - [19/Mar/2018:12:49:48 -0300] "POST /cormun/servlet/solicitudot?gx-no-cache=1521474536397 HTTP/1.1" 200 1218
186.103.132.155 - - [19/Mar/2018:12:49:49 -0300] "GET /cormun/static/menuarrow.gif HTTP/1.1" 404 1015
186.103.132.155 - - [19/Mar/2018:12:49:51 -0300] "POST /cormun/servlet/solicitudot?gx-no-cache=1521474539339 HTTP/1.1" 200 1318
186.103.132.155 - - [19/Mar/2018:12:49:51 -0300] "POST /cormun/servlet/solicitudot?gx-no-cache=1521474539545 HTTP/1.1" 200 1218
186.103.159.46 - - [19/Mar/2018:12:49:52 -0300] "POST /cormun/servlet/trlicencias?9cfde740e81eb9c34ab61c7d1d2ce322,,gx-no-cache=1521474542992 HTTP/1.1" 200 7673
186.103.159.46 - - [19/Mar/2018:12:49:53 -0300] "GET /cormun/static/Shared/jqueryui/images/ui-bg_highlight-soft_100_c6c2c8_1x100.png HTTP/1.1" 404 1117
186.103.159.46 - - [19/Mar/2018:12:49:53 -0300] "GET /cormun/static/Shared/jqueryui/images/ui-icons_82798d_256x240.png HTTP/1.1" 404 1089
186.103.159.46 - - [19/Mar/2018:12:49:53 -0300] "GET /cormun/static/Shared/jqueryui/images/ui-bg_flat_55_fafafa_40x100.png HTTP/1.1" 404 1097
186.103.159.46 - - [19/Mar/2018:12:49:53 -0300] "GET /cormun/static/Shared/jqueryui/images/ui-icons_8d78a5_256x240.png HTTP/1.1" 404 1089
186.103.132.155 - - [19/Mar/2018:12:49:55 -0300] "GET /cormun/servlet/solicitudot?bc484a4d17ddcf186178bf7f8143856867c4c5301dfdf025be580c69f918deb5329b4e23dd5693db0335c913bb15f442,gx-no-cache=1521474543332 HTTP/1.1" 200 30
192.168.10.56 - - [19/Mar/2018:12:49:58 -0300] "POST /cormun/servlet/trsolicitudgral?ab9f73bdec93eaa18ddb93e9d6de88f0,,gx-no-cache=1521474432056 HTTP/1.1" 200 6144
192.168.10.56 - - [19/Mar/2018:12:49:58 -0300] "GET /cormun/static/Shared/jqueryui/images/ui-bg_highlight-soft_100_c6c2c8_1x100.png HTTP/1.1" 404 1117
192.168.10.56 - - [19/Mar/2018:12:49:58 -0300] "GET /cormun/static/Shared/jqueryui/images/ui-icons_82798d_256x240.png HTTP/1.1" 404 1089
192.168.10.56 - - [19/Mar/2018:12:49:58 -0300] "GET /cormun/static/Shared/jqueryui/images/ui-icons_8d78a5_256x240.png HTTP/1.1" 404 1089
192.168.10.56 - - [19/Mar/2018:12:49:58 -0300] "GET /cormun/static/Shared/jqueryui/images/ui-bg_flat_55_fafafa_40x100.png HTTP/1.1" 404 1097
192.168.10.62 - - [19/Mar/2018:12:50:04 -0300] "POST /cormun/servlet/solicitudotlog?d6f47d46ad8a9dca0d3d9f0dc3f09bb9,INS,2018,9722,0,REC,,gx-no-cache=1521474438545 HTTP/1.1" 200 93
192.168.10.62 - - [19/Mar/2018:12:50:04 -0300] "GET /cormun/servlet/hpexe_return? HTTP/1.1" 200 1027
192.168.10.62 - - [19/Mar/2018:12:50:04 -0300] "GET /cormun/servlet/vesolicitudgral?2018,9722,, HTTP/1.1" 200 9151
192.168.10.62 - - [19/Mar/2018:12:50:04 -0300] "GET /cormun/pexe_scrolldiv.js HTTP/1.1" 404 1009
192.168.10.62 - - [19/Mar/2018:12:50:04 -0300] "GET /cormun/pexe_scrolldiv.js HTTP/1.1" 404 1009
192.168.10.62 - - [19/Mar/2018:12:50:05 -0300] "GET /cormun/servlet/vesolicitudgral?2018,9722,, HTTP/1.1" 200 9143
192.168.10.56 - - [19/Mar/2018:12:50:08 -0300] "POST /cormun/servlet/trsolicitudgral?ab9f73bdec93eaa18ddb93e9d6de88f0,,gx-no-cache=1521474441969 HTTP/1.1" 200 25561
192.168.10.62 - - [19/Mar/2018:12:50:12 -0300] "POST /cormun/servlet/vesolicitudgral?d6f47d46ad8a9dca0d3d9f0dc3f09bb9,2018,9722,,,gx-no-cache=1521474446383 HTTP/1.1" 200 12009
192.168.10.62 - - [19/Mar/2018:12:50:12 -0300] "GET /cormun/static/Shared/jqueryui/images/ui-icons_82798d_256x240.png HTTP/1.1" 404 1089
192.168.10.62 - - [19/Mar/2018:12:50:12 -0300] "GET /cormun/static/Shared/jqueryui/images/ui-bg_highlight-soft_100_c6c2c8_1x100.png HTTP/1.1" 404 1117
192.168.10.62 - - [19/Mar/2018:12:50:12 -0300] "GET /cormun/static/Shared/jqueryui/images/ui-bg_flat_55_fafafa_40x100.png HTTP/1.1" 404 1097
192.168.10.62 - - [19/Mar/2018:12:50:12 -0300] "GET /cormun/static/Shared/jqueryui/images/ui-icons_8d78a5_256x240.png HTTP/1.1" 404 1089
192.168.10.56 - - [19/Mar/2018:12:50:20 -0300] "POST /cormun/servlet/trsolicitudgral?ab9f73bdec93eaa18ddb93e9d6de88f0,,gx-no-cache=1521474453771 HTTP/1.1" 200 25520
186.103.161.206 - - [19/Mar/2018:12:50:21 -0300] "POST /cormun/servlet/solicitudot?gx-no-cache=1521474569744 HTTP/1.1" 200 30
192.168.10.62 - - [19/Mar/2018:12:50:22 -0300] "POST /cormun/servlet/vesolicitudgral?d6f47d46ad8a9dca0d3d9f0dc3f09bb9,2018,9722,,,gx-no-cache=1521474456597 HTTP/1.1" 200 90
192.168.10.62 - - [19/Mar/2018:12:50:22 -0300] "GET /cormun/servlet/hpexe_link HTTP/1.1" 200 966
192.168.10.62 - - [19/Mar/2018:12:50:22 -0300] "GET /cormun/servlet/trsolicitudgral HTTP/1.1" 200 8993
192.168.10.62 - - [19/Mar/2018:12:50:23 -0300] "GET /cormun/servlet/trsolicitudgral HTTP/1.1" 200 8992
192.168.10.56 - - [19/Mar/2018:12:50:42 -0300] "POST /cormun/servlet/trsolicitudgral?ab9f73bdec93eaa18ddb93e9d6de88f0,,gx-no-cache=1521474475453 HTTP/1.1" 200 25579
200.72.197.82 - - [19/Mar/2018:12:50:55 -0300] "POST /cormun/servlet/solicitudot?ebd6d611903c49b9c2dc36df30da7063,INS,0,0,,gx-no-cache=1521474603001 HTTP/1.1" 200 93
200.72.197.82 - - [19/Mar/2018:12:50:55 -0300] "GET /cormun/servlet/hpexe_return? HTTP/1.1" 200 1005
200.72.197.82 - - [19/Mar/2018:12:50:56 -0300] "GET /cormun/servlet/trsolicitudot HTTP/1.1" 200 8765
200.72.197.82 - - [19/Mar/2018:12:50:57 -0300] "GET /cormun/servlet/trsolicitudot HTTP/1.1" 200 8761
190.151.100.218 - - [19/Mar/2018:12:51:27 -0300] "POST /cormun/servlet/trsolicitudot?ebd6d611903c49b9c2dc36df30da7063,gx-no-cache=1521474635485 HTTP/1.1" 200 107
190.151.100.218 - - [19/Mar/2018:12:51:27 -0300] "GET /cormun/servlet/trsolicitudadjuntos?2018,10621, HTTP/1.1" 200 6292
190.151.100.218 - - [19/Mar/2018:12:51:29 -0300] "GET /cormun/servlet/trsolicitudadjuntos?2018,10621, HTTP/1.1" 200 6292
190.151.100.218 - - [19/Mar/2018:12:51:31 -0300] "GET /cormun/servlet/solicitudotadjuntos?INS,2018,10621,,1, HTTP/1.1" 200 6240
190.151.100.218 - - [19/Mar/2018:12:51:32 -0300] "GET /cormun/static/about:blank HTTP/1.1" 404 1011
190.151.100.218 - - [19/Mar/2018:12:51:32 -0300] "GET /cormun/servlet/solicitudotadjuntos?INS,2018,10621,,1, HTTP/1.1" 200 6234
190.151.100.218 - - [19/Mar/2018:12:51:33 -0300] "GET /cormun/servlet/solicitudotadjuntos?bc484a4d17ddcf186178bf7f8143856859cef5d4cfc6e911a90b46037f23de4fa2f1762a5dba8ef93e36fae3c815860e,gx-no-cache=1521474641654 HTTP/1.1" 200 30
190.151.100.218 - - [19/Mar/2018:12:51:34 -0300] "POST /cormun/servlet/solicitudotadjuntos?ebd6d611903c49b9c2dc36df30da7063,INS,2018,10621,,1,,gx-no-cache=1521474641846 HTTP/1.1" 200 3987
190.151.100.218 - - [19/Mar/2018:12:51:39 -0300] "POST /cormun/servlet/solicitudotadjuntos?gx-no-cache=1521474647769 HTTP/1.1" 200 26
190.151.100.218 - - [19/Mar/2018:12:51:55 -0300] "GET /cormun/servlet/solicitudotadjuntos?bc484a4d17ddcf186178bf7f81438568da7138b919d18ed40e57ad15d85a582d,gx-no-cache=1521474663725 HTTP/1.1" 200 30
190.151.100.218 - - [19/Mar/2018:12:51:56 -0300] "GET /cormun/servlet/solicitudotadjuntos?bc484a4d17ddcf186178bf7f81438568da7138b919d18ed40e57ad15d85a582d,gx-no-cache=1521474664455 HTTP/1.1" 200 30
190.151.100.218 - - [19/Mar/2018:12:52:12 -0300] "POST /cormun/servlet/solicitudotadjuntos?ebd6d611903c49b9c2dc36df30da7063,INS,2018,10621,,1, HTTP/1.1" 200 116
190.151.100.218 - - [19/Mar/2018:12:52:12 -0300] "GET /cormun/servlet/hpexe_return? HTTP/1.1" 200 1023
190.151.100.218 - - [19/Mar/2018:12:52:12 -0300] "GET /cormun/servlet/trsolicitudadjuntos?2018,10621, HTTP/1.1" 200 8771
190.151.100.218 - - [19/Mar/2018:12:52:13 -0300] "GET /cormun/servlet/trsolicitudadjuntos?2018,10621, HTTP/1.1" 200 8766
190.151.100.218 - - [19/Mar/2018:12:52:16 -0300] "GET /cormun/servlet/solicitudotadjuntos?INS,2018,10621,,1, HTTP/1.1" 200 6239
190.151.100.218 - - [19/Mar/2018:12:52:17 -0300] "GET /cormun/static/about:blank HTTP/1.1" 404 1011
190.151.100.218 - - [19/Mar/2018:12:52:18 -0300] "GET /cormun/servlet/solicitudotadjuntos?INS,2018,10621,,1, HTTP/1.1" 200 6233
190.151.100.218 - - [19/Mar/2018:12:52:18 -0300] "GET /cormun/servlet/solicitudotadjuntos?bc484a4d17ddcf186178bf7f8143856859cef5d4cfc6e911a90b46037f23de4fa2f1762a5dba8ef93e36fae3c815860e,gx-no-cache=1521474687134 HTTP/1.1" 200 30
190.151.100.218 - - [19/Mar/2018:12:52:19 -0300] "POST /cormun/servlet/solicitudotadjuntos?ebd6d611903c49b9c2dc36df30da7063,INS,2018,10621,,1,,gx-no-cache=1521474687432 HTTP/1.1" 200 3987
190.151.100.218 - - [19/Mar/2018:12:52:24 -0300] "POST /cormun/servlet/solicitudotadjuntos?gx-no-cache=1521474692568 HTTP/1.1" 200 26
190.151.100.218 - - [19/Mar/2018:12:52:32 -0300] "GET /cormun/servlet/solicitudotadjuntos?bc484a4d17ddcf186178bf7f81438568da7138b919d18ed40e57ad15d85a582d,gx-no-cache=1521474700257 HTTP/1.1" 200 30
190.151.100.218 - - [19/Mar/2018:12:52:32 -0300] "GET /cormun/servlet/solicitudotadjuntos?bc484a4d17ddcf186178bf7f81438568da7138b919d18ed40e57ad15d85a582d,gx-no-cache=1521474700564 HTTP/1.1" 200 30
186.103.158.250 - - [19/Mar/2018:12:52:33 -0300] "GET /cormun/servlet/licenciaspermisos?9b6a43c6537de29c2b748fe0e4e508dec5310d9e1b55cb3a212d3e4511af3daff5e934ea901adaace370adf4cf935148f59d4377c360a8988d842672f1ed64168555bf1d4211daa84863378e775c05de3dd62f3988dd31f8894195c02bb6a5f1a72df34e883ddfa6a610b6bea14a5756c2487349d90d89824e8376787b72cce14c00cee90c2faef6ad40225a4539a828cf2a5ea9458b4768189aff47eca040aea141e931f4c6e7e0fe49b09b13f529a1,gx-no-cache=1521478103302 HTTP/1.1" 200 30
186.103.158.250 - - [19/Mar/2018:12:52:33 -0300] "GET /cormun/servlet/licenciaspermisos?9b6a43c6537de29c2b748fe0e4e508de81ffc325222f0acc2c54d9d9d4e368c5a90f5d9f67619a4797190593e84bb2bd05d0e24b0f2935177fa668d742e46cea11b0f3688d60187e6bf1422ea76d5f7dc6f8e55cb6acb1444258fdf4d033a867c8b4a223a2d9fd961302436f9de9aaa5d9b179f79afe33ae8ae6007bea99c0c6657af1da617aaddd5a71faa6a6715db09af879339cefc907348d0a9744eaa76135979833fc6e42b70509f9948c3295b1,gx-no-cache=1521478103412 HTTP/1.1" 200 29
186.103.158.250 - - [19/Mar/2018:12:52:34 -0300] "POST /cormun/servlet/licenciaspermisos?6fb06294538a7f7836a975a0ff4bcf49,INS,0,,,,gx-no-cache=1521478103463 HTTP/1.1" 200 93
186.103.158.250 - - [19/Mar/2018:12:52:34 -0300] "GET /cormun/servlet/hpexe_return? HTTP/1.1" 200 1012
186.103.158.250 - - [19/Mar/2018:12:52:35 -0300] "GET /cormun/servlet/trlicencias HTTP/1.1" 200 9374
186.103.158.250 - - [19/Mar/2018:12:52:36 -0300] "GET /cormun//static/Resources/PXToolsGridUpdate.png HTTP/1.1" 200 2984
186.103.158.250 - - [19/Mar/2018:12:52:36 -0300] "GET /cormun//static/Resources/PXToolsGridDelete.png HTTP/1.1" 200 357
186.103.158.250 - - [19/Mar/2018:12:52:36 -0300] "GET /cormun/servlet/trlicencias HTTP/1.1" 200 9369
186.103.158.250 - - [19/Mar/2018:12:52:52 -0300] "GET /cormun/servlet/alicenciaprn?17136773,L,20180319000000,PU HTTP/1.1" 200 1531
192.168.10.56 - - [19/Mar/2018:12:52:57 -0300] "POST /cormun/servlet/trsolicitudgral?ab9f73bdec93eaa18ddb93e9d6de88f0,,gx-no-cache=1521474611050 HTTP/1.1" 200 8825
190.151.100.218 - - [19/Mar/2018:12:53:01 -0300] "POST /cormun/servlet/solicitudotadjuntos?ebd6d611903c49b9c2dc36df30da7063,INS,2018,10621,,1, HTTP/1.1" 200 116
190.151.100.218 - - [19/Mar/2018:12:53:01 -0300] "GET /cormun/servlet/hpexe_return? HTTP/1.1" 200 1023
190.151.100.218 - - [19/Mar/2018:12:53:02 -0300] "GET /cormun/servlet/trsolicitudadjuntos?2018,10621, HTTP/1.1" 200 8996
190.151.100.218 - - [19/Mar/2018:12:53:04 -0300] "GET /cormun/servlet/trsolicitudadjuntos?2018,10621, HTTP/1.1" 200 8995
192.168.10.96 - - [19/Mar/2018:12:53:06 -0300] "GET /cormun/servlet/trfuncionariobloqueados? HTTP/1.1" 200 10407
192.168.10.96 - - [19/Mar/2018:12:53:06 -0300] "GET /cormun/servlet/trfuncionariobloqueados? HTTP/1.1" 200 10407
190.151.100.218 - - [19/Mar/2018:12:53:09 -0300] "GET /cormun/servlet/solicitudotadjuntos?INS,2018,10621,,1, HTTP/1.1" 200 6240
190.151.100.218 - - [19/Mar/2018:12:53:11 -0300] "GET /cormun/static/about:blank HTTP/1.1" 404 1011
192.168.10.96 - - [19/Mar/2018:12:53:11 -0300] "POST /cormun/servlet/trfuncionariobloqueados?2661ae5db0a161e290633b2f943d73a8,,gx-no-cache=1521474625389 HTTP/1.1" 200 7835
200.72.197.82 - - [19/Mar/2018:12:53:11 -0300] "GET /cormun/servlet/solicitudotadjuntos?INS,2018,10621,,1, HTTP/1.1" 200 6234
200.72.197.82 - - [19/Mar/2018:12:53:11 -0300] "GET /cormun/servlet/solicitudotadjuntos?bc484a4d17ddcf186178bf7f8143856859cef5d4cfc6e911a90b46037f23de4fa2f1762a5dba8ef93e36fae3c815860e,gx-no-cache=1521474740164 HTTP/1.1" 200 30
192.168.10.96 - - [19/Mar/2018:12:53:13 -0300] "POST /cormun/servlet/trfuncionariobloqueados?2661ae5db0a161e290633b2f943d73a8,,gx-no-cache=1521474627233 HTTP/1.1" 200 6279
200.72.197.82 - - [19/Mar/2018:12:53:13 -0300] "POST /cormun/servlet/solicitudotadjuntos?ebd6d611903c49b9c2dc36df30da7063,INS,2018,10621,,1,,gx-no-cache=1521474740582 HTTP/1.1" 200 3988
200.72.197.82 - - [19/Mar/2018:12:53:19 -0300] "POST /cormun/servlet/solicitudotadjuntos?gx-no-cache=1521474747753 HTTP/1.1" 200 26
200.72.197.82 - - [19/Mar/2018:12:53:26 -0300] "GET /cormun/servlet/solicitudotadjuntos?bc484a4d17ddcf186178bf7f81438568da7138b919d18ed40e57ad15d85a582d,gx-no-cache=1521474755007 HTTP/1.1" 200 30
200.72.197.82 - - [19/Mar/2018:12:53:27 -0300] "GET /cormun/servlet/solicitudotadjuntos?bc484a4d17ddcf186178bf7f81438568da7138b919d18ed40e57ad15d85a582d,gx-no-cache=1521474755283 HTTP/1.1" 200 30
200.72.197.82 - - [19/Mar/2018:12:53:44 -0300] "POST /cormun/servlet/solicitudotadjuntos?ebd6d611903c49b9c2dc36df30da7063,INS,2018,10621,,1, HTTP/1.1" 200 116
200.72.197.82 - - [19/Mar/2018:12:53:44 -0300] "GET /cormun/servlet/hpexe_return? HTTP/1.1" 200 1023
200.72.197.82 - - [19/Mar/2018:12:53:45 -0300] "GET /cormun/servlet/trsolicitudadjuntos?2018,10621, HTTP/1.1" 200 9176
200.72.197.82 - - [19/Mar/2018:12:53:46 -0300] "GET /cormun/servlet/trsolicitudadjuntos?2018,10621, HTTP/1.1" 200 9174
200.72.197.82 - - [19/Mar/2018:12:53:51 -0300] "GET /cormun/servlet/solicitudotadjuntos?INS,2018,10621,,1, HTTP/1.1" 200 6239
200.111.122.170 - - [19/Mar/2018:12:53:53 -0300] "GET /cormun/servlet/solicitudotadjuntos?INS,2018,10621,,1, HTTP/1.1" 200 6233
200.72.197.82 - - [19/Mar/2018:12:53:53 -0300] "GET /cormun/static/about:blank HTTP/1.1" 404 1011
200.72.197.82 - - [19/Mar/2018:12:53:53 -0300] "GET /cormun/servlet/solicitudotadjuntos?bc484a4d17ddcf186178bf7f8143856859cef5d4cfc6e911a90b46037f23de4fa2f1762a5dba8ef93e36fae3c815860e,gx-no-cache=1521474781677 HTTP/1.1" 200 30
200.72.197.82 - - [19/Mar/2018:12:53:54 -0300] "POST /cormun/servlet/solicitudotadjuntos?ebd6d611903c49b9c2dc36df30da7063,INS,2018,10621,,1,,gx-no-cache=1521474782181 HTTP/1.1" 200 3987
200.72.197.82 - - [19/Mar/2018:12:53:59 -0300] "POST /cormun/servlet/solicitudotadjuntos?gx-no-cache=1521474787359 HTTP/1.1" 200 26
200.72.197.82 - - [19/Mar/2018:12:54:05 -0300] "GET /cormun/servlet/solicitudotadjuntos?bc484a4d17ddcf186178bf7f81438568da7138b919d18ed40e57ad15d85a582d,gx-no-cache=1521474794107 HTTP/1.1" 200 30
200.72.197.82 - - [19/Mar/2018:12:54:06 -0300] "GET /cormun/servlet/solicitudotadjuntos?bc484a4d17ddcf186178bf7f81438568da7138b919d18ed40e57ad15d85a582d,gx-no-cache=1521474794262 HTTP/1.1" 200 30
200.72.197.82 - - [19/Mar/2018:12:54:12 -0300] "POST /cormun/servlet/solicitudotadjuntos?ebd6d611903c49b9c2dc36df30da7063,INS,2018,10621,,1, HTTP/1.1" 200 116
200.72.197.82 - - [19/Mar/2018:12:54:12 -0300] "GET /cormun/servlet/hpexe_return? HTTP/1.1" 200 1023
200.72.197.82 - - [19/Mar/2018:12:54:13 -0300] "GET /cormun/servlet/trsolicitudadjuntos?2018,10621, HTTP/1.1" 200 9407
200.72.197.82 - - [19/Mar/2018:12:54:14 -0300] "GET /cormun/servlet/trsolicitudadjuntos?2018,10621, HTTP/1.1" 200 9408
200.72.197.82 - - [19/Mar/2018:12:54:19 -0300] "GET /cormun/servlet/solicitudotadjuntos?INS,2018,10621,,1, HTTP/1.1" 200 6239
200.72.197.82 - - [19/Mar/2018:12:54:19 -0300] "GET /cormun/static/about:blank HTTP/1.1" 404 1011
186.103.158.250 - - [19/Mar/2018:12:54:20 -0300] "GET /cormun/servlet/trlicenciaspermisosadjuntos?17136773,20180319000000,L, HTTP/1.1" 200 6326
186.103.158.250 - - [19/Mar/2018:12:54:20 -0300] "GET /cormun/static/gxcfg.js?20177612163414 HTTP/1.1" 200 953
186.103.158.250 - - [19/Mar/2018:12:54:20 -0300] "GET /cormun/static/trlicenciaspermisosadjuntos.js?20177612163719 HTTP/1.1" 200 21036
200.72.197.82 - - [19/Mar/2018:12:54:21 -0300] "GET /cormun/servlet/solicitudotadjuntos?INS,2018,10621,,1, HTTP/1.1" 200 6233
186.103.158.250 - - [19/Mar/2018:12:54:21 -0300] "GET /cormun/servlet/trlicenciaspermisosadjuntos?17136773,20180319000000,L, HTTP/1.1" 200 6326
200.72.197.82 - - [19/Mar/2018:12:54:25 -0300] "GET /cormun/servlet/solicitudotadjuntos?bc484a4d17ddcf186178bf7f8143856859cef5d4cfc6e911a90b46037f23de4fa2f1762a5dba8ef93e36fae3c815860e,gx-no-cache=1521474809280 HTTP/1.1" 200 30
186.103.158.250 - - [19/Mar/2018:12:54:28 -0300] "GET /cormun/servlet/licenciaspermisosadjuntos?INS,17136773,L,20180319000000,, HTTP/1.1" 200 5620
186.103.158.250 - - [19/Mar/2018:12:54:28 -0300] "GET /cormun/static/licenciaspermisosadjuntos.js?201776126362 HTTP/1.1" 200 8760
200.72.197.82 - - [19/Mar/2018:12:54:29 -0300] "POST /cormun/servlet/solicitudotadjuntos?ebd6d611903c49b9c2dc36df30da7063,INS,2018,10621,,1,,gx-no-cache=1521474814714 HTTP/1.1" 200 3987
186.103.158.250 - - [19/Mar/2018:12:54:32 -0300] "GET /cormun/static/gxcfg.js?2017761263592 HTTP/1.1" 200 953
186.103.158.250 - - [19/Mar/2018:12:54:32 -0300] "GET /cormun/static/about:blank HTTP/1.1" 404 1011
186.103.158.250 - - [19/Mar/2018:12:54:34 -0300] "GET /cormun/servlet/licenciaspermisosadjuntos?INS,17136773,L,20180319000000,, HTTP/1.1" 200 5610
200.72.197.82 - - [19/Mar/2018:12:54:47 -0300] "POST /cormun/servlet/solicitudotadjuntos?gx-no-cache=1521474831316 HTTP/1.1" 200 26
200.72.197.82 - - [19/Mar/2018:12:54:53 -0300] "POST /cormun/servlet/solicitudotadjuntos?gx-no-cache=1521474842089 HTTP/1.1" 200 26
200.72.197.82 - - [19/Mar/2018:12:55:00 -0300] "GET /cormun/servlet/solicitudotadjuntos?bc484a4d17ddcf186178bf7f81438568da7138b919d18ed40e57ad15d85a582d,gx-no-cache=1521474848744 HTTP/1.1" 200 30
200.72.197.82 - - [19/Mar/2018:12:55:00 -0300] "GET /cormun/servlet/solicitudotadjuntos?bc484a4d17ddcf186178bf7f81438568da7138b919d18ed40e57ad15d85a582d,gx-no-cache=1521474848926 HTTP/1.1" 200 30
200.72.197.82 - - [19/Mar/2018:12:55:17 -0300] "POST /cormun/servlet/solicitudotadjuntos?ebd6d611903c49b9c2dc36df30da7063,INS,2018,10621,,1, HTTP/1.1" 200 116
200.72.197.82 - - [19/Mar/2018:12:55:17 -0300] "GET /cormun/servlet/hpexe_return? HTTP/1.1" 200 1023
200.72.197.82 - - [19/Mar/2018:12:55:18 -0300] "GET /cormun/servlet/trsolicitudadjuntos?2018,10621, HTTP/1.1" 200 9625
190.161.236.41 - - [19/Mar/2018:12:55:23 -0300] "GET /cormun/servlet/hlogin HTTP/1.1" 200 1728
200.72.197.82 - - [19/Mar/2018:12:55:25 -0300] "GET /cormun/servlet/trsolicitudadjuntos?2018,10621, HTTP/1.1" 200 9629
190.161.236.41 - - [19/Mar/2018:12:55:29 -0300] "POST /cormun/servlet/hlogin?67a6f4b3957f183bfe6da1822ab4b79f,gx-no-cache=1521474878499 HTTP/1.1" 200 90
190.161.236.41 - - [19/Mar/2018:12:55:29 -0300] "GET /cormun/servlet/hpexe_link HTTP/1.1" 200 955
190.161.236.41 - - [19/Mar/2018:12:55:29 -0300] "GET /cormun/servlet/hhome HTTP/1.1" 200 3951
190.161.236.41 - - [19/Mar/2018:12:55:30 -0300] "GET /cormun/servlet/hhome HTTP/1.1" 200 3948
190.161.236.41 - - [19/Mar/2018:12:55:32 -0300] "GET /cormun/servlet/trsolicitudot? HTTP/1.1" 200 7165
190.161.236.41 - - [19/Mar/2018:12:55:33 -0300] "GET /cormun/servlet/trsolicitudot? HTTP/1.1" 200 7165
200.72.197.82 - - [19/Mar/2018:12:55:35 -0300] "GET /cormun/servlet/solicitudotadjuntos?INS,2018,10621,,1, HTTP/1.1" 200 6240
200.72.197.82 - - [19/Mar/2018:12:55:36 -0300] "GET /cormun/static/about:blank HTTP/1.1" 404 1011
200.111.122.170 - - [19/Mar/2018:12:55:36 -0300] "GET /cormun/servlet/solicitudotadjuntos?INS,2018,10621,,1, HTTP/1.1" 200 6234
200.72.197.82 - - [19/Mar/2018:12:55:36 -0300] "GET /cormun/servlet/solicitudotadjuntos?bc484a4d17ddcf186178bf7f8143856859cef5d4cfc6e911a90b46037f23de4fa2f1762a5dba8ef93e36fae3c815860e,gx-no-cache=1521474884946 HTTP/1.1" 200 30
200.72.197.82 - - [19/Mar/2018:12:55:38 -0300] "POST /cormun/servlet/solicitudotadjuntos?ebd6d611903c49b9c2dc36df30da7063,INS,2018,10621,,1,,gx-no-cache=1521474885106 HTTP/1.1" 200 3988
200.72.197.82 - - [19/Mar/2018:12:55:42 -0300] "POST /cormun/servlet/solicitudotadjuntos?gx-no-cache=1521474890916 HTTP/1.1" 200 26
186.103.159.188 - - [19/Mar/2018:12:55:44 -0300] "GET /cormun/servlet/solicitudot?INS,0,0, HTTP/1.1" 200 13400
186.103.159.188 - - [19/Mar/2018:12:55:44 -0300] "GET /cormun/servlet/solicitudot?INS,0,0, HTTP/1.1" 200 13405
192.168.10.62 - - [19/Mar/2018:12:55:52 -0300] "POST /cormun/servlet/trsolicitudgral?d6f47d46ad8a9dca0d3d9f0dc3f09bb9,gx-no-cache=1521474786462 HTTP/1.1" 200 5931
200.72.197.82 - - [19/Mar/2018:12:55:53 -0300] "GET /cormun/servlet/solicitudotadjuntos?bc484a4d17ddcf186178bf7f81438568da7138b919d18ed40e57ad15d85a582d,gx-no-cache=1521474901103 HTTP/1.1" 200 30
200.72.197.82 - - [19/Mar/2018:12:55:53 -0300] "GET /cormun/servlet/solicitudotadjuntos?bc484a4d17ddcf186178bf7f81438568da7138b919d18ed40e57ad15d85a582d,gx-no-cache=1521474901564 HTTP/1.1" 200 30
192.168.10.62 - - [19/Mar/2018:12:55:54 -0300] "GET /cormun/servlet/hlogin HTTP/1.1" 200 1740
190.161.236.41 - - [19/Mar/2018:12:55:59 -0300] "POST /cormun/servlet/solicitudot?gx-no-cache=1521474904074 HTTP/1.1" 200 3284
190.161.236.41 - - [19/Mar/2018:12:55:59 -0300] "POST /cormun/servlet/solicitudot?67a6f4b3957f183bfe6da1822ab4b79f,INS,0,0,,gx-no-cache=1521474908137 HTTP/1.1" 200 10251
190.161.236.41 - - [19/Mar/2018:12:56:03 -0300] "GET /cormun/servlet/solicitudot?2397385968c57f5a701d8dcec0ef2948c824c61ba206eed1e85ee67943f9fe891806a3bebac43672910f1d23b4a34e46,gx-no-cache=1521474912732 HTTP/1.1" 200 30
186.103.158.250 - - [19/Mar/2018:12:56:13 -0300] "POST /cormun/servlet/licenciaspermisosadjuntos?6fb06294538a7f7836a975a0ff4bcf49,INS,17136773,L,20180319000000,, HTTP/1.1" 200 116
186.103.158.250 - - [19/Mar/2018:12:56:13 -0300] "GET /cormun/servlet/hpexe_return? HTTP/1.1" 200 1041
186.103.158.250 - - [19/Mar/2018:12:56:13 -0300] "GET /cormun/servlet/trlicenciaspermisosadjuntos?17136773,20180319000000,L, HTTP/1.1" 200 6329
186.103.158.250 - - [19/Mar/2018:12:56:14 -0300] "GET /cormun/servlet/trlicenciaspermisosadjuntos?17136773,20180319000000,L, HTTP/1.1" 200 6326
192.168.10.89 - - [19/Mar/2018:12:56:33 -0300] "POST /cormun/servlet/trsolicitudgral?92db09fa3e8e36d717ba706a0e2f7cc6,,gx-no-cache=1521474827407 HTTP/1.1" 440 972
192.168.10.89 - - [19/Mar/2018:12:56:34 -0300] "GET /cormun/servlet/trsolicitudgral? HTTP/1.1" 500 10
192.168.10.89 - - [19/Mar/2018:12:56:49 -0300] "GET /cormun/servlet/hlogin HTTP/1.1" 200 1720
192.168.10.89 - - [19/Mar/2018:12:57:09 -0300] "POST /cormun/servlet/hlogin?9184ae0d1230225fbadace040ffcd067,gx-no-cache=1521474863304 HTTP/1.1" 200 90
192.168.10.89 - - [19/Mar/2018:12:57:09 -0300] "GET /cormun/servlet/hpexe_link HTTP/1.1" 200 949
192.168.10.89 - - [19/Mar/2018:12:57:09 -0300] "GET /cormun/servlet/hhome HTTP/1.1" 200 4920
200.72.197.82 - - [19/Mar/2018:12:57:14 -0300] "POST /cormun/servlet/solicitudotadjuntos?ebd6d611903c49b9c2dc36df30da7063,INS,2018,10621,,1, HTTP/1.1" 200 116
200.72.197.82 - - [19/Mar/2018:12:57:14 -0300] "GET /cormun/servlet/hpexe_return? HTTP/1.1" 200 1023
200.72.197.82 - - [19/Mar/2018:12:57:15 -0300] "GET /cormun/servlet/trsolicitudadjuntos?2018,10621, HTTP/1.1" 200 9886
200.72.197.82 - - [19/Mar/2018:12:57:17 -0300] "GET /cormun/servlet/trsolicitudadjuntos?2018,10621, HTTP/1.1" 200 9888
186.103.161.206 - - [19/Mar/2018:12:57:23 -0300] "POST /cormun/servlet/trsolicitudadjuntos?ebd6d611903c49b9c2dc36df30da7063,2018,10621,,gx-no-cache=1521474991577 HTTP/1.1" 200 90
186.103.161.206 - - [19/Mar/2018:12:57:23 -0300] "GET /cormun/servlet/hpexe_link HTTP/1.1" 200 967
186.103.161.206 - - [19/Mar/2018:12:57:24 -0300] "GET /cormun/servlet/trsolicitudot HTTP/1.1" 200 8762
192.168.10.89 - - [19/Mar/2018:12:57:32 -0300] "GET /cormun/servlet/trsolicitudot? HTTP/1.1" 200 8163
192.168.10.56 - - [19/Mar/2018:12:57:35 -0300] "POST /cormun/servlet/trsolicitudgral?ab9f73bdec93eaa18ddb93e9d6de88f0,,gx-no-cache=1521474889241 HTTP/1.1" 200 5933
192.168.10.89 - - [19/Mar/2018:12:57:35 -0300] "GET /cormun/servlet/trsolicitudgral? HTTP/1.1" 200 28661
192.168.10.56 - - [19/Mar/2018:12:57:39 -0300] "POST /cormun/servlet/trsolicitudgral?ab9f73bdec93eaa18ddb93e9d6de88f0,,gx-no-cache=1521474893361 HTTP/1.1" 200 8826
200.111.122.170 - - [19/Mar/2018:12:57:47 -0300] "GET /cormun/servlet/trsolicitudot HTTP/1.1" 200 8761
190.161.236.41 - - [19/Mar/2018:12:57:52 -0300] "GET /cormun/servlet/prbanco?,MD,,gxPopupLevel%3D0%3B HTTP/1.1" 200 6572
190.161.236.41 - - [19/Mar/2018:12:57:53 -0300] "GET /cormun/static/gxcfg.js?20181161016094 HTTP/1.1" 304 -
190.161.236.41 - - [19/Mar/2018:12:57:53 -0300] "GET /cormun/static/prbanco.js?2018116101633 HTTP/1.1" 304 -
190.161.236.41 - - [19/Mar/2018:12:57:56 -0300] "GET /cormun/servlet/solicitudot?2397385968c57f5a701d8dcec0ef294807353bc7061466999d85429f5b2e64bf37ba1d1d331c7385c99d0f28d5109d71c64682985afa3e6c344922d0cd546d1a,gx-no-cache=1521475025333 HTTP/1.1" 200 30
190.161.236.41 - - [19/Mar/2018:12:57:57 -0300] "GET /cormun/servlet/solicitudot?2397385968c57f5a701d8dcec0ef294800634c820ac48056a0300d77ed2bc0d9,gx-no-cache=1521475026109 HTTP/1.1" 200 53
190.161.236.41 - - [19/Mar/2018:12:58:08 -0300] "POST /cormun/servlet/solicitudot?67a6f4b3957f183bfe6da1822ab4b79f,INS,0,0,,gx-no-cache=1521475036169 HTTP/1.1" 200 10453
186.103.159.188 - - [19/Mar/2018:12:58:08 -0300] "GET /cormun/static/Shared/jqueryui/images/ui-icons_82798d_256x240.png HTTP/1.1" 404 1089
190.161.236.41 - - [19/Mar/2018:12:58:08 -0300] "GET /cormun/static/Shared/jqueryui/images/ui-bg_flat_55_fafafa_40x100.png HTTP/1.1" 404 1097
190.161.236.41 - - [19/Mar/2018:12:58:08 -0300] "GET /cormun/static/Shared/jqueryui/images/ui-icons_8d78a5_256x240.png HTTP/1.1" 404 1089
190.161.236.41 - - [19/Mar/2018:12:58:08 -0300] "GET /cormun/static/Shared/jqueryui/images/ui-bg_highlight-soft_100_c6c2c8_1x100.png HTTP/1.1" 404 1117
186.103.132.155 - - [19/Mar/2018:12:58:10 -0300] "POST /cormun/servlet/trsolicitudot?ebd6d611903c49b9c2dc36df30da7063,gx-no-cache=1521475038054 HTTP/1.1" 200 4681
190.161.236.41 - - [19/Mar/2018:12:58:13 -0300] "GET /cormun/servlet/solicitudot?2397385968c57f5a701d8dcec0ef294807353bc7061466999d85429f5b2e64bf37ba1d1d331c7385c99d0f28d5109d71b7629ebb151b44c3646452baad941493,gx-no-cache=1521475042861 HTTP/1.1" 200 30
190.161.236.41 - - [19/Mar/2018:12:58:14 -0300] "GET /cormun/servlet/solicitudot?2397385968c57f5a701d8dcec0ef29482d34a6ee9af83b2a4a01250836a4c4c8ea6fc1bdd29e6dd6979515d9a35d6ee0f4906676c1def051f4525ab27ccef284,gx-no-cache=1521475042952 HTTP/1.1" 200 53
190.161.236.41 - - [19/Mar/2018:12:58:14 -0300] "POST /cormun/servlet/solicitudot?gx-no-cache=1521475043317 HTTP/1.1" 200 297
190.161.236.41 - - [19/Mar/2018:12:58:14 -0300] "GET /cormun/servlet/solicitudot?2397385968c57f5a701d8dcec0ef2948c58f86bf0d18e6e455da7632eac3da64c749602f2f968663a7cc605ddacb8694f2e777bc423663def58e9ab35bca62ff0aa54da03db0bc2f4de52c75430755f5f6a1b4f162f64c281e7fcdf77aa3c2f5584cf807f0acc192eeded7e92225426bc240a0eb46790a8bbab29377277349a1568f1d64c383a3a9d2b66655fd531845346782e355bb694265e7868047465692632b1907df7ae22797af575d821f379cfe927065a972b2755a11f783d3d0216e9b08eeddff0a3a728281105cc3ca1a2977d0f8181e8bcf9816e1a1260386aa3976c130acb5e6428a3822d72631fa53884d4b4114f096d70d0dc4e1c495aba44d524697f8e4761531ee1573fff369823fe03aba373a323111b4397971ed4f27a74389ad71ff54dc2c0bc17613b2f255f43604ad104ecacb66e062561f504b6cb6248782dfaad40a4a248bb0b595f77f39d73b9358224f756ee1a456742abfddd40a51ea905f81dd1e196999eb1e5c1cf3e156f4ade4c2e0ec28fb3e80216373e6dacc3750d8150797558b027ba41b80cc,gx-no-cache=1521475043419 HTTP/1.1" 200 30
200.72.197.82 - - [19/Mar/2018:12:58:15 -0300] "GET /cormun/static/Shared/jqueryui/images/ui-icons_82798d_256x240.png HTTP/1.1" 404 1089
186.103.132.155 - - [19/Mar/2018:12:58:15 -0300] "GET /cormun/static/Shared/jqueryui/images/ui-bg_highlight-soft_100_c6c2c8_1x100.png HTTP/1.1" 404 1117
186.103.132.155 - - [19/Mar/2018:12:58:15 -0300] "GET /cormun/static/Shared/jqueryui/images/ui-icons_8d78a5_256x240.png HTTP/1.1" 404 1089
200.72.197.82 - - [19/Mar/2018:12:58:15 -0300] "GET /cormun/static/Shared/jqueryui/images/ui-bg_flat_55_fafafa_40x100.png HTTP/1.1" 404 1097
190.151.100.218 - - [19/Mar/2018:12:58:16 -0300] "POST /cormun/servlet/trsolicitudot?ebd6d611903c49b9c2dc36df30da7063,gx-no-cache=1521475043854 HTTP/1.1" 200 4453
190.151.100.218 - - [19/Mar/2018:12:58:23 -0300] "GET /cormun/servlet/trautorizarsolicitud? HTTP/1.1" 200 8658
190.151.100.218 - - [19/Mar/2018:12:58:24 -0300] "GET /cormun/servlet/trautorizarsolicitud? HTTP/1.1" 200 8659
186.103.158.250 - - [19/Mar/2018:12:58:32 -0300] "GET /cormun/servlet/licenciaspermisosadjuntos?INS,17136773,L,20180319000000,, HTTP/1.1" 200 5620
186.103.158.250 - - [19/Mar/2018:12:58:32 -0300] "GET /cormun/static/about:blank HTTP/1.1" 404 1011
186.103.158.250 - - [19/Mar/2018:12:58:33 -0300] "GET /cormun/servlet/licenciaspermisosadjuntos?INS,17136773,L,20180319000000,, HTTP/1.1" 200 5610
200.111.122.170 - - [19/Mar/2018:12:58:46 -0300] "POST /cormun/servlet/trautorizarsolicitud?ebd6d611903c49b9c2dc36df30da7063,,gx-no-cache=1521475072756 HTTP/1.1" 200 6321
200.111.122.170 - - [19/Mar/2018:12:58:48 -0300] "GET /cormun/static/Shared/jqueryui/images/ui-bg_highlight-soft_100_c6c2c8_1x100.png HTTP/1.1" 404 1117
186.67.203.186 - - [19/Mar/2018:12:58:48 -0300] "GET /cormun/static/Shared/jqueryui/images/ui-icons_82798d_256x240.png HTTP/1.1" 404 1089
200.111.122.170 - - [19/Mar/2018:12:58:48 -0300] "GET /cormun/static/Shared/jqueryui/images/ui-bg_flat_55_fafafa_40x100.png HTTP/1.1" 404 1097
186.67.203.186 - - [19/Mar/2018:12:58:48 -0300] "GET /cormun/static/Shared/jqueryui/images/ui-icons_8d78a5_256x240.png HTTP/1.1" 404 1089
200.111.122.170 - - [19/Mar/2018:12:58:53 -0300] "POST /cormun/servlet/trautorizarsolicitud?ebd6d611903c49b9c2dc36df30da7063,,gx-no-cache=1521475076820 HTTP/1.1" 200 6267
186.103.158.250 - - [19/Mar/2018:12:58:54 -0300] "POST /cormun/servlet/licenciaspermisosadjuntos?6fb06294538a7f7836a975a0ff4bcf49,INS,17136773,L,20180319000000,, HTTP/1.1" 200 116
186.103.158.250 - - [19/Mar/2018:12:58:54 -0300] "GET /cormun/servlet/hpexe_return? HTTP/1.1" 200 1041
186.103.158.250 - - [19/Mar/2018:12:58:55 -0300] "GET /cormun/servlet/trlicenciaspermisosadjuntos?17136773,20180319000000,L, HTTP/1.1" 200 6813
186.103.158.250 - - [19/Mar/2018:12:58:56 -0300] "GET /cormun/servlet/trlicenciaspermisosadjuntos?17136773,20180319000000,L, HTTP/1.1" 200 6810
192.168.10.89 - - [19/Mar/2018:12:59:07 -0300] "POST /cormun/servlet/trsolicitudgral?9184ae0d1230225fbadace040ffcd067,,gx-no-cache=1521474981380 HTTP/1.1" 200 11633
192.168.10.89 - - [19/Mar/2018:12:59:15 -0300] "POST /cormun/servlet/trsolicitudgral?9184ae0d1230225fbadace040ffcd067,,gx-no-cache=1521474989243 HTTP/1.1" 200 7726
190.161.236.41 - - [19/Mar/2018:12:59:22 -0300] "POST /cormun/servlet/solicitudot?gx-no-cache=1521475110800 HTTP/1.1" 200 30
192.168.10.89 - - [19/Mar/2018:12:59:25 -0300] "GET /cormun/servlet/vesolicitudgral?2018,10470,, HTTP/1.1" 200 9493
192.168.10.89 - - [19/Mar/2018:12:59:25 -0300] "GET /cormun/pexe_scrolldiv.js HTTP/1.1" 404 1009
190.161.236.41 - - [19/Mar/2018:12:59:28 -0300] "POST /cormun/servlet/solicitudot?gx-no-cache=1521475117414 HTTP/1.1" 200 1333
192.168.10.89 - - [19/Mar/2018:12:59:29 -0300] "GET /cormun/servlet/vesolicitudgral?2018,10470,,SolicitudOTAdjuntos HTTP/1.1" 200 11519
192.168.10.89 - - [19/Mar/2018:12:59:29 -0300] "GET /cormun/pexe_scrolldiv.js HTTP/1.1" 404 1009
190.161.236.41 - - [19/Mar/2018:12:59:29 -0300] "POST /cormun/servlet/solicitudot?gx-no-cache=1521475117957 HTTP/1.1" 200 38
192.168.10.89 - - [19/Mar/2018:12:59:30 -0300] "POST /cormun/servlet/acontrolpreferencessavestate?None,CDROGUETT,true HTTP/1.1" 200 35
186.103.132.155 - - [19/Mar/2018:12:59:31 -0300] "GET /cormun/servlet/veautorizarsolicitud?2018,10621,, HTTP/1.1" 200 8568
200.111.122.170 - - [19/Mar/2018:12:59:31 -0300] "GET /cormun/pexe_scrolldiv.js HTTP/1.1" 404 1009
186.103.132.155 - - [19/Mar/2018:12:59:36 -0300] "GET /cormun/servlet/veautorizarsolicitud?2018,10621,, HTTP/1.1" 200 8567
190.161.236.41 - - [19/Mar/2018:12:59:45 -0300] "GET /cormun/servlet/solicitudot?2397385968c57f5a701d8dcec0ef29481c1e300427f68ea4d1db447f92326a1b006e848d0f6d249e96ef5d2bfa910b705f1dff1be6bcf2a22e4ac65fa48959095f7a993f429b84d64f89bec0c11c069449113129574cda2ab167075656aa95eecbb33be069afec1a1eb87c55eeb43741,gx-no-cache=1521475134257 HTTP/1.1" 200 29
190.161.236.41 - - [19/Mar/2018:12:59:45 -0300] "POST /cormun/servlet/solicitudot?gx-no-cache=1521475134369 HTTP/1.1" 200 1319
190.161.236.41 - - [19/Mar/2018:12:59:46 -0300] "POST /cormun/servlet/solicitudot?gx-no-cache=1521475134558 HTTP/1.1" 200 1215
186.103.158.250 - - [19/Mar/2018:12:59:50 -0300] "GET /cormun/servlet/trlicencias? HTTP/1.1" 200 9370
186.103.158.250 - - [19/Mar/2018:12:59:52 -0300] "GET /cormun/servlet/trlicencias? HTTP/1.1" 200 9369
190.161.236.41 - - [19/Mar/2018:12:59:57 -0300] "GET /cormun/static/menuarrow.gif HTTP/1.1" 404 1015
190.161.236.41 - - [19/Mar/2018:13:00:01 -0300] "GET /cormun/servlet/solicitudot?2397385968c57f5a701d8dcec0ef2948be97e41b4fdd013fe6539f69636b9a00961ddcba9aeaabe9565cf3cf2dab6790,gx-no-cache=1521475150183 HTTP/1.1" 200 30
201.215.248.160 - - [19/Mar/2018:13:00:10 -0300] "GET /cormun/servlet/hhome HTTP/1.1" 200 3391
201.215.248.160 - - [19/Mar/2018:13:00:11 -0300] "GET /cormun/servlet/hhome HTTP/1.1" 200 3400
201.215.248.160 - - [19/Mar/2018:13:00:11 -0300] "GET /cormun/servlet/hlogin HTTP/1.1" 200 1726
186.103.158.250 - - [19/Mar/2018:13:00:11 -0300] "POST /cormun/servlet/trlicencias?6fb06294538a7f7836a975a0ff4bcf49,,gx-no-cache=1521478560640 HTTP/1.1" 200 6667
186.103.158.250 - - [19/Mar/2018:13:00:11 -0300] "GET /cormun/static/Shared/jqueryui/images/ui-bg_flat_55_fafafa_40x100.png HTTP/1.1" 404 1097
186.103.158.250 - - [19/Mar/2018:13:00:11 -0300] "GET /cormun/static/Shared/jqueryui/images/ui-icons_8d78a5_256x240.png HTTP/1.1" 404 1089
192.168.10.56 - - [19/Mar/2018:13:00:12 -0300] "GET /cormun/servlet/solicitudgral2?UPD,2018,10580, HTTP/1.1" 200 12964
192.168.10.56 - - [19/Mar/2018:13:00:12 -0300] "GET /cormun/static/gxcfg.js?20181911361990 HTTP/1.1" 304 -
192.168.10.56 - - [19/Mar/2018:13:00:13 -0300] "GET /cormun/servlet/solicitudgral2?UPD,2018,10580, HTTP/1.1" 200 12975
192.168.10.56 - - [19/Mar/2018:13:00:13 -0300] "POST /cormun/servlet/solicitudgral2?gx-no-cache=1521475047635 HTTP/1.1" 200 3889
192.168.10.56 - - [19/Mar/2018:13:00:13 -0300] "GET /cormun/servlet/solicitudgral2?e6a754d55b6d0cdd1800541050032b6df40bacd9ac78ae35d69dea273c1e9e83bdce8f0ba28b88fb43b0b30405a9830f5160715c6ba55fe5805713beac704a9ca80822f84d5fce963d1406b314f30a5601bf3c2eae50aa59400f1e6dd16c56a19c6d3edc6d90674142395af7b2d601a8cc1e58830fdf7466c51aec9c71915dee0ce81f27d0fd11c8eb5545a306c102fb52455a7e88090819160ae4e13697b66bedd7a775ad18435c0441144d058c595692d59f7664f3f917ab6e0e60d82624bfee8bb7d4ead09dd067ba0d5d7299ad8feee8048274d93388191f496228be0097b71b562555be51d68b1a027179b94dbf50729bffce46f6d1f0c47152d9a2aaeac7bbebba502d85a2157c159f9dfe55b7e2ea9d90f37df79db0a318990a5244553dfd771c52bd3436df3624a20a052099df9e62efd21c32098c39788421c511af73e243681b6bab25f82c6655d5b98941,gx-no-cache=1521475047894 HTTP/1.1" 200 255
192.168.10.56 - - [19/Mar/2018:13:00:13 -0300] "POST /cormun/servlet/solicitudgral2?gx-no-cache=1521475047916 HTTP/1.1" 200 1399
192.168.10.56 - - [19/Mar/2018:13:00:13 -0300] "GET /cormun/servlet/solicitudgral2?e6a754d55b6d0cdd1800541050032b6d4f32a5ef9dced4cca82e79468c486d7d177b69c4ec4bbaaa333c62951f8d7ded402192d7b35bd464c3d8a3ce50f65750c86324ff86587cbd746909efa873fdccc1a73f64dce17297cbaccc0c1231fabd07c7eb2b15fc0595c3618f58f982f99e,gx-no-cache=1521475047961 HTTP/1.1" 200 41
190.161.236.41 - - [19/Mar/2018:13:00:20 -0300] "POST /cormun/servlet/solicitudot?gx-no-cache=1521475169023 HTTP/1.1" 200 30
190.161.236.41 - - [19/Mar/2018:13:00:21 -0300] "POST /cormun/servlet/solicitudot?67a6f4b3957f183bfe6da1822ab4b79f,INS,0,0,,gx-no-cache=1521475169540 HTTP/1.1" 200 93
190.161.236.41 - - [19/Mar/2018:13:00:21 -0300] "GET /cormun/servlet/hpexe_return? HTTP/1.1" 200 1011
190.161.236.41 - - [19/Mar/2018:13:00:21 -0300] "GET /cormun/servlet/trsolicitudot HTTP/1.1" 200 8540
201.215.248.160 - - [19/Mar/2018:13:00:21 -0300] "POST /cormun/servlet/hlogin?9f2a16a63c69e0c9a4465caaaf0d361c,gx-no-cache=1521475168578 HTTP/1.1" 200 90
201.215.248.160 - - [19/Mar/2018:13:00:21 -0300] "GET /cormun/servlet/hpexe_link HTTP/1.1" 200 946
201.215.248.160 - - [19/Mar/2018:13:00:22 -0300] "GET /cormun/servlet/hhome HTTP/1.1" 200 4201
190.161.236.41 - - [19/Mar/2018:13:00:22 -0300] "GET /cormun/servlet/trsolicitudot HTTP/1.1" 200 8536
201.215.248.160 - - [19/Mar/2018:13:00:23 -0300] "GET /cormun/servlet/hhome HTTP/1.1" 200 4197
201.215.248.160 - - [19/Mar/2018:13:00:28 -0300] "GET /cormun/servlet/trsolicitudot? HTTP/1.1" 200 7419
192.168.10.56 - - [19/Mar/2018:13:00:28 -0300] "POST /cormun/servlet/solicitudgral2?ab9f73bdec93eaa18ddb93e9d6de88f0,UPD,2018,10580,,gx-no-cache=1521475062720 HTTP/1.1" 200 11841
201.215.248.160 - - [19/Mar/2018:13:00:28 -0300] "GET /cormun/servlet/trsolicitudot? HTTP/1.1" 200 7418
192.168.10.56 - - [19/Mar/2018:13:00:28 -0300] "GET /cormun/servlet/solicitudgral2?e6a754d55b6d0cdd1800541050032b6dc16913c069245801c61637976c56f7410bacc8b7ce3af4f4b68c6520bab1a8dfc72433e372f9bfa7fda67f63f0814e67f4b512c499bc2d1b11a2874c0e04dc142cd3eecb852b012a64f75134041cbc92b279df26dfbf6e8dbe1f9f1a9a15eb1e20b3edbcb905b9fb65d61c90ac4312f112a5485ebde20925e946fe0744a635ace2157a9db6f468c4cab70bba077c538fc7cb544a4d3aa18cfe8cb9a7759397c671a32f3ede838c74138cdee166c3b9d34fe2dfb37030996930d3b931ff9b62b8,gx-no-cache=1521475063048 HTTP/1.1" 200 29
192.168.10.56 - - [19/Mar/2018:13:00:28 -0300] "POST /cormun/servlet/solicitudgral2?gx-no-cache=1521475063064 HTTP/1.1" 200 1297
192.168.10.56 - - [19/Mar/2018:13:00:28 -0300] "POST /cormun/servlet/solicitudgral2?gx-no-cache=1521475063092 HTTP/1.1" 200 1219
201.215.248.160 - - [19/Mar/2018:13:00:30 -0300] "GET /cormun/servlet/solicitudot?INS,0,0, HTTP/1.1" 200 13649
201.215.248.160 - - [19/Mar/2018:13:00:32 -0300] "GET /cormun/servlet/solicitudot?INS,0,0, HTTP/1.1" 200 13654
190.161.236.41 - - [19/Mar/2018:13:00:32 -0300] "POST /cormun/servlet/trsolicitudot?67a6f4b3957f183bfe6da1822ab4b79f,gx-no-cache=1521475181189 HTTP/1.1" 200 107
190.161.236.41 - - [19/Mar/2018:13:00:33 -0300] "GET /cormun/servlet/trsolicitudadjuntos?2018,10622, HTTP/1.1" 200 6052
190.161.236.41 - - [19/Mar/2018:13:00:33 -0300] "GET /cormun/static/gxcfg.js?20177612135366 HTTP/1.1" 304 -
190.161.236.41 - - [19/Mar/2018:13:00:33 -0300] "GET /cormun/servlet/trsolicitudadjuntos?2018,10622, HTTP/1.1" 200 6052
190.161.236.41 - - [19/Mar/2018:13:00:35 -0300] "GET /cormun/servlet/solicitudotadjuntos?INS,2018,10622,,1, HTTP/1.1" 200 5998
190.161.236.41 - - [19/Mar/2018:13:00:35 -0300] "GET /cormun/static/gxcfg.js?2017761244068 HTTP/1.1" 304 -
190.161.236.41 - - [19/Mar/2018:13:00:36 -0300] "GET /cormun/static/about:blank HTTP/1.1" 404 1011
186.103.159.188 - - [19/Mar/2018:13:00:36 -0300] "GET /cormun/servlet/solicitudotadjuntos?INS,2018,10622,,1, HTTP/1.1" 200 5990
186.103.159.188 - - [19/Mar/2018:13:00:36 -0300] "GET /cormun/servlet/solicitudotadjuntos?2397385968c57f5a701d8dcec0ef2948dd31cb15382f1fe3ab38e60f6817ddf1f1035860c306b8aa22f3cff292e1d3ac,gx-no-cache=1521475185572 HTTP/1.1" 200 30
