186.103.157.39 - - [16/Mar/2018:10:51:54 -0300] "POST /cormun/servlet/solicitudot?cb76cc649e4999ec21ec4e9aaf142d17,INS,0,0,,gx-no-cache=1521208263329 HTTP/1.1" 200 10333
186.103.159.46 - - [16/Mar/2018:10:52:00 -0300] "GET /cormun/servlet/trvisualizadoreventos? HTTP/1.1" 200 6689
186.103.159.46 - - [16/Mar/2018:10:52:01 -0300] "GET /cormun/servlet/trvisualizadoreventos? HTTP/1.1" 200 6685
186.103.159.46 - - [16/Mar/2018:10:52:09 -0300] "POST /cormun/servlet/trvisualizadoreventos?5d11829a6aa29bde729372c7b059da48,,gx-no-cache=1521208278545 HTTP/1.1" 200 4638
186.103.157.39 - - [16/Mar/2018:10:52:19 -0300] "POST /cormun/servlet/solicitudot?cb76cc649e4999ec21ec4e9aaf142d17,INS,0,0,,gx-no-cache=1521208288727 HTTP/1.1" 200 93
186.103.157.39 - - [16/Mar/2018:10:52:20 -0300] "GET /cormun/servlet/hpexe_return? HTTP/1.1" 200 1008
186.103.157.39 - - [16/Mar/2018:10:52:20 -0300] "GET /cormun/servlet/trsolicitudot HTTP/1.1" 200 8580
186.103.157.39 - - [16/Mar/2018:10:52:21 -0300] "GET /cormun/servlet/trsolicitudot HTTP/1.1" 200 8576
186.103.157.39 - - [16/Mar/2018:10:52:25 -0300] "GET /cormun/servlet/solicitudot?INS,0,0, HTTP/1.1" 200 13382
186.103.157.39 - - [16/Mar/2018:10:52:26 -0300] "GET /cormun/servlet/solicitudot?INS,0,0, HTTP/1.1" 200 13387
186.103.157.39 - - [16/Mar/2018:10:52:56 -0300] "POST /cormun/servlet/solicitudot?gx-no-cache=1521208325704 HTTP/1.1" 200 3400
186.103.157.39 - - [16/Mar/2018:10:52:57 -0300] "POST /cormun/servlet/solicitudot?cb76cc649e4999ec21ec4e9aaf142d17,INS,0,0,,gx-no-cache=1521208326062 HTTP/1.1" 200 10390
186.103.157.39 - - [16/Mar/2018:10:53:03 -0300] "GET /cormun/servlet/solicitudot?80d6249456e6e9f08136a894200c6ef0c6008402f56b9935c204f858ebb2558cc438f63543930bd4d87577b634236bc0,gx-no-cache=1521208332674 HTTP/1.1" 200 30
186.103.157.39 - - [16/Mar/2018:10:53:03 -0300] "GET /cormun/servlet/solicitudot?80d6249456e6e9f08136a894200c6ef0942307b5972d1195a4d8d8f6789b8eae4ee3c77f8c5251fbdc64b4dfd11165bdcbaebce196ce8ca08f0564de0a8689c9,gx-no-cache=1521208332812 HTTP/1.1" 200 30
186.103.157.39 - - [16/Mar/2018:10:53:03 -0300] "GET /cormun/servlet/solicitudot?80d6249456e6e9f08136a894200c6ef035d7cfbd41625c2ea1ef3696f82665bf,gx-no-cache=1521208332893 HTTP/1.1" 200 70
186.103.157.39 - - [16/Mar/2018:10:53:03 -0300] "POST /cormun/servlet/solicitudot?gx-no-cache=1521208333056 HTTP/1.1" 200 255
186.103.157.39 - - [16/Mar/2018:10:53:04 -0300] "GET /cormun/servlet/solicitudot?80d6249456e6e9f08136a894200c6ef0e0010ea295585a0d5b2a8b656dae1d51dd7fab7d231576ca4989d4dd991aba5f9d3ce203179e0aef5d717facd5ffd2303cabac013503168dfee1861a32d38e7db3c9ec6283f9fd00a08bea03abafc53374497260adb08d247f28bd75092912597d1bbe6890eb9ed2cf9e1772f48af7364b0f25ea3e7069f5052c24b59af809e3a52c5d817e8706fb8263444f41f7134f9b3d31a44cf59e2330cfb3040a7852ad74f54584664b53c128214e8ddb8154fc60ced97edc34bdcc5c8fc8b8f6333275f4d0ca3023b5308ba73df1138ae928cac6517d8fbbdc8c9311c2f47e8be60365e4e6b248dd9b16f687a0d56acfea6d25e13429d6890a201fc571e8b654393e34ca93329e367052d444851510354e7a0414d4d8a27f742638fbab1fae9308fae481474d5dfb3fcd88be6f5f641d168669a179a855e3563afc07d1901fe35514c614b8ef63b994452909a80e00ab1c2f894ca0a2d1df214a968293bb406a73c63d34938f1930e12203b6824cb8f35b6bbf,gx-no-cache=1521208333204 HTTP/1.1" 200 30
186.103.157.39 - - [16/Mar/2018:10:53:22 -0300] "POST /cormun/servlet/solicitudot?gx-no-cache=1521208351709 HTTP/1.1" 200 30
186.103.157.39 - - [16/Mar/2018:10:53:25 -0300] "POST /cormun/servlet/solicitudot?gx-no-cache=1521208354864 HTTP/1.1" 200 1337
186.103.157.39 - - [16/Mar/2018:10:53:25 -0300] "POST /cormun/servlet/solicitudot?gx-no-cache=1521208355016 HTTP/1.1" 200 38
186.103.157.39 - - [16/Mar/2018:10:53:35 -0300] "GET /cormun/servlet/solicitudot?80d6249456e6e9f08136a894200c6ef04c2a23df3f68773ab2e71c99732101d14df936e60a73ebc01ae01ae238de709df0cb0bc0320c7d1bddcc1e367d0de46197672b8cfff06057a26ea982878797f36ea1929c93b04964ae02efa0f03dda9eea20562b5ac96924d0203dd5913dff285150f3101dccfa167d5c9f14b8b9dac6f1f2640177c8e3571703677b5d3e336b9b2afcccad050d68eb8ffea46d1cd5d36cba186530f24c67a9241b4590c590f2e7ccd9be0eec5a1260a15935f6ac07d41b39099b94287ea659afaf67c164dafb,gx-no-cache=1521208364583 HTTP/1.1" 200 29
186.103.157.39 - - [16/Mar/2018:10:53:35 -0300] "POST /cormun/servlet/solicitudot?gx-no-cache=1521208364686 HTTP/1.1" 200 1319
186.103.157.39 - - [16/Mar/2018:10:53:35 -0300] "POST /cormun/servlet/solicitudot?gx-no-cache=1521208364809 HTTP/1.1" 200 1218
186.103.157.39 - - [16/Mar/2018:10:53:35 -0300] "GET /cormun/static/menuarrow.gif HTTP/1.1" 404 1015
186.103.157.39 - - [16/Mar/2018:10:53:38 -0300] "POST /cormun/servlet/solicitudot?gx-no-cache=1521208367350 HTTP/1.1" 200 1319
186.103.157.39 - - [16/Mar/2018:10:53:38 -0300] "POST /cormun/servlet/solicitudot?gx-no-cache=1521208367460 HTTP/1.1" 200 1218
186.103.157.39 - - [16/Mar/2018:10:53:40 -0300] "GET /cormun/servlet/solicitudot?80d6249456e6e9f08136a894200c6ef02dfc760aa242304d8e5070a4c9b983614daa6585ea4dde3ab948535fe95770c9,gx-no-cache=1521208369415 HTTP/1.1" 200 30
200.54.247.70 - - [16/Mar/2018:10:53:44 -0300] "GET /cormun/servlet/hlogin HTTP/1.1" 200 1720
200.54.247.70 - - [16/Mar/2018:10:53:44 -0300] "GET /cormun/static/Resources/Spanish/PXTools.css?11423723 HTTP/1.1" 304 -
200.54.247.70 - - [16/Mar/2018:10:53:44 -0300] "GET /cormun/static/gxgral.js?85251 HTTP/1.1" 304 -
200.54.247.70 - - [16/Mar/2018:10:53:44 -0300] "GET /cormun/static/Resources/ComunLogin.png HTTP/1.1" 304 -
200.54.247.70 - - [16/Mar/2018:10:53:44 -0300] "GET /cormun/static/gxcfg.js?20175251213516 HTTP/1.1" 304 -
200.54.247.70 - - [16/Mar/2018:10:53:44 -0300] "GET /cormun/static/gxtimezone.js?85251 HTTP/1.1" 304 -
200.54.247.70 - - [16/Mar/2018:10:53:44 -0300] "GET /cormun/static/messages.spa.js?85251 HTTP/1.1" 304 -
200.54.247.70 - - [16/Mar/2018:10:53:44 -0300] "GET /cormun/static/hlogin.js?20175251213537 HTTP/1.1" 304 -
200.54.247.70 - - [16/Mar/2018:10:53:44 -0300] "GET /cormun/static/Resources/indicator.gif HTTP/1.1" 304 -
186.103.157.39 - - [16/Mar/2018:10:53:49 -0300] "POST /cormun/servlet/solicitudot?gx-no-cache=1521208378302 HTTP/1.1" 200 30
192.168.10.97 - - [16/Mar/2018:10:54:03 -0300] "GET /cormun/servlet/hlogin HTTP/1.1" 200 1724
200.54.247.70 - - [16/Mar/2018:10:54:04 -0300] "POST /cormun/servlet/hlogin?b3a60b372b95aa3c34641d52a9c9f1ce,gx-no-cache=1521208394621 HTTP/1.1" 200 90
200.54.247.70 - - [16/Mar/2018:10:54:04 -0300] "GET /cormun/servlet/hpexe_link HTTP/1.1" 200 952
200.54.247.70 - - [16/Mar/2018:10:54:04 -0300] "GET /cormun/servlet/hhome HTTP/1.1" 200 4238
192.168.10.97 - - [16/Mar/2018:10:54:05 -0300] "POST /cormun/servlet/hlogin?5f7c9d74711ab8c907db934264a161d1,gx-no-cache=1521208399482 HTTP/1.1" 200 90
192.168.10.97 - - [16/Mar/2018:10:54:05 -0300] "GET /cormun/servlet/hpexe_link HTTP/1.1" 200 951
192.168.10.97 - - [16/Mar/2018:10:54:05 -0300] "GET /cormun/servlet/hhome HTTP/1.1" 200 4559
192.168.10.97 - - [16/Mar/2018:10:54:05 -0300] "GET /cormun/servlet/hhome HTTP/1.1" 200 4556
200.54.247.70 - - [16/Mar/2018:10:54:07 -0300] "GET /cormun/servlet/trsolicitudot? HTTP/1.1" 200 7453
200.54.247.70 - - [16/Mar/2018:10:54:11 -0300] "GET /cormun/servlet/solicitudot?INS,0,0, HTTP/1.1" 200 13678
192.168.10.97 - - [16/Mar/2018:10:54:12 -0300] "GET /cormun/servlet/trsolicitudgral? HTTP/1.1" 200 9060
192.168.10.97 - - [16/Mar/2018:10:54:12 -0300] "GET /cormun/servlet/trsolicitudgral? HTTP/1.1" 200 9058
200.54.247.70 - - [16/Mar/2018:10:54:21 -0300] "POST /cormun/servlet/solicitudot?gx-no-cache=1521208410799 HTTP/1.1" 200 3364
200.54.247.70 - - [16/Mar/2018:10:54:21 -0300] "POST /cormun/servlet/solicitudot?b3a60b372b95aa3c34641d52a9c9f1ce,INS,0,0,,gx-no-cache=1521208411198 HTTP/1.1" 200 10536
200.54.247.70 - - [16/Mar/2018:10:54:25 -0300] "GET /cormun/servlet/solicitudot?86da94daa4fefb5a90ce3e0374d793a3009b806d32e2b5e80443b664fb146996d07b4fcb169c56babb56cd08683c2449,gx-no-cache=1521208415554 HTTP/1.1" 200 30
186.103.157.39 - - [16/Mar/2018:10:54:28 -0300] "POST /cormun/servlet/solicitudot?cb76cc649e4999ec21ec4e9aaf142d17,INS,0,0,,gx-no-cache=1521208416455 HTTP/1.1" 200 93
186.103.157.39 - - [16/Mar/2018:10:54:28 -0300] "GET /cormun/servlet/hpexe_return? HTTP/1.1" 200 1008
186.103.157.39 - - [16/Mar/2018:10:54:29 -0300] "GET /cormun/servlet/trsolicitudot HTTP/1.1" 200 8999
186.103.157.39 - - [16/Mar/2018:10:54:30 -0300] "GET /cormun/servlet/trsolicitudot HTTP/1.1" 200 8995
186.103.157.39 - - [16/Mar/2018:10:54:33 -0300] "POST /cormun/servlet/trsolicitudot?cb76cc649e4999ec21ec4e9aaf142d17,gx-no-cache=1521208422671 HTTP/1.1" 200 5730
186.103.157.39 - - [16/Mar/2018:10:54:33 -0300] "GET /cormun/static/Shared/jqueryui/images/ui-bg_highlight-soft_100_c6c2c8_1x100.png HTTP/1.1" 404 1117
186.103.157.39 - - [16/Mar/2018:10:54:33 -0300] "GET /cormun/static/Shared/jqueryui/images/ui-icons_82798d_256x240.png HTTP/1.1" 404 1089
186.103.157.39 - - [16/Mar/2018:10:54:33 -0300] "GET /cormun/static/Shared/jqueryui/images/ui-bg_flat_55_fafafa_40x100.png HTTP/1.1" 404 1097
186.103.157.39 - - [16/Mar/2018:10:54:33 -0300] "GET /cormun/static/Shared/jqueryui/images/ui-icons_8d78a5_256x240.png HTTP/1.1" 404 1089
186.103.157.39 - - [16/Mar/2018:10:54:34 -0300] "POST /cormun/servlet/trsolicitudot?cb76cc649e4999ec21ec4e9aaf142d17,gx-no-cache=1521208423194 HTTP/1.1" 200 5672
186.103.157.39 - - [16/Mar/2018:10:54:35 -0300] "POST /cormun/servlet/trsolicitudot?cb76cc649e4999ec21ec4e9aaf142d17,gx-no-cache=1521208424758 HTTP/1.1" 200 5939
186.103.159.44 - - [16/Mar/2018:10:54:54 -0300] "GET /cormun/static/Resources/resize.gif HTTP/1.1" 200 77
186.103.159.44 - - [16/Mar/2018:10:54:54 -0300] "GET /cormun/servlet/prbanco?,MD,,gxPopupLevel%3D0%3B HTTP/1.1" 200 6582
186.103.159.44 - - [16/Mar/2018:10:54:54 -0300] "GET /cormun/static/gxcfg.js?20181161016094 HTTP/1.1" 200 953
186.103.159.44 - - [16/Mar/2018:10:54:54 -0300] "GET /cormun/static/Resources/PXToolsMenuSearch.png HTTP/1.1" 200 2914
186.103.159.44 - - [16/Mar/2018:10:54:54 -0300] "GET /cormun/static/Resources/PXToolsMenuSearchCancel.png HTTP/1.1" 200 2972
186.103.159.44 - - [16/Mar/2018:10:54:54 -0300] "GET /cormun/static/prbanco.js?2018116101633 HTTP/1.1" 200 10693
186.103.159.44 - - [16/Mar/2018:10:54:55 -0300] "GET /cormun/static/hmpwkw011.js?20177612121862 HTTP/1.1" 200 1968
186.103.159.44 - - [16/Mar/2018:10:54:55 -0300] "GET /cormun/static/menusearch.js?201610171694467 HTTP/1.1" 200 1424
186.103.157.39 - - [16/Mar/2018:10:54:55 -0300] "POST /cormun/servlet/trsolicitudot?cb76cc649e4999ec21ec4e9aaf142d17,gx-no-cache=1521208443568 HTTP/1.1" 200 5939
192.168.10.97 - - [16/Mar/2018:10:54:59 -0300] "POST /cormun/servlet/trsolicitudgral?5f7c9d74711ab8c907db934264a161d1,,gx-no-cache=1521208453089 HTTP/1.1" 200 23217
192.168.10.97 - - [16/Mar/2018:10:55:59 -0300] "POST /cormun/servlet/trsolicitudgral?5f7c9d74711ab8c907db934264a161d1,,gx-no-cache=1521208512726 HTTP/1.1" 200 18222
192.168.10.97 - - [16/Mar/2018:10:55:59 -0300] "GET /cormun/static/Shared/jqueryui/images/ui-bg_highlight-soft_100_c6c2c8_1x100.png HTTP/1.1" 404 1117
192.168.10.97 - - [16/Mar/2018:10:55:59 -0300] "GET /cormun/static/Shared/jqueryui/images/ui-icons_82798d_256x240.png HTTP/1.1" 404 1089
192.168.10.97 - - [16/Mar/2018:10:55:59 -0300] "GET /cormun/static/Shared/jqueryui/images/ui-bg_flat_55_fafafa_40x100.png HTTP/1.1" 404 1097
192.168.10.97 - - [16/Mar/2018:10:55:59 -0300] "GET /cormun/static/Shared/jqueryui/images/ui-icons_8d78a5_256x240.png HTTP/1.1" 404 1089
192.168.10.97 - - [16/Mar/2018:10:56:36 -0300] "POST /cormun/servlet/trsolicitudgral?5f7c9d74711ab8c907db934264a161d1,,gx-no-cache=1521208549879 HTTP/1.1" 200 12715
192.168.10.89 - - [16/Mar/2018:10:57:09 -0300] "POST /cormun/servlet/trsolicitudgral?a19a48321fca7bddd40672d45903aea9,,gx-no-cache=1521208464470 HTTP/1.1" 440 972
192.168.10.89 - - [16/Mar/2018:10:57:10 -0300] "GET /cormun/servlet/trsolicitudgral? HTTP/1.1" 500 10
192.168.10.97 - - [16/Mar/2018:10:57:12 -0300] "POST /cormun/servlet/trsolicitudgral?5f7c9d74711ab8c907db934264a161d1,,gx-no-cache=1521208586782 HTTP/1.1" 200 6146
192.168.10.97 - - [16/Mar/2018:10:57:18 -0300] "POST /cormun/servlet/trsolicitudgral?5f7c9d74711ab8c907db934264a161d1,,gx-no-cache=1521208592907 HTTP/1.1" 200 5925
192.168.10.89 - - [16/Mar/2018:10:57:20 -0300] "GET /cormun/servlet/hlogin HTTP/1.1" 200 1718
192.168.10.89 - - [16/Mar/2018:10:57:27 -0300] "POST /cormun/servlet/hlogin?8677115a415f1b1a025da73e8c6a6b05,gx-no-cache=1521208482359 HTTP/1.1" 200 90
192.168.10.89 - - [16/Mar/2018:10:57:27 -0300] "GET /cormun/servlet/hpexe_link HTTP/1.1" 200 949
192.168.10.89 - - [16/Mar/2018:10:57:27 -0300] "GET /cormun/servlet/hhome HTTP/1.1" 200 4921
192.168.10.97 - - [16/Mar/2018:10:57:29 -0300] "POST /cormun/servlet/trsolicitudgral?5f7c9d74711ab8c907db934264a161d1,,gx-no-cache=1521208603300 HTTP/1.1" 200 5924
192.168.10.89 - - [16/Mar/2018:10:57:29 -0300] "GET /cormun/servlet/trsolicitudgral? HTTP/1.1" 200 29347
192.168.10.97 - - [16/Mar/2018:10:57:41 -0300] "POST /cormun/servlet/trsolicitudgral?5f7c9d74711ab8c907db934264a161d1,,gx-no-cache=1521208615084 HTTP/1.1" 200 13992
192.168.10.89 - - [16/Mar/2018:10:57:47 -0300] "POST /cormun/servlet/trsolicitudgral?8677115a415f1b1a025da73e8c6a6b05,,gx-no-cache=1521208502384 HTTP/1.1" 200 7903
192.168.10.89 - - [16/Mar/2018:10:57:54 -0300] "GET /cormun/servlet/vesolicitudgral?2018,9782,, HTTP/1.1" 200 9505
192.168.10.89 - - [16/Mar/2018:10:57:54 -0300] "GET /cormun/pexe_scrolldiv.js HTTP/1.1" 404 1009
192.168.10.89 - - [16/Mar/2018:10:57:56 -0300] "GET /cormun/servlet/vesolicitudgral?2018,9782,,SolicitudOTLog HTTP/1.1" 200 10397
192.168.10.89 - - [16/Mar/2018:10:57:56 -0300] "GET /cormun/pexe_scrolldiv.js HTTP/1.1" 404 1009
192.168.10.89 - - [16/Mar/2018:10:57:57 -0300] "POST /cormun/servlet/acontrolpreferencessavestate?None,CDROGUETT,true HTTP/1.1" 200 35
192.168.10.89 - - [16/Mar/2018:10:58:23 -0300] "POST /cormun/servlet/vesolicitudgral?8677115a415f1b1a025da73e8c6a6b05,2018,9782,,SolicitudOTLog,gx-no-cache=1521208538363 HTTP/1.1" 200 90
192.168.10.89 - - [16/Mar/2018:10:58:23 -0300] "GET /cormun/servlet/hpexe_link HTTP/1.1" 200 973
192.168.10.89 - - [16/Mar/2018:10:58:23 -0300] "GET /cormun/servlet/trsolicitudgral? HTTP/1.1" 200 11373
186.67.164.142 - - [16/Mar/2018:10:58:48 -0300] "POST /cormun/servlet/hlogin?b250b86d81c4c90df6aef0a1ce9fdcbf,gx-no-cache=1521208676785 HTTP/1.1" 200 90
186.67.164.142 - - [16/Mar/2018:10:58:48 -0300] "GET /cormun/servlet/hpexe_link HTTP/1.1" 200 953
186.67.164.142 - - [16/Mar/2018:10:58:48 -0300] "GET /cormun/servlet/hhome HTTP/1.1" 200 3978
186.67.164.142 - - [16/Mar/2018:10:58:49 -0300] "GET /cormun/servlet/hhome HTTP/1.1" 200 3974
186.67.164.142 - - [16/Mar/2018:10:59:00 -0300] "GET /cormun/servlet/trsolicitudot? HTTP/1.1" 200 7187
186.67.164.142 - - [16/Mar/2018:10:59:00 -0300] "GET /cormun/static/calendar.js?85251 HTTP/1.1" 304 -
186.67.164.142 - - [16/Mar/2018:10:59:00 -0300] "GET /cormun/static/calendar-setup.js?85251 HTTP/1.1" 304 -
186.67.164.142 - - [16/Mar/2018:10:59:00 -0300] "GET /cormun/static/calendar-es.js?85251 HTTP/1.1" 304 -
186.67.164.142 - - [16/Mar/2018:10:59:00 -0300] "GET /cormun/static/gxdec.js?85251 HTTP/1.1" 304 -
186.67.164.142 - - [16/Mar/2018:10:59:01 -0300] "GET /cormun/servlet/trsolicitudot? HTTP/1.1" 200 7187
186.67.164.142 - - [16/Mar/2018:10:59:03 -0300] "GET /cormun/servlet/solicitudot?INS,0,0, HTTP/1.1" 200 13420
186.67.164.142 - - [16/Mar/2018:10:59:04 -0300] "GET /cormun/servlet/solicitudot?INS,0,0, HTTP/1.1" 200 13425
186.67.164.142 - - [16/Mar/2018:10:59:10 -0300] "POST /cormun/servlet/solicitudot?gx-no-cache=1521208699260 HTTP/1.1" 200 3389
186.67.164.142 - - [16/Mar/2018:10:59:10 -0300] "POST /cormun/servlet/solicitudot?b250b86d81c4c90df6aef0a1ce9fdcbf,INS,0,0,,gx-no-cache=1521208699884 HTTP/1.1" 200 10382
186.67.164.142 - - [16/Mar/2018:10:59:17 -0300] "GET /cormun/servlet/solicitudot?a71b1b31c997f8278161bd2967b32182480ed40f13c45d478a29e7eb50419218eb0fc7df95426bea032bca2b55b78778,gx-no-cache=1521208707338 HTTP/1.1" 200 30
186.67.164.142 - - [16/Mar/2018:10:59:17 -0300] "GET /cormun/servlet/solicitudot?a71b1b31c997f8278161bd2967b32182a4c2545f39e7abf8abf43d117d7e4a1ebca712fe344110212fe56bd9016f29b8eb0fc7df95426bea032bca2b55b78778,gx-no-cache=1521208707447 HTTP/1.1" 200 30
186.67.164.142 - - [16/Mar/2018:10:59:17 -0300] "GET /cormun/servlet/solicitudot?a71b1b31c997f8278161bd2967b32182cd5772cb73a0408cf6dbb5620f01ff2c,gx-no-cache=1521208707587 HTTP/1.1" 200 123
186.67.164.142 - - [16/Mar/2018:10:59:18 -0300] "GET /cormun/static/Shared/jqueryui/images/ui-bg_highlight-soft_100_c6c2c8_1x100.png HTTP/1.1" 404 1117
186.67.164.142 - - [16/Mar/2018:10:59:18 -0300] "GET /cormun/static/Shared/jqueryui/images/ui-icons_82798d_256x240.png HTTP/1.1" 404 1089
186.67.164.142 - - [16/Mar/2018:10:59:18 -0300] "GET /cormun/static/Shared/jqueryui/images/ui-bg_flat_55_994d53_40x100.png HTTP/1.1" 404 1097
186.67.164.142 - - [16/Mar/2018:10:59:18 -0300] "GET /cormun/static/Shared/jqueryui/images/ui-icons_ebccce_256x240.png HTTP/1.1" 404 1089
186.67.164.142 - - [16/Mar/2018:10:59:18 -0300] "POST /cormun/servlet/solicitudot?gx-no-cache=1521208707753 HTTP/1.1" 200 255
186.67.164.142 - - [16/Mar/2018:10:59:18 -0300] "GET /cormun/servlet/solicitudot?a71b1b31c997f8278161bd2967b3218275c332f0c763968ce6f54ea5dad434df6088b1598054334bc813ada9faeac69eb0b960f9c902df9d8de3346081df1e4b63c76ab7aaacc9322798d93d7fa15d6a383c67b0ab1d9a14d92ea1e89d8ab7e6df5f5485a1f7cd5ba6bd1233ceadabe4c3d5f54ee4503526cf80e2a3b6df017d801c9d9bc9c58be07ca3ccab2ec872465e6a29fb67e61ab294e0cc1d6b375a697d0c8eec64c730084dd0fb378fd917440f42555cb7daef6a3f78449af95277b66bcc16781ef5de8573bb09c914db2a760d162cf57e4eb62d5152054bcafdbeb2f648a92eb84b7a27923594c7d913cf3aa2debeaab932f2de77d9025f154877daa6c198203e9c2738ce6a08e4a922dddab5881deefa9dcc8508232dce3fccb5b3a97ba9a96e4c861dd69e9888cbdeeb11b97e79a0cfaecbe640682672445d9dc559e55136103ef339539ce74f497df2c4282ee917b71698139b4e09af47e8eabc022227685642176bfc55356c7a017c70ef81b10745312b130555722805cc679d,gx-no-cache=1521208707813 HTTP/1.1" 200 30
186.67.164.142 - - [16/Mar/2018:10:59:20 -0300] "POST /cormun/servlet/solicitudot?gx-no-cache=1521208709718 HTTP/1.1" 200 30
186.67.164.142 - - [16/Mar/2018:10:59:30 -0300] "GET /cormun/servlet/prcontratosol?4947362,,,,,MD,,gxPopupLevel%3D0%3B HTTP/1.1" 200 7945
186.67.164.142 - - [16/Mar/2018:10:59:41 -0300] "POST /cormun/servlet/solicitudot?gx-no-cache=1521208730856 HTTP/1.1" 200 1336
186.67.164.142 - - [16/Mar/2018:10:59:41 -0300] "POST /cormun/servlet/solicitudot?gx-no-cache=1521208731314 HTTP/1.1" 200 38
186.67.164.142 - - [16/Mar/2018:10:59:41 -0300] "GET /cormun/servlet/solicitudot?a71b1b31c997f8278161bd2967b3218251e7469bcb6f767ab2fd4874c154be16dd6167b517fbb9144d2903db8bf65f63bd8676b9a71f4d37b0fc13e2126949d722574bee356e69783de05b37ae7020918cc341cb839c7818b44935c9b5ad6653902376de8c81cd60036f2a143d688415514cce08693d406b14f74c650360177944ea893bb922285f8ab045869e1b7df4dc3c8cfff50339dfdcd6f709da574b2cbad6e0bebd2206d5b267ab18166af4cd6e5ca9aa536f87924f3893f6da4a7519b1541c540c6d5075b182ca0c7eb60d99,gx-no-cache=1521208731389 HTTP/1.1" 200 29
186.67.164.142 - - [16/Mar/2018:10:59:42 -0300] "POST /cormun/servlet/solicitudot?gx-no-cache=1521208731477 HTTP/1.1" 200 1318
186.67.164.142 - - [16/Mar/2018:10:59:42 -0300] "POST /cormun/servlet/solicitudot?gx-no-cache=1521208731988 HTTP/1.1" 200 1218
186.67.164.142 - - [16/Mar/2018:10:59:42 -0300] "GET /cormun/servlet/solicitudot?a71b1b31c997f8278161bd2967b32182378c6e4159eee6e202f71bc730b533258987433dd47bb9e7106b504f0fbd24aa,gx-no-cache=1521208732076 HTTP/1.1" 200 30
186.67.164.142 - - [16/Mar/2018:10:59:53 -0300] "GET /cormun/servlet/solicitudot?a71b1b31c997f8278161bd2967b3218251e7469bcb6f767ab2fd4874c154be16dd6167b517fbb9144d2903db8bf65f63202ea01009f78fc690d8b047fab28ef522574bee356e69783de05b37ae7020918cc341cb839c7818b44935c9b5ad6653902376de8c81cd60036f2a143d688415514cce08693d406b14f74c650360177944ea893bb922285f8ab045869e1b7df4dc3c8cfff50339dfdcd6f709da574b2cbad6e0bebd2206d5b267ab18166af4cd6e5ca9aa536f87924f3893f6da4a7519b1541c540c6d5075b182ca0c7eb60d99,gx-no-cache=1521208743462 HTTP/1.1" 200 29
186.67.164.142 - - [16/Mar/2018:10:59:56 -0300] "POST /cormun/servlet/solicitudot?gx-no-cache=1521208746409 HTTP/1.1" 200 1319
186.67.164.142 - - [16/Mar/2018:10:59:56 -0300] "POST /cormun/servlet/solicitudot?gx-no-cache=1521208746522 HTTP/1.1" 200 1218
186.67.164.142 - - [16/Mar/2018:10:59:57 -0300] "POST /cormun/servlet/solicitudot?gx-no-cache=1521208746620 HTTP/1.1" 200 33
192.168.10.97 - - [16/Mar/2018:11:00:00 -0300] "POST /cormun/servlet/trsolicitudgral?5f7c9d74711ab8c907db934264a161d1,,gx-no-cache=1521208754017 HTTP/1.1" 200 8930
186.67.164.142 - - [16/Mar/2018:11:00:10 -0300] "POST /cormun/servlet/solicitudot?b250b86d81c4c90df6aef0a1ce9fdcbf,INS,0,0,,gx-no-cache=1521208759464 HTTP/1.1" 200 11761
192.168.10.97 - - [16/Mar/2018:11:00:11 -0300] "POST /cormun/servlet/trsolicitudgral?5f7c9d74711ab8c907db934264a161d1,,gx-no-cache=1521208765921 HTTP/1.1" 200 6144
192.168.10.97 - - [16/Mar/2018:11:00:22 -0300] "POST /cormun/servlet/trsolicitudgral?5f7c9d74711ab8c907db934264a161d1,,gx-no-cache=1521208776679 HTTP/1.1" 200 7342
186.103.159.44 - - [16/Mar/2018:11:00:31 -0300] "GET /cormun/servlet/solicitudot?f07b782bd52936246af2e1594aedd302b8732232a930e68de7a1203d7acc8075403e3ba0060994bac08f1eb6360a2740fa27fe833fe1291254079788f4dea4d4,gx-no-cache=1521208783881 HTTP/1.1" 200 30
192.168.10.97 - - [16/Mar/2018:11:00:31 -0300] "POST /cormun/servlet/trsolicitudgral?5f7c9d74711ab8c907db934264a161d1,,gx-no-cache=1521208785913 HTTP/1.1" 200 6151
192.168.10.97 - - [16/Mar/2018:11:01:17 -0300] "POST /cormun/servlet/trsolicitudgral?5f7c9d74711ab8c907db934264a161d1,,gx-no-cache=1521208831630 HTTP/1.1" 200 5925
192.168.10.97 - - [16/Mar/2018:11:01:27 -0300] "POST /cormun/servlet/trsolicitudgral?5f7c9d74711ab8c907db934264a161d1,,gx-no-cache=1521208841919 HTTP/1.1" 200 5923
192.168.10.97 - - [16/Mar/2018:11:02:01 -0300] "POST /cormun/servlet/trsolicitudgral?5f7c9d74711ab8c907db934264a161d1,,gx-no-cache=1521208875975 HTTP/1.1" 200 7279
186.103.159.44 - - [16/Mar/2018:11:02:45 -0300] "GET /cormun/servlet/solicitudot?f07b782bd52936246af2e1594aedd302fa01d3b71a3dfbf71e06d24d455c329a,gx-no-cache=1521208918393 HTTP/1.1" 200 70
192.168.10.96 - - [16/Mar/2018:11:02:59 -0300] "POST /cormun/servlet/trsolicitudgral?f532f42d177a7f7f868e853feb4f7519,,gx-no-cache=1521208814771 HTTP/1.1" 200 7658
186.103.159.44 - - [16/Mar/2018:11:03:02 -0300] "POST /cormun/servlet/solicitudot?gx-no-cache=1521208934782 HTTP/1.1" 200 255
186.103.159.44 - - [16/Mar/2018:11:03:04 -0300] "GET /cormun/servlet/solicitudot?f07b782bd52936246af2e1594aedd3021e11f32569949bdc95b3276398d6bd412446992fc7e930e82b026688f50680e40323750191dc9dd73de557e5f0417e8b4d19a7e888b55b57786c192dbb87804e91ec68f7eac1b50a8797169c627c276a3b231b558e15d391082d44230cfba774a4ab4c26b1d9513790362507f181ffa7677426085d7f16f1ef6b80768ef75903d3fa4cf23c295007775fdeea7a92056cc8b0710053a8d9522c4d6c29109790df1740e173df1616ef02350a5306c16ee7321d4ae4805d7c5bf74dc3d6292151f4c76fedc870ab097db9e12f4b089fb4e0ea9d0bf6905c61d1ede82575af33d80a190edfb210a88fa5d2c3bb833f8fa8cfebbf3a577d6a573e929ab6ed805cdd6a142249af5c141ff14f44a0a65400eea22af91c0191a11310bacc1559070a141e467c5382f7230e307392daf4e9e4f1c53737bc96a7c1fb4b3be5e33e8d95caa71e2e82059dffb8ed9aca856266d1152dabe7d697a56aa5dfae28eb32b1f758071f367563d7c04f2c69c228d273339e15,gx-no-cache=1521208937018 HTTP/1.1" 200 30
186.103.159.44 - - [16/Mar/2018:11:03:06 -0300] "POST /cormun/servlet/solicitudot?gx-no-cache=1521208939437 HTTP/1.1" 200 30
186.103.159.44 - - [16/Mar/2018:11:03:08 -0300] "GET /cormun/servlet/prcontratosol?16251477,,,,,MD,,gxPopupLevel%3D0%3B HTTP/1.1" 200 7453
186.103.159.44 - - [16/Mar/2018:11:03:08 -0300] "GET /cormun/static/gxui/gxui-all.css?110300 HTTP/1.1" 200 2179
186.103.159.44 - - [16/Mar/2018:11:03:08 -0300] "GET /cormun/static/calendar-system.css?75620 HTTP/1.1" 200 5572
186.103.159.44 - - [16/Mar/2018:11:03:08 -0300] "GET /cormun/static/gxcfg.js?201761413223964 HTTP/1.1" 200 953
186.103.159.44 - - [16/Mar/2018:11:03:08 -0300] "GET /cormun/static/prcontratosol.js?201761413224174 HTTP/1.1" 200 15806
186.103.159.44 - - [16/Mar/2018:11:03:09 -0300] "GET /cormun/static/Shared/ext/resources/css/ext-all.css?205870 HTTP/1.1" 200 416045
186.103.159.44 - - [16/Mar/2018:11:03:16 -0300] "POST /cormun/servlet/solicitudot?gx-no-cache=1521208948989 HTTP/1.1" 200 1337
186.103.159.44 - - [16/Mar/2018:11:03:16 -0300] "POST /cormun/servlet/solicitudot?gx-no-cache=1521208949262 HTTP/1.1" 200 38
186.103.159.44 - - [16/Mar/2018:11:03:17 -0300] "GET /cormun/servlet/solicitudot?f07b782bd52936246af2e1594aedd302c7e3e8eb3d2f98522fb01f5c90b1212dca71e4693bcdb205973645535d4d75c1e417937e377cbdbe5be86793f37a415b9dde73b78f6ac983c37ceaeccbc96273e0bd54ef9e6226fecd6a06046aa7b1512fb84a44af3b96cebbc33723e5e04988,gx-no-cache=1521208949339 HTTP/1.1" 200 29
186.103.159.44 - - [16/Mar/2018:11:03:17 -0300] "POST /cormun/servlet/solicitudot?gx-no-cache=1521208949767 HTTP/1.1" 200 1319
186.103.159.44 - - [16/Mar/2018:11:03:17 -0300] "POST /cormun/servlet/solicitudot?gx-no-cache=1521208949953 HTTP/1.1" 200 1218
186.103.159.44 - - [16/Mar/2018:11:03:17 -0300] "GET /cormun/servlet/solicitudot?f07b782bd52936246af2e1594aedd3022945e24124661f99e32d3faed2305ad6,gx-no-cache=1521208950024 HTTP/1.1" 200 30
186.103.159.44 - - [16/Mar/2018:11:03:29 -0300] "POST /cormun/servlet/solicitudot?gx-no-cache=1521208961538 HTTP/1.1" 200 1337
186.103.159.44 - - [16/Mar/2018:11:03:29 -0300] "POST /cormun/servlet/solicitudot?gx-no-cache=1521208961641 HTTP/1.1" 200 38
186.103.159.44 - - [16/Mar/2018:11:03:41 -0300] "POST /cormun/servlet/solicitudot?gx-no-cache=1521208973905 HTTP/1.1" 200 1319
186.103.159.44 - - [16/Mar/2018:11:03:41 -0300] "POST /cormun/servlet/solicitudot?gx-no-cache=1521208973995 HTTP/1.1" 200 1218
186.103.159.44 - - [16/Mar/2018:11:03:41 -0300] "GET /cormun/static/menuarrow.gif HTTP/1.1" 404 1015
186.103.159.44 - - [16/Mar/2018:11:03:43 -0300] "POST /cormun/servlet/solicitudot?gx-no-cache=1521208975554 HTTP/1.1" 200 1319
186.103.159.44 - - [16/Mar/2018:11:03:43 -0300] "POST /cormun/servlet/solicitudot?gx-no-cache=1521208975648 HTTP/1.1" 200 1218
186.79.78.167 - - [16/Mar/2018:11:03:44 -0300] "GET /cormun/servlet/hlogin HTTP/1.1" 200 1725
186.103.159.44 - - [16/Mar/2018:11:03:44 -0300] "GET /cormun/servlet/solicitudot?f07b782bd52936246af2e1594aedd302a1ae03b0b5f6576051037472556187b1d832e55e52f137331f42515e11ef961a,gx-no-cache=1521208977104 HTTP/1.1" 200 30
186.79.78.167 - - [16/Mar/2018:11:03:48 -0300] "POST /cormun/servlet/hlogin?072e081886ca637e3b9afb1fe44f3340,gx-no-cache=1521208980201 HTTP/1.1" 200 90
186.79.78.167 - - [16/Mar/2018:11:03:48 -0300] "GET /cormun/servlet/hpexe_link HTTP/1.1" 200 954
186.79.78.167 - - [16/Mar/2018:11:03:48 -0300] "GET /cormun/servlet/hhome HTTP/1.1" 200 3935
186.79.78.167 - - [16/Mar/2018:11:03:49 -0300] "GET /cormun/servlet/hhome HTTP/1.1" 200 3932
186.103.159.44 - - [16/Mar/2018:11:03:51 -0300] "POST /cormun/servlet/solicitudot?gx-no-cache=1521208984183 HTTP/1.1" 200 33
186.79.78.167 - - [16/Mar/2018:11:03:57 -0300] "GET /cormun/servlet/trsolicitudot? HTTP/1.1" 200 7146
186.79.78.167 - - [16/Mar/2018:11:03:58 -0300] "GET /cormun/servlet/trsolicitudot? HTTP/1.1" 200 7146
186.103.159.44 - - [16/Mar/2018:11:04:04 -0300] "POST /cormun/servlet/solicitudot?0cf5a4b888350451d27b39d59233c22a,INS,0,0,,gx-no-cache=1521208996434 HTTP/1.1" 200 93
186.103.159.44 - - [16/Mar/2018:11:04:04 -0300] "GET /cormun/servlet/hpexe_return? HTTP/1.1" 200 1005
186.103.159.44 - - [16/Mar/2018:11:04:04 -0300] "GET /cormun/static/Resources/Spanish/PXTools.css?167811 HTTP/1.1" 200 89042
186.103.159.44 - - [16/Mar/2018:11:04:04 -0300] "GET /cormun/static/gxcfg.js?2016101716175148 HTTP/1.1" 200 953
186.103.159.44 - - [16/Mar/2018:11:04:04 -0300] "GET /cormun/static/hpexe_return.js?2016101716175153 HTTP/1.1" 200 1633
186.103.159.44 - - [16/Mar/2018:11:04:05 -0300] "GET /cormun/servlet/trsolicitudot HTTP/1.1" 200 8726
186.79.78.167 - - [16/Mar/2018:11:04:05 -0300] "GET /cormun/servlet/solicitudot?INS,0,0, HTTP/1.1" 200 13386
186.103.159.44 - - [16/Mar/2018:11:04:05 -0300] "GET /cormun//static/Resources/PXToolsGridUpdate.png HTTP/1.1" 200 2984
186.103.159.44 - - [16/Mar/2018:11:04:05 -0300] "GET /cormun//static/Resources/PXToolsGridDelete.png HTTP/1.1" 200 357
186.103.159.44 - - [16/Mar/2018:11:04:05 -0300] "GET /cormun//static/Resources/PXToolsRemoveAllAction.png HTTP/1.1" 200 3558
186.103.159.44 - - [16/Mar/2018:11:04:05 -0300] "GET /cormun//static/Resources/PXToolsActionView.png HTTP/1.1" 200 2995
186.103.159.44 - - [16/Mar/2018:11:04:05 -0300] "GET /cormun//static/Resources/PXTools/ActionInsert.png HTTP/1.1" 200 1482
186.79.78.167 - - [16/Mar/2018:11:04:06 -0300] "GET /cormun/servlet/solicitudot?INS,0,0, HTTP/1.1" 200 13391
186.103.159.44 - - [16/Mar/2018:11:05:12 -0300] "POST /cormun/servlet/trsolicitudot?0cf5a4b888350451d27b39d59233c22a,gx-no-cache=1521209064862 HTTP/1.1" 200 4665
186.103.159.44 - - [16/Mar/2018:11:05:13 -0300] "POST /cormun/servlet/trsolicitudot?0cf5a4b888350451d27b39d59233c22a,gx-no-cache=1521209065420 HTTP/1.1" 200 4449
186.103.159.44 - - [16/Mar/2018:11:05:13 -0300] "GET /cormun/static/Shared/jqueryui/images/ui-bg_highlight-soft_100_c6c2c8_1x100.png HTTP/1.1" 404 1117
186.103.159.44 - - [16/Mar/2018:11:05:13 -0300] "GET /cormun/static/Shared/jqueryui/images/ui-icons_82798d_256x240.png HTTP/1.1" 404 1089
186.103.159.44 - - [16/Mar/2018:11:05:13 -0300] "GET /cormun/static/Shared/jqueryui/images/ui-bg_flat_55_fafafa_40x100.png HTTP/1.1" 404 1097
186.103.159.44 - - [16/Mar/2018:11:05:13 -0300] "GET /cormun/static/Shared/jqueryui/images/ui-icons_8d78a5_256x240.png HTTP/1.1" 404 1089
186.103.159.44 - - [16/Mar/2018:11:05:16 -0300] "GET /cormun/servlet/trautorizarsolicitud? HTTP/1.1" 200 8613
186.103.159.44 - - [16/Mar/2018:11:05:16 -0300] "GET /cormun/static/gxcfg.js?2017111423403364 HTTP/1.1" 200 953
186.103.159.44 - - [16/Mar/2018:11:05:16 -0300] "GET /cormun/static/trautorizarsolicitud.js?201711142340425 HTTP/1.1" 200 53910
186.79.78.167 - - [16/Mar/2018:11:05:19 -0300] "POST /cormun/servlet/solicitudot?gx-no-cache=1521209070888 HTTP/1.1" 200 3284
186.79.78.167 - - [16/Mar/2018:11:05:20 -0300] "POST /cormun/servlet/solicitudot?072e081886ca637e3b9afb1fe44f3340,INS,0,0,,gx-no-cache=1521209071695 HTTP/1.1" 200 10251
186.79.78.167 - - [16/Mar/2018:11:05:26 -0300] "GET /cormun/servlet/solicitudot?e6e670e86df47512b560fa3e86217d33b725b2367203a014abd28b867248e660ea77116a657a9a3ea432cfe3f166145a,gx-no-cache=1521209078540 HTTP/1.1" 200 30
200.54.247.70 - - [16/Mar/2018:11:05:30 -0300] "GET /cormun/servlet/solicitudot?86da94daa4fefb5a90ce3e0374d793a3ab7e5d0b2b17a1c14252339e73c2601a94733de1e8e942fa83f9afae4a25e1cdd1783f0baf2384e940680118f20765c6,gx-no-cache=1521209079218 HTTP/1.1" 200 30
200.54.247.70 - - [16/Mar/2018:11:05:30 -0300] "GET /cormun/servlet/solicitudot?86da94daa4fefb5a90ce3e0374d793a304ea2700834d4f3c5ce31bd9b180f4d1,gx-no-cache=1521209080306 HTTP/1.1" 200 51
186.103.159.204 - - [16/Mar/2018:11:05:31 -0300] "GET /cormun/servlet/hlogin HTTP/1.1" 200 1728
186.103.159.204 - - [16/Mar/2018:11:05:31 -0300] "GET /cormun/static/gxtimezone.js?85251 HTTP/1.1" 304 -
186.103.159.204 - - [16/Mar/2018:11:05:31 -0300] "GET /cormun/static/gxcfg.js?20175251213516 HTTP/1.1" 304 -
186.103.159.204 - - [16/Mar/2018:11:05:31 -0300] "GET /cormun/static/messages.spa.js?85251 HTTP/1.1" 304 -
186.103.159.204 - - [16/Mar/2018:11:05:31 -0300] "GET /cormun/servlet/hlogin HTTP/1.1" 200 1733
200.54.247.70 - - [16/Mar/2018:11:05:33 -0300] "POST /cormun/servlet/solicitudot?gx-no-cache=1521209083414 HTTP/1.1" 200 255
200.54.247.70 - - [16/Mar/2018:11:05:33 -0300] "GET /cormun/servlet/solicitudot?86da94daa4fefb5a90ce3e0374d793a3819c65a112e717e3ecb10be62c010b06e9efc06f0cb92444a88671c7fc332b7890d5563c0c4f1bbf79402a051504daba725860d61802a8a53850c61b659447ac9b39bb553429a15058fd3c5b89cc82be20288aa852b6272903305b72912bba8edb42a1434df8e7267279bf44f08c0734ea6098cd4812159dd9a392b799028ab0c0952fd7708cc4d23a05b4a981552119edad03e888d09fe07adb0a80313196fabacd0059645c2eb3bb5f3cb2c1dc59dbd0ee32fb13cbd8e9b0744549b5835e1e1813ae715e213463ba08f5a21a0e345272845fb88691b7498c7f00a4d7fae42b2a65b03c0c39ffb6417c689a733448896dee366fa3c31258a454e69b3a0b35c9de78d5751ecdcf6eab1d8e1ed569e81d62b54a519df059f79ab0b000b2380645fd1d4b6b93b5f54db326a36d9bffa4151e3007503c368e88a13404fd9a6e074e628a5f537be04cc032ed029d604aeaa21a28502128b394bc490e0480aa28d6593159df9e1e47cd0a30f6793d64642e5f,gx-no-cache=1521209083492 HTTP/1.1" 200 30
200.54.247.70 - - [16/Mar/2018:11:05:38 -0300] "POST /cormun/servlet/solicitudot?gx-no-cache=1521209088573 HTTP/1.1" 200 30
200.54.247.70 - - [16/Mar/2018:11:05:40 -0300] "GET /cormun/servlet/prcontratosol?10688062,,,,,MD,,gxPopupLevel%3D0%3B HTTP/1.1" 200 7763
186.103.159.204 - - [16/Mar/2018:11:05:43 -0300] "POST /cormun/servlet/hlogin?43db64710f0ff9d44377aac226591a71,gx-no-cache=1521209085368 HTTP/1.1" 200 90
186.103.159.204 - - [16/Mar/2018:11:05:43 -0300] "GET /cormun/servlet/hpexe_link HTTP/1.1" 200 955
186.103.159.204 - - [16/Mar/2018:11:05:43 -0300] "GET /cormun/static/gxcfg.js?20177612121792 HTTP/1.1" 304 -
186.103.159.204 - - [16/Mar/2018:11:05:43 -0300] "GET /cormun/servlet/hhome HTTP/1.1" 200 3862
186.103.159.204 - - [16/Mar/2018:11:05:43 -0300] "GET /cormun/static/gxcfg.js?20175251212442 HTTP/1.1" 304 -
186.103.159.204 - - [16/Mar/2018:11:05:43 -0300] "GET /cormun/servlet/hhome HTTP/1.1" 200 3859
200.54.247.70 - - [16/Mar/2018:11:05:48 -0300] "POST /cormun/servlet/solicitudot?gx-no-cache=1521209098227 HTTP/1.1" 200 1337
186.103.159.204 - - [16/Mar/2018:11:05:53 -0300] "GET /cormun/servlet/trsolicitudot? HTTP/1.1" 200 7070
186.103.159.204 - - [16/Mar/2018:11:05:53 -0300] "GET /cormun/static/gxcfg.js?2017111422585916 HTTP/1.1" 304 -
186.103.159.204 - - [16/Mar/2018:11:05:53 -0300] "GET /cormun/static/calendar-setup.js?85251 HTTP/1.1" 304 -
186.103.159.204 - - [16/Mar/2018:11:05:53 -0300] "GET /cormun/static/calendar-es.js?85251 HTTP/1.1" 304 -
186.103.159.204 - - [16/Mar/2018:11:05:53 -0300] "GET /cormun/static/calendar.js?85251 HTTP/1.1" 304 -
186.103.159.204 - - [16/Mar/2018:11:05:53 -0300] "GET /cormun/static/gxdec.js?85251 HTTP/1.1" 304 -
200.54.247.70 - - [16/Mar/2018:11:05:53 -0300] "POST /cormun/servlet/solicitudot?gx-no-cache=1521209103807 HTTP/1.1" 200 38
200.54.247.70 - - [16/Mar/2018:11:05:53 -0300] "GET /cormun/servlet/solicitudot?86da94daa4fefb5a90ce3e0374d793a3f312e7fd7b0c74c8ed391f1117f1b5c4b0fe4f3bd25bf08ee8fb74c354974c22692c914352c017441a1d9c87136b517829f988b27030ab695fc2c949a1c64dcdb050efa4b9d289841fff39ae8baa5992804a5d89b6071561adc8bb1a45bf3509460bb32598f415f65271d148bc3a5826cf253f5e799b94d1dc30f9cbf5f5b68ff1bb2b4758400f04378c76622c0f4256,gx-no-cache=1521209103884 HTTP/1.1" 200 29
200.54.247.70 - - [16/Mar/2018:11:05:54 -0300] "POST /cormun/servlet/solicitudot?gx-no-cache=1521209103944 HTTP/1.1" 200 1319
186.103.159.204 - - [16/Mar/2018:11:05:54 -0300] "GET /cormun/servlet/trsolicitudot? HTTP/1.1" 200 7070
200.54.247.70 - - [16/Mar/2018:11:05:56 -0300] "POST /cormun/servlet/solicitudot?gx-no-cache=1521209104137 HTTP/1.1" 200 1218
186.103.159.204 - - [16/Mar/2018:11:05:57 -0300] "GET /cormun/static/menuarrow.gif HTTP/1.1" 404 1015
200.54.247.70 - - [16/Mar/2018:11:05:58 -0300] "GET /cormun/servlet/solicitudot?86da94daa4fefb5a90ce3e0374d793a341f23c88d710fa5a06a64aa9094c31a07f4811422c66af14a2f1f8185e3ed211,gx-no-cache=1521209108783 HTTP/1.1" 200 134
200.54.247.70 - - [16/Mar/2018:11:05:58 -0300] "GET /cormun/static/Shared/jqueryui/images/ui-bg_highlight-soft_100_c6c2c8_1x100.png HTTP/1.1" 404 1117
200.54.247.70 - - [16/Mar/2018:11:05:59 -0300] "GET /cormun/static/Shared/jqueryui/images/ui-icons_82798d_256x240.png HTTP/1.1" 404 1089
200.54.247.70 - - [16/Mar/2018:11:05:59 -0300] "GET /cormun/static/Shared/jqueryui/images/ui-icons_ebccce_256x240.png HTTP/1.1" 404 1089
200.54.247.70 - - [16/Mar/2018:11:05:59 -0300] "GET /cormun/static/Shared/jqueryui/images/ui-bg_flat_55_994d53_40x100.png HTTP/1.1" 404 1097
200.54.247.70 - - [16/Mar/2018:11:06:13 -0300] "POST /cormun/servlet/solicitudot?gx-no-cache=1521209123225 HTTP/1.1" 200 1319
200.54.247.70 - - [16/Mar/2018:11:06:13 -0300] "POST /cormun/servlet/solicitudot?gx-no-cache=1521209123615 HTTP/1.1" 200 1218
200.54.247.70 - - [16/Mar/2018:11:06:14 -0300] "GET /cormun/static/menuarrow.gif HTTP/1.1" 404 1015
200.54.247.70 - - [16/Mar/2018:11:06:15 -0300] "POST /cormun/servlet/solicitudot?gx-no-cache=1521209124967 HTTP/1.1" 200 1319
200.54.247.70 - - [16/Mar/2018:11:06:15 -0300] "POST /cormun/servlet/solicitudot?gx-no-cache=1521209125107 HTTP/1.1" 200 1218
186.103.196.84 - - [16/Mar/2018:11:06:17 -0300] "GET /cormun/servlet/hlogin HTTP/1.1" 200 1724
186.103.196.84 - - [16/Mar/2018:11:06:17 -0300] "GET /cormun/servlet/hlogin HTTP/1.1" 200 1728
192.168.10.96 - - [16/Mar/2018:11:06:17 -0300] "POST /cormun/servlet/trsolicitudgral?f532f42d177a7f7f868e853feb4f7519,,gx-no-cache=1521209012803 HTTP/1.1" 200 13603
186.103.196.84 - - [16/Mar/2018:11:06:17 -0300] "GET /favicon.ico HTTP/1.1" 200 21630
186.103.196.84 - - [16/Mar/2018:11:06:18 -0300] "POST /cormun/servlet/hlogin?81f791eb2d899bbf415dabb533b00c80,gx-no-cache=1521209125117 HTTP/1.1" 200 90
186.103.196.84 - - [16/Mar/2018:11:06:18 -0300] "GET /cormun/servlet/hpexe_link HTTP/1.1" 200 950
186.103.196.84 - - [16/Mar/2018:11:06:19 -0300] "GET /cormun/servlet/hhome HTTP/1.1" 200 4203
186.103.196.84 - - [16/Mar/2018:11:06:19 -0300] "GET /cormun/servlet/hhome HTTP/1.1" 200 4199
186.103.159.44 - - [16/Mar/2018:11:06:21 -0300] "POST /cormun/servlet/trautorizarsolicitud?0cf5a4b888350451d27b39d59233c22a,,gx-no-cache=1521209134114 HTTP/1.1" 200 4598
200.54.247.70 - - [16/Mar/2018:11:06:22 -0300] "GET /cormun/servlet/solicitudot?86da94daa4fefb5a90ce3e0374d793a3cc98fb6aa0649dff8066275e5f6ae6d77f4811422c66af14a2f1f8185e3ed211,gx-no-cache=1521209131953 HTTP/1.1" 200 30
152.231.70.146 - - [16/Mar/2018:11:06:22 -0300] "GET /cormun/servlet/trsolicitudot? HTTP/1.1" 200 7418
186.103.159.44 - - [16/Mar/2018:11:06:22 -0300] "POST /cormun/servlet/trautorizarsolicitud?0cf5a4b888350451d27b39d59233c22a,,gx-no-cache=1521209134587 HTTP/1.1" 200 4383
186.103.159.44 - - [16/Mar/2018:11:06:22 -0300] "GET /cormun/static/Shared/jqueryui/images/ui-bg_highlight-soft_100_c6c2c8_1x100.png HTTP/1.1" 404 1117
152.231.70.146 - - [16/Mar/2018:11:06:22 -0300] "GET /cormun/servlet/trsolicitudot? HTTP/1.1" 200 7417
186.103.159.44 - - [16/Mar/2018:11:06:22 -0300] "GET /cormun/static/Shared/jqueryui/images/ui-bg_flat_55_fafafa_40x100.png HTTP/1.1" 404 1097
186.103.159.44 - - [16/Mar/2018:11:06:22 -0300] "GET /cormun/static/Shared/jqueryui/images/ui-icons_82798d_256x240.png HTTP/1.1" 404 1089
192.168.10.96 - - [16/Mar/2018:11:06:22 -0300] "GET /cormun/servlet/vesolicitudgral?2018,9917,, HTTP/1.1" 200 9269
192.168.10.96 - - [16/Mar/2018:11:06:23 -0300] "GET /cormun/pexe_scrolldiv.js HTTP/1.1" 404 1009
192.168.10.96 - - [16/Mar/2018:11:06:23 -0300] "GET /cormun/pexe_scrolldiv.js HTTP/1.1" 404 1009
186.103.159.44 - - [16/Mar/2018:11:06:23 -0300] "GET /cormun/static/Shared/jqueryui/images/ui-icons_8d78a5_256x240.png HTTP/1.1" 404 1089
192.168.10.96 - - [16/Mar/2018:11:06:23 -0300] "GET /cormun/servlet/vesolicitudgral?2018,9917,, HTTP/1.1" 200 9268
186.67.84.236 - - [16/Mar/2018:11:06:26 -0300] "GET /cormun/servlet/solicitudot?INS,0,0, HTTP/1.1" 200 13653
186.67.84.236 - - [16/Mar/2018:11:06:27 -0300] "GET /cormun/servlet/solicitudot?INS,0,0, HTTP/1.1" 200 13658
200.54.18.125 - - [16/Mar/2018:11:06:30 -0300] "GET /cormun/servlet/trsolicitudot? HTTP/1.1" 200 7418
200.54.18.125 - - [16/Mar/2018:11:06:30 -0300] "GET /cormun/servlet/trsolicitudot? HTTP/1.1" 200 7417
152.231.70.146 - - [16/Mar/2018:11:06:37 -0300] "POST /cormun/servlet/trsolicitudot?81f791eb2d899bbf415dabb533b00c80,,gx-no-cache=1521209143646 HTTP/1.1" 200 5789
200.54.247.70 - - [16/Mar/2018:11:06:38 -0300] "POST /cormun/servlet/solicitudot?gx-no-cache=1521209148561 HTTP/1.1" 200 33
200.54.247.70 - - [16/Mar/2018:11:06:39 -0300] "POST /cormun/servlet/solicitudot?b3a60b372b95aa3c34641d52a9c9f1ce,INS,0,0,,gx-no-cache=1521209148898 HTTP/1.1" 200 93
200.54.247.70 - - [16/Mar/2018:11:06:39 -0300] "GET /cormun/servlet/hpexe_return? HTTP/1.1" 200 1009
200.54.247.70 - - [16/Mar/2018:11:06:40 -0300] "GET /cormun/servlet/trsolicitudot HTTP/1.1" 200 8817
152.231.70.146 - - [16/Mar/2018:11:06:42 -0300] "POST /cormun/servlet/trsolicitudot?81f791eb2d899bbf415dabb533b00c80,,gx-no-cache=1521209148253 HTTP/1.1" 200 5789
200.54.247.70 - - [16/Mar/2018:11:06:49 -0300] "POST /cormun/servlet/trsolicitudot?b3a60b372b95aa3c34641d52a9c9f1ce,gx-no-cache=1521209159445 HTTP/1.1" 200 106
200.54.247.70 - - [16/Mar/2018:11:06:49 -0300] "GET /cormun/servlet/solicitudot?UPD,2018,10560, HTTP/1.1" 200 15464
152.231.70.146 - - [16/Mar/2018:11:06:50 -0300] "POST /cormun/servlet/trsolicitudot?81f791eb2d899bbf415dabb533b00c80,,gx-no-cache=1521209155677 HTTP/1.1" 200 4472
200.54.247.70 - - [16/Mar/2018:11:06:52 -0300] "POST /cormun/servlet/solicitudot?gx-no-cache=1521209162743 HTTP/1.1" 200 3411
186.79.78.167 - - [16/Mar/2018:11:06:53 -0300] "GET /cormun/servlet/solicitudot?e6e670e86df47512b560fa3e86217d33c6ab3eaace31e07377b9a2f6cf3f75ef,gx-no-cache=1521209165046 HTTP/1.1" 200 94
186.79.78.167 - - [16/Mar/2018:11:06:53 -0300] "GET /cormun/static/Shared/jqueryui/images/ui-bg_highlight-soft_100_c6c2c8_1x100.png HTTP/1.1" 404 1117
186.79.78.167 - - [16/Mar/2018:11:06:53 -0300] "GET /cormun/static/Shared/jqueryui/images/ui-icons_82798d_256x240.png HTTP/1.1" 404 1089
186.79.78.167 - - [16/Mar/2018:11:06:53 -0300] "GET /cormun/static/Shared/jqueryui/images/ui-bg_flat_55_994d53_40x100.png HTTP/1.1" 404 1097
186.79.78.167 - - [16/Mar/2018:11:06:53 -0300] "GET /cormun/static/Shared/jqueryui/images/ui-icons_ebccce_256x240.png HTTP/1.1" 404 1089
200.54.247.70 - - [16/Mar/2018:11:06:54 -0300] "POST /cormun/servlet/solicitudot?b3a60b372b95aa3c34641d52a9c9f1ce,UPD,2018,10560,,gx-no-cache=1521209163127 HTTP/1.1" 200 11715
200.54.247.70 - - [16/Mar/2018:11:06:54 -0300] "GET /cormun/servlet/solicitudot?86da94daa4fefb5a90ce3e0374d793a3009b806d32e2b5e80443b664fb1469966641b3ed711a8eb4b889c4a8efcf31f1,gx-no-cache=1521209164329 HTTP/1.1" 200 30
200.54.247.70 - - [16/Mar/2018:11:06:54 -0300] "GET /cormun/servlet/solicitudot?86da94daa4fefb5a90ce3e0374d793a3ab7e5d0b2b17a1c14252339e73c2601a94733de1e8e942fa83f9afae4a25e1cd771eb322f951d0e3a25b54d321dc880c,gx-no-cache=1521209164432 HTTP/1.1" 200 30
200.54.247.70 - - [16/Mar/2018:11:06:54 -0300] "GET /cormun/servlet/solicitudot?86da94daa4fefb5a90ce3e0374d793a30dcb171879cec7a8a94f17daca9b6198292374b0ffee06a4a3a689a15597d14b470281944dae37becf628608f3d68c5b,gx-no-cache=1521209164492 HTTP/1.1" 200 51
200.54.247.70 - - [16/Mar/2018:11:06:55 -0300] "POST /cormun/servlet/solicitudot?gx-no-cache=1521209165591 HTTP/1.1" 200 256
200.54.247.70 - - [16/Mar/2018:11:06:56 -0300] "GET /cormun/servlet/solicitudot?86da94daa4fefb5a90ce3e0374d793a3819c65a112e717e3ecb10be62c010b06e9efc06f0cb92444a88671c7fc332b7890d5563c0c4f1bbf79402a051504daba725860d61802a8a53850c61b659447ac9b39bb553429a15058fd3c5b89cc82be20288aa852b6272903305b72912bba8edb42a1434df8e7267279bf44f08c0734ea6098cd4812159dd9a392b799028ab0c0952fd7708cc4d23a05b4a981552119edad03e888d09fe07adb0a80313196fabacd0059645c2eb3bb5f3cb2c1dc59dbd0ee32fb13cbd8e9b0744549b5835e1e1813ae715e213463ba08f5a21a0e345272845fb88691b7498c7f00a4d7fae42b2a65b03c0c39ffb6417c689a733448896dee366fa3c31258a454e69b3a0b35c9de78d5751ecdcf6eab1d8e1ed569e81d62b54a519df059f79ab0b000b2380645fd1d4b6b93b5f54db326a36d9bffa4151e3007503c368e88a13404fd9a6e074e628a5f537be04cc032ed029d604aeaa21a28502128b394bc490e0480aa28d659c8ba6055859e4edb312b0b59dd3c99d7,gx-no-cache=1521209166613 HTTP/1.1" 200 30
200.54.247.70 - - [16/Mar/2018:11:06:56 -0300] "POST /cormun/servlet/solicitudot?gx-no-cache=1521209166668 HTTP/1.1" 200 30
200.54.247.70 - - [16/Mar/2018:11:06:57 -0300] "POST /cormun/servlet/solicitudot?gx-no-cache=1521209166739 HTTP/1.1" 200 1337
200.54.247.70 - - [16/Mar/2018:11:06:57 -0300] "POST /cormun/servlet/solicitudot?gx-no-cache=1521209167481 HTTP/1.1" 200 41
152.231.70.146 - - [16/Mar/2018:11:06:59 -0300] "POST /cormun/servlet/trsolicitudot?81f791eb2d899bbf415dabb533b00c80,,gx-no-cache=1521209165540 HTTP/1.1" 200 4470
186.79.78.167 - - [16/Mar/2018:11:07:00 -0300] "GET /cormun/servlet/solicitudot?e6e670e86df47512b560fa3e86217d33759c8bfafa2b70514c7a7d9117f2d267,gx-no-cache=1521209172087 HTTP/1.1" 200 53
200.54.247.70 - - [16/Mar/2018:11:07:00 -0300] "GET /cormun/servlet/solicitudot?86da94daa4fefb5a90ce3e0374d793a3c94c19c91f99aa0b4c619b71c89c70b08b28660bfafb6868404970b10662077240f6422cc889fab6fad09ddd83ca18a17125585bb7f5cd27c1ed869c7fa9c5d39ea01221f03a57a7610cee3002e6bed69c4d24fcb6c1ed0fc1a6c4e8a4f358c71837488700e4bfdac0c0aaf6a6f654760862e88d2971e5251d54c2ea8daccbd89af593811d4d7dd03bdc9e6ff70a3e3c,gx-no-cache=1521209170429 HTTP/1.1" 200 29
200.54.247.70 - - [16/Mar/2018:11:07:00 -0300] "POST /cormun/servlet/solicitudot?gx-no-cache=1521209170496 HTTP/1.1" 200 1319
200.54.247.70 - - [16/Mar/2018:11:07:00 -0300] "POST /cormun/servlet/solicitudot?gx-no-cache=1521209170589 HTTP/1.1" 200 1218
200.54.247.70 - - [16/Mar/2018:11:07:00 -0300] "GET /cormun/servlet/solicitudot?86da94daa4fefb5a90ce3e0374d793a3cc98fb6aa0649dff8066275e5f6ae6d77f4811422c66af14a2f1f8185e3ed211,gx-no-cache=1521209170911 HTTP/1.1" 200 30
200.54.247.70 - - [16/Mar/2018:11:07:02 -0300] "POST /cormun/servlet/solicitudot?gx-no-cache=1521209172415 HTTP/1.1" 200 33
200.54.247.70 - - [16/Mar/2018:11:07:31 -0300] "POST /cormun/servlet/solicitudot?b3a60b372b95aa3c34641d52a9c9f1ce,UPD,2018,10560,,gx-no-cache=1521209201053 HTTP/1.1" 200 93
200.54.247.70 - - [16/Mar/2018:11:07:31 -0300] "GET /cormun/servlet/hpexe_return? HTTP/1.1" 200 1015
200.54.247.70 - - [16/Mar/2018:11:07:32 -0300] "GET /cormun/servlet/trsolicitudot HTTP/1.1" 200 8817
200.54.247.70 - - [16/Mar/2018:11:07:41 -0300] "POST /cormun/servlet/trsolicitudot?b3a60b372b95aa3c34641d52a9c9f1ce,gx-no-cache=1521209211777 HTTP/1.1" 200 4665
200.54.247.70 - - [16/Mar/2018:11:07:42 -0300] "POST /cormun/servlet/trsolicitudot?b3a60b372b95aa3c34641d52a9c9f1ce,gx-no-cache=1521209212193 HTTP/1.1" 200 4450
200.54.247.70 - - [16/Mar/2018:11:07:42 -0300] "GET /cormun/static/Shared/jqueryui/images/ui-bg_highlight-soft_100_c6c2c8_1x100.png HTTP/1.1" 404 1117
200.54.247.70 - - [16/Mar/2018:11:07:42 -0300] "GET /cormun/static/Shared/jqueryui/images/ui-icons_8d78a5_256x240.png HTTP/1.1" 404 1089
200.54.247.70 - - [16/Mar/2018:11:07:42 -0300] "GET /cormun/static/Shared/jqueryui/images/ui-bg_flat_55_fafafa_40x100.png HTTP/1.1" 404 1097
200.54.247.70 - - [16/Mar/2018:11:07:42 -0300] "GET /cormun/static/Shared/jqueryui/images/ui-icons_82798d_256x240.png HTTP/1.1" 404 1089
200.54.247.70 - - [16/Mar/2018:11:07:45 -0300] "GET /cormun/servlet/trautorizarsolicitud? HTTP/1.1" 200 8707
200.54.247.70 - - [16/Mar/2018:11:07:49 -0300] "POST /cormun/servlet/trautorizarsolicitud?b3a60b372b95aa3c34641d52a9c9f1ce,,gx-no-cache=1521209218449 HTTP/1.1" 200 4596
200.54.247.70 - - [16/Mar/2018:11:07:50 -0300] "POST /cormun/servlet/trautorizarsolicitud?b3a60b372b95aa3c34641d52a9c9f1ce,,gx-no-cache=1521209219690 HTTP/1.1" 200 4385
200.54.247.70 - - [16/Mar/2018:11:07:50 -0300] "GET /cormun/static/Shared/jqueryui/images/ui-bg_highlight-soft_100_c6c2c8_1x100.png HTTP/1.1" 404 1117
200.54.247.70 - - [16/Mar/2018:11:07:50 -0300] "GET /cormun/static/Shared/jqueryui/images/ui-icons_8d78a5_256x240.png HTTP/1.1" 404 1089
200.54.247.70 - - [16/Mar/2018:11:07:50 -0300] "GET /cormun/static/Shared/jqueryui/images/ui-bg_flat_55_fafafa_40x100.png HTTP/1.1" 404 1097
200.54.247.70 - - [16/Mar/2018:11:07:50 -0300] "GET /cormun/static/Shared/jqueryui/images/ui-icons_82798d_256x240.png HTTP/1.1" 404 1089
200.54.247.70 - - [16/Mar/2018:11:07:54 -0300] "GET /cormun/servlet/trsolicitudot? HTTP/1.1" 200 7452
200.54.247.70 - - [16/Mar/2018:11:07:56 -0300] "GET /cormun/servlet/solicitudot?INS,0,0, HTTP/1.1" 200 13679
200.54.247.70 - - [16/Mar/2018:11:08:12 -0300] "POST /cormun/servlet/solicitudot?gx-no-cache=1521209237496 HTTP/1.1" 200 3397
200.54.247.70 - - [16/Mar/2018:11:08:12 -0300] "POST /cormun/servlet/solicitudot?b3a60b372b95aa3c34641d52a9c9f1ce,INS,0,0,,gx-no-cache=1521209242440 HTTP/1.1" 200 10567
200.54.247.70 - - [16/Mar/2018:11:08:21 -0300] "GET /cormun/servlet/solicitudot?86da94daa4fefb5a90ce3e0374d793a3eebd795d934edb2fd4682253f1e541c8d07b4fcb169c56babb56cd08683c2449,gx-no-cache=1521209250924 HTTP/1.1" 200 30
200.54.247.70 - - [16/Mar/2018:11:08:21 -0300] "GET /cormun/servlet/solicitudot?86da94daa4fefb5a90ce3e0374d793a35cb6643f25359685e45cb029e6da13eef6c04aa95d4a79c6e8a762f943e02450,gx-no-cache=1521209250988 HTTP/1.1" 200 30
200.54.247.70 - - [16/Mar/2018:11:08:21 -0300] "GET /cormun/servlet/solicitudot?86da94daa4fefb5a90ce3e0374d793a304ea2700834d4f3c5ce31bd9b180f4d1,gx-no-cache=1521209251057 HTTP/1.1" 200 51
200.54.247.70 - - [16/Mar/2018:11:08:21 -0300] "POST /cormun/servlet/solicitudot?gx-no-cache=1521209251126 HTTP/1.1" 200 255
200.54.247.70 - - [16/Mar/2018:11:08:21 -0300] "GET /cormun/servlet/solicitudot?86da94daa4fefb5a90ce3e0374d793a3819c65a112e717e3ecb10be62c010b06e9efc06f0cb92444a88671c7fc332b7890d5563c0c4f1bbf79402a051504daba725860d61802a8a53850c61b659447ac9b39bb553429a15058fd3c5b89cc82be20288aa852b6272903305b72912bba8edb42a1434df8e7267279bf44f08c0734ea6098cd4812159dd9a392b799028ab0c0952fd7708cc4d23a05b4a981552119edad03e888d09fe07adb0a80313196fabacd0059645c2eb3bb5f3cb2c1dc59dbd0ee32fb13cbd8e9b0744549b5835e1e1813ae715e213463ba08f5a21a0e345272845fb88691b7498c7f00a4d7fae42b2a65b03c0c39ffb6417c689a733448896dee366fa3c31258a454e69b3a0b35c9de78d5751ecdcf6eab1d8e1ed569e81d62b54a519df059f79ab0b000b2380645fd1d4b6b93b5f54db326a36d9bffa4151e3007503c368e88a13404fd9a6e074e628a5f537be04cc032ed029d604aeaa21a28502128b394bc490e0480aa28d6593159df9e1e47cd0a30f6793d64642e5f,gx-no-cache=1521209251442 HTTP/1.1" 200 30
