186.103.159.230 - - [16/Mar/2018:09:43:31 -0300] "GET /cormun/static/Resources/PXTools/calendar.png HTTP/1.1" 200 1306
186.103.159.230 - - [16/Mar/2018:09:43:31 -0300] "GET /cormun/static/Resources/PXToolsDataSearch.png HTTP/1.1" 200 419
186.103.159.230 - - [16/Mar/2018:09:43:31 -0300] "GET /cormun/static/Resources/PXToolsGridFirstDisabled.gif HTTP/1.1" 200 100
186.103.159.230 - - [16/Mar/2018:09:43:31 -0300] "GET /cormun/static/Resources/PXToolsGridPreviousDisabled.gif HTTP/1.1" 200 90
186.103.159.230 - - [16/Mar/2018:09:43:31 -0300] "GET /cormun/static/Resources/PXToolsGridNextDisabled.gif HTTP/1.1" 200 90
186.103.159.230 - - [16/Mar/2018:09:43:31 -0300] "GET /cormun/static/Resources/PXToolsGridLastDisabled.gif HTTP/1.1" 200 98
186.103.159.230 - - [16/Mar/2018:09:43:31 -0300] "GET /cormun/static/Resources/PXToolsGridPage.gif HTTP/1.1" 200 725
186.103.159.230 - - [16/Mar/2018:09:43:31 -0300] "GET /cormun/static/Resources/PXToolsGridNew.png HTTP/1.1" 200 2949
186.103.159.230 - - [16/Mar/2018:09:43:31 -0300] "GET /cormun/static/Resources/PXToolsActionExcel.png HTTP/1.1" 200 3187
186.103.159.230 - - [16/Mar/2018:09:43:31 -0300] "GET /cormun/static/Resources/asc.gif HTTP/1.1" 200 67
186.103.159.230 - - [16/Mar/2018:09:43:31 -0300] "GET /cormun/static/Resources/desc.gif HTTP/1.1" 200 65
186.103.159.230 - - [16/Mar/2018:09:43:31 -0300] "GET /cormun/servlet/trpermisosgoce? HTTP/1.1" 200 7054
186.103.159.230 - - [16/Mar/2018:09:43:31 -0300] "GET /cormun/static/Shared/ext/resources/themes/images/default/panel/bg-headersPanel.png HTTP/1.1" 200 255
186.103.159.230 - - [16/Mar/2018:09:43:31 -0300] "GET /cormun/static/Shared/ext/resources/themes/images/default/tools/tool-sprites.gif HTTP/1.1" 200 5434
186.103.159.46 - - [16/Mar/2018:09:43:38 -0300] "GET /cormun/servlet/solicitudot?0b8369a55953ce8842e60b23f66295ad97bf116b0d869f884ece70d8774dc7d4a50b4214a919a4e21a069e9a153eab0b,gx-no-cache=1521204168377 HTTP/1.1" 200 30
186.103.159.46 - - [16/Mar/2018:09:43:38 -0300] "POST /cormun/servlet/solicitudot?gx-no-cache=1521204168467 HTTP/1.1" 200 33
186.103.159.46 - - [16/Mar/2018:09:43:39 -0300] "POST /cormun/servlet/solicitudot?4bcb03f13a4136b835defc341917f84f,INS,0,0,,gx-no-cache=1521204168580 HTTP/1.1" 200 93
186.103.159.46 - - [16/Mar/2018:09:43:39 -0300] "GET /cormun/servlet/hpexe_return? HTTP/1.1" 200 1001
186.103.159.46 - - [16/Mar/2018:09:43:40 -0300] "GET /cormun/servlet/trsolicitudot HTTP/1.1" 200 9453
186.103.159.46 - - [16/Mar/2018:09:43:41 -0300] "GET /cormun/servlet/trsolicitudot HTTP/1.1" 200 9449
186.103.159.230 - - [16/Mar/2018:09:43:41 -0300] "GET /cormun/servlet/permisogoce?INS,0,,, HTTP/1.1" 200 6982
186.103.159.230 - - [16/Mar/2018:09:43:42 -0300] "GET /cormun/static/gxcfg.js?201776126440 HTTP/1.1" 200 953
186.103.159.230 - - [16/Mar/2018:09:43:42 -0300] "GET /cormun/static/permisogoce.js?2017761264459 HTTP/1.1" 200 27897
186.103.159.230 - - [16/Mar/2018:09:43:42 -0300] "GET /cormun/static/Resources/prompt.gif HTTP/1.1" 200 902
186.103.159.230 - - [16/Mar/2018:09:43:42 -0300] "GET /cormun/servlet/permisogoce?INS,0,,, HTTP/1.1" 200 6982
186.103.159.230 - - [16/Mar/2018:09:43:45 -0300] "GET /cormun/static/Resources/resize.gif HTTP/1.1" 200 77
186.103.159.230 - - [16/Mar/2018:09:43:46 -0300] "GET /cormun/servlet/prfichaempleado?,MD,,gxPopupLevel%3D0%3B HTTP/1.1" 200 9299
186.103.159.230 - - [16/Mar/2018:09:43:46 -0300] "GET /cormun/static/hmpwkw011.js?20177612121862 HTTP/1.1" 200 1968
186.103.159.230 - - [16/Mar/2018:09:43:46 -0300] "GET /cormun/static/gxcfg.js?20177612134814 HTTP/1.1" 200 953
186.103.159.230 - - [16/Mar/2018:09:43:46 -0300] "GET /cormun/static/prfichaempleado.js?20177612134999 HTTP/1.1" 200 16006
186.103.159.230 - - [16/Mar/2018:09:43:46 -0300] "GET /cormun/static/menusearch.js?201610171694467 HTTP/1.1" 200 1424
186.103.159.230 - - [16/Mar/2018:09:43:46 -0300] "GET /cormun/static/Resources/PXToolsMenuSearch.png HTTP/1.1" 200 2914
186.103.159.230 - - [16/Mar/2018:09:43:46 -0300] "GET /cormun/static/Resources/PXToolsMenuSearchCancel.png HTTP/1.1" 200 2972
186.103.159.230 - - [16/Mar/2018:09:44:08 -0300] "POST /cormun/servlet/prfichaempleado?921439b401ec18f7150f45244ce15246,,MD,,gxPopupLevel%3D0%3B,gx-no-cache=1521204205582 HTTP/1.1" 200 3413
186.103.159.230 - - [16/Mar/2018:09:44:16 -0300] "GET /cormun/servlet/permisogoce?97e8cf127b3c53b5d74a3c9a3e0d7a41ef31c2e8514d32c2170520490af6118877943a072b59c293b7dbabe3b9ed8310,gx-no-cache=1521204213089 HTTP/1.1" 200 82
186.103.159.46 - - [16/Mar/2018:09:44:35 -0300] "GET /cormun/servlet/trautorizarsolicitud? HTTP/1.1" 200 7145
186.103.159.46 - - [16/Mar/2018:09:44:36 -0300] "GET /cormun/servlet/trautorizarsolicitud? HTTP/1.1" 200 7145
192.168.10.61 - - [16/Mar/2018:09:44:36 -0300] "POST /cormun/servlet/vesolicitudgral?0983af8861c915ecd8bb95a07de0044b,2018,10416,,,gx-no-cache=1521204111689 HTTP/1.1" 200 12009
192.168.10.61 - - [16/Mar/2018:09:44:38 -0300] "POST /cormun/servlet/vesolicitudgral?0983af8861c915ecd8bb95a07de0044b,2018,10416,,,gx-no-cache=1521204113469 HTTP/1.1" 200 93
192.168.10.61 - - [16/Mar/2018:09:44:38 -0300] "GET /cormun/servlet/hpexe_return? HTTP/1.1" 200 1034
192.168.10.61 - - [16/Mar/2018:09:44:38 -0300] "GET /cormun/servlet/trsolicitudgral?gx-no-cache=1521203854745 HTTP/1.1" 200 10636
192.168.10.61 - - [16/Mar/2018:09:44:38 -0300] "GET /cormun/servlet/trsolicitudgral?gx-no-cache=1521203854745 HTTP/1.1" 200 10653
192.168.10.61 - - [16/Mar/2018:09:44:44 -0300] "POST /cormun/servlet/trsolicitudgral?0983af8861c915ecd8bb95a07de0044b,gx-no-cache=1521203854745,gx-no-cache=1521204119498 HTTP/1.1" 200 7614
192.168.10.61 - - [16/Mar/2018:09:44:44 -0300] "GET /cormun/static/Shared/jqueryui/images/ui-bg_highlight-soft_100_c6c2c8_1x100.png HTTP/1.1" 404 1117
192.168.10.61 - - [16/Mar/2018:09:44:44 -0300] "GET /cormun/static/Shared/jqueryui/images/ui-icons_82798d_256x240.png HTTP/1.1" 404 1089
192.168.10.61 - - [16/Mar/2018:09:44:44 -0300] "GET /cormun/static/Shared/jqueryui/images/ui-icons_8d78a5_256x240.png HTTP/1.1" 404 1089
192.168.10.61 - - [16/Mar/2018:09:44:44 -0300] "GET /cormun/static/Shared/jqueryui/images/ui-bg_flat_55_fafafa_40x100.png HTTP/1.1" 404 1097
192.168.10.61 - - [16/Mar/2018:09:45:03 -0300] "POST /cormun/servlet/trsolicitudgral?0983af8861c915ecd8bb95a07de0044b,gx-no-cache=1521203854745,gx-no-cache=1521204138921 HTTP/1.1" 200 11324
192.168.10.61 - - [16/Mar/2018:09:45:14 -0300] "GET /cormun/servlet/vesolicitudgral?2018,9129,, HTTP/1.1" 200 9097
192.168.10.61 - - [16/Mar/2018:09:45:14 -0300] "GET /cormun/pexe_scrolldiv.js HTTP/1.1" 404 1009
192.168.10.61 - - [16/Mar/2018:09:45:14 -0300] "GET /cormun/pexe_scrolldiv.js HTTP/1.1" 404 1009
192.168.10.61 - - [16/Mar/2018:09:45:14 -0300] "GET /cormun/servlet/vesolicitudgral?2018,9129,, HTTP/1.1" 200 9076
192.168.10.61 - - [16/Mar/2018:09:45:16 -0300] "POST /cormun/servlet/vesolicitudgral?0983af8861c915ecd8bb95a07de0044b,2018,9129,,,gx-no-cache=1521204151408 HTTP/1.1" 200 12026
192.168.10.61 - - [16/Mar/2018:09:45:16 -0300] "GET /cormun/static/Shared/jqueryui/images/ui-bg_highlight-soft_100_c6c2c8_1x100.png HTTP/1.1" 404 1117
192.168.10.61 - - [16/Mar/2018:09:45:16 -0300] "GET /cormun/static/Shared/jqueryui/images/ui-icons_82798d_256x240.png HTTP/1.1" 404 1089
192.168.10.61 - - [16/Mar/2018:09:45:16 -0300] "GET /cormun/static/Shared/jqueryui/images/ui-bg_flat_55_fafafa_40x100.png HTTP/1.1" 404 1097
192.168.10.61 - - [16/Mar/2018:09:45:16 -0300] "GET /cormun/static/Shared/jqueryui/images/ui-icons_8d78a5_256x240.png HTTP/1.1" 404 1089
192.168.10.61 - - [16/Mar/2018:09:45:16 -0300] "POST /cormun/servlet/vesolicitudgral?0983af8861c915ecd8bb95a07de0044b,2018,9129,,,gx-no-cache=1521204151637 HTTP/1.1" 200 11961
192.168.10.61 - - [16/Mar/2018:09:45:20 -0300] "POST /cormun/servlet/vesolicitudgral?0983af8861c915ecd8bb95a07de0044b,2018,9129,,,gx-no-cache=1521204155546 HTTP/1.1" 200 93
192.168.10.61 - - [16/Mar/2018:09:45:20 -0300] "GET /cormun/servlet/hpexe_return? HTTP/1.1" 200 1034
192.168.10.61 - - [16/Mar/2018:09:45:20 -0300] "GET /cormun/servlet/trsolicitudgral?gx-no-cache=1521203854745 HTTP/1.1" 200 14376
186.103.159.46 - - [16/Mar/2018:09:45:20 -0300] "POST /cormun/servlet/trsolicitudot?4bcb03f13a4136b835defc341917f84f,gx-no-cache=1521204269693 HTTP/1.1" 200 6361
186.103.159.46 - - [16/Mar/2018:09:45:20 -0300] "GET /cormun/static/Shared/jqueryui/images/ui-bg_highlight-soft_100_c6c2c8_1x100.png HTTP/1.1" 404 1117
186.103.159.46 - - [16/Mar/2018:09:45:20 -0300] "GET /cormun/static/Shared/jqueryui/images/ui-icons_82798d_256x240.png HTTP/1.1" 404 1089
186.103.159.46 - - [16/Mar/2018:09:45:20 -0300] "GET /cormun/static/Shared/jqueryui/images/ui-bg_flat_55_fafafa_40x100.png HTTP/1.1" 404 1097
186.103.159.46 - - [16/Mar/2018:09:45:20 -0300] "GET /cormun/static/Shared/jqueryui/images/ui-icons_8d78a5_256x240.png HTTP/1.1" 404 1089
192.168.10.61 - - [16/Mar/2018:09:45:20 -0300] "GET /cormun/servlet/trsolicitudgral?gx-no-cache=1521203854745 HTTP/1.1" 200 14393
186.103.159.46 - - [16/Mar/2018:09:45:21 -0300] "POST /cormun/servlet/trsolicitudot?4bcb03f13a4136b835defc341917f84f,gx-no-cache=1521204270285 HTTP/1.1" 200 6302
186.103.159.46 - - [16/Mar/2018:09:45:22 -0300] "POST /cormun/servlet/trsolicitudot?4bcb03f13a4136b835defc341917f84f,gx-no-cache=1521204271898 HTTP/1.1" 200 5911
186.103.159.46 - - [16/Mar/2018:09:45:22 -0300] "POST /cormun/servlet/trsolicitudot?4bcb03f13a4136b835defc341917f84f,gx-no-cache=1521204272312 HTTP/1.1" 200 5856
192.168.10.61 - - [16/Mar/2018:09:45:24 -0300] "GET /cormun/servlet/vesolicitudgral?2018,9129,, HTTP/1.1" 200 9105
192.168.10.61 - - [16/Mar/2018:09:45:24 -0300] "GET /cormun/pexe_scrolldiv.js HTTP/1.1" 404 1009
192.168.10.61 - - [16/Mar/2018:09:45:24 -0300] "GET /cormun/pexe_scrolldiv.js HTTP/1.1" 404 1009
192.168.10.61 - - [16/Mar/2018:09:45:24 -0300] "GET /cormun/servlet/vesolicitudgral?2018,9129,, HTTP/1.1" 200 9085
186.103.159.46 - - [16/Mar/2018:09:45:25 -0300] "POST /cormun/servlet/trsolicitudot?4bcb03f13a4136b835defc341917f84f,gx-no-cache=1521204274104 HTTP/1.1" 200 4693
186.103.159.46 - - [16/Mar/2018:09:45:26 -0300] "POST /cormun/servlet/trsolicitudot?4bcb03f13a4136b835defc341917f84f,gx-no-cache=1521204275005 HTTP/1.1" 200 4444
186.103.159.230 - - [16/Mar/2018:09:45:29 -0300] "GET /cormun/servlet/permisogoce?97e8cf127b3c53b5d74a3c9a3e0d7a4105920067f6aab41a9bf6e9ac6d06d552dd82010bb62531e81eb8437997699290070b44dc9b401b7aa61f9faca637f666,gx-no-cache=1521204286981 HTTP/1.1" 200 47
192.168.10.61 - - [16/Mar/2018:09:45:30 -0300] "POST /cormun/servlet/vesolicitudgral?0983af8861c915ecd8bb95a07de0044b,2018,9129,,,gx-no-cache=1521204165880 HTTP/1.1" 200 12011
192.168.10.61 - - [16/Mar/2018:09:45:30 -0300] "GET /cormun/static/Shared/jqueryui/images/ui-icons_82798d_256x240.png HTTP/1.1" 404 1089
192.168.10.61 - - [16/Mar/2018:09:45:30 -0300] "GET /cormun/static/Shared/jqueryui/images/ui-bg_highlight-soft_100_c6c2c8_1x100.png HTTP/1.1" 404 1117
192.168.10.61 - - [16/Mar/2018:09:45:30 -0300] "GET /cormun/static/Shared/jqueryui/images/ui-bg_flat_55_fafafa_40x100.png HTTP/1.1" 404 1097
192.168.10.61 - - [16/Mar/2018:09:45:30 -0300] "GET /cormun/static/Shared/jqueryui/images/ui-icons_8d78a5_256x240.png HTTP/1.1" 404 1089
200.54.247.70 - - [16/Mar/2018:09:45:32 -0300] "POST /cormun/servlet/solicitudot?gx-no-cache=1521204281438 HTTP/1.1" 200 3284
200.54.247.70 - - [16/Mar/2018:09:45:33 -0300] "POST /cormun/servlet/solicitudot?e807a4be604ab9639380fc95aee8a784,INS,0,0,,gx-no-cache=1521204282795 HTTP/1.1" 200 10179
192.168.10.61 - - [16/Mar/2018:09:45:34 -0300] "POST /cormun/servlet/vesolicitudgral?0983af8861c915ecd8bb95a07de0044b,2018,9129,,,gx-no-cache=1521204170282 HTTP/1.1" 200 93
192.168.10.61 - - [16/Mar/2018:09:45:34 -0300] "GET /cormun/servlet/hpexe_return? HTTP/1.1" 200 1034
192.168.10.61 - - [16/Mar/2018:09:45:35 -0300] "GET /cormun/servlet/trsolicitudgral?gx-no-cache=1521203854745 HTTP/1.1" 200 14376
192.168.10.61 - - [16/Mar/2018:09:45:35 -0300] "GET /cormun/servlet/trsolicitudgral?gx-no-cache=1521203854745 HTTP/1.1" 200 14393
186.103.159.46 - - [16/Mar/2018:09:45:37 -0300] "POST /cormun/servlet/trautorizarsolicitud?4bcb03f13a4136b835defc341917f84f,,gx-no-cache=1521204286705 HTTP/1.1" 200 4388
200.54.247.70 - - [16/Mar/2018:09:45:39 -0300] "GET /cormun/servlet/solicitudot?2ca7b1d6b3de15b4c52427e5fb2e49151a8f2700f6e4162f0e8798f9e79cc53e2446af5937347979548b8cb83c06d9a6,gx-no-cache=1521204289689 HTTP/1.1" 200 30
192.168.10.61 - - [16/Mar/2018:09:45:41 -0300] "GET /cormun/servlet/vesolicitudgral?2018,9129,, HTTP/1.1" 200 9105
192.168.10.61 - - [16/Mar/2018:09:45:41 -0300] "GET /cormun/pexe_scrolldiv.js HTTP/1.1" 404 1009
192.168.10.61 - - [16/Mar/2018:09:45:41 -0300] "GET /cormun/pexe_scrolldiv.js HTTP/1.1" 404 1009
192.168.10.61 - - [16/Mar/2018:09:45:41 -0300] "GET /cormun/servlet/vesolicitudgral?2018,9129,, HTTP/1.1" 200 9085
186.103.159.46 - - [16/Mar/2018:09:45:42 -0300] "POST /cormun/servlet/trautorizarsolicitud?4bcb03f13a4136b835defc341917f84f,,gx-no-cache=1521204291373 HTTP/1.1" 200 6601
192.168.10.61 - - [16/Mar/2018:09:45:42 -0300] "POST /cormun/servlet/vesolicitudgral?0983af8861c915ecd8bb95a07de0044b,2018,9129,,,gx-no-cache=1521204178249 HTTP/1.1" 200 12011
192.168.10.61 - - [16/Mar/2018:09:45:43 -0300] "GET /cormun/static/Shared/jqueryui/images/ui-icons_82798d_256x240.png HTTP/1.1" 404 1089
192.168.10.61 - - [16/Mar/2018:09:45:43 -0300] "GET /cormun/static/Shared/jqueryui/images/ui-bg_highlight-soft_100_c6c2c8_1x100.png HTTP/1.1" 404 1117
192.168.10.61 - - [16/Mar/2018:09:45:43 -0300] "GET /cormun/static/Shared/jqueryui/images/ui-bg_flat_55_fafafa_40x100.png HTTP/1.1" 404 1097
192.168.10.61 - - [16/Mar/2018:09:45:43 -0300] "GET /cormun/static/Shared/jqueryui/images/ui-icons_8d78a5_256x240.png HTTP/1.1" 404 1089
186.103.159.230 - - [16/Mar/2018:09:45:46 -0300] "POST /cormun/servlet/permisogoce?921439b401ec18f7150f45244ce15246,INS,0,,,,gx-no-cache=1521204303361 HTTP/1.1" 200 93
186.103.159.230 - - [16/Mar/2018:09:45:46 -0300] "GET /cormun/servlet/hpexe_return? HTTP/1.1" 200 1005
186.103.159.230 - - [16/Mar/2018:09:45:46 -0300] "GET /cormun/static/gxcfg.js?2016101716175148 HTTP/1.1" 200 953
186.103.159.230 - - [16/Mar/2018:09:45:46 -0300] "GET /cormun/static/hpexe_return.js?2016101716175153 HTTP/1.1" 200 1633
186.103.159.230 - - [16/Mar/2018:09:45:46 -0300] "GET /cormun/static/Resources/Spanish/PXTools.css?167811 HTTP/1.1" 200 89042
192.168.10.61 - - [16/Mar/2018:09:45:47 -0300] "POST /cormun/servlet/vesolicitudgral?0983af8861c915ecd8bb95a07de0044b,2018,9129,,,gx-no-cache=1521204182372 HTTP/1.1" 200 93
192.168.10.61 - - [16/Mar/2018:09:45:47 -0300] "GET /cormun/servlet/hpexe_return? HTTP/1.1" 200 1034
186.103.159.230 - - [16/Mar/2018:09:45:47 -0300] "GET /cormun/servlet/trpermisosgoce HTTP/1.1" 200 7936
192.168.10.61 - - [16/Mar/2018:09:45:47 -0300] "GET /cormun/servlet/trsolicitudgral?gx-no-cache=1521203854745 HTTP/1.1" 200 14376
186.103.159.230 - - [16/Mar/2018:09:45:47 -0300] "GET /cormun//static/Resources/PXToolsHeaderHelp.png HTTP/1.1" 200 4055
186.103.159.230 - - [16/Mar/2018:09:45:47 -0300] "GET /cormun//static/Resources/PXToolsHeaderFavorites.png HTTP/1.1" 200 2744
186.103.159.230 - - [16/Mar/2018:09:45:47 -0300] "GET /cormun//static/Resources/PXToolsGridUpdate.png HTTP/1.1" 200 2984
186.103.159.230 - - [16/Mar/2018:09:45:47 -0300] "GET /cormun//static/Resources/PXToolsGridDelete.png HTTP/1.1" 200 357
186.103.159.230 - - [16/Mar/2018:09:45:47 -0300] "GET /cormun//static/Resources/PXToolsGridDisplay.png HTTP/1.1" 200 362
186.103.159.230 - - [16/Mar/2018:09:45:47 -0300] "GET /cormun//static/Resources/PXToolsActionPrint.png HTTP/1.1" 200 3317
186.103.159.230 - - [16/Mar/2018:09:45:47 -0300] "GET /cormun//static/Resources/PXTools/ActionInsert.png HTTP/1.1" 200 1482
186.103.159.230 - - [16/Mar/2018:09:45:47 -0300] "GET /cormun/servlet/trpermisosgoce HTTP/1.1" 200 7932
192.168.10.61 - - [16/Mar/2018:09:45:47 -0300] "GET /cormun/servlet/trsolicitudgral?gx-no-cache=1521203854745 HTTP/1.1" 200 14393
186.103.159.46 - - [16/Mar/2018:09:45:50 -0300] "POST /cormun/servlet/trautorizarsolicitud?4bcb03f13a4136b835defc341917f84f,,gx-no-cache=1521204299928 HTTP/1.1" 200 6215
186.103.159.46 - - [16/Mar/2018:09:45:50 -0300] "GET /cormun/static/Shared/jqueryui/images/ui-bg_highlight-soft_100_c6c2c8_1x100.png HTTP/1.1" 404 1117
186.103.159.46 - - [16/Mar/2018:09:45:50 -0300] "GET /cormun/static/Shared/jqueryui/images/ui-icons_82798d_256x240.png HTTP/1.1" 404 1089
186.103.159.46 - - [16/Mar/2018:09:45:50 -0300] "GET /cormun/static/Shared/jqueryui/images/ui-bg_flat_55_fafafa_40x100.png HTTP/1.1" 404 1097
186.103.159.46 - - [16/Mar/2018:09:45:50 -0300] "GET /cormun/static/Shared/jqueryui/images/ui-icons_8d78a5_256x240.png HTTP/1.1" 404 1089
186.103.159.46 - - [16/Mar/2018:09:45:51 -0300] "POST /cormun/servlet/trautorizarsolicitud?4bcb03f13a4136b835defc341917f84f,,gx-no-cache=1521204300410 HTTP/1.1" 200 6161
186.103.159.46 - - [16/Mar/2018:09:45:52 -0300] "POST /cormun/servlet/trautorizarsolicitud?4bcb03f13a4136b835defc341917f84f,,gx-no-cache=1521204301676 HTTP/1.1" 200 5822
186.103.159.46 - - [16/Mar/2018:09:45:53 -0300] "POST /cormun/servlet/trautorizarsolicitud?4bcb03f13a4136b835defc341917f84f,,gx-no-cache=1521204301955 HTTP/1.1" 200 5768
186.103.159.46 - - [16/Mar/2018:09:45:54 -0300] "POST /cormun/servlet/trautorizarsolicitud?4bcb03f13a4136b835defc341917f84f,,gx-no-cache=1521204303594 HTTP/1.1" 200 4617
186.103.159.46 - - [16/Mar/2018:09:45:54 -0300] "POST /cormun/servlet/trautorizarsolicitud?4bcb03f13a4136b835defc341917f84f,,gx-no-cache=1521204304101 HTTP/1.1" 200 4369
192.168.10.61 - - [16/Mar/2018:09:46:04 -0300] "GET /cormun/servlet/vesolicitudgral?2018,9154,, HTTP/1.1" 200 9104
192.168.10.61 - - [16/Mar/2018:09:46:04 -0300] "GET /cormun/pexe_scrolldiv.js HTTP/1.1" 404 1009
192.168.10.61 - - [16/Mar/2018:09:46:04 -0300] "GET /cormun/pexe_scrolldiv.js HTTP/1.1" 404 1009
192.168.10.61 - - [16/Mar/2018:09:46:04 -0300] "GET /cormun/servlet/vesolicitudgral?2018,9154,, HTTP/1.1" 200 9082
192.168.10.61 - - [16/Mar/2018:09:46:05 -0300] "POST /cormun/servlet/vesolicitudgral?0983af8861c915ecd8bb95a07de0044b,2018,9154,,,gx-no-cache=1521204201140 HTTP/1.1" 200 12024
192.168.10.61 - - [16/Mar/2018:09:46:05 -0300] "GET /cormun/static/Shared/jqueryui/images/ui-bg_highlight-soft_100_c6c2c8_1x100.png HTTP/1.1" 404 1117
192.168.10.61 - - [16/Mar/2018:09:46:05 -0300] "GET /cormun/static/Shared/jqueryui/images/ui-icons_82798d_256x240.png HTTP/1.1" 404 1089
192.168.10.61 - - [16/Mar/2018:09:46:05 -0300] "GET /cormun/static/Shared/jqueryui/images/ui-icons_8d78a5_256x240.png HTTP/1.1" 404 1089
192.168.10.61 - - [16/Mar/2018:09:46:05 -0300] "GET /cormun/static/Shared/jqueryui/images/ui-bg_flat_55_fafafa_40x100.png HTTP/1.1" 404 1097
192.168.10.61 - - [16/Mar/2018:09:46:06 -0300] "POST /cormun/servlet/vesolicitudgral?0983af8861c915ecd8bb95a07de0044b,2018,9154,,,gx-no-cache=1521204201360 HTTP/1.1" 200 11958
192.168.10.61 - - [16/Mar/2018:09:46:07 -0300] "POST /cormun/servlet/vesolicitudgral?0983af8861c915ecd8bb95a07de0044b,2018,9154,,,gx-no-cache=1521204203315 HTTP/1.1" 200 93
192.168.10.61 - - [16/Mar/2018:09:46:08 -0300] "GET /cormun/servlet/hpexe_return? HTTP/1.1" 200 1034
192.168.10.61 - - [16/Mar/2018:09:46:08 -0300] "GET /cormun/servlet/trsolicitudgral?gx-no-cache=1521203854745 HTTP/1.1" 200 14376
192.168.10.61 - - [16/Mar/2018:09:46:08 -0300] "GET /cormun/servlet/trsolicitudgral?gx-no-cache=1521203854745 HTTP/1.1" 200 14393
186.103.159.46 - - [16/Mar/2018:09:46:25 -0300] "GET /cormun/servlet/trvisualizadoreventos? HTTP/1.1" 200 6762
186.103.159.46 - - [16/Mar/2018:09:46:27 -0300] "GET /cormun/servlet/trvisualizadoreventos? HTTP/1.1" 200 6762
186.103.159.46 - - [16/Mar/2018:09:46:28 -0300] "POST /cormun/servlet/acontrolpreferencessavestate?None,RMENESES,true HTTP/1.1" 200 35
186.103.159.46 - - [16/Mar/2018:09:46:34 -0300] "POST /cormun/servlet/trvisualizadoreventos?4bcb03f13a4136b835defc341917f84f,,gx-no-cache=1521204343562 HTTP/1.1" 200 4662
192.168.10.61 - - [16/Mar/2018:09:46:38 -0300] "GET /cormun/servlet/vesolicitudgral?2018,9169,, HTTP/1.1" 200 9083
192.168.10.61 - - [16/Mar/2018:09:46:38 -0300] "GET /cormun/pexe_scrolldiv.js HTTP/1.1" 404 1009
192.168.10.61 - - [16/Mar/2018:09:46:38 -0300] "GET /cormun/pexe_scrolldiv.js HTTP/1.1" 404 1009
192.168.10.61 - - [16/Mar/2018:09:46:39 -0300] "GET /cormun/servlet/vesolicitudgral?2018,9169,, HTTP/1.1" 200 9060
186.103.159.46 - - [16/Mar/2018:09:46:48 -0300] "POST /cormun/servlet/trvisualizadoreventos?4bcb03f13a4136b835defc341917f84f,,gx-no-cache=1521204357965 HTTP/1.1" 200 6405
186.103.159.46 - - [16/Mar/2018:09:47:21 -0300] "POST /cormun/servlet/trvisualizadoreventos?4bcb03f13a4136b835defc341917f84f,,gx-no-cache=1521204390540 HTTP/1.1" 200 4513
186.103.159.46 - - [16/Mar/2018:09:47:39 -0300] "GET /cormun/servlet/trcontratosolicitud? HTTP/1.1" 200 14890
186.103.159.46 - - [16/Mar/2018:09:47:39 -0300] "GET /cormun/static/gxcfg.js?20177612214014 HTTP/1.1" 200 953
186.103.159.46 - - [16/Mar/2018:09:47:39 -0300] "GET /cormun/static/trcontratosolicitud.js?20177612214349 HTTP/1.1" 200 28237
186.103.159.46 - - [16/Mar/2018:09:47:40 -0300] "GET /cormun//static/Resources/PXToolsGridNew.png HTTP/1.1" 200 2949
186.103.159.46 - - [16/Mar/2018:09:47:40 -0300] "GET /cormun/servlet/trcontratosolicitud? HTTP/1.1" 200 14895
186.103.159.46 - - [16/Mar/2018:09:47:41 -0300] "POST /cormun/servlet/acontrolpreferencessavestate?None,RMENESES,true HTTP/1.1" 200 35
192.168.10.61 - - [16/Mar/2018:09:48:02 -0300] "POST /cormun/servlet/vesolicitudgral?0983af8861c915ecd8bb95a07de0044b,2018,9169,,,gx-no-cache=1521204318323 HTTP/1.1" 200 93
192.168.10.61 - - [16/Mar/2018:09:48:03 -0300] "GET /cormun/servlet/hpexe_return? HTTP/1.1" 200 1034
192.168.10.61 - - [16/Mar/2018:09:48:03 -0300] "GET /cormun/servlet/trsolicitudgral?gx-no-cache=1521203854745 HTTP/1.1" 200 14376
192.168.10.61 - - [16/Mar/2018:09:48:03 -0300] "GET /cormun/servlet/trsolicitudgral?gx-no-cache=1521203854745 HTTP/1.1" 200 14393
186.103.159.46 - - [16/Mar/2018:09:48:11 -0300] "GET /cormun/servlet/trcontratoobservaciondir? HTTP/1.1" 200 7144
186.103.159.46 - - [16/Mar/2018:09:48:11 -0300] "GET /cormun/static/gxcfg.js?20175251262281 HTTP/1.1" 200 953
186.103.159.46 - - [16/Mar/2018:09:48:11 -0300] "GET /cormun/static/trcontratoobservaciondir.js?20175251262715 HTTP/1.1" 200 27185
186.103.159.46 - - [16/Mar/2018:09:48:12 -0300] "GET /cormun/servlet/trcontratoobservaciondir? HTTP/1.1" 200 7143
186.103.159.46 - - [16/Mar/2018:09:48:13 -0300] "POST /cormun/servlet/acontrolpreferencessavestate?None,RMENESES,true HTTP/1.1" 200 35
186.103.159.46 - - [16/Mar/2018:09:48:22 -0300] "GET /cormun/servlet/trautorizarsolicitud? HTTP/1.1" 200 7167
186.103.159.46 - - [16/Mar/2018:09:48:23 -0300] "GET /cormun/servlet/trautorizarsolicitud? HTTP/1.1" 200 7167
192.168.10.61 - - [16/Mar/2018:09:48:25 -0300] "GET /cormun/servlet/vesolicitudgral?2018,9169,, HTTP/1.1" 200 9083
192.168.10.61 - - [16/Mar/2018:09:48:25 -0300] "GET /cormun/pexe_scrolldiv.js HTTP/1.1" 404 1009
192.168.10.61 - - [16/Mar/2018:09:48:25 -0300] "GET /cormun/pexe_scrolldiv.js HTTP/1.1" 404 1009
192.168.10.61 - - [16/Mar/2018:09:48:26 -0300] "GET /cormun/servlet/vesolicitudgral?2018,9169,, HTTP/1.1" 200 9060
192.168.10.61 - - [16/Mar/2018:09:48:27 -0300] "POST /cormun/servlet/vesolicitudgral?0983af8861c915ecd8bb95a07de0044b,2018,9169,,,gx-no-cache=1521204342720 HTTP/1.1" 200 12009
192.168.10.61 - - [16/Mar/2018:09:48:27 -0300] "GET /cormun/static/Shared/jqueryui/images/ui-bg_highlight-soft_100_c6c2c8_1x100.png HTTP/1.1" 404 1117
192.168.10.61 - - [16/Mar/2018:09:48:27 -0300] "GET /cormun/static/Shared/jqueryui/images/ui-icons_82798d_256x240.png HTTP/1.1" 404 1089
192.168.10.61 - - [16/Mar/2018:09:48:27 -0300] "GET /cormun/static/Shared/jqueryui/images/ui-bg_flat_55_fafafa_40x100.png HTTP/1.1" 404 1097
192.168.10.61 - - [16/Mar/2018:09:48:27 -0300] "GET /cormun/static/Shared/jqueryui/images/ui-icons_8d78a5_256x240.png HTTP/1.1" 404 1089
192.168.10.61 - - [16/Mar/2018:09:48:27 -0300] "POST /cormun/servlet/vesolicitudgral?0983af8861c915ecd8bb95a07de0044b,2018,9169,,,gx-no-cache=1521204342949 HTTP/1.1" 200 11944
192.168.10.61 - - [16/Mar/2018:09:48:30 -0300] "POST /cormun/servlet/vesolicitudgral?0983af8861c915ecd8bb95a07de0044b,2018,9169,,,gx-no-cache=1521204345541 HTTP/1.1" 200 93
192.168.10.61 - - [16/Mar/2018:09:48:30 -0300] "GET /cormun/servlet/hpexe_return? HTTP/1.1" 200 1034
192.168.10.61 - - [16/Mar/2018:09:48:30 -0300] "GET /cormun/servlet/trsolicitudgral?gx-no-cache=1521203854745 HTTP/1.1" 200 14376
192.168.10.61 - - [16/Mar/2018:09:48:30 -0300] "GET /cormun/servlet/trsolicitudgral?gx-no-cache=1521203854745 HTTP/1.1" 200 14393
186.103.159.46 - - [16/Mar/2018:09:48:34 -0300] "POST /cormun/servlet/trautorizarsolicitud?4bcb03f13a4136b835defc341917f84f,,gx-no-cache=1521204463490 HTTP/1.1" 200 4398
192.168.10.61 - - [16/Mar/2018:09:48:34 -0300] "GET /cormun/servlet/vesolicitudgral?2018,9314,, HTTP/1.1" 200 9100
192.168.10.61 - - [16/Mar/2018:09:48:34 -0300] "GET /cormun/pexe_scrolldiv.js HTTP/1.1" 404 1009
192.168.10.61 - - [16/Mar/2018:09:48:34 -0300] "GET /cormun/pexe_scrolldiv.js HTTP/1.1" 404 1009
192.168.10.61 - - [16/Mar/2018:09:48:34 -0300] "GET /cormun/servlet/vesolicitudgral?2018,9314,, HTTP/1.1" 200 9080
192.168.10.61 - - [16/Mar/2018:09:48:36 -0300] "POST /cormun/servlet/vesolicitudgral?0983af8861c915ecd8bb95a07de0044b,2018,9314,,,gx-no-cache=1521204351385 HTTP/1.1" 200 12015
192.168.10.61 - - [16/Mar/2018:09:48:36 -0300] "GET /cormun/static/Shared/jqueryui/images/ui-icons_82798d_256x240.png HTTP/1.1" 404 1089
192.168.10.61 - - [16/Mar/2018:09:48:36 -0300] "GET /cormun/static/Shared/jqueryui/images/ui-bg_highlight-soft_100_c6c2c8_1x100.png HTTP/1.1" 404 1117
192.168.10.61 - - [16/Mar/2018:09:48:36 -0300] "GET /cormun/static/Shared/jqueryui/images/ui-bg_flat_55_fafafa_40x100.png HTTP/1.1" 404 1097
192.168.10.61 - - [16/Mar/2018:09:48:36 -0300] "GET /cormun/static/Shared/jqueryui/images/ui-icons_8d78a5_256x240.png HTTP/1.1" 404 1089
192.168.10.61 - - [16/Mar/2018:09:48:36 -0300] "POST /cormun/servlet/vesolicitudgral?0983af8861c915ecd8bb95a07de0044b,2018,9314,,,gx-no-cache=1521204351598 HTTP/1.1" 200 11949
192.168.10.61 - - [16/Mar/2018:09:48:38 -0300] "POST /cormun/servlet/vesolicitudgral?0983af8861c915ecd8bb95a07de0044b,2018,9314,,,gx-no-cache=1521204353788 HTTP/1.1" 200 93
192.168.10.61 - - [16/Mar/2018:09:48:38 -0300] "GET /cormun/servlet/hpexe_return? HTTP/1.1" 200 1034
192.168.10.61 - - [16/Mar/2018:09:48:38 -0300] "GET /cormun/servlet/trsolicitudgral?gx-no-cache=1521203854745 HTTP/1.1" 200 14376
192.168.10.61 - - [16/Mar/2018:09:48:39 -0300] "GET /cormun/servlet/trsolicitudgral?gx-no-cache=1521203854745 HTTP/1.1" 200 14393
186.103.159.46 - - [16/Mar/2018:09:48:45 -0300] "POST /cormun/servlet/trautorizarsolicitud?4bcb03f13a4136b835defc341917f84f,,gx-no-cache=1521204474526 HTTP/1.1" 200 12371
192.168.10.61 - - [16/Mar/2018:09:48:46 -0300] "GET /cormun/servlet/vesolicitudgral?2018,9791,, HTTP/1.1" 200 9122
192.168.10.61 - - [16/Mar/2018:09:48:46 -0300] "GET /cormun/pexe_scrolldiv.js HTTP/1.1" 404 1009
192.168.10.61 - - [16/Mar/2018:09:48:46 -0300] "GET /cormun/pexe_scrolldiv.js HTTP/1.1" 404 1009
192.168.10.61 - - [16/Mar/2018:09:48:46 -0300] "GET /cormun/servlet/vesolicitudgral?2018,9791,, HTTP/1.1" 200 9097
192.168.10.61 - - [16/Mar/2018:09:48:47 -0300] "POST /cormun/servlet/vesolicitudgral?0983af8861c915ecd8bb95a07de0044b,2018,9791,,,gx-no-cache=1521204362945 HTTP/1.1" 200 12025
192.168.10.61 - - [16/Mar/2018:09:48:47 -0300] "GET /cormun/static/Shared/jqueryui/images/ui-icons_82798d_256x240.png HTTP/1.1" 404 1089
192.168.10.61 - - [16/Mar/2018:09:48:47 -0300] "GET /cormun/static/Shared/jqueryui/images/ui-bg_highlight-soft_100_c6c2c8_1x100.png HTTP/1.1" 404 1117
192.168.10.61 - - [16/Mar/2018:09:48:47 -0300] "GET /cormun/static/Shared/jqueryui/images/ui-bg_flat_55_fafafa_40x100.png HTTP/1.1" 404 1097
192.168.10.61 - - [16/Mar/2018:09:48:47 -0300] "GET /cormun/static/Shared/jqueryui/images/ui-icons_8d78a5_256x240.png HTTP/1.1" 404 1089
192.168.10.61 - - [16/Mar/2018:09:48:47 -0300] "POST /cormun/servlet/vesolicitudgral?0983af8861c915ecd8bb95a07de0044b,2018,9791,,,gx-no-cache=1521204363157 HTTP/1.1" 200 11960
192.168.10.61 - - [16/Mar/2018:09:48:49 -0300] "POST /cormun/servlet/vesolicitudgral?0983af8861c915ecd8bb95a07de0044b,2018,9791,,,gx-no-cache=1521204364908 HTTP/1.1" 200 93
192.168.10.61 - - [16/Mar/2018:09:48:49 -0300] "GET /cormun/servlet/hpexe_return? HTTP/1.1" 200 1034
192.168.10.61 - - [16/Mar/2018:09:48:49 -0300] "GET /cormun/servlet/trsolicitudgral?gx-no-cache=1521203854745 HTTP/1.1" 200 14371
192.168.10.61 - - [16/Mar/2018:09:48:50 -0300] "GET /cormun/servlet/trsolicitudgral?gx-no-cache=1521203854745 HTTP/1.1" 200 14388
186.103.159.46 - - [16/Mar/2018:09:49:47 -0300] "GET /cormun/servlet/trsolicitudot? HTTP/1.1" 200 7267
186.103.159.46 - - [16/Mar/2018:09:49:48 -0300] "GET /cormun/servlet/trsolicitudot? HTTP/1.1" 200 7267
186.103.159.46 - - [16/Mar/2018:09:49:54 -0300] "GET /cormun/servlet/solicitudot?INS,0,0, HTTP/1.1" 200 13494
186.103.159.46 - - [16/Mar/2018:09:49:55 -0300] "GET /cormun/servlet/solicitudot?INS,0,0, HTTP/1.1" 200 13498
186.103.159.46 - - [16/Mar/2018:09:50:06 -0300] "POST /cormun/servlet/solicitudot?gx-no-cache=1521204555314 HTTP/1.1" 200 3284
186.103.159.46 - - [16/Mar/2018:09:50:06 -0300] "POST /cormun/servlet/solicitudot?4bcb03f13a4136b835defc341917f84f,INS,0,0,,gx-no-cache=1521204555702 HTTP/1.1" 200 10431
192.168.10.61 - - [16/Mar/2018:09:50:07 -0300] "GET /cormun/servlet/vesolicitudgral?2018,10522,, HTTP/1.1" 200 9094
192.168.10.61 - - [16/Mar/2018:09:50:07 -0300] "GET /cormun/pexe_scrolldiv.js HTTP/1.1" 404 1009
192.168.10.61 - - [16/Mar/2018:09:50:07 -0300] "GET /cormun/pexe_scrolldiv.js HTTP/1.1" 404 1009
192.168.10.61 - - [16/Mar/2018:09:50:07 -0300] "GET /cormun/servlet/vesolicitudgral?2018,10522,, HTTP/1.1" 200 9071
192.168.10.61 - - [16/Mar/2018:09:50:08 -0300] "POST /cormun/servlet/vesolicitudgral?0983af8861c915ecd8bb95a07de0044b,2018,10522,,,gx-no-cache=1521204444188 HTTP/1.1" 200 11990
192.168.10.61 - - [16/Mar/2018:09:50:08 -0300] "GET /cormun/static/Shared/jqueryui/images/ui-bg_highlight-soft_100_c6c2c8_1x100.png HTTP/1.1" 404 1117
192.168.10.61 - - [16/Mar/2018:09:50:08 -0300] "GET /cormun/static/Shared/jqueryui/images/ui-icons_82798d_256x240.png HTTP/1.1" 404 1089
192.168.10.61 - - [16/Mar/2018:09:50:09 -0300] "GET /cormun/static/Shared/jqueryui/images/ui-icons_8d78a5_256x240.png HTTP/1.1" 404 1089
192.168.10.61 - - [16/Mar/2018:09:50:09 -0300] "GET /cormun/static/Shared/jqueryui/images/ui-bg_flat_55_fafafa_40x100.png HTTP/1.1" 404 1097
192.168.10.61 - - [16/Mar/2018:09:50:09 -0300] "POST /cormun/servlet/vesolicitudgral?0983af8861c915ecd8bb95a07de0044b,2018,10522,,,gx-no-cache=1521204444403 HTTP/1.1" 200 11925
186.103.159.46 - - [16/Mar/2018:09:50:12 -0300] "GET /cormun/servlet/prfichaempleado?,MD,,gxPopupLevel%3D0%3B HTTP/1.1" 200 9198
192.168.10.61 - - [16/Mar/2018:09:50:17 -0300] "POST /cormun/servlet/vesolicitudgral?0983af8861c915ecd8bb95a07de0044b,2018,10522,,,gx-no-cache=1521204453025 HTTP/1.1" 200 93
192.168.10.61 - - [16/Mar/2018:09:50:17 -0300] "GET /cormun/servlet/hpexe_return? HTTP/1.1" 200 1034
192.168.10.61 - - [16/Mar/2018:09:50:17 -0300] "GET /cormun/servlet/trsolicitudgral?gx-no-cache=1521203854745 HTTP/1.1" 200 14373
192.168.10.61 - - [16/Mar/2018:09:50:18 -0300] "GET /cormun/servlet/trsolicitudgral?gx-no-cache=1521203854745 HTTP/1.1" 200 14390
192.168.10.61 - - [16/Mar/2018:09:50:42 -0300] "GET /cormun/servlet/vesolicitudgral?2018,10509,, HTTP/1.1" 200 9093
192.168.10.61 - - [16/Mar/2018:09:50:42 -0300] "GET /cormun/pexe_scrolldiv.js HTTP/1.1" 404 1009
192.168.10.61 - - [16/Mar/2018:09:50:42 -0300] "GET /cormun/pexe_scrolldiv.js HTTP/1.1" 404 1009
192.168.10.61 - - [16/Mar/2018:09:50:42 -0300] "GET /cormun/servlet/vesolicitudgral?2018,10509,, HTTP/1.1" 200 9070
186.103.159.46 - - [16/Mar/2018:09:50:42 -0300] "POST /cormun/servlet/prfichaempleado?4bcb03f13a4136b835defc341917f84f,,MD,,gxPopupLevel%3D0%3B,gx-no-cache=1521204592125 HTTP/1.1" 200 3738
192.168.10.61 - - [16/Mar/2018:09:50:45 -0300] "POST /cormun/servlet/vesolicitudgral?0983af8861c915ecd8bb95a07de0044b,2018,10509,,,gx-no-cache=1521204480952 HTTP/1.1" 200 12005
192.168.10.61 - - [16/Mar/2018:09:50:45 -0300] "GET /cormun/static/Shared/jqueryui/images/ui-bg_highlight-soft_100_c6c2c8_1x100.png HTTP/1.1" 404 1117
192.168.10.61 - - [16/Mar/2018:09:50:45 -0300] "GET /cormun/static/Shared/jqueryui/images/ui-icons_82798d_256x240.png HTTP/1.1" 404 1089
192.168.10.61 - - [16/Mar/2018:09:50:45 -0300] "GET /cormun/static/Shared/jqueryui/images/ui-icons_8d78a5_256x240.png HTTP/1.1" 404 1089
192.168.10.61 - - [16/Mar/2018:09:50:45 -0300] "GET /cormun/static/Shared/jqueryui/images/ui-bg_flat_55_fafafa_40x100.png HTTP/1.1" 404 1097
192.168.10.61 - - [16/Mar/2018:09:50:46 -0300] "POST /cormun/servlet/vesolicitudgral?0983af8861c915ecd8bb95a07de0044b,2018,10509,,,gx-no-cache=1521204481241 HTTP/1.1" 200 11940
192.168.10.61 - - [16/Mar/2018:09:50:48 -0300] "POST /cormun/servlet/vesolicitudgral?0983af8861c915ecd8bb95a07de0044b,2018,10509,,,gx-no-cache=1521204483614 HTTP/1.1" 200 93
192.168.10.61 - - [16/Mar/2018:09:50:48 -0300] "GET /cormun/servlet/hpexe_return? HTTP/1.1" 200 1035
192.168.10.61 - - [16/Mar/2018:09:50:48 -0300] "GET /cormun/servlet/trsolicitudgral?gx-no-cache=1521203854745 HTTP/1.1" 200 14371
192.168.10.61 - - [16/Mar/2018:09:50:49 -0300] "GET /cormun/servlet/trsolicitudgral?gx-no-cache=1521203854745 HTTP/1.1" 200 14388
186.103.159.46 - - [16/Mar/2018:09:50:56 -0300] "POST /cormun/servlet/solicitudot?gx-no-cache=1521204605472 HTTP/1.1" 200 3344
186.103.159.46 - - [16/Mar/2018:09:50:56 -0300] "GET /cormun/static/Shared/jqueryui/images/ui-bg_highlight-soft_100_c6c2c8_1x100.png HTTP/1.1" 404 1117
186.103.159.46 - - [16/Mar/2018:09:50:56 -0300] "GET /cormun/static/Shared/jqueryui/images/ui-icons_82798d_256x240.png HTTP/1.1" 404 1089
186.103.159.46 - - [16/Mar/2018:09:50:56 -0300] "GET /cormun/static/Shared/jqueryui/images/ui-bg_flat_55_994d53_40x100.png HTTP/1.1" 404 1097
186.103.159.46 - - [16/Mar/2018:09:50:56 -0300] "GET /cormun/static/Shared/jqueryui/images/ui-icons_ebccce_256x240.png HTTP/1.1" 404 1089
192.168.10.61 - - [16/Mar/2018:09:51:27 -0300] "POST /cormun/servlet/trsolicitudgral?0983af8861c915ecd8bb95a07de0044b,gx-no-cache=1521203854745,gx-no-cache=1521204523226 HTTP/1.1" 200 5855
192.168.10.61 - - [16/Mar/2018:09:51:42 -0300] "POST /cormun/servlet/trsolicitudgral?0983af8861c915ecd8bb95a07de0044b,gx-no-cache=1521203854745,gx-no-cache=1521204537849 HTTP/1.1" 200 13741
186.103.159.230 - - [16/Mar/2018:09:52:28 -0300] "GET /cormun/servlet/apermisogoceprn?8936701,P,20180316094057,PU HTTP/1.1" 200 1654
192.168.10.61 - - [16/Mar/2018:09:52:34 -0300] "POST /cormun/servlet/trsolicitudgral?0983af8861c915ecd8bb95a07de0044b,gx-no-cache=1521203854745,gx-no-cache=1521204590257 HTTP/1.1" 200 7622
192.168.10.89 - - [16/Mar/2018:09:52:40 -0300] "POST /cormun/servlet/trsolicitudgral?f24e82de4c48ae04af402e1c519de9ca,,gx-no-cache=1521204595421 HTTP/1.1" 440 972
192.168.10.89 - - [16/Mar/2018:09:52:41 -0300] "GET /cormun/servlet/trsolicitudgral? HTTP/1.1" 500 10
192.168.10.89 - - [16/Mar/2018:09:52:54 -0300] "GET /cormun/servlet/hlogin HTTP/1.1" 200 1717
192.168.10.61 - - [16/Mar/2018:09:52:59 -0300] "GET /cormun/servlet/vesolicitudgral?2018,10376,, HTTP/1.1" 200 9120
192.168.10.61 - - [16/Mar/2018:09:52:59 -0300] "GET /cormun/pexe_scrolldiv.js HTTP/1.1" 404 1009
192.168.10.61 - - [16/Mar/2018:09:52:59 -0300] "GET /cormun/pexe_scrolldiv.js HTTP/1.1" 404 1009
192.168.10.61 - - [16/Mar/2018:09:52:59 -0300] "GET /cormun/servlet/vesolicitudgral?2018,10376,, HTTP/1.1" 200 9099
192.168.10.61 - - [16/Mar/2018:09:53:01 -0300] "POST /cormun/servlet/vesolicitudgral?0983af8861c915ecd8bb95a07de0044b,2018,10376,,,gx-no-cache=1521204616739 HTTP/1.1" 200 12046
192.168.10.61 - - [16/Mar/2018:09:53:01 -0300] "GET /cormun/static/Shared/jqueryui/images/ui-icons_82798d_256x240.png HTTP/1.1" 404 1089
192.168.10.61 - - [16/Mar/2018:09:53:01 -0300] "GET /cormun/static/Shared/jqueryui/images/ui-bg_highlight-soft_100_c6c2c8_1x100.png HTTP/1.1" 404 1117
192.168.10.61 - - [16/Mar/2018:09:53:01 -0300] "GET /cormun/static/Shared/jqueryui/images/ui-icons_8d78a5_256x240.png HTTP/1.1" 404 1089
192.168.10.61 - - [16/Mar/2018:09:53:01 -0300] "GET /cormun/static/Shared/jqueryui/images/ui-bg_flat_55_fafafa_40x100.png HTTP/1.1" 404 1097
192.168.10.61 - - [16/Mar/2018:09:53:01 -0300] "POST /cormun/servlet/vesolicitudgral?0983af8861c915ecd8bb95a07de0044b,2018,10376,,,gx-no-cache=1521204616961 HTTP/1.1" 200 11980
192.168.10.61 - - [16/Mar/2018:09:53:08 -0300] "POST /cormun/servlet/vesolicitudgral?0983af8861c915ecd8bb95a07de0044b,2018,10376,,,gx-no-cache=1521204623875 HTTP/1.1" 200 93
192.168.10.61 - - [16/Mar/2018:09:53:08 -0300] "GET /cormun/servlet/hpexe_return? HTTP/1.1" 200 1034
192.168.10.61 - - [16/Mar/2018:09:53:08 -0300] "GET /cormun/servlet/trsolicitudgral?gx-no-cache=1521203854745 HTTP/1.1" 200 10306
192.168.10.61 - - [16/Mar/2018:09:53:09 -0300] "GET /cormun/servlet/trsolicitudgral?gx-no-cache=1521203854745 HTTP/1.1" 200 10323
186.79.78.167 - - [16/Mar/2018:09:53:11 -0300] "GET /cormun/servlet/hlogin HTTP/1.1" 200 1723
200.54.247.70 - - [16/Mar/2018:09:53:11 -0300] "GET /cormun/servlet/solicitudot?2ca7b1d6b3de15b4c52427e5fb2e491535f1cf2f058722cab114c9e87bdb8421054f55b273988c6d92cae4784b5aa6be0ad4d84d62fa10587b812f52b9a335bc,gx-no-cache=1521204741403 HTTP/1.1" 200 30
200.54.247.70 - - [16/Mar/2018:09:53:11 -0300] "GET /cormun/servlet/solicitudot?2ca7b1d6b3de15b4c52427e5fb2e491504e052536d90d39aa895470c3d9d6868,gx-no-cache=1521204741505 HTTP/1.1" 200 29
200.54.247.70 - - [16/Mar/2018:09:53:11 -0300] "POST /cormun/servlet/solicitudot?gx-no-cache=1521204741578 HTTP/1.1" 200 297
186.79.78.167 - - [16/Mar/2018:09:53:11 -0300] "GET /cormun/static/gxtimezone.js?85251 HTTP/1.1" 304 -
200.54.247.70 - - [16/Mar/2018:09:53:11 -0300] "GET /cormun/servlet/solicitudot?2ca7b1d6b3de15b4c52427e5fb2e4915834947bb4485e03afd4f3a96f72c285966e96f54651d69416f84670536961b2bcdb5f1d04c99d053035e2676d806b878e0049ec6f309dc3734abe0c71ab3255c07131cdf8746eeb853f2e8fd9ee5aea6c2c834e1efe1770c62b14bf1b829474e07ddd9d40cd1a824ffa9cc6a5a8ef4e21100c26d6c6a5db44122936df17629cad6832fc30bd545e15a54337d215cb4048d0e40b0084a9118acfabf54d1c52c10ef903db5793670ef735537c65a653994f8de3a8bacc39338b5e4378c7635f10bb19e95cf6995cae6eee7791d3541ab2f694b7acbe8a0c976fbe98814761dd651b2e96a411258075b51360d6f1eefeda9fca007e628eb37dfe79ec0d92e973e7e02faf7290346ad1395daefe448ffcfa44e142326f65749a888b3b6f0fe4426188765d247329a36553ae21e31d67cdf828c425ebbcbd4a9050d35be5e2b780a828a05699d1459391d1d13a9520143e4a88767cd3fe0d713c358d099b2461e92929a518642127dbc83ddce29ef6c5477720ad4d84d62fa10587b812f52b9a335bc,gx-no-cache=1521204741649 HTTP/1.1" 200 30
186.79.78.167 - - [16/Mar/2018:09:53:11 -0300] "GET /cormun/static/messages.spa.js?85251 HTTP/1.1" 304 -
186.79.78.167 - - [16/Mar/2018:09:53:12 -0300] "GET /cormun/servlet/hlogin HTTP/1.1" 200 1734
192.168.10.61 - - [16/Mar/2018:09:53:15 -0300] "GET /cormun/servlet/vesolicitudgral?2018,10375,, HTTP/1.1" 200 9155
192.168.10.61 - - [16/Mar/2018:09:53:15 -0300] "GET /cormun/pexe_scrolldiv.js HTTP/1.1" 404 1009
192.168.10.61 - - [16/Mar/2018:09:53:15 -0300] "GET /cormun/pexe_scrolldiv.js HTTP/1.1" 404 1009
192.168.10.61 - - [16/Mar/2018:09:53:15 -0300] "GET /cormun/servlet/vesolicitudgral?2018,10375,, HTTP/1.1" 200 9134
200.54.247.70 - - [16/Mar/2018:09:53:15 -0300] "POST /cormun/servlet/solicitudot?gx-no-cache=1521204745632 HTTP/1.1" 200 30
200.54.247.70 - - [16/Mar/2018:09:53:17 -0300] "POST /cormun/servlet/solicitudot?gx-no-cache=1521204747895 HTTP/1.1" 200 1333
200.54.247.70 - - [16/Mar/2018:09:53:18 -0300] "POST /cormun/servlet/solicitudot?gx-no-cache=1521204748086 HTTP/1.1" 200 38
192.168.10.61 - - [16/Mar/2018:09:53:20 -0300] "POST /cormun/servlet/vesolicitudgral?0983af8861c915ecd8bb95a07de0044b,2018,10375,,,gx-no-cache=1521204636241 HTTP/1.1" 200 12071
192.168.10.61 - - [16/Mar/2018:09:53:21 -0300] "GET /cormun/static/Shared/jqueryui/images/ui-icons_82798d_256x240.png HTTP/1.1" 404 1089
192.168.10.61 - - [16/Mar/2018:09:53:21 -0300] "GET /cormun/static/Shared/jqueryui/images/ui-bg_highlight-soft_100_c6c2c8_1x100.png HTTP/1.1" 404 1117
192.168.10.61 - - [16/Mar/2018:09:53:21 -0300] "GET /cormun/static/Shared/jqueryui/images/ui-bg_flat_55_fafafa_40x100.png HTTP/1.1" 404 1097
192.168.10.61 - - [16/Mar/2018:09:53:21 -0300] "GET /cormun/static/Shared/jqueryui/images/ui-icons_8d78a5_256x240.png HTTP/1.1" 404 1089
192.168.10.61 - - [16/Mar/2018:09:53:21 -0300] "POST /cormun/servlet/vesolicitudgral?0983af8861c915ecd8bb95a07de0044b,2018,10375,,,gx-no-cache=1521204636448 HTTP/1.1" 200 12005
192.168.10.61 - - [16/Mar/2018:09:53:23 -0300] "POST /cormun/servlet/vesolicitudgral?0983af8861c915ecd8bb95a07de0044b,2018,10375,,,gx-no-cache=1521204638532 HTTP/1.1" 200 93
192.168.10.61 - - [16/Mar/2018:09:53:23 -0300] "GET /cormun/servlet/hpexe_return? HTTP/1.1" 200 1034
192.168.10.61 - - [16/Mar/2018:09:53:23 -0300] "GET /cormun/servlet/trsolicitudgral?gx-no-cache=1521203854745 HTTP/1.1" 200 8918
192.168.10.61 - - [16/Mar/2018:09:53:23 -0300] "GET /cormun/servlet/trsolicitudgral?gx-no-cache=1521203854745 HTTP/1.1" 200 8936
186.79.78.167 - - [16/Mar/2018:09:53:23 -0300] "GET /cormun/servlet/hlogin HTTP/1.1" 200 1718
186.79.78.167 - - [16/Mar/2018:09:53:26 -0300] "POST /cormun/servlet/hlogin?5d8b585d72a42791d5d8fe0c416df843,gx-no-cache=1521204758610 HTTP/1.1" 200 90
186.79.78.167 - - [16/Mar/2018:09:53:27 -0300] "GET /cormun/servlet/hpexe_link HTTP/1.1" 200 950
186.79.78.167 - - [16/Mar/2018:09:53:27 -0300] "GET /cormun/servlet/hhome HTTP/1.1" 200 3929
186.79.78.167 - - [16/Mar/2018:09:53:28 -0300] "GET /cormun/servlet/hhome HTTP/1.1" 200 3925
186.79.78.167 - - [16/Mar/2018:09:53:34 -0300] "GET /cormun/servlet/trsolicitudot? HTTP/1.1" 200 8502
186.79.78.167 - - [16/Mar/2018:09:53:35 -0300] "GET /cormun/static/calendar.js?85251 HTTP/1.1" 304 -
186.79.78.167 - - [16/Mar/2018:09:53:35 -0300] "GET /cormun/static/calendar-setup.js?85251 HTTP/1.1" 304 -
186.79.78.167 - - [16/Mar/2018:09:53:35 -0300] "GET /cormun/static/calendar-es.js?85251 HTTP/1.1" 304 -
186.79.78.167 - - [16/Mar/2018:09:53:35 -0300] "GET /cormun/static/gxdec.js?85251 HTTP/1.1" 304 -
186.79.78.167 - - [16/Mar/2018:09:53:35 -0300] "GET /cormun/servlet/trsolicitudot? HTTP/1.1" 200 8502
200.54.247.70 - - [16/Mar/2018:09:53:43 -0300] "GET /cormun/servlet/solicitudot?2ca7b1d6b3de15b4c52427e5fb2e4915e8be2acfdfd154a21ebdd1291f978e6473dc38c0a0d4a9bc0e01f0dbb2ccecb4599b2f15ba70a090298ece2d7294bc69a72e55e6fd1cce42e7875adf0e1427bcb66b4aa273cf304f38f20c633726b21b8b0918bfe245b2ff77dbbe2850d94a93,gx-no-cache=1521204773111 HTTP/1.1" 200 29
200.54.247.70 - - [16/Mar/2018:09:53:43 -0300] "POST /cormun/servlet/solicitudot?gx-no-cache=1521204773239 HTTP/1.1" 200 1319
200.54.247.70 - - [16/Mar/2018:09:53:43 -0300] "POST /cormun/servlet/solicitudot?gx-no-cache=1521204773366 HTTP/1.1" 200 1215
186.79.78.167 - - [16/Mar/2018:09:53:49 -0300] "POST /cormun/servlet/trsolicitudot?5d8b585d72a42791d5d8fe0c416df843,,gx-no-cache=1521204781266 HTTP/1.1" 200 5839
200.54.247.70 - - [16/Mar/2018:09:53:49 -0300] "GET /cormun/static/menuarrow.gif HTTP/1.1" 404 1015
186.79.78.167 - - [16/Mar/2018:09:53:49 -0300] "GET /cormun/static/Shared/jqueryui/images/ui-bg_highlight-soft_100_c6c2c8_1x100.png HTTP/1.1" 404 1117
186.79.78.167 - - [16/Mar/2018:09:53:49 -0300] "GET /cormun/static/Shared/jqueryui/images/ui-icons_82798d_256x240.png HTTP/1.1" 404 1089
186.79.78.167 - - [16/Mar/2018:09:53:49 -0300] "GET /cormun/static/Shared/jqueryui/images/ui-bg_flat_55_fafafa_40x100.png HTTP/1.1" 404 1097
186.79.78.167 - - [16/Mar/2018:09:53:49 -0300] "GET /cormun/static/Shared/jqueryui/images/ui-icons_8d78a5_256x240.png HTTP/1.1" 404 1089
192.168.10.61 - - [16/Mar/2018:09:54:01 -0300] "POST /cormun/servlet/trsolicitudgral?0983af8861c915ecd8bb95a07de0044b,gx-no-cache=1521203854745,gx-no-cache=1521204676836 HTTP/1.1" 200 12887
200.54.247.70 - - [16/Mar/2018:09:54:02 -0300] "GET /cormun/servlet/solicitudot?2ca7b1d6b3de15b4c52427e5fb2e4915420b5dc45a5a08fe0cc2a4f356d0ab7a10ca5be595970a2645ead90b691cc3e3,gx-no-cache=1521204792150 HTTP/1.1" 200 30
192.168.10.61 - - [16/Mar/2018:09:54:10 -0300] "POST /cormun/servlet/trsolicitudgral?0983af8861c915ecd8bb95a07de0044b,gx-no-cache=1521203854745,gx-no-cache=1521204686023 HTTP/1.1" 200 10694
192.168.10.89 - - [16/Mar/2018:09:54:11 -0300] "POST /cormun/servlet/hlogin?a19a48321fca7bddd40672d45903aea9,gx-no-cache=1521204686487 HTTP/1.1" 200 90
192.168.10.89 - - [16/Mar/2018:09:54:11 -0300] "GET /cormun/servlet/hpexe_link HTTP/1.1" 200 949
192.168.10.89 - - [16/Mar/2018:09:54:11 -0300] "GET /cormun/servlet/hhome HTTP/1.1" 200 4920
200.54.247.70 - - [16/Mar/2018:09:54:13 -0300] "POST /cormun/servlet/solicitudot?gx-no-cache=1521204803246 HTTP/1.1" 200 30
192.168.10.89 - - [16/Mar/2018:09:54:15 -0300] "GET /cormun/servlet/trsolicitudgral? HTTP/1.1" 200 29299
192.168.10.96 - - [16/Mar/2018:09:54:17 -0300] "GET /cormun/servlet/trsolicitudgral? HTTP/1.1" 200 11751
192.168.10.96 - - [16/Mar/2018:09:54:18 -0300] "GET /cormun/servlet/trsolicitudgral? HTTP/1.1" 200 11745
192.168.10.96 - - [16/Mar/2018:09:54:27 -0300] "POST /cormun/servlet/trsolicitudgral?f532f42d177a7f7f868e853feb4f7519,,gx-no-cache=1521204703152 HTTP/1.1" 200 10871
186.79.78.167 - - [16/Mar/2018:09:54:30 -0300] "POST /cormun/servlet/trsolicitudot?5d8b585d72a42791d5d8fe0c416df843,,gx-no-cache=1521204822166 HTTP/1.1" 200 107
186.79.78.167 - - [16/Mar/2018:09:54:30 -0300] "GET /cormun/servlet/trsolicitudadjuntos?2018,10525, HTTP/1.1" 200 6028
186.79.78.167 - - [16/Mar/2018:09:54:31 -0300] "GET /cormun/static/gxcfg.js?20177612135366 HTTP/1.1" 304 -
186.79.78.167 - - [16/Mar/2018:09:54:31 -0300] "GET /cormun/servlet/trsolicitudadjuntos?2018,10525, HTTP/1.1" 200 6028
192.168.10.89 - - [16/Mar/2018:09:54:32 -0300] "POST /cormun/servlet/trsolicitudgral?a19a48321fca7bddd40672d45903aea9,,gx-no-cache=1521204707705 HTTP/1.1" 200 7311
186.79.78.167 - - [16/Mar/2018:09:54:36 -0300] "GET /cormun/servlet/solicitudotadjuntos?INS,2018,10525,,1, HTTP/1.1" 200 5974
186.79.78.167 - - [16/Mar/2018:09:54:36 -0300] "GET /cormun/static/gxcfg.js?2017761244068 HTTP/1.1" 304 -
186.79.78.167 - - [16/Mar/2018:09:54:36 -0300] "GET /cormun/static/about:blank HTTP/1.1" 404 1011
186.79.78.167 - - [16/Mar/2018:09:54:37 -0300] "GET /cormun/servlet/solicitudotadjuntos?INS,2018,10525,,1, HTTP/1.1" 200 5966
186.79.78.167 - - [16/Mar/2018:09:54:37 -0300] "GET /cormun/servlet/solicitudotadjuntos?0ebf00c5479364850acc595598038e59d7f6896f62c42a0fcc2fc6872bb27ea8636366423d464962783c56c1d8aba4de,gx-no-cache=1521204829466 HTTP/1.1" 200 30
186.79.78.167 - - [16/Mar/2018:09:54:38 -0300] "POST /cormun/servlet/solicitudotadjuntos?5d8b585d72a42791d5d8fe0c416df843,INS,2018,10525,,1,,gx-no-cache=1521204829665 HTTP/1.1" 200 3795
186.79.78.167 - - [16/Mar/2018:09:54:39 -0300] "POST /cormun/servlet/solicitudotadjuntos?gx-no-cache=1521204831903 HTTP/1.1" 200 26
192.168.10.89 - - [16/Mar/2018:09:54:43 -0300] "GET /cormun/servlet/solicitudgral?UPD,2018,10448, HTTP/1.1" 200 13379
192.168.10.96 - - [16/Mar/2018:09:54:43 -0300] "POST /cormun/servlet/trsolicitudgral?f532f42d177a7f7f868e853feb4f7519,,gx-no-cache=1521204718862 HTTP/1.1" 200 5956
192.168.10.89 - - [16/Mar/2018:09:54:44 -0300] "POST /cormun/servlet/solicitudgral?gx-no-cache=1521204719760 HTTP/1.1" 200 3924
192.168.10.96 - - [16/Mar/2018:09:54:44 -0300] "POST /cormun/servlet/trsolicitudgral?f532f42d177a7f7f868e853feb4f7519,,gx-no-cache=1521204719829 HTTP/1.1" 200 5956
192.168.10.89 - - [16/Mar/2018:09:54:44 -0300] "GET /cormun/servlet/solicitudgral?b7607daaad1ecc83f6791462fccc069eec9a68cce7a156f0f6d568804abdb0d1095eed4b734d7c61eb87f1ed73dc6b617de53006b3374a0204de32f5a89044d66f0570a81c194a47f352f3813fe83a504abd2db1ef483adc8d53b23a52cf8877f6b83f5ed5c92a655b33d5d670f584b86b9a044fab8949097056cfbdac198747e8b12edf8884af74a01094766442acfe6f8d4a128cb361cbb5dd45033fed1fa709954d6cc27a0e07c2167bc139c29009b8f79682701feb434f372f37cfcf35a6e1ddf794dce44b5eba254aa1c39e54ef79fa7662d5905ca384e4922bea88467d511cabf472c34a275e9af3d229d8b1181621db200539ef4988a7c0623a0ca766c2b1c7f1f7e877e5fc63be37f594148186f799a4f35707e18c2320e64ad7dacc9fa3e853a565cffcb2e404f086059538b56f30b64d6f668fbd1139cc194839e3442ad80460f7d45116a26267a9d7eb4a,gx-no-cache=1521204719951 HTTP/1.1" 200 297
192.168.10.96 - - [16/Mar/2018:09:54:48 -0300] "POST /cormun/servlet/trsolicitudgral?f532f42d177a7f7f868e853feb4f7519,,gx-no-cache=1521204723343 HTTP/1.1" 200 7624
192.168.10.61 - - [16/Mar/2018:09:54:56 -0300] "GET /cormun/servlet/vesolicitudgral?2018,10457,, HTTP/1.1" 200 9104
192.168.10.61 - - [16/Mar/2018:09:54:56 -0300] "GET /cormun/pexe_scrolldiv.js HTTP/1.1" 404 1009
192.168.10.61 - - [16/Mar/2018:09:54:56 -0300] "GET /cormun/pexe_scrolldiv.js HTTP/1.1" 404 1009
186.103.159.230 - - [16/Mar/2018:09:54:56 -0300] "GET /cormun/servlet/permisogoce?INS,0,,, HTTP/1.1" 200 6982
192.168.10.61 - - [16/Mar/2018:09:54:56 -0300] "GET /cormun/servlet/vesolicitudgral?2018,10457,, HTTP/1.1" 200 9080
186.103.159.230 - - [16/Mar/2018:09:54:57 -0300] "GET /cormun/servlet/permisogoce?INS,0,,, HTTP/1.1" 200 6982
192.168.10.61 - - [16/Mar/2018:09:54:58 -0300] "POST /cormun/servlet/vesolicitudgral?0983af8861c915ecd8bb95a07de0044b,2018,10457,,,gx-no-cache=1521204733983 HTTP/1.1" 200 12041
192.168.10.61 - - [16/Mar/2018:09:54:58 -0300] "GET /cormun/static/Shared/jqueryui/images/ui-bg_highlight-soft_100_c6c2c8_1x100.png HTTP/1.1" 404 1117
192.168.10.61 - - [16/Mar/2018:09:54:58 -0300] "GET /cormun/static/Shared/jqueryui/images/ui-icons_82798d_256x240.png HTTP/1.1" 404 1089
192.168.10.61 - - [16/Mar/2018:09:54:58 -0300] "GET /cormun/static/Shared/jqueryui/images/ui-bg_flat_55_fafafa_40x100.png HTTP/1.1" 404 1097
