200.54.247.70 - - [16/Mar/2018:11:08:25 -0300] "POST /cormun/servlet/solicitudot?gx-no-cache=1521209255860 HTTP/1.1" 200 30
186.103.132.155 - - [16/Mar/2018:11:08:35 -0300] "POST /cormun/servlet/trcontratosolicitud?d83fb17f4f7fc3cd1a295c6eed0e4f47,,gx-no-cache=1521209261271 HTTP/1.1" 440 972
186.103.132.155 - - [16/Mar/2018:11:08:37 -0300] "GET /cormun/servlet/trcontratosolicitud? HTTP/1.1" 200 5744
186.67.203.186 - - [16/Mar/2018:11:08:38 -0300] "GET /cormun/servlet/hlogin HTTP/1.1" 200 1740
186.103.132.155 - - [16/Mar/2018:11:08:38 -0300] "GET /cormun/servlet/trcontratosolicitud? HTTP/1.1" 200 5744
200.54.247.70 - - [16/Mar/2018:11:08:42 -0300] "GET /cormun/servlet/prcontratosol?10607785,,,,,MD,,gxPopupLevel%3D0%3B HTTP/1.1" 200 8446
200.54.247.70 - - [16/Mar/2018:11:08:47 -0300] "POST /cormun/servlet/solicitudot?gx-no-cache=1521209277265 HTTP/1.1" 200 1337
200.54.247.70 - - [16/Mar/2018:11:08:47 -0300] "POST /cormun/servlet/solicitudot?gx-no-cache=1521209277424 HTTP/1.1" 200 38
186.67.203.186 - - [16/Mar/2018:11:08:47 -0300] "POST /cormun/servlet/hlogin?8890231dd9aacc2622b6641c0a0633cb,gx-no-cache=1521209274416 HTTP/1.1" 200 90
186.67.203.186 - - [16/Mar/2018:11:08:48 -0300] "GET /cormun/servlet/hpexe_link HTTP/1.1" 200 957
186.67.203.186 - - [16/Mar/2018:11:08:48 -0300] "GET /cormun/static/gxcfg.js?20177612121792 HTTP/1.1" 304 -
186.67.203.186 - - [16/Mar/2018:11:08:48 -0300] "GET /cormun/servlet/trcontratosolicitud HTTP/1.1" 200 11855
186.67.203.186 - - [16/Mar/2018:11:08:49 -0300] "GET /cormun/servlet/trcontratosolicitud HTTP/1.1" 200 11859
200.54.247.70 - - [16/Mar/2018:11:08:51 -0300] "GET /cormun/servlet/solicitudot?86da94daa4fefb5a90ce3e0374d793a3f312e7fd7b0c74c8ed391f1117f1b5c4b0fe4f3bd25bf08ee8fb74c354974c22692c914352c017441a1d9c87136b517829f988b27030ab695fc2c949a1c64dcdb050efa4b9d289841fff39ae8baa5992804a5d89b6071561adc8bb1a45bf3509460bb32598f415f65271d148bc3a5826cf253f5e799b94d1dc30f9cbf5f5b68ff1bb2b4758400f04378c76622c0f4256,gx-no-cache=1521209281058 HTTP/1.1" 200 29
200.54.247.70 - - [16/Mar/2018:11:08:52 -0300] "POST /cormun/servlet/solicitudot?gx-no-cache=1521209281130 HTTP/1.1" 200 1319
200.54.247.70 - - [16/Mar/2018:11:08:52 -0300] "POST /cormun/servlet/solicitudot?gx-no-cache=1521209282230 HTTP/1.1" 200 1218
200.54.247.70 - - [16/Mar/2018:11:08:52 -0300] "GET /cormun/servlet/solicitudot?86da94daa4fefb5a90ce3e0374d793a373dc9d267503b1eb6fd6ab08e7b4c5ba7f4811422c66af14a2f1f8185e3ed211,gx-no-cache=1521209282587 HTTP/1.1" 200 134
200.54.247.70 - - [16/Mar/2018:11:08:52 -0300] "GET /cormun/static/Shared/jqueryui/images/ui-icons_82798d_256x240.png HTTP/1.1" 404 1089
200.54.247.70 - - [16/Mar/2018:11:08:52 -0300] "GET /cormun/static/Shared/jqueryui/images/ui-icons_ebccce_256x240.png HTTP/1.1" 404 1089
200.54.247.70 - - [16/Mar/2018:11:08:52 -0300] "GET /cormun/static/Shared/jqueryui/images/ui-bg_flat_55_994d53_40x100.png HTTP/1.1" 404 1097
200.54.247.70 - - [16/Mar/2018:11:08:52 -0300] "GET /cormun/static/Shared/jqueryui/images/ui-bg_highlight-soft_100_c6c2c8_1x100.png HTTP/1.1" 404 1117
200.54.247.70 - - [16/Mar/2018:11:09:01 -0300] "POST /cormun/servlet/solicitudot?gx-no-cache=1521209291214 HTTP/1.1" 200 1319
200.54.247.70 - - [16/Mar/2018:11:09:02 -0300] "POST /cormun/servlet/solicitudot?gx-no-cache=1521209291683 HTTP/1.1" 200 1218
200.54.247.70 - - [16/Mar/2018:11:09:04 -0300] "GET /cormun/static/menuarrow.gif HTTP/1.1" 404 1015
186.79.78.167 - - [16/Mar/2018:11:09:05 -0300] "GET /cormun/servlet/solicitudot?e6e670e86df47512b560fa3e86217d33c63060cfbe8e208e50b5ada7f25c8050bb21a16b24d8b8513fc180d7f02ca066,gx-no-cache=1521209297153 HTTP/1.1" 200 30
186.79.78.167 - - [16/Mar/2018:11:09:05 -0300] "POST /cormun/servlet/solicitudot?gx-no-cache=1521209297452 HTTP/1.1" 200 297
186.79.78.167 - - [16/Mar/2018:11:09:05 -0300] "GET /cormun/servlet/solicitudot?e6e670e86df47512b560fa3e86217d3368103b15d077162d69cf18d3b6552704dae40b80f3e83fde4a01f06bbfa35783dcda5e996043bf256f034cc15d538590bc7be25b38e52b75a36069044937aeb0a0fc626e3d8df07bb03b8880bd29ca50693c1208dfeaff240d5883e500171db8485f1ef939d0d6b3df143ef9d76475e34be077441db039fcbb11b9f53fa52071a9d0717d11f34b452af7e83d29508a4eab4da4a9d071b2f8147c5c6ccb8cb6d8ebd825d1072cc4dd8e822f8ba5dde3aeef17ac2422b6a370f495597acfb3ca5a58b7ef60210d2a6870bc8cf49b63c0af40be33a62026f3ee46445c0e1765ce6c918a5afb94f862d6dcdb8fe3bea911dd8421de7e65a7e708bc8099aa2cee40e20eff35cd4144f77178c85a09ea32b9833b13f2f0d2f7b5612df30ed7cc1af12cca101737c179ca3520e40907dc7387f99828495f43f000e8874ac10fe1ba32c56a7a433632de5902a875cca8691d021458fbc279b8c532785368b1ade77fd6284776e6970ac6ae48920bd6ff595d8629d4ef662e730b9cb5fc6a7fe6ba5db242,gx-no-cache=1521209297621 HTTP/1.1" 200 30
200.54.247.70 - - [16/Mar/2018:11:09:07 -0300] "POST /cormun/servlet/solicitudot?gx-no-cache=1521209297010 HTTP/1.1" 200 1319
200.54.247.70 - - [16/Mar/2018:11:09:07 -0300] "POST /cormun/servlet/solicitudot?gx-no-cache=1521209297097 HTTP/1.1" 200 1218
200.72.197.82 - - [16/Mar/2018:11:09:15 -0300] "POST /cormun/servlet/trcontratosolicitud?8890231dd9aacc2622b6641c0a0633cb,gx-no-cache=1521209295715 HTTP/1.1" 200 9368
200.54.247.70 - - [16/Mar/2018:11:09:17 -0300] "GET /cormun/servlet/solicitudot?86da94daa4fefb5a90ce3e0374d793a3cc98fb6aa0649dff8066275e5f6ae6d77f4811422c66af14a2f1f8185e3ed211,gx-no-cache=1521209307072 HTTP/1.1" 200 30
186.79.78.167 - - [16/Mar/2018:11:09:22 -0300] "POST /cormun/servlet/solicitudot?gx-no-cache=1521209314770 HTTP/1.1" 200 30
200.54.247.70 - - [16/Mar/2018:11:09:23 -0300] "POST /cormun/servlet/solicitudot?gx-no-cache=1521209312966 HTTP/1.1" 200 33
200.72.197.82 - - [16/Mar/2018:11:09:31 -0300] "POST /cormun/servlet/trcontratosolicitud?8890231dd9aacc2622b6641c0a0633cb,gx-no-cache=1521209316128 HTTP/1.1" 200 5487
200.54.247.70 - - [16/Mar/2018:11:10:08 -0300] "POST /cormun/servlet/solicitudot?b3a60b372b95aa3c34641d52a9c9f1ce,INS,0,0,,gx-no-cache=1521209358118 HTTP/1.1" 200 93
200.54.247.70 - - [16/Mar/2018:11:10:12 -0300] "GET /cormun/servlet/hpexe_return? HTTP/1.1" 200 1009
200.54.247.70 - - [16/Mar/2018:11:10:13 -0300] "GET /cormun/servlet/trsolicitudot HTTP/1.1" 200 8811
200.111.122.170 - - [16/Mar/2018:11:10:39 -0300] "GET /cormun/servlet/trcontratounov2? HTTP/1.1" 200 14761
200.111.122.170 - - [16/Mar/2018:11:10:39 -0300] "GET /cormun/static/gxcfg.js?201752512124396 HTTP/1.1" 200 953
186.103.161.206 - - [16/Mar/2018:11:10:39 -0300] "GET /cormun/static/trcontratounov2.js?201752512125146 HTTP/1.1" 200 38486
200.111.122.170 - - [16/Mar/2018:11:10:40 -0300] "GET /cormun/static/Resources/PXToolsAddSelectedAction.png HTTP/1.1" 200 3660
200.111.122.170 - - [16/Mar/2018:11:10:40 -0300] "GET /cormun/servlet/trcontratounov2? HTTP/1.1" 200 14747
192.168.10.97 - - [16/Mar/2018:11:10:53 -0300] "GET /cormun/servlet/solicitudgral?UPD,2018,10364, HTTP/1.1" 200 13000
192.168.10.97 - - [16/Mar/2018:11:10:54 -0300] "GET /cormun/servlet/solicitudgral?UPD,2018,10364, HTTP/1.1" 200 13010
192.168.10.97 - - [16/Mar/2018:11:10:54 -0300] "POST /cormun/servlet/solicitudgral?gx-no-cache=1521209408765 HTTP/1.1" 200 3904
192.168.10.97 - - [16/Mar/2018:11:10:54 -0300] "GET /cormun/servlet/solicitudgral?2d4712d8dc716dd037fbd1f009cfab65ca8ca32ed1cfad030ca7b7b3363fdaee8d1cf1663c01c196adf595defa51e376ef46a31322634bd9e249613a170623b5619a73a59feec9125563774e57cd952bbcf8de2ec9ade9a34f437119639a9cc9ab36f9386beae61d4317b39fefe12b355646f079de524e0907d0d66246f960e82d9ea836c170b60472f8b7fa6e5f9a90bba27891a81dd581e0a76ba04ccf5fec6309aa782a75bcb5d08c4763898a53f0ed8928089139256928ecc73c317d9e10a64581fd36c3ef8bef12b009cbc27431d059e6718d82fbb050f1408b7bdc76425b76d5c20c19f46e95b3330fce91d722a4899b8578e10d611e9747f8f19f27a008d0a9b796d80505607a8185b0de00dfd89ab64038e81adf10a479b1dacc31221dc949b7c1893b33c88f4d86994536ab9f18e2491af9d99c7b5eab55e2a71e15686f7112e4d862bb82f15090573193d2,gx-no-cache=1521209408866 HTTP/1.1" 200 297
186.79.78.167 - - [16/Mar/2018:11:10:57 -0300] "POST /cormun/servlet/solicitudot?gx-no-cache=1521209409332 HTTP/1.1" 200 1334
192.168.10.97 - - [16/Mar/2018:11:11:02 -0300] "GET /cormun/servlet/solicitudgral?2d4712d8dc716dd037fbd1f009cfab65a709bb1d6640d0343c1f9cf32d17d8c68c2188a64c9c6dd926cd12c3e75da48b818a9fdde2156de93b7e0200e4f4c8ea16eb9bb76482c19b74db433d341265cbc555d58f7c48920875a7627ad19164559f3926aafc8a7a845e19d75dd5c6a7b59e2f2226183c567c31a93a7e51ce1c9faa01ce4ae4452262a73a7fd1ce4e349e6737ac2839814f30e9fd9f00ee9dd0800aa01a352f1bf7bf7d2915ba861b3089b43b345125bd9dcdbf177953a0f4d76e7d39523dd7cf95aa275e1da583210cef0577e3b573aa37ee54b66f7703fc262d64333110b0bcf4015c7b28826c9e5e6dd18955e917f9d35e1e9d55370c2ec5a8c208e3ad8fe6b17802b5296fd4c13d0ee523e332b252dc18469f75ccc9835c32b0e0458f7a6a7ca7eb5300b04ac405fe7bd409fd201f483c1cf7fb953c749635d7ed4236501d0584dba497a465ab31962e20a3f18947be1c687e25b3aa5717f3f7359b1fab50bcc7ed757074fb9b372ae081bc6057f6aacdfa7aa7b280bb0c54868a113b35c927717948227d4d103bd8b6d22ff804096e47fc65404804f68be8d06f5f5f535b68baec6d3bb045a5c693,gx-no-cache=1521209416517 HTTP/1.1" 200 48
186.79.78.167 - - [16/Mar/2018:11:11:03 -0300] "GET /cormun/servlet/prfichaempleado?,MD,,gxPopupLevel%3D0%3B HTTP/1.1" 200 9276
200.72.197.82 - - [16/Mar/2018:11:11:07 -0300] "POST /cormun/servlet/trcontratounov2?8890231dd9aacc2622b6641c0a0633cb,,gx-no-cache=1521209413601 HTTP/1.1" 200 104
200.72.197.82 - - [16/Mar/2018:11:11:07 -0300] "GET /cormun/ContratoUnoV3-845.xls HTTP/1.1" 200 12288
192.168.10.97 - - [16/Mar/2018:11:11:12 -0300] "POST /cormun/servlet/solicitudgral?5f7c9d74711ab8c907db934264a161d1,UPD,2018,10364,,gx-no-cache=1521209427024 HTTP/1.1" 200 11816
186.67.164.142 - - [16/Mar/2018:11:11:28 -0300] "POST /cormun/servlet/solicitudot?b250b86d81c4c90df6aef0a1ce9fdcbf,INS,0,0,,gx-no-cache=1521209436578 HTTP/1.1" 200 11817
186.67.164.142 - - [16/Mar/2018:11:11:28 -0300] "POST /cormun/servlet/solicitudot?b250b86d81c4c90df6aef0a1ce9fdcbf,INS,0,0,,gx-no-cache=1521209437962 HTTP/1.1" 200 11862
192.168.10.89 - - [16/Mar/2018:11:12:34 -0300] "POST /cormun/servlet/trsolicitudgral?8677115a415f1b1a025da73e8c6a6b05,,gx-no-cache=1521209389501 HTTP/1.1" 200 10585
192.168.10.89 - - [16/Mar/2018:11:12:42 -0300] "POST /cormun/servlet/trsolicitudgral?8677115a415f1b1a025da73e8c6a6b05,,gx-no-cache=1521209397557 HTTP/1.1" 200 7301
186.79.78.167 - - [16/Mar/2018:11:14:15 -0300] "POST /cormun/servlet/solicitudot?gx-no-cache=1521209607065 HTTP/1.1" 200 1334
186.79.78.167 - - [16/Mar/2018:11:14:16 -0300] "POST /cormun/servlet/solicitudot?gx-no-cache=1521209607819 HTTP/1.1" 200 118
186.79.78.167 - - [16/Mar/2018:11:14:46 -0300] "POST /cormun/servlet/solicitudot?gx-no-cache=1521209637468 HTTP/1.1" 200 41
186.79.78.167 - - [16/Mar/2018:11:15:20 -0300] "GET /cormun/servlet/solicitudot?e6e670e86df47512b560fa3e86217d33bdd60ebf332e52c22e42ff28119739c5da4bc14e12cb3f68241245850efd7ae3d566883ded88bcb3e5fb6c2e5c193f864765f74c87aa260161db755144abd4c29c738a2ba6b15d0ec0083a285801f5c5aa3d831765e5cd46bfc8ab8464409523,gx-no-cache=1521209672237 HTTP/1.1" 200 29
186.79.78.167 - - [16/Mar/2018:11:15:20 -0300] "POST /cormun/servlet/solicitudot?gx-no-cache=1521209672552 HTTP/1.1" 200 1317
186.79.78.167 - - [16/Mar/2018:11:15:21 -0300] "POST /cormun/servlet/solicitudot?gx-no-cache=1521209673003 HTTP/1.1" 200 1218
192.168.10.96 - - [16/Mar/2018:11:15:24 -0300] "GET /cormun/servlet/trsolicitudgral? HTTP/1.1" 200 16781
192.168.10.96 - - [16/Mar/2018:11:15:24 -0300] "GET /cormun/servlet/trsolicitudgral? HTTP/1.1" 200 16780
192.168.10.96 - - [16/Mar/2018:11:16:06 -0300] "POST /cormun/servlet/trsolicitudgral?f532f42d177a7f7f868e853feb4f7519,,gx-no-cache=1521209601603 HTTP/1.1" 200 17453
186.79.78.167 - - [16/Mar/2018:11:16:38 -0300] "POST /cormun/servlet/solicitudot?gx-no-cache=1521209749866 HTTP/1.1" 200 1334
186.79.78.167 - - [16/Mar/2018:11:16:38 -0300] "POST /cormun/servlet/solicitudot?gx-no-cache=1521209750480 HTTP/1.1" 200 1317
186.79.78.167 - - [16/Mar/2018:11:16:38 -0300] "POST /cormun/servlet/solicitudot?gx-no-cache=1521209750827 HTTP/1.1" 200 1218
186.79.78.167 - - [16/Mar/2018:11:16:39 -0300] "GET /cormun/servlet/solicitudot?e6e670e86df47512b560fa3e86217d336db5b7d125fc0136bee7f14ffdd7ad7836536e18eec6dacd5ea70b9176a038ef,gx-no-cache=1521209751179 HTTP/1.1" 200 134
186.79.78.167 - - [16/Mar/2018:11:16:39 -0300] "POST /cormun/servlet/solicitudot?gx-no-cache=1521209751394 HTTP/1.1" 200 120
186.79.78.167 - - [16/Mar/2018:11:16:45 -0300] "GET /cormun/static/menuarrow.gif HTTP/1.1" 404 1015
186.79.78.167 - - [16/Mar/2018:11:17:28 -0300] "GET /cormun/servlet/solicitudot?e6e670e86df47512b560fa3e86217d33722069eee42f0507405e1133ac85cf95f820870a68f16d67bc2b3713b74b1b66,gx-no-cache=1521209800586 HTTP/1.1" 200 30
186.79.78.167 - - [16/Mar/2018:11:17:36 -0300] "POST /cormun/servlet/solicitudot?gx-no-cache=1521209808502 HTTP/1.1" 200 34
186.103.159.46 - - [16/Mar/2018:11:17:38 -0300] "POST /cormun/servlet/trvisualizadoreventos?5d11829a6aa29bde729372c7b059da48,,gx-no-cache=1521209804373 HTTP/1.1" 200 4638
186.103.159.46 - - [16/Mar/2018:11:17:52 -0300] "POST /cormun/servlet/trvisualizadoreventos?5d11829a6aa29bde729372c7b059da48,,gx-no-cache=1521209821563 HTTP/1.1" 200 4659
186.103.159.46 - - [16/Mar/2018:11:18:00 -0300] "POST /cormun/servlet/trvisualizadoreventos?5d11829a6aa29bde729372c7b059da48,,gx-no-cache=1521209829149 HTTP/1.1" 200 4472
186.103.159.189 - - [16/Mar/2018:11:18:20 -0300] "GET /cormun/servlet/hlogin HTTP/1.1" 200 1710
186.103.159.189 - - [16/Mar/2018:11:18:20 -0300] "GET /cormun/static/gxcfg.js?20175251213516 HTTP/1.1" 304 -
186.103.159.189 - - [16/Mar/2018:11:18:21 -0300] "GET /cormun/servlet/hlogin HTTP/1.1" 200 1721
186.79.1.135 - - [16/Mar/2018:11:18:35 -0300] "GET /cormun/servlet/hlogin HTTP/1.1" 200 1722
186.79.1.135 - - [16/Mar/2018:11:18:35 -0300] "GET /cormun/static/gxtimezone.js?85251 HTTP/1.1" 304 -
186.79.1.135 - - [16/Mar/2018:11:18:35 -0300] "GET /cormun/static/gxcfg.js?20175251213516 HTTP/1.1" 304 -
186.79.1.135 - - [16/Mar/2018:11:18:35 -0300] "GET /cormun/static/messages.spa.js?85251 HTTP/1.1" 304 -
186.79.1.135 - - [16/Mar/2018:11:18:35 -0300] "GET /cormun/servlet/hlogin HTTP/1.1" 200 1730
186.79.1.135 - - [16/Mar/2018:11:18:35 -0300] "GET /favicon.ico HTTP/1.1" 200 21630
186.79.1.135 - - [16/Mar/2018:11:18:48 -0300] "POST /cormun/servlet/hlogin?5443e629efb782cd54e724f0333a55d5,gx-no-cache=1521209886455 HTTP/1.1" 200 90
186.103.159.189 - - [16/Mar/2018:11:18:49 -0300] "POST /cormun/servlet/hlogin?df5f5f7ba35c6f0a780467171a33b6f3,gx-no-cache=1521209879666 HTTP/1.1" 200 90
186.79.1.135 - - [16/Mar/2018:11:18:49 -0300] "GET /cormun/servlet/hpexe_link HTTP/1.1" 200 950
186.79.1.135 - - [16/Mar/2018:11:18:49 -0300] "GET /cormun/static/gxcfg.js?20177612121792 HTTP/1.1" 304 -
186.103.159.189 - - [16/Mar/2018:11:18:49 -0300] "GET /cormun/servlet/hpexe_link HTTP/1.1" 200 944
186.103.159.189 - - [16/Mar/2018:11:18:49 -0300] "GET /cormun/static/gxcfg.js?20177612121792 HTTP/1.1" 304 -
186.79.1.135 - - [16/Mar/2018:11:18:49 -0300] "GET /cormun/servlet/hhome HTTP/1.1" 200 3980
186.103.159.189 - - [16/Mar/2018:11:18:49 -0300] "GET /cormun/servlet/hhome HTTP/1.1" 200 3978
186.103.159.189 - - [16/Mar/2018:11:18:50 -0300] "GET /cormun/static/gxcfg.js?20175251212442 HTTP/1.1" 304 -
186.79.1.135 - - [16/Mar/2018:11:18:50 -0300] "GET /cormun/static/gxcfg.js?20175251212442 HTTP/1.1" 304 -
186.79.1.135 - - [16/Mar/2018:11:18:50 -0300] "GET /cormun/servlet/hhome HTTP/1.1" 200 3976
186.103.159.46 - - [16/Mar/2018:11:19:03 -0300] "GET /cormun/servlet/trvisualizadoreventos? HTTP/1.1" 200 7215
186.103.159.46 - - [16/Mar/2018:11:19:03 -0300] "GET /cormun/servlet/trvisualizadoreventos? HTTP/1.1" 200 7215
186.103.159.46 - - [16/Mar/2018:11:19:08 -0300] "POST /cormun/servlet/trvisualizadoreventos?5d11829a6aa29bde729372c7b059da48,,gx-no-cache=1521209898098 HTTP/1.1" 200 4400
186.103.159.46 - - [16/Mar/2018:11:19:10 -0300] "POST /cormun/servlet/trvisualizadoreventos?5d11829a6aa29bde729372c7b059da48,,gx-no-cache=1521209900435 HTTP/1.1" 200 4400
186.103.159.46 - - [16/Mar/2018:11:19:17 -0300] "GET /cormun/servlet/solicitudot?f60f304e5e9e426f197506d607074e0c8ad60d9b41df71042bbb156448f4a88f,gx-no-cache=1521209906705 HTTP/1.1" 200 30
186.103.159.46 - - [16/Mar/2018:11:19:17 -0300] "GET /cormun/static/menuarrow.gif HTTP/1.1" 404 1015
186.79.78.167 - - [16/Mar/2018:11:19:20 -0300] "GET /cormun/servlet/solicitudot?e6e670e86df47512b560fa3e86217d33722069eee42f0507405e1133ac85cf95da25dec538ce7957a844a925c99d7da3,gx-no-cache=1521209912683 HTTP/1.1" 200 30
186.103.159.204 - - [16/Mar/2018:11:19:38 -0300] "POST /cormun/servlet/trsolicitudot?43db64710f0ff9d44377aac226591a71,,gx-no-cache=1521209920603 HTTP/1.1" 200 6932
186.103.159.204 - - [16/Mar/2018:11:20:02 -0300] "POST /cormun/servlet/trsolicitudot?43db64710f0ff9d44377aac226591a71,,gx-no-cache=1521209944889 HTTP/1.1" 200 6932
186.79.78.167 - - [16/Mar/2018:11:20:08 -0300] "POST /cormun/servlet/solicitudot?gx-no-cache=1521209960582 HTTP/1.1" 200 34
186.79.78.167 - - [16/Mar/2018:11:20:10 -0300] "POST /cormun/servlet/solicitudot?072e081886ca637e3b9afb1fe44f3340,INS,0,0,,gx-no-cache=1521209960855 HTTP/1.1" 200 93
186.79.78.167 - - [16/Mar/2018:11:20:10 -0300] "GET /cormun/servlet/hpexe_return? HTTP/1.1" 200 1011
186.79.78.167 - - [16/Mar/2018:11:20:10 -0300] "GET /cormun/servlet/trsolicitudot HTTP/1.1" 200 8580
186.79.78.167 - - [16/Mar/2018:11:20:11 -0300] "GET /cormun/servlet/trsolicitudot HTTP/1.1" 200 8576
186.79.78.167 - - [16/Mar/2018:11:20:22 -0300] "POST /cormun/servlet/trsolicitudot?072e081886ca637e3b9afb1fe44f3340,gx-no-cache=1521209973920 HTTP/1.1" 200 107
186.79.78.167 - - [16/Mar/2018:11:20:22 -0300] "GET /cormun/servlet/trsolicitudadjuntos?2018,10562, HTTP/1.1" 200 6036
186.79.78.167 - - [16/Mar/2018:11:20:23 -0300] "GET /cormun/servlet/trsolicitudadjuntos?2018,10562, HTTP/1.1" 200 6036
186.79.78.167 - - [16/Mar/2018:11:20:29 -0300] "GET /cormun/servlet/solicitudotadjuntos?INS,2018,10562,,1, HTTP/1.1" 200 5978
186.79.78.167 - - [16/Mar/2018:11:20:29 -0300] "GET /cormun/static/about:blank HTTP/1.1" 404 1011
186.79.78.167 - - [16/Mar/2018:11:20:30 -0300] "GET /cormun/servlet/solicitudotadjuntos?INS,2018,10562,,1, HTTP/1.1" 200 5971
186.79.78.167 - - [16/Mar/2018:11:20:30 -0300] "GET /cormun/servlet/solicitudotadjuntos?e6e670e86df47512b560fa3e86217d33c22ba0bae1aff5453fb376a0416dd16276743065124681a1ab0b54fab8fdf670,gx-no-cache=1521209982695 HTTP/1.1" 200 30
186.79.78.167 - - [16/Mar/2018:11:20:31 -0300] "POST /cormun/servlet/solicitudotadjuntos?072e081886ca637e3b9afb1fe44f3340,INS,2018,10562,,1,,gx-no-cache=1521209982918 HTTP/1.1" 200 3799
186.79.78.167 - - [16/Mar/2018:11:20:34 -0300] "POST /cormun/servlet/solicitudotadjuntos?gx-no-cache=1521209986948 HTTP/1.1" 200 26
186.103.159.204 - - [16/Mar/2018:11:20:39 -0300] "GET /cormun/servlet/hhome HTTP/1.1" 200 3862
186.103.159.204 - - [16/Mar/2018:11:20:40 -0300] "GET /cormun/servlet/hhome HTTP/1.1" 200 3859
186.103.159.204 - - [16/Mar/2018:11:20:41 -0300] "GET /cormun/servlet/hlogin HTTP/1.1" 200 1733
186.103.159.46 - - [16/Mar/2018:11:20:44 -0300] "GET /cormun/servlet/trvisualizadoreventos? HTTP/1.1" 200 7163
186.103.159.46 - - [16/Mar/2018:11:20:45 -0300] "GET /cormun/servlet/trvisualizadoreventos? HTTP/1.1" 200 7163
186.103.159.46 - - [16/Mar/2018:11:20:48 -0300] "GET /cormun/servlet/trcontratoobservacion? HTTP/1.1" 200 6892
186.103.159.46 - - [16/Mar/2018:11:20:48 -0300] "GET /cormun/static/gxcfg.js?2017525126861 HTTP/1.1" 200 953
186.103.159.46 - - [16/Mar/2018:11:20:48 -0300] "GET /cormun/static/trcontratoobservacion.js?20175251261223 HTTP/1.1" 200 25148
186.103.159.46 - - [16/Mar/2018:11:20:48 -0300] "GET /cormun/servlet/trcontratoobservacion? HTTP/1.1" 200 6891
186.103.159.204 - - [16/Mar/2018:11:20:49 -0300] "POST /cormun/servlet/hlogin?43db64710f0ff9d44377aac226591a71,gx-no-cache=1521209991553 HTTP/1.1" 200 90
186.103.159.204 - - [16/Mar/2018:11:20:49 -0300] "GET /cormun/servlet/hpexe_link HTTP/1.1" 200 955
186.103.159.204 - - [16/Mar/2018:11:20:49 -0300] "GET /cormun/servlet/hhome HTTP/1.1" 200 3862
186.103.159.204 - - [16/Mar/2018:11:20:49 -0300] "GET /cormun/servlet/hhome HTTP/1.1" 200 3859
186.103.159.204 - - [16/Mar/2018:11:20:58 -0300] "GET /cormun/servlet/trsolicitudot? HTTP/1.1" 200 9706
186.103.159.204 - - [16/Mar/2018:11:20:59 -0300] "GET /cormun/servlet/trsolicitudot? HTTP/1.1" 200 9705
186.103.159.46 - - [16/Mar/2018:11:21:03 -0300] "POST /cormun/servlet/trcontratoobservacion?5d11829a6aa29bde729372c7b059da48,,gx-no-cache=1521210012802 HTTP/1.1" 200 3739
186.79.78.167 - - [16/Mar/2018:11:21:07 -0300] "GET /cormun/servlet/solicitudotadjuntos?e6e670e86df47512b560fa3e86217d3335e1fd1991714a17f41b32d2ece7e5f1,gx-no-cache=1521210019542 HTTP/1.1" 200 30
186.79.78.167 - - [16/Mar/2018:11:21:07 -0300] "GET /cormun/servlet/solicitudotadjuntos?e6e670e86df47512b560fa3e86217d3335e1fd1991714a17f41b32d2ece7e5f1,gx-no-cache=1521210019853 HTTP/1.1" 200 30
186.103.159.204 - - [16/Mar/2018:11:21:07 -0300] "POST /cormun/servlet/trsolicitudot?43db64710f0ff9d44377aac226591a71,,gx-no-cache=1521210009948 HTTP/1.1" 200 6932
186.103.159.204 - - [16/Mar/2018:11:21:09 -0300] "POST /cormun/servlet/trsolicitudot?43db64710f0ff9d44377aac226591a71,,gx-no-cache=1521210011288 HTTP/1.1" 200 6932
186.103.159.46 - - [16/Mar/2018:11:21:10 -0300] "POST /cormun/servlet/trcontratoobservacion?5d11829a6aa29bde729372c7b059da48,,gx-no-cache=1521210019531 HTTP/1.1" 200 3737
186.103.159.46 - - [16/Mar/2018:11:21:12 -0300] "GET /cormun/servlet/trvisualizadoreventos? HTTP/1.1" 200 7164
186.103.159.46 - - [16/Mar/2018:11:21:13 -0300] "GET /cormun/servlet/trvisualizadoreventos? HTTP/1.1" 200 7163
186.103.159.204 - - [16/Mar/2018:11:21:14 -0300] "GET /cormun/servlet/solicitudot?INS,0,0, HTTP/1.1" 200 13315
186.103.159.204 - - [16/Mar/2018:11:21:14 -0300] "GET /cormun/static/gxcfg.js?201812313224582 HTTP/1.1" 304 -
186.103.159.204 - - [16/Mar/2018:11:21:14 -0300] "GET /cormun/servlet/solicitudot?INS,0,0, HTTP/1.1" 200 13320
186.79.78.167 - - [16/Mar/2018:11:21:15 -0300] "POST /cormun/servlet/solicitudotadjuntos?072e081886ca637e3b9afb1fe44f3340,INS,2018,10562,,1, HTTP/1.1" 200 116
186.79.78.167 - - [16/Mar/2018:11:21:15 -0300] "GET /cormun/servlet/hpexe_return? HTTP/1.1" 200 1028
186.79.78.167 - - [16/Mar/2018:11:21:15 -0300] "GET /cormun/servlet/trsolicitudadjuntos?2018,10562, HTTP/1.1" 200 8447
186.79.78.167 - - [16/Mar/2018:11:21:16 -0300] "GET /cormun/servlet/trsolicitudadjuntos?2018,10562, HTTP/1.1" 200 8443
186.103.159.46 - - [16/Mar/2018:11:21:22 -0300] "POST /cormun/servlet/trvisualizadoreventos?5d11829a6aa29bde729372c7b059da48,,gx-no-cache=1521210032223 HTTP/1.1" 200 6266
186.79.1.135 - - [16/Mar/2018:11:21:22 -0300] "GET /cormun/servlet/hlogin HTTP/1.1" 200 1722
186.79.78.167 - - [16/Mar/2018:11:21:59 -0300] "GET /cormun/servlet/solicitudotadjuntos?INS,2018,10562,,1, HTTP/1.1" 200 5978
186.79.78.167 - - [16/Mar/2018:11:22:00 -0300] "GET /cormun/static/about:blank HTTP/1.1" 404 1011
186.79.78.167 - - [16/Mar/2018:11:22:00 -0300] "GET /cormun/servlet/solicitudotadjuntos?INS,2018,10562,,1, HTTP/1.1" 200 5971
186.79.78.167 - - [16/Mar/2018:11:22:01 -0300] "GET /cormun/servlet/solicitudotadjuntos?e6e670e86df47512b560fa3e86217d33c22ba0bae1aff5453fb376a0416dd16276743065124681a1ab0b54fab8fdf670,gx-no-cache=1521210073114 HTTP/1.1" 200 30
186.79.78.167 - - [16/Mar/2018:11:22:02 -0300] "POST /cormun/servlet/solicitudotadjuntos?072e081886ca637e3b9afb1fe44f3340,INS,2018,10562,,1,,gx-no-cache=1521210073450 HTTP/1.1" 200 3799
186.79.78.167 - - [16/Mar/2018:11:22:08 -0300] "POST /cormun/servlet/solicitudotadjuntos?gx-no-cache=1521210080290 HTTP/1.1" 200 26
186.79.78.167 - - [16/Mar/2018:11:22:42 -0300] "GET /cormun/servlet/solicitudotadjuntos?e6e670e86df47512b560fa3e86217d3335e1fd1991714a17f41b32d2ece7e5f1,gx-no-cache=1521210114605 HTTP/1.1" 200 30
186.79.78.167 - - [16/Mar/2018:11:22:42 -0300] "GET /cormun/servlet/solicitudotadjuntos?e6e670e86df47512b560fa3e86217d3335e1fd1991714a17f41b32d2ece7e5f1,gx-no-cache=1521210114908 HTTP/1.1" 200 30
186.103.159.46 - - [16/Mar/2018:11:22:46 -0300] "POST /cormun/servlet/trvisualizadoreventos?5d11829a6aa29bde729372c7b059da48,,gx-no-cache=1521210115521 HTTP/1.1" 200 5897
186.103.159.46 - - [16/Mar/2018:11:22:52 -0300] "POST /cormun/servlet/trvisualizadoreventos?5d11829a6aa29bde729372c7b059da48,,gx-no-cache=1521210122060 HTTP/1.1" 200 6047
186.79.78.167 - - [16/Mar/2018:11:22:53 -0300] "POST /cormun/servlet/solicitudotadjuntos?072e081886ca637e3b9afb1fe44f3340,INS,2018,10562,,1, HTTP/1.1" 200 116
186.79.78.167 - - [16/Mar/2018:11:22:53 -0300] "GET /cormun/servlet/hpexe_return? HTTP/1.1" 200 1028
186.79.78.167 - - [16/Mar/2018:11:22:53 -0300] "GET /cormun/servlet/trsolicitudadjuntos?2018,10562, HTTP/1.1" 200 8692
186.79.78.167 - - [16/Mar/2018:11:22:55 -0300] "GET /cormun/servlet/trsolicitudadjuntos?2018,10562, HTTP/1.1" 200 8691
186.79.78.167 - - [16/Mar/2018:11:22:59 -0300] "GET /cormun/servlet/solicitudotadjuntos?INS,2018,10562,,1, HTTP/1.1" 200 5978
186.79.78.167 - - [16/Mar/2018:11:22:59 -0300] "GET /cormun/static/about:blank HTTP/1.1" 404 1011
186.79.78.167 - - [16/Mar/2018:11:23:00 -0300] "GET /cormun/servlet/solicitudotadjuntos?INS,2018,10562,,1, HTTP/1.1" 200 5972
186.79.78.167 - - [16/Mar/2018:11:23:00 -0300] "GET /cormun/servlet/solicitudotadjuntos?e6e670e86df47512b560fa3e86217d33c22ba0bae1aff5453fb376a0416dd16276743065124681a1ab0b54fab8fdf670,gx-no-cache=1521210132559 HTTP/1.1" 200 30
186.79.78.167 - - [16/Mar/2018:11:23:00 -0300] "POST /cormun/servlet/solicitudotadjuntos?072e081886ca637e3b9afb1fe44f3340,INS,2018,10562,,1,,gx-no-cache=1521210132702 HTTP/1.1" 200 3799
186.79.78.167 - - [16/Mar/2018:11:23:04 -0300] "POST /cormun/servlet/solicitudotadjuntos?gx-no-cache=1521210136308 HTTP/1.1" 200 26
186.79.1.135 - - [16/Mar/2018:11:23:10 -0300] "POST /cormun/servlet/hlogin?5443e629efb782cd54e724f0333a55d5,gx-no-cache=1521210147750 HTTP/1.1" 200 90
186.79.1.135 - - [16/Mar/2018:11:23:10 -0300] "GET /cormun/servlet/hpexe_link HTTP/1.1" 200 950
186.79.1.135 - - [16/Mar/2018:11:23:10 -0300] "GET /cormun/servlet/hhome HTTP/1.1" 200 3980
186.79.1.135 - - [16/Mar/2018:11:23:11 -0300] "GET /cormun/servlet/hhome HTTP/1.1" 200 3976
186.79.1.135 - - [16/Mar/2018:11:23:14 -0300] "GET /cormun/servlet/trsolicitudot? HTTP/1.1" 200 7194
186.79.1.135 - - [16/Mar/2018:11:23:15 -0300] "GET /cormun/static/gxdec.js?85251 HTTP/1.1" 304 -
186.79.1.135 - - [16/Mar/2018:11:23:15 -0300] "GET /cormun/servlet/trsolicitudot? HTTP/1.1" 200 7193
186.103.159.46 - - [16/Mar/2018:11:23:16 -0300] "POST /cormun/servlet/trvisualizadoreventos?5d11829a6aa29bde729372c7b059da48,,gx-no-cache=1521210145579 HTTP/1.1" 200 5897
186.79.1.135 - - [16/Mar/2018:11:23:20 -0300] "GET /cormun/servlet/solicitudot?INS,0,0, HTTP/1.1" 200 13416
186.79.1.135 - - [16/Mar/2018:11:23:20 -0300] "GET /cormun/static/gxcfg.js?201812313224582 HTTP/1.1" 200 953
186.79.1.135 - - [16/Mar/2018:11:23:20 -0300] "GET /cormun/static/solicitudot.js?201812313224831 HTTP/1.1" 304 -
186.79.1.135 - - [16/Mar/2018:11:23:21 -0300] "GET /cormun/servlet/solicitudot?INS,0,0, HTTP/1.1" 200 13421
186.79.1.135 - - [16/Mar/2018:11:23:23 -0300] "GET /cormun/servlet/prfichaempleado?,MD,,gxPopupLevel%3D0%3B HTTP/1.1" 200 9335
186.79.1.135 - - [16/Mar/2018:11:23:24 -0300] "GET /cormun/static/gxcfg.js?20177612134814 HTTP/1.1" 304 -
186.103.159.46 - - [16/Mar/2018:11:23:42 -0300] "POST /cormun/servlet/trvisualizadoreventos?5d11829a6aa29bde729372c7b059da48,,gx-no-cache=1521210171317 HTTP/1.1" 200 5992
186.79.1.135 - - [16/Mar/2018:11:23:42 -0300] "POST /cormun/servlet/prfichaempleado?5443e629efb782cd54e724f0333a55d5,,MD,,gxPopupLevel%3D0%3B,gx-no-cache=1521210179467 HTTP/1.1" 200 3423
186.79.78.167 - - [16/Mar/2018:11:23:42 -0300] "GET /cormun/servlet/solicitudotadjuntos?e6e670e86df47512b560fa3e86217d3335e1fd1991714a17f41b32d2ece7e5f1,gx-no-cache=1521210174822 HTTP/1.1" 200 30
186.79.78.167 - - [16/Mar/2018:11:23:43 -0300] "GET /cormun/servlet/solicitudotadjuntos?e6e670e86df47512b560fa3e86217d3335e1fd1991714a17f41b32d2ece7e5f1,gx-no-cache=1521210175157 HTTP/1.1" 200 30
186.79.1.135 - - [16/Mar/2018:11:23:46 -0300] "POST /cormun/servlet/solicitudot?gx-no-cache=1521210183966 HTTP/1.1" 200 3409
186.79.1.135 - - [16/Mar/2018:11:23:47 -0300] "POST /cormun/servlet/solicitudot?5443e629efb782cd54e724f0333a55d5,INS,0,0,,gx-no-cache=1521210184419 HTTP/1.1" 200 10389
186.79.1.135 - - [16/Mar/2018:11:23:47 -0300] "GET /cormun/servlet/solicitudot?aef1037112cf32d3bc7050a5e5bc65d0807c871f68f345ec5ca8ef3454eb75ecca70399f37a97c2e04a56dc423b51005,gx-no-cache=1521210185034 HTTP/1.1" 200 30
186.79.1.135 - - [16/Mar/2018:11:23:49 -0300] "GET /cormun/servlet/solicitudot?aef1037112cf32d3bc7050a5e5bc65d0f9bbd47c6b504f9d128e6279124dcc3d1c3c0939951f987e3d1f8a6a684d957971c1dfaac6809885d3f10ade18b3b833,gx-no-cache=1521210186943 HTTP/1.1" 200 30
186.79.1.135 - - [16/Mar/2018:11:23:49 -0300] "GET /cormun/servlet/solicitudot?aef1037112cf32d3bc7050a5e5bc65d01ef97dc3bb08b623a953446e40592d7a,gx-no-cache=1521210187079 HTTP/1.1" 200 53
186.79.1.135 - - [16/Mar/2018:11:23:49 -0300] "POST /cormun/servlet/solicitudot?gx-no-cache=1521210187231 HTTP/1.1" 200 255
186.79.1.135 - - [16/Mar/2018:11:23:49 -0300] "GET /cormun/servlet/solicitudot?aef1037112cf32d3bc7050a5e5bc65d0ec846e382eb5d4f2fdd6f4a305f448711243fc175215d791a84e7fb42d4a9b3d276fa85aa9c8a94a8062df45266e7a16892a180d34b47b71ba40a20ecbeae5fa3f8d667b71c954bae7a1eef479f459e902abe5f1a83722221b6ea362114005d3b27e4f0bea884525accc2f063e337c1504c781cf1c29a6c6a17131547c0e0574555bb40dae37813583be8544a0c6b631f6eb8193dc7cf2d94f7cf65a344d2ba7ccfa18d5f7fa89d72c4489da2d888551fabfe8842ec7839566eb46ee471cbf23098d473ef1a7e56b6189bfa6ea1a0a0ffede5a4600e51985de2ca3f34bff0b1d5f34a5564e2e75f2f94c90b4f1465ea11a51862617604144ce25e5743b3901932b9c35669d4e455e1e779a35acf245ec648c7640f2a50122106db00ba7cf527d557063243e9c3c2c8d128bf0656d372f8bd986a818088cb7fa56683c38977f95cd65a5a59b159300bfdfd294dde41ae0f42fb1a00800006003e16758293b3447c0bd78f68a906f5b05066b4dbbd0b302,gx-no-cache=1521210187407 HTTP/1.1" 200 30
186.79.78.167 - - [16/Mar/2018:11:23:50 -0300] "POST /cormun/servlet/solicitudotadjuntos?072e081886ca637e3b9afb1fe44f3340,INS,2018,10562,,1, HTTP/1.1" 200 116
186.79.78.167 - - [16/Mar/2018:11:23:50 -0300] "GET /cormun/servlet/hpexe_return? HTTP/1.1" 200 1028
186.79.78.167 - - [16/Mar/2018:11:23:51 -0300] "GET /cormun/servlet/trsolicitudadjuntos?2018,10562, HTTP/1.1" 200 8897
186.79.78.167 - - [16/Mar/2018:11:23:51 -0300] "GET /cormun/servlet/trsolicitudadjuntos?2018,10562, HTTP/1.1" 200 8897
186.79.1.135 - - [16/Mar/2018:11:23:53 -0300] "POST /cormun/servlet/solicitudot?gx-no-cache=1521210190744 HTTP/1.1" 200 30
186.103.159.46 - - [16/Mar/2018:11:23:54 -0300] "POST /cormun/servlet/trvisualizadoreventos?5d11829a6aa29bde729372c7b059da48,,gx-no-cache=1521210183965 HTTP/1.1" 200 6206
186.79.78.167 - - [16/Mar/2018:11:23:55 -0300] "GET /cormun/servlet/solicitudotadjuntos?INS,2018,10562,,1, HTTP/1.1" 200 5977
186.79.78.167 - - [16/Mar/2018:11:23:55 -0300] "GET /cormun/static/about:blank HTTP/1.1" 404 1011
186.79.78.167 - - [16/Mar/2018:11:23:56 -0300] "GET /cormun/servlet/solicitudotadjuntos?INS,2018,10562,,1, HTTP/1.1" 200 5971
186.79.78.167 - - [16/Mar/2018:11:23:56 -0300] "GET /cormun/servlet/solicitudotadjuntos?e6e670e86df47512b560fa3e86217d33c22ba0bae1aff5453fb376a0416dd16276743065124681a1ab0b54fab8fdf670,gx-no-cache=1521210188602 HTTP/1.1" 200 30
186.79.78.167 - - [16/Mar/2018:11:23:56 -0300] "POST /cormun/servlet/solicitudotadjuntos?072e081886ca637e3b9afb1fe44f3340,INS,2018,10562,,1,,gx-no-cache=1521210188740 HTTP/1.1" 200 3799
186.79.78.167 - - [16/Mar/2018:11:23:58 -0300] "POST /cormun/servlet/solicitudotadjuntos?gx-no-cache=1521210190943 HTTP/1.1" 200 26
192.168.10.56 - - [16/Mar/2018:11:24:01 -0300] "POST /cormun/servlet/trsolicitudgral?531c3d7aec22bf39617690999a58ceb8,,gx-no-cache=1521210077038 HTTP/1.1" 440 972
186.79.1.135 - - [16/Mar/2018:11:24:02 -0300] "GET /cormun/servlet/prsolicitudot?15993422,,,,,MD,,gxPopupLevel%3D0%3B HTTP/1.1" 200 6798
186.79.1.135 - - [16/Mar/2018:11:24:02 -0300] "GET /cormun/static/gxcfg.js?2017111422591492 HTTP/1.1" 200 953
186.79.1.135 - - [16/Mar/2018:11:24:02 -0300] "GET /cormun/static/prsolicitudot.js?2017111422591715 HTTP/1.1" 200 13680
192.168.10.56 - - [16/Mar/2018:11:24:03 -0300] "GET /cormun/servlet/trsolicitudgral? HTTP/1.1" 500 10
192.168.10.56 - - [16/Mar/2018:11:24:06 -0300] "GET /cormun/servlet/hlogin HTTP/1.1" 200 1720
186.103.159.46 - - [16/Mar/2018:11:24:08 -0300] "POST /cormun/servlet/trvisualizadoreventos?5d11829a6aa29bde729372c7b059da48,,gx-no-cache=1521210197582 HTTP/1.1" 200 3934
192.168.10.56 - - [16/Mar/2018:11:24:09 -0300] "POST /cormun/servlet/hlogin?31b3369a44df592bf00cd8bbf4b127cf,gx-no-cache=1521210084551 HTTP/1.1" 200 90
192.168.10.56 - - [16/Mar/2018:11:24:09 -0300] "GET /cormun/servlet/hpexe_link HTTP/1.1" 200 952
192.168.10.56 - - [16/Mar/2018:11:24:09 -0300] "GET /cormun/servlet/hhome HTTP/1.1" 200 4495
192.168.10.56 - - [16/Mar/2018:11:24:09 -0300] "GET /cormun/servlet/hhome HTTP/1.1" 200 4493
186.79.1.135 - - [16/Mar/2018:11:24:13 -0300] "POST /cormun/servlet/solicitudot?gx-no-cache=1521210211262 HTTP/1.1" 200 1337
192.168.10.56 - - [16/Mar/2018:11:24:14 -0300] "GET /cormun/servlet/trsolicitudgral? HTTP/1.1" 200 28837
186.79.1.135 - - [16/Mar/2018:11:24:14 -0300] "POST /cormun/servlet/solicitudot?gx-no-cache=1521210211712 HTTP/1.1" 200 38
186.103.159.46 - - [16/Mar/2018:11:24:14 -0300] "POST /cormun/servlet/trvisualizadoreventos?5d11829a6aa29bde729372c7b059da48,,gx-no-cache=1521210203314 HTTP/1.1" 200 6266
186.79.1.135 - - [16/Mar/2018:11:24:14 -0300] "GET /cormun/servlet/solicitudot?aef1037112cf32d3bc7050a5e5bc65d038f214f12fd31a799c04a5d8f14a3010633eb290dfb5b51f0a199583faaed48d0003591a7c137b8c6202d386580f5529c0690d9bb6dbebf8ae5e6dc3fb53883bb89946ee3abcca1d53a33fd8912ef724b53e8018d896f9afa93ba6a79b705fd9a47738a934036f8aa1c758eb24ae8cddc1793bfc35149801cf1fa498d757a2bcdeca281a32dc02c50f9df353402a96c7,gx-no-cache=1521210212173 HTTP/1.1" 200 29
186.79.1.135 - - [16/Mar/2018:11:24:15 -0300] "POST /cormun/servlet/solicitudot?gx-no-cache=1521210212591 HTTP/1.1" 200 1321
192.168.10.56 - - [16/Mar/2018:11:24:15 -0300] "GET /cormun/servlet/trsolicitudgral? HTTP/1.1" 200 28835
186.79.1.135 - - [16/Mar/2018:11:24:15 -0300] "POST /cormun/servlet/solicitudot?gx-no-cache=1521210212815 HTTP/1.1" 200 1218
186.79.1.135 - - [16/Mar/2018:11:24:15 -0300] "GET /cormun/servlet/solicitudot?aef1037112cf32d3bc7050a5e5bc65d06876bd72cb576b006b93ceda5189738edeac8557e0253f608bd6e9cf69995d05,gx-no-cache=1521210213030 HTTP/1.1" 200 30
192.168.10.56 - - [16/Mar/2018:11:24:16 -0300] "GET /cormun/static/menuarrow.gif HTTP/1.1" 404 1015
186.79.78.167 - - [16/Mar/2018:11:24:17 -0300] "POST /cormun/servlet/solicitudotadjuntos?gx-no-cache=1521210209091 HTTP/1.1" 200 26
192.168.10.96 - - [16/Mar/2018:11:24:17 -0300] "GET /cormun/servlet/trcargahorariagral? HTTP/1.1" 200 10579
192.168.10.96 - - [16/Mar/2018:11:24:18 -0300] "GET /cormun/servlet/trcargahorariagral? HTTP/1.1" 200 10579
192.168.10.96 - - [16/Mar/2018:11:24:21 -0300] "POST /cormun/servlet/trcargahorariagral?f532f42d177a7f7f868e853feb4f7519,,gx-no-cache=1521210096943 HTTP/1.1" 200 108
192.168.10.96 - - [16/Mar/2018:11:24:21 -0300] "POST /cormun/servlet/trcargahorariagral?f532f42d177a7f7f868e853feb4f7519,,gx-no-cache=1521210097064 HTTP/1.1" 200 7688
192.168.10.96 - - [16/Mar/2018:11:24:21 -0300] "GET /cormun/CargaHorariaGral-6470.xls HTTP/1.1" 200 58880
186.103.159.46 - - [16/Mar/2018:11:24:22 -0300] "POST /cormun/servlet/trvisualizadoreventos?5d11829a6aa29bde729372c7b059da48,,gx-no-cache=1521210212061 HTTP/1.1" 200 6206
192.168.10.56 - - [16/Mar/2018:11:24:25 -0300] "POST /cormun/servlet/trsolicitudgral?31b3369a44df592bf00cd8bbf4b127cf,,gx-no-cache=1521210100908 HTTP/1.1" 200 15601
186.79.78.167 - - [16/Mar/2018:11:24:26 -0300] "GET /cormun/servlet/solicitudotadjuntos?e6e670e86df47512b560fa3e86217d3335e1fd1991714a17f41b32d2ece7e5f1,gx-no-cache=1521210218414 HTTP/1.1" 200 30
186.79.78.167 - - [16/Mar/2018:11:24:26 -0300] "GET /cormun/servlet/solicitudotadjuntos?e6e670e86df47512b560fa3e86217d3335e1fd1991714a17f41b32d2ece7e5f1,gx-no-cache=1521210218517 HTTP/1.1" 200 30
186.79.1.135 - - [16/Mar/2018:11:24:27 -0300] "POST /cormun/servlet/solicitudot?gx-no-cache=1521210225143 HTTP/1.1" 200 1320
186.79.1.135 - - [16/Mar/2018:11:24:28 -0300] "POST /cormun/servlet/solicitudot?gx-no-cache=1521210225387 HTTP/1.1" 200 1218
186.79.1.135 - - [16/Mar/2018:11:24:28 -0300] "POST /cormun/servlet/solicitudot?gx-no-cache=1521210225646 HTTP/1.1" 200 33
186.79.78.167 - - [16/Mar/2018:11:24:36 -0300] "POST /cormun/servlet/solicitudotadjuntos?072e081886ca637e3b9afb1fe44f3340,INS,2018,10562,,1, HTTP/1.1" 200 6176
186.79.78.167 - - [16/Mar/2018:11:24:36 -0300] "GET /home/sistema/apache-tomcat-7.0.65/webapps/cormun/PrivateTempStorage/upload_00013233.pdf HTTP/1.1" 404 1135
186.79.78.167 - - [16/Mar/2018:11:24:36 -0300] "GET /cormun/static/Shared/jqueryui/images/ui-bg_highlight-soft_100_c6c2c8_1x100.png HTTP/1.1" 404 1117
186.79.78.167 - - [16/Mar/2018:11:24:36 -0300] "GET /cormun/static/Shared/jqueryui/images/ui-icons_82798d_256x240.png HTTP/1.1" 404 1089
186.79.78.167 - - [16/Mar/2018:11:24:36 -0300] "GET /cormun/static/Shared/jqueryui/images/ui-bg_flat_55_994d53_40x100.png HTTP/1.1" 404 1097
186.79.78.167 - - [16/Mar/2018:11:24:36 -0300] "GET /cormun/static/Shared/jqueryui/images/ui-icons_ebccce_256x240.png HTTP/1.1" 404 1089
186.79.78.167 - - [16/Mar/2018:11:24:36 -0300] "GET /cormun/PrivateTempStorage/upload_00013233.pdf HTTP/1.1" 200 16384
186.79.78.167 - - [16/Mar/2018:11:24:37 -0300] "GET /cormun/PrivateTempStorage/upload_00013233.pdf HTTP/1.1" 200 260271
186.103.159.46 - - [16/Mar/2018:11:24:38 -0300] "GET /cormun/servlet/solicitudot?f60f304e5e9e426f197506d607074e0ce36614a7be47989fa695b06ac4e9b7cafbc88a6bc0a56288ac57fa6a3fc2063d,gx-no-cache=1521210228162 HTTP/1.1" 200 30
186.79.1.135 - - [16/Mar/2018:11:24:40 -0300] "POST /cormun/servlet/solicitudot?5443e629efb782cd54e724f0333a55d5,INS,0,0,,gx-no-cache=1521210236959 HTTP/1.1" 200 93
186.79.1.135 - - [16/Mar/2018:11:24:40 -0300] "GET /cormun/servlet/hpexe_return? HTTP/1.1" 200 1006
186.79.1.135 - - [16/Mar/2018:11:24:40 -0300] "GET /cormun/servlet/trsolicitudot HTTP/1.1" 200 8598
186.79.1.135 - - [16/Mar/2018:11:24:41 -0300] "GET /cormun/servlet/trsolicitudot HTTP/1.1" 200 8594
186.103.159.204 - - [16/Mar/2018:11:24:41 -0300] "GET /cormun/servlet/prfichaempleado?,MD,,gxPopupLevel%3D0%3B HTTP/1.1" 200 9194
186.103.159.204 - - [16/Mar/2018:11:24:41 -0300] "GET /cormun/static/gxcfg.js?20177612134814 HTTP/1.1" 304 -
186.79.1.135 - - [16/Mar/2018:11:24:43 -0300] "GET /cormun/servlet/solicitudot?INS,0,0, HTTP/1.1" 200 13417
186.79.1.135 - - [16/Mar/2018:11:24:44 -0300] "GET /cormun/servlet/solicitudot?INS,0,0, HTTP/1.1" 200 13422
186.79.1.135 - - [16/Mar/2018:11:24:48 -0300] "GET /cormun/servlet/prfichaempleado?,MD,,gxPopupLevel%3D0%3B HTTP/1.1" 200 9335
186.79.78.167 - - [16/Mar/2018:11:24:51 -0300] "POST /cormun/servlet/solicitudotadjuntos?072e081886ca637e3b9afb1fe44f3340,INS,2018,10562,,1, HTTP/1.1" 200 116
186.79.78.167 - - [16/Mar/2018:11:24:51 -0300] "GET /cormun/servlet/hpexe_return? HTTP/1.1" 200 1028
186.79.78.167 - - [16/Mar/2018:11:24:52 -0300] "GET /cormun/servlet/trsolicitudadjuntos?2018,10562, HTTP/1.1" 200 8897
186.79.78.167 - - [16/Mar/2018:11:24:53 -0300] "GET /cormun/servlet/trsolicitudadjuntos?2018,10562, HTTP/1.1" 200 8893
186.79.1.135 - - [16/Mar/2018:11:25:00 -0300] "POST /cormun/servlet/prfichaempleado?5443e629efb782cd54e724f0333a55d5,,MD,,gxPopupLevel%3D0%3B,gx-no-cache=1521210257761 HTTP/1.1" 200 3423
186.79.78.167 - - [16/Mar/2018:11:25:03 -0300] "GET /cormun/PublicTempStorage/certif_desafiliacion325748.pdf HTTP/1.1" 200 217730
186.79.1.135 - - [16/Mar/2018:11:25:03 -0300] "POST /cormun/servlet/solicitudot?gx-no-cache=1521210261042 HTTP/1.1" 200 3398
186.79.1.135 - - [16/Mar/2018:11:25:04 -0300] "POST /cormun/servlet/solicitudot?5443e629efb782cd54e724f0333a55d5,INS,0,0,,gx-no-cache=1521210261501 HTTP/1.1" 200 10375
186.79.1.135 - - [16/Mar/2018:11:25:04 -0300] "GET /cormun/servlet/solicitudot?aef1037112cf32d3bc7050a5e5bc65d0805120979fd8aef15e8ac848171413b5ca70399f37a97c2e04a56dc423b51005,gx-no-cache=1521210262180 HTTP/1.1" 200 30
192.168.10.56 - - [16/Mar/2018:11:25:06 -0300] "POST /cormun/servlet/trsolicitudgral?31b3369a44df592bf00cd8bbf4b127cf,,gx-no-cache=1521210141709 HTTP/1.1" 200 15425
192.168.10.56 - - [16/Mar/2018:11:25:06 -0300] "GET /cormun/static/Shared/jqueryui/images/ui-icons_82798d_256x240.png HTTP/1.1" 404 1089
192.168.10.56 - - [16/Mar/2018:11:25:06 -0300] "GET /cormun/static/Shared/jqueryui/images/ui-bg_highlight-soft_100_c6c2c8_1x100.png HTTP/1.1" 404 1117
192.168.10.56 - - [16/Mar/2018:11:25:06 -0300] "GET /cormun/static/Shared/jqueryui/images/ui-bg_flat_55_fafafa_40x100.png HTTP/1.1" 404 1097
192.168.10.56 - - [16/Mar/2018:11:25:06 -0300] "GET /cormun/static/Shared/jqueryui/images/ui-icons_8d78a5_256x240.png HTTP/1.1" 404 1089
186.79.1.135 - - [16/Mar/2018:11:25:07 -0300] "GET /cormun/servlet/solicitudot?aef1037112cf32d3bc7050a5e5bc65d0a3bff2eb3ecd6bd2d55182cd8fd94123aff72e5253ae5388b2db6fda496bcff9d1c0b8e66fb7ed3930f40964f1f70d9b,gx-no-cache=1521210265352 HTTP/1.1" 200 30
186.79.1.135 - - [16/Mar/2018:11:25:07 -0300] "GET /cormun/servlet/solicitudot?aef1037112cf32d3bc7050a5e5bc65d0846d60601277a35a2245e1ddd711a217,gx-no-cache=1521210265466 HTTP/1.1" 200 45
186.79.1.135 - - [16/Mar/2018:11:25:08 -0300] "POST /cormun/servlet/solicitudot?gx-no-cache=1521210265576 HTTP/1.1" 200 255
186.79.1.135 - - [16/Mar/2018:11:25:08 -0300] "GET /cormun/servlet/solicitudot?aef1037112cf32d3bc7050a5e5bc65d0ec846e382eb5d4f2fdd6f4a305f448711243fc175215d791a84e7fb42d4a9b3d276fa85aa9c8a94a8062df45266e7a16892a180d34b47b71ba40a20ecbeae5fa3f8d667b71c954bae7a1eef479f459e902abe5f1a83722221b6ea362114005d3b27e4f0bea884525accc2f063e337c1504c781cf1c29a6c6a17131547c0e0574555bb40dae37813583be8544a0c6b631f6eb8193dc7cf2d94f7cf65a344d2ba7ccfa18d5f7fa89d72c4489da2d888551fabfe8842ec7839566eb46ee471cbf23098d473ef1a7e56b6189bfa6ea1a0a0ffede5a4600e51985de2ca3f34bff0b1d5f34a5564e2e75f2f94c90b4f1465ea11a51862617604144ce25e5743b3901932b9c35669d4e455e1e779a35acf245ec648c7640f2a50122106db00ba7cf527d557063243e9c3c2c8d128bf0656d372f8bd986a818088cb7fa56683c38977f95cd65a5a59b159300bfdfd294dde41ae0f42fb1a00800006003e16758293b3447c0bd78f68a906f5b05066b4dbbd0b302,gx-no-cache=1521210265720 HTTP/1.1" 200 30
186.79.1.135 - - [16/Mar/2018:11:25:10 -0300] "POST /cormun/servlet/solicitudot?gx-no-cache=1521210268232 HTTP/1.1" 200 30
186.103.159.46 - - [16/Mar/2018:11:25:11 -0300] "POST /cormun/servlet/solicitudot?gx-no-cache=1521210260067 HTTP/1.1" 200 33
186.103.159.46 - - [16/Mar/2018:11:25:11 -0300] "POST /cormun/servlet/solicitudot?5d11829a6aa29bde729372c7b059da48,INS,0,0,,gx-no-cache=1521210260808 HTTP/1.1" 200 11714
186.79.1.135 - - [16/Mar/2018:11:25:12 -0300] "GET /cormun/servlet/prsolicitudot?15807649,,,,,MD,,gxPopupLevel%3D0%3B HTTP/1.1" 200 6259
186.103.159.204 - - [16/Mar/2018:11:25:14 -0300] "POST /cormun/servlet/prfichaempleado?43db64710f0ff9d44377aac226591a71,,MD,,gxPopupLevel%3D0%3B,gx-no-cache=1521210256241 HTTP/1.1" 200 3200
186.79.1.135 - - [16/Mar/2018:11:25:20 -0300] "POST /cormun/servlet/solicitudot?gx-no-cache=1521210278227 HTTP/1.1" 200 1337
186.79.1.135 - - [16/Mar/2018:11:25:20 -0300] "POST /cormun/servlet/solicitudot?gx-no-cache=1521210278466 HTTP/1.1" 200 38
186.79.1.135 - - [16/Mar/2018:11:25:21 -0300] "GET /cormun/servlet/solicitudot?aef1037112cf32d3bc7050a5e5bc65d038f214f12fd31a799c04a5d8f14a3010633eb290dfb5b51f0a199583faaed48d0003591a7c137b8c6202d386580f5529c0690d9bb6dbebf8ae5e6dc3fb53883bb89946ee3abcca1d53a33fd8912ef724b53e8018d896f9afa93ba6a79b705fd9a47738a934036f8aa1c758eb24ae8cddc1793bfc35149801cf1fa498d757a2bcdeca281a32dc02c50f9df353402a96c7,gx-no-cache=1521210278619 HTTP/1.1" 200 29
186.79.1.135 - - [16/Mar/2018:11:25:21 -0300] "POST /cormun/servlet/solicitudot?gx-no-cache=1521210278785 HTTP/1.1" 200 1319
186.79.1.135 - - [16/Mar/2018:11:25:21 -0300] "POST /cormun/servlet/solicitudot?gx-no-cache=1521210279014 HTTP/1.1" 200 1219
186.79.1.135 - - [16/Mar/2018:11:25:21 -0300] "GET /cormun/servlet/solicitudot?aef1037112cf32d3bc7050a5e5bc65d06876bd72cb576b006b93ceda5189738edeac8557e0253f608bd6e9cf69995d05,gx-no-cache=1521210279220 HTTP/1.1" 200 30
186.103.159.204 - - [16/Mar/2018:11:25:22 -0300] "POST /cormun/servlet/solicitudot?gx-no-cache=1521210264000 HTTP/1.1" 200 3284
186.103.159.204 - - [16/Mar/2018:11:25:22 -0300] "POST /cormun/servlet/solicitudot?43db64710f0ff9d44377aac226591a71,INS,0,0,,gx-no-cache=1521210264499 HTTP/1.1" 200 10253
192.168.10.56 - - [16/Mar/2018:11:25:24 -0300] "POST /cormun/servlet/trsolicitudgral?31b3369a44df592bf00cd8bbf4b127cf,,gx-no-cache=1521210159866 HTTP/1.1" 200 15156
186.79.78.167 - - [16/Mar/2018:11:25:28 -0300] "GET /cormun/servlet/hlogin HTTP/1.1" 200 1718
186.79.78.167 - - [16/Mar/2018:11:25:30 -0300] "POST /cormun/servlet/hlogin?cb4dd1bb239f189d6aee3dc5ac8f8fc5,gx-no-cache=1521210282897 HTTP/1.1" 200 90
186.79.1.135 - - [16/Mar/2018:11:25:31 -0300] "POST /cormun/servlet/solicitudot?gx-no-cache=1521210288434 HTTP/1.1" 200 1318
186.79.78.167 - - [16/Mar/2018:11:25:31 -0300] "GET /cormun/servlet/hpexe_link HTTP/1.1" 200 951
186.79.1.135 - - [16/Mar/2018:11:25:31 -0300] "POST /cormun/servlet/solicitudot?gx-no-cache=1521210288655 HTTP/1.1" 200 1219
186.79.78.167 - - [16/Mar/2018:11:25:31 -0300] "GET /cormun/servlet/hhome HTTP/1.1" 200 3929
186.79.1.135 - - [16/Mar/2018:11:25:31 -0300] "POST /cormun/servlet/solicitudot?gx-no-cache=1521210288859 HTTP/1.1" 200 33
186.79.78.167 - - [16/Mar/2018:11:25:32 -0300] "GET /cormun/servlet/hhome HTTP/1.1" 200 3926
186.79.78.167 - - [16/Mar/2018:11:25:34 -0300] "GET /cormun/servlet/trsolicitudot? HTTP/1.1" 200 8571
186.79.78.167 - - [16/Mar/2018:11:25:35 -0300] "GET /cormun/servlet/trsolicitudot? HTTP/1.1" 200 8570
186.79.78.167 - - [16/Mar/2018:11:25:38 -0300] "POST /cormun/servlet/trsolicitudot?cb4dd1bb239f189d6aee3dc5ac8f8fc5,,gx-no-cache=1521210290567 HTTP/1.1" 200 107
186.79.78.167 - - [16/Mar/2018:11:25:39 -0300] "GET /cormun/servlet/trsolicitudadjuntos?2018,10562, HTTP/1.1" 200 8890
186.79.78.167 - - [16/Mar/2018:11:25:40 -0300] "GET /cormun/servlet/trsolicitudadjuntos?2018,10562, HTTP/1.1" 200 8890
192.168.10.56 - - [16/Mar/2018:11:25:41 -0300] "POST /cormun/servlet/trsolicitudgral?31b3369a44df592bf00cd8bbf4b127cf,,gx-no-cache=1521210176459 HTTP/1.1" 200 8293
186.79.1.135 - - [16/Mar/2018:11:25:45 -0300] "POST /cormun/servlet/solicitudot?5443e629efb782cd54e724f0333a55d5,INS,0,0,,gx-no-cache=1521210302694 HTTP/1.1" 200 93
186.79.78.167 - - [16/Mar/2018:11:25:45 -0300] "GET /cormun/PublicTempStorage/cedula6554885.pdf HTTP/1.1" 200 246670
186.79.1.135 - - [16/Mar/2018:11:25:45 -0300] "GET /cormun/servlet/hpexe_return? HTTP/1.1" 200 1006
186.79.1.135 - - [16/Mar/2018:11:25:46 -0300] "GET /cormun/servlet/trsolicitudot HTTP/1.1" 200 9018
186.79.1.135 - - [16/Mar/2018:11:25:46 -0300] "GET /cormun/servlet/trsolicitudot HTTP/1.1" 200 9014
186.79.1.135 - - [16/Mar/2018:11:25:50 -0300] "GET /cormun/servlet/solicitudot?INS,0,0, HTTP/1.1" 200 13417
186.79.1.135 - - [16/Mar/2018:11:25:50 -0300] "GET /cormun/servlet/solicitudot?INS,0,0, HTTP/1.1" 200 13422
186.103.159.204 - - [16/Mar/2018:11:25:50 -0300] "GET /cormun/servlet/solicitudot?dc9ab677a2b8568b02065c8b9c8422a09adffe50b928dd60e7936e4c835bcb0e5a4cb2e5613438d2c45ba193ed2f9733,gx-no-cache=1521210293139 HTTP/1.1" 200 30
186.79.78.167 - - [16/Mar/2018:11:25:51 -0300] "GET /cormun/servlet/trsolicitudadjuntos?2018,10562, HTTP/1.1" 200 8887
186.79.78.167 - - [16/Mar/2018:11:25:52 -0300] "GET /cormun/servlet/trsolicitudadjuntos?2018,10562, HTTP/1.1" 200 8892
186.79.1.135 - - [16/Mar/2018:11:25:53 -0300] "GET /cormun/servlet/prfichaempleado?,MD,,gxPopupLevel%3D0%3B HTTP/1.1" 200 9335
186.79.78.167 - - [16/Mar/2018:11:25:56 -0300] "GET /cormun/PublicTempStorage/licencia_media7581707.pdf HTTP/1.1" 200 383615
186.79.1.135 - - [16/Mar/2018:11:26:06 -0300] "POST /cormun/servlet/prfichaempleado?5443e629efb782cd54e724f0333a55d5,,MD,,gxPopupLevel%3D0%3B,gx-no-cache=1521210323434 HTTP/1.1" 200 3422
186.79.78.167 - - [16/Mar/2018:11:26:10 -0300] "GET /cormun/servlet/hlogin HTTP/1.1" 200 1723
186.79.1.135 - - [16/Mar/2018:11:26:13 -0300] "POST /cormun/servlet/solicitudot?gx-no-cache=1521210329853 HTTP/1.1" 200 3402
186.79.78.167 - - [16/Mar/2018:11:26:13 -0300] "POST /cormun/servlet/hlogin?a0c8bd4910ee0ddcc59e016061a15186,gx-no-cache=1521210325162 HTTP/1.1" 200 90
186.79.78.167 - - [16/Mar/2018:11:26:13 -0300] "GET /cormun/servlet/hpexe_link HTTP/1.1" 200 954
186.79.78.167 - - [16/Mar/2018:11:26:13 -0300] "GET /cormun/servlet/hhome HTTP/1.1" 200 3931
186.79.78.167 - - [16/Mar/2018:11:26:14 -0300] "GET /cormun/servlet/hhome HTTP/1.1" 200 3927
186.79.1.135 - - [16/Mar/2018:11:26:14 -0300] "POST /cormun/servlet/solicitudot?5443e629efb782cd54e724f0333a55d5,INS,0,0,,gx-no-cache=1521210331113 HTTP/1.1" 200 10378
186.79.1.135 - - [16/Mar/2018:11:26:15 -0300] "GET /cormun/servlet/solicitudot?aef1037112cf32d3bc7050a5e5bc65d0369c7eac07e99f9aa8800d5978881433ca70399f37a97c2e04a56dc423b51005,gx-no-cache=1521210332658 HTTP/1.1" 200 30
192.168.10.56 - - [16/Mar/2018:11:26:15 -0300] "POST /cormun/servlet/trsolicitudgral?31b3369a44df592bf00cd8bbf4b127cf,,gx-no-cache=1521210211303 HTTP/1.1" 200 116
192.168.10.56 - - [16/Mar/2018:11:26:16 -0300] "GET /cormun/servlet/solicitudotlog?INS,2018,10076,0,REC, HTTP/1.1" 200 6299
192.168.10.56 - - [16/Mar/2018:11:26:16 -0300] "GET /cormun/servlet/solicitudotlog?INS,2018,10076,0,REC, HTTP/1.1" 200 6299
