192.168.10.56 - - [16/Mar/2018:11:26:16 -0300] "GET /cormun/servlet/solicitudotlog?4800dedb7db551e6356a3eb7c333358b0942dfa7a4383350004bdeb81f0ec6dfbdf2ca45b36710fab499bf2a3204363a520229250390b19b68578c747b98e6c7de5f87e7889d0550c92796fe14f4b971be7559168a9d1264e93ad9391e4da5bd39c833bb560e0d58c57286dcc321a762df02d8a3a686c3a78605992e823063aa74694a4ed267ed39e35aaddb106f3e96c8a86cec31eb338a05d3e050f01c74c7,gx-no-cache=1521210212257 HTTP/1.1" 200 94
186.79.78.167 - - [16/Mar/2018:11:26:20 -0300] "GET /cormun/servlet/trsolicitudot? HTTP/1.1" 200 8574
186.79.78.167 - - [16/Mar/2018:11:26:20 -0300] "GET /cormun/servlet/trsolicitudot? HTTP/1.1" 200 8572
186.79.78.167 - - [16/Mar/2018:11:26:24 -0300] "POST /cormun/servlet/trsolicitudot?a0c8bd4910ee0ddcc59e016061a15186,,gx-no-cache=1521210335355 HTTP/1.1" 200 107
186.79.78.167 - - [16/Mar/2018:11:26:24 -0300] "GET /cormun/servlet/trsolicitudadjuntos?2018,10562, HTTP/1.1" 200 8888
186.79.78.167 - - [16/Mar/2018:11:26:25 -0300] "GET /cormun/servlet/trsolicitudadjuntos?2018,10562, HTTP/1.1" 200 8894
192.168.10.56 - - [16/Mar/2018:11:26:25 -0300] "POST /cormun/servlet/solicitudotlog?31b3369a44df592bf00cd8bbf4b127cf,INS,2018,10076,0,REC,,gx-no-cache=1521210220705 HTTP/1.1" 200 93
192.168.10.56 - - [16/Mar/2018:11:26:25 -0300] "GET /cormun/servlet/hpexe_return? HTTP/1.1" 200 1025
192.168.10.56 - - [16/Mar/2018:11:26:25 -0300] "GET /cormun/servlet/trsolicitudgral? HTTP/1.1" 200 11099
192.168.10.56 - - [16/Mar/2018:11:26:25 -0300] "GET /cormun/servlet/trsolicitudgral? HTTP/1.1" 200 11095
186.79.78.167 - - [16/Mar/2018:11:26:31 -0300] "GET /cormun/servlet/solicitudotadjuntos?DLT,2018,10562,CERTIF3,0, HTTP/1.1" 200 5956
186.79.78.167 - - [16/Mar/2018:11:26:32 -0300] "GET /cormun/static/Shared/jqueryui/images/ui-bg_highlight-soft_100_c6c2c8_1x100.png HTTP/1.1" 404 1117
186.79.78.167 - - [16/Mar/2018:11:26:32 -0300] "GET /cormun/static/Shared/jqueryui/images/ui-bg_flat_55_fafafa_40x100.png HTTP/1.1" 404 1097
186.79.78.167 - - [16/Mar/2018:11:26:32 -0300] "GET /cormun/static/Shared/jqueryui/images/ui-icons_8d78a5_256x240.png HTTP/1.1" 404 1089
186.79.78.167 - - [16/Mar/2018:11:26:32 -0300] "GET /cormun/servlet/solicitudotadjuntos?DLT,2018,10562,CERTIF3,0, HTTP/1.1" 200 5949
186.79.78.167 - - [16/Mar/2018:11:26:33 -0300] "GET /cormun/static/Shared/jqueryui/images/ui-icons_82798d_256x240.png HTTP/1.1" 404 1089
186.79.78.167 - - [16/Mar/2018:11:26:35 -0300] "POST /cormun/servlet/solicitudotadjuntos?a0c8bd4910ee0ddcc59e016061a15186,DLT,2018,10562,CERTIF3,0,,gx-no-cache=1521210346435 HTTP/1.1" 200 93
186.79.78.167 - - [16/Mar/2018:11:26:35 -0300] "GET /cormun/servlet/hpexe_return? HTTP/1.1" 200 1035
186.79.78.167 - - [16/Mar/2018:11:26:35 -0300] "GET /cormun/PublicTempStorage/certif_desafiliacion1858113.pdf HTTP/1.1" 200 217730
186.79.78.167 - - [16/Mar/2018:11:26:35 -0300] "GET /cormun/servlet/trsolicitudadjuntos?2018,10562, HTTP/1.1" 200 8688
186.79.78.167 - - [16/Mar/2018:11:26:36 -0300] "GET /cormun/servlet/trsolicitudadjuntos?2018,10562, HTTP/1.1" 200 8686
186.103.159.46 - - [16/Mar/2018:11:26:37 -0300] "GET /cormun/servlet/prcontratosol?18015602,,,,,MD,,gxPopupLevel%3D0%3B HTTP/1.1" 200 5650
192.168.10.56 - - [16/Mar/2018:11:26:38 -0300] "POST /cormun/servlet/trsolicitudgral?31b3369a44df592bf00cd8bbf4b127cf,,gx-no-cache=1521210234074 HTTP/1.1" 200 7613
192.168.10.56 - - [16/Mar/2018:11:26:38 -0300] "GET /cormun/static/Shared/jqueryui/images/ui-bg_highlight-soft_100_c6c2c8_1x100.png HTTP/1.1" 404 1117
192.168.10.56 - - [16/Mar/2018:11:26:38 -0300] "GET /cormun/static/Shared/jqueryui/images/ui-icons_82798d_256x240.png HTTP/1.1" 404 1089
192.168.10.56 - - [16/Mar/2018:11:26:38 -0300] "GET /cormun/static/Shared/jqueryui/images/ui-icons_8d78a5_256x240.png HTTP/1.1" 404 1089
192.168.10.56 - - [16/Mar/2018:11:26:38 -0300] "GET /cormun/static/Shared/jqueryui/images/ui-bg_flat_55_fafafa_40x100.png HTTP/1.1" 404 1097
186.79.78.167 - - [16/Mar/2018:11:26:45 -0300] "GET /cormun/servlet/solicitudotadjuntos?INS,2018,10562,,1, HTTP/1.1" 200 5975
186.79.78.167 - - [16/Mar/2018:11:26:45 -0300] "GET /cormun/static/about:blank HTTP/1.1" 404 1011
186.79.78.167 - - [16/Mar/2018:11:26:45 -0300] "GET /cormun/servlet/solicitudotadjuntos?INS,2018,10562,,1, HTTP/1.1" 200 5968
192.168.10.56 - - [16/Mar/2018:11:26:46 -0300] "POST /cormun/servlet/trsolicitudgral?31b3369a44df592bf00cd8bbf4b127cf,,gx-no-cache=1521210241391 HTTP/1.1" 200 6136
186.79.78.167 - - [16/Mar/2018:11:26:46 -0300] "GET /cormun/servlet/solicitudotadjuntos?885f3630c761ca9ac933f839fdad613a445d8b14c6ea51657d13293206cf40b795a17b37224d2b5616c46af65bac09b2,gx-no-cache=1521210358209 HTTP/1.1" 200 30
186.79.78.167 - - [16/Mar/2018:11:26:46 -0300] "POST /cormun/servlet/solicitudotadjuntos?a0c8bd4910ee0ddcc59e016061a15186,INS,2018,10562,,1,,gx-no-cache=1521210358384 HTTP/1.1" 200 3797
186.79.1.135 - - [16/Mar/2018:11:26:48 -0300] "GET /cormun/servlet/solicitudot?aef1037112cf32d3bc7050a5e5bc65d04fd719f40f7cc0e52587ec7a0914cc3b1af383166d300275cff325df95f1bba9a9550acd53f75b6f391654f8719e3ffe,gx-no-cache=1521210365399 HTTP/1.1" 200 30
186.79.1.135 - - [16/Mar/2018:11:26:48 -0300] "GET /cormun/servlet/solicitudot?aef1037112cf32d3bc7050a5e5bc65d01ef97dc3bb08b623a953446e40592d7a,gx-no-cache=1521210365710 HTTP/1.1" 200 53
186.79.1.135 - - [16/Mar/2018:11:26:48 -0300] "POST /cormun/servlet/solicitudot?gx-no-cache=1521210365872 HTTP/1.1" 200 255
186.79.1.135 - - [16/Mar/2018:11:26:48 -0300] "GET /cormun/servlet/solicitudot?aef1037112cf32d3bc7050a5e5bc65d0ec846e382eb5d4f2fdd6f4a305f448711243fc175215d791a84e7fb42d4a9b3d276fa85aa9c8a94a8062df45266e7a16892a180d34b47b71ba40a20ecbeae5fa3f8d667b71c954bae7a1eef479f459e902abe5f1a83722221b6ea362114005d3b27e4f0bea884525accc2f063e337c1504c781cf1c29a6c6a17131547c0e0574555bb40dae37813583be8544a0c6b631f6eb8193dc7cf2d94f7cf65a344d2ba7ccfa18d5f7fa89d72c4489da2d888551fabfe8842ec7839566eb46ee471cbf23098d473ef1a7e56b6189bfa6ea1a0a0ffede5a4600e51985de2ca3f34bff0b1d5f34a5564e2e75f2f94c90b4f1465ea11a51862617604144ce25e5743b3901932b9c35669d4e455e1e779a35acf245ec648c7640f2a50122106db00ba7cf527d557063243e9c3c2c8d128bf0656d372f8bd986a818088cb7fa56683c38977f95cd65a5a59b159300bfdfd294dde41ae0f42fb1a00800006003e16758293b3447c0bd78f68a906f5b05066b4dbbd0b302,gx-no-cache=1521210366039 HTTP/1.1" 200 30
186.103.159.46 - - [16/Mar/2018:11:26:48 -0300] "GET /cormun/servlet/solicitudot?f60f304e5e9e426f197506d607074e0c8799ada241bd2c16e05a7e2d930733c587255e48f3c1bdc6704aff73a59bc7f4b675c5ecf40b95b39230e8228ffa08ef,gx-no-cache=1521210358203 HTTP/1.1" 200 30
186.103.159.46 - - [16/Mar/2018:11:26:49 -0300] "GET /cormun/servlet/solicitudot?f60f304e5e9e426f197506d607074e0c8074d1ec551a8aaf7e0cf3cba0cfa5436ae356747a4c4b98b1eb0f31db2d94a339cfb1f05343695e525609f25f3ebed443a1f6dbd2d1ce92f3ea6f6046f82e6a1ea06ffe955cb34e1437b40dd18c3dda109121285f6a1ab85b6801a997641a4b353de7b382fca23f6e5fc31d807ae0112460b827a91377a8c293092022869c720c1ff22a26853b8a845138104df38edd70bc524d2e43c7356e2876653c7461bd598270bf372d4b2c278a62c7d20c3c5778d3819c42ff119ea2aed80b8136650cb50a5823090bfa3c077fa756c25d1aa3a923fb04d6198e82704a6b0e46808e3cc6cc87c6617d6344a19b65f00769b57b118cd344d85045f8ef4465fffe732670ba06f087256df1bf780665df359da539f3c779f654db98905745f7d7371d317dbc591b354b6f5e0e1c0e058ed0148f5f2364a7e22c136546c2b2867e0f86b346500864f09fe2d37f5564d4d93ea72be2a42debf4e43eca3a8cbe8620d3d67834049d9d61202485744aaca3cb7341bb46,gx-no-cache=1521210358298 HTTP/1.1" 200 30
186.103.159.46 - - [16/Mar/2018:11:26:49 -0300] "POST /cormun/servlet/solicitudot?gx-no-cache=1521210358770 HTTP/1.1" 200 30
186.103.159.46 - - [16/Mar/2018:11:26:49 -0300] "POST /cormun/servlet/solicitudot?gx-no-cache=1521210358842 HTTP/1.1" 200 1334
186.103.159.46 - - [16/Mar/2018:11:26:49 -0300] "POST /cormun/servlet/solicitudot?gx-no-cache=1521210359001 HTTP/1.1" 200 41
186.103.159.46 - - [16/Mar/2018:11:26:49 -0300] "POST /cormun/servlet/solicitudot?gx-no-cache=1521210359085 HTTP/1.1" 200 1318
186.103.159.46 - - [16/Mar/2018:11:26:49 -0300] "POST /cormun/servlet/solicitudot?gx-no-cache=1521210359245 HTTP/1.1" 200 1219
186.103.159.46 - - [16/Mar/2018:11:26:49 -0300] "GET /cormun/servlet/solicitudot?f60f304e5e9e426f197506d607074e0ce36614a7be47989fa695b06ac4e9b7cafbc88a6bc0a56288ac57fa6a3fc2063d,gx-no-cache=1521210359398 HTTP/1.1" 200 30
192.168.10.56 - - [16/Mar/2018:11:26:50 -0300] "POST /cormun/servlet/trsolicitudgral?31b3369a44df592bf00cd8bbf4b127cf,,gx-no-cache=1521210245816 HTTP/1.1" 200 13956
186.103.159.46 - - [16/Mar/2018:11:26:51 -0300] "GET /cormun/servlet/prsolicitudot?18015602,,,,,MD,,gxPopupLevel%3D0%3B HTTP/1.1" 200 5948
186.79.1.135 - - [16/Mar/2018:11:26:52 -0300] "POST /cormun/servlet/solicitudot?gx-no-cache=1521210369494 HTTP/1.1" 200 30
186.79.78.167 - - [16/Mar/2018:11:26:52 -0300] "POST /cormun/servlet/solicitudotadjuntos?gx-no-cache=1521210364166 HTTP/1.1" 200 26
186.79.1.135 - - [16/Mar/2018:11:26:55 -0300] "GET /cormun/servlet/prsolicitudot?16023992,,,,,MD,,gxPopupLevel%3D0%3B HTTP/1.1" 200 6093
186.103.159.46 - - [16/Mar/2018:11:26:56 -0300] "POST /cormun/servlet/solicitudot?gx-no-cache=1521210366274 HTTP/1.1" 200 1334
186.103.159.46 - - [16/Mar/2018:11:26:56 -0300] "POST /cormun/servlet/solicitudot?gx-no-cache=1521210366486 HTTP/1.1" 200 41
186.103.159.46 - - [16/Mar/2018:11:26:57 -0300] "POST /cormun/servlet/solicitudot?gx-no-cache=1521210366569 HTTP/1.1" 200 1318
186.103.159.46 - - [16/Mar/2018:11:26:57 -0300] "POST /cormun/servlet/solicitudot?gx-no-cache=1521210366723 HTTP/1.1" 200 1219
186.103.159.46 - - [16/Mar/2018:11:26:57 -0300] "GET /cormun/servlet/solicitudot?f60f304e5e9e426f197506d607074e0ce36614a7be47989fa695b06ac4e9b7ca3d4e0c0fc7b14ede25194ea2c79803cd,gx-no-cache=1521210366902 HTTP/1.1" 200 30
186.79.78.167 - - [16/Mar/2018:11:26:57 -0300] "GET /cormun/servlet/solicitudotadjuntos?885f3630c761ca9ac933f839fdad613a32e9e7b027d48a0a43b9e6121ad80f59,gx-no-cache=1521210369462 HTTP/1.1" 200 30
186.79.78.167 - - [16/Mar/2018:11:26:57 -0300] "GET /cormun/servlet/solicitudotadjuntos?885f3630c761ca9ac933f839fdad613a32e9e7b027d48a0a43b9e6121ad80f59,gx-no-cache=1521210369548 HTTP/1.1" 200 30
186.79.1.135 - - [16/Mar/2018:11:26:58 -0300] "POST /cormun/servlet/solicitudot?gx-no-cache=1521210375943 HTTP/1.1" 200 1337
186.79.1.135 - - [16/Mar/2018:11:26:58 -0300] "POST /cormun/servlet/solicitudot?gx-no-cache=1521210376106 HTTP/1.1" 200 38
186.79.1.135 - - [16/Mar/2018:11:26:58 -0300] "GET /cormun/servlet/solicitudot?aef1037112cf32d3bc7050a5e5bc65d038f214f12fd31a799c04a5d8f14a3010633eb290dfb5b51f0a199583faaed48d0003591a7c137b8c6202d386580f5529c0690d9bb6dbebf8ae5e6dc3fb53883bb89946ee3abcca1d53a33fd8912ef724b53e8018d896f9afa93ba6a79b705fd9a47738a934036f8aa1c758eb24ae8cddc1793bfc35149801cf1fa498d757a2bcdeca281a32dc02c50f9df353402a96c7,gx-no-cache=1521210376242 HTTP/1.1" 200 29
186.79.1.135 - - [16/Mar/2018:11:26:58 -0300] "POST /cormun/servlet/solicitudot?gx-no-cache=1521210376351 HTTP/1.1" 200 1319
186.79.1.135 - - [16/Mar/2018:11:26:59 -0300] "POST /cormun/servlet/solicitudot?gx-no-cache=1521210376553 HTTP/1.1" 200 1218
186.79.1.135 - - [16/Mar/2018:11:26:59 -0300] "GET /cormun/servlet/solicitudot?aef1037112cf32d3bc7050a5e5bc65d06876bd72cb576b006b93ceda5189738edeac8557e0253f608bd6e9cf69995d05,gx-no-cache=1521210376760 HTTP/1.1" 200 30
192.168.10.56 - - [16/Mar/2018:11:27:02 -0300] "POST /cormun/servlet/trsolicitudgral?31b3369a44df592bf00cd8bbf4b127cf,,gx-no-cache=1521210258093 HTTP/1.1" 200 13652
186.103.159.46 - - [16/Mar/2018:11:27:03 -0300] "GET /cormun/servlet/prpersonalsolicitud?18015602,,,,,MD,,gxPopupLevel%3D0%3B HTTP/1.1" 200 5652
186.79.78.167 - - [16/Mar/2018:11:27:05 -0300] "POST /cormun/servlet/solicitudotadjuntos?a0c8bd4910ee0ddcc59e016061a15186,INS,2018,10562,,1, HTTP/1.1" 200 116
186.79.78.167 - - [16/Mar/2018:11:27:05 -0300] "GET /cormun/servlet/hpexe_return? HTTP/1.1" 200 1029
186.79.78.167 - - [16/Mar/2018:11:27:07 -0300] "GET /cormun/servlet/trsolicitudadjuntos?2018,10562, HTTP/1.1" 200 8879
186.79.78.167 - - [16/Mar/2018:11:27:08 -0300] "GET /cormun/servlet/trsolicitudadjuntos?2018,10562, HTTP/1.1" 200 8877
186.79.1.135 - - [16/Mar/2018:11:27:08 -0300] "POST /cormun/servlet/solicitudot?gx-no-cache=1521210385914 HTTP/1.1" 200 1318
186.79.1.135 - - [16/Mar/2018:11:27:08 -0300] "POST /cormun/servlet/solicitudot?gx-no-cache=1521210386148 HTTP/1.1" 200 1218
186.79.1.135 - - [16/Mar/2018:11:27:08 -0300] "POST /cormun/servlet/solicitudot?gx-no-cache=1521210386373 HTTP/1.1" 200 33
192.168.10.56 - - [16/Mar/2018:11:27:10 -0300] "POST /cormun/servlet/trsolicitudgral?31b3369a44df592bf00cd8bbf4b127cf,,gx-no-cache=1521210265394 HTTP/1.1" 200 13323
186.79.78.167 - - [16/Mar/2018:11:27:11 -0300] "GET /cormun/servlet/solicitudotadjuntos?INS,2018,10562,,1, HTTP/1.1" 200 5975
186.79.78.167 - - [16/Mar/2018:11:27:11 -0300] "GET /cormun/static/about:blank HTTP/1.1" 404 1011
186.79.78.167 - - [16/Mar/2018:11:27:12 -0300] "GET /cormun/servlet/solicitudotadjuntos?INS,2018,10562,,1, HTTP/1.1" 200 5968
186.79.78.167 - - [16/Mar/2018:11:27:12 -0300] "GET /cormun/servlet/solicitudotadjuntos?885f3630c761ca9ac933f839fdad613a445d8b14c6ea51657d13293206cf40b795a17b37224d2b5616c46af65bac09b2,gx-no-cache=1521210384727 HTTP/1.1" 200 30
186.79.78.167 - - [16/Mar/2018:11:27:13 -0300] "POST /cormun/servlet/solicitudotadjuntos?a0c8bd4910ee0ddcc59e016061a15186,INS,2018,10562,,1,,gx-no-cache=1521210384911 HTTP/1.1" 200 3797
186.103.159.46 - - [16/Mar/2018:11:27:19 -0300] "POST /cormun/servlet/solicitudot?gx-no-cache=1521210389107 HTTP/1.1" 200 33
186.103.159.46 - - [16/Mar/2018:11:27:20 -0300] "POST /cormun/servlet/solicitudot?5d11829a6aa29bde729372c7b059da48,INS,0,0,,gx-no-cache=1521210389271 HTTP/1.1" 200 93
186.103.159.46 - - [16/Mar/2018:11:27:20 -0300] "GET /cormun/servlet/hpexe_return? HTTP/1.1" 200 1004
186.103.159.46 - - [16/Mar/2018:11:27:20 -0300] "GET /cormun/servlet/trsolicitudot HTTP/1.1" 200 8565
192.168.10.56 - - [16/Mar/2018:11:27:20 -0300] "POST /cormun/servlet/trsolicitudgral?31b3369a44df592bf00cd8bbf4b127cf,,gx-no-cache=1521210276090 HTTP/1.1" 200 13073
186.103.159.46 - - [16/Mar/2018:11:27:21 -0300] "GET /cormun/servlet/trsolicitudot HTTP/1.1" 200 8561
186.79.78.167 - - [16/Mar/2018:11:27:23 -0300] "POST /cormun/servlet/solicitudotadjuntos?gx-no-cache=1521210395595 HTTP/1.1" 200 26
192.168.10.56 - - [16/Mar/2018:11:27:28 -0300] "POST /cormun/servlet/trsolicitudgral?31b3369a44df592bf00cd8bbf4b127cf,,gx-no-cache=1521210284040 HTTP/1.1" 200 12683
186.103.159.46 - - [16/Mar/2018:11:27:32 -0300] "POST /cormun/servlet/trsolicitudot?5d11829a6aa29bde729372c7b059da48,gx-no-cache=1521210401577 HTTP/1.1" 200 4478
186.103.159.46 - - [16/Mar/2018:11:27:32 -0300] "GET /cormun/static/Shared/jqueryui/images/ui-bg_highlight-soft_100_c6c2c8_1x100.png HTTP/1.1" 404 1117
186.103.159.46 - - [16/Mar/2018:11:27:32 -0300] "GET /cormun/static/Shared/jqueryui/images/ui-icons_82798d_256x240.png HTTP/1.1" 404 1089
186.103.159.46 - - [16/Mar/2018:11:27:32 -0300] "GET /cormun/static/Shared/jqueryui/images/ui-bg_flat_55_fafafa_40x100.png HTTP/1.1" 404 1097
186.103.159.46 - - [16/Mar/2018:11:27:32 -0300] "GET /cormun/static/Shared/jqueryui/images/ui-icons_8d78a5_256x240.png HTTP/1.1" 404 1089
186.103.159.46 - - [16/Mar/2018:11:27:32 -0300] "POST /cormun/servlet/trsolicitudot?5d11829a6aa29bde729372c7b059da48,gx-no-cache=1521210402069 HTTP/1.1" 200 4253
186.79.78.167 - - [16/Mar/2018:11:27:35 -0300] "GET /cormun/servlet/solicitudotadjuntos?885f3630c761ca9ac933f839fdad613a32e9e7b027d48a0a43b9e6121ad80f59,gx-no-cache=1521210407134 HTTP/1.1" 200 30
186.79.78.167 - - [16/Mar/2018:11:27:35 -0300] "GET /cormun/servlet/solicitudotadjuntos?885f3630c761ca9ac933f839fdad613a32e9e7b027d48a0a43b9e6121ad80f59,gx-no-cache=1521210407296 HTTP/1.1" 200 30
192.168.10.56 - - [16/Mar/2018:11:27:36 -0300] "POST /cormun/servlet/trsolicitudgral?31b3369a44df592bf00cd8bbf4b127cf,,gx-no-cache=1521210292048 HTTP/1.1" 200 12377
186.79.1.135 - - [16/Mar/2018:11:27:41 -0300] "POST /cormun/servlet/solicitudot?5443e629efb782cd54e724f0333a55d5,INS,0,0,,gx-no-cache=1521210398613 HTTP/1.1" 500 10
186.79.78.167 - - [16/Mar/2018:11:27:42 -0300] "POST /cormun/servlet/solicitudotadjuntos?a0c8bd4910ee0ddcc59e016061a15186,INS,2018,10562,,1, HTTP/1.1" 200 116
186.79.78.167 - - [16/Mar/2018:11:27:42 -0300] "GET /cormun/servlet/hpexe_return? HTTP/1.1" 200 1029
186.79.78.167 - - [16/Mar/2018:11:27:42 -0300] "GET /cormun/servlet/trsolicitudadjuntos?2018,10562, HTTP/1.1" 200 9064
186.79.78.167 - - [16/Mar/2018:11:27:43 -0300] "GET /cormun/servlet/trsolicitudadjuntos?2018,10562, HTTP/1.1" 200 9062
192.168.10.56 - - [16/Mar/2018:11:27:45 -0300] "GET /cormun/servlet/solicitudgral?UPD,2018,9071, HTTP/1.1" 200 12808
192.168.10.56 - - [16/Mar/2018:11:27:46 -0300] "GET /cormun/servlet/solicitudgral?UPD,2018,9071, HTTP/1.1" 200 12817
192.168.10.56 - - [16/Mar/2018:11:27:46 -0300] "POST /cormun/servlet/solicitudgral?gx-no-cache=1521210301847 HTTP/1.1" 200 3841
192.168.10.56 - - [16/Mar/2018:11:27:46 -0300] "GET /cormun/servlet/solicitudgral?4800dedb7db551e6356a3eb7c333358ba9a82c57eddc890e9ec4a3113c4e9650d8e905dd7f3496e06f1e767a59e6d969924dea80895b9c3cdf090f26c36718b7bd51098fd57c45fee3dae5da040588dfbab060da4c185f7159ffdf9f31b182f43bc481b08d0e642b40d0c6cab7321f951d879c29edc40ebecb86f8e19f8f831059be66df5f09208ab89cd77b940ceb5ddd70ae8c518a29a830fec3ce47de038e70ec95baa7505f5e7f3e69dccf6fdc761383c4f8c57d25ec813ceca663489fc1732ed2e8d20cf91d8e4cd9c21b03f7252f31bd40061dc915bf3d11d958445612dc78dc9bb6b7c696a950e44795c2cbfc39d2e46318e2c336a33411ce3ab5a085844f933415acb60d725f8fcd08d1a3315bb3501958d381a74be067e6870ce59a8e7596170984d1606e2e2abf9845016f908647e006c39ee058ac0f996712429a836163b8822cf482c7366b24537d49c2,gx-no-cache=1521210301972 HTTP/1.1" 200 256
192.168.10.56 - - [16/Mar/2018:11:27:47 -0300] "GET /cormun/servlet/solicitudgral?4800dedb7db551e6356a3eb7c333358bd3a45073504955eb680ad85bdce6eb5cc870903ac0c32e9ec812e9eafe3b67331d737fbd1832b52bfbdeac9930750caf2bd1a310e7baa19da7538e9864630cf6c6a671500ac679e99ca6e05a41ced69dcb6bf39cf20fdc446c2e06c5c1111cb72c1250bdfd44717e0d4e4268154e85f907a8bf9338dcba1e14e90230f1bb90f80268d3b2742b3a224c234a30953dc95ef2846876239d2ad85729112ea3dc2ada7635d828cdff62e6959700ee6ba83e3b56759fd195c18aafb0c6ab1f6f0aae62158b8f8656c49e05f5f6cb465773124aeb1a48b31d2e11ec3e34cdde993c4c9b03293c7f9283b523e9d0db7aa11c71e2038248ea9c6965fccc7265e873fa9ad4739b16d0879db01ed2ab35a2080133b19def8d93911c9ee9127c088e7a0fc514dd6958c1555405da90e4c3f040e8b131fe296593c6b072441994c36746995bb046bb90a8a4c9b3abfce94021cbc5a78ed996f5fb88a3e6ce7bc4f67b4bee0b2494b4f82f768064073a7eb9c2402da10caf41b2d00421c34fa047eb9efa79c7591bb0c5a720727d57ac8c1b748c3e2b2ead00033c534f1ccbfc3361df29de52f3,gx-no-cache=1521210303026 HTTP/1.1" 200 48
192.168.10.56 - - [16/Mar/2018:11:27:47 -0300] "POST /cormun/servlet/solicitudgral?31b3369a44df592bf00cd8bbf4b127cf,UPD,2018,9071,,gx-no-cache=1521210303060 HTTP/1.1" 200 11776
192.168.10.56 - - [16/Mar/2018:11:27:47 -0300] "GET /cormun/servlet/solicitudgral?4800dedb7db551e6356a3eb7c333358b433131d980d595189e7ad111e35ab430bdf2ca45b36710fab499bf2a3204363a222d6a8d11ae4a2ca216bc09b12bbfc41c72c05c27df15f1b26aec9a9ba9d58551ccbdb3ff8dbaa1e2960d78f60868490157ff195f2db56bc146521cda107ee045b5586462ff69767c86114d86c8f0dc5347834153a63b133ffbaddfad10b721610beb5910ff9289d7023c2397059b9c,gx-no-cache=1521210303217 HTTP/1.1" 200 29
192.168.10.56 - - [16/Mar/2018:11:27:47 -0300] "POST /cormun/servlet/solicitudgral?gx-no-cache=1521210303231 HTTP/1.1" 200 1295
192.168.10.56 - - [16/Mar/2018:11:27:47 -0300] "POST /cormun/servlet/solicitudgral?gx-no-cache=1521210303262 HTTP/1.1" 200 1215
186.79.78.167 - - [16/Mar/2018:11:27:51 -0300] "GET /cormun/servlet/solicitudotadjuntos?INS,2018,10562,,1, HTTP/1.1" 200 5975
186.79.78.167 - - [16/Mar/2018:11:27:51 -0300] "GET /cormun/static/about:blank HTTP/1.1" 404 1011
186.79.78.167 - - [16/Mar/2018:11:27:52 -0300] "GET /cormun/servlet/solicitudotadjuntos?INS,2018,10562,,1, HTTP/1.1" 200 5968
186.79.78.167 - - [16/Mar/2018:11:27:52 -0300] "GET /cormun/servlet/solicitudotadjuntos?885f3630c761ca9ac933f839fdad613a445d8b14c6ea51657d13293206cf40b795a17b37224d2b5616c46af65bac09b2,gx-no-cache=1521210424243 HTTP/1.1" 200 30
186.79.78.167 - - [16/Mar/2018:11:27:52 -0300] "POST /cormun/servlet/solicitudotadjuntos?a0c8bd4910ee0ddcc59e016061a15186,INS,2018,10562,,1,,gx-no-cache=1521210424545 HTTP/1.1" 200 3797
186.79.78.167 - - [16/Mar/2018:11:27:57 -0300] "POST /cormun/servlet/solicitudotadjuntos?gx-no-cache=1521210429655 HTTP/1.1" 200 26
186.79.78.167 - - [16/Mar/2018:11:28:04 -0300] "GET /cormun/servlet/solicitudotadjuntos?885f3630c761ca9ac933f839fdad613a32e9e7b027d48a0a43b9e6121ad80f59,gx-no-cache=1521210436690 HTTP/1.1" 200 30
186.79.78.167 - - [16/Mar/2018:11:28:04 -0300] "GET /cormun/servlet/solicitudotadjuntos?885f3630c761ca9ac933f839fdad613a32e9e7b027d48a0a43b9e6121ad80f59,gx-no-cache=1521210436845 HTTP/1.1" 200 30
192.168.10.56 - - [16/Mar/2018:11:28:05 -0300] "POST /cormun/servlet/solicitudgral?31b3369a44df592bf00cd8bbf4b127cf,UPD,2018,9071,,gx-no-cache=1521210320407 HTTP/1.1" 200 93
192.168.10.56 - - [16/Mar/2018:11:28:05 -0300] "GET /cormun/servlet/hpexe_return? HTTP/1.1" 200 1015
192.168.10.56 - - [16/Mar/2018:11:28:05 -0300] "GET /cormun/servlet/trsolicitudgral? HTTP/1.1" 200 15442
192.168.10.56 - - [16/Mar/2018:11:28:05 -0300] "GET /cormun/servlet/trsolicitudgral? HTTP/1.1" 200 15437
186.79.78.167 - - [16/Mar/2018:11:28:16 -0300] "POST /cormun/servlet/solicitudotadjuntos?a0c8bd4910ee0ddcc59e016061a15186,INS,2018,10562,,1, HTTP/1.1" 200 116
186.79.78.167 - - [16/Mar/2018:11:28:17 -0300] "GET /cormun/servlet/hpexe_return? HTTP/1.1" 200 1029
186.79.78.167 - - [16/Mar/2018:11:28:17 -0300] "GET /cormun/servlet/trsolicitudadjuntos?2018,10562, HTTP/1.1" 200 9331
186.79.78.167 - - [16/Mar/2018:11:28:18 -0300] "GET /cormun/servlet/trsolicitudadjuntos?2018,10562, HTTP/1.1" 200 9327
192.168.10.56 - - [16/Mar/2018:11:28:21 -0300] "POST /cormun/servlet/trsolicitudgral?31b3369a44df592bf00cd8bbf4b127cf,,gx-no-cache=1521210336412 HTTP/1.1" 200 11941
192.168.10.56 - - [16/Mar/2018:11:28:21 -0300] "GET /cormun/static/Shared/jqueryui/images/ui-bg_highlight-soft_100_c6c2c8_1x100.png HTTP/1.1" 404 1117
192.168.10.56 - - [16/Mar/2018:11:28:21 -0300] "GET /cormun/static/Shared/jqueryui/images/ui-icons_82798d_256x240.png HTTP/1.1" 404 1089
192.168.10.56 - - [16/Mar/2018:11:28:21 -0300] "GET /cormun/static/Shared/jqueryui/images/ui-icons_8d78a5_256x240.png HTTP/1.1" 404 1089
192.168.10.56 - - [16/Mar/2018:11:28:21 -0300] "GET /cormun/static/Shared/jqueryui/images/ui-bg_flat_55_fafafa_40x100.png HTTP/1.1" 404 1097
186.79.78.167 - - [16/Mar/2018:11:28:22 -0300] "GET /cormun/servlet/solicitudotadjuntos?INS,2018,10562,,1, HTTP/1.1" 200 5975
186.79.78.167 - - [16/Mar/2018:11:28:23 -0300] "GET /cormun/static/about:blank HTTP/1.1" 404 1011
186.79.78.167 - - [16/Mar/2018:11:28:23 -0300] "GET /cormun/servlet/solicitudotadjuntos?INS,2018,10562,,1, HTTP/1.1" 200 5968
186.79.78.167 - - [16/Mar/2018:11:28:24 -0300] "GET /cormun/servlet/solicitudotadjuntos?885f3630c761ca9ac933f839fdad613a445d8b14c6ea51657d13293206cf40b795a17b37224d2b5616c46af65bac09b2,gx-no-cache=1521210456033 HTTP/1.1" 200 30
186.79.78.167 - - [16/Mar/2018:11:28:25 -0300] "POST /cormun/servlet/solicitudotadjuntos?a0c8bd4910ee0ddcc59e016061a15186,INS,2018,10562,,1,,gx-no-cache=1521210456222 HTTP/1.1" 200 3797
192.168.10.56 - - [16/Mar/2018:11:28:27 -0300] "POST /cormun/servlet/trsolicitudgral?31b3369a44df592bf00cd8bbf4b127cf,,gx-no-cache=1521210342402 HTTP/1.1" 200 11677
186.103.159.46 - - [16/Mar/2018:11:28:27 -0300] "GET /cormun/servlet/trvisualizadoreventos? HTTP/1.1" 200 8858
186.103.159.46 - - [16/Mar/2018:11:28:28 -0300] "GET /cormun/servlet/trvisualizadoreventos? HTTP/1.1" 200 8858
186.79.78.167 - - [16/Mar/2018:11:28:29 -0300] "POST /cormun/servlet/solicitudotadjuntos?gx-no-cache=1521210461307 HTTP/1.1" 200 26
192.168.10.56 - - [16/Mar/2018:11:28:33 -0300] "GET /cormun/servlet/solicitudgral?UPD,2018,8755, HTTP/1.1" 200 12794
192.168.10.56 - - [16/Mar/2018:11:28:33 -0300] "GET /cormun/servlet/solicitudgral?UPD,2018,8755, HTTP/1.1" 200 12803
192.168.10.56 - - [16/Mar/2018:11:28:33 -0300] "POST /cormun/servlet/solicitudgral?gx-no-cache=1521210349270 HTTP/1.1" 200 3845
192.168.10.56 - - [16/Mar/2018:11:28:34 -0300] "GET /cormun/servlet/solicitudgral?4800dedb7db551e6356a3eb7c333358ba9a82c57eddc890e9ec4a3113c4e9650d8e905dd7f3496e06f1e767a59e6d969924dea80895b9c3cdf090f26c36718b7bd51098fd57c45fee3dae5da040588dfbab060da4c185f7159ffdf9f31b182f43bc481b08d0e642b40d0c6cab7321f951d879c29edc40ebecb86f8e19f8f831059be66df5f09208ab89cd77b940ceb5ddd70ae8c518a29a830fec3ce47de038e70ec95baa7505f5e7f3e69dccf6fdc761383c4f8c57d25ec813ceca663489fc1732ed2e8d20cf91d8e4cd9c21b03f7252f31bd40061dc915bf3d11d958445612dc78dc9bb6b7c696a950e44795c2cbfc39d2e46318e2c336a33411ce3ab5a085844f933415acb60d725f8fcd08d1a3315bb3501958d381a74be067e6870ce59a8e7596170984d1606e2e2abf9845016f908647e006c39ee058ac0f996712429a836163b8822cf482c7366b24537d49c2,gx-no-cache=1521210349388 HTTP/1.1" 200 256
186.103.159.46 - - [16/Mar/2018:11:28:34 -0300] "GET /cormun/servlet/trsolicitudot? HTTP/1.1" 200 7170
192.168.10.56 - - [16/Mar/2018:11:28:34 -0300] "GET /cormun/servlet/solicitudgral?4800dedb7db551e6356a3eb7c333358bd3a45073504955eb680ad85bdce6eb5cc870903ac0c32e9ec812e9eafe3b67331d737fbd1832b52bfbdeac9930750caf2bd1a310e7baa19da7538e9864630cf6c6a671500ac679e99ca6e05a41ced69dcb6bf39cf20fdc446c2e06c5c1111cb72c1250bdfd44717e0d4e4268154e85f907a8bf9338dcba1e14e90230f1bb90f80268d3b2742b3a224c234a30953dc95ef2846876239d2ad85729112ea3dc2ada7635d828cdff62e6959700ee6ba83e3b56759fd195c18aafb0c6ab1f6f0aae62158b8f8656c49e05f5f6cb465773124aeb1a48b31d2e11ec3e34cdde993c4c9b03293c7f9283b523e9d0db7aa11c71e2038248ea9c6965fccc7265e873fa9ad4739b16d0879db01ed2ab35a2080133b19def8d93911c9ee9127c088e7a0fc514dd6958c1555405da90e4c3f040e8b131fe296593c6b072441994c36746995bb046bb90a8a4c9b3abfce94021cbc5a78ed996f5fb88a3e6ce7bc4f67b4bee0b2494b4f82f768064073a7eb9c2402da10caf41b2d00421c34fa047eb9efa79c7591bb0c5a720727d57ac8c1b748c3e2b2ead00033c534f1ccbfc3361df29de52f3,gx-no-cache=1521210349983 HTTP/1.1" 200 48
192.168.10.56 - - [16/Mar/2018:11:28:34 -0300] "POST /cormun/servlet/solicitudgral?31b3369a44df592bf00cd8bbf4b127cf,UPD,2018,8755,,gx-no-cache=1521210350015 HTTP/1.1" 200 11775
192.168.10.56 - - [16/Mar/2018:11:28:34 -0300] "GET /cormun/servlet/solicitudgral?4800dedb7db551e6356a3eb7c333358b433131d980d595189e7ad111e35ab430bdf2ca45b36710fab499bf2a3204363a222d6a8d11ae4a2ca216bc09b12bbfc41c72c05c27df15f1b26aec9a9ba9d58551ccbdb3ff8dbaa1e2960d78f60868490157ff195f2db56bc146521cda107ee045b5586462ff69767c86114d86c8f0dc5347834153a63b133ffbaddfad10b721610beb5910ff9289d7023c2397059b9c,gx-no-cache=1521210350177 HTTP/1.1" 200 29
192.168.10.56 - - [16/Mar/2018:11:28:34 -0300] "POST /cormun/servlet/solicitudgral?gx-no-cache=1521210350192 HTTP/1.1" 200 1295
192.168.10.56 - - [16/Mar/2018:11:28:34 -0300] "POST /cormun/servlet/solicitudgral?gx-no-cache=1521210350223 HTTP/1.1" 200 1215
186.103.159.46 - - [16/Mar/2018:11:28:35 -0300] "GET /cormun/servlet/trsolicitudot? HTTP/1.1" 200 7170
186.79.78.167 - - [16/Mar/2018:11:28:36 -0300] "GET /cormun/servlet/solicitudotadjuntos?885f3630c761ca9ac933f839fdad613a32e9e7b027d48a0a43b9e6121ad80f59,gx-no-cache=1521210468508 HTTP/1.1" 200 30
186.79.78.167 - - [16/Mar/2018:11:28:36 -0300] "GET /cormun/servlet/solicitudotadjuntos?885f3630c761ca9ac933f839fdad613a32e9e7b027d48a0a43b9e6121ad80f59,gx-no-cache=1521210468623 HTTP/1.1" 200 30
200.120.230.197 - - [16/Mar/2018:11:28:40 -0300] "GET /cormun/servlet/trautorizarsolicitud? HTTP/1.1" 200 6300
186.103.159.46 - - [16/Mar/2018:11:28:41 -0300] "GET /cormun/servlet/trsolicitudot? HTTP/1.1" 200 7170
186.103.159.46 - - [16/Mar/2018:11:28:42 -0300] "GET /cormun/servlet/trsolicitudot? HTTP/1.1" 200 7170
200.120.230.197 - - [16/Mar/2018:11:28:43 -0300] "GET /cormun/servlet/trautorizarsolicitud? HTTP/1.1" 200 6294
200.120.230.197 - - [16/Mar/2018:11:28:43 -0300] "GET /cormun/servlet/hlogin HTTP/1.1" 200 1744
200.120.230.197 - - [16/Mar/2018:11:28:43 -0300] "GET /cormun/static/Resources/ComunLogin.png HTTP/1.1" 206 1
200.120.230.197 - - [16/Mar/2018:11:28:43 -0300] "GET /cormun/static/Resources/ComunLogin.png HTTP/1.1" 206 16156
186.79.78.167 - - [16/Mar/2018:11:28:46 -0300] "POST /cormun/servlet/solicitudotadjuntos?a0c8bd4910ee0ddcc59e016061a15186,INS,2018,10562,,1, HTTP/1.1" 200 116
186.79.78.167 - - [16/Mar/2018:11:28:47 -0300] "GET /cormun/servlet/hpexe_return? HTTP/1.1" 200 1029
186.79.78.167 - - [16/Mar/2018:11:28:48 -0300] "GET /cormun/servlet/trsolicitudadjuntos?2018,10562, HTTP/1.1" 200 9580
186.79.78.167 - - [16/Mar/2018:11:28:49 -0300] "GET /cormun/servlet/trsolicitudadjuntos?2018,10562, HTTP/1.1" 200 9579
186.103.159.46 - - [16/Mar/2018:11:28:50 -0300] "GET /cormun/servlet/trvisualizadoreventos? HTTP/1.1" 200 8858
186.103.159.46 - - [16/Mar/2018:11:28:51 -0300] "GET /cormun/servlet/trvisualizadoreventos? HTTP/1.1" 200 8858
200.120.230.197 - - [16/Mar/2018:11:29:00 -0300] "POST /cormun/servlet/hlogin?cad3032be50b7394816f07a2b9d0b5b8,gx-no-cache=1521210491392 HTTP/1.1" 200 90
200.120.230.197 - - [16/Mar/2018:11:29:00 -0300] "GET /cormun/servlet/hpexe_link HTTP/1.1" 200 963
200.120.230.197 - - [16/Mar/2018:11:29:00 -0300] "GET /cormun/servlet/trautorizarsolicitud HTTP/1.1" 200 7170
200.120.230.197 - - [16/Mar/2018:11:29:02 -0300] "GET /cormun/servlet/trautorizarsolicitud HTTP/1.1" 200 7169
192.168.10.56 - - [16/Mar/2018:11:29:04 -0300] "POST /cormun/servlet/solicitudgral?31b3369a44df592bf00cd8bbf4b127cf,UPD,2018,8755,,gx-no-cache=1521210379487 HTTP/1.1" 200 93
192.168.10.56 - - [16/Mar/2018:11:29:04 -0300] "GET /cormun/servlet/hpexe_return? HTTP/1.1" 200 1015
192.168.10.56 - - [16/Mar/2018:11:29:04 -0300] "GET /cormun/servlet/trsolicitudgral? HTTP/1.1" 200 14735
192.168.10.56 - - [16/Mar/2018:11:29:05 -0300] "GET /cormun/servlet/trsolicitudgral? HTTP/1.1" 200 14730
186.103.159.46 - - [16/Mar/2018:11:29:07 -0300] "GET /cormun/servlet/trvisualizadoreventos? HTTP/1.1" 200 8858
200.120.230.197 - - [16/Mar/2018:11:29:08 -0300] "GET /cormun/servlet/trcontratosolicitud? HTTP/1.1" 200 14863
186.103.159.46 - - [16/Mar/2018:11:29:08 -0300] "GET /cormun/servlet/trvisualizadoreventos? HTTP/1.1" 200 8858
200.120.230.197 - - [16/Mar/2018:11:29:09 -0300] "GET /cormun/servlet/trcontratosolicitud? HTTP/1.1" 200 14853
192.168.10.56 - - [16/Mar/2018:11:29:13 -0300] "POST /cormun/servlet/trsolicitudgral?31b3369a44df592bf00cd8bbf4b127cf,,gx-no-cache=1521210388612 HTTP/1.1" 200 11292
192.168.10.56 - - [16/Mar/2018:11:29:13 -0300] "GET /cormun/static/Shared/jqueryui/images/ui-bg_highlight-soft_100_c6c2c8_1x100.png HTTP/1.1" 404 1117
192.168.10.56 - - [16/Mar/2018:11:29:13 -0300] "GET /cormun/static/Shared/jqueryui/images/ui-icons_82798d_256x240.png HTTP/1.1" 404 1089
192.168.10.56 - - [16/Mar/2018:11:29:13 -0300] "GET /cormun/static/Shared/jqueryui/images/ui-bg_flat_55_fafafa_40x100.png HTTP/1.1" 404 1097
192.168.10.56 - - [16/Mar/2018:11:29:13 -0300] "GET /cormun/static/Shared/jqueryui/images/ui-icons_8d78a5_256x240.png HTTP/1.1" 404 1089
186.67.164.142 - - [16/Mar/2018:11:30:46 -0300] "POST /cormun/servlet/solicitudot?b250b86d81c4c90df6aef0a1ce9fdcbf,INS,0,0,,gx-no-cache=1521210595889 HTTP/1.1" 200 11902
186.67.164.142 - - [16/Mar/2018:11:30:48 -0300] "POST /cormun/servlet/solicitudot?b250b86d81c4c90df6aef0a1ce9fdcbf,INS,0,0,,gx-no-cache=1521210597726 HTTP/1.1" 200 11989
200.112.7.16 - - [16/Mar/2018:11:31:25 -0300] "GET /cormun/servlet/trsolicitudot? HTTP/1.1" 200 6394
200.112.7.16 - - [16/Mar/2018:11:31:26 -0300] "GET /cormun/servlet/trsolicitudot? HTTP/1.1" 200 6394
200.112.7.16 - - [16/Mar/2018:11:31:26 -0300] "GET /cormun/servlet/hlogin HTTP/1.1" 200 1743
200.112.7.16 - - [16/Mar/2018:11:31:28 -0300] "POST /cormun/servlet/hlogin?4be58c1bf89ef370f0f389aa07e9391e,gx-no-cache=1521210638938 HTTP/1.1" 200 90
200.112.7.16 - - [16/Mar/2018:11:31:28 -0300] "GET /cormun/servlet/hpexe_link HTTP/1.1" 200 960
200.112.7.16 - - [16/Mar/2018:11:31:28 -0300] "GET /cormun/servlet/trsolicitudot HTTP/1.1" 200 7037
200.112.7.16 - - [16/Mar/2018:11:31:28 -0300] "GET /cormun/servlet/trsolicitudot HTTP/1.1" 200 7035
200.112.7.16 - - [16/Mar/2018:11:31:31 -0300] "GET /cormun/servlet/solicitudot?INS,0,0, HTTP/1.1" 200 13452
200.112.7.16 - - [16/Mar/2018:11:31:32 -0300] "GET /cormun/servlet/solicitudot?INS,0,0, HTTP/1.1" 200 13457
192.168.10.56 - - [16/Mar/2018:11:31:33 -0300] "POST /cormun/servlet/trsolicitudgral?31b3369a44df592bf00cd8bbf4b127cf,,gx-no-cache=1521210528376 HTTP/1.1" 200 10864
192.168.10.96 - - [16/Mar/2018:11:31:36 -0300] "GET /cormun/servlet/trsolicitudgral? HTTP/1.1" 200 16376
192.168.10.96 - - [16/Mar/2018:11:31:36 -0300] "GET /cormun/servlet/trsolicitudgral? HTTP/1.1" 200 16376
192.168.10.96 - - [16/Mar/2018:11:31:43 -0300] "POST /cormun/servlet/trsolicitudgral?f532f42d177a7f7f868e853feb4f7519,,gx-no-cache=1521210538883 HTTP/1.1" 200 7350
192.168.10.96 - - [16/Mar/2018:11:31:44 -0300] "POST /cormun/servlet/trsolicitudgral?f532f42d177a7f7f868e853feb4f7519,,gx-no-cache=1521210540203 HTTP/1.1" 200 7349
192.168.10.96 - - [16/Mar/2018:11:31:45 -0300] "POST /cormun/servlet/trsolicitudgral?f532f42d177a7f7f868e853feb4f7519,,gx-no-cache=1521210540395 HTTP/1.1" 200 7349
200.112.7.16 - - [16/Mar/2018:11:31:45 -0300] "POST /cormun/servlet/solicitudot?gx-no-cache=1521210655786 HTTP/1.1" 200 3284
192.168.10.96 - - [16/Mar/2018:11:31:45 -0300] "POST /cormun/servlet/trsolicitudgral?f532f42d177a7f7f868e853feb4f7519,,gx-no-cache=1521210540635 HTTP/1.1" 200 7350
200.112.7.16 - - [16/Mar/2018:11:31:45 -0300] "POST /cormun/servlet/solicitudot?4be58c1bf89ef370f0f389aa07e9391e,INS,0,0,,gx-no-cache=1521210656236 HTTP/1.1" 200 10250
200.112.7.16 - - [16/Mar/2018:11:31:48 -0300] "GET /cormun/servlet/solicitudot?52be8afe7afb205cf99335fe4fb96d52488c18a3fb6c01dc18a947a61d765cae4d43cd94f79b640a03d5a5cfe7d2f490,gx-no-cache=1521210659704 HTTP/1.1" 200 30
192.168.10.96 - - [16/Mar/2018:11:31:49 -0300] "POST /cormun/servlet/trsolicitudgral?f532f42d177a7f7f868e853feb4f7519,,gx-no-cache=1521210543805 HTTP/1.1" 200 24653
192.168.10.96 - - [16/Mar/2018:11:31:52 -0300] "POST /cormun/servlet/trsolicitudgral?f532f42d177a7f7f868e853feb4f7519,,gx-no-cache=1521210546854 HTTP/1.1" 200 105
192.168.10.96 - - [16/Mar/2018:11:31:52 -0300] "GET /cormun/SolicitudGral-7531.xls HTTP/1.1" 200 78336
192.168.10.56 - - [16/Mar/2018:11:31:52 -0300] "GET /cormun/servlet/solicitudgral2?UPD,2018,9025, HTTP/1.1" 200 12973
192.168.10.56 - - [16/Mar/2018:11:31:52 -0300] "GET /cormun/static/gxcfg.js?20181911361990 HTTP/1.1" 304 -
192.168.10.56 - - [16/Mar/2018:11:31:53 -0300] "GET /cormun/servlet/solicitudgral2?UPD,2018,9025, HTTP/1.1" 200 12984
192.168.10.56 - - [16/Mar/2018:11:31:53 -0300] "POST /cormun/servlet/solicitudgral2?gx-no-cache=1521210549094 HTTP/1.1" 200 3876
192.168.10.56 - - [16/Mar/2018:11:31:53 -0300] "GET /cormun/servlet/solicitudgral2?4800dedb7db551e6356a3eb7c333358ba9a82c57eddc890e9ec4a3113c4e9650ae3f3292e28ad1c987e707d8dfb174ca924dea80895b9c3cdf090f26c36718b7bd51098fd57c45fee3dae5da040588dfbab060da4c185f7159ffdf9f31b182f43bc481b08d0e642b40d0c6cab7321f951d879c29edc40ebecb86f8e19f8f831059be66df5f09208ab89cd77b940ceb5ddd70ae8c518a29a830fec3ce47de038e70ec95baa7505f5e7f3e69dccf6fdc761383c4f8c57d25ec813ceca663489fc1732ed2e8d20cf91d8e4cd9c21b03f7252f31bd40061dc915bf3d11d958445612dc78dc9bb6b7c696a950e44795c2cbfc39d2e46318e2c336a33411ce3ab5a085844f933415acb60d725f8fcd08d1a3315bb3501958d381a74be067e6870ce59a8e7596170984d1606e2e2abf9845016f908647e006c39ee058ac0f996712429a836163b8822cf482c7366b24537d49c2,gx-no-cache=1521210549225 HTTP/1.1" 200 255
192.168.10.56 - - [16/Mar/2018:11:31:53 -0300] "POST /cormun/servlet/solicitudgral2?gx-no-cache=1521210549251 HTTP/1.1" 200 1399
192.168.10.56 - - [16/Mar/2018:11:31:53 -0300] "GET /cormun/servlet/solicitudgral2?4800dedb7db551e6356a3eb7c333358b4edc0dfd166f10fb3bd7ee9d4ef3c45343ad4b12b3c1cc331a90bb9cdddc55806a827c9ebf99495254e66ab1552975e865e9a5ba1bc2ef3a3a02e728c6baeabe66001ca5257bf0c3e972ab5ef8d19e9fed93d9fd687fb625ea95d4b4072ed7d2,gx-no-cache=1521210549291 HTTP/1.1" 200 41
192.168.10.56 - - [16/Mar/2018:11:31:58 -0300] "POST /cormun/servlet/solicitudgral2?31b3369a44df592bf00cd8bbf4b127cf,UPD,2018,9025,,gx-no-cache=1521210553388 HTTP/1.1" 200 11825
192.168.10.56 - - [16/Mar/2018:11:31:58 -0300] "GET /cormun/servlet/solicitudgral2?4800dedb7db551e6356a3eb7c333358b6cc7a0784e8fa01d7ceb52fffdb125e0bdf2ca45b36710fab499bf2a3204363a3928a1a4191e63309ed09dd74a6d23701c72c05c27df15f1b26aec9a9ba9d58551ccbdb3ff8dbaa1e2960d78f60868490157ff195f2db56bc146521cda107ee045b5586462ff69767c86114d86c8f0dc5347834153a63b133ffbaddfad10b721610beb5910ff9289d7023c2397059b9c,gx-no-cache=1521210553558 HTTP/1.1" 200 29
192.168.10.56 - - [16/Mar/2018:11:31:58 -0300] "POST /cormun/servlet/solicitudgral2?gx-no-cache=1521210553575 HTTP/1.1" 200 1296
192.168.10.56 - - [16/Mar/2018:11:31:58 -0300] "POST /cormun/servlet/solicitudgral2?gx-no-cache=1521210553610 HTTP/1.1" 200 1218
192.168.10.56 - - [16/Mar/2018:11:31:58 -0300] "GET /cormun/servlet/solicitudgral2?4800dedb7db551e6356a3eb7c333358be73e86a16f2fd5daa478ae71f915784444de3aea2b558bd8b388095fa161b4d8ab53d85a2cde29258d869abfc32d2bc58badd6266d286003314272c00191c2b622c42f95af30f7fa615a37ebaf0f0555a6c17ad8502bfe0bc37f4d1f26892efe3cbf899cfedbee3e30b5768d6992ac35,gx-no-cache=1521210553647 HTTP/1.1" 200 30
192.168.10.56 - - [16/Mar/2018:11:31:58 -0300] "POST /cormun/servlet/solicitudgral2?31b3369a44df592bf00cd8bbf4b127cf,UPD,2018,9025,,gx-no-cache=1521210553675 HTTP/1.1" 200 93
192.168.10.56 - - [16/Mar/2018:11:31:58 -0300] "GET /cormun/servlet/hpexe_return? HTTP/1.1" 200 1017
186.79.78.167 - - [16/Mar/2018:11:31:58 -0300] "GET /cormun/servlet/hlogin HTTP/1.1" 200 1718
192.168.10.56 - - [16/Mar/2018:11:31:58 -0300] "GET /cormun/servlet/trsolicitudgral? HTTP/1.1" 200 13861
192.168.10.56 - - [16/Mar/2018:11:31:59 -0300] "GET /cormun/servlet/trsolicitudgral? HTTP/1.1" 200 13857
186.79.78.167 - - [16/Mar/2018:11:32:01 -0300] "POST /cormun/servlet/hlogin?bffe008701753dc249d2a97da89adde9,gx-no-cache=1521210673225 HTTP/1.1" 200 90
186.79.78.167 - - [16/Mar/2018:11:32:01 -0300] "GET /cormun/servlet/hpexe_link HTTP/1.1" 200 950
186.79.78.167 - - [16/Mar/2018:11:32:01 -0300] "GET /cormun/servlet/hhome HTTP/1.1" 200 3929
186.79.78.167 - - [16/Mar/2018:11:32:02 -0300] "GET /cormun/servlet/hhome HTTP/1.1" 200 3926
186.79.78.167 - - [16/Mar/2018:11:32:05 -0300] "GET /cormun/servlet/trsolicitudot? HTTP/1.1" 200 8572
186.79.78.167 - - [16/Mar/2018:11:32:06 -0300] "GET /cormun/servlet/trsolicitudot? HTTP/1.1" 200 8570
192.168.10.56 - - [16/Mar/2018:11:32:10 -0300] "POST /cormun/servlet/trsolicitudgral?31b3369a44df592bf00cd8bbf4b127cf,,gx-no-cache=1521210565864 HTTP/1.1" 200 10459
192.168.10.56 - - [16/Mar/2018:11:32:10 -0300] "GET /cormun/static/Shared/jqueryui/images/ui-bg_highlight-soft_100_c6c2c8_1x100.png HTTP/1.1" 404 1117
192.168.10.56 - - [16/Mar/2018:11:32:10 -0300] "GET /cormun/static/Shared/jqueryui/images/ui-icons_82798d_256x240.png HTTP/1.1" 404 1089
192.168.10.56 - - [16/Mar/2018:11:32:10 -0300] "GET /cormun/static/Shared/jqueryui/images/ui-bg_flat_55_fafafa_40x100.png HTTP/1.1" 404 1097
192.168.10.56 - - [16/Mar/2018:11:32:10 -0300] "GET /cormun/static/Shared/jqueryui/images/ui-icons_8d78a5_256x240.png HTTP/1.1" 404 1089
192.168.10.56 - - [16/Mar/2018:11:32:23 -0300] "POST /cormun/servlet/trsolicitudgral?31b3369a44df592bf00cd8bbf4b127cf,,gx-no-cache=1521210578558 HTTP/1.1" 200 10047
200.120.230.197 - - [16/Mar/2018:11:32:27 -0300] "POST /cormun/servlet/trcontratosolicitud?cad3032be50b7394816f07a2b9d0b5b8,,gx-no-cache=1521210697677 HTTP/1.1" 200 11849
200.120.230.197 - - [16/Mar/2018:11:32:29 -0300] "GET /cormun/static/Resources/PXToolsGridFirst.gif HTTP/1.1" 200 379
200.120.230.197 - - [16/Mar/2018:11:32:29 -0300] "GET /cormun/static/Resources/PXToolsGridPrevious.gif HTTP/1.1" 200 369
186.79.78.167 - - [16/Mar/2018:11:32:34 -0300] "POST /cormun/servlet/trsolicitudot?bffe008701753dc249d2a97da89adde9,,gx-no-cache=1521210705365 HTTP/1.1" 200 4504
186.79.78.167 - - [16/Mar/2018:11:32:35 -0300] "GET /cormun/static/Shared/jqueryui/images/ui-icons_82798d_256x240.png HTTP/1.1" 404 1089
186.79.78.167 - - [16/Mar/2018:11:32:35 -0300] "GET /cormun/static/Shared/jqueryui/images/ui-bg_flat_55_fafafa_40x100.png HTTP/1.1" 404 1097
186.79.78.167 - - [16/Mar/2018:11:32:35 -0300] "GET /cormun/static/Shared/jqueryui/images/ui-bg_highlight-soft_100_c6c2c8_1x100.png HTTP/1.1" 404 1117
186.79.78.167 - - [16/Mar/2018:11:32:36 -0300] "GET /cormun/static/Shared/jqueryui/images/ui-icons_8d78a5_256x240.png HTTP/1.1" 404 1089
186.79.78.167 - - [16/Mar/2018:11:32:36 -0300] "POST /cormun/servlet/trsolicitudot?bffe008701753dc249d2a97da89adde9,,gx-no-cache=1521210707100 HTTP/1.1" 200 4252
192.168.10.56 - - [16/Mar/2018:11:32:36 -0300] "POST /cormun/servlet/trsolicitudgral?31b3369a44df592bf00cd8bbf4b127cf,,gx-no-cache=1521210592007 HTTP/1.1" 200 9653
192.168.10.56 - - [16/Mar/2018:11:32:46 -0300] "POST /cormun/servlet/trsolicitudgral?31b3369a44df592bf00cd8bbf4b127cf,,gx-no-cache=1521210601377 HTTP/1.1" 200 9303
192.168.10.56 - - [16/Mar/2018:11:33:13 -0300] "POST /cormun/servlet/trsolicitudgral?31b3369a44df592bf00cd8bbf4b127cf,,gx-no-cache=1521210628698 HTTP/1.1" 200 115
192.168.10.56 - - [16/Mar/2018:11:33:13 -0300] "GET /cormun/servlet/solicitudotlog?INS,2018,9804,0,REC, HTTP/1.1" 200 6300
192.168.10.56 - - [16/Mar/2018:11:33:13 -0300] "GET /cormun/servlet/solicitudotlog?INS,2018,9804,0,REC, HTTP/1.1" 200 6300
192.168.10.56 - - [16/Mar/2018:11:33:14 -0300] "GET /cormun/servlet/solicitudotlog?4800dedb7db551e6356a3eb7c333358b5ed66ea24cebb9e6efeed420f35391cf39d2e46318e2c336a33411ce3ab5a0851f0fc023ac42dfdef7458cc719b7d47463b1d8a8f565ba0a141b61ee7d9025461c6533fd5bf5318e29e2777147c4c68410ac87acfe89d9eedc4210deda7956d2164b33fbfab052f21945afd8d5ea344a3ed8c54fe54c4f8944ae7ee937b17312b43593d81a93c8d9bd16a9e77723d843,gx-no-cache=1521210629611 HTTP/1.1" 200 94
192.168.10.56 - - [16/Mar/2018:11:33:21 -0300] "POST /cormun/servlet/solicitudotlog?31b3369a44df592bf00cd8bbf4b127cf,INS,2018,9804,0,REC,,gx-no-cache=1521210637020 HTTP/1.1" 200 93
192.168.10.56 - - [16/Mar/2018:11:33:21 -0300] "GET /cormun/servlet/hpexe_return? HTTP/1.1" 200 1025
192.168.10.56 - - [16/Mar/2018:11:33:21 -0300] "GET /cormun/servlet/trsolicitudgral? HTTP/1.1" 200 11898
192.168.10.56 - - [16/Mar/2018:11:33:22 -0300] "GET /cormun/servlet/trsolicitudgral? HTTP/1.1" 200 11894
186.79.231.211 - - [16/Mar/2018:11:33:38 -0300] "GET /cormun/servlet/trcontratounov2? HTTP/1.1" 200 17818
186.79.231.211 - - [16/Mar/2018:11:33:38 -0300] "GET /cormun/static/gxcfg.js?201752512124396 HTTP/1.1" 200 953
186.79.231.211 - - [16/Mar/2018:11:33:39 -0300] "GET /cormun/static/Resources/PXToolsGridNew.png HTTP/1.1" 200 2949
186.79.231.211 - - [16/Mar/2018:11:33:39 -0300] "GET /cormun/static/trcontratounov2.js?201752512125146 HTTP/1.1" 200 38486
186.79.231.211 - - [16/Mar/2018:11:33:39 -0300] "GET /cormun/static/Resources/PXToolsAddSelectedAction.png HTTP/1.1" 200 3660
186.79.231.211 - - [16/Mar/2018:11:33:40 -0300] "GET /cormun/servlet/trcontratounov2? HTTP/1.1" 200 17811
192.168.10.56 - - [16/Mar/2018:11:33:43 -0300] "POST /cormun/servlet/trsolicitudgral?31b3369a44df592bf00cd8bbf4b127cf,,gx-no-cache=1521210658828 HTTP/1.1" 200 115
192.168.10.56 - - [16/Mar/2018:11:33:43 -0300] "GET /cormun/servlet/solicitudotlog?INS,2018,9024,0,REC, HTTP/1.1" 200 6298
192.168.10.56 - - [16/Mar/2018:11:33:43 -0300] "GET /cormun/servlet/solicitudotlog?INS,2018,9024,0,REC, HTTP/1.1" 200 6299
192.168.10.56 - - [16/Mar/2018:11:33:44 -0300] "GET /cormun/servlet/solicitudotlog?4800dedb7db551e6356a3eb7c333358b6c7e913b8968c3e9166b251ef00961e639d2e46318e2c336a33411ce3ab5a0851f0fc023ac42dfdef7458cc719b7d47463b1d8a8f565ba0a141b61ee7d9025461c6533fd5bf5318e29e2777147c4c68410ac87acfe89d9eedc4210deda7956d2164b33fbfab052f21945afd8d5ea344a3ed8c54fe54c4f8944ae7ee937b17312b43593d81a93c8d9bd16a9e77723d843,gx-no-cache=1521210659758 HTTP/1.1" 200 94
192.168.10.56 - - [16/Mar/2018:11:33:52 -0300] "POST /cormun/servlet/solicitudotlog?31b3369a44df592bf00cd8bbf4b127cf,INS,2018,9024,0,REC,,gx-no-cache=1521210667869 HTTP/1.1" 200 93
192.168.10.56 - - [16/Mar/2018:11:33:52 -0300] "GET /cormun/servlet/hpexe_return? HTTP/1.1" 200 1024
192.168.10.56 - - [16/Mar/2018:11:33:52 -0300] "GET /cormun/servlet/trsolicitudgral HTTP/1.1" 200 11564
192.168.10.56 - - [16/Mar/2018:11:33:53 -0300] "GET /cormun/servlet/trsolicitudgral HTTP/1.1" 200 11559
200.120.230.197 - - [16/Mar/2018:11:34:24 -0300] "GET /cormun/servlet/hlogin HTTP/1.1" 200 1727
200.120.230.197 - - [16/Mar/2018:11:34:25 -0300] "GET /cormun/servlet/hlogin HTTP/1.1" 200 1737
200.112.7.16 - - [16/Mar/2018:11:34:25 -0300] "GET /cormun/servlet/solicitudot?52be8afe7afb205cf99335fe4fb96d52f4d6cbaf143e63150af7920735995d56,gx-no-cache=1521210816297 HTTP/1.1" 200 94
200.112.7.16 - - [16/Mar/2018:11:34:25 -0300] "GET /cormun/static/Shared/jqueryui/images/ui-bg_highlight-soft_100_c6c2c8_1x100.png HTTP/1.1" 404 1117
200.112.7.16 - - [16/Mar/2018:11:34:25 -0300] "GET /cormun/static/Shared/jqueryui/images/ui-icons_82798d_256x240.png HTTP/1.1" 404 1089
200.112.7.16 - - [16/Mar/2018:11:34:25 -0300] "GET /cormun/static/Shared/jqueryui/images/ui-icons_ebccce_256x240.png HTTP/1.1" 404 1089
200.112.7.16 - - [16/Mar/2018:11:34:25 -0300] "GET /cormun/static/Shared/jqueryui/images/ui-bg_flat_55_994d53_40x100.png HTTP/1.1" 404 1097
200.112.7.16 - - [16/Mar/2018:11:34:25 -0300] "GET /cormun/servlet/solicitudot?52be8afe7afb205cf99335fe4fb96d5271d6ce8cad7958c4aaa76370834eddfc,gx-no-cache=1521210816731 HTTP/1.1" 200 29
192.168.10.56 - - [16/Mar/2018:11:34:25 -0300] "POST /cormun/servlet/trsolicitudgral?31b3369a44df592bf00cd8bbf4b127cf,gx-no-cache=1521210701205 HTTP/1.1" 200 115
192.168.10.56 - - [16/Mar/2018:11:34:25 -0300] "GET /cormun/servlet/solicitudotlog?INS,2018,9023,0,REC, HTTP/1.1" 200 6298
200.112.7.16 - - [16/Mar/2018:11:34:26 -0300] "POST /cormun/servlet/solicitudot?gx-no-cache=1521210816870 HTTP/1.1" 200 297
200.112.7.16 - - [16/Mar/2018:11:34:26 -0300] "GET /cormun/servlet/solicitudot?52be8afe7afb205cf99335fe4fb96d52dda90a4f7bfec50472401a93b13f3ed7518c1524bb673903d76ee4b889b6dfd994118952e09d9e7f96046f26ac98943732cc86cb233826b8680be35161dff1896d2ee2cacd09b379e9ac6f3dea9f8e13040888a785e0d1997dfd702737fcdbb6025d7a6d5a32d2bd012185dbdc5e4236881d949c0ce3efe3f16a7b8a7f55658d1842ee364de55b6982a7dcfea31eb4366bfcac957e064c6f6ca9010e651079ea5cd5723cdb51309d35154b7e7d5a2a3302e6106c5ef2cdc9f8826c4b636fc770eeebd566ab2e26abff076fd052cbecd2584cc98a083db7271598e597612f649e936f0b6e19bfbd40f019bd7955c3b50e3f8f0d145a0a510af6520a3e7eb2a60da9fa116d389fd14076f52c39d124473317c84495f07515b3989ef76e0d9757e509f96500b2532f92cf9e6eb3530cbdab5d7a2e5be7db5dae4fe5f2776aedd00d538dc3a688f3a50b6fd7e07fe78e2912d506beea53b6916e35d591a4889d37f491066d079b99231cfa047d07419277df06e878a73648b2439e9855cfeea6dadd,gx-no-cache=1521210817020 HTTP/1.1" 200 30
192.168.10.56 - - [16/Mar/2018:11:34:26 -0300] "GET /cormun/servlet/solicitudotlog?INS,2018,9023,0,REC, HTTP/1.1" 200 6299
200.112.7.16 - - [16/Mar/2018:11:34:26 -0300] "POST /cormun/servlet/solicitudot?gx-no-cache=1521210817159 HTTP/1.1" 200 30
200.112.7.16 - - [16/Mar/2018:11:34:26 -0300] "POST /cormun/servlet/solicitudot?gx-no-cache=1521210817370 HTTP/1.1" 200 1333
200.112.7.16 - - [16/Mar/2018:11:34:26 -0300] "POST /cormun/servlet/solicitudot?gx-no-cache=1521210817567 HTTP/1.1" 200 38
192.168.10.56 - - [16/Mar/2018:11:34:26 -0300] "GET /cormun/servlet/solicitudotlog?4800dedb7db551e6356a3eb7c333358b680b62f0d099f6f86c9f565738c8c0b839d2e46318e2c336a33411ce3ab5a0851f0fc023ac42dfdef7458cc719b7d47463b1d8a8f565ba0a141b61ee7d9025461c6533fd5bf5318e29e2777147c4c68410ac87acfe89d9eedc4210deda7956d2164b33fbfab052f21945afd8d5ea344a3ed8c54fe54c4f8944ae7ee937b17312b43593d81a93c8d9bd16a9e77723d843,gx-no-cache=1521210702148 HTTP/1.1" 200 94
200.120.230.197 - - [16/Mar/2018:11:34:32 -0300] "POST /cormun/servlet/hlogin?46e02e745f12033a1f0091c48f71c8ff,gx-no-cache=1521210828465 HTTP/1.1" 200 90
200.120.230.197 - - [16/Mar/2018:11:34:32 -0300] "GET /cormun/servlet/hpexe_link HTTP/1.1" 200 957
200.120.230.197 - - [16/Mar/2018:11:34:32 -0300] "GET /cormun/servlet/hhome HTTP/1.1" 200 4236
200.120.230.197 - - [16/Mar/2018:11:34:33 -0300] "GET /cormun/servlet/hhome HTTP/1.1" 200 4232
200.112.7.16 - - [16/Mar/2018:11:34:37 -0300] "GET /cormun/servlet/solicitudot?52be8afe7afb205cf99335fe4fb96d52a7b8910b2d5f99f975f8d0ce1059098b74d4ac010de765c03ae8a84a8c5e5feac5d48b90db9e9705cc2c9842f2e26eb7f2b7d3d728026445a75a0702967a23229475ed350fe5192b7d0b5274e00f061352cf1d1baa9fa514f17d3c850c7d00c0,gx-no-cache=1521210828621 HTTP/1.1" 200 29
192.168.10.56 - - [16/Mar/2018:11:34:37 -0300] "POST /cormun/servlet/solicitudotlog?31b3369a44df592bf00cd8bbf4b127cf,INS,2018,9023,0,REC,,gx-no-cache=1521210713180 HTTP/1.1" 200 93
192.168.10.56 - - [16/Mar/2018:11:34:37 -0300] "GET /cormun/servlet/hpexe_return? HTTP/1.1" 200 1023
200.112.7.16 - - [16/Mar/2018:11:34:38 -0300] "POST /cormun/servlet/solicitudot?gx-no-cache=1521210828788 HTTP/1.1" 200 1318
192.168.10.56 - - [16/Mar/2018:11:34:38 -0300] "GET /cormun/servlet/trsolicitudgral HTTP/1.1" 200 11186
200.112.7.16 - - [16/Mar/2018:11:34:38 -0300] "POST /cormun/servlet/solicitudot?gx-no-cache=1521210829023 HTTP/1.1" 200 1215
200.112.7.16 - - [16/Mar/2018:11:34:38 -0300] "GET /cormun/static/menuarrow.gif HTTP/1.1" 404 1015
192.168.10.56 - - [16/Mar/2018:11:34:38 -0300] "GET /cormun/servlet/trsolicitudgral HTTP/1.1" 200 11182
200.112.7.16 - - [16/Mar/2018:11:34:41 -0300] "POST /cormun/servlet/solicitudot?gx-no-cache=1521210831810 HTTP/1.1" 200 1318
200.112.7.16 - - [16/Mar/2018:11:34:41 -0300] "POST /cormun/servlet/solicitudot?gx-no-cache=1521210832045 HTTP/1.1" 200 1215
