192.168.10.56 - - [16/Mar/2018:08:40:42 -0300] "POST /cormun/servlet/trsolicitudgral?d878731f44d05638044c47bc3fe8b46a,,gx-no-cache=1521200277312 HTTP/1.1" 200 12299
200.54.247.70 - - [16/Mar/2018:08:40:56 -0300] "GET /cormun/servlet/trsolicitudot? HTTP/1.1" 200 7449
192.168.10.56 - - [16/Mar/2018:08:41:01 -0300] "POST /cormun/servlet/trsolicitudgral?d878731f44d05638044c47bc3fe8b46a,,gx-no-cache=1521200296824 HTTP/1.1" 200 105
192.168.10.56 - - [16/Mar/2018:08:41:01 -0300] "POST /cormun/servlet/trsolicitudgral?d878731f44d05638044c47bc3fe8b46a,,gx-no-cache=1521200296983 HTTP/1.1" 200 12280
192.168.10.56 - - [16/Mar/2018:08:41:02 -0300] "GET /cormun/SolicitudGral-2766.xls HTTP/1.1" 200 11264
200.54.247.70 - - [16/Mar/2018:08:41:08 -0300] "GET /cormun/servlet/solicitudot?INS,0,0, HTTP/1.1" 200 13677
192.168.4.251 - - [16/Mar/2018:08:41:23 -0300] "GET /cormun/servlet/solicitudgral2?b77f9b42327cf54a19bfdcffc7ab8ec8960982996ddce32a9088702bd7daba9999dd91bcb60f248f91fd567530f0b4b1d6b77edf474b65b55461238b0ac163048f869788bf9d23a80bc8f67a5ca015155597019b5f55bb4c490c9866c1d478c29ccdb57633db210e8a999b56d3fc3e691d5f18ef953b590a96ee8fc4af3fc87a,gx-no-cache=1521200319464 HTTP/1.1" 200 30
192.168.4.251 - - [16/Mar/2018:08:41:23 -0300] "POST /cormun/servlet/solicitudgral2?13bf342b781a51d61a6723ae8b78f431,UPD,2018,10534,,gx-no-cache=1521200319688 HTTP/1.1" 200 93
192.168.4.251 - - [16/Mar/2018:08:41:23 -0300] "GET /cormun/servlet/hpexe_return? HTTP/1.1" 200 1014
192.168.4.251 - - [16/Mar/2018:08:41:23 -0300] "GET /cormun/servlet/trsolicitudgral HTTP/1.1" 200 12225
192.168.4.251 - - [16/Mar/2018:08:41:24 -0300] "GET /cormun/servlet/trsolicitudgral HTTP/1.1" 200 12221
192.168.4.251 - - [16/Mar/2018:08:41:26 -0300] "GET /cormun/servlet/solicitudgral2?UPD,2018,10535, HTTP/1.1" 200 12949
192.168.4.251 - - [16/Mar/2018:08:41:27 -0300] "GET /cormun/servlet/solicitudgral2?UPD,2018,10535, HTTP/1.1" 200 12960
192.168.10.56 - - [16/Mar/2018:08:41:27 -0300] "GET /cormun/servlet/vesolicitudgral?2018,9806,, HTTP/1.1" 200 9113
192.168.10.56 - - [16/Mar/2018:08:41:27 -0300] "GET /cormun/pexe_scrolldiv.js HTTP/1.1" 404 1009
192.168.4.251 - - [16/Mar/2018:08:41:27 -0300] "POST /cormun/servlet/solicitudgral2?gx-no-cache=1521200324231 HTTP/1.1" 200 3908
192.168.10.56 - - [16/Mar/2018:08:41:27 -0300] "GET /cormun/pexe_scrolldiv.js HTTP/1.1" 404 1009
192.168.10.56 - - [16/Mar/2018:08:41:28 -0300] "GET /cormun/servlet/vesolicitudgral?2018,9806,, HTTP/1.1" 200 9113
192.168.4.251 - - [16/Mar/2018:08:41:28 -0300] "GET /cormun/servlet/solicitudgral2?b77f9b42327cf54a19bfdcffc7ab8ec8ed18eb286a7b6b3c916eeedf49fcaa17580f78c2185ef71d905d3b929643996899ff4ffe8f2d36af85f57599c25cb43bd04be160daf8b9d1aad034557100389e0298fb2a98cc79112d6473a56c0f5c41b17e6a8b38e04aa833110db9375538b3f97423e3b97e2cd47dfb72d41864b6392765e3e6be00229a57bf661313ade75fb4a9a147dfa87659804fc6b7772a420bd1cc6c56061518bbb5501781da7930b942fd798c8b729cfc321193c785332709b24a97a46c6c215573be08c29ca26b47529032405a8f37d1834ce704309ff52dddfa3b433db197329abbabd1d6dfb7c5cc88076d9563f06bf7a355506b27ba1400c5a5b9da733fdf510adf26b43101bd257d411b65a8ef6cbef40f6272b89f7c09a7bf04424b33a4003bc4e291d812203dd3e9e5a36ef766267cbb7a7d68da3d1f4dd5643b6c8edd2a66e57bf14315e0,gx-no-cache=1521200324574 HTTP/1.1" 200 255
192.168.4.251 - - [16/Mar/2018:08:41:29 -0300] "POST /cormun/servlet/solicitudgral2?gx-no-cache=1521200325077 HTTP/1.1" 200 1397
192.168.4.251 - - [16/Mar/2018:08:41:29 -0300] "GET /cormun/servlet/solicitudgral2?b77f9b42327cf54a19bfdcffc7ab8ec89601f68ef2202c7430e0142563ece97bc3c405c91a37f2f2582e023d90801aaf6db7071f3042581420f2cefc2fb59afbf02f10f4ab74770aff89e94342666900883ac738edd07591f209ce025b3e6241d19d883bd3dfa7cd7bce1ee4d3451f3f,gx-no-cache=1521200325734 HTTP/1.1" 200 41
192.168.4.251 - - [16/Mar/2018:08:41:30 -0300] "POST /cormun/servlet/solicitudgral2?13bf342b781a51d61a6723ae8b78f431,UPD,2018,10535,,gx-no-cache=1521200325851 HTTP/1.1" 200 11844
192.168.4.251 - - [16/Mar/2018:08:41:30 -0300] "GET /cormun/servlet/solicitudgral2?b77f9b42327cf54a19bfdcffc7ab8ec8236c30d7e4430353336abe6da2aa1cc5cb736b91a1fd3c04f12408404a6bc1fbc6f754c6c3408adb487ae8e13a320a79d07aa4341d54b7871469533c3a1d0f1832514a3d960d29f2589cd81986c9d0845e4538311905153ec549578ecece3de01a4e5b26ab5310b0383e9202a4f3836def404c54636862e2238d5eb3a761e3815a26ccbd7fd8c03ac7fca10d310a13c6,gx-no-cache=1521200327138 HTTP/1.1" 200 29
192.168.4.251 - - [16/Mar/2018:08:41:30 -0300] "POST /cormun/servlet/solicitudgral2?gx-no-cache=1521200327255 HTTP/1.1" 200 1295
192.168.10.56 - - [16/Mar/2018:08:41:31 -0300] "POST /cormun/servlet/vesolicitudgral?d878731f44d05638044c47bc3fe8b46a,2018,9806,,,gx-no-cache=1521200326463 HTTP/1.1" 200 93
192.168.10.56 - - [16/Mar/2018:08:41:31 -0300] "GET /cormun/servlet/hpexe_return? HTTP/1.1" 200 1016
192.168.4.251 - - [16/Mar/2018:08:41:31 -0300] "POST /cormun/servlet/solicitudgral2?gx-no-cache=1521200327383 HTTP/1.1" 200 1218
192.168.4.251 - - [16/Mar/2018:08:41:31 -0300] "GET /cormun/static/menuarrow.gif HTTP/1.1" 404 1015
192.168.10.56 - - [16/Mar/2018:08:41:31 -0300] "GET /cormun/servlet/trsolicitudgral? HTTP/1.1" 200 15389
192.168.10.56 - - [16/Mar/2018:08:41:32 -0300] "GET /cormun/servlet/trsolicitudgral? HTTP/1.1" 200 15384
192.168.4.251 - - [16/Mar/2018:08:41:32 -0300] "POST /cormun/servlet/solicitudgral2?gx-no-cache=1521200329238 HTTP/1.1" 200 1295
192.168.4.251 - - [16/Mar/2018:08:41:34 -0300] "POST /cormun/servlet/solicitudgral2?gx-no-cache=1521200329359 HTTP/1.1" 200 1218
192.168.4.251 - - [16/Mar/2018:08:41:38 -0300] "GET /cormun/servlet/solicitudgral2?b77f9b42327cf54a19bfdcffc7ab8ec8960982996ddce32a9088702bd7daba9999dd91bcb60f248f91fd567530f0b4b1d6b77edf474b65b55461238b0ac163048f869788bf9d23a80bc8f67a5ca015155597019b5f55bb4c490c9866c1d478c29ccdb57633db210e8a999b56d3fc3e691d5f18ef953b590a96ee8fc4af3fc87a,gx-no-cache=1521200332351 HTTP/1.1" 200 30
192.168.4.251 - - [16/Mar/2018:08:41:38 -0300] "POST /cormun/servlet/solicitudgral2?13bf342b781a51d61a6723ae8b78f431,UPD,2018,10535,,gx-no-cache=1521200334701 HTTP/1.1" 200 93
192.168.4.251 - - [16/Mar/2018:08:41:38 -0300] "GET /cormun/servlet/hpexe_return? HTTP/1.1" 200 1014
192.168.4.251 - - [16/Mar/2018:08:41:38 -0300] "GET /cormun/servlet/trsolicitudgral HTTP/1.1" 200 12224
192.168.4.251 - - [16/Mar/2018:08:41:39 -0300] "GET /cormun/servlet/trsolicitudgral HTTP/1.1" 200 12220
192.168.4.251 - - [16/Mar/2018:08:41:42 -0300] "GET /cormun/servlet/solicitudgral2?UPD,2018,10537, HTTP/1.1" 200 12938
192.168.4.251 - - [16/Mar/2018:08:41:43 -0300] "GET /cormun/servlet/solicitudgral2?UPD,2018,10537, HTTP/1.1" 200 12949
192.168.10.56 - - [16/Mar/2018:08:41:43 -0300] "POST /cormun/servlet/trsolicitudgral?d878731f44d05638044c47bc3fe8b46a,,gx-no-cache=1521200338995 HTTP/1.1" 200 115
192.168.10.56 - - [16/Mar/2018:08:41:43 -0300] "GET /cormun/servlet/solicitudotlog?INS,2018,9195,0,REC, HTTP/1.1" 200 6297
192.168.4.251 - - [16/Mar/2018:08:41:43 -0300] "POST /cormun/servlet/solicitudgral2?gx-no-cache=1521200340076 HTTP/1.1" 200 3892
192.168.4.251 - - [16/Mar/2018:08:41:43 -0300] "GET /cormun/servlet/solicitudgral2?b77f9b42327cf54a19bfdcffc7ab8ec8ed18eb286a7b6b3c916eeedf49fcaa17580f78c2185ef71d905d3b929643996899ff4ffe8f2d36af85f57599c25cb43bd04be160daf8b9d1aad034557100389e0298fb2a98cc79112d6473a56c0f5c41b17e6a8b38e04aa833110db9375538b3f97423e3b97e2cd47dfb72d41864b6392765e3e6be00229a57bf661313ade75fb4a9a147dfa87659804fc6b7772a420bd1cc6c56061518bbb5501781da7930b942fd798c8b729cfc321193c785332709b24a97a46c6c215573be08c29ca26b47529032405a8f37d1834ce704309ff52dddfa3b433db197329abbabd1d6dfb7c5cc88076d9563f06bf7a355506b27ba1400c5a5b9da733fdf510adf26b43101bd257d411b65a8ef6cbef40f6272b89f7c09a7bf04424b33a4003bc4e291d812203dd3e9e5a36ef766267cbb7a7d68da3d1f4dd5643b6c8edd2a66e57bf14315e0,gx-no-cache=1521200340278 HTTP/1.1" 200 255
192.168.10.56 - - [16/Mar/2018:08:41:43 -0300] "GET /cormun/static/gxcfg.js?2017761245646 HTTP/1.1" 304 -
192.168.4.251 - - [16/Mar/2018:08:41:43 -0300] "POST /cormun/servlet/solicitudgral2?gx-no-cache=1521200340330 HTTP/1.1" 200 1397
192.168.4.251 - - [16/Mar/2018:08:41:43 -0300] "GET /cormun/servlet/solicitudgral2?b77f9b42327cf54a19bfdcffc7ab8ec89601f68ef2202c7430e0142563ece97bc3c405c91a37f2f2582e023d90801aaf6db7071f3042581420f2cefc2fb59afbf02f10f4ab74770aff89e94342666900883ac738edd07591f209ce025b3e6241d19d883bd3dfa7cd7bce1ee4d3451f3f,gx-no-cache=1521200340415 HTTP/1.1" 200 41
192.168.10.56 - - [16/Mar/2018:08:41:44 -0300] "GET /cormun/servlet/solicitudotlog?INS,2018,9195,0,REC, HTTP/1.1" 200 6297
192.168.4.251 - - [16/Mar/2018:08:41:44 -0300] "POST /cormun/servlet/solicitudgral2?13bf342b781a51d61a6723ae8b78f431,UPD,2018,10537,,gx-no-cache=1521200340775 HTTP/1.1" 200 11819
192.168.4.251 - - [16/Mar/2018:08:41:44 -0300] "GET /cormun/servlet/solicitudgral2?b77f9b42327cf54a19bfdcffc7ab8ec8236c30d7e4430353336abe6da2aa1cc5cb736b91a1fd3c04f12408404a6bc1fbc6f754c6c3408adb487ae8e13a320a79d07aa4341d54b7871469533c3a1d0f1832514a3d960d29f2589cd81986c9d0845e4538311905153ec549578ecece3de01a4e5b26ab5310b0383e9202a4f3836def404c54636862e2238d5eb3a761e3815a26ccbd7fd8c03ac7fca10d310a13c6,gx-no-cache=1521200340985 HTTP/1.1" 200 29
192.168.4.251 - - [16/Mar/2018:08:41:44 -0300] "POST /cormun/servlet/solicitudgral2?gx-no-cache=1521200341021 HTTP/1.1" 200 1295
192.168.10.56 - - [16/Mar/2018:08:41:44 -0300] "GET /cormun/servlet/solicitudotlog?9f931e7b25ce0fb148a701b9af0d21c33f412bbbc0d24e1c524ea8ac28d36eb5b38a07fbf70e30cc51706dd73c2426e0366a31c8915486073f7db092dbcf7a6b4545f3dc59e2af3a1bd84b541cc210bc77303ed4746ee445231d8fd843f9a532588c998e901ac06ec4365d680d3a8b0f513ab6b520ba4e047df86f148ca9b7f3d49ed9db93804e6ea5e62f6f98e99212728fef22cdf7318da269d6a17e14c0e5,gx-no-cache=1521200339950 HTTP/1.1" 200 94
192.168.4.251 - - [16/Mar/2018:08:41:44 -0300] "POST /cormun/servlet/solicitudgral2?gx-no-cache=1521200341086 HTTP/1.1" 200 1218
192.168.4.251 - - [16/Mar/2018:08:41:45 -0300] "GET /cormun/static/menuarrow.gif HTTP/1.1" 404 1015
192.168.4.251 - - [16/Mar/2018:08:41:48 -0300] "GET /cormun/servlet/solicitudgral2?b77f9b42327cf54a19bfdcffc7ab8ec8960982996ddce32a9088702bd7daba9999dd91bcb60f248f91fd567530f0b4b1d6b77edf474b65b55461238b0ac163048f869788bf9d23a80bc8f67a5ca015155597019b5f55bb4c490c9866c1d478c29ccdb57633db210e8a999b56d3fc3e691d5f18ef953b590a96ee8fc4af3fc87a,gx-no-cache=1521200344742 HTTP/1.1" 200 30
192.168.4.251 - - [16/Mar/2018:08:41:48 -0300] "POST /cormun/servlet/solicitudgral2?13bf342b781a51d61a6723ae8b78f431,UPD,2018,10537,,gx-no-cache=1521200344772 HTTP/1.1" 200 93
192.168.4.251 - - [16/Mar/2018:08:41:48 -0300] "GET /cormun/servlet/hpexe_return? HTTP/1.1" 200 1014
192.168.4.251 - - [16/Mar/2018:08:41:48 -0300] "GET /cormun/servlet/trsolicitudgral HTTP/1.1" 200 12223
192.168.4.251 - - [16/Mar/2018:08:41:49 -0300] "GET /cormun/servlet/trsolicitudgral HTTP/1.1" 200 12219
192.168.10.56 - - [16/Mar/2018:08:41:52 -0300] "POST /cormun/servlet/solicitudotlog?d878731f44d05638044c47bc3fe8b46a,INS,2018,9195,0,REC,,gx-no-cache=1521200347464 HTTP/1.1" 200 93
192.168.10.56 - - [16/Mar/2018:08:41:52 -0300] "GET /cormun/servlet/hpexe_return? HTTP/1.1" 200 1025
192.168.10.56 - - [16/Mar/2018:08:41:52 -0300] "GET /cormun/servlet/trsolicitudgral HTTP/1.1" 200 15120
192.168.4.251 - - [16/Mar/2018:08:41:52 -0300] "GET /cormun/servlet/solicitudgral2?UPD,2018,10539, HTTP/1.1" 200 12916
192.168.10.56 - - [16/Mar/2018:08:41:52 -0300] "GET /cormun/servlet/trsolicitudgral HTTP/1.1" 200 15116
192.168.4.251 - - [16/Mar/2018:08:41:53 -0300] "GET /cormun/servlet/solicitudgral2?UPD,2018,10539, HTTP/1.1" 200 12927
192.168.4.251 - - [16/Mar/2018:08:41:53 -0300] "POST /cormun/servlet/solicitudgral2?gx-no-cache=1521200349979 HTTP/1.1" 200 3882
192.168.4.251 - - [16/Mar/2018:08:41:53 -0300] "GET /cormun/servlet/solicitudgral2?b77f9b42327cf54a19bfdcffc7ab8ec8ed18eb286a7b6b3c916eeedf49fcaa17580f78c2185ef71d905d3b929643996899ff4ffe8f2d36af85f57599c25cb43bd04be160daf8b9d1aad034557100389e0298fb2a98cc79112d6473a56c0f5c41b17e6a8b38e04aa833110db9375538b3f97423e3b97e2cd47dfb72d41864b6392765e3e6be00229a57bf661313ade75fb4a9a147dfa87659804fc6b7772a420bd1cc6c56061518bbb5501781da7930b942fd798c8b729cfc321193c785332709b24a97a46c6c215573be08c29ca26b47529032405a8f37d1834ce704309ff52dddfa3b433db197329abbabd1d6dfb7c5cc88076d9563f06bf7a355506b27ba1400c5a5b9da733fdf510adf26b43101bd257d411b65a8ef6cbef40f6272b89f7c09a7bf04424b33a4003bc4e291d812203dd3e9e5a36ef766267cbb7a7d68da3d1f4dd5643b6c8edd2a66e57bf14315e0,gx-no-cache=1521200350326 HTTP/1.1" 200 255
192.168.4.251 - - [16/Mar/2018:08:41:53 -0300] "POST /cormun/servlet/solicitudgral2?gx-no-cache=1521200350451 HTTP/1.1" 200 1398
192.168.4.251 - - [16/Mar/2018:08:41:54 -0300] "GET /cormun/servlet/solicitudgral2?b77f9b42327cf54a19bfdcffc7ab8ec89601f68ef2202c7430e0142563ece97bc3c405c91a37f2f2582e023d90801aaf6db7071f3042581420f2cefc2fb59afbf02f10f4ab74770aff89e94342666900883ac738edd07591f209ce025b3e6241d19d883bd3dfa7cd7bce1ee4d3451f3f,gx-no-cache=1521200350540 HTTP/1.1" 200 41
192.168.4.251 - - [16/Mar/2018:08:41:54 -0300] "POST /cormun/servlet/solicitudgral2?13bf342b781a51d61a6723ae8b78f431,UPD,2018,10539,,gx-no-cache=1521200350712 HTTP/1.1" 200 11814
192.168.4.251 - - [16/Mar/2018:08:41:54 -0300] "GET /cormun/servlet/solicitudgral2?b77f9b42327cf54a19bfdcffc7ab8ec8236c30d7e4430353336abe6da2aa1cc5cb736b91a1fd3c04f12408404a6bc1fbc6f754c6c3408adb487ae8e13a320a79d07aa4341d54b7871469533c3a1d0f1832514a3d960d29f2589cd81986c9d0845e4538311905153ec549578ecece3de01a4e5b26ab5310b0383e9202a4f3836def404c54636862e2238d5eb3a761e3815a26ccbd7fd8c03ac7fca10d310a13c6,gx-no-cache=1521200351014 HTTP/1.1" 200 29
192.168.4.251 - - [16/Mar/2018:08:41:54 -0300] "POST /cormun/servlet/solicitudgral2?gx-no-cache=1521200351061 HTTP/1.1" 200 1296
192.168.4.251 - - [16/Mar/2018:08:41:54 -0300] "POST /cormun/servlet/solicitudgral2?gx-no-cache=1521200351147 HTTP/1.1" 200 1219
192.168.4.251 - - [16/Mar/2018:08:41:54 -0300] "GET /cormun/static/menuarrow.gif HTTP/1.1" 404 1015
192.168.4.251 - - [16/Mar/2018:08:41:57 -0300] "GET /cormun/servlet/solicitudgral2?b77f9b42327cf54a19bfdcffc7ab8ec8960982996ddce32a9088702bd7daba9999dd91bcb60f248f91fd567530f0b4b1d6b77edf474b65b55461238b0ac163048f869788bf9d23a80bc8f67a5ca015155597019b5f55bb4c490c9866c1d478c29ccdb57633db210e8a999b56d3fc3e691d5f18ef953b590a96ee8fc4af3fc87a,gx-no-cache=1521200354182 HTTP/1.1" 200 30
192.168.4.251 - - [16/Mar/2018:08:41:59 -0300] "POST /cormun/servlet/solicitudgral2?13bf342b781a51d61a6723ae8b78f431,UPD,2018,10539,,gx-no-cache=1521200355343 HTTP/1.1" 200 93
192.168.4.251 - - [16/Mar/2018:08:41:59 -0300] "GET /cormun/servlet/hpexe_return? HTTP/1.1" 200 1014
192.168.4.251 - - [16/Mar/2018:08:41:59 -0300] "GET /cormun/servlet/trsolicitudgral HTTP/1.1" 200 12226
192.168.4.251 - - [16/Mar/2018:08:41:59 -0300] "GET /cormun/servlet/trsolicitudgral HTTP/1.1" 200 12222
192.168.4.251 - - [16/Mar/2018:08:42:02 -0300] "GET /cormun/servlet/solicitudgral2?UPD,2018,10538, HTTP/1.1" 200 12954
192.168.4.251 - - [16/Mar/2018:08:42:03 -0300] "GET /cormun/servlet/solicitudgral2?UPD,2018,10538, HTTP/1.1" 200 12964
192.168.4.251 - - [16/Mar/2018:08:42:04 -0300] "POST /cormun/servlet/solicitudgral2?gx-no-cache=1521200360408 HTTP/1.1" 200 3904
192.168.4.251 - - [16/Mar/2018:08:42:04 -0300] "GET /cormun/servlet/solicitudgral2?b77f9b42327cf54a19bfdcffc7ab8ec8ed18eb286a7b6b3c916eeedf49fcaa17580f78c2185ef71d905d3b929643996899ff4ffe8f2d36af85f57599c25cb43bd04be160daf8b9d1aad034557100389e0298fb2a98cc79112d6473a56c0f5c41b17e6a8b38e04aa833110db9375538b3f97423e3b97e2cd47dfb72d41864b6392765e3e6be00229a57bf661313ade75fb4a9a147dfa87659804fc6b7772a420bd1cc6c56061518bbb5501781da7930b942fd798c8b729cfc321193c785332709b24a97a46c6c215573be08c29ca26b47529032405a8f37d1834ce704309ff52dddfa3b433db197329abbabd1d6dfb7c5cc88076d9563f06bf7a355506b27ba1400c5a5b9da733fdf510adf26b43101bd257d411b65a8ef6cbef40f6272b89f7c09a7bf04424b33a4003bc4e291d812203dd3e9e5a36ef766267cbb7a7d68da3d1f4dd5643b6c8edd2a66e57bf14315e0,gx-no-cache=1521200360795 HTTP/1.1" 200 255
192.168.4.251 - - [16/Mar/2018:08:42:04 -0300] "POST /cormun/servlet/solicitudgral2?gx-no-cache=1521200360993 HTTP/1.1" 200 1397
192.168.4.251 - - [16/Mar/2018:08:42:04 -0300] "GET /cormun/servlet/solicitudgral2?b77f9b42327cf54a19bfdcffc7ab8ec89601f68ef2202c7430e0142563ece97bc3c405c91a37f2f2582e023d90801aaf6db7071f3042581420f2cefc2fb59afbf02f10f4ab74770aff89e94342666900883ac738edd07591f209ce025b3e6241b90b7f0a83add6485c785df70b9345c1,gx-no-cache=1521200361100 HTTP/1.1" 200 41
192.168.4.251 - - [16/Mar/2018:08:42:05 -0300] "POST /cormun/servlet/solicitudgral2?13bf342b781a51d61a6723ae8b78f431,UPD,2018,10538,,gx-no-cache=1521200361538 HTTP/1.1" 200 11836
192.168.4.251 - - [16/Mar/2018:08:42:05 -0300] "GET /cormun/servlet/solicitudgral2?b77f9b42327cf54a19bfdcffc7ab8ec8c6c8b6a69656bd41ab3eb3e6d141d92bcb736b91a1fd3c04f12408404a6bc1fbd9814e1a879821b4495f6faa5e8ff7ced07aa4341d54b7871469533c3a1d0f1832514a3d960d29f2589cd81986c9d0845e4538311905153ec549578ecece3de01a4e5b26ab5310b0383e9202a4f3836def404c54636862e2238d5eb3a761e3815a26ccbd7fd8c03ac7fca10d310a13c6,gx-no-cache=1521200362311 HTTP/1.1" 200 29
192.168.4.251 - - [16/Mar/2018:08:42:07 -0300] "POST /cormun/servlet/solicitudgral2?gx-no-cache=1521200362407 HTTP/1.1" 200 1295
192.168.4.251 - - [16/Mar/2018:08:42:07 -0300] "POST /cormun/servlet/solicitudgral2?gx-no-cache=1521200363724 HTTP/1.1" 200 1218
192.168.4.251 - - [16/Mar/2018:08:42:07 -0300] "GET /cormun/static/menuarrow.gif HTTP/1.1" 404 1015
192.168.4.251 - - [16/Mar/2018:08:42:09 -0300] "POST /cormun/servlet/solicitudgral2?gx-no-cache=1521200365510 HTTP/1.1" 200 1295
192.168.4.251 - - [16/Mar/2018:08:42:09 -0300] "POST /cormun/servlet/solicitudgral2?gx-no-cache=1521200365633 HTTP/1.1" 200 1218
192.168.4.251 - - [16/Mar/2018:08:42:10 -0300] "GET /cormun/servlet/solicitudgral2?b77f9b42327cf54a19bfdcffc7ab8ec8960982996ddce32a9088702bd7daba9999dd91bcb60f248f91fd567530f0b4b1d6b77edf474b65b55461238b0ac163048f869788bf9d23a80bc8f67a5ca015155597019b5f55bb4c490c9866c1d478c244b3de47da137856a4428a215a1aa9591d5f18ef953b590a96ee8fc4af3fc87a,gx-no-cache=1521200367078 HTTP/1.1" 200 30
192.168.4.251 - - [16/Mar/2018:08:42:10 -0300] "POST /cormun/servlet/solicitudgral2?13bf342b781a51d61a6723ae8b78f431,UPD,2018,10538,,gx-no-cache=1521200367156 HTTP/1.1" 200 93
192.168.4.251 - - [16/Mar/2018:08:42:10 -0300] "GET /cormun/servlet/hpexe_return? HTTP/1.1" 200 1014
192.168.4.251 - - [16/Mar/2018:08:42:11 -0300] "GET /cormun/servlet/trsolicitudgral HTTP/1.1" 200 12212
192.168.4.251 - - [16/Mar/2018:08:42:11 -0300] "GET /cormun/servlet/trsolicitudgral HTTP/1.1" 200 12208
192.168.4.251 - - [16/Mar/2018:08:42:13 -0300] "GET /cormun/servlet/solicitudgral2?UPD,2018,10537, HTTP/1.1" 200 12940
192.168.4.251 - - [16/Mar/2018:08:42:14 -0300] "GET /cormun/servlet/solicitudgral2?UPD,2018,10537, HTTP/1.1" 200 12950
192.168.4.251 - - [16/Mar/2018:08:42:15 -0300] "POST /cormun/servlet/solicitudgral2?gx-no-cache=1521200371242 HTTP/1.1" 200 3892
192.168.4.251 - - [16/Mar/2018:08:42:15 -0300] "GET /cormun/servlet/solicitudgral2?b77f9b42327cf54a19bfdcffc7ab8ec8ed18eb286a7b6b3c916eeedf49fcaa17580f78c2185ef71d905d3b929643996899ff4ffe8f2d36af85f57599c25cb43bd04be160daf8b9d1aad034557100389e0298fb2a98cc79112d6473a56c0f5c41b17e6a8b38e04aa833110db9375538b3f97423e3b97e2cd47dfb72d41864b6392765e3e6be00229a57bf661313ade75fb4a9a147dfa87659804fc6b7772a420bd1cc6c56061518bbb5501781da7930b942fd798c8b729cfc321193c785332709b24a97a46c6c215573be08c29ca26b47529032405a8f37d1834ce704309ff52dddfa3b433db197329abbabd1d6dfb7c5cc88076d9563f06bf7a355506b27ba1400c5a5b9da733fdf510adf26b43101bd257d411b65a8ef6cbef40f6272b89f7c09a7bf04424b33a4003bc4e291d812203dd3e9e5a36ef766267cbb7a7d68da3d1f4dd5643b6c8edd2a66e57bf14315e0,gx-no-cache=1521200372284 HTTP/1.1" 200 255
192.168.4.251 - - [16/Mar/2018:08:42:15 -0300] "POST /cormun/servlet/solicitudgral2?gx-no-cache=1521200372339 HTTP/1.1" 200 1397
192.168.4.251 - - [16/Mar/2018:08:42:16 -0300] "GET /cormun/servlet/solicitudgral2?b77f9b42327cf54a19bfdcffc7ab8ec89601f68ef2202c7430e0142563ece97bc3c405c91a37f2f2582e023d90801aaf6db7071f3042581420f2cefc2fb59afbf02f10f4ab74770aff89e94342666900883ac738edd07591f209ce025b3e6241d19d883bd3dfa7cd7bce1ee4d3451f3f,gx-no-cache=1521200372429 HTTP/1.1" 200 41
192.168.4.251 - - [16/Mar/2018:08:42:16 -0300] "POST /cormun/servlet/solicitudgral2?13bf342b781a51d61a6723ae8b78f431,UPD,2018,10537,,gx-no-cache=1521200373081 HTTP/1.1" 200 11819
192.168.4.251 - - [16/Mar/2018:08:42:16 -0300] "GET /cormun/servlet/solicitudgral2?b77f9b42327cf54a19bfdcffc7ab8ec8236c30d7e4430353336abe6da2aa1cc5cb736b91a1fd3c04f12408404a6bc1fbc6f754c6c3408adb487ae8e13a320a79d07aa4341d54b7871469533c3a1d0f1832514a3d960d29f2589cd81986c9d0845e4538311905153ec549578ecece3de01a4e5b26ab5310b0383e9202a4f3836def404c54636862e2238d5eb3a761e3815a26ccbd7fd8c03ac7fca10d310a13c6,gx-no-cache=1521200373397 HTTP/1.1" 200 29
192.168.4.251 - - [16/Mar/2018:08:42:16 -0300] "POST /cormun/servlet/solicitudgral2?gx-no-cache=1521200373457 HTTP/1.1" 200 1295
192.168.4.251 - - [16/Mar/2018:08:42:17 -0300] "POST /cormun/servlet/solicitudgral2?gx-no-cache=1521200373513 HTTP/1.1" 200 1218
192.168.4.251 - - [16/Mar/2018:08:42:17 -0300] "GET /cormun/servlet/solicitudgral2?b77f9b42327cf54a19bfdcffc7ab8ec8960982996ddce32a9088702bd7daba9999dd91bcb60f248f91fd567530f0b4b1d6b77edf474b65b55461238b0ac163048f869788bf9d23a80bc8f67a5ca015155597019b5f55bb4c490c9866c1d478c29ccdb57633db210e8a999b56d3fc3e691d5f18ef953b590a96ee8fc4af3fc87a,gx-no-cache=1521200373591 HTTP/1.1" 200 30
192.168.4.251 - - [16/Mar/2018:08:42:17 -0300] "POST /cormun/servlet/solicitudgral2?13bf342b781a51d61a6723ae8b78f431,UPD,2018,10537,,gx-no-cache=1521200373676 HTTP/1.1" 200 93
192.168.4.251 - - [16/Mar/2018:08:42:17 -0300] "GET /cormun/servlet/hpexe_return? HTTP/1.1" 200 1014
192.168.4.251 - - [16/Mar/2018:08:42:17 -0300] "GET /cormun/servlet/trsolicitudgral HTTP/1.1" 200 12212
192.168.4.251 - - [16/Mar/2018:08:42:18 -0300] "GET /cormun/servlet/trsolicitudgral HTTP/1.1" 200 12208
192.168.4.251 - - [16/Mar/2018:08:42:20 -0300] "GET /cormun/servlet/solicitudgral2?UPD,2018,10535, HTTP/1.1" 200 12954
192.168.4.251 - - [16/Mar/2018:08:42:20 -0300] "GET /cormun/servlet/solicitudgral2?UPD,2018,10535, HTTP/1.1" 200 12965
192.168.4.251 - - [16/Mar/2018:08:42:22 -0300] "POST /cormun/servlet/solicitudgral2?gx-no-cache=1521200377816 HTTP/1.1" 200 3908
192.168.4.251 - - [16/Mar/2018:08:42:22 -0300] "GET /cormun/servlet/solicitudgral2?b77f9b42327cf54a19bfdcffc7ab8ec8ed18eb286a7b6b3c916eeedf49fcaa17580f78c2185ef71d905d3b929643996899ff4ffe8f2d36af85f57599c25cb43bd04be160daf8b9d1aad034557100389e0298fb2a98cc79112d6473a56c0f5c41b17e6a8b38e04aa833110db9375538b3f97423e3b97e2cd47dfb72d41864b6392765e3e6be00229a57bf661313ade75fb4a9a147dfa87659804fc6b7772a420bd1cc6c56061518bbb5501781da7930b942fd798c8b729cfc321193c785332709b24a97a46c6c215573be08c29ca26b47529032405a8f37d1834ce704309ff52dddfa3b433db197329abbabd1d6dfb7c5cc88076d9563f06bf7a355506b27ba1400c5a5b9da733fdf510adf26b43101bd257d411b65a8ef6cbef40f6272b89f7c09a7bf04424b33a4003bc4e291d812203dd3e9e5a36ef766267cbb7a7d68da3d1f4dd5643b6c8edd2a66e57bf14315e0,gx-no-cache=1521200378963 HTTP/1.1" 200 255
192.168.4.251 - - [16/Mar/2018:08:42:23 -0300] "POST /cormun/servlet/solicitudgral2?gx-no-cache=1521200379914 HTTP/1.1" 200 1397
192.168.4.251 - - [16/Mar/2018:08:42:23 -0300] "GET /cormun/servlet/solicitudgral2?b77f9b42327cf54a19bfdcffc7ab8ec89601f68ef2202c7430e0142563ece97bc3c405c91a37f2f2582e023d90801aaf6db7071f3042581420f2cefc2fb59afbf02f10f4ab74770aff89e94342666900883ac738edd07591f209ce025b3e6241d19d883bd3dfa7cd7bce1ee4d3451f3f,gx-no-cache=1521200380019 HTTP/1.1" 200 41
192.168.4.251 - - [16/Mar/2018:08:42:23 -0300] "POST /cormun/servlet/solicitudgral2?13bf342b781a51d61a6723ae8b78f431,UPD,2018,10535,,gx-no-cache=1521200380126 HTTP/1.1" 200 11842
192.168.10.56 - - [16/Mar/2018:08:42:24 -0300] "POST /cormun/servlet/trsolicitudgral?d878731f44d05638044c47bc3fe8b46a,gx-no-cache=1521200379314 HTTP/1.1" 200 7609
192.168.4.251 - - [16/Mar/2018:08:42:24 -0300] "GET /cormun/servlet/solicitudgral2?b77f9b42327cf54a19bfdcffc7ab8ec8236c30d7e4430353336abe6da2aa1cc5cb736b91a1fd3c04f12408404a6bc1fbc6f754c6c3408adb487ae8e13a320a79d07aa4341d54b7871469533c3a1d0f1832514a3d960d29f2589cd81986c9d0845e4538311905153ec549578ecece3de01a4e5b26ab5310b0383e9202a4f3836def404c54636862e2238d5eb3a761e3815a26ccbd7fd8c03ac7fca10d310a13c6,gx-no-cache=1521200380818 HTTP/1.1" 200 29
192.168.4.251 - - [16/Mar/2018:08:42:24 -0300] "POST /cormun/servlet/solicitudgral2?gx-no-cache=1521200380943 HTTP/1.1" 200 1295
192.168.4.251 - - [16/Mar/2018:08:42:24 -0300] "POST /cormun/servlet/solicitudgral2?gx-no-cache=1521200381082 HTTP/1.1" 200 1218
192.168.4.251 - - [16/Mar/2018:08:42:25 -0300] "GET /cormun/servlet/solicitudgral2?b77f9b42327cf54a19bfdcffc7ab8ec8960982996ddce32a9088702bd7daba9999dd91bcb60f248f91fd567530f0b4b1d6b77edf474b65b55461238b0ac163048f869788bf9d23a80bc8f67a5ca015155597019b5f55bb4c490c9866c1d478c29ccdb57633db210e8a999b56d3fc3e691d5f18ef953b590a96ee8fc4af3fc87a,gx-no-cache=1521200381503 HTTP/1.1" 200 30
192.168.4.251 - - [16/Mar/2018:08:42:25 -0300] "POST /cormun/servlet/solicitudgral2?13bf342b781a51d61a6723ae8b78f431,UPD,2018,10535,,gx-no-cache=1521200381612 HTTP/1.1" 200 93
192.168.4.251 - - [16/Mar/2018:08:42:25 -0300] "GET /cormun/servlet/hpexe_return? HTTP/1.1" 200 1014
192.168.4.251 - - [16/Mar/2018:08:42:25 -0300] "GET /cormun/servlet/trsolicitudgral HTTP/1.1" 200 12212
192.168.4.251 - - [16/Mar/2018:08:42:26 -0300] "GET /cormun/servlet/trsolicitudgral HTTP/1.1" 200 12208
192.168.10.50 - - [16/Mar/2018:08:42:29 -0300] "POST /cormun/servlet/trsolicitudgral?13bf342b781a51d61a6723ae8b78f431,gx-no-cache=1521200385649 HTTP/1.1" 200 6134
192.168.10.50 - - [16/Mar/2018:08:42:29 -0300] "GET /cormun/static/Shared/jqueryui/images/ui-bg_highlight-soft_100_c6c2c8_1x100.png HTTP/1.1" 404 1117
192.168.10.50 - - [16/Mar/2018:08:42:29 -0300] "GET /cormun/static/Shared/jqueryui/images/ui-bg_flat_55_fafafa_40x100.png HTTP/1.1" 404 1097
192.168.10.50 - - [16/Mar/2018:08:42:29 -0300] "GET /cormun/static/Shared/jqueryui/images/ui-icons_82798d_256x240.png HTTP/1.1" 404 1089
192.168.10.50 - - [16/Mar/2018:08:42:29 -0300] "GET /cormun/static/Shared/jqueryui/images/ui-icons_8d78a5_256x240.png HTTP/1.1" 404 1089
186.67.172.234 - - [16/Mar/2018:08:42:36 -0300] "GET /cormun/servlet/licenciaspermisos?INS,0,,, HTTP/1.1" 200 7487
186.67.172.234 - - [16/Mar/2018:08:42:37 -0300] "GET /cormun/servlet/licenciaspermisos?INS,0,,, HTTP/1.1" 200 7486
192.168.10.56 - - [16/Mar/2018:08:42:39 -0300] "POST /cormun/servlet/trsolicitudgral?d878731f44d05638044c47bc3fe8b46a,gx-no-cache=1521200394434 HTTP/1.1" 200 116
192.168.10.56 - - [16/Mar/2018:08:42:39 -0300] "GET /cormun/servlet/solicitudotlog?INS,2018,10452,0,REC, HTTP/1.1" 200 6298
192.168.10.56 - - [16/Mar/2018:08:42:39 -0300] "GET /cormun/servlet/solicitudotlog?INS,2018,10452,0,REC, HTTP/1.1" 200 6298
192.168.10.56 - - [16/Mar/2018:08:42:39 -0300] "GET /cormun/servlet/solicitudotlog?9f931e7b25ce0fb148a701b9af0d21c309c631ad095a92095438513508114d57ea4c27ba3a897f3e659265c333720c42a821327907180f9d453f44a689272214a3a7649bb0599c4c189f7dd5bb4c869d214210c1d939d382d71d1a58f1763063c9c5b4b67ae42773dc9d1744d5f035cc32d59cfabb570cf26d17e4029864cd160fd242ce8738089c3e982a023aca7b86a55fc58e0c6d60881df1dd15ff3205f1,gx-no-cache=1521200395348 HTTP/1.1" 200 94
192.168.10.50 - - [16/Mar/2018:08:42:41 -0300] "POST /cormun/servlet/trsolicitudgral?13bf342b781a51d61a6723ae8b78f431,gx-no-cache=1521200397977 HTTP/1.1" 200 104
192.168.10.50 - - [16/Mar/2018:08:42:41 -0300] "GET /cormun/SolicitudGral-588.xls HTTP/1.1" 200 18944
200.54.247.70 - - [16/Mar/2018:08:42:42 -0300] "POST /cormun/servlet/solicitudot?gx-no-cache=1521200511657 HTTP/1.1" 200 3368
200.54.247.70 - - [16/Mar/2018:08:42:42 -0300] "POST /cormun/servlet/solicitudot?a4e5742d574229b11bedce76787c665b,INS,0,0,,gx-no-cache=1521200512633 HTTP/1.1" 200 10535
192.168.10.50 - - [16/Mar/2018:08:42:43 -0300] "POST /cormun/servlet/trsolicitudgral?13bf342b781a51d61a6723ae8b78f431,gx-no-cache=1521200400032 HTTP/1.1" 200 18472
200.54.247.70 - - [16/Mar/2018:08:42:58 -0300] "GET /cormun/servlet/solicitudot?2f8f6e03623513f4bdc33ac17a59d0a3679d23c4f9d59decb40ccf168e582666387aee56950c66a087d61642fa5a157d,gx-no-cache=1521200528762 HTTP/1.1" 200 30
200.54.247.70 - - [16/Mar/2018:08:42:58 -0300] "GET /cormun/servlet/solicitudot?2f8f6e03623513f4bdc33ac17a59d0a397e30b1300bcb3198d3139bb0c4f6cb1,gx-no-cache=1521200528824 HTTP/1.1" 200 103
192.168.10.56 - - [16/Mar/2018:08:42:59 -0300] "POST /cormun/servlet/solicitudotlog?d878731f44d05638044c47bc3fe8b46a,INS,2018,10452,0,REC,,gx-no-cache=1521200414415 HTTP/1.1" 200 93
192.168.10.56 - - [16/Mar/2018:08:42:59 -0300] "GET /cormun/servlet/hpexe_return? HTTP/1.1" 200 1048
200.54.247.70 - - [16/Mar/2018:08:42:59 -0300] "GET /cormun/servlet/solicitudot?2f8f6e03623513f4bdc33ac17a59d0a3bd476b6b62df72734a0e6fb831370f85,gx-no-cache=1521200528899 HTTP/1.1" 200 51
200.54.247.70 - - [16/Mar/2018:08:42:59 -0300] "POST /cormun/servlet/solicitudot?gx-no-cache=1521200529237 HTTP/1.1" 200 255
192.168.10.56 - - [16/Mar/2018:08:42:59 -0300] "GET /cormun/servlet/trsolicitudgral?gx-no-cache=1521200379314 HTTP/1.1" 200 10663
200.54.247.70 - - [16/Mar/2018:08:42:59 -0300] "GET /cormun/servlet/solicitudot?2f8f6e03623513f4bdc33ac17a59d0a37a0cf450af1fb50453eb4d652f7ae561f07193636c3ea27c1ed34cc90140153cceace473b524cd4d16b432daebeb3c700f19e3f42f0638cc60ae4c0b103e788321b2c5830addc4b4e1cc8dde58f8e500164fc6718fa06c5e8bc3f317467b2db943d75dc27dc781583f46191c16507be7a3c9a6257d09b520883cd95c81d559fbf9081d37b972768a9e40501b1b786e4a97a7cab6e1783098e73785b9ecfefe29459b8bb001cce5712e7a91e96f2282937dc98d1f43554da210fe02c5e27b175bb67ba3007002c4e8353828496c182f5ff0e079cc958104fd2b848ea5fa5bd9c17ddf8c7e79e84fc234ca8ead593973965f83ab338877aecb47194c92c2d0c658a4d10fedb6bd5b4e1b2715afaec01110d958230198c4be74d8be1f963b9fd835df15d422cc781ae1eedc398be6df06848334982f9fef1effca9d8c6b84f33dfed6a8030fb17f8f1fba8b27f1d9d3d43190ed91395ae8af104a1af828184ba62ad84ddfbaacb4fe777d8970b156fc626d,gx-no-cache=1521200529276 HTTP/1.1" 200 30
200.54.247.70 - - [16/Mar/2018:08:42:59 -0300] "GET /cormun/static/Shared/jqueryui/images/ui-bg_highlight-soft_100_c6c2c8_1x100.png HTTP/1.1" 404 1117
200.54.247.70 - - [16/Mar/2018:08:42:59 -0300] "GET /cormun/static/Shared/jqueryui/images/ui-bg_flat_55_994d53_40x100.png HTTP/1.1" 404 1097
200.54.247.70 - - [16/Mar/2018:08:42:59 -0300] "GET /cormun/static/Shared/jqueryui/images/ui-icons_ebccce_256x240.png HTTP/1.1" 404 1089
200.54.247.70 - - [16/Mar/2018:08:42:59 -0300] "GET /cormun/static/Shared/jqueryui/images/ui-icons_82798d_256x240.png HTTP/1.1" 404 1089
192.168.10.56 - - [16/Mar/2018:08:42:59 -0300] "GET /cormun/servlet/trsolicitudgral?gx-no-cache=1521200379314 HTTP/1.1" 200 10680
192.168.10.50 - - [16/Mar/2018:08:43:06 -0300] "POST /cormun/servlet/trsolicitudgral?13bf342b781a51d61a6723ae8b78f431,gx-no-cache=1521200422713 HTTP/1.1" 200 8414
192.168.10.56 - - [16/Mar/2018:08:43:09 -0300] "POST /cormun/servlet/trsolicitudgral?d878731f44d05638044c47bc3fe8b46a,gx-no-cache=1521200379314,gx-no-cache=1521200424318 HTTP/1.1" 200 14735
186.67.172.234 - - [16/Mar/2018:08:43:10 -0300] "GET /cormun/servlet/prfichaempleado?,MD,,gxPopupLevel%3D0%3B HTTP/1.1" 200 9300
192.168.10.56 - - [16/Mar/2018:08:43:18 -0300] "POST /cormun/servlet/trsolicitudgral?d878731f44d05638044c47bc3fe8b46a,gx-no-cache=1521200379314,gx-no-cache=1521200433311 HTTP/1.1" 200 11591
192.168.10.50 - - [16/Mar/2018:08:43:19 -0300] "POST /cormun/servlet/trsolicitudgral?13bf342b781a51d61a6723ae8b78f431,gx-no-cache=1521200435908 HTTP/1.1" 200 6128
186.67.172.234 - - [16/Mar/2018:08:43:23 -0300] "GET /cormun/servlet/licenciaspermisos?fb4a4f08263f53be92fb713798880f993c40f1407c617bc6a6863cc7405216609250d9de4ea201ff545e4eba72cec085,gx-no-cache=1521200551864 HTTP/1.1" 200 95
186.67.172.234 - - [16/Mar/2018:08:43:23 -0300] "POST /cormun/servlet/licenciaspermisos?592458cb928db19afc4f55fd8b11fd5a,INS,0,,,,gx-no-cache=1521200552002 HTTP/1.1" 200 4697
192.168.10.50 - - [16/Mar/2018:08:43:34 -0300] "POST /cormun/servlet/trsolicitudgral?13bf342b781a51d61a6723ae8b78f431,gx-no-cache=1521200451070 HTTP/1.1" 200 8861
192.168.10.96 - - [16/Mar/2018:08:43:47 -0300] "GET /cormun/servlet/trsolicitudgral? HTTP/1.1" 200 28915
192.168.10.96 - - [16/Mar/2018:08:43:47 -0300] "GET /cormun/static/trsolicitudgral.js?201813119462015 HTTP/1.1" 304 -
192.168.10.96 - - [16/Mar/2018:08:43:49 -0300] "GET /cormun/servlet/trsolicitudgral? HTTP/1.1" 200 28913
192.168.10.50 - - [16/Mar/2018:08:43:54 -0300] "POST /cormun/servlet/trsolicitudgral?13bf342b781a51d61a6723ae8b78f431,gx-no-cache=1521200471004 HTTP/1.1" 200 6144
192.168.10.96 - - [16/Mar/2018:08:44:04 -0300] "POST /cormun/servlet/trsolicitudgral?f532f42d177a7f7f868e853feb4f7519,,gx-no-cache=1521200479536 HTTP/1.1" 200 9286
192.168.10.56 - - [16/Mar/2018:08:44:05 -0300] "POST /cormun/servlet/trsolicitudgral?d878731f44d05638044c47bc3fe8b46a,gx-no-cache=1521200379314,gx-no-cache=1521200480979 HTTP/1.1" 200 11199
192.168.10.56 - - [16/Mar/2018:08:44:05 -0300] "GET /cormun/static/Shared/jqueryui/images/ui-bg_highlight-soft_100_c6c2c8_1x100.png HTTP/1.1" 404 1117
192.168.10.56 - - [16/Mar/2018:08:44:05 -0300] "GET /cormun/static/Shared/jqueryui/images/ui-icons_82798d_256x240.png HTTP/1.1" 404 1089
192.168.10.56 - - [16/Mar/2018:08:44:05 -0300] "GET /cormun/static/Shared/jqueryui/images/ui-bg_flat_55_fafafa_40x100.png HTTP/1.1" 404 1097
192.168.10.56 - - [16/Mar/2018:08:44:05 -0300] "GET /cormun/static/Shared/jqueryui/images/ui-icons_8d78a5_256x240.png HTTP/1.1" 404 1089
192.168.10.96 - - [16/Mar/2018:08:44:08 -0300] "GET /cormun/servlet/vesolicitudgral?2018,10217,, HTTP/1.1" 200 9291
192.168.10.96 - - [16/Mar/2018:08:44:08 -0300] "GET /cormun/pexe_scrolldiv.js HTTP/1.1" 404 1009
192.168.10.96 - - [16/Mar/2018:08:44:08 -0300] "GET /cormun/pexe_scrolldiv.js HTTP/1.1" 404 1009
192.168.10.96 - - [16/Mar/2018:08:44:08 -0300] "GET /cormun/servlet/vesolicitudgral?2018,10217,, HTTP/1.1" 200 9291
192.168.10.96 - - [16/Mar/2018:08:44:23 -0300] "GET /cormun/servlet/vesolicitudgral?2018,10217,,SolicitudOTAdjuntos HTTP/1.1" 200 11315
192.168.10.96 - - [16/Mar/2018:08:44:23 -0300] "GET /cormun/pexe_scrolldiv.js HTTP/1.1" 404 1009
192.168.10.96 - - [16/Mar/2018:08:44:23 -0300] "GET /cormun/pexe_scrolldiv.js HTTP/1.1" 404 1009
192.168.10.96 - - [16/Mar/2018:08:44:24 -0300] "GET /cormun/servlet/vesolicitudgral?2018,10217,,SolicitudOTAdjuntos HTTP/1.1" 200 11318
192.168.10.96 - - [16/Mar/2018:08:44:24 -0300] "POST /cormun/servlet/acontrolpreferencessavestate?None,DZAMUDIO,true HTTP/1.1" 200 35
192.168.10.96 - - [16/Mar/2018:08:44:30 -0300] "GET /cormun/PublicTempStorage/cedula7633020.pdf HTTP/1.1" 200 268758
192.168.10.96 - - [16/Mar/2018:08:44:34 -0300] "GET /cormun/servlet/vesolicitudgral?2018,10217,,SolicitudOTAdjuntos HTTP/1.1" 200 11311
192.168.10.96 - - [16/Mar/2018:08:44:35 -0300] "GET /cormun/servlet/vesolicitudgral?2018,10217,,SolicitudOTAdjuntos HTTP/1.1" 200 11315
192.168.10.96 - - [16/Mar/2018:08:44:36 -0300] "POST /cormun/servlet/acontrolpreferencessavestate?None,DZAMUDIO,true HTTP/1.1" 200 35
192.168.10.96 - - [16/Mar/2018:08:44:37 -0300] "GET /cormun/PublicTempStorage/afp5261028.pdf HTTP/1.1" 200 241743
192.168.10.96 - - [16/Mar/2018:08:44:42 -0300] "GET /cormun/servlet/vesolicitudgral?2018,10217,,SolicitudOTAdjuntos HTTP/1.1" 200 11315
192.168.10.96 - - [16/Mar/2018:08:44:42 -0300] "GET /cormun/servlet/vesolicitudgral?2018,10217,,SolicitudOTAdjuntos HTTP/1.1" 200 11315
192.168.10.96 - - [16/Mar/2018:08:44:43 -0300] "POST /cormun/servlet/acontrolpreferencessavestate?None,DZAMUDIO,true HTTP/1.1" 200 35
192.168.10.96 - - [16/Mar/2018:08:44:44 -0300] "GET /cormun/PublicTempStorage/isapre9364371.pdf HTTP/1.1" 200 243927
192.168.10.96 - - [16/Mar/2018:08:44:48 -0300] "GET /cormun/servlet/vesolicitudgral?2018,10217,,SolicitudOTAdjuntos HTTP/1.1" 200 11314
192.168.10.96 - - [16/Mar/2018:08:44:49 -0300] "GET /cormun/servlet/vesolicitudgral?2018,10217,,SolicitudOTAdjuntos HTTP/1.1" 200 11317
192.168.10.96 - - [16/Mar/2018:08:44:50 -0300] "POST /cormun/servlet/acontrolpreferencessavestate?None,DZAMUDIO,true HTTP/1.1" 200 35
192.168.10.96 - - [16/Mar/2018:08:44:50 -0300] "GET /cormun/PublicTempStorage/anteced.88559.pdf HTTP/1.1" 200 305558
192.168.10.96 - - [16/Mar/2018:08:44:54 -0300] "GET /cormun/servlet/vesolicitudgral?2018,10217,,SolicitudOTAdjuntos HTTP/1.1" 200 11311
192.168.10.96 - - [16/Mar/2018:08:44:55 -0300] "GET /cormun/servlet/vesolicitudgral?2018,10217,,SolicitudOTAdjuntos HTTP/1.1" 200 11316
192.168.10.96 - - [16/Mar/2018:08:44:55 -0300] "POST /cormun/servlet/acontrolpreferencessavestate?None,DZAMUDIO,true HTTP/1.1" 200 35
200.54.247.70 - - [16/Mar/2018:08:44:56 -0300] "GET /cormun/servlet/solicitudot?2f8f6e03623513f4bdc33ac17a59d0a374ef95e11943e6182275ec0d5ee4a8367e04baf49bd0b9e5e8575189f693e8401126a73656c7ec3f13d4ab5078527168,gx-no-cache=1521200646099 HTTP/1.1" 200 30
192.168.10.96 - - [16/Mar/2018:08:44:56 -0300] "GET /cormun/PublicTempStorage/curric1156977.pdf HTTP/1.1" 200 313138
200.54.247.70 - - [16/Mar/2018:08:44:56 -0300] "POST /cormun/servlet/solicitudot?gx-no-cache=1521200646225 HTTP/1.1" 200 255
200.54.247.70 - - [16/Mar/2018:08:44:56 -0300] "GET /cormun/servlet/solicitudot?2f8f6e03623513f4bdc33ac17a59d0a37a0cf450af1fb50453eb4d652f7ae561f07193636c3ea27c1ed34cc90140153cceace473b524cd4d16b432daebeb3c700f19e3f42f0638cc60ae4c0b103e788321b2c5830addc4b4e1cc8dde58f8e500164fc6718fa06c5e8bc3f317467b2db943d75dc27dc781583f46191c16507be7a3c9a6257d09b520883cd95c81d559fbf9081d37b972768a9e40501b1b786e4a97a7cab6e1783098e73785b9ecfefe29459b8bb001cce5712e7a91e96f2282937dc98d1f43554da210fe02c5e27b175bb67ba3007002c4e8353828496c182f5ff0e079cc958104fd2b848ea5fa5bd9c17ddf8c7e79e84fc234ca8ead593973965f83ab338877aecb47194c92c2d0c658a4d10fedb6bd5b4e1b2715afaec01110d958230198c4be74d8be1f963b9fd835df15d422cc781ae1eedc398be6df06848334982f9fef1effca9d8c6b84f33dfed6a8030fb17f8f1fba8b27f1d9d3d43190ed91395ae8af104a1af828184ba62a1a9b043c054244b84df4584c325e36c9,gx-no-cache=1521200646594 HTTP/1.1" 200 30
200.54.247.70 - - [16/Mar/2018:08:44:56 -0300] "POST /cormun/servlet/solicitudot?gx-no-cache=1521200646645 HTTP/1.1" 200 30
200.54.247.70 - - [16/Mar/2018:08:44:56 -0300] "POST /cormun/servlet/solicitudot?gx-no-cache=1521200646717 HTTP/1.1" 200 1337
200.54.247.70 - - [16/Mar/2018:08:44:56 -0300] "POST /cormun/servlet/solicitudot?gx-no-cache=1521200646884 HTTP/1.1" 200 38
192.168.10.96 - - [16/Mar/2018:08:45:00 -0300] "GET /cormun/servlet/vesolicitudgral?2018,10217,,SolicitudOTAdjuntos HTTP/1.1" 200 11313
192.168.10.96 - - [16/Mar/2018:08:45:00 -0300] "GET /cormun/servlet/vesolicitudgral?2018,10217,,SolicitudOTAdjuntos HTTP/1.1" 200 11315
192.168.10.96 - - [16/Mar/2018:08:45:01 -0300] "POST /cormun/servlet/acontrolpreferencessavestate?None,DZAMUDIO,true HTTP/1.1" 200 35
192.168.10.96 - - [16/Mar/2018:08:45:01 -0300] "GET /cormun/PublicTempStorage/titulo6991564.pdf HTTP/1.1" 200 271098
200.54.247.70 - - [16/Mar/2018:08:45:03 -0300] "POST /cormun/servlet/solicitudot?gx-no-cache=1521200653302 HTTP/1.1" 200 30
200.54.247.70 - - [16/Mar/2018:08:45:05 -0300] "GET /cormun/servlet/prcontratosol?11671701,,,,,MD,,gxPopupLevel%3D0%3B HTTP/1.1" 200 8083
200.54.247.70 - - [16/Mar/2018:08:45:15 -0300] "POST /cormun/servlet/solicitudot?gx-no-cache=1521200665442 HTTP/1.1" 200 1337
200.54.247.70 - - [16/Mar/2018:08:45:15 -0300] "POST /cormun/servlet/solicitudot?gx-no-cache=1521200665546 HTTP/1.1" 200 38
200.54.247.70 - - [16/Mar/2018:08:45:15 -0300] "GET /cormun/servlet/solicitudot?2f8f6e03623513f4bdc33ac17a59d0a3f80a4ca33c0fd40622964d73150432fde14e5be66c689a5445876c4f775c2efd93cb29adfaa19f23a8caf7bd0db13c68e2cd7bd00e0cda6915888611144d272304108e0225ca213dd572aeee5be5fd9bd519db7c8d54929320c79ce6e53ad70e8f6f7f12b85f5ffe9dbe93b84cca00527bf1e6bebed8a00b6d048dc51b4900733b1ba8fcd41213a6756cbe4fe13eea73,gx-no-cache=1521200665625 HTTP/1.1" 200 29
200.54.247.70 - - [16/Mar/2018:08:45:16 -0300] "POST /cormun/servlet/solicitudot?gx-no-cache=1521200665697 HTTP/1.1" 200 1319
200.54.247.70 - - [16/Mar/2018:08:45:16 -0300] "POST /cormun/servlet/solicitudot?gx-no-cache=1521200666150 HTTP/1.1" 200 1218
200.54.247.70 - - [16/Mar/2018:08:45:16 -0300] "GET /cormun/servlet/solicitudot?2f8f6e03623513f4bdc33ac17a59d0a35bfcd2fe58d6cbc8575884a5383a0b79209ef3a42d4f2d5505a7ca53d959c353,gx-no-cache=1521200666286 HTTP/1.1" 200 134
200.54.247.70 - - [16/Mar/2018:08:45:32 -0300] "POST /cormun/servlet/solicitudot?gx-no-cache=1521200682119 HTTP/1.1" 200 1318
200.54.247.70 - - [16/Mar/2018:08:45:32 -0300] "POST /cormun/servlet/solicitudot?gx-no-cache=1521200682237 HTTP/1.1" 200 1218
200.54.247.70 - - [16/Mar/2018:08:45:32 -0300] "GET /cormun/servlet/solicitudot?2f8f6e03623513f4bdc33ac17a59d0a35bfcd2fe58d6cbc8575884a5383a0b79209ef3a42d4f2d5505a7ca53d959c353,gx-no-cache=1521200682314 HTTP/1.1" 200 134
200.54.247.70 - - [16/Mar/2018:08:45:36 -0300] "GET /cormun/static/menuarrow.gif HTTP/1.1" 404 1015
200.54.247.70 - - [16/Mar/2018:08:45:37 -0300] "POST /cormun/servlet/solicitudot?gx-no-cache=1521200687289 HTTP/1.1" 200 1318
200.54.247.70 - - [16/Mar/2018:08:45:37 -0300] "POST /cormun/servlet/solicitudot?gx-no-cache=1521200687386 HTTP/1.1" 200 1218
200.54.247.70 - - [16/Mar/2018:08:45:44 -0300] "GET /cormun/servlet/solicitudot?2f8f6e03623513f4bdc33ac17a59d0a3609d5d60d26de699ce057965185b7445209ef3a42d4f2d5505a7ca53d959c353,gx-no-cache=1521200694063 HTTP/1.1" 200 30
200.54.247.70 - - [16/Mar/2018:08:45:44 -0300] "POST /cormun/servlet/solicitudot?gx-no-cache=1521200694122 HTTP/1.1" 200 137
192.168.10.56 - - [16/Mar/2018:08:45:55 -0300] "POST /cormun/servlet/trsolicitudgral?d878731f44d05638044c47bc3fe8b46a,gx-no-cache=1521200379314,gx-no-cache=1521200590616 HTTP/1.1" 200 105
192.168.10.56 - - [16/Mar/2018:08:45:55 -0300] "POST /cormun/servlet/trsolicitudgral?d878731f44d05638044c47bc3fe8b46a,gx-no-cache=1521200379314,gx-no-cache=1521200590760 HTTP/1.1" 200 11150
192.168.10.56 - - [16/Mar/2018:08:45:55 -0300] "GET /cormun/SolicitudGral-6910.xls HTTP/1.1" 200 9728
200.112.0.117 - - [16/Mar/2018:08:46:00 -0300] "GET /cormun/servlet/hlogin HTTP/1.1" 200 1716
200.112.0.117 - - [16/Mar/2018:08:46:00 -0300] "GET /cormun/static/Resources/Spanish/PXTools.css?11423723 HTTP/1.1" 304 -
200.112.0.117 - - [16/Mar/2018:08:46:00 -0300] "GET /cormun/static/gxtimezone.js?85251 HTTP/1.1" 304 -
200.112.0.117 - - [16/Mar/2018:08:46:00 -0300] "GET /cormun/static/gxcfg.js?20175251213516 HTTP/1.1" 304 -
200.112.0.117 - - [16/Mar/2018:08:46:00 -0300] "GET /cormun/static/messages.spa.js?85251 HTTP/1.1" 304 -
200.112.0.117 - - [16/Mar/2018:08:46:00 -0300] "GET /cormun/static/hlogin.js?20175251213537 HTTP/1.1" 304 -
200.112.0.117 - - [16/Mar/2018:08:46:01 -0300] "GET /cormun/servlet/hlogin HTTP/1.1" 200 1727
200.112.0.117 - - [16/Mar/2018:08:46:13 -0300] "POST /cormun/servlet/hlogin?7d2f886697ba53496d98e6410e1850b4,gx-no-cache=1521200724818 HTTP/1.1" 200 90
200.112.0.117 - - [16/Mar/2018:08:46:14 -0300] "GET /cormun/servlet/hpexe_link HTTP/1.1" 200 948
200.112.0.117 - - [16/Mar/2018:08:46:14 -0300] "GET /cormun/static/gxcfg.js?20177612121792 HTTP/1.1" 304 -
200.112.0.117 - - [16/Mar/2018:08:46:14 -0300] "GET /cormun/servlet/hhome HTTP/1.1" 200 3992
200.112.0.117 - - [16/Mar/2018:08:46:14 -0300] "GET /cormun/static/gxcfg.js?20175251212442 HTTP/1.1" 304 -
200.112.0.117 - - [16/Mar/2018:08:46:14 -0300] "GET /cormun/static/hwchdr01.js?201752511465785 HTTP/1.1" 304 -
200.112.0.117 - - [16/Mar/2018:08:46:14 -0300] "GET /cormun/static/hpexe_recentlink.js?20177611595044 HTTP/1.1" 304 -
200.112.0.117 - - [16/Mar/2018:08:46:14 -0300] "GET /cormun/static/hpexe_scripts.js?201752511465715 HTTP/1.1" 304 -
200.112.0.117 - - [16/Mar/2018:08:46:14 -0300] "GET /cormun/static/cmcontrolpreferences.js?201752511465670 HTTP/1.1" 304 -
200.112.0.117 - - [16/Mar/2018:08:46:14 -0300] "GET /cormun/static/hmpwkw03.js?20177612122668 HTTP/1.1" 304 -
200.112.0.117 - - [16/Mar/2018:08:46:15 -0300] "GET /cormun/servlet/hhome HTTP/1.1" 200 3988
200.112.0.117 - - [16/Mar/2018:08:46:18 -0300] "GET /cormun/servlet/trsolicitudot? HTTP/1.1" 200 7205
200.112.0.117 - - [16/Mar/2018:08:46:18 -0300] "GET /cormun/static/gxcfg.js?2017111422585916 HTTP/1.1" 304 -
200.112.0.117 - - [16/Mar/2018:08:46:18 -0300] "GET /cormun/static/calendar.js?85251 HTTP/1.1" 304 -
200.112.0.117 - - [16/Mar/2018:08:46:18 -0300] "GET /cormun/static/calendar-setup.js?85251 HTTP/1.1" 304 -
200.112.0.117 - - [16/Mar/2018:08:46:18 -0300] "GET /cormun/static/calendar-es.js?85251 HTTP/1.1" 304 -
200.112.0.117 - - [16/Mar/2018:08:46:18 -0300] "GET /cormun/static/gxdec.js?85251 HTTP/1.1" 304 -
200.112.0.117 - - [16/Mar/2018:08:46:19 -0300] "GET /cormun/servlet/trsolicitudot? HTTP/1.1" 200 7204
200.112.0.117 - - [16/Mar/2018:08:46:21 -0300] "GET /cormun/servlet/solicitudot?INS,0,0, HTTP/1.1" 200 13448
200.112.0.117 - - [16/Mar/2018:08:46:21 -0300] "GET /cormun/static/gxcfg.js?201812313224582 HTTP/1.1" 304 -
200.112.0.117 - - [16/Mar/2018:08:46:21 -0300] "GET /cormun/servlet/solicitudot?INS,0,0, HTTP/1.1" 200 13452
200.54.247.70 - - [16/Mar/2018:08:46:26 -0300] "POST /cormun/servlet/solicitudot?gx-no-cache=1521200736865 HTTP/1.1" 200 33
200.54.247.70 - - [16/Mar/2018:08:46:27 -0300] "POST /cormun/servlet/solicitudot?a4e5742d574229b11bedce76787c665b,INS,0,0,,gx-no-cache=1521200736985 HTTP/1.1" 200 11948
200.112.0.117 - - [16/Mar/2018:08:46:36 -0300] "POST /cormun/servlet/solicitudot?gx-no-cache=1521200747411 HTTP/1.1" 200 3284
200.112.0.117 - - [16/Mar/2018:08:46:37 -0300] "POST /cormun/servlet/solicitudot?7d2f886697ba53496d98e6410e1850b4,INS,0,0,,gx-no-cache=1521200747982 HTTP/1.1" 200 10245
200.112.0.117 - - [16/Mar/2018:08:46:40 -0300] "GET /cormun/servlet/solicitudot?ab6736ffd0d09021ef5ac69010f3258f8df3f56c92b99551ef1e2d26ccaf0a22e2092125ca4aa154647554d301db71dc,gx-no-cache=1521200751507 HTTP/1.1" 200 111
200.112.0.117 - - [16/Mar/2018:08:46:40 -0300] "GET /cormun/static/Shared/jqueryui/images/ui-bg_highlight-soft_100_c6c2c8_1x100.png HTTP/1.1" 404 1117
200.112.0.117 - - [16/Mar/2018:08:46:40 -0300] "GET /cormun/static/Shared/jqueryui/images/ui-icons_82798d_256x240.png HTTP/1.1" 404 1089
200.112.0.117 - - [16/Mar/2018:08:46:40 -0300] "GET /cormun/static/Shared/jqueryui/images/ui-bg_flat_55_994d53_40x100.png HTTP/1.1" 404 1097
200.112.0.117 - - [16/Mar/2018:08:46:40 -0300] "GET /cormun/static/Shared/jqueryui/images/ui-icons_ebccce_256x240.png HTTP/1.1" 404 1089
200.112.0.117 - - [16/Mar/2018:08:46:51 -0300] "GET /cormun/servlet/solicitudot?ab6736ffd0d09021ef5ac69010f3258f843b5c83d554bc934e2d94065ed3cc79e2092125ca4aa154647554d301db71dc,gx-no-cache=1521200762397 HTTP/1.1" 200 30
186.67.172.234 - - [16/Mar/2018:08:47:42 -0300] "GET /cormun/static/menuarrow.gif HTTP/1.1" 404 1015
200.54.247.70 - - [16/Mar/2018:08:48:28 -0300] "GET /cormun/servlet/solicitudot?2f8f6e03623513f4bdc33ac17a59d0a374ef95e11943e6182275ec0d5ee4a8367e04baf49bd0b9e5e8575189f693e8401126a73656c7ec3f13d4ab5078527168,gx-no-cache=1521200857989 HTTP/1.1" 200 30
200.54.247.70 - - [16/Mar/2018:08:48:28 -0300] "POST /cormun/servlet/solicitudot?gx-no-cache=1521200858039 HTTP/1.1" 200 256
200.54.247.70 - - [16/Mar/2018:08:48:28 -0300] "GET /cormun/servlet/solicitudot?2f8f6e03623513f4bdc33ac17a59d0a37a0cf450af1fb50453eb4d652f7ae561f07193636c3ea27c1ed34cc90140153cceace473b524cd4d16b432daebeb3c700f19e3f42f0638cc60ae4c0b103e788321b2c5830addc4b4e1cc8dde58f8e500164fc6718fa06c5e8bc3f317467b2db943d75dc27dc781583f46191c16507be7a3c9a6257d09b520883cd95c81d559fbf9081d37b972768a9e40501b1b786e4a97a7cab6e1783098e73785b9ecfefe29459b8bb001cce5712e7a91e96f2282937dc98d1f43554da210fe02c5e27b175bb67ba3007002c4e8353828496c182f5ff0e079cc958104fd2b848ea5fa5bd9c17ddf8c7e79e84fc234ca8ead593973965f83ab338877aecb47194c92c2d0c658a4d10fedb6bd5b4e1b2715afaec01110d958230198c4be74d8be1f963b9fd835df15d422cc781ae1eedc398be6df06848334982f9fef1effca9d8c6b84f33dfed6a8030fb17f8f1fba8b27f1d9d3d43190ed91395ae8af104a1af828184ba62a1a9b043c054244b84df4584c325e36c9,gx-no-cache=1521200858073 HTTP/1.1" 200 30
200.54.247.70 - - [16/Mar/2018:08:48:28 -0300] "POST /cormun/servlet/solicitudot?gx-no-cache=1521200858101 HTTP/1.1" 200 30
200.54.247.70 - - [16/Mar/2018:08:48:28 -0300] "POST /cormun/servlet/solicitudot?gx-no-cache=1521200858144 HTTP/1.1" 200 1336
200.54.247.70 - - [16/Mar/2018:08:48:28 -0300] "POST /cormun/servlet/solicitudot?gx-no-cache=1521200858194 HTTP/1.1" 200 41
200.54.247.70 - - [16/Mar/2018:08:48:28 -0300] "POST /cormun/servlet/solicitudot?gx-no-cache=1521200858230 HTTP/1.1" 200 1318
200.54.247.70 - - [16/Mar/2018:08:48:28 -0300] "POST /cormun/servlet/solicitudot?gx-no-cache=1521200858279 HTTP/1.1" 200 1218
200.54.247.70 - - [16/Mar/2018:08:48:28 -0300] "GET /cormun/servlet/solicitudot?2f8f6e03623513f4bdc33ac17a59d0a3609d5d60d26de699ce057965185b7445209ef3a42d4f2d5505a7ca53d959c353,gx-no-cache=1521200858319 HTTP/1.1" 200 30
200.54.247.70 - - [16/Mar/2018:08:48:28 -0300] "POST /cormun/servlet/solicitudot?gx-no-cache=1521200858347 HTTP/1.1" 200 33
200.54.247.70 - - [16/Mar/2018:08:48:28 -0300] "POST /cormun/servlet/solicitudot?a4e5742d574229b11bedce76787c665b,INS,0,0,,gx-no-cache=1521200858406 HTTP/1.1" 200 12005
200.54.247.70 - - [16/Mar/2018:08:48:59 -0300] "GET /cormun/servlet/solicitudot?2f8f6e03623513f4bdc33ac17a59d0a374ef95e11943e6182275ec0d5ee4a8367e04baf49bd0b9e5e8575189f693e8401126a73656c7ec3f13d4ab5078527168,gx-no-cache=1521200889477 HTTP/1.1" 200 30
200.54.247.70 - - [16/Mar/2018:08:48:59 -0300] "POST /cormun/servlet/solicitudot?gx-no-cache=1521200889543 HTTP/1.1" 200 256
