186.103.157.98 - - [16/Mar/2018:13:27:47 -0300] "GET /cormun/servlet/solicitudotadjuntos?INS,2018,10576,,1, HTTP/1.1" 200 6285
186.103.157.98 - - [16/Mar/2018:13:27:47 -0300] "GET /cormun/servlet/solicitudotadjuntos?a1ab0dc0c08e696fb44dc1e064ae7100b462c043c22487330e24ee10982c24a53c9357c9b1c18933008e4341636b6e34,gx-no-cache=1521217617946 HTTP/1.1" 200 30
186.103.157.98 - - [16/Mar/2018:13:27:47 -0300] "POST /cormun/servlet/solicitudotadjuntos?18040cd98c0b39407db8b6637f07fff2,INS,2018,10576,,1,,gx-no-cache=1521217618078 HTTP/1.1" 200 3976
186.103.157.98 - - [16/Mar/2018:13:27:51 -0300] "POST /cormun/servlet/solicitudotadjuntos?gx-no-cache=1521217622424 HTTP/1.1" 200 26
186.103.157.98 - - [16/Mar/2018:13:27:59 -0300] "GET /cormun/servlet/solicitudotadjuntos?a1ab0dc0c08e696fb44dc1e064ae7100e23480a269518e94f4efa5d33c08477b,gx-no-cache=1521217629921 HTTP/1.1" 200 30
186.103.157.98 - - [16/Mar/2018:13:27:59 -0300] "GET /cormun/servlet/solicitudotadjuntos?a1ab0dc0c08e696fb44dc1e064ae7100e23480a269518e94f4efa5d33c08477b,gx-no-cache=1521217629984 HTTP/1.1" 200 30
186.103.157.98 - - [16/Mar/2018:13:27:59 -0300] "POST /cormun/servlet/solicitudotadjuntos?18040cd98c0b39407db8b6637f07fff2,INS,2018,10576,,1, HTTP/1.1" 200 116
186.103.157.98 - - [16/Mar/2018:13:27:59 -0300] "GET /cormun/servlet/hpexe_return? HTTP/1.1" 200 1025
186.103.157.98 - - [16/Mar/2018:13:27:59 -0300] "GET /cormun/servlet/trsolicitudadjuntos?2018,10576, HTTP/1.1" 200 9511
186.103.157.98 - - [16/Mar/2018:13:28:00 -0300] "GET /cormun/servlet/trsolicitudadjuntos?2018,10576, HTTP/1.1" 200 9510
186.103.161.206 - - [16/Mar/2018:13:31:46 -0300] "GET /cormun/servlet/hlogin HTTP/1.1" 200 1734
186.103.161.206 - - [16/Mar/2018:13:32:04 -0300] "POST /cormun/servlet/hlogin?8e40a8196cde1f592d82edcba03fbe27,gx-no-cache=1521217872380 HTTP/1.1" 200 90
186.103.161.206 - - [16/Mar/2018:13:32:04 -0300] "GET /cormun/servlet/hpexe_link HTTP/1.1" 200 954
186.103.161.206 - - [16/Mar/2018:13:32:05 -0300] "GET /cormun/servlet/trsolicitudot HTTP/1.1" 200 7415
186.103.161.206 - - [16/Mar/2018:13:32:06 -0300] "GET /cormun/servlet/trsolicitudot HTTP/1.1" 200 7413
186.103.161.206 - - [16/Mar/2018:13:32:11 -0300] "GET /cormun/servlet/trsolicitudot? HTTP/1.1" 200 7413
186.103.161.206 - - [16/Mar/2018:13:32:12 -0300] "GET /cormun/servlet/trsolicitudot? HTTP/1.1" 200 7413
186.103.161.206 - - [16/Mar/2018:13:32:18 -0300] "GET /cormun/servlet/solicitudot?INS,0,0, HTTP/1.1" 200 13647
186.103.161.206 - - [16/Mar/2018:13:32:19 -0300] "GET /cormun/servlet/solicitudot?INS,0,0, HTTP/1.1" 200 13652
186.67.203.186 - - [16/Mar/2018:13:32:46 -0300] "POST /cormun/servlet/solicitudot?gx-no-cache=1521217914472 HTTP/1.1" 200 3284
186.67.203.186 - - [16/Mar/2018:13:32:47 -0300] "POST /cormun/servlet/solicitudot?8e40a8196cde1f592d82edcba03fbe27,INS,0,0,,gx-no-cache=1521217914860 HTTP/1.1" 200 10449
186.67.203.186 - - [16/Mar/2018:13:32:51 -0300] "GET /cormun/servlet/solicitudot?a6d45154b4d7fe6878a23b498181eaa31128f09e67a865578d0c7a593282d111893b7b9709ff4987a2be6fca7e2102f8,gx-no-cache=1521217919585 HTTP/1.1" 200 30
186.103.159.204 - - [16/Mar/2018:13:33:11 -0300] "GET /cormun/servlet/hlogin HTTP/1.1" 200 1719
190.151.100.218 - - [16/Mar/2018:13:33:27 -0300] "POST /cormun/servlet/trsolicitudot?3389bdcc8b6044b384ff726ff5efa884,,gx-no-cache=1521217953735 HTTP/1.1" 440 972
190.151.100.218 - - [16/Mar/2018:13:33:30 -0300] "GET /cormun/servlet/trsolicitudot? HTTP/1.1" 200 6390
190.151.100.218 - - [16/Mar/2018:13:33:31 -0300] "GET /cormun/servlet/trsolicitudot? HTTP/1.1" 200 6390
186.103.161.206 - - [16/Mar/2018:13:33:31 -0300] "GET /cormun/servlet/hlogin HTTP/1.1" 200 1738
186.103.159.204 - - [16/Mar/2018:13:33:42 -0300] "POST /cormun/servlet/hlogin?3169e2345934ddaa4dc5a7b110a9a104,gx-no-cache=1521217964592 HTTP/1.1" 200 433
186.103.161.206 - - [16/Mar/2018:13:33:43 -0300] "POST /cormun/servlet/hlogin?a831754c2706f9281895b4db6b034dd7,gx-no-cache=1521217970512 HTTP/1.1" 200 90
186.103.161.206 - - [16/Mar/2018:13:33:43 -0300] "GET /cormun/servlet/hpexe_link HTTP/1.1" 200 954
186.103.161.206 - - [16/Mar/2018:13:33:43 -0300] "GET /cormun/servlet/trsolicitudot HTTP/1.1" 200 7256
186.103.161.206 - - [16/Mar/2018:13:33:44 -0300] "GET /cormun/servlet/trsolicitudot HTTP/1.1" 200 7255
186.103.161.206 - - [16/Mar/2018:13:33:48 -0300] "GET /cormun/static/menuarrow.gif HTTP/1.1" 404 1015
186.103.159.204 - - [16/Mar/2018:13:33:52 -0300] "POST /cormun/servlet/hlogin?3169e2345934ddaa4dc5a7b110a9a104,gx-no-cache=1521217974620 HTTP/1.1" 200 90
186.103.159.204 - - [16/Mar/2018:13:33:52 -0300] "GET /cormun/servlet/hpexe_link HTTP/1.1" 200 947
186.103.159.204 - - [16/Mar/2018:13:33:52 -0300] "GET /cormun/servlet/hhome HTTP/1.1" 200 3872
186.103.159.204 - - [16/Mar/2018:13:33:53 -0300] "GET /cormun/servlet/hhome HTTP/1.1" 200 3868
186.103.159.204 - - [16/Mar/2018:13:33:56 -0300] "GET /cormun/servlet/trsolicitudot? HTTP/1.1" 200 8456
186.103.159.204 - - [16/Mar/2018:13:33:56 -0300] "GET /cormun/servlet/trsolicitudot? HTTP/1.1" 200 8454
186.67.203.186 - - [16/Mar/2018:13:34:01 -0300] "GET /cormun/servlet/solicitudot?a6d45154b4d7fe6878a23b498181eaa30cdbc2eaed92a8b2447d02901a20408c,gx-no-cache=1521217989068 HTTP/1.1" 200 94
186.67.203.186 - - [16/Mar/2018:13:34:01 -0300] "GET /cormun/static/Shared/jqueryui/images/ui-icons_82798d_256x240.png HTTP/1.1" 404 1089
200.111.122.170 - - [16/Mar/2018:13:34:01 -0300] "GET /cormun/static/Shared/jqueryui/images/ui-bg_flat_55_994d53_40x100.png HTTP/1.1" 404 1097
200.111.122.170 - - [16/Mar/2018:13:34:01 -0300] "GET /cormun/static/Shared/jqueryui/images/ui-icons_ebccce_256x240.png HTTP/1.1" 404 1089
200.111.122.170 - - [16/Mar/2018:13:34:01 -0300] "GET /cormun/static/Shared/jqueryui/images/ui-bg_highlight-soft_100_c6c2c8_1x100.png HTTP/1.1" 404 1117
186.67.203.186 - - [16/Mar/2018:13:34:01 -0300] "GET /cormun/servlet/solicitudot?a6d45154b4d7fe6878a23b498181eaa31a4cd9cbb38443ca7b42aa70a42c8cbe,gx-no-cache=1521217989329 HTTP/1.1" 200 29
186.67.203.186 - - [16/Mar/2018:13:34:01 -0300] "POST /cormun/servlet/solicitudot?gx-no-cache=1521217989435 HTTP/1.1" 200 297
186.67.203.186 - - [16/Mar/2018:13:34:01 -0300] "GET /cormun/servlet/solicitudot?a6d45154b4d7fe6878a23b498181eaa3da7f229ff72ba83928428d8f0844b6f1d7b1c0702f63345f8bfaef091204b9975ee7740e418781e85920bc2c357a7e14aaf524ce3ed564d797c4536bc517d382a4548a065e6c8ce1a22ef835ed14a36ec113c5eda06eb47f1a8e86f70700f049e90c18a57fe282bd20b62d6a1a238d40e6c56af4b1b19cb0b15f825aafeb85f21e2fadfb651d604210924248913a69c02008b9de7ef270fd3acc5d3dffab1393908219eab59541a4663e7d2d19f842a0f643817726c7e00e88c61425b4affc6234b7b84708a1472e4b2dde50d3b4a5911b746e2b0eb9e715fe4d50af4130601f95cd294afc2ecdedf63c0e17c2dcc2f639df5121278e91b8cad010afc1e936bb8fb3f7d73cf1db986db4a5930e36552dded0ef25d9cc9b728087275761934c5086f22baab584844c741b220a5b1745227377619711a18d1b85e15f347396066a7e6f14690df4a377ebc1f4cd2e0c849fa5e8c16e164632a018eee799d46ff66b5702e430e04e9c37420fbd124d722206014b7768eb26583ffc5c4fa835e56828,gx-no-cache=1521217989597 HTTP/1.1" 200 30
186.103.161.206 - - [16/Mar/2018:13:34:02 -0300] "POST /cormun/servlet/trsolicitudot?a831754c2706f9281895b4db6b034dd7,gx-no-cache=1521217989176 HTTP/1.1" 200 19951
186.67.203.186 - - [16/Mar/2018:13:34:04 -0300] "POST /cormun/servlet/solicitudot?gx-no-cache=1521217992183 HTTP/1.1" 200 30
186.103.161.206 - - [16/Mar/2018:13:34:14 -0300] "POST /cormun/servlet/trsolicitudot?a831754c2706f9281895b4db6b034dd7,gx-no-cache=1521217999850 HTTP/1.1" 200 103
186.103.161.206 - - [16/Mar/2018:13:34:14 -0300] "GET /cormun/SolicitudOT-3376.xls HTTP/1.1" 200 22528
186.103.159.204 - - [16/Mar/2018:13:34:23 -0300] "POST /cormun/servlet/trsolicitudot?3169e2345934ddaa4dc5a7b110a9a104,,gx-no-cache=1521218005576 HTTP/1.1" 200 107
186.103.159.204 - - [16/Mar/2018:13:34:23 -0300] "GET /cormun/servlet/trsolicitudadjuntos?2018,10567, HTTP/1.1" 200 5970
186.103.159.204 - - [16/Mar/2018:13:34:23 -0300] "GET /cormun/servlet/trsolicitudadjuntos?2018,10567, HTTP/1.1" 200 5970
186.67.203.186 - - [16/Mar/2018:13:34:27 -0300] "POST /cormun/servlet/solicitudot?gx-no-cache=1521218015200 HTTP/1.1" 200 1333
186.67.203.186 - - [16/Mar/2018:13:34:27 -0300] "POST /cormun/servlet/solicitudot?gx-no-cache=1521218015496 HTTP/1.1" 200 38
186.103.159.204 - - [16/Mar/2018:13:34:36 -0300] "GET /cormun/servlet/solicitudotadjuntos?INS,2018,10567,,1, HTTP/1.1" 200 5923
186.103.159.204 - - [16/Mar/2018:13:34:36 -0300] "GET /cormun/static/about:blank HTTP/1.1" 404 1011
186.103.159.204 - - [16/Mar/2018:13:34:36 -0300] "GET /cormun/servlet/solicitudotadjuntos?INS,2018,10567,,1, HTTP/1.1" 200 5917
186.103.159.204 - - [16/Mar/2018:13:34:36 -0300] "GET /cormun/servlet/solicitudotadjuntos?f6e0ecd6670ee3d94bd2526bd54c36b0270a30871733c86e8b7b3f67749a31d22ab57c56386d031288539f7636a87233,gx-no-cache=1521218019007 HTTP/1.1" 200 30
186.103.159.204 - - [16/Mar/2018:13:34:36 -0300] "POST /cormun/servlet/solicitudotadjuntos?3169e2345934ddaa4dc5a7b110a9a104,INS,2018,10567,,1,,gx-no-cache=1521218019066 HTTP/1.1" 200 3797
186.103.159.204 - - [16/Mar/2018:13:34:43 -0300] "POST /cormun/servlet/solicitudotadjuntos?gx-no-cache=1521218025741 HTTP/1.1" 200 26
186.103.159.204 - - [16/Mar/2018:13:35:15 -0300] "GET /cormun/servlet/solicitudotadjuntos?f6e0ecd6670ee3d94bd2526bd54c36b0cfa7411c5dcb104be22f5088fbe18b86,gx-no-cache=1521218057259 HTTP/1.1" 200 30
186.103.159.204 - - [16/Mar/2018:13:35:15 -0300] "GET /cormun/servlet/solicitudotadjuntos?f6e0ecd6670ee3d94bd2526bd54c36b0cfa7411c5dcb104be22f5088fbe18b86,gx-no-cache=1521218057323 HTTP/1.1" 200 30
186.103.159.204 - - [16/Mar/2018:13:35:15 -0300] "POST /cormun/servlet/solicitudotadjuntos?3169e2345934ddaa4dc5a7b110a9a104,INS,2018,10567,,1, HTTP/1.1" 200 6269
186.103.159.204 - - [16/Mar/2018:13:35:15 -0300] "GET /cormun/static/Shared/jqueryui/images/ui-bg_highlight-soft_100_c6c2c8_1x100.png HTTP/1.1" 404 1117
186.103.159.204 - - [16/Mar/2018:13:35:15 -0300] "GET /cormun/static/Shared/jqueryui/images/ui-icons_82798d_256x240.png HTTP/1.1" 404 1089
186.103.159.204 - - [16/Mar/2018:13:35:15 -0300] "GET /cormun/static/Shared/jqueryui/images/ui-icons_ebccce_256x240.png HTTP/1.1" 404 1089
186.103.159.204 - - [16/Mar/2018:13:35:15 -0300] "GET /cormun/static/Shared/jqueryui/images/ui-bg_flat_55_994d53_40x100.png HTTP/1.1" 404 1097
186.103.159.204 - - [16/Mar/2018:13:35:16 -0300] "GET /cormun/PrivateTempStorage/upload_00013653.jpg HTTP/1.1" 200 218928
186.103.159.204 - - [16/Mar/2018:13:36:05 -0300] "GET /cormun/servlet/solicitudotadjuntos?f6e0ecd6670ee3d94bd2526bd54c36b0464144c7db7ee0807b929bc7f8b13d31ba0c56df293ed61696a8694c4b83f3b1,gx-no-cache=1521218107519 HTTP/1.1" 200 30
186.103.159.204 - - [16/Mar/2018:13:36:05 -0300] "GET /cormun/servlet/solicitudotadjuntos?f6e0ecd6670ee3d94bd2526bd54c36b0464144c7db7ee0807b929bc7f8b13d31ba0c56df293ed61696a8694c4b83f3b1,gx-no-cache=1521218107600 HTTP/1.1" 200 30
186.103.159.204 - - [16/Mar/2018:13:36:05 -0300] "POST /cormun/servlet/solicitudotadjuntos?3169e2345934ddaa4dc5a7b110a9a104,INS,2018,10567,,1,,gx-no-cache=1521218107652 HTTP/1.1" 200 3714
186.103.159.204 - - [16/Mar/2018:13:36:05 -0300] "GET /cormun/static/Resources/blank.jpg HTTP/1.1" 200 631
186.103.159.204 - - [16/Mar/2018:13:36:31 -0300] "GET /cormun/servlet/solicitudotadjuntos?f6e0ecd6670ee3d94bd2526bd54c36b0464144c7db7ee0807b929bc7f8b13d31ba0c56df293ed61696a8694c4b83f3b1,gx-no-cache=1521218133694 HTTP/1.1" 200 30
186.103.159.204 - - [16/Mar/2018:13:36:31 -0300] "GET /cormun/servlet/solicitudotadjuntos?f6e0ecd6670ee3d94bd2526bd54c36b0464144c7db7ee0807b929bc7f8b13d31ba0c56df293ed61696a8694c4b83f3b1,gx-no-cache=1521218133778 HTTP/1.1" 200 30
186.103.159.204 - - [16/Mar/2018:13:36:32 -0300] "POST /cormun/servlet/solicitudotadjuntos?3169e2345934ddaa4dc5a7b110a9a104,INS,2018,10567,,1, HTTP/1.1" 200 6271
186.103.159.204 - - [16/Mar/2018:13:36:32 -0300] "GET /cormun/PrivateTempStorage/upload_00013665.jpg HTTP/1.1" 200 218928
186.103.159.204 - - [16/Mar/2018:13:36:50 -0300] "GET /cormun/servlet/trsolicitudadjuntos?2018,10567, HTTP/1.1" 200 5970
186.103.159.204 - - [16/Mar/2018:13:36:51 -0300] "GET /cormun/servlet/trsolicitudadjuntos?2018,10567, HTTP/1.1" 200 5970
186.103.159.204 - - [16/Mar/2018:13:36:58 -0300] "GET /cormun/servlet/trsolicitudot? HTTP/1.1" 200 8456
186.103.159.204 - - [16/Mar/2018:13:36:58 -0300] "GET /cormun/servlet/trsolicitudot? HTTP/1.1" 200 8454
186.67.203.186 - - [16/Mar/2018:13:37:04 -0300] "GET /cormun/servlet/solicitudot?a6d45154b4d7fe6878a23b498181eaa39cf9a560f758d90d2a843344a18a07ad2c151f94059ce5bbd36b72f57d43fa390532e4471012cbaa80c5d220c38fd2338f668c86580e234060637dea7d237adb0fe01e648f3af1a7bb3d2bd28b9be49d68ee0e5f8ba40240a98d2b84be5c33ff,gx-no-cache=1521218171820 HTTP/1.1" 200 29
186.67.203.186 - - [16/Mar/2018:13:37:04 -0300] "POST /cormun/servlet/solicitudot?gx-no-cache=1521218172034 HTTP/1.1" 200 1319
186.67.203.186 - - [16/Mar/2018:13:37:04 -0300] "POST /cormun/servlet/solicitudot?gx-no-cache=1521218172243 HTTP/1.1" 200 1215
186.103.132.155 - - [16/Mar/2018:13:37:36 -0300] "GET /cormun/static/menuarrow.gif HTTP/1.1" 404 1015
186.103.132.155 - - [16/Mar/2018:13:37:45 -0300] "GET /cormun/servlet/solicitudot?a6d45154b4d7fe6878a23b498181eaa31aa514f26594e4fa848c891962de5254f96b4d56860c41b78d2b9da677dee0ea,gx-no-cache=1521218213318 HTTP/1.1" 200 30
186.103.157.98 - - [16/Mar/2018:13:37:59 -0300] "GET /cormun/servlet/solicitudotadjuntos?INS,2018,10576,,1, HTTP/1.1" 200 6291
186.103.157.98 - - [16/Mar/2018:13:38:00 -0300] "GET /cormun/static/about:blank HTTP/1.1" 404 1011
186.103.157.98 - - [16/Mar/2018:13:38:00 -0300] "GET /cormun/servlet/solicitudotadjuntos?INS,2018,10576,,1, HTTP/1.1" 200 6284
186.103.157.98 - - [16/Mar/2018:13:38:00 -0300] "GET /cormun/servlet/solicitudotadjuntos?a1ab0dc0c08e696fb44dc1e064ae7100b462c043c22487330e24ee10982c24a53c9357c9b1c18933008e4341636b6e34,gx-no-cache=1521218231510 HTTP/1.1" 200 30
186.103.157.98 - - [16/Mar/2018:13:38:00 -0300] "POST /cormun/servlet/solicitudotadjuntos?18040cd98c0b39407db8b6637f07fff2,INS,2018,10576,,1,,gx-no-cache=1521218231586 HTTP/1.1" 200 3987
186.103.157.98 - - [16/Mar/2018:13:38:17 -0300] "POST /cormun/servlet/solicitudotadjuntos?gx-no-cache=1521218247946 HTTP/1.1" 200 26
186.103.157.98 - - [16/Mar/2018:13:38:17 -0300] "GET /cormun/servlet/solicitudotadjuntos?a1ab0dc0c08e696fb44dc1e064ae7100e23480a269518e94f4efa5d33c08477b,gx-no-cache=1521218248008 HTTP/1.1" 200 30
186.103.157.98 - - [16/Mar/2018:13:38:17 -0300] "GET /cormun/servlet/solicitudotadjuntos?a1ab0dc0c08e696fb44dc1e064ae7100e23480a269518e94f4efa5d33c08477b,gx-no-cache=1521218248072 HTTP/1.1" 200 30
186.103.157.98 - - [16/Mar/2018:13:38:17 -0300] "POST /cormun/servlet/solicitudotadjuntos?18040cd98c0b39407db8b6637f07fff2,INS,2018,10576,,1,,gx-no-cache=1521218248137 HTTP/1.1" 200 93
186.103.157.98 - - [16/Mar/2018:13:38:17 -0300] "GET /cormun/servlet/hpexe_return? HTTP/1.1" 200 1025
186.103.157.98 - - [16/Mar/2018:13:38:18 -0300] "GET /cormun/servlet/trsolicitudadjuntos?2018,10576, HTTP/1.1" 200 9690
186.103.157.98 - - [16/Mar/2018:13:38:18 -0300] "GET /cormun/servlet/trsolicitudadjuntos?2018,10576, HTTP/1.1" 200 9689
186.103.157.98 - - [16/Mar/2018:13:38:21 -0300] "POST /cormun/servlet/trsolicitudadjuntos?18040cd98c0b39407db8b6637f07fff2,2018,10576,,gx-no-cache=1521218251791 HTTP/1.1" 200 90
186.103.157.98 - - [16/Mar/2018:13:38:21 -0300] "GET /cormun/servlet/hpexe_link HTTP/1.1" 200 967
186.103.157.98 - - [16/Mar/2018:13:38:21 -0300] "GET /cormun/servlet/trsolicitudot HTTP/1.1" 200 8847
186.103.157.98 - - [16/Mar/2018:13:38:21 -0300] "GET /cormun/servlet/trsolicitudot HTTP/1.1" 200 8846
200.72.197.82 - - [16/Mar/2018:13:38:24 -0300] "POST /cormun/servlet/solicitudot?gx-no-cache=1521218252538 HTTP/1.1" 200 30
186.103.157.98 - - [16/Mar/2018:13:38:33 -0300] "POST /cormun/servlet/trsolicitudot?18040cd98c0b39407db8b6637f07fff2,gx-no-cache=1521218263757 HTTP/1.1" 200 5941
186.103.157.98 - - [16/Mar/2018:13:38:33 -0300] "GET /cormun/static/Shared/jqueryui/images/ui-bg_highlight-soft_100_c6c2c8_1x100.png HTTP/1.1" 404 1117
186.103.157.98 - - [16/Mar/2018:13:38:33 -0300] "GET /cormun/static/Shared/jqueryui/images/ui-icons_82798d_256x240.png HTTP/1.1" 404 1089
186.103.157.98 - - [16/Mar/2018:13:38:33 -0300] "GET /cormun/static/Shared/jqueryui/images/ui-bg_flat_55_fafafa_40x100.png HTTP/1.1" 404 1097
186.103.157.98 - - [16/Mar/2018:13:38:33 -0300] "GET /cormun/static/Shared/jqueryui/images/ui-icons_8d78a5_256x240.png HTTP/1.1" 404 1089
186.103.157.98 - - [16/Mar/2018:13:38:40 -0300] "GET /cormun/servlet/solicitudot?INS,0,0, HTTP/1.1" 200 13693
186.103.157.98 - - [16/Mar/2018:13:38:40 -0300] "GET /cormun/servlet/solicitudot?INS,0,0, HTTP/1.1" 200 13698
186.103.157.98 - - [16/Mar/2018:13:38:42 -0300] "GET /cormun/servlet/trsolicitudot HTTP/1.1" 200 8847
200.72.197.82 - - [16/Mar/2018:13:38:43 -0300] "POST /cormun/servlet/solicitudot?8e40a8196cde1f592d82edcba03fbe27,INS,0,0,,gx-no-cache=1521218270973 HTTP/1.1" 200 11706
186.103.157.98 - - [16/Mar/2018:13:38:43 -0300] "GET /cormun/servlet/trsolicitudot HTTP/1.1" 200 8846
200.72.197.82 - - [16/Mar/2018:13:38:43 -0300] "GET /cormun/static/Shared/jqueryui/images/ui-icons_8d78a5_256x240.png HTTP/1.1" 404 1089
200.72.197.82 - - [16/Mar/2018:13:38:43 -0300] "GET /cormun/static/Shared/jqueryui/images/ui-bg_flat_55_fafafa_40x100.png HTTP/1.1" 404 1097
186.103.157.98 - - [16/Mar/2018:13:38:45 -0300] "POST /cormun/servlet/trsolicitudot?18040cd98c0b39407db8b6637f07fff2,gx-no-cache=1521218276582 HTTP/1.1" 200 107
186.103.157.98 - - [16/Mar/2018:13:38:46 -0300] "GET /cormun/servlet/trsolicitudadjuntos?2018,10576, HTTP/1.1" 200 9684
186.103.157.98 - - [16/Mar/2018:13:38:46 -0300] "GET /cormun/servlet/trsolicitudadjuntos?2018,10576, HTTP/1.1" 200 9688
200.72.197.82 - - [16/Mar/2018:13:38:50 -0300] "POST /cormun/servlet/solicitudot?gx-no-cache=1521218278188 HTTP/1.1" 200 3315
200.72.197.82 - - [16/Mar/2018:13:38:50 -0300] "POST /cormun/servlet/solicitudot?8e40a8196cde1f592d82edcba03fbe27,INS,0,0,,gx-no-cache=1521218278516 HTTP/1.1" 200 11718
200.72.197.82 - - [16/Mar/2018:13:38:51 -0300] "GET /cormun/servlet/solicitudot?a6d45154b4d7fe6878a23b498181eaa31128f09e67a865578d0c7a593282d111114b0e7df66351446ef142ca4ddcc7bb,gx-no-cache=1521218278932 HTTP/1.1" 200 30
186.103.159.204 - - [16/Mar/2018:13:38:56 -0300] "GET /cormun/servlet/treventos?2018,10567, HTTP/1.1" 200 5939
186.103.159.204 - - [16/Mar/2018:13:38:56 -0300] "GET /cormun/servlet/treventos?2018,10567, HTTP/1.1" 200 5939
186.103.159.204 - - [16/Mar/2018:13:39:02 -0300] "GET /cormun/servlet/trsolicitudot? HTTP/1.1" 200 8456
186.103.159.204 - - [16/Mar/2018:13:39:03 -0300] "GET /cormun/servlet/trsolicitudot? HTTP/1.1" 200 8454
186.103.157.98 - - [16/Mar/2018:13:39:27 -0300] "GET /cormun/servlet/trsolicitudot? HTTP/1.1" 200 8852
186.103.157.98 - - [16/Mar/2018:13:39:28 -0300] "GET /cormun/servlet/trsolicitudot? HTTP/1.1" 200 8846
186.103.157.98 - - [16/Mar/2018:13:39:31 -0300] "GET /cormun/servlet/solicitudot?INS,0,0, HTTP/1.1" 200 13693
186.103.157.98 - - [16/Mar/2018:13:39:31 -0300] "GET /cormun/servlet/solicitudot?INS,0,0, HTTP/1.1" 200 13699
186.103.159.204 - - [16/Mar/2018:13:39:47 -0300] "POST /cormun/servlet/trsolicitudot?3169e2345934ddaa4dc5a7b110a9a104,,gx-no-cache=1521218329468 HTTP/1.1" 200 107
186.103.159.204 - - [16/Mar/2018:13:39:47 -0300] "GET /cormun/servlet/trsolicitudadjuntos?2018,10567, HTTP/1.1" 200 5970
186.103.159.204 - - [16/Mar/2018:13:39:47 -0300] "GET /cormun/servlet/trsolicitudadjuntos?2018,10567, HTTP/1.1" 200 5970
186.103.157.98 - - [16/Mar/2018:13:39:50 -0300] "POST /cormun/servlet/solicitudot?gx-no-cache=1521218340631 HTTP/1.1" 200 3291
186.103.157.98 - - [16/Mar/2018:13:39:50 -0300] "POST /cormun/servlet/solicitudot?18040cd98c0b39407db8b6637f07fff2,INS,0,0,,gx-no-cache=1521218341038 HTTP/1.1" 200 10447
186.67.203.186 - - [16/Mar/2018:13:39:52 -0300] "GET /cormun/servlet/solicitudot?a6d45154b4d7fe6878a23b498181eaa37c35fe565e9be5e53e850af1b527007f1a707bb2268ed7302dfa666ffa64b9fa027232bb5d05c741c88c7e53500a7d65,gx-no-cache=1521218340000 HTTP/1.1" 200 30
186.67.203.186 - - [16/Mar/2018:13:39:52 -0300] "GET /cormun/servlet/solicitudot?a6d45154b4d7fe6878a23b498181eaa31a4cd9cbb38443ca7b42aa70a42c8cbe,gx-no-cache=1521218340195 HTTP/1.1" 200 29
186.67.203.186 - - [16/Mar/2018:13:39:52 -0300] "POST /cormun/servlet/solicitudot?gx-no-cache=1521218340344 HTTP/1.1" 200 297
186.67.203.186 - - [16/Mar/2018:13:39:52 -0300] "GET /cormun/servlet/solicitudot?a6d45154b4d7fe6878a23b498181eaa3da7f229ff72ba83928428d8f0844b6f1d7b1c0702f63345f8bfaef091204b9975ee7740e418781e85920bc2c357a7e14aaf524ce3ed564d797c4536bc517d382a4548a065e6c8ce1a22ef835ed14a36ec113c5eda06eb47f1a8e86f70700f049e90c18a57fe282bd20b62d6a1a238d40e6c56af4b1b19cb0b15f825aafeb85f21e2fadfb651d604210924248913a69c02008b9de7ef270fd3acc5d3dffab1393908219eab59541a4663e7d2d19f842a0f643817726c7e00e88c61425b4affc6234b7b84708a1472e4b2dde50d3b4a5911b746e2b0eb9e715fe4d50af4130601f95cd294afc2ecdedf63c0e17c2dcc2f639df5121278e91b8cad010afc1e936bb8fb3f7d73cf1db986db4a5930e36552dded0ef25d9cc9b728087275761934c5086f22baab584844c741b220a5b1745227377619711a18d1b85e15f347396066a7e6f14690df4a377ebc1f4cd2e0c849fa5e8c16e164632a018eee799d46ff66b66492febdbf6a2c3480212cbe52f2000014b7768eb26583ffc5c4fa835e56828,gx-no-cache=1521218340510 HTTP/1.1" 200 30
186.67.203.186 - - [16/Mar/2018:13:39:52 -0300] "POST /cormun/servlet/solicitudot?gx-no-cache=1521218340612 HTTP/1.1" 200 30
186.67.203.186 - - [16/Mar/2018:13:39:53 -0300] "POST /cormun/servlet/solicitudot?gx-no-cache=1521218340825 HTTP/1.1" 200 1333
186.67.203.186 - - [16/Mar/2018:13:39:53 -0300] "POST /cormun/servlet/solicitudot?gx-no-cache=1521218340989 HTTP/1.1" 200 41
186.67.203.186 - - [16/Mar/2018:13:39:53 -0300] "GET /cormun/servlet/solicitudot?a6d45154b4d7fe6878a23b498181eaa39cf9a560f758d90d2a843344a18a07ad2c151f94059ce5bbd36b72f57d43fa390532e4471012cbaa80c5d220c38fd2338f668c86580e234060637dea7d237adb0fe01e648f3af1a7bb3d2bd28b9be49d68ee0e5f8ba40240a98d2b84be5c33ff,gx-no-cache=1521218341073 HTTP/1.1" 200 29
186.67.203.186 - - [16/Mar/2018:13:39:53 -0300] "POST /cormun/servlet/solicitudot?gx-no-cache=1521218341158 HTTP/1.1" 200 1318
186.67.203.186 - - [16/Mar/2018:13:39:53 -0300] "POST /cormun/servlet/solicitudot?gx-no-cache=1521218341344 HTTP/1.1" 200 1218
186.67.203.186 - - [16/Mar/2018:13:39:53 -0300] "GET /cormun/servlet/solicitudot?a6d45154b4d7fe6878a23b498181eaa31aa514f26594e4fa848c891962de5254f96b4d56860c41b78d2b9da677dee0ea,gx-no-cache=1521218341515 HTTP/1.1" 200 30
186.67.203.186 - - [16/Mar/2018:13:39:53 -0300] "POST /cormun/servlet/solicitudot?gx-no-cache=1521218341635 HTTP/1.1" 200 30
186.67.203.186 - - [16/Mar/2018:13:39:54 -0300] "POST /cormun/servlet/solicitudot?8e40a8196cde1f592d82edcba03fbe27,INS,0,0,,gx-no-cache=1521218341724 HTTP/1.1" 200 93
186.67.203.186 - - [16/Mar/2018:13:39:54 -0300] "GET /cormun/servlet/hpexe_return? HTTP/1.1" 200 1005
186.67.203.186 - - [16/Mar/2018:13:39:54 -0300] "GET /cormun/servlet/trsolicitudot HTTP/1.1" 200 8779
186.67.203.186 - - [16/Mar/2018:13:39:56 -0300] "GET /cormun/servlet/trsolicitudot HTTP/1.1" 200 8775
186.103.157.98 - - [16/Mar/2018:13:39:57 -0300] "GET /cormun/servlet/solicitudot?a1ab0dc0c08e696fb44dc1e064ae71002e11c8388f874884f80debda4191b871a52dad9bdac0c9d8015b1765ef2967f2,gx-no-cache=1521218347862 HTTP/1.1" 200 30
186.67.203.186 - - [16/Mar/2018:13:40:10 -0300] "POST /cormun/servlet/trsolicitudot?8e40a8196cde1f592d82edcba03fbe27,gx-no-cache=1521218357835 HTTP/1.1" 200 107
186.67.203.186 - - [16/Mar/2018:13:40:10 -0300] "GET /cormun/servlet/trsolicitudadjuntos?2018,10577, HTTP/1.1" 200 6294
186.67.203.186 - - [16/Mar/2018:13:40:11 -0300] "GET /cormun/servlet/trsolicitudadjuntos?2018,10577, HTTP/1.1" 200 6294
186.67.203.186 - - [16/Mar/2018:13:40:16 -0300] "GET /cormun/servlet/solicitudotadjuntos?INS,2018,10577,,1, HTTP/1.1" 200 6242
186.67.203.186 - - [16/Mar/2018:13:40:16 -0300] "GET /cormun/static/about:blank HTTP/1.1" 404 1011
186.67.203.186 - - [16/Mar/2018:13:40:17 -0300] "GET /cormun/servlet/solicitudotadjuntos?INS,2018,10577,,1, HTTP/1.1" 200 6236
186.67.203.186 - - [16/Mar/2018:13:40:18 -0300] "GET /cormun/servlet/solicitudotadjuntos?a6d45154b4d7fe6878a23b498181eaa345d489c50c4467ac179879ff9d29e07b594f433c89594a8097606f57e2b31b97,gx-no-cache=1521218365945 HTTP/1.1" 200 30
186.67.203.186 - - [16/Mar/2018:13:40:18 -0300] "POST /cormun/servlet/solicitudotadjuntos?8e40a8196cde1f592d82edcba03fbe27,INS,2018,10577,,1,,gx-no-cache=1521218366066 HTTP/1.1" 200 3989
186.67.203.186 - - [16/Mar/2018:13:40:21 -0300] "POST /cormun/servlet/solicitudotadjuntos?gx-no-cache=1521218369650 HTTP/1.1" 200 26
186.67.203.186 - - [16/Mar/2018:13:40:36 -0300] "GET /cormun/servlet/solicitudotadjuntos?a6d45154b4d7fe6878a23b498181eaa3ce205af17cf90289d56394d613996952,gx-no-cache=1521218384173 HTTP/1.1" 200 30
186.67.203.186 - - [16/Mar/2018:13:40:36 -0300] "GET /cormun/servlet/solicitudotadjuntos?a6d45154b4d7fe6878a23b498181eaa3ce205af17cf90289d56394d613996952,gx-no-cache=1521218384223 HTTP/1.1" 200 30
186.67.203.186 - - [16/Mar/2018:13:40:37 -0300] "POST /cormun/servlet/solicitudotadjuntos?8e40a8196cde1f592d82edcba03fbe27,INS,2018,10577,,1, HTTP/1.1" 200 116
186.67.203.186 - - [16/Mar/2018:13:40:37 -0300] "GET /cormun/servlet/hpexe_return? HTTP/1.1" 200 1024
186.67.203.186 - - [16/Mar/2018:13:40:38 -0300] "GET /cormun/servlet/trsolicitudadjuntos?2018,10577, HTTP/1.1" 200 8776
186.67.203.186 - - [16/Mar/2018:13:40:39 -0300] "GET /cormun/servlet/trsolicitudadjuntos?2018,10577, HTTP/1.1" 200 8769
186.67.203.186 - - [16/Mar/2018:13:40:42 -0300] "GET /cormun/servlet/solicitudotadjuntos?INS,2018,10577,,1, HTTP/1.1" 200 6242
186.67.203.186 - - [16/Mar/2018:13:40:43 -0300] "GET /cormun/static/about:blank HTTP/1.1" 404 1011
186.67.203.186 - - [16/Mar/2018:13:40:43 -0300] "GET /cormun/servlet/solicitudotadjuntos?INS,2018,10577,,1, HTTP/1.1" 200 6236
186.67.203.186 - - [16/Mar/2018:13:40:44 -0300] "GET /cormun/servlet/solicitudotadjuntos?a6d45154b4d7fe6878a23b498181eaa345d489c50c4467ac179879ff9d29e07b594f433c89594a8097606f57e2b31b97,gx-no-cache=1521218392323 HTTP/1.1" 200 30
186.67.203.186 - - [16/Mar/2018:13:40:44 -0300] "POST /cormun/servlet/solicitudotadjuntos?8e40a8196cde1f592d82edcba03fbe27,INS,2018,10577,,1,,gx-no-cache=1521218392445 HTTP/1.1" 200 3989
186.67.203.186 - - [16/Mar/2018:13:40:49 -0300] "POST /cormun/servlet/solicitudotadjuntos?gx-no-cache=1521218396847 HTTP/1.1" 200 26
186.103.159.204 - - [16/Mar/2018:13:40:59 -0300] "GET /cormun/servlet/trsolicitudot? HTTP/1.1" 200 8456
186.67.203.186 - - [16/Mar/2018:13:40:59 -0300] "GET /cormun/servlet/solicitudotadjuntos?a6d45154b4d7fe6878a23b498181eaa3ce205af17cf90289d56394d613996952,gx-no-cache=1521218407759 HTTP/1.1" 200 30
186.103.159.204 - - [16/Mar/2018:13:40:59 -0300] "GET /cormun/servlet/trsolicitudot? HTTP/1.1" 200 8454
186.67.203.186 - - [16/Mar/2018:13:41:00 -0300] "GET /cormun/servlet/solicitudotadjuntos?a6d45154b4d7fe6878a23b498181eaa3ce205af17cf90289d56394d613996952,gx-no-cache=1521218407885 HTTP/1.1" 200 30
186.103.159.204 - - [16/Mar/2018:13:41:03 -0300] "GET /cormun/servlet/vesolicitudot?2018,10567,, HTTP/1.1" 200 8225
186.103.159.204 - - [16/Mar/2018:13:41:03 -0300] "GET /cormun/pexe_scrolldiv.js HTTP/1.1" 404 1009
186.103.159.204 - - [16/Mar/2018:13:41:03 -0300] "GET /cormun/servlet/vesolicitudot?2018,10567,, HTTP/1.1" 200 8225
186.67.203.186 - - [16/Mar/2018:13:41:06 -0300] "POST /cormun/servlet/solicitudotadjuntos?8e40a8196cde1f592d82edcba03fbe27,INS,2018,10577,,1, HTTP/1.1" 200 116
186.67.203.186 - - [16/Mar/2018:13:41:06 -0300] "GET /cormun/servlet/hpexe_return? HTTP/1.1" 200 1024
186.67.203.186 - - [16/Mar/2018:13:41:07 -0300] "GET /cormun/servlet/trsolicitudadjuntos?2018,10577, HTTP/1.1" 200 9042
186.67.203.186 - - [16/Mar/2018:13:41:08 -0300] "GET /cormun/servlet/trsolicitudadjuntos?2018,10577, HTTP/1.1" 200 9042
186.67.203.186 - - [16/Mar/2018:13:41:11 -0300] "GET /cormun/servlet/solicitudotadjuntos?INS,2018,10577,,1, HTTP/1.1" 200 6243
186.67.203.186 - - [16/Mar/2018:13:41:11 -0300] "GET /cormun/static/about:blank HTTP/1.1" 404 1011
186.67.203.186 - - [16/Mar/2018:13:41:12 -0300] "GET /cormun/servlet/solicitudotadjuntos?INS,2018,10577,,1, HTTP/1.1" 200 6236
186.103.159.204 - - [16/Mar/2018:13:41:12 -0300] "GET /cormun/servlet/vesolicitudot?2018,10567,,SolicitudOTAdjuntos HTTP/1.1" 200 7262
186.103.159.204 - - [16/Mar/2018:13:41:12 -0300] "GET /cormun/pexe_scrolldiv.js HTTP/1.1" 404 1009
186.103.159.204 - - [16/Mar/2018:13:41:12 -0300] "GET /cormun/servlet/vesolicitudot?2018,10567,,SolicitudOTAdjuntos HTTP/1.1" 200 7263
186.67.203.186 - - [16/Mar/2018:13:41:12 -0300] "GET /cormun/servlet/solicitudotadjuntos?a6d45154b4d7fe6878a23b498181eaa345d489c50c4467ac179879ff9d29e07b594f433c89594a8097606f57e2b31b97,gx-no-cache=1521218420671 HTTP/1.1" 200 30
186.67.203.186 - - [16/Mar/2018:13:41:13 -0300] "POST /cormun/servlet/solicitudotadjuntos?8e40a8196cde1f592d82edcba03fbe27,INS,2018,10577,,1,,gx-no-cache=1521218420781 HTTP/1.1" 200 3989
186.103.159.204 - - [16/Mar/2018:13:41:13 -0300] "POST /cormun/servlet/acontrolpreferencessavestate?None,SVALDIVIA,true HTTP/1.1" 200 35
186.67.203.186 - - [16/Mar/2018:13:41:19 -0300] "POST /cormun/servlet/solicitudotadjuntos?gx-no-cache=1521218427176 HTTP/1.1" 200 26
186.103.159.204 - - [16/Mar/2018:13:41:22 -0300] "GET /cormun/servlet/vesolicitudot?2018,10567,, HTTP/1.1" 200 8225
186.103.159.204 - - [16/Mar/2018:13:41:23 -0300] "GET /cormun/servlet/vesolicitudot?2018,10567,, HTTP/1.1" 200 8225
186.67.203.186 - - [16/Mar/2018:13:41:28 -0300] "GET /cormun/servlet/solicitudotadjuntos?a6d45154b4d7fe6878a23b498181eaa3ce205af17cf90289d56394d613996952,gx-no-cache=1521218436253 HTTP/1.1" 200 30
186.67.203.186 - - [16/Mar/2018:13:41:28 -0300] "GET /cormun/servlet/solicitudotadjuntos?a6d45154b4d7fe6878a23b498181eaa3ce205af17cf90289d56394d613996952,gx-no-cache=1521218436332 HTTP/1.1" 200 30
186.67.203.186 - - [16/Mar/2018:13:41:31 -0300] "POST /cormun/servlet/solicitudotadjuntos?8e40a8196cde1f592d82edcba03fbe27,INS,2018,10577,,1, HTTP/1.1" 200 116
186.67.203.186 - - [16/Mar/2018:13:41:31 -0300] "GET /cormun/servlet/hpexe_return? HTTP/1.1" 200 1024
186.67.203.186 - - [16/Mar/2018:13:41:31 -0300] "GET /cormun/servlet/trsolicitudadjuntos?2018,10577, HTTP/1.1" 200 9210
186.67.203.186 - - [16/Mar/2018:13:41:33 -0300] "GET /cormun/servlet/trsolicitudadjuntos?2018,10577, HTTP/1.1" 200 9206
186.67.203.186 - - [16/Mar/2018:13:41:35 -0300] "GET /cormun/servlet/solicitudotadjuntos?INS,2018,10577,,1, HTTP/1.1" 200 6243
186.67.203.186 - - [16/Mar/2018:13:41:36 -0300] "GET /cormun/static/about:blank HTTP/1.1" 404 1011
186.67.203.186 - - [16/Mar/2018:13:41:37 -0300] "GET /cormun/servlet/solicitudotadjuntos?INS,2018,10577,,1, HTTP/1.1" 200 6236
186.67.203.186 - - [16/Mar/2018:13:41:37 -0300] "GET /cormun/servlet/solicitudotadjuntos?a6d45154b4d7fe6878a23b498181eaa345d489c50c4467ac179879ff9d29e07b594f433c89594a8097606f57e2b31b97,gx-no-cache=1521218445472 HTTP/1.1" 200 30
186.67.203.186 - - [16/Mar/2018:13:41:37 -0300] "POST /cormun/servlet/solicitudotadjuntos?8e40a8196cde1f592d82edcba03fbe27,INS,2018,10577,,1,,gx-no-cache=1521218445601 HTTP/1.1" 200 3989
186.67.203.186 - - [16/Mar/2018:13:41:42 -0300] "POST /cormun/servlet/solicitudotadjuntos?gx-no-cache=1521218450200 HTTP/1.1" 200 26
186.103.159.204 - - [16/Mar/2018:13:41:45 -0300] "GET /cormun/servlet/trsolicitudot? HTTP/1.1" 200 8456
186.103.159.204 - - [16/Mar/2018:13:41:46 -0300] "GET /cormun/servlet/trsolicitudot? HTTP/1.1" 200 8454
186.67.203.186 - - [16/Mar/2018:13:41:52 -0300] "GET /cormun/servlet/solicitudotadjuntos?a6d45154b4d7fe6878a23b498181eaa3ce205af17cf90289d56394d613996952,gx-no-cache=1521218459940 HTTP/1.1" 200 30
186.67.203.186 - - [16/Mar/2018:13:41:52 -0300] "GET /cormun/servlet/solicitudotadjuntos?a6d45154b4d7fe6878a23b498181eaa3ce205af17cf90289d56394d613996952,gx-no-cache=1521218460355 HTTP/1.1" 200 30
186.67.203.186 - - [16/Mar/2018:13:41:54 -0300] "POST /cormun/servlet/solicitudotadjuntos?8e40a8196cde1f592d82edcba03fbe27,INS,2018,10577,,1, HTTP/1.1" 200 116
186.67.203.186 - - [16/Mar/2018:13:41:54 -0300] "GET /cormun/servlet/hpexe_return? HTTP/1.1" 200 1024
186.67.203.186 - - [16/Mar/2018:13:41:54 -0300] "GET /cormun/servlet/trsolicitudadjuntos?2018,10577, HTTP/1.1" 200 9452
186.67.203.186 - - [16/Mar/2018:13:41:56 -0300] "GET /cormun/servlet/trsolicitudadjuntos?2018,10577, HTTP/1.1" 200 9450
186.67.203.186 - - [16/Mar/2018:13:41:59 -0300] "GET /cormun/servlet/solicitudotadjuntos?INS,2018,10577,,1, HTTP/1.1" 200 6241
186.67.203.186 - - [16/Mar/2018:13:42:00 -0300] "GET /cormun/static/about:blank HTTP/1.1" 404 1011
186.67.203.186 - - [16/Mar/2018:13:42:01 -0300] "GET /cormun/servlet/solicitudotadjuntos?INS,2018,10577,,1, HTTP/1.1" 200 6235
186.67.203.186 - - [16/Mar/2018:13:42:01 -0300] "GET /cormun/servlet/solicitudotadjuntos?a6d45154b4d7fe6878a23b498181eaa345d489c50c4467ac179879ff9d29e07b594f433c89594a8097606f57e2b31b97,gx-no-cache=1521218469424 HTTP/1.1" 200 30
186.67.203.186 - - [16/Mar/2018:13:42:01 -0300] "POST /cormun/servlet/solicitudotadjuntos?8e40a8196cde1f592d82edcba03fbe27,INS,2018,10577,,1,,gx-no-cache=1521218469579 HTTP/1.1" 200 3988
186.67.203.186 - - [16/Mar/2018:13:42:07 -0300] "POST /cormun/servlet/solicitudotadjuntos?gx-no-cache=1521218475162 HTTP/1.1" 200 26
186.67.203.186 - - [16/Mar/2018:13:42:17 -0300] "GET /cormun/servlet/solicitudotadjuntos?a6d45154b4d7fe6878a23b498181eaa3ce205af17cf90289d56394d613996952,gx-no-cache=1521218485448 HTTP/1.1" 200 30
186.67.203.186 - - [16/Mar/2018:13:42:17 -0300] "GET /cormun/servlet/solicitudotadjuntos?a6d45154b4d7fe6878a23b498181eaa3ce205af17cf90289d56394d613996952,gx-no-cache=1521218485511 HTTP/1.1" 200 30
186.67.203.186 - - [16/Mar/2018:13:42:24 -0300] "POST /cormun/servlet/solicitudotadjuntos?8e40a8196cde1f592d82edcba03fbe27,INS,2018,10577,,1, HTTP/1.1" 200 116
186.67.203.186 - - [16/Mar/2018:13:42:24 -0300] "GET /cormun/servlet/hpexe_return? HTTP/1.1" 200 1024
186.67.203.186 - - [16/Mar/2018:13:42:25 -0300] "GET /cormun/servlet/trsolicitudadjuntos?2018,10577, HTTP/1.1" 200 9653
186.67.203.186 - - [16/Mar/2018:13:42:26 -0300] "GET /cormun/servlet/trsolicitudadjuntos?2018,10577, HTTP/1.1" 200 9654
186.67.203.186 - - [16/Mar/2018:13:42:29 -0300] "GET /cormun/servlet/solicitudotadjuntos?INS,2018,10577,,1, HTTP/1.1" 200 6241
186.67.203.186 - - [16/Mar/2018:13:42:30 -0300] "GET /cormun/static/about:blank HTTP/1.1" 404 1011
186.67.203.186 - - [16/Mar/2018:13:42:31 -0300] "GET /cormun/servlet/solicitudotadjuntos?INS,2018,10577,,1, HTTP/1.1" 200 6235
186.67.203.186 - - [16/Mar/2018:13:42:31 -0300] "GET /cormun/servlet/solicitudotadjuntos?a6d45154b4d7fe6878a23b498181eaa345d489c50c4467ac179879ff9d29e07b594f433c89594a8097606f57e2b31b97,gx-no-cache=1521218499645 HTTP/1.1" 200 30
186.67.203.186 - - [16/Mar/2018:13:42:31 -0300] "POST /cormun/servlet/solicitudotadjuntos?8e40a8196cde1f592d82edcba03fbe27,INS,2018,10577,,1,,gx-no-cache=1521218499765 HTTP/1.1" 200 3988
186.67.203.186 - - [16/Mar/2018:13:42:36 -0300] "POST /cormun/servlet/solicitudotadjuntos?gx-no-cache=1521218504733 HTTP/1.1" 200 26
186.67.203.186 - - [16/Mar/2018:13:42:46 -0300] "GET /cormun/servlet/solicitudotadjuntos?a6d45154b4d7fe6878a23b498181eaa3ce205af17cf90289d56394d613996952,gx-no-cache=1521218514865 HTTP/1.1" 200 30
186.67.203.186 - - [16/Mar/2018:13:42:47 -0300] "GET /cormun/servlet/solicitudotadjuntos?a6d45154b4d7fe6878a23b498181eaa3ce205af17cf90289d56394d613996952,gx-no-cache=1521218514955 HTTP/1.1" 200 30
186.67.203.186 - - [16/Mar/2018:13:42:52 -0300] "POST /cormun/servlet/solicitudotadjuntos?8e40a8196cde1f592d82edcba03fbe27,INS,2018,10577,,1, HTTP/1.1" 200 116
186.67.203.186 - - [16/Mar/2018:13:42:52 -0300] "GET /cormun/servlet/hpexe_return? HTTP/1.1" 200 1024
186.67.203.186 - - [16/Mar/2018:13:42:53 -0300] "GET /cormun/servlet/trsolicitudadjuntos?2018,10577, HTTP/1.1" 200 9927
186.67.203.186 - - [16/Mar/2018:13:42:55 -0300] "GET /cormun/servlet/trsolicitudadjuntos?2018,10577, HTTP/1.1" 200 9925
186.67.203.186 - - [16/Mar/2018:13:43:01 -0300] "POST /cormun/servlet/trsolicitudadjuntos?8e40a8196cde1f592d82edcba03fbe27,2018,10577,,gx-no-cache=1521218528996 HTTP/1.1" 200 90
186.67.203.186 - - [16/Mar/2018:13:43:01 -0300] "GET /cormun/servlet/hpexe_link HTTP/1.1" 200 966
186.67.203.186 - - [16/Mar/2018:13:43:01 -0300] "GET /cormun/servlet/trsolicitudot HTTP/1.1" 200 8776
186.67.203.186 - - [16/Mar/2018:13:43:03 -0300] "GET /cormun/servlet/trsolicitudot HTTP/1.1" 200 8775
186.67.203.186 - - [16/Mar/2018:13:43:19 -0300] "POST /cormun/servlet/trsolicitudot?8e40a8196cde1f592d82edcba03fbe27,gx-no-cache=1521218547121 HTTP/1.1" 200 4686
186.67.203.186 - - [16/Mar/2018:13:43:19 -0300] "GET /cormun/static/Shared/jqueryui/images/ui-bg_highlight-soft_100_c6c2c8_1x100.png HTTP/1.1" 404 1117
186.67.203.186 - - [16/Mar/2018:13:43:19 -0300] "GET /cormun/static/Shared/jqueryui/images/ui-icons_82798d_256x240.png HTTP/1.1" 404 1089
190.151.100.218 - - [16/Mar/2018:13:43:19 -0300] "GET /cormun/static/Shared/jqueryui/images/ui-bg_flat_55_fafafa_40x100.png HTTP/1.1" 404 1097
190.151.100.218 - - [16/Mar/2018:13:43:19 -0300] "GET /cormun/static/Shared/jqueryui/images/ui-icons_8d78a5_256x240.png HTTP/1.1" 404 1089
186.67.203.186 - - [16/Mar/2018:13:43:20 -0300] "POST /cormun/servlet/trsolicitudot?8e40a8196cde1f592d82edcba03fbe27,gx-no-cache=1521218547588 HTTP/1.1" 200 4453
186.67.203.186 - - [16/Mar/2018:13:43:32 -0300] "GET /cormun/servlet/trautorizarsolicitud? HTTP/1.1" 200 8672
190.151.100.218 - - [16/Mar/2018:13:43:33 -0300] "GET /cormun/servlet/trautorizarsolicitud? HTTP/1.1" 200 8671
190.151.100.218 - - [16/Mar/2018:13:43:53 -0300] "POST /cormun/servlet/trautorizarsolicitud?8e40a8196cde1f592d82edcba03fbe27,,gx-no-cache=1521218580926 HTTP/1.1" 200 7864
190.151.100.218 - - [16/Mar/2018:13:43:53 -0300] "GET /cormun/static/Shared/jqueryui/images/ui-bg_highlight-soft_100_c6c2c8_1x100.png HTTP/1.1" 404 1117
190.151.100.218 - - [16/Mar/2018:13:43:53 -0300] "GET /cormun/static/Shared/jqueryui/images/ui-icons_82798d_256x240.png HTTP/1.1" 404 1089
190.151.100.218 - - [16/Mar/2018:13:43:53 -0300] "GET /cormun/static/Shared/jqueryui/images/ui-icons_8d78a5_256x240.png HTTP/1.1" 404 1089
190.151.100.218 - - [16/Mar/2018:13:43:53 -0300] "GET /cormun/static/Shared/jqueryui/images/ui-bg_flat_55_fafafa_40x100.png HTTP/1.1" 404 1097
190.151.100.218 - - [16/Mar/2018:13:43:54 -0300] "POST /cormun/servlet/trautorizarsolicitud?8e40a8196cde1f592d82edcba03fbe27,,gx-no-cache=1521218581670 HTTP/1.1" 200 7809
186.103.132.155 - - [16/Mar/2018:13:44:22 -0300] "GET /cormun/servlet/veautorizarsolicitud?2018,10577,, HTTP/1.1" 200 8546
186.103.132.155 - - [16/Mar/2018:13:44:22 -0300] "GET /cormun/pexe_scrolldiv.js HTTP/1.1" 404 1009
186.103.132.155 - - [16/Mar/2018:13:44:22 -0300] "GET /cormun/pexe_scrolldiv.js HTTP/1.1" 404 1009
186.103.132.155 - - [16/Mar/2018:13:44:24 -0300] "GET /cormun/servlet/veautorizarsolicitud?2018,10577,, HTTP/1.1" 200 8545
186.103.157.98 - - [16/Mar/2018:13:44:25 -0300] "GET /cormun/servlet/solicitudot?a1ab0dc0c08e696fb44dc1e064ae71001c256dab3fa40e7f797b03a7af29ec8f3fbf08aba54cd0a20334ae62c0dd2ddda52dad9bdac0c9d8015b1765ef2967f2,gx-no-cache=1521218616331 HTTP/1.1" 200 30
186.103.157.98 - - [16/Mar/2018:13:44:25 -0300] "GET /cormun/servlet/solicitudot?a1ab0dc0c08e696fb44dc1e064ae710053c22f9cd8bc143be78d641aa07b0071,gx-no-cache=1521218616404 HTTP/1.1" 200 29
192.168.10.96 - - [16/Mar/2018:13:45:25 -0300] "POST /cormun/servlet/trsolicitudgral?f532f42d177a7f7f868e853feb4f7519,,gx-no-cache=1521218560730 HTTP/1.1" 440 972
192.168.10.96 - - [16/Mar/2018:13:45:27 -0300] "GET /cormun/servlet/trsolicitudgral? HTTP/1.1" 500 10
192.168.10.96 - - [16/Mar/2018:13:45:31 -0300] "GET /cormun/servlet/hlogin HTTP/1.1" 200 1717
200.72.197.82 - - [16/Mar/2018:13:45:35 -0300] "POST /cormun/servlet/veautorizarsolicitud?8e40a8196cde1f592d82edcba03fbe27,2018,10577,,,gx-no-cache=1521218682821 HTTP/1.1" 200 93
200.72.197.82 - - [16/Mar/2018:13:45:35 -0300] "GET /cormun/servlet/hpexe_return? HTTP/1.1" 200 1016
200.72.197.82 - - [16/Mar/2018:13:45:35 -0300] "GET /cormun/servlet/trautorizarsolicitud? HTTP/1.1" 200 7321
192.168.10.96 - - [16/Mar/2018:13:45:36 -0300] "POST /cormun/servlet/hlogin?79718b7286e2b86356305ddf65b6e3d2,gx-no-cache=1521218571829 HTTP/1.1" 200 90
192.168.10.96 - - [16/Mar/2018:13:45:36 -0300] "GET /cormun/servlet/hpexe_link HTTP/1.1" 200 947
192.168.10.96 - - [16/Mar/2018:13:45:36 -0300] "GET /cormun/servlet/hhome HTTP/1.1" 200 4702
192.168.10.96 - - [16/Mar/2018:13:45:37 -0300] "GET /cormun/servlet/hhome HTTP/1.1" 200 4701
200.72.197.82 - - [16/Mar/2018:13:45:37 -0300] "GET /cormun/servlet/trautorizarsolicitud? HTTP/1.1" 200 7317
200.72.197.82 - - [16/Mar/2018:13:45:41 -0300] "GET /cormun/servlet/hlogin HTTP/1.1" 200 1741
192.168.10.96 - - [16/Mar/2018:13:45:45 -0300] "GET /cormun/servlet/trsolicitudgral? HTTP/1.1" 200 28563
192.168.10.96 - - [16/Mar/2018:13:45:46 -0300] "GET /cormun/servlet/trsolicitudgral? HTTP/1.1" 200 28560
186.103.157.98 - - [16/Mar/2018:13:45:50 -0300] "POST /cormun/servlet/solicitudot?gx-no-cache=1521218701568 HTTP/1.1" 200 255
192.168.10.96 - - [16/Mar/2018:13:45:53 -0300] "POST /cormun/servlet/trsolicitudgral?79718b7286e2b86356305ddf65b6e3d2,,gx-no-cache=1521218588844 HTTP/1.1" 200 5921
192.168.10.96 - - [16/Mar/2018:13:45:54 -0300] "POST /cormun/servlet/trsolicitudgral?79718b7286e2b86356305ddf65b6e3d2,,gx-no-cache=1521218589638 HTTP/1.1" 200 5921
192.168.10.96 - - [16/Mar/2018:13:45:54 -0300] "POST /cormun/servlet/trsolicitudgral?79718b7286e2b86356305ddf65b6e3d2,,gx-no-cache=1521218589830 HTTP/1.1" 200 5921
192.168.10.96 - - [16/Mar/2018:13:45:54 -0300] "POST /cormun/servlet/trsolicitudgral?79718b7286e2b86356305ddf65b6e3d2,,gx-no-cache=1521218590034 HTTP/1.1" 200 5921
186.103.157.98 - - [16/Mar/2018:13:45:56 -0300] "GET /cormun/servlet/solicitudot?a1ab0dc0c08e696fb44dc1e064ae71003bc80dfe9eba87d5669f029b06c1e37a589e41153b54eb0365a0d3bca6f4e2b9e687e2a9209330617988a7ed687bc5035a15e53ee3d7f55e454876b799a9df04f41f48d30126350e04c1ac0e0460406421d20696a1689a40e81605c1e6c7c47b7bc1d02ec6796e6804e90d673604b8497fb292a57db25725ee25d7b9d24d41d0b47028b5ec09be6284aae5314a79dfd4d729d97e86a9f8992a646e911ba6704ab5b9eac7df2f1cb5dd431747b894a5ba51950a533e0c340db4cf43e640c5af24b7f8ab4bf9f663703403716722a2c26a304b1219f0b9cbe53ecfe31fadf02b85e305c8b9deb657a57f7a03eecfbd33278b7c969293737fbc68e407e92071a381c0484d912317316ab99465066a17a0dd13bd178634111ce45625f904ecac0cd9c0c61bdc8a9fa7d7581940a6084af7d5ed5a9a370061c8dafbd69b2f43356fd3d921f372175565c113eb11952c8049c0c37fc29bbf181f698e01c0eafe1ff67fe9e854d4415558f6e75a62483cc46e08,gx-no-cache=1521218707001 HTTP/1.1" 200 30
186.103.157.98 - - [16/Mar/2018:13:45:58 -0300] "POST /cormun/servlet/solicitudot?gx-no-cache=1521218709703 HTTP/1.1" 200 30
186.103.157.98 - - [16/Mar/2018:13:45:59 -0300] "POST /cormun/servlet/solicitudot?gx-no-cache=1521218710649 HTTP/1.1" 200 1337
186.103.157.98 - - [16/Mar/2018:13:46:00 -0300] "POST /cormun/servlet/solicitudot?gx-no-cache=1521218710758 HTTP/1.1" 200 38
192.168.10.96 - - [16/Mar/2018:13:46:06 -0300] "POST /cormun/servlet/trsolicitudgral?79718b7286e2b86356305ddf65b6e3d2,,gx-no-cache=1521218602004 HTTP/1.1" 200 7260
192.168.10.96 - - [16/Mar/2018:13:46:30 -0300] "GET /cormun/servlet/vesolicitudgral?2018,10245,, HTTP/1.1" 200 9284
192.168.10.96 - - [16/Mar/2018:13:46:30 -0300] "GET /cormun/pexe_scrolldiv.js HTTP/1.1" 404 1009
192.168.10.96 - - [16/Mar/2018:13:46:30 -0300] "GET /cormun/pexe_scrolldiv.js HTTP/1.1" 404 1009
192.168.10.96 - - [16/Mar/2018:13:46:30 -0300] "GET /cormun/servlet/vesolicitudgral?2018,10245,, HTTP/1.1" 200 9281
192.168.10.96 - - [16/Mar/2018:13:46:32 -0300] "GET /cormun/servlet/vesolicitudgral?2018,10245,,SolicitudOTLog HTTP/1.1" 200 10150
192.168.10.96 - - [16/Mar/2018:13:46:32 -0300] "GET /cormun/pexe_scrolldiv.js HTTP/1.1" 404 1009
192.168.10.96 - - [16/Mar/2018:13:46:32 -0300] "GET /cormun/pexe_scrolldiv.js HTTP/1.1" 404 1009
192.168.10.96 - - [16/Mar/2018:13:46:32 -0300] "GET /cormun/servlet/vesolicitudgral?2018,10245,,SolicitudOTLog HTTP/1.1" 200 10150
192.168.10.96 - - [16/Mar/2018:13:46:33 -0300] "POST /cormun/servlet/acontrolpreferencessavestate?None,DZAMUDIO,true HTTP/1.1" 200 35
186.103.157.98 - - [16/Mar/2018:13:47:05 -0300] "GET /cormun/servlet/prbanco?,MD,,gxPopupLevel%3D0%3B HTTP/1.1" 200 6705
186.103.157.98 - - [16/Mar/2018:13:47:05 -0300] "GET /cormun/static/gxcfg.js?20181161016094 HTTP/1.1" 200 953
186.103.157.98 - - [16/Mar/2018:13:47:05 -0300] "GET /cormun/static/prbanco.js?2018116101633 HTTP/1.1" 200 10693
186.103.157.98 - - [16/Mar/2018:13:47:13 -0300] "GET /cormun/servlet/solicitudot?a1ab0dc0c08e696fb44dc1e064ae71007b544af344583d1dddd5737ea84390f8,gx-no-cache=1521218784013 HTTP/1.1" 200 53
192.168.10.96 - - [16/Mar/2018:13:47:31 -0300] "GET /cormun/servlet/trsolicitudgral? HTTP/1.1" 200 10542
192.168.10.96 - - [16/Mar/2018:13:47:31 -0300] "GET /cormun/servlet/trsolicitudgral? HTTP/1.1" 200 10536
186.103.157.98 - - [16/Mar/2018:13:47:34 -0300] "POST /cormun/servlet/solicitudot?gx-no-cache=1521218805509 HTTP/1.1" 200 30
186.103.157.98 - - [16/Mar/2018:13:47:35 -0300] "POST /cormun/servlet/solicitudot?gx-no-cache=1521218805644 HTTP/1.1" 200 1337
186.103.157.98 - - [16/Mar/2018:13:47:35 -0300] "POST /cormun/servlet/solicitudot?gx-no-cache=1521218805913 HTTP/1.1" 200 38
186.103.157.98 - - [16/Mar/2018:13:48:07 -0300] "GET /cormun/servlet/solicitudot?a1ab0dc0c08e696fb44dc1e064ae71009d2fb86eb6ef932028077e9c55333db65f775896cd0c761132d609123be4327b73478d31d9dfef8d970d4c059e3a66f645e297b349ddf2a102a062a805031279d6c29a75223299ffb023e32f1dfa7d9f35b68e09ee0b073782f9d7466e162082,gx-no-cache=1521218837854 HTTP/1.1" 200 29
186.103.157.98 - - [16/Mar/2018:13:48:07 -0300] "POST /cormun/servlet/solicitudot?gx-no-cache=1521218838252 HTTP/1.1" 200 1318
186.103.157.98 - - [16/Mar/2018:13:48:07 -0300] "POST /cormun/servlet/solicitudot?gx-no-cache=1521218838401 HTTP/1.1" 200 1218
186.103.157.98 - - [16/Mar/2018:13:48:40 -0300] "GET /cormun/static/menuarrow.gif HTTP/1.1" 404 1015
186.103.157.98 - - [16/Mar/2018:13:48:54 -0300] "GET /cormun/servlet/solicitudot?a1ab0dc0c08e696fb44dc1e064ae710098a87470d58fe5beedd2d85db4ca2ffddf5cb2806b2349dfbe5a640ec9369871,gx-no-cache=1521218885696 HTTP/1.1" 200 30
186.103.157.98 - - [16/Mar/2018:13:49:11 -0300] "POST /cormun/servlet/solicitudot?gx-no-cache=1521218902066 HTTP/1.1" 200 30
186.103.157.98 - - [16/Mar/2018:13:50:15 -0300] "POST /cormun/servlet/solicitudot?18040cd98c0b39407db8b6637f07fff2,INS,0,0,,gx-no-cache=1521218964958 HTTP/1.1" 200 93
186.103.157.98 - - [16/Mar/2018:13:50:15 -0300] "GET /cormun/servlet/hpexe_return? HTTP/1.1" 200 1006
186.103.157.98 - - [16/Mar/2018:13:50:15 -0300] "GET /cormun/servlet/trsolicitudot HTTP/1.1" 200 9333
186.103.157.98 - - [16/Mar/2018:13:50:15 -0300] "GET /cormun/servlet/trsolicitudot HTTP/1.1" 200 9329
186.103.159.204 - - [16/Mar/2018:13:53:35 -0300] "GET /cormun/servlet/trautorizarsolicitud? HTTP/1.1" 200 6305
186.103.159.204 - - [16/Mar/2018:13:53:35 -0300] "GET /cormun/servlet/hlogin HTTP/1.1" 200 1740
186.103.159.204 - - [16/Mar/2018:13:53:35 -0300] "GET /cormun/servlet/trautorizarsolicitud? HTTP/1.1" 200 6290
186.103.159.204 - - [16/Mar/2018:13:53:51 -0300] "POST /cormun/servlet/hlogin?c2b80eae5fd2a5a79061285f53996a07,gx-no-cache=1521219181657 HTTP/1.1" 200 90
186.103.159.204 - - [16/Mar/2018:13:53:51 -0300] "GET /cormun/servlet/hpexe_link HTTP/1.1" 200 962
186.103.159.204 - - [16/Mar/2018:13:53:51 -0300] "GET /cormun/static/hpexe_link.js?20177612121795 HTTP/1.1" 304 -
186.103.159.204 - - [16/Mar/2018:13:53:51 -0300] "GET /cormun/servlet/trautorizarsolicitud HTTP/1.1" 200 7043
186.103.159.204 - - [16/Mar/2018:13:53:52 -0300] "GET /cormun/servlet/trautorizarsolicitud HTTP/1.1" 200 7042
186.103.159.204 - - [16/Mar/2018:13:54:10 -0300] "POST /cormun/servlet/trautorizarsolicitud?c2b80eae5fd2a5a79061285f53996a07,gx-no-cache=1521219201186 HTTP/1.1" 200 5560
186.103.159.204 - - [16/Mar/2018:13:55:30 -0300] "POST /cormun/servlet/trautorizarsolicitud?c2b80eae5fd2a5a79061285f53996a07,gx-no-cache=1521219281195 HTTP/1.1" 200 4132
186.103.159.204 - - [16/Mar/2018:13:55:36 -0300] "POST /cormun/servlet/trsolicitudot?3169e2345934ddaa4dc5a7b110a9a104,,gx-no-cache=1521219278094 HTTP/1.1" 200 107
186.103.159.204 - - [16/Mar/2018:13:55:36 -0300] "GET /cormun/servlet/trsolicitudadjuntos?2018,10567, HTTP/1.1" 200 5970
186.103.159.204 - - [16/Mar/2018:13:55:36 -0300] "POST /cormun/servlet/trautorizarsolicitud?c2b80eae5fd2a5a79061285f53996a07,gx-no-cache=1521219287029 HTTP/1.1" 200 5560
186.103.159.204 - - [16/Mar/2018:13:55:36 -0300] "GET /cormun/servlet/trsolicitudadjuntos?2018,10567, HTTP/1.1" 200 5970
186.103.159.204 - - [16/Mar/2018:13:55:41 -0300] "GET /cormun/servlet/solicitudotadjuntos?INS,2018,10567,,1, HTTP/1.1" 200 5924
186.103.159.204 - - [16/Mar/2018:13:55:41 -0300] "GET /cormun/static/about:blank HTTP/1.1" 404 1011
186.103.159.204 - - [16/Mar/2018:13:55:41 -0300] "GET /cormun/servlet/solicitudotadjuntos?INS,2018,10567,,1, HTTP/1.1" 200 5917
186.103.159.204 - - [16/Mar/2018:13:55:41 -0300] "GET /cormun/servlet/solicitudotadjuntos?f6e0ecd6670ee3d94bd2526bd54c36b0270a30871733c86e8b7b3f67749a31d22ab57c56386d031288539f7636a87233,gx-no-cache=1521219283998 HTTP/1.1" 200 30
186.103.159.204 - - [16/Mar/2018:13:55:42 -0300] "POST /cormun/servlet/solicitudotadjuntos?3169e2345934ddaa4dc5a7b110a9a104,INS,2018,10567,,1,,gx-no-cache=1521219284042 HTTP/1.1" 200 3798
186.103.159.204 - - [16/Mar/2018:13:55:48 -0300] "POST /cormun/servlet/solicitudotadjuntos?gx-no-cache=1521219290986 HTTP/1.1" 200 26
186.103.159.204 - - [16/Mar/2018:13:55:55 -0300] "POST /cormun/servlet/trautorizarsolicitud?c2b80eae5fd2a5a79061285f53996a07,gx-no-cache=1521219305330 HTTP/1.1" 200 5561
186.103.159.204 - - [16/Mar/2018:13:56:07 -0300] "GET /cormun/servlet/solicitudotadjuntos?f6e0ecd6670ee3d94bd2526bd54c36b0cfa7411c5dcb104be22f5088fbe18b86,gx-no-cache=1521219309658 HTTP/1.1" 200 30
