186.79.36.140 - - [16/Mar/2018:11:59:05 -0300] "GET /cormun/servlet/trsolicitudot? HTTP/1.1" 200 9742
186.103.159.230 - - [16/Mar/2018:11:59:07 -0300] "GET /cormun/servlet/solicitudot?INS,0,0, HTTP/1.1" 200 13599
186.103.159.230 - - [16/Mar/2018:11:59:07 -0300] "GET /cormun/static/gxcfg.js?201812313224582 HTTP/1.1" 304 -
186.103.159.230 - - [16/Mar/2018:11:59:07 -0300] "GET /cormun/static/solicitudot.js?201812313224831 HTTP/1.1" 304 -
186.103.159.230 - - [16/Mar/2018:11:59:08 -0300] "GET /cormun/servlet/solicitudot?INS,0,0, HTTP/1.1" 200 13604
186.79.36.140 - - [16/Mar/2018:11:59:09 -0300] "POST /cormun/servlet/trsolicitudot?48c69b1c6ee15c33c14d06ee6e70196f,,gx-no-cache=1521212305633 HTTP/1.1" 200 6488
186.79.36.140 - - [16/Mar/2018:11:59:09 -0300] "GET /cormun/static/Shared/jqueryui/images/ui-bg_highlight-soft_100_c6c2c8_1x100.png HTTP/1.1" 404 1117
186.79.36.140 - - [16/Mar/2018:11:59:09 -0300] "GET /cormun/static/Shared/jqueryui/images/ui-icons_82798d_256x240.png HTTP/1.1" 404 1089
186.79.36.140 - - [16/Mar/2018:11:59:09 -0300] "GET /cormun/static/Shared/jqueryui/images/ui-bg_flat_55_fafafa_40x100.png HTTP/1.1" 404 1097
186.79.36.140 - - [16/Mar/2018:11:59:09 -0300] "GET /cormun/static/Shared/jqueryui/images/ui-icons_8d78a5_256x240.png HTTP/1.1" 404 1089
186.79.36.140 - - [16/Mar/2018:11:59:09 -0300] "POST /cormun/servlet/trsolicitudot?48c69b1c6ee15c33c14d06ee6e70196f,,gx-no-cache=1521212306323 HTTP/1.1" 200 6430
186.79.36.140 - - [16/Mar/2018:11:59:11 -0300] "POST /cormun/servlet/trsolicitudot?48c69b1c6ee15c33c14d06ee6e70196f,,gx-no-cache=1521212308058 HTTP/1.1" 200 6122
186.79.36.140 - - [16/Mar/2018:11:59:11 -0300] "POST /cormun/servlet/trsolicitudot?48c69b1c6ee15c33c14d06ee6e70196f,,gx-no-cache=1521212308664 HTTP/1.1" 200 6065
186.79.36.140 - - [16/Mar/2018:11:59:13 -0300] "POST /cormun/servlet/trsolicitudot?48c69b1c6ee15c33c14d06ee6e70196f,,gx-no-cache=1521212310553 HTTP/1.1" 200 5697
186.79.36.140 - - [16/Mar/2018:11:59:14 -0300] "POST /cormun/servlet/trsolicitudot?48c69b1c6ee15c33c14d06ee6e70196f,,gx-no-cache=1521212311102 HTTP/1.1" 200 5640
186.79.36.140 - - [16/Mar/2018:11:59:15 -0300] "POST /cormun/servlet/trsolicitudot?48c69b1c6ee15c33c14d06ee6e70196f,,gx-no-cache=1521212312582 HTTP/1.1" 200 4487
186.79.36.140 - - [16/Mar/2018:11:59:16 -0300] "POST /cormun/servlet/trsolicitudot?48c69b1c6ee15c33c14d06ee6e70196f,,gx-no-cache=1521212313075 HTTP/1.1" 200 4254
186.103.159.230 - - [16/Mar/2018:11:59:22 -0300] "POST /cormun/servlet/solicitudot?gx-no-cache=1521212309373 HTTP/1.1" 200 3284
186.103.159.230 - - [16/Mar/2018:11:59:23 -0300] "POST /cormun/servlet/solicitudot?943fcf96bdb3f9055663b7aeb351806d,INS,0,0,,gx-no-cache=1521212309577 HTTP/1.1" 200 10442
186.103.159.230 - - [16/Mar/2018:11:59:27 -0300] "GET /cormun/servlet/solicitudot?9c37ee140e92ee649f8428e5f8fb875566ac6af0438a21b592d11802f2ef22e8649eab3dfdc324f6f852440ece2c26bd,gx-no-cache=1521212314193 HTTP/1.1" 200 30
192.168.10.96 - - [16/Mar/2018:11:59:37 -0300] "POST /cormun/servlet/trsolicitudgral?f532f42d177a7f7f868e853feb4f7519,,gx-no-cache=1521212211868 HTTP/1.1" 200 24418
186.103.159.230 - - [16/Mar/2018:12:01:26 -0300] "GET /cormun/servlet/solicitudot?9c37ee140e92ee649f8428e5f8fb8755a6fe311ecf9f574503f60c53248c6af70cbfe820faa6230095a257c7a348ce7aaab121cc3c7f03833205473daeb9bda1,gx-no-cache=1521212432765 HTTP/1.1" 200 30
186.103.159.230 - - [16/Mar/2018:12:01:29 -0300] "GET /cormun/servlet/prbanco?,MD,,gxPopupLevel%3D0%3B HTTP/1.1" 200 6599
186.103.159.230 - - [16/Mar/2018:12:01:29 -0300] "GET /cormun/static/gxcfg.js?20181161016094 HTTP/1.1" 200 953
186.103.159.230 - - [16/Mar/2018:12:01:29 -0300] "GET /cormun/static/prbanco.js?2018116101633 HTTP/1.1" 200 10693
186.103.159.230 - - [16/Mar/2018:12:01:30 -0300] "POST /cormun/servlet/acontrolpreferencessavestate?None,BARANCIBIA,true HTTP/1.1" 200 35
186.103.159.230 - - [16/Mar/2018:12:01:39 -0300] "GET /cormun/servlet/solicitudot?9c37ee140e92ee649f8428e5f8fb8755df8e59469a9dcbf5bc4afeda7eb90ea0,gx-no-cache=1521212445799 HTTP/1.1" 200 53
192.168.10.96 - - [16/Mar/2018:12:02:01 -0300] "POST /cormun/servlet/trsolicitudgral?f532f42d177a7f7f868e853feb4f7519,,gx-no-cache=1521212357265 HTTP/1.1" 200 5937
192.168.10.96 - - [16/Mar/2018:12:02:05 -0300] "POST /cormun/servlet/trsolicitudgral?f532f42d177a7f7f868e853feb4f7519,,gx-no-cache=1521212361244 HTTP/1.1" 200 5937
192.168.10.96 - - [16/Mar/2018:12:02:06 -0300] "POST /cormun/servlet/trsolicitudgral?f532f42d177a7f7f868e853feb4f7519,,gx-no-cache=1521212361393 HTTP/1.1" 200 5936
192.168.10.96 - - [16/Mar/2018:12:02:06 -0300] "POST /cormun/servlet/trsolicitudgral?f532f42d177a7f7f868e853feb4f7519,,gx-no-cache=1521212361594 HTTP/1.1" 200 5937
192.168.10.96 - - [16/Mar/2018:12:02:06 -0300] "POST /cormun/servlet/trsolicitudgral?f532f42d177a7f7f868e853feb4f7519,,gx-no-cache=1521212361770 HTTP/1.1" 200 5937
186.79.36.140 - - [16/Mar/2018:12:02:13 -0300] "GET /cormun/servlet/solicitudot?INS,0,0, HTTP/1.1" 200 13417
186.79.36.140 - - [16/Mar/2018:12:02:14 -0300] "GET /cormun/servlet/solicitudot?INS,0,0, HTTP/1.1" 200 13422
192.168.10.96 - - [16/Mar/2018:12:02:14 -0300] "POST /cormun/servlet/trsolicitudgral?f532f42d177a7f7f868e853feb4f7519,,gx-no-cache=1521212369939 HTTP/1.1" 200 5935
186.79.36.140 - - [16/Mar/2018:12:02:34 -0300] "POST /cormun/servlet/solicitudot?gx-no-cache=1521212510080 HTTP/1.1" 200 3292
186.79.36.140 - - [16/Mar/2018:12:02:35 -0300] "POST /cormun/servlet/solicitudot?48c69b1c6ee15c33c14d06ee6e70196f,INS,0,0,,gx-no-cache=1521212511729 HTTP/1.1" 200 10255
186.79.36.140 - - [16/Mar/2018:12:02:37 -0300] "GET /cormun/servlet/solicitudot?1ad3063b66686bd4c31e7375fac389cfee927c29cb4d42fa738ddc3f4b6c829c37d54166f89db446eabaacd0d60bbf4c,gx-no-cache=1521212513528 HTTP/1.1" 200 30
186.103.159.230 - - [16/Mar/2018:12:03:00 -0300] "POST /cormun/servlet/solicitudot?gx-no-cache=1521212526738 HTTP/1.1" 200 297
186.103.159.230 - - [16/Mar/2018:12:03:09 -0300] "GET /cormun/servlet/solicitudot?9c37ee140e92ee649f8428e5f8fb8755a875db471cee571e49b84e0bfa24261f4c7c5c1270b083f30523dd9a1e384208b7e0d736f20d8deada8b2f9d6f517ba879954cff0549c3c0190b6aee14755ba9d43a6d5d4239ed2284d16197011089e38265dcc42e9f0a98c5d29fafc36452e842d1c9c378d275f6c3c2794e25d5f99e33343a34f281db6b871e07425dc9fd9ae915c02c320676b4c87a7366a252fe1a94df5b9d00e91fdf6ddb8261a1fcf5a7c8db6509973b1da16226c39ed4cb51c14960d8334ff542eacbe414be99233f40d1f7be089a9e63d855f989c9de7f10b528f997ab1b5c1c8172631f9f74111317e2714435e9521fc4d01db1819d8cc0acf19be4ce1f34864cd97771980b7b33ce4bb807a1433e204cb963fc1c9bae24db446867a973694a3695b2e17a7ad06afecf2780250b2b09998685e4c06074d909e68e13de6645a59f7451b45d8292425102bf5126d892bfb9a9869ceb7b95f1f49cd0e285b812aabc31949eaaa36960c2c2f1aa7326fffadf58dc3d08b42b36d771fbd803f3ee223cd686f14f57b63800,gx-no-cache=1521212536049 HTTP/1.1" 200 30
192.168.10.96 - - [16/Mar/2018:12:03:09 -0300] "POST /cormun/servlet/trsolicitudgral?f532f42d177a7f7f868e853feb4f7519,,gx-no-cache=1521212424527 HTTP/1.1" 200 25294
192.168.10.96 - - [16/Mar/2018:12:03:14 -0300] "POST /cormun/servlet/trsolicitudgral?f532f42d177a7f7f868e853feb4f7519,,gx-no-cache=1521212428643 HTTP/1.1" 200 105
192.168.10.96 - - [16/Mar/2018:12:03:14 -0300] "GET /cormun/SolicitudGral-9603.xls HTTP/1.1" 200 58880
186.103.159.230 - - [16/Mar/2018:12:03:15 -0300] "POST /cormun/servlet/solicitudot?gx-no-cache=1521212541861 HTTP/1.1" 200 30
186.103.159.230 - - [16/Mar/2018:12:03:19 -0300] "POST /cormun/servlet/solicitudot?gx-no-cache=1521212545880 HTTP/1.1" 200 1333
186.103.159.230 - - [16/Mar/2018:12:03:19 -0300] "POST /cormun/servlet/solicitudot?gx-no-cache=1521212546012 HTTP/1.1" 200 38
186.79.36.140 - - [16/Mar/2018:12:04:14 -0300] "GET /cormun/servlet/prbanco?,MD,,gxPopupLevel%3D0%3B HTTP/1.1" 200 6616
186.79.36.140 - - [16/Mar/2018:12:04:23 -0300] "GET /cormun/servlet/solicitudot?1ad3063b66686bd4c31e7375fac389cf4ea910b36fbb3bafab6442bf4b8021a715db3ab7c88c450ec71ed67f6f4e872f37d54166f89db446eabaacd0d60bbf4c,gx-no-cache=1521212620311 HTTP/1.1" 200 30
186.79.36.140 - - [16/Mar/2018:12:04:26 -0300] "GET /cormun/servlet/prbanco?,MD,,gxPopupLevel%3D0%3B HTTP/1.1" 200 6616
186.79.36.140 - - [16/Mar/2018:12:04:31 -0300] "GET /cormun/servlet/solicitudot?1ad3063b66686bd4c31e7375fac389cf46172c796799e7433bbeacc991d27e06,gx-no-cache=1521212628755 HTTP/1.1" 200 53
186.79.36.140 - - [16/Mar/2018:12:04:38 -0300] "POST /cormun/servlet/solicitudot?48c69b1c6ee15c33c14d06ee6e70196f,INS,0,0,,gx-no-cache=1521212635159 HTTP/1.1" 200 10456
186.79.36.140 - - [16/Mar/2018:12:04:38 -0300] "GET /cormun/static/Shared/jqueryui/images/ui-bg_highlight-soft_100_c6c2c8_1x100.png HTTP/1.1" 404 1117
186.79.36.140 - - [16/Mar/2018:12:04:38 -0300] "GET /cormun/static/Shared/jqueryui/images/ui-icons_82798d_256x240.png HTTP/1.1" 404 1089
186.79.36.140 - - [16/Mar/2018:12:04:38 -0300] "GET /cormun/static/Shared/jqueryui/images/ui-icons_8d78a5_256x240.png HTTP/1.1" 404 1089
186.79.36.140 - - [16/Mar/2018:12:04:38 -0300] "GET /cormun/static/Shared/jqueryui/images/ui-bg_flat_55_fafafa_40x100.png HTTP/1.1" 404 1097
186.79.36.140 - - [16/Mar/2018:12:04:41 -0300] "GET /cormun/servlet/solicitudot?1ad3063b66686bd4c31e7375fac389cf7a9bf73929077499df7d6e02c89056ede4726a785c56deda4284f4cbf1872b1cc84753297e74b3972f9937a1f1b7236e,gx-no-cache=1521212638858 HTTP/1.1" 200 53
186.79.36.140 - - [16/Mar/2018:12:04:43 -0300] "POST /cormun/servlet/solicitudot?gx-no-cache=1521212640282 HTTP/1.1" 200 255
192.168.10.96 - - [16/Mar/2018:12:04:44 -0300] "POST /cormun/servlet/trsolicitudgral?f532f42d177a7f7f868e853feb4f7519,,gx-no-cache=1521212520160 HTTP/1.1" 200 5935
186.79.36.140 - - [16/Mar/2018:12:04:45 -0300] "GET /cormun/servlet/solicitudot?1ad3063b66686bd4c31e7375fac389cf903c682f6c9d1636f5f71bec8cc2485582fe4218f22abf00d1fdcbd58f3c62093880f5ff1b3da659f894b0f24d71ed9565f79d4514d99b05ff29d139dbac2effcf539135ecedf1b92c9d883a501a8f35002473e79e2bb8c27ea2435997e0732ede2c7de8661c21121349a001e8ec18d5990dcc6f3e5e96eef6546785bae3be3ec3c618d8ad5eac3c8261706d9d712a36d742e3f40c6354f2e4f55fabf38e0331297b4842e4cdc070231b178679149ab7e4000b1a8f3f10cf34d7cd08393776aaf246ece8eb1aea43ced3d851d2b3c053bb72e1062da94152e59ce82eb13e303b267305bff569bfff8410dfadf01e753bcd63dd08fa78d7147f6cbeaddb5fa0adbe0d8c99a954102aaf074bf87633096bbd1fd4224ac8ce0769cc458f1abdd5a913e782e12087069d624105cccd2bb5f1d0d6fd62ad9f5cab30ab761aa89a2dd4f5b00c9ac2836191e910b9296a6a9972d62b2747816c0f2623d7d1b7710273dc3793a11d6dd04f712c56d08d4ab852aa,gx-no-cache=1521212642422 HTTP/1.1" 200 30
186.79.36.140 - - [16/Mar/2018:12:04:48 -0300] "POST /cormun/servlet/solicitudot?gx-no-cache=1521212645530 HTTP/1.1" 200 30
192.168.10.96 - - [16/Mar/2018:12:04:48 -0300] "POST /cormun/servlet/trsolicitudgral?f532f42d177a7f7f868e853feb4f7519,,gx-no-cache=1521212523852 HTTP/1.1" 200 8104
186.79.36.140 - - [16/Mar/2018:12:04:49 -0300] "GET /cormun/servlet/prsolicitudot?14482854,,,,,MD,,gxPopupLevel%3D0%3B HTTP/1.1" 200 5972
186.79.36.140 - - [16/Mar/2018:12:04:51 -0300] "POST /cormun/servlet/solicitudot?gx-no-cache=1521212648773 HTTP/1.1" 200 1336
186.79.36.140 - - [16/Mar/2018:12:04:51 -0300] "POST /cormun/servlet/solicitudot?gx-no-cache=1521212648939 HTTP/1.1" 200 38
186.79.36.140 - - [16/Mar/2018:12:04:52 -0300] "GET /cormun/servlet/solicitudot?1ad3063b66686bd4c31e7375fac389cf98bc0f8791bd346bbe33453d87ecdb1070d247e6c9d964500f516aac9c481e17595b8d6994d7eae7b0518a4e87234838e8bb63b26ae22c69542371e95f97faa7c32994de2f0555a7aa435ed67c69ef78cc357fb430dc73ec7c41cff90d55fbb4,gx-no-cache=1521212649072 HTTP/1.1" 200 29
186.79.36.140 - - [16/Mar/2018:12:04:52 -0300] "POST /cormun/servlet/solicitudot?gx-no-cache=1521212649189 HTTP/1.1" 200 1318
186.79.36.140 - - [16/Mar/2018:12:04:53 -0300] "POST /cormun/servlet/solicitudot?gx-no-cache=1521212649404 HTTP/1.1" 200 1218
186.79.36.140 - - [16/Mar/2018:12:04:53 -0300] "GET /cormun/servlet/solicitudot?1ad3063b66686bd4c31e7375fac389cf5cea2c1a7cf3a1b49a5ff1c1367f5a476ad324f27d5fc0aab5e98f54318aab79,gx-no-cache=1521212650166 HTTP/1.1" 200 30
192.168.10.96 - - [16/Mar/2018:12:04:54 -0300] "GET /cormun/servlet/vesolicitudgral?2018,9730,, HTTP/1.1" 200 9217
192.168.10.96 - - [16/Mar/2018:12:04:54 -0300] "GET /cormun/pexe_scrolldiv.js HTTP/1.1" 404 1009
192.168.10.96 - - [16/Mar/2018:12:04:54 -0300] "GET /cormun/pexe_scrolldiv.js HTTP/1.1" 404 1009
192.168.10.96 - - [16/Mar/2018:12:04:54 -0300] "GET /cormun/servlet/vesolicitudgral?2018,9730,, HTTP/1.1" 200 9217
192.168.10.96 - - [16/Mar/2018:12:04:56 -0300] "GET /cormun/servlet/vesolicitudgral?2018,9730,,SolicitudOTAdjuntos HTTP/1.1" 200 7966
192.168.10.96 - - [16/Mar/2018:12:04:56 -0300] "GET /cormun/pexe_scrolldiv.js HTTP/1.1" 404 1009
192.168.10.96 - - [16/Mar/2018:12:04:56 -0300] "GET /cormun/pexe_scrolldiv.js HTTP/1.1" 404 1009
192.168.10.96 - - [16/Mar/2018:12:04:56 -0300] "GET /cormun/servlet/vesolicitudgral?2018,9730,,SolicitudOTAdjuntos HTTP/1.1" 200 7966
192.168.10.96 - - [16/Mar/2018:12:04:57 -0300] "POST /cormun/servlet/acontrolpreferencessavestate?None,DZAMUDIO,true HTTP/1.1" 200 35
192.168.10.96 - - [16/Mar/2018:12:04:59 -0300] "POST /cormun/servlet/vesolicitudgral?f532f42d177a7f7f868e853feb4f7519,2018,9730,,SolicitudOTAdjuntos,gx-no-cache=1521212534887 HTTP/1.1" 200 90
192.168.10.96 - - [16/Mar/2018:12:04:59 -0300] "GET /cormun/servlet/hpexe_link HTTP/1.1" 200 980
192.168.10.96 - - [16/Mar/2018:12:04:59 -0300] "GET /cormun/servlet/trsolicitudgral? HTTP/1.1" 200 11366
192.168.10.96 - - [16/Mar/2018:12:05:00 -0300] "GET /cormun/servlet/trsolicitudgral? HTTP/1.1" 200 11365
192.168.10.96 - - [16/Mar/2018:12:05:04 -0300] "GET /cormun/servlet/vesolicitudgral?2018,9728,, HTTP/1.1" 200 9251
192.168.10.96 - - [16/Mar/2018:12:05:04 -0300] "GET /cormun/pexe_scrolldiv.js HTTP/1.1" 404 1009
192.168.10.96 - - [16/Mar/2018:12:05:04 -0300] "GET /cormun/pexe_scrolldiv.js HTTP/1.1" 404 1009
192.168.10.96 - - [16/Mar/2018:12:05:04 -0300] "GET /cormun/servlet/vesolicitudgral?2018,9728,, HTTP/1.1" 200 9249
192.168.10.96 - - [16/Mar/2018:12:05:05 -0300] "GET /cormun/servlet/vesolicitudgral?2018,9728,,SolicitudOTAdjuntos HTTP/1.1" 200 7966
192.168.10.96 - - [16/Mar/2018:12:05:05 -0300] "GET /cormun/pexe_scrolldiv.js HTTP/1.1" 404 1009
192.168.10.96 - - [16/Mar/2018:12:05:05 -0300] "GET /cormun/pexe_scrolldiv.js HTTP/1.1" 404 1009
192.168.10.96 - - [16/Mar/2018:12:05:05 -0300] "GET /cormun/servlet/vesolicitudgral?2018,9728,,SolicitudOTAdjuntos HTTP/1.1" 200 7966
192.168.10.96 - - [16/Mar/2018:12:05:06 -0300] "POST /cormun/servlet/acontrolpreferencessavestate?None,DZAMUDIO,true HTTP/1.1" 200 35
192.168.10.96 - - [16/Mar/2018:12:05:07 -0300] "POST /cormun/servlet/vesolicitudgral?f532f42d177a7f7f868e853feb4f7519,2018,9728,,SolicitudOTAdjuntos,gx-no-cache=1521212542551 HTTP/1.1" 200 90
192.168.10.96 - - [16/Mar/2018:12:05:07 -0300] "GET /cormun/servlet/hpexe_link HTTP/1.1" 200 979
192.168.10.96 - - [16/Mar/2018:12:05:07 -0300] "GET /cormun/servlet/trsolicitudgral HTTP/1.1" 200 11366
192.168.10.96 - - [16/Mar/2018:12:05:07 -0300] "GET /cormun/servlet/trsolicitudgral HTTP/1.1" 200 11365
192.168.10.96 - - [16/Mar/2018:12:05:09 -0300] "GET /cormun/servlet/vesolicitudgral?2018,9557,, HTTP/1.1" 200 9244
192.168.10.96 - - [16/Mar/2018:12:05:09 -0300] "GET /cormun/pexe_scrolldiv.js HTTP/1.1" 404 1009
192.168.10.96 - - [16/Mar/2018:12:05:09 -0300] "GET /cormun/pexe_scrolldiv.js HTTP/1.1" 404 1009
192.168.10.96 - - [16/Mar/2018:12:05:09 -0300] "GET /cormun/servlet/vesolicitudgral?2018,9557,, HTTP/1.1" 200 9242
192.168.10.96 - - [16/Mar/2018:12:05:12 -0300] "GET /cormun/servlet/vesolicitudgral?2018,9557,,SolicitudOTAdjuntos HTTP/1.1" 200 11421
192.168.10.96 - - [16/Mar/2018:12:05:12 -0300] "GET /cormun/pexe_scrolldiv.js HTTP/1.1" 404 1009
192.168.10.96 - - [16/Mar/2018:12:05:12 -0300] "GET /cormun/pexe_scrolldiv.js HTTP/1.1" 404 1009
192.168.10.96 - - [16/Mar/2018:12:05:14 -0300] "POST /cormun/servlet/acontrolpreferencessavestate?None,DZAMUDIO,true HTTP/1.1" 200 35
192.168.10.96 - - [16/Mar/2018:12:05:14 -0300] "GET /cormun/servlet/vesolicitudgral?2018,9557,,SolicitudOTAdjuntos HTTP/1.1" 200 11421
192.168.10.96 - - [16/Mar/2018:12:05:15 -0300] "GET /cormun/PublicTempStorage/certificado_salud9745662.pdf HTTP/1.1" 200 225044
192.168.10.96 - - [16/Mar/2018:12:05:39 -0300] "GET /cormun/servlet/vesolicitudgral?2018,9557,,SolicitudOTAdjuntos HTTP/1.1" 200 11422
192.168.10.96 - - [16/Mar/2018:12:05:39 -0300] "GET /cormun/pexe_scrolldiv.js HTTP/1.1" 404 1009
192.168.10.96 - - [16/Mar/2018:12:05:40 -0300] "POST /cormun/servlet/acontrolpreferencessavestate?None,DZAMUDIO,true HTTP/1.1" 200 35
192.168.10.96 - - [16/Mar/2018:12:05:41 -0300] "GET /cormun/servlet/vesolicitudgral?2018,9557,,SolicitudOTAdjuntos HTTP/1.1" 200 11426
186.79.36.140 - - [16/Mar/2018:12:05:58 -0300] "POST /cormun/servlet/solicitudot?gx-no-cache=1521212715465 HTTP/1.1" 200 1317
186.79.36.140 - - [16/Mar/2018:12:05:58 -0300] "POST /cormun/servlet/solicitudot?gx-no-cache=1521212715789 HTTP/1.1" 200 1218
186.79.36.140 - - [16/Mar/2018:12:05:59 -0300] "POST /cormun/servlet/solicitudot?gx-no-cache=1521212715996 HTTP/1.1" 200 33
186.79.36.140 - - [16/Mar/2018:12:06:17 -0300] "POST /cormun/servlet/solicitudot?48c69b1c6ee15c33c14d06ee6e70196f,INS,0,0,,gx-no-cache=1521212733672 HTTP/1.1" 200 93
186.79.36.140 - - [16/Mar/2018:12:06:17 -0300] "GET /cormun/servlet/hpexe_return? HTTP/1.1" 200 1004
186.79.36.140 - - [16/Mar/2018:12:06:17 -0300] "GET /cormun/servlet/trsolicitudot? HTTP/1.1" 200 8607
186.79.36.140 - - [16/Mar/2018:12:06:18 -0300] "GET /cormun/servlet/trsolicitudot? HTTP/1.1" 200 8603
186.79.36.140 - - [16/Mar/2018:12:06:26 -0300] "POST /cormun/servlet/trsolicitudot?48c69b1c6ee15c33c14d06ee6e70196f,,gx-no-cache=1521212742612 HTTP/1.1" 200 4492
186.79.36.140 - - [16/Mar/2018:12:06:26 -0300] "GET /cormun/static/Shared/jqueryui/images/ui-bg_highlight-soft_100_c6c2c8_1x100.png HTTP/1.1" 404 1117
186.79.36.140 - - [16/Mar/2018:12:06:26 -0300] "GET /cormun/static/Shared/jqueryui/images/ui-icons_8d78a5_256x240.png HTTP/1.1" 404 1089
186.79.36.140 - - [16/Mar/2018:12:06:26 -0300] "GET /cormun/static/Shared/jqueryui/images/ui-icons_82798d_256x240.png HTTP/1.1" 404 1089
186.79.36.140 - - [16/Mar/2018:12:06:26 -0300] "GET /cormun/static/Shared/jqueryui/images/ui-bg_flat_55_fafafa_40x100.png HTTP/1.1" 404 1097
186.79.36.140 - - [16/Mar/2018:12:06:26 -0300] "POST /cormun/servlet/trsolicitudot?48c69b1c6ee15c33c14d06ee6e70196f,,gx-no-cache=1521212743351 HTTP/1.1" 200 4256
186.79.36.140 - - [16/Mar/2018:12:06:44 -0300] "GET /cormun/static/Shared/jqueryui/images/ui-bg_highlight-soft_100_eae6ea_1x100.png HTTP/1.1" 404 1117
186.79.36.140 - - [16/Mar/2018:12:06:45 -0300] "GET /cormun/servlet/hlogin HTTP/1.1" 200 1734
186.79.36.140 - - [16/Mar/2018:12:06:57 -0300] "POST /cormun/servlet/hlogin?48c69b1c6ee15c33c14d06ee6e70196f,gx-no-cache=1521212774503 HTTP/1.1" 200 90
186.79.36.140 - - [16/Mar/2018:12:06:57 -0300] "GET /cormun/servlet/hpexe_link HTTP/1.1" 200 948
186.79.36.140 - - [16/Mar/2018:12:06:57 -0300] "GET /cormun/servlet/hhome HTTP/1.1" 200 4184
186.79.36.140 - - [16/Mar/2018:12:06:58 -0300] "GET /cormun/servlet/hhome HTTP/1.1" 200 4180
186.79.36.140 - - [16/Mar/2018:12:07:00 -0300] "GET /cormun/servlet/trautorizarsolicitud? HTTP/1.1" 200 10215
186.79.36.140 - - [16/Mar/2018:12:07:01 -0300] "GET /cormun/servlet/trautorizarsolicitud? HTTP/1.1" 200 10213
186.79.36.140 - - [16/Mar/2018:12:07:14 -0300] "POST /cormun/servlet/trautorizarsolicitud?48c69b1c6ee15c33c14d06ee6e70196f,,gx-no-cache=1521212790916 HTTP/1.1" 200 6978
186.79.36.140 - - [16/Mar/2018:12:07:14 -0300] "GET /cormun/static/Shared/jqueryui/images/ui-bg_highlight-soft_100_c6c2c8_1x100.png HTTP/1.1" 404 1117
186.79.36.140 - - [16/Mar/2018:12:07:14 -0300] "GET /cormun/static/Shared/jqueryui/images/ui-bg_flat_55_fafafa_40x100.png HTTP/1.1" 404 1097
186.79.36.140 - - [16/Mar/2018:12:07:14 -0300] "GET /cormun/static/Shared/jqueryui/images/ui-icons_8d78a5_256x240.png HTTP/1.1" 404 1089
186.79.36.140 - - [16/Mar/2018:12:07:14 -0300] "GET /cormun/static/Shared/jqueryui/images/ui-icons_82798d_256x240.png HTTP/1.1" 404 1089
186.79.36.140 - - [16/Mar/2018:12:07:15 -0300] "POST /cormun/servlet/trautorizarsolicitud?48c69b1c6ee15c33c14d06ee6e70196f,,gx-no-cache=1521212791750 HTTP/1.1" 200 6923
186.79.36.140 - - [16/Mar/2018:12:07:17 -0300] "POST /cormun/servlet/trautorizarsolicitud?48c69b1c6ee15c33c14d06ee6e70196f,,gx-no-cache=1521212793765 HTTP/1.1" 200 6603
186.79.36.140 - - [16/Mar/2018:12:07:18 -0300] "POST /cormun/servlet/trautorizarsolicitud?48c69b1c6ee15c33c14d06ee6e70196f,,gx-no-cache=1521212794800 HTTP/1.1" 200 6547
186.79.36.140 - - [16/Mar/2018:12:07:21 -0300] "POST /cormun/servlet/trautorizarsolicitud?48c69b1c6ee15c33c14d06ee6e70196f,,gx-no-cache=1521212797952 HTTP/1.1" 200 6227
186.79.36.140 - - [16/Mar/2018:12:07:22 -0300] "POST /cormun/servlet/trautorizarsolicitud?48c69b1c6ee15c33c14d06ee6e70196f,,gx-no-cache=1521212798589 HTTP/1.1" 200 6171
186.79.36.140 - - [16/Mar/2018:12:07:24 -0300] "POST /cormun/servlet/trautorizarsolicitud?48c69b1c6ee15c33c14d06ee6e70196f,,gx-no-cache=1521212800790 HTTP/1.1" 200 5818
186.79.36.140 - - [16/Mar/2018:12:07:25 -0300] "POST /cormun/servlet/trautorizarsolicitud?48c69b1c6ee15c33c14d06ee6e70196f,,gx-no-cache=1521212801754 HTTP/1.1" 200 5763
186.79.36.140 - - [16/Mar/2018:12:07:27 -0300] "POST /cormun/servlet/trautorizarsolicitud?48c69b1c6ee15c33c14d06ee6e70196f,,gx-no-cache=1521212803629 HTTP/1.1" 200 4610
186.79.36.140 - - [16/Mar/2018:12:07:27 -0300] "POST /cormun/servlet/trautorizarsolicitud?48c69b1c6ee15c33c14d06ee6e70196f,,gx-no-cache=1521212804250 HTTP/1.1" 200 4368
186.79.36.140 - - [16/Mar/2018:12:07:43 -0300] "GET /cormun/servlet/trsolicitudot? HTTP/1.1" 200 7402
186.79.36.140 - - [16/Mar/2018:12:07:44 -0300] "GET /cormun/servlet/trsolicitudot? HTTP/1.1" 200 7402
186.79.36.140 - - [16/Mar/2018:12:07:46 -0300] "GET /cormun/servlet/solicitudot?INS,0,0, HTTP/1.1" 200 13621
186.79.36.140 - - [16/Mar/2018:12:07:47 -0300] "GET /cormun/servlet/solicitudot?INS,0,0, HTTP/1.1" 200 13626
186.79.36.140 - - [16/Mar/2018:12:07:55 -0300] "GET /cormun/servlet/prfichaempleado?,MD,,gxPopupLevel%3D0%3B HTTP/1.1" 200 9345
186.79.36.140 - - [16/Mar/2018:12:08:06 -0300] "POST /cormun/servlet/prfichaempleado?48c69b1c6ee15c33c14d06ee6e70196f,,MD,,gxPopupLevel%3D0%3B,gx-no-cache=1521212842067 HTTP/1.1" 200 6358
186.79.36.140 - - [16/Mar/2018:12:08:06 -0300] "GET /cormun/static/Resources/PXToolsGridNext.gif HTTP/1.1" 200 369
186.79.36.140 - - [16/Mar/2018:12:08:06 -0300] "GET /cormun/static/Resources/PXToolsGridLast.gif HTTP/1.1" 200 370
192.168.10.96 - - [16/Mar/2018:12:08:09 -0300] "GET /cormun/servlet/trsolicitudgral? HTTP/1.1" 200 11372
192.168.10.96 - - [16/Mar/2018:12:08:10 -0300] "GET /cormun/servlet/trsolicitudgral? HTTP/1.1" 200 11365
192.168.10.96 - - [16/Mar/2018:12:08:14 -0300] "POST /cormun/servlet/trsolicitudgral?f532f42d177a7f7f868e853feb4f7519,,gx-no-cache=1521212729816 HTTP/1.1" 200 10900
186.79.36.140 - - [16/Mar/2018:12:08:20 -0300] "POST /cormun/servlet/prfichaempleado?48c69b1c6ee15c33c14d06ee6e70196f,,MD,,gxPopupLevel%3D0%3B,gx-no-cache=1521212856790 HTTP/1.1" 200 6320
186.79.36.140 - - [16/Mar/2018:12:08:20 -0300] "GET /cormun/static/Resources/PXToolsGridPrevious.gif HTTP/1.1" 200 369
186.79.36.140 - - [16/Mar/2018:12:08:21 -0300] "GET /cormun/static/Resources/PXToolsGridFirst.gif HTTP/1.1" 200 379
192.168.10.96 - - [16/Mar/2018:12:08:23 -0300] "POST /cormun/servlet/trsolicitudgral?f532f42d177a7f7f868e853feb4f7519,,gx-no-cache=1521212738315 HTTP/1.1" 200 8309
186.103.159.230 - - [16/Mar/2018:12:08:37 -0300] "POST /cormun/servlet/solicitudot?gx-no-cache=1521212863359 HTTP/1.1" 200 1333
186.103.159.230 - - [16/Mar/2018:12:08:37 -0300] "POST /cormun/servlet/solicitudot?gx-no-cache=1521212863644 HTTP/1.1" 200 38
186.103.159.230 - - [16/Mar/2018:12:08:37 -0300] "GET /cormun/servlet/solicitudot?INS,0,0, HTTP/1.1" 200 13611
186.103.159.230 - - [16/Mar/2018:12:08:37 -0300] "GET /cormun/servlet/solicitudot?INS,0,0, HTTP/1.1" 200 13611
186.79.36.140 - - [16/Mar/2018:12:08:41 -0300] "POST /cormun/servlet/prfichaempleado?48c69b1c6ee15c33c14d06ee6e70196f,,MD,,gxPopupLevel%3D0%3B,gx-no-cache=1521212877534 HTTP/1.1" 200 6421
186.103.159.230 - - [16/Mar/2018:12:08:44 -0300] "POST /cormun/servlet/solicitudot?gx-no-cache=1521212870935 HTTP/1.1" 200 3341
186.103.159.230 - - [16/Mar/2018:12:08:44 -0300] "GET /cormun/static/Shared/jqueryui/images/ui-bg_highlight-soft_100_c6c2c8_1x100.png HTTP/1.1" 404 1117
186.103.159.230 - - [16/Mar/2018:12:08:44 -0300] "GET /cormun/static/Shared/jqueryui/images/ui-icons_82798d_256x240.png HTTP/1.1" 404 1089
186.103.159.230 - - [16/Mar/2018:12:08:44 -0300] "GET /cormun/static/Shared/jqueryui/images/ui-icons_ebccce_256x240.png HTTP/1.1" 404 1089
186.103.159.230 - - [16/Mar/2018:12:08:44 -0300] "GET /cormun/static/Shared/jqueryui/images/ui-bg_flat_55_994d53_40x100.png HTTP/1.1" 404 1097
186.103.159.230 - - [16/Mar/2018:12:08:44 -0300] "GET /cormun/servlet/solicitudot?9c37ee140e92ee649f8428e5f8fb87558bf6a8165a16f34a68ec0245bb8f5a0b,gx-no-cache=1521212871367 HTTP/1.1" 200 111
186.103.159.230 - - [16/Mar/2018:12:08:44 -0300] "GET /cormun/servlet/solicitudot?9c37ee140e92ee649f8428e5f8fb875591596d66d1364247ba975c37bcf8a11e,gx-no-cache=1521212871462 HTTP/1.1" 200 94
186.103.159.230 - - [16/Mar/2018:12:08:45 -0300] "GET /cormun/servlet/solicitudot?9c37ee140e92ee649f8428e5f8fb87554e547e27c27666de93f351fa5ed468ac,gx-no-cache=1521212871540 HTTP/1.1" 200 29
186.103.159.230 - - [16/Mar/2018:12:08:45 -0300] "GET /cormun/servlet/solicitudot?9c37ee140e92ee649f8428e5f8fb8755ed21698e9759582d9656360e6eab64af361b2d2ba8da90bd8dfc2b5a43630569f14dc21629e2c087c55dcba2a7f7e5b31988b5dee0cc20ecbd47c74dc163ed0781ea2b594c99f5064cb62658b255e4db6d9f57754516a3edb4487c1882ada104c410e91eb8078a814f5bb745332cbc61a40a14f8a0f87ed7fca2ec02f32207a7f40ee74d7cab697637fd011e8155f1f48d2c8cceb074dcf97bd739323cb408382206aded8c1e17247df57b6eb564ddfd2b5f8d084dc74630691ae8506dd63de486d31d6227f09366bcafd69da2553064a15f429c1db316e34949da6733f31820551be8aa243b7259b12967c215a7531b7d13c9e6ddc103c7bbb4150537c98401def555cf16d77cd62482a64ee6f4de28556131d90802b0147b2bd4166ea496f3a44910f9fb383f79d19ce9b507b8dfdf8d6a960066c8c5aae906459a957db204,gx-no-cache=1521212871620 HTTP/1.1" 200 297
186.103.159.230 - - [16/Mar/2018:12:08:45 -0300] "GET /cormun/servlet/solicitudot?9c37ee140e92ee649f8428e5f8fb8755a875db471cee571e49b84e0bfa24261f4c7c5c1270b083f30523dd9a1e384208b7e0d736f20d8deada8b2f9d6f517ba879954cff0549c3c0190b6aee14755ba9d43a6d5d4239ed2284d16197011089e38265dcc42e9f0a98c5d29fafc36452e842d1c9c378d275f6c3c2794e25d5f99e33343a34f281db6b871e07425dc9fd9ae915c02c320676b4c87a7366a252fe1a94df5b9d00e91fdf6ddb8261a1fcf5a7c8db6509973b1da16226c39ed4cb51c14960d8334ff542eacbe414be99233f40d1f7be089a9e63d855f989c9de7f10b528f997ab1b5c1c8172631f9f74111317d183759ba7e4bbdaf19a3a890f11921bf19be4ce1f34864cd97771980b7b33ce4bb807a1433e204cb963fc1c9bae24db446867a973694a3695b2e17a7ad06afecf2780250b2b09998685e4c06074d909e68e13de6645a59f7451b45d8292425102bf5126d892bfb9a9869ceb7b95f1f49cd0e285b812aabc31949eaaa36960c2c2f1aa7326fffadf58dc3d08b42b36d771fbd803f3ee223cd686f14f57b63800,gx-no-cache=1521212871987 HTTP/1.1" 200 30
186.103.159.230 - - [16/Mar/2018:12:08:46 -0300] "POST /cormun/servlet/solicitudot?gx-no-cache=1521212872345 HTTP/1.1" 200 30
186.103.159.230 - - [16/Mar/2018:12:08:46 -0300] "POST /cormun/servlet/solicitudot?gx-no-cache=1521212872783 HTTP/1.1" 200 1331
186.103.159.230 - - [16/Mar/2018:12:08:46 -0300] "POST /cormun/servlet/solicitudot?gx-no-cache=1521212872914 HTTP/1.1" 200 38
186.79.36.140 - - [16/Mar/2018:12:08:49 -0300] "POST /cormun/servlet/prfichaempleado?48c69b1c6ee15c33c14d06ee6e70196f,,MD,,gxPopupLevel%3D0%3B,gx-no-cache=1521212886132 HTTP/1.1" 200 6320
186.79.36.140 - - [16/Mar/2018:12:08:56 -0300] "POST /cormun/servlet/prfichaempleado?48c69b1c6ee15c33c14d06ee6e70196f,,MD,,gxPopupLevel%3D0%3B,gx-no-cache=1521212893076 HTTP/1.1" 200 6490
186.79.36.140 - - [16/Mar/2018:12:09:03 -0300] "POST /cormun/servlet/prfichaempleado?48c69b1c6ee15c33c14d06ee6e70196f,,MD,,gxPopupLevel%3D0%3B,gx-no-cache=1521212899884 HTTP/1.1" 200 6396
186.103.159.230 - - [16/Mar/2018:12:09:09 -0300] "POST /cormun/servlet/solicitudot?gx-no-cache=1521212895955 HTTP/1.1" 200 30
186.103.159.230 - - [16/Mar/2018:12:09:09 -0300] "POST /cormun/servlet/solicitudot?gx-no-cache=1521212896113 HTTP/1.1" 200 1331
186.103.159.230 - - [16/Mar/2018:12:09:09 -0300] "POST /cormun/servlet/solicitudot?gx-no-cache=1521212896253 HTTP/1.1" 200 38
186.79.36.140 - - [16/Mar/2018:12:09:11 -0300] "POST /cormun/servlet/prfichaempleado?48c69b1c6ee15c33c14d06ee6e70196f,,MD,,gxPopupLevel%3D0%3B,gx-no-cache=1521212907743 HTTP/1.1" 200 6384
186.79.36.140 - - [16/Mar/2018:12:09:17 -0300] "POST /cormun/servlet/prfichaempleado?48c69b1c6ee15c33c14d06ee6e70196f,,MD,,gxPopupLevel%3D0%3B,gx-no-cache=1521212914156 HTTP/1.1" 200 6368
186.79.36.140 - - [16/Mar/2018:12:09:23 -0300] "POST /cormun/servlet/solicitudot?gx-no-cache=1521212920242 HTTP/1.1" 200 3404
186.79.36.140 - - [16/Mar/2018:12:09:24 -0300] "POST /cormun/servlet/solicitudot?48c69b1c6ee15c33c14d06ee6e70196f,INS,0,0,,gx-no-cache=1521212920722 HTTP/1.1" 200 10555
186.79.36.140 - - [16/Mar/2018:12:09:24 -0300] "GET /cormun/servlet/solicitudot?1ad3063b66686bd4c31e7375fac389cf584b22864aab9248b8f613a8a48e49ee37d54166f89db446eabaacd0d60bbf4c,gx-no-cache=1521212921314 HTTP/1.1" 200 30
186.79.36.140 - - [16/Mar/2018:12:09:29 -0300] "GET /cormun/servlet/solicitudot?1ad3063b66686bd4c31e7375fac389cffe8ad9a3abd92aef3293d359bdd65275818a36ec738ee621b79580f58e9caba430d7c300501a93943e02fdba39c6592b4e5aecf737a432aaed51b13c15076b54,gx-no-cache=1521212926865 HTTP/1.1" 200 30
186.79.36.140 - - [16/Mar/2018:12:09:29 -0300] "GET /cormun/servlet/solicitudot?1ad3063b66686bd4c31e7375fac389cf5981f9758467e280e5e65bd0abdc4028,gx-no-cache=1521212926983 HTTP/1.1" 200 51
186.79.36.140 - - [16/Mar/2018:12:09:30 -0300] "POST /cormun/servlet/solicitudot?gx-no-cache=1521212927110 HTTP/1.1" 200 255
186.79.36.140 - - [16/Mar/2018:12:09:30 -0300] "GET /cormun/servlet/solicitudot?1ad3063b66686bd4c31e7375fac389cf903c682f6c9d1636f5f71bec8cc2485582fe4218f22abf00d1fdcbd58f3c62093880f5ff1b3da659f894b0f24d71ed9565f79d4514d99b05ff29d139dbac2effcf539135ecedf1b92c9d883a501a8f35002473e79e2bb8c27ea2435997e0732ede2c7de8661c21121349a001e8ec18d5990dcc6f3e5e96eef6546785bae3be3ec3c618d8ad5eac3c8261706d9d712a36d742e3f40c6354f2e4f55fabf38e0331297b4842e4cdc070231b178679149ab7e4000b1a8f3f10cf34d7cd08393776aaf246ece8eb1aea43ced3d851d2b3c053bb72e1062da94152e59ce82eb13e303b267305bff569bfff8410dfadf01e753bcd63dd08fa78d7147f6cbeaddb5fa0adbe0d8c99a954102aaf074bf87633096bbd1fd4224ac8ce0769cc458f1abdd5a913e782e12087069d624105cccd2bb5f1d0d6fd62ad9f5cab30ab761aa89a2dd4f5b00c9ac2836191e910b9296a6a9972d62b2747816c0f2623d7d1b7710273dc3793a11d6dd04f712c56d08d4ab852aa,gx-no-cache=1521212927261 HTTP/1.1" 200 30
186.79.36.140 - - [16/Mar/2018:12:09:32 -0300] "POST /cormun/servlet/solicitudot?gx-no-cache=1521212929761 HTTP/1.1" 200 30
186.79.36.140 - - [16/Mar/2018:12:09:34 -0300] "GET /cormun/servlet/prsolicitudot?16180340,,,,,MD,,gxPopupLevel%3D0%3B HTTP/1.1" 200 6217
186.79.36.140 - - [16/Mar/2018:12:09:38 -0300] "POST /cormun/servlet/solicitudot?gx-no-cache=1521212935927 HTTP/1.1" 200 1336
186.79.36.140 - - [16/Mar/2018:12:09:39 -0300] "POST /cormun/servlet/solicitudot?gx-no-cache=1521212936071 HTTP/1.1" 200 38
186.79.36.140 - - [16/Mar/2018:12:09:39 -0300] "GET /cormun/servlet/solicitudot?1ad3063b66686bd4c31e7375fac389cf98bc0f8791bd346bbe33453d87ecdb1070d247e6c9d964500f516aac9c481e17784f20ea2b5cf79cd5763701ce9e41f79c1b287d11b810840e1f48724316ae53977600f73344b3f0e5b9b4699f5d97f5c16315914de863bd71ac224302d0a28f622bae73446657baadb18b327268dccf3acf24fd8dbc934e2854a23d7617aaa8790d77cb91eccf51bc5e2c8bab9d7506,gx-no-cache=1521212936191 HTTP/1.1" 200 29
186.79.36.140 - - [16/Mar/2018:12:09:39 -0300] "POST /cormun/servlet/solicitudot?gx-no-cache=1521212936315 HTTP/1.1" 200 1318
186.79.36.140 - - [16/Mar/2018:12:09:39 -0300] "POST /cormun/servlet/solicitudot?gx-no-cache=1521212936552 HTTP/1.1" 200 1218
186.79.36.140 - - [16/Mar/2018:12:09:39 -0300] "GET /cormun/servlet/solicitudot?1ad3063b66686bd4c31e7375fac389cf5cea2c1a7cf3a1b49a5ff1c1367f5a476ad324f27d5fc0aab5e98f54318aab79,gx-no-cache=1521212936806 HTTP/1.1" 200 30
186.79.36.140 - - [16/Mar/2018:12:09:51 -0300] "POST /cormun/servlet/solicitudot?gx-no-cache=1521212948346 HTTP/1.1" 200 1318
186.79.36.140 - - [16/Mar/2018:12:09:52 -0300] "POST /cormun/servlet/solicitudot?gx-no-cache=1521212948641 HTTP/1.1" 200 1218
186.79.36.140 - - [16/Mar/2018:12:09:52 -0300] "POST /cormun/servlet/solicitudot?gx-no-cache=1521212949914 HTTP/1.1" 200 33
186.103.159.230 - - [16/Mar/2018:12:09:54 -0300] "GET /cormun/servlet/hlogin HTTP/1.1" 200 1719
186.79.36.140 - - [16/Mar/2018:12:10:05 -0300] "POST /cormun/servlet/solicitudot?48c69b1c6ee15c33c14d06ee6e70196f,INS,0,0,,gx-no-cache=1521212962120 HTTP/1.1" 200 93
186.79.36.140 - - [16/Mar/2018:12:10:05 -0300] "GET /cormun/servlet/hpexe_return? HTTP/1.1" 200 1004
186.79.36.140 - - [16/Mar/2018:12:10:06 -0300] "GET /cormun/servlet/trsolicitudot HTTP/1.1" 200 8803
186.79.36.140 - - [16/Mar/2018:12:10:06 -0300] "GET /cormun/servlet/trsolicitudot HTTP/1.1" 200 8800
186.103.159.230 - - [16/Mar/2018:12:10:08 -0300] "POST /cormun/servlet/hlogin?943fcf96bdb3f9055663b7aeb351806d,gx-no-cache=1521212955447 HTTP/1.1" 200 429
186.79.36.140 - - [16/Mar/2018:12:10:08 -0300] "POST /cormun/servlet/trsolicitudot?48c69b1c6ee15c33c14d06ee6e70196f,gx-no-cache=1521212965627 HTTP/1.1" 200 4689
186.79.36.140 - - [16/Mar/2018:12:10:09 -0300] "GET /cormun/static/Shared/jqueryui/images/ui-bg_highlight-soft_100_c6c2c8_1x100.png HTTP/1.1" 404 1117
186.79.36.140 - - [16/Mar/2018:12:10:09 -0300] "GET /cormun/static/Shared/jqueryui/images/ui-bg_flat_55_fafafa_40x100.png HTTP/1.1" 404 1097
186.79.36.140 - - [16/Mar/2018:12:10:09 -0300] "GET /cormun/static/Shared/jqueryui/images/ui-icons_8d78a5_256x240.png HTTP/1.1" 404 1089
186.79.36.140 - - [16/Mar/2018:12:10:09 -0300] "GET /cormun/static/Shared/jqueryui/images/ui-icons_82798d_256x240.png HTTP/1.1" 404 1089
186.79.36.140 - - [16/Mar/2018:12:10:09 -0300] "POST /cormun/servlet/trsolicitudot?48c69b1c6ee15c33c14d06ee6e70196f,gx-no-cache=1521212966207 HTTP/1.1" 200 4445
186.103.159.230 - - [16/Mar/2018:12:10:20 -0300] "POST /cormun/servlet/hlogin?943fcf96bdb3f9055663b7aeb351806d,gx-no-cache=1521212966800 HTTP/1.1" 200 90
186.103.159.230 - - [16/Mar/2018:12:10:20 -0300] "GET /cormun/servlet/hpexe_link HTTP/1.1" 200 962
186.103.159.230 - - [16/Mar/2018:12:10:20 -0300] "GET /cormun/servlet/solicitudot?INS,0,0, HTTP/1.1" 200 13607
186.103.159.230 - - [16/Mar/2018:12:10:21 -0300] "GET /cormun/servlet/solicitudot?INS,0,0, HTTP/1.1" 200 13611
186.103.159.230 - - [16/Mar/2018:12:10:36 -0300] "POST /cormun/servlet/solicitudot?gx-no-cache=1521212982687 HTTP/1.1" 200 3284
186.103.159.230 - - [16/Mar/2018:12:10:36 -0300] "POST /cormun/servlet/solicitudot?943fcf96bdb3f9055663b7aeb351806d,INS,0,0,,gx-no-cache=1521212983054 HTTP/1.1" 200 10442
186.79.36.140 - - [16/Mar/2018:12:10:39 -0300] "GET /cormun/servlet/hlogin HTTP/1.1" 200 1732
186.103.159.230 - - [16/Mar/2018:12:10:39 -0300] "GET /cormun/servlet/solicitudot?9c37ee140e92ee649f8428e5f8fb875566ac6af0438a21b592d11802f2ef22e8649eab3dfdc324f6f852440ece2c26bd,gx-no-cache=1521212985809 HTTP/1.1" 200 30
192.168.10.96 - - [16/Mar/2018:12:13:17 -0300] "POST /cormun/servlet/trsolicitudgral?f532f42d177a7f7f868e853feb4f7519,,gx-no-cache=1521213032893 HTTP/1.1" 200 8914
186.103.159.230 - - [16/Mar/2018:12:13:21 -0300] "GET /cormun/servlet/prbanco?,MD,,gxPopupLevel%3D0%3B HTTP/1.1" 200 6602
192.168.10.96 - - [16/Mar/2018:12:13:24 -0300] "POST /cormun/servlet/trsolicitudgral?f532f42d177a7f7f868e853feb4f7519,,gx-no-cache=1521213039206 HTTP/1.1" 200 24432
186.103.159.230 - - [16/Mar/2018:12:13:25 -0300] "GET /cormun/servlet/solicitudot?9c37ee140e92ee649f8428e5f8fb8755a6fe311ecf9f574503f60c53248c6af70cbfe820faa6230095a257c7a348ce7aaab121cc3c7f03833205473daeb9bda1,gx-no-cache=1521213152070 HTTP/1.1" 200 30
186.103.159.230 - - [16/Mar/2018:12:13:27 -0300] "GET /cormun/servlet/solicitudot?9c37ee140e92ee649f8428e5f8fb8755df8e59469a9dcbf5bc4afeda7eb90ea0,gx-no-cache=1521213153748 HTTP/1.1" 200 53
186.103.159.230 - - [16/Mar/2018:12:13:56 -0300] "POST /cormun/servlet/solicitudot?gx-no-cache=1521213182968 HTTP/1.1" 200 297
186.103.159.230 - - [16/Mar/2018:12:13:58 -0300] "GET /cormun/servlet/solicitudot?9c37ee140e92ee649f8428e5f8fb8755a875db471cee571e49b84e0bfa24261f4c7c5c1270b083f30523dd9a1e384208b7e0d736f20d8deada8b2f9d6f517ba879954cff0549c3c0190b6aee14755ba9d43a6d5d4239ed2284d16197011089e38265dcc42e9f0a98c5d29fafc36452e842d1c9c378d275f6c3c2794e25d5f99e33343a34f281db6b871e07425dc9fd9ae915c02c320676b4c87a7366a252fe1a94df5b9d00e91fdf6ddb8261a1fcf5a7c8db6509973b1da16226c39ed4cb51c14960d8334ff542eacbe414be99233f40d1f7be089a9e63d855f989c9de7f10b528f997ab1b5c1c8172631f9f74111317e2714435e9521fc4d01db1819d8cc0acf19be4ce1f34864cd97771980b7b33ce4bb807a1433e204cb963fc1c9bae24db446867a973694a3695b2e17a7ad06afecf2780250b2b09998685e4c06074d909e68e13de6645a59f7451b45d8292425102bf5126d892bfb9a9869ceb7b95f1f49cd0e285b812aabc31949eaaa36960c2c2f1aa7326fffadf58dc3d08b42b36d771fbd803f3ee223cd686f14f57b63800,gx-no-cache=1521213185105 HTTP/1.1" 200 30
186.103.159.230 - - [16/Mar/2018:12:14:04 -0300] "POST /cormun/servlet/solicitudot?gx-no-cache=1521213191232 HTTP/1.1" 200 30
186.103.159.230 - - [16/Mar/2018:12:14:07 -0300] "POST /cormun/servlet/solicitudot?gx-no-cache=1521213193593 HTTP/1.1" 200 1333
186.103.159.230 - - [16/Mar/2018:12:14:07 -0300] "POST /cormun/servlet/solicitudot?gx-no-cache=1521213193696 HTTP/1.1" 200 38
186.67.164.142 - - [16/Mar/2018:12:14:54 -0300] "GET /cormun/servlet/trsolicitudot? HTTP/1.1" 200 6387
186.67.164.142 - - [16/Mar/2018:12:14:54 -0300] "GET /cormun/servlet/trsolicitudot? HTTP/1.1" 200 6387
186.67.164.142 - - [16/Mar/2018:12:14:55 -0300] "GET /cormun/servlet/hlogin HTTP/1.1" 200 1731
186.67.164.142 - - [16/Mar/2018:12:15:00 -0300] "POST /cormun/servlet/hlogin?c382bdc72824ed663274254570b74e0d,gx-no-cache=1521213249641 HTTP/1.1" 200 90
186.67.164.142 - - [16/Mar/2018:12:15:00 -0300] "GET /cormun/servlet/hpexe_link HTTP/1.1" 200 951
186.67.164.142 - - [16/Mar/2018:12:15:00 -0300] "GET /cormun/servlet/trsolicitudot HTTP/1.1" 200 7004
186.67.164.142 - - [16/Mar/2018:12:15:00 -0300] "GET /cormun/servlet/trsolicitudot HTTP/1.1" 200 7000
186.103.159.230 - - [16/Mar/2018:12:15:26 -0300] "GET /cormun/servlet/solicitudot?9c37ee140e92ee649f8428e5f8fb8755c6cb428f3e8e0ae687df1a47906fd605551be8aa243b7259b12967c215a7531b3c4f476d656586153dcef9df0ffb41bcfe3df23561b7e25be014602644bc78783cc863e5189e6f7396f2da195be3259ba421873517a5a1077043aee7cdc8f2cb,gx-no-cache=1521213272944 HTTP/1.1" 200 29
186.103.159.230 - - [16/Mar/2018:12:15:26 -0300] "POST /cormun/servlet/solicitudot?gx-no-cache=1521213273041 HTTP/1.1" 200 1318
186.103.159.230 - - [16/Mar/2018:12:15:26 -0300] "POST /cormun/servlet/solicitudot?gx-no-cache=1521213273186 HTTP/1.1" 200 1215
200.112.233.47 - - [16/Mar/2018:12:15:29 -0300] "GET /cormun/servlet/hlogin HTTP/1.1" 200 1731
186.103.159.230 - - [16/Mar/2018:12:16:28 -0300] "GET /cormun/static/menuarrow.gif HTTP/1.1" 404 1015
186.67.164.142 - - [16/Mar/2018:12:16:36 -0300] "GET /cormun/servlet/solicitudot?INS,0,0, HTTP/1.1" 200 13409
186.67.164.142 - - [16/Mar/2018:12:16:36 -0300] "GET /cormun/servlet/solicitudot?INS,0,0, HTTP/1.1" 200 13414
186.103.159.230 - - [16/Mar/2018:12:16:42 -0300] "GET /cormun/servlet/solicitudot?9c37ee140e92ee649f8428e5f8fb87552c05c639c9f20e53d428dfc77477e72732f5a8bbc1f690f3d2470383a841d20c,gx-no-cache=1521213348791 HTTP/1.1" 200 30
186.103.159.230 - - [16/Mar/2018:12:16:53 -0300] "POST /cormun/servlet/solicitudot?gx-no-cache=1521213359937 HTTP/1.1" 200 30
186.67.164.142 - - [16/Mar/2018:12:17:08 -0300] "POST /cormun/servlet/solicitudot?gx-no-cache=1521213377600 HTTP/1.1" 200 3367
186.67.164.142 - - [16/Mar/2018:12:17:08 -0300] "POST /cormun/servlet/solicitudot?c382bdc72824ed663274254570b74e0d,INS,0,0,,gx-no-cache=1521213378100 HTTP/1.1" 200 10338
186.67.164.142 - - [16/Mar/2018:12:17:15 -0300] "GET /cormun/servlet/solicitudot?1932d5e2a0696a3f4a93d58d3e8c86c3ae3020c0eab82a51ec22a928982bd7dbb9f77ce6d6a0a534d5a96df74dfc5363,gx-no-cache=1521213385236 HTTP/1.1" 200 30
186.67.164.142 - - [16/Mar/2018:12:17:15 -0300] "GET /cormun/servlet/solicitudot?1932d5e2a0696a3f4a93d58d3e8c86c323912e125fb1bd21bedcf696e545d9c2,gx-no-cache=1521213385324 HTTP/1.1" 200 103
186.67.164.142 - - [16/Mar/2018:12:17:15 -0300] "GET /cormun/static/Shared/jqueryui/images/ui-bg_highlight-soft_100_c6c2c8_1x100.png HTTP/1.1" 404 1117
186.67.164.142 - - [16/Mar/2018:12:17:15 -0300] "GET /cormun/static/Shared/jqueryui/images/ui-icons_82798d_256x240.png HTTP/1.1" 404 1089
186.67.164.142 - - [16/Mar/2018:12:17:15 -0300] "GET /cormun/static/Shared/jqueryui/images/ui-bg_flat_55_994d53_40x100.png HTTP/1.1" 404 1097
186.67.164.142 - - [16/Mar/2018:12:17:15 -0300] "GET /cormun/static/Shared/jqueryui/images/ui-icons_ebccce_256x240.png HTTP/1.1" 404 1089
186.67.164.142 - - [16/Mar/2018:12:17:15 -0300] "GET /cormun/servlet/solicitudot?1932d5e2a0696a3f4a93d58d3e8c86c3760b2bfc93aafc4d968b382327216e98,gx-no-cache=1521213385406 HTTP/1.1" 200 48
186.67.164.142 - - [16/Mar/2018:12:17:15 -0300] "POST /cormun/servlet/solicitudot?gx-no-cache=1521213385491 HTTP/1.1" 200 255
186.67.164.142 - - [16/Mar/2018:12:17:15 -0300] "GET /cormun/servlet/solicitudot?1932d5e2a0696a3f4a93d58d3e8c86c3659fcc3037598a2b4ff4fe6f0038c749a4a3f92b90334da81978df1b67435bb8857c5440d32959572bf8c2499d945f1ee92a6fc4d6414bb65bb7510f02f10516d19ffbc0c7111d13c07b6a742df78d5a6999eb50b912902b1dd8a44f156f19457270d5036dc68f49f58f1fdaa10643c6d5e8fcd3f03169d62a133e244df5c5b17b2235f788a769fb6e5b00d9cebf14e0e55226cb3b764b6350cdc5f2307091c2fae71371a6e789f7e5ebaec8a9d91d4b74a6baa9bc4d60109d639555180b0fffdcaf37a2b608943c7e5f25e86d302c2fe1f59d8765ab7c4dffdd7ded677cb61c6e7490e4efcfc2795eb72103c9ed5406b249bda744734b661c8cf1c5e8c4d1c93039b0de3b5fe72ac70966145a39580a7fcc220bd24c6684f08c9f8282e8cff8de86f54560141e940490d41a21197d23a6ee50645b71b3e8b83c82985c079b3fa542972a461ed14e303db9c9c7ab4aa0ca4c654baed799ca3c212ba864d097ce594f46eafa3759f1c7bb7dd9f2bdc168,gx-no-cache=1521213385553 HTTP/1.1" 200 30
186.67.164.142 - - [16/Mar/2018:12:17:19 -0300] "POST /cormun/servlet/solicitudot?gx-no-cache=1521213388976 HTTP/1.1" 200 30
186.103.159.230 - - [16/Mar/2018:12:17:58 -0300] "POST /cormun/servlet/solicitudot?943fcf96bdb3f9055663b7aeb351806d,INS,0,0,,gx-no-cache=1521213424887 HTTP/1.1" 200 93
186.103.159.230 - - [16/Mar/2018:12:17:58 -0300] "GET /cormun/servlet/hpexe_return? HTTP/1.1" 200 1006
186.103.159.230 - - [16/Mar/2018:12:17:58 -0300] "GET /cormun/static/gxcfg.js?2016101716175148 HTTP/1.1" 304 -
186.103.159.230 - - [16/Mar/2018:12:17:58 -0300] "GET /cormun/servlet/trsolicitudot HTTP/1.1" 200 9276
186.103.159.230 - - [16/Mar/2018:12:17:59 -0300] "GET /cormun/servlet/trsolicitudot HTTP/1.1" 200 9272
186.103.159.230 - - [16/Mar/2018:12:18:09 -0300] "POST /cormun/servlet/trsolicitudot?943fcf96bdb3f9055663b7aeb351806d,gx-no-cache=1521213436167 HTTP/1.1" 200 6598
186.103.159.230 - - [16/Mar/2018:12:18:09 -0300] "GET /cormun/static/Shared/jqueryui/images/ui-bg_highlight-soft_100_c6c2c8_1x100.png HTTP/1.1" 404 1117
186.103.159.230 - - [16/Mar/2018:12:18:09 -0300] "GET /cormun/static/Shared/jqueryui/images/ui-icons_82798d_256x240.png HTTP/1.1" 404 1089
186.103.159.230 - - [16/Mar/2018:12:18:09 -0300] "GET /cormun/static/Shared/jqueryui/images/ui-bg_flat_55_fafafa_40x100.png HTTP/1.1" 404 1097
186.103.159.230 - - [16/Mar/2018:12:18:09 -0300] "GET /cormun/static/Shared/jqueryui/images/ui-icons_8d78a5_256x240.png HTTP/1.1" 404 1089
186.67.164.142 - - [16/Mar/2018:12:18:13 -0300] "GET /cormun/servlet/solicitudot?1932d5e2a0696a3f4a93d58d3e8c86c31f1a3b79d5835e10f91045fb270c0061ab0418858b5f247be9c3dab5f9e53232,gx-no-cache=1521213443374 HTTP/1.1" 200 30
186.67.164.142 - - [16/Mar/2018:12:18:13 -0300] "POST /cormun/servlet/solicitudot?gx-no-cache=1521213443480 HTTP/1.1" 200 255
186.67.164.142 - - [16/Mar/2018:12:18:13 -0300] "GET /cormun/servlet/solicitudot?1932d5e2a0696a3f4a93d58d3e8c86c3659fcc3037598a2b4ff4fe6f0038c749a4a3f92b90334da81978df1b67435bb8857c5440d32959572bf8c2499d945f1ee92a6fc4d6414bb65bb7510f02f10516d19ffbc0c7111d13c07b6a742df78d5a6999eb50b912902b1dd8a44f156f19457270d5036dc68f49f58f1fdaa10643c6d5e8fcd3f03169d62a133e244df5c5b17b2235f788a769fb6e5b00d9cebf14e0e55226cb3b764b6350cdc5f2307091c2fae71371a6e789f7e5ebaec8a9d91d4b74a6baa9bc4d60109d639555180b0fffdcaf37a2b608943c7e5f25e86d302c2fe1f59d8765ab7c4dffdd7ded677cb61c6e7490e4efcfc2795eb72103c9ed5406b249bda744734b661c8cf1c5e8c4d1c93039b0de3b5fe72ac70966145a39580a7fcc220bd24c6684f08c9f8282e8cff8de86f54560141e940490d41a21197d23a6ee50645b71b3e8b83c82985c079b3fa542972a461ed14e303db9c9c7ab4aa0ca4c654baed799ca3c212ba864d097ce1ca0c4b9ded74ed8d618a6578866167a,gx-no-cache=1521213443556 HTTP/1.1" 200 30
192.168.10.97 - - [16/Mar/2018:12:18:25 -0300] "GET /cormun/servlet/solicitudgral?2d4712d8dc716dd037fbd1f009cfab6545f0fd5435ded96d14db4730eb5bbd517ce73f1e5ab98ea6cce66eb6b25b7adc6a2a294133883b87fbea610994c368152a94bce331e3dbf2d8afade19c9fb520a6a9b15d8ae61f4a8e78f29b0e9d33b450d674a275fde6a9802b2017617ab1c0,gx-no-cache=1521213460149 HTTP/1.1" 440 972
186.103.159.230 - - [16/Mar/2018:12:18:26 -0300] "POST /cormun/servlet/trsolicitudot?943fcf96bdb3f9055663b7aeb351806d,gx-no-cache=1521213452687 HTTP/1.1" 200 107
186.103.159.230 - - [16/Mar/2018:12:18:26 -0300] "GET /cormun/servlet/trsolicitudadjuntos?2018,10572, HTTP/1.1" 200 6260
186.103.159.230 - - [16/Mar/2018:12:18:26 -0300] "GET /cormun/static/gxcfg.js?20177612135366 HTTP/1.1" 200 953
186.103.159.230 - - [16/Mar/2018:12:18:26 -0300] "GET /cormun/static/trsolicitudadjuntos.js?20177612135632 HTTP/1.1" 200 17922
186.103.159.230 - - [16/Mar/2018:12:18:27 -0300] "GET /cormun/servlet/trsolicitudadjuntos?2018,10572, HTTP/1.1" 200 6260
186.103.159.189 - - [16/Mar/2018:12:18:30 -0300] "GET /cormun/servlet/hlogin HTTP/1.1" 200 1723
192.168.10.97 - - [16/Mar/2018:12:18:30 -0300] "POST /cormun/servlet/solicitudgral?gx-no-cache=1521213464700 HTTP/1.1" 440 972
186.67.164.142 - - [16/Mar/2018:12:18:32 -0300] "POST /cormun/servlet/solicitudot?gx-no-cache=1521213462551 HTTP/1.1" 200 30
192.168.10.97 - - [16/Mar/2018:12:18:34 -0300] "POST /cormun/servlet/solicitudgral?gx-no-cache=1521213468467 HTTP/1.1" 440 972
186.103.159.230 - - [16/Mar/2018:12:18:35 -0300] "GET /cormun/servlet/solicitudotadjuntos?INS,2018,10572,,1, HTTP/1.1" 200 6203
186.103.159.230 - - [16/Mar/2018:12:18:35 -0300] "GET /cormun/static/gxcfg.js?2017761244068 HTTP/1.1" 200 953
186.103.159.230 - - [16/Mar/2018:12:18:35 -0300] "GET /cormun/static/solicitudotadjuntos.js?2017761244086 HTTP/1.1" 200 11771
186.103.159.230 - - [16/Mar/2018:12:18:35 -0300] "GET /cormun/static/about:blank HTTP/1.1" 404 1011
186.103.159.230 - - [16/Mar/2018:12:18:35 -0300] "GET /cormun/servlet/solicitudotadjuntos?INS,2018,10572,,1, HTTP/1.1" 200 6196
186.103.159.230 - - [16/Mar/2018:12:18:35 -0300] "GET /cormun/servlet/solicitudotadjuntos?9c37ee140e92ee649f8428e5f8fb8755eeac059fa1c7fa5900547afa38f1211aea419c970d9c3faf733dffc8ed874d83,gx-no-cache=1521213462469 HTTP/1.1" 200 30
186.103.159.230 - - [16/Mar/2018:12:18:36 -0300] "POST /cormun/servlet/solicitudotadjuntos?943fcf96bdb3f9055663b7aeb351806d,INS,2018,10572,,1,,gx-no-cache=1521213462532 HTTP/1.1" 200 3982
186.67.164.142 - - [16/Mar/2018:12:18:39 -0300] "POST /cormun/servlet/solicitudot?gx-no-cache=1521213468910 HTTP/1.1" 200 30
186.103.159.230 - - [16/Mar/2018:12:18:46 -0300] "POST /cormun/servlet/solicitudotadjuntos?gx-no-cache=1521213473030 HTTP/1.1" 200 26
192.168.10.97 - - [16/Mar/2018:12:18:47 -0300] "POST /cormun/servlet/solicitudgral?5f7c9d74711ab8c907db934264a161d1,UPD,2018,10364,,gx-no-cache=1521213481944 HTTP/1.1" 440 972
192.168.10.97 - - [16/Mar/2018:12:18:47 -0300] "GET /cormun/servlet/solicitudgral?UPD,2018,10364, HTTP/1.1" 200 11667
186.103.159.230 - - [16/Mar/2018:12:19:08 -0300] "GET /cormun/servlet/solicitudotadjuntos?9c37ee140e92ee649f8428e5f8fb87555534640faa3def1c447080c8d9bec111,gx-no-cache=1521213494919 HTTP/1.1" 200 30
186.103.159.230 - - [16/Mar/2018:12:19:08 -0300] "GET /cormun/servlet/solicitudotadjuntos?9c37ee140e92ee649f8428e5f8fb87555534640faa3def1c447080c8d9bec111,gx-no-cache=1521213494995 HTTP/1.1" 200 30
186.103.159.230 - - [16/Mar/2018:12:19:09 -0300] "POST /cormun/servlet/solicitudotadjuntos?943fcf96bdb3f9055663b7aeb351806d,INS,2018,10572,,1, HTTP/1.1" 200 116
186.103.159.230 - - [16/Mar/2018:12:19:09 -0300] "GET /cormun/servlet/hpexe_return? HTTP/1.1" 200 1026
186.103.159.230 - - [16/Mar/2018:12:19:09 -0300] "GET /cormun/servlet/trsolicitudadjuntos?2018,10572, HTTP/1.1" 200 8714
186.103.159.230 - - [16/Mar/2018:12:19:09 -0300] "GET /cormun/servlet/trsolicitudadjuntos?2018,10572, HTTP/1.1" 200 8710
186.103.159.230 - - [16/Mar/2018:12:19:14 -0300] "GET /cormun/servlet/solicitudotadjuntos?INS,2018,10572,,1, HTTP/1.1" 200 6203
186.103.159.230 - - [16/Mar/2018:12:19:14 -0300] "GET /cormun/static/about:blank HTTP/1.1" 404 1011
186.103.159.230 - - [16/Mar/2018:12:19:14 -0300] "GET /cormun/servlet/solicitudotadjuntos?INS,2018,10572,,1, HTTP/1.1" 200 6197
186.103.159.230 - - [16/Mar/2018:12:19:15 -0300] "GET /cormun/servlet/solicitudotadjuntos?9c37ee140e92ee649f8428e5f8fb8755eeac059fa1c7fa5900547afa38f1211aea419c970d9c3faf733dffc8ed874d83,gx-no-cache=1521213501898 HTTP/1.1" 200 30
186.103.159.230 - - [16/Mar/2018:12:19:15 -0300] "POST /cormun/servlet/solicitudotadjuntos?943fcf96bdb3f9055663b7aeb351806d,INS,2018,10572,,1,,gx-no-cache=1521213501955 HTTP/1.1" 200 3982
186.103.159.230 - - [16/Mar/2018:12:19:20 -0300] "POST /cormun/servlet/solicitudotadjuntos?gx-no-cache=1521213507325 HTTP/1.1" 200 26
186.103.159.230 - - [16/Mar/2018:12:19:39 -0300] "GET /cormun/servlet/solicitudotadjuntos?9c37ee140e92ee649f8428e5f8fb87555534640faa3def1c447080c8d9bec111,gx-no-cache=1521213526494 HTTP/1.1" 200 30
