200.54.247.70 - - [16/Mar/2018:10:00:26 -0300] "GET /cormun/static/Shared/jqueryui/images/ui-bg_flat_55_fafafa_40x100.png HTTP/1.1" 404 1097
200.120.230.197 - - [16/Mar/2018:10:00:26 -0300] "GET /cormun/servlet/trautorizarsolicitud? HTTP/1.1" 200 10474
200.120.230.197 - - [16/Mar/2018:10:00:28 -0300] "GET /cormun/servlet/trautorizarsolicitud? HTTP/1.1" 200 10473
186.103.159.230 - - [16/Mar/2018:10:00:30 -0300] "GET /cormun/servlet/apermisogoceprn?11151210,P,20180316095212,PU HTTP/1.1" 200 1646
192.168.10.56 - - [16/Mar/2018:10:00:31 -0300] "POST /cormun/servlet/trsolicitudgral?531c3d7aec22bf39617690999a58ceb8,,gx-no-cache=1521205066491 HTTP/1.1" 200 7809
192.168.10.56 - - [16/Mar/2018:10:00:31 -0300] "GET /cormun/static/Shared/jqueryui/images/ui-icons_82798d_256x240.png HTTP/1.1" 404 1089
192.168.10.56 - - [16/Mar/2018:10:00:31 -0300] "GET /cormun/static/Shared/jqueryui/images/ui-bg_highlight-soft_100_c6c2c8_1x100.png HTTP/1.1" 404 1117
192.168.10.56 - - [16/Mar/2018:10:00:31 -0300] "GET /cormun/static/Shared/jqueryui/images/ui-icons_8d78a5_256x240.png HTTP/1.1" 404 1089
192.168.10.56 - - [16/Mar/2018:10:00:31 -0300] "GET /cormun/static/Shared/jqueryui/images/ui-bg_flat_55_fafafa_40x100.png HTTP/1.1" 404 1097
192.168.10.56 - - [16/Mar/2018:10:00:43 -0300] "POST /cormun/servlet/trsolicitudgral?531c3d7aec22bf39617690999a58ceb8,,gx-no-cache=1521205078849 HTTP/1.1" 200 5933
192.168.10.56 - - [16/Mar/2018:10:00:46 -0300] "POST /cormun/servlet/trsolicitudgral?531c3d7aec22bf39617690999a58ceb8,,gx-no-cache=1521205082041 HTTP/1.1" 200 9473
186.79.78.167 - - [16/Mar/2018:10:00:50 -0300] "POST /cormun/servlet/solicitudotadjuntos?5d8b585d72a42791d5d8fe0c416df843,INS,2018,10525,,2,,gx-no-cache=1521205200541 HTTP/1.1" 200 93
186.79.78.167 - - [16/Mar/2018:10:00:50 -0300] "GET /cormun/servlet/hpexe_return? HTTP/1.1" 200 1026
186.79.78.167 - - [16/Mar/2018:10:00:51 -0300] "GET /cormun/servlet/trsolicitudadjuntos?2018,10525, HTTP/1.1" 200 9535
186.79.78.167 - - [16/Mar/2018:10:00:52 -0300] "GET /cormun/servlet/trsolicitudadjuntos?2018,10525, HTTP/1.1" 200 9527
192.168.10.61 - - [16/Mar/2018:10:00:52 -0300] "GET /cormun/servlet/vesolicitudgral?2018,9918,, HTTP/1.1" 200 9060
192.168.10.61 - - [16/Mar/2018:10:00:53 -0300] "GET /cormun/pexe_scrolldiv.js HTTP/1.1" 404 1009
192.168.10.61 - - [16/Mar/2018:10:00:53 -0300] "GET /cormun/pexe_scrolldiv.js HTTP/1.1" 404 1009
192.168.10.61 - - [16/Mar/2018:10:00:53 -0300] "GET /cormun/servlet/vesolicitudgral?2018,9918,, HTTP/1.1" 200 9038
186.79.78.167 - - [16/Mar/2018:10:00:58 -0300] "GET /cormun/servlet/solicitudotadjuntos?INS,2018,10525,,2, HTTP/1.1" 200 5972
186.79.78.167 - - [16/Mar/2018:10:00:58 -0300] "GET /cormun/static/about:blank HTTP/1.1" 404 1011
186.79.78.167 - - [16/Mar/2018:10:00:58 -0300] "GET /cormun/servlet/solicitudotadjuntos?INS,2018,10525,,2, HTTP/1.1" 200 5965
192.168.10.61 - - [16/Mar/2018:10:00:59 -0300] "POST /cormun/servlet/vesolicitudgral?0983af8861c915ecd8bb95a07de0044b,2018,9918,,,gx-no-cache=1521205094407 HTTP/1.1" 200 12015
192.168.10.61 - - [16/Mar/2018:10:00:59 -0300] "GET /cormun/static/Shared/jqueryui/images/ui-bg_highlight-soft_100_c6c2c8_1x100.png HTTP/1.1" 404 1117
192.168.10.61 - - [16/Mar/2018:10:00:59 -0300] "GET /cormun/static/Shared/jqueryui/images/ui-icons_82798d_256x240.png HTTP/1.1" 404 1089
192.168.10.61 - - [16/Mar/2018:10:00:59 -0300] "GET /cormun/static/Shared/jqueryui/images/ui-bg_flat_55_fafafa_40x100.png HTTP/1.1" 404 1097
192.168.10.61 - - [16/Mar/2018:10:00:59 -0300] "GET /cormun/static/Shared/jqueryui/images/ui-icons_8d78a5_256x240.png HTTP/1.1" 404 1089
192.168.10.61 - - [16/Mar/2018:10:00:59 -0300] "POST /cormun/servlet/vesolicitudgral?0983af8861c915ecd8bb95a07de0044b,2018,9918,,,gx-no-cache=1521205094637 HTTP/1.1" 200 11949
186.79.78.167 - - [16/Mar/2018:10:00:59 -0300] "GET /cormun/servlet/solicitudotadjuntos?0ebf00c5479364850acc595598038e59d7f6896f62c42a0fcc2fc6872bb27ea8636366423d464962783c56c1d8aba4de,gx-no-cache=1521205211285 HTTP/1.1" 200 30
186.79.78.167 - - [16/Mar/2018:10:01:00 -0300] "POST /cormun/servlet/solicitudotadjuntos?5d8b585d72a42791d5d8fe0c416df843,INS,2018,10525,,2,,gx-no-cache=1521205211491 HTTP/1.1" 200 4005
192.168.10.56 - - [16/Mar/2018:10:01:03 -0300] "POST /cormun/servlet/trsolicitudgral?531c3d7aec22bf39617690999a58ceb8,,gx-no-cache=1521205099233 HTTP/1.1" 200 8965
192.168.10.61 - - [16/Mar/2018:10:01:06 -0300] "POST /cormun/servlet/vesolicitudgral?0983af8861c915ecd8bb95a07de0044b,2018,9918,,,gx-no-cache=1521205102076 HTTP/1.1" 200 93
192.168.10.61 - - [16/Mar/2018:10:01:06 -0300] "GET /cormun/servlet/hpexe_return? HTTP/1.1" 200 1032
192.168.10.61 - - [16/Mar/2018:10:01:07 -0300] "GET /cormun/servlet/trsolicitudgral?gx-no-cache=1521203854745 HTTP/1.1" 200 15886
192.168.10.61 - - [16/Mar/2018:10:01:07 -0300] "GET /cormun/servlet/trsolicitudgral?gx-no-cache=1521203854745 HTTP/1.1" 200 15903
192.168.10.56 - - [16/Mar/2018:10:01:28 -0300] "GET /cormun/servlet/hlogin HTTP/1.1" 200 1747
192.168.10.56 - - [16/Mar/2018:10:01:33 -0300] "POST /cormun/servlet/hlogin?531c3d7aec22bf39617690999a58ceb8,gx-no-cache=1521205128960 HTTP/1.1" 200 90
192.168.10.56 - - [16/Mar/2018:10:01:33 -0300] "GET /cormun/servlet/hpexe_link HTTP/1.1" 200 956
192.168.10.56 - - [16/Mar/2018:10:01:33 -0300] "GET /cormun/servlet/hhome HTTP/1.1" 200 3836
192.168.10.56 - - [16/Mar/2018:10:01:34 -0300] "GET /cormun/servlet/hhome HTTP/1.1" 200 3834
192.168.10.56 - - [16/Mar/2018:10:01:36 -0300] "GET /cormun/servlet/trautorizarot? HTTP/1.1" 200 14607
192.168.10.56 - - [16/Mar/2018:10:01:37 -0300] "GET /cormun/servlet/trautorizarot? HTTP/1.1" 200 14606
192.168.10.56 - - [16/Mar/2018:10:01:38 -0300] "GET /cormun/static/menuarrow.gif HTTP/1.1" 404 1015
192.168.10.56 - - [16/Mar/2018:10:01:43 -0300] "POST /cormun/servlet/trautorizarot?531c3d7aec22bf39617690999a58ceb8,,gx-no-cache=1521205138817 HTTP/1.1" 200 16754
192.168.10.56 - - [16/Mar/2018:10:01:49 -0300] "POST /cormun/servlet/trautorizarot?531c3d7aec22bf39617690999a58ceb8,,gx-no-cache=1521205144674 HTTP/1.1" 200 6519
186.79.78.167 - - [16/Mar/2018:10:02:12 -0300] "POST /cormun/servlet/solicitudotadjuntos?gx-no-cache=1521205284281 HTTP/1.1" 200 26
186.79.78.167 - - [16/Mar/2018:10:02:18 -0300] "GET /cormun/servlet/solicitudotadjuntos?0ebf00c5479364850acc595598038e5950358b1e4d25cde49acbd7ec78bbc6b4,gx-no-cache=1521205290820 HTTP/1.1" 200 30
186.79.78.167 - - [16/Mar/2018:10:02:18 -0300] "GET /cormun/servlet/solicitudotadjuntos?0ebf00c5479364850acc595598038e5950358b1e4d25cde49acbd7ec78bbc6b4,gx-no-cache=1521205290926 HTTP/1.1" 200 30
192.168.10.61 - - [16/Mar/2018:10:02:21 -0300] "GET /cormun/servlet/vesolicitudgral?2018,9564,, HTTP/1.1" 200 9062
192.168.10.61 - - [16/Mar/2018:10:02:21 -0300] "GET /cormun/pexe_scrolldiv.js HTTP/1.1" 404 1009
192.168.10.61 - - [16/Mar/2018:10:02:21 -0300] "GET /cormun/pexe_scrolldiv.js HTTP/1.1" 404 1009
192.168.10.61 - - [16/Mar/2018:10:02:21 -0300] "GET /cormun/servlet/vesolicitudgral?2018,9564,, HTTP/1.1" 200 9040
192.168.10.61 - - [16/Mar/2018:10:02:23 -0300] "POST /cormun/servlet/vesolicitudgral?0983af8861c915ecd8bb95a07de0044b,2018,9564,,,gx-no-cache=1521205178343 HTTP/1.1" 200 11998
192.168.10.61 - - [16/Mar/2018:10:02:23 -0300] "GET /cormun/static/Shared/jqueryui/images/ui-icons_82798d_256x240.png HTTP/1.1" 404 1089
192.168.10.61 - - [16/Mar/2018:10:02:23 -0300] "GET /cormun/static/Shared/jqueryui/images/ui-bg_highlight-soft_100_c6c2c8_1x100.png HTTP/1.1" 404 1117
192.168.10.61 - - [16/Mar/2018:10:02:23 -0300] "GET /cormun/static/Shared/jqueryui/images/ui-bg_flat_55_fafafa_40x100.png HTTP/1.1" 404 1097
192.168.10.61 - - [16/Mar/2018:10:02:23 -0300] "GET /cormun/static/Shared/jqueryui/images/ui-icons_8d78a5_256x240.png HTTP/1.1" 404 1089
192.168.10.61 - - [16/Mar/2018:10:02:23 -0300] "POST /cormun/servlet/vesolicitudgral?0983af8861c915ecd8bb95a07de0044b,2018,9564,,,gx-no-cache=1521205178566 HTTP/1.1" 200 11932
186.79.78.167 - - [16/Mar/2018:10:02:25 -0300] "POST /cormun/servlet/solicitudotadjuntos?5d8b585d72a42791d5d8fe0c416df843,INS,2018,10525,,2, HTTP/1.1" 200 116
186.79.78.167 - - [16/Mar/2018:10:02:26 -0300] "GET /cormun/servlet/hpexe_return? HTTP/1.1" 200 1026
186.79.78.167 - - [16/Mar/2018:10:02:26 -0300] "GET /cormun/servlet/trsolicitudadjuntos?2018,10525, HTTP/1.1" 200 9681
186.79.78.167 - - [16/Mar/2018:10:02:27 -0300] "GET /cormun/servlet/trsolicitudadjuntos?2018,10525, HTTP/1.1" 200 9678
192.168.10.61 - - [16/Mar/2018:10:02:32 -0300] "POST /cormun/servlet/vesolicitudgral?0983af8861c915ecd8bb95a07de0044b,2018,9564,,,gx-no-cache=1521205187592 HTTP/1.1" 200 93
192.168.10.61 - - [16/Mar/2018:10:02:32 -0300] "GET /cormun/servlet/hpexe_return? HTTP/1.1" 200 1034
192.168.10.61 - - [16/Mar/2018:10:02:32 -0300] "GET /cormun/servlet/trsolicitudgral?gx-no-cache=1521203854745 HTTP/1.1" 200 15887
192.168.10.61 - - [16/Mar/2018:10:02:33 -0300] "GET /cormun/servlet/trsolicitudgral?gx-no-cache=1521203854745 HTTP/1.1" 200 15904
186.79.78.167 - - [16/Mar/2018:10:02:34 -0300] "GET /cormun/servlet/solicitudotadjuntos?INS,2018,10525,,2, HTTP/1.1" 200 5972
186.79.78.167 - - [16/Mar/2018:10:02:35 -0300] "GET /cormun/static/about:blank HTTP/1.1" 404 1011
186.79.78.167 - - [16/Mar/2018:10:02:35 -0300] "GET /cormun/servlet/solicitudotadjuntos?INS,2018,10525,,2, HTTP/1.1" 200 5965
186.79.78.167 - - [16/Mar/2018:10:02:35 -0300] "GET /cormun/servlet/solicitudotadjuntos?0ebf00c5479364850acc595598038e59d7f6896f62c42a0fcc2fc6872bb27ea8636366423d464962783c56c1d8aba4de,gx-no-cache=1521205307514 HTTP/1.1" 200 30
186.79.78.167 - - [16/Mar/2018:10:02:36 -0300] "POST /cormun/servlet/solicitudotadjuntos?5d8b585d72a42791d5d8fe0c416df843,INS,2018,10525,,2,,gx-no-cache=1521205307949 HTTP/1.1" 200 4006
192.168.10.61 - - [16/Mar/2018:10:02:42 -0300] "GET /cormun/servlet/vesolicitudgral?2018,9563,, HTTP/1.1" 200 9098
192.168.10.61 - - [16/Mar/2018:10:02:42 -0300] "GET /cormun/pexe_scrolldiv.js HTTP/1.1" 404 1009
192.168.10.61 - - [16/Mar/2018:10:02:43 -0300] "GET /cormun/pexe_scrolldiv.js HTTP/1.1" 404 1009
192.168.10.61 - - [16/Mar/2018:10:02:43 -0300] "GET /cormun/servlet/vesolicitudgral?2018,9563,, HTTP/1.1" 200 9080
192.168.10.61 - - [16/Mar/2018:10:02:46 -0300] "POST /cormun/servlet/vesolicitudgral?0983af8861c915ecd8bb95a07de0044b,2018,9563,,,gx-no-cache=1521205201368 HTTP/1.1" 200 12027
192.168.10.61 - - [16/Mar/2018:10:02:46 -0300] "GET /cormun/static/Shared/jqueryui/images/ui-bg_highlight-soft_100_c6c2c8_1x100.png HTTP/1.1" 404 1117
192.168.10.61 - - [16/Mar/2018:10:02:46 -0300] "GET /cormun/static/Shared/jqueryui/images/ui-icons_82798d_256x240.png HTTP/1.1" 404 1089
192.168.10.61 - - [16/Mar/2018:10:02:46 -0300] "GET /cormun/static/Shared/jqueryui/images/ui-bg_flat_55_fafafa_40x100.png HTTP/1.1" 404 1097
192.168.10.61 - - [16/Mar/2018:10:02:46 -0300] "GET /cormun/static/Shared/jqueryui/images/ui-icons_8d78a5_256x240.png HTTP/1.1" 404 1089
192.168.10.61 - - [16/Mar/2018:10:02:46 -0300] "POST /cormun/servlet/vesolicitudgral?0983af8861c915ecd8bb95a07de0044b,2018,9563,,,gx-no-cache=1521205201582 HTTP/1.1" 200 11962
192.168.10.61 - - [16/Mar/2018:10:02:48 -0300] "POST /cormun/servlet/vesolicitudgral?0983af8861c915ecd8bb95a07de0044b,2018,9563,,,gx-no-cache=1521205204166 HTTP/1.1" 200 93
192.168.10.61 - - [16/Mar/2018:10:02:48 -0300] "GET /cormun/servlet/hpexe_return? HTTP/1.1" 200 1034
192.168.10.61 - - [16/Mar/2018:10:02:49 -0300] "GET /cormun/servlet/trsolicitudgral?gx-no-cache=1521203854745 HTTP/1.1" 200 15890
192.168.10.61 - - [16/Mar/2018:10:02:49 -0300] "GET /cormun/servlet/trsolicitudgral?gx-no-cache=1521203854745 HTTP/1.1" 200 15907
186.79.78.167 - - [16/Mar/2018:10:02:49 -0300] "POST /cormun/servlet/solicitudotadjuntos?gx-no-cache=1521205321637 HTTP/1.1" 200 26
200.120.230.197 - - [16/Mar/2018:10:02:52 -0300] "POST /cormun/servlet/trautorizarsolicitud?28ba39894d04a4f8d34fb80e70826a8f,,gx-no-cache=1521205322325 HTTP/1.1" 200 7203
200.120.230.197 - - [16/Mar/2018:10:02:53 -0300] "GET /cormun/static/Shared/jqueryui/images/ui-bg_highlight-soft_100_c6c2c8_1x100.png HTTP/1.1" 404 1117
200.120.230.197 - - [16/Mar/2018:10:02:53 -0300] "GET /cormun/static/Shared/jqueryui/images/ui-icons_82798d_256x240.png HTTP/1.1" 404 1089
200.120.230.197 - - [16/Mar/2018:10:02:53 -0300] "GET /cormun/static/Shared/jqueryui/images/ui-bg_flat_55_fafafa_40x100.png HTTP/1.1" 404 1097
200.120.230.197 - - [16/Mar/2018:10:02:53 -0300] "GET /cormun/static/Shared/jqueryui/images/ui-icons_8d78a5_256x240.png HTTP/1.1" 404 1089
200.120.230.197 - - [16/Mar/2018:10:02:54 -0300] "POST /cormun/servlet/trautorizarsolicitud?28ba39894d04a4f8d34fb80e70826a8f,,gx-no-cache=1521205324781 HTTP/1.1" 200 7146
186.79.78.167 - - [16/Mar/2018:10:02:55 -0300] "GET /cormun/servlet/solicitudotadjuntos?0ebf00c5479364850acc595598038e5950358b1e4d25cde49acbd7ec78bbc6b4,gx-no-cache=1521205326932 HTTP/1.1" 200 30
186.79.78.167 - - [16/Mar/2018:10:02:55 -0300] "GET /cormun/servlet/solicitudotadjuntos?0ebf00c5479364850acc595598038e5950358b1e4d25cde49acbd7ec78bbc6b4,gx-no-cache=1521205327052 HTTP/1.1" 200 30
200.120.230.197 - - [16/Mar/2018:10:02:58 -0300] "POST /cormun/servlet/trautorizarsolicitud?28ba39894d04a4f8d34fb80e70826a8f,,gx-no-cache=1521205328888 HTTP/1.1" 200 6817
200.120.230.197 - - [16/Mar/2018:10:03:00 -0300] "POST /cormun/servlet/trautorizarsolicitud?28ba39894d04a4f8d34fb80e70826a8f,,gx-no-cache=1521205329774 HTTP/1.1" 200 6762
186.79.78.167 - - [16/Mar/2018:10:03:01 -0300] "POST /cormun/servlet/solicitudotadjuntos?5d8b585d72a42791d5d8fe0c416df843,INS,2018,10525,,2, HTTP/1.1" 200 6187
186.79.78.167 - - [16/Mar/2018:10:03:01 -0300] "GET /home/sistema/apache-tomcat-7.0.65/webapps/cormun/PrivateTempStorage/upload_00013161.pdf HTTP/1.1" 404 1135
186.79.78.167 - - [16/Mar/2018:10:03:01 -0300] "GET /cormun/static/Shared/jqueryui/images/ui-bg_highlight-soft_100_c6c2c8_1x100.png HTTP/1.1" 404 1117
186.79.78.167 - - [16/Mar/2018:10:03:01 -0300] "GET /cormun/static/Shared/jqueryui/images/ui-icons_82798d_256x240.png HTTP/1.1" 404 1089
186.79.78.167 - - [16/Mar/2018:10:03:01 -0300] "GET /cormun/static/Shared/jqueryui/images/ui-bg_flat_55_994d53_40x100.png HTTP/1.1" 404 1097
186.79.78.167 - - [16/Mar/2018:10:03:01 -0300] "GET /cormun/static/Shared/jqueryui/images/ui-icons_ebccce_256x240.png HTTP/1.1" 404 1089
186.79.78.167 - - [16/Mar/2018:10:03:01 -0300] "GET /home/sistema/apache-tomcat-7.0.65/webapps/cormun/PrivateTempStorage/upload_00013161.pdf HTTP/1.1" 404 1135
186.79.78.167 - - [16/Mar/2018:10:03:02 -0300] "GET /cormun/PrivateTempStorage/upload_00013161.pdf HTTP/1.1" 200 16384
186.79.78.167 - - [16/Mar/2018:10:03:02 -0300] "GET /cormun/PrivateTempStorage/upload_00013161.pdf HTTP/1.1" 200 245245
186.103.159.230 - - [16/Mar/2018:10:03:07 -0300] "GET /cormun/servlet/permisogoce?INS,0,,, HTTP/1.1" 200 6981
186.103.159.230 - - [16/Mar/2018:10:03:08 -0300] "GET /cormun/servlet/permisogoce?INS,0,,, HTTP/1.1" 200 6981
186.103.159.230 - - [16/Mar/2018:10:03:10 -0300] "GET /cormun/servlet/prfichaempleado?,MD,,gxPopupLevel%3D0%3B HTTP/1.1" 200 9299
200.120.230.197 - - [16/Mar/2018:10:03:14 -0300] "POST /cormun/servlet/trautorizarsolicitud?28ba39894d04a4f8d34fb80e70826a8f,,gx-no-cache=1521205345653 HTTP/1.1" 200 6324
200.120.230.197 - - [16/Mar/2018:10:03:15 -0300] "POST /cormun/servlet/trautorizarsolicitud?28ba39894d04a4f8d34fb80e70826a8f,,gx-no-cache=1521205346368 HTTP/1.1" 200 6268
186.79.78.167 - - [16/Mar/2018:10:03:22 -0300] "POST /cormun/servlet/solicitudotadjuntos?5d8b585d72a42791d5d8fe0c416df843,INS,2018,10525,,2, HTTP/1.1" 200 116
186.79.78.167 - - [16/Mar/2018:10:03:23 -0300] "GET /cormun/servlet/hpexe_return? HTTP/1.1" 200 1026
186.79.78.167 - - [16/Mar/2018:10:03:23 -0300] "GET /cormun/servlet/trsolicitudadjuntos?2018,10525, HTTP/1.1" 200 9682
186.79.78.167 - - [16/Mar/2018:10:03:24 -0300] "GET /cormun/servlet/trsolicitudadjuntos?2018,10525, HTTP/1.1" 200 9678
186.103.159.230 - - [16/Mar/2018:10:03:27 -0300] "POST /cormun/servlet/prfichaempleado?921439b401ec18f7150f45244ce15246,,MD,,gxPopupLevel%3D0%3B,gx-no-cache=1521205364485 HTTP/1.1" 200 3414
192.168.10.56 - - [16/Mar/2018:10:03:29 -0300] "POST /cormun/servlet/trautorizarot?531c3d7aec22bf39617690999a58ceb8,,gx-no-cache=1521205244825 HTTP/1.1" 200 5334
186.79.78.167 - - [16/Mar/2018:10:03:29 -0300] "GET /cormun/PublicTempStorage/proyecto7051630.pdf HTTP/1.1" 200 337518
192.168.10.56 - - [16/Mar/2018:10:03:31 -0300] "GET /cormun/servlet/hlogin HTTP/1.1" 200 1745
186.103.159.230 - - [16/Mar/2018:10:03:32 -0300] "GET /cormun/servlet/permisogoce?97e8cf127b3c53b5d74a3c9a3e0d7a41bc782be9a2ff5c779b1cc33fdcda400677943a072b59c293b7dbabe3b9ed8310,gx-no-cache=1521205369961 HTTP/1.1" 200 86
200.120.230.197 - - [16/Mar/2018:10:03:34 -0300] "POST /cormun/servlet/trautorizarsolicitud?28ba39894d04a4f8d34fb80e70826a8f,,gx-no-cache=1521205364354 HTTP/1.1" 200 5771
200.120.230.197 - - [16/Mar/2018:10:03:34 -0300] "POST /cormun/servlet/trautorizarsolicitud?28ba39894d04a4f8d34fb80e70826a8f,,gx-no-cache=1521205365642 HTTP/1.1" 200 5715
186.79.78.167 - - [16/Mar/2018:10:03:41 -0300] "GET /cormun/servlet/trsolicitudadjuntos?2018,10525, HTTP/1.1" 200 9682
186.79.78.167 - - [16/Mar/2018:10:03:42 -0300] "GET /cormun/servlet/trsolicitudadjuntos?2018,10525, HTTP/1.1" 200 9677
186.103.159.230 - - [16/Mar/2018:10:03:48 -0300] "GET /cormun/servlet/permisogoce?97e8cf127b3c53b5d74a3c9a3e0d7a4126485fdd71e889176b3fada1ce0607fe7d3f26cf5fa37560804fb9882b725347070b44dc9b401b7aa61f9faca637f666,gx-no-cache=1521205386165 HTTP/1.1" 200 47
186.79.78.167 - - [16/Mar/2018:10:03:48 -0300] "GET /cormun/servlet/solicitudotadjuntos?INS,2018,10525,,2, HTTP/1.1" 200 5972
186.79.78.167 - - [16/Mar/2018:10:03:49 -0300] "GET /cormun/static/about:blank HTTP/1.1" 404 1011
186.79.78.167 - - [16/Mar/2018:10:03:49 -0300] "GET /cormun/servlet/solicitudotadjuntos?INS,2018,10525,,2, HTTP/1.1" 200 5965
186.79.78.167 - - [16/Mar/2018:10:03:49 -0300] "GET /cormun/servlet/solicitudotadjuntos?0ebf00c5479364850acc595598038e59d7f6896f62c42a0fcc2fc6872bb27ea8636366423d464962783c56c1d8aba4de,gx-no-cache=1521205381783 HTTP/1.1" 200 30
186.79.78.167 - - [16/Mar/2018:10:03:50 -0300] "POST /cormun/servlet/solicitudotadjuntos?5d8b585d72a42791d5d8fe0c416df843,INS,2018,10525,,2,,gx-no-cache=1521205381960 HTTP/1.1" 200 4005
186.79.78.167 - - [16/Mar/2018:10:03:57 -0300] "POST /cormun/servlet/solicitudotadjuntos?gx-no-cache=1521205389117 HTTP/1.1" 200 26
200.120.230.197 - - [16/Mar/2018:10:03:57 -0300] "POST /cormun/servlet/trautorizarsolicitud?28ba39894d04a4f8d34fb80e70826a8f,,gx-no-cache=1521205388007 HTTP/1.1" 200 4603
200.120.230.197 - - [16/Mar/2018:10:03:57 -0300] "POST /cormun/servlet/trautorizarsolicitud?28ba39894d04a4f8d34fb80e70826a8f,,gx-no-cache=1521205388658 HTTP/1.1" 200 4375
192.168.10.96 - - [16/Mar/2018:10:04:02 -0300] "POST /cormun/servlet/trsolicitudgral?f532f42d177a7f7f868e853feb4f7519,,gx-no-cache=1521205277833 HTTP/1.1" 200 25307
186.79.78.167 - - [16/Mar/2018:10:04:03 -0300] "GET /cormun/servlet/solicitudotadjuntos?0ebf00c5479364850acc595598038e5950358b1e4d25cde49acbd7ec78bbc6b4,gx-no-cache=1521205395020 HTTP/1.1" 200 30
186.79.78.167 - - [16/Mar/2018:10:04:03 -0300] "GET /cormun/servlet/solicitudotadjuntos?0ebf00c5479364850acc595598038e5950358b1e4d25cde49acbd7ec78bbc6b4,gx-no-cache=1521205395120 HTTP/1.1" 200 30
186.79.78.167 - - [16/Mar/2018:10:04:09 -0300] "POST /cormun/servlet/solicitudotadjuntos?5d8b585d72a42791d5d8fe0c416df843,INS,2018,10525,,2, HTTP/1.1" 200 116
186.79.78.167 - - [16/Mar/2018:10:04:09 -0300] "GET /cormun/servlet/hpexe_return? HTTP/1.1" 200 1026
186.79.78.167 - - [16/Mar/2018:10:04:10 -0300] "GET /cormun/servlet/trsolicitudadjuntos?2018,10525, HTTP/1.1" 200 9834
186.79.78.167 - - [16/Mar/2018:10:04:11 -0300] "GET /cormun/servlet/trsolicitudadjuntos?2018,10525, HTTP/1.1" 200 9831
186.79.78.167 - - [16/Mar/2018:10:04:25 -0300] "GET /cormun/servlet/hlogin HTTP/1.1" 200 1722
186.79.78.167 - - [16/Mar/2018:10:04:28 -0300] "POST /cormun/servlet/hlogin?b8f11c3ba1bc91065fa98f84610f74ae,gx-no-cache=1521205420402 HTTP/1.1" 200 90
186.79.78.167 - - [16/Mar/2018:10:04:28 -0300] "GET /cormun/servlet/hpexe_link HTTP/1.1" 200 952
186.79.78.167 - - [16/Mar/2018:10:04:28 -0300] "GET /cormun/servlet/hhome HTTP/1.1" 200 3931
186.79.78.167 - - [16/Mar/2018:10:04:29 -0300] "GET /cormun/servlet/hhome HTTP/1.1" 200 3927
186.79.78.167 - - [16/Mar/2018:10:04:32 -0300] "GET /cormun/servlet/trsolicitudot? HTTP/1.1" 200 8505
186.79.78.167 - - [16/Mar/2018:10:04:33 -0300] "GET /cormun/servlet/trsolicitudot? HTTP/1.1" 200 8503
186.79.78.167 - - [16/Mar/2018:10:04:40 -0300] "POST /cormun/servlet/trsolicitudot?b8f11c3ba1bc91065fa98f84610f74ae,,gx-no-cache=1521205431997 HTTP/1.1" 200 4480
186.79.78.167 - - [16/Mar/2018:10:04:40 -0300] "GET /cormun/static/Shared/jqueryui/images/ui-bg_highlight-soft_100_c6c2c8_1x100.png HTTP/1.1" 404 1117
186.79.78.167 - - [16/Mar/2018:10:04:40 -0300] "GET /cormun/static/Shared/jqueryui/images/ui-bg_flat_55_fafafa_40x100.png HTTP/1.1" 404 1097
186.79.78.167 - - [16/Mar/2018:10:04:40 -0300] "GET /cormun/static/Shared/jqueryui/images/ui-icons_82798d_256x240.png HTTP/1.1" 404 1089
186.79.78.167 - - [16/Mar/2018:10:04:40 -0300] "GET /cormun/static/Shared/jqueryui/images/ui-icons_8d78a5_256x240.png HTTP/1.1" 404 1089
186.79.78.167 - - [16/Mar/2018:10:04:41 -0300] "POST /cormun/servlet/trsolicitudot?b8f11c3ba1bc91065fa98f84610f74ae,,gx-no-cache=1521205432611 HTTP/1.1" 200 4254
192.168.10.61 - - [16/Mar/2018:10:05:05 -0300] "POST /cormun/servlet/trsolicitudgral?0983af8861c915ecd8bb95a07de0044b,gx-no-cache=1521203854745,gx-no-cache=1521205341144 HTTP/1.1" 200 8841
186.103.159.230 - - [16/Mar/2018:10:06:00 -0300] "POST /cormun/servlet/permisogoce?921439b401ec18f7150f45244ce15246,INS,0,,,,gx-no-cache=1521205517351 HTTP/1.1" 200 93
186.103.159.230 - - [16/Mar/2018:10:06:01 -0300] "GET /cormun/servlet/hpexe_return? HTTP/1.1" 200 1005
186.103.159.230 - - [16/Mar/2018:10:06:01 -0300] "GET /cormun/servlet/trpermisosgoce HTTP/1.1" 200 8526
186.103.159.230 - - [16/Mar/2018:10:06:02 -0300] "GET /cormun/servlet/trpermisosgoce HTTP/1.1" 200 8522
186.103.159.230 - - [16/Mar/2018:10:06:14 -0300] "GET /cormun/servlet/apermisogoceprn?8498905,P,20180316100023,PU HTTP/1.1" 200 1663
192.168.10.61 - - [16/Mar/2018:10:06:57 -0300] "POST /cormun/servlet/trsolicitudgral?0983af8861c915ecd8bb95a07de0044b,gx-no-cache=1521203854745,gx-no-cache=1521205452978 HTTP/1.1" 200 12906
192.168.10.61 - - [16/Mar/2018:10:07:38 -0300] "GET /cormun/servlet/vesolicitudgral?2018,10443,, HTTP/1.1" 200 9070
192.168.10.61 - - [16/Mar/2018:10:07:38 -0300] "GET /cormun/pexe_scrolldiv.js HTTP/1.1" 404 1009
192.168.10.61 - - [16/Mar/2018:10:07:38 -0300] "GET /cormun/pexe_scrolldiv.js HTTP/1.1" 404 1009
192.168.10.61 - - [16/Mar/2018:10:07:39 -0300] "GET /cormun/servlet/vesolicitudgral?2018,10443,, HTTP/1.1" 200 9048
192.168.10.97 - - [16/Mar/2018:10:07:41 -0300] "GET /cormun/servlet/hlogin HTTP/1.1" 200 1724
192.168.10.97 - - [16/Mar/2018:10:07:41 -0300] "GET /cormun/servlet/hlogin HTTP/1.1" 200 1727
192.168.10.97 - - [16/Mar/2018:10:07:43 -0300] "POST /cormun/servlet/hlogin?ee02aa39d5d4e04d5bb9aad72e4c341e,gx-no-cache=1521205617644 HTTP/1.1" 200 90
192.168.10.97 - - [16/Mar/2018:10:07:43 -0300] "GET /cormun/servlet/hpexe_link HTTP/1.1" 200 948
192.168.10.97 - - [16/Mar/2018:10:07:43 -0300] "GET /cormun/servlet/hhome HTTP/1.1" 200 4557
192.168.10.61 - - [16/Mar/2018:10:07:43 -0300] "POST /cormun/servlet/vesolicitudgral?0983af8861c915ecd8bb95a07de0044b,2018,10443,,,gx-no-cache=1521205499172 HTTP/1.1" 200 11989
192.168.10.61 - - [16/Mar/2018:10:07:44 -0300] "GET /cormun/static/Shared/jqueryui/images/ui-bg_highlight-soft_100_c6c2c8_1x100.png HTTP/1.1" 404 1117
192.168.10.61 - - [16/Mar/2018:10:07:44 -0300] "GET /cormun/static/Shared/jqueryui/images/ui-icons_82798d_256x240.png HTTP/1.1" 404 1089
192.168.10.61 - - [16/Mar/2018:10:07:44 -0300] "GET /cormun/static/Shared/jqueryui/images/ui-bg_flat_55_fafafa_40x100.png HTTP/1.1" 404 1097
192.168.10.61 - - [16/Mar/2018:10:07:44 -0300] "GET /cormun/static/Shared/jqueryui/images/ui-icons_8d78a5_256x240.png HTTP/1.1" 404 1089
192.168.10.61 - - [16/Mar/2018:10:07:44 -0300] "POST /cormun/servlet/vesolicitudgral?0983af8861c915ecd8bb95a07de0044b,2018,10443,,,gx-no-cache=1521205499433 HTTP/1.1" 200 11924
192.168.10.97 - - [16/Mar/2018:10:07:44 -0300] "GET /cormun/servlet/hhome HTTP/1.1" 200 4553
192.168.10.61 - - [16/Mar/2018:10:07:48 -0300] "POST /cormun/servlet/vesolicitudgral?0983af8861c915ecd8bb95a07de0044b,2018,10443,,,gx-no-cache=1521205503505 HTTP/1.1" 200 93
192.168.10.61 - - [16/Mar/2018:10:07:48 -0300] "GET /cormun/servlet/hpexe_return? HTTP/1.1" 200 1035
192.168.10.97 - - [16/Mar/2018:10:07:48 -0300] "GET /cormun/servlet/trsolicitudgral? HTTP/1.1" 200 9055
192.168.10.97 - - [16/Mar/2018:10:07:48 -0300] "GET /cormun/static/trsolicitudgral.js?201813119462015 HTTP/1.1" 304 -
192.168.10.61 - - [16/Mar/2018:10:07:48 -0300] "GET /cormun/servlet/trsolicitudgral?gx-no-cache=1521203854745 HTTP/1.1" 200 15889
192.168.10.97 - - [16/Mar/2018:10:07:48 -0300] "GET /cormun/servlet/trsolicitudgral? HTTP/1.1" 200 9055
192.168.10.61 - - [16/Mar/2018:10:07:49 -0300] "GET /cormun/servlet/trsolicitudgral?gx-no-cache=1521203854745 HTTP/1.1" 200 15906
192.168.10.61 - - [16/Mar/2018:10:08:11 -0300] "POST /cormun/servlet/trsolicitudgral?0983af8861c915ecd8bb95a07de0044b,gx-no-cache=1521203854745,gx-no-cache=1521205527130 HTTP/1.1" 200 7246
192.168.10.61 - - [16/Mar/2018:10:08:20 -0300] "GET /cormun/servlet/vesolicitudgral?2018,8131,, HTTP/1.1" 200 9122
192.168.10.61 - - [16/Mar/2018:10:08:20 -0300] "GET /cormun/pexe_scrolldiv.js HTTP/1.1" 404 1009
192.168.10.61 - - [16/Mar/2018:10:08:20 -0300] "GET /cormun/pexe_scrolldiv.js HTTP/1.1" 404 1009
192.168.10.61 - - [16/Mar/2018:10:08:20 -0300] "GET /cormun/servlet/vesolicitudgral?2018,8131,, HTTP/1.1" 200 9100
186.103.159.230 - - [16/Mar/2018:10:08:26 -0300] "GET /cormun/servlet/permisogoce?INS,0,,, HTTP/1.1" 200 6982
186.103.159.230 - - [16/Mar/2018:10:08:26 -0300] "GET /cormun/servlet/permisogoce?INS,0,,, HTTP/1.1" 200 6982
186.103.159.230 - - [16/Mar/2018:10:08:33 -0300] "GET /cormun/servlet/prfichaempleado?,MD,,gxPopupLevel%3D0%3B HTTP/1.1" 200 9299
186.103.159.230 - - [16/Mar/2018:10:08:51 -0300] "POST /cormun/servlet/prfichaempleado?921439b401ec18f7150f45244ce15246,,MD,,gxPopupLevel%3D0%3B,gx-no-cache=1521205688828 HTTP/1.1" 200 3466
192.168.10.61 - - [16/Mar/2018:10:08:58 -0300] "POST /cormun/servlet/vesolicitudgral?0983af8861c915ecd8bb95a07de0044b,2018,8131,,,gx-no-cache=1521205573862 HTTP/1.1" 200 12046
192.168.10.61 - - [16/Mar/2018:10:08:58 -0300] "GET /cormun/static/Shared/jqueryui/images/ui-bg_highlight-soft_100_c6c2c8_1x100.png HTTP/1.1" 404 1117
192.168.10.61 - - [16/Mar/2018:10:08:58 -0300] "GET /cormun/static/Shared/jqueryui/images/ui-icons_82798d_256x240.png HTTP/1.1" 404 1089
192.168.10.61 - - [16/Mar/2018:10:08:58 -0300] "GET /cormun/static/Shared/jqueryui/images/ui-bg_flat_55_fafafa_40x100.png HTTP/1.1" 404 1097
192.168.10.61 - - [16/Mar/2018:10:08:58 -0300] "GET /cormun/static/Shared/jqueryui/images/ui-icons_8d78a5_256x240.png HTTP/1.1" 404 1089
192.168.10.61 - - [16/Mar/2018:10:08:58 -0300] "POST /cormun/servlet/vesolicitudgral?0983af8861c915ecd8bb95a07de0044b,2018,8131,,,gx-no-cache=1521205574120 HTTP/1.1" 200 11981
186.103.159.230 - - [16/Mar/2018:10:09:01 -0300] "GET /cormun/servlet/permisogoce?97e8cf127b3c53b5d74a3c9a3e0d7a41fd9b302d1e21a1b24cab5b975ff0debfac7f0a783a9713c207a568010c858b5c77825400dccea3e0e5286cfd8da96bf5,gx-no-cache=1521205699183 HTTP/1.1" 200 73
192.168.10.61 - - [16/Mar/2018:10:09:02 -0300] "POST /cormun/servlet/vesolicitudgral?0983af8861c915ecd8bb95a07de0044b,2018,8131,,,gx-no-cache=1521205578035 HTTP/1.1" 200 93
192.168.10.61 - - [16/Mar/2018:10:09:02 -0300] "GET /cormun/servlet/hpexe_return? HTTP/1.1" 200 1034
192.168.10.61 - - [16/Mar/2018:10:09:02 -0300] "GET /cormun/servlet/trsolicitudgral?gx-no-cache=1521203854745 HTTP/1.1" 200 10304
192.168.10.61 - - [16/Mar/2018:10:09:03 -0300] "GET /cormun/servlet/trsolicitudgral?gx-no-cache=1521203854745 HTTP/1.1" 200 10322
192.168.10.97 - - [16/Mar/2018:10:09:07 -0300] "POST /cormun/servlet/trsolicitudgral?ee02aa39d5d4e04d5bb9aad72e4c341e,,gx-no-cache=1521205701394 HTTP/1.1" 200 14531
192.168.10.61 - - [16/Mar/2018:10:09:09 -0300] "POST /cormun/servlet/trsolicitudgral?0983af8861c915ecd8bb95a07de0044b,gx-no-cache=1521203854745,gx-no-cache=1521205585196 HTTP/1.1" 200 12905
186.103.159.230 - - [16/Mar/2018:10:09:17 -0300] "GET /cormun/servlet/permisogoce?97e8cf127b3c53b5d74a3c9a3e0d7a41e23e5101329f3f09f5d40ecff7f402653fb8bcc597100c8228f113abab47d769db1ff18cf2fedeb6c6081410d24396f9,gx-no-cache=1521205715443 HTTP/1.1" 200 46
186.103.159.230 - - [16/Mar/2018:10:09:26 -0300] "POST /cormun/servlet/permisogoce?921439b401ec18f7150f45244ce15246,INS,0,,,,gx-no-cache=1521205724058 HTTP/1.1" 200 93
186.103.159.230 - - [16/Mar/2018:10:09:26 -0300] "GET /cormun/servlet/hpexe_return? HTTP/1.1" 200 1005
186.103.159.230 - - [16/Mar/2018:10:09:27 -0300] "GET /cormun/servlet/trpermisosgoce HTTP/1.1" 200 8752
186.103.159.230 - - [16/Mar/2018:10:09:27 -0300] "GET /cormun/servlet/trpermisosgoce HTTP/1.1" 200 8747
192.168.10.97 - - [16/Mar/2018:10:09:44 -0300] "POST /cormun/servlet/trsolicitudgral?ee02aa39d5d4e04d5bb9aad72e4c341e,,gx-no-cache=1521205737976 HTTP/1.1" 200 14204
192.168.10.97 - - [16/Mar/2018:10:09:44 -0300] "GET /cormun/static/Shared/jqueryui/images/ui-icons_82798d_256x240.png HTTP/1.1" 404 1089
192.168.10.97 - - [16/Mar/2018:10:09:44 -0300] "GET /cormun/static/Shared/jqueryui/images/ui-bg_flat_55_fafafa_40x100.png HTTP/1.1" 404 1097
192.168.10.97 - - [16/Mar/2018:10:09:44 -0300] "GET /cormun/static/Shared/jqueryui/images/ui-icons_8d78a5_256x240.png HTTP/1.1" 404 1089
192.168.10.97 - - [16/Mar/2018:10:09:44 -0300] "GET /cormun/static/Shared/jqueryui/images/ui-bg_highlight-soft_100_c6c2c8_1x100.png HTTP/1.1" 404 1117
192.168.10.97 - - [16/Mar/2018:10:09:58 -0300] "POST /cormun/servlet/trsolicitudgral?ee02aa39d5d4e04d5bb9aad72e4c341e,,gx-no-cache=1521205752349 HTTP/1.1" 200 115
192.168.10.97 - - [16/Mar/2018:10:09:58 -0300] "GET /cormun/servlet/solicitudotlog?INS,2018,8262,0,REC, HTTP/1.1" 200 6360
192.168.10.97 - - [16/Mar/2018:10:09:58 -0300] "GET /cormun/servlet/solicitudotlog?INS,2018,8262,0,REC, HTTP/1.1" 200 6360
192.168.10.97 - - [16/Mar/2018:10:09:59 -0300] "GET /cormun/servlet/solicitudotlog?a7c3f96de7b8235d4d54927e58387acb14cff790e1ddd2cc7ec6f08f37920e4b12806496e18cd46cbe2e738a6f636ac1917059214911f88ce0a26dd288a4031855cb26bc1a2abef2f2acb75427a553832d00214d5a3d0d1b3d5f9888f344fb8a62a703ad68d4d41946e505425d49d0daf556bc799b7ddd648cc5fae137ca0ca944996f579909c558e1700c916b5188f8d1d130e816cc2ca8f106db67b6a5af38,gx-no-cache=1521205753373 HTTP/1.1" 200 94
192.168.10.61 - - [16/Mar/2018:10:10:17 -0300] "POST /cormun/servlet/trsolicitudgral?0983af8861c915ecd8bb95a07de0044b,gx-no-cache=1521203854745,gx-no-cache=1521205652741 HTTP/1.1" 200 8548
192.168.10.97 - - [16/Mar/2018:10:10:38 -0300] "POST /cormun/servlet/solicitudotlog?ee02aa39d5d4e04d5bb9aad72e4c341e,INS,2018,8262,0,REC,,gx-no-cache=1521205792446 HTTP/1.1" 200 93
192.168.10.97 - - [16/Mar/2018:10:10:38 -0300] "GET /cormun/servlet/hpexe_return? HTTP/1.1" 200 1020
192.168.10.97 - - [16/Mar/2018:10:10:38 -0300] "GET /cormun/servlet/trsolicitudgral? HTTP/1.1" 200 16867
192.168.10.97 - - [16/Mar/2018:10:10:39 -0300] "GET /cormun/servlet/trsolicitudgral? HTTP/1.1" 200 16863
192.168.10.97 - - [16/Mar/2018:10:10:46 -0300] "POST /cormun/servlet/trsolicitudgral?ee02aa39d5d4e04d5bb9aad72e4c341e,,gx-no-cache=1521205800372 HTTP/1.1" 200 115
192.168.10.97 - - [16/Mar/2018:10:10:46 -0300] "GET /cormun/servlet/solicitudotlog?INS,2018,8251,0,REC, HTTP/1.1" 200 6360
192.168.10.97 - - [16/Mar/2018:10:10:46 -0300] "GET /cormun/servlet/solicitudotlog?INS,2018,8251,0,REC, HTTP/1.1" 200 6361
192.168.10.97 - - [16/Mar/2018:10:10:46 -0300] "GET /cormun/servlet/solicitudotlog?a7c3f96de7b8235d4d54927e58387acbad1aea7a5076cda6d7684c565f58365212806496e18cd46cbe2e738a6f636ac1917059214911f88ce0a26dd288a4031855cb26bc1a2abef2f2acb75427a553832d00214d5a3d0d1b3d5f9888f344fb8a62a703ad68d4d41946e505425d49d0daf556bc799b7ddd648cc5fae137ca0ca944996f579909c558e1700c916b5188f8d1d130e816cc2ca8f106db67b6a5af38,gx-no-cache=1521205801193 HTTP/1.1" 200 94
192.168.10.61 - - [16/Mar/2018:10:11:06 -0300] "POST /cormun/servlet/trsolicitudgral?0983af8861c915ecd8bb95a07de0044b,gx-no-cache=1521203854745,gx-no-cache=1521205701997 HTTP/1.1" 200 12905
192.168.10.97 - - [16/Mar/2018:10:11:17 -0300] "POST /cormun/servlet/solicitudotlog?ee02aa39d5d4e04d5bb9aad72e4c341e,INS,2018,8251,0,REC,,gx-no-cache=1521205831436 HTTP/1.1" 200 93
192.168.10.97 - - [16/Mar/2018:10:11:17 -0300] "GET /cormun/servlet/hpexe_return? HTTP/1.1" 200 1019
192.168.10.97 - - [16/Mar/2018:10:11:17 -0300] "GET /cormun/servlet/trsolicitudgral HTTP/1.1" 200 16532
192.168.10.97 - - [16/Mar/2018:10:11:18 -0300] "GET /cormun/servlet/trsolicitudgral HTTP/1.1" 200 16527
192.168.10.97 - - [16/Mar/2018:10:11:24 -0300] "POST /cormun/servlet/trsolicitudgral?ee02aa39d5d4e04d5bb9aad72e4c341e,gx-no-cache=1521205839082 HTTP/1.1" 200 115
192.168.10.97 - - [16/Mar/2018:10:11:24 -0300] "GET /cormun/servlet/solicitudotlog?INS,2018,8248,0,REC, HTTP/1.1" 200 6360
192.168.10.97 - - [16/Mar/2018:10:11:25 -0300] "GET /cormun/servlet/solicitudotlog?INS,2018,8248,0,REC, HTTP/1.1" 200 6361
192.168.10.97 - - [16/Mar/2018:10:11:25 -0300] "GET /cormun/servlet/solicitudotlog?a7c3f96de7b8235d4d54927e58387acb0ec6bdbd4639783380b43e3383d37e1512806496e18cd46cbe2e738a6f636ac1917059214911f88ce0a26dd288a4031855cb26bc1a2abef2f2acb75427a553832d00214d5a3d0d1b3d5f9888f344fb8a62a703ad68d4d41946e505425d49d0daf556bc799b7ddd648cc5fae137ca0ca944996f579909c558e1700c916b5188f8d1d130e816cc2ca8f106db67b6a5af38,gx-no-cache=1521205839926 HTTP/1.1" 200 94
200.112.7.16 - - [16/Mar/2018:10:11:35 -0300] "GET /cormun/servlet/hlogin HTTP/1.1" 200 1722
192.168.10.96 - - [16/Mar/2018:10:11:35 -0300] "POST /cormun/servlet/trsolicitudgral?f532f42d177a7f7f868e853feb4f7519,,gx-no-cache=1521205730533 HTTP/1.1" 200 23328
200.112.7.16 - - [16/Mar/2018:10:11:38 -0300] "POST /cormun/servlet/hlogin?be4c69ea9a87a9442d465ffb33ababd1,gx-no-cache=1521205849269 HTTP/1.1" 200 90
200.112.7.16 - - [16/Mar/2018:10:11:38 -0300] "GET /cormun/servlet/hpexe_link HTTP/1.1" 200 954
200.112.7.16 - - [16/Mar/2018:10:11:38 -0300] "GET /cormun/servlet/hhome HTTP/1.1" 200 3999
200.112.7.16 - - [16/Mar/2018:10:11:39 -0300] "GET /cormun/servlet/hhome HTTP/1.1" 200 3996
192.168.10.96 - - [16/Mar/2018:10:11:39 -0300] "POST /cormun/servlet/trsolicitudgral?f532f42d177a7f7f868e853feb4f7519,,gx-no-cache=1521205734861 HTTP/1.1" 200 8844
200.112.7.16 - - [16/Mar/2018:10:11:41 -0300] "GET /cormun/servlet/trsolicitudot? HTTP/1.1" 200 7214
200.112.7.16 - - [16/Mar/2018:10:11:42 -0300] "GET /cormun/servlet/trsolicitudot? HTTP/1.1" 200 7213
200.112.7.16 - - [16/Mar/2018:10:11:47 -0300] "POST /cormun/servlet/trsolicitudot?be4c69ea9a87a9442d465ffb33ababd1,,gx-no-cache=1521205857790 HTTP/1.1" 200 4279
192.168.10.97 - - [16/Mar/2018:10:11:56 -0300] "POST /cormun/servlet/solicitudotlog?ee02aa39d5d4e04d5bb9aad72e4c341e,INS,2018,8248,0,REC,,gx-no-cache=1521205870304 HTTP/1.1" 200 93
192.168.10.97 - - [16/Mar/2018:10:11:56 -0300] "GET /cormun/servlet/hpexe_return? HTTP/1.1" 200 1019
192.168.10.97 - - [16/Mar/2018:10:11:56 -0300] "GET /cormun/servlet/trsolicitudgral HTTP/1.1" 200 16203
186.103.159.230 - - [16/Mar/2018:10:11:56 -0300] "GET /cormun/servlet/apermisogoceprn?16433852,P,20180316100541,PU HTTP/1.1" 200 1652
192.168.10.97 - - [16/Mar/2018:10:11:57 -0300] "GET /cormun/servlet/trsolicitudgral HTTP/1.1" 200 16198
192.168.10.96 - - [16/Mar/2018:10:11:57 -0300] "GET /cormun/servlet/vesolicitudgral?2018,10548,, HTTP/1.1" 200 9302
192.168.10.96 - - [16/Mar/2018:10:11:57 -0300] "GET /cormun/pexe_scrolldiv.js HTTP/1.1" 404 1009
192.168.10.96 - - [16/Mar/2018:10:11:57 -0300] "GET /cormun/pexe_scrolldiv.js HTTP/1.1" 404 1009
192.168.10.96 - - [16/Mar/2018:10:11:57 -0300] "GET /cormun/servlet/vesolicitudgral?2018,10548,, HTTP/1.1" 200 9299
192.168.10.96 - - [16/Mar/2018:10:12:04 -0300] "GET /cormun/servlet/trsolicitudgral? HTTP/1.1" 200 12102
192.168.10.96 - - [16/Mar/2018:10:12:05 -0300] "GET /cormun/servlet/trsolicitudgral? HTTP/1.1" 200 12101
192.168.10.97 - - [16/Mar/2018:10:12:08 -0300] "POST /cormun/servlet/trsolicitudgral?ee02aa39d5d4e04d5bb9aad72e4c341e,gx-no-cache=1521205882755 HTTP/1.1" 200 115
192.168.10.97 - - [16/Mar/2018:10:12:08 -0300] "GET /cormun/servlet/solicitudotlog?INS,2018,8244,0,REC, HTTP/1.1" 200 6360
192.168.10.97 - - [16/Mar/2018:10:12:08 -0300] "GET /cormun/servlet/solicitudotlog?INS,2018,8244,0,REC, HTTP/1.1" 200 6360
192.168.10.97 - - [16/Mar/2018:10:12:09 -0300] "GET /cormun/servlet/solicitudotlog?a7c3f96de7b8235d4d54927e58387acb201340f867e85f807dc87df0bc27d7ba12806496e18cd46cbe2e738a6f636ac1917059214911f88ce0a26dd288a4031855cb26bc1a2abef2f2acb75427a553832d00214d5a3d0d1b3d5f9888f344fb8a62a703ad68d4d41946e505425d49d0daf556bc799b7ddd648cc5fae137ca0ca944996f579909c558e1700c916b5188f8d1d130e816cc2ca8f106db67b6a5af38,gx-no-cache=1521205883666 HTTP/1.1" 200 94
192.168.10.96 - - [16/Mar/2018:10:12:13 -0300] "GET /cormun/servlet/vesolicitudgral?2018,10548,, HTTP/1.1" 200 9302
192.168.10.96 - - [16/Mar/2018:10:12:13 -0300] "GET /cormun/pexe_scrolldiv.js HTTP/1.1" 404 1009
192.168.10.96 - - [16/Mar/2018:10:12:13 -0300] "GET /cormun/pexe_scrolldiv.js HTTP/1.1" 404 1009
192.168.10.96 - - [16/Mar/2018:10:12:13 -0300] "GET /cormun/servlet/vesolicitudgral?2018,10548,, HTTP/1.1" 200 9299
192.168.10.96 - - [16/Mar/2018:10:12:14 -0300] "GET /cormun/servlet/vesolicitudgral?2018,10548,,SolicitudOTLog HTTP/1.1" 200 9828
192.168.10.96 - - [16/Mar/2018:10:12:14 -0300] "GET /cormun/pexe_scrolldiv.js HTTP/1.1" 404 1009
192.168.10.96 - - [16/Mar/2018:10:12:14 -0300] "GET /cormun/pexe_scrolldiv.js HTTP/1.1" 404 1009
192.168.10.96 - - [16/Mar/2018:10:12:15 -0300] "GET /cormun/servlet/vesolicitudgral?2018,10548,,SolicitudOTLog HTTP/1.1" 200 9829
192.168.10.96 - - [16/Mar/2018:10:12:16 -0300] "POST /cormun/servlet/acontrolpreferencessavestate?None,DZAMUDIO,true HTTP/1.1" 200 35
192.168.10.96 - - [16/Mar/2018:10:12:20 -0300] "GET /cormun/servlet/trsolicitudgral? HTTP/1.1" 200 12107
192.168.10.96 - - [16/Mar/2018:10:12:20 -0300] "GET /cormun/servlet/trsolicitudgral? HTTP/1.1" 200 12101
192.168.10.61 - - [16/Mar/2018:10:12:26 -0300] "POST /cormun/servlet/trsolicitudgral?0983af8861c915ecd8bb95a07de0044b,gx-no-cache=1521203854745,gx-no-cache=1521205782175 HTTP/1.1" 200 8058
192.168.10.97 - - [16/Mar/2018:10:12:32 -0300] "POST /cormun/servlet/solicitudotlog?ee02aa39d5d4e04d5bb9aad72e4c341e,INS,2018,8244,0,REC,,gx-no-cache=1521205906962 HTTP/1.1" 200 93
192.168.10.97 - - [16/Mar/2018:10:12:32 -0300] "GET /cormun/servlet/hpexe_return? HTTP/1.1" 200 1019
192.168.10.97 - - [16/Mar/2018:10:12:33 -0300] "GET /cormun/servlet/trsolicitudgral HTTP/1.1" 200 15798
192.168.10.97 - - [16/Mar/2018:10:12:33 -0300] "GET /cormun/servlet/trsolicitudgral HTTP/1.1" 200 15794
192.168.10.97 - - [16/Mar/2018:10:12:39 -0300] "POST /cormun/servlet/trsolicitudgral?ee02aa39d5d4e04d5bb9aad72e4c341e,gx-no-cache=1521205913336 HTTP/1.1" 200 115
192.168.10.97 - - [16/Mar/2018:10:12:39 -0300] "GET /cormun/servlet/solicitudotlog?INS,2018,8239,0,REC, HTTP/1.1" 200 6360
192.168.10.97 - - [16/Mar/2018:10:12:39 -0300] "GET /cormun/servlet/solicitudotlog?INS,2018,8239,0,REC, HTTP/1.1" 200 6361
192.168.10.97 - - [16/Mar/2018:10:12:39 -0300] "GET /cormun/servlet/solicitudotlog?a7c3f96de7b8235d4d54927e58387acbf9d870e9323c634e6718a1ad0e444e4012806496e18cd46cbe2e738a6f636ac1917059214911f88ce0a26dd288a4031855cb26bc1a2abef2f2acb75427a553832d00214d5a3d0d1b3d5f9888f344fb8a62a703ad68d4d41946e505425d49d0daf556bc799b7ddd648cc5fae137ca0ca944996f579909c558e1700c916b5188f8d1d130e816cc2ca8f106db67b6a5af38,gx-no-cache=1521205914163 HTTP/1.1" 200 94
192.168.10.61 - - [16/Mar/2018:10:12:47 -0300] "GET /cormun/servlet/vesolicitudgral?2018,8351,, HTTP/1.1" 200 9143
192.168.10.61 - - [16/Mar/2018:10:12:47 -0300] "GET /cormun/pexe_scrolldiv.js HTTP/1.1" 404 1009
192.168.10.61 - - [16/Mar/2018:10:12:47 -0300] "GET /cormun/pexe_scrolldiv.js HTTP/1.1" 404 1009
192.168.10.61 - - [16/Mar/2018:10:12:47 -0300] "GET /cormun/servlet/vesolicitudgral?2018,8351,, HTTP/1.1" 200 9120
192.168.10.61 - - [16/Mar/2018:10:12:49 -0300] "POST /cormun/servlet/vesolicitudgral?0983af8861c915ecd8bb95a07de0044b,2018,8351,,,gx-no-cache=1521205804967 HTTP/1.1" 200 115
192.168.10.61 - - [16/Mar/2018:10:12:49 -0300] "GET /cormun/servlet/solicitudotlog?INS,2018,8351,0,REC, HTTP/1.1" 200 6311
192.168.10.61 - - [16/Mar/2018:10:12:50 -0300] "GET /cormun/servlet/solicitudotlog?INS,2018,8351,0,REC, HTTP/1.1" 200 6305
192.168.10.61 - - [16/Mar/2018:10:12:50 -0300] "GET /cormun/servlet/solicitudotlog?b2ff5c2e4a69ee42661f6546fd27e560d2bb5074b7b17c409a3b1f7f34f84c828d5cfb777bc027881986d7968ffa8dd38d663d8b88f783d35caffeff43b738455a4018b31cd7e750fa41eb9813bc0439b5540b14b99b881aff9cdcd4dbff32c1e3f69b5aeba6cba03c2b7e9033cf5ccaa0190c5b9e619deedfa7baca56f5f329cd9f79976884c77b2f8149511fff2c4cf799a5d50e587e3a6fa0005218e783a6,gx-no-cache=1521205805974 HTTP/1.1" 200 94
192.168.10.97 - - [16/Mar/2018:10:13:02 -0300] "POST /cormun/servlet/solicitudotlog?ee02aa39d5d4e04d5bb9aad72e4c341e,INS,2018,8239,0,REC,,gx-no-cache=1521205936829 HTTP/1.1" 200 93
192.168.10.97 - - [16/Mar/2018:10:13:02 -0300] "GET /cormun/servlet/hpexe_return? HTTP/1.1" 200 1019
192.168.10.97 - - [16/Mar/2018:10:13:02 -0300] "GET /cormun/servlet/trsolicitudgral HTTP/1.1" 200 15464
192.168.10.97 - - [16/Mar/2018:10:13:03 -0300] "GET /cormun/servlet/trsolicitudgral HTTP/1.1" 200 15460
192.168.10.61 - - [16/Mar/2018:10:13:11 -0300] "POST /cormun/servlet/solicitudotlog?0983af8861c915ecd8bb95a07de0044b,INS,2018,8351,0,REC,,gx-no-cache=1521205826952 HTTP/1.1" 200 93
192.168.10.61 - - [16/Mar/2018:10:13:11 -0300] "GET /cormun/servlet/hpexe_return? HTTP/1.1" 200 1027
192.168.10.61 - - [16/Mar/2018:10:13:11 -0300] "GET /cormun/servlet/vesolicitudgral?2018,8351,, HTTP/1.1" 200 9131
192.168.10.61 - - [16/Mar/2018:10:13:11 -0300] "GET /cormun/pexe_scrolldiv.js HTTP/1.1" 404 1009
192.168.10.61 - - [16/Mar/2018:10:13:11 -0300] "GET /cormun/pexe_scrolldiv.js HTTP/1.1" 404 1009
192.168.10.61 - - [16/Mar/2018:10:13:12 -0300] "GET /cormun/servlet/vesolicitudgral?2018,8351,, HTTP/1.1" 200 9126
192.168.10.97 - - [16/Mar/2018:10:13:15 -0300] "POST /cormun/servlet/trsolicitudgral?ee02aa39d5d4e04d5bb9aad72e4c341e,gx-no-cache=1521205949473 HTTP/1.1" 200 115
192.168.10.97 - - [16/Mar/2018:10:13:15 -0300] "GET /cormun/servlet/solicitudotlog?INS,2018,8237,0,REC, HTTP/1.1" 200 6360
192.168.10.97 - - [16/Mar/2018:10:13:15 -0300] "GET /cormun/servlet/solicitudotlog?INS,2018,8237,0,REC, HTTP/1.1" 200 6360
192.168.10.97 - - [16/Mar/2018:10:13:16 -0300] "GET /cormun/servlet/solicitudotlog?a7c3f96de7b8235d4d54927e58387acb331c4310f3e2e7aa3834cd47d21e922912806496e18cd46cbe2e738a6f636ac1917059214911f88ce0a26dd288a4031855cb26bc1a2abef2f2acb75427a553832d00214d5a3d0d1b3d5f9888f344fb8a62a703ad68d4d41946e505425d49d0daf556bc799b7ddd648cc5fae137ca0ca944996f579909c558e1700c916b5188f8d1d130e816cc2ca8f106db67b6a5af38,gx-no-cache=1521205950444 HTTP/1.1" 200 94
192.168.10.61 - - [16/Mar/2018:10:13:16 -0300] "POST /cormun/servlet/vesolicitudgral?0983af8861c915ecd8bb95a07de0044b,2018,8351,,,gx-no-cache=1521205831769 HTTP/1.1" 200 93
192.168.10.61 - - [16/Mar/2018:10:13:16 -0300] "GET /cormun/servlet/hpexe_return? HTTP/1.1" 200 1033
192.168.10.61 - - [16/Mar/2018:10:13:16 -0300] "GET /cormun/servlet/trsolicitudgral?gx-no-cache=1521203854745 HTTP/1.1" 200 10706
192.168.10.61 - - [16/Mar/2018:10:13:17 -0300] "GET /cormun/servlet/trsolicitudgral?gx-no-cache=1521203854745 HTTP/1.1" 200 10724
192.168.10.97 - - [16/Mar/2018:10:13:36 -0300] "POST /cormun/servlet/solicitudotlog?ee02aa39d5d4e04d5bb9aad72e4c341e,INS,2018,8237,0,REC,,gx-no-cache=1521205970835 HTTP/1.1" 200 93
192.168.10.97 - - [16/Mar/2018:10:13:36 -0300] "GET /cormun/servlet/hpexe_return? HTTP/1.1" 200 1020
192.168.10.97 - - [16/Mar/2018:10:13:36 -0300] "GET /cormun/servlet/trsolicitudgral HTTP/1.1" 200 15085
192.168.10.97 - - [16/Mar/2018:10:13:37 -0300] "GET /cormun/servlet/trsolicitudgral HTTP/1.1" 200 15080
192.168.10.61 - - [16/Mar/2018:10:13:40 -0300] "POST /cormun/servlet/trsolicitudgral?0983af8861c915ecd8bb95a07de0044b,gx-no-cache=1521203854745,gx-no-cache=1521205855279 HTTP/1.1" 200 12908
192.168.10.97 - - [16/Mar/2018:10:13:43 -0300] "POST /cormun/servlet/trsolicitudgral?ee02aa39d5d4e04d5bb9aad72e4c341e,gx-no-cache=1521205978066 HTTP/1.1" 200 115
192.168.10.97 - - [16/Mar/2018:10:13:43 -0300] "GET /cormun/servlet/solicitudotlog?INS,2018,8228,0,REC, HTTP/1.1" 200 6360
192.168.10.97 - - [16/Mar/2018:10:13:44 -0300] "GET /cormun/servlet/solicitudotlog?INS,2018,8228,0,REC, HTTP/1.1" 200 6360
192.168.10.97 - - [16/Mar/2018:10:13:44 -0300] "GET /cormun/servlet/solicitudotlog?a7c3f96de7b8235d4d54927e58387acb8c827e5e39ba4c81e3b3383237ea6fb012806496e18cd46cbe2e738a6f636ac1917059214911f88ce0a26dd288a4031855cb26bc1a2abef2f2acb75427a553832d00214d5a3d0d1b3d5f9888f344fb8a62a703ad68d4d41946e505425d49d0daf556bc799b7ddd648cc5fae137ca0ca944996f579909c558e1700c916b5188f8d1d130e816cc2ca8f106db67b6a5af38,gx-no-cache=1521205978894 HTTP/1.1" 200 94
192.168.10.97 - - [16/Mar/2018:10:14:05 -0300] "POST /cormun/servlet/solicitudotlog?ee02aa39d5d4e04d5bb9aad72e4c341e,INS,2018,8228,0,REC,,gx-no-cache=1521205999440 HTTP/1.1" 200 93
192.168.10.97 - - [16/Mar/2018:10:14:05 -0300] "GET /cormun/servlet/hpexe_return? HTTP/1.1" 200 1019
192.168.10.97 - - [16/Mar/2018:10:14:05 -0300] "GET /cormun/servlet/trsolicitudgral HTTP/1.1" 200 14685
192.168.10.97 - - [16/Mar/2018:10:14:06 -0300] "GET /cormun/servlet/trsolicitudgral HTTP/1.1" 200 14681
192.168.10.97 - - [16/Mar/2018:10:14:12 -0300] "POST /cormun/servlet/trsolicitudgral?ee02aa39d5d4e04d5bb9aad72e4c341e,gx-no-cache=1521206007073 HTTP/1.1" 200 115
192.168.10.97 - - [16/Mar/2018:10:14:12 -0300] "GET /cormun/servlet/solicitudotlog?INS,2018,8224,0,REC, HTTP/1.1" 200 6360
192.168.10.97 - - [16/Mar/2018:10:14:13 -0300] "GET /cormun/servlet/solicitudotlog?INS,2018,8224,0,REC, HTTP/1.1" 200 6360
192.168.10.97 - - [16/Mar/2018:10:14:13 -0300] "GET /cormun/servlet/solicitudotlog?a7c3f96de7b8235d4d54927e58387acb55228d83b1e45a10624ab9ff915b6c9212806496e18cd46cbe2e738a6f636ac1917059214911f88ce0a26dd288a4031855cb26bc1a2abef2f2acb75427a553832d00214d5a3d0d1b3d5f9888f344fb8a62a703ad68d4d41946e505425d49d0daf556bc799b7ddd648cc5fae137ca0ca944996f579909c558e1700c916b5188f8d1d130e816cc2ca8f106db67b6a5af38,gx-no-cache=1521206007900 HTTP/1.1" 200 94
192.168.10.97 - - [16/Mar/2018:10:14:55 -0300] "POST /cormun/servlet/solicitudotlog?ee02aa39d5d4e04d5bb9aad72e4c341e,INS,2018,8224,0,REC,,gx-no-cache=1521206049455 HTTP/1.1" 200 93
192.168.10.97 - - [16/Mar/2018:10:14:55 -0300] "GET /cormun/servlet/hpexe_return? HTTP/1.1" 200 1019
192.168.10.97 - - [16/Mar/2018:10:14:55 -0300] "GET /cormun/servlet/trsolicitudgral HTTP/1.1" 200 14292
192.168.10.97 - - [16/Mar/2018:10:14:55 -0300] "GET /cormun/servlet/trsolicitudgral HTTP/1.1" 200 14287
192.168.10.97 - - [16/Mar/2018:10:15:01 -0300] "POST /cormun/servlet/trsolicitudgral?ee02aa39d5d4e04d5bb9aad72e4c341e,gx-no-cache=1521206055623 HTTP/1.1" 200 115
192.168.10.97 - - [16/Mar/2018:10:15:01 -0300] "GET /cormun/servlet/solicitudotlog?INS,2018,8222,0,REC, HTTP/1.1" 200 6360
192.168.10.97 - - [16/Mar/2018:10:15:01 -0300] "GET /cormun/servlet/solicitudotlog?INS,2018,8222,0,REC, HTTP/1.1" 200 6361
192.168.10.97 - - [16/Mar/2018:10:15:02 -0300] "GET /cormun/servlet/solicitudotlog?a7c3f96de7b8235d4d54927e58387acb7073ed0e8c00ce089eeeccf8a2b66de212806496e18cd46cbe2e738a6f636ac1917059214911f88ce0a26dd288a4031855cb26bc1a2abef2f2acb75427a553832d00214d5a3d0d1b3d5f9888f344fb8a62a703ad68d4d41946e505425d49d0daf556bc799b7ddd648cc5fae137ca0ca944996f579909c558e1700c916b5188f8d1d130e816cc2ca8f106db67b6a5af38,gx-no-cache=1521206056450 HTTP/1.1" 200 94
192.168.10.97 - - [16/Mar/2018:10:15:27 -0300] "POST /cormun/servlet/solicitudotlog?ee02aa39d5d4e04d5bb9aad72e4c341e,INS,2018,8222,0,REC,,gx-no-cache=1521206081528 HTTP/1.1" 200 93
192.168.10.97 - - [16/Mar/2018:10:15:27 -0300] "GET /cormun/servlet/hpexe_return? HTTP/1.1" 200 1019
192.168.10.97 - - [16/Mar/2018:10:15:27 -0300] "GET /cormun/servlet/trsolicitudgral HTTP/1.1" 200 13847
192.168.10.97 - - [16/Mar/2018:10:15:28 -0300] "GET /cormun/servlet/trsolicitudgral HTTP/1.1" 200 13842
192.168.10.97 - - [16/Mar/2018:10:15:33 -0300] "POST /cormun/servlet/trsolicitudgral?ee02aa39d5d4e04d5bb9aad72e4c341e,gx-no-cache=1521206087111 HTTP/1.1" 200 115
192.168.10.97 - - [16/Mar/2018:10:15:33 -0300] "GET /cormun/servlet/solicitudotlog?INS,2018,8220,0,REC, HTTP/1.1" 200 6360
192.168.10.97 - - [16/Mar/2018:10:15:33 -0300] "GET /cormun/servlet/solicitudotlog?INS,2018,8220,0,REC, HTTP/1.1" 200 6360
192.168.10.97 - - [16/Mar/2018:10:15:33 -0300] "GET /cormun/servlet/solicitudotlog?a7c3f96de7b8235d4d54927e58387acb40e0b040cc9516edf83928e800ac6af412806496e18cd46cbe2e738a6f636ac1917059214911f88ce0a26dd288a4031855cb26bc1a2abef2f2acb75427a553832d00214d5a3d0d1b3d5f9888f344fb8a62a703ad68d4d41946e505425d49d0daf556bc799b7ddd648cc5fae137ca0ca944996f579909c558e1700c916b5188f8d1d130e816cc2ca8f106db67b6a5af38,gx-no-cache=1521206088133 HTTP/1.1" 200 94
192.168.10.96 - - [16/Mar/2018:10:15:48 -0300] "POST /cormun/servlet/trsolicitudgral?f532f42d177a7f7f868e853feb4f7519,,gx-no-cache=1521205983412 HTTP/1.1" 200 5951
192.168.10.97 - - [16/Mar/2018:10:15:57 -0300] "POST /cormun/servlet/solicitudotlog?ee02aa39d5d4e04d5bb9aad72e4c341e,INS,2018,8220,0,REC,,gx-no-cache=1521206111705 HTTP/1.1" 200 93
192.168.10.97 - - [16/Mar/2018:10:15:57 -0300] "GET /cormun/servlet/hpexe_return? HTTP/1.1" 200 1019
192.168.10.97 - - [16/Mar/2018:10:15:57 -0300] "GET /cormun/servlet/trsolicitudgral HTTP/1.1" 200 13396
192.168.10.97 - - [16/Mar/2018:10:15:58 -0300] "GET /cormun/servlet/trsolicitudgral HTTP/1.1" 200 13392
