200.112.7.16 - - [16/Mar/2018:11:34:42 -0300] "GET /cormun/servlet/solicitudot?52be8afe7afb205cf99335fe4fb96d5288f73485343f44d2fbcc772eec221822b8e02a7e396698261ba189b6809913e1,gx-no-cache=1521210833788 HTTP/1.1" 200 30
200.112.7.16 - - [16/Mar/2018:11:34:51 -0300] "POST /cormun/servlet/solicitudot?gx-no-cache=1521210842698 HTTP/1.1" 200 30
192.168.10.56 - - [16/Mar/2018:11:34:55 -0300] "GET /cormun/servlet/hlogin HTTP/1.1" 200 1720
200.112.7.16 - - [16/Mar/2018:11:34:56 -0300] "POST /cormun/servlet/solicitudot?gx-no-cache=1521210847187 HTTP/1.1" 200 30
192.168.10.56 - - [16/Mar/2018:11:34:58 -0300] "POST /cormun/servlet/hlogin?31b3369a44df592bf00cd8bbf4b127cf,gx-no-cache=1521210733706 HTTP/1.1" 200 90
192.168.10.56 - - [16/Mar/2018:11:34:58 -0300] "GET /cormun/servlet/hpexe_link HTTP/1.1" 200 952
192.168.10.56 - - [16/Mar/2018:11:34:58 -0300] "GET /cormun/servlet/hhome HTTP/1.1" 200 3833
200.112.7.16 - - [16/Mar/2018:11:34:58 -0300] "POST /cormun/servlet/solicitudot?gx-no-cache=1521210849441 HTTP/1.1" 200 1333
192.168.10.56 - - [16/Mar/2018:11:34:58 -0300] "GET /cormun/servlet/hhome HTTP/1.1" 200 3829
200.112.7.16 - - [16/Mar/2018:11:34:58 -0300] "POST /cormun/servlet/solicitudot?gx-no-cache=1521210849710 HTTP/1.1" 200 41
200.112.7.16 - - [16/Mar/2018:11:34:59 -0300] "POST /cormun/servlet/solicitudot?gx-no-cache=1521210849841 HTTP/1.1" 200 1318
200.112.7.16 - - [16/Mar/2018:11:34:59 -0300] "POST /cormun/servlet/solicitudot?gx-no-cache=1521210850079 HTTP/1.1" 200 1215
200.112.7.16 - - [16/Mar/2018:11:34:59 -0300] "GET /cormun/servlet/solicitudot?52be8afe7afb205cf99335fe4fb96d5288f73485343f44d2fbcc772eec221822b8e02a7e396698261ba189b6809913e1,gx-no-cache=1521210850804 HTTP/1.1" 200 30
200.112.7.16 - - [16/Mar/2018:11:35:00 -0300] "POST /cormun/servlet/solicitudot?gx-no-cache=1521210850899 HTTP/1.1" 200 30
192.168.10.56 - - [16/Mar/2018:11:35:00 -0300] "GET /cormun/servlet/trautorizarot? HTTP/1.1" 200 18960
192.168.10.56 - - [16/Mar/2018:11:35:01 -0300] "GET /cormun/servlet/trautorizarot? HTTP/1.1" 200 18958
192.168.10.56 - - [16/Mar/2018:11:35:07 -0300] "GET /cormun/static/menuarrow.gif HTTP/1.1" 404 1015
192.168.10.56 - - [16/Mar/2018:11:35:11 -0300] "POST /cormun/servlet/trautorizarot?31b3369a44df592bf00cd8bbf4b127cf,,gx-no-cache=1521210746852 HTTP/1.1" 200 12769
192.168.10.56 - - [16/Mar/2018:11:35:19 -0300] "POST /cormun/servlet/trsolicitudgral?31b3369a44df592bf00cd8bbf4b127cf,gx-no-cache=1521210754595 HTTP/1.1" 200 115
192.168.10.56 - - [16/Mar/2018:11:35:19 -0300] "GET /cormun/servlet/solicitudotlog?INS,2018,8601,0,REC, HTTP/1.1" 200 5651
192.168.10.56 - - [16/Mar/2018:11:35:19 -0300] "GET /cormun/servlet/solicitudotlog?INS,2018,8601,0,REC, HTTP/1.1" 200 5651
192.168.10.56 - - [16/Mar/2018:11:35:20 -0300] "GET /cormun/servlet/solicitudotlog?4800dedb7db551e6356a3eb7c333358ba47f616d003dc3d528739a129e888f5e39d2e46318e2c336a33411ce3ab5a0851f0fc023ac42dfdef7458cc719b7d47463b1d8a8f565ba0a141b61ee7d9025461c6533fd5bf5318e29e2777147c4c68410ac87acfe89d9eedc4210deda7956d2164b33fbfab052f21945afd8d5ea344a3ed8c54fe54c4f8944ae7ee937b17312b43593d81a93c8d9bd16a9e77723d843,gx-no-cache=1521210755499 HTTP/1.1" 200 94
192.168.10.56 - - [16/Mar/2018:11:35:28 -0300] "POST /cormun/servlet/solicitudotlog?31b3369a44df592bf00cd8bbf4b127cf,INS,2018,8601,0,REC,,gx-no-cache=1521210763875 HTTP/1.1" 200 93
192.168.10.56 - - [16/Mar/2018:11:35:28 -0300] "GET /cormun/servlet/hpexe_return? HTTP/1.1" 200 1028
192.168.10.56 - - [16/Mar/2018:11:35:28 -0300] "GET /cormun/servlet/trautorizarot? HTTP/1.1" 200 15799
192.168.10.56 - - [16/Mar/2018:11:35:29 -0300] "GET /cormun/servlet/trautorizarot? HTTP/1.1" 200 15795
192.168.10.56 - - [16/Mar/2018:11:35:37 -0300] "POST /cormun/servlet/trautorizarot?31b3369a44df592bf00cd8bbf4b127cf,,gx-no-cache=1521210772852 HTTP/1.1" 200 12776
192.168.10.56 - - [16/Mar/2018:11:35:40 -0300] "POST /cormun/servlet/trautorizarot?31b3369a44df592bf00cd8bbf4b127cf,,gx-no-cache=1521210775683 HTTP/1.1" 200 12776
192.168.10.56 - - [16/Mar/2018:11:35:40 -0300] "POST /cormun/servlet/trautorizarot?31b3369a44df592bf00cd8bbf4b127cf,,gx-no-cache=1521210776066 HTTP/1.1" 200 12777
192.168.10.56 - - [16/Mar/2018:11:35:45 -0300] "GET /cormun/servlet/hlogin HTTP/1.1" 200 1738
192.168.10.56 - - [16/Mar/2018:11:35:48 -0300] "POST /cormun/servlet/hlogin?31b3369a44df592bf00cd8bbf4b127cf,gx-no-cache=1521210783583 HTTP/1.1" 200 90
192.168.10.56 - - [16/Mar/2018:11:35:48 -0300] "GET /cormun/servlet/hpexe_link HTTP/1.1" 200 952
192.168.10.56 - - [16/Mar/2018:11:35:48 -0300] "GET /cormun/servlet/hhome HTTP/1.1" 200 4495
192.168.10.56 - - [16/Mar/2018:11:35:48 -0300] "GET /cormun/servlet/hhome HTTP/1.1" 200 4493
192.168.10.56 - - [16/Mar/2018:11:35:51 -0300] "GET /cormun/servlet/trsolicitudgral? HTTP/1.1" 200 10794
192.168.10.56 - - [16/Mar/2018:11:35:51 -0300] "GET /cormun/servlet/trsolicitudgral? HTTP/1.1" 200 10792
192.168.10.56 - - [16/Mar/2018:11:36:00 -0300] "POST /cormun/servlet/trsolicitudgral?31b3369a44df592bf00cd8bbf4b127cf,,gx-no-cache=1521210795787 HTTP/1.1" 200 115
192.168.10.56 - - [16/Mar/2018:11:36:00 -0300] "GET /cormun/servlet/solicitudotlog?INS,2018,7764,0,REC, HTTP/1.1" 200 6297
192.168.10.56 - - [16/Mar/2018:11:36:00 -0300] "GET /cormun/servlet/solicitudotlog?INS,2018,7764,0,REC, HTTP/1.1" 200 6298
192.168.10.56 - - [16/Mar/2018:11:36:01 -0300] "GET /cormun/servlet/solicitudotlog?4800dedb7db551e6356a3eb7c333358b5494f6083df619fb8c8ba3d4bf5099b839d2e46318e2c336a33411ce3ab5a0851f0fc023ac42dfdef7458cc719b7d47463b1d8a8f565ba0a141b61ee7d9025461c6533fd5bf5318e29e2777147c4c68410ac87acfe89d9eedc4210deda7956d2164b33fbfab052f21945afd8d5ea344a3ed8c54fe54c4f8944ae7ee937b17312b43593d81a93c8d9bd16a9e77723d843,gx-no-cache=1521210796651 HTTP/1.1" 200 94
192.168.10.56 - - [16/Mar/2018:11:36:10 -0300] "POST /cormun/servlet/solicitudotlog?31b3369a44df592bf00cd8bbf4b127cf,INS,2018,7764,0,REC,,gx-no-cache=1521210805673 HTTP/1.1" 200 93
192.168.10.56 - - [16/Mar/2018:11:36:10 -0300] "GET /cormun/servlet/hpexe_return? HTTP/1.1" 200 1024
192.168.10.56 - - [16/Mar/2018:11:36:10 -0300] "GET /cormun/servlet/trsolicitudgral HTTP/1.1" 200 10371
192.168.10.56 - - [16/Mar/2018:11:36:10 -0300] "GET /cormun/servlet/trsolicitudgral HTTP/1.1" 200 10368
186.79.78.167 - - [16/Mar/2018:11:36:10 -0300] "GET /cormun/servlet/hlogin HTTP/1.1" 200 1728
186.79.78.167 - - [16/Mar/2018:11:36:11 -0300] "GET /cormun/static/gxtimezone.js?85251 HTTP/1.1" 200 5781
186.79.78.167 - - [16/Mar/2018:11:36:11 -0300] "GET /cormun/static/gxcfg.js?20175251213516 HTTP/1.1" 200 953
186.79.78.167 - - [16/Mar/2018:11:36:11 -0300] "GET /cormun/static/Resources/Spanish/PXTools.css?11423723 HTTP/1.1" 200 89042
186.79.78.167 - - [16/Mar/2018:11:36:11 -0300] "GET /cormun/static/messages.spa.js?85251 HTTP/1.1" 200 30736
186.79.78.167 - - [16/Mar/2018:11:36:12 -0300] "GET /cormun/static/hlogin.js?20175251213537 HTTP/1.1" 200 2136
186.79.78.167 - - [16/Mar/2018:11:36:12 -0300] "GET /cormun/static/Resources/ComunLogin.png HTTP/1.1" 200 17326
186.79.78.167 - - [16/Mar/2018:11:36:13 -0300] "GET /cormun/static/gxgral.js?85251 HTTP/1.1" 200 384558
186.79.78.167 - - [16/Mar/2018:11:36:14 -0300] "GET /cormun/static/Resources/PXToolsLoginTop.png HTTP/1.1" 200 1337
186.79.78.167 - - [16/Mar/2018:11:36:14 -0300] "GET /cormun/static/Resources/PXToolsLoginBackground.png HTTP/1.1" 200 1164
186.79.78.167 - - [16/Mar/2018:11:36:14 -0300] "GET /cormun/static/Resources/PXToolsButtonLeft21.png HTTP/1.1" 200 1287
186.79.78.167 - - [16/Mar/2018:11:36:14 -0300] "GET /cormun/servlet/hlogin HTTP/1.1" 200 1734
186.79.78.167 - - [16/Mar/2018:11:36:14 -0300] "GET /cormun/static/Resources/PXToolsButtonBackground2.png HTTP/1.1" 200 1181
186.79.78.167 - - [16/Mar/2018:11:36:14 -0300] "GET /cormun/static/Resources/indicator.gif HTTP/1.1" 200 1553
186.79.78.167 - - [16/Mar/2018:11:36:14 -0300] "GET /cormun/static/Resources/PXToolsButtonRight21.png HTTP/1.1" 200 1283
186.79.78.167 - - [16/Mar/2018:11:36:14 -0300] "GET /cormun/static/Resources/PXToolsButtonBackground2.png HTTP/1.1" 200 1181
186.79.78.167 - - [16/Mar/2018:11:36:14 -0300] "GET /cormun/static/Resources/PXToolsLoginBottom.png HTTP/1.1" 200 1389
186.79.78.167 - - [16/Mar/2018:11:36:14 -0300] "GET /cormun/static/Resources/indicator.gif HTTP/1.1" 200 1553
186.79.78.167 - - [16/Mar/2018:11:36:14 -0300] "GET /cormun/static/Resources/PXToolsLoginBottom.png HTTP/1.1" 200 1389
186.79.78.167 - - [16/Mar/2018:11:36:14 -0300] "GET /cormun/static/Resources/PXToolsButtonRight21.png HTTP/1.1" 200 1283
186.79.78.167 - - [16/Mar/2018:11:36:16 -0300] "POST /cormun/servlet/hlogin?010718ff7c1dd2f9be714ebcd080fc15,gx-no-cache=1521210926279 HTTP/1.1" 200 90
186.79.78.167 - - [16/Mar/2018:11:36:17 -0300] "GET /cormun/servlet/hpexe_link HTTP/1.1" 200 956
186.79.78.167 - - [16/Mar/2018:11:36:17 -0300] "GET /cormun/static/gxcfg.js?20177612121792 HTTP/1.1" 200 953
186.79.78.167 - - [16/Mar/2018:11:36:17 -0300] "GET /cormun/static/hpexe_link.js?20177612121795 HTTP/1.1" 200 625
186.79.78.167 - - [16/Mar/2018:11:36:17 -0300] "GET /cormun/static/Resources/Spanish/PXTools.css?1155365 HTTP/1.1" 200 89042
186.79.78.167 - - [16/Mar/2018:11:36:18 -0300] "GET /cormun/servlet/hhome HTTP/1.1" 200 4166
186.79.78.167 - - [16/Mar/2018:11:36:18 -0300] "GET /cormun/static/SmoothNavMenu/resources/ddsmoothmenu.css?1012540 HTTP/1.1" 200 2223
186.79.78.167 - - [16/Mar/2018:11:36:18 -0300] "GET /cormun/static/SmoothNavMenu/resources/ddsmoothmenu-v.css?1012540 HTTP/1.1" 200 1188
186.79.78.167 - - [16/Mar/2018:11:36:18 -0300] "GET /cormun/static/scaMessage/css/jquery.pnotify.default.css?1716380 HTTP/1.1" 200 1707
186.79.78.167 - - [16/Mar/2018:11:36:18 -0300] "GET /cormun/static/gxcfg.js?20175251212442 HTTP/1.1" 200 953
186.79.78.167 - - [16/Mar/2018:11:36:18 -0300] "GET /cormun/static/PXToolsJavascripts/pexe_autoreload.js HTTP/1.1" 200 1762
186.79.78.167 - - [16/Mar/2018:11:36:18 -0300] "GET /cormun/static/PXToolsJavascripts/pexe_windows.js HTTP/1.1" 200 15207
186.79.78.167 - - [16/Mar/2018:11:36:18 -0300] "GET /cormun/static/PXToolsJavascripts/pexe_grid.js HTTP/1.1" 200 7559
186.79.78.167 - - [16/Mar/2018:11:36:18 -0300] "GET /cormun/static/PXToolsJavascripts/pexe_cookies.js HTTP/1.1" 200 792
186.79.78.167 - - [16/Mar/2018:11:36:18 -0300] "GET /cormun/static/PXToolsJavascripts/pexe_griddivfix.js HTTP/1.1" 200 6644
186.79.78.167 - - [16/Mar/2018:11:36:18 -0300] "GET /cormun/static/PXToolsJavascripts/pexe_link.js HTTP/1.1" 200 5671
186.79.78.167 - - [16/Mar/2018:11:36:18 -0300] "GET /cormun/static/PXToolsJavascripts/pexe_menudivfix.js HTTP/1.1" 200 333
186.79.78.167 - - [16/Mar/2018:11:36:18 -0300] "GET /cormun/static/PXToolsJavascripts/pexe_menus.js HTTP/1.1" 200 1286
186.79.78.167 - - [16/Mar/2018:11:36:18 -0300] "GET /cormun/static/Shared/jqueryui/jquery-ui.min.css?1245370 HTTP/1.1" 200 30288
186.79.78.167 - - [16/Mar/2018:11:36:18 -0300] "GET /cormun/static/PXToolsJavascripts/pexe_layers.js HTTP/1.1" 200 4114
186.79.78.167 - - [16/Mar/2018:11:36:18 -0300] "GET /cormun/static/PXToolsJavascripts/pexe_oav.js HTTP/1.1" 200 645
186.79.78.167 - - [16/Mar/2018:11:36:18 -0300] "GET /cormun/static/PXToolsJavascripts/pexe_oavdivfix.js HTTP/1.1" 200 639
186.79.78.167 - - [16/Mar/2018:11:36:18 -0300] "GET /cormun/static/PXToolsJavascripts/pexe_picture.js HTTP/1.1" 200 689
186.79.78.167 - - [16/Mar/2018:11:36:18 -0300] "GET /cormun/static/PXToolsJavascripts/pexe_popup.js HTTP/1.1" 200 13458
186.79.78.167 - - [16/Mar/2018:11:36:18 -0300] "GET /cormun/static/PXToolsJavascripts/pexe_scrolldiv.js HTTP/1.1" 200 4138
186.79.78.167 - - [16/Mar/2018:11:36:18 -0300] "GET /cormun/static/PXToolsJavascripts/pexe_tabdivfix.js HTTP/1.1" 200 876
186.79.78.167 - - [16/Mar/2018:11:36:18 -0300] "GET /cormun/static/PXToolsJavascripts/pexe_tabs.js HTTP/1.1" 200 3748
186.79.78.167 - - [16/Mar/2018:11:36:18 -0300] "GET /cormun/static/PXToolsJavascripts/pexe_upload.js HTTP/1.1" 200 1423
186.79.78.167 - - [16/Mar/2018:11:36:18 -0300] "GET /cormun/static/PXToolsJavascripts/PXToolsJavascriptsRender.js HTTP/1.1" 200 367
186.79.78.167 - - [16/Mar/2018:11:36:18 -0300] "GET /cormun/static/RunJS/RunJS.js HTTP/1.1" 200 288
186.79.78.167 - - [16/Mar/2018:11:36:18 -0300] "GET /cormun/static/Shared/ext/locale/ext-lang-en.js HTTP/1.1" 200 10940
186.79.78.167 - - [16/Mar/2018:11:36:18 -0300] "GET /cormun/static/hwchdr01.js?201752511465785 HTTP/1.1" 200 1183
186.79.78.167 - - [16/Mar/2018:11:36:18 -0300] "GET /cormun/static/Resources/PXToolsHeaderHome.png HTTP/1.1" 200 4147
186.79.78.167 - - [16/Mar/2018:11:36:19 -0300] "GET /cormun/static/Resources/PXToolsFooterBackground2.png HTTP/1.1" 200 1172
186.79.78.167 - - [16/Mar/2018:11:36:19 -0300] "GET /cormun/static/Resources/PXToolsHeaderBackground2.png HTTP/1.1" 200 1174
186.79.78.167 - - [16/Mar/2018:11:36:19 -0300] "GET /cormun/static/Resources/PXToolsDataTitle.png HTTP/1.1" 200 1173
186.79.78.167 - - [16/Mar/2018:11:36:19 -0300] "GET /cormun/static/Resources/PXToolsHeaderActionsBackground.png HTTP/1.1" 200 484
186.79.78.167 - - [16/Mar/2018:11:36:19 -0300] "GET /cormun/static/Resources/PXToolsHeaderLogin.png HTTP/1.1" 200 4279
186.79.78.167 - - [16/Mar/2018:11:36:19 -0300] "GET /cormun/static/hhome.js?20175251212450 HTTP/1.1" 200 777
186.79.78.167 - - [16/Mar/2018:11:36:19 -0300] "GET /cormun/static/Resources/PXToolsHeaderActionsLeft.png HTTP/1.1" 200 1118
186.79.78.167 - - [16/Mar/2018:11:36:19 -0300] "GET /cormun/static/gxui/gxui-all.js HTTP/1.1" 200 107772
186.79.78.167 - - [16/Mar/2018:11:36:19 -0300] "GET /cormun/static/Resources/logo4.png HTTP/1.1" 200 6582
186.79.78.167 - - [16/Mar/2018:11:36:19 -0300] "GET /cormun/static/Resources/PXToolsHeaderActionsRight.png HTTP/1.1" 200 1201
186.79.78.167 - - [16/Mar/2018:11:36:19 -0300] "GET /cormun/static/Resources/PXToolsHeaderPreferences.png HTTP/1.1" 200 4189
186.79.78.167 - - [16/Mar/2018:11:36:19 -0300] "GET /cormun/static/Resources/PXToolsHeaderSecurity.png HTTP/1.1" 200 4166
186.79.78.167 - - [16/Mar/2018:11:36:19 -0300] "GET /cormun/static/hpexe_recentlink.js?20177611595044 HTTP/1.1" 200 2144
186.79.78.167 - - [16/Mar/2018:11:36:19 -0300] "GET /cormun/static/hpexe_scripts.js?201752511465715 HTTP/1.1" 200 1544
186.79.78.167 - - [16/Mar/2018:11:36:19 -0300] "GET /cormun/static/hpexe_messagecontroller.js?20177611595012 HTTP/1.1" 200 870
186.79.78.167 - - [16/Mar/2018:11:36:19 -0300] "GET /cormun/static/hpexe_messagepopupcomponent.js?20161017169425 HTTP/1.1" 200 605
186.79.78.167 - - [16/Mar/2018:11:36:19 -0300] "GET /cormun/static/hpexe_messagegenexuscomponent.js?201752511465344 HTTP/1.1" 200 587
186.79.78.167 - - [16/Mar/2018:11:36:19 -0300] "GET /cormun/static/cmcontrolpreferences.js?201752511465670 HTTP/1.1" 200 1375
186.79.78.167 - - [16/Mar/2018:11:36:20 -0300] "GET /cormun/static/Shared/jquery/jquery-1.4.2.min.js HTTP/1.1" 200 72174
186.79.78.167 - - [16/Mar/2018:11:36:20 -0300] "GET /cormun/static/SmoothNavMenu/resources/ddsmoothmenu.js HTTP/1.1" 200 12712
186.79.78.167 - - [16/Mar/2018:11:36:20 -0300] "GET /cormun/static/SmoothNavMenu/resources/SmoothNavMenuRender.js HTTP/1.1" 200 5951
186.79.78.167 - - [16/Mar/2018:11:36:20 -0300] "GET /cormun/static/scaMessage/js/jquery.pnotify.min.js HTTP/1.1" 200 13038
186.79.78.167 - - [16/Mar/2018:11:36:21 -0300] "GET /cormun/static/scaMessage/scaMessageRender.js HTTP/1.1" 200 11977
186.79.78.167 - - [16/Mar/2018:11:36:21 -0300] "GET /cormun/static/hmpwkw03.js?20177612122668 HTTP/1.1" 200 3965
186.79.78.167 - - [16/Mar/2018:11:36:21 -0300] "GET /cormun/static/Shared/jquery/jquery-1.10.2.min.js HTTP/1.1" 200 273199
192.168.10.56 - - [16/Mar/2018:11:36:23 -0300] "POST /cormun/servlet/trsolicitudgral?31b3369a44df592bf00cd8bbf4b127cf,gx-no-cache=1521210818435 HTTP/1.1" 200 115
192.168.10.56 - - [16/Mar/2018:11:36:23 -0300] "GET /cormun/servlet/solicitudotlog?INS,2018,7761,0,REC, HTTP/1.1" 200 6296
192.168.10.56 - - [16/Mar/2018:11:36:23 -0300] "GET /cormun/servlet/solicitudotlog?INS,2018,7761,0,REC, HTTP/1.1" 200 6297
186.79.78.167 - - [16/Mar/2018:11:36:23 -0300] "GET /cormun/static/Shared/jqueryui/jquery-ui.min.js HTTP/1.1" 200 240427
192.168.10.56 - - [16/Mar/2018:11:36:23 -0300] "GET /cormun/servlet/solicitudotlog?4800dedb7db551e6356a3eb7c333358b45c0086e2503fb242ef95edf853415e639d2e46318e2c336a33411ce3ab5a0851f0fc023ac42dfdef7458cc719b7d47463b1d8a8f565ba0a141b61ee7d9025461c6533fd5bf5318e29e2777147c4c68410ac87acfe89d9eedc4210deda7956d2164b33fbfab052f21945afd8d5ea344a3ed8c54fe54c4f8944ae7ee937b17312b43593d81a93c8d9bd16a9e77723d843,gx-no-cache=1521210819285 HTTP/1.1" 200 94
186.79.78.167 - - [16/Mar/2018:11:36:29 -0300] "GET /cormun/static/Shared/ext/ext-all.js HTTP/1.1" 200 1289687
186.79.78.167 - - [16/Mar/2018:11:36:30 -0300] "GET /cormun/static/SmoothNavMenu/resources/images/down.gif HTTP/1.1" 200 854
186.79.78.167 - - [16/Mar/2018:11:36:30 -0300] "GET /cormun/static/SmoothNavMenu/resources/images/right.gif HTTP/1.1" 200 860
186.79.78.167 - - [16/Mar/2018:11:36:30 -0300] "GET /cormun/servlet/hhome HTTP/1.1" 200 4163
192.168.10.56 - - [16/Mar/2018:11:36:33 -0300] "POST /cormun/servlet/solicitudotlog?31b3369a44df592bf00cd8bbf4b127cf,INS,2018,7761,0,REC,,gx-no-cache=1521210828737 HTTP/1.1" 200 93
192.168.10.56 - - [16/Mar/2018:11:36:33 -0300] "GET /cormun/servlet/hpexe_return? HTTP/1.1" 200 1023
192.168.10.56 - - [16/Mar/2018:11:36:33 -0300] "GET /cormun/servlet/trsolicitudgral HTTP/1.1" 200 9016
192.168.10.56 - - [16/Mar/2018:11:36:33 -0300] "GET /cormun/servlet/trsolicitudgral HTTP/1.1" 200 9012
186.79.78.167 - - [16/Mar/2018:11:36:39 -0300] "GET /cormun/servlet/trautorizarsolicitud? HTTP/1.1" 200 9656
186.79.78.167 - - [16/Mar/2018:11:36:39 -0300] "GET /cormun/static/gxui/gxui-all.css?120300 HTTP/1.1" 200 2179
186.79.78.167 - - [16/Mar/2018:11:36:39 -0300] "GET /cormun/static/calendar-system.css?85620 HTTP/1.1" 200 5572
186.79.78.167 - - [16/Mar/2018:11:36:39 -0300] "GET /cormun/static/gxcfg.js?2017111423403364 HTTP/1.1" 200 953
186.79.78.167 - - [16/Mar/2018:11:36:39 -0300] "GET /cormun/static/calendar-setup.js?85251 HTTP/1.1" 200 2588
186.79.78.167 - - [16/Mar/2018:11:36:39 -0300] "GET /cormun/static/calendar-es.js?85251 HTTP/1.1" 200 1901
186.79.78.167 - - [16/Mar/2018:11:36:39 -0300] "GET /cormun/static/calendar.js?85251 HTTP/1.1" 200 26246
192.168.10.56 - - [16/Mar/2018:11:36:40 -0300] "POST /cormun/servlet/trautorizarot?31b3369a44df592bf00cd8bbf4b127cf,,gx-no-cache=1521210835308 HTTP/1.1" 200 12779
186.79.78.167 - - [16/Mar/2018:11:36:40 -0300] "GET /cormun/static/Resources/Spanish/PXTools.css?1255365 HTTP/1.1" 200 89042
186.103.159.204 - - [16/Mar/2018:11:36:41 -0300] "POST /cormun/servlet/solicitudot?43db64710f0ff9d44377aac226591a71,INS,0,0,,gx-no-cache=1521210943528 HTTP/1.1" 200 10412
186.103.159.204 - - [16/Mar/2018:11:36:41 -0300] "GET /cormun/static/Shared/jqueryui/images/ui-bg_highlight-soft_100_c6c2c8_1x100.png HTTP/1.1" 404 1117
186.103.159.204 - - [16/Mar/2018:11:36:41 -0300] "GET /cormun/static/Shared/jqueryui/images/ui-bg_flat_55_fafafa_40x100.png HTTP/1.1" 404 1097
186.103.159.204 - - [16/Mar/2018:11:36:41 -0300] "GET /cormun/static/Shared/jqueryui/images/ui-icons_82798d_256x240.png HTTP/1.1" 404 1089
186.103.159.204 - - [16/Mar/2018:11:36:41 -0300] "GET /cormun/static/Shared/jqueryui/images/ui-icons_8d78a5_256x240.png HTTP/1.1" 404 1089
186.79.78.167 - - [16/Mar/2018:11:36:41 -0300] "GET /cormun/static/gxdec.js?85251 HTTP/1.1" 200 19579
186.79.78.167 - - [16/Mar/2018:11:36:42 -0300] "GET /cormun/static/trautorizarsolicitud.js?201711142340425 HTTP/1.1" 200 53910
186.79.78.167 - - [16/Mar/2018:11:36:42 -0300] "GET /cormun/static/Resources/PXTools/calendar.png HTTP/1.1" 200 1306
186.79.78.167 - - [16/Mar/2018:11:36:42 -0300] "GET /cormun/static/Shared/ext/resources/css/ext-all.css?215870 HTTP/1.1" 200 416045
186.79.78.167 - - [16/Mar/2018:11:36:43 -0300] "GET /cormun/static/Resources/PXToolsDataSearch.png HTTP/1.1" 200 419
186.79.78.167 - - [16/Mar/2018:11:36:43 -0300] "GET /cormun/static/Resources/PXToolsGridFirstDisabled.gif HTTP/1.1" 200 100
186.79.78.167 - - [16/Mar/2018:11:36:43 -0300] "GET /cormun/static/Resources/PXToolsGridPreviousDisabled.gif HTTP/1.1" 200 90
186.79.78.167 - - [16/Mar/2018:11:36:43 -0300] "GET /cormun/static/Resources/PXToolsGridNextDisabled.gif HTTP/1.1" 200 90
186.79.78.167 - - [16/Mar/2018:11:36:43 -0300] "GET /cormun/static/Resources/PXToolsGridLastDisabled.gif HTTP/1.1" 200 98
186.79.78.167 - - [16/Mar/2018:11:36:43 -0300] "GET /cormun/static/Resources/PXToolsActionExcel.png HTTP/1.1" 200 3187
186.79.78.167 - - [16/Mar/2018:11:36:43 -0300] "GET /cormun/static/Resources/PXToolsGridPage.gif HTTP/1.1" 200 725
186.79.78.167 - - [16/Mar/2018:11:36:43 -0300] "GET /cormun/static/Resources/asc.gif HTTP/1.1" 200 67
186.79.78.167 - - [16/Mar/2018:11:36:43 -0300] "GET /cormun/static/Resources/desc.gif HTTP/1.1" 200 65
186.79.78.167 - - [16/Mar/2018:11:36:43 -0300] "GET /cormun//static/Resources/PXToolsActionView.png HTTP/1.1" 200 2995
186.79.78.167 - - [16/Mar/2018:11:36:43 -0300] "GET /cormun//static/Resources/PXToolsRemoveAllAction.png HTTP/1.1" 200 3558
186.79.78.167 - - [16/Mar/2018:11:36:43 -0300] "GET /cormun/servlet/trautorizarsolicitud? HTTP/1.1" 200 9654
186.79.78.167 - - [16/Mar/2018:11:36:43 -0300] "GET /cormun//static/Resources/PXTools/ActionInsert.png HTTP/1.1" 200 1482
186.79.78.167 - - [16/Mar/2018:11:36:43 -0300] "GET /cormun//static/Resources/PXToolsGridUpdate.png HTTP/1.1" 200 2984
186.79.78.167 - - [16/Mar/2018:11:36:43 -0300] "GET /cormun/static/Shared/ext/resources/themes/images/default/tools/tool-sprites.gif HTTP/1.1" 200 5434
186.79.78.167 - - [16/Mar/2018:11:36:43 -0300] "GET /cormun/static/Shared/ext/resources/themes/images/default/panel/bg-headersPanel.png HTTP/1.1" 200 255
186.79.78.167 - - [16/Mar/2018:11:36:44 -0300] "GET /cormun//static/Resources/PXToolsGridDelete.png HTTP/1.1" 200 357
186.103.159.204 - - [16/Mar/2018:11:36:47 -0300] "POST /cormun/servlet/solicitudot?43db64710f0ff9d44377aac226591a71,INS,0,0,,gx-no-cache=1521210949443 HTTP/1.1" 200 10462
186.79.78.167 - - [16/Mar/2018:11:36:50 -0300] "POST /cormun/servlet/trautorizarsolicitud?010718ff7c1dd2f9be714ebcd080fc15,,gx-no-cache=1521210959420 HTTP/1.1" 200 6317
186.79.78.167 - - [16/Mar/2018:11:36:51 -0300] "GET /cormun/static/Shared/jqueryui/images/ui-icons_82798d_256x240.png HTTP/1.1" 404 1089
186.79.78.167 - - [16/Mar/2018:11:36:51 -0300] "GET /cormun/static/Shared/jqueryui/images/ui-bg_highlight-soft_100_c6c2c8_1x100.png HTTP/1.1" 404 1117
186.79.78.167 - - [16/Mar/2018:11:36:51 -0300] "GET /cormun/static/Shared/jqueryui/images/ui-bg_flat_55_fafafa_40x100.png HTTP/1.1" 404 1097
186.79.78.167 - - [16/Mar/2018:11:36:51 -0300] "GET /cormun/static/Shared/jqueryui/images/ui-icons_8d78a5_256x240.png HTTP/1.1" 404 1089
192.168.10.56 - - [16/Mar/2018:11:36:51 -0300] "POST /cormun/servlet/trautorizarot?31b3369a44df592bf00cd8bbf4b127cf,,gx-no-cache=1521210846563 HTTP/1.1" 200 5350
186.79.78.167 - - [16/Mar/2018:11:36:52 -0300] "POST /cormun/servlet/trautorizarsolicitud?010718ff7c1dd2f9be714ebcd080fc15,,gx-no-cache=1521210960570 HTTP/1.1" 200 6260
186.103.159.204 - - [16/Mar/2018:11:36:54 -0300] "GET /cormun/servlet/solicitudot?dc9ab677a2b8568b02065c8b9c8422a01458fea3fd72748ec76b1b198c343c7b,gx-no-cache=1521210956732 HTTP/1.1" 200 94
186.103.159.204 - - [16/Mar/2018:11:36:54 -0300] "GET /cormun/static/Shared/jqueryui/images/ui-bg_flat_55_994d53_40x100.png HTTP/1.1" 404 1097
186.103.159.204 - - [16/Mar/2018:11:36:54 -0300] "GET /cormun/static/Shared/jqueryui/images/ui-icons_ebccce_256x240.png HTTP/1.1" 404 1089
186.103.159.204 - - [16/Mar/2018:11:36:54 -0300] "GET /cormun/servlet/solicitudot?dc9ab677a2b8568b02065c8b9c8422a0c9ef97bddc929713fe3c70cee4c87f0c,gx-no-cache=1521210956781 HTTP/1.1" 200 29
186.103.159.204 - - [16/Mar/2018:11:36:55 -0300] "POST /cormun/servlet/solicitudot?gx-no-cache=1521210956825 HTTP/1.1" 200 297
186.103.159.204 - - [16/Mar/2018:11:36:55 -0300] "GET /cormun/servlet/solicitudot?dc9ab677a2b8568b02065c8b9c8422a0aa2ab9394872d6c1e1a16076c614cfd3b4a1297c141b2473000b9a36e8d5ea14d0ff784914af8be949f47079f487d1d6218ca083181e09e0a31f83ddf913da4f832d884a87d211b8b90ef14836db81b7ce3fa7b0b7cc9e04ed9c7b66bcb179e0930c6f713add1532cde75945d2ad04f6f66080831bd5da4aaba77aa4848200209138b4a8248f5f83f07455b4d8214f9d2cb5d989254373fdcf1d84bf48b594274ad321c6ca2ecb627051ac9c639942fea0d09eca32660daedbf577928f5f8a9e9f5e09942f98642f7c5e830c5648618b9959e4ef5576506d3970596d05db01a6650e8b7b5d11fa12c442e29eb258d64a7c07f29d9570519eaadf24a414a71c177401bc0ae175d1a9a6e77a1c9fa2b0774b33a464183bb519405b191e1faad9f6e61dd689ee8d2ad20131a20a00fb6aa241720ac35e84c356e76c50536a4998d77df13eecca75021fbbe5a94e51547102b10d1ea1c981fa6c28867e85d1bed1a13801a409b3949c6a75f6adff8df470cdbdbb51265e31a3818a52dd06d58791ec,gx-no-cache=1521210957599 HTTP/1.1" 200 30
186.79.78.167 - - [16/Mar/2018:11:36:56 -0300] "POST /cormun/servlet/trautorizarsolicitud?010718ff7c1dd2f9be714ebcd080fc15,,gx-no-cache=1521210964620 HTTP/1.1" 200 5778
192.168.10.56 - - [16/Mar/2018:11:36:56 -0300] "POST /cormun/servlet/trsolicitudgral?31b3369a44df592bf00cd8bbf4b127cf,gx-no-cache=1521210851978 HTTP/1.1" 200 9436
186.79.78.167 - - [16/Mar/2018:11:36:58 -0300] "POST /cormun/servlet/trautorizarsolicitud?010718ff7c1dd2f9be714ebcd080fc15,,gx-no-cache=1521210966190 HTTP/1.1" 200 5722
186.103.159.204 - - [16/Mar/2018:11:37:00 -0300] "POST /cormun/servlet/solicitudot?gx-no-cache=1521210962329 HTTP/1.1" 200 30
192.168.10.56 - - [16/Mar/2018:11:37:11 -0300] "POST /cormun/servlet/trautorizarot?31b3369a44df592bf00cd8bbf4b127cf,,gx-no-cache=1521210867200 HTTP/1.1" 200 5172
192.168.10.56 - - [16/Mar/2018:11:37:15 -0300] "GET /cormun/servlet/hlogin HTTP/1.1" 200 1738
186.79.78.167 - - [16/Mar/2018:11:37:22 -0300] "POST /cormun/servlet/trautorizarsolicitud?010718ff7c1dd2f9be714ebcd080fc15,,gx-no-cache=1521210990309 HTTP/1.1" 200 4614
186.79.78.167 - - [16/Mar/2018:11:37:23 -0300] "POST /cormun/servlet/trautorizarsolicitud?010718ff7c1dd2f9be714ebcd080fc15,,gx-no-cache=1521210992186 HTTP/1.1" 200 4385
192.168.10.56 - - [16/Mar/2018:11:37:34 -0300] "POST /cormun/servlet/trsolicitudgral?31b3369a44df592bf00cd8bbf4b127cf,gx-no-cache=1521210890298 HTTP/1.1" 500 10
192.168.10.56 - - [16/Mar/2018:11:37:43 -0300] "GET /cormun/servlet/hlogin HTTP/1.1" 200 1720
192.168.10.56 - - [16/Mar/2018:11:37:45 -0300] "POST /cormun/servlet/hlogin?31b3369a44df592bf00cd8bbf4b127cf,gx-no-cache=1521210900393 HTTP/1.1" 200 90
192.168.10.56 - - [16/Mar/2018:11:37:45 -0300] "GET /cormun/servlet/hpexe_link HTTP/1.1" 200 958
192.168.10.56 - - [16/Mar/2018:11:37:45 -0300] "GET /cormun/servlet/trautorizarot? HTTP/1.1" 200 8889
192.168.10.56 - - [16/Mar/2018:11:37:45 -0300] "GET /cormun/servlet/trautorizarot? HTTP/1.1" 200 8887
192.168.10.56 - - [16/Mar/2018:11:37:46 -0300] "POST /cormun/servlet/acontrolpreferencessavestate?None,OVARGAS,true HTTP/1.1" 200 35
186.103.159.204 - - [16/Mar/2018:11:37:49 -0300] "GET /cormun/servlet/solicitudot?dc9ab677a2b8568b02065c8b9c8422a054c9805abb877ad6fc9da7691b0ae08c7afc6ca20c0804aa3174f0870c512b9c9254fcef5c5e063e8eee27e7c460b7ca,gx-no-cache=1521211012033 HTTP/1.1" 200 30
192.168.10.56 - - [16/Mar/2018:11:37:55 -0300] "GET /cormun/servlet/hlogin HTTP/1.1" 200 1738
192.168.10.56 - - [16/Mar/2018:11:37:57 -0300] "POST /cormun/servlet/hlogin?31b3369a44df592bf00cd8bbf4b127cf,gx-no-cache=1521210912343 HTTP/1.1" 200 90
192.168.10.56 - - [16/Mar/2018:11:37:57 -0300] "GET /cormun/servlet/hpexe_link HTTP/1.1" 200 958
192.168.10.56 - - [16/Mar/2018:11:37:57 -0300] "GET /cormun/servlet/trautorizarot HTTP/1.1" 200 8891
186.103.159.204 - - [16/Mar/2018:11:37:57 -0300] "POST /cormun/servlet/solicitudot?gx-no-cache=1521211019523 HTTP/1.1" 200 1333
192.168.10.56 - - [16/Mar/2018:11:37:57 -0300] "GET /cormun/servlet/trautorizarot HTTP/1.1" 200 8888
186.103.159.204 - - [16/Mar/2018:11:37:57 -0300] "POST /cormun/servlet/solicitudot?gx-no-cache=1521211019667 HTTP/1.1" 200 38
192.168.10.56 - - [16/Mar/2018:11:38:07 -0300] "GET /cormun/servlet/hlogin HTTP/1.1" 200 1737
192.168.10.56 - - [16/Mar/2018:11:38:12 -0300] "GET /cormun/servlet/hlogin HTTP/1.1" 200 1720
192.168.10.56 - - [16/Mar/2018:11:38:15 -0300] "POST /cormun/servlet/hlogin?31b3369a44df592bf00cd8bbf4b127cf,gx-no-cache=1521210930528 HTTP/1.1" 200 90
192.168.10.56 - - [16/Mar/2018:11:38:15 -0300] "GET /cormun/servlet/hpexe_link HTTP/1.1" 200 958
192.168.10.56 - - [16/Mar/2018:11:38:15 -0300] "GET /cormun/servlet/trautorizarot HTTP/1.1" 200 8891
192.168.10.56 - - [16/Mar/2018:11:38:15 -0300] "GET /cormun/servlet/trautorizarot HTTP/1.1" 200 8888
192.168.10.56 - - [16/Mar/2018:11:38:25 -0300] "POST /cormun/servlet/trautorizarot?31b3369a44df592bf00cd8bbf4b127cf,gx-no-cache=1521210940587 HTTP/1.1" 200 5831
192.168.10.56 - - [16/Mar/2018:11:38:32 -0300] "GET /cormun/servlet/trsolicitudgral? HTTP/1.1" 200 12480
192.168.10.56 - - [16/Mar/2018:11:38:33 -0300] "GET /cormun/servlet/trsolicitudgral? HTTP/1.1" 200 12478
192.168.10.56 - - [16/Mar/2018:11:38:45 -0300] "POST /cormun/servlet/trsolicitudgral?31b3369a44df592bf00cd8bbf4b127cf,,gx-no-cache=1521210960691 HTTP/1.1" 200 9140
186.103.159.204 - - [16/Mar/2018:11:39:18 -0300] "GET /cormun/servlet/solicitudot?dc9ab677a2b8568b02065c8b9c8422a0ec5e9cfe28a07d869db775c1c29749721a7853c9294b6888d8127831ab2c94c1fe0aa0f5c79ee27c56c043962d956ce9b8c973876cf9416087350b2e4b5805eb1b0f80c99fde45ebc298489a93a19926bcde86ab3157edc03605057f4ef79d68,gx-no-cache=1521211100534 HTTP/1.1" 200 29
186.103.159.204 - - [16/Mar/2018:11:39:18 -0300] "POST /cormun/servlet/solicitudot?gx-no-cache=1521211100634 HTTP/1.1" 200 1318
186.103.159.204 - - [16/Mar/2018:11:39:18 -0300] "POST /cormun/servlet/solicitudot?gx-no-cache=1521211100787 HTTP/1.1" 200 1215
192.168.10.56 - - [16/Mar/2018:11:39:53 -0300] "POST /cormun/servlet/trsolicitudgral?31b3369a44df592bf00cd8bbf4b127cf,,gx-no-cache=1521211029024 HTTP/1.1" 200 8696
200.112.7.16 - - [16/Mar/2018:11:40:06 -0300] "GET /cormun/servlet/solicitudot?52be8afe7afb205cf99335fe4fb96d52f4d6cbaf143e63150af7920735995d56,gx-no-cache=1521211157524 HTTP/1.1" 200 94
192.168.10.56 - - [16/Mar/2018:11:40:08 -0300] "POST /cormun/servlet/trsolicitudgral?31b3369a44df592bf00cd8bbf4b127cf,,gx-no-cache=1521211043400 HTTP/1.1" 200 7284
200.112.7.16 - - [16/Mar/2018:11:40:12 -0300] "GET /cormun/servlet/prbanco?,MD,,gxPopupLevel%3D0%3B HTTP/1.1" 200 6637
192.168.10.56 - - [16/Mar/2018:11:40:12 -0300] "POST /cormun/servlet/trsolicitudgral?31b3369a44df592bf00cd8bbf4b127cf,,gx-no-cache=1521211047993 HTTP/1.1" 200 8696
200.112.7.16 - - [16/Mar/2018:11:40:16 -0300] "GET /cormun/servlet/solicitudot?52be8afe7afb205cf99335fe4fb96d5278ba0538e1096995b73972d2aca514d2,gx-no-cache=1521211167436 HTTP/1.1" 200 53
186.103.159.204 - - [16/Mar/2018:11:40:19 -0300] "GET /cormun/static/menuarrow.gif HTTP/1.1" 404 1015
192.168.10.56 - - [16/Mar/2018:11:40:21 -0300] "POST /cormun/servlet/trsolicitudgral?31b3369a44df592bf00cd8bbf4b127cf,,gx-no-cache=1521211056638 HTTP/1.1" 200 9140
200.112.7.16 - - [16/Mar/2018:11:40:30 -0300] "GET /cormun/servlet/solicitudot?52be8afe7afb205cf99335fe4fb96d52dda90a4f7bfec50472401a93b13f3ed7518c1524bb673903d76ee4b889b6dfd994118952e09d9e7f96046f26ac98943732cc86cb233826b8680be35161dff1896d2ee2cacd09b379e9ac6f3dea9f8e13040888a785e0d1997dfd702737fcdbb6025d7a6d5a32d2bd012185dbdc5e4236881d949c0ce3efe3f16a7b8a7f55658d1842ee364de55b6982a7dcfea31eb4366bfcac957e064c6f6ca9010e651079ea5cd5723cdb51309d35154b7e7d5a2a3302e6106c5ef2cdc9f8826c4b636fc770eeebd566ab2e26abff076fd052cbecd2584cc98a083db7271598e597612f649e936f0b6e19bfbd40f019bd7955c3b50e3f8f0d145a0a510af6520a3e7eb2a60da9fa116d389fd14076f52c39d124473317c84495f07515b3989ef76e0d9757e509f96500b2532f92cf9e6eb3530cbdab5d7a2e5be7db5dae4fe5f2776aedd00d538dc3a688f3a50b6fd7e07fe78e2912d506beea53b6916e35d591a4889d37f45d8bcd77158b770fd13c07c6004699f006e878a73648b2439e9855cfeea6dadd,gx-no-cache=1521211181376 HTTP/1.1" 200 30
200.112.7.16 - - [16/Mar/2018:11:40:30 -0300] "POST /cormun/servlet/solicitudot?gx-no-cache=1521211181479 HTTP/1.1" 200 30
200.112.7.16 - - [16/Mar/2018:11:40:31 -0300] "POST /cormun/servlet/solicitudot?gx-no-cache=1521211181635 HTTP/1.1" 200 1333
200.112.7.16 - - [16/Mar/2018:11:40:31 -0300] "POST /cormun/servlet/solicitudot?gx-no-cache=1521211182447 HTTP/1.1" 200 41
192.168.10.56 - - [16/Mar/2018:11:41:08 -0300] "POST /cormun/servlet/trsolicitudgral?31b3369a44df592bf00cd8bbf4b127cf,,gx-no-cache=1521211103873 HTTP/1.1" 200 115
192.168.10.56 - - [16/Mar/2018:11:41:08 -0300] "GET /cormun/servlet/solicitudotlog?INS,2018,7806,0,REC, HTTP/1.1" 200 6303
192.168.10.56 - - [16/Mar/2018:11:41:08 -0300] "GET /cormun/servlet/solicitudotlog?INS,2018,7806,0,REC, HTTP/1.1" 200 6303
192.168.10.56 - - [16/Mar/2018:11:41:09 -0300] "GET /cormun/servlet/solicitudotlog?4800dedb7db551e6356a3eb7c333358b2aa594eeb49d77060f0097be295a24a939d2e46318e2c336a33411ce3ab5a0851f0fc023ac42dfdef7458cc719b7d47463b1d8a8f565ba0a141b61ee7d9025461c6533fd5bf5318e29e2777147c4c68410ac87acfe89d9eedc4210deda7956d2164b33fbfab052f21945afd8d5ea344a3ed8c54fe54c4f8944ae7ee937b17312b43593d81a93c8d9bd16a9e77723d843,gx-no-cache=1521211104803 HTTP/1.1" 200 94
192.168.10.56 - - [16/Mar/2018:11:41:19 -0300] "POST /cormun/servlet/solicitudotlog?31b3369a44df592bf00cd8bbf4b127cf,INS,2018,7806,0,REC,,gx-no-cache=1521211114977 HTTP/1.1" 200 93
192.168.10.56 - - [16/Mar/2018:11:41:19 -0300] "GET /cormun/servlet/hpexe_return? HTTP/1.1" 200 1025
192.168.10.56 - - [16/Mar/2018:11:41:19 -0300] "GET /cormun/servlet/trsolicitudgral? HTTP/1.1" 200 12144
192.168.10.56 - - [16/Mar/2018:11:41:20 -0300] "GET /cormun/servlet/trsolicitudgral? HTTP/1.1" 200 12140
192.168.10.56 - - [16/Mar/2018:11:42:02 -0300] "POST /cormun/servlet/trsolicitudgral?31b3369a44df592bf00cd8bbf4b127cf,,gx-no-cache=1521211158080 HTTP/1.1" 200 7300
200.112.7.16 - - [16/Mar/2018:11:42:19 -0300] "POST /cormun/servlet/solicitudot?gx-no-cache=1521211290072 HTTP/1.1" 200 1318
200.112.7.16 - - [16/Mar/2018:11:42:19 -0300] "POST /cormun/servlet/solicitudot?gx-no-cache=1521211290377 HTTP/1.1" 200 1215
200.112.7.16 - - [16/Mar/2018:11:42:19 -0300] "GET /cormun/servlet/solicitudot?52be8afe7afb205cf99335fe4fb96d5288f73485343f44d2fbcc772eec221822b8e02a7e396698261ba189b6809913e1,gx-no-cache=1521211290586 HTTP/1.1" 200 30
200.112.7.16 - - [16/Mar/2018:11:42:20 -0300] "POST /cormun/servlet/solicitudot?gx-no-cache=1521211290715 HTTP/1.1" 200 30
200.112.7.16 - - [16/Mar/2018:11:42:21 -0300] "POST /cormun/servlet/solicitudot?4be58c1bf89ef370f0f389aa07e9391e,INS,0,0,,gx-no-cache=1521211291294 HTTP/1.1" 200 11715
192.168.10.56 - - [16/Mar/2018:11:42:25 -0300] "POST /cormun/servlet/trsolicitudgral?31b3369a44df592bf00cd8bbf4b127cf,,gx-no-cache=1521211180992 HTTP/1.1" 200 7331
192.168.10.56 - - [16/Mar/2018:11:42:33 -0300] "POST /cormun/servlet/trsolicitudgral?31b3369a44df592bf00cd8bbf4b127cf,,gx-no-cache=1521211188359 HTTP/1.1" 200 7319
192.168.10.96 - - [16/Mar/2018:11:42:36 -0300] "GET /cormun/servlet/trcargahorariagral? HTTP/1.1" 200 10579
192.168.10.96 - - [16/Mar/2018:11:42:37 -0300] "GET /cormun/servlet/trcargahorariagral? HTTP/1.1" 200 10579
192.168.10.96 - - [16/Mar/2018:11:42:39 -0300] "POST /cormun/servlet/trcargahorariagral?f532f42d177a7f7f868e853feb4f7519,,gx-no-cache=1521211194370 HTTP/1.1" 200 108
192.168.10.96 - - [16/Mar/2018:11:42:39 -0300] "POST /cormun/servlet/trcargahorariagral?f532f42d177a7f7f868e853feb4f7519,,gx-no-cache=1521211194494 HTTP/1.1" 200 7688
192.168.10.96 - - [16/Mar/2018:11:42:39 -0300] "GET /cormun/CargaHorariaGral-4424.xls HTTP/1.1" 200 58880
192.168.10.56 - - [16/Mar/2018:11:42:50 -0300] "POST /cormun/servlet/trsolicitudgral?31b3369a44df592bf00cd8bbf4b127cf,,gx-no-cache=1521211205430 HTTP/1.1" 200 7312
192.168.10.56 - - [16/Mar/2018:11:43:01 -0300] "GET /cormun/servlet/hlogin HTTP/1.1" 200 1740
192.168.10.56 - - [16/Mar/2018:11:43:05 -0300] "POST /cormun/servlet/hlogin?31b3369a44df592bf00cd8bbf4b127cf,gx-no-cache=1521211220766 HTTP/1.1" 200 90
192.168.10.56 - - [16/Mar/2018:11:43:05 -0300] "GET /cormun/servlet/hpexe_link HTTP/1.1" 200 952
192.168.10.56 - - [16/Mar/2018:11:43:05 -0300] "GET /cormun/servlet/hhome HTTP/1.1" 200 3833
192.168.10.56 - - [16/Mar/2018:11:43:05 -0300] "GET /cormun/servlet/hhome HTTP/1.1" 200 3829
192.168.10.56 - - [16/Mar/2018:11:43:08 -0300] "GET /cormun/servlet/trautorizarot? HTTP/1.1" 200 8174
192.168.10.56 - - [16/Mar/2018:11:43:08 -0300] "GET /cormun/servlet/trautorizarot? HTTP/1.1" 200 8172
192.168.10.56 - - [16/Mar/2018:11:43:14 -0300] "POST /cormun/servlet/trautorizarot?31b3369a44df592bf00cd8bbf4b127cf,,gx-no-cache=1521211229838 HTTP/1.1" 200 5173
192.168.10.56 - - [16/Mar/2018:11:43:24 -0300] "POST /cormun/servlet/trautorizarot?31b3369a44df592bf00cd8bbf4b127cf,,gx-no-cache=1521211239142 HTTP/1.1" 200 25386
186.103.159.204 - - [16/Mar/2018:11:43:40 -0300] "GET /cormun/servlet/solicitudot?dc9ab677a2b8568b02065c8b9c8422a06f53ac7684f9363c8ca257d8e69140a751dc37190e16ab916ef18dd9b1a72697,gx-no-cache=1521211362206 HTTP/1.1" 200 30
200.112.7.16 - - [16/Mar/2018:11:43:41 -0300] "GET /cormun/servlet/solicitudot?52be8afe7afb205cf99335fe4fb96d520ca251760b201bc024ba82d4d0d6548a48a60a6a8a96276d81abb52faaa07e70fd234b0b601b8a01e9a4d21090de03d34d43cd94f79b640a03d5a5cfe7d2f490,gx-no-cache=1521211371950 HTTP/1.1" 200 30
200.112.7.16 - - [16/Mar/2018:11:43:41 -0300] "GET /cormun/servlet/solicitudot?52be8afe7afb205cf99335fe4fb96d52dda90a4f7bfec50472401a93b13f3ed7518c1524bb673903d76ee4b889b6dfd994118952e09d9e7f96046f26ac98943732cc86cb233826b8680be35161dff1896d2ee2cacd09b379e9ac6f3dea9f8e13040888a785e0d1997dfd702737fcdbb6025d7a6d5a32d2bd012185dbdc5e4236881d949c0ce3efe3f16a7b8a7f55658d1842ee364de55b6982a7dcfea31eb4366bfcac957e064c6f6ca9010e651079ea5cd5723cdb51309d35154b7e7d5a2a3302e6106c5ef2cdc9f8826c4b636fc770eeebd566ab2e26abff076fd052cbecd2584cc98a083db7271598e597612f649e936f0b6e19bfbd40f019bd7955c3b50e3f8f0d145a0a510af6520a3e7eb2a60da9fa116d389fd14076f52c39d124473317c84495f07515b3989ef76e0d9757e509f96500b2532f92cf9e6eb3530cbdab5d7a2e5be7db5dae4fe5f2776aedd00d538dc3a688f3a50b6fd7e07fe78e2912d506beea53b6916e35d591a4889d37f45d8bcd77158b770fd13c07c6004699f006e878a73648b2439e9855cfeea6dadd,gx-no-cache=1521211372143 HTTP/1.1" 200 30
200.112.7.16 - - [16/Mar/2018:11:43:41 -0300] "POST /cormun/servlet/solicitudot?gx-no-cache=1521211372273 HTTP/1.1" 200 30
200.112.7.16 - - [16/Mar/2018:11:43:41 -0300] "POST /cormun/servlet/solicitudot?gx-no-cache=1521211372409 HTTP/1.1" 200 1333
200.112.7.16 - - [16/Mar/2018:11:43:41 -0300] "POST /cormun/servlet/solicitudot?gx-no-cache=1521211372650 HTTP/1.1" 200 41
200.112.7.16 - - [16/Mar/2018:11:43:42 -0300] "POST /cormun/servlet/solicitudot?gx-no-cache=1521211372784 HTTP/1.1" 200 1318
200.112.7.16 - - [16/Mar/2018:11:43:42 -0300] "POST /cormun/servlet/solicitudot?gx-no-cache=1521211373011 HTTP/1.1" 200 1215
200.112.7.16 - - [16/Mar/2018:11:43:42 -0300] "GET /cormun/servlet/solicitudot?52be8afe7afb205cf99335fe4fb96d5288f73485343f44d2fbcc772eec221822b8e02a7e396698261ba189b6809913e1,gx-no-cache=1521211373229 HTTP/1.1" 200 30
200.112.7.16 - - [16/Mar/2018:11:43:42 -0300] "POST /cormun/servlet/solicitudot?gx-no-cache=1521211373317 HTTP/1.1" 200 30
200.112.7.16 - - [16/Mar/2018:11:43:43 -0300] "POST /cormun/servlet/solicitudot?4be58c1bf89ef370f0f389aa07e9391e,INS,0,0,,gx-no-cache=1521211373473 HTTP/1.1" 200 93
200.112.7.16 - - [16/Mar/2018:11:43:43 -0300] "GET /cormun/servlet/hpexe_return? HTTP/1.1" 200 1010
200.112.7.16 - - [16/Mar/2018:11:43:43 -0300] "GET /cormun/servlet/trsolicitudot HTTP/1.1" 200 8459
200.112.7.16 - - [16/Mar/2018:11:43:44 -0300] "GET /cormun/servlet/trsolicitudot HTTP/1.1" 200 8455
192.168.10.56 - - [16/Mar/2018:11:43:46 -0300] "POST /cormun/servlet/trautorizarot?31b3369a44df592bf00cd8bbf4b127cf,,gx-no-cache=1521211261356 HTTP/1.1" 200 24266
200.112.7.16 - - [16/Mar/2018:11:43:46 -0300] "POST /cormun/servlet/trsolicitudot?4be58c1bf89ef370f0f389aa07e9391e,gx-no-cache=1521211377017 HTTP/1.1" 200 107
200.112.7.16 - - [16/Mar/2018:11:43:47 -0300] "GET /cormun/servlet/trsolicitudadjuntos?2018,10566, HTTP/1.1" 200 6101
200.112.7.16 - - [16/Mar/2018:11:43:47 -0300] "GET /cormun/servlet/trsolicitudadjuntos?2018,10566, HTTP/1.1" 200 6101
200.112.7.16 - - [16/Mar/2018:11:43:49 -0300] "GET /cormun/servlet/solicitudotadjuntos?INS,2018,10566,,1, HTTP/1.1" 200 6048
200.112.7.16 - - [16/Mar/2018:11:43:49 -0300] "GET /cormun/static/about:blank HTTP/1.1" 404 1011
200.112.7.16 - - [16/Mar/2018:11:43:49 -0300] "GET /cormun/servlet/solicitudotadjuntos?INS,2018,10566,,1, HTTP/1.1" 200 6042
200.112.7.16 - - [16/Mar/2018:11:43:50 -0300] "GET /cormun/servlet/solicitudotadjuntos?52be8afe7afb205cf99335fe4fb96d52fb03fea648a5e83b114639799936f751cc3e0a081a54ffd5a56e00e7b40176c2,gx-no-cache=1521211381106 HTTP/1.1" 200 30
200.112.7.16 - - [16/Mar/2018:11:43:50 -0300] "POST /cormun/servlet/solicitudotadjuntos?4be58c1bf89ef370f0f389aa07e9391e,INS,2018,10566,,1,,gx-no-cache=1521211381310 HTTP/1.1" 200 3798
200.112.7.16 - - [16/Mar/2018:11:43:52 -0300] "POST /cormun/servlet/solicitudotadjuntos?gx-no-cache=1521211383650 HTTP/1.1" 200 26
186.103.159.204 - - [16/Mar/2018:11:43:55 -0300] "POST /cormun/servlet/solicitudot?gx-no-cache=1521211377404 HTTP/1.1" 200 30
200.112.7.16 - - [16/Mar/2018:11:44:13 -0300] "GET /cormun/servlet/solicitudotadjuntos?52be8afe7afb205cf99335fe4fb96d528daf3ba5699d445d362b3a940eb94653,gx-no-cache=1521211404535 HTTP/1.1" 200 30
200.112.7.16 - - [16/Mar/2018:11:44:13 -0300] "GET /cormun/servlet/solicitudotadjuntos?52be8afe7afb205cf99335fe4fb96d528daf3ba5699d445d362b3a940eb94653,gx-no-cache=1521211404719 HTTP/1.1" 200 30
200.112.7.16 - - [16/Mar/2018:11:44:17 -0300] "POST /cormun/servlet/solicitudotadjuntos?4be58c1bf89ef370f0f389aa07e9391e,INS,2018,10566,,1, HTTP/1.1" 200 116
192.168.10.56 - - [16/Mar/2018:11:44:17 -0300] "POST /cormun/servlet/trautorizarot?31b3369a44df592bf00cd8bbf4b127cf,,gx-no-cache=1521211292170 HTTP/1.1" 200 8845
200.112.7.16 - - [16/Mar/2018:11:44:17 -0300] "GET /cormun/servlet/hpexe_return? HTTP/1.1" 200 1030
200.112.7.16 - - [16/Mar/2018:11:44:17 -0300] "GET /cormun/servlet/trsolicitudadjuntos?2018,10566, HTTP/1.1" 200 8552
200.112.7.16 - - [16/Mar/2018:11:44:18 -0300] "GET /cormun/servlet/trsolicitudadjuntos?2018,10566, HTTP/1.1" 200 8548
186.103.159.204 - - [16/Mar/2018:11:44:19 -0300] "POST /cormun/servlet/solicitudot?43db64710f0ff9d44377aac226591a71,INS,0,0,,gx-no-cache=1521211401353 HTTP/1.1" 200 93
186.103.159.204 - - [16/Mar/2018:11:44:19 -0300] "GET /cormun/servlet/hpexe_return? HTTP/1.1" 200 1011
186.103.159.204 - - [16/Mar/2018:11:44:19 -0300] "GET /cormun/static/gxcfg.js?2016101716175148 HTTP/1.1" 304 -
186.103.159.204 - - [16/Mar/2018:11:44:19 -0300] "GET /cormun/servlet/trsolicitudot? HTTP/1.1" 200 10119
186.103.159.204 - - [16/Mar/2018:11:44:20 -0300] "GET /cormun/servlet/trsolicitudot? HTTP/1.1" 200 10115
200.112.7.16 - - [16/Mar/2018:11:44:20 -0300] "GET /cormun/servlet/solicitudotadjuntos?INS,2018,10566,,1, HTTP/1.1" 200 6048
200.112.7.16 - - [16/Mar/2018:11:44:21 -0300] "GET /cormun/static/about:blank HTTP/1.1" 404 1011
200.112.7.16 - - [16/Mar/2018:11:44:21 -0300] "GET /cormun/servlet/solicitudotadjuntos?INS,2018,10566,,1, HTTP/1.1" 200 6042
200.112.7.16 - - [16/Mar/2018:11:44:21 -0300] "GET /cormun/servlet/solicitudotadjuntos?52be8afe7afb205cf99335fe4fb96d52fb03fea648a5e83b114639799936f751cc3e0a081a54ffd5a56e00e7b40176c2,gx-no-cache=1521211412462 HTTP/1.1" 200 30
200.112.7.16 - - [16/Mar/2018:11:44:21 -0300] "POST /cormun/servlet/solicitudotadjuntos?4be58c1bf89ef370f0f389aa07e9391e,INS,2018,10566,,1,,gx-no-cache=1521211412601 HTTP/1.1" 200 3798
200.112.7.16 - - [16/Mar/2018:11:44:23 -0300] "POST /cormun/servlet/solicitudotadjuntos?gx-no-cache=1521211414693 HTTP/1.1" 200 26
192.168.10.56 - - [16/Mar/2018:11:44:24 -0300] "POST /cormun/servlet/trautorizarot?31b3369a44df592bf00cd8bbf4b127cf,,gx-no-cache=1521211300175 HTTP/1.1" 200 7353
192.168.10.56 - - [16/Mar/2018:11:44:29 -0300] "POST /cormun/servlet/trautorizarot?31b3369a44df592bf00cd8bbf4b127cf,,gx-no-cache=1521211304725 HTTP/1.1" 200 115
192.168.10.56 - - [16/Mar/2018:11:44:29 -0300] "GET /cormun/servlet/solicitudotlog?INS,2018,8264,0,APR, HTTP/1.1" 200 5652
192.168.10.56 - - [16/Mar/2018:11:44:29 -0300] "GET /cormun/servlet/solicitudotlog?INS,2018,8264,0,APR, HTTP/1.1" 200 5652
192.168.10.56 - - [16/Mar/2018:11:44:30 -0300] "GET /cormun/servlet/solicitudotlog?4800dedb7db551e6356a3eb7c333358b6c1bf7c4c6527eb1177d1cfb836d029b39d2e46318e2c336a33411ce3ab5a0851f0fc023ac42dfdef7458cc719b7d47463b1d8a8f565ba0a141b61ee7d9025461c6533fd5bf5318e29e2777147c4c68410ac87acfe89d9eedc4210deda7956d2164b33fbfab052f21945afd8d5ea344a3ed8c54fe54c4f8944ae7ee937b17312b43593d81a93c8d9bd16a9e77723d843,gx-no-cache=1521211305642 HTTP/1.1" 200 94
200.112.7.16 - - [16/Mar/2018:11:44:32 -0300] "GET /cormun/servlet/solicitudotadjuntos?52be8afe7afb205cf99335fe4fb96d528daf3ba5699d445d362b3a940eb94653,gx-no-cache=1521211423414 HTTP/1.1" 200 30
200.112.7.16 - - [16/Mar/2018:11:44:33 -0300] "GET /cormun/servlet/solicitudotadjuntos?52be8afe7afb205cf99335fe4fb96d528daf3ba5699d445d362b3a940eb94653,gx-no-cache=1521211423594 HTTP/1.1" 200 30
200.112.7.16 - - [16/Mar/2018:11:44:34 -0300] "POST /cormun/servlet/solicitudotadjuntos?4be58c1bf89ef370f0f389aa07e9391e,INS,2018,10566,,1, HTTP/1.1" 200 116
200.112.7.16 - - [16/Mar/2018:11:44:34 -0300] "GET /cormun/servlet/hpexe_return? HTTP/1.1" 200 1030
200.112.7.16 - - [16/Mar/2018:11:44:34 -0300] "GET /cormun/servlet/trsolicitudadjuntos?2018,10566, HTTP/1.1" 200 8779
200.112.7.16 - - [16/Mar/2018:11:44:35 -0300] "GET /cormun/servlet/trsolicitudadjuntos?2018,10566, HTTP/1.1" 200 8776
200.112.7.16 - - [16/Mar/2018:11:44:37 -0300] "GET /cormun/servlet/solicitudotadjuntos?INS,2018,10566,,1, HTTP/1.1" 200 6048
200.112.7.16 - - [16/Mar/2018:11:44:37 -0300] "GET /cormun/static/about:blank HTTP/1.1" 404 1011
200.112.7.16 - - [16/Mar/2018:11:44:37 -0300] "GET /cormun/servlet/solicitudotadjuntos?INS,2018,10566,,1, HTTP/1.1" 200 6042
200.112.7.16 - - [16/Mar/2018:11:44:38 -0300] "GET /cormun/servlet/solicitudotadjuntos?52be8afe7afb205cf99335fe4fb96d52fb03fea648a5e83b114639799936f751cc3e0a081a54ffd5a56e00e7b40176c2,gx-no-cache=1521211428817 HTTP/1.1" 200 30
200.112.7.16 - - [16/Mar/2018:11:44:38 -0300] "POST /cormun/servlet/solicitudotadjuntos?4be58c1bf89ef370f0f389aa07e9391e,INS,2018,10566,,1,,gx-no-cache=1521211429293 HTTP/1.1" 200 3798
186.103.159.204 - - [16/Mar/2018:11:44:40 -0300] "POST /cormun/servlet/trsolicitudot?43db64710f0ff9d44377aac226591a71,,gx-no-cache=1521211422344 HTTP/1.1" 200 7572
186.103.159.204 - - [16/Mar/2018:11:44:40 -0300] "GET /cormun/static/Shared/jqueryui/images/ui-bg_highlight-soft_100_c6c2c8_1x100.png HTTP/1.1" 404 1117
186.103.159.204 - - [16/Mar/2018:11:44:40 -0300] "GET /cormun/static/Shared/jqueryui/images/ui-icons_82798d_256x240.png HTTP/1.1" 404 1089
186.103.159.204 - - [16/Mar/2018:11:44:40 -0300] "GET /cormun/static/Shared/jqueryui/images/ui-bg_flat_55_fafafa_40x100.png HTTP/1.1" 404 1097
186.103.159.204 - - [16/Mar/2018:11:44:40 -0300] "GET /cormun/static/Shared/jqueryui/images/ui-icons_8d78a5_256x240.png HTTP/1.1" 404 1089
192.168.10.56 - - [16/Mar/2018:11:44:41 -0300] "POST /cormun/servlet/solicitudotlog?31b3369a44df592bf00cd8bbf4b127cf,INS,2018,8264,0,APR,,gx-no-cache=1521211316440 HTTP/1.1" 200 93
192.168.10.56 - - [16/Mar/2018:11:44:41 -0300] "GET /cormun/servlet/hpexe_return? HTTP/1.1" 200 1028
192.168.10.56 - - [16/Mar/2018:11:44:41 -0300] "GET /cormun/servlet/trautorizarot? HTTP/1.1" 200 9965
192.168.10.56 - - [16/Mar/2018:11:44:41 -0300] "GET /cormun/servlet/trautorizarot? HTTP/1.1" 200 9961
200.112.7.16 - - [16/Mar/2018:11:44:42 -0300] "POST /cormun/servlet/solicitudotadjuntos?gx-no-cache=1521211432782 HTTP/1.1" 200 26
192.168.10.56 - - [16/Mar/2018:11:44:43 -0300] "POST /cormun/servlet/trautorizarot?31b3369a44df592bf00cd8bbf4b127cf,,gx-no-cache=1521211318488 HTTP/1.1" 200 115
192.168.10.56 - - [16/Mar/2018:11:44:43 -0300] "GET /cormun/servlet/solicitudotlog?INS,2018,8097,0,APR, HTTP/1.1" 200 5652
192.168.10.56 - - [16/Mar/2018:11:44:43 -0300] "GET /cormun/servlet/solicitudotlog?INS,2018,8097,0,APR, HTTP/1.1" 200 5653
192.168.10.56 - - [16/Mar/2018:11:44:43 -0300] "GET /cormun/servlet/solicitudotlog?4800dedb7db551e6356a3eb7c333358b3cb01346b4365242d59575fd63433b2439d2e46318e2c336a33411ce3ab5a0851f0fc023ac42dfdef7458cc719b7d47463b1d8a8f565ba0a141b61ee7d9025461c6533fd5bf5318e29e2777147c4c68410ac87acfe89d9eedc4210deda7956d2164b33fbfab052f21945afd8d5ea344a3ed8c54fe54c4f8944ae7ee937b17312b43593d81a93c8d9bd16a9e77723d843,gx-no-cache=1521211319311 HTTP/1.1" 200 94
192.168.10.56 - - [16/Mar/2018:11:44:45 -0300] "POST /cormun/servlet/solicitudotlog?31b3369a44df592bf00cd8bbf4b127cf,INS,2018,8097,0,APR,,gx-no-cache=1521211320789 HTTP/1.1" 200 93
192.168.10.56 - - [16/Mar/2018:11:44:45 -0300] "GET /cormun/servlet/hpexe_return? HTTP/1.1" 200 1027
192.168.10.56 - - [16/Mar/2018:11:44:45 -0300] "GET /cormun/servlet/trautorizarot HTTP/1.1" 200 9551
192.168.10.56 - - [16/Mar/2018:11:44:45 -0300] "GET /cormun/servlet/trautorizarot HTTP/1.1" 200 9547
192.168.10.56 - - [16/Mar/2018:11:44:47 -0300] "POST /cormun/servlet/trautorizarot?31b3369a44df592bf00cd8bbf4b127cf,gx-no-cache=1521211322800 HTTP/1.1" 200 115
192.168.10.56 - - [16/Mar/2018:11:44:47 -0300] "GET /cormun/servlet/solicitudotlog?INS,2018,8090,0,APR, HTTP/1.1" 200 5652
192.168.10.56 - - [16/Mar/2018:11:44:47 -0300] "GET /cormun/servlet/solicitudotlog?INS,2018,8090,0,APR, HTTP/1.1" 200 5653
192.168.10.56 - - [16/Mar/2018:11:44:48 -0300] "GET /cormun/servlet/solicitudotlog?4800dedb7db551e6356a3eb7c333358b953be56a814435967b2312335b2f60dd39d2e46318e2c336a33411ce3ab5a0851f0fc023ac42dfdef7458cc719b7d47463b1d8a8f565ba0a141b61ee7d9025461c6533fd5bf5318e29e2777147c4c68410ac87acfe89d9eedc4210deda7956d2164b33fbfab052f21945afd8d5ea344a3ed8c54fe54c4f8944ae7ee937b17312b43593d81a93c8d9bd16a9e77723d843,gx-no-cache=1521211323614 HTTP/1.1" 200 94
