192.168.10.61 - - [16/Mar/2018:09:54:58 -0300] "GET /cormun/static/Shared/jqueryui/images/ui-icons_8d78a5_256x240.png HTTP/1.1" 404 1089
192.168.10.61 - - [16/Mar/2018:09:54:58 -0300] "POST /cormun/servlet/vesolicitudgral?0983af8861c915ecd8bb95a07de0044b,2018,10457,,,gx-no-cache=1521204734202 HTTP/1.1" 200 11976
192.168.10.61 - - [16/Mar/2018:09:55:01 -0300] "POST /cormun/servlet/vesolicitudgral?0983af8861c915ecd8bb95a07de0044b,2018,10457,,,gx-no-cache=1521204736484 HTTP/1.1" 200 93
192.168.10.61 - - [16/Mar/2018:09:55:01 -0300] "GET /cormun/servlet/hpexe_return? HTTP/1.1" 200 1034
192.168.10.61 - - [16/Mar/2018:09:55:01 -0300] "GET /cormun/servlet/trsolicitudgral?gx-no-cache=1521203854745 HTTP/1.1" 200 13278
192.168.10.61 - - [16/Mar/2018:09:55:01 -0300] "GET /cormun/servlet/trsolicitudgral?gx-no-cache=1521203854745 HTTP/1.1" 200 13295
192.168.10.96 - - [16/Mar/2018:09:55:02 -0300] "POST /cormun/servlet/trsolicitudgral?f532f42d177a7f7f868e853feb4f7519,,gx-no-cache=1521204737776 HTTP/1.1" 200 7650
192.168.10.96 - - [16/Mar/2018:09:55:02 -0300] "GET /cormun/static/Shared/jqueryui/images/ui-bg_highlight-soft_100_c6c2c8_1x100.png HTTP/1.1" 404 1117
192.168.10.96 - - [16/Mar/2018:09:55:02 -0300] "GET /cormun/static/Shared/jqueryui/images/ui-icons_82798d_256x240.png HTTP/1.1" 404 1089
192.168.10.96 - - [16/Mar/2018:09:55:02 -0300] "GET /cormun/static/Shared/jqueryui/images/ui-bg_flat_55_fafafa_40x100.png HTTP/1.1" 404 1097
192.168.10.96 - - [16/Mar/2018:09:55:02 -0300] "GET /cormun/static/Shared/jqueryui/images/ui-icons_8d78a5_256x240.png HTTP/1.1" 404 1089
192.168.10.89 - - [16/Mar/2018:09:55:03 -0300] "GET /cormun/servlet/solicitudgral?b7607daaad1ecc83f6791462fccc069ec476c6116952bacae141b3ae5e3a4c359811e242f3b91bd302cd6f665d293547b4f67a78759b4112aaedf11c61128dd018e94ef231d9f19afff0c19f8e3d3ef257fb7a18f09e8e2f2aaaadacece1d1a3bfdc50105d2bd6bc1f025c9417ff5ac575fa70538c191690175e9a344a2a4ed133361dae3d1f177ec3cbefb3a03267489fdd202a5f0240711b78922d87a501e15b90c15587c806a2684312b49f17362cd7a44689b76d6597c77588931f1568ba6603851c0c3e65a28c3a4dde485d77a6bab60495d87409af4c5d2db86c9dd33a5216f95252540788c6e9e0bf128ddff748a28a13b30779479392ddc457f36bf6fc71efee6d6cbad4adc7ef463b3e458428aa04a2247f9eebba0635342bc61f8c875ce7bb063dce552ae59c10ee4fe665ba105f438373e5611992e16b04bbd5c7ccb0433427ac88f4252130553a55344ec072a313ade5fb0d7c7bdd829da6519f35c0b6e5fd036ee46483c5a0895ea39d0cfd45b928256ae38904056b7dca2ff1b58dc0cdfc2ba6df8e86d8927893d3831336ff87705ba8831ea69f9667dec2a110b4b383772d7e5d3366b333b0cf5042,gx-no-cache=1521204738454 HTTP/1.1" 200 48
192.168.10.89 - - [16/Mar/2018:09:55:04 -0300] "POST /cormun/servlet/solicitudgral?a19a48321fca7bddd40672d45903aea9,UPD,2018,10448,,gx-no-cache=1521204739766 HTTP/1.1" 200 11860
192.168.10.89 - - [16/Mar/2018:09:55:05 -0300] "GET /cormun/servlet/solicitudgral?b7607daaad1ecc83f6791462fccc069e6e542da20bb52d00a918acdc141ed98cc589f0ce53e5fd5243d77f01608fbeac6a87588eed6bf71c51cae82e6950e7ee5d93f6151251e7465ccf45218e91262ea6dc7f777d97a82fd0ee2725899b74c0c0533fd79cf1197b312604908e4f17d9,gx-no-cache=1521204741265 HTTP/1.1" 200 29
192.168.10.89 - - [16/Mar/2018:09:55:05 -0300] "POST /cormun/servlet/solicitudgral?gx-no-cache=1521204741303 HTTP/1.1" 200 1296
192.168.10.89 - - [16/Mar/2018:09:55:05 -0300] "POST /cormun/servlet/solicitudgral?gx-no-cache=1521204741347 HTTP/1.1" 200 1218
186.103.159.230 - - [16/Mar/2018:09:55:06 -0300] "GET /cormun/servlet/prfichaempleado?,MD,,gxPopupLevel%3D0%3B HTTP/1.1" 200 9299
192.168.10.89 - - [16/Mar/2018:09:55:21 -0300] "POST /cormun/servlet/solicitudgral?a19a48321fca7bddd40672d45903aea9,UPD,2018,10448,,gx-no-cache=1521204756421 HTTP/1.1" 200 93
192.168.10.89 - - [16/Mar/2018:09:55:21 -0300] "GET /cormun/servlet/hpexe_return? HTTP/1.1" 200 1013
192.168.10.89 - - [16/Mar/2018:09:55:21 -0300] "GET /cormun/servlet/trsolicitudgral? HTTP/1.1" 200 10763
186.103.159.230 - - [16/Mar/2018:09:55:22 -0300] "POST /cormun/servlet/prfichaempleado?921439b401ec18f7150f45244ce15246,,MD,,gxPopupLevel%3D0%3B,gx-no-cache=1521204880080 HTTP/1.1" 200 3409
186.103.159.230 - - [16/Mar/2018:09:55:27 -0300] "GET /cormun/servlet/permisogoce?97e8cf127b3c53b5d74a3c9a3e0d7a410c9edef89d764a4dd5c2f0b44a97223b77943a072b59c293b7dbabe3b9ed8310,gx-no-cache=1521204884572 HTTP/1.1" 200 179
186.103.159.230 - - [16/Mar/2018:09:55:27 -0300] "GET /cormun/static/Shared/jqueryui/images/ui-bg_highlight-soft_100_c6c2c8_1x100.png HTTP/1.1" 404 1117
186.103.159.230 - - [16/Mar/2018:09:55:27 -0300] "GET /cormun/static/Shared/jqueryui/images/ui-icons_82798d_256x240.png HTTP/1.1" 404 1089
186.103.159.230 - - [16/Mar/2018:09:55:27 -0300] "GET /cormun/static/Shared/jqueryui/images/ui-bg_flat_55_994d53_40x100.png HTTP/1.1" 404 1097
186.103.159.230 - - [16/Mar/2018:09:55:27 -0300] "GET /cormun/static/Shared/jqueryui/images/ui-icons_ebccce_256x240.png HTTP/1.1" 404 1089
186.79.78.167 - - [16/Mar/2018:09:55:45 -0300] "GET /cormun/servlet/solicitudotadjuntos?0ebf00c5479364850acc595598038e5950358b1e4d25cde49acbd7ec78bbc6b4,gx-no-cache=1521204896294 HTTP/1.1" 200 30
192.168.10.96 - - [16/Mar/2018:09:55:45 -0300] "POST /cormun/servlet/trsolicitudgral?f532f42d177a7f7f868e853feb4f7519,,gx-no-cache=1521204781107 HTTP/1.1" 200 7311
186.79.78.167 - - [16/Mar/2018:09:55:45 -0300] "GET /cormun/servlet/solicitudotadjuntos?0ebf00c5479364850acc595598038e5950358b1e4d25cde49acbd7ec78bbc6b4,gx-no-cache=1521204897808 HTTP/1.1" 200 30
192.168.10.89 - - [16/Mar/2018:09:55:49 -0300] "POST /cormun/servlet/trsolicitudgral?a19a48321fca7bddd40672d45903aea9,,gx-no-cache=1521204784747 HTTP/1.1" 200 5933
186.79.78.167 - - [16/Mar/2018:09:55:53 -0300] "POST /cormun/servlet/solicitudotadjuntos?5d8b585d72a42791d5d8fe0c416df843,INS,2018,10525,,1, HTTP/1.1" 200 116
186.79.78.167 - - [16/Mar/2018:09:55:54 -0300] "GET /cormun/servlet/hpexe_return? HTTP/1.1" 200 1026
186.79.78.167 - - [16/Mar/2018:09:55:54 -0300] "GET /cormun/servlet/trsolicitudadjuntos?2018,10525, HTTP/1.1" 200 8439
186.79.78.167 - - [16/Mar/2018:09:55:55 -0300] "GET /cormun/servlet/trsolicitudadjuntos?2018,10525, HTTP/1.1" 200 8435
186.79.78.167 - - [16/Mar/2018:09:56:00 -0300] "GET /cormun/servlet/solicitudotadjuntos?INS,2018,10525,,1, HTTP/1.1" 200 5973
186.79.78.167 - - [16/Mar/2018:09:56:00 -0300] "GET /cormun/static/about:blank HTTP/1.1" 404 1011
186.79.78.167 - - [16/Mar/2018:09:56:01 -0300] "GET /cormun/servlet/solicitudotadjuntos?INS,2018,10525,,1, HTTP/1.1" 200 5966
186.79.78.167 - - [16/Mar/2018:09:56:01 -0300] "GET /cormun/servlet/solicitudotadjuntos?0ebf00c5479364850acc595598038e59d7f6896f62c42a0fcc2fc6872bb27ea8636366423d464962783c56c1d8aba4de,gx-no-cache=1521204913642 HTTP/1.1" 200 30
186.79.78.167 - - [16/Mar/2018:09:56:02 -0300] "POST /cormun/servlet/solicitudotadjuntos?5d8b585d72a42791d5d8fe0c416df843,INS,2018,10525,,1,,gx-no-cache=1521204913773 HTTP/1.1" 200 3795
186.79.78.167 - - [16/Mar/2018:09:56:14 -0300] "POST /cormun/servlet/solicitudotadjuntos?gx-no-cache=1521204926653 HTTP/1.1" 200 26
186.79.78.167 - - [16/Mar/2018:09:56:21 -0300] "GET /cormun/servlet/solicitudotadjuntos?0ebf00c5479364850acc595598038e5950358b1e4d25cde49acbd7ec78bbc6b4,gx-no-cache=1521204933611 HTTP/1.1" 200 30
186.79.78.167 - - [16/Mar/2018:09:56:21 -0300] "GET /cormun/servlet/solicitudotadjuntos?0ebf00c5479364850acc595598038e5950358b1e4d25cde49acbd7ec78bbc6b4,gx-no-cache=1521204933720 HTTP/1.1" 200 30
186.79.78.167 - - [16/Mar/2018:09:56:31 -0300] "POST /cormun/servlet/solicitudotadjuntos?5d8b585d72a42791d5d8fe0c416df843,INS,2018,10525,,1, HTTP/1.1" 200 116
186.79.78.167 - - [16/Mar/2018:09:56:31 -0300] "GET /cormun/servlet/hpexe_return? HTTP/1.1" 200 1026
186.79.78.167 - - [16/Mar/2018:09:56:31 -0300] "GET /cormun/servlet/trsolicitudadjuntos?2018,10525, HTTP/1.1" 200 8663
186.79.78.167 - - [16/Mar/2018:09:56:32 -0300] "GET /cormun/servlet/trsolicitudadjuntos?2018,10525, HTTP/1.1" 200 8661
186.79.78.167 - - [16/Mar/2018:09:56:36 -0300] "GET /cormun/servlet/solicitudotadjuntos?INS,2018,10525,,1, HTTP/1.1" 200 5973
186.79.78.167 - - [16/Mar/2018:09:56:36 -0300] "GET /cormun/static/about:blank HTTP/1.1" 404 1011
186.79.78.167 - - [16/Mar/2018:09:56:37 -0300] "GET /cormun/servlet/solicitudotadjuntos?INS,2018,10525,,1, HTTP/1.1" 200 5966
186.79.78.167 - - [16/Mar/2018:09:56:37 -0300] "GET /cormun/servlet/solicitudotadjuntos?0ebf00c5479364850acc595598038e59d7f6896f62c42a0fcc2fc6872bb27ea8636366423d464962783c56c1d8aba4de,gx-no-cache=1521204949536 HTTP/1.1" 200 30
186.79.78.167 - - [16/Mar/2018:09:56:38 -0300] "POST /cormun/servlet/solicitudotadjuntos?5d8b585d72a42791d5d8fe0c416df843,INS,2018,10525,,1,,gx-no-cache=1521204950049 HTTP/1.1" 200 3795
186.79.78.167 - - [16/Mar/2018:09:56:41 -0300] "POST /cormun/servlet/solicitudotadjuntos?gx-no-cache=1521204953620 HTTP/1.1" 200 26
186.79.78.167 - - [16/Mar/2018:09:56:50 -0300] "POST /cormun/servlet/solicitudotadjuntos?gx-no-cache=1521204962120 HTTP/1.1" 200 26
200.54.247.70 - - [16/Mar/2018:09:56:57 -0300] "GET /cormun/servlet/prbanco?,MD,,gxPopupLevel%3D0%3B HTTP/1.1" 200 6675
186.79.78.167 - - [16/Mar/2018:09:56:58 -0300] "GET /cormun/servlet/solicitudotadjuntos?0ebf00c5479364850acc595598038e5950358b1e4d25cde49acbd7ec78bbc6b4,gx-no-cache=1521204970624 HTTP/1.1" 200 30
186.79.78.167 - - [16/Mar/2018:09:56:58 -0300] "GET /cormun/servlet/solicitudotadjuntos?0ebf00c5479364850acc595598038e5950358b1e4d25cde49acbd7ec78bbc6b4,gx-no-cache=1521204970710 HTTP/1.1" 200 30
200.54.247.70 - - [16/Mar/2018:09:57:03 -0300] "GET /cormun/servlet/solicitudot?2ca7b1d6b3de15b4c52427e5fb2e491587675d159482e722700790815ba811ed,gx-no-cache=1521204973167 HTTP/1.1" 200 53
186.103.159.46 - - [16/Mar/2018:09:57:05 -0300] "POST /cormun/servlet/solicitudot?gx-no-cache=1521204974927 HTTP/1.1" 200 3287
186.103.159.46 - - [16/Mar/2018:09:57:05 -0300] "POST /cormun/servlet/solicitudot?4bcb03f13a4136b835defc341917f84f,INS,0,0,,gx-no-cache=1521204975268 HTTP/1.1" 200 10488
186.103.159.46 - - [16/Mar/2018:09:57:06 -0300] "GET /cormun/servlet/solicitudot?0b8369a55953ce8842e60b23f66295ad75f060c0cbce64e687a371e0bd70b329c0a6ded46f7dc76b782899ac114440bf,gx-no-cache=1521204975621 HTTP/1.1" 200 30
186.79.78.167 - - [16/Mar/2018:09:57:07 -0300] "POST /cormun/servlet/solicitudotadjuntos?5d8b585d72a42791d5d8fe0c416df843,INS,2018,10525,,1, HTTP/1.1" 200 116
186.79.78.167 - - [16/Mar/2018:09:57:07 -0300] "GET /cormun/servlet/hpexe_return? HTTP/1.1" 200 1026
186.79.78.167 - - [16/Mar/2018:09:57:07 -0300] "GET /cormun/servlet/trsolicitudadjuntos?2018,10525, HTTP/1.1" 200 8855
186.79.78.167 - - [16/Mar/2018:09:57:08 -0300] "GET /cormun/servlet/trsolicitudadjuntos?2018,10525, HTTP/1.1" 200 8851
186.79.78.167 - - [16/Mar/2018:09:57:11 -0300] "GET /cormun/servlet/solicitudotadjuntos?INS,2018,10525,,1, HTTP/1.1" 200 5973
186.79.78.167 - - [16/Mar/2018:09:57:11 -0300] "GET /cormun/static/about:blank HTTP/1.1" 404 1011
186.79.78.167 - - [16/Mar/2018:09:57:12 -0300] "GET /cormun/servlet/solicitudotadjuntos?INS,2018,10525,,1, HTTP/1.1" 200 5966
186.79.78.167 - - [16/Mar/2018:09:57:12 -0300] "GET /cormun/servlet/solicitudotadjuntos?0ebf00c5479364850acc595598038e59d7f6896f62c42a0fcc2fc6872bb27ea8636366423d464962783c56c1d8aba4de,gx-no-cache=1521204984569 HTTP/1.1" 200 30
200.120.230.197 - - [16/Mar/2018:09:57:13 -0300] "GET /cormun/servlet/trautorizarsolicitud? HTTP/1.1" 200 10475
186.79.78.167 - - [16/Mar/2018:09:57:13 -0300] "POST /cormun/servlet/solicitudotadjuntos?5d8b585d72a42791d5d8fe0c416df843,INS,2018,10525,,1,,gx-no-cache=1521204984699 HTTP/1.1" 200 3795
200.120.230.197 - - [16/Mar/2018:09:57:13 -0300] "GET /cormun/static/gxui/gxui-all.css?120300 HTTP/1.1" 200 2179
186.79.231.211 - - [16/Mar/2018:09:57:14 -0300] "GET /cormun/static/Resources/Spanish/PXTools.css?1255365 HTTP/1.1" 200 89042
200.120.230.197 - - [16/Mar/2018:09:57:14 -0300] "GET /cormun/static/Shared/ext/resources/css/ext-all.css?215870 HTTP/1.1" 200 416045
200.120.230.197 - - [16/Mar/2018:09:57:16 -0300] "GET /cormun/static/calendar-system.css?85620 HTTP/1.1" 200 5572
186.79.231.211 - - [16/Mar/2018:09:57:17 -0300] "GET /cormun/static/gxcfg.js?2017111423403364 HTTP/1.1" 200 953
186.79.231.211 - - [16/Mar/2018:09:57:17 -0300] "GET /cormun/static/gxdec.js?85251 HTTP/1.1" 200 19579
186.79.78.167 - - [16/Mar/2018:09:57:18 -0300] "POST /cormun/servlet/solicitudotadjuntos?gx-no-cache=1521204990683 HTTP/1.1" 200 26
200.120.230.197 - - [16/Mar/2018:09:57:18 -0300] "GET /cormun/static/Resources/PXToolsDataSearch.png HTTP/1.1" 200 419
200.120.230.197 - - [16/Mar/2018:09:57:18 -0300] "GET /cormun/static/Resources/PXTools/calendar.png HTTP/1.1" 200 1306
200.120.230.197 - - [16/Mar/2018:09:57:19 -0300] "GET /cormun/static/Resources/PXToolsActionExcel.png HTTP/1.1" 200 3187
200.120.230.197 - - [16/Mar/2018:09:57:19 -0300] "GET /cormun/static/Resources/PXToolsGridNextDisabled.gif HTTP/1.1" 200 90
200.120.230.197 - - [16/Mar/2018:09:57:19 -0300] "GET /cormun/static/Resources/PXToolsGridPage.gif HTTP/1.1" 200 725
200.120.230.197 - - [16/Mar/2018:09:57:19 -0300] "GET /cormun/static/Resources/PXToolsGridPreviousDisabled.gif HTTP/1.1" 200 90
200.120.230.197 - - [16/Mar/2018:09:57:19 -0300] "GET /cormun/static/Resources/PXToolsGridFirstDisabled.gif HTTP/1.1" 200 100
200.120.230.197 - - [16/Mar/2018:09:57:20 -0300] "GET /cormun/static/Resources/PXTools/calendar.png HTTP/1.1" 200 1306
200.120.230.197 - - [16/Mar/2018:09:57:21 -0300] "GET /cormun/static/Resources/PXToolsGridLastDisabled.gif HTTP/1.1" 200 98
186.79.78.167 - - [16/Mar/2018:09:57:26 -0300] "POST /cormun/servlet/solicitudotadjuntos?5d8b585d72a42791d5d8fe0c416df843,INS,2018,10525,,1,,gx-no-cache=1521204997753 HTTP/1.1" 200 93
186.79.78.167 - - [16/Mar/2018:09:57:26 -0300] "GET /cormun/servlet/hpexe_return? HTTP/1.1" 200 1026
186.79.78.167 - - [16/Mar/2018:09:57:26 -0300] "GET /cormun/servlet/trsolicitudadjuntos?2018,10525, HTTP/1.1" 200 8855
200.54.247.70 - - [16/Mar/2018:09:57:27 -0300] "GET /cormun/servlet/solicitudot?2ca7b1d6b3de15b4c52427e5fb2e4915834947bb4485e03afd4f3a96f72c285966e96f54651d69416f84670536961b2bcdb5f1d04c99d053035e2676d806b878e0049ec6f309dc3734abe0c71ab3255c07131cdf8746eeb853f2e8fd9ee5aea6c2c834e1efe1770c62b14bf1b829474e07ddd9d40cd1a824ffa9cc6a5a8ef4e21100c26d6c6a5db44122936df17629cad6832fc30bd545e15a54337d215cb4048d0e40b0084a9118acfabf54d1c52c10ef903db5793670ef735537c65a653994f8de3a8bacc39338b5e4378c7635f10bb19e95cf6995cae6eee7791d3541ab2f694b7acbe8a0c976fbe98814761dd651b2e96a411258075b51360d6f1eefeda9fca007e628eb37dfe79ec0d92e973e7e02faf7290346ad1395daefe448ffcfa44e142326f65749a888b3b6f0fe4426188765d247329a36553ae21e31d67cdf828c425ebbcbd4a9050d35be5e2b780a828a05699d1459391d1d13a9520143e4a88767cd3fe0d713c358d099b2461e9292820d29ebeea47b95632a82e59d3a52e40ad4d84d62fa10587b812f52b9a335bc,gx-no-cache=1521204996865 HTTP/1.1" 200 30
200.54.247.70 - - [16/Mar/2018:09:57:27 -0300] "POST /cormun/servlet/solicitudot?gx-no-cache=1521204997001 HTTP/1.1" 200 30
200.54.247.70 - - [16/Mar/2018:09:57:27 -0300] "POST /cormun/servlet/solicitudot?gx-no-cache=1521204997101 HTTP/1.1" 200 1334
200.54.247.70 - - [16/Mar/2018:09:57:27 -0300] "POST /cormun/servlet/solicitudot?gx-no-cache=1521204997175 HTTP/1.1" 200 41
200.54.247.70 - - [16/Mar/2018:09:57:27 -0300] "POST /cormun/servlet/solicitudot?gx-no-cache=1521204997251 HTTP/1.1" 200 1319
200.54.247.70 - - [16/Mar/2018:09:57:27 -0300] "POST /cormun/servlet/solicitudot?gx-no-cache=1521204997341 HTTP/1.1" 200 1218
200.54.247.70 - - [16/Mar/2018:09:57:27 -0300] "GET /cormun/servlet/solicitudot?2ca7b1d6b3de15b4c52427e5fb2e4915420b5dc45a5a08fe0cc2a4f356d0ab7a10ca5be595970a2645ead90b691cc3e3,gx-no-cache=1521204997486 HTTP/1.1" 200 30
186.79.78.167 - - [16/Mar/2018:09:57:27 -0300] "GET /cormun/servlet/trsolicitudadjuntos?2018,10525, HTTP/1.1" 200 8854
200.54.247.70 - - [16/Mar/2018:09:57:27 -0300] "POST /cormun/servlet/solicitudot?gx-no-cache=1521204997567 HTTP/1.1" 200 30
200.54.247.70 - - [16/Mar/2018:09:57:28 -0300] "POST /cormun/servlet/solicitudot?e807a4be604ab9639380fc95aee8a784,INS,0,0,,gx-no-cache=1521204997646 HTTP/1.1" 200 93
200.54.247.70 - - [16/Mar/2018:09:57:28 -0300] "GET /cormun/servlet/hpexe_return? HTTP/1.1" 200 1007
200.54.247.70 - - [16/Mar/2018:09:57:28 -0300] "GET /cormun/servlet/hhome HTTP/1.1" 200 4236
186.79.78.167 - - [16/Mar/2018:09:57:30 -0300] "GET /cormun/servlet/solicitudotadjuntos?INS,2018,10525,,1, HTTP/1.1" 200 5973
186.79.78.167 - - [16/Mar/2018:09:57:31 -0300] "GET /cormun/static/about:blank HTTP/1.1" 404 1011
186.79.78.167 - - [16/Mar/2018:09:57:31 -0300] "GET /cormun/servlet/solicitudotadjuntos?INS,2018,10525,,1, HTTP/1.1" 200 5966
186.79.231.211 - - [16/Mar/2018:09:57:31 -0300] "GET /cormun/static/trautorizarsolicitud.js?201711142340425 HTTP/1.1" 200 53910
186.79.78.167 - - [16/Mar/2018:09:57:32 -0300] "GET /cormun/servlet/solicitudotadjuntos?0ebf00c5479364850acc595598038e59d7f6896f62c42a0fcc2fc6872bb27ea8636366423d464962783c56c1d8aba4de,gx-no-cache=1521205003936 HTTP/1.1" 200 30
186.79.78.167 - - [16/Mar/2018:09:57:32 -0300] "POST /cormun/servlet/solicitudotadjuntos?5d8b585d72a42791d5d8fe0c416df843,INS,2018,10525,,1,,gx-no-cache=1521205004148 HTTP/1.1" 200 3795
186.79.231.211 - - [16/Mar/2018:09:57:32 -0300] "GET /cormun/servlet/trautorizarsolicitud? HTTP/1.1" 200 10473
186.79.231.211 - - [16/Mar/2018:09:57:33 -0300] "GET /cormun//static/Resources/PXToolsGridDelete.png HTTP/1.1" 200 357
200.120.230.197 - - [16/Mar/2018:09:57:33 -0300] "GET /cormun/static/Resources/desc.gif HTTP/1.1" 200 65
186.79.231.211 - - [16/Mar/2018:09:57:33 -0300] "GET /cormun/static/Resources/asc.gif HTTP/1.1" 200 67
200.120.230.197 - - [16/Mar/2018:09:57:33 -0300] "GET /cormun//static/Resources/PXToolsGridUpdate.png HTTP/1.1" 200 2984
186.79.231.211 - - [16/Mar/2018:09:57:33 -0300] "GET /cormun//static/Resources/PXTools/ActionInsert.png HTTP/1.1" 200 1482
200.120.230.197 - - [16/Mar/2018:09:57:33 -0300] "GET /cormun/static/Shared/ext/resources/themes/images/default/panel/bg-headersPanel.png HTTP/1.1" 200 255
200.120.230.197 - - [16/Mar/2018:09:57:33 -0300] "GET /cormun/static/Shared/ext/resources/themes/images/default/tools/tool-sprites.gif HTTP/1.1" 200 5434
186.103.159.230 - - [16/Mar/2018:09:57:33 -0300] "GET /cormun/servlet/prfichaempleado?,MD,,gxPopupLevel%3D0%3B HTTP/1.1" 200 9299
200.120.230.197 - - [16/Mar/2018:09:57:34 -0300] "GET /cormun//static/Resources/PXToolsRemoveAllAction.png HTTP/1.1" 200 3558
192.168.10.89 - - [16/Mar/2018:09:57:34 -0300] "POST /cormun/servlet/trsolicitudgral?a19a48321fca7bddd40672d45903aea9,,gx-no-cache=1521204889470 HTTP/1.1" 200 7594
200.120.230.197 - - [16/Mar/2018:09:57:36 -0300] "GET /cormun//static/Resources/PXToolsActionView.png HTTP/1.1" 200 2995
186.79.78.167 - - [16/Mar/2018:09:57:37 -0300] "POST /cormun/servlet/solicitudotadjuntos?gx-no-cache=1521205009764 HTTP/1.1" 200 26
200.54.247.70 - - [16/Mar/2018:09:57:45 -0300] "GET /cormun/servlet/trsolicitudot? HTTP/1.1" 200 8817
200.54.247.70 - - [16/Mar/2018:09:57:48 -0300] "POST /cormun/servlet/trsolicitudot?e807a4be604ab9639380fc95aee8a784,,gx-no-cache=1521205018657 HTTP/1.1" 200 107
200.54.247.70 - - [16/Mar/2018:09:57:48 -0300] "GET /cormun/servlet/trsolicitudadjuntos?2018,10556, HTTP/1.1" 200 6330
186.79.78.167 - - [16/Mar/2018:09:57:50 -0300] "GET /cormun/servlet/solicitudotadjuntos?0ebf00c5479364850acc595598038e5950358b1e4d25cde49acbd7ec78bbc6b4,gx-no-cache=1521205022254 HTTP/1.1" 200 30
186.79.78.167 - - [16/Mar/2018:09:57:50 -0300] "GET /cormun/servlet/solicitudotadjuntos?0ebf00c5479364850acc595598038e5950358b1e4d25cde49acbd7ec78bbc6b4,gx-no-cache=1521205022349 HTTP/1.1" 200 30
200.54.247.70 - - [16/Mar/2018:09:57:51 -0300] "GET /cormun/servlet/solicitudotadjuntos?INS,2018,10556,,1, HTTP/1.1" 200 6277
200.54.247.70 - - [16/Mar/2018:09:57:52 -0300] "HEAD /cormun/static/about:blank HTTP/1.1" 404 -
200.54.247.70 - - [16/Mar/2018:09:57:52 -0300] "GET /cormun/servlet/solicitudotadjuntos?2ca7b1d6b3de15b4c52427e5fb2e491512b3450c96a977cbadedf8bdd9c83e6e325ef72a7eccafc37d364ad84162a3ab,gx-no-cache=1521205022905 HTTP/1.1" 200 30
200.54.247.70 - - [16/Mar/2018:09:57:53 -0300] "POST /cormun/servlet/solicitudotadjuntos?e807a4be604ab9639380fc95aee8a784,INS,2018,10556,,1,,gx-no-cache=1521205022973 HTTP/1.1" 200 3983
200.54.247.70 - - [16/Mar/2018:09:57:55 -0300] "POST /cormun/servlet/solicitudotadjuntos?gx-no-cache=1521205025093 HTTP/1.1" 200 26
186.79.78.167 - - [16/Mar/2018:09:57:58 -0300] "POST /cormun/servlet/solicitudotadjuntos?5d8b585d72a42791d5d8fe0c416df843,INS,2018,10525,,1, HTTP/1.1" 200 116
186.79.78.167 - - [16/Mar/2018:09:57:58 -0300] "GET /cormun/servlet/hpexe_return? HTTP/1.1" 200 1026
186.79.78.167 - - [16/Mar/2018:09:57:59 -0300] "GET /cormun/servlet/trsolicitudadjuntos?2018,10525, HTTP/1.1" 200 9024
186.79.78.167 - - [16/Mar/2018:09:58:00 -0300] "GET /cormun/servlet/trsolicitudadjuntos?2018,10525, HTTP/1.1" 200 9025
192.168.10.89 - - [16/Mar/2018:09:58:02 -0300] "GET /cormun/servlet/vesolicitudgral?2018,8586,, HTTP/1.1" 200 9490
192.168.10.89 - - [16/Mar/2018:09:58:02 -0300] "GET /cormun/pexe_scrolldiv.js HTTP/1.1" 404 1009
186.79.78.167 - - [16/Mar/2018:09:58:03 -0300] "GET /cormun/servlet/solicitudotadjuntos?INS,2018,10525,,1, HTTP/1.1" 200 5972
186.79.78.167 - - [16/Mar/2018:09:58:03 -0300] "GET /cormun/static/about:blank HTTP/1.1" 404 1011
186.79.78.167 - - [16/Mar/2018:09:58:03 -0300] "GET /cormun/servlet/solicitudotadjuntos?INS,2018,10525,,1, HTTP/1.1" 200 5965
186.79.78.167 - - [16/Mar/2018:09:58:04 -0300] "GET /cormun/servlet/solicitudotadjuntos?0ebf00c5479364850acc595598038e59d7f6896f62c42a0fcc2fc6872bb27ea8636366423d464962783c56c1d8aba4de,gx-no-cache=1521205036352 HTTP/1.1" 200 30
192.168.10.89 - - [16/Mar/2018:09:58:04 -0300] "GET /cormun/servlet/vesolicitudgral?2018,8586,,SolicitudOTLog HTTP/1.1" 200 10608
192.168.10.89 - - [16/Mar/2018:09:58:04 -0300] "GET /cormun/pexe_scrolldiv.js HTTP/1.1" 404 1009
186.79.78.167 - - [16/Mar/2018:09:58:04 -0300] "POST /cormun/servlet/solicitudotadjuntos?5d8b585d72a42791d5d8fe0c416df843,INS,2018,10525,,1,,gx-no-cache=1521205036542 HTTP/1.1" 200 3795
192.168.10.89 - - [16/Mar/2018:09:58:06 -0300] "POST /cormun/servlet/acontrolpreferencessavestate?None,CDROGUETT,true HTTP/1.1" 200 35
186.79.78.167 - - [16/Mar/2018:09:58:09 -0300] "POST /cormun/servlet/solicitudotadjuntos?gx-no-cache=1521205040950 HTTP/1.1" 200 26
200.54.247.70 - - [16/Mar/2018:09:58:14 -0300] "GET /cormun/servlet/solicitudotadjuntos?2ca7b1d6b3de15b4c52427e5fb2e49158133372bf2ff09f70e09f8cda783f422,gx-no-cache=1521205044243 HTTP/1.1" 200 30
200.54.247.70 - - [16/Mar/2018:09:58:14 -0300] "GET /cormun/servlet/solicitudotadjuntos?2ca7b1d6b3de15b4c52427e5fb2e49158133372bf2ff09f70e09f8cda783f422,gx-no-cache=1521205044296 HTTP/1.1" 200 30
200.54.247.70 - - [16/Mar/2018:09:58:15 -0300] "POST /cormun/servlet/solicitudotadjuntos?e807a4be604ab9639380fc95aee8a784,INS,2018,10556,,1, HTTP/1.1" 200 116
200.54.247.70 - - [16/Mar/2018:09:58:15 -0300] "GET /cormun/servlet/hpexe_return? HTTP/1.1" 200 1027
200.54.247.70 - - [16/Mar/2018:09:58:15 -0300] "GET /cormun/servlet/trsolicitudadjuntos?2018,10556, HTTP/1.1" 200 8791
186.79.78.167 - - [16/Mar/2018:09:58:18 -0300] "GET /cormun/servlet/solicitudotadjuntos?0ebf00c5479364850acc595598038e5950358b1e4d25cde49acbd7ec78bbc6b4,gx-no-cache=1521205050397 HTTP/1.1" 200 30
186.79.78.167 - - [16/Mar/2018:09:58:18 -0300] "GET /cormun/servlet/solicitudotadjuntos?0ebf00c5479364850acc595598038e5950358b1e4d25cde49acbd7ec78bbc6b4,gx-no-cache=1521205050500 HTTP/1.1" 200 30
200.54.247.70 - - [16/Mar/2018:09:58:18 -0300] "GET /cormun/servlet/solicitudotadjuntos?INS,2018,10556,,1, HTTP/1.1" 200 6277
200.54.247.70 - - [16/Mar/2018:09:58:19 -0300] "HEAD /cormun/static/about:blank HTTP/1.1" 404 -
200.54.247.70 - - [16/Mar/2018:09:58:19 -0300] "GET /cormun/servlet/solicitudotadjuntos?2ca7b1d6b3de15b4c52427e5fb2e491512b3450c96a977cbadedf8bdd9c83e6e325ef72a7eccafc37d364ad84162a3ab,gx-no-cache=1521205049857 HTTP/1.1" 200 30
186.103.159.46 - - [16/Mar/2018:09:58:20 -0300] "GET /cormun/servlet/solicitudot?0b8369a55953ce8842e60b23f66295adee5b76efc4fc862b76e2c244311ec90a,gx-no-cache=1521205049517 HTTP/1.1" 200 94
186.103.159.46 - - [16/Mar/2018:09:58:20 -0300] "GET /cormun/servlet/solicitudot?0b8369a55953ce8842e60b23f66295adf7433469993e72f9b59fb0b52a4bf477,gx-no-cache=1521205049676 HTTP/1.1" 200 29
200.54.247.70 - - [16/Mar/2018:09:58:20 -0300] "POST /cormun/servlet/solicitudotadjuntos?e807a4be604ab9639380fc95aee8a784,INS,2018,10556,,1,,gx-no-cache=1521205049930 HTTP/1.1" 200 3983
186.103.159.46 - - [16/Mar/2018:09:58:22 -0300] "POST /cormun/servlet/solicitudot?gx-no-cache=1521205051153 HTTP/1.1" 200 255
200.54.247.70 - - [16/Mar/2018:09:58:23 -0300] "POST /cormun/servlet/solicitudotadjuntos?gx-no-cache=1521205053436 HTTP/1.1" 200 26
186.103.159.46 - - [16/Mar/2018:09:58:25 -0300] "GET /cormun/servlet/solicitudot?0b8369a55953ce8842e60b23f66295ad3b57855bde1f74a36b8c8f50a7a62540f7fa1c04b1c89f81a708e536b03bf7b0c11f74aa48c631e1a94de5a7c4c78484b7883e3b9b7be7af7096607dbcb1d97101e61249d7bceb01f5e6995dd21988330c42ef48e962fb524ef1db24eac0ccaf3df568cf1fa3a2762712f25811e95867a26b8cc10086853a399a5293a32e1b58e8826c5a53751906609b4a025e3a87642f5093dcc053f30f42596a3dd8c7be8f943b21b8784e9aee0ad4f62dfd1143a8868b46a86804b404d5370b01928de95199b2910d1fefa82b6ee63008a56de62d457582a416bc63bc1c30a2132810376b770285bf2eceaba17b0955f97e795a37d3ad8d7d34b8df02f819619f77e8c2d1972da23bcd7b6f4fd151e159a36ca83501e40ec74a981a5bfba140736ee64c656b972891f04c8aada530b9c051547cc2a4c8b832f968ef15bb3676421d3d81b2b3359a2746c0938d6873ce4ddf0d157570ca6494b0f2999f29db9b9c0aeac8a08548ea2655051c5e14021e06834a9266,gx-no-cache=1521205054783 HTTP/1.1" 200 30
186.103.159.46 - - [16/Mar/2018:09:58:29 -0300] "POST /cormun/servlet/solicitudot?gx-no-cache=1521205058836 HTTP/1.1" 200 30
200.54.247.70 - - [16/Mar/2018:09:58:31 -0300] "GET /cormun/servlet/solicitudotadjuntos?2ca7b1d6b3de15b4c52427e5fb2e49158133372bf2ff09f70e09f8cda783f422,gx-no-cache=1521205061228 HTTP/1.1" 200 30
200.54.247.70 - - [16/Mar/2018:09:58:31 -0300] "GET /cormun/servlet/solicitudotadjuntos?2ca7b1d6b3de15b4c52427e5fb2e49158133372bf2ff09f70e09f8cda783f422,gx-no-cache=1521205061280 HTTP/1.1" 200 30
186.79.78.167 - - [16/Mar/2018:09:58:31 -0300] "POST /cormun/servlet/solicitudotadjuntos?5d8b585d72a42791d5d8fe0c416df843,INS,2018,10525,,1, HTTP/1.1" 200 116
186.79.78.167 - - [16/Mar/2018:09:58:32 -0300] "GET /cormun/servlet/hpexe_return? HTTP/1.1" 200 1026
186.103.159.46 - - [16/Mar/2018:09:58:32 -0300] "POST /cormun/servlet/solicitudot?gx-no-cache=1521205061886 HTTP/1.1" 200 1333
186.103.159.46 - - [16/Mar/2018:09:58:32 -0300] "POST /cormun/servlet/solicitudot?gx-no-cache=1521205062064 HTTP/1.1" 200 38
186.79.78.167 - - [16/Mar/2018:09:58:32 -0300] "GET /cormun/servlet/trsolicitudadjuntos?2018,10525, HTTP/1.1" 200 9285
200.54.247.70 - - [16/Mar/2018:09:58:32 -0300] "POST /cormun/servlet/solicitudotadjuntos?e807a4be604ab9639380fc95aee8a784,INS,2018,10556,,1, HTTP/1.1" 200 116
200.54.247.70 - - [16/Mar/2018:09:58:32 -0300] "GET /cormun/servlet/hpexe_return? HTTP/1.1" 200 1027
200.54.247.70 - - [16/Mar/2018:09:58:33 -0300] "GET /cormun/servlet/trsolicitudadjuntos?2018,10556, HTTP/1.1" 200 9024
186.79.78.167 - - [16/Mar/2018:09:58:33 -0300] "GET /cormun/servlet/trsolicitudadjuntos?2018,10525, HTTP/1.1" 200 9283
200.54.247.70 - - [16/Mar/2018:09:58:35 -0300] "GET /cormun/servlet/solicitudotadjuntos?INS,2018,10556,,1, HTTP/1.1" 200 6277
200.54.247.70 - - [16/Mar/2018:09:58:35 -0300] "HEAD /cormun/static/about:blank HTTP/1.1" 404 -
200.54.247.70 - - [16/Mar/2018:09:58:36 -0300] "GET /cormun/servlet/solicitudotadjuntos?2ca7b1d6b3de15b4c52427e5fb2e491512b3450c96a977cbadedf8bdd9c83e6e325ef72a7eccafc37d364ad84162a3ab,gx-no-cache=1521205066520 HTTP/1.1" 200 30
200.54.247.70 - - [16/Mar/2018:09:58:36 -0300] "POST /cormun/servlet/solicitudotadjuntos?e807a4be604ab9639380fc95aee8a784,INS,2018,10556,,1,,gx-no-cache=1521205066591 HTTP/1.1" 200 3983
200.54.247.70 - - [16/Mar/2018:09:58:39 -0300] "POST /cormun/servlet/solicitudotadjuntos?gx-no-cache=1521205069798 HTTP/1.1" 200 26
186.79.78.167 - - [16/Mar/2018:09:58:41 -0300] "GET /cormun/servlet/solicitudotadjuntos?INS,2018,10525,,1, HTTP/1.1" 200 5972
186.79.78.167 - - [16/Mar/2018:09:58:41 -0300] "GET /cormun/static/about:blank HTTP/1.1" 404 1011
186.79.78.167 - - [16/Mar/2018:09:58:41 -0300] "GET /cormun/servlet/solicitudotadjuntos?INS,2018,10525,,1, HTTP/1.1" 200 5965
186.79.78.167 - - [16/Mar/2018:09:58:42 -0300] "GET /cormun/servlet/solicitudotadjuntos?0ebf00c5479364850acc595598038e59d7f6896f62c42a0fcc2fc6872bb27ea8636366423d464962783c56c1d8aba4de,gx-no-cache=1521205074135 HTTP/1.1" 200 30
192.168.10.89 - - [16/Mar/2018:09:58:42 -0300] "POST /cormun/servlet/vesolicitudgral?a19a48321fca7bddd40672d45903aea9,2018,8586,,SolicitudOTLog,gx-no-cache=1521204957578 HTTP/1.1" 200 90
192.168.10.89 - - [16/Mar/2018:09:58:42 -0300] "GET /cormun/servlet/hpexe_link HTTP/1.1" 200 974
192.168.10.89 - - [16/Mar/2018:09:58:42 -0300] "GET /cormun/servlet/trsolicitudgral? HTTP/1.1" 200 11098
186.79.78.167 - - [16/Mar/2018:09:58:43 -0300] "POST /cormun/servlet/solicitudotadjuntos?5d8b585d72a42791d5d8fe0c416df843,INS,2018,10525,,1,,gx-no-cache=1521205074256 HTTP/1.1" 200 3795
200.54.247.70 - - [16/Mar/2018:09:58:46 -0300] "GET /cormun/servlet/solicitudotadjuntos?2ca7b1d6b3de15b4c52427e5fb2e49158133372bf2ff09f70e09f8cda783f422,gx-no-cache=1521205076126 HTTP/1.1" 200 30
200.54.247.70 - - [16/Mar/2018:09:58:46 -0300] "GET /cormun/servlet/solicitudotadjuntos?2ca7b1d6b3de15b4c52427e5fb2e49158133372bf2ff09f70e09f8cda783f422,gx-no-cache=1521205076169 HTTP/1.1" 200 30
186.79.78.167 - - [16/Mar/2018:09:58:47 -0300] "POST /cormun/servlet/solicitudotadjuntos?gx-no-cache=1521205079567 HTTP/1.1" 200 26
186.79.231.211 - - [16/Mar/2018:09:58:48 -0300] "GET /cormun/servlet/trcontratosolicitud? HTTP/1.1" 200 14843
200.120.230.197 - - [16/Mar/2018:09:58:48 -0300] "GET /cormun/static/Shared/ext/resources/css/ext-all.css?205870 HTTP/1.1" 206 1
186.79.231.211 - - [16/Mar/2018:09:58:49 -0300] "GET /cormun/static/trcontratosolicitud.js?20177612214349 HTTP/1.1" 200 28237
200.120.230.197 - - [16/Mar/2018:09:58:49 -0300] "GET /cormun/static/Shared/ext/resources/css/ext-all.css?205870 HTTP/1.1" 206 409276
186.103.159.46 - - [16/Mar/2018:09:58:50 -0300] "GET /cormun/servlet/solicitudot?0b8369a55953ce8842e60b23f66295ad7fbf1ad0a51a9f16db4cda3f5064c1a3cd9adf7a88afc289d03ec6fcd1df533efe3f75837cec6a2301128559572fd939823b6d99c8e54c2d71fb38c855ba266f4d02a183c329bd8454d219cc75a27998871fb6787c269a3f3603e0ee55e07375,gx-no-cache=1521205080123 HTTP/1.1" 200 29
186.103.159.46 - - [16/Mar/2018:09:58:50 -0300] "POST /cormun/servlet/solicitudot?gx-no-cache=1521205080225 HTTP/1.1" 200 1317
200.54.247.70 - - [16/Mar/2018:09:58:51 -0300] "POST /cormun/servlet/solicitudotadjuntos?e807a4be604ab9639380fc95aee8a784,INS,2018,10556,,1, HTTP/1.1" 200 116
200.54.247.70 - - [16/Mar/2018:09:58:51 -0300] "GET /cormun/servlet/hpexe_return? HTTP/1.1" 200 1027
200.54.247.70 - - [16/Mar/2018:09:58:51 -0300] "GET /cormun/servlet/trsolicitudadjuntos?2018,10556, HTTP/1.1" 200 9206
186.103.159.46 - - [16/Mar/2018:09:58:51 -0300] "POST /cormun/servlet/solicitudot?gx-no-cache=1521205080327 HTTP/1.1" 200 1215
192.168.10.56 - - [16/Mar/2018:09:58:54 -0300] "POST /cormun/servlet/hlogin?3fed8d062439ff52dfc399d4ac76cbc6,gx-no-cache=1521204969687 HTTP/1.1" 440 972
200.54.247.70 - - [16/Mar/2018:09:58:54 -0300] "GET /cormun/servlet/solicitudotadjuntos?INS,2018,10556,,1, HTTP/1.1" 200 6276
200.54.247.70 - - [16/Mar/2018:09:58:54 -0300] "HEAD /cormun/static/about:blank HTTP/1.1" 404 -
186.79.78.167 - - [16/Mar/2018:09:58:54 -0300] "GET /cormun/servlet/solicitudotadjuntos?0ebf00c5479364850acc595598038e5950358b1e4d25cde49acbd7ec78bbc6b4,gx-no-cache=1521205086595 HTTP/1.1" 200 30
186.79.78.167 - - [16/Mar/2018:09:58:54 -0300] "GET /cormun/servlet/solicitudotadjuntos?0ebf00c5479364850acc595598038e5950358b1e4d25cde49acbd7ec78bbc6b4,gx-no-cache=1521205086701 HTTP/1.1" 200 30
200.54.247.70 - - [16/Mar/2018:09:58:55 -0300] "GET /cormun/servlet/solicitudotadjuntos?2ca7b1d6b3de15b4c52427e5fb2e491512b3450c96a977cbadedf8bdd9c83e6e325ef72a7eccafc37d364ad84162a3ab,gx-no-cache=1521205085274 HTTP/1.1" 200 30
200.54.247.70 - - [16/Mar/2018:09:58:55 -0300] "POST /cormun/servlet/solicitudotadjuntos?e807a4be604ab9639380fc95aee8a784,INS,2018,10556,,1,,gx-no-cache=1521205085344 HTTP/1.1" 200 3981
192.168.10.56 - - [16/Mar/2018:09:58:55 -0300] "GET /cormun/servlet/hlogin HTTP/1.1" 200 1738
186.79.231.211 - - [16/Mar/2018:09:58:56 -0300] "GET /cormun/servlet/trcontratosolicitud? HTTP/1.1" 200 14862
200.120.230.197 - - [16/Mar/2018:09:58:56 -0300] "GET /cormun//static/Resources/PXToolsGridNew.png HTTP/1.1" 200 2949
200.120.230.197 - - [16/Mar/2018:09:58:56 -0300] "GET /cormun//static/Resources/PXToolsActionDisabled.gif HTTP/1.1" 200 53
192.168.10.56 - - [16/Mar/2018:09:58:56 -0300] "POST /cormun/servlet/hlogin?531c3d7aec22bf39617690999a58ceb8,gx-no-cache=1521204972119 HTTP/1.1" 200 90
192.168.10.56 - - [16/Mar/2018:09:58:56 -0300] "GET /cormun/servlet/hpexe_link HTTP/1.1" 200 956
192.168.10.56 - - [16/Mar/2018:09:58:56 -0300] "GET /cormun/servlet/hhome HTTP/1.1" 200 4499
192.168.10.56 - - [16/Mar/2018:09:58:57 -0300] "GET /cormun/servlet/hhome HTTP/1.1" 200 4497
200.54.247.70 - - [16/Mar/2018:09:58:58 -0300] "POST /cormun/servlet/solicitudotadjuntos?gx-no-cache=1521205088449 HTTP/1.1" 200 26
192.168.10.56 - - [16/Mar/2018:09:58:59 -0300] "GET /cormun/servlet/trsolicitudgral? HTTP/1.1" 200 28932
192.168.10.56 - - [16/Mar/2018:09:59:00 -0300] "GET /cormun/servlet/trsolicitudgral? HTTP/1.1" 200 28931
192.168.10.56 - - [16/Mar/2018:09:59:02 -0300] "GET /cormun/static/menuarrow.gif HTTP/1.1" 404 1015
200.54.247.70 - - [16/Mar/2018:09:59:03 -0300] "GET /cormun/servlet/solicitudotadjuntos?2ca7b1d6b3de15b4c52427e5fb2e49158133372bf2ff09f70e09f8cda783f422,gx-no-cache=1521205093017 HTTP/1.1" 200 30
200.54.247.70 - - [16/Mar/2018:09:59:03 -0300] "GET /cormun/servlet/solicitudotadjuntos?2ca7b1d6b3de15b4c52427e5fb2e49158133372bf2ff09f70e09f8cda783f422,gx-no-cache=1521205093071 HTTP/1.1" 200 30
186.79.78.167 - - [16/Mar/2018:09:59:03 -0300] "POST /cormun/servlet/solicitudotadjuntos?5d8b585d72a42791d5d8fe0c416df843,INS,2018,10525,,1, HTTP/1.1" 200 116
186.79.78.167 - - [16/Mar/2018:09:59:03 -0300] "GET /cormun/servlet/hpexe_return? HTTP/1.1" 200 1026
186.79.78.167 - - [16/Mar/2018:09:59:04 -0300] "GET /cormun/servlet/trsolicitudadjuntos?2018,10525, HTTP/1.1" 200 9535
200.54.247.70 - - [16/Mar/2018:09:59:04 -0300] "POST /cormun/servlet/solicitudotadjuntos?e807a4be604ab9639380fc95aee8a784,INS,2018,10556,,1, HTTP/1.1" 200 116
200.54.247.70 - - [16/Mar/2018:09:59:04 -0300] "GET /cormun/servlet/hpexe_return? HTTP/1.1" 200 1027
200.54.247.70 - - [16/Mar/2018:09:59:04 -0300] "GET /cormun/servlet/trsolicitudadjuntos?2018,10556, HTTP/1.1" 200 9437
186.79.78.167 - - [16/Mar/2018:09:59:05 -0300] "GET /cormun/servlet/trsolicitudadjuntos?2018,10525, HTTP/1.1" 200 9531
200.54.247.70 - - [16/Mar/2018:09:59:08 -0300] "GET /cormun/servlet/solicitudotadjuntos?INS,2018,10556,,1, HTTP/1.1" 200 6276
200.120.230.197 - - [16/Mar/2018:09:59:08 -0300] "GET /cormun/servlet/trcontratosolicitud? HTTP/1.1" 200 14850
200.54.247.70 - - [16/Mar/2018:09:59:08 -0300] "HEAD /cormun/static/about:blank HTTP/1.1" 404 -
200.54.247.70 - - [16/Mar/2018:09:59:09 -0300] "GET /cormun/servlet/solicitudotadjuntos?2ca7b1d6b3de15b4c52427e5fb2e491512b3450c96a977cbadedf8bdd9c83e6e325ef72a7eccafc37d364ad84162a3ab,gx-no-cache=1521205099169 HTTP/1.1" 200 30
200.120.230.197 - - [16/Mar/2018:09:59:09 -0300] "GET /cormun/servlet/trcontratosolicitud? HTTP/1.1" 200 14852
200.54.247.70 - - [16/Mar/2018:09:59:09 -0300] "POST /cormun/servlet/solicitudotadjuntos?e807a4be604ab9639380fc95aee8a784,INS,2018,10556,,1,,gx-no-cache=1521205099539 HTTP/1.1" 200 3981
186.79.78.167 - - [16/Mar/2018:09:59:11 -0300] "GET /cormun/servlet/solicitudotadjuntos?INS,2018,10525,,2, HTTP/1.1" 200 5972
186.79.78.167 - - [16/Mar/2018:09:59:11 -0300] "GET /cormun/static/about:blank HTTP/1.1" 404 1011
186.79.78.167 - - [16/Mar/2018:09:59:11 -0300] "GET /cormun/servlet/solicitudotadjuntos?INS,2018,10525,,2, HTTP/1.1" 200 5965
186.79.78.167 - - [16/Mar/2018:09:59:12 -0300] "GET /cormun/servlet/solicitudotadjuntos?0ebf00c5479364850acc595598038e59d7f6896f62c42a0fcc2fc6872bb27ea8636366423d464962783c56c1d8aba4de,gx-no-cache=1521205104335 HTTP/1.1" 200 30
186.79.78.167 - - [16/Mar/2018:09:59:13 -0300] "POST /cormun/servlet/solicitudotadjuntos?5d8b585d72a42791d5d8fe0c416df843,INS,2018,10525,,2,,gx-no-cache=1521205104458 HTTP/1.1" 200 4006
186.103.159.46 - - [16/Mar/2018:09:59:13 -0300] "GET /cormun/servlet/solicitudot?0b8369a55953ce8842e60b23f66295ad4e3fa940e914c59860d13fec34254e13,gx-no-cache=1521205102900 HTTP/1.1" 200 30
200.54.247.70 - - [16/Mar/2018:09:59:13 -0300] "POST /cormun/servlet/solicitudotadjuntos?gx-no-cache=1521205103409 HTTP/1.1" 200 26
186.103.159.230 - - [16/Mar/2018:09:59:14 -0300] "POST /cormun/servlet/prfichaempleado?921439b401ec18f7150f45244ce15246,,MD,,gxPopupLevel%3D0%3B,gx-no-cache=1521205111070 HTTP/1.1" 200 3408
192.168.10.56 - - [16/Mar/2018:09:59:16 -0300] "POST /cormun/servlet/trsolicitudgral?531c3d7aec22bf39617690999a58ceb8,,gx-no-cache=1521204991781 HTTP/1.1" 200 7279
200.54.247.70 - - [16/Mar/2018:09:59:18 -0300] "GET /cormun/servlet/solicitudotadjuntos?2ca7b1d6b3de15b4c52427e5fb2e49158133372bf2ff09f70e09f8cda783f422,gx-no-cache=1521205108513 HTTP/1.1" 200 30
200.54.247.70 - - [16/Mar/2018:09:59:18 -0300] "GET /cormun/servlet/solicitudotadjuntos?2ca7b1d6b3de15b4c52427e5fb2e49158133372bf2ff09f70e09f8cda783f422,gx-no-cache=1521205108558 HTTP/1.1" 200 30
200.54.247.70 - - [16/Mar/2018:09:59:19 -0300] "POST /cormun/servlet/solicitudotadjuntos?e807a4be604ab9639380fc95aee8a784,INS,2018,10556,,1, HTTP/1.1" 200 116
200.54.247.70 - - [16/Mar/2018:09:59:19 -0300] "GET /cormun/servlet/hpexe_return? HTTP/1.1" 200 1027
200.54.247.70 - - [16/Mar/2018:09:59:20 -0300] "GET /cormun/servlet/trsolicitudadjuntos?2018,10556, HTTP/1.1" 200 9657
186.103.159.230 - - [16/Mar/2018:09:59:20 -0300] "GET /cormun/servlet/permisogoce?97e8cf127b3c53b5d74a3c9a3e0d7a41ecb848ed023912f20225b8fb1b08b270ac7f0a783a9713c207a568010c858b5c77825400dccea3e0e5286cfd8da96bf5,gx-no-cache=1521205117758 HTTP/1.1" 200 80
200.54.247.70 - - [16/Mar/2018:09:59:24 -0300] "GET /cormun/servlet/solicitudotadjuntos?INS,2018,10556,,1, HTTP/1.1" 200 6276
200.54.247.70 - - [16/Mar/2018:09:59:24 -0300] "HEAD /cormun/static/about:blank HTTP/1.1" 404 -
200.54.247.70 - - [16/Mar/2018:09:59:25 -0300] "GET /cormun/servlet/solicitudotadjuntos?2ca7b1d6b3de15b4c52427e5fb2e491512b3450c96a977cbadedf8bdd9c83e6e325ef72a7eccafc37d364ad84162a3ab,gx-no-cache=1521205115571 HTTP/1.1" 200 30
200.54.247.70 - - [16/Mar/2018:09:59:25 -0300] "POST /cormun/servlet/solicitudotadjuntos?e807a4be604ab9639380fc95aee8a784,INS,2018,10556,,1,,gx-no-cache=1521205115643 HTTP/1.1" 200 3981
200.54.247.70 - - [16/Mar/2018:09:59:28 -0300] "POST /cormun/servlet/solicitudotadjuntos?gx-no-cache=1521205118153 HTTP/1.1" 200 26
200.54.247.70 - - [16/Mar/2018:09:59:36 -0300] "GET /cormun/servlet/solicitudotadjuntos?2ca7b1d6b3de15b4c52427e5fb2e49158133372bf2ff09f70e09f8cda783f422,gx-no-cache=1521205126728 HTTP/1.1" 200 30
200.54.247.70 - - [16/Mar/2018:09:59:36 -0300] "GET /cormun/servlet/solicitudotadjuntos?2ca7b1d6b3de15b4c52427e5fb2e49158133372bf2ff09f70e09f8cda783f422,gx-no-cache=1521205126759 HTTP/1.1" 200 30
200.54.247.70 - - [16/Mar/2018:09:59:38 -0300] "POST /cormun/servlet/solicitudotadjuntos?e807a4be604ab9639380fc95aee8a784,INS,2018,10556,,1, HTTP/1.1" 200 6392
200.54.247.70 - - [16/Mar/2018:09:59:38 -0300] "GET /home/sistema/apache-tomcat-7.0.65/webapps/cormun/PrivateTempStorage/upload_00013113.pdf HTTP/1.1" 404 1135
200.54.247.70 - - [16/Mar/2018:09:59:38 -0300] "GET /cormun/static/Shared/jqueryui/images/ui-icons_82798d_256x240.png HTTP/1.1" 404 1089
200.54.247.70 - - [16/Mar/2018:09:59:38 -0300] "GET /cormun/static/Shared/jqueryui/images/ui-bg_highlight-soft_100_c6c2c8_1x100.png HTTP/1.1" 404 1117
200.54.247.70 - - [16/Mar/2018:09:59:38 -0300] "GET /cormun/static/Shared/jqueryui/images/ui-icons_ebccce_256x240.png HTTP/1.1" 404 1089
200.54.247.70 - - [16/Mar/2018:09:59:38 -0300] "GET /cormun/static/Shared/jqueryui/images/ui-bg_flat_55_994d53_40x100.png HTTP/1.1" 404 1097
200.54.247.70 - - [16/Mar/2018:09:59:38 -0300] "GET /cormun/PrivateTempStorage/upload_00013113.pdf HTTP/1.1" 200 214709
200.54.247.70 - - [16/Mar/2018:09:59:39 -0300] "GET /cormun/PrivateTempStorage/upload_00013113.pdf HTTP/1.1" 304 -
186.103.159.230 - - [16/Mar/2018:09:59:42 -0300] "GET /cormun/servlet/permisogoce?97e8cf127b3c53b5d74a3c9a3e0d7a412f2e8cc1a52c4bd19405f6281a9e3b74a307f85b0c2435eeca39665229862cf3db1ff18cf2fedeb6c6081410d24396f9,gx-no-cache=1521205140303 HTTP/1.1" 200 46
192.168.10.56 - - [16/Mar/2018:09:59:42 -0300] "POST /cormun/servlet/trsolicitudgral?531c3d7aec22bf39617690999a58ceb8,,gx-no-cache=1521205018047 HTTP/1.1" 200 14714
186.103.159.46 - - [16/Mar/2018:09:59:48 -0300] "GET /cormun/static/menuarrow.gif HTTP/1.1" 404 1015
200.54.247.70 - - [16/Mar/2018:09:59:49 -0300] "GET /cormun/servlet/solicitudotadjuntos?2ca7b1d6b3de15b4c52427e5fb2e4915b97c82cb9b8bed9bf7d2d1d1d9fd60af0ad4d84d62fa10587b812f52b9a335bc,gx-no-cache=1521205139614 HTTP/1.1" 200 30
200.54.247.70 - - [16/Mar/2018:09:59:50 -0300] "POST /cormun/servlet/solicitudotadjuntos?e807a4be604ab9639380fc95aee8a784,INS,2018,10556,,1, HTTP/1.1" 200 6392
200.54.247.70 - - [16/Mar/2018:09:59:50 -0300] "GET /home/sistema/apache-tomcat-7.0.65/webapps/cormun/PrivateTempStorage/upload_00013125.pdf HTTP/1.1" 404 1135
200.54.247.70 - - [16/Mar/2018:09:59:50 -0300] "GET /cormun/PrivateTempStorage/upload_00013125.pdf HTTP/1.1" 200 214709
200.54.247.70 - - [16/Mar/2018:09:59:50 -0300] "GET /cormun/PrivateTempStorage/upload_00013125.pdf HTTP/1.1" 304 -
192.168.10.56 - - [16/Mar/2018:09:59:51 -0300] "POST /cormun/servlet/trsolicitudgral?531c3d7aec22bf39617690999a58ceb8,,gx-no-cache=1521205027137 HTTP/1.1" 200 7775
200.54.247.70 - - [16/Mar/2018:10:00:00 -0300] "POST /cormun/servlet/solicitudotadjuntos?gx-no-cache=1521205149974 HTTP/1.1" 200 26
200.54.247.70 - - [16/Mar/2018:10:00:03 -0300] "GET /cormun/servlet/solicitudotadjuntos?2ca7b1d6b3de15b4c52427e5fb2e4915efdf92c3b5db1820c7245639ff563e590ad4d84d62fa10587b812f52b9a335bc,gx-no-cache=1521205153880 HTTP/1.1" 200 30
200.54.247.70 - - [16/Mar/2018:10:00:03 -0300] "GET /cormun/servlet/solicitudotadjuntos?2ca7b1d6b3de15b4c52427e5fb2e4915efdf92c3b5db1820c7245639ff563e590ad4d84d62fa10587b812f52b9a335bc,gx-no-cache=1521205153929 HTTP/1.1" 200 30
192.168.10.61 - - [16/Mar/2018:10:00:04 -0300] "GET /cormun/servlet/vesolicitudgral?2018,9928,, HTTP/1.1" 200 9129
192.168.10.61 - - [16/Mar/2018:10:00:04 -0300] "GET /cormun/pexe_scrolldiv.js HTTP/1.1" 404 1009
192.168.10.61 - - [16/Mar/2018:10:00:04 -0300] "GET /cormun/pexe_scrolldiv.js HTTP/1.1" 404 1009
192.168.10.61 - - [16/Mar/2018:10:00:05 -0300] "GET /cormun/servlet/vesolicitudgral?2018,9928,, HTTP/1.1" 200 9109
200.54.247.70 - - [16/Mar/2018:10:00:05 -0300] "POST /cormun/servlet/solicitudotadjuntos?e807a4be604ab9639380fc95aee8a784,INS,2018,10556,,1, HTTP/1.1" 200 116
200.54.247.70 - - [16/Mar/2018:10:00:05 -0300] "GET /cormun/servlet/hpexe_return? HTTP/1.1" 200 1027
200.54.247.70 - - [16/Mar/2018:10:00:05 -0300] "GET /cormun/servlet/trsolicitudadjuntos?2018,10556, HTTP/1.1" 200 9917
192.168.10.61 - - [16/Mar/2018:10:00:07 -0300] "POST /cormun/servlet/vesolicitudgral?0983af8861c915ecd8bb95a07de0044b,2018,9928,,,gx-no-cache=1521205042482 HTTP/1.1" 200 12050
192.168.10.61 - - [16/Mar/2018:10:00:07 -0300] "GET /cormun/static/Shared/jqueryui/images/ui-bg_highlight-soft_100_c6c2c8_1x100.png HTTP/1.1" 404 1117
192.168.10.61 - - [16/Mar/2018:10:00:07 -0300] "GET /cormun/static/Shared/jqueryui/images/ui-icons_82798d_256x240.png HTTP/1.1" 404 1089
192.168.10.61 - - [16/Mar/2018:10:00:07 -0300] "GET /cormun/static/Shared/jqueryui/images/ui-bg_flat_55_fafafa_40x100.png HTTP/1.1" 404 1097
192.168.10.61 - - [16/Mar/2018:10:00:07 -0300] "GET /cormun/static/Shared/jqueryui/images/ui-icons_8d78a5_256x240.png HTTP/1.1" 404 1089
192.168.10.61 - - [16/Mar/2018:10:00:07 -0300] "POST /cormun/servlet/vesolicitudgral?0983af8861c915ecd8bb95a07de0044b,2018,9928,,,gx-no-cache=1521205042723 HTTP/1.1" 200 11985
192.168.10.61 - - [16/Mar/2018:10:00:09 -0300] "POST /cormun/servlet/vesolicitudgral?0983af8861c915ecd8bb95a07de0044b,2018,9928,,,gx-no-cache=1521205045061 HTTP/1.1" 200 93
192.168.10.61 - - [16/Mar/2018:10:00:09 -0300] "GET /cormun/servlet/hpexe_return? HTTP/1.1" 200 1034
192.168.10.61 - - [16/Mar/2018:10:00:09 -0300] "GET /cormun/servlet/trsolicitudgral?gx-no-cache=1521203854745 HTTP/1.1" 200 12921
192.168.10.61 - - [16/Mar/2018:10:00:10 -0300] "GET /cormun/servlet/trsolicitudgral?gx-no-cache=1521203854745 HTTP/1.1" 200 12938
200.54.247.70 - - [16/Mar/2018:10:00:13 -0300] "GET /cormun/servlet/trsolicitudot? HTTP/1.1" 200 8821
186.103.159.44 - - [16/Mar/2018:10:00:13 -0300] "GET /cormun/servlet/hlogin HTTP/1.1" 200 1723
186.103.159.44 - - [16/Mar/2018:10:00:14 -0300] "GET /cormun/static/gxtimezone.js?85251 HTTP/1.1" 200 5781
186.103.159.44 - - [16/Mar/2018:10:00:14 -0300] "GET /cormun/static/gxcfg.js?20175251213516 HTTP/1.1" 200 953
186.103.159.44 - - [16/Mar/2018:10:00:14 -0300] "GET /cormun/static/Resources/ComunLogin.png HTTP/1.1" 200 17326
186.103.159.44 - - [16/Mar/2018:10:00:14 -0300] "GET /cormun/static/messages.spa.js?85251 HTTP/1.1" 200 30736
186.103.159.44 - - [16/Mar/2018:10:00:14 -0300] "GET /cormun/static/hlogin.js?20175251213537 HTTP/1.1" 200 2136
186.103.159.44 - - [16/Mar/2018:10:00:14 -0300] "GET /cormun/static/Resources/Spanish/PXTools.css?11423723 HTTP/1.1" 200 89042
186.103.159.44 - - [16/Mar/2018:10:00:14 -0300] "GET /cormun/static/gxgral.js?85251 HTTP/1.1" 200 384558
186.103.159.44 - - [16/Mar/2018:10:00:14 -0300] "GET /cormun/static/Resources/indicator.gif HTTP/1.1" 200 1553
186.103.159.44 - - [16/Mar/2018:10:00:14 -0300] "GET /cormun/servlet/hlogin HTTP/1.1" 200 1734
186.103.159.44 - - [16/Mar/2018:10:00:14 -0300] "GET /cormun/static/Resources/PXToolsLoginBackground.png HTTP/1.1" 200 1164
186.103.159.44 - - [16/Mar/2018:10:00:14 -0300] "GET /cormun/static/Resources/PXToolsButtonRight21.png HTTP/1.1" 200 1283
186.103.159.44 - - [16/Mar/2018:10:00:14 -0300] "GET /cormun/static/Resources/PXToolsButtonLeft21.png HTTP/1.1" 200 1287
186.103.159.44 - - [16/Mar/2018:10:00:14 -0300] "GET /cormun/static/Resources/PXToolsLoginTop.png HTTP/1.1" 200 1337
186.103.159.44 - - [16/Mar/2018:10:00:14 -0300] "GET /cormun/static/Resources/PXToolsButtonBackground2.png HTTP/1.1" 200 1181
186.103.159.44 - - [16/Mar/2018:10:00:14 -0300] "GET /cormun/static/Resources/PXToolsLoginBottom.png HTTP/1.1" 200 1389
186.103.159.44 - - [16/Mar/2018:10:00:14 -0300] "GET /cormun/static/Resources/PXToolsLoginBackground.png HTTP/1.1" 200 1164
186.103.159.44 - - [16/Mar/2018:10:00:14 -0300] "GET /cormun/static/Resources/PXToolsLoginTop.png HTTP/1.1" 200 1337
186.103.159.44 - - [16/Mar/2018:10:00:14 -0300] "GET /cormun/static/Resources/PXToolsButtonLeft21.png HTTP/1.1" 200 1287
186.103.159.44 - - [16/Mar/2018:10:00:14 -0300] "GET /cormun/static/Resources/PXToolsButtonRight21.png HTTP/1.1" 200 1283
186.103.159.44 - - [16/Mar/2018:10:00:14 -0300] "GET /cormun/static/Resources/PXToolsButtonBackground2.png HTTP/1.1" 200 1181
186.103.159.44 - - [16/Mar/2018:10:00:14 -0300] "GET /cormun/static/Resources/PXToolsLoginBottom.png HTTP/1.1" 200 1389
186.103.159.44 - - [16/Mar/2018:10:00:14 -0300] "GET /favicon.ico HTTP/1.1" 200 21630
200.54.247.70 - - [16/Mar/2018:10:00:17 -0300] "POST /cormun/servlet/trsolicitudot?e807a4be604ab9639380fc95aee8a784,,gx-no-cache=1521205167376 HTTP/1.1" 200 4691
200.54.247.70 - - [16/Mar/2018:10:00:18 -0300] "POST /cormun/servlet/trsolicitudot?e807a4be604ab9639380fc95aee8a784,,gx-no-cache=1521205167759 HTTP/1.1" 200 4465
200.54.247.70 - - [16/Mar/2018:10:00:18 -0300] "GET /cormun/static/Shared/jqueryui/images/ui-icons_8d78a5_256x240.png HTTP/1.1" 404 1089
200.54.247.70 - - [16/Mar/2018:10:00:18 -0300] "GET /cormun/static/Shared/jqueryui/images/ui-icons_82798d_256x240.png HTTP/1.1" 404 1089
200.54.247.70 - - [16/Mar/2018:10:00:18 -0300] "GET /cormun/static/Shared/jqueryui/images/ui-bg_highlight-soft_100_c6c2c8_1x100.png HTTP/1.1" 404 1117
200.54.247.70 - - [16/Mar/2018:10:00:18 -0300] "GET /cormun/static/Shared/jqueryui/images/ui-bg_flat_55_fafafa_40x100.png HTTP/1.1" 404 1097
200.54.247.70 - - [16/Mar/2018:10:00:22 -0300] "GET /cormun/servlet/trautorizarsolicitud? HTTP/1.1" 200 8710
192.168.10.61 - - [16/Mar/2018:10:00:23 -0300] "POST /cormun/servlet/trsolicitudgral?0983af8861c915ecd8bb95a07de0044b,gx-no-cache=1521203854745,gx-no-cache=1521205059153 HTTP/1.1" 200 12899
186.103.159.230 - - [16/Mar/2018:10:00:24 -0300] "POST /cormun/servlet/permisogoce?921439b401ec18f7150f45244ce15246,INS,0,,,,gx-no-cache=1521205181646 HTTP/1.1" 200 93
186.103.159.230 - - [16/Mar/2018:10:00:24 -0300] "GET /cormun/servlet/hpexe_return? HTTP/1.1" 200 1005
186.103.159.230 - - [16/Mar/2018:10:00:25 -0300] "GET /cormun/servlet/trpermisosgoce HTTP/1.1" 200 8262
200.54.247.70 - - [16/Mar/2018:10:00:25 -0300] "POST /cormun/servlet/trautorizarsolicitud?e807a4be604ab9639380fc95aee8a784,,gx-no-cache=1521205175236 HTTP/1.1" 200 4612
186.103.159.230 - - [16/Mar/2018:10:00:25 -0300] "GET /cormun/servlet/trpermisosgoce HTTP/1.1" 200 8258
200.54.247.70 - - [16/Mar/2018:10:00:26 -0300] "POST /cormun/servlet/trautorizarsolicitud?e807a4be604ab9639380fc95aee8a784,,gx-no-cache=1521205175590 HTTP/1.1" 200 4385
200.54.247.70 - - [16/Mar/2018:10:00:26 -0300] "GET /cormun/static/Shared/jqueryui/images/ui-icons_8d78a5_256x240.png HTTP/1.1" 404 1089
200.54.247.70 - - [16/Mar/2018:10:00:26 -0300] "GET /cormun/static/Shared/jqueryui/images/ui-icons_82798d_256x240.png HTTP/1.1" 404 1089
200.54.247.70 - - [16/Mar/2018:10:00:26 -0300] "GET /cormun/static/Shared/jqueryui/images/ui-bg_highlight-soft_100_c6c2c8_1x100.png HTTP/1.1" 404 1117
