186.103.159.204 - - [16/Mar/2018:13:56:07 -0300] "GET /cormun/servlet/solicitudotadjuntos?f6e0ecd6670ee3d94bd2526bd54c36b0cfa7411c5dcb104be22f5088fbe18b86,gx-no-cache=1521219309718 HTTP/1.1" 200 30
186.103.159.204 - - [16/Mar/2018:13:56:08 -0300] "POST /cormun/servlet/solicitudotadjuntos?3169e2345934ddaa4dc5a7b110a9a104,INS,2018,10567,,1, HTTP/1.1" 200 6260
186.103.159.204 - - [16/Mar/2018:13:56:08 -0300] "GET /cormun/static/Shared/jqueryui/images/ui-bg_highlight-soft_100_c6c2c8_1x100.png HTTP/1.1" 404 1117
186.103.159.204 - - [16/Mar/2018:13:56:08 -0300] "GET /cormun/static/Shared/jqueryui/images/ui-bg_flat_55_994d53_40x100.png HTTP/1.1" 404 1097
186.103.159.204 - - [16/Mar/2018:13:56:08 -0300] "GET /cormun/static/Shared/jqueryui/images/ui-icons_ebccce_256x240.png HTTP/1.1" 404 1089
186.103.159.204 - - [16/Mar/2018:13:56:08 -0300] "GET /cormun/static/Shared/jqueryui/images/ui-icons_82798d_256x240.png HTTP/1.1" 404 1089
186.103.159.204 - - [16/Mar/2018:13:56:08 -0300] "GET /cormun/PrivateTempStorage/upload_00013749.jpg HTTP/1.1" 200 209333
186.103.159.204 - - [16/Mar/2018:13:56:14 -0300] "POST /cormun/servlet/trautorizarsolicitud?c2b80eae5fd2a5a79061285f53996a07,gx-no-cache=1521219325062 HTTP/1.1" 200 4132
186.103.159.204 - - [16/Mar/2018:13:56:16 -0300] "POST /cormun/servlet/trautorizarsolicitud?c2b80eae5fd2a5a79061285f53996a07,gx-no-cache=1521219326359 HTTP/1.1" 200 4133
186.103.159.204 - - [16/Mar/2018:13:56:19 -0300] "GET /cormun/servlet/solicitudotadjuntos?f6e0ecd6670ee3d94bd2526bd54c36b0464144c7db7ee0807b929bc7f8b13d31ba0c56df293ed61696a8694c4b83f3b1,gx-no-cache=1521219321287 HTTP/1.1" 200 30
186.103.159.204 - - [16/Mar/2018:13:56:19 -0300] "POST /cormun/servlet/solicitudotadjuntos?3169e2345934ddaa4dc5a7b110a9a104,INS,2018,10567,,1, HTTP/1.1" 200 6259
186.103.159.204 - - [16/Mar/2018:13:56:20 -0300] "GET /cormun/PrivateTempStorage/upload_00013761.jpg HTTP/1.1" 200 209333
186.103.159.204 - - [16/Mar/2018:13:56:30 -0300] "POST /cormun/servlet/trautorizarsolicitud?c2b80eae5fd2a5a79061285f53996a07,gx-no-cache=1521219341162 HTTP/1.1" 200 5559
186.103.159.204 - - [16/Mar/2018:13:56:32 -0300] "POST /cormun/servlet/trautorizarsolicitud?c2b80eae5fd2a5a79061285f53996a07,gx-no-cache=1521219342511 HTTP/1.1" 200 5560
186.103.159.204 - - [16/Mar/2018:13:56:46 -0300] "POST /cormun/servlet/trautorizarsolicitud?c2b80eae5fd2a5a79061285f53996a07,gx-no-cache=1521219356737 HTTP/1.1" 200 7224
186.67.172.234 - - [16/Mar/2018:13:56:49 -0300] "GET /cormun/servlet/hlogin HTTP/1.1" 200 1715
186.67.172.234 - - [16/Mar/2018:13:56:49 -0300] "GET /cormun/static/messages.spa.js?85251 HTTP/1.1" 304 -
186.67.172.234 - - [16/Mar/2018:13:56:49 -0300] "GET /cormun/servlet/hlogin HTTP/1.1" 200 1718
186.67.172.234 - - [16/Mar/2018:13:56:51 -0300] "POST /cormun/servlet/hlogin?05bc860f06486f7068e1f800d13dc2fe,gx-no-cache=1521223001926 HTTP/1.1" 200 90
186.67.172.234 - - [16/Mar/2018:13:56:51 -0300] "GET /cormun/servlet/hpexe_link HTTP/1.1" 200 941
186.67.172.234 - - [16/Mar/2018:13:56:51 -0300] "GET /cormun/servlet/hhome HTTP/1.1" 200 4218
186.67.172.234 - - [16/Mar/2018:13:56:52 -0300] "GET /cormun/servlet/hhome HTTP/1.1" 200 4216
186.67.172.234 - - [16/Mar/2018:13:56:55 -0300] "GET /cormun/servlet/trsolicitudot? HTTP/1.1" 200 7430
186.67.172.234 - - [16/Mar/2018:13:56:55 -0300] "GET /cormun/static/gxcfg.js?2017111422585916 HTTP/1.1" 200 953
186.67.172.234 - - [16/Mar/2018:13:56:55 -0300] "GET /cormun/static/trsolicitudot.js?201711142259839 HTTP/1.1" 200 54041
186.67.172.234 - - [16/Mar/2018:13:56:55 -0300] "GET /cormun/servlet/trsolicitudot? HTTP/1.1" 200 7430
186.67.172.234 - - [16/Mar/2018:13:57:08 -0300] "GET /cormun/servlet/trautorizarsolicitud? HTTP/1.1" 200 7331
186.67.172.234 - - [16/Mar/2018:13:57:08 -0300] "GET /cormun/servlet/trautorizarsolicitud? HTTP/1.1" 200 7331
186.67.172.234 - - [16/Mar/2018:13:57:11 -0300] "GET /cormun/servlet/trvisualizadoreventos? HTTP/1.1" 200 6964
186.67.172.234 - - [16/Mar/2018:13:57:11 -0300] "GET /cormun/static/gxcfg.js?20175251251426 HTTP/1.1" 200 953
186.67.172.234 - - [16/Mar/2018:13:57:11 -0300] "GET /cormun/static/Resources/PXToolsActionPrint.png HTTP/1.1" 200 3317
186.67.172.234 - - [16/Mar/2018:13:57:11 -0300] "GET /cormun/servlet/trvisualizadoreventos? HTTP/1.1" 200 6963
186.67.172.234 - - [16/Mar/2018:13:57:18 -0300] "GET /cormun/servlet/trsolicitudot? HTTP/1.1" 200 7430
186.67.172.234 - - [16/Mar/2018:13:57:18 -0300] "GET /cormun/servlet/trsolicitudot? HTTP/1.1" 200 7430
186.67.172.234 - - [16/Mar/2018:13:57:35 -0300] "POST /cormun/servlet/trsolicitudot?05bc860f06486f7068e1f800d13dc2fe,,gx-no-cache=1521223045575 HTTP/1.1" 200 4476
186.67.172.234 - - [16/Mar/2018:13:57:39 -0300] "POST /cormun/servlet/trsolicitudot?05bc860f06486f7068e1f800d13dc2fe,,gx-no-cache=1521223049717 HTTP/1.1" 200 4476
186.67.172.234 - - [16/Mar/2018:13:57:41 -0300] "GET /cormun/servlet/hlogin HTTP/1.1" 200 1726
200.72.197.82 - - [16/Mar/2018:13:57:55 -0300] "POST /cormun/servlet/hlogin?8e40a8196cde1f592d82edcba03fbe27,gx-no-cache=1521219423398 HTTP/1.1" 200 90
200.72.197.82 - - [16/Mar/2018:13:57:55 -0300] "GET /cormun/servlet/hpexe_link HTTP/1.1" 200 960
200.72.197.82 - - [16/Mar/2018:13:57:56 -0300] "GET /cormun/servlet/trautorizarsolicitud HTTP/1.1" 200 7318
200.72.197.82 - - [16/Mar/2018:13:57:57 -0300] "GET /cormun/servlet/trautorizarsolicitud HTTP/1.1" 200 7317
200.72.197.82 - - [16/Mar/2018:13:58:04 -0300] "GET /cormun/servlet/trsolicitudot? HTTP/1.1" 200 7414
200.72.197.82 - - [16/Mar/2018:13:58:06 -0300] "GET /cormun/servlet/trsolicitudot? HTTP/1.1" 200 7413
200.72.197.82 - - [16/Mar/2018:13:58:10 -0300] "GET /cormun/servlet/solicitudot?INS,0,0, HTTP/1.1" 200 13647
200.72.197.82 - - [16/Mar/2018:13:58:11 -0300] "GET /cormun/servlet/solicitudot?INS,0,0, HTTP/1.1" 200 13652
186.103.159.204 - - [16/Mar/2018:13:58:12 -0300] "POST /cormun/servlet/solicitudotadjuntos?3169e2345934ddaa4dc5a7b110a9a104,INS,2018,10567,,1, HTTP/1.1" 200 116
186.103.159.204 - - [16/Mar/2018:13:58:12 -0300] "GET /cormun/servlet/hpexe_return? HTTP/1.1" 200 1022
186.103.159.204 - - [16/Mar/2018:13:58:13 -0300] "GET /cormun/servlet/trsolicitudadjuntos?2018,10567, HTTP/1.1" 200 5974
186.103.159.204 - - [16/Mar/2018:13:58:13 -0300] "GET /cormun/servlet/trsolicitudadjuntos?2018,10567, HTTP/1.1" 200 5970
186.103.159.204 - - [16/Mar/2018:13:58:18 -0300] "GET /cormun/servlet/solicitudotadjuntos?INS,2018,10567,,1, HTTP/1.1" 200 5924
186.103.159.204 - - [16/Mar/2018:13:58:19 -0300] "GET /cormun/static/about:blank HTTP/1.1" 404 1011
186.103.159.204 - - [16/Mar/2018:13:58:19 -0300] "GET /cormun/servlet/solicitudotadjuntos?INS,2018,10567,,1, HTTP/1.1" 200 5917
186.103.159.204 - - [16/Mar/2018:13:58:19 -0300] "GET /cormun/servlet/solicitudotadjuntos?f6e0ecd6670ee3d94bd2526bd54c36b0270a30871733c86e8b7b3f67749a31d22ab57c56386d031288539f7636a87233,gx-no-cache=1521219441809 HTTP/1.1" 200 30
186.103.159.204 - - [16/Mar/2018:13:58:19 -0300] "POST /cormun/servlet/solicitudotadjuntos?3169e2345934ddaa4dc5a7b110a9a104,INS,2018,10567,,1,,gx-no-cache=1521219441866 HTTP/1.1" 200 3798
186.103.159.204 - - [16/Mar/2018:13:58:21 -0300] "POST /cormun/servlet/solicitudotadjuntos?gx-no-cache=1521219443943 HTTP/1.1" 200 26
186.67.203.186 - - [16/Mar/2018:13:58:27 -0300] "POST /cormun/servlet/solicitudot?gx-no-cache=1521219455372 HTTP/1.1" 200 3284
186.67.203.186 - - [16/Mar/2018:13:58:28 -0300] "POST /cormun/servlet/solicitudot?8e40a8196cde1f592d82edcba03fbe27,INS,0,0,,gx-no-cache=1521219455815 HTTP/1.1" 200 10450
186.67.203.186 - - [16/Mar/2018:13:58:32 -0300] "GET /cormun/servlet/solicitudot?a6d45154b4d7fe6878a23b498181eaa3e173317751ebeb92a128d4041f2d5e35893b7b9709ff4987a2be6fca7e2102f8,gx-no-cache=1521219460008 HTTP/1.1" 200 30
186.103.159.204 - - [16/Mar/2018:13:58:34 -0300] "GET /cormun/servlet/solicitudotadjuntos?f6e0ecd6670ee3d94bd2526bd54c36b0cfa7411c5dcb104be22f5088fbe18b86,gx-no-cache=1521219457079 HTTP/1.1" 200 30
186.103.159.204 - - [16/Mar/2018:13:58:34 -0300] "GET /cormun/servlet/solicitudotadjuntos?f6e0ecd6670ee3d94bd2526bd54c36b0cfa7411c5dcb104be22f5088fbe18b86,gx-no-cache=1521219457120 HTTP/1.1" 200 30
186.103.159.204 - - [16/Mar/2018:13:58:36 -0300] "POST /cormun/servlet/solicitudotadjuntos?3169e2345934ddaa4dc5a7b110a9a104,INS,2018,10567,,1, HTTP/1.1" 200 6258
186.103.159.204 - - [16/Mar/2018:13:58:36 -0300] "GET /cormun/static/Shared/jqueryui/images/ui-bg_highlight-soft_100_c6c2c8_1x100.png HTTP/1.1" 404 1117
186.103.159.204 - - [16/Mar/2018:13:58:36 -0300] "GET /cormun/static/Shared/jqueryui/images/ui-bg_flat_55_994d53_40x100.png HTTP/1.1" 404 1097
186.103.159.204 - - [16/Mar/2018:13:58:36 -0300] "GET /cormun/static/Shared/jqueryui/images/ui-icons_ebccce_256x240.png HTTP/1.1" 404 1089
186.103.159.204 - - [16/Mar/2018:13:58:36 -0300] "GET /cormun/static/Shared/jqueryui/images/ui-icons_82798d_256x240.png HTTP/1.1" 404 1089
186.103.159.204 - - [16/Mar/2018:13:58:36 -0300] "GET /cormun/PrivateTempStorage/upload_00013785.png HTTP/1.1" 200 814375
186.103.159.204 - - [16/Mar/2018:13:59:10 -0300] "GET /cormun/servlet/solicitudotadjuntos?f6e0ecd6670ee3d94bd2526bd54c36b084e69ee13732caa6864a922ddbb82c85ba0c56df293ed61696a8694c4b83f3b1,gx-no-cache=1521219492847 HTTP/1.1" 200 30
186.103.159.204 - - [16/Mar/2018:13:59:10 -0300] "GET /cormun/servlet/solicitudotadjuntos?f6e0ecd6670ee3d94bd2526bd54c36b084e69ee13732caa6864a922ddbb82c85ba0c56df293ed61696a8694c4b83f3b1,gx-no-cache=1521219492930 HTTP/1.1" 200 30
186.103.159.204 - - [16/Mar/2018:13:59:12 -0300] "POST /cormun/servlet/solicitudotadjuntos?3169e2345934ddaa4dc5a7b110a9a104,INS,2018,10567,,1, HTTP/1.1" 200 6260
186.103.159.204 - - [16/Mar/2018:13:59:13 -0300] "GET /cormun/PrivateTempStorage/upload_00013797.png HTTP/1.1" 200 814375
186.103.159.204 - - [16/Mar/2018:13:59:42 -0300] "POST /cormun/servlet/solicitudotadjuntos?3169e2345934ddaa4dc5a7b110a9a104,INS,2018,10567,,1, HTTP/1.1" 200 116
186.103.159.204 - - [16/Mar/2018:13:59:42 -0300] "GET /cormun/servlet/hpexe_return? HTTP/1.1" 200 1022
186.103.159.204 - - [16/Mar/2018:13:59:42 -0300] "GET /cormun/servlet/trsolicitudadjuntos?2018,10567, HTTP/1.1" 200 5974
186.103.159.204 - - [16/Mar/2018:13:59:43 -0300] "GET /cormun/servlet/trsolicitudadjuntos?2018,10567, HTTP/1.1" 200 5970
186.103.159.204 - - [16/Mar/2018:13:59:46 -0300] "GET /cormun/servlet/trsolicitudot? HTTP/1.1" 200 8460
186.103.159.204 - - [16/Mar/2018:13:59:47 -0300] "GET /cormun/servlet/trsolicitudot? HTTP/1.1" 200 8454
186.103.159.204 - - [16/Mar/2018:13:59:53 -0300] "POST /cormun/servlet/trsolicitudot?3169e2345934ddaa4dc5a7b110a9a104,,gx-no-cache=1521219535343 HTTP/1.1" 200 107
186.103.159.204 - - [16/Mar/2018:13:59:53 -0300] "GET /cormun/servlet/trsolicitudadjuntos?2018,10567, HTTP/1.1" 200 5970
186.103.159.204 - - [16/Mar/2018:13:59:53 -0300] "GET /cormun/servlet/trsolicitudadjuntos?2018,10567, HTTP/1.1" 200 5970
186.67.203.186 - - [16/Mar/2018:13:59:54 -0300] "GET /cormun/servlet/solicitudot?a6d45154b4d7fe6878a23b498181eaa30cdbc2eaed92a8b2447d02901a20408c,gx-no-cache=1521219542142 HTTP/1.1" 200 94
186.67.203.186 - - [16/Mar/2018:13:59:54 -0300] "GET /cormun/static/Shared/jqueryui/images/ui-bg_highlight-soft_100_c6c2c8_1x100.png HTTP/1.1" 404 1117
186.67.203.186 - - [16/Mar/2018:13:59:54 -0300] "GET /cormun/static/Shared/jqueryui/images/ui-icons_82798d_256x240.png HTTP/1.1" 404 1089
186.103.132.155 - - [16/Mar/2018:13:59:54 -0300] "GET /cormun/static/Shared/jqueryui/images/ui-bg_flat_55_994d53_40x100.png HTTP/1.1" 404 1097
200.111.122.170 - - [16/Mar/2018:13:59:54 -0300] "GET /cormun/static/Shared/jqueryui/images/ui-icons_ebccce_256x240.png HTTP/1.1" 404 1089
186.67.203.186 - - [16/Mar/2018:13:59:54 -0300] "GET /cormun/servlet/solicitudot?a6d45154b4d7fe6878a23b498181eaa31a4cd9cbb38443ca7b42aa70a42c8cbe,gx-no-cache=1521219542352 HTTP/1.1" 200 29
186.67.203.186 - - [16/Mar/2018:13:59:54 -0300] "POST /cormun/servlet/solicitudot?gx-no-cache=1521219542478 HTTP/1.1" 200 297
186.67.203.186 - - [16/Mar/2018:13:59:54 -0300] "GET /cormun/servlet/solicitudot?a6d45154b4d7fe6878a23b498181eaa3da7f229ff72ba83928428d8f0844b6f1d7b1c0702f63345f8bfaef091204b9975ee7740e418781e85920bc2c357a7e14aaf524ce3ed564d797c4536bc517d382a4548a065e6c8ce1a22ef835ed14a36ec113c5eda06eb47f1a8e86f70700f049e90c18a57fe282bd20b62d6a1a238d40e6c56af4b1b19cb0b15f825aafeb85f21e2fadfb651d604210924248913a69c02008b9de7ef270fd3acc5d3dffab1393908219eab59541a4663e7d2d19f842a0f643817726c7e00e88c61425b4affc6234b7b84708a1472e4b2dde50d3b4a5911b746e2b0eb9e715fe4d50af4130601f95cd294afc2ecdedf63c0e17c2dcc2f639df5121278e91b8cad010afc1e936bb8fb3f7d73cf1db986db4a5930e36552dded0ef25d9cc9b728087275761934c5086f22baab584844c741b220a5b1745227377619711a18d1b85e15f347396066a7e6f14690df4a377ebc1f4cd2e0c849fa5e8c16e164632a018eee799d46ff66b5702e430e04e9c37420fbd124d722206014b7768eb26583ffc5c4fa835e56828,gx-no-cache=1521219542657 HTTP/1.1" 200 30
186.67.203.186 - - [16/Mar/2018:13:59:56 -0300] "POST /cormun/servlet/solicitudot?gx-no-cache=1521219544509 HTTP/1.1" 200 30
186.67.203.186 - - [16/Mar/2018:14:00:14 -0300] "POST /cormun/servlet/solicitudot?gx-no-cache=1521219562075 HTTP/1.1" 200 1333
186.67.203.186 - - [16/Mar/2018:14:00:14 -0300] "POST /cormun/servlet/solicitudot?gx-no-cache=1521219562241 HTTP/1.1" 200 38
200.72.197.82 - - [16/Mar/2018:14:00:34 -0300] "GET /cormun/servlet/solicitudot?a6d45154b4d7fe6878a23b498181eaa39cf9a560f758d90d2a843344a18a07ad2c151f94059ce5bbd36b72f57d43fa390532e4471012cbaa80c5d220c38fd2338f668c86580e234060637dea7d237adb0fe01e648f3af1a7bb3d2bd28b9be49d68ee0e5f8ba40240a98d2b84be5c33ff,gx-no-cache=1521219582539 HTTP/1.1" 200 29
200.72.197.82 - - [16/Mar/2018:14:00:34 -0300] "POST /cormun/servlet/solicitudot?gx-no-cache=1521219582703 HTTP/1.1" 200 1319
200.72.197.82 - - [16/Mar/2018:14:00:35 -0300] "POST /cormun/servlet/solicitudot?gx-no-cache=1521219582949 HTTP/1.1" 200 1215
200.72.197.82 - - [16/Mar/2018:14:00:46 -0300] "GET /cormun/static/menuarrow.gif HTTP/1.1" 404 1015
200.72.197.82 - - [16/Mar/2018:14:00:52 -0300] "GET /cormun/servlet/solicitudot?a6d45154b4d7fe6878a23b498181eaa31aa514f26594e4fa848c891962de5254f96b4d56860c41b78d2b9da677dee0ea,gx-no-cache=1521219600627 HTTP/1.1" 200 30
200.72.197.82 - - [16/Mar/2018:14:01:01 -0300] "POST /cormun/servlet/solicitudot?gx-no-cache=1521219609572 HTTP/1.1" 200 30
186.67.203.186 - - [16/Mar/2018:14:01:31 -0300] "POST /cormun/servlet/solicitudot?8e40a8196cde1f592d82edcba03fbe27,INS,0,0,,gx-no-cache=1521219639147 HTTP/1.1" 200 11719
186.67.203.186 - - [16/Mar/2018:14:01:31 -0300] "GET /cormun/static/Shared/jqueryui/images/ui-bg_flat_55_fafafa_40x100.png HTTP/1.1" 404 1097
186.67.203.186 - - [16/Mar/2018:14:01:31 -0300] "GET /cormun/static/Shared/jqueryui/images/ui-icons_8d78a5_256x240.png HTTP/1.1" 404 1089
186.67.203.186 - - [16/Mar/2018:14:01:42 -0300] "POST /cormun/servlet/solicitudot?gx-no-cache=1521219650550 HTTP/1.1" 200 3328
186.67.203.186 - - [16/Mar/2018:14:01:43 -0300] "POST /cormun/servlet/solicitudot?8e40a8196cde1f592d82edcba03fbe27,INS,0,0,,gx-no-cache=1521219650833 HTTP/1.1" 200 11729
186.67.203.186 - - [16/Mar/2018:14:01:43 -0300] "GET /cormun/servlet/solicitudot?a6d45154b4d7fe6878a23b498181eaa3e173317751ebeb92a128d4041f2d5e35114b0e7df66351446ef142ca4ddcc7bb,gx-no-cache=1521219651308 HTTP/1.1" 200 30
186.103.132.155 - - [16/Mar/2018:14:02:19 -0300] "GET /cormun/servlet/solicitudot?a6d45154b4d7fe6878a23b498181eaa30cdbc2eaed92a8b2447d02901a20408c,gx-no-cache=1521219687229 HTTP/1.1" 200 94
186.103.132.155 - - [16/Mar/2018:14:02:19 -0300] "GET /cormun/servlet/solicitudot?a6d45154b4d7fe6878a23b498181eaa31a4cd9cbb38443ca7b42aa70a42c8cbe,gx-no-cache=1521219687424 HTTP/1.1" 200 29
186.103.132.155 - - [16/Mar/2018:14:02:19 -0300] "POST /cormun/servlet/solicitudot?gx-no-cache=1521219687674 HTTP/1.1" 200 297
186.103.132.155 - - [16/Mar/2018:14:02:20 -0300] "GET /cormun/servlet/solicitudot?a6d45154b4d7fe6878a23b498181eaa3da7f229ff72ba83928428d8f0844b6f1d7b1c0702f63345f8bfaef091204b9975ee7740e418781e85920bc2c357a7e14aaf524ce3ed564d797c4536bc517d382a4548a065e6c8ce1a22ef835ed14a36ec113c5eda06eb47f1a8e86f70700f049e90c18a57fe282bd20b62d6a1a238d40e6c56af4b1b19cb0b15f825aafeb85f21e2fadfb651d604210924248913a69c02008b9de7ef270fd3acc5d3dffab1393908219eab59541a4663e7d2d19f842a0f643817726c7e00e88c61425b4affc6234b7b84708a1472e4b2dde50d3b4a5911b746e2b0eb9e715fe4d50af4130601f95cd294afc2ecdedf63c0e17c2dcc2f639df5121278e91b8cad010afc1e936bb8fb3f7d73cf1db986db4a5930e36552dded0ef25d9cc9b728087275761934c5086f22baab584844c741b220a5b1745227377619711a18d1b85e15f347396066a7e6f14690df4a377ebc1f4cd2e0c849fa5e8c16e164632a018eee799d46ff66b66492febdbf6a2c3480212cbe52f2000014b7768eb26583ffc5c4fa835e56828,gx-no-cache=1521219687884 HTTP/1.1" 200 30
186.103.132.155 - - [16/Mar/2018:14:02:20 -0300] "POST /cormun/servlet/solicitudot?gx-no-cache=1521219688063 HTTP/1.1" 200 30
186.103.132.155 - - [16/Mar/2018:14:02:20 -0300] "POST /cormun/servlet/solicitudot?gx-no-cache=1521219688306 HTTP/1.1" 200 1334
186.103.132.155 - - [16/Mar/2018:14:02:20 -0300] "POST /cormun/servlet/solicitudot?gx-no-cache=1521219688575 HTTP/1.1" 200 41
186.103.132.155 - - [16/Mar/2018:14:02:20 -0300] "GET /cormun/servlet/solicitudot?a6d45154b4d7fe6878a23b498181eaa39cf9a560f758d90d2a843344a18a07ad2c151f94059ce5bbd36b72f57d43fa390532e4471012cbaa80c5d220c38fd2338f668c86580e234060637dea7d237adb0fe01e648f3af1a7bb3d2bd28b9be49d68ee0e5f8ba40240a98d2b84be5c33ff,gx-no-cache=1521219688731 HTTP/1.1" 200 29
186.103.132.155 - - [16/Mar/2018:14:02:21 -0300] "POST /cormun/servlet/solicitudot?gx-no-cache=1521219688909 HTTP/1.1" 200 1319
186.103.132.155 - - [16/Mar/2018:14:02:21 -0300] "POST /cormun/servlet/solicitudot?gx-no-cache=1521219689276 HTTP/1.1" 200 1218
186.103.132.155 - - [16/Mar/2018:14:02:21 -0300] "GET /cormun/servlet/solicitudot?a6d45154b4d7fe6878a23b498181eaa31aa514f26594e4fa848c891962de5254f96b4d56860c41b78d2b9da677dee0ea,gx-no-cache=1521219689396 HTTP/1.1" 200 30
186.103.132.155 - - [16/Mar/2018:14:02:21 -0300] "POST /cormun/servlet/solicitudot?gx-no-cache=1521219689522 HTTP/1.1" 200 30
186.103.132.155 - - [16/Mar/2018:14:02:22 -0300] "POST /cormun/servlet/solicitudot?8e40a8196cde1f592d82edcba03fbe27,INS,0,0,,gx-no-cache=1521219689717 HTTP/1.1" 200 11993
186.103.132.155 - - [16/Mar/2018:14:02:41 -0300] "GET /cormun/servlet/solicitudot?a6d45154b4d7fe6878a23b498181eaa3ff23a0d8ecd05d2555d6fe39825ee0e9763bed72d90238d00c5210f27749fc415c1b8c5286b8a035f4734a2300c63e56,gx-no-cache=1521219709569 HTTP/1.1" 200 30
186.103.132.155 - - [16/Mar/2018:14:02:41 -0300] "GET /cormun/servlet/solicitudot?a6d45154b4d7fe6878a23b498181eaa3da7f229ff72ba83928428d8f0844b6f1d7b1c0702f63345f8bfaef091204b9975ee7740e418781e85920bc2c357a7e14aaf524ce3ed564d797c4536bc517d382a4548a065e6c8ce1a22ef835ed14a36ec113c5eda06eb47f1a8e86f70700f049e90c18a57fe282bd20b62d6a1a238d40e6c56af4b1b19cb0b15f825aafeb85f21e2fadfb651d604210924248913a69c02008b9de7ef270fd3acc5d3dffab1393908219eab59541a4663e7d2d19f842a0f643817726c7e00e88c61425b4affc6234b7b84708a1472e4b2dde50d3b4a5911b746e2b0eb9e715fe4d50af4130601f95cd294afc2ecdedf63c0e17c2dcc2f639df5121278e91b8cad010afc1e936bb8fb3f7d73cf1db986db4a5930e36552dded0ef25d9cc9b728087275761934c5086f22baab584844c741b220a5b1745227377619711a18d1b85e15f347396066a7e6f14690df4a377ebc1f4cd2e0c849fa5e8c16e164632a018eee799d46ff66b66492febdbf6a2c3480212cbe52f2000014b7768eb26583ffc5c4fa835e56828,gx-no-cache=1521219709764 HTTP/1.1" 200 30
186.103.132.155 - - [16/Mar/2018:14:02:42 -0300] "POST /cormun/servlet/solicitudot?gx-no-cache=1521219709939 HTTP/1.1" 200 30
186.103.132.155 - - [16/Mar/2018:14:02:42 -0300] "POST /cormun/servlet/solicitudot?gx-no-cache=1521219710173 HTTP/1.1" 200 1334
186.103.132.155 - - [16/Mar/2018:14:02:42 -0300] "POST /cormun/servlet/solicitudot?gx-no-cache=1521219710767 HTTP/1.1" 200 41
186.103.132.155 - - [16/Mar/2018:14:02:43 -0300] "POST /cormun/servlet/solicitudot?gx-no-cache=1521219710875 HTTP/1.1" 200 1319
186.103.132.155 - - [16/Mar/2018:14:02:43 -0300] "POST /cormun/servlet/solicitudot?gx-no-cache=1521219711141 HTTP/1.1" 200 1218
186.103.132.155 - - [16/Mar/2018:14:02:43 -0300] "GET /cormun/servlet/solicitudot?a6d45154b4d7fe6878a23b498181eaa31aa514f26594e4fa848c891962de5254f96b4d56860c41b78d2b9da677dee0ea,gx-no-cache=1521219711434 HTTP/1.1" 200 30
186.103.132.155 - - [16/Mar/2018:14:02:43 -0300] "POST /cormun/servlet/solicitudot?gx-no-cache=1521219711546 HTTP/1.1" 200 30
186.103.132.155 - - [16/Mar/2018:14:02:44 -0300] "POST /cormun/servlet/solicitudot?8e40a8196cde1f592d82edcba03fbe27,INS,0,0,,gx-no-cache=1521219711780 HTTP/1.1" 200 93
186.103.132.155 - - [16/Mar/2018:14:02:44 -0300] "GET /cormun/servlet/hpexe_return? HTTP/1.1" 200 1005
186.103.132.155 - - [16/Mar/2018:14:02:44 -0300] "GET /cormun/servlet/trsolicitudot HTTP/1.1" 200 8766
186.103.132.155 - - [16/Mar/2018:14:02:46 -0300] "GET /cormun/servlet/trsolicitudot HTTP/1.1" 200 8764
186.103.159.204 - - [16/Mar/2018:14:02:57 -0300] "GET /cormun/servlet/veautorizarsolicitud?2018,8887,, HTTP/1.1" 200 8495
186.103.159.204 - - [16/Mar/2018:14:02:57 -0300] "GET /cormun/static/gxcfg.js?2017111423404691 HTTP/1.1" 304 -
186.103.159.204 - - [16/Mar/2018:14:02:57 -0300] "GET /cormun/pexe_scrolldiv.js HTTP/1.1" 404 1009
186.103.159.204 - - [16/Mar/2018:14:02:57 -0300] "GET /cormun/static/veautorizarsolicitud.js?2017111423404756 HTTP/1.1" 304 -
186.103.159.204 - - [16/Mar/2018:14:02:57 -0300] "GET /cormun/static/tbautorizarsolicitud01.js?2017111423392092 HTTP/1.1" 304 -
186.103.159.204 - - [16/Mar/2018:14:02:57 -0300] "GET /cormun/servlet/veautorizarsolicitud?2018,8887,, HTTP/1.1" 200 8495
186.67.203.186 - - [16/Mar/2018:14:03:08 -0300] "POST /cormun/servlet/trsolicitudot?8e40a8196cde1f592d82edcba03fbe27,gx-no-cache=1521219735624 HTTP/1.1" 200 107
186.67.203.186 - - [16/Mar/2018:14:03:08 -0300] "GET /cormun/servlet/trsolicitudadjuntos?2018,10579, HTTP/1.1" 200 6294
186.67.203.186 - - [16/Mar/2018:14:03:09 -0300] "GET /cormun/servlet/trsolicitudadjuntos?2018,10579, HTTP/1.1" 200 6294
186.103.159.204 - - [16/Mar/2018:14:03:10 -0300] "GET /cormun/servlet/trautorizarsolicitud HTTP/1.1" 200 10104
186.103.159.204 - - [16/Mar/2018:14:03:10 -0300] "GET /cormun/servlet/trautorizarsolicitud HTTP/1.1" 200 10103
186.67.203.186 - - [16/Mar/2018:14:03:13 -0300] "GET /cormun/servlet/solicitudotadjuntos?INS,2018,10579,,1, HTTP/1.1" 200 6242
186.67.203.186 - - [16/Mar/2018:14:03:14 -0300] "GET /cormun/static/about:blank HTTP/1.1" 404 1011
186.67.203.186 - - [16/Mar/2018:14:03:15 -0300] "GET /cormun/servlet/solicitudotadjuntos?INS,2018,10579,,1, HTTP/1.1" 200 6235
186.103.159.204 - - [16/Mar/2018:14:03:15 -0300] "POST /cormun/servlet/trautorizarsolicitud?c2b80eae5fd2a5a79061285f53996a07,gx-no-cache=1521219745866 HTTP/1.1" 200 7237
186.67.203.186 - - [16/Mar/2018:14:03:15 -0300] "GET /cormun/servlet/solicitudotadjuntos?a6d45154b4d7fe6878a23b498181eaa373b7923c522bc9ef60a4481dabc437de594f433c89594a8097606f57e2b31b97,gx-no-cache=1521219743423 HTTP/1.1" 200 30
186.67.203.186 - - [16/Mar/2018:14:03:15 -0300] "POST /cormun/servlet/solicitudotadjuntos?8e40a8196cde1f592d82edcba03fbe27,INS,2018,10579,,1,,gx-no-cache=1521219743566 HTTP/1.1" 200 3987
186.103.159.204 - - [16/Mar/2018:14:03:19 -0300] "GET /cormun/static/Shared/jqueryui/images/ui-bg_highlight-soft_100_eae6ea_1x100.png HTTP/1.1" 404 1117
192.168.10.62 - - [16/Mar/2018:14:03:21 -0300] "GET /cormun/servlet/hlogin HTTP/1.1" 200 1737
186.67.203.186 - - [16/Mar/2018:14:03:22 -0300] "POST /cormun/servlet/solicitudotadjuntos?gx-no-cache=1521219749839 HTTP/1.1" 200 26
192.168.10.62 - - [16/Mar/2018:14:03:22 -0300] "GET /cormun/servlet/hlogin HTTP/1.1" 200 1724
186.103.159.204 - - [16/Mar/2018:14:03:31 -0300] "POST /cormun/servlet/trautorizarsolicitud?c2b80eae5fd2a5a79061285f53996a07,gx-no-cache=1521219761716 HTTP/1.1" 200 7237
192.168.10.62 - - [16/Mar/2018:14:03:34 -0300] "POST /cormun/servlet/hlogin?7527e4433af6b2eff0819e806cda0a6e,gx-no-cache=1521219650048 HTTP/1.1" 200 90
192.168.10.62 - - [16/Mar/2018:14:03:34 -0300] "GET /cormun/servlet/hpexe_link HTTP/1.1" 200 945
192.168.10.62 - - [16/Mar/2018:14:03:35 -0300] "GET /cormun/servlet/hhome HTTP/1.1" 200 3825
192.168.10.62 - - [16/Mar/2018:14:03:35 -0300] "GET /cormun/servlet/hhome HTTP/1.1" 200 3822
192.168.10.62 - - [16/Mar/2018:14:03:38 -0300] "GET /cormun/servlet/trautorizarot? HTTP/1.1" 200 28365
192.168.10.62 - - [16/Mar/2018:14:03:38 -0300] "GET /cormun/static/gxcfg.js?201711151294486 HTTP/1.1" 200 953
192.168.10.62 - - [16/Mar/2018:14:03:38 -0300] "GET /cormun/static/trautorizarot.js?201711151295562 HTTP/1.1" 200 53844
192.168.10.62 - - [16/Mar/2018:14:03:39 -0300] "GET /cormun//static/Resources/PXToolsDataSearchRemember.gif HTTP/1.1" 200 1153
192.168.10.62 - - [16/Mar/2018:14:03:39 -0300] "GET /cormun/servlet/trautorizarot? HTTP/1.1" 200 28365
186.67.203.186 - - [16/Mar/2018:14:03:45 -0300] "GET /cormun/servlet/solicitudotadjuntos?a6d45154b4d7fe6878a23b498181eaa3ce205af17cf90289d56394d613996952,gx-no-cache=1521219773184 HTTP/1.1" 200 30
186.67.203.186 - - [16/Mar/2018:14:03:45 -0300] "GET /cormun/servlet/solicitudotadjuntos?a6d45154b4d7fe6878a23b498181eaa3ce205af17cf90289d56394d613996952,gx-no-cache=1521219773457 HTTP/1.1" 200 30
186.67.203.186 - - [16/Mar/2018:14:03:46 -0300] "POST /cormun/servlet/solicitudotadjuntos?8e40a8196cde1f592d82edcba03fbe27,INS,2018,10579,,1, HTTP/1.1" 200 116
186.67.203.186 - - [16/Mar/2018:14:03:46 -0300] "GET /cormun/servlet/hpexe_return? HTTP/1.1" 200 1024
186.67.203.186 - - [16/Mar/2018:14:03:46 -0300] "GET /cormun/servlet/trsolicitudadjuntos?2018,10579, HTTP/1.1" 200 8763
186.67.203.186 - - [16/Mar/2018:14:03:48 -0300] "GET /cormun/servlet/trsolicitudadjuntos?2018,10579, HTTP/1.1" 200 8756
186.67.203.186 - - [16/Mar/2018:14:03:52 -0300] "GET /cormun/servlet/solicitudotadjuntos?INS,2018,10579,,1, HTTP/1.1" 200 6242
186.67.203.186 - - [16/Mar/2018:14:03:53 -0300] "GET /cormun/static/about:blank HTTP/1.1" 404 1011
186.67.203.186 - - [16/Mar/2018:14:03:53 -0300] "GET /cormun/servlet/solicitudotadjuntos?INS,2018,10579,,1, HTTP/1.1" 200 6235
186.67.203.186 - - [16/Mar/2018:14:03:54 -0300] "GET /cormun/servlet/solicitudotadjuntos?a6d45154b4d7fe6878a23b498181eaa373b7923c522bc9ef60a4481dabc437de594f433c89594a8097606f57e2b31b97,gx-no-cache=1521219782404 HTTP/1.1" 200 30
186.67.203.186 - - [16/Mar/2018:14:03:54 -0300] "POST /cormun/servlet/solicitudotadjuntos?8e40a8196cde1f592d82edcba03fbe27,INS,2018,10579,,1,,gx-no-cache=1521219782573 HTTP/1.1" 200 3989
186.103.159.204 - - [16/Mar/2018:14:03:54 -0300] "POST /cormun/servlet/trautorizarsolicitud?c2b80eae5fd2a5a79061285f53996a07,gx-no-cache=1521219785232 HTTP/1.1" 200 7237
186.103.159.204 - - [16/Mar/2018:14:03:58 -0300] "POST /cormun/servlet/trautorizarsolicitud?c2b80eae5fd2a5a79061285f53996a07,gx-no-cache=1521219788756 HTTP/1.1" 200 7236
186.67.203.186 - - [16/Mar/2018:14:03:59 -0300] "POST /cormun/servlet/solicitudotadjuntos?gx-no-cache=1521219787189 HTTP/1.1" 200 26
192.168.10.62 - - [16/Mar/2018:14:04:05 -0300] "GET /cormun/servlet/trsolicitudgral? HTTP/1.1" 200 27664
192.168.10.62 - - [16/Mar/2018:14:04:05 -0300] "GET /cormun/servlet/trsolicitudgral? HTTP/1.1" 200 27663
186.67.203.186 - - [16/Mar/2018:14:04:09 -0300] "GET /cormun/servlet/solicitudotadjuntos?a6d45154b4d7fe6878a23b498181eaa3ce205af17cf90289d56394d613996952,gx-no-cache=1521219797336 HTTP/1.1" 200 30
186.67.203.186 - - [16/Mar/2018:14:04:09 -0300] "GET /cormun/servlet/solicitudotadjuntos?a6d45154b4d7fe6878a23b498181eaa3ce205af17cf90289d56394d613996952,gx-no-cache=1521219797389 HTTP/1.1" 200 30
186.67.203.186 - - [16/Mar/2018:14:04:13 -0300] "POST /cormun/servlet/solicitudotadjuntos?8e40a8196cde1f592d82edcba03fbe27,INS,2018,10579,,1, HTTP/1.1" 200 116
186.67.203.186 - - [16/Mar/2018:14:04:13 -0300] "GET /cormun/servlet/hpexe_return? HTTP/1.1" 200 1024
186.67.203.186 - - [16/Mar/2018:14:04:14 -0300] "GET /cormun/servlet/trsolicitudadjuntos?2018,10579, HTTP/1.1" 200 9023
186.103.159.204 - - [16/Mar/2018:14:04:15 -0300] "POST /cormun/servlet/trautorizarsolicitud?c2b80eae5fd2a5a79061285f53996a07,gx-no-cache=1521219805825 HTTP/1.1" 200 5561
186.67.203.186 - - [16/Mar/2018:14:04:15 -0300] "GET /cormun/servlet/trsolicitudadjuntos?2018,10579, HTTP/1.1" 200 9022
186.67.203.186 - - [16/Mar/2018:14:04:20 -0300] "GET /cormun/servlet/solicitudotadjuntos?INS,2018,10579,,1, HTTP/1.1" 200 6242
186.67.203.186 - - [16/Mar/2018:14:04:20 -0300] "GET /cormun/static/about:blank HTTP/1.1" 404 1011
186.67.203.186 - - [16/Mar/2018:14:04:21 -0300] "GET /cormun/servlet/solicitudotadjuntos?INS,2018,10579,,1, HTTP/1.1" 200 6235
186.67.203.186 - - [16/Mar/2018:14:04:22 -0300] "GET /cormun/servlet/solicitudotadjuntos?a6d45154b4d7fe6878a23b498181eaa373b7923c522bc9ef60a4481dabc437de594f433c89594a8097606f57e2b31b97,gx-no-cache=1521219810112 HTTP/1.1" 200 30
186.67.203.186 - - [16/Mar/2018:14:04:22 -0300] "POST /cormun/servlet/solicitudotadjuntos?8e40a8196cde1f592d82edcba03fbe27,INS,2018,10579,,1,,gx-no-cache=1521219810404 HTTP/1.1" 200 3989
186.67.203.186 - - [16/Mar/2018:14:04:26 -0300] "POST /cormun/servlet/solicitudotadjuntos?gx-no-cache=1521219814324 HTTP/1.1" 200 26
186.103.159.204 - - [16/Mar/2018:14:04:30 -0300] "POST /cormun/servlet/trautorizarsolicitud?c2b80eae5fd2a5a79061285f53996a07,gx-no-cache=1521219820872 HTTP/1.1" 200 5561
186.103.159.204 - - [16/Mar/2018:14:04:31 -0300] "POST /cormun/servlet/trautorizarsolicitud?c2b80eae5fd2a5a79061285f53996a07,gx-no-cache=1521219822461 HTTP/1.1" 200 5561
186.103.159.204 - - [16/Mar/2018:14:04:33 -0300] "POST /cormun/servlet/trautorizarsolicitud?c2b80eae5fd2a5a79061285f53996a07,gx-no-cache=1521219823796 HTTP/1.1" 200 5561
186.67.203.186 - - [16/Mar/2018:14:04:36 -0300] "GET /cormun/servlet/solicitudotadjuntos?a6d45154b4d7fe6878a23b498181eaa3ce205af17cf90289d56394d613996952,gx-no-cache=1521219824352 HTTP/1.1" 200 30
186.67.203.186 - - [16/Mar/2018:14:04:36 -0300] "GET /cormun/servlet/solicitudotadjuntos?a6d45154b4d7fe6878a23b498181eaa3ce205af17cf90289d56394d613996952,gx-no-cache=1521219824466 HTTP/1.1" 200 30
186.67.203.186 - - [16/Mar/2018:14:04:38 -0300] "POST /cormun/servlet/solicitudotadjuntos?8e40a8196cde1f592d82edcba03fbe27,INS,2018,10579,,1, HTTP/1.1" 200 116
186.67.203.186 - - [16/Mar/2018:14:04:39 -0300] "GET /cormun/servlet/hpexe_return? HTTP/1.1" 200 1024
186.67.203.186 - - [16/Mar/2018:14:04:39 -0300] "GET /cormun/servlet/trsolicitudadjuntos?2018,10579, HTTP/1.1" 200 9197
186.67.203.186 - - [16/Mar/2018:14:04:41 -0300] "GET /cormun/servlet/trsolicitudadjuntos?2018,10579, HTTP/1.1" 200 9196
186.67.203.186 - - [16/Mar/2018:14:04:43 -0300] "GET /cormun/servlet/solicitudotadjuntos?INS,2018,10579,,1, HTTP/1.1" 200 6242
186.67.203.186 - - [16/Mar/2018:14:04:43 -0300] "GET /cormun/static/about:blank HTTP/1.1" 404 1011
186.67.203.186 - - [16/Mar/2018:14:04:44 -0300] "GET /cormun/servlet/solicitudotadjuntos?INS,2018,10579,,1, HTTP/1.1" 200 6235
186.67.203.186 - - [16/Mar/2018:14:04:45 -0300] "GET /cormun/servlet/solicitudotadjuntos?a6d45154b4d7fe6878a23b498181eaa373b7923c522bc9ef60a4481dabc437de594f433c89594a8097606f57e2b31b97,gx-no-cache=1521219833085 HTTP/1.1" 200 30
186.67.203.186 - - [16/Mar/2018:14:04:46 -0300] "POST /cormun/servlet/solicitudotadjuntos?8e40a8196cde1f592d82edcba03fbe27,INS,2018,10579,,1,,gx-no-cache=1521219833223 HTTP/1.1" 200 3989
192.168.10.62 - - [16/Mar/2018:14:04:47 -0300] "POST /cormun/servlet/trsolicitudgral?7527e4433af6b2eff0819e806cda0a6e,,gx-no-cache=1521219722473 HTTP/1.1" 200 5267
186.67.203.186 - - [16/Mar/2018:14:04:52 -0300] "POST /cormun/servlet/solicitudotadjuntos?gx-no-cache=1521219840133 HTTP/1.1" 200 26
186.103.159.204 - - [16/Mar/2018:14:04:57 -0300] "POST /cormun/servlet/trautorizarsolicitud?c2b80eae5fd2a5a79061285f53996a07,gx-no-cache=1521219848093 HTTP/1.1" 200 7223
192.168.10.62 - - [16/Mar/2018:14:04:58 -0300] "POST /cormun/servlet/trsolicitudgral?7527e4433af6b2eff0819e806cda0a6e,,gx-no-cache=1521219729313 HTTP/1.1" 200 25989
186.103.159.204 - - [16/Mar/2018:14:05:00 -0300] "POST /cormun/servlet/trautorizarsolicitud?c2b80eae5fd2a5a79061285f53996a07,gx-no-cache=1521219850982 HTTP/1.1" 200 7237
186.67.203.186 - - [16/Mar/2018:14:05:00 -0300] "GET /cormun/servlet/solicitudotadjuntos?a6d45154b4d7fe6878a23b498181eaa3ce205af17cf90289d56394d613996952,gx-no-cache=1521219848809 HTTP/1.1" 200 30
186.67.203.186 - - [16/Mar/2018:14:05:01 -0300] "GET /cormun/servlet/solicitudotadjuntos?a6d45154b4d7fe6878a23b498181eaa3ce205af17cf90289d56394d613996952,gx-no-cache=1521219848960 HTTP/1.1" 200 30
186.67.203.186 - - [16/Mar/2018:14:05:02 -0300] "POST /cormun/servlet/solicitudotadjuntos?8e40a8196cde1f592d82edcba03fbe27,INS,2018,10579,,1, HTTP/1.1" 200 116
186.67.203.186 - - [16/Mar/2018:14:05:02 -0300] "GET /cormun/servlet/hpexe_return? HTTP/1.1" 200 1024
186.67.203.186 - - [16/Mar/2018:14:05:02 -0300] "GET /cormun/servlet/trsolicitudadjuntos?2018,10579, HTTP/1.1" 200 9439
186.67.203.186 - - [16/Mar/2018:14:05:04 -0300] "GET /cormun/servlet/trsolicitudadjuntos?2018,10579, HTTP/1.1" 200 9438
192.168.10.62 - - [16/Mar/2018:14:05:04 -0300] "POST /cormun/servlet/trsolicitudgral?7527e4433af6b2eff0819e806cda0a6e,,gx-no-cache=1521219737854 HTTP/1.1" 200 26274
192.168.10.62 - - [16/Mar/2018:14:05:10 -0300] "GET /cormun/servlet/vesolicitudgral?2018,10567,, HTTP/1.1" 200 8410
192.168.10.62 - - [16/Mar/2018:14:05:10 -0300] "GET /cormun/pexe_scrolldiv.js HTTP/1.1" 404 1009
192.168.10.62 - - [16/Mar/2018:14:05:10 -0300] "GET /cormun/pexe_scrolldiv.js HTTP/1.1" 404 1009
192.168.10.62 - - [16/Mar/2018:14:05:11 -0300] "GET /cormun/servlet/vesolicitudgral?2018,10567,, HTTP/1.1" 200 8409
192.168.10.62 - - [16/Mar/2018:14:05:12 -0300] "GET /cormun/servlet/vesolicitudgral?2018,10567,,SolicitudOTLog HTTP/1.1" 200 7077
192.168.10.62 - - [16/Mar/2018:14:05:12 -0300] "GET /cormun/pexe_scrolldiv.js HTTP/1.1" 404 1009
192.168.10.62 - - [16/Mar/2018:14:05:12 -0300] "GET /cormun/pexe_scrolldiv.js HTTP/1.1" 404 1009
192.168.10.62 - - [16/Mar/2018:14:05:12 -0300] "GET /cormun/servlet/vesolicitudgral?2018,10567,,SolicitudOTLog HTTP/1.1" 200 7077
192.168.10.62 - - [16/Mar/2018:14:05:13 -0300] "POST /cormun/servlet/acontrolpreferencessavestate?None,PESCOBAR,true HTTP/1.1" 200 35
186.67.203.186 - - [16/Mar/2018:14:05:13 -0300] "GET /cormun/servlet/solicitudotadjuntos?INS,2018,10579,,1, HTTP/1.1" 200 6242
186.67.203.186 - - [16/Mar/2018:14:05:14 -0300] "GET /cormun/static/about:blank HTTP/1.1" 404 1011
186.67.203.186 - - [16/Mar/2018:14:05:15 -0300] "GET /cormun/servlet/solicitudotadjuntos?INS,2018,10579,,1, HTTP/1.1" 200 6235
186.67.203.186 - - [16/Mar/2018:14:05:15 -0300] "GET /cormun/servlet/solicitudotadjuntos?a6d45154b4d7fe6878a23b498181eaa373b7923c522bc9ef60a4481dabc437de594f433c89594a8097606f57e2b31b97,gx-no-cache=1521219863475 HTTP/1.1" 200 30
186.67.203.186 - - [16/Mar/2018:14:05:15 -0300] "POST /cormun/servlet/solicitudotadjuntos?8e40a8196cde1f592d82edcba03fbe27,INS,2018,10579,,1,,gx-no-cache=1521219863545 HTTP/1.1" 200 3990
192.168.10.62 - - [16/Mar/2018:14:05:16 -0300] "POST /cormun/servlet/vesolicitudgral?7527e4433af6b2eff0819e806cda0a6e,2018,10567,,SolicitudOTLog,gx-no-cache=1521219751614 HTTP/1.1" 200 90
192.168.10.62 - - [16/Mar/2018:14:05:16 -0300] "GET /cormun/servlet/hpexe_link HTTP/1.1" 200 970
192.168.10.62 - - [16/Mar/2018:14:05:17 -0300] "GET /cormun/servlet/trsolicitudgral? HTTP/1.1" 200 28693
192.168.10.62 - - [16/Mar/2018:14:05:19 -0300] "GET /cormun/servlet/trsolicitudgral? HTTP/1.1" 200 28692
186.67.203.186 - - [16/Mar/2018:14:05:20 -0300] "POST /cormun/servlet/solicitudotadjuntos?gx-no-cache=1521219868163 HTTP/1.1" 200 26
186.67.203.186 - - [16/Mar/2018:14:05:29 -0300] "GET /cormun/servlet/solicitudotadjuntos?a6d45154b4d7fe6878a23b498181eaa3ce205af17cf90289d56394d613996952,gx-no-cache=1521219877371 HTTP/1.1" 200 30
186.67.203.186 - - [16/Mar/2018:14:05:29 -0300] "GET /cormun/servlet/solicitudotadjuntos?a6d45154b4d7fe6878a23b498181eaa3ce205af17cf90289d56394d613996952,gx-no-cache=1521219877414 HTTP/1.1" 200 30
186.67.203.186 - - [16/Mar/2018:14:05:32 -0300] "POST /cormun/servlet/solicitudotadjuntos?8e40a8196cde1f592d82edcba03fbe27,INS,2018,10579,,1, HTTP/1.1" 200 116
186.67.203.186 - - [16/Mar/2018:14:05:32 -0300] "GET /cormun/servlet/hpexe_return? HTTP/1.1" 200 1024
186.67.203.186 - - [16/Mar/2018:14:05:32 -0300] "GET /cormun/servlet/trsolicitudadjuntos?2018,10579, HTTP/1.1" 200 9647
186.67.203.186 - - [16/Mar/2018:14:05:34 -0300] "GET /cormun/servlet/trsolicitudadjuntos?2018,10579, HTTP/1.1" 200 9646
186.67.203.186 - - [16/Mar/2018:14:05:37 -0300] "GET /cormun/servlet/solicitudotadjuntos?INS,2018,10579,,1, HTTP/1.1" 200 6242
186.67.203.186 - - [16/Mar/2018:14:05:38 -0300] "GET /cormun/static/about:blank HTTP/1.1" 404 1011
186.67.203.186 - - [16/Mar/2018:14:05:38 -0300] "GET /cormun/servlet/solicitudotadjuntos?INS,2018,10579,,1, HTTP/1.1" 200 6235
186.67.203.186 - - [16/Mar/2018:14:05:39 -0300] "GET /cormun/servlet/solicitudotadjuntos?a6d45154b4d7fe6878a23b498181eaa373b7923c522bc9ef60a4481dabc437de594f433c89594a8097606f57e2b31b97,gx-no-cache=1521219887422 HTTP/1.1" 200 30
186.67.203.186 - - [16/Mar/2018:14:05:39 -0300] "POST /cormun/servlet/solicitudotadjuntos?8e40a8196cde1f592d82edcba03fbe27,INS,2018,10579,,1,,gx-no-cache=1521219887526 HTTP/1.1" 200 3990
186.67.203.186 - - [16/Mar/2018:14:05:43 -0300] "POST /cormun/servlet/solicitudotadjuntos?gx-no-cache=1521219891471 HTTP/1.1" 200 26
192.168.10.62 - - [16/Mar/2018:14:05:45 -0300] "GET /cormun/servlet/vesolicitudgral?2018,10572,, HTTP/1.1" 200 8427
192.168.10.62 - - [16/Mar/2018:14:05:45 -0300] "GET /cormun/pexe_scrolldiv.js HTTP/1.1" 404 1009
192.168.10.62 - - [16/Mar/2018:14:05:45 -0300] "GET /cormun/pexe_scrolldiv.js HTTP/1.1" 404 1009
192.168.10.62 - - [16/Mar/2018:14:05:45 -0300] "GET /cormun/servlet/vesolicitudgral?2018,10572,, HTTP/1.1" 200 8427
192.168.10.62 - - [16/Mar/2018:14:05:47 -0300] "GET /cormun/servlet/vesolicitudgral?2018,10572,,SolicitudOTLog HTTP/1.1" 200 9075
192.168.10.62 - - [16/Mar/2018:14:05:47 -0300] "GET /cormun/pexe_scrolldiv.js HTTP/1.1" 404 1009
192.168.10.62 - - [16/Mar/2018:14:05:47 -0300] "GET /cormun/pexe_scrolldiv.js HTTP/1.1" 404 1009
192.168.10.62 - - [16/Mar/2018:14:05:47 -0300] "GET /cormun/servlet/vesolicitudgral?2018,10572,,SolicitudOTLog HTTP/1.1" 200 9075
192.168.10.62 - - [16/Mar/2018:14:05:48 -0300] "POST /cormun/servlet/acontrolpreferencessavestate?None,PESCOBAR,true HTTP/1.1" 200 35
186.67.203.186 - - [16/Mar/2018:14:05:50 -0300] "GET /cormun/servlet/solicitudotadjuntos?a6d45154b4d7fe6878a23b498181eaa3ce205af17cf90289d56394d613996952,gx-no-cache=1521219898800 HTTP/1.1" 200 30
186.67.203.186 - - [16/Mar/2018:14:05:50 -0300] "GET /cormun/servlet/solicitudotadjuntos?a6d45154b4d7fe6878a23b498181eaa3ce205af17cf90289d56394d613996952,gx-no-cache=1521219898876 HTTP/1.1" 200 30
192.168.10.62 - - [16/Mar/2018:14:05:53 -0300] "POST /cormun/servlet/vesolicitudgral?7527e4433af6b2eff0819e806cda0a6e,2018,10572,,SolicitudOTLog,gx-no-cache=1521219788602 HTTP/1.1" 200 90
192.168.10.62 - - [16/Mar/2018:14:05:53 -0300] "GET /cormun/servlet/hpexe_link HTTP/1.1" 200 968
186.67.203.186 - - [16/Mar/2018:14:05:53 -0300] "POST /cormun/servlet/solicitudotadjuntos?8e40a8196cde1f592d82edcba03fbe27,INS,2018,10579,,1, HTTP/1.1" 200 116
186.67.203.186 - - [16/Mar/2018:14:05:53 -0300] "GET /cormun/servlet/hpexe_return? HTTP/1.1" 200 1024
186.67.203.186 - - [16/Mar/2018:14:05:54 -0300] "GET /cormun/servlet/trsolicitudadjuntos?2018,10579, HTTP/1.1" 200 9915
192.168.10.62 - - [16/Mar/2018:14:05:55 -0300] "GET /cormun/servlet/trsolicitudgral HTTP/1.1" 200 28693
186.67.203.186 - - [16/Mar/2018:14:05:56 -0300] "GET /cormun/servlet/trsolicitudadjuntos?2018,10579, HTTP/1.1" 200 9911
192.168.10.62 - - [16/Mar/2018:14:05:57 -0300] "GET /cormun/servlet/trsolicitudgral HTTP/1.1" 200 28692
186.67.203.186 - - [16/Mar/2018:14:06:02 -0300] "POST /cormun/servlet/trsolicitudadjuntos?8e40a8196cde1f592d82edcba03fbe27,2018,10579,,gx-no-cache=1521219910627 HTTP/1.1" 200 90
186.67.203.186 - - [16/Mar/2018:14:06:03 -0300] "GET /cormun/servlet/hpexe_link HTTP/1.1" 200 967
186.67.203.186 - - [16/Mar/2018:14:06:03 -0300] "GET /cormun/servlet/trsolicitudot HTTP/1.1" 200 8763
192.168.10.89 - - [16/Mar/2018:14:06:03 -0300] "GET /cormun/servlet/hlogin HTTP/1.1" 200 1742
186.67.203.186 - - [16/Mar/2018:14:06:04 -0300] "GET /cormun/servlet/trsolicitudot HTTP/1.1" 200 8764
192.168.10.89 - - [16/Mar/2018:14:06:09 -0300] "POST /cormun/servlet/hlogin?bcd23b563ee07e2bc2871b14cef2898a,gx-no-cache=1521219805165 HTTP/1.1" 200 90
192.168.10.89 - - [16/Mar/2018:14:06:09 -0300] "GET /cormun/servlet/hpexe_link HTTP/1.1" 200 951
192.168.10.89 - - [16/Mar/2018:14:06:10 -0300] "GET /cormun/servlet/hhome HTTP/1.1" 200 4923
192.168.10.89 - - [16/Mar/2018:14:06:12 -0300] "GET /cormun/servlet/trsolicitudgral? HTTP/1.1" 200 28780
192.168.10.62 - - [16/Mar/2018:14:06:17 -0300] "POST /cormun/servlet/trsolicitudgral?7527e4433af6b2eff0819e806cda0a6e,gx-no-cache=1521219811683 HTTP/1.1" 200 26277
200.72.197.82 - - [16/Mar/2018:14:06:26 -0300] "POST /cormun/servlet/trsolicitudot?8e40a8196cde1f592d82edcba03fbe27,gx-no-cache=1521219933817 HTTP/1.1" 200 4674
200.72.197.82 - - [16/Mar/2018:14:06:26 -0300] "GET /cormun/static/Shared/jqueryui/images/ui-bg_highlight-soft_100_c6c2c8_1x100.png HTTP/1.1" 404 1117
200.72.197.82 - - [16/Mar/2018:14:06:26 -0300] "GET /cormun/static/Shared/jqueryui/images/ui-icons_82798d_256x240.png HTTP/1.1" 404 1089
200.72.197.82 - - [16/Mar/2018:14:06:26 -0300] "GET /cormun/static/Shared/jqueryui/images/ui-bg_flat_55_fafafa_40x100.png HTTP/1.1" 404 1097
200.72.197.82 - - [16/Mar/2018:14:06:26 -0300] "GET /cormun/static/Shared/jqueryui/images/ui-icons_8d78a5_256x240.png HTTP/1.1" 404 1089
200.72.197.82 - - [16/Mar/2018:14:06:26 -0300] "POST /cormun/servlet/trsolicitudot?8e40a8196cde1f592d82edcba03fbe27,gx-no-cache=1521219934358 HTTP/1.1" 200 4454
192.168.10.89 - - [16/Mar/2018:14:06:29 -0300] "POST /cormun/servlet/trsolicitudgral?bcd23b563ee07e2bc2871b14cef2898a,,gx-no-cache=1521219824446 HTTP/1.1" 200 5931
200.72.197.82 - - [16/Mar/2018:14:06:38 -0300] "GET /cormun/servlet/trautorizarsolicitud? HTTP/1.1" 200 8659
200.72.197.82 - - [16/Mar/2018:14:06:40 -0300] "GET /cormun/servlet/trautorizarsolicitud? HTTP/1.1" 200 8658
200.72.197.82 - - [16/Mar/2018:14:06:56 -0300] "POST /cormun/servlet/trautorizarsolicitud?8e40a8196cde1f592d82edcba03fbe27,,gx-no-cache=1521219964550 HTTP/1.1" 200 8220
200.72.197.82 - - [16/Mar/2018:14:06:57 -0300] "GET /cormun/static/Shared/jqueryui/images/ui-bg_highlight-soft_100_c6c2c8_1x100.png HTTP/1.1" 404 1117
200.72.197.82 - - [16/Mar/2018:14:06:57 -0300] "GET /cormun/static/Shared/jqueryui/images/ui-icons_82798d_256x240.png HTTP/1.1" 404 1089
200.72.197.82 - - [16/Mar/2018:14:06:57 -0300] "GET /cormun/static/Shared/jqueryui/images/ui-bg_flat_55_fafafa_40x100.png HTTP/1.1" 404 1097
200.72.197.82 - - [16/Mar/2018:14:06:57 -0300] "GET /cormun/static/Shared/jqueryui/images/ui-icons_8d78a5_256x240.png HTTP/1.1" 404 1089
200.72.197.82 - - [16/Mar/2018:14:06:57 -0300] "POST /cormun/servlet/trautorizarsolicitud?8e40a8196cde1f592d82edcba03fbe27,,gx-no-cache=1521219965366 HTTP/1.1" 200 8148
192.168.10.62 - - [16/Mar/2018:14:07:14 -0300] "POST /cormun/servlet/trsolicitudgral?7527e4433af6b2eff0819e806cda0a6e,gx-no-cache=1521219867918 HTTP/1.1" 200 26276
200.72.197.82 - - [16/Mar/2018:14:07:16 -0300] "GET /cormun/servlet/veautorizarsolicitud?2018,10579,, HTTP/1.1" 200 8557
200.72.197.82 - - [16/Mar/2018:14:07:16 -0300] "GET /cormun/pexe_scrolldiv.js HTTP/1.1" 404 1009
200.72.197.82 - - [16/Mar/2018:14:07:16 -0300] "GET /cormun/pexe_scrolldiv.js HTTP/1.1" 404 1009
200.72.197.82 - - [16/Mar/2018:14:07:17 -0300] "GET /cormun/servlet/veautorizarsolicitud?2018,10579,, HTTP/1.1" 200 8556
192.168.10.62 - - [16/Mar/2018:14:07:18 -0300] "GET /cormun/servlet/trautorizarot? HTTP/1.1" 200 28365
192.168.10.62 - - [16/Mar/2018:14:07:19 -0300] "GET /cormun/servlet/trautorizarot? HTTP/1.1" 200 28365
200.111.122.170 - - [16/Mar/2018:14:07:28 -0300] "GET /cormun/servlet/hlogin HTTP/1.1" 200 1724
186.103.159.204 - - [16/Mar/2018:14:07:52 -0300] "POST /cormun/servlet/trautorizarsolicitud?c2b80eae5fd2a5a79061285f53996a07,gx-no-cache=1521220023319 HTTP/1.1" 200 5560
192.168.10.62 - - [16/Mar/2018:14:07:55 -0300] "POST /cormun/servlet/trautorizarot?7527e4433af6b2eff0819e806cda0a6e,,gx-no-cache=1521219910586 HTTP/1.1" 200 25113
186.103.159.204 - - [16/Mar/2018:14:07:59 -0300] "POST /cormun/servlet/trautorizarsolicitud?c2b80eae5fd2a5a79061285f53996a07,gx-no-cache=1521220030264 HTTP/1.1" 200 7223
192.168.10.89 - - [16/Mar/2018:14:08:06 -0300] "POST /cormun/servlet/trsolicitudgral?bcd23b563ee07e2bc2871b14cef2898a,,gx-no-cache=1521219921770 HTTP/1.1" 200 7308
186.103.159.204 - - [16/Mar/2018:14:08:19 -0300] "POST /cormun/servlet/trautorizarsolicitud?c2b80eae5fd2a5a79061285f53996a07,gx-no-cache=1521220050376 HTTP/1.1" 200 7237
186.103.161.206 - - [16/Mar/2018:14:08:28 -0300] "GET /cormun/servlet/hlogin HTTP/1.1" 200 1752
192.168.10.62 - - [16/Mar/2018:14:08:29 -0300] "POST /cormun/servlet/trautorizarot?7527e4433af6b2eff0819e806cda0a6e,,gx-no-cache=1521219944518 HTTP/1.1" 200 25108
192.168.10.62 - - [16/Mar/2018:14:09:12 -0300] "POST /cormun/servlet/trautorizarot?7527e4433af6b2eff0819e806cda0a6e,,gx-no-cache=1521219987754 HTTP/1.1" 200 25112
200.72.197.82 - - [16/Mar/2018:14:09:26 -0300] "GET /cormun/servlet/hlogin HTTP/1.1" 200 1717
200.72.197.82 - - [16/Mar/2018:14:09:38 -0300] "POST /cormun/servlet/hlogin?cf3066d00615a426f1cc486861a27c0b,gx-no-cache=1521220126126 HTTP/1.1" 200 90
200.72.197.82 - - [16/Mar/2018:14:09:38 -0300] "GET /cormun/servlet/hpexe_link HTTP/1.1" 200 949
200.72.197.82 - - [16/Mar/2018:14:09:38 -0300] "GET /cormun/servlet/hhome HTTP/1.1" 200 4214
200.72.197.82 - - [16/Mar/2018:14:09:39 -0300] "GET /cormun/servlet/hhome HTTP/1.1" 200 4210
192.168.10.62 - - [16/Mar/2018:14:11:19 -0300] "GET /cormun/servlet/trsolicitudgral? HTTP/1.1" 200 28696
192.168.10.62 - - [16/Mar/2018:14:11:22 -0300] "GET /cormun/servlet/trsolicitudgral? HTTP/1.1" 200 28695
192.168.10.62 - - [16/Mar/2018:14:11:44 -0300] "POST /cormun/servlet/trsolicitudgral?7527e4433af6b2eff0819e806cda0a6e,,gx-no-cache=1521220140021 HTTP/1.1" 200 13086
192.168.10.62 - - [16/Mar/2018:14:11:48 -0300] "POST /cormun/servlet/trsolicitudgral?7527e4433af6b2eff0819e806cda0a6e,,gx-no-cache=1521220143600 HTTP/1.1" 200 25038
192.168.10.62 - - [16/Mar/2018:14:11:51 -0300] "POST /cormun/servlet/trsolicitudgral?7527e4433af6b2eff0819e806cda0a6e,,gx-no-cache=1521220146496 HTTP/1.1" 200 25038
186.103.159.189 - - [16/Mar/2018:14:12:04 -0300] "GET /cormun/servlet/hlogin HTTP/1.1" 200 1718
186.103.159.189 - - [16/Mar/2018:14:12:06 -0300] "GET /cormun/static/gxcfg.js?20175251213516 HTTP/1.1" 304 -
186.103.159.189 - - [16/Mar/2018:14:12:19 -0300] "POST /cormun/servlet/hlogin?341f0f859defe2025b9dbdc25d120682,gx-no-cache=1521223886650 HTTP/1.1" 200 90
186.103.159.189 - - [16/Mar/2018:14:12:19 -0300] "GET /cormun/servlet/hpexe_link HTTP/1.1" 200 950
186.103.159.189 - - [16/Mar/2018:14:12:19 -0300] "GET /cormun/static/gxcfg.js?20177612121792 HTTP/1.1" 304 -
186.103.159.189 - - [16/Mar/2018:14:12:19 -0300] "GET /cormun/servlet/hhome HTTP/1.1" 200 3986
186.103.159.189 - - [16/Mar/2018:14:12:20 -0300] "GET /cormun/static/gxcfg.js?20175251212442 HTTP/1.1" 304 -
186.103.159.189 - - [16/Mar/2018:14:12:22 -0300] "GET /cormun/servlet/hhome HTTP/1.1" 200 3983
186.103.159.204 - - [16/Mar/2018:14:12:23 -0300] "GET /cormun/servlet/trsolicitudot? HTTP/1.1" 200 8460
186.103.159.204 - - [16/Mar/2018:14:12:24 -0300] "GET /cormun/servlet/trsolicitudot? HTTP/1.1" 200 8454
186.103.159.204 - - [16/Mar/2018:14:12:26 -0300] "POST /cormun/servlet/trsolicitudot?3169e2345934ddaa4dc5a7b110a9a104,,gx-no-cache=1521220288779 HTTP/1.1" 200 107
186.103.159.204 - - [16/Mar/2018:14:12:26 -0300] "GET /cormun/servlet/trsolicitudadjuntos?2018,10567, HTTP/1.1" 200 5970
186.103.159.204 - - [16/Mar/2018:14:12:27 -0300] "GET /cormun/servlet/trsolicitudadjuntos?2018,10567, HTTP/1.1" 200 5970
186.103.159.204 - - [16/Mar/2018:14:12:29 -0300] "GET /cormun/servlet/solicitudotadjuntos?INS,2018,10567,,1, HTTP/1.1" 200 5924
186.103.159.204 - - [16/Mar/2018:14:12:29 -0300] "GET /cormun/static/about:blank HTTP/1.1" 404 1011
186.103.159.204 - - [16/Mar/2018:14:12:29 -0300] "GET /cormun/servlet/solicitudotadjuntos?INS,2018,10567,,1, HTTP/1.1" 200 5917
186.103.159.204 - - [16/Mar/2018:14:12:30 -0300] "GET /cormun/servlet/solicitudotadjuntos?f6e0ecd6670ee3d94bd2526bd54c36b0270a30871733c86e8b7b3f67749a31d22ab57c56386d031288539f7636a87233,gx-no-cache=1521220292558 HTTP/1.1" 200 30
186.103.159.204 - - [16/Mar/2018:14:12:30 -0300] "POST /cormun/servlet/solicitudotadjuntos?3169e2345934ddaa4dc5a7b110a9a104,INS,2018,10567,,1,,gx-no-cache=1521220292579 HTTP/1.1" 200 3798
186.103.159.204 - - [16/Mar/2018:14:12:34 -0300] "POST /cormun/servlet/solicitudotadjuntos?gx-no-cache=1521220296221 HTTP/1.1" 200 26
207.46.13.176 - - [16/Mar/2018:14:12:34 -0300] "GET /cormun/servlet/licenciaspermisos?INS,0,,, HTTP/1.1" 200 6740
186.103.159.204 - - [16/Mar/2018:14:12:41 -0300] "GET /cormun/servlet/solicitudotadjuntos?f6e0ecd6670ee3d94bd2526bd54c36b0cfa7411c5dcb104be22f5088fbe18b86,gx-no-cache=1521220303740 HTTP/1.1" 200 30
186.103.159.204 - - [16/Mar/2018:14:12:41 -0300] "GET /cormun/servlet/solicitudotadjuntos?f6e0ecd6670ee3d94bd2526bd54c36b0cfa7411c5dcb104be22f5088fbe18b86,gx-no-cache=1521220303756 HTTP/1.1" 200 30
186.103.159.204 - - [16/Mar/2018:14:12:41 -0300] "POST /cormun/servlet/solicitudotadjuntos?3169e2345934ddaa4dc5a7b110a9a104,INS,2018,10567,,1, HTTP/1.1" 200 116
186.103.159.204 - - [16/Mar/2018:14:12:41 -0300] "GET /cormun/servlet/hpexe_return? HTTP/1.1" 200 1022
186.103.159.204 - - [16/Mar/2018:14:12:41 -0300] "GET /cormun/servlet/trsolicitudadjuntos?2018,10567, HTTP/1.1" 200 8415
186.103.159.204 - - [16/Mar/2018:14:12:42 -0300] "GET /cormun/servlet/trsolicitudadjuntos?2018,10567, HTTP/1.1" 200 8410
186.103.159.189 - - [16/Mar/2018:14:12:52 -0300] "GET /cormun/servlet/trpermisosgoce? HTTP/1.1" 200 8055
