186.103.159.182 - - [15/Mar/2018:09:15:13 -0300] "POST /cormun/servlet/trautorizarsolicitud?9835068b2f1bc4a561e6ad0c686b0794,,gx-no-cache=1521116003674 HTTP/1.1" 200 4412
186.103.159.182 - - [15/Mar/2018:09:15:19 -0300] "POST /cormun/servlet/trautorizarsolicitud?9835068b2f1bc4a561e6ad0c686b0794,,gx-no-cache=1521116008954 HTTP/1.1" 200 5806
186.103.159.182 - - [15/Mar/2018:09:15:30 -0300] "POST /cormun/servlet/trautorizarsolicitud?9835068b2f1bc4a561e6ad0c686b0794,,gx-no-cache=1521116020836 HTTP/1.1" 200 4413
186.103.157.246 - - [15/Mar/2018:09:15:33 -0300] "GET /cormun/servlet/trlicencias? HTTP/1.1" 200 9342
186.103.159.44 - - [15/Mar/2018:09:15:35 -0300] "GET /cormun/servlet/solicitudot?80efa631b8548a552fc63ba664b34cce0bd932b4b286c47a071302305e219c456461de0b50cd552b508eb15d1f42dff4bfc14966c06bcf7933649d75edee0ed238ba8d71f8ca27efe417f79438b939fe71a4eb7c7f1e98475986e824c3014b5e450b79767e719c90a3d98a838ca5be52,gx-no-cache=1521116085453 HTTP/1.1" 200 29
186.103.159.44 - - [15/Mar/2018:09:15:35 -0300] "POST /cormun/servlet/solicitudot?gx-no-cache=1521116086006 HTTP/1.1" 200 1318
186.103.159.44 - - [15/Mar/2018:09:15:35 -0300] "POST /cormun/servlet/solicitudot?gx-no-cache=1521116086216 HTTP/1.1" 200 1218
186.103.159.44 - - [15/Mar/2018:09:15:35 -0300] "GET /cormun/static/menuarrow.gif HTTP/1.1" 404 1015
186.103.157.246 - - [15/Mar/2018:09:15:35 -0300] "GET /cormun/servlet/trlicencias? HTTP/1.1" 200 9340
186.103.159.44 - - [15/Mar/2018:09:15:37 -0300] "POST /cormun/servlet/solicitudot?gx-no-cache=1521116088443 HTTP/1.1" 200 1318
186.103.159.44 - - [15/Mar/2018:09:15:37 -0300] "POST /cormun/servlet/solicitudot?gx-no-cache=1521116088622 HTTP/1.1" 200 1218
186.103.159.44 - - [15/Mar/2018:09:15:38 -0300] "GET /cormun/servlet/solicitudot?80efa631b8548a552fc63ba664b34cceb08d4684ee003b22eb2008ce76ade81e6811e61300c88c1222fd471937c4ebfb,gx-no-cache=1521116089802 HTTP/1.1" 200 30
186.103.159.44 - - [15/Mar/2018:09:15:46 -0300] "POST /cormun/servlet/solicitudot?gx-no-cache=1521116097457 HTTP/1.1" 200 30
186.103.157.246 - - [15/Mar/2018:09:15:48 -0300] "GET /cormun/servlet/trlicenciaspermisosadjuntos?18375077,20180315000000,L, HTTP/1.1" 200 6449
186.103.157.246 - - [15/Mar/2018:09:15:48 -0300] "GET /cormun/static/gxcfg.js?20177612163414 HTTP/1.1" 304 -
186.103.157.246 - - [15/Mar/2018:09:15:49 -0300] "GET /cormun/servlet/trlicenciaspermisosadjuntos?18375077,20180315000000,L, HTTP/1.1" 200 6449
186.103.157.246 - - [15/Mar/2018:09:15:53 -0300] "GET /cormun/servlet/licenciaspermisosadjuntos?INS,18375077,L,20180315000000,, HTTP/1.1" 200 5745
186.103.157.246 - - [15/Mar/2018:09:15:55 -0300] "GET /cormun/static/gxcfg.js?2017761263592 HTTP/1.1" 304 -
186.103.157.246 - - [15/Mar/2018:09:15:55 -0300] "GET /cormun/static/about:blank HTTP/1.1" 404 1011
186.103.157.246 - - [15/Mar/2018:09:15:55 -0300] "GET /cormun/servlet/licenciaspermisosadjuntos?INS,18375077,L,20180315000000,, HTTP/1.1" 200 5734
186.103.159.44 - - [15/Mar/2018:09:15:56 -0300] "POST /cormun/servlet/solicitudot?efc50c3643c2033956517ccef43ccc68,INS,0,0,,gx-no-cache=1521116106927 HTTP/1.1" 200 93
186.103.159.44 - - [15/Mar/2018:09:15:57 -0300] "GET /cormun/servlet/hpexe_return? HTTP/1.1" 200 1003
186.103.159.44 - - [15/Mar/2018:09:15:57 -0300] "GET /cormun/servlet/trsolicitudot HTTP/1.1" 200 9114
186.103.159.182 - - [15/Mar/2018:09:16:17 -0300] "POST /cormun/servlet/trautorizarsolicitud?9835068b2f1bc4a561e6ad0c686b0794,,gx-no-cache=1521116066807 HTTP/1.1" 200 5778
190.151.124.170 - - [15/Mar/2018:09:16:18 -0300] "GET /cormun/servlet/hlogin HTTP/1.1" 200 1726
190.151.124.170 - - [15/Mar/2018:09:16:20 -0300] "POST /cormun/servlet/hlogin?8da7dd6f46b9eaa66ff908c36550c5ba,gx-no-cache=1521116129280 HTTP/1.1" 200 90
190.151.124.170 - - [15/Mar/2018:09:16:20 -0300] "GET /cormun/servlet/hpexe_link HTTP/1.1" 200 951
190.151.124.170 - - [15/Mar/2018:09:16:21 -0300] "GET /cormun/servlet/hhome HTTP/1.1" 200 4203
190.151.124.170 - - [15/Mar/2018:09:16:21 -0300] "GET /cormun/servlet/hhome HTTP/1.1" 200 4200
186.103.159.44 - - [15/Mar/2018:09:16:22 -0300] "POST /cormun/servlet/trsolicitudot?efc50c3643c2033956517ccef43ccc68,gx-no-cache=1521116132831 HTTP/1.1" 200 107
186.103.159.44 - - [15/Mar/2018:09:16:22 -0300] "GET /cormun/servlet/trsolicitudadjuntos?2018,10500, HTTP/1.1" 200 6246
186.103.159.44 - - [15/Mar/2018:09:16:23 -0300] "GET /cormun/static/trsolicitudadjuntos.js?20177612135632 HTTP/1.1" 200 17922
186.103.159.44 - - [15/Mar/2018:09:16:23 -0300] "GET /cormun/static/gxcfg.js?20177612135366 HTTP/1.1" 200 953
186.103.196.84 - - [15/Mar/2018:09:16:26 -0300] "GET /cormun/servlet/trsolicitudot? HTTP/1.1" 200 8783
186.103.196.84 - - [15/Mar/2018:09:16:27 -0300] "GET /cormun/servlet/trsolicitudot? HTTP/1.1" 200 8781
190.151.124.170 - - [15/Mar/2018:09:16:29 -0300] "POST /cormun/servlet/trsolicitudot?8da7dd6f46b9eaa66ff908c36550c5ba,,gx-no-cache=1521116138027 HTTP/1.1" 200 107
190.151.124.170 - - [15/Mar/2018:09:16:29 -0300] "GET /cormun/servlet/trsolicitudadjuntos?2018,10467, HTTP/1.1" 200 6301
190.151.124.170 - - [15/Mar/2018:09:16:30 -0300] "GET /cormun/servlet/trsolicitudadjuntos?2018,10467, HTTP/1.1" 200 6301
152.231.70.146 - - [15/Mar/2018:09:16:32 -0300] "GET /cormun/servlet/solicitudotadjuntos?INS,2018,10467,,1, HTTP/1.1" 200 6248
152.231.70.146 - - [15/Mar/2018:09:16:32 -0300] "GET /cormun/servlet/solicitudotadjuntos?INS,2018,10467,,1, HTTP/1.1" 200 6241
190.151.124.170 - - [15/Mar/2018:09:16:32 -0300] "GET /cormun/static/about:blank HTTP/1.1" 404 1011
190.151.124.170 - - [15/Mar/2018:09:16:33 -0300] "GET /cormun/servlet/solicitudotadjuntos?7164a535d24fb6b934ed4d3041edf95bf02928d24ad07f9686fc8fd099645acf8c329099fddae60b320950611602c0af,gx-no-cache=1521116141806 HTTP/1.1" 200 30
190.151.124.170 - - [15/Mar/2018:09:16:33 -0300] "POST /cormun/servlet/solicitudotadjuntos?8da7dd6f46b9eaa66ff908c36550c5ba,INS,2018,10467,,1,,gx-no-cache=1521116141889 HTTP/1.1" 200 3987
186.103.157.246 - - [15/Mar/2018:09:17:37 -0300] "POST /cormun/servlet/licenciaspermisosadjuntos?cfc789882a3aacbf349581cc28b48615,INS,18375077,L,20180315000000,, HTTP/1.1" 200 6513
186.103.157.246 - - [15/Mar/2018:09:17:37 -0300] "GET /cormun/static/Shared/jqueryui/images/ui-bg_highlight-soft_100_c6c2c8_1x100.png HTTP/1.1" 404 1117
186.103.157.246 - - [15/Mar/2018:09:17:37 -0300] "GET /cormun/static/Shared/jqueryui/images/ui-icons_82798d_256x240.png HTTP/1.1" 404 1089
186.103.157.246 - - [15/Mar/2018:09:17:37 -0300] "GET /cormun/static/Shared/jqueryui/images/ui-bg_flat_55_994d53_40x100.png HTTP/1.1" 404 1097
186.103.157.246 - - [15/Mar/2018:09:17:37 -0300] "GET /cormun/static/Shared/jqueryui/images/ui-icons_ebccce_256x240.png HTTP/1.1" 404 1089
186.103.157.246 - - [15/Mar/2018:09:17:47 -0300] "GET /cormun/PrivateTempStorage/upload_00011661.jpg HTTP/1.1" 200 2681227
186.103.159.182 - - [15/Mar/2018:09:17:50 -0300] "POST /cormun/servlet/trautorizarsolicitud?9835068b2f1bc4a561e6ad0c686b0794,,gx-no-cache=1521116160875 HTTP/1.1" 200 5737
186.103.157.246 - - [15/Mar/2018:09:18:20 -0300] "GET /cormun/servlet/trlicencias? HTTP/1.1" 200 9348
186.103.157.246 - - [15/Mar/2018:09:18:21 -0300] "GET /cormun/servlet/trlicencias? HTTP/1.1" 200 9340
186.103.157.246 - - [15/Mar/2018:09:18:43 -0300] "POST /cormun/servlet/trlicencias?cfc789882a3aacbf349581cc28b48615,,gx-no-cache=1521116274255 HTTP/1.1" 200 6803
186.103.157.246 - - [15/Mar/2018:09:18:43 -0300] "GET /cormun/static/Shared/jqueryui/images/ui-bg_highlight-soft_100_c6c2c8_1x100.png HTTP/1.1" 404 1117
186.103.157.246 - - [15/Mar/2018:09:18:43 -0300] "GET /cormun/static/Shared/jqueryui/images/ui-icons_82798d_256x240.png HTTP/1.1" 404 1089
186.103.157.246 - - [15/Mar/2018:09:18:43 -0300] "GET /cormun/static/Shared/jqueryui/images/ui-bg_flat_55_fafafa_40x100.png HTTP/1.1" 404 1097
186.103.157.246 - - [15/Mar/2018:09:18:43 -0300] "GET /cormun/static/Shared/jqueryui/images/ui-icons_8d78a5_256x240.png HTTP/1.1" 404 1089
186.103.157.246 - - [15/Mar/2018:09:18:56 -0300] "GET /cormun/servlet/trlicenciaspermisosadjuntos?18375077,20180315000000,L, HTTP/1.1" 200 6449
186.103.157.246 - - [15/Mar/2018:09:18:57 -0300] "GET /cormun/servlet/trlicenciaspermisosadjuntos?18375077,20180315000000,L, HTTP/1.1" 200 6449
186.103.157.246 - - [15/Mar/2018:09:19:01 -0300] "GET /cormun/servlet/licenciaspermisosadjuntos?INS,18375077,L,20180315000000,, HTTP/1.1" 200 5745
186.103.157.246 - - [15/Mar/2018:09:19:02 -0300] "GET /cormun/static/about:blank HTTP/1.1" 404 1011
186.103.157.246 - - [15/Mar/2018:09:19:02 -0300] "GET /cormun/servlet/licenciaspermisosadjuntos?INS,18375077,L,20180315000000,, HTTP/1.1" 200 5734
186.103.159.182 - - [15/Mar/2018:09:19:36 -0300] "POST /cormun/servlet/trautorizarsolicitud?9835068b2f1bc4a561e6ad0c686b0794,,gx-no-cache=1521116266228 HTTP/1.1" 200 4413
186.103.159.182 - - [15/Mar/2018:09:19:41 -0300] "POST /cormun/servlet/trautorizarsolicitud?9835068b2f1bc4a561e6ad0c686b0794,,gx-no-cache=1521116271836 HTTP/1.1" 200 5807
186.103.159.182 - - [15/Mar/2018:09:19:52 -0300] "POST /cormun/servlet/trautorizarsolicitud?9835068b2f1bc4a561e6ad0c686b0794,,gx-no-cache=1521116282197 HTTP/1.1" 200 4413
186.103.159.182 - - [15/Mar/2018:09:19:55 -0300] "GET /cormun/servlet/trcontratosolicitud? HTTP/1.1" 200 14438
186.103.159.182 - - [15/Mar/2018:09:19:57 -0300] "GET /cormun/servlet/trcontratosolicitud? HTTP/1.1" 200 14438
186.103.159.182 - - [15/Mar/2018:09:20:13 -0300] "POST /cormun/servlet/trcontratosolicitud?9835068b2f1bc4a561e6ad0c686b0794,,gx-no-cache=1521116302912 HTTP/1.1" 200 8903
186.103.157.246 - - [15/Mar/2018:09:20:25 -0300] "POST /cormun/servlet/licenciaspermisosadjuntos?cfc789882a3aacbf349581cc28b48615,INS,18375077,L,20180315000000,, HTTP/1.1" 200 6512
186.103.157.246 - - [15/Mar/2018:09:20:26 -0300] "GET /cormun/static/Shared/jqueryui/images/ui-bg_highlight-soft_100_c6c2c8_1x100.png HTTP/1.1" 404 1117
186.103.157.246 - - [15/Mar/2018:09:20:26 -0300] "GET /cormun/static/Shared/jqueryui/images/ui-icons_82798d_256x240.png HTTP/1.1" 404 1089
186.103.157.246 - - [15/Mar/2018:09:20:26 -0300] "GET /cormun/static/Shared/jqueryui/images/ui-bg_flat_55_994d53_40x100.png HTTP/1.1" 404 1097
186.103.157.246 - - [15/Mar/2018:09:20:26 -0300] "GET /cormun/static/Shared/jqueryui/images/ui-icons_ebccce_256x240.png HTTP/1.1" 404 1089
186.103.157.246 - - [15/Mar/2018:09:20:32 -0300] "GET /cormun/PrivateTempStorage/upload_00011666.jpg HTTP/1.1" 200 2681227
186.103.159.182 - - [15/Mar/2018:09:20:49 -0300] "GET /cormun/servlet/trsolicitudot? HTTP/1.1" 200 7310
186.103.159.182 - - [15/Mar/2018:09:20:50 -0300] "GET /cormun/servlet/trsolicitudot? HTTP/1.1" 200 7310
186.103.159.182 - - [15/Mar/2018:09:21:12 -0300] "GET /cormun/servlet/solicitudot?INS,0,0, HTTP/1.1" 200 13689
186.103.159.182 - - [15/Mar/2018:09:21:12 -0300] "GET /cormun/static/gxcfg.js?201812313224582 HTTP/1.1" 304 -
186.103.159.182 - - [15/Mar/2018:09:21:13 -0300] "GET /cormun/servlet/solicitudot?INS,0,0, HTTP/1.1" 200 13694
186.103.159.182 - - [15/Mar/2018:09:21:17 -0300] "GET /cormun/servlet/prfichaempleado?,MD,,gxPopupLevel%3D0%3B HTTP/1.1" 200 9421
186.103.159.182 - - [15/Mar/2018:09:21:17 -0300] "GET /cormun/static/gxcfg.js?20177612134814 HTTP/1.1" 304 -
186.103.159.182 - - [15/Mar/2018:09:21:26 -0300] "POST /cormun/servlet/prfichaempleado?9835068b2f1bc4a561e6ad0c686b0794,,MD,,gxPopupLevel%3D0%3B,gx-no-cache=1521116376391 HTTP/1.1" 200 3811
186.103.159.189 - - [15/Mar/2018:09:21:32 -0300] "GET /cormun/servlet/hlogin HTTP/1.1" 200 1716
186.103.159.182 - - [15/Mar/2018:09:21:33 -0300] "POST /cormun/servlet/solicitudot?gx-no-cache=1521116383629 HTTP/1.1" 200 3357
186.103.159.182 - - [15/Mar/2018:09:21:33 -0300] "POST /cormun/servlet/solicitudot?9835068b2f1bc4a561e6ad0c686b0794,INS,0,0,,gx-no-cache=1521116384019 HTTP/1.1" 200 10517
186.103.159.182 - - [15/Mar/2018:09:21:33 -0300] "GET /cormun/servlet/solicitudot?c00642d465b5e1e9f8c77508b72b151d34cd215c70374da0c2f2ac66353f4831bfd8cbc8befb0d6282d913a7e7305adb,gx-no-cache=1521116384359 HTTP/1.1" 200 30
186.103.157.246 - - [15/Mar/2018:09:21:37 -0300] "GET /cormun/servlet/trlicencias? HTTP/1.1" 200 9348
200.120.230.197 - - [15/Mar/2018:09:21:38 -0300] "POST /cormun/servlet/hlogin?f039355732bddb718fcc17d7d951040a,gx-no-cache=1521116454896 HTTP/1.1" 200 90
186.103.157.246 - - [15/Mar/2018:09:21:38 -0300] "GET /cormun/servlet/trlicencias? HTTP/1.1" 200 9340
200.120.230.197 - - [15/Mar/2018:09:21:39 -0300] "GET /cormun/servlet/hpexe_link HTTP/1.1" 200 965
200.120.230.197 - - [15/Mar/2018:09:21:39 -0300] "GET /cormun/servlet/solicitudot?INS,0,0, HTTP/1.1" 200 13663
186.103.159.182 - - [15/Mar/2018:09:21:40 -0300] "GET /cormun/servlet/solicitudot?c00642d465b5e1e9f8c77508b72b151d45cda3f57af940b2f16980f2401c3f40,gx-no-cache=1521116391350 HTTP/1.1" 200 103
200.120.230.197 - - [15/Mar/2018:09:21:41 -0300] "GET /cormun/servlet/solicitudot?INS,0,0, HTTP/1.1" 200 13667
186.103.159.182 - - [15/Mar/2018:09:21:41 -0300] "GET /cormun/static/Shared/jqueryui/images/ui-bg_highlight-soft_100_c6c2c8_1x100.png HTTP/1.1" 404 1117
186.103.159.182 - - [15/Mar/2018:09:21:41 -0300] "GET /cormun/static/Shared/jqueryui/images/ui-icons_82798d_256x240.png HTTP/1.1" 404 1089
186.103.159.182 - - [15/Mar/2018:09:21:41 -0300] "GET /cormun/static/Shared/jqueryui/images/ui-icons_ebccce_256x240.png HTTP/1.1" 404 1089
186.103.159.182 - - [15/Mar/2018:09:21:41 -0300] "GET /cormun/static/Shared/jqueryui/images/ui-bg_flat_55_994d53_40x100.png HTTP/1.1" 404 1097
186.103.159.182 - - [15/Mar/2018:09:21:41 -0300] "GET /cormun/servlet/solicitudot?c00642d465b5e1e9f8c77508b72b151ddff92300be86a23244a544907623de7d,gx-no-cache=1521116391620 HTTP/1.1" 200 123
186.103.159.182 - - [15/Mar/2018:09:21:42 -0300] "POST /cormun/servlet/solicitudot?gx-no-cache=1521116391790 HTTP/1.1" 200 255
186.103.159.182 - - [15/Mar/2018:09:21:44 -0300] "GET /cormun/servlet/solicitudot?c00642d465b5e1e9f8c77508b72b151dacdeba554e460b5d02fecdd69bb6f59da854ac2be19a645cfc33e4082d7fd76f3992e4acd6481d927afda6fe475a039bceb4c7afafa8a3478704f91d715c396899166c77b022f902983f61811168014e134b8f2325435f77daf427d9ff09422450971ca98eae9de7dcf630ea955403c6f759c9db62ff47ea7d35d5dc4f27e0d42463b8b9f806e722f2061b1632a50f7b8b93c2099e8a7572ed3a853df2baab89787cf089a6a90f16949111db04c1e0bce30759e4738ddabd67e460ee12ccf54a27b0441f65331c82136240530a76919374a2cecd4c721d665898ad5b39886573127f997c64a5ec5c1aa02c97a2941c99e56004de17a9d66ab8c83751b3b2f428a77c362a7c3b8bc18331a492743d97a48c7ad1938750918af379d9feddd34423366d2d0fabf10991f227b973e94e85514f96735d05c809ab98d2606fee00b1a945a35823f805279ff9e62a4b8aeccac58053c39f66a5affcabbb1df02832044a19369d8fc9765e861a3cf7fc52c85241,gx-no-cache=1521116393028 HTTP/1.1" 200 30
186.103.159.182 - - [15/Mar/2018:09:21:44 -0300] "POST /cormun/servlet/solicitudot?gx-no-cache=1521116395396 HTTP/1.1" 200 30
186.103.159.182 - - [15/Mar/2018:09:21:45 -0300] "POST /cormun/servlet/solicitudot?gx-no-cache=1521116395549 HTTP/1.1" 200 1336
186.103.159.182 - - [15/Mar/2018:09:21:45 -0300] "POST /cormun/servlet/solicitudot?gx-no-cache=1521116395825 HTTP/1.1" 200 38
200.120.230.197 - - [15/Mar/2018:09:21:51 -0300] "POST /cormun/servlet/solicitudot?gx-no-cache=1521116466702 HTTP/1.1" 200 3373
200.120.230.197 - - [15/Mar/2018:09:21:51 -0300] "POST /cormun/servlet/solicitudot?f039355732bddb718fcc17d7d951040a,INS,0,0,,gx-no-cache=1521116467502 HTTP/1.1" 200 10534
192.168.10.61 - - [15/Mar/2018:09:21:51 -0300] "GET /cormun/servlet/trsolicitudgral?gx-no-cache=1521051087607 HTTP/1.1" 500 10
200.120.230.197 - - [15/Mar/2018:09:21:53 -0300] "GET /cormun/servlet/solicitudot?5ae84c1fbc4ca50bc4dd4a618947615bbdd99884dcabfc013af7ba912ad4568e596138f6d54e99352c57b12a0ef5d86e,gx-no-cache=1521116469959 HTTP/1.1" 200 30
186.103.157.246 - - [15/Mar/2018:09:21:54 -0300] "POST /cormun/servlet/trlicencias?cfc789882a3aacbf349581cc28b48615,,gx-no-cache=1521116463181 HTTP/1.1" 200 6803
186.103.157.246 - - [15/Mar/2018:09:21:54 -0300] "GET /cormun/static/Shared/jqueryui/images/ui-bg_highlight-soft_100_c6c2c8_1x100.png HTTP/1.1" 404 1117
186.103.157.246 - - [15/Mar/2018:09:21:55 -0300] "GET /cormun/static/Shared/jqueryui/images/ui-bg_flat_55_fafafa_40x100.png HTTP/1.1" 404 1097
186.103.157.246 - - [15/Mar/2018:09:21:55 -0300] "GET /cormun/static/Shared/jqueryui/images/ui-icons_82798d_256x240.png HTTP/1.1" 404 1089
186.103.157.246 - - [15/Mar/2018:09:21:55 -0300] "GET /cormun/static/Shared/jqueryui/images/ui-icons_8d78a5_256x240.png HTTP/1.1" 404 1089
186.103.159.182 - - [15/Mar/2018:09:21:59 -0300] "POST /cormun/servlet/solicitudot?gx-no-cache=1521116409800 HTTP/1.1" 200 30
186.103.159.182 - - [15/Mar/2018:09:22:01 -0300] "GET /cormun/servlet/prcontratosol?9521772,,,,,MD,,gxPopupLevel%3D0%3B HTTP/1.1" 200 7782
186.103.159.182 - - [15/Mar/2018:09:22:02 -0300] "GET /cormun/static/gxcfg.js?201761413223964 HTTP/1.1" 304 -
192.168.10.61 - - [15/Mar/2018:09:22:08 -0300] "GET /cormun/servlet/vesolicitudgral?2018,9189,, HTTP/1.1" 200 7840
192.168.10.61 - - [15/Mar/2018:09:22:08 -0300] "GET /cormun/pexe_scrolldiv.js HTTP/1.1" 404 1009
186.103.159.182 - - [15/Mar/2018:09:22:09 -0300] "POST /cormun/servlet/solicitudot?gx-no-cache=1521116418978 HTTP/1.1" 200 1336
192.168.10.61 - - [15/Mar/2018:09:22:09 -0300] "GET /cormun/pexe_scrolldiv.js HTTP/1.1" 404 1009
192.168.10.61 - - [15/Mar/2018:09:22:09 -0300] "GET /cormun/servlet/hlogin HTTP/1.1" 200 1744
186.103.159.182 - - [15/Mar/2018:09:22:09 -0300] "POST /cormun/servlet/solicitudot?gx-no-cache=1521116419707 HTTP/1.1" 200 38
192.168.10.61 - - [15/Mar/2018:09:22:09 -0300] "GET /cormun/servlet/vesolicitudgral?2018,9189,, HTTP/1.1" 200 7851
186.103.159.182 - - [15/Mar/2018:09:22:10 -0300] "GET /cormun/servlet/solicitudot?c00642d465b5e1e9f8c77508b72b151de61dfe2a7ab259da97f91ceebdb93e6ff1872d1a33dd195ad4fe843d38333aaca6b0279d71736917d066f45bfd0562716f7e7824eaf807ba31a4e57a0693e86fde1ed4781d94409b80b57b192a0c233074b40a14cc08e68bc1ecf3dfaa830fa2548b5665f1cb4d34ae8130a490424d715ca7934b42fbe211dc17ab4974472aff10626c5a6d18f8100350c47b5b5a2115,gx-no-cache=1521116420259 HTTP/1.1" 200 29
186.103.159.182 - - [15/Mar/2018:09:22:10 -0300] "POST /cormun/servlet/solicitudot?gx-no-cache=1521116420788 HTTP/1.1" 200 1319
186.103.159.182 - - [15/Mar/2018:09:22:10 -0300] "POST /cormun/servlet/solicitudot?gx-no-cache=1521116420981 HTTP/1.1" 200 1219
186.103.159.182 - - [15/Mar/2018:09:22:10 -0300] "GET /cormun/servlet/solicitudot?c00642d465b5e1e9f8c77508b72b151d10d488d370e1d8a911019fc4f3b4a0b483dca20d523e60f8adff20109bc137ae,gx-no-cache=1521116421279 HTTP/1.1" 200 134
186.79.60.134 - - [15/Mar/2018:09:22:17 -0300] "GET /cormun/servlet/solicitudot?5ae84c1fbc4ca50bc4dd4a618947615b498b14e83d6ddba957f6c31e376f3df2f893ca591b6c62ac9330d50b98a00f3d,gx-no-cache=1521116492784 HTTP/1.1" 200 30
192.168.10.61 - - [15/Mar/2018:09:22:17 -0300] "POST /cormun/servlet/hlogin?157dd2d4e0203820472f2f9bbc9e7d45,gx-no-cache=1521116373004 HTTP/1.1" 200 90
192.168.10.61 - - [15/Mar/2018:09:22:17 -0300] "GET /cormun/servlet/hpexe_link HTTP/1.1" 200 965
192.168.10.61 - - [15/Mar/2018:09:22:17 -0300] "GET /cormun/servlet/vesolicitudgral?2018,9189,, HTTP/1.1" 200 8955
192.168.10.61 - - [15/Mar/2018:09:22:17 -0300] "GET /cormun/pexe_scrolldiv.js HTTP/1.1" 404 1009
192.168.10.61 - - [15/Mar/2018:09:22:17 -0300] "GET /cormun/pexe_scrolldiv.js HTTP/1.1" 404 1009
186.79.60.134 - - [15/Mar/2018:09:22:17 -0300] "GET /cormun/servlet/solicitudot?5ae84c1fbc4ca50bc4dd4a618947615bc70d5a0e626702b32f2d0b1102cccd18,gx-no-cache=1521116494144 HTTP/1.1" 200 53
192.168.10.61 - - [15/Mar/2018:09:22:17 -0300] "GET /cormun/servlet/vesolicitudgral?2018,9189,, HTTP/1.1" 200 8954
186.79.60.134 - - [15/Mar/2018:09:22:18 -0300] "POST /cormun/servlet/solicitudot?gx-no-cache=1521116494413 HTTP/1.1" 200 255
186.79.60.134 - - [15/Mar/2018:09:22:18 -0300] "GET /cormun/servlet/solicitudot?5ae84c1fbc4ca50bc4dd4a618947615b6fd4848096d33362185679547ac66b990bde4274cb59e92ba5c3b5bc2887fa343a2f340ce083cd258138ed2da7fe0e7a6be0a0b43809d4be83e98cf64ba3dda4ae51e103b83d241c57aa216f164b29960135c19bf42af96d483a7d5ee8dcd235a363b4b8cdbda13f3d1ccd2dc911d281fe60534cf91aad5bdad5994be9be455ab4f8ec82ed2dc6721f15ee34856c40cb8ffeff1ae2cf7391a96317efe114e0257b6a01d55e33264cbbdda63b481289f28e9f49887ca802329bb51d190e70f977c9f9431f772c314ec15282a5464d5be743e176fdc859db2751b01d49ed298264b6f726642441c1682df978976bac7b1cf63a64b11cf54bfa5f84973f40526d3757beba97a40bfd380122bcfc9074eb6fc1e064048f8bf5138376241ab690d1269cd24e4b570d86bb659c7686d8475aa1a9c778e928a780cabc0ab10fb89ae2147a2219e467a320243902f578b834c3f977c73187fe91fe79600f47c0f175b64cd5b2974d6729b4350a8450df95293d08,gx-no-cache=1521116494671 HTTP/1.1" 200 30
186.79.60.134 - - [15/Mar/2018:09:22:21 -0300] "POST /cormun/servlet/solicitudot?gx-no-cache=1521116497057 HTTP/1.1" 200 30
186.79.60.134 - - [15/Mar/2018:09:22:22 -0300] "GET /cormun/servlet/prsolicitudot?14049165,,,,,MD,,gxPopupLevel%3D0%3B HTTP/1.1" 200 6289
186.79.60.134 - - [15/Mar/2018:09:22:26 -0300] "POST /cormun/servlet/solicitudot?gx-no-cache=1521116502661 HTTP/1.1" 200 1337
186.79.60.134 - - [15/Mar/2018:09:22:27 -0300] "POST /cormun/servlet/solicitudot?gx-no-cache=1521116503041 HTTP/1.1" 200 38
186.79.60.134 - - [15/Mar/2018:09:22:27 -0300] "GET /cormun/servlet/solicitudot?5ae84c1fbc4ca50bc4dd4a618947615bebc9cec0a94324222b517f52f7cff532a4002916bf4fdda551713acf274929a22709ff08e391f3a6747696f2948ee9e8c29c2e7aa2e30f86190e9e79e1e21d2f28c2b85101ad67b29c93fec01ad8a15f4670a4083afd7e5fa30e275f4f651a020177d6fc19a8f9c179421dbf747a01fa84b95cfd6cf366e35af9cc7682ec0468f5c0530f09f0701062639f8f5175ed89,gx-no-cache=1521116503466 HTTP/1.1" 200 29
186.103.159.182 - - [15/Mar/2018:09:22:30 -0300] "POST /cormun/servlet/solicitudot?gx-no-cache=1521116440497 HTTP/1.1" 200 1319
186.103.159.182 - - [15/Mar/2018:09:22:30 -0300] "POST /cormun/servlet/solicitudot?gx-no-cache=1521116440721 HTTP/1.1" 200 1219
192.168.10.61 - - [15/Mar/2018:09:22:32 -0300] "GET /cormun/servlet/trsolicitudgral? HTTP/1.1" 200 17820
192.168.10.61 - - [15/Mar/2018:09:22:33 -0300] "GET /cormun/servlet/trsolicitudgral? HTTP/1.1" 200 17816
186.79.60.134 - - [15/Mar/2018:09:22:33 -0300] "POST /cormun/servlet/solicitudot?gx-no-cache=1521116503789 HTTP/1.1" 200 1319
186.79.60.134 - - [15/Mar/2018:09:22:34 -0300] "POST /cormun/servlet/solicitudot?gx-no-cache=1521116510101 HTTP/1.1" 200 1219
186.79.60.134 - - [15/Mar/2018:09:22:34 -0300] "GET /cormun/servlet/solicitudot?5ae84c1fbc4ca50bc4dd4a618947615bd61241d2e889042bb7ba36afbbb67256c996ffcb933054f03bd508f3f03e82f4,gx-no-cache=1521116510520 HTTP/1.1" 200 30
186.103.159.189 - - [15/Mar/2018:09:22:39 -0300] "POST /cormun/servlet/hlogin?cee230cd20c4f5a37f344900f129cb35,gx-no-cache=1521116509730 HTTP/1.1" 200 90
186.103.159.189 - - [15/Mar/2018:09:22:39 -0300] "GET /cormun/servlet/hpexe_link HTTP/1.1" 200 947
186.103.159.189 - - [15/Mar/2018:09:22:40 -0300] "GET /cormun/servlet/hhome HTTP/1.1" 200 4168
186.79.60.134 - - [15/Mar/2018:09:22:41 -0300] "POST /cormun/servlet/solicitudot?gx-no-cache=1521116517073 HTTP/1.1" 200 1319
186.103.159.189 - - [15/Mar/2018:09:22:42 -0300] "GET /cormun/servlet/hhome HTTP/1.1" 200 4165
186.79.60.134 - - [15/Mar/2018:09:22:43 -0300] "POST /cormun/servlet/solicitudot?gx-no-cache=1521116519683 HTTP/1.1" 200 1219
186.79.60.134 - - [15/Mar/2018:09:22:43 -0300] "POST /cormun/servlet/solicitudot?gx-no-cache=1521116520096 HTTP/1.1" 200 33
186.79.60.134 - - [15/Mar/2018:09:22:58 -0300] "POST /cormun/servlet/solicitudot?f039355732bddb718fcc17d7d951040a,INS,0,0,,gx-no-cache=1521116533746 HTTP/1.1" 200 11969
186.79.60.134 - - [15/Mar/2018:09:22:59 -0300] "GET /cormun/static/Shared/jqueryui/images/ui-bg_highlight-soft_100_c6c2c8_1x100.png HTTP/1.1" 404 1117
186.79.60.134 - - [15/Mar/2018:09:22:59 -0300] "GET /cormun/static/Shared/jqueryui/images/ui-icons_82798d_256x240.png HTTP/1.1" 404 1089
186.79.60.134 - - [15/Mar/2018:09:22:59 -0300] "GET /cormun/static/Shared/jqueryui/images/ui-icons_ebccce_256x240.png HTTP/1.1" 404 1089
186.103.159.189 - - [15/Mar/2018:09:23:00 -0300] "GET /cormun/servlet/trautorizarsolicitud? HTTP/1.1" 200 9532
186.79.60.134 - - [15/Mar/2018:09:23:00 -0300] "GET /cormun/static/Shared/jqueryui/images/ui-bg_flat_55_994d53_40x100.png HTTP/1.1" 404 1097
186.103.159.189 - - [15/Mar/2018:09:23:02 -0300] "GET /cormun/servlet/trautorizarsolicitud? HTTP/1.1" 200 9530
186.103.159.189 - - [15/Mar/2018:09:23:11 -0300] "POST /cormun/servlet/trautorizarsolicitud?cee230cd20c4f5a37f344900f129cb35,,gx-no-cache=1521116541410 HTTP/1.1" 200 6202
186.103.159.189 - - [15/Mar/2018:09:23:11 -0300] "GET /cormun/static/Shared/jqueryui/images/ui-icons_82798d_256x240.png HTTP/1.1" 404 1089
186.103.159.189 - - [15/Mar/2018:09:23:11 -0300] "GET /cormun/static/Shared/jqueryui/images/ui-bg_highlight-soft_100_c6c2c8_1x100.png HTTP/1.1" 404 1117
186.103.159.189 - - [15/Mar/2018:09:23:11 -0300] "GET /cormun/static/Shared/jqueryui/images/ui-bg_flat_55_fafafa_40x100.png HTTP/1.1" 404 1097
186.103.159.189 - - [15/Mar/2018:09:23:11 -0300] "GET /cormun/static/Shared/jqueryui/images/ui-icons_8d78a5_256x240.png HTTP/1.1" 404 1089
186.103.159.189 - - [15/Mar/2018:09:23:12 -0300] "POST /cormun/servlet/trautorizarsolicitud?cee230cd20c4f5a37f344900f129cb35,,gx-no-cache=1521116542017 HTTP/1.1" 200 6145
186.103.159.189 - - [15/Mar/2018:09:23:14 -0300] "POST /cormun/servlet/trautorizarsolicitud?cee230cd20c4f5a37f344900f129cb35,,gx-no-cache=1521116543522 HTTP/1.1" 200 5800
186.103.159.189 - - [15/Mar/2018:09:23:14 -0300] "POST /cormun/servlet/trautorizarsolicitud?cee230cd20c4f5a37f344900f129cb35,,gx-no-cache=1521116544796 HTTP/1.1" 200 5745
186.103.159.189 - - [15/Mar/2018:09:23:27 -0300] "POST /cormun/servlet/trautorizarsolicitud?cee230cd20c4f5a37f344900f129cb35,,gx-no-cache=1521116557064 HTTP/1.1" 200 4617
190.151.100.218 - - [15/Mar/2018:09:23:28 -0300] "GET /cormun/servlet/hlogin HTTP/1.1" 200 1721
190.151.100.218 - - [15/Mar/2018:09:23:28 -0300] "GET /cormun/static/gxcfg.js?20175251213516 HTTP/1.1" 304 -
186.103.159.189 - - [15/Mar/2018:09:23:28 -0300] "POST /cormun/servlet/trautorizarsolicitud?cee230cd20c4f5a37f344900f129cb35,,gx-no-cache=1521116558024 HTTP/1.1" 200 4370
190.151.100.218 - - [15/Mar/2018:09:23:29 -0300] "GET /cormun/servlet/hlogin HTTP/1.1" 200 1731
186.103.159.189 - - [15/Mar/2018:09:23:35 -0300] "POST /cormun/servlet/trautorizarsolicitud?cee230cd20c4f5a37f344900f129cb35,,gx-no-cache=1521116564618 HTTP/1.1" 200 7051
190.151.100.218 - - [15/Mar/2018:09:23:46 -0300] "POST /cormun/servlet/hlogin?a29ad1479f5bd6157a6efbf33a1fc88f,gx-no-cache=1521116572025 HTTP/1.1" 200 90
190.151.100.218 - - [15/Mar/2018:09:23:46 -0300] "GET /cormun/servlet/hpexe_link HTTP/1.1" 200 951
190.151.100.218 - - [15/Mar/2018:09:23:46 -0300] "GET /cormun/static/gxcfg.js?20177612121792 HTTP/1.1" 304 -
190.151.100.218 - - [15/Mar/2018:09:23:46 -0300] "GET /cormun/servlet/hhome HTTP/1.1" 200 4218
190.151.100.218 - - [15/Mar/2018:09:23:47 -0300] "GET /cormun/static/gxcfg.js?20175251212442 HTTP/1.1" 304 -
190.151.100.218 - - [15/Mar/2018:09:23:47 -0300] "GET /cormun/servlet/hhome HTTP/1.1" 200 4214
190.151.100.218 - - [15/Mar/2018:09:23:51 -0300] "GET /cormun/servlet/trsolicitudot? HTTP/1.1" 200 7434
190.151.100.218 - - [15/Mar/2018:09:23:51 -0300] "GET /cormun/static/gxcfg.js?2017111422585916 HTTP/1.1" 304 -
190.151.100.218 - - [15/Mar/2018:09:23:52 -0300] "GET /cormun/servlet/trsolicitudot? HTTP/1.1" 200 7433
190.151.100.218 - - [15/Mar/2018:09:23:53 -0300] "GET /cormun/servlet/trcontratounov2? HTTP/1.1" 200 13294
190.151.100.218 - - [15/Mar/2018:09:23:54 -0300] "GET /cormun/static/gxcfg.js?201752512124396 HTTP/1.1" 304 -
192.168.10.96 - - [15/Mar/2018:09:23:54 -0300] "GET /cormun/servlet/trsolicitudgral? HTTP/1.1" 500 10
190.151.100.218 - - [15/Mar/2018:09:23:54 -0300] "GET /cormun/servlet/trcontratounov2? HTTP/1.1" 200 13301
192.168.10.96 - - [15/Mar/2018:09:23:57 -0300] "GET /cormun/servlet/hlogin HTTP/1.1" 200 1724
192.168.10.96 - - [15/Mar/2018:09:23:58 -0300] "GET /cormun/servlet/hlogin HTTP/1.1" 200 1724
190.151.100.218 - - [15/Mar/2018:09:23:58 -0300] "GET /cormun/servlet/trsolicitudot? HTTP/1.1" 200 7433
190.151.100.218 - - [15/Mar/2018:09:23:59 -0300] "GET /cormun/servlet/trsolicitudot? HTTP/1.1" 200 7433
200.72.197.82 - - [15/Mar/2018:09:24:02 -0300] "GET /cormun/static/menuarrow.gif HTTP/1.1" 404 1015
192.168.10.96 - - [15/Mar/2018:09:24:03 -0300] "POST /cormun/servlet/hlogin?3a3b7a5dc7cb5aaa118393eba5db27e3,gx-no-cache=1521116479160 HTTP/1.1" 200 90
192.168.10.96 - - [15/Mar/2018:09:24:03 -0300] "GET /cormun/servlet/hpexe_link HTTP/1.1" 200 957
192.168.10.96 - - [15/Mar/2018:09:24:03 -0300] "GET /cormun/servlet/hhome HTTP/1.1" 200 4713
186.103.196.90 - - [15/Mar/2018:09:24:03 -0300] "POST /cormun/servlet/solicitudotadjuntos?gx-no-cache=1521116592159 HTTP/1.1" 200 26
192.168.10.96 - - [15/Mar/2018:09:24:04 -0300] "GET /cormun/servlet/hhome HTTP/1.1" 200 4709
192.168.10.96 - - [15/Mar/2018:09:24:07 -0300] "GET /cormun/servlet/trsolicitudgral? HTTP/1.1" 200 29162
192.168.10.96 - - [15/Mar/2018:09:24:07 -0300] "GET /cormun/static/gxcfg.js?201813119461163 HTTP/1.1" 304 -
192.168.10.96 - - [15/Mar/2018:09:24:08 -0300] "GET /cormun/servlet/trsolicitudgral? HTTP/1.1" 200 29160
186.103.196.90 - - [15/Mar/2018:09:24:14 -0300] "GET /cormun/servlet/solicitudotadjuntos?7164a535d24fb6b934ed4d3041edf95b635bc76747ea13e06e7255acf1389b5d,gx-no-cache=1521116602695 HTTP/1.1" 200 30
186.103.196.90 - - [15/Mar/2018:09:24:14 -0300] "GET /cormun/servlet/solicitudotadjuntos?7164a535d24fb6b934ed4d3041edf95b635bc76747ea13e06e7255acf1389b5d,gx-no-cache=1521116602766 HTTP/1.1" 200 30
186.103.196.90 - - [15/Mar/2018:09:24:21 -0300] "POST /cormun/servlet/solicitudotadjuntos?8da7dd6f46b9eaa66ff908c36550c5ba,INS,2018,10467,,1, HTTP/1.1" 200 116
186.103.196.90 - - [15/Mar/2018:09:24:21 -0300] "GET /cormun/servlet/hpexe_return? HTTP/1.1" 200 1026
186.103.196.90 - - [15/Mar/2018:09:24:21 -0300] "GET /cormun/servlet/trsolicitudadjuntos?2018,10467, HTTP/1.1" 200 8745
186.103.196.90 - - [15/Mar/2018:09:24:22 -0300] "GET /cormun/servlet/trsolicitudadjuntos?2018,10467, HTTP/1.1" 200 8737
190.151.99.26 - - [15/Mar/2018:09:24:24 -0300] "GET /cormun/servlet/solicitudotadjuntos?INS,2018,10467,,1, HTTP/1.1" 200 6248
190.151.99.26 - - [15/Mar/2018:09:24:24 -0300] "GET /cormun/static/about:blank HTTP/1.1" 404 1011
190.151.99.26 - - [15/Mar/2018:09:24:25 -0300] "GET /cormun/servlet/solicitudotadjuntos?INS,2018,10467,,1, HTTP/1.1" 200 6241
200.54.18.125 - - [15/Mar/2018:09:24:25 -0300] "GET /cormun/servlet/solicitudotadjuntos?7164a535d24fb6b934ed4d3041edf95bf02928d24ad07f9686fc8fd099645acf8c329099fddae60b320950611602c0af,gx-no-cache=1521116613884 HTTP/1.1" 200 30
200.54.18.125 - - [15/Mar/2018:09:24:26 -0300] "POST /cormun/servlet/solicitudotadjuntos?8da7dd6f46b9eaa66ff908c36550c5ba,INS,2018,10467,,1,,gx-no-cache=1521116614287 HTTP/1.1" 200 3987
200.54.18.125 - - [15/Mar/2018:09:24:28 -0300] "POST /cormun/servlet/solicitudotadjuntos?gx-no-cache=1521116616471 HTTP/1.1" 200 26
200.72.197.82 - - [15/Mar/2018:09:24:30 -0300] "POST /cormun/servlet/trsolicitudot?a29ad1479f5bd6157a6efbf33a1fc88f,,gx-no-cache=1521116595135 HTTP/1.1" 200 4474
192.168.10.96 - - [15/Mar/2018:09:24:38 -0300] "POST /cormun/servlet/trsolicitudgral?3a3b7a5dc7cb5aaa118393eba5db27e3,,gx-no-cache=1521116514088 HTTP/1.1" 200 5928
192.168.10.96 - - [15/Mar/2018:09:24:45 -0300] "POST /cormun/servlet/trsolicitudgral?3a3b7a5dc7cb5aaa118393eba5db27e3,,gx-no-cache=1521116521240 HTTP/1.1" 200 18232
192.168.10.96 - - [15/Mar/2018:09:25:01 -0300] "GET /cormun/servlet/vesolicitudgral?2018,10308,, HTTP/1.1" 200 9298
192.168.10.96 - - [15/Mar/2018:09:25:01 -0300] "GET /cormun/static/gxcfg.js?201711151294153 HTTP/1.1" 304 -
192.168.10.96 - - [15/Mar/2018:09:25:01 -0300] "GET /cormun/pexe_scrolldiv.js HTTP/1.1" 404 1009
192.168.10.96 - - [15/Mar/2018:09:25:01 -0300] "GET /cormun/pexe_scrolldiv.js HTTP/1.1" 404 1009
192.168.10.96 - - [15/Mar/2018:09:25:02 -0300] "GET /cormun/servlet/vesolicitudgral?2018,10308,, HTTP/1.1" 200 9297
192.168.10.96 - - [15/Mar/2018:09:25:04 -0300] "GET /cormun/servlet/vesolicitudgral?2018,10308,,SolicitudOTAdjuntos HTTP/1.1" 200 11313
192.168.10.96 - - [15/Mar/2018:09:25:04 -0300] "GET /cormun/pexe_scrolldiv.js HTTP/1.1" 404 1009
192.168.10.96 - - [15/Mar/2018:09:25:04 -0300] "GET /cormun/pexe_scrolldiv.js HTTP/1.1" 404 1009
192.168.10.96 - - [15/Mar/2018:09:25:04 -0300] "GET /cormun/servlet/vesolicitudgral?2018,10308,,SolicitudOTAdjuntos HTTP/1.1" 200 11315
192.168.10.96 - - [15/Mar/2018:09:25:05 -0300] "POST /cormun/servlet/acontrolpreferencessavestate?None,DZAMUDIO,true HTTP/1.1" 200 35
192.168.10.96 - - [15/Mar/2018:09:25:06 -0300] "GET /cormun/PublicTempStorage/ci9940338.pdf HTTP/1.1" 200 188444
192.168.10.96 - - [15/Mar/2018:09:25:14 -0300] "GET /cormun/servlet/vesolicitudgral?2018,10308,,SolicitudOTAdjuntos HTTP/1.1" 200 11313
192.168.10.96 - - [15/Mar/2018:09:25:15 -0300] "GET /cormun/servlet/vesolicitudgral?2018,10308,,SolicitudOTAdjuntos HTTP/1.1" 200 11314
192.168.10.96 - - [15/Mar/2018:09:25:15 -0300] "POST /cormun/servlet/acontrolpreferencessavestate?None,DZAMUDIO,true HTTP/1.1" 200 35
192.168.10.96 - - [15/Mar/2018:09:25:17 -0300] "GET /cormun/PublicTempStorage/estudios4915703.pdf HTTP/1.1" 200 404044
192.168.10.61 - - [15/Mar/2018:09:25:17 -0300] "POST /cormun/servlet/trsolicitudgral?157dd2d4e0203820472f2f9bbc9e7d45,,gx-no-cache=1521116553285 HTTP/1.1" 200 7663
192.168.10.96 - - [15/Mar/2018:09:25:22 -0300] "GET /cormun/servlet/vesolicitudgral?2018,10308,,SolicitudOTAdjuntos HTTP/1.1" 200 11312
192.168.10.96 - - [15/Mar/2018:09:25:22 -0300] "GET /cormun/servlet/vesolicitudgral?2018,10308,,SolicitudOTAdjuntos HTTP/1.1" 200 11311
192.168.10.96 - - [15/Mar/2018:09:25:23 -0300] "POST /cormun/servlet/acontrolpreferencessavestate?None,DZAMUDIO,true HTTP/1.1" 200 35
192.168.10.96 - - [15/Mar/2018:09:25:24 -0300] "GET /cormun/PublicTempStorage/afp1552418.pdf HTTP/1.1" 200 262397
192.168.10.96 - - [15/Mar/2018:09:25:30 -0300] "GET /cormun/servlet/vesolicitudgral?2018,10308,,SolicitudOTAdjuntos HTTP/1.1" 200 11313
192.168.10.96 - - [15/Mar/2018:09:25:31 -0300] "GET /cormun/servlet/vesolicitudgral?2018,10308,,SolicitudOTAdjuntos HTTP/1.1" 200 11314
192.168.10.96 - - [15/Mar/2018:09:25:31 -0300] "POST /cormun/servlet/acontrolpreferencessavestate?None,DZAMUDIO,true HTTP/1.1" 200 35
192.168.10.96 - - [15/Mar/2018:09:25:32 -0300] "GET /cormun/PublicTempStorage/salud8196953.pdf HTTP/1.1" 200 225134
200.54.18.125 - - [15/Mar/2018:09:25:34 -0300] "GET /cormun/servlet/solicitudotadjuntos?7164a535d24fb6b934ed4d3041edf95b635bc76747ea13e06e7255acf1389b5d,gx-no-cache=1521116682991 HTTP/1.1" 200 30
200.54.18.125 - - [15/Mar/2018:09:25:34 -0300] "GET /cormun/servlet/solicitudotadjuntos?7164a535d24fb6b934ed4d3041edf95b635bc76747ea13e06e7255acf1389b5d,gx-no-cache=1521116683133 HTTP/1.1" 200 30
192.168.10.96 - - [15/Mar/2018:09:25:36 -0300] "GET /cormun/servlet/vesolicitudgral?2018,10308,,SolicitudOTAdjuntos HTTP/1.1" 200 11312
192.168.10.96 - - [15/Mar/2018:09:25:37 -0300] "GET /cormun/servlet/vesolicitudgral?2018,10308,,SolicitudOTAdjuntos HTTP/1.1" 200 11311
192.168.10.96 - - [15/Mar/2018:09:25:38 -0300] "POST /cormun/servlet/acontrolpreferencessavestate?None,DZAMUDIO,true HTTP/1.1" 200 35
192.168.10.96 - - [15/Mar/2018:09:25:40 -0300] "GET /cormun/PublicTempStorage/antecedestes2309718.pdf HTTP/1.1" 200 311406
200.54.18.125 - - [15/Mar/2018:09:25:42 -0300] "POST /cormun/servlet/solicitudotadjuntos?8da7dd6f46b9eaa66ff908c36550c5ba,INS,2018,10467,,1, HTTP/1.1" 200 116
200.54.18.125 - - [15/Mar/2018:09:25:42 -0300] "GET /cormun/servlet/hpexe_return? HTTP/1.1" 200 1026
200.54.18.125 - - [15/Mar/2018:09:25:42 -0300] "GET /cormun/servlet/trsolicitudadjuntos?2018,10467, HTTP/1.1" 200 8962
200.54.18.125 - - [15/Mar/2018:09:25:43 -0300] "GET /cormun/servlet/trsolicitudadjuntos?2018,10467, HTTP/1.1" 200 8962
190.151.99.26 - - [15/Mar/2018:09:25:45 -0300] "GET /cormun/servlet/solicitudotadjuntos?INS,2018,10467,,1, HTTP/1.1" 200 6248
190.151.99.26 - - [15/Mar/2018:09:25:45 -0300] "GET /cormun/static/about:blank HTTP/1.1" 404 1011
190.151.99.26 - - [15/Mar/2018:09:25:45 -0300] "GET /cormun/servlet/solicitudotadjuntos?INS,2018,10467,,1, HTTP/1.1" 200 6241
190.151.99.26 - - [15/Mar/2018:09:25:46 -0300] "GET /cormun/servlet/solicitudotadjuntos?7164a535d24fb6b934ed4d3041edf95bf02928d24ad07f9686fc8fd099645acf8c329099fddae60b320950611602c0af,gx-no-cache=1521116694610 HTTP/1.1" 200 30
190.151.99.26 - - [15/Mar/2018:09:25:46 -0300] "POST /cormun/servlet/solicitudotadjuntos?8da7dd6f46b9eaa66ff908c36550c5ba,INS,2018,10467,,1,,gx-no-cache=1521116694716 HTTP/1.1" 200 3987
192.168.10.96 - - [15/Mar/2018:09:25:46 -0300] "GET /cormun/servlet/vesolicitudgral?2018,10308,,SolicitudOTAdjuntos HTTP/1.1" 200 11312
192.168.10.96 - - [15/Mar/2018:09:25:47 -0300] "GET /cormun/servlet/vesolicitudgral?2018,10308,,SolicitudOTAdjuntos HTTP/1.1" 200 11313
192.168.10.96 - - [15/Mar/2018:09:25:48 -0300] "POST /cormun/servlet/acontrolpreferencessavestate?None,DZAMUDIO,true HTTP/1.1" 200 35
190.151.99.26 - - [15/Mar/2018:09:25:48 -0300] "POST /cormun/servlet/solicitudotadjuntos?gx-no-cache=1521116697143 HTTP/1.1" 200 26
192.168.10.96 - - [15/Mar/2018:09:25:52 -0300] "GET /cormun/PublicTempStorage/curriculum3003702.pdf HTTP/1.1" 200 432257
192.168.10.61 - - [15/Mar/2018:09:26:08 -0300] "POST /cormun/servlet/trsolicitudgral?157dd2d4e0203820472f2f9bbc9e7d45,,gx-no-cache=1521116604402 HTTP/1.1" 200 9077
190.151.100.218 - - [15/Mar/2018:09:26:16 -0300] "POST /cormun/servlet/trsolicitudot?a29ad1479f5bd6157a6efbf33a1fc88f,,gx-no-cache=1521116723379 HTTP/1.1" 200 19849
200.54.247.70 - - [15/Mar/2018:09:26:25 -0300] "GET /cormun/servlet/hlogin HTTP/1.1" 200 1724
200.54.247.70 - - [15/Mar/2018:09:26:25 -0300] "GET /cormun/static/Resources/Spanish/PXTools.css?11423723 HTTP/1.1" 304 -
200.54.247.70 - - [15/Mar/2018:09:26:25 -0300] "GET /cormun/static/gxtimezone.js?85251 HTTP/1.1" 304 -
200.54.247.70 - - [15/Mar/2018:09:26:25 -0300] "GET /cormun/static/gxgral.js?85251 HTTP/1.1" 304 -
200.54.247.70 - - [15/Mar/2018:09:26:26 -0300] "GET /cormun/static/gxcfg.js?20175251213516 HTTP/1.1" 304 -
200.54.247.70 - - [15/Mar/2018:09:26:26 -0300] "GET /cormun/static/messages.spa.js?85251 HTTP/1.1" 304 -
200.54.247.70 - - [15/Mar/2018:09:26:26 -0300] "GET /cormun/static/hlogin.js?20175251213537 HTTP/1.1" 304 -
200.54.247.70 - - [15/Mar/2018:09:26:26 -0300] "GET /cormun/static/Resources/ComunLogin.png HTTP/1.1" 304 -
200.54.247.70 - - [15/Mar/2018:09:26:26 -0300] "GET /cormun/static/Resources/PXToolsButtonLeft21.png HTTP/1.1" 304 -
200.54.247.70 - - [15/Mar/2018:09:26:26 -0300] "GET /cormun/static/Resources/PXToolsLoginBackground.png HTTP/1.1" 304 -
200.54.247.70 - - [15/Mar/2018:09:26:26 -0300] "GET /cormun/servlet/hlogin HTTP/1.1" 200 1734
200.54.247.70 - - [15/Mar/2018:09:26:42 -0300] "POST /cormun/servlet/hlogin?436ea30e46dc89f165cbe1d11ec524a8,gx-no-cache=1521116751971 HTTP/1.1" 200 90
200.54.247.70 - - [15/Mar/2018:09:26:42 -0300] "GET /cormun/servlet/hpexe_link HTTP/1.1" 200 956
200.54.247.70 - - [15/Mar/2018:09:26:42 -0300] "GET /cormun/static/gxcfg.js?20177612121792 HTTP/1.1" 304 -
200.54.247.70 - - [15/Mar/2018:09:26:42 -0300] "GET /cormun/servlet/hhome HTTP/1.1" 200 4239
200.54.247.70 - - [15/Mar/2018:09:26:43 -0300] "GET /cormun/static/gxcfg.js?20175251212442 HTTP/1.1" 304 -
200.54.247.70 - - [15/Mar/2018:09:26:45 -0300] "GET /cormun/servlet/trsolicitudot? HTTP/1.1" 200 7456
200.54.247.70 - - [15/Mar/2018:09:26:45 -0300] "GET /cormun/static/gxcfg.js?2017111422585916 HTTP/1.1" 304 -
192.168.10.61 - - [15/Mar/2018:09:26:46 -0300] "POST /cormun/servlet/trsolicitudgral?157dd2d4e0203820472f2f9bbc9e7d45,,gx-no-cache=1521116641990 HTTP/1.1" 200 13082
200.54.247.70 - - [15/Mar/2018:09:26:48 -0300] "GET /cormun/servlet/solicitudot?INS,0,0, HTTP/1.1" 200 13683
200.54.247.70 - - [15/Mar/2018:09:26:48 -0300] "GET /cormun/static/gxcfg.js?201812313224582 HTTP/1.1" 304 -
200.54.247.70 - - [15/Mar/2018:09:26:48 -0300] "GET /cormun/static/Resources/prompt.gif HTTP/1.1" 200 902
186.67.84.236 - - [15/Mar/2018:09:26:52 -0300] "GET /cormun/servlet/solicitudotadjuntos?7164a535d24fb6b934ed4d3041edf95b635bc76747ea13e06e7255acf1389b5d,gx-no-cache=1521116760734 HTTP/1.1" 200 30
186.67.84.236 - - [15/Mar/2018:09:26:52 -0300] "GET /cormun/servlet/solicitudotadjuntos?7164a535d24fb6b934ed4d3041edf95b635bc76747ea13e06e7255acf1389b5d,gx-no-cache=1521116760876 HTTP/1.1" 200 30
186.67.84.236 - - [15/Mar/2018:09:26:58 -0300] "POST /cormun/servlet/solicitudotadjuntos?8da7dd6f46b9eaa66ff908c36550c5ba,INS,2018,10467,,1, HTTP/1.1" 200 116
186.67.84.236 - - [15/Mar/2018:09:26:58 -0300] "GET /cormun/servlet/hpexe_return? HTTP/1.1" 200 1026
186.67.84.236 - - [15/Mar/2018:09:26:59 -0300] "GET /cormun/servlet/trsolicitudadjuntos?2018,10467, HTTP/1.1" 200 9133
186.67.84.236 - - [15/Mar/2018:09:26:59 -0300] "GET /cormun/servlet/trsolicitudadjuntos?2018,10467, HTTP/1.1" 200 9131
186.103.196.84 - - [15/Mar/2018:09:27:02 -0300] "GET /cormun/servlet/solicitudotadjuntos?INS,2018,10467,,1, HTTP/1.1" 200 6248
186.103.196.84 - - [15/Mar/2018:09:27:02 -0300] "GET /cormun/static/about:blank HTTP/1.1" 404 1011
186.103.196.84 - - [15/Mar/2018:09:27:02 -0300] "GET /cormun/servlet/solicitudotadjuntos?INS,2018,10467,,1, HTTP/1.1" 200 6241
186.103.196.90 - - [15/Mar/2018:09:27:03 -0300] "GET /cormun/servlet/solicitudotadjuntos?7164a535d24fb6b934ed4d3041edf95bf02928d24ad07f9686fc8fd099645acf8c329099fddae60b320950611602c0af,gx-no-cache=1521116771442 HTTP/1.1" 200 30
186.103.196.90 - - [15/Mar/2018:09:27:03 -0300] "POST /cormun/servlet/solicitudotadjuntos?8da7dd6f46b9eaa66ff908c36550c5ba,INS,2018,10467,,1,,gx-no-cache=1521116771568 HTTP/1.1" 200 3987
192.168.10.61 - - [15/Mar/2018:09:27:03 -0300] "POST /cormun/servlet/trsolicitudgral?157dd2d4e0203820472f2f9bbc9e7d45,,gx-no-cache=1521116659105 HTTP/1.1" 200 7549
186.103.196.90 - - [15/Mar/2018:09:27:05 -0300] "POST /cormun/servlet/solicitudotadjuntos?gx-no-cache=1521116773791 HTTP/1.1" 200 26
186.103.159.182 - - [15/Mar/2018:09:27:28 -0300] "GET /cormun/static/menuarrow.gif HTTP/1.1" 404 1015
186.103.159.44 - - [15/Mar/2018:09:27:31 -0300] "GET /cormun/servlet/solicitudotadjuntos?INS,2018,10500,,1, HTTP/1.1" 200 6192
186.103.159.44 - - [15/Mar/2018:09:27:31 -0300] "GET /cormun/static/gxcfg.js?2017761244068 HTTP/1.1" 200 953
186.103.159.44 - - [15/Mar/2018:09:27:31 -0300] "GET /cormun/static/solicitudotadjuntos.js?2017761244086 HTTP/1.1" 200 11771
186.103.159.44 - - [15/Mar/2018:09:27:31 -0300] "HEAD /cormun/static/about:blank HTTP/1.1" 404 -
186.103.159.44 - - [15/Mar/2018:09:27:32 -0300] "GET /cormun/servlet/solicitudotadjuntos?80efa631b8548a552fc63ba664b34ccefcfbac6005df7cd35e6bfe66cfc77805164b227ecaaac60568978ef7e87977bd,gx-no-cache=1521116803435 HTTP/1.1" 200 30
186.103.159.44 - - [15/Mar/2018:09:27:32 -0300] "POST /cormun/servlet/solicitudotadjuntos?efc50c3643c2033956517ccef43ccc68,INS,2018,10500,,1,,gx-no-cache=1521116803512 HTTP/1.1" 200 3979
186.103.159.182 - - [15/Mar/2018:09:27:38 -0300] "GET /cormun/servlet/solicitudot?c00642d465b5e1e9f8c77508b72b151d6ed22ae5c154034529dc38d1ed38148083dca20d523e60f8adff20109bc137ae,gx-no-cache=1521116748683 HTTP/1.1" 200 30
186.103.159.182 - - [15/Mar/2018:09:27:38 -0300] "POST /cormun/servlet/solicitudot?gx-no-cache=1521116748792 HTTP/1.1" 200 137
186.103.159.44 - - [15/Mar/2018:09:27:38 -0300] "GET /cormun/servlet/trsolicitudot? HTTP/1.1" 200 9123
186.103.159.44 - - [15/Mar/2018:09:27:47 -0300] "POST /cormun/servlet/trsolicitudot?efc50c3643c2033956517ccef43ccc68,,gx-no-cache=1521116817447 HTTP/1.1" 200 107
186.103.159.44 - - [15/Mar/2018:09:27:47 -0300] "GET /cormun/servlet/trsolicitudadjuntos?2018,10500, HTTP/1.1" 200 6246
186.103.159.44 - - [15/Mar/2018:09:27:50 -0300] "GET /cormun/servlet/solicitudotadjuntos?INS,2018,10500,,1, HTTP/1.1" 200 6192
186.103.159.44 - - [15/Mar/2018:09:27:51 -0300] "HEAD /cormun/static/about:blank HTTP/1.1" 404 -
186.103.159.44 - - [15/Mar/2018:09:27:51 -0300] "GET /cormun/servlet/solicitudotadjuntos?80efa631b8548a552fc63ba664b34ccefcfbac6005df7cd35e6bfe66cfc77805164b227ecaaac60568978ef7e87977bd,gx-no-cache=1521116822541 HTTP/1.1" 200 30
186.103.159.44 - - [15/Mar/2018:09:27:52 -0300] "POST /cormun/servlet/solicitudotadjuntos?efc50c3643c2033956517ccef43ccc68,INS,2018,10500,,1,,gx-no-cache=1521116822725 HTTP/1.1" 200 3979
200.54.247.70 - - [15/Mar/2018:09:27:52 -0300] "POST /cormun/servlet/solicitudot?gx-no-cache=1521116821091 HTTP/1.1" 200 3284
200.54.247.70 - - [15/Mar/2018:09:27:52 -0300] "POST /cormun/servlet/solicitudot?436ea30e46dc89f165cbe1d11ec524a8,INS,0,0,,gx-no-cache=1521116822089 HTTP/1.1" 200 10445
200.54.247.70 - - [15/Mar/2018:09:27:56 -0300] "GET /cormun/servlet/solicitudot?fd0a7e5f3c3f476daf5e1173eedf3b1901f869c4d0bc770657f8bd243968775403872e43c109ef1032caa13b85cb77a9,gx-no-cache=1521116826725 HTTP/1.1" 200 30
186.103.159.44 - - [15/Mar/2018:09:27:58 -0300] "POST /cormun/servlet/solicitudotadjuntos?gx-no-cache=1521116828649 HTTP/1.1" 200 26
186.103.157.246 - - [15/Mar/2018:09:28:07 -0300] "GET /cormun/servlet/trlicenciaspermisosadjuntos?18375077,20180315000000,L, HTTP/1.1" 200 6449
186.103.157.246 - - [15/Mar/2018:09:28:08 -0300] "GET /cormun/servlet/trlicenciaspermisosadjuntos?18375077,20180315000000,L, HTTP/1.1" 200 6449
186.103.157.246 - - [15/Mar/2018:09:28:12 -0300] "GET /cormun/servlet/licenciaspermisosadjuntos?INS,18375077,L,20180315000000,, HTTP/1.1" 200 5745
186.103.157.246 - - [15/Mar/2018:09:28:12 -0300] "GET /cormun/static/about:blank HTTP/1.1" 404 1011
186.103.157.246 - - [15/Mar/2018:09:28:13 -0300] "GET /cormun/servlet/licenciaspermisosadjuntos?INS,18375077,L,20180315000000,, HTTP/1.1" 200 5734
186.103.159.44 - - [15/Mar/2018:09:28:22 -0300] "GET /cormun/servlet/solicitudotadjuntos?80efa631b8548a552fc63ba664b34cce547e3a4ac2e183e2c41efd9e77250371,gx-no-cache=1521116852827 HTTP/1.1" 200 30
186.103.159.44 - - [15/Mar/2018:09:28:22 -0300] "GET /cormun/servlet/solicitudotadjuntos?80efa631b8548a552fc63ba664b34cce547e3a4ac2e183e2c41efd9e77250371,gx-no-cache=1521116852939 HTTP/1.1" 200 30
186.103.159.44 - - [15/Mar/2018:09:28:33 -0300] "POST /cormun/servlet/solicitudotadjuntos?efc50c3643c2033956517ccef43ccc68,INS,2018,10500,,1, HTTP/1.1" 200 116
186.103.159.44 - - [15/Mar/2018:09:28:34 -0300] "GET /cormun/servlet/hpexe_return? HTTP/1.1" 200 1024
186.103.159.44 - - [15/Mar/2018:09:28:34 -0300] "GET /cormun/servlet/trsolicitudadjuntos?2018,10500, HTTP/1.1" 200 8752
186.103.159.44 - - [15/Mar/2018:09:28:41 -0300] "GET /cormun/servlet/trsolicitudot? HTTP/1.1" 200 9118
186.103.159.44 - - [15/Mar/2018:09:28:46 -0300] "POST /cormun/servlet/trsolicitudot?efc50c3643c2033956517ccef43ccc68,,gx-no-cache=1521116876818 HTTP/1.1" 200 5858
186.103.159.189 - - [15/Mar/2018:09:28:46 -0300] "POST /cormun/servlet/trautorizarsolicitud?cee230cd20c4f5a37f344900f129cb35,,gx-no-cache=1521116876216 HTTP/1.1" 200 12664
186.103.159.44 - - [15/Mar/2018:09:28:46 -0300] "POST /cormun/servlet/trsolicitudot?efc50c3643c2033956517ccef43ccc68,,gx-no-cache=1521116877379 HTTP/1.1" 200 5803
186.103.157.246 - - [15/Mar/2018:09:28:46 -0300] "POST /cormun/servlet/licenciaspermisosadjuntos?cfc789882a3aacbf349581cc28b48615,INS,18375077,L,20180315000000,, HTTP/1.1" 200 116
186.103.159.44 - - [15/Mar/2018:09:28:46 -0300] "GET /cormun/static/Shared/jqueryui/images/ui-bg_highlight-soft_100_c6c2c8_1x100.png HTTP/1.1" 404 1117
186.103.157.246 - - [15/Mar/2018:09:28:46 -0300] "GET /cormun/servlet/hpexe_return? HTTP/1.1" 200 1038
186.103.159.44 - - [15/Mar/2018:09:28:47 -0300] "GET /cormun/static/Shared/jqueryui/images/ui-bg_flat_55_fafafa_40x100.png HTTP/1.1" 404 1097
186.103.159.44 - - [15/Mar/2018:09:28:47 -0300] "GET /cormun/static/Shared/jqueryui/images/ui-icons_82798d_256x240.png HTTP/1.1" 404 1089
186.103.159.44 - - [15/Mar/2018:09:28:47 -0300] "GET /cormun/static/Shared/jqueryui/images/ui-icons_8d78a5_256x240.png HTTP/1.1" 404 1089
186.103.157.246 - - [15/Mar/2018:09:28:47 -0300] "GET /cormun/servlet/trlicenciaspermisosadjuntos?18375077,20180315000000,L, HTTP/1.1" 200 6967
186.103.157.246 - - [15/Mar/2018:09:28:48 -0300] "GET /cormun/servlet/trlicenciaspermisosadjuntos?18375077,20180315000000,L, HTTP/1.1" 200 6963
186.103.159.182 - - [15/Mar/2018:09:28:48 -0300] "POST /cormun/servlet/solicitudot?gx-no-cache=1521116819094 HTTP/1.1" 200 33
186.103.159.44 - - [15/Mar/2018:09:28:51 -0300] "POST /cormun/servlet/trsolicitudot?efc50c3643c2033956517ccef43ccc68,,gx-no-cache=1521116882231 HTTP/1.1" 200 107
186.103.159.44 - - [15/Mar/2018:09:28:52 -0300] "GET /cormun/servlet/trsolicitudadjuntos?2018,10498, HTTP/1.1" 200 6246
186.103.159.44 - - [15/Mar/2018:09:28:55 -0300] "GET /cormun/servlet/solicitudotadjuntos?INS,2018,10498,,1, HTTP/1.1" 200 6192
186.103.159.44 - - [15/Mar/2018:09:28:56 -0300] "HEAD /cormun/static/about:blank HTTP/1.1" 404 -
186.103.159.44 - - [15/Mar/2018:09:28:57 -0300] "GET /cormun/servlet/solicitudotadjuntos?80efa631b8548a552fc63ba664b34cce7464a1e7afccf854246d444ad0cc129a164b227ecaaac60568978ef7e87977bd,gx-no-cache=1521116888025 HTTP/1.1" 200 30
186.103.159.44 - - [15/Mar/2018:09:28:57 -0300] "POST /cormun/servlet/solicitudotadjuntos?efc50c3643c2033956517ccef43ccc68,INS,2018,10498,,1,,gx-no-cache=1521116888104 HTTP/1.1" 200 3980
186.103.157.246 - - [15/Mar/2018:09:29:00 -0300] "POST /cormun/servlet/trlicenciaspermisosadjuntos?cfc789882a3aacbf349581cc28b48615,18375077,20180315000000,L,,gx-no-cache=1521116891793 HTTP/1.1" 200 90
186.103.157.246 - - [15/Mar/2018:09:29:00 -0300] "GET /cormun/servlet/hpexe_link HTTP/1.1" 200 982
186.103.157.246 - - [15/Mar/2018:09:29:00 -0300] "GET /cormun/servlet/trlicencias? HTTP/1.1" 200 9342
186.103.159.189 - - [15/Mar/2018:09:29:01 -0300] "POST /cormun/servlet/trautorizarsolicitud?cee230cd20c4f5a37f344900f129cb35,,gx-no-cache=1521116891155 HTTP/1.1" 200 5779
186.103.157.246 - - [15/Mar/2018:09:29:01 -0300] "GET /cormun/servlet/trlicencias? HTTP/1.1" 200 9340
186.103.159.44 - - [15/Mar/2018:09:29:01 -0300] "POST /cormun/servlet/solicitudotadjuntos?gx-no-cache=1521116892804 HTTP/1.1" 200 26
