186.67.172.234 - - [15/Mar/2018:10:54:33 -0300] "GET /cormun/servlet/solicitudot?3d6ff4f628aa03eacdc92768c2c5fcb916ee97c364735d05da12c13147fcf6d869633fcde174c7fabc3904367e844040ef3f6d3d2999d25346d126d6c21866fc35a27c040a9d4eb5bb7e8b68528a296a6003d2f2e5fc26db09f4a2bc4e1262c6a230a83a2da458032e2f2fdf8d3415ac7218b8d7c39516a00f44de76cda00ea184062c59907a16a11f0c9379604d01e7c9a456ce9e128859f91bebbf52ad611a96b1dad60c7098c3baac1cba5533d17298f0c425fd1344b3c2d90c69ce45142257f715ea5c0697477b0fda03899afef89e41a59b83dab934e83fe8e06ef1b9a3496f131e41f6c35bda0dcef546234ddee5d015b2f8ba73e83dbfe164f7d4e3bbb066f8b15e5659c6b36e4a17f1cc2a5aaa5a7c3f2afbf5ed95d2a1bd7c15e1ed9496fa0770797a5b29b82793d7779d40edc1ed454f386fc3b57e7a262fdacf080275ee791afc5c8550fb8480b38aae5757bbc73ad4db3268e4f04df3de8d5058ff65521c045d2824350a71f76dcca6bdbe28b3c5932a35850b173d6ed255e78e,gx-no-cache=1521122023023 HTTP/1.1" 200 30
186.67.172.234 - - [15/Mar/2018:10:54:43 -0300] "POST /cormun/servlet/solicitudot?gx-no-cache=1521122033150 HTTP/1.1" 200 30
186.67.172.234 - - [15/Mar/2018:10:54:45 -0300] "POST /cormun/servlet/solicitudot?gx-no-cache=1521122035274 HTTP/1.1" 200 1337
186.67.172.234 - - [15/Mar/2018:10:54:46 -0300] "POST /cormun/servlet/solicitudot?gx-no-cache=1521122035375 HTTP/1.1" 200 38
186.67.172.234 - - [15/Mar/2018:10:54:53 -0300] "GET /cormun/servlet/solicitudot?3d6ff4f628aa03eacdc92768c2c5fcb9b0a224dd4e2bfc601ec4081ccfa354cc2a3b4d806f4bcf2efdd0cb75e92a0abfee3a7f222411dc949ce502a38ff7622e455be6514ac147d4b9bd1dc8280fb0cf4516c495f69d9efa61ad3ceb242116ed30723040fbd7c3c1eb564fb95a75c1fa396c32ea35a6e010d69d8bd87e606c0fec8ea9798dce983e28eb71b89626138d0f3ffe2e7680b678951043e29f9ed2fc3b571d64996a7a3927566e520ec688757f30ba6f33b81c9ca9666dbadd1e745a6d486e5991b52e234780c83c5fc990e3,gx-no-cache=1521122042662 HTTP/1.1" 200 29
186.67.172.234 - - [15/Mar/2018:10:54:54 -0300] "POST /cormun/servlet/solicitudot?gx-no-cache=1521122043869 HTTP/1.1" 200 1321
186.67.172.234 - - [15/Mar/2018:10:54:54 -0300] "POST /cormun/servlet/solicitudot?gx-no-cache=1521122043968 HTTP/1.1" 200 1218
186.67.172.234 - - [15/Mar/2018:10:55:11 -0300] "GET /cormun/servlet/solicitudot?3d6ff4f628aa03eacdc92768c2c5fcb9f3d2655973daadcb5aa4c6ba4dd65d22331cf4ba105ec1b1be161a8415c2c81d,gx-no-cache=1521122061191 HTTP/1.1" 200 30
186.67.172.234 - - [15/Mar/2018:10:55:28 -0300] "POST /cormun/servlet/solicitudot?gx-no-cache=1521122077351 HTTP/1.1" 200 30
186.67.164.142 - - [15/Mar/2018:10:55:52 -0300] "GET /cormun/servlet/licenciaspermisos?INS,0,,, HTTP/1.1" 200 7499
186.67.164.142 - - [15/Mar/2018:10:55:52 -0300] "GET /cormun/static/gxcfg.js?201762917281167 HTTP/1.1" 200 953
186.67.164.142 - - [15/Mar/2018:10:55:53 -0300] "GET /cormun/servlet/licenciaspermisos?INS,0,,, HTTP/1.1" 200 7498
186.67.164.142 - - [15/Mar/2018:10:56:02 -0300] "GET /cormun/servlet/licenciaspermisos?956098ac5043a1a84423f02c8b5b12bf8c890c6f1459450d855afbbbfc30dd1e30ab580f9e993f2608105974134dbdaa,gx-no-cache=1521122112932 HTTP/1.1" 200 88
186.67.164.142 - - [15/Mar/2018:10:56:02 -0300] "POST /cormun/servlet/licenciaspermisos?2a8e6e57673fb7a94e92a3e58095b426,INS,0,,,,gx-no-cache=1521122113027 HTTP/1.1" 200 4695
186.67.172.234 - - [15/Mar/2018:10:56:05 -0300] "POST /cormun/servlet/solicitudot?f7b173aa1ba135d470bcef1d29b081ca,INS,0,0,,gx-no-cache=1521122114713 HTTP/1.1" 200 93
186.67.172.234 - - [15/Mar/2018:10:56:05 -0300] "GET /cormun/servlet/hpexe_return? HTTP/1.1" 200 1009
186.67.172.234 - - [15/Mar/2018:10:56:06 -0300] "GET /cormun/servlet/trsolicitudot HTTP/1.1" 200 9964
186.67.172.234 - - [15/Mar/2018:10:56:06 -0300] "GET /cormun/servlet/trsolicitudot HTTP/1.1" 200 9962
186.67.164.142 - - [15/Mar/2018:10:56:20 -0300] "GET /cormun/static/menuarrow.gif HTTP/1.1" 404 1015
186.67.172.234 - - [15/Mar/2018:10:56:56 -0300] "POST /cormun/servlet/trsolicitudot?f7b173aa1ba135d470bcef1d29b081ca,gx-no-cache=1521122165385 HTTP/1.1" 200 106
186.67.172.234 - - [15/Mar/2018:10:56:56 -0300] "GET /cormun/servlet/solicitudot?UPD,2018,10504, HTTP/1.1" 200 15489
186.67.172.234 - - [15/Mar/2018:10:56:56 -0300] "GET /cormun/servlet/solicitudot?UPD,2018,10504, HTTP/1.1" 200 15499
186.103.159.182 - - [15/Mar/2018:10:56:57 -0300] "GET /cormun/servlet/trsolicitudot? HTTP/1.1" 200 6389
186.67.172.234 - - [15/Mar/2018:10:56:57 -0300] "POST /cormun/servlet/solicitudot?gx-no-cache=1521122166641 HTTP/1.1" 200 3418
186.67.172.234 - - [15/Mar/2018:10:56:57 -0300] "POST /cormun/servlet/solicitudot?f7b173aa1ba135d470bcef1d29b081ca,UPD,2018,10504,,gx-no-cache=1521122166960 HTTP/1.1" 200 11783
186.67.172.234 - - [15/Mar/2018:10:56:57 -0300] "GET /cormun/servlet/solicitudot?3d6ff4f628aa03eacdc92768c2c5fcb97a4a33c78ff750cb5ff5bcfb4ada8001951a655795a9927883df242f01b87278,gx-no-cache=1521122167201 HTTP/1.1" 200 30
186.67.172.234 - - [15/Mar/2018:10:56:57 -0300] "GET /cormun/servlet/solicitudot?3d6ff4f628aa03eacdc92768c2c5fcb953f88fd764f76d5c8d5280f0050442d1f9d2b2c53377804eb50d7e619a44691e951a655795a9927883df242f01b87278,gx-no-cache=1521122167298 HTTP/1.1" 200 30
186.67.172.234 - - [15/Mar/2018:10:56:58 -0300] "GET /cormun/servlet/solicitudot?3d6ff4f628aa03eacdc92768c2c5fcb90871e8e075bca65006a837ffadc85b3c970a5e7302d709f2f744eaf24155d6946324b26e334ba5074422245078be36b5c74f03a4d3a03c27304fcfa542494a3f82eac9570f15f06a74bbd0dd83de3e1a,gx-no-cache=1521122167364 HTTP/1.1" 200 70
186.67.172.234 - - [15/Mar/2018:10:56:58 -0300] "POST /cormun/servlet/solicitudot?gx-no-cache=1521122167437 HTTP/1.1" 200 256
186.67.172.234 - - [15/Mar/2018:10:56:58 -0300] "GET /cormun/servlet/solicitudot?3d6ff4f628aa03eacdc92768c2c5fcb916ee97c364735d05da12c13147fcf6d8d9878de3fe2d22acb8af914199e052abef3f6d3d2999d25346d126d6c21866fc35a27c040a9d4eb5bb7e8b68528a296a6003d2f2e5fc26db09f4a2bc4e1262c6a230a83a2da458032e2f2fdf8d3415ac7218b8d7c39516a00f44de76cda00ea184062c59907a16a11f0c9379604d01e7c9a456ce9e128859f91bebbf52ad611a96b1dad60c7098c3baac1cba5533d17298f0c425fd1344b3c2d90c69ce45142257f715ea5c0697477b0fda03899afef89e41a59b83dab934e83fe8e06ef1b9a3496f131e41f6c35bda0dcef546234ddee5d015b2f8ba73e83dbfe164f7d4e3bbb066f8b15e5659c6b36e4a17f1cc2a5a59de2431af09304de14387dd9d45fb5b59de9ad1c115d414e218d78f956bc50a93f2bf291cee652aa7565cdbff55d543534cea214534ee6745d96d26867d3bd5dd4ecf62ce115654ca8e79a8b7d8308f544c7fbcc37cebbabdab1934ed037e8637298ffff6f381e649565b124ec5ad68,gx-no-cache=1521122167531 HTTP/1.1" 200 30
186.67.172.234 - - [15/Mar/2018:10:56:58 -0300] "POST /cormun/servlet/solicitudot?gx-no-cache=1521122167604 HTTP/1.1" 200 30
186.67.172.234 - - [15/Mar/2018:10:56:58 -0300] "POST /cormun/servlet/solicitudot?gx-no-cache=1521122167680 HTTP/1.1" 200 1338
186.67.172.234 - - [15/Mar/2018:10:56:58 -0300] "POST /cormun/servlet/solicitudot?gx-no-cache=1521122167772 HTTP/1.1" 200 41
186.103.159.182 - - [15/Mar/2018:10:56:58 -0300] "GET /cormun/servlet/trsolicitudot? HTTP/1.1" 200 6388
186.103.159.182 - - [15/Mar/2018:10:56:59 -0300] "GET /cormun/servlet/hlogin HTTP/1.1" 200 1735
186.67.172.234 - - [15/Mar/2018:10:57:02 -0300] "POST /cormun/servlet/solicitudot?gx-no-cache=1521122171694 HTTP/1.1" 200 30
186.103.159.182 - - [15/Mar/2018:10:57:03 -0300] "POST /cormun/servlet/hlogin?357cb6a649b53036eebf86b78350a5dd,gx-no-cache=1521122113943 HTTP/1.1" 200 90
186.103.159.182 - - [15/Mar/2018:10:57:03 -0300] "GET /cormun/servlet/hpexe_link HTTP/1.1" 200 955
186.103.159.182 - - [15/Mar/2018:10:57:03 -0300] "GET /cormun/servlet/trsolicitudot HTTP/1.1" 200 7291
186.103.159.182 - - [15/Mar/2018:10:57:04 -0300] "GET /cormun/servlet/trsolicitudot HTTP/1.1" 200 7290
186.67.172.234 - - [15/Mar/2018:10:57:14 -0300] "POST /cormun/servlet/solicitudot?gx-no-cache=1521122184262 HTTP/1.1" 200 1338
186.67.172.234 - - [15/Mar/2018:10:57:15 -0300] "POST /cormun/servlet/solicitudot?gx-no-cache=1521122184343 HTTP/1.1" 200 41
186.67.172.234 - - [15/Mar/2018:10:57:15 -0300] "GET /cormun/servlet/solicitudot?3d6ff4f628aa03eacdc92768c2c5fcb907e7412c1061db0293a040b71bd208df9b51ff454d9e6cba30308fa7b9eb3cebff35a39b54d12f5c7430f68b434cc4db3d38cef0e52fd49c27eedabb342b1f27d9f6e5119241b06085302c4ac7093b468633bd6f105af9331dc5da8560646496a81df90d5b1cfa2c96415981dc2c5537ea4406263d98d4a4db4d7f7a451dd2e658b45738c32620cd926bc400cdf7fd3bcd9326c29577e254d43c15f9ba330fb1d2d32d39f2860b32a8c262fc2653d730ee4684d60e8d175ca649e6b6a7d0c70b,gx-no-cache=1521122184424 HTTP/1.1" 200 29
186.67.172.234 - - [15/Mar/2018:10:57:15 -0300] "POST /cormun/servlet/solicitudot?gx-no-cache=1521122184480 HTTP/1.1" 200 1321
186.67.172.234 - - [15/Mar/2018:10:57:15 -0300] "POST /cormun/servlet/solicitudot?gx-no-cache=1521122184594 HTTP/1.1" 200 1218
186.67.172.234 - - [15/Mar/2018:10:57:15 -0300] "GET /cormun/servlet/solicitudot?3d6ff4f628aa03eacdc92768c2c5fcb9f3d2655973daadcb5aa4c6ba4dd65d22331cf4ba105ec1b1be161a8415c2c81d,gx-no-cache=1521122184671 HTTP/1.1" 200 30
186.67.172.234 - - [15/Mar/2018:10:57:15 -0300] "POST /cormun/servlet/solicitudot?gx-no-cache=1521122184720 HTTP/1.1" 200 33
186.67.172.234 - - [15/Mar/2018:10:57:16 -0300] "POST /cormun/servlet/solicitudot?f7b173aa1ba135d470bcef1d29b081ca,UPD,2018,10504,,gx-no-cache=1521122184775 HTTP/1.1" 200 93
186.67.172.234 - - [15/Mar/2018:10:57:16 -0300] "GET /cormun/servlet/hpexe_return? HTTP/1.1" 200 1016
186.67.172.234 - - [15/Mar/2018:10:57:16 -0300] "GET /cormun/servlet/trsolicitudot HTTP/1.1" 200 9974
186.67.172.234 - - [15/Mar/2018:10:57:16 -0300] "GET /cormun/servlet/trsolicitudot HTTP/1.1" 200 9969
186.103.159.182 - - [15/Mar/2018:10:57:30 -0300] "GET /cormun/static/menuarrow.gif HTTP/1.1" 404 1015
186.67.172.234 - - [15/Mar/2018:10:57:32 -0300] "POST /cormun/servlet/trsolicitudot?f7b173aa1ba135d470bcef1d29b081ca,gx-no-cache=1521122201527 HTTP/1.1" 200 106
186.67.172.234 - - [15/Mar/2018:10:57:32 -0300] "GET /cormun/servlet/solicitudot?UPD,2018,10505, HTTP/1.1" 200 15466
186.67.172.234 - - [15/Mar/2018:10:57:32 -0300] "GET /cormun/servlet/solicitudot?UPD,2018,10505, HTTP/1.1" 200 15475
186.67.172.234 - - [15/Mar/2018:10:57:33 -0300] "POST /cormun/servlet/solicitudot?gx-no-cache=1521122202645 HTTP/1.1" 200 3424
186.67.172.234 - - [15/Mar/2018:10:57:33 -0300] "POST /cormun/servlet/solicitudot?f7b173aa1ba135d470bcef1d29b081ca,UPD,2018,10505,,gx-no-cache=1521122202958 HTTP/1.1" 200 11736
186.67.172.234 - - [15/Mar/2018:10:57:33 -0300] "GET /cormun/servlet/solicitudot?3d6ff4f628aa03eacdc92768c2c5fcb94cb65d49b6d0f95e56471f9022a80a15951a655795a9927883df242f01b87278,gx-no-cache=1521122203223 HTTP/1.1" 200 30
186.67.172.234 - - [15/Mar/2018:10:57:33 -0300] "GET /cormun/servlet/solicitudot?3d6ff4f628aa03eacdc92768c2c5fcb9445bd86f850c37a0db1e35893c94942fd603fec50e77db936253a6f1ad09ea65951a655795a9927883df242f01b87278,gx-no-cache=1521122203297 HTTP/1.1" 200 30
186.67.172.234 - - [15/Mar/2018:10:57:34 -0300] "GET /cormun/servlet/solicitudot?3d6ff4f628aa03eacdc92768c2c5fcb9093b8111468fbee2f1d7517ab6895e03f6f833c5d51ea561395363b48b356090e330e955b2dd6fb531a6e8a71c144d1f,gx-no-cache=1521122203364 HTTP/1.1" 200 53
186.67.172.234 - - [15/Mar/2018:10:57:34 -0300] "POST /cormun/servlet/solicitudot?gx-no-cache=1521122203427 HTTP/1.1" 200 256
186.67.172.234 - - [15/Mar/2018:10:57:34 -0300] "GET /cormun/servlet/solicitudot?3d6ff4f628aa03eacdc92768c2c5fcb916ee97c364735d05da12c13147fcf6d8d9878de3fe2d22acb8af914199e052abef3f6d3d2999d25346d126d6c21866fc35a27c040a9d4eb5bb7e8b68528a296a6003d2f2e5fc26db09f4a2bc4e1262c6a230a83a2da458032e2f2fdf8d3415ac7218b8d7c39516a00f44de76cda00ea184062c59907a16a11f0c9379604d01e7c9a456ce9e128859f91bebbf52ad611a96b1dad60c7098c3baac1cba5533d17298f0c425fd1344b3c2d90c69ce45142257f715ea5c0697477b0fda03899afef89e41a59b83dab934e83fe8e06ef1b9a3496f131e41f6c35bda0dcef546234ddee5d015b2f8ba73e83dbfe164f7d4e3bbb066f8b15e5659c6b36e4a17f1cc2a5a59de2431af09304de14387dd9d45fb5b59de9ad1c115d414e218d78f956bc50a93f2bf291cee652aa7565cdbff55d543534cea214534ee6745d96d26867d3bd5dd4ecf62ce115654ca8e79a8b7d8308f544c7fbcc37cebbabdab1934ed037e8637298ffff6f381e649565b124ec5ad68,gx-no-cache=1521122203510 HTTP/1.1" 200 30
186.67.172.234 - - [15/Mar/2018:10:57:34 -0300] "POST /cormun/servlet/solicitudot?gx-no-cache=1521122203568 HTTP/1.1" 200 30
186.67.172.234 - - [15/Mar/2018:10:57:34 -0300] "POST /cormun/servlet/solicitudot?gx-no-cache=1521122203643 HTTP/1.1" 200 1336
186.67.172.234 - - [15/Mar/2018:10:57:34 -0300] "POST /cormun/servlet/solicitudot?gx-no-cache=1521122203723 HTTP/1.1" 200 41
186.67.172.234 - - [15/Mar/2018:10:57:37 -0300] "POST /cormun/servlet/solicitudot?gx-no-cache=1521122206815 HTTP/1.1" 200 30
186.67.172.234 - - [15/Mar/2018:10:57:42 -0300] "POST /cormun/servlet/solicitudot?gx-no-cache=1521122211772 HTTP/1.1" 200 1336
186.67.172.234 - - [15/Mar/2018:10:57:42 -0300] "POST /cormun/servlet/solicitudot?gx-no-cache=1521122212174 HTTP/1.1" 200 41
186.67.172.234 - - [15/Mar/2018:10:57:42 -0300] "GET /cormun/servlet/solicitudot?3d6ff4f628aa03eacdc92768c2c5fcb907e7412c1061db0293a040b71bd208df9b51ff454d9e6cba30308fa7b9eb3cebff35a39b54d12f5c7430f68b434cc4db3d38cef0e52fd49c27eedabb342b1f27d9f6e5119241b06085302c4ac7093b468633bd6f105af9331dc5da8560646496a81df90d5b1cfa2c96415981dc2c5537ea4406263d98d4a4db4d7f7a451dd2e658b45738c32620cd926bc400cdf7fd3bcd9326c29577e254d43c15f9ba330fb1d2d32d39f2860b32a8c262fc2653d730ee4684d60e8d175ca649e6b6a7d0c70b,gx-no-cache=1521122212283 HTTP/1.1" 200 29
186.67.172.234 - - [15/Mar/2018:10:57:43 -0300] "POST /cormun/servlet/solicitudot?gx-no-cache=1521122212339 HTTP/1.1" 200 1319
186.67.172.234 - - [15/Mar/2018:10:57:43 -0300] "POST /cormun/servlet/solicitudot?gx-no-cache=1521122212425 HTTP/1.1" 200 1218
186.67.172.234 - - [15/Mar/2018:10:57:43 -0300] "GET /cormun/servlet/solicitudot?3d6ff4f628aa03eacdc92768c2c5fcb9f3d2655973daadcb5aa4c6ba4dd65d22331cf4ba105ec1b1be161a8415c2c81d,gx-no-cache=1521122212505 HTTP/1.1" 200 30
186.67.172.234 - - [15/Mar/2018:10:57:43 -0300] "POST /cormun/servlet/solicitudot?gx-no-cache=1521122212569 HTTP/1.1" 200 33
186.67.172.234 - - [15/Mar/2018:10:57:43 -0300] "POST /cormun/servlet/solicitudot?f7b173aa1ba135d470bcef1d29b081ca,UPD,2018,10505,,gx-no-cache=1521122212629 HTTP/1.1" 200 93
186.67.172.234 - - [15/Mar/2018:10:57:43 -0300] "GET /cormun/servlet/hpexe_return? HTTP/1.1" 200 1016
186.67.172.234 - - [15/Mar/2018:10:57:44 -0300] "GET /cormun/servlet/trsolicitudot HTTP/1.1" 200 9973
186.67.172.234 - - [15/Mar/2018:10:57:44 -0300] "GET /cormun/servlet/trsolicitudot HTTP/1.1" 200 9970
186.103.159.182 - - [15/Mar/2018:10:57:45 -0300] "POST /cormun/servlet/trsolicitudot?357cb6a649b53036eebf86b78350a5dd,gx-no-cache=1521122155676 HTTP/1.1" 200 4206
186.103.159.182 - - [15/Mar/2018:10:58:14 -0300] "POST /cormun/servlet/trsolicitudot?357cb6a649b53036eebf86b78350a5dd,gx-no-cache=1521122184477 HTTP/1.1" 200 4207
186.103.159.182 - - [15/Mar/2018:10:58:21 -0300] "POST /cormun/servlet/trsolicitudot?357cb6a649b53036eebf86b78350a5dd,gx-no-cache=1521122191723 HTTP/1.1" 200 4208
186.103.159.182 - - [15/Mar/2018:10:58:26 -0300] "POST /cormun/servlet/trsolicitudot?357cb6a649b53036eebf86b78350a5dd,gx-no-cache=1521122197088 HTTP/1.1" 200 4209
186.103.159.182 - - [15/Mar/2018:10:58:37 -0300] "POST /cormun/servlet/trsolicitudot?357cb6a649b53036eebf86b78350a5dd,gx-no-cache=1521122208129 HTTP/1.1" 200 4207
186.103.159.182 - - [15/Mar/2018:10:58:52 -0300] "POST /cormun/servlet/trsolicitudot?357cb6a649b53036eebf86b78350a5dd,gx-no-cache=1521122222712 HTTP/1.1" 200 4207
186.103.159.182 - - [15/Mar/2018:10:58:55 -0300] "POST /cormun/servlet/trsolicitudot?357cb6a649b53036eebf86b78350a5dd,gx-no-cache=1521122226308 HTTP/1.1" 200 4207
186.103.159.182 - - [15/Mar/2018:10:59:03 -0300] "POST /cormun/servlet/trsolicitudot?357cb6a649b53036eebf86b78350a5dd,gx-no-cache=1521122233891 HTTP/1.1" 200 4210
186.103.159.182 - - [15/Mar/2018:10:59:10 -0300] "POST /cormun/servlet/trsolicitudot?357cb6a649b53036eebf86b78350a5dd,gx-no-cache=1521122240456 HTTP/1.1" 200 4209
186.103.159.182 - - [15/Mar/2018:10:59:14 -0300] "POST /cormun/servlet/trsolicitudot?357cb6a649b53036eebf86b78350a5dd,gx-no-cache=1521122245079 HTTP/1.1" 200 5639
192.168.10.89 - - [15/Mar/2018:11:00:41 -0300] "POST /cormun/servlet/trsolicitudgral?01d960bcb7880ca3c8f609ec204300ea,,gx-no-cache=1521122277214 HTTP/1.1" 440 972
192.168.10.89 - - [15/Mar/2018:11:00:42 -0300] "GET /cormun/servlet/trsolicitudgral? HTTP/1.1" 500 10
192.168.10.89 - - [15/Mar/2018:11:00:51 -0300] "GET /cormun/servlet/hlogin HTTP/1.1" 200 1717
192.168.10.89 - - [15/Mar/2018:11:00:59 -0300] "POST /cormun/servlet/hlogin?5941d8ee4a325aebcf247864344633d2,gx-no-cache=1521122295005 HTTP/1.1" 200 90
192.168.10.89 - - [15/Mar/2018:11:00:59 -0300] "GET /cormun/servlet/hpexe_link HTTP/1.1" 200 950
192.168.10.89 - - [15/Mar/2018:11:00:59 -0300] "GET /cormun/servlet/hhome HTTP/1.1" 200 4918
192.168.10.89 - - [15/Mar/2018:11:01:01 -0300] "GET /cormun/servlet/trsolicitudgral? HTTP/1.1" 200 29409
186.67.172.234 - - [15/Mar/2018:11:01:15 -0300] "GET /cormun/servlet/hlogin HTTP/1.1" 200 1725
186.67.172.234 - - [15/Mar/2018:11:01:15 -0300] "GET /cormun/static/gxtimezone.js?85251 HTTP/1.1" 304 -
186.67.172.234 - - [15/Mar/2018:11:01:15 -0300] "GET /cormun/static/gxcfg.js?20175251213516 HTTP/1.1" 304 -
186.67.172.234 - - [15/Mar/2018:11:01:15 -0300] "GET /cormun/static/messages.spa.js?85251 HTTP/1.1" 304 -
186.67.172.234 - - [15/Mar/2018:11:01:15 -0300] "GET /cormun/servlet/hlogin HTTP/1.1" 200 1734
192.168.10.89 - - [15/Mar/2018:11:01:20 -0300] "POST /cormun/servlet/trsolicitudgral?5941d8ee4a325aebcf247864344633d2,,gx-no-cache=1521122316098 HTTP/1.1" 200 5923
186.67.172.234 - - [15/Mar/2018:11:01:25 -0300] "POST /cormun/servlet/hlogin?670558c561e7c870edb250ea5b5ef0f9,gx-no-cache=1521122434048 HTTP/1.1" 200 90
186.67.172.234 - - [15/Mar/2018:11:01:25 -0300] "GET /cormun/servlet/hpexe_link HTTP/1.1" 200 953
186.67.172.234 - - [15/Mar/2018:11:01:26 -0300] "GET /cormun/static/gxcfg.js?20177612121792 HTTP/1.1" 304 -
186.67.172.234 - - [15/Mar/2018:11:01:26 -0300] "GET /cormun/servlet/hhome HTTP/1.1" 200 4229
186.67.172.234 - - [15/Mar/2018:11:01:26 -0300] "GET /cormun/static/gxcfg.js?20175251212442 HTTP/1.1" 304 -
186.67.172.234 - - [15/Mar/2018:11:01:26 -0300] "GET /cormun/servlet/hhome HTTP/1.1" 200 4227
186.67.172.234 - - [15/Mar/2018:11:01:30 -0300] "GET /cormun/servlet/trautorizarsolicitud? HTTP/1.1" 200 7339
186.67.172.234 - - [15/Mar/2018:11:01:30 -0300] "GET /cormun/static/gxcfg.js?2017111423403364 HTTP/1.1" 304 -
186.67.172.234 - - [15/Mar/2018:11:01:30 -0300] "GET /cormun/static/calendar.js?85251 HTTP/1.1" 304 -
186.67.172.234 - - [15/Mar/2018:11:01:30 -0300] "GET /cormun/static/calendar-setup.js?85251 HTTP/1.1" 304 -
186.67.172.234 - - [15/Mar/2018:11:01:30 -0300] "GET /cormun/static/calendar-es.js?85251 HTTP/1.1" 304 -
186.67.172.234 - - [15/Mar/2018:11:01:30 -0300] "GET /cormun/static/gxdec.js?85251 HTTP/1.1" 304 -
186.67.172.234 - - [15/Mar/2018:11:01:30 -0300] "GET /cormun/servlet/trautorizarsolicitud? HTTP/1.1" 200 7338
186.67.172.234 - - [15/Mar/2018:11:01:36 -0300] "GET /cormun/servlet/trsolicitudot? HTTP/1.1" 200 9969
186.67.172.234 - - [15/Mar/2018:11:01:36 -0300] "GET /cormun/static/gxcfg.js?2017111422585916 HTTP/1.1" 304 -
186.67.172.234 - - [15/Mar/2018:11:01:36 -0300] "GET /cormun/static/trsolicitudot.js?201711142259839 HTTP/1.1" 304 -
186.67.172.234 - - [15/Mar/2018:11:01:36 -0300] "GET /cormun/servlet/trsolicitudot? HTTP/1.1" 200 9968
192.168.4.251 - - [15/Mar/2018:11:02:52 -0300] "GET /cormun/servlet/trsolicitudgral? HTTP/1.1" 200 12601
192.168.4.251 - - [15/Mar/2018:11:02:53 -0300] "GET /cormun/servlet/trsolicitudgral? HTTP/1.1" 200 12612
192.168.4.251 - - [15/Mar/2018:11:02:59 -0300] "POST /cormun/servlet/trsolicitudgral?3944b1bd831da4f1291edffe3258d184,,gx-no-cache=1521122415221 HTTP/1.1" 200 8519
186.67.172.234 - - [15/Mar/2018:11:03:07 -0300] "POST /cormun/servlet/trsolicitudot?670558c561e7c870edb250ea5b5ef0f9,,gx-no-cache=1521122535898 HTTP/1.1" 200 6727
186.67.172.234 - - [15/Mar/2018:11:03:07 -0300] "GET /cormun/static/Shared/jqueryui/images/ui-bg_highlight-soft_100_c6c2c8_1x100.png HTTP/1.1" 404 1117
186.67.172.234 - - [15/Mar/2018:11:03:07 -0300] "GET /cormun/static/Shared/jqueryui/images/ui-icons_82798d_256x240.png HTTP/1.1" 404 1089
186.67.172.234 - - [15/Mar/2018:11:03:08 -0300] "GET /cormun/static/Shared/jqueryui/images/ui-bg_flat_55_fafafa_40x100.png HTTP/1.1" 404 1097
186.67.172.234 - - [15/Mar/2018:11:03:08 -0300] "GET /cormun/static/Shared/jqueryui/images/ui-icons_8d78a5_256x240.png HTTP/1.1" 404 1089
192.168.4.251 - - [15/Mar/2018:11:03:08 -0300] "POST /cormun/servlet/trsolicitudgral?3944b1bd831da4f1291edffe3258d184,,gx-no-cache=1521122423715 HTTP/1.1" 200 8962
186.67.172.234 - - [15/Mar/2018:11:03:08 -0300] "POST /cormun/servlet/trsolicitudot?670558c561e7c870edb250ea5b5ef0f9,,gx-no-cache=1521122536224 HTTP/1.1" 200 6669
186.67.172.234 - - [15/Mar/2018:11:03:09 -0300] "POST /cormun/servlet/trsolicitudot?670558c561e7c870edb250ea5b5ef0f9,,gx-no-cache=1521122537480 HTTP/1.1" 200 6330
186.67.172.234 - - [15/Mar/2018:11:03:10 -0300] "POST /cormun/servlet/trsolicitudot?670558c561e7c870edb250ea5b5ef0f9,,gx-no-cache=1521122538159 HTTP/1.1" 200 6271
186.67.172.234 - - [15/Mar/2018:11:03:11 -0300] "POST /cormun/servlet/trsolicitudot?670558c561e7c870edb250ea5b5ef0f9,,gx-no-cache=1521122538817 HTTP/1.1" 200 5896
186.67.172.234 - - [15/Mar/2018:11:03:11 -0300] "POST /cormun/servlet/trsolicitudot?670558c561e7c870edb250ea5b5ef0f9,,gx-no-cache=1521122539463 HTTP/1.1" 200 5839
186.67.172.234 - - [15/Mar/2018:11:03:12 -0300] "POST /cormun/servlet/trsolicitudot?670558c561e7c870edb250ea5b5ef0f9,,gx-no-cache=1521122540718 HTTP/1.1" 200 4684
186.67.172.234 - - [15/Mar/2018:11:03:12 -0300] "POST /cormun/servlet/trsolicitudot?670558c561e7c870edb250ea5b5ef0f9,,gx-no-cache=1521122540915 HTTP/1.1" 200 4456
186.67.164.142 - - [15/Mar/2018:11:03:12 -0300] "GET /cormun/servlet/trsolicitudot? HTTP/1.1" 200 7012
186.67.164.142 - - [15/Mar/2018:11:03:13 -0300] "GET /cormun/servlet/trsolicitudot? HTTP/1.1" 200 7008
192.168.10.96 - - [15/Mar/2018:11:03:15 -0300] "GET /cormun/servlet/vesolicitudgral?2018,10309,,SolicitudOTAdjuntos HTTP/1.1" 200 9910
186.67.164.142 - - [15/Mar/2018:11:03:16 -0300] "GET /cormun/servlet/solicitudot?INS,0,0, HTTP/1.1" 200 13414
192.168.10.96 - - [15/Mar/2018:11:03:16 -0300] "GET /cormun/servlet/hlogin HTTP/1.1" 200 1753
186.67.164.142 - - [15/Mar/2018:11:03:16 -0300] "GET /cormun/servlet/solicitudot?INS,0,0, HTTP/1.1" 200 13418
192.168.10.96 - - [15/Mar/2018:11:03:16 -0300] "GET /cormun/servlet/vesolicitudgral?2018,10309,,SolicitudOTAdjuntos HTTP/1.1" 200 9911
186.67.172.234 - - [15/Mar/2018:11:03:17 -0300] "GET /cormun/servlet/trautorizarsolicitud? HTTP/1.1" 200 9858
186.67.172.234 - - [15/Mar/2018:11:03:17 -0300] "GET /cormun/servlet/trautorizarsolicitud? HTTP/1.1" 200 9857
186.67.172.234 - - [15/Mar/2018:11:03:20 -0300] "POST /cormun/servlet/trautorizarsolicitud?670558c561e7c870edb250ea5b5ef0f9,,gx-no-cache=1521122548133 HTTP/1.1" 200 6646
186.67.172.234 - - [15/Mar/2018:11:03:20 -0300] "GET /cormun/static/Shared/jqueryui/images/ui-bg_highlight-soft_100_c6c2c8_1x100.png HTTP/1.1" 404 1117
186.67.172.234 - - [15/Mar/2018:11:03:20 -0300] "GET /cormun/static/Shared/jqueryui/images/ui-icons_82798d_256x240.png HTTP/1.1" 404 1089
186.67.172.234 - - [15/Mar/2018:11:03:20 -0300] "GET /cormun/static/Shared/jqueryui/images/ui-icons_8d78a5_256x240.png HTTP/1.1" 404 1089
186.67.172.234 - - [15/Mar/2018:11:03:20 -0300] "GET /cormun/static/Shared/jqueryui/images/ui-bg_flat_55_fafafa_40x100.png HTTP/1.1" 404 1097
186.67.172.234 - - [15/Mar/2018:11:03:20 -0300] "POST /cormun/servlet/trautorizarsolicitud?670558c561e7c870edb250ea5b5ef0f9,,gx-no-cache=1521122548349 HTTP/1.1" 200 6592
186.67.172.234 - - [15/Mar/2018:11:03:23 -0300] "POST /cormun/servlet/trautorizarsolicitud?670558c561e7c870edb250ea5b5ef0f9,,gx-no-cache=1521122550727 HTTP/1.1" 200 6249
186.67.172.234 - - [15/Mar/2018:11:03:23 -0300] "POST /cormun/servlet/trautorizarsolicitud?670558c561e7c870edb250ea5b5ef0f9,,gx-no-cache=1521122551455 HTTP/1.1" 200 6192
186.67.172.234 - - [15/Mar/2018:11:03:24 -0300] "POST /cormun/servlet/trautorizarsolicitud?670558c561e7c870edb250ea5b5ef0f9,,gx-no-cache=1521122552441 HTTP/1.1" 200 5812
186.67.172.234 - - [15/Mar/2018:11:03:24 -0300] "POST /cormun/servlet/trautorizarsolicitud?670558c561e7c870edb250ea5b5ef0f9,,gx-no-cache=1521122552654 HTTP/1.1" 200 5758
186.67.172.234 - - [15/Mar/2018:11:03:25 -0300] "POST /cormun/servlet/trautorizarsolicitud?670558c561e7c870edb250ea5b5ef0f9,,gx-no-cache=1521122553287 HTTP/1.1" 200 4612
186.67.172.234 - - [15/Mar/2018:11:03:25 -0300] "POST /cormun/servlet/trautorizarsolicitud?670558c561e7c870edb250ea5b5ef0f9,,gx-no-cache=1521122553431 HTTP/1.1" 200 4383
186.67.164.142 - - [15/Mar/2018:11:03:25 -0300] "POST /cormun/servlet/solicitudot?gx-no-cache=1521122555954 HTTP/1.1" 200 3510
186.67.164.142 - - [15/Mar/2018:11:03:25 -0300] "GET /cormun/static/Shared/jqueryui/images/ui-bg_highlight-soft_100_c6c2c8_1x100.png HTTP/1.1" 404 1117
186.67.164.142 - - [15/Mar/2018:11:03:25 -0300] "GET /cormun/static/Shared/jqueryui/images/ui-icons_82798d_256x240.png HTTP/1.1" 404 1089
186.67.164.142 - - [15/Mar/2018:11:03:25 -0300] "GET /cormun/static/Shared/jqueryui/images/ui-icons_ebccce_256x240.png HTTP/1.1" 404 1089
186.67.164.142 - - [15/Mar/2018:11:03:25 -0300] "GET /cormun/static/Shared/jqueryui/images/ui-bg_flat_55_994d53_40x100.png HTTP/1.1" 404 1097
192.168.10.96 - - [15/Mar/2018:11:03:26 -0300] "POST /cormun/servlet/hlogin?a034adc1b9380a7c757df025ccefa5a9,gx-no-cache=1521122442090 HTTP/1.1" 200 90
192.168.10.96 - - [15/Mar/2018:11:03:26 -0300] "GET /cormun/servlet/hpexe_link HTTP/1.1" 200 976
192.168.10.96 - - [15/Mar/2018:11:03:26 -0300] "GET /cormun/servlet/vesolicitudgral?2018,10309,,SolicitudOTAdjuntos HTTP/1.1" 200 11205
192.168.10.96 - - [15/Mar/2018:11:03:26 -0300] "GET /cormun/pexe_scrolldiv.js HTTP/1.1" 404 1009
192.168.10.96 - - [15/Mar/2018:11:03:26 -0300] "GET /cormun/pexe_scrolldiv.js HTTP/1.1" 404 1009
192.168.10.96 - - [15/Mar/2018:11:03:27 -0300] "GET /cormun/servlet/vesolicitudgral?2018,10309,,SolicitudOTAdjuntos HTTP/1.1" 200 11215
192.168.10.96 - - [15/Mar/2018:11:03:28 -0300] "POST /cormun/servlet/acontrolpreferencessavestate?None,DZAMUDIO,true HTTP/1.1" 200 35
186.67.164.142 - - [15/Mar/2018:11:03:31 -0300] "GET /cormun/servlet/trlicencias? HTTP/1.1" 200 11023
186.67.164.142 - - [15/Mar/2018:11:03:31 -0300] "GET /cormun/servlet/trlicencias? HTTP/1.1" 200 11017
192.168.4.251 - - [15/Mar/2018:11:03:33 -0300] "GET /cormun/servlet/vesolicitudgral?2018,10089,, HTTP/1.1" 200 9084
192.168.4.251 - - [15/Mar/2018:11:03:33 -0300] "GET /cormun/pexe_scrolldiv.js HTTP/1.1" 404 1009
192.168.4.251 - - [15/Mar/2018:11:03:33 -0300] "GET /cormun/pexe_scrolldiv.js HTTP/1.1" 404 1009
192.168.4.251 - - [15/Mar/2018:11:03:33 -0300] "GET /cormun/servlet/vesolicitudgral?2018,10089,, HTTP/1.1" 200 9079
192.168.10.96 - - [15/Mar/2018:11:03:50 -0300] "GET /cormun/servlet/trsolicitudgral? HTTP/1.1" 200 29120
192.168.10.96 - - [15/Mar/2018:11:03:52 -0300] "GET /cormun/servlet/trsolicitudgral? HTTP/1.1" 200 29108
192.168.4.251 - - [15/Mar/2018:11:03:56 -0300] "POST /cormun/servlet/vesolicitudgral?3944b1bd831da4f1291edffe3258d184,2018,10089,,,gx-no-cache=1521122472218 HTTP/1.1" 200 93
192.168.4.251 - - [15/Mar/2018:11:03:56 -0300] "GET /cormun/servlet/hpexe_return? HTTP/1.1" 200 1012
192.168.4.251 - - [15/Mar/2018:11:03:56 -0300] "GET /cormun/servlet/trsolicitudgral? HTTP/1.1" 200 11947
192.168.4.251 - - [15/Mar/2018:11:03:57 -0300] "GET /cormun/servlet/trsolicitudgral? HTTP/1.1" 200 11941
186.67.164.142 - - [15/Mar/2018:11:04:03 -0300] "GET /cormun/servlet/licenciaspermisos?INS,0,,, HTTP/1.1" 200 7499
186.67.164.142 - - [15/Mar/2018:11:04:04 -0300] "GET /cormun/servlet/licenciaspermisos?INS,0,,, HTTP/1.1" 200 7498
192.168.10.96 - - [15/Mar/2018:11:04:11 -0300] "POST /cormun/servlet/trsolicitudgral?a034adc1b9380a7c757df025ccefa5a9,,gx-no-cache=1521122486542 HTTP/1.1" 200 13572
186.67.164.142 - - [15/Mar/2018:11:04:16 -0300] "GET /cormun/servlet/licenciaspermisos?956098ac5043a1a84423f02c8b5b12bf8c890c6f1459450d855afbbbfc30dd1e30ab580f9e993f2608105974134dbdaa,gx-no-cache=1521122606675 HTTP/1.1" 200 88
186.67.164.142 - - [15/Mar/2018:11:04:16 -0300] "POST /cormun/servlet/licenciaspermisos?2a8e6e57673fb7a94e92a3e58095b426,INS,0,,,,gx-no-cache=1521122606752 HTTP/1.1" 200 4695
186.67.164.142 - - [15/Mar/2018:11:04:35 -0300] "GET /cormun/static/menuarrow.gif HTTP/1.1" 404 1015
186.67.164.142 - - [15/Mar/2018:11:05:34 -0300] "GET /cormun/servlet/licenciaspermisos?956098ac5043a1a84423f02c8b5b12bf161ddb20b23977484c446911cd85037b9fe775b49a564a6e29a8bdf1ee006f05f3bdd18acf24adf6cf7663195870af27e34f7c08f9f5caada894153ef9f620448adb90c67d518918ab2a293542417d6a0ee9f9ed5b92c3276a510d1a22f723476ebcaa8f975081726af32043df9de2d797b201f2c99d8b5796d0f645075756d7b9046d3b70203a4e42f3831dc4f163f5bbf2442e228f3cc0217087913110aaaa,gx-no-cache=1521122684514 HTTP/1.1" 200 30
186.67.164.142 - - [15/Mar/2018:11:05:34 -0300] "POST /cormun/servlet/licenciaspermisos?2a8e6e57673fb7a94e92a3e58095b426,INS,0,,,,gx-no-cache=1521122684640 HTTP/1.1" 200 4795
186.67.164.142 - - [15/Mar/2018:11:05:42 -0300] "GET /cormun/servlet/licenciaspermisos?956098ac5043a1a84423f02c8b5b12bf60bd5d967d720b604eb123e81eaad19b0a8998df6fd7312fc52bc56e139957767d9f07ba33cf30f80c6df3272848b110954830fd947a44fdfae5cca352a62b2bdcaf8a6180b993995c0903093dc28891b95ad062565868eeaf5312405f59f41d867e6b5afe00cb815115081fd0500b02c11a40255efa1a772a85207887683bcc29d766cd03bf694a0bfec96ae1c882f7a60e2566649933404de10cc9ad2b03ba782e514534c4814d4e7a0be8525dc742cc3036d77e752e04d1172318e9a007730c992ea4cbca7c0f1ce67208f4fd105c,gx-no-cache=1521122692846 HTTP/1.1" 200 108
186.67.164.142 - - [15/Mar/2018:11:05:42 -0300] "GET /cormun/static/Shared/jqueryui/images/ui-bg_highlight-soft_100_c6c2c8_1x100.png HTTP/1.1" 404 1117
186.67.164.142 - - [15/Mar/2018:11:05:42 -0300] "GET /cormun/static/Shared/jqueryui/images/ui-bg_flat_55_994d53_40x100.png HTTP/1.1" 404 1097
186.67.164.142 - - [15/Mar/2018:11:05:42 -0300] "GET /cormun/static/Shared/jqueryui/images/ui-icons_ebccce_256x240.png HTTP/1.1" 404 1089
186.67.164.142 - - [15/Mar/2018:11:05:42 -0300] "POST /cormun/servlet/licenciaspermisos?2a8e6e57673fb7a94e92a3e58095b426,INS,0,,,,gx-no-cache=1521122692921 HTTP/1.1" 200 4894
186.67.164.142 - - [15/Mar/2018:11:05:42 -0300] "GET /cormun/static/Shared/jqueryui/images/ui-icons_82798d_256x240.png HTTP/1.1" 404 1089
192.168.10.89 - - [15/Mar/2018:11:05:55 -0300] "GET /cormun/servlet/trfuncionariobloqueados? HTTP/1.1" 200 10613
192.168.10.89 - - [15/Mar/2018:11:05:55 -0300] "GET /cormun/static/gxcfg.js?201812320593311 HTTP/1.1" 304 -
186.67.164.142 - - [15/Mar/2018:11:05:59 -0300] "GET /cormun/servlet/licenciaspermisos?956098ac5043a1a84423f02c8b5b12bf161ddb20b23977484c446911cd85037b9bdb5fcf0e8c01c135228f3a62ccdc10f3bdd18acf24adf6cf7663195870af27e34f7c08f9f5caada894153ef9f620448adb90c67d518918ab2a293542417d6a9f330c3d2d092778930cbecaffa1cdf26ebcaa8f975081726af32043df9de2d7d5df47fb5da913523a0497a3beeb6e16a77173f9abb6a64293f70378c5e4fefae7f0fa45b0711d828f1db3220c70babc13025e161a9c765e5cf9297bf25cd779ad29e9dd143bd8fdcc0bb0fe953f8e24f9752713502c69e8aed8143f42d85ee7,gx-no-cache=1521122710189 HTTP/1.1" 200 30
186.67.164.142 - - [15/Mar/2018:11:05:59 -0300] "POST /cormun/servlet/licenciaspermisos?2a8e6e57673fb7a94e92a3e58095b426,INS,0,,,,gx-no-cache=1521122710261 HTTP/1.1" 200 4794
192.168.10.89 - - [15/Mar/2018:11:06:00 -0300] "GET /cormun/servlet/funcionariobloqueados?DLT,15125334, HTTP/1.1" 200 6250
192.168.10.89 - - [15/Mar/2018:11:06:00 -0300] "GET /cormun/static/gxcfg.js?2018123205875 HTTP/1.1" 304 -
192.168.10.89 - - [15/Mar/2018:11:06:01 -0300] "GET /cormun/static/Shared/jqueryui/images/ui-bg_flat_55_fafafa_40x100.png HTTP/1.1" 404 1097
192.168.10.89 - - [15/Mar/2018:11:06:01 -0300] "GET /cormun/static/Shared/jqueryui/images/ui-bg_highlight-soft_100_c6c2c8_1x100.png HTTP/1.1" 404 1117
192.168.10.89 - - [15/Mar/2018:11:06:01 -0300] "GET /cormun/static/Shared/jqueryui/images/ui-icons_8d78a5_256x240.png HTTP/1.1" 404 1089
192.168.10.89 - - [15/Mar/2018:11:06:01 -0300] "GET /cormun/static/Shared/jqueryui/images/ui-icons_82798d_256x240.png HTTP/1.1" 404 1089
192.168.10.89 - - [15/Mar/2018:11:06:03 -0300] "POST /cormun/servlet/funcionariobloqueados?5941d8ee4a325aebcf247864344633d2,DLT,15125334,,gx-no-cache=1521122599481 HTTP/1.1" 200 93
192.168.10.89 - - [15/Mar/2018:11:06:03 -0300] "GET /cormun/servlet/hpexe_return? HTTP/1.1" 200 1018
192.168.10.89 - - [15/Mar/2018:11:06:04 -0300] "GET /cormun/servlet/trfuncionariobloqueados HTTP/1.1" 200 10625
186.67.164.142 - - [15/Mar/2018:11:06:04 -0300] "GET /cormun/servlet/licenciaspermisos?956098ac5043a1a84423f02c8b5b12bf161ddb20b23977484c446911cd85037b9fe775b49a564a6e29a8bdf1ee006f05f3bdd18acf24adf6cf7663195870af27e34f7c08f9f5caada894153ef9f620448adb90c67d518918ab2a293542417d6a9f330c3d2d092778930cbecaffa1cdf26ebcaa8f975081726af32043df9de2d7d5df47fb5da913523a0497a3beeb6e16a77173f9abb6a64293f70378c5e4fefae7f0fa45b0711d828f1db3220c70babc13025e161a9c765e5cf9297bf25cd779ad29e9dd143bd8fdcc0bb0fe953f8e24f9752713502c69e8aed8143f42d85ee7,gx-no-cache=1521122715440 HTTP/1.1" 200 30
186.67.164.142 - - [15/Mar/2018:11:06:05 -0300] "POST /cormun/servlet/licenciaspermisos?2a8e6e57673fb7a94e92a3e58095b426,INS,0,,,,gx-no-cache=1521122715515 HTTP/1.1" 200 4795
186.67.164.142 - - [15/Mar/2018:11:06:12 -0300] "GET /cormun/servlet/licenciaspermisos?956098ac5043a1a84423f02c8b5b12bfd42052ebef6df90dbdbfb0c1b77be072f5e12ff75a771ced600960c44804d69c33c174571fce8d335d3e14b1df264884c6ed0e9af9ae870ec8b58a25ff990be0089355de2c242ff40c0c2bf9562f892b6faf5a20659e846aaff116696f8f889a33c174571fce8d335d3e14b1df2648848bb5fb83847e22c8e3f760f3971b42f82a9ffed130779785a362539821acd5e2ff04c6158161282ebce7da8b48212307fab4a53289e671bbc474b838cb6ea85b2d9a6b35070ada5f4f0554789442b7ed,gx-no-cache=1521122722763 HTTP/1.1" 200 94
186.67.164.142 - - [15/Mar/2018:11:06:12 -0300] "POST /cormun/servlet/licenciaspermisos?2a8e6e57673fb7a94e92a3e58095b426,INS,0,,,,gx-no-cache=1521122722862 HTTP/1.1" 200 4781
186.67.164.142 - - [15/Mar/2018:11:06:21 -0300] "POST /cormun/servlet/licenciaspermisos?2a8e6e57673fb7a94e92a3e58095b426,INS,0,,,,gx-no-cache=1521122731457 HTTP/1.1" 200 4909
186.103.159.182 - - [15/Mar/2018:11:06:47 -0300] "GET /cormun/servlet/trsolicitudot? HTTP/1.1" 200 8731
186.103.159.182 - - [15/Mar/2018:11:06:48 -0300] "GET /cormun/servlet/trsolicitudot? HTTP/1.1" 200 8731
186.67.164.142 - - [15/Mar/2018:11:06:51 -0300] "POST /cormun/servlet/licenciaspermisos?2a8e6e57673fb7a94e92a3e58095b426,INS,0,,,,gx-no-cache=1521122761605 HTTP/1.1" 200 4909
186.103.159.182 - - [15/Mar/2018:11:06:53 -0300] "GET /cormun/servlet/solicitudot?INS,0,0, HTTP/1.1" 200 13693
186.103.159.182 - - [15/Mar/2018:11:06:54 -0300] "GET /cormun/servlet/solicitudot?INS,0,0, HTTP/1.1" 200 13698
186.103.159.182 - - [15/Mar/2018:11:06:57 -0300] "GET /cormun/servlet/prbanco?,MD,,gxPopupLevel%3D0%3B HTTP/1.1" 200 6710
186.103.159.182 - - [15/Mar/2018:11:06:57 -0300] "GET /cormun/static/gxcfg.js?20181161016094 HTTP/1.1" 200 953
186.103.159.182 - - [15/Mar/2018:11:06:57 -0300] "GET /cormun/static/prbanco.js?2018116101633 HTTP/1.1" 200 10693
186.103.159.182 - - [15/Mar/2018:11:06:59 -0300] "POST /cormun/servlet/acontrolpreferencessavestate?None,SGONGORA,true HTTP/1.1" 200 35
186.103.159.182 - - [15/Mar/2018:11:07:10 -0300] "POST /cormun/servlet/solicitudot?gx-no-cache=1521122721321 HTTP/1.1" 200 3341
186.103.159.182 - - [15/Mar/2018:11:07:11 -0300] "GET /cormun/static/Shared/jqueryui/images/ui-bg_highlight-soft_100_c6c2c8_1x100.png HTTP/1.1" 404 1117
186.103.159.182 - - [15/Mar/2018:11:07:11 -0300] "GET /cormun/static/Shared/jqueryui/images/ui-bg_flat_55_994d53_40x100.png HTTP/1.1" 404 1097
186.103.159.182 - - [15/Mar/2018:11:07:11 -0300] "GET /cormun/static/Shared/jqueryui/images/ui-icons_ebccce_256x240.png HTTP/1.1" 404 1089
186.103.159.182 - - [15/Mar/2018:11:07:11 -0300] "GET /cormun/servlet/solicitudot?18f98a15da923616366d31b2f94facbe5337e73bf462d6ff130687006ffdbec4,gx-no-cache=1521122721598 HTTP/1.1" 200 111
186.103.159.182 - - [15/Mar/2018:11:07:11 -0300] "GET /cormun/servlet/solicitudot?18f98a15da923616366d31b2f94facbeeee3d75b4b395181fc3894fabc2ae85f,gx-no-cache=1521122721782 HTTP/1.1" 200 94
186.103.159.182 - - [15/Mar/2018:11:07:11 -0300] "GET /cormun/static/Shared/jqueryui/images/ui-icons_82798d_256x240.png HTTP/1.1" 404 1089
192.168.10.96 - - [15/Mar/2018:11:07:22 -0300] "GET /cormun/servlet/vesolicitudgral?2018,10311,, HTTP/1.1" 200 9167
192.168.10.96 - - [15/Mar/2018:11:07:22 -0300] "GET /cormun/pexe_scrolldiv.js HTTP/1.1" 404 1009
192.168.10.96 - - [15/Mar/2018:11:07:23 -0300] "GET /cormun/pexe_scrolldiv.js HTTP/1.1" 404 1009
192.168.10.96 - - [15/Mar/2018:11:07:23 -0300] "GET /cormun/servlet/vesolicitudgral?2018,10311,, HTTP/1.1" 200 9166
192.168.10.96 - - [15/Mar/2018:11:07:27 -0300] "GET /cormun/servlet/vesolicitudgral?2018,10311,,SolicitudOTAdjuntos HTTP/1.1" 200 11201
192.168.10.96 - - [15/Mar/2018:11:07:27 -0300] "GET /cormun/pexe_scrolldiv.js HTTP/1.1" 404 1009
192.168.10.96 - - [15/Mar/2018:11:07:27 -0300] "GET /cormun/pexe_scrolldiv.js HTTP/1.1" 404 1009
192.168.10.96 - - [15/Mar/2018:11:07:28 -0300] "GET /cormun/servlet/vesolicitudgral?2018,10311,,SolicitudOTAdjuntos HTTP/1.1" 200 11203
192.168.10.96 - - [15/Mar/2018:11:07:28 -0300] "POST /cormun/servlet/acontrolpreferencessavestate?None,DZAMUDIO,true HTTP/1.1" 200 35
192.168.10.96 - - [15/Mar/2018:11:07:29 -0300] "GET /cormun/PublicTempStorage/ci9604412.pdf HTTP/1.1" 200 183336
192.168.10.96 - - [15/Mar/2018:11:07:46 -0300] "GET /cormun/servlet/vesolicitudgral?2018,10311,,SolicitudOTAdjuntos HTTP/1.1" 200 11201
192.168.10.96 - - [15/Mar/2018:11:07:47 -0300] "GET /cormun/pexe_scrolldiv.js HTTP/1.1" 404 1009
192.168.10.96 - - [15/Mar/2018:11:07:47 -0300] "GET /cormun/servlet/vesolicitudgral?2018,10311,,SolicitudOTAdjuntos HTTP/1.1" 200 11200
192.168.10.96 - - [15/Mar/2018:11:07:48 -0300] "POST /cormun/servlet/acontrolpreferencessavestate?None,DZAMUDIO,true HTTP/1.1" 200 35
192.168.10.96 - - [15/Mar/2018:11:07:48 -0300] "GET /cormun/PublicTempStorage/estudios1616810.pdf HTTP/1.1" 200 308847
186.67.164.142 - - [15/Mar/2018:11:07:49 -0300] "POST /cormun/servlet/licenciaspermisos?2a8e6e57673fb7a94e92a3e58095b426,INS,0,,,,gx-no-cache=1521122820237 HTTP/1.1" 200 93
186.67.164.142 - - [15/Mar/2018:11:07:49 -0300] "GET /cormun/servlet/hpexe_return? HTTP/1.1" 200 1011
186.67.164.142 - - [15/Mar/2018:11:07:49 -0300] "GET /cormun/static/gxcfg.js?2016101716175148 HTTP/1.1" 304 -
186.67.164.142 - - [15/Mar/2018:11:07:50 -0300] "GET /cormun/servlet/trlicencias HTTP/1.1" 200 11094
186.67.164.142 - - [15/Mar/2018:11:07:50 -0300] "GET /cormun/servlet/trlicencias HTTP/1.1" 200 11101
186.103.159.182 - - [15/Mar/2018:11:08:00 -0300] "POST /cormun/servlet/solicitudot?gx-no-cache=1521122770887 HTTP/1.1" 200 3341
192.168.10.96 - - [15/Mar/2018:11:08:00 -0300] "GET /cormun/servlet/vesolicitudgral?2018,10311,,SolicitudOTAdjuntos HTTP/1.1" 200 11200
186.103.159.182 - - [15/Mar/2018:11:08:00 -0300] "GET /cormun/servlet/solicitudot?18f98a15da923616366d31b2f94facbe5337e73bf462d6ff130687006ffdbec4,gx-no-cache=1521122771065 HTTP/1.1" 200 111
186.103.159.182 - - [15/Mar/2018:11:08:00 -0300] "GET /cormun/servlet/solicitudot?18f98a15da923616366d31b2f94facbeeee3d75b4b395181fc3894fabc2ae85f,gx-no-cache=1521122771128 HTTP/1.1" 200 94
186.103.159.182 - - [15/Mar/2018:11:08:00 -0300] "GET /cormun/servlet/solicitudot?18f98a15da923616366d31b2f94facbe61ce939f55759e453df3048914e16236,gx-no-cache=1521122771172 HTTP/1.1" 200 29
192.168.10.96 - - [15/Mar/2018:11:08:01 -0300] "GET /cormun/servlet/vesolicitudgral?2018,10311,,SolicitudOTAdjuntos HTTP/1.1" 200 11205
192.168.10.96 - - [15/Mar/2018:11:08:01 -0300] "POST /cormun/servlet/acontrolpreferencessavestate?None,DZAMUDIO,true HTTP/1.1" 200 35
192.168.10.96 - - [15/Mar/2018:11:08:02 -0300] "GET /cormun/PublicTempStorage/afp54615.pdf HTTP/1.1" 200 189000
192.168.10.96 - - [15/Mar/2018:11:08:06 -0300] "GET /cormun/servlet/vesolicitudgral?2018,10311,,SolicitudOTAdjuntos HTTP/1.1" 200 11200
192.168.10.96 - - [15/Mar/2018:11:08:06 -0300] "GET /cormun/servlet/vesolicitudgral?2018,10311,,SolicitudOTAdjuntos HTTP/1.1" 200 11203
192.168.10.96 - - [15/Mar/2018:11:08:07 -0300] "POST /cormun/servlet/acontrolpreferencessavestate?None,DZAMUDIO,true HTTP/1.1" 200 35
192.168.10.96 - - [15/Mar/2018:11:08:10 -0300] "GET /cormun/PublicTempStorage/salud8324870.pdf HTTP/1.1" 200 225282
192.168.10.96 - - [15/Mar/2018:11:08:14 -0300] "GET /cormun/servlet/vesolicitudgral?2018,10311,,SolicitudOTAdjuntos HTTP/1.1" 200 11200
192.168.10.96 - - [15/Mar/2018:11:08:15 -0300] "GET /cormun/servlet/vesolicitudgral?2018,10311,,SolicitudOTAdjuntos HTTP/1.1" 200 11202
192.168.10.96 - - [15/Mar/2018:11:08:16 -0300] "POST /cormun/servlet/acontrolpreferencessavestate?None,DZAMUDIO,true HTTP/1.1" 200 35
192.168.10.96 - - [15/Mar/2018:11:08:16 -0300] "GET /cormun/PublicTempStorage/antecedentes233997.pdf HTTP/1.1" 200 309388
186.103.159.182 - - [15/Mar/2018:11:08:17 -0300] "POST /cormun/servlet/solicitudot?gx-no-cache=1521122788379 HTTP/1.1" 200 3359
186.103.159.182 - - [15/Mar/2018:11:08:18 -0300] "POST /cormun/servlet/solicitudot?357cb6a649b53036eebf86b78350a5dd,INS,0,0,,gx-no-cache=1521122788608 HTTP/1.1" 200 10521
186.67.164.142 - - [15/Mar/2018:11:08:18 -0300] "GET /cormun/servlet/licenciaspermisos?INS,0,,, HTTP/1.1" 200 7499
186.67.164.142 - - [15/Mar/2018:11:08:19 -0300] "GET /cormun/servlet/licenciaspermisos?INS,0,,, HTTP/1.1" 200 7498
192.168.10.96 - - [15/Mar/2018:11:08:20 -0300] "GET /cormun/servlet/vesolicitudgral?2018,10311,,SolicitudOTAdjuntos HTTP/1.1" 200 11201
192.168.10.96 - - [15/Mar/2018:11:08:20 -0300] "GET /cormun/servlet/vesolicitudgral?2018,10311,,SolicitudOTAdjuntos HTTP/1.1" 200 11203
192.168.10.96 - - [15/Mar/2018:11:08:21 -0300] "POST /cormun/servlet/acontrolpreferencessavestate?None,DZAMUDIO,true HTTP/1.1" 200 35
192.168.10.96 - - [15/Mar/2018:11:08:23 -0300] "GET /cormun/PublicTempStorage/curriculum9577191.pdf HTTP/1.1" 200 404646
186.103.159.182 - - [15/Mar/2018:11:08:27 -0300] "GET /cormun/servlet/prbanco?,MD,,gxPopupLevel%3D0%3B HTTP/1.1" 200 6711
186.67.164.142 - - [15/Mar/2018:11:08:28 -0300] "GET /cormun/servlet/licenciaspermisos?956098ac5043a1a84423f02c8b5b12bf8c890c6f1459450d855afbbbfc30dd1e30ab580f9e993f2608105974134dbdaa,gx-no-cache=1521122859444 HTTP/1.1" 200 88
186.67.164.142 - - [15/Mar/2018:11:08:29 -0300] "POST /cormun/servlet/licenciaspermisos?2a8e6e57673fb7a94e92a3e58095b426,INS,0,,,,gx-no-cache=1521122859537 HTTP/1.1" 200 4694
186.67.164.142 - - [15/Mar/2018:11:08:43 -0300] "GET /cormun/static/menuarrow.gif HTTP/1.1" 404 1015
186.103.159.182 - - [15/Mar/2018:11:08:57 -0300] "GET /cormun/servlet/solicitudot?18f98a15da923616366d31b2f94facbe7e49fe7e9277533376d6af470e14f447f53fb43a442fcf08a6ba1e2c7fe508c2,gx-no-cache=1521122827734 HTTP/1.1" 200 30
186.103.159.182 - - [15/Mar/2018:11:08:57 -0300] "GET /cormun/servlet/solicitudot?18f98a15da923616366d31b2f94facbe7ac24b0e5733f88879765745a6a00745,gx-no-cache=1521122827869 HTTP/1.1" 200 103
186.103.159.182 - - [15/Mar/2018:11:09:06 -0300] "GET /cormun/servlet/solicitudot?18f98a15da923616366d31b2f94facbedaa108dd38b023669a052f382d60b923,gx-no-cache=1521122837247 HTTP/1.1" 200 123
186.103.159.182 - - [15/Mar/2018:11:09:06 -0300] "POST /cormun/servlet/solicitudot?gx-no-cache=1521122837320 HTTP/1.1" 200 255
186.103.159.182 - - [15/Mar/2018:11:09:07 -0300] "GET /cormun/servlet/solicitudot?18f98a15da923616366d31b2f94facbe96297574f7a6de4e4b1122d71bf660ce882b9ba79a33fcfbfcf08e43a0bb8af594fb50b01d8e4d8ee85a31bd11544b249013a13b1858fc0a66874fb76d679dd199cf0a324829dee1b87b65e8d5337e6714de0ee0ca72becee730bf70b4c13426fbac987f79fd9397105738f5b33e3bc6d7465e0ecf7a22de1a0b21eefc3afc9e6eae6f8dd5c7feb74cf683fd72c064bb79409bccf9087c70b29bd9861a0c9c5bcce1831798052184d79308ab0a5d365b23df48429ce89f1c082fd783e9b4045056312c1697588103049d10dedaaf9b7eddeee5e2115852659696e1707b149929a5d5b7701fdf0bebbd307af3669fd183b820c6cf88191066ec2b8fdbac11980161ce078e2b2a635fc622533b3c928e062dfd4f33e54626aeafaeceb0a54ffe2fb0f3abfc2d2df6484f155dbdd0e4b8b9f9519ea82acf4356a931394605156a7b68ae515e71e845d399dbfecd88ec5d1c1121c9504bdc4e2cddd584271607d91ca9dc3e828dd58a80d59e8c9036c88384,gx-no-cache=1521122837379 HTTP/1.1" 200 30
186.103.159.182 - - [15/Mar/2018:11:09:14 -0300] "POST /cormun/servlet/solicitudot?gx-no-cache=1521122844914 HTTP/1.1" 200 30
186.103.159.182 - - [15/Mar/2018:11:09:27 -0300] "GET /cormun/servlet/prcontratosol?9521772,,,,,MD,,gxPopupLevel%3D0%3B HTTP/1.1" 200 7791
186.103.159.182 - - [15/Mar/2018:11:09:33 -0300] "POST /cormun/servlet/solicitudot?gx-no-cache=1521122863988 HTTP/1.1" 200 1337
186.103.159.182 - - [15/Mar/2018:11:09:33 -0300] "POST /cormun/servlet/solicitudot?gx-no-cache=1521122864087 HTTP/1.1" 200 38
186.103.159.182 - - [15/Mar/2018:11:09:33 -0300] "GET /cormun/servlet/solicitudot?18f98a15da923616366d31b2f94facbe828ef96dd9cd16a10d6d7adcd4fc41b91c77f566edfe81a9f1c2345297eca34279d48cdda650b1955c351e8c969a49874824c048d4a8a75a68fbdf36eea32bdb6aef237a39df11c25bf3a4ab4cfe7b57e6f041e53be983368594df54198cb1baa1257f6c0ec4aa1b6cdf73a0ddaa035c672fe86d892ca3f87851991edb4e37abd43fd64845afebf9eb893ce067181790,gx-no-cache=1521122864135 HTTP/1.1" 200 29
186.103.159.182 - - [15/Mar/2018:11:09:33 -0300] "POST /cormun/servlet/solicitudot?gx-no-cache=1521122864179 HTTP/1.1" 200 1319
186.103.159.182 - - [15/Mar/2018:11:09:33 -0300] "POST /cormun/servlet/solicitudot?gx-no-cache=1521122864240 HTTP/1.1" 200 1219
186.103.159.182 - - [15/Mar/2018:11:09:33 -0300] "GET /cormun/servlet/solicitudot?18f98a15da923616366d31b2f94facbebfdd54366cabd6fb4a734e2429814b622bde7482904c44099323fe7bde303510,gx-no-cache=1521122864296 HTTP/1.1" 200 134
186.67.164.142 - - [15/Mar/2018:11:09:37 -0300] "GET /cormun/servlet/licenciaspermisos?956098ac5043a1a84423f02c8b5b12bf161ddb20b23977484c446911cd85037b9bdb5fcf0e8c01c135228f3a62ccdc10f3bdd18acf24adf6cf7663195870af27e34f7c08f9f5caada894153ef9f620448adb90c67d518918ab2a293542417d6a0ee9f9ed5b92c3276a510d1a22f723476ebcaa8f975081726af32043df9de2d797b201f2c99d8b5796d0f645075756d7b9046d3b70203a4e42f3831dc4f163f5bbf2442e228f3cc0217087913110aaaa,gx-no-cache=1521122927607 HTTP/1.1" 200 30
186.67.164.142 - - [15/Mar/2018:11:09:37 -0300] "GET /cormun/servlet/licenciaspermisos?956098ac5043a1a84423f02c8b5b12bf60bd5d967d720b604eb123e81eaad19be33fa1258afc8629e0c802c7e71494c57d9f07ba33cf30f80c6df3272848b110954830fd947a44fdfae5cca352a62b2bdcaf8a6180b993995c0903093dc28891d65daa3292279a348a8b36c1a04c71af867e6b5afe00cb815115081fd0500b029fd18ad58d7b2e10244fe1659871622e6686f9fe9ce5c8802f75f2bdae289d8b5b52c97e10489888334d986d4664ac09,gx-no-cache=1521122927650 HTTP/1.1" 200 29
186.67.164.142 - - [15/Mar/2018:11:09:37 -0300] "POST /cormun/servlet/licenciaspermisos?2a8e6e57673fb7a94e92a3e58095b426,INS,0,,,,gx-no-cache=1521122927676 HTTP/1.1" 200 93
186.67.164.142 - - [15/Mar/2018:11:09:37 -0300] "GET /cormun/servlet/hpexe_return? HTTP/1.1" 200 1011
186.67.164.142 - - [15/Mar/2018:11:09:37 -0300] "GET /cormun/servlet/trlicencias HTTP/1.1" 200 11572
186.67.164.142 - - [15/Mar/2018:11:09:38 -0300] "GET /cormun/servlet/trlicencias HTTP/1.1" 200 11563
186.67.164.142 - - [15/Mar/2018:11:09:41 -0300] "GET /cormun/servlet/trlicenciaspermisosadjuntos?7229698,20180315000000,L, HTTP/1.1" 200 6321
186.67.164.142 - - [15/Mar/2018:11:09:41 -0300] "GET /cormun/static/gxcfg.js?20177612163414 HTTP/1.1" 200 953
186.67.164.142 - - [15/Mar/2018:11:09:41 -0300] "GET /cormun/servlet/trlicenciaspermisosadjuntos?7229698,20180315000000,L, HTTP/1.1" 200 6321
186.67.164.142 - - [15/Mar/2018:11:09:43 -0300] "GET /cormun/servlet/licenciaspermisosadjuntos?INS,7229698,L,20180315000000,, HTTP/1.1" 200 5617
186.67.164.142 - - [15/Mar/2018:11:09:43 -0300] "GET /cormun/static/gxcfg.js?2017761263592 HTTP/1.1" 200 953
186.67.164.142 - - [15/Mar/2018:11:09:43 -0300] "GET /cormun/static/about:blank HTTP/1.1" 404 1011
186.67.164.142 - - [15/Mar/2018:11:09:43 -0300] "GET /cormun/servlet/licenciaspermisosadjuntos?INS,7229698,L,20180315000000,, HTTP/1.1" 200 5605
186.103.159.182 - - [15/Mar/2018:11:09:50 -0300] "POST /cormun/servlet/solicitudot?gx-no-cache=1521122880819 HTTP/1.1" 200 1319
186.103.159.182 - - [15/Mar/2018:11:09:50 -0300] "POST /cormun/servlet/solicitudot?gx-no-cache=1521122880906 HTTP/1.1" 200 1219
186.103.159.182 - - [15/Mar/2018:11:09:50 -0300] "GET /cormun/static/menuarrow.gif HTTP/1.1" 404 1015
186.103.159.182 - - [15/Mar/2018:11:09:52 -0300] "POST /cormun/servlet/solicitudot?gx-no-cache=1521122883291 HTTP/1.1" 200 1319
186.103.159.182 - - [15/Mar/2018:11:09:52 -0300] "POST /cormun/servlet/solicitudot?gx-no-cache=1521122883416 HTTP/1.1" 200 1219
186.67.164.142 - - [15/Mar/2018:11:10:01 -0300] "POST /cormun/servlet/licenciaspermisosadjuntos?2a8e6e57673fb7a94e92a3e58095b426,INS,7229698,L,20180315000000,, HTTP/1.1" 200 116
186.67.164.142 - - [15/Mar/2018:11:10:02 -0300] "GET /cormun/servlet/hpexe_return? HTTP/1.1" 200 1041
186.67.164.142 - - [15/Mar/2018:11:10:02 -0300] "GET /cormun/servlet/trlicenciaspermisosadjuntos?7229698,20180315000000,L, HTTP/1.1" 200 6798
186.67.164.142 - - [15/Mar/2018:11:10:02 -0300] "GET /cormun/servlet/trlicenciaspermisosadjuntos?7229698,20180315000000,L, HTTP/1.1" 200 6795
186.67.164.142 - - [15/Mar/2018:11:10:04 -0300] "POST /cormun/servlet/trlicenciaspermisosadjuntos?2a8e6e57673fb7a94e92a3e58095b426,7229698,20180315000000,L,,gx-no-cache=1521122955329 HTTP/1.1" 200 90
186.67.164.142 - - [15/Mar/2018:11:10:04 -0300] "GET /cormun/servlet/hpexe_link HTTP/1.1" 200 984
186.67.164.142 - - [15/Mar/2018:11:10:05 -0300] "GET /cormun/servlet/trlicencias HTTP/1.1" 200 11565
186.67.164.142 - - [15/Mar/2018:11:10:05 -0300] "GET /cormun/servlet/trlicencias HTTP/1.1" 200 11553
186.67.164.142 - - [15/Mar/2018:11:10:07 -0300] "GET /cormun/servlet/alicenciaprn?7229698,L,20180315000000,PU HTTP/1.1" 200 1562
