186.103.156.24 - - [15/Mar/2018:17:31:06 -0300] "POST /cormun/servlet/trautorizarsolicitud?2ad2f4297cd15166e1972f9e7439e70e,,gx-no-cache=1521145815938 HTTP/1.1" 200 4389
186.103.156.24 - - [15/Mar/2018:17:31:19 -0300] "POST /cormun/servlet/trautorizarsolicitud?2ad2f4297cd15166e1972f9e7439e70e,,gx-no-cache=1521145828968 HTTP/1.1" 200 6680
192.168.10.89 - - [15/Mar/2018:17:31:20 -0300] "GET /cormun/servlet/solicitudot?ee8f9a129fb959eaefc2d6a73749c9fa184e7d8f6a44a12856370d41e8c4f833870465ce5b49bc4e7ad131a85b4e434d305af9d5a4f954d4ab6eeafec3f6754956b2404da1d8d413adfa9b3be829f0101bb4586f3372200e42e2c37250e08e68d2235ef4cf4ec47b528550c3ecd14240983dd5f530191f845d03ce68a362a56eb1867aeb61942568f6311588c8a0d1b12ae6df60aace6eebe96b4be64185fa45e96c45ce57db32f358c5a86161b9bfe11354d94555b31f0b9a8151232b1bd4bd0ca6da943c656ff82a5daaeb54d8f8072d293d946b2c06967d4268335331c76ce60f89ac2f9edf77c1e4a8038feeb61e63cba20ba12f81521e6ce03878f31c245788c00ff41627183a8e072bdf883892adab2669fe942f43348519d686cd2b8375a22ae1a3dbec337dc03761bdbd8d235c87594414257b499951036f7d2c271c1f529d226d68edca47b1cbd00335137385d8d20edced26793b95de5bf1ff4e68204c049efd7992a57fc07e5c909e6b8f5b1b2d1621a33012587aa74a8b5e872b,gx-no-cache=1521145716111 HTTP/1.1" 200 30
186.103.156.24 - - [15/Mar/2018:17:31:27 -0300] "POST /cormun/servlet/trautorizarsolicitud?2ad2f4297cd15166e1972f9e7439e70e,,gx-no-cache=1521145836825 HTTP/1.1" 200 6693
186.103.156.24 - - [15/Mar/2018:17:31:27 -0300] "GET /cormun/static/Shared/jqueryui/images/ui-bg_highlight-soft_100_c6c2c8_1x100.png HTTP/1.1" 404 1117
186.103.156.24 - - [15/Mar/2018:17:31:27 -0300] "GET /cormun/static/Shared/jqueryui/images/ui-icons_82798d_256x240.png HTTP/1.1" 404 1089
186.103.156.24 - - [15/Mar/2018:17:31:27 -0300] "GET /cormun/static/Shared/jqueryui/images/ui-bg_flat_55_fafafa_40x100.png HTTP/1.1" 404 1097
186.103.156.24 - - [15/Mar/2018:17:31:27 -0300] "GET /cormun/static/Shared/jqueryui/images/ui-icons_8d78a5_256x240.png HTTP/1.1" 404 1089
186.103.156.24 - - [15/Mar/2018:17:31:33 -0300] "POST /cormun/servlet/trautorizarsolicitud?2ad2f4297cd15166e1972f9e7439e70e,,gx-no-cache=1521145842561 HTTP/1.1" 200 6693
186.103.156.24 - - [15/Mar/2018:17:31:35 -0300] "POST /cormun/servlet/trautorizarsolicitud?2ad2f4297cd15166e1972f9e7439e70e,,gx-no-cache=1521145844566 HTTP/1.1" 200 6693
192.168.10.89 - - [15/Mar/2018:17:31:36 -0300] "POST /cormun/servlet/solicitudot?gx-no-cache=1521145731808 HTTP/1.1" 200 30
192.168.10.62 - - [15/Mar/2018:17:31:37 -0300] "GET /cormun/servlet/trcoordinadores? HTTP/1.1" 200 7540
192.168.10.62 - - [15/Mar/2018:17:31:37 -0300] "GET /cormun/static/gxcfg.js?20182817343370 HTTP/1.1" 200 953
192.168.10.62 - - [15/Mar/2018:17:31:37 -0300] "GET /cormun/static/trcoordinadores.js?20182817343662 HTTP/1.1" 200 15739
192.168.10.62 - - [15/Mar/2018:17:31:38 -0300] "GET /cormun/servlet/trcoordinadores? HTTP/1.1" 200 7528
192.168.10.62 - - [15/Mar/2018:17:31:39 -0300] "POST /cormun/servlet/acontrolpreferencessavestate?None,FGONZALEZ,true HTTP/1.1" 200 35
192.168.10.62 - - [15/Mar/2018:17:31:42 -0300] "GET /cormun/servlet/trsolicitudgral? HTTP/1.1" 200 27996
192.168.10.62 - - [15/Mar/2018:17:31:43 -0300] "GET /cormun/servlet/trsolicitudgral? HTTP/1.1" 200 27995
186.103.156.24 - - [15/Mar/2018:17:31:46 -0300] "POST /cormun/servlet/trautorizarsolicitud?2ad2f4297cd15166e1972f9e7439e70e,,gx-no-cache=1521145855334 HTTP/1.1" 200 4389
192.168.10.62 - - [15/Mar/2018:17:31:46 -0300] "GET /cormun/servlet/trcoordinadores? HTTP/1.1" 200 7531
186.103.156.24 - - [15/Mar/2018:17:31:48 -0300] "POST /cormun/servlet/trautorizarsolicitud?2ad2f4297cd15166e1972f9e7439e70e,,gx-no-cache=1521145857558 HTTP/1.1" 200 4389
192.168.10.62 - - [15/Mar/2018:17:31:48 -0300] "GET /cormun/servlet/trcoordinadores? HTTP/1.1" 200 7530
186.103.156.24 - - [15/Mar/2018:17:31:57 -0300] "POST /cormun/servlet/trautorizarsolicitud?2ad2f4297cd15166e1972f9e7439e70e,,gx-no-cache=1521145866558 HTTP/1.1" 200 11582
192.168.10.89 - - [15/Mar/2018:17:32:06 -0300] "POST /cormun/servlet/solicitudot?gx-no-cache=1521145761898 HTTP/1.1" 200 1336
186.103.156.24 - - [15/Mar/2018:17:32:18 -0300] "GET /cormun/servlet/veautorizarsolicitud?2018,10463,, HTTP/1.1" 200 8641
186.103.156.24 - - [15/Mar/2018:17:32:18 -0300] "GET /cormun/pexe_scrolldiv.js HTTP/1.1" 404 1009
186.103.156.24 - - [15/Mar/2018:17:32:18 -0300] "GET /cormun/pexe_scrolldiv.js HTTP/1.1" 404 1009
186.103.156.24 - - [15/Mar/2018:17:32:19 -0300] "GET /cormun/servlet/veautorizarsolicitud?2018,10463,, HTTP/1.1" 200 8640
192.168.10.89 - - [15/Mar/2018:17:32:24 -0300] "GET /cormun/servlet/prlicenciaspermisos?12911454,L,,MD,,gxPopupLevel%3D0%3B HTTP/1.1" 200 5852
192.168.10.89 - - [15/Mar/2018:17:32:24 -0300] "GET /cormun/static/gxcfg.js?20176272053834 HTTP/1.1" 200 953
192.168.10.89 - - [15/Mar/2018:17:32:24 -0300] "GET /cormun/static/calendar.js?85251 HTTP/1.1" 304 -
192.168.10.89 - - [15/Mar/2018:17:32:24 -0300] "GET /cormun/static/calendar-setup.js?85251 HTTP/1.1" 304 -
192.168.10.89 - - [15/Mar/2018:17:32:24 -0300] "GET /cormun/static/calendar-es.js?85251 HTTP/1.1" 304 -
192.168.10.89 - - [15/Mar/2018:17:32:24 -0300] "GET /cormun/static/prlicenciaspermisos.js?20176272054050 HTTP/1.1" 200 13379
192.168.10.62 - - [15/Mar/2018:17:32:31 -0300] "GET /cormun/servlet/trsolicitudgral? HTTP/1.1" 200 27996
192.168.10.62 - - [15/Mar/2018:17:32:32 -0300] "GET /cormun/servlet/trsolicitudgral? HTTP/1.1" 200 27995
186.103.156.24 - - [15/Mar/2018:17:32:37 -0300] "GET /cormun/servlet/trautorizarsolicitud? HTTP/1.1" 200 14434
192.168.10.89 - - [15/Mar/2018:17:32:37 -0300] "POST /cormun/servlet/solicitudot?gx-no-cache=1521145792911 HTTP/1.1" 200 41
186.103.156.24 - - [15/Mar/2018:17:32:37 -0300] "GET /cormun/servlet/trautorizarsolicitud? HTTP/1.1" 200 14431
192.168.10.62 - - [15/Mar/2018:17:32:41 -0300] "POST /cormun/servlet/trsolicitudgral?e981762a2b0d918fcd7d152dc63de9b6,,gx-no-cache=1521145797144 HTTP/1.1" 200 8154
192.168.10.89 - - [15/Mar/2018:17:32:50 -0300] "GET /cormun/servlet/solicitudot?ee8f9a129fb959eaefc2d6a73749c9fac60c11271e15bfcc2fe48088a97022c3e00b5cc5cdf577bde02e1940539b0b5d119c1a6ce4112078eaa028eed24cc77e83dc6d8d14e0712844f83325c9a0c2a214fa120bc3bddd1e6fa9341145a53e4c9933bbe275988e103fd7f8a0534a31ed,gx-no-cache=1521145806265 HTTP/1.1" 200 29
192.168.10.89 - - [15/Mar/2018:17:32:50 -0300] "POST /cormun/servlet/solicitudot?gx-no-cache=1521145806300 HTTP/1.1" 200 1318
192.168.10.89 - - [15/Mar/2018:17:32:50 -0300] "POST /cormun/servlet/solicitudot?gx-no-cache=1521145806346 HTTP/1.1" 200 1215
186.103.156.24 - - [15/Mar/2018:17:32:56 -0300] "GET /cormun/servlet/veautorizarsolicitud?2018,10172,, HTTP/1.1" 200 8591
186.103.156.24 - - [15/Mar/2018:17:32:56 -0300] "GET /cormun/pexe_scrolldiv.js HTTP/1.1" 404 1009
186.103.156.24 - - [15/Mar/2018:17:32:56 -0300] "GET /cormun/pexe_scrolldiv.js HTTP/1.1" 404 1009
186.103.156.24 - - [15/Mar/2018:17:32:57 -0300] "GET /cormun/servlet/veautorizarsolicitud?2018,10172,, HTTP/1.1" 200 8590
192.168.10.89 - - [15/Mar/2018:17:32:58 -0300] "GET /cormun/servlet/solicitudot?ee8f9a129fb959eaefc2d6a73749c9fa3532d31c4f077cc4f09c0b2eb8a6f993df6a64bb259fc0f25320d3df9b76bd56,gx-no-cache=1521145813700 HTTP/1.1" 200 30
186.103.156.24 - - [15/Mar/2018:17:33:03 -0300] "GET /cormun/servlet/trautorizarsolicitud? HTTP/1.1" 200 14434
186.103.156.24 - - [15/Mar/2018:17:33:04 -0300] "GET /cormun/servlet/trautorizarsolicitud? HTTP/1.1" 200 14431
186.103.156.24 - - [15/Mar/2018:17:33:13 -0300] "GET /cormun/servlet/veautorizarsolicitud?2018,10157,, HTTP/1.1" 200 8653
186.103.156.24 - - [15/Mar/2018:17:33:13 -0300] "GET /cormun/pexe_scrolldiv.js HTTP/1.1" 404 1009
186.103.156.24 - - [15/Mar/2018:17:33:13 -0300] "GET /cormun/pexe_scrolldiv.js HTTP/1.1" 404 1009
186.103.156.24 - - [15/Mar/2018:17:33:14 -0300] "GET /cormun/servlet/veautorizarsolicitud?2018,10157,, HTTP/1.1" 200 8652
186.103.156.24 - - [15/Mar/2018:17:33:20 -0300] "GET /cormun/servlet/trautorizarsolicitud? HTTP/1.1" 200 14434
186.103.156.24 - - [15/Mar/2018:17:33:20 -0300] "GET /cormun/servlet/trautorizarsolicitud? HTTP/1.1" 200 14431
192.168.10.62 - - [15/Mar/2018:17:33:25 -0300] "GET /cormun/servlet/vesolicitudgral?2018,9722,, HTTP/1.1" 200 9155
192.168.10.62 - - [15/Mar/2018:17:33:25 -0300] "GET /cormun/pexe_scrolldiv.js HTTP/1.1" 404 1009
192.168.10.62 - - [15/Mar/2018:17:33:25 -0300] "GET /cormun/pexe_scrolldiv.js HTTP/1.1" 404 1009
192.168.10.62 - - [15/Mar/2018:17:33:25 -0300] "GET /cormun/servlet/vesolicitudgral?2018,9722,, HTTP/1.1" 200 9155
192.168.10.62 - - [15/Mar/2018:17:33:27 -0300] "GET /cormun/servlet/vesolicitudgral?2018,9722,,SolicitudOTAdjuntos HTTP/1.1" 200 7735
192.168.10.62 - - [15/Mar/2018:17:33:27 -0300] "GET /cormun/pexe_scrolldiv.js HTTP/1.1" 404 1009
192.168.10.62 - - [15/Mar/2018:17:33:27 -0300] "GET /cormun/pexe_scrolldiv.js HTTP/1.1" 404 1009
192.168.10.62 - - [15/Mar/2018:17:33:27 -0300] "GET /cormun/servlet/vesolicitudgral?2018,9722,,SolicitudOTAdjuntos HTTP/1.1" 200 7736
192.168.10.62 - - [15/Mar/2018:17:33:28 -0300] "POST /cormun/servlet/acontrolpreferencessavestate?None,FGONZALEZ,true HTTP/1.1" 200 35
192.168.10.62 - - [15/Mar/2018:17:33:30 -0300] "POST /cormun/servlet/vesolicitudgral?e981762a2b0d918fcd7d152dc63de9b6,2018,9722,,SolicitudOTAdjuntos,gx-no-cache=1521145845805 HTTP/1.1" 200 90
192.168.10.62 - - [15/Mar/2018:17:33:30 -0300] "GET /cormun/servlet/hpexe_link HTTP/1.1" 200 978
192.168.10.62 - - [15/Mar/2018:17:33:30 -0300] "GET /cormun/servlet/trsolicitudgral? HTTP/1.1" 200 11180
192.168.10.62 - - [15/Mar/2018:17:33:30 -0300] "GET /cormun/servlet/trsolicitudgral? HTTP/1.1" 200 11179
192.168.10.89 - - [15/Mar/2018:17:33:32 -0300] "POST /cormun/servlet/solicitudot?gx-no-cache=1521145848513 HTTP/1.1" 200 34
186.103.156.24 - - [15/Mar/2018:17:33:44 -0300] "POST /cormun/servlet/trautorizarsolicitud?2ad2f4297cd15166e1972f9e7439e70e,,gx-no-cache=1521145973402 HTTP/1.1" 200 6658
186.103.156.24 - - [15/Mar/2018:17:34:02 -0300] "POST /cormun/servlet/trautorizarsolicitud?2ad2f4297cd15166e1972f9e7439e70e,,gx-no-cache=1521145991291 HTTP/1.1" 200 6670
186.103.156.24 - - [15/Mar/2018:17:34:02 -0300] "GET /cormun/static/Shared/jqueryui/images/ui-bg_highlight-soft_100_c6c2c8_1x100.png HTTP/1.1" 404 1117
186.103.156.24 - - [15/Mar/2018:17:34:02 -0300] "GET /cormun/static/Shared/jqueryui/images/ui-bg_flat_55_fafafa_40x100.png HTTP/1.1" 404 1097
186.103.156.24 - - [15/Mar/2018:17:34:02 -0300] "GET /cormun/static/Shared/jqueryui/images/ui-icons_8d78a5_256x240.png HTTP/1.1" 404 1089
186.103.156.24 - - [15/Mar/2018:17:34:02 -0300] "GET /cormun/static/Shared/jqueryui/images/ui-icons_82798d_256x240.png HTTP/1.1" 404 1089
186.103.156.24 - - [15/Mar/2018:17:34:05 -0300] "POST /cormun/servlet/trautorizarsolicitud?2ad2f4297cd15166e1972f9e7439e70e,,gx-no-cache=1521145994904 HTTP/1.1" 200 6668
186.103.156.24 - - [15/Mar/2018:17:34:07 -0300] "POST /cormun/servlet/trautorizarsolicitud?2ad2f4297cd15166e1972f9e7439e70e,,gx-no-cache=1521145997393 HTTP/1.1" 200 6670
186.103.156.24 - - [15/Mar/2018:17:34:15 -0300] "POST /cormun/servlet/trautorizarsolicitud?2ad2f4297cd15166e1972f9e7439e70e,,gx-no-cache=1521146005552 HTTP/1.1" 200 4390
186.103.156.24 - - [15/Mar/2018:17:34:23 -0300] "POST /cormun/servlet/trautorizarsolicitud?2ad2f4297cd15166e1972f9e7439e70e,,gx-no-cache=1521146013286 HTTP/1.1" 200 4391
192.168.10.89 - - [15/Mar/2018:17:34:27 -0300] "POST /cormun/servlet/solicitudot?3d029ccfcb6a8618f3fa0069a0c193d6,INS,0,0,,gx-no-cache=1521145902391 HTTP/1.1" 200 93
192.168.10.89 - - [15/Mar/2018:17:34:27 -0300] "GET /cormun/servlet/hpexe_return? HTTP/1.1" 200 1008
192.168.10.89 - - [15/Mar/2018:17:34:27 -0300] "GET /cormun/servlet/trsolicitudot HTTP/1.1" 200 8814
186.103.156.24 - - [15/Mar/2018:17:34:28 -0300] "POST /cormun/servlet/trautorizarsolicitud?2ad2f4297cd15166e1972f9e7439e70e,,gx-no-cache=1521146017893 HTTP/1.1" 200 4391
186.103.156.24 - - [15/Mar/2018:17:34:34 -0300] "POST /cormun/servlet/trautorizarsolicitud?2ad2f4297cd15166e1972f9e7439e70e,,gx-no-cache=1521146023998 HTTP/1.1" 200 4391
186.103.156.24 - - [15/Mar/2018:17:34:36 -0300] "POST /cormun/servlet/trautorizarsolicitud?2ad2f4297cd15166e1972f9e7439e70e,,gx-no-cache=1521146026271 HTTP/1.1" 200 4391
186.103.156.24 - - [15/Mar/2018:17:34:42 -0300] "POST /cormun/servlet/trautorizarsolicitud?2ad2f4297cd15166e1972f9e7439e70e,,gx-no-cache=1521146032192 HTTP/1.1" 200 4389
186.103.156.24 - - [15/Mar/2018:17:34:48 -0300] "POST /cormun/servlet/trautorizarsolicitud?2ad2f4297cd15166e1972f9e7439e70e,,gx-no-cache=1521146038310 HTTP/1.1" 200 4389
186.103.156.24 - - [15/Mar/2018:17:34:59 -0300] "POST /cormun/servlet/trautorizarsolicitud?2ad2f4297cd15166e1972f9e7439e70e,,gx-no-cache=1521146048823 HTTP/1.1" 200 6680
192.168.10.89 - - [15/Mar/2018:17:34:59 -0300] "POST /cormun/servlet/trsolicitudot?3d029ccfcb6a8618f3fa0069a0c193d6,gx-no-cache=1521145934822 HTTP/1.1" 200 107
192.168.10.89 - - [15/Mar/2018:17:34:59 -0300] "GET /cormun/servlet/trsolicitudadjuntos?2018,10545, HTTP/1.1" 200 6271
192.168.10.89 - - [15/Mar/2018:17:34:59 -0300] "GET /cormun/static/gxcfg.js?20177612135366 HTTP/1.1" 200 953
192.168.10.89 - - [15/Mar/2018:17:34:59 -0300] "GET /cormun/static/trsolicitudadjuntos.js?20177612135632 HTTP/1.1" 200 17922
192.168.10.89 - - [15/Mar/2018:17:35:06 -0300] "POST /cormun/servlet/trsolicitudadjuntos?3d029ccfcb6a8618f3fa0069a0c193d6,2018,10545,,gx-no-cache=1521145942334 HTTP/1.1" 200 90
192.168.10.89 - - [15/Mar/2018:17:35:06 -0300] "GET /cormun/servlet/hpexe_link HTTP/1.1" 200 969
192.168.10.89 - - [15/Mar/2018:17:35:07 -0300] "GET /cormun/servlet/trsolicitudot HTTP/1.1" 200 8811
186.103.156.24 - - [15/Mar/2018:17:35:08 -0300] "GET /cormun/servlet/trcontratosolicitud? HTTP/1.1" 200 14821
186.103.156.24 - - [15/Mar/2018:17:35:08 -0300] "GET /cormun/static/gxcfg.js?20177612214014 HTTP/1.1" 200 953
186.103.156.24 - - [15/Mar/2018:17:35:08 -0300] "GET /cormun/static/trcontratosolicitud.js?20177612214349 HTTP/1.1" 200 28237
186.103.156.24 - - [15/Mar/2018:17:35:09 -0300] "GET /cormun//static/Resources/PXToolsGridNew.png HTTP/1.1" 200 2949
186.103.156.24 - - [15/Mar/2018:17:35:09 -0300] "GET /cormun/servlet/trcontratosolicitud? HTTP/1.1" 200 14816
186.103.159.46 - - [15/Mar/2018:17:35:19 -0300] "GET /cormun/servlet/trsolicitudot? HTTP/1.1" 200 7248
186.103.159.46 - - [15/Mar/2018:17:35:20 -0300] "GET /cormun/servlet/trsolicitudot? HTTP/1.1" 200 7248
186.103.159.46 - - [15/Mar/2018:17:35:23 -0300] "GET /cormun/servlet/solicitudot?INS,0,0, HTTP/1.1" 200 13471
186.103.159.46 - - [15/Mar/2018:17:35:24 -0300] "GET /cormun/servlet/solicitudot?INS,0,0, HTTP/1.1" 200 13476
186.103.159.46 - - [15/Mar/2018:17:36:04 -0300] "POST /cormun/servlet/solicitudot?gx-no-cache=1521146112603 HTTP/1.1" 200 3415
186.103.159.46 - - [15/Mar/2018:17:36:04 -0300] "POST /cormun/servlet/solicitudot?7e21d59f701ba5201d658d9b483fea38,INS,0,0,,gx-no-cache=1521146112838 HTTP/1.1" 200 10563
186.103.159.46 - - [15/Mar/2018:17:36:11 -0300] "GET /cormun/servlet/solicitudot?f567940cf190d7a18cf2d7d2cc37cc94864509c17fbb8bd8539ba5d45a27a2ad16601f42b66ceda0caef294784a94097,gx-no-cache=1521146120067 HTTP/1.1" 200 30
186.103.159.46 - - [15/Mar/2018:17:36:11 -0300] "GET /cormun/servlet/solicitudot?f567940cf190d7a18cf2d7d2cc37cc94f56740513609793cdd35825e4d173b69b4f21bba90f33db7141fb7b1f81853fb8bd28519118deadb6335d8406eeb4a54,gx-no-cache=1521146120137 HTTP/1.1" 200 30
186.103.159.46 - - [15/Mar/2018:17:36:12 -0300] "GET /cormun/servlet/solicitudot?f567940cf190d7a18cf2d7d2cc37cc9407446da3aecbec7f419ae5dda522c32f,gx-no-cache=1521146120174 HTTP/1.1" 200 53
186.103.159.46 - - [15/Mar/2018:17:36:12 -0300] "POST /cormun/servlet/solicitudot?gx-no-cache=1521146120214 HTTP/1.1" 200 240
186.103.159.46 - - [15/Mar/2018:17:36:12 -0300] "GET /cormun/servlet/solicitudot?f567940cf190d7a18cf2d7d2cc37cc94912b1d1fcb103ea1de3b8c150bf4c25fb09eb5c620d94e5f9b6e5c91fc6722721e34e4fae701bef87859e7751d5cc6e5d8f8608b53ba2f17b21dcf519f119477f173213c5137a6289ac6189a315ea250c81b4f2cfa6273ac3449e03ae4bf3a2165877d3c5b573d6c968c20b18dabb96e1534c110931ba10bf3dd75dc0f50671d0c88bdea8e8927c60a2cc7a79f3597ad2ac8d6a40b36349f7860287be0f26b21e1b910f8a261803fbe74090f0f9d6ea16ab3270ab46897f4786e620e7385b9788b426db74b42adaa7e728567dffeae36b0048220d08413ee7f2bdef79f11ab147841b097e8d652a2b5f5aedbed5664dfa5fcf733cf1113993ab35d5b8581ca9e1ecc509f94351c689cae8a30a5212bfab13389d881b94dc3863d5be884b0920e3d89b16207d48dc24b8b94d2c80621c9e426bc9c2ef8264f93a3930f29edb70055fd0be7989007516d2cb516c4fd2e8c8625f4429150fceb1d88f90f8af2a8474f28cbe314a4307c8695d9ff03a19da1,gx-no-cache=1521146120266 HTTP/1.1" 200 30
186.103.159.46 - - [15/Mar/2018:17:36:30 -0300] "POST /cormun/servlet/solicitudot?gx-no-cache=1521146138238 HTTP/1.1" 200 30
186.103.159.46 - - [15/Mar/2018:17:36:30 -0300] "POST /cormun/servlet/solicitudot?gx-no-cache=1521146138310 HTTP/1.1" 200 1337
186.103.159.46 - - [15/Mar/2018:17:36:30 -0300] "POST /cormun/servlet/solicitudot?gx-no-cache=1521146138392 HTTP/1.1" 200 38
192.168.10.89 - - [15/Mar/2018:17:36:43 -0300] "POST /cormun/servlet/trsolicitudot?3d029ccfcb6a8618f3fa0069a0c193d6,gx-no-cache=1521146039309 HTTP/1.1" 200 7193
186.103.159.46 - - [15/Mar/2018:17:37:11 -0300] "POST /cormun/servlet/solicitudot?gx-no-cache=1521146179741 HTTP/1.1" 200 30
186.103.159.46 - - [15/Mar/2018:17:37:14 -0300] "GET /cormun/servlet/prcontratosol?17136293,,,,,MD,,gxPopupLevel%3D0%3B HTTP/1.1" 200 7497
192.168.10.61 - - [15/Mar/2018:17:37:23 -0300] "POST /cormun/servlet/trsolicitudgral?3944b1bd831da4f1291edffe3258d184,,gx-no-cache=1521146079378 HTTP/1.1" 440 972
192.168.10.61 - - [15/Mar/2018:17:37:25 -0300] "GET /cormun/servlet/trsolicitudgral? HTTP/1.1" 500 10
186.103.159.46 - - [15/Mar/2018:17:37:25 -0300] "POST /cormun/servlet/solicitudot?gx-no-cache=1521146193627 HTTP/1.1" 200 1417
186.103.159.46 - - [15/Mar/2018:17:37:25 -0300] "GET /cormun/static/Shared/jqueryui/images/ui-bg_highlight-soft_100_c6c2c8_1x100.png HTTP/1.1" 404 1117
186.103.159.46 - - [15/Mar/2018:17:37:25 -0300] "GET /cormun/static/Shared/jqueryui/images/ui-icons_82798d_256x240.png HTTP/1.1" 404 1089
186.103.159.46 - - [15/Mar/2018:17:37:25 -0300] "GET /cormun/static/Shared/jqueryui/images/ui-bg_flat_55_994d53_40x100.png HTTP/1.1" 404 1097
186.103.159.46 - - [15/Mar/2018:17:37:25 -0300] "GET /cormun/static/Shared/jqueryui/images/ui-icons_ebccce_256x240.png HTTP/1.1" 404 1089
186.103.159.46 - - [15/Mar/2018:17:37:25 -0300] "POST /cormun/servlet/solicitudot?gx-no-cache=1521146193735 HTTP/1.1" 200 117
186.103.159.46 - - [15/Mar/2018:17:37:25 -0300] "GET /cormun/servlet/solicitudot?f567940cf190d7a18cf2d7d2cc37cc94bd5b8493eb47a7961841a7b4bc98ce59b8ab94f3bd93953afacac0b0c9433651b8b163327ecc9bb3e91d02e49687809871e42af1318b39cd2f5d881db26bd79bd488a5ebe208dc87190938220b38f24b08cada518bcf56457c48bf1a5675037ecc4fe228f0adaa5e83d3375eae68b6fa5b5d7eccac1962fe1f781353d6d17848aacd949451e24f7917a8cd17967d6e8a,gx-no-cache=1521146193803 HTTP/1.1" 200 29
186.103.159.46 - - [15/Mar/2018:17:37:25 -0300] "POST /cormun/servlet/solicitudot?gx-no-cache=1521146193845 HTTP/1.1" 200 1318
186.103.159.46 - - [15/Mar/2018:17:37:25 -0300] "POST /cormun/servlet/solicitudot?gx-no-cache=1521146193919 HTTP/1.1" 200 1219
186.103.159.46 - - [15/Mar/2018:17:37:25 -0300] "GET /cormun/servlet/solicitudot?f567940cf190d7a18cf2d7d2cc37cc9412b34c785e64781cedefcd2074841cad,gx-no-cache=1521146193980 HTTP/1.1" 200 30
192.168.10.61 - - [15/Mar/2018:17:37:28 -0300] "GET /cormun/servlet/vesolicitudgral?2018,10089,, HTTP/1.1" 200 7866
192.168.10.61 - - [15/Mar/2018:17:37:28 -0300] "GET /cormun/servlet/hlogin HTTP/1.1" 200 1751
192.168.10.61 - - [15/Mar/2018:17:37:28 -0300] "GET /cormun/servlet/vesolicitudgral?2018,10089,, HTTP/1.1" 200 7864
186.103.159.46 - - [15/Mar/2018:17:37:33 -0300] "POST /cormun/servlet/solicitudot?gx-no-cache=1521146201397 HTTP/1.1" 200 30
192.168.10.89 - - [15/Mar/2018:17:37:40 -0300] "POST /cormun/servlet/trsolicitudot?3d029ccfcb6a8618f3fa0069a0c193d6,gx-no-cache=1521146095712 HTTP/1.1" 200 6881
192.168.10.61 - - [15/Mar/2018:17:37:40 -0300] "POST /cormun/servlet/hlogin?d7c78478203990c8742d7fcc798b4095,gx-no-cache=1521146095968 HTTP/1.1" 200 90
192.168.10.61 - - [15/Mar/2018:17:37:40 -0300] "GET /cormun/servlet/hpexe_link HTTP/1.1" 200 971
192.168.10.89 - - [15/Mar/2018:17:37:40 -0300] "POST /cormun/servlet/trsolicitudot?3d029ccfcb6a8618f3fa0069a0c193d6,gx-no-cache=1521146096080 HTTP/1.1" 200 6824
192.168.10.61 - - [15/Mar/2018:17:37:40 -0300] "GET /cormun/servlet/vesolicitudgral?2018,10089,, HTTP/1.1" 200 8972
192.168.10.61 - - [15/Mar/2018:17:37:40 -0300] "GET /cormun/pexe_scrolldiv.js HTTP/1.1" 404 1009
192.168.10.61 - - [15/Mar/2018:17:37:40 -0300] "GET /cormun/pexe_scrolldiv.js HTTP/1.1" 404 1009
192.168.10.89 - - [15/Mar/2018:17:37:40 -0300] "GET /cormun/static/Shared/jqueryui/images/ui-icons_8d78a5_256x240.png HTTP/1.1" 404 1089
192.168.10.89 - - [15/Mar/2018:17:37:40 -0300] "GET /cormun/static/Shared/jqueryui/images/ui-bg_highlight-soft_100_c6c2c8_1x100.png HTTP/1.1" 404 1117
192.168.10.89 - - [15/Mar/2018:17:37:40 -0300] "GET /cormun/static/Shared/jqueryui/images/ui-icons_82798d_256x240.png HTTP/1.1" 404 1089
192.168.10.89 - - [15/Mar/2018:17:37:40 -0300] "GET /cormun/static/Shared/jqueryui/images/ui-bg_flat_55_fafafa_40x100.png HTTP/1.1" 404 1097
192.168.10.61 - - [15/Mar/2018:17:37:40 -0300] "GET /cormun/servlet/vesolicitudgral?2018,10089,, HTTP/1.1" 200 8971
192.168.10.89 - - [15/Mar/2018:17:37:41 -0300] "POST /cormun/servlet/trsolicitudot?3d029ccfcb6a8618f3fa0069a0c193d6,gx-no-cache=1521146097132 HTTP/1.1" 200 6503
192.168.10.89 - - [15/Mar/2018:17:37:42 -0300] "POST /cormun/servlet/trsolicitudot?3d029ccfcb6a8618f3fa0069a0c193d6,gx-no-cache=1521146097524 HTTP/1.1" 200 6444
192.168.10.89 - - [15/Mar/2018:17:37:43 -0300] "POST /cormun/servlet/trsolicitudot?3d029ccfcb6a8618f3fa0069a0c193d6,gx-no-cache=1521146098702 HTTP/1.1" 200 5921
192.168.10.89 - - [15/Mar/2018:17:37:43 -0300] "POST /cormun/servlet/trsolicitudot?3d029ccfcb6a8618f3fa0069a0c193d6,gx-no-cache=1521146099075 HTTP/1.1" 200 5863
192.168.10.61 - - [15/Mar/2018:17:37:44 -0300] "GET /cormun/servlet/trsolicitudgral? HTTP/1.1" 200 23515
192.168.10.61 - - [15/Mar/2018:17:37:45 -0300] "GET /cormun/servlet/trsolicitudgral? HTTP/1.1" 200 23511
192.168.10.89 - - [15/Mar/2018:17:37:46 -0300] "GET /cormun/servlet/trautorizarsolicitud? HTTP/1.1" 200 9414
186.103.156.24 - - [15/Mar/2018:17:37:46 -0300] "POST /cormun/servlet/trcontratosolicitud?2ad2f4297cd15166e1972f9e7439e70e,,gx-no-cache=1521146215091 HTTP/1.1" 200 12461
186.103.156.24 - - [15/Mar/2018:17:37:46 -0300] "GET /cormun/static/Resources/PXToolsGridNext.gif HTTP/1.1" 200 369
186.103.156.24 - - [15/Mar/2018:17:37:46 -0300] "GET /cormun/static/Resources/PXToolsGridLast.gif HTTP/1.1" 200 370
186.103.156.24 - - [15/Mar/2018:17:37:50 -0300] "POST /cormun/servlet/trcontratosolicitud?2ad2f4297cd15166e1972f9e7439e70e,,gx-no-cache=1521146220065 HTTP/1.1" 200 5619
186.103.156.24 - - [15/Mar/2018:17:37:50 -0300] "GET /cormun/static/Resources/PXToolsGridFirst.gif HTTP/1.1" 200 379
186.103.156.24 - - [15/Mar/2018:17:37:50 -0300] "GET /cormun/static/Resources/PXToolsGridPrevious.gif HTTP/1.1" 200 369
192.168.10.61 - - [15/Mar/2018:17:37:52 -0300] "POST /cormun/servlet/trsolicitudgral?d7c78478203990c8742d7fcc798b4095,,gx-no-cache=1521146108020 HTTP/1.1" 200 7203
192.168.10.89 - - [15/Mar/2018:17:37:55 -0300] "POST /cormun/servlet/trautorizarsolicitud?3d029ccfcb6a8618f3fa0069a0c193d6,,gx-no-cache=1521146111407 HTTP/1.1" 200 6237
192.168.10.89 - - [15/Mar/2018:17:37:56 -0300] "POST /cormun/servlet/trautorizarsolicitud?3d029ccfcb6a8618f3fa0069a0c193d6,,gx-no-cache=1521146111734 HTTP/1.1" 200 6180
192.168.10.89 - - [15/Mar/2018:17:37:56 -0300] "GET /cormun/static/Shared/jqueryui/images/ui-bg_flat_55_fafafa_40x100.png HTTP/1.1" 404 1097
192.168.10.89 - - [15/Mar/2018:17:37:56 -0300] "GET /cormun/static/Shared/jqueryui/images/ui-icons_8d78a5_256x240.png HTTP/1.1" 404 1089
192.168.10.89 - - [15/Mar/2018:17:37:56 -0300] "GET /cormun/static/Shared/jqueryui/images/ui-icons_82798d_256x240.png HTTP/1.1" 404 1089
192.168.10.89 - - [15/Mar/2018:17:37:56 -0300] "GET /cormun/static/Shared/jqueryui/images/ui-bg_highlight-soft_100_c6c2c8_1x100.png HTTP/1.1" 404 1117
192.168.10.89 - - [15/Mar/2018:17:37:57 -0300] "POST /cormun/servlet/trautorizarsolicitud?3d029ccfcb6a8618f3fa0069a0c193d6,,gx-no-cache=1521146112635 HTTP/1.1" 200 5819
192.168.10.89 - - [15/Mar/2018:17:37:57 -0300] "POST /cormun/servlet/trautorizarsolicitud?3d029ccfcb6a8618f3fa0069a0c193d6,,gx-no-cache=1521146112941 HTTP/1.1" 200 5764
192.168.10.61 - - [15/Mar/2018:17:37:58 -0300] "POST /cormun/servlet/trsolicitudgral?d7c78478203990c8742d7fcc798b4095,,gx-no-cache=1521146113590 HTTP/1.1" 200 9084
192.168.10.89 - - [15/Mar/2018:17:37:58 -0300] "POST /cormun/servlet/trautorizarsolicitud?3d029ccfcb6a8618f3fa0069a0c193d6,,gx-no-cache=1521146113961 HTTP/1.1" 200 4619
192.168.10.89 - - [15/Mar/2018:17:37:58 -0300] "POST /cormun/servlet/trautorizarsolicitud?3d029ccfcb6a8618f3fa0069a0c193d6,,gx-no-cache=1521146114269 HTTP/1.1" 200 4396
192.168.10.89 - - [15/Mar/2018:17:38:02 -0300] "GET /cormun/servlet/trsolicitudot? HTTP/1.1" 200 8795
186.103.159.46 - - [15/Mar/2018:17:38:14 -0300] "POST /cormun/servlet/solicitudot?7e21d59f701ba5201d658d9b483fea38,INS,0,0,,gx-no-cache=1521146242386 HTTP/1.1" 200 93
186.103.159.46 - - [15/Mar/2018:17:38:14 -0300] "GET /cormun/servlet/hpexe_return? HTTP/1.1" 200 1010
186.103.159.46 - - [15/Mar/2018:17:38:14 -0300] "GET /cormun/servlet/trsolicitudot HTTP/1.1" 200 7251
186.103.159.46 - - [15/Mar/2018:17:38:15 -0300] "GET /cormun/servlet/trsolicitudot HTTP/1.1" 200 7248
192.168.10.89 - - [15/Mar/2018:17:38:15 -0300] "GET /cormun/servlet/solicitudot?INS,0,0, HTTP/1.1" 200 13623
186.103.156.24 - - [15/Mar/2018:17:38:17 -0300] "GET /cormun/servlet/trsolicitudot? HTTP/1.1" 200 7440
186.103.156.24 - - [15/Mar/2018:17:38:17 -0300] "GET /cormun/servlet/trsolicitudot? HTTP/1.1" 200 7439
192.168.10.89 - - [15/Mar/2018:17:38:18 -0300] "GET /cormun/servlet/prfichaempleado?,MD,,gxPopupLevel%3D0%3B HTTP/1.1" 200 9326
186.103.159.46 - - [15/Mar/2018:17:38:19 -0300] "GET /cormun/servlet/trsolicitudot? HTTP/1.1" 200 7248
186.103.159.46 - - [15/Mar/2018:17:38:20 -0300] "GET /cormun/servlet/trsolicitudot? HTTP/1.1" 200 7248
186.103.156.24 - - [15/Mar/2018:17:38:21 -0300] "GET /cormun/servlet/solicitudot?INS,0,0, HTTP/1.1" 200 13674
186.103.156.24 - - [15/Mar/2018:17:38:22 -0300] "GET /cormun/servlet/solicitudot?INS,0,0, HTTP/1.1" 200 13679
186.103.159.46 - - [15/Mar/2018:17:38:23 -0300] "GET /cormun/servlet/solicitudot?INS,0,0, HTTP/1.1" 200 13471
186.103.159.46 - - [15/Mar/2018:17:38:24 -0300] "GET /cormun/servlet/solicitudot?INS,0,0, HTTP/1.1" 200 13476
192.168.10.89 - - [15/Mar/2018:17:38:25 -0300] "POST /cormun/servlet/prfichaempleado?3d029ccfcb6a8618f3fa0069a0c193d6,,MD,,gxPopupLevel%3D0%3B,gx-no-cache=1521146140711 HTTP/1.1" 200 3197
186.103.159.46 - - [15/Mar/2018:17:38:37 -0300] "POST /cormun/servlet/solicitudot?gx-no-cache=1521146265786 HTTP/1.1" 200 3405
186.103.159.46 - - [15/Mar/2018:17:38:37 -0300] "POST /cormun/servlet/solicitudot?7e21d59f701ba5201d658d9b483fea38,INS,0,0,,gx-no-cache=1521146265982 HTTP/1.1" 200 10570
192.168.10.61 - - [15/Mar/2018:17:38:38 -0300] "POST /cormun/servlet/trsolicitudgral?d7c78478203990c8742d7fcc798b4095,,gx-no-cache=1521146154053 HTTP/1.1" 200 9084
186.103.159.46 - - [15/Mar/2018:17:38:42 -0300] "GET /cormun/servlet/solicitudot?f567940cf190d7a18cf2d7d2cc37cc94c454d82e373628581b6e8e3a2b72ab4e8a8d6d88e717153bb9ff8269e94a17bb,gx-no-cache=1521146270316 HTTP/1.1" 200 30
186.103.159.46 - - [15/Mar/2018:17:38:42 -0300] "GET /cormun/servlet/solicitudot?f567940cf190d7a18cf2d7d2cc37cc94384809dded8ef42864289b813cf5837abac4fc1e016eeb5d12b23979063bae7fb212bd15c5d38b79fa8aaac96a7e3fef,gx-no-cache=1521146270412 HTTP/1.1" 200 30
186.103.159.46 - - [15/Mar/2018:17:38:42 -0300] "GET /cormun/servlet/solicitudot?f567940cf190d7a18cf2d7d2cc37cc941875695b03717ce324311f425d20e3bf,gx-no-cache=1521146270480 HTTP/1.1" 200 51
186.103.159.46 - - [15/Mar/2018:17:38:42 -0300] "POST /cormun/servlet/solicitudot?gx-no-cache=1521146270551 HTTP/1.1" 200 255
186.103.159.46 - - [15/Mar/2018:17:38:42 -0300] "GET /cormun/servlet/solicitudot?f567940cf190d7a18cf2d7d2cc37cc94912b1d1fcb103ea1de3b8c150bf4c25f649efaf072480cc264c8acbb81ec1dfc1e34e4fae701bef87859e7751d5cc6e5d8f8608b53ba2f17b21dcf519f119477f173213c5137a6289ac6189a315ea250c81b4f2cfa6273ac3449e03ae4bf3a2165877d3c5b573d6c968c20b18dabb96e1534c110931ba10bf3dd75dc0f50671d0c88bdea8e8927c60a2cc7a79f3597ad2ac8d6a40b36349f7860287be0f26b21e1b910f8a261803fbe74090f0f9d6ea16ab3270ab46897f4786e620e7385b9788b426db74b42adaa7e728567dffeae36b0048220d08413ee7f2bdef79f11ab147841b097e8d652a2b5f5aedbed5664dfa5fcf733cf1113993ab35d5b8581ca9e62e3b05a01a03ae8239714c05b7d5acbf3f3a580e155a627291505a124c465974e2f15fbea3ccff6608d061de431e8b48ec8dcd01eb148f2f71ff3f487aa3f825599c4a1d588d2cc42394c18a5ad94784d65720bab6882670404904d789c078be83fa6d57134b633dfe93b8c27115abd,gx-no-cache=1521146270633 HTTP/1.1" 200 30
186.103.159.46 - - [15/Mar/2018:17:38:46 -0300] "POST /cormun/servlet/solicitudot?gx-no-cache=1521146274181 HTTP/1.1" 200 30
192.168.10.61 - - [15/Mar/2018:17:38:48 -0300] "POST /cormun/servlet/trsolicitudgral?d7c78478203990c8742d7fcc798b4095,,gx-no-cache=1521146163782 HTTP/1.1" 200 17149
186.103.159.46 - - [15/Mar/2018:17:38:52 -0300] "GET /cormun/servlet/prcontratosol?8998455,,,,,MD,,gxPopupLevel%3D0%3B HTTP/1.1" 200 8436
192.168.10.61 - - [15/Mar/2018:17:39:01 -0300] "POST /cormun/servlet/trsolicitudgral?d7c78478203990c8742d7fcc798b4095,,gx-no-cache=1521146177475 HTTP/1.1" 200 7228
192.168.10.61 - - [15/Mar/2018:17:39:22 -0300] "POST /cormun/servlet/trsolicitudgral?d7c78478203990c8742d7fcc798b4095,,gx-no-cache=1521146198324 HTTP/1.1" 200 7228
186.103.159.46 - - [15/Mar/2018:17:39:27 -0300] "POST /cormun/servlet/solicitudot?gx-no-cache=1521146316004 HTTP/1.1" 200 1337
186.103.159.46 - - [15/Mar/2018:17:39:27 -0300] "POST /cormun/servlet/solicitudot?gx-no-cache=1521146316138 HTTP/1.1" 200 38
186.103.159.46 - - [15/Mar/2018:17:39:28 -0300] "GET /cormun/servlet/solicitudot?f567940cf190d7a18cf2d7d2cc37cc94bd5b8493eb47a7961841a7b4bc98ce59b8ab94f3bd93953afacac0b0c9433651b8b163327ecc9bb3e91d02e49687809871e42af1318b39cd2f5d881db26bd79bd488a5ebe208dc87190938220b38f24b08cada518bcf56457c48bf1a5675037ecc4fe228f0adaa5e83d3375eae68b6fa5b5d7eccac1962fe1f781353d6d17848aacd949451e24f7917a8cd17967d6e8a,gx-no-cache=1521146316182 HTTP/1.1" 200 29
186.103.159.46 - - [15/Mar/2018:17:39:28 -0300] "POST /cormun/servlet/solicitudot?gx-no-cache=1521146316221 HTTP/1.1" 200 1319
186.103.159.46 - - [15/Mar/2018:17:39:28 -0300] "POST /cormun/servlet/solicitudot?gx-no-cache=1521146316281 HTTP/1.1" 200 1218
186.103.159.46 - - [15/Mar/2018:17:39:28 -0300] "GET /cormun/servlet/solicitudot?f567940cf190d7a18cf2d7d2cc37cc94c44326a45f0e44784f77cf6bb9f0bb63c3962859a6d18460da38ff832d20e254,gx-no-cache=1521146316337 HTTP/1.1" 200 30
192.168.10.89 - - [15/Mar/2018:17:39:45 -0300] "GET /cormun/servlet/prfichaempleado?,MD,,gxPopupLevel%3D0%3B HTTP/1.1" 200 9326
192.168.10.89 - - [15/Mar/2018:17:39:50 -0300] "POST /cormun/servlet/prfichaempleado?3d029ccfcb6a8618f3fa0069a0c193d6,,MD,,gxPopupLevel%3D0%3B,gx-no-cache=1521146226329 HTTP/1.1" 200 3482
192.168.10.89 - - [15/Mar/2018:17:39:53 -0300] "POST /cormun/servlet/solicitudot?gx-no-cache=1521146229439 HTTP/1.1" 200 3402
192.168.10.89 - - [15/Mar/2018:17:39:54 -0300] "POST /cormun/servlet/solicitudot?3d029ccfcb6a8618f3fa0069a0c193d6,INS,0,0,,gx-no-cache=1521146229643 HTTP/1.1" 200 10537
192.168.10.61 - - [15/Mar/2018:17:39:59 -0300] "GET /cormun/servlet/vesolicitudgral?2018,10089,, HTTP/1.1" 200 8972
192.168.10.61 - - [15/Mar/2018:17:39:59 -0300] "GET /cormun/servlet/vesolicitudgral?2018,10089,, HTTP/1.1" 200 8971
192.168.10.61 - - [15/Mar/2018:17:40:01 -0300] "POST /cormun/servlet/vesolicitudgral?d7c78478203990c8742d7fcc798b4095,2018,10089,,,gx-no-cache=1521146236887 HTTP/1.1" 200 93
192.168.10.61 - - [15/Mar/2018:17:40:01 -0300] "GET /cormun/servlet/hpexe_return? HTTP/1.1" 200 1016
192.168.10.61 - - [15/Mar/2018:17:40:01 -0300] "GET /cormun/servlet/hhome HTTP/1.1" 200 4478
192.168.10.89 - - [15/Mar/2018:17:40:01 -0300] "GET /cormun/servlet/solicitudot?ee8f9a129fb959eaefc2d6a73749c9faf2142b974677314e91d3b040e72db6085f327bb4e38100c646c2b68f5caa4647,gx-no-cache=1521146237350 HTTP/1.1" 200 30
192.168.10.61 - - [15/Mar/2018:17:40:01 -0300] "GET /cormun/servlet/hhome HTTP/1.1" 200 4472
192.168.10.89 - - [15/Mar/2018:17:40:01 -0300] "GET /cormun/servlet/solicitudot?ee8f9a129fb959eaefc2d6a73749c9fa4c3ceabc158d2fe8d519bb942d756f759de5c921b6c3cd97ff983e1bd27540dc6e124c558c5ef0dcf0b0282d2774e9ed,gx-no-cache=1521146237391 HTTP/1.1" 200 30
192.168.10.89 - - [15/Mar/2018:17:40:01 -0300] "GET /cormun/servlet/solicitudot?ee8f9a129fb959eaefc2d6a73749c9fad3f500b53ce62e3ee8de7a15d3ed17d0,gx-no-cache=1521146237411 HTTP/1.1" 200 53
192.168.10.89 - - [15/Mar/2018:17:40:01 -0300] "POST /cormun/servlet/solicitudot?gx-no-cache=1521146237448 HTTP/1.1" 200 240
192.168.10.89 - - [15/Mar/2018:17:40:01 -0300] "GET /cormun/servlet/solicitudot?ee8f9a129fb959eaefc2d6a73749c9fa184e7d8f6a44a12856370d41e8c4f833870465ce5b49bc4e7ad131a85b4e434d305af9d5a4f954d4ab6eeafec3f6754956b2404da1d8d413adfa9b3be829f0101bb4586f3372200e42e2c37250e08e68d2235ef4cf4ec47b528550c3ecd14240983dd5f530191f845d03ce68a362a56eb1867aeb61942568f6311588c8a0d1b12ae6df60aace6eebe96b4be64185fa45e96c45ce57db32f358c5a86161b9bfe11354d94555b31f0b9a8151232b1bd4bd0ca6da943c656ff82a5daaeb54d8f8072d293d946b2c06967d4268335331c76ce60f89ac2f9edf77c1e4a8038feeb61e0a25d1c7f8a8ac070d3867b51cbdf9f25788c00ff41627183a8e072bdf883892adab2669fe942f43348519d686cd2b8375a22ae1a3dbec337dc03761bdbd8d235c87594414257b499951036f7d2c271c1f529d226d68edca47b1cbd00335137385d8d20edced26793b95de5bf1ff4e68204c049efd7992a57fc07e5c909e6b8f5b1b2d1621a33012587aa74a8b5e872b,gx-no-cache=1521146237474 HTTP/1.1" 200 30
192.168.10.89 - - [15/Mar/2018:17:40:07 -0300] "POST /cormun/servlet/solicitudot?gx-no-cache=1521146243540 HTTP/1.1" 200 30
192.168.10.61 - - [15/Mar/2018:17:40:50 -0300] "GET /cormun/servlet/trsolicitudgral? HTTP/1.1" 200 10262
192.168.10.61 - - [15/Mar/2018:17:40:50 -0300] "GET /cormun/servlet/trsolicitudgral? HTTP/1.1" 200 10260
186.79.231.211 - - [15/Mar/2018:17:40:52 -0300] "GET /cormun/servlet/hlogin HTTP/1.1" 200 1737
192.168.10.62 - - [15/Mar/2018:17:42:02 -0300] "GET /cormun/servlet/vesolicitudgral?2018,9722,, HTTP/1.1" 200 9155
192.168.10.62 - - [15/Mar/2018:17:42:02 -0300] "GET /cormun/pexe_scrolldiv.js HTTP/1.1" 404 1009
192.168.10.62 - - [15/Mar/2018:17:42:02 -0300] "GET /cormun/pexe_scrolldiv.js HTTP/1.1" 404 1009
192.168.10.62 - - [15/Mar/2018:17:42:03 -0300] "GET /cormun/servlet/vesolicitudgral?2018,9722,, HTTP/1.1" 200 9155
192.168.10.97 - - [15/Mar/2018:17:42:18 -0300] "GET /cormun/servlet/hlogin HTTP/1.1" 200 1723
192.168.10.97 - - [15/Mar/2018:17:42:18 -0300] "GET /cormun/static/gxtimezone.js?85251 HTTP/1.1" 304 -
192.168.10.97 - - [15/Mar/2018:17:42:21 -0300] "POST /cormun/servlet/hlogin?1d8ed1322843a6a491e441a6cdf25e74,gx-no-cache=1521146495777 HTTP/1.1" 200 90
192.168.10.97 - - [15/Mar/2018:17:42:21 -0300] "GET /cormun/servlet/hpexe_link HTTP/1.1" 200 951
192.168.10.97 - - [15/Mar/2018:17:42:21 -0300] "GET /cormun/servlet/hhome HTTP/1.1" 200 4560
192.168.10.97 - - [15/Mar/2018:17:42:22 -0300] "GET /cormun/servlet/hhome HTTP/1.1" 200 4557
192.168.10.97 - - [15/Mar/2018:17:42:29 -0300] "GET /cormun/servlet/trsolicitudgral? HTTP/1.1" 200 9060
192.168.10.97 - - [15/Mar/2018:17:42:29 -0300] "GET /cormun/static/calendar.js?85251 HTTP/1.1" 304 -
192.168.10.97 - - [15/Mar/2018:17:42:29 -0300] "GET /cormun/static/calendar-setup.js?85251 HTTP/1.1" 304 -
192.168.10.97 - - [15/Mar/2018:17:42:29 -0300] "GET /cormun/static/calendar-es.js?85251 HTTP/1.1" 304 -
192.168.10.97 - - [15/Mar/2018:17:42:29 -0300] "GET /cormun/static/gxdec.js?85251 HTTP/1.1" 304 -
192.168.10.97 - - [15/Mar/2018:17:42:29 -0300] "GET /cormun/servlet/trsolicitudgral? HTTP/1.1" 200 9058
192.168.10.56 - - [15/Mar/2018:17:42:44 -0300] "POST /cormun/servlet/hlogin?bc5529fac364b0cd86ac695e48d8c12d,gx-no-cache=1521146400369 HTTP/1.1" 200 90
192.168.10.56 - - [15/Mar/2018:17:42:44 -0300] "GET /cormun/servlet/hpexe_link HTTP/1.1" 200 954
192.168.10.56 - - [15/Mar/2018:17:42:44 -0300] "GET /cormun/servlet/hhome HTTP/1.1" 200 4494
192.168.10.56 - - [15/Mar/2018:17:42:45 -0300] "GET /cormun/servlet/hhome HTTP/1.1" 200 4490
192.168.10.56 - - [15/Mar/2018:17:42:49 -0300] "GET /cormun/servlet/trsolicitudgral? HTTP/1.1" 200 28692
192.168.10.56 - - [15/Mar/2018:17:42:51 -0300] "GET /cormun/servlet/trsolicitudgral? HTTP/1.1" 200 28690
192.168.10.56 - - [15/Mar/2018:17:42:51 -0300] "GET /cormun/static/menuarrow.gif HTTP/1.1" 404 1015
192.168.10.56 - - [15/Mar/2018:17:43:10 -0300] "POST /cormun/servlet/trsolicitudgral?bc5529fac364b0cd86ac695e48d8c12d,,gx-no-cache=1521146425803 HTTP/1.1" 200 5931
192.168.10.56 - - [15/Mar/2018:17:43:15 -0300] "POST /cormun/servlet/trsolicitudgral?bc5529fac364b0cd86ac695e48d8c12d,,gx-no-cache=1521146430675 HTTP/1.1" 200 5931
192.168.10.89 - - [15/Mar/2018:17:43:20 -0300] "POST /cormun/servlet/solicitudot?gx-no-cache=1521146436112 HTTP/1.1" 200 238
192.168.10.89 - - [15/Mar/2018:17:43:20 -0300] "GET /cormun/servlet/solicitudot?ee8f9a129fb959eaefc2d6a73749c9fa184e7d8f6a44a12856370d41e8c4f833870465ce5b49bc4e7ad131a85b4e434d305af9d5a4f954d4ab6eeafec3f6754956b2404da1d8d413adfa9b3be829f0101bb4586f3372200e42e2c37250e08e68d2235ef4cf4ec47b528550c3ecd14240983dd5f530191f845d03ce68a362a56eb1867aeb61942568f6311588c8a0d1b12ae6df60aace6eebe96b4be64185fa45e96c45ce57db32f358c5a86161b9bfe11354d94555b31f0b9a8151232b1bd4bd0ca6da943c656ff82a5daaeb54d8f8072d293d946b2c06967d4268335331c76ce60f89ac2f9edf77c1e4a8038feeb61e0a25d1c7f8a8ac070d3867b51cbdf9f25788c00ff41627183a8e072bdf883892adab2669fe942f43348519d686cd2b8375a22ae1a3dbec337dc03761bdbd8d235c87594414257b499951036f7d2c271c1f529d226d68edca47b1cbd00335137385d8d20edced26793b95de5bf1ff4e68204c049efd7992a57fc07e5c909e6b8ffdbc6e4184d7aefe6856a5d1348383f1,gx-no-cache=1521146436145 HTTP/1.1" 200 30
192.168.10.89 - - [15/Mar/2018:17:43:20 -0300] "POST /cormun/servlet/solicitudot?gx-no-cache=1521146436165 HTTP/1.1" 200 30
192.168.10.89 - - [15/Mar/2018:17:43:20 -0300] "POST /cormun/servlet/solicitudot?gx-no-cache=1521146436208 HTTP/1.1" 200 1337
192.168.10.89 - - [15/Mar/2018:17:43:20 -0300] "POST /cormun/servlet/solicitudot?gx-no-cache=1521146436312 HTTP/1.1" 200 38
192.168.10.56 - - [15/Mar/2018:17:43:28 -0300] "POST /cormun/servlet/trsolicitudgral?bc5529fac364b0cd86ac695e48d8c12d,,gx-no-cache=1521146443891 HTTP/1.1" 200 8062
192.168.10.61 - - [15/Mar/2018:17:43:30 -0300] "POST /cormun/servlet/trsolicitudgral?d7c78478203990c8742d7fcc798b4095,,gx-no-cache=1521146446441 HTTP/1.1" 200 5859
192.168.10.61 - - [15/Mar/2018:17:43:35 -0300] "POST /cormun/servlet/trsolicitudgral?d7c78478203990c8742d7fcc798b4095,,gx-no-cache=1521146450741 HTTP/1.1" 200 22082
192.168.10.61 - - [15/Mar/2018:17:43:51 -0300] "POST /cormun/servlet/trsolicitudgral?d7c78478203990c8742d7fcc798b4095,,gx-no-cache=1521146467306 HTTP/1.1" 200 7232
192.168.10.97 - - [15/Mar/2018:17:44:00 -0300] "POST /cormun/servlet/trsolicitudgral?1d8ed1322843a6a491e441a6cdf25e74,,gx-no-cache=1521146594582 HTTP/1.1" 200 17284
192.168.10.61 - - [15/Mar/2018:17:44:17 -0300] "POST /cormun/servlet/trsolicitudgral?d7c78478203990c8742d7fcc798b4095,,gx-no-cache=1521146493381 HTTP/1.1" 200 5859
192.168.10.61 - - [15/Mar/2018:17:44:18 -0300] "POST /cormun/servlet/trsolicitudgral?d7c78478203990c8742d7fcc798b4095,,gx-no-cache=1521146494220 HTTP/1.1" 200 5859
192.168.10.61 - - [15/Mar/2018:17:44:20 -0300] "POST /cormun/servlet/trsolicitudgral?d7c78478203990c8742d7fcc798b4095,,gx-no-cache=1521146495659 HTTP/1.1" 200 5859
192.168.10.89 - - [15/Mar/2018:17:44:22 -0300] "GET /cormun/servlet/solicitudot?ee8f9a129fb959eaefc2d6a73749c9fac60c11271e15bfcc2fe48088a97022c3e00b5cc5cdf577bde02e1940539b0b5d9db2fc17cf26d7407a902be24f4d5f4d2a6891551156a2543a3d0dae1b0c514e1fefbd90faaa3886e16ea70692bc7e1f470dc10ac0ccf34b1b855253bebf35b1ccf857f05280ccf4c09d0251b13840e72286673ccae5c1aefb00747f7eabcd2f4b8ab4c78a6c1fe8bcd2aa26ae9af4ba,gx-no-cache=1521146497714 HTTP/1.1" 200 29
192.168.10.89 - - [15/Mar/2018:17:44:22 -0300] "POST /cormun/servlet/solicitudot?gx-no-cache=1521146497752 HTTP/1.1" 200 1321
192.168.10.89 - - [15/Mar/2018:17:44:22 -0300] "POST /cormun/servlet/solicitudot?gx-no-cache=1521146497790 HTTP/1.1" 200 1219
192.168.10.61 - - [15/Mar/2018:17:44:29 -0300] "POST /cormun/servlet/trsolicitudgral?d7c78478203990c8742d7fcc798b4095,,gx-no-cache=1521146504691 HTTP/1.1" 200 7832
192.168.10.89 - - [15/Mar/2018:17:44:43 -0300] "GET /cormun/servlet/solicitudot?ee8f9a129fb959eaefc2d6a73749c9fa3532d31c4f077cc4f09c0b2eb8a6f9932101ab5c9ee48d3bc1ccc2ce8a729d01,gx-no-cache=1521146519214 HTTP/1.1" 200 30
192.168.10.56 - - [15/Mar/2018:17:45:18 -0300] "GET /cormun/servlet/hlogin HTTP/1.1" 200 1740
192.168.10.89 - - [15/Mar/2018:17:45:35 -0300] "POST /cormun/servlet/solicitudot?gx-no-cache=1521146571155 HTTP/1.1" 200 30
192.168.10.89 - - [15/Mar/2018:17:45:43 -0300] "POST /cormun/servlet/solicitudot?3d029ccfcb6a8618f3fa0069a0c193d6,INS,0,0,,gx-no-cache=1521146578598 HTTP/1.1" 200 93
192.168.10.89 - - [15/Mar/2018:17:45:43 -0300] "GET /cormun/servlet/hpexe_return? HTTP/1.1" 200 1008
192.168.10.89 - - [15/Mar/2018:17:45:43 -0300] "GET /cormun/servlet/trsolicitudot HTTP/1.1" 200 9331
192.168.10.89 - - [15/Mar/2018:17:46:20 -0300] "GET /cormun/servlet/solicitudot?INS,0,0, HTTP/1.1" 200 13623
192.168.10.89 - - [15/Mar/2018:17:46:34 -0300] "POST /cormun/servlet/solicitudot?3d029ccfcb6a8618f3fa0069a0c193d6,INS,0,0,,gx-no-cache=1521146629661 HTTP/1.1" 200 93
192.168.10.89 - - [15/Mar/2018:17:46:34 -0300] "GET /cormun/servlet/hpexe_return? HTTP/1.1" 200 1008
192.168.10.89 - - [15/Mar/2018:17:46:34 -0300] "GET /cormun/servlet/trsolicitudot HTTP/1.1" 200 9331
192.168.10.89 - - [15/Mar/2018:17:46:42 -0300] "POST /cormun/servlet/trsolicitudot?3d029ccfcb6a8618f3fa0069a0c193d6,gx-no-cache=1521146638295 HTTP/1.1" 200 6240
192.168.10.62 - - [15/Mar/2018:17:49:14 -0300] "POST /cormun/servlet/vesolicitudgral?e981762a2b0d918fcd7d152dc63de9b6,2018,9722,,,gx-no-cache=1521146790224 HTTP/1.1" 200 90
192.168.10.62 - - [15/Mar/2018:17:49:14 -0300] "GET /cormun/servlet/hpexe_link HTTP/1.1" 200 967
192.168.10.62 - - [15/Mar/2018:17:49:14 -0300] "GET /cormun/servlet/trsolicitudgral HTTP/1.1" 200 11180
192.168.10.62 - - [15/Mar/2018:17:49:15 -0300] "GET /cormun/servlet/trsolicitudgral HTTP/1.1" 200 11179
192.168.10.89 - - [15/Mar/2018:17:50:18 -0300] "POST /cormun/servlet/trsolicitudot?3d029ccfcb6a8618f3fa0069a0c193d6,gx-no-cache=1521146854268 HTTP/1.1" 200 6439
192.168.10.89 - - [15/Mar/2018:17:50:20 -0300] "POST /cormun/servlet/trsolicitudot?3d029ccfcb6a8618f3fa0069a0c193d6,gx-no-cache=1521146856462 HTTP/1.1" 200 5922
192.168.10.89 - - [15/Mar/2018:17:50:21 -0300] "POST /cormun/servlet/trsolicitudot?3d029ccfcb6a8618f3fa0069a0c193d6,gx-no-cache=1521146856789 HTTP/1.1" 200 5865
192.168.10.89 - - [15/Mar/2018:17:50:21 -0300] "GET /cormun/static/Shared/jqueryui/images/ui-icons_82798d_256x240.png HTTP/1.1" 404 1089
192.168.10.89 - - [15/Mar/2018:17:50:21 -0300] "GET /cormun/static/Shared/jqueryui/images/ui-bg_highlight-soft_100_c6c2c8_1x100.png HTTP/1.1" 404 1117
192.168.10.89 - - [15/Mar/2018:17:50:21 -0300] "GET /cormun/static/Shared/jqueryui/images/ui-icons_8d78a5_256x240.png HTTP/1.1" 404 1089
192.168.10.89 - - [15/Mar/2018:17:50:21 -0300] "GET /cormun/static/Shared/jqueryui/images/ui-bg_flat_55_fafafa_40x100.png HTTP/1.1" 404 1097
192.168.10.89 - - [15/Mar/2018:17:50:33 -0300] "GET /cormun/servlet/trautorizarsolicitud? HTTP/1.1" 200 8661
192.168.10.89 - - [15/Mar/2018:17:50:36 -0300] "POST /cormun/servlet/trautorizarsolicitud?3d029ccfcb6a8618f3fa0069a0c193d6,,gx-no-cache=1521146872128 HTTP/1.1" 200 4627
192.168.10.89 - - [15/Mar/2018:17:50:36 -0300] "POST /cormun/servlet/trautorizarsolicitud?3d029ccfcb6a8618f3fa0069a0c193d6,,gx-no-cache=1521146872365 HTTP/1.1" 200 4397
192.168.10.89 - - [15/Mar/2018:17:50:36 -0300] "GET /cormun/static/Shared/jqueryui/images/ui-bg_flat_55_fafafa_40x100.png HTTP/1.1" 404 1097
192.168.10.89 - - [15/Mar/2018:17:50:36 -0300] "GET /cormun/static/Shared/jqueryui/images/ui-bg_highlight-soft_100_c6c2c8_1x100.png HTTP/1.1" 404 1117
192.168.10.89 - - [15/Mar/2018:17:50:36 -0300] "GET /cormun/static/Shared/jqueryui/images/ui-icons_82798d_256x240.png HTTP/1.1" 404 1089
192.168.10.89 - - [15/Mar/2018:17:50:36 -0300] "GET /cormun/static/Shared/jqueryui/images/ui-icons_8d78a5_256x240.png HTTP/1.1" 404 1089
192.168.10.89 - - [15/Mar/2018:17:50:39 -0300] "GET /cormun/servlet/trsolicitudot? HTTP/1.1" 200 8795
192.168.10.89 - - [15/Mar/2018:17:51:06 -0300] "POST /cormun/servlet/trsolicitudot?3d029ccfcb6a8618f3fa0069a0c193d6,,gx-no-cache=1521146901599 HTTP/1.1" 200 6505
192.168.10.89 - - [15/Mar/2018:17:52:30 -0300] "GET /cormun/servlet/hlogin HTTP/1.1" 200 1738
192.168.10.89 - - [15/Mar/2018:17:52:36 -0300] "POST /cormun/servlet/hlogin?3d029ccfcb6a8618f3fa0069a0c193d6,gx-no-cache=1521146992210 HTTP/1.1" 200 90
192.168.10.89 - - [15/Mar/2018:17:52:36 -0300] "GET /cormun/servlet/hpexe_link HTTP/1.1" 200 950
192.168.10.89 - - [15/Mar/2018:17:52:36 -0300] "GET /cormun/servlet/hhome HTTP/1.1" 200 4922
192.168.10.89 - - [15/Mar/2018:17:52:39 -0300] "GET /cormun/servlet/trsolicitudgral? HTTP/1.1" 200 29009
192.168.10.89 - - [15/Mar/2018:17:52:49 -0300] "POST /cormun/servlet/trsolicitudgral?3d029ccfcb6a8618f3fa0069a0c193d6,,gx-no-cache=1521147005026 HTTP/1.1" 200 11056
192.168.10.89 - - [15/Mar/2018:17:53:01 -0300] "GET /cormun/servlet/solicitudgral2?UPD,2018,8581, HTTP/1.1" 200 13370
192.168.10.89 - - [15/Mar/2018:17:53:01 -0300] "GET /cormun/static/gxcfg.js?20181911361990 HTTP/1.1" 304 -
192.168.10.89 - - [15/Mar/2018:17:53:02 -0300] "POST /cormun/servlet/solicitudgral2?gx-no-cache=1521147018473 HTTP/1.1" 200 3894
192.168.10.89 - - [15/Mar/2018:17:53:03 -0300] "GET /cormun/servlet/solicitudgral2?ee8f9a129fb959eaefc2d6a73749c9fa3911e90652acf8ea7ce5f54b9b5e12983698760a0d4a3db8af6543b579d47d1133b62bd3e4c6e412831f12d60253f44b2c5aa2a6417294582dc88ba79c2add52cf5fbbf755a35fc19393f36d92bbb3ef4b813610c2e3a9cec82e9728125aa17c8ecfa65e5c9b6a3e258312a8cc18f78c1d49a3d5bda4874ee6a164ddf5e9e43af5d8e0bfa3994ab5d37fb058549eee1d5d5ad870c90e199c9e43f6dd6f660f40e4b2f275e179c4fe749fb8f9fb9e0ad9875e87a26dfebe00424d3373d993ea494f8143a297c989c94cb97a2cd88b272c5b279767b1b0f77e6d907ff82237e4d6e00b5cc5cdf577bde02e1940539b0b5d3d0fb35eb0fbb6030912b7e9f5903387fd126842a4f74426a8f87ae9a12aefa431b00783f69d03d158e734a709fc9310a88932b8588b683b23d42e4e268e37cb8c599f35eb349106581affc4aa1ccea3,gx-no-cache=1521147018673 HTTP/1.1" 200 255
192.168.10.89 - - [15/Mar/2018:17:53:03 -0300] "POST /cormun/servlet/solicitudgral2?gx-no-cache=1521147018696 HTTP/1.1" 200 1399
192.168.10.89 - - [15/Mar/2018:17:53:03 -0300] "GET /cormun/servlet/solicitudgral2?ee8f9a129fb959eaefc2d6a73749c9fa6717ff24bf848d0794785caf97e421d895adb97a8b5e934544fe0538136650e0062eec2f1a70bee667b632ef97e0ab4f4879385b2e18207029bb8c4ea5d1b4f9faec2ddcb00f28fd1fe6d3996abdf303df605b59de01bcd1caeadc4ff74b4054,gx-no-cache=1521147018755 HTTP/1.1" 200 41
192.168.10.89 - - [15/Mar/2018:17:53:14 -0300] "POST /cormun/servlet/solicitudgral2?3d029ccfcb6a8618f3fa0069a0c193d6,UPD,2018,8581,,gx-no-cache=1521147029925 HTTP/1.1" 200 11847
192.168.10.89 - - [15/Mar/2018:17:53:15 -0300] "GET /cormun/servlet/solicitudgral2?ee8f9a129fb959eaefc2d6a73749c9fac55700c2c5eb9ae823b1fc287f8c8ee10f9f59c1f9cb3f4180e811a3fbc541fde4f36e7a578834d2adc55fa96f1d57b43de677c072d46266c9eb451a1b4e788b0892f7fd678c7104829b988dd88d89ebb54d4f975a80dee6707033690d5784db25c8a226c919f82082a84bd2b19d5e3b899c7925a89145d90e7204f1e6a409a8e644db884e3e0c6e6415b9a5ad172346,gx-no-cache=1521147030960 HTTP/1.1" 200 29
192.168.10.89 - - [15/Mar/2018:17:53:15 -0300] "POST /cormun/servlet/solicitudgral2?gx-no-cache=1521147030987 HTTP/1.1" 200 1296
192.168.10.89 - - [15/Mar/2018:17:53:15 -0300] "POST /cormun/servlet/solicitudgral2?gx-no-cache=1521147031028 HTTP/1.1" 200 1219
192.168.10.89 - - [15/Mar/2018:17:53:24 -0300] "GET /cormun/servlet/solicitudgral2?ee8f9a129fb959eaefc2d6a73749c9fa942d9a98864577b2c92e59ab1e2938fb8556629033abd83ca89b689bf7afd4f96c254a00dcb7eeaa1fe240e147d5c0556c08473b01f68f2f9488914947891d557df14b6853c457c1b83bc1aa9d90e0d1a33a44e881ca31c1c1d0e4429d252ebd6e124c558c5ef0dcf0b0282d2774e9ed,gx-no-cache=1521147040453 HTTP/1.1" 200 30
192.168.10.89 - - [15/Mar/2018:17:53:40 -0300] "POST /cormun/servlet/solicitudgral2?3d029ccfcb6a8618f3fa0069a0c193d6,UPD,2018,8581,,gx-no-cache=1521147056421 HTTP/1.1" 200 93
192.168.10.89 - - [15/Mar/2018:17:53:40 -0300] "GET /cormun/servlet/hpexe_return? HTTP/1.1" 200 1016
192.168.10.89 - - [15/Mar/2018:17:53:41 -0300] "GET /cormun/servlet/trsolicitudgral? HTTP/1.1" 200 14565
186.103.159.46 - - [15/Mar/2018:17:54:35 -0300] "POST /cormun/servlet/solicitudot?7e21d59f701ba5201d658d9b483fea38,INS,0,0,,gx-no-cache=1521147223712 HTTP/1.1" 200 11957
186.103.159.46 - - [15/Mar/2018:17:54:36 -0300] "GET /cormun/static/Shared/jqueryui/images/ui-bg_highlight-soft_100_c6c2c8_1x100.png HTTP/1.1" 404 1117
186.103.159.46 - - [15/Mar/2018:17:54:36 -0300] "GET /cormun/static/Shared/jqueryui/images/ui-icons_82798d_256x240.png HTTP/1.1" 404 1089
186.103.159.46 - - [15/Mar/2018:17:54:36 -0300] "GET /cormun/static/Shared/jqueryui/images/ui-bg_flat_55_994d53_40x100.png HTTP/1.1" 404 1097
186.103.159.46 - - [15/Mar/2018:17:54:36 -0300] "GET /cormun/static/Shared/jqueryui/images/ui-icons_ebccce_256x240.png HTTP/1.1" 404 1089
192.168.10.89 - - [15/Mar/2018:17:54:41 -0300] "POST /cormun/servlet/trsolicitudgral?3d029ccfcb6a8618f3fa0069a0c193d6,,gx-no-cache=1521147116997 HTTP/1.1" 200 115
192.168.10.89 - - [15/Mar/2018:17:54:41 -0300] "GET /cormun/servlet/solicitudotlog?INS,2018,8839,0,REC, HTTP/1.1" 200 6721
