192.168.10.50 - - [15/Mar/2018:08:30:32 -0300] "GET /cormun/servlet/trsolicitudgral? HTTP/1.1" 200 28640
192.168.10.50 - - [15/Mar/2018:08:30:57 -0300] "POST /cormun/servlet/trsolicitudgral?c1f9f1ef29a32051d853c9f30a7e87ac,,gx-no-cache=1521113292914 HTTP/1.1" 200 9311
192.168.10.50 - - [15/Mar/2018:08:31:03 -0300] "POST /cormun/servlet/trsolicitudgral?c1f9f1ef29a32051d853c9f30a7e87ac,,gx-no-cache=1521113299616 HTTP/1.1" 200 8062
192.168.10.50 - - [15/Mar/2018:08:31:16 -0300] "POST /cormun/servlet/trsolicitudgral?c1f9f1ef29a32051d853c9f30a7e87ac,,gx-no-cache=1521113311672 HTTP/1.1" 200 6130
192.168.10.50 - - [15/Mar/2018:08:31:16 -0300] "GET /cormun/static/Shared/jqueryui/images/ui-bg_highlight-soft_100_c6c2c8_1x100.png HTTP/1.1" 404 1117
192.168.10.50 - - [15/Mar/2018:08:31:16 -0300] "GET /cormun/static/Shared/jqueryui/images/ui-icons_82798d_256x240.png HTTP/1.1" 404 1089
192.168.10.50 - - [15/Mar/2018:08:31:16 -0300] "GET /cormun/static/Shared/jqueryui/images/ui-bg_flat_55_fafafa_40x100.png HTTP/1.1" 404 1097
192.168.10.50 - - [15/Mar/2018:08:31:16 -0300] "GET /cormun/static/Shared/jqueryui/images/ui-icons_8d78a5_256x240.png HTTP/1.1" 404 1089
192.168.10.50 - - [15/Mar/2018:08:31:56 -0300] "POST /cormun/servlet/trsolicitudgral?c1f9f1ef29a32051d853c9f30a7e87ac,,gx-no-cache=1521113352007 HTTP/1.1" 200 7254
192.168.10.50 - - [15/Mar/2018:08:32:01 -0300] "POST /cormun/servlet/trsolicitudgral?c1f9f1ef29a32051d853c9f30a7e87ac,,gx-no-cache=1521113357586 HTTP/1.1" 200 6103
192.168.10.96 - - [15/Mar/2018:08:35:20 -0300] "GET /cormun/servlet/hlogin HTTP/1.1" 200 1723
192.168.10.96 - - [15/Mar/2018:08:35:20 -0300] "GET /cormun/static/gxcfg.js?20175251213516 HTTP/1.1" 304 -
192.168.10.96 - - [15/Mar/2018:08:35:20 -0300] "GET /cormun/servlet/hlogin HTTP/1.1" 200 1723
192.168.10.96 - - [15/Mar/2018:08:36:07 -0300] "POST /cormun/servlet/hlogin?bb859f8bb910503379861fb4e0e8bd60,gx-no-cache=1521113603462 HTTP/1.1" 200 90
192.168.10.96 - - [15/Mar/2018:08:36:07 -0300] "GET /cormun/servlet/hpexe_link HTTP/1.1" 200 954
192.168.10.96 - - [15/Mar/2018:08:36:07 -0300] "GET /cormun/static/gxcfg.js?20177612121792 HTTP/1.1" 304 -
192.168.10.96 - - [15/Mar/2018:08:36:07 -0300] "GET /cormun/servlet/hhome HTTP/1.1" 200 4705
192.168.10.96 - - [15/Mar/2018:08:36:07 -0300] "GET /cormun/static/gxcfg.js?20175251212442 HTTP/1.1" 304 -
192.168.10.96 - - [15/Mar/2018:08:36:08 -0300] "GET /cormun/servlet/hhome HTTP/1.1" 200 4703
200.73.230.197 - - [15/Mar/2018:08:41:19 -0300] "GET /cormun/servlet/trsolicitudot? HTTP/1.1" 200 7131
200.73.230.197 - - [15/Mar/2018:08:41:19 -0300] "GET /cormun/static/gxui/gxui-all.css?120300 HTTP/1.1" 200 2179
200.73.230.197 - - [15/Mar/2018:08:41:20 -0300] "GET /cormun/static/calendar-system.css?85620 HTTP/1.1" 200 5572
200.73.230.197 - - [15/Mar/2018:08:41:20 -0300] "GET /cormun/static/Resources/Spanish/PXTools.css?1255365 HTTP/1.1" 200 89042
200.73.230.197 - - [15/Mar/2018:08:41:20 -0300] "GET /cormun/static/gxcfg.js?2017111422585916 HTTP/1.1" 200 953
200.73.230.197 - - [15/Mar/2018:08:41:20 -0300] "GET /cormun/static/calendar.js?85251 HTTP/1.1" 200 26246
200.73.230.197 - - [15/Mar/2018:08:41:20 -0300] "GET /cormun/static/calendar-setup.js?85251 HTTP/1.1" 200 2588
200.73.230.197 - - [15/Mar/2018:08:41:20 -0300] "GET /cormun/static/calendar-es.js?85251 HTTP/1.1" 200 1901
200.73.230.197 - - [15/Mar/2018:08:41:20 -0300] "GET /cormun/static/gxdec.js?85251 HTTP/1.1" 200 19579
200.73.230.197 - - [15/Mar/2018:08:41:20 -0300] "GET /cormun/static/trsolicitudot.js?201711142259839 HTTP/1.1" 200 54041
200.73.230.197 - - [15/Mar/2018:08:41:21 -0300] "GET /cormun/static/Shared/ext/resources/css/ext-all.css?215870 HTTP/1.1" 200 416045
200.73.230.197 - - [15/Mar/2018:08:41:21 -0300] "GET /cormun/static/Resources/PXTools/calendar.png HTTP/1.1" 200 1306
200.73.230.197 - - [15/Mar/2018:08:41:21 -0300] "GET /cormun/static/Resources/PXToolsGridFirstDisabled.gif HTTP/1.1" 200 100
200.73.230.197 - - [15/Mar/2018:08:41:21 -0300] "GET /cormun/static/Resources/PXToolsDataSearch.png HTTP/1.1" 200 419
200.73.230.197 - - [15/Mar/2018:08:41:21 -0300] "GET /cormun/static/Resources/PXToolsGridPreviousDisabled.gif HTTP/1.1" 200 90
200.73.230.197 - - [15/Mar/2018:08:41:21 -0300] "GET /cormun/static/Resources/PXToolsGridNextDisabled.gif HTTP/1.1" 200 90
200.73.230.197 - - [15/Mar/2018:08:41:21 -0300] "GET /cormun/static/Resources/PXToolsGridNew.png HTTP/1.1" 200 2949
200.73.230.197 - - [15/Mar/2018:08:41:21 -0300] "GET /cormun/static/Resources/PXToolsGridLastDisabled.gif HTTP/1.1" 200 98
200.73.230.197 - - [15/Mar/2018:08:41:21 -0300] "GET /cormun/static/Resources/PXToolsGridPage.gif HTTP/1.1" 200 725
200.73.230.197 - - [15/Mar/2018:08:41:21 -0300] "GET /cormun/static/Resources/PXToolsActionExcel.png HTTP/1.1" 200 3187
200.73.230.197 - - [15/Mar/2018:08:41:22 -0300] "GET /cormun/static/Resources/desc.gif HTTP/1.1" 200 65
200.73.230.197 - - [15/Mar/2018:08:41:22 -0300] "GET /cormun/static/Resources/asc.gif HTTP/1.1" 200 67
200.73.230.197 - - [15/Mar/2018:08:41:22 -0300] "GET /cormun/servlet/trsolicitudot? HTTP/1.1" 200 7131
200.73.230.197 - - [15/Mar/2018:08:41:23 -0300] "GET /cormun/static/Shared/ext/resources/themes/images/default/panel/bg-headersPanel.png HTTP/1.1" 200 255
200.73.230.197 - - [15/Mar/2018:08:41:23 -0300] "GET /cormun/static/Shared/ext/resources/themes/images/default/tools/tool-sprites.gif HTTP/1.1" 200 5434
200.73.230.197 - - [15/Mar/2018:08:41:47 -0300] "GET /cormun/servlet/solicitudot?INS,0,0, HTTP/1.1" 200 13358
200.73.230.197 - - [15/Mar/2018:08:41:47 -0300] "GET /cormun/static/gxcfg.js?201812313224582 HTTP/1.1" 200 953
200.73.230.197 - - [15/Mar/2018:08:41:47 -0300] "GET /cormun/static/Resources/prompt.gif HTTP/1.1" 200 902
200.73.230.197 - - [15/Mar/2018:08:41:47 -0300] "GET /cormun/static/solicitudot.js?201812313224831 HTTP/1.1" 200 72336
200.73.230.197 - - [15/Mar/2018:08:41:48 -0300] "GET /cormun/servlet/solicitudot?INS,0,0, HTTP/1.1" 200 13363
200.73.230.197 - - [15/Mar/2018:08:41:59 -0300] "POST /cormun/servlet/solicitudot?gx-no-cache=1521114069044 HTTP/1.1" 200 3412
200.73.230.197 - - [15/Mar/2018:08:42:00 -0300] "POST /cormun/servlet/solicitudot?b20f71aa67ef385a4af4209f6f600451,INS,0,0,,gx-no-cache=1521114069517 HTTP/1.1" 200 10393
200.73.230.197 - - [15/Mar/2018:08:42:06 -0300] "GET /cormun/servlet/solicitudot?eee459f9e2a6728466db9b4ed50477def7d286530f8997f892584e73b06ba7370442bbff4945fb902db44dfe23d332bb,gx-no-cache=1521114076194 HTTP/1.1" 200 30
200.73.230.197 - - [15/Mar/2018:08:42:07 -0300] "GET /cormun/servlet/solicitudot?eee459f9e2a6728466db9b4ed50477de3b9a9742df19ca5238de66c0d46c3ed95bea24681563b5202e85433b5c9306b90442bbff4945fb902db44dfe23d332bb,gx-no-cache=1521114076380 HTTP/1.1" 200 30
200.73.230.197 - - [15/Mar/2018:08:42:07 -0300] "GET /cormun/servlet/solicitudot?eee459f9e2a6728466db9b4ed50477ded3af529af4fa8a6950ba6529576fc58a,gx-no-cache=1521114076848 HTTP/1.1" 200 53
200.73.230.197 - - [15/Mar/2018:08:42:07 -0300] "POST /cormun/servlet/solicitudot?gx-no-cache=1521114077023 HTTP/1.1" 200 297
200.73.230.197 - - [15/Mar/2018:08:42:07 -0300] "GET /cormun/servlet/solicitudot?eee459f9e2a6728466db9b4ed50477dec90af4c2ca14a6c4bf4f8e3d3296617e98611cc02cc6e6016750326869d1473188c2ae1eb3db544df4f855325bb23a0bc4e2cf922c8d18a3ff25fcb3eece07de4cbc015628807017dc718157ca09c1af7cb419155bb0f40ff94b1a79955d4b5f468ec643709c9a58b241dbdfbd99fa7352d9fc29ad5565a6a1916eb750144c795c3156485ad36a23671e60054c86deb311e8eeb7f497cf0d073a576f20546704bf554ebe4c7644f8d95b9cf17b4907a28284525d074a39db8a941978faf0fc7bf83541fee283b3047400ba906cc7b46e57685aae7f6fe2da83c895551c4fd1bf6fe9fd6498f4ec229583472e21cf9c4985ea798f8fed609d0418486a72dfc2edc191fc31dcbc5fc22a28a329104f2b11b3c10d94b76f87c9662f34fa1a76042e4945d5e943de7cc07d01af372e7745ba91e214ca31d19dc05fca6346e713c19fb971f68bc7cff3139fbb4e6caa616a7aafd5bc6917f7363d5a5c9a4c90f177f5fd52c6bb90c141dae9d4c43eee4daf7df5f256e4b743018c806e10ef1e67448e,gx-no-cache=1521114077236 HTTP/1.1" 200 30
200.73.230.197 - - [15/Mar/2018:08:42:10 -0300] "POST /cormun/servlet/solicitudot?gx-no-cache=1521114079890 HTTP/1.1" 200 30
200.73.230.197 - - [15/Mar/2018:08:42:17 -0300] "POST /cormun/servlet/solicitudot?gx-no-cache=1521114086952 HTTP/1.1" 200 1337
200.73.230.197 - - [15/Mar/2018:08:42:17 -0300] "POST /cormun/servlet/solicitudot?gx-no-cache=1521114087143 HTTP/1.1" 200 38
192.168.10.89 - - [15/Mar/2018:08:42:31 -0300] "GET /cormun/servlet/hlogin HTTP/1.1" 200 1721
192.168.10.89 - - [15/Mar/2018:08:42:31 -0300] "GET /cormun/static/gxcfg.js?20175251213516 HTTP/1.1" 304 -
200.73.230.197 - - [15/Mar/2018:08:42:37 -0300] "GET /cormun/servlet/solicitudot?eee459f9e2a6728466db9b4ed50477de679f7f92399d673452fde74bf27d43cdd8f7785850a2bfd30afa4814c5d7de0af5d2f11c288616aaeec17583c25531632d942e1cfd46509f8a0e10d9ad4818086d221dada2f211cbf7ce1923d9cf86e69370c9a9323501fe0449eec768182bc3,gx-no-cache=1521114107478 HTTP/1.1" 200 29
200.73.230.197 - - [15/Mar/2018:08:42:38 -0300] "POST /cormun/servlet/solicitudot?gx-no-cache=1521114107648 HTTP/1.1" 200 1318
200.73.230.197 - - [15/Mar/2018:08:42:38 -0300] "POST /cormun/servlet/solicitudot?gx-no-cache=1521114107838 HTTP/1.1" 200 1218
200.73.230.197 - - [15/Mar/2018:08:42:38 -0300] "GET /cormun/static/menuarrow.gif HTTP/1.1" 404 1015
200.73.230.197 - - [15/Mar/2018:08:42:41 -0300] "POST /cormun/servlet/solicitudot?gx-no-cache=1521114111127 HTTP/1.1" 200 1318
200.73.230.197 - - [15/Mar/2018:08:42:41 -0300] "POST /cormun/servlet/solicitudot?gx-no-cache=1521114111324 HTTP/1.1" 200 1218
192.168.10.89 - - [15/Mar/2018:08:42:43 -0300] "POST /cormun/servlet/hlogin?f84a6d7f86a88bb028bda60fd802c1ce,gx-no-cache=1521113999117 HTTP/1.1" 200 90
192.168.10.89 - - [15/Mar/2018:08:42:43 -0300] "GET /cormun/servlet/hpexe_link HTTP/1.1" 200 953
192.168.10.89 - - [15/Mar/2018:08:42:43 -0300] "GET /cormun/static/gxcfg.js?20177612121792 HTTP/1.1" 304 -
200.73.230.197 - - [15/Mar/2018:08:42:43 -0300] "GET /cormun/servlet/solicitudot?eee459f9e2a6728466db9b4ed50477de2dab0e180a825a6a4c95ba043510516a83ce83e3f4e70d94e47d54375f66809e,gx-no-cache=1521114113168 HTTP/1.1" 200 30
192.168.10.89 - - [15/Mar/2018:08:42:43 -0300] "GET /cormun/servlet/hhome HTTP/1.1" 200 4922
192.168.10.89 - - [15/Mar/2018:08:42:43 -0300] "GET /cormun/static/gxcfg.js?20175251212442 HTTP/1.1" 304 -
192.168.10.89 - - [15/Mar/2018:08:42:48 -0300] "GET /cormun/servlet/trsolicitudgral? HTTP/1.1" 200 29160
192.168.10.89 - - [15/Mar/2018:08:42:48 -0300] "GET /cormun/static/gxcfg.js?201813119461163 HTTP/1.1" 304 -
192.168.10.89 - - [15/Mar/2018:08:43:01 -0300] "POST /cormun/servlet/trsolicitudgral?f84a6d7f86a88bb028bda60fd802c1ce,,gx-no-cache=1521114016802 HTTP/1.1" 200 7278
192.168.10.89 - - [15/Mar/2018:08:43:11 -0300] "POST /cormun/servlet/trsolicitudgral?f84a6d7f86a88bb028bda60fd802c1ce,,gx-no-cache=1521114027505 HTTP/1.1" 200 7886
192.168.10.89 - - [15/Mar/2018:08:45:38 -0300] "POST /cormun/servlet/trsolicitudgral?f84a6d7f86a88bb028bda60fd802c1ce,,gx-no-cache=1521114174200 HTTP/1.1" 200 24174
192.168.10.89 - - [15/Mar/2018:08:45:56 -0300] "POST /cormun/servlet/trsolicitudgral?f84a6d7f86a88bb028bda60fd802c1ce,,gx-no-cache=1521114192028 HTTP/1.1" 200 13785
207.46.13.55 - - [15/Mar/2018:08:46:42 -0300] "GET /cormun/servlet/trcontratounov2 HTTP/1.1" 200 6025
207.46.13.44 - - [15/Mar/2018:08:47:00 -0300] "GET /cormun/static/Resources/PXToolsHeaderBackground2.png HTTP/1.1" 200 1174
207.46.13.176 - - [15/Mar/2018:08:47:03 -0300] "GET /cormun/static/Resources/PXToolsButtonBackground2.png HTTP/1.1" 200 1181
207.46.13.176 - - [15/Mar/2018:08:47:04 -0300] "GET /cormun/static/Resources/PXToolsGridPreviousDisabled.gif HTTP/1.1" 200 90
207.46.13.176 - - [15/Mar/2018:08:47:04 -0300] "GET /cormun/static/trcontratounov2.js?201752512125146 HTTP/1.1" 200 38486
186.103.157.42 - - [15/Mar/2018:08:47:06 -0300] "GET /cormun/servlet/trsolicitudadjuntos?2017,6996, HTTP/1.1" 200 8838
186.103.157.42 - - [15/Mar/2018:08:47:06 -0300] "GET /cormun/static/gxtimezone.js?85251 HTTP/1.1" 304 -
186.103.157.42 - - [15/Mar/2018:08:47:06 -0300] "GET /cormun/static/calendar-setup.js?85251 HTTP/1.1" 304 -
186.103.157.42 - - [15/Mar/2018:08:47:06 -0300] "GET /cormun/static/calendar.js?85251 HTTP/1.1" 304 -
186.103.157.42 - - [15/Mar/2018:08:47:06 -0300] "GET /cormun/static/calendar-es.js?85251 HTTP/1.1" 304 -
186.103.157.42 - - [15/Mar/2018:08:47:06 -0300] "GET /cormun/static/gxcfg.js?20177612135366 HTTP/1.1" 304 -
186.103.157.42 - - [15/Mar/2018:08:47:06 -0300] "GET /cormun/static/messages.spa.js?85251 HTTP/1.1" 304 -
186.103.157.42 - - [15/Mar/2018:08:47:07 -0300] "GET /cormun/static/gxdec.js?85251 HTTP/1.1" 304 -
207.46.13.55 - - [15/Mar/2018:08:47:07 -0300] "GET /cormun/static/Resources/PXToolsButtonLeft21.png HTTP/1.1" 200 1287
207.46.13.55 - - [15/Mar/2018:08:47:07 -0300] "GET /cormun/static/Resources/PXToolsButtonRight21.png HTTP/1.1" 200 1283
186.103.157.42 - - [15/Mar/2018:08:47:08 -0300] "GET /cormun/servlet/hlogin HTTP/1.1" 200 1749
186.103.157.42 - - [15/Mar/2018:08:47:08 -0300] "GET /cormun/servlet/trsolicitudadjuntos?2017,6996, HTTP/1.1" 200 8857
186.103.157.42 - - [15/Mar/2018:08:47:08 -0300] "GET /cormun/static/gxcfg.js?20175251213516 HTTP/1.1" 200 953
186.103.157.42 - - [15/Mar/2018:08:47:08 -0300] "GET /cormun/static/hlogin.js?20175251213537 HTTP/1.1" 200 2136
186.103.157.42 - - [15/Mar/2018:08:47:08 -0300] "GET /cormun/static/Resources/Spanish/PXTools.css?11423723 HTTP/1.1" 200 89042
186.103.157.42 - - [15/Mar/2018:08:47:08 -0300] "GET /cormun/static/Resources/ComunLogin.png HTTP/1.1" 200 17326
186.103.157.42 - - [15/Mar/2018:08:47:08 -0300] "GET /cormun/static/Resources/PXToolsLoginTop.png HTTP/1.1" 200 1337
186.103.157.42 - - [15/Mar/2018:08:47:08 -0300] "GET /cormun/static/Resources/PXToolsButtonBackground2.png HTTP/1.1" 200 1181
186.103.157.42 - - [15/Mar/2018:08:47:08 -0300] "GET /cormun/static/Resources/PXToolsButtonLeft21.png HTTP/1.1" 200 1287
186.103.157.42 - - [15/Mar/2018:08:47:08 -0300] "GET /cormun/static/Resources/PXToolsLoginBackground.png HTTP/1.1" 200 1164
186.103.157.42 - - [15/Mar/2018:08:47:08 -0300] "GET /cormun/static/Resources/PXToolsButtonRight21.png HTTP/1.1" 200 1283
186.103.157.42 - - [15/Mar/2018:08:47:08 -0300] "GET /cormun/static/Resources/PXToolsLoginBottom.png HTTP/1.1" 200 1389
186.103.157.42 - - [15/Mar/2018:08:47:09 -0300] "GET /favicon.ico HTTP/1.1" 200 21630
186.103.157.42 - - [15/Mar/2018:08:47:10 -0300] "POST /cormun/servlet/hlogin?3a3fc7757d00130add6e794633329e9e,gx-no-cache=1521114386315 HTTP/1.1" 200 90
186.103.157.42 - - [15/Mar/2018:08:47:10 -0300] "GET /cormun/servlet/hpexe_link HTTP/1.1" 200 969
186.103.157.42 - - [15/Mar/2018:08:47:10 -0300] "GET /cormun/static/hpexe_link.js?20177612121795 HTTP/1.1" 200 625
186.103.157.42 - - [15/Mar/2018:08:47:10 -0300] "GET /cormun/static/gxcfg.js?20177612121792 HTTP/1.1" 200 953
186.103.157.42 - - [15/Mar/2018:08:47:10 -0300] "GET /cormun/servlet/trsolicitudadjuntos?2017,6996, HTTP/1.1" 200 9721
186.103.157.42 - - [15/Mar/2018:08:47:12 -0300] "GET /cormun/static/SmoothNavMenu/resources/images/down.gif HTTP/1.1" 200 854
186.103.157.42 - - [15/Mar/2018:08:47:12 -0300] "GET /cormun/static/SmoothNavMenu/resources/images/right.gif HTTP/1.1" 200 860
186.103.157.42 - - [15/Mar/2018:08:47:12 -0300] "GET /cormun/servlet/trsolicitudadjuntos?2017,6996, HTTP/1.1" 200 9728
186.103.157.42 - - [15/Mar/2018:08:47:23 -0300] "GET /cormun/servlet/trpermisosgoce? HTTP/1.1" 200 7193
186.103.157.42 - - [15/Mar/2018:08:47:23 -0300] "GET /cormun/static/gxcfg.js?20177612163875 HTTP/1.1" 200 953
186.103.157.42 - - [15/Mar/2018:08:47:23 -0300] "GET /cormun/static/trpermisosgoce.js?20177612164335 HTTP/1.1" 200 35904
186.103.157.42 - - [15/Mar/2018:08:47:23 -0300] "GET /cormun/static/Resources/PXTools/calendar.png HTTP/1.1" 200 1306
186.103.157.42 - - [15/Mar/2018:08:47:23 -0300] "GET /cormun/static/Resources/PXToolsDataSearch.png HTTP/1.1" 200 419
186.103.157.42 - - [15/Mar/2018:08:47:24 -0300] "GET /cormun/static/Resources/PXToolsActionExcel.png HTTP/1.1" 200 3187
186.103.157.42 - - [15/Mar/2018:08:47:24 -0300] "GET /cormun/servlet/trpermisosgoce? HTTP/1.1" 200 7180
186.103.157.42 - - [15/Mar/2018:08:47:28 -0300] "GET /cormun/servlet/permisogoce?INS,0,,, HTTP/1.1" 200 7119
186.103.157.42 - - [15/Mar/2018:08:47:29 -0300] "GET /cormun/static/gxcfg.js?201776126440 HTTP/1.1" 200 953
186.103.157.42 - - [15/Mar/2018:08:47:29 -0300] "GET /cormun/static/Resources/prompt.gif HTTP/1.1" 200 902
186.103.157.42 - - [15/Mar/2018:08:47:29 -0300] "GET /cormun/static/permisogoce.js?2017761264459 HTTP/1.1" 200 27897
40.77.167.126 - - [15/Mar/2018:08:47:29 -0300] "GET /cormun/static/Resources/PXToolsAddSelectedAction.png HTTP/1.1" 200 3660
186.103.157.42 - - [15/Mar/2018:08:47:30 -0300] "GET /cormun/servlet/permisogoce?INS,0,,, HTTP/1.1" 200 7121
40.77.167.126 - - [15/Mar/2018:08:47:30 -0300] "GET /cormun/static/Resources/PXToolsDataTitle.png HTTP/1.1" 200 1173
186.103.157.42 - - [15/Mar/2018:08:47:32 -0300] "GET /cormun/static/Resources/resize.gif HTTP/1.1" 200 77
186.103.157.42 - - [15/Mar/2018:08:47:32 -0300] "GET /cormun/servlet/prfichaempleado?,MD,,gxPopupLevel%3D0%3B HTTP/1.1" 200 9429
186.103.157.42 - - [15/Mar/2018:08:47:32 -0300] "GET /cormun/static/gxcfg.js?20177612134814 HTTP/1.1" 200 953
186.103.157.42 - - [15/Mar/2018:08:47:32 -0300] "GET /cormun/static/Resources/PXToolsMenuSearch.png HTTP/1.1" 200 2914
186.103.157.42 - - [15/Mar/2018:08:47:32 -0300] "GET /cormun/static/prfichaempleado.js?20177612134999 HTTP/1.1" 200 16006
186.103.157.42 - - [15/Mar/2018:08:47:32 -0300] "GET /cormun/static/hmpwkw011.js?20177612121862 HTTP/1.1" 200 1968
186.103.157.42 - - [15/Mar/2018:08:47:32 -0300] "GET /cormun/static/menusearch.js?201610171694467 HTTP/1.1" 200 1424
186.103.157.42 - - [15/Mar/2018:08:47:32 -0300] "GET /cormun/static/Resources/PXToolsMenuSearchCancel.png HTTP/1.1" 200 2972
186.103.157.42 - - [15/Mar/2018:08:47:40 -0300] "POST /cormun/servlet/prfichaempleado?3a3fc7757d00130add6e794633329e9e,,MD,,gxPopupLevel%3D0%3B,gx-no-cache=1521114416615 HTTP/1.1" 200 3737
186.103.157.42 - - [15/Mar/2018:08:47:45 -0300] "GET /cormun/servlet/permisogoce?8a379413c174d6b2de090a878fb240169d49c9d0e9c646dacf36498ff8979ed1c46f23414d1dfce7b684e627c6504204f001742e465c37954203c9ce9591a1ef,gx-no-cache=1521114421287 HTTP/1.1" 200 82
186.103.157.42 - - [15/Mar/2018:08:47:45 -0300] "GET /cormun/static/menuarrow.gif HTTP/1.1" 404 1015
200.73.230.197 - - [15/Mar/2018:08:47:46 -0300] "POST /cormun/servlet/solicitudot?gx-no-cache=1521114415858 HTTP/1.1" 200 30
200.73.230.197 - - [15/Mar/2018:08:47:56 -0300] "POST /cormun/servlet/solicitudot?b20f71aa67ef385a4af4209f6f600451,INS,0,0,,gx-no-cache=1521114425479 HTTP/1.1" 200 93
200.73.230.197 - - [15/Mar/2018:08:47:56 -0300] "GET /cormun/servlet/hpexe_return? HTTP/1.1" 200 1008
200.73.230.197 - - [15/Mar/2018:08:47:56 -0300] "GET /cormun/static/gxcfg.js?2016101716175148 HTTP/1.1" 200 953
200.73.230.197 - - [15/Mar/2018:08:47:56 -0300] "GET /cormun/static/hpexe_return.js?2016101716175153 HTTP/1.1" 200 1633
200.73.230.197 - - [15/Mar/2018:08:47:56 -0300] "GET /cormun/static/Resources/Spanish/PXTools.css?167811 HTTP/1.1" 200 89042
200.73.230.197 - - [15/Mar/2018:08:47:57 -0300] "GET /cormun/servlet/trsolicitudot HTTP/1.1" 200 8497
200.73.230.197 - - [15/Mar/2018:08:47:58 -0300] "GET /cormun//static/Resources/PXToolsActionView.png HTTP/1.1" 200 2995
200.73.230.197 - - [15/Mar/2018:08:47:58 -0300] "GET /cormun//static/Resources/PXToolsGridUpdate.png HTTP/1.1" 200 2984
200.73.230.197 - - [15/Mar/2018:08:47:58 -0300] "GET /cormun/servlet/trsolicitudot HTTP/1.1" 200 8493
200.73.230.197 - - [15/Mar/2018:08:47:58 -0300] "GET /cormun//static/Resources/PXToolsGridDelete.png HTTP/1.1" 200 357
200.73.230.197 - - [15/Mar/2018:08:47:58 -0300] "GET /cormun//static/Resources/PXToolsRemoveAllAction.png HTTP/1.1" 200 3558
200.73.230.197 - - [15/Mar/2018:08:47:58 -0300] "GET /cormun//static/Resources/PXTools/ActionInsert.png HTTP/1.1" 200 1482
186.103.157.42 - - [15/Mar/2018:08:48:08 -0300] "GET /cormun/servlet/permisogoce?8a379413c174d6b2de090a878fb240164012ec2a9f10427ad94f29cdb873b28640e53c1523ed7045d790fb80169931b4468bcb580b1c76c0dd26a2f629b1b69f,gx-no-cache=1521114444098 HTTP/1.1" 200 47
186.103.157.42 - - [15/Mar/2018:08:48:08 -0300] "POST /cormun/servlet/permisogoce?3a3fc7757d00130add6e794633329e9e,INS,0,,,,gx-no-cache=1521114444246 HTTP/1.1" 200 93
186.103.157.42 - - [15/Mar/2018:08:48:08 -0300] "GET /cormun/servlet/hpexe_return? HTTP/1.1" 200 1011
186.103.157.42 - - [15/Mar/2018:08:48:08 -0300] "GET /cormun/static/hpexe_return.js?2016101716175153 HTTP/1.1" 200 1633
186.103.157.42 - - [15/Mar/2018:08:48:08 -0300] "GET /cormun/static/gxcfg.js?2016101716175148 HTTP/1.1" 200 953
186.103.157.42 - - [15/Mar/2018:08:48:08 -0300] "GET /cormun/static/Resources/Spanish/PXTools.css?167811 HTTP/1.1" 200 89042
186.103.157.42 - - [15/Mar/2018:08:48:09 -0300] "GET /cormun/servlet/trpermisosgoce HTTP/1.1" 200 8040
186.103.157.42 - - [15/Mar/2018:08:48:10 -0300] "GET /cormun//static/Resources/PXToolsGridDisplay.png HTTP/1.1" 200 362
186.103.157.42 - - [15/Mar/2018:08:48:10 -0300] "GET /cormun//static/Resources/PXToolsGridUpdate.png HTTP/1.1" 200 2984
186.103.157.42 - - [15/Mar/2018:08:48:10 -0300] "GET /cormun/servlet/trpermisosgoce HTTP/1.1" 200 8037
186.103.157.42 - - [15/Mar/2018:08:48:10 -0300] "GET /cormun//static/Resources/PXToolsHeaderHelp.png HTTP/1.1" 200 4055
186.103.157.42 - - [15/Mar/2018:08:48:10 -0300] "GET /cormun//static/Resources/PXToolsActionPrint.png HTTP/1.1" 200 3317
186.103.157.42 - - [15/Mar/2018:08:48:10 -0300] "GET /cormun//static/Resources/PXTools/ActionInsert.png HTTP/1.1" 200 1482
186.103.157.42 - - [15/Mar/2018:08:48:10 -0300] "GET /cormun//static/Resources/PXToolsHeaderFavorites.png HTTP/1.1" 200 2744
186.103.157.42 - - [15/Mar/2018:08:48:10 -0300] "GET /cormun//static/Resources/PXToolsGridDelete.png HTTP/1.1" 200 357
186.103.157.246 - - [15/Mar/2018:08:48:29 -0300] "GET /cormun/servlet/trlicencias? HTTP/1.1" 200 8951
186.103.157.246 - - [15/Mar/2018:08:48:29 -0300] "GET /cormun/static/gxcfg.js?20176272054169 HTTP/1.1" 304 -
186.103.157.246 - - [15/Mar/2018:08:48:30 -0300] "GET /cormun/servlet/trlicencias? HTTP/1.1" 200 8950
186.103.157.246 - - [15/Mar/2018:08:48:55 -0300] "GET /cormun/servlet/licenciaspermisos?INS,0,,, HTTP/1.1" 200 7475
186.103.157.246 - - [15/Mar/2018:08:48:56 -0300] "GET /cormun/servlet/licenciaspermisos?INS,0,,, HTTP/1.1" 200 7483
186.103.157.42 - - [15/Mar/2018:08:48:59 -0300] "GET /cormun/servlet/trlicencias? HTTP/1.1" 200 9264
186.103.157.42 - - [15/Mar/2018:08:48:59 -0300] "GET /cormun/static/gxcfg.js?20176272054169 HTTP/1.1" 200 953
186.103.157.42 - - [15/Mar/2018:08:48:59 -0300] "GET /cormun/static/trlicencias.js?20176272054837 HTTP/1.1" 200 41883
186.103.157.42 - - [15/Mar/2018:08:48:59 -0300] "GET /cormun/static/Resources/Spanish/PXTools.css?17315867 HTTP/1.1" 200 89042
186.103.157.42 - - [15/Mar/2018:08:49:00 -0300] "GET /cormun/servlet/trlicencias? HTTP/1.1" 200 9263
186.103.157.42 - - [15/Mar/2018:08:49:10 -0300] "GET /cormun/servlet/licenciaspermisos?INS,0,,, HTTP/1.1" 200 7790
186.103.157.42 - - [15/Mar/2018:08:49:11 -0300] "GET /cormun/static/gxcfg.js?201762917281167 HTTP/1.1" 200 953
186.103.157.42 - - [15/Mar/2018:08:49:11 -0300] "GET /cormun/static/licenciaspermisos.js?201762917281260 HTTP/1.1" 200 37491
186.103.157.42 - - [15/Mar/2018:08:49:11 -0300] "GET /cormun/servlet/licenciaspermisos?INS,0,,, HTTP/1.1" 200 7798
186.103.157.42 - - [15/Mar/2018:08:49:14 -0300] "GET /cormun/servlet/prfichaempleado?,MD,,gxPopupLevel%3D0%3B HTTP/1.1" 200 9429
186.103.157.42 - - [15/Mar/2018:08:49:20 -0300] "POST /cormun/servlet/prfichaempleado?3a3fc7757d00130add6e794633329e9e,,MD,,gxPopupLevel%3D0%3B,gx-no-cache=1521114516545 HTTP/1.1" 200 3570
186.103.157.42 - - [15/Mar/2018:08:49:25 -0300] "GET /cormun/servlet/licenciaspermisos?8a379413c174d6b2de090a878fb2401682e3bb1af69bbe865744bf99a54b97e1385d4371b58a871a6dcf466db3178027,gx-no-cache=1521114521969 HTTP/1.1" 200 98
186.103.157.42 - - [15/Mar/2018:08:49:26 -0300] "POST /cormun/servlet/licenciaspermisos?3a3fc7757d00130add6e794633329e9e,INS,0,,,,gx-no-cache=1521114522064 HTTP/1.1" 200 4890
186.103.157.246 - - [15/Mar/2018:08:49:46 -0300] "POST /cormun/servlet/licenciaspermisos?cfc789882a3aacbf349581cc28b48615,INS,0,,,,gx-no-cache=1521114530347 HTTP/1.1" 200 4863
186.103.157.246 - - [15/Mar/2018:08:49:47 -0300] "GET /cormun/static/Shared/jqueryui/images/ui-icons_82798d_256x240.png HTTP/1.1" 404 1089
186.103.157.246 - - [15/Mar/2018:08:49:47 -0300] "GET /cormun/static/Shared/jqueryui/images/ui-bg_highlight-soft_100_c6c2c8_1x100.png HTTP/1.1" 404 1117
186.103.157.246 - - [15/Mar/2018:08:49:48 -0300] "GET /cormun/static/Shared/jqueryui/images/ui-bg_flat_55_994d53_40x100.png HTTP/1.1" 404 1097
186.103.157.246 - - [15/Mar/2018:08:49:48 -0300] "GET /cormun/static/Shared/jqueryui/images/ui-icons_ebccce_256x240.png HTTP/1.1" 404 1089
186.79.60.134 - - [15/Mar/2018:08:49:53 -0300] "GET /cormun/servlet/hlogin HTTP/1.1" 200 1723
186.79.60.134 - - [15/Mar/2018:08:49:53 -0300] "GET /cormun/static/gxcfg.js?20175251213516 HTTP/1.1" 304 -
186.103.157.42 - - [15/Mar/2018:08:49:57 -0300] "GET /cormun/static/menuarrow.gif HTTP/1.1" 404 1015
186.79.60.134 - - [15/Mar/2018:08:50:03 -0300] "POST /cormun/servlet/hlogin?f039355732bddb718fcc17d7d951040a,gx-no-cache=1521114560170 HTTP/1.1" 200 90
186.79.60.134 - - [15/Mar/2018:08:50:04 -0300] "GET /cormun/servlet/hpexe_link HTTP/1.1" 200 953
186.79.60.134 - - [15/Mar/2018:08:50:04 -0300] "GET /cormun/static/gxcfg.js?20177612121792 HTTP/1.1" 304 -
186.79.60.134 - - [15/Mar/2018:08:50:05 -0300] "GET /cormun/servlet/hhome HTTP/1.1" 200 4232
186.79.60.134 - - [15/Mar/2018:08:50:05 -0300] "GET /cormun/static/gxcfg.js?20175251212442 HTTP/1.1" 304 -
186.79.60.134 - - [15/Mar/2018:08:50:06 -0300] "GET /cormun/servlet/hhome HTTP/1.1" 200 4228
186.79.60.134 - - [15/Mar/2018:08:50:11 -0300] "GET /cormun/servlet/trrenuncias? HTTP/1.1" 200 7119
186.79.60.134 - - [15/Mar/2018:08:50:11 -0300] "GET /cormun/static/gxcfg.js?20175251282642 HTTP/1.1" 200 953
186.79.60.134 - - [15/Mar/2018:08:50:11 -0300] "GET /cormun/static/trrenuncias.js?20175251283179 HTTP/1.1" 200 31174
186.79.60.134 - - [15/Mar/2018:08:50:12 -0300] "GET /cormun/servlet/trrenuncias? HTTP/1.1" 200 7119
186.79.60.134 - - [15/Mar/2018:08:50:14 -0300] "GET /cormun/servlet/renuncias?INS,0, HTTP/1.1" 200 6367
200.120.230.197 - - [15/Mar/2018:08:50:14 -0300] "GET /cormun/static/gxcfg.js?2017426922787 HTTP/1.1" 200 953
200.120.230.197 - - [15/Mar/2018:08:50:14 -0300] "GET /cormun/static/renuncias.js?201742692287 HTTP/1.1" 200 14762
186.79.60.134 - - [15/Mar/2018:08:50:15 -0300] "GET /cormun/static/Resources/Spanish/PXTools.css?11294912 HTTP/1.1" 200 89042
186.79.60.134 - - [15/Mar/2018:08:50:16 -0300] "GET /cormun/servlet/renuncias?INS,0, HTTP/1.1" 200 6368
186.103.157.246 - - [15/Mar/2018:08:50:18 -0300] "POST /cormun/servlet/licenciaspermisos?cfc789882a3aacbf349581cc28b48615,INS,0,,,,gx-no-cache=1521114564552 HTTP/1.1" 200 4863
186.79.60.134 - - [15/Mar/2018:08:50:25 -0300] "GET /cormun/servlet/renuncias?094fa9d2e3e0a1dbac4c3e395ec11b6220348d8198e5bf20cbec443274ced8cc0f43a930364dcf28af7b380a1dfa1197,gx-no-cache=1521114580974 HTTP/1.1" 200 33
186.103.157.246 - - [15/Mar/2018:08:50:31 -0300] "POST /cormun/servlet/licenciaspermisos?cfc789882a3aacbf349581cc28b48615,INS,0,,,,gx-no-cache=1521114580601 HTTP/1.1" 200 4863
186.79.60.134 - - [15/Mar/2018:08:50:38 -0300] "GET /cormun/servlet/trcontratounov2? HTTP/1.1" 200 17817
200.120.230.197 - - [15/Mar/2018:08:50:38 -0300] "GET /cormun/static/gxcfg.js?201752512124396 HTTP/1.1" 304 -
200.120.230.197 - - [15/Mar/2018:08:50:40 -0300] "GET /cormun/servlet/trcontratounov2? HTTP/1.1" 200 17819
200.120.230.197 - - [15/Mar/2018:08:50:56 -0300] "POST /cormun/servlet/trcontratounov2?f039355732bddb718fcc17d7d951040a,,gx-no-cache=1521114612239 HTTP/1.1" 200 17844
200.120.230.197 - - [15/Mar/2018:08:51:12 -0300] "GET /cormun/servlet/trsolicitudot? HTTP/1.1" 200 7440
200.120.230.197 - - [15/Mar/2018:08:51:12 -0300] "GET /cormun/static/gxcfg.js?2017111422585916 HTTP/1.1" 304 -
200.120.230.197 - - [15/Mar/2018:08:51:14 -0300] "GET /cormun/servlet/trsolicitudot? HTTP/1.1" 200 7439
186.103.157.42 - - [15/Mar/2018:08:51:21 -0300] "GET /cormun/servlet/licenciaspermisos?8a379413c174d6b2de090a878fb24016458a84a32b684d63359ecd628e306c321dc40d9b3e3a182ec1f496d00e8a60bdd3651b5ee2f0e4d8c757b03d98656987a9b55fc275c483af92a788a4e61cc03a513c552666cbc4e9e9946bc6d806710f3addd27f87ba85058986edc73d425ac98f3ee9a03cc674c6546a4bb6f137bc390c512be9bbe73b7ce2dfae5f6988dec5f75fbafba0a16f26e63d5a2934acbadf5df5732054ecdb7cbbac4a7eb6bfd9fda62917f4b58fff9464447a22004e691a01824c0f01ea5eca3e294963c5ee4941196608f8f74ea7cf15dabb1bff07578a,gx-no-cache=1521114637433 HTTP/1.1" 200 30
186.103.157.42 - - [15/Mar/2018:08:51:21 -0300] "GET /cormun/servlet/licenciaspermisos?8a379413c174d6b2de090a878fb24016f1c42f8f9ff85b67555902a6048b24fca76cfb7fba7ca44d7b8072b89f60328c58635045bfddf89d4e17fe7c336aacd4e030bba1ae1b323b5025e93ea7c4572bb32f129e4fbcce856f49dc9393fdf7cf18b9fdb8f2dc635114a4f96e49aef9cde3b9baadfa3df2a70f4d3bafc996fb3f284eb805a425cd4ec3a3ff4c23cb6a37df80f4a28eac92d5d93471d5886cf9a138186a6822f4c6ad032174e472abc3bbe577a4aa565de9acf7f88c04b0e709f2eaf7135e082422aef0d651d77099b0d2f257d0ac7d1b9b29f0b0e11459a2f86a,gx-no-cache=1521114637621 HTTP/1.1" 200 29
186.103.157.42 - - [15/Mar/2018:08:51:21 -0300] "POST /cormun/servlet/licenciaspermisos?3a3fc7757d00130add6e794633329e9e,INS,0,,,,gx-no-cache=1521114637679 HTTP/1.1" 200 93
186.103.157.42 - - [15/Mar/2018:08:51:21 -0300] "GET /cormun/servlet/hpexe_return? HTTP/1.1" 200 1012
186.103.157.42 - - [15/Mar/2018:08:51:22 -0300] "GET /cormun/servlet/trlicencias HTTP/1.1" 200 9664
186.103.157.42 - - [15/Mar/2018:08:51:22 -0300] "GET /cormun/servlet/trlicencias HTTP/1.1" 200 9659
192.168.10.56 - - [15/Mar/2018:08:51:30 -0300] "GET /cormun/servlet/solicitudgral?UPD,2018,10466, HTTP/1.1" 200 12913
200.120.230.197 - - [15/Mar/2018:08:51:30 -0300] "GET /cormun/servlet/solicitudot?INS,0,0, HTTP/1.1" 200 13664
200.120.230.197 - - [15/Mar/2018:08:51:30 -0300] "GET /cormun/static/gxcfg.js?201812313224582 HTTP/1.1" 304 -
192.168.10.56 - - [15/Mar/2018:08:51:30 -0300] "GET /cormun/servlet/solicitudgral?UPD,2018,10466, HTTP/1.1" 200 12922
192.168.10.56 - - [15/Mar/2018:08:51:31 -0300] "GET /cormun/servlet/solicitudgral?UPD,2018,10466, HTTP/1.1" 200 12922
192.168.10.56 - - [15/Mar/2018:08:51:31 -0300] "GET /cormun/servlet/solicitudgral?UPD,2018,10466, HTTP/1.1" 200 12922
192.168.10.56 - - [15/Mar/2018:08:51:31 -0300] "POST /cormun/servlet/solicitudgral?gx-no-cache=1521114527604 HTTP/1.1" 200 3900
192.168.10.56 - - [15/Mar/2018:08:51:31 -0300] "GET /cormun/servlet/solicitudgral?8f91dee65faeea64263ae0eb7b0e057bce1381a4937fdf3dda3101d8260ee2dd2ca78192e2556e61780386e667b9c232003b36922685bb398b9cb05f649099631a663e780f9cad9083eaebac3ea2c4fe6f615de7674a791e6e91a24dda78813ebfb49fbdef4e17c9038912aade0c48e46703c69291365714f9471a2e835e86aeabae9a80aecfec9fefdff645bb630e0f67c24d0e72187f7430a4c6345336bea650446ce775645946c2e07bc4d78666b06fb5465340ea19983ab9a097793ef1fd5c0bd39f272324291824c8bfb0d473f9e54ed6f7292d9deb918795138ec4dede9a418fcb66e923f19c677198eaa4268b10b10a77904c2f35b91fbc64f7d5c8b5ea0e046a5f49fd32b09dcec69594f87b8f9210f9ee0c179149123076608dd4486b9d23849ebefbab684d08cb4d8430d660eedbac3ed48cd7fdac7964f82b79c7cb58aae0aa84a16a2667e39ad4eae8ec,gx-no-cache=1521114527729 HTTP/1.1" 200 297
200.120.230.197 - - [15/Mar/2018:08:51:32 -0300] "GET /cormun/servlet/solicitudot?INS,0,0, HTTP/1.1" 200 13669
192.168.10.56 - - [15/Mar/2018:08:51:34 -0300] "GET /cormun/servlet/solicitudgral?8f91dee65faeea64263ae0eb7b0e057bcfe4a485cc9c5f5629999ae38589335265046bdc0fa2b4ff39e560ecb252eb4dea0e046a5f49fd32b09dcec69594f87bd64f844cb27215ecb0ce1270e79fb73e357077bb31f81412b8bae4c1782cf58205a1de5a7f34e64f91817b5a54d23eab3d207ecf28601d8470a4a8cf39c67b75fa22503bf50c5f70331fac2f08b5485fd846a08ca7756a423a38a9490b53b4b67df7a04b95ac737b8ad9d9892a5a4374ede3d7adbb89ee92705c406291aaf09647eed375102f37660544534e9c67cda69b03c1c4e950017bfe5e2aab9389eadc29879692273b9cf160b2c43e6507bcbd33c65c56d9d12a0437ceef2877b7834dc0a14f7992da1c36a585466fc8461473767052189a38362ce77a18ce22f053290bea64c1c817f4a36b9de1839945e95479c8e81c630fdb22e3b9dd3966e5cd1952d8c01dd8acc4121cd2a87a4589c105858e32276ef4c34404910e8a0981f128c0a14f7992da1c36a585466fc8461473655ea3897cfd7b15ee2c5c205e88b292e715f37cd772be532645e7eb04b05595b90b8e0908fb6026713d0318dbf6b887c896d1685dc128605b80f6cb1f8b71c3,gx-no-cache=1521114529882 HTTP/1.1" 200 48
192.168.10.56 - - [15/Mar/2018:08:51:36 -0300] "POST /cormun/servlet/solicitudgral?ec8a2d249df58c7a2c74b82827100daf,UPD,2018,10466,,gx-no-cache=1521114531923 HTTP/1.1" 200 11808
192.168.10.56 - - [15/Mar/2018:08:51:36 -0300] "GET /cormun/servlet/solicitudgral?8f91dee65faeea64263ae0eb7b0e057b72ff4a04038cf49771db3f372f5e83944db4204c881b68a0eb23efbbe30da41a3f25dfad78957c3d9b2e1320da84da8c1636d2c614b69b19a8cbbdd2a0b9f261ac728353a2c5f8f5c736e4ae66a1c9b5ef7338128cbf03045e7a85ffcf1dd213,gx-no-cache=1521114532089 HTTP/1.1" 200 29
192.168.10.56 - - [15/Mar/2018:08:51:36 -0300] "POST /cormun/servlet/solicitudgral?gx-no-cache=1521114532103 HTTP/1.1" 200 1296
192.168.10.56 - - [15/Mar/2018:08:51:36 -0300] "POST /cormun/servlet/solicitudgral?gx-no-cache=1521114532129 HTTP/1.1" 200 1219
192.168.10.56 - - [15/Mar/2018:08:51:36 -0300] "POST /cormun/servlet/solicitudgral?ec8a2d249df58c7a2c74b82827100daf,UPD,2018,10466,,gx-no-cache=1521114532167 HTTP/1.1" 200 93
192.168.10.56 - - [15/Mar/2018:08:51:36 -0300] "GET /cormun/servlet/hpexe_return? HTTP/1.1" 200 1036
192.168.10.56 - - [15/Mar/2018:08:51:36 -0300] "GET /cormun/servlet/trsolicitudgral?gx-no-cache=1521112836115 HTTP/1.1" 200 9002
192.168.10.56 - - [15/Mar/2018:08:51:36 -0300] "GET /cormun/servlet/trsolicitudgral?gx-no-cache=1521112836115 HTTP/1.1" 200 9017
186.103.157.42 - - [15/Mar/2018:08:51:45 -0300] "GET /cormun/servlet/trlicenciaspermisosadjuntos?15122330,20180315000000,L, HTTP/1.1" 200 6611
186.103.157.42 - - [15/Mar/2018:08:51:45 -0300] "GET /cormun/static/gxcfg.js?20177612163414 HTTP/1.1" 200 953
186.103.157.42 - - [15/Mar/2018:08:51:45 -0300] "GET /cormun/static/trlicenciaspermisosadjuntos.js?20177612163719 HTTP/1.1" 200 21036
186.103.157.42 - - [15/Mar/2018:08:51:46 -0300] "GET /cormun/servlet/trlicenciaspermisosadjuntos?15122330,20180315000000,L, HTTP/1.1" 200 6612
186.103.157.42 - - [15/Mar/2018:08:51:48 -0300] "GET /cormun/servlet/licenciaspermisosadjuntos?INS,15122330,L,20180315000000,, HTTP/1.1" 200 5909
186.103.157.42 - - [15/Mar/2018:08:51:48 -0300] "GET /cormun/static/licenciaspermisosadjuntos.js?201776126362 HTTP/1.1" 200 8760
186.103.157.42 - - [15/Mar/2018:08:51:48 -0300] "GET /cormun/static/gxcfg.js?2017761263592 HTTP/1.1" 200 953
186.103.157.42 - - [15/Mar/2018:08:51:49 -0300] "GET /cormun/static/about:blank HTTP/1.1" 404 1011
186.103.157.42 - - [15/Mar/2018:08:51:49 -0300] "GET /cormun/servlet/licenciaspermisosadjuntos?INS,15122330,L,20180315000000,, HTTP/1.1" 200 5897
186.103.159.44 - - [15/Mar/2018:08:51:58 -0300] "GET /cormun/servlet/hlogin HTTP/1.1" 200 1718
186.103.157.42 - - [15/Mar/2018:08:52:11 -0300] "POST /cormun/servlet/licenciaspermisosadjuntos?3a3fc7757d00130add6e794633329e9e,INS,15122330,L,20180315000000,, HTTP/1.1" 200 6553
186.103.157.42 - - [15/Mar/2018:08:52:12 -0300] "GET /cormun/static/Shared/jqueryui/images/ui-bg_highlight-soft_100_c6c2c8_1x100.png HTTP/1.1" 404 1117
186.103.157.42 - - [15/Mar/2018:08:52:12 -0300] "GET /cormun/static/Shared/jqueryui/images/ui-icons_82798d_256x240.png HTTP/1.1" 404 1089
186.103.157.42 - - [15/Mar/2018:08:52:12 -0300] "GET /cormun/static/Shared/jqueryui/images/ui-bg_flat_55_994d53_40x100.png HTTP/1.1" 404 1097
186.103.157.42 - - [15/Mar/2018:08:52:12 -0300] "GET /cormun/static/Shared/jqueryui/images/ui-icons_ebccce_256x240.png HTTP/1.1" 404 1089
186.103.157.42 - - [15/Mar/2018:08:52:13 -0300] "GET /cormun/PrivateTempStorage/upload_00011579.jpg HTTP/1.1" 200 693075
186.103.159.182 - - [15/Mar/2018:08:52:40 -0300] "GET /cormun/servlet/trsolicitudot? HTTP/1.1" 200 6390
186.103.159.182 - - [15/Mar/2018:08:52:41 -0300] "GET /cormun/static/gxcfg.js?2017111422585916 HTTP/1.1" 304 -
186.103.159.182 - - [15/Mar/2018:08:52:42 -0300] "GET /cormun/servlet/trsolicitudot? HTTP/1.1" 200 6389
186.103.159.182 - - [15/Mar/2018:08:52:42 -0300] "GET /cormun/servlet/hlogin HTTP/1.1" 200 1733
186.103.159.182 - - [15/Mar/2018:08:52:44 -0300] "POST /cormun/servlet/hlogin?9835068b2f1bc4a561e6ad0c686b0794,gx-no-cache=1521114655223 HTTP/1.1" 200 90
186.103.159.182 - - [15/Mar/2018:08:52:45 -0300] "GET /cormun/servlet/hpexe_link HTTP/1.1" 200 952
186.103.159.182 - - [15/Mar/2018:08:52:45 -0300] "GET /cormun/servlet/trsolicitudot HTTP/1.1" 200 7290
186.103.159.182 - - [15/Mar/2018:08:52:46 -0300] "GET /cormun/servlet/trsolicitudot HTTP/1.1" 200 7289
186.103.159.44 - - [15/Mar/2018:08:52:54 -0300] "POST /cormun/servlet/hlogin?efc50c3643c2033956517ccef43ccc68,gx-no-cache=1521114725110 HTTP/1.1" 200 90
186.103.159.44 - - [15/Mar/2018:08:52:54 -0300] "GET /cormun/servlet/hpexe_link HTTP/1.1" 200 949
186.103.159.44 - - [15/Mar/2018:08:52:54 -0300] "GET /cormun/servlet/hhome HTTP/1.1" 200 4146
186.103.159.44 - - [15/Mar/2018:08:52:58 -0300] "GET /cormun/servlet/trsolicitudot? HTTP/1.1" 200 7363
186.103.159.44 - - [15/Mar/2018:08:53:02 -0300] "GET /cormun/servlet/solicitudot?INS,0,0, HTTP/1.1" 200 13586
186.103.159.182 - - [15/Mar/2018:08:53:19 -0300] "GET /cormun/static/menuarrow.gif HTTP/1.1" 404 1015
186.103.159.182 - - [15/Mar/2018:08:53:32 -0300] "POST /cormun/servlet/trsolicitudot?9835068b2f1bc4a561e6ad0c686b0794,gx-no-cache=1521114702116 HTTP/1.1" 200 4199
186.103.157.246 - - [15/Mar/2018:08:53:33 -0300] "POST /cormun/servlet/licenciaspermisos?cfc789882a3aacbf349581cc28b48615,INS,0,,,,gx-no-cache=1521114759306 HTTP/1.1" 200 4847
186.103.159.182 - - [15/Mar/2018:08:53:37 -0300] "POST /cormun/servlet/trsolicitudot?9835068b2f1bc4a561e6ad0c686b0794,gx-no-cache=1521114707977 HTTP/1.1" 200 4203
192.168.10.89 - - [15/Mar/2018:08:53:40 -0300] "GET /cormun/servlet/hlogin HTTP/1.1" 200 1742
186.103.159.182 - - [15/Mar/2018:08:53:42 -0300] "POST /cormun/servlet/trsolicitudot?9835068b2f1bc4a561e6ad0c686b0794,gx-no-cache=1521114712280 HTTP/1.1" 200 4202
186.103.159.182 - - [15/Mar/2018:08:53:48 -0300] "POST /cormun/servlet/trsolicitudot?9835068b2f1bc4a561e6ad0c686b0794,gx-no-cache=1521114719246 HTTP/1.1" 200 4204
186.103.157.42 - - [15/Mar/2018:08:53:52 -0300] "POST /cormun/servlet/licenciaspermisosadjuntos?3a3fc7757d00130add6e794633329e9e,INS,15122330,L,20180315000000,, HTTP/1.1" 200 116
186.103.157.42 - - [15/Mar/2018:08:53:52 -0300] "GET /cormun/servlet/hpexe_return? HTTP/1.1" 200 1043
186.103.159.182 - - [15/Mar/2018:08:53:52 -0300] "GET /cormun/servlet/trcontratosolicitud? HTTP/1.1" 200 14539
186.103.157.42 - - [15/Mar/2018:08:53:52 -0300] "GET /cormun/servlet/trlicenciaspermisosadjuntos?15122330,20180315000000,L, HTTP/1.1" 200 7101
186.103.157.42 - - [15/Mar/2018:08:53:53 -0300] "GET /cormun/servlet/trlicenciaspermisosadjuntos?15122330,20180315000000,L, HTTP/1.1" 200 7098
186.103.159.182 - - [15/Mar/2018:08:53:54 -0300] "GET /cormun/servlet/trcontratosolicitud? HTTP/1.1" 200 14539
186.103.157.42 - - [15/Mar/2018:08:53:56 -0300] "POST /cormun/servlet/trlicenciaspermisosadjuntos?3a3fc7757d00130add6e794633329e9e,15122330,20180315000000,L,,gx-no-cache=1521114792720 HTTP/1.1" 200 90
186.103.157.42 - - [15/Mar/2018:08:53:56 -0300] "GET /cormun/servlet/hpexe_link HTTP/1.1" 200 985
186.103.157.42 - - [15/Mar/2018:08:53:57 -0300] "GET /cormun/servlet/trlicencias HTTP/1.1" 200 9661
186.103.157.42 - - [15/Mar/2018:08:53:57 -0300] "GET /cormun/servlet/trlicencias HTTP/1.1" 200 9659
186.103.157.42 - - [15/Mar/2018:08:54:02 -0300] "POST /cormun/servlet/trlicencias?3a3fc7757d00130add6e794633329e9e,gx-no-cache=1521114798049 HTTP/1.1" 200 6888
192.168.10.89 - - [15/Mar/2018:08:54:02 -0300] "POST /cormun/servlet/hlogin?f84a6d7f86a88bb028bda60fd802c1ce,gx-no-cache=1521114678383 HTTP/1.1" 200 452
186.103.157.42 - - [15/Mar/2018:08:54:02 -0300] "GET /cormun/static/Shared/jqueryui/images/ui-bg_highlight-soft_100_c6c2c8_1x100.png HTTP/1.1" 404 1117
186.103.157.42 - - [15/Mar/2018:08:54:02 -0300] "GET /cormun/static/Shared/jqueryui/images/ui-icons_82798d_256x240.png HTTP/1.1" 404 1089
186.103.157.42 - - [15/Mar/2018:08:54:02 -0300] "GET /cormun/static/Shared/jqueryui/images/ui-bg_flat_55_fafafa_40x100.png HTTP/1.1" 404 1097
186.103.157.42 - - [15/Mar/2018:08:54:02 -0300] "GET /cormun/static/Shared/jqueryui/images/ui-icons_8d78a5_256x240.png HTTP/1.1" 404 1089
192.168.10.89 - - [15/Mar/2018:08:54:06 -0300] "POST /cormun/servlet/hlogin?f84a6d7f86a88bb028bda60fd802c1ce,gx-no-cache=1521114681789 HTTP/1.1" 200 452
186.103.159.182 - - [15/Mar/2018:08:54:07 -0300] "GET /cormun/servlet/solicitudotcontratos?INS,2018,0,17517724,8,2,2018,2878,LEY+SEP,,40,*, HTTP/1.1" 200 9983
186.103.159.182 - - [15/Mar/2018:08:54:08 -0300] "GET /cormun/servlet/solicitudotcontratos?INS,2018,0,17517724,8,2,2018,2878,LEY+SEP,,40,*, HTTP/1.1" 200 10016
186.103.159.182 - - [15/Mar/2018:08:54:09 -0300] "GET /cormun/servlet/solicitudotcontratos?c00642d465b5e1e9f8c77508b72b151d30e8815e99532a895cd4b276e5070bd4bfd8cbc8befb0d6282d913a7e7305adb,gx-no-cache=1521114739494 HTTP/1.1" 200 30
186.103.159.182 - - [15/Mar/2018:08:54:09 -0300] "GET /cormun/servlet/solicitudotcontratos?c00642d465b5e1e9f8c77508b72b151d52cfdd17e868de7aab91f0e27a5b7e0d6ec3a35f85a2fd6e6168b401e148a55c,gx-no-cache=1521114739571 HTTP/1.1" 200 30
186.103.159.182 - - [15/Mar/2018:08:54:09 -0300] "GET /cormun/servlet/solicitudotcontratos?c00642d465b5e1e9f8c77508b72b151da313228e69f2f171d1d187e3a341b624c14b90bbaa244f3f6851c7c9518cafc253aef0d6ec51389b736ceb038d665174b2ea3559af1ddf432181d57ca8d01a60a34f6b36726047cf3012c8ee1da23fdf3f0c17ac878159dbb9551507f42528c3eccd93ee10e0ea8bf2123ed3abbb2a5c,gx-no-cache=1521114739680 HTTP/1.1" 200 48
186.103.159.182 - - [15/Mar/2018:08:54:09 -0300] "GET /cormun/servlet/solicitudotcontratos?c00642d465b5e1e9f8c77508b72b151da02b73ae8e476f489aa8b28c3ff506131d884f1ff5ff6de416a46f2810071b56,gx-no-cache=1521114739794 HTTP/1.1" 200 30
186.103.159.182 - - [15/Mar/2018:08:54:09 -0300] "GET /cormun/servlet/solicitudotcontratos?c00642d465b5e1e9f8c77508b72b151d1491cf6667f346f680ecfd6cbcb38f882384660da48219cc10b45d8fa8b235b0c4ef6b5d334b6466e4b10ec14322f9556b5fed3042cbc3cc17b97baf17835bef22b94d5b5ace0fcfd3f6bd2dc6821813d13e177f94a01818b6aecc2f058f9009,gx-no-cache=1521114739999 HTTP/1.1" 200 30
186.103.159.182 - - [15/Mar/2018:08:54:09 -0300] "GET /cormun/servlet/solicitudotcontratos?c00642d465b5e1e9f8c77508b72b151d4bd72d1fa91cf63e15bf4c8a608edb4010c9084d949c2738031fb1e6eede89cfdef7304700e1dcc2bd7ce8e07e0fb632c4ef6b5d334b6466e4b10ec14322f9557e9eff712a0a9060abcb6ace600083e80a34c402c350179e7da9a27146e8eb3e71dcdc0f312475aa4f1b61a85d40a94a07395cc4b9e638a78b0f213d753aa0c7bb923d9673fbd7253fc294d7ec1f8552def7304700e1dcc2bd7ce8e07e0fb632de0158613632b099f599f872d2e7c58d1dbb72907b565a1b5688b995b80c0a858b4dfa5473f8d92d043727c21bf834c6807d316491202cc21de75eb7a7f918e5bc590b5f335233b1f8e419897dcbced29e25463e110867bbe3a38bcdb92e0900a8173f49b953278d8c790da8773021f165536b8c96c3c7d37268b282f803acf35a2911375189a005c7e857800be02ed4c075de8151eed931b0255129d4647e7cba19229346dcb0ac83cbda1b9d5e2b849b4fb7948e3527714bcbb0beba381bcec6fb24a7522f459efdbc9afeac9ac39482a94a98b877e3457d16d93e7861a40820b4ebc27b811e58f00bff6ecb5cf679c7134d874049f26635a437fb3d621ed4,gx-no-cache=1521114740091 HTTP/1.1" 200 79
192.168.10.89 - - [15/Mar/2018:08:54:14 -0300] "POST /cormun/servlet/hlogin?f84a6d7f86a88bb028bda60fd802c1ce,gx-no-cache=1521114690189 HTTP/1.1" 200 453
186.103.159.44 - - [15/Mar/2018:08:54:14 -0300] "POST /cormun/servlet/solicitudot?gx-no-cache=1521114804684 HTTP/1.1" 200 3284
186.103.159.44 - - [15/Mar/2018:08:54:15 -0300] "POST /cormun/servlet/solicitudot?efc50c3643c2033956517ccef43ccc68,INS,0,0,,gx-no-cache=1521114805701 HTTP/1.1" 200 10432
186.103.159.182 - - [15/Mar/2018:08:54:17 -0300] "POST /cormun/servlet/solicitudotcontratos?9835068b2f1bc4a561e6ad0c686b0794,INS,2018,0,17517724,8,2,2018,2878,LEY+SEP,,40,*,,gx-no-cache=1521114746585 HTTP/1.1" 200 93
186.103.159.182 - - [15/Mar/2018:08:54:17 -0300] "GET /cormun/servlet/hpexe_return? HTTP/1.1" 200 1042
186.103.159.182 - - [15/Mar/2018:08:54:17 -0300] "GET /cormun/static/gxcfg.js?2016101716175148 HTTP/1.1" 304 -
186.103.159.182 - - [15/Mar/2018:08:54:17 -0300] "GET /cormun/servlet/trcontratosolicitud HTTP/1.1" 200 14518
186.103.159.44 - - [15/Mar/2018:08:54:18 -0300] "GET /cormun/servlet/solicitudot?80efa631b8548a552fc63ba664b34ccee878c1dbec68a0ca8b76030161124782ddcdf78a0357be89c4a7a1c9b11b16cd,gx-no-cache=1521114809760 HTTP/1.1" 200 30
192.168.10.89 - - [15/Mar/2018:08:54:19 -0300] "POST /cormun/servlet/hlogin?f84a6d7f86a88bb028bda60fd802c1ce,gx-no-cache=1521114695141 HTTP/1.1" 200 90
192.168.10.89 - - [15/Mar/2018:08:54:19 -0300] "GET /cormun/servlet/hpexe_link HTTP/1.1" 200 953
186.103.159.182 - - [15/Mar/2018:08:54:19 -0300] "GET /cormun/servlet/trcontratosolicitud HTTP/1.1" 200 14545
192.168.10.89 - - [15/Mar/2018:08:54:19 -0300] "GET /cormun/servlet/hhome HTTP/1.1" 200 3987
192.168.10.89 - - [15/Mar/2018:08:54:22 -0300] "GET /cormun/servlet/trsolicitudot? HTTP/1.1" 200 8615
192.168.10.89 - - [15/Mar/2018:08:54:22 -0300] "GET /cormun/static/gxcfg.js?2017111422585916 HTTP/1.1" 304 -
186.103.157.246 - - [15/Mar/2018:08:54:27 -0300] "GET /cormun/servlet/licenciaspermisos?5d9061cfd364da80cf6dd05de319d4e531449a796ab24752da42d3152f331e852d68b53e8d8e56f015c58740dc09e5fd8977cf3c813db88dc61beb9159b1d775de7aae715d5d7c1d3b1d5c0d88db5fd3899ee3a92b3463513734c24444f78805de7aae715d5d7c1d3b1d5c0d88db5fd348a4a5f20cf6a81075a0160f13e42adb4c61675cc695afed2a270c5c596e94542e6925b23134449e169e604636563d2a3936b007ecde444609f0699590101e8b30d5809499700a5cda21bf3a6ba52e8df009846bce7630420a4c1775b35dec45,gx-no-cache=1521114817160 HTTP/1.1" 200 93
192.168.10.89 - - [15/Mar/2018:08:54:29 -0300] "GET /cormun/servlet/solicitudot?INS,0,0, HTTP/1.1" 200 13437
186.103.157.246 - - [15/Mar/2018:08:54:39 -0300] "POST /cormun/servlet/licenciaspermisos?cfc789882a3aacbf349581cc28b48615,INS,0,,,,gx-no-cache=1521114820697 HTTP/1.1" 200 4635
192.168.10.89 - - [15/Mar/2018:08:54:58 -0300] "POST /cormun/servlet/solicitudot?f84a6d7f86a88bb028bda60fd802c1ce,INS,0,0,,gx-no-cache=1521114734185 HTTP/1.1" 200 93
192.168.10.89 - - [15/Mar/2018:08:54:58 -0300] "GET /cormun/servlet/hpexe_return? HTTP/1.1" 200 1009
192.168.10.89 - - [15/Mar/2018:08:54:58 -0300] "GET /cormun/static/gxcfg.js?2016101716175148 HTTP/1.1" 304 -
192.168.10.89 - - [15/Mar/2018:08:54:58 -0300] "GET /cormun/servlet/trsolicitudot HTTP/1.1" 200 8617
192.168.10.89 - - [15/Mar/2018:08:55:08 -0300] "POST /cormun/servlet/trsolicitudot?f84a6d7f86a88bb028bda60fd802c1ce,gx-no-cache=1521114743733 HTTP/1.1" 200 5647
186.103.159.182 - - [15/Mar/2018:08:55:10 -0300] "POST /cormun/servlet/trcontratosolicitud?9835068b2f1bc4a561e6ad0c686b0794,gx-no-cache=1521114800173 HTTP/1.1" 200 12057
192.168.10.89 - - [15/Mar/2018:08:55:19 -0300] "GET /cormun/servlet/solicitudot?INS,0,0, HTTP/1.1" 200 13437
186.103.159.182 - - [15/Mar/2018:08:55:22 -0300] "GET /cormun/servlet/trcontratoobservaciondir? HTTP/1.1" 200 6446
186.103.159.182 - - [15/Mar/2018:08:55:24 -0300] "GET /cormun/servlet/trcontratoobservaciondir? HTTP/1.1" 200 6445
186.103.159.182 - - [15/Mar/2018:08:55:31 -0300] "GET /cormun/servlet/trcontratounov2? HTTP/1.1" 200 17468
186.103.159.182 - - [15/Mar/2018:08:55:33 -0300] "GET /cormun/servlet/trcontratounov2? HTTP/1.1" 200 17471
192.168.10.89 - - [15/Mar/2018:08:55:49 -0300] "GET /cormun/servlet/prfichaempleado?,MD,,gxPopupLevel%3D0%3B HTTP/1.1" 200 9335
186.103.159.182 - - [15/Mar/2018:08:55:53 -0300] "GET /cormun/servlet/trsolicitudot? HTTP/1.1" 200 7300
186.103.159.182 - - [15/Mar/2018:08:55:54 -0300] "GET /cormun/servlet/trsolicitudot? HTTP/1.1" 200 7299
186.79.60.134 - - [15/Mar/2018:08:55:57 -0300] "POST /cormun/servlet/solicitudot?gx-no-cache=1521114913381 HTTP/1.1" 200 3284
186.79.60.134 - - [15/Mar/2018:08:55:58 -0300] "POST /cormun/servlet/solicitudot?f039355732bddb718fcc17d7d951040a,INS,0,0,,gx-no-cache=1521114913951 HTTP/1.1" 200 10437
192.168.10.89 - - [15/Mar/2018:08:56:00 -0300] "POST /cormun/servlet/solicitudot?gx-no-cache=1521114796674 HTTP/1.1" 200 3284
192.168.10.89 - - [15/Mar/2018:08:56:01 -0300] "POST /cormun/servlet/solicitudot?f84a6d7f86a88bb028bda60fd802c1ce,INS,0,0,,gx-no-cache=1521114796864 HTTP/1.1" 200 10246
192.168.10.89 - - [15/Mar/2018:08:56:02 -0300] "GET /cormun/servlet/solicitudot?07c71f7bca0064ad8e2ee76a789fae64635d745b1102a1adb69bf2f8d2af0b1a083aa123362607574d14cf18548a26f9,gx-no-cache=1521114798463 HTTP/1.1" 200 30
186.103.159.182 - - [15/Mar/2018:08:56:04 -0300] "POST /cormun/servlet/trsolicitudot?9835068b2f1bc4a561e6ad0c686b0794,,gx-no-cache=1521114854452 HTTP/1.1" 200 4208
186.79.60.134 - - [15/Mar/2018:08:56:12 -0300] "GET /cormun/servlet/solicitudot?5ae84c1fbc4ca50bc4dd4a618947615b73ac89116182ec5aa010234c58a28cf7596138f6d54e99352c57b12a0ef5d86e,gx-no-cache=1521114929007 HTTP/1.1" 200 30
186.103.159.182 - - [15/Mar/2018:08:56:14 -0300] "POST /cormun/servlet/trsolicitudot?9835068b2f1bc4a561e6ad0c686b0794,,gx-no-cache=1521114863396 HTTP/1.1" 200 4208
192.168.10.89 - - [15/Mar/2018:08:56:23 -0300] "POST /cormun/servlet/solicitudot?f84a6d7f86a88bb028bda60fd802c1ce,INS,0,0,,gx-no-cache=1521114819267 HTTP/1.1" 200 10572
192.168.10.89 - - [15/Mar/2018:08:56:23 -0300] "GET /cormun/static/Shared/jqueryui/images/ui-icons_82798d_256x240.png HTTP/1.1" 404 1089
192.168.10.89 - - [15/Mar/2018:08:56:23 -0300] "GET /cormun/static/Shared/jqueryui/images/ui-bg_flat_55_994d53_40x100.png HTTP/1.1" 404 1097
192.168.10.89 - - [15/Mar/2018:08:56:23 -0300] "GET /cormun/static/Shared/jqueryui/images/ui-bg_highlight-soft_100_c6c2c8_1x100.png HTTP/1.1" 404 1117
