190.151.100.218 - - [15/Mar/2018:16:52:13 -0300] "GET /cormun/servlet/hpexe_link HTTP/1.1" 200 948
190.151.100.218 - - [15/Mar/2018:16:52:13 -0300] "GET /cormun/servlet/hhome HTTP/1.1" 200 4197
190.151.100.218 - - [15/Mar/2018:16:52:15 -0300] "GET /cormun/servlet/hhome HTTP/1.1" 200 4192
192.168.10.89 - - [15/Mar/2018:16:52:16 -0300] "GET /cormun/servlet/trpermisosadjuntos?11757344,20180315164821,P, HTTP/1.1" 200 6449
192.168.10.89 - - [15/Mar/2018:16:52:21 -0300] "POST /cormun/servlet/trpermisosadjuntos?3d029ccfcb6a8618f3fa0069a0c193d6,11757344,20180315164821,P,,gx-no-cache=1521143376642 HTTP/1.1" 200 90
192.168.10.89 - - [15/Mar/2018:16:52:21 -0300] "GET /cormun/servlet/hpexe_link HTTP/1.1" 200 982
192.168.10.89 - - [15/Mar/2018:16:52:21 -0300] "GET /cormun/servlet/trpermisosgoce HTTP/1.1" 200 7913
190.151.100.218 - - [15/Mar/2018:16:52:21 -0300] "GET /cormun/servlet/trsolicitudot? HTTP/1.1" 200 7413
190.151.100.218 - - [15/Mar/2018:16:52:22 -0300] "GET /cormun/servlet/trsolicitudot? HTTP/1.1" 200 7412
190.151.100.218 - - [15/Mar/2018:16:52:31 -0300] "GET /cormun/servlet/solicitudot?INS,0,0, HTTP/1.1" 200 13646
192.168.10.89 - - [15/Mar/2018:16:52:32 -0300] "GET /cormun/servlet/trpermisosadjuntos?11757344,20180315164821,P, HTTP/1.1" 200 6449
190.151.100.218 - - [15/Mar/2018:16:52:33 -0300] "GET /cormun/servlet/solicitudot?INS,0,0, HTTP/1.1" 200 13651
192.168.10.89 - - [15/Mar/2018:16:52:35 -0300] "POST /cormun/servlet/trpermisosadjuntos?3d029ccfcb6a8618f3fa0069a0c193d6,11757344,20180315164821,P,,gx-no-cache=1521143390784 HTTP/1.1" 200 90
192.168.10.89 - - [15/Mar/2018:16:52:35 -0300] "GET /cormun/servlet/hpexe_link HTTP/1.1" 200 982
192.168.10.89 - - [15/Mar/2018:16:52:35 -0300] "GET /cormun/servlet/trpermisosgoce HTTP/1.1" 200 7913
190.151.100.218 - - [15/Mar/2018:16:52:37 -0300] "GET /cormun/servlet/prfichaempleado?,MD,,gxPopupLevel%3D0%3B HTTP/1.1" 200 9360
192.168.10.89 - - [15/Mar/2018:16:52:38 -0300] "POST /cormun/servlet/trpermisosgoce?3d029ccfcb6a8618f3fa0069a0c193d6,gx-no-cache=1521143394287 HTTP/1.1" 200 5198
192.168.10.89 - - [15/Mar/2018:16:52:38 -0300] "GET /cormun/static/Shared/jqueryui/images/ui-bg_highlight-soft_100_c6c2c8_1x100.png HTTP/1.1" 404 1117
192.168.10.89 - - [15/Mar/2018:16:52:38 -0300] "GET /cormun/static/Shared/jqueryui/images/ui-icons_8d78a5_256x240.png HTTP/1.1" 404 1089
192.168.10.89 - - [15/Mar/2018:16:52:38 -0300] "GET /cormun/static/Shared/jqueryui/images/ui-bg_flat_55_fafafa_40x100.png HTTP/1.1" 404 1097
192.168.10.89 - - [15/Mar/2018:16:52:38 -0300] "GET /cormun/static/Shared/jqueryui/images/ui-icons_82798d_256x240.png HTTP/1.1" 404 1089
186.103.159.46 - - [15/Mar/2018:16:52:39 -0300] "POST /cormun/servlet/trsolicitudot?7e21d59f701ba5201d658d9b483fea38,gx-no-cache=1521143279017,gx-no-cache=1521143507611 HTTP/1.1" 200 4686
186.103.159.46 - - [15/Mar/2018:16:52:39 -0300] "GET /cormun/static/Shared/jqueryui/images/ui-bg_highlight-soft_100_c6c2c8_1x100.png HTTP/1.1" 404 1117
186.103.159.46 - - [15/Mar/2018:16:52:39 -0300] "GET /cormun/static/Shared/jqueryui/images/ui-icons_82798d_256x240.png HTTP/1.1" 404 1089
186.103.159.46 - - [15/Mar/2018:16:52:39 -0300] "GET /cormun/static/Shared/jqueryui/images/ui-icons_8d78a5_256x240.png HTTP/1.1" 404 1089
186.103.159.46 - - [15/Mar/2018:16:52:39 -0300] "GET /cormun/static/Shared/jqueryui/images/ui-bg_flat_55_fafafa_40x100.png HTTP/1.1" 404 1097
186.103.159.46 - - [15/Mar/2018:16:52:39 -0300] "POST /cormun/servlet/trsolicitudot?7e21d59f701ba5201d658d9b483fea38,gx-no-cache=1521143279017,gx-no-cache=1521143507907 HTTP/1.1" 200 4455
192.168.10.89 - - [15/Mar/2018:16:52:44 -0300] "GET /cormun/servlet/trpermisosadjuntos?11757344,20180315164821,P, HTTP/1.1" 200 6449
192.168.10.89 - - [15/Mar/2018:16:52:46 -0300] "GET /cormun/servlet/permisosadjuntos?INS,11757344,P,20180315164821,, HTTP/1.1" 200 5779
192.168.10.89 - - [15/Mar/2018:16:52:46 -0300] "GET /cormun/static/gxcfg.js?201762717441171 HTTP/1.1" 200 953
192.168.10.89 - - [15/Mar/2018:16:52:46 -0300] "GET /cormun/static/permisosadjuntos.js?201762717441184 HTTP/1.1" 200 8724
192.168.10.89 - - [15/Mar/2018:16:52:47 -0300] "HEAD /cormun/static/about:blank HTTP/1.1" 404 -
190.151.100.218 - - [15/Mar/2018:16:52:50 -0300] "POST /cormun/servlet/prfichaempleado?dc8a0f6c19bf7bb825e9085cc420be33,,MD,,gxPopupLevel%3D0%3B,gx-no-cache=1521143519640 HTTP/1.1" 200 3424
186.103.159.46 - - [15/Mar/2018:16:52:51 -0300] "GET /cormun/servlet/solicitudot?INS,0,0, HTTP/1.1" 200 13492
186.103.159.46 - - [15/Mar/2018:16:52:52 -0300] "GET /cormun/servlet/solicitudot?INS,0,0, HTTP/1.1" 200 13474
192.168.10.89 - - [15/Mar/2018:16:52:52 -0300] "POST /cormun/servlet/permisosadjuntos?3d029ccfcb6a8618f3fa0069a0c193d6,INS,11757344,P,20180315164821,, HTTP/1.1" 200 116
192.168.10.89 - - [15/Mar/2018:16:52:52 -0300] "GET /cormun/servlet/hpexe_return? HTTP/1.1" 200 1038
192.168.10.89 - - [15/Mar/2018:16:52:53 -0300] "GET /cormun/servlet/trpermisosadjuntos?11757344,20180315164821,P, HTTP/1.1" 200 6904
192.168.10.89 - - [15/Mar/2018:16:52:53 -0300] "HEAD /cormun/PublicTempStorage/g-221314105.xlsx HTTP/1.1" 200 -
192.168.10.89 - - [15/Mar/2018:16:52:56 -0300] "GET /cormun/PublicTempStorage/g-221314105.xlsx HTTP/1.1" 200 16332
190.151.100.218 - - [15/Mar/2018:16:52:57 -0300] "POST /cormun/servlet/solicitudot?gx-no-cache=1521143524898 HTTP/1.1" 200 3404
190.151.100.218 - - [15/Mar/2018:16:52:58 -0300] "POST /cormun/servlet/solicitudot?dc8a0f6c19bf7bb825e9085cc420be33,INS,0,0,,gx-no-cache=1521143526581 HTTP/1.1" 200 10572
190.151.100.218 - - [15/Mar/2018:16:52:58 -0300] "GET /cormun/servlet/solicitudot?e9b224107f03d6f993be9619cfc48c5766f44b22fc158f515eee48b678417a276887048288a236236fdbb685d297e038,gx-no-cache=1521143527323 HTTP/1.1" 200 30
192.168.10.89 - - [15/Mar/2018:16:52:59 -0300] "OPTIONS /cormun/PublicTempStorage/ HTTP/1.1" 200 -
192.168.10.89 - - [15/Mar/2018:16:53:00 -0300] "OPTIONS /cormun/PublicTempStorage/ HTTP/1.1" 200 -
190.151.100.218 - - [15/Mar/2018:16:53:02 -0300] "GET /cormun/servlet/solicitudot?e9b224107f03d6f993be9619cfc48c5756de8069043f9878118f93f58df48eb7311d1ad20ce1924b78181c9805740be1495d6b5d016e16c5b9150e809d0f7244,gx-no-cache=1521143531475 HTTP/1.1" 200 30
190.151.100.218 - - [15/Mar/2018:16:53:02 -0300] "GET /cormun/servlet/solicitudot?e9b224107f03d6f993be9619cfc48c57adf0ea99705e310969dad834ad804971,gx-no-cache=1521143531637 HTTP/1.1" 200 53
190.151.100.218 - - [15/Mar/2018:16:53:03 -0300] "POST /cormun/servlet/solicitudot?gx-no-cache=1521143531801 HTTP/1.1" 200 255
190.151.100.218 - - [15/Mar/2018:16:53:03 -0300] "GET /cormun/servlet/solicitudot?e9b224107f03d6f993be9619cfc48c5750a1a8122504d56760b2b9cd7311c2456455ccd32654fbaeeeb5ce9704a3ef44b47cc4f9921b1449af69ee53c96173b083d6849355a8c6f2daf8d6616cf61d14887080ec08dacf5425d23ac8e869e5d08fb936440c71e38157843cc05054a6db9a0b0a931fb8e93abd98a45ea75eaad30c380ae74b072c870efbeb19d1131a739dc82dea24e037f9ca6bd6dccfe9dbc649d31989bbaaf9f48065aa50283712fdf751ff1c2aad91329f57542a8592a73fdc28c99763d7fcd54e83dfb518aedc69496314d43779721f441ac433e8338d13a4a876d4058e090bc3e4f5eed6e44d74075f7c9a833f18b030042cd85f89e4f7b10e849db4f11b9b02e050b6fc168288e1bd94a1f979933f1c1547fa93a722fa035779d091365937d2476a8d7772ebc488967a44193062ca3207b4d0507955c409a4798d267ca3205141aa3b553c5c3cfe7f965ec204b596e0273f82bba66e8e08ba28d08fa544ae695940c99a9732a1692b92d811112042e003811ffe4b8626,gx-no-cache=1521143531973 HTTP/1.1" 200 30
186.103.159.46 - - [15/Mar/2018:16:53:03 -0300] "POST /cormun/servlet/solicitudot?gx-no-cache=1521143531772 HTTP/1.1" 200 3284
186.103.159.46 - - [15/Mar/2018:16:53:03 -0300] "POST /cormun/servlet/solicitudot?7e21d59f701ba5201d658d9b483fea38,INS,0,0,,gx-no-cache=1521143531938 HTTP/1.1" 200 10462
192.168.10.89 - - [15/Mar/2018:16:53:04 -0300] "HEAD /cormun/PublicTempStorage/g-221314105.xlsx HTTP/1.1" 200 -
192.168.10.89 - - [15/Mar/2018:16:53:05 -0300] "HEAD /cormun/PublicTempStorage/g-221314105.xlsx HTTP/1.1" 200 -
190.151.100.218 - - [15/Mar/2018:16:53:06 -0300] "POST /cormun/servlet/solicitudot?gx-no-cache=1521143534901 HTTP/1.1" 200 30
192.168.10.89 - - [15/Mar/2018:16:53:06 -0300] "GET /cormun/servlet/trpermisosadjuntos?11757344,20180315164821,P, HTTP/1.1" 200 6889
192.168.10.89 - - [15/Mar/2018:16:53:07 -0300] "HEAD /cormun/PublicTempStorage/g-22484557.xlsx HTTP/1.1" 200 -
192.168.10.89 - - [15/Mar/2018:16:53:07 -0300] "GET /cormun/PublicTempStorage/g-22484557.xlsx HTTP/1.1" 200 16332
192.168.10.89 - - [15/Mar/2018:16:53:14 -0300] "POST /cormun/servlet/trpermisosadjuntos?3d029ccfcb6a8618f3fa0069a0c193d6,11757344,20180315164821,P,,gx-no-cache=1521143430146 HTTP/1.1" 200 90
192.168.10.89 - - [15/Mar/2018:16:53:14 -0300] "GET /cormun/servlet/hpexe_link HTTP/1.1" 200 1005
192.168.10.89 - - [15/Mar/2018:16:53:14 -0300] "GET /cormun/servlet/trpermisosgoce?gx-no-cache=1521143394287 HTTP/1.1" 200 7913
192.168.10.89 - - [15/Mar/2018:16:53:18 -0300] "POST /cormun/servlet/trpermisosgoce?3d029ccfcb6a8618f3fa0069a0c193d6,gx-no-cache=1521143394287,gx-no-cache=1521143434039 HTTP/1.1" 200 5176
192.168.10.89 - - [15/Mar/2018:16:53:18 -0300] "GET /cormun/static/Shared/jqueryui/images/ui-icons_8d78a5_256x240.png HTTP/1.1" 404 1089
192.168.10.89 - - [15/Mar/2018:16:53:18 -0300] "GET /cormun/static/Shared/jqueryui/images/ui-icons_82798d_256x240.png HTTP/1.1" 404 1089
192.168.10.89 - - [15/Mar/2018:16:53:18 -0300] "GET /cormun/static/Shared/jqueryui/images/ui-bg_flat_55_fafafa_40x100.png HTTP/1.1" 404 1097
192.168.10.89 - - [15/Mar/2018:16:53:18 -0300] "GET /cormun/static/Shared/jqueryui/images/ui-bg_highlight-soft_100_c6c2c8_1x100.png HTTP/1.1" 404 1117
192.168.10.89 - - [15/Mar/2018:16:53:27 -0300] "POST /cormun/servlet/trpermisosgoce?3d029ccfcb6a8618f3fa0069a0c193d6,gx-no-cache=1521143394287,gx-no-cache=1521143443428 HTTP/1.1" 200 4318
192.168.10.89 - - [15/Mar/2018:16:53:32 -0300] "GET /cormun/servlet/trautorizarpermisogoce? HTTP/1.1" 200 7819
192.168.10.89 - - [15/Mar/2018:16:53:35 -0300] "GET /cormun/servlet/trpermisosadjuntos?11757344,20180315164821,P, HTTP/1.1" 200 6904
192.168.10.89 - - [15/Mar/2018:16:53:35 -0300] "HEAD /cormun/PublicTempStorage/g-226234455.xlsx HTTP/1.1" 200 -
192.168.10.89 - - [15/Mar/2018:16:53:38 -0300] "POST /cormun/servlet/trpermisosadjuntos?3d029ccfcb6a8618f3fa0069a0c193d6,11757344,20180315164821,P,,gx-no-cache=1521143454289 HTTP/1.1" 200 90
192.168.10.89 - - [15/Mar/2018:16:53:38 -0300] "GET /cormun/servlet/hpexe_link HTTP/1.1" 200 989
192.168.10.89 - - [15/Mar/2018:16:53:38 -0300] "GET /cormun/servlet/trautorizarpermisogoce HTTP/1.1" 200 7800
192.168.10.89 - - [15/Mar/2018:16:53:42 -0300] "POST /cormun/servlet/trautorizarpermisogoce?3d029ccfcb6a8618f3fa0069a0c193d6,gx-no-cache=1521143457644 HTTP/1.1" 200 4358
192.168.10.89 - - [15/Mar/2018:16:53:42 -0300] "GET /cormun/static/Shared/jqueryui/images/ui-bg_flat_55_fafafa_40x100.png HTTP/1.1" 404 1097
192.168.10.89 - - [15/Mar/2018:16:53:42 -0300] "GET /cormun/static/Shared/jqueryui/images/ui-icons_8d78a5_256x240.png HTTP/1.1" 404 1089
192.168.10.89 - - [15/Mar/2018:16:53:42 -0300] "GET /cormun/static/Shared/jqueryui/images/ui-bg_highlight-soft_100_c6c2c8_1x100.png HTTP/1.1" 404 1117
192.168.10.89 - - [15/Mar/2018:16:53:42 -0300] "GET /cormun/static/Shared/jqueryui/images/ui-icons_82798d_256x240.png HTTP/1.1" 404 1089
186.103.159.46 - - [15/Mar/2018:16:53:42 -0300] "POST /cormun/servlet/solicitudot?gx-no-cache=1521143570618 HTTP/1.1" 200 3405
186.103.159.46 - - [15/Mar/2018:16:53:42 -0300] "POST /cormun/servlet/solicitudot?7e21d59f701ba5201d658d9b483fea38,INS,0,0,,gx-no-cache=1521143570863 HTTP/1.1" 200 10649
186.103.159.46 - - [15/Mar/2018:16:53:58 -0300] "GET /cormun/servlet/solicitudot?f567940cf190d7a18cf2d7d2cc37cc9448ade985543f5feddae51043bc455fc216601f42b66ceda0caef294784a94097,gx-no-cache=1521143586352 HTTP/1.1" 200 30
186.103.159.46 - - [15/Mar/2018:16:53:58 -0300] "GET /cormun/servlet/solicitudot?f567940cf190d7a18cf2d7d2cc37cc9412308b75171b1ecaab257d27139ce8308acb4b5f5da743be07f5446273369a0f8a8d6d88e717153bb9ff8269e94a17bb,gx-no-cache=1521143586412 HTTP/1.1" 200 30
186.103.159.46 - - [15/Mar/2018:16:53:58 -0300] "GET /cormun/servlet/solicitudot?f567940cf190d7a18cf2d7d2cc37cc941875695b03717ce324311f425d20e3bf,gx-no-cache=1521143586458 HTTP/1.1" 200 51
186.103.159.46 - - [15/Mar/2018:16:53:58 -0300] "POST /cormun/servlet/solicitudot?gx-no-cache=1521143586506 HTTP/1.1" 200 255
186.103.159.46 - - [15/Mar/2018:16:53:58 -0300] "GET /cormun/servlet/solicitudot?f567940cf190d7a18cf2d7d2cc37cc94912b1d1fcb103ea1de3b8c150bf4c25f649efaf072480cc264c8acbb81ec1dfc1e34e4fae701bef87859e7751d5cc6e5d8f8608b53ba2f17b21dcf519f119477f173213c5137a6289ac6189a315ea250c81b4f2cfa6273ac3449e03ae4bf3a2165877d3c5b573d6c968c20b18dabb96e1534c110931ba10bf3dd75dc0f50671d0c88bdea8e8927c60a2cc7a79f3597ad2ac8d6a40b36349f7860287be0f26b21e1b910f8a261803fbe74090f0f9d6ea16ab3270ab46897f4786e620e7385b9788b426db74b42adaa7e728567dffeae36b0048220d08413ee7f2bdef79f11ab147841b097e8d652a2b5f5aedbed5664dfa5fcf733cf1113993ab35d5b8581ca9e62e3b05a01a03ae8239714c05b7d5acbf3f3a580e155a627291505a124c465974e2f15fbea3ccff6608d061de431e8b48ec8dcd01eb148f2f71ff3f487aa3f825599c4a1d588d2cc42394c18a5ad94784d65720bab6882670404904d789c078be83fa6d57134b633dfe93b8c27115abd,gx-no-cache=1521143586566 HTTP/1.1" 200 30
192.168.10.89 - - [15/Mar/2018:16:53:59 -0300] "GET /cormun/servlet/trpermisosingoce? HTTP/1.1" 200 7061
192.168.10.89 - - [15/Mar/2018:16:54:00 -0300] "POST /cormun/servlet/acontrolpreferencessavestate?None,JPARRAGUEZ,true HTTP/1.1" 200 35
186.103.159.46 - - [15/Mar/2018:16:54:00 -0300] "POST /cormun/servlet/solicitudot?gx-no-cache=1521143589052 HTTP/1.1" 200 30
186.103.159.46 - - [15/Mar/2018:16:54:06 -0300] "GET /cormun/servlet/prcontratosol?12515426,,,,,MD,,gxPopupLevel%3D0%3B HTTP/1.1" 200 7933
192.168.10.89 - - [15/Mar/2018:16:54:33 -0300] "GET /cormun/servlet/trpermisosgoce? HTTP/1.1" 200 7053
192.168.10.89 - - [15/Mar/2018:16:54:37 -0300] "GET /cormun/servlet/permisogoce?INS,0,,, HTTP/1.1" 200 6975
192.168.10.89 - - [15/Mar/2018:16:54:40 -0300] "GET /cormun/servlet/prfichaempleado?,MD,,gxPopupLevel%3D0%3B HTTP/1.1" 200 9289
192.168.10.89 - - [15/Mar/2018:16:54:46 -0300] "POST /cormun/servlet/prfichaempleado?3d029ccfcb6a8618f3fa0069a0c193d6,,MD,,gxPopupLevel%3D0%3B,gx-no-cache=1521143521855 HTTP/1.1" 200 3434
186.103.159.46 - - [15/Mar/2018:16:54:48 -0300] "POST /cormun/servlet/solicitudot?gx-no-cache=1521143636678 HTTP/1.1" 200 1336
186.103.159.46 - - [15/Mar/2018:16:54:48 -0300] "POST /cormun/servlet/solicitudot?gx-no-cache=1521143636781 HTTP/1.1" 200 38
186.103.159.46 - - [15/Mar/2018:16:54:48 -0300] "GET /cormun/servlet/solicitudot?f567940cf190d7a18cf2d7d2cc37cc94bd5b8493eb47a7961841a7b4bc98ce59b8ab94f3bd93953afacac0b0c943365128302083fa8a8f1b0ca6f1465324b8d071e42af1318b39cd2f5d881db26bd79bd488a5ebe208dc87190938220b38f24b08cada518bcf56457c48bf1a5675037ecc4fe228f0adaa5e83d3375eae68b6fa5b5d7eccac1962fe1f781353d6d17848aacd949451e24f7917a8cd17967d6e8a,gx-no-cache=1521143636824 HTTP/1.1" 200 29
186.103.159.46 - - [15/Mar/2018:16:54:48 -0300] "POST /cormun/servlet/solicitudot?gx-no-cache=1521143636877 HTTP/1.1" 200 1318
186.103.159.46 - - [15/Mar/2018:16:54:48 -0300] "POST /cormun/servlet/solicitudot?gx-no-cache=1521143636948 HTTP/1.1" 200 1218
186.103.159.46 - - [15/Mar/2018:16:54:48 -0300] "GET /cormun/servlet/solicitudot?f567940cf190d7a18cf2d7d2cc37cc94c44326a45f0e44784f77cf6bb9f0bb63c3962859a6d18460da38ff832d20e254,gx-no-cache=1521143637003 HTTP/1.1" 200 30
192.168.10.89 - - [15/Mar/2018:16:54:49 -0300] "GET /cormun/servlet/permisogoce?10d8470df2f129191b583826223fe974fa4ca52e076f1a9e7baaad42091cf05e6c6a632aee316c62b95f5f8b38c4c29dd1f7628cd1f6cc6d86d4b421e12ca7f1,gx-no-cache=1521143525476 HTTP/1.1" 200 79
186.103.159.46 - - [15/Mar/2018:16:54:59 -0300] "GET /cormun/static/menuarrow.gif HTTP/1.1" 404 1015
192.168.10.89 - - [15/Mar/2018:16:55:04 -0300] "POST /cormun/servlet/permisogoce?3d029ccfcb6a8618f3fa0069a0c193d6,INS,0,,,,gx-no-cache=1521143540013 HTTP/1.1" 200 93
192.168.10.89 - - [15/Mar/2018:16:55:04 -0300] "GET /cormun/servlet/hpexe_return? HTTP/1.1" 200 1011
192.168.10.89 - - [15/Mar/2018:16:55:04 -0300] "GET /cormun/servlet/trpermisosgoce HTTP/1.1" 200 7056
192.168.10.89 - - [15/Mar/2018:16:55:08 -0300] "GET /cormun/servlet/trpermisosingoce? HTTP/1.1" 200 7059
192.168.10.89 - - [15/Mar/2018:16:55:10 -0300] "GET /cormun/servlet/permisosingoce?INS,0, HTTP/1.1" 200 6949
192.168.10.89 - - [15/Mar/2018:16:55:14 -0300] "GET /cormun/servlet/prfichaempleado?,MD,,gxPopupLevel%3D0%3B HTTP/1.1" 200 9289
186.67.203.186 - - [15/Mar/2018:16:55:17 -0300] "GET /cormun/servlet/prsolicitudot?10325357,,,,,MD,,gxPopupLevel%3D0%3B HTTP/1.1" 200 6268
200.72.197.82 - - [15/Mar/2018:16:55:17 -0300] "GET /cormun/static/gxcfg.js?2017111422591492 HTTP/1.1" 200 953
192.168.10.89 - - [15/Mar/2018:16:55:20 -0300] "POST /cormun/servlet/prfichaempleado?3d029ccfcb6a8618f3fa0069a0c193d6,,MD,,gxPopupLevel%3D0%3B,gx-no-cache=1521143555971 HTTP/1.1" 200 3432
186.67.203.186 - - [15/Mar/2018:16:55:21 -0300] "GET /cormun/static/prsolicitudot.js?2017111422591715 HTTP/1.1" 200 13680
192.168.10.89 - - [15/Mar/2018:16:55:23 -0300] "GET /cormun/servlet/permisosingoce?4563766f0ac6be7bd0935c2f6d29769b6ac6805370d3f3533b7ed92f7c13f1b9c9e0e970607a724802a151890dadb333,gx-no-cache=1521143558786 HTTP/1.1" 200 76
186.103.159.46 - - [15/Mar/2018:16:55:27 -0300] "POST /cormun/servlet/solicitudot?gx-no-cache=1521143675227 HTTP/1.1" 200 1317
186.103.159.46 - - [15/Mar/2018:16:55:27 -0300] "POST /cormun/servlet/solicitudot?gx-no-cache=1521143675361 HTTP/1.1" 200 1218
192.168.10.89 - - [15/Mar/2018:16:55:27 -0300] "GET /cormun/servlet/permisosingoce?4563766f0ac6be7bd0935c2f6d29769b6742c510df6ca30e5cb4e9879031e7d3efd0c522990ae361e8d1f118a596480e,gx-no-cache=1521143563273 HTTP/1.1" 200 33
186.103.159.46 - - [15/Mar/2018:16:55:28 -0300] "POST /cormun/servlet/solicitudot?gx-no-cache=1521143676873 HTTP/1.1" 200 1317
186.103.159.46 - - [15/Mar/2018:16:55:28 -0300] "POST /cormun/servlet/solicitudot?gx-no-cache=1521143676949 HTTP/1.1" 200 1218
192.168.10.89 - - [15/Mar/2018:16:55:31 -0300] "GET /cormun/servlet/permisosingoce?4563766f0ac6be7bd0935c2f6d29769b40a13f28cd56d07d1be299b0c97b0a871ad9cfeb8bacc7de62fb187e43737293328679015a4ae594746f40fe02178c26567dcd5794e4063cbc212cc4802eb58a6e86f9761c54aa5016334066079c1080f8d5a22d9948a45c0a81cdb6eaf380ab24c024fb6c861600d356ddef4ffad89a1b54785b0683c4a7d083110ce925da91,gx-no-cache=1521143566968 HTTP/1.1" 200 41
186.67.203.186 - - [15/Mar/2018:16:56:03 -0300] "POST /cormun/servlet/solicitudot?gx-no-cache=1521143712350 HTTP/1.1" 200 1336
186.67.203.186 - - [15/Mar/2018:16:56:03 -0300] "POST /cormun/servlet/solicitudot?gx-no-cache=1521143712536 HTTP/1.1" 200 38
186.67.203.186 - - [15/Mar/2018:16:56:03 -0300] "GET /cormun/servlet/solicitudot?e9b224107f03d6f993be9619cfc48c57071b00a8fde8332007b0005ef99bba4e823db107a25974d38f30ddeabb12f17f8f2f129c53b05c98ed0b45c6c4e326abf8ac07857977a9d8df68772458d3ffdec441f90aad772fc6d41b20c5302ec0b5e58e29b4f44579fc43e431ae58a124feed32aece7eedd37ba0af4287fc34a1d421dbb6ff81be57e340c2e6ef7ac35ad6c65b997e8267be9c73a67ef9d8a5b1f9,gx-no-cache=1521143712648 HTTP/1.1" 200 29
192.168.10.56 - - [15/Mar/2018:16:56:03 -0300] "POST /cormun/servlet/trsolicitudgral?055c186cbd386869000fd0cff9f1a1f0,,gx-no-cache=1521143599323 HTTP/1.1" 200 17717
186.67.203.186 - - [15/Mar/2018:16:56:03 -0300] "POST /cormun/servlet/solicitudot?gx-no-cache=1521143712753 HTTP/1.1" 200 1319
186.67.203.186 - - [15/Mar/2018:16:56:04 -0300] "POST /cormun/servlet/solicitudot?gx-no-cache=1521143712873 HTTP/1.1" 200 1219
186.67.203.186 - - [15/Mar/2018:16:56:04 -0300] "GET /cormun/servlet/solicitudot?e9b224107f03d6f993be9619cfc48c57296c127b8f8fbf94c15ac9d01c30a288,gx-no-cache=1521143713142 HTTP/1.1" 200 30
192.168.10.89 - - [15/Mar/2018:16:56:27 -0300] "POST /cormun/servlet/permisosingoce?3d029ccfcb6a8618f3fa0069a0c193d6,INS,0,,gx-no-cache=1521143623031 HTTP/1.1" 200 93
192.168.10.89 - - [15/Mar/2018:16:56:27 -0300] "GET /cormun/servlet/hpexe_return? HTTP/1.1" 200 1009
192.168.10.89 - - [15/Mar/2018:16:56:27 -0300] "GET /cormun/servlet/trpermisosingoce HTTP/1.1" 200 7062
192.168.10.56 - - [15/Mar/2018:16:56:31 -0300] "POST /cormun/servlet/trsolicitudgral?055c186cbd386869000fd0cff9f1a1f0,,gx-no-cache=1521143626783 HTTP/1.1" 200 17322
192.168.10.89 - - [15/Mar/2018:16:56:32 -0300] "GET /cormun/servlet/trinasistencia? HTTP/1.1" 200 7060
192.168.10.89 - - [15/Mar/2018:16:56:34 -0300] "POST /cormun/servlet/acontrolpreferencessavestate?None,JPARRAGUEZ,true HTTP/1.1" 200 35
192.168.10.89 - - [15/Mar/2018:16:57:03 -0300] "GET /cormun/servlet/inasistencia?INS,0, HTTP/1.1" 200 6974
192.168.10.56 - - [15/Mar/2018:16:57:05 -0300] "POST /cormun/servlet/trsolicitudgral?055c186cbd386869000fd0cff9f1a1f0,,gx-no-cache=1521143660565 HTTP/1.1" 200 17292
192.168.10.89 - - [15/Mar/2018:16:57:16 -0300] "POST /cormun/servlet/inasistencia?3d029ccfcb6a8618f3fa0069a0c193d6,INS,0,,gx-no-cache=1521143672063 HTTP/1.1" 200 93
192.168.10.89 - - [15/Mar/2018:16:57:16 -0300] "GET /cormun/servlet/hpexe_return? HTTP/1.1" 200 1008
192.168.10.89 - - [15/Mar/2018:16:57:16 -0300] "GET /cormun/servlet/trinasistencia HTTP/1.1" 200 7068
186.67.203.186 - - [15/Mar/2018:16:57:19 -0300] "GET /cormun/servlet/prsolicitudot?10325357,,,,,MD,,gxPopupLevel%3D0%3B HTTP/1.1" 200 6268
192.168.10.89 - - [15/Mar/2018:16:57:22 -0300] "GET /cormun/servlet/trrenuncias? HTTP/1.1" 200 7023
192.168.10.89 - - [15/Mar/2018:16:57:24 -0300] "POST /cormun/servlet/acontrolpreferencessavestate?None,JPARRAGUEZ,true HTTP/1.1" 200 35
192.168.10.89 - - [15/Mar/2018:16:58:00 -0300] "GET /cormun/servlet/renuncias?INS,0, HTTP/1.1" 200 6292
186.103.159.46 - - [15/Mar/2018:16:58:01 -0300] "GET /cormun/servlet/solicitudot?f567940cf190d7a18cf2d7d2cc37cc94c44326a45f0e44784f77cf6bb9f0bb63b3db1635aeb141723c054db7bdd1cbb4,gx-no-cache=1521143829477 HTTP/1.1" 200 30
186.103.159.46 - - [15/Mar/2018:16:58:01 -0300] "POST /cormun/servlet/solicitudot?gx-no-cache=1521143829562 HTTP/1.1" 200 33
186.103.159.46 - - [15/Mar/2018:16:58:01 -0300] "POST /cormun/servlet/solicitudot?7e21d59f701ba5201d658d9b483fea38,INS,0,0,,gx-no-cache=1521143829628 HTTP/1.1" 200 93
186.103.159.46 - - [15/Mar/2018:16:58:01 -0300] "GET /cormun/servlet/hpexe_return? HTTP/1.1" 200 1031
192.168.10.56 - - [15/Mar/2018:16:58:01 -0300] "GET /cormun/servlet/hlogin HTTP/1.1" 200 1735
186.103.159.46 - - [15/Mar/2018:16:58:01 -0300] "GET /cormun/servlet/trsolicitudot?gx-no-cache=1521143279017 HTTP/1.1" 200 8655
186.103.159.46 - - [15/Mar/2018:16:58:02 -0300] "GET /cormun/servlet/trsolicitudot?gx-no-cache=1521143279017 HTTP/1.1" 200 8674
192.168.10.89 - - [15/Mar/2018:16:58:06 -0300] "GET /cormun/servlet/renuncias?902502aa1e110e1b933893b510123e217f0b9df3f0484cf87911120b1d6d1523510ce00b025e778b4427f819b5ad34b1,gx-no-cache=1521143722530 HTTP/1.1" 200 33
192.168.10.89 - - [15/Mar/2018:16:58:11 -0300] "GET /cormun/servlet/prfichaempleado?,MD,,gxPopupLevel%3D0%3B HTTP/1.1" 200 9303
186.103.159.46 - - [15/Mar/2018:16:58:22 -0300] "POST /cormun/servlet/trsolicitudot?7e21d59f701ba5201d658d9b483fea38,gx-no-cache=1521143279017,gx-no-cache=1521143850891 HTTP/1.1" 200 4702
186.103.159.46 - - [15/Mar/2018:16:58:22 -0300] "GET /cormun/static/Shared/jqueryui/images/ui-bg_highlight-soft_100_c6c2c8_1x100.png HTTP/1.1" 404 1117
186.103.159.46 - - [15/Mar/2018:16:58:23 -0300] "GET /cormun/static/Shared/jqueryui/images/ui-icons_82798d_256x240.png HTTP/1.1" 404 1089
186.103.159.46 - - [15/Mar/2018:16:58:23 -0300] "GET /cormun/static/Shared/jqueryui/images/ui-bg_flat_55_fafafa_40x100.png HTTP/1.1" 404 1097
186.103.159.46 - - [15/Mar/2018:16:58:23 -0300] "POST /cormun/servlet/trsolicitudot?7e21d59f701ba5201d658d9b483fea38,gx-no-cache=1521143279017,gx-no-cache=1521143851172 HTTP/1.1" 200 4455
192.168.10.89 - - [15/Mar/2018:16:58:23 -0300] "GET /cormun/servlet/renuncias?902502aa1e110e1b933893b510123e210ab124d3043d6af98172b56922d1cc877e567923b756a829f2dfefbfd63aedfc,gx-no-cache=1521143739074 HTTP/1.1" 200 169
192.168.10.89 - - [15/Mar/2018:16:58:23 -0300] "GET /cormun/static/Shared/jqueryui/images/ui-icons_ebccce_256x240.png HTTP/1.1" 404 1089
192.168.10.89 - - [15/Mar/2018:16:58:23 -0300] "GET /cormun/static/Shared/jqueryui/images/ui-icons_82798d_256x240.png HTTP/1.1" 404 1089
192.168.10.89 - - [15/Mar/2018:16:58:23 -0300] "GET /cormun/static/Shared/jqueryui/images/ui-bg_flat_55_994d53_40x100.png HTTP/1.1" 404 1097
192.168.10.89 - - [15/Mar/2018:16:58:23 -0300] "GET /cormun/static/Shared/jqueryui/images/ui-bg_highlight-soft_100_c6c2c8_1x100.png HTTP/1.1" 404 1117
192.168.10.89 - - [15/Mar/2018:16:58:27 -0300] "GET /cormun/servlet/prfichaempleado?,MD,,gxPopupLevel%3D0%3B HTTP/1.1" 200 9303
186.103.159.46 - - [15/Mar/2018:16:58:28 -0300] "GET /cormun/servlet/solicitudot?INS,0,0, HTTP/1.1" 200 13493
186.103.159.46 - - [15/Mar/2018:16:58:29 -0300] "GET /cormun/servlet/solicitudot?INS,0,0, HTTP/1.1" 200 13476
192.168.10.89 - - [15/Mar/2018:16:58:32 -0300] "GET /cormun/servlet/renuncias?902502aa1e110e1b933893b510123e211955aff75f28d5cdd6a94e9141759a7dec8d677a2ccb4f56ef24a72cf664b50d,gx-no-cache=1521143747912 HTTP/1.1" 200 168
192.168.10.89 - - [15/Mar/2018:16:58:35 -0300] "GET /cormun/servlet/prfichaempleado?,MD,,gxPopupLevel%3D0%3B HTTP/1.1" 200 9303
192.168.10.89 - - [15/Mar/2018:16:58:40 -0300] "GET /cormun/servlet/renuncias?902502aa1e110e1b933893b510123e21657c6251ffcc1a0d0ffbe73893eef4677e567923b756a829f2dfefbfd63aedfc,gx-no-cache=1521143755769 HTTP/1.1" 200 164
192.168.10.89 - - [15/Mar/2018:16:58:42 -0300] "GET /cormun/servlet/prfichaempleado?,MD,,gxPopupLevel%3D0%3B HTTP/1.1" 200 9303
186.103.159.46 - - [15/Mar/2018:16:58:44 -0300] "POST /cormun/servlet/solicitudot?gx-no-cache=1521143872853 HTTP/1.1" 200 3388
186.103.159.46 - - [15/Mar/2018:16:58:45 -0300] "POST /cormun/servlet/solicitudot?7e21d59f701ba5201d658d9b483fea38,INS,0,0,,gx-no-cache=1521143873095 HTTP/1.1" 200 10567
192.168.10.89 - - [15/Mar/2018:16:58:52 -0300] "GET /cormun/servlet/renuncias?902502aa1e110e1b933893b510123e210dbce8e6c2e35d5839d9ce025905fb2a7e567923b756a829f2dfefbfd63aedfc,gx-no-cache=1521143768023 HTTP/1.1" 200 175
192.168.10.89 - - [15/Mar/2018:16:58:54 -0300] "GET /cormun/servlet/prfichaempleado?,MD,,gxPopupLevel%3D0%3B HTTP/1.1" 200 9303
186.103.159.46 - - [15/Mar/2018:16:58:58 -0300] "GET /cormun/servlet/solicitudot?f567940cf190d7a18cf2d7d2cc37cc94dde65e8d1f156a92cedb8b02c2cd32188a8d6d88e717153bb9ff8269e94a17bb,gx-no-cache=1521143887035 HTTP/1.1" 200 30
186.103.159.46 - - [15/Mar/2018:16:58:58 -0300] "GET /cormun/servlet/solicitudot?f567940cf190d7a18cf2d7d2cc37cc943321cd0fcca2c8f49452d5fa4c2795acae0c51ecca2cb9e4b8126f9a461864478a8d6d88e717153bb9ff8269e94a17bb,gx-no-cache=1521143887103 HTTP/1.1" 200 30
186.103.159.46 - - [15/Mar/2018:16:58:58 -0300] "GET /cormun/servlet/solicitudot?f567940cf190d7a18cf2d7d2cc37cc94edb0c17208ec2f54422839664bf12bde,gx-no-cache=1521143887139 HTTP/1.1" 200 45
186.103.159.46 - - [15/Mar/2018:16:58:59 -0300] "POST /cormun/servlet/solicitudot?gx-no-cache=1521143887178 HTTP/1.1" 200 255
186.103.159.46 - - [15/Mar/2018:16:58:59 -0300] "GET /cormun/servlet/solicitudot?f567940cf190d7a18cf2d7d2cc37cc94912b1d1fcb103ea1de3b8c150bf4c25f649efaf072480cc264c8acbb81ec1dfc1e34e4fae701bef87859e7751d5cc6e5d8f8608b53ba2f17b21dcf519f119477f173213c5137a6289ac6189a315ea250c81b4f2cfa6273ac3449e03ae4bf3a2165877d3c5b573d6c968c20b18dabb96e1534c110931ba10bf3dd75dc0f50671d0c88bdea8e8927c60a2cc7a79f3597ad2ac8d6a40b36349f7860287be0f26b21e1b910f8a261803fbe74090f0f9d6ea16ab3270ab46897f4786e620e7385b9788b426db74b42adaa7e728567dffeae36b0048220d08413ee7f2bdef79f11ab147841b097e8d652a2b5f5aedbed5664dfa5fcf733cf1113993ab35d5b8581ca9e62e3b05a01a03ae8239714c05b7d5acbf3f3a580e155a627291505a124c465974e2f15fbea3ccff6608d061de431e8b48ec8dcd01eb148f2f71ff3f487aa3f825599c4a1d588d2cc42394c18a5ad94784d65720bab6882670404904d789c078be83fa6d57134b633dfe93b8c27115abd,gx-no-cache=1521143887269 HTTP/1.1" 200 30
186.103.159.46 - - [15/Mar/2018:16:59:01 -0300] "POST /cormun/servlet/solicitudot?gx-no-cache=1521143889620 HTTP/1.1" 200 30
186.103.159.46 - - [15/Mar/2018:16:59:05 -0300] "GET /cormun/servlet/prcontratosol?7650750,,,,,MD,,gxPopupLevel%3D0%3B HTTP/1.1" 200 7803
186.103.159.46 - - [15/Mar/2018:16:59:27 -0300] "POST /cormun/servlet/solicitudot?gx-no-cache=1521143915984 HTTP/1.1" 200 1338
186.103.159.46 - - [15/Mar/2018:16:59:28 -0300] "POST /cormun/servlet/solicitudot?gx-no-cache=1521143916168 HTTP/1.1" 200 38
186.103.159.46 - - [15/Mar/2018:16:59:28 -0300] "GET /cormun/servlet/solicitudot?f567940cf190d7a18cf2d7d2cc37cc94bd5b8493eb47a7961841a7b4bc98ce59b8ab94f3bd93953afacac0b0c9433651b8b163327ecc9bb3e91d02e49687809871e42af1318b39cd2f5d881db26bd79bd488a5ebe208dc87190938220b38f24b08cada518bcf56457c48bf1a5675037ecc4fe228f0adaa5e83d3375eae68b6fa5b5d7eccac1962fe1f781353d6d17848aacd949451e24f7917a8cd17967d6e8a,gx-no-cache=1521143916250 HTTP/1.1" 200 29
186.103.159.46 - - [15/Mar/2018:16:59:28 -0300] "POST /cormun/servlet/solicitudot?gx-no-cache=1521143916308 HTTP/1.1" 200 1319
186.103.159.46 - - [15/Mar/2018:16:59:28 -0300] "POST /cormun/servlet/solicitudot?gx-no-cache=1521143916400 HTTP/1.1" 200 1219
186.103.159.46 - - [15/Mar/2018:16:59:28 -0300] "GET /cormun/servlet/solicitudot?f567940cf190d7a18cf2d7d2cc37cc942928889877b0b2a63199bc527a582dc0c3962859a6d18460da38ff832d20e254,gx-no-cache=1521143916462 HTTP/1.1" 200 134
186.103.159.46 - - [15/Mar/2018:16:59:28 -0300] "GET /cormun/static/Shared/jqueryui/images/ui-bg_highlight-soft_100_c6c2c8_1x100.png HTTP/1.1" 404 1117
186.103.159.46 - - [15/Mar/2018:16:59:28 -0300] "GET /cormun/static/Shared/jqueryui/images/ui-icons_82798d_256x240.png HTTP/1.1" 404 1089
186.103.159.46 - - [15/Mar/2018:16:59:28 -0300] "GET /cormun/static/Shared/jqueryui/images/ui-bg_flat_55_994d53_40x100.png HTTP/1.1" 404 1097
186.103.159.46 - - [15/Mar/2018:16:59:28 -0300] "GET /cormun/static/Shared/jqueryui/images/ui-icons_ebccce_256x240.png HTTP/1.1" 404 1089
186.103.161.206 - - [15/Mar/2018:16:59:53 -0300] "POST /cormun/servlet/solicitudot?gx-no-cache=1521143942202 HTTP/1.1" 200 30
186.103.161.206 - - [15/Mar/2018:16:59:53 -0300] "POST /cormun/servlet/solicitudot?gx-no-cache=1521143942411 HTTP/1.1" 200 1336
186.103.161.206 - - [15/Mar/2018:16:59:53 -0300] "POST /cormun/servlet/solicitudot?gx-no-cache=1521143942579 HTTP/1.1" 200 38
186.103.161.206 - - [15/Mar/2018:16:59:53 -0300] "POST /cormun/servlet/solicitudot?gx-no-cache=1521143942716 HTTP/1.1" 200 1319
186.103.161.206 - - [15/Mar/2018:16:59:54 -0300] "POST /cormun/servlet/solicitudot?gx-no-cache=1521143942863 HTTP/1.1" 200 1219
186.103.161.206 - - [15/Mar/2018:16:59:56 -0300] "GET /cormun/servlet/trautorizarsolicitud? HTTP/1.1" 200 7322
186.103.161.206 - - [15/Mar/2018:16:59:58 -0300] "GET /cormun/servlet/trautorizarsolicitud? HTTP/1.1" 200 7316
200.72.197.82 - - [15/Mar/2018:17:00:05 -0300] "POST /cormun/servlet/trautorizarsolicitud?dc8a0f6c19bf7bb825e9085cc420be33,,gx-no-cache=1521143954476 HTTP/1.1" 200 7848
200.72.197.82 - - [15/Mar/2018:17:00:19 -0300] "GET /cormun/static/menuarrow.gif HTTP/1.1" 404 1015
200.72.197.82 - - [15/Mar/2018:17:00:29 -0300] "POST /cormun/servlet/trautorizarsolicitud?dc8a0f6c19bf7bb825e9085cc420be33,,gx-no-cache=1521143978394 HTTP/1.1" 200 7847
200.72.197.82 - - [15/Mar/2018:17:00:39 -0300] "POST /cormun/servlet/trautorizarsolicitud?dc8a0f6c19bf7bb825e9085cc420be33,,gx-no-cache=1521143987557 HTTP/1.1" 200 4411
200.72.197.82 - - [15/Mar/2018:17:00:44 -0300] "POST /cormun/servlet/trautorizarsolicitud?dc8a0f6c19bf7bb825e9085cc420be33,,gx-no-cache=1521143992862 HTTP/1.1" 200 4410
200.72.197.82 - - [15/Mar/2018:17:00:53 -0300] "POST /cormun/servlet/trautorizarsolicitud?dc8a0f6c19bf7bb825e9085cc420be33,,gx-no-cache=1521144002415 HTTP/1.1" 200 4411
200.72.197.82 - - [15/Mar/2018:17:00:59 -0300] "POST /cormun/servlet/trautorizarsolicitud?dc8a0f6c19bf7bb825e9085cc420be33,,gx-no-cache=1521144008432 HTTP/1.1" 200 11755
200.120.230.197 - - [15/Mar/2018:17:01:18 -0300] "GET /cormun/servlet/hlogin HTTP/1.1" 200 1721
200.120.230.197 - - [15/Mar/2018:17:01:18 -0300] "GET /cormun/static/messages.spa.js?85251 HTTP/1.1" 304 -
192.168.10.89 - - [15/Mar/2018:17:01:23 -0300] "POST /cormun/servlet/prfichaempleado?3d029ccfcb6a8618f3fa0069a0c193d6,,MD,,gxPopupLevel%3D0%3B,gx-no-cache=1521143918980 HTTP/1.1" 200 4245
200.120.230.197 - - [15/Mar/2018:17:01:27 -0300] "POST /cormun/servlet/hlogin?86af10dc957fe91b3e12d65c6791e1b1,gx-no-cache=1521144043554 HTTP/1.1" 200 90
200.120.230.197 - - [15/Mar/2018:17:01:27 -0300] "GET /cormun/servlet/hpexe_link HTTP/1.1" 200 953
200.120.230.197 - - [15/Mar/2018:17:01:27 -0300] "GET /cormun/servlet/hhome HTTP/1.1" 200 4232
192.168.10.89 - - [15/Mar/2018:17:01:27 -0300] "GET /cormun/servlet/renuncias?902502aa1e110e1b933893b510123e211408406b6e3988d5c169cba3f7401a04ec8d677a2ccb4f56ef24a72cf664b50d,gx-no-cache=1521143923177 HTTP/1.1" 200 70
200.120.230.197 - - [15/Mar/2018:17:01:29 -0300] "GET /cormun/servlet/hhome HTTP/1.1" 200 4228
186.103.161.206 - - [15/Mar/2018:17:01:31 -0300] "GET /cormun/servlet/veautorizarsolicitud?2018,10017,, HTTP/1.1" 200 8563
186.103.161.206 - - [15/Mar/2018:17:01:31 -0300] "GET /cormun/pexe_scrolldiv.js HTTP/1.1" 404 1009
186.103.161.206 - - [15/Mar/2018:17:01:32 -0300] "GET /cormun/pexe_scrolldiv.js HTTP/1.1" 404 1009
192.168.10.89 - - [15/Mar/2018:17:01:32 -0300] "GET /cormun/servlet/prcontrato?7920818,,,MD,,gxPopupLevel%3D0%3B HTTP/1.1" 200 6040
192.168.10.89 - - [15/Mar/2018:17:01:32 -0300] "GET /cormun/static/gxcfg.js?20175251232326 HTTP/1.1" 200 953
192.168.10.89 - - [15/Mar/2018:17:01:32 -0300] "GET /cormun/static/prcontrato.js?20175251232552 HTTP/1.1" 200 13820
186.103.161.206 - - [15/Mar/2018:17:01:33 -0300] "GET /cormun/servlet/veautorizarsolicitud?2018,10017,, HTTP/1.1" 200 8562
192.168.10.89 - - [15/Mar/2018:17:01:33 -0300] "POST /cormun/servlet/acontrolpreferencessavestate?None,JPARRAGUEZ,true HTTP/1.1" 200 35
200.120.230.197 - - [15/Mar/2018:17:01:34 -0300] "GET /cormun/servlet/trlicencias? HTTP/1.1" 200 11684
200.120.230.197 - - [15/Mar/2018:17:01:35 -0300] "GET /cormun/servlet/trlicencias? HTTP/1.1" 200 11681
200.120.230.197 - - [15/Mar/2018:17:01:41 -0300] "GET /cormun/servlet/licenciaspermisos?INS,0,,, HTTP/1.1" 200 7766
200.120.230.197 - - [15/Mar/2018:17:01:42 -0300] "GET /cormun/servlet/licenciaspermisos?INS,0,,, HTTP/1.1" 200 7774
192.168.10.89 - - [15/Mar/2018:17:01:48 -0300] "POST /cormun/servlet/renuncias?3d029ccfcb6a8618f3fa0069a0c193d6,INS,0,,gx-no-cache=1521143943733 HTTP/1.1" 200 93
192.168.10.89 - - [15/Mar/2018:17:01:48 -0300] "GET /cormun/servlet/hpexe_return? HTTP/1.1" 200 1006
192.168.10.89 - - [15/Mar/2018:17:01:48 -0300] "GET /cormun/servlet/trrenuncias HTTP/1.1" 200 7746
192.168.10.89 - - [15/Mar/2018:17:01:51 -0300] "GET /cormun/servlet/arenunciaprn?123,PU HTTP/1.1" 200 1562
186.103.161.206 - - [15/Mar/2018:17:01:51 -0300] "POST /cormun/servlet/veautorizarsolicitud?dc8a0f6c19bf7bb825e9085cc420be33,2018,10017,,,gx-no-cache=1521144060354 HTTP/1.1" 200 93
186.103.161.206 - - [15/Mar/2018:17:01:51 -0300] "GET /cormun/servlet/hpexe_return? HTTP/1.1" 200 1015
186.103.161.206 - - [15/Mar/2018:17:01:52 -0300] "GET /cormun/servlet/trautorizarsolicitud? HTTP/1.1" 200 14521
186.103.161.206 - - [15/Mar/2018:17:01:54 -0300] "GET /cormun/servlet/trautorizarsolicitud? HTTP/1.1" 200 14516
186.103.161.206 - - [15/Mar/2018:17:02:05 -0300] "GET /cormun/servlet/veautorizarsolicitud?2018,10017,, HTTP/1.1" 200 8563
186.103.161.206 - - [15/Mar/2018:17:02:06 -0300] "GET /cormun/pexe_scrolldiv.js HTTP/1.1" 404 1009
192.168.10.89 - - [15/Mar/2018:17:02:07 -0300] "GET /cormun/servlet/trrenunciasadjuntos?123,7920818, HTTP/1.1" 200 6158
192.168.10.89 - - [15/Mar/2018:17:02:07 -0300] "GET /cormun/static/gxcfg.js?20177612185036 HTTP/1.1" 200 953
192.168.10.89 - - [15/Mar/2018:17:02:07 -0300] "GET /cormun/static/trrenunciasadjuntos.js?20177612185280 HTTP/1.1" 200 15250
186.103.161.206 - - [15/Mar/2018:17:02:07 -0300] "GET /cormun/servlet/veautorizarsolicitud?2018,10017,, HTTP/1.1" 200 8562
192.168.10.89 - - [15/Mar/2018:17:02:08 -0300] "POST /cormun/servlet/acontrolpreferencessavestate?None,JPARRAGUEZ,true HTTP/1.1" 200 35
186.103.132.155 - - [15/Mar/2018:17:02:13 -0300] "POST /cormun/servlet/veautorizarsolicitud?dc8a0f6c19bf7bb825e9085cc420be33,2018,10017,,,gx-no-cache=1521144081464 HTTP/1.1" 200 93
186.103.132.155 - - [15/Mar/2018:17:02:13 -0300] "GET /cormun/servlet/hpexe_return? HTTP/1.1" 200 1014
186.103.132.155 - - [15/Mar/2018:17:02:13 -0300] "GET /cormun/servlet/trautorizarsolicitud HTTP/1.1" 200 14521
192.168.10.62 - - [15/Mar/2018:17:02:15 -0300] "GET /cormun/servlet/hlogin HTTP/1.1" 200 1719
186.103.132.155 - - [15/Mar/2018:17:02:15 -0300] "GET /cormun/servlet/trautorizarsolicitud HTTP/1.1" 200 14516
186.103.159.46 - - [15/Mar/2018:17:02:19 -0300] "POST /cormun/servlet/solicitudot?gx-no-cache=1521144087171 HTTP/1.1" 200 1318
186.103.159.46 - - [15/Mar/2018:17:02:19 -0300] "POST /cormun/servlet/solicitudot?gx-no-cache=1521144087271 HTTP/1.1" 200 1219
186.103.159.46 - - [15/Mar/2018:17:02:19 -0300] "GET /cormun/static/menuarrow.gif HTTP/1.1" 404 1015
186.103.159.46 - - [15/Mar/2018:17:02:21 -0300] "POST /cormun/servlet/solicitudot?gx-no-cache=1521144089533 HTTP/1.1" 200 1318
186.103.159.46 - - [15/Mar/2018:17:02:21 -0300] "POST /cormun/servlet/solicitudot?gx-no-cache=1521144089611 HTTP/1.1" 200 1219
192.168.10.89 - - [15/Mar/2018:17:02:24 -0300] "POST /cormun/servlet/trrenunciasadjuntos?3d029ccfcb6a8618f3fa0069a0c193d6,123,7920818,,gx-no-cache=1521143980168 HTTP/1.1" 200 90
192.168.10.89 - - [15/Mar/2018:17:02:24 -0300] "GET /cormun/servlet/hpexe_link HTTP/1.1" 200 970
192.168.10.89 - - [15/Mar/2018:17:02:24 -0300] "GET /cormun/servlet/trrenuncias HTTP/1.1" 200 7746
192.168.10.62 - - [15/Mar/2018:17:02:26 -0300] "POST /cormun/servlet/hlogin?e981762a2b0d918fcd7d152dc63de9b6,gx-no-cache=1521143982108 HTTP/1.1" 200 90
192.168.10.62 - - [15/Mar/2018:17:02:26 -0300] "GET /cormun/servlet/hpexe_link HTTP/1.1" 200 950
192.168.10.62 - - [15/Mar/2018:17:02:26 -0300] "GET /cormun/servlet/hhome HTTP/1.1" 200 4474
192.168.10.89 - - [15/Mar/2018:17:02:27 -0300] "GET /cormun/static/menuarrow.gif HTTP/1.1" 404 1015
192.168.10.62 - - [15/Mar/2018:17:02:27 -0300] "GET /cormun/servlet/hhome HTTP/1.1" 200 4471
190.151.100.218 - - [15/Mar/2018:17:02:27 -0300] "GET /cormun/servlet/trsolicitudot? HTTP/1.1" 200 7413
190.151.100.218 - - [15/Mar/2018:17:02:29 -0300] "GET /cormun/servlet/trsolicitudot? HTTP/1.1" 200 7412
192.168.10.62 - - [15/Mar/2018:17:02:33 -0300] "GET /cormun/servlet/trsolicitudgral? HTTP/1.1" 200 28669
192.168.10.62 - - [15/Mar/2018:17:02:33 -0300] "GET /cormun/static/gxcfg.js?201813119461163 HTTP/1.1" 304 -
192.168.10.62 - - [15/Mar/2018:17:02:33 -0300] "GET /cormun/static/trsolicitudgral.js?201813119462015 HTTP/1.1" 304 -
186.103.132.155 - - [15/Mar/2018:17:02:34 -0300] "GET /cormun/servlet/solicitudot?INS,0,0, HTTP/1.1" 200 13646
192.168.10.62 - - [15/Mar/2018:17:02:35 -0300] "GET /cormun/servlet/trsolicitudgral? HTTP/1.1" 200 28667
186.103.132.155 - - [15/Mar/2018:17:02:35 -0300] "GET /cormun/servlet/solicitudot?INS,0,0, HTTP/1.1" 200 13651
200.72.197.82 - - [15/Mar/2018:17:02:38 -0300] "GET /cormun/servlet/prfichaempleado?,MD,,gxPopupLevel%3D0%3B HTTP/1.1" 200 9360
192.168.10.62 - - [15/Mar/2018:17:02:42 -0300] "POST /cormun/servlet/trsolicitudgral?e981762a2b0d918fcd7d152dc63de9b6,,gx-no-cache=1521143997497 HTTP/1.1" 200 21877
192.168.10.62 - - [15/Mar/2018:17:02:44 -0300] "POST /cormun/servlet/trsolicitudgral?e981762a2b0d918fcd7d152dc63de9b6,,gx-no-cache=1521144000047 HTTP/1.1" 200 105
192.168.10.62 - - [15/Mar/2018:17:02:44 -0300] "GET /cormun/SolicitudGral-5811.xls HTTP/1.1" 200 23040
192.168.10.89 - - [15/Mar/2018:17:02:47 -0300] "POST /cormun/servlet/trrenuncias?3d029ccfcb6a8618f3fa0069a0c193d6,gx-no-cache=1521144003240 HTTP/1.1" 200 4973
192.168.10.89 - - [15/Mar/2018:17:02:49 -0300] "POST /cormun/servlet/trrenuncias?3d029ccfcb6a8618f3fa0069a0c193d6,gx-no-cache=1521144005344 HTTP/1.1" 200 4973
192.168.10.89 - - [15/Mar/2018:17:02:59 -0300] "POST /cormun/servlet/trrenuncias?3d029ccfcb6a8618f3fa0069a0c193d6,gx-no-cache=1521144015255 HTTP/1.1" 200 4970
186.103.132.155 - - [15/Mar/2018:17:03:01 -0300] "GET /cormun/servlet/hlogin HTTP/1.1" 200 1715
186.103.132.155 - - [15/Mar/2018:17:03:13 -0300] "POST /cormun/servlet/hlogin?dc8a0f6c19bf7bb825e9085cc420be33,gx-no-cache=1521144141732 HTTP/1.1" 200 90
186.103.132.155 - - [15/Mar/2018:17:03:13 -0300] "GET /cormun/servlet/hpexe_link HTTP/1.1" 200 960
192.168.10.62 - - [15/Mar/2018:17:03:13 -0300] "POST /cormun/servlet/trsolicitudgral?e981762a2b0d918fcd7d152dc63de9b6,,gx-no-cache=1521144028988 HTTP/1.1" 200 21535
192.168.10.62 - - [15/Mar/2018:17:03:14 -0300] "GET /cormun/static/Shared/jqueryui/images/ui-bg_highlight-soft_100_c6c2c8_1x100.png HTTP/1.1" 404 1117
192.168.10.62 - - [15/Mar/2018:17:03:14 -0300] "GET /cormun/static/Shared/jqueryui/images/ui-icons_82798d_256x240.png HTTP/1.1" 404 1089
192.168.10.62 - - [15/Mar/2018:17:03:14 -0300] "GET /cormun/static/Shared/jqueryui/images/ui-icons_8d78a5_256x240.png HTTP/1.1" 404 1089
192.168.10.62 - - [15/Mar/2018:17:03:14 -0300] "GET /cormun/static/Shared/jqueryui/images/ui-bg_flat_55_fafafa_40x100.png HTTP/1.1" 404 1097
186.103.132.155 - - [15/Mar/2018:17:03:14 -0300] "GET /cormun/servlet/prfichaempleado?,MD, HTTP/1.1" 200 9357
186.79.231.211 - - [15/Mar/2018:17:03:21 -0300] "GET /cormun/servlet/licenciaspermisos?2e0f0613c96a22fd8442db5e26dd1826cb02b114cecf915412a2eb03541a855ac9b8b7c303328b9846efc1687d8fe2f8,gx-no-cache=1521144157636 HTTP/1.1" 200 88
186.79.231.211 - - [15/Mar/2018:17:03:21 -0300] "POST /cormun/servlet/licenciaspermisos?86af10dc957fe91b3e12d65c6791e1b1,INS,0,,,,gx-no-cache=1521144157875 HTTP/1.1" 200 4891
186.103.132.155 - - [15/Mar/2018:17:03:22 -0300] "POST /cormun/servlet/prfichaempleado?dc8a0f6c19bf7bb825e9085cc420be33,,MD,,gx-no-cache=1521144150863 HTTP/1.1" 200 6353
186.103.132.155 - - [15/Mar/2018:17:03:23 -0300] "GET /cormun/static/Resources/PXToolsGridNext.gif HTTP/1.1" 200 369
200.72.197.82 - - [15/Mar/2018:17:03:23 -0300] "GET /cormun/static/Resources/PXToolsGridLast.gif HTTP/1.1" 200 370
186.103.132.155 - - [15/Mar/2018:17:03:27 -0300] "GET /cormun/servlet/hlogin HTTP/1.1" 200 1740
192.168.10.89 - - [15/Mar/2018:17:03:33 -0300] "GET /cormun/servlet/tratrazos? HTTP/1.1" 200 7044
192.168.10.89 - - [15/Mar/2018:17:03:33 -0300] "GET /cormun/static/gxcfg.js?201742714211359 HTTP/1.1" 200 953
192.168.10.89 - - [15/Mar/2018:17:03:33 -0300] "GET /cormun/static/tratrazos.js?201742714211843 HTTP/1.1" 200 33389
192.168.10.89 - - [15/Mar/2018:17:03:34 -0300] "POST /cormun/servlet/acontrolpreferencessavestate?None,JPARRAGUEZ,true HTTP/1.1" 200 35
186.79.231.211 - - [15/Mar/2018:17:03:37 -0300] "GET /cormun/static/menuarrow.gif HTTP/1.1" 404 1015
192.168.10.89 - - [15/Mar/2018:17:03:37 -0300] "GET /cormun/servlet/atrazos?INS,0, HTTP/1.1" 200 6966
192.168.10.89 - - [15/Mar/2018:17:03:37 -0300] "GET /cormun/static/gxcfg.js?201752511561750 HTTP/1.1" 200 953
192.168.10.89 - - [15/Mar/2018:17:03:37 -0300] "GET /cormun/static/atrazos.js?201752511561840 HTTP/1.1" 200 25537
186.103.132.155 - - [15/Mar/2018:17:03:38 -0300] "POST /cormun/servlet/hlogin?dc8a0f6c19bf7bb825e9085cc420be33,gx-no-cache=1521144166918 HTTP/1.1" 200 90
186.103.132.155 - - [15/Mar/2018:17:03:38 -0300] "GET /cormun/servlet/hpexe_link HTTP/1.1" 200 960
186.103.132.155 - - [15/Mar/2018:17:03:39 -0300] "GET /cormun/servlet/prfichaempleado?,MD, HTTP/1.1" 200 9357
192.168.10.62 - - [15/Mar/2018:17:03:50 -0300] "POST /cormun/servlet/trsolicitudgral?e981762a2b0d918fcd7d152dc63de9b6,,gx-no-cache=1521144066026 HTTP/1.1" 200 21139
186.103.132.155 - - [15/Mar/2018:17:03:51 -0300] "POST /cormun/servlet/prfichaempleado?dc8a0f6c19bf7bb825e9085cc420be33,,MD,,gx-no-cache=1521144175775 HTTP/1.1" 200 6353
192.168.10.89 - - [15/Mar/2018:17:03:55 -0300] "POST /cormun/servlet/atrazos?3d029ccfcb6a8618f3fa0069a0c193d6,INS,0,,gx-no-cache=1521144071284 HTTP/1.1" 200 93
192.168.10.89 - - [15/Mar/2018:17:03:55 -0300] "GET /cormun/servlet/hpexe_return? HTTP/1.1" 200 1003
192.168.10.89 - - [15/Mar/2018:17:03:55 -0300] "GET /cormun/servlet/tratrazos HTTP/1.1" 200 7051
186.103.132.155 - - [15/Mar/2018:17:03:58 -0300] "POST /cormun/servlet/prfichaempleado?dc8a0f6c19bf7bb825e9085cc420be33,,MD,,gx-no-cache=1521144184862 HTTP/1.1" 200 4626
186.103.132.155 - - [15/Mar/2018:17:03:59 -0300] "GET /cormun/static/Resources/PXToolsGridFirst.gif HTTP/1.1" 200 379
200.111.122.170 - - [15/Mar/2018:17:03:59 -0300] "GET /cormun/static/Resources/PXToolsGridPrevious.gif HTTP/1.1" 200 369
186.103.132.155 - - [15/Mar/2018:17:04:01 -0300] "GET /cormun/servlet/hlogin HTTP/1.1" 200 1740
200.120.230.197 - - [15/Mar/2018:17:04:30 -0300] "GET /cormun/servlet/licenciaspermisos?2e0f0613c96a22fd8442db5e26dd1826aa70c56e18add422ad4f60cfd411d01515df01d42af1f135b32fb516e1a4070c1456db7ff23611ac765c6b1713f1dccb0a8256fc7f66b4728d30c7790da89328f2b6be1598dea3dd4491cec842480aa3bf516578d1ded79978f8d014fa16bee1fbffcdb892ecf83bb17a849d6698784b54b56bc0194cfc5b14af009427d8bb5a2dc2b062334e832a9d64143132987309fdc0c203134a0a2534a5eef2cba26eb4be5478b62112529d5ee1ba334be1ed8bf8f8a2babbbef6a35921ad138656b8810909d32a6e93b3e185a814cf62fd410e,gx-no-cache=1521144226582 HTTP/1.1" 200 30
200.120.230.197 - - [15/Mar/2018:17:04:30 -0300] "GET /cormun/servlet/licenciaspermisos?2e0f0613c96a22fd8442db5e26dd1826724cfa15dba0bddc4e16939c02e47ae025d71b1021a6a21169e4260670d4ee22d938aecc3edcd18ca793cbbd7f4a2207d2fb1c6567e3b2137aea87c873916c430519826e29f4ab0d16f670c4d1ba8dddc7c35d7342184dd1421a57174553eb0e7c1d69fd4a10df4851472888a58699ca559653ad1fa8ee568e0541c196d4b3c2f5f8898726081a1fdde9f88202b48b670d09b0c5344d9f8673d16970d21aa3646eebff5ee68a05d27e9619f82b87b0cb817dc64b517213e57f593d86756234c0c0ae5c6745185f9bdba68cfbcf74ad53,gx-no-cache=1521144226691 HTTP/1.1" 200 29
200.120.230.197 - - [15/Mar/2018:17:04:30 -0300] "POST /cormun/servlet/licenciaspermisos?86af10dc957fe91b3e12d65c6791e1b1,INS,0,,,,gx-no-cache=1521144226801 HTTP/1.1" 200 93
200.120.230.197 - - [15/Mar/2018:17:04:30 -0300] "GET /cormun/servlet/hpexe_return? HTTP/1.1" 200 1013
200.120.230.197 - - [15/Mar/2018:17:04:31 -0300] "GET /cormun/servlet/trlicencias HTTP/1.1" 200 12071
200.120.230.197 - - [15/Mar/2018:17:04:33 -0300] "GET /cormun/servlet/trlicencias HTTP/1.1" 200 12022
200.120.230.197 - - [15/Mar/2018:17:04:37 -0300] "GET /cormun/servlet/trlicenciaspermisosadjuntos?17503191,20180315000000,L, HTTP/1.1" 200 6571
200.120.230.197 - - [15/Mar/2018:17:04:37 -0300] "GET /cormun/static/gxcfg.js?20177612163414 HTTP/1.1" 200 953
200.120.230.197 - - [15/Mar/2018:17:04:38 -0300] "GET /cormun/servlet/trlicenciaspermisosadjuntos?17503191,20180315000000,L, HTTP/1.1" 200 6572
186.103.132.155 - - [15/Mar/2018:17:04:39 -0300] "GET /cormun/servlet/hlogin HTTP/1.1" 200 1715
200.120.230.197 - - [15/Mar/2018:17:04:41 -0300] "GET /cormun/servlet/licenciaspermisosadjuntos?INS,17503191,L,20180315000000,, HTTP/1.1" 200 5876
200.120.230.197 - - [15/Mar/2018:17:04:41 -0300] "GET /cormun/static/gxcfg.js?2017761263592 HTTP/1.1" 200 953
200.120.230.197 - - [15/Mar/2018:17:04:42 -0300] "GET /cormun/static/about:blank HTTP/1.1" 404 1011
200.120.230.197 - - [15/Mar/2018:17:04:42 -0300] "GET /cormun/servlet/licenciaspermisosadjuntos?INS,17503191,L,20180315000000,, HTTP/1.1" 200 5864
192.168.10.89 - - [15/Mar/2018:17:04:45 -0300] "GET /cormun/servlet/trcontratounov2? HTTP/1.1" 200 17081
186.103.132.155 - - [15/Mar/2018:17:04:50 -0300] "POST /cormun/servlet/hlogin?dc8a0f6c19bf7bb825e9085cc420be33,gx-no-cache=1521144239677 HTTP/1.1" 200 90
186.103.132.155 - - [15/Mar/2018:17:04:51 -0300] "GET /cormun/servlet/hpexe_link HTTP/1.1" 200 960
200.120.230.197 - - [15/Mar/2018:17:04:52 -0300] "POST /cormun/servlet/licenciaspermisosadjuntos?86af10dc957fe91b3e12d65c6791e1b1,INS,17503191,L,20180315000000,, HTTP/1.1" 200 116
200.120.230.197 - - [15/Mar/2018:17:04:52 -0300] "GET /cormun/servlet/hpexe_return? HTTP/1.1" 200 1043
186.103.132.155 - - [15/Mar/2018:17:04:53 -0300] "GET /cormun/servlet/prfichaempleado?,MD, HTTP/1.1" 200 9357
200.120.230.197 - - [15/Mar/2018:17:04:53 -0300] "GET /cormun/servlet/trlicenciaspermisosadjuntos?17503191,20180315000000,L, HTTP/1.1" 200 7078
200.120.230.197 - - [15/Mar/2018:17:04:54 -0300] "GET /cormun/servlet/trlicenciaspermisosadjuntos?17503191,20180315000000,L, HTTP/1.1" 200 7077
200.120.230.197 - - [15/Mar/2018:17:04:57 -0300] "POST /cormun/servlet/trlicenciaspermisosadjuntos?86af10dc957fe91b3e12d65c6791e1b1,17503191,20180315000000,L,,gx-no-cache=1521144254270 HTTP/1.1" 200 90
200.120.230.197 - - [15/Mar/2018:17:04:57 -0300] "GET /cormun/servlet/hpexe_link HTTP/1.1" 200 986
200.120.230.197 - - [15/Mar/2018:17:04:58 -0300] "GET /cormun/servlet/trlicencias HTTP/1.1" 200 12068
200.120.230.197 - - [15/Mar/2018:17:04:59 -0300] "GET /cormun/servlet/trlicencias HTTP/1.1" 200 12022
200.120.230.197 - - [15/Mar/2018:17:05:03 -0300] "GET /cormun/servlet/alicenciaprn?17503191,L,20180315000000,PU HTTP/1.1" 200 1554
186.103.132.155 - - [15/Mar/2018:17:05:10 -0300] "POST /cormun/servlet/prfichaempleado?dc8a0f6c19bf7bb825e9085cc420be33,,MD,,gx-no-cache=1521144258558 HTTP/1.1" 200 3412
186.103.132.155 - - [15/Mar/2018:17:05:17 -0300] "GET /cormun/servlet/hlogin HTTP/1.1" 200 1715
186.103.132.155 - - [15/Mar/2018:17:05:25 -0300] "POST /cormun/servlet/hlogin?dc8a0f6c19bf7bb825e9085cc420be33,gx-no-cache=1521144274308 HTTP/1.1" 200 90
186.103.132.155 - - [15/Mar/2018:17:05:26 -0300] "GET /cormun/servlet/hpexe_link HTTP/1.1" 200 960
186.103.159.46 - - [15/Mar/2018:17:05:27 -0300] "GET /cormun/servlet/solicitudot?f567940cf190d7a18cf2d7d2cc37cc94c44326a45f0e44784f77cf6bb9f0bb63b3db1635aeb141723c054db7bdd1cbb4,gx-no-cache=1521144275138 HTTP/1.1" 200 30
186.103.132.155 - - [15/Mar/2018:17:05:27 -0300] "GET /cormun/servlet/prfichaempleado?,MD, HTTP/1.1" 200 9357
186.79.231.211 - - [15/Mar/2018:17:05:33 -0300] "POST /cormun/servlet/trlicencias?86af10dc957fe91b3e12d65c6791e1b1,gx-no-cache=1521144288282 HTTP/1.1" 200 9363
