186.103.157.39 - - [15/Mar/2018:13:55:23 -0300] "GET /cormun/servlet/solicitudotadjuntos?INS,2018,10524,,1, HTTP/1.1" 200 5988
186.103.157.39 - - [15/Mar/2018:13:55:23 -0300] "GET /cormun/static/about:blank HTTP/1.1" 404 1011
186.103.157.39 - - [15/Mar/2018:13:55:24 -0300] "GET /cormun/servlet/solicitudotadjuntos?INS,2018,10524,,1, HTTP/1.1" 200 5981
186.103.157.39 - - [15/Mar/2018:13:55:24 -0300] "GET /cormun/servlet/solicitudotadjuntos?7179be7950894eac1854df31451a2376969274af2d629806eaf5822e887059750711bbcf7a5645791672380a7a5c100a,gx-no-cache=1521132874467 HTTP/1.1" 200 30
186.103.157.39 - - [15/Mar/2018:13:55:25 -0300] "POST /cormun/servlet/solicitudotadjuntos?f0c0afc8773c6c4bbb9b884a8d4dd093,INS,2018,10524,,1,,gx-no-cache=1521132874886 HTTP/1.1" 200 3823
186.103.157.39 - - [15/Mar/2018:13:55:30 -0300] "POST /cormun/servlet/solicitudotadjuntos?gx-no-cache=1521132880621 HTTP/1.1" 200 26
186.103.157.39 - - [15/Mar/2018:13:55:43 -0300] "GET /cormun/servlet/solicitudotadjuntos?7179be7950894eac1854df31451a2376b531f5bc1a1eb84c2166e2a9fde7b3ff,gx-no-cache=1521132893859 HTTP/1.1" 200 30
186.103.156.24 - - [15/Mar/2018:13:55:43 -0300] "POST /cormun/servlet/trsolicitudot?eacb1652fd16400e2161a052ddc4d8e5,,gx-no-cache=1521132893699 HTTP/1.1" 200 5816
186.103.157.39 - - [15/Mar/2018:13:55:43 -0300] "GET /cormun/servlet/solicitudotadjuntos?7179be7950894eac1854df31451a2376b531f5bc1a1eb84c2166e2a9fde7b3ff,gx-no-cache=1521132893904 HTTP/1.1" 200 30
186.103.157.39 - - [15/Mar/2018:13:55:46 -0300] "POST /cormun/servlet/solicitudotadjuntos?f0c0afc8773c6c4bbb9b884a8d4dd093,INS,2018,10524,,1, HTTP/1.1" 200 116
186.103.157.39 - - [15/Mar/2018:13:55:46 -0300] "GET /cormun/servlet/hpexe_return? HTTP/1.1" 200 1028
186.103.157.39 - - [15/Mar/2018:13:55:46 -0300] "GET /cormun/servlet/trsolicitudadjuntos?2018,10524, HTTP/1.1" 200 8486
186.103.157.39 - - [15/Mar/2018:13:55:47 -0300] "GET /cormun/servlet/trsolicitudadjuntos?2018,10524, HTTP/1.1" 200 8482
186.103.157.39 - - [15/Mar/2018:13:55:49 -0300] "GET /cormun/servlet/solicitudotadjuntos?INS,2018,10524,,1, HTTP/1.1" 200 5988
186.103.157.39 - - [15/Mar/2018:13:55:50 -0300] "GET /cormun/static/about:blank HTTP/1.1" 404 1011
186.103.156.24 - - [15/Mar/2018:13:55:50 -0300] "POST /cormun/servlet/trsolicitudot?eacb1652fd16400e2161a052ddc4d8e5,,gx-no-cache=1521132899970 HTTP/1.1" 200 5816
186.103.157.39 - - [15/Mar/2018:13:55:50 -0300] "GET /cormun/servlet/solicitudotadjuntos?INS,2018,10524,,1, HTTP/1.1" 200 5981
186.103.157.39 - - [15/Mar/2018:13:55:51 -0300] "GET /cormun/servlet/solicitudotadjuntos?7179be7950894eac1854df31451a2376969274af2d629806eaf5822e887059750711bbcf7a5645791672380a7a5c100a,gx-no-cache=1521132901067 HTTP/1.1" 200 30
186.103.157.39 - - [15/Mar/2018:13:55:51 -0300] "POST /cormun/servlet/solicitudotadjuntos?f0c0afc8773c6c4bbb9b884a8d4dd093,INS,2018,10524,,1,,gx-no-cache=1521132901186 HTTP/1.1" 200 3823
186.103.157.39 - - [15/Mar/2018:13:55:55 -0300] "POST /cormun/servlet/solicitudotadjuntos?gx-no-cache=1521132905429 HTTP/1.1" 200 26
186.79.60.25 - - [15/Mar/2018:13:55:59 -0300] "POST /cormun/servlet/solicitudot?gx-no-cache=1521132910440 HTTP/1.1" 200 297
186.79.60.25 - - [15/Mar/2018:13:55:59 -0300] "GET /cormun/servlet/solicitudot?65274bc3e8a0293e5a4f130ed48a1af1d439529bca053133e37a5572a0e91e6dc54c95963ecac82597bd9047fcfc4f0820a92c93d7a279bbcde928f8eb710f3e1edbddca21316bcff279b6b64a46784e0d205edf6b21285f8baf665ac98442e7680dec62c89ffc0010d5c2d92096fb10938dadc162d0f125a6deb93051d60f3098aba8de4761f24632a2beeebf0db26242da8114cfc2ba96e1de1b2c2661d175049f4175667d62342d0297165db6750b37ffb8eb74496f41942c9517ecd5f07dce40b7e64d43561fe1b21c5edc4203b9d942ae00ce3644e135214a5e444803c3e878d6a564249d709b7df1d56aa8ee13ebd75dc020f94eea2ff31186c69d249c715db7db1af781ec25fbdb528059ff5a143624c587e88e7cdcb58c087a157a3526055a6fc9e91a18d323efc727d162a846aeaf6049742f97612e0786f21e2e81dbbca027d5d965750b251b7a2fe012c9ceb0d79f39295f5fca8034a79d9f8cf92399d8545513fa575a26a8d54244ee78cd9c6d6794169f2a13349fde6960cbf663fceacca7cc5adad11c38424017b551,gx-no-cache=1521132911350 HTTP/1.1" 200 30
186.103.156.24 - - [15/Mar/2018:13:56:00 -0300] "POST /cormun/servlet/trsolicitudot?eacb1652fd16400e2161a052ddc4d8e5,,gx-no-cache=1521132910443 HTTP/1.1" 200 5815
186.103.157.39 - - [15/Mar/2018:13:56:01 -0300] "GET /cormun/servlet/solicitudotadjuntos?7179be7950894eac1854df31451a2376b531f5bc1a1eb84c2166e2a9fde7b3ff,gx-no-cache=1521132911210 HTTP/1.1" 200 30
186.103.157.39 - - [15/Mar/2018:13:56:01 -0300] "GET /cormun/servlet/solicitudotadjuntos?7179be7950894eac1854df31451a2376b531f5bc1a1eb84c2166e2a9fde7b3ff,gx-no-cache=1521132911232 HTTP/1.1" 200 30
186.79.60.25 - - [15/Mar/2018:13:56:01 -0300] "POST /cormun/servlet/solicitudot?gx-no-cache=1521132914083 HTTP/1.1" 200 30
186.103.157.39 - - [15/Mar/2018:13:56:02 -0300] "POST /cormun/servlet/solicitudotadjuntos?f0c0afc8773c6c4bbb9b884a8d4dd093,INS,2018,10524,,1, HTTP/1.1" 200 116
186.103.157.39 - - [15/Mar/2018:13:56:02 -0300] "GET /cormun/servlet/hpexe_return? HTTP/1.1" 200 1028
186.103.157.39 - - [15/Mar/2018:13:56:02 -0300] "GET /cormun/servlet/trsolicitudadjuntos?2018,10524, HTTP/1.1" 200 8701
186.103.157.39 - - [15/Mar/2018:13:56:03 -0300] "GET /cormun/servlet/trsolicitudadjuntos?2018,10524, HTTP/1.1" 200 8699
186.79.60.25 - - [15/Mar/2018:13:56:04 -0300] "POST /cormun/servlet/solicitudot?gx-no-cache=1521132917041 HTTP/1.1" 200 1333
186.79.60.25 - - [15/Mar/2018:13:56:05 -0300] "POST /cormun/servlet/solicitudot?gx-no-cache=1521132917226 HTTP/1.1" 200 38
186.103.156.24 - - [15/Mar/2018:13:56:06 -0300] "POST /cormun/servlet/trsolicitudot?eacb1652fd16400e2161a052ddc4d8e5,,gx-no-cache=1521132916042 HTTP/1.1" 200 5816
186.103.157.39 - - [15/Mar/2018:13:56:07 -0300] "GET /cormun/servlet/solicitudotadjuntos?INS,2018,10524,,1, HTTP/1.1" 200 5988
186.103.157.39 - - [15/Mar/2018:13:56:07 -0300] "GET /cormun/static/about:blank HTTP/1.1" 404 1011
186.103.157.39 - - [15/Mar/2018:13:56:08 -0300] "GET /cormun/servlet/solicitudotadjuntos?INS,2018,10524,,1, HTTP/1.1" 200 5981
186.103.156.24 - - [15/Mar/2018:13:56:08 -0300] "GET /cormun/servlet/treventos?2018,10397, HTTP/1.1" 200 8608
186.103.157.39 - - [15/Mar/2018:13:56:08 -0300] "GET /cormun/servlet/solicitudotadjuntos?7179be7950894eac1854df31451a2376969274af2d629806eaf5822e887059750711bbcf7a5645791672380a7a5c100a,gx-no-cache=1521132918603 HTTP/1.1" 200 30
186.103.157.39 - - [15/Mar/2018:13:56:08 -0300] "POST /cormun/servlet/solicitudotadjuntos?f0c0afc8773c6c4bbb9b884a8d4dd093,INS,2018,10524,,1,,gx-no-cache=1521132918688 HTTP/1.1" 200 3823
186.103.156.24 - - [15/Mar/2018:13:56:09 -0300] "GET /cormun/servlet/treventos?2018,10397, HTTP/1.1" 200 8617
186.103.157.39 - - [15/Mar/2018:13:56:13 -0300] "POST /cormun/servlet/solicitudotadjuntos?gx-no-cache=1521132923676 HTTP/1.1" 200 26
186.103.156.24 - - [15/Mar/2018:13:56:18 -0300] "GET /cormun/servlet/trautorizarsolicitud? HTTP/1.1" 200 9202
192.168.10.97 - - [15/Mar/2018:13:56:19 -0300] "POST /cormun/servlet/trsolicitudgral?5cd510895364d93b725a37e265dff387,,gx-no-cache=1521132933469 HTTP/1.1" 200 6168
192.168.10.97 - - [15/Mar/2018:13:56:19 -0300] "GET /cormun/static/Shared/jqueryui/images/ui-bg_highlight-soft_100_c6c2c8_1x100.png HTTP/1.1" 404 1117
192.168.10.97 - - [15/Mar/2018:13:56:19 -0300] "GET /cormun/static/Shared/jqueryui/images/ui-icons_82798d_256x240.png HTTP/1.1" 404 1089
192.168.10.97 - - [15/Mar/2018:13:56:19 -0300] "GET /cormun/static/Shared/jqueryui/images/ui-icons_8d78a5_256x240.png HTTP/1.1" 404 1089
192.168.10.97 - - [15/Mar/2018:13:56:19 -0300] "GET /cormun/static/Shared/jqueryui/images/ui-bg_flat_55_fafafa_40x100.png HTTP/1.1" 404 1097
186.103.156.24 - - [15/Mar/2018:13:56:19 -0300] "GET /cormun/servlet/trautorizarsolicitud? HTTP/1.1" 200 9198
186.103.157.39 - - [15/Mar/2018:13:56:25 -0300] "GET /cormun/servlet/solicitudotadjuntos?7179be7950894eac1854df31451a2376b531f5bc1a1eb84c2166e2a9fde7b3ff,gx-no-cache=1521132935536 HTTP/1.1" 200 30
186.103.157.39 - - [15/Mar/2018:13:56:25 -0300] "GET /cormun/servlet/solicitudotadjuntos?7179be7950894eac1854df31451a2376b531f5bc1a1eb84c2166e2a9fde7b3ff,gx-no-cache=1521132935574 HTTP/1.1" 200 30
186.103.156.24 - - [15/Mar/2018:13:56:26 -0300] "POST /cormun/servlet/trautorizarsolicitud?eacb1652fd16400e2161a052ddc4d8e5,,gx-no-cache=1521132935775 HTTP/1.1" 200 6295
186.103.156.24 - - [15/Mar/2018:13:56:26 -0300] "GET /cormun/static/Shared/jqueryui/images/ui-bg_highlight-soft_100_c6c2c8_1x100.png HTTP/1.1" 404 1117
186.103.156.24 - - [15/Mar/2018:13:56:26 -0300] "GET /cormun/static/Shared/jqueryui/images/ui-bg_flat_55_fafafa_40x100.png HTTP/1.1" 404 1097
186.103.156.24 - - [15/Mar/2018:13:56:26 -0300] "GET /cormun/static/Shared/jqueryui/images/ui-icons_8d78a5_256x240.png HTTP/1.1" 404 1089
186.103.156.24 - - [15/Mar/2018:13:56:26 -0300] "GET /cormun/static/Shared/jqueryui/images/ui-icons_82798d_256x240.png HTTP/1.1" 404 1089
186.103.156.24 - - [15/Mar/2018:13:56:31 -0300] "POST /cormun/servlet/trautorizarsolicitud?eacb1652fd16400e2161a052ddc4d8e5,,gx-no-cache=1521132940788 HTTP/1.1" 200 6294
186.103.156.24 - - [15/Mar/2018:13:56:46 -0300] "POST /cormun/servlet/trautorizarsolicitud?eacb1652fd16400e2161a052ddc4d8e5,,gx-no-cache=1521132955972 HTTP/1.1" 200 5736
186.103.157.39 - - [15/Mar/2018:13:56:47 -0300] "POST /cormun/servlet/solicitudotadjuntos?f0c0afc8773c6c4bbb9b884a8d4dd093,INS,2018,10524,,1, HTTP/1.1" 200 6061
186.103.157.39 - - [15/Mar/2018:13:56:48 -0300] "GET /home/sistema/apache-tomcat-7.0.65/webapps/cormun/PrivateTempStorage/upload_00012274.pdf HTTP/1.1" 404 1135
186.103.157.39 - - [15/Mar/2018:13:56:48 -0300] "GET /home/sistema/apache-tomcat-7.0.65/webapps/cormun/PrivateTempStorage/upload_00012274.pdf HTTP/1.1" 404 1135
186.103.157.39 - - [15/Mar/2018:13:56:48 -0300] "GET /cormun/static/Shared/jqueryui/images/ui-bg_flat_55_994d53_40x100.png HTTP/1.1" 404 1097
186.103.157.39 - - [15/Mar/2018:13:56:48 -0300] "GET /cormun/static/Shared/jqueryui/images/ui-icons_ebccce_256x240.png HTTP/1.1" 404 1089
186.103.157.39 - - [15/Mar/2018:13:56:48 -0300] "GET /cormun/static/Shared/jqueryui/images/ui-icons_82798d_256x240.png HTTP/1.1" 404 1089
186.103.157.39 - - [15/Mar/2018:13:56:48 -0300] "GET /cormun/static/Shared/jqueryui/images/ui-bg_highlight-soft_100_c6c2c8_1x100.png HTTP/1.1" 404 1117
186.103.157.39 - - [15/Mar/2018:13:56:48 -0300] "GET /cormun/PrivateTempStorage/upload_00012274.pdf HTTP/1.1" 304 -
186.103.157.39 - - [15/Mar/2018:13:56:48 -0300] "GET /cormun/PrivateTempStorage/upload_00012274.pdf HTTP/1.1" 200 365042
186.103.156.24 - - [15/Mar/2018:13:56:49 -0300] "POST /cormun/servlet/trautorizarsolicitud?eacb1652fd16400e2161a052ddc4d8e5,,gx-no-cache=1521132959396 HTTP/1.1" 200 4613
186.103.156.24 - - [15/Mar/2018:13:56:49 -0300] "POST /cormun/servlet/trautorizarsolicitud?eacb1652fd16400e2161a052ddc4d8e5,,gx-no-cache=1521132959575 HTTP/1.1" 200 4385
186.103.157.39 - - [15/Mar/2018:13:56:54 -0300] "POST /cormun/servlet/solicitudotadjuntos?gx-no-cache=1521132964591 HTTP/1.1" 200 26
186.103.156.24 - - [15/Mar/2018:13:57:01 -0300] "POST /cormun/servlet/trautorizarsolicitud?eacb1652fd16400e2161a052ddc4d8e5,,gx-no-cache=1521132971100 HTTP/1.1" 200 4403
186.103.157.39 - - [15/Mar/2018:13:57:01 -0300] "GET /cormun/servlet/solicitudotadjuntos?7179be7950894eac1854df31451a2376b6b8313dc3e9392b539b782e70a6ce0f0f5a40fc3dd3abb3ec32549e9d6f8a2c,gx-no-cache=1521132971449 HTTP/1.1" 200 30
186.103.157.39 - - [15/Mar/2018:13:57:01 -0300] "GET /cormun/servlet/solicitudotadjuntos?7179be7950894eac1854df31451a23762aa0a61e723d47de0b3c5a4ce813e12d0f5a40fc3dd3abb3ec32549e9d6f8a2c,gx-no-cache=1521132971528 HTTP/1.1" 200 30
192.168.10.97 - - [15/Mar/2018:13:57:06 -0300] "POST /cormun/servlet/trsolicitudgral?5cd510895364d93b725a37e265dff387,,gx-no-cache=1521132981016 HTTP/1.1" 200 5934
186.103.156.24 - - [15/Mar/2018:13:57:07 -0300] "POST /cormun/servlet/trautorizarsolicitud?eacb1652fd16400e2161a052ddc4d8e5,,gx-no-cache=1521132976956 HTTP/1.1" 200 4405
186.103.156.24 - - [15/Mar/2018:13:57:09 -0300] "POST /cormun/servlet/trautorizarsolicitud?eacb1652fd16400e2161a052ddc4d8e5,,gx-no-cache=1521132978826 HTTP/1.1" 200 4404
186.103.157.39 - - [15/Mar/2018:13:57:12 -0300] "POST /cormun/servlet/solicitudotadjuntos?f0c0afc8773c6c4bbb9b884a8d4dd093,INS,2018,10524,,1, HTTP/1.1" 200 116
186.103.157.39 - - [15/Mar/2018:13:57:12 -0300] "GET /cormun/servlet/hpexe_return? HTTP/1.1" 200 1028
186.103.157.39 - - [15/Mar/2018:13:57:13 -0300] "GET /cormun/servlet/trsolicitudadjuntos?2018,10524, HTTP/1.1" 200 8889
186.103.157.39 - - [15/Mar/2018:13:57:14 -0300] "GET /cormun/servlet/trsolicitudadjuntos?2018,10524, HTTP/1.1" 200 8887
186.103.156.24 - - [15/Mar/2018:13:57:18 -0300] "POST /cormun/servlet/trautorizarsolicitud?eacb1652fd16400e2161a052ddc4d8e5,,gx-no-cache=1521132987266 HTTP/1.1" 200 6684
186.103.157.39 - - [15/Mar/2018:13:57:19 -0300] "GET /cormun/servlet/solicitudotadjuntos?INS,2018,10524,,1, HTTP/1.1" 200 5987
186.103.157.39 - - [15/Mar/2018:13:57:19 -0300] "GET /cormun/static/about:blank HTTP/1.1" 404 1011
186.103.157.39 - - [15/Mar/2018:13:57:19 -0300] "GET /cormun/servlet/solicitudotadjuntos?INS,2018,10524,,1, HTTP/1.1" 200 5980
186.103.157.39 - - [15/Mar/2018:13:57:20 -0300] "GET /cormun/servlet/solicitudotadjuntos?7179be7950894eac1854df31451a2376969274af2d629806eaf5822e887059750711bbcf7a5645791672380a7a5c100a,gx-no-cache=1521132990455 HTTP/1.1" 200 30
192.168.10.97 - - [15/Mar/2018:13:57:20 -0300] "POST /cormun/servlet/trsolicitudgral?5cd510895364d93b725a37e265dff387,,gx-no-cache=1521132994862 HTTP/1.1" 200 5933
186.103.157.39 - - [15/Mar/2018:13:57:20 -0300] "POST /cormun/servlet/solicitudotadjuntos?f0c0afc8773c6c4bbb9b884a8d4dd093,INS,2018,10524,,1,,gx-no-cache=1521132990609 HTTP/1.1" 200 3821
186.79.60.25 - - [15/Mar/2018:13:57:24 -0300] "GET /cormun/servlet/solicitudot?65274bc3e8a0293e5a4f130ed48a1af1b1b10fbfc34fc450b8735ac869530de1e4671be47684dd336300ba2d00f2360c0165dfbfd17a28dc2932d586905e0b8ec2b9ac56a1d37475c9ffa71acfb1e2bdc21d1f4ca6dd0141d190cbb92e3c0e58acdd7bffea44147dda6d41a8b9814e9b,gx-no-cache=1521132996825 HTTP/1.1" 200 29
186.79.60.25 - - [15/Mar/2018:13:57:24 -0300] "POST /cormun/servlet/solicitudot?gx-no-cache=1521132997016 HTTP/1.1" 200 1319
186.103.157.39 - - [15/Mar/2018:13:57:25 -0300] "POST /cormun/servlet/solicitudotadjuntos?gx-no-cache=1521132995049 HTTP/1.1" 200 26
186.79.60.25 - - [15/Mar/2018:13:57:25 -0300] "POST /cormun/servlet/solicitudot?gx-no-cache=1521132997281 HTTP/1.1" 200 1215
192.168.10.97 - - [15/Mar/2018:13:57:30 -0300] "POST /cormun/servlet/trsolicitudgral?5cd510895364d93b725a37e265dff387,,gx-no-cache=1521133004692 HTTP/1.1" 200 5931
186.103.156.24 - - [15/Mar/2018:13:57:31 -0300] "POST /cormun/servlet/trautorizarsolicitud?eacb1652fd16400e2161a052ddc4d8e5,,gx-no-cache=1521133001011 HTTP/1.1" 200 6695
186.103.157.39 - - [15/Mar/2018:13:57:35 -0300] "GET /cormun/servlet/solicitudotadjuntos?7179be7950894eac1854df31451a2376b531f5bc1a1eb84c2166e2a9fde7b3ff,gx-no-cache=1521133005676 HTTP/1.1" 200 30
186.103.157.39 - - [15/Mar/2018:13:57:35 -0300] "GET /cormun/servlet/solicitudotadjuntos?7179be7950894eac1854df31451a2376b531f5bc1a1eb84c2166e2a9fde7b3ff,gx-no-cache=1521133005722 HTTP/1.1" 200 30
186.103.156.24 - - [15/Mar/2018:13:57:36 -0300] "POST /cormun/servlet/trautorizarsolicitud?eacb1652fd16400e2161a052ddc4d8e5,,gx-no-cache=1521133006251 HTTP/1.1" 200 6696
186.103.157.39 - - [15/Mar/2018:13:57:37 -0300] "POST /cormun/servlet/solicitudotadjuntos?f0c0afc8773c6c4bbb9b884a8d4dd093,INS,2018,10524,,1, HTTP/1.1" 200 116
186.103.157.39 - - [15/Mar/2018:13:57:37 -0300] "GET /cormun/servlet/hpexe_return? HTTP/1.1" 200 1028
192.168.10.97 - - [15/Mar/2018:13:57:37 -0300] "POST /cormun/servlet/trsolicitudgral?5cd510895364d93b725a37e265dff387,,gx-no-cache=1521133011797 HTTP/1.1" 200 5935
186.103.157.39 - - [15/Mar/2018:13:57:37 -0300] "GET /cormun/servlet/trsolicitudadjuntos?2018,10524, HTTP/1.1" 200 9085
186.103.157.39 - - [15/Mar/2018:13:57:38 -0300] "GET /cormun/servlet/trsolicitudadjuntos?2018,10524, HTTP/1.1" 200 9080
186.103.157.39 - - [15/Mar/2018:13:57:41 -0300] "GET /cormun/servlet/solicitudotadjuntos?INS,2018,10524,,1, HTTP/1.1" 200 5987
186.103.157.39 - - [15/Mar/2018:13:57:41 -0300] "GET /cormun/static/about:blank HTTP/1.1" 404 1011
186.103.157.39 - - [15/Mar/2018:13:57:41 -0300] "GET /cormun/servlet/solicitudotadjuntos?INS,2018,10524,,1, HTTP/1.1" 200 5980
186.103.156.24 - - [15/Mar/2018:13:57:42 -0300] "POST /cormun/servlet/trautorizarsolicitud?eacb1652fd16400e2161a052ddc4d8e5,,gx-no-cache=1521133011331 HTTP/1.1" 200 6694
186.103.157.39 - - [15/Mar/2018:13:57:42 -0300] "GET /cormun/servlet/solicitudotadjuntos?7179be7950894eac1854df31451a2376969274af2d629806eaf5822e887059750711bbcf7a5645791672380a7a5c100a,gx-no-cache=1521133012279 HTTP/1.1" 200 30
186.103.157.39 - - [15/Mar/2018:13:57:42 -0300] "POST /cormun/servlet/solicitudotadjuntos?f0c0afc8773c6c4bbb9b884a8d4dd093,INS,2018,10524,,1,,gx-no-cache=1521133012375 HTTP/1.1" 200 3821
186.103.157.39 - - [15/Mar/2018:13:57:47 -0300] "POST /cormun/servlet/solicitudotadjuntos?gx-no-cache=1521133017376 HTTP/1.1" 200 26
186.79.60.25 - - [15/Mar/2018:13:57:47 -0300] "GET /cormun/servlet/solicitudot?65274bc3e8a0293e5a4f130ed48a1af12fea9a81a40c1d148d553461da006ddd6da7cbcf3bba8743f985cfb7587f87db,gx-no-cache=1521133019837 HTTP/1.1" 200 30
186.103.157.39 - - [15/Mar/2018:13:57:53 -0300] "GET /cormun/servlet/solicitudotadjuntos?7179be7950894eac1854df31451a2376b531f5bc1a1eb84c2166e2a9fde7b3ff,gx-no-cache=1521133023077 HTTP/1.1" 200 30
186.103.157.39 - - [15/Mar/2018:13:57:53 -0300] "GET /cormun/servlet/solicitudotadjuntos?7179be7950894eac1854df31451a2376b531f5bc1a1eb84c2166e2a9fde7b3ff,gx-no-cache=1521133023173 HTTP/1.1" 200 30
186.103.156.24 - - [15/Mar/2018:13:57:54 -0300] "POST /cormun/servlet/trautorizarsolicitud?eacb1652fd16400e2161a052ddc4d8e5,,gx-no-cache=1521133024588 HTTP/1.1" 200 6696
186.103.157.39 - - [15/Mar/2018:13:57:56 -0300] "POST /cormun/servlet/solicitudotadjuntos?f0c0afc8773c6c4bbb9b884a8d4dd093,INS,2018,10524,,1, HTTP/1.1" 200 116
186.103.157.39 - - [15/Mar/2018:13:57:56 -0300] "GET /cormun/servlet/hpexe_return? HTTP/1.1" 200 1028
186.103.157.39 - - [15/Mar/2018:13:57:57 -0300] "GET /cormun/servlet/trsolicitudadjuntos?2018,10524, HTTP/1.1" 200 9347
186.103.157.39 - - [15/Mar/2018:13:57:58 -0300] "GET /cormun/servlet/trsolicitudadjuntos?2018,10524, HTTP/1.1" 200 9346
186.103.157.98 - - [15/Mar/2018:13:57:59 -0300] "GET /cormun/servlet/hlogin HTTP/1.1" 200 1720
186.103.157.98 - - [15/Mar/2018:13:57:59 -0300] "GET /cormun/static/gxcfg.js?20175251213516 HTTP/1.1" 304 -
186.103.157.98 - - [15/Mar/2018:13:57:59 -0300] "GET /cormun/static/messages.spa.js?85251 HTTP/1.1" 304 -
186.103.157.98 - - [15/Mar/2018:13:57:59 -0300] "GET /cormun/servlet/hlogin HTTP/1.1" 200 1726
186.79.60.25 - - [15/Mar/2018:13:58:00 -0300] "POST /cormun/servlet/solicitudot?gx-no-cache=1521133032183 HTTP/1.1" 200 30
186.103.157.39 - - [15/Mar/2018:13:58:13 -0300] "GET /cormun/servlet/solicitudotadjuntos?INS,2018,10524,,1, HTTP/1.1" 200 5988
186.103.157.39 - - [15/Mar/2018:13:58:14 -0300] "GET /cormun/static/about:blank HTTP/1.1" 404 1011
186.103.157.39 - - [15/Mar/2018:13:58:14 -0300] "GET /cormun/servlet/solicitudotadjuntos?INS,2018,10524,,1, HTTP/1.1" 200 5981
186.103.156.24 - - [15/Mar/2018:13:58:14 -0300] "POST /cormun/servlet/trautorizarsolicitud?eacb1652fd16400e2161a052ddc4d8e5,,gx-no-cache=1521133044067 HTTP/1.1" 200 6696
186.103.157.39 - - [15/Mar/2018:13:58:15 -0300] "GET /cormun/servlet/solicitudotadjuntos?7179be7950894eac1854df31451a2376969274af2d629806eaf5822e887059750711bbcf7a5645791672380a7a5c100a,gx-no-cache=1521133045096 HTTP/1.1" 200 30
186.103.157.39 - - [15/Mar/2018:13:58:15 -0300] "POST /cormun/servlet/solicitudotadjuntos?f0c0afc8773c6c4bbb9b884a8d4dd093,INS,2018,10524,,1,,gx-no-cache=1521133045172 HTTP/1.1" 200 3823
186.103.157.39 - - [15/Mar/2018:13:58:19 -0300] "POST /cormun/servlet/solicitudotadjuntos?gx-no-cache=1521133049842 HTTP/1.1" 200 26
186.103.157.39 - - [15/Mar/2018:13:58:26 -0300] "POST /cormun/servlet/solicitudotadjuntos?gx-no-cache=1521133056521 HTTP/1.1" 200 26
186.103.157.39 - - [15/Mar/2018:13:58:34 -0300] "GET /cormun/servlet/solicitudotadjuntos?7179be7950894eac1854df31451a2376b531f5bc1a1eb84c2166e2a9fde7b3ff,gx-no-cache=1521133064133 HTTP/1.1" 200 30
186.103.157.39 - - [15/Mar/2018:13:58:34 -0300] "GET /cormun/servlet/solicitudotadjuntos?7179be7950894eac1854df31451a2376b531f5bc1a1eb84c2166e2a9fde7b3ff,gx-no-cache=1521133064158 HTTP/1.1" 200 30
186.103.157.39 - - [15/Mar/2018:13:58:34 -0300] "POST /cormun/servlet/solicitudotadjuntos?f0c0afc8773c6c4bbb9b884a8d4dd093,INS,2018,10524,,1, HTTP/1.1" 200 116
186.103.157.39 - - [15/Mar/2018:13:58:35 -0300] "GET /cormun/servlet/hpexe_return? HTTP/1.1" 200 1028
186.103.157.39 - - [15/Mar/2018:13:58:35 -0300] "GET /cormun/servlet/trsolicitudadjuntos?2018,10524, HTTP/1.1" 200 9621
186.103.157.39 - - [15/Mar/2018:13:58:37 -0300] "GET /cormun/servlet/trsolicitudadjuntos?2018,10524, HTTP/1.1" 200 9618
186.103.157.98 - - [15/Mar/2018:13:58:40 -0300] "POST /cormun/servlet/hlogin?5438eafc97faa3c6470370450c5ef809,gx-no-cache=1521133070976 HTTP/1.1" 200 90
186.103.157.98 - - [15/Mar/2018:13:58:40 -0300] "GET /cormun/servlet/hpexe_link HTTP/1.1" 200 948
186.103.157.98 - - [15/Mar/2018:13:58:40 -0300] "GET /cormun/static/gxcfg.js?20177612121792 HTTP/1.1" 304 -
186.103.157.98 - - [15/Mar/2018:13:58:40 -0300] "GET /cormun/servlet/hhome HTTP/1.1" 200 4247
186.103.157.98 - - [15/Mar/2018:13:58:40 -0300] "GET /cormun/static/gxcfg.js?20175251212442 HTTP/1.1" 304 -
186.103.157.98 - - [15/Mar/2018:13:58:40 -0300] "GET /cormun/servlet/hhome HTTP/1.1" 200 4243
186.103.157.39 - - [15/Mar/2018:13:58:42 -0300] "GET /cormun/servlet/solicitudotadjuntos?INS,2018,10524,,1, HTTP/1.1" 200 5988
186.103.157.39 - - [15/Mar/2018:13:58:43 -0300] "GET /cormun/static/about:blank HTTP/1.1" 404 1011
186.103.157.39 - - [15/Mar/2018:13:58:43 -0300] "GET /cormun/servlet/solicitudotadjuntos?INS,2018,10524,,1, HTTP/1.1" 200 5981
186.103.157.98 - - [15/Mar/2018:13:58:44 -0300] "GET /cormun/servlet/trsolicitudot? HTTP/1.1" 200 7466
186.103.157.39 - - [15/Mar/2018:13:58:44 -0300] "GET /cormun/servlet/solicitudotadjuntos?7179be7950894eac1854df31451a2376969274af2d629806eaf5822e887059750711bbcf7a5645791672380a7a5c100a,gx-no-cache=1521133074117 HTTP/1.1" 200 30
186.103.157.98 - - [15/Mar/2018:13:58:44 -0300] "GET /cormun/static/gxcfg.js?2017111422585916 HTTP/1.1" 304 -
186.103.157.98 - - [15/Mar/2018:13:58:44 -0300] "GET /cormun/static/trsolicitudot.js?201711142259839 HTTP/1.1" 304 -
186.103.157.39 - - [15/Mar/2018:13:58:44 -0300] "POST /cormun/servlet/solicitudotadjuntos?f0c0afc8773c6c4bbb9b884a8d4dd093,INS,2018,10524,,1,,gx-no-cache=1521133074182 HTTP/1.1" 200 3823
186.103.157.98 - - [15/Mar/2018:13:58:44 -0300] "GET /cormun/servlet/trsolicitudot? HTTP/1.1" 200 7465
186.103.157.98 - - [15/Mar/2018:13:58:47 -0300] "GET /cormun/servlet/trautorizarsolicitud? HTTP/1.1" 200 7369
186.103.157.98 - - [15/Mar/2018:13:58:47 -0300] "GET /cormun/static/gxcfg.js?2017111423403364 HTTP/1.1" 304 -
186.103.157.98 - - [15/Mar/2018:13:58:47 -0300] "GET /cormun/static/trautorizarsolicitud.js?201711142340425 HTTP/1.1" 304 -
186.103.157.98 - - [15/Mar/2018:13:58:47 -0300] "GET /cormun/servlet/trautorizarsolicitud? HTTP/1.1" 200 7368
186.103.157.39 - - [15/Mar/2018:13:58:49 -0300] "POST /cormun/servlet/solicitudotadjuntos?gx-no-cache=1521133079740 HTTP/1.1" 200 26
186.103.157.98 - - [15/Mar/2018:13:58:50 -0300] "GET /cormun/servlet/trsolicitudot? HTTP/1.1" 200 7466
186.103.157.98 - - [15/Mar/2018:13:58:50 -0300] "GET /cormun/servlet/trsolicitudot? HTTP/1.1" 200 7465
186.103.157.98 - - [15/Mar/2018:13:59:10 -0300] "GET /cormun/servlet/solicitudot?INS,0,0, HTTP/1.1" 200 13691
186.103.157.98 - - [15/Mar/2018:13:59:10 -0300] "GET /cormun/static/gxcfg.js?201812313224582 HTTP/1.1" 200 953
186.103.157.98 - - [15/Mar/2018:13:59:11 -0300] "GET /cormun/static/solicitudot.js?201812313224831 HTTP/1.1" 200 72336
186.103.157.98 - - [15/Mar/2018:13:59:11 -0300] "GET /cormun/servlet/solicitudot?INS,0,0, HTTP/1.1" 200 13697
186.103.157.39 - - [15/Mar/2018:13:59:16 -0300] "GET /cormun/servlet/solicitudotadjuntos?7179be7950894eac1854df31451a2376b531f5bc1a1eb84c2166e2a9fde7b3ff,gx-no-cache=1521133106007 HTTP/1.1" 200 30
186.103.157.39 - - [15/Mar/2018:13:59:16 -0300] "GET /cormun/servlet/solicitudotadjuntos?7179be7950894eac1854df31451a2376b531f5bc1a1eb84c2166e2a9fde7b3ff,gx-no-cache=1521133106178 HTTP/1.1" 200 30
186.103.157.39 - - [15/Mar/2018:13:59:16 -0300] "POST /cormun/servlet/solicitudotadjuntos?f0c0afc8773c6c4bbb9b884a8d4dd093,INS,2018,10524,,1,,gx-no-cache=1521133106297 HTTP/1.1" 200 3641
186.103.157.39 - - [15/Mar/2018:13:59:16 -0300] "GET /cormun/static/Shared/jqueryui/images/ui-bg_highlight-soft_100_c6c2c8_1x100.png HTTP/1.1" 404 1117
186.103.157.39 - - [15/Mar/2018:13:59:16 -0300] "GET /cormun/static/Shared/jqueryui/images/ui-bg_flat_55_994d53_40x100.png HTTP/1.1" 404 1097
186.103.157.39 - - [15/Mar/2018:13:59:16 -0300] "GET /cormun/static/Shared/jqueryui/images/ui-icons_82798d_256x240.png HTTP/1.1" 404 1089
186.103.157.39 - - [15/Mar/2018:13:59:16 -0300] "GET /cormun/static/Shared/jqueryui/images/ui-icons_ebccce_256x240.png HTTP/1.1" 404 1089
186.103.157.39 - - [15/Mar/2018:13:59:23 -0300] "GET /cormun/servlet/trsolicitudadjuntos?2018,10524, HTTP/1.1" 200 9621
186.103.157.39 - - [15/Mar/2018:13:59:25 -0300] "GET /cormun/servlet/trsolicitudadjuntos?2018,10524, HTTP/1.1" 200 9617
186.103.157.39 - - [15/Mar/2018:13:59:27 -0300] "GET /cormun/servlet/solicitudotadjuntos?INS,2018,10524,,2, HTTP/1.1" 200 5986
186.103.157.39 - - [15/Mar/2018:13:59:28 -0300] "GET /cormun/static/about:blank HTTP/1.1" 404 1011
186.103.157.39 - - [15/Mar/2018:13:59:28 -0300] "GET /cormun/servlet/solicitudotadjuntos?INS,2018,10524,,2, HTTP/1.1" 200 5980
186.103.157.39 - - [15/Mar/2018:13:59:28 -0300] "GET /cormun/servlet/solicitudotadjuntos?7179be7950894eac1854df31451a2376969274af2d629806eaf5822e887059750711bbcf7a5645791672380a7a5c100a,gx-no-cache=1521133118648 HTTP/1.1" 200 30
186.103.157.39 - - [15/Mar/2018:13:59:29 -0300] "POST /cormun/servlet/solicitudotadjuntos?f0c0afc8773c6c4bbb9b884a8d4dd093,INS,2018,10524,,2,,gx-no-cache=1521133118840 HTTP/1.1" 200 3965
186.79.60.25 - - [15/Mar/2018:13:59:39 -0300] "GET /cormun/servlet/solicitudot?65274bc3e8a0293e5a4f130ed48a1af10562c4a5c0ee0f803995b80bf3518a59475b08ce096721ef342eca8ccf278d1151e32e4971a75269afe4540c42d2dcbf,gx-no-cache=1521133130952 HTTP/1.1" 200 30
186.79.60.25 - - [15/Mar/2018:13:59:39 -0300] "GET /cormun/servlet/solicitudot?65274bc3e8a0293e5a4f130ed48a1af1d439529bca053133e37a5572a0e91e6dc54c95963ecac82597bd9047fcfc4f0820a92c93d7a279bbcde928f8eb710f3e1edbddca21316bcff279b6b64a46784e0d205edf6b21285f8baf665ac98442e7680dec62c89ffc0010d5c2d92096fb10938dadc162d0f125a6deb93051d60f3098aba8de4761f24632a2beeebf0db26242da8114cfc2ba96e1de1b2c2661d175049f4175667d62342d0297165db6750b37ffb8eb74496f41942c9517ecd5f07dce40b7e64d43561fe1b21c5edc4203b9d942ae00ce3644e135214a5e444803c3e878d6a564249d709b7df1d56aa8ee13ebd75dc020f94eea2ff31186c69d249c715db7db1af781ec25fbdb528059ff5a143624c587e88e7cdcb58c087a157a3526055a6fc9e91a18d323efc727d162a846aeaf6049742f97612e0786f21e2e81dbbca027d5d965750b251b7a2fe012c9ceb0d79f39295f5fca8034a79d9f8cf92399d8545513fa575a26a8d54244ee78dc9d9da5c84d40c8fc85ec2669c639a463fceacca7cc5adad11c38424017b551,gx-no-cache=1521133131354 HTTP/1.1" 200 30
186.79.60.25 - - [15/Mar/2018:13:59:39 -0300] "POST /cormun/servlet/solicitudot?gx-no-cache=1521133131548 HTTP/1.1" 200 30
186.79.60.25 - - [15/Mar/2018:13:59:39 -0300] "POST /cormun/servlet/solicitudot?gx-no-cache=1521133131739 HTTP/1.1" 200 1334
186.79.60.25 - - [15/Mar/2018:13:59:40 -0300] "POST /cormun/servlet/solicitudot?gx-no-cache=1521133132019 HTTP/1.1" 200 41
186.79.60.25 - - [15/Mar/2018:13:59:40 -0300] "POST /cormun/servlet/solicitudot?gx-no-cache=1521133132697 HTTP/1.1" 200 1319
186.79.60.25 - - [15/Mar/2018:13:59:40 -0300] "POST /cormun/servlet/solicitudot?gx-no-cache=1521133133044 HTTP/1.1" 200 1218
186.79.60.25 - - [15/Mar/2018:13:59:41 -0300] "GET /cormun/servlet/solicitudot?65274bc3e8a0293e5a4f130ed48a1af12fea9a81a40c1d148d553461da006ddd6da7cbcf3bba8743f985cfb7587f87db,gx-no-cache=1521133133225 HTTP/1.1" 200 30
186.79.60.25 - - [15/Mar/2018:13:59:41 -0300] "POST /cormun/servlet/solicitudot?gx-no-cache=1521133133325 HTTP/1.1" 200 30
186.79.60.25 - - [15/Mar/2018:13:59:42 -0300] "POST /cormun/servlet/solicitudot?08608ba3022a178d514ed9ead8fa2600,INS,0,0,,gx-no-cache=1521133133488 HTTP/1.1" 200 93
186.79.60.25 - - [15/Mar/2018:13:59:42 -0300] "GET /cormun/servlet/hpexe_return? HTTP/1.1" 200 1004
186.79.60.25 - - [15/Mar/2018:13:59:43 -0300] "GET /cormun/servlet/trsolicitudot? HTTP/1.1" 200 8501
186.79.60.25 - - [15/Mar/2018:13:59:43 -0300] "GET /cormun/servlet/trsolicitudot? HTTP/1.1" 200 8497
186.103.157.98 - - [15/Mar/2018:13:59:49 -0300] "POST /cormun/servlet/solicitudot?gx-no-cache=1521133140553 HTTP/1.1" 200 3284
186.103.157.98 - - [15/Mar/2018:13:59:49 -0300] "POST /cormun/servlet/solicitudot?5438eafc97faa3c6470370450c5ef809,INS,0,0,,gx-no-cache=1521133140722 HTTP/1.1" 200 10436
186.103.157.98 - - [15/Mar/2018:14:00:10 -0300] "POST /cormun/servlet/solicitudot?gx-no-cache=1521133160630 HTTP/1.1" 200 3424
186.103.157.98 - - [15/Mar/2018:14:00:10 -0300] "POST /cormun/servlet/solicitudot?5438eafc97faa3c6470370450c5ef809,INS,0,0,,gx-no-cache=1521133161247 HTTP/1.1" 200 10648
192.168.10.96 - - [15/Mar/2018:14:00:41 -0300] "POST /cormun/servlet/trsolicitudgral?d1ca069d3720fc1151a1637e73279952,,gx-no-cache=1521133076885 HTTP/1.1" 200 8589
192.168.10.96 - - [15/Mar/2018:14:00:56 -0300] "GET /cormun/servlet/vesolicitudgral?2018,10432,, HTTP/1.1" 200 9322
192.168.10.96 - - [15/Mar/2018:14:00:56 -0300] "GET /cormun/pexe_scrolldiv.js HTTP/1.1" 404 1009
192.168.10.96 - - [15/Mar/2018:14:00:56 -0300] "GET /cormun/pexe_scrolldiv.js HTTP/1.1" 404 1009
192.168.10.96 - - [15/Mar/2018:14:00:57 -0300] "GET /cormun/servlet/vesolicitudgral?2018,10432,, HTTP/1.1" 200 9322
192.168.10.96 - - [15/Mar/2018:14:00:59 -0300] "GET /cormun/servlet/vesolicitudgral?2018,10432,,SolicitudOTAdjuntos HTTP/1.1" 200 11451
192.168.10.96 - - [15/Mar/2018:14:00:59 -0300] "GET /cormun/pexe_scrolldiv.js HTTP/1.1" 404 1009
192.168.10.96 - - [15/Mar/2018:14:00:59 -0300] "GET /cormun/pexe_scrolldiv.js HTTP/1.1" 404 1009
192.168.10.96 - - [15/Mar/2018:14:00:59 -0300] "GET /cormun/servlet/vesolicitudgral?2018,10432,,SolicitudOTAdjuntos HTTP/1.1" 200 11451
192.168.10.96 - - [15/Mar/2018:14:01:00 -0300] "POST /cormun/servlet/acontrolpreferencessavestate?None,DZAMUDIO,true HTTP/1.1" 200 35
192.168.10.96 - - [15/Mar/2018:14:01:02 -0300] "GET /cormun/PublicTempStorage/carnet_de_identidad1207292.pdf HTTP/1.1" 200 225744
192.168.10.96 - - [15/Mar/2018:14:01:06 -0300] "GET /cormun/servlet/vesolicitudgral?2018,10432,,SolicitudOTAdjuntos HTTP/1.1" 200 11452
192.168.10.96 - - [15/Mar/2018:14:01:07 -0300] "GET /cormun/servlet/vesolicitudgral?2018,10432,,SolicitudOTAdjuntos HTTP/1.1" 200 11452
192.168.10.96 - - [15/Mar/2018:14:01:07 -0300] "POST /cormun/servlet/acontrolpreferencessavestate?None,DZAMUDIO,true HTTP/1.1" 200 35
192.168.10.96 - - [15/Mar/2018:14:01:08 -0300] "GET /cormun/PublicTempStorage/titulo9204183.pdf HTTP/1.1" 200 207700
192.168.10.96 - - [15/Mar/2018:14:01:11 -0300] "GET /cormun/servlet/vesolicitudgral?2018,10432,,SolicitudOTAdjuntos HTTP/1.1" 200 11452
192.168.10.96 - - [15/Mar/2018:14:01:12 -0300] "GET /cormun/servlet/vesolicitudgral?2018,10432,,SolicitudOTAdjuntos HTTP/1.1" 200 11454
192.168.10.96 - - [15/Mar/2018:14:01:13 -0300] "POST /cormun/servlet/acontrolpreferencessavestate?None,DZAMUDIO,true HTTP/1.1" 200 35
192.168.10.96 - - [15/Mar/2018:14:01:13 -0300] "GET /cormun/PublicTempStorage/certificadocotizaciones_nathaly6098735.PDF HTTP/1.1" 200 31836
192.168.10.96 - - [15/Mar/2018:14:01:17 -0300] "GET /cormun/servlet/vesolicitudgral?2018,10432,,SolicitudOTAdjuntos HTTP/1.1" 200 11452
192.168.10.96 - - [15/Mar/2018:14:01:18 -0300] "GET /cormun/servlet/vesolicitudgral?2018,10432,,SolicitudOTAdjuntos HTTP/1.1" 200 11454
192.168.10.96 - - [15/Mar/2018:14:01:19 -0300] "POST /cormun/servlet/acontrolpreferencessavestate?None,DZAMUDIO,true HTTP/1.1" 200 35
192.168.10.96 - - [15/Mar/2018:14:01:19 -0300] "GET /cormun/PublicTempStorage/certificado_de_cotizaciones_fonasa8851380.pdf HTTP/1.1" 200 71094
192.168.10.96 - - [15/Mar/2018:14:01:23 -0300] "GET /cormun/servlet/vesolicitudgral?2018,10432,,SolicitudOTAdjuntos HTTP/1.1" 200 11451
192.168.10.96 - - [15/Mar/2018:14:01:24 -0300] "GET /cormun/servlet/vesolicitudgral?2018,10432,,SolicitudOTAdjuntos HTTP/1.1" 200 11454
192.168.10.96 - - [15/Mar/2018:14:01:25 -0300] "POST /cormun/servlet/acontrolpreferencessavestate?None,DZAMUDIO,true HTTP/1.1" 200 35
192.168.10.96 - - [15/Mar/2018:14:01:26 -0300] "GET /cormun/PublicTempStorage/certificado_de_antecedentes_%284%292330321.pdf HTTP/1.1" 200 399440
192.168.10.96 - - [15/Mar/2018:14:01:32 -0300] "GET /cormun/servlet/vesolicitudgral?2018,10432,,SolicitudOTAdjuntos HTTP/1.1" 200 11451
192.168.10.96 - - [15/Mar/2018:14:01:32 -0300] "GET /cormun/servlet/vesolicitudgral?2018,10432,,SolicitudOTAdjuntos HTTP/1.1" 200 11453
192.168.10.96 - - [15/Mar/2018:14:01:33 -0300] "POST /cormun/servlet/acontrolpreferencessavestate?None,DZAMUDIO,true HTTP/1.1" 200 35
192.168.10.96 - - [15/Mar/2018:14:01:34 -0300] "GET /cormun/PublicTempStorage/curriculum_vitae_naty3460468.pdf HTTP/1.1" 200 306446
186.103.157.98 - - [15/Mar/2018:14:01:58 -0300] "GET /cormun/servlet/solicitudot?e86efda99909568293da4ec8a53ba39e64774350ed1343ba8bf189183d0ca8ac128b530819de7cb9b4591cee39010601,gx-no-cache=1521133269320 HTTP/1.1" 200 30
186.103.157.98 - - [15/Mar/2018:14:01:58 -0300] "GET /cormun/servlet/solicitudot?e86efda99909568293da4ec8a53ba39e104d46c4c0e017f8243d0b3664c79164c589a6888dae42b751614fda303586ef8bab85d1c6cd808d64602e769cdecba2,gx-no-cache=1521133269384 HTTP/1.1" 200 30
186.103.157.98 - - [15/Mar/2018:14:01:58 -0300] "GET /cormun/servlet/solicitudot?e86efda99909568293da4ec8a53ba39e801849de6454be84f024737e3b58eb4e,gx-no-cache=1521133269421 HTTP/1.1" 200 53
186.103.157.98 - - [15/Mar/2018:14:01:58 -0300] "POST /cormun/servlet/solicitudot?gx-no-cache=1521133269462 HTTP/1.1" 200 297
186.103.157.98 - - [15/Mar/2018:14:01:58 -0300] "GET /cormun/servlet/solicitudot?e86efda99909568293da4ec8a53ba39e1a00839dacc98661b64e15d3b3a92d1480a97cb397360631f0af86e9522575655efad7cc4b5dca159d816b4f0525a2571f988a66e2aa7fab646f3ef4c885b6c159ea4aa734b7a431538803717e872f88763efdc45166d8ee200fbf1b53c961a5ed681fe80f4a1f1dd3e42fe41faff1af4726132ec396cb43eb265d1e0653065722c466ef37584d6593f4a5d908c8ca5d787cbde5d8cca7555a164c131c34538651d58d81769dfe1e691a73fa1d748583b1d5c06d9f5fbb23af7ae4570d86c9a55dc924316b06982f2c3131c7a1c2a67b5c8b3d189ec7abf19cc2afc5784ca184e59260a7d8de644838b253a2008476a1c2fbf2a416274ed8c9727383e522cdfd5e470eeb489fbe64c883e721711314ae64579231312f97712ecf0056495b7e3a95ca437466ad42f55827a04a41e6921f2937577cce4c370679015676a23ee4cc9f9e283855f810a271a01d4dfd35d68c52ccc9da553708d74546d7e357533688680051ffe38f32a176f56b42a97058215bea67dc3b88ea9093ac04d3320cf8b3,gx-no-cache=1521133269528 HTTP/1.1" 200 30
186.103.156.24 - - [15/Mar/2018:14:02:27 -0300] "POST /cormun/servlet/trautorizarsolicitud?eacb1652fd16400e2161a052ddc4d8e5,,gx-no-cache=1521133297572 HTTP/1.1" 200 6697
186.103.156.24 - - [15/Mar/2018:14:02:43 -0300] "POST /cormun/servlet/trautorizarsolicitud?eacb1652fd16400e2161a052ddc4d8e5,,gx-no-cache=1521133312514 HTTP/1.1" 200 4402
186.103.156.24 - - [15/Mar/2018:14:02:51 -0300] "POST /cormun/servlet/trautorizarsolicitud?eacb1652fd16400e2161a052ddc4d8e5,,gx-no-cache=1521133321529 HTTP/1.1" 200 4404
186.103.156.24 - - [15/Mar/2018:14:03:00 -0300] "GET /cormun/servlet/trautorizarsolicitud? HTTP/1.1" 200 7340
186.103.156.24 - - [15/Mar/2018:14:03:00 -0300] "GET /cormun/servlet/trautorizarsolicitud? HTTP/1.1" 200 7340
186.103.156.24 - - [15/Mar/2018:14:03:19 -0300] "POST /cormun/servlet/trautorizarsolicitud?eacb1652fd16400e2161a052ddc4d8e5,,gx-no-cache=1521133349038 HTTP/1.1" 200 4393
186.103.157.98 - - [15/Mar/2018:14:03:22 -0300] "POST /cormun/servlet/solicitudot?gx-no-cache=1521133353223 HTTP/1.1" 200 30
186.103.157.98 - - [15/Mar/2018:14:03:25 -0300] "POST /cormun/servlet/solicitudot?gx-no-cache=1521133356674 HTTP/1.1" 200 1336
186.103.157.98 - - [15/Mar/2018:14:03:25 -0300] "POST /cormun/servlet/solicitudot?gx-no-cache=1521133356756 HTTP/1.1" 200 38
186.103.157.39 - - [15/Mar/2018:14:03:32 -0300] "POST /cormun/servlet/solicitudotadjuntos?gx-no-cache=1521133362061 HTTP/1.1" 200 26
186.103.157.39 - - [15/Mar/2018:14:03:34 -0300] "GET /cormun/servlet/solicitudotadjuntos?7179be7950894eac1854df31451a2376b531f5bc1a1eb84c2166e2a9fde7b3ff,gx-no-cache=1521133364305 HTTP/1.1" 200 30
186.103.157.39 - - [15/Mar/2018:14:03:34 -0300] "GET /cormun/servlet/solicitudotadjuntos?7179be7950894eac1854df31451a2376b531f5bc1a1eb84c2166e2a9fde7b3ff,gx-no-cache=1521133364416 HTTP/1.1" 200 30
186.103.157.39 - - [15/Mar/2018:14:03:34 -0300] "POST /cormun/servlet/solicitudotadjuntos?f0c0afc8773c6c4bbb9b884a8d4dd093,INS,2018,10524,,2,,gx-no-cache=1521133364512 HTTP/1.1" 200 93
186.103.157.39 - - [15/Mar/2018:14:03:34 -0300] "GET /cormun/servlet/hpexe_return? HTTP/1.1" 200 1028
186.103.157.39 - - [15/Mar/2018:14:03:35 -0300] "GET /cormun/servlet/trsolicitudadjuntos?2018,10524, HTTP/1.1" 200 9752
186.103.157.39 - - [15/Mar/2018:14:03:37 -0300] "GET /cormun/servlet/trsolicitudadjuntos?2018,10524, HTTP/1.1" 200 9750
186.103.157.98 - - [15/Mar/2018:14:03:42 -0300] "GET /cormun/servlet/solicitudot?e86efda99909568293da4ec8a53ba39e0497b97f3d32828480c6ee927f3c951045e2ac78c14e4e45b6922b31d558a84a5f20f96be61e5828d53b032477c1a9784263ab6a92fd4734739f74bfe1850d8985815b8431b306884ffae4f9eece988ca6ff0e4343f45a27afa04a14b4f24e67,gx-no-cache=1521133373423 HTTP/1.1" 200 29
186.103.157.98 - - [15/Mar/2018:14:03:42 -0300] "POST /cormun/servlet/solicitudot?gx-no-cache=1521133373468 HTTP/1.1" 200 1317
186.103.157.98 - - [15/Mar/2018:14:03:42 -0300] "POST /cormun/servlet/solicitudot?gx-no-cache=1521133373528 HTTP/1.1" 200 1218
186.103.157.98 - - [15/Mar/2018:14:03:42 -0300] "GET /cormun/static/menuarrow.gif HTTP/1.1" 404 1015
186.103.156.24 - - [15/Mar/2018:14:03:51 -0300] "POST /cormun/servlet/trautorizarsolicitud?eacb1652fd16400e2161a052ddc4d8e5,,gx-no-cache=1521133381307 HTTP/1.1" 200 4389
186.103.156.24 - - [15/Mar/2018:14:03:59 -0300] "GET /cormun/servlet/hlogin HTTP/1.1" 200 1720
186.103.157.98 - - [15/Mar/2018:14:04:11 -0300] "POST /cormun/servlet/solicitudot?gx-no-cache=1521133402241 HTTP/1.1" 200 1317
186.103.156.24 - - [15/Mar/2018:14:04:11 -0300] "POST /cormun/servlet/hlogin?eacb1652fd16400e2161a052ddc4d8e5,gx-no-cache=1521133401251 HTTP/1.1" 200 90
186.103.157.98 - - [15/Mar/2018:14:04:11 -0300] "POST /cormun/servlet/solicitudot?gx-no-cache=1521133402410 HTTP/1.1" 200 1218
186.103.156.24 - - [15/Mar/2018:14:04:11 -0300] "GET /cormun/servlet/hpexe_link HTTP/1.1" 200 964
186.103.156.24 - - [15/Mar/2018:14:04:11 -0300] "GET /cormun/servlet/trautorizarsolicitud? HTTP/1.1" 200 7335
186.103.156.24 - - [15/Mar/2018:14:04:12 -0300] "GET /cormun/servlet/trautorizarsolicitud? HTTP/1.1" 200 7333
186.103.157.98 - - [15/Mar/2018:14:04:13 -0300] "GET /cormun/servlet/solicitudot?e86efda99909568293da4ec8a53ba39e26b988ff872bc13da791d5c4c48b73f2ca60fc503bf36d2b6d3fecfa970c412f,gx-no-cache=1521133404351 HTTP/1.1" 200 30
186.103.156.24 - - [15/Mar/2018:14:04:20 -0300] "GET /cormun/servlet/trautorizarsolicitud? HTTP/1.1" 200 7333
186.103.156.24 - - [15/Mar/2018:14:04:20 -0300] "GET /cormun/servlet/trautorizarsolicitud? HTTP/1.1" 200 7333
186.103.157.98 - - [15/Mar/2018:14:04:24 -0300] "POST /cormun/servlet/solicitudot?gx-no-cache=1521133415746 HTTP/1.1" 200 30
186.103.156.24 - - [15/Mar/2018:14:04:40 -0300] "POST /cormun/servlet/trautorizarsolicitud?eacb1652fd16400e2161a052ddc4d8e5,,gx-no-cache=1521133430677 HTTP/1.1" 200 4391
186.103.156.24 - - [15/Mar/2018:14:04:54 -0300] "POST /cormun/servlet/trautorizarsolicitud?eacb1652fd16400e2161a052ddc4d8e5,,gx-no-cache=1521133444083 HTTP/1.1" 200 6681
186.103.157.98 - - [15/Mar/2018:14:05:01 -0300] "POST /cormun/servlet/solicitudot?5438eafc97faa3c6470370450c5ef809,INS,0,0,,gx-no-cache=1521133452466 HTTP/1.1" 200 93
186.103.157.98 - - [15/Mar/2018:14:05:01 -0300] "GET /cormun/servlet/hpexe_return? HTTP/1.1" 200 1004
186.103.157.98 - - [15/Mar/2018:14:05:01 -0300] "GET /cormun/servlet/trsolicitudot HTTP/1.1" 200 8799
186.103.157.98 - - [15/Mar/2018:14:05:02 -0300] "GET /cormun/servlet/trsolicitudot HTTP/1.1" 200 8795
186.103.157.98 - - [15/Mar/2018:14:05:02 -0300] "GET /cormun//static/Resources/PXToolsActionView.png HTTP/1.1" 200 2995
186.103.157.98 - - [15/Mar/2018:14:05:02 -0300] "GET /cormun//static/Resources/PXToolsRemoveAllAction.png HTTP/1.1" 200 3558
186.103.156.24 - - [15/Mar/2018:14:05:03 -0300] "POST /cormun/servlet/trautorizarsolicitud?eacb1652fd16400e2161a052ddc4d8e5,,gx-no-cache=1521133452656 HTTP/1.1" 200 6693
186.103.156.24 - - [15/Mar/2018:14:05:03 -0300] "GET /cormun/static/Shared/jqueryui/images/ui-bg_highlight-soft_100_c6c2c8_1x100.png HTTP/1.1" 404 1117
186.103.156.24 - - [15/Mar/2018:14:05:03 -0300] "GET /cormun/static/Shared/jqueryui/images/ui-icons_82798d_256x240.png HTTP/1.1" 404 1089
186.103.156.24 - - [15/Mar/2018:14:05:03 -0300] "GET /cormun/static/Shared/jqueryui/images/ui-bg_flat_55_fafafa_40x100.png HTTP/1.1" 404 1097
186.103.156.24 - - [15/Mar/2018:14:05:03 -0300] "GET /cormun/static/Shared/jqueryui/images/ui-icons_8d78a5_256x240.png HTTP/1.1" 404 1089
186.103.157.98 - - [15/Mar/2018:14:05:08 -0300] "POST /cormun/servlet/trsolicitudot?5438eafc97faa3c6470370450c5ef809,gx-no-cache=1521133459534 HTTP/1.1" 200 4672
186.103.157.98 - - [15/Mar/2018:14:05:08 -0300] "GET /cormun/static/Shared/jqueryui/images/ui-icons_82798d_256x240.png HTTP/1.1" 404 1089
186.103.157.98 - - [15/Mar/2018:14:05:08 -0300] "GET /cormun/static/Shared/jqueryui/images/ui-bg_highlight-soft_100_c6c2c8_1x100.png HTTP/1.1" 404 1117
186.103.157.98 - - [15/Mar/2018:14:05:08 -0300] "GET /cormun/static/Shared/jqueryui/images/ui-bg_flat_55_fafafa_40x100.png HTTP/1.1" 404 1097
186.103.157.98 - - [15/Mar/2018:14:05:08 -0300] "GET /cormun/static/Shared/jqueryui/images/ui-icons_8d78a5_256x240.png HTTP/1.1" 404 1089
186.103.157.98 - - [15/Mar/2018:14:05:09 -0300] "POST /cormun/servlet/trsolicitudot?5438eafc97faa3c6470370450c5ef809,gx-no-cache=1521133459942 HTTP/1.1" 200 4454
186.103.156.24 - - [15/Mar/2018:14:05:12 -0300] "POST /cormun/servlet/trautorizarsolicitud?eacb1652fd16400e2161a052ddc4d8e5,,gx-no-cache=1521133462727 HTTP/1.1" 200 6693
186.103.156.24 - - [15/Mar/2018:14:05:17 -0300] "POST /cormun/servlet/trautorizarsolicitud?eacb1652fd16400e2161a052ddc4d8e5,,gx-no-cache=1521133466934 HTTP/1.1" 200 6694
186.103.157.98 - - [15/Mar/2018:14:05:19 -0300] "GET /cormun/servlet/trautorizarsolicitud? HTTP/1.1" 200 8691
186.103.157.98 - - [15/Mar/2018:14:05:19 -0300] "GET /cormun/servlet/trautorizarsolicitud? HTTP/1.1" 200 8695
186.103.157.98 - - [15/Mar/2018:14:05:25 -0300] "POST /cormun/servlet/trautorizarsolicitud?5438eafc97faa3c6470370450c5ef809,,gx-no-cache=1521133476856 HTTP/1.1" 200 4605
186.103.157.98 - - [15/Mar/2018:14:05:26 -0300] "GET /cormun/static/Shared/jqueryui/images/ui-icons_82798d_256x240.png HTTP/1.1" 404 1089
186.103.157.98 - - [15/Mar/2018:14:05:26 -0300] "GET /cormun/static/Shared/jqueryui/images/ui-bg_highlight-soft_100_c6c2c8_1x100.png HTTP/1.1" 404 1117
186.103.157.98 - - [15/Mar/2018:14:05:26 -0300] "GET /cormun/static/Shared/jqueryui/images/ui-icons_8d78a5_256x240.png HTTP/1.1" 404 1089
186.103.157.98 - - [15/Mar/2018:14:05:26 -0300] "GET /cormun/static/Shared/jqueryui/images/ui-bg_flat_55_fafafa_40x100.png HTTP/1.1" 404 1097
186.103.157.98 - - [15/Mar/2018:14:05:26 -0300] "POST /cormun/servlet/trautorizarsolicitud?5438eafc97faa3c6470370450c5ef809,,gx-no-cache=1521133477048 HTTP/1.1" 200 4387
40.77.178.70 - - [15/Mar/2018:14:05:30 -0300] "GET /cormun/servlet/hhome HTTP/1.1" 200 15475
186.103.156.24 - - [15/Mar/2018:14:05:33 -0300] "GET /cormun/servlet/trautorizarsolicitud? HTTP/1.1" 200 9591
186.103.156.24 - - [15/Mar/2018:14:05:34 -0300] "GET /cormun/servlet/trautorizarsolicitud? HTTP/1.1" 200 9591
40.77.178.186 - - [15/Mar/2018:14:05:34 -0300] "GET /cormun/static/hhome.js?20175251212450 HTTP/1.1" 200 777
186.103.156.24 - - [15/Mar/2018:14:05:43 -0300] "POST /cormun/servlet/trautorizarsolicitud?eacb1652fd16400e2161a052ddc4d8e5,,gx-no-cache=1521133492386 HTTP/1.1" 200 6693
186.103.156.24 - - [15/Mar/2018:14:05:43 -0300] "GET /cormun/static/Shared/jqueryui/images/ui-bg_highlight-soft_100_c6c2c8_1x100.png HTTP/1.1" 404 1117
186.103.156.24 - - [15/Mar/2018:14:05:43 -0300] "GET /cormun/static/Shared/jqueryui/images/ui-bg_flat_55_fafafa_40x100.png HTTP/1.1" 404 1097
186.103.156.24 - - [15/Mar/2018:14:05:43 -0300] "GET /cormun/static/Shared/jqueryui/images/ui-icons_82798d_256x240.png HTTP/1.1" 404 1089
186.103.156.24 - - [15/Mar/2018:14:05:43 -0300] "GET /cormun/static/Shared/jqueryui/images/ui-icons_8d78a5_256x240.png HTTP/1.1" 404 1089
186.103.156.24 - - [15/Mar/2018:14:05:51 -0300] "GET /cormun/servlet/trautorizarsolicitud? HTTP/1.1" 200 9591
186.103.156.24 - - [15/Mar/2018:14:05:52 -0300] "GET /cormun/servlet/trautorizarsolicitud? HTTP/1.1" 200 9591
186.103.156.24 - - [15/Mar/2018:14:06:16 -0300] "POST /cormun/servlet/trautorizarsolicitud?eacb1652fd16400e2161a052ddc4d8e5,,gx-no-cache=1521133525687 HTTP/1.1" 200 6693
186.103.156.24 - - [15/Mar/2018:14:06:16 -0300] "GET /cormun/static/Shared/jqueryui/images/ui-bg_highlight-soft_100_c6c2c8_1x100.png HTTP/1.1" 404 1117
186.103.156.24 - - [15/Mar/2018:14:06:16 -0300] "GET /cormun/static/Shared/jqueryui/images/ui-bg_flat_55_fafafa_40x100.png HTTP/1.1" 404 1097
186.103.156.24 - - [15/Mar/2018:14:06:16 -0300] "GET /cormun/static/Shared/jqueryui/images/ui-icons_8d78a5_256x240.png HTTP/1.1" 404 1089
186.103.156.24 - - [15/Mar/2018:14:06:16 -0300] "GET /cormun/static/Shared/jqueryui/images/ui-icons_82798d_256x240.png HTTP/1.1" 404 1089
186.103.157.98 - - [15/Mar/2018:14:06:24 -0300] "GET /cormun/servlet/trsolicitudot? HTTP/1.1" 200 7466
186.103.157.98 - - [15/Mar/2018:14:06:24 -0300] "GET /cormun/servlet/trsolicitudot? HTTP/1.1" 200 7465
186.103.157.98 - - [15/Mar/2018:14:06:28 -0300] "GET /cormun/servlet/solicitudot?INS,0,0, HTTP/1.1" 200 13692
186.103.157.98 - - [15/Mar/2018:14:06:28 -0300] "GET /cormun/servlet/solicitudot?INS,0,0, HTTP/1.1" 200 13697
186.103.156.24 - - [15/Mar/2018:14:06:30 -0300] "POST /cormun/servlet/trautorizarsolicitud?eacb1652fd16400e2161a052ddc4d8e5,,gx-no-cache=1521133539700 HTTP/1.1" 200 6694
186.103.156.24 - - [15/Mar/2018:14:06:33 -0300] "POST /cormun/servlet/trautorizarsolicitud?eacb1652fd16400e2161a052ddc4d8e5,,gx-no-cache=1521133542890 HTTP/1.1" 200 6681
186.103.157.39 - - [15/Mar/2018:14:07:08 -0300] "GET /cormun/servlet/solicitudotadjuntos?INS,2018,10524,,2, HTTP/1.1" 200 5985
186.103.157.39 - - [15/Mar/2018:14:07:08 -0300] "GET /cormun/static/about:blank HTTP/1.1" 404 1011
186.103.157.39 - - [15/Mar/2018:14:07:09 -0300] "GET /cormun/servlet/solicitudotadjuntos?INS,2018,10524,,2, HTTP/1.1" 200 5979
186.103.157.39 - - [15/Mar/2018:14:07:09 -0300] "GET /cormun/servlet/solicitudotadjuntos?7179be7950894eac1854df31451a2376969274af2d629806eaf5822e887059750711bbcf7a5645791672380a7a5c100a,gx-no-cache=1521133579683 HTTP/1.1" 200 30
186.103.157.39 - - [15/Mar/2018:14:07:09 -0300] "POST /cormun/servlet/solicitudotadjuntos?f0c0afc8773c6c4bbb9b884a8d4dd093,INS,2018,10524,,2,,gx-no-cache=1521133579800 HTTP/1.1" 200 3962
186.103.157.39 - - [15/Mar/2018:14:07:12 -0300] "POST /cormun/servlet/solicitudotadjuntos?gx-no-cache=1521133582662 HTTP/1.1" 200 26
186.103.157.39 - - [15/Mar/2018:14:07:33 -0300] "GET /cormun/servlet/solicitudotadjuntos?7179be7950894eac1854df31451a2376b531f5bc1a1eb84c2166e2a9fde7b3ff,gx-no-cache=1521133603692 HTTP/1.1" 200 30
186.103.157.39 - - [15/Mar/2018:14:07:33 -0300] "GET /cormun/servlet/solicitudotadjuntos?7179be7950894eac1854df31451a2376b531f5bc1a1eb84c2166e2a9fde7b3ff,gx-no-cache=1521133603764 HTTP/1.1" 200 30
186.103.157.39 - - [15/Mar/2018:14:08:07 -0300] "POST /cormun/servlet/solicitudotadjuntos?f0c0afc8773c6c4bbb9b884a8d4dd093,INS,2018,10524,,2, HTTP/1.1" 200 116
186.103.157.39 - - [15/Mar/2018:14:08:07 -0300] "GET /cormun/servlet/hpexe_return? HTTP/1.1" 200 1028
186.103.157.39 - - [15/Mar/2018:14:08:09 -0300] "GET /cormun/servlet/trsolicitudadjuntos?2018,10524, HTTP/1.1" 200 9904
186.103.157.39 - - [15/Mar/2018:14:08:14 -0300] "GET /cormun/servlet/trsolicitudadjuntos?2018,10524, HTTP/1.1" 200 9898
186.103.157.98 - - [15/Mar/2018:14:08:40 -0300] "POST /cormun/servlet/solicitudot?gx-no-cache=1521133671536 HTTP/1.1" 200 3389
186.103.157.98 - - [15/Mar/2018:14:08:40 -0300] "POST /cormun/servlet/solicitudot?5438eafc97faa3c6470370450c5ef809,INS,0,0,,gx-no-cache=1521133671713 HTTP/1.1" 200 10526
186.103.157.98 - - [15/Mar/2018:14:08:46 -0300] "GET /cormun/servlet/solicitudot?e86efda99909568293da4ec8a53ba39e079e7ea892b913d1ff3bfc665dcec953fa64bfe09bd30d0b4cb28f4790789da0,gx-no-cache=1521133677798 HTTP/1.1" 200 30
186.103.157.98 - - [15/Mar/2018:14:08:46 -0300] "GET /cormun/servlet/solicitudot?e86efda99909568293da4ec8a53ba39eda70940ae117a37f97bd06b72244ad0a84f8c4d0f4b8824f03b3aeba11ba6d4e842d8061080042948ef1d7a09f1c3ca7,gx-no-cache=1521133677896 HTTP/1.1" 200 30
186.103.157.98 - - [15/Mar/2018:14:08:47 -0300] "GET /cormun/servlet/solicitudot?e86efda99909568293da4ec8a53ba39e2f30d7d57e77faae71b85c083bed3167,gx-no-cache=1521133677973 HTTP/1.1" 200 70
186.103.157.98 - - [15/Mar/2018:14:08:47 -0300] "POST /cormun/servlet/solicitudot?gx-no-cache=1521133678057 HTTP/1.1" 200 256
