186.103.132.155 - - [15/Mar/2018:17:05:33 -0300] "GET /cormun/servlet/hlogin HTTP/1.1" 200 1740
186.79.231.211 - - [15/Mar/2018:17:05:33 -0300] "GET /cormun/static/Shared/jqueryui/images/ui-bg_highlight-soft_100_c6c2c8_1x100.png HTTP/1.1" 404 1117
200.120.230.197 - - [15/Mar/2018:17:05:33 -0300] "GET /cormun/static/Shared/jqueryui/images/ui-icons_8d78a5_256x240.png HTTP/1.1" 404 1089
186.79.231.211 - - [15/Mar/2018:17:05:33 -0300] "GET /cormun/static/Shared/jqueryui/images/ui-icons_82798d_256x240.png HTTP/1.1" 404 1089
186.79.231.211 - - [15/Mar/2018:17:05:33 -0300] "GET /cormun/static/Shared/jqueryui/images/ui-bg_flat_55_fafafa_40x100.png HTTP/1.1" 404 1097
186.79.231.211 - - [15/Mar/2018:17:05:40 -0300] "GET /cormun/servlet/trsolicitudot? HTTP/1.1" 200 8814
186.79.231.211 - - [15/Mar/2018:17:05:42 -0300] "GET /cormun/servlet/trsolicitudot? HTTP/1.1" 200 8814
186.103.132.155 - - [15/Mar/2018:17:05:44 -0300] "POST /cormun/servlet/hlogin?dc8a0f6c19bf7bb825e9085cc420be33,gx-no-cache=1521144292725 HTTP/1.1" 200 90
186.103.132.155 - - [15/Mar/2018:17:05:44 -0300] "GET /cormun/servlet/hpexe_link HTTP/1.1" 200 960
186.103.132.155 - - [15/Mar/2018:17:05:46 -0300] "GET /cormun/servlet/prfichaempleado?,MD, HTTP/1.1" 200 9357
186.79.231.211 - - [15/Mar/2018:17:05:52 -0300] "GET /cormun/servlet/solicitudot?INS,0,0, HTTP/1.1" 200 13668
186.103.132.155 - - [15/Mar/2018:17:05:53 -0300] "GET /cormun/servlet/hlogin HTTP/1.1" 200 1740
186.79.231.211 - - [15/Mar/2018:17:05:54 -0300] "GET /cormun/servlet/solicitudot?INS,0,0, HTTP/1.1" 200 13673
186.103.132.155 - - [15/Mar/2018:17:05:54 -0300] "GET /cormun/servlet/prfichaempleado?,MD, HTTP/1.1" 302 -
186.103.132.155 - - [15/Mar/2018:17:05:55 -0300] "GET /cormun/servlet/hlogin HTTP/1.1" 200 1752
186.103.132.155 - - [15/Mar/2018:17:05:56 -0300] "GET /cormun/servlet/hlogin HTTP/1.1" 200 1715
200.120.230.197 - - [15/Mar/2018:17:06:06 -0300] "POST /cormun/servlet/solicitudot?gx-no-cache=1521144322522 HTTP/1.1" 200 3359
200.120.230.197 - - [15/Mar/2018:17:06:06 -0300] "POST /cormun/servlet/solicitudot?86af10dc957fe91b3e12d65c6791e1b1,INS,0,0,,gx-no-cache=1521144322879 HTTP/1.1" 200 10482
186.103.132.155 - - [15/Mar/2018:17:06:06 -0300] "GET /cormun/servlet/hlogin HTTP/1.1" 200 1715
186.103.159.46 - - [15/Mar/2018:17:06:16 -0300] "POST /cormun/servlet/solicitudot?gx-no-cache=1521144324767 HTTP/1.1" 200 30
186.103.159.46 - - [15/Mar/2018:17:06:17 -0300] "POST /cormun/servlet/solicitudot?7e21d59f701ba5201d658d9b483fea38,INS,0,0,,gx-no-cache=1521144324896 HTTP/1.1" 200 93
186.103.159.46 - - [15/Mar/2018:17:06:17 -0300] "GET /cormun/servlet/hpexe_return? HTTP/1.1" 200 1031
186.103.159.46 - - [15/Mar/2018:17:06:17 -0300] "GET /cormun/servlet/trsolicitudot?gx-no-cache=1521143279017 HTTP/1.1" 200 8634
186.103.132.155 - - [15/Mar/2018:17:06:18 -0300] "POST /cormun/servlet/hlogin?dc8a0f6c19bf7bb825e9085cc420be33,gx-no-cache=1521144326750 HTTP/1.1" 200 90
186.103.159.46 - - [15/Mar/2018:17:06:18 -0300] "GET /cormun/servlet/trsolicitudot?gx-no-cache=1521143279017 HTTP/1.1" 200 8653
186.103.132.155 - - [15/Mar/2018:17:06:18 -0300] "GET /cormun/servlet/hpexe_link HTTP/1.1" 200 960
200.120.230.197 - - [15/Mar/2018:17:06:19 -0300] "GET /cormun/servlet/prbanco?,MD,,gxPopupLevel%3D0%3B HTTP/1.1" 200 6672
186.103.132.155 - - [15/Mar/2018:17:06:19 -0300] "GET /cormun/servlet/prfichaempleado?,MD, HTTP/1.1" 200 9357
200.120.230.197 - - [15/Mar/2018:17:06:26 -0300] "GET /cormun/servlet/solicitudot?e7f13d3a96d7b83cf13aeb2bc0d66776050d74a14be56d87e1ccb0b23eb7e936c0afc773981cc16cffe5e26b9d978533,gx-no-cache=1521144342973 HTTP/1.1" 200 30
200.120.230.197 - - [15/Mar/2018:17:06:27 -0300] "GET /cormun/servlet/solicitudot?e7f13d3a96d7b83cf13aeb2bc0d667765cbce384da4f7792d3c289c76e2b6b9b,gx-no-cache=1521144343128 HTTP/1.1" 200 94
200.120.230.197 - - [15/Mar/2018:17:06:27 -0300] "GET /cormun/static/Shared/jqueryui/images/ui-bg_highlight-soft_100_c6c2c8_1x100.png HTTP/1.1" 404 1117
200.120.230.197 - - [15/Mar/2018:17:06:27 -0300] "GET /cormun/static/Shared/jqueryui/images/ui-icons_82798d_256x240.png HTTP/1.1" 404 1089
200.120.230.197 - - [15/Mar/2018:17:06:27 -0300] "GET /cormun/static/Shared/jqueryui/images/ui-bg_flat_55_994d53_40x100.png HTTP/1.1" 404 1097
200.120.230.197 - - [15/Mar/2018:17:06:27 -0300] "GET /cormun/static/Shared/jqueryui/images/ui-icons_ebccce_256x240.png HTTP/1.1" 404 1089
186.103.159.46 - - [15/Mar/2018:17:06:27 -0300] "POST /cormun/servlet/trsolicitudot?7e21d59f701ba5201d658d9b483fea38,gx-no-cache=1521143279017,gx-no-cache=1521144335533 HTTP/1.1" 200 4686
186.103.159.46 - - [15/Mar/2018:17:06:27 -0300] "GET /cormun/static/Shared/jqueryui/images/ui-bg_highlight-soft_100_c6c2c8_1x100.png HTTP/1.1" 404 1117
186.103.159.46 - - [15/Mar/2018:17:06:27 -0300] "GET /cormun/static/Shared/jqueryui/images/ui-icons_82798d_256x240.png HTTP/1.1" 404 1089
186.103.159.46 - - [15/Mar/2018:17:06:27 -0300] "GET /cormun/static/Shared/jqueryui/images/ui-bg_flat_55_fafafa_40x100.png HTTP/1.1" 404 1097
186.103.159.46 - - [15/Mar/2018:17:06:27 -0300] "GET /cormun/static/Shared/jqueryui/images/ui-icons_8d78a5_256x240.png HTTP/1.1" 404 1089
186.103.132.155 - - [15/Mar/2018:17:06:27 -0300] "POST /cormun/servlet/acontrolpreferencessavestate?None,CALCAINO,true HTTP/1.1" 200 35
186.103.159.46 - - [15/Mar/2018:17:06:27 -0300] "POST /cormun/servlet/trsolicitudot?7e21d59f701ba5201d658d9b483fea38,gx-no-cache=1521143279017,gx-no-cache=1521144335787 HTTP/1.1" 200 4455
200.120.230.197 - - [15/Mar/2018:17:06:28 -0300] "GET /cormun/servlet/solicitudot?e7f13d3a96d7b83cf13aeb2bc0d66776717cea4b9731474c5350705cb5caa03c,gx-no-cache=1521144344621 HTTP/1.1" 200 60
186.103.132.155 - - [15/Mar/2018:17:06:34 -0300] "POST /cormun/servlet/prfichaempleado?dc8a0f6c19bf7bb825e9085cc420be33,,MD,,gx-no-cache=1521144340182 HTTP/1.1" 200 6547
186.103.159.46 - - [15/Mar/2018:17:06:40 -0300] "GET /cormun/servlet/solicitudot?INS,0,0, HTTP/1.1" 200 13494
186.103.159.46 - - [15/Mar/2018:17:06:41 -0300] "GET /cormun/servlet/solicitudot?INS,0,0, HTTP/1.1" 200 13476
186.103.132.155 - - [15/Mar/2018:17:06:43 -0300] "POST /cormun/servlet/prfichaempleado?dc8a0f6c19bf7bb825e9085cc420be33,,MD,,gx-no-cache=1521144350942 HTTP/1.1" 200 6353
200.120.230.197 - - [15/Mar/2018:17:06:45 -0300] "POST /cormun/servlet/solicitudot?gx-no-cache=1521144362300 HTTP/1.1" 200 240
200.120.230.197 - - [15/Mar/2018:17:06:46 -0300] "GET /cormun/servlet/solicitudot?e7f13d3a96d7b83cf13aeb2bc0d66776c39fc2ec7dba7a321252f22dca1562acce606a608718a12eca486dcaac963e3752b7b47accd78fb672df6588f77426a19ff5d2aa6d15a4c2435706395b8a3374dccc3938ecb4267d8bf808f73cf312df94ab0d2f9673527166c8578f8425df3fa39027d588b5fea05ed00b126636f2f4c5001887d31cd906832fabd6c0b3bff90db6e29fd14b8cd4c1d9643450d7633c93d17a8ac93ae056c3a36fb6073cb651988ad5baf7dbb102ca8ec916ec8a3305d2a8d407d3a300865aee9c523b47fef2033186bfe7e76a2b582359810b18bfc62509b28057e24d44d8ad4b5740fdb2330f389bc1b8d6986662255f24fb568ba01456db7ff23611ac765c6b1713f1dccb6599ab24f7f3ad127471550908b711d7555e8db077c5d90dc05c5f06fca04593b26beea3d0fbd88dcfbb0548e2bfa2a4ba693b00645676f23ced8f5267d40f13a736b90d017268c5a947d8b3b2beb2a36a4e9ea349248000ea362ebfec173acff44c09b4e4f7f734939e48b862df6c17,gx-no-cache=1521144362413 HTTP/1.1" 200 30
200.120.230.197 - - [15/Mar/2018:17:06:52 -0300] "POST /cormun/servlet/solicitudot?gx-no-cache=1521144368939 HTTP/1.1" 200 30
186.103.159.46 - - [15/Mar/2018:17:06:53 -0300] "POST /cormun/servlet/solicitudot?gx-no-cache=1521144361516 HTTP/1.1" 200 3284
186.103.159.46 - - [15/Mar/2018:17:06:54 -0300] "POST /cormun/servlet/solicitudot?7e21d59f701ba5201d658d9b483fea38,INS,0,0,,gx-no-cache=1521144362162 HTTP/1.1" 200 10461
186.103.132.155 - - [15/Mar/2018:17:06:54 -0300] "POST /cormun/servlet/prfichaempleado?dc8a0f6c19bf7bb825e9085cc420be33,,MD,,gx-no-cache=1521144362679 HTTP/1.1" 200 3412
186.103.132.155 - - [15/Mar/2018:17:06:59 -0300] "GET /cormun/servlet/hlogin HTTP/1.1" 200 1715
200.120.230.197 - - [15/Mar/2018:17:07:07 -0300] "GET /cormun/servlet/prlicenciaspermisos?17503191,L,,MD,,gxPopupLevel%3D0%3B HTTP/1.1" 200 6426
200.120.230.197 - - [15/Mar/2018:17:07:07 -0300] "GET /cormun/static/gxcfg.js?20176272053834 HTTP/1.1" 200 953
200.120.230.197 - - [15/Mar/2018:17:07:11 -0300] "POST /cormun/servlet/solicitudot?gx-no-cache=1521144387792 HTTP/1.1" 200 1337
192.168.10.89 - - [15/Mar/2018:17:07:14 -0300] "GET /cormun/servlet/trsolicitudot? HTTP/1.1" 200 7383
186.103.159.46 - - [15/Mar/2018:17:07:15 -0300] "GET /cormun/servlet/trautorizarsolicitud? HTTP/1.1" 200 10036
186.103.159.46 - - [15/Mar/2018:17:07:17 -0300] "GET /cormun/servlet/trautorizarsolicitud? HTTP/1.1" 200 10036
200.120.230.197 - - [15/Mar/2018:17:07:18 -0300] "POST /cormun/servlet/solicitudot?gx-no-cache=1521144395086 HTTP/1.1" 200 41
200.72.197.82 - - [15/Mar/2018:17:07:25 -0300] "GET /cormun/servlet/hlogin HTTP/1.1" 200 1715
200.120.230.197 - - [15/Mar/2018:17:07:29 -0300] "GET /cormun/servlet/solicitudot?e7f13d3a96d7b83cf13aeb2bc0d66776fc3bbf5dfb1bb5bf1dcbf469e77797f108026515e9b5d21378278ec6b6f42fd8ddf775117d3562c72a3a5806a7aef07f8c80c260a642107167ba3d6788eea86cc98f453d52d091634b0aaccf5df7ddd75e475128772a47f234baaea8e599d045,gx-no-cache=1521144405696 HTTP/1.1" 200 29
200.120.230.197 - - [15/Mar/2018:17:07:29 -0300] "POST /cormun/servlet/solicitudot?gx-no-cache=1521144405788 HTTP/1.1" 200 1319
200.120.230.197 - - [15/Mar/2018:17:07:29 -0300] "POST /cormun/servlet/solicitudot?gx-no-cache=1521144405915 HTTP/1.1" 200 1218
200.120.230.197 - - [15/Mar/2018:17:07:29 -0300] "GET /cormun/static/menuarrow.gif HTTP/1.1" 404 1015
200.120.230.197 - - [15/Mar/2018:17:07:33 -0300] "POST /cormun/servlet/solicitudot?gx-no-cache=1521144410196 HTTP/1.1" 200 1319
200.120.230.197 - - [15/Mar/2018:17:07:33 -0300] "POST /cormun/servlet/solicitudot?gx-no-cache=1521144410334 HTTP/1.1" 200 1218
200.120.230.197 - - [15/Mar/2018:17:07:35 -0300] "GET /cormun/servlet/solicitudot?e7f13d3a96d7b83cf13aeb2bc0d667761c6ab20fa95bd962909276f34b439f07c378879e501ece2ee18e35022f2b5f98,gx-no-cache=1521144412337 HTTP/1.1" 200 30
200.120.230.197 - - [15/Mar/2018:17:07:36 -0300] "POST /cormun/servlet/solicitudot?gx-no-cache=1521144412433 HTTP/1.1" 200 34
200.72.197.82 - - [15/Mar/2018:17:07:37 -0300] "POST /cormun/servlet/hlogin?dc8a0f6c19bf7bb825e9085cc420be33,gx-no-cache=1521144405877 HTTP/1.1" 200 90
200.72.197.82 - - [15/Mar/2018:17:07:37 -0300] "GET /cormun/servlet/hpexe_link HTTP/1.1" 200 960
200.72.197.82 - - [15/Mar/2018:17:07:37 -0300] "GET /cormun/servlet/prfichaempleado?,MD, HTTP/1.1" 200 9357
200.72.197.82 - - [15/Mar/2018:17:07:46 -0300] "GET /cormun/servlet/hlogin HTTP/1.1" 200 1715
186.103.159.46 - - [15/Mar/2018:17:07:58 -0300] "POST /cormun/servlet/trautorizarsolicitud?7e21d59f701ba5201d658d9b483fea38,,gx-no-cache=1521144426649 HTTP/1.1" 200 6974
186.103.159.46 - - [15/Mar/2018:17:07:58 -0300] "GET /cormun/static/Shared/jqueryui/images/ui-bg_highlight-soft_100_c6c2c8_1x100.png HTTP/1.1" 404 1117
186.103.159.46 - - [15/Mar/2018:17:07:58 -0300] "GET /cormun/static/Shared/jqueryui/images/ui-icons_82798d_256x240.png HTTP/1.1" 404 1089
186.103.159.46 - - [15/Mar/2018:17:07:58 -0300] "GET /cormun/static/Shared/jqueryui/images/ui-bg_flat_55_fafafa_40x100.png HTTP/1.1" 404 1097
186.103.159.46 - - [15/Mar/2018:17:07:58 -0300] "GET /cormun/static/Shared/jqueryui/images/ui-icons_8d78a5_256x240.png HTTP/1.1" 404 1089
186.103.159.46 - - [15/Mar/2018:17:07:59 -0300] "POST /cormun/servlet/trautorizarsolicitud?7e21d59f701ba5201d658d9b483fea38,,gx-no-cache=1521144427157 HTTP/1.1" 200 6918
186.103.159.46 - - [15/Mar/2018:17:08:12 -0300] "POST /cormun/servlet/trautorizarsolicitud?7e21d59f701ba5201d658d9b483fea38,,gx-no-cache=1521144440089 HTTP/1.1" 200 6629
186.103.159.46 - - [15/Mar/2018:17:08:12 -0300] "POST /cormun/servlet/trautorizarsolicitud?7e21d59f701ba5201d658d9b483fea38,,gx-no-cache=1521144440418 HTTP/1.1" 200 6572
186.103.159.46 - - [15/Mar/2018:17:08:21 -0300] "POST /cormun/servlet/trautorizarsolicitud?7e21d59f701ba5201d658d9b483fea38,,gx-no-cache=1521144449289 HTTP/1.1" 200 6265
186.103.159.46 - - [15/Mar/2018:17:08:21 -0300] "POST /cormun/servlet/trautorizarsolicitud?7e21d59f701ba5201d658d9b483fea38,,gx-no-cache=1521144449587 HTTP/1.1" 200 6208
186.103.159.46 - - [15/Mar/2018:17:08:29 -0300] "POST /cormun/servlet/trautorizarsolicitud?7e21d59f701ba5201d658d9b483fea38,,gx-no-cache=1521144457863 HTTP/1.1" 200 5812
186.103.159.46 - - [15/Mar/2018:17:08:30 -0300] "POST /cormun/servlet/trautorizarsolicitud?7e21d59f701ba5201d658d9b483fea38,,gx-no-cache=1521144458135 HTTP/1.1" 200 5758
186.103.159.46 - - [15/Mar/2018:17:08:37 -0300] "POST /cormun/servlet/trautorizarsolicitud?7e21d59f701ba5201d658d9b483fea38,,gx-no-cache=1521144465735 HTTP/1.1" 200 4613
186.103.159.46 - - [15/Mar/2018:17:08:37 -0300] "POST /cormun/servlet/trautorizarsolicitud?7e21d59f701ba5201d658d9b483fea38,,gx-no-cache=1521144465966 HTTP/1.1" 200 4381
192.168.10.89 - - [15/Mar/2018:17:08:49 -0300] "GET /cormun/servlet/solicitudot?INS,0,0, HTTP/1.1" 200 13616
186.79.231.211 - - [15/Mar/2018:17:08:57 -0300] "GET /cormun/servlet/solicitudot?e7f13d3a96d7b83cf13aeb2bc0d66776fcd4aa81e74cf940df0e2e24e5a64ce0295ffd72b20056ab85eb041c8e7e8a7d171a77d29eb6874a6facfa5a8335c465,gx-no-cache=1521144494146 HTTP/1.1" 200 30
186.79.231.211 - - [15/Mar/2018:17:08:58 -0300] "POST /cormun/servlet/solicitudot?gx-no-cache=1521144494506 HTTP/1.1" 200 238
186.79.231.211 - - [15/Mar/2018:17:08:58 -0300] "GET /cormun/servlet/solicitudot?e7f13d3a96d7b83cf13aeb2bc0d66776c39fc2ec7dba7a321252f22dca1562acce606a608718a12eca486dcaac963e3752b7b47accd78fb672df6588f77426a19ff5d2aa6d15a4c2435706395b8a3374dccc3938ecb4267d8bf808f73cf312df94ab0d2f9673527166c8578f8425df3fa39027d588b5fea05ed00b126636f2f4c5001887d31cd906832fabd6c0b3bff90db6e29fd14b8cd4c1d9643450d7633c93d17a8ac93ae056c3a36fb6073cb651988ad5baf7dbb102ca8ec916ec8a3305d2a8d407d3a300865aee9c523b47fef2033186bfe7e76a2b582359810b18bfc62509b28057e24d44d8ad4b5740fdb2330f389bc1b8d6986662255f24fb568ba01456db7ff23611ac765c6b1713f1dccb6599ab24f7f3ad127471550908b711d7555e8db077c5d90dc05c5f06fca04593b26beea3d0fbd88dcfbb0548e2bfa2a4ba693b00645676f23ced8f5267d40f13a736b90d017268c5a947d8b3b2beb2a36a4e9ea349248000ea362ebfec173acf7d6ea7895ee1e735c6d3cb2f0a759350,gx-no-cache=1521144494699 HTTP/1.1" 200 30
186.79.231.211 - - [15/Mar/2018:17:08:58 -0300] "POST /cormun/servlet/solicitudot?gx-no-cache=1521144494880 HTTP/1.1" 200 30
192.168.10.89 - - [15/Mar/2018:17:08:58 -0300] "GET /cormun/servlet/prfichaempleado?,MD,,gxPopupLevel%3D0%3B HTTP/1.1" 200 9319
186.79.231.211 - - [15/Mar/2018:17:08:58 -0300] "POST /cormun/servlet/solicitudot?gx-no-cache=1521144495072 HTTP/1.1" 200 1337
186.79.231.211 - - [15/Mar/2018:17:08:59 -0300] "POST /cormun/servlet/solicitudot?gx-no-cache=1521144495497 HTTP/1.1" 200 41
186.79.231.211 - - [15/Mar/2018:17:08:59 -0300] "POST /cormun/servlet/solicitudot?gx-no-cache=1521144495734 HTTP/1.1" 200 1319
186.79.231.211 - - [15/Mar/2018:17:08:59 -0300] "POST /cormun/servlet/solicitudot?gx-no-cache=1521144495951 HTTP/1.1" 200 1218
186.79.231.211 - - [15/Mar/2018:17:08:59 -0300] "GET /cormun/servlet/solicitudot?e7f13d3a96d7b83cf13aeb2bc0d667761c6ab20fa95bd962909276f34b439f07c378879e501ece2ee18e35022f2b5f98,gx-no-cache=1521144496144 HTTP/1.1" 200 30
186.79.231.211 - - [15/Mar/2018:17:08:59 -0300] "POST /cormun/servlet/solicitudot?gx-no-cache=1521144496267 HTTP/1.1" 200 34
186.79.231.211 - - [15/Mar/2018:17:09:00 -0300] "POST /cormun/servlet/solicitudot?86af10dc957fe91b3e12d65c6791e1b1,INS,0,0,,gx-no-cache=1521144496442 HTTP/1.1" 200 93
186.79.231.211 - - [15/Mar/2018:17:09:00 -0300] "GET /cormun/servlet/hpexe_return? HTTP/1.1" 200 1008
186.79.231.211 - - [15/Mar/2018:17:09:01 -0300] "GET /cormun/servlet/trsolicitudot HTTP/1.1" 200 9430
186.79.231.211 - - [15/Mar/2018:17:09:02 -0300] "GET /cormun/servlet/trsolicitudot HTTP/1.1" 200 9426
192.168.10.89 - - [15/Mar/2018:17:09:04 -0300] "POST /cormun/servlet/prfichaempleado?3d029ccfcb6a8618f3fa0069a0c193d6,,MD,,gxPopupLevel%3D0%3B,gx-no-cache=1521144380027 HTTP/1.1" 200 3576
186.103.159.46 - - [15/Mar/2018:17:09:07 -0300] "POST /cormun/servlet/solicitudot?gx-no-cache=1521144495276 HTTP/1.1" 200 3387
186.103.159.46 - - [15/Mar/2018:17:09:07 -0300] "POST /cormun/servlet/solicitudot?7e21d59f701ba5201d658d9b483fea38,INS,0,0,,gx-no-cache=1521144495515 HTTP/1.1" 200 10622
192.168.10.89 - - [15/Mar/2018:17:09:08 -0300] "POST /cormun/servlet/solicitudot?gx-no-cache=1521144384422 HTTP/1.1" 200 3396
192.168.10.89 - - [15/Mar/2018:17:09:09 -0300] "POST /cormun/servlet/solicitudot?3d029ccfcb6a8618f3fa0069a0c193d6,INS,0,0,,gx-no-cache=1521144384644 HTTP/1.1" 200 10567
186.79.231.211 - - [15/Mar/2018:17:09:09 -0300] "GET /cormun/servlet/vesolicitudot?2018,10540,, HTTP/1.1" 200 8593
186.79.231.211 - - [15/Mar/2018:17:09:09 -0300] "GET /cormun/pexe_scrolldiv.js HTTP/1.1" 404 1009
186.79.231.211 - - [15/Mar/2018:17:09:10 -0300] "GET /cormun/servlet/vesolicitudot?2018,10540,, HTTP/1.1" 200 8593
186.103.159.46 - - [15/Mar/2018:17:09:14 -0300] "GET /cormun/servlet/solicitudot?f567940cf190d7a18cf2d7d2cc37cc940f794eeddb8798b6d9144983732fab2116601f42b66ceda0caef294784a94097,gx-no-cache=1521144502816 HTTP/1.1" 200 30
186.103.159.46 - - [15/Mar/2018:17:09:14 -0300] "GET /cormun/servlet/solicitudot?f567940cf190d7a18cf2d7d2cc37cc940bd6942d326e19cc7323029fe3c84b4d,gx-no-cache=1521144502917 HTTP/1.1" 200 103
186.103.159.46 - - [15/Mar/2018:17:09:14 -0300] "GET /cormun/static/Shared/jqueryui/images/ui-bg_highlight-soft_100_c6c2c8_1x100.png HTTP/1.1" 404 1117
186.103.159.46 - - [15/Mar/2018:17:09:14 -0300] "GET /cormun/static/Shared/jqueryui/images/ui-icons_82798d_256x240.png HTTP/1.1" 404 1089
186.103.159.46 - - [15/Mar/2018:17:09:14 -0300] "GET /cormun/static/Shared/jqueryui/images/ui-bg_flat_55_994d53_40x100.png HTTP/1.1" 404 1097
186.103.159.46 - - [15/Mar/2018:17:09:14 -0300] "GET /cormun/servlet/solicitudot?f567940cf190d7a18cf2d7d2cc37cc941875695b03717ce324311f425d20e3bf,gx-no-cache=1521144503026 HTTP/1.1" 200 51
186.103.159.46 - - [15/Mar/2018:17:09:14 -0300] "GET /cormun/static/Shared/jqueryui/images/ui-icons_ebccce_256x240.png HTTP/1.1" 404 1089
186.103.159.46 - - [15/Mar/2018:17:09:15 -0300] "POST /cormun/servlet/solicitudot?gx-no-cache=1521144503149 HTTP/1.1" 200 255
186.103.159.46 - - [15/Mar/2018:17:09:15 -0300] "GET /cormun/servlet/solicitudot?f567940cf190d7a18cf2d7d2cc37cc94912b1d1fcb103ea1de3b8c150bf4c25f649efaf072480cc264c8acbb81ec1dfc1e34e4fae701bef87859e7751d5cc6e5d8f8608b53ba2f17b21dcf519f119477f173213c5137a6289ac6189a315ea250c81b4f2cfa6273ac3449e03ae4bf3a2165877d3c5b573d6c968c20b18dabb96e1534c110931ba10bf3dd75dc0f50671d0c88bdea8e8927c60a2cc7a79f3597ad2ac8d6a40b36349f7860287be0f26b21e1b910f8a261803fbe74090f0f9d6ea16ab3270ab46897f4786e620e7385b9788b426db74b42adaa7e728567dffeae36b0048220d08413ee7f2bdef79f11ab147841b097e8d652a2b5f5aedbed5664dfa5fcf733cf1113993ab35d5b8581ca9e62e3b05a01a03ae8239714c05b7d5acbf3f3a580e155a627291505a124c465974e2f15fbea3ccff6608d061de431e8b48ec8dcd01eb148f2f71ff3f487aa3f825599c4a1d588d2cc42394c18a5ad94784d65720bab6882670404904d789c078be83fa6d57134b633dfe93b8c27115abd,gx-no-cache=1521144503247 HTTP/1.1" 200 30
186.103.159.46 - - [15/Mar/2018:17:09:17 -0300] "POST /cormun/servlet/solicitudot?gx-no-cache=1521144505453 HTTP/1.1" 200 30
192.168.10.89 - - [15/Mar/2018:17:09:19 -0300] "GET /cormun/servlet/solicitudot?ee8f9a129fb959eaefc2d6a73749c9fa4a4c60f5ebede3f55359dd4b4f36c9485f327bb4e38100c646c2b68f5caa4647,gx-no-cache=1521144395105 HTTP/1.1" 200 30
192.168.10.89 - - [15/Mar/2018:17:09:19 -0300] "GET /cormun/servlet/solicitudot?ee8f9a129fb959eaefc2d6a73749c9faf9c504254528e0dac4b0d604c97559defdd3614139bb7264669bb34ed1b47ae8a6087b931e7c8995a0c72cd8332da7cc,gx-no-cache=1521144395146 HTTP/1.1" 200 30
192.168.10.89 - - [15/Mar/2018:17:09:19 -0300] "GET /cormun/servlet/solicitudot?ee8f9a129fb959eaefc2d6a73749c9fad3f500b53ce62e3ee8de7a15d3ed17d0,gx-no-cache=1521144395167 HTTP/1.1" 200 53
192.168.10.89 - - [15/Mar/2018:17:09:19 -0300] "POST /cormun/servlet/solicitudot?gx-no-cache=1521144395198 HTTP/1.1" 200 255
192.168.10.89 - - [15/Mar/2018:17:09:19 -0300] "GET /cormun/servlet/solicitudot?ee8f9a129fb959eaefc2d6a73749c9fa184e7d8f6a44a12856370d41e8c4f8337385abe372d97c7a775fafe4c2a0fbdd305af9d5a4f954d4ab6eeafec3f6754956b2404da1d8d413adfa9b3be829f0101bb4586f3372200e42e2c37250e08e68d2235ef4cf4ec47b528550c3ecd14240983dd5f530191f845d03ce68a362a56eb1867aeb61942568f6311588c8a0d1b12ae6df60aace6eebe96b4be64185fa45e96c45ce57db32f358c5a86161b9bfe11354d94555b31f0b9a8151232b1bd4bd0ca6da943c656ff82a5daaeb54d8f8072d293d946b2c06967d4268335331c76ce60f89ac2f9edf77c1e4a8038feeb61e0a25d1c7f8a8ac070d3867b51cbdf9f25788c00ff41627183a8e072bdf883892da7dd8eca202b80d38f9bcd1fb928b2eee4b42df89761bb67ee90e056264cdd5125901f069385b26045598cdb655c2d6d7483d782bf71286ce4e1e9ae14f69c0be3893b6851ddc3df21255e21ec57febb98f4afc5b11596d9d587cfbfe4e310b38de35820059d0a6900bdaf5b4923306,gx-no-cache=1521144395224 HTTP/1.1" 200 30
186.103.159.46 - - [15/Mar/2018:17:09:23 -0300] "GET /cormun/servlet/prcontratosol?10940177,,,,,MD,,gxPopupLevel%3D0%3B HTTP/1.1" 200 7494
192.168.10.89 - - [15/Mar/2018:17:09:26 -0300] "POST /cormun/servlet/solicitudot?gx-no-cache=1521144402005 HTTP/1.1" 200 30
192.168.10.89 - - [15/Mar/2018:17:09:28 -0300] "GET /cormun/servlet/prcontratosol?18042371,,,,,MD,,gxPopupLevel%3D0%3B HTTP/1.1" 200 7655
192.168.10.89 - - [15/Mar/2018:17:09:34 -0300] "POST /cormun/servlet/solicitudot?gx-no-cache=1521144409735 HTTP/1.1" 200 1337
192.168.10.89 - - [15/Mar/2018:17:09:34 -0300] "POST /cormun/servlet/solicitudot?gx-no-cache=1521144409896 HTTP/1.1" 200 38
192.168.10.89 - - [15/Mar/2018:17:09:34 -0300] "GET /cormun/servlet/solicitudot?ee8f9a129fb959eaefc2d6a73749c9fac60c11271e15bfcc2fe48088a97022c3e00b5cc5cdf577bde02e1940539b0b5d9db2fc17cf26d7407a902be24f4d5f4d2a6891551156a2543a3d0dae1b0c514e1fefbd90faaa3886e16ea70692bc7e1f470dc10ac0ccf34b1b855253bebf35b1ccf857f05280ccf4c09d0251b13840e72286673ccae5c1aefb00747f7eabcd2f4b8ab4c78a6c1fe8bcd2aa26ae9af4ba,gx-no-cache=1521144409921 HTTP/1.1" 200 29
192.168.10.89 - - [15/Mar/2018:17:09:34 -0300] "POST /cormun/servlet/solicitudot?gx-no-cache=1521144409948 HTTP/1.1" 200 1318
192.168.10.89 - - [15/Mar/2018:17:09:34 -0300] "POST /cormun/servlet/solicitudot?gx-no-cache=1521144409999 HTTP/1.1" 200 1218
192.168.10.89 - - [15/Mar/2018:17:09:34 -0300] "GET /cormun/servlet/solicitudot?ee8f9a129fb959eaefc2d6a73749c9fad8bdb40061cc675bfdbb8cfeadf04a32,gx-no-cache=1521144410040 HTTP/1.1" 200 30
192.168.10.89 - - [15/Mar/2018:17:09:35 -0300] "GET /cormun/servlet/prsolicitudot?18042371,,,,,MD,,gxPopupLevel%3D0%3B HTTP/1.1" 200 6227
186.79.231.211 - - [15/Mar/2018:17:09:43 -0300] "POST /cormun/servlet/vesolicitudot?86af10dc957fe91b3e12d65c6791e1b1,2018,10540,,,gx-no-cache=1521144539124 HTTP/1.1" 200 90
192.168.10.89 - - [15/Mar/2018:17:09:43 -0300] "GET /cormun/servlet/prcontratosol?18042371,,,,,MD,,gxPopupLevel%3D0%3B HTTP/1.1" 200 7655
186.79.231.211 - - [15/Mar/2018:17:09:43 -0300] "GET /cormun/servlet/hpexe_link HTTP/1.1" 200 968
186.79.231.211 - - [15/Mar/2018:17:09:44 -0300] "GET /cormun/servlet/trsolicitudot HTTP/1.1" 200 9427
186.79.231.211 - - [15/Mar/2018:17:09:45 -0300] "GET /cormun/servlet/trsolicitudot HTTP/1.1" 200 9426
186.79.231.211 - - [15/Mar/2018:17:09:48 -0300] "POST /cormun/servlet/trsolicitudot?86af10dc957fe91b3e12d65c6791e1b1,gx-no-cache=1521144544508 HTTP/1.1" 200 107
186.79.231.211 - - [15/Mar/2018:17:09:48 -0300] "GET /cormun/servlet/trsolicitudadjuntos?2018,10540, HTTP/1.1" 200 6328
186.79.231.211 - - [15/Mar/2018:17:09:48 -0300] "GET /cormun/static/gxcfg.js?20177612135366 HTTP/1.1" 200 953
186.79.231.211 - - [15/Mar/2018:17:09:49 -0300] "GET /cormun/servlet/trsolicitudadjuntos?2018,10540, HTTP/1.1" 200 6328
186.79.231.211 - - [15/Mar/2018:17:09:52 -0300] "GET /cormun/servlet/solicitudotadjuntos?INS,2018,10540,,1, HTTP/1.1" 200 6273
186.79.231.211 - - [15/Mar/2018:17:09:53 -0300] "GET /cormun/static/about:blank HTTP/1.1" 404 1011
186.79.231.211 - - [15/Mar/2018:17:09:53 -0300] "GET /cormun/servlet/solicitudotadjuntos?INS,2018,10540,,1, HTTP/1.1" 200 6267
186.79.231.211 - - [15/Mar/2018:17:09:53 -0300] "GET /cormun/servlet/solicitudotadjuntos?e7f13d3a96d7b83cf13aeb2bc0d6677669ff20ed9c1a5e9b6dc7f63f0b31783d538be47306d313bd31c45a0ba5bd0f13,gx-no-cache=1521144550371 HTTP/1.1" 200 30
186.79.231.211 - - [15/Mar/2018:17:09:54 -0300] "POST /cormun/servlet/solicitudotadjuntos?86af10dc957fe91b3e12d65c6791e1b1,INS,2018,10540,,1,,gx-no-cache=1521144550472 HTTP/1.1" 200 3990
192.168.10.89 - - [15/Mar/2018:17:09:55 -0300] "GET /cormun/servlet/prsolicitudot?18042371,,,,,MD,,gxPopupLevel%3D0%3B HTTP/1.1" 200 6227
186.79.231.211 - - [15/Mar/2018:17:09:56 -0300] "POST /cormun/servlet/solicitudotadjuntos?gx-no-cache=1521144552456 HTTP/1.1" 200 26
192.168.10.89 - - [15/Mar/2018:17:10:05 -0300] "POST /cormun/servlet/solicitudot?gx-no-cache=1521144441147 HTTP/1.1" 200 1337
192.168.10.89 - - [15/Mar/2018:17:10:05 -0300] "POST /cormun/servlet/solicitudot?gx-no-cache=1521144441197 HTTP/1.1" 200 38
192.168.10.89 - - [15/Mar/2018:17:10:05 -0300] "POST /cormun/servlet/solicitudot?gx-no-cache=1521144441224 HTTP/1.1" 200 1318
192.168.10.89 - - [15/Mar/2018:17:10:05 -0300] "POST /cormun/servlet/solicitudot?gx-no-cache=1521144441271 HTTP/1.1" 200 1218
192.168.10.89 - - [15/Mar/2018:17:10:05 -0300] "GET /cormun/servlet/solicitudot?ee8f9a129fb959eaefc2d6a73749c9faf3da43480e0db05a233aa2695c04babcb0c0a044512ab5393f663f92075fb302,gx-no-cache=1521144441309 HTTP/1.1" 200 30
186.79.231.211 - - [15/Mar/2018:17:10:11 -0300] "GET /cormun/servlet/solicitudotadjuntos?e7f13d3a96d7b83cf13aeb2bc0d667762ff956ccde219dc9f4f809498c674dbf,gx-no-cache=1521144568037 HTTP/1.1" 200 30
186.79.231.211 - - [15/Mar/2018:17:10:11 -0300] "GET /cormun/servlet/solicitudotadjuntos?e7f13d3a96d7b83cf13aeb2bc0d667762ff956ccde219dc9f4f809498c674dbf,gx-no-cache=1521144568161 HTTP/1.1" 200 30
186.79.231.211 - - [15/Mar/2018:17:10:15 -0300] "POST /cormun/servlet/solicitudotadjuntos?86af10dc957fe91b3e12d65c6791e1b1,INS,2018,10540,,1, HTTP/1.1" 200 116
186.79.231.211 - - [15/Mar/2018:17:10:15 -0300] "GET /cormun/servlet/hpexe_return? HTTP/1.1" 200 1028
186.79.231.211 - - [15/Mar/2018:17:10:16 -0300] "GET /cormun/servlet/trsolicitudadjuntos?2018,10540, HTTP/1.1" 200 8777
186.79.231.211 - - [15/Mar/2018:17:10:17 -0300] "GET /cormun/servlet/trsolicitudadjuntos?2018,10540, HTTP/1.1" 200 8775
200.120.230.197 - - [15/Mar/2018:17:10:19 -0300] "GET /cormun/servlet/solicitudotadjuntos?INS,2018,10540,,1, HTTP/1.1" 200 6273
200.120.230.197 - - [15/Mar/2018:17:10:20 -0300] "GET /cormun/static/about:blank HTTP/1.1" 404 1011
200.120.230.197 - - [15/Mar/2018:17:10:20 -0300] "GET /cormun/servlet/solicitudotadjuntos?INS,2018,10540,,1, HTTP/1.1" 200 6267
200.120.230.197 - - [15/Mar/2018:17:10:21 -0300] "GET /cormun/servlet/solicitudotadjuntos?e7f13d3a96d7b83cf13aeb2bc0d6677669ff20ed9c1a5e9b6dc7f63f0b31783d538be47306d313bd31c45a0ba5bd0f13,gx-no-cache=1521144577838 HTTP/1.1" 200 30
200.120.230.197 - - [15/Mar/2018:17:10:21 -0300] "POST /cormun/servlet/solicitudotadjuntos?86af10dc957fe91b3e12d65c6791e1b1,INS,2018,10540,,1,,gx-no-cache=1521144577926 HTTP/1.1" 200 3990
200.120.230.197 - - [15/Mar/2018:17:10:24 -0300] "POST /cormun/servlet/solicitudotadjuntos?gx-no-cache=1521144580578 HTTP/1.1" 200 26
192.168.10.89 - - [15/Mar/2018:17:10:24 -0300] "GET /cormun/servlet/solicitudot?ee8f9a129fb959eaefc2d6a73749c9fac60c11271e15bfcc2fe48088a97022c3e00b5cc5cdf577bde02e1940539b0b5d9db2fc17cf26d7407a902be24f4d5f4d2a6891551156a2543a3d0dae1b0c514e1fefbd90faaa3886e16ea70692bc7e1f470dc10ac0ccf34b1b855253bebf35b1ccf857f05280ccf4c09d0251b13840e72286673ccae5c1aefb00747f7eabcd2f4b8ab4c78a6c1fe8bcd2aa26ae9af4ba,gx-no-cache=1521144460366 HTTP/1.1" 200 29
192.168.10.89 - - [15/Mar/2018:17:10:24 -0300] "POST /cormun/servlet/solicitudot?gx-no-cache=1521144460403 HTTP/1.1" 200 1319
192.168.10.89 - - [15/Mar/2018:17:10:24 -0300] "POST /cormun/servlet/solicitudot?gx-no-cache=1521144460450 HTTP/1.1" 200 1218
200.120.230.197 - - [15/Mar/2018:17:10:29 -0300] "GET /cormun/servlet/solicitudotadjuntos?e7f13d3a96d7b83cf13aeb2bc0d667762ff956ccde219dc9f4f809498c674dbf,gx-no-cache=1521144585596 HTTP/1.1" 200 30
200.120.230.197 - - [15/Mar/2018:17:10:29 -0300] "GET /cormun/servlet/solicitudotadjuntos?e7f13d3a96d7b83cf13aeb2bc0d667762ff956ccde219dc9f4f809498c674dbf,gx-no-cache=1521144585643 HTTP/1.1" 200 30
200.120.230.197 - - [15/Mar/2018:17:10:30 -0300] "POST /cormun/servlet/solicitudotadjuntos?86af10dc957fe91b3e12d65c6791e1b1,INS,2018,10540,,1, HTTP/1.1" 200 116
200.120.230.197 - - [15/Mar/2018:17:10:30 -0300] "GET /cormun/servlet/hpexe_return? HTTP/1.1" 200 1028
200.120.230.197 - - [15/Mar/2018:17:10:31 -0300] "GET /cormun/servlet/trsolicitudadjuntos?2018,10540, HTTP/1.1" 200 8993
200.120.230.197 - - [15/Mar/2018:17:10:32 -0300] "GET /cormun/servlet/trsolicitudadjuntos?2018,10540, HTTP/1.1" 200 8990
200.120.230.197 - - [15/Mar/2018:17:10:34 -0300] "GET /cormun/servlet/solicitudotadjuntos?INS,2018,10540,,1, HTTP/1.1" 200 6273
200.120.230.197 - - [15/Mar/2018:17:10:35 -0300] "GET /cormun/static/about:blank HTTP/1.1" 404 1011
200.120.230.197 - - [15/Mar/2018:17:10:35 -0300] "GET /cormun/servlet/solicitudotadjuntos?INS,2018,10540,,1, HTTP/1.1" 200 6267
200.120.230.197 - - [15/Mar/2018:17:10:36 -0300] "GET /cormun/servlet/solicitudotadjuntos?e7f13d3a96d7b83cf13aeb2bc0d6677669ff20ed9c1a5e9b6dc7f63f0b31783d538be47306d313bd31c45a0ba5bd0f13,gx-no-cache=1521144592765 HTTP/1.1" 200 30
200.120.230.197 - - [15/Mar/2018:17:10:36 -0300] "POST /cormun/servlet/solicitudotadjuntos?86af10dc957fe91b3e12d65c6791e1b1,INS,2018,10540,,1,,gx-no-cache=1521144592827 HTTP/1.1" 200 3990
200.120.230.197 - - [15/Mar/2018:17:10:39 -0300] "POST /cormun/servlet/solicitudotadjuntos?gx-no-cache=1521144595514 HTTP/1.1" 200 26
200.120.230.197 - - [15/Mar/2018:17:10:44 -0300] "GET /cormun/servlet/solicitudotadjuntos?e7f13d3a96d7b83cf13aeb2bc0d667762ff956ccde219dc9f4f809498c674dbf,gx-no-cache=1521144600989 HTTP/1.1" 200 30
200.120.230.197 - - [15/Mar/2018:17:10:44 -0300] "GET /cormun/servlet/solicitudotadjuntos?e7f13d3a96d7b83cf13aeb2bc0d667762ff956ccde219dc9f4f809498c674dbf,gx-no-cache=1521144601039 HTTP/1.1" 200 30
200.120.230.197 - - [15/Mar/2018:17:10:45 -0300] "POST /cormun/servlet/solicitudotadjuntos?86af10dc957fe91b3e12d65c6791e1b1,INS,2018,10540,,1, HTTP/1.1" 200 116
200.120.230.197 - - [15/Mar/2018:17:10:45 -0300] "GET /cormun/servlet/hpexe_return? HTTP/1.1" 200 1028
200.120.230.197 - - [15/Mar/2018:17:10:45 -0300] "GET /cormun/servlet/trsolicitudadjuntos?2018,10540, HTTP/1.1" 200 9157
200.120.230.197 - - [15/Mar/2018:17:10:47 -0300] "GET /cormun/servlet/trsolicitudadjuntos?2018,10540, HTTP/1.1" 200 9156
200.120.230.197 - - [15/Mar/2018:17:10:49 -0300] "GET /cormun/servlet/solicitudotadjuntos?INS,2018,10540,,1, HTTP/1.1" 200 6273
200.120.230.197 - - [15/Mar/2018:17:10:50 -0300] "GET /cormun/static/about:blank HTTP/1.1" 404 1011
200.120.230.197 - - [15/Mar/2018:17:10:50 -0300] "GET /cormun/servlet/solicitudotadjuntos?INS,2018,10540,,1, HTTP/1.1" 200 6266
200.120.230.197 - - [15/Mar/2018:17:10:50 -0300] "GET /cormun/servlet/solicitudotadjuntos?e7f13d3a96d7b83cf13aeb2bc0d6677669ff20ed9c1a5e9b6dc7f63f0b31783d538be47306d313bd31c45a0ba5bd0f13,gx-no-cache=1521144606969 HTTP/1.1" 200 30
200.120.230.197 - - [15/Mar/2018:17:10:50 -0300] "POST /cormun/servlet/solicitudotadjuntos?86af10dc957fe91b3e12d65c6791e1b1,INS,2018,10540,,1,,gx-no-cache=1521144607028 HTTP/1.1" 200 3990
200.120.230.197 - - [15/Mar/2018:17:11:02 -0300] "POST /cormun/servlet/solicitudotadjuntos?gx-no-cache=1521144618675 HTTP/1.1" 200 26
200.120.230.197 - - [15/Mar/2018:17:11:12 -0300] "GET /cormun/servlet/solicitudotadjuntos?e7f13d3a96d7b83cf13aeb2bc0d667762ff956ccde219dc9f4f809498c674dbf,gx-no-cache=1521144628573 HTTP/1.1" 200 30
200.120.230.197 - - [15/Mar/2018:17:11:12 -0300] "GET /cormun/servlet/solicitudotadjuntos?e7f13d3a96d7b83cf13aeb2bc0d667762ff956ccde219dc9f4f809498c674dbf,gx-no-cache=1521144628650 HTTP/1.1" 200 30
200.120.230.197 - - [15/Mar/2018:17:11:12 -0300] "POST /cormun/servlet/solicitudotadjuntos?86af10dc957fe91b3e12d65c6791e1b1,INS,2018,10540,,1, HTTP/1.1" 200 116
200.120.230.197 - - [15/Mar/2018:17:11:12 -0300] "GET /cormun/servlet/hpexe_return? HTTP/1.1" 200 1028
200.120.230.197 - - [15/Mar/2018:17:11:13 -0300] "GET /cormun/servlet/trsolicitudadjuntos?2018,10540, HTTP/1.1" 200 9392
200.120.230.197 - - [15/Mar/2018:17:11:14 -0300] "GET /cormun/servlet/trsolicitudadjuntos?2018,10540, HTTP/1.1" 200 9387
200.120.230.197 - - [15/Mar/2018:17:11:18 -0300] "GET /cormun/servlet/solicitudotadjuntos?INS,2018,10540,,1, HTTP/1.1" 200 6273
200.120.230.197 - - [15/Mar/2018:17:11:18 -0300] "GET /cormun/static/about:blank HTTP/1.1" 404 1011
200.120.230.197 - - [15/Mar/2018:17:11:19 -0300] "GET /cormun/servlet/solicitudotadjuntos?INS,2018,10540,,1, HTTP/1.1" 200 6266
200.120.230.197 - - [15/Mar/2018:17:11:19 -0300] "GET /cormun/servlet/solicitudotadjuntos?e7f13d3a96d7b83cf13aeb2bc0d6677669ff20ed9c1a5e9b6dc7f63f0b31783d538be47306d313bd31c45a0ba5bd0f13,gx-no-cache=1521144636032 HTTP/1.1" 200 30
200.120.230.197 - - [15/Mar/2018:17:11:19 -0300] "POST /cormun/servlet/solicitudotadjuntos?86af10dc957fe91b3e12d65c6791e1b1,INS,2018,10540,,1,,gx-no-cache=1521144636100 HTTP/1.1" 200 3990
200.120.230.197 - - [15/Mar/2018:17:11:22 -0300] "POST /cormun/servlet/solicitudotadjuntos?gx-no-cache=1521144638529 HTTP/1.1" 200 26
200.120.230.197 - - [15/Mar/2018:17:11:27 -0300] "GET /cormun/servlet/solicitudotadjuntos?e7f13d3a96d7b83cf13aeb2bc0d667762ff956ccde219dc9f4f809498c674dbf,gx-no-cache=1521144644228 HTTP/1.1" 200 30
200.120.230.197 - - [15/Mar/2018:17:11:27 -0300] "GET /cormun/servlet/solicitudotadjuntos?e7f13d3a96d7b83cf13aeb2bc0d667762ff956ccde219dc9f4f809498c674dbf,gx-no-cache=1521144644322 HTTP/1.1" 200 30
200.120.230.197 - - [15/Mar/2018:17:11:29 -0300] "POST /cormun/servlet/solicitudotadjuntos?86af10dc957fe91b3e12d65c6791e1b1,INS,2018,10540,,1, HTTP/1.1" 200 116
200.120.230.197 - - [15/Mar/2018:17:11:29 -0300] "GET /cormun/servlet/hpexe_return? HTTP/1.1" 200 1028
200.120.230.197 - - [15/Mar/2018:17:11:30 -0300] "GET /cormun/servlet/trsolicitudadjuntos?2018,10540, HTTP/1.1" 200 9591
192.168.10.89 - - [15/Mar/2018:17:11:30 -0300] "GET /cormun/servlet/solicitudot?ee8f9a129fb959eaefc2d6a73749c9faf3da43480e0db05a233aa2695c04babcb0c0a044512ab5393f663f92075fb302,gx-no-cache=1521144526367 HTTP/1.1" 200 30
192.168.10.89 - - [15/Mar/2018:17:11:31 -0300] "POST /cormun/servlet/solicitudot?gx-no-cache=1521144527078 HTTP/1.1" 200 33
200.120.230.197 - - [15/Mar/2018:17:11:31 -0300] "GET /cormun/servlet/trsolicitudadjuntos?2018,10540, HTTP/1.1" 200 9591
200.120.230.197 - - [15/Mar/2018:17:11:33 -0300] "GET /cormun/servlet/solicitudotadjuntos?INS,2018,10540,,1, HTTP/1.1" 200 6273
200.120.230.197 - - [15/Mar/2018:17:11:33 -0300] "GET /cormun/static/about:blank HTTP/1.1" 404 1011
200.120.230.197 - - [15/Mar/2018:17:11:34 -0300] "GET /cormun/servlet/solicitudotadjuntos?INS,2018,10540,,1, HTTP/1.1" 200 6266
200.120.230.197 - - [15/Mar/2018:17:11:35 -0300] "GET /cormun/servlet/solicitudotadjuntos?e7f13d3a96d7b83cf13aeb2bc0d6677669ff20ed9c1a5e9b6dc7f63f0b31783d538be47306d313bd31c45a0ba5bd0f13,gx-no-cache=1521144651428 HTTP/1.1" 200 30
200.120.230.197 - - [15/Mar/2018:17:11:35 -0300] "POST /cormun/servlet/solicitudotadjuntos?86af10dc957fe91b3e12d65c6791e1b1,INS,2018,10540,,1,,gx-no-cache=1521144651532 HTTP/1.1" 200 3990
200.120.230.197 - - [15/Mar/2018:17:11:37 -0300] "POST /cormun/servlet/solicitudotadjuntos?gx-no-cache=1521144653914 HTTP/1.1" 200 26
200.120.230.197 - - [15/Mar/2018:17:11:42 -0300] "GET /cormun/servlet/solicitudotadjuntos?e7f13d3a96d7b83cf13aeb2bc0d667762ff956ccde219dc9f4f809498c674dbf,gx-no-cache=1521144658913 HTTP/1.1" 200 30
200.120.230.197 - - [15/Mar/2018:17:11:42 -0300] "GET /cormun/servlet/solicitudotadjuntos?e7f13d3a96d7b83cf13aeb2bc0d667762ff956ccde219dc9f4f809498c674dbf,gx-no-cache=1521144658959 HTTP/1.1" 200 30
200.120.230.197 - - [15/Mar/2018:17:11:43 -0300] "POST /cormun/servlet/solicitudotadjuntos?86af10dc957fe91b3e12d65c6791e1b1,INS,2018,10540,,1, HTTP/1.1" 200 116
200.120.230.197 - - [15/Mar/2018:17:11:43 -0300] "GET /cormun/servlet/hpexe_return? HTTP/1.1" 200 1028
200.120.230.197 - - [15/Mar/2018:17:11:44 -0300] "GET /cormun/servlet/trsolicitudadjuntos?2018,10540, HTTP/1.1" 200 9845
192.168.10.89 - - [15/Mar/2018:17:11:45 -0300] "GET /cormun/servlet/solicitudot?ee8f9a129fb959eaefc2d6a73749c9fa3532d31c4f077cc4f09c0b2eb8a6f9932101ab5c9ee48d3bc1ccc2ce8a729d01,gx-no-cache=1521144541413 HTTP/1.1" 200 30
200.120.230.197 - - [15/Mar/2018:17:11:45 -0300] "GET /cormun/servlet/trsolicitudadjuntos?2018,10540, HTTP/1.1" 200 9846
200.120.230.197 - - [15/Mar/2018:17:11:47 -0300] "POST /cormun/servlet/trsolicitudadjuntos?86af10dc957fe91b3e12d65c6791e1b1,2018,10540,,gx-no-cache=1521144664004 HTTP/1.1" 200 90
200.120.230.197 - - [15/Mar/2018:17:11:47 -0300] "GET /cormun/servlet/hpexe_link HTTP/1.1" 200 971
200.120.230.197 - - [15/Mar/2018:17:11:48 -0300] "GET /cormun/servlet/trsolicitudot HTTP/1.1" 200 9427
200.120.230.197 - - [15/Mar/2018:17:11:49 -0300] "GET /cormun/servlet/trsolicitudot HTTP/1.1" 200 9426
192.168.10.62 - - [15/Mar/2018:17:11:49 -0300] "GET /cormun/servlet/vesolicitudgral?2018,10422,, HTTP/1.1" 200 9042
192.168.10.62 - - [15/Mar/2018:17:11:50 -0300] "GET /cormun/static/gxcfg.js?201711151294153 HTTP/1.1" 304 -
192.168.10.62 - - [15/Mar/2018:17:11:50 -0300] "GET /cormun/pexe_scrolldiv.js HTTP/1.1" 404 1009
192.168.10.62 - - [15/Mar/2018:17:11:50 -0300] "GET /cormun/static/tbsolicitudgral01.js?201813119422078 HTTP/1.1" 304 -
192.168.10.62 - - [15/Mar/2018:17:11:50 -0300] "GET /cormun/servlet/vesolicitudgral?2018,10422,, HTTP/1.1" 200 9042
192.168.10.62 - - [15/Mar/2018:17:11:52 -0300] "POST /cormun/servlet/vesolicitudgral?e981762a2b0d918fcd7d152dc63de9b6,2018,10422,,,gx-no-cache=1521144548345 HTTP/1.1" 200 107
192.168.10.62 - - [15/Mar/2018:17:11:52 -0300] "GET /cormun/servlet/solicitudgral?UPD,2018,10422, HTTP/1.1" 200 12900
192.168.10.62 - - [15/Mar/2018:17:11:53 -0300] "GET /cormun/static/solicitudgral.js?20181911354326 HTTP/1.1" 304 -
192.168.10.62 - - [15/Mar/2018:17:11:53 -0300] "GET /cormun/static/gxcfg.js?20181911354237 HTTP/1.1" 304 -
192.168.10.89 - - [15/Mar/2018:17:11:53 -0300] "POST /cormun/servlet/solicitudot?gx-no-cache=1521144548855 HTTP/1.1" 200 33
192.168.10.62 - - [15/Mar/2018:17:11:53 -0300] "GET /cormun/servlet/solicitudgral?UPD,2018,10422, HTTP/1.1" 200 12900
192.168.10.62 - - [15/Mar/2018:17:11:53 -0300] "POST /cormun/servlet/solicitudgral?gx-no-cache=1521144549508 HTTP/1.1" 200 3891
192.168.10.62 - - [15/Mar/2018:17:11:54 -0300] "GET /cormun/servlet/solicitudgral?863202b4a449449c58d1e44f232dbbe0f3f7c548ef56f8764d3ec1ed21eb581fb24ee1eeaa18a2e62735128cc351aa6c3407787cbec87540403442ac8849e8e0919a07b7b571375f743358db6526624bb300a794a15777bdcee101ead167b05123107d82e7579db45d3d8ca07f5f49dde166c06f28d75846913f23a3e5a8cd0f4c625a0c5b77f95c1651636a75befd10a433e6ea2978ede7bc8e116aea1236b556b3ecbfff3c4d0b375398ea064fa096e2fedb50a1d53fed0e8bb7a0443547db59dc36d4c1f8a7bac0ab7e0c1bfeabb2a837d69d3ad202bd71f9b02c304850ddce8ef2c428af22aad01fed7ceab03596d03c9cacee4ca173dbd558b3c407121af4df155d4f7a275718c860c07d4a812c97f5c436119c027c75427c8ff3492c42ad6e5409e3a89a284579e9e33db65ab89a6a6485aa6cb35acbc281272cd8de0a2d24d57cea49d0bec51c60c12dd404d2,gx-no-cache=1521144549704 HTTP/1.1" 200 297
192.168.10.62 - - [15/Mar/2018:17:11:54 -0300] "GET /cormun/servlet/solicitudgral?863202b4a449449c58d1e44f232dbbe0d8321dee89340ba4e0dc8be784fb96b83a053d316351e422d130434f96432d347351494b753f4f9b3d094e8b6c30412ca1c0ce0ae964315f07f36e56a9e79d59eabc1eb0dd9c13e8135b0c75884f0cd0b367e737244562972461b6000747e2ea89af7b6a7fbc2e93620cbae29e5e4a7dbb0c8acc055a4fa8ab2749abe38806fa77d300d9e6b80120b1aa3f445ffbdc712a5e9cd0ab15771d06582912098476e5f246d6f64e5e739db375d64d5784a0ed8e583ec53943513e23a514a99aa648bb6027d6eeaf1318272380d5118124afa7743c56f89292fd849396d1527d5dab27dce5e7eaa2aeb313c82aaa9fc67c56952840d42f7fb6965db2e6b87c6549761bdc5cff628ee45ff3fb3dd092a745e2deff6ac99b7e7b4f40feb27eb3f9858168943d4d94d215fc9c875ceed94b4555152219426cfd03d8fae3486be5119a34206183cf30d044218a652f6cf1f88f32223f9835132d7298886886769df3c34eaab82f93114f53f38bb075ebbabd41ed4286e7253bf675b3f338d095d13e441b0657823abaa7bc15332a98fc8fdd9bed2b61ebc3351e14e167392f045f7fd23d26,gx-no-cache=1521144549925 HTTP/1.1" 200 48
192.168.10.62 - - [15/Mar/2018:17:11:56 -0300] "POST /cormun/servlet/solicitudgral?e981762a2b0d918fcd7d152dc63de9b6,UPD,2018,10422,,gx-no-cache=1521144552370 HTTP/1.1" 200 11810
192.168.10.62 - - [15/Mar/2018:17:11:56 -0300] "GET /cormun/servlet/solicitudgral?863202b4a449449c58d1e44f232dbbe05fd215722fdda048ca1a27e816b9eac677cd1a80b06b3ca03841f25f30b437bd1885be8f010408daa48f5791a4b5d7d0dab2eb6e8ada550a73bef6955e028f8ea919086aa5495cd70b899c81a3fd171fe32b73cfbbcad300d504842f477e4c8c,gx-no-cache=1521144552642 HTTP/1.1" 200 29
192.168.10.62 - - [15/Mar/2018:17:11:57 -0300] "POST /cormun/servlet/solicitudgral?gx-no-cache=1521144552686 HTTP/1.1" 200 1295
192.168.10.62 - - [15/Mar/2018:17:11:57 -0300] "POST /cormun/servlet/solicitudgral?gx-no-cache=1521144552737 HTTP/1.1" 200 1218
192.168.10.62 - - [15/Mar/2018:17:11:57 -0300] "POST /cormun/servlet/solicitudgral?e981762a2b0d918fcd7d152dc63de9b6,UPD,2018,10422,,gx-no-cache=1521144552795 HTTP/1.1" 200 93
192.168.10.62 - - [15/Mar/2018:17:11:57 -0300] "GET /cormun/servlet/hpexe_return? HTTP/1.1" 200 1018
192.168.10.62 - - [15/Mar/2018:17:11:57 -0300] "GET /cormun/static/gxcfg.js?2016101716175148 HTTP/1.1" 304 -
192.168.10.62 - - [15/Mar/2018:17:11:57 -0300] "GET /cormun/servlet/vesolicitudgral?2018,10422,, HTTP/1.1" 200 9041
192.168.10.62 - - [15/Mar/2018:17:11:57 -0300] "GET /cormun/pexe_scrolldiv.js HTTP/1.1" 404 1009
192.168.10.62 - - [15/Mar/2018:17:11:57 -0300] "GET /cormun/pexe_scrolldiv.js HTTP/1.1" 404 1009
192.168.10.62 - - [15/Mar/2018:17:11:57 -0300] "GET /cormun/servlet/vesolicitudgral?2018,10422,, HTTP/1.1" 200 9038
200.120.230.197 - - [15/Mar/2018:17:12:02 -0300] "POST /cormun/servlet/trsolicitudot?86af10dc957fe91b3e12d65c6791e1b1,gx-no-cache=1521144679180 HTTP/1.1" 200 5876
200.120.230.197 - - [15/Mar/2018:17:12:03 -0300] "GET /cormun/static/Shared/jqueryui/images/ui-bg_highlight-soft_100_c6c2c8_1x100.png HTTP/1.1" 404 1117
200.120.230.197 - - [15/Mar/2018:17:12:03 -0300] "GET /cormun/static/Shared/jqueryui/images/ui-bg_flat_55_fafafa_40x100.png HTTP/1.1" 404 1097
186.79.231.211 - - [15/Mar/2018:17:12:03 -0300] "GET /cormun/static/Shared/jqueryui/images/ui-icons_8d78a5_256x240.png HTTP/1.1" 404 1089
200.120.230.197 - - [15/Mar/2018:17:12:03 -0300] "GET /cormun/static/Shared/jqueryui/images/ui-icons_82798d_256x240.png HTTP/1.1" 404 1089
186.79.231.211 - - [15/Mar/2018:17:12:03 -0300] "POST /cormun/servlet/trsolicitudot?86af10dc957fe91b3e12d65c6791e1b1,gx-no-cache=1521144679643 HTTP/1.1" 200 5819
192.168.10.89 - - [15/Mar/2018:17:12:34 -0300] "POST /cormun/servlet/solicitudot?3d029ccfcb6a8618f3fa0069a0c193d6,INS,0,0,,gx-no-cache=1521144589662 HTTP/1.1" 200 93
192.168.10.89 - - [15/Mar/2018:17:12:34 -0300] "GET /cormun/servlet/hpexe_return? HTTP/1.1" 200 1008
192.168.10.89 - - [15/Mar/2018:17:12:34 -0300] "GET /cormun/servlet/trsolicitudot HTTP/1.1" 200 8760
192.168.10.62 - - [15/Mar/2018:17:12:34 -0300] "POST /cormun/servlet/vesolicitudgral?e981762a2b0d918fcd7d152dc63de9b6,2018,10422,,,gx-no-cache=1521144590444 HTTP/1.1" 200 11960
192.168.10.62 - - [15/Mar/2018:17:12:34 -0300] "GET /cormun/static/Shared/jqueryui/images/ui-bg_highlight-soft_100_c6c2c8_1x100.png HTTP/1.1" 404 1117
192.168.10.62 - - [15/Mar/2018:17:12:34 -0300] "GET /cormun/static/Shared/jqueryui/images/ui-icons_82798d_256x240.png HTTP/1.1" 404 1089
192.168.10.62 - - [15/Mar/2018:17:12:35 -0300] "GET /cormun/static/Shared/jqueryui/images/ui-bg_flat_55_fafafa_40x100.png HTTP/1.1" 404 1097
192.168.10.62 - - [15/Mar/2018:17:12:35 -0300] "GET /cormun/static/Shared/jqueryui/images/ui-icons_8d78a5_256x240.png HTTP/1.1" 404 1089
192.168.10.62 - - [15/Mar/2018:17:12:35 -0300] "POST /cormun/servlet/vesolicitudgral?e981762a2b0d918fcd7d152dc63de9b6,2018,10422,,,gx-no-cache=1521144590673 HTTP/1.1" 200 11895
192.168.10.62 - - [15/Mar/2018:17:12:42 -0300] "GET /cormun/servlet/trsolicitudgral? HTTP/1.1" 200 25349
192.168.10.62 - - [15/Mar/2018:17:12:43 -0300] "GET /cormun/servlet/trsolicitudgral? HTTP/1.1" 200 25345
186.103.159.46 - - [15/Mar/2018:17:13:01 -0300] "POST /cormun/servlet/solicitudot?gx-no-cache=1521144729423 HTTP/1.1" 200 1337
186.103.159.46 - - [15/Mar/2018:17:13:01 -0300] "POST /cormun/servlet/solicitudot?gx-no-cache=1521144729644 HTTP/1.1" 200 38
186.103.159.46 - - [15/Mar/2018:17:13:01 -0300] "GET /cormun/servlet/solicitudot?f567940cf190d7a18cf2d7d2cc37cc94bd5b8493eb47a7961841a7b4bc98ce59b8ab94f3bd93953afacac0b0c943365128302083fa8a8f1b0ca6f1465324b8d071e42af1318b39cd2f5d881db26bd79bd488a5ebe208dc87190938220b38f24b08cada518bcf56457c48bf1a5675037ecc4fe228f0adaa5e83d3375eae68b6fa5b5d7eccac1962fe1f781353d6d17848aacd949451e24f7917a8cd17967d6e8a,gx-no-cache=1521144729736 HTTP/1.1" 200 29
186.103.159.46 - - [15/Mar/2018:17:13:01 -0300] "POST /cormun/servlet/solicitudot?gx-no-cache=1521144729831 HTTP/1.1" 200 1319
186.103.159.46 - - [15/Mar/2018:17:13:01 -0300] "POST /cormun/servlet/solicitudot?gx-no-cache=1521144729952 HTTP/1.1" 200 1219
186.103.159.46 - - [15/Mar/2018:17:13:01 -0300] "GET /cormun/servlet/solicitudot?f567940cf190d7a18cf2d7d2cc37cc94e689597fcfbd3550a92069f3d542d9e3b3db1635aeb141723c054db7bdd1cbb4,gx-no-cache=1521144730044 HTTP/1.1" 200 134
192.168.10.62 - - [15/Mar/2018:17:13:44 -0300] "GET /cormun/servlet/vesolicitudgral?2018,10483,, HTTP/1.1" 200 9013
192.168.10.62 - - [15/Mar/2018:17:13:44 -0300] "GET /cormun/pexe_scrolldiv.js HTTP/1.1" 404 1009
192.168.10.62 - - [15/Mar/2018:17:13:44 -0300] "GET /cormun/pexe_scrolldiv.js HTTP/1.1" 404 1009
192.168.10.62 - - [15/Mar/2018:17:13:45 -0300] "GET /cormun/servlet/vesolicitudgral?2018,10483,, HTTP/1.1" 200 9012
192.168.10.62 - - [15/Mar/2018:17:13:47 -0300] "POST /cormun/servlet/vesolicitudgral?e981762a2b0d918fcd7d152dc63de9b6,2018,10483,,,gx-no-cache=1521144662919 HTTP/1.1" 200 107
192.168.10.62 - - [15/Mar/2018:17:13:47 -0300] "GET /cormun/servlet/solicitudgral?UPD,2018,10483, HTTP/1.1" 200 12808
192.168.10.62 - - [15/Mar/2018:17:13:47 -0300] "GET /cormun/servlet/solicitudgral?UPD,2018,10483, HTTP/1.1" 200 12808
192.168.10.62 - - [15/Mar/2018:17:13:48 -0300] "POST /cormun/servlet/solicitudgral?gx-no-cache=1521144663944 HTTP/1.1" 200 3850
192.168.10.62 - - [15/Mar/2018:17:13:48 -0300] "GET /cormun/servlet/solicitudgral?863202b4a449449c58d1e44f232dbbe0f3f7c548ef56f8764d3ec1ed21eb581fb24ee1eeaa18a2e62735128cc351aa6c3407787cbec87540403442ac8849e8e0919a07b7b571375f743358db6526624bb300a794a15777bdcee101ead167b05123107d82e7579db45d3d8ca07f5f49dde166c06f28d75846913f23a3e5a8cd0f4c625a0c5b77f95c1651636a75befd10a433e6ea2978ede7bc8e116aea1236b556b3ecbfff3c4d0b375398ea064fa096e2fedb50a1d53fed0e8bb7a0443547db59dc36d4c1f8a7bac0ab7e0c1bfeabb2a837d69d3ad202bd71f9b02c304850ddce8ef2c428af22aad01fed7ceab03596d03c9cacee4ca173dbd558b3c407121af4df155d4f7a275718c860c07d4a812c97f5c436119c027c75427c8ff3492c42ad6e5409e3a89a284579e9e33db65ab89a6a6485aa6cb35acbc281272cd8de0a2d24d57cea49d0bec51c60c12dd404d2,gx-no-cache=1521144664090 HTTP/1.1" 200 297
192.168.10.62 - - [15/Mar/2018:17:13:48 -0300] "GET /cormun/servlet/solicitudgral?863202b4a449449c58d1e44f232dbbe0d8321dee89340ba4e0dc8be784fb96b83a053d316351e422d130434f96432d347351494b753f4f9b3d094e8b6c30412ca1c0ce0ae964315f07f36e56a9e79d59eabc1eb0dd9c13e8135b0c75884f0cd0b367e737244562972461b6000747e2ea89af7b6a7fbc2e93620cbae29e5e4a7dbb0c8acc055a4fa8ab2749abe38806fa77d300d9e6b80120b1aa3f445ffbdc712a5e9cd0ab15771d06582912098476e5f246d6f64e5e739db375d64d5784a0ed8e583ec53943513e23a514a99aa648bb6027d6eeaf1318272380d5118124afa7743c56f89292fd849396d1527d5dab27dce5e7eaa2aeb313c82aaa9fc67c56952840d42f7fb6965db2e6b87c6549761bdc5cff628ee45ff3fb3dd092a745e2deff6ac99b7e7b4f40feb27eb3f9858168943d4d94d215fc9c875ceed94b4555152219426cfd03d8fae3486be5119a34206183cf30d044218a652f6cf1f88f32223f9835132d7298886886769df3c34eaab82f93114f53f38bb075ebbabd41ed4286e7253bf675b3f338d095d13e441b0657823abaa7bc15332a98fc8fdd9bed2b61ebc3351e14e167392f045f7fd23d26,gx-no-cache=1521144664143 HTTP/1.1" 200 48
192.168.10.62 - - [15/Mar/2018:17:13:51 -0300] "POST /cormun/servlet/solicitudgral?e981762a2b0d918fcd7d152dc63de9b6,UPD,2018,10483,,gx-no-cache=1521144666552 HTTP/1.1" 200 11797
192.168.10.62 - - [15/Mar/2018:17:13:51 -0300] "GET /cormun/servlet/solicitudgral?863202b4a449449c58d1e44f232dbbe038d9c7d94e99d50d3ab1ca2bba444fccd03c9cacee4ca173dbd558b3c407121a661063f80b28eb937f577157afbf3add9cc18e0be4cee2eb32cde33f7362ebdb9ed5a16702ebe94b57d18f9e87560b989286ca597e8b6dd1ab4bac711174e902,gx-no-cache=1521144666764 HTTP/1.1" 200 30
192.168.10.62 - - [15/Mar/2018:17:13:51 -0300] "POST /cormun/servlet/solicitudgral?gx-no-cache=1521144666800 HTTP/1.1" 200 1294
192.168.10.62 - - [15/Mar/2018:17:13:51 -0300] "POST /cormun/servlet/solicitudgral?gx-no-cache=1521144666846 HTTP/1.1" 200 1217
192.168.10.62 - - [15/Mar/2018:17:13:51 -0300] "POST /cormun/servlet/solicitudgral?e981762a2b0d918fcd7d152dc63de9b6,UPD,2018,10483,,gx-no-cache=1521144666899 HTTP/1.1" 200 93
192.168.10.62 - - [15/Mar/2018:17:13:51 -0300] "GET /cormun/servlet/hpexe_return? HTTP/1.1" 200 1018
192.168.10.62 - - [15/Mar/2018:17:13:51 -0300] "GET /cormun/servlet/vesolicitudgral?2018,10483,, HTTP/1.1" 200 9017
192.168.10.62 - - [15/Mar/2018:17:13:51 -0300] "GET /cormun/pexe_scrolldiv.js HTTP/1.1" 404 1009
192.168.10.62 - - [15/Mar/2018:17:13:51 -0300] "GET /cormun/servlet/vesolicitudgral?2018,10483,, HTTP/1.1" 200 9013
192.168.10.62 - - [15/Mar/2018:17:13:53 -0300] "POST /cormun/servlet/vesolicitudgral?e981762a2b0d918fcd7d152dc63de9b6,2018,10483,,,gx-no-cache=1521144668819 HTTP/1.1" 200 11942
