186.103.159.46 - - [15/Mar/2018:16:10:58 -0300] "GET /cormun/static/Shared/jqueryui/images/ui-bg_highlight-soft_100_c6c2c8_1x100.png HTTP/1.1" 404 1117
186.103.159.46 - - [15/Mar/2018:16:10:58 -0300] "GET /cormun/static/Shared/jqueryui/images/ui-icons_82798d_256x240.png HTTP/1.1" 404 1089
186.103.159.46 - - [15/Mar/2018:16:10:58 -0300] "GET /cormun/static/Shared/jqueryui/images/ui-bg_flat_55_fafafa_40x100.png HTTP/1.1" 404 1097
186.103.159.46 - - [15/Mar/2018:16:10:58 -0300] "GET /cormun/static/Shared/jqueryui/images/ui-icons_8d78a5_256x240.png HTTP/1.1" 404 1089
186.103.159.46 - - [15/Mar/2018:16:10:58 -0300] "POST /cormun/servlet/trautorizarsolicitud?7e21d59f701ba5201d658d9b483fea38,,gx-no-cache=1521141006326 HTTP/1.1" 200 6267
186.103.159.46 - - [15/Mar/2018:16:11:39 -0300] "POST /cormun/servlet/trautorizarsolicitud?7e21d59f701ba5201d658d9b483fea38,,gx-no-cache=1521141047411 HTTP/1.1" 200 5821
186.103.159.46 - - [15/Mar/2018:16:11:39 -0300] "POST /cormun/servlet/trautorizarsolicitud?7e21d59f701ba5201d658d9b483fea38,,gx-no-cache=1521141047676 HTTP/1.1" 200 5765
186.103.159.46 - - [15/Mar/2018:16:11:53 -0300] "POST /cormun/servlet/trautorizarsolicitud?7e21d59f701ba5201d658d9b483fea38,,gx-no-cache=1521141061944 HTTP/1.1" 200 4626
186.103.159.46 - - [15/Mar/2018:16:11:54 -0300] "POST /cormun/servlet/trautorizarsolicitud?7e21d59f701ba5201d658d9b483fea38,,gx-no-cache=1521141062173 HTTP/1.1" 200 4379
186.103.159.46 - - [15/Mar/2018:16:12:04 -0300] "GET /cormun/servlet/trsolicitudot? HTTP/1.1" 200 7225
186.103.159.46 - - [15/Mar/2018:16:12:05 -0300] "GET /cormun/servlet/trsolicitudot? HTTP/1.1" 200 7225
186.103.159.46 - - [15/Mar/2018:16:12:09 -0300] "GET /cormun/servlet/solicitudot?INS,0,0, HTTP/1.1" 200 13453
186.103.159.46 - - [15/Mar/2018:16:12:10 -0300] "GET /cormun/servlet/solicitudot?INS,0,0, HTTP/1.1" 200 13458
186.103.159.46 - - [15/Mar/2018:16:14:16 -0300] "POST /cormun/servlet/solicitudot?gx-no-cache=1521141204116 HTTP/1.1" 200 3397
186.103.159.46 - - [15/Mar/2018:16:14:16 -0300] "POST /cormun/servlet/solicitudot?7e21d59f701ba5201d658d9b483fea38,INS,0,0,,gx-no-cache=1521141204418 HTTP/1.1" 200 10567
186.103.159.46 - - [15/Mar/2018:16:14:28 -0300] "GET /cormun/servlet/solicitudot?f567940cf190d7a18cf2d7d2cc37cc940523269149b01a339b31bfe92c10d9ae8a8d6d88e717153bb9ff8269e94a17bb,gx-no-cache=1521141216298 HTTP/1.1" 200 30
186.103.159.46 - - [15/Mar/2018:16:14:28 -0300] "GET /cormun/servlet/solicitudot?f567940cf190d7a18cf2d7d2cc37cc9417cf4637c64d3e8bef6f8d9db8c2050cb95cb148d0be17714be6733996c8a198dc71fd0a967017eb1c8925d45f2471f2,gx-no-cache=1521141216363 HTTP/1.1" 200 30
186.103.159.46 - - [15/Mar/2018:16:14:28 -0300] "GET /cormun/servlet/solicitudot?f567940cf190d7a18cf2d7d2cc37cc941875695b03717ce324311f425d20e3bf,gx-no-cache=1521141216412 HTTP/1.1" 200 51
186.103.159.46 - - [15/Mar/2018:16:14:28 -0300] "POST /cormun/servlet/solicitudot?gx-no-cache=1521141216455 HTTP/1.1" 200 255
186.103.159.46 - - [15/Mar/2018:16:14:28 -0300] "GET /cormun/servlet/solicitudot?f567940cf190d7a18cf2d7d2cc37cc94912b1d1fcb103ea1de3b8c150bf4c25f649efaf072480cc264c8acbb81ec1dfc1e34e4fae701bef87859e7751d5cc6e5d8f8608b53ba2f17b21dcf519f119477f173213c5137a6289ac6189a315ea250c81b4f2cfa6273ac3449e03ae4bf3a2165877d3c5b573d6c968c20b18dabb96e1534c110931ba10bf3dd75dc0f50671d0c88bdea8e8927c60a2cc7a79f3597ad2ac8d6a40b36349f7860287be0f26b21e1b910f8a261803fbe74090f0f9d6ea16ab3270ab46897f4786e620e7385b9788b426db74b42adaa7e728567dffeae36b0048220d08413ee7f2bdef79f11ab147841b097e8d652a2b5f5aedbed5664dfa5fcf733cf1113993ab35d5b8581ca9e62e3b05a01a03ae8239714c05b7d5acbf3f3a580e155a627291505a124c465974e2f15fbea3ccff6608d061de431e8b48ec8dcd01eb148f2f71ff3f487aa3f825599c4a1d588d2cc42394c18a5ad94784d65720bab6882670404904d789c078be83fa6d57134b633dfe93b8c27115abd,gx-no-cache=1521141216502 HTTP/1.1" 200 30
186.103.159.46 - - [15/Mar/2018:16:14:28 -0300] "POST /cormun/servlet/solicitudot?gx-no-cache=1521141216603 HTTP/1.1" 200 30
186.103.159.46 - - [15/Mar/2018:16:14:28 -0300] "POST /cormun/servlet/solicitudot?gx-no-cache=1521141216663 HTTP/1.1" 200 1337
186.103.159.46 - - [15/Mar/2018:16:14:28 -0300] "POST /cormun/servlet/solicitudot?gx-no-cache=1521141216743 HTTP/1.1" 200 38
186.103.159.46 - - [15/Mar/2018:16:14:52 -0300] "POST /cormun/servlet/solicitudot?gx-no-cache=1521141240236 HTTP/1.1" 200 30
186.103.159.46 - - [15/Mar/2018:16:15:04 -0300] "GET /cormun/servlet/prcontratosol?8915413,,,,,MD,,gxPopupLevel%3D0%3B HTTP/1.1" 200 8892
186.103.159.46 - - [15/Mar/2018:16:15:04 -0300] "GET /cormun/static/gxcfg.js?201761413223964 HTTP/1.1" 200 953
186.103.159.46 - - [15/Mar/2018:16:15:04 -0300] "GET /cormun/static/prcontratosol.js?201761413224174 HTTP/1.1" 200 15806
186.103.159.46 - - [15/Mar/2018:16:15:06 -0300] "POST /cormun/servlet/acontrolpreferencessavestate?None,RMENESES,true HTTP/1.1" 200 35
192.168.10.89 - - [15/Mar/2018:16:15:12 -0300] "GET /cormun/servlet/hlogin HTTP/1.1" 200 1722
186.103.159.46 - - [15/Mar/2018:16:15:12 -0300] "POST /cormun/servlet/solicitudot?gx-no-cache=1521141261041 HTTP/1.1" 200 1336
186.103.159.46 - - [15/Mar/2018:16:15:12 -0300] "POST /cormun/servlet/solicitudot?gx-no-cache=1521141261127 HTTP/1.1" 200 38
186.103.159.46 - - [15/Mar/2018:16:15:13 -0300] "GET /cormun/servlet/solicitudot?f567940cf190d7a18cf2d7d2cc37cc94bd5b8493eb47a7961841a7b4bc98ce59b8ab94f3bd93953afacac0b0c9433651b8b163327ecc9bb3e91d02e49687809871e42af1318b39cd2f5d881db26bd79bd488a5ebe208dc87190938220b38f24b08cada518bcf56457c48bf1a5675037ecc4fe228f0adaa5e83d3375eae68b6fa5b5d7eccac1962fe1f781353d6d17848aacd949451e24f7917a8cd17967d6e8a,gx-no-cache=1521141261172 HTTP/1.1" 200 29
186.103.159.46 - - [15/Mar/2018:16:15:13 -0300] "POST /cormun/servlet/solicitudot?gx-no-cache=1521141261235 HTTP/1.1" 200 1318
186.103.159.46 - - [15/Mar/2018:16:15:13 -0300] "POST /cormun/servlet/solicitudot?gx-no-cache=1521141261311 HTTP/1.1" 200 1217
186.103.159.46 - - [15/Mar/2018:16:15:13 -0300] "GET /cormun/servlet/solicitudot?f567940cf190d7a18cf2d7d2cc37cc942928889877b0b2a63199bc527a582dc0c3962859a6d18460da38ff832d20e254,gx-no-cache=1521141261383 HTTP/1.1" 200 134
186.103.159.46 - - [15/Mar/2018:16:15:13 -0300] "GET /cormun/static/Shared/jqueryui/images/ui-bg_highlight-soft_100_c6c2c8_1x100.png HTTP/1.1" 404 1117
186.103.159.46 - - [15/Mar/2018:16:15:13 -0300] "GET /cormun/static/Shared/jqueryui/images/ui-icons_82798d_256x240.png HTTP/1.1" 404 1089
186.103.159.46 - - [15/Mar/2018:16:15:13 -0300] "GET /cormun/static/Shared/jqueryui/images/ui-bg_flat_55_994d53_40x100.png HTTP/1.1" 404 1097
186.103.159.46 - - [15/Mar/2018:16:15:13 -0300] "GET /cormun/static/Shared/jqueryui/images/ui-icons_ebccce_256x240.png HTTP/1.1" 404 1089
192.168.10.89 - - [15/Mar/2018:16:15:24 -0300] "POST /cormun/servlet/hlogin?0304c0760036b230307f6f49ea5321cb,gx-no-cache=1521141159797 HTTP/1.1" 200 433
192.168.10.89 - - [15/Mar/2018:16:15:27 -0300] "POST /cormun/servlet/hlogin?0304c0760036b230307f6f49ea5321cb,gx-no-cache=1521141163562 HTTP/1.1" 200 433
186.103.159.46 - - [15/Mar/2018:16:15:29 -0300] "GET /cormun/static/menuarrow.gif HTTP/1.1" 404 1015
192.168.10.89 - - [15/Mar/2018:16:15:58 -0300] "POST /cormun/servlet/hlogin?0304c0760036b230307f6f49ea5321cb,gx-no-cache=1521141194058 HTTP/1.1" 200 433
192.168.10.89 - - [15/Mar/2018:16:16:01 -0300] "POST /cormun/servlet/hlogin?0304c0760036b230307f6f49ea5321cb,gx-no-cache=1521141197650 HTTP/1.1" 200 433
186.103.159.46 - - [15/Mar/2018:16:16:07 -0300] "POST /cormun/servlet/solicitudot?gx-no-cache=1521141315865 HTTP/1.1" 200 1318
186.103.159.46 - - [15/Mar/2018:16:16:07 -0300] "POST /cormun/servlet/solicitudot?gx-no-cache=1521141316020 HTTP/1.1" 200 1217
186.103.159.46 - - [15/Mar/2018:16:16:08 -0300] "GET /cormun/servlet/solicitudot?f567940cf190d7a18cf2d7d2cc37cc9452271217f13ace97fe40a696353b7736b3db1635aeb141723c054db7bdd1cbb4,gx-no-cache=1521141316140 HTTP/1.1" 200 134
192.168.10.89 - - [15/Mar/2018:16:16:09 -0300] "POST /cormun/servlet/hlogin?0304c0760036b230307f6f49ea5321cb,gx-no-cache=1521141205610 HTTP/1.1" 200 432
192.168.10.89 - - [15/Mar/2018:16:16:15 -0300] "POST /cormun/servlet/hlogin?0304c0760036b230307f6f49ea5321cb,gx-no-cache=1521141210642 HTTP/1.1" 200 90
192.168.10.89 - - [15/Mar/2018:16:16:15 -0300] "GET /cormun/servlet/hpexe_link HTTP/1.1" 200 951
192.168.10.89 - - [15/Mar/2018:16:16:15 -0300] "GET /cormun/servlet/hhome HTTP/1.1" 200 4925
186.103.159.46 - - [15/Mar/2018:16:16:19 -0300] "POST /cormun/servlet/solicitudot?gx-no-cache=1521141327328 HTTP/1.1" 200 1318
186.103.159.46 - - [15/Mar/2018:16:16:19 -0300] "POST /cormun/servlet/solicitudot?gx-no-cache=1521141327433 HTTP/1.1" 200 1217
192.168.10.89 - - [15/Mar/2018:16:16:25 -0300] "GET /cormun/servlet/trsecurityuser01? HTTP/1.1" 200 12368
186.103.159.189 - - [15/Mar/2018:16:16:33 -0300] "GET /cormun/servlet/hlogin HTTP/1.1" 200 1713
186.103.159.189 - - [15/Mar/2018:16:16:40 -0300] "GET /cormun/servlet/hlogin HTTP/1.1" 200 1723
192.168.10.89 - - [15/Mar/2018:16:16:53 -0300] "POST /cormun/servlet/trsecurityuser01?0304c0760036b230307f6f49ea5321cb,,gx-no-cache=1521141248875 HTTP/1.1" 200 10411
192.168.10.89 - - [15/Mar/2018:16:16:53 -0300] "GET /cormun/static/Resources/PXToolsGridFirst.gif HTTP/1.1" 200 379
192.168.10.89 - - [15/Mar/2018:16:16:53 -0300] "GET /cormun/static/Resources/PXToolsGridPrevious.gif HTTP/1.1" 200 369
186.103.159.189 - - [15/Mar/2018:16:16:57 -0300] "POST /cormun/servlet/hlogin?1de241a5188ff2e4a549e609e6e2c140,gx-no-cache=1521144965292 HTTP/1.1" 200 90
186.103.159.189 - - [15/Mar/2018:16:16:57 -0300] "GET /cormun/servlet/hpexe_link HTTP/1.1" 200 946
186.103.159.189 - - [15/Mar/2018:16:16:58 -0300] "GET /cormun/servlet/hhome HTTP/1.1" 200 3981
186.103.159.189 - - [15/Mar/2018:16:17:01 -0300] "GET /cormun/servlet/hhome HTTP/1.1" 200 3978
186.103.159.189 - - [15/Mar/2018:16:17:08 -0300] "GET /cormun/servlet/trpermisosgoce? HTTP/1.1" 200 8039
186.103.159.189 - - [15/Mar/2018:16:17:08 -0300] "GET /cormun/static/gxcfg.js?20177612163875 HTTP/1.1" 200 953
186.103.159.189 - - [15/Mar/2018:16:17:08 -0300] "GET /cormun/static/trpermisosgoce.js?20177612164335 HTTP/1.1" 200 35904
186.103.159.189 - - [15/Mar/2018:16:17:10 -0300] "GET /cormun/servlet/trpermisosgoce? HTTP/1.1" 200 8037
186.103.159.189 - - [15/Mar/2018:16:17:10 -0300] "GET /cormun//static/Resources/PXToolsHeaderHelp.png HTTP/1.1" 200 4055
186.103.159.189 - - [15/Mar/2018:16:17:10 -0300] "GET /cormun//static/Resources/PXToolsActionPrint.png HTTP/1.1" 200 3317
186.103.159.189 - - [15/Mar/2018:16:17:10 -0300] "GET /cormun//static/Resources/PXToolsHeaderFavorites.png HTTP/1.1" 200 2744
186.103.159.189 - - [15/Mar/2018:16:17:10 -0300] "GET /cormun//static/Resources/PXToolsGridDisplay.png HTTP/1.1" 200 362
192.168.10.89 - - [15/Mar/2018:16:17:10 -0300] "POST /cormun/servlet/trsecurityuser01?0304c0760036b230307f6f49ea5321cb,,gx-no-cache=1521141266263 HTTP/1.1" 200 7743
186.103.159.189 - - [15/Mar/2018:16:17:22 -0300] "GET /cormun/servlet/trpermisosadjuntos?6885419,20180314173328,P, HTTP/1.1" 200 6288
186.103.159.189 - - [15/Mar/2018:16:17:23 -0300] "GET /cormun/static/gxcfg.js?201762817193957 HTTP/1.1" 200 953
186.103.159.189 - - [15/Mar/2018:16:17:23 -0300] "GET /cormun/static/Resources/Spanish/PXTools.css?17315867 HTTP/1.1" 200 89042
186.103.159.189 - - [15/Mar/2018:16:17:23 -0300] "GET /cormun/static/trpermisosadjuntos.js?201762817194366 HTTP/1.1" 200 20158
186.103.159.189 - - [15/Mar/2018:16:17:24 -0300] "GET /cormun/servlet/trpermisosadjuntos?6885419,20180314173328,P, HTTP/1.1" 200 6286
192.168.10.89 - - [15/Mar/2018:16:17:34 -0300] "POST /cormun/servlet/trsecurityuser01?0304c0760036b230307f6f49ea5321cb,,gx-no-cache=1521141290205 HTTP/1.1" 200 10411
192.168.10.89 - - [15/Mar/2018:16:17:40 -0300] "POST /cormun/servlet/trsecurityuser01?0304c0760036b230307f6f49ea5321cb,,gx-no-cache=1521141296078 HTTP/1.1" 200 4446
192.168.10.89 - - [15/Mar/2018:16:17:50 -0300] "POST /cormun/servlet/trsecurityuser01?0304c0760036b230307f6f49ea5321cb,,gx-no-cache=1521141305579 HTTP/1.1" 200 4441
192.168.10.89 - - [15/Mar/2018:16:18:08 -0300] "GET /cormun/servlet/securityusers?INS,0, HTTP/1.1" 200 7869
186.103.159.46 - - [15/Mar/2018:16:19:40 -0300] "GET /cormun/servlet/solicitudot?f567940cf190d7a18cf2d7d2cc37cc94c44326a45f0e44784f77cf6bb9f0bb63b3db1635aeb141723c054db7bdd1cbb4,gx-no-cache=1521141529026 HTTP/1.1" 200 30
186.103.159.46 - - [15/Mar/2018:16:20:35 -0300] "GET /cormun/servlet/prsolicitudot?8915413,,,,,MD,,gxPopupLevel%3D0%3B HTTP/1.1" 200 5477
186.103.159.46 - - [15/Mar/2018:16:20:35 -0300] "GET /cormun/static/gxcfg.js?2017111422591492 HTTP/1.1" 200 953
186.103.159.46 - - [15/Mar/2018:16:20:35 -0300] "GET /cormun/static/prsolicitudot.js?2017111422591715 HTTP/1.1" 200 13680
186.103.159.46 - - [15/Mar/2018:16:20:37 -0300] "POST /cormun/servlet/acontrolpreferencessavestate?None,RMENESES,true HTTP/1.1" 200 35
186.103.159.189 - - [15/Mar/2018:16:20:40 -0300] "GET /cormun/servlet/permisosadjuntos?INS,6885419,P,20180314173328,, HTTP/1.1" 200 5615
186.103.159.189 - - [15/Mar/2018:16:20:40 -0300] "GET /cormun/static/gxcfg.js?201762717441171 HTTP/1.1" 200 953
186.103.159.189 - - [15/Mar/2018:16:20:40 -0300] "GET /cormun/static/permisosadjuntos.js?201762717441184 HTTP/1.1" 200 8724
186.103.159.189 - - [15/Mar/2018:16:20:41 -0300] "GET /cormun/static/about:blank HTTP/1.1" 404 1011
186.103.159.189 - - [15/Mar/2018:16:20:42 -0300] "GET /cormun/servlet/permisosadjuntos?INS,6885419,P,20180314173328,, HTTP/1.1" 200 5605
186.103.159.46 - - [15/Mar/2018:16:20:42 -0300] "GET /cormun/servlet/prpersonalsolicitud?8915413,,,,,MD,,gxPopupLevel%3D0%3B HTTP/1.1" 200 5491
186.103.159.46 - - [15/Mar/2018:16:20:42 -0300] "GET /cormun/static/gxcfg.js?20175251253686 HTTP/1.1" 200 953
186.103.159.46 - - [15/Mar/2018:16:20:42 -0300] "GET /cormun/static/prpersonalsolicitud.js?20175251253921 HTTP/1.1" 200 13873
186.103.159.46 - - [15/Mar/2018:16:20:44 -0300] "POST /cormun/servlet/acontrolpreferencessavestate?None,RMENESES,true HTTP/1.1" 200 35
186.103.159.46 - - [15/Mar/2018:16:20:56 -0300] "POST /cormun/servlet/solicitudot?gx-no-cache=1521141604318 HTTP/1.1" 200 33
186.103.159.46 - - [15/Mar/2018:16:20:56 -0300] "POST /cormun/servlet/solicitudot?7e21d59f701ba5201d658d9b483fea38,INS,0,0,,gx-no-cache=1521141604391 HTTP/1.1" 200 93
186.103.159.46 - - [15/Mar/2018:16:20:56 -0300] "GET /cormun/servlet/hpexe_return? HTTP/1.1" 200 1010
186.103.159.46 - - [15/Mar/2018:16:20:56 -0300] "GET /cormun/servlet/trsolicitudot HTTP/1.1" 200 8644
186.103.159.46 - - [15/Mar/2018:16:20:57 -0300] "GET /cormun/servlet/trsolicitudot HTTP/1.1" 200 8640
186.103.159.189 - - [15/Mar/2018:16:20:59 -0300] "POST /cormun/servlet/permisosadjuntos?1de241a5188ff2e4a549e609e6e2c140,INS,6885419,P,20180314173328,, HTTP/1.1" 200 116
186.103.159.189 - - [15/Mar/2018:16:21:00 -0300] "GET /cormun/servlet/hpexe_return? HTTP/1.1" 200 1033
186.103.159.189 - - [15/Mar/2018:16:21:00 -0300] "GET /cormun/servlet/trpermisosadjuntos?6885419,20180314173328,P, HTTP/1.1" 200 6799
186.103.159.189 - - [15/Mar/2018:16:21:02 -0300] "GET /cormun/servlet/trpermisosadjuntos?6885419,20180314173328,P, HTTP/1.1" 200 6796
186.103.159.189 - - [15/Mar/2018:16:21:06 -0300] "POST /cormun/servlet/trpermisosadjuntos?1de241a5188ff2e4a549e609e6e2c140,6885419,20180314173328,P,,gx-no-cache=1521145214051 HTTP/1.1" 200 90
186.103.159.189 - - [15/Mar/2018:16:21:06 -0300] "GET /cormun/servlet/hpexe_link HTTP/1.1" 200 978
186.103.159.189 - - [15/Mar/2018:16:21:07 -0300] "GET /cormun/servlet/trpermisosgoce HTTP/1.1" 200 8039
186.103.159.189 - - [15/Mar/2018:16:21:08 -0300] "GET /cormun/servlet/trpermisosgoce HTTP/1.1" 200 8037
186.103.159.189 - - [15/Mar/2018:16:21:15 -0300] "POST /cormun/servlet/trpermisosgoce?1de241a5188ff2e4a549e609e6e2c140,gx-no-cache=1521145222601 HTTP/1.1" 200 5275
186.103.159.189 - - [15/Mar/2018:16:21:15 -0300] "GET /cormun/static/Shared/jqueryui/images/ui-bg_highlight-soft_100_c6c2c8_1x100.png HTTP/1.1" 404 1117
186.103.159.189 - - [15/Mar/2018:16:21:15 -0300] "GET /cormun/static/Shared/jqueryui/images/ui-icons_82798d_256x240.png HTTP/1.1" 404 1089
186.103.159.189 - - [15/Mar/2018:16:21:15 -0300] "GET /cormun/static/Shared/jqueryui/images/ui-bg_flat_55_fafafa_40x100.png HTTP/1.1" 404 1097
186.103.159.189 - - [15/Mar/2018:16:21:15 -0300] "GET /cormun/static/Shared/jqueryui/images/ui-icons_8d78a5_256x240.png HTTP/1.1" 404 1089
186.103.159.189 - - [15/Mar/2018:16:21:16 -0300] "GET /cormun//static/Resources/PXToolsActionDisabled.gif HTTP/1.1" 200 53
186.103.159.46 - - [15/Mar/2018:16:21:16 -0300] "POST /cormun/servlet/trsolicitudot?7e21d59f701ba5201d658d9b483fea38,gx-no-cache=1521141624700 HTTP/1.1" 200 4689
186.103.159.46 - - [15/Mar/2018:16:21:16 -0300] "GET /cormun/static/Shared/jqueryui/images/ui-bg_highlight-soft_100_c6c2c8_1x100.png HTTP/1.1" 404 1117
186.103.159.46 - - [15/Mar/2018:16:21:16 -0300] "GET /cormun/static/Shared/jqueryui/images/ui-icons_82798d_256x240.png HTTP/1.1" 404 1089
186.103.159.46 - - [15/Mar/2018:16:21:16 -0300] "GET /cormun/static/Shared/jqueryui/images/ui-icons_8d78a5_256x240.png HTTP/1.1" 404 1089
186.103.159.46 - - [15/Mar/2018:16:21:16 -0300] "GET /cormun/static/Shared/jqueryui/images/ui-bg_flat_55_fafafa_40x100.png HTTP/1.1" 404 1097
186.103.159.46 - - [15/Mar/2018:16:21:16 -0300] "POST /cormun/servlet/trsolicitudot?7e21d59f701ba5201d658d9b483fea38,gx-no-cache=1521141624983 HTTP/1.1" 200 4455
186.103.159.46 - - [15/Mar/2018:16:21:23 -0300] "GET /cormun/servlet/trsolicitudot? HTTP/1.1" 200 7248
186.103.159.46 - - [15/Mar/2018:16:21:24 -0300] "GET /cormun/servlet/trsolicitudot? HTTP/1.1" 200 7248
186.103.159.46 - - [15/Mar/2018:16:21:33 -0300] "GET /cormun/servlet/solicitudot?INS,0,0, HTTP/1.1" 200 13468
186.103.159.46 - - [15/Mar/2018:16:21:33 -0300] "GET /cormun/servlet/solicitudot?INS,0,0, HTTP/1.1" 200 13473
186.103.159.46 - - [15/Mar/2018:16:21:45 -0300] "POST /cormun/servlet/solicitudot?gx-no-cache=1521141653812 HTTP/1.1" 200 3382
186.103.159.46 - - [15/Mar/2018:16:21:46 -0300] "POST /cormun/servlet/solicitudot?7e21d59f701ba5201d658d9b483fea38,INS,0,0,,gx-no-cache=1521141654020 HTTP/1.1" 200 10547
186.103.159.46 - - [15/Mar/2018:16:21:55 -0300] "GET /cormun/servlet/solicitudot?f567940cf190d7a18cf2d7d2cc37cc940364bd4d9014f5d48e0dc21cbd21acb28a8d6d88e717153bb9ff8269e94a17bb,gx-no-cache=1521141663411 HTTP/1.1" 200 30
186.103.159.46 - - [15/Mar/2018:16:21:55 -0300] "GET /cormun/servlet/solicitudot?f567940cf190d7a18cf2d7d2cc37cc948b9570ef475ba3748c66ce92a9296336dc2998a87d907b7816ff9ad2b0e1250c,gx-no-cache=1521141663473 HTTP/1.1" 200 103
186.103.159.46 - - [15/Mar/2018:16:21:55 -0300] "GET /cormun/static/Shared/jqueryui/images/ui-bg_highlight-soft_100_c6c2c8_1x100.png HTTP/1.1" 404 1117
186.103.159.46 - - [15/Mar/2018:16:21:55 -0300] "GET /cormun/static/Shared/jqueryui/images/ui-icons_82798d_256x240.png HTTP/1.1" 404 1089
186.103.159.46 - - [15/Mar/2018:16:21:55 -0300] "GET /cormun/static/Shared/jqueryui/images/ui-bg_flat_55_994d53_40x100.png HTTP/1.1" 404 1097
186.103.159.46 - - [15/Mar/2018:16:21:55 -0300] "GET /cormun/static/Shared/jqueryui/images/ui-icons_ebccce_256x240.png HTTP/1.1" 404 1089
186.103.159.46 - - [15/Mar/2018:16:21:55 -0300] "GET /cormun/servlet/solicitudot?f567940cf190d7a18cf2d7d2cc37cc941875695b03717ce324311f425d20e3bf,gx-no-cache=1521141663566 HTTP/1.1" 200 51
186.103.159.46 - - [15/Mar/2018:16:21:55 -0300] "POST /cormun/servlet/solicitudot?gx-no-cache=1521141663620 HTTP/1.1" 200 255
186.103.159.46 - - [15/Mar/2018:16:21:55 -0300] "GET /cormun/servlet/solicitudot?f567940cf190d7a18cf2d7d2cc37cc94912b1d1fcb103ea1de3b8c150bf4c25f649efaf072480cc264c8acbb81ec1dfc1e34e4fae701bef87859e7751d5cc6e5d8f8608b53ba2f17b21dcf519f119477f173213c5137a6289ac6189a315ea250c81b4f2cfa6273ac3449e03ae4bf3a2165877d3c5b573d6c968c20b18dabb96e1534c110931ba10bf3dd75dc0f50671d0c88bdea8e8927c60a2cc7a79f3597ad2ac8d6a40b36349f7860287be0f26b21e1b910f8a261803fbe74090f0f9d6ea16ab3270ab46897f4786e620e7385b9788b426db74b42adaa7e728567dffeae36b0048220d08413ee7f2bdef79f11ab147841b097e8d652a2b5f5aedbed5664dfa5fcf733cf1113993ab35d5b8581ca9e62e3b05a01a03ae8239714c05b7d5acbf3f3a580e155a627291505a124c465974e2f15fbea3ccff6608d061de431e8b48ec8dcd01eb148f2f71ff3f487aa3f825599c4a1d588d2cc42394c18a5ad94784d65720bab6882670404904d789c078be83fa6d57134b633dfe93b8c27115abd,gx-no-cache=1521141663669 HTTP/1.1" 200 30
186.103.159.46 - - [15/Mar/2018:16:21:58 -0300] "POST /cormun/servlet/solicitudot?gx-no-cache=1521141666747 HTTP/1.1" 200 30
186.103.159.46 - - [15/Mar/2018:16:22:05 -0300] "GET /cormun/servlet/prcontratosol?9882379,,,,,MD,,gxPopupLevel%3D0%3B HTTP/1.1" 200 8439
192.168.10.89 - - [15/Mar/2018:16:22:19 -0300] "POST /cormun/servlet/securityusers?0304c0760036b230307f6f49ea5321cb,INS,0,,gx-no-cache=1521141575145 HTTP/1.1" 500 10
186.103.159.46 - - [15/Mar/2018:16:23:12 -0300] "POST /cormun/servlet/solicitudot?gx-no-cache=1521141740963 HTTP/1.1" 200 1336
186.103.159.46 - - [15/Mar/2018:16:23:12 -0300] "POST /cormun/servlet/solicitudot?gx-no-cache=1521141741074 HTTP/1.1" 200 38
186.103.159.46 - - [15/Mar/2018:16:23:12 -0300] "GET /cormun/servlet/solicitudot?f567940cf190d7a18cf2d7d2cc37cc94bd5b8493eb47a7961841a7b4bc98ce59b8ab94f3bd93953afacac0b0c9433651b8b163327ecc9bb3e91d02e49687809871e42af1318b39cd2f5d881db26bd79bd488a5ebe208dc87190938220b38f24b08cada518bcf56457c48bf1a5675037ecc4fe228f0adaa5e83d3375eae68b6fa5b5d7eccac1962fe1f781353d6d17848aacd949451e24f7917a8cd17967d6e8a,gx-no-cache=1521141741116 HTTP/1.1" 200 29
186.103.159.46 - - [15/Mar/2018:16:23:13 -0300] "POST /cormun/servlet/solicitudot?gx-no-cache=1521141741156 HTTP/1.1" 200 1318
186.103.159.46 - - [15/Mar/2018:16:23:13 -0300] "POST /cormun/servlet/solicitudot?gx-no-cache=1521141741229 HTTP/1.1" 200 1218
186.103.159.46 - - [15/Mar/2018:16:23:13 -0300] "GET /cormun/servlet/solicitudot?f567940cf190d7a18cf2d7d2cc37cc94f676d7e139d56148b1a0b21524e941a9c3962859a6d18460da38ff832d20e254,gx-no-cache=1521141741286 HTTP/1.1" 200 134
192.168.10.89 - - [15/Mar/2018:16:23:23 -0300] "GET /cormun/servlet/hlogin HTTP/1.1" 200 1722
192.168.10.89 - - [15/Mar/2018:16:23:32 -0300] "POST /cormun/servlet/hlogin?0304c0760036b230307f6f49ea5321cb,gx-no-cache=1521141648618 HTTP/1.1" 200 432
192.168.10.89 - - [15/Mar/2018:16:23:38 -0300] "POST /cormun/servlet/hlogin?0304c0760036b230307f6f49ea5321cb,gx-no-cache=1521141654471 HTTP/1.1" 200 90
192.168.10.89 - - [15/Mar/2018:16:23:38 -0300] "GET /cormun/servlet/hpexe_link HTTP/1.1" 200 964
192.168.10.89 - - [15/Mar/2018:16:23:39 -0300] "GET /cormun/servlet/securityusers?INS,0, HTTP/1.1" 200 7871
192.168.10.89 - - [15/Mar/2018:16:23:43 -0300] "GET /cormun/servlet/trsecurityuser01? HTTP/1.1" 200 7234
192.168.10.89 - - [15/Mar/2018:16:23:48 -0300] "GET /cormun/servlet/securityusers?INS,0, HTTP/1.1" 200 7869
192.168.10.89 - - [15/Mar/2018:16:24:23 -0300] "POST /cormun/servlet/securityusers?0304c0760036b230307f6f49ea5321cb,INS,0,,gx-no-cache=1521141699080 HTTP/1.1" 500 10
192.168.10.89 - - [15/Mar/2018:16:25:17 -0300] "GET /cormun/servlet/hlogin HTTP/1.1" 200 1743
192.168.10.89 - - [15/Mar/2018:16:25:29 -0300] "GET /cormun/servlet/hlogin HTTP/1.1" 200 1728
186.103.159.46 - - [15/Mar/2018:16:25:29 -0300] "POST /cormun/servlet/solicitudot?gx-no-cache=1521141877952 HTTP/1.1" 200 1318
186.103.159.46 - - [15/Mar/2018:16:25:30 -0300] "POST /cormun/servlet/solicitudot?gx-no-cache=1521141878146 HTTP/1.1" 200 1218
186.103.159.46 - - [15/Mar/2018:16:25:30 -0300] "GET /cormun/static/menuarrow.gif HTTP/1.1" 404 1015
186.103.159.46 - - [15/Mar/2018:16:25:31 -0300] "POST /cormun/servlet/solicitudot?gx-no-cache=1521141879891 HTTP/1.1" 200 1318
186.103.159.46 - - [15/Mar/2018:16:25:31 -0300] "POST /cormun/servlet/solicitudot?gx-no-cache=1521141879988 HTTP/1.1" 200 1218
192.168.10.89 - - [15/Mar/2018:16:25:36 -0300] "POST /cormun/servlet/hlogin?1aa2df1c8b0046616c5bb5c2015c4021,gx-no-cache=1521141772327 HTTP/1.1" 200 90
192.168.10.89 - - [15/Mar/2018:16:25:36 -0300] "GET /cormun/servlet/hpexe_link HTTP/1.1" 200 956
192.168.10.89 - - [15/Mar/2018:16:25:36 -0300] "GET /cormun/servlet/hhome HTTP/1.1" 200 4928
192.168.10.89 - - [15/Mar/2018:16:25:41 -0300] "GET /cormun/servlet/trsecurityuser01? HTTP/1.1" 200 12370
186.103.159.46 - - [15/Mar/2018:16:25:43 -0300] "GET /cormun/servlet/solicitudot?f567940cf190d7a18cf2d7d2cc37cc94c44326a45f0e44784f77cf6bb9f0bb63b3db1635aeb141723c054db7bdd1cbb4,gx-no-cache=1521141891970 HTTP/1.1" 200 30
192.168.10.89 - - [15/Mar/2018:16:25:49 -0300] "POST /cormun/servlet/trsecurityuser01?1aa2df1c8b0046616c5bb5c2015c4021,,gx-no-cache=1521141785480 HTTP/1.1" 200 7748
192.168.10.89 - - [15/Mar/2018:16:26:00 -0300] "GET /cormun/servlet/securityusers?INS,0, HTTP/1.1" 200 7874
192.168.10.89 - - [15/Mar/2018:16:26:35 -0300] "POST /cormun/servlet/securityusers?1aa2df1c8b0046616c5bb5c2015c4021,INS,0,,gx-no-cache=1521141830872 HTTP/1.1" 500 10
186.103.156.24 - - [15/Mar/2018:16:26:48 -0300] "GET /cormun/servlet/hlogin HTTP/1.1" 200 1715
192.168.10.96 - - [15/Mar/2018:16:27:11 -0300] "GET /cormun/servlet/trsolicitudgral? HTTP/1.1" 500 10
192.168.10.96 - - [15/Mar/2018:16:27:14 -0300] "GET /cormun/servlet/hlogin HTTP/1.1" 200 1723
192.168.10.96 - - [15/Mar/2018:16:27:14 -0300] "GET /cormun/servlet/hlogin HTTP/1.1" 200 1734
192.168.10.96 - - [15/Mar/2018:16:27:22 -0300] "POST /cormun/servlet/hlogin?1c1f66d497f986b83cd397853f5a193e,gx-no-cache=1521141878375 HTTP/1.1" 200 90
192.168.10.96 - - [15/Mar/2018:16:27:22 -0300] "GET /cormun/servlet/hpexe_link HTTP/1.1" 200 952
192.168.10.96 - - [15/Mar/2018:16:27:22 -0300] "GET /cormun/servlet/hhome HTTP/1.1" 200 4707
192.168.10.96 - - [15/Mar/2018:16:27:23 -0300] "GET /cormun/servlet/hhome HTTP/1.1" 200 4706
192.168.10.96 - - [15/Mar/2018:16:27:26 -0300] "GET /cormun/servlet/trsolicitudgral? HTTP/1.1" 200 28836
192.168.10.96 - - [15/Mar/2018:16:27:27 -0300] "GET /cormun/servlet/trsolicitudgral? HTTP/1.1" 200 28833
186.103.159.46 - - [15/Mar/2018:16:27:29 -0300] "POST /cormun/servlet/solicitudot?gx-no-cache=1521141997703 HTTP/1.1" 200 1317
186.103.159.46 - - [15/Mar/2018:16:27:30 -0300] "POST /cormun/servlet/solicitudot?gx-no-cache=1521141997842 HTTP/1.1" 200 1218
186.103.159.46 - - [15/Mar/2018:16:27:30 -0300] "POST /cormun/servlet/solicitudot?gx-no-cache=1521141998351 HTTP/1.1" 200 33
186.103.159.46 - - [15/Mar/2018:16:27:30 -0300] "POST /cormun/servlet/solicitudot?7e21d59f701ba5201d658d9b483fea38,INS,0,0,,gx-no-cache=1521141998469 HTTP/1.1" 200 11964
192.168.10.96 - - [15/Mar/2018:16:27:36 -0300] "GET /cormun/servlet/trsecurityuser01? HTTP/1.1" 200 12165
192.168.10.96 - - [15/Mar/2018:16:27:36 -0300] "GET /cormun/static/Resources/Spanish/PXTools.css?17315867 HTTP/1.1" 304 -
192.168.10.96 - - [15/Mar/2018:16:27:36 -0300] "GET /cormun/static/gxcfg.js?201762721181157 HTTP/1.1" 304 -
192.168.10.96 - - [15/Mar/2018:16:27:36 -0300] "GET /cormun/servlet/trsecurityuser01? HTTP/1.1" 200 12165
192.168.10.96 - - [15/Mar/2018:16:27:39 -0300] "GET /cormun/servlet/securityusers?INS,0, HTTP/1.1" 200 7651
192.168.10.96 - - [15/Mar/2018:16:27:39 -0300] "GET /cormun/static/gxcfg.js?20176272118832 HTTP/1.1" 304 -
192.168.10.96 - - [15/Mar/2018:16:27:39 -0300] "GET /cormun/servlet/securityusers?INS,0, HTTP/1.1" 200 7650
192.168.10.96 - - [15/Mar/2018:16:28:48 -0300] "POST /cormun/servlet/securityusers?1c1f66d497f986b83cd397853f5a193e,INS,0,,gx-no-cache=1521141963874 HTTP/1.1" 500 10
192.168.10.96 - - [15/Mar/2018:16:28:58 -0300] "GET /cormun/servlet/hlogin HTTP/1.1" 200 1723
192.168.10.96 - - [15/Mar/2018:16:29:04 -0300] "POST /cormun/servlet/hlogin?1c1f66d497f986b83cd397853f5a193e,gx-no-cache=1521141980063 HTTP/1.1" 200 432
192.168.10.96 - - [15/Mar/2018:16:29:13 -0300] "POST /cormun/servlet/hlogin?1c1f66d497f986b83cd397853f5a193e,gx-no-cache=1521141989101 HTTP/1.1" 200 90
192.168.10.96 - - [15/Mar/2018:16:29:13 -0300] "GET /cormun/servlet/hpexe_link HTTP/1.1" 200 965
192.168.10.96 - - [15/Mar/2018:16:29:13 -0300] "GET /cormun/servlet/securityusers?INS,0, HTTP/1.1" 200 7652
192.168.10.96 - - [15/Mar/2018:16:29:14 -0300] "GET /cormun/servlet/securityusers?INS,0, HTTP/1.1" 200 7650
192.168.10.96 - - [15/Mar/2018:16:29:20 -0300] "GET /cormun/servlet/trsecurityuser01? HTTP/1.1" 200 12172
192.168.10.96 - - [15/Mar/2018:16:29:20 -0300] "GET /cormun/servlet/trsecurityuser01? HTTP/1.1" 200 12165
192.168.10.96 - - [15/Mar/2018:16:29:24 -0300] "POST /cormun/servlet/trsecurityuser01?1c1f66d497f986b83cd397853f5a193e,,gx-no-cache=1521141999905 HTTP/1.1" 200 5082
192.168.10.96 - - [15/Mar/2018:16:29:28 -0300] "GET /cormun/servlet/securityusers?UPD,34, HTTP/1.1" 200 7763
192.168.10.96 - - [15/Mar/2018:16:29:28 -0300] "GET /cormun/servlet/securityusers?UPD,34, HTTP/1.1" 200 7762
186.103.159.230 - - [15/Mar/2018:16:29:40 -0300] "GET /cormun/servlet/hlogin HTTP/1.1" 200 1727
186.103.159.46 - - [15/Mar/2018:16:29:40 -0300] "GET /cormun/servlet/solicitudot?f567940cf190d7a18cf2d7d2cc37cc94f3e8b4f96293ea69176201315560fc4d04e0f10dffbae55f178291671e9c794a1cd2d1a4e6aef9f9c7c4fdedb4df6170,gx-no-cache=1521142128900 HTTP/1.1" 200 30
186.103.159.46 - - [15/Mar/2018:16:29:40 -0300] "POST /cormun/servlet/solicitudot?gx-no-cache=1521142128980 HTTP/1.1" 200 256
186.103.159.46 - - [15/Mar/2018:16:29:40 -0300] "GET /cormun/servlet/solicitudot?f567940cf190d7a18cf2d7d2cc37cc94912b1d1fcb103ea1de3b8c150bf4c25f649efaf072480cc264c8acbb81ec1dfc1e34e4fae701bef87859e7751d5cc6e5d8f8608b53ba2f17b21dcf519f119477f173213c5137a6289ac6189a315ea250c81b4f2cfa6273ac3449e03ae4bf3a2165877d3c5b573d6c968c20b18dabb96e1534c110931ba10bf3dd75dc0f50671d0c88bdea8e8927c60a2cc7a79f3597ad2ac8d6a40b36349f7860287be0f26b21e1b910f8a261803fbe74090f0f9d6ea16ab3270ab46897f4786e620e7385b9788b426db74b42adaa7e728567dffeae36b0048220d08413ee7f2bdef79f11ab147841b097e8d652a2b5f5aedbed5664dfa5fcf733cf1113993ab35d5b8581ca9e62e3b05a01a03ae8239714c05b7d5acbf3f3a580e155a627291505a124c465974e2f15fbea3ccff6608d061de431e8b48ec8dcd01eb148f2f71ff3f487aa3f825599c4a1d588d2cc42394c18a5ad94784d65720bab6882670404904d789c078b8df1f143985728c380b57e5263322564,gx-no-cache=1521142129047 HTTP/1.1" 200 30
186.103.159.46 - - [15/Mar/2018:16:29:41 -0300] "POST /cormun/servlet/solicitudot?gx-no-cache=1521142129093 HTTP/1.1" 200 30
186.103.159.46 - - [15/Mar/2018:16:29:41 -0300] "POST /cormun/servlet/solicitudot?gx-no-cache=1521142129517 HTTP/1.1" 200 1335
186.103.159.46 - - [15/Mar/2018:16:29:41 -0300] "POST /cormun/servlet/solicitudot?gx-no-cache=1521142129592 HTTP/1.1" 200 41
186.103.159.46 - - [15/Mar/2018:16:29:41 -0300] "POST /cormun/servlet/solicitudot?gx-no-cache=1521142129639 HTTP/1.1" 200 1317
186.103.159.46 - - [15/Mar/2018:16:29:41 -0300] "POST /cormun/servlet/solicitudot?gx-no-cache=1521142129729 HTTP/1.1" 200 1218
186.103.159.46 - - [15/Mar/2018:16:29:41 -0300] "GET /cormun/servlet/solicitudot?f567940cf190d7a18cf2d7d2cc37cc94c44326a45f0e44784f77cf6bb9f0bb63b3db1635aeb141723c054db7bdd1cbb4,gx-no-cache=1521142129805 HTTP/1.1" 200 30
186.103.159.46 - - [15/Mar/2018:16:29:41 -0300] "POST /cormun/servlet/solicitudot?gx-no-cache=1521142129868 HTTP/1.1" 200 33
186.103.159.46 - - [15/Mar/2018:16:29:41 -0300] "POST /cormun/servlet/solicitudot?7e21d59f701ba5201d658d9b483fea38,INS,0,0,,gx-no-cache=1521142129964 HTTP/1.1" 200 12021
192.168.10.89 - - [15/Mar/2018:16:29:56 -0300] "GET /cormun/servlet/hlogin HTTP/1.1" 200 1721
192.168.10.89 - - [15/Mar/2018:16:30:04 -0300] "POST /cormun/servlet/hlogin?3d029ccfcb6a8618f3fa0069a0c193d6,gx-no-cache=1521142039633 HTTP/1.1" 200 90
192.168.10.89 - - [15/Mar/2018:16:30:04 -0300] "GET /cormun/servlet/hpexe_link HTTP/1.1" 200 950
192.168.10.89 - - [15/Mar/2018:16:30:04 -0300] "GET /cormun/servlet/hhome HTTP/1.1" 200 4140
192.168.10.89 - - [15/Mar/2018:16:30:38 -0300] "GET /cormun/servlet/trsolicitudot? HTTP/1.1" 200 7357
186.103.159.230 - - [15/Mar/2018:16:30:49 -0300] "POST /cormun/servlet/hlogin?26d9aa2dc2cf3af0c3c65c0ce4581344,gx-no-cache=1521142206077 HTTP/1.1" 200 437
192.168.10.89 - - [15/Mar/2018:16:30:50 -0300] "POST /cormun/servlet/trsolicitudot?3d029ccfcb6a8618f3fa0069a0c193d6,,gx-no-cache=1521142086501 HTTP/1.1" 200 7848
186.103.159.230 - - [15/Mar/2018:16:31:02 -0300] "POST /cormun/servlet/hlogin?26d9aa2dc2cf3af0c3c65c0ce4581344,gx-no-cache=1521142219111 HTTP/1.1" 200 90
186.103.159.230 - - [15/Mar/2018:16:31:02 -0300] "GET /cormun/servlet/hpexe_link HTTP/1.1" 200 951
186.103.159.230 - - [15/Mar/2018:16:31:03 -0300] "GET /cormun/servlet/hhome HTTP/1.1" 200 4153
186.103.159.230 - - [15/Mar/2018:16:31:03 -0300] "GET /cormun/servlet/hhome HTTP/1.1" 200 4149
186.103.159.230 - - [15/Mar/2018:16:31:06 -0300] "GET /cormun/servlet/trlicencias? HTTP/1.1" 200 8524
186.103.159.230 - - [15/Mar/2018:16:31:07 -0300] "GET /cormun/servlet/trlicencias? HTTP/1.1" 200 8521
192.168.10.89 - - [15/Mar/2018:16:31:07 -0300] "POST /cormun/servlet/trsolicitudot?3d029ccfcb6a8618f3fa0069a0c193d6,,gx-no-cache=1521142102955 HTTP/1.1" 200 7390
192.168.10.89 - - [15/Mar/2018:16:31:07 -0300] "POST /cormun/servlet/trsolicitudot?3d029ccfcb6a8618f3fa0069a0c193d6,,gx-no-cache=1521142103322 HTTP/1.1" 200 7371
192.168.10.89 - - [15/Mar/2018:16:31:11 -0300] "POST /cormun/servlet/trsolicitudot?3d029ccfcb6a8618f3fa0069a0c193d6,,gx-no-cache=1521142107072 HTTP/1.1" 200 6887
186.103.159.230 - - [15/Mar/2018:16:31:11 -0300] "GET /cormun/servlet/licenciaspermisos?INS,0,,, HTTP/1.1" 200 7682
192.168.10.89 - - [15/Mar/2018:16:31:11 -0300] "POST /cormun/servlet/trsolicitudot?3d029ccfcb6a8618f3fa0069a0c193d6,,gx-no-cache=1521142107487 HTTP/1.1" 200 6867
186.103.159.230 - - [15/Mar/2018:16:31:12 -0300] "GET /cormun/servlet/licenciaspermisos?INS,0,,, HTTP/1.1" 200 7690
192.168.10.89 - - [15/Mar/2018:16:31:17 -0300] "POST /cormun/servlet/trsolicitudot?3d029ccfcb6a8618f3fa0069a0c193d6,,gx-no-cache=1521142113447 HTTP/1.1" 200 6641
192.168.10.89 - - [15/Mar/2018:16:31:18 -0300] "POST /cormun/servlet/trsolicitudot?3d029ccfcb6a8618f3fa0069a0c193d6,,gx-no-cache=1521142113906 HTTP/1.1" 200 6621
186.103.159.230 - - [15/Mar/2018:16:31:19 -0300] "GET /cormun/servlet/prfichaempleado?,MD,,gxPopupLevel%3D0%3B HTTP/1.1" 200 9305
192.168.10.89 - - [15/Mar/2018:16:31:21 -0300] "POST /cormun/servlet/trsolicitudot?3d029ccfcb6a8618f3fa0069a0c193d6,,gx-no-cache=1521142116700 HTTP/1.1" 200 6254
192.168.10.89 - - [15/Mar/2018:16:31:21 -0300] "POST /cormun/servlet/trsolicitudot?3d029ccfcb6a8618f3fa0069a0c193d6,,gx-no-cache=1521142117156 HTTP/1.1" 200 6235
186.103.159.230 - - [15/Mar/2018:16:31:38 -0300] "POST /cormun/servlet/prfichaempleado?26d9aa2dc2cf3af0c3c65c0ce4581344,,MD,,gxPopupLevel%3D0%3B,gx-no-cache=1521142255066 HTTP/1.1" 200 3487
192.168.10.89 - - [15/Mar/2018:16:31:39 -0300] "POST /cormun/servlet/trsolicitudot?3d029ccfcb6a8618f3fa0069a0c193d6,,gx-no-cache=1521142135299 HTTP/1.1" 200 5844
192.168.10.89 - - [15/Mar/2018:16:31:40 -0300] "POST /cormun/servlet/trsolicitudot?3d029ccfcb6a8618f3fa0069a0c193d6,,gx-no-cache=1521142135821 HTTP/1.1" 200 5824
192.168.10.96 - - [15/Mar/2018:16:31:40 -0300] "GET /cormun/servlet/trsolicitudgral? HTTP/1.1" 200 28841
192.168.10.96 - - [15/Mar/2018:16:31:42 -0300] "GET /cormun/servlet/trsolicitudgral? HTTP/1.1" 200 28833
186.103.156.24 - - [15/Mar/2018:16:31:51 -0300] "GET /cormun/servlet/hlogin HTTP/1.1" 200 1720
186.103.156.24 - - [15/Mar/2018:16:31:51 -0300] "GET /cormun/static/gxcfg.js?20175251213516 HTTP/1.1" 304 -
186.103.156.24 - - [15/Mar/2018:16:31:51 -0300] "GET /cormun/static/messages.spa.js?85251 HTTP/1.1" 304 -
186.103.156.24 - - [15/Mar/2018:16:31:52 -0300] "GET /cormun/servlet/hlogin HTTP/1.1" 200 1730
186.103.159.230 - - [15/Mar/2018:16:32:02 -0300] "GET /cormun/servlet/licenciaspermisos?70acd0f6eae5ed20f9e1cd8f0eb260c97194a2c29ddcc8df510a849f13cd70b76502e49251f5d898c4de380b82843ed1,gx-no-cache=1521142278381 HTTP/1.1" 200 108
186.103.159.230 - - [15/Mar/2018:16:32:02 -0300] "POST /cormun/servlet/licenciaspermisos?26d9aa2dc2cf3af0c3c65c0ce4581344,INS,0,,,,gx-no-cache=1521142278501 HTTP/1.1" 200 4898
192.168.10.89 - - [15/Mar/2018:16:32:05 -0300] "POST /cormun/servlet/trsolicitudot?3d029ccfcb6a8618f3fa0069a0c193d6,,gx-no-cache=1521142161243 HTTP/1.1" 200 4660
192.168.10.89 - - [15/Mar/2018:16:32:06 -0300] "POST /cormun/servlet/trsolicitudot?3d029ccfcb6a8618f3fa0069a0c193d6,,gx-no-cache=1521142161802 HTTP/1.1" 200 4462
186.103.156.24 - - [15/Mar/2018:16:32:11 -0300] "POST /cormun/servlet/hlogin?ad03a6d06303b04385de5ec26ec84b0d,gx-no-cache=1521142280587 HTTP/1.1" 200 90
186.103.156.24 - - [15/Mar/2018:16:32:11 -0300] "GET /cormun/servlet/hpexe_link HTTP/1.1" 200 950
186.103.156.24 - - [15/Mar/2018:16:32:11 -0300] "GET /cormun/static/gxcfg.js?20177612121792 HTTP/1.1" 304 -
186.103.156.24 - - [15/Mar/2018:16:32:11 -0300] "GET /cormun/servlet/hhome HTTP/1.1" 200 4235
186.103.156.24 - - [15/Mar/2018:16:32:12 -0300] "GET /cormun/static/gxcfg.js?20175251212442 HTTP/1.1" 304 -
186.103.156.24 - - [15/Mar/2018:16:32:12 -0300] "GET /cormun/servlet/hhome HTTP/1.1" 200 4231
186.103.156.24 - - [15/Mar/2018:16:32:21 -0300] "GET /cormun/servlet/trsolicitudot? HTTP/1.1" 200 7447
186.103.156.24 - - [15/Mar/2018:16:32:21 -0300] "GET /cormun/static/gxcfg.js?2017111422585916 HTTP/1.1" 304 -
186.103.156.24 - - [15/Mar/2018:16:32:21 -0300] "GET /cormun/servlet/trsolicitudot? HTTP/1.1" 200 7447
186.103.156.24 - - [15/Mar/2018:16:32:31 -0300] "POST /cormun/servlet/trsolicitudot?ad03a6d06303b04385de5ec26ec84b0d,,gx-no-cache=1521142300902 HTTP/1.1" 200 4469
186.103.156.24 - - [15/Mar/2018:16:32:36 -0300] "POST /cormun/servlet/trsolicitudot?ad03a6d06303b04385de5ec26ec84b0d,,gx-no-cache=1521142306045 HTTP/1.1" 200 6770
192.168.10.89 - - [15/Mar/2018:16:32:42 -0300] "GET /cormun/servlet/solicitudot?INS,0,0, HTTP/1.1" 200 13588
186.103.159.46 - - [15/Mar/2018:16:32:47 -0300] "GET /cormun/servlet/solicitudot?f567940cf190d7a18cf2d7d2cc37cc94f3e8b4f96293ea69176201315560fc4d04e0f10dffbae55f178291671e9c794a1cd2d1a4e6aef9f9c7c4fdedb4df6170,gx-no-cache=1521142315723 HTTP/1.1" 200 30
186.103.159.46 - - [15/Mar/2018:16:32:47 -0300] "POST /cormun/servlet/solicitudot?gx-no-cache=1521142315806 HTTP/1.1" 200 256
186.103.159.46 - - [15/Mar/2018:16:32:47 -0300] "GET /cormun/servlet/solicitudot?f567940cf190d7a18cf2d7d2cc37cc94912b1d1fcb103ea1de3b8c150bf4c25f649efaf072480cc264c8acbb81ec1dfc1e34e4fae701bef87859e7751d5cc6e5d8f8608b53ba2f17b21dcf519f119477f173213c5137a6289ac6189a315ea250c81b4f2cfa6273ac3449e03ae4bf3a2165877d3c5b573d6c968c20b18dabb96e1534c110931ba10bf3dd75dc0f50671d0c88bdea8e8927c60a2cc7a79f3597ad2ac8d6a40b36349f7860287be0f26b21e1b910f8a261803fbe74090f0f9d6ea16ab3270ab46897f4786e620e7385b9788b426db74b42adaa7e728567dffeae36b0048220d08413ee7f2bdef79f11ab147841b097e8d652a2b5f5aedbed5664dfa5fcf733cf1113993ab35d5b8581ca9e62e3b05a01a03ae8239714c05b7d5acbf3f3a580e155a627291505a124c465974e2f15fbea3ccff6608d061de431e8b48ec8dcd01eb148f2f71ff3f487aa3f825599c4a1d588d2cc42394c18a5ad94784d65720bab6882670404904d789c078b8df1f143985728c380b57e5263322564,gx-no-cache=1521142315880 HTTP/1.1" 200 30
186.103.159.46 - - [15/Mar/2018:16:32:47 -0300] "POST /cormun/servlet/solicitudot?gx-no-cache=1521142315921 HTTP/1.1" 200 30
186.103.159.46 - - [15/Mar/2018:16:32:47 -0300] "POST /cormun/servlet/solicitudot?gx-no-cache=1521142315975 HTTP/1.1" 200 1335
186.103.159.46 - - [15/Mar/2018:16:32:47 -0300] "POST /cormun/servlet/solicitudot?gx-no-cache=1521142316041 HTTP/1.1" 200 41
186.103.159.46 - - [15/Mar/2018:16:32:47 -0300] "POST /cormun/servlet/solicitudot?gx-no-cache=1521142316083 HTTP/1.1" 200 1317
186.103.159.46 - - [15/Mar/2018:16:32:48 -0300] "POST /cormun/servlet/solicitudot?gx-no-cache=1521142316166 HTTP/1.1" 200 1218
186.103.159.46 - - [15/Mar/2018:16:32:48 -0300] "GET /cormun/servlet/solicitudot?f567940cf190d7a18cf2d7d2cc37cc94c44326a45f0e44784f77cf6bb9f0bb63b3db1635aeb141723c054db7bdd1cbb4,gx-no-cache=1521142316246 HTTP/1.1" 200 30
186.103.159.46 - - [15/Mar/2018:16:32:48 -0300] "POST /cormun/servlet/solicitudot?gx-no-cache=1521142316304 HTTP/1.1" 200 33
186.103.156.24 - - [15/Mar/2018:16:32:48 -0300] "POST /cormun/servlet/trsolicitudot?ad03a6d06303b04385de5ec26ec84b0d,,gx-no-cache=1521142317260 HTTP/1.1" 200 4471
186.103.159.46 - - [15/Mar/2018:16:32:48 -0300] "POST /cormun/servlet/solicitudot?7e21d59f701ba5201d658d9b483fea38,INS,0,0,,gx-no-cache=1521142316395 HTTP/1.1" 200 93
186.103.159.46 - - [15/Mar/2018:16:32:48 -0300] "GET /cormun/servlet/hpexe_return? HTTP/1.1" 200 1010
186.103.159.46 - - [15/Mar/2018:16:32:48 -0300] "GET /cormun/servlet/trsolicitudot HTTP/1.1" 200 8650
186.103.159.46 - - [15/Mar/2018:16:32:49 -0300] "GET /cormun/servlet/trsolicitudot HTTP/1.1" 200 8647
192.168.10.89 - - [15/Mar/2018:16:32:50 -0300] "GET /cormun/servlet/prfichaempleado?,MD,,gxPopupLevel%3D0%3B HTTP/1.1" 200 9283
200.111.191.210 - - [15/Mar/2018:16:32:55 -0300] "GET /cormun/servlet/trsolicitudot? HTTP/1.1" 200 6398
200.111.191.210 - - [15/Mar/2018:16:32:56 -0300] "GET /cormun/servlet/hlogin HTTP/1.1" 200 1738
200.111.191.210 - - [15/Mar/2018:16:32:56 -0300] "GET /cormun/servlet/trsolicitudot? HTTP/1.1" 200 6393
186.103.156.24 - - [15/Mar/2018:16:32:56 -0300] "POST /cormun/servlet/trsolicitudot?ad03a6d06303b04385de5ec26ec84b0d,,gx-no-cache=1521142325804 HTTP/1.1" 200 11739
192.168.10.89 - - [15/Mar/2018:16:32:57 -0300] "POST /cormun/servlet/prfichaempleado?3d029ccfcb6a8618f3fa0069a0c193d6,,MD,,gxPopupLevel%3D0%3B,gx-no-cache=1521142212802 HTTP/1.1" 200 3878
200.111.191.210 - - [15/Mar/2018:16:33:02 -0300] "POST /cormun/servlet/hlogin?4619e6b51e7eb6c1619f4df0a021d16b,gx-no-cache=1521142332493 HTTP/1.1" 200 90
200.111.191.210 - - [15/Mar/2018:16:33:02 -0300] "GET /cormun/servlet/hpexe_link HTTP/1.1" 200 952
200.111.191.210 - - [15/Mar/2018:16:33:02 -0300] "GET /cormun/servlet/hhome HTTP/1.1" 200 4194
200.111.191.210 - - [15/Mar/2018:16:33:03 -0300] "GET /cormun/servlet/hhome HTTP/1.1" 200 4190
192.168.10.89 - - [15/Mar/2018:16:33:06 -0300] "POST /cormun/servlet/solicitudot?gx-no-cache=1521142222085 HTTP/1.1" 200 3367
192.168.10.89 - - [15/Mar/2018:16:33:06 -0300] "POST /cormun/servlet/solicitudot?3d029ccfcb6a8618f3fa0069a0c193d6,INS,0,0,,gx-no-cache=1521142222301 HTTP/1.1" 200 10535
186.103.156.24 - - [15/Mar/2018:16:33:24 -0300] "GET /cormun/servlet/vesolicitudot?2018,10156,, HTTP/1.1" 200 8646
186.103.156.24 - - [15/Mar/2018:16:33:24 -0300] "GET /cormun/static/gxcfg.js?2017111422591385 HTTP/1.1" 304 -
186.103.156.24 - - [15/Mar/2018:16:33:24 -0300] "GET /cormun/pexe_scrolldiv.js HTTP/1.1" 404 1009
186.103.156.24 - - [15/Mar/2018:16:33:24 -0300] "GET /cormun/pexe_scrolldiv.js HTTP/1.1" 404 1009
186.103.156.24 - - [15/Mar/2018:16:33:25 -0300] "GET /cormun/servlet/vesolicitudot?2018,10156,, HTTP/1.1" 200 8645
192.168.10.96 - - [15/Mar/2018:16:33:26 -0300] "GET /cormun/servlet/trcargahorariagral? HTTP/1.1" 200 10581
192.168.10.96 - - [15/Mar/2018:16:33:26 -0300] "GET /cormun/static/gxcfg.js?20182614244957 HTTP/1.1" 200 953
192.168.10.96 - - [15/Mar/2018:16:33:26 -0300] "GET /cormun/static/trcargahorariagral.js?20182614245252 HTTP/1.1" 200 19897
192.168.10.96 - - [15/Mar/2018:16:33:27 -0300] "GET /cormun/servlet/trcargahorariagral? HTTP/1.1" 200 10581
192.168.10.96 - - [15/Mar/2018:16:33:30 -0300] "GET /cormun/servlet/trestablecimiento? HTTP/1.1" 200 7074
192.168.10.96 - - [15/Mar/2018:16:33:30 -0300] "GET /cormun/static/gxcfg.js?20181312016440 HTTP/1.1" 200 953
192.168.10.96 - - [15/Mar/2018:16:33:30 -0300] "GET /cormun/static/trestablecimiento.js?20181312016683 HTTP/1.1" 200 13165
192.168.10.96 - - [15/Mar/2018:16:33:30 -0300] "GET /cormun/servlet/trestablecimiento? HTTP/1.1" 200 7074
186.103.156.24 - - [15/Mar/2018:16:33:31 -0300] "POST /cormun/servlet/vesolicitudot?ad03a6d06303b04385de5ec26ec84b0d,2018,10156,,,gx-no-cache=1521142360618 HTTP/1.1" 200 93
186.103.156.24 - - [15/Mar/2018:16:33:31 -0300] "GET /cormun/servlet/hpexe_return? HTTP/1.1" 200 1011
186.103.156.24 - - [15/Mar/2018:16:33:31 -0300] "GET /cormun/static/gxcfg.js?2016101716175148 HTTP/1.1" 304 -
186.103.156.24 - - [15/Mar/2018:16:33:32 -0300] "GET /cormun/servlet/trsolicitudot? HTTP/1.1" 200 14558
186.103.156.24 - - [15/Mar/2018:16:33:33 -0300] "GET /cormun/servlet/trsolicitudot? HTTP/1.1" 200 14553
200.111.191.210 - - [15/Mar/2018:16:33:46 -0300] "GET /cormun/servlet/trsolicitudot? HTTP/1.1" 200 7407
200.111.191.210 - - [15/Mar/2018:16:33:46 -0300] "GET /cormun/servlet/trsolicitudot? HTTP/1.1" 200 7406
200.111.191.210 - - [15/Mar/2018:16:33:48 -0300] "GET /cormun/static/menuarrow.gif HTTP/1.1" 404 1015
192.168.10.89 - - [15/Mar/2018:16:34:02 -0300] "POST /cormun/servlet/solicitudot?3d029ccfcb6a8618f3fa0069a0c193d6,INS,0,0,,gx-no-cache=1521142278262 HTTP/1.1" 200 93
192.168.10.89 - - [15/Mar/2018:16:34:02 -0300] "GET /cormun/servlet/hpexe_return? HTTP/1.1" 200 1008
192.168.10.89 - - [15/Mar/2018:16:34:02 -0300] "GET /cormun/servlet/trsolicitudot? HTTP/1.1" 200 7359
192.168.10.89 - - [15/Mar/2018:16:34:05 -0300] "GET /cormun/servlet/solicitudot?INS,0,0, HTTP/1.1" 200 13589
200.111.191.210 - - [15/Mar/2018:16:34:07 -0300] "POST /cormun/servlet/trsolicitudot?4619e6b51e7eb6c1619f4df0a021d16b,,gx-no-cache=1521142397277 HTTP/1.1" 200 16712
192.168.10.89 - - [15/Mar/2018:16:34:08 -0300] "GET /cormun/servlet/prfichaempleado?,MD,,gxPopupLevel%3D0%3B HTTP/1.1" 200 9283
192.168.10.96 - - [15/Mar/2018:16:34:10 -0300] "POST /cormun/servlet/trestablecimiento?1c1f66d497f986b83cd397853f5a193e,,gx-no-cache=1521142285674 HTTP/1.1" 200 6772
192.168.10.89 - - [15/Mar/2018:16:34:13 -0300] "POST /cormun/servlet/prfichaempleado?3d029ccfcb6a8618f3fa0069a0c193d6,,MD,,gxPopupLevel%3D0%3B,gx-no-cache=1521142288913 HTTP/1.1" 200 3878
192.168.10.96 - - [15/Mar/2018:16:34:14 -0300] "GET /cormun/servlet/trestablecimientocargahoraria?D-30, HTTP/1.1" 200 8424
192.168.10.96 - - [15/Mar/2018:16:34:14 -0300] "GET /cormun/static/gxcfg.js?20181312024626 HTTP/1.1" 200 953
192.168.10.96 - - [15/Mar/2018:16:34:14 -0300] "GET /cormun/static/trestablecimientocargahoraria.js?20181312024964 HTTP/1.1" 200 21479
192.168.10.96 - - [15/Mar/2018:16:34:14 -0300] "GET /cormun/servlet/trestablecimientocargahoraria?D-30, HTTP/1.1" 200 8428
192.168.10.89 - - [15/Mar/2018:16:34:15 -0300] "POST /cormun/servlet/solicitudot?gx-no-cache=1521142291468 HTTP/1.1" 200 3391
192.168.10.89 - - [15/Mar/2018:16:34:16 -0300] "POST /cormun/servlet/solicitudot?3d029ccfcb6a8618f3fa0069a0c193d6,INS,0,0,,gx-no-cache=1521142291668 HTTP/1.1" 200 10564
186.103.156.24 - - [15/Mar/2018:16:34:22 -0300] "GET /cormun/servlet/trcontratosolicitud? HTTP/1.1" 200 14836
186.103.156.24 - - [15/Mar/2018:16:34:22 -0300] "GET /cormun/static/gxcfg.js?20177612214014 HTTP/1.1" 304 -
186.103.156.24 - - [15/Mar/2018:16:34:23 -0300] "GET /cormun/servlet/trcontratosolicitud? HTTP/1.1" 200 14830
192.168.10.89 - - [15/Mar/2018:16:34:28 -0300] "GET /cormun/servlet/solicitudot?ee8f9a129fb959eaefc2d6a73749c9fa1b11a0000b6a3f79976d3cd118b7b4e75f327bb4e38100c646c2b68f5caa4647,gx-no-cache=1521142304449 HTTP/1.1" 200 30
192.168.10.89 - - [15/Mar/2018:16:34:28 -0300] "GET /cormun/servlet/solicitudot?ee8f9a129fb959eaefc2d6a73749c9faff781bca0e8d3946950ac11c20ba01527363b33ef9d32d29f6149bab87918b185f327bb4e38100c646c2b68f5caa4647,gx-no-cache=1521142304491 HTTP/1.1" 200 30
192.168.10.89 - - [15/Mar/2018:16:34:28 -0300] "GET /cormun/servlet/solicitudot?ee8f9a129fb959eaefc2d6a73749c9fa9d7b64d23d7ad1e99c3df0d1a3beb6f9,gx-no-cache=1521142304510 HTTP/1.1" 200 51
192.168.10.89 - - [15/Mar/2018:16:34:28 -0300] "POST /cormun/servlet/solicitudot?gx-no-cache=1521142304534 HTTP/1.1" 200 255
192.168.10.89 - - [15/Mar/2018:16:34:28 -0300] "GET /cormun/servlet/solicitudot?ee8f9a129fb959eaefc2d6a73749c9fa184e7d8f6a44a12856370d41e8c4f8337385abe372d97c7a775fafe4c2a0fbdd305af9d5a4f954d4ab6eeafec3f6754956b2404da1d8d413adfa9b3be829f0101bb4586f3372200e42e2c37250e08e68d2235ef4cf4ec47b528550c3ecd14240983dd5f530191f845d03ce68a362a56eb1867aeb61942568f6311588c8a0d1b12ae6df60aace6eebe96b4be64185fa45e96c45ce57db32f358c5a86161b9bfe11354d94555b31f0b9a8151232b1bd4bd0ca6da943c656ff82a5daaeb54d8f8072d293d946b2c06967d4268335331c76ce60f89ac2f9edf77c1e4a8038feeb61e0a25d1c7f8a8ac070d3867b51cbdf9f25788c00ff41627183a8e072bdf883892da7dd8eca202b80d38f9bcd1fb928b2eee4b42df89761bb67ee90e056264cdd5125901f069385b26045598cdb655c2d6d7483d782bf71286ce4e1e9ae14f69c0be3893b6851ddc3df21255e21ec57febb98f4afc5b11596d9d587cfbfe4e310b38de35820059d0a6900bdaf5b4923306,gx-no-cache=1521142304573 HTTP/1.1" 200 30
192.168.10.89 - - [15/Mar/2018:16:34:41 -0300] "POST /cormun/servlet/solicitudot?gx-no-cache=1521142317022 HTTP/1.1" 200 30
192.168.10.89 - - [15/Mar/2018:16:34:57 -0300] "GET /cormun/servlet/prcontratosol?11842464,,,,,MD,,gxPopupLevel%3D0%3B HTTP/1.1" 200 7426
186.103.159.230 - - [15/Mar/2018:16:34:57 -0300] "GET /cormun/servlet/licenciaspermisos?70acd0f6eae5ed20f9e1cd8f0eb260c9ee5b52e1faa4ef180d411882fec0fe62963a0c4511c8202a39611def977961f6c9aabf31fa5ec8474a736d50136e7105bb7d218060e7a4a23c6853abc730368f2a85bb2180e8e03f00ddf8468d224901b358c5359a0e08c933586028452e5766e844862c0990a05802270131fc691f23b24b45a3424e0e87de0bd2ed95db03178360a065cc05da502824e548ad3d3ff1e41789f64f5e4bb24586f1c36529e8ab74a764839497787ab9565fc6b3414fa61983fcd673cb4a0f601fc72b61d0fe6cecdd3b20617a33a8a8ed572c4298079c,gx-no-cache=1521142453974 HTTP/1.1" 200 30
186.103.159.230 - - [15/Mar/2018:16:34:57 -0300] "GET /cormun/servlet/licenciaspermisos?70acd0f6eae5ed20f9e1cd8f0eb260c9123e85db1cc0f2c5f183f721f7893a72b2588150984c3a950263b7e2c1b295c17e2a2b5aeb44227dc6ec4d7623ed33e750e9595462587f0207f57770b7c1a6639b0107d76ad9d4b9b6ccad52eb0840a119d55fd9ff0ab1748c4825c92313e6d620b4503d0759d6a72749f626faf722c0e0262e96433a5a06974a539aa979641cd244dbdaba732beb0284e663eeb5d2bd2ff0f8d79115d7aa3faef582e30bb7af32a0141e92402ef9907cca4dc6539439d773589eaa7a2b639028b412eecbe5713cceb67c92e7421dd03199bbb3d9cfc0,gx-no-cache=1521142454024 HTTP/1.1" 200 29
192.168.10.89 - - [15/Mar/2018:16:34:57 -0300] "GET /cormun/servlet/prcontratosol?11842464,,,,,MD,,gxPopupLevel%3D0%3B,gxPopupLevel%3D0%3B HTTP/1.1" 200 7436
186.103.159.230 - - [15/Mar/2018:16:34:57 -0300] "POST /cormun/servlet/licenciaspermisos?26d9aa2dc2cf3af0c3c65c0ce4581344,INS,0,,,,gx-no-cache=1521142454050 HTTP/1.1" 200 93
