190.151.100.218 - - [15/Mar/2018:15:41:05 -0300] "GET /cormun/static/Resources/PXToolsLoginTop.png HTTP/1.1" 200 1337
200.111.122.170 - - [15/Mar/2018:15:41:05 -0300] "GET /cormun/static/Resources/PXToolsButtonBackground2.png HTTP/1.1" 200 1181
186.103.161.206 - - [15/Mar/2018:15:41:05 -0300] "GET /cormun/static/Resources/PXToolsLoginBottom.png HTTP/1.1" 200 1389
190.151.100.218 - - [15/Mar/2018:15:41:05 -0300] "GET /cormun/static/Resources/indicator.gif HTTP/1.1" 200 1553
186.103.161.206 - - [15/Mar/2018:15:41:05 -0300] "GET /cormun/servlet/hlogin HTTP/1.1" 200 1721
186.103.161.206 - - [15/Mar/2018:15:41:05 -0300] "GET /cormun/static/Resources/indicator.gif HTTP/1.1" 200 1553
200.73.230.197 - - [15/Mar/2018:15:41:13 -0300] "GET /cormun/servlet/hlogin HTTP/1.1" 200 1726
186.103.161.206 - - [15/Mar/2018:15:41:25 -0300] "POST /cormun/servlet/hlogin?a75198b10b13d406662907a641df75c2,gx-no-cache=1521139234983 HTTP/1.1" 200 90
186.103.161.206 - - [15/Mar/2018:15:41:25 -0300] "GET /cormun/servlet/hpexe_link HTTP/1.1" 200 943
200.72.197.82 - - [15/Mar/2018:15:41:25 -0300] "GET /cormun/static/hpexe_link.js?20177612121795 HTTP/1.1" 200 625
186.103.161.206 - - [15/Mar/2018:15:41:25 -0300] "GET /cormun/static/Resources/Spanish/PXTools.css?1155365 HTTP/1.1" 200 89042
186.103.161.206 - - [15/Mar/2018:15:41:25 -0300] "GET /cormun/static/gxcfg.js?20177612121792 HTTP/1.1" 200 953
186.103.161.206 - - [15/Mar/2018:15:41:25 -0300] "GET /cormun/servlet/hhome HTTP/1.1" 200 4209
200.72.197.82 - - [15/Mar/2018:15:41:26 -0300] "GET /cormun/static/SmoothNavMenu/resources/ddsmoothmenu-v.css?1012540 HTTP/1.1" 200 1188
186.103.161.206 - - [15/Mar/2018:15:41:26 -0300] "GET /cormun/static/SmoothNavMenu/resources/ddsmoothmenu.css?1012540 HTTP/1.1" 200 2223
186.67.203.186 - - [15/Mar/2018:15:41:26 -0300] "GET /cormun/static/scaMessage/css/jquery.pnotify.default.css?1716380 HTTP/1.1" 200 1707
186.103.161.206 - - [15/Mar/2018:15:41:26 -0300] "GET /cormun/static/Shared/jqueryui/jquery-ui.min.css?1245370 HTTP/1.1" 200 30288
186.103.161.206 - - [15/Mar/2018:15:41:26 -0300] "GET /cormun/static/PXToolsJavascripts/pexe_autoreload.js HTTP/1.1" 200 1762
200.72.197.82 - - [15/Mar/2018:15:41:26 -0300] "GET /cormun/static/gxcfg.js?20175251212442 HTTP/1.1" 200 953
186.67.203.186 - - [15/Mar/2018:15:41:26 -0300] "GET /cormun/static/PXToolsJavascripts/pexe_cookies.js HTTP/1.1" 200 792
200.72.197.82 - - [15/Mar/2018:15:41:26 -0300] "GET /cormun/static/PXToolsJavascripts/pexe_windows.js HTTP/1.1" 200 15207
186.103.161.206 - - [15/Mar/2018:15:41:26 -0300] "GET /cormun/static/PXToolsJavascripts/pexe_grid.js HTTP/1.1" 200 7559
186.103.161.206 - - [15/Mar/2018:15:41:26 -0300] "GET /cormun/static/PXToolsJavascripts/pexe_griddivfix.js HTTP/1.1" 200 6644
186.67.203.186 - - [15/Mar/2018:15:41:26 -0300] "GET /cormun/static/PXToolsJavascripts/pexe_link.js HTTP/1.1" 200 5671
186.103.161.206 - - [15/Mar/2018:15:41:26 -0300] "GET /cormun/static/PXToolsJavascripts/pexe_menudivfix.js HTTP/1.1" 200 333
200.72.197.82 - - [15/Mar/2018:15:41:26 -0300] "GET /cormun/static/PXToolsJavascripts/pexe_layers.js HTTP/1.1" 200 4114
186.103.161.206 - - [15/Mar/2018:15:41:26 -0300] "GET /cormun/static/PXToolsJavascripts/pexe_menus.js HTTP/1.1" 200 1286
200.72.197.82 - - [15/Mar/2018:15:41:26 -0300] "GET /cormun/static/PXToolsJavascripts/pexe_oav.js HTTP/1.1" 200 645
186.103.161.206 - - [15/Mar/2018:15:41:26 -0300] "GET /cormun/static/PXToolsJavascripts/pexe_oavdivfix.js HTTP/1.1" 200 639
186.103.161.206 - - [15/Mar/2018:15:41:26 -0300] "GET /cormun/static/PXToolsJavascripts/pexe_picture.js HTTP/1.1" 200 689
200.72.197.82 - - [15/Mar/2018:15:41:26 -0300] "GET /cormun/static/PXToolsJavascripts/pexe_popup.js HTTP/1.1" 200 13458
186.103.161.206 - - [15/Mar/2018:15:41:26 -0300] "GET /cormun/static/PXToolsJavascripts/pexe_scrolldiv.js HTTP/1.1" 200 4138
186.103.161.206 - - [15/Mar/2018:15:41:26 -0300] "GET /cormun/static/PXToolsJavascripts/pexe_tabdivfix.js HTTP/1.1" 200 876
200.72.197.82 - - [15/Mar/2018:15:41:26 -0300] "GET /cormun/static/PXToolsJavascripts/pexe_tabs.js HTTP/1.1" 200 3748
186.103.161.206 - - [15/Mar/2018:15:41:26 -0300] "GET /cormun/static/PXToolsJavascripts/pexe_upload.js HTTP/1.1" 200 1423
186.103.161.206 - - [15/Mar/2018:15:41:26 -0300] "GET /cormun/static/PXToolsJavascripts/PXToolsJavascriptsRender.js HTTP/1.1" 200 367
186.103.161.206 - - [15/Mar/2018:15:41:26 -0300] "GET /cormun/static/RunJS/RunJS.js HTTP/1.1" 200 288
186.103.161.206 - - [15/Mar/2018:15:41:26 -0300] "GET /cormun/static/Shared/ext/locale/ext-lang-en.js HTTP/1.1" 200 10940
186.103.161.206 - - [15/Mar/2018:15:41:26 -0300] "GET /cormun/static/hwchdr01.js?201752511465785 HTTP/1.1" 200 1183
200.72.197.82 - - [15/Mar/2018:15:41:26 -0300] "GET /cormun/static/hhome.js?20175251212450 HTTP/1.1" 200 777
200.72.197.82 - - [15/Mar/2018:15:41:26 -0300] "GET /cormun/static/Resources/PXToolsHeaderSecurity.png HTTP/1.1" 200 4166
186.103.161.206 - - [15/Mar/2018:15:41:26 -0300] "GET /cormun/static/Resources/PXToolsFooterBackground2.png HTTP/1.1" 200 1172
186.103.161.206 - - [15/Mar/2018:15:41:26 -0300] "GET /cormun/static/Resources/PXToolsHeaderBackground2.png HTTP/1.1" 200 1174
186.103.161.206 - - [15/Mar/2018:15:41:26 -0300] "GET /cormun/static/Resources/PXToolsHeaderPreferences.png HTTP/1.1" 200 4189
200.72.197.82 - - [15/Mar/2018:15:41:26 -0300] "GET /cormun/static/Resources/PXToolsDataTitle.png HTTP/1.1" 200 1173
186.103.161.206 - - [15/Mar/2018:15:41:26 -0300] "GET /cormun/static/gxui/gxui-all.js HTTP/1.1" 200 107772
186.103.161.206 - - [15/Mar/2018:15:41:26 -0300] "GET /cormun/static/Resources/logo4.png HTTP/1.1" 200 6582
200.72.197.82 - - [15/Mar/2018:15:41:26 -0300] "GET /cormun/static/Resources/PXToolsHeaderLogin.png HTTP/1.1" 200 4279
186.103.161.206 - - [15/Mar/2018:15:41:26 -0300] "GET /cormun/static/Resources/PXToolsHeaderActionsLeft.png HTTP/1.1" 200 1118
186.103.161.206 - - [15/Mar/2018:15:41:26 -0300] "GET /cormun/static/Resources/PXToolsHeaderActionsRight.png HTTP/1.1" 200 1201
186.103.161.206 - - [15/Mar/2018:15:41:26 -0300] "GET /cormun/static/hpexe_recentlink.js?20177611595044 HTTP/1.1" 200 2144
200.72.197.82 - - [15/Mar/2018:15:41:26 -0300] "GET /cormun/static/Resources/PXToolsHeaderHome.png HTTP/1.1" 200 4147
186.103.161.206 - - [15/Mar/2018:15:41:27 -0300] "GET /cormun/static/hpexe_messagecontroller.js?20177611595012 HTTP/1.1" 200 870
186.103.161.206 - - [15/Mar/2018:15:41:27 -0300] "GET /cormun/static/hpexe_messagepopupcomponent.js?20161017169425 HTTP/1.1" 200 605
200.72.197.82 - - [15/Mar/2018:15:41:27 -0300] "GET /cormun/static/hpexe_scripts.js?201752511465715 HTTP/1.1" 200 1544
186.103.161.206 - - [15/Mar/2018:15:41:27 -0300] "GET /cormun/static/cmcontrolpreferences.js?201752511465670 HTTP/1.1" 200 1375
200.72.197.82 - - [15/Mar/2018:15:41:27 -0300] "GET /cormun/static/hpexe_messagegenexuscomponent.js?201752511465344 HTTP/1.1" 200 587
186.103.161.206 - - [15/Mar/2018:15:41:27 -0300] "GET /cormun/static/Shared/jquery/jquery-1.4.2.min.js HTTP/1.1" 200 72174
186.103.161.206 - - [15/Mar/2018:15:41:27 -0300] "GET /cormun/static/Resources/PXToolsHeaderActionsBackground.png HTTP/1.1" 200 484
186.103.161.206 - - [15/Mar/2018:15:41:27 -0300] "GET /cormun/static/SmoothNavMenu/resources/SmoothNavMenuRender.js HTTP/1.1" 200 5951
186.103.161.206 - - [15/Mar/2018:15:41:27 -0300] "GET /cormun/static/scaMessage/scaMessageRender.js HTTP/1.1" 200 11977
186.67.203.186 - - [15/Mar/2018:15:41:27 -0300] "GET /cormun/static/Shared/jquery/jquery-1.10.2.min.js HTTP/1.1" 200 273199
200.72.197.82 - - [15/Mar/2018:15:41:27 -0300] "GET /cormun/static/SmoothNavMenu/resources/ddsmoothmenu.js HTTP/1.1" 200 12712
200.72.197.82 - - [15/Mar/2018:15:41:27 -0300] "GET /cormun/static/hmpwkw03.js?20177612122668 HTTP/1.1" 200 3965
186.103.161.206 - - [15/Mar/2018:15:41:27 -0300] "GET /cormun/static/scaMessage/js/jquery.pnotify.min.js HTTP/1.1" 200 13038
186.103.161.206 - - [15/Mar/2018:15:41:27 -0300] "GET /cormun/static/Shared/jqueryui/jquery-ui.min.js HTTP/1.1" 200 240427
186.67.203.186 - - [15/Mar/2018:15:41:34 -0300] "GET /cormun/static/Shared/ext/ext-all.js HTTP/1.1" 200 1289687
186.103.161.206 - - [15/Mar/2018:15:41:35 -0300] "GET /cormun/static/SmoothNavMenu/resources/images/down.gif HTTP/1.1" 200 854
186.103.161.206 - - [15/Mar/2018:15:41:35 -0300] "GET /cormun/static/SmoothNavMenu/resources/images/right.gif HTTP/1.1" 200 860
186.67.203.186 - - [15/Mar/2018:15:41:35 -0300] "GET /cormun/servlet/hhome HTTP/1.1" 200 4205
186.67.203.186 - - [15/Mar/2018:15:41:40 -0300] "GET /cormun/servlet/trsolicitudot? HTTP/1.1" 200 7425
186.67.203.186 - - [15/Mar/2018:15:41:40 -0300] "GET /cormun/static/calendar-system.css?85620 HTTP/1.1" 200 5572
186.103.161.206 - - [15/Mar/2018:15:41:40 -0300] "GET /cormun/static/gxui/gxui-all.css?120300 HTTP/1.1" 200 2179
186.103.161.206 - - [15/Mar/2018:15:41:40 -0300] "GET /cormun/static/gxcfg.js?2017111422585916 HTTP/1.1" 200 953
186.67.203.186 - - [15/Mar/2018:15:41:40 -0300] "GET /cormun/static/calendar.js?85251 HTTP/1.1" 200 26246
186.67.203.186 - - [15/Mar/2018:15:41:40 -0300] "GET /cormun/static/calendar-setup.js?85251 HTTP/1.1" 200 2588
186.103.161.206 - - [15/Mar/2018:15:41:40 -0300] "GET /cormun/static/calendar-es.js?85251 HTTP/1.1" 200 1901
200.72.197.82 - - [15/Mar/2018:15:41:40 -0300] "GET /cormun/static/Resources/Spanish/PXTools.css?1255365 HTTP/1.1" 200 89042
200.72.197.82 - - [15/Mar/2018:15:41:40 -0300] "GET /cormun/static/gxdec.js?85251 HTTP/1.1" 200 19579
200.72.197.82 - - [15/Mar/2018:15:41:41 -0300] "GET /cormun/static/trsolicitudot.js?201711142259839 HTTP/1.1" 200 54041
186.103.161.206 - - [15/Mar/2018:15:41:42 -0300] "GET /cormun/static/Shared/ext/resources/css/ext-all.css?215870 HTTP/1.1" 200 416045
200.72.197.82 - - [15/Mar/2018:15:41:42 -0300] "GET /cormun/static/Resources/PXTools/calendar.png HTTP/1.1" 200 1306
200.72.197.82 - - [15/Mar/2018:15:41:42 -0300] "GET /cormun/static/Resources/PXToolsDataSearch.png HTTP/1.1" 200 419
200.72.197.82 - - [15/Mar/2018:15:41:42 -0300] "GET /cormun/static/Resources/PXToolsGridFirstDisabled.gif HTTP/1.1" 200 100
200.72.197.82 - - [15/Mar/2018:15:41:42 -0300] "GET /cormun/static/Resources/PXToolsGridPreviousDisabled.gif HTTP/1.1" 200 90
200.72.197.82 - - [15/Mar/2018:15:41:42 -0300] "GET /cormun/static/Resources/PXToolsGridNextDisabled.gif HTTP/1.1" 200 90
200.72.197.82 - - [15/Mar/2018:15:41:42 -0300] "GET /cormun/static/Resources/PXToolsGridLastDisabled.gif HTTP/1.1" 200 98
200.72.197.82 - - [15/Mar/2018:15:41:42 -0300] "GET /cormun/static/Resources/PXToolsGridPage.gif HTTP/1.1" 200 725
200.72.197.82 - - [15/Mar/2018:15:41:42 -0300] "GET /cormun/static/Resources/PXToolsActionExcel.png HTTP/1.1" 200 3187
200.72.197.82 - - [15/Mar/2018:15:41:42 -0300] "GET /cormun/static/Resources/PXToolsGridNew.png HTTP/1.1" 200 2949
186.103.161.206 - - [15/Mar/2018:15:41:43 -0300] "GET /cormun/static/Resources/asc.gif HTTP/1.1" 200 67
186.67.203.186 - - [15/Mar/2018:15:41:43 -0300] "GET /cormun/static/Resources/desc.gif HTTP/1.1" 200 65
200.72.197.82 - - [15/Mar/2018:15:41:43 -0300] "GET /cormun/servlet/trsolicitudot? HTTP/1.1" 200 7424
186.67.203.186 - - [15/Mar/2018:15:41:43 -0300] "GET /cormun/static/Shared/ext/resources/themes/images/default/panel/bg-headersPanel.png HTTP/1.1" 200 255
186.103.161.206 - - [15/Mar/2018:15:41:43 -0300] "GET /cormun/static/Shared/ext/resources/themes/images/default/tools/tool-sprites.gif HTTP/1.1" 200 5434
186.103.161.206 - - [15/Mar/2018:15:41:46 -0300] "GET /cormun/static/menuarrow.gif HTTP/1.1" 404 1015
186.103.159.46 - - [15/Mar/2018:15:41:54 -0300] "GET /cormun/servlet/solicitudot?f567940cf190d7a18cf2d7d2cc37cc94bd5b8493eb47a7961841a7b4bc98ce59b8ab94f3bd93953afacac0b0c943365128302083fa8a8f1b0ca6f1465324b8d0c315968ce7bc7d27e9b3c9366ac2cc59b0aea7b8ac31965dcf025410aba4515c817f2de50167ceb4d1459cb51d278f13,gx-no-cache=1521139262934 HTTP/1.1" 200 29
186.103.159.46 - - [15/Mar/2018:15:41:54 -0300] "POST /cormun/servlet/solicitudot?gx-no-cache=1521139263076 HTTP/1.1" 200 1318
186.103.159.46 - - [15/Mar/2018:15:41:55 -0300] "POST /cormun/servlet/solicitudot?gx-no-cache=1521139263177 HTTP/1.1" 200 1218
186.103.159.46 - - [15/Mar/2018:15:41:55 -0300] "GET /cormun/static/menuarrow.gif HTTP/1.1" 404 1015
186.103.161.206 - - [15/Mar/2018:15:41:55 -0300] "POST /cormun/servlet/trsolicitudot?a75198b10b13d406662907a641df75c2,,gx-no-cache=1521139264066 HTTP/1.1" 200 20252
186.67.203.186 - - [15/Mar/2018:15:41:55 -0300] "GET /cormun//static/Resources/PXToolsGridUpdate.png HTTP/1.1" 200 2984
186.67.203.186 - - [15/Mar/2018:15:41:55 -0300] "GET /cormun//static/Resources/PXTools/ActionInsert.png HTTP/1.1" 200 1482
186.103.161.206 - - [15/Mar/2018:15:41:55 -0300] "GET /cormun//static/Resources/PXToolsActionView.png HTTP/1.1" 200 2995
186.103.161.206 - - [15/Mar/2018:15:41:55 -0300] "GET /cormun//static/Resources/PXToolsRemoveAllAction.png HTTP/1.1" 200 3558
200.72.197.82 - - [15/Mar/2018:15:41:55 -0300] "GET /cormun//static/Resources/PXToolsGridDelete.png HTTP/1.1" 200 357
186.103.159.46 - - [15/Mar/2018:15:42:00 -0300] "POST /cormun/servlet/solicitudot?gx-no-cache=1521139268580 HTTP/1.1" 200 1318
186.103.159.46 - - [15/Mar/2018:15:42:01 -0300] "POST /cormun/servlet/solicitudot?gx-no-cache=1521139268693 HTTP/1.1" 200 1218
186.103.161.206 - - [15/Mar/2018:15:42:01 -0300] "GET /cormun/servlet/treventos?2018,10443, HTTP/1.1" 200 8110
186.103.161.206 - - [15/Mar/2018:15:42:01 -0300] "GET /cormun/static/gxcfg.js?2016101716195975 HTTP/1.1" 200 953
186.103.161.206 - - [15/Mar/2018:15:42:01 -0300] "GET /cormun/static/treventos.js?201610171620222 HTTP/1.1" 200 16064
186.103.161.206 - - [15/Mar/2018:15:42:01 -0300] "GET /cormun/static/Resources/Spanish/PXTools.css?167811 HTTP/1.1" 200 89042
186.103.161.206 - - [15/Mar/2018:15:42:03 -0300] "GET /cormun/servlet/treventos?2018,10443, HTTP/1.1" 200 8115
186.103.159.46 - - [15/Mar/2018:15:42:11 -0300] "GET /cormun/servlet/solicitudot?f567940cf190d7a18cf2d7d2cc37cc9435df95e4af18af4e9fae22da4dd83b834d02c7ddae2f48fee8cae04c47fb346b,gx-no-cache=1521139279179 HTTP/1.1" 200 30
186.103.159.46 - - [15/Mar/2018:15:42:11 -0300] "POST /cormun/servlet/solicitudot?gx-no-cache=1521139279254 HTTP/1.1" 200 34
186.103.159.46 - - [15/Mar/2018:15:42:11 -0300] "POST /cormun/servlet/solicitudot?7e21d59f701ba5201d658d9b483fea38,INS,0,0,,gx-no-cache=1521139279317 HTTP/1.1" 200 93
186.103.159.46 - - [15/Mar/2018:15:42:11 -0300] "GET /cormun/servlet/hpexe_return? HTTP/1.1" 200 1010
186.103.159.46 - - [15/Mar/2018:15:42:11 -0300] "GET /cormun/servlet/trsolicitudot HTTP/1.1" 200 8592
186.103.159.46 - - [15/Mar/2018:15:42:12 -0300] "GET /cormun/servlet/trsolicitudot HTTP/1.1" 200 8588
186.103.159.46 - - [15/Mar/2018:15:42:18 -0300] "POST /cormun/servlet/trsolicitudot?7e21d59f701ba5201d658d9b483fea38,gx-no-cache=1521139286934 HTTP/1.1" 200 107
186.103.159.46 - - [15/Mar/2018:15:42:18 -0300] "GET /cormun/servlet/trsolicitudadjuntos?2018,10530, HTTP/1.1" 200 6060
186.103.159.46 - - [15/Mar/2018:15:42:19 -0300] "GET /cormun/static/gxcfg.js?20177612135366 HTTP/1.1" 200 953
186.103.159.46 - - [15/Mar/2018:15:42:19 -0300] "GET /cormun/static/trsolicitudadjuntos.js?20177612135632 HTTP/1.1" 200 17922
186.103.159.46 - - [15/Mar/2018:15:42:19 -0300] "GET /cormun/servlet/trsolicitudadjuntos?2018,10530, HTTP/1.1" 200 6060
200.73.230.197 - - [15/Mar/2018:15:42:20 -0300] "POST /cormun/servlet/hlogin?f547d9db02f92d32a14b5e3081682d62,gx-no-cache=1521142886109 HTTP/1.1" 200 90
200.73.230.197 - - [15/Mar/2018:15:42:20 -0300] "GET /cormun/servlet/hpexe_link HTTP/1.1" 200 954
200.73.230.197 - - [15/Mar/2018:15:42:20 -0300] "GET /cormun/servlet/hhome HTTP/1.1" 200 3921
190.151.100.218 - - [15/Mar/2018:15:42:22 -0300] "GET /cormun/servlet/trsolicitudot? HTTP/1.1" 200 23029
200.73.230.197 - - [15/Mar/2018:15:42:22 -0300] "GET /cormun/servlet/hhome HTTP/1.1" 200 3919
190.151.100.218 - - [15/Mar/2018:15:42:23 -0300] "GET /cormun/servlet/trsolicitudot? HTTP/1.1" 200 23026
190.151.100.218 - - [15/Mar/2018:15:42:26 -0300] "GET /cormun/servlet/treventos?2018,10503, HTTP/1.1" 200 8115
190.151.100.218 - - [15/Mar/2018:15:42:26 -0300] "GET /cormun/servlet/treventos?2018,10503, HTTP/1.1" 200 8122
190.151.100.218 - - [15/Mar/2018:15:42:33 -0300] "GET /cormun/servlet/trsolicitudot? HTTP/1.1" 200 23026
190.151.100.218 - - [15/Mar/2018:15:42:34 -0300] "GET /cormun/servlet/trsolicitudot? HTTP/1.1" 200 23026
190.151.100.218 - - [15/Mar/2018:15:42:37 -0300] "GET /cormun/servlet/treventos?2018,10459, HTTP/1.1" 200 7967
190.151.100.218 - - [15/Mar/2018:15:42:38 -0300] "GET /cormun/servlet/treventos?2018,10459, HTTP/1.1" 200 7966
200.73.230.197 - - [15/Mar/2018:15:42:38 -0300] "GET /cormun/servlet/trsolicitudot? HTTP/1.1" 200 8504
200.73.230.197 - - [15/Mar/2018:15:42:39 -0300] "GET /cormun/servlet/trsolicitudot? HTTP/1.1" 200 8502
186.67.172.234 - - [15/Mar/2018:15:42:42 -0300] "POST /cormun/servlet/solicitudot?gx-no-cache=1521139259931 HTTP/1.1" 200 238
186.67.172.234 - - [15/Mar/2018:15:42:45 -0300] "GET /cormun/servlet/solicitudot?1539554f2574ae31e75791945e4365f2136c6aff83f7517593d1659edca33e43e63856c59a2b48ca49f76bf9bb3f7a5a8883fe639d5539eacc000829cef8c9077c35150d53abcdb04d56382d8fd78c7fccfbafa24319bdd116a72a5b5c81c8b91bfc056fcdf91eb70f60f2e623c9e831888b1286e1b8c1fe85cc7e5af53f51cb044021f746e64259ef15626b81a2bc22edbe0482335202aa39fdac8e1cc638ee8c9674cfe94e8f1b8efb11729cc8109dbc54c79be210b862eb5e9f0fa490544a371f287e38617dcdc90d35623d6b3ced656aa14ad27166b199b223dcd13928e055b1bc9f6d75e9cb78c1ec2f337b2d5e9c5d4d902428803eec41cfdb94a642e271e10042bc4b073ce90c395e7327515a697556ab47bd6f177cb28170c5ae9540f03dc8c883c82bbed8732e220b5bef6e41be9c661334454c6d824b671162deb00118b33908208916007e604768fdd833977001865c98ff997000b71cb0d6a30095627ff2ab0940be41edf79e23a2ad8d0e0a497f758ded7decf342aad43600ae,gx-no-cache=1521139262976 HTTP/1.1" 200 30
186.103.159.46 - - [15/Mar/2018:15:42:49 -0300] "GET /cormun/servlet/solicitudotadjuntos?INS,2018,10530,,1, HTTP/1.1" 200 6005
186.103.159.46 - - [15/Mar/2018:15:42:49 -0300] "GET /cormun/static/gxcfg.js?2017761244068 HTTP/1.1" 200 953
186.103.159.46 - - [15/Mar/2018:15:42:49 -0300] "GET /cormun/static/solicitudotadjuntos.js?2017761244086 HTTP/1.1" 200 11771
186.103.159.46 - - [15/Mar/2018:15:42:49 -0300] "GET /cormun/static/about:blank HTTP/1.1" 404 1011
186.103.159.46 - - [15/Mar/2018:15:42:50 -0300] "GET /cormun/servlet/solicitudotadjuntos?INS,2018,10530,,1, HTTP/1.1" 200 5998
186.103.159.46 - - [15/Mar/2018:15:42:50 -0300] "GET /cormun/servlet/solicitudotadjuntos?f567940cf190d7a18cf2d7d2cc37cc94d7dbda07bc5fbd6862631f415156ebb50e00ea93a3103be28f2154538dacc6a1,gx-no-cache=1521139318833 HTTP/1.1" 200 30
186.103.159.46 - - [15/Mar/2018:15:42:50 -0300] "POST /cormun/servlet/solicitudotadjuntos?7e21d59f701ba5201d658d9b483fea38,INS,2018,10530,,1,,gx-no-cache=1521139318889 HTTP/1.1" 200 3795
186.67.172.234 - - [15/Mar/2018:15:42:52 -0300] "POST /cormun/servlet/solicitudot?gx-no-cache=1521139270003 HTTP/1.1" 200 30
190.151.100.218 - - [15/Mar/2018:15:42:53 -0300] "GET /cormun/servlet/trsolicitudot? HTTP/1.1" 200 23030
190.151.100.218 - - [15/Mar/2018:15:42:54 -0300] "GET /cormun/servlet/trsolicitudot? HTTP/1.1" 200 23026
186.103.159.46 - - [15/Mar/2018:15:42:55 -0300] "POST /cormun/servlet/solicitudotadjuntos?gx-no-cache=1521139324066 HTTP/1.1" 200 26
200.73.230.197 - - [15/Mar/2018:15:42:56 -0300] "GET /cormun/servlet/treventos?2018,10494, HTTP/1.1" 200 8175
200.73.230.197 - - [15/Mar/2018:15:42:56 -0300] "GET /cormun/static/gxcfg.js?2016101716195975 HTTP/1.1" 200 953
200.73.230.197 - - [15/Mar/2018:15:42:56 -0300] "GET /cormun/static/treventos.js?201610171620222 HTTP/1.1" 200 16064
200.73.230.197 - - [15/Mar/2018:15:42:58 -0300] "GET /cormun/servlet/treventos?2018,10494, HTTP/1.1" 200 8181
186.103.159.46 - - [15/Mar/2018:15:43:11 -0300] "GET /cormun/servlet/solicitudotadjuntos?f567940cf190d7a18cf2d7d2cc37cc9423221f505b3d21ad0d9614c90a5687c4,gx-no-cache=1521139339332 HTTP/1.1" 200 30
186.103.159.46 - - [15/Mar/2018:15:43:11 -0300] "GET /cormun/servlet/solicitudotadjuntos?f567940cf190d7a18cf2d7d2cc37cc9423221f505b3d21ad0d9614c90a5687c4,gx-no-cache=1521139339399 HTTP/1.1" 200 30
186.103.159.46 - - [15/Mar/2018:15:43:11 -0300] "POST /cormun/servlet/solicitudotadjuntos?7e21d59f701ba5201d658d9b483fea38,INS,2018,10530,,1, HTTP/1.1" 200 116
186.103.159.46 - - [15/Mar/2018:15:43:11 -0300] "GET /cormun/servlet/hpexe_return? HTTP/1.1" 200 1030
186.103.159.46 - - [15/Mar/2018:15:43:11 -0300] "GET /cormun/servlet/trsolicitudadjuntos?2018,10530, HTTP/1.1" 200 8516
186.103.159.46 - - [15/Mar/2018:15:43:12 -0300] "GET /cormun/servlet/trsolicitudadjuntos?2018,10530, HTTP/1.1" 200 8511
186.103.159.46 - - [15/Mar/2018:15:43:17 -0300] "GET /cormun/servlet/solicitudotadjuntos?INS,2018,10530,,1, HTTP/1.1" 200 6005
186.103.159.46 - - [15/Mar/2018:15:43:18 -0300] "GET /cormun/static/about:blank HTTP/1.1" 404 1011
186.103.159.46 - - [15/Mar/2018:15:43:18 -0300] "GET /cormun/servlet/solicitudotadjuntos?INS,2018,10530,,1, HTTP/1.1" 200 5998
186.103.159.46 - - [15/Mar/2018:15:43:18 -0300] "GET /cormun/servlet/solicitudotadjuntos?f567940cf190d7a18cf2d7d2cc37cc94d7dbda07bc5fbd6862631f415156ebb50e00ea93a3103be28f2154538dacc6a1,gx-no-cache=1521139347126 HTTP/1.1" 200 30
186.103.159.46 - - [15/Mar/2018:15:43:19 -0300] "POST /cormun/servlet/solicitudotadjuntos?7e21d59f701ba5201d658d9b483fea38,INS,2018,10530,,1,,gx-no-cache=1521139347180 HTTP/1.1" 200 3795
186.67.203.186 - - [15/Mar/2018:15:43:24 -0300] "POST /cormun/servlet/trsolicitudot?a75198b10b13d406662907a641df75c2,,gx-no-cache=1521139352572 HTTP/1.1" 200 20224
186.103.159.46 - - [15/Mar/2018:15:43:25 -0300] "POST /cormun/servlet/solicitudotadjuntos?gx-no-cache=1521139353571 HTTP/1.1" 200 26
200.73.230.197 - - [15/Mar/2018:15:43:26 -0300] "GET /cormun/servlet/trsolicitudot? HTTP/1.1" 200 8503
186.67.203.186 - - [15/Mar/2018:15:43:27 -0300] "GET /cormun/servlet/treventos?2018,10459, HTTP/1.1" 200 7967
200.73.230.197 - - [15/Mar/2018:15:43:27 -0300] "GET /cormun/servlet/trsolicitudot? HTTP/1.1" 200 8502
186.67.203.186 - - [15/Mar/2018:15:43:27 -0300] "GET /cormun/servlet/treventos?2018,10459, HTTP/1.1" 200 7966
200.73.230.197 - - [15/Mar/2018:15:43:31 -0300] "GET /cormun/servlet/solicitudot?INS,0,0, HTTP/1.1" 200 13359
200.73.230.197 - - [15/Mar/2018:15:43:32 -0300] "GET /cormun/servlet/solicitudot?INS,0,0, HTTP/1.1" 200 13364
186.103.159.46 - - [15/Mar/2018:15:43:35 -0300] "GET /cormun/servlet/solicitudotadjuntos?f567940cf190d7a18cf2d7d2cc37cc9423221f505b3d21ad0d9614c90a5687c4,gx-no-cache=1521139363468 HTTP/1.1" 200 30
186.103.159.46 - - [15/Mar/2018:15:43:35 -0300] "GET /cormun/servlet/solicitudotadjuntos?f567940cf190d7a18cf2d7d2cc37cc9423221f505b3d21ad0d9614c90a5687c4,gx-no-cache=1521139363505 HTTP/1.1" 200 30
186.103.159.46 - - [15/Mar/2018:15:43:36 -0300] "POST /cormun/servlet/solicitudotadjuntos?7e21d59f701ba5201d658d9b483fea38,INS,2018,10530,,1, HTTP/1.1" 200 116
186.103.159.46 - - [15/Mar/2018:15:43:36 -0300] "GET /cormun/servlet/hpexe_return? HTTP/1.1" 200 1030
186.103.159.46 - - [15/Mar/2018:15:43:36 -0300] "GET /cormun/servlet/trsolicitudadjuntos?2018,10530, HTTP/1.1" 200 8773
186.103.159.46 - - [15/Mar/2018:15:43:37 -0300] "GET /cormun/servlet/trsolicitudadjuntos?2018,10530, HTTP/1.1" 200 8770
186.103.159.46 - - [15/Mar/2018:15:43:40 -0300] "GET /cormun/servlet/solicitudotadjuntos?INS,2018,10530,,1, HTTP/1.1" 200 6005
186.103.159.46 - - [15/Mar/2018:15:43:40 -0300] "GET /cormun/static/about:blank HTTP/1.1" 404 1011
186.103.159.46 - - [15/Mar/2018:15:43:40 -0300] "GET /cormun/servlet/solicitudotadjuntos?INS,2018,10530,,1, HTTP/1.1" 200 5998
186.103.159.46 - - [15/Mar/2018:15:43:41 -0300] "GET /cormun/servlet/solicitudotadjuntos?f567940cf190d7a18cf2d7d2cc37cc94d7dbda07bc5fbd6862631f415156ebb50e00ea93a3103be28f2154538dacc6a1,gx-no-cache=1521139369551 HTTP/1.1" 200 30
186.103.159.46 - - [15/Mar/2018:15:43:41 -0300] "POST /cormun/servlet/solicitudotadjuntos?7e21d59f701ba5201d658d9b483fea38,INS,2018,10530,,1,,gx-no-cache=1521139369608 HTTP/1.1" 200 3795
186.103.159.46 - - [15/Mar/2018:15:43:46 -0300] "POST /cormun/servlet/solicitudotadjuntos?gx-no-cache=1521139374299 HTTP/1.1" 200 26
200.73.230.197 - - [15/Mar/2018:15:43:47 -0300] "POST /cormun/servlet/solicitudot?gx-no-cache=1521142973770 HTTP/1.1" 200 3366
200.73.230.197 - - [15/Mar/2018:15:43:48 -0300] "POST /cormun/servlet/solicitudot?f547d9db02f92d32a14b5e3081682d62,INS,0,0,,gx-no-cache=1521142974193 HTTP/1.1" 200 10321
200.73.230.197 - - [15/Mar/2018:15:43:51 -0300] "GET /cormun/servlet/solicitudot?f72a17972ca21fafc121d9cc232b4d43152946725874316edc7f53c3c92f6a77c9233a07ca9a2a43f9f012190c10a9db,gx-no-cache=1521142977853 HTTP/1.1" 200 30
200.73.230.197 - - [15/Mar/2018:15:43:51 -0300] "GET /cormun/servlet/solicitudot?f72a17972ca21fafc121d9cc232b4d430962566db3f1ba503198d6687a85ab80,gx-no-cache=1521142977964 HTTP/1.1" 200 94
200.73.230.197 - - [15/Mar/2018:15:43:51 -0300] "GET /cormun/static/Shared/jqueryui/images/ui-bg_highlight-soft_100_c6c2c8_1x100.png HTTP/1.1" 404 1117
200.73.230.197 - - [15/Mar/2018:15:43:51 -0300] "GET /cormun/static/Shared/jqueryui/images/ui-icons_82798d_256x240.png HTTP/1.1" 404 1089
200.73.230.197 - - [15/Mar/2018:15:43:51 -0300] "GET /cormun/static/Shared/jqueryui/images/ui-bg_flat_55_994d53_40x100.png HTTP/1.1" 404 1097
200.73.230.197 - - [15/Mar/2018:15:43:51 -0300] "GET /cormun/static/Shared/jqueryui/images/ui-icons_ebccce_256x240.png HTTP/1.1" 404 1089
200.73.230.197 - - [15/Mar/2018:15:43:51 -0300] "GET /cormun/servlet/solicitudot?f72a17972ca21fafc121d9cc232b4d43547b4b4faa7cdde9e683490ae4a6ec74,gx-no-cache=1521142978122 HTTP/1.1" 200 123
186.103.159.46 - - [15/Mar/2018:15:43:55 -0300] "GET /cormun/servlet/solicitudotadjuntos?f567940cf190d7a18cf2d7d2cc37cc9423221f505b3d21ad0d9614c90a5687c4,gx-no-cache=1521139383692 HTTP/1.1" 200 30
186.103.159.46 - - [15/Mar/2018:15:43:55 -0300] "GET /cormun/servlet/solicitudotadjuntos?f567940cf190d7a18cf2d7d2cc37cc9423221f505b3d21ad0d9614c90a5687c4,gx-no-cache=1521139383716 HTTP/1.1" 200 30
186.103.159.46 - - [15/Mar/2018:15:43:55 -0300] "POST /cormun/servlet/solicitudotadjuntos?7e21d59f701ba5201d658d9b483fea38,INS,2018,10530,,1, HTTP/1.1" 200 116
186.103.159.46 - - [15/Mar/2018:15:43:55 -0300] "GET /cormun/servlet/hpexe_return? HTTP/1.1" 200 1030
186.103.159.46 - - [15/Mar/2018:15:43:56 -0300] "GET /cormun/servlet/trsolicitudadjuntos?2018,10530, HTTP/1.1" 200 9006
186.103.159.46 - - [15/Mar/2018:15:43:56 -0300] "GET /cormun/servlet/trsolicitudadjuntos?2018,10530, HTTP/1.1" 200 9004
200.73.230.197 - - [15/Mar/2018:15:43:59 -0300] "GET /cormun/static/Resources/resize.gif HTTP/1.1" 200 77
200.73.230.197 - - [15/Mar/2018:15:43:59 -0300] "GET /cormun/servlet/prbanco?,MD,,gxPopupLevel%3D0%3B HTTP/1.1" 200 6554
200.73.230.197 - - [15/Mar/2018:15:43:59 -0300] "GET /cormun/static/gxcfg.js?20181161016094 HTTP/1.1" 200 953
200.73.230.197 - - [15/Mar/2018:15:43:59 -0300] "GET /cormun/static/Resources/PXToolsMenuSearch.png HTTP/1.1" 200 2914
200.73.230.197 - - [15/Mar/2018:15:43:59 -0300] "GET /cormun/static/Resources/PXToolsMenuSearchCancel.png HTTP/1.1" 200 2972
200.73.230.197 - - [15/Mar/2018:15:43:59 -0300] "GET /cormun/static/prbanco.js?2018116101633 HTTP/1.1" 200 10693
200.73.230.197 - - [15/Mar/2018:15:43:59 -0300] "GET /cormun/static/menusearch.js?201610171694467 HTTP/1.1" 200 1424
200.73.230.197 - - [15/Mar/2018:15:43:59 -0300] "GET /cormun/static/hmpwkw011.js?20177612121862 HTTP/1.1" 200 1968
186.103.159.46 - - [15/Mar/2018:15:44:00 -0300] "GET /cormun/servlet/solicitudotadjuntos?INS,2018,10530,,1, HTTP/1.1" 200 6006
186.103.159.46 - - [15/Mar/2018:15:44:00 -0300] "GET /cormun/static/about:blank HTTP/1.1" 404 1011
186.103.159.46 - - [15/Mar/2018:15:44:00 -0300] "GET /cormun/servlet/solicitudotadjuntos?INS,2018,10530,,1, HTTP/1.1" 200 5999
186.103.159.46 - - [15/Mar/2018:15:44:01 -0300] "GET /cormun/servlet/solicitudotadjuntos?f567940cf190d7a18cf2d7d2cc37cc94d7dbda07bc5fbd6862631f415156ebb50e00ea93a3103be28f2154538dacc6a1,gx-no-cache=1521139389497 HTTP/1.1" 200 30
186.103.159.46 - - [15/Mar/2018:15:44:01 -0300] "POST /cormun/servlet/solicitudotadjuntos?7e21d59f701ba5201d658d9b483fea38,INS,2018,10530,,1,,gx-no-cache=1521139389532 HTTP/1.1" 200 3796
186.67.172.234 - - [15/Mar/2018:15:44:09 -0300] "POST /cormun/servlet/solicitudot?gx-no-cache=1521139346372 HTTP/1.1" 200 1336
186.103.159.46 - - [15/Mar/2018:15:44:09 -0300] "POST /cormun/servlet/solicitudotadjuntos?gx-no-cache=1521139397323 HTTP/1.1" 200 26
200.73.230.197 - - [15/Mar/2018:15:44:15 -0300] "GET /cormun/servlet/solicitudot?f72a17972ca21fafc121d9cc232b4d434c077d059b097225933f261659179146,gx-no-cache=1521143002140 HTTP/1.1" 200 45
186.103.159.46 - - [15/Mar/2018:15:44:17 -0300] "GET /cormun/servlet/solicitudotadjuntos?f567940cf190d7a18cf2d7d2cc37cc9423221f505b3d21ad0d9614c90a5687c4,gx-no-cache=1521139406132 HTTP/1.1" 200 30
186.103.159.46 - - [15/Mar/2018:15:44:17 -0300] "GET /cormun/servlet/solicitudotadjuntos?f567940cf190d7a18cf2d7d2cc37cc9423221f505b3d21ad0d9614c90a5687c4,gx-no-cache=1521139406155 HTTP/1.1" 200 30
186.103.159.46 - - [15/Mar/2018:15:44:18 -0300] "POST /cormun/servlet/solicitudotadjuntos?7e21d59f701ba5201d658d9b483fea38,INS,2018,10530,,1, HTTP/1.1" 200 116
186.103.159.46 - - [15/Mar/2018:15:44:18 -0300] "GET /cormun/servlet/hpexe_return? HTTP/1.1" 200 1030
186.103.159.46 - - [15/Mar/2018:15:44:18 -0300] "GET /cormun/servlet/trsolicitudadjuntos?2018,10530, HTTP/1.1" 200 9198
186.103.159.46 - - [15/Mar/2018:15:44:19 -0300] "GET /cormun/servlet/trsolicitudadjuntos?2018,10530, HTTP/1.1" 200 9194
186.103.159.46 - - [15/Mar/2018:15:44:25 -0300] "GET /cormun/servlet/solicitudotadjuntos?INS,2018,10530,,1, HTTP/1.1" 200 6006
186.103.159.46 - - [15/Mar/2018:15:44:25 -0300] "GET /cormun/static/about:blank HTTP/1.1" 404 1011
186.103.159.46 - - [15/Mar/2018:15:44:25 -0300] "GET /cormun/servlet/solicitudotadjuntos?INS,2018,10530,,1, HTTP/1.1" 200 5999
186.103.159.46 - - [15/Mar/2018:15:44:26 -0300] "GET /cormun/servlet/solicitudotadjuntos?f567940cf190d7a18cf2d7d2cc37cc94d7dbda07bc5fbd6862631f415156ebb50e00ea93a3103be28f2154538dacc6a1,gx-no-cache=1521139414323 HTTP/1.1" 200 30
186.103.159.46 - - [15/Mar/2018:15:44:26 -0300] "POST /cormun/servlet/solicitudotadjuntos?7e21d59f701ba5201d658d9b483fea38,INS,2018,10530,,1,,gx-no-cache=1521139414370 HTTP/1.1" 200 3796
200.73.230.197 - - [15/Mar/2018:15:44:30 -0300] "POST /cormun/servlet/solicitudot?f547d9db02f92d32a14b5e3081682d62,INS,0,0,,gx-no-cache=1521143016146 HTTP/1.1" 200 10419
200.73.230.197 - - [15/Mar/2018:15:44:30 -0300] "GET /cormun/static/Shared/jqueryui/images/ui-bg_flat_55_fafafa_40x100.png HTTP/1.1" 404 1097
200.73.230.197 - - [15/Mar/2018:15:44:30 -0300] "GET /cormun/static/Shared/jqueryui/images/ui-icons_8d78a5_256x240.png HTTP/1.1" 404 1089
186.103.159.46 - - [15/Mar/2018:15:44:31 -0300] "POST /cormun/servlet/solicitudotadjuntos?gx-no-cache=1521139419203 HTTP/1.1" 200 26
200.73.230.197 - - [15/Mar/2018:15:44:34 -0300] "GET /cormun/servlet/solicitudot?f72a17972ca21fafc121d9cc232b4d43152946725874316edc7f53c3c92f6a77bec01bff9cea392a16295aea5089c754,gx-no-cache=1521143021098 HTTP/1.1" 200 30
200.73.230.197 - - [15/Mar/2018:15:44:34 -0300] "GET /cormun/servlet/solicitudot?f72a17972ca21fafc121d9cc232b4d430962566db3f1ba503198d6687a85ab80,gx-no-cache=1521143021230 HTTP/1.1" 200 94
200.73.230.197 - - [15/Mar/2018:15:44:35 -0300] "GET /cormun/servlet/solicitudot?f72a17972ca21fafc121d9cc232b4d439efb6b719567724981340a974e37493596a6d46f8a1e74026edb6756fef3ef32,gx-no-cache=1521143021324 HTTP/1.1" 200 45
200.73.230.197 - - [15/Mar/2018:15:44:35 -0300] "POST /cormun/servlet/solicitudot?gx-no-cache=1521143021411 HTTP/1.1" 200 240
200.73.230.197 - - [15/Mar/2018:15:44:35 -0300] "GET /cormun/servlet/solicitudot?f72a17972ca21fafc121d9cc232b4d43004564475a4d1ea18cfc2292f9d2a5c85769dc977c997181105206935dee8c64ac9eb4a10c39a4e4554a9987f7e0e5e898673fa50938f391e29bd5e954674ce81515654e64eb73eced30e050e9462c2a2299849df3b177b4cfefd1895730903fdfec2eef9af632c4d2ef15edbbd238e0b1103a695a0341ad2cf0d3ea0cff13bdab78e277393703656853722db5146837cfa42b6ac94a6b7f0bba25c16be2ba8a4de5392caa7ee81c741d0a72a32d7100023fc5ddb3984c5e7afc4d9ed5b1f51de586281267bf6418e6597c1acf80f8fa992df37c2178461ce678b0849f4da22bc572fe5b3f3575b13ea2fbfd9716e8b960ba268f26b7913e4ff5e3135854d361a80a60b4c1ea7474673b6bab293219bc01bad0e233a0207efb309616c36c686e650e9fb2fed4438d2d9d5a81ee4dd2627e137b0fc3b877badd81a30fd3f9723c3f62f40d6d1fdcd731d85e1cb44b9327e25e3a256aef341bdd0609c564c0a87a280816f4b0f9ebafc6707de49618f7db,gx-no-cache=1521143021509 HTTP/1.1" 200 30
200.73.230.197 - - [15/Mar/2018:15:44:37 -0300] "POST /cormun/servlet/solicitudot?gx-no-cache=1521143024129 HTTP/1.1" 200 30
186.103.159.46 - - [15/Mar/2018:15:44:40 -0300] "GET /cormun/servlet/solicitudotadjuntos?f567940cf190d7a18cf2d7d2cc37cc9423221f505b3d21ad0d9614c90a5687c4,gx-no-cache=1521139428780 HTTP/1.1" 200 30
186.103.159.46 - - [15/Mar/2018:15:44:40 -0300] "GET /cormun/servlet/solicitudotadjuntos?f567940cf190d7a18cf2d7d2cc37cc9423221f505b3d21ad0d9614c90a5687c4,gx-no-cache=1521139428804 HTTP/1.1" 200 30
186.103.159.46 - - [15/Mar/2018:15:44:40 -0300] "POST /cormun/servlet/solicitudotadjuntos?7e21d59f701ba5201d658d9b483fea38,INS,2018,10530,,1, HTTP/1.1" 200 116
186.103.159.46 - - [15/Mar/2018:15:44:40 -0300] "GET /cormun/servlet/hpexe_return? HTTP/1.1" 200 1030
186.103.159.46 - - [15/Mar/2018:15:44:41 -0300] "GET /cormun/servlet/trsolicitudadjuntos?2018,10530, HTTP/1.1" 200 9459
186.103.159.46 - - [15/Mar/2018:15:44:42 -0300] "GET /cormun/servlet/trsolicitudadjuntos?2018,10530, HTTP/1.1" 200 9455
186.103.159.46 - - [15/Mar/2018:15:44:45 -0300] "GET /cormun/servlet/solicitudotadjuntos?INS,2018,10530,,1, HTTP/1.1" 200 6006
186.103.159.46 - - [15/Mar/2018:15:44:45 -0300] "GET /cormun/static/about:blank HTTP/1.1" 404 1011
186.103.159.46 - - [15/Mar/2018:15:44:45 -0300] "GET /cormun/servlet/solicitudotadjuntos?INS,2018,10530,,1, HTTP/1.1" 200 5999
186.103.159.46 - - [15/Mar/2018:15:44:46 -0300] "GET /cormun/servlet/solicitudotadjuntos?f567940cf190d7a18cf2d7d2cc37cc94d7dbda07bc5fbd6862631f415156ebb50e00ea93a3103be28f2154538dacc6a1,gx-no-cache=1521139434593 HTTP/1.1" 200 30
186.103.159.46 - - [15/Mar/2018:15:44:46 -0300] "POST /cormun/servlet/solicitudotadjuntos?7e21d59f701ba5201d658d9b483fea38,INS,2018,10530,,1,,gx-no-cache=1521139434653 HTTP/1.1" 200 3796
186.103.159.46 - - [15/Mar/2018:15:44:51 -0300] "POST /cormun/servlet/solicitudotadjuntos?gx-no-cache=1521139439179 HTTP/1.1" 200 26
186.103.159.46 - - [15/Mar/2018:15:44:58 -0300] "GET /cormun/servlet/solicitudotadjuntos?f567940cf190d7a18cf2d7d2cc37cc9423221f505b3d21ad0d9614c90a5687c4,gx-no-cache=1521139446756 HTTP/1.1" 200 30
186.103.159.46 - - [15/Mar/2018:15:44:58 -0300] "GET /cormun/servlet/solicitudotadjuntos?f567940cf190d7a18cf2d7d2cc37cc9423221f505b3d21ad0d9614c90a5687c4,gx-no-cache=1521139446780 HTTP/1.1" 200 30
186.103.159.46 - - [15/Mar/2018:15:44:59 -0300] "POST /cormun/servlet/solicitudotadjuntos?7e21d59f701ba5201d658d9b483fea38,INS,2018,10530,,1, HTTP/1.1" 200 116
186.103.159.46 - - [15/Mar/2018:15:44:59 -0300] "GET /cormun/servlet/hpexe_return? HTTP/1.1" 200 1030
186.103.159.46 - - [15/Mar/2018:15:44:59 -0300] "GET /cormun/servlet/trsolicitudadjuntos?2018,10530, HTTP/1.1" 200 9734
186.103.159.46 - - [15/Mar/2018:15:45:00 -0300] "GET /cormun/servlet/trsolicitudadjuntos?2018,10530, HTTP/1.1" 200 9729
200.73.230.197 - - [15/Mar/2018:15:45:10 -0300] "GET /cormun/servlet/solicitudot?f72a17972ca21fafc121d9cc232b4d437de7c6f946c176ff59e9a9062cc92ef43e16c57101c4167b2b5627f333cf6a24b24997e30c06a2b02bc30e9cc636b5b6,gx-no-cache=1521143057026 HTTP/1.1" 200 30
200.73.230.197 - - [15/Mar/2018:15:45:10 -0300] "POST /cormun/servlet/solicitudot?gx-no-cache=1521143057151 HTTP/1.1" 200 238
200.73.230.197 - - [15/Mar/2018:15:45:10 -0300] "GET /cormun/servlet/solicitudot?f72a17972ca21fafc121d9cc232b4d43004564475a4d1ea18cfc2292f9d2a5c85769dc977c997181105206935dee8c64ac9eb4a10c39a4e4554a9987f7e0e5e898673fa50938f391e29bd5e954674ce81515654e64eb73eced30e050e9462c2a2299849df3b177b4cfefd1895730903fdfec2eef9af632c4d2ef15edbbd238e0b1103a695a0341ad2cf0d3ea0cff13bdab78e277393703656853722db5146837cfa42b6ac94a6b7f0bba25c16be2ba8a4de5392caa7ee81c741d0a72a32d7100023fc5ddb3984c5e7afc4d9ed5b1f51de586281267bf6418e6597c1acf80f8fa992df37c2178461ce678b0849f4da22bc572fe5b3f3575b13ea2fbfd9716e8b960ba268f26b7913e4ff5e3135854d361a80a60b4c1ea7474673b6bab293219bc01bad0e233a0207efb309616c36c686e650e9fb2fed4438d2d9d5a81ee4dd2627e137b0fc3b877badd81a30fd3f9723c3f62f40d6d1fdcd731d85e1cb44b9327e25e3a256aef341bdd0609c564c0a87adbd0df37fcf8492f97495dc290196db8,gx-no-cache=1521143057233 HTTP/1.1" 200 30
200.73.230.197 - - [15/Mar/2018:15:45:11 -0300] "POST /cormun/servlet/solicitudot?gx-no-cache=1521143057307 HTTP/1.1" 200 30
200.73.230.197 - - [15/Mar/2018:15:45:11 -0300] "POST /cormun/servlet/solicitudot?gx-no-cache=1521143057410 HTTP/1.1" 200 1338
200.73.230.197 - - [15/Mar/2018:15:45:11 -0300] "POST /cormun/servlet/solicitudot?gx-no-cache=1521143057580 HTTP/1.1" 200 38
186.67.172.234 - - [15/Mar/2018:15:45:15 -0300] "POST /cormun/servlet/solicitudot?gx-no-cache=1521139412962 HTTP/1.1" 200 118
186.67.172.234 - - [15/Mar/2018:15:45:15 -0300] "POST /cormun/servlet/solicitudot?gx-no-cache=1521139413007 HTTP/1.1" 200 1319
186.67.172.234 - - [15/Mar/2018:15:45:15 -0300] "POST /cormun/servlet/solicitudot?gx-no-cache=1521139413119 HTTP/1.1" 200 1217
186.67.172.234 - - [15/Mar/2018:15:45:15 -0300] "GET /cormun/servlet/solicitudot?1539554f2574ae31e75791945e4365f21c2c89020d21e8288a5683c6899b3495eba5a7ea0c7951445d604a6b1b68429b,gx-no-cache=1521139413172 HTTP/1.1" 200 30
186.67.172.234 - - [15/Mar/2018:15:45:15 -0300] "POST /cormun/servlet/solicitudot?gx-no-cache=1521139413219 HTTP/1.1" 200 30
186.67.172.234 - - [15/Mar/2018:15:45:15 -0300] "POST /cormun/servlet/solicitudot?9a2343e4c2e7b1787a1a92c6eb4541eb,INS,0,0,,gx-no-cache=1521139413266 HTTP/1.1" 200 11896
192.168.10.96 - - [15/Mar/2018:15:45:17 -0300] "GET /cormun/servlet/trsolicitudgral? HTTP/1.1" 200 12462
192.168.10.96 - - [15/Mar/2018:15:45:18 -0300] "GET /cormun/servlet/trsolicitudgral? HTTP/1.1" 200 12462
186.103.159.46 - - [15/Mar/2018:15:45:24 -0300] "GET /cormun/servlet/trsolicitudot? HTTP/1.1" 200 8594
186.103.159.46 - - [15/Mar/2018:15:45:25 -0300] "GET /cormun/servlet/trsolicitudot? HTTP/1.1" 200 8588
186.103.161.206 - - [15/Mar/2018:15:45:29 -0300] "GET /cormun/servlet/trautorizarsolicitud? HTTP/1.1" 200 9005
186.103.161.206 - - [15/Mar/2018:15:45:29 -0300] "GET /cormun/static/gxcfg.js?2017111423403364 HTTP/1.1" 200 953
200.111.122.170 - - [15/Mar/2018:15:45:29 -0300] "GET /cormun/static/trautorizarsolicitud.js?201711142340425 HTTP/1.1" 200 53910
200.111.122.170 - - [15/Mar/2018:15:45:30 -0300] "GET /cormun/servlet/trautorizarsolicitud? HTTP/1.1" 200 9005
186.67.172.234 - - [15/Mar/2018:15:45:31 -0300] "GET /cormun/servlet/prfichaempleado?,MD,,gxPopupLevel%3D0%3B HTTP/1.1" 200 9383
186.67.172.234 - - [15/Mar/2018:15:45:31 -0300] "GET /cormun/static/gxcfg.js?20177612134814 HTTP/1.1" 200 953
186.103.159.46 - - [15/Mar/2018:15:45:32 -0300] "POST /cormun/servlet/trsolicitudot?7e21d59f701ba5201d658d9b483fea38,,gx-no-cache=1521139480078 HTTP/1.1" 200 4510
186.103.159.46 - - [15/Mar/2018:15:45:32 -0300] "GET /cormun/static/Shared/jqueryui/images/ui-bg_highlight-soft_100_c6c2c8_1x100.png HTTP/1.1" 404 1117
186.103.159.46 - - [15/Mar/2018:15:45:32 -0300] "GET /cormun/static/Shared/jqueryui/images/ui-icons_82798d_256x240.png HTTP/1.1" 404 1089
186.103.159.46 - - [15/Mar/2018:15:45:32 -0300] "GET /cormun/static/Shared/jqueryui/images/ui-bg_flat_55_fafafa_40x100.png HTTP/1.1" 404 1097
186.103.159.46 - - [15/Mar/2018:15:45:32 -0300] "GET /cormun/static/Shared/jqueryui/images/ui-icons_8d78a5_256x240.png HTTP/1.1" 404 1089
186.103.159.46 - - [15/Mar/2018:15:45:32 -0300] "POST /cormun/servlet/trsolicitudot?7e21d59f701ba5201d658d9b483fea38,,gx-no-cache=1521139480332 HTTP/1.1" 200 4269
200.73.230.197 - - [15/Mar/2018:15:45:34 -0300] "GET /cormun/servlet/solicitudot?f72a17972ca21fafc121d9cc232b4d431ebb64abab160f403c3701790051438207a41b4db05eba7b529da53f95565b8390f524811b28f00b56772efb6991698f820798700fb59cf40d3e36ed88c788b1dddcd5862c858db811393b5848ae190945eab94f12f55b66fe7180be142cf821531bcf598e9c8bf033a3e8af0a08b5ce5b8d84a510c361a0d36c24859a863dcd84ee396fef7df8c4c374137bf9651cfec2f4af9d4ba383b271b9a56080a3a5a5b82e50c0e223d712f3d71cab98c89b3b0ecd412a74eda650c0bc55110c839658,gx-no-cache=1521143080200 HTTP/1.1" 200 29
192.168.10.96 - - [15/Mar/2018:15:45:35 -0300] "POST /cormun/servlet/trsolicitudgral?6c2febdf6f1116ba4339f42c8914dd73,,gx-no-cache=1521139370636 HTTP/1.1" 200 5926
192.168.10.96 - - [15/Mar/2018:15:45:35 -0300] "POST /cormun/servlet/trsolicitudgral?6c2febdf6f1116ba4339f42c8914dd73,,gx-no-cache=1521139371361 HTTP/1.1" 200 5925
192.168.10.96 - - [15/Mar/2018:15:45:35 -0300] "POST /cormun/servlet/trsolicitudgral?6c2febdf6f1116ba4339f42c8914dd73,,gx-no-cache=1521139371529 HTTP/1.1" 200 5925
192.168.10.96 - - [15/Mar/2018:15:45:36 -0300] "POST /cormun/servlet/trsolicitudgral?6c2febdf6f1116ba4339f42c8914dd73,,gx-no-cache=1521139371706 HTTP/1.1" 200 5926
192.168.10.96 - - [15/Mar/2018:15:45:36 -0300] "POST /cormun/servlet/trsolicitudgral?6c2febdf6f1116ba4339f42c8914dd73,,gx-no-cache=1521139371890 HTTP/1.1" 200 5926
192.168.10.96 - - [15/Mar/2018:15:45:36 -0300] "POST /cormun/servlet/trsolicitudgral?6c2febdf6f1116ba4339f42c8914dd73,,gx-no-cache=1521139372072 HTTP/1.1" 200 5927
192.168.10.96 - - [15/Mar/2018:15:45:36 -0300] "POST /cormun/servlet/trsolicitudgral?6c2febdf6f1116ba4339f42c8914dd73,,gx-no-cache=1521139372248 HTTP/1.1" 200 5925
192.168.10.96 - - [15/Mar/2018:15:45:36 -0300] "POST /cormun/servlet/trsolicitudgral?6c2febdf6f1116ba4339f42c8914dd73,,gx-no-cache=1521139372415 HTTP/1.1" 200 5926
186.103.159.46 - - [15/Mar/2018:15:45:37 -0300] "GET /cormun/servlet/trsolicitudot? HTTP/1.1" 200 7172
186.103.159.46 - - [15/Mar/2018:15:45:38 -0300] "GET /cormun/servlet/trsolicitudot? HTTP/1.1" 200 7172
192.168.10.96 - - [15/Mar/2018:15:45:41 -0300] "POST /cormun/servlet/trsolicitudgral?6c2febdf6f1116ba4339f42c8914dd73,,gx-no-cache=1521139377186 HTTP/1.1" 200 7322
200.73.230.197 - - [15/Mar/2018:15:45:41 -0300] "POST /cormun/servlet/solicitudot?gx-no-cache=1521143087762 HTTP/1.1" 200 1319
200.73.230.197 - - [15/Mar/2018:15:45:41 -0300] "POST /cormun/servlet/solicitudot?gx-no-cache=1521143087969 HTTP/1.1" 200 1219
200.73.230.197 - - [15/Mar/2018:15:45:41 -0300] "GET /cormun/static/menuarrow.gif HTTP/1.1" 404 1015
200.73.230.197 - - [15/Mar/2018:15:45:45 -0300] "POST /cormun/servlet/solicitudot?gx-no-cache=1521143091323 HTTP/1.1" 200 1319
200.73.230.197 - - [15/Mar/2018:15:45:45 -0300] "POST /cormun/servlet/solicitudot?gx-no-cache=1521143091458 HTTP/1.1" 200 1219
186.67.172.234 - - [15/Mar/2018:15:45:50 -0300] "POST /cormun/servlet/prfichaempleado?9a2343e4c2e7b1787a1a92c6eb4541eb,,MD,,gxPopupLevel%3D0%3B,gx-no-cache=1521139448007 HTTP/1.1" 200 3428
200.73.230.197 - - [15/Mar/2018:15:45:50 -0300] "GET /cormun/servlet/solicitudot?f72a17972ca21fafc121d9cc232b4d433e969aa09ef9b3b582ea5de21e28208447db0ebaa09bbe6023460897eb50802f,gx-no-cache=1521143097197 HTTP/1.1" 200 30
200.72.197.82 - - [15/Mar/2018:15:45:57 -0300] "POST /cormun/servlet/trautorizarsolicitud?a75198b10b13d406662907a641df75c2,,gx-no-cache=1521139506164 HTTP/1.1" 200 5811
200.72.197.82 - - [15/Mar/2018:15:45:58 -0300] "GET /cormun/static/Shared/jqueryui/images/ui-bg_highlight-soft_100_c6c2c8_1x100.png HTTP/1.1" 404 1117
200.72.197.82 - - [15/Mar/2018:15:45:58 -0300] "GET /cormun/static/Shared/jqueryui/images/ui-bg_flat_55_fafafa_40x100.png HTTP/1.1" 404 1097
186.103.132.155 - - [15/Mar/2018:15:45:58 -0300] "GET /cormun/static/Shared/jqueryui/images/ui-icons_82798d_256x240.png HTTP/1.1" 404 1089
200.72.197.82 - - [15/Mar/2018:15:45:58 -0300] "GET /cormun/static/Shared/jqueryui/images/ui-icons_8d78a5_256x240.png HTTP/1.1" 404 1089
200.72.197.82 - - [15/Mar/2018:15:45:59 -0300] "POST /cormun/servlet/trautorizarsolicitud?a75198b10b13d406662907a641df75c2,,gx-no-cache=1521139507938 HTTP/1.1" 200 5757
200.72.197.82 - - [15/Mar/2018:15:46:03 -0300] "POST /cormun/servlet/trautorizarsolicitud?a75198b10b13d406662907a641df75c2,,gx-no-cache=1521139512094 HTTP/1.1" 200 4611
200.72.197.82 - - [15/Mar/2018:15:46:04 -0300] "POST /cormun/servlet/trautorizarsolicitud?a75198b10b13d406662907a641df75c2,,gx-no-cache=1521139513652 HTTP/1.1" 200 4371
200.73.230.197 - - [15/Mar/2018:15:46:10 -0300] "POST /cormun/servlet/solicitudot?gx-no-cache=1521143116363 HTTP/1.1" 200 30
200.72.197.82 - - [15/Mar/2018:15:46:18 -0300] "GET /cormun/servlet/trsolicitudot? HTTP/1.1" 200 23019
200.72.197.82 - - [15/Mar/2018:15:46:19 -0300] "GET /cormun/servlet/trsolicitudot? HTTP/1.1" 200 23018
186.103.132.155 - - [15/Mar/2018:15:46:25 -0300] "GET /cormun/servlet/treventos?2018,10503, HTTP/1.1" 200 8115
186.103.132.155 - - [15/Mar/2018:15:46:26 -0300] "GET /cormun/servlet/treventos?2018,10503, HTTP/1.1" 200 8122
186.103.132.155 - - [15/Mar/2018:15:46:32 -0300] "GET /cormun/servlet/trsolicitudot? HTTP/1.1" 200 23019
186.103.132.155 - - [15/Mar/2018:15:46:33 -0300] "GET /cormun/servlet/trsolicitudot? HTTP/1.1" 200 23018
200.73.230.197 - - [15/Mar/2018:15:46:39 -0300] "POST /cormun/servlet/solicitudot?f547d9db02f92d32a14b5e3081682d62,INS,0,0,,gx-no-cache=1521143145069 HTTP/1.1" 200 93
200.73.230.197 - - [15/Mar/2018:15:46:39 -0300] "GET /cormun/servlet/hpexe_return? HTTP/1.1" 200 1011
200.73.230.197 - - [15/Mar/2018:15:46:39 -0300] "GET /cormun/servlet/trsolicitudot HTTP/1.1" 200 9011
200.73.230.197 - - [15/Mar/2018:15:46:41 -0300] "GET /cormun/servlet/trsolicitudot HTTP/1.1" 200 9007
186.67.203.186 - - [15/Mar/2018:15:46:48 -0300] "GET /cormun/servlet/treventos?2018,10503, HTTP/1.1" 200 8115
186.67.203.186 - - [15/Mar/2018:15:46:48 -0300] "GET /cormun/servlet/treventos?2018,10503, HTTP/1.1" 200 8122
186.67.203.186 - - [15/Mar/2018:15:46:53 -0300] "GET /cormun/servlet/trsolicitudot? HTTP/1.1" 200 23019
186.67.203.186 - - [15/Mar/2018:15:46:54 -0300] "GET /cormun/servlet/trsolicitudot? HTTP/1.1" 200 23018
192.168.10.96 - - [15/Mar/2018:15:46:55 -0300] "POST /cormun/servlet/trsolicitudgral?6c2febdf6f1116ba4339f42c8914dd73,,gx-no-cache=1521139451401 HTTP/1.1" 200 7321
192.168.10.96 - - [15/Mar/2018:15:46:56 -0300] "POST /cormun/servlet/trsolicitudgral?6c2febdf6f1116ba4339f42c8914dd73,,gx-no-cache=1521139451648 HTTP/1.1" 200 7322
192.168.10.96 - - [15/Mar/2018:15:46:56 -0300] "POST /cormun/servlet/trsolicitudgral?6c2febdf6f1116ba4339f42c8914dd73,,gx-no-cache=1521139451843 HTTP/1.1" 200 7322
192.168.10.96 - - [15/Mar/2018:15:46:56 -0300] "POST /cormun/servlet/trsolicitudgral?6c2febdf6f1116ba4339f42c8914dd73,,gx-no-cache=1521139452081 HTTP/1.1" 200 7322
192.168.10.96 - - [15/Mar/2018:15:46:56 -0300] "POST /cormun/servlet/trsolicitudgral?6c2febdf6f1116ba4339f42c8914dd73,,gx-no-cache=1521139452282 HTTP/1.1" 200 7322
190.151.100.218 - - [15/Mar/2018:15:46:59 -0300] "GET /cormun/servlet/treventos?2018,10445, HTTP/1.1" 200 8422
192.168.10.96 - - [15/Mar/2018:15:46:59 -0300] "POST /cormun/servlet/trsolicitudgral?6c2febdf6f1116ba4339f42c8914dd73,,gx-no-cache=1521139455409 HTTP/1.1" 200 7322
192.168.10.96 - - [15/Mar/2018:15:47:00 -0300] "POST /cormun/servlet/trsolicitudgral?6c2febdf6f1116ba4339f42c8914dd73,,gx-no-cache=1521139455682 HTTP/1.1" 200 7322
190.151.100.218 - - [15/Mar/2018:15:47:00 -0300] "GET /cormun/servlet/treventos?2018,10445, HTTP/1.1" 200 8431
192.168.10.96 - - [15/Mar/2018:15:47:05 -0300] "POST /cormun/servlet/trsolicitudgral?6c2febdf6f1116ba4339f42c8914dd73,,gx-no-cache=1521139460648 HTTP/1.1" 200 7321
200.111.122.170 - - [15/Mar/2018:15:47:06 -0300] "GET /cormun/servlet/trsolicitudot? HTTP/1.1" 200 23022
200.73.230.197 - - [15/Mar/2018:15:47:06 -0300] "POST /cormun/servlet/trsolicitudot?f547d9db02f92d32a14b5e3081682d62,gx-no-cache=1521143172688 HTTP/1.1" 200 107
200.73.230.197 - - [15/Mar/2018:15:47:06 -0300] "GET /cormun/servlet/trsolicitudadjuntos?2018,10531, HTTP/1.1" 200 6024
200.73.230.197 - - [15/Mar/2018:15:47:06 -0300] "GET /cormun/static/gxcfg.js?20177612135366 HTTP/1.1" 200 953
200.73.230.197 - - [15/Mar/2018:15:47:06 -0300] "GET /cormun/static/trsolicitudadjuntos.js?20177612135632 HTTP/1.1" 200 17922
200.111.122.170 - - [15/Mar/2018:15:47:07 -0300] "GET /cormun/servlet/trsolicitudot? HTTP/1.1" 200 23018
200.73.230.197 - - [15/Mar/2018:15:47:08 -0300] "GET /cormun/servlet/trsolicitudadjuntos?2018,10531, HTTP/1.1" 200 6024
200.73.230.197 - - [15/Mar/2018:15:47:11 -0300] "GET /cormun/servlet/solicitudotadjuntos?INS,2018,10531,,1, HTTP/1.1" 200 5969
200.73.230.197 - - [15/Mar/2018:15:47:11 -0300] "GET /cormun/static/gxcfg.js?2017761244068 HTTP/1.1" 200 953
200.73.230.197 - - [15/Mar/2018:15:47:11 -0300] "GET /cormun/static/solicitudotadjuntos.js?2017761244086 HTTP/1.1" 200 11771
200.73.230.197 - - [15/Mar/2018:15:47:12 -0300] "GET /cormun/static/about:blank HTTP/1.1" 404 1011
200.73.230.197 - - [15/Mar/2018:15:47:12 -0300] "GET /cormun/servlet/solicitudotadjuntos?INS,2018,10531,,1, HTTP/1.1" 200 5963
200.73.230.197 - - [15/Mar/2018:15:47:13 -0300] "GET /cormun/servlet/solicitudotadjuntos?f72a17972ca21fafc121d9cc232b4d43ad1c0fab9dcaa1277123175612d892002c6d62fb3334eb6b80a5cb57442d5034,gx-no-cache=1521143179641 HTTP/1.1" 200 30
200.73.230.197 - - [15/Mar/2018:15:47:13 -0300] "POST /cormun/servlet/solicitudotadjuntos?f547d9db02f92d32a14b5e3081682d62,INS,2018,10531,,1,,gx-no-cache=1521143179735 HTTP/1.1" 200 3826
200.73.230.197 - - [15/Mar/2018:15:47:22 -0300] "POST /cormun/servlet/solicitudotadjuntos?gx-no-cache=1521143188679 HTTP/1.1" 200 26
200.73.230.197 - - [15/Mar/2018:15:47:57 -0300] "GET /cormun/servlet/solicitudotadjuntos?f72a17972ca21fafc121d9cc232b4d43838b4a4512362279b1fe32c50e4b2d3e,gx-no-cache=1521143223531 HTTP/1.1" 200 30
200.73.230.197 - - [15/Mar/2018:15:47:57 -0300] "GET /cormun/servlet/solicitudotadjuntos?f72a17972ca21fafc121d9cc232b4d43838b4a4512362279b1fe32c50e4b2d3e,gx-no-cache=1521143223617 HTTP/1.1" 200 30
