192.168.10.62 - - [15/Mar/2018:17:13:53 -0300] "GET /cormun/static/Shared/jqueryui/images/ui-bg_highlight-soft_100_c6c2c8_1x100.png HTTP/1.1" 404 1117
192.168.10.62 - - [15/Mar/2018:17:13:53 -0300] "GET /cormun/static/Shared/jqueryui/images/ui-icons_82798d_256x240.png HTTP/1.1" 404 1089
192.168.10.62 - - [15/Mar/2018:17:13:53 -0300] "GET /cormun/static/Shared/jqueryui/images/ui-bg_flat_55_fafafa_40x100.png HTTP/1.1" 404 1097
192.168.10.62 - - [15/Mar/2018:17:13:53 -0300] "GET /cormun/static/Shared/jqueryui/images/ui-icons_8d78a5_256x240.png HTTP/1.1" 404 1089
192.168.10.62 - - [15/Mar/2018:17:13:53 -0300] "POST /cormun/servlet/vesolicitudgral?e981762a2b0d918fcd7d152dc63de9b6,2018,10483,,,gx-no-cache=1521144669034 HTTP/1.1" 200 11877
192.168.10.62 - - [15/Mar/2018:17:14:03 -0300] "POST /cormun/servlet/vesolicitudgral?e981762a2b0d918fcd7d152dc63de9b6,2018,10483,,,gx-no-cache=1521144678935 HTTP/1.1" 200 90
192.168.10.62 - - [15/Mar/2018:17:14:03 -0300] "GET /cormun/servlet/hpexe_link HTTP/1.1" 200 967
192.168.10.62 - - [15/Mar/2018:17:14:03 -0300] "GET /cormun/servlet/trsolicitudgral HTTP/1.1" 200 24969
192.168.10.62 - - [15/Mar/2018:17:14:04 -0300] "GET /cormun/servlet/trsolicitudgral HTTP/1.1" 200 24968
192.168.10.89 - - [15/Mar/2018:17:14:16 -0300] "GET /cormun/servlet/solicitudot?INS,0,0, HTTP/1.1" 200 13616
192.168.10.89 - - [15/Mar/2018:17:14:18 -0300] "GET /cormun/servlet/prfichaempleado?,MD,,gxPopupLevel%3D0%3B HTTP/1.1" 200 9319
192.168.10.62 - - [15/Mar/2018:17:14:21 -0300] "GET /cormun/servlet/trconsultaempleado? HTTP/1.1" 200 10204
192.168.10.62 - - [15/Mar/2018:17:14:22 -0300] "GET /cormun/servlet/trconsultaempleado? HTTP/1.1" 200 10203
192.168.10.89 - - [15/Mar/2018:17:14:23 -0300] "POST /cormun/servlet/prfichaempleado?3d029ccfcb6a8618f3fa0069a0c193d6,,MD,,gxPopupLevel%3D0%3B,gx-no-cache=1521144699476 HTTP/1.1" 200 3750
192.168.10.62 - - [15/Mar/2018:17:14:28 -0300] "POST /cormun/servlet/trconsultaempleado?e981762a2b0d918fcd7d152dc63de9b6,,gx-no-cache=1521144703870 HTTP/1.1" 200 4487
192.168.10.89 - - [15/Mar/2018:17:14:28 -0300] "POST /cormun/servlet/solicitudot?gx-no-cache=1521144703968 HTTP/1.1" 200 3373
192.168.10.89 - - [15/Mar/2018:17:14:28 -0300] "POST /cormun/servlet/solicitudot?3d029ccfcb6a8618f3fa0069a0c193d6,INS,0,0,,gx-no-cache=1521144704192 HTTP/1.1" 200 10533
192.168.10.62 - - [15/Mar/2018:17:14:29 -0300] "POST /cormun/servlet/trconsultaempleado?e981762a2b0d918fcd7d152dc63de9b6,,gx-no-cache=1521144704925 HTTP/1.1" 200 4487
192.168.10.62 - - [15/Mar/2018:17:14:35 -0300] "GET /cormun/servlet/trsolicitudgral? HTTP/1.1" 200 24968
192.168.10.62 - - [15/Mar/2018:17:14:36 -0300] "GET /cormun/servlet/trsolicitudgral? HTTP/1.1" 200 24968
192.168.10.62 - - [15/Mar/2018:17:14:47 -0300] "POST /cormun/servlet/trsolicitudgral?e981762a2b0d918fcd7d152dc63de9b6,,gx-no-cache=1521144723029 HTTP/1.1" 200 10684
192.168.10.62 - - [15/Mar/2018:17:14:54 -0300] "POST /cormun/servlet/trsolicitudgral?e981762a2b0d918fcd7d152dc63de9b6,,gx-no-cache=1521144730407 HTTP/1.1" 200 105
192.168.10.62 - - [15/Mar/2018:17:14:55 -0300] "POST /cormun/servlet/trsolicitudgral?e981762a2b0d918fcd7d152dc63de9b6,,gx-no-cache=1521144730543 HTTP/1.1" 200 10667
192.168.10.62 - - [15/Mar/2018:17:14:55 -0300] "GET /cormun/SolicitudGral-8533.xls HTTP/1.1" 200 9216
192.168.10.89 - - [15/Mar/2018:17:15:22 -0300] "POST /cormun/servlet/solicitudot?3d029ccfcb6a8618f3fa0069a0c193d6,INS,0,0,,gx-no-cache=1521144757935 HTTP/1.1" 200 93
192.168.10.89 - - [15/Mar/2018:17:15:22 -0300] "GET /cormun/servlet/hpexe_return? HTTP/1.1" 200 1008
192.168.10.89 - - [15/Mar/2018:17:15:22 -0300] "GET /cormun/servlet/trsolicitudot HTTP/1.1" 200 8760
192.168.10.89 - - [15/Mar/2018:17:15:24 -0300] "GET /cormun/servlet/solicitudot?INS,0,0, HTTP/1.1" 200 13616
192.168.10.89 - - [15/Mar/2018:17:15:27 -0300] "GET /cormun/servlet/prfichaempleado?,MD,,gxPopupLevel%3D0%3B HTTP/1.1" 200 9319
192.168.10.89 - - [15/Mar/2018:17:15:32 -0300] "POST /cormun/servlet/prfichaempleado?3d029ccfcb6a8618f3fa0069a0c193d6,,MD,,gxPopupLevel%3D0%3B,gx-no-cache=1521144767830 HTTP/1.1" 200 3750
192.168.10.89 - - [15/Mar/2018:17:15:35 -0300] "POST /cormun/servlet/solicitudot?gx-no-cache=1521144771559 HTTP/1.1" 200 3403
192.168.10.89 - - [15/Mar/2018:17:15:36 -0300] "POST /cormun/servlet/solicitudot?3d029ccfcb6a8618f3fa0069a0c193d6,INS,0,0,,gx-no-cache=1521144771763 HTTP/1.1" 200 10571
192.168.10.89 - - [15/Mar/2018:17:15:38 -0300] "GET /cormun/servlet/solicitudot?ee8f9a129fb959eaefc2d6a73749c9fa6649611aaa3c78257a33fa5c7cd0936e5f327bb4e38100c646c2b68f5caa4647,gx-no-cache=1521144774137 HTTP/1.1" 200 30
192.168.10.89 - - [15/Mar/2018:17:15:38 -0300] "GET /cormun/servlet/solicitudot?ee8f9a129fb959eaefc2d6a73749c9faaf1ff16749c69d31a05116a38c4a79f178858b79cd98b4763830ae3311e232cbbe4c1152b42bfc9b673015bbf42f64b7,gx-no-cache=1521144774181 HTTP/1.1" 200 30
192.168.10.89 - - [15/Mar/2018:17:15:38 -0300] "GET /cormun/servlet/solicitudot?ee8f9a129fb959eaefc2d6a73749c9fa9d7b64d23d7ad1e99c3df0d1a3beb6f9,gx-no-cache=1521144774199 HTTP/1.1" 200 51
192.168.10.89 - - [15/Mar/2018:17:15:38 -0300] "POST /cormun/servlet/solicitudot?gx-no-cache=1521144774221 HTTP/1.1" 200 255
192.168.10.89 - - [15/Mar/2018:17:15:38 -0300] "GET /cormun/servlet/solicitudot?ee8f9a129fb959eaefc2d6a73749c9fa184e7d8f6a44a12856370d41e8c4f8337385abe372d97c7a775fafe4c2a0fbdd305af9d5a4f954d4ab6eeafec3f6754956b2404da1d8d413adfa9b3be829f0101bb4586f3372200e42e2c37250e08e68d2235ef4cf4ec47b528550c3ecd14240983dd5f530191f845d03ce68a362a56eb1867aeb61942568f6311588c8a0d1b12ae6df60aace6eebe96b4be64185fa45e96c45ce57db32f358c5a86161b9bfe11354d94555b31f0b9a8151232b1bd4bd0ca6da943c656ff82a5daaeb54d8f8072d293d946b2c06967d4268335331c76ce60f89ac2f9edf77c1e4a8038feeb61e0a25d1c7f8a8ac070d3867b51cbdf9f25788c00ff41627183a8e072bdf883892da7dd8eca202b80d38f9bcd1fb928b2eee4b42df89761bb67ee90e056264cdd5125901f069385b26045598cdb655c2d6d7483d782bf71286ce4e1e9ae14f69c0be3893b6851ddc3df21255e21ec57febb98f4afc5b11596d9d587cfbfe4e310b38de35820059d0a6900bdaf5b4923306,gx-no-cache=1521144774246 HTTP/1.1" 200 30
192.168.10.89 - - [15/Mar/2018:17:15:42 -0300] "POST /cormun/servlet/solicitudot?gx-no-cache=1521144778039 HTTP/1.1" 200 30
192.168.10.89 - - [15/Mar/2018:17:15:44 -0300] "GET /cormun/servlet/prcontratosol?11433311,,,,,MD,,gxPopupLevel%3D0%3B HTTP/1.1" 200 7947
192.168.10.62 - - [15/Mar/2018:17:15:50 -0300] "GET /cormun/servlet/vesolicitudgral?2018,9999,, HTTP/1.1" 200 9022
192.168.10.62 - - [15/Mar/2018:17:15:50 -0300] "GET /cormun/pexe_scrolldiv.js HTTP/1.1" 404 1009
192.168.10.62 - - [15/Mar/2018:17:15:50 -0300] "GET /cormun/pexe_scrolldiv.js HTTP/1.1" 404 1009
192.168.10.62 - - [15/Mar/2018:17:15:50 -0300] "GET /cormun/servlet/vesolicitudgral?2018,9999,, HTTP/1.1" 200 9021
192.168.10.62 - - [15/Mar/2018:17:15:53 -0300] "GET /cormun/servlet/vesolicitudgral?2018,9999,,SolicitudOTAdjuntos HTTP/1.1" 200 7730
192.168.10.62 - - [15/Mar/2018:17:15:53 -0300] "GET /cormun/pexe_scrolldiv.js HTTP/1.1" 404 1009
192.168.10.62 - - [15/Mar/2018:17:15:53 -0300] "GET /cormun/pexe_scrolldiv.js HTTP/1.1" 404 1009
192.168.10.89 - - [15/Mar/2018:17:15:53 -0300] "POST /cormun/servlet/solicitudot?gx-no-cache=1521144789391 HTTP/1.1" 200 1337
192.168.10.89 - - [15/Mar/2018:17:15:53 -0300] "POST /cormun/servlet/solicitudot?gx-no-cache=1521144789504 HTTP/1.1" 200 38
192.168.10.89 - - [15/Mar/2018:17:15:53 -0300] "GET /cormun/servlet/solicitudot?ee8f9a129fb959eaefc2d6a73749c9fac60c11271e15bfcc2fe48088a97022c3e00b5cc5cdf577bde02e1940539b0b5d9db2fc17cf26d7407a902be24f4d5f4d2a6891551156a2543a3d0dae1b0c514e1fefbd90faaa3886e16ea70692bc7e1f470dc10ac0ccf34b1b855253bebf35b1ccf857f05280ccf4c09d0251b13840e72286673ccae5c1aefb00747f7eabcd2f4b8ab4c78a6c1fe8bcd2aa26ae9af4ba,gx-no-cache=1521144789527 HTTP/1.1" 200 29
192.168.10.89 - - [15/Mar/2018:17:15:53 -0300] "POST /cormun/servlet/solicitudot?gx-no-cache=1521144789548 HTTP/1.1" 200 1319
192.168.10.89 - - [15/Mar/2018:17:15:53 -0300] "POST /cormun/servlet/solicitudot?gx-no-cache=1521144789583 HTTP/1.1" 200 1219
192.168.10.62 - - [15/Mar/2018:17:15:53 -0300] "GET /cormun/servlet/vesolicitudgral?2018,9999,,SolicitudOTAdjuntos HTTP/1.1" 200 7730
192.168.10.89 - - [15/Mar/2018:17:15:54 -0300] "GET /cormun/servlet/solicitudot?ee8f9a129fb959eaefc2d6a73749c9fa2d77bd553a625e95e350bd3d3b862b14b0c0a044512ab5393f663f92075fb302,gx-no-cache=1521144789630 HTTP/1.1" 200 134
192.168.10.89 - - [15/Mar/2018:17:15:54 -0300] "GET /cormun/static/Shared/jqueryui/images/ui-bg_highlight-soft_100_c6c2c8_1x100.png HTTP/1.1" 404 1117
192.168.10.89 - - [15/Mar/2018:17:15:54 -0300] "GET /cormun/static/Shared/jqueryui/images/ui-icons_82798d_256x240.png HTTP/1.1" 404 1089
192.168.10.89 - - [15/Mar/2018:17:15:54 -0300] "GET /cormun/static/Shared/jqueryui/images/ui-icons_ebccce_256x240.png HTTP/1.1" 404 1089
192.168.10.89 - - [15/Mar/2018:17:15:54 -0300] "GET /cormun/static/Shared/jqueryui/images/ui-bg_flat_55_994d53_40x100.png HTTP/1.1" 404 1097
192.168.10.62 - - [15/Mar/2018:17:15:54 -0300] "POST /cormun/servlet/acontrolpreferencessavestate?None,FGONZALEZ,true HTTP/1.1" 200 35
192.168.10.62 - - [15/Mar/2018:17:15:56 -0300] "POST /cormun/servlet/vesolicitudgral?e981762a2b0d918fcd7d152dc63de9b6,2018,9999,,SolicitudOTAdjuntos,gx-no-cache=1521144791873 HTTP/1.1" 200 90
192.168.10.62 - - [15/Mar/2018:17:15:56 -0300] "GET /cormun/servlet/hpexe_link HTTP/1.1" 200 977
192.168.10.62 - - [15/Mar/2018:17:15:56 -0300] "GET /cormun/servlet/trsolicitudgral? HTTP/1.1" 200 13636
192.168.10.62 - - [15/Mar/2018:17:15:56 -0300] "GET /cormun/servlet/trsolicitudgral? HTTP/1.1" 200 13635
192.168.10.89 - - [15/Mar/2018:17:16:00 -0300] "GET /cormun/servlet/solicitudot?ee8f9a129fb959eaefc2d6a73749c9fac60c11271e15bfcc2fe48088a97022c3e00b5cc5cdf577bde02e1940539b0b5d9db2fc17cf26d7407a902be24f4d5f4d2a6891551156a2543a3d0dae1b0c514e1fefbd90faaa3886e16ea70692bc7e1f470dc10ac0ccf34b1b855253bebf35b1ccf857f05280ccf4c09d0251b13840e72286673ccae5c1aefb00747f7eabcd2f4b8ab4c78a6c1fe8bcd2aa26ae9af4ba,gx-no-cache=1521144796255 HTTP/1.1" 200 29
192.168.10.89 - - [15/Mar/2018:17:16:00 -0300] "POST /cormun/servlet/solicitudot?gx-no-cache=1521144796288 HTTP/1.1" 200 1321
192.168.10.89 - - [15/Mar/2018:17:16:00 -0300] "POST /cormun/servlet/solicitudot?gx-no-cache=1521144796339 HTTP/1.1" 200 1219
192.168.10.62 - - [15/Mar/2018:17:16:02 -0300] "GET /cormun/servlet/vesolicitudgral?2018,9999,, HTTP/1.1" 200 9022
192.168.10.62 - - [15/Mar/2018:17:16:02 -0300] "GET /cormun/pexe_scrolldiv.js HTTP/1.1" 404 1009
192.168.10.62 - - [15/Mar/2018:17:16:03 -0300] "GET /cormun/pexe_scrolldiv.js HTTP/1.1" 404 1009
192.168.10.62 - - [15/Mar/2018:17:16:03 -0300] "GET /cormun/servlet/vesolicitudgral?2018,9999,, HTTP/1.1" 200 9021
192.168.10.62 - - [15/Mar/2018:17:16:06 -0300] "POST /cormun/servlet/vesolicitudgral?e981762a2b0d918fcd7d152dc63de9b6,2018,9999,,,gx-no-cache=1521144802533 HTTP/1.1" 200 113
192.168.10.62 - - [15/Mar/2018:17:16:07 -0300] "GET /cormun/servlet/solicitudotlog?INS,2018,9999,0,REC, HTTP/1.1" 200 6294
192.168.10.62 - - [15/Mar/2018:17:16:07 -0300] "GET /cormun/static/gxcfg.js?2017761245646 HTTP/1.1" 304 -
192.168.10.62 - - [15/Mar/2018:17:16:07 -0300] "GET /cormun/servlet/solicitudotlog?INS,2018,9999,0,REC, HTTP/1.1" 200 6290
192.168.10.62 - - [15/Mar/2018:17:16:07 -0300] "GET /cormun/servlet/solicitudotlog?863202b4a449449c58d1e44f232dbbe093ead431c9144eae73999967133299b1d03c9cacee4ca173dbd558b3c407121a2ec5db41775899c600d8c6b16abb1a444cd73d1f7c5c201246b1cf69bebc8a593b42040015d5efd724f31cd5ffd4d305886fe6c87ab14cda359c3757528142c68388981826ff4cefa4cecb755e2a7741d2efef5fca8f6c225569734a0d41f8e8c7d965378518d307634eeb8515fe613d,gx-no-cache=1521144803502 HTTP/1.1" 200 94
192.168.10.89 - - [15/Mar/2018:17:16:12 -0300] "GET /cormun/servlet/solicitudot?ee8f9a129fb959eaefc2d6a73749c9faf3da43480e0db05a233aa2695c04babcb0c0a044512ab5393f663f92075fb302,gx-no-cache=1521144808470 HTTP/1.1" 200 30
192.168.10.89 - - [15/Mar/2018:17:16:14 -0300] "POST /cormun/servlet/solicitudot?gx-no-cache=1521144810571 HTTP/1.1" 200 33
192.168.10.62 - - [15/Mar/2018:17:16:20 -0300] "POST /cormun/servlet/solicitudotlog?e981762a2b0d918fcd7d152dc63de9b6,INS,2018,9999,0,REC,,gx-no-cache=1521144816082 HTTP/1.1" 200 93
192.168.10.62 - - [15/Mar/2018:17:16:20 -0300] "GET /cormun/servlet/hpexe_return? HTTP/1.1" 200 1026
192.168.10.62 - - [15/Mar/2018:17:16:20 -0300] "GET /cormun/servlet/vesolicitudgral?2018,9999,, HTTP/1.1" 200 9031
192.168.10.62 - - [15/Mar/2018:17:16:20 -0300] "GET /cormun/pexe_scrolldiv.js HTTP/1.1" 404 1009
192.168.10.62 - - [15/Mar/2018:17:16:20 -0300] "GET /cormun/pexe_scrolldiv.js HTTP/1.1" 404 1009
192.168.10.62 - - [15/Mar/2018:17:16:21 -0300] "GET /cormun/servlet/vesolicitudgral?2018,9999,, HTTP/1.1" 200 9027
192.168.10.62 - - [15/Mar/2018:17:16:25 -0300] "POST /cormun/servlet/vesolicitudgral?e981762a2b0d918fcd7d152dc63de9b6,2018,9999,,,gx-no-cache=1521144821235 HTTP/1.1" 200 90
192.168.10.62 - - [15/Mar/2018:17:16:25 -0300] "GET /cormun/servlet/hpexe_link HTTP/1.1" 200 965
192.168.10.62 - - [15/Mar/2018:17:16:25 -0300] "GET /cormun/servlet/trsolicitudgral HTTP/1.1" 200 13636
192.168.10.62 - - [15/Mar/2018:17:16:26 -0300] "GET /cormun/servlet/trsolicitudgral HTTP/1.1" 200 13635
192.168.10.89 - - [15/Mar/2018:17:16:30 -0300] "POST /cormun/servlet/solicitudot?3d029ccfcb6a8618f3fa0069a0c193d6,INS,0,0,,gx-no-cache=1521144825858 HTTP/1.1" 200 93
192.168.10.89 - - [15/Mar/2018:17:16:30 -0300] "GET /cormun/servlet/hpexe_return? HTTP/1.1" 200 1008
192.168.10.89 - - [15/Mar/2018:17:16:30 -0300] "GET /cormun/servlet/trsolicitudot HTTP/1.1" 200 9175
192.168.10.89 - - [15/Mar/2018:17:17:49 -0300] "GET /cormun/servlet/solicitudot?INS,0,0, HTTP/1.1" 200 13616
192.168.10.89 - - [15/Mar/2018:17:17:52 -0300] "GET /cormun/servlet/prfichaempleado?,MD,,gxPopupLevel%3D0%3B HTTP/1.1" 200 9319
192.168.10.89 - - [15/Mar/2018:17:17:57 -0300] "POST /cormun/servlet/prfichaempleado?3d029ccfcb6a8618f3fa0069a0c193d6,,MD,,gxPopupLevel%3D0%3B,gx-no-cache=1521144913272 HTTP/1.1" 200 6015
192.168.10.62 - - [15/Mar/2018:17:18:03 -0300] "POST /cormun/servlet/trsolicitudgral?e981762a2b0d918fcd7d152dc63de9b6,gx-no-cache=1521144918496 HTTP/1.1" 200 21918
192.168.10.89 - - [15/Mar/2018:17:18:05 -0300] "POST /cormun/servlet/prfichaempleado?3d029ccfcb6a8618f3fa0069a0c193d6,,MD,,gxPopupLevel%3D0%3B,gx-no-cache=1521144921390 HTTP/1.1" 200 3430
192.168.10.89 - - [15/Mar/2018:17:18:08 -0300] "POST /cormun/servlet/solicitudot?gx-no-cache=1521144924366 HTTP/1.1" 200 3404
192.168.10.89 - - [15/Mar/2018:17:18:09 -0300] "POST /cormun/servlet/solicitudot?3d029ccfcb6a8618f3fa0069a0c193d6,INS,0,0,,gx-no-cache=1521144924589 HTTP/1.1" 200 10573
192.168.10.89 - - [15/Mar/2018:17:18:11 -0300] "GET /cormun/servlet/solicitudot?ee8f9a129fb959eaefc2d6a73749c9fa2f7c9b3f750ab29d895f13d47fcc9b9d5f327bb4e38100c646c2b68f5caa4647,gx-no-cache=1521144926834 HTTP/1.1" 200 30
192.168.10.89 - - [15/Mar/2018:17:18:11 -0300] "GET /cormun/servlet/solicitudot?ee8f9a129fb959eaefc2d6a73749c9fa4ac68cc7fced13401b8849e5e7ecfe0e0817703dc77fa6a4a1a19ee971d44241a6087b931e7c8995a0c72cd8332da7cc,gx-no-cache=1521144926883 HTTP/1.1" 200 30
192.168.10.89 - - [15/Mar/2018:17:18:11 -0300] "GET /cormun/servlet/solicitudot?ee8f9a129fb959eaefc2d6a73749c9fa9d7b64d23d7ad1e99c3df0d1a3beb6f9,gx-no-cache=1521144926901 HTTP/1.1" 200 51
192.168.10.89 - - [15/Mar/2018:17:18:11 -0300] "POST /cormun/servlet/solicitudot?gx-no-cache=1521144926923 HTTP/1.1" 200 255
192.168.10.89 - - [15/Mar/2018:17:18:11 -0300] "GET /cormun/servlet/solicitudot?ee8f9a129fb959eaefc2d6a73749c9fa184e7d8f6a44a12856370d41e8c4f8337385abe372d97c7a775fafe4c2a0fbdd305af9d5a4f954d4ab6eeafec3f6754956b2404da1d8d413adfa9b3be829f0101bb4586f3372200e42e2c37250e08e68d2235ef4cf4ec47b528550c3ecd14240983dd5f530191f845d03ce68a362a56eb1867aeb61942568f6311588c8a0d1b12ae6df60aace6eebe96b4be64185fa45e96c45ce57db32f358c5a86161b9bfe11354d94555b31f0b9a8151232b1bd4bd0ca6da943c656ff82a5daaeb54d8f8072d293d946b2c06967d4268335331c76ce60f89ac2f9edf77c1e4a8038feeb61e0a25d1c7f8a8ac070d3867b51cbdf9f25788c00ff41627183a8e072bdf883892da7dd8eca202b80d38f9bcd1fb928b2eee4b42df89761bb67ee90e056264cdd5125901f069385b26045598cdb655c2d6d7483d782bf71286ce4e1e9ae14f69c0be3893b6851ddc3df21255e21ec57febb98f4afc5b11596d9d587cfbfe4e310b38de35820059d0a6900bdaf5b4923306,gx-no-cache=1521144926948 HTTP/1.1" 200 30
192.168.10.89 - - [15/Mar/2018:17:18:13 -0300] "POST /cormun/servlet/solicitudot?gx-no-cache=1521144929038 HTTP/1.1" 200 30
192.168.10.89 - - [15/Mar/2018:17:18:41 -0300] "GET /cormun/servlet/prcontratosol?16828151,,,,,MD,,gxPopupLevel%3D0%3B HTTP/1.1" 200 7959
192.168.10.89 - - [15/Mar/2018:17:18:46 -0300] "POST /cormun/servlet/solicitudot?gx-no-cache=1521144962513 HTTP/1.1" 200 1337
192.168.10.89 - - [15/Mar/2018:17:18:47 -0300] "POST /cormun/servlet/solicitudot?gx-no-cache=1521144962638 HTTP/1.1" 200 38
192.168.10.89 - - [15/Mar/2018:17:18:47 -0300] "GET /cormun/servlet/solicitudot?ee8f9a129fb959eaefc2d6a73749c9fac60c11271e15bfcc2fe48088a97022c3e00b5cc5cdf577bde02e1940539b0b5d9db2fc17cf26d7407a902be24f4d5f4d2a6891551156a2543a3d0dae1b0c514e1fefbd90faaa3886e16ea70692bc7e1f470dc10ac0ccf34b1b855253bebf35b1ccf857f05280ccf4c09d0251b13840e72286673ccae5c1aefb00747f7eabcd2f4b8ab4c78a6c1fe8bcd2aa26ae9af4ba,gx-no-cache=1521144962662 HTTP/1.1" 200 29
192.168.10.89 - - [15/Mar/2018:17:18:47 -0300] "POST /cormun/servlet/solicitudot?gx-no-cache=1521144962682 HTTP/1.1" 200 1319
192.168.10.89 - - [15/Mar/2018:17:18:47 -0300] "POST /cormun/servlet/solicitudot?gx-no-cache=1521144962716 HTTP/1.1" 200 1219
192.168.10.89 - - [15/Mar/2018:17:18:47 -0300] "GET /cormun/servlet/solicitudot?ee8f9a129fb959eaefc2d6a73749c9faf3da43480e0db05a233aa2695c04babcb0c0a044512ab5393f663f92075fb302,gx-no-cache=1521144962747 HTTP/1.1" 200 30
192.168.10.89 - - [15/Mar/2018:17:18:52 -0300] "GET /cormun/servlet/solicitudot?ee8f9a129fb959eaefc2d6a73749c9fac60c11271e15bfcc2fe48088a97022c3e00b5cc5cdf577bde02e1940539b0b5d9db2fc17cf26d7407a902be24f4d5f4d2a6891551156a2543a3d0dae1b0c514e1fefbd90faaa3886e16ea70692bc7e1f470dc10ac0ccf34b1b855253bebf35b1ccf857f05280ccf4c09d0251b13840e72286673ccae5c1aefb00747f7eabcd2f4b8ab4c78a6c1fe8bcd2aa26ae9af4ba,gx-no-cache=1521144967981 HTTP/1.1" 200 29
192.168.10.89 - - [15/Mar/2018:17:18:52 -0300] "POST /cormun/servlet/solicitudot?gx-no-cache=1521144968015 HTTP/1.1" 200 1321
192.168.10.89 - - [15/Mar/2018:17:18:52 -0300] "POST /cormun/servlet/solicitudot?gx-no-cache=1521144968063 HTTP/1.1" 200 1219
192.168.10.89 - - [15/Mar/2018:17:19:01 -0300] "GET /cormun/servlet/solicitudot?ee8f9a129fb959eaefc2d6a73749c9faf3da43480e0db05a233aa2695c04babcb0c0a044512ab5393f663f92075fb302,gx-no-cache=1521144976691 HTTP/1.1" 200 30
192.168.10.89 - - [15/Mar/2018:17:19:01 -0300] "POST /cormun/servlet/solicitudot?gx-no-cache=1521144977301 HTTP/1.1" 200 33
192.168.10.89 - - [15/Mar/2018:17:19:10 -0300] "POST /cormun/servlet/solicitudot?3d029ccfcb6a8618f3fa0069a0c193d6,INS,0,0,,gx-no-cache=1521144985555 HTTP/1.1" 200 93
192.168.10.89 - - [15/Mar/2018:17:19:10 -0300] "GET /cormun/servlet/hpexe_return? HTTP/1.1" 200 1008
192.168.10.89 - - [15/Mar/2018:17:19:10 -0300] "GET /cormun/servlet/trsolicitudot HTTP/1.1" 200 9522
192.168.10.62 - - [15/Mar/2018:17:19:29 -0300] "POST /cormun/servlet/trsolicitudgral?e981762a2b0d918fcd7d152dc63de9b6,gx-no-cache=1521145005412 HTTP/1.1" 200 7696
192.168.10.62 - - [15/Mar/2018:17:19:43 -0300] "POST /cormun/servlet/trsolicitudgral?e981762a2b0d918fcd7d152dc63de9b6,gx-no-cache=1521145019105 HTTP/1.1" 200 13287
192.168.10.62 - - [15/Mar/2018:17:19:52 -0300] "POST /cormun/servlet/trsolicitudgral?e981762a2b0d918fcd7d152dc63de9b6,gx-no-cache=1521145028025 HTTP/1.1" 200 105
192.168.10.62 - - [15/Mar/2018:17:19:52 -0300] "POST /cormun/servlet/trsolicitudgral?e981762a2b0d918fcd7d152dc63de9b6,gx-no-cache=1521145028206 HTTP/1.1" 200 13269
192.168.10.62 - - [15/Mar/2018:17:19:53 -0300] "GET /cormun/SolicitudGral-2544.xls HTTP/1.1" 200 12288
192.168.10.62 - - [15/Mar/2018:17:20:33 -0300] "GET /cormun/servlet/vesolicitudgral?2018,10526,, HTTP/1.1" 200 9079
192.168.10.62 - - [15/Mar/2018:17:20:33 -0300] "GET /cormun/pexe_scrolldiv.js HTTP/1.1" 404 1009
192.168.10.62 - - [15/Mar/2018:17:20:33 -0300] "GET /cormun/pexe_scrolldiv.js HTTP/1.1" 404 1009
192.168.10.62 - - [15/Mar/2018:17:20:33 -0300] "GET /cormun/servlet/vesolicitudgral?2018,10526,, HTTP/1.1" 200 9078
192.168.10.62 - - [15/Mar/2018:17:20:36 -0300] "POST /cormun/servlet/vesolicitudgral?e981762a2b0d918fcd7d152dc63de9b6,2018,10526,,,gx-no-cache=1521145071674 HTTP/1.1" 200 116
192.168.10.62 - - [15/Mar/2018:17:20:36 -0300] "GET /cormun/servlet/solicitudotlog?INS,2018,10526,0,REC, HTTP/1.1" 200 6298
192.168.10.62 - - [15/Mar/2018:17:20:36 -0300] "GET /cormun/servlet/solicitudotlog?INS,2018,10526,0,REC, HTTP/1.1" 200 6293
192.168.10.89 - - [15/Mar/2018:17:20:36 -0300] "GET /cormun/servlet/solicitudot?INS,0,0, HTTP/1.1" 200 13616
192.168.10.62 - - [15/Mar/2018:17:20:36 -0300] "GET /cormun/servlet/solicitudotlog?863202b4a449449c58d1e44f232dbbe0ae102aad0f1d3cd19d6a215fd13c0ca077cd1a80b06b3ca03841f25f30b437bd6f59dd9129f6586d5e5b9f3d92ca7f816ba857473b5614a00ee2c27a12a34d20f33f669061c90b1119373334e9892099d5a6272ada2665d651c736256fe9d48641674e43fc7a2e9eddf8135a3f46d10802cec1caca8d09f7881eeab459d9d4b9f5c3105ad32b6b8c5791d6f2d860f3a5,gx-no-cache=1521145072570 HTTP/1.1" 200 94
192.168.10.89 - - [15/Mar/2018:17:20:39 -0300] "GET /cormun/servlet/prfichaempleado?,MD,,gxPopupLevel%3D0%3B HTTP/1.1" 200 9319
192.168.10.62 - - [15/Mar/2018:17:21:17 -0300] "POST /cormun/servlet/solicitudotlog?e981762a2b0d918fcd7d152dc63de9b6,INS,2018,10526,0,REC,,gx-no-cache=1521145113145 HTTP/1.1" 200 93
192.168.10.62 - - [15/Mar/2018:17:21:17 -0300] "GET /cormun/servlet/hpexe_return? HTTP/1.1" 200 1028
192.168.10.62 - - [15/Mar/2018:17:21:17 -0300] "GET /cormun/servlet/vesolicitudgral?2018,10526,, HTTP/1.1" 200 9089
192.168.10.62 - - [15/Mar/2018:17:21:17 -0300] "GET /cormun/pexe_scrolldiv.js HTTP/1.1" 404 1009
192.168.10.62 - - [15/Mar/2018:17:21:17 -0300] "GET /cormun/pexe_scrolldiv.js HTTP/1.1" 404 1009
192.168.10.62 - - [15/Mar/2018:17:21:18 -0300] "GET /cormun/servlet/vesolicitudgral?2018,10526,, HTTP/1.1" 200 9084
192.168.10.89 - - [15/Mar/2018:17:21:30 -0300] "POST /cormun/servlet/solicitudot?3d029ccfcb6a8618f3fa0069a0c193d6,INS,0,0,,gx-no-cache=1521145126477 HTTP/1.1" 200 93
192.168.10.89 - - [15/Mar/2018:17:21:30 -0300] "GET /cormun/servlet/hpexe_return? HTTP/1.1" 200 1008
192.168.10.89 - - [15/Mar/2018:17:21:31 -0300] "GET /cormun/servlet/trsolicitudot HTTP/1.1" 200 9522
192.168.10.89 - - [15/Mar/2018:17:21:45 -0300] "POST /cormun/servlet/trsolicitudot?3d029ccfcb6a8618f3fa0069a0c193d6,gx-no-cache=1521145141505 HTTP/1.1" 200 4501
192.168.10.62 - - [15/Mar/2018:17:22:17 -0300] "POST /cormun/servlet/vesolicitudgral?e981762a2b0d918fcd7d152dc63de9b6,2018,10526,,,gx-no-cache=1521145172830 HTTP/1.1" 200 90
192.168.10.62 - - [15/Mar/2018:17:22:17 -0300] "GET /cormun/servlet/hpexe_link HTTP/1.1" 200 987
192.168.10.62 - - [15/Mar/2018:17:22:17 -0300] "GET /cormun/servlet/trsolicitudgral?gx-no-cache=1521145028206 HTTP/1.1" 200 16286
192.168.10.62 - - [15/Mar/2018:17:22:18 -0300] "GET /cormun/servlet/trsolicitudgral?gx-no-cache=1521145028206 HTTP/1.1" 200 16305
192.168.10.62 - - [15/Mar/2018:17:22:24 -0300] "GET /cormun/servlet/vesolicitudgral?2018,10049,, HTTP/1.1" 200 9072
192.168.10.62 - - [15/Mar/2018:17:22:24 -0300] "GET /cormun/pexe_scrolldiv.js HTTP/1.1" 404 1009
192.168.10.62 - - [15/Mar/2018:17:22:24 -0300] "GET /cormun/pexe_scrolldiv.js HTTP/1.1" 404 1009
192.168.10.62 - - [15/Mar/2018:17:22:25 -0300] "GET /cormun/servlet/vesolicitudgral?2018,10049,, HTTP/1.1" 200 9049
192.168.10.62 - - [15/Mar/2018:17:22:27 -0300] "POST /cormun/servlet/vesolicitudgral?e981762a2b0d918fcd7d152dc63de9b6,2018,10049,,,gx-no-cache=1521145182907 HTTP/1.1" 200 90
192.168.10.62 - - [15/Mar/2018:17:22:27 -0300] "GET /cormun/servlet/hpexe_link HTTP/1.1" 200 987
192.168.10.62 - - [15/Mar/2018:17:22:27 -0300] "GET /cormun/servlet/trsolicitudgral?gx-no-cache=1521145028206 HTTP/1.1" 200 16286
192.168.10.62 - - [15/Mar/2018:17:22:28 -0300] "GET /cormun/servlet/trsolicitudgral?gx-no-cache=1521145028206 HTTP/1.1" 200 16305
192.168.10.62 - - [15/Mar/2018:17:22:36 -0300] "POST /cormun/servlet/trsolicitudgral?e981762a2b0d918fcd7d152dc63de9b6,gx-no-cache=1521145028206,gx-no-cache=1521145188251 HTTP/1.1" 200 25882
192.168.10.62 - - [15/Mar/2018:17:22:41 -0300] "POST /cormun/servlet/trsolicitudgral?e981762a2b0d918fcd7d152dc63de9b6,gx-no-cache=1521145028206,gx-no-cache=1521145196007 HTTP/1.1" 200 25781
192.168.10.62 - - [15/Mar/2018:17:22:48 -0300] "GET /cormun/servlet/vesolicitudgral?2018,10469,, HTTP/1.1" 200 9109
192.168.10.62 - - [15/Mar/2018:17:22:48 -0300] "GET /cormun/pexe_scrolldiv.js HTTP/1.1" 404 1009
192.168.10.62 - - [15/Mar/2018:17:22:48 -0300] "GET /cormun/pexe_scrolldiv.js HTTP/1.1" 404 1009
192.168.10.62 - - [15/Mar/2018:17:22:49 -0300] "GET /cormun/servlet/vesolicitudgral?2018,10469,, HTTP/1.1" 200 9089
192.168.10.89 - - [15/Mar/2018:17:23:05 -0300] "GET /cormun/servlet/solicitudot?INS,0,0, HTTP/1.1" 200 13615
192.168.10.89 - - [15/Mar/2018:17:23:12 -0300] "POST /cormun/servlet/solicitudot?gx-no-cache=1521145228464 HTTP/1.1" 200 3358
192.168.10.89 - - [15/Mar/2018:17:23:12 -0300] "GET /cormun/static/Shared/jqueryui/images/ui-icons_ebccce_256x240.png HTTP/1.1" 404 1089
192.168.10.89 - - [15/Mar/2018:17:23:12 -0300] "GET /cormun/static/Shared/jqueryui/images/ui-bg_flat_55_994d53_40x100.png HTTP/1.1" 404 1097
192.168.10.89 - - [15/Mar/2018:17:23:12 -0300] "GET /cormun/static/Shared/jqueryui/images/ui-icons_82798d_256x240.png HTTP/1.1" 404 1089
192.168.10.89 - - [15/Mar/2018:17:23:12 -0300] "GET /cormun/static/Shared/jqueryui/images/ui-bg_highlight-soft_100_c6c2c8_1x100.png HTTP/1.1" 404 1117
186.103.159.46 - - [15/Mar/2018:17:23:18 -0300] "POST /cormun/servlet/solicitudot?gx-no-cache=1521145346401 HTTP/1.1" 200 1318
186.103.159.46 - - [15/Mar/2018:17:23:18 -0300] "POST /cormun/servlet/solicitudot?gx-no-cache=1521145346515 HTTP/1.1" 200 1219
186.103.159.46 - - [15/Mar/2018:17:23:18 -0300] "GET /cormun/static/menuarrow.gif HTTP/1.1" 404 1015
186.103.159.46 - - [15/Mar/2018:17:23:21 -0300] "POST /cormun/servlet/solicitudot?gx-no-cache=1521145349467 HTTP/1.1" 200 1318
186.103.159.46 - - [15/Mar/2018:17:23:21 -0300] "POST /cormun/servlet/solicitudot?gx-no-cache=1521145349553 HTTP/1.1" 200 1219
186.103.159.46 - - [15/Mar/2018:17:24:40 -0300] "GET /cormun/servlet/solicitudot?f567940cf190d7a18cf2d7d2cc37cc94c44326a45f0e44784f77cf6bb9f0bb63b3db1635aeb141723c054db7bdd1cbb4,gx-no-cache=1521145428876 HTTP/1.1" 200 30
192.168.10.62 - - [15/Mar/2018:17:24:56 -0300] "POST /cormun/servlet/vesolicitudgral?e981762a2b0d918fcd7d152dc63de9b6,2018,10469,,,gx-no-cache=1521145332234 HTTP/1.1" 200 12036
192.168.10.62 - - [15/Mar/2018:17:24:56 -0300] "GET /cormun/static/Shared/jqueryui/images/ui-bg_highlight-soft_100_c6c2c8_1x100.png HTTP/1.1" 404 1117
192.168.10.62 - - [15/Mar/2018:17:24:56 -0300] "GET /cormun/static/Shared/jqueryui/images/ui-icons_82798d_256x240.png HTTP/1.1" 404 1089
192.168.10.62 - - [15/Mar/2018:17:24:56 -0300] "GET /cormun/static/Shared/jqueryui/images/ui-bg_flat_55_fafafa_40x100.png HTTP/1.1" 404 1097
192.168.10.62 - - [15/Mar/2018:17:24:56 -0300] "GET /cormun/static/Shared/jqueryui/images/ui-icons_8d78a5_256x240.png HTTP/1.1" 404 1089
192.168.10.62 - - [15/Mar/2018:17:24:56 -0300] "POST /cormun/servlet/vesolicitudgral?e981762a2b0d918fcd7d152dc63de9b6,2018,10469,,,gx-no-cache=1521145332529 HTTP/1.1" 200 11970
186.103.132.155 - - [15/Mar/2018:17:24:58 -0300] "GET /cormun/servlet/hlogin HTTP/1.1" 200 1718
186.103.132.155 - - [15/Mar/2018:17:25:11 -0300] "POST /cormun/servlet/hlogin?cca91bb645532f305b063c2825e3c0bb,gx-no-cache=1521145460037 HTTP/1.1" 200 90
186.103.132.155 - - [15/Mar/2018:17:25:11 -0300] "GET /cormun/servlet/hpexe_link HTTP/1.1" 200 949
186.103.132.155 - - [15/Mar/2018:17:25:11 -0300] "GET /cormun/servlet/hhome HTTP/1.1" 200 4197
186.103.132.155 - - [15/Mar/2018:17:25:13 -0300] "GET /cormun/servlet/hhome HTTP/1.1" 200 4193
186.103.132.155 - - [15/Mar/2018:17:25:17 -0300] "GET /cormun/servlet/trsolicitudot? HTTP/1.1" 200 7413
186.103.132.155 - - [15/Mar/2018:17:25:18 -0300] "GET /cormun/servlet/trsolicitudot? HTTP/1.1" 200 7413
186.103.132.155 - - [15/Mar/2018:17:25:22 -0300] "GET /cormun/servlet/solicitudot?INS,0,0, HTTP/1.1" 200 13646
186.103.132.155 - - [15/Mar/2018:17:25:23 -0300] "GET /cormun/servlet/solicitudot?INS,0,0, HTTP/1.1" 200 13651
186.103.132.155 - - [15/Mar/2018:17:25:27 -0300] "GET /cormun/servlet/prfichaempleado?,MD,,gxPopupLevel%3D0%3B HTTP/1.1" 200 9363
186.103.159.46 - - [15/Mar/2018:17:25:46 -0300] "POST /cormun/servlet/solicitudot?gx-no-cache=1521145494855 HTTP/1.1" 200 33
186.103.159.46 - - [15/Mar/2018:17:25:47 -0300] "POST /cormun/servlet/solicitudot?7e21d59f701ba5201d658d9b483fea38,INS,0,0,,gx-no-cache=1521145495011 HTTP/1.1" 200 12051
186.103.161.206 - - [15/Mar/2018:17:25:49 -0300] "POST /cormun/servlet/prfichaempleado?cca91bb645532f305b063c2825e3c0bb,,MD,,gxPopupLevel%3D0%3B,gx-no-cache=1521145498428 HTTP/1.1" 200 3425
186.103.161.206 - - [15/Mar/2018:17:25:53 -0300] "POST /cormun/servlet/solicitudot?gx-no-cache=1521145502084 HTTP/1.1" 200 3404
186.103.161.206 - - [15/Mar/2018:17:25:54 -0300] "POST /cormun/servlet/solicitudot?cca91bb645532f305b063c2825e3c0bb,INS,0,0,,gx-no-cache=1521145502611 HTTP/1.1" 200 10572
186.103.161.206 - - [15/Mar/2018:17:25:54 -0300] "GET /cormun/servlet/solicitudot?c44909bc1c9070acf1461c5cb2375e96358023c42ef6511af6e8b95db8753797bcc1d2a3aba1776c9dab84a9f2ada17b,gx-no-cache=1521145503202 HTTP/1.1" 200 30
186.103.161.206 - - [15/Mar/2018:17:26:00 -0300] "GET /cormun/servlet/solicitudot?c44909bc1c9070acf1461c5cb2375e96b223affec862a437c6494f6fd1d92a087d94bcb95452c3662e9a23c27456238fcfab048ed181506b3d9a564baea5016c,gx-no-cache=1521145509371 HTTP/1.1" 200 30
186.103.161.206 - - [15/Mar/2018:17:26:00 -0300] "GET /cormun/servlet/solicitudot?c44909bc1c9070acf1461c5cb2375e960c681eaccd26113c3dd1d258127ed5e0,gx-no-cache=1521145509482 HTTP/1.1" 200 53
186.103.161.206 - - [15/Mar/2018:17:26:00 -0300] "POST /cormun/servlet/solicitudot?gx-no-cache=1521145509604 HTTP/1.1" 200 255
186.103.161.206 - - [15/Mar/2018:17:26:00 -0300] "GET /cormun/servlet/solicitudot?c44909bc1c9070acf1461c5cb2375e96fa57fcab49960d6b2ad0e6fe8ffbc5058003316527e9f7155df5fc96bf99a166675a63a9ae1eed6a56de16c4009f45b7f0f9a2dc62d42a4104b05495100bb192e0d47090dddc5ffcc1b3465e174b0f22bdaa5a4c7cc306b23a6e677b2e392bf1bb039899e520cd8ec6fd759d66f8788a7f28769e74b95acdad8db5f76e1c355c474872905d51f463b2d550872a89aedd86c00fca22c3ca17cd66e562a6af80425e92065c3dc0b015720a6498ca2ca48b40a979ca3a5066a5572e42aa41606920b13ba9332108418658643e148c63ed054aa6a86ad4ff4992b712c818458292bf15d49657644b37cb1d7e616d5528989eb85a7b2d892466405be371c0b7f5a5a58a1f2f74ca1dcd3b20514a526b122c5187a3669fc8af858d6f193be72ea12285f24d399967e376c969e30b4a942153d975f7a950d332ce6c159766fc3d3262a5a15a7c7b5b613f68a3ff270dd65bf7e1410953ac2ed05575689994b18d194815936bb0e65a1daaa243cee668e9510b9c,gx-no-cache=1521145509781 HTTP/1.1" 200 30
186.103.161.206 - - [15/Mar/2018:17:26:03 -0300] "POST /cormun/servlet/solicitudot?gx-no-cache=1521145512589 HTTP/1.1" 200 30
186.103.161.206 - - [15/Mar/2018:17:26:06 -0300] "GET /cormun/servlet/prsolicitudot?10325357,,,,,MD,,gxPopupLevel%3D0%3B HTTP/1.1" 200 6268
192.168.10.89 - - [15/Mar/2018:17:26:08 -0300] "POST /cormun/servlet/solicitudot?3d029ccfcb6a8618f3fa0069a0c193d6,INS,0,0,,gx-no-cache=1521145404309 HTTP/1.1" 200 93
192.168.10.89 - - [15/Mar/2018:17:26:08 -0300] "GET /cormun/servlet/hpexe_return? HTTP/1.1" 200 1028
192.168.10.89 - - [15/Mar/2018:17:26:09 -0300] "GET /cormun/servlet/trsolicitudot?gx-no-cache=1521145141505 HTTP/1.1" 200 7407
186.103.161.206 - - [15/Mar/2018:17:26:10 -0300] "POST /cormun/servlet/solicitudot?gx-no-cache=1521145519547 HTTP/1.1" 200 1336
186.103.161.206 - - [15/Mar/2018:17:26:11 -0300] "POST /cormun/servlet/solicitudot?gx-no-cache=1521145519847 HTTP/1.1" 200 38
192.168.10.89 - - [15/Mar/2018:17:26:11 -0300] "GET /cormun/servlet/solicitudot?INS,0,0, HTTP/1.1" 200 13638
186.103.161.206 - - [15/Mar/2018:17:26:11 -0300] "GET /cormun/servlet/solicitudot?c44909bc1c9070acf1461c5cb2375e9663eebeacd7f97eff73964d13ce78943778742d9db53f9926580c8836c8111225ef9465348d6cc354d0d959c45a05d2ce4631c5251ebfa5f1f6c92d244bc3ce5ba10054c9a753a6cdc27c4cb2b12095ad3cd676641f5455a421380b9419a3a56b20821895fed17563e1e72c3e65cc0c13524bacce6fd417255be91490d33056a7d5ecb09caab4bf418e31975bb73480c2,gx-no-cache=1521145520423 HTTP/1.1" 200 29
186.103.161.206 - - [15/Mar/2018:17:26:11 -0300] "POST /cormun/servlet/solicitudot?gx-no-cache=1521145520554 HTTP/1.1" 200 1319
186.103.161.206 - - [15/Mar/2018:17:26:12 -0300] "POST /cormun/servlet/solicitudot?gx-no-cache=1521145520868 HTTP/1.1" 200 1219
186.103.161.206 - - [15/Mar/2018:17:26:12 -0300] "GET /cormun/servlet/solicitudot?c44909bc1c9070acf1461c5cb2375e966d0ed1eba1397b57cb2bff56922388682ee75deb359e6af45b7c303ba2c43c69,gx-no-cache=1521145521003 HTTP/1.1" 200 30
192.168.10.89 - - [15/Mar/2018:17:26:13 -0300] "GET /cormun/servlet/prfichaempleado?,MD,,gxPopupLevel%3D0%3B HTTP/1.1" 200 9319
192.168.10.89 - - [15/Mar/2018:17:26:23 -0300] "POST /cormun/servlet/prfichaempleado?3d029ccfcb6a8618f3fa0069a0c193d6,,MD,,gxPopupLevel%3D0%3B,gx-no-cache=1521145419572 HTTP/1.1" 200 3197
192.168.10.89 - - [15/Mar/2018:17:26:26 -0300] "POST /cormun/servlet/prfichaempleado?3d029ccfcb6a8618f3fa0069a0c193d6,,MD,,gxPopupLevel%3D0%3B,gx-no-cache=1521145421977 HTTP/1.1" 200 3197
192.168.10.89 - - [15/Mar/2018:17:26:35 -0300] "POST /cormun/servlet/solicitudot?gx-no-cache=1521145430876 HTTP/1.1" 200 3284
192.168.10.89 - - [15/Mar/2018:17:26:35 -0300] "POST /cormun/servlet/solicitudot?3d029ccfcb6a8618f3fa0069a0c193d6,INS,0,0,,gx-no-cache=1521145431064 HTTP/1.1" 200 10470
192.168.10.89 - - [15/Mar/2018:17:26:36 -0300] "GET /cormun/servlet/solicitudot?ee8f9a129fb959eaefc2d6a73749c9fa9f7c2650183ba62ddb4b3eb4b305a3895f327bb4e38100c646c2b68f5caa4647,gx-no-cache=1521145432560 HTTP/1.1" 200 30
190.151.100.218 - - [15/Mar/2018:17:26:40 -0300] "POST /cormun/servlet/solicitudot?gx-no-cache=1521145549124 HTTP/1.1" 200 1319
190.151.100.218 - - [15/Mar/2018:17:26:41 -0300] "POST /cormun/servlet/solicitudot?gx-no-cache=1521145549794 HTTP/1.1" 200 1219
190.151.100.218 - - [15/Mar/2018:17:26:41 -0300] "POST /cormun/servlet/solicitudot?gx-no-cache=1521145550531 HTTP/1.1" 200 33
192.168.10.89 - - [15/Mar/2018:17:26:58 -0300] "POST /cormun/servlet/solicitudot?3d029ccfcb6a8618f3fa0069a0c193d6,INS,0,0,,gx-no-cache=1521145453812 HTTP/1.1" 200 93
192.168.10.89 - - [15/Mar/2018:17:26:58 -0300] "GET /cormun/servlet/hpexe_return? HTTP/1.1" 200 1028
192.168.10.89 - - [15/Mar/2018:17:26:58 -0300] "GET /cormun/servlet/trsolicitudot?gx-no-cache=1521145141505 HTTP/1.1" 200 7407
186.103.132.155 - - [15/Mar/2018:17:27:04 -0300] "POST /cormun/servlet/solicitudot?cca91bb645532f305b063c2825e3c0bb,INS,0,0,,gx-no-cache=1521145572388 HTTP/1.1" 200 93
186.103.132.155 - - [15/Mar/2018:17:27:04 -0300] "GET /cormun/servlet/hpexe_return? HTTP/1.1" 200 1005
186.103.132.155 - - [15/Mar/2018:17:27:04 -0300] "GET /cormun/servlet/trsolicitudot HTTP/1.1" 200 8796
186.103.132.155 - - [15/Mar/2018:17:27:07 -0300] "GET /cormun/servlet/trsolicitudot HTTP/1.1" 200 8792
192.168.10.89 - - [15/Mar/2018:17:27:14 -0300] "GET /cormun/servlet/trsolicitudot? HTTP/1.1" 200 7423
192.168.10.89 - - [15/Mar/2018:17:27:20 -0300] "GET /cormun/servlet/solicitudot?INS,0,0, HTTP/1.1" 200 13616
200.111.122.170 - - [15/Mar/2018:17:27:52 -0300] "POST /cormun/servlet/trsolicitudot?cca91bb645532f305b063c2825e3c0bb,gx-no-cache=1521145621158 HTTP/1.1" 200 4680
200.111.122.170 - - [15/Mar/2018:17:27:53 -0300] "GET /cormun/static/Shared/jqueryui/images/ui-bg_highlight-soft_100_c6c2c8_1x100.png HTTP/1.1" 404 1117
200.111.122.170 - - [15/Mar/2018:17:27:53 -0300] "GET /cormun/static/Shared/jqueryui/images/ui-bg_flat_55_fafafa_40x100.png HTTP/1.1" 404 1097
186.103.161.206 - - [15/Mar/2018:17:27:53 -0300] "GET /cormun/static/Shared/jqueryui/images/ui-icons_82798d_256x240.png HTTP/1.1" 404 1089
200.72.197.82 - - [15/Mar/2018:17:27:53 -0300] "GET /cormun/static/Shared/jqueryui/images/ui-icons_8d78a5_256x240.png HTTP/1.1" 404 1089
186.103.161.206 - - [15/Mar/2018:17:27:53 -0300] "POST /cormun/servlet/trsolicitudot?cca91bb645532f305b063c2825e3c0bb,gx-no-cache=1521145622152 HTTP/1.1" 200 4453
186.103.161.206 - - [15/Mar/2018:17:28:09 -0300] "GET /cormun/servlet/trautorizarsolicitud? HTTP/1.1" 200 8686
186.103.161.206 - - [15/Mar/2018:17:28:10 -0300] "GET /cormun/servlet/trautorizarsolicitud? HTTP/1.1" 200 8686
186.103.159.46 - - [15/Mar/2018:17:28:14 -0300] "GET /cormun/servlet/solicitudot?f567940cf190d7a18cf2d7d2cc37cc944a3ce384f371aaee4c7db41d81cd7a2d605aba4ba3d0f5b05d97083238cadf3b16601f42b66ceda0caef294784a94097,gx-no-cache=1521145642644 HTTP/1.1" 200 30
186.103.159.46 - - [15/Mar/2018:17:28:15 -0300] "POST /cormun/servlet/solicitudot?gx-no-cache=1521145642755 HTTP/1.1" 200 256
186.103.159.46 - - [15/Mar/2018:17:28:15 -0300] "GET /cormun/servlet/solicitudot?f567940cf190d7a18cf2d7d2cc37cc94912b1d1fcb103ea1de3b8c150bf4c25f649efaf072480cc264c8acbb81ec1dfc1e34e4fae701bef87859e7751d5cc6e5d8f8608b53ba2f17b21dcf519f119477f173213c5137a6289ac6189a315ea250c81b4f2cfa6273ac3449e03ae4bf3a2165877d3c5b573d6c968c20b18dabb96e1534c110931ba10bf3dd75dc0f50671d0c88bdea8e8927c60a2cc7a79f3597ad2ac8d6a40b36349f7860287be0f26b21e1b910f8a261803fbe74090f0f9d6ea16ab3270ab46897f4786e620e7385b9788b426db74b42adaa7e728567dffeae36b0048220d08413ee7f2bdef79f11ab147841b097e8d652a2b5f5aedbed5664dfa5fcf733cf1113993ab35d5b8581ca9e62e3b05a01a03ae8239714c05b7d5acbf3f3a580e155a627291505a124c465974e2f15fbea3ccff6608d061de431e8b48ec8dcd01eb148f2f71ff3f487aa3f825599c4a1d588d2cc42394c18a5ad94784d65720bab6882670404904d789c078b8df1f143985728c380b57e5263322564,gx-no-cache=1521145643241 HTTP/1.1" 200 30
186.103.159.46 - - [15/Mar/2018:17:28:15 -0300] "POST /cormun/servlet/solicitudot?gx-no-cache=1521145643294 HTTP/1.1" 200 30
186.103.159.46 - - [15/Mar/2018:17:28:15 -0300] "POST /cormun/servlet/solicitudot?gx-no-cache=1521145643359 HTTP/1.1" 200 1336
186.103.159.46 - - [15/Mar/2018:17:28:15 -0300] "POST /cormun/servlet/solicitudot?gx-no-cache=1521145643428 HTTP/1.1" 200 41
186.103.159.46 - - [15/Mar/2018:17:28:15 -0300] "POST /cormun/servlet/solicitudot?gx-no-cache=1521145643470 HTTP/1.1" 200 1318
186.103.159.46 - - [15/Mar/2018:17:28:15 -0300] "POST /cormun/servlet/solicitudot?gx-no-cache=1521145643546 HTTP/1.1" 200 1219
186.103.159.46 - - [15/Mar/2018:17:28:15 -0300] "GET /cormun/servlet/solicitudot?f567940cf190d7a18cf2d7d2cc37cc94c44326a45f0e44784f77cf6bb9f0bb63b3db1635aeb141723c054db7bdd1cbb4,gx-no-cache=1521145643620 HTTP/1.1" 200 30
186.103.159.46 - - [15/Mar/2018:17:28:15 -0300] "POST /cormun/servlet/solicitudot?gx-no-cache=1521145643659 HTTP/1.1" 200 33
186.103.159.46 - - [15/Mar/2018:17:28:15 -0300] "POST /cormun/servlet/solicitudot?7e21d59f701ba5201d658d9b483fea38,INS,0,0,,gx-no-cache=1521145643739 HTTP/1.1" 200 12096
190.151.100.218 - - [15/Mar/2018:17:28:33 -0300] "POST /cormun/servlet/trautorizarsolicitud?cca91bb645532f305b063c2825e3c0bb,,gx-no-cache=1521145661503 HTTP/1.1" 200 8283
190.151.100.218 - - [15/Mar/2018:17:28:33 -0300] "GET /cormun/static/Shared/jqueryui/images/ui-bg_highlight-soft_100_c6c2c8_1x100.png HTTP/1.1" 404 1117
190.151.100.218 - - [15/Mar/2018:17:28:33 -0300] "GET /cormun/static/Shared/jqueryui/images/ui-icons_82798d_256x240.png HTTP/1.1" 404 1089
186.103.132.155 - - [15/Mar/2018:17:28:33 -0300] "GET /cormun/static/Shared/jqueryui/images/ui-bg_flat_55_fafafa_40x100.png HTTP/1.1" 404 1097
190.151.100.218 - - [15/Mar/2018:17:28:33 -0300] "GET /cormun/static/Shared/jqueryui/images/ui-icons_8d78a5_256x240.png HTTP/1.1" 404 1089
186.103.132.155 - - [15/Mar/2018:17:28:33 -0300] "POST /cormun/servlet/trautorizarsolicitud?cca91bb645532f305b063c2825e3c0bb,,gx-no-cache=1521145662504 HTTP/1.1" 200 8228
192.168.10.62 - - [15/Mar/2018:17:28:40 -0300] "POST /cormun/servlet/vesolicitudgral?e981762a2b0d918fcd7d152dc63de9b6,2018,10469,,,gx-no-cache=1521145556406 HTTP/1.1" 200 90
192.168.10.62 - - [15/Mar/2018:17:28:40 -0300] "GET /cormun/servlet/hpexe_link HTTP/1.1" 200 987
192.168.10.62 - - [15/Mar/2018:17:28:41 -0300] "GET /cormun/servlet/trsolicitudgral?gx-no-cache=1521145028206 HTTP/1.1" 200 28113
192.168.10.89 - - [15/Mar/2018:17:28:41 -0300] "GET /cormun/servlet/prfichaempleado?,MD,,gxPopupLevel%3D0%3B HTTP/1.1" 200 9319
192.168.10.62 - - [15/Mar/2018:17:28:42 -0300] "GET /cormun/servlet/trsolicitudgral?gx-no-cache=1521145028206 HTTP/1.1" 200 28132
186.103.132.155 - - [15/Mar/2018:17:28:44 -0300] "GET /cormun/servlet/veautorizarsolicitud?2018,10544,, HTTP/1.1" 200 8606
186.103.132.155 - - [15/Mar/2018:17:28:44 -0300] "GET /cormun/pexe_scrolldiv.js HTTP/1.1" 404 1009
186.103.132.155 - - [15/Mar/2018:17:28:46 -0300] "GET /cormun/servlet/veautorizarsolicitud?2018,10544,, HTTP/1.1" 200 8605
192.168.10.89 - - [15/Mar/2018:17:28:47 -0300] "POST /cormun/servlet/prfichaempleado?3d029ccfcb6a8618f3fa0069a0c193d6,,MD,,gxPopupLevel%3D0%3B,gx-no-cache=1521145563442 HTTP/1.1" 200 3197
192.168.10.62 - - [15/Mar/2018:17:28:53 -0300] "GET /cormun/servlet/vesolicitudgral?2018,10166,, HTTP/1.1" 200 9135
192.168.10.62 - - [15/Mar/2018:17:28:53 -0300] "GET /cormun/pexe_scrolldiv.js HTTP/1.1" 404 1009
192.168.10.62 - - [15/Mar/2018:17:28:53 -0300] "GET /cormun/pexe_scrolldiv.js HTTP/1.1" 404 1009
192.168.10.62 - - [15/Mar/2018:17:28:54 -0300] "GET /cormun/servlet/vesolicitudgral?2018,10166,, HTTP/1.1" 200 9114
192.168.10.89 - - [15/Mar/2018:17:28:55 -0300] "POST /cormun/servlet/solicitudot?3d029ccfcb6a8618f3fa0069a0c193d6,INS,0,0,,gx-no-cache=1521145570674 HTTP/1.1" 200 93
192.168.10.89 - - [15/Mar/2018:17:28:55 -0300] "GET /cormun/servlet/hpexe_return? HTTP/1.1" 200 1008
192.168.10.89 - - [15/Mar/2018:17:28:55 -0300] "GET /cormun/servlet/trsolicitudot HTTP/1.1" 200 7407
192.168.10.89 - - [15/Mar/2018:17:29:00 -0300] "POST /cormun/servlet/trsolicitudot?3d029ccfcb6a8618f3fa0069a0c193d6,gx-no-cache=1521145576519 HTTP/1.1" 200 90
192.168.10.89 - - [15/Mar/2018:17:29:00 -0300] "GET /cormun/servlet/hpexe_link HTTP/1.1" 200 954
192.168.10.89 - - [15/Mar/2018:17:29:01 -0300] "GET /cormun/servlet/hhome HTTP/1.1" 200 4166
192.168.10.89 - - [15/Mar/2018:17:29:05 -0300] "GET /cormun/servlet/trsolicitudot? HTTP/1.1" 200 7403
192.168.10.89 - - [15/Mar/2018:17:29:10 -0300] "GET /cormun/servlet/solicitudot?INS,0,0, HTTP/1.1" 200 13616
192.168.10.62 - - [15/Mar/2018:17:29:17 -0300] "POST /cormun/servlet/vesolicitudgral?e981762a2b0d918fcd7d152dc63de9b6,2018,10166,,,gx-no-cache=1521145592943 HTTP/1.1" 200 12042
192.168.10.62 - - [15/Mar/2018:17:29:17 -0300] "GET /cormun/static/Shared/jqueryui/images/ui-bg_highlight-soft_100_c6c2c8_1x100.png HTTP/1.1" 404 1117
192.168.10.62 - - [15/Mar/2018:17:29:17 -0300] "GET /cormun/static/Shared/jqueryui/images/ui-icons_82798d_256x240.png HTTP/1.1" 404 1089
192.168.10.62 - - [15/Mar/2018:17:29:17 -0300] "GET /cormun/static/Shared/jqueryui/images/ui-bg_flat_55_fafafa_40x100.png HTTP/1.1" 404 1097
192.168.10.62 - - [15/Mar/2018:17:29:17 -0300] "GET /cormun/static/Shared/jqueryui/images/ui-icons_8d78a5_256x240.png HTTP/1.1" 404 1089
192.168.10.62 - - [15/Mar/2018:17:29:17 -0300] "POST /cormun/servlet/vesolicitudgral?e981762a2b0d918fcd7d152dc63de9b6,2018,10166,,,gx-no-cache=1521145593188 HTTP/1.1" 200 11977
192.168.10.89 - - [15/Mar/2018:17:29:18 -0300] "POST /cormun/servlet/solicitudot?gx-no-cache=1521145593584 HTTP/1.1" 200 3284
192.168.10.89 - - [15/Mar/2018:17:29:18 -0300] "POST /cormun/servlet/solicitudot?3d029ccfcb6a8618f3fa0069a0c193d6,INS,0,0,,gx-no-cache=1521145593752 HTTP/1.1" 200 10443
192.168.10.89 - - [15/Mar/2018:17:29:20 -0300] "GET /cormun/servlet/solicitudot?ee8f9a129fb959eaefc2d6a73749c9fa9f7c2650183ba62ddb4b3eb4b305a3895f327bb4e38100c646c2b68f5caa4647,gx-no-cache=1521145595768 HTTP/1.1" 200 30
186.67.203.186 - - [15/Mar/2018:17:29:27 -0300] "POST /cormun/servlet/veautorizarsolicitud?cca91bb645532f305b063c2825e3c0bb,2018,10544,,,gx-no-cache=1521145716657 HTTP/1.1" 200 93
186.67.203.186 - - [15/Mar/2018:17:29:28 -0300] "GET /cormun/servlet/hpexe_return? HTTP/1.1" 200 1017
186.67.203.186 - - [15/Mar/2018:17:29:28 -0300] "GET /cormun/servlet/trautorizarsolicitud? HTTP/1.1" 200 7320
186.67.203.186 - - [15/Mar/2018:17:29:30 -0300] "GET /cormun/servlet/trautorizarsolicitud? HTTP/1.1" 200 7316
186.67.203.186 - - [15/Mar/2018:17:29:34 -0300] "GET /cormun/servlet/trautorizarsolicitud? HTTP/1.1" 200 7316
186.67.203.186 - - [15/Mar/2018:17:29:35 -0300] "GET /cormun/servlet/trautorizarsolicitud? HTTP/1.1" 200 7316
186.67.203.186 - - [15/Mar/2018:17:29:41 -0300] "GET /cormun/static/menuarrow.gif HTTP/1.1" 404 1015
186.67.203.186 - - [15/Mar/2018:17:29:55 -0300] "POST /cormun/servlet/trautorizarsolicitud?cca91bb645532f305b063c2825e3c0bb,,gx-no-cache=1521145743951 HTTP/1.1" 200 11746
186.67.203.186 - - [15/Mar/2018:17:30:04 -0300] "GET /cormun/servlet/veautorizarsolicitud?2018,10017,, HTTP/1.1" 200 8565
186.67.203.186 - - [15/Mar/2018:17:30:04 -0300] "GET /cormun/pexe_scrolldiv.js HTTP/1.1" 404 1009
186.67.203.186 - - [15/Mar/2018:17:30:04 -0300] "GET /cormun/pexe_scrolldiv.js HTTP/1.1" 404 1009
186.67.203.186 - - [15/Mar/2018:17:30:06 -0300] "GET /cormun/servlet/veautorizarsolicitud?2018,10017,, HTTP/1.1" 200 8560
192.168.10.89 - - [15/Mar/2018:17:30:09 -0300] "GET /cormun/servlet/prbanco?,MD,,gxPopupLevel%3D0%3B HTTP/1.1" 200 6608
192.168.10.89 - - [15/Mar/2018:17:30:09 -0300] "GET /cormun/static/gxcfg.js?20181161016094 HTTP/1.1" 200 953
192.168.10.89 - - [15/Mar/2018:17:30:09 -0300] "GET /cormun/static/prbanco.js?2018116101633 HTTP/1.1" 200 10693
192.168.10.89 - - [15/Mar/2018:17:30:10 -0300] "POST /cormun/servlet/acontrolpreferencessavestate?None,JPARRAGUEZ,true HTTP/1.1" 200 35
186.103.156.24 - - [15/Mar/2018:17:30:12 -0300] "GET /cormun/servlet/hlogin HTTP/1.1" 200 1717
192.168.10.56 - - [15/Mar/2018:17:30:13 -0300] "POST /cormun/servlet/hlogin?055c186cbd386869000fd0cff9f1a1f0,gx-no-cache=1521145648750 HTTP/1.1" 440 972
192.168.10.89 - - [15/Mar/2018:17:30:13 -0300] "GET /cormun/servlet/solicitudot?ee8f9a129fb959eaefc2d6a73749c9fa325e2a2bbf60ecb33ea1ef07bba74eefc6df621e616dec1406dfd0ae479372f9175dc983cb7c4c4111cf4749f9fc336b,gx-no-cache=1521145649358 HTTP/1.1" 200 30
192.168.10.89 - - [15/Mar/2018:17:30:14 -0300] "GET /cormun/servlet/solicitudot?ee8f9a129fb959eaefc2d6a73749c9faa89d343bfd8f9452f860a4a5cb40838f,gx-no-cache=1521145650090 HTTP/1.1" 200 70
192.168.10.56 - - [15/Mar/2018:17:30:15 -0300] "GET /cormun/servlet/hlogin HTTP/1.1" 200 1733
192.168.10.56 - - [15/Mar/2018:17:30:23 -0300] "POST /cormun/servlet/hlogin?bc5529fac364b0cd86ac695e48d8c12d,gx-no-cache=1521145659278 HTTP/1.1" 200 90
192.168.10.56 - - [15/Mar/2018:17:30:23 -0300] "GET /cormun/servlet/hpexe_link HTTP/1.1" 200 954
192.168.10.56 - - [15/Mar/2018:17:30:23 -0300] "GET /cormun/servlet/hhome HTTP/1.1" 200 3832
192.168.10.56 - - [15/Mar/2018:17:30:24 -0300] "GET /cormun/servlet/hhome HTTP/1.1" 200 3828
186.103.159.46 - - [15/Mar/2018:17:30:35 -0300] "POST /cormun/servlet/solicitudot?7e21d59f701ba5201d658d9b483fea38,INS,0,0,,gx-no-cache=1521145783335 HTTP/1.1" 200 93
186.103.159.46 - - [15/Mar/2018:17:30:35 -0300] "GET /cormun/servlet/hpexe_return? HTTP/1.1" 200 1018
186.103.159.46 - - [15/Mar/2018:17:30:35 -0300] "GET /cormun/servlet/trautorizarsolicitud? HTTP/1.1" 200 7150
186.103.159.46 - - [15/Mar/2018:17:30:36 -0300] "GET /cormun/servlet/trautorizarsolicitud? HTTP/1.1" 200 7146
192.168.10.56 - - [15/Mar/2018:17:30:39 -0300] "GET /cormun/servlet/trautorizarot? HTTP/1.1" 200 12366
192.168.10.56 - - [15/Mar/2018:17:30:39 -0300] "GET /cormun/servlet/trautorizarot? HTTP/1.1" 200 12363
192.168.10.56 - - [15/Mar/2018:17:30:41 -0300] "GET /cormun/static/menuarrow.gif HTTP/1.1" 404 1015
186.103.156.24 - - [15/Mar/2018:17:30:42 -0300] "POST /cormun/servlet/hlogin?2ad2f4297cd15166e1972f9e7439e70e,gx-no-cache=1521145792535 HTTP/1.1" 200 90
186.103.156.24 - - [15/Mar/2018:17:30:42 -0300] "GET /cormun/servlet/hpexe_link HTTP/1.1" 200 947
186.103.156.24 - - [15/Mar/2018:17:30:43 -0300] "GET /cormun/servlet/hhome HTTP/1.1" 200 4232
186.103.156.24 - - [15/Mar/2018:17:30:43 -0300] "GET /cormun/servlet/hhome HTTP/1.1" 200 4228
186.103.161.206 - - [15/Mar/2018:17:30:45 -0300] "POST /cormun/servlet/veautorizarsolicitud?cca91bb645532f305b063c2825e3c0bb,2018,10017,,,gx-no-cache=1521145794562 HTTP/1.1" 200 93
186.103.161.206 - - [15/Mar/2018:17:30:46 -0300] "GET /cormun/servlet/hpexe_return? HTTP/1.1" 200 1016
192.168.10.56 - - [15/Mar/2018:17:30:46 -0300] "POST /cormun/servlet/trautorizarot?bc5529fac364b0cd86ac695e48d8c12d,,gx-no-cache=1521145681887 HTTP/1.1" 200 9755
186.103.161.206 - - [15/Mar/2018:17:30:46 -0300] "GET /cormun/servlet/trautorizarsolicitud? HTTP/1.1" 200 14520
186.103.156.24 - - [15/Mar/2018:17:30:48 -0300] "GET /cormun/servlet/trautorizarsolicitud? HTTP/1.1" 200 7339
186.103.161.206 - - [15/Mar/2018:17:30:48 -0300] "GET /cormun/servlet/trautorizarsolicitud? HTTP/1.1" 200 14516
186.103.156.24 - - [15/Mar/2018:17:30:48 -0300] "GET /cormun/servlet/trautorizarsolicitud? HTTP/1.1" 200 7339
186.103.156.24 - - [15/Mar/2018:17:30:53 -0300] "GET /cormun/static/menuarrow.gif HTTP/1.1" 404 1015
192.168.10.56 - - [15/Mar/2018:17:30:53 -0300] "POST /cormun/servlet/trautorizarot?bc5529fac364b0cd86ac695e48d8c12d,,gx-no-cache=1521145689294 HTTP/1.1" 200 5324
192.168.10.56 - - [15/Mar/2018:17:30:56 -0300] "GET /cormun/servlet/hlogin HTTP/1.1" 200 1739
200.72.197.82 - - [15/Mar/2018:17:31:01 -0300] "POST /cormun/servlet/trautorizarsolicitud?cca91bb645532f305b063c2825e3c0bb,,gx-no-cache=1521145810177 HTTP/1.1" 200 8253
192.168.10.89 - - [15/Mar/2018:17:31:04 -0300] "POST /cormun/servlet/solicitudot?gx-no-cache=1521145699878 HTTP/1.1" 200 240
