186.103.159.182 - - [15/Mar/2018:12:52:06 -0300] "GET /cormun/servlet/solicitudot?4335827100ca95e70fdf793997841f76f7c12b4f45d592523e55da424e62cf09f126588660248f2df88c67890b995cb138577daa3f73e572bcba57c87393581440861a92507b90c70d9f5fe0e170bea0a9067f6813d1ce4ef5991a98ac62e518241f8475f553de79a7b6846f68912d959056b9130632529a8476ff4891491b905cd1905416795842460bb43cc9f5a8c6eecf9bdf2b8dfc380767ab5359a5b69ad016ff348d112b9049a699d4c4be9bb51237b61b08ffb79a0491a01b1a3efac6246471dd914b8f37330bb0f93bf4bd73cc5faaa19b1793121e4b0874cf5e8e451b5adeb2905a350fdfc12de8a03cd947c27aa3003af1f8d0f874c1bb738a6085107a7dbc4db5d2c33f018c9441bb9e8d057c2451eebc52a63bd9e22d8286a24fd496095610439bf8d06e3f83dba48126e02b85b9a33cc6071419d3a5e6e8f4c61401e0fce2db05d4535649ec7783e55c516968d323eb0fb999252022c73b85d029266c97714c754c209dc9343dceeafdc86ec6cde8868abd5116749f72397bde1cac72048f01f6c615b4a8095a389c61,gx-no-cache=1521129017309 HTTP/1.1" 200 30
186.103.159.182 - - [15/Mar/2018:12:52:08 -0300] "POST /cormun/servlet/solicitudot?gx-no-cache=1521129019234 HTTP/1.1" 200 30
186.103.159.182 - - [15/Mar/2018:12:52:11 -0300] "POST /cormun/servlet/solicitudot?gx-no-cache=1521129021674 HTTP/1.1" 200 30
186.103.159.182 - - [15/Mar/2018:12:52:13 -0300] "POST /cormun/servlet/solicitudot?gx-no-cache=1521129024288 HTTP/1.1" 200 1333
186.103.159.182 - - [15/Mar/2018:12:52:13 -0300] "POST /cormun/servlet/solicitudot?gx-no-cache=1521129024462 HTTP/1.1" 200 38
186.103.159.182 - - [15/Mar/2018:12:52:55 -0300] "GET /cormun/servlet/solicitudot?4335827100ca95e70fdf793997841f7630fc5d49b7e85cd904355e7adb711350388020911ea76485523f78ea61a83933c0d818dd01164f826fba69eb4fc090d72225acc0b89adce6e6669d834dc30959784be76480156d381a5cc21f3ec48dfd8c8ff731acdd65b6f463cd708adc43fa,gx-no-cache=1521129065736 HTTP/1.1" 200 29
186.103.159.182 - - [15/Mar/2018:12:52:55 -0300] "POST /cormun/servlet/solicitudot?gx-no-cache=1521129065887 HTTP/1.1" 200 1317
186.103.159.182 - - [15/Mar/2018:12:52:55 -0300] "POST /cormun/servlet/solicitudot?gx-no-cache=1521129066033 HTTP/1.1" 200 1215
186.103.159.182 - - [15/Mar/2018:12:53:05 -0300] "GET /cormun/static/menuarrow.gif HTTP/1.1" 404 1015
186.103.159.182 - - [15/Mar/2018:12:53:09 -0300] "GET /cormun/servlet/solicitudot?4335827100ca95e70fdf793997841f7618494347352f5be0317160d720bd19ec6400c3b6e26e818b3beb99d1c00fce27,gx-no-cache=1521129079681 HTTP/1.1" 200 30
186.103.159.182 - - [15/Mar/2018:12:53:49 -0300] "POST /cormun/servlet/solicitudot?gx-no-cache=1521129120271 HTTP/1.1" 200 30
186.103.159.182 - - [15/Mar/2018:12:54:10 -0300] "POST /cormun/servlet/solicitudot?c609e895f90751cd0ee25559cd7bb5ee,INS,0,0,,gx-no-cache=1521129140302 HTTP/1.1" 200 93
186.103.159.182 - - [15/Mar/2018:12:54:10 -0300] "GET /cormun/servlet/hpexe_return? HTTP/1.1" 200 1006
186.103.159.182 - - [15/Mar/2018:12:54:10 -0300] "GET /cormun/servlet/trsolicitudot HTTP/1.1" 200 8691
186.103.159.182 - - [15/Mar/2018:12:54:12 -0300] "GET /cormun/servlet/trsolicitudot HTTP/1.1" 200 8687
200.54.247.70 - - [15/Mar/2018:12:54:40 -0300] "GET /cormun/servlet/trsolicitudot? HTTP/1.1" 200 7446
200.54.247.70 - - [15/Mar/2018:12:54:44 -0300] "GET /cormun/servlet/solicitudot?INS,0,0, HTTP/1.1" 200 13673
186.103.159.182 - - [15/Mar/2018:12:54:56 -0300] "POST /cormun/servlet/trsolicitudot?c609e895f90751cd0ee25559cd7bb5ee,gx-no-cache=1521129187025 HTTP/1.1" 200 5810
186.103.159.182 - - [15/Mar/2018:12:54:56 -0300] "GET /cormun/static/Shared/jqueryui/images/ui-bg_highlight-soft_100_c6c2c8_1x100.png HTTP/1.1" 404 1117
186.103.159.182 - - [15/Mar/2018:12:54:56 -0300] "GET /cormun/static/Shared/jqueryui/images/ui-icons_82798d_256x240.png HTTP/1.1" 404 1089
186.103.159.182 - - [15/Mar/2018:12:54:56 -0300] "GET /cormun/static/Shared/jqueryui/images/ui-bg_flat_55_fafafa_40x100.png HTTP/1.1" 404 1097
186.103.159.182 - - [15/Mar/2018:12:54:56 -0300] "GET /cormun/static/Shared/jqueryui/images/ui-icons_8d78a5_256x240.png HTTP/1.1" 404 1089
186.103.159.182 - - [15/Mar/2018:12:54:59 -0300] "POST /cormun/servlet/trsolicitudot?c609e895f90751cd0ee25559cd7bb5ee,gx-no-cache=1521129190316 HTTP/1.1" 200 107
186.103.159.182 - - [15/Mar/2018:12:55:00 -0300] "GET /cormun/servlet/trsolicitudadjuntos?2018,10514, HTTP/1.1" 200 6354
186.103.159.182 - - [15/Mar/2018:12:55:00 -0300] "GET /cormun/static/gxcfg.js?20177612135366 HTTP/1.1" 304 -
186.103.159.182 - - [15/Mar/2018:12:55:01 -0300] "GET /cormun/servlet/trsolicitudadjuntos?2018,10514, HTTP/1.1" 200 6353
186.103.159.182 - - [15/Mar/2018:12:55:05 -0300] "GET /cormun/servlet/solicitudotadjuntos?INS,2018,10514,,1, HTTP/1.1" 200 6301
186.103.159.182 - - [15/Mar/2018:12:55:05 -0300] "GET /cormun/static/gxcfg.js?2017761244068 HTTP/1.1" 304 -
186.103.159.182 - - [15/Mar/2018:12:55:06 -0300] "GET /cormun/static/about:blank HTTP/1.1" 404 1011
186.103.159.182 - - [15/Mar/2018:12:55:06 -0300] "GET /cormun/servlet/solicitudotadjuntos?INS,2018,10514,,1, HTTP/1.1" 200 6294
186.103.159.182 - - [15/Mar/2018:12:55:06 -0300] "GET /cormun/servlet/solicitudotadjuntos?4335827100ca95e70fdf793997841f76fd2e06871b5b0f907e5cea54cffe586f1f0d8275ed5be109e2091829c828e1d4,gx-no-cache=1521129197246 HTTP/1.1" 200 30
186.103.159.182 - - [15/Mar/2018:12:55:06 -0300] "POST /cormun/servlet/solicitudotadjuntos?c609e895f90751cd0ee25559cd7bb5ee,INS,2018,10514,,1,,gx-no-cache=1521129197352 HTTP/1.1" 200 3982
186.103.159.182 - - [15/Mar/2018:12:55:08 -0300] "POST /cormun/servlet/solicitudotadjuntos?gx-no-cache=1521129199230 HTTP/1.1" 200 26
186.103.159.182 - - [15/Mar/2018:12:55:15 -0300] "GET /cormun/servlet/solicitudotadjuntos?4335827100ca95e70fdf793997841f76e0eb3c9c74cfc6af3cac0675a3c08403,gx-no-cache=1521129205701 HTTP/1.1" 200 30
186.103.159.182 - - [15/Mar/2018:12:55:15 -0300] "GET /cormun/servlet/solicitudotadjuntos?4335827100ca95e70fdf793997841f76e0eb3c9c74cfc6af3cac0675a3c08403,gx-no-cache=1521129205738 HTTP/1.1" 200 30
186.103.159.182 - - [15/Mar/2018:12:55:16 -0300] "POST /cormun/servlet/solicitudotadjuntos?c609e895f90751cd0ee25559cd7bb5ee,INS,2018,10514,,1, HTTP/1.1" 200 116
186.103.159.182 - - [15/Mar/2018:12:55:16 -0300] "GET /cormun/servlet/hpexe_return? HTTP/1.1" 200 1025
186.103.159.182 - - [15/Mar/2018:12:55:17 -0300] "GET /cormun/servlet/trsolicitudadjuntos?2018,10514, HTTP/1.1" 200 8789
186.103.159.182 - - [15/Mar/2018:12:55:18 -0300] "GET /cormun/servlet/trsolicitudadjuntos?2018,10514, HTTP/1.1" 200 8789
186.103.159.182 - - [15/Mar/2018:12:55:21 -0300] "GET /cormun/servlet/solicitudotadjuntos?INS,2018,10514,,1, HTTP/1.1" 200 6301
186.103.159.182 - - [15/Mar/2018:12:55:21 -0300] "GET /cormun/static/about:blank HTTP/1.1" 404 1011
186.103.159.182 - - [15/Mar/2018:12:55:22 -0300] "GET /cormun/servlet/solicitudotadjuntos?INS,2018,10514,,1, HTTP/1.1" 200 6294
186.103.159.182 - - [15/Mar/2018:12:55:23 -0300] "GET /cormun/servlet/solicitudotadjuntos?4335827100ca95e70fdf793997841f76fd2e06871b5b0f907e5cea54cffe586f1f0d8275ed5be109e2091829c828e1d4,gx-no-cache=1521129213632 HTTP/1.1" 200 30
186.103.159.182 - - [15/Mar/2018:12:55:24 -0300] "POST /cormun/servlet/solicitudotadjuntos?c609e895f90751cd0ee25559cd7bb5ee,INS,2018,10514,,1,,gx-no-cache=1521129213742 HTTP/1.1" 200 3982
186.103.159.182 - - [15/Mar/2018:12:55:26 -0300] "POST /cormun/servlet/solicitudotadjuntos?gx-no-cache=1521129216831 HTTP/1.1" 200 26
186.103.159.182 - - [15/Mar/2018:12:55:33 -0300] "GET /cormun/servlet/solicitudotadjuntos?4335827100ca95e70fdf793997841f76e0eb3c9c74cfc6af3cac0675a3c08403,gx-no-cache=1521129224329 HTTP/1.1" 200 30
186.103.159.182 - - [15/Mar/2018:12:55:33 -0300] "GET /cormun/servlet/solicitudotadjuntos?4335827100ca95e70fdf793997841f76e0eb3c9c74cfc6af3cac0675a3c08403,gx-no-cache=1521129224416 HTTP/1.1" 200 30
200.72.197.82 - - [15/Mar/2018:12:55:38 -0300] "GET /cormun/servlet/solicitudot?INS,0,0, HTTP/1.1" 200 13530
200.72.197.82 - - [15/Mar/2018:12:55:38 -0300] "GET /cormun/servlet/solicitudot?INS,0,0, HTTP/1.1" 200 13534
186.103.159.182 - - [15/Mar/2018:12:55:43 -0300] "POST /cormun/servlet/solicitudotadjuntos?c609e895f90751cd0ee25559cd7bb5ee,INS,2018,10514,,1, HTTP/1.1" 200 116
186.103.159.182 - - [15/Mar/2018:12:55:44 -0300] "GET /cormun/servlet/hpexe_return? HTTP/1.1" 200 1025
186.103.159.182 - - [15/Mar/2018:12:55:44 -0300] "GET /cormun/servlet/trsolicitudadjuntos?2018,10514, HTTP/1.1" 200 9000
186.103.159.182 - - [15/Mar/2018:12:55:45 -0300] "GET /cormun/servlet/trsolicitudadjuntos?2018,10514, HTTP/1.1" 200 9000
186.103.159.182 - - [15/Mar/2018:12:55:48 -0300] "GET /cormun/servlet/solicitudotadjuntos?INS,2018,10514,,1, HTTP/1.1" 200 6301
186.103.159.182 - - [15/Mar/2018:12:55:48 -0300] "GET /cormun/static/about:blank HTTP/1.1" 404 1011
186.103.159.182 - - [15/Mar/2018:12:55:49 -0300] "GET /cormun/servlet/solicitudotadjuntos?INS,2018,10514,,1, HTTP/1.1" 200 6294
186.103.159.182 - - [15/Mar/2018:12:55:49 -0300] "GET /cormun/servlet/solicitudotadjuntos?4335827100ca95e70fdf793997841f76fd2e06871b5b0f907e5cea54cffe586f1f0d8275ed5be109e2091829c828e1d4,gx-no-cache=1521129240389 HTTP/1.1" 200 30
186.103.159.182 - - [15/Mar/2018:12:55:49 -0300] "POST /cormun/servlet/solicitudotadjuntos?c609e895f90751cd0ee25559cd7bb5ee,INS,2018,10514,,1,,gx-no-cache=1521129240507 HTTP/1.1" 200 3984
186.103.159.182 - - [15/Mar/2018:12:55:52 -0300] "POST /cormun/servlet/solicitudotadjuntos?gx-no-cache=1521129243369 HTTP/1.1" 200 26
186.67.164.142 - - [15/Mar/2018:12:55:53 -0300] "POST /cormun/servlet/solicitudot?d25bd4a366cec0571d26517f074a4946,INS,0,0,,gx-no-cache=1521129303286 HTTP/1.1" 200 93
186.67.164.142 - - [15/Mar/2018:12:55:53 -0300] "GET /cormun/servlet/hpexe_return? HTTP/1.1" 200 1027
186.67.164.142 - - [15/Mar/2018:12:55:53 -0300] "GET /cormun/servlet/trsolicitudot?gx-no-cache=1521128915891 HTTP/1.1" 200 8544
186.67.164.142 - - [15/Mar/2018:12:55:54 -0300] "GET /cormun/servlet/trsolicitudot?gx-no-cache=1521128915891 HTTP/1.1" 200 8561
186.103.159.182 - - [15/Mar/2018:12:55:59 -0300] "GET /cormun/servlet/solicitudotadjuntos?4335827100ca95e70fdf793997841f76e0eb3c9c74cfc6af3cac0675a3c08403,gx-no-cache=1521129249708 HTTP/1.1" 200 30
186.103.159.182 - - [15/Mar/2018:12:55:59 -0300] "GET /cormun/servlet/solicitudotadjuntos?4335827100ca95e70fdf793997841f76e0eb3c9c74cfc6af3cac0675a3c08403,gx-no-cache=1521129249739 HTTP/1.1" 200 30
186.103.159.182 - - [15/Mar/2018:12:56:08 -0300] "POST /cormun/servlet/solicitudotadjuntos?c609e895f90751cd0ee25559cd7bb5ee,INS,2018,10514,,1, HTTP/1.1" 200 116
186.103.159.182 - - [15/Mar/2018:12:56:08 -0300] "GET /cormun/servlet/hpexe_return? HTTP/1.1" 200 1025
186.103.159.182 - - [15/Mar/2018:12:56:08 -0300] "GET /cormun/servlet/trsolicitudadjuntos?2018,10514, HTTP/1.1" 200 9171
186.103.159.182 - - [15/Mar/2018:12:56:09 -0300] "GET /cormun/servlet/trsolicitudadjuntos?2018,10514, HTTP/1.1" 200 9168
186.103.159.182 - - [15/Mar/2018:12:56:12 -0300] "GET /cormun/servlet/solicitudotadjuntos?INS,2018,10514,,1, HTTP/1.1" 200 6301
186.103.159.182 - - [15/Mar/2018:12:56:13 -0300] "GET /cormun/static/about:blank HTTP/1.1" 404 1011
186.103.159.182 - - [15/Mar/2018:12:56:13 -0300] "GET /cormun/servlet/solicitudotadjuntos?INS,2018,10514,,1, HTTP/1.1" 200 6294
186.103.159.182 - - [15/Mar/2018:12:56:13 -0300] "GET /cormun/servlet/solicitudotadjuntos?4335827100ca95e70fdf793997841f76fd2e06871b5b0f907e5cea54cffe586f1f0d8275ed5be109e2091829c828e1d4,gx-no-cache=1521129264337 HTTP/1.1" 200 30
186.103.159.182 - - [15/Mar/2018:12:56:14 -0300] "POST /cormun/servlet/solicitudotadjuntos?c609e895f90751cd0ee25559cd7bb5ee,INS,2018,10514,,1,,gx-no-cache=1521129264534 HTTP/1.1" 200 3984
186.103.159.182 - - [15/Mar/2018:12:56:17 -0300] "POST /cormun/servlet/solicitudotadjuntos?gx-no-cache=1521129267993 HTTP/1.1" 200 26
186.103.159.182 - - [15/Mar/2018:12:56:26 -0300] "GET /cormun/servlet/solicitudotadjuntos?4335827100ca95e70fdf793997841f76e0eb3c9c74cfc6af3cac0675a3c08403,gx-no-cache=1521129277460 HTTP/1.1" 200 30
186.103.159.182 - - [15/Mar/2018:12:56:26 -0300] "GET /cormun/servlet/solicitudotadjuntos?4335827100ca95e70fdf793997841f76e0eb3c9c74cfc6af3cac0675a3c08403,gx-no-cache=1521129277528 HTTP/1.1" 200 30
186.103.159.182 - - [15/Mar/2018:12:56:30 -0300] "POST /cormun/servlet/solicitudotadjuntos?c609e895f90751cd0ee25559cd7bb5ee,INS,2018,10514,,1, HTTP/1.1" 200 116
186.103.159.182 - - [15/Mar/2018:12:56:30 -0300] "GET /cormun/servlet/hpexe_return? HTTP/1.1" 200 1025
186.103.159.182 - - [15/Mar/2018:12:56:31 -0300] "GET /cormun/servlet/trsolicitudadjuntos?2018,10514, HTTP/1.1" 200 9401
186.103.159.182 - - [15/Mar/2018:12:56:32 -0300] "GET /cormun/servlet/trsolicitudadjuntos?2018,10514, HTTP/1.1" 200 9398
186.103.159.182 - - [15/Mar/2018:12:56:34 -0300] "GET /cormun/servlet/solicitudotadjuntos?INS,2018,10514,,1, HTTP/1.1" 200 6301
186.103.159.182 - - [15/Mar/2018:12:56:34 -0300] "GET /cormun/static/about:blank HTTP/1.1" 404 1011
186.103.159.182 - - [15/Mar/2018:12:56:35 -0300] "GET /cormun/servlet/solicitudotadjuntos?INS,2018,10514,,1, HTTP/1.1" 200 6294
186.103.159.182 - - [15/Mar/2018:12:56:36 -0300] "GET /cormun/servlet/solicitudotadjuntos?4335827100ca95e70fdf793997841f76fd2e06871b5b0f907e5cea54cffe586f1f0d8275ed5be109e2091829c828e1d4,gx-no-cache=1521129286686 HTTP/1.1" 200 30
186.103.159.182 - - [15/Mar/2018:12:56:36 -0300] "POST /cormun/servlet/solicitudotadjuntos?c609e895f90751cd0ee25559cd7bb5ee,INS,2018,10514,,1,,gx-no-cache=1521129286798 HTTP/1.1" 200 3984
186.103.159.182 - - [15/Mar/2018:12:56:42 -0300] "POST /cormun/servlet/solicitudotadjuntos?gx-no-cache=1521129292981 HTTP/1.1" 200 26
186.103.159.182 - - [15/Mar/2018:12:56:52 -0300] "GET /cormun/servlet/solicitudotadjuntos?4335827100ca95e70fdf793997841f76e0eb3c9c74cfc6af3cac0675a3c08403,gx-no-cache=1521129303261 HTTP/1.1" 200 30
186.103.159.182 - - [15/Mar/2018:12:56:52 -0300] "GET /cormun/servlet/solicitudotadjuntos?4335827100ca95e70fdf793997841f76e0eb3c9c74cfc6af3cac0675a3c08403,gx-no-cache=1521129303303 HTTP/1.1" 200 30
186.103.159.182 - - [15/Mar/2018:12:56:56 -0300] "POST /cormun/servlet/solicitudotadjuntos?c609e895f90751cd0ee25559cd7bb5ee,INS,2018,10514,,1, HTTP/1.1" 200 116
186.103.159.182 - - [15/Mar/2018:12:56:56 -0300] "GET /cormun/servlet/hpexe_return? HTTP/1.1" 200 1025
186.103.159.182 - - [15/Mar/2018:12:56:57 -0300] "GET /cormun/servlet/trsolicitudadjuntos?2018,10514, HTTP/1.1" 200 9615
186.103.159.182 - - [15/Mar/2018:12:57:01 -0300] "GET /cormun/servlet/trsolicitudadjuntos?2018,10514, HTTP/1.1" 200 9612
186.103.159.182 - - [15/Mar/2018:12:57:01 -0300] "GET /cormun/servlet/solicitudotadjuntos?INS,2018,10514,,1, HTTP/1.1" 200 6300
186.103.159.182 - - [15/Mar/2018:12:57:01 -0300] "GET /cormun/static/about:blank HTTP/1.1" 404 1011
186.103.159.182 - - [15/Mar/2018:12:57:02 -0300] "GET /cormun/servlet/solicitudotadjuntos?INS,2018,10514,,1, HTTP/1.1" 200 6293
186.103.159.182 - - [15/Mar/2018:12:57:02 -0300] "GET /cormun/servlet/solicitudotadjuntos?4335827100ca95e70fdf793997841f76fd2e06871b5b0f907e5cea54cffe586f1f0d8275ed5be109e2091829c828e1d4,gx-no-cache=1521129313323 HTTP/1.1" 200 30
186.103.159.182 - - [15/Mar/2018:12:57:03 -0300] "POST /cormun/servlet/solicitudotadjuntos?c609e895f90751cd0ee25559cd7bb5ee,INS,2018,10514,,1,,gx-no-cache=1521129313429 HTTP/1.1" 200 3982
186.103.159.182 - - [15/Mar/2018:12:57:05 -0300] "POST /cormun/servlet/solicitudotadjuntos?gx-no-cache=1521129316042 HTTP/1.1" 200 26
186.103.159.182 - - [15/Mar/2018:12:57:12 -0300] "GET /cormun/servlet/solicitudotadjuntos?4335827100ca95e70fdf793997841f76e0eb3c9c74cfc6af3cac0675a3c08403,gx-no-cache=1521129322686 HTTP/1.1" 200 30
186.103.159.182 - - [15/Mar/2018:12:57:12 -0300] "GET /cormun/servlet/solicitudotadjuntos?4335827100ca95e70fdf793997841f76e0eb3c9c74cfc6af3cac0675a3c08403,gx-no-cache=1521129322756 HTTP/1.1" 200 30
186.103.159.182 - - [15/Mar/2018:12:57:16 -0300] "POST /cormun/servlet/solicitudotadjuntos?c609e895f90751cd0ee25559cd7bb5ee,INS,2018,10514,,1, HTTP/1.1" 200 116
186.103.159.182 - - [15/Mar/2018:12:57:16 -0300] "GET /cormun/servlet/hpexe_return? HTTP/1.1" 200 1025
186.103.159.182 - - [15/Mar/2018:12:57:17 -0300] "GET /cormun/servlet/trsolicitudadjuntos?2018,10514, HTTP/1.1" 200 9866
186.103.159.182 - - [15/Mar/2018:12:57:18 -0300] "GET /cormun/servlet/trsolicitudadjuntos?2018,10514, HTTP/1.1" 200 9860
186.103.159.182 - - [15/Mar/2018:12:57:22 -0300] "POST /cormun/servlet/trsolicitudadjuntos?c609e895f90751cd0ee25559cd7bb5ee,2018,10514,,gx-no-cache=1521129333068 HTTP/1.1" 200 90
186.103.159.182 - - [15/Mar/2018:12:57:22 -0300] "GET /cormun/servlet/hpexe_link HTTP/1.1" 200 988
186.103.159.182 - - [15/Mar/2018:12:57:22 -0300] "GET /cormun/servlet/trsolicitudot?gx-no-cache=1521129187025 HTTP/1.1" 200 8688
186.103.159.182 - - [15/Mar/2018:12:57:24 -0300] "GET /cormun/servlet/trsolicitudot?gx-no-cache=1521129187025 HTTP/1.1" 200 8707
186.103.159.182 - - [15/Mar/2018:12:57:30 -0300] "POST /cormun/servlet/trsolicitudot?c609e895f90751cd0ee25559cd7bb5ee,gx-no-cache=1521129187025,gx-no-cache=1521129340359 HTTP/1.1" 200 4395
186.103.159.182 - - [15/Mar/2018:12:57:30 -0300] "GET /cormun/static/Shared/jqueryui/images/ui-bg_highlight-soft_100_c6c2c8_1x100.png HTTP/1.1" 404 1117
186.103.159.182 - - [15/Mar/2018:12:57:30 -0300] "GET /cormun/static/Shared/jqueryui/images/ui-icons_82798d_256x240.png HTTP/1.1" 404 1089
186.103.159.182 - - [15/Mar/2018:12:57:30 -0300] "GET /cormun/static/Shared/jqueryui/images/ui-bg_flat_55_fafafa_40x100.png HTTP/1.1" 404 1097
186.103.159.182 - - [15/Mar/2018:12:57:30 -0300] "GET /cormun/static/Shared/jqueryui/images/ui-icons_8d78a5_256x240.png HTTP/1.1" 404 1089
186.103.159.182 - - [15/Mar/2018:12:57:30 -0300] "POST /cormun/servlet/trsolicitudot?c609e895f90751cd0ee25559cd7bb5ee,gx-no-cache=1521129187025,gx-no-cache=1521129341212 HTTP/1.1" 200 4178
200.72.197.82 - - [15/Mar/2018:12:57:30 -0300] "POST /cormun/servlet/solicitudot?gx-no-cache=1521129397162 HTTP/1.1" 200 3410
200.72.197.82 - - [15/Mar/2018:12:57:31 -0300] "POST /cormun/servlet/solicitudot?2cd0c105ff20a9137b0a4911b5880c8d,INS,0,0,,gx-no-cache=1521129397840 HTTP/1.1" 200 10582
186.103.159.182 - - [15/Mar/2018:12:57:34 -0300] "GET /cormun/servlet/trautorizarsolicitud? HTTP/1.1" 200 8734
186.103.159.182 - - [15/Mar/2018:12:57:35 -0300] "GET /cormun/servlet/trautorizarsolicitud? HTTP/1.1" 200 8712
186.103.159.182 - - [15/Mar/2018:12:57:38 -0300] "POST /cormun/servlet/trautorizarsolicitud?c609e895f90751cd0ee25559cd7bb5ee,,gx-no-cache=1521129348826 HTTP/1.1" 200 4608
186.103.159.182 - - [15/Mar/2018:12:57:38 -0300] "GET /cormun/static/Shared/jqueryui/images/ui-bg_highlight-soft_100_c6c2c8_1x100.png HTTP/1.1" 404 1117
186.103.159.182 - - [15/Mar/2018:12:57:38 -0300] "GET /cormun/static/Shared/jqueryui/images/ui-icons_82798d_256x240.png HTTP/1.1" 404 1089
186.103.159.182 - - [15/Mar/2018:12:57:38 -0300] "GET /cormun/static/Shared/jqueryui/images/ui-bg_flat_55_fafafa_40x100.png HTTP/1.1" 404 1097
186.103.159.182 - - [15/Mar/2018:12:57:38 -0300] "GET /cormun/static/Shared/jqueryui/images/ui-icons_8d78a5_256x240.png HTTP/1.1" 404 1089
186.103.159.182 - - [15/Mar/2018:12:57:39 -0300] "POST /cormun/servlet/trautorizarsolicitud?c609e895f90751cd0ee25559cd7bb5ee,,gx-no-cache=1521129349212 HTTP/1.1" 200 4392
200.54.247.70 - - [15/Mar/2018:12:57:48 -0300] "POST /cormun/servlet/solicitudot?gx-no-cache=1521129417838 HTTP/1.1" 200 3284
200.54.247.70 - - [15/Mar/2018:12:57:48 -0300] "POST /cormun/servlet/solicitudot?1c2469dd7b44e3e43205b9baf03bfd86,INS,0,0,,gx-no-cache=1521129419193 HTTP/1.1" 200 10437
200.54.247.70 - - [15/Mar/2018:12:57:50 -0300] "GET /cormun/servlet/solicitudot?c85750c77510ff567c04a7dd8de3fa15ef260e76b36612007a11d77ed5e5d0ce3d1d918a03c16f3221cc44b68e0eebaf,gx-no-cache=1521129420838 HTTP/1.1" 200 30
186.67.164.142 - - [15/Mar/2018:12:58:32 -0300] "POST /cormun/servlet/trsolicitudot?d25bd4a366cec0571d26517f074a4946,gx-no-cache=1521128915891,gx-no-cache=1521129463025 HTTP/1.1" 200 4271
186.67.164.142 - - [15/Mar/2018:12:58:32 -0300] "GET /cormun/static/Shared/jqueryui/images/ui-bg_highlight-soft_100_c6c2c8_1x100.png HTTP/1.1" 404 1117
186.67.164.142 - - [15/Mar/2018:12:58:32 -0300] "GET /cormun/static/Shared/jqueryui/images/ui-icons_82798d_256x240.png HTTP/1.1" 404 1089
186.67.164.142 - - [15/Mar/2018:12:58:32 -0300] "GET /cormun/static/Shared/jqueryui/images/ui-bg_flat_55_fafafa_40x100.png HTTP/1.1" 404 1097
186.67.164.142 - - [15/Mar/2018:12:58:32 -0300] "POST /cormun/servlet/trsolicitudot?d25bd4a366cec0571d26517f074a4946,gx-no-cache=1521128915891,gx-no-cache=1521129463355 HTTP/1.1" 200 4006
186.67.164.142 - - [15/Mar/2018:12:58:33 -0300] "GET /cormun/static/Shared/jqueryui/images/ui-icons_8d78a5_256x240.png HTTP/1.1" 404 1089
190.151.100.218 - - [15/Mar/2018:12:58:37 -0300] "GET /cormun/servlet/solicitudot?d7d62d9031c1f3008a2b4ccc1ef76e49a3526a392991fa3730f6067820f06d75acd4aaaab1b0e60b56acc371ad5d164d,gx-no-cache=1521129464440 HTTP/1.1" 200 30
190.151.100.218 - - [15/Mar/2018:12:58:38 -0300] "GET /cormun/servlet/solicitudot?d7d62d9031c1f3008a2b4ccc1ef76e49a1c5e1e09267b941a27d62efbe61535d42c50f6182d039130d329f2f8744d1f0c1f5bdcfe31aeb5f101ec629e4926e70,gx-no-cache=1521129464816 HTTP/1.1" 200 30
190.151.100.218 - - [15/Mar/2018:12:58:38 -0300] "GET /cormun/servlet/solicitudot?d7d62d9031c1f3008a2b4ccc1ef76e49386aa36fb9691cf452d13105f38a8c8e,gx-no-cache=1521129464951 HTTP/1.1" 200 53
190.151.100.218 - - [15/Mar/2018:12:58:38 -0300] "POST /cormun/servlet/solicitudot?gx-no-cache=1521129465571 HTTP/1.1" 200 297
190.151.100.218 - - [15/Mar/2018:12:58:39 -0300] "GET /cormun/servlet/solicitudot?d7d62d9031c1f3008a2b4ccc1ef76e49311b5d7010ba55b8b1a0a1a8ecfdd5075e72ef06fb2ad1b6c5c2b18e2f3a33aa3e6d81d0df0ca21537c779eb724ac31bfc5ea3b7dfe5f999b773358768666637540cc70e83b9190bfce0cab44f2622b1a2d92accbc2cc3a91996c51fa2caeadf756fb24f36a900f7875ffc1a95f8da1a2a1d9e12342e129b809a9e21e83ce6ac34c28125ebe24c36e770ac53ba80ac0ab9f04be7d4c3b668ad758f849824cdb0cdb587da602ef127f5013eda8841ebfe9327bc79677fe9bdfe8d26ae53d6ab973697fe5a5b8f4c4510bfdb83d45e0a479e44ac20fc8847c8a755c1b4cd327658b80620356e3789ce9f448d77f5931b86dfae6b96d578da36ad684558aa0fd2f05d4aaf9081743388e9b90a1d3fc4b1e9bccbb1952b5ddbb3807df78f69beef31101a439984e90416b65c918a8ef22184f7858547bd619116c0494240fb37540a0285a1e1e672559a0f015b5c2240c354eac9c4f3ec41e118e25431f61c500e9d5398d2f5412db3dd3ddccf3e29e98a6646887a7e93319de71653241283f38e26,gx-no-cache=1521129465742 HTTP/1.1" 200 30
190.151.100.218 - - [15/Mar/2018:12:58:40 -0300] "POST /cormun/servlet/solicitudot?gx-no-cache=1521129466849 HTTP/1.1" 200 30
190.151.100.218 - - [15/Mar/2018:12:58:41 -0300] "POST /cormun/servlet/solicitudot?gx-no-cache=1521129467468 HTTP/1.1" 200 1336
190.151.100.218 - - [15/Mar/2018:12:58:41 -0300] "POST /cormun/servlet/solicitudot?gx-no-cache=1521129467944 HTTP/1.1" 200 38
190.151.100.218 - - [15/Mar/2018:12:58:43 -0300] "POST /cormun/servlet/solicitudot?gx-no-cache=1521129470762 HTTP/1.1" 200 30
190.151.100.218 - - [15/Mar/2018:12:58:45 -0300] "POST /cormun/servlet/solicitudot?gx-no-cache=1521129472357 HTTP/1.1" 200 1336
190.151.100.218 - - [15/Mar/2018:12:58:45 -0300] "POST /cormun/servlet/solicitudot?gx-no-cache=1521129472528 HTTP/1.1" 200 38
186.67.203.186 - - [15/Mar/2018:12:58:59 -0300] "GET /cormun/servlet/solicitudot?d7d62d9031c1f3008a2b4ccc1ef76e49aac0f2dfc156bcbcea479701557f55e39d30a132b4b15ee44345532349c0ae7785a8f9428011eaa5028c6ad8fbf793180d0338d6f739b06514cb1601219c2fb296eef9f88fe0d0ba97003d5f7d89ec04949ffe11c6000fc5c061359085d8b316,gx-no-cache=1521129486475 HTTP/1.1" 200 29
186.67.203.186 - - [15/Mar/2018:12:59:00 -0300] "POST /cormun/servlet/solicitudot?gx-no-cache=1521129486636 HTTP/1.1" 200 1318
186.67.203.186 - - [15/Mar/2018:12:59:00 -0300] "POST /cormun/servlet/solicitudot?gx-no-cache=1521129487145 HTTP/1.1" 200 1218
186.67.203.186 - - [15/Mar/2018:12:59:00 -0300] "GET /cormun/static/menuarrow.gif HTTP/1.1" 404 1015
186.67.203.186 - - [15/Mar/2018:12:59:02 -0300] "POST /cormun/servlet/solicitudot?gx-no-cache=1521129488993 HTTP/1.1" 200 1318
186.67.203.186 - - [15/Mar/2018:12:59:04 -0300] "POST /cormun/servlet/solicitudot?gx-no-cache=1521129491025 HTTP/1.1" 200 1218
186.67.203.186 - - [15/Mar/2018:12:59:11 -0300] "GET /cormun/servlet/solicitudot?d7d62d9031c1f3008a2b4ccc1ef76e495e1bf22e26e22c3344e03bcd08005ef5b26d9f8bbfe93e6cb11192666f7ace67,gx-no-cache=1521129497753 HTTP/1.1" 200 30
200.111.122.170 - - [15/Mar/2018:12:59:18 -0300] "POST /cormun/servlet/solicitudot?gx-no-cache=1521129505455 HTTP/1.1" 200 30
200.54.247.70 - - [15/Mar/2018:12:59:21 -0300] "GET /cormun/servlet/prbanco?,MD,,gxPopupLevel%3D0%3B HTTP/1.1" 200 6670
200.111.122.170 - - [15/Mar/2018:12:59:24 -0300] "POST /cormun/servlet/solicitudot?2cd0c105ff20a9137b0a4911b5880c8d,INS,0,0,,gx-no-cache=1521129509901 HTTP/1.1" 200 93
200.111.122.170 - - [15/Mar/2018:12:59:24 -0300] "GET /cormun/servlet/hpexe_return? HTTP/1.1" 200 1002
200.111.122.170 - - [15/Mar/2018:12:59:24 -0300] "GET /cormun/servlet/trsolicitudot HTTP/1.1" 200 8512
200.54.247.70 - - [15/Mar/2018:12:59:25 -0300] "GET /cormun/servlet/solicitudot?c85750c77510ff567c04a7dd8de3fa1523f4aa5d10a18d6f09d9f8eb84c5d7d5,gx-no-cache=1521129516118 HTTP/1.1" 200 94
200.54.247.70 - - [15/Mar/2018:12:59:25 -0300] "GET /cormun/static/Shared/jqueryui/images/ui-bg_highlight-soft_100_c6c2c8_1x100.png HTTP/1.1" 404 1117
200.54.247.70 - - [15/Mar/2018:12:59:25 -0300] "GET /cormun/static/Shared/jqueryui/images/ui-icons_82798d_256x240.png HTTP/1.1" 404 1089
200.54.247.70 - - [15/Mar/2018:12:59:25 -0300] "GET /cormun/static/Shared/jqueryui/images/ui-bg_flat_55_994d53_40x100.png HTTP/1.1" 404 1097
200.54.247.70 - - [15/Mar/2018:12:59:25 -0300] "GET /cormun/static/Shared/jqueryui/images/ui-icons_ebccce_256x240.png HTTP/1.1" 404 1089
200.111.122.170 - - [15/Mar/2018:12:59:25 -0300] "GET /cormun/servlet/trsolicitudot HTTP/1.1" 200 8508
186.67.203.186 - - [15/Mar/2018:12:59:31 -0300] "GET /cormun/servlet/solicitudot?INS,0,0, HTTP/1.1" 200 13530
186.67.203.186 - - [15/Mar/2018:12:59:32 -0300] "GET /cormun/servlet/solicitudot?INS,0,0, HTTP/1.1" 200 13535
200.54.247.70 - - [15/Mar/2018:13:00:06 -0300] "GET /cormun/servlet/solicitudot?c85750c77510ff567c04a7dd8de3fa152a66b960708f2ba8c986744e1099b714ce22f258f11ad718c71a617479b0f70cb444710a5de71dd588794736ca5ccab7,gx-no-cache=1521129557045 HTTP/1.1" 200 30
200.54.247.70 - - [15/Mar/2018:13:00:06 -0300] "GET /cormun/servlet/solicitudot?c85750c77510ff567c04a7dd8de3fa15349d5f5cd20f8435dfa3674d25f57f24,gx-no-cache=1521129557093 HTTP/1.1" 200 53
186.103.159.188 - - [15/Mar/2018:13:00:17 -0300] "GET /cormun/servlet/solicitudot?271990152ff28351c1e6d70e0bfb57988fb55ec2e8fc3b904e04ae41caf184e443d49b96c4126dd504de18a603f58c357d7543b093bb3d0c068d4649091fa6f9,gx-no-cache=1521129567519 HTTP/1.1" 200 30
186.103.159.188 - - [15/Mar/2018:13:00:19 -0300] "GET /cormun/servlet/prbanco?,MD,,gxPopupLevel%3D0%3B HTTP/1.1" 200 6565
186.103.159.188 - - [15/Mar/2018:13:00:19 -0300] "GET /cormun/static/gxcfg.js?20181161016094 HTTP/1.1" 304 -
186.103.159.188 - - [15/Mar/2018:13:00:19 -0300] "GET /cormun/static/messages.spa.js?85251 HTTP/1.1" 304 -
200.54.247.70 - - [15/Mar/2018:13:00:24 -0300] "POST /cormun/servlet/solicitudot?gx-no-cache=1521129574838 HTTP/1.1" 200 297
200.54.247.70 - - [15/Mar/2018:13:00:24 -0300] "GET /cormun/servlet/solicitudot?c85750c77510ff567c04a7dd8de3fa15ef5adcd0a39a5e30dbfe0a6b374507729a709e92a5d4fc41f69a2b11ba8d030b569b113bebf44e856b57739bf8bcb99727f1c8c0dabe2a3982e93b4fe2a4d2cd7a73f2a5890ca1f23ac765e01447f9e1d8a2e80cf11d7a6d47e5506e890f0c0e4c087dfdd967118193b2ea8ba7eda8c8c942707d08b06799d1ef34d2e9e02b942e5c9864539f757f56aded129b0e182648cda2704123f6b86b6d2c6008c0f2ff739a04da889fa583fc5459027b88b202f4e380eee78ec387ee23bfafbfcc6ca70a28e9cf179811dfc8ed46423bae4b34e2bc09b8e672881861c67cf5f88054b1ffa2a7b736b62c4937acd71535b8eab9e44f25a628f0c07b2eed9280148c699f372c732500969693a11c54a9a06f6049a3e4df6445b02a946d14b55bc1b8c0d3ab9de9ca53d2c0be500056df2db5c1af86eea228376cdfdec20bef8f70090d1b18d603927a0fbd5562caab8e67ff4185b82af181886d6a0acfbbabe58d22b0b6b127904660628b9a85f05a2ab7c8df37e8450bc940e4ec06503a08a2af272b79,gx-no-cache=1521129574918 HTTP/1.1" 200 30
186.103.159.188 - - [15/Mar/2018:13:00:25 -0300] "GET /cormun/servlet/solicitudot?271990152ff28351c1e6d70e0bfb5798375c2b395b36e34c66429f7de85c72c1,gx-no-cache=1521129575139 HTTP/1.1" 200 53
200.54.247.70 - - [15/Mar/2018:13:00:25 -0300] "POST /cormun/servlet/solicitudot?gx-no-cache=1521129576558 HTTP/1.1" 200 30
200.54.247.70 - - [15/Mar/2018:13:00:29 -0300] "POST /cormun/servlet/solicitudot?gx-no-cache=1521129580560 HTTP/1.1" 200 1333
200.54.247.70 - - [15/Mar/2018:13:00:29 -0300] "POST /cormun/servlet/solicitudot?gx-no-cache=1521129580719 HTTP/1.1" 200 38
186.103.159.188 - - [15/Mar/2018:13:00:35 -0300] "POST /cormun/servlet/solicitudot?623b581e70844721f62f7e50d0e239e9,INS,0,0,,gx-no-cache=1521129585449 HTTP/1.1" 200 10434
186.103.159.188 - - [15/Mar/2018:13:00:35 -0300] "GET /cormun/static/Shared/jqueryui/images/ui-bg_highlight-soft_100_c6c2c8_1x100.png HTTP/1.1" 404 1117
190.161.236.41 - - [15/Mar/2018:13:00:36 -0300] "GET /cormun/static/Shared/jqueryui/images/ui-icons_8d78a5_256x240.png HTTP/1.1" 404 1089
186.103.159.188 - - [15/Mar/2018:13:00:36 -0300] "GET /cormun/static/Shared/jqueryui/images/ui-icons_82798d_256x240.png HTTP/1.1" 404 1089
186.103.159.188 - - [15/Mar/2018:13:00:36 -0300] "GET /cormun/static/Shared/jqueryui/images/ui-bg_flat_55_fafafa_40x100.png HTTP/1.1" 404 1097
200.111.122.170 - - [15/Mar/2018:13:00:39 -0300] "POST /cormun/servlet/solicitudot?gx-no-cache=1521129583938 HTTP/1.1" 200 3400
200.111.122.170 - - [15/Mar/2018:13:00:40 -0300] "POST /cormun/servlet/solicitudot?2cd0c105ff20a9137b0a4911b5880c8d,INS,0,0,,gx-no-cache=1521129586883 HTTP/1.1" 200 10564
186.103.159.188 - - [15/Mar/2018:13:00:41 -0300] "GET /cormun/servlet/solicitudot?271990152ff28351c1e6d70e0bfb57988fb55ec2e8fc3b904e04ae41caf184e443d49b96c4126dd504de18a603f58c357f5b440b6854b8cf0045c4dcf193d8f6,gx-no-cache=1521129591598 HTTP/1.1" 200 30
186.103.159.188 - - [15/Mar/2018:13:00:42 -0300] "GET /cormun/servlet/solicitudot?271990152ff28351c1e6d70e0bfb579848f7efc099bff880023b4eefe138ceec413fdee7f8057f8320bcf1206dc8fa85245264c5bd9fba2847ca29c64162f83c,gx-no-cache=1521129591667 HTTP/1.1" 200 53
186.103.159.188 - - [15/Mar/2018:13:00:42 -0300] "POST /cormun/servlet/solicitudot?gx-no-cache=1521129592132 HTTP/1.1" 200 297
186.103.159.188 - - [15/Mar/2018:13:00:42 -0300] "GET /cormun/servlet/solicitudot?271990152ff28351c1e6d70e0bfb5798c23944c9ed5707d96908672d2aad9a29dda77b2b4903b90d1f2d1370e68fe276167b16f10bf8bf5d6de76c13d68d05852e2820f4a06122ed548cd524f0cc11762db2b5acee57b3ff1cc7ea64d86f28aa5a0d830e45c0c63549f1bfa11f480e46298ef182526bae8e2ab27b3c9e7cee081e78c63bda0536458df9343b597cd5763d639d4c06b4e044705cdde7071d9a628f5d2133c9888ce1edfaaa115d13e5091994b431f2c39c7ed35b85563a33d0ffc3b7bf4ec4b7d4b5265ef1e09359f0b10953769f52aa27839f20a9f479f50f95fff6224ad1ecc2d3339734a1d4a5e9448c6782a00d4f52184ffb4af68389f9aa6dd5ba0798b57ae3e821880c7fb8e8e94f44627e45a11bcf8b86598ddcdda92fda5effa49ab1e8df28c428dabca0189da4ff0ab8f8b1c81b1f3fde3e07e7b15eb241b5f5dcf597ceb6f1bb83ddf6c7a4c492925704c583644af288b3e6333318eaefb69d74e634416a0207ffca018b6a754cf9da4335f4f74aeb8293c3366e306d85492c4ac8411c556750f95441b5aa,gx-no-cache=1521129592247 HTTP/1.1" 200 30
186.67.203.186 - - [15/Mar/2018:13:00:44 -0300] "GET /cormun/servlet/solicitudot?d7d62d9031c1f3008a2b4ccc1ef76e49934d3374308192ec782f2154264cdebbacd4aaaab1b0e60b56acc371ad5d164d,gx-no-cache=1521129591231 HTTP/1.1" 200 30
186.67.203.186 - - [15/Mar/2018:13:00:44 -0300] "GET /cormun/servlet/solicitudot?d7d62d9031c1f3008a2b4ccc1ef76e49f822bc896ab4719b522702a07f359a7ec9950a11c82f56bcff414571d79b959a66ff00e77cbc5b5dcbb581805fbc8eed,gx-no-cache=1521129591359 HTTP/1.1" 200 30
186.67.203.186 - - [15/Mar/2018:13:00:44 -0300] "GET /cormun/servlet/solicitudot?d7d62d9031c1f3008a2b4ccc1ef76e49386aa36fb9691cf452d13105f38a8c8e,gx-no-cache=1521129591436 HTTP/1.1" 200 53
186.103.159.188 - - [15/Mar/2018:13:00:50 -0300] "POST /cormun/servlet/solicitudot?gx-no-cache=1521129600704 HTTP/1.1" 200 30
200.111.122.170 - - [15/Mar/2018:13:01:00 -0300] "POST /cormun/servlet/solicitudot?gx-no-cache=1521129606578 HTTP/1.1" 200 255
200.111.122.170 - - [15/Mar/2018:13:01:00 -0300] "GET /cormun/servlet/solicitudot?d7d62d9031c1f3008a2b4ccc1ef76e49311b5d7010ba55b8b1a0a1a8ecfdd5075fa813297230c3c18f0e9006bf220b933e6d81d0df0ca21537c779eb724ac31bfc5ea3b7dfe5f999b773358768666637540cc70e83b9190bfce0cab44f2622b1a2d92accbc2cc3a91996c51fa2caeadf756fb24f36a900f7875ffc1a95f8da1a2a1d9e12342e129b809a9e21e83ce6ac34c28125ebe24c36e770ac53ba80ac0ab9f04be7d4c3b668ad758f849824cdb0cdb587da602ef127f5013eda8841ebfe9327bc79677fe9bdfe8d26ae53d6ab973697fe5a5b8f4c4510bfdb83d45e0a479e44ac20fc8847c8a755c1b4cd327658ea26e2030e0e7a1ae403eb52b3e6a938dfae6b96d578da36ad684558aa0fd2f0b0feb4bffe444d47c3116f0154289bd6b553e63c9b4ecf300d7942f48532260ab4df7f0c89e33df5f203548a22c0218ffb2bbef5b304d7ec22efb0824f9bd2ebf1de5f3a862a080d15c70394da56b2a661a48d43c83b35efdefbbd8fe4ae9f0a2124dfc15eb20afa6b78b7494bd37c11,gx-no-cache=1521129607058 HTTP/1.1" 200 30
200.111.122.170 - - [15/Mar/2018:13:01:02 -0300] "POST /cormun/servlet/solicitudot?gx-no-cache=1521129609098 HTTP/1.1" 200 30
200.54.247.70 - - [15/Mar/2018:13:01:03 -0300] "GET /cormun/servlet/solicitudot?c85750c77510ff567c04a7dd8de3fa1580249d0380f0886d4a81d0bca4b104ab0f2d685f59334c8d55135fd2f92f54046ae1c9ace26e3a737cdb1e2a1cf37572c5914afab1f6ec2939239346c4d434f92e42addac5d4e40b2cecb3d72b5583217c905517d32b52b36408a6e0f39bb2a6,gx-no-cache=1521129613920 HTTP/1.1" 200 29
200.54.247.70 - - [15/Mar/2018:13:01:03 -0300] "POST /cormun/servlet/solicitudot?gx-no-cache=1521129614014 HTTP/1.1" 200 1318
200.54.247.70 - - [15/Mar/2018:13:01:03 -0300] "POST /cormun/servlet/solicitudot?gx-no-cache=1521129614134 HTTP/1.1" 200 1215
186.103.161.206 - - [15/Mar/2018:13:01:04 -0300] "POST /cormun/servlet/solicitudot?gx-no-cache=1521129611413 HTTP/1.1" 200 1337
186.103.161.206 - - [15/Mar/2018:13:01:04 -0300] "POST /cormun/servlet/solicitudot?gx-no-cache=1521129611743 HTTP/1.1" 200 38
190.161.236.41 - - [15/Mar/2018:13:01:16 -0300] "GET /cormun/servlet/prfichaempleado?,MD,,gxPopupLevel%3D0%3B HTTP/1.1" 200 9283
190.161.236.41 - - [15/Mar/2018:13:01:16 -0300] "GET /cormun/static/gxcfg.js?20177612134814 HTTP/1.1" 304 -
200.72.197.82 - - [15/Mar/2018:13:01:17 -0300] "GET /cormun/servlet/solicitudot?d7d62d9031c1f3008a2b4ccc1ef76e49aac0f2dfc156bcbcea479701557f55e39d30a132b4b15ee44345532349c0ae7785a8f9428011eaa5028c6ad8fbf793180d0338d6f739b06514cb1601219c2fb208856e0a7eec56bf8be0bccd9e937788bae08bca7f560fbe7961aa6edaf99c375cfbd2ef06270c9a7e9c27ce95e8d20c75401ef596c162f404db379c52e20aafa21834c36fad3ec36aad4a7adfa22839,gx-no-cache=1521129624538 HTTP/1.1" 200 29
200.72.197.82 - - [15/Mar/2018:13:01:17 -0300] "POST /cormun/servlet/solicitudot?gx-no-cache=1521129624657 HTTP/1.1" 200 1318
200.72.197.82 - - [15/Mar/2018:13:01:18 -0300] "POST /cormun/servlet/solicitudot?gx-no-cache=1521129624762 HTTP/1.1" 200 1218
200.72.197.82 - - [15/Mar/2018:13:01:18 -0300] "GET /cormun/static/menuarrow.gif HTTP/1.1" 404 1015
200.72.197.82 - - [15/Mar/2018:13:01:19 -0300] "POST /cormun/servlet/solicitudot?gx-no-cache=1521129626384 HTTP/1.1" 200 1318
200.72.197.82 - - [15/Mar/2018:13:01:19 -0300] "POST /cormun/servlet/solicitudot?gx-no-cache=1521129626545 HTTP/1.1" 200 1218
200.72.197.82 - - [15/Mar/2018:13:01:21 -0300] "GET /cormun/servlet/solicitudot?d7d62d9031c1f3008a2b4ccc1ef76e495e1bf22e26e22c3344e03bcd08005ef5b26d9f8bbfe93e6cb11192666f7ace67,gx-no-cache=1521129628056 HTTP/1.1" 200 30
200.72.197.82 - - [15/Mar/2018:13:01:28 -0300] "POST /cormun/servlet/solicitudot?gx-no-cache=1521129634720 HTTP/1.1" 200 30
190.161.236.41 - - [15/Mar/2018:13:01:33 -0300] "POST /cormun/servlet/prfichaempleado?623b581e70844721f62f7e50d0e239e9,,MD,,gxPopupLevel%3D0%3B,gx-no-cache=1521129643222 HTTP/1.1" 200 3417
200.72.197.82 - - [15/Mar/2018:13:01:36 -0300] "POST /cormun/servlet/solicitudot?2cd0c105ff20a9137b0a4911b5880c8d,INS,0,0,,gx-no-cache=1521129639190 HTTP/1.1" 200 93
200.72.197.82 - - [15/Mar/2018:13:01:36 -0300] "GET /cormun/servlet/hpexe_return? HTTP/1.1" 200 1002
200.72.197.82 - - [15/Mar/2018:13:01:37 -0300] "GET /cormun/servlet/trsolicitudot HTTP/1.1" 200 8971
200.72.197.82 - - [15/Mar/2018:13:01:37 -0300] "GET /cormun/servlet/trsolicitudot HTTP/1.1" 200 8967
200.72.197.82 - - [15/Mar/2018:13:01:40 -0300] "GET /cormun/servlet/solicitudot?INS,0,0, HTTP/1.1" 200 13528
200.72.197.82 - - [15/Mar/2018:13:01:41 -0300] "GET /cormun/servlet/solicitudot?INS,0,0, HTTP/1.1" 200 13533
190.161.236.41 - - [15/Mar/2018:13:01:46 -0300] "POST /cormun/servlet/solicitudot?gx-no-cache=1521129655999 HTTP/1.1" 200 1335
190.161.236.41 - - [15/Mar/2018:13:01:49 -0300] "GET /cormun/servlet/prlicenciaspermisos?15122782,L,,MD,,gxPopupLevel%3D0%3B HTTP/1.1" 200 6242
190.161.236.41 - - [15/Mar/2018:13:01:49 -0300] "GET /cormun/static/gxcfg.js?20176272053834 HTTP/1.1" 304 -
200.54.247.70 - - [15/Mar/2018:13:01:56 -0300] "GET /cormun/static/menuarrow.gif HTTP/1.1" 404 1015
190.161.236.41 - - [15/Mar/2018:13:01:59 -0300] "POST /cormun/servlet/solicitudot?gx-no-cache=1521129669188 HTTP/1.1" 200 41
200.54.247.70 - - [15/Mar/2018:13:02:01 -0300] "GET /cormun/servlet/solicitudot?c85750c77510ff567c04a7dd8de3fa15508c86663f0c0f85d069a2b6b6a7c878c949937cf511db280bb34ca1cef1a66d,gx-no-cache=1521129672434 HTTP/1.1" 200 30
200.54.247.70 - - [15/Mar/2018:13:02:11 -0300] "POST /cormun/servlet/solicitudot?gx-no-cache=1521129681895 HTTP/1.1" 200 30
186.103.132.155 - - [15/Mar/2018:13:02:21 -0300] "POST /cormun/servlet/solicitudot?gx-no-cache=1521129688066 HTTP/1.1" 200 3408
186.103.159.188 - - [15/Mar/2018:13:02:23 -0300] "GET /cormun/servlet/solicitudot?271990152ff28351c1e6d70e0bfb579894cfd94d1c35ce28408155cd6b25ec1ca8614abfc31f0b8f08e29fe4d075ffedc4ff57a229a44dae4646c35d058861f382b1ab8ddb8093dd4d8b8f09e202e1835c5872288b9989f11f9a1f932336c81c0b4e34efd5a67622bfba1e79b325cff6,gx-no-cache=1521129693317 HTTP/1.1" 200 29
186.103.159.188 - - [15/Mar/2018:13:02:23 -0300] "POST /cormun/servlet/solicitudot?gx-no-cache=1521129693426 HTTP/1.1" 200 1318
186.103.159.188 - - [15/Mar/2018:13:02:23 -0300] "POST /cormun/servlet/solicitudot?gx-no-cache=1521129693606 HTTP/1.1" 200 1218
186.103.132.155 - - [15/Mar/2018:13:02:23 -0300] "POST /cormun/servlet/solicitudot?2cd0c105ff20a9137b0a4911b5880c8d,INS,0,0,,gx-no-cache=1521129688553 HTTP/1.1" 200 10588
186.103.132.155 - - [15/Mar/2018:13:02:24 -0300] "GET /cormun/servlet/solicitudot?d7d62d9031c1f3008a2b4ccc1ef76e49d2485653776b061a650d7891ac185c60acd4aaaab1b0e60b56acc371ad5d164d,gx-no-cache=1521129690936 HTTP/1.1" 200 30
200.111.122.170 - - [15/Mar/2018:13:02:28 -0300] "GET /cormun/servlet/solicitudot?d7d62d9031c1f3008a2b4ccc1ef76e490f69deee349bafa405f854dd668ceddc293b505c9ef678f2d827aa4c21201029acd4aaaab1b0e60b56acc371ad5d164d,gx-no-cache=1521129695124 HTTP/1.1" 200 30
200.111.122.170 - - [15/Mar/2018:13:02:28 -0300] "GET /cormun/servlet/solicitudot?d7d62d9031c1f3008a2b4ccc1ef76e4965983889c4db2e2e92c0a5603dceb5a4,gx-no-cache=1521129695326 HTTP/1.1" 200 70
200.111.122.170 - - [15/Mar/2018:13:02:28 -0300] "POST /cormun/servlet/solicitudot?gx-no-cache=1521129695419 HTTP/1.1" 200 297
200.111.122.170 - - [15/Mar/2018:13:02:28 -0300] "GET /cormun/servlet/solicitudot?d7d62d9031c1f3008a2b4ccc1ef76e49311b5d7010ba55b8b1a0a1a8ecfdd5075e72ef06fb2ad1b6c5c2b18e2f3a33aa3e6d81d0df0ca21537c779eb724ac31bfc5ea3b7dfe5f999b773358768666637540cc70e83b9190bfce0cab44f2622b1a2d92accbc2cc3a91996c51fa2caeadf756fb24f36a900f7875ffc1a95f8da1a2a1d9e12342e129b809a9e21e83ce6ac34c28125ebe24c36e770ac53ba80ac0ab9f04be7d4c3b668ad758f849824cdb0cdb587da602ef127f5013eda8841ebfe9327bc79677fe9bdfe8d26ae53d6ab973697fe5a5b8f4c4510bfdb83d45e0a479e44ac20fc8847c8a755c1b4cd327658b80620356e3789ce9f448d77f5931b86dfae6b96d578da36ad684558aa0fd2f05d4aaf9081743388e9b90a1d3fc4b1e9bccbb1952b5ddbb3807df78f69beef31101a439984e90416b65c918a8ef22184f7858547bd619116c0494240fb37540a0285a1e1e672559a0f015b5c2240c354eac9c4f3ec41e118e25431f61c500e9d5398d2f5412db3dd3ddccf3e29e98a6646887a7e93319de71653241283f38e26,gx-no-cache=1521129695557 HTTP/1.1" 200 30
200.111.122.170 - - [15/Mar/2018:13:02:28 -0300] "POST /cormun/servlet/solicitudot?gx-no-cache=1521129695656 HTTP/1.1" 200 30
200.111.122.170 - - [15/Mar/2018:13:02:29 -0300] "POST /cormun/servlet/solicitudot?gx-no-cache=1521129696234 HTTP/1.1" 200 1337
200.111.122.170 - - [15/Mar/2018:13:02:29 -0300] "POST /cormun/servlet/solicitudot?gx-no-cache=1521129696354 HTTP/1.1" 200 38
200.111.122.170 - - [15/Mar/2018:13:02:32 -0300] "POST /cormun/servlet/solicitudot?gx-no-cache=1521129699026 HTTP/1.1" 200 30
186.67.203.186 - - [15/Mar/2018:13:02:35 -0300] "POST /cormun/servlet/solicitudot?gx-no-cache=1521129701649 HTTP/1.1" 200 1337
186.67.203.186 - - [15/Mar/2018:13:02:35 -0300] "POST /cormun/servlet/solicitudot?gx-no-cache=1521129701935 HTTP/1.1" 200 38
186.103.159.188 - - [15/Mar/2018:13:02:37 -0300] "GET /cormun/static/menuarrow.gif HTTP/1.1" 404 1015
186.103.159.188 - - [15/Mar/2018:13:02:44 -0300] "GET /cormun/servlet/solicitudot?271990152ff28351c1e6d70e0bfb5798988f1b39777eddc332476300b6c8430ca3d5414f350be24dfcc837320fb0e69e,gx-no-cache=1521129713979 HTTP/1.1" 200 30
186.103.159.188 - - [15/Mar/2018:13:02:44 -0300] "POST /cormun/servlet/solicitudot?gx-no-cache=1521129714060 HTTP/1.1" 200 34
200.54.247.70 - - [15/Mar/2018:13:02:51 -0300] "POST /cormun/servlet/solicitudot?1c2469dd7b44e3e43205b9baf03bfd86,INS,0,0,,gx-no-cache=1521129721803 HTTP/1.1" 200 93
200.54.247.70 - - [15/Mar/2018:13:02:51 -0300] "GET /cormun/servlet/hpexe_return? HTTP/1.1" 200 1003
200.111.122.170 - - [15/Mar/2018:13:02:51 -0300] "GET /cormun/servlet/solicitudot?d7d62d9031c1f3008a2b4ccc1ef76e49aac0f2dfc156bcbcea479701557f55e39d30a132b4b15ee44345532349c0ae7785a8f9428011eaa5028c6ad8fbf793180d0338d6f739b06514cb1601219c2fb296eef9f88fe0d0ba97003d5f7d89ec04949ffe11c6000fc5c061359085d8b316,gx-no-cache=1521129718323 HTTP/1.1" 200 29
200.54.247.70 - - [15/Mar/2018:13:02:51 -0300] "GET /cormun/servlet/trsolicitudot HTTP/1.1" 200 8823
200.111.122.170 - - [15/Mar/2018:13:02:51 -0300] "POST /cormun/servlet/solicitudot?gx-no-cache=1521129718532 HTTP/1.1" 200 1317
200.111.122.170 - - [15/Mar/2018:13:02:51 -0300] "POST /cormun/servlet/solicitudot?gx-no-cache=1521129718726 HTTP/1.1" 200 1217
200.111.122.170 - - [15/Mar/2018:13:02:52 -0300] "GET /cormun/static/menuarrow.gif HTTP/1.1" 404 1015
200.111.122.170 - - [15/Mar/2018:13:02:53 -0300] "POST /cormun/servlet/solicitudot?gx-no-cache=1521129720521 HTTP/1.1" 200 1317
200.111.122.170 - - [15/Mar/2018:13:02:53 -0300] "POST /cormun/servlet/solicitudot?gx-no-cache=1521129720610 HTTP/1.1" 200 1217
186.67.203.186 - - [15/Mar/2018:13:02:55 -0300] "GET /cormun/servlet/solicitudot?d7d62d9031c1f3008a2b4ccc1ef76e495e1bf22e26e22c3344e03bcd08005ef5b26d9f8bbfe93e6cb11192666f7ace67,gx-no-cache=1521129721849 HTTP/1.1" 200 30
200.54.247.70 - - [15/Mar/2018:13:02:55 -0300] "POST /cormun/servlet/trsolicitudot?1c2469dd7b44e3e43205b9baf03bfd86,gx-no-cache=1521129725933 HTTP/1.1" 200 107
200.54.247.70 - - [15/Mar/2018:13:02:55 -0300] "GET /cormun/servlet/trsolicitudadjuntos?2018,10518, HTTP/1.1" 200 6325
200.54.247.70 - - [15/Mar/2018:13:02:58 -0300] "GET /cormun/servlet/solicitudotadjuntos?INS,2018,10518,,1, HTTP/1.1" 200 6270
200.54.247.70 - - [15/Mar/2018:13:02:58 -0300] "HEAD /cormun/static/about:blank HTTP/1.1" 404 -
200.54.247.70 - - [15/Mar/2018:13:02:59 -0300] "GET /cormun/servlet/solicitudotadjuntos?c85750c77510ff567c04a7dd8de3fa15ed145df6bc03d1e9421039c32daa6429ecf88d1646936a75a46da0f74ea64faf,gx-no-cache=1521129730105 HTTP/1.1" 200 30
200.54.247.70 - - [15/Mar/2018:13:02:59 -0300] "POST /cormun/servlet/solicitudotadjuntos?1c2469dd7b44e3e43205b9baf03bfd86,INS,2018,10518,,1,,gx-no-cache=1521129730153 HTTP/1.1" 200 3973
186.67.203.186 - - [15/Mar/2018:13:03:01 -0300] "POST /cormun/servlet/solicitudot?gx-no-cache=1521129728119 HTTP/1.1" 200 30
200.54.247.70 - - [15/Mar/2018:13:03:03 -0300] "POST /cormun/servlet/solicitudotadjuntos?gx-no-cache=1521129734073 HTTP/1.1" 200 26
200.72.197.82 - - [15/Mar/2018:13:03:07 -0300] "POST /cormun/servlet/solicitudot?2cd0c105ff20a9137b0a4911b5880c8d,INS,0,0,,gx-no-cache=1521129733117 HTTP/1.1" 200 93
200.72.197.82 - - [15/Mar/2018:13:03:07 -0300] "GET /cormun/servlet/hpexe_return? HTTP/1.1" 200 1002
200.72.197.82 - - [15/Mar/2018:13:03:07 -0300] "GET /cormun/servlet/trsolicitudot HTTP/1.1" 200 9336
200.72.197.82 - - [15/Mar/2018:13:03:08 -0300] "GET /cormun/servlet/trsolicitudot HTTP/1.1" 200 9332
200.54.247.70 - - [15/Mar/2018:13:03:16 -0300] "GET /cormun/servlet/solicitudotadjuntos?c85750c77510ff567c04a7dd8de3fa151f605b2f84a124424ddf15ac30daafaf,gx-no-cache=1521129746888 HTTP/1.1" 200 30
200.54.247.70 - - [15/Mar/2018:13:03:16 -0300] "GET /cormun/servlet/solicitudotadjuntos?c85750c77510ff567c04a7dd8de3fa151f605b2f84a124424ddf15ac30daafaf,gx-no-cache=1521129746920 HTTP/1.1" 200 30
200.54.247.70 - - [15/Mar/2018:13:03:17 -0300] "POST /cormun/servlet/solicitudotadjuntos?1c2469dd7b44e3e43205b9baf03bfd86,INS,2018,10518,,1, HTTP/1.1" 200 116
200.54.247.70 - - [15/Mar/2018:13:03:17 -0300] "GET /cormun/servlet/hpexe_return? HTTP/1.1" 200 1021
200.54.247.70 - - [15/Mar/2018:13:03:17 -0300] "GET /cormun/servlet/trsolicitudadjuntos?2018,10518, HTTP/1.1" 200 8784
200.54.247.70 - - [15/Mar/2018:13:03:20 -0300] "GET /cormun/servlet/solicitudotadjuntos?INS,2018,10518,,1, HTTP/1.1" 200 6270
200.54.247.70 - - [15/Mar/2018:13:03:20 -0300] "HEAD /cormun/static/about:blank HTTP/1.1" 404 -
200.54.247.70 - - [15/Mar/2018:13:03:21 -0300] "GET /cormun/servlet/solicitudotadjuntos?c85750c77510ff567c04a7dd8de3fa15ed145df6bc03d1e9421039c32daa6429ecf88d1646936a75a46da0f74ea64faf,gx-no-cache=1521129752379 HTTP/1.1" 200 30
200.54.247.70 - - [15/Mar/2018:13:03:21 -0300] "POST /cormun/servlet/solicitudotadjuntos?1c2469dd7b44e3e43205b9baf03bfd86,INS,2018,10518,,1,,gx-no-cache=1521129752431 HTTP/1.1" 200 3973
190.161.236.41 - - [15/Mar/2018:13:03:22 -0300] "POST /cormun/servlet/solicitudot?623b581e70844721f62f7e50d0e239e9,INS,0,0,,gx-no-cache=1521129751851 HTTP/1.1" 200 93
190.161.236.41 - - [15/Mar/2018:13:03:22 -0300] "GET /cormun/servlet/hpexe_return? HTTP/1.1" 200 1006
190.161.236.41 - - [15/Mar/2018:13:03:22 -0300] "GET /cormun/servlet/trsolicitudot HTTP/1.1" 200 8569
190.161.236.41 - - [15/Mar/2018:13:03:23 -0300] "GET /cormun/servlet/trsolicitudot HTTP/1.1" 200 8565
200.54.247.70 - - [15/Mar/2018:13:03:25 -0300] "POST /cormun/servlet/solicitudotadjuntos?gx-no-cache=1521129756451 HTTP/1.1" 200 26
200.54.247.70 - - [15/Mar/2018:13:03:32 -0300] "GET /cormun/servlet/solicitudotadjuntos?c85750c77510ff567c04a7dd8de3fa151f605b2f84a124424ddf15ac30daafaf,gx-no-cache=1521129762994 HTTP/1.1" 200 30
200.54.247.70 - - [15/Mar/2018:13:03:32 -0300] "GET /cormun/servlet/solicitudotadjuntos?c85750c77510ff567c04a7dd8de3fa151f605b2f84a124424ddf15ac30daafaf,gx-no-cache=1521129763055 HTTP/1.1" 200 30
190.161.236.41 - - [15/Mar/2018:13:03:33 -0300] "POST /cormun/servlet/trsolicitudot?623b581e70844721f62f7e50d0e239e9,gx-no-cache=1521129763317 HTTP/1.1" 200 107
190.161.236.41 - - [15/Mar/2018:13:03:33 -0300] "GET /cormun/servlet/trsolicitudadjuntos?2018,10520, HTTP/1.1" 200 6046
190.161.236.41 - - [15/Mar/2018:13:03:33 -0300] "GET /cormun/static/gxcfg.js?20177612135366 HTTP/1.1" 304 -
200.72.197.82 - - [15/Mar/2018:13:03:34 -0300] "GET /cormun/servlet/solicitudot?INS,0,0, HTTP/1.1" 200 13528
190.161.236.41 - - [15/Mar/2018:13:03:34 -0300] "GET /cormun/servlet/trsolicitudadjuntos?2018,10520, HTTP/1.1" 200 6046
200.111.122.170 - - [15/Mar/2018:13:03:34 -0300] "GET /cormun/servlet/solicitudot?INS,0,0, HTTP/1.1" 200 13533
200.54.247.70 - - [15/Mar/2018:13:03:35 -0300] "POST /cormun/servlet/solicitudotadjuntos?1c2469dd7b44e3e43205b9baf03bfd86,INS,2018,10518,,1, HTTP/1.1" 200 116
200.54.247.70 - - [15/Mar/2018:13:03:35 -0300] "GET /cormun/servlet/hpexe_return? HTTP/1.1" 200 1021
200.54.247.70 - - [15/Mar/2018:13:03:35 -0300] "GET /cormun/servlet/trsolicitudadjuntos?2018,10518, HTTP/1.1" 200 9011
190.161.236.41 - - [15/Mar/2018:13:03:36 -0300] "GET /cormun/servlet/solicitudotadjuntos?INS,2018,10520,,1, HTTP/1.1" 200 5992
190.161.236.41 - - [15/Mar/2018:13:03:36 -0300] "GET /cormun/static/gxcfg.js?2017761244068 HTTP/1.1" 304 -
190.161.236.41 - - [15/Mar/2018:13:03:36 -0300] "GET /cormun/static/about:blank HTTP/1.1" 404 1011
186.103.159.188 - - [15/Mar/2018:13:03:36 -0300] "GET /cormun/servlet/solicitudotadjuntos?INS,2018,10520,,1, HTTP/1.1" 200 5984
186.103.159.188 - - [15/Mar/2018:13:03:37 -0300] "GET /cormun/servlet/solicitudotadjuntos?271990152ff28351c1e6d70e0bfb579810d1fb0075c443324a4d278bf1e9b8ca52cb53c138e5a5e635ca3fc9b8d37407,gx-no-cache=1521129766989 HTTP/1.1" 200 30
200.54.247.70 - - [15/Mar/2018:13:03:38 -0300] "GET /cormun/servlet/solicitudotadjuntos?INS,2018,10518,,1, HTTP/1.1" 200 6270
186.103.159.188 - - [15/Mar/2018:13:03:38 -0300] "POST /cormun/servlet/solicitudotadjuntos?623b581e70844721f62f7e50d0e239e9,INS,2018,10520,,1,,gx-no-cache=1521129767321 HTTP/1.1" 200 3793
200.54.247.70 - - [15/Mar/2018:13:03:38 -0300] "HEAD /cormun/static/about:blank HTTP/1.1" 404 -
200.54.247.70 - - [15/Mar/2018:13:03:39 -0300] "GET /cormun/servlet/solicitudotadjuntos?c85750c77510ff567c04a7dd8de3fa15ed145df6bc03d1e9421039c32daa6429ecf88d1646936a75a46da0f74ea64faf,gx-no-cache=1521129769885 HTTP/1.1" 200 30
200.54.247.70 - - [15/Mar/2018:13:03:39 -0300] "POST /cormun/servlet/solicitudotadjuntos?1c2469dd7b44e3e43205b9baf03bfd86,INS,2018,10518,,1,,gx-no-cache=1521129769937 HTTP/1.1" 200 3973
186.103.159.188 - - [15/Mar/2018:13:03:39 -0300] "POST /cormun/servlet/solicitudotadjuntos?gx-no-cache=1521129769797 HTTP/1.1" 200 26
200.54.247.70 - - [15/Mar/2018:13:03:42 -0300] "POST /cormun/servlet/solicitudotadjuntos?gx-no-cache=1521129773614 HTTP/1.1" 200 26
186.67.203.186 - - [15/Mar/2018:13:03:46 -0300] "POST /cormun/servlet/solicitudot?gx-no-cache=1521129772742 HTTP/1.1" 200 3430
186.67.203.186 - - [15/Mar/2018:13:03:46 -0300] "POST /cormun/servlet/solicitudot?2cd0c105ff20a9137b0a4911b5880c8d,INS,0,0,,gx-no-cache=1521129773088 HTTP/1.1" 200 10604
