186.103.159.46 - - [15/Mar/2018:13:43:39 -0300] "POST /cormun/servlet/solicitudot?gx-no-cache=1521132167416 HTTP/1.1" 200 30
186.103.156.24 - - [15/Mar/2018:13:43:40 -0300] "POST /cormun/servlet/trautorizarsolicitud?eacb1652fd16400e2161a052ddc4d8e5,,gx-no-cache=1521132170126 HTTP/1.1" 200 6712
186.103.156.24 - - [15/Mar/2018:13:43:49 -0300] "POST /cormun/servlet/trautorizarsolicitud?eacb1652fd16400e2161a052ddc4d8e5,,gx-no-cache=1521132179052 HTTP/1.1" 200 6712
186.103.156.24 - - [15/Mar/2018:13:43:55 -0300] "POST /cormun/servlet/trautorizarsolicitud?eacb1652fd16400e2161a052ddc4d8e5,,gx-no-cache=1521132184595 HTTP/1.1" 200 6712
186.103.159.46 - - [15/Mar/2018:13:44:01 -0300] "POST /cormun/servlet/solicitudot?gx-no-cache=1521132189388 HTTP/1.1" 200 1317
186.103.159.46 - - [15/Mar/2018:13:44:01 -0300] "POST /cormun/servlet/solicitudot?gx-no-cache=1521132189583 HTTP/1.1" 200 1217
186.103.159.46 - - [15/Mar/2018:13:44:01 -0300] "GET /cormun/servlet/solicitudot?28ec3b394979b564e50316102c79fedfa1f36e4f59e66e8d4f3271b996408f5fcbf93e21f5de041af52606507db74450,gx-no-cache=1521132189654 HTTP/1.1" 200 30
186.103.159.46 - - [15/Mar/2018:13:44:01 -0300] "POST /cormun/servlet/solicitudot?gx-no-cache=1521132189709 HTTP/1.1" 200 30
186.103.157.39 - - [15/Mar/2018:13:44:29 -0300] "GET /cormun/servlet/hlogin HTTP/1.1" 200 1724
186.103.157.39 - - [15/Mar/2018:13:44:29 -0300] "GET /cormun/servlet/hlogin HTTP/1.1" 200 1734
186.103.159.46 - - [15/Mar/2018:13:44:38 -0300] "POST /cormun/servlet/solicitudot?gx-no-cache=1521132226465 HTTP/1.1" 200 1336
186.103.159.46 - - [15/Mar/2018:13:44:38 -0300] "POST /cormun/servlet/solicitudot?gx-no-cache=1521132226643 HTTP/1.1" 200 41
186.103.159.46 - - [15/Mar/2018:13:44:38 -0300] "POST /cormun/servlet/solicitudot?gx-no-cache=1521132226737 HTTP/1.1" 200 1317
186.103.159.46 - - [15/Mar/2018:13:44:38 -0300] "POST /cormun/servlet/solicitudot?gx-no-cache=1521132226851 HTTP/1.1" 200 1217
186.103.159.46 - - [15/Mar/2018:13:44:39 -0300] "GET /cormun/servlet/solicitudot?28ec3b394979b564e50316102c79fedfa1f36e4f59e66e8d4f3271b996408f5fcbf93e21f5de041af52606507db74450,gx-no-cache=1521132226974 HTTP/1.1" 200 30
186.103.159.46 - - [15/Mar/2018:13:44:39 -0300] "POST /cormun/servlet/solicitudot?gx-no-cache=1521132227065 HTTP/1.1" 200 30
186.103.159.46 - - [15/Mar/2018:13:44:39 -0300] "POST /cormun/servlet/solicitudot?06c5b5fb1c43c9a7ea237cbf27b4c366,INS,0,0,,gx-no-cache=1521132227190 HTTP/1.1" 200 11804
186.103.159.46 - - [15/Mar/2018:13:44:40 -0300] "GET /cormun/static/Shared/jqueryui/images/ui-bg_highlight-soft_100_c6c2c8_1x100.png HTTP/1.1" 404 1117
186.103.159.46 - - [15/Mar/2018:13:44:40 -0300] "GET /cormun/static/Shared/jqueryui/images/ui-bg_flat_55_994d53_40x100.png HTTP/1.1" 404 1097
186.103.159.46 - - [15/Mar/2018:13:44:40 -0300] "GET /cormun/static/Shared/jqueryui/images/ui-icons_ebccce_256x240.png HTTP/1.1" 404 1089
186.103.159.46 - - [15/Mar/2018:13:44:40 -0300] "GET /cormun/static/Shared/jqueryui/images/ui-icons_82798d_256x240.png HTTP/1.1" 404 1089
186.103.157.39 - - [15/Mar/2018:13:44:49 -0300] "POST /cormun/servlet/hlogin?f0c0afc8773c6c4bbb9b884a8d4dd093,gx-no-cache=1521132239683 HTTP/1.1" 200 90
186.103.157.39 - - [15/Mar/2018:13:44:49 -0300] "GET /cormun/servlet/hpexe_link HTTP/1.1" 200 953
186.103.157.39 - - [15/Mar/2018:13:44:50 -0300] "GET /cormun/servlet/hhome HTTP/1.1" 200 3945
186.103.157.39 - - [15/Mar/2018:13:44:51 -0300] "GET /cormun/servlet/hhome HTTP/1.1" 200 3941
186.103.159.46 - - [15/Mar/2018:13:44:51 -0300] "POST /cormun/servlet/solicitudot?gx-no-cache=1521132239742 HTTP/1.1" 200 1336
186.103.159.46 - - [15/Mar/2018:13:44:51 -0300] "POST /cormun/servlet/solicitudot?gx-no-cache=1521132239918 HTTP/1.1" 200 41
186.103.159.46 - - [15/Mar/2018:13:44:52 -0300] "POST /cormun/servlet/solicitudot?gx-no-cache=1521132239990 HTTP/1.1" 200 1317
186.103.159.46 - - [15/Mar/2018:13:44:52 -0300] "POST /cormun/servlet/solicitudot?gx-no-cache=1521132240092 HTTP/1.1" 200 1217
186.103.159.46 - - [15/Mar/2018:13:44:52 -0300] "GET /cormun/servlet/solicitudot?28ec3b394979b564e50316102c79fedfa1f36e4f59e66e8d4f3271b996408f5fcbf93e21f5de041af52606507db74450,gx-no-cache=1521132240196 HTTP/1.1" 200 30
186.103.159.46 - - [15/Mar/2018:13:44:52 -0300] "POST /cormun/servlet/solicitudot?gx-no-cache=1521132240272 HTTP/1.1" 200 30
186.103.159.46 - - [15/Mar/2018:13:44:53 -0300] "POST /cormun/servlet/solicitudot?06c5b5fb1c43c9a7ea237cbf27b4c366,INS,0,0,,gx-no-cache=1521132240390 HTTP/1.1" 200 93
186.103.159.46 - - [15/Mar/2018:13:44:53 -0300] "GET /cormun/servlet/hpexe_return? HTTP/1.1" 200 1011
186.103.159.46 - - [15/Mar/2018:13:44:53 -0300] "GET /cormun/static/gxcfg.js?2016101716175148 HTTP/1.1" 200 953
186.103.159.46 - - [15/Mar/2018:13:44:53 -0300] "GET /cormun/static/hpexe_return.js?2016101716175153 HTTP/1.1" 200 1633
186.103.159.46 - - [15/Mar/2018:13:44:53 -0300] "GET /cormun/static/Resources/Spanish/PXTools.css?167811 HTTP/1.1" 200 89042
186.103.159.46 - - [15/Mar/2018:13:44:53 -0300] "GET /cormun/servlet/trsolicitudot HTTP/1.1" 200 8533
186.103.156.24 - - [15/Mar/2018:13:44:54 -0300] "GET /cormun/servlet/hlogin HTTP/1.1" 200 1720
186.103.159.46 - - [15/Mar/2018:13:44:54 -0300] "GET /cormun//static/Resources/PXToolsActionView.png HTTP/1.1" 200 2995
186.103.159.46 - - [15/Mar/2018:13:44:54 -0300] "GET /cormun//static/Resources/PXToolsGridUpdate.png HTTP/1.1" 200 2984
186.103.159.46 - - [15/Mar/2018:13:44:54 -0300] "GET /cormun//static/Resources/PXToolsGridDelete.png HTTP/1.1" 200 357
186.103.159.46 - - [15/Mar/2018:13:44:54 -0300] "GET /cormun/servlet/trsolicitudot HTTP/1.1" 200 8529
186.103.159.46 - - [15/Mar/2018:13:44:54 -0300] "GET /cormun//static/Resources/PXToolsRemoveAllAction.png HTTP/1.1" 200 3558
186.103.156.24 - - [15/Mar/2018:13:44:54 -0300] "GET /cormun/servlet/hlogin HTTP/1.1" 200 1730
186.103.156.24 - - [15/Mar/2018:13:44:55 -0300] "GET /favicon.ico HTTP/1.1" 200 21630
186.103.156.24 - - [15/Mar/2018:13:45:03 -0300] "POST /cormun/servlet/hlogin?2cfaf2f9318d7681b6f046dd82faf6fa,gx-no-cache=1521132254958 HTTP/1.1" 200 90
186.103.156.24 - - [15/Mar/2018:13:45:03 -0300] "GET /cormun/servlet/hpexe_link HTTP/1.1" 200 950
186.103.156.24 - - [15/Mar/2018:13:45:04 -0300] "GET /cormun/servlet/hhome HTTP/1.1" 200 4234
186.103.156.24 - - [15/Mar/2018:13:45:05 -0300] "GET /cormun/servlet/hhome HTTP/1.1" 200 4230
186.103.157.39 - - [15/Mar/2018:13:45:05 -0300] "GET /cormun/servlet/trsolicitudot? HTTP/1.1" 200 7157
186.103.157.39 - - [15/Mar/2018:13:45:06 -0300] "GET /cormun/servlet/trsolicitudot? HTTP/1.1" 200 7156
186.103.157.39 - - [15/Mar/2018:13:45:11 -0300] "GET /cormun/servlet/solicitudot?INS,0,0, HTTP/1.1" 200 13385
186.103.159.46 - - [15/Mar/2018:13:45:12 -0300] "GET /cormun/servlet/trautorizarsolicitud? HTTP/1.1" 200 7070
186.103.159.46 - - [15/Mar/2018:13:45:12 -0300] "GET /cormun/static/gxcfg.js?2017111423403364 HTTP/1.1" 200 953
186.103.157.39 - - [15/Mar/2018:13:45:12 -0300] "GET /cormun/servlet/solicitudot?INS,0,0, HTTP/1.1" 200 13390
186.103.159.46 - - [15/Mar/2018:13:45:12 -0300] "GET /cormun/static/trautorizarsolicitud.js?201711142340425 HTTP/1.1" 200 53910
186.103.159.46 - - [15/Mar/2018:13:45:13 -0300] "GET /cormun/servlet/trautorizarsolicitud? HTTP/1.1" 200 7071
186.103.159.46 - - [15/Mar/2018:13:45:14 -0300] "POST /cormun/servlet/acontrolpreferencessavestate?None,CA-JAR,true HTTP/1.1" 200 35
186.103.156.24 - - [15/Mar/2018:13:45:19 -0300] "GET /cormun/servlet/trsolicitudot? HTTP/1.1" 200 7447
186.103.156.24 - - [15/Mar/2018:13:45:19 -0300] "GET /cormun/static/gxcfg.js?2017111422585916 HTTP/1.1" 304 -
186.103.156.24 - - [15/Mar/2018:13:45:20 -0300] "GET /cormun/servlet/trsolicitudot? HTTP/1.1" 200 7447
186.103.159.46 - - [15/Mar/2018:13:45:23 -0300] "GET /cormun/servlet/trsolicitudot? HTTP/1.1" 200 8542
186.103.156.24 - - [15/Mar/2018:13:45:24 -0300] "GET /cormun/static/menuarrow.gif HTTP/1.1" 404 1015
186.103.159.46 - - [15/Mar/2018:13:45:25 -0300] "GET /cormun/servlet/trsolicitudot? HTTP/1.1" 200 8536
186.103.157.39 - - [15/Mar/2018:13:45:39 -0300] "POST /cormun/servlet/solicitudot?gx-no-cache=1521132289319 HTTP/1.1" 200 3284
186.103.157.39 - - [15/Mar/2018:13:45:39 -0300] "POST /cormun/servlet/solicitudot?f0c0afc8773c6c4bbb9b884a8d4dd093,INS,0,0,,gx-no-cache=1521132289724 HTTP/1.1" 200 10255
186.103.157.39 - - [15/Mar/2018:13:45:44 -0300] "GET /cormun/servlet/solicitudot?7179be7950894eac1854df31451a2376b0acc105047d87726288fd197bdbcf6b68be03630c35ac31e702b08c96366b9a,gx-no-cache=1521132294008 HTTP/1.1" 200 30
192.168.10.96 - - [15/Mar/2018:13:45:47 -0300] "GET /cormun/servlet/vesolicitudgral?2018,10374,,SolicitudOTAdjuntos HTTP/1.1" 200 11444
192.168.10.96 - - [15/Mar/2018:13:45:47 -0300] "GET /cormun/servlet/vesolicitudgral?2018,10374,,SolicitudOTAdjuntos HTTP/1.1" 200 11446
192.168.10.96 - - [15/Mar/2018:13:45:48 -0300] "POST /cormun/servlet/acontrolpreferencessavestate?None,DZAMUDIO,true HTTP/1.1" 200 35
186.103.156.24 - - [15/Mar/2018:13:45:51 -0300] "POST /cormun/servlet/trsolicitudot?2cfaf2f9318d7681b6f046dd82faf6fa,,gx-no-cache=1521132301426 HTTP/1.1" 200 6774
186.103.156.24 - - [15/Mar/2018:13:45:51 -0300] "GET /cormun//static/Resources/PXToolsActionView.png HTTP/1.1" 200 2995
186.103.156.24 - - [15/Mar/2018:13:45:51 -0300] "GET /cormun//static/Resources/PXToolsRemoveAllAction.png HTTP/1.1" 200 3558
192.168.10.96 - - [15/Mar/2018:13:45:54 -0300] "GET /cormun/servlet/trsolicitudgral? HTTP/1.1" 200 12233
192.168.10.96 - - [15/Mar/2018:13:45:54 -0300] "GET /cormun/servlet/trsolicitudgral? HTTP/1.1" 200 12226
186.103.159.46 - - [15/Mar/2018:13:46:07 -0300] "POST /cormun/servlet/trsolicitudot?06c5b5fb1c43c9a7ea237cbf27b4c366,,gx-no-cache=1521132315576 HTTP/1.1" 200 4482
186.103.159.46 - - [15/Mar/2018:13:46:07 -0300] "GET /cormun/static/Shared/jqueryui/images/ui-bg_highlight-soft_100_c6c2c8_1x100.png HTTP/1.1" 404 1117
186.103.159.46 - - [15/Mar/2018:13:46:07 -0300] "GET /cormun/static/Shared/jqueryui/images/ui-icons_82798d_256x240.png HTTP/1.1" 404 1089
186.103.159.46 - - [15/Mar/2018:13:46:07 -0300] "GET /cormun/static/Shared/jqueryui/images/ui-bg_flat_55_fafafa_40x100.png HTTP/1.1" 404 1097
186.103.159.46 - - [15/Mar/2018:13:46:08 -0300] "GET /cormun/static/Shared/jqueryui/images/ui-icons_8d78a5_256x240.png HTTP/1.1" 404 1089
186.103.159.46 - - [15/Mar/2018:13:46:08 -0300] "POST /cormun/servlet/trsolicitudot?06c5b5fb1c43c9a7ea237cbf27b4c366,,gx-no-cache=1521132315996 HTTP/1.1" 200 4260
192.168.10.96 - - [15/Mar/2018:13:46:08 -0300] "POST /cormun/servlet/trsolicitudgral?d1ca069d3720fc1151a1637e73279952,,gx-no-cache=1521132204286 HTTP/1.1" 200 5944
192.168.10.96 - - [15/Mar/2018:13:46:12 -0300] "POST /cormun/servlet/trsolicitudgral?d1ca069d3720fc1151a1637e73279952,,gx-no-cache=1521132208082 HTTP/1.1" 200 5945
192.168.10.96 - - [15/Mar/2018:13:46:12 -0300] "POST /cormun/servlet/trsolicitudgral?d1ca069d3720fc1151a1637e73279952,,gx-no-cache=1521132208261 HTTP/1.1" 200 5945
192.168.10.96 - - [15/Mar/2018:13:46:12 -0300] "POST /cormun/servlet/trsolicitudgral?d1ca069d3720fc1151a1637e73279952,,gx-no-cache=1521132208436 HTTP/1.1" 200 5944
192.168.10.96 - - [15/Mar/2018:13:46:12 -0300] "POST /cormun/servlet/trsolicitudgral?d1ca069d3720fc1151a1637e73279952,,gx-no-cache=1521132208626 HTTP/1.1" 200 5945
186.103.156.24 - - [15/Mar/2018:13:46:14 -0300] "POST /cormun/servlet/trsolicitudot?2cfaf2f9318d7681b6f046dd82faf6fa,,gx-no-cache=1521132324951 HTTP/1.1" 200 6774
186.103.156.24 - - [15/Mar/2018:13:46:16 -0300] "GET /cormun/servlet/vesolicitudot?2018,10397,, HTTP/1.1" 200 8601
186.103.156.24 - - [15/Mar/2018:13:46:16 -0300] "GET /cormun/static/gxcfg.js?2017111422591385 HTTP/1.1" 200 953
186.103.156.24 - - [15/Mar/2018:13:46:16 -0300] "GET /cormun/pexe_scrolldiv.js HTTP/1.1" 404 1009
186.103.156.24 - - [15/Mar/2018:13:46:16 -0300] "GET /cormun/static/vesolicitudot.js?2017111422591449 HTTP/1.1" 200 6091
186.103.156.24 - - [15/Mar/2018:13:46:16 -0300] "GET /cormun/static/hpexe_tabsview.js?201610171694228 HTTP/1.1" 200 1661
186.103.156.24 - - [15/Mar/2018:13:46:16 -0300] "GET /cormun/static/hwcviewtabs.js?20177611594913 HTTP/1.1" 200 1074
186.103.156.24 - - [15/Mar/2018:13:46:16 -0300] "GET /cormun/pexe_scrolldiv.js HTTP/1.1" 404 1009
186.103.156.24 - - [15/Mar/2018:13:46:16 -0300] "GET /cormun/static/Resources/PXToolsTabLastUnselected.png HTTP/1.1" 200 1291
186.103.156.24 - - [15/Mar/2018:13:46:16 -0300] "GET /cormun/static/Resources/PXToolsTabFirstSelected.png HTTP/1.1" 200 1259
186.103.156.24 - - [15/Mar/2018:13:46:16 -0300] "GET /cormun/static/Resources/PXToolsTabPrevious.gif HTTP/1.1" 200 172
186.103.156.24 - - [15/Mar/2018:13:46:16 -0300] "GET /cormun/static/tbsolicitudot01.js?2017111422581186 HTTP/1.1" 200 30566
186.103.156.24 - - [15/Mar/2018:13:46:16 -0300] "GET /cormun/static/calendar-system.css HTTP/1.1" 200 5572
186.103.156.24 - - [15/Mar/2018:13:46:16 -0300] "GET /cormun/static/Resources/PXToolsTabBackSelected.png HTTP/1.1" 200 1157
186.103.156.24 - - [15/Mar/2018:13:46:16 -0300] "GET /cormun/static/Resources/PXToolsTabBackUnselected.png HTTP/1.1" 200 1175
186.103.156.24 - - [15/Mar/2018:13:46:16 -0300] "GET /cormun/static/Resources/PXToolsTabSelectedUnselected.png HTTP/1.1" 200 1428
186.103.156.24 - - [15/Mar/2018:13:46:16 -0300] "GET /cormun/static/Resources/PXToolsTabUnselectedUnselected.png HTTP/1.1" 200 1459
186.103.156.24 - - [15/Mar/2018:13:46:16 -0300] "GET /cormun/static/Resources/PXToolsTabNext.gif HTTP/1.1" 200 168
186.103.156.24 - - [15/Mar/2018:13:46:16 -0300] "GET /cormun/servlet/vesolicitudot?2018,10397,, HTTP/1.1" 200 8601
192.168.10.96 - - [15/Mar/2018:13:46:19 -0300] "POST /cormun/servlet/trsolicitudgral?d1ca069d3720fc1151a1637e73279952,,gx-no-cache=1521132214971 HTTP/1.1" 200 5953
192.168.10.96 - - [15/Mar/2018:13:46:19 -0300] "POST /cormun/servlet/trsolicitudgral?d1ca069d3720fc1151a1637e73279952,,gx-no-cache=1521132215570 HTTP/1.1" 200 5953
192.168.10.96 - - [15/Mar/2018:13:46:34 -0300] "POST /cormun/servlet/trsolicitudgral?d1ca069d3720fc1151a1637e73279952,,gx-no-cache=1521132230307 HTTP/1.1" 200 12168
192.168.10.96 - - [15/Mar/2018:13:47:12 -0300] "POST /cormun/servlet/trsolicitudgral?d1ca069d3720fc1151a1637e73279952,,gx-no-cache=1521132268293 HTTP/1.1" 200 116
192.168.10.96 - - [15/Mar/2018:13:47:12 -0300] "GET /cormun/servlet/solicitudotlog?INS,2018,10397,0,REC, HTTP/1.1" 200 6506
192.168.10.96 - - [15/Mar/2018:13:47:12 -0300] "GET /cormun/static/gxcfg.js?2017761245646 HTTP/1.1" 304 -
192.168.10.96 - - [15/Mar/2018:13:47:13 -0300] "GET /cormun/servlet/solicitudotlog?INS,2018,10397,0,REC, HTTP/1.1" 200 6506
192.168.10.96 - - [15/Mar/2018:13:47:13 -0300] "GET /cormun/servlet/solicitudotlog?498b95cd81502df9c267bd4983ba4308481e5c824ca622a599c9a5fb7930b8c16469a9a6429a1b3480c7967731441de62901930ce54d59defd23109f087d8e075f0bace3e7d29030a9e5f623e4177df160a514af9839976d4f3dae12809ba57fe458c3c59a876183a8651f89e8c7c50e15ff086cb0771e58c12f2f0aade5a205b4f82d796937d81efcad01059ea67aa2227f5b33e7aebbc2dff368755598c96a,gx-no-cache=1521132269314 HTTP/1.1" 200 94
192.168.10.96 - - [15/Mar/2018:13:47:24 -0300] "POST /cormun/servlet/solicitudotlog?d1ca069d3720fc1151a1637e73279952,INS,2018,10397,0,REC,,gx-no-cache=1521132279845 HTTP/1.1" 200 93
192.168.10.96 - - [15/Mar/2018:13:47:24 -0300] "GET /cormun/servlet/hpexe_return? HTTP/1.1" 200 1025
192.168.10.96 - - [15/Mar/2018:13:47:24 -0300] "GET /cormun/servlet/trsolicitudgral? HTTP/1.1" 200 15082
192.168.10.96 - - [15/Mar/2018:13:47:25 -0300] "GET /cormun/servlet/trsolicitudgral? HTTP/1.1" 200 15077
192.168.10.96 - - [15/Mar/2018:13:47:28 -0300] "GET /cormun/servlet/trsolicitudgral? HTTP/1.1" 200 15077
192.168.10.96 - - [15/Mar/2018:13:47:28 -0300] "GET /cormun/servlet/trsolicitudgral? HTTP/1.1" 200 15077
192.168.10.97 - - [15/Mar/2018:13:48:00 -0300] "GET /cormun/servlet/hlogin HTTP/1.1" 200 1726
192.168.10.97 - - [15/Mar/2018:13:48:02 -0300] "POST /cormun/servlet/hlogin?5cd510895364d93b725a37e265dff387,gx-no-cache=1521132436465 HTTP/1.1" 200 90
192.168.10.97 - - [15/Mar/2018:13:48:02 -0300] "GET /cormun/servlet/hpexe_link HTTP/1.1" 200 962
192.168.10.97 - - [15/Mar/2018:13:48:02 -0300] "GET /cormun/servlet/trsolicitudcuenta HTTP/1.1" 200 18560
192.168.10.97 - - [15/Mar/2018:13:48:02 -0300] "GET /cormun/servlet/trsolicitudcuenta HTTP/1.1" 200 18558
186.103.156.24 - - [15/Mar/2018:13:48:05 -0300] "POST /cormun/servlet/trautorizarsolicitud?eacb1652fd16400e2161a052ddc4d8e5,,gx-no-cache=1521132435096 HTTP/1.1" 200 90
186.103.156.24 - - [15/Mar/2018:13:48:05 -0300] "GET /cormun/servlet/hpexe_link HTTP/1.1" 200 987
186.103.156.24 - - [15/Mar/2018:13:48:06 -0300] "GET /cormun/servlet/vesolicitudot?2018,10397,,SolicitudOTAdjuntos HTTP/1.1" 200 11164
186.103.156.24 - - [15/Mar/2018:13:48:07 -0300] "GET /cormun/pexe_scrolldiv.js HTTP/1.1" 404 1009
186.103.156.24 - - [15/Mar/2018:13:48:07 -0300] "GET /cormun/pexe_scrolldiv.js HTTP/1.1" 404 1009
186.103.156.24 - - [15/Mar/2018:13:48:07 -0300] "GET /cormun/servlet/vesolicitudot?2018,10397,,SolicitudOTAdjuntos HTTP/1.1" 200 11171
186.103.156.24 - - [15/Mar/2018:13:48:08 -0300] "POST /cormun/servlet/acontrolpreferencessavestate?None,GALVAREZ,true HTTP/1.1" 200 35
186.103.157.39 - - [15/Mar/2018:13:48:08 -0300] "GET /cormun/servlet/solicitudot?7179be7950894eac1854df31451a23768ba994e7b216768db6db02c9a5ded5a5,gx-no-cache=1521132438463 HTTP/1.1" 200 94
186.103.157.39 - - [15/Mar/2018:13:48:08 -0300] "GET /cormun/static/Shared/jqueryui/images/ui-icons_ebccce_256x240.png HTTP/1.1" 404 1089
186.103.157.39 - - [15/Mar/2018:13:48:08 -0300] "GET /cormun/static/Shared/jqueryui/images/ui-icons_82798d_256x240.png HTTP/1.1" 404 1089
186.103.157.39 - - [15/Mar/2018:13:48:08 -0300] "GET /cormun/static/Shared/jqueryui/images/ui-bg_highlight-soft_100_c6c2c8_1x100.png HTTP/1.1" 404 1117
186.103.157.39 - - [15/Mar/2018:13:48:08 -0300] "GET /cormun/static/Shared/jqueryui/images/ui-bg_flat_55_994d53_40x100.png HTTP/1.1" 404 1097
192.168.10.97 - - [15/Mar/2018:13:48:17 -0300] "GET /cormun/servlet/trsolicitudgral? HTTP/1.1" 200 9075
186.103.156.24 - - [15/Mar/2018:13:48:17 -0300] "POST /cormun/servlet/vesolicitudot?eacb1652fd16400e2161a052ddc4d8e5,2018,10397,,SolicitudOTAdjuntos,gx-no-cache=1521132447596 HTTP/1.1" 200 90
186.103.156.24 - - [15/Mar/2018:13:48:17 -0300] "GET /cormun/servlet/hpexe_link HTTP/1.1" 200 979
192.168.10.97 - - [15/Mar/2018:13:48:18 -0300] "GET /cormun/servlet/trsolicitudgral? HTTP/1.1" 200 9074
186.103.156.24 - - [15/Mar/2018:13:48:18 -0300] "GET /cormun/servlet/trsolicitudot? HTTP/1.1" 200 9315
186.103.156.24 - - [15/Mar/2018:13:48:18 -0300] "GET /cormun/servlet/trsolicitudot? HTTP/1.1" 200 9314
186.103.156.24 - - [15/Mar/2018:13:48:24 -0300] "POST /cormun/servlet/trsolicitudot?eacb1652fd16400e2161a052ddc4d8e5,,gx-no-cache=1521132453441 HTTP/1.1" 200 6336
192.168.10.97 - - [15/Mar/2018:13:48:24 -0300] "POST /cormun/servlet/trsolicitudgral?5cd510895364d93b725a37e265dff387,,gx-no-cache=1521132458893 HTTP/1.1" 200 5933
186.103.156.24 - - [15/Mar/2018:13:48:29 -0300] "POST /cormun/servlet/trsolicitudot?eacb1652fd16400e2161a052ddc4d8e5,,gx-no-cache=1521132456631 HTTP/1.1" 200 6336
192.168.10.97 - - [15/Mar/2018:13:48:33 -0300] "POST /cormun/servlet/trsolicitudgral?5cd510895364d93b725a37e265dff387,,gx-no-cache=1521132467728 HTTP/1.1" 200 7362
186.103.156.24 - - [15/Mar/2018:13:48:34 -0300] "GET /cormun/servlet/trautorizarsolicitud? HTTP/1.1" 200 9209
186.103.156.24 - - [15/Mar/2018:13:48:35 -0300] "GET /cormun/servlet/trautorizarsolicitud? HTTP/1.1" 200 9209
186.103.156.24 - - [15/Mar/2018:13:48:39 -0300] "POST /cormun/servlet/trautorizarsolicitud?eacb1652fd16400e2161a052ddc4d8e5,,gx-no-cache=1521132469051 HTTP/1.1" 200 6303
186.103.156.24 - - [15/Mar/2018:13:48:39 -0300] "GET /cormun/static/Shared/jqueryui/images/ui-bg_highlight-soft_100_c6c2c8_1x100.png HTTP/1.1" 404 1117
186.103.156.24 - - [15/Mar/2018:13:48:40 -0300] "GET /cormun/static/Shared/jqueryui/images/ui-bg_flat_55_fafafa_40x100.png HTTP/1.1" 404 1097
186.103.156.24 - - [15/Mar/2018:13:48:40 -0300] "GET /cormun/static/Shared/jqueryui/images/ui-icons_8d78a5_256x240.png HTTP/1.1" 404 1089
186.103.156.24 - - [15/Mar/2018:13:48:40 -0300] "GET /cormun/static/Shared/jqueryui/images/ui-icons_82798d_256x240.png HTTP/1.1" 404 1089
186.103.156.24 - - [15/Mar/2018:13:48:45 -0300] "POST /cormun/servlet/trautorizarsolicitud?eacb1652fd16400e2161a052ddc4d8e5,,gx-no-cache=1521132475040 HTTP/1.1" 200 6303
186.103.156.24 - - [15/Mar/2018:13:48:50 -0300] "GET /cormun/servlet/veautorizarsolicitud?2018,10143,, HTTP/1.1" 200 8619
186.103.156.24 - - [15/Mar/2018:13:48:50 -0300] "GET /cormun/pexe_scrolldiv.js HTTP/1.1" 404 1009
186.103.156.24 - - [15/Mar/2018:13:48:50 -0300] "GET /cormun/pexe_scrolldiv.js HTTP/1.1" 404 1009
186.103.156.24 - - [15/Mar/2018:13:48:51 -0300] "GET /cormun/servlet/veautorizarsolicitud?2018,10143,, HTTP/1.1" 200 8618
186.103.156.24 - - [15/Mar/2018:13:49:03 -0300] "POST /cormun/servlet/veautorizarsolicitud?eacb1652fd16400e2161a052ddc4d8e5,2018,10143,,,gx-no-cache=1521132493350 HTTP/1.1" 200 93
186.103.156.24 - - [15/Mar/2018:13:49:03 -0300] "GET /cormun/servlet/hpexe_return? HTTP/1.1" 200 1019
186.103.156.24 - - [15/Mar/2018:13:49:04 -0300] "GET /cormun/servlet/trautorizarsolicitud? HTTP/1.1" 200 9212
186.103.156.24 - - [15/Mar/2018:13:49:04 -0300] "GET /cormun/servlet/trautorizarsolicitud? HTTP/1.1" 200 9209
186.103.156.24 - - [15/Mar/2018:13:49:09 -0300] "GET /cormun/servlet/veautorizarsolicitud?2018,10474,, HTTP/1.1" 200 8679
186.103.156.24 - - [15/Mar/2018:13:49:09 -0300] "GET /cormun/pexe_scrolldiv.js HTTP/1.1" 404 1009
186.103.156.24 - - [15/Mar/2018:13:49:09 -0300] "GET /cormun/pexe_scrolldiv.js HTTP/1.1" 404 1009
186.103.156.24 - - [15/Mar/2018:13:49:10 -0300] "GET /cormun/servlet/veautorizarsolicitud?2018,10474,, HTTP/1.1" 200 8678
186.103.156.24 - - [15/Mar/2018:13:49:19 -0300] "POST /cormun/servlet/veautorizarsolicitud?eacb1652fd16400e2161a052ddc4d8e5,2018,10474,,,gx-no-cache=1521132509418 HTTP/1.1" 200 93
186.103.156.24 - - [15/Mar/2018:13:49:19 -0300] "GET /cormun/servlet/hpexe_return? HTTP/1.1" 200 1018
186.103.156.24 - - [15/Mar/2018:13:49:20 -0300] "GET /cormun/servlet/trautorizarsolicitud HTTP/1.1" 200 9212
186.103.156.24 - - [15/Mar/2018:13:49:20 -0300] "GET /cormun/servlet/trautorizarsolicitud HTTP/1.1" 200 9209
186.103.156.24 - - [15/Mar/2018:13:49:24 -0300] "POST /cormun/servlet/trautorizarsolicitud?eacb1652fd16400e2161a052ddc4d8e5,gx-no-cache=1521132513223 HTTP/1.1" 200 6301
186.103.156.24 - - [15/Mar/2018:13:49:24 -0300] "GET /cormun/static/Shared/jqueryui/images/ui-bg_highlight-soft_100_c6c2c8_1x100.png HTTP/1.1" 404 1117
186.103.156.24 - - [15/Mar/2018:13:49:24 -0300] "GET /cormun/static/Shared/jqueryui/images/ui-icons_8d78a5_256x240.png HTTP/1.1" 404 1089
186.103.156.24 - - [15/Mar/2018:13:49:24 -0300] "GET /cormun/static/Shared/jqueryui/images/ui-icons_82798d_256x240.png HTTP/1.1" 404 1089
186.103.156.24 - - [15/Mar/2018:13:49:24 -0300] "GET /cormun/static/Shared/jqueryui/images/ui-bg_flat_55_fafafa_40x100.png HTTP/1.1" 404 1097
186.103.156.24 - - [15/Mar/2018:13:49:31 -0300] "POST /cormun/servlet/trautorizarsolicitud?eacb1652fd16400e2161a052ddc4d8e5,gx-no-cache=1521132520816 HTTP/1.1" 200 6302
186.103.156.24 - - [15/Mar/2018:13:49:42 -0300] "POST /cormun/servlet/trautorizarsolicitud?eacb1652fd16400e2161a052ddc4d8e5,gx-no-cache=1521132532529 HTTP/1.1" 200 6301
186.103.156.24 - - [15/Mar/2018:13:49:49 -0300] "POST /cormun/servlet/trautorizarsolicitud?eacb1652fd16400e2161a052ddc4d8e5,gx-no-cache=1521132538271 HTTP/1.1" 200 6303
186.103.156.24 - - [15/Mar/2018:13:49:56 -0300] "POST /cormun/servlet/trautorizarsolicitud?eacb1652fd16400e2161a052ddc4d8e5,gx-no-cache=1521132545789 HTTP/1.1" 200 6303
186.103.157.39 - - [15/Mar/2018:13:49:57 -0300] "GET /cormun/servlet/prbanco?,MD,,gxPopupLevel%3D0%3B HTTP/1.1" 200 6574
186.103.156.24 - - [15/Mar/2018:13:49:58 -0300] "POST /cormun/servlet/trautorizarsolicitud?eacb1652fd16400e2161a052ddc4d8e5,gx-no-cache=1521132547816 HTTP/1.1" 200 6303
186.103.156.24 - - [15/Mar/2018:13:50:03 -0300] "GET /cormun/servlet/trvisualizadoreventos? HTTP/1.1" 200 6989
186.103.156.24 - - [15/Mar/2018:13:50:03 -0300] "GET /cormun/static/gxcfg.js?20175251251426 HTTP/1.1" 200 953
186.103.156.24 - - [15/Mar/2018:13:50:03 -0300] "GET /cormun/static/trvisualizadoreventos.js?20175251251768 HTTP/1.1" 200 19318
186.103.156.24 - - [15/Mar/2018:13:50:03 -0300] "GET /cormun/static/Resources/PXToolsActionPrint.png HTTP/1.1" 200 3317
186.103.156.24 - - [15/Mar/2018:13:50:04 -0300] "GET /cormun/servlet/trvisualizadoreventos? HTTP/1.1" 200 6989
186.103.156.24 - - [15/Mar/2018:13:50:06 -0300] "POST /cormun/servlet/trvisualizadoreventos?eacb1652fd16400e2161a052ddc4d8e5,,gx-no-cache=1521132556546 HTTP/1.1" 200 111
186.103.156.24 - - [15/Mar/2018:13:50:06 -0300] "POST /cormun/servlet/trvisualizadoreventos?eacb1652fd16400e2161a052ddc4d8e5,,gx-no-cache=1521132556682 HTTP/1.1" 200 4106
186.103.156.24 - - [15/Mar/2018:13:50:06 -0300] "GET /cormun/VisualizadorEventos-5028.xls HTTP/1.1" 200 4096
186.103.157.39 - - [15/Mar/2018:13:50:10 -0300] "GET /cormun/servlet/solicitudot?7179be7950894eac1854df31451a23767b1aa88df78c59d754cd928e8573e32c,gx-no-cache=1521132560088 HTTP/1.1" 200 45
186.103.156.24 - - [15/Mar/2018:13:50:22 -0300] "GET /cormun/servlet/trsolicitudot? HTTP/1.1" 200 9315
186.103.156.24 - - [15/Mar/2018:13:50:23 -0300] "GET /cormun/servlet/trsolicitudot? HTTP/1.1" 200 9314
186.103.157.39 - - [15/Mar/2018:13:50:26 -0300] "POST /cormun/servlet/solicitudot?f0c0afc8773c6c4bbb9b884a8d4dd093,INS,0,0,,gx-no-cache=1521132576535 HTTP/1.1" 200 10440
186.103.157.39 - - [15/Mar/2018:13:50:27 -0300] "GET /cormun/static/Shared/jqueryui/images/ui-bg_flat_55_fafafa_40x100.png HTTP/1.1" 404 1097
186.103.157.39 - - [15/Mar/2018:13:50:27 -0300] "GET /cormun/static/Shared/jqueryui/images/ui-icons_8d78a5_256x240.png HTTP/1.1" 404 1089
186.103.157.39 - - [15/Mar/2018:13:50:29 -0300] "GET /cormun/servlet/solicitudot?7179be7950894eac1854df31451a23768ba994e7b216768db6db02c9a5ded5a5,gx-no-cache=1521132579836 HTTP/1.1" 200 94
186.103.157.39 - - [15/Mar/2018:13:50:30 -0300] "GET /cormun/servlet/solicitudot?7179be7950894eac1854df31451a2376b13306f1ae48ed7017ff44451b95415a74df4a7afda174a8340cd21a97b14c34,gx-no-cache=1521132579976 HTTP/1.1" 200 45
186.103.157.39 - - [15/Mar/2018:13:50:32 -0300] "POST /cormun/servlet/solicitudot?gx-no-cache=1521132581771 HTTP/1.1" 200 255
186.103.156.24 - - [15/Mar/2018:13:50:35 -0300] "POST /cormun/servlet/trsolicitudot?eacb1652fd16400e2161a052ddc4d8e5,,gx-no-cache=1521132584529 HTTP/1.1" 200 4478
186.103.157.39 - - [15/Mar/2018:13:50:35 -0300] "GET /cormun/servlet/solicitudot?7179be7950894eac1854df31451a237631150f24dc9a4e9fc928adfe6a0a860a47c7a70124856fc997a6c2cdddca9a882a3cc5bc98c34b4c3b95bac83af3b7b3caf93b1e5eb92a99215745e6a8326464ef59c681f4aa2cb67f4c7ce5b94e5d381a48b45c008e45973556ad189a6d0565599c0bcb26946671069f148b855338fbef0d63154421ae044c0b010b4e0e22d49813b24f8f9b3de631601d2be9f1b37f588d2db83cea143ea306dbdeae5bea29463ebb7face04ae176bcc5312703b3d03d96bae46fddfda35a81794da93119b1e0cd2ef8e4e8372e42eea4a8e2833afd0417f3b71fc80d5492b8193727f9f6c72f4221b63912e1ac6d5ccb01583490fa68dcae6698ef25f8709b9104d8fc76907686d9ca248cbfecd537cd407695e1cddfcd76a7e39e9d0f6345ac61a425e60406f6d908623558c66844551ad014c1faafca3406d5c357639a73a27ece935dbd1fd748391aa0f67a266a10880a15a21bc22795effa670c61fc520a869200696da8a73a2621b82f81eb5227580b8f4715,gx-no-cache=1521132585101 HTTP/1.1" 200 30
186.103.156.24 - - [15/Mar/2018:13:50:39 -0300] "POST /cormun/servlet/trsolicitudot?eacb1652fd16400e2161a052ddc4d8e5,,gx-no-cache=1521132589155 HTTP/1.1" 200 4478
186.103.157.39 - - [15/Mar/2018:13:50:40 -0300] "POST /cormun/servlet/solicitudot?gx-no-cache=1521132589947 HTTP/1.1" 200 30
186.103.157.39 - - [15/Mar/2018:13:50:42 -0300] "POST /cormun/servlet/solicitudot?gx-no-cache=1521132592222 HTTP/1.1" 200 1333
186.103.157.39 - - [15/Mar/2018:13:50:42 -0300] "POST /cormun/servlet/solicitudot?gx-no-cache=1521132592888 HTTP/1.1" 200 38
186.103.156.24 - - [15/Mar/2018:13:50:45 -0300] "POST /cormun/servlet/trsolicitudot?eacb1652fd16400e2161a052ddc4d8e5,,gx-no-cache=1521132594308 HTTP/1.1" 200 6365
186.103.156.24 - - [15/Mar/2018:13:50:49 -0300] "POST /cormun/servlet/trsolicitudot?eacb1652fd16400e2161a052ddc4d8e5,,gx-no-cache=1521132598464 HTTP/1.1" 200 6343
186.103.156.24 - - [15/Mar/2018:13:50:51 -0300] "POST /cormun/servlet/trsolicitudot?eacb1652fd16400e2161a052ddc4d8e5,,gx-no-cache=1521132601143 HTTP/1.1" 200 6344
186.103.156.24 - - [15/Mar/2018:13:50:56 -0300] "POST /cormun/servlet/trsolicitudot?eacb1652fd16400e2161a052ddc4d8e5,,gx-no-cache=1521132605373 HTTP/1.1" 200 6366
186.79.60.25 - - [15/Mar/2018:13:51:23 -0300] "GET /cormun/servlet/hlogin HTTP/1.1" 200 1715
186.79.60.25 - - [15/Mar/2018:13:51:25 -0300] "POST /cormun/servlet/hlogin?08608ba3022a178d514ed9ead8fa2600,gx-no-cache=1521132637806 HTTP/1.1" 200 90
186.79.60.25 - - [15/Mar/2018:13:51:25 -0300] "GET /cormun/servlet/hpexe_link HTTP/1.1" 200 947
186.79.60.25 - - [15/Mar/2018:13:51:26 -0300] "GET /cormun/servlet/hhome HTTP/1.1" 200 3928
186.79.60.25 - - [15/Mar/2018:13:51:27 -0300] "GET /cormun/servlet/hhome HTTP/1.1" 200 3924
186.79.60.25 - - [15/Mar/2018:13:51:29 -0300] "GET /cormun/servlet/trsolicitudot? HTTP/1.1" 200 8538
186.79.60.25 - - [15/Mar/2018:13:51:30 -0300] "GET /cormun/static/gxcfg.js?2017111422585916 HTTP/1.1" 304 -
186.79.60.25 - - [15/Mar/2018:13:51:30 -0300] "GET /cormun/servlet/trsolicitudot? HTTP/1.1" 200 8536
186.103.156.24 - - [15/Mar/2018:13:51:39 -0300] "POST /cormun/servlet/trsolicitudot?eacb1652fd16400e2161a052ddc4d8e5,,gx-no-cache=1521132646709 HTTP/1.1" 200 4497
186.103.156.24 - - [15/Mar/2018:13:51:50 -0300] "POST /cormun/servlet/trsolicitudot?eacb1652fd16400e2161a052ddc4d8e5,,gx-no-cache=1521132659534 HTTP/1.1" 200 5845
186.103.156.24 - - [15/Mar/2018:13:51:55 -0300] "GET /cormun/servlet/vesolicitudot?2018,10397,, HTTP/1.1" 200 8601
186.103.156.24 - - [15/Mar/2018:13:51:55 -0300] "GET /cormun/pexe_scrolldiv.js HTTP/1.1" 404 1009
186.103.156.24 - - [15/Mar/2018:13:51:55 -0300] "GET /cormun/pexe_scrolldiv.js HTTP/1.1" 404 1009
186.103.156.24 - - [15/Mar/2018:13:51:55 -0300] "GET /cormun/servlet/vesolicitudot?2018,10397,, HTTP/1.1" 200 8601
186.79.60.25 - - [15/Mar/2018:13:51:58 -0300] "GET /cormun/servlet/solicitudot?INS,0,0, HTTP/1.1" 200 13379
186.79.60.25 - - [15/Mar/2018:13:51:59 -0300] "GET /cormun/static/gxcfg.js?201812313224582 HTTP/1.1" 304 -
186.103.157.39 - - [15/Mar/2018:13:52:00 -0300] "GET /cormun/servlet/solicitudot?7179be7950894eac1854df31451a237646efd119703a78d8e9e3e278eb206c28b62c03858c0e54d0e3349d8759c5f81714c91ce660001fa4c8e9562e8981e9eaa920eb65b4358e6bd3f71bd5bd49b927854fedb2ab14efbdaaa770d7cd51335f1343820e5e297b6945f8396476226ec4,gx-no-cache=1521132669626 HTTP/1.1" 200 29
186.103.157.39 - - [15/Mar/2018:13:52:00 -0300] "POST /cormun/servlet/solicitudot?gx-no-cache=1521132670061 HTTP/1.1" 200 1319
186.79.60.25 - - [15/Mar/2018:13:52:00 -0300] "GET /cormun/servlet/solicitudot?INS,0,0, HTTP/1.1" 200 13384
186.103.157.39 - - [15/Mar/2018:13:52:00 -0300] "POST /cormun/servlet/solicitudot?gx-no-cache=1521132670302 HTTP/1.1" 200 1215
186.79.60.25 - - [15/Mar/2018:13:52:05 -0300] "GET /cormun/servlet/trsolicitudot? HTTP/1.1" 200 8538
186.79.60.25 - - [15/Mar/2018:13:52:05 -0300] "GET /cormun/servlet/trsolicitudot? HTTP/1.1" 200 8536
186.103.156.24 - - [15/Mar/2018:13:52:08 -0300] "GET /cormun/servlet/vesolicitudot?2018,10397,,SolicitudOTLog HTTP/1.1" 200 9628
186.103.156.24 - - [15/Mar/2018:13:52:08 -0300] "GET /cormun/pexe_scrolldiv.js HTTP/1.1" 404 1009
186.103.156.24 - - [15/Mar/2018:13:52:08 -0300] "GET /cormun/pexe_scrolldiv.js HTTP/1.1" 404 1009
186.103.156.24 - - [15/Mar/2018:13:52:09 -0300] "GET /cormun/servlet/vesolicitudot?2018,10397,,SolicitudOTLog HTTP/1.1" 200 9628
186.103.156.24 - - [15/Mar/2018:13:52:09 -0300] "POST /cormun/servlet/acontrolpreferencessavestate?None,GALVAREZ,true HTTP/1.1" 200 35
186.79.60.25 - - [15/Mar/2018:13:52:10 -0300] "POST /cormun/servlet/trsolicitudot?08608ba3022a178d514ed9ead8fa2600,,gx-no-cache=1521132681877 HTTP/1.1" 200 4481
186.79.60.25 - - [15/Mar/2018:13:52:10 -0300] "GET /cormun/static/Shared/jqueryui/images/ui-bg_highlight-soft_100_c6c2c8_1x100.png HTTP/1.1" 404 1117
186.79.60.25 - - [15/Mar/2018:13:52:10 -0300] "GET /cormun/static/Shared/jqueryui/images/ui-icons_82798d_256x240.png HTTP/1.1" 404 1089
186.79.60.25 - - [15/Mar/2018:13:52:10 -0300] "GET /cormun/static/Shared/jqueryui/images/ui-icons_8d78a5_256x240.png HTTP/1.1" 404 1089
186.79.60.25 - - [15/Mar/2018:13:52:10 -0300] "GET /cormun/static/Shared/jqueryui/images/ui-bg_flat_55_fafafa_40x100.png HTTP/1.1" 404 1097
186.79.60.25 - - [15/Mar/2018:13:52:11 -0300] "POST /cormun/servlet/trsolicitudot?08608ba3022a178d514ed9ead8fa2600,,gx-no-cache=1521132682536 HTTP/1.1" 200 4251
186.103.156.24 - - [15/Mar/2018:13:52:25 -0300] "GET /cormun/servlet/trsolicitudot? HTTP/1.1" 200 8825
186.103.156.24 - - [15/Mar/2018:13:52:26 -0300] "GET /cormun/servlet/trsolicitudot? HTTP/1.1" 200 8819
186.79.60.25 - - [15/Mar/2018:13:52:30 -0300] "GET /cormun/servlet/solicitudot?INS,0,0, HTTP/1.1" 200 13379
186.103.157.39 - - [15/Mar/2018:13:52:30 -0300] "GET /cormun/static/menuarrow.gif HTTP/1.1" 404 1015
186.79.60.25 - - [15/Mar/2018:13:52:30 -0300] "GET /cormun/servlet/solicitudot?INS,0,0, HTTP/1.1" 200 13384
186.103.156.24 - - [15/Mar/2018:13:52:35 -0300] "POST /cormun/servlet/trsolicitudot?eacb1652fd16400e2161a052ddc4d8e5,,gx-no-cache=1521132704983 HTTP/1.1" 200 106
186.103.156.24 - - [15/Mar/2018:13:52:35 -0300] "GET /cormun/servlet/solicitudot?UPD,2018,10397, HTTP/1.1" 200 15424
186.103.156.24 - - [15/Mar/2018:13:52:35 -0300] "GET /cormun/static/gxcfg.js?201812313224582 HTTP/1.1" 200 953
186.103.156.24 - - [15/Mar/2018:13:52:35 -0300] "GET /cormun/static/Resources/prompt.gif HTTP/1.1" 200 902
186.103.156.24 - - [15/Mar/2018:13:52:35 -0300] "GET /cormun/static/solicitudot.js?201812313224831 HTTP/1.1" 200 72336
186.103.156.24 - - [15/Mar/2018:13:52:36 -0300] "GET /cormun/servlet/solicitudot?UPD,2018,10397, HTTP/1.1" 200 15433
186.103.156.24 - - [15/Mar/2018:13:52:36 -0300] "POST /cormun/servlet/solicitudot?gx-no-cache=1521132706303 HTTP/1.1" 200 3356
186.103.156.24 - - [15/Mar/2018:13:52:36 -0300] "POST /cormun/servlet/solicitudot?eacb1652fd16400e2161a052ddc4d8e5,UPD,2018,10397,,gx-no-cache=1521132706461 HTTP/1.1" 200 11634
186.103.156.24 - - [15/Mar/2018:13:52:36 -0300] "GET /cormun/servlet/solicitudot?69706ccb1d4954c72054a2e36ecf596ae86cf4b87bfeff2569bcbc4b8aff9ed23348a8339f879ddd1a01eabb3ade469a,gx-no-cache=1521132706697 HTTP/1.1" 200 30
186.103.156.24 - - [15/Mar/2018:13:52:36 -0300] "GET /cormun/servlet/solicitudot?69706ccb1d4954c72054a2e36ecf596ad8ac8c57ebdf167ce3ab1ebdd5957fcadf4eb76d1466891f45b13a3081333250cafc9127130392fde80e0db999637693,gx-no-cache=1521132706778 HTTP/1.1" 200 30
186.103.156.24 - - [15/Mar/2018:13:52:36 -0300] "GET /cormun/servlet/solicitudot?69706ccb1d4954c72054a2e36ecf596a53d55e54044caf381eb10fcad42147b1,gx-no-cache=1521132706837 HTTP/1.1" 200 29
186.103.156.24 - - [15/Mar/2018:13:52:37 -0300] "POST /cormun/servlet/solicitudot?gx-no-cache=1521132706916 HTTP/1.1" 200 257
186.103.156.24 - - [15/Mar/2018:13:52:37 -0300] "GET /cormun/servlet/solicitudot?69706ccb1d4954c72054a2e36ecf596ada68395a4d8fca137e10de3680fc644c0b1cde0a8d841c813e1105fc56ca3d8452296aa8f15b13b4cc6dced03f06b559ccc88a3043bbae07f596baa3a73f32c9ddbabffa1e259f798fab64374accdf0596b68b87e3827055a951e7fd82647685f99b46060e42d5f5486b2729596daf35f80210d44178112654b03bc9276916be54d462a2af1b940da031306c74f0212c99d448135d9420210bd77e5fb887ff4cbb61b48b8fccf055ea157c24820b4139b0481d535cf5fe90a04c07e163b5265aa8e4dcb53465b28b3bd123d290d4c97213893ed072c6e97af8dcb0664579136edf4762133857d5104b505886c7bb7d214d6a5880ec11dc4b74f3a0c8beb4ba54ae6791f52030f885eea7f1095f04f00f16497ba4d050e6b74557814af9f9749040f5dbf8738b4eae394334b9548247dd5851c6c46837e4c58f85071238a5395509b899f0bea1c644999b63950e818163d7ca4e2e8015c1dac93108830af5426d85ae2f0abe29554657778fd7794f556f,gx-no-cache=1521132706993 HTTP/1.1" 200 30
186.103.156.24 - - [15/Mar/2018:13:52:37 -0300] "POST /cormun/servlet/solicitudot?gx-no-cache=1521132707145 HTTP/1.1" 200 30
186.103.156.24 - - [15/Mar/2018:13:52:37 -0300] "POST /cormun/servlet/solicitudot?gx-no-cache=1521132707228 HTTP/1.1" 200 1333
186.103.156.24 - - [15/Mar/2018:13:52:37 -0300] "POST /cormun/servlet/solicitudot?gx-no-cache=1521132707309 HTTP/1.1" 200 41
186.103.156.24 - - [15/Mar/2018:13:52:40 -0300] "GET /cormun/servlet/solicitudot?69706ccb1d4954c72054a2e36ecf596a10311e420ed72c6f39b86fe495a12feb552313fc40dadad29e9f00afa6e5f8c7442d9aeddbb063d7390eb08572d92c8cb9dc7003bc0382ab3c51c70c0212ad30c34843cd41d34e795366fde5310ad4ac7e953f2a95ef6c3b65553898dffa4f1f,gx-no-cache=1521132709894 HTTP/1.1" 200 29
186.103.156.24 - - [15/Mar/2018:13:52:40 -0300] "POST /cormun/servlet/solicitudot?gx-no-cache=1521132709949 HTTP/1.1" 200 1318
186.103.156.24 - - [15/Mar/2018:13:52:40 -0300] "POST /cormun/servlet/solicitudot?gx-no-cache=1521132710024 HTTP/1.1" 200 1217
186.103.157.39 - - [15/Mar/2018:13:52:40 -0300] "GET /cormun/servlet/solicitudot?7179be7950894eac1854df31451a2376aa4384d71184838a51b92b8d36200da8db027093ff4b33058eb2dc1c7133fc23,gx-no-cache=1521132710471 HTTP/1.1" 200 30
186.103.157.39 - - [15/Mar/2018:13:52:50 -0300] "POST /cormun/servlet/solicitudot?gx-no-cache=1521132720899 HTTP/1.1" 200 30
186.79.60.25 - - [15/Mar/2018:13:52:51 -0300] "POST /cormun/servlet/solicitudot?gx-no-cache=1521132723492 HTTP/1.1" 200 3284
186.79.60.25 - - [15/Mar/2018:13:52:52 -0300] "POST /cormun/servlet/solicitudot?08608ba3022a178d514ed9ead8fa2600,INS,0,0,,gx-no-cache=1521132724167 HTTP/1.1" 200 10242
186.79.60.25 - - [15/Mar/2018:13:52:56 -0300] "GET /cormun/servlet/solicitudot?65274bc3e8a0293e5a4f130ed48a1af1667f517641e0f08f84ca0c0701e14c2255d7d186b16eb689e49d911361b355f9,gx-no-cache=1521132728420 HTTP/1.1" 200 30
186.103.156.24 - - [15/Mar/2018:13:53:14 -0300] "POST /cormun/servlet/solicitudot?gx-no-cache=1521132744155 HTTP/1.1" 200 1319
186.103.156.24 - - [15/Mar/2018:13:53:14 -0300] "POST /cormun/servlet/solicitudot?gx-no-cache=1521132744279 HTTP/1.1" 200 1218
186.103.156.24 - - [15/Mar/2018:13:53:14 -0300] "GET /cormun/servlet/solicitudot?69706ccb1d4954c72054a2e36ecf596a69769be05d0dcc6841b227a59dae0228ff1e4b4c95ed1dca80b1c519ce9e1c46,gx-no-cache=1521132744373 HTTP/1.1" 200 30
186.103.156.24 - - [15/Mar/2018:13:53:14 -0300] "POST /cormun/servlet/solicitudot?gx-no-cache=1521132744445 HTTP/1.1" 200 30
186.103.156.24 - - [15/Mar/2018:13:53:14 -0300] "POST /cormun/servlet/solicitudot?eacb1652fd16400e2161a052ddc4d8e5,UPD,2018,10397,,gx-no-cache=1521132744517 HTTP/1.1" 200 93
186.103.156.24 - - [15/Mar/2018:13:53:14 -0300] "GET /cormun/servlet/hpexe_return? HTTP/1.1" 200 1015
186.103.156.24 - - [15/Mar/2018:13:53:15 -0300] "GET /cormun/servlet/trsolicitudot HTTP/1.1" 200 8818
186.103.156.24 - - [15/Mar/2018:13:53:15 -0300] "GET /cormun/servlet/trsolicitudot HTTP/1.1" 200 8815
186.103.156.24 - - [15/Mar/2018:13:53:20 -0300] "POST /cormun/servlet/trsolicitudot?eacb1652fd16400e2161a052ddc4d8e5,gx-no-cache=1521132749560 HTTP/1.1" 200 4696
186.103.156.24 - - [15/Mar/2018:13:53:20 -0300] "GET /cormun/static/Shared/jqueryui/images/ui-bg_highlight-soft_100_c6c2c8_1x100.png HTTP/1.1" 404 1117
186.103.156.24 - - [15/Mar/2018:13:53:20 -0300] "GET /cormun/static/Shared/jqueryui/images/ui-bg_flat_55_fafafa_40x100.png HTTP/1.1" 404 1097
186.103.156.24 - - [15/Mar/2018:13:53:20 -0300] "GET /cormun/static/Shared/jqueryui/images/ui-icons_8d78a5_256x240.png HTTP/1.1" 404 1089
186.103.156.24 - - [15/Mar/2018:13:53:20 -0300] "GET /cormun/static/Shared/jqueryui/images/ui-icons_82798d_256x240.png HTTP/1.1" 404 1089
186.103.156.24 - - [15/Mar/2018:13:53:20 -0300] "POST /cormun/servlet/trsolicitudot?eacb1652fd16400e2161a052ddc4d8e5,gx-no-cache=1521132750420 HTTP/1.1" 200 4472
186.103.156.24 - - [15/Mar/2018:13:53:25 -0300] "GET /cormun/servlet/trautorizarsolicitud? HTTP/1.1" 200 9209
186.103.156.24 - - [15/Mar/2018:13:53:25 -0300] "GET /cormun/servlet/trautorizarsolicitud? HTTP/1.1" 200 9209
186.103.156.24 - - [15/Mar/2018:13:53:30 -0300] "POST /cormun/servlet/trautorizarsolicitud?eacb1652fd16400e2161a052ddc4d8e5,,gx-no-cache=1521132759553 HTTP/1.1" 200 6301
186.103.156.24 - - [15/Mar/2018:13:53:30 -0300] "GET /cormun/static/Shared/jqueryui/images/ui-bg_highlight-soft_100_c6c2c8_1x100.png HTTP/1.1" 404 1117
186.103.156.24 - - [15/Mar/2018:13:53:30 -0300] "GET /cormun/static/Shared/jqueryui/images/ui-icons_82798d_256x240.png HTTP/1.1" 404 1089
186.103.156.24 - - [15/Mar/2018:13:53:30 -0300] "GET /cormun/static/Shared/jqueryui/images/ui-bg_flat_55_fafafa_40x100.png HTTP/1.1" 404 1097
186.103.156.24 - - [15/Mar/2018:13:53:31 -0300] "GET /cormun/static/Shared/jqueryui/images/ui-icons_8d78a5_256x240.png HTTP/1.1" 404 1089
186.103.157.39 - - [15/Mar/2018:13:53:32 -0300] "POST /cormun/servlet/solicitudot?f0c0afc8773c6c4bbb9b884a8d4dd093,INS,0,0,,gx-no-cache=1521132762098 HTTP/1.1" 200 11775
186.103.156.24 - - [15/Mar/2018:13:53:34 -0300] "POST /cormun/servlet/trautorizarsolicitud?eacb1652fd16400e2161a052ddc4d8e5,,gx-no-cache=1521132763486 HTTP/1.1" 200 6301
186.103.156.24 - - [15/Mar/2018:13:53:40 -0300] "GET /cormun/servlet/trautorizarsolicitud? HTTP/1.1" 200 9209
186.103.156.24 - - [15/Mar/2018:13:53:41 -0300] "GET /cormun/servlet/trautorizarsolicitud? HTTP/1.1" 200 9209
186.103.156.24 - - [15/Mar/2018:13:53:45 -0300] "POST /cormun/servlet/trautorizarsolicitud?eacb1652fd16400e2161a052ddc4d8e5,,gx-no-cache=1521132775214 HTTP/1.1" 200 6300
186.103.156.24 - - [15/Mar/2018:13:53:45 -0300] "GET /cormun/static/Shared/jqueryui/images/ui-bg_highlight-soft_100_c6c2c8_1x100.png HTTP/1.1" 404 1117
186.103.156.24 - - [15/Mar/2018:13:53:45 -0300] "GET /cormun/static/Shared/jqueryui/images/ui-icons_82798d_256x240.png HTTP/1.1" 404 1089
186.103.156.24 - - [15/Mar/2018:13:53:45 -0300] "GET /cormun/static/Shared/jqueryui/images/ui-bg_flat_55_fafafa_40x100.png HTTP/1.1" 404 1097
186.103.156.24 - - [15/Mar/2018:13:53:45 -0300] "GET /cormun/static/Shared/jqueryui/images/ui-icons_8d78a5_256x240.png HTTP/1.1" 404 1089
186.103.156.24 - - [15/Mar/2018:13:53:45 -0300] "POST /cormun/servlet/trautorizarsolicitud?eacb1652fd16400e2161a052ddc4d8e5,,gx-no-cache=1521132775708 HTTP/1.1" 200 6300
186.103.156.24 - - [15/Mar/2018:13:53:46 -0300] "POST /cormun/servlet/trautorizarsolicitud?eacb1652fd16400e2161a052ddc4d8e5,,gx-no-cache=1521132776156 HTTP/1.1" 200 6301
186.103.156.24 - - [15/Mar/2018:13:53:49 -0300] "POST /cormun/servlet/trautorizarsolicitud?eacb1652fd16400e2161a052ddc4d8e5,,gx-no-cache=1521132778772 HTTP/1.1" 200 6301
186.103.156.24 - - [15/Mar/2018:13:53:55 -0300] "GET /cormun/servlet/trsolicitudot? HTTP/1.1" 200 7469
186.103.156.24 - - [15/Mar/2018:13:53:55 -0300] "GET /cormun/servlet/trsolicitudot? HTTP/1.1" 200 7469
186.103.156.24 - - [15/Mar/2018:13:54:03 -0300] "POST /cormun/servlet/trsolicitudot?eacb1652fd16400e2161a052ddc4d8e5,,gx-no-cache=1521132792313 HTTP/1.1" 200 4492
186.103.156.24 - - [15/Mar/2018:13:54:13 -0300] "POST /cormun/servlet/trsolicitudot?eacb1652fd16400e2161a052ddc4d8e5,,gx-no-cache=1521132803405 HTTP/1.1" 200 5837
186.103.156.24 - - [15/Mar/2018:13:54:18 -0300] "POST /cormun/servlet/trsolicitudot?eacb1652fd16400e2161a052ddc4d8e5,,gx-no-cache=1521132808735 HTTP/1.1" 200 5815
186.103.157.39 - - [15/Mar/2018:13:54:22 -0300] "GET /cormun/servlet/solicitudot?7179be7950894eac1854df31451a237692d4973d92b65721bb002171bfd0261b1602c45138e183f773299c66c07b26ad68be03630c35ac31e702b08c96366b9a,gx-no-cache=1521132811871 HTTP/1.1" 200 30
186.103.157.39 - - [15/Mar/2018:13:54:22 -0300] "GET /cormun/servlet/solicitudot?7179be7950894eac1854df31451a237631150f24dc9a4e9fc928adfe6a0a860a47c7a70124856fc997a6c2cdddca9a882a3cc5bc98c34b4c3b95bac83af3b7b3caf93b1e5eb92a99215745e6a8326464ef59c681f4aa2cb67f4c7ce5b94e5d381a48b45c008e45973556ad189a6d0565599c0bcb26946671069f148b855338fbef0d63154421ae044c0b010b4e0e22d49813b24f8f9b3de631601d2be9f1b37f588d2db83cea143ea306dbdeae5bea29463ebb7face04ae176bcc5312703b3d03d96bae46fddfda35a81794da93119b1e0cd2ef8e4e8372e42eea4a8e2833afd0417f3b71fc80d5492b8193727f9f6c72f4221b63912e1ac6d5ccb01583490fa68dcae6698ef25f8709b9104d8fc76907686d9ca248cbfecd537cd407695e1cddfcd76a7e39e9d0f6345ac61a425e60406f6d908623558c66844551ad014c1faafca3406d5c357639a73a27ece935dbd1fd748391aa0f67a266a10880a15a21bc22795effa670c61fc520a869200696d938a24fc1492569a36ed683072a7c530,gx-no-cache=1521132812069 HTTP/1.1" 200 30
186.103.157.39 - - [15/Mar/2018:13:54:22 -0300] "POST /cormun/servlet/solicitudot?gx-no-cache=1521132812177 HTTP/1.1" 200 30
186.103.157.39 - - [15/Mar/2018:13:54:22 -0300] "POST /cormun/servlet/solicitudot?gx-no-cache=1521132812296 HTTP/1.1" 200 1334
186.103.157.39 - - [15/Mar/2018:13:54:22 -0300] "POST /cormun/servlet/solicitudot?gx-no-cache=1521132812440 HTTP/1.1" 200 41
186.103.157.39 - - [15/Mar/2018:13:54:22 -0300] "POST /cormun/servlet/solicitudot?gx-no-cache=1521132812549 HTTP/1.1" 200 1319
186.103.157.39 - - [15/Mar/2018:13:54:22 -0300] "POST /cormun/servlet/solicitudot?gx-no-cache=1521132812655 HTTP/1.1" 200 1218
186.103.157.39 - - [15/Mar/2018:13:54:22 -0300] "GET /cormun/servlet/solicitudot?7179be7950894eac1854df31451a2376aa4384d71184838a51b92b8d36200da8db027093ff4b33058eb2dc1c7133fc23,gx-no-cache=1521132812809 HTTP/1.1" 200 30
186.103.157.39 - - [15/Mar/2018:13:54:22 -0300] "POST /cormun/servlet/solicitudot?gx-no-cache=1521132812868 HTTP/1.1" 200 30
186.103.157.39 - - [15/Mar/2018:13:54:23 -0300] "POST /cormun/servlet/solicitudot?f0c0afc8773c6c4bbb9b884a8d4dd093,INS,0,0,,gx-no-cache=1521132812966 HTTP/1.1" 200 93
186.103.157.39 - - [15/Mar/2018:13:54:23 -0300] "GET /cormun/servlet/hpexe_return? HTTP/1.1" 200 1008
186.103.157.39 - - [15/Mar/2018:13:54:23 -0300] "GET /cormun/servlet/trsolicitudot HTTP/1.1" 200 8567
186.103.157.39 - - [15/Mar/2018:13:54:24 -0300] "GET /cormun/servlet/trsolicitudot HTTP/1.1" 200 8563
186.103.156.24 - - [15/Mar/2018:13:54:33 -0300] "POST /cormun/servlet/trsolicitudot?eacb1652fd16400e2161a052ddc4d8e5,,gx-no-cache=1521132822477 HTTP/1.1" 200 5816
186.103.157.39 - - [15/Mar/2018:13:54:39 -0300] "POST /cormun/servlet/trsolicitudot?f0c0afc8773c6c4bbb9b884a8d4dd093,gx-no-cache=1521132829384 HTTP/1.1" 200 5925
186.103.157.39 - - [15/Mar/2018:13:54:39 -0300] "GET /cormun/static/Shared/jqueryui/images/ui-bg_highlight-soft_100_c6c2c8_1x100.png HTTP/1.1" 404 1117
186.103.157.39 - - [15/Mar/2018:13:54:39 -0300] "GET /cormun/static/Shared/jqueryui/images/ui-bg_flat_55_fafafa_40x100.png HTTP/1.1" 404 1097
186.103.157.39 - - [15/Mar/2018:13:54:39 -0300] "GET /cormun/static/Shared/jqueryui/images/ui-icons_82798d_256x240.png HTTP/1.1" 404 1089
186.103.157.39 - - [15/Mar/2018:13:54:39 -0300] "GET /cormun/static/Shared/jqueryui/images/ui-icons_8d78a5_256x240.png HTTP/1.1" 404 1089
186.103.157.39 - - [15/Mar/2018:13:54:44 -0300] "GET /cormun/servlet/solicitudot?INS,0,0, HTTP/1.1" 200 13385
186.103.156.24 - - [15/Mar/2018:13:54:44 -0300] "POST /cormun/servlet/trsolicitudot?eacb1652fd16400e2161a052ddc4d8e5,,gx-no-cache=1521132833918 HTTP/1.1" 200 4493
186.103.157.39 - - [15/Mar/2018:13:54:45 -0300] "GET /cormun/servlet/solicitudot?INS,0,0, HTTP/1.1" 200 13390
186.103.156.24 - - [15/Mar/2018:13:54:48 -0300] "POST /cormun/servlet/trsolicitudot?eacb1652fd16400e2161a052ddc4d8e5,,gx-no-cache=1521132838124 HTTP/1.1" 200 4494
186.103.156.24 - - [15/Mar/2018:13:54:56 -0300] "POST /cormun/servlet/trsolicitudot?eacb1652fd16400e2161a052ddc4d8e5,,gx-no-cache=1521132845380 HTTP/1.1" 200 5837
186.103.157.39 - - [15/Mar/2018:13:54:57 -0300] "GET /cormun/servlet/trsolicitudot HTTP/1.1" 200 8567
186.103.157.39 - - [15/Mar/2018:13:54:58 -0300] "GET /cormun/servlet/trsolicitudot HTTP/1.1" 200 8563
186.103.156.24 - - [15/Mar/2018:13:55:02 -0300] "POST /cormun/servlet/trsolicitudot?eacb1652fd16400e2161a052ddc4d8e5,,gx-no-cache=1521132851918 HTTP/1.1" 200 5814
186.79.60.25 - - [15/Mar/2018:13:55:03 -0300] "GET /cormun/servlet/solicitudot?65274bc3e8a0293e5a4f130ed48a1af158aac3390d328359f919ba96a5043314,gx-no-cache=1521132855904 HTTP/1.1" 200 94
186.79.60.25 - - [15/Mar/2018:13:55:04 -0300] "GET /cormun/static/Shared/jqueryui/images/ui-icons_82798d_256x240.png HTTP/1.1" 404 1089
186.79.60.25 - - [15/Mar/2018:13:55:04 -0300] "GET /cormun/static/Shared/jqueryui/images/ui-bg_flat_55_994d53_40x100.png HTTP/1.1" 404 1097
186.79.60.25 - - [15/Mar/2018:13:55:04 -0300] "GET /cormun/static/Shared/jqueryui/images/ui-icons_ebccce_256x240.png HTTP/1.1" 404 1089
186.79.60.25 - - [15/Mar/2018:13:55:04 -0300] "GET /cormun/static/Shared/jqueryui/images/ui-bg_highlight-soft_100_c6c2c8_1x100.png HTTP/1.1" 404 1117
186.103.157.39 - - [15/Mar/2018:13:55:05 -0300] "POST /cormun/servlet/trsolicitudot?f0c0afc8773c6c4bbb9b884a8d4dd093,gx-no-cache=1521132853777 HTTP/1.1" 200 5924
186.103.157.39 - - [15/Mar/2018:13:55:05 -0300] "GET /cormun/static/Shared/jqueryui/images/ui-icons_82798d_256x240.png HTTP/1.1" 404 1089
186.103.157.39 - - [15/Mar/2018:13:55:05 -0300] "GET /cormun/static/Shared/jqueryui/images/ui-bg_highlight-soft_100_c6c2c8_1x100.png HTTP/1.1" 404 1117
186.103.157.39 - - [15/Mar/2018:13:55:05 -0300] "GET /cormun/static/Shared/jqueryui/images/ui-bg_flat_55_fafafa_40x100.png HTTP/1.1" 404 1097
186.103.157.39 - - [15/Mar/2018:13:55:05 -0300] "GET /cormun/static/Shared/jqueryui/images/ui-icons_8d78a5_256x240.png HTTP/1.1" 404 1089
186.79.60.25 - - [15/Mar/2018:13:55:08 -0300] "GET /cormun/servlet/solicitudot?65274bc3e8a0293e5a4f130ed48a1af10029d372ca87b52f444cd8b258d6a9f7,gx-no-cache=1521132860279 HTTP/1.1" 200 53
186.103.157.39 - - [15/Mar/2018:13:55:19 -0300] "POST /cormun/servlet/trsolicitudot?f0c0afc8773c6c4bbb9b884a8d4dd093,gx-no-cache=1521132868671 HTTP/1.1" 200 107
186.103.157.39 - - [15/Mar/2018:13:55:19 -0300] "GET /cormun/servlet/trsolicitudadjuntos?2018,10524, HTTP/1.1" 200 6046
186.103.157.39 - - [15/Mar/2018:13:55:20 -0300] "GET /cormun/servlet/trsolicitudadjuntos?2018,10524, HTTP/1.1" 200 6046
