192.168.10.89 - - [15/Mar/2018:08:56:23 -0300] "GET /cormun/static/Shared/jqueryui/images/ui-icons_ebccce_256x240.png HTTP/1.1" 404 1089
186.103.159.182 - - [15/Mar/2018:08:56:47 -0300] "POST /cormun/servlet/trsolicitudot?9835068b2f1bc4a561e6ad0c686b0794,,gx-no-cache=1521114897989 HTTP/1.1" 200 4210
186.103.159.182 - - [15/Mar/2018:08:56:53 -0300] "POST /cormun/servlet/trsolicitudot?9835068b2f1bc4a561e6ad0c686b0794,,gx-no-cache=1521114903702 HTTP/1.1" 200 6037
192.168.10.89 - - [15/Mar/2018:08:57:03 -0300] "GET /cormun/servlet/solicitudot?07c71f7bca0064ad8e2ee76a789fae649ecfe078bd7914880c4368de72e6f297cd6f23a4451c2b8f2c180ed403cfd824083aa123362607574d14cf18548a26f9,gx-no-cache=1521114859183 HTTP/1.1" 200 30
192.168.10.89 - - [15/Mar/2018:08:57:14 -0300] "POST /cormun/servlet/solicitudot?f84a6d7f86a88bb028bda60fd802c1ce,INS,0,0,,gx-no-cache=1521114869721 HTTP/1.1" 200 10472
192.168.10.89 - - [15/Mar/2018:08:57:14 -0300] "GET /cormun/static/Shared/jqueryui/images/ui-bg_flat_55_fafafa_40x100.png HTTP/1.1" 404 1097
192.168.10.89 - - [15/Mar/2018:08:57:14 -0300] "GET /cormun/static/Shared/jqueryui/images/ui-icons_8d78a5_256x240.png HTTP/1.1" 404 1089
192.168.10.89 - - [15/Mar/2018:08:57:16 -0300] "GET /cormun/servlet/solicitudot?07c71f7bca0064ad8e2ee76a789fae649ecfe078bd7914880c4368de72e6f297cd6f23a4451c2b8f2c180ed403cfd8243e1e9c0cd083ce0edd59638a39ffe2b7,gx-no-cache=1521114872696 HTTP/1.1" 200 30
192.168.10.89 - - [15/Mar/2018:08:57:16 -0300] "GET /cormun/servlet/solicitudot?07c71f7bca0064ad8e2ee76a789fae6441d75c9702d1036f9a7c0f601e6a559e,gx-no-cache=1521114872715 HTTP/1.1" 200 29
192.168.10.89 - - [15/Mar/2018:08:57:24 -0300] "POST /cormun/servlet/solicitudot?gx-no-cache=1521114879817 HTTP/1.1" 200 297
192.168.10.89 - - [15/Mar/2018:08:57:24 -0300] "GET /cormun/servlet/solicitudot?07c71f7bca0064ad8e2ee76a789fae6429904b89fdb3b58f51010dedc78496660ddb8b794a73ba7f1d7c1eb172efada8aa765d1bf7e1aa4937d0d058e9cd63a8fba3fc02605408e1a6c286e08c07bb67e74e7a3acf9c4ebce7384890fc4cd59b73a1f6ad226bc6c4ad4344ceba9cc86d11a2663779bfccfd68a7ac2a030e99c8f2e11afa4ca842f1a19c615354e9b6f408b5d75249e6573d6e82667556b9e1e611e6f661efa497c2e5c692a92d355ddd90d49f860335290f899cef888bedadcaf76b54f1d0ba99e0e65f31a1594234d4f0e423b8448885b35f597ec4ad4dae5cf3d71bf76a665d2d721efa9ecb621c53228661a3119b0ceee3c9f3943fc7603746abe0a7c67ea8b53cd4db01a00056ec649f56010db96d255012476f18ee2bb50c8340de1a3aeb45850093f3cd24d4e01d32659b12fcb3bfab9fc713bf86dfb576e6653c95791f94e34f08ded6f17d80410bf6b7df753b40d63de8937a951df6e34ec71987fc0ef4b1e6deea0fe951347aa7e14462d72ba98e796c6c43e14cb8edc60018f568844e7a5b5187de9520ed,gx-no-cache=1521114880246 HTTP/1.1" 200 30
192.168.10.89 - - [15/Mar/2018:08:57:26 -0300] "POST /cormun/servlet/solicitudot?gx-no-cache=1521114882681 HTTP/1.1" 200 30
192.168.10.89 - - [15/Mar/2018:08:57:28 -0300] "GET /cormun/servlet/prsolicitudot?13290782,,,,,MD,,gxPopupLevel%3D0%3B HTTP/1.1" 200 5977
192.168.10.89 - - [15/Mar/2018:08:57:28 -0300] "GET /cormun/static/gxcfg.js?2017111422591492 HTTP/1.1" 200 953
192.168.10.89 - - [15/Mar/2018:08:57:28 -0300] "GET /cormun/static/prsolicitudot.js?2017111422591715 HTTP/1.1" 200 13680
186.103.159.182 - - [15/Mar/2018:08:57:36 -0300] "POST /cormun/servlet/trsolicitudot?9835068b2f1bc4a561e6ad0c686b0794,,gx-no-cache=1521114946213 HTTP/1.1" 200 4212
186.103.159.182 - - [15/Mar/2018:08:57:43 -0300] "POST /cormun/servlet/trsolicitudot?9835068b2f1bc4a561e6ad0c686b0794,,gx-no-cache=1521114952868 HTTP/1.1" 200 4211
200.73.230.197 - - [15/Mar/2018:08:57:45 -0300] "GET /cormun/servlet/solicitudot?INS,0,0, HTTP/1.1" 200 13358
186.79.60.134 - - [15/Mar/2018:08:57:46 -0300] "GET /cormun/servlet/prbanco?,MD,,gxPopupLevel%3D0%3B HTTP/1.1" 200 6671
186.79.60.134 - - [15/Mar/2018:08:57:46 -0300] "GET /cormun/static/gxcfg.js?20181161016094 HTTP/1.1" 200 953
186.79.60.134 - - [15/Mar/2018:08:57:46 -0300] "GET /cormun/static/prbanco.js?2018116101633 HTTP/1.1" 200 10693
200.73.230.197 - - [15/Mar/2018:08:57:47 -0300] "GET /cormun/servlet/solicitudot?INS,0,0, HTTP/1.1" 200 13363
192.168.10.89 - - [15/Mar/2018:08:57:49 -0300] "POST /cormun/servlet/solicitudot?gx-no-cache=1521114904959 HTTP/1.1" 200 1333
192.168.10.89 - - [15/Mar/2018:08:57:49 -0300] "POST /cormun/servlet/solicitudot?gx-no-cache=1521114905065 HTTP/1.1" 200 38
192.168.10.89 - - [15/Mar/2018:08:57:49 -0300] "GET /cormun/servlet/solicitudot?07c71f7bca0064ad8e2ee76a789fae6450bb76c9fc517b55cadb5563224a111215a2141448767bbc7f2141122d0552ff6f76431aacd079b1a2b7eb2af0adcbfb58c4d3d4c350122f86f1db352673dc3950850d5cbcef5e8675d7d475e9d287448a3351335e2eb0dea19fbf0ae0069ef7,gx-no-cache=1521114905088 HTTP/1.1" 200 29
192.168.10.89 - - [15/Mar/2018:08:57:49 -0300] "POST /cormun/servlet/solicitudot?gx-no-cache=1521114905115 HTTP/1.1" 200 1318
192.168.10.89 - - [15/Mar/2018:08:57:49 -0300] "POST /cormun/servlet/solicitudot?gx-no-cache=1521114905158 HTTP/1.1" 200 1215
192.168.10.89 - - [15/Mar/2018:08:57:49 -0300] "GET /cormun/servlet/solicitudot?07c71f7bca0064ad8e2ee76a789fae64523c4d5d8d8c892618a2328b48b69f7b795fa3024d0fa74721f40c7cd09e6f63,gx-no-cache=1521114905195 HTTP/1.1" 200 30
186.103.159.182 - - [15/Mar/2018:08:57:51 -0300] "POST /cormun/servlet/trsolicitudot?9835068b2f1bc4a561e6ad0c686b0794,,gx-no-cache=1521114960921 HTTP/1.1" 200 4212
186.79.60.134 - - [15/Mar/2018:08:57:57 -0300] "GET /cormun/servlet/solicitudot?5ae84c1fbc4ca50bc4dd4a618947615b77edcc12c9d1f6e428f35e6df2e9fc3602fe2dfd0a2aeec4e7ed019843484fde9c99f5b5c137999c2c3b579760755d77,gx-no-cache=1521115033727 HTTP/1.1" 200 30
186.103.159.182 - - [15/Mar/2018:08:57:57 -0300] "POST /cormun/servlet/trsolicitudot?9835068b2f1bc4a561e6ad0c686b0794,,gx-no-cache=1521114967819 HTTP/1.1" 200 4211
186.79.60.134 - - [15/Mar/2018:08:57:58 -0300] "GET /cormun/servlet/solicitudot?5ae84c1fbc4ca50bc4dd4a618947615bc70d5a0e626702b32f2d0b1102cccd18,gx-no-cache=1521115035197 HTTP/1.1" 200 53
186.103.159.182 - - [15/Mar/2018:08:58:05 -0300] "POST /cormun/servlet/trsolicitudot?9835068b2f1bc4a561e6ad0c686b0794,,gx-no-cache=1521114974841 HTTP/1.1" 200 4211
192.168.10.50 - - [15/Mar/2018:08:58:07 -0300] "POST /cormun/servlet/trsolicitudgral?c1f9f1ef29a32051d853c9f30a7e87ac,,gx-no-cache=1521114922829 HTTP/1.1" 200 18899
186.79.60.134 - - [15/Mar/2018:08:58:10 -0300] "POST /cormun/servlet/solicitudot?gx-no-cache=1521115047121 HTTP/1.1" 200 297
186.79.60.134 - - [15/Mar/2018:08:58:11 -0300] "GET /cormun/servlet/solicitudot?5ae84c1fbc4ca50bc4dd4a618947615b6fd4848096d33362185679547ac66b99b594255242d874b4a943acb3105497c43a2f340ce083cd258138ed2da7fe0e7a6be0a0b43809d4be83e98cf64ba3dda4ae51e103b83d241c57aa216f164b29960135c19bf42af96d483a7d5ee8dcd235a363b4b8cdbda13f3d1ccd2dc911d281fe60534cf91aad5bdad5994be9be455ab4f8ec82ed2dc6721f15ee34856c40cb8ffeff1ae2cf7391a96317efe114e0257b6a01d55e33264cbbdda63b481289f28e9f49887ca802329bb51d190e70f977c9f9431f772c314ec15282a5464d5be743e176fdc859db2751b01d49ed2982644197c5b2dc7e03303eb3613932ad2047f63a64b11cf54bfa5f84973f40526d37a07c9a42a9eb480af93c3f2dfbe5e0cb1b3b78338fab915396f426e496983cc0241d23770c46c473ce79ebbe8e71063fd1b2360ad5c123e87cf4f339405f9b81a581b6d5b70fd1b6e4ecd88ceb38dacf2a8a68006c1a1d5ad36dd372f9e3de71021b53d6a2da6a81798da11d5e87f99629b4fe6d63027f9573724443a1fdabfb,gx-no-cache=1521115047266 HTTP/1.1" 200 30
186.103.159.182 - - [15/Mar/2018:08:58:14 -0300] "POST /cormun/servlet/trsolicitudot?9835068b2f1bc4a561e6ad0c686b0794,,gx-no-cache=1521114984892 HTTP/1.1" 200 4210
186.79.60.134 - - [15/Mar/2018:08:58:15 -0300] "POST /cormun/servlet/solicitudot?gx-no-cache=1521115052076 HTTP/1.1" 200 30
186.79.60.134 - - [15/Mar/2018:08:58:18 -0300] "POST /cormun/servlet/solicitudot?gx-no-cache=1521115054319 HTTP/1.1" 200 1333
186.79.60.134 - - [15/Mar/2018:08:58:18 -0300] "POST /cormun/servlet/solicitudot?gx-no-cache=1521115054587 HTTP/1.1" 200 38
186.103.159.182 - - [15/Mar/2018:08:58:20 -0300] "POST /cormun/servlet/trsolicitudot?9835068b2f1bc4a561e6ad0c686b0794,,gx-no-cache=1521114990215 HTTP/1.1" 200 4210
192.168.10.50 - - [15/Mar/2018:08:58:27 -0300] "POST /cormun/servlet/trsolicitudgral?c1f9f1ef29a32051d853c9f30a7e87ac,,gx-no-cache=1521114943212 HTTP/1.1" 200 8072
192.168.10.89 - - [15/Mar/2018:08:58:32 -0300] "GET /cormun/servlet/solicitudot?07c71f7bca0064ad8e2ee76a789fae6450bb76c9fc517b55cadb5563224a111215a2141448767bbc7f2141122d0552ff6f76431aacd079b1a2b7eb2af0adcbfb58c4d3d4c350122f86f1db352673dc3950850d5cbcef5e8675d7d475e9d287448a3351335e2eb0dea19fbf0ae0069ef7,gx-no-cache=1521114948389 HTTP/1.1" 200 29
192.168.10.89 - - [15/Mar/2018:08:58:32 -0300] "POST /cormun/servlet/solicitudot?gx-no-cache=1521114948426 HTTP/1.1" 200 1317
192.168.10.89 - - [15/Mar/2018:08:58:32 -0300] "POST /cormun/servlet/solicitudot?gx-no-cache=1521114948475 HTTP/1.1" 200 1215
186.79.60.134 - - [15/Mar/2018:08:58:34 -0300] "GET /cormun/servlet/solicitudot?5ae84c1fbc4ca50bc4dd4a618947615bebc9cec0a94324222b517f52f7cff532a4002916bf4fdda551713acf274929a2faeda052ecb2b2892be99ee25790eae7273712acda0458b4ce9fedf7da6ae2255ddacd285896b55699ac5b0bdf8d9639594c09bbe2791f7a4ffa4f53eb990b4f,gx-no-cache=1521115070489 HTTP/1.1" 200 29
186.79.60.134 - - [15/Mar/2018:08:58:34 -0300] "POST /cormun/servlet/solicitudot?gx-no-cache=1521115070639 HTTP/1.1" 200 1317
186.103.159.182 - - [15/Mar/2018:08:58:34 -0300] "POST /cormun/servlet/trsolicitudot?9835068b2f1bc4a561e6ad0c686b0794,,gx-no-cache=1521115004916 HTTP/1.1" 200 4208
186.79.60.134 - - [15/Mar/2018:08:58:34 -0300] "POST /cormun/servlet/solicitudot?gx-no-cache=1521115070975 HTTP/1.1" 200 1215
192.168.10.50 - - [15/Mar/2018:08:58:39 -0300] "POST /cormun/servlet/trsolicitudgral?c1f9f1ef29a32051d853c9f30a7e87ac,,gx-no-cache=1521114955301 HTTP/1.1" 200 6116
186.103.159.182 - - [15/Mar/2018:08:58:42 -0300] "POST /cormun/servlet/trsolicitudot?9835068b2f1bc4a561e6ad0c686b0794,,gx-no-cache=1521115011605 HTTP/1.1" 200 4208
192.168.10.89 - - [15/Mar/2018:08:58:43 -0300] "GET /cormun/servlet/solicitudot?07c71f7bca0064ad8e2ee76a789fae64523c4d5d8d8c892618a2328b48b69f7b795fa3024d0fa74721f40c7cd09e6f63,gx-no-cache=1521114959435 HTTP/1.1" 200 30
192.168.10.89 - - [15/Mar/2018:08:58:44 -0300] "POST /cormun/servlet/solicitudot?gx-no-cache=1521114959903 HTTP/1.1" 200 33
192.168.10.50 - - [15/Mar/2018:08:58:47 -0300] "POST /cormun/servlet/trsolicitudgral?c1f9f1ef29a32051d853c9f30a7e87ac,,gx-no-cache=1521114962776 HTTP/1.1" 200 7667
186.103.159.182 - - [15/Mar/2018:08:58:48 -0300] "POST /cormun/servlet/trsolicitudot?9835068b2f1bc4a561e6ad0c686b0794,,gx-no-cache=1521115018675 HTTP/1.1" 200 4209
192.168.10.89 - - [15/Mar/2018:08:58:49 -0300] "POST /cormun/servlet/solicitudot?f84a6d7f86a88bb028bda60fd802c1ce,INS,0,0,,gx-no-cache=1521114964604 HTTP/1.1" 200 93
192.168.10.89 - - [15/Mar/2018:08:58:49 -0300] "GET /cormun/servlet/hpexe_return? HTTP/1.1" 200 1030
192.168.10.89 - - [15/Mar/2018:08:58:49 -0300] "GET /cormun/servlet/trsolicitudot?gx-no-cache=1521114743733 HTTP/1.1" 200 8934
192.168.10.50 - - [15/Mar/2018:08:58:52 -0300] "POST /cormun/servlet/trsolicitudgral?c1f9f1ef29a32051d853c9f30a7e87ac,,gx-no-cache=1521114968424 HTTP/1.1" 200 6132
186.103.159.182 - - [15/Mar/2018:08:58:53 -0300] "POST /cormun/servlet/trsolicitudot?9835068b2f1bc4a561e6ad0c686b0794,,gx-no-cache=1521115023686 HTTP/1.1" 200 4210
200.120.230.197 - - [15/Mar/2018:08:58:56 -0300] "GET /cormun/static/menuarrow.gif HTTP/1.1" 404 1015
192.168.10.89 - - [15/Mar/2018:08:58:56 -0300] "POST /cormun/servlet/trsolicitudot?f84a6d7f86a88bb028bda60fd802c1ce,gx-no-cache=1521114743733,gx-no-cache=1521114972622 HTTP/1.1" 200 6033
192.168.10.89 - - [15/Mar/2018:08:58:57 -0300] "POST /cormun/servlet/trsolicitudot?f84a6d7f86a88bb028bda60fd802c1ce,gx-no-cache=1521114743733,gx-no-cache=1521114972924 HTTP/1.1" 200 5976
192.168.10.89 - - [15/Mar/2018:08:58:57 -0300] "GET /cormun/static/Shared/jqueryui/images/ui-bg_highlight-soft_100_c6c2c8_1x100.png HTTP/1.1" 404 1117
192.168.10.89 - - [15/Mar/2018:08:58:57 -0300] "GET /cormun/static/Shared/jqueryui/images/ui-icons_8d78a5_256x240.png HTTP/1.1" 404 1089
192.168.10.89 - - [15/Mar/2018:08:58:57 -0300] "GET /cormun/static/Shared/jqueryui/images/ui-icons_82798d_256x240.png HTTP/1.1" 404 1089
192.168.10.89 - - [15/Mar/2018:08:58:57 -0300] "GET /cormun/static/Shared/jqueryui/images/ui-bg_flat_55_fafafa_40x100.png HTTP/1.1" 404 1097
200.120.230.197 - - [15/Mar/2018:08:58:59 -0300] "GET /cormun/servlet/solicitudot?5ae84c1fbc4ca50bc4dd4a618947615b291eb17790605aa96e6bc0c400a6681743bc81fbfb03529571c3e85512b5ab68,gx-no-cache=1521115095332 HTTP/1.1" 200 30
192.168.10.50 - - [15/Mar/2018:08:58:59 -0300] "POST /cormun/servlet/trsolicitudgral?c1f9f1ef29a32051d853c9f30a7e87ac,,gx-no-cache=1521114974960 HTTP/1.1" 200 17161
192.168.10.89 - - [15/Mar/2018:08:59:00 -0300] "GET /cormun/servlet/solicitudot?INS,0,0, HTTP/1.1" 200 13459
200.120.230.197 - - [15/Mar/2018:08:59:05 -0300] "POST /cormun/servlet/solicitudot?gx-no-cache=1521115101150 HTTP/1.1" 200 30
186.103.159.182 - - [15/Mar/2018:08:59:05 -0300] "POST /cormun/servlet/trsolicitudot?9835068b2f1bc4a561e6ad0c686b0794,,gx-no-cache=1521115035988 HTTP/1.1" 200 4216
186.103.159.182 - - [15/Mar/2018:08:59:10 -0300] "POST /cormun/servlet/trsolicitudot?9835068b2f1bc4a561e6ad0c686b0794,,gx-no-cache=1521115040626 HTTP/1.1" 200 4215
192.168.10.89 - - [15/Mar/2018:08:59:13 -0300] "POST /cormun/servlet/solicitudot?gx-no-cache=1521114988712 HTTP/1.1" 200 3284
192.168.10.89 - - [15/Mar/2018:08:59:13 -0300] "POST /cormun/servlet/solicitudot?f84a6d7f86a88bb028bda60fd802c1ce,INS,0,0,,gx-no-cache=1521114988900 HTTP/1.1" 200 10271
192.168.10.89 - - [15/Mar/2018:08:59:14 -0300] "GET /cormun/servlet/solicitudot?07c71f7bca0064ad8e2ee76a789fae64d4a01f2d45da8da531eb81eb2493a545083aa123362607574d14cf18548a26f9,gx-no-cache=1521114989819 HTTP/1.1" 200 30
186.103.159.182 - - [15/Mar/2018:08:59:18 -0300] "POST /cormun/servlet/trsolicitudot?9835068b2f1bc4a561e6ad0c686b0794,,gx-no-cache=1521115048692 HTTP/1.1" 200 4215
186.103.157.246 - - [15/Mar/2018:08:59:20 -0300] "GET /cormun/static/menuarrow.gif HTTP/1.1" 404 1015
192.168.10.50 - - [15/Mar/2018:08:59:20 -0300] "POST /cormun/servlet/trsolicitudgral?c1f9f1ef29a32051d853c9f30a7e87ac,,gx-no-cache=1521114996122 HTTP/1.1" 200 8020
186.103.159.182 - - [15/Mar/2018:08:59:22 -0300] "POST /cormun/servlet/trsolicitudot?9835068b2f1bc4a561e6ad0c686b0794,,gx-no-cache=1521115052731 HTTP/1.1" 200 4215
200.120.230.197 - - [15/Mar/2018:08:59:24 -0300] "POST /cormun/servlet/solicitudot?f039355732bddb718fcc17d7d951040a,INS,0,0,,gx-no-cache=1521115119898 HTTP/1.1" 200 93
200.120.230.197 - - [15/Mar/2018:08:59:24 -0300] "GET /cormun/servlet/hpexe_return? HTTP/1.1" 200 1008
200.120.230.197 - - [15/Mar/2018:08:59:24 -0300] "GET /cormun/static/gxcfg.js?2016101716175148 HTTP/1.1" 304 -
200.120.230.197 - - [15/Mar/2018:08:59:25 -0300] "GET /cormun/servlet/trsolicitudot HTTP/1.1" 200 8790
200.120.230.197 - - [15/Mar/2018:08:59:27 -0300] "GET /cormun/servlet/trsolicitudot HTTP/1.1" 200 8785
186.103.159.182 - - [15/Mar/2018:08:59:27 -0300] "POST /cormun/servlet/trsolicitudot?9835068b2f1bc4a561e6ad0c686b0794,,gx-no-cache=1521115057332 HTTP/1.1" 200 4217
192.168.10.50 - - [15/Mar/2018:08:59:35 -0300] "POST /cormun/servlet/trsolicitudgral?c1f9f1ef29a32051d853c9f30a7e87ac,,gx-no-cache=1521115010672 HTTP/1.1" 200 13216
186.79.60.134 - - [15/Mar/2018:08:59:40 -0300] "GET /cormun/servlet/vesolicitudot?2018,10496,, HTTP/1.1" 200 8605
186.79.60.134 - - [15/Mar/2018:08:59:41 -0300] "GET /cormun/pexe_scrolldiv.js HTTP/1.1" 404 1009
186.79.60.134 - - [15/Mar/2018:08:59:41 -0300] "GET /cormun/static/gxcfg.js?2017111422591385 HTTP/1.1" 304 -
186.79.60.134 - - [15/Mar/2018:08:59:41 -0300] "GET /cormun/pexe_scrolldiv.js HTTP/1.1" 404 1009
186.79.60.134 - - [15/Mar/2018:08:59:42 -0300] "GET /cormun/servlet/vesolicitudot?2018,10496,, HTTP/1.1" 200 8605
192.168.10.50 - - [15/Mar/2018:08:59:44 -0300] "POST /cormun/servlet/trsolicitudgral?c1f9f1ef29a32051d853c9f30a7e87ac,,gx-no-cache=1521115019889 HTTP/1.1" 200 7870
192.168.10.50 - - [15/Mar/2018:09:00:04 -0300] "POST /cormun/servlet/trsolicitudgral?c1f9f1ef29a32051d853c9f30a7e87ac,,gx-no-cache=1521115040410 HTTP/1.1" 200 116
192.168.10.50 - - [15/Mar/2018:09:00:04 -0300] "GET /cormun/servlet/solicitudotlog?INS,2018,10268,0,REC, HTTP/1.1" 200 6265
192.168.10.50 - - [15/Mar/2018:09:00:04 -0300] "GET /cormun/static/gxcfg.js?2017761245646 HTTP/1.1" 304 -
192.168.10.50 - - [15/Mar/2018:09:00:05 -0300] "GET /cormun/servlet/solicitudotlog?INS,2018,10268,0,REC, HTTP/1.1" 200 6265
192.168.10.50 - - [15/Mar/2018:09:00:05 -0300] "GET /cormun/servlet/solicitudotlog?6bbf0a124a70029dacab66a23da73ff6f8c1ee919b7a419d087e3863dc51e2b1b06dd047db04b101dd554e40437a78624505b79b836936bf1960698c6f55f028b0376e710bbdf27779fdd1843f961e493c51d2fc67fda47312379046da61d362f81d29894765a41b355677006f6deb09f7cc543af1ac678315a2390d08db1363484d4e3db35c79c98af6912300edfb3959727125a5e3fbd575f40e920beaea0d,gx-no-cache=1521115041367 HTTP/1.1" 200 94
192.168.10.50 - - [15/Mar/2018:09:00:13 -0300] "POST /cormun/servlet/solicitudotlog?c1f9f1ef29a32051d853c9f30a7e87ac,INS,2018,10268,0,REC,,gx-no-cache=1521115048856 HTTP/1.1" 200 93
192.168.10.50 - - [15/Mar/2018:09:00:13 -0300] "GET /cormun/servlet/hpexe_return? HTTP/1.1" 200 1020
192.168.10.50 - - [15/Mar/2018:09:00:13 -0300] "GET /cormun/static/gxcfg.js?2016101716175148 HTTP/1.1" 304 -
192.168.10.50 - - [15/Mar/2018:09:00:13 -0300] "GET /cormun/servlet/trsolicitudgral? HTTP/1.1" 200 10896
192.168.10.50 - - [15/Mar/2018:09:00:13 -0300] "GET /cormun/servlet/trsolicitudgral? HTTP/1.1" 200 10891
192.168.10.50 - - [15/Mar/2018:09:00:17 -0300] "POST /cormun/servlet/trsolicitudgral?c1f9f1ef29a32051d853c9f30a7e87ac,,gx-no-cache=1521115052783 HTTP/1.1" 200 7895
192.168.10.50 - - [15/Mar/2018:09:00:17 -0300] "GET /cormun/static/Shared/jqueryui/images/ui-bg_highlight-soft_100_c6c2c8_1x100.png HTTP/1.1" 404 1117
192.168.10.50 - - [15/Mar/2018:09:00:17 -0300] "GET /cormun/static/Shared/jqueryui/images/ui-icons_82798d_256x240.png HTTP/1.1" 404 1089
192.168.10.50 - - [15/Mar/2018:09:00:17 -0300] "GET /cormun/static/Shared/jqueryui/images/ui-bg_flat_55_fafafa_40x100.png HTTP/1.1" 404 1097
192.168.10.50 - - [15/Mar/2018:09:00:17 -0300] "GET /cormun/static/Shared/jqueryui/images/ui-icons_8d78a5_256x240.png HTTP/1.1" 404 1089
192.168.10.89 - - [15/Mar/2018:09:00:19 -0300] "POST /cormun/servlet/solicitudot?f84a6d7f86a88bb028bda60fd802c1ce,INS,0,0,,gx-no-cache=1521115055536 HTTP/1.1" 200 10459
192.168.10.89 - - [15/Mar/2018:09:00:20 -0300] "GET /cormun/static/Shared/jqueryui/images/ui-icons_82798d_256x240.png HTTP/1.1" 404 1089
192.168.10.89 - - [15/Mar/2018:09:00:20 -0300] "GET /cormun/static/Shared/jqueryui/images/ui-bg_highlight-soft_100_c6c2c8_1x100.png HTTP/1.1" 404 1117
192.168.10.89 - - [15/Mar/2018:09:00:20 -0300] "GET /cormun/static/Shared/jqueryui/images/ui-bg_flat_55_fafafa_40x100.png HTTP/1.1" 404 1097
192.168.10.89 - - [15/Mar/2018:09:00:20 -0300] "GET /cormun/static/Shared/jqueryui/images/ui-icons_8d78a5_256x240.png HTTP/1.1" 404 1089
192.168.10.89 - - [15/Mar/2018:09:00:23 -0300] "GET /cormun/servlet/solicitudot?07c71f7bca0064ad8e2ee76a789fae64a6413b34b9f3a913eda8f678a9ec7ba90b65a279a661292c62f576a76106d305c238fc30e2833f48c6713ea4240fdf23,gx-no-cache=1521115058986 HTTP/1.1" 200 30
192.168.10.89 - - [15/Mar/2018:09:00:23 -0300] "GET /cormun/servlet/solicitudot?07c71f7bca0064ad8e2ee76a789fae6441d75c9702d1036f9a7c0f601e6a559e,gx-no-cache=1521115059010 HTTP/1.1" 200 29
192.168.10.89 - - [15/Mar/2018:09:00:23 -0300] "POST /cormun/servlet/solicitudot?gx-no-cache=1521115059039 HTTP/1.1" 200 297
192.168.10.89 - - [15/Mar/2018:09:00:23 -0300] "GET /cormun/servlet/solicitudot?07c71f7bca0064ad8e2ee76a789fae6429904b89fdb3b58f51010dedc78496660ddb8b794a73ba7f1d7c1eb172efada8aa765d1bf7e1aa4937d0d058e9cd63a8fba3fc02605408e1a6c286e08c07bb67e74e7a3acf9c4ebce7384890fc4cd59b73a1f6ad226bc6c4ad4344ceba9cc86d11a2663779bfccfd68a7ac2a030e99c8f2e11afa4ca842f1a19c615354e9b6f408b5d75249e6573d6e82667556b9e1e611e6f661efa497c2e5c692a92d355ddd90d49f860335290f899cef888bedadcaf76b54f1d0ba99e0e65f31a1594234d4f0e423b8448885b35f597ec4ad4dae5cf3d71bf76a665d2d721efa9ecb621c53228661a3119b0ceee3c9f3943fc7603746abe0a7c67ea8b53cd4db01a00056ec649f56010db96d255012476f18ee2bb50c8340de1a3aeb45850093f3cd24d4e01d32659b12fcb3bfab9fc713bf86dfb576e6653c95791f94e34f08ded6f17d80410bf6b7df753b40d63de8937a951df6e34ec71987fc0ef4b1e6deea0fe951345866291b6f10ba4a65654f9d89de3c38edc60018f568844e7a5b5187de9520ed,gx-no-cache=1521115059064 HTTP/1.1" 200 30
192.168.10.89 - - [15/Mar/2018:09:00:24 -0300] "POST /cormun/servlet/solicitudot?gx-no-cache=1521115060631 HTTP/1.1" 200 30
192.168.10.89 - - [15/Mar/2018:09:00:26 -0300] "GET /cormun/servlet/prsolicitudot?20106305,,,,,MD,,gxPopupLevel%3D0%3B HTTP/1.1" 200 5974
186.103.159.182 - - [15/Mar/2018:09:00:27 -0300] "POST /cormun/servlet/trsolicitudot?9835068b2f1bc4a561e6ad0c686b0794,,gx-no-cache=1521115116173 HTTP/1.1" 200 4221
192.168.10.89 - - [15/Mar/2018:09:00:28 -0300] "POST /cormun/servlet/solicitudot?gx-no-cache=1521115064207 HTTP/1.1" 200 1333
192.168.10.89 - - [15/Mar/2018:09:00:28 -0300] "POST /cormun/servlet/solicitudot?gx-no-cache=1521115064309 HTTP/1.1" 200 38
192.168.10.89 - - [15/Mar/2018:09:00:28 -0300] "GET /cormun/servlet/solicitudot?07c71f7bca0064ad8e2ee76a789fae6450bb76c9fc517b55cadb5563224a111215a2141448767bbc7f2141122d0552ff6f76431aacd079b1a2b7eb2af0adcbfb58c4d3d4c350122f86f1db352673dc3950850d5cbcef5e8675d7d475e9d287448a3351335e2eb0dea19fbf0ae0069ef7,gx-no-cache=1521115064333 HTTP/1.1" 200 29
192.168.10.89 - - [15/Mar/2018:09:00:28 -0300] "POST /cormun/servlet/solicitudot?gx-no-cache=1521115064353 HTTP/1.1" 200 1318
192.168.10.89 - - [15/Mar/2018:09:00:28 -0300] "POST /cormun/servlet/solicitudot?gx-no-cache=1521115064388 HTTP/1.1" 200 1215
192.168.10.89 - - [15/Mar/2018:09:00:28 -0300] "GET /cormun/servlet/solicitudot?07c71f7bca0064ad8e2ee76a789fae64523c4d5d8d8c892618a2328b48b69f7b795fa3024d0fa74721f40c7cd09e6f63,gx-no-cache=1521115064431 HTTP/1.1" 200 30
186.103.159.182 - - [15/Mar/2018:09:00:35 -0300] "POST /cormun/servlet/trsolicitudot?9835068b2f1bc4a561e6ad0c686b0794,,gx-no-cache=1521115124951 HTTP/1.1" 200 4219
192.168.10.50 - - [15/Mar/2018:09:00:37 -0300] "POST /cormun/servlet/trsolicitudgral?c1f9f1ef29a32051d853c9f30a7e87ac,,gx-no-cache=1521115073284 HTTP/1.1" 200 13224
186.103.159.182 - - [15/Mar/2018:09:00:40 -0300] "POST /cormun/servlet/trsolicitudot?9835068b2f1bc4a561e6ad0c686b0794,,gx-no-cache=1521115130598 HTTP/1.1" 200 4220
192.168.10.50 - - [15/Mar/2018:09:00:45 -0300] "POST /cormun/servlet/trsolicitudgral?c1f9f1ef29a32051d853c9f30a7e87ac,,gx-no-cache=1521115080916 HTTP/1.1" 200 7620
192.168.10.50 - - [15/Mar/2018:09:00:53 -0300] "POST /cormun/servlet/trsolicitudgral?c1f9f1ef29a32051d853c9f30a7e87ac,,gx-no-cache=1521115088701 HTTP/1.1" 200 7653
192.168.10.50 - - [15/Mar/2018:09:00:59 -0300] "POST /cormun/servlet/trsolicitudgral?c1f9f1ef29a32051d853c9f30a7e87ac,,gx-no-cache=1521115095209 HTTP/1.1" 200 7618
200.120.230.197 - - [15/Mar/2018:09:01:00 -0300] "POST /cormun/servlet/vesolicitudot?f039355732bddb718fcc17d7d951040a,2018,10496,,,gx-no-cache=1521115216493 HTTP/1.1" 200 90
200.120.230.197 - - [15/Mar/2018:09:01:00 -0300] "GET /cormun/servlet/hpexe_link HTTP/1.1" 200 967
200.120.230.197 - - [15/Mar/2018:09:01:01 -0300] "GET /cormun/servlet/trsolicitudot HTTP/1.1" 200 9291
200.120.230.197 - - [15/Mar/2018:09:01:03 -0300] "GET /cormun/servlet/trsolicitudot HTTP/1.1" 200 9290
192.168.10.89 - - [15/Mar/2018:09:01:07 -0300] "GET /cormun/servlet/solicitudot?07c71f7bca0064ad8e2ee76a789fae6450bb76c9fc517b55cadb5563224a111215a2141448767bbc7f2141122d0552ff6f76431aacd079b1a2b7eb2af0adcbfb58c4d3d4c350122f86f1db352673dc3950850d5cbcef5e8675d7d475e9d287448a3351335e2eb0dea19fbf0ae0069ef7,gx-no-cache=1521115103075 HTTP/1.1" 200 29
192.168.10.89 - - [15/Mar/2018:09:01:07 -0300] "POST /cormun/servlet/solicitudot?gx-no-cache=1521115103112 HTTP/1.1" 200 1317
192.168.10.89 - - [15/Mar/2018:09:01:07 -0300] "POST /cormun/servlet/solicitudot?gx-no-cache=1521115103161 HTTP/1.1" 200 1215
192.168.10.50 - - [15/Mar/2018:09:01:08 -0300] "POST /cormun/servlet/trsolicitudgral?c1f9f1ef29a32051d853c9f30a7e87ac,,gx-no-cache=1521115104362 HTTP/1.1" 200 7278
200.73.230.197 - - [15/Mar/2018:09:01:13 -0300] "POST /cormun/servlet/solicitudot?gx-no-cache=1521115222558 HTTP/1.1" 200 3366
192.168.10.89 - - [15/Mar/2018:09:01:13 -0300] "GET /cormun/servlet/solicitudot?07c71f7bca0064ad8e2ee76a789fae64523c4d5d8d8c892618a2328b48b69f7b795fa3024d0fa74721f40c7cd09e6f63,gx-no-cache=1521115109049 HTTP/1.1" 200 30
192.168.10.89 - - [15/Mar/2018:09:01:13 -0300] "POST /cormun/servlet/solicitudot?gx-no-cache=1521115109310 HTTP/1.1" 200 33
200.73.230.197 - - [15/Mar/2018:09:01:13 -0300] "POST /cormun/servlet/solicitudot?b20f71aa67ef385a4af4209f6f600451,INS,0,0,,gx-no-cache=1521115223184 HTTP/1.1" 200 10318
192.168.10.89 - - [15/Mar/2018:09:01:17 -0300] "POST /cormun/servlet/solicitudot?f84a6d7f86a88bb028bda60fd802c1ce,INS,0,0,,gx-no-cache=1521115112924 HTTP/1.1" 200 93
192.168.10.89 - - [15/Mar/2018:09:01:17 -0300] "GET /cormun/servlet/hpexe_return? HTTP/1.1" 200 1030
192.168.10.89 - - [15/Mar/2018:09:01:17 -0300] "GET /cormun/servlet/trsolicitudot?gx-no-cache=1521114743733 HTTP/1.1" 200 8935
192.168.10.89 - - [15/Mar/2018:09:01:20 -0300] "POST /cormun/servlet/trsolicitudot?f84a6d7f86a88bb028bda60fd802c1ce,gx-no-cache=1521114743733,gx-no-cache=1521115116366 HTTP/1.1" 200 5976
192.168.10.50 - - [15/Mar/2018:09:01:24 -0300] "POST /cormun/servlet/trsolicitudgral?c1f9f1ef29a32051d853c9f30a7e87ac,,gx-no-cache=1521115120578 HTTP/1.1" 200 6124
192.168.10.89 - - [15/Mar/2018:09:01:33 -0300] "POST /cormun/servlet/trsolicitudot?f84a6d7f86a88bb028bda60fd802c1ce,gx-no-cache=1521114743733,gx-no-cache=1521115129344 HTTP/1.1" 200 19269
192.168.10.89 - - [15/Mar/2018:09:01:40 -0300] "POST /cormun/servlet/trsolicitudot?f84a6d7f86a88bb028bda60fd802c1ce,gx-no-cache=1521114743733,gx-no-cache=1521115135821 HTTP/1.1" 200 19307
192.168.10.89 - - [15/Mar/2018:09:01:42 -0300] "POST /cormun/servlet/trsolicitudot?f84a6d7f86a88bb028bda60fd802c1ce,gx-no-cache=1521114743733,gx-no-cache=1521115137799 HTTP/1.1" 200 19246
192.168.10.50 - - [15/Mar/2018:09:01:42 -0300] "POST /cormun/servlet/trsolicitudgral?c1f9f1ef29a32051d853c9f30a7e87ac,,gx-no-cache=1521115138305 HTTP/1.1" 200 16094
192.168.10.89 - - [15/Mar/2018:09:01:43 -0300] "GET /cormun/static/Shared/jqueryui/images/ui-bg_highlight-soft_100_c6c2c8_1x100.png HTTP/1.1" 404 1117
192.168.10.89 - - [15/Mar/2018:09:01:43 -0300] "GET /cormun/static/Shared/jqueryui/images/ui-bg_flat_55_fafafa_40x100.png HTTP/1.1" 404 1097
192.168.10.89 - - [15/Mar/2018:09:01:43 -0300] "GET /cormun/static/Shared/jqueryui/images/ui-icons_8d78a5_256x240.png HTTP/1.1" 404 1089
192.168.10.89 - - [15/Mar/2018:09:01:43 -0300] "GET /cormun/static/Shared/jqueryui/images/ui-icons_82798d_256x240.png HTTP/1.1" 404 1089
192.168.10.89 - - [15/Mar/2018:09:01:50 -0300] "POST /cormun/servlet/trsolicitudot?f84a6d7f86a88bb028bda60fd802c1ce,gx-no-cache=1521114743733,gx-no-cache=1521115146547 HTTP/1.1" 200 5681
186.79.60.134 - - [15/Mar/2018:09:01:55 -0300] "POST /cormun/servlet/trsolicitudot?f039355732bddb718fcc17d7d951040a,gx-no-cache=1521115271809 HTTP/1.1" 200 107
186.79.60.134 - - [15/Mar/2018:09:01:56 -0300] "GET /cormun/servlet/trsolicitudadjuntos?2018,10496, HTTP/1.1" 200 6327
186.79.60.134 - - [15/Mar/2018:09:01:56 -0300] "GET /cormun/static/gxcfg.js?20177612135366 HTTP/1.1" 200 953
186.79.60.134 - - [15/Mar/2018:09:01:56 -0300] "GET /cormun/static/trsolicitudadjuntos.js?20177612135632 HTTP/1.1" 200 17922
186.79.60.134 - - [15/Mar/2018:09:01:57 -0300] "GET /cormun/servlet/trsolicitudadjuntos?2018,10496, HTTP/1.1" 200 6327
186.79.60.134 - - [15/Mar/2018:09:01:59 -0300] "GET /cormun/servlet/solicitudotadjuntos?INS,2018,10496,,1, HTTP/1.1" 200 6274
186.79.60.134 - - [15/Mar/2018:09:01:59 -0300] "GET /cormun/static/gxcfg.js?2017761244068 HTTP/1.1" 304 -
186.79.60.134 - - [15/Mar/2018:09:02:00 -0300] "GET /cormun/static/about:blank HTTP/1.1" 404 1011
186.79.60.134 - - [15/Mar/2018:09:02:00 -0300] "GET /cormun/servlet/solicitudotadjuntos?INS,2018,10496,,1, HTTP/1.1" 200 6267
186.79.60.134 - - [15/Mar/2018:09:02:00 -0300] "GET /cormun/servlet/solicitudotadjuntos?5ae84c1fbc4ca50bc4dd4a618947615b5cd6f84d6f06d2e39ac494e99640cc5cc127a430d36fdc1ec5df594210345358,gx-no-cache=1521115277111 HTTP/1.1" 200 30
186.79.60.134 - - [15/Mar/2018:09:02:01 -0300] "POST /cormun/servlet/solicitudotadjuntos?f039355732bddb718fcc17d7d951040a,INS,2018,10496,,1,,gx-no-cache=1521115277289 HTTP/1.1" 200 3989
186.79.60.134 - - [15/Mar/2018:09:02:03 -0300] "POST /cormun/servlet/solicitudotadjuntos?gx-no-cache=1521115279524 HTTP/1.1" 200 26
192.168.10.62 - - [15/Mar/2018:09:02:03 -0300] "GET /cormun/servlet/trconsultaempleado? HTTP/1.1" 200 5434
192.168.10.62 - - [15/Mar/2018:09:02:04 -0300] "GET /cormun/servlet/hlogin HTTP/1.1" 200 1747
192.168.10.62 - - [15/Mar/2018:09:02:04 -0300] "GET /cormun/servlet/trconsultaempleado? HTTP/1.1" 200 5419
186.103.159.182 - - [15/Mar/2018:09:02:05 -0300] "GET /cormun/servlet/trautorizarsolicitud? HTTP/1.1" 200 7366
186.103.159.182 - - [15/Mar/2018:09:02:05 -0300] "GET /cormun/static/gxcfg.js?2017111423403364 HTTP/1.1" 304 -
192.168.10.89 - - [15/Mar/2018:09:02:06 -0300] "POST /cormun/servlet/trsolicitudot?f84a6d7f86a88bb028bda60fd802c1ce,gx-no-cache=1521114743733,gx-no-cache=1521115161913 HTTP/1.1" 200 4491
186.103.159.182 - - [15/Mar/2018:09:02:06 -0300] "GET /cormun/servlet/trautorizarsolicitud? HTTP/1.1" 200 7366
192.168.10.89 - - [15/Mar/2018:09:02:06 -0300] "POST /cormun/servlet/trsolicitudot?f84a6d7f86a88bb028bda60fd802c1ce,gx-no-cache=1521114743733,gx-no-cache=1521115162231 HTTP/1.1" 200 4251
186.103.159.182 - - [15/Mar/2018:09:02:10 -0300] "GET /cormun/static/menuarrow.gif HTTP/1.1" 404 1015
192.168.10.62 - - [15/Mar/2018:09:02:13 -0300] "POST /cormun/servlet/hlogin?d4002cf01afb458b6e17299702a21b5c,gx-no-cache=1521115169546 HTTP/1.1" 200 90
192.168.10.62 - - [15/Mar/2018:09:02:13 -0300] "GET /cormun/servlet/hpexe_link HTTP/1.1" 200 964
186.79.60.134 - - [15/Mar/2018:09:02:14 -0300] "GET /cormun/servlet/solicitudotadjuntos?5ae84c1fbc4ca50bc4dd4a618947615bc07493de36105ceb835f5a5114c5925e,gx-no-cache=1521115290310 HTTP/1.1" 200 30
200.73.230.197 - - [15/Mar/2018:09:02:14 -0300] "GET /cormun/servlet/solicitudot?eee459f9e2a6728466db9b4ed50477def4e9b61b5698accc5e5e26216ffd8c9daf02a718579b696a838ebbc689c8c0bd,gx-no-cache=1521115283804 HTTP/1.1" 200 30
186.79.60.134 - - [15/Mar/2018:09:02:14 -0300] "GET /cormun/servlet/solicitudotadjuntos?5ae84c1fbc4ca50bc4dd4a618947615bc07493de36105ceb835f5a5114c5925e,gx-no-cache=1521115290518 HTTP/1.1" 200 30
192.168.10.62 - - [15/Mar/2018:09:02:14 -0300] "GET /cormun/servlet/trconsultaempleado HTTP/1.1" 200 10078
200.73.230.197 - - [15/Mar/2018:09:02:14 -0300] "GET /cormun/servlet/solicitudot?eee459f9e2a6728466db9b4ed50477de3627fe19e72001ea9d734574a4fd3499,gx-no-cache=1521115284039 HTTP/1.1" 200 94
200.73.230.197 - - [15/Mar/2018:09:02:14 -0300] "GET /cormun/static/Shared/jqueryui/images/ui-bg_highlight-soft_100_c6c2c8_1x100.png HTTP/1.1" 404 1117
200.73.230.197 - - [15/Mar/2018:09:02:14 -0300] "GET /cormun/static/Shared/jqueryui/images/ui-icons_82798d_256x240.png HTTP/1.1" 404 1089
200.73.230.197 - - [15/Mar/2018:09:02:14 -0300] "GET /cormun/static/Shared/jqueryui/images/ui-bg_flat_55_994d53_40x100.png HTTP/1.1" 404 1097
200.73.230.197 - - [15/Mar/2018:09:02:14 -0300] "GET /cormun/static/Shared/jqueryui/images/ui-icons_ebccce_256x240.png HTTP/1.1" 404 1089
200.73.230.197 - - [15/Mar/2018:09:02:14 -0300] "GET /cormun/servlet/solicitudot?eee459f9e2a6728466db9b4ed50477dec02c06005a371470b3677cbe6d5d37ac,gx-no-cache=1521115284518 HTTP/1.1" 200 123
200.73.230.197 - - [15/Mar/2018:09:02:15 -0300] "POST /cormun/servlet/solicitudot?gx-no-cache=1521115284701 HTTP/1.1" 200 240
200.73.230.197 - - [15/Mar/2018:09:02:15 -0300] "GET /cormun/servlet/solicitudot?eee459f9e2a6728466db9b4ed50477dec90af4c2ca14a6c4bf4f8e3d3296617ec923268763e01bec1f7dfd5a22fa4bf988c2ae1eb3db544df4f855325bb23a0bc4e2cf922c8d18a3ff25fcb3eece07de4cbc015628807017dc718157ca09c1af7cb419155bb0f40ff94b1a79955d4b5f468ec643709c9a58b241dbdfbd99fa7352d9fc29ad5565a6a1916eb750144c795c3156485ad36a23671e60054c86deb311e8eeb7f497cf0d073a576f20546704bf554ebe4c7644f8d95b9cf17b4907a28284525d074a39db8a941978faf0fc7bf83541fee283b3047400ba906cc7b46e57685aae7f6fe2da83c895551c4fd1bfb9675d7446a54136420f5806331babd185ea798f8fed609d0418486a72dfc2edc191fc31dcbc5fc22a28a329104f2b11b3c10d94b76f87c9662f34fa1a76042e4945d5e943de7cc07d01af372e7745baab85a031d9f73375b636cfd5e5eddc68ae480fa2941170a025f42d2159e9620e446558c5ab97dfc9c5ab1b69d67c8666d986d480ee8cd2030cb7f6178a5e0dfe,gx-no-cache=1521115284830 HTTP/1.1" 200 30
192.168.10.62 - - [15/Mar/2018:09:02:15 -0300] "GET /cormun/servlet/trconsultaempleado HTTP/1.1" 200 10076
200.73.230.197 - - [15/Mar/2018:09:02:18 -0300] "POST /cormun/servlet/solicitudot?gx-no-cache=1521115287765 HTTP/1.1" 200 30
192.168.10.62 - - [15/Mar/2018:09:02:18 -0300] "GET /cormun/servlet/trconsultaempleado? HTTP/1.1" 200 10076
192.168.10.62 - - [15/Mar/2018:09:02:18 -0300] "GET /cormun/servlet/trconsultaempleado? HTTP/1.1" 200 10076
186.79.60.134 - - [15/Mar/2018:09:02:22 -0300] "POST /cormun/servlet/solicitudotadjuntos?f039355732bddb718fcc17d7d951040a,INS,2018,10496,,1, HTTP/1.1" 200 116
186.103.159.182 - - [15/Mar/2018:09:02:22 -0300] "POST /cormun/servlet/trautorizarsolicitud?9835068b2f1bc4a561e6ad0c686b0794,,gx-no-cache=1521115232768 HTTP/1.1" 200 5737
186.79.60.134 - - [15/Mar/2018:09:02:22 -0300] "GET /cormun/servlet/hpexe_return? HTTP/1.1" 200 1028
186.79.60.134 - - [15/Mar/2018:09:02:25 -0300] "GET /cormun/servlet/trsolicitudadjuntos?2018,10496, HTTP/1.1" 200 8772
200.73.230.197 - - [15/Mar/2018:09:02:25 -0300] "POST /cormun/servlet/solicitudot?gx-no-cache=1521115295257 HTTP/1.1" 200 1338
200.73.230.197 - - [15/Mar/2018:09:02:26 -0300] "POST /cormun/servlet/solicitudot?gx-no-cache=1521115295730 HTTP/1.1" 200 38
186.79.60.134 - - [15/Mar/2018:09:02:27 -0300] "GET /cormun/servlet/trsolicitudadjuntos?2018,10496, HTTP/1.1" 200 8770
200.120.230.197 - - [15/Mar/2018:09:02:29 -0300] "GET /cormun/servlet/solicitudotadjuntos?INS,2018,10496,,1, HTTP/1.1" 200 6274
200.120.230.197 - - [15/Mar/2018:09:02:29 -0300] "GET /cormun/static/about:blank HTTP/1.1" 404 1011
200.120.230.197 - - [15/Mar/2018:09:02:30 -0300] "GET /cormun/servlet/solicitudotadjuntos?INS,2018,10496,,1, HTTP/1.1" 200 6267
192.168.10.62 - - [15/Mar/2018:09:02:30 -0300] "POST /cormun/servlet/trconsultaempleado?d4002cf01afb458b6e17299702a21b5c,,gx-no-cache=1521115186308 HTTP/1.1" 200 4740
200.120.230.197 - - [15/Mar/2018:09:02:30 -0300] "GET /cormun/servlet/solicitudotadjuntos?5ae84c1fbc4ca50bc4dd4a618947615b5cd6f84d6f06d2e39ac494e99640cc5cc127a430d36fdc1ec5df594210345358,gx-no-cache=1521115307036 HTTP/1.1" 200 30
200.120.230.197 - - [15/Mar/2018:09:02:31 -0300] "POST /cormun/servlet/solicitudotadjuntos?f039355732bddb718fcc17d7d951040a,INS,2018,10496,,1,,gx-no-cache=1521115307118 HTTP/1.1" 200 3989
200.120.230.197 - - [15/Mar/2018:09:02:34 -0300] "POST /cormun/servlet/solicitudotadjuntos?gx-no-cache=1521115310355 HTTP/1.1" 200 26
192.168.10.62 - - [15/Mar/2018:09:02:34 -0300] "GET /cormun/servlet/trsolicitudnombre?10325357, HTTP/1.1" 200 9041
192.168.10.62 - - [15/Mar/2018:09:02:35 -0300] "GET /cormun/servlet/trsolicitudnombre?10325357, HTTP/1.1" 200 9044
192.168.10.89 - - [15/Mar/2018:09:02:37 -0300] "GET /cormun/static/Shared/jqueryui/images/ui-bg_highlight-soft_100_eae6ea_1x100.png HTTP/1.1" 404 1117
192.168.10.89 - - [15/Mar/2018:09:02:37 -0300] "GET /cormun/servlet/hlogin HTTP/1.1" 200 1760
200.120.230.197 - - [15/Mar/2018:09:02:38 -0300] "GET /cormun/servlet/solicitudotadjuntos?5ae84c1fbc4ca50bc4dd4a618947615bc07493de36105ceb835f5a5114c5925e,gx-no-cache=1521115315005 HTTP/1.1" 200 30
200.120.230.197 - - [15/Mar/2018:09:02:38 -0300] "GET /cormun/servlet/solicitudotadjuntos?5ae84c1fbc4ca50bc4dd4a618947615bc07493de36105ceb835f5a5114c5925e,gx-no-cache=1521115315139 HTTP/1.1" 200 30
192.168.10.62 - - [15/Mar/2018:09:02:41 -0300] "GET /cormun/servlet/vesolicitudnombre?2018,10017,, HTTP/1.1" 200 8752
192.168.10.62 - - [15/Mar/2018:09:02:41 -0300] "GET /cormun/pexe_scrolldiv.js HTTP/1.1" 404 1009
192.168.10.62 - - [15/Mar/2018:09:02:41 -0300] "GET /cormun/pexe_scrolldiv.js HTTP/1.1" 404 1009
192.168.10.62 - - [15/Mar/2018:09:02:42 -0300] "GET /cormun/servlet/vesolicitudnombre?2018,10017,, HTTP/1.1" 200 8746
200.120.230.197 - - [15/Mar/2018:09:02:45 -0300] "POST /cormun/servlet/solicitudotadjuntos?f039355732bddb718fcc17d7d951040a,INS,2018,10496,,1, HTTP/1.1" 200 116
200.120.230.197 - - [15/Mar/2018:09:02:45 -0300] "GET /cormun/servlet/hpexe_return? HTTP/1.1" 200 1028
200.120.230.197 - - [15/Mar/2018:09:02:45 -0300] "GET /cormun/servlet/trsolicitudadjuntos?2018,10496, HTTP/1.1" 200 8997
200.120.230.197 - - [15/Mar/2018:09:02:47 -0300] "GET /cormun/servlet/trsolicitudadjuntos?2018,10496, HTTP/1.1" 200 8997
192.168.10.62 - - [15/Mar/2018:09:02:47 -0300] "GET /cormun/servlet/vesolicitudnombre?2018,10017,,SolicitudOTLog HTTP/1.1" 200 9533
192.168.10.62 - - [15/Mar/2018:09:02:47 -0300] "GET /cormun/pexe_scrolldiv.js HTTP/1.1" 404 1009
192.168.10.62 - - [15/Mar/2018:09:02:47 -0300] "GET /cormun/pexe_scrolldiv.js HTTP/1.1" 404 1009
192.168.10.62 - - [15/Mar/2018:09:02:47 -0300] "GET /cormun/static/tbsolicitudnombre03.js?20173171132461 HTTP/1.1" 200 13352
192.168.10.62 - - [15/Mar/2018:09:02:47 -0300] "GET /cormun/static/gxui/gxui-all.css HTTP/1.1" 200 2179
192.168.10.62 - - [15/Mar/2018:09:02:47 -0300] "GET /cormun/servlet/vesolicitudnombre?2018,10017,,SolicitudOTLog HTTP/1.1" 200 9534
192.168.10.62 - - [15/Mar/2018:09:02:48 -0300] "POST /cormun/servlet/acontrolpreferencessavestate?None,FGONZALEZ,true HTTP/1.1" 200 35
200.120.230.197 - - [15/Mar/2018:09:02:48 -0300] "GET /cormun/servlet/solicitudotadjuntos?INS,2018,10496,,1, HTTP/1.1" 200 6274
200.120.230.197 - - [15/Mar/2018:09:02:49 -0300] "GET /cormun/static/about:blank HTTP/1.1" 404 1011
200.120.230.197 - - [15/Mar/2018:09:02:49 -0300] "GET /cormun/servlet/solicitudotadjuntos?INS,2018,10496,,1, HTTP/1.1" 200 6267
200.120.230.197 - - [15/Mar/2018:09:02:50 -0300] "GET /cormun/servlet/solicitudotadjuntos?5ae84c1fbc4ca50bc4dd4a618947615b5cd6f84d6f06d2e39ac494e99640cc5cc127a430d36fdc1ec5df594210345358,gx-no-cache=1521115326635 HTTP/1.1" 200 30
200.120.230.197 - - [15/Mar/2018:09:02:50 -0300] "POST /cormun/servlet/solicitudotadjuntos?f039355732bddb718fcc17d7d951040a,INS,2018,10496,,1,,gx-no-cache=1521115326736 HTTP/1.1" 200 3986
200.120.230.197 - - [15/Mar/2018:09:02:53 -0300] "POST /cormun/servlet/solicitudotadjuntos?gx-no-cache=1521115329378 HTTP/1.1" 200 26
200.120.230.197 - - [15/Mar/2018:09:02:58 -0300] "GET /cormun/servlet/solicitudotadjuntos?5ae84c1fbc4ca50bc4dd4a618947615bc07493de36105ceb835f5a5114c5925e,gx-no-cache=1521115335076 HTTP/1.1" 200 30
200.120.230.197 - - [15/Mar/2018:09:02:58 -0300] "GET /cormun/servlet/solicitudotadjuntos?5ae84c1fbc4ca50bc4dd4a618947615bc07493de36105ceb835f5a5114c5925e,gx-no-cache=1521115335165 HTTP/1.1" 200 30
200.120.230.197 - - [15/Mar/2018:09:03:03 -0300] "POST /cormun/servlet/solicitudotadjuntos?f039355732bddb718fcc17d7d951040a,INS,2018,10496,,1, HTTP/1.1" 200 116
200.120.230.197 - - [15/Mar/2018:09:03:03 -0300] "GET /cormun/servlet/hpexe_return? HTTP/1.1" 200 1028
200.120.230.197 - - [15/Mar/2018:09:03:03 -0300] "GET /cormun/servlet/trsolicitudadjuntos?2018,10496, HTTP/1.1" 200 9159
200.120.230.197 - - [15/Mar/2018:09:03:05 -0300] "GET /cormun/servlet/trsolicitudadjuntos?2018,10496, HTTP/1.1" 200 9157
200.120.230.197 - - [15/Mar/2018:09:03:07 -0300] "GET /cormun/servlet/solicitudotadjuntos?INS,2018,10496,,1, HTTP/1.1" 200 6274
200.120.230.197 - - [15/Mar/2018:09:03:08 -0300] "GET /cormun/static/about:blank HTTP/1.1" 404 1011
200.120.230.197 - - [15/Mar/2018:09:03:08 -0300] "GET /cormun/servlet/solicitudotadjuntos?INS,2018,10496,,1, HTTP/1.1" 200 6267
200.120.230.197 - - [15/Mar/2018:09:03:08 -0300] "GET /cormun/servlet/solicitudotadjuntos?5ae84c1fbc4ca50bc4dd4a618947615b5cd6f84d6f06d2e39ac494e99640cc5cc127a430d36fdc1ec5df594210345358,gx-no-cache=1521115345007 HTTP/1.1" 200 30
200.120.230.197 - - [15/Mar/2018:09:03:09 -0300] "POST /cormun/servlet/solicitudotadjuntos?f039355732bddb718fcc17d7d951040a,INS,2018,10496,,1,,gx-no-cache=1521115345093 HTTP/1.1" 200 3986
200.120.230.197 - - [15/Mar/2018:09:03:12 -0300] "POST /cormun/servlet/solicitudotadjuntos?gx-no-cache=1521115348595 HTTP/1.1" 200 26
186.103.159.182 - - [15/Mar/2018:09:03:14 -0300] "POST /cormun/servlet/trautorizarsolicitud?9835068b2f1bc4a561e6ad0c686b0794,,gx-no-cache=1521115282661 HTTP/1.1" 200 23438
192.168.10.62 - - [15/Mar/2018:09:03:15 -0300] "POST /cormun/servlet/vesolicitudnombre?d4002cf01afb458b6e17299702a21b5c,2018,10017,,SolicitudOTLog,gx-no-cache=1521115231621 HTTP/1.1" 200 90
192.168.10.62 - - [15/Mar/2018:09:03:15 -0300] "GET /cormun/servlet/hpexe_link HTTP/1.1" 200 989
192.168.10.62 - - [15/Mar/2018:09:03:16 -0300] "GET /cormun/servlet/trsolicitudnombre?10325357, HTTP/1.1" 200 9052
192.168.10.62 - - [15/Mar/2018:09:03:16 -0300] "GET /cormun/servlet/trsolicitudnombre?10325357, HTTP/1.1" 200 9052
200.120.230.197 - - [15/Mar/2018:09:03:17 -0300] "GET /cormun/servlet/solicitudotadjuntos?5ae84c1fbc4ca50bc4dd4a618947615bc07493de36105ceb835f5a5114c5925e,gx-no-cache=1521115353365 HTTP/1.1" 200 30
200.120.230.197 - - [15/Mar/2018:09:03:17 -0300] "GET /cormun/servlet/solicitudotadjuntos?5ae84c1fbc4ca50bc4dd4a618947615bc07493de36105ceb835f5a5114c5925e,gx-no-cache=1521115353461 HTTP/1.1" 200 30
192.168.10.62 - - [15/Mar/2018:09:03:18 -0300] "GET /cormun/servlet/vesolicitudnombre?2018,10017,, HTTP/1.1" 200 8757
192.168.10.62 - - [15/Mar/2018:09:03:18 -0300] "GET /cormun/pexe_scrolldiv.js HTTP/1.1" 404 1009
192.168.10.62 - - [15/Mar/2018:09:03:18 -0300] "GET /cormun/pexe_scrolldiv.js HTTP/1.1" 404 1009
192.168.10.62 - - [15/Mar/2018:09:03:18 -0300] "GET /cormun/servlet/vesolicitudnombre?2018,10017,, HTTP/1.1" 200 8751
200.120.230.197 - - [15/Mar/2018:09:03:20 -0300] "POST /cormun/servlet/solicitudotadjuntos?f039355732bddb718fcc17d7d951040a,INS,2018,10496,,1, HTTP/1.1" 200 116
200.120.230.197 - - [15/Mar/2018:09:03:20 -0300] "GET /cormun/servlet/hpexe_return? HTTP/1.1" 200 1028
200.120.230.197 - - [15/Mar/2018:09:03:21 -0300] "GET /cormun/servlet/trsolicitudadjuntos?2018,10496, HTTP/1.1" 200 9385
200.120.230.197 - - [15/Mar/2018:09:03:22 -0300] "GET /cormun/servlet/trsolicitudadjuntos?2018,10496, HTTP/1.1" 200 9383
200.120.230.197 - - [15/Mar/2018:09:03:24 -0300] "GET /cormun/servlet/solicitudotadjuntos?INS,2018,10496,,1, HTTP/1.1" 200 6274
200.120.230.197 - - [15/Mar/2018:09:03:25 -0300] "GET /cormun/static/about:blank HTTP/1.1" 404 1011
200.120.230.197 - - [15/Mar/2018:09:03:25 -0300] "GET /cormun/servlet/solicitudotadjuntos?INS,2018,10496,,1, HTTP/1.1" 200 6267
200.120.230.197 - - [15/Mar/2018:09:03:26 -0300] "GET /cormun/servlet/solicitudotadjuntos?5ae84c1fbc4ca50bc4dd4a618947615b5cd6f84d6f06d2e39ac494e99640cc5cc127a430d36fdc1ec5df594210345358,gx-no-cache=1521115362696 HTTP/1.1" 200 30
200.120.230.197 - - [15/Mar/2018:09:03:26 -0300] "POST /cormun/servlet/solicitudotadjuntos?f039355732bddb718fcc17d7d951040a,INS,2018,10496,,1,,gx-no-cache=1521115362779 HTTP/1.1" 200 3986
200.120.230.197 - - [15/Mar/2018:09:03:29 -0300] "POST /cormun/servlet/solicitudotadjuntos?gx-no-cache=1521115365291 HTTP/1.1" 200 26
200.120.230.197 - - [15/Mar/2018:09:03:33 -0300] "GET /cormun/servlet/solicitudotadjuntos?5ae84c1fbc4ca50bc4dd4a618947615bc07493de36105ceb835f5a5114c5925e,gx-no-cache=1521115369989 HTTP/1.1" 200 30
200.120.230.197 - - [15/Mar/2018:09:03:33 -0300] "GET /cormun/servlet/solicitudotadjuntos?5ae84c1fbc4ca50bc4dd4a618947615bc07493de36105ceb835f5a5114c5925e,gx-no-cache=1521115370093 HTTP/1.1" 200 30
200.120.230.197 - - [15/Mar/2018:09:03:38 -0300] "POST /cormun/servlet/solicitudotadjuntos?f039355732bddb718fcc17d7d951040a,INS,2018,10496,,1, HTTP/1.1" 200 116
200.120.230.197 - - [15/Mar/2018:09:03:38 -0300] "GET /cormun/servlet/hpexe_return? HTTP/1.1" 200 1028
200.120.230.197 - - [15/Mar/2018:09:03:38 -0300] "GET /cormun/servlet/trsolicitudadjuntos?2018,10496, HTTP/1.1" 200 9591
200.120.230.197 - - [15/Mar/2018:09:03:40 -0300] "GET /cormun/servlet/trsolicitudadjuntos?2018,10496, HTTP/1.1" 200 9589
200.120.230.197 - - [15/Mar/2018:09:03:41 -0300] "GET /cormun/servlet/solicitudotadjuntos?INS,2018,10496,,1, HTTP/1.1" 200 6274
200.120.230.197 - - [15/Mar/2018:09:03:42 -0300] "GET /cormun/static/about:blank HTTP/1.1" 404 1011
200.120.230.197 - - [15/Mar/2018:09:03:42 -0300] "GET /cormun/servlet/solicitudotadjuntos?INS,2018,10496,,1, HTTP/1.1" 200 6267
200.120.230.197 - - [15/Mar/2018:09:03:43 -0300] "GET /cormun/servlet/solicitudotadjuntos?5ae84c1fbc4ca50bc4dd4a618947615b5cd6f84d6f06d2e39ac494e99640cc5cc127a430d36fdc1ec5df594210345358,gx-no-cache=1521115379625 HTTP/1.1" 200 30
200.120.230.197 - - [15/Mar/2018:09:03:43 -0300] "POST /cormun/servlet/solicitudotadjuntos?f039355732bddb718fcc17d7d951040a,INS,2018,10496,,1,,gx-no-cache=1521115379716 HTTP/1.1" 200 3986
192.168.10.50 - - [15/Mar/2018:09:03:45 -0300] "POST /cormun/servlet/trsolicitudgral?c1f9f1ef29a32051d853c9f30a7e87ac,,gx-no-cache=1521115261668 HTTP/1.1" 200 8428
200.120.230.197 - - [15/Mar/2018:09:03:46 -0300] "POST /cormun/servlet/solicitudotadjuntos?gx-no-cache=1521115382380 HTTP/1.1" 200 26
200.73.230.197 - - [15/Mar/2018:09:03:49 -0300] "GET /cormun/servlet/solicitudot?eee459f9e2a6728466db9b4ed50477de679f7f92399d673452fde74bf27d43cdd8f7785850a2bfd30afa4814c5d7de0ad811d1c5568ad304d7eeaa8832ff4deab86a5ec84c2bf8f7fe9c9aa3a763e3da2947b2f9730fcf7a5545f000bce9b025df1befb510427260a0a58a62d3b95f23bdff0a2c7f9bd24c2e31760c6172c06da5abc9bc07612264151c5a51d3578ae729f0d049ed29b7a24c8cd6d8c865ead23713766047c838274966fbf54475c9545067bdedb8c7a01bbd3423c6af03514f0a5d3e957b8d3cac2584c835c8f08c9c,gx-no-cache=1521115378872 HTTP/1.1" 200 29
200.73.230.197 - - [15/Mar/2018:09:03:49 -0300] "POST /cormun/servlet/solicitudot?gx-no-cache=1521115379028 HTTP/1.1" 200 1319
200.73.230.197 - - [15/Mar/2018:09:03:49 -0300] "POST /cormun/servlet/solicitudot?gx-no-cache=1521115379239 HTTP/1.1" 200 1219
186.103.159.182 - - [15/Mar/2018:09:03:50 -0300] "POST /cormun/servlet/trautorizarsolicitud?9835068b2f1bc4a561e6ad0c686b0794,,gx-no-cache=1521115319013 HTTP/1.1" 200 110
186.103.159.182 - - [15/Mar/2018:09:03:50 -0300] "GET /cormun/AutorizarSolicitud-8053.xls HTTP/1.1" 200 30208
200.120.230.197 - - [15/Mar/2018:09:03:50 -0300] "GET /cormun/servlet/solicitudotadjuntos?5ae84c1fbc4ca50bc4dd4a618947615bc07493de36105ceb835f5a5114c5925e,gx-no-cache=1521115386917 HTTP/1.1" 200 30
200.120.230.197 - - [15/Mar/2018:09:03:50 -0300] "GET /cormun/servlet/solicitudotadjuntos?5ae84c1fbc4ca50bc4dd4a618947615bc07493de36105ceb835f5a5114c5925e,gx-no-cache=1521115386997 HTTP/1.1" 200 30
200.73.230.197 - - [15/Mar/2018:09:03:52 -0300] "POST /cormun/servlet/solicitudot?gx-no-cache=1521115382179 HTTP/1.1" 200 1319
200.73.230.197 - - [15/Mar/2018:09:03:52 -0300] "POST /cormun/servlet/solicitudot?gx-no-cache=1521115382321 HTTP/1.1" 200 1219
200.120.230.197 - - [15/Mar/2018:09:03:53 -0300] "POST /cormun/servlet/solicitudotadjuntos?f039355732bddb718fcc17d7d951040a,INS,2018,10496,,1, HTTP/1.1" 200 116
200.120.230.197 - - [15/Mar/2018:09:03:53 -0300] "GET /cormun/servlet/hpexe_return? HTTP/1.1" 200 1028
200.73.230.197 - - [15/Mar/2018:09:03:54 -0300] "GET /cormun/servlet/solicitudot?eee459f9e2a6728466db9b4ed50477de2dab0e180a825a6a4c95ba043510516a83ce83e3f4e70d94e47d54375f66809e,gx-no-cache=1521115384020 HTTP/1.1" 200 30
200.120.230.197 - - [15/Mar/2018:09:03:54 -0300] "GET /cormun/servlet/trsolicitudadjuntos?2018,10496, HTTP/1.1" 200 9858
200.120.230.197 - - [15/Mar/2018:09:03:55 -0300] "GET /cormun/servlet/trsolicitudadjuntos?2018,10496, HTTP/1.1" 200 9855
200.120.230.197 - - [15/Mar/2018:09:03:58 -0300] "POST /cormun/servlet/trsolicitudadjuntos?f039355732bddb718fcc17d7d951040a,2018,10496,,gx-no-cache=1521115394926 HTTP/1.1" 200 90
200.120.230.197 - - [15/Mar/2018:09:03:58 -0300] "GET /cormun/servlet/hpexe_link HTTP/1.1" 200 971
200.120.230.197 - - [15/Mar/2018:09:03:59 -0300] "GET /cormun/servlet/trsolicitudot HTTP/1.1" 200 9291
200.120.230.197 - - [15/Mar/2018:09:04:00 -0300] "GET /cormun/servlet/trsolicitudot HTTP/1.1" 200 9290
200.73.230.197 - - [15/Mar/2018:09:04:02 -0300] "POST /cormun/servlet/solicitudot?gx-no-cache=1521115392171 HTTP/1.1" 200 30
200.120.230.197 - - [15/Mar/2018:09:04:05 -0300] "POST /cormun/servlet/trsolicitudot?f039355732bddb718fcc17d7d951040a,gx-no-cache=1521115401266 HTTP/1.1" 200 5880
200.120.230.197 - - [15/Mar/2018:09:04:05 -0300] "GET /cormun/static/Shared/jqueryui/images/ui-bg_highlight-soft_100_c6c2c8_1x100.png HTTP/1.1" 404 1117
200.120.230.197 - - [15/Mar/2018:09:04:05 -0300] "GET /cormun/static/Shared/jqueryui/images/ui-icons_82798d_256x240.png HTTP/1.1" 404 1089
200.120.230.197 - - [15/Mar/2018:09:04:05 -0300] "POST /cormun/servlet/trsolicitudot?f039355732bddb718fcc17d7d951040a,gx-no-cache=1521115401854 HTTP/1.1" 200 5822
200.120.230.197 - - [15/Mar/2018:09:04:05 -0300] "GET /cormun/static/Shared/jqueryui/images/ui-bg_flat_55_fafafa_40x100.png HTTP/1.1" 404 1097
200.120.230.197 - - [15/Mar/2018:09:04:05 -0300] "GET /cormun/static/Shared/jqueryui/images/ui-icons_8d78a5_256x240.png HTTP/1.1" 404 1089
186.103.158.250 - - [15/Mar/2018:09:04:05 -0300] "GET /cormun/servlet/hlogin HTTP/1.1" 200 1721
186.103.158.250 - - [15/Mar/2018:09:04:06 -0300] "GET /cormun/static/gxcfg.js?20175251213516 HTTP/1.1" 304 -
200.120.230.197 - - [15/Mar/2018:09:04:13 -0300] "GET /cormun/servlet/trcontratounov2? HTTP/1.1" 200 17975
200.73.230.197 - - [15/Mar/2018:09:04:13 -0300] "POST /cormun/servlet/solicitudot?b20f71aa67ef385a4af4209f6f600451,INS,0,0,,gx-no-cache=1521115403569 HTTP/1.1" 200 11708
200.120.230.197 - - [15/Mar/2018:09:04:15 -0300] "GET /cormun/servlet/trcontratounov2? HTTP/1.1" 200 17942
