186.103.159.230 - - [15/Mar/2018:16:34:57 -0300] "GET /cormun/servlet/hpexe_return? HTTP/1.1" 200 1013
186.103.159.230 - - [15/Mar/2018:16:34:58 -0300] "GET /cormun/servlet/trlicencias HTTP/1.1" 200 8998
186.103.159.230 - - [15/Mar/2018:16:34:58 -0300] "GET /cormun//static/Resources/PXToolsGridUpdate.png HTTP/1.1" 200 2984
186.103.159.230 - - [15/Mar/2018:16:34:58 -0300] "GET /cormun//static/Resources/PXToolsGridDelete.png HTTP/1.1" 200 357
186.103.159.230 - - [15/Mar/2018:16:34:58 -0300] "GET /cormun/servlet/trlicencias HTTP/1.1" 200 8993
192.168.10.56 - - [15/Mar/2018:16:34:59 -0300] "GET /cormun/servlet/hlogin HTTP/1.1" 200 1737
192.168.10.56 - - [15/Mar/2018:16:34:59 -0300] "GET /cormun/static/gxtimezone.js?85251 HTTP/1.1" 304 -
192.168.10.96 - - [15/Mar/2018:16:35:01 -0300] "GET /cormun/servlet/trcargahorariagral? HTTP/1.1" 200 10590
192.168.10.96 - - [15/Mar/2018:16:35:01 -0300] "GET /cormun/servlet/trcargahorariagral? HTTP/1.1" 200 10581
192.168.10.56 - - [15/Mar/2018:16:35:01 -0300] "POST /cormun/servlet/hlogin?055c186cbd386869000fd0cff9f1a1f0,gx-no-cache=1521142337570 HTTP/1.1" 200 90
192.168.10.56 - - [15/Mar/2018:16:35:01 -0300] "GET /cormun/servlet/hpexe_link HTTP/1.1" 200 948
192.168.10.56 - - [15/Mar/2018:16:35:02 -0300] "GET /cormun/servlet/hhome HTTP/1.1" 200 4490
192.168.10.56 - - [15/Mar/2018:16:35:02 -0300] "GET /cormun/servlet/hhome HTTP/1.1" 200 4486
192.168.10.89 - - [15/Mar/2018:16:35:02 -0300] "POST /cormun/servlet/solicitudot?gx-no-cache=1521142338093 HTTP/1.1" 200 256
192.168.10.89 - - [15/Mar/2018:16:35:02 -0300] "GET /cormun/servlet/solicitudot?ee8f9a129fb959eaefc2d6a73749c9fa184e7d8f6a44a12856370d41e8c4f8337385abe372d97c7a775fafe4c2a0fbdd305af9d5a4f954d4ab6eeafec3f6754956b2404da1d8d413adfa9b3be829f0101bb4586f3372200e42e2c37250e08e68d2235ef4cf4ec47b528550c3ecd14240983dd5f530191f845d03ce68a362a56eb1867aeb61942568f6311588c8a0d1b12ae6df60aace6eebe96b4be64185fa45e96c45ce57db32f358c5a86161b9bfe11354d94555b31f0b9a8151232b1bd4bd0ca6da943c656ff82a5daaeb54d8f8072d293d946b2c06967d4268335331c76ce60f89ac2f9edf77c1e4a8038feeb61e0a25d1c7f8a8ac070d3867b51cbdf9f25788c00ff41627183a8e072bdf883892da7dd8eca202b80d38f9bcd1fb928b2eee4b42df89761bb67ee90e056264cdd5125901f069385b26045598cdb655c2d6d7483d782bf71286ce4e1e9ae14f69c0be3893b6851ddc3df21255e21ec57febb98f4afc5b11596d9d587cfbfe4e310b10003e60269dc2fa0179222025128d55,gx-no-cache=1521142338121 HTTP/1.1" 200 30
192.168.10.89 - - [15/Mar/2018:16:35:02 -0300] "POST /cormun/servlet/solicitudot?gx-no-cache=1521142338142 HTTP/1.1" 200 30
192.168.10.89 - - [15/Mar/2018:16:35:02 -0300] "POST /cormun/servlet/solicitudot?gx-no-cache=1521142338178 HTTP/1.1" 200 1337
192.168.10.89 - - [15/Mar/2018:16:35:02 -0300] "POST /cormun/servlet/solicitudot?gx-no-cache=1521142338298 HTTP/1.1" 200 38
192.168.10.89 - - [15/Mar/2018:16:35:02 -0300] "GET /cormun/servlet/solicitudot?ee8f9a129fb959eaefc2d6a73749c9fac60c11271e15bfcc2fe48088a97022c3e00b5cc5cdf577bde02e1940539b0b5d9db2fc17cf26d7407a902be24f4d5f4d2a6891551156a2543a3d0dae1b0c514e1fefbd90faaa3886e16ea70692bc7e1f470dc10ac0ccf34b1b855253bebf35b1ccf857f05280ccf4c09d0251b13840e72286673ccae5c1aefb00747f7eabcd2f4b8ab4c78a6c1fe8bcd2aa26ae9af4ba,gx-no-cache=1521142338321 HTTP/1.1" 200 29
192.168.10.89 - - [15/Mar/2018:16:35:02 -0300] "POST /cormun/servlet/solicitudot?gx-no-cache=1521142338349 HTTP/1.1" 200 1319
192.168.10.89 - - [15/Mar/2018:16:35:02 -0300] "POST /cormun/servlet/solicitudot?gx-no-cache=1521142338396 HTTP/1.1" 200 1218
192.168.10.89 - - [15/Mar/2018:16:35:02 -0300] "GET /cormun/servlet/solicitudot?ee8f9a129fb959eaefc2d6a73749c9fadfa8d073f8aa2ebccb7cc2ec8a74652fb0c0a044512ab5393f663f92075fb302,gx-no-cache=1521142338437 HTTP/1.1" 200 134
192.168.10.89 - - [15/Mar/2018:16:35:02 -0300] "GET /cormun/static/Shared/jqueryui/images/ui-bg_highlight-soft_100_c6c2c8_1x100.png HTTP/1.1" 404 1117
192.168.10.89 - - [15/Mar/2018:16:35:02 -0300] "GET /cormun/static/Shared/jqueryui/images/ui-icons_82798d_256x240.png HTTP/1.1" 404 1089
192.168.10.89 - - [15/Mar/2018:16:35:02 -0300] "GET /cormun/static/Shared/jqueryui/images/ui-bg_flat_55_994d53_40x100.png HTTP/1.1" 404 1097
192.168.10.89 - - [15/Mar/2018:16:35:02 -0300] "GET /cormun/static/Shared/jqueryui/images/ui-icons_ebccce_256x240.png HTTP/1.1" 404 1089
200.111.191.210 - - [15/Mar/2018:16:35:03 -0300] "POST /cormun/servlet/trsolicitudot?4619e6b51e7eb6c1619f4df0a021d16b,,gx-no-cache=1521142453353 HTTP/1.1" 200 9563
186.103.156.24 - - [15/Mar/2018:16:35:03 -0300] "GET /cormun/servlet/trsolicitudot? HTTP/1.1" 200 14554
192.168.10.96 - - [15/Mar/2018:16:35:04 -0300] "POST /cormun/servlet/trcargahorariagral?1c1f66d497f986b83cd397853f5a193e,,gx-no-cache=1521142339557 HTTP/1.1" 200 108
192.168.10.96 - - [15/Mar/2018:16:35:04 -0300] "POST /cormun/servlet/trcargahorariagral?1c1f66d497f986b83cd397853f5a193e,,gx-no-cache=1521142339709 HTTP/1.1" 200 7697
192.168.10.96 - - [15/Mar/2018:16:35:04 -0300] "GET /cormun/CargaHorariaGral-7729.xls HTTP/1.1" 200 58880
186.103.156.24 - - [15/Mar/2018:16:35:04 -0300] "GET /cormun/servlet/trsolicitudot? HTTP/1.1" 200 14553
192.168.10.56 - - [15/Mar/2018:16:35:05 -0300] "GET /cormun/servlet/trsolicitudgral? HTTP/1.1" 200 28615
192.168.10.56 - - [15/Mar/2018:16:35:05 -0300] "GET /cormun/static/calendar.js?85251 HTTP/1.1" 304 -
192.168.10.56 - - [15/Mar/2018:16:35:05 -0300] "GET /cormun/static/calendar-setup.js?85251 HTTP/1.1" 304 -
192.168.10.56 - - [15/Mar/2018:16:35:05 -0300] "GET /cormun/static/calendar-es.js?85251 HTTP/1.1" 304 -
192.168.10.56 - - [15/Mar/2018:16:35:05 -0300] "GET /cormun/static/gxdec.js?85251 HTTP/1.1" 304 -
192.168.10.56 - - [15/Mar/2018:16:35:06 -0300] "GET /cormun/servlet/trsolicitudgral? HTTP/1.1" 200 28611
186.103.159.230 - - [15/Mar/2018:16:35:08 -0300] "GET /cormun/servlet/trlicenciaspermisosadjuntos?16792137,20180315000000,L, HTTP/1.1" 200 6499
186.103.159.230 - - [15/Mar/2018:16:35:08 -0300] "GET /cormun/static/gxcfg.js?20177612163414 HTTP/1.1" 200 953
186.103.159.230 - - [15/Mar/2018:16:35:08 -0300] "GET /cormun/static/trlicenciaspermisosadjuntos.js?20177612163719 HTTP/1.1" 200 21036
186.103.159.230 - - [15/Mar/2018:16:35:08 -0300] "GET /cormun/servlet/trlicenciaspermisosadjuntos?16792137,20180315000000,L, HTTP/1.1" 200 6500
192.168.10.56 - - [15/Mar/2018:16:35:15 -0300] "GET /cormun/static/menuarrow.gif HTTP/1.1" 404 1015
186.103.159.230 - - [15/Mar/2018:16:35:20 -0300] "GET /cormun/servlet/trlicencias? HTTP/1.1" 200 8993
186.103.156.24 - - [15/Mar/2018:16:35:20 -0300] "POST /cormun/servlet/trsolicitudot?ad03a6d06303b04385de5ec26ec84b0d,,gx-no-cache=1521142468692 HTTP/1.1" 200 22680
186.103.159.230 - - [15/Mar/2018:16:35:20 -0300] "GET /cormun/servlet/trlicencias? HTTP/1.1" 200 8993
192.168.10.56 - - [15/Mar/2018:16:35:22 -0300] "POST /cormun/servlet/trsolicitudgral?055c186cbd386869000fd0cff9f1a1f0,,gx-no-cache=1521142357884 HTTP/1.1" 200 13049
200.111.191.210 - - [15/Mar/2018:16:35:25 -0300] "GET /cormun/servlet/treventos?2018,10473, HTTP/1.1" 200 8405
200.111.191.210 - - [15/Mar/2018:16:35:25 -0300] "GET /cormun/static/gxcfg.js?2016101716195975 HTTP/1.1" 200 953
200.111.191.210 - - [15/Mar/2018:16:35:26 -0300] "GET /cormun/servlet/treventos?2018,10473, HTTP/1.1" 200 8412
192.168.10.96 - - [15/Mar/2018:16:35:28 -0300] "GET /cormun/servlet/trestablecimiento? HTTP/1.1" 200 9336
192.168.10.56 - - [15/Mar/2018:16:35:29 -0300] "POST /cormun/servlet/trsolicitudgral?055c186cbd386869000fd0cff9f1a1f0,,gx-no-cache=1521142364932 HTTP/1.1" 200 5924
192.168.10.96 - - [15/Mar/2018:16:35:29 -0300] "GET /cormun/servlet/trestablecimiento? HTTP/1.1" 200 9335
200.111.191.210 - - [15/Mar/2018:16:35:30 -0300] "GET /cormun/servlet/trsolicitudot? HTTP/1.1" 200 12502
200.111.191.210 - - [15/Mar/2018:16:35:30 -0300] "GET /cormun/servlet/trsolicitudot? HTTP/1.1" 200 12500
186.103.159.230 - - [15/Mar/2018:16:35:32 -0300] "GET /cormun/servlet/trlicenciaspermisosadjuntos?16792137,20180315000000,L, HTTP/1.1" 200 6499
192.168.10.56 - - [15/Mar/2018:16:35:32 -0300] "POST /cormun/servlet/trsolicitudgral?055c186cbd386869000fd0cff9f1a1f0,,gx-no-cache=1521142367873 HTTP/1.1" 200 10406
186.103.159.230 - - [15/Mar/2018:16:35:32 -0300] "GET /cormun/servlet/trlicenciaspermisosadjuntos?16792137,20180315000000,L, HTTP/1.1" 200 6500
192.168.10.96 - - [15/Mar/2018:16:35:33 -0300] "GET /cormun/servlet/trestablecimientocargahoraria?D-30, HTTP/1.1" 200 8424
192.168.10.96 - - [15/Mar/2018:16:35:33 -0300] "GET /cormun/servlet/trestablecimientocargahoraria?D-30, HTTP/1.1" 200 8428
200.111.191.210 - - [15/Mar/2018:16:35:34 -0300] "GET /cormun/servlet/treventos?2018,10425, HTTP/1.1" 200 8400
200.111.191.210 - - [15/Mar/2018:16:35:34 -0300] "GET /cormun/servlet/treventos?2018,10425, HTTP/1.1" 200 8407
186.103.159.230 - - [15/Mar/2018:16:35:35 -0300] "GET /cormun/servlet/licenciaspermisosadjuntos?INS,16792137,L,20180315000000,, HTTP/1.1" 200 5801
186.103.159.230 - - [15/Mar/2018:16:35:35 -0300] "GET /cormun/static/gxcfg.js?2017761263592 HTTP/1.1" 200 953
186.103.159.230 - - [15/Mar/2018:16:35:35 -0300] "GET /cormun/static/licenciaspermisosadjuntos.js?201776126362 HTTP/1.1" 200 8760
186.103.159.230 - - [15/Mar/2018:16:35:35 -0300] "GET /cormun/static/about:blank HTTP/1.1" 404 1011
186.103.159.230 - - [15/Mar/2018:16:35:35 -0300] "GET /cormun/servlet/licenciaspermisosadjuntos?INS,16792137,L,20180315000000,, HTTP/1.1" 200 5791
200.111.191.210 - - [15/Mar/2018:16:35:38 -0300] "GET /cormun/servlet/trsolicitudot? HTTP/1.1" 200 12502
200.111.191.210 - - [15/Mar/2018:16:35:38 -0300] "GET /cormun/servlet/trsolicitudot? HTTP/1.1" 200 12500
186.103.159.230 - - [15/Mar/2018:16:35:57 -0300] "POST /cormun/servlet/licenciaspermisosadjuntos?26d9aa2dc2cf3af0c3c65c0ce4581344,INS,16792137,L,20180315000000,, HTTP/1.1" 200 116
186.103.159.230 - - [15/Mar/2018:16:35:58 -0300] "GET /cormun/servlet/hpexe_return? HTTP/1.1" 200 1042
186.103.159.230 - - [15/Mar/2018:16:35:58 -0300] "GET /cormun/servlet/trlicenciaspermisosadjuntos?16792137,20180315000000,L, HTTP/1.1" 200 7000
186.103.159.230 - - [15/Mar/2018:16:35:58 -0300] "GET /cormun/servlet/trlicenciaspermisosadjuntos?16792137,20180315000000,L, HTTP/1.1" 200 6999
186.103.156.24 - - [15/Mar/2018:16:36:09 -0300] "GET /cormun/servlet/vesolicitudot?2018,8418,, HTTP/1.1" 200 8661
186.103.156.24 - - [15/Mar/2018:16:36:09 -0300] "GET /cormun/pexe_scrolldiv.js HTTP/1.1" 404 1009
186.103.156.24 - - [15/Mar/2018:16:36:10 -0300] "GET /cormun/pexe_scrolldiv.js HTTP/1.1" 404 1009
186.103.156.24 - - [15/Mar/2018:16:36:10 -0300] "GET /cormun/servlet/vesolicitudot?2018,8418,, HTTP/1.1" 200 8662
186.103.156.24 - - [15/Mar/2018:16:36:15 -0300] "POST /cormun/servlet/vesolicitudot?ad03a6d06303b04385de5ec26ec84b0d,2018,8418,,,gx-no-cache=1521142524566 HTTP/1.1" 200 93
186.103.156.24 - - [15/Mar/2018:16:36:15 -0300] "GET /cormun/servlet/hpexe_return? HTTP/1.1" 200 1010
186.103.156.24 - - [15/Mar/2018:16:36:16 -0300] "GET /cormun/servlet/trsolicitudot? HTTP/1.1" 200 25494
186.103.156.24 - - [15/Mar/2018:16:36:17 -0300] "GET /cormun/servlet/trsolicitudot? HTTP/1.1" 200 25490
200.111.191.210 - - [15/Mar/2018:16:36:21 -0300] "GET /cormun/servlet/treventos?2018,10484, HTTP/1.1" 200 8400
200.111.191.210 - - [15/Mar/2018:16:36:21 -0300] "GET /cormun/servlet/treventos?2018,10484, HTTP/1.1" 200 8407
200.111.191.210 - - [15/Mar/2018:16:36:24 -0300] "GET /cormun/servlet/trsolicitudot? HTTP/1.1" 200 12502
200.111.191.210 - - [15/Mar/2018:16:36:25 -0300] "GET /cormun/servlet/trsolicitudot? HTTP/1.1" 200 12500
192.168.10.56 - - [15/Mar/2018:16:36:27 -0300] "GET /cormun/servlet/solicitudgral?UPD,2018,10017, HTTP/1.1" 200 12929
192.168.10.56 - - [15/Mar/2018:16:36:27 -0300] "GET /cormun/servlet/solicitudgral?UPD,2018,10017, HTTP/1.1" 200 12938
192.168.10.56 - - [15/Mar/2018:16:36:28 -0300] "POST /cormun/servlet/solicitudgral?gx-no-cache=1521142423913 HTTP/1.1" 200 3903
192.168.10.56 - - [15/Mar/2018:16:36:28 -0300] "GET /cormun/servlet/solicitudgral?a75bb98251685f6757dd01fb3aed25d58c7676058bb7f97ee2cb22a96f20ebffec9eeb1b1972d6f237bba317489ca455ee1df8be2a72b51766e5337feff3c76f9bcdad0fad4e2f32fcbebeb0e395f229d20c9dda4bb1a89430fe23f2772c118f744d99346075118cf488cd3f29d6cfcc91f119c84ce5081318e53d097ab4bc30b5207da063d9b212bf35de7b38b188bd354be906558c853ed03421d7da1ae5d9dd4b5cef14d24ab1f36c48352e8c8b0f592672b73c27c3e358b430b45e0ccbecbf4c345f4452e8bf3092618f5579d28a78bcc8ad8ae1df1cc303f902354ad1b3297cc376685db017c46ca05e0b99a9bd47d0abd0bdec4a569a6afb60b9ad6976127996f0fa0fb5cbc89ab3366e41bee29fdf96e3e32ff50755651cb2ddf8facab6ba910a130981bf76c0b00720d2ebc523c279c4e2e05b24f55b0e017014a772aa2c260da57d2b7ef07536dd52f3af1b,gx-no-cache=1521142424060 HTTP/1.1" 200 255
192.168.10.89 - - [15/Mar/2018:16:36:28 -0300] "POST /cormun/servlet/solicitudot?gx-no-cache=1521142424127 HTTP/1.1" 200 1320
192.168.10.89 - - [15/Mar/2018:16:36:28 -0300] "POST /cormun/servlet/solicitudot?gx-no-cache=1521142424177 HTTP/1.1" 200 1218
186.103.156.24 - - [15/Mar/2018:16:36:29 -0300] "GET /cormun/servlet/vesolicitudot?2018,8416,, HTTP/1.1" 200 8683
186.103.156.24 - - [15/Mar/2018:16:36:29 -0300] "GET /cormun/pexe_scrolldiv.js HTTP/1.1" 404 1009
186.103.156.24 - - [15/Mar/2018:16:36:29 -0300] "GET /cormun/pexe_scrolldiv.js HTTP/1.1" 404 1009
186.103.156.24 - - [15/Mar/2018:16:36:30 -0300] "GET /cormun/servlet/vesolicitudot?2018,8416,, HTTP/1.1" 200 8683
200.111.191.210 - - [15/Mar/2018:16:36:33 -0300] "POST /cormun/servlet/trsolicitudot?4619e6b51e7eb6c1619f4df0a021d16b,,gx-no-cache=1521142543124 HTTP/1.1" 200 23915
186.103.159.230 - - [15/Mar/2018:16:36:34 -0300] "GET /cormun/servlet/trlicencias? HTTP/1.1" 200 8993
186.103.159.230 - - [15/Mar/2018:16:36:34 -0300] "GET /cormun/servlet/trlicencias? HTTP/1.1" 200 8993
192.168.10.89 - - [15/Mar/2018:16:36:36 -0300] "GET /cormun/servlet/solicitudot?ee8f9a129fb959eaefc2d6a73749c9faf3da43480e0db05a233aa2695c04babcb0c0a044512ab5393f663f92075fb302,gx-no-cache=1521142431797 HTTP/1.1" 200 30
192.168.10.56 - - [15/Mar/2018:16:36:36 -0300] "GET /cormun/servlet/solicitudgral?a75bb98251685f6757dd01fb3aed25d5e827157b919bde2e4efb0e50da6c38418061037987bdf6a1e5d36117d6b9bd2d127996f0fa0fb5cbc89ab3366e41bee287d75fd41dfa16c784578d66f251294a3064d17de9e41470564a0a1b2b621abedad338dac64d78f560338aec8a94c3778130b768f47ba18c7bc932a4f21e195d643ae3ffb233a307322dc31347b84dad6a8528e459a99f3f754f55ab92ae12f86bc7bf5c1a4b52eef59010423cd1d3771e81fdb7ff647c160f34b189ddaf83d8a7a8f8c210fe371baf9b9f2364c9731a056add220c702a94d5f9f87da292f9405874999e67e87d97ca9486778dcc109aed2e21f2fd50143749943cc56988592f4d214a87c09b09f3d4193688288111a5af2b19a1d81a376a126f6930c37f11eb665bf84a5535510503c26c6face5ece56a51714ff1d3c55b42331dec24d5ccd8bdba30b352c9d79ba856063e57ed50ad5de2e5825ef2bdb974649fab67240eab4d214a87c09b09f3d4193688288111a5e1df2650e68d9ba6c696e29f2ae9df824c08d00abe278fd4fe353023b5fe98c6ca1194ec1667ca67462a0907afd16cbdfdd3e313568117840b91f3b753c3ae54,gx-no-cache=1521142432002 HTTP/1.1" 200 48
186.103.156.24 - - [15/Mar/2018:16:36:39 -0300] "POST /cormun/servlet/vesolicitudot?ad03a6d06303b04385de5ec26ec84b0d,2018,8416,,,gx-no-cache=1521142547434 HTTP/1.1" 200 93
186.103.156.24 - - [15/Mar/2018:16:36:39 -0300] "GET /cormun/servlet/hpexe_return? HTTP/1.1" 200 1009
186.103.156.24 - - [15/Mar/2018:16:36:39 -0300] "GET /cormun/servlet/trsolicitudot HTTP/1.1" 200 25494
186.103.156.24 - - [15/Mar/2018:16:36:40 -0300] "GET /cormun/servlet/trsolicitudot HTTP/1.1" 200 25489
192.168.10.56 - - [15/Mar/2018:16:36:41 -0300] "POST /cormun/servlet/solicitudgral?055c186cbd386869000fd0cff9f1a1f0,UPD,2018,10017,,gx-no-cache=1521142436997 HTTP/1.1" 200 11803
192.168.10.56 - - [15/Mar/2018:16:36:41 -0300] "GET /cormun/servlet/solicitudgral?a75bb98251685f6757dd01fb3aed25d51be21ac590ccc993f148b9232efe2ff071e1a1eb47cc9052efb7f3cf4a9f2efcfd074371ed415944f2c05e32252a98da98f42a910b7db5e8b8d08bcc075d8b2d911b6701e22c041d7665e6fa95caa908ea4d87196e24334079847ff4e3ad4cc8b674bc525ca808352007954b4a592b231715a5566aa3c7cee50ef531f9e57a47c9faeef65356f4d464978cf7d76d1a12,gx-no-cache=1521142437177 HTTP/1.1" 200 29
192.168.10.56 - - [15/Mar/2018:16:36:41 -0300] "POST /cormun/servlet/solicitudgral?gx-no-cache=1521142437193 HTTP/1.1" 200 1296
192.168.10.56 - - [15/Mar/2018:16:36:41 -0300] "POST /cormun/servlet/solicitudgral?gx-no-cache=1521142437220 HTTP/1.1" 200 1219
200.111.191.210 - - [15/Mar/2018:16:36:44 -0300] "POST /cormun/servlet/trsolicitudot?4619e6b51e7eb6c1619f4df0a021d16b,,gx-no-cache=1521142554624 HTTP/1.1" 200 9564
186.103.156.24 - - [15/Mar/2018:16:36:48 -0300] "GET /cormun/servlet/vesolicitudot?2018,8415,, HTTP/1.1" 200 8648
186.103.156.24 - - [15/Mar/2018:16:36:48 -0300] "GET /cormun/pexe_scrolldiv.js HTTP/1.1" 404 1009
186.103.156.24 - - [15/Mar/2018:16:36:48 -0300] "GET /cormun/pexe_scrolldiv.js HTTP/1.1" 404 1009
186.103.156.24 - - [15/Mar/2018:16:36:49 -0300] "GET /cormun/servlet/vesolicitudot?2018,8415,, HTTP/1.1" 200 8648
192.168.10.89 - - [15/Mar/2018:16:37:00 -0300] "POST /cormun/servlet/solicitudot?gx-no-cache=1521142455898 HTTP/1.1" 200 33
186.103.156.24 - - [15/Mar/2018:16:37:06 -0300] "POST /cormun/servlet/vesolicitudot?ad03a6d06303b04385de5ec26ec84b0d,2018,8415,,,gx-no-cache=1521142575629 HTTP/1.1" 200 93
186.103.156.24 - - [15/Mar/2018:16:37:06 -0300] "GET /cormun/servlet/hpexe_return? HTTP/1.1" 200 1009
186.103.156.24 - - [15/Mar/2018:16:37:07 -0300] "GET /cormun/servlet/trsolicitudot HTTP/1.1" 200 25494
186.103.156.24 - - [15/Mar/2018:16:37:08 -0300] "GET /cormun/servlet/trsolicitudot HTTP/1.1" 200 25489
192.168.10.56 - - [15/Mar/2018:16:37:10 -0300] "POST /cormun/servlet/solicitudgral?055c186cbd386869000fd0cff9f1a1f0,UPD,2018,10017,,gx-no-cache=1521142466298 HTTP/1.1" 200 93
192.168.10.56 - - [15/Mar/2018:16:37:10 -0300] "GET /cormun/servlet/hpexe_return? HTTP/1.1" 200 1010
192.168.10.56 - - [15/Mar/2018:16:37:11 -0300] "GET /cormun/servlet/trsolicitudgral? HTTP/1.1" 200 13058
192.168.10.56 - - [15/Mar/2018:16:37:11 -0300] "GET /cormun/servlet/trsolicitudgral? HTTP/1.1" 200 13053
192.168.10.56 - - [15/Mar/2018:16:37:16 -0300] "POST /cormun/servlet/trsolicitudgral?055c186cbd386869000fd0cff9f1a1f0,,gx-no-cache=1521142472325 HTTP/1.1" 200 7281
192.168.10.89 - - [15/Mar/2018:16:37:18 -0300] "POST /cormun/servlet/solicitudot?3d029ccfcb6a8618f3fa0069a0c193d6,INS,0,0,,gx-no-cache=1521142473953 HTTP/1.1" 200 93
192.168.10.89 - - [15/Mar/2018:16:37:18 -0300] "GET /cormun/servlet/hpexe_return? HTTP/1.1" 200 1008
192.168.10.89 - - [15/Mar/2018:16:37:18 -0300] "GET /cormun/servlet/trsolicitudot HTTP/1.1" 200 8717
192.168.10.56 - - [15/Mar/2018:16:37:40 -0300] "POST /cormun/servlet/trsolicitudgral?055c186cbd386869000fd0cff9f1a1f0,,gx-no-cache=1521142496109 HTTP/1.1" 200 6132
192.168.10.56 - - [15/Mar/2018:16:37:40 -0300] "GET /cormun/static/Shared/jqueryui/images/ui-bg_highlight-soft_100_c6c2c8_1x100.png HTTP/1.1" 404 1117
192.168.10.56 - - [15/Mar/2018:16:37:40 -0300] "GET /cormun/static/Shared/jqueryui/images/ui-icons_82798d_256x240.png HTTP/1.1" 404 1089
192.168.10.56 - - [15/Mar/2018:16:37:40 -0300] "GET /cormun/static/Shared/jqueryui/images/ui-bg_flat_55_fafafa_40x100.png HTTP/1.1" 404 1097
192.168.10.56 - - [15/Mar/2018:16:37:40 -0300] "GET /cormun/static/Shared/jqueryui/images/ui-icons_8d78a5_256x240.png HTTP/1.1" 404 1089
192.168.10.56 - - [15/Mar/2018:16:37:44 -0300] "POST /cormun/servlet/trsolicitudgral?055c186cbd386869000fd0cff9f1a1f0,,gx-no-cache=1521142500265 HTTP/1.1" 200 10051
192.168.10.56 - - [15/Mar/2018:16:37:58 -0300] "POST /cormun/servlet/trsolicitudgral?055c186cbd386869000fd0cff9f1a1f0,,gx-no-cache=1521142513547 HTTP/1.1" 200 9344
192.168.10.56 - - [15/Mar/2018:16:38:08 -0300] "GET /cormun/servlet/hlogin HTTP/1.1" 200 1735
192.168.10.56 - - [15/Mar/2018:16:38:11 -0300] "POST /cormun/servlet/hlogin?055c186cbd386869000fd0cff9f1a1f0,gx-no-cache=1521142527449 HTTP/1.1" 200 90
192.168.10.56 - - [15/Mar/2018:16:38:11 -0300] "GET /cormun/servlet/hpexe_link HTTP/1.1" 200 948
192.168.10.56 - - [15/Mar/2018:16:38:11 -0300] "GET /cormun/servlet/hhome HTTP/1.1" 200 3828
192.168.10.56 - - [15/Mar/2018:16:38:12 -0300] "GET /cormun/servlet/hhome HTTP/1.1" 200 3825
192.168.10.56 - - [15/Mar/2018:16:38:14 -0300] "GET /cormun/servlet/trautorizarot? HTTP/1.1" 200 17024
192.168.10.56 - - [15/Mar/2018:16:38:14 -0300] "GET /cormun/servlet/trautorizarot? HTTP/1.1" 200 17022
186.103.159.189 - - [15/Mar/2018:16:38:16 -0300] "GET /cormun/servlet/hlogin HTTP/1.1" 200 1719
186.103.159.189 - - [15/Mar/2018:16:38:16 -0300] "GET /cormun/servlet/hlogin HTTP/1.1" 200 1719
192.168.10.56 - - [15/Mar/2018:16:38:17 -0300] "GET /cormun/static/menuarrow.gif HTTP/1.1" 404 1015
192.168.10.56 - - [15/Mar/2018:16:38:23 -0300] "POST /cormun/servlet/trautorizarot?055c186cbd386869000fd0cff9f1a1f0,,gx-no-cache=1521142538628 HTTP/1.1" 200 14063
192.168.10.56 - - [15/Mar/2018:16:38:33 -0300] "POST /cormun/servlet/trautorizarot?055c186cbd386869000fd0cff9f1a1f0,,gx-no-cache=1521142548466 HTTP/1.1" 200 5325
192.168.10.56 - - [15/Mar/2018:16:38:35 -0300] "GET /cormun/servlet/hlogin HTTP/1.1" 200 1734
192.168.10.89 - - [15/Mar/2018:16:39:28 -0300] "POST /cormun/servlet/trsolicitudot?3d029ccfcb6a8618f3fa0069a0c193d6,gx-no-cache=1521142604187 HTTP/1.1" 200 5871
192.168.10.89 - - [15/Mar/2018:16:39:28 -0300] "GET /cormun/static/Shared/jqueryui/images/ui-icons_8d78a5_256x240.png HTTP/1.1" 404 1089
192.168.10.89 - - [15/Mar/2018:16:39:28 -0300] "GET /cormun/static/Shared/jqueryui/images/ui-bg_flat_55_fafafa_40x100.png HTTP/1.1" 404 1097
192.168.10.89 - - [15/Mar/2018:16:39:28 -0300] "GET /cormun/static/Shared/jqueryui/images/ui-bg_highlight-soft_100_c6c2c8_1x100.png HTTP/1.1" 404 1117
192.168.10.89 - - [15/Mar/2018:16:39:28 -0300] "GET /cormun/static/Shared/jqueryui/images/ui-icons_82798d_256x240.png HTTP/1.1" 404 1089
192.168.10.56 - - [15/Mar/2018:16:39:33 -0300] "POST /cormun/servlet/hlogin?055c186cbd386869000fd0cff9f1a1f0,gx-no-cache=1521142609520 HTTP/1.1" 200 90
192.168.10.56 - - [15/Mar/2018:16:39:33 -0300] "GET /cormun/servlet/hpexe_link HTTP/1.1" 200 948
192.168.10.56 - - [15/Mar/2018:16:39:34 -0300] "GET /cormun/servlet/hhome HTTP/1.1" 200 4490
192.168.10.56 - - [15/Mar/2018:16:39:34 -0300] "GET /cormun/servlet/hhome HTTP/1.1" 200 4486
192.168.10.56 - - [15/Mar/2018:16:39:46 -0300] "GET /cormun/servlet/trsolicitudgral? HTTP/1.1" 200 12327
192.168.10.56 - - [15/Mar/2018:16:39:46 -0300] "GET /cormun/servlet/trsolicitudgral? HTTP/1.1" 200 12324
192.168.10.89 - - [15/Mar/2018:16:39:49 -0300] "POST /cormun/servlet/trsolicitudot?3d029ccfcb6a8618f3fa0069a0c193d6,gx-no-cache=1521142625198 HTTP/1.1" 200 4682
192.168.10.89 - - [15/Mar/2018:16:39:49 -0300] "POST /cormun/servlet/trsolicitudot?3d029ccfcb6a8618f3fa0069a0c193d6,gx-no-cache=1521142625432 HTTP/1.1" 200 4464
192.168.10.56 - - [15/Mar/2018:16:39:55 -0300] "POST /cormun/servlet/trsolicitudgral?055c186cbd386869000fd0cff9f1a1f0,,gx-no-cache=1521142629437 HTTP/1.1" 200 26040
192.168.10.56 - - [15/Mar/2018:16:40:02 -0300] "POST /cormun/servlet/trsolicitudgral?055c186cbd386869000fd0cff9f1a1f0,,gx-no-cache=1521142638077 HTTP/1.1" 200 17710
192.168.10.89 - - [15/Mar/2018:16:40:09 -0300] "GET /cormun/servlet/trautorizarsolicitud? HTTP/1.1" 200 8605
192.168.10.89 - - [15/Mar/2018:16:40:17 -0300] "GET /cormun/servlet/trautorizarsolicitud? HTTP/1.1" 200 8607
192.168.10.56 - - [15/Mar/2018:16:40:20 -0300] "POST /cormun/servlet/trsolicitudgral?055c186cbd386869000fd0cff9f1a1f0,,gx-no-cache=1521142655737 HTTP/1.1" 200 16985
192.168.10.56 - - [15/Mar/2018:16:40:20 -0300] "GET /cormun/static/Shared/jqueryui/images/ui-bg_highlight-soft_100_c6c2c8_1x100.png HTTP/1.1" 404 1117
192.168.10.56 - - [15/Mar/2018:16:40:20 -0300] "GET /cormun/static/Shared/jqueryui/images/ui-icons_82798d_256x240.png HTTP/1.1" 404 1089
192.168.10.56 - - [15/Mar/2018:16:40:20 -0300] "GET /cormun/static/Shared/jqueryui/images/ui-bg_flat_55_fafafa_40x100.png HTTP/1.1" 404 1097
192.168.10.56 - - [15/Mar/2018:16:40:20 -0300] "GET /cormun/static/Shared/jqueryui/images/ui-icons_8d78a5_256x240.png HTTP/1.1" 404 1089
192.168.10.89 - - [15/Mar/2018:16:40:21 -0300] "GET /cormun/servlet/veautorizarsolicitud?2018,10536,, HTTP/1.1" 200 8520
192.168.10.89 - - [15/Mar/2018:16:40:21 -0300] "GET /cormun/pexe_scrolldiv.js HTTP/1.1" 404 1009
192.168.10.89 - - [15/Mar/2018:16:40:34 -0300] "POST /cormun/servlet/veautorizarsolicitud?3d029ccfcb6a8618f3fa0069a0c193d6,2018,10536,,,gx-no-cache=1521142669749 HTTP/1.1" 200 90
192.168.10.89 - - [15/Mar/2018:16:40:34 -0300] "GET /cormun/servlet/hpexe_link HTTP/1.1" 200 972
192.168.10.89 - - [15/Mar/2018:16:40:34 -0300] "GET /cormun/servlet/trautorizarsolicitud HTTP/1.1" 200 8608
192.168.10.89 - - [15/Mar/2018:16:40:39 -0300] "POST /cormun/servlet/trautorizarsolicitud?3d029ccfcb6a8618f3fa0069a0c193d6,gx-no-cache=1521142675072 HTTP/1.1" 200 116
192.168.10.89 - - [15/Mar/2018:16:40:39 -0300] "GET /cormun/servlet/solicitudotlog?INS,2018,10536,0,REC, HTTP/1.1" 200 5937
192.168.10.89 - - [15/Mar/2018:16:40:39 -0300] "GET /cormun/static/gxcfg.js?2017761245646 HTTP/1.1" 304 -
192.168.10.89 - - [15/Mar/2018:16:40:40 -0300] "GET /cormun/servlet/solicitudotlog?ee8f9a129fb959eaefc2d6a73749c9fa4ce39617ef290c3e7871ad1b22e810c20f9f59c1f9cb3f4180e811a3fbc541fd1d258b5ec53351b95ff46bee7547075f26bc06cc1480aac889a8c5a4abc16fd71c5559a01c195a63cce189e0dda74ea251659cae2fbbf490fd9a5199044ece134fceb11f25e71b83cc0fd15da7a963dd908bc9ee309e9bfa4069e7d9e18b79b8f37a9c04e01dcae0d010ad7fc3016bdf,gx-no-cache=1521142676256 HTTP/1.1" 200 94
192.168.10.89 - - [15/Mar/2018:16:40:47 -0300] "POST /cormun/servlet/solicitudotlog?3d029ccfcb6a8618f3fa0069a0c193d6,INS,2018,10536,0,REC,,gx-no-cache=1521142682845 HTTP/1.1" 200 93
192.168.10.89 - - [15/Mar/2018:16:40:47 -0300] "GET /cormun/servlet/hpexe_return? HTTP/1.1" 200 1029
192.168.10.89 - - [15/Mar/2018:16:40:47 -0300] "GET /cormun/servlet/trautorizarsolicitud HTTP/1.1" 200 7262
192.168.10.89 - - [15/Mar/2018:16:40:52 -0300] "GET /cormun/servlet/trsolicitudot? HTTP/1.1" 200 8714
192.168.10.89 - - [15/Mar/2018:16:41:00 -0300] "POST /cormun/servlet/trsolicitudot?3d029ccfcb6a8618f3fa0069a0c193d6,,gx-no-cache=1521142695897 HTTP/1.1" 200 4684
192.168.10.89 - - [15/Mar/2018:16:41:00 -0300] "POST /cormun/servlet/trsolicitudot?3d029ccfcb6a8618f3fa0069a0c193d6,,gx-no-cache=1521142696116 HTTP/1.1" 200 4466
192.168.10.89 - - [15/Mar/2018:16:41:00 -0300] "GET /cormun/static/Shared/jqueryui/images/ui-bg_flat_55_fafafa_40x100.png HTTP/1.1" 404 1097
192.168.10.89 - - [15/Mar/2018:16:41:00 -0300] "GET /cormun/static/Shared/jqueryui/images/ui-icons_8d78a5_256x240.png HTTP/1.1" 404 1089
192.168.10.89 - - [15/Mar/2018:16:41:00 -0300] "GET /cormun/static/Shared/jqueryui/images/ui-bg_highlight-soft_100_c6c2c8_1x100.png HTTP/1.1" 404 1117
192.168.10.89 - - [15/Mar/2018:16:41:00 -0300] "GET /cormun/static/Shared/jqueryui/images/ui-icons_82798d_256x240.png HTTP/1.1" 404 1089
192.168.10.89 - - [15/Mar/2018:16:41:02 -0300] "GET /cormun/servlet/trautorizarsolicitud? HTTP/1.1" 200 8607
192.168.10.89 - - [15/Mar/2018:16:41:10 -0300] "GET /cormun/servlet/veautorizarsolicitud?2018,10536,, HTTP/1.1" 200 8520
192.168.10.89 - - [15/Mar/2018:16:41:10 -0300] "GET /cormun/pexe_scrolldiv.js HTTP/1.1" 404 1009
192.168.10.89 - - [15/Mar/2018:16:41:15 -0300] "GET /cormun/servlet/veautorizarsolicitud?2018,10536,,SolicitudOTAdjuntos HTTP/1.1" 200 7368
192.168.10.89 - - [15/Mar/2018:16:41:15 -0300] "GET /cormun/pexe_scrolldiv.js HTTP/1.1" 404 1009
192.168.10.89 - - [15/Mar/2018:16:41:15 -0300] "GET /cormun/static/tbautorizarsolicitud02.js?2017111423391281 HTTP/1.1" 200 14747
192.168.10.89 - - [15/Mar/2018:16:41:17 -0300] "POST /cormun/servlet/acontrolpreferencessavestate?None,JPARRAGUEZ,true HTTP/1.1" 200 35
192.168.10.89 - - [15/Mar/2018:16:41:21 -0300] "POST /cormun/servlet/veautorizarsolicitud?3d029ccfcb6a8618f3fa0069a0c193d6,2018,10536,,SolicitudOTAdjuntos,gx-no-cache=1521142716586 HTTP/1.1" 200 90
192.168.10.89 - - [15/Mar/2018:16:41:21 -0300] "GET /cormun/servlet/hpexe_link HTTP/1.1" 200 982
192.168.10.89 - - [15/Mar/2018:16:41:21 -0300] "GET /cormun/servlet/trautorizarsolicitud HTTP/1.1" 200 8608
192.168.10.89 - - [15/Mar/2018:16:41:31 -0300] "POST /cormun/servlet/trautorizarsolicitud?3d029ccfcb6a8618f3fa0069a0c193d6,gx-no-cache=1521142727161 HTTP/1.1" 200 4610
192.168.10.89 - - [15/Mar/2018:16:41:31 -0300] "POST /cormun/servlet/trautorizarsolicitud?3d029ccfcb6a8618f3fa0069a0c193d6,gx-no-cache=1521142727368 HTTP/1.1" 200 4394
192.168.10.89 - - [15/Mar/2018:16:41:31 -0300] "GET /cormun/static/Shared/jqueryui/images/ui-bg_highlight-soft_100_c6c2c8_1x100.png HTTP/1.1" 404 1117
192.168.10.89 - - [15/Mar/2018:16:41:31 -0300] "GET /cormun/static/Shared/jqueryui/images/ui-icons_82798d_256x240.png HTTP/1.1" 404 1089
192.168.10.89 - - [15/Mar/2018:16:41:31 -0300] "GET /cormun/static/Shared/jqueryui/images/ui-bg_flat_55_fafafa_40x100.png HTTP/1.1" 404 1097
192.168.10.89 - - [15/Mar/2018:16:41:31 -0300] "GET /cormun/static/Shared/jqueryui/images/ui-icons_8d78a5_256x240.png HTTP/1.1" 404 1089
192.168.10.89 - - [15/Mar/2018:16:41:39 -0300] "GET /cormun/servlet/trsolicitudot? HTTP/1.1" 200 7356
192.168.10.56 - - [15/Mar/2018:16:41:51 -0300] "POST /cormun/servlet/trsolicitudgral?055c186cbd386869000fd0cff9f1a1f0,,gx-no-cache=1521142746647 HTTP/1.1" 200 7691
192.168.10.89 - - [15/Mar/2018:16:43:14 -0300] "GET /cormun/servlet/trlicencias? HTTP/1.1" 200 9341
192.168.10.89 - - [15/Mar/2018:16:43:37 -0300] "GET /cormun/servlet/trlicenciaspermisosadjuntos?12911454,20180308000000,L, HTTP/1.1" 200 6457
192.168.10.89 - - [15/Mar/2018:16:43:40 -0300] "POST /cormun/servlet/trlicenciaspermisosadjuntos?3d029ccfcb6a8618f3fa0069a0c193d6,12911454,20180308000000,L,,gx-no-cache=1521142856321 HTTP/1.1" 200 90
192.168.10.89 - - [15/Mar/2018:16:43:40 -0300] "GET /cormun/servlet/hpexe_link HTTP/1.1" 200 985
192.168.10.89 - - [15/Mar/2018:16:43:40 -0300] "GET /cormun/servlet/trlicencias HTTP/1.1" 200 9342
192.168.10.89 - - [15/Mar/2018:16:44:01 -0300] "GET /cormun/servlet/licenciaspermisos?INS,0,,, HTTP/1.1" 200 7663
192.168.10.89 - - [15/Mar/2018:16:44:03 -0300] "POST /cormun/servlet/licenciaspermisos?3d029ccfcb6a8618f3fa0069a0c193d6,INS,0,,,,gx-no-cache=1521142879293 HTTP/1.1" 200 90
192.168.10.89 - - [15/Mar/2018:16:44:03 -0300] "GET /cormun/servlet/hpexe_link HTTP/1.1" 200 968
192.168.10.89 - - [15/Mar/2018:16:44:03 -0300] "GET /cormun/servlet/trlicencias HTTP/1.1" 200 9342
192.168.10.89 - - [15/Mar/2018:16:44:13 -0300] "GET /cormun/servlet/licenciaspermisos?INS,0,,, HTTP/1.1" 200 7663
192.168.10.89 - - [15/Mar/2018:16:44:29 -0300] "GET /cormun/servlet/licenciaspermisos?10d8470df2f129191b583826223fe974b0c83997453023cd17320fd40f88488fe90fa714740f48047839ec2ea3b4613a,gx-no-cache=1521142904974 HTTP/1.1" 200 102
192.168.10.89 - - [15/Mar/2018:16:44:29 -0300] "POST /cormun/servlet/licenciaspermisos?3d029ccfcb6a8618f3fa0069a0c193d6,INS,0,,,,gx-no-cache=1521142905005 HTTP/1.1" 200 4890
192.168.10.89 - - [15/Mar/2018:16:46:27 -0300] "GET /cormun/servlet/licenciaspermisos?10d8470df2f129191b583826223fe974f37655b9fe53cd1aa7ef66f1717a4acd63cba20ba12f81521e6ce03878f31c245788c00ff41627183a8e072bdf8838924d960f22ace40004cd10cac8ca693864d7bfdd60e0d1f5bb2f772b036e1574ac1bab1b70631693413af5e1cff8c162329043c72160bf6f585d422def8f3dfef76d4c0289412b27573b358050fe7129144a99b6c4d69f9471f2e278ad3433e836d1f7628cd1f6cc6d86d4b421e12ca7f1,gx-no-cache=1521143023123 HTTP/1.1" 200 30
192.168.10.89 - - [15/Mar/2018:16:46:27 -0300] "POST /cormun/servlet/licenciaspermisos?3d029ccfcb6a8618f3fa0069a0c193d6,INS,0,,,,gx-no-cache=1521143023141 HTTP/1.1" 200 4977
192.168.10.89 - - [15/Mar/2018:16:46:40 -0300] "GET /cormun/servlet/licenciaspermisos?10d8470df2f129191b583826223fe974f37655b9fe53cd1aa7ef66f1717a4acd848b80d1b8bcbec47a56d805909d50bc5788c00ff41627183a8e072bdf8838924d960f22ace40004cd10cac8ca693864d7bfdd60e0d1f5bb2f772b036e1574ace99584abe8f4e6a75d61c06cf1e4d4539043c72160bf6f585d422def8f3dfef719e65ddfd0954f97349d0baf8f2e5b65cefcda82c70153ed524be0af33b623f9ed3f8bedf67fdd3e2dfc16789e12c9f1dbaf94693b8e3e62e15ad88ed817d55e1312c6d68ad27aa2191d11692774c6357397c6ede7bb8a5f550c163daec163cd,gx-no-cache=1521143035729 HTTP/1.1" 200 30
192.168.10.89 - - [15/Mar/2018:16:46:40 -0300] "POST /cormun/servlet/licenciaspermisos?3d029ccfcb6a8618f3fa0069a0c193d6,INS,0,,,,gx-no-cache=1521143035746 HTTP/1.1" 200 4974
192.168.10.89 - - [15/Mar/2018:16:46:41 -0300] "GET /cormun/servlet/licenciaspermisos?10d8470df2f129191b583826223fe974734dc0aafa67271a7982855c4786b48e56a85da5c414c0de4d8ffaeadcb81f98ae1431ed845f575e305ab8916eea5d66998c4b0c84868d24c2b552abd6c9db34db7cb963055aabf8f961217570e492bbe1f9a92c82b4507c4b38872802a77fe7ab4d5358c8b9e52226d16c42330903c6d9f14e5f3122c726ae0ff64430f420b08b05956a6eb4f286b653219144632417f53001b5f5615fa7ca4838d7850b1a4075670d3593c3ac480c74c9dedb6e1e87f845e9e0e1d66a9b517d8b5c8de2909d83f57d3887cfdc496f2fee41d7a8c010,gx-no-cache=1521143037207 HTTP/1.1" 200 29
192.168.10.89 - - [15/Mar/2018:16:46:41 -0300] "POST /cormun/servlet/licenciaspermisos?3d029ccfcb6a8618f3fa0069a0c193d6,INS,0,,,,gx-no-cache=1521143037222 HTTP/1.1" 200 93
192.168.10.89 - - [15/Mar/2018:16:46:41 -0300] "GET /cormun/servlet/hpexe_return? HTTP/1.1" 200 1013
192.168.10.89 - - [15/Mar/2018:16:46:42 -0300] "GET /cormun/servlet/trlicencias HTTP/1.1" 200 9796
192.168.10.89 - - [15/Mar/2018:16:46:47 -0300] "POST /cormun/servlet/trlicencias?3d029ccfcb6a8618f3fa0069a0c193d6,gx-no-cache=1521143043032 HTTP/1.1" 200 5618
192.168.10.89 - - [15/Mar/2018:16:46:54 -0300] "GET /cormun/servlet/trlicenciaspermisosadjuntos?10325357,20180315000000,L, HTTP/1.1" 200 6492
192.168.10.89 - - [15/Mar/2018:16:46:58 -0300] "GET /cormun/servlet/licenciaspermisosadjuntos?INS,10325357,L,20180315000000,, HTTP/1.1" 200 5792
192.168.10.89 - - [15/Mar/2018:16:46:58 -0300] "GET /cormun/static/gxcfg.js?2017761263592 HTTP/1.1" 200 953
192.168.10.89 - - [15/Mar/2018:16:46:58 -0300] "GET /cormun/static/licenciaspermisosadjuntos.js?201776126362 HTTP/1.1" 200 8760
192.168.10.89 - - [15/Mar/2018:16:46:58 -0300] "HEAD /cormun/static/about:blank HTTP/1.1" 404 -
192.168.10.89 - - [15/Mar/2018:16:47:07 -0300] "POST /cormun/servlet/licenciaspermisosadjuntos?3d029ccfcb6a8618f3fa0069a0c193d6,INS,10325357,L,20180315000000,, HTTP/1.1" 200 116
192.168.10.89 - - [15/Mar/2018:16:47:07 -0300] "GET /cormun/servlet/hpexe_return? HTTP/1.1" 200 1044
192.168.10.89 - - [15/Mar/2018:16:47:07 -0300] "GET /cormun/servlet/trlicenciaspermisosadjuntos?10325357,20180315000000,L, HTTP/1.1" 200 6977
192.168.10.89 - - [15/Mar/2018:16:47:08 -0300] "HEAD /cormun/PublicTempStorage/g-224734528.xlsx HTTP/1.1" 200 -
192.168.10.89 - - [15/Mar/2018:16:47:39 -0300] "POST /cormun/servlet/trlicenciaspermisosadjuntos?3d029ccfcb6a8618f3fa0069a0c193d6,10325357,20180315000000,L,,gx-no-cache=1521143094762 HTTP/1.1" 200 90
192.168.10.89 - - [15/Mar/2018:16:47:39 -0300] "GET /cormun/servlet/hpexe_link HTTP/1.1" 200 1004
192.168.10.89 - - [15/Mar/2018:16:47:39 -0300] "GET /cormun/servlet/trlicencias?gx-no-cache=1521143043032 HTTP/1.1" 200 8302
192.168.10.89 - - [15/Mar/2018:16:47:42 -0300] "GET /cormun/servlet/alicenciaprn?10325357,L,20180315000000,PU HTTP/1.1" 200 1544
200.111.191.210 - - [15/Mar/2018:16:47:55 -0300] "GET /cormun/servlet/treventos?2018,10425, HTTP/1.1" 200 8400
200.111.191.210 - - [15/Mar/2018:16:47:56 -0300] "GET /cormun/servlet/treventos?2018,10425, HTTP/1.1" 200 8407
192.168.10.89 - - [15/Mar/2018:16:48:00 -0300] "GET /cormun/servlet/alicenciaprn?10325357,L,20180315000000,PU HTTP/1.1" 200 1543
192.168.10.89 - - [15/Mar/2018:16:48:11 -0300] "GET /cormun/servlet/licenciaspermisos?DSP,10325357,L,20180315000000, HTTP/1.1" 200 7296
192.168.10.89 - - [15/Mar/2018:16:48:15 -0300] "POST /cormun/servlet/licenciaspermisos?3d029ccfcb6a8618f3fa0069a0c193d6,DSP,10325357,L,20180315000000,,gx-no-cache=1521143131600 HTTP/1.1" 200 90
192.168.10.89 - - [15/Mar/2018:16:48:15 -0300] "GET /cormun/servlet/hpexe_link HTTP/1.1" 200 1003
192.168.10.89 - - [15/Mar/2018:16:48:16 -0300] "GET /cormun/servlet/trlicencias?gx-no-cache=1521143043032 HTTP/1.1" 200 8302
192.168.10.89 - - [15/Mar/2018:16:48:36 -0300] "GET /cormun/servlet/trlicenciaspermisosadjuntos?10325357,20180315000000,L, HTTP/1.1" 200 6992
192.168.10.89 - - [15/Mar/2018:16:48:37 -0300] "HEAD /cormun/PublicTempStorage/g-221418545.xlsx HTTP/1.1" 200 -
200.111.122.170 - - [15/Mar/2018:16:48:48 -0300] "GET /cormun/servlet/trautorizarsolicitud? HTTP/1.1" 200 6291
200.111.122.170 - - [15/Mar/2018:16:48:48 -0300] "GET /cormun/static/messages.spa.js?85251 HTTP/1.1" 304 -
200.111.122.170 - - [15/Mar/2018:16:48:49 -0300] "GET /cormun/servlet/trautorizarsolicitud? HTTP/1.1" 200 6291
200.111.122.170 - - [15/Mar/2018:16:48:49 -0300] "GET /cormun/servlet/hlogin HTTP/1.1" 200 1741
186.103.159.46 - - [15/Mar/2018:16:48:50 -0300] "POST /cormun/servlet/trsolicitudot?7e21d59f701ba5201d658d9b483fea38,gx-no-cache=1521143278605 HTTP/1.1" 200 4696
186.103.159.46 - - [15/Mar/2018:16:48:50 -0300] "GET /cormun/static/Shared/jqueryui/images/ui-bg_highlight-soft_100_c6c2c8_1x100.png HTTP/1.1" 404 1117
186.103.159.46 - - [15/Mar/2018:16:48:50 -0300] "GET /cormun/static/Shared/jqueryui/images/ui-icons_82798d_256x240.png HTTP/1.1" 404 1089
186.103.159.46 - - [15/Mar/2018:16:48:50 -0300] "GET /cormun/static/Shared/jqueryui/images/ui-bg_flat_55_fafafa_40x100.png HTTP/1.1" 404 1097
186.103.159.46 - - [15/Mar/2018:16:48:50 -0300] "GET /cormun/static/Shared/jqueryui/images/ui-icons_8d78a5_256x240.png HTTP/1.1" 404 1089
186.103.159.46 - - [15/Mar/2018:16:48:51 -0300] "POST /cormun/servlet/trsolicitudot?7e21d59f701ba5201d658d9b483fea38,gx-no-cache=1521143279017 HTTP/1.1" 200 4455
190.151.100.218 - - [15/Mar/2018:16:48:59 -0300] "POST /cormun/servlet/hlogin?f507c110787d5d48eaedebf4dca28576,gx-no-cache=1521143286311 HTTP/1.1" 200 90
190.151.100.218 - - [15/Mar/2018:16:48:59 -0300] "GET /cormun/servlet/hpexe_link HTTP/1.1" 200 962
190.151.100.218 - - [15/Mar/2018:16:49:00 -0300] "GET /cormun/servlet/trautorizarsolicitud HTTP/1.1" 200 7019
190.151.100.218 - - [15/Mar/2018:16:49:00 -0300] "GET /cormun/servlet/trautorizarsolicitud HTTP/1.1" 200 7018
192.168.10.89 - - [15/Mar/2018:16:49:01 -0300] "POST /cormun/servlet/trlicenciaspermisosadjuntos?3d029ccfcb6a8618f3fa0069a0c193d6,10325357,20180315000000,L,,gx-no-cache=1521143176679 HTTP/1.1" 200 90
192.168.10.89 - - [15/Mar/2018:16:49:01 -0300] "GET /cormun/servlet/hpexe_link HTTP/1.1" 200 1004
192.168.10.89 - - [15/Mar/2018:16:49:01 -0300] "GET /cormun/servlet/trlicencias?gx-no-cache=1521143043032 HTTP/1.1" 200 8302
186.67.203.186 - - [15/Mar/2018:16:49:03 -0300] "GET /cormun/servlet/trautorizarsolicitud? HTTP/1.1" 200 7018
186.67.203.186 - - [15/Mar/2018:16:49:04 -0300] "GET /cormun/servlet/trautorizarsolicitud? HTTP/1.1" 200 7018
192.168.10.89 - - [15/Mar/2018:16:49:06 -0300] "GET /cormun/servlet/trlicenciaspermisosadjuntos?10325357,20180315000000,L, HTTP/1.1" 200 6991
192.168.10.89 - - [15/Mar/2018:16:49:06 -0300] "HEAD /cormun/PublicTempStorage/g-226902926.xlsx HTTP/1.1" 200 -
192.168.10.89 - - [15/Mar/2018:16:49:11 -0300] "GET /cormun/servlet/licenciaspermisosadjuntos?DLT,10325357,L,20180315000000,20180315164414, HTTP/1.1" 200 5811
192.168.10.89 - - [15/Mar/2018:16:49:11 -0300] "HEAD /cormun/PublicTempStorage/g-226586794.xlsx HTTP/1.1" 200 -
192.168.10.89 - - [15/Mar/2018:16:49:12 -0300] "GET /cormun/static/Shared/jqueryui/images/ui-icons_82798d_256x240.png HTTP/1.1" 404 1089
192.168.10.89 - - [15/Mar/2018:16:49:12 -0300] "GET /cormun/static/Shared/jqueryui/images/ui-bg_flat_55_fafafa_40x100.png HTTP/1.1" 404 1097
192.168.10.89 - - [15/Mar/2018:16:49:12 -0300] "GET /cormun/static/Shared/jqueryui/images/ui-icons_8d78a5_256x240.png HTTP/1.1" 404 1089
192.168.10.89 - - [15/Mar/2018:16:49:12 -0300] "GET /cormun/static/Shared/jqueryui/images/ui-bg_highlight-soft_100_c6c2c8_1x100.png HTTP/1.1" 404 1117
192.168.10.89 - - [15/Mar/2018:16:49:14 -0300] "POST /cormun/servlet/licenciaspermisosadjuntos?3d029ccfcb6a8618f3fa0069a0c193d6,DLT,10325357,L,20180315000000,20180315164414,,gx-no-cache=1521143189940 HTTP/1.1" 200 93
192.168.10.89 - - [15/Mar/2018:16:49:14 -0300] "GET /cormun/servlet/hpexe_return? HTTP/1.1" 200 1051
192.168.10.89 - - [15/Mar/2018:16:49:14 -0300] "GET /cormun/servlet/trlicenciaspermisosadjuntos?10325357,20180315000000,L, HTTP/1.1" 200 6496
186.103.159.46 - - [15/Mar/2018:16:49:17 -0300] "GET /cormun/servlet/solicitudot?INS,0,0, HTTP/1.1" 200 13471
192.168.10.89 - - [15/Mar/2018:16:49:18 -0300] "POST /cormun/servlet/trlicenciaspermisosadjuntos?3d029ccfcb6a8618f3fa0069a0c193d6,10325357,20180315000000,L,,gx-no-cache=1521143193883 HTTP/1.1" 200 90
192.168.10.89 - - [15/Mar/2018:16:49:18 -0300] "GET /cormun/servlet/hpexe_link HTTP/1.1" 200 1004
192.168.10.89 - - [15/Mar/2018:16:49:18 -0300] "GET /cormun/servlet/trlicencias?gx-no-cache=1521143043032 HTTP/1.1" 200 8302
186.103.159.46 - - [15/Mar/2018:16:49:18 -0300] "GET /cormun/servlet/solicitudot?INS,0,0, HTTP/1.1" 200 13476
192.168.10.89 - - [15/Mar/2018:16:49:20 -0300] "GET /cormun/servlet/licenciaspermisos?DLT,10325357,L,20180315000000, HTTP/1.1" 200 7398
192.168.10.89 - - [15/Mar/2018:16:49:21 -0300] "GET /cormun/static/Shared/jqueryui/images/ui-icons_8d78a5_256x240.png HTTP/1.1" 404 1089
192.168.10.89 - - [15/Mar/2018:16:49:21 -0300] "GET /cormun/static/Shared/jqueryui/images/ui-bg_highlight-soft_100_c6c2c8_1x100.png HTTP/1.1" 404 1117
192.168.10.89 - - [15/Mar/2018:16:49:21 -0300] "GET /cormun/static/Shared/jqueryui/images/ui-icons_82798d_256x240.png HTTP/1.1" 404 1089
192.168.10.89 - - [15/Mar/2018:16:49:21 -0300] "GET /cormun/static/Shared/jqueryui/images/ui-bg_flat_55_fafafa_40x100.png HTTP/1.1" 404 1097
192.168.10.89 - - [15/Mar/2018:16:49:24 -0300] "POST /cormun/servlet/licenciaspermisos?3d029ccfcb6a8618f3fa0069a0c193d6,DLT,10325357,L,20180315000000,,gx-no-cache=1521143199634 HTTP/1.1" 200 93
192.168.10.89 - - [15/Mar/2018:16:49:24 -0300] "GET /cormun/servlet/hpexe_return? HTTP/1.1" 200 1049
192.168.10.89 - - [15/Mar/2018:16:49:25 -0300] "GET /cormun/servlet/trlicencias?gx-no-cache=1521143043032 HTTP/1.1" 200 7083
186.103.159.46 - - [15/Mar/2018:16:49:30 -0300] "POST /cormun/servlet/solicitudot?gx-no-cache=1521143318310 HTTP/1.1" 200 3393
186.103.159.46 - - [15/Mar/2018:16:49:30 -0300] "POST /cormun/servlet/solicitudot?7e21d59f701ba5201d658d9b483fea38,INS,0,0,,gx-no-cache=1521143318531 HTTP/1.1" 200 10557
186.103.159.46 - - [15/Mar/2018:16:50:18 -0300] "GET /cormun/servlet/solicitudot?f567940cf190d7a18cf2d7d2cc37cc94a89709fdb0309310a6e3ba5bbe5a30a216601f42b66ceda0caef294784a94097,gx-no-cache=1521143366273 HTTP/1.1" 200 30
186.67.203.186 - - [15/Mar/2018:16:50:20 -0300] "GET /cormun/static/menuarrow.gif HTTP/1.1" 404 1015
186.103.159.46 - - [15/Mar/2018:16:50:29 -0300] "GET /cormun/servlet/solicitudot?f567940cf190d7a18cf2d7d2cc37cc94d2a2a04e2d87b53c05fec2ba7e29a2eaa7341bcf91774fedf63b29e631d127d9,gx-no-cache=1521143377122 HTTP/1.1" 200 30
200.111.122.170 - - [15/Mar/2018:16:50:29 -0300] "POST /cormun/servlet/trautorizarsolicitud?f507c110787d5d48eaedebf4dca28576,,gx-no-cache=1521143375383 HTTP/1.1" 200 14844
186.103.159.46 - - [15/Mar/2018:16:50:29 -0300] "GET /cormun/servlet/solicitudot?f567940cf190d7a18cf2d7d2cc37cc9409705a56db7ea85bae4b3d0264a49958,gx-no-cache=1521143377210 HTTP/1.1" 200 70
186.103.159.46 - - [15/Mar/2018:16:50:29 -0300] "POST /cormun/servlet/solicitudot?gx-no-cache=1521143377290 HTTP/1.1" 200 255
186.103.159.46 - - [15/Mar/2018:16:50:29 -0300] "GET /cormun/servlet/solicitudot?f567940cf190d7a18cf2d7d2cc37cc94912b1d1fcb103ea1de3b8c150bf4c25f649efaf072480cc264c8acbb81ec1dfc1e34e4fae701bef87859e7751d5cc6e5d8f8608b53ba2f17b21dcf519f119477f173213c5137a6289ac6189a315ea250c81b4f2cfa6273ac3449e03ae4bf3a2165877d3c5b573d6c968c20b18dabb96e1534c110931ba10bf3dd75dc0f50671d0c88bdea8e8927c60a2cc7a79f3597ad2ac8d6a40b36349f7860287be0f26b21e1b910f8a261803fbe74090f0f9d6ea16ab3270ab46897f4786e620e7385b9788b426db74b42adaa7e728567dffeae36b0048220d08413ee7f2bdef79f11ab147841b097e8d652a2b5f5aedbed5664dfa5fcf733cf1113993ab35d5b8581ca9e62e3b05a01a03ae8239714c05b7d5acbf3f3a580e155a627291505a124c465974e2f15fbea3ccff6608d061de431e8b48ec8dcd01eb148f2f71ff3f487aa3f825599c4a1d588d2cc42394c18a5ad94784d65720bab6882670404904d789c078be83fa6d57134b633dfe93b8c27115abd,gx-no-cache=1521143377394 HTTP/1.1" 200 30
186.103.159.46 - - [15/Mar/2018:16:50:33 -0300] "POST /cormun/servlet/solicitudot?gx-no-cache=1521143381403 HTTP/1.1" 200 30
186.103.132.155 - - [15/Mar/2018:16:50:34 -0300] "POST /cormun/servlet/trautorizarsolicitud?f507c110787d5d48eaedebf4dca28576,,gx-no-cache=1521143379058 HTTP/1.1" 200 110
186.103.132.155 - - [15/Mar/2018:16:50:34 -0300] "GET /cormun/AutorizarSolicitud-3740.xls HTTP/1.1" 200 16384
186.103.159.46 - - [15/Mar/2018:16:50:37 -0300] "GET /cormun/servlet/prcontratosol?13567810,,,,,MD,,gxPopupLevel%3D0%3B HTTP/1.1" 200 7808
192.168.10.89 - - [15/Mar/2018:16:50:43 -0300] "GET /cormun/servlet/trpermisosgoce? HTTP/1.1" 200 7069
186.103.159.46 - - [15/Mar/2018:16:50:54 -0300] "POST /cormun/servlet/solicitudot?gx-no-cache=1521143402656 HTTP/1.1" 200 1336
186.103.159.46 - - [15/Mar/2018:16:50:54 -0300] "POST /cormun/servlet/solicitudot?gx-no-cache=1521143402743 HTTP/1.1" 200 38
186.103.159.46 - - [15/Mar/2018:16:50:54 -0300] "GET /cormun/servlet/solicitudot?f567940cf190d7a18cf2d7d2cc37cc94bd5b8493eb47a7961841a7b4bc98ce59b8ab94f3bd93953afacac0b0c9433651b8b163327ecc9bb3e91d02e49687809871e42af1318b39cd2f5d881db26bd79bd488a5ebe208dc87190938220b38f24b08cada518bcf56457c48bf1a5675037ecc4fe228f0adaa5e83d3375eae68b6fa5b5d7eccac1962fe1f781353d6d17848aacd949451e24f7917a8cd17967d6e8a,gx-no-cache=1521143402788 HTTP/1.1" 200 29
186.103.159.46 - - [15/Mar/2018:16:50:54 -0300] "POST /cormun/servlet/solicitudot?gx-no-cache=1521143402826 HTTP/1.1" 200 1318
186.103.159.46 - - [15/Mar/2018:16:50:54 -0300] "POST /cormun/servlet/solicitudot?gx-no-cache=1521143402897 HTTP/1.1" 200 1218
186.103.159.46 - - [15/Mar/2018:16:50:54 -0300] "GET /cormun/servlet/solicitudot?f567940cf190d7a18cf2d7d2cc37cc94f676d7e139d56148b1a0b21524e941a9c3962859a6d18460da38ff832d20e254,gx-no-cache=1521143402978 HTTP/1.1" 200 134
186.103.159.46 - - [15/Mar/2018:16:50:54 -0300] "GET /cormun/static/Shared/jqueryui/images/ui-bg_highlight-soft_100_c6c2c8_1x100.png HTTP/1.1" 404 1117
186.103.159.46 - - [15/Mar/2018:16:50:54 -0300] "GET /cormun/static/Shared/jqueryui/images/ui-icons_82798d_256x240.png HTTP/1.1" 404 1089
186.103.159.46 - - [15/Mar/2018:16:50:54 -0300] "GET /cormun/static/Shared/jqueryui/images/ui-bg_flat_55_994d53_40x100.png HTTP/1.1" 404 1097
186.103.159.46 - - [15/Mar/2018:16:50:54 -0300] "GET /cormun/static/Shared/jqueryui/images/ui-icons_ebccce_256x240.png HTTP/1.1" 404 1089
192.168.10.89 - - [15/Mar/2018:16:51:05 -0300] "GET /cormun/servlet/permisogoce?INS,0,,, HTTP/1.1" 200 6973
192.168.10.89 - - [15/Mar/2018:16:51:05 -0300] "GET /cormun/static/gxtimezone.js?85251 HTTP/1.1" 304 -
186.103.159.46 - - [15/Mar/2018:16:51:08 -0300] "POST /cormun/servlet/solicitudot?gx-no-cache=1521143416513 HTTP/1.1" 200 1317
186.103.159.46 - - [15/Mar/2018:16:51:08 -0300] "POST /cormun/servlet/solicitudot?gx-no-cache=1521143416594 HTTP/1.1" 200 1218
186.103.159.46 - - [15/Mar/2018:16:51:08 -0300] "GET /cormun/static/menuarrow.gif HTTP/1.1" 404 1015
192.168.10.89 - - [15/Mar/2018:16:51:11 -0300] "GET /cormun/servlet/prfichaempleado?,MD,,gxPopupLevel%3D0%3B HTTP/1.1" 200 9287
192.168.10.89 - - [15/Mar/2018:16:51:11 -0300] "GET /cormun/static/gxdec.js?85251 HTTP/1.1" 304 -
186.103.159.46 - - [15/Mar/2018:16:51:12 -0300] "POST /cormun/servlet/solicitudot?gx-no-cache=1521143420942 HTTP/1.1" 200 1317
186.103.159.46 - - [15/Mar/2018:16:51:12 -0300] "POST /cormun/servlet/solicitudot?gx-no-cache=1521143421027 HTTP/1.1" 200 1218
192.168.10.89 - - [15/Mar/2018:16:51:16 -0300] "POST /cormun/servlet/prfichaempleado?3d029ccfcb6a8618f3fa0069a0c193d6,,MD,,gxPopupLevel%3D0%3B,gx-no-cache=1521143312199 HTTP/1.1" 200 3433
186.103.159.46 - - [15/Mar/2018:16:51:18 -0300] "GET /cormun/servlet/solicitudot?f567940cf190d7a18cf2d7d2cc37cc94c44326a45f0e44784f77cf6bb9f0bb63b3db1635aeb141723c054db7bdd1cbb4,gx-no-cache=1521143426532 HTTP/1.1" 200 30
192.168.10.89 - - [15/Mar/2018:16:51:24 -0300] "GET /cormun/servlet/permisogoce?10d8470df2f129191b583826223fe974fa4ca52e076f1a9e7baaad42091cf05e6c6a632aee316c62b95f5f8b38c4c29dd1f7628cd1f6cc6d86d4b421e12ca7f1,gx-no-cache=1521143319861 HTTP/1.1" 200 77
192.168.10.89 - - [15/Mar/2018:16:51:51 -0300] "GET /cormun/servlet/permisogoce?10d8470df2f129191b583826223fe97413450201001315378884a8e13a30a4c69712a43d394900aa0543a5918488c165b02af6176553664e62df370db2dcffc8,gx-no-cache=1521143347112 HTTP/1.1" 200 47
190.151.100.218 - - [15/Mar/2018:16:51:56 -0300] "GET /cormun/servlet/hlogin HTTP/1.1" 200 1715
190.151.100.218 - - [15/Mar/2018:16:51:58 -0300] "GET /cormun/servlet/hlogin HTTP/1.1" 200 1725
192.168.10.89 - - [15/Mar/2018:16:52:04 -0300] "POST /cormun/servlet/permisogoce?3d029ccfcb6a8618f3fa0069a0c193d6,INS,0,,,,gx-no-cache=1521143359496 HTTP/1.1" 200 93
192.168.10.89 - - [15/Mar/2018:16:52:04 -0300] "GET /cormun/servlet/hpexe_return? HTTP/1.1" 200 1011
192.168.10.89 - - [15/Mar/2018:16:52:04 -0300] "GET /cormun/servlet/trpermisosgoce HTTP/1.1" 200 7916
186.103.159.46 - - [15/Mar/2018:16:52:04 -0300] "POST /cormun/servlet/solicitudot?gx-no-cache=1521143473046 HTTP/1.1" 200 33
186.103.159.46 - - [15/Mar/2018:16:52:05 -0300] "POST /cormun/servlet/solicitudot?7e21d59f701ba5201d658d9b483fea38,INS,0,0,,gx-no-cache=1521143473172 HTTP/1.1" 200 93
186.103.159.46 - - [15/Mar/2018:16:52:05 -0300] "GET /cormun/servlet/hpexe_return? HTTP/1.1" 200 1031
186.103.159.46 - - [15/Mar/2018:16:52:05 -0300] "GET /cormun/servlet/trsolicitudot?gx-no-cache=1521143279017 HTTP/1.1" 200 8646
186.103.159.46 - - [15/Mar/2018:16:52:06 -0300] "GET /cormun/servlet/trsolicitudot?gx-no-cache=1521143279017 HTTP/1.1" 200 8663
192.168.10.89 - - [15/Mar/2018:16:52:06 -0300] "GET /cormun/servlet/apermisogoceprn?11757344,P,20180315164821,PU HTTP/1.1" 200 1665
190.151.100.218 - - [15/Mar/2018:16:52:13 -0300] "POST /cormun/servlet/hlogin?dc8a0f6c19bf7bb825e9085cc420be33,gx-no-cache=1521143482363 HTTP/1.1" 200 90
