190.100.93.40 - - [15/Mar/2018:10:31:51 -0300] "GET /favicon.ico HTTP/1.1" 200 21630
190.100.93.40 - - [15/Mar/2018:10:31:54 -0300] "POST /cormun/servlet/hlogin?a1249f2940576f0be521c04500a377ff,gx-no-cache=1521120665167 HTTP/1.1" 200 90
190.100.93.40 - - [15/Mar/2018:10:31:54 -0300] "GET /cormun/servlet/hpexe_link HTTP/1.1" 200 951
190.100.93.40 - - [15/Mar/2018:10:31:54 -0300] "GET /cormun/static/gxcfg.js?20177612121792 HTTP/1.1" 304 -
190.100.93.40 - - [15/Mar/2018:10:31:54 -0300] "GET /cormun/servlet/hhome HTTP/1.1" 200 4327
190.100.93.40 - - [15/Mar/2018:10:31:54 -0300] "GET /cormun/static/gxcfg.js?20175251212442 HTTP/1.1" 304 -
190.100.93.40 - - [15/Mar/2018:10:31:54 -0300] "GET /cormun/static/PXToolsJavascripts/pexe_windows.js HTTP/1.1" 200 15207
190.100.93.40 - - [15/Mar/2018:10:31:54 -0300] "GET /cormun/static/PXToolsJavascripts/pexe_griddivfix.js HTTP/1.1" 200 6644
190.100.93.40 - - [15/Mar/2018:10:31:54 -0300] "GET /cormun/static/PXToolsJavascripts/pexe_link.js HTTP/1.1" 200 5671
190.100.93.40 - - [15/Mar/2018:10:31:54 -0300] "GET /cormun/static/PXToolsJavascripts/pexe_popup.js HTTP/1.1" 200 13458
190.100.93.40 - - [15/Mar/2018:10:31:54 -0300] "GET /cormun/static/PXToolsJavascripts/pexe_tabs.js HTTP/1.1" 200 3748
190.100.93.40 - - [15/Mar/2018:10:31:55 -0300] "GET /cormun/servlet/hhome HTTP/1.1" 200 4324
190.100.93.40 - - [15/Mar/2018:10:37:51 -0300] "GET /cormun/servlet/trlicencias? HTTP/1.1" 200 9672
190.100.93.40 - - [15/Mar/2018:10:37:52 -0300] "GET /cormun/static/gxcfg.js?20176272054169 HTTP/1.1" 304 -
190.100.93.40 - - [15/Mar/2018:10:37:52 -0300] "GET /cormun/static/calendar.js?85251 HTTP/1.1" 304 -
190.100.93.40 - - [15/Mar/2018:10:37:52 -0300] "GET /cormun/static/calendar-setup.js?85251 HTTP/1.1" 304 -
190.100.93.40 - - [15/Mar/2018:10:37:52 -0300] "GET /cormun/static/calendar-es.js?85251 HTTP/1.1" 304 -
190.100.93.40 - - [15/Mar/2018:10:37:52 -0300] "GET /cormun/static/gxdec.js?85251 HTTP/1.1" 304 -
190.100.93.40 - - [15/Mar/2018:10:37:52 -0300] "GET /cormun/servlet/trlicencias? HTTP/1.1" 200 9670
190.100.93.40 - - [15/Mar/2018:10:38:03 -0300] "GET /cormun/servlet/licenciaspermisos?INS,0,,, HTTP/1.1" 200 7860
190.100.93.40 - - [15/Mar/2018:10:38:04 -0300] "GET /cormun/static/gxcfg.js?201762917281167 HTTP/1.1" 304 -
190.100.93.40 - - [15/Mar/2018:10:38:04 -0300] "GET /cormun/servlet/licenciaspermisos?INS,0,,, HTTP/1.1" 200 7867
190.100.93.40 - - [15/Mar/2018:10:38:11 -0300] "GET /cormun/servlet/licenciaspermisos?15f476030b47702f0289dcd5f12b42c2189bda1411e9c8e73409796835662a05990ce2339cc24fd1377e974606da8512,gx-no-cache=1521121042827 HTTP/1.1" 200 92
190.100.93.40 - - [15/Mar/2018:10:38:11 -0300] "POST /cormun/servlet/licenciaspermisos?a1249f2940576f0be521c04500a377ff,INS,0,,,,gx-no-cache=1521121042940 HTTP/1.1" 200 4894
186.79.60.25 - - [15/Mar/2018:10:38:36 -0300] "GET /cormun/servlet/licenciaspermisos?77c2843e3119214072cbf6447b127a5d98435f337d67414c326ca4cfdaaa1506021af49a6d69080dc0d8f495fee61048e1ef8eec2a31af679bff04249cc9cacfa8a8543f5563386d29f0b634e60c7945b826edbccb3de40898fcbf4da548b49fddfcf855c6f2a7d583802cd47c99493839a14f9a3c3eed7ebc4f0be5601d15b671ae2619ec5f93c8fd4c965e5bdfc775214edcdb954c01320b5937f20531502f2e590cf805f5ccdade2aac369c79e922dea0dd31eb192b8312a678c73e006e0a65cdc5f023c1152c23eddea961a87b78cc892e5952c7af0bc85c4a917eec6439,gx-no-cache=1521121068845 HTTP/1.1" 200 30
186.79.60.25 - - [15/Mar/2018:10:38:37 -0300] "GET /cormun/servlet/licenciaspermisos?77c2843e3119214072cbf6447b127a5d4926470831a51672b534e8d614f27c1ce33b74f1ddb5a21595f5110a2f7dea6b8bc7121260a972d0750c642e3164f6f8259994909ae8b48358728d0fd56fd73494c64fab965327db499400e553c526f255873246859a3b0d872cfbbea3b69c5459804727c6150202229b5115ba15ea5ada0a2175280decd70403fe47a309cc4ff7899b37cb2a36f84c8b6318aa5ac69a1d03f2713f0ce8a7a86e514fdf94ce0db156bf6e9dd8eaac66444a0c32639a11c9d95553c960b838e4706418a7d009d06a49c2704452f32c88b7abf68bb0d840,gx-no-cache=1521121069100 HTTP/1.1" 200 29
186.79.60.25 - - [15/Mar/2018:10:38:38 -0300] "POST /cormun/servlet/licenciaspermisos?fa7654343729026d1c1478869492b136,INS,0,,,,gx-no-cache=1521121070127 HTTP/1.1" 200 4858
186.79.60.25 - - [15/Mar/2018:10:38:39 -0300] "GET /cormun/static/Shared/jqueryui/images/ui-bg_highlight-soft_100_c6c2c8_1x100.png HTTP/1.1" 404 1117
186.79.60.25 - - [15/Mar/2018:10:38:39 -0300] "GET /cormun/static/Shared/jqueryui/images/ui-icons_82798d_256x240.png HTTP/1.1" 404 1089
186.79.60.25 - - [15/Mar/2018:10:38:39 -0300] "GET /cormun/static/Shared/jqueryui/images/ui-bg_flat_55_994d53_40x100.png HTTP/1.1" 404 1097
186.79.60.25 - - [15/Mar/2018:10:38:39 -0300] "GET /cormun/static/Shared/jqueryui/images/ui-icons_ebccce_256x240.png HTTP/1.1" 404 1089
190.100.93.40 - - [15/Mar/2018:10:38:40 -0300] "GET /cormun/static/menuarrow.gif HTTP/1.1" 404 1015
186.79.60.25 - - [15/Mar/2018:10:39:04 -0300] "GET /cormun/servlet/licenciaspermisos?77c2843e3119214072cbf6447b127a5d98435f337d67414c326ca4cfdaaa1506021af49a6d69080dc0d8f495fee61048e1ef8eec2a31af679bff04249cc9cacfa8a8543f5563386d29f0b634e60c7945b826edbccb3de40898fcbf4da548b49fddfcf855c6f2a7d583802cd47c99493839a14f9a3c3eed7ebc4f0be5601d15b671ae2619ec5f93c8fd4c965e5bdfc775214edcdb954c01320b5937f20531502f2e590cf805f5ccdade2aac369c79e922dea0dd31eb192b8312a678c73e006e0a65cdc5f023c1152c23eddea961a87b78cc892e5952c7af0bc85c4a917eec6439,gx-no-cache=1521121096150 HTTP/1.1" 200 30
186.79.60.25 - - [15/Mar/2018:10:39:04 -0300] "GET /cormun/servlet/licenciaspermisos?77c2843e3119214072cbf6447b127a5d4926470831a51672b534e8d614f27c1ce33b74f1ddb5a21595f5110a2f7dea6b8bc7121260a972d0750c642e3164f6f8259994909ae8b48358728d0fd56fd73494c64fab965327db499400e553c526f255873246859a3b0d872cfbbea3b69c5459804727c6150202229b5115ba15ea5ada0a2175280decd70403fe47a309cc4ff7899b37cb2a36f84c8b6318aa5ac69a1d03f2713f0ce8a7a86e514fdf94ce0db156bf6e9dd8eaac66444a0c32639a11c9d95553c960b838e4706418a7d009d06a49c2704452f32c88b7abf68bb0d840,gx-no-cache=1521121096418 HTTP/1.1" 200 29
186.79.60.25 - - [15/Mar/2018:10:39:05 -0300] "POST /cormun/servlet/licenciaspermisos?fa7654343729026d1c1478869492b136,INS,0,,,,gx-no-cache=1521121096579 HTTP/1.1" 200 93
186.79.60.25 - - [15/Mar/2018:10:39:05 -0300] "GET /cormun/servlet/hpexe_return? HTTP/1.1" 200 1007
186.79.60.25 - - [15/Mar/2018:10:39:05 -0300] "GET /cormun/static/gxcfg.js?2016101716175148 HTTP/1.1" 304 -
186.79.60.25 - - [15/Mar/2018:10:39:06 -0300] "GET /cormun/servlet/trlicencias HTTP/1.1" 200 9897
186.79.60.25 - - [15/Mar/2018:10:39:07 -0300] "GET /cormun/servlet/trlicencias HTTP/1.1" 200 9892
186.79.60.25 - - [15/Mar/2018:10:39:16 -0300] "GET /cormun/servlet/alicenciaprn?9934562,L,20180315000000,PU HTTP/1.1" 200 1555
186.79.60.25 - - [15/Mar/2018:10:39:17 -0300] "GET /cormun/servlet/hlogin HTTP/1.1" 200 1730
186.79.60.25 - - [15/Mar/2018:10:39:18 -0300] "GET /cormun/servlet/hlogin HTTP/1.1" 200 1737
186.79.60.25 - - [15/Mar/2018:10:40:05 -0300] "POST /cormun/servlet/hlogin?0feaca8c003cdbde49cc92cae0bab9fd,gx-no-cache=1521121154101 HTTP/1.1" 200 90
186.79.60.25 - - [15/Mar/2018:10:40:05 -0300] "GET /cormun/servlet/hpexe_link HTTP/1.1" 200 958
186.79.60.25 - - [15/Mar/2018:10:40:05 -0300] "GET /cormun/servlet/hhome HTTP/1.1" 200 4167
186.79.60.25 - - [15/Mar/2018:10:40:06 -0300] "GET /cormun/servlet/hhome HTTP/1.1" 200 4164
186.79.60.25 - - [15/Mar/2018:10:40:22 -0300] "GET /cormun/servlet/trautorizarsolicitud? HTTP/1.1" 200 7282
186.79.60.25 - - [15/Mar/2018:10:40:22 -0300] "GET /cormun/servlet/trautorizarsolicitud? HTTP/1.1" 200 7282
186.79.60.25 - - [15/Mar/2018:10:40:33 -0300] "POST /cormun/servlet/trautorizarsolicitud?0feaca8c003cdbde49cc92cae0bab9fd,,gx-no-cache=1521121178781 HTTP/1.1" 200 10953
200.120.230.197 - - [15/Mar/2018:10:40:38 -0300] "GET /cormun/servlet/hlogin HTTP/1.1" 200 1720
200.120.230.197 - - [15/Mar/2018:10:40:38 -0300] "GET /cormun/servlet/hlogin HTTP/1.1" 200 1731
200.120.230.197 - - [15/Mar/2018:10:40:50 -0300] "POST /cormun/servlet/hlogin?832e946bcdc9fc2db670a14f3d7441c4,gx-no-cache=1521121206627 HTTP/1.1" 200 90
200.120.230.197 - - [15/Mar/2018:10:40:50 -0300] "GET /cormun/servlet/hpexe_link HTTP/1.1" 200 951
200.120.230.197 - - [15/Mar/2018:10:40:50 -0300] "GET /cormun/servlet/hhome HTTP/1.1" 200 4230
200.120.230.197 - - [15/Mar/2018:10:40:52 -0300] "GET /cormun/servlet/hhome HTTP/1.1" 200 4226
186.67.172.234 - - [15/Mar/2018:10:40:56 -0300] "GET /cormun/servlet/hlogin HTTP/1.1" 200 1721
186.67.172.234 - - [15/Mar/2018:10:40:56 -0300] "GET /cormun/static/gxcfg.js?20175251213516 HTTP/1.1" 304 -
200.120.230.197 - - [15/Mar/2018:10:41:00 -0300] "GET /cormun/servlet/trlicencias? HTTP/1.1" 200 11214
200.120.230.197 - - [15/Mar/2018:10:41:01 -0300] "GET /cormun/servlet/trlicencias? HTTP/1.1" 200 11211
186.67.172.234 - - [15/Mar/2018:10:41:06 -0300] "POST /cormun/servlet/hlogin?f7b173aa1ba135d470bcef1d29b081ca,gx-no-cache=1521121215478 HTTP/1.1" 200 90
186.67.172.234 - - [15/Mar/2018:10:41:06 -0300] "GET /cormun/servlet/hpexe_link HTTP/1.1" 200 953
186.67.172.234 - - [15/Mar/2018:10:41:06 -0300] "GET /cormun/static/gxcfg.js?20177612121792 HTTP/1.1" 304 -
186.67.172.234 - - [15/Mar/2018:10:41:06 -0300] "GET /cormun/servlet/hhome HTTP/1.1" 200 4232
186.67.172.234 - - [15/Mar/2018:10:41:06 -0300] "GET /cormun/static/gxcfg.js?20175251212442 HTTP/1.1" 304 -
186.79.231.211 - - [15/Mar/2018:10:41:07 -0300] "GET /cormun/servlet/licenciaspermisos?INS,0,,, HTTP/1.1" 200 7763
186.67.172.234 - - [15/Mar/2018:10:41:08 -0300] "GET /cormun/servlet/hhome HTTP/1.1" 200 4228
186.79.231.211 - - [15/Mar/2018:10:41:08 -0300] "GET /cormun/static/gxcfg.js?201762917281167 HTTP/1.1" 200 953
186.79.231.211 - - [15/Mar/2018:10:41:09 -0300] "GET /cormun/static/licenciaspermisos.js?201762917281260 HTTP/1.1" 200 37491
186.79.231.211 - - [15/Mar/2018:10:41:09 -0300] "GET /cormun/servlet/licenciaspermisos?INS,0,,, HTTP/1.1" 200 7771
186.79.231.211 - - [15/Mar/2018:10:41:21 -0300] "GET /cormun/servlet/licenciaspermisos?d3e08a649139a80c0e2251a528e4d7fec29f6037aaa2049495820be7141233254d0c68c6be5f9c300d7e88f3da92c050,gx-no-cache=1521121238057 HTTP/1.1" 200 77
186.79.231.211 - - [15/Mar/2018:10:41:23 -0300] "POST /cormun/servlet/licenciaspermisos?832e946bcdc9fc2db670a14f3d7441c4,INS,0,,,,gx-no-cache=1521121238359 HTTP/1.1" 200 4880
186.67.172.234 - - [15/Mar/2018:10:41:24 -0300] "GET /cormun/servlet/trcontratosolicitud? HTTP/1.1" 200 15096
186.67.172.234 - - [15/Mar/2018:10:41:24 -0300] "GET /cormun/static/gxcfg.js?20177612214014 HTTP/1.1" 304 -
186.67.172.234 - - [15/Mar/2018:10:41:25 -0300] "GET /cormun/servlet/trcontratosolicitud? HTTP/1.1" 200 15094
186.79.231.211 - - [15/Mar/2018:10:41:39 -0300] "GET /cormun/static/menuarrow.gif HTTP/1.1" 404 1015
186.67.172.234 - - [15/Mar/2018:10:41:39 -0300] "POST /cormun/servlet/trcontratosolicitud?f7b173aa1ba135d470bcef1d29b081ca,,gx-no-cache=1521121248191 HTTP/1.1" 200 12736
186.67.172.234 - - [15/Mar/2018:10:41:40 -0300] "GET /cormun/static/Resources/PXToolsGridNext.gif HTTP/1.1" 200 369
186.67.172.234 - - [15/Mar/2018:10:41:40 -0300] "GET /cormun/static/Resources/PXToolsGridLast.gif HTTP/1.1" 200 370
186.67.172.234 - - [15/Mar/2018:10:41:42 -0300] "POST /cormun/servlet/trcontratosolicitud?f7b173aa1ba135d470bcef1d29b081ca,,gx-no-cache=1521121251762 HTTP/1.1" 200 9721
186.67.172.234 - - [15/Mar/2018:10:41:43 -0300] "GET /cormun/static/Resources/PXToolsGridPrevious.gif HTTP/1.1" 200 369
186.67.172.234 - - [15/Mar/2018:10:41:43 -0300] "GET /cormun/static/Resources/PXToolsGridFirst.gif HTTP/1.1" 200 379
186.67.172.234 - - [15/Mar/2018:10:41:47 -0300] "POST /cormun/servlet/trcontratosolicitud?f7b173aa1ba135d470bcef1d29b081ca,,gx-no-cache=1521121255960 HTTP/1.1" 200 12572
186.67.172.234 - - [15/Mar/2018:10:42:09 -0300] "POST /cormun/servlet/trcontratosolicitud?f7b173aa1ba135d470bcef1d29b081ca,,gx-no-cache=1521121277835 HTTP/1.1" 200 9718
186.67.172.234 - - [15/Mar/2018:10:42:16 -0300] "GET /cormun/servlet/trsolicitudot? HTTP/1.1" 200 7440
186.67.172.234 - - [15/Mar/2018:10:42:16 -0300] "GET /cormun/static/gxcfg.js?2017111422585916 HTTP/1.1" 304 -
186.67.172.234 - - [15/Mar/2018:10:42:16 -0300] "GET /cormun/servlet/trsolicitudot? HTTP/1.1" 200 7439
200.120.230.197 - - [15/Mar/2018:10:42:17 -0300] "GET /cormun/servlet/trcontratounov2? HTTP/1.1" 200 17835
186.67.172.234 - - [15/Mar/2018:10:42:18 -0300] "GET /cormun/servlet/solicitudot?INS,0,0, HTTP/1.1" 200 13667
186.67.172.234 - - [15/Mar/2018:10:42:19 -0300] "GET /cormun/static/gxcfg.js?201812313224582 HTTP/1.1" 304 -
186.67.172.234 - - [15/Mar/2018:10:42:19 -0300] "GET /cormun/servlet/solicitudot?INS,0,0, HTTP/1.1" 200 13672
200.120.230.197 - - [15/Mar/2018:10:42:19 -0300] "GET /cormun/servlet/trcontratounov2? HTTP/1.1" 200 17807
200.120.230.197 - - [15/Mar/2018:10:42:26 -0300] "POST /cormun/servlet/trcontratounov2?832e946bcdc9fc2db670a14f3d7441c4,,gx-no-cache=1521121301421 HTTP/1.1" 200 17837
186.79.231.211 - - [15/Mar/2018:10:42:54 -0300] "GET /cormun/servlet/trlicencias? HTTP/1.1" 200 11212
186.79.231.211 - - [15/Mar/2018:10:42:57 -0300] "GET /cormun/servlet/trlicencias? HTTP/1.1" 200 11211
186.67.164.142 - - [15/Mar/2018:10:43:26 -0300] "GET /cormun/servlet/trlicencias? HTTP/1.1" 200 11096
186.67.164.142 - - [15/Mar/2018:10:43:27 -0300] "GET /cormun/static/gxcfg.js?20176272054169 HTTP/1.1" 304 -
186.67.164.142 - - [15/Mar/2018:10:43:28 -0300] "GET /cormun/servlet/trlicencias? HTTP/1.1" 200 11095
186.67.172.234 - - [15/Mar/2018:10:43:40 -0300] "POST /cormun/servlet/solicitudot?gx-no-cache=1521121369746 HTTP/1.1" 200 3403
186.67.172.234 - - [15/Mar/2018:10:43:41 -0300] "POST /cormun/servlet/solicitudot?f7b173aa1ba135d470bcef1d29b081ca,INS,0,0,,gx-no-cache=1521121370290 HTTP/1.1" 200 10578
186.79.60.25 - - [15/Mar/2018:10:43:55 -0300] "GET /cormun/servlet/trlicenciaspermisosadjuntos?9934562,20180315000000,L, HTTP/1.1" 200 6269
186.79.60.25 - - [15/Mar/2018:10:43:55 -0300] "GET /cormun/static/gxcfg.js?20177612163414 HTTP/1.1" 200 953
186.67.172.234 - - [15/Mar/2018:10:43:55 -0300] "GET /cormun/servlet/solicitudot?3d6ff4f628aa03eacdc92768c2c5fcb97a4a33c78ff750cb5ff5bcfb4ada80011b1fae64faeb65b04b64779df26ce293,gx-no-cache=1521121385095 HTTP/1.1" 200 30
186.79.60.25 - - [15/Mar/2018:10:43:55 -0300] "GET /cormun/static/trlicenciaspermisosadjuntos.js?20177612163719 HTTP/1.1" 200 21036
186.67.172.234 - - [15/Mar/2018:10:43:55 -0300] "GET /cormun/servlet/solicitudot?3d6ff4f628aa03eacdc92768c2c5fcb953f88fd764f76d5c8d5280f0050442d1f9d2b2c53377804eb50d7e619a44691e1b1fae64faeb65b04b64779df26ce293,gx-no-cache=1521121385186 HTTP/1.1" 200 30
186.67.172.234 - - [15/Mar/2018:10:43:55 -0300] "GET /cormun/servlet/solicitudot?3d6ff4f628aa03eacdc92768c2c5fcb9345c3fc434cfa985f2331cae36c70703,gx-no-cache=1521121385261 HTTP/1.1" 200 70
186.79.60.25 - - [15/Mar/2018:10:43:56 -0300] "GET /cormun/servlet/trlicenciaspermisosadjuntos?9934562,20180315000000,L, HTTP/1.1" 200 6270
186.67.172.234 - - [15/Mar/2018:10:43:56 -0300] "POST /cormun/servlet/solicitudot?gx-no-cache=1521121385358 HTTP/1.1" 200 255
186.67.172.234 - - [15/Mar/2018:10:43:57 -0300] "GET /cormun/servlet/solicitudot?3d6ff4f628aa03eacdc92768c2c5fcb916ee97c364735d05da12c13147fcf6d8d9878de3fe2d22acb8af914199e052abef3f6d3d2999d25346d126d6c21866fc35a27c040a9d4eb5bb7e8b68528a296a6003d2f2e5fc26db09f4a2bc4e1262c6a230a83a2da458032e2f2fdf8d3415ac7218b8d7c39516a00f44de76cda00ea184062c59907a16a11f0c9379604d01e7c9a456ce9e128859f91bebbf52ad611a96b1dad60c7098c3baac1cba5533d17298f0c425fd1344b3c2d90c69ce45142257f715ea5c0697477b0fda03899afef89e41a59b83dab934e83fe8e06ef1b9a3496f131e41f6c35bda0dcef546234ddee5d015b2f8ba73e83dbfe164f7d4e3bbb066f8b15e5659c6b36e4a17f1cc2a5a59de2431af09304de14387dd9d45fb5b59de9ad1c115d414e218d78f956bc50a93f2bf291cee652aa7565cdbff55d543534cea214534ee6745d96d26867d3bd5dd4ecf62ce115654ca8e79a8b7d8308f544c7fbcc37cebbabdab1934ed037e86545cdfeb86d588a33bae95e12249b175,gx-no-cache=1521121386141 HTTP/1.1" 200 30
186.67.172.234 - - [15/Mar/2018:10:43:58 -0300] "POST /cormun/servlet/solicitudot?gx-no-cache=1521121388271 HTTP/1.1" 200 30
186.67.172.234 - - [15/Mar/2018:10:44:00 -0300] "GET /cormun/servlet/prcontratosol?16840648,,,,,MD,,gxPopupLevel%3D0%3B HTTP/1.1" 200 8024
186.67.172.234 - - [15/Mar/2018:10:44:00 -0300] "GET /cormun/static/gxcfg.js?201761413223964 HTTP/1.1" 304 -
186.79.60.25 - - [15/Mar/2018:10:44:01 -0300] "GET /cormun/servlet/licenciaspermisosadjuntos?INS,9934562,L,20180315000000,, HTTP/1.1" 200 5566
186.79.60.25 - - [15/Mar/2018:10:44:01 -0300] "GET /cormun/static/gxcfg.js?2017761263592 HTTP/1.1" 200 953
186.79.60.25 - - [15/Mar/2018:10:44:01 -0300] "GET /cormun/static/licenciaspermisosadjuntos.js?201776126362 HTTP/1.1" 200 8760
186.79.60.25 - - [15/Mar/2018:10:44:01 -0300] "GET /cormun/static/about:blank HTTP/1.1" 404 1011
186.79.60.25 - - [15/Mar/2018:10:44:02 -0300] "GET /cormun/servlet/licenciaspermisosadjuntos?INS,9934562,L,20180315000000,, HTTP/1.1" 200 5555
186.67.172.234 - - [15/Mar/2018:10:44:10 -0300] "POST /cormun/servlet/solicitudot?gx-no-cache=1521121399517 HTTP/1.1" 200 1337
186.67.172.234 - - [15/Mar/2018:10:44:10 -0300] "POST /cormun/servlet/solicitudot?gx-no-cache=1521121399597 HTTP/1.1" 200 38
186.67.172.234 - - [15/Mar/2018:10:44:10 -0300] "GET /cormun/servlet/solicitudot?3d6ff4f628aa03eacdc92768c2c5fcb9b0a224dd4e2bfc601ec4081ccfa354cc2a3b4d806f4bcf2efdd0cb75e92a0abf4311ccd5abcc8b11bd0175ddc87fd99c455be6514ac147d4b9bd1dc8280fb0cf4516c495f69d9efa61ad3ceb242116ed30723040fbd7c3c1eb564fb95a75c1fa396c32ea35a6e010d69d8bd87e606c0fec8ea9798dce983e28eb71b89626138d0f3ffe2e7680b678951043e29f9ed2fc3b571d64996a7a3927566e520ec688757f30ba6f33b81c9ca9666dbadd1e745a6d486e5991b52e234780c83c5fc990e3,gx-no-cache=1521121399646 HTTP/1.1" 200 29
186.67.172.234 - - [15/Mar/2018:10:44:10 -0300] "POST /cormun/servlet/solicitudot?gx-no-cache=1521121399730 HTTP/1.1" 200 1321
186.67.172.234 - - [15/Mar/2018:10:44:10 -0300] "POST /cormun/servlet/solicitudot?gx-no-cache=1521121399850 HTTP/1.1" 200 1218
186.67.172.234 - - [15/Mar/2018:10:44:10 -0300] "GET /cormun/servlet/solicitudot?3d6ff4f628aa03eacdc92768c2c5fcb9f3d2655973daadcb5aa4c6ba4dd65d22331cf4ba105ec1b1be161a8415c2c81d,gx-no-cache=1521121399958 HTTP/1.1" 200 30
190.100.93.40 - - [15/Mar/2018:10:44:16 -0300] "GET /cormun/servlet/licenciaspermisos?15f476030b47702f0289dcd5f12b42c2586631c1ffa2853ba1bd747ba3819e5da44b130239ca7acb0ac69e4ef6a3fa985ed0ba32f1e0863921d87bf5d2f5b0632f993de60f4d87b3ce93ccb0f05ec26acc958c922fb701b80b57bd12e0a44cc2c0aab50db8c975adc7953c5451886772f161a992437cbb245c35e1b7708113e4db53bbd7967a7a94b4794196bee94d078142f038dc480802eeb7a375a7218e841ff7ada01e333df3c427a29fefaf2de5f01f5d2f28eceb9f29f84cb66553562954e216ab2dbdc8bed6dd3cc5be7f86a86b04f4a24d2b8d35f81bde05dddf58b0,gx-no-cache=1521121407356 HTTP/1.1" 200 30
190.100.93.40 - - [15/Mar/2018:10:44:16 -0300] "GET /cormun/servlet/licenciaspermisos?15f476030b47702f0289dcd5f12b42c2c7fa2de7a22ab25e0a06dab8bb333a84d406088479d3af255bc4e39065ffe746eb4c74a9d7a7aa781f555b19df717ef25140c30ee9ace3121e8b7701eee49f3836e4468c8d2229798b7faa707258887bcea71a4f97d51416fd9269ae4d9aede87e2d86830413d356fc5f176eff74686d1fe466e5f9aa4d0cf86f14f37a3bd36bb1e40ae906e429fa282e14eb5ffc5b780ef30149d9abc609607a4919428bd7af754bbf868458659e8bf80c90ae0684f28042b667cb41ba0231cb524d9760c334110e18fb5c6eb655ac3cbaa11112eed2,gx-no-cache=1521121407560 HTTP/1.1" 200 29
190.100.93.40 - - [15/Mar/2018:10:44:17 -0300] "POST /cormun/servlet/licenciaspermisos?a1249f2940576f0be521c04500a377ff,INS,0,,,,gx-no-cache=1521121407643 HTTP/1.1" 200 93
190.100.93.40 - - [15/Mar/2018:10:44:17 -0300] "GET /cormun/servlet/hpexe_return? HTTP/1.1" 200 1013
190.100.93.40 - - [15/Mar/2018:10:44:17 -0300] "GET /cormun/static/gxcfg.js?2016101716175148 HTTP/1.1" 304 -
190.100.93.40 - - [15/Mar/2018:10:44:17 -0300] "GET /cormun/servlet/trlicencias HTTP/1.1" 200 10045
190.100.93.40 - - [15/Mar/2018:10:44:18 -0300] "GET /cormun/servlet/trlicencias HTTP/1.1" 200 10040
186.79.231.211 - - [15/Mar/2018:10:44:19 -0300] "GET /cormun/servlet/licenciaspermisos?INS,0,,, HTTP/1.1" 200 7763
186.67.172.234 - - [15/Mar/2018:10:44:20 -0300] "GET /cormun/servlet/solicitudot?3d6ff4f628aa03eacdc92768c2c5fcb9b0a224dd4e2bfc601ec4081ccfa354cc2a3b4d806f4bcf2efdd0cb75e92a0abfee3a7f222411dc949ce502a38ff7622e455be6514ac147d4b9bd1dc8280fb0cf4516c495f69d9efa61ad3ceb242116ed30723040fbd7c3c1eb564fb95a75c1fa396c32ea35a6e010d69d8bd87e606c0fec8ea9798dce983e28eb71b89626138d0f3ffe2e7680b678951043e29f9ed2fc3b571d64996a7a3927566e520ec688757f30ba6f33b81c9ca9666dbadd1e745a6d486e5991b52e234780c83c5fc990e3,gx-no-cache=1521121409656 HTTP/1.1" 200 29
186.79.231.211 - - [15/Mar/2018:10:44:21 -0300] "GET /cormun/servlet/licenciaspermisos?INS,0,,, HTTP/1.1" 200 7771
186.67.172.234 - - [15/Mar/2018:10:44:23 -0300] "POST /cormun/servlet/solicitudot?gx-no-cache=1521121412386 HTTP/1.1" 200 1321
186.67.172.234 - - [15/Mar/2018:10:44:23 -0300] "POST /cormun/servlet/solicitudot?gx-no-cache=1521121412470 HTTP/1.1" 200 1218
186.67.172.234 - - [15/Mar/2018:10:44:23 -0300] "POST /cormun/servlet/solicitudot?gx-no-cache=1521121412587 HTTP/1.1" 200 33
186.79.231.211 - - [15/Mar/2018:10:44:29 -0300] "GET /cormun/servlet/licenciaspermisos?d3e08a649139a80c0e2251a528e4d7fec29f6037aaa2049495820be7141233254d0c68c6be5f9c300d7e88f3da92c050,gx-no-cache=1521121424999 HTTP/1.1" 200 77
186.79.231.211 - - [15/Mar/2018:10:44:31 -0300] "POST /cormun/servlet/licenciaspermisos?832e946bcdc9fc2db670a14f3d7441c4,INS,0,,,,gx-no-cache=1521121425693 HTTP/1.1" 200 4880
186.79.231.211 - - [15/Mar/2018:10:44:44 -0300] "GET /cormun/static/menuarrow.gif HTTP/1.1" 404 1015
190.100.93.40 - - [15/Mar/2018:10:44:47 -0300] "GET /cormun/servlet/alicenciaprn?10955447,L,20180315000000,PU HTTP/1.1" 200 1549
186.67.172.234 - - [15/Mar/2018:10:45:05 -0300] "POST /cormun/servlet/solicitudot?f7b173aa1ba135d470bcef1d29b081ca,INS,0,0,,gx-no-cache=1521121454091 HTTP/1.1" 200 93
186.67.172.234 - - [15/Mar/2018:10:45:05 -0300] "GET /cormun/servlet/hpexe_return? HTTP/1.1" 200 1009
186.67.172.234 - - [15/Mar/2018:10:45:05 -0300] "GET /cormun/static/gxcfg.js?2016101716175148 HTTP/1.1" 304 -
186.67.172.234 - - [15/Mar/2018:10:45:05 -0300] "GET /cormun/servlet/trsolicitudot HTTP/1.1" 200 8843
186.67.172.234 - - [15/Mar/2018:10:45:06 -0300] "GET /cormun/servlet/trsolicitudot HTTP/1.1" 200 8839
186.79.60.25 - - [15/Mar/2018:10:45:09 -0300] "POST /cormun/servlet/licenciaspermisosadjuntos?fa7654343729026d1c1478869492b136,INS,9934562,L,20180315000000,, HTTP/1.1" 200 116
186.79.60.25 - - [15/Mar/2018:10:45:09 -0300] "GET /cormun/servlet/hpexe_return? HTTP/1.1" 200 1037
186.79.60.25 - - [15/Mar/2018:10:45:10 -0300] "GET /cormun/servlet/trlicenciaspermisosadjuntos?9934562,20180315000000,L, HTTP/1.1" 200 6764
186.79.60.25 - - [15/Mar/2018:10:45:10 -0300] "GET /cormun/servlet/trlicenciaspermisosadjuntos?9934562,20180315000000,L, HTTP/1.1" 200 6761
192.168.4.251 - - [15/Mar/2018:10:45:16 -0300] "POST /cormun/servlet/trsolicitudgral?157dd2d4e0203820472f2f9bbc9e7d45,gx-no-cache=1521121351774 HTTP/1.1" 440 972
186.79.60.25 - - [15/Mar/2018:10:45:16 -0300] "GET /cormun/servlet/licenciaspermisosadjuntos?INS,9934562,L,20180315000000,, HTTP/1.1" 200 5566
186.79.60.25 - - [15/Mar/2018:10:45:17 -0300] "GET /cormun/servlet/licenciaspermisosadjuntos?INS,9934562,L,20180315000000,, HTTP/1.1" 200 5555
192.168.4.251 - - [15/Mar/2018:10:45:18 -0300] "GET /cormun/servlet/trsolicitudgral HTTP/1.1" 500 10
192.168.4.251 - - [15/Mar/2018:10:45:20 -0300] "GET /cormun/servlet/trsolicitudgral HTTP/1.1" 500 10
192.168.4.251 - - [15/Mar/2018:10:45:21 -0300] "GET /cormun/servlet/solicitudotlog?INS,2018,10494,0,REC, HTTP/1.1" 200 5051
192.168.4.251 - - [15/Mar/2018:10:45:22 -0300] "GET /cormun/servlet/hlogin HTTP/1.1" 200 1755
192.168.4.251 - - [15/Mar/2018:10:45:22 -0300] "GET /cormun/servlet/solicitudotlog?INS,2018,10494,0,REC, HTTP/1.1" 200 5045
186.67.172.234 - - [15/Mar/2018:10:45:23 -0300] "GET /cormun/servlet/solicitudot?INS,0,0, HTTP/1.1" 200 13667
186.67.172.234 - - [15/Mar/2018:10:45:24 -0300] "GET /cormun/servlet/solicitudot?INS,0,0, HTTP/1.1" 200 13672
192.168.4.251 - - [15/Mar/2018:10:45:29 -0300] "POST /cormun/servlet/hlogin?3944b1bd831da4f1291edffe3258d184,gx-no-cache=1521121365563 HTTP/1.1" 200 90
192.168.4.251 - - [15/Mar/2018:10:45:29 -0300] "GET /cormun/servlet/hpexe_link HTTP/1.1" 200 975
192.168.4.251 - - [15/Mar/2018:10:45:30 -0300] "GET /cormun/servlet/solicitudotlog?INS,2018,10494,0,REC, HTTP/1.1" 200 6127
192.168.4.251 - - [15/Mar/2018:10:45:30 -0300] "GET /cormun/servlet/solicitudotlog?INS,2018,10494,0,REC, HTTP/1.1" 200 6126
192.168.4.251 - - [15/Mar/2018:10:45:31 -0300] "GET /cormun/servlet/solicitudotlog?baf8011d28fa07c8ea908e19708f5075ba2474d7a816a3248e437091906073ac21443c0e50a85c028c218907c0469c7964193d7f37aa022ebf2617262455ba8055f88fdb68e90de9d3b3561aedb73380366ad74f021029209d2bc35412936010c0bd61382ea8723435e14aa349dd7fe827b474acfc1d5ecddf8cb00b636b0ef22d8838de3ba66642c0bb908c59b82e03bea5fe945bfb3e95e09e986730286d20,gx-no-cache=1521121366723 HTTP/1.1" 200 94
186.79.60.25 - - [15/Mar/2018:10:45:34 -0300] "GET /cormun/servlet/hlogin HTTP/1.1" 200 1717
192.168.4.251 - - [15/Mar/2018:10:45:35 -0300] "POST /cormun/servlet/solicitudotlog?3944b1bd831da4f1291edffe3258d184,INS,2018,10494,0,REC,,gx-no-cache=1521121371142 HTTP/1.1" 200 93
192.168.4.251 - - [15/Mar/2018:10:45:35 -0300] "GET /cormun/servlet/hpexe_return? HTTP/1.1" 200 1019
192.168.4.251 - - [15/Mar/2018:10:45:35 -0300] "GET /cormun/servlet/hhome HTTP/1.1" 200 4474
192.168.4.251 - - [15/Mar/2018:10:45:36 -0300] "GET /cormun/servlet/hhome HTTP/1.1" 200 4468
186.79.60.25 - - [15/Mar/2018:10:45:36 -0300] "POST /cormun/servlet/hlogin?05248cdfea7e83b9c49631184bf7ef90,gx-no-cache=1521121488133 HTTP/1.1" 200 90
186.79.60.25 - - [15/Mar/2018:10:45:36 -0300] "GET /cormun/servlet/hpexe_link HTTP/1.1" 200 948
186.79.60.25 - - [15/Mar/2018:10:45:36 -0300] "GET /cormun/servlet/hhome HTTP/1.1" 200 3927
186.79.60.25 - - [15/Mar/2018:10:45:37 -0300] "GET /cormun/servlet/hhome HTTP/1.1" 200 3923
186.79.60.25 - - [15/Mar/2018:10:45:40 -0300] "GET /cormun/servlet/trlicencias? HTTP/1.1" 200 9896
192.168.4.251 - - [15/Mar/2018:10:45:40 -0300] "GET /cormun/servlet/trsolicitudgral? HTTP/1.1" 200 18929
186.79.60.25 - - [15/Mar/2018:10:45:40 -0300] "GET /cormun/servlet/trlicencias? HTTP/1.1" 200 9894
192.168.4.251 - - [15/Mar/2018:10:45:42 -0300] "GET /cormun/servlet/trsolicitudgral? HTTP/1.1" 200 18927
186.79.60.25 - - [15/Mar/2018:10:45:53 -0300] "POST /cormun/servlet/trlicencias?05248cdfea7e83b9c49631184bf7ef90,,gx-no-cache=1521121504733 HTTP/1.1" 200 7271
186.79.60.25 - - [15/Mar/2018:10:45:53 -0300] "GET /cormun/static/Shared/jqueryui/images/ui-bg_highlight-soft_100_c6c2c8_1x100.png HTTP/1.1" 404 1117
186.79.60.25 - - [15/Mar/2018:10:45:54 -0300] "GET /cormun/static/Shared/jqueryui/images/ui-icons_82798d_256x240.png HTTP/1.1" 404 1089
186.79.60.25 - - [15/Mar/2018:10:45:54 -0300] "GET /cormun/static/Shared/jqueryui/images/ui-bg_flat_55_fafafa_40x100.png HTTP/1.1" 404 1097
186.79.60.25 - - [15/Mar/2018:10:45:54 -0300] "GET /cormun/static/Shared/jqueryui/images/ui-icons_8d78a5_256x240.png HTTP/1.1" 404 1089
186.67.172.234 - - [15/Mar/2018:10:46:18 -0300] "POST /cormun/servlet/solicitudot?gx-no-cache=1521121527494 HTTP/1.1" 200 3410
186.67.172.234 - - [15/Mar/2018:10:46:18 -0300] "POST /cormun/servlet/solicitudot?f7b173aa1ba135d470bcef1d29b081ca,INS,0,0,,gx-no-cache=1521121528004 HTTP/1.1" 200 10583
192.168.4.251 - - [15/Mar/2018:10:46:18 -0300] "POST /cormun/servlet/trsolicitudgral?3944b1bd831da4f1291edffe3258d184,,gx-no-cache=1521121413926 HTTP/1.1" 200 7614
200.120.230.197 - - [15/Mar/2018:10:46:21 -0300] "GET /cormun/servlet/licenciaspermisos?d3e08a649139a80c0e2251a528e4d7fe49bc88428295a46a97d9d37751acc0b711362eadd0ba70f4ad974cd802209ea29b3e90972afac34c57bbd42a489d8c09d84d7ae7767748b6faba42de5fe4ee0dbc08cd5e0d883371cfb66c3361dea7d949a185d7f4b13bacc2a7a2102ab3eeb24addec526d3b676ea51aef170383fab44badecca3dada66a14fa0d6850e1eedf17a1da53cd1af558fecaf131bcd2eb8314bd1cf0c9843dffd28ff6353b97856fcf4af5e2e7af97ec4a2110fa477059078b507fbcedc33ac362dd39e62e31167d54de2110eda91dc4e829c29e82fe7a57,gx-no-cache=1521121538084 HTTP/1.1" 200 30
200.120.230.197 - - [15/Mar/2018:10:46:22 -0300] "POST /cormun/servlet/licenciaspermisos?832e946bcdc9fc2db670a14f3d7441c4,INS,0,,,,gx-no-cache=1521121538376 HTTP/1.1" 200 4964
192.168.4.251 - - [15/Mar/2018:10:46:23 -0300] "POST /cormun/servlet/trsolicitudgral?3944b1bd831da4f1291edffe3258d184,,gx-no-cache=1521121419435 HTTP/1.1" 200 9617
186.67.172.234 - - [15/Mar/2018:10:46:26 -0300] "GET /cormun/servlet/solicitudot?3d6ff4f628aa03eacdc92768c2c5fcb94cb65d49b6d0f95e56471f9022a80a151b1fae64faeb65b04b64779df26ce293,gx-no-cache=1521121535814 HTTP/1.1" 200 30
186.67.172.234 - - [15/Mar/2018:10:46:26 -0300] "GET /cormun/servlet/solicitudot?3d6ff4f628aa03eacdc92768c2c5fcb9445bd86f850c37a0db1e35893c94942fd603fec50e77db936253a6f1ad09ea651b1fae64faeb65b04b64779df26ce293,gx-no-cache=1521121535887 HTTP/1.1" 200 30
186.67.172.234 - - [15/Mar/2018:10:46:26 -0300] "GET /cormun/servlet/solicitudot?3d6ff4f628aa03eacdc92768c2c5fcb966202fae00f60707fc118a6c5b01d520,gx-no-cache=1521121535929 HTTP/1.1" 200 53
186.67.172.234 - - [15/Mar/2018:10:46:26 -0300] "POST /cormun/servlet/solicitudot?gx-no-cache=1521121535978 HTTP/1.1" 200 255
186.67.172.234 - - [15/Mar/2018:10:46:26 -0300] "GET /cormun/servlet/solicitudot?3d6ff4f628aa03eacdc92768c2c5fcb916ee97c364735d05da12c13147fcf6d8d9878de3fe2d22acb8af914199e052abef3f6d3d2999d25346d126d6c21866fc35a27c040a9d4eb5bb7e8b68528a296a6003d2f2e5fc26db09f4a2bc4e1262c6a230a83a2da458032e2f2fdf8d3415ac7218b8d7c39516a00f44de76cda00ea184062c59907a16a11f0c9379604d01e7c9a456ce9e128859f91bebbf52ad611a96b1dad60c7098c3baac1cba5533d17298f0c425fd1344b3c2d90c69ce45142257f715ea5c0697477b0fda03899afef89e41a59b83dab934e83fe8e06ef1b9a3496f131e41f6c35bda0dcef546234ddee5d015b2f8ba73e83dbfe164f7d4e3bbb066f8b15e5659c6b36e4a17f1cc2a5a59de2431af09304de14387dd9d45fb5b59de9ad1c115d414e218d78f956bc50a93f2bf291cee652aa7565cdbff55d543534cea214534ee6745d96d26867d3bd5dd4ecf62ce115654ca8e79a8b7d8308f544c7fbcc37cebbabdab1934ed037e86545cdfeb86d588a33bae95e12249b175,gx-no-cache=1521121536053 HTTP/1.1" 200 30
186.67.172.234 - - [15/Mar/2018:10:46:28 -0300] "POST /cormun/servlet/solicitudot?gx-no-cache=1521121537591 HTTP/1.1" 200 30
186.67.172.234 - - [15/Mar/2018:10:46:29 -0300] "GET /cormun/servlet/prcontratosol?15113366,,,,,MD,,gxPopupLevel%3D0%3B HTTP/1.1" 200 8636
186.67.172.234 - - [15/Mar/2018:10:46:34 -0300] "POST /cormun/servlet/solicitudot?gx-no-cache=1521121543801 HTTP/1.1" 200 1336
186.67.172.234 - - [15/Mar/2018:10:46:34 -0300] "POST /cormun/servlet/solicitudot?gx-no-cache=1521121543919 HTTP/1.1" 200 38
186.67.172.234 - - [15/Mar/2018:10:46:34 -0300] "GET /cormun/servlet/solicitudot?3d6ff4f628aa03eacdc92768c2c5fcb9b0a224dd4e2bfc601ec4081ccfa354cc2a3b4d806f4bcf2efdd0cb75e92a0abf4311ccd5abcc8b11bd0175ddc87fd99c455be6514ac147d4b9bd1dc8280fb0cf4516c495f69d9efa61ad3ceb242116ed30723040fbd7c3c1eb564fb95a75c1fa396c32ea35a6e010d69d8bd87e606c0fec8ea9798dce983e28eb71b89626138d0f3ffe2e7680b678951043e29f9ed2fc3b571d64996a7a3927566e520ec688757f30ba6f33b81c9ca9666dbadd1e745a6d486e5991b52e234780c83c5fc990e3,gx-no-cache=1521121544011 HTTP/1.1" 200 29
186.67.172.234 - - [15/Mar/2018:10:46:35 -0300] "POST /cormun/servlet/solicitudot?gx-no-cache=1521121544380 HTTP/1.1" 200 1318
186.67.172.234 - - [15/Mar/2018:10:46:35 -0300] "POST /cormun/servlet/solicitudot?gx-no-cache=1521121544458 HTTP/1.1" 200 1218
186.67.172.234 - - [15/Mar/2018:10:46:35 -0300] "GET /cormun/servlet/solicitudot?3d6ff4f628aa03eacdc92768c2c5fcb9f3d2655973daadcb5aa4c6ba4dd65d22331cf4ba105ec1b1be161a8415c2c81d,gx-no-cache=1521121544561 HTTP/1.1" 200 30
200.120.230.197 - - [15/Mar/2018:10:46:40 -0300] "GET /cormun/servlet/licenciaspermisos?d3e08a649139a80c0e2251a528e4d7feaa0b0cb0adf8839d9342f0fb80641882a6f8deb875403c5ea4c029d794b219f55e301ebd8d4b22a10fadd98866fd0d6d5b5c6f0237f752ebe707e62add6ea34cf1bc6291bc628c3c656cef59d63ab6d2dd6f77a41c51220094f03f0cf96c6cab40faaf745816118bbd89155b20de7e08266bcdc2fb62065247b131c7eb08ad1a28337a30543456f1862f307e672a13dfb1a6b58afdf286354e58dde91ffeef8359cf353c6ea50e09cc8a4fcbbd8c459e6fa1ad87e560b759359b466ec31ef58839d49e90ad787c09470f63b8145b125e69affb86e1db6c8fdc9dac5ebedac428,gx-no-cache=1521121556655 HTTP/1.1" 200 59
200.120.230.197 - - [15/Mar/2018:10:46:40 -0300] "POST /cormun/servlet/licenciaspermisos?832e946bcdc9fc2db670a14f3d7441c4,INS,0,,,,gx-no-cache=1521121556774 HTTP/1.1" 200 93
200.120.230.197 - - [15/Mar/2018:10:46:40 -0300] "GET /cormun/servlet/hpexe_return? HTTP/1.1" 200 1011
200.120.230.197 - - [15/Mar/2018:10:46:41 -0300] "GET /cormun/servlet/trlicencias HTTP/1.1" 200 11816
186.67.172.234 - - [15/Mar/2018:10:46:42 -0300] "GET /cormun/servlet/solicitudot?3d6ff4f628aa03eacdc92768c2c5fcb9b0a224dd4e2bfc601ec4081ccfa354cc2a3b4d806f4bcf2efdd0cb75e92a0abfee3a7f222411dc949ce502a38ff7622e455be6514ac147d4b9bd1dc8280fb0cf4516c495f69d9efa61ad3ceb242116ed30723040fbd7c3c1eb564fb95a75c1fa396c32ea35a6e010d69d8bd87e606c0fec8ea9798dce983e28eb71b89626138d0f3ffe2e7680b678951043e29f9ed2fc3b571d64996a7a3927566e520ec688757f30ba6f33b81c9ca9666dbadd1e745a6d486e5991b52e234780c83c5fc990e3,gx-no-cache=1521121552008 HTTP/1.1" 200 29
200.120.230.197 - - [15/Mar/2018:10:46:43 -0300] "GET /cormun/servlet/trlicencias HTTP/1.1" 200 11811
186.67.172.234 - - [15/Mar/2018:10:46:44 -0300] "POST /cormun/servlet/solicitudot?gx-no-cache=1521121554120 HTTP/1.1" 200 1319
186.67.172.234 - - [15/Mar/2018:10:46:44 -0300] "POST /cormun/servlet/solicitudot?gx-no-cache=1521121554217 HTTP/1.1" 200 1218
186.67.172.234 - - [15/Mar/2018:10:46:44 -0300] "POST /cormun/servlet/solicitudot?gx-no-cache=1521121554281 HTTP/1.1" 200 33
186.67.172.234 - - [15/Mar/2018:10:46:58 -0300] "POST /cormun/servlet/solicitudot?f7b173aa1ba135d470bcef1d29b081ca,INS,0,0,,gx-no-cache=1521121567771 HTTP/1.1" 200 93
186.67.172.234 - - [15/Mar/2018:10:46:58 -0300] "GET /cormun/servlet/hpexe_return? HTTP/1.1" 200 1009
186.67.172.234 - - [15/Mar/2018:10:46:58 -0300] "GET /cormun/servlet/trsolicitudot HTTP/1.1" 200 9265
186.67.172.234 - - [15/Mar/2018:10:46:59 -0300] "GET /cormun/servlet/trsolicitudot HTTP/1.1" 200 9261
200.120.230.197 - - [15/Mar/2018:10:47:00 -0300] "GET /cormun/servlet/trlicenciaspermisosadjuntos?7755097,20180315000000,L, HTTP/1.1" 200 6580
200.120.230.197 - - [15/Mar/2018:10:47:00 -0300] "GET /cormun/static/gxcfg.js?20177612163414 HTTP/1.1" 200 953
200.120.230.197 - - [15/Mar/2018:10:47:00 -0300] "GET /cormun/static/trlicenciaspermisosadjuntos.js?20177612163719 HTTP/1.1" 200 21036
200.120.230.197 - - [15/Mar/2018:10:47:01 -0300] "GET /cormun/servlet/trlicenciaspermisosadjuntos?7755097,20180315000000,L, HTTP/1.1" 200 6580
200.120.230.197 - - [15/Mar/2018:10:47:03 -0300] "GET /cormun/servlet/licenciaspermisosadjuntos?INS,7755097,L,20180315000000,, HTTP/1.1" 200 5880
200.120.230.197 - - [15/Mar/2018:10:47:04 -0300] "GET /cormun/static/gxcfg.js?2017761263592 HTTP/1.1" 200 953
186.79.231.211 - - [15/Mar/2018:10:47:04 -0300] "GET /cormun/static/licenciaspermisosadjuntos.js?201776126362 HTTP/1.1" 200 8760
200.120.230.197 - - [15/Mar/2018:10:47:05 -0300] "GET /cormun/servlet/licenciaspermisosadjuntos?INS,7755097,L,20180315000000,, HTTP/1.1" 200 5867
186.79.231.211 - - [15/Mar/2018:10:47:05 -0300] "GET /cormun/static/about:blank HTTP/1.1" 404 1011
186.79.231.211 - - [15/Mar/2018:10:48:11 -0300] "POST /cormun/servlet/licenciaspermisosadjuntos?832e946bcdc9fc2db670a14f3d7441c4,INS,7755097,L,20180315000000,, HTTP/1.1" 200 116
186.79.231.211 - - [15/Mar/2018:10:48:12 -0300] "GET /cormun/servlet/hpexe_return? HTTP/1.1" 200 1042
186.79.231.211 - - [15/Mar/2018:10:48:13 -0300] "GET /cormun/servlet/trlicenciaspermisosadjuntos?7755097,20180315000000,L, HTTP/1.1" 200 7083
186.79.231.211 - - [15/Mar/2018:10:48:15 -0300] "GET /cormun/servlet/trlicenciaspermisosadjuntos?7755097,20180315000000,L, HTTP/1.1" 200 7080
186.79.231.211 - - [15/Mar/2018:10:48:21 -0300] "POST /cormun/servlet/trlicenciaspermisosadjuntos?832e946bcdc9fc2db670a14f3d7441c4,7755097,20180315000000,L,,gx-no-cache=1521121654897 HTTP/1.1" 200 90
186.79.231.211 - - [15/Mar/2018:10:48:22 -0300] "GET /cormun/servlet/hpexe_link HTTP/1.1" 200 984
186.79.231.211 - - [15/Mar/2018:10:48:23 -0300] "GET /cormun/servlet/trlicencias HTTP/1.1" 200 11813
186.79.231.211 - - [15/Mar/2018:10:48:24 -0300] "GET /cormun/servlet/trlicencias HTTP/1.1" 200 11811
186.79.231.211 - - [15/Mar/2018:10:48:28 -0300] "GET /cormun/servlet/alicenciaprn?7755097,L,20180315000000,PU HTTP/1.1" 200 1612
186.67.172.234 - - [15/Mar/2018:10:48:47 -0300] "GET /cormun/servlet/solicitudot?INS,0,0, HTTP/1.1" 200 13667
186.67.172.234 - - [15/Mar/2018:10:48:48 -0300] "GET /cormun/servlet/solicitudot?INS,0,0, HTTP/1.1" 200 13672
186.67.172.234 - - [15/Mar/2018:10:49:07 -0300] "POST /cormun/servlet/solicitudot?gx-no-cache=1521121696997 HTTP/1.1" 200 3393
186.67.172.234 - - [15/Mar/2018:10:49:08 -0300] "POST /cormun/servlet/solicitudot?f7b173aa1ba135d470bcef1d29b081ca,INS,0,0,,gx-no-cache=1521121697334 HTTP/1.1" 200 10568
186.67.172.234 - - [15/Mar/2018:10:49:11 -0300] "GET /cormun/servlet/solicitudot?3d6ff4f628aa03eacdc92768c2c5fcb935ecab599a693ec55183ebe8dc8f506d1b1fae64faeb65b04b64779df26ce293,gx-no-cache=1521121701103 HTTP/1.1" 200 30
186.67.172.234 - - [15/Mar/2018:10:49:11 -0300] "GET /cormun/servlet/solicitudot?3d6ff4f628aa03eacdc92768c2c5fcb946d2e6665f84987a6e246eaeaf4c868b78a2755e801759c683e7e10ed7f5d56b9d0deb8cfbc735392697fee03c8ccae7,gx-no-cache=1521121701199 HTTP/1.1" 200 30
186.67.172.234 - - [15/Mar/2018:10:49:11 -0300] "GET /cormun/servlet/solicitudot?3d6ff4f628aa03eacdc92768c2c5fcb9345c3fc434cfa985f2331cae36c70703,gx-no-cache=1521121701270 HTTP/1.1" 200 70
186.67.172.234 - - [15/Mar/2018:10:49:11 -0300] "POST /cormun/servlet/solicitudot?gx-no-cache=1521121701346 HTTP/1.1" 200 255
186.67.172.234 - - [15/Mar/2018:10:49:12 -0300] "GET /cormun/servlet/solicitudot?3d6ff4f628aa03eacdc92768c2c5fcb916ee97c364735d05da12c13147fcf6d8d9878de3fe2d22acb8af914199e052abef3f6d3d2999d25346d126d6c21866fc35a27c040a9d4eb5bb7e8b68528a296a6003d2f2e5fc26db09f4a2bc4e1262c6a230a83a2da458032e2f2fdf8d3415ac7218b8d7c39516a00f44de76cda00ea184062c59907a16a11f0c9379604d01e7c9a456ce9e128859f91bebbf52ad611a96b1dad60c7098c3baac1cba5533d17298f0c425fd1344b3c2d90c69ce45142257f715ea5c0697477b0fda03899afef89e41a59b83dab934e83fe8e06ef1b9a3496f131e41f6c35bda0dcef546234ddee5d015b2f8ba73e83dbfe164f7d4e3bbb066f8b15e5659c6b36e4a17f1cc2a5a59de2431af09304de14387dd9d45fb5b59de9ad1c115d414e218d78f956bc50a93f2bf291cee652aa7565cdbff55d543534cea214534ee6745d96d26867d3bd5dd4ecf62ce115654ca8e79a8b7d8308f544c7fbcc37cebbabdab1934ed037e86545cdfeb86d588a33bae95e12249b175,gx-no-cache=1521121701437 HTTP/1.1" 200 30
186.67.172.234 - - [15/Mar/2018:10:49:20 -0300] "POST /cormun/servlet/solicitudot?gx-no-cache=1521121710167 HTTP/1.1" 200 30
186.67.172.234 - - [15/Mar/2018:10:49:22 -0300] "GET /cormun/servlet/prcontratosol?15523329,,,,,MD,,gxPopupLevel%3D0%3B HTTP/1.1" 200 9173
200.120.230.197 - - [15/Mar/2018:10:49:32 -0300] "POST /cormun/servlet/trlicencias?832e946bcdc9fc2db670a14f3d7441c4,gx-no-cache=1521121728330 HTTP/1.1" 200 9100
200.120.230.197 - - [15/Mar/2018:10:49:33 -0300] "GET /cormun/static/Shared/jqueryui/images/ui-bg_highlight-soft_100_c6c2c8_1x100.png HTTP/1.1" 404 1117
200.120.230.197 - - [15/Mar/2018:10:49:33 -0300] "GET /cormun/static/Shared/jqueryui/images/ui-icons_82798d_256x240.png HTTP/1.1" 404 1089
200.120.230.197 - - [15/Mar/2018:10:49:33 -0300] "GET /cormun/static/Shared/jqueryui/images/ui-bg_flat_55_fafafa_40x100.png HTTP/1.1" 404 1097
200.120.230.197 - - [15/Mar/2018:10:49:33 -0300] "GET /cormun/static/Shared/jqueryui/images/ui-icons_8d78a5_256x240.png HTTP/1.1" 404 1089
200.120.230.197 - - [15/Mar/2018:10:49:50 -0300] "GET /cormun/servlet/hlogin HTTP/1.1" 200 1735
186.67.172.234 - - [15/Mar/2018:10:50:00 -0300] "POST /cormun/servlet/solicitudot?gx-no-cache=1521121749552 HTTP/1.1" 200 1337
186.67.172.234 - - [15/Mar/2018:10:50:00 -0300] "POST /cormun/servlet/solicitudot?gx-no-cache=1521121749906 HTTP/1.1" 200 38
186.67.172.234 - - [15/Mar/2018:10:50:00 -0300] "GET /cormun/servlet/solicitudot?3d6ff4f628aa03eacdc92768c2c5fcb9b0a224dd4e2bfc601ec4081ccfa354cc2a3b4d806f4bcf2efdd0cb75e92a0abf4311ccd5abcc8b11bd0175ddc87fd99c455be6514ac147d4b9bd1dc8280fb0cf4516c495f69d9efa61ad3ceb242116ed30723040fbd7c3c1eb564fb95a75c1fa396c32ea35a6e010d69d8bd87e606c0fec8ea9798dce983e28eb71b89626138d0f3ffe2e7680b678951043e29f9ed2fc3b571d64996a7a3927566e520ec688757f30ba6f33b81c9ca9666dbadd1e745a6d486e5991b52e234780c83c5fc990e3,gx-no-cache=1521121749981 HTTP/1.1" 200 29
186.67.172.234 - - [15/Mar/2018:10:50:00 -0300] "POST /cormun/servlet/solicitudot?gx-no-cache=1521121750076 HTTP/1.1" 200 1319
186.67.172.234 - - [15/Mar/2018:10:50:00 -0300] "POST /cormun/servlet/solicitudot?gx-no-cache=1521121750197 HTTP/1.1" 200 1218
186.67.172.234 - - [15/Mar/2018:10:50:00 -0300] "GET /cormun/servlet/solicitudot?3d6ff4f628aa03eacdc92768c2c5fcb99a547868485f65c282932b0a3e7e0289331cf4ba105ec1b1be161a8415c2c81d,gx-no-cache=1521121750321 HTTP/1.1" 200 134
186.67.172.234 - - [15/Mar/2018:10:50:01 -0300] "GET /cormun/static/Shared/jqueryui/images/ui-bg_highlight-soft_100_c6c2c8_1x100.png HTTP/1.1" 404 1117
186.67.172.234 - - [15/Mar/2018:10:50:01 -0300] "GET /cormun/static/Shared/jqueryui/images/ui-icons_82798d_256x240.png HTTP/1.1" 404 1089
186.67.172.234 - - [15/Mar/2018:10:50:01 -0300] "GET /cormun/static/Shared/jqueryui/images/ui-bg_flat_55_994d53_40x100.png HTTP/1.1" 404 1097
186.67.172.234 - - [15/Mar/2018:10:50:01 -0300] "GET /cormun/static/Shared/jqueryui/images/ui-icons_ebccce_256x240.png HTTP/1.1" 404 1089
186.67.172.234 - - [15/Mar/2018:10:50:13 -0300] "GET /cormun/servlet/solicitudot?3d6ff4f628aa03eacdc92768c2c5fcb9b0a224dd4e2bfc601ec4081ccfa354cc2a3b4d806f4bcf2efdd0cb75e92a0abfee3a7f222411dc949ce502a38ff7622e455be6514ac147d4b9bd1dc8280fb0cf4516c495f69d9efa61ad3ceb242116ed30723040fbd7c3c1eb564fb95a75c1fa396c32ea35a6e010d69d8bd87e606c0fec8ea9798dce983e28eb71b89626138d0f3ffe2e7680b678951043e29f9ed2fc3b571d64996a7a3927566e520ec688757f30ba6f33b81c9ca9666dbadd1e745a6d486e5991b52e234780c83c5fc990e3,gx-no-cache=1521121763226 HTTP/1.1" 200 29
186.67.172.234 - - [15/Mar/2018:10:50:15 -0300] "POST /cormun/servlet/solicitudot?gx-no-cache=1521121765166 HTTP/1.1" 200 1319
186.67.172.234 - - [15/Mar/2018:10:50:15 -0300] "POST /cormun/servlet/solicitudot?gx-no-cache=1521121765322 HTTP/1.1" 200 1218
186.67.172.234 - - [15/Mar/2018:10:50:27 -0300] "GET /cormun/servlet/solicitudot?3d6ff4f628aa03eacdc92768c2c5fcb9f3d2655973daadcb5aa4c6ba4dd65d22331cf4ba105ec1b1be161a8415c2c81d,gx-no-cache=1521121777010 HTTP/1.1" 200 30
186.67.172.234 - - [15/Mar/2018:10:50:37 -0300] "POST /cormun/servlet/solicitudot?gx-no-cache=1521121786781 HTTP/1.1" 200 33
190.100.93.40 - - [15/Mar/2018:10:51:35 -0300] "GET /cormun/servlet/trlicenciaspermisosadjuntos?10955447,20180315000000,L, HTTP/1.1" 200 6674
190.100.93.40 - - [15/Mar/2018:10:51:35 -0300] "GET /cormun/static/gxcfg.js?20177612163414 HTTP/1.1" 304 -
190.100.93.40 - - [15/Mar/2018:10:51:35 -0300] "GET /cormun/servlet/trlicenciaspermisosadjuntos?10955447,20180315000000,L, HTTP/1.1" 200 6674
200.73.230.197 - - [15/Mar/2018:10:52:25 -0300] "GET /cormun/servlet/hlogin HTTP/1.1" 200 1714
200.73.230.197 - - [15/Mar/2018:10:52:37 -0300] "POST /cormun/servlet/hlogin?666c943941337f53fd1f1ccffc8ffa34,gx-no-cache=1521121906690 HTTP/1.1" 200 90
200.73.230.197 - - [15/Mar/2018:10:52:37 -0300] "GET /cormun/servlet/hpexe_link HTTP/1.1" 200 946
200.73.230.197 - - [15/Mar/2018:10:52:37 -0300] "GET /cormun/servlet/hhome HTTP/1.1" 200 3910
200.73.230.197 - - [15/Mar/2018:10:52:38 -0300] "GET /cormun/servlet/hhome HTTP/1.1" 200 3907
186.67.172.234 - - [15/Mar/2018:10:52:41 -0300] "POST /cormun/servlet/solicitudot?f7b173aa1ba135d470bcef1d29b081ca,INS,0,0,,gx-no-cache=1521121910499 HTTP/1.1" 200 93
186.67.172.234 - - [15/Mar/2018:10:52:41 -0300] "GET /cormun/servlet/hpexe_return? HTTP/1.1" 200 1009
186.67.172.234 - - [15/Mar/2018:10:52:41 -0300] "GET /cormun/servlet/trsolicitudot HTTP/1.1" 200 9614
186.67.172.234 - - [15/Mar/2018:10:52:42 -0300] "GET /cormun/servlet/trsolicitudot HTTP/1.1" 200 9610
200.73.230.197 - - [15/Mar/2018:10:52:42 -0300] "GET /cormun/servlet/trlicencias? HTTP/1.1" 200 8548
200.73.230.197 - - [15/Mar/2018:10:52:42 -0300] "GET /cormun/static/gxui/gxui-all.css?110300 HTTP/1.1" 200 2179
200.73.230.197 - - [15/Mar/2018:10:52:42 -0300] "GET /cormun/static/calendar-system.css?75620 HTTP/1.1" 200 5572
200.73.230.197 - - [15/Mar/2018:10:52:42 -0300] "GET /cormun/static/gxcfg.js?20176272054169 HTTP/1.1" 200 953
200.73.230.197 - - [15/Mar/2018:10:52:43 -0300] "GET /cormun/static/Resources/Spanish/PXTools.css?17315867 HTTP/1.1" 200 89042
200.73.230.197 - - [15/Mar/2018:10:52:43 -0300] "GET /cormun/static/trlicencias.js?20176272054837 HTTP/1.1" 200 41883
200.73.230.197 - - [15/Mar/2018:10:52:43 -0300] "GET /cormun/static/Shared/ext/resources/css/ext-all.css?205870 HTTP/1.1" 200 416045
200.73.230.197 - - [15/Mar/2018:10:52:44 -0300] "GET /cormun//static/Resources/PXToolsActionDisabled.gif HTTP/1.1" 200 53
200.73.230.197 - - [15/Mar/2018:10:52:44 -0300] "GET /cormun//static/Resources/PXToolsGridDisplay.png HTTP/1.1" 200 362
200.73.230.197 - - [15/Mar/2018:10:52:44 -0300] "GET /cormun//static/Resources/PXToolsActionPrint.png HTTP/1.1" 200 3317
200.73.230.197 - - [15/Mar/2018:10:52:44 -0300] "GET /cormun//static/Resources/PXToolsHeaderHelp.png HTTP/1.1" 200 4055
200.73.230.197 - - [15/Mar/2018:10:52:44 -0300] "GET /cormun/servlet/trlicencias? HTTP/1.1" 200 8545
200.73.230.197 - - [15/Mar/2018:10:52:44 -0300] "GET /cormun//static/Resources/PXToolsHeaderFavorites.png HTTP/1.1" 200 2744
186.67.172.234 - - [15/Mar/2018:10:52:51 -0300] "GET /cormun/servlet/solicitudot?INS,0,0, HTTP/1.1" 200 13665
186.67.172.234 - - [15/Mar/2018:10:52:51 -0300] "GET /cormun/servlet/solicitudot?INS,0,0, HTTP/1.1" 200 13670
190.100.93.40 - - [15/Mar/2018:10:53:14 -0300] "GET /cormun/servlet/licenciaspermisosadjuntos?INS,10955447,L,20180315000000,, HTTP/1.1" 200 5972
190.100.93.40 - - [15/Mar/2018:10:53:14 -0300] "GET /cormun/static/gxcfg.js?2017761263592 HTTP/1.1" 304 -
190.100.93.40 - - [15/Mar/2018:10:53:14 -0300] "GET /cormun/static/about:blank HTTP/1.1" 404 1011
190.100.93.40 - - [15/Mar/2018:10:53:14 -0300] "GET /cormun/servlet/licenciaspermisosadjuntos?INS,10955447,L,20180315000000,, HTTP/1.1" 200 5961
190.100.93.40 - - [15/Mar/2018:10:53:32 -0300] "POST /cormun/servlet/licenciaspermisosadjuntos?a1249f2940576f0be521c04500a377ff,INS,10955447,L,20180315000000,, HTTP/1.1" 200 116
190.100.93.40 - - [15/Mar/2018:10:53:32 -0300] "GET /cormun/servlet/hpexe_return? HTTP/1.1" 200 1043
190.100.93.40 - - [15/Mar/2018:10:53:32 -0300] "GET /cormun/servlet/trlicenciaspermisosadjuntos?10955447,20180315000000,L, HTTP/1.1" 200 7209
190.100.93.40 - - [15/Mar/2018:10:53:33 -0300] "GET /cormun/servlet/trlicenciaspermisosadjuntos?10955447,20180315000000,L, HTTP/1.1" 200 7206
190.100.93.40 - - [15/Mar/2018:10:53:35 -0300] "POST /cormun/servlet/trlicenciaspermisosadjuntos?a1249f2940576f0be521c04500a377ff,10955447,20180315000000,L,,gx-no-cache=1521121966448 HTTP/1.1" 200 90
190.100.93.40 - - [15/Mar/2018:10:53:35 -0300] "GET /cormun/servlet/hpexe_link HTTP/1.1" 200 985
190.100.93.40 - - [15/Mar/2018:10:53:35 -0300] "GET /cormun/servlet/trlicencias HTTP/1.1" 200 10042
190.100.93.40 - - [15/Mar/2018:10:53:36 -0300] "GET /cormun/servlet/trlicencias HTTP/1.1" 200 10040
190.100.93.40 - - [15/Mar/2018:10:53:38 -0300] "POST /cormun/servlet/trlicencias?a1249f2940576f0be521c04500a377ff,gx-no-cache=1521121969793 HTTP/1.1" 200 7186
190.100.93.40 - - [15/Mar/2018:10:53:38 -0300] "GET /cormun/static/Shared/jqueryui/images/ui-bg_highlight-soft_100_c6c2c8_1x100.png HTTP/1.1" 404 1117
190.100.93.40 - - [15/Mar/2018:10:53:38 -0300] "GET /cormun/static/Shared/jqueryui/images/ui-icons_82798d_256x240.png HTTP/1.1" 404 1089
190.100.93.40 - - [15/Mar/2018:10:53:38 -0300] "GET /cormun/static/Shared/jqueryui/images/ui-bg_flat_55_fafafa_40x100.png HTTP/1.1" 404 1097
190.100.93.40 - - [15/Mar/2018:10:53:38 -0300] "GET /cormun/static/Shared/jqueryui/images/ui-icons_8d78a5_256x240.png HTTP/1.1" 404 1089
186.67.172.234 - - [15/Mar/2018:10:54:13 -0300] "POST /cormun/servlet/solicitudot?gx-no-cache=1521122002917 HTTP/1.1" 200 3417
186.67.172.234 - - [15/Mar/2018:10:54:13 -0300] "POST /cormun/servlet/solicitudot?f7b173aa1ba135d470bcef1d29b081ca,INS,0,0,,gx-no-cache=1521122003171 HTTP/1.1" 200 10587
186.67.172.234 - - [15/Mar/2018:10:54:32 -0300] "GET /cormun/servlet/solicitudot?3d6ff4f628aa03eacdc92768c2c5fcb952434fea34560b61f9bc2e5740204cd91b1fae64faeb65b04b64779df26ce293,gx-no-cache=1521122022086 HTTP/1.1" 200 30
186.67.172.234 - - [15/Mar/2018:10:54:32 -0300] "GET /cormun/servlet/solicitudot?3d6ff4f628aa03eacdc92768c2c5fcb9586990de75ecc7af73a01a86728730b3d78261a1d40745ad7c0027ea185242c4c6f0022c38157f8a87288ab3810f0341,gx-no-cache=1521122022184 HTTP/1.1" 200 30
186.67.172.234 - - [15/Mar/2018:10:54:32 -0300] "GET /cormun/servlet/solicitudot?3d6ff4f628aa03eacdc92768c2c5fcb966202fae00f60707fc118a6c5b01d520,gx-no-cache=1521122022270 HTTP/1.1" 200 53
186.67.172.234 - - [15/Mar/2018:10:54:33 -0300] "POST /cormun/servlet/solicitudot?gx-no-cache=1521122022366 HTTP/1.1" 200 256
