186.103.158.250 - - [15/Mar/2018:09:04:21 -0300] "POST /cormun/servlet/hlogin?ef7a1c6b829c20659827c0ebdd5d9edc,gx-no-cache=1521115408989 HTTP/1.1" 200 90
186.103.158.250 - - [15/Mar/2018:09:04:21 -0300] "GET /cormun/servlet/hpexe_link HTTP/1.1" 200 952
186.103.158.250 - - [15/Mar/2018:09:04:21 -0300] "GET /cormun/static/gxcfg.js?20177612121792 HTTP/1.1" 304 -
186.103.158.250 - - [15/Mar/2018:09:04:21 -0300] "GET /cormun/servlet/hhome HTTP/1.1" 200 4192
186.103.158.250 - - [15/Mar/2018:09:04:21 -0300] "GET /cormun/static/gxcfg.js?20175251212442 HTTP/1.1" 304 -
186.103.159.182 - - [15/Mar/2018:09:04:22 -0300] "POST /cormun/servlet/trautorizarsolicitud?9835068b2f1bc4a561e6ad0c686b0794,,gx-no-cache=1521115351273 HTTP/1.1" 200 17179
186.103.158.250 - - [15/Mar/2018:09:04:31 -0300] "GET /cormun/servlet/hhome HTTP/1.1" 200 4188
186.103.158.250 - - [15/Mar/2018:09:04:35 -0300] "GET /cormun/servlet/trsolicitudot? HTTP/1.1" 200 7412
186.103.158.250 - - [15/Mar/2018:09:04:36 -0300] "GET /cormun/static/gxcfg.js?2017111422585916 HTTP/1.1" 304 -
186.103.158.250 - - [15/Mar/2018:09:04:39 -0300] "GET /cormun/servlet/trsolicitudot? HTTP/1.1" 200 7412
186.103.158.250 - - [15/Mar/2018:09:04:44 -0300] "GET /cormun/servlet/solicitudot?INS,0,0, HTTP/1.1" 200 13643
186.103.158.250 - - [15/Mar/2018:09:04:44 -0300] "GET /cormun/static/gxcfg.js?201812313224582 HTTP/1.1" 304 -
186.103.159.182 - - [15/Mar/2018:09:04:45 -0300] "POST /cormun/servlet/trautorizarsolicitud?9835068b2f1bc4a561e6ad0c686b0794,,gx-no-cache=1521115374797 HTTP/1.1" 200 110
186.103.159.182 - - [15/Mar/2018:09:04:45 -0300] "GET /cormun/AutorizarSolicitud-9942.xls HTTP/1.1" 200 18432
186.103.158.250 - - [15/Mar/2018:09:04:47 -0300] "GET /cormun/servlet/solicitudot?INS,0,0, HTTP/1.1" 200 13648
200.120.230.197 - - [15/Mar/2018:09:04:48 -0300] "GET /cormun/servlet/trsolicitudot? HTTP/1.1" 200 8813
200.120.230.197 - - [15/Mar/2018:09:04:49 -0300] "GET /cormun/servlet/trsolicitudot? HTTP/1.1" 200 8812
200.73.230.197 - - [15/Mar/2018:09:04:52 -0300] "POST /cormun/servlet/solicitudot?b20f71aa67ef385a4af4209f6f600451,INS,0,0,,gx-no-cache=1521115441741 HTTP/1.1" 200 93
200.73.230.197 - - [15/Mar/2018:09:04:52 -0300] "GET /cormun/servlet/hpexe_return? HTTP/1.1" 200 1008
200.73.230.197 - - [15/Mar/2018:09:04:53 -0300] "GET /cormun/servlet/trsolicitudot HTTP/1.1" 200 8497
186.103.159.182 - - [15/Mar/2018:09:04:54 -0300] "POST /cormun/servlet/trautorizarsolicitud?9835068b2f1bc4a561e6ad0c686b0794,,gx-no-cache=1521115384222 HTTP/1.1" 200 5756
200.73.230.197 - - [15/Mar/2018:09:04:54 -0300] "GET /cormun/servlet/trsolicitudot HTTP/1.1" 200 8493
186.103.159.44 - - [15/Mar/2018:09:04:54 -0300] "GET /cormun/servlet/prbanco?,MD,,gxPopupLevel%3D0%3B HTTP/1.1" 200 6580
186.103.159.44 - - [15/Mar/2018:09:04:55 -0300] "GET /cormun/static/gxcfg.js?20181161016094 HTTP/1.1" 200 953
186.103.159.44 - - [15/Mar/2018:09:04:55 -0300] "GET /cormun/static/prbanco.js?2018116101633 HTTP/1.1" 200 10693
200.73.230.197 - - [15/Mar/2018:09:04:59 -0300] "POST /cormun/servlet/trsolicitudot?b20f71aa67ef385a4af4209f6f600451,gx-no-cache=1521115449017 HTTP/1.1" 200 106
200.120.230.197 - - [15/Mar/2018:09:05:00 -0300] "GET /cormun/servlet/trautorizarsolicitud? HTTP/1.1" 200 11955
200.73.230.197 - - [15/Mar/2018:09:05:00 -0300] "GET /cormun/servlet/solicitudot?UPD,2018,10494, HTTP/1.1" 200 15170
200.120.230.197 - - [15/Mar/2018:09:05:00 -0300] "GET /cormun/static/gxcfg.js?2017111423403364 HTTP/1.1" 200 953
186.103.158.250 - - [15/Mar/2018:09:05:00 -0300] "POST /cormun/servlet/solicitudot?gx-no-cache=1521115448772 HTTP/1.1" 200 3284
200.120.230.197 - - [15/Mar/2018:09:05:01 -0300] "GET /cormun/servlet/trautorizarsolicitud? HTTP/1.1" 200 11954
200.73.230.197 - - [15/Mar/2018:09:05:01 -0300] "GET /cormun/servlet/solicitudot?UPD,2018,10494, HTTP/1.1" 200 15181
186.103.158.250 - - [15/Mar/2018:09:05:02 -0300] "POST /cormun/servlet/solicitudot?ef7a1c6b829c20659827c0ebdd5d9edc,INS,0,0,,gx-no-cache=1521115449264 HTTP/1.1" 200 10441
200.73.230.197 - - [15/Mar/2018:09:05:02 -0300] "POST /cormun/servlet/solicitudot?gx-no-cache=1521115451573 HTTP/1.1" 200 3425
186.103.159.44 - - [15/Mar/2018:09:05:03 -0300] "GET /cormun/servlet/solicitudot?80efa631b8548a552fc63ba664b34cce8e3cbf9f080d3fb7022a554805677ecaf6d075a57475d58b81d84ed9397f4c5a0d1ffeb09c2b8fcf3f4233014b14b529,gx-no-cache=1521115453952 HTTP/1.1" 200 30
200.73.230.197 - - [15/Mar/2018:09:05:03 -0300] "POST /cormun/servlet/solicitudot?b20f71aa67ef385a4af4209f6f600451,UPD,2018,10494,,gx-no-cache=1521115452840 HTTP/1.1" 200 11545
200.73.230.197 - - [15/Mar/2018:09:05:04 -0300] "GET /cormun/servlet/solicitudot?eee459f9e2a6728466db9b4ed50477def7d286530f8997f892584e73b06ba737f39055d0a0251afed72b0264a95d72e6,gx-no-cache=1521115454088 HTTP/1.1" 200 30
200.73.230.197 - - [15/Mar/2018:09:05:04 -0300] "GET /cormun/servlet/solicitudot?eee459f9e2a6728466db9b4ed50477de3b9a9742df19ca5238de66c0d46c3ed95bea24681563b5202e85433b5c9306b9f39055d0a0251afed72b0264a95d72e6,gx-no-cache=1521115454228 HTTP/1.1" 200 30
200.73.230.197 - - [15/Mar/2018:09:05:04 -0300] "GET /cormun/servlet/solicitudot?eee459f9e2a6728466db9b4ed50477de2a7ad2afe0073e6c044991fd175b9d2d47a445d3245573e8dcd5a06a72e74443d316526026bd70fd87ccb2fa123ea036,gx-no-cache=1521115454322 HTTP/1.1" 200 53
200.73.230.197 - - [15/Mar/2018:09:05:04 -0300] "POST /cormun/servlet/solicitudot?gx-no-cache=1521115454446 HTTP/1.1" 200 297
186.103.158.250 - - [15/Mar/2018:09:05:04 -0300] "GET /cormun/servlet/solicitudot?89a6a4403ca3988763ed88f735386fd945389e2f09e981f11838b18b52bb6b5f73a155d4d375d44087612996007a8402,gx-no-cache=1521115452825 HTTP/1.1" 200 30
200.73.230.197 - - [15/Mar/2018:09:05:04 -0300] "GET /cormun/servlet/solicitudot?eee459f9e2a6728466db9b4ed50477dec90af4c2ca14a6c4bf4f8e3d3296617e98611cc02cc6e6016750326869d1473188c2ae1eb3db544df4f855325bb23a0bc4e2cf922c8d18a3ff25fcb3eece07de4cbc015628807017dc718157ca09c1af7cb419155bb0f40ff94b1a79955d4b5f468ec643709c9a58b241dbdfbd99fa7352d9fc29ad5565a6a1916eb750144c795c3156485ad36a23671e60054c86deb311e8eeb7f497cf0d073a576f20546704bf554ebe4c7644f8d95b9cf17b4907a28284525d074a39db8a941978faf0fc7bf83541fee283b3047400ba906cc7b46e57685aae7f6fe2da83c895551c4fd1bf6fe9fd6498f4ec229583472e21cf9c4985ea798f8fed609d0418486a72dfc2edc191fc31dcbc5fc22a28a329104f2b11b3c10d94b76f87c9662f34fa1a76042e4945d5e943de7cc07d01af372e7745ba91e214ca31d19dc05fca6346e713c19fb971f68bc7cff3139fbb4e6caa616a7aafd5bc6917f7363d5a5c9a4c90f177f57d386d3d6d9c4010af567df5c43dd23bf5f256e4b743018c806e10ef1e67448e,gx-no-cache=1521115454602 HTTP/1.1" 200 30
200.73.230.197 - - [15/Mar/2018:09:05:05 -0300] "POST /cormun/servlet/solicitudot?gx-no-cache=1521115454712 HTTP/1.1" 200 30
186.103.159.44 - - [15/Mar/2018:09:05:05 -0300] "GET /cormun/servlet/solicitudot?80efa631b8548a552fc63ba664b34cce34ff31ab5109ef1d8ed994d334d83c9d,gx-no-cache=1521115456325 HTTP/1.1" 200 53
200.73.230.197 - - [15/Mar/2018:09:05:05 -0300] "POST /cormun/servlet/solicitudot?gx-no-cache=1521115454852 HTTP/1.1" 200 1337
200.73.230.197 - - [15/Mar/2018:09:05:05 -0300] "POST /cormun/servlet/solicitudot?gx-no-cache=1521115455414 HTTP/1.1" 200 41
192.168.10.56 - - [15/Mar/2018:09:05:11 -0300] "POST /cormun/servlet/trsolicitudgral?ec8a2d249df58c7a2c74b82827100daf,gx-no-cache=1521112836115,gx-no-cache=1521115347139 HTTP/1.1" 200 10413
200.73.230.197 - - [15/Mar/2018:09:05:17 -0300] "GET /cormun/servlet/solicitudot?eee459f9e2a6728466db9b4ed50477de6b2f53532a1188918ff64d913e3c7e235ac9aa4a2df910acf9d51ef1cbcd56c3ef2dba6d5120a62cabee73467fa9562b65cd45955d119d043d8936ee4fe0aa22ddd1cf73999912bad0221a045c10f9913792ddfaa1217c5669dee9312b9ee218,gx-no-cache=1521115466951 HTTP/1.1" 200 29
200.73.230.197 - - [15/Mar/2018:09:05:17 -0300] "POST /cormun/servlet/solicitudot?gx-no-cache=1521115467066 HTTP/1.1" 200 1318
200.73.230.197 - - [15/Mar/2018:09:05:17 -0300] "POST /cormun/servlet/solicitudot?gx-no-cache=1521115467262 HTTP/1.1" 200 1218
200.73.230.197 - - [15/Mar/2018:09:05:17 -0300] "GET /cormun/servlet/solicitudot?eee459f9e2a6728466db9b4ed50477de2dab0e180a825a6a4c95ba043510516a83ce83e3f4e70d94e47d54375f66809e,gx-no-cache=1521115467382 HTTP/1.1" 200 30
200.73.230.197 - - [15/Mar/2018:09:05:17 -0300] "POST /cormun/servlet/solicitudot?gx-no-cache=1521115467474 HTTP/1.1" 200 30
200.73.230.197 - - [15/Mar/2018:09:05:18 -0300] "POST /cormun/servlet/solicitudot?b20f71aa67ef385a4af4209f6f600451,UPD,2018,10494,,gx-no-cache=1521115467588 HTTP/1.1" 200 93
200.73.230.197 - - [15/Mar/2018:09:05:18 -0300] "GET /cormun/servlet/hpexe_return? HTTP/1.1" 200 1015
200.73.230.197 - - [15/Mar/2018:09:05:19 -0300] "GET /cormun/servlet/trsolicitudot HTTP/1.1" 200 8504
186.103.159.182 - - [15/Mar/2018:09:05:20 -0300] "POST /cormun/servlet/trautorizarsolicitud?9835068b2f1bc4a561e6ad0c686b0794,,gx-no-cache=1521115410155 HTTP/1.1" 200 109
186.103.159.182 - - [15/Mar/2018:09:05:20 -0300] "GET /cormun/AutorizarSolicitud-553.xls HTTP/1.1" 200 5632
200.73.230.197 - - [15/Mar/2018:09:05:20 -0300] "GET /cormun/servlet/trsolicitudot HTTP/1.1" 200 8500
186.103.159.44 - - [15/Mar/2018:09:05:26 -0300] "POST /cormun/servlet/solicitudot?gx-no-cache=1521115477695 HTTP/1.1" 200 297
186.103.159.44 - - [15/Mar/2018:09:05:27 -0300] "GET /cormun/servlet/solicitudot?80efa631b8548a552fc63ba664b34cce50609e25e769813a44625de22c97e1da3d0d9865effd4a7109ba5da0e155701345c91fbeec948b8923f6324e68b79458c8cede0e68cb0b9d87b7a0e341382152cd3bac7da48d94b8f476855a68965615a06ac05569afdeb9130f0a129db5fdd41ede2956af5bf8357551c1431960b8024f75bbe59b7ea0328bad2f325777081d991e3fae7c9b0100e11bd33e4106bf928be13c7466b6ca0ee7573fa5768bb3e4361ecdc456e7e13ed4e3702bd36bffdf1fb40b7c8383eff4f22b7fbead28d5d7eaddc6ed6f0f31732918ac81415e7320c75e71a5be5a27c6f031d9fcc5c555543b713202a3fe168438eab9736c0f954f8b77d4eb2676cd52abfd025304d5a4298d251fa77e8b8d9094b63e828f0506f1451bb92df03b137e81e0709d18d5a6fe45d67b566f704daf2e2dca75dfb9f067748cbde7bc6b6f32e7e33d0a228a9eace34e4db9df2f80c7d203b1ec73c5183023e97cf079ceb499be591f608ddfc7d36013ff97c81dc4b9f3a79e22a5bee3fa88640073e1e11fd4f542e4422d595862,gx-no-cache=1521115477857 HTTP/1.1" 200 30
186.103.159.182 - - [15/Mar/2018:09:05:27 -0300] "POST /cormun/servlet/trautorizarsolicitud?9835068b2f1bc4a561e6ad0c686b0794,,gx-no-cache=1521115418217 HTTP/1.1" 200 5737
200.73.230.197 - - [15/Mar/2018:09:05:29 -0300] "POST /cormun/servlet/trsolicitudot?b20f71aa67ef385a4af4209f6f600451,gx-no-cache=1521115478775 HTTP/1.1" 200 4474
200.73.230.197 - - [15/Mar/2018:09:05:29 -0300] "GET /cormun/static/Shared/jqueryui/images/ui-bg_flat_55_fafafa_40x100.png HTTP/1.1" 404 1097
200.73.230.197 - - [15/Mar/2018:09:05:29 -0300] "GET /cormun/static/Shared/jqueryui/images/ui-icons_8d78a5_256x240.png HTTP/1.1" 404 1089
200.73.230.197 - - [15/Mar/2018:09:05:29 -0300] "POST /cormun/servlet/trsolicitudot?b20f71aa67ef385a4af4209f6f600451,gx-no-cache=1521115479356 HTTP/1.1" 200 4256
186.103.159.44 - - [15/Mar/2018:09:05:31 -0300] "POST /cormun/servlet/solicitudot?gx-no-cache=1521115482028 HTTP/1.1" 200 30
186.103.159.44 - - [15/Mar/2018:09:05:33 -0300] "POST /cormun/servlet/solicitudot?gx-no-cache=1521115484334 HTTP/1.1" 200 1333
186.103.159.44 - - [15/Mar/2018:09:05:33 -0300] "POST /cormun/servlet/solicitudot?gx-no-cache=1521115484711 HTTP/1.1" 200 38
200.120.230.197 - - [15/Mar/2018:09:05:34 -0300] "GET /cormun/servlet/trsolicitudot? HTTP/1.1" 200 8813
186.103.159.182 - - [15/Mar/2018:09:05:36 -0300] "POST /cormun/servlet/trautorizarsolicitud?9835068b2f1bc4a561e6ad0c686b0794,,gx-no-cache=1521115425810 HTTP/1.1" 200 110
186.103.159.182 - - [15/Mar/2018:09:05:36 -0300] "GET /cormun/AutorizarSolicitud-9704.xls HTTP/1.1" 200 5120
200.120.230.197 - - [15/Mar/2018:09:05:36 -0300] "GET /cormun/servlet/trsolicitudot? HTTP/1.1" 200 8812
200.120.230.197 - - [15/Mar/2018:09:05:38 -0300] "GET /cormun/servlet/solicitudot?INS,0,0, HTTP/1.1" 200 13666
200.120.230.197 - - [15/Mar/2018:09:05:40 -0300] "GET /cormun/servlet/solicitudot?INS,0,0, HTTP/1.1" 200 13671
186.103.159.182 - - [15/Mar/2018:09:05:42 -0300] "POST /cormun/servlet/trautorizarsolicitud?9835068b2f1bc4a561e6ad0c686b0794,,gx-no-cache=1521115432819 HTTP/1.1" 200 7183
200.120.230.197 - - [15/Mar/2018:09:05:48 -0300] "POST /cormun/servlet/solicitudot?gx-no-cache=1521115504416 HTTP/1.1" 200 3373
200.120.230.197 - - [15/Mar/2018:09:05:48 -0300] "POST /cormun/servlet/solicitudot?f039355732bddb718fcc17d7d951040a,INS,0,0,,gx-no-cache=1521115504899 HTTP/1.1" 200 10537
200.120.230.197 - - [15/Mar/2018:09:05:50 -0300] "GET /cormun/servlet/solicitudot?5ae84c1fbc4ca50bc4dd4a618947615bbdd99884dcabfc013af7ba912ad4568e596138f6d54e99352c57b12a0ef5d86e,gx-no-cache=1521115507182 HTTP/1.1" 200 30
192.168.10.62 - - [15/Mar/2018:09:05:51 -0300] "POST /cormun/servlet/vesolicitudnombre?d4002cf01afb458b6e17299702a21b5c,2018,10017,,,gx-no-cache=1521115387311 HTTP/1.1" 200 90
192.168.10.62 - - [15/Mar/2018:09:05:51 -0300] "GET /cormun/servlet/hpexe_link HTTP/1.1" 200 982
192.168.10.62 - - [15/Mar/2018:09:05:51 -0300] "GET /cormun/servlet/trsolicitudnombre?10325357, HTTP/1.1" 200 9052
192.168.10.62 - - [15/Mar/2018:09:05:52 -0300] "GET /cormun/servlet/trsolicitudnombre?10325357, HTTP/1.1" 200 9053
186.103.158.250 - - [15/Mar/2018:09:06:24 -0300] "GET /cormun/servlet/prbanco?,MD,,gxPopupLevel%3D0%3B HTTP/1.1" 200 6630
186.103.158.250 - - [15/Mar/2018:09:06:24 -0300] "GET /cormun/static/gxcfg.js?20181161016094 HTTP/1.1" 304 -
186.103.158.250 - - [15/Mar/2018:09:06:30 -0300] "GET /cormun/servlet/solicitudot?89a6a4403ca3988763ed88f735386fd9c3b03c72abc95583fdb9bb72ae466e08cd26b514bfef2ec5c9be46b371bf1d4198e46da52635c49b9ce1494b830c9acb,gx-no-cache=1521115538117 HTTP/1.1" 200 30
186.103.158.250 - - [15/Mar/2018:09:06:33 -0300] "GET /cormun/servlet/solicitudot?89a6a4403ca3988763ed88f735386fd9bcd216b31de805c4e6e082164ccc260b,gx-no-cache=1521115541374 HTTP/1.1" 200 60
200.120.230.197 - - [15/Mar/2018:09:06:38 -0300] "GET /cormun/servlet/solicitudot?5ae84c1fbc4ca50bc4dd4a618947615bf7bb7acf8a4ac9d6e34733fd7dd3a2d616bb39acd4e72843b262be825dbe3dcc7960c19991928d334f3ce2b4e2ae63396419058359819cdcde72f0bf7bcf4694,gx-no-cache=1521115554880 HTTP/1.1" 200 30
200.120.230.197 - - [15/Mar/2018:09:06:38 -0300] "GET /cormun/servlet/solicitudot?5ae84c1fbc4ca50bc4dd4a618947615bc70d5a0e626702b32f2d0b1102cccd18,gx-no-cache=1521115555033 HTTP/1.1" 200 53
200.120.230.197 - - [15/Mar/2018:09:06:38 -0300] "POST /cormun/servlet/solicitudot?gx-no-cache=1521115555122 HTTP/1.1" 200 255
200.120.230.197 - - [15/Mar/2018:09:06:39 -0300] "GET /cormun/servlet/solicitudot?5ae84c1fbc4ca50bc4dd4a618947615b6fd4848096d33362185679547ac66b990bde4274cb59e92ba5c3b5bc2887fa343a2f340ce083cd258138ed2da7fe0e7a6be0a0b43809d4be83e98cf64ba3dda4ae51e103b83d241c57aa216f164b29960135c19bf42af96d483a7d5ee8dcd235a363b4b8cdbda13f3d1ccd2dc911d281fe60534cf91aad5bdad5994be9be455ab4f8ec82ed2dc6721f15ee34856c40cb8ffeff1ae2cf7391a96317efe114e0257b6a01d55e33264cbbdda63b481289f28e9f49887ca802329bb51d190e70f977c9f9431f772c314ec15282a5464d5be743e176fdc859db2751b01d49ed298264b6f726642441c1682df978976bac7b1cf63a64b11cf54bfa5f84973f40526d3757beba97a40bfd380122bcfc9074eb6fc1e064048f8bf5138376241ab690d1269cd24e4b570d86bb659c7686d8475aa1a9c778e928a780cabc0ab10fb89ae2147a2219e467a320243902f578b834c3f977c73187fe91fe79600f47c0f175b64cd5b2974d6729b4350a8450df95293d08,gx-no-cache=1521115555248 HTTP/1.1" 200 30
200.120.230.197 - - [15/Mar/2018:09:06:42 -0300] "POST /cormun/servlet/solicitudot?gx-no-cache=1521115558726 HTTP/1.1" 200 30
200.120.230.197 - - [15/Mar/2018:09:06:44 -0300] "GET /cormun/servlet/prsolicitudot?14049165,,,,,MD,,gxPopupLevel%3D0%3B HTTP/1.1" 200 6289
200.120.230.197 - - [15/Mar/2018:09:06:47 -0300] "POST /cormun/servlet/solicitudot?gx-no-cache=1521115563901 HTTP/1.1" 200 1337
200.120.230.197 - - [15/Mar/2018:09:06:47 -0300] "POST /cormun/servlet/solicitudot?gx-no-cache=1521115564066 HTTP/1.1" 200 38
200.120.230.197 - - [15/Mar/2018:09:06:47 -0300] "GET /cormun/servlet/solicitudot?5ae84c1fbc4ca50bc4dd4a618947615bebc9cec0a94324222b517f52f7cff532a4002916bf4fdda551713acf274929a22709ff08e391f3a6747696f2948ee9e8c29c2e7aa2e30f86190e9e79e1e21d2f28c2b85101ad67b29c93fec01ad8a15f4670a4083afd7e5fa30e275f4f651a020177d6fc19a8f9c179421dbf747a01fa84b95cfd6cf366e35af9cc7682ec0468f5c0530f09f0701062639f8f5175ed89,gx-no-cache=1521115564173 HTTP/1.1" 200 29
200.120.230.197 - - [15/Mar/2018:09:06:48 -0300] "POST /cormun/servlet/solicitudot?gx-no-cache=1521115564264 HTTP/1.1" 200 1319
200.120.230.197 - - [15/Mar/2018:09:06:48 -0300] "POST /cormun/servlet/solicitudot?gx-no-cache=1521115564764 HTTP/1.1" 200 1219
200.120.230.197 - - [15/Mar/2018:09:06:48 -0300] "GET /cormun/servlet/solicitudot?5ae84c1fbc4ca50bc4dd4a618947615bd61241d2e889042bb7ba36afbbb67256c996ffcb933054f03bd508f3f03e82f4,gx-no-cache=1521115564883 HTTP/1.1" 200 30
200.120.230.197 - - [15/Mar/2018:09:06:59 -0300] "POST /cormun/servlet/solicitudot?gx-no-cache=1521115575388 HTTP/1.1" 200 1319
200.120.230.197 - - [15/Mar/2018:09:06:59 -0300] "POST /cormun/servlet/solicitudot?gx-no-cache=1521115575523 HTTP/1.1" 200 1219
200.120.230.197 - - [15/Mar/2018:09:06:59 -0300] "POST /cormun/servlet/solicitudot?gx-no-cache=1521115575658 HTTP/1.1" 200 33
200.120.230.197 - - [15/Mar/2018:09:07:14 -0300] "POST /cormun/servlet/solicitudot?f039355732bddb718fcc17d7d951040a,INS,0,0,,gx-no-cache=1521115590406 HTTP/1.1" 200 11971
200.120.230.197 - - [15/Mar/2018:09:07:14 -0300] "GET /cormun/static/Shared/jqueryui/images/ui-bg_highlight-soft_100_c6c2c8_1x100.png HTTP/1.1" 404 1117
200.120.230.197 - - [15/Mar/2018:09:07:14 -0300] "GET /cormun/static/Shared/jqueryui/images/ui-icons_ebccce_256x240.png HTTP/1.1" 404 1089
200.120.230.197 - - [15/Mar/2018:09:07:15 -0300] "GET /cormun/static/Shared/jqueryui/images/ui-icons_82798d_256x240.png HTTP/1.1" 404 1089
200.120.230.197 - - [15/Mar/2018:09:07:15 -0300] "GET /cormun/static/Shared/jqueryui/images/ui-bg_flat_55_994d53_40x100.png HTTP/1.1" 404 1097
186.103.156.166 - - [15/Mar/2018:09:07:17 -0300] "GET /cormun/servlet/hlogin HTTP/1.1" 200 1725
186.103.156.166 - - [15/Mar/2018:09:07:17 -0300] "GET /cormun/static/gxcfg.js?20175251213516 HTTP/1.1" 304 -
186.103.156.166 - - [15/Mar/2018:09:07:17 -0300] "GET /cormun/static/messages.spa.js?85251 HTTP/1.1" 304 -
186.103.156.166 - - [15/Mar/2018:09:07:24 -0300] "GET /cormun/static/gxtimezone.js?85251 HTTP/1.1" 304 -
186.103.156.166 - - [15/Mar/2018:09:07:24 -0300] "GET /cormun/servlet/hlogin HTTP/1.1" 200 1731
186.103.156.166 - - [15/Mar/2018:09:07:25 -0300] "GET /favicon.ico HTTP/1.1" 200 21630
200.120.230.197 - - [15/Mar/2018:09:07:25 -0300] "GET /cormun/servlet/hlogin HTTP/1.1" 200 1746
186.103.159.44 - - [15/Mar/2018:09:07:28 -0300] "GET /cormun/servlet/solicitudot?80efa631b8548a552fc63ba664b34cce0bd932b4b286c47a071302305e219c456461de0b50cd552b508eb15d1f42dff4bfc14966c06bcf7933649d75edee0ed238ba8d71f8ca27efe417f79438b939fe71a4eb7c7f1e98475986e824c3014b5e450b79767e719c90a3d98a838ca5be52,gx-no-cache=1521115598381 HTTP/1.1" 200 29
186.103.159.44 - - [15/Mar/2018:09:07:28 -0300] "POST /cormun/servlet/solicitudot?gx-no-cache=1521115598952 HTTP/1.1" 200 1318
186.103.159.44 - - [15/Mar/2018:09:07:28 -0300] "POST /cormun/servlet/solicitudot?gx-no-cache=1521115599144 HTTP/1.1" 200 1215
200.73.230.197 - - [15/Mar/2018:09:07:39 -0300] "GET /cormun/servlet/hlogin HTTP/1.1" 200 1720
186.103.159.44 - - [15/Mar/2018:09:07:39 -0300] "GET /cormun/static/menuarrow.gif HTTP/1.1" 404 1015
186.103.158.250 - - [15/Mar/2018:09:07:43 -0300] "POST /cormun/servlet/solicitudot?gx-no-cache=1521115611690 HTTP/1.1" 200 297
186.103.158.250 - - [15/Mar/2018:09:07:44 -0300] "GET /cormun/servlet/solicitudot?89a6a4403ca3988763ed88f735386fd9adb6bb3b1b682e0d5673e325576e75073176513dcd6f1f387a86338f19a1c70c31f20792933481760a21d4c00f9ac7884e6adafe6f01ecc2a523c5af37bdeeff283a7714f17095f93ad8de704569ab8d5aeb5ba3d320438cebe12274459a15462bb524d08bf01bdd247b890f4d3ffa6347e2fdca6d1b4d64d3c5d8ec1cdd12eb200dad7fb9504a145490422d699f567b30952bc5b2de5a45d553851c7f356300b974d3bbc59a3825a3ec4659d88921cf739df7b7ea31c4acef2c847fdc956093ef1a26887e8639ba94333e6ec7b516fc1b3ea344680eaa8488d906040e41de813da02c1f39b37cfcb136fa5933004b678b854170edc5c6b011a73907277cf251d8ff94051c633d1b93477f35cec4c838fe057bca78fb0625ca636929c8cac7d613c62bb184cf02a1d8e7cabe66a2ff6c3ea772892612a68d6daff855c301e3d044a8c0905681a7684711bed42a365ac4b674150aada5eefe5b2c7975826b614a56d3cf897c339e0953fdd2e7e08daad86285a9d08256a9071b3ec77e729c153b,gx-no-cache=1521115611876 HTTP/1.1" 200 30
186.103.158.250 - - [15/Mar/2018:09:07:47 -0300] "POST /cormun/servlet/solicitudot?gx-no-cache=1521115615515 HTTP/1.1" 200 30
186.103.156.166 - - [15/Mar/2018:09:07:49 -0300] "POST /cormun/servlet/hlogin?0bde7751fb12533ebca54812fa8be165,gx-no-cache=1521115618957 HTTP/1.1" 200 90
186.103.156.166 - - [15/Mar/2018:09:07:49 -0300] "GET /cormun/servlet/hpexe_link HTTP/1.1" 200 952
186.103.156.166 - - [15/Mar/2018:09:07:49 -0300] "GET /cormun/static/gxcfg.js?20177612121792 HTTP/1.1" 304 -
186.103.159.44 - - [15/Mar/2018:09:07:49 -0300] "GET /cormun/servlet/solicitudot?80efa631b8548a552fc63ba664b34cceb08d4684ee003b22eb2008ce76ade81e6811e61300c88c1222fd471937c4ebfb,gx-no-cache=1521115620613 HTTP/1.1" 200 30
186.103.158.250 - - [15/Mar/2018:09:07:49 -0300] "GET /cormun/servlet/prcontratosol?15122618,,,,,MD,,gxPopupLevel%3D0%3B HTTP/1.1" 200 5690
186.103.156.166 - - [15/Mar/2018:09:07:49 -0300] "GET /cormun/servlet/hhome HTTP/1.1" 200 4179
186.103.156.166 - - [15/Mar/2018:09:07:50 -0300] "GET /cormun/static/gxcfg.js?20175251212442 HTTP/1.1" 304 -
186.103.156.166 - - [15/Mar/2018:09:07:50 -0300] "GET /cormun/servlet/hhome HTTP/1.1" 200 4175
186.103.156.166 - - [15/Mar/2018:09:07:54 -0300] "GET /cormun/servlet/trvisualizadoreventos? HTTP/1.1" 200 6930
186.103.156.166 - - [15/Mar/2018:09:07:54 -0300] "GET /cormun/static/calendar.js?85251 HTTP/1.1" 304 -
186.103.156.166 - - [15/Mar/2018:09:07:54 -0300] "GET /cormun/static/calendar-setup.js?85251 HTTP/1.1" 304 -
186.103.156.166 - - [15/Mar/2018:09:07:54 -0300] "GET /cormun/static/calendar-es.js?85251 HTTP/1.1" 304 -
186.103.156.166 - - [15/Mar/2018:09:07:54 -0300] "GET /cormun/static/gxdec.js?85251 HTTP/1.1" 304 -
186.103.156.166 - - [15/Mar/2018:09:07:55 -0300] "GET /cormun/static/gxcfg.js?20175251251426 HTTP/1.1" 304 -
186.103.156.166 - - [15/Mar/2018:09:07:55 -0300] "GET /cormun/servlet/trvisualizadoreventos? HTTP/1.1" 200 6929
186.103.158.250 - - [15/Mar/2018:09:07:55 -0300] "POST /cormun/servlet/solicitudot?gx-no-cache=1521115623638 HTTP/1.1" 200 1333
186.103.158.250 - - [15/Mar/2018:09:07:55 -0300] "POST /cormun/servlet/solicitudot?gx-no-cache=1521115623813 HTTP/1.1" 200 38
186.103.158.250 - - [15/Mar/2018:09:07:55 -0300] "GET /cormun/servlet/solicitudot?89a6a4403ca3988763ed88f735386fd9b6479579ddb7c3d15738f66e704ef3d6a7e4e00296f7ea177cca10c24a2847ec5f47fe15f0b3a105ac93fb057407c2489fd48643e42e16756af2c03bd7eca59f94af396eaf1fdd875d18385221c82aaa813f1307b3ff26ad1827f62c0d104446,gx-no-cache=1521115623915 HTTP/1.1" 200 29
186.103.158.250 - - [15/Mar/2018:09:07:56 -0300] "POST /cormun/servlet/solicitudot?gx-no-cache=1521115624013 HTTP/1.1" 200 1318
186.103.159.44 - - [15/Mar/2018:09:07:56 -0300] "POST /cormun/servlet/solicitudot?gx-no-cache=1521115627382 HTTP/1.1" 200 30
186.103.158.250 - - [15/Mar/2018:09:07:56 -0300] "POST /cormun/servlet/solicitudot?gx-no-cache=1521115624280 HTTP/1.1" 200 1215
186.103.158.250 - - [15/Mar/2018:09:07:56 -0300] "GET /cormun/servlet/solicitudot?89a6a4403ca3988763ed88f735386fd9444c17311401c60a6932de1fdb5979ae,gx-no-cache=1521115624663 HTTP/1.1" 200 30
186.103.156.166 - - [15/Mar/2018:09:07:58 -0300] "GET /cormun/servlet/trautorizarsolicitud? HTTP/1.1" 200 7286
186.103.156.166 - - [15/Mar/2018:09:07:58 -0300] "GET /cormun/static/gxcfg.js?2017111423403364 HTTP/1.1" 304 -
186.103.156.166 - - [15/Mar/2018:09:07:59 -0300] "GET /cormun/static/trautorizarsolicitud.js?201711142340425 HTTP/1.1" 304 -
186.103.156.166 - - [15/Mar/2018:09:07:59 -0300] "GET /cormun/servlet/trautorizarsolicitud? HTTP/1.1" 200 7285
186.103.158.250 - - [15/Mar/2018:09:08:03 -0300] "POST /cormun/servlet/solicitudot?gx-no-cache=1521115631513 HTTP/1.1" 200 30
186.103.156.166 - - [15/Mar/2018:09:08:04 -0300] "GET /cormun/servlet/trsolicitudot? HTTP/1.1" 200 8756
186.103.156.166 - - [15/Mar/2018:09:08:04 -0300] "GET /cormun/static/gxcfg.js?2017111422585916 HTTP/1.1" 304 -
186.103.156.166 - - [15/Mar/2018:09:08:04 -0300] "GET /cormun/static/trsolicitudot.js?201711142259839 HTTP/1.1" 304 -
186.103.156.166 - - [15/Mar/2018:09:08:05 -0300] "GET /cormun/servlet/trsolicitudot? HTTP/1.1" 200 8755
186.103.158.250 - - [15/Mar/2018:09:08:06 -0300] "POST /cormun/servlet/solicitudot?gx-no-cache=1521115633957 HTTP/1.1" 200 1333
186.103.158.250 - - [15/Mar/2018:09:08:06 -0300] "POST /cormun/servlet/solicitudot?gx-no-cache=1521115634249 HTTP/1.1" 200 38
186.103.159.44 - - [15/Mar/2018:09:08:08 -0300] "POST /cormun/servlet/solicitudot?efc50c3643c2033956517ccef43ccc68,INS,0,0,,gx-no-cache=1521115639026 HTTP/1.1" 200 93
186.103.159.44 - - [15/Mar/2018:09:08:08 -0300] "GET /cormun/servlet/hpexe_return? HTTP/1.1" 200 1003
186.103.159.44 - - [15/Mar/2018:09:08:08 -0300] "GET /cormun/servlet/trsolicitudot HTTP/1.1" 200 8717
200.73.230.197 - - [15/Mar/2018:09:08:16 -0300] "POST /cormun/servlet/hlogin?746e46e0afef7d5223308cf2d6736e62,gx-no-cache=1521115645719 HTTP/1.1" 200 90
200.73.230.197 - - [15/Mar/2018:09:08:16 -0300] "GET /cormun/servlet/hpexe_link HTTP/1.1" 200 951
200.73.230.197 - - [15/Mar/2018:09:08:16 -0300] "GET /cormun/servlet/hhome HTTP/1.1" 200 4120
186.103.156.166 - - [15/Mar/2018:09:08:18 -0300] "GET /cormun/servlet/trsolicitudot? HTTP/1.1" 200 8755
200.73.230.197 - - [15/Mar/2018:09:08:18 -0300] "GET /cormun/servlet/hhome HTTP/1.1" 200 4116
200.73.230.197 - - [15/Mar/2018:09:08:18 -0300] "GET /cormun/static/SmoothNavMenu/resources/images/right.gif HTTP/1.1" 200 860
186.103.156.166 - - [15/Mar/2018:09:08:18 -0300] "GET /cormun/servlet/trsolicitudot? HTTP/1.1" 200 8755
186.103.156.166 - - [15/Mar/2018:09:08:21 -0300] "GET /cormun/servlet/solicitudot?INS,0,0, HTTP/1.1" 200 13609
186.103.156.166 - - [15/Mar/2018:09:08:22 -0300] "GET /cormun/static/solicitudot.js?201812313224831 HTTP/1.1" 304 -
186.103.156.166 - - [15/Mar/2018:09:08:22 -0300] "GET /cormun/static/gxcfg.js?201812313224582 HTTP/1.1" 304 -
186.103.156.166 - - [15/Mar/2018:09:08:23 -0300] "GET /cormun/servlet/solicitudot?INS,0,0, HTTP/1.1" 200 13614
200.73.230.197 - - [15/Mar/2018:09:08:24 -0300] "GET /cormun/servlet/trautorizarsolicitud? HTTP/1.1" 200 8580
200.73.230.197 - - [15/Mar/2018:09:08:24 -0300] "GET /cormun/static/gxcfg.js?2017111423403364 HTTP/1.1" 200 953
200.73.230.197 - - [15/Mar/2018:09:08:24 -0300] "GET /cormun/static/trautorizarsolicitud.js?201711142340425 HTTP/1.1" 200 53910
200.73.230.197 - - [15/Mar/2018:09:08:26 -0300] "GET /cormun/servlet/trautorizarsolicitud? HTTP/1.1" 200 8578
200.73.230.197 - - [15/Mar/2018:09:08:31 -0300] "POST /cormun/servlet/trautorizarsolicitud?746e46e0afef7d5223308cf2d6736e62,,gx-no-cache=1521115661383 HTTP/1.1" 200 4596
200.73.230.197 - - [15/Mar/2018:09:08:32 -0300] "GET /cormun/static/Shared/jqueryui/images/ui-bg_highlight-soft_100_c6c2c8_1x100.png HTTP/1.1" 404 1117
200.73.230.197 - - [15/Mar/2018:09:08:32 -0300] "GET /cormun/static/Shared/jqueryui/images/ui-bg_flat_55_fafafa_40x100.png HTTP/1.1" 404 1097
200.73.230.197 - - [15/Mar/2018:09:08:32 -0300] "GET /cormun/static/Shared/jqueryui/images/ui-icons_8d78a5_256x240.png HTTP/1.1" 404 1089
200.73.230.197 - - [15/Mar/2018:09:08:32 -0300] "GET /cormun/static/Shared/jqueryui/images/ui-icons_82798d_256x240.png HTTP/1.1" 404 1089
200.73.230.197 - - [15/Mar/2018:09:08:32 -0300] "POST /cormun/servlet/trautorizarsolicitud?746e46e0afef7d5223308cf2d6736e62,,gx-no-cache=1521115661891 HTTP/1.1" 200 4375
186.103.156.166 - - [15/Mar/2018:09:08:34 -0300] "GET /cormun/servlet/prfichaempleado?,MD,,gxPopupLevel%3D0%3B HTTP/1.1" 200 9329
186.103.156.166 - - [15/Mar/2018:09:08:34 -0300] "GET /cormun/static/gxcfg.js?20177612134814 HTTP/1.1" 304 -
186.103.156.166 - - [15/Mar/2018:09:08:44 -0300] "POST /cormun/servlet/prfichaempleado?0bde7751fb12533ebca54812fa8be165,,MD,,gxPopupLevel%3D0%3B,gx-no-cache=1521115673670 HTTP/1.1" 200 3419
186.103.156.166 - - [15/Mar/2018:09:08:49 -0300] "POST /cormun/servlet/solicitudot?gx-no-cache=1521115679144 HTTP/1.1" 200 3395
186.103.156.166 - - [15/Mar/2018:09:08:51 -0300] "POST /cormun/servlet/solicitudot?0bde7751fb12533ebca54812fa8be165,INS,0,0,,gx-no-cache=1521115679904 HTTP/1.1" 200 10553
186.103.156.166 - - [15/Mar/2018:09:08:51 -0300] "GET /cormun/servlet/solicitudot?125d7d9d37d228fbcd61bc1176b77f4d0ed4b5f014a44e69a4ba8483a3a8acb2bd81a6f6e89118110aceb23e8545eaa0,gx-no-cache=1521115681434 HTTP/1.1" 200 30
186.103.156.166 - - [15/Mar/2018:09:09:01 -0300] "GET /cormun/servlet/solicitudot?125d7d9d37d228fbcd61bc1176b77f4dc526317ee83256e6e53882c80dcf5644051cd8d5241fc1204126e0ef93502cc00b897e126c4621570f695ad8ee9474df,gx-no-cache=1521115691029 HTTP/1.1" 200 30
186.103.156.166 - - [15/Mar/2018:09:09:01 -0300] "GET /cormun/servlet/solicitudot?125d7d9d37d228fbcd61bc1176b77f4d96a25101d2d134251e8f504755a664a6,gx-no-cache=1521115691129 HTTP/1.1" 200 53
186.103.156.166 - - [15/Mar/2018:09:09:08 -0300] "POST /cormun/servlet/solicitudot?gx-no-cache=1521115698152 HTTP/1.1" 200 255
186.103.156.166 - - [15/Mar/2018:09:09:10 -0300] "GET /cormun/servlet/solicitudot?125d7d9d37d228fbcd61bc1176b77f4d96e36b6616de41b23e3ea05f0a2612546777b88f6e11322dc4935c21f9705cdd1eeb0105478ab77548bac9bd1890f0e72eaaec7bf43fa6714055748830bf51229b655aa24c84d0993dfc15524a9ba12cb32732cd4f0fb5ef67bae0d817964630a987427cda401bd95ce8e3b0c8afaf429c6e8dab481751712a79a8ea60b28d3f645f272afc4690b9080d120b54d8135382b54d8de776cd33a921ef06876302a14f8117face63feb3353949d99997904420feb43406a3f051dba35a1fe2b914c2cb7d766d922ac12d932371a71931d1e529b347bc4208330c7db5114f72c67973ec7f1f2c5a978b235bdc5853f4bca93d48804f9794ef2623abb6ee78bafed34da2eddb02a3d2e394c27669ce38e60406519e41e300eae08266b7bb8a3943c6775d187f10244391e826185a3e6f42d4601e1c3ab15a1a59bd97502ea823ec838fd034f17ac569d1c0febdfb9d2e0a27d35c74419d8317d144efe5c50e9f30c36da19b26a69ac4c08804dd85f7d38c7085,gx-no-cache=1521115698707 HTTP/1.1" 200 30
186.103.156.166 - - [15/Mar/2018:09:09:20 -0300] "POST /cormun/servlet/solicitudot?gx-no-cache=1521115703102 HTTP/1.1" 200 30
192.168.10.56 - - [15/Mar/2018:09:09:24 -0300] "POST /cormun/servlet/trsolicitudgral?ec8a2d249df58c7a2c74b82827100daf,gx-no-cache=1521112836115,gx-no-cache=1521115600079 HTTP/1.1" 200 8144
186.103.156.166 - - [15/Mar/2018:09:09:24 -0300] "POST /cormun/servlet/solicitudot?gx-no-cache=1521115714460 HTTP/1.1" 200 1337
186.103.156.166 - - [15/Mar/2018:09:09:24 -0300] "POST /cormun/servlet/solicitudot?gx-no-cache=1521115714700 HTTP/1.1" 200 38
192.168.10.56 - - [15/Mar/2018:09:09:36 -0300] "POST /cormun/servlet/trsolicitudgral?ec8a2d249df58c7a2c74b82827100daf,gx-no-cache=1521112836115,gx-no-cache=1521115612079 HTTP/1.1" 200 7795
192.168.10.56 - - [15/Mar/2018:09:09:36 -0300] "GET /cormun/static/Shared/jqueryui/images/ui-bg_highlight-soft_100_c6c2c8_1x100.png HTTP/1.1" 404 1117
192.168.10.56 - - [15/Mar/2018:09:09:36 -0300] "GET /cormun/static/Shared/jqueryui/images/ui-icons_82798d_256x240.png HTTP/1.1" 404 1089
192.168.10.56 - - [15/Mar/2018:09:09:36 -0300] "GET /cormun/static/Shared/jqueryui/images/ui-icons_8d78a5_256x240.png HTTP/1.1" 404 1089
192.168.10.56 - - [15/Mar/2018:09:09:36 -0300] "GET /cormun/static/Shared/jqueryui/images/ui-bg_flat_55_fafafa_40x100.png HTTP/1.1" 404 1097
186.103.157.42 - - [15/Mar/2018:09:09:57 -0300] "GET /cormun/servlet/alicenciaprn?15122330,L,20180315000000,PU HTTP/1.1" 200 1552
186.103.156.166 - - [15/Mar/2018:09:10:08 -0300] "GET /cormun/servlet/solicitudot?125d7d9d37d228fbcd61bc1176b77f4d6135ab6419db4836736c3323c81e56caaf34ed68a5ba89805862e73d67dbeec49bb5449495254a7f49225cb303620eaeef266bf54d961a3d143c3580bda5351c9f410448356c4c3626cee06eafd56087ed8e90a73ebaead0e5c704fe75ffce129f1797632db6c939a82a504573f39fab718c9850049230d75906fb52d47b6edb068f58db16a35cefe3419fbff72c2c1a,gx-no-cache=1521115758409 HTTP/1.1" 200 29
186.103.156.166 - - [15/Mar/2018:09:10:11 -0300] "POST /cormun/servlet/solicitudot?gx-no-cache=1521115758555 HTTP/1.1" 200 1318
186.103.156.166 - - [15/Mar/2018:09:10:12 -0300] "POST /cormun/servlet/solicitudot?gx-no-cache=1521115761063 HTTP/1.1" 200 1218
186.103.156.166 - - [15/Mar/2018:09:10:12 -0300] "GET /cormun/static/menuarrow.gif HTTP/1.1" 404 1015
186.103.156.166 - - [15/Mar/2018:09:10:15 -0300] "POST /cormun/servlet/solicitudot?gx-no-cache=1521115764225 HTTP/1.1" 200 1318
186.103.156.166 - - [15/Mar/2018:09:10:16 -0300] "POST /cormun/servlet/solicitudot?gx-no-cache=1521115765391 HTTP/1.1" 200 1218
186.103.157.42 - - [15/Mar/2018:09:10:18 -0300] "GET /cormun/servlet/trpermisosgoce? HTTP/1.1" 200 8037
186.103.157.42 - - [15/Mar/2018:09:10:19 -0300] "GET /cormun/servlet/trpermisosgoce? HTTP/1.1" 200 8037
186.103.156.166 - - [15/Mar/2018:09:10:19 -0300] "GET /cormun/servlet/solicitudot?125d7d9d37d228fbcd61bc1176b77f4d0fac923eafaf5642df818b56de2fbaf75127ece5223378451940ee275fac235e,gx-no-cache=1521115769174 HTTP/1.1" 200 30
186.103.157.42 - - [15/Mar/2018:09:10:22 -0300] "GET /cormun/servlet/apermisogoceprn?18446499,P,20180315084444,PU HTTP/1.1" 200 1657
186.103.157.42 - - [15/Mar/2018:09:10:30 -0300] "GET /cormun/servlet/apermisogoceprn?18446499,P,20180315084444,PU HTTP/1.1" 200 1654
186.103.158.250 - - [15/Mar/2018:09:10:33 -0300] "POST /cormun/servlet/solicitudot?gx-no-cache=1521115780991 HTTP/1.1" 200 1317
186.103.158.250 - - [15/Mar/2018:09:10:33 -0300] "POST /cormun/servlet/solicitudot?gx-no-cache=1521115781344 HTTP/1.1" 200 1215
186.103.156.166 - - [15/Mar/2018:09:10:37 -0300] "POST /cormun/servlet/solicitudot?gx-no-cache=1521115787776 HTTP/1.1" 200 30
186.103.156.166 - - [15/Mar/2018:09:10:38 -0300] "POST /cormun/servlet/solicitudot?0bde7751fb12533ebca54812fa8be165,INS,0,0,,gx-no-cache=1521115787853 HTTP/1.1" 200 93
186.103.156.166 - - [15/Mar/2018:09:10:39 -0300] "GET /cormun/servlet/hpexe_return? HTTP/1.1" 200 1007
186.103.156.166 - - [15/Mar/2018:09:10:39 -0300] "GET /cormun/static/gxcfg.js?2016101716175148 HTTP/1.1" 304 -
186.103.156.166 - - [15/Mar/2018:09:10:39 -0300] "GET /cormun/servlet/trsolicitudot HTTP/1.1" 200 9266
186.103.156.166 - - [15/Mar/2018:09:10:40 -0300] "GET /cormun/servlet/trsolicitudot HTTP/1.1" 200 9262
186.103.156.166 - - [15/Mar/2018:09:10:47 -0300] "GET /cormun/servlet/hlogin HTTP/1.1" 200 1737
192.168.10.56 - - [15/Mar/2018:09:10:50 -0300] "GET /cormun/servlet/solicitudgral?UPD,2018,9510, HTTP/1.1" 200 12931
192.168.10.56 - - [15/Mar/2018:09:10:50 -0300] "GET /cormun/servlet/solicitudgral?UPD,2018,9510, HTTP/1.1" 200 12921
192.168.10.56 - - [15/Mar/2018:09:10:51 -0300] "POST /cormun/servlet/solicitudgral?gx-no-cache=1521115686986 HTTP/1.1" 200 3901
192.168.10.56 - - [15/Mar/2018:09:10:51 -0300] "GET /cormun/servlet/solicitudgral?8f91dee65faeea64263ae0eb7b0e057bce1381a4937fdf3dda3101d8260ee2dd2ca78192e2556e61780386e667b9c232003b36922685bb398b9cb05f649099631a663e780f9cad9083eaebac3ea2c4fe6f615de7674a791e6e91a24dda78813ebfb49fbdef4e17c9038912aade0c48e46703c69291365714f9471a2e835e86aeabae9a80aecfec9fefdff645bb630e0f67c24d0e72187f7430a4c6345336bea650446ce775645946c2e07bc4d78666b06fb5465340ea19983ab9a097793ef1fd5c0bd39f272324291824c8bfb0d473f9e54ed6f7292d9deb918795138ec4dede9a418fcb66e923f19c677198eaa4268b10b10a77904c2f35b91fbc64f7d5c8b5ea0e046a5f49fd32b09dcec69594f87b8f9210f9ee0c179149123076608dd4486b9d23849ebefbab684d08cb4d8430d660eedbac3ed48cd7fdac7964f82b79c7cb58aae0aa84a16a2667e39ad4eae8ec,gx-no-cache=1521115687115 HTTP/1.1" 200 297
192.168.10.56 - - [15/Mar/2018:09:10:53 -0300] "GET /cormun/servlet/solicitudgral?8f91dee65faeea64263ae0eb7b0e057bcfe4a485cc9c5f5629999ae38589335265046bdc0fa2b4ff39e560ecb252eb4dea0e046a5f49fd32b09dcec69594f87bd64f844cb27215ecb0ce1270e79fb73e357077bb31f81412b8bae4c1782cf58205a1de5a7f34e64f91817b5a54d23eab3d207ecf28601d8470a4a8cf39c67b75fa22503bf50c5f70331fac2f08b5485fd846a08ca7756a423a38a9490b53b4b67df7a04b95ac737b8ad9d9892a5a4374ede3d7adbb89ee92705c406291aaf09647eed375102f37660544534e9c67cda69b03c1c4e950017bfe5e2aab9389eadc29879692273b9cf160b2c43e6507bcbd33c65c56d9d12a0437ceef2877b7834dc0a14f7992da1c36a585466fc8461473767052189a38362ce77a18ce22f053290bea64c1c817f4a36b9de1839945e95479c8e81c630fdb22e3b9dd3966e5cd1952d8c01dd8acc4121cd2a87a4589c105858e32276ef4c34404910e8a0981f128c0a14f7992da1c36a585466fc8461473655ea3897cfd7b15ee2c5c205e88b292e715f37cd772be532645e7eb04b05595b90b8e0908fb6026713d0318dbf6b887c896d1685dc128605b80f6cb1f8b71c3,gx-no-cache=1521115689534 HTTP/1.1" 200 48
192.168.10.56 - - [15/Mar/2018:09:10:53 -0300] "POST /cormun/servlet/solicitudgral?ec8a2d249df58c7a2c74b82827100daf,UPD,2018,9510,,gx-no-cache=1521115689568 HTTP/1.1" 200 11815
192.168.10.56 - - [15/Mar/2018:09:10:53 -0300] "GET /cormun/servlet/solicitudgral?8f91dee65faeea64263ae0eb7b0e057b72ff4a04038cf49771db3f372f5e83944db4204c881b68a0eb23efbbe30da41a3f25dfad78957c3d9b2e1320da84da8c1636d2c614b69b19a8cbbdd2a0b9f261ac728353a2c5f8f5c736e4ae66a1c9b5ef7338128cbf03045e7a85ffcf1dd213,gx-no-cache=1521115689717 HTTP/1.1" 200 29
192.168.10.56 - - [15/Mar/2018:09:10:53 -0300] "POST /cormun/servlet/solicitudgral?gx-no-cache=1521115689731 HTTP/1.1" 200 1296
192.168.10.56 - - [15/Mar/2018:09:10:53 -0300] "POST /cormun/servlet/solicitudgral?gx-no-cache=1521115689764 HTTP/1.1" 200 1218
192.168.10.56 - - [15/Mar/2018:09:10:58 -0300] "POST /cormun/servlet/solicitudgral?ec8a2d249df58c7a2c74b82827100daf,UPD,2018,9510,,gx-no-cache=1521115694477 HTTP/1.1" 200 93
192.168.10.56 - - [15/Mar/2018:09:10:58 -0300] "GET /cormun/servlet/hpexe_return? HTTP/1.1" 200 1035
192.168.10.56 - - [15/Mar/2018:09:10:58 -0300] "GET /cormun/servlet/trsolicitudgral?gx-no-cache=1521112836115 HTTP/1.1" 200 10847
192.168.10.56 - - [15/Mar/2018:09:10:59 -0300] "GET /cormun/servlet/trsolicitudgral?gx-no-cache=1521112836115 HTTP/1.1" 200 10861
192.168.10.56 - - [15/Mar/2018:09:11:07 -0300] "POST /cormun/servlet/trsolicitudgral?ec8a2d249df58c7a2c74b82827100daf,gx-no-cache=1521112836115,gx-no-cache=1521115702864 HTTP/1.1" 200 7325
192.168.10.56 - - [15/Mar/2018:09:11:07 -0300] "GET /cormun/static/Shared/jqueryui/images/ui-bg_highlight-soft_100_c6c2c8_1x100.png HTTP/1.1" 404 1117
192.168.10.56 - - [15/Mar/2018:09:11:07 -0300] "GET /cormun/static/Shared/jqueryui/images/ui-icons_82798d_256x240.png HTTP/1.1" 404 1089
192.168.10.56 - - [15/Mar/2018:09:11:07 -0300] "GET /cormun/static/Shared/jqueryui/images/ui-icons_8d78a5_256x240.png HTTP/1.1" 404 1089
192.168.10.56 - - [15/Mar/2018:09:11:07 -0300] "GET /cormun/static/Shared/jqueryui/images/ui-bg_flat_55_fafafa_40x100.png HTTP/1.1" 404 1097
192.168.10.50 - - [15/Mar/2018:09:11:23 -0300] "POST /cormun/servlet/trsolicitudgral?c1f9f1ef29a32051d853c9f30a7e87ac,,gx-no-cache=1521115719600 HTTP/1.1" 200 116
192.168.10.50 - - [15/Mar/2018:09:11:23 -0300] "GET /cormun/servlet/solicitudotlog?INS,2018,10143,0,REC, HTTP/1.1" 200 6264
192.168.10.50 - - [15/Mar/2018:09:11:24 -0300] "GET /cormun/servlet/solicitudotlog?INS,2018,10143,0,REC, HTTP/1.1" 200 6263
192.168.10.50 - - [15/Mar/2018:09:11:24 -0300] "GET /cormun/servlet/solicitudotlog?6bbf0a124a70029dacab66a23da73ff63c1fa1e6d8616c2c3b1351e464d739b1b06dd047db04b101dd554e40437a78624505b79b836936bf1960698c6f55f028b0376e710bbdf27779fdd1843f961e493c51d2fc67fda47312379046da61d362f81d29894765a41b355677006f6deb09f7cc543af1ac678315a2390d08db1363484d4e3db35c79c98af6912300edfb3959727125a5e3fbd575f40e920beaea0d,gx-no-cache=1521115720488 HTTP/1.1" 200 94
192.168.10.56 - - [15/Mar/2018:09:11:27 -0300] "GET /cormun/servlet/hlogin HTTP/1.1" 200 1759
192.168.10.56 - - [15/Mar/2018:09:11:30 -0300] "POST /cormun/servlet/hlogin?ec8a2d249df58c7a2c74b82827100daf,gx-no-cache=1521115726268 HTTP/1.1" 200 90
192.168.10.56 - - [15/Mar/2018:09:11:30 -0300] "GET /cormun/servlet/hpexe_link HTTP/1.1" 200 952
192.168.10.56 - - [15/Mar/2018:09:11:30 -0300] "GET /cormun/servlet/hhome HTTP/1.1" 200 3831
192.168.10.56 - - [15/Mar/2018:09:11:30 -0300] "GET /cormun/servlet/hhome HTTP/1.1" 200 3828
192.168.10.50 - - [15/Mar/2018:09:11:33 -0300] "POST /cormun/servlet/solicitudotlog?c1f9f1ef29a32051d853c9f30a7e87ac,INS,2018,10143,0,REC,,gx-no-cache=1521115729437 HTTP/1.1" 200 93
192.168.10.50 - - [15/Mar/2018:09:11:33 -0300] "GET /cormun/servlet/hpexe_return? HTTP/1.1" 200 1019
192.168.10.50 - - [15/Mar/2018:09:11:34 -0300] "GET /cormun/servlet/trsolicitudgral? HTTP/1.1" 200 11028
192.168.10.56 - - [15/Mar/2018:09:11:34 -0300] "GET /cormun/servlet/trautorizarot? HTTP/1.1" 200 20230
192.168.10.56 - - [15/Mar/2018:09:11:34 -0300] "GET /cormun/static/gxcfg.js?201711151294486 HTTP/1.1" 304 -
192.168.10.50 - - [15/Mar/2018:09:11:34 -0300] "GET /cormun/servlet/trsolicitudgral? HTTP/1.1" 200 11024
192.168.10.56 - - [15/Mar/2018:09:11:34 -0300] "GET /cormun/servlet/trautorizarot? HTTP/1.1" 200 20228
192.168.10.56 - - [15/Mar/2018:09:11:36 -0300] "GET /cormun/static/menuarrow.gif HTTP/1.1" 404 1015
192.168.10.50 - - [15/Mar/2018:09:11:43 -0300] "POST /cormun/servlet/trsolicitudgral?c1f9f1ef29a32051d853c9f30a7e87ac,,gx-no-cache=1521115738873 HTTP/1.1" 200 6137
192.168.10.50 - - [15/Mar/2018:09:11:43 -0300] "GET /cormun/static/Shared/jqueryui/images/ui-bg_highlight-soft_100_c6c2c8_1x100.png HTTP/1.1" 404 1117
192.168.10.50 - - [15/Mar/2018:09:11:43 -0300] "GET /cormun/static/Shared/jqueryui/images/ui-bg_flat_55_fafafa_40x100.png HTTP/1.1" 404 1097
192.168.10.50 - - [15/Mar/2018:09:11:43 -0300] "GET /cormun/static/Shared/jqueryui/images/ui-icons_82798d_256x240.png HTTP/1.1" 404 1089
192.168.10.50 - - [15/Mar/2018:09:11:43 -0300] "GET /cormun/static/Shared/jqueryui/images/ui-icons_8d78a5_256x240.png HTTP/1.1" 404 1089
192.168.10.56 - - [15/Mar/2018:09:11:44 -0300] "POST /cormun/servlet/trautorizarot?ec8a2d249df58c7a2c74b82827100daf,,gx-no-cache=1521115740077 HTTP/1.1" 200 9371
192.168.10.56 - - [15/Mar/2018:09:11:48 -0300] "POST /cormun/servlet/trautorizarot?ec8a2d249df58c7a2c74b82827100daf,,gx-no-cache=1521115744148 HTTP/1.1" 200 5329
192.168.10.56 - - [15/Mar/2018:09:11:52 -0300] "POST /cormun/servlet/trautorizarot?ec8a2d249df58c7a2c74b82827100daf,,gx-no-cache=1521115747837 HTTP/1.1" 200 24744
192.168.10.56 - - [15/Mar/2018:09:11:58 -0300] "POST /cormun/servlet/trautorizarot?ec8a2d249df58c7a2c74b82827100daf,,gx-no-cache=1521115753655 HTTP/1.1" 200 24080
192.168.10.56 - - [15/Mar/2018:09:12:01 -0300] "POST /cormun/servlet/trautorizarot?ec8a2d249df58c7a2c74b82827100daf,,gx-no-cache=1521115757173 HTTP/1.1" 200 11211
192.168.10.56 - - [15/Mar/2018:09:12:04 -0300] "POST /cormun/servlet/trautorizarot?ec8a2d249df58c7a2c74b82827100daf,,gx-no-cache=1521115759987 HTTP/1.1" 200 5347
192.168.10.56 - - [15/Mar/2018:09:12:08 -0300] "POST /cormun/servlet/trautorizarot?ec8a2d249df58c7a2c74b82827100daf,,gx-no-cache=1521115763874 HTTP/1.1" 200 12159
192.168.10.56 - - [15/Mar/2018:09:12:12 -0300] "POST /cormun/servlet/trautorizarot?ec8a2d249df58c7a2c74b82827100daf,,gx-no-cache=1521115767827 HTTP/1.1" 200 5338
192.168.10.56 - - [15/Mar/2018:09:12:18 -0300] "POST /cormun/servlet/trautorizarot?ec8a2d249df58c7a2c74b82827100daf,,gx-no-cache=1521115774178 HTTP/1.1" 200 6535
186.103.158.250 - - [15/Mar/2018:09:12:20 -0300] "GET /cormun/static/menuarrow.gif HTTP/1.1" 404 1015
192.168.10.56 - - [15/Mar/2018:09:12:23 -0300] "POST /cormun/servlet/trautorizarot?ec8a2d249df58c7a2c74b82827100daf,,gx-no-cache=1521115778754 HTTP/1.1" 200 5346
192.168.10.56 - - [15/Mar/2018:09:12:24 -0300] "GET /cormun/servlet/hlogin HTTP/1.1" 200 1738
186.67.172.234 - - [15/Mar/2018:09:12:30 -0300] "GET /cormun/servlet/hlogin HTTP/1.1" 200 1725
186.67.172.234 - - [15/Mar/2018:09:12:30 -0300] "GET /cormun/static/gxcfg.js?20175251213516 HTTP/1.1" 304 -
186.67.172.234 - - [15/Mar/2018:09:12:34 -0300] "POST /cormun/servlet/hlogin?6b6a63bdfb1adf8954aa3f4bb0f6ab82,gx-no-cache=1521119543954 HTTP/1.1" 200 90
186.67.172.234 - - [15/Mar/2018:09:12:34 -0300] "GET /cormun/servlet/hpexe_link HTTP/1.1" 200 950
186.67.172.234 - - [15/Mar/2018:09:12:34 -0300] "GET /cormun/static/gxcfg.js?20177612121792 HTTP/1.1" 304 -
186.67.172.234 - - [15/Mar/2018:09:12:34 -0300] "GET /cormun/servlet/hhome HTTP/1.1" 200 4226
186.67.172.234 - - [15/Mar/2018:09:12:34 -0300] "GET /cormun/static/gxcfg.js?20175251212442 HTTP/1.1" 304 -
186.67.172.234 - - [15/Mar/2018:09:12:34 -0300] "GET /cormun/servlet/hhome HTTP/1.1" 200 4222
186.67.172.234 - - [15/Mar/2018:09:12:37 -0300] "GET /cormun/servlet/trautorizarsolicitud? HTTP/1.1" 200 9218
186.67.172.234 - - [15/Mar/2018:09:12:38 -0300] "GET /cormun/servlet/trautorizarsolicitud? HTTP/1.1" 200 9216
186.103.159.44 - - [15/Mar/2018:09:13:25 -0300] "GET /cormun/servlet/solicitudot?INS,0,0, HTTP/1.1" 200 13586
186.103.159.44 - - [15/Mar/2018:09:13:49 -0300] "POST /cormun/servlet/solicitudot?gx-no-cache=1521115980442 HTTP/1.1" 200 3407
186.103.159.44 - - [15/Mar/2018:09:13:50 -0300] "POST /cormun/servlet/solicitudot?efc50c3643c2033956517ccef43ccc68,INS,0,0,,gx-no-cache=1521115980897 HTTP/1.1" 200 10583
186.103.159.44 - - [15/Mar/2018:09:13:58 -0300] "GET /cormun/servlet/solicitudot?80efa631b8548a552fc63ba664b34cce12df6f526ccbf0bbfad74da0c35e1edbddcdf78a0357be89c4a7a1c9b11b16cd,gx-no-cache=1521115989381 HTTP/1.1" 200 30
186.103.159.44 - - [15/Mar/2018:09:13:58 -0300] "GET /cormun/servlet/solicitudot?80efa631b8548a552fc63ba664b34ccea11eca41d3251b05ff3af70e5bd1935ee8bccf9d658ac71408baf2cb600f756cddcdf78a0357be89c4a7a1c9b11b16cd,gx-no-cache=1521115989585 HTTP/1.1" 200 30
186.103.159.44 - - [15/Mar/2018:09:13:58 -0300] "GET /cormun/servlet/solicitudot?80efa631b8548a552fc63ba664b34cce34ff31ab5109ef1d8ed994d334d83c9d,gx-no-cache=1521115989677 HTTP/1.1" 200 53
186.103.159.44 - - [15/Mar/2018:09:13:58 -0300] "POST /cormun/servlet/solicitudot?gx-no-cache=1521115989753 HTTP/1.1" 200 297
186.103.159.44 - - [15/Mar/2018:09:13:59 -0300] "GET /cormun/servlet/solicitudot?80efa631b8548a552fc63ba664b34cce50609e25e769813a44625de22c97e1da3d0d9865effd4a7109ba5da0e155701345c91fbeec948b8923f6324e68b79458c8cede0e68cb0b9d87b7a0e341382152cd3bac7da48d94b8f476855a68965615a06ac05569afdeb9130f0a129db5fdd41ede2956af5bf8357551c1431960b8024f75bbe59b7ea0328bad2f325777081d991e3fae7c9b0100e11bd33e4106bf928be13c7466b6ca0ee7573fa5768bb3e4361ecdc456e7e13ed4e3702bd36bffdf1fb40b7c8383eff4f22b7fbead28d5d7eaddc6ed6f0f31732918ac81415e7320c75e71a5be5a27c6f031d9fcc5c555543b713202a3fe168438eab9736c0f954f8b77d4eb2676cd52abfd025304d5a4298d251fa77e8b8d9094b63e828f0506f1451bb92df03b137e81e0709d18d5a6fe45d67b566f704daf2e2dca75dfb9f067748cbde7bc6b6f32e7e33d0a228a9eace34e4db9df2f80c7d203b1ec73c5183023e97cf079ceb499be591f608ddfc7d36013ff97c81dc4b9f3a79e22a5bee3fa88640073e1e11fd4f542e4422d595862,gx-no-cache=1521115989838 HTTP/1.1" 200 30
186.103.159.44 - - [15/Mar/2018:09:14:02 -0300] "POST /cormun/servlet/solicitudot?gx-no-cache=1521115993501 HTTP/1.1" 200 30
186.103.159.44 - - [15/Mar/2018:09:14:08 -0300] "POST /cormun/servlet/solicitudot?gx-no-cache=1521115998704 HTTP/1.1" 200 1336
186.103.159.44 - - [15/Mar/2018:09:14:08 -0300] "POST /cormun/servlet/solicitudot?gx-no-cache=1521115999400 HTTP/1.1" 200 38
186.103.159.182 - - [15/Mar/2018:09:14:25 -0300] "POST /cormun/servlet/trautorizarsolicitud?9835068b2f1bc4a561e6ad0c686b0794,,gx-no-cache=1521115955238 HTTP/1.1" 200 4399
186.103.159.182 - - [15/Mar/2018:09:14:34 -0300] "POST /cormun/servlet/trautorizarsolicitud?9835068b2f1bc4a561e6ad0c686b0794,,gx-no-cache=1521115964768 HTTP/1.1" 200 4410
186.103.159.182 - - [15/Mar/2018:09:14:48 -0300] "POST /cormun/servlet/trautorizarsolicitud?9835068b2f1bc4a561e6ad0c686b0794,,gx-no-cache=1521115977921 HTTP/1.1" 200 4411
186.103.159.182 - - [15/Mar/2018:09:14:54 -0300] "POST /cormun/servlet/trautorizarsolicitud?9835068b2f1bc4a561e6ad0c686b0794,,gx-no-cache=1521115984539 HTTP/1.1" 200 6081
186.103.157.246 - - [15/Mar/2018:09:14:58 -0300] "GET /cormun/servlet/licenciaspermisos?5d9061cfd364da80cf6dd05de319d4e5197914d96276669161b3bc1a6f0442d143799917ba539f3d5481de891ec3cc8ac27572c2c12f6669615a1ce9ab91e29c396d95b9f06043018a21e3a9f9c74d1d39606df0b2f77de786d5982b08e29b9dce2aa920326e2dbf1cfbc097562985b7e4097b2d0d203ea0d10cb7dfe63d1bb1f589cd75a9fda578607e60cae8d6af6f8eabe238a26d7bac3b64cc588b93006e2c29b4b58c2dbd42157db1c000ab5e81ccdf22d22617c24cd61b8f3d3f546b192ecf2f21daf8d0d821e766e12dbfb68e0792bfe0b1a27c7b2f5078ae49fbb090,gx-no-cache=1521116049984 HTTP/1.1" 200 30
186.103.157.246 - - [15/Mar/2018:09:14:58 -0300] "GET /cormun/servlet/licenciaspermisos?5d9061cfd364da80cf6dd05de319d4e575b5543dd5ac22761937fcec8e4bd8d4a320be90905bc0f15a991daa2f937073485713f62b7784d5766a2831e357a7779086613e70941f3bb2f948d2c66f109442193eb968a1180a2d083d6f286268225298b97666628c0032dea77f0b7420b70a3f14c1fa0bd8066a6e8117f5fcf50aa0a409c6509652376b78ee1c5bfc82c3c8977fcf66cdee25ff04682814d06627f1e9f0f799f971ceab6c208d12888a409338d576b62e0530e20b63f344fa06c22abaafdde562683ed6d48b1525c67cbb37b952a76e0c7fabd11bd28b56ba4100,gx-no-cache=1521116050341 HTTP/1.1" 200 29
186.103.157.246 - - [15/Mar/2018:09:14:58 -0300] "POST /cormun/servlet/licenciaspermisos?cfc789882a3aacbf349581cc28b48615,INS,0,,,,gx-no-cache=1521116050452 HTTP/1.1" 200 93
186.103.157.246 - - [15/Mar/2018:09:14:59 -0300] "GET /cormun/servlet/hpexe_return? HTTP/1.1" 200 1007
186.103.157.246 - - [15/Mar/2018:09:14:59 -0300] "GET /cormun/static/gxcfg.js?2016101716175148 HTTP/1.1" 304 -
186.103.157.246 - - [15/Mar/2018:09:14:59 -0300] "GET /cormun/servlet/hhome HTTP/1.1" 200 4104
186.103.157.246 - - [15/Mar/2018:09:14:59 -0300] "GET /cormun/static/gxcfg.js?20175251212442 HTTP/1.1" 304 -
186.103.157.246 - - [15/Mar/2018:09:15:00 -0300] "GET /cormun/servlet/hhome HTTP/1.1" 200 4098
186.103.159.182 - - [15/Mar/2018:09:15:03 -0300] "POST /cormun/servlet/trautorizarsolicitud?9835068b2f1bc4a561e6ad0c686b0794,,gx-no-cache=1521115994069 HTTP/1.1" 200 4411
186.103.159.182 - - [15/Mar/2018:09:15:08 -0300] "POST /cormun/servlet/trautorizarsolicitud?9835068b2f1bc4a561e6ad0c686b0794,,gx-no-cache=1521115998557 HTTP/1.1" 200 4412
