186.67.203.186 - - [15/Mar/2018:13:03:46 -0300] "GET /cormun/servlet/solicitudot?d7d62d9031c1f3008a2b4ccc1ef76e492c0a365d1ae7d35299036ffbb654691dacd4aaaab1b0e60b56acc371ad5d164d,gx-no-cache=1521129773398 HTTP/1.1" 200 30
200.54.247.70 - - [15/Mar/2018:13:03:51 -0300] "GET /cormun/servlet/solicitudotadjuntos?c85750c77510ff567c04a7dd8de3fa151f605b2f84a124424ddf15ac30daafaf,gx-no-cache=1521129781870 HTTP/1.1" 200 30
200.54.247.70 - - [15/Mar/2018:13:03:51 -0300] "GET /cormun/servlet/solicitudotadjuntos?c85750c77510ff567c04a7dd8de3fa151f605b2f84a124424ddf15ac30daafaf,gx-no-cache=1521129781912 HTTP/1.1" 200 30
186.103.159.188 - - [15/Mar/2018:13:03:52 -0300] "GET /cormun/servlet/solicitudotadjuntos?271990152ff28351c1e6d70e0bfb57988a797872289686d3ae74e11f5748680d,gx-no-cache=1521129782775 HTTP/1.1" 200 30
186.103.159.188 - - [15/Mar/2018:13:03:52 -0300] "GET /cormun/servlet/solicitudotadjuntos?271990152ff28351c1e6d70e0bfb57988a797872289686d3ae74e11f5748680d,gx-no-cache=1521129782799 HTTP/1.1" 200 30
200.54.247.70 - - [15/Mar/2018:13:03:53 -0300] "POST /cormun/servlet/solicitudotadjuntos?1c2469dd7b44e3e43205b9baf03bfd86,INS,2018,10518,,1, HTTP/1.1" 200 116
200.54.247.70 - - [15/Mar/2018:13:03:53 -0300] "GET /cormun/servlet/hpexe_return? HTTP/1.1" 200 1021
200.54.247.70 - - [15/Mar/2018:13:03:53 -0300] "GET /cormun/servlet/trsolicitudadjuntos?2018,10518, HTTP/1.1" 200 9181
186.103.159.188 - - [15/Mar/2018:13:03:53 -0300] "POST /cormun/servlet/solicitudotadjuntos?623b581e70844721f62f7e50d0e239e9,INS,2018,10520,,1, HTTP/1.1" 200 116
186.103.159.188 - - [15/Mar/2018:13:03:53 -0300] "GET /cormun/servlet/hpexe_return? HTTP/1.1" 200 1025
186.103.159.188 - - [15/Mar/2018:13:03:54 -0300] "GET /cormun/servlet/trsolicitudadjuntos?2018,10520, HTTP/1.1" 200 8477
186.103.159.188 - - [15/Mar/2018:13:03:54 -0300] "GET /cormun/servlet/trsolicitudadjuntos?2018,10520, HTTP/1.1" 200 8473
186.103.159.188 - - [15/Mar/2018:13:03:55 -0300] "GET /cormun/PublicTempStorage/c.de_identidad7297696.pdf HTTP/1.1" 200 152612
200.54.247.70 - - [15/Mar/2018:13:03:56 -0300] "GET /cormun/servlet/solicitudotadjuntos?INS,2018,10518,,1, HTTP/1.1" 200 6270
200.54.247.70 - - [15/Mar/2018:13:03:56 -0300] "HEAD /cormun/static/about:blank HTTP/1.1" 404 -
200.54.247.70 - - [15/Mar/2018:13:03:56 -0300] "GET /cormun/servlet/solicitudotadjuntos?c85750c77510ff567c04a7dd8de3fa15ed145df6bc03d1e9421039c32daa6429ecf88d1646936a75a46da0f74ea64faf,gx-no-cache=1521129787754 HTTP/1.1" 200 30
186.103.132.155 - - [15/Mar/2018:13:03:57 -0300] "GET /cormun/servlet/solicitudot?d7d62d9031c1f3008a2b4ccc1ef76e49f066a018cc0282540546eea12d59645be1b22451ca3075a43781d88ec38efa0b3d6fdfd2237da72bd63af25f9b165c0a,gx-no-cache=1521129783782 HTTP/1.1" 200 30
200.54.247.70 - - [15/Mar/2018:13:03:57 -0300] "POST /cormun/servlet/solicitudotadjuntos?1c2469dd7b44e3e43205b9baf03bfd86,INS,2018,10518,,1,,gx-no-cache=1521129787805 HTTP/1.1" 200 3974
186.103.132.155 - - [15/Mar/2018:13:03:57 -0300] "GET /cormun/servlet/solicitudot?d7d62d9031c1f3008a2b4ccc1ef76e492fc26378e4596ba0e1fcf92faa2ea9fb,gx-no-cache=1521129783899 HTTP/1.1" 200 45
186.103.132.155 - - [15/Mar/2018:13:03:57 -0300] "POST /cormun/servlet/solicitudot?gx-no-cache=1521129783974 HTTP/1.1" 200 297
186.103.132.155 - - [15/Mar/2018:13:03:57 -0300] "GET /cormun/servlet/solicitudot?d7d62d9031c1f3008a2b4ccc1ef76e49311b5d7010ba55b8b1a0a1a8ecfdd5075e72ef06fb2ad1b6c5c2b18e2f3a33aa3e6d81d0df0ca21537c779eb724ac31bfc5ea3b7dfe5f999b773358768666637540cc70e83b9190bfce0cab44f2622b1a2d92accbc2cc3a91996c51fa2caeadf756fb24f36a900f7875ffc1a95f8da1a2a1d9e12342e129b809a9e21e83ce6ac34c28125ebe24c36e770ac53ba80ac0ab9f04be7d4c3b668ad758f849824cdb0cdb587da602ef127f5013eda8841ebfe9327bc79677fe9bdfe8d26ae53d6ab973697fe5a5b8f4c4510bfdb83d45e0a479e44ac20fc8847c8a755c1b4cd327658b80620356e3789ce9f448d77f5931b86dfae6b96d578da36ad684558aa0fd2f05d4aaf9081743388e9b90a1d3fc4b1e9bccbb1952b5ddbb3807df78f69beef31101a439984e90416b65c918a8ef22184f7858547bd619116c0494240fb37540a0285a1e1e672559a0f015b5c2240c354eac9c4f3ec41e118e25431f61c500e9d5398d2f5412db3dd3ddccf3e29e98a6646887a7e93319de71653241283f38e26,gx-no-cache=1521129784083 HTTP/1.1" 200 30
186.103.159.188 - - [15/Mar/2018:13:03:59 -0300] "GET /cormun/servlet/trsolicitudadjuntos?2018,10520, HTTP/1.1" 200 8477
186.103.132.155 - - [15/Mar/2018:13:03:59 -0300] "POST /cormun/servlet/solicitudot?gx-no-cache=1521129786393 HTTP/1.1" 200 30
186.103.159.188 - - [15/Mar/2018:13:03:59 -0300] "GET /cormun/servlet/trsolicitudadjuntos?2018,10520, HTTP/1.1" 200 8473
200.54.247.70 - - [15/Mar/2018:13:04:00 -0300] "POST /cormun/servlet/solicitudotadjuntos?gx-no-cache=1521129791366 HTTP/1.1" 200 26
186.103.132.155 - - [15/Mar/2018:13:04:01 -0300] "POST /cormun/servlet/solicitudot?gx-no-cache=1521129788068 HTTP/1.1" 200 1336
186.103.132.155 - - [15/Mar/2018:13:04:01 -0300] "POST /cormun/servlet/solicitudot?gx-no-cache=1521129788229 HTTP/1.1" 200 38
186.103.159.188 - - [15/Mar/2018:13:04:02 -0300] "GET /cormun/servlet/solicitudotadjuntos?INS,2018,10520,,1, HTTP/1.1" 200 5992
186.103.159.188 - - [15/Mar/2018:13:04:02 -0300] "GET /cormun/static/about:blank HTTP/1.1" 404 1011
186.103.159.188 - - [15/Mar/2018:13:04:02 -0300] "GET /cormun/servlet/solicitudotadjuntos?INS,2018,10520,,1, HTTP/1.1" 200 5985
186.103.159.188 - - [15/Mar/2018:13:04:03 -0300] "GET /cormun/servlet/solicitudotadjuntos?271990152ff28351c1e6d70e0bfb579810d1fb0075c443324a4d278bf1e9b8ca52cb53c138e5a5e635ca3fc9b8d37407,gx-no-cache=1521129793285 HTTP/1.1" 200 30
186.103.159.188 - - [15/Mar/2018:13:04:03 -0300] "POST /cormun/servlet/solicitudotadjuntos?623b581e70844721f62f7e50d0e239e9,INS,2018,10520,,1,,gx-no-cache=1521129793347 HTTP/1.1" 200 3795
186.103.159.188 - - [15/Mar/2018:13:04:05 -0300] "POST /cormun/servlet/solicitudotadjuntos?gx-no-cache=1521129795703 HTTP/1.1" 200 26
200.54.247.70 - - [15/Mar/2018:13:04:06 -0300] "GET /cormun/servlet/solicitudotadjuntos?c85750c77510ff567c04a7dd8de3fa151f605b2f84a124424ddf15ac30daafaf,gx-no-cache=1521129797061 HTTP/1.1" 200 30
200.54.247.70 - - [15/Mar/2018:13:04:06 -0300] "GET /cormun/servlet/solicitudotadjuntos?c85750c77510ff567c04a7dd8de3fa151f605b2f84a124424ddf15ac30daafaf,gx-no-cache=1521129797117 HTTP/1.1" 200 30
200.54.247.70 - - [15/Mar/2018:13:04:07 -0300] "POST /cormun/servlet/solicitudotadjuntos?1c2469dd7b44e3e43205b9baf03bfd86,INS,2018,10518,,1, HTTP/1.1" 200 116
200.54.247.70 - - [15/Mar/2018:13:04:07 -0300] "GET /cormun/servlet/hpexe_return? HTTP/1.1" 200 1021
200.54.247.70 - - [15/Mar/2018:13:04:07 -0300] "GET /cormun/servlet/trsolicitudadjuntos?2018,10518, HTTP/1.1" 200 9410
200.54.247.70 - - [15/Mar/2018:13:04:10 -0300] "GET /cormun/servlet/solicitudotadjuntos?INS,2018,10518,,1, HTTP/1.1" 200 6270
200.54.247.70 - - [15/Mar/2018:13:04:10 -0300] "HEAD /cormun/static/about:blank HTTP/1.1" 404 -
200.54.247.70 - - [15/Mar/2018:13:04:11 -0300] "GET /cormun/servlet/solicitudotadjuntos?c85750c77510ff567c04a7dd8de3fa15ed145df6bc03d1e9421039c32daa6429ecf88d1646936a75a46da0f74ea64faf,gx-no-cache=1521129802394 HTTP/1.1" 200 30
200.54.247.70 - - [15/Mar/2018:13:04:11 -0300] "POST /cormun/servlet/solicitudotadjuntos?1c2469dd7b44e3e43205b9baf03bfd86,INS,2018,10518,,1,,gx-no-cache=1521129802458 HTTP/1.1" 200 3974
186.103.159.188 - - [15/Mar/2018:13:04:13 -0300] "GET /cormun/servlet/solicitudotadjuntos?271990152ff28351c1e6d70e0bfb57988a797872289686d3ae74e11f5748680d,gx-no-cache=1521129803288 HTTP/1.1" 200 30
186.103.159.188 - - [15/Mar/2018:13:04:13 -0300] "GET /cormun/servlet/solicitudotadjuntos?271990152ff28351c1e6d70e0bfb57988a797872289686d3ae74e11f5748680d,gx-no-cache=1521129803315 HTTP/1.1" 200 30
207.46.13.55 - - [15/Mar/2018:13:04:14 -0300] "GET /cormun/servlet/hpexe_return HTTP/1.1" 200 1034
186.103.159.188 - - [15/Mar/2018:13:04:15 -0300] "POST /cormun/servlet/solicitudotadjuntos?623b581e70844721f62f7e50d0e239e9,INS,2018,10520,,1, HTTP/1.1" 200 116
186.103.159.188 - - [15/Mar/2018:13:04:15 -0300] "GET /cormun/servlet/hpexe_return? HTTP/1.1" 200 1025
186.103.159.188 - - [15/Mar/2018:13:04:15 -0300] "GET /cormun/servlet/trsolicitudadjuntos?2018,10520, HTTP/1.1" 200 8701
186.103.159.188 - - [15/Mar/2018:13:04:15 -0300] "GET /cormun/servlet/trsolicitudadjuntos?2018,10520, HTTP/1.1" 200 8700
200.54.247.70 - - [15/Mar/2018:13:04:16 -0300] "POST /cormun/servlet/solicitudotadjuntos?gx-no-cache=1521129807136 HTTP/1.1" 200 26
186.103.159.188 - - [15/Mar/2018:13:04:19 -0300] "GET /cormun/servlet/solicitudotadjuntos?INS,2018,10520,,1, HTTP/1.1" 200 5992
186.103.159.188 - - [15/Mar/2018:13:04:19 -0300] "GET /cormun/static/about:blank HTTP/1.1" 404 1011
186.103.159.188 - - [15/Mar/2018:13:04:19 -0300] "GET /cormun/servlet/solicitudotadjuntos?INS,2018,10520,,1, HTTP/1.1" 200 5985
186.103.159.188 - - [15/Mar/2018:13:04:20 -0300] "GET /cormun/servlet/solicitudotadjuntos?271990152ff28351c1e6d70e0bfb579810d1fb0075c443324a4d278bf1e9b8ca52cb53c138e5a5e635ca3fc9b8d37407,gx-no-cache=1521129809942 HTTP/1.1" 200 30
186.103.159.188 - - [15/Mar/2018:13:04:20 -0300] "POST /cormun/servlet/solicitudotadjuntos?623b581e70844721f62f7e50d0e239e9,INS,2018,10520,,1,,gx-no-cache=1521129810287 HTTP/1.1" 200 3795
200.54.247.70 - - [15/Mar/2018:13:04:35 -0300] "GET /cormun/servlet/solicitudotadjuntos?c85750c77510ff567c04a7dd8de3fa151f605b2f84a124424ddf15ac30daafaf,gx-no-cache=1521129826312 HTTP/1.1" 200 30
200.54.247.70 - - [15/Mar/2018:13:04:35 -0300] "GET /cormun/servlet/solicitudotadjuntos?c85750c77510ff567c04a7dd8de3fa151f605b2f84a124424ddf15ac30daafaf,gx-no-cache=1521129826365 HTTP/1.1" 200 30
186.103.159.188 - - [15/Mar/2018:13:04:40 -0300] "POST /cormun/servlet/solicitudotadjuntos?gx-no-cache=1521129830599 HTTP/1.1" 200 26
207.46.13.55 - - [15/Mar/2018:13:04:41 -0300] "GET /cormun/static/Resources/Spanish/PXTools.css?167811 HTTP/1.1" 200 89042
200.54.247.70 - - [15/Mar/2018:13:04:42 -0300] "POST /cormun/servlet/solicitudotadjuntos?1c2469dd7b44e3e43205b9baf03bfd86,INS,2018,10518,,1, HTTP/1.1" 200 116
200.54.247.70 - - [15/Mar/2018:13:04:42 -0300] "GET /cormun/servlet/hpexe_return? HTTP/1.1" 200 1021
207.46.13.55 - - [15/Mar/2018:13:04:43 -0300] "GET /cormun/static/hpexe_return.js?2016101716175153 HTTP/1.1" 200 1633
200.54.247.70 - - [15/Mar/2018:13:04:43 -0300] "GET /cormun/servlet/trsolicitudadjuntos?2018,10518, HTTP/1.1" 200 9613
200.54.247.70 - - [15/Mar/2018:13:04:46 -0300] "GET /cormun/servlet/solicitudotadjuntos?INS,2018,10518,,1, HTTP/1.1" 200 6271
200.54.247.70 - - [15/Mar/2018:13:04:47 -0300] "GET /cormun/servlet/solicitudotadjuntos?c85750c77510ff567c04a7dd8de3fa15ed145df6bc03d1e9421039c32daa6429ecf88d1646936a75a46da0f74ea64faf,gx-no-cache=1521129838088 HTTP/1.1" 200 30
200.54.247.70 - - [15/Mar/2018:13:04:47 -0300] "POST /cormun/servlet/solicitudotadjuntos?1c2469dd7b44e3e43205b9baf03bfd86,INS,2018,10518,,1,,gx-no-cache=1521129838195 HTTP/1.1" 200 3976
200.54.247.70 - - [15/Mar/2018:13:04:48 -0300] "HEAD /cormun/static/about:blank HTTP/1.1" 404 -
186.103.159.188 - - [15/Mar/2018:13:04:51 -0300] "GET /cormun/servlet/solicitudotadjuntos?271990152ff28351c1e6d70e0bfb57988a797872289686d3ae74e11f5748680d,gx-no-cache=1521129841000 HTTP/1.1" 200 30
200.54.247.70 - - [15/Mar/2018:13:04:51 -0300] "POST /cormun/servlet/solicitudotadjuntos?gx-no-cache=1521129841950 HTTP/1.1" 200 26
186.103.159.188 - - [15/Mar/2018:13:04:51 -0300] "GET /cormun/servlet/solicitudotadjuntos?271990152ff28351c1e6d70e0bfb57988a797872289686d3ae74e11f5748680d,gx-no-cache=1521129841056 HTTP/1.1" 200 30
186.103.159.188 - - [15/Mar/2018:13:04:54 -0300] "POST /cormun/servlet/solicitudotadjuntos?623b581e70844721f62f7e50d0e239e9,INS,2018,10520,,1, HTTP/1.1" 200 116
186.103.159.188 - - [15/Mar/2018:13:04:54 -0300] "GET /cormun/servlet/hpexe_return? HTTP/1.1" 200 1025
186.103.159.188 - - [15/Mar/2018:13:04:55 -0300] "GET /cormun/servlet/trsolicitudadjuntos?2018,10520, HTTP/1.1" 200 8885
186.103.159.188 - - [15/Mar/2018:13:04:55 -0300] "GET /cormun/servlet/trsolicitudadjuntos?2018,10520, HTTP/1.1" 200 8880
200.54.247.70 - - [15/Mar/2018:13:04:56 -0300] "GET /cormun/servlet/solicitudotadjuntos?c85750c77510ff567c04a7dd8de3fa151f605b2f84a124424ddf15ac30daafaf,gx-no-cache=1521129847094 HTTP/1.1" 200 30
200.54.247.70 - - [15/Mar/2018:13:04:56 -0300] "GET /cormun/servlet/solicitudotadjuntos?c85750c77510ff567c04a7dd8de3fa151f605b2f84a124424ddf15ac30daafaf,gx-no-cache=1521129847148 HTTP/1.1" 200 30
200.54.247.70 - - [15/Mar/2018:13:04:57 -0300] "POST /cormun/servlet/solicitudotadjuntos?1c2469dd7b44e3e43205b9baf03bfd86,INS,2018,10518,,1, HTTP/1.1" 200 116
200.54.247.70 - - [15/Mar/2018:13:04:57 -0300] "GET /cormun/servlet/hpexe_return? HTTP/1.1" 200 1021
200.54.247.70 - - [15/Mar/2018:13:04:57 -0300] "GET /cormun/servlet/trsolicitudadjuntos?2018,10518, HTTP/1.1" 200 9926
200.54.247.70 - - [15/Mar/2018:13:05:01 -0300] "GET /cormun/servlet/trsolicitudot? HTTP/1.1" 200 8826
186.103.159.188 - - [15/Mar/2018:13:05:01 -0300] "GET /cormun/servlet/solicitudotadjuntos?INS,2018,10520,,1, HTTP/1.1" 200 5993
186.103.159.188 - - [15/Mar/2018:13:05:01 -0300] "GET /cormun/static/about:blank HTTP/1.1" 404 1011
186.103.159.188 - - [15/Mar/2018:13:05:01 -0300] "GET /cormun/servlet/solicitudotadjuntos?INS,2018,10520,,1, HTTP/1.1" 200 5985
186.103.159.188 - - [15/Mar/2018:13:05:02 -0300] "GET /cormun/servlet/solicitudotadjuntos?271990152ff28351c1e6d70e0bfb579810d1fb0075c443324a4d278bf1e9b8ca52cb53c138e5a5e635ca3fc9b8d37407,gx-no-cache=1521129852124 HTTP/1.1" 200 30
186.103.159.188 - - [15/Mar/2018:13:05:02 -0300] "POST /cormun/servlet/solicitudotadjuntos?623b581e70844721f62f7e50d0e239e9,INS,2018,10520,,1,,gx-no-cache=1521129852208 HTTP/1.1" 200 3795
200.54.247.70 - - [15/Mar/2018:13:05:04 -0300] "POST /cormun/servlet/trsolicitudot?1c2469dd7b44e3e43205b9baf03bfd86,,gx-no-cache=1521129854894 HTTP/1.1" 200 4689
200.54.247.70 - - [15/Mar/2018:13:05:04 -0300] "POST /cormun/servlet/trsolicitudot?1c2469dd7b44e3e43205b9baf03bfd86,,gx-no-cache=1521129855380 HTTP/1.1" 200 4460
200.54.247.70 - - [15/Mar/2018:13:05:04 -0300] "GET /cormun/static/Shared/jqueryui/images/ui-bg_highlight-soft_100_c6c2c8_1x100.png HTTP/1.1" 404 1117
200.54.247.70 - - [15/Mar/2018:13:05:04 -0300] "GET /cormun/static/Shared/jqueryui/images/ui-bg_flat_55_fafafa_40x100.png HTTP/1.1" 404 1097
200.54.247.70 - - [15/Mar/2018:13:05:05 -0300] "GET /cormun/static/Shared/jqueryui/images/ui-icons_8d78a5_256x240.png HTTP/1.1" 404 1089
200.54.247.70 - - [15/Mar/2018:13:05:05 -0300] "GET /cormun/static/Shared/jqueryui/images/ui-icons_82798d_256x240.png HTTP/1.1" 404 1089
186.103.159.188 - - [15/Mar/2018:13:05:06 -0300] "POST /cormun/servlet/solicitudotadjuntos?gx-no-cache=1521129856175 HTTP/1.1" 200 26
200.54.247.70 - - [15/Mar/2018:13:05:08 -0300] "GET /cormun/servlet/trautorizarsolicitud? HTTP/1.1" 200 8713
200.54.247.70 - - [15/Mar/2018:13:05:12 -0300] "POST /cormun/servlet/trautorizarsolicitud?1c2469dd7b44e3e43205b9baf03bfd86,,gx-no-cache=1521129862530 HTTP/1.1" 200 4610
200.54.247.70 - - [15/Mar/2018:13:05:12 -0300] "POST /cormun/servlet/trautorizarsolicitud?1c2469dd7b44e3e43205b9baf03bfd86,,gx-no-cache=1521129863250 HTTP/1.1" 200 4382
200.54.247.70 - - [15/Mar/2018:13:05:13 -0300] "GET /cormun/static/Shared/jqueryui/images/ui-bg_highlight-soft_100_c6c2c8_1x100.png HTTP/1.1" 404 1117
200.54.247.70 - - [15/Mar/2018:13:05:13 -0300] "GET /cormun/static/Shared/jqueryui/images/ui-bg_flat_55_fafafa_40x100.png HTTP/1.1" 404 1097
200.54.247.70 - - [15/Mar/2018:13:05:13 -0300] "GET /cormun/static/Shared/jqueryui/images/ui-icons_8d78a5_256x240.png HTTP/1.1" 404 1089
200.54.247.70 - - [15/Mar/2018:13:05:13 -0300] "GET /cormun/static/Shared/jqueryui/images/ui-icons_82798d_256x240.png HTTP/1.1" 404 1089
186.103.161.206 - - [15/Mar/2018:13:05:15 -0300] "GET /cormun/servlet/solicitudot?d7d62d9031c1f3008a2b4ccc1ef76e49aac0f2dfc156bcbcea479701557f55e39d30a132b4b15ee44345532349c0ae7785a8f9428011eaa5028c6ad8fbf793180d0338d6f739b06514cb1601219c2fb296eef9f88fe0d0ba97003d5f7d89ec04949ffe11c6000fc5c061359085d8b316,gx-no-cache=1521129862602 HTTP/1.1" 200 29
186.103.161.206 - - [15/Mar/2018:13:05:16 -0300] "POST /cormun/servlet/solicitudot?gx-no-cache=1521129862751 HTTP/1.1" 200 1317
186.103.161.206 - - [15/Mar/2018:13:05:16 -0300] "POST /cormun/servlet/solicitudot?gx-no-cache=1521129862965 HTTP/1.1" 200 1218
186.103.161.206 - - [15/Mar/2018:13:05:16 -0300] "GET /cormun/static/menuarrow.gif HTTP/1.1" 404 1015
186.103.161.206 - - [15/Mar/2018:13:05:17 -0300] "POST /cormun/servlet/solicitudot?gx-no-cache=1521129864597 HTTP/1.1" 200 1317
186.103.161.206 - - [15/Mar/2018:13:05:18 -0300] "POST /cormun/servlet/solicitudot?gx-no-cache=1521129864716 HTTP/1.1" 200 1218
186.103.161.206 - - [15/Mar/2018:13:05:19 -0300] "GET /cormun/servlet/solicitudot?d7d62d9031c1f3008a2b4ccc1ef76e495e1bf22e26e22c3344e03bcd08005ef5b26d9f8bbfe93e6cb11192666f7ace67,gx-no-cache=1521129866296 HTTP/1.1" 200 30
200.72.197.82 - - [15/Mar/2018:13:05:26 -0300] "POST /cormun/servlet/solicitudot?gx-no-cache=1521129873559 HTTP/1.1" 200 30
200.72.197.82 - - [15/Mar/2018:13:05:33 -0300] "POST /cormun/servlet/solicitudot?2cd0c105ff20a9137b0a4911b5880c8d,INS,0,0,,gx-no-cache=1521129880019 HTTP/1.1" 200 93
200.72.197.82 - - [15/Mar/2018:13:05:33 -0300] "GET /cormun/servlet/hpexe_return? HTTP/1.1" 200 1002
200.72.197.82 - - [15/Mar/2018:13:05:33 -0300] "GET /cormun/servlet/trsolicitudot HTTP/1.1" 200 9672
200.72.197.82 - - [15/Mar/2018:13:05:34 -0300] "GET /cormun/servlet/trsolicitudot HTTP/1.1" 200 9668
190.151.100.218 - - [15/Mar/2018:13:05:38 -0300] "POST /cormun/servlet/trsolicitudot?2cd0c105ff20a9137b0a4911b5880c8d,gx-no-cache=1521129884584 HTTP/1.1" 200 6476
190.151.100.218 - - [15/Mar/2018:13:05:38 -0300] "GET /cormun/static/Shared/jqueryui/images/ui-icons_82798d_256x240.png HTTP/1.1" 404 1089
186.67.203.186 - - [15/Mar/2018:13:05:38 -0300] "GET /cormun/static/Shared/jqueryui/images/ui-bg_highlight-soft_100_c6c2c8_1x100.png HTTP/1.1" 404 1117
186.103.132.155 - - [15/Mar/2018:13:05:38 -0300] "GET /cormun/static/Shared/jqueryui/images/ui-icons_8d78a5_256x240.png HTTP/1.1" 404 1089
190.151.100.218 - - [15/Mar/2018:13:05:38 -0300] "GET /cormun/static/Shared/jqueryui/images/ui-bg_flat_55_fafafa_40x100.png HTTP/1.1" 404 1097
190.151.100.218 - - [15/Mar/2018:13:05:38 -0300] "POST /cormun/servlet/trsolicitudot?2cd0c105ff20a9137b0a4911b5880c8d,gx-no-cache=1521129885272 HTTP/1.1" 200 6419
190.151.100.218 - - [15/Mar/2018:13:05:40 -0300] "POST /cormun/servlet/trsolicitudot?2cd0c105ff20a9137b0a4911b5880c8d,gx-no-cache=1521129886538 HTTP/1.1" 200 6101
190.151.100.218 - - [15/Mar/2018:13:05:40 -0300] "POST /cormun/servlet/trsolicitudot?2cd0c105ff20a9137b0a4911b5880c8d,gx-no-cache=1521129887315 HTTP/1.1" 200 6045
190.151.100.218 - - [15/Mar/2018:13:05:41 -0300] "POST /cormun/servlet/trsolicitudot?2cd0c105ff20a9137b0a4911b5880c8d,gx-no-cache=1521129888169 HTTP/1.1" 200 5640
190.151.100.218 - - [15/Mar/2018:13:05:41 -0300] "POST /cormun/servlet/trsolicitudot?2cd0c105ff20a9137b0a4911b5880c8d,gx-no-cache=1521129888453 HTTP/1.1" 200 5581
190.151.100.218 - - [15/Mar/2018:13:05:42 -0300] "POST /cormun/servlet/trsolicitudot?2cd0c105ff20a9137b0a4911b5880c8d,gx-no-cache=1521129889252 HTTP/1.1" 200 4410
190.151.100.218 - - [15/Mar/2018:13:05:42 -0300] "POST /cormun/servlet/trsolicitudot?2cd0c105ff20a9137b0a4911b5880c8d,gx-no-cache=1521129889543 HTTP/1.1" 200 4189
186.103.159.188 - - [15/Mar/2018:13:05:46 -0300] "GET /cormun/servlet/solicitudotadjuntos?271990152ff28351c1e6d70e0bfb57988a797872289686d3ae74e11f5748680d,gx-no-cache=1521129896471 HTTP/1.1" 200 30
186.103.159.188 - - [15/Mar/2018:13:05:46 -0300] "GET /cormun/servlet/solicitudotadjuntos?271990152ff28351c1e6d70e0bfb57988a797872289686d3ae74e11f5748680d,gx-no-cache=1521129896555 HTTP/1.1" 200 30
186.103.159.188 - - [15/Mar/2018:13:05:47 -0300] "POST /cormun/servlet/solicitudotadjuntos?623b581e70844721f62f7e50d0e239e9,INS,2018,10520,,1, HTTP/1.1" 200 116
186.103.159.188 - - [15/Mar/2018:13:05:47 -0300] "GET /cormun/servlet/hpexe_return? HTTP/1.1" 200 1025
186.103.159.188 - - [15/Mar/2018:13:05:48 -0300] "GET /cormun/servlet/trsolicitudadjuntos?2018,10520, HTTP/1.1" 200 9069
186.103.159.188 - - [15/Mar/2018:13:05:48 -0300] "GET /cormun/servlet/trsolicitudadjuntos?2018,10520, HTTP/1.1" 200 9066
186.103.159.188 - - [15/Mar/2018:13:05:53 -0300] "GET /cormun/servlet/solicitudotadjuntos?INS,2018,10520,,1, HTTP/1.1" 200 5993
186.103.159.188 - - [15/Mar/2018:13:05:53 -0300] "GET /cormun/static/about:blank HTTP/1.1" 404 1011
186.103.159.188 - - [15/Mar/2018:13:05:53 -0300] "GET /cormun/servlet/solicitudotadjuntos?INS,2018,10520,,1, HTTP/1.1" 200 5985
186.103.159.188 - - [15/Mar/2018:13:05:53 -0300] "GET /cormun/servlet/solicitudotadjuntos?271990152ff28351c1e6d70e0bfb579810d1fb0075c443324a4d278bf1e9b8ca52cb53c138e5a5e635ca3fc9b8d37407,gx-no-cache=1521129903672 HTTP/1.1" 200 30
186.103.159.188 - - [15/Mar/2018:13:05:54 -0300] "POST /cormun/servlet/solicitudotadjuntos?623b581e70844721f62f7e50d0e239e9,INS,2018,10520,,1,,gx-no-cache=1521129903761 HTTP/1.1" 200 3795
186.103.159.188 - - [15/Mar/2018:13:05:55 -0300] "POST /cormun/servlet/solicitudotadjuntos?gx-no-cache=1521129905764 HTTP/1.1" 200 26
186.103.159.188 - - [15/Mar/2018:13:06:03 -0300] "POST /cormun/servlet/solicitudotadjuntos?gx-no-cache=1521129912918 HTTP/1.1" 200 26
186.103.159.188 - - [15/Mar/2018:13:06:08 -0300] "GET /cormun/servlet/solicitudotadjuntos?271990152ff28351c1e6d70e0bfb57988a797872289686d3ae74e11f5748680d,gx-no-cache=1521129917983 HTTP/1.1" 200 30
186.103.159.188 - - [15/Mar/2018:13:06:08 -0300] "GET /cormun/servlet/solicitudotadjuntos?271990152ff28351c1e6d70e0bfb57988a797872289686d3ae74e11f5748680d,gx-no-cache=1521129918046 HTTP/1.1" 200 30
186.103.159.188 - - [15/Mar/2018:13:06:10 -0300] "POST /cormun/servlet/solicitudotadjuntos?623b581e70844721f62f7e50d0e239e9,INS,2018,10520,,1, HTTP/1.1" 200 116
186.103.159.188 - - [15/Mar/2018:13:06:11 -0300] "GET /cormun/servlet/hpexe_return? HTTP/1.1" 200 1025
186.103.159.188 - - [15/Mar/2018:13:06:11 -0300] "GET /cormun/servlet/trsolicitudadjuntos?2018,10520, HTTP/1.1" 200 9325
186.103.159.188 - - [15/Mar/2018:13:06:11 -0300] "GET /cormun/servlet/trsolicitudadjuntos?2018,10520, HTTP/1.1" 200 9323
186.103.159.188 - - [15/Mar/2018:13:06:14 -0300] "GET /cormun/servlet/solicitudotadjuntos?INS,2018,10520,,1, HTTP/1.1" 200 5993
186.103.159.188 - - [15/Mar/2018:13:06:14 -0300] "GET /cormun/static/about:blank HTTP/1.1" 404 1011
186.103.159.188 - - [15/Mar/2018:13:06:15 -0300] "GET /cormun/servlet/solicitudotadjuntos?INS,2018,10520,,1, HTTP/1.1" 200 5985
186.103.159.188 - - [15/Mar/2018:13:06:15 -0300] "GET /cormun/servlet/solicitudotadjuntos?271990152ff28351c1e6d70e0bfb579810d1fb0075c443324a4d278bf1e9b8ca52cb53c138e5a5e635ca3fc9b8d37407,gx-no-cache=1521129925162 HTTP/1.1" 200 30
186.103.159.188 - - [15/Mar/2018:13:06:15 -0300] "POST /cormun/servlet/solicitudotadjuntos?623b581e70844721f62f7e50d0e239e9,INS,2018,10520,,1,,gx-no-cache=1521129925238 HTTP/1.1" 200 3795
186.103.159.188 - - [15/Mar/2018:13:06:17 -0300] "POST /cormun/servlet/solicitudotadjuntos?gx-no-cache=1521129927445 HTTP/1.1" 200 26
186.103.159.188 - - [15/Mar/2018:13:06:32 -0300] "GET /cormun/servlet/solicitudotadjuntos?271990152ff28351c1e6d70e0bfb57988a797872289686d3ae74e11f5748680d,gx-no-cache=1521129942359 HTTP/1.1" 200 30
186.103.159.188 - - [15/Mar/2018:13:06:32 -0300] "GET /cormun/servlet/solicitudotadjuntos?271990152ff28351c1e6d70e0bfb57988a797872289686d3ae74e11f5748680d,gx-no-cache=1521129942405 HTTP/1.1" 200 30
186.103.159.188 - - [15/Mar/2018:13:06:34 -0300] "POST /cormun/servlet/solicitudotadjuntos?623b581e70844721f62f7e50d0e239e9,INS,2018,10520,,1, HTTP/1.1" 200 6112
186.103.159.188 - - [15/Mar/2018:13:06:34 -0300] "GET /cormun/static/Shared/jqueryui/images/ui-icons_82798d_256x240.png HTTP/1.1" 404 1089
186.103.159.188 - - [15/Mar/2018:13:06:34 -0300] "GET /cormun/static/Shared/jqueryui/images/ui-bg_highlight-soft_100_c6c2c8_1x100.png HTTP/1.1" 404 1117
186.103.159.188 - - [15/Mar/2018:13:06:34 -0300] "GET /cormun/static/Shared/jqueryui/images/ui-bg_flat_55_994d53_40x100.png HTTP/1.1" 404 1097
186.103.159.188 - - [15/Mar/2018:13:06:34 -0300] "GET /cormun/static/Shared/jqueryui/images/ui-icons_ebccce_256x240.png HTTP/1.1" 404 1089
186.103.159.188 - - [15/Mar/2018:13:06:35 -0300] "GET /cormun/PrivateTempStorage/upload_00012226.pdf HTTP/1.1" 200 479263
190.161.236.41 - - [15/Mar/2018:13:06:56 -0300] "POST /cormun/servlet/solicitudotadjuntos?623b581e70844721f62f7e50d0e239e9,INS,2018,10520,,1,,gx-no-cache=1521129965884 HTTP/1.1" 200 93
190.161.236.41 - - [15/Mar/2018:13:06:56 -0300] "GET /cormun/servlet/hpexe_return? HTTP/1.1" 200 1025
190.161.236.41 - - [15/Mar/2018:13:06:57 -0300] "GET /cormun/servlet/trsolicitudadjuntos?2018,10520, HTTP/1.1" 200 9326
190.161.236.41 - - [15/Mar/2018:13:06:57 -0300] "GET /cormun/servlet/trsolicitudadjuntos?2018,10520, HTTP/1.1" 200 9325
186.103.159.188 - - [15/Mar/2018:13:07:05 -0300] "GET /cormun/servlet/solicitudotadjuntos?INS,2018,10520,,1, HTTP/1.1" 200 5993
186.103.159.188 - - [15/Mar/2018:13:07:05 -0300] "GET /cormun/static/about:blank HTTP/1.1" 404 1011
186.103.159.188 - - [15/Mar/2018:13:07:06 -0300] "GET /cormun/servlet/solicitudotadjuntos?INS,2018,10520,,1, HTTP/1.1" 200 5985
186.103.159.188 - - [15/Mar/2018:13:07:06 -0300] "GET /cormun/servlet/solicitudotadjuntos?271990152ff28351c1e6d70e0bfb579810d1fb0075c443324a4d278bf1e9b8ca52cb53c138e5a5e635ca3fc9b8d37407,gx-no-cache=1521129976328 HTTP/1.1" 200 30
186.103.159.188 - - [15/Mar/2018:13:07:06 -0300] "POST /cormun/servlet/solicitudotadjuntos?623b581e70844721f62f7e50d0e239e9,INS,2018,10520,,1,,gx-no-cache=1521129976391 HTTP/1.1" 200 3795
186.103.159.188 - - [15/Mar/2018:13:07:09 -0300] "POST /cormun/servlet/solicitudotadjuntos?gx-no-cache=1521129979780 HTTP/1.1" 200 26
186.103.159.188 - - [15/Mar/2018:13:07:19 -0300] "GET /cormun/servlet/solicitudotadjuntos?271990152ff28351c1e6d70e0bfb57988a797872289686d3ae74e11f5748680d,gx-no-cache=1521129988877 HTTP/1.1" 200 30
186.103.159.188 - - [15/Mar/2018:13:07:19 -0300] "GET /cormun/servlet/solicitudotadjuntos?271990152ff28351c1e6d70e0bfb57988a797872289686d3ae74e11f5748680d,gx-no-cache=1521129988941 HTTP/1.1" 200 30
186.103.159.188 - - [15/Mar/2018:13:07:23 -0300] "POST /cormun/servlet/solicitudotadjuntos?623b581e70844721f62f7e50d0e239e9,INS,2018,10520,,1, HTTP/1.1" 200 116
186.103.159.188 - - [15/Mar/2018:13:07:23 -0300] "GET /cormun/servlet/hpexe_return? HTTP/1.1" 200 1025
186.103.159.188 - - [15/Mar/2018:13:07:24 -0300] "GET /cormun/servlet/trsolicitudadjuntos?2018,10520, HTTP/1.1" 200 9595
186.103.159.188 - - [15/Mar/2018:13:07:24 -0300] "GET /cormun/servlet/trsolicitudadjuntos?2018,10520, HTTP/1.1" 200 9594
192.168.10.97 - - [15/Mar/2018:13:07:26 -0300] "GET /cormun/servlet/hlogin HTTP/1.1" 200 1726
192.168.10.97 - - [15/Mar/2018:13:07:26 -0300] "GET /cormun/static/gxcfg.js?20175251213516 HTTP/1.1" 304 -
192.168.10.97 - - [15/Mar/2018:13:07:26 -0300] "GET /cormun/static/messages.spa.js?85251 HTTP/1.1" 304 -
192.168.10.97 - - [15/Mar/2018:13:07:28 -0300] "POST /cormun/servlet/hlogin?5cd510895364d93b725a37e265dff387,gx-no-cache=1521130002470 HTTP/1.1" 200 90
192.168.10.97 - - [15/Mar/2018:13:07:28 -0300] "GET /cormun/servlet/hpexe_link HTTP/1.1" 200 954
192.168.10.97 - - [15/Mar/2018:13:07:28 -0300] "GET /cormun/static/gxcfg.js?20177612121792 HTTP/1.1" 304 -
192.168.10.97 - - [15/Mar/2018:13:07:28 -0300] "GET /cormun/servlet/hhome HTTP/1.1" 200 4549
192.168.10.97 - - [15/Mar/2018:13:07:28 -0300] "GET /cormun/static/gxcfg.js?20175251212442 HTTP/1.1" 304 -
192.168.10.97 - - [15/Mar/2018:13:07:28 -0300] "GET /cormun/servlet/hhome HTTP/1.1" 200 4546
186.103.159.188 - - [15/Mar/2018:13:07:30 -0300] "GET /cormun/servlet/trsolicitudot? HTTP/1.1" 200 8572
186.103.159.188 - - [15/Mar/2018:13:07:31 -0300] "GET /cormun/servlet/trsolicitudot? HTTP/1.1" 200 8565
186.103.159.188 - - [15/Mar/2018:13:07:49 -0300] "POST /cormun/servlet/trsolicitudot?623b581e70844721f62f7e50d0e239e9,,gx-no-cache=1521130019665 HTTP/1.1" 200 4507
186.103.159.188 - - [15/Mar/2018:13:07:50 -0300] "GET /cormun/static/Shared/jqueryui/images/ui-bg_highlight-soft_100_c6c2c8_1x100.png HTTP/1.1" 404 1117
186.103.159.188 - - [15/Mar/2018:13:07:50 -0300] "GET /cormun/static/Shared/jqueryui/images/ui-bg_flat_55_fafafa_40x100.png HTTP/1.1" 404 1097
186.103.159.188 - - [15/Mar/2018:13:07:50 -0300] "GET /cormun/static/Shared/jqueryui/images/ui-icons_8d78a5_256x240.png HTTP/1.1" 404 1089
190.161.236.41 - - [15/Mar/2018:13:07:50 -0300] "GET /cormun/static/Shared/jqueryui/images/ui-icons_82798d_256x240.png HTTP/1.1" 404 1089
186.103.159.188 - - [15/Mar/2018:13:07:50 -0300] "POST /cormun/servlet/trsolicitudot?623b581e70844721f62f7e50d0e239e9,,gx-no-cache=1521130019895 HTTP/1.1" 200 4268
192.168.10.97 - - [15/Mar/2018:13:08:12 -0300] "GET /cormun/servlet/trsolicitudgral? HTTP/1.1" 200 9048
192.168.10.97 - - [15/Mar/2018:13:08:12 -0300] "GET /cormun/static/gxcfg.js?201813119461163 HTTP/1.1" 304 -
192.168.10.97 - - [15/Mar/2018:13:08:12 -0300] "GET /cormun/servlet/trsolicitudgral? HTTP/1.1" 200 9046
186.103.132.155 - - [15/Mar/2018:13:08:12 -0300] "GET /cormun/servlet/trautorizarsolicitud? HTTP/1.1" 200 9702
186.103.132.155 - - [15/Mar/2018:13:08:13 -0300] "GET /cormun/servlet/trautorizarsolicitud? HTTP/1.1" 200 9702
200.72.197.82 - - [15/Mar/2018:13:08:16 -0300] "POST /cormun/servlet/trautorizarsolicitud?2cd0c105ff20a9137b0a4911b5880c8d,,gx-no-cache=1521130042647 HTTP/1.1" 200 6623
200.72.197.82 - - [15/Mar/2018:13:08:16 -0300] "GET /cormun/static/Shared/jqueryui/images/ui-bg_highlight-soft_100_c6c2c8_1x100.png HTTP/1.1" 404 1117
200.111.122.170 - - [15/Mar/2018:13:08:16 -0300] "GET /cormun/static/Shared/jqueryui/images/ui-bg_flat_55_fafafa_40x100.png HTTP/1.1" 404 1097
200.72.197.82 - - [15/Mar/2018:13:08:16 -0300] "GET /cormun/static/Shared/jqueryui/images/ui-icons_8d78a5_256x240.png HTTP/1.1" 404 1089
186.67.203.186 - - [15/Mar/2018:13:08:16 -0300] "GET /cormun/static/Shared/jqueryui/images/ui-icons_82798d_256x240.png HTTP/1.1" 404 1089
186.103.132.155 - - [15/Mar/2018:13:08:16 -0300] "POST /cormun/servlet/trautorizarsolicitud?2cd0c105ff20a9137b0a4911b5880c8d,,gx-no-cache=1521130043407 HTTP/1.1" 200 6566
186.103.132.155 - - [15/Mar/2018:13:08:18 -0300] "POST /cormun/servlet/trautorizarsolicitud?2cd0c105ff20a9137b0a4911b5880c8d,,gx-no-cache=1521130044466 HTTP/1.1" 200 6249
186.103.132.155 - - [15/Mar/2018:13:08:19 -0300] "POST /cormun/servlet/trautorizarsolicitud?2cd0c105ff20a9137b0a4911b5880c8d,,gx-no-cache=1521130045261 HTTP/1.1" 200 6191
186.103.132.155 - - [15/Mar/2018:13:08:20 -0300] "POST /cormun/servlet/trautorizarsolicitud?2cd0c105ff20a9137b0a4911b5880c8d,,gx-no-cache=1521130047538 HTTP/1.1" 200 5773
186.103.132.155 - - [15/Mar/2018:13:08:21 -0300] "POST /cormun/servlet/trautorizarsolicitud?2cd0c105ff20a9137b0a4911b5880c8d,,gx-no-cache=1521130047936 HTTP/1.1" 200 5719
186.103.132.155 - - [15/Mar/2018:13:08:22 -0300] "POST /cormun/servlet/trautorizarsolicitud?2cd0c105ff20a9137b0a4911b5880c8d,,gx-no-cache=1521130049084 HTTP/1.1" 200 4610
186.103.132.155 - - [15/Mar/2018:13:08:23 -0300] "POST /cormun/servlet/trautorizarsolicitud?2cd0c105ff20a9137b0a4911b5880c8d,,gx-no-cache=1521130049873 HTTP/1.1" 200 4390
186.103.132.155 - - [15/Mar/2018:13:08:25 -0300] "GET /cormun/static/menuarrow.gif HTTP/1.1" 404 1015
186.103.132.155 - - [15/Mar/2018:13:08:34 -0300] "POST /cormun/servlet/trautorizarsolicitud?2cd0c105ff20a9137b0a4911b5880c8d,,gx-no-cache=1521130060738 HTTP/1.1" 200 18964
192.168.10.97 - - [15/Mar/2018:13:08:53 -0300] "POST /cormun/servlet/trsolicitudgral?5cd510895364d93b725a37e265dff387,,gx-no-cache=1521130087312 HTTP/1.1" 200 5924
192.168.10.97 - - [15/Mar/2018:13:09:02 -0300] "POST /cormun/servlet/trsolicitudgral?5cd510895364d93b725a37e265dff387,,gx-no-cache=1521130096613 HTTP/1.1" 200 9603
186.67.203.186 - - [15/Mar/2018:13:09:17 -0300] "POST /cormun/servlet/trautorizarsolicitud?2cd0c105ff20a9137b0a4911b5880c8d,,gx-no-cache=1521130103693 HTTP/1.1" 200 6364
200.111.122.170 - - [15/Mar/2018:13:09:43 -0300] "POST /cormun/servlet/trautorizarsolicitud?2cd0c105ff20a9137b0a4911b5880c8d,,gx-no-cache=1521130129698 HTTP/1.1" 200 6078
186.103.159.187 - - [15/Mar/2018:13:10:52 -0300] "GET /cormun/servlet/hhome HTTP/1.1" 200 3396
186.103.159.187 - - [15/Mar/2018:13:10:54 -0300] "GET /cormun/servlet/hhome HTTP/1.1" 200 3405
186.103.159.187 - - [15/Mar/2018:13:10:54 -0300] "GET /cormun/servlet/hlogin HTTP/1.1" 200 1731
66.249.83.2 - - [15/Mar/2018:13:10:56 -0300] "GET /cormun/servlet/trlicencias HTTP/1.1" 200 7334
66.249.83.2 - - [15/Mar/2018:13:10:57 -0300] "GET /cormun/servlet/trlicencias?_escaped_fragment_= HTTP/1.1" 200 7042
186.103.159.187 - - [15/Mar/2018:13:11:01 -0300] "POST /cormun/servlet/hlogin?16d749b34e72f433b2d7b71c48560ead,gx-no-cache=1521133903908 HTTP/1.1" 200 90
186.103.159.187 - - [15/Mar/2018:13:11:02 -0300] "GET /cormun/servlet/hpexe_link HTTP/1.1" 200 950
186.103.159.187 - - [15/Mar/2018:13:11:02 -0300] "GET /cormun/servlet/hhome HTTP/1.1" 200 3930
186.103.159.187 - - [15/Mar/2018:13:11:03 -0300] "GET /cormun/servlet/hhome HTTP/1.1" 200 3926
186.103.159.187 - - [15/Mar/2018:13:11:15 -0300] "GET /cormun/servlet/trsolicitudot? HTTP/1.1" 200 7137
186.103.159.187 - - [15/Mar/2018:13:11:15 -0300] "GET /cormun/servlet/trsolicitudot? HTTP/1.1" 200 7138
186.103.159.187 - - [15/Mar/2018:13:11:22 -0300] "GET /cormun/servlet/solicitudot?INS,0,0, HTTP/1.1" 200 13379
186.103.159.187 - - [15/Mar/2018:13:11:23 -0300] "GET /cormun/servlet/solicitudot?INS,0,0, HTTP/1.1" 200 13384
192.168.10.97 - - [15/Mar/2018:13:11:28 -0300] "POST /cormun/servlet/trsolicitudgral?5cd510895364d93b725a37e265dff387,,gx-no-cache=1521130242871 HTTP/1.1" 200 6134
192.168.10.97 - - [15/Mar/2018:13:11:28 -0300] "GET /cormun/static/Shared/jqueryui/images/ui-bg_highlight-soft_100_c6c2c8_1x100.png HTTP/1.1" 404 1117
192.168.10.97 - - [15/Mar/2018:13:11:28 -0300] "GET /cormun/static/Shared/jqueryui/images/ui-icons_82798d_256x240.png HTTP/1.1" 404 1089
192.168.10.97 - - [15/Mar/2018:13:11:28 -0300] "GET /cormun/static/Shared/jqueryui/images/ui-bg_flat_55_fafafa_40x100.png HTTP/1.1" 404 1097
192.168.10.97 - - [15/Mar/2018:13:11:28 -0300] "GET /cormun/static/Shared/jqueryui/images/ui-icons_8d78a5_256x240.png HTTP/1.1" 404 1089
200.111.122.170 - - [15/Mar/2018:13:11:45 -0300] "POST /cormun/servlet/trautorizarsolicitud?2cd0c105ff20a9137b0a4911b5880c8d,,gx-no-cache=1521130251050 HTTP/1.1" 200 6146
192.168.10.97 - - [15/Mar/2018:13:12:46 -0300] "POST /cormun/servlet/trsolicitudgral?5cd510895364d93b725a37e265dff387,,gx-no-cache=1521130320746 HTTP/1.1" 200 9077
186.103.159.187 - - [15/Mar/2018:13:13:02 -0300] "POST /cormun/servlet/solicitudot?gx-no-cache=1521134024466 HTTP/1.1" 200 3409
186.103.159.187 - - [15/Mar/2018:13:13:03 -0300] "POST /cormun/servlet/solicitudot?16d749b34e72f433b2d7b71c48560ead,INS,0,0,,gx-no-cache=1521134025123 HTTP/1.1" 200 10396
186.103.159.187 - - [15/Mar/2018:13:13:05 -0300] "GET /cormun/servlet/solicitudot?8a4e5998462b8cb00d9485264a109e9b8c88cd16c34a85947ff2494d17d331ffc4eab49c56f5f17f7fa52d89f5ea7e00,gx-no-cache=1521134027899 HTTP/1.1" 200 30
186.103.159.187 - - [15/Mar/2018:13:13:05 -0300] "GET /cormun/servlet/solicitudot?8a4e5998462b8cb00d9485264a109e9b2d86d9b5dc14b987b6a71104eab44fe137986f9eadd9a45ff76b0591673d1a0d,gx-no-cache=1521134027981 HTTP/1.1" 200 30
186.103.159.187 - - [15/Mar/2018:13:13:06 -0300] "GET /cormun/servlet/solicitudot?8a4e5998462b8cb00d9485264a109e9b4b8379a368f47474eebb60105b93c4d7,gx-no-cache=1521134028031 HTTP/1.1" 200 59
186.103.159.187 - - [15/Mar/2018:13:13:06 -0300] "POST /cormun/servlet/solicitudot?gx-no-cache=1521134028101 HTTP/1.1" 200 297
186.103.159.187 - - [15/Mar/2018:13:13:06 -0300] "GET /cormun/servlet/solicitudot?8a4e5998462b8cb00d9485264a109e9bc4149f53812dbaa0a9cb8f6cac9b05ecef1c8bbc02d77d356aef9b9d51b3ebbc97430e796c3db442473abc821bd297258aad93e28b5fbbb812854b183e15b2835ac034d01931438a73d00f997b00dfa3eb3eb0f05d0ed4a09d654ec9e42529fc5c4bda9e01f4708f3163d5a47ffcc5fab597cbf3c94566073f8875a49a300b538035effa1fc9f8e807b0da67e48cc87c8fdb3ee1878bc10e6a7e23a12b3c200598291e54586877d96ec3aefc4d34a5ce744d06eba2da7e532d43401e3dc4ae0f265317b56cb18629c65ae5fdb6ffd8858a44898b07ea822400b92c8f2c59723e89bf8c5f97f2709b156da1488849481755b7c0fe720fbbe61d342a4e686f0723541a2755946bcc3c95725d2bdcb113a7d4edcf932584a1c54ca4961574621c7b71bf8e5712e8bf61c69a94ab47afdaa7597a385d0cbe9082f5781dc80d1ce973056b9258ab6f2300544e3743c4a45bff040026699334a2b83f14ab5d3b47980453b1ed5d66c305bb2d914f400e10386dd41b058cd22598b1c5b2e7ab2bd5fbf3,gx-no-cache=1521134028209 HTTP/1.1" 200 30
186.103.159.187 - - [15/Mar/2018:13:13:09 -0300] "POST /cormun/servlet/solicitudot?gx-no-cache=1521134031479 HTTP/1.1" 200 30
186.103.159.187 - - [15/Mar/2018:13:13:12 -0300] "POST /cormun/servlet/solicitudot?gx-no-cache=1521134033429 HTTP/1.1" 200 1337
186.103.159.187 - - [15/Mar/2018:13:13:12 -0300] "POST /cormun/servlet/solicitudot?gx-no-cache=1521134034307 HTTP/1.1" 200 38
186.103.159.187 - - [15/Mar/2018:13:13:24 -0300] "GET /cormun/servlet/solicitudot?8a4e5998462b8cb00d9485264a109e9b478eb2ed223f556f45e3e248a4c00348dd12b6a7e3e6187d02ffdb6ce0adca47bcc21583f4ab967183db2a3ea0af208bfba94ec8bd6d8ba8d0e618a5c25c68d4aeebd75283159465667260b0d450e593e4ea5bacf940a0d7e4ea517922621443,gx-no-cache=1521134045882 HTTP/1.1" 200 29
186.103.159.187 - - [15/Mar/2018:13:13:24 -0300] "POST /cormun/servlet/solicitudot?gx-no-cache=1521134046367 HTTP/1.1" 200 1317
186.103.159.187 - - [15/Mar/2018:13:13:24 -0300] "POST /cormun/servlet/solicitudot?gx-no-cache=1521134046522 HTTP/1.1" 200 1217
186.103.159.187 - - [15/Mar/2018:13:13:24 -0300] "GET /cormun/static/menuarrow.gif HTTP/1.1" 404 1015
186.103.159.187 - - [15/Mar/2018:13:13:29 -0300] "POST /cormun/servlet/solicitudot?gx-no-cache=1521134051440 HTTP/1.1" 200 1317
186.103.159.187 - - [15/Mar/2018:13:13:29 -0300] "POST /cormun/servlet/solicitudot?gx-no-cache=1521134051551 HTTP/1.1" 200 1217
186.103.159.187 - - [15/Mar/2018:13:13:30 -0300] "GET /cormun/servlet/solicitudot?8a4e5998462b8cb00d9485264a109e9b471ce6fafdc73fb1bf9b50415cf7b6c318adfbd9870aeb5e8399e2f6905d484e,gx-no-cache=1521134052884 HTTP/1.1" 200 30
186.103.159.187 - - [15/Mar/2018:13:13:37 -0300] "POST /cormun/servlet/solicitudot?gx-no-cache=1521134059629 HTTP/1.1" 200 30
186.103.159.187 - - [15/Mar/2018:13:13:47 -0300] "POST /cormun/servlet/solicitudot?16d749b34e72f433b2d7b71c48560ead,INS,0,0,,gx-no-cache=1521134069059 HTTP/1.1" 200 93
186.103.159.187 - - [15/Mar/2018:13:13:47 -0300] "GET /cormun/servlet/hpexe_return? HTTP/1.1" 200 1006
200.112.1.65 - - [15/Mar/2018:13:13:48 -0300] "GET /cormun/servlet/hlogin HTTP/1.1" 200 1733
186.103.159.187 - - [15/Mar/2018:13:13:48 -0300] "GET /cormun/servlet/trsolicitudot HTTP/1.1" 200 8490
200.112.1.65 - - [15/Mar/2018:13:13:48 -0300] "GET /cormun/static/gxtimezone.js?85251 HTTP/1.1" 200 5781
200.112.1.65 - - [15/Mar/2018:13:13:48 -0300] "GET /cormun/static/gxcfg.js?20175251213516 HTTP/1.1" 200 953
200.112.1.65 - - [15/Mar/2018:13:13:49 -0300] "GET /cormun/static/Resources/Spanish/PXTools.css?11423723 HTTP/1.1" 200 89042
186.103.159.187 - - [15/Mar/2018:13:13:49 -0300] "GET /cormun/servlet/trsolicitudot HTTP/1.1" 200 8486
200.112.1.65 - - [15/Mar/2018:13:13:50 -0300] "GET /cormun/static/messages.spa.js?85251 HTTP/1.1" 200 30736
200.112.1.65 - - [15/Mar/2018:13:13:51 -0300] "GET /cormun/static/hlogin.js?20175251213537 HTTP/1.1" 200 2136
200.112.1.65 - - [15/Mar/2018:13:13:51 -0300] "GET /cormun/static/Resources/ComunLogin.png HTTP/1.1" 200 17326
200.112.1.65 - - [15/Mar/2018:13:13:53 -0300] "GET /cormun/static/gxgral.js?85251 HTTP/1.1" 200 384558
200.112.1.65 - - [15/Mar/2018:13:13:54 -0300] "GET /cormun/static/Resources/PXToolsLoginTop.png HTTP/1.1" 200 1337
200.112.1.65 - - [15/Mar/2018:13:13:54 -0300] "GET /cormun/static/Resources/PXToolsLoginBackground.png HTTP/1.1" 200 1164
200.112.1.65 - - [15/Mar/2018:13:13:54 -0300] "GET /cormun/static/Resources/PXToolsButtonLeft21.png HTTP/1.1" 200 1287
200.112.1.65 - - [15/Mar/2018:13:13:54 -0300] "GET /cormun/static/Resources/PXToolsButtonRight21.png HTTP/1.1" 200 1283
200.112.1.65 - - [15/Mar/2018:13:13:54 -0300] "GET /cormun/servlet/hlogin HTTP/1.1" 200 1737
200.112.1.65 - - [15/Mar/2018:13:13:54 -0300] "GET /cormun/static/Resources/PXToolsButtonBackground2.png HTTP/1.1" 200 1181
200.112.1.65 - - [15/Mar/2018:13:13:54 -0300] "GET /cormun/static/Resources/PXToolsLoginBottom.png HTTP/1.1" 200 1389
200.112.1.65 - - [15/Mar/2018:13:13:54 -0300] "GET /cormun/static/Resources/indicator.gif HTTP/1.1" 200 1553
200.112.1.65 - - [15/Mar/2018:13:13:55 -0300] "GET /cormun/static/Resources/PXToolsButtonRight21.png HTTP/1.1" 200 1283
200.112.1.65 - - [15/Mar/2018:13:13:55 -0300] "GET /cormun/static/Resources/PXToolsButtonBackground2.png HTTP/1.1" 200 1181
200.112.1.65 - - [15/Mar/2018:13:13:55 -0300] "GET /cormun/static/Resources/PXToolsLoginBottom.png HTTP/1.1" 200 1389
200.112.1.65 - - [15/Mar/2018:13:13:55 -0300] "GET /cormun/static/Resources/indicator.gif HTTP/1.1" 200 1553
200.112.1.65 - - [15/Mar/2018:13:13:57 -0300] "GET /favicon.ico HTTP/1.1" 200 21630
186.103.159.187 - - [15/Mar/2018:13:14:34 -0300] "POST /cormun/servlet/trsolicitudot?16d749b34e72f433b2d7b71c48560ead,gx-no-cache=1521134116119 HTTP/1.1" 200 4468
186.103.159.187 - - [15/Mar/2018:13:14:34 -0300] "GET /cormun/static/Shared/jqueryui/images/ui-bg_highlight-soft_100_c6c2c8_1x100.png HTTP/1.1" 404 1117
186.103.159.187 - - [15/Mar/2018:13:14:34 -0300] "GET /cormun/static/Shared/jqueryui/images/ui-icons_82798d_256x240.png HTTP/1.1" 404 1089
186.103.159.187 - - [15/Mar/2018:13:14:34 -0300] "GET /cormun/static/Shared/jqueryui/images/ui-bg_flat_55_fafafa_40x100.png HTTP/1.1" 404 1097
186.103.159.187 - - [15/Mar/2018:13:14:34 -0300] "GET /cormun/static/Shared/jqueryui/images/ui-icons_8d78a5_256x240.png HTTP/1.1" 404 1089
186.103.159.187 - - [15/Mar/2018:13:14:34 -0300] "POST /cormun/servlet/trsolicitudot?16d749b34e72f433b2d7b71c48560ead,gx-no-cache=1521134116718 HTTP/1.1" 200 4254
186.103.159.187 - - [15/Mar/2018:13:14:44 -0300] "GET /cormun/servlet/hlogin HTTP/1.1" 200 1736
186.103.159.187 - - [15/Mar/2018:13:14:52 -0300] "POST /cormun/servlet/hlogin?16d749b34e72f433b2d7b71c48560ead,gx-no-cache=1521134134542 HTTP/1.1" 200 446
192.168.10.97 - - [15/Mar/2018:13:14:55 -0300] "POST /cormun/servlet/trsolicitudgral?5cd510895364d93b725a37e265dff387,,gx-no-cache=1521130450083 HTTP/1.1" 200 6127
186.103.159.187 - - [15/Mar/2018:13:14:57 -0300] "POST /cormun/servlet/hlogin?16d749b34e72f433b2d7b71c48560ead,gx-no-cache=1521134139248 HTTP/1.1" 200 90
186.103.159.187 - - [15/Mar/2018:13:14:57 -0300] "GET /cormun/servlet/hpexe_link HTTP/1.1" 200 950
186.103.159.187 - - [15/Mar/2018:13:14:57 -0300] "GET /cormun/servlet/hhome HTTP/1.1" 200 4142
186.103.159.187 - - [15/Mar/2018:13:14:58 -0300] "GET /cormun/servlet/hhome HTTP/1.1" 200 4138
186.103.159.187 - - [15/Mar/2018:13:15:06 -0300] "GET /cormun/servlet/trautorizarsolicitud? HTTP/1.1" 200 8586
186.103.159.187 - - [15/Mar/2018:13:15:07 -0300] "GET /cormun/servlet/trautorizarsolicitud? HTTP/1.1" 200 8584
186.103.159.187 - - [15/Mar/2018:13:15:12 -0300] "POST /cormun/servlet/trautorizarsolicitud?16d749b34e72f433b2d7b71c48560ead,,gx-no-cache=1521134154211 HTTP/1.1" 200 4590
186.103.159.187 - - [15/Mar/2018:13:15:12 -0300] "GET /cormun/static/Shared/jqueryui/images/ui-bg_highlight-soft_100_c6c2c8_1x100.png HTTP/1.1" 404 1117
186.103.159.187 - - [15/Mar/2018:13:15:12 -0300] "GET /cormun/static/Shared/jqueryui/images/ui-icons_82798d_256x240.png HTTP/1.1" 404 1089
186.103.159.187 - - [15/Mar/2018:13:15:12 -0300] "GET /cormun/static/Shared/jqueryui/images/ui-bg_flat_55_fafafa_40x100.png HTTP/1.1" 404 1097
186.103.159.187 - - [15/Mar/2018:13:15:12 -0300] "GET /cormun/static/Shared/jqueryui/images/ui-icons_8d78a5_256x240.png HTTP/1.1" 404 1089
186.103.159.187 - - [15/Mar/2018:13:15:12 -0300] "POST /cormun/servlet/trautorizarsolicitud?16d749b34e72f433b2d7b71c48560ead,,gx-no-cache=1521134154651 HTTP/1.1" 200 4373
192.168.10.97 - - [15/Mar/2018:13:15:16 -0300] "POST /cormun/servlet/trsolicitudgral?5cd510895364d93b725a37e265dff387,,gx-no-cache=1521130470309 HTTP/1.1" 200 5927
192.168.10.97 - - [15/Mar/2018:13:15:18 -0300] "POST /cormun/servlet/trsolicitudgral?5cd510895364d93b725a37e265dff387,,gx-no-cache=1521130472530 HTTP/1.1" 200 5928
192.168.10.97 - - [15/Mar/2018:13:15:34 -0300] "POST /cormun/servlet/trsolicitudgral?5cd510895364d93b725a37e265dff387,,gx-no-cache=1521130488972 HTTP/1.1" 200 8109
186.103.156.166 - - [15/Mar/2018:13:16:19 -0300] "POST /cormun/servlet/hlogin?0bde7751fb12533ebca54812fa8be165,gx-no-cache=1521130528763 HTTP/1.1" 440 972
46.101.0.56 - - [15/Mar/2018:13:16:23 -0300] "-" 400 -
192.168.10.97 - - [15/Mar/2018:13:16:26 -0300] "POST /cormun/servlet/trsolicitudgral?5cd510895364d93b725a37e265dff387,,gx-no-cache=1521130540779 HTTP/1.1" 200 6142
186.103.156.166 - - [15/Mar/2018:13:16:29 -0300] "GET /cormun/servlet/hlogin HTTP/1.1" 200 1725
192.168.10.97 - - [15/Mar/2018:13:16:45 -0300] "POST /cormun/servlet/trsolicitudgral?5cd510895364d93b725a37e265dff387,,gx-no-cache=1521130560210 HTTP/1.1" 200 5929
192.168.10.97 - - [15/Mar/2018:13:16:48 -0300] "POST /cormun/servlet/trsolicitudgral?5cd510895364d93b725a37e265dff387,,gx-no-cache=1521130562866 HTTP/1.1" 200 5929
40.77.177.239 - - [15/Mar/2018:13:16:59 -0300] "GET /cormun/static/calendar-system.css?85620 HTTP/1.1" 200 5572
40.77.177.37 - - [15/Mar/2018:13:17:01 -0300] "GET /cormun/static/Resources/Spanish/PXTools.css?1255365 HTTP/1.1" 200 89042
40.77.179.55 - - [15/Mar/2018:13:17:04 -0300] "GET /cormun/static/gxgral.js?85251 HTTP/1.1" 200 384558
40.77.178.0 - - [15/Mar/2018:13:17:05 -0300] "GET /cormun/static/Resources/PXToolsHeaderSecurity.png HTTP/1.1" 200 4166
40.77.178.0 - - [15/Mar/2018:13:17:05 -0300] "GET /cormun/static/Resources/PXToolsHeaderActionsRight.png HTTP/1.1" 200 1201
192.168.10.97 - - [15/Mar/2018:13:18:41 -0300] "POST /cormun/servlet/trsolicitudgral?5cd510895364d93b725a37e265dff387,,gx-no-cache=1521130675420 HTTP/1.1" 200 5929
192.168.10.97 - - [15/Mar/2018:13:18:46 -0300] "POST /cormun/servlet/trsolicitudgral?5cd510895364d93b725a37e265dff387,,gx-no-cache=1521130680345 HTTP/1.1" 200 5928
186.67.203.186 - - [15/Mar/2018:13:19:04 -0300] "GET /cormun/servlet/trsolicitudot? HTTP/1.1" 200 6397
186.67.203.186 - - [15/Mar/2018:13:19:05 -0300] "GET /cormun/servlet/trsolicitudot? HTTP/1.1" 200 6397
200.72.197.82 - - [15/Mar/2018:13:19:05 -0300] "GET /cormun/servlet/hlogin HTTP/1.1" 200 1740
186.67.164.142 - - [15/Mar/2018:13:19:05 -0300] "GET /cormun/servlet/trlicencias? HTTP/1.1" 200 11443
186.67.164.142 - - [15/Mar/2018:13:19:06 -0300] "GET /cormun/servlet/trlicencias? HTTP/1.1" 200 11426
192.168.10.97 - - [15/Mar/2018:13:19:07 -0300] "GET /cormun/servlet/trsolicitudgral? HTTP/1.1" 200 9059
192.168.10.97 - - [15/Mar/2018:13:19:07 -0300] "GET /cormun/servlet/trsolicitudgral? HTTP/1.1" 200 9059
192.168.10.97 - - [15/Mar/2018:13:19:12 -0300] "POST /cormun/servlet/trsolicitudgral?5cd510895364d93b725a37e265dff387,,gx-no-cache=1521130706298 HTTP/1.1" 200 5930
200.72.197.82 - - [15/Mar/2018:13:19:13 -0300] "POST /cormun/servlet/hlogin?801ae4ecfc593def260ab54a7073c5aa,gx-no-cache=1521130701112 HTTP/1.1" 200 90
200.72.197.82 - - [15/Mar/2018:13:19:13 -0300] "GET /cormun/servlet/hpexe_link HTTP/1.1" 200 960
200.72.197.82 - - [15/Mar/2018:13:19:13 -0300] "GET /cormun/servlet/trsolicitudot HTTP/1.1" 200 7262
200.72.197.82 - - [15/Mar/2018:13:19:14 -0300] "GET /cormun/servlet/trsolicitudot HTTP/1.1" 200 7261
192.168.10.97 - - [15/Mar/2018:13:19:16 -0300] "GET /cormun/servlet/trsolicitudgral? HTTP/1.1" 200 9059
192.168.10.97 - - [15/Mar/2018:13:19:17 -0300] "GET /cormun/servlet/trsolicitudgral? HTTP/1.1" 200 9059
200.72.197.82 - - [15/Mar/2018:13:19:17 -0300] "GET /cormun/static/menuarrow.gif HTTP/1.1" 404 1015
192.168.10.97 - - [15/Mar/2018:13:19:23 -0300] "GET /cormun/servlet/trcoordinadores? HTTP/1.1" 200 7606
192.168.10.97 - - [15/Mar/2018:13:19:23 -0300] "GET /cormun/static/gxcfg.js?20182817343370 HTTP/1.1" 304 -
192.168.10.97 - - [15/Mar/2018:13:19:23 -0300] "GET /cormun/static/trcoordinadores.js?20182817343662 HTTP/1.1" 304 -
192.168.10.97 - - [15/Mar/2018:13:19:24 -0300] "GET /cormun/servlet/trcoordinadores? HTTP/1.1" 200 7605
200.72.197.82 - - [15/Mar/2018:13:19:30 -0300] "POST /cormun/servlet/trsolicitudot?801ae4ecfc593def260ab54a7073c5aa,gx-no-cache=1521130714176 HTTP/1.1" 200 5953
200.72.197.82 - - [15/Mar/2018:13:19:37 -0300] "POST /cormun/servlet/trsolicitudot?801ae4ecfc593def260ab54a7073c5aa,gx-no-cache=1521130724024 HTTP/1.1" 200 5931
200.72.197.82 - - [15/Mar/2018:13:19:39 -0300] "POST /cormun/servlet/trsolicitudot?801ae4ecfc593def260ab54a7073c5aa,gx-no-cache=1521130726356 HTTP/1.1" 200 5931
200.72.197.82 - - [15/Mar/2018:13:19:52 -0300] "POST /cormun/servlet/trsolicitudot?801ae4ecfc593def260ab54a7073c5aa,gx-no-cache=1521130739441 HTTP/1.1" 200 6591
186.67.203.186 - - [15/Mar/2018:13:20:30 -0300] "POST /cormun/servlet/trsolicitudot?801ae4ecfc593def260ab54a7073c5aa,gx-no-cache=1521130777497 HTTP/1.1" 200 5954
200.72.197.82 - - [15/Mar/2018:13:21:23 -0300] "POST /cormun/servlet/trautorizarsolicitud?2cd0c105ff20a9137b0a4911b5880c8d,,gx-no-cache=1521130830067 HTTP/1.1" 200 6078
200.111.122.170 - - [15/Mar/2018:13:22:35 -0300] "POST /cormun/servlet/trautorizarsolicitud?2cd0c105ff20a9137b0a4911b5880c8d,,gx-no-cache=1521130901898 HTTP/1.1" 200 4416
200.111.122.170 - - [15/Mar/2018:13:22:37 -0300] "POST /cormun/servlet/trautorizarsolicitud?2cd0c105ff20a9137b0a4911b5880c8d,,gx-no-cache=1521130903858 HTTP/1.1" 200 4417
186.67.203.186 - - [15/Mar/2018:13:22:49 -0300] "POST /cormun/servlet/trautorizarsolicitud?2cd0c105ff20a9137b0a4911b5880c8d,,gx-no-cache=1521130915834 HTTP/1.1" 200 5775
192.168.10.89 - - [15/Mar/2018:13:22:49 -0300] "POST /cormun/servlet/trsolicitudgral?00b34b3f687d2081ccd77bdf139e2031,,gx-no-cache=1521130805659 HTTP/1.1" 440 972
192.168.10.89 - - [15/Mar/2018:13:22:51 -0300] "GET /cormun/servlet/trsolicitudgral? HTTP/1.1" 500 10
