200.86.95.220 - - [15/Mar/2018:15:26:39 -0300] "GET /cormun/servlet/permisogoce?INS,0,,, HTTP/1.1" 200 6783
186.103.156.24 - - [15/Mar/2018:15:26:43 -0300] "POST /cormun/servlet/trautorizarsolicitud?7ad18f7932d43e93f44e9e663501e863,gx-no-cache=1521138352010 HTTP/1.1" 200 6047
200.86.95.220 - - [15/Mar/2018:15:26:45 -0300] "GET /cormun/servlet/permisogoce?6ef56d940a6832cf7dcc742e2f8b010a4c7addb49a6f50f4b18a60056907f7876b388903716865282de12796f08cddc4,gx-no-cache=1521138357486 HTTP/1.1" 200 175
200.86.95.220 - - [15/Mar/2018:15:26:46 -0300] "GET /cormun/static/Shared/jqueryui/images/ui-bg_highlight-soft_100_c6c2c8_1x100.png HTTP/1.1" 404 1117
200.86.95.220 - - [15/Mar/2018:15:26:46 -0300] "GET /cormun/static/Shared/jqueryui/images/ui-icons_82798d_256x240.png HTTP/1.1" 404 1089
200.86.95.220 - - [15/Mar/2018:15:26:46 -0300] "GET /cormun/static/Shared/jqueryui/images/ui-bg_flat_55_994d53_40x100.png HTTP/1.1" 404 1097
200.86.95.220 - - [15/Mar/2018:15:26:46 -0300] "GET /cormun/static/Shared/jqueryui/images/ui-icons_ebccce_256x240.png HTTP/1.1" 404 1089
186.103.156.24 - - [15/Mar/2018:15:26:50 -0300] "POST /cormun/servlet/trautorizarsolicitud?7ad18f7932d43e93f44e9e663501e863,gx-no-cache=1521138359131 HTTP/1.1" 200 6060
186.103.156.24 - - [15/Mar/2018:15:26:50 -0300] "GET /cormun/static/Shared/jqueryui/images/ui-icons_82798d_256x240.png HTTP/1.1" 404 1089
186.103.156.24 - - [15/Mar/2018:15:26:50 -0300] "GET /cormun/static/Shared/jqueryui/images/ui-bg_highlight-soft_100_c6c2c8_1x100.png HTTP/1.1" 404 1117
186.103.156.24 - - [15/Mar/2018:15:26:50 -0300] "GET /cormun/static/Shared/jqueryui/images/ui-bg_flat_55_fafafa_40x100.png HTTP/1.1" 404 1097
186.103.156.24 - - [15/Mar/2018:15:26:50 -0300] "GET /cormun/static/Shared/jqueryui/images/ui-icons_8d78a5_256x240.png HTTP/1.1" 404 1089
186.103.156.24 - - [15/Mar/2018:15:26:54 -0300] "POST /cormun/servlet/trautorizarsolicitud?7ad18f7932d43e93f44e9e663501e863,gx-no-cache=1521138363576 HTTP/1.1" 200 6061
186.103.156.24 - - [15/Mar/2018:15:27:08 -0300] "POST /cormun/servlet/trautorizarsolicitud?7ad18f7932d43e93f44e9e663501e863,gx-no-cache=1521138377800 HTTP/1.1" 200 4119
186.103.156.24 - - [15/Mar/2018:15:27:10 -0300] "POST /cormun/servlet/trautorizarsolicitud?7ad18f7932d43e93f44e9e663501e863,gx-no-cache=1521138379975 HTTP/1.1" 200 4119
200.86.95.220 - - [15/Mar/2018:15:27:13 -0300] "GET /cormun/servlet/permisogoce?6ef56d940a6832cf7dcc742e2f8b010a4c7addb49a6f50f4b18a60056907f7876b388903716865282de12796f08cddc4,gx-no-cache=1521138384853 HTTP/1.1" 200 175
186.103.156.24 - - [15/Mar/2018:15:27:18 -0300] "POST /cormun/servlet/trautorizarsolicitud?7ad18f7932d43e93f44e9e663501e863,gx-no-cache=1521138387399 HTTP/1.1" 200 4124
186.103.156.24 - - [15/Mar/2018:15:27:28 -0300] "POST /cormun/servlet/trautorizarsolicitud?7ad18f7932d43e93f44e9e663501e863,gx-no-cache=1521138396870 HTTP/1.1" 200 6311
186.103.159.230 - - [15/Mar/2018:15:27:29 -0300] "GET /cormun/servlet/hlogin HTTP/1.1" 200 1726
186.103.159.230 - - [15/Mar/2018:15:27:29 -0300] "GET /cormun/static/gxcfg.js?20175251213516 HTTP/1.1" 200 953
186.103.159.230 - - [15/Mar/2018:15:27:29 -0300] "GET /cormun/static/gxtimezone.js?85251 HTTP/1.1" 200 5781
186.103.159.230 - - [15/Mar/2018:15:27:29 -0300] "GET /cormun/static/Resources/Spanish/PXTools.css?11423723 HTTP/1.1" 200 89042
186.103.159.230 - - [15/Mar/2018:15:27:30 -0300] "GET /cormun/static/messages.spa.js?85251 HTTP/1.1" 200 30736
186.103.159.230 - - [15/Mar/2018:15:27:30 -0300] "GET /cormun/static/gxgral.js?85251 HTTP/1.1" 200 384558
186.103.159.230 - - [15/Mar/2018:15:27:30 -0300] "GET /cormun/static/hlogin.js?20175251213537 HTTP/1.1" 200 2136
186.103.159.230 - - [15/Mar/2018:15:27:30 -0300] "GET /cormun/static/Resources/PXToolsLoginTop.png HTTP/1.1" 200 1337
186.103.159.230 - - [15/Mar/2018:15:27:30 -0300] "GET /cormun/static/Resources/PXToolsButtonLeft21.png HTTP/1.1" 200 1287
186.103.159.230 - - [15/Mar/2018:15:27:30 -0300] "GET /cormun/static/Resources/PXToolsLoginBackground.png HTTP/1.1" 200 1164
186.103.159.230 - - [15/Mar/2018:15:27:30 -0300] "GET /cormun/static/Resources/PXToolsButtonRight21.png HTTP/1.1" 200 1283
186.103.159.230 - - [15/Mar/2018:15:27:30 -0300] "GET /cormun/static/Resources/PXToolsLoginBottom.png HTTP/1.1" 200 1389
186.103.159.230 - - [15/Mar/2018:15:27:30 -0300] "GET /cormun/static/Resources/PXToolsButtonBackground2.png HTTP/1.1" 200 1181
186.103.159.230 - - [15/Mar/2018:15:27:30 -0300] "GET /cormun/servlet/hlogin HTTP/1.1" 200 1732
186.103.159.230 - - [15/Mar/2018:15:27:30 -0300] "GET /cormun/static/Resources/indicator.gif HTTP/1.1" 200 1553
186.103.159.230 - - [15/Mar/2018:15:27:30 -0300] "GET /cormun/static/Resources/indicator.gif HTTP/1.1" 200 1553
186.103.159.230 - - [15/Mar/2018:15:27:31 -0300] "GET /cormun/static/Resources/ComunLogin.png HTTP/1.1" 200 17326
186.103.159.230 - - [15/Mar/2018:15:27:31 -0300] "GET /cormun/static/Resources/ComunLogin.png HTTP/1.1" 200 17326
186.103.159.230 - - [15/Mar/2018:15:27:31 -0300] "GET /favicon.ico HTTP/1.1" 200 21630
186.103.159.230 - - [15/Mar/2018:15:27:52 -0300] "POST /cormun/servlet/hlogin?e6b3432951bf4f28f31fd3aa00847726,gx-no-cache=1521138428907 HTTP/1.1" 200 90
186.103.159.230 - - [15/Mar/2018:15:27:52 -0300] "GET /cormun/servlet/hpexe_link HTTP/1.1" 200 954
186.103.159.230 - - [15/Mar/2018:15:27:52 -0300] "GET /cormun/static/gxcfg.js?20177612121792 HTTP/1.1" 200 953
186.103.159.230 - - [15/Mar/2018:15:27:52 -0300] "GET /cormun/static/hpexe_link.js?20177612121795 HTTP/1.1" 200 625
186.103.159.230 - - [15/Mar/2018:15:27:53 -0300] "GET /cormun/static/Resources/Spanish/PXTools.css?1155365 HTTP/1.1" 200 89042
186.103.159.230 - - [15/Mar/2018:15:27:53 -0300] "GET /cormun/servlet/hhome HTTP/1.1" 200 4154
186.103.159.230 - - [15/Mar/2018:15:27:53 -0300] "GET /cormun/static/Shared/jqueryui/jquery-ui.min.css?1245370 HTTP/1.1" 200 30288
186.103.159.230 - - [15/Mar/2018:15:27:53 -0300] "GET /cormun/static/SmoothNavMenu/resources/ddsmoothmenu-v.css?1012540 HTTP/1.1" 200 1188
186.103.159.230 - - [15/Mar/2018:15:27:53 -0300] "GET /cormun/static/SmoothNavMenu/resources/ddsmoothmenu.css?1012540 HTTP/1.1" 200 2223
186.103.159.230 - - [15/Mar/2018:15:27:53 -0300] "GET /cormun/static/scaMessage/css/jquery.pnotify.default.css?1716380 HTTP/1.1" 200 1707
186.103.159.230 - - [15/Mar/2018:15:27:53 -0300] "GET /cormun/static/gxcfg.js?20175251212442 HTTP/1.1" 200 953
186.103.159.230 - - [15/Mar/2018:15:27:53 -0300] "GET /cormun/static/PXToolsJavascripts/pexe_autoreload.js HTTP/1.1" 200 1762
186.103.159.230 - - [15/Mar/2018:15:27:53 -0300] "GET /cormun/static/PXToolsJavascripts/pexe_cookies.js HTTP/1.1" 200 792
186.103.159.230 - - [15/Mar/2018:15:27:53 -0300] "GET /cormun/static/PXToolsJavascripts/pexe_windows.js HTTP/1.1" 200 15207
186.103.159.230 - - [15/Mar/2018:15:27:53 -0300] "GET /cormun/static/PXToolsJavascripts/pexe_grid.js HTTP/1.1" 200 7559
186.103.159.230 - - [15/Mar/2018:15:27:53 -0300] "GET /cormun/static/PXToolsJavascripts/pexe_griddivfix.js HTTP/1.1" 200 6644
186.103.159.230 - - [15/Mar/2018:15:27:53 -0300] "GET /cormun/static/PXToolsJavascripts/pexe_link.js HTTP/1.1" 200 5671
186.103.159.230 - - [15/Mar/2018:15:27:53 -0300] "GET /cormun/static/PXToolsJavascripts/pexe_menudivfix.js HTTP/1.1" 200 333
186.103.159.230 - - [15/Mar/2018:15:27:53 -0300] "GET /cormun/static/PXToolsJavascripts/pexe_menus.js HTTP/1.1" 200 1286
186.103.159.230 - - [15/Mar/2018:15:27:53 -0300] "GET /cormun/static/PXToolsJavascripts/pexe_layers.js HTTP/1.1" 200 4114
186.103.159.230 - - [15/Mar/2018:15:27:53 -0300] "GET /cormun/static/PXToolsJavascripts/pexe_oav.js HTTP/1.1" 200 645
186.103.159.230 - - [15/Mar/2018:15:27:53 -0300] "GET /cormun/static/PXToolsJavascripts/pexe_oavdivfix.js HTTP/1.1" 200 639
186.103.159.230 - - [15/Mar/2018:15:27:53 -0300] "GET /cormun/static/PXToolsJavascripts/pexe_popup.js HTTP/1.1" 200 13458
186.103.159.230 - - [15/Mar/2018:15:27:53 -0300] "GET /cormun/static/PXToolsJavascripts/pexe_scrolldiv.js HTTP/1.1" 200 4138
186.103.159.230 - - [15/Mar/2018:15:27:53 -0300] "GET /cormun/static/PXToolsJavascripts/pexe_tabdivfix.js HTTP/1.1" 200 876
186.103.159.230 - - [15/Mar/2018:15:27:53 -0300] "GET /cormun/static/PXToolsJavascripts/pexe_tabs.js HTTP/1.1" 200 3748
186.103.159.230 - - [15/Mar/2018:15:27:53 -0300] "GET /cormun/static/PXToolsJavascripts/pexe_upload.js HTTP/1.1" 200 1423
186.103.159.230 - - [15/Mar/2018:15:27:53 -0300] "GET /cormun/static/PXToolsJavascripts/PXToolsJavascriptsRender.js HTTP/1.1" 200 367
186.103.159.230 - - [15/Mar/2018:15:27:53 -0300] "GET /cormun/static/RunJS/RunJS.js HTTP/1.1" 200 288
186.103.159.230 - - [15/Mar/2018:15:27:53 -0300] "GET /cormun/static/PXToolsJavascripts/pexe_picture.js HTTP/1.1" 200 689
186.103.159.230 - - [15/Mar/2018:15:27:54 -0300] "GET /cormun/static/Shared/ext/locale/ext-lang-en.js HTTP/1.1" 200 10940
186.103.159.230 - - [15/Mar/2018:15:27:54 -0300] "GET /cormun/static/hhome.js?20175251212450 HTTP/1.1" 200 777
186.103.159.230 - - [15/Mar/2018:15:27:54 -0300] "GET /cormun/static/hwchdr01.js?201752511465785 HTTP/1.1" 200 1183
186.103.159.230 - - [15/Mar/2018:15:27:54 -0300] "GET /cormun/static/Resources/PXToolsHeaderBackground2.png HTTP/1.1" 200 1174
186.103.159.230 - - [15/Mar/2018:15:27:54 -0300] "GET /cormun/static/Resources/PXToolsDataTitle.png HTTP/1.1" 200 1173
186.103.159.230 - - [15/Mar/2018:15:27:54 -0300] "GET /cormun/static/Resources/PXToolsFooterBackground2.png HTTP/1.1" 200 1172
186.103.159.230 - - [15/Mar/2018:15:27:54 -0300] "GET /cormun/static/Resources/PXToolsHeaderActionsBackground.png HTTP/1.1" 200 484
186.103.159.230 - - [15/Mar/2018:15:27:54 -0300] "GET /cormun/static/Resources/logo4.png HTTP/1.1" 200 6582
186.103.159.230 - - [15/Mar/2018:15:27:54 -0300] "GET /cormun/static/Resources/PXToolsHeaderPreferences.png HTTP/1.1" 200 4189
186.103.159.230 - - [15/Mar/2018:15:27:54 -0300] "GET /cormun/static/Resources/PXToolsHeaderHome.png HTTP/1.1" 200 4147
186.103.159.230 - - [15/Mar/2018:15:27:54 -0300] "GET /cormun/static/Resources/PXToolsHeaderLogin.png HTTP/1.1" 200 4279
186.103.159.230 - - [15/Mar/2018:15:27:54 -0300] "GET /cormun/static/Resources/PXToolsHeaderActionsRight.png HTTP/1.1" 200 1201
186.103.159.230 - - [15/Mar/2018:15:27:54 -0300] "GET /cormun/static/Resources/PXToolsHeaderActionsLeft.png HTTP/1.1" 200 1118
186.103.159.230 - - [15/Mar/2018:15:27:54 -0300] "GET /cormun/static/hpexe_recentlink.js?20177611595044 HTTP/1.1" 200 2144
186.103.159.230 - - [15/Mar/2018:15:27:54 -0300] "GET /cormun/static/hpexe_scripts.js?201752511465715 HTTP/1.1" 200 1544
186.103.159.230 - - [15/Mar/2018:15:27:54 -0300] "GET /cormun/static/hpexe_messagecontroller.js?20177611595012 HTTP/1.1" 200 870
186.103.159.230 - - [15/Mar/2018:15:27:54 -0300] "GET /cormun/static/hpexe_messagepopupcomponent.js?20161017169425 HTTP/1.1" 200 605
186.103.159.230 - - [15/Mar/2018:15:27:54 -0300] "GET /cormun/static/cmcontrolpreferences.js?201752511465670 HTTP/1.1" 200 1375
186.103.159.230 - - [15/Mar/2018:15:27:54 -0300] "GET /cormun/static/Resources/PXToolsHeaderSecurity.png HTTP/1.1" 200 4166
186.103.159.230 - - [15/Mar/2018:15:27:54 -0300] "GET /cormun/static/gxui/gxui-all.js HTTP/1.1" 200 107772
186.103.159.230 - - [15/Mar/2018:15:27:54 -0300] "GET /cormun/static/hpexe_messagegenexuscomponent.js?201752511465344 HTTP/1.1" 200 587
186.103.159.230 - - [15/Mar/2018:15:27:54 -0300] "GET /cormun/static/SmoothNavMenu/resources/ddsmoothmenu.js HTTP/1.1" 200 12712
186.103.159.230 - - [15/Mar/2018:15:27:54 -0300] "GET /cormun/static/Shared/jquery/jquery-1.4.2.min.js HTTP/1.1" 200 72174
186.103.159.230 - - [15/Mar/2018:15:27:54 -0300] "GET /cormun/static/SmoothNavMenu/resources/SmoothNavMenuRender.js HTTP/1.1" 200 5951
186.103.159.230 - - [15/Mar/2018:15:27:54 -0300] "GET /cormun/static/Shared/ext/ext-all.js HTTP/1.1" 200 1289687
186.103.159.230 - - [15/Mar/2018:15:27:54 -0300] "GET /cormun/static/scaMessage/js/jquery.pnotify.min.js HTTP/1.1" 200 13038
186.103.159.230 - - [15/Mar/2018:15:27:54 -0300] "GET /cormun/static/scaMessage/scaMessageRender.js HTTP/1.1" 200 11977
186.103.159.230 - - [15/Mar/2018:15:27:55 -0300] "GET /cormun/static/Shared/jquery/jquery-1.10.2.min.js HTTP/1.1" 200 273199
186.103.159.230 - - [15/Mar/2018:15:27:55 -0300] "GET /cormun/static/hmpwkw03.js?20177612122668 HTTP/1.1" 200 3965
186.103.159.230 - - [15/Mar/2018:15:27:55 -0300] "GET /cormun/static/Shared/jqueryui/jquery-ui.min.js HTTP/1.1" 200 240427
186.103.159.230 - - [15/Mar/2018:15:27:56 -0300] "GET /cormun/servlet/hhome HTTP/1.1" 200 4150
186.103.159.230 - - [15/Mar/2018:15:27:56 -0300] "GET /cormun/static/SmoothNavMenu/resources/images/down.gif HTTP/1.1" 200 854
186.103.159.230 - - [15/Mar/2018:15:27:56 -0300] "GET /cormun/static/SmoothNavMenu/resources/images/right.gif HTTP/1.1" 200 860
186.103.159.230 - - [15/Mar/2018:15:28:06 -0300] "GET /cormun/servlet/trlicencias? HTTP/1.1" 200 8525
186.103.159.230 - - [15/Mar/2018:15:28:06 -0300] "GET /cormun/static/calendar-system.css?75620 HTTP/1.1" 200 5572
186.103.159.230 - - [15/Mar/2018:15:28:06 -0300] "GET /cormun/static/gxui/gxui-all.css?110300 HTTP/1.1" 200 2179
186.103.159.230 - - [15/Mar/2018:15:28:06 -0300] "GET /cormun/static/gxcfg.js?20176272054169 HTTP/1.1" 200 953
186.103.159.230 - - [15/Mar/2018:15:28:06 -0300] "GET /cormun/static/calendar.js?85251 HTTP/1.1" 200 26246
186.103.159.230 - - [15/Mar/2018:15:28:06 -0300] "GET /cormun/static/calendar-setup.js?85251 HTTP/1.1" 200 2588
186.103.159.230 - - [15/Mar/2018:15:28:06 -0300] "GET /cormun/static/calendar-es.js?85251 HTTP/1.1" 200 1901
186.103.159.230 - - [15/Mar/2018:15:28:07 -0300] "GET /cormun/static/Resources/Spanish/PXTools.css?17315867 HTTP/1.1" 200 89042
186.103.159.230 - - [15/Mar/2018:15:28:07 -0300] "GET /cormun/static/gxdec.js?85251 HTTP/1.1" 200 19579
186.103.159.230 - - [15/Mar/2018:15:28:07 -0300] "GET /cormun/static/Shared/ext/resources/css/ext-all.css?205870 HTTP/1.1" 200 416045
186.103.159.230 - - [15/Mar/2018:15:28:07 -0300] "GET /cormun/static/trlicencias.js?20176272054837 HTTP/1.1" 200 41883
186.103.159.230 - - [15/Mar/2018:15:28:07 -0300] "GET /cormun/static/Resources/PXTools/calendar.png HTTP/1.1" 200 1306
186.103.159.230 - - [15/Mar/2018:15:28:07 -0300] "GET /cormun/static/Resources/PXToolsDataSearch.png HTTP/1.1" 200 419
186.103.159.230 - - [15/Mar/2018:15:28:07 -0300] "GET /cormun/static/Resources/PXToolsGridFirstDisabled.gif HTTP/1.1" 200 100
186.103.159.230 - - [15/Mar/2018:15:28:07 -0300] "GET /cormun/static/Resources/PXToolsGridPreviousDisabled.gif HTTP/1.1" 200 90
186.103.159.230 - - [15/Mar/2018:15:28:07 -0300] "GET /cormun/static/Resources/PXToolsGridNextDisabled.gif HTTP/1.1" 200 90
186.103.159.230 - - [15/Mar/2018:15:28:07 -0300] "GET /cormun/static/Resources/PXToolsGridLastDisabled.gif HTTP/1.1" 200 98
186.103.159.230 - - [15/Mar/2018:15:28:07 -0300] "GET /cormun/static/Resources/PXToolsGridPage.gif HTTP/1.1" 200 725
186.103.159.230 - - [15/Mar/2018:15:28:07 -0300] "GET /cormun/static/Resources/PXToolsActionExcel.png HTTP/1.1" 200 3187
186.103.159.230 - - [15/Mar/2018:15:28:07 -0300] "GET /cormun/static/Resources/PXToolsGridNew.png HTTP/1.1" 200 2949
186.103.159.230 - - [15/Mar/2018:15:28:07 -0300] "GET /cormun//static/Resources/PXTools/ActionInsert.png HTTP/1.1" 200 1482
186.103.159.230 - - [15/Mar/2018:15:28:08 -0300] "GET /cormun/static/Resources/asc.gif HTTP/1.1" 200 67
186.103.159.230 - - [15/Mar/2018:15:28:08 -0300] "GET /cormun//static/Resources/PXToolsGridDisplay.png HTTP/1.1" 200 362
186.103.159.230 - - [15/Mar/2018:15:28:08 -0300] "GET /cormun/static/Resources/desc.gif HTTP/1.1" 200 65
186.103.159.230 - - [15/Mar/2018:15:28:08 -0300] "GET /cormun//static/Resources/PXToolsActionDisabled.gif HTTP/1.1" 200 53
186.103.159.230 - - [15/Mar/2018:15:28:08 -0300] "GET /cormun//static/Resources/PXToolsHeaderHelp.png HTTP/1.1" 200 4055
186.103.159.230 - - [15/Mar/2018:15:28:08 -0300] "GET /cormun/servlet/trlicencias? HTTP/1.1" 200 8522
186.103.159.230 - - [15/Mar/2018:15:28:08 -0300] "GET /cormun//static/Resources/PXToolsActionPrint.png HTTP/1.1" 200 3317
186.103.159.230 - - [15/Mar/2018:15:28:08 -0300] "GET /cormun//static/Resources/PXToolsHeaderFavorites.png HTTP/1.1" 200 2744
186.103.159.230 - - [15/Mar/2018:15:28:08 -0300] "GET /cormun/static/Shared/ext/resources/themes/images/default/tools/tool-sprites.gif HTTP/1.1" 200 5434
186.103.159.230 - - [15/Mar/2018:15:28:08 -0300] "GET /cormun/static/Shared/ext/resources/themes/images/default/panel/bg-headersPanel.png HTTP/1.1" 200 255
186.103.159.230 - - [15/Mar/2018:15:28:24 -0300] "GET /cormun/servlet/licenciaspermisos?INS,0,,, HTTP/1.1" 200 7683
186.103.159.230 - - [15/Mar/2018:15:28:24 -0300] "GET /cormun/static/gxcfg.js?201762917281167 HTTP/1.1" 200 953
186.103.159.230 - - [15/Mar/2018:15:28:24 -0300] "GET /cormun/static/Resources/prompt.gif HTTP/1.1" 200 902
186.103.159.230 - - [15/Mar/2018:15:28:24 -0300] "GET /cormun/static/licenciaspermisos.js?201762917281260 HTTP/1.1" 200 37491
186.103.159.230 - - [15/Mar/2018:15:28:24 -0300] "GET /cormun/servlet/licenciaspermisos?INS,0,,, HTTP/1.1" 200 7691
186.103.156.24 - - [15/Mar/2018:15:28:25 -0300] "POST /cormun/servlet/trautorizarsolicitud?7ad18f7932d43e93f44e9e663501e863,gx-no-cache=1521138454431 HTTP/1.1" 200 4123
186.103.156.24 - - [15/Mar/2018:15:28:39 -0300] "POST /cormun/servlet/trautorizarsolicitud?7ad18f7932d43e93f44e9e663501e863,gx-no-cache=1521138467959 HTTP/1.1" 200 4124
186.103.159.230 - - [15/Mar/2018:15:28:41 -0300] "GET /cormun/static/Resources/resize.gif HTTP/1.1" 200 77
186.103.159.230 - - [15/Mar/2018:15:28:42 -0300] "GET /cormun/servlet/prfichaempleado?,MD,,gxPopupLevel%3D0%3B HTTP/1.1" 200 9306
186.103.159.230 - - [15/Mar/2018:15:28:42 -0300] "GET /cormun/static/gxcfg.js?20177612134814 HTTP/1.1" 200 953
186.103.159.230 - - [15/Mar/2018:15:28:42 -0300] "GET /cormun/static/Resources/PXToolsMenuSearch.png HTTP/1.1" 200 2914
186.103.159.230 - - [15/Mar/2018:15:28:42 -0300] "GET /cormun/static/menusearch.js?201610171694467 HTTP/1.1" 200 1424
186.103.159.230 - - [15/Mar/2018:15:28:42 -0300] "GET /cormun/static/hmpwkw011.js?20177612121862 HTTP/1.1" 200 1968
186.103.159.230 - - [15/Mar/2018:15:28:42 -0300] "GET /cormun/static/Resources/PXToolsMenuSearchCancel.png HTTP/1.1" 200 2972
186.103.159.230 - - [15/Mar/2018:15:28:42 -0300] "GET /cormun/static/prfichaempleado.js?20177612134999 HTTP/1.1" 200 16006
186.103.159.46 - - [15/Mar/2018:15:28:47 -0300] "POST /cormun/servlet/hlogin?7e21d59f701ba5201d658d9b483fea38,gx-no-cache=1521138475307 HTTP/1.1" 200 90
186.103.159.46 - - [15/Mar/2018:15:28:47 -0300] "GET /cormun/servlet/hpexe_link HTTP/1.1" 200 955
186.103.159.46 - - [15/Mar/2018:15:28:47 -0300] "GET /cormun/servlet/hhome HTTP/1.1" 200 3961
186.103.159.46 - - [15/Mar/2018:15:28:48 -0300] "GET /cormun/servlet/hhome HTTP/1.1" 200 3957
186.103.156.24 - - [15/Mar/2018:15:28:49 -0300] "POST /cormun/servlet/trautorizarsolicitud?7ad18f7932d43e93f44e9e663501e863,gx-no-cache=1521138478295 HTTP/1.1" 200 6048
186.103.159.46 - - [15/Mar/2018:15:28:58 -0300] "GET /cormun/servlet/trsolicitudot? HTTP/1.1" 200 7173
186.103.159.46 - - [15/Mar/2018:15:28:59 -0300] "GET /cormun/servlet/trsolicitudot? HTTP/1.1" 200 7172
186.103.159.46 - - [15/Mar/2018:15:29:03 -0300] "GET /cormun/servlet/solicitudot?INS,0,0, HTTP/1.1" 200 13405
186.103.159.46 - - [15/Mar/2018:15:29:04 -0300] "GET /cormun/servlet/solicitudot?INS,0,0, HTTP/1.1" 200 13410
186.103.159.230 - - [15/Mar/2018:15:29:07 -0300] "POST /cormun/servlet/prfichaempleado?e6b3432951bf4f28f31fd3aa00847726,,MD,,gxPopupLevel%3D0%3B,gx-no-cache=1521138503624 HTTP/1.1" 200 3423
186.103.156.24 - - [15/Mar/2018:15:29:10 -0300] "POST /cormun/servlet/trautorizarsolicitud?7ad18f7932d43e93f44e9e663501e863,gx-no-cache=1521138499223 HTTP/1.1" 200 6059
186.103.159.230 - - [15/Mar/2018:15:29:14 -0300] "GET /cormun/servlet/licenciaspermisos?747bbf24411ba8cb196fe4f0bf8d7b47bb154e297723d4c18eb3fe5bde071f83375d0f2a70aba700ee516f1b465cac7e,gx-no-cache=1521138511548 HTTP/1.1" 200 83
186.103.159.230 - - [15/Mar/2018:15:29:15 -0300] "POST /cormun/servlet/licenciaspermisos?e6b3432951bf4f28f31fd3aa00847726,INS,0,,,,gx-no-cache=1521138511625 HTTP/1.1" 200 4871
186.103.156.24 - - [15/Mar/2018:15:29:15 -0300] "POST /cormun/servlet/trautorizarsolicitud?7ad18f7932d43e93f44e9e663501e863,gx-no-cache=1521138505080 HTTP/1.1" 200 6060
186.103.156.24 - - [15/Mar/2018:15:29:21 -0300] "POST /cormun/servlet/trautorizarsolicitud?7ad18f7932d43e93f44e9e663501e863,gx-no-cache=1521138510351 HTTP/1.1" 200 6060
200.86.95.220 - - [15/Mar/2018:15:29:27 -0300] "POST /cormun/servlet/permisogoce?2ec79609234d459076e1b86ab07de677,INS,0,,,,gx-no-cache=1521138519274 HTTP/1.1" 200 93
200.86.95.220 - - [15/Mar/2018:15:29:27 -0300] "GET /cormun/servlet/hpexe_return? HTTP/1.1" 200 1006
200.86.95.220 - - [15/Mar/2018:15:29:28 -0300] "GET /cormun/servlet/trpermisosgoce HTTP/1.1" 200 8523
200.86.95.220 - - [15/Mar/2018:15:29:29 -0300] "GET /cormun/servlet/trpermisosgoce HTTP/1.1" 200 8519
200.86.95.220 - - [15/Mar/2018:15:29:33 -0300] "GET /cormun/servlet/trpermisosgoce? HTTP/1.1" 200 8519
200.86.95.220 - - [15/Mar/2018:15:29:35 -0300] "GET /cormun/servlet/trpermisosgoce? HTTP/1.1" 200 8519
200.86.95.220 - - [15/Mar/2018:15:29:37 -0300] "GET /cormun/servlet/permisogoce?INS,0,,, HTTP/1.1" 200 6784
200.86.95.220 - - [15/Mar/2018:15:29:38 -0300] "GET /cormun/servlet/permisogoce?INS,0,,, HTTP/1.1" 200 6783
200.86.95.220 - - [15/Mar/2018:15:29:47 -0300] "GET /cormun/servlet/permisogoce?6ef56d940a6832cf7dcc742e2f8b010a4c7addb49a6f50f4b18a60056907f7876b388903716865282de12796f08cddc4,gx-no-cache=1521138538892 HTTP/1.1" 200 175
200.86.95.220 - - [15/Mar/2018:15:29:47 -0300] "GET /cormun/static/Shared/jqueryui/images/ui-bg_highlight-soft_100_c6c2c8_1x100.png HTTP/1.1" 404 1117
200.86.95.220 - - [15/Mar/2018:15:29:47 -0300] "GET /cormun/static/Shared/jqueryui/images/ui-bg_flat_55_994d53_40x100.png HTTP/1.1" 404 1097
200.86.95.220 - - [15/Mar/2018:15:29:47 -0300] "GET /cormun/static/Shared/jqueryui/images/ui-icons_82798d_256x240.png HTTP/1.1" 404 1089
200.86.95.220 - - [15/Mar/2018:15:29:47 -0300] "GET /cormun/static/Shared/jqueryui/images/ui-icons_ebccce_256x240.png HTTP/1.1" 404 1089
186.103.159.46 - - [15/Mar/2018:15:29:56 -0300] "POST /cormun/servlet/solicitudot?gx-no-cache=1521138544646 HTTP/1.1" 200 3284
186.103.159.46 - - [15/Mar/2018:15:29:56 -0300] "POST /cormun/servlet/solicitudot?7e21d59f701ba5201d658d9b483fea38,INS,0,0,,gx-no-cache=1521138544990 HTTP/1.1" 200 10243
200.86.95.220 - - [15/Mar/2018:15:29:59 -0300] "POST /cormun/servlet/permisogoce?2ec79609234d459076e1b86ab07de677,INS,0,,,,gx-no-cache=1521138550569 HTTP/1.1" 200 93
200.86.95.220 - - [15/Mar/2018:15:29:59 -0300] "GET /cormun/servlet/hpexe_return? HTTP/1.1" 200 1006
200.86.95.220 - - [15/Mar/2018:15:29:59 -0300] "GET /cormun/servlet/trpermisosgoce HTTP/1.1" 200 8523
200.86.95.220 - - [15/Mar/2018:15:30:00 -0300] "GET /cormun/servlet/trpermisosgoce HTTP/1.1" 200 8519
186.103.159.46 - - [15/Mar/2018:15:30:15 -0300] "GET /cormun/servlet/solicitudot?f567940cf190d7a18cf2d7d2cc37cc94e7025d46d9007cdf2bbab9e130d01ff816601f42b66ceda0caef294784a94097,gx-no-cache=1521138563198 HTTP/1.1" 200 30
186.103.156.24 - - [15/Mar/2018:15:30:30 -0300] "POST /cormun/servlet/trautorizarsolicitud?7ad18f7932d43e93f44e9e663501e863,gx-no-cache=1521138578800 HTTP/1.1" 200 6060
186.103.159.46 - - [15/Mar/2018:15:31:39 -0300] "GET /cormun/servlet/prbanco?,MD,,gxPopupLevel%3D0%3B HTTP/1.1" 200 6595
186.103.159.46 - - [15/Mar/2018:15:31:39 -0300] "GET /cormun/static/gxcfg.js?20181161016094 HTTP/1.1" 200 953
186.103.159.46 - - [15/Mar/2018:15:31:39 -0300] "GET /cormun/static/prbanco.js?2018116101633 HTTP/1.1" 200 10693
186.103.159.46 - - [15/Mar/2018:15:31:54 -0300] "GET /cormun/servlet/solicitudot?f567940cf190d7a18cf2d7d2cc37cc9468d315e0d7ec1ed028745c538f84e38a,gx-no-cache=1521138662181 HTTP/1.1" 200 94
186.103.159.46 - - [15/Mar/2018:15:31:54 -0300] "GET /cormun/static/Shared/jqueryui/images/ui-bg_highlight-soft_100_c6c2c8_1x100.png HTTP/1.1" 404 1117
186.103.159.46 - - [15/Mar/2018:15:31:54 -0300] "GET /cormun/static/Shared/jqueryui/images/ui-bg_flat_55_994d53_40x100.png HTTP/1.1" 404 1097
186.103.159.46 - - [15/Mar/2018:15:31:54 -0300] "GET /cormun/static/Shared/jqueryui/images/ui-icons_82798d_256x240.png HTTP/1.1" 404 1089
186.103.159.46 - - [15/Mar/2018:15:31:54 -0300] "GET /cormun/static/Shared/jqueryui/images/ui-icons_ebccce_256x240.png HTTP/1.1" 404 1089
186.103.159.46 - - [15/Mar/2018:15:31:56 -0300] "GET /cormun/servlet/solicitudot?f567940cf190d7a18cf2d7d2cc37cc9407446da3aecbec7f419ae5dda522c32f,gx-no-cache=1521138664651 HTTP/1.1" 200 53
192.168.10.96 - - [15/Mar/2018:15:32:06 -0300] "GET /cormun/servlet/vesolicitudgral?2018,10432,,SolicitudOTAdjuntos HTTP/1.1" 200 10042
192.168.10.96 - - [15/Mar/2018:15:32:07 -0300] "GET /cormun/servlet/hlogin HTTP/1.1" 200 1748
192.168.10.96 - - [15/Mar/2018:15:32:07 -0300] "GET /cormun/servlet/vesolicitudgral?2018,10432,,SolicitudOTAdjuntos HTTP/1.1" 200 10048
192.168.10.96 - - [15/Mar/2018:15:32:17 -0300] "POST /cormun/servlet/hlogin?6c2febdf6f1116ba4339f42c8914dd73,gx-no-cache=1521138573093 HTTP/1.1" 200 90
192.168.10.96 - - [15/Mar/2018:15:32:17 -0300] "GET /cormun/servlet/hpexe_link HTTP/1.1" 200 973
192.168.10.96 - - [15/Mar/2018:15:32:17 -0300] "GET /cormun/servlet/vesolicitudgral?2018,10432,,SolicitudOTAdjuntos HTTP/1.1" 200 11342
192.168.10.96 - - [15/Mar/2018:15:32:17 -0300] "GET /cormun/pexe_scrolldiv.js HTTP/1.1" 404 1009
192.168.10.96 - - [15/Mar/2018:15:32:17 -0300] "GET /cormun/pexe_scrolldiv.js HTTP/1.1" 404 1009
186.67.172.234 - - [15/Mar/2018:15:32:18 -0300] "GET /cormun/servlet/hlogin HTTP/1.1" 200 1727
186.67.172.234 - - [15/Mar/2018:15:32:18 -0300] "GET /cormun/static/messages.spa.js?85251 HTTP/1.1" 304 -
192.168.10.96 - - [15/Mar/2018:15:32:18 -0300] "GET /cormun/servlet/vesolicitudgral?2018,10432,,SolicitudOTAdjuntos HTTP/1.1" 200 11349
192.168.10.96 - - [15/Mar/2018:15:32:19 -0300] "POST /cormun/servlet/acontrolpreferencessavestate?None,DZAMUDIO,true HTTP/1.1" 200 35
200.86.95.220 - - [15/Mar/2018:15:32:21 -0300] "GET /cormun/servlet/hlogin HTTP/1.1" 200 1716
200.86.95.220 - - [15/Mar/2018:15:32:31 -0300] "POST /cormun/servlet/hlogin?2ec79609234d459076e1b86ab07de677,gx-no-cache=1521138702665 HTTP/1.1" 200 90
200.86.95.220 - - [15/Mar/2018:15:32:31 -0300] "GET /cormun/servlet/hpexe_link HTTP/1.1" 200 954
200.86.95.220 - - [15/Mar/2018:15:32:31 -0300] "GET /cormun/servlet/trpermisosgoce HTTP/1.1" 200 8520
200.86.95.220 - - [15/Mar/2018:15:32:33 -0300] "GET /cormun/servlet/trpermisosgoce HTTP/1.1" 200 8519
192.168.10.96 - - [15/Mar/2018:15:32:37 -0300] "GET /cormun/servlet/hlogin HTTP/1.1" 200 1748
200.86.95.220 - - [15/Mar/2018:15:32:38 -0300] "GET /cormun/servlet/trpermisosgoce? HTTP/1.1" 200 8519
200.86.95.220 - - [15/Mar/2018:15:32:40 -0300] "GET /cormun/servlet/trpermisosgoce? HTTP/1.1" 200 8519
186.103.159.46 - - [15/Mar/2018:15:32:40 -0300] "GET /cormun/servlet/solicitudot?f567940cf190d7a18cf2d7d2cc37cc94d995006c9c625a2627897e03d89ced72cbc5692e9e534a90796ef86e53e6c9afae11ee21aea557ff2d92df503145cc76,gx-no-cache=1521138707953 HTTP/1.1" 200 30
186.103.159.46 - - [15/Mar/2018:15:32:40 -0300] "POST /cormun/servlet/solicitudot?gx-no-cache=1521138708365 HTTP/1.1" 200 297
186.103.159.46 - - [15/Mar/2018:15:32:40 -0300] "GET /cormun/servlet/solicitudot?f567940cf190d7a18cf2d7d2cc37cc94912b1d1fcb103ea1de3b8c150bf4c25fa14aa557c0fc30acad12b9978c2eac971e34e4fae701bef87859e7751d5cc6e5d8f8608b53ba2f17b21dcf519f119477f173213c5137a6289ac6189a315ea250c81b4f2cfa6273ac3449e03ae4bf3a2165877d3c5b573d6c968c20b18dabb96e1534c110931ba10bf3dd75dc0f50671d0c88bdea8e8927c60a2cc7a79f3597ad2ac8d6a40b36349f7860287be0f26b21e1b910f8a261803fbe74090f0f9d6ea16ab3270ab46897f4786e620e7385b9788b426db74b42adaa7e728567dffeae36b0048220d08413ee7f2bdef79f11ab1498b6caf3e72c60dd86335e7104c0a5baa5fcf733cf1113993ab35d5b8581ca9e1ecc509f94351c689cae8a30a5212bfab13389d881b94dc3863d5be884b0920e3d89b16207d48dc24b8b94d2c80621c9b203f17df1aaea9fad1b21322f6605d1d6e2254a9999de987e9c1f01a05e4a6ab5559f95e85528dbcbb70ce89d456415ef5e0319eb84670a6cbb9fa5178e3681b212bd15c5d38b79fa8aaac96a7e3fef,gx-no-cache=1521138708445 HTTP/1.1" 200 30
200.86.95.220 - - [15/Mar/2018:15:32:42 -0300] "GET /cormun/servlet/permisogoce?INS,0,,, HTTP/1.1" 200 6782
200.86.95.220 - - [15/Mar/2018:15:32:43 -0300] "GET /cormun/servlet/permisogoce?INS,0,,, HTTP/1.1" 200 6782
192.168.10.96 - - [15/Mar/2018:15:32:44 -0300] "POST /cormun/servlet/hlogin?6c2febdf6f1116ba4339f42c8914dd73,gx-no-cache=1521138600181 HTTP/1.1" 200 90
192.168.10.96 - - [15/Mar/2018:15:32:44 -0300] "GET /cormun/servlet/hpexe_link HTTP/1.1" 200 944
192.168.10.96 - - [15/Mar/2018:15:32:44 -0300] "GET /cormun/servlet/hhome HTTP/1.1" 200 3942
192.168.10.96 - - [15/Mar/2018:15:32:45 -0300] "GET /cormun/servlet/hhome HTTP/1.1" 200 3938
192.168.10.96 - - [15/Mar/2018:15:32:47 -0300] "GET /cormun/servlet/trpermisosgoce? HTTP/1.1" 200 8516
192.168.10.96 - - [15/Mar/2018:15:32:47 -0300] "GET /cormun/static/gxcfg.js?20177612163875 HTTP/1.1" 200 953
192.168.10.96 - - [15/Mar/2018:15:32:47 -0300] "GET /cormun/static/trpermisosgoce.js?20177612164335 HTTP/1.1" 200 35904
186.103.159.46 - - [15/Mar/2018:15:32:47 -0300] "POST /cormun/servlet/solicitudot?gx-no-cache=1521138715955 HTTP/1.1" 200 30
192.168.10.96 - - [15/Mar/2018:15:32:47 -0300] "GET /cormun//static/Resources/PXToolsActionDisabled.gif HTTP/1.1" 200 53
192.168.10.96 - - [15/Mar/2018:15:32:47 -0300] "GET /cormun//static/Resources/PXToolsGridDisplay.png HTTP/1.1" 200 362
192.168.10.96 - - [15/Mar/2018:15:32:47 -0300] "GET /cormun//static/Resources/PXToolsActionPrint.png HTTP/1.1" 200 3317
192.168.10.96 - - [15/Mar/2018:15:32:47 -0300] "GET /cormun//static/Resources/PXToolsHeaderFavorites.png HTTP/1.1" 200 2744
192.168.10.96 - - [15/Mar/2018:15:32:47 -0300] "GET /cormun/servlet/trpermisosgoce? HTTP/1.1" 200 8514
200.86.95.220 - - [15/Mar/2018:15:32:51 -0300] "GET /cormun/servlet/prfichaempleado?,MD,,gxPopupLevel%3D0%3B HTTP/1.1" 200 9300
192.168.10.96 - - [15/Mar/2018:15:32:51 -0300] "GET /cormun/servlet/permisogoce?INS,0,,, HTTP/1.1" 200 6779
192.168.10.96 - - [15/Mar/2018:15:32:51 -0300] "GET /cormun/static/gxcfg.js?201776126440 HTTP/1.1" 200 953
192.168.10.96 - - [15/Mar/2018:15:32:51 -0300] "GET /cormun/static/permisogoce.js?2017761264459 HTTP/1.1" 200 27897
192.168.10.96 - - [15/Mar/2018:15:32:51 -0300] "GET /cormun/servlet/permisogoce?INS,0,,, HTTP/1.1" 200 6778
192.168.10.96 - - [15/Mar/2018:15:32:53 -0300] "GET /cormun/servlet/prfichaempleado?,MD,,gxPopupLevel%3D0%3B HTTP/1.1" 200 9295
186.67.172.234 - - [15/Mar/2018:15:32:55 -0300] "POST /cormun/servlet/hlogin?9a2343e4c2e7b1787a1a92c6eb4541eb,gx-no-cache=1521138673041 HTTP/1.1" 200 90
186.67.172.234 - - [15/Mar/2018:15:32:55 -0300] "GET /cormun/servlet/hpexe_link HTTP/1.1" 200 955
186.67.172.234 - - [15/Mar/2018:15:32:55 -0300] "GET /cormun/servlet/hhome HTTP/1.1" 200 4234
186.67.172.234 - - [15/Mar/2018:15:32:56 -0300] "GET /cormun/servlet/hhome HTTP/1.1" 200 4230
186.103.159.46 - - [15/Mar/2018:15:32:56 -0300] "GET /cormun/servlet/prfichaempleado?,MD,,gxPopupLevel%3D0%3B HTTP/1.1" 200 9311
192.168.10.96 - - [15/Mar/2018:15:32:59 -0300] "POST /cormun/servlet/prfichaempleado?6c2febdf6f1116ba4339f42c8914dd73,,MD,,gxPopupLevel%3D0%3B,gx-no-cache=1521138615197 HTTP/1.1" 200 4610
200.86.95.220 - - [15/Mar/2018:15:33:02 -0300] "POST /cormun/servlet/prfichaempleado?2ec79609234d459076e1b86ab07de677,,MD,,gxPopupLevel%3D0%3B,gx-no-cache=1521138733615 HTTP/1.1" 200 3418
200.86.95.220 - - [15/Mar/2018:15:33:06 -0300] "GET /cormun/servlet/permisogoce?6ef56d940a6832cf7dcc742e2f8b010a4c7addb49a6f50f4b18a60056907f7876b388903716865282de12796f08cddc4,gx-no-cache=1521138738398 HTTP/1.1" 200 175
200.86.95.220 - - [15/Mar/2018:15:33:06 -0300] "GET /cormun/static/Shared/jqueryui/images/ui-bg_highlight-soft_100_c6c2c8_1x100.png HTTP/1.1" 404 1117
200.86.95.220 - - [15/Mar/2018:15:33:07 -0300] "GET /cormun/static/Shared/jqueryui/images/ui-bg_flat_55_994d53_40x100.png HTTP/1.1" 404 1097
200.86.95.220 - - [15/Mar/2018:15:33:07 -0300] "GET /cormun/static/Shared/jqueryui/images/ui-icons_82798d_256x240.png HTTP/1.1" 404 1089
200.86.95.220 - - [15/Mar/2018:15:33:07 -0300] "GET /cormun/static/Shared/jqueryui/images/ui-icons_ebccce_256x240.png HTTP/1.1" 404 1089
192.168.10.96 - - [15/Mar/2018:15:33:07 -0300] "GET /cormun/servlet/permisogoce?58a14bd9963b1dfd0ba93ae3752bc73a496e3608f035b30ff9da8d51932cca2e7bfe8eabe8ac0fe2e9d61254cc40d541,gx-no-cache=1521138623097 HTTP/1.1" 200 175
192.168.10.96 - - [15/Mar/2018:15:33:07 -0300] "GET /cormun/static/Shared/jqueryui/images/ui-icons_82798d_256x240.png HTTP/1.1" 404 1089
192.168.10.96 - - [15/Mar/2018:15:33:07 -0300] "GET /cormun/static/Shared/jqueryui/images/ui-bg_flat_55_994d53_40x100.png HTTP/1.1" 404 1097
192.168.10.96 - - [15/Mar/2018:15:33:07 -0300] "GET /cormun/static/Shared/jqueryui/images/ui-bg_highlight-soft_100_c6c2c8_1x100.png HTTP/1.1" 404 1117
192.168.10.96 - - [15/Mar/2018:15:33:07 -0300] "GET /cormun/static/Shared/jqueryui/images/ui-icons_ebccce_256x240.png HTTP/1.1" 404 1089
186.67.172.234 - - [15/Mar/2018:15:33:17 -0300] "GET /cormun/servlet/trsolicitudot? HTTP/1.1" 200 7446
186.67.172.234 - - [15/Mar/2018:15:33:17 -0300] "GET /cormun/servlet/trsolicitudot? HTTP/1.1" 200 7445
186.67.172.234 - - [15/Mar/2018:15:33:22 -0300] "GET /cormun/servlet/solicitudot?INS,0,0, HTTP/1.1" 200 13668
186.67.172.234 - - [15/Mar/2018:15:33:22 -0300] "GET /cormun/static/gxcfg.js?201812313224582 HTTP/1.1" 304 -
186.67.172.234 - - [15/Mar/2018:15:33:23 -0300] "GET /cormun/servlet/solicitudot?INS,0,0, HTTP/1.1" 200 13673
186.67.172.234 - - [15/Mar/2018:15:33:44 -0300] "POST /cormun/servlet/solicitudot?gx-no-cache=1521138721533 HTTP/1.1" 200 3284
186.67.172.234 - - [15/Mar/2018:15:33:44 -0300] "POST /cormun/servlet/solicitudot?9a2343e4c2e7b1787a1a92c6eb4541eb,INS,0,0,,gx-no-cache=1521138721879 HTTP/1.1" 200 10436
186.103.159.230 - - [15/Mar/2018:15:33:46 -0300] "POST /cormun/servlet/licenciaspermisos?e6b3432951bf4f28f31fd3aa00847726,INS,0,,,,gx-no-cache=1521138782794 HTTP/1.1" 200 93
186.103.159.230 - - [15/Mar/2018:15:33:46 -0300] "GET /cormun/servlet/hpexe_return? HTTP/1.1" 200 1014
186.103.159.230 - - [15/Mar/2018:15:33:46 -0300] "GET /cormun/static/gxcfg.js?2016101716175148 HTTP/1.1" 200 953
186.103.159.230 - - [15/Mar/2018:15:33:46 -0300] "GET /cormun/static/hpexe_return.js?2016101716175153 HTTP/1.1" 200 1633
186.103.159.230 - - [15/Mar/2018:15:33:47 -0300] "GET /cormun/static/Resources/Spanish/PXTools.css?167811 HTTP/1.1" 200 89042
186.103.159.230 - - [15/Mar/2018:15:33:47 -0300] "GET /cormun/servlet/trlicencias HTTP/1.1" 200 8527
186.103.159.230 - - [15/Mar/2018:15:33:48 -0300] "GET /cormun/servlet/trlicencias HTTP/1.1" 200 8522
186.67.172.234 - - [15/Mar/2018:15:33:54 -0300] "GET /cormun/servlet/solicitudot?1539554f2574ae31e75791945e4365f21d7243be4438681d6200e7d8a53092c83755fa101f3b502080c59d851bd4867c,gx-no-cache=1521138731603 HTTP/1.1" 200 30
186.103.159.46 - - [15/Mar/2018:15:34:07 -0300] "GET /cormun/servlet/prfichaempleado?,MD,,gxPopupLevel%3D0%3B HTTP/1.1" 200 9311
186.103.159.46 - - [15/Mar/2018:15:34:18 -0300] "POST /cormun/servlet/prfichaempleado?7e21d59f701ba5201d658d9b483fea38,,MD,,gxPopupLevel%3D0%3B,gx-no-cache=1521138805855 HTTP/1.1" 200 6359
186.103.159.46 - - [15/Mar/2018:15:34:18 -0300] "GET /cormun/static/Resources/PXToolsGridNext.gif HTTP/1.1" 200 369
186.103.159.46 - - [15/Mar/2018:15:34:18 -0300] "GET /cormun/static/Resources/PXToolsGridLast.gif HTTP/1.1" 200 370
186.103.159.46 - - [15/Mar/2018:15:34:28 -0300] "POST /cormun/servlet/prfichaempleado?7e21d59f701ba5201d658d9b483fea38,,MD,,gxPopupLevel%3D0%3B,gx-no-cache=1521138815922 HTTP/1.1" 200 4634
186.103.159.46 - - [15/Mar/2018:15:34:28 -0300] "GET /cormun/static/Resources/PXToolsGridFirst.gif HTTP/1.1" 200 379
186.103.159.46 - - [15/Mar/2018:15:34:28 -0300] "GET /cormun/static/Resources/PXToolsGridPrevious.gif HTTP/1.1" 200 369
186.103.159.46 - - [15/Mar/2018:15:34:30 -0300] "POST /cormun/servlet/prfichaempleado?7e21d59f701ba5201d658d9b483fea38,,MD,,gxPopupLevel%3D0%3B,gx-no-cache=1521138818294 HTTP/1.1" 200 6353
186.103.159.46 - - [15/Mar/2018:15:34:32 -0300] "POST /cormun/servlet/prfichaempleado?7e21d59f701ba5201d658d9b483fea38,,MD,,gxPopupLevel%3D0%3B,gx-no-cache=1521138819952 HTTP/1.1" 200 4634
192.168.10.96 - - [15/Mar/2018:15:34:34 -0300] "GET /cormun/servlet/hlogin HTTP/1.1" 200 1738
186.103.159.46 - - [15/Mar/2018:15:34:39 -0300] "POST /cormun/servlet/prfichaempleado?7e21d59f701ba5201d658d9b483fea38,,MD,,gxPopupLevel%3D0%3B,gx-no-cache=1521138826871 HTTP/1.1" 200 6378
192.168.10.96 - - [15/Mar/2018:15:34:46 -0300] "POST /cormun/servlet/hlogin?6c2febdf6f1116ba4339f42c8914dd73,gx-no-cache=1521138721855 HTTP/1.1" 200 90
192.168.10.96 - - [15/Mar/2018:15:34:46 -0300] "GET /cormun/servlet/hpexe_link HTTP/1.1" 200 944
192.168.10.96 - - [15/Mar/2018:15:34:46 -0300] "GET /cormun/servlet/hhome HTTP/1.1" 200 4696
192.168.10.96 - - [15/Mar/2018:15:34:46 -0300] "GET /cormun/servlet/hhome HTTP/1.1" 200 4693
186.103.159.46 - - [15/Mar/2018:15:34:51 -0300] "POST /cormun/servlet/solicitudot?gx-no-cache=1521138839399 HTTP/1.1" 200 1336
186.103.159.46 - - [15/Mar/2018:15:34:51 -0300] "GET /cormun/static/menuarrow.gif HTTP/1.1" 404 1015
192.168.10.96 - - [15/Mar/2018:15:34:52 -0300] "GET /cormun/servlet/trsolicitudgral? HTTP/1.1" 200 28775
192.168.10.96 - - [15/Mar/2018:15:34:53 -0300] "GET /cormun/servlet/trsolicitudgral? HTTP/1.1" 200 28772
186.103.159.46 - - [15/Mar/2018:15:34:55 -0300] "GET /cormun/servlet/trlicencias? HTTP/1.1" 200 9641
186.103.159.46 - - [15/Mar/2018:15:34:56 -0300] "GET /cormun/servlet/trlicencias? HTTP/1.1" 200 9635
192.168.10.96 - - [15/Mar/2018:15:35:11 -0300] "GET /cormun/servlet/trsolicitudgral? HTTP/1.1" 200 28772
192.168.10.96 - - [15/Mar/2018:15:35:13 -0300] "GET /cormun/servlet/trsolicitudgral? HTTP/1.1" 200 28772
186.67.172.234 - - [15/Mar/2018:15:35:29 -0300] "GET /cormun/servlet/solicitudot?1539554f2574ae31e75791945e4365f2a5524286d6cbb390a29cb3ec53098230,gx-no-cache=1521138827292 HTTP/1.1" 200 94
186.67.172.234 - - [15/Mar/2018:15:35:29 -0300] "GET /cormun/static/Shared/jqueryui/images/ui-bg_highlight-soft_100_c6c2c8_1x100.png HTTP/1.1" 404 1117
186.67.172.234 - - [15/Mar/2018:15:35:29 -0300] "GET /cormun/static/Shared/jqueryui/images/ui-icons_82798d_256x240.png HTTP/1.1" 404 1089
186.67.172.234 - - [15/Mar/2018:15:35:29 -0300] "GET /cormun/static/Shared/jqueryui/images/ui-bg_flat_55_994d53_40x100.png HTTP/1.1" 404 1097
186.67.172.234 - - [15/Mar/2018:15:35:30 -0300] "GET /cormun/static/Shared/jqueryui/images/ui-icons_ebccce_256x240.png HTTP/1.1" 404 1089
186.103.159.46 - - [15/Mar/2018:15:35:48 -0300] "GET /cormun/servlet/trsolicitudot? HTTP/1.1" 200 7172
186.103.159.46 - - [15/Mar/2018:15:35:49 -0300] "GET /cormun/servlet/trsolicitudot? HTTP/1.1" 200 7172
186.103.159.46 - - [15/Mar/2018:15:36:00 -0300] "GET /cormun/servlet/trvisualizadoreventos? HTTP/1.1" 200 6698
186.103.159.46 - - [15/Mar/2018:15:36:00 -0300] "GET /cormun/static/gxcfg.js?20175251251426 HTTP/1.1" 200 953
186.103.159.46 - - [15/Mar/2018:15:36:01 -0300] "GET /cormun/static/Resources/PXToolsActionPrint.png HTTP/1.1" 200 3317
186.103.159.46 - - [15/Mar/2018:15:36:01 -0300] "GET /cormun/static/trvisualizadoreventos.js?20175251251768 HTTP/1.1" 200 19318
186.103.159.46 - - [15/Mar/2018:15:36:01 -0300] "GET /cormun/servlet/trvisualizadoreventos? HTTP/1.1" 200 6698
186.103.159.46 - - [15/Mar/2018:15:36:04 -0300] "GET /cormun/static/menuarrow.gif HTTP/1.1" 404 1015
186.103.159.46 - - [15/Mar/2018:15:36:13 -0300] "POST /cormun/servlet/trvisualizadoreventos?7e21d59f701ba5201d658d9b483fea38,,gx-no-cache=1521138921181 HTTP/1.1" 200 3946
186.67.172.234 - - [15/Mar/2018:15:36:16 -0300] "GET /cormun/servlet/solicitudot?1539554f2574ae31e75791945e4365f2d51ce393cdc92a441dc490873c6a712d996e71b7b0f7d01c5a5f55c9ee88b770,gx-no-cache=1521138874394 HTTP/1.1" 200 30
186.103.159.46 - - [15/Mar/2018:15:36:16 -0300] "GET /cormun/servlet/trsolicitudot? HTTP/1.1" 200 7173
186.67.172.234 - - [15/Mar/2018:15:36:16 -0300] "GET /cormun/servlet/solicitudot?1539554f2574ae31e75791945e4365f2cd0083131a5a94eeab8b002d8a142144,gx-no-cache=1521138874517 HTTP/1.1" 200 29
186.103.159.46 - - [15/Mar/2018:15:36:17 -0300] "GET /cormun/servlet/trsolicitudot? HTTP/1.1" 200 7172
186.67.172.234 - - [15/Mar/2018:15:36:19 -0300] "POST /cormun/servlet/solicitudot?gx-no-cache=1521138877017 HTTP/1.1" 200 255
186.67.172.234 - - [15/Mar/2018:15:36:22 -0300] "GET /cormun/servlet/solicitudot?1539554f2574ae31e75791945e4365f2136c6aff83f7517593d1659edca33e4361773a0372224744346aa9c9df9f6b838883fe639d5539eacc000829cef8c9077c35150d53abcdb04d56382d8fd78c7fccfbafa24319bdd116a72a5b5c81c8b91bfc056fcdf91eb70f60f2e623c9e831888b1286e1b8c1fe85cc7e5af53f51cb044021f746e64259ef15626b81a2bc22edbe0482335202aa39fdac8e1cc638ee8c9674cfe94e8f1b8efb11729cc8109dbc54c79be210b862eb5e9f0fa490544a371f287e38617dcdc90d35623d6b3ced656aa14ad27166b199b223dcd13928e055b1bc9f6d75e9cb78c1ec2f337b2d5e9c5d4d902428803eec41cfdb94a642e271e10042bc4b073ce90c395e7327515aebd6211c9266d6755f6fc31cfa5038c30d0a7b1e66d1d890c7508d697122be64a220571d094bcf500de0fc4f5423dc85b82e81aa75b88f40e77293345f2012a802bd6e1ede8e5c2afbecd263bba2df581d3ee9df91548c80fbac823868c7ab664a99dd92b088a6e005af61fae0e339d6,gx-no-cache=1521138880146 HTTP/1.1" 200 30
186.103.159.46 - - [15/Mar/2018:15:36:23 -0300] "GET /cormun/servlet/solicitudot?INS,0,0, HTTP/1.1" 200 13404
186.103.159.46 - - [15/Mar/2018:15:36:24 -0300] "GET /cormun/servlet/solicitudot?INS,0,0, HTTP/1.1" 200 13409
186.103.159.46 - - [15/Mar/2018:15:36:46 -0300] "POST /cormun/servlet/solicitudot?gx-no-cache=1521138953974 HTTP/1.1" 200 3284
186.103.159.46 - - [15/Mar/2018:15:36:46 -0300] "POST /cormun/servlet/solicitudot?7e21d59f701ba5201d658d9b483fea38,INS,0,0,,gx-no-cache=1521138954738 HTTP/1.1" 200 10243
186.103.159.46 - - [15/Mar/2018:15:36:51 -0300] "GET /cormun/servlet/prfichaempleado?,MD,,gxPopupLevel%3D0%3B HTTP/1.1" 200 9311
186.103.159.46 - - [15/Mar/2018:15:36:59 -0300] "GET /cormun/servlet/solicitudot?f567940cf190d7a18cf2d7d2cc37cc94e29392bb4f3cfc9d1bf3e769fccaaaa616601f42b66ceda0caef294784a94097,gx-no-cache=1521138967653 HTTP/1.1" 200 111
186.103.159.46 - - [15/Mar/2018:15:36:59 -0300] "GET /cormun/static/Shared/jqueryui/images/ui-bg_highlight-soft_100_c6c2c8_1x100.png HTTP/1.1" 404 1117
186.103.159.46 - - [15/Mar/2018:15:36:59 -0300] "GET /cormun/static/Shared/jqueryui/images/ui-icons_82798d_256x240.png HTTP/1.1" 404 1089
186.103.159.46 - - [15/Mar/2018:15:36:59 -0300] "GET /cormun/static/Shared/jqueryui/images/ui-icons_ebccce_256x240.png HTTP/1.1" 404 1089
186.103.159.46 - - [15/Mar/2018:15:36:59 -0300] "GET /cormun/static/Shared/jqueryui/images/ui-bg_flat_55_994d53_40x100.png HTTP/1.1" 404 1097
186.67.172.234 - - [15/Mar/2018:15:37:03 -0300] "POST /cormun/servlet/solicitudot?gx-no-cache=1521138921375 HTTP/1.1" 200 30
186.67.172.234 - - [15/Mar/2018:15:37:03 -0300] "POST /cormun/servlet/solicitudot?gx-no-cache=1521138921502 HTTP/1.1" 200 1333
186.67.172.234 - - [15/Mar/2018:15:37:04 -0300] "POST /cormun/servlet/solicitudot?gx-no-cache=1521138921618 HTTP/1.1" 200 38
186.103.159.46 - - [15/Mar/2018:15:37:26 -0300] "GET /cormun/servlet/prfichaempleado?,MD,,gxPopupLevel%3D0%3B HTTP/1.1" 200 9311
186.103.159.46 - - [15/Mar/2018:15:37:34 -0300] "POST /cormun/servlet/solicitudot?gx-no-cache=1521139002572 HTTP/1.1" 200 3286
186.103.159.46 - - [15/Mar/2018:15:37:34 -0300] "POST /cormun/servlet/solicitudot?7e21d59f701ba5201d658d9b483fea38,INS,0,0,,gx-no-cache=1521139002803 HTTP/1.1" 200 10294
186.103.159.46 - - [15/Mar/2018:15:37:35 -0300] "GET /cormun/servlet/solicitudot?f567940cf190d7a18cf2d7d2cc37cc94e7025d46d9007cdf2bbab9e130d01ff816601f42b66ceda0caef294784a94097,gx-no-cache=1521139003145 HTTP/1.1" 200 30
192.168.10.96 - - [15/Mar/2018:15:37:42 -0300] "POST /cormun/servlet/trsolicitudgral?6c2febdf6f1116ba4339f42c8914dd73,,gx-no-cache=1521138897876 HTTP/1.1" 200 9216
186.67.172.234 - - [15/Mar/2018:15:37:53 -0300] "POST /cormun/servlet/solicitudot?gx-no-cache=1521138970697 HTTP/1.1" 200 30
186.67.172.234 - - [15/Mar/2018:15:37:59 -0300] "POST /cormun/servlet/solicitudot?gx-no-cache=1521138976143 HTTP/1.1" 200 1333
186.67.172.234 - - [15/Mar/2018:15:37:59 -0300] "POST /cormun/servlet/solicitudot?gx-no-cache=1521138976687 HTTP/1.1" 200 38
186.67.172.234 - - [15/Mar/2018:15:38:05 -0300] "GET /cormun/servlet/solicitudot?1539554f2574ae31e75791945e4365f2ff90a8ff20a00bb6e99b3ae39efecec9b008bdd8ca8658a4222277b09dd2f72596986c0dc2f8aa4850d1413e09ed31e363c4bc17f105e2b517fe68b16d844a35f853ee67c282d6733876154cd022b93249c664d4232cc375771e76a7dc6935da,gx-no-cache=1521138982649 HTTP/1.1" 200 29
186.67.172.234 - - [15/Mar/2018:15:38:05 -0300] "POST /cormun/servlet/solicitudot?gx-no-cache=1521138982741 HTTP/1.1" 200 1318
186.67.172.234 - - [15/Mar/2018:15:38:05 -0300] "POST /cormun/servlet/solicitudot?gx-no-cache=1521138982829 HTTP/1.1" 200 1215
186.67.172.234 - - [15/Mar/2018:15:38:27 -0300] "GET /cormun/static/menuarrow.gif HTTP/1.1" 404 1015
186.103.159.46 - - [15/Mar/2018:15:39:02 -0300] "GET /cormun/servlet/prbanco?,MD,,gxPopupLevel%3D0%3B HTTP/1.1" 200 6595
186.103.159.46 - - [15/Mar/2018:15:39:07 -0300] "GET /cormun/servlet/solicitudot?f567940cf190d7a18cf2d7d2cc37cc94d995006c9c625a2627897e03d89ced72cbc5692e9e534a90796ef86e53e6c9afae11ee21aea557ff2d92df503145cc76,gx-no-cache=1521139095524 HTTP/1.1" 200 30
186.103.159.46 - - [15/Mar/2018:15:39:08 -0300] "GET /cormun/servlet/solicitudot?f567940cf190d7a18cf2d7d2cc37cc9407446da3aecbec7f419ae5dda522c32f,gx-no-cache=1521139097037 HTTP/1.1" 200 53
186.103.159.46 - - [15/Mar/2018:15:39:22 -0300] "POST /cormun/servlet/solicitudot?gx-no-cache=1521139110771 HTTP/1.1" 200 297
186.103.159.46 - - [15/Mar/2018:15:39:22 -0300] "GET /cormun/servlet/solicitudot?f567940cf190d7a18cf2d7d2cc37cc94912b1d1fcb103ea1de3b8c150bf4c25fa14aa557c0fc30acad12b9978c2eac971e34e4fae701bef87859e7751d5cc6e5d8f8608b53ba2f17b21dcf519f119477f173213c5137a6289ac6189a315ea250c81b4f2cfa6273ac3449e03ae4bf3a2165877d3c5b573d6c968c20b18dabb96e1534c110931ba10bf3dd75dc0f50671d0c88bdea8e8927c60a2cc7a79f3597ad2ac8d6a40b36349f7860287be0f26b21e1b910f8a261803fbe74090f0f9d6ea16ab3270ab46897f4786e620e7385b9788b426db74b42adaa7e728567dffeae36b0048220d08413ee7f2bdef79f11ab1498b6caf3e72c60dd86335e7104c0a5baa5fcf733cf1113993ab35d5b8581ca9e1ecc509f94351c689cae8a30a5212bfab13389d881b94dc3863d5be884b0920e3d89b16207d48dc24b8b94d2c80621c9b203f17df1aaea9fad1b21322f6605d1d6e2254a9999de987e9c1f01a05e4a6ab5559f95e85528dbcbb70ce89d456415ef5e0319eb84670a6cbb9fa5178e3681b212bd15c5d38b79fa8aaac96a7e3fef,gx-no-cache=1521139110876 HTTP/1.1" 200 30
186.103.159.46 - - [15/Mar/2018:15:39:25 -0300] "POST /cormun/servlet/solicitudot?gx-no-cache=1521139113139 HTTP/1.1" 200 30
186.67.172.234 - - [15/Mar/2018:15:39:48 -0300] "POST /cormun/servlet/solicitudot?gx-no-cache=1521139086501 HTTP/1.1" 200 30
186.67.172.234 - - [15/Mar/2018:15:39:49 -0300] "POST /cormun/servlet/solicitudot?gx-no-cache=1521139086630 HTTP/1.1" 200 1334
186.67.172.234 - - [15/Mar/2018:15:39:49 -0300] "POST /cormun/servlet/solicitudot?gx-no-cache=1521139087183 HTTP/1.1" 200 38
186.67.172.234 - - [15/Mar/2018:15:39:49 -0300] "POST /cormun/servlet/solicitudot?gx-no-cache=1521139087266 HTTP/1.1" 200 1319
186.67.172.234 - - [15/Mar/2018:15:39:49 -0300] "POST /cormun/servlet/solicitudot?gx-no-cache=1521139087365 HTTP/1.1" 200 1217
186.67.172.234 - - [15/Mar/2018:15:39:49 -0300] "GET /cormun/servlet/solicitudot?1539554f2574ae31e75791945e4365f21c2c89020d21e8288a5683c6899b3495168fd39dc3056a8836bb86b407efa4b7,gx-no-cache=1521139087437 HTTP/1.1" 200 30
186.67.172.234 - - [15/Mar/2018:15:39:49 -0300] "POST /cormun/servlet/solicitudot?gx-no-cache=1521139087517 HTTP/1.1" 200 30
186.103.159.46 - - [15/Mar/2018:15:40:01 -0300] "GET /cormun/servlet/prfichaempleado?,MD,,gxPopupLevel%3D0%3B HTTP/1.1" 200 9311
186.103.159.46 - - [15/Mar/2018:15:40:12 -0300] "POST /cormun/servlet/prfichaempleado?7e21d59f701ba5201d658d9b483fea38,,MD,,gxPopupLevel%3D0%3B,gx-no-cache=1521139159776 HTTP/1.1" 200 6378
186.103.159.46 - - [15/Mar/2018:15:40:41 -0300] "GET /cormun/servlet/prlicenciaspermisos?11142601,L,,MD,,gxPopupLevel%3D0%3B HTTP/1.1" 200 7735
186.103.159.46 - - [15/Mar/2018:15:40:41 -0300] "GET /cormun/static/gxcfg.js?20176272053834 HTTP/1.1" 200 953
186.103.159.46 - - [15/Mar/2018:15:40:41 -0300] "GET /cormun/static/prlicenciaspermisos.js?20176272054050 HTTP/1.1" 200 13379
186.103.159.46 - - [15/Mar/2018:15:40:55 -0300] "POST /cormun/servlet/solicitudot?gx-no-cache=1521139204065 HTTP/1.1" 200 1336
186.103.159.46 - - [15/Mar/2018:15:41:00 -0300] "POST /cormun/servlet/solicitudot?gx-no-cache=1521139208323 HTTP/1.1" 200 41
186.103.161.206 - - [15/Mar/2018:15:41:01 -0300] "GET /cormun/servlet/hlogin HTTP/1.1" 200 1716
186.103.132.155 - - [15/Mar/2018:15:41:01 -0300] "GET /cormun/static/gxcfg.js?20175251213516 HTTP/1.1" 200 953
200.72.197.82 - - [15/Mar/2018:15:41:01 -0300] "GET /cormun/static/gxtimezone.js?85251 HTTP/1.1" 200 5781
186.103.161.206 - - [15/Mar/2018:15:41:01 -0300] "GET /cormun/static/Resources/Spanish/PXTools.css?11423723 HTTP/1.1" 200 89042
186.103.161.206 - - [15/Mar/2018:15:41:01 -0300] "GET /cormun/static/messages.spa.js?85251 HTTP/1.1" 200 30736
186.103.161.206 - - [15/Mar/2018:15:41:01 -0300] "GET /cormun/static/hlogin.js?20175251213537 HTTP/1.1" 200 2136
186.103.161.206 - - [15/Mar/2018:15:41:01 -0300] "GET /cormun/static/Resources/ComunLogin.png HTTP/1.1" 200 17326
190.151.100.218 - - [15/Mar/2018:15:41:04 -0300] "GET /cormun/static/gxgral.js?85251 HTTP/1.1" 200 384558
186.103.132.155 - - [15/Mar/2018:15:41:05 -0300] "GET /cormun/static/Resources/PXToolsButtonLeft21.png HTTP/1.1" 200 1287
186.103.161.206 - - [15/Mar/2018:15:41:05 -0300] "GET /cormun/static/Resources/PXToolsLoginBackground.png HTTP/1.1" 200 1164
200.72.197.82 - - [15/Mar/2018:15:41:05 -0300] "GET /cormun/static/Resources/PXToolsButtonRight21.png HTTP/1.1" 200 1283
