186.103.159.189 - - [15/Mar/2018:09:29:07 -0300] "POST /cormun/servlet/trautorizarsolicitud?cee230cd20c4f5a37f344900f129cb35,,gx-no-cache=1521116897776 HTTP/1.1" 200 5792
192.168.10.61 - - [15/Mar/2018:09:29:08 -0300] "POST /cormun/servlet/trsolicitudgral?157dd2d4e0203820472f2f9bbc9e7d45,,gx-no-cache=1521116783859 HTTP/1.1" 200 116
192.168.10.61 - - [15/Mar/2018:09:29:08 -0300] "GET /cormun/servlet/solicitudotlog?INS,2018,10494,0,REC, HTTP/1.1" 200 6295
192.168.10.61 - - [15/Mar/2018:09:29:08 -0300] "GET /cormun/servlet/solicitudotlog?INS,2018,10494,0,REC, HTTP/1.1" 200 6296
192.168.10.61 - - [15/Mar/2018:09:29:09 -0300] "GET /cormun/servlet/solicitudotlog?cd688d4e473d8aa164aea4d2e03ab2cb45a649f97e62a81279d63e97442781b0d57de850e39de84a3d6d760110ce799143ac1e87f23beba0ca3fb099ab4c495fe0996f177da72e71bd95def250943ae2c0676f42ee19ebc36b48b8e228bea63922204576e92d8c3644f84f9e1b061c4b2b9f43d419f7aab563141519eb9b439a1bd0292da053547b198c25abc3588602d118426bf9794682ec51b9a9b0930773,gx-no-cache=1521116784886 HTTP/1.1" 200 94
186.103.157.246 - - [15/Mar/2018:09:29:10 -0300] "POST /cormun/servlet/trlicencias?cfc789882a3aacbf349581cc28b48615,,gx-no-cache=1521116901382 HTTP/1.1" 200 6717
186.103.157.246 - - [15/Mar/2018:09:29:10 -0300] "GET /cormun/static/Shared/jqueryui/images/ui-icons_82798d_256x240.png HTTP/1.1" 404 1089
186.103.157.246 - - [15/Mar/2018:09:29:11 -0300] "GET /cormun/static/Shared/jqueryui/images/ui-icons_8d78a5_256x240.png HTTP/1.1" 404 1089
186.103.157.246 - - [15/Mar/2018:09:29:11 -0300] "GET /cormun/static/Shared/jqueryui/images/ui-bg_highlight-soft_100_c6c2c8_1x100.png HTTP/1.1" 404 1117
186.103.157.246 - - [15/Mar/2018:09:29:11 -0300] "GET /cormun/static/Shared/jqueryui/images/ui-bg_flat_55_fafafa_40x100.png HTTP/1.1" 404 1097
186.103.159.44 - - [15/Mar/2018:09:29:12 -0300] "GET /cormun/servlet/solicitudotadjuntos?80efa631b8548a552fc63ba664b34cce547e3a4ac2e183e2c41efd9e77250371,gx-no-cache=1521116903843 HTTP/1.1" 200 30
186.103.159.44 - - [15/Mar/2018:09:29:13 -0300] "GET /cormun/servlet/solicitudotadjuntos?80efa631b8548a552fc63ba664b34cce547e3a4ac2e183e2c41efd9e77250371,gx-no-cache=1521116903906 HTTP/1.1" 200 30
186.103.159.44 - - [15/Mar/2018:09:29:13 -0300] "POST /cormun/servlet/solicitudotadjuntos?efc50c3643c2033956517ccef43ccc68,INS,2018,10498,,1, HTTP/1.1" 200 116
186.103.159.44 - - [15/Mar/2018:09:29:14 -0300] "GET /cormun/servlet/hpexe_return? HTTP/1.1" 200 1023
186.103.159.44 - - [15/Mar/2018:09:29:14 -0300] "GET /cormun/servlet/trsolicitudadjuntos?2018,10498, HTTP/1.1" 200 8731
186.103.159.44 - - [15/Mar/2018:09:29:20 -0300] "GET /cormun/servlet/solicitudotadjuntos?INS,2018,10498,,1, HTTP/1.1" 200 6192
186.103.159.182 - - [15/Mar/2018:09:29:20 -0300] "POST /cormun/servlet/solicitudot?9835068b2f1bc4a561e6ad0c686b0794,INS,0,0,,gx-no-cache=1521116849757 HTTP/1.1" 200 11960
186.103.159.44 - - [15/Mar/2018:09:29:20 -0300] "HEAD /cormun/static/about:blank HTTP/1.1" 404 -
186.103.159.44 - - [15/Mar/2018:09:29:21 -0300] "GET /cormun/servlet/solicitudotadjuntos?80efa631b8548a552fc63ba664b34cce7464a1e7afccf854246d444ad0cc129a164b227ecaaac60568978ef7e87977bd,gx-no-cache=1521116912219 HTTP/1.1" 200 30
186.103.159.44 - - [15/Mar/2018:09:29:21 -0300] "POST /cormun/servlet/solicitudotadjuntos?efc50c3643c2033956517ccef43ccc68,INS,2018,10498,,1,,gx-no-cache=1521116912295 HTTP/1.1" 200 3980
186.103.159.44 - - [15/Mar/2018:09:29:24 -0300] "POST /cormun/servlet/solicitudotadjuntos?gx-no-cache=1521116915471 HTTP/1.1" 200 26
186.103.159.189 - - [15/Mar/2018:09:29:26 -0300] "POST /cormun/servlet/trautorizarsolicitud?cee230cd20c4f5a37f344900f129cb35,,gx-no-cache=1521116915398 HTTP/1.1" 200 5778
186.103.159.189 - - [15/Mar/2018:09:29:28 -0300] "POST /cormun/servlet/trautorizarsolicitud?cee230cd20c4f5a37f344900f129cb35,,gx-no-cache=1521116918558 HTTP/1.1" 200 5778
186.103.159.44 - - [15/Mar/2018:09:29:29 -0300] "GET /cormun/servlet/solicitudotadjuntos?80efa631b8548a552fc63ba664b34cce547e3a4ac2e183e2c41efd9e77250371,gx-no-cache=1521116920712 HTTP/1.1" 200 30
186.103.159.44 - - [15/Mar/2018:09:29:29 -0300] "GET /cormun/servlet/solicitudotadjuntos?80efa631b8548a552fc63ba664b34cce547e3a4ac2e183e2c41efd9e77250371,gx-no-cache=1521116920771 HTTP/1.1" 200 30
186.103.159.44 - - [15/Mar/2018:09:29:30 -0300] "POST /cormun/servlet/solicitudotadjuntos?efc50c3643c2033956517ccef43ccc68,INS,2018,10498,,1, HTTP/1.1" 200 116
186.103.159.44 - - [15/Mar/2018:09:29:30 -0300] "GET /cormun/servlet/hpexe_return? HTTP/1.1" 200 1023
186.103.159.44 - - [15/Mar/2018:09:29:31 -0300] "GET /cormun/servlet/trsolicitudadjuntos?2018,10498, HTTP/1.1" 200 8979
186.103.159.189 - - [15/Mar/2018:09:29:34 -0300] "POST /cormun/servlet/trautorizarsolicitud?cee230cd20c4f5a37f344900f129cb35,,gx-no-cache=1521116923682 HTTP/1.1" 200 6092
192.168.10.61 - - [15/Mar/2018:09:29:42 -0300] "GET /cormun/servlet/trsolicitudgral? HTTP/1.1" 200 10581
192.168.10.61 - - [15/Mar/2018:09:29:42 -0300] "GET /cormun/servlet/trsolicitudgral? HTTP/1.1" 200 10577
186.103.159.44 - - [15/Mar/2018:09:29:48 -0300] "GET /cormun/servlet/solicitudotadjuntos?INS,2018,10498,,1, HTTP/1.1" 200 6192
186.103.159.44 - - [15/Mar/2018:09:29:48 -0300] "HEAD /cormun/static/about:blank HTTP/1.1" 404 -
186.103.159.44 - - [15/Mar/2018:09:29:49 -0300] "GET /cormun/servlet/solicitudotadjuntos?80efa631b8548a552fc63ba664b34cce7464a1e7afccf854246d444ad0cc129a164b227ecaaac60568978ef7e87977bd,gx-no-cache=1521116940510 HTTP/1.1" 200 30
186.103.159.44 - - [15/Mar/2018:09:29:49 -0300] "POST /cormun/servlet/solicitudotadjuntos?efc50c3643c2033956517ccef43ccc68,INS,2018,10498,,1,,gx-no-cache=1521116940582 HTTP/1.1" 200 3980
186.103.159.44 - - [15/Mar/2018:09:29:52 -0300] "POST /cormun/servlet/solicitudotadjuntos?gx-no-cache=1521116943455 HTTP/1.1" 200 26
186.103.159.44 - - [15/Mar/2018:09:29:58 -0300] "GET /cormun/servlet/solicitudotadjuntos?80efa631b8548a552fc63ba664b34cce547e3a4ac2e183e2c41efd9e77250371,gx-no-cache=1521116949264 HTTP/1.1" 200 30
186.103.159.44 - - [15/Mar/2018:09:29:58 -0300] "GET /cormun/servlet/solicitudotadjuntos?80efa631b8548a552fc63ba664b34cce547e3a4ac2e183e2c41efd9e77250371,gx-no-cache=1521116949325 HTTP/1.1" 200 30
186.103.159.44 - - [15/Mar/2018:09:30:00 -0300] "POST /cormun/servlet/solicitudotadjuntos?efc50c3643c2033956517ccef43ccc68,INS,2018,10498,,1, HTTP/1.1" 200 116
186.103.159.44 - - [15/Mar/2018:09:30:00 -0300] "GET /cormun/servlet/hpexe_return? HTTP/1.1" 200 1023
186.103.159.44 - - [15/Mar/2018:09:30:00 -0300] "GET /cormun/servlet/trsolicitudadjuntos?2018,10498, HTTP/1.1" 200 9162
186.103.159.182 - - [15/Mar/2018:09:30:13 -0300] "GET /cormun/servlet/solicitudot?c00642d465b5e1e9f8c77508b72b151d12b41db0d83bb94f8c1e95e3360e227bd4f38e89d4e8df313cc9b5ff8d9fcdded13e177f94a01818b6aecc2f058f9009,gx-no-cache=1521116903452 HTTP/1.1" 200 30
186.103.159.182 - - [15/Mar/2018:09:30:13 -0300] "GET /cormun/servlet/solicitudot?c00642d465b5e1e9f8c77508b72b151ddff92300be86a23244a544907623de7d,gx-no-cache=1521116903614 HTTP/1.1" 200 123
186.103.159.182 - - [15/Mar/2018:09:30:14 -0300] "POST /cormun/servlet/solicitudot?gx-no-cache=1521116904148 HTTP/1.1" 200 256
186.103.159.44 - - [15/Mar/2018:09:30:29 -0300] "GET /cormun/servlet/solicitudotadjuntos?INS,2018,10498,,1, HTTP/1.1" 200 6192
186.103.159.44 - - [15/Mar/2018:09:30:29 -0300] "HEAD /cormun/static/about:blank HTTP/1.1" 404 -
186.103.159.44 - - [15/Mar/2018:09:30:30 -0300] "GET /cormun/servlet/solicitudotadjuntos?80efa631b8548a552fc63ba664b34cce7464a1e7afccf854246d444ad0cc129a164b227ecaaac60568978ef7e87977bd,gx-no-cache=1521116981666 HTTP/1.1" 200 30
186.103.159.44 - - [15/Mar/2018:09:30:31 -0300] "POST /cormun/servlet/solicitudotadjuntos?efc50c3643c2033956517ccef43ccc68,INS,2018,10498,,1,,gx-no-cache=1521116981745 HTTP/1.1" 200 3980
186.103.159.44 - - [15/Mar/2018:09:30:34 -0300] "POST /cormun/servlet/solicitudotadjuntos?gx-no-cache=1521116984888 HTTP/1.1" 200 26
186.103.159.182 - - [15/Mar/2018:09:30:34 -0300] "GET /cormun/servlet/solicitudot?c00642d465b5e1e9f8c77508b72b151dacdeba554e460b5d02fecdd69bb6f59da854ac2be19a645cfc33e4082d7fd76f3992e4acd6481d927afda6fe475a039bceb4c7afafa8a3478704f91d715c396899166c77b022f902983f61811168014e134b8f2325435f77daf427d9ff09422450971ca98eae9de7dcf630ea955403c6f759c9db62ff47ea7d35d5dc4f27e0d42463b8b9f806e722f2061b1632a50f7b8b93c2099e8a7572ed3a853df2baab89787cf089a6a90f16949111db04c1e0bce30759e4738ddabd67e460ee12ccf54a27b0441f65331c82136240530a76919374a2cecd4c721d665898ad5b39886573127f997c64a5ec5c1aa02c97a2941c99e56004de17a9d66ab8c83751b3b2f428a77c362a7c3b8bc18331a492743d97a48c7ad1938750918af379d9feddd34423366d2d0fabf10991f227b973e94e85514f96735d05c809ab98d2606fee00b1a945a35823f805279ff9e62a4b8aeccac58053c39f66a5affcabbb1df02832044a4e3a34d2882d85544a9ac2233dd4cd9d,gx-no-cache=1521116904774 HTTP/1.1" 200 30
186.103.159.182 - - [15/Mar/2018:09:30:34 -0300] "POST /cormun/servlet/solicitudot?gx-no-cache=1521116925285 HTTP/1.1" 200 30
186.103.159.182 - - [15/Mar/2018:09:30:35 -0300] "POST /cormun/servlet/solicitudot?gx-no-cache=1521116925379 HTTP/1.1" 200 1336
186.103.159.182 - - [15/Mar/2018:09:30:35 -0300] "POST /cormun/servlet/solicitudot?gx-no-cache=1521116926078 HTTP/1.1" 200 41
186.103.159.182 - - [15/Mar/2018:09:30:35 -0300] "POST /cormun/servlet/solicitudot?gx-no-cache=1521116926169 HTTP/1.1" 200 1319
186.103.159.182 - - [15/Mar/2018:09:30:36 -0300] "POST /cormun/servlet/solicitudot?gx-no-cache=1521116926460 HTTP/1.1" 200 1219
186.103.159.182 - - [15/Mar/2018:09:30:36 -0300] "GET /cormun/servlet/solicitudot?c00642d465b5e1e9f8c77508b72b151d6ed22ae5c154034529dc38d1ed38148083dca20d523e60f8adff20109bc137ae,gx-no-cache=1521116926640 HTTP/1.1" 200 30
186.103.159.182 - - [15/Mar/2018:09:30:36 -0300] "POST /cormun/servlet/solicitudot?gx-no-cache=1521116926717 HTTP/1.1" 200 33
186.103.159.182 - - [15/Mar/2018:09:30:38 -0300] "POST /cormun/servlet/solicitudot?9835068b2f1bc4a561e6ad0c686b0794,INS,0,0,,gx-no-cache=1521116926822 HTTP/1.1" 200 12017
186.103.159.44 - - [15/Mar/2018:09:30:41 -0300] "GET /cormun/servlet/solicitudotadjuntos?80efa631b8548a552fc63ba664b34cce547e3a4ac2e183e2c41efd9e77250371,gx-no-cache=1521116992217 HTTP/1.1" 200 30
186.103.159.44 - - [15/Mar/2018:09:30:41 -0300] "GET /cormun/servlet/solicitudotadjuntos?80efa631b8548a552fc63ba664b34cce547e3a4ac2e183e2c41efd9e77250371,gx-no-cache=1521116992274 HTTP/1.1" 200 30
192.168.10.61 - - [15/Mar/2018:09:30:43 -0300] "POST /cormun/servlet/trsolicitudgral?157dd2d4e0203820472f2f9bbc9e7d45,,gx-no-cache=1521116879597 HTTP/1.1" 200 116
192.168.10.61 - - [15/Mar/2018:09:30:43 -0300] "GET /cormun/servlet/solicitudotlog?INS,2018,10494,0,REC, HTTP/1.1" 200 6295
192.168.10.61 - - [15/Mar/2018:09:30:44 -0300] "GET /cormun/servlet/solicitudotlog?INS,2018,10494,0,REC, HTTP/1.1" 200 6296
192.168.10.61 - - [15/Mar/2018:09:30:44 -0300] "GET /cormun/servlet/solicitudotlog?cd688d4e473d8aa164aea4d2e03ab2cb45a649f97e62a81279d63e97442781b0d57de850e39de84a3d6d760110ce799143ac1e87f23beba0ca3fb099ab4c495fe0996f177da72e71bd95def250943ae2c0676f42ee19ebc36b48b8e228bea63922204576e92d8c3644f84f9e1b061c4b2b9f43d419f7aab563141519eb9b439a1bd0292da053547b198c25abc3588602d118426bf9794682ec51b9a9b0930773,gx-no-cache=1521116880552 HTTP/1.1" 200 94
186.103.159.44 - - [15/Mar/2018:09:30:55 -0300] "POST /cormun/servlet/solicitudotadjuntos?efc50c3643c2033956517ccef43ccc68,INS,2018,10498,,1, HTTP/1.1" 200 116
186.103.159.44 - - [15/Mar/2018:09:30:55 -0300] "GET /cormun/servlet/hpexe_return? HTTP/1.1" 200 1023
186.103.159.44 - - [15/Mar/2018:09:30:56 -0300] "GET /cormun/servlet/trsolicitudadjuntos?2018,10498, HTTP/1.1" 200 9386
186.67.84.236 - - [15/Mar/2018:09:31:02 -0300] "GET /cormun/servlet/solicitudotadjuntos?7164a535d24fb6b934ed4d3041edf95b635bc76747ea13e06e7255acf1389b5d,gx-no-cache=1521117010487 HTTP/1.1" 200 30
186.67.84.236 - - [15/Mar/2018:09:31:02 -0300] "GET /cormun/servlet/solicitudotadjuntos?7164a535d24fb6b934ed4d3041edf95b635bc76747ea13e06e7255acf1389b5d,gx-no-cache=1521117010633 HTTP/1.1" 200 30
186.67.84.236 - - [15/Mar/2018:09:31:05 -0300] "POST /cormun/servlet/solicitudotadjuntos?8da7dd6f46b9eaa66ff908c36550c5ba,INS,2018,10467,,1, HTTP/1.1" 200 116
186.67.84.236 - - [15/Mar/2018:09:31:06 -0300] "GET /cormun/servlet/hpexe_return? HTTP/1.1" 200 1026
186.67.84.236 - - [15/Mar/2018:09:31:06 -0300] "GET /cormun/servlet/trsolicitudadjuntos?2018,10467, HTTP/1.1" 200 9361
186.67.84.236 - - [15/Mar/2018:09:31:07 -0300] "GET /cormun/servlet/trsolicitudadjuntos?2018,10467, HTTP/1.1" 200 9358
186.103.159.44 - - [15/Mar/2018:09:31:08 -0300] "GET /cormun/servlet/solicitudotadjuntos?INS,2018,10498,,1, HTTP/1.1" 200 6191
186.103.159.44 - - [15/Mar/2018:09:31:09 -0300] "HEAD /cormun/static/about:blank HTTP/1.1" 404 -
186.103.159.44 - - [15/Mar/2018:09:31:10 -0300] "GET /cormun/servlet/solicitudotadjuntos?80efa631b8548a552fc63ba664b34cce7464a1e7afccf854246d444ad0cc129a164b227ecaaac60568978ef7e87977bd,gx-no-cache=1521117020936 HTTP/1.1" 200 30
186.103.159.44 - - [15/Mar/2018:09:31:10 -0300] "POST /cormun/servlet/solicitudotadjuntos?efc50c3643c2033956517ccef43ccc68,INS,2018,10498,,1,,gx-no-cache=1521117021435 HTTP/1.1" 200 3979
186.103.159.44 - - [15/Mar/2018:09:31:13 -0300] "POST /cormun/servlet/solicitudotadjuntos?gx-no-cache=1521117024253 HTTP/1.1" 200 26
186.103.159.44 - - [15/Mar/2018:09:31:20 -0300] "GET /cormun/servlet/solicitudotadjuntos?80efa631b8548a552fc63ba664b34cce547e3a4ac2e183e2c41efd9e77250371,gx-no-cache=1521117030999 HTTP/1.1" 200 30
186.103.159.44 - - [15/Mar/2018:09:31:20 -0300] "GET /cormun/servlet/solicitudotadjuntos?80efa631b8548a552fc63ba664b34cce547e3a4ac2e183e2c41efd9e77250371,gx-no-cache=1521117031058 HTTP/1.1" 200 30
190.151.99.26 - - [15/Mar/2018:09:31:21 -0300] "GET /cormun/servlet/solicitudotadjuntos?INS,2018,10467,,1, HTTP/1.1" 200 6248
190.151.99.26 - - [15/Mar/2018:09:31:22 -0300] "GET /cormun/static/about:blank HTTP/1.1" 404 1011
190.151.99.26 - - [15/Mar/2018:09:31:22 -0300] "GET /cormun/servlet/solicitudotadjuntos?INS,2018,10467,,1, HTTP/1.1" 200 6242
190.151.99.26 - - [15/Mar/2018:09:31:22 -0300] "GET /cormun/servlet/solicitudotadjuntos?7164a535d24fb6b934ed4d3041edf95bf02928d24ad07f9686fc8fd099645acf8c329099fddae60b320950611602c0af,gx-no-cache=1521117031025 HTTP/1.1" 200 30
190.151.99.26 - - [15/Mar/2018:09:31:23 -0300] "POST /cormun/servlet/solicitudotadjuntos?8da7dd6f46b9eaa66ff908c36550c5ba,INS,2018,10467,,1,,gx-no-cache=1521117031404 HTTP/1.1" 200 3987
190.151.99.26 - - [15/Mar/2018:09:31:26 -0300] "POST /cormun/servlet/solicitudotadjuntos?gx-no-cache=1521117034894 HTTP/1.1" 200 26
186.103.159.44 - - [15/Mar/2018:09:31:33 -0300] "POST /cormun/servlet/solicitudotadjuntos?efc50c3643c2033956517ccef43ccc68,INS,2018,10498,,1, HTTP/1.1" 200 116
186.103.159.44 - - [15/Mar/2018:09:31:33 -0300] "GET /cormun/servlet/hpexe_return? HTTP/1.1" 200 1023
186.103.159.44 - - [15/Mar/2018:09:31:33 -0300] "GET /cormun/servlet/trsolicitudadjuntos?2018,10498, HTTP/1.1" 200 9621
186.103.159.44 - - [15/Mar/2018:09:31:38 -0300] "GET /cormun/servlet/solicitudotadjuntos?INS,2018,10498,,1, HTTP/1.1" 200 6191
186.103.159.44 - - [15/Mar/2018:09:31:39 -0300] "HEAD /cormun/static/about:blank HTTP/1.1" 404 -
186.103.159.44 - - [15/Mar/2018:09:31:40 -0300] "GET /cormun/servlet/solicitudotadjuntos?80efa631b8548a552fc63ba664b34cce7464a1e7afccf854246d444ad0cc129a164b227ecaaac60568978ef7e87977bd,gx-no-cache=1521117050969 HTTP/1.1" 200 30
186.103.159.44 - - [15/Mar/2018:09:31:40 -0300] "POST /cormun/servlet/solicitudotadjuntos?efc50c3643c2033956517ccef43ccc68,INS,2018,10498,,1,,gx-no-cache=1521117051045 HTTP/1.1" 200 3979
186.103.159.44 - - [15/Mar/2018:09:31:43 -0300] "POST /cormun/servlet/solicitudotadjuntos?gx-no-cache=1521117054314 HTTP/1.1" 200 26
186.103.159.44 - - [15/Mar/2018:09:31:50 -0300] "GET /cormun/servlet/solicitudotadjuntos?80efa631b8548a552fc63ba664b34cce547e3a4ac2e183e2c41efd9e77250371,gx-no-cache=1521117061386 HTTP/1.1" 200 30
186.103.159.44 - - [15/Mar/2018:09:31:50 -0300] "GET /cormun/servlet/solicitudotadjuntos?80efa631b8548a552fc63ba664b34cce547e3a4ac2e183e2c41efd9e77250371,gx-no-cache=1521117061449 HTTP/1.1" 200 30
186.103.159.44 - - [15/Mar/2018:09:31:51 -0300] "POST /cormun/servlet/solicitudotadjuntos?efc50c3643c2033956517ccef43ccc68,INS,2018,10498,,1, HTTP/1.1" 200 116
186.103.159.44 - - [15/Mar/2018:09:31:51 -0300] "GET /cormun/servlet/hpexe_return? HTTP/1.1" 200 1023
186.103.159.44 - - [15/Mar/2018:09:31:51 -0300] "GET /cormun/servlet/trsolicitudadjuntos?2018,10498, HTTP/1.1" 200 9896
186.79.60.134 - - [15/Mar/2018:09:31:58 -0300] "GET /cormun/servlet/hlogin HTTP/1.1" 200 1746
186.103.159.44 - - [15/Mar/2018:09:31:58 -0300] "GET /cormun/servlet/solicitudotadjuntos?INS,2018,10498,,2, HTTP/1.1" 200 6191
186.103.159.44 - - [15/Mar/2018:09:31:59 -0300] "HEAD /cormun/static/about:blank HTTP/1.1" 404 -
186.103.159.44 - - [15/Mar/2018:09:32:00 -0300] "GET /cormun/servlet/solicitudotadjuntos?80efa631b8548a552fc63ba664b34cce7464a1e7afccf854246d444ad0cc129a164b227ecaaac60568978ef7e87977bd,gx-no-cache=1521117071089 HTTP/1.1" 200 30
186.103.159.44 - - [15/Mar/2018:09:32:00 -0300] "POST /cormun/servlet/solicitudotadjuntos?efc50c3643c2033956517ccef43ccc68,INS,2018,10498,,2,,gx-no-cache=1521117071162 HTTP/1.1" 200 4196
186.103.159.44 - - [15/Mar/2018:09:32:03 -0300] "POST /cormun/servlet/solicitudotadjuntos?gx-no-cache=1521117074299 HTTP/1.1" 200 26
186.103.159.44 - - [15/Mar/2018:09:32:08 -0300] "GET /cormun/servlet/solicitudotadjuntos?80efa631b8548a552fc63ba664b34cce547e3a4ac2e183e2c41efd9e77250371,gx-no-cache=1521117079763 HTTP/1.1" 200 30
186.103.159.44 - - [15/Mar/2018:09:32:08 -0300] "GET /cormun/servlet/solicitudotadjuntos?80efa631b8548a552fc63ba664b34cce547e3a4ac2e183e2c41efd9e77250371,gx-no-cache=1521117079832 HTTP/1.1" 200 30
186.103.159.44 - - [15/Mar/2018:09:32:11 -0300] "POST /cormun/servlet/solicitudotadjuntos?efc50c3643c2033956517ccef43ccc68,INS,2018,10498,,2, HTTP/1.1" 200 116
186.103.159.44 - - [15/Mar/2018:09:32:11 -0300] "GET /cormun/servlet/hpexe_return? HTTP/1.1" 200 1023
186.103.159.44 - - [15/Mar/2018:09:32:11 -0300] "GET /cormun/servlet/trsolicitudadjuntos?2018,10498, HTTP/1.1" 200 10035
200.54.247.70 - - [15/Mar/2018:09:32:22 -0300] "GET /cormun/servlet/prbanco?,MD,,gxPopupLevel%3D0%3B HTTP/1.1" 200 6681
200.54.247.70 - - [15/Mar/2018:09:32:22 -0300] "GET /cormun/static/gxcfg.js?20181161016094 HTTP/1.1" 304 -
186.103.159.44 - - [15/Mar/2018:09:32:23 -0300] "GET /cormun/servlet/trsolicitudot? HTTP/1.1" 200 8720
190.151.99.26 - - [15/Mar/2018:09:32:28 -0300] "GET /cormun/servlet/solicitudotadjuntos?7164a535d24fb6b934ed4d3041edf95b635bc76747ea13e06e7255acf1389b5d,gx-no-cache=1521117096833 HTTP/1.1" 200 30
190.151.99.26 - - [15/Mar/2018:09:32:28 -0300] "GET /cormun/servlet/solicitudotadjuntos?7164a535d24fb6b934ed4d3041edf95b635bc76747ea13e06e7255acf1389b5d,gx-no-cache=1521117096960 HTTP/1.1" 200 30
200.54.247.70 - - [15/Mar/2018:09:32:30 -0300] "GET /cormun/servlet/solicitudot?fd0a7e5f3c3f476daf5e1173eedf3b19fafec2e750e4e2c3c6b93ddc49f3eff679bb04227b1fbb6128aedde6c1a8693cc0160559a15bf7a2dd6e1e05f81e37ef,gx-no-cache=1521117100468 HTTP/1.1" 200 30
200.54.247.70 - - [15/Mar/2018:09:32:33 -0300] "GET /cormun/servlet/solicitudot?fd0a7e5f3c3f476daf5e1173eedf3b194ccf03b6932f985482fa4ce81e187b6d,gx-no-cache=1521117103448 HTTP/1.1" 200 53
190.151.99.26 - - [15/Mar/2018:09:32:41 -0300] "POST /cormun/servlet/solicitudotadjuntos?8da7dd6f46b9eaa66ff908c36550c5ba,INS,2018,10467,,1, HTTP/1.1" 200 116
190.151.99.26 - - [15/Mar/2018:09:32:41 -0300] "GET /cormun/servlet/hpexe_return? HTTP/1.1" 200 1026
190.151.99.26 - - [15/Mar/2018:09:32:42 -0300] "GET /cormun/servlet/trsolicitudadjuntos?2018,10467, HTTP/1.1" 200 9562
190.151.99.26 - - [15/Mar/2018:09:32:42 -0300] "GET /cormun/servlet/trsolicitudadjuntos?2018,10467, HTTP/1.1" 200 9563
190.151.99.26 - - [15/Mar/2018:09:32:45 -0300] "GET /cormun/servlet/solicitudotadjuntos?INS,2018,10467,,1, HTTP/1.1" 200 6248
190.151.99.26 - - [15/Mar/2018:09:32:45 -0300] "GET /cormun/static/about:blank HTTP/1.1" 404 1011
190.151.99.26 - - [15/Mar/2018:09:32:45 -0300] "GET /cormun/servlet/solicitudotadjuntos?INS,2018,10467,,1, HTTP/1.1" 200 6241
186.67.84.236 - - [15/Mar/2018:09:32:45 -0300] "GET /cormun/servlet/solicitudotadjuntos?7164a535d24fb6b934ed4d3041edf95bf02928d24ad07f9686fc8fd099645acf8c329099fddae60b320950611602c0af,gx-no-cache=1521117114280 HTTP/1.1" 200 30
186.67.84.236 - - [15/Mar/2018:09:32:46 -0300] "POST /cormun/servlet/solicitudotadjuntos?8da7dd6f46b9eaa66ff908c36550c5ba,INS,2018,10467,,1,,gx-no-cache=1521117114352 HTTP/1.1" 200 3987
186.103.159.182 - - [15/Mar/2018:09:32:46 -0300] "GET /cormun/servlet/solicitudot?c00642d465b5e1e9f8c77508b72b151d12b41db0d83bb94f8c1e95e3360e227bd4f38e89d4e8df313cc9b5ff8d9fcdded13e177f94a01818b6aecc2f058f9009,gx-no-cache=1521117056383 HTTP/1.1" 200 30
186.103.159.182 - - [15/Mar/2018:09:32:46 -0300] "GET /cormun/servlet/solicitudot?c00642d465b5e1e9f8c77508b72b151ddff92300be86a23244a544907623de7d,gx-no-cache=1521117056519 HTTP/1.1" 200 123
186.103.159.182 - - [15/Mar/2018:09:32:46 -0300] "POST /cormun/servlet/solicitudot?gx-no-cache=1521117056619 HTTP/1.1" 200 256
186.103.159.182 - - [15/Mar/2018:09:32:46 -0300] "GET /cormun/servlet/solicitudot?c00642d465b5e1e9f8c77508b72b151dacdeba554e460b5d02fecdd69bb6f59da854ac2be19a645cfc33e4082d7fd76f3992e4acd6481d927afda6fe475a039bceb4c7afafa8a3478704f91d715c396899166c77b022f902983f61811168014e134b8f2325435f77daf427d9ff09422450971ca98eae9de7dcf630ea955403c6f759c9db62ff47ea7d35d5dc4f27e0d42463b8b9f806e722f2061b1632a50f7b8b93c2099e8a7572ed3a853df2baab89787cf089a6a90f16949111db04c1e0bce30759e4738ddabd67e460ee12ccf54a27b0441f65331c82136240530a76919374a2cecd4c721d665898ad5b39886573127f997c64a5ec5c1aa02c97a2941c99e56004de17a9d66ab8c83751b3b2f428a77c362a7c3b8bc18331a492743d97a48c7ad1938750918af379d9feddd34423366d2d0fabf10991f227b973e94e85514f96735d05c809ab98d2606fee00b1a945a35823f805279ff9e62a4b8aeccac58053c39f66a5affcabbb1df02832044a4e3a34d2882d85544a9ac2233dd4cd9d,gx-no-cache=1521117056721 HTTP/1.1" 200 30
186.103.159.182 - - [15/Mar/2018:09:32:46 -0300] "POST /cormun/servlet/solicitudot?gx-no-cache=1521117056944 HTTP/1.1" 200 30
186.103.159.182 - - [15/Mar/2018:09:32:47 -0300] "POST /cormun/servlet/solicitudot?gx-no-cache=1521117057513 HTTP/1.1" 200 1336
186.103.159.182 - - [15/Mar/2018:09:32:47 -0300] "POST /cormun/servlet/solicitudot?gx-no-cache=1521117057825 HTTP/1.1" 200 41
186.103.159.182 - - [15/Mar/2018:09:32:47 -0300] "POST /cormun/servlet/solicitudot?gx-no-cache=1521117057950 HTTP/1.1" 200 1319
186.67.84.236 - - [15/Mar/2018:09:32:48 -0300] "POST /cormun/servlet/solicitudotadjuntos?gx-no-cache=1521117116614 HTTP/1.1" 200 26
192.168.10.61 - - [15/Mar/2018:09:32:48 -0300] "POST /cormun/servlet/solicitudotlog?157dd2d4e0203820472f2f9bbc9e7d45,INS,2018,10494,0,REC,,gx-no-cache=1521117004238 HTTP/1.1" 200 93
192.168.10.61 - - [15/Mar/2018:09:32:48 -0300] "GET /cormun/servlet/hpexe_return? HTTP/1.1" 200 1021
186.103.159.182 - - [15/Mar/2018:09:32:48 -0300] "POST /cormun/servlet/solicitudot?gx-no-cache=1521117058191 HTTP/1.1" 200 1219
186.103.159.182 - - [15/Mar/2018:09:32:48 -0300] "GET /cormun/servlet/solicitudot?c00642d465b5e1e9f8c77508b72b151d6ed22ae5c154034529dc38d1ed38148083dca20d523e60f8adff20109bc137ae,gx-no-cache=1521117059186 HTTP/1.1" 200 30
192.168.10.61 - - [15/Mar/2018:09:32:48 -0300] "GET /cormun/servlet/trsolicitudgral HTTP/1.1" 200 10581
186.103.159.182 - - [15/Mar/2018:09:32:48 -0300] "POST /cormun/servlet/solicitudot?gx-no-cache=1521117059277 HTTP/1.1" 200 33
192.168.10.61 - - [15/Mar/2018:09:32:49 -0300] "GET /cormun/servlet/trsolicitudgral HTTP/1.1" 200 10577
200.54.247.70 - - [15/Mar/2018:09:32:54 -0300] "POST /cormun/servlet/solicitudot?gx-no-cache=1521117124418 HTTP/1.1" 200 297
200.54.247.70 - - [15/Mar/2018:09:32:54 -0300] "GET /cormun/servlet/solicitudot?fd0a7e5f3c3f476daf5e1173eedf3b19e2b59ee2cdda7c363a4519dc1cc91ced2b3621fc4da6303cdecdc4b52f3f42689b48503940f5a83b2e34665d7db70878f4c729ad39deffa81fe3921ea87672a23cef31bcf863268988c387fecbacbb94bf3254a4eee05e047652bbb40f07a6d35f73b12333e4c7caf167547782f5ed4285009573f6111843756bca0a7f1109c89c67c023f5076afa87a60524352183cb32eb2bf40544e14bf6ba975565ff980f8acf525ec1b5028e2270e1b18f6846c0564da00cec0305dc322242928b8437497f7392d36cdef753e3046542725b8c9068851f3ffc590618d0b8a4d9714ea6b28a9c96346e65c49e9957a0613ff42349ea8395501878495ebed1cb4b5f588338f9d1eeb1ff58c08b5b8b38faa8c5738c97a804be789979e108db99667354e64dfaf21b30599778a931a073ff7259b2ee765d379b20766c34d5cba3bf2b36c417eb9cb1c7d9119a01206176abb3e95bd1e11c921146b98feeaa8e1585b48b6c7f9870fa27609493e8a3ffc55415319309998912284c79a8e0ed7a8aa29f811ac6,gx-no-cache=1521117124557 HTTP/1.1" 200 30
200.54.247.70 - - [15/Mar/2018:09:32:57 -0300] "POST /cormun/servlet/solicitudot?gx-no-cache=1521117126961 HTTP/1.1" 200 30
200.54.247.70 - - [15/Mar/2018:09:32:59 -0300] "POST /cormun/servlet/solicitudot?gx-no-cache=1521117129449 HTTP/1.1" 200 1333
200.54.247.70 - - [15/Mar/2018:09:32:59 -0300] "POST /cormun/servlet/solicitudot?gx-no-cache=1521117129636 HTTP/1.1" 200 38
186.103.159.44 - - [15/Mar/2018:09:33:12 -0300] "POST /cormun/servlet/trsolicitudot?efc50c3643c2033956517ccef43ccc68,,gx-no-cache=1521117142643 HTTP/1.1" 200 4681
186.103.159.44 - - [15/Mar/2018:09:33:12 -0300] "POST /cormun/servlet/trsolicitudot?efc50c3643c2033956517ccef43ccc68,,gx-no-cache=1521117143153 HTTP/1.1" 200 4461
186.103.159.44 - - [15/Mar/2018:09:33:12 -0300] "GET /cormun/static/Shared/jqueryui/images/ui-bg_flat_55_fafafa_40x100.png HTTP/1.1" 404 1097
186.103.159.44 - - [15/Mar/2018:09:33:12 -0300] "GET /cormun/static/Shared/jqueryui/images/ui-icons_8d78a5_256x240.png HTTP/1.1" 404 1089
186.103.159.44 - - [15/Mar/2018:09:33:12 -0300] "GET /cormun/static/Shared/jqueryui/images/ui-icons_82798d_256x240.png HTTP/1.1" 404 1089
186.103.159.44 - - [15/Mar/2018:09:33:12 -0300] "GET /cormun/static/Shared/jqueryui/images/ui-bg_highlight-soft_100_c6c2c8_1x100.png HTTP/1.1" 404 1117
186.103.159.44 - - [15/Mar/2018:09:33:16 -0300] "GET /cormun/servlet/trautorizarsolicitud? HTTP/1.1" 200 9010
186.67.164.142 - - [15/Mar/2018:09:33:44 -0300] "GET /cormun/servlet/hlogin HTTP/1.1" 200 1711
186.67.164.142 - - [15/Mar/2018:09:33:45 -0300] "GET /cormun/static/gxcfg.js?20175251213516 HTTP/1.1" 304 -
186.103.159.44 - - [15/Mar/2018:09:33:46 -0300] "POST /cormun/servlet/trautorizarsolicitud?efc50c3643c2033956517ccef43ccc68,,gx-no-cache=1521117177629 HTTP/1.1" 200 116
186.103.159.44 - - [15/Mar/2018:09:33:47 -0300] "GET /cormun/servlet/solicitudotlog?INS,2018,10500,0,ANU, HTTP/1.1" 200 5954
186.103.159.44 - - [15/Mar/2018:09:33:47 -0300] "GET /cormun/static/solicitudotlog.js?2017761245655 HTTP/1.1" 200 8934
186.103.159.44 - - [15/Mar/2018:09:33:47 -0300] "GET /cormun/static/gxcfg.js?2017761245646 HTTP/1.1" 200 953
186.103.159.44 - - [15/Mar/2018:09:33:48 -0300] "GET /cormun/servlet/solicitudotlog?80efa631b8548a552fc63ba664b34ccefcfbac6005df7cd35e6bfe66cfc778051d141ec3ee1ca69a4a9ede696f61eed04965af50e9b10e2be763da53d34f5dfd44e6727971067ed64f995d1f5643ef74b36110b44addd21bf6cd7e90c0e69c488a4b91df9090cd23f9edb2abe6b4068e42ab95d222cb5ae44c847c1efa1f955c62426a2e7179b7c6a4a64820ab2dc189b745a239a0e01acbb8b2906511999e8b,gx-no-cache=1521117179250 HTTP/1.1" 200 94
152.231.70.146 - - [15/Mar/2018:09:33:50 -0300] "GET /cormun/servlet/solicitudotadjuntos?7164a535d24fb6b934ed4d3041edf95b635bc76747ea13e06e7255acf1389b5d,gx-no-cache=1521117178575 HTTP/1.1" 200 30
152.231.70.146 - - [15/Mar/2018:09:33:50 -0300] "GET /cormun/servlet/solicitudotadjuntos?7164a535d24fb6b934ed4d3041edf95b635bc76747ea13e06e7255acf1389b5d,gx-no-cache=1521117178695 HTTP/1.1" 200 30
152.231.70.146 - - [15/Mar/2018:09:33:52 -0300] "POST /cormun/servlet/solicitudotadjuntos?8da7dd6f46b9eaa66ff908c36550c5ba,INS,2018,10467,,1, HTTP/1.1" 200 116
152.231.70.146 - - [15/Mar/2018:09:33:52 -0300] "GET /cormun/servlet/hpexe_return? HTTP/1.1" 200 1026
152.231.70.146 - - [15/Mar/2018:09:33:53 -0300] "GET /cormun/servlet/trsolicitudadjuntos?2018,10467, HTTP/1.1" 200 9808
152.231.70.146 - - [15/Mar/2018:09:33:53 -0300] "GET /cormun/servlet/trsolicitudadjuntos?2018,10467, HTTP/1.1" 200 9810
200.54.247.70 - - [15/Mar/2018:09:33:54 -0300] "GET /cormun/servlet/solicitudot?fd0a7e5f3c3f476daf5e1173eedf3b19797c238863f99abb8d172dac273a3dc9df7b0dab4633c4313e838050c994df3ad2e31071ab8bb470750e6f81c4fff6bc10848f77a5c166b6c9cc1183769b8d730ec2be47242ab6afba4d719fc11a701ded1764e815e1e41186ee7eb35ccacfec,gx-no-cache=1521117184240 HTTP/1.1" 200 29
200.54.247.70 - - [15/Mar/2018:09:33:54 -0300] "POST /cormun/servlet/solicitudot?gx-no-cache=1521117184348 HTTP/1.1" 200 1319
200.54.247.70 - - [15/Mar/2018:09:33:54 -0300] "POST /cormun/servlet/solicitudot?gx-no-cache=1521117184482 HTTP/1.1" 200 1215
186.67.164.142 - - [15/Mar/2018:09:33:57 -0300] "POST /cormun/servlet/hlogin?1c248a3195e54fcf82aef076709096d0,gx-no-cache=1521117187564 HTTP/1.1" 200 90
186.67.164.142 - - [15/Mar/2018:09:33:57 -0300] "GET /cormun/servlet/hpexe_link HTTP/1.1" 200 944
186.67.164.142 - - [15/Mar/2018:09:33:57 -0300] "GET /cormun/static/gxcfg.js?20177612121792 HTTP/1.1" 304 -
186.67.164.142 - - [15/Mar/2018:09:33:57 -0300] "GET /cormun/servlet/hhome HTTP/1.1" 200 3966
186.67.164.142 - - [15/Mar/2018:09:33:57 -0300] "GET /cormun/static/gxcfg.js?20175251212442 HTTP/1.1" 304 -
186.67.84.236 - - [15/Mar/2018:09:33:58 -0300] "GET /cormun/servlet/trsolicitudot? HTTP/1.1" 200 8787
186.67.84.236 - - [15/Mar/2018:09:33:58 -0300] "GET /cormun/servlet/trsolicitudot? HTTP/1.1" 200 8781
186.67.164.142 - - [15/Mar/2018:09:33:58 -0300] "GET /cormun/servlet/hhome HTTP/1.1" 200 3963
186.103.159.44 - - [15/Mar/2018:09:34:07 -0300] "POST /cormun/servlet/solicitudotlog?efc50c3643c2033956517ccef43ccc68,INS,2018,10500,0,ANU,,gx-no-cache=1521117198079 HTTP/1.1" 200 93
186.103.159.44 - - [15/Mar/2018:09:34:07 -0300] "GET /cormun/servlet/hpexe_return? HTTP/1.1" 200 1025
186.103.159.44 - - [15/Mar/2018:09:34:08 -0300] "GET /cormun/servlet/trautorizarsolicitud HTTP/1.1" 200 8614
186.103.159.44 - - [15/Mar/2018:09:34:16 -0300] "GET /cormun/servlet/trsolicitudot? HTTP/1.1" 200 7363
200.54.247.70 - - [15/Mar/2018:09:34:19 -0300] "GET /cormun/static/menuarrow.gif HTTP/1.1" 404 1015
186.103.159.44 - - [15/Mar/2018:09:34:24 -0300] "GET /cormun/servlet/trautorizarsolicitud? HTTP/1.1" 200 8611
200.54.247.70 - - [15/Mar/2018:09:34:36 -0300] "GET /cormun/servlet/solicitudot?fd0a7e5f3c3f476daf5e1173eedf3b19b6b4f31caadc99494e347ef56f897755fe474041b10ee27702f1f3c19a45b398,gx-no-cache=1521117226182 HTTP/1.1" 200 30
186.103.159.44 - - [15/Mar/2018:09:34:44 -0300] "POST /cormun/servlet/trautorizarsolicitud?efc50c3643c2033956517ccef43ccc68,,gx-no-cache=1521117234842 HTTP/1.1" 200 4602
186.103.159.44 - - [15/Mar/2018:09:34:45 -0300] "POST /cormun/servlet/trautorizarsolicitud?efc50c3643c2033956517ccef43ccc68,,gx-no-cache=1521117235796 HTTP/1.1" 200 4382
186.103.159.44 - - [15/Mar/2018:09:34:45 -0300] "GET /cormun/static/Shared/jqueryui/images/ui-icons_82798d_256x240.png HTTP/1.1" 404 1089
186.103.159.44 - - [15/Mar/2018:09:34:45 -0300] "GET /cormun/static/Shared/jqueryui/images/ui-icons_8d78a5_256x240.png HTTP/1.1" 404 1089
186.103.159.44 - - [15/Mar/2018:09:34:45 -0300] "GET /cormun/static/Shared/jqueryui/images/ui-bg_highlight-soft_100_c6c2c8_1x100.png HTTP/1.1" 404 1117
186.103.159.44 - - [15/Mar/2018:09:34:45 -0300] "GET /cormun/static/Shared/jqueryui/images/ui-bg_flat_55_fafafa_40x100.png HTTP/1.1" 404 1097
200.54.247.70 - - [15/Mar/2018:09:34:49 -0300] "POST /cormun/servlet/solicitudot?gx-no-cache=1521117239403 HTTP/1.1" 200 30
186.103.159.44 - - [15/Mar/2018:09:34:54 -0300] "POST /cormun/servlet/trautorizarsolicitud?efc50c3643c2033956517ccef43ccc68,,gx-no-cache=1521117245390 HTTP/1.1" 200 4400
186.103.159.189 - - [15/Mar/2018:09:34:58 -0300] "POST /cormun/servlet/trautorizarsolicitud?cee230cd20c4f5a37f344900f129cb35,,gx-no-cache=1521117248482 HTTP/1.1" 200 4400
186.103.159.44 - - [15/Mar/2018:09:35:00 -0300] "GET /cormun/servlet/trsolicitudot? HTTP/1.1" 200 7363
186.103.159.189 - - [15/Mar/2018:09:35:04 -0300] "POST /cormun/servlet/trautorizarsolicitud?cee230cd20c4f5a37f344900f129cb35,,gx-no-cache=1521117254116 HTTP/1.1" 200 4399
186.103.159.44 - - [15/Mar/2018:09:35:05 -0300] "GET /cormun/servlet/trvisualizadoreventos? HTTP/1.1" 200 6908
186.103.159.44 - - [15/Mar/2018:09:35:05 -0300] "GET /cormun/static/gxcfg.js?20175251251426 HTTP/1.1" 200 953
186.103.159.44 - - [15/Mar/2018:09:35:05 -0300] "GET /cormun/static/Resources/PXToolsActionPrint.png HTTP/1.1" 200 3317
186.103.159.44 - - [15/Mar/2018:09:35:05 -0300] "GET /cormun/static/trvisualizadoreventos.js?20175251251768 HTTP/1.1" 200 19318
186.103.159.44 - - [15/Mar/2018:09:35:10 -0300] "GET /cormun/servlet/trsolicitudot? HTTP/1.1" 200 7363
186.103.159.189 - - [15/Mar/2018:09:35:11 -0300] "GET /cormun/static/menuarrow.gif HTTP/1.1" 404 1015
200.54.247.70 - - [15/Mar/2018:09:35:14 -0300] "POST /cormun/servlet/solicitudot?436ea30e46dc89f165cbe1d11ec524a8,INS,0,0,,gx-no-cache=1521117264314 HTTP/1.1" 200 93
200.54.247.70 - - [15/Mar/2018:09:35:14 -0300] "GET /cormun/servlet/hpexe_return? HTTP/1.1" 200 1012
200.54.247.70 - - [15/Mar/2018:09:35:15 -0300] "GET /cormun/servlet/trsolicitudot HTTP/1.1" 200 8834
200.54.247.70 - - [15/Mar/2018:09:35:15 -0300] "GET /cormun//static/Resources/PXToolsRemoveAllAction.png HTTP/1.1" 200 3558
200.54.247.70 - - [15/Mar/2018:09:35:15 -0300] "GET /cormun//static/Resources/PXToolsActionView.png HTTP/1.1" 200 2995
200.54.18.125 - - [15/Mar/2018:09:35:16 -0300] "POST /cormun/servlet/trsolicitudot?8da7dd6f46b9eaa66ff908c36550c5ba,,gx-no-cache=1521117264445 HTTP/1.1" 200 106
200.54.18.125 - - [15/Mar/2018:09:35:16 -0300] "GET /cormun/servlet/solicitudot?UPD,2018,10467, HTTP/1.1" 200 15459
200.54.18.125 - - [15/Mar/2018:09:35:16 -0300] "GET /cormun/servlet/solicitudot?UPD,2018,10467, HTTP/1.1" 200 15468
186.103.196.84 - - [15/Mar/2018:09:35:17 -0300] "POST /cormun/servlet/solicitudot?gx-no-cache=1521117265806 HTTP/1.1" 200 3420
186.103.159.189 - - [15/Mar/2018:09:35:17 -0300] "POST /cormun/servlet/trautorizarsolicitud?cee230cd20c4f5a37f344900f129cb35,,gx-no-cache=1521117266993 HTTP/1.1" 200 4402
186.103.196.84 - - [15/Mar/2018:09:35:18 -0300] "POST /cormun/servlet/solicitudot?8da7dd6f46b9eaa66ff908c36550c5ba,UPD,2018,10467,,gx-no-cache=1521117266256 HTTP/1.1" 200 11736
186.103.196.84 - - [15/Mar/2018:09:35:18 -0300] "GET /cormun/servlet/solicitudot?7164a535d24fb6b934ed4d3041edf95b09dae6d0b63164bfae8924606ce77f147eccaa65cd37a31b7d64f52b98df4959,gx-no-cache=1521117267151 HTTP/1.1" 200 30
200.54.247.70 - - [15/Mar/2018:09:35:18 -0300] "POST /cormun/servlet/trsolicitudot?436ea30e46dc89f165cbe1d11ec524a8,gx-no-cache=1521117268053 HTTP/1.1" 200 107
186.103.196.84 - - [15/Mar/2018:09:35:18 -0300] "GET /cormun/servlet/solicitudot?7164a535d24fb6b934ed4d3041edf95ba228605dcb7f228f59c0d2cc03e91d2e30d66ce099629cf723547c0d773832201c1cc4fdaec175d3e69f35cb91eec983,gx-no-cache=1521117267257 HTTP/1.1" 200 30
200.54.247.70 - - [15/Mar/2018:09:35:18 -0300] "GET /cormun/servlet/trsolicitudadjuntos?2018,10501, HTTP/1.1" 200 6337
186.103.196.84 - - [15/Mar/2018:09:35:18 -0300] "GET /cormun/servlet/solicitudot?7164a535d24fb6b934ed4d3041edf95b63c2f6eae18ef03ec4b921bf7e97a37799809bc4207f8af1485a9a7b6ccb1b41,gx-no-cache=1521117267366 HTTP/1.1" 200 45
186.103.196.84 - - [15/Mar/2018:09:35:19 -0300] "POST /cormun/servlet/solicitudot?gx-no-cache=1521117267488 HTTP/1.1" 200 297
186.103.196.84 - - [15/Mar/2018:09:35:19 -0300] "GET /cormun/servlet/solicitudot?7164a535d24fb6b934ed4d3041edf95b0d35c900b9a85ad95e1b8eab01871dfa8e4c2805ad6af397004bda8b785134213ccb5dd65724101b1c8cd50befd8179f20a18062b2b5d704ab9b94866d900ce7a5536984d3bfdee1bb43a6eb98a53495f25ff9d2bf34b83c7af937dfb00e32d41ca543af52a3f32bce1831b4ec73a216df8f4948ca38ddeff9c2bfe0a65dde1c35e4aa0445faf251a390947bd7be0930c5f6aee2f54d69eebed6cda696fea3feaeb233875a0f2e8fe0c68a81c88c1aab246724565f6780bf4d8df0b492ec9e2ff37bdc36dbf3fdf8adbc1fd1a0498470aac7a4d49092db6cf2b81c0bbb3031cb3217ffdca473c48c6293cd1912a95ad77e1f673581c4fae4a1aec13a367e3b57e70d5f9c738d2e282d52bb4dce97fc2878dcd0a9f3d0acaa86464e54215006161f10866a7f2bd710674bd8326f3e3b22d9cd261bfbe9994c6581c3cb77fcd0ebc2e2ee63839996b92af654603eedbfe2197e49fcde5e59d1aab13e6f7527fec5a2fc4a3b718c3e2379f63258c7d03c6246af009ba87b4ef63e690296f8b150a7,gx-no-cache=1521117267607 HTTP/1.1" 200 30
186.103.196.84 - - [15/Mar/2018:09:35:19 -0300] "POST /cormun/servlet/solicitudot?gx-no-cache=1521117267719 HTTP/1.1" 200 30
186.103.196.84 - - [15/Mar/2018:09:35:19 -0300] "POST /cormun/servlet/solicitudot?gx-no-cache=1521117267831 HTTP/1.1" 200 1337
186.103.196.84 - - [15/Mar/2018:09:35:19 -0300] "POST /cormun/servlet/solicitudot?gx-no-cache=1521117267986 HTTP/1.1" 200 41
200.54.247.70 - - [15/Mar/2018:09:35:23 -0300] "GET /cormun/servlet/solicitudotadjuntos?INS,2018,10501,,1, HTTP/1.1" 200 6281
200.54.247.70 - - [15/Mar/2018:09:35:23 -0300] "HEAD /cormun/static/about:blank HTTP/1.1" 404 -
200.54.247.70 - - [15/Mar/2018:09:35:24 -0300] "GET /cormun/servlet/solicitudotadjuntos?fd0a7e5f3c3f476daf5e1173eedf3b19a359fe48883da982a7c01bd4caa49da5117584f6e13879990202c66cbb8adf7b,gx-no-cache=1521117274401 HTTP/1.1" 200 30
186.103.196.84 - - [15/Mar/2018:09:35:24 -0300] "GET /cormun/servlet/solicitudot?7164a535d24fb6b934ed4d3041edf95bb904a6b40a24f9846e8cb9dd2cd8f7ae9fbae8973de24102e7d9736290a73b2de6f57aa05f3af47d9ae64e33fd281e8526f00e779ed4b31d5453e9c29bb4af3b35189e02019381fedd997452939787eda01cc815be0ada1c4150069c1a2fd876,gx-no-cache=1521117273194 HTTP/1.1" 200 29
200.54.247.70 - - [15/Mar/2018:09:35:24 -0300] "POST /cormun/servlet/solicitudotadjuntos?436ea30e46dc89f165cbe1d11ec524a8,INS,2018,10501,,1,,gx-no-cache=1521117274468 HTTP/1.1" 200 3985
186.103.196.84 - - [15/Mar/2018:09:35:24 -0300] "POST /cormun/servlet/solicitudot?gx-no-cache=1521117273280 HTTP/1.1" 200 1319
186.103.196.84 - - [15/Mar/2018:09:35:24 -0300] "POST /cormun/servlet/solicitudot?gx-no-cache=1521117273389 HTTP/1.1" 200 1218
200.54.247.70 - - [15/Mar/2018:09:35:27 -0300] "POST /cormun/servlet/solicitudotadjuntos?gx-no-cache=1521117276901 HTTP/1.1" 200 26
190.151.124.170 - - [15/Mar/2018:09:35:59 -0300] "POST /cormun/servlet/solicitudot?gx-no-cache=1521117307888 HTTP/1.1" 200 1319
190.151.124.170 - - [15/Mar/2018:09:36:00 -0300] "POST /cormun/servlet/solicitudot?gx-no-cache=1521117308075 HTTP/1.1" 200 1218
190.151.124.170 - - [15/Mar/2018:09:36:00 -0300] "GET /cormun/servlet/solicitudot?7164a535d24fb6b934ed4d3041edf95bd950f16bba70483e2a16d22415637190bc78143132f053b582eaa85a9a419d1c,gx-no-cache=1521117309356 HTTP/1.1" 200 30
190.151.124.170 - - [15/Mar/2018:09:36:00 -0300] "POST /cormun/servlet/solicitudot?gx-no-cache=1521117309421 HTTP/1.1" 200 30
190.151.124.170 - - [15/Mar/2018:09:36:01 -0300] "POST /cormun/servlet/solicitudot?8da7dd6f46b9eaa66ff908c36550c5ba,UPD,2018,10467,,gx-no-cache=1521117309520 HTTP/1.1" 200 93
190.151.124.170 - - [15/Mar/2018:09:36:02 -0300] "GET /cormun/servlet/hpexe_return? HTTP/1.1" 200 1014
190.151.124.170 - - [15/Mar/2018:09:36:02 -0300] "GET /cormun/servlet/trsolicitudot HTTP/1.1" 200 8782
190.151.124.170 - - [15/Mar/2018:09:36:02 -0300] "GET /cormun/servlet/trsolicitudot HTTP/1.1" 200 8778
200.54.247.70 - - [15/Mar/2018:09:36:35 -0300] "GET /cormun/servlet/solicitudotadjuntos?fd0a7e5f3c3f476daf5e1173eedf3b195deaa0847a610ca4f2637bcafcf68173,gx-no-cache=1521117345340 HTTP/1.1" 200 30
200.54.247.70 - - [15/Mar/2018:09:36:35 -0300] "GET /cormun/servlet/solicitudotadjuntos?fd0a7e5f3c3f476daf5e1173eedf3b195deaa0847a610ca4f2637bcafcf68173,gx-no-cache=1521117345430 HTTP/1.1" 200 30
186.67.84.236 - - [15/Mar/2018:09:36:47 -0300] "POST /cormun/servlet/trsolicitudot?8da7dd6f46b9eaa66ff908c36550c5ba,gx-no-cache=1521117355877 HTTP/1.1" 200 4681
186.67.84.236 - - [15/Mar/2018:09:36:47 -0300] "GET /cormun/static/Shared/jqueryui/images/ui-bg_highlight-soft_100_c6c2c8_1x100.png HTTP/1.1" 404 1117
186.67.84.236 - - [15/Mar/2018:09:36:47 -0300] "GET /cormun/static/Shared/jqueryui/images/ui-icons_82798d_256x240.png HTTP/1.1" 404 1089
152.231.70.146 - - [15/Mar/2018:09:36:48 -0300] "GET /cormun/static/Shared/jqueryui/images/ui-bg_flat_55_fafafa_40x100.png HTTP/1.1" 404 1097
200.54.18.125 - - [15/Mar/2018:09:36:48 -0300] "POST /cormun/servlet/trsolicitudot?8da7dd6f46b9eaa66ff908c36550c5ba,gx-no-cache=1521117356455 HTTP/1.1" 200 4455
186.67.84.236 - - [15/Mar/2018:09:36:48 -0300] "GET /cormun/static/Shared/jqueryui/images/ui-icons_8d78a5_256x240.png HTTP/1.1" 404 1089
186.67.84.236 - - [15/Mar/2018:09:36:53 -0300] "POST /cormun/servlet/trsolicitudot?8da7dd6f46b9eaa66ff908c36550c5ba,gx-no-cache=1521117361761 HTTP/1.1" 200 8004
186.67.84.236 - - [15/Mar/2018:09:37:06 -0300] "POST /cormun/servlet/trsolicitudot?8da7dd6f46b9eaa66ff908c36550c5ba,gx-no-cache=1521117374122 HTTP/1.1" 200 7982
186.103.157.246 - - [15/Mar/2018:09:37:08 -0300] "GET /cormun/servlet/hlogin HTTP/1.1" 200 1728
186.103.157.246 - - [15/Mar/2018:09:37:08 -0300] "GET /cormun/static/gxcfg.js?20175251213516 HTTP/1.1" 200 953
186.103.157.246 - - [15/Mar/2018:09:37:08 -0300] "GET /cormun/static/gxtimezone.js?85251 HTTP/1.1" 200 5781
186.103.157.246 - - [15/Mar/2018:09:37:08 -0300] "GET /cormun/static/Resources/Spanish/PXTools.css?11423723 HTTP/1.1" 200 89042
186.103.157.246 - - [15/Mar/2018:09:37:08 -0300] "GET /cormun/static/messages.spa.js?85251 HTTP/1.1" 200 30736
186.103.157.246 - - [15/Mar/2018:09:37:09 -0300] "GET /cormun/static/hlogin.js?20175251213537 HTTP/1.1" 200 2136
186.103.157.246 - - [15/Mar/2018:09:37:09 -0300] "GET /cormun/static/Resources/ComunLogin.png HTTP/1.1" 200 17326
186.103.157.246 - - [15/Mar/2018:09:37:09 -0300] "GET /cormun/static/gxgral.js?85251 HTTP/1.1" 200 384558
186.103.157.246 - - [15/Mar/2018:09:37:09 -0300] "GET /cormun/static/Resources/PXToolsLoginTop.png HTTP/1.1" 200 1337
186.103.157.246 - - [15/Mar/2018:09:37:09 -0300] "GET /cormun/static/Resources/PXToolsLoginBackground.png HTTP/1.1" 200 1164
186.103.157.246 - - [15/Mar/2018:09:37:09 -0300] "GET /cormun/static/Resources/PXToolsButtonLeft21.png HTTP/1.1" 200 1287
186.103.157.246 - - [15/Mar/2018:09:37:10 -0300] "GET /cormun/static/Resources/PXToolsButtonRight21.png HTTP/1.1" 200 1283
186.103.157.246 - - [15/Mar/2018:09:37:10 -0300] "GET /cormun/static/Resources/PXToolsButtonBackground2.png HTTP/1.1" 200 1181
186.103.157.246 - - [15/Mar/2018:09:37:10 -0300] "GET /cormun/static/Resources/PXToolsLoginBottom.png HTTP/1.1" 200 1389
186.103.157.246 - - [15/Mar/2018:09:37:10 -0300] "GET /cormun/static/Resources/indicator.gif HTTP/1.1" 200 1553
186.103.159.44 - - [15/Mar/2018:09:37:22 -0300] "POST /cormun/servlet/trsolicitudot?efc50c3643c2033956517ccef43ccc68,,gx-no-cache=1521117392097 HTTP/1.1" 200 4479
186.103.159.44 - - [15/Mar/2018:09:37:28 -0300] "GET /cormun/servlet/trsolicitudot? HTTP/1.1" 200 7369
186.103.157.246 - - [15/Mar/2018:09:37:32 -0300] "POST /cormun/servlet/hlogin?f69e1de64fab92973b1c02239bceffe8,gx-no-cache=1521117401266 HTTP/1.1" 200 90
186.103.157.246 - - [15/Mar/2018:09:37:32 -0300] "GET /cormun/servlet/hpexe_link HTTP/1.1" 200 956
186.103.157.246 - - [15/Mar/2018:09:37:32 -0300] "GET /cormun/static/gxcfg.js?20177612121792 HTTP/1.1" 200 953
186.103.157.246 - - [15/Mar/2018:09:37:32 -0300] "GET /cormun/static/hpexe_link.js?20177612121795 HTTP/1.1" 200 625
186.103.159.44 - - [15/Mar/2018:09:37:33 -0300] "GET /cormun/servlet/solicitudot?INS,0,0, HTTP/1.1" 200 13587
186.103.157.246 - - [15/Mar/2018:09:37:35 -0300] "GET /cormun/static/Resources/Spanish/PXTools.css?1155365 HTTP/1.1" 200 89042
186.103.157.246 - - [15/Mar/2018:09:37:36 -0300] "GET /cormun/servlet/hhome HTTP/1.1" 200 4110
186.103.157.246 - - [15/Mar/2018:09:37:36 -0300] "GET /cormun/static/SmoothNavMenu/resources/ddsmoothmenu-v.css?1012540 HTTP/1.1" 200 1188
186.103.157.246 - - [15/Mar/2018:09:37:36 -0300] "GET /cormun/static/SmoothNavMenu/resources/ddsmoothmenu.css?1012540 HTTP/1.1" 200 2223
186.103.157.246 - - [15/Mar/2018:09:37:36 -0300] "GET /cormun/static/scaMessage/css/jquery.pnotify.default.css?1716380 HTTP/1.1" 200 1707
186.103.157.246 - - [15/Mar/2018:09:37:37 -0300] "GET /cormun/static/gxcfg.js?20175251212442 HTTP/1.1" 200 953
186.103.157.246 - - [15/Mar/2018:09:37:37 -0300] "GET /cormun/static/PXToolsJavascripts/pexe_cookies.js HTTP/1.1" 200 792
186.103.157.246 - - [15/Mar/2018:09:37:37 -0300] "GET /cormun/static/PXToolsJavascripts/pexe_autoreload.js HTTP/1.1" 200 1762
186.103.157.246 - - [15/Mar/2018:09:37:37 -0300] "GET /cormun/static/PXToolsJavascripts/pexe_windows.js HTTP/1.1" 200 15207
186.103.157.246 - - [15/Mar/2018:09:37:37 -0300] "GET /cormun/static/PXToolsJavascripts/pexe_grid.js HTTP/1.1" 200 7559
186.103.157.246 - - [15/Mar/2018:09:37:37 -0300] "GET /cormun/static/Shared/jqueryui/jquery-ui.min.css?1245370 HTTP/1.1" 200 30288
186.103.157.246 - - [15/Mar/2018:09:37:37 -0300] "GET /cormun/static/PXToolsJavascripts/pexe_griddivfix.js HTTP/1.1" 200 6644
186.103.157.246 - - [15/Mar/2018:09:37:38 -0300] "GET /cormun/static/PXToolsJavascripts/pexe_link.js HTTP/1.1" 200 5671
186.103.157.246 - - [15/Mar/2018:09:37:38 -0300] "GET /cormun/static/PXToolsJavascripts/pexe_menus.js HTTP/1.1" 200 1286
186.103.157.246 - - [15/Mar/2018:09:37:38 -0300] "GET /cormun/static/PXToolsJavascripts/pexe_menudivfix.js HTTP/1.1" 200 333
186.103.157.246 - - [15/Mar/2018:09:37:38 -0300] "GET /cormun/static/PXToolsJavascripts/pexe_layers.js HTTP/1.1" 200 4114
186.103.157.246 - - [15/Mar/2018:09:37:38 -0300] "GET /cormun/static/PXToolsJavascripts/pexe_oav.js HTTP/1.1" 200 645
186.103.157.246 - - [15/Mar/2018:09:37:38 -0300] "GET /cormun/static/PXToolsJavascripts/pexe_oavdivfix.js HTTP/1.1" 200 639
186.103.157.246 - - [15/Mar/2018:09:37:38 -0300] "GET /cormun/static/PXToolsJavascripts/pexe_picture.js HTTP/1.1" 200 689
186.103.157.246 - - [15/Mar/2018:09:37:38 -0300] "GET /cormun/static/PXToolsJavascripts/pexe_popup.js HTTP/1.1" 200 13458
186.103.157.246 - - [15/Mar/2018:09:37:38 -0300] "GET /cormun/static/PXToolsJavascripts/pexe_scrolldiv.js HTTP/1.1" 200 4138
186.103.157.246 - - [15/Mar/2018:09:37:38 -0300] "GET /cormun/static/PXToolsJavascripts/pexe_tabdivfix.js HTTP/1.1" 200 876
186.103.157.246 - - [15/Mar/2018:09:37:38 -0300] "GET /cormun/static/PXToolsJavascripts/pexe_tabs.js HTTP/1.1" 200 3748
186.103.157.246 - - [15/Mar/2018:09:37:39 -0300] "GET /cormun/static/PXToolsJavascripts/pexe_upload.js HTTP/1.1" 200 1423
186.103.157.246 - - [15/Mar/2018:09:37:39 -0300] "GET /cormun/static/PXToolsJavascripts/PXToolsJavascriptsRender.js HTTP/1.1" 200 367
152.231.70.146 - - [15/Mar/2018:09:37:39 -0300] "POST /cormun/servlet/trsolicitudot?8da7dd6f46b9eaa66ff908c36550c5ba,gx-no-cache=1521117407066 HTTP/1.1" 200 7981
186.103.157.246 - - [15/Mar/2018:09:37:40 -0300] "GET /cormun/static/RunJS/RunJS.js HTTP/1.1" 200 288
186.103.157.246 - - [15/Mar/2018:09:37:43 -0300] "GET /cormun/static/Shared/ext/locale/ext-lang-en.js HTTP/1.1" 200 10940
186.103.157.246 - - [15/Mar/2018:09:37:43 -0300] "GET /cormun/static/hhome.js?20175251212450 HTTP/1.1" 200 777
186.103.157.246 - - [15/Mar/2018:09:37:43 -0300] "GET /cormun/static/hpexe_recentlink.js?20177611595044 HTTP/1.1" 200 2144
186.103.157.246 - - [15/Mar/2018:09:37:43 -0300] "GET /cormun/static/hwchdr01.js?201752511465785 HTTP/1.1" 200 1183
186.103.157.246 - - [15/Mar/2018:09:37:43 -0300] "GET /cormun/static/Resources/PXToolsFooterBackground2.png HTTP/1.1" 200 1172
186.103.157.246 - - [15/Mar/2018:09:37:44 -0300] "GET /cormun/static/Resources/PXToolsHeaderActionsBackground.png HTTP/1.1" 200 484
186.103.157.246 - - [15/Mar/2018:09:37:44 -0300] "GET /cormun/static/Resources/PXToolsHeaderLogin.png HTTP/1.1" 200 4279
186.103.157.246 - - [15/Mar/2018:09:37:44 -0300] "GET /cormun/static/Resources/PXToolsHeaderBackground2.png HTTP/1.1" 200 1174
186.103.159.44 - - [15/Mar/2018:09:37:44 -0300] "POST /cormun/servlet/solicitudot?gx-no-cache=1521117415118 HTTP/1.1" 200 3407
186.103.157.246 - - [15/Mar/2018:09:37:45 -0300] "GET /cormun/static/Resources/PXToolsHeaderHome.png HTTP/1.1" 200 4147
186.103.157.246 - - [15/Mar/2018:09:37:45 -0300] "GET /cormun/static/Resources/logo4.png HTTP/1.1" 200 6582
186.103.159.44 - - [15/Mar/2018:09:37:45 -0300] "POST /cormun/servlet/solicitudot?efc50c3643c2033956517ccef43ccc68,INS,0,0,,gx-no-cache=1521117415996 HTTP/1.1" 200 10585
186.103.157.246 - - [15/Mar/2018:09:37:45 -0300] "GET /cormun/static/Resources/PXToolsHeaderActionsLeft.png HTTP/1.1" 200 1118
186.103.157.246 - - [15/Mar/2018:09:37:45 -0300] "GET /cormun/static/Resources/PXToolsHeaderSecurity.png HTTP/1.1" 200 4166
186.103.157.246 - - [15/Mar/2018:09:37:46 -0300] "GET /cormun/static/Resources/PXToolsHeaderPreferences.png HTTP/1.1" 200 4189
186.103.157.246 - - [15/Mar/2018:09:37:47 -0300] "GET /cormun/static/Resources/PXToolsHeaderActionsRight.png HTTP/1.1" 200 1201
186.103.157.246 - - [15/Mar/2018:09:37:47 -0300] "GET /cormun/static/hpexe_messagecontroller.js?20177611595012 HTTP/1.1" 200 870
186.103.157.246 - - [15/Mar/2018:09:37:48 -0300] "GET /cormun/static/hpexe_scripts.js?201752511465715 HTTP/1.1" 200 1544
186.103.157.246 - - [15/Mar/2018:09:37:48 -0300] "GET /cormun/static/hpexe_messagepopupcomponent.js?20161017169425 HTTP/1.1" 200 605
186.103.157.246 - - [15/Mar/2018:09:37:48 -0300] "GET /cormun/static/hpexe_messagegenexuscomponent.js?201752511465344 HTTP/1.1" 200 587
186.103.157.246 - - [15/Mar/2018:09:37:48 -0300] "GET /cormun/static/cmcontrolpreferences.js?201752511465670 HTTP/1.1" 200 1375
186.103.157.246 - - [15/Mar/2018:09:37:48 -0300] "GET /cormun/static/Resources/PXToolsDataTitle.png HTTP/1.1" 200 1173
186.103.157.246 - - [15/Mar/2018:09:37:49 -0300] "GET /cormun/static/SmoothNavMenu/resources/ddsmoothmenu.js HTTP/1.1" 200 12712
186.103.157.246 - - [15/Mar/2018:09:38:14 -0300] "GET /cormun/static/SmoothNavMenu/resources/SmoothNavMenuRender.js HTTP/1.1" 200 5951
186.103.159.46 - - [15/Mar/2018:09:38:14 -0300] "GET /cormun/servlet/hlogin HTTP/1.1" 200 1729
186.103.157.246 - - [15/Mar/2018:09:38:17 -0300] "GET /cormun/static/Shared/jquery/jquery-1.4.2.min.js HTTP/1.1" 200 72174
