200.111.191.210 - - [14/Mar/2018:13:07:17 -0300] "POST /cormun/servlet/solicitudotadjuntos?a7fdaaf6e60c0595d8f51ce71f17aea9,INS,2018,10470,,1,,gx-no-cache=1521043587863 HTTP/1.1" 200 3811
200.111.191.210 - - [14/Mar/2018:13:07:20 -0300] "POST /cormun/servlet/solicitudotadjuntos?gx-no-cache=1521043590091 HTTP/1.1" 200 26
200.111.191.210 - - [14/Mar/2018:13:07:25 -0300] "GET /cormun/servlet/solicitudotadjuntos?6aeb92df2962fa30aea93bef3e9a6d77363b454699f7947986419b9649516b74,gx-no-cache=1521043595823 HTTP/1.1" 200 30
200.111.191.210 - - [14/Mar/2018:13:07:25 -0300] "GET /cormun/servlet/solicitudotadjuntos?6aeb92df2962fa30aea93bef3e9a6d77363b454699f7947986419b9649516b74,gx-no-cache=1521043595848 HTTP/1.1" 200 30
186.103.161.206 - - [14/Mar/2018:13:07:26 -0300] "GET /cormun/servlet/solicitudot?INS,0,0, HTTP/1.1" 200 13517
186.103.161.206 - - [14/Mar/2018:13:07:27 -0300] "GET /cormun/servlet/solicitudot?INS,0,0, HTTP/1.1" 200 13522
200.111.191.210 - - [14/Mar/2018:13:07:28 -0300] "POST /cormun/servlet/solicitudotadjuntos?a7fdaaf6e60c0595d8f51ce71f17aea9,INS,2018,10470,,1, HTTP/1.1" 200 116
200.111.191.210 - - [14/Mar/2018:13:07:28 -0300] "GET /cormun/servlet/hpexe_return? HTTP/1.1" 200 1019
200.111.191.210 - - [14/Mar/2018:13:07:29 -0300] "GET /cormun/servlet/trsolicitudadjuntos?2018,10470, HTTP/1.1" 200 9309
200.111.191.210 - - [14/Mar/2018:13:07:30 -0300] "GET /cormun/servlet/trsolicitudadjuntos?2018,10470, HTTP/1.1" 200 9308
200.111.191.210 - - [14/Mar/2018:13:07:31 -0300] "GET /cormun/servlet/solicitudotadjuntos?INS,2018,10470,,1, HTTP/1.1" 200 5997
200.111.191.210 - - [14/Mar/2018:13:07:31 -0300] "GET /cormun/static/about:blank HTTP/1.1" 404 1011
200.111.191.210 - - [14/Mar/2018:13:07:31 -0300] "GET /cormun/servlet/solicitudotadjuntos?INS,2018,10470,,1, HTTP/1.1" 200 5991
200.111.191.210 - - [14/Mar/2018:13:07:32 -0300] "GET /cormun/servlet/solicitudotadjuntos?6aeb92df2962fa30aea93bef3e9a6d77b82814a71644423c3f8a7d48fd50a71e470a6301b1561a6fdff8c97cba8b7db6,gx-no-cache=1521043602457 HTTP/1.1" 200 30
200.111.191.210 - - [14/Mar/2018:13:07:32 -0300] "POST /cormun/servlet/solicitudotadjuntos?a7fdaaf6e60c0595d8f51ce71f17aea9,INS,2018,10470,,1,,gx-no-cache=1521043602494 HTTP/1.1" 200 3811
200.111.191.210 - - [14/Mar/2018:13:07:34 -0300] "POST /cormun/servlet/solicitudotadjuntos?gx-no-cache=1521043604803 HTTP/1.1" 200 26
200.111.191.210 - - [14/Mar/2018:13:07:39 -0300] "GET /cormun/servlet/solicitudotadjuntos?6aeb92df2962fa30aea93bef3e9a6d77363b454699f7947986419b9649516b74,gx-no-cache=1521043609955 HTTP/1.1" 200 30
200.111.191.210 - - [14/Mar/2018:13:07:39 -0300] "GET /cormun/servlet/solicitudotadjuntos?6aeb92df2962fa30aea93bef3e9a6d77363b454699f7947986419b9649516b74,gx-no-cache=1521043609964 HTTP/1.1" 200 30
200.111.191.210 - - [14/Mar/2018:13:07:40 -0300] "POST /cormun/servlet/solicitudotadjuntos?a7fdaaf6e60c0595d8f51ce71f17aea9,INS,2018,10470,,1, HTTP/1.1" 200 116
200.111.191.210 - - [14/Mar/2018:13:07:40 -0300] "GET /cormun/servlet/hpexe_return? HTTP/1.1" 200 1019
200.111.191.210 - - [14/Mar/2018:13:07:41 -0300] "GET /cormun/servlet/trsolicitudadjuntos?2018,10470, HTTP/1.1" 200 9548
200.111.191.210 - - [14/Mar/2018:13:07:42 -0300] "GET /cormun/servlet/trsolicitudadjuntos?2018,10470, HTTP/1.1" 200 9552
200.111.191.210 - - [14/Mar/2018:13:07:45 -0300] "GET /cormun/servlet/trsolicitudot? HTTP/1.1" 200 8549
190.151.100.218 - - [14/Mar/2018:13:07:45 -0300] "POST /cormun/servlet/solicitudot?gx-no-cache=1521043614339 HTTP/1.1" 200 3284
200.111.191.210 - - [14/Mar/2018:13:07:45 -0300] "GET /cormun/servlet/trsolicitudot? HTTP/1.1" 200 8543
190.151.100.218 - - [14/Mar/2018:13:07:45 -0300] "POST /cormun/servlet/solicitudot?f98e8896c0d159a74849e8d1939d6151,INS,0,0,,gx-no-cache=1521043615102 HTTP/1.1" 200 10434
200.111.191.210 - - [14/Mar/2018:13:07:47 -0300] "POST /cormun/servlet/trsolicitudot?a7fdaaf6e60c0595d8f51ce71f17aea9,,gx-no-cache=1521043617466 HTTP/1.1" 200 4481
200.111.191.210 - - [14/Mar/2018:13:07:47 -0300] "GET /cormun/static/Shared/jqueryui/images/ui-bg_highlight-soft_100_c6c2c8_1x100.png HTTP/1.1" 404 1117
200.111.191.210 - - [14/Mar/2018:13:07:47 -0300] "GET /cormun/static/Shared/jqueryui/images/ui-bg_flat_55_fafafa_40x100.png HTTP/1.1" 404 1097
200.111.191.210 - - [14/Mar/2018:13:07:47 -0300] "GET /cormun/static/Shared/jqueryui/images/ui-icons_8d78a5_256x240.png HTTP/1.1" 404 1089
200.111.191.210 - - [14/Mar/2018:13:07:47 -0300] "GET /cormun/static/Shared/jqueryui/images/ui-icons_82798d_256x240.png HTTP/1.1" 404 1089
200.111.191.210 - - [14/Mar/2018:13:07:47 -0300] "POST /cormun/servlet/trsolicitudot?a7fdaaf6e60c0595d8f51ce71f17aea9,,gx-no-cache=1521043617746 HTTP/1.1" 200 4256
190.151.100.218 - - [14/Mar/2018:13:07:50 -0300] "GET /cormun/servlet/solicitudot?aaecfe07791d48516e321f7b06374a4a741d6fcc08147985f4f375e502077d08ab42f85f1f558f2fac43be46e02040f2,gx-no-cache=1521043619925 HTTP/1.1" 200 30
200.111.191.210 - - [14/Mar/2018:13:07:50 -0300] "GET /cormun/servlet/trpermisosgoce? HTTP/1.1" 200 8633
200.111.191.210 - - [14/Mar/2018:13:07:51 -0300] "GET /cormun/servlet/trpermisosgoce? HTTP/1.1" 200 8633
200.111.191.210 - - [14/Mar/2018:13:08:05 -0300] "GET /cormun/servlet/hlogin HTTP/1.1" 200 1731
200.111.191.210 - - [14/Mar/2018:13:08:14 -0300] "POST /cormun/servlet/hlogin?a7fdaaf6e60c0595d8f51ce71f17aea9,gx-no-cache=1521043644004 HTTP/1.1" 200 90
200.111.191.210 - - [14/Mar/2018:13:08:14 -0300] "GET /cormun/servlet/hpexe_link HTTP/1.1" 200 944
200.111.191.210 - - [14/Mar/2018:13:08:14 -0300] "GET /cormun/servlet/hhome HTTP/1.1" 200 4185
200.111.191.210 - - [14/Mar/2018:13:08:14 -0300] "GET /cormun/servlet/hhome HTTP/1.1" 200 4181
200.111.191.210 - - [14/Mar/2018:13:08:17 -0300] "GET /cormun/servlet/trautorizarsolicitud? HTTP/1.1" 200 9035
200.111.191.210 - - [14/Mar/2018:13:08:17 -0300] "GET /cormun/servlet/trautorizarsolicitud? HTTP/1.1" 200 9033
200.54.247.70 - - [14/Mar/2018:13:08:18 -0300] "GET /cormun/servlet/hlogin HTTP/1.1" 200 1726
200.54.247.70 - - [14/Mar/2018:13:08:18 -0300] "GET /cormun/static/Resources/Spanish/PXTools.css?11423723 HTTP/1.1" 304 -
200.54.247.70 - - [14/Mar/2018:13:08:18 -0300] "GET /cormun/static/gxtimezone.js?85251 HTTP/1.1" 304 -
200.54.247.70 - - [14/Mar/2018:13:08:18 -0300] "GET /cormun/static/gxgral.js?85251 HTTP/1.1" 304 -
200.54.247.70 - - [14/Mar/2018:13:08:18 -0300] "GET /cormun/static/gxcfg.js?20175251213516 HTTP/1.1" 304 -
200.54.247.70 - - [14/Mar/2018:13:08:18 -0300] "GET /cormun/static/messages.spa.js?85251 HTTP/1.1" 304 -
200.54.247.70 - - [14/Mar/2018:13:08:18 -0300] "GET /cormun/static/hlogin.js?20175251213537 HTTP/1.1" 304 -
200.54.247.70 - - [14/Mar/2018:13:08:18 -0300] "GET /cormun/static/Resources/ComunLogin.png HTTP/1.1" 304 -
200.54.247.70 - - [14/Mar/2018:13:08:19 -0300] "GET /cormun/static/Resources/indicator.gif HTTP/1.1" 304 -
200.111.191.210 - - [14/Mar/2018:13:08:20 -0300] "GET /cormun/servlet/veautorizarsolicitud?2018,10473,, HTTP/1.1" 200 8580
200.111.191.210 - - [14/Mar/2018:13:08:20 -0300] "GET /cormun/static/gxcfg.js?2017111423404691 HTTP/1.1" 200 953
200.111.191.210 - - [14/Mar/2018:13:08:20 -0300] "GET /cormun/pexe_scrolldiv.js HTTP/1.1" 404 1009
200.111.191.210 - - [14/Mar/2018:13:08:20 -0300] "GET /cormun/static/veautorizarsolicitud.js?2017111423404756 HTTP/1.1" 200 6140
200.111.191.210 - - [14/Mar/2018:13:08:20 -0300] "GET /cormun/static/tbautorizarsolicitud01.js?2017111423392092 HTTP/1.1" 200 30580
200.111.191.210 - - [14/Mar/2018:13:08:20 -0300] "GET /cormun/servlet/veautorizarsolicitud?2018,10473,, HTTP/1.1" 200 8580
200.54.247.70 - - [14/Mar/2018:13:08:27 -0300] "POST /cormun/servlet/hlogin?f965ace18304cbaa6bb42ca6c41be76e,gx-no-cache=1521043656358 HTTP/1.1" 200 90
200.54.247.70 - - [14/Mar/2018:13:08:27 -0300] "GET /cormun/servlet/hpexe_link HTTP/1.1" 200 957
200.54.247.70 - - [14/Mar/2018:13:08:27 -0300] "GET /cormun/servlet/hhome HTTP/1.1" 200 4240
200.54.247.70 - - [14/Mar/2018:13:08:30 -0300] "GET /cormun/servlet/trsolicitudot? HTTP/1.1" 200 7456
200.54.247.70 - - [14/Mar/2018:13:08:32 -0300] "GET /cormun/servlet/solicitudot?INS,0,0, HTTP/1.1" 200 13684
200.111.191.210 - - [14/Mar/2018:13:08:37 -0300] "GET /cormun/servlet/trautorizarsolicitud? HTTP/1.1" 200 9034
200.111.191.210 - - [14/Mar/2018:13:08:37 -0300] "GET /cormun/servlet/trautorizarsolicitud? HTTP/1.1" 200 9033
200.111.191.210 - - [14/Mar/2018:13:08:39 -0300] "POST /cormun/servlet/trautorizarsolicitud?a7fdaaf6e60c0595d8f51ce71f17aea9,,gx-no-cache=1521043669808 HTTP/1.1" 200 5790
200.111.191.210 - - [14/Mar/2018:13:08:39 -0300] "GET /cormun/static/Shared/jqueryui/images/ui-bg_highlight-soft_100_c6c2c8_1x100.png HTTP/1.1" 404 1117
200.111.191.210 - - [14/Mar/2018:13:08:39 -0300] "GET /cormun/static/Shared/jqueryui/images/ui-icons_8d78a5_256x240.png HTTP/1.1" 404 1089
200.111.191.210 - - [14/Mar/2018:13:08:39 -0300] "GET /cormun/static/Shared/jqueryui/images/ui-icons_82798d_256x240.png HTTP/1.1" 404 1089
200.111.191.210 - - [14/Mar/2018:13:08:39 -0300] "GET /cormun/static/Shared/jqueryui/images/ui-bg_flat_55_fafafa_40x100.png HTTP/1.1" 404 1097
200.111.191.210 - - [14/Mar/2018:13:08:40 -0300] "POST /cormun/servlet/trautorizarsolicitud?a7fdaaf6e60c0595d8f51ce71f17aea9,,gx-no-cache=1521043669996 HTTP/1.1" 200 5737
200.111.191.210 - - [14/Mar/2018:13:08:41 -0300] "POST /cormun/servlet/trautorizarsolicitud?a7fdaaf6e60c0595d8f51ce71f17aea9,,gx-no-cache=1521043671016 HTTP/1.1" 200 4606
200.111.191.210 - - [14/Mar/2018:13:08:41 -0300] "POST /cormun/servlet/trautorizarsolicitud?a7fdaaf6e60c0595d8f51ce71f17aea9,,gx-no-cache=1521043671146 HTTP/1.1" 200 4378
200.111.191.210 - - [14/Mar/2018:13:08:47 -0300] "GET /cormun/servlet/trvisualizadoreventos? HTTP/1.1" 200 6934
200.111.191.210 - - [14/Mar/2018:13:08:47 -0300] "GET /cormun/static/gxcfg.js?20175251251426 HTTP/1.1" 200 953
200.111.191.210 - - [14/Mar/2018:13:08:47 -0300] "GET /cormun/static/trvisualizadoreventos.js?20175251251768 HTTP/1.1" 200 19318
200.111.191.210 - - [14/Mar/2018:13:08:47 -0300] "GET /cormun/static/Resources/PXToolsActionPrint.png HTTP/1.1" 200 3317
200.111.191.210 - - [14/Mar/2018:13:08:47 -0300] "GET /cormun/servlet/trvisualizadoreventos? HTTP/1.1" 200 6933
200.111.191.210 - - [14/Mar/2018:13:08:51 -0300] "GET /cormun/static/menuarrow.gif HTTP/1.1" 404 1015
200.111.191.210 - - [14/Mar/2018:13:08:58 -0300] "POST /cormun/servlet/trvisualizadoreventos?a7fdaaf6e60c0595d8f51ce71f17aea9,,gx-no-cache=1521043688939 HTTP/1.1" 200 4128
200.111.191.210 - - [14/Mar/2018:13:09:02 -0300] "POST /cormun/servlet/trvisualizadoreventos?a7fdaaf6e60c0595d8f51ce71f17aea9,,gx-no-cache=1521043692828 HTTP/1.1" 200 5738
200.111.191.210 - - [14/Mar/2018:13:09:12 -0300] "POST /cormun/servlet/trvisualizadoreventos?a7fdaaf6e60c0595d8f51ce71f17aea9,,gx-no-cache=1521043702712 HTTP/1.1" 200 5703
200.111.191.210 - - [14/Mar/2018:13:09:18 -0300] "POST /cormun/servlet/trvisualizadoreventos?a7fdaaf6e60c0595d8f51ce71f17aea9,,gx-no-cache=1521043708620 HTTP/1.1" 200 6967
200.54.247.70 - - [14/Mar/2018:13:09:29 -0300] "POST /cormun/servlet/solicitudot?gx-no-cache=1521043718341 HTTP/1.1" 200 3284
200.54.247.70 - - [14/Mar/2018:13:09:29 -0300] "POST /cormun/servlet/solicitudot?f965ace18304cbaa6bb42ca6c41be76e,INS,0,0,,gx-no-cache=1521043718615 HTTP/1.1" 200 10445
200.54.247.70 - - [14/Mar/2018:13:09:34 -0300] "GET /cormun/servlet/solicitudot?8fc2a2041cb15f07a2950343e1c6e25fad556ac0d63202a886266967f34d2078ff0a75fa5ff4cc955c78760646e891a9,gx-no-cache=1521043723508 HTTP/1.1" 200 30
200.111.191.210 - - [14/Mar/2018:13:09:40 -0300] "GET /cormun/servlet/trautorizarsolicitud? HTTP/1.1" 200 7294
200.111.191.210 - - [14/Mar/2018:13:09:40 -0300] "GET /cormun/servlet/trautorizarsolicitud? HTTP/1.1" 200 7294
200.111.191.210 - - [14/Mar/2018:13:09:43 -0300] "GET /cormun/static/menuarrow.gif HTTP/1.1" 404 1015
200.111.191.210 - - [14/Mar/2018:13:09:51 -0300] "POST /cormun/servlet/trautorizarsolicitud?a7fdaaf6e60c0595d8f51ce71f17aea9,,gx-no-cache=1521043741371 HTTP/1.1" 200 17857
186.79.4.176 - - [14/Mar/2018:13:11:00 -0300] "GET /cormun/servlet/hlogin HTTP/1.1" 200 1730
186.79.4.176 - - [14/Mar/2018:13:11:01 -0300] "POST /cormun/servlet/hlogin?c6ee1c2fac5e9d5d697f8a4c47ee7ca6,gx-no-cache=1521043812001 HTTP/1.1" 200 90
186.79.4.176 - - [14/Mar/2018:13:11:01 -0300] "GET /cormun/servlet/hpexe_link HTTP/1.1" 200 955
186.79.4.176 - - [14/Mar/2018:13:11:02 -0300] "GET /cormun/servlet/hhome HTTP/1.1" 200 4163
186.79.4.176 - - [14/Mar/2018:13:11:02 -0300] "GET /cormun/servlet/hhome HTTP/1.1" 200 4162
186.79.4.176 - - [14/Mar/2018:13:11:06 -0300] "GET /cormun/servlet/trautorizarsolicitud? HTTP/1.1" 200 7278
186.79.4.176 - - [14/Mar/2018:13:11:06 -0300] "GET /cormun/servlet/trautorizarsolicitud? HTTP/1.1" 200 7277
186.79.4.176 - - [14/Mar/2018:13:12:17 -0300] "POST /cormun/servlet/trautorizarsolicitud?c6ee1c2fac5e9d5d697f8a4c47ee7ca6,,gx-no-cache=1521043885785 HTTP/1.1" 200 10583
192.168.10.89 - - [14/Mar/2018:13:13:36 -0300] "GET /cormun/servlet/trsolicitudgral? HTTP/1.1" 200 13734
192.168.10.89 - - [14/Mar/2018:13:13:44 -0300] "POST /cormun/servlet/trsolicitudgral?babdef60573024eb26402f316531d823,,gx-no-cache=1521043860203 HTTP/1.1" 200 7910
192.168.10.89 - - [14/Mar/2018:13:14:27 -0300] "POST /cormun/servlet/trsolicitudgral?babdef60573024eb26402f316531d823,,gx-no-cache=1521043903286 HTTP/1.1" 200 7953
192.168.10.89 - - [14/Mar/2018:13:14:27 -0300] "GET /cormun/static/Shared/jqueryui/images/ui-icons_8d78a5_256x240.png HTTP/1.1" 404 1089
192.168.10.89 - - [14/Mar/2018:13:14:27 -0300] "GET /cormun/static/Shared/jqueryui/images/ui-icons_82798d_256x240.png HTTP/1.1" 404 1089
192.168.10.89 - - [14/Mar/2018:13:14:27 -0300] "GET /cormun/static/Shared/jqueryui/images/ui-bg_highlight-soft_100_c6c2c8_1x100.png HTTP/1.1" 404 1117
192.168.10.89 - - [14/Mar/2018:13:14:27 -0300] "GET /cormun/static/Shared/jqueryui/images/ui-bg_flat_55_fafafa_40x100.png HTTP/1.1" 404 1097
190.151.100.218 - - [14/Mar/2018:13:18:43 -0300] "POST /cormun/servlet/solicitudot?gx-no-cache=1521044273504 HTTP/1.1" 200 3398
190.151.100.218 - - [14/Mar/2018:13:18:43 -0300] "POST /cormun/servlet/solicitudot?b7addda25fb8ef9637dedacf995d4aee,INS,0,0,,gx-no-cache=1521044273932 HTTP/1.1" 200 10570
186.103.156.24 - - [14/Mar/2018:13:18:49 -0300] "GET /cormun/servlet/hlogin HTTP/1.1" 200 1715
190.151.100.218 - - [14/Mar/2018:13:18:55 -0300] "GET /cormun/servlet/solicitudot?9a40248f4b34a04587160b43acd8afb516ee4130e953cec10685da45fe6d13ebf40e8f4b03f5ac3843b7091f7d631fca,gx-no-cache=1521044285489 HTTP/1.1" 200 30
190.151.100.218 - - [14/Mar/2018:13:18:55 -0300] "GET /cormun/servlet/solicitudot?9a40248f4b34a04587160b43acd8afb5f539e182e3145bccf02f2521f91537321f81023ec02ae10ea1bd912ed0bef07d,gx-no-cache=1521044285849 HTTP/1.1" 200 30
190.151.100.218 - - [14/Mar/2018:13:18:55 -0300] "GET /cormun/servlet/solicitudot?9a40248f4b34a04587160b43acd8afb5297f7f68f3e0f5741ea26b0c831673d2,gx-no-cache=1521044285933 HTTP/1.1" 200 51
190.151.100.218 - - [14/Mar/2018:13:18:55 -0300] "POST /cormun/servlet/solicitudot?gx-no-cache=1521044286005 HTTP/1.1" 200 255
190.151.100.218 - - [14/Mar/2018:13:18:55 -0300] "GET /cormun/servlet/solicitudot?9a40248f4b34a04587160b43acd8afb53a83f263fc1a308cb355a4fd2c2c2026104c3c9acd300733b479e7cdfc89aafc8afc28b07a554ef00a193a729594ea282752996aea1f9a530fb30a57107dfd9406e0d89032948d13ba0d1cd0453851c68f1036c42414c93a0eb3cbd23bd0b64c626683cba0976531abcfc6a8e2e46414c05907f0927588100b6271e4c4668bbaae5ebc47cb0cc7e57d0b09b52abbb711740bc29eaeb65c323950d6b1841a961ec216fbacfe9a732c67da6c87b20cf71eaed923d6af4933c4aa5358346cd59f796bab872a574a1779c2f6d7ad41043a4de2c18202cb8ca86c6336688fbc0b363d2fdf1150615607d94c542052b635d9ea8f316e362221f5c52422ef67af1c1a0526b8969587e58b26b939529bd7e9663ee748b3585dd0a856d69c69ea62738ecbe8e4b3ad796b8cfc1ec4de11a182e34eb2aaa0861b0fd73b398517a721616bb9d0ac8d9fb6058d6b9461d9a31c52f2531292e9a74ec54ace350557bfc73aad9d33ce36746623bf9f1873a69d20039a99,gx-no-cache=1521044286161 HTTP/1.1" 200 30
190.151.100.218 - - [14/Mar/2018:13:18:55 -0300] "POST /cormun/servlet/solicitudot?gx-no-cache=1521044286205 HTTP/1.1" 200 30
190.151.100.218 - - [14/Mar/2018:13:18:56 -0300] "POST /cormun/servlet/solicitudot?gx-no-cache=1521044286322 HTTP/1.1" 200 1337
190.151.100.218 - - [14/Mar/2018:13:18:56 -0300] "POST /cormun/servlet/solicitudot?gx-no-cache=1521044286490 HTTP/1.1" 200 38
190.151.100.218 - - [14/Mar/2018:13:18:56 -0300] "GET /cormun/servlet/solicitudot?9a40248f4b34a04587160b43acd8afb5c7b8506acab539c5a0d054ad7490585dc7122b10e473bb12a72fa3a5e67a8e6c526e392b80124148301622c9f642832cb5c751a53591ef2758a7d8a8cea786577b171ece2f1f7409e52b319cca5c0ab535203ca614643465d62edd766452eee9de5d5c7307734b4e217355f2abbdb738fc89ca8927490d4268144ca29391da594628556335cf78543e96f726ac6ade43,gx-no-cache=1521044286611 HTTP/1.1" 200 29
190.151.100.218 - - [14/Mar/2018:13:18:56 -0300] "POST /cormun/servlet/solicitudot?gx-no-cache=1521044286664 HTTP/1.1" 200 1319
190.151.100.218 - - [14/Mar/2018:13:18:56 -0300] "POST /cormun/servlet/solicitudot?gx-no-cache=1521044286818 HTTP/1.1" 200 1219
190.151.100.218 - - [14/Mar/2018:13:19:00 -0300] "GET /cormun/static/menuarrow.gif HTTP/1.1" 404 1015
186.103.156.24 - - [14/Mar/2018:13:19:04 -0300] "POST /cormun/servlet/hlogin?2e3d7cd96928b6b5e60d42ca913b5afe,gx-no-cache=1521044294620 HTTP/1.1" 200 90
186.103.156.24 - - [14/Mar/2018:13:19:04 -0300] "GET /cormun/servlet/hpexe_link HTTP/1.1" 200 945
186.103.156.24 - - [14/Mar/2018:13:19:05 -0300] "GET /cormun/servlet/hhome HTTP/1.1" 200 4230
186.103.156.24 - - [14/Mar/2018:13:19:05 -0300] "GET /cormun/servlet/hhome HTTP/1.1" 200 4226
190.151.100.218 - - [14/Mar/2018:13:19:06 -0300] "POST /cormun/servlet/solicitudot?gx-no-cache=1521044296610 HTTP/1.1" 200 255
190.151.100.218 - - [14/Mar/2018:13:19:06 -0300] "GET /cormun/servlet/solicitudot?9a40248f4b34a04587160b43acd8afb53a83f263fc1a308cb355a4fd2c2c2026104c3c9acd300733b479e7cdfc89aafc8afc28b07a554ef00a193a729594ea282752996aea1f9a530fb30a57107dfd9406e0d89032948d13ba0d1cd0453851c68f1036c42414c93a0eb3cbd23bd0b64c626683cba0976531abcfc6a8e2e46414c05907f0927588100b6271e4c4668bbaae5ebc47cb0cc7e57d0b09b52abbb711740bc29eaeb65c323950d6b1841a961ec216fbacfe9a732c67da6c87b20cf71eaed923d6af4933c4aa5358346cd59f796bab872a574a1779c2f6d7ad41043a4de2c18202cb8ca86c6336688fbc0b363d2fdf1150615607d94c542052b635d9ea8f316e362221f5c52422ef67af1c1a0526b8969587e58b26b939529bd7e9663ee748b3585dd0a856d69c69ea62738ecbe8e4b3ad796b8cfc1ec4de11a182e34eb2aaa0861b0fd73b398517a721616bb9d0ac8d9fb6058d6b9461d9a31c52f2531292e9a74ec54ace350557bfc73aad9d0c1932734c72e295e74ae35f29ba89f0,gx-no-cache=1521044296756 HTTP/1.1" 200 30
190.151.100.218 - - [14/Mar/2018:13:19:06 -0300] "POST /cormun/servlet/solicitudot?gx-no-cache=1521044296810 HTTP/1.1" 200 30
190.151.100.218 - - [14/Mar/2018:13:19:06 -0300] "POST /cormun/servlet/solicitudot?gx-no-cache=1521044296964 HTTP/1.1" 200 1337
190.151.100.218 - - [14/Mar/2018:13:19:07 -0300] "POST /cormun/servlet/solicitudot?gx-no-cache=1521044297058 HTTP/1.1" 200 38
190.151.100.218 - - [14/Mar/2018:13:19:07 -0300] "POST /cormun/servlet/solicitudot?gx-no-cache=1521044297444 HTTP/1.1" 200 1319
190.151.100.218 - - [14/Mar/2018:13:19:07 -0300] "POST /cormun/servlet/solicitudot?gx-no-cache=1521044297591 HTTP/1.1" 200 1219
186.103.156.24 - - [14/Mar/2018:13:19:13 -0300] "GET /cormun/servlet/trautorizarsolicitud? HTTP/1.1" 200 8666
186.103.156.24 - - [14/Mar/2018:13:19:13 -0300] "GET /cormun/servlet/trautorizarsolicitud? HTTP/1.1" 200 8664
186.103.156.24 - - [14/Mar/2018:13:19:18 -0300] "POST /cormun/servlet/trautorizarsolicitud?2e3d7cd96928b6b5e60d42ca913b5afe,,gx-no-cache=1521044307784 HTTP/1.1" 200 4572
186.103.156.24 - - [14/Mar/2018:13:19:18 -0300] "GET /cormun/static/Shared/jqueryui/images/ui-bg_highlight-soft_100_c6c2c8_1x100.png HTTP/1.1" 404 1117
186.103.156.24 - - [14/Mar/2018:13:19:18 -0300] "GET /cormun/static/Shared/jqueryui/images/ui-icons_82798d_256x240.png HTTP/1.1" 404 1089
186.103.156.24 - - [14/Mar/2018:13:19:18 -0300] "GET /cormun/static/Shared/jqueryui/images/ui-bg_flat_55_fafafa_40x100.png HTTP/1.1" 404 1097
186.103.156.24 - - [14/Mar/2018:13:19:18 -0300] "GET /cormun/static/Shared/jqueryui/images/ui-icons_8d78a5_256x240.png HTTP/1.1" 404 1089
186.103.156.24 - - [14/Mar/2018:13:19:18 -0300] "POST /cormun/servlet/trautorizarsolicitud?2e3d7cd96928b6b5e60d42ca913b5afe,,gx-no-cache=1521044307959 HTTP/1.1" 200 4369
186.103.156.24 - - [14/Mar/2018:13:19:26 -0300] "GET /cormun/servlet/trsolicitudot? HTTP/1.1" 200 7440
186.103.156.24 - - [14/Mar/2018:13:19:26 -0300] "GET /cormun/servlet/trsolicitudot? HTTP/1.1" 200 7439
186.103.156.24 - - [14/Mar/2018:13:19:30 -0300] "GET /cormun/servlet/solicitudot?INS,0,0, HTTP/1.1" 200 13674
186.103.156.24 - - [14/Mar/2018:13:19:30 -0300] "GET /cormun/servlet/solicitudot?INS,0,0, HTTP/1.1" 200 13679
200.72.197.82 - - [14/Mar/2018:13:19:38 -0300] "POST /cormun/servlet/solicitudot?gx-no-cache=1521044328459 HTTP/1.1" 200 30
186.103.156.24 - - [14/Mar/2018:13:19:38 -0300] "GET /cormun/servlet/prfichaempleado?,MD,,gxPopupLevel%3D0%3B HTTP/1.1" 200 9388
200.72.197.82 - - [14/Mar/2018:13:19:38 -0300] "POST /cormun/servlet/solicitudot?gx-no-cache=1521044328590 HTTP/1.1" 200 1337
200.72.197.82 - - [14/Mar/2018:13:19:38 -0300] "POST /cormun/servlet/solicitudot?gx-no-cache=1521044329158 HTTP/1.1" 200 38
200.72.197.82 - - [14/Mar/2018:13:19:39 -0300] "POST /cormun/servlet/solicitudot?gx-no-cache=1521044329307 HTTP/1.1" 200 1319
200.72.197.82 - - [14/Mar/2018:13:19:39 -0300] "POST /cormun/servlet/solicitudot?gx-no-cache=1521044329486 HTTP/1.1" 200 1219
200.72.197.82 - - [14/Mar/2018:13:19:39 -0300] "GET /cormun/servlet/solicitudot?9a40248f4b34a04587160b43acd8afb571daa6d2d497ecef163f08ba8296b0496276068f8155b7137e476a7a4497a167,gx-no-cache=1521044329588 HTTP/1.1" 200 30
200.72.197.82 - - [14/Mar/2018:13:19:52 -0300] "POST /cormun/servlet/solicitudot?gx-no-cache=1521044343279 HTTP/1.1" 200 1318
200.72.197.82 - - [14/Mar/2018:13:19:53 -0300] "POST /cormun/servlet/solicitudot?gx-no-cache=1521044343382 HTTP/1.1" 200 1219
186.103.156.24 - - [14/Mar/2018:13:20:05 -0300] "POST /cormun/servlet/prfichaempleado?2e3d7cd96928b6b5e60d42ca913b5afe,,MD,,gxPopupLevel%3D0%3B,gx-no-cache=1521044355492 HTTP/1.1" 200 3414
186.103.156.24 - - [14/Mar/2018:13:20:46 -0300] "GET /cormun/servlet/prfichaempleado?,MD,,gxPopupLevel%3D0%3B HTTP/1.1" 200 9388
186.103.157.246 - - [14/Mar/2018:13:20:48 -0300] "GET /cormun/servlet/licenciaspermisos?INS,0,,, HTTP/1.1" 200 6742
186.103.157.246 - - [14/Mar/2018:13:20:48 -0300] "GET /cormun/servlet/licenciaspermisos?INS,0,,, HTTP/1.1" 200 6754
186.103.157.246 - - [14/Mar/2018:13:20:48 -0300] "GET /cormun/static/gxtimezone.js?85251 HTTP/1.1" 304 -
186.103.157.246 - - [14/Mar/2018:13:20:48 -0300] "GET /cormun/static/gxcfg.js?201762917281167 HTTP/1.1" 304 -
186.103.157.246 - - [14/Mar/2018:13:20:48 -0300] "GET /cormun/static/calendar-setup.js?85251 HTTP/1.1" 304 -
186.103.157.246 - - [14/Mar/2018:13:20:48 -0300] "GET /cormun/static/calendar-es.js?85251 HTTP/1.1" 304 -
186.103.157.246 - - [14/Mar/2018:13:20:48 -0300] "GET /cormun/static/messages.spa.js?85251 HTTP/1.1" 304 -
186.103.157.246 - - [14/Mar/2018:13:20:49 -0300] "GET /cormun/static/calendar.js?85251 HTTP/1.1" 304 -
186.103.157.246 - - [14/Mar/2018:13:20:50 -0300] "GET /cormun/static/gxdec.js?85251 HTTP/1.1" 304 -
186.103.157.246 - - [14/Mar/2018:13:20:52 -0300] "GET /cormun/servlet/licenciaspermisos?INS,0,,, HTTP/1.1" 200 6765
186.103.157.246 - - [14/Mar/2018:13:20:52 -0300] "GET /cormun/servlet/hlogin HTTP/1.1" 200 1747
186.103.157.246 - - [14/Mar/2018:13:20:53 -0300] "GET /cormun/static/gxcfg.js?20175251213516 HTTP/1.1" 304 -
186.103.156.24 - - [14/Mar/2018:13:20:58 -0300] "POST /cormun/servlet/solicitudot?gx-no-cache=1521044407352 HTTP/1.1" 200 3404
186.103.156.24 - - [14/Mar/2018:13:20:59 -0300] "POST /cormun/servlet/solicitudot?2e3d7cd96928b6b5e60d42ca913b5afe,INS,0,0,,gx-no-cache=1521044408369 HTTP/1.1" 200 10582
186.103.156.24 - - [14/Mar/2018:13:21:04 -0300] "GET /cormun/servlet/solicitudot?3de236b48e29ec659c90d4be792733020d329a3e3e8012d19291361a0fd63c86f9e9b4f78044785e5fae6bb332973753,gx-no-cache=1521044413793 HTTP/1.1" 200 30
186.103.156.24 - - [14/Mar/2018:13:21:04 -0300] "GET /cormun/servlet/solicitudot?3de236b48e29ec659c90d4be792733023171b5b4ab92c33acd5339ae51156a5b7343d489951e81830b29a1a485be502aba249ce6fac210de52a1c70c7320aae8,gx-no-cache=1521044413850 HTTP/1.1" 200 30
186.103.156.24 - - [14/Mar/2018:13:21:04 -0300] "GET /cormun/servlet/solicitudot?3de236b48e29ec659c90d4be792733025ddfe4cf0680edbf42d8ab7f7b30825c,gx-no-cache=1521044413903 HTTP/1.1" 200 70
186.103.156.24 - - [14/Mar/2018:13:21:04 -0300] "POST /cormun/servlet/solicitudot?gx-no-cache=1521044413957 HTTP/1.1" 200 255
186.103.156.24 - - [14/Mar/2018:13:21:04 -0300] "GET /cormun/servlet/solicitudot?3de236b48e29ec659c90d4be79273302d2b75d11ae4d9af6f8671c7d4bb0a7bf824e664a0d31a07944c5359383e898ff1162d1f9cb8c50ca00fd7729c1f15a235bb05b2c646feca898bca649031471d625f534fc9e1a376e7450c8a522948bb8b9f93dbfe7e7c6f9a49dd991e7c0a159ed183d90c754f98a6dab1c2910255e95fb425aa6032794a25d83383ad1bba1fedf167dfb842e8f0087daa284ab46134310f00df7a1224fab19c44ff946dc6bb71b9ba08103e58f219266fcc27c9ea4a95ef3e0b3c6b4e03899f116f0b9f47fc871725d4ac6a706fda9575efc6fa51a5945d25ad910d09817f59a76a1d1e2089417448721e7584d8c8a72ee87462dd49d52049ec1a80e0e2e7f1245b53994ec34a7d2de22cfc112a8890b2290c799c35f72c370631cc86495047d4fc07a8d7c38685c0e0cf79da2fc9194e0e348bbb3e220f1dc866a6568c71b448b18e6987ffba2899cfa5f26b69105284290edd337727aed59e43cacc7755b21bf9e30cd1b86777aff318b4312eac9690d569701167e,gx-no-cache=1521044414029 HTTP/1.1" 200 30
186.103.156.24 - - [14/Mar/2018:13:21:07 -0300] "POST /cormun/servlet/solicitudot?gx-no-cache=1521044416883 HTTP/1.1" 200 30
186.103.157.246 - - [14/Mar/2018:13:21:08 -0300] "POST /cormun/servlet/hlogin?cbdae7f2861d35c2d0f5e1495cf788eb,gx-no-cache=1521044419393 HTTP/1.1" 200 90
186.103.156.24 - - [14/Mar/2018:13:21:09 -0300] "POST /cormun/servlet/solicitudot?gx-no-cache=1521044418971 HTTP/1.1" 200 1337
186.103.156.24 - - [14/Mar/2018:13:21:09 -0300] "POST /cormun/servlet/solicitudot?gx-no-cache=1521044419039 HTTP/1.1" 200 38
186.103.157.246 - - [14/Mar/2018:13:21:09 -0300] "GET /cormun/servlet/hpexe_link HTTP/1.1" 200 970
186.103.157.246 - - [14/Mar/2018:13:21:09 -0300] "GET /cormun/static/gxcfg.js?20177612121792 HTTP/1.1" 304 -
186.103.157.246 - - [14/Mar/2018:13:21:09 -0300] "GET /cormun/servlet/licenciaspermisos?INS,0,,, HTTP/1.1" 200 7482
186.103.157.246 - - [14/Mar/2018:13:21:11 -0300] "GET /cormun/servlet/licenciaspermisos?INS,0,,, HTTP/1.1" 200 7488
186.103.157.246 - - [14/Mar/2018:13:21:15 -0300] "GET /cormun/servlet/trautorizarsolicitud? HTTP/1.1" 200 8577
186.103.157.246 - - [14/Mar/2018:13:21:17 -0300] "GET /cormun/static/gxcfg.js?2017111423403364 HTTP/1.1" 304 -
186.103.157.246 - - [14/Mar/2018:13:21:18 -0300] "GET /cormun/servlet/trautorizarsolicitud? HTTP/1.1" 200 8566
186.103.156.24 - - [14/Mar/2018:13:21:19 -0300] "GET /cormun/servlet/solicitudot?3de236b48e29ec659c90d4be79273302bcaa7350ff79ed1b66334812a0bf1e35d0cb0ba53aa88c319beef506d674e2ec7ed6d5e94c1fbf310eef30329bb641a2c167b1b4a58db8d94b1a2eb3c4fb1238f28803681f9771f11eba0fe66866e7bcb65be9f89606b4b8809d4c8b5eb8a1ab900508864ade105d75e74af7b0642f65752f39b83acd608630b44be23ac5c264b9ce26237d60e6380eb85192db229cf5777a58c6d0d0995d9902679126dfade9a7e52130582c51b3e42a4511c36fb6341d7050783e2168bc021370046edd9591,gx-no-cache=1521044429181 HTTP/1.1" 200 29
186.103.156.24 - - [14/Mar/2018:13:21:19 -0300] "POST /cormun/servlet/solicitudot?gx-no-cache=1521044429208 HTTP/1.1" 200 1321
186.103.156.24 - - [14/Mar/2018:13:21:19 -0300] "POST /cormun/servlet/solicitudot?gx-no-cache=1521044429254 HTTP/1.1" 200 1219
186.103.156.24 - - [14/Mar/2018:13:21:19 -0300] "GET /cormun/static/menuarrow.gif HTTP/1.1" 404 1015
186.103.156.24 - - [14/Mar/2018:13:21:21 -0300] "POST /cormun/servlet/solicitudot?gx-no-cache=1521044430938 HTTP/1.1" 200 1321
186.103.156.24 - - [14/Mar/2018:13:21:21 -0300] "POST /cormun/servlet/solicitudot?gx-no-cache=1521044431294 HTTP/1.1" 200 1219
186.103.157.246 - - [14/Mar/2018:13:21:23 -0300] "GET /cormun/servlet/trsolicitudot? HTTP/1.1" 200 7321
186.103.157.246 - - [14/Mar/2018:13:21:23 -0300] "GET /cormun/static/gxcfg.js?2017111422585916 HTTP/1.1" 200 953
186.103.157.246 - - [14/Mar/2018:13:21:23 -0300] "GET /cormun/static/trsolicitudot.js?201711142259839 HTTP/1.1" 200 54041
186.103.156.24 - - [14/Mar/2018:13:21:23 -0300] "GET /cormun/servlet/solicitudot?3de236b48e29ec659c90d4be79273302d066c21c642b267bd07c5b3421a06c37855fbdc2927cae8a263f3875c3d92614,gx-no-cache=1521044433443 HTTP/1.1" 200 30
186.103.157.246 - - [14/Mar/2018:13:21:24 -0300] "GET /cormun/servlet/trsolicitudot? HTTP/1.1" 200 7320
186.103.156.24 - - [14/Mar/2018:13:21:37 -0300] "POST /cormun/servlet/solicitudot?gx-no-cache=1521044446977 HTTP/1.1" 200 30
186.103.157.246 - - [14/Mar/2018:13:21:39 -0300] "GET /cormun/servlet/trsolicitudot? HTTP/1.1" 200 7320
192.168.10.61 - - [14/Mar/2018:13:21:40 -0300] "POST /cormun/servlet/trsolicitudgral?ee487a2fd6dedfcd04846afe210027d1,gx-no-cache=1521044336123 HTTP/1.1" 440 972
186.103.157.246 - - [14/Mar/2018:13:21:40 -0300] "GET /cormun/servlet/trsolicitudot? HTTP/1.1" 200 7320
192.168.10.61 - - [14/Mar/2018:13:21:44 -0300] "GET /cormun/servlet/trsolicitudgral HTTP/1.1" 500 10
192.168.10.61 - - [14/Mar/2018:13:21:45 -0300] "GET /cormun/servlet/vesolicitudgral?2018,10253,, HTTP/1.1" 200 7800
192.168.10.61 - - [14/Mar/2018:13:21:46 -0300] "GET /cormun/pexe_scrolldiv.js HTTP/1.1" 404 1009
192.168.10.61 - - [14/Mar/2018:13:21:46 -0300] "GET /cormun/servlet/hlogin HTTP/1.1" 200 1747
192.168.10.61 - - [14/Mar/2018:13:21:46 -0300] "GET /cormun/servlet/vesolicitudgral?2018,10253,, HTTP/1.1" 200 7799
192.168.10.61 - - [14/Mar/2018:13:21:54 -0300] "POST /cormun/servlet/hlogin?0d6172f238e9e5b3db7d897278dc53cf,gx-no-cache=1521044350237 HTTP/1.1" 200 90
192.168.10.61 - - [14/Mar/2018:13:21:54 -0300] "GET /cormun/servlet/hpexe_link HTTP/1.1" 200 966
192.168.10.61 - - [14/Mar/2018:13:21:54 -0300] "GET /cormun/servlet/vesolicitudgral?2018,10253,, HTTP/1.1" 200 8900
192.168.10.61 - - [14/Mar/2018:13:21:54 -0300] "GET /cormun/pexe_scrolldiv.js HTTP/1.1" 404 1009
192.168.10.61 - - [14/Mar/2018:13:21:54 -0300] "GET /cormun/servlet/vesolicitudgral?2018,10253,, HTTP/1.1" 200 8899
192.168.10.61 - - [14/Mar/2018:13:22:02 -0300] "GET /cormun/servlet/trsolicitudgral? HTTP/1.1" 200 24847
192.168.10.61 - - [14/Mar/2018:13:22:03 -0300] "GET /cormun/servlet/trsolicitudgral? HTTP/1.1" 200 24842
192.168.10.89 - - [14/Mar/2018:13:22:08 -0300] "GET /cormun/servlet/trsolicitudot? HTTP/1.1" 200 8161
192.168.10.61 - - [14/Mar/2018:13:22:14 -0300] "POST /cormun/servlet/trsolicitudgral?0d6172f238e9e5b3db7d897278dc53cf,,gx-no-cache=1521044370521 HTTP/1.1" 200 7267
186.103.156.24 - - [14/Mar/2018:13:22:15 -0300] "POST /cormun/servlet/solicitudot?2e3d7cd96928b6b5e60d42ca913b5afe,INS,0,0,,gx-no-cache=1521044484855 HTTP/1.1" 200 93
186.103.156.24 - - [14/Mar/2018:13:22:15 -0300] "GET /cormun/servlet/hpexe_return? HTTP/1.1" 200 1000
186.103.156.24 - - [14/Mar/2018:13:22:15 -0300] "GET /cormun/servlet/trsolicitudot HTTP/1.1" 200 8821
186.103.156.24 - - [14/Mar/2018:13:22:16 -0300] "GET /cormun/servlet/trsolicitudot HTTP/1.1" 200 8817
186.103.156.24 - - [14/Mar/2018:13:22:19 -0300] "POST /cormun/servlet/trsolicitudot?2e3d7cd96928b6b5e60d42ca913b5afe,gx-no-cache=1521044489321 HTTP/1.1" 200 4674
186.103.156.24 - - [14/Mar/2018:13:22:19 -0300] "GET /cormun/static/Shared/jqueryui/images/ui-bg_highlight-soft_100_c6c2c8_1x100.png HTTP/1.1" 404 1117
186.103.156.24 - - [14/Mar/2018:13:22:19 -0300] "GET /cormun/static/Shared/jqueryui/images/ui-bg_flat_55_fafafa_40x100.png HTTP/1.1" 404 1097
186.103.156.24 - - [14/Mar/2018:13:22:19 -0300] "GET /cormun/static/Shared/jqueryui/images/ui-icons_82798d_256x240.png HTTP/1.1" 404 1089
186.103.156.24 - - [14/Mar/2018:13:22:19 -0300] "GET /cormun/static/Shared/jqueryui/images/ui-icons_8d78a5_256x240.png HTTP/1.1" 404 1089
186.103.156.24 - - [14/Mar/2018:13:22:19 -0300] "POST /cormun/servlet/trsolicitudot?2e3d7cd96928b6b5e60d42ca913b5afe,gx-no-cache=1521044489506 HTTP/1.1" 200 4445
192.168.10.61 - - [14/Mar/2018:13:22:21 -0300] "GET /cormun/servlet/vesolicitudgral?2018,10460,, HTTP/1.1" 200 8943
192.168.10.61 - - [14/Mar/2018:13:22:21 -0300] "GET /cormun/pexe_scrolldiv.js HTTP/1.1" 404 1009
192.168.10.61 - - [14/Mar/2018:13:22:21 -0300] "GET /cormun/pexe_scrolldiv.js HTTP/1.1" 404 1009
192.168.10.61 - - [14/Mar/2018:13:22:22 -0300] "GET /cormun/servlet/vesolicitudgral?2018,10460,, HTTP/1.1" 200 8942
186.103.156.24 - - [14/Mar/2018:13:22:25 -0300] "GET /cormun/servlet/trautorizarsolicitud? HTTP/1.1" 200 8709
186.103.156.24 - - [14/Mar/2018:13:22:25 -0300] "GET /cormun/servlet/trautorizarsolicitud? HTTP/1.1" 200 8708
186.103.157.246 - - [14/Mar/2018:13:22:26 -0300] "GET /cormun/static/menuarrow.gif HTTP/1.1" 404 1015
186.103.156.24 - - [14/Mar/2018:13:22:28 -0300] "POST /cormun/servlet/trautorizarsolicitud?2e3d7cd96928b6b5e60d42ca913b5afe,,gx-no-cache=1521044498558 HTTP/1.1" 200 4600
186.103.156.24 - - [14/Mar/2018:13:22:28 -0300] "GET /cormun/static/Shared/jqueryui/images/ui-bg_highlight-soft_100_c6c2c8_1x100.png HTTP/1.1" 404 1117
186.103.156.24 - - [14/Mar/2018:13:22:28 -0300] "GET /cormun/static/Shared/jqueryui/images/ui-icons_82798d_256x240.png HTTP/1.1" 404 1089
186.103.156.24 - - [14/Mar/2018:13:22:28 -0300] "GET /cormun/static/Shared/jqueryui/images/ui-bg_flat_55_fafafa_40x100.png HTTP/1.1" 404 1097
186.103.156.24 - - [14/Mar/2018:13:22:28 -0300] "GET /cormun/static/Shared/jqueryui/images/ui-icons_8d78a5_256x240.png HTTP/1.1" 404 1089
186.103.156.24 - - [14/Mar/2018:13:22:28 -0300] "POST /cormun/servlet/trautorizarsolicitud?2e3d7cd96928b6b5e60d42ca913b5afe,,gx-no-cache=1521044498725 HTTP/1.1" 200 4372
192.168.10.61 - - [14/Mar/2018:13:22:35 -0300] "POST /cormun/servlet/vesolicitudgral?0d6172f238e9e5b3db7d897278dc53cf,2018,10460,,,gx-no-cache=1521044391946 HTTP/1.1" 200 11795
192.168.10.61 - - [14/Mar/2018:13:22:36 -0300] "GET /cormun/static/Shared/jqueryui/images/ui-bg_highlight-soft_100_c6c2c8_1x100.png HTTP/1.1" 404 1117
192.168.10.61 - - [14/Mar/2018:13:22:36 -0300] "GET /cormun/static/Shared/jqueryui/images/ui-icons_8d78a5_256x240.png HTTP/1.1" 404 1089
192.168.10.61 - - [14/Mar/2018:13:22:36 -0300] "GET /cormun/static/Shared/jqueryui/images/ui-icons_82798d_256x240.png HTTP/1.1" 404 1089
192.168.10.61 - - [14/Mar/2018:13:22:36 -0300] "GET /cormun/static/Shared/jqueryui/images/ui-bg_flat_55_fafafa_40x100.png HTTP/1.1" 404 1097
192.168.10.61 - - [14/Mar/2018:13:22:36 -0300] "POST /cormun/servlet/vesolicitudgral?0d6172f238e9e5b3db7d897278dc53cf,2018,10460,,,gx-no-cache=1521044392181 HTTP/1.1" 200 11730
186.103.157.246 - - [14/Mar/2018:13:23:07 -0300] "POST /cormun/servlet/trsolicitudot?cbdae7f2861d35c2d0f5e1495cf788eb,,gx-no-cache=1521044536650 HTTP/1.1" 200 23419
186.103.157.246 - - [14/Mar/2018:13:23:08 -0300] "GET /cormun/static/Resources/PXToolsGridNext.gif HTTP/1.1" 200 369
186.103.157.246 - - [14/Mar/2018:13:23:08 -0300] "GET /cormun/static/Resources/PXToolsGridLast.gif HTTP/1.1" 200 370
192.168.10.61 - - [14/Mar/2018:13:23:38 -0300] "GET /cormun/servlet/trsolicitudgral? HTTP/1.1" 200 8929
192.168.10.61 - - [14/Mar/2018:13:23:39 -0300] "GET /cormun/servlet/trsolicitudgral? HTTP/1.1" 200 8919
192.168.10.61 - - [14/Mar/2018:13:23:42 -0300] "POST /cormun/servlet/trsolicitudgral?0d6172f238e9e5b3db7d897278dc53cf,,gx-no-cache=1521044458824 HTTP/1.1" 200 5862
192.168.10.61 - - [14/Mar/2018:13:23:49 -0300] "POST /cormun/servlet/trsolicitudgral?0d6172f238e9e5b3db7d897278dc53cf,,gx-no-cache=1521044465220 HTTP/1.1" 200 7275
186.103.158.250 - - [14/Mar/2018:13:27:21 -0300] "GET /cormun/servlet/hlogin HTTP/1.1" 200 1719
186.103.158.250 - - [14/Mar/2018:13:27:22 -0300] "GET /cormun/servlet/hlogin HTTP/1.1" 200 1728
186.103.158.250 - - [14/Mar/2018:13:27:23 -0300] "GET /favicon.ico HTTP/1.1" 200 21630
186.103.158.250 - - [14/Mar/2018:13:27:35 -0300] "POST /cormun/servlet/hlogin?147ae614c546cf969de057155db0a710,gx-no-cache=1521044804585 HTTP/1.1" 200 90
186.103.158.250 - - [14/Mar/2018:13:27:35 -0300] "GET /cormun/servlet/hpexe_link HTTP/1.1" 200 951
186.103.158.250 - - [14/Mar/2018:13:27:36 -0300] "GET /cormun/servlet/hhome HTTP/1.1" 200 4194
186.103.158.250 - - [14/Mar/2018:13:27:39 -0300] "GET /cormun/servlet/hhome HTTP/1.1" 200 4190
186.103.158.250 - - [14/Mar/2018:13:27:42 -0300] "GET /cormun/servlet/trsolicitudot? HTTP/1.1" 200 7413
186.103.158.250 - - [14/Mar/2018:13:27:44 -0300] "GET /cormun/servlet/trsolicitudot? HTTP/1.1" 200 7412
186.103.158.250 - - [14/Mar/2018:13:27:51 -0300] "GET /cormun/servlet/solicitudot?INS,0,0, HTTP/1.1" 200 13644
186.103.158.250 - - [14/Mar/2018:13:27:53 -0300] "GET /cormun/servlet/solicitudot?INS,0,0, HTTP/1.1" 200 13648
186.103.158.250 - - [14/Mar/2018:13:28:05 -0300] "POST /cormun/servlet/solicitudot?gx-no-cache=1521044834174 HTTP/1.1" 200 3284
186.103.158.250 - - [14/Mar/2018:13:28:05 -0300] "POST /cormun/servlet/solicitudot?147ae614c546cf969de057155db0a710,INS,0,0,,gx-no-cache=1521044834390 HTTP/1.1" 200 10444
186.103.158.250 - - [14/Mar/2018:13:28:08 -0300] "GET /cormun/servlet/solicitudot?fb3caaf5e3f729b4d129c72bea31987c68eb220a23b027f06921d40dfe2ab175f2b3acdf76f1d6c942712b2b32bf52d1,gx-no-cache=1521044837415 HTTP/1.1" 200 30
186.103.158.250 - - [14/Mar/2018:13:29:24 -0300] "POST /cormun/servlet/solicitudot?147ae614c546cf969de057155db0a710,INS,0,0,,gx-no-cache=1521044913059 HTTP/1.1" 200 10594
186.103.158.250 - - [14/Mar/2018:13:29:24 -0300] "GET /cormun/static/Shared/jqueryui/images/ui-bg_highlight-soft_100_c6c2c8_1x100.png HTTP/1.1" 404 1117
186.103.158.250 - - [14/Mar/2018:13:29:24 -0300] "GET /cormun/static/Shared/jqueryui/images/ui-icons_82798d_256x240.png HTTP/1.1" 404 1089
186.103.158.250 - - [14/Mar/2018:13:29:24 -0300] "GET /cormun/static/Shared/jqueryui/images/ui-bg_flat_55_fafafa_40x100.png HTTP/1.1" 404 1097
186.103.158.250 - - [14/Mar/2018:13:29:24 -0300] "GET /cormun/static/Shared/jqueryui/images/ui-icons_8d78a5_256x240.png HTTP/1.1" 404 1089
186.103.158.250 - - [14/Mar/2018:13:29:43 -0300] "GET /cormun/servlet/solicitudot?fb3caaf5e3f729b4d129c72bea31987cea1b17f3179c28f6ed56e65a272bb507,gx-no-cache=1521044931937 HTTP/1.1" 200 94
186.103.158.250 - - [14/Mar/2018:13:29:43 -0300] "GET /cormun/static/Shared/jqueryui/images/ui-icons_ebccce_256x240.png HTTP/1.1" 404 1089
186.103.158.250 - - [14/Mar/2018:13:29:43 -0300] "GET /cormun/static/Shared/jqueryui/images/ui-bg_flat_55_994d53_40x100.png HTTP/1.1" 404 1097
186.103.158.250 - - [14/Mar/2018:13:29:43 -0300] "GET /cormun/servlet/solicitudot?fb3caaf5e3f729b4d129c72bea31987cff313dfc459793bbf53cfdbcc40df5fe,gx-no-cache=1521044932012 HTTP/1.1" 200 29
186.103.158.250 - - [14/Mar/2018:13:29:43 -0300] "POST /cormun/servlet/solicitudot?gx-no-cache=1521044932080 HTTP/1.1" 200 297
186.103.158.250 - - [14/Mar/2018:13:29:43 -0300] "GET /cormun/servlet/solicitudot?fb3caaf5e3f729b4d129c72bea31987ceb1571624544b46c9aada4e464dcfb8f7bef44a0e8d6b03fa9acaf9cc66caddc7a2330d31f801a8b15bd20d75dc4549bc53aa1f56708c8fa4f18fd4dc97ee5389dfc5d4764c9a36e595944bdcfaed4bba77ecab6d6f6496468064eb9968d384044d45f1f49e693c80a0f8753a8246b6b058db0296091db3b3d7e0b211d79c80ce48b78e8caa1b19e05bf52d247eb9c50b6f6ff6d58f372ac93cd5626294dcaaf8ed743ec0340b97b27d8950d579ad7ecb26f1af2b2ce7cbba5f22283a2fe67f871876a9747dbb84699a79b802663ee4dda1cb356b29b6dbf3c84088b87176139e09aba1a22fd25a33b63a9146eed374bca1c14a5ea063b029a20b659ac82b731ed56115c28de1e6d0922c4f9bf7b8973e4fa2ab04f8c3888b8dccc6c2442bac47f293df1f8d1cc31b3feb10e97bb998747ef9b8fbb6c1ae33081c2804a4f4b91fac07366baaae9c811e3e60525828d6f055de76535b14d95efa612ed71dc658bd3f8c0b2c8c9cff163bfde1a443f72c55bd749abec5f03664e66a9178fcc10f4,gx-no-cache=1521044932143 HTTP/1.1" 200 30
186.103.158.250 - - [14/Mar/2018:13:29:45 -0300] "POST /cormun/servlet/solicitudot?gx-no-cache=1521044934729 HTTP/1.1" 200 30
186.103.158.250 - - [14/Mar/2018:13:29:47 -0300] "POST /cormun/servlet/solicitudot?gx-no-cache=1521044936411 HTTP/1.1" 200 1333
186.103.158.250 - - [14/Mar/2018:13:29:47 -0300] "POST /cormun/servlet/solicitudot?gx-no-cache=1521044936538 HTTP/1.1" 200 38
186.103.158.250 - - [14/Mar/2018:13:30:01 -0300] "GET /cormun/servlet/solicitudot?fb3caaf5e3f729b4d129c72bea31987c427e8fffd066f6b25c491eed23ce6cf65d53595230ba6ae4a2e22f89caf32d7901c6acd2be9a38c496553bb6003ac8f53de67a4820cf890249350a43ea6585cf43a1a804a8573d5e7306747fab8b8b00cc6641eeaceaa93338833eff891e7ee2,gx-no-cache=1521044949971 HTTP/1.1" 200 29
186.103.158.250 - - [14/Mar/2018:13:30:01 -0300] "POST /cormun/servlet/solicitudot?gx-no-cache=1521044950030 HTTP/1.1" 200 1319
186.103.158.250 - - [14/Mar/2018:13:30:01 -0300] "POST /cormun/servlet/solicitudot?gx-no-cache=1521044950116 HTTP/1.1" 200 1215
186.103.158.250 - - [14/Mar/2018:13:30:06 -0300] "GET /cormun/static/menuarrow.gif HTTP/1.1" 404 1015
186.103.158.250 - - [14/Mar/2018:13:30:10 -0300] "GET /cormun/servlet/solicitudot?fb3caaf5e3f729b4d129c72bea31987cf0db51e92351abca179bfd2ef71d184b6adb32790495b73da54e9c4df34ea91b,gx-no-cache=1521044959331 HTTP/1.1" 200 30
186.103.158.250 - - [14/Mar/2018:13:30:21 -0300] "POST /cormun/servlet/solicitudot?gx-no-cache=1521044969865 HTTP/1.1" 200 30
186.67.164.142 - - [14/Mar/2018:13:30:23 -0300] "GET /cormun/servlet/trlicencias? HTTP/1.1" 200 10338
186.67.164.142 - - [14/Mar/2018:13:30:23 -0300] "GET /cormun/servlet/trlicencias? HTTP/1.1" 200 10337
186.67.164.142 - - [14/Mar/2018:13:30:33 -0300] "GET /cormun/servlet/licenciaspermisos?INS,0,,, HTTP/1.1" 200 7504
186.67.164.142 - - [14/Mar/2018:13:30:33 -0300] "GET /cormun/static/gxcfg.js?201762917281167 HTTP/1.1" 200 953
186.67.164.142 - - [14/Mar/2018:13:30:34 -0300] "GET /cormun/servlet/licenciaspermisos?INS,0,,, HTTP/1.1" 200 7502
186.103.158.250 - - [14/Mar/2018:13:30:37 -0300] "POST /cormun/servlet/solicitudot?147ae614c546cf969de057155db0a710,INS,0,0,,gx-no-cache=1521044985906 HTTP/1.1" 200 11971
186.67.164.142 - - [14/Mar/2018:13:30:44 -0300] "GET /cormun/servlet/licenciaspermisos?83a1552483faaba5f411a931cee26acce6174d4361c5a91d2259cf63556baf584d5307646c2728820fcaee20e5a74a0e,gx-no-cache=1521044994435 HTTP/1.1" 200 83
186.67.164.142 - - [14/Mar/2018:13:30:44 -0300] "POST /cormun/servlet/licenciaspermisos?8c75628aac99face1d87db2aafcea300,INS,0,,,,gx-no-cache=1521044994477 HTTP/1.1" 200 4704
186.103.158.250 - - [14/Mar/2018:13:31:04 -0300] "GET /cormun/servlet/solicitudot?fb3caaf5e3f729b4d129c72bea31987cb3602ffc0d941e97ca2531a00124a888282c313b34f4a7a0daf9f41a8c82476e0a74b5a143be25eea4b18817e68a8b63,gx-no-cache=1521045013575 HTTP/1.1" 200 30
186.103.158.250 - - [14/Mar/2018:13:31:05 -0300] "GET /cormun/servlet/solicitudot?fb3caaf5e3f729b4d129c72bea31987ceb1571624544b46c9aada4e464dcfb8f7bef44a0e8d6b03fa9acaf9cc66caddc7a2330d31f801a8b15bd20d75dc4549bc53aa1f56708c8fa4f18fd4dc97ee5389dfc5d4764c9a36e595944bdcfaed4bba77ecab6d6f6496468064eb9968d384044d45f1f49e693c80a0f8753a8246b6b058db0296091db3b3d7e0b211d79c80ce48b78e8caa1b19e05bf52d247eb9c50b6f6ff6d58f372ac93cd5626294dcaaf8ed743ec0340b97b27d8950d579ad7ecb26f1af2b2ce7cbba5f22283a2fe67f871876a9747dbb84699a79b802663ee4dda1cb356b29b6dbf3c84088b87176139e09aba1a22fd25a33b63a9146eed374bca1c14a5ea063b029a20b659ac82b731ed56115c28de1e6d0922c4f9bf7b8973e4fa2ab04f8c3888b8dccc6c2442bac47f293df1f8d1cc31b3feb10e97bb998747ef9b8fbb6c1ae33081c2804a4f4b91fac07366baaae9c811e3e60525828d6f055de76535b14d95efa612ed71dc658b7673e60a5d9fb6f3c322b0447c101e5e5bd749abec5f03664e66a9178fcc10f4,gx-no-cache=1521045013664 HTTP/1.1" 200 30
186.103.158.250 - - [14/Mar/2018:13:31:05 -0300] "POST /cormun/servlet/solicitudot?gx-no-cache=1521045014019 HTTP/1.1" 200 30
186.103.158.250 - - [14/Mar/2018:13:31:05 -0300] "POST /cormun/servlet/solicitudot?gx-no-cache=1521045014085 HTTP/1.1" 200 1334
186.103.158.250 - - [14/Mar/2018:13:31:05 -0300] "POST /cormun/servlet/solicitudot?gx-no-cache=1521045014194 HTTP/1.1" 200 41
186.103.158.250 - - [14/Mar/2018:13:31:05 -0300] "POST /cormun/servlet/solicitudot?gx-no-cache=1521045014245 HTTP/1.1" 200 1319
186.103.158.250 - - [14/Mar/2018:13:31:05 -0300] "POST /cormun/servlet/solicitudot?gx-no-cache=1521045014335 HTTP/1.1" 200 1218
186.103.158.250 - - [14/Mar/2018:13:31:05 -0300] "GET /cormun/servlet/solicitudot?fb3caaf5e3f729b4d129c72bea31987cf0db51e92351abca179bfd2ef71d184b6adb32790495b73da54e9c4df34ea91b,gx-no-cache=1521045014403 HTTP/1.1" 200 30
186.103.158.250 - - [14/Mar/2018:13:31:05 -0300] "POST /cormun/servlet/solicitudot?gx-no-cache=1521045014443 HTTP/1.1" 200 30
186.103.158.250 - - [14/Mar/2018:13:31:05 -0300] "POST /cormun/servlet/solicitudot?147ae614c546cf969de057155db0a710,INS,0,0,,gx-no-cache=1521045014498 HTTP/1.1" 200 93
186.103.158.250 - - [14/Mar/2018:13:31:06 -0300] "GET /cormun/servlet/hpexe_return? HTTP/1.1" 200 1007
186.103.158.250 - - [14/Mar/2018:13:31:06 -0300] "GET /cormun/servlet/trsolicitudot HTTP/1.1" 200 8784
186.103.158.250 - - [14/Mar/2018:13:31:08 -0300] "GET /cormun/servlet/trsolicitudot HTTP/1.1" 200 8781
186.103.158.250 - - [14/Mar/2018:13:31:11 -0300] "POST /cormun/servlet/trsolicitudot?147ae614c546cf969de057155db0a710,gx-no-cache=1521045020488 HTTP/1.1" 200 107
186.103.158.250 - - [14/Mar/2018:13:31:11 -0300] "GET /cormun/servlet/trsolicitudadjuntos?2018,10475, HTTP/1.1" 200 6293
186.103.158.250 - - [14/Mar/2018:13:31:13 -0300] "GET /cormun/servlet/trsolicitudadjuntos?2018,10475, HTTP/1.1" 200 6293
186.103.158.250 - - [14/Mar/2018:13:31:15 -0300] "GET /cormun/servlet/solicitudotadjuntos?INS,2018,10475,,1, HTTP/1.1" 200 6243
186.103.158.250 - - [14/Mar/2018:13:31:16 -0300] "GET /cormun/static/about:blank HTTP/1.1" 404 1011
186.103.158.250 - - [14/Mar/2018:13:31:16 -0300] "GET /cormun/servlet/solicitudotadjuntos?INS,2018,10475,,1, HTTP/1.1" 200 6236
186.103.158.250 - - [14/Mar/2018:13:31:17 -0300] "GET /cormun/servlet/solicitudotadjuntos?fb3caaf5e3f729b4d129c72bea31987c4e711976e13caf55756c8dd7168afde1718d9e3dbbf961fcd540cc5c1f31feb9,gx-no-cache=1521045026309 HTTP/1.1" 200 30
186.103.158.250 - - [14/Mar/2018:13:31:17 -0300] "POST /cormun/servlet/solicitudotadjuntos?147ae614c546cf969de057155db0a710,INS,2018,10475,,1,,gx-no-cache=1521045026374 HTTP/1.1" 200 3989
186.67.164.142 - - [14/Mar/2018:13:31:20 -0300] "GET /cormun/static/menuarrow.gif HTTP/1.1" 404 1015
186.103.158.250 - - [14/Mar/2018:13:31:22 -0300] "POST /cormun/servlet/solicitudotadjuntos?gx-no-cache=1521045031116 HTTP/1.1" 200 26
186.103.158.250 - - [14/Mar/2018:13:31:48 -0300] "GET /cormun/servlet/solicitudotadjuntos?fb3caaf5e3f729b4d129c72bea31987c396d72bf91e5086c9d6952a6d8578a79,gx-no-cache=1521045057645 HTTP/1.1" 200 30
186.103.158.250 - - [14/Mar/2018:13:31:48 -0300] "GET /cormun/servlet/solicitudotadjuntos?fb3caaf5e3f729b4d129c72bea31987c396d72bf91e5086c9d6952a6d8578a79,gx-no-cache=1521045057694 HTTP/1.1" 200 30
186.103.158.250 - - [14/Mar/2018:13:31:49 -0300] "POST /cormun/servlet/solicitudotadjuntos?147ae614c546cf969de057155db0a710,INS,2018,10475,,1, HTTP/1.1" 200 116
186.103.158.250 - - [14/Mar/2018:13:31:49 -0300] "GET /cormun/servlet/hpexe_return? HTTP/1.1" 200 1027
186.103.158.250 - - [14/Mar/2018:13:31:49 -0300] "GET /cormun/servlet/trsolicitudadjuntos?2018,10475, HTTP/1.1" 200 8758
186.103.158.250 - - [14/Mar/2018:13:31:50 -0300] "GET /cormun/servlet/trsolicitudadjuntos?2018,10475, HTTP/1.1" 200 8752
186.103.158.250 - - [14/Mar/2018:13:31:54 -0300] "GET /cormun/servlet/solicitudotadjuntos?INS,2018,10475,,1, HTTP/1.1" 200 6241
186.103.158.250 - - [14/Mar/2018:13:31:54 -0300] "GET /cormun/static/about:blank HTTP/1.1" 404 1011
186.103.158.250 - - [14/Mar/2018:13:31:55 -0300] "GET /cormun/servlet/solicitudotadjuntos?INS,2018,10475,,1, HTTP/1.1" 200 6235
186.103.158.250 - - [14/Mar/2018:13:31:56 -0300] "GET /cormun/servlet/solicitudotadjuntos?fb3caaf5e3f729b4d129c72bea31987c4e711976e13caf55756c8dd7168afde1718d9e3dbbf961fcd540cc5c1f31feb9,gx-no-cache=1521045064944 HTTP/1.1" 200 30
186.103.158.250 - - [14/Mar/2018:13:31:56 -0300] "POST /cormun/servlet/solicitudotadjuntos?147ae614c546cf969de057155db0a710,INS,2018,10475,,1,,gx-no-cache=1521045065018 HTTP/1.1" 200 3989
186.103.158.250 - - [14/Mar/2018:13:32:00 -0300] "POST /cormun/servlet/solicitudotadjuntos?gx-no-cache=1521045068953 HTTP/1.1" 200 26
186.103.156.24 - - [14/Mar/2018:13:32:03 -0300] "GET /cormun/servlet/trautorizarsolicitud? HTTP/1.1" 200 7338
186.103.156.24 - - [14/Mar/2018:13:32:03 -0300] "GET /cormun/servlet/trautorizarsolicitud? HTTP/1.1" 200 7338
186.103.158.250 - - [14/Mar/2018:13:32:09 -0300] "GET /cormun/servlet/solicitudotadjuntos?fb3caaf5e3f729b4d129c72bea31987c396d72bf91e5086c9d6952a6d8578a79,gx-no-cache=1521045078028 HTTP/1.1" 200 30
186.103.158.250 - - [14/Mar/2018:13:32:09 -0300] "GET /cormun/servlet/solicitudotadjuntos?fb3caaf5e3f729b4d129c72bea31987c396d72bf91e5086c9d6952a6d8578a79,gx-no-cache=1521045078087 HTTP/1.1" 200 30
186.103.158.250 - - [14/Mar/2018:13:32:10 -0300] "POST /cormun/servlet/solicitudotadjuntos?147ae614c546cf969de057155db0a710,INS,2018,10475,,1, HTTP/1.1" 200 116
186.103.158.250 - - [14/Mar/2018:13:32:10 -0300] "GET /cormun/servlet/hpexe_return? HTTP/1.1" 200 1027
186.103.158.250 - - [14/Mar/2018:13:32:11 -0300] "GET /cormun/servlet/trsolicitudadjuntos?2018,10475, HTTP/1.1" 200 8998
186.103.158.250 - - [14/Mar/2018:13:32:12 -0300] "GET /cormun/servlet/trsolicitudadjuntos?2018,10475, HTTP/1.1" 200 8997
186.103.158.250 - - [14/Mar/2018:13:32:15 -0300] "GET /cormun/servlet/solicitudotadjuntos?INS,2018,10475,,1, HTTP/1.1" 200 6241
186.103.158.250 - - [14/Mar/2018:13:32:16 -0300] "GET /cormun/static/about:blank HTTP/1.1" 404 1011
186.103.158.250 - - [14/Mar/2018:13:32:16 -0300] "GET /cormun/servlet/solicitudotadjuntos?INS,2018,10475,,1, HTTP/1.1" 200 6235
186.103.158.250 - - [14/Mar/2018:13:32:17 -0300] "GET /cormun/servlet/solicitudotadjuntos?fb3caaf5e3f729b4d129c72bea31987c4e711976e13caf55756c8dd7168afde1718d9e3dbbf961fcd540cc5c1f31feb9,gx-no-cache=1521045086136 HTTP/1.1" 200 30
