186.9.25.49 - - [14/Mar/2018:15:10:08 -0300] "POST /cormun/servlet/veautorizarsolicitud?e6235fc217daf4590232a999ecba7556,2018,10436,,,gx-no-cache=1521050958084 HTTP/1.1" 200 93
186.9.25.49 - - [14/Mar/2018:15:10:08 -0300] "GET /cormun/servlet/hpexe_return? HTTP/1.1" 200 1039
186.9.25.49 - - [14/Mar/2018:15:10:09 -0300] "GET /cormun/servlet/trautorizarsolicitud?gx-no-cache=1521050928377 HTTP/1.1" 200 9835
186.9.25.49 - - [14/Mar/2018:15:10:09 -0300] "GET /cormun/servlet/trautorizarsolicitud?gx-no-cache=1521050928377 HTTP/1.1" 200 9850
192.168.10.61 - - [14/Mar/2018:15:10:24 -0300] "POST /cormun/servlet/vesolicitudgral?1d24fc06c7d44b9c3146098ce84acfc9,2018,10363,,,gx-no-cache=1521050860335 HTTP/1.1" 200 107
192.168.10.61 - - [14/Mar/2018:15:10:24 -0300] "GET /cormun/servlet/solicitudgral?UPD,2018,10363, HTTP/1.1" 200 12972
192.168.10.61 - - [14/Mar/2018:15:10:25 -0300] "GET /cormun/servlet/solicitudgral?UPD,2018,10363, HTTP/1.1" 200 12973
192.168.10.61 - - [14/Mar/2018:15:10:25 -0300] "POST /cormun/servlet/solicitudgral?gx-no-cache=1521050861541 HTTP/1.1" 200 3908
192.168.10.61 - - [14/Mar/2018:15:10:25 -0300] "GET /cormun/servlet/solicitudgral?25fce96164f527a84948294ec373b929e34c6387b85053ae61b95fd262c5a03f5e70aad2b40ec04dac39c2e3d313472cf446a1b3cfdcc69a12c64e81a74b9d19aa3e6ceb1137993e437106b10aedb94040e746f882dc46a499000535a0d0838a2062570a7dff42c38bf8f086dfa783074cf241d4787afab44e17f6b9906f40515ad9bc029a4bd646d7ff91f9b8508b69a3a6ac32a057f0719c0e883d1c9beeda559df108c4fa8b58fb03fabe52ec2ef0cd6adaa82d8e9535e0f4433822414a6d47a08d450d3bede6f17bdae3ea33e7fa445b15d55892ffe341c12c2a0c5abf4fd594243c3e0bd774ee7baeefb161cc7603f32b72f0c8b6299774206cc09f3e2bb9078ae0bdfda72dd12470424099f2ed21171fd85549930427b619efb501b7b7be76d403c3f7458fe16b5979d1c0b2614ded23be8d71b8b65aad0914547e80f1bbc404cd05ae59fcd01baf163ad154e4,gx-no-cache=1521050861665 HTTP/1.1" 200 255
192.168.10.61 - - [14/Mar/2018:15:10:49 -0300] "GET /cormun/servlet/solicitudgral?25fce96164f527a84948294ec373b929649ee000ff1726d75557eabf4bd353a135024b9b7f9435529c282c0fd8fd800fb68df07cddfb02a27e226ecdd9b0d641726b8aa00a6b2884ff9fde0cc0055463eda5440bf529a3ce6c681a3ba3cf6ff08b5be5e27e9406fcac60d7ccd46cca0d59b276873ebb9686c7874372fe3720affa874e28148a8963d5222d954edda34611885c87a8846648940c669647caefbf1d8559e93489de01a8a9c716c85285e5ab84ac5070ed27529ee641cdf8ef2b1c9693d50dc0666fe5e7cb9414ce21dbc6f26377cfc1c8ed294f01b588cb9cedc794127c89c6dc9d1993bed5d2c61ac5c4705d4dc6c9b50b53ae20b21b7a4ea82355db1af78fa3594f19d0da01cee992a01547c09d02b250d8666f13de1d815da3c6dd82a20c793835f042bf8e0c9255397541846d28309d6d33010cc0b2e9cb66f5c6b16de2ea06c20f185e7fdb6e645e58f0f6cfb9dba7332f7d552eed84c05635fb372652b668e089a7c436f06b6c272cb7d2ceb6afeccffa42f97f914aaf3d3c4c661e4a6d1e660e9d2f386761b597dfd9372b8f43f9540ed1326dfe63f94e04211ad5858ba3f6b0c208c86749675a,gx-no-cache=1521050885549 HTTP/1.1" 200 48
192.168.10.56 - - [14/Mar/2018:15:10:51 -0300] "POST /cormun/servlet/trsolicitudgral?702723d3fd8b088b78d425fbe7bfec41,gx-no-cache=1521050571309,gx-no-cache=1521050887936 HTTP/1.1" 200 7755
192.168.10.61 - - [14/Mar/2018:15:10:54 -0300] "POST /cormun/servlet/solicitudgral?1d24fc06c7d44b9c3146098ce84acfc9,UPD,2018,10363,,gx-no-cache=1521050890093 HTTP/1.1" 200 11829
192.168.10.61 - - [14/Mar/2018:15:10:54 -0300] "GET /cormun/servlet/solicitudgral?25fce96164f527a84948294ec373b929359cba4ea616d4db75469fa516709c610d95f82829d639048d71bc30e8537e7cab87c2cdc1ef37e908d34994d6c3b1f924376fda8c75fa794887806a1bb087f0f260f7fbc276527689340448932d15812a0b52aa8cc062042ac9472cad9dac460dd1d096983e2fd0cc669d77734817b64506d4ed93dd25569dfa93f034ac175db1da3fefea744edc2e6c195865251104,gx-no-cache=1521050890307 HTTP/1.1" 200 29
192.168.10.61 - - [14/Mar/2018:15:10:54 -0300] "POST /cormun/servlet/solicitudgral?gx-no-cache=1521050890331 HTTP/1.1" 200 1295
192.168.10.61 - - [14/Mar/2018:15:10:54 -0300] "POST /cormun/servlet/solicitudgral?gx-no-cache=1521050890381 HTTP/1.1" 200 1218
192.168.10.61 - - [14/Mar/2018:15:10:54 -0300] "POST /cormun/servlet/solicitudgral?1d24fc06c7d44b9c3146098ce84acfc9,UPD,2018,10363,,gx-no-cache=1521050890438 HTTP/1.1" 200 93
192.168.10.61 - - [14/Mar/2018:15:10:54 -0300] "GET /cormun/servlet/hpexe_return? HTTP/1.1" 200 1017
192.168.10.61 - - [14/Mar/2018:15:10:54 -0300] "GET /cormun/servlet/vesolicitudgral?2018,10363,, HTTP/1.1" 200 9128
192.168.10.61 - - [14/Mar/2018:15:10:54 -0300] "GET /cormun/pexe_scrolldiv.js HTTP/1.1" 404 1009
192.168.10.61 - - [14/Mar/2018:15:10:54 -0300] "GET /cormun/pexe_scrolldiv.js HTTP/1.1" 404 1009
192.168.10.61 - - [14/Mar/2018:15:10:55 -0300] "GET /cormun/servlet/vesolicitudgral?2018,10363,, HTTP/1.1" 200 9125
192.168.10.61 - - [14/Mar/2018:15:10:58 -0300] "POST /cormun/servlet/vesolicitudgral?1d24fc06c7d44b9c3146098ce84acfc9,2018,10363,,,gx-no-cache=1521050894315 HTTP/1.1" 200 12028
192.168.10.61 - - [14/Mar/2018:15:10:58 -0300] "GET /cormun/static/Shared/jqueryui/images/ui-bg_highlight-soft_100_c6c2c8_1x100.png HTTP/1.1" 404 1117
192.168.10.61 - - [14/Mar/2018:15:10:58 -0300] "GET /cormun/static/Shared/jqueryui/images/ui-icons_82798d_256x240.png HTTP/1.1" 404 1089
192.168.10.61 - - [14/Mar/2018:15:10:58 -0300] "GET /cormun/static/Shared/jqueryui/images/ui-bg_flat_55_fafafa_40x100.png HTTP/1.1" 404 1097
192.168.10.61 - - [14/Mar/2018:15:10:58 -0300] "GET /cormun/static/Shared/jqueryui/images/ui-icons_8d78a5_256x240.png HTTP/1.1" 404 1089
192.168.10.61 - - [14/Mar/2018:15:10:58 -0300] "POST /cormun/servlet/vesolicitudgral?1d24fc06c7d44b9c3146098ce84acfc9,2018,10363,,,gx-no-cache=1521050894537 HTTP/1.1" 200 11963
192.168.10.61 - - [14/Mar/2018:15:11:08 -0300] "POST /cormun/servlet/vesolicitudgral?1d24fc06c7d44b9c3146098ce84acfc9,2018,10363,,,gx-no-cache=1521050904755 HTTP/1.1" 200 93
192.168.10.61 - - [14/Mar/2018:15:11:08 -0300] "GET /cormun/servlet/hpexe_return? HTTP/1.1" 200 1011
192.168.10.61 - - [14/Mar/2018:15:11:09 -0300] "GET /cormun/servlet/trsolicitudgral HTTP/1.1" 200 16794
192.168.10.61 - - [14/Mar/2018:15:11:09 -0300] "GET /cormun/servlet/trsolicitudgral HTTP/1.1" 200 16790
192.168.10.61 - - [14/Mar/2018:15:11:42 -0300] "GET /cormun/servlet/vesolicitudgral?2018,10252,, HTTP/1.1" 200 9100
192.168.10.61 - - [14/Mar/2018:15:11:42 -0300] "GET /cormun/pexe_scrolldiv.js HTTP/1.1" 404 1009
192.168.10.61 - - [14/Mar/2018:15:11:42 -0300] "GET /cormun/pexe_scrolldiv.js HTTP/1.1" 404 1009
192.168.10.61 - - [14/Mar/2018:15:11:42 -0300] "GET /cormun/servlet/vesolicitudgral?2018,10252,, HTTP/1.1" 200 9099
192.168.10.61 - - [14/Mar/2018:15:11:48 -0300] "POST /cormun/servlet/vesolicitudgral?1d24fc06c7d44b9c3146098ce84acfc9,2018,10252,,,gx-no-cache=1521050944176 HTTP/1.1" 200 116
192.168.10.61 - - [14/Mar/2018:15:11:48 -0300] "GET /cormun/servlet/solicitudotlog?INS,2018,10252,0,REC, HTTP/1.1" 200 6309
192.168.10.61 - - [14/Mar/2018:15:11:48 -0300] "GET /cormun/static/gxcfg.js?2017761245646 HTTP/1.1" 200 953
192.168.10.61 - - [14/Mar/2018:15:11:48 -0300] "GET /cormun/servlet/solicitudotlog?INS,2018,10252,0,REC, HTTP/1.1" 200 6302
192.168.10.61 - - [14/Mar/2018:15:11:49 -0300] "GET /cormun/servlet/solicitudotlog?25fce96164f527a84948294ec373b929473e12a95e1efdb69423cbacbed8633e0d95f82829d639048d71bc30e8537e7cf19819e2baa8422c32f0acdb052888507816eb69065dcbb6c3815beeec4fb627810f047676fc8f3f82f00e12b446a078997aa6e0f81baad05a8fb0b1b2568ee562ee4a1dd5500908f71639c134b73e506989bb0beebfed270ee0d29d306c7d81ddc024b0fc95b7332f11f9414f0927b9,gx-no-cache=1521050945086 HTTP/1.1" 200 94
186.9.25.49 - - [14/Mar/2018:15:12:04 -0300] "POST /cormun/servlet/trautorizarsolicitud?e6235fc217daf4590232a999ecba7556,gx-no-cache=1521050928377,gx-no-cache=1521051072970 HTTP/1.1" 200 19384
192.168.10.61 - - [14/Mar/2018:15:12:15 -0300] "POST /cormun/servlet/solicitudotlog?1d24fc06c7d44b9c3146098ce84acfc9,INS,2018,10252,0,REC,,gx-no-cache=1521050971551 HTTP/1.1" 200 93
192.168.10.61 - - [14/Mar/2018:15:12:15 -0300] "GET /cormun/servlet/hpexe_return? HTTP/1.1" 200 1025
192.168.10.61 - - [14/Mar/2018:15:12:15 -0300] "GET /cormun/servlet/vesolicitudgral?2018,10252,, HTTP/1.1" 200 9108
192.168.10.61 - - [14/Mar/2018:15:12:15 -0300] "GET /cormun/pexe_scrolldiv.js HTTP/1.1" 404 1009
192.168.10.61 - - [14/Mar/2018:15:12:15 -0300] "GET /cormun/pexe_scrolldiv.js HTTP/1.1" 404 1009
192.168.10.61 - - [14/Mar/2018:15:12:16 -0300] "GET /cormun/servlet/vesolicitudgral?2018,10252,, HTTP/1.1" 200 9104
192.168.10.61 - - [14/Mar/2018:15:12:19 -0300] "POST /cormun/servlet/vesolicitudgral?1d24fc06c7d44b9c3146098ce84acfc9,2018,10252,,,gx-no-cache=1521050975749 HTTP/1.1" 200 93
192.168.10.61 - - [14/Mar/2018:15:12:19 -0300] "GET /cormun/servlet/hpexe_return? HTTP/1.1" 200 1010
192.168.10.61 - - [14/Mar/2018:15:12:20 -0300] "GET /cormun/servlet/trsolicitudgral HTTP/1.1" 200 16795
192.168.10.61 - - [14/Mar/2018:15:12:20 -0300] "GET /cormun/servlet/trsolicitudgral HTTP/1.1" 200 16791
192.168.10.56 - - [14/Mar/2018:15:12:30 -0300] "POST /cormun/servlet/trsolicitudgral?702723d3fd8b088b78d425fbe7bfec41,gx-no-cache=1521050571309,gx-no-cache=1521050986946 HTTP/1.1" 200 6116
192.168.10.56 - - [14/Mar/2018:15:12:35 -0300] "POST /cormun/servlet/trsolicitudgral?702723d3fd8b088b78d425fbe7bfec41,gx-no-cache=1521050571309,gx-no-cache=1521050990871 HTTP/1.1" 200 25244
186.103.159.189 - - [14/Mar/2018:15:12:50 -0300] "GET /cormun/servlet/hlogin HTTP/1.1" 200 1723
186.103.159.189 - - [14/Mar/2018:15:12:50 -0300] "GET /cormun/servlet/hlogin HTTP/1.1" 200 1723
186.103.159.189 - - [14/Mar/2018:15:13:06 -0300] "POST /cormun/servlet/hlogin?85fd6b7c13a3b356eeeff57241bd5373,gx-no-cache=1521051137287 HTTP/1.1" 200 90
186.103.159.189 - - [14/Mar/2018:15:13:06 -0300] "GET /cormun/servlet/hpexe_link HTTP/1.1" 200 955
186.103.159.189 - - [14/Mar/2018:15:13:06 -0300] "GET /cormun/servlet/hhome HTTP/1.1" 200 3990
186.103.159.189 - - [14/Mar/2018:15:13:08 -0300] "GET /cormun/servlet/hhome HTTP/1.1" 200 3987
186.103.159.189 - - [14/Mar/2018:15:13:13 -0300] "GET /cormun/servlet/trlicencias? HTTP/1.1" 200 9007
186.103.159.189 - - [14/Mar/2018:15:13:13 -0300] "GET /cormun/static/gxcfg.js?20176272054169 HTTP/1.1" 304 -
186.103.159.189 - - [14/Mar/2018:15:13:15 -0300] "GET /cormun/servlet/trlicencias? HTTP/1.1" 200 9004
192.168.10.61 - - [14/Mar/2018:15:13:19 -0300] "POST /cormun/servlet/trsolicitudgral?1d24fc06c7d44b9c3146098ce84acfc9,gx-no-cache=1521051035416 HTTP/1.1" 200 13861
186.9.25.49 - - [14/Mar/2018:15:13:19 -0300] "POST /cormun/servlet/trautorizarsolicitud?e6235fc217daf4590232a999ecba7556,gx-no-cache=1521050928377,gx-no-cache=1521051144551 HTTP/1.1" 200 109
186.9.25.49 - - [14/Mar/2018:15:13:20 -0300] "GET /cormun/AutorizarSolicitud-319.xls HTTP/1.1" 200 23040
186.103.159.189 - - [14/Mar/2018:15:13:26 -0300] "GET /cormun/servlet/alicenciaprn?18952078,L,20180308000000,PU HTTP/1.1" 200 1558
192.168.10.61 - - [14/Mar/2018:15:14:11 -0300] "POST /cormun/servlet/trsolicitudgral?1d24fc06c7d44b9c3146098ce84acfc9,gx-no-cache=1521051087607 HTTP/1.1" 200 13888
192.168.10.61 - - [14/Mar/2018:15:14:11 -0300] "GET /cormun/static/Shared/jqueryui/images/ui-bg_highlight-soft_100_c6c2c8_1x100.png HTTP/1.1" 404 1117
192.168.10.61 - - [14/Mar/2018:15:14:11 -0300] "GET /cormun/static/Shared/jqueryui/images/ui-icons_82798d_256x240.png HTTP/1.1" 404 1089
192.168.10.61 - - [14/Mar/2018:15:14:11 -0300] "GET /cormun/static/Shared/jqueryui/images/ui-icons_8d78a5_256x240.png HTTP/1.1" 404 1089
192.168.10.61 - - [14/Mar/2018:15:14:11 -0300] "GET /cormun/static/Shared/jqueryui/images/ui-bg_flat_55_fafafa_40x100.png HTTP/1.1" 404 1097
192.168.10.56 - - [14/Mar/2018:15:14:30 -0300] "POST /cormun/servlet/trsolicitudgral?702723d3fd8b088b78d425fbe7bfec41,gx-no-cache=1521050571309,gx-no-cache=1521051106613 HTTP/1.1" 200 8146
186.9.25.49 - - [14/Mar/2018:15:14:44 -0300] "POST /cormun/servlet/trautorizarsolicitud?e6235fc217daf4590232a999ecba7556,gx-no-cache=1521050928377,gx-no-cache=1521051234235 HTTP/1.1" 200 4404
186.9.25.49 - - [14/Mar/2018:15:14:53 -0300] "POST /cormun/servlet/trautorizarsolicitud?e6235fc217daf4590232a999ecba7556,gx-no-cache=1521050928377,gx-no-cache=1521051243061 HTTP/1.1" 200 6951
186.9.25.49 - - [14/Mar/2018:15:14:55 -0300] "POST /cormun/servlet/trautorizarsolicitud?e6235fc217daf4590232a999ecba7556,gx-no-cache=1521050928377,gx-no-cache=1521051245485 HTTP/1.1" 200 110
186.9.25.49 - - [14/Mar/2018:15:14:55 -0300] "POST /cormun/servlet/trautorizarsolicitud?e6235fc217daf4590232a999ecba7556,gx-no-cache=1521050928377,gx-no-cache=1521051245685 HTTP/1.1" 200 6928
186.9.25.49 - - [14/Mar/2018:15:14:56 -0300] "GET /cormun/AutorizarSolicitud-2070.xls HTTP/1.1" 200 6144
186.9.25.49 - - [14/Mar/2018:15:15:58 -0300] "POST /cormun/servlet/trautorizarsolicitud?e6235fc217daf4590232a999ecba7556,gx-no-cache=1521050928377,gx-no-cache=1521051307683 HTTP/1.1" 200 7627
186.9.25.49 - - [14/Mar/2018:15:16:02 -0300] "POST /cormun/servlet/trautorizarsolicitud?e6235fc217daf4590232a999ecba7556,gx-no-cache=1521050928377,gx-no-cache=1521051311554 HTTP/1.1" 200 109
186.9.25.49 - - [14/Mar/2018:15:16:02 -0300] "GET /cormun/AutorizarSolicitud-790.xls HTTP/1.1" 200 7168
192.168.10.61 - - [14/Mar/2018:15:16:03 -0300] "GET /cormun/static/Shared/jqueryui/images/ui-bg_highlight-soft_100_eae6ea_1x100.png HTTP/1.1" 404 1117
186.103.157.42 - - [14/Mar/2018:15:16:20 -0300] "GET /cormun/servlet/hlogin HTTP/1.1" 200 1721
186.103.157.42 - - [14/Mar/2018:15:16:23 -0300] "POST /cormun/servlet/hlogin?9f05bd5488be2b201b859eece56b7361,gx-no-cache=1521051079686 HTTP/1.1" 200 90
186.103.157.42 - - [14/Mar/2018:15:16:59 -0300] "GET /cormun/servlet/hlogin HTTP/1.1" 200 1720
186.103.157.42 - - [14/Mar/2018:15:17:01 -0300] "POST /cormun/servlet/hlogin?9f05bd5488be2b201b859eece56b7361,gx-no-cache=1521051117360 HTTP/1.1" 200 90
186.103.157.42 - - [14/Mar/2018:15:17:01 -0300] "GET /cormun/servlet/hpexe_link HTTP/1.1" 200 948
186.103.157.42 - - [14/Mar/2018:15:17:01 -0300] "GET /cormun/servlet/hhome HTTP/1.1" 200 4256
186.103.157.42 - - [14/Mar/2018:15:17:05 -0300] "GET /cormun/servlet/hhome HTTP/1.1" 200 4252
186.103.157.42 - - [14/Mar/2018:15:17:08 -0300] "GET /cormun/servlet/trsolicitudot? HTTP/1.1" 200 7473
186.103.157.42 - - [14/Mar/2018:15:17:15 -0300] "GET /cormun/servlet/trsolicitudot? HTTP/1.1" 200 7472
186.103.159.189 - - [14/Mar/2018:15:17:15 -0300] "GET /cormun/servlet/alicenciaprn?9301983,L,20180301000000,PU HTTP/1.1" 200 1554
186.103.157.42 - - [14/Mar/2018:15:17:19 -0300] "GET /cormun/servlet/solicitudot?INS,0,0, HTTP/1.1" 200 13702
186.103.157.42 - - [14/Mar/2018:15:17:19 -0300] "GET /cormun/static/solicitudot.js?201812313224831 HTTP/1.1" 304 -
186.103.157.42 - - [14/Mar/2018:15:17:20 -0300] "GET /cormun/servlet/solicitudot?INS,0,0, HTTP/1.1" 200 13707
186.103.157.42 - - [14/Mar/2018:15:17:22 -0300] "GET /cormun/servlet/prfichaempleado?,MD,,gxPopupLevel%3D0%3B HTTP/1.1" 200 9423
186.103.157.42 - - [14/Mar/2018:15:17:31 -0300] "GET /cormun/static/gxcfg.js?20177612134814 HTTP/1.1" 304 -
186.103.157.42 - - [14/Mar/2018:15:17:38 -0300] "POST /cormun/servlet/prfichaempleado?9f05bd5488be2b201b859eece56b7361,,MD,,gxPopupLevel%3D0%3B,gx-no-cache=1521051154359 HTTP/1.1" 200 4267
190.151.100.218 - - [14/Mar/2018:15:17:45 -0300] "GET /cormun/servlet/hlogin HTTP/1.1" 200 1718
192.168.10.61 - - [14/Mar/2018:15:17:47 -0300] "GET /cormun/servlet/vesolicitudgral?2018,10366,, HTTP/1.1" 200 9098
192.168.10.61 - - [14/Mar/2018:15:17:48 -0300] "GET /cormun/pexe_scrolldiv.js HTTP/1.1" 404 1009
192.168.10.61 - - [14/Mar/2018:15:17:48 -0300] "GET /cormun/pexe_scrolldiv.js HTTP/1.1" 404 1009
186.103.157.42 - - [14/Mar/2018:15:17:48 -0300] "POST /cormun/servlet/solicitudot?gx-no-cache=1521051164031 HTTP/1.1" 200 3389
192.168.10.61 - - [14/Mar/2018:15:17:48 -0300] "GET /cormun/servlet/vesolicitudgral?2018,10366,, HTTP/1.1" 200 9098
186.103.157.42 - - [14/Mar/2018:15:17:48 -0300] "POST /cormun/servlet/solicitudot?9f05bd5488be2b201b859eece56b7361,INS,0,0,,gx-no-cache=1521051164424 HTTP/1.1" 200 10567
186.103.157.42 - - [14/Mar/2018:15:17:49 -0300] "GET /cormun/servlet/solicitudot?54973e5981d587faefa46783833c83e6598787884fc330d9a5e7e280c43d200ab95c1d3bd9e6996785dd4a481b169d5e,gx-no-cache=1521051165397 HTTP/1.1" 200 30
186.103.157.42 - - [14/Mar/2018:15:17:52 -0300] "GET /cormun/servlet/solicitudot?54973e5981d587faefa46783833c83e6a104e562b57879aca43682dbf6a886bd52e91fb03fd2d5e3ca342fef3fa5fdb8,gx-no-cache=1521051167915 HTTP/1.1" 200 103
186.103.157.42 - - [14/Mar/2018:15:17:53 -0300] "GET /cormun/static/Shared/jqueryui/images/ui-bg_highlight-soft_100_c6c2c8_1x100.png HTTP/1.1" 404 1117
186.103.157.42 - - [14/Mar/2018:15:17:53 -0300] "GET /cormun/static/Shared/jqueryui/images/ui-icons_82798d_256x240.png HTTP/1.1" 404 1089
186.103.157.42 - - [14/Mar/2018:15:17:53 -0300] "GET /cormun/static/Shared/jqueryui/images/ui-bg_flat_55_994d53_40x100.png HTTP/1.1" 404 1097
186.103.157.42 - - [14/Mar/2018:15:17:54 -0300] "GET /cormun/servlet/solicitudot?54973e5981d587faefa46783833c83e6f13308f8ce7b41ba06658e5c5f3dd521,gx-no-cache=1521051169622 HTTP/1.1" 200 51
186.103.157.42 - - [14/Mar/2018:15:17:54 -0300] "GET /cormun/static/Shared/jqueryui/images/ui-icons_ebccce_256x240.png HTTP/1.1" 404 1089
186.103.157.42 - - [14/Mar/2018:15:17:57 -0300] "POST /cormun/servlet/solicitudot?gx-no-cache=1521051173264 HTTP/1.1" 200 297
186.103.157.42 - - [14/Mar/2018:15:18:01 -0300] "GET /cormun/servlet/solicitudot?54973e5981d587faefa46783833c83e6fcb5b4ea49881e7360257c9c38b7b8c48a4112d9670e696ddce2810ed2a7122f5fbc93712f28edd26b1c35ac06b3cbe6b482bb15f11c3af015d9a9f0e340431faf79d288b4a1f7ecf4a562c1b6ba79ca1bc5e4f8799b6a510ba1c342a0ee37b7205fc8c27c67b03bb291c9081a566e95ece425b48bd2dad42816badf3bdeee154fd009970b48b941aa6b1bf7135dc1a44e54519e69ccd4a6011ff73d43782b76e355d3a8734d77b6b803b986d44ba4c4785a56e2759011bc2478adb92313bf6f0ef27f7a9957f4c4319648c254dcdf68741395029c49ec8e47b07baff1c0977026d51ba46f617e5686ac7ddca5aef265afe254dcfb72d48e5f62ae1b2b64b00bb7299af8c3dc5cbc2191bfc9715cc5aea30d1fd72b7a093b47b2eedc643920a5072da71bcd1cf83a90a05330ea09110d744bd4d5f84eac5d4adb7ff23cd8ca2a3705f6f5829a080b6ae3aee672bb14171c1c5d4fbad2134379f889104ccfdffdfdbca9bbb505045682882dd7a2766a277c58a45b14778dbb42c7a6242d9836e7,gx-no-cache=1521051177188 HTTP/1.1" 200 30
186.103.132.155 - - [14/Mar/2018:15:18:18 -0300] "POST /cormun/servlet/hlogin?ef5a54cbc816917222a026dd972059c1,gx-no-cache=1521051447443 HTTP/1.1" 200 90
186.103.132.155 - - [14/Mar/2018:15:18:18 -0300] "GET /cormun/servlet/hpexe_link HTTP/1.1" 200 945
186.103.132.155 - - [14/Mar/2018:15:18:18 -0300] "GET /cormun/servlet/hhome HTTP/1.1" 200 4064
186.103.132.155 - - [14/Mar/2018:15:18:20 -0300] "GET /cormun/servlet/hhome HTTP/1.1" 200 4061
192.168.10.56 - - [14/Mar/2018:15:18:20 -0300] "POST /cormun/servlet/trsolicitudgral?702723d3fd8b088b78d425fbe7bfec41,gx-no-cache=1521050571309,gx-no-cache=1521051336774 HTTP/1.1" 200 5925
192.168.10.61 - - [14/Mar/2018:15:18:35 -0300] "POST /cormun/servlet/vesolicitudgral?1d24fc06c7d44b9c3146098ce84acfc9,2018,10366,,,gx-no-cache=1521051351967 HTTP/1.1" 200 107
192.168.10.61 - - [14/Mar/2018:15:18:36 -0300] "GET /cormun/servlet/solicitudgral?UPD,2018,10366, HTTP/1.1" 200 12971
192.168.10.61 - - [14/Mar/2018:15:18:36 -0300] "GET /cormun/servlet/solicitudgral?UPD,2018,10366, HTTP/1.1" 200 12972
192.168.10.61 - - [14/Mar/2018:15:18:37 -0300] "POST /cormun/servlet/solicitudgral?gx-no-cache=1521051353123 HTTP/1.1" 200 3889
192.168.10.61 - - [14/Mar/2018:15:18:37 -0300] "GET /cormun/servlet/solicitudgral?25fce96164f527a84948294ec373b929e34c6387b85053ae61b95fd262c5a03f5e70aad2b40ec04dac39c2e3d313472cf446a1b3cfdcc69a12c64e81a74b9d19aa3e6ceb1137993e437106b10aedb94040e746f882dc46a499000535a0d0838a2062570a7dff42c38bf8f086dfa783074cf241d4787afab44e17f6b9906f40515ad9bc029a4bd646d7ff91f9b8508b69a3a6ac32a057f0719c0e883d1c9beeda559df108c4fa8b58fb03fabe52ec2ef0cd6adaa82d8e9535e0f4433822414a6d47a08d450d3bede6f17bdae3ea33e7fa445b15d55892ffe341c12c2a0c5abf4fd594243c3e0bd774ee7baeefb161cc7603f32b72f0c8b6299774206cc09f3e2bb9078ae0bdfda72dd12470424099f2ed21171fd85549930427b619efb501b7b7be76d403c3f7458fe16b5979d1c0b2614ded23be8d71b8b65aad0914547e80f1bbc404cd05ae59fcd01baf163ad154e4,gx-no-cache=1521051353259 HTTP/1.1" 200 255
192.168.10.61 - - [14/Mar/2018:15:18:38 -0300] "GET /cormun/servlet/solicitudgral?25fce96164f527a84948294ec373b929649ee000ff1726d75557eabf4bd353a135024b9b7f9435529c282c0fd8fd800fb68df07cddfb02a27e226ecdd9b0d641726b8aa00a6b2884ff9fde0cc0055463eda5440bf529a3ce6c681a3ba3cf6ff08b5be5e27e9406fcac60d7ccd46cca0d59b276873ebb9686c7874372fe3720affa874e28148a8963d5222d954edda34611885c87a8846648940c669647caefbf1d8559e93489de01a8a9c716c85285e5ab84ac5070ed27529ee641cdf8ef2b1c9693d50dc0666fe5e7cb9414ce21dbc6f26377cfc1c8ed294f01b588cb9cedc794127c89c6dc9d1993bed5d2c61ac5c4705d4dc6c9b50b53ae20b21b7a4ea82355db1af78fa3594f19d0da01cee992a01547c09d02b250d8666f13de1d815da3c6dd82a20c793835f042bf8e0c9255397541846d28309d6d33010cc0b2e9cb66f5c6b16de2ea06c20f185e7fdb6e645e58f0f6cfb9dba7332f7d552eed84c05635fb372652b668e089a7c436f06b6c272cb7d2ceb6afeccffa42f97f914aaf3d3c4c661e4a6d1e660e9d2f386761b597dfd9372b8f43f9540ed1326dfe63f94e04211ad5858ba3f6b0c208c86749675a,gx-no-cache=1521051354855 HTTP/1.1" 200 48
186.103.157.42 - - [14/Mar/2018:15:18:46 -0300] "GET /cormun/servlet/solicitudot?54973e5981d587faefa46783833c83e60576a91a2f66a995f0530fa3d94c6cad68bac63ede5c3433d04686b958e79d41,gx-no-cache=1521051221500 HTTP/1.1" 200 103
186.103.157.42 - - [14/Mar/2018:15:18:46 -0300] "POST /cormun/servlet/solicitudot?gx-no-cache=1521051221879 HTTP/1.1" 200 297
186.103.157.42 - - [14/Mar/2018:15:18:46 -0300] "GET /cormun/servlet/solicitudot?54973e5981d587faefa46783833c83e6fcb5b4ea49881e7360257c9c38b7b8c48a4112d9670e696ddce2810ed2a7122f5fbc93712f28edd26b1c35ac06b3cbe6b482bb15f11c3af015d9a9f0e340431faf79d288b4a1f7ecf4a562c1b6ba79ca1bc5e4f8799b6a510ba1c342a0ee37b7205fc8c27c67b03bb291c9081a566e95ece425b48bd2dad42816badf3bdeee154fd009970b48b941aa6b1bf7135dc1a44e54519e69ccd4a6011ff73d43782b76e355d3a8734d77b6b803b986d44ba4c4785a56e2759011bc2478adb92313bf6f0ef27f7a9957f4c4319648c254dcdf68741395029c49ec8e47b07baff1c0977026d51ba46f617e5686ac7ddca5aef265afe254dcfb72d48e5f62ae1b2b64b00bb7299af8c3dc5cbc2191bfc9715cc5aea30d1fd72b7a093b47b2eedc643920a5072da71bcd1cf83a90a05330ea09110d744bd4d5f84eac5d4adb7ff23cd8ca2a3705f6f5829a080b6ae3aee672bb14171c1c5d4fbad2134379f889104ccfdffdd874682583b21e7f2c77166c734e79d47c58a45b14778dbb42c7a6242d9836e7,gx-no-cache=1521051221927 HTTP/1.1" 200 30
192.168.10.61 - - [14/Mar/2018:15:18:57 -0300] "POST /cormun/servlet/solicitudgral?1d24fc06c7d44b9c3146098ce84acfc9,UPD,2018,10366,,gx-no-cache=1521051373638 HTTP/1.1" 200 11812
192.168.10.61 - - [14/Mar/2018:15:18:57 -0300] "GET /cormun/servlet/solicitudgral?25fce96164f527a84948294ec373b929359cba4ea616d4db75469fa516709c610d95f82829d639048d71bc30e8537e7cab87c2cdc1ef37e908d34994d6c3b1f924376fda8c75fa794887806a1bb087f0f260f7fbc276527689340448932d15812a0b52aa8cc062042ac9472cad9dac460dd1d096983e2fd0cc669d77734817b64506d4ed93dd25569dfa93f034ac175db1da3fefea744edc2e6c195865251104,gx-no-cache=1521051373921 HTTP/1.1" 200 29
192.168.10.61 - - [14/Mar/2018:15:18:57 -0300] "POST /cormun/servlet/solicitudgral?gx-no-cache=1521051373957 HTTP/1.1" 200 1295
192.168.10.61 - - [14/Mar/2018:15:18:57 -0300] "POST /cormun/servlet/solicitudgral?gx-no-cache=1521051374020 HTTP/1.1" 200 1218
192.168.10.61 - - [14/Mar/2018:15:18:58 -0300] "POST /cormun/servlet/solicitudgral?1d24fc06c7d44b9c3146098ce84acfc9,UPD,2018,10366,,gx-no-cache=1521051374079 HTTP/1.1" 200 93
192.168.10.61 - - [14/Mar/2018:15:18:58 -0300] "GET /cormun/servlet/hpexe_return? HTTP/1.1" 200 1017
192.168.10.61 - - [14/Mar/2018:15:18:58 -0300] "GET /cormun/servlet/vesolicitudgral?2018,10366,, HTTP/1.1" 200 9101
192.168.10.61 - - [14/Mar/2018:15:18:58 -0300] "GET /cormun/pexe_scrolldiv.js HTTP/1.1" 404 1009
192.168.10.61 - - [14/Mar/2018:15:18:58 -0300] "GET /cormun/pexe_scrolldiv.js HTTP/1.1" 404 1009
192.168.10.61 - - [14/Mar/2018:15:18:58 -0300] "GET /cormun/servlet/vesolicitudgral?2018,10366,, HTTP/1.1" 200 9097
186.103.157.42 - - [14/Mar/2018:15:19:00 -0300] "GET /cormun/servlet/solicitudot?54973e5981d587faefa46783833c83e60576a91a2f66a995f0530fa3d94c6cad74d2c90cd3ca27d707fef469d56927f0,gx-no-cache=1521051236173 HTTP/1.1" 200 30
186.103.157.42 - - [14/Mar/2018:15:19:02 -0300] "POST /cormun/servlet/solicitudot?gx-no-cache=1521051237861 HTTP/1.1" 200 297
186.103.157.42 - - [14/Mar/2018:15:19:03 -0300] "GET /cormun/servlet/solicitudot?54973e5981d587faefa46783833c83e6fcb5b4ea49881e7360257c9c38b7b8c48a4112d9670e696ddce2810ed2a7122f5fbc93712f28edd26b1c35ac06b3cbe6b482bb15f11c3af015d9a9f0e340431faf79d288b4a1f7ecf4a562c1b6ba79ca1bc5e4f8799b6a510ba1c342a0ee37b7205fc8c27c67b03bb291c9081a566e95ece425b48bd2dad42816badf3bdeee154fd009970b48b941aa6b1bf7135dc1a44e54519e69ccd4a6011ff73d43782b76e355d3a8734d77b6b803b986d44ba4c4785a56e2759011bc2478adb92313bf6f0ef27f7a9957f4c4319648c254dcdf68741395029c49ec8e47b07baff1c0977026d51ba46f617e5686ac7ddca5aef265afe254dcfb72d48e5f62ae1b2b64b00bb7299af8c3dc5cbc2191bfc9715cc5aea30d1fd72b7a093b47b2eedc643920a5072da71bcd1cf83a90a05330ea09110d744bd4d5f84eac5d4adb7ff23cd8ca2a3705f6f5829a080b6ae3aee672bb14171c1c5d4fbad2134379f889104ccfdffdd874682583b21e7f2c77166c734e79d47c58a45b14778dbb42c7a6242d9836e7,gx-no-cache=1521051239343 HTTP/1.1" 200 30
192.168.10.61 - - [14/Mar/2018:15:19:04 -0300] "POST /cormun/servlet/vesolicitudgral?1d24fc06c7d44b9c3146098ce84acfc9,2018,10366,,,gx-no-cache=1521051380261 HTTP/1.1" 200 12007
192.168.10.61 - - [14/Mar/2018:15:19:04 -0300] "GET /cormun/static/Shared/jqueryui/images/ui-bg_highlight-soft_100_c6c2c8_1x100.png HTTP/1.1" 404 1117
192.168.10.61 - - [14/Mar/2018:15:19:04 -0300] "GET /cormun/static/Shared/jqueryui/images/ui-icons_82798d_256x240.png HTTP/1.1" 404 1089
192.168.10.61 - - [14/Mar/2018:15:19:04 -0300] "GET /cormun/static/Shared/jqueryui/images/ui-bg_flat_55_fafafa_40x100.png HTTP/1.1" 404 1097
192.168.10.61 - - [14/Mar/2018:15:19:04 -0300] "GET /cormun/static/Shared/jqueryui/images/ui-icons_8d78a5_256x240.png HTTP/1.1" 404 1089
192.168.10.61 - - [14/Mar/2018:15:19:04 -0300] "POST /cormun/servlet/vesolicitudgral?1d24fc06c7d44b9c3146098ce84acfc9,2018,10366,,,gx-no-cache=1521051380499 HTTP/1.1" 200 11941
192.168.10.61 - - [14/Mar/2018:15:19:08 -0300] "POST /cormun/servlet/vesolicitudgral?1d24fc06c7d44b9c3146098ce84acfc9,2018,10366,,,gx-no-cache=1521051384724 HTTP/1.1" 200 93
192.168.10.61 - - [14/Mar/2018:15:19:08 -0300] "GET /cormun/servlet/hpexe_return? HTTP/1.1" 200 1032
186.9.25.49 - - [14/Mar/2018:15:19:09 -0300] "GET /cormun/servlet/hlogin HTTP/1.1" 200 1766
192.168.10.61 - - [14/Mar/2018:15:19:09 -0300] "GET /cormun/servlet/trsolicitudgral?gx-no-cache=1521051087607 HTTP/1.1" 200 16791
192.168.10.61 - - [14/Mar/2018:15:19:09 -0300] "GET /cormun/servlet/trsolicitudgral?gx-no-cache=1521051087607 HTTP/1.1" 200 16808
186.103.157.42 - - [14/Mar/2018:15:19:19 -0300] "POST /cormun/servlet/solicitudot?gx-no-cache=1521051255738 HTTP/1.1" 200 30
186.103.157.42 - - [14/Mar/2018:15:19:31 -0300] "GET /cormun/servlet/prcontratosol?10231567,,,,,MD,,gxPopupLevel%3D0%3B HTTP/1.1" 200 9200
186.103.157.42 - - [14/Mar/2018:15:19:43 -0300] "POST /cormun/servlet/solicitudot?gx-no-cache=1521051278843 HTTP/1.1" 200 1336
186.103.157.42 - - [14/Mar/2018:15:19:43 -0300] "POST /cormun/servlet/solicitudot?gx-no-cache=1521051278905 HTTP/1.1" 200 38
186.103.157.42 - - [14/Mar/2018:15:19:43 -0300] "GET /cormun/servlet/solicitudot?54973e5981d587faefa46783833c83e64f4f6eee35daecbc01d738e1c870ab8afbfa143b6abb82a4b32535438633096fa097e588b08376a8ffd94e5c9b184e84817ebe925a375675cdc6e178adc249154aa0e6f64a75d862ef10b2c7dfbe83d46109bc95c207a43a0517b58953c9f005,gx-no-cache=1521051278944 HTTP/1.1" 200 29
186.103.157.42 - - [14/Mar/2018:15:19:43 -0300] "POST /cormun/servlet/solicitudot?gx-no-cache=1521051278985 HTTP/1.1" 200 1318
186.103.157.42 - - [14/Mar/2018:15:19:43 -0300] "POST /cormun/servlet/solicitudot?gx-no-cache=1521051279035 HTTP/1.1" 200 1218
186.103.157.42 - - [14/Mar/2018:15:19:43 -0300] "GET /cormun/servlet/solicitudot?54973e5981d587faefa46783833c83e6599abccc6d359aa8c590ab7671d10f345c89f6b5f5415e0060725305434249aa,gx-no-cache=1521051279084 HTTP/1.1" 200 134
186.67.203.186 - - [14/Mar/2018:15:19:44 -0300] "GET /cormun/servlet/trlicencias? HTTP/1.1" 200 8064
200.111.122.170 - - [14/Mar/2018:15:19:46 -0300] "GET /cormun/static/gxcfg.js?20176272054169 HTTP/1.1" 200 953
200.111.122.170 - - [14/Mar/2018:15:19:47 -0300] "GET /cormun/static/trlicencias.js?20176272054837 HTTP/1.1" 200 41883
186.103.157.42 - - [14/Mar/2018:15:19:50 -0300] "GET /cormun/static/menuarrow.gif HTTP/1.1" 404 1015
186.67.203.186 - - [14/Mar/2018:15:19:50 -0300] "GET /cormun/static/Resources/Spanish/PXTools.css?17315867 HTTP/1.1" 200 89042
186.103.161.206 - - [14/Mar/2018:15:19:52 -0300] "GET /cormun//static/Resources/PXToolsActionPrint.png HTTP/1.1" 200 3317
186.103.161.206 - - [14/Mar/2018:15:19:52 -0300] "GET /cormun//static/Resources/PXToolsHeaderHelp.png HTTP/1.1" 200 4055
186.103.161.206 - - [14/Mar/2018:15:19:52 -0300] "GET /cormun//static/Resources/PXToolsHeaderFavorites.png HTTP/1.1" 200 2744
186.103.161.206 - - [14/Mar/2018:15:19:52 -0300] "GET /cormun//static/Resources/PXToolsGridDisplay.png HTTP/1.1" 200 362
186.67.203.186 - - [14/Mar/2018:15:19:52 -0300] "GET /cormun/servlet/trlicencias? HTTP/1.1" 200 8061
200.111.122.170 - - [14/Mar/2018:15:19:53 -0300] "GET /cormun//static/Resources/PXToolsActionDisabled.gif HTTP/1.1" 200 53
186.103.157.42 - - [14/Mar/2018:15:20:15 -0300] "GET /cormun/servlet/solicitudot?54973e5981d587faefa46783833c83e6ec17de4dc78a69da60ec1ae81c5d44015c89f6b5f5415e0060725305434249aa,gx-no-cache=1521051311251 HTTP/1.1" 200 30
186.103.157.42 - - [14/Mar/2018:15:20:30 -0300] "POST /cormun/servlet/solicitudot?gx-no-cache=1521051326726 HTTP/1.1" 200 33
186.103.157.42 - - [14/Mar/2018:15:20:40 -0300] "POST /cormun/servlet/solicitudot?gx-no-cache=1521051336027 HTTP/1.1" 200 1319
186.103.157.42 - - [14/Mar/2018:15:20:40 -0300] "POST /cormun/servlet/solicitudot?gx-no-cache=1521051336367 HTTP/1.1" 200 1218
186.103.157.42 - - [14/Mar/2018:15:20:40 -0300] "GET /cormun/servlet/solicitudot?54973e5981d587faefa46783833c83e6ec17de4dc78a69da60ec1ae81c5d44015c89f6b5f5415e0060725305434249aa,gx-no-cache=1521051336414 HTTP/1.1" 200 30
186.103.157.42 - - [14/Mar/2018:15:20:40 -0300] "POST /cormun/servlet/solicitudot?gx-no-cache=1521051336443 HTTP/1.1" 200 33
186.103.157.42 - - [14/Mar/2018:15:20:46 -0300] "POST /cormun/servlet/solicitudot?9f05bd5488be2b201b859eece56b7361,INS,0,0,,gx-no-cache=1521051342336 HTTP/1.1" 200 12000
186.103.157.42 - - [14/Mar/2018:15:21:14 -0300] "GET /cormun/servlet/prfichaempleado?,MD,,gxPopupLevel%3D0%3B HTTP/1.1" 200 9423
186.103.157.42 - - [14/Mar/2018:15:21:22 -0300] "POST /cormun/servlet/prfichaempleado?9f05bd5488be2b201b859eece56b7361,,MD,,gxPopupLevel%3D0%3B,gx-no-cache=1521051377885 HTTP/1.1" 200 4630
186.103.157.42 - - [14/Mar/2018:15:21:46 -0300] "GET /cormun/servlet/trautorizarsolicitud? HTTP/1.1" 200 8738
186.103.157.42 - - [14/Mar/2018:15:21:47 -0300] "GET /cormun/servlet/trautorizarsolicitud? HTTP/1.1" 200 8733
186.67.164.142 - - [14/Mar/2018:15:21:54 -0300] "POST /cormun/servlet/trlicencias?8c75628aac99face1d87db2aafcea300,gx-no-cache=1521051664921 HTTP/1.1" 440 972
186.103.157.42 - - [14/Mar/2018:15:21:57 -0300] "GET /cormun/static/menuarrow.gif HTTP/1.1" 404 1015
186.67.164.142 - - [14/Mar/2018:15:22:00 -0300] "GET /cormun/servlet/trlicencias HTTP/1.1" 200 6104
186.67.164.142 - - [14/Mar/2018:15:22:01 -0300] "GET /cormun/servlet/hlogin HTTP/1.1" 200 1734
186.67.164.142 - - [14/Mar/2018:15:22:01 -0300] "GET /cormun/servlet/trlicencias HTTP/1.1" 200 6104
192.168.10.56 - - [14/Mar/2018:15:22:01 -0300] "POST /cormun/servlet/trsolicitudgral?702723d3fd8b088b78d425fbe7bfec41,gx-no-cache=1521050571309,gx-no-cache=1521051557061 HTTP/1.1" 200 25244
186.103.157.42 - - [14/Mar/2018:15:22:02 -0300] "POST /cormun/servlet/trautorizarsolicitud?9f05bd5488be2b201b859eece56b7361,,gx-no-cache=1521051417824 HTTP/1.1" 200 22734
200.72.197.82 - - [14/Mar/2018:15:22:12 -0300] "GET /cormun/servlet/licenciaspermisos?INS,0,,, HTTP/1.1" 200 7599
200.111.122.170 - - [14/Mar/2018:15:22:12 -0300] "GET /cormun/static/gxcfg.js?201762917281167 HTTP/1.1" 200 953
200.72.197.82 - - [14/Mar/2018:15:22:14 -0300] "GET /cormun/static/licenciaspermisos.js?201762917281260 HTTP/1.1" 200 37491
200.72.197.82 - - [14/Mar/2018:15:22:14 -0300] "GET /cormun/servlet/licenciaspermisos?INS,0,,, HTTP/1.1" 200 7607
192.168.10.56 - - [14/Mar/2018:15:22:15 -0300] "POST /cormun/servlet/trsolicitudgral?702723d3fd8b088b78d425fbe7bfec41,gx-no-cache=1521050571309,gx-no-cache=1521051571089 HTTP/1.1" 200 8146
192.168.10.56 - - [14/Mar/2018:15:22:25 -0300] "POST /cormun/servlet/trsolicitudgral?702723d3fd8b088b78d425fbe7bfec41,gx-no-cache=1521050571309,gx-no-cache=1521051581460 HTTP/1.1" 200 7666
192.168.10.61 - - [14/Mar/2018:15:22:32 -0300] "POST /cormun/servlet/trsolicitudgral?1d24fc06c7d44b9c3146098ce84acfc9,gx-no-cache=1521051087607,gx-no-cache=1521051588389 HTTP/1.1" 200 7243
186.103.159.189 - - [14/Mar/2018:15:22:32 -0300] "GET /cormun/servlet/trvisualizadoreventos? HTTP/1.1" 200 6713
186.103.159.189 - - [14/Mar/2018:15:22:32 -0300] "GET /cormun/static/gxcfg.js?20175251251426 HTTP/1.1" 304 -
186.103.159.189 - - [14/Mar/2018:15:22:34 -0300] "GET /cormun/servlet/trvisualizadoreventos? HTTP/1.1" 200 6714
186.103.159.189 - - [14/Mar/2018:15:22:37 -0300] "GET /cormun/static/menuarrow.gif HTTP/1.1" 404 1015
192.168.10.61 - - [14/Mar/2018:15:22:40 -0300] "GET /cormun/servlet/vesolicitudgral?2018,9906,, HTTP/1.1" 200 9102
192.168.10.61 - - [14/Mar/2018:15:22:40 -0300] "GET /cormun/pexe_scrolldiv.js HTTP/1.1" 404 1009
192.168.10.61 - - [14/Mar/2018:15:22:40 -0300] "GET /cormun/pexe_scrolldiv.js HTTP/1.1" 404 1009
192.168.10.61 - - [14/Mar/2018:15:22:41 -0300] "GET /cormun/servlet/vesolicitudgral?2018,9906,, HTTP/1.1" 200 9081
186.103.159.189 - - [14/Mar/2018:15:22:43 -0300] "POST /cormun/servlet/trvisualizadoreventos?85fd6b7c13a3b356eeeff57241bd5373,,gx-no-cache=1521051714226 HTTP/1.1" 200 5914
200.72.197.82 - - [14/Mar/2018:15:22:44 -0300] "GET /cormun/servlet/licenciaspermisos?INS,0,,, HTTP/1.1" 200 7599
186.103.157.42 - - [14/Mar/2018:15:22:44 -0300] "GET /cormun/servlet/trsolicitudot? HTTP/1.1" 200 7473
186.103.157.42 - - [14/Mar/2018:15:22:45 -0300] "GET /cormun/servlet/trsolicitudot? HTTP/1.1" 200 7472
200.72.197.82 - - [14/Mar/2018:15:22:45 -0300] "GET /cormun/servlet/licenciaspermisos?INS,0,,, HTTP/1.1" 200 7607
186.103.132.155 - - [14/Mar/2018:15:22:46 -0300] "GET /favicon.ico HTTP/1.1" 200 21630
186.103.157.42 - - [14/Mar/2018:15:22:47 -0300] "GET /cormun/servlet/solicitudot?INS,0,0, HTTP/1.1" 200 13699
186.103.157.42 - - [14/Mar/2018:15:22:51 -0300] "GET /cormun/servlet/solicitudot?INS,0,0, HTTP/1.1" 200 13704
200.72.197.82 - - [14/Mar/2018:15:22:52 -0300] "GET /cormun/static/Resources/resize.gif HTTP/1.1" 200 77
186.103.132.155 - - [14/Mar/2018:15:22:52 -0300] "GET /cormun/servlet/prfichaempleado?,MD,,gxPopupLevel%3D0%3B HTTP/1.1" 200 9210
200.72.197.82 - - [14/Mar/2018:15:22:52 -0300] "GET /cormun/static/gxcfg.js?20177612134814 HTTP/1.1" 200 953
200.111.122.170 - - [14/Mar/2018:15:22:52 -0300] "GET /cormun/static/Resources/PXToolsMenuSearch.png HTTP/1.1" 200 2914
190.151.100.218 - - [14/Mar/2018:15:22:52 -0300] "GET /cormun/static/Resources/PXToolsMenuSearchCancel.png HTTP/1.1" 200 2972
186.103.132.155 - - [14/Mar/2018:15:22:53 -0300] "GET /cormun/static/prfichaempleado.js?20177612134999 HTTP/1.1" 200 16006
186.103.132.155 - - [14/Mar/2018:15:22:55 -0300] "POST /cormun/servlet/acontrolpreferencessavestate?None,MSALGADO,true HTTP/1.1" 200 35
186.103.159.189 - - [14/Mar/2018:15:22:59 -0300] "POST /cormun/servlet/trvisualizadoreventos?85fd6b7c13a3b356eeeff57241bd5373,,gx-no-cache=1521051730858 HTTP/1.1" 200 6635
192.168.10.61 - - [14/Mar/2018:15:23:00 -0300] "POST /cormun/servlet/vesolicitudgral?1d24fc06c7d44b9c3146098ce84acfc9,2018,9906,,,gx-no-cache=1521051616024 HTTP/1.1" 200 11985
192.168.10.61 - - [14/Mar/2018:15:23:00 -0300] "GET /cormun/static/Shared/jqueryui/images/ui-bg_highlight-soft_100_c6c2c8_1x100.png HTTP/1.1" 404 1117
192.168.10.61 - - [14/Mar/2018:15:23:00 -0300] "GET /cormun/static/Shared/jqueryui/images/ui-icons_82798d_256x240.png HTTP/1.1" 404 1089
192.168.10.61 - - [14/Mar/2018:15:23:00 -0300] "GET /cormun/static/Shared/jqueryui/images/ui-icons_8d78a5_256x240.png HTTP/1.1" 404 1089
192.168.10.61 - - [14/Mar/2018:15:23:00 -0300] "GET /cormun/static/Shared/jqueryui/images/ui-bg_flat_55_fafafa_40x100.png HTTP/1.1" 404 1097
192.168.10.61 - - [14/Mar/2018:15:23:02 -0300] "POST /cormun/servlet/vesolicitudgral?1d24fc06c7d44b9c3146098ce84acfc9,2018,9906,,,gx-no-cache=1521051618658 HTTP/1.1" 200 93
192.168.10.61 - - [14/Mar/2018:15:23:02 -0300] "GET /cormun/servlet/hpexe_return? HTTP/1.1" 200 1032
192.168.10.61 - - [14/Mar/2018:15:23:02 -0300] "GET /cormun/servlet/trsolicitudgral?gx-no-cache=1521051087607 HTTP/1.1" 200 10301
192.168.10.61 - - [14/Mar/2018:15:23:03 -0300] "GET /cormun/servlet/trsolicitudgral?gx-no-cache=1521051087607 HTTP/1.1" 200 10318
186.103.157.42 - - [14/Mar/2018:15:23:09 -0300] "POST /cormun/servlet/solicitudot?gx-no-cache=1521051484668 HTTP/1.1" 200 3292
186.103.157.42 - - [14/Mar/2018:15:23:09 -0300] "POST /cormun/servlet/solicitudot?9f05bd5488be2b201b859eece56b7361,INS,0,0,,gx-no-cache=1521051485105 HTTP/1.1" 200 10444
186.103.157.42 - - [14/Mar/2018:15:23:09 -0300] "GET /cormun/servlet/solicitudot?54973e5981d587faefa46783833c83e6741d0b520ed77a3e0c04ea0e115ac0a30663dce421155c84857cbefe9c3f806d,gx-no-cache=1521051485313 HTTP/1.1" 200 111
186.103.157.42 - - [14/Mar/2018:15:23:09 -0300] "GET /cormun/static/Shared/jqueryui/images/ui-bg_highlight-soft_100_c6c2c8_1x100.png HTTP/1.1" 404 1117
186.103.157.42 - - [14/Mar/2018:15:23:09 -0300] "GET /cormun/static/Shared/jqueryui/images/ui-icons_82798d_256x240.png HTTP/1.1" 404 1089
186.103.157.42 - - [14/Mar/2018:15:23:09 -0300] "GET /cormun/static/Shared/jqueryui/images/ui-bg_flat_55_994d53_40x100.png HTTP/1.1" 404 1097
186.103.157.42 - - [14/Mar/2018:15:23:09 -0300] "GET /cormun/static/Shared/jqueryui/images/ui-icons_ebccce_256x240.png HTTP/1.1" 404 1089
186.67.203.186 - - [14/Mar/2018:15:23:14 -0300] "POST /cormun/servlet/prfichaempleado?ef5a54cbc816917222a026dd972059c1,,MD,,gxPopupLevel%3D0%3B,gx-no-cache=1521051743236 HTTP/1.1" 200 6306
186.67.203.186 - - [14/Mar/2018:15:23:14 -0300] "GET /cormun/static/Resources/PXToolsGridNext.gif HTTP/1.1" 200 369
200.72.197.82 - - [14/Mar/2018:15:23:14 -0300] "GET /cormun/static/Resources/PXToolsGridLast.gif HTTP/1.1" 200 370
186.103.157.42 - - [14/Mar/2018:15:23:28 -0300] "GET /cormun/servlet/solicitudot?54973e5981d587faefa46783833c83e633000c51dbd4bf5d0cfa4b939d83be59b95c1d3bd9e6996785dd4a481b169d5e,gx-no-cache=1521051503950 HTTP/1.1" 200 30
192.168.10.61 - - [14/Mar/2018:15:23:59 -0300] "POST /cormun/servlet/trsolicitudgral?1d24fc06c7d44b9c3146098ce84acfc9,gx-no-cache=1521051087607,gx-no-cache=1521051675841 HTTP/1.1" 200 7232
186.103.132.155 - - [14/Mar/2018:15:24:20 -0300] "POST /cormun/servlet/prfichaempleado?ef5a54cbc816917222a026dd972059c1,,MD,,gxPopupLevel%3D0%3B,gx-no-cache=1521051796261 HTTP/1.1" 200 3429
186.103.132.155 - - [14/Mar/2018:15:24:37 -0300] "GET /cormun/servlet/licenciaspermisos?80a6f58c7fe86c9a0f870dc5478860ef4decb702161c26d6dd6d78777542b47a74129e4b87b305090d22acbe18b83761,gx-no-cache=1521051827220 HTTP/1.1" 200 83
186.103.132.155 - - [14/Mar/2018:15:24:38 -0300] "POST /cormun/servlet/licenciaspermisos?ef5a54cbc816917222a026dd972059c1,INS,0,,,,gx-no-cache=1521051827501 HTTP/1.1" 200 4891
186.103.157.42 - - [14/Mar/2018:15:25:03 -0300] "GET /cormun/servlet/solicitudot?54973e5981d587faefa46783833c83e6a64a0c2f14b6a962392d437296fd6a0ad67af5d52fbe338f62c9494ec8a4605c,gx-no-cache=1521051599270 HTTP/1.1" 200 30
186.103.157.42 - - [14/Mar/2018:15:25:13 -0300] "GET /cormun/servlet/prbanco?,MD,,gxPopupLevel%3D0%3B HTTP/1.1" 200 6712
186.103.157.42 - - [14/Mar/2018:15:25:13 -0300] "GET /cormun/static/gxcfg.js?20181161016094 HTTP/1.1" 304 -
186.103.157.42 - - [14/Mar/2018:15:25:13 -0300] "GET /cormun/static/prbanco.js?2018116101633 HTTP/1.1" 304 -
186.103.157.42 - - [14/Mar/2018:15:25:40 -0300] "GET /cormun/servlet/solicitudot?54973e5981d587faefa46783833c83e6cb7aec25841bdd4776812e1256bc4178,gx-no-cache=1521051636028 HTTP/1.1" 200 45
186.103.157.42 - - [14/Mar/2018:15:25:53 -0300] "POST /cormun/servlet/solicitudot?gx-no-cache=1521051649533 HTTP/1.1" 200 255
186.103.157.42 - - [14/Mar/2018:15:25:55 -0300] "GET /cormun/servlet/solicitudot?54973e5981d587faefa46783833c83e6fcb5b4ea49881e7360257c9c38b7b8c48280b16ee4e37d7e9b3f32fde9b79a3d5fbc93712f28edd26b1c35ac06b3cbe6b482bb15f11c3af015d9a9f0e340431faf79d288b4a1f7ecf4a562c1b6ba79ca1bc5e4f8799b6a510ba1c342a0ee37b7205fc8c27c67b03bb291c9081a566e95ece425b48bd2dad42816badf3bdeee154fd009970b48b941aa6b1bf7135dc1a44e54519e69ccd4a6011ff73d43782b76e355d3a8734d77b6b803b986d44ba4c4785a56e2759011bc2478adb92313bf6f0ef27f7a9957f4c4319648c254dcdf68741395029c49ec8e47b07baff1c097705b542920d2fe3f2b7099d3aa01c27890afe254dcfb72d48e5f62ae1b2b64b00b0ab4b9334ca89b011c0d7223525cf0f04b2afe50f3216c7e679feea3a8092152575560014b01401b27da2a6e72358359b5b032b926d42ed7cc90639c200526437141f1ce8202221d0420dac713bffc9be32c0df3a7614c0f57ea7e78d911acb5437b952f32f372dbe136dfe390fc921f,gx-no-cache=1521051651075 HTTP/1.1" 200 30
186.103.157.42 - - [14/Mar/2018:15:25:59 -0300] "POST /cormun/servlet/solicitudot?gx-no-cache=1521051654891 HTTP/1.1" 200 30
186.103.157.42 - - [14/Mar/2018:15:26:01 -0300] "GET /cormun/servlet/prcontratosol?14554224,,,,,MD,,gxPopupLevel%3D0%3B HTTP/1.1" 200 7564
186.67.203.186 - - [14/Mar/2018:15:26:01 -0300] "GET /cormun/static/menuarrow.gif HTTP/1.1" 404 1015
192.168.10.61 - - [14/Mar/2018:15:26:06 -0300] "POST /cormun/servlet/trsolicitudgral?1d24fc06c7d44b9c3146098ce84acfc9,gx-no-cache=1521051087607,gx-no-cache=1521051802324 HTTP/1.1" 200 13860
186.103.157.42 - - [14/Mar/2018:15:26:08 -0300] "POST /cormun/servlet/solicitudot?gx-no-cache=1521051664140 HTTP/1.1" 200 1337
186.103.157.42 - - [14/Mar/2018:15:26:10 -0300] "POST /cormun/servlet/solicitudot?gx-no-cache=1521051665879 HTTP/1.1" 200 38
186.103.157.42 - - [14/Mar/2018:15:26:11 -0300] "GET /cormun/servlet/solicitudot?54973e5981d587faefa46783833c83e64f4f6eee35daecbc01d738e1c870ab8afbfa143b6abb82a4b32535438633096fa097e588b08376a8ffd94e5c9b184e84817ebe925a375675cdc6e178adc249154aa0e6f64a75d862ef10b2c7dfbe83d46109bc95c207a43a0517b58953c9f005,gx-no-cache=1521051667771 HTTP/1.1" 200 29
186.103.157.42 - - [14/Mar/2018:15:26:12 -0300] "POST /cormun/servlet/solicitudot?gx-no-cache=1521051667799 HTTP/1.1" 200 1319
186.103.157.42 - - [14/Mar/2018:15:26:12 -0300] "POST /cormun/servlet/solicitudot?gx-no-cache=1521051668620 HTTP/1.1" 200 1219
186.103.157.42 - - [14/Mar/2018:15:26:13 -0300] "GET /cormun/servlet/solicitudot?54973e5981d587faefa46783833c83e6ec17de4dc78a69da60ec1ae81c5d44015c89f6b5f5415e0060725305434249aa,gx-no-cache=1521051668943 HTTP/1.1" 200 30
192.168.10.61 - - [14/Mar/2018:15:26:22 -0300] "POST /cormun/servlet/trsolicitudgral?1d24fc06c7d44b9c3146098ce84acfc9,gx-no-cache=1521051087607,gx-no-cache=1521051818541 HTTP/1.1" 200 7245
186.103.157.42 - - [14/Mar/2018:15:27:09 -0300] "POST /cormun/servlet/solicitudot?gx-no-cache=1521051725395 HTTP/1.1" 200 1321
186.103.157.42 - - [14/Mar/2018:15:27:09 -0300] "POST /cormun/servlet/solicitudot?gx-no-cache=1521051725465 HTTP/1.1" 200 1219
186.103.157.42 - - [14/Mar/2018:15:27:09 -0300] "GET /cormun/static/menuarrow.gif HTTP/1.1" 404 1015
186.103.157.42 - - [14/Mar/2018:15:27:14 -0300] "POST /cormun/servlet/solicitudot?gx-no-cache=1521051730683 HTTP/1.1" 200 1321
186.103.157.42 - - [14/Mar/2018:15:27:15 -0300] "POST /cormun/servlet/solicitudot?gx-no-cache=1521051730957 HTTP/1.1" 200 1219
186.103.157.42 - - [14/Mar/2018:15:27:16 -0300] "GET /cormun/servlet/solicitudot?54973e5981d587faefa46783833c83e6ace382fe5641e26c6f0cf264500737235832dc188a2b84fb01cfe1312fddc16e,gx-no-cache=1521051732273 HTTP/1.1" 200 30
186.103.157.42 - - [14/Mar/2018:15:27:17 -0300] "POST /cormun/servlet/solicitudot?gx-no-cache=1521051733606 HTTP/1.1" 200 33
186.103.157.42 - - [14/Mar/2018:15:27:44 -0300] "GET /cormun/servlet/solicitudot?54973e5981d587faefa46783833c83e6ace382fe5641e26c6f0cf264500737235832dc188a2b84fb01cfe1312fddc16e,gx-no-cache=1521051759866 HTTP/1.1" 200 30
186.103.157.42 - - [14/Mar/2018:15:27:44 -0300] "POST /cormun/servlet/solicitudot?gx-no-cache=1521051760150 HTTP/1.1" 200 33
186.103.157.42 - - [14/Mar/2018:15:27:44 -0300] "POST /cormun/servlet/solicitudot?9f05bd5488be2b201b859eece56b7361,INS,0,0,,gx-no-cache=1521051760237 HTTP/1.1" 200 93
186.103.157.42 - - [14/Mar/2018:15:27:45 -0300] "GET /cormun/servlet/hpexe_return? HTTP/1.1" 200 1005
186.103.157.42 - - [14/Mar/2018:15:27:52 -0300] "GET /cormun/servlet/trsolicitudot HTTP/1.1" 200 8847
186.103.157.42 - - [14/Mar/2018:15:27:52 -0300] "GET /cormun/servlet/trsolicitudot HTTP/1.1" 200 8844
186.103.157.42 - - [14/Mar/2018:15:28:15 -0300] "GET /cormun/static/menuarrow.gif HTTP/1.1" 404 1015
186.103.157.42 - - [14/Mar/2018:15:28:19 -0300] "POST /cormun/servlet/trsolicitudot?9f05bd5488be2b201b859eece56b7361,gx-no-cache=1521051794778 HTTP/1.1" 200 7450
192.168.10.61 - - [14/Mar/2018:15:30:11 -0300] "POST /cormun/servlet/trsolicitudgral?1d24fc06c7d44b9c3146098ce84acfc9,gx-no-cache=1521051087607,gx-no-cache=1521052047540 HTTP/1.1" 200 7245
192.168.10.61 - - [14/Mar/2018:15:30:13 -0300] "POST /cormun/servlet/trsolicitudgral?1d24fc06c7d44b9c3146098ce84acfc9,gx-no-cache=1521051087607,gx-no-cache=1521052049588 HTTP/1.1" 200 7245
192.168.10.61 - - [14/Mar/2018:15:30:21 -0300] "POST /cormun/servlet/trsolicitudgral?1d24fc06c7d44b9c3146098ce84acfc9,gx-no-cache=1521051087607,gx-no-cache=1521052057251 HTTP/1.1" 200 7245
192.168.10.61 - - [14/Mar/2018:15:30:25 -0300] "POST /cormun/servlet/trsolicitudgral?1d24fc06c7d44b9c3146098ce84acfc9,gx-no-cache=1521051087607,gx-no-cache=1521052061483 HTTP/1.1" 200 13860
192.168.10.61 - - [14/Mar/2018:15:30:40 -0300] "POST /cormun/servlet/trsolicitudgral?1d24fc06c7d44b9c3146098ce84acfc9,gx-no-cache=1521051087607,gx-no-cache=1521052076309 HTTP/1.1" 200 7233
186.103.161.206 - - [14/Mar/2018:15:31:00 -0300] "GET /cormun/servlet/licenciaspermisos?80a6f58c7fe86c9a0f870dc5478860ef9573734ecf470c2010d2ea6cbca945a2de4f5ecdacf26b23282325f6cfad82e47eca6186f385ac0cf5cf555ae73ddfaaf9087be4454a8396f5e0901793e31323b16aac9d5a51074cbdca49f7b9868df0bb8ef52c1b100becf2beaab91d573e6f362c2c4ef0b8143ca6a6157b1a9fc9a63f8b47d7408449f9f9137faedcb5d9fb0cfde3ddc42ac5fee4a07ad281ff676b3719496689e80a0d8a50d29a374a71b99e098ce0ddc84acdc7e1fd65cfd6c9ed61fe982f1b4cca907120ac28cc6b66238917ca01e31d70d86c7af392a641e87c,gx-no-cache=1521052208925 HTTP/1.1" 200 30
186.103.161.206 - - [14/Mar/2018:15:31:00 -0300] "POST /cormun/servlet/licenciaspermisos?ef5a54cbc816917222a026dd972059c1,INS,0,,,,gx-no-cache=1521052209974 HTTP/1.1" 200 4934
186.103.161.206 - - [14/Mar/2018:15:31:03 -0300] "GET /cormun/servlet/licenciaspermisos?80a6f58c7fe86c9a0f870dc5478860ef4decb702161c26d6dd6d78777542b47a0ccf201f2614ad6f3a2384db8e89f1a7632af7bf624bee1f1fbe06bb73a44a824802af0b544a1f75908a3734b993448348cea02a94d6919f7add212632796fd03e564833968f9b2e30f80d07a3e3bd97,gx-no-cache=1521052212756 HTTP/1.1" 200 83
186.103.161.206 - - [14/Mar/2018:15:31:04 -0300] "POST /cormun/servlet/licenciaspermisos?ef5a54cbc816917222a026dd972059c1,INS,0,,,,gx-no-cache=1521052213138 HTTP/1.1" 200 4934
186.103.161.206 - - [14/Mar/2018:15:31:14 -0300] "GET /cormun/servlet/licenciaspermisos?80a6f58c7fe86c9a0f870dc5478860ef9573734ecf470c2010d2ea6cbca945a23d0b6ca2349411e4f56c3f5363eba66c7eca6186f385ac0cf5cf555ae73ddfaaf9087be4454a8396f5e0901793e31323b16aac9d5a51074cbdca49f7b9868df0bb8ef52c1b100becf2beaab91d573e6f362c2c4ef0b8143ca6a6157b1a9fc9a63f8b47d7408449f9f9137faedcb5d9fb0cfde3ddc42ac5fee4a07ad281ff676b3719496689e80a0d8a50d29a374a71b99e098ce0ddc84acdc7e1fd65cfd6c9ed61fe982f1b4cca907120ac28cc6b66238917ca01e31d70d86c7af392a641e87c,gx-no-cache=1521052223626 HTTP/1.1" 200 30
186.103.161.206 - - [14/Mar/2018:15:31:14 -0300] "POST /cormun/servlet/licenciaspermisos?ef5a54cbc816917222a026dd972059c1,INS,0,,,,gx-no-cache=1521052223727 HTTP/1.1" 200 4932
186.103.157.42 - - [14/Mar/2018:15:31:38 -0300] "POST /cormun/servlet/trsolicitudot?9f05bd5488be2b201b859eece56b7361,gx-no-cache=1521051994194 HTTP/1.1" 200 7160
186.103.157.42 - - [14/Mar/2018:15:31:38 -0300] "GET /cormun/static/Shared/jqueryui/images/ui-bg_highlight-soft_100_c6c2c8_1x100.png HTTP/1.1" 404 1117
186.103.157.42 - - [14/Mar/2018:15:31:39 -0300] "GET /cormun/static/Shared/jqueryui/images/ui-icons_82798d_256x240.png HTTP/1.1" 404 1089
186.103.157.42 - - [14/Mar/2018:15:31:39 -0300] "GET /cormun/static/Shared/jqueryui/images/ui-bg_flat_55_fafafa_40x100.png HTTP/1.1" 404 1097
186.103.157.42 - - [14/Mar/2018:15:31:39 -0300] "POST /cormun/servlet/trsolicitudot?9f05bd5488be2b201b859eece56b7361,gx-no-cache=1521051994862 HTTP/1.1" 200 7104
186.103.157.42 - - [14/Mar/2018:15:31:39 -0300] "GET /cormun/static/Shared/jqueryui/images/ui-icons_8d78a5_256x240.png HTTP/1.1" 404 1089
186.103.157.42 - - [14/Mar/2018:15:31:51 -0300] "POST /cormun/servlet/trsolicitudot?9f05bd5488be2b201b859eece56b7361,gx-no-cache=1521052006687 HTTP/1.1" 200 6720
186.103.157.42 - - [14/Mar/2018:15:32:02 -0300] "POST /cormun/servlet/trsolicitudot?9f05bd5488be2b201b859eece56b7361,gx-no-cache=1521052018519 HTTP/1.1" 200 6698
192.168.4.251 - - [14/Mar/2018:15:34:50 -0300] "GET /cormun/servlet/hlogin HTTP/1.1" 200 1725
192.168.4.251 - - [14/Mar/2018:15:34:51 -0300] "GET /cormun/static/gxtimezone.js?85251 HTTP/1.1" 200 5781
192.168.4.251 - - [14/Mar/2018:15:34:51 -0300] "GET /cormun/static/gxcfg.js?20175251213516 HTTP/1.1" 200 953
192.168.4.251 - - [14/Mar/2018:15:34:51 -0300] "GET /cormun/static/Resources/Spanish/PXTools.css?11423723 HTTP/1.1" 200 89042
192.168.4.251 - - [14/Mar/2018:15:34:51 -0300] "GET /cormun/static/messages.spa.js?85251 HTTP/1.1" 200 30736
