186.79.193.8 - - [14/Mar/2018:08:46:33 -0300] "GET /cormun/servlet/licenciaspermisosadjuntos?INS,10574453,L,20180314000000,, HTTP/1.1" 200 5623
186.79.193.8 - - [14/Mar/2018:08:46:33 -0300] "GET /cormun/static/gxcfg.js?2017761263592 HTTP/1.1" 200 953
186.79.193.8 - - [14/Mar/2018:08:46:33 -0300] "GET /cormun/static/licenciaspermisosadjuntos.js?201776126362 HTTP/1.1" 200 8760
200.112.4.243 - - [14/Mar/2018:08:46:33 -0300] "GET /cormun/servlet/solicitudotadjuntos?INS,2018,10436,,1, HTTP/1.1" 200 6042
186.79.193.8 - - [14/Mar/2018:08:46:33 -0300] "GET /cormun/static/about:blank HTTP/1.1" 404 1011
200.112.4.243 - - [14/Mar/2018:08:46:34 -0300] "GET /cormun/servlet/solicitudotadjuntos?INS,2018,10436,,1, HTTP/1.1" 200 6036
186.79.193.8 - - [14/Mar/2018:08:46:34 -0300] "GET /cormun/servlet/licenciaspermisosadjuntos?INS,10574453,L,20180314000000,, HTTP/1.1" 200 5612
200.112.4.243 - - [14/Mar/2018:08:46:34 -0300] "GET /cormun/static/about:blank HTTP/1.1" 404 1011
200.112.4.243 - - [14/Mar/2018:08:46:34 -0300] "GET /cormun/servlet/solicitudotadjuntos?9b31b13c7e25e0f47bba6e727a21ba7456ee50c50ae53dfa372a147fdb7503fabac91c58654039e022207efc2dca3d69,gx-no-cache=1521027946023 HTTP/1.1" 200 30
200.112.4.243 - - [14/Mar/2018:08:46:34 -0300] "POST /cormun/servlet/solicitudotadjuntos?27105324c3680db1861b3c2493eea076,INS,2018,10436,,1,,gx-no-cache=1521027946165 HTTP/1.1" 200 3795
201.215.248.160 - - [14/Mar/2018:08:46:36 -0300] "POST /cormun/servlet/trvisualizadoreventos?d7c17a0de3f838b8eeb6baf498d4dc3c,,gx-no-cache=1521027935322 HTTP/1.1" 200 4824
192.168.10.89 - - [14/Mar/2018:08:46:37 -0300] "POST /cormun/servlet/solicitudot?gx-no-cache=1521027833259 HTTP/1.1" 200 33
186.103.159.182 - - [14/Mar/2018:08:46:38 -0300] "POST /cormun/servlet/trsolicitudot?2100248673f407c798b1f7cb68d5eb85,,gx-no-cache=1521027889845 HTTP/1.1" 200 4479
200.112.4.243 - - [14/Mar/2018:08:46:39 -0300] "POST /cormun/servlet/solicitudotadjuntos?gx-no-cache=1521027950573 HTTP/1.1" 200 26
192.168.10.89 - - [14/Mar/2018:08:46:43 -0300] "POST /cormun/servlet/solicitudot?9747ee834bbd6a7052a28a2dd7f36348,INS,0,0,,gx-no-cache=1521027839778 HTTP/1.1" 200 93
192.168.10.89 - - [14/Mar/2018:08:46:43 -0300] "GET /cormun/servlet/hpexe_return? HTTP/1.1" 200 1005
200.112.4.243 - - [14/Mar/2018:08:46:44 -0300] "GET /cormun/servlet/solicitudotadjuntos?9b31b13c7e25e0f47bba6e727a21ba743834bc14c27c5e22f8dc8372b8c02f7f,gx-no-cache=1521027955893 HTTP/1.1" 200 30
192.168.10.89 - - [14/Mar/2018:08:46:44 -0300] "GET /cormun/servlet/trsolicitudot HTTP/1.1" 200 26333
200.112.4.243 - - [14/Mar/2018:08:46:44 -0300] "GET /cormun/servlet/solicitudotadjuntos?9b31b13c7e25e0f47bba6e727a21ba743834bc14c27c5e22f8dc8372b8c02f7f,gx-no-cache=1521027956004 HTTP/1.1" 200 30
186.103.159.182 - - [14/Mar/2018:08:46:45 -0300] "POST /cormun/servlet/trsolicitudot?2100248673f407c798b1f7cb68d5eb85,,gx-no-cache=1521027895992 HTTP/1.1" 200 4480
186.103.159.182 - - [14/Mar/2018:08:46:50 -0300] "POST /cormun/servlet/trsolicitudot?2100248673f407c798b1f7cb68d5eb85,,gx-no-cache=1521027901881 HTTP/1.1" 200 4481
192.168.10.56 - - [14/Mar/2018:08:46:51 -0300] "POST /cormun/servlet/trsolicitudgral?2d5e895382b3c995e5aff3972bc18f0c,gx-no-cache=1521027785712,gx-no-cache=1521027847239 HTTP/1.1" 200 5933
192.168.10.89 - - [14/Mar/2018:08:46:51 -0300] "POST /cormun/servlet/trsolicitudot?9747ee834bbd6a7052a28a2dd7f36348,gx-no-cache=1521027847806 HTTP/1.1" 200 6774
201.215.248.160 - - [14/Mar/2018:08:46:52 -0300] "POST /cormun/servlet/trvisualizadoreventos?d7c17a0de3f838b8eeb6baf498d4dc3c,,gx-no-cache=1521027950678 HTTP/1.1" 200 4511
200.112.4.243 - - [14/Mar/2018:08:46:53 -0300] "POST /cormun/servlet/solicitudotadjuntos?27105324c3680db1861b3c2493eea076,INS,2018,10436,,1, HTTP/1.1" 200 116
200.112.4.243 - - [14/Mar/2018:08:46:54 -0300] "GET /cormun/servlet/hpexe_return? HTTP/1.1" 200 1025
200.112.4.243 - - [14/Mar/2018:08:46:54 -0300] "GET /cormun/servlet/trsolicitudadjuntos?2018,10436, HTTP/1.1" 200 8921
200.112.4.243 - - [14/Mar/2018:08:46:54 -0300] "GET /cormun/servlet/trsolicitudadjuntos?2018,10436, HTTP/1.1" 200 8918
200.112.4.243 - - [14/Mar/2018:08:46:57 -0300] "GET /cormun/servlet/solicitudotadjuntos?INS,2018,10436,,1, HTTP/1.1" 200 6042
200.112.4.243 - - [14/Mar/2018:08:46:57 -0300] "GET /cormun/static/about:blank HTTP/1.1" 404 1011
200.112.4.243 - - [14/Mar/2018:08:46:57 -0300] "GET /cormun/servlet/solicitudotadjuntos?INS,2018,10436,,1, HTTP/1.1" 200 6036
200.112.4.243 - - [14/Mar/2018:08:46:58 -0300] "GET /cormun/servlet/solicitudotadjuntos?9b31b13c7e25e0f47bba6e727a21ba7456ee50c50ae53dfa372a147fdb7503fabac91c58654039e022207efc2dca3d69,gx-no-cache=1521027969528 HTTP/1.1" 200 30
200.112.4.243 - - [14/Mar/2018:08:46:58 -0300] "POST /cormun/servlet/solicitudotadjuntos?27105324c3680db1861b3c2493eea076,INS,2018,10436,,1,,gx-no-cache=1521027969640 HTTP/1.1" 200 3795
186.103.159.182 - - [14/Mar/2018:08:46:59 -0300] "POST /cormun/servlet/trsolicitudot?2100248673f407c798b1f7cb68d5eb85,,gx-no-cache=1521027907353 HTTP/1.1" 200 5860
200.112.4.243 - - [14/Mar/2018:08:47:01 -0300] "POST /cormun/servlet/solicitudotadjuntos?gx-no-cache=1521027972555 HTTP/1.1" 200 26
192.168.10.56 - - [14/Mar/2018:08:47:03 -0300] "POST /cormun/servlet/trsolicitudgral?2d5e895382b3c995e5aff3972bc18f0c,gx-no-cache=1521027785712,gx-no-cache=1521027859584 HTTP/1.1" 200 5934
201.215.248.160 - - [14/Mar/2018:08:47:05 -0300] "POST /cormun/servlet/trvisualizadoreventos?d7c17a0de3f838b8eeb6baf498d4dc3c,,gx-no-cache=1521027962181 HTTP/1.1" 200 4824
200.112.4.243 - - [14/Mar/2018:08:47:06 -0300] "GET /cormun/servlet/solicitudotadjuntos?9b31b13c7e25e0f47bba6e727a21ba743834bc14c27c5e22f8dc8372b8c02f7f,gx-no-cache=1521027978029 HTTP/1.1" 200 30
200.112.4.243 - - [14/Mar/2018:08:47:06 -0300] "GET /cormun/servlet/solicitudotadjuntos?9b31b13c7e25e0f47bba6e727a21ba743834bc14c27c5e22f8dc8372b8c02f7f,gx-no-cache=1521027978129 HTTP/1.1" 200 30
200.112.4.243 - - [14/Mar/2018:08:47:12 -0300] "POST /cormun/servlet/solicitudotadjuntos?27105324c3680db1861b3c2493eea076,INS,2018,10436,,1, HTTP/1.1" 200 116
200.112.4.243 - - [14/Mar/2018:08:47:12 -0300] "GET /cormun/servlet/hpexe_return? HTTP/1.1" 200 1025
200.112.4.243 - - [14/Mar/2018:08:47:13 -0300] "GET /cormun/servlet/trsolicitudadjuntos?2018,10436, HTTP/1.1" 200 9107
200.112.4.243 - - [14/Mar/2018:08:47:13 -0300] "GET /cormun/servlet/trsolicitudadjuntos?2018,10436, HTTP/1.1" 200 9103
200.112.4.243 - - [14/Mar/2018:08:47:15 -0300] "GET /cormun/servlet/solicitudotadjuntos?INS,2018,10436,,1, HTTP/1.1" 200 6042
200.112.4.243 - - [14/Mar/2018:08:47:16 -0300] "GET /cormun/static/about:blank HTTP/1.1" 404 1011
201.215.248.160 - - [14/Mar/2018:08:47:16 -0300] "POST /cormun/servlet/trvisualizadoreventos?d7c17a0de3f838b8eeb6baf498d4dc3c,,gx-no-cache=1521027974227 HTTP/1.1" 200 4513
200.112.4.243 - - [14/Mar/2018:08:47:16 -0300] "GET /cormun/servlet/solicitudotadjuntos?9b31b13c7e25e0f47bba6e727a21ba7456ee50c50ae53dfa372a147fdb7503fabac91c58654039e022207efc2dca3d69,gx-no-cache=1521027988160 HTTP/1.1" 200 30
200.112.4.243 - - [14/Mar/2018:08:47:16 -0300] "GET /cormun/servlet/solicitudotadjuntos?INS,2018,10436,,1, HTTP/1.1" 200 6036
200.112.4.243 - - [14/Mar/2018:08:47:17 -0300] "POST /cormun/servlet/solicitudotadjuntos?27105324c3680db1861b3c2493eea076,INS,2018,10436,,1,,gx-no-cache=1521027988276 HTTP/1.1" 200 3795
192.168.10.56 - - [14/Mar/2018:08:47:19 -0300] "GET /cormun/servlet/hlogin HTTP/1.1" 200 1763
200.112.4.243 - - [14/Mar/2018:08:47:20 -0300] "POST /cormun/servlet/solicitudotadjuntos?gx-no-cache=1521027991781 HTTP/1.1" 200 26
192.168.10.89 - - [14/Mar/2018:08:47:23 -0300] "POST /cormun/servlet/trsolicitudot?9747ee834bbd6a7052a28a2dd7f36348,gx-no-cache=1521027879996 HTTP/1.1" 200 6793
192.168.10.89 - - [14/Mar/2018:08:47:24 -0300] "GET /cormun/static/Shared/jqueryui/images/ui-bg_flat_55_fafafa_40x100.png HTTP/1.1" 404 1097
192.168.10.89 - - [14/Mar/2018:08:47:24 -0300] "GET /cormun/static/Shared/jqueryui/images/ui-icons_82798d_256x240.png HTTP/1.1" 404 1089
192.168.10.89 - - [14/Mar/2018:08:47:24 -0300] "GET /cormun/static/Shared/jqueryui/images/ui-bg_highlight-soft_100_c6c2c8_1x100.png HTTP/1.1" 404 1117
192.168.10.89 - - [14/Mar/2018:08:47:24 -0300] "GET /cormun/static/Shared/jqueryui/images/ui-icons_8d78a5_256x240.png HTTP/1.1" 404 1089
201.215.248.160 - - [14/Mar/2018:08:47:24 -0300] "GET /cormun/servlet/trcontratounov2? HTTP/1.1" 200 17957
201.215.248.160 - - [14/Mar/2018:08:47:24 -0300] "GET /cormun/static/gxcfg.js?201752512124396 HTTP/1.1" 200 953
201.215.248.160 - - [14/Mar/2018:08:47:24 -0300] "GET /cormun/static/Resources/PXToolsAddSelectedAction.png HTTP/1.1" 200 3660
192.168.10.56 - - [14/Mar/2018:08:47:24 -0300] "POST /cormun/servlet/hlogin?2d5e895382b3c995e5aff3972bc18f0c,gx-no-cache=1521027880984 HTTP/1.1" 200 90
192.168.10.56 - - [14/Mar/2018:08:47:24 -0300] "GET /cormun/servlet/hpexe_link HTTP/1.1" 200 953
201.215.248.160 - - [14/Mar/2018:08:47:24 -0300] "GET /cormun/static/trcontratounov2.js?201752512125146 HTTP/1.1" 200 38486
200.112.4.243 - - [14/Mar/2018:08:47:24 -0300] "GET /cormun/servlet/solicitudotadjuntos?9b31b13c7e25e0f47bba6e727a21ba743834bc14c27c5e22f8dc8372b8c02f7f,gx-no-cache=1521027996444 HTTP/1.1" 200 30
192.168.10.56 - - [14/Mar/2018:08:47:24 -0300] "GET /cormun/servlet/hhome HTTP/1.1" 200 3831
200.112.4.243 - - [14/Mar/2018:08:47:25 -0300] "GET /cormun/servlet/solicitudotadjuntos?9b31b13c7e25e0f47bba6e727a21ba743834bc14c27c5e22f8dc8372b8c02f7f,gx-no-cache=1521027996612 HTTP/1.1" 200 30
192.168.10.56 - - [14/Mar/2018:08:47:25 -0300] "GET /cormun/servlet/hhome HTTP/1.1" 200 3828
201.215.248.160 - - [14/Mar/2018:08:47:25 -0300] "GET /cormun/servlet/trcontratounov2? HTTP/1.1" 200 17970
192.168.10.56 - - [14/Mar/2018:08:47:27 -0300] "GET /cormun/servlet/trautorizarot? HTTP/1.1" 200 28007
192.168.10.56 - - [14/Mar/2018:08:47:28 -0300] "GET /cormun/servlet/trautorizarot? HTTP/1.1" 200 28005
192.168.10.56 - - [14/Mar/2018:08:47:30 -0300] "GET /cormun/static/menuarrow.gif HTTP/1.1" 404 1015
200.112.4.243 - - [14/Mar/2018:08:47:33 -0300] "POST /cormun/servlet/solicitudotadjuntos?27105324c3680db1861b3c2493eea076,INS,2018,10436,,1, HTTP/1.1" 200 116
200.112.4.243 - - [14/Mar/2018:08:47:33 -0300] "GET /cormun/servlet/hpexe_return? HTTP/1.1" 200 1025
200.112.4.243 - - [14/Mar/2018:08:47:33 -0300] "GET /cormun/servlet/trsolicitudadjuntos?2018,10436, HTTP/1.1" 200 9342
200.112.4.243 - - [14/Mar/2018:08:47:34 -0300] "GET /cormun/servlet/trsolicitudadjuntos?2018,10436, HTTP/1.1" 200 9338
192.168.10.56 - - [14/Mar/2018:08:47:35 -0300] "POST /cormun/servlet/trautorizarot?2d5e895382b3c995e5aff3972bc18f0c,,gx-no-cache=1521027891150 HTTP/1.1" 200 25605
200.112.4.243 - - [14/Mar/2018:08:47:36 -0300] "GET /cormun/servlet/solicitudotadjuntos?INS,2018,10436,,1, HTTP/1.1" 200 6042
200.112.4.243 - - [14/Mar/2018:08:47:36 -0300] "GET /cormun/static/about:blank HTTP/1.1" 404 1011
200.112.4.243 - - [14/Mar/2018:08:47:37 -0300] "GET /cormun/servlet/solicitudotadjuntos?INS,2018,10436,,1, HTTP/1.1" 200 6036
200.112.4.243 - - [14/Mar/2018:08:47:37 -0300] "GET /cormun/servlet/solicitudotadjuntos?9b31b13c7e25e0f47bba6e727a21ba7456ee50c50ae53dfa372a147fdb7503fabac91c58654039e022207efc2dca3d69,gx-no-cache=1521028008997 HTTP/1.1" 200 30
200.112.4.243 - - [14/Mar/2018:08:47:38 -0300] "POST /cormun/servlet/solicitudotadjuntos?27105324c3680db1861b3c2493eea076,INS,2018,10436,,1,,gx-no-cache=1521028009098 HTTP/1.1" 200 3795
200.112.4.243 - - [14/Mar/2018:08:47:40 -0300] "POST /cormun/servlet/solicitudotadjuntos?gx-no-cache=1521028012123 HTTP/1.1" 200 26
192.168.10.89 - - [14/Mar/2018:08:47:42 -0300] "GET /cormun/servlet/treventos?2018,10438, HTTP/1.1" 200 6259
192.168.10.89 - - [14/Mar/2018:08:47:42 -0300] "GET /cormun/static/gxcfg.js?2016101716195975 HTTP/1.1" 200 953
192.168.10.89 - - [14/Mar/2018:08:47:42 -0300] "GET /cormun/static/treventos.js?201610171620222 HTTP/1.1" 200 16064
200.112.4.243 - - [14/Mar/2018:08:47:45 -0300] "GET /cormun/servlet/solicitudotadjuntos?9b31b13c7e25e0f47bba6e727a21ba743834bc14c27c5e22f8dc8372b8c02f7f,gx-no-cache=1521028016468 HTTP/1.1" 200 30
200.112.4.243 - - [14/Mar/2018:08:47:45 -0300] "GET /cormun/servlet/solicitudotadjuntos?9b31b13c7e25e0f47bba6e727a21ba743834bc14c27c5e22f8dc8372b8c02f7f,gx-no-cache=1521028016869 HTTP/1.1" 200 30
192.168.10.89 - - [14/Mar/2018:08:47:47 -0300] "POST /cormun/servlet/treventos?9747ee834bbd6a7052a28a2dd7f36348,2018,10438,,gx-no-cache=1521027903823 HTTP/1.1" 200 90
192.168.10.89 - - [14/Mar/2018:08:47:47 -0300] "GET /cormun/servlet/hpexe_link HTTP/1.1" 200 987
192.168.10.89 - - [14/Mar/2018:08:47:47 -0300] "GET /cormun/servlet/trsolicitudot?gx-no-cache=1521027879996 HTTP/1.1" 200 9689
192.168.10.56 - - [14/Mar/2018:08:47:48 -0300] "POST /cormun/servlet/trautorizarot?2d5e895382b3c995e5aff3972bc18f0c,,gx-no-cache=1521027904533 HTTP/1.1" 200 8961
192.168.10.56 - - [14/Mar/2018:08:47:55 -0300] "POST /cormun/servlet/trautorizarot?2d5e895382b3c995e5aff3972bc18f0c,,gx-no-cache=1521027911712 HTTP/1.1" 200 5331
200.112.4.243 - - [14/Mar/2018:08:47:59 -0300] "POST /cormun/servlet/solicitudotadjuntos?27105324c3680db1861b3c2493eea076,INS,2018,10436,,1, HTTP/1.1" 200 116
200.112.4.243 - - [14/Mar/2018:08:47:59 -0300] "GET /cormun/servlet/hpexe_return? HTTP/1.1" 200 1025
192.168.10.89 - - [14/Mar/2018:08:47:59 -0300] "POST /cormun/servlet/trsolicitudot?9747ee834bbd6a7052a28a2dd7f36348,gx-no-cache=1521027879996,gx-no-cache=1521027915836 HTTP/1.1" 200 6338
186.103.159.182 - - [14/Mar/2018:08:47:59 -0300] "GET /cormun/servlet/solicitudot?INS,0,0, HTTP/1.1" 200 13695
192.168.10.89 - - [14/Mar/2018:08:48:00 -0300] "POST /cormun/servlet/trsolicitudot?9747ee834bbd6a7052a28a2dd7f36348,gx-no-cache=1521027879996,gx-no-cache=1521027916126 HTTP/1.1" 200 6279
200.112.4.243 - - [14/Mar/2018:08:48:00 -0300] "GET /cormun/servlet/trsolicitudadjuntos?2018,10436, HTTP/1.1" 200 9579
192.168.10.89 - - [14/Mar/2018:08:48:00 -0300] "GET /cormun/static/Shared/jqueryui/images/ui-icons_8d78a5_256x240.png HTTP/1.1" 404 1089
192.168.10.89 - - [14/Mar/2018:08:48:00 -0300] "GET /cormun/static/Shared/jqueryui/images/ui-icons_82798d_256x240.png HTTP/1.1" 404 1089
192.168.10.89 - - [14/Mar/2018:08:48:00 -0300] "GET /cormun/static/Shared/jqueryui/images/ui-bg_highlight-soft_100_c6c2c8_1x100.png HTTP/1.1" 404 1117
192.168.10.89 - - [14/Mar/2018:08:48:00 -0300] "GET /cormun/static/Shared/jqueryui/images/ui-bg_flat_55_fafafa_40x100.png HTTP/1.1" 404 1097
192.168.10.56 - - [14/Mar/2018:08:48:00 -0300] "POST /cormun/servlet/trautorizarot?2d5e895382b3c995e5aff3972bc18f0c,,gx-no-cache=1521027916374 HTTP/1.1" 200 18616
200.112.4.243 - - [14/Mar/2018:08:48:01 -0300] "GET /cormun/servlet/trsolicitudadjuntos?2018,10436, HTTP/1.1" 200 9578
186.103.159.182 - - [14/Mar/2018:08:48:01 -0300] "GET /cormun/servlet/solicitudot?INS,0,0, HTTP/1.1" 200 13700
200.112.4.243 - - [14/Mar/2018:08:48:05 -0300] "GET /cormun/servlet/solicitudotadjuntos?INS,2018,10436,,1, HTTP/1.1" 200 6042
200.112.4.243 - - [14/Mar/2018:08:48:05 -0300] "GET /cormun/static/about:blank HTTP/1.1" 404 1011
200.112.4.243 - - [14/Mar/2018:08:48:05 -0300] "GET /cormun/servlet/solicitudotadjuntos?INS,2018,10436,,1, HTTP/1.1" 200 6036
200.112.4.243 - - [14/Mar/2018:08:48:06 -0300] "GET /cormun/servlet/solicitudotadjuntos?9b31b13c7e25e0f47bba6e727a21ba7456ee50c50ae53dfa372a147fdb7503fabac91c58654039e022207efc2dca3d69,gx-no-cache=1521028037716 HTTP/1.1" 200 30
200.112.4.243 - - [14/Mar/2018:08:48:07 -0300] "POST /cormun/servlet/solicitudotadjuntos?27105324c3680db1861b3c2493eea076,INS,2018,10436,,1,,gx-no-cache=1521028037825 HTTP/1.1" 200 3795
186.103.159.182 - - [14/Mar/2018:08:48:07 -0300] "GET /cormun/servlet/prfichaempleado?,MD,,gxPopupLevel%3D0%3B HTTP/1.1" 200 9425
200.112.4.243 - - [14/Mar/2018:08:48:10 -0300] "GET /cormun/servlet/trsolicitudot? HTTP/1.1" 200 24763
192.168.10.56 - - [14/Mar/2018:08:48:10 -0300] "POST /cormun/servlet/trautorizarot?2d5e895382b3c995e5aff3972bc18f0c,,gx-no-cache=1521027926227 HTTP/1.1" 200 9291
200.112.4.243 - - [14/Mar/2018:08:48:11 -0300] "GET /cormun/servlet/trsolicitudot? HTTP/1.1" 200 24749
192.168.10.56 - - [14/Mar/2018:08:48:14 -0300] "POST /cormun/servlet/trautorizarot?2d5e895382b3c995e5aff3972bc18f0c,,gx-no-cache=1521027930119 HTTP/1.1" 200 5353
200.54.247.70 - - [14/Mar/2018:08:48:15 -0300] "GET /cormun/servlet/hlogin HTTP/1.1" 200 1720
200.54.247.70 - - [14/Mar/2018:08:48:15 -0300] "GET /cormun/static/gxtimezone.js?85251 HTTP/1.1" 304 -
200.54.247.70 - - [14/Mar/2018:08:48:15 -0300] "GET /cormun/static/gxcfg.js?20175251213516 HTTP/1.1" 304 -
200.54.247.70 - - [14/Mar/2018:08:48:15 -0300] "GET /cormun/static/Resources/ComunLogin.png HTTP/1.1" 304 -
200.54.247.70 - - [14/Mar/2018:08:48:15 -0300] "GET /cormun/static/Resources/Spanish/PXTools.css?11423723 HTTP/1.1" 304 -
200.54.247.70 - - [14/Mar/2018:08:48:15 -0300] "GET /cormun/static/gxgral.js?85251 HTTP/1.1" 304 -
200.54.247.70 - - [14/Mar/2018:08:48:15 -0300] "GET /cormun/static/hlogin.js?20175251213537 HTTP/1.1" 304 -
200.54.247.70 - - [14/Mar/2018:08:48:15 -0300] "GET /cormun/static/messages.spa.js?85251 HTTP/1.1" 304 -
200.54.247.70 - - [14/Mar/2018:08:48:15 -0300] "GET /cormun/static/Resources/indicator.gif HTTP/1.1" 304 -
192.168.10.89 - - [14/Mar/2018:08:48:15 -0300] "GET /cormun/servlet/trautorizarsolicitud? HTTP/1.1" 200 8692
192.168.10.89 - - [14/Mar/2018:08:48:15 -0300] "GET /cormun/static/gxcfg.js?2017111423403364 HTTP/1.1" 200 953
192.168.10.89 - - [14/Mar/2018:08:48:15 -0300] "GET /cormun/static/trautorizarsolicitud.js?201711142340425 HTTP/1.1" 200 53910
192.168.10.56 - - [14/Mar/2018:08:48:18 -0300] "POST /cormun/servlet/trautorizarot?2d5e895382b3c995e5aff3972bc18f0c,,gx-no-cache=1521027934406 HTTP/1.1" 200 15656
186.103.159.182 - - [14/Mar/2018:08:48:20 -0300] "POST /cormun/servlet/prfichaempleado?2100248673f407c798b1f7cb68d5eb85,,MD,,gxPopupLevel%3D0%3B,gx-no-cache=1521027992248 HTTP/1.1" 200 3419
200.112.4.243 - - [14/Mar/2018:08:48:22 -0300] "POST /cormun/servlet/trsolicitudot?27105324c3680db1861b3c2493eea076,,gx-no-cache=1521028049511 HTTP/1.1" 200 22193
200.112.4.243 - - [14/Mar/2018:08:48:23 -0300] "GET /cormun/static/Shared/jqueryui/images/ui-bg_highlight-soft_100_c6c2c8_1x100.png HTTP/1.1" 404 1117
200.112.4.243 - - [14/Mar/2018:08:48:23 -0300] "GET /cormun/static/Shared/jqueryui/images/ui-bg_flat_55_fafafa_40x100.png HTTP/1.1" 404 1097
200.112.4.243 - - [14/Mar/2018:08:48:23 -0300] "GET /cormun/static/Shared/jqueryui/images/ui-icons_8d78a5_256x240.png HTTP/1.1" 404 1089
200.112.4.243 - - [14/Mar/2018:08:48:23 -0300] "GET /cormun/static/Shared/jqueryui/images/ui-icons_82798d_256x240.png HTTP/1.1" 404 1089
186.103.159.182 - - [14/Mar/2018:08:48:26 -0300] "POST /cormun/servlet/solicitudot?gx-no-cache=1521027996883 HTTP/1.1" 200 3382
186.103.159.182 - - [14/Mar/2018:08:48:27 -0300] "POST /cormun/servlet/solicitudot?2100248673f407c798b1f7cb68d5eb85,INS,0,0,,gx-no-cache=1521027998129 HTTP/1.1" 200 10556
186.103.159.182 - - [14/Mar/2018:08:48:27 -0300] "GET /cormun/servlet/solicitudot?312f8847e08c804ae239eefcc67a49bfafdc8c3008a12bb86fb958ac8be2be34ff431e885a3f16dd87e6a5d8b1d38eda,gx-no-cache=1521027999199 HTTP/1.1" 200 30
200.112.4.243 - - [14/Mar/2018:08:48:28 -0300] "POST /cormun/servlet/trsolicitudot?27105324c3680db1861b3c2493eea076,,gx-no-cache=1521028055204 HTTP/1.1" 200 22130
192.168.10.56 - - [14/Mar/2018:08:48:29 -0300] "POST /cormun/servlet/trautorizarot?2d5e895382b3c995e5aff3972bc18f0c,,gx-no-cache=1521027945288 HTTP/1.1" 200 6961
200.54.247.70 - - [14/Mar/2018:08:48:29 -0300] "POST /cormun/servlet/hlogin?323ebc60b34d959bffd532e151d8e8d7,gx-no-cache=1521028058538 HTTP/1.1" 200 90
200.54.247.70 - - [14/Mar/2018:08:48:29 -0300] "GET /cormun/servlet/hpexe_link HTTP/1.1" 200 951
200.54.247.70 - - [14/Mar/2018:08:48:29 -0300] "GET /cormun/servlet/hhome HTTP/1.1" 200 4235
186.103.159.182 - - [14/Mar/2018:08:48:31 -0300] "GET /cormun/servlet/solicitudot?312f8847e08c804ae239eefcc67a49bfc181c88e87030dcf388e538b9a65643a0dc10316fa9e48e5059a8003c32daa21,gx-no-cache=1521028003415 HTTP/1.1" 200 30
186.103.159.182 - - [14/Mar/2018:08:48:32 -0300] "GET /cormun/servlet/solicitudot?312f8847e08c804ae239eefcc67a49bf908af25c2a6feb24bcb3cdeedfc6d41b,gx-no-cache=1521028003498 HTTP/1.1" 200 53
186.103.159.182 - - [14/Mar/2018:08:48:32 -0300] "POST /cormun/servlet/solicitudot?gx-no-cache=1521028003974 HTTP/1.1" 200 255
186.103.159.182 - - [14/Mar/2018:08:48:33 -0300] "GET /cormun/servlet/solicitudot?312f8847e08c804ae239eefcc67a49bfda425825764e4da71d45f4c9b383f3b4f5a67ec37a972a0fee5853840226ad53adeeca714bc3bd8cae36c69fa26a07a361b4e9368cf57bc631acdb30c53919113cb170302f376182d2421bac19c28463a0c658fa7084f26a5a19a551acd2e52cd99cac7066458f9a6b91444ad83ac4303ae2ed926deeb4544f80004859fafd2807179a58c260868d9215881fdf5163faab446c54c3a2ac4cf25455bebe988020c5c903d85dff0a20a1d02c5d42388e1b6241b07b64becaf052996d8f45d32e64758412139f2b3e8385d02e640ce21e424ef27f25184232703f853f3383a01ab3bc8973d84c9cb812e2aebf74d09c40fcb5bad1bdfa3539798b9e7b4171a96397c4ce77bb13bf7ec528391e9dc1e3720e51738f91d854ab3aa6b2dc74fadd21d79e08f6bcad4ba01c9c3ff0f4598803138bdae37bdd74986d49c3c929455fe03651c036daf5c812c6d03cc2cff6cfabac55683206c8cc569e20eafa1eb84c553c29d8fd55a3ade2015e8ae088cdec0566,gx-no-cache=1521028004591 HTTP/1.1" 200 30
192.168.10.56 - - [14/Mar/2018:08:48:35 -0300] "POST /cormun/servlet/trautorizarot?2d5e895382b3c995e5aff3972bc18f0c,,gx-no-cache=1521027951735 HTTP/1.1" 200 5349
186.103.159.182 - - [14/Mar/2018:08:48:36 -0300] "POST /cormun/servlet/solicitudot?gx-no-cache=1521028007579 HTTP/1.1" 200 30
192.168.10.89 - - [14/Mar/2018:08:48:36 -0300] "GET /cormun/servlet/veautorizarsolicitud?2018,10438,, HTTP/1.1" 200 8580
192.168.10.89 - - [14/Mar/2018:08:48:36 -0300] "GET /cormun/static/gxcfg.js?2017111423404691 HTTP/1.1" 200 953
192.168.10.89 - - [14/Mar/2018:08:48:36 -0300] "GET /cormun/pexe_scrolldiv.js HTTP/1.1" 404 1009
192.168.10.89 - - [14/Mar/2018:08:48:36 -0300] "GET /cormun/static/veautorizarsolicitud.js?2017111423404756 HTTP/1.1" 200 6140
192.168.10.89 - - [14/Mar/2018:08:48:36 -0300] "GET /cormun/static/tbautorizarsolicitud01.js?2017111423392092 HTTP/1.1" 200 30580
200.112.4.243 - - [14/Mar/2018:08:48:36 -0300] "GET /cormun/servlet/hlogin HTTP/1.1" 200 1720
186.103.159.182 - - [14/Mar/2018:08:48:38 -0300] "GET /cormun/servlet/prcontratosol?11130975,,,,,MD,,gxPopupLevel%3D0%3B HTTP/1.1" 200 8057
192.168.10.89 - - [14/Mar/2018:08:48:39 -0300] "POST /cormun/servlet/veautorizarsolicitud?9747ee834bbd6a7052a28a2dd7f36348,2018,10438,,,gx-no-cache=1521027955912 HTTP/1.1" 200 90
192.168.10.89 - - [14/Mar/2018:08:48:39 -0300] "GET /cormun/servlet/hpexe_link HTTP/1.1" 200 971
192.168.10.89 - - [14/Mar/2018:08:48:40 -0300] "GET /cormun/servlet/trautorizarsolicitud HTTP/1.1" 200 8671
200.112.4.243 - - [14/Mar/2018:08:48:41 -0300] "POST /cormun/servlet/hlogin?27105324c3680db1861b3c2493eea076,gx-no-cache=1521028072816 HTTP/1.1" 200 90
200.112.4.243 - - [14/Mar/2018:08:48:41 -0300] "GET /cormun/servlet/hpexe_link HTTP/1.1" 200 949
200.112.4.243 - - [14/Mar/2018:08:48:41 -0300] "GET /cormun/servlet/hhome HTTP/1.1" 200 4201
200.54.247.70 - - [14/Mar/2018:08:48:42 -0300] "GET /cormun/servlet/trsolicitudot? HTTP/1.1" 200 8826
200.112.4.243 - - [14/Mar/2018:08:48:42 -0300] "GET /cormun/servlet/hhome HTTP/1.1" 200 4199
192.168.10.56 - - [14/Mar/2018:08:48:43 -0300] "POST /cormun/servlet/trautorizarot?2d5e895382b3c995e5aff3972bc18f0c,,gx-no-cache=1521027959623 HTTP/1.1" 200 12243
200.112.4.243 - - [14/Mar/2018:08:48:44 -0300] "GET /cormun/servlet/trautorizarsolicitud? HTTP/1.1" 200 8662
200.112.4.243 - - [14/Mar/2018:08:48:45 -0300] "GET /cormun/servlet/trautorizarsolicitud? HTTP/1.1" 200 8661
186.103.159.182 - - [14/Mar/2018:08:48:48 -0300] "POST /cormun/servlet/solicitudot?gx-no-cache=1521028020168 HTTP/1.1" 200 1337
186.103.159.182 - - [14/Mar/2018:08:48:48 -0300] "POST /cormun/servlet/solicitudot?gx-no-cache=1521028020325 HTTP/1.1" 200 38
186.103.159.182 - - [14/Mar/2018:08:48:49 -0300] "GET /cormun/servlet/solicitudot?312f8847e08c804ae239eefcc67a49bff841fb920b9093091742c9c4919edb115dca28bc0196e57a434f0d65a8e9f4480ad5d0060f5b232b78f95bb3da99c6486dcace85c9cf2db349f7d1978406f08d6ce04aaf3168f692f290f189ec0be3a9a1ed40ea3589d9d8bf9554cc749e380f871e53302dcacdfe1a02833fcea524984ea297a3db8556fcb241d1d0c0f8466f317dc73cc99262cf07fc22e90b03f831,gx-no-cache=1521028020906 HTTP/1.1" 200 29
186.103.159.182 - - [14/Mar/2018:08:48:49 -0300] "POST /cormun/servlet/solicitudot?gx-no-cache=1521028020991 HTTP/1.1" 200 1319
186.103.159.182 - - [14/Mar/2018:08:48:49 -0300] "POST /cormun/servlet/solicitudot?gx-no-cache=1521028021183 HTTP/1.1" 200 1219
200.112.4.243 - - [14/Mar/2018:08:48:50 -0300] "POST /cormun/servlet/trautorizarsolicitud?27105324c3680db1861b3c2493eea076,,gx-no-cache=1521028081362 HTTP/1.1" 200 4604
200.112.4.243 - - [14/Mar/2018:08:48:50 -0300] "GET /cormun/static/Shared/jqueryui/images/ui-bg_highlight-soft_100_c6c2c8_1x100.png HTTP/1.1" 404 1117
200.112.4.243 - - [14/Mar/2018:08:48:50 -0300] "GET /cormun/static/Shared/jqueryui/images/ui-icons_82798d_256x240.png HTTP/1.1" 404 1089
186.103.159.182 - - [14/Mar/2018:08:48:50 -0300] "GET /cormun/servlet/solicitudot?312f8847e08c804ae239eefcc67a49bfb1cbaf3f996cdbe85f30c74fdfb276ea39f1919b6d29e667fdd16adac7794b85,gx-no-cache=1521028021934 HTTP/1.1" 200 134
200.112.4.243 - - [14/Mar/2018:08:48:50 -0300] "GET /cormun/static/Shared/jqueryui/images/ui-bg_flat_55_fafafa_40x100.png HTTP/1.1" 404 1097
200.112.4.243 - - [14/Mar/2018:08:48:50 -0300] "GET /cormun/static/Shared/jqueryui/images/ui-icons_8d78a5_256x240.png HTTP/1.1" 404 1089
186.103.159.182 - - [14/Mar/2018:08:48:50 -0300] "GET /cormun/static/Shared/jqueryui/images/ui-bg_highlight-soft_100_c6c2c8_1x100.png HTTP/1.1" 404 1117
186.103.159.182 - - [14/Mar/2018:08:48:51 -0300] "GET /cormun/static/Shared/jqueryui/images/ui-icons_82798d_256x240.png HTTP/1.1" 404 1089
186.103.159.182 - - [14/Mar/2018:08:48:51 -0300] "GET /cormun/static/Shared/jqueryui/images/ui-bg_flat_55_994d53_40x100.png HTTP/1.1" 404 1097
186.79.193.8 - - [14/Mar/2018:08:48:51 -0300] "POST /cormun/servlet/licenciaspermisosadjuntos?4820352c5e13566c7d738609331cc932,INS,10574453,L,20180314000000,, HTTP/1.1" 200 116
186.103.159.182 - - [14/Mar/2018:08:48:51 -0300] "GET /cormun/static/Shared/jqueryui/images/ui-icons_ebccce_256x240.png HTTP/1.1" 404 1089
186.79.193.8 - - [14/Mar/2018:08:48:51 -0300] "GET /cormun/servlet/hpexe_return? HTTP/1.1" 200 1044
186.79.193.8 - - [14/Mar/2018:08:48:51 -0300] "GET /cormun/servlet/trlicenciaspermisosadjuntos?10574453,20180314000000,L, HTTP/1.1" 200 6817
200.112.4.243 - - [14/Mar/2018:08:48:52 -0300] "POST /cormun/servlet/trautorizarsolicitud?27105324c3680db1861b3c2493eea076,,gx-no-cache=1521028082006 HTTP/1.1" 200 4375
186.79.193.8 - - [14/Mar/2018:08:48:52 -0300] "GET /cormun/servlet/trlicenciaspermisosadjuntos?10574453,20180314000000,L, HTTP/1.1" 200 6813
200.54.247.70 - - [14/Mar/2018:08:48:53 -0300] "POST /cormun/servlet/trsolicitudot?323ebc60b34d959bffd532e151d8e8d7,,gx-no-cache=1521028082694 HTTP/1.1" 200 4669
200.54.247.70 - - [14/Mar/2018:08:48:54 -0300] "POST /cormun/servlet/trsolicitudot?323ebc60b34d959bffd532e151d8e8d7,,gx-no-cache=1521028083083 HTTP/1.1" 200 4446
200.54.247.70 - - [14/Mar/2018:08:48:54 -0300] "GET /cormun/static/Shared/jqueryui/images/ui-bg_highlight-soft_100_c6c2c8_1x100.png HTTP/1.1" 404 1117
200.54.247.70 - - [14/Mar/2018:08:48:54 -0300] "GET /cormun/static/Shared/jqueryui/images/ui-icons_82798d_256x240.png HTTP/1.1" 404 1089
200.54.247.70 - - [14/Mar/2018:08:48:54 -0300] "GET /cormun/static/Shared/jqueryui/images/ui-icons_8d78a5_256x240.png HTTP/1.1" 404 1089
200.54.247.70 - - [14/Mar/2018:08:48:54 -0300] "GET /cormun/static/Shared/jqueryui/images/ui-bg_flat_55_fafafa_40x100.png HTTP/1.1" 404 1097
201.215.248.160 - - [14/Mar/2018:08:48:57 -0300] "GET /cormun/servlet/trvisualizadoreventos? HTTP/1.1" 200 7329
200.54.247.70 - - [14/Mar/2018:08:48:57 -0300] "GET /cormun/servlet/trautorizarsolicitud? HTTP/1.1" 200 8718
201.215.248.160 - - [14/Mar/2018:08:48:57 -0300] "GET /cormun/servlet/trvisualizadoreventos? HTTP/1.1" 200 7328
200.54.247.70 - - [14/Mar/2018:08:49:00 -0300] "POST /cormun/servlet/trautorizarsolicitud?323ebc60b34d959bffd532e151d8e8d7,,gx-no-cache=1521028089484 HTTP/1.1" 200 4604
200.54.247.70 - - [14/Mar/2018:08:49:01 -0300] "POST /cormun/servlet/trautorizarsolicitud?323ebc60b34d959bffd532e151d8e8d7,,gx-no-cache=1521028089851 HTTP/1.1" 200 4386
200.54.247.70 - - [14/Mar/2018:08:49:01 -0300] "GET /cormun/static/Shared/jqueryui/images/ui-icons_82798d_256x240.png HTTP/1.1" 404 1089
200.54.247.70 - - [14/Mar/2018:08:49:01 -0300] "GET /cormun/static/Shared/jqueryui/images/ui-icons_8d78a5_256x240.png HTTP/1.1" 404 1089
200.54.247.70 - - [14/Mar/2018:08:49:01 -0300] "GET /cormun/static/Shared/jqueryui/images/ui-bg_flat_55_fafafa_40x100.png HTTP/1.1" 404 1097
200.54.247.70 - - [14/Mar/2018:08:49:01 -0300] "GET /cormun/static/Shared/jqueryui/images/ui-bg_highlight-soft_100_c6c2c8_1x100.png HTTP/1.1" 404 1117
186.103.159.182 - - [14/Mar/2018:08:49:03 -0300] "POST /cormun/servlet/solicitudot?gx-no-cache=1521028035591 HTTP/1.1" 200 1319
186.103.159.182 - - [14/Mar/2018:08:49:04 -0300] "POST /cormun/servlet/solicitudot?gx-no-cache=1521028035759 HTTP/1.1" 200 1219
186.103.159.182 - - [14/Mar/2018:08:49:04 -0300] "GET /cormun/static/menuarrow.gif HTTP/1.1" 404 1015
201.215.248.160 - - [14/Mar/2018:08:49:05 -0300] "GET /cormun/servlet/trsolicitudot? HTTP/1.1" 200 7427
201.215.248.160 - - [14/Mar/2018:08:49:05 -0300] "GET /cormun/static/gxcfg.js?2017111422585916 HTTP/1.1" 304 -
201.215.248.160 - - [14/Mar/2018:08:49:05 -0300] "GET /cormun/static/trsolicitudot.js?201711142259839 HTTP/1.1" 304 -
201.215.248.160 - - [14/Mar/2018:08:49:06 -0300] "GET /cormun/servlet/trsolicitudot? HTTP/1.1" 200 7427
186.103.159.182 - - [14/Mar/2018:08:49:06 -0300] "POST /cormun/servlet/solicitudot?gx-no-cache=1521028037837 HTTP/1.1" 200 1319
186.103.159.182 - - [14/Mar/2018:08:49:06 -0300] "POST /cormun/servlet/solicitudot?gx-no-cache=1521028038379 HTTP/1.1" 200 1219
200.54.247.70 - - [14/Mar/2018:08:49:08 -0300] "GET /cormun/servlet/trsolicitudot? HTTP/1.1" 200 7452
200.54.247.70 - - [14/Mar/2018:08:49:11 -0300] "GET /cormun/servlet/solicitudot?INS,0,0, HTTP/1.1" 200 13678
186.103.159.182 - - [14/Mar/2018:08:49:12 -0300] "GET /cormun/servlet/solicitudot?312f8847e08c804ae239eefcc67a49bf6b4ef00bae547b766817b604e98c19b139f1919b6d29e667fdd16adac7794b85,gx-no-cache=1521028044165 HTTP/1.1" 200 30
201.215.248.160 - - [14/Mar/2018:08:49:13 -0300] "GET /cormun/servlet/trsolicitudot? HTTP/1.1" 200 7427
201.215.248.160 - - [14/Mar/2018:08:49:14 -0300] "GET /cormun/servlet/trsolicitudot? HTTP/1.1" 200 7427
192.168.10.89 - - [14/Mar/2018:08:49:14 -0300] "POST /cormun/servlet/trautorizarsolicitud?9747ee834bbd6a7052a28a2dd7f36348,gx-no-cache=1521027990896 HTTP/1.1" 200 4611
192.168.10.89 - - [14/Mar/2018:08:49:15 -0300] "POST /cormun/servlet/trautorizarsolicitud?9747ee834bbd6a7052a28a2dd7f36348,gx-no-cache=1521027991127 HTTP/1.1" 200 4384
192.168.10.89 - - [14/Mar/2018:08:49:15 -0300] "GET /cormun/static/Shared/jqueryui/images/ui-bg_highlight-soft_100_c6c2c8_1x100.png HTTP/1.1" 404 1117
192.168.10.89 - - [14/Mar/2018:08:49:15 -0300] "GET /cormun/static/Shared/jqueryui/images/ui-icons_8d78a5_256x240.png HTTP/1.1" 404 1089
192.168.10.89 - - [14/Mar/2018:08:49:15 -0300] "GET /cormun/static/Shared/jqueryui/images/ui-icons_82798d_256x240.png HTTP/1.1" 404 1089
192.168.10.89 - - [14/Mar/2018:08:49:15 -0300] "GET /cormun/static/Shared/jqueryui/images/ui-bg_flat_55_fafafa_40x100.png HTTP/1.1" 404 1097
186.103.159.182 - - [14/Mar/2018:08:49:19 -0300] "POST /cormun/servlet/solicitudot?gx-no-cache=1521028050634 HTTP/1.1" 200 30
201.215.248.160 - - [14/Mar/2018:08:49:19 -0300] "GET /cormun/servlet/trautorizarsolicitud? HTTP/1.1" 200 8729
201.215.248.160 - - [14/Mar/2018:08:49:19 -0300] "GET /cormun/static/trautorizarsolicitud.js?201711142340425 HTTP/1.1" 304 -
201.215.248.160 - - [14/Mar/2018:08:49:20 -0300] "GET /cormun/servlet/trautorizarsolicitud? HTTP/1.1" 200 8729
192.168.10.89 - - [14/Mar/2018:08:49:26 -0300] "GET /cormun/servlet/trsolicitudot? HTTP/1.1" 200 9233
192.168.10.89 - - [14/Mar/2018:08:49:30 -0300] "GET /cormun/servlet/hlogin HTTP/1.1" 200 1739
186.103.159.182 - - [14/Mar/2018:08:49:32 -0300] "POST /cormun/servlet/solicitudot?2100248673f407c798b1f7cb68d5eb85,INS,0,0,,gx-no-cache=1521028061976 HTTP/1.1" 200 93
186.103.159.182 - - [14/Mar/2018:08:49:32 -0300] "GET /cormun/servlet/hpexe_return? HTTP/1.1" 200 1008
186.103.159.182 - - [14/Mar/2018:08:49:33 -0300] "GET /cormun/servlet/trsolicitudot? HTTP/1.1" 200 8855
186.103.159.182 - - [14/Mar/2018:08:49:34 -0300] "GET /cormun/servlet/trsolicitudot? HTTP/1.1" 200 8851
192.168.10.56 - - [14/Mar/2018:08:49:36 -0300] "GET /cormun/servlet/hlogin HTTP/1.1" 200 1740
201.215.248.160 - - [14/Mar/2018:08:49:38 -0300] "POST /cormun/servlet/trautorizarsolicitud?d7c17a0de3f838b8eeb6baf498d4dc3c,,gx-no-cache=1521028117489 HTTP/1.1" 200 4415
192.168.10.89 - - [14/Mar/2018:08:49:39 -0300] "POST /cormun/servlet/hlogin?9747ee834bbd6a7052a28a2dd7f36348,gx-no-cache=1521028015730 HTTP/1.1" 200 90
192.168.10.89 - - [14/Mar/2018:08:49:39 -0300] "GET /cormun/servlet/hpexe_link HTTP/1.1" 200 949
192.168.10.89 - - [14/Mar/2018:08:49:39 -0300] "GET /cormun/servlet/hhome HTTP/1.1" 200 4920
192.168.10.56 - - [14/Mar/2018:08:49:40 -0300] "POST /cormun/servlet/hlogin?2d5e895382b3c995e5aff3972bc18f0c,gx-no-cache=1521028016141 HTTP/1.1" 200 90
192.168.10.56 - - [14/Mar/2018:08:49:40 -0300] "GET /cormun/servlet/hpexe_link HTTP/1.1" 200 953
192.168.10.56 - - [14/Mar/2018:08:49:40 -0300] "GET /cormun/servlet/hhome HTTP/1.1" 200 4484
192.168.10.56 - - [14/Mar/2018:08:49:40 -0300] "GET /cormun/servlet/hhome HTTP/1.1" 200 4482
192.168.10.56 - - [14/Mar/2018:08:49:42 -0300] "GET /cormun/servlet/trsolicitudgral? HTTP/1.1" 200 9013
192.168.10.56 - - [14/Mar/2018:08:49:42 -0300] "GET /cormun/servlet/trsolicitudgral? HTTP/1.1" 200 9011
186.103.159.182 - - [14/Mar/2018:08:49:46 -0300] "GET /cormun/servlet/trautorizarsolicitud? HTTP/1.1" 200 7377
186.103.159.182 - - [14/Mar/2018:08:49:47 -0300] "GET /cormun/servlet/trautorizarsolicitud? HTTP/1.1" 200 7377
192.168.10.61 - - [14/Mar/2018:08:49:51 -0300] "POST /cormun/servlet/trsolicitudgral?db895c2c3e5a632c7a34aeec02f7dc08,,gx-no-cache=1521028027193 HTTP/1.1" 440 972
192.168.10.61 - - [14/Mar/2018:08:49:52 -0300] "GET /cormun/servlet/trsolicitudgral? HTTP/1.1" 500 10
192.168.10.61 - - [14/Mar/2018:08:49:54 -0300] "GET /cormun/servlet/trsolicitudgral? HTTP/1.1" 500 10
192.168.10.61 - - [14/Mar/2018:08:49:56 -0300] "GET /cormun/servlet/hhome HTTP/1.1" 200 3409
192.168.10.56 - - [14/Mar/2018:08:49:56 -0300] "POST /cormun/servlet/trsolicitudgral?2d5e895382b3c995e5aff3972bc18f0c,,gx-no-cache=1521028032638 HTTP/1.1" 200 7296
192.168.10.61 - - [14/Mar/2018:08:49:56 -0300] "GET /cormun/servlet/hlogin HTTP/1.1" 200 1732
192.168.10.61 - - [14/Mar/2018:08:49:56 -0300] "GET /cormun/servlet/hhome HTTP/1.1" 200 3407
192.168.10.89 - - [14/Mar/2018:08:50:00 -0300] "GET /cormun/servlet/trsecurityuser01? HTTP/1.1" 200 12365
192.168.10.89 - - [14/Mar/2018:08:50:00 -0300] "GET /cormun/static/gxcfg.js?201762721181157 HTTP/1.1" 200 953
192.168.10.89 - - [14/Mar/2018:08:50:00 -0300] "GET /cormun/static/trsecurityuser01.js?201762721181494 HTTP/1.1" 200 19558
192.168.10.89 - - [14/Mar/2018:08:50:01 -0300] "GET /cormun//static/Resources/PXToolsHeaderPreferences.png HTTP/1.1" 200 4189
192.168.10.89 - - [14/Mar/2018:08:50:01 -0300] "GET /cormun//static/Resources/PXToolsAddAllAction.png HTTP/1.1" 200 3624
186.103.159.182 - - [14/Mar/2018:08:50:02 -0300] "POST /cormun/servlet/trautorizarsolicitud?2100248673f407c798b1f7cb68d5eb85,,gx-no-cache=1521028092860 HTTP/1.1" 200 5782
192.168.10.89 - - [14/Mar/2018:08:50:05 -0300] "GET /cormun/servlet/securityusers?UPD,25, HTTP/1.1" 200 7986
192.168.10.89 - - [14/Mar/2018:08:50:05 -0300] "GET /cormun/static/gxcfg.js?20176272118832 HTTP/1.1" 200 953
192.168.10.89 - - [14/Mar/2018:08:50:05 -0300] "GET /cormun/static/securityusers.js?20176272118873 HTTP/1.1" 200 21417
201.215.248.160 - - [14/Mar/2018:08:50:12 -0300] "POST /cormun/servlet/trautorizarsolicitud?d7c17a0de3f838b8eeb6baf498d4dc3c,,gx-no-cache=1521028149633 HTTP/1.1" 200 5777
192.168.10.56 - - [14/Mar/2018:08:50:17 -0300] "GET /cormun/servlet/hlogin HTTP/1.1" 200 1741
186.103.159.182 - - [14/Mar/2018:08:50:17 -0300] "POST /cormun/servlet/trautorizarsolicitud?2100248673f407c798b1f7cb68d5eb85,,gx-no-cache=1521028108930 HTTP/1.1" 200 5794
186.79.193.8 - - [14/Mar/2018:08:50:17 -0300] "GET /cormun/servlet/trlicencias? HTTP/1.1" 200 8142
186.103.159.182 - - [14/Mar/2018:08:50:18 -0300] "GET /cormun/static/Shared/jqueryui/images/ui-icons_82798d_256x240.png HTTP/1.1" 404 1089
186.103.159.182 - - [14/Mar/2018:08:50:18 -0300] "GET /cormun/static/Shared/jqueryui/images/ui-icons_8d78a5_256x240.png HTTP/1.1" 404 1089
186.103.159.182 - - [14/Mar/2018:08:50:18 -0300] "GET /cormun/static/Shared/jqueryui/images/ui-bg_flat_55_fafafa_40x100.png HTTP/1.1" 404 1097
186.79.193.8 - - [14/Mar/2018:08:50:18 -0300] "GET /cormun/servlet/trlicencias? HTTP/1.1" 200 8141
192.168.10.56 - - [14/Mar/2018:08:50:20 -0300] "POST /cormun/servlet/hlogin?2d5e895382b3c995e5aff3972bc18f0c,gx-no-cache=1521028056397 HTTP/1.1" 200 90
192.168.10.56 - - [14/Mar/2018:08:50:20 -0300] "GET /cormun/servlet/hpexe_link HTTP/1.1" 200 953
186.103.159.182 - - [14/Mar/2018:08:50:20 -0300] "GET /cormun/static/Shared/jqueryui/images/ui-bg_highlight-soft_100_c6c2c8_1x100.png HTTP/1.1" 404 1117
192.168.10.56 - - [14/Mar/2018:08:50:20 -0300] "GET /cormun/servlet/hhome HTTP/1.1" 200 3831
192.168.10.56 - - [14/Mar/2018:08:50:20 -0300] "GET /cormun/servlet/hhome HTTP/1.1" 200 3828
186.103.159.182 - - [14/Mar/2018:08:50:25 -0300] "GET /cormun/servlet/trsolicitudot? HTTP/1.1" 200 8851
186.103.159.182 - - [14/Mar/2018:08:50:26 -0300] "GET /cormun/servlet/trsolicitudot? HTTP/1.1" 200 8851
186.67.172.234 - - [14/Mar/2018:08:50:31 -0300] "GET /cormun/servlet/trlicencias? HTTP/1.1" 200 6096
186.67.172.234 - - [14/Mar/2018:08:50:31 -0300] "GET /cormun/static/gxtimezone.js?85251 HTTP/1.1" 200 5781
186.67.172.234 - - [14/Mar/2018:08:50:31 -0300] "GET /cormun/static/gxcfg.js?20176272054169 HTTP/1.1" 304 -
186.67.172.234 - - [14/Mar/2018:08:50:31 -0300] "GET /cormun/static/calendar.js?85251 HTTP/1.1" 304 -
186.67.172.234 - - [14/Mar/2018:08:50:32 -0300] "GET /cormun/static/calendar-es.js?85251 HTTP/1.1" 304 -
186.67.172.234 - - [14/Mar/2018:08:50:32 -0300] "GET /cormun/static/RunJS/RunJS.js HTTP/1.1" 200 288
186.67.172.234 - - [14/Mar/2018:08:50:32 -0300] "GET /cormun/static/PXToolsJavascripts/pexe_cookies.js HTTP/1.1" 200 792
186.67.172.234 - - [14/Mar/2018:08:50:32 -0300] "GET /cormun/static/PXToolsJavascripts/pexe_menudivfix.js HTTP/1.1" 200 333
186.67.172.234 - - [14/Mar/2018:08:50:32 -0300] "GET /cormun/static/PXToolsJavascripts/pexe_oav.js HTTP/1.1" 200 645
186.67.172.234 - - [14/Mar/2018:08:50:32 -0300] "GET /cormun/static/PXToolsJavascripts/pexe_oavdivfix.js HTTP/1.1" 200 639
186.67.172.234 - - [14/Mar/2018:08:50:32 -0300] "GET /cormun/static/calendar-setup.js?85251 HTTP/1.1" 304 -
186.67.172.234 - - [14/Mar/2018:08:50:32 -0300] "GET /cormun/static/PXToolsJavascripts/pexe_picture.js HTTP/1.1" 200 689
186.67.172.234 - - [14/Mar/2018:08:50:32 -0300] "GET /cormun/static/PXToolsJavascripts/pexe_tabdivfix.js HTTP/1.1" 200 876
186.67.172.234 - - [14/Mar/2018:08:50:32 -0300] "GET /cormun/static/PXToolsJavascripts/PXToolsJavascriptsRender.js HTTP/1.1" 200 367
186.67.172.234 - - [14/Mar/2018:08:50:32 -0300] "GET /cormun/static/messages.spa.js?85251 HTTP/1.1" 200 30736
186.67.172.234 - - [14/Mar/2018:08:50:32 -0300] "GET /cormun/static/gxdec.js?85251 HTTP/1.1" 304 -
186.67.172.234 - - [14/Mar/2018:08:50:32 -0300] "GET /cormun/static/hpexe_messagepopupcomponent.js?20161017169425 HTTP/1.1" 200 605
186.67.172.234 - - [14/Mar/2018:08:50:32 -0300] "GET /cormun/static/hpexe_messagecontroller.js?20177611595012 HTTP/1.1" 200 870
186.67.172.234 - - [14/Mar/2018:08:50:32 -0300] "GET /cormun/static/Resources/PXToolsHeaderActionsLeft.png HTTP/1.1" 200 1118
186.67.172.234 - - [14/Mar/2018:08:50:32 -0300] "GET /cormun/static/Resources/PXToolsHeaderHome.png HTTP/1.1" 200 4147
186.67.172.234 - - [14/Mar/2018:08:50:32 -0300] "GET /cormun/static/Resources/logo4.png HTTP/1.1" 200 6582
186.67.172.234 - - [14/Mar/2018:08:50:32 -0300] "GET /cormun/static/Resources/PXToolsHeaderLogin.png HTTP/1.1" 200 4279
186.67.172.234 - - [14/Mar/2018:08:50:32 -0300] "GET /cormun/static/Resources/PXToolsHeaderSecurity.png HTTP/1.1" 200 4166
186.67.172.234 - - [14/Mar/2018:08:50:32 -0300] "GET /cormun/static/Resources/PXToolsHeaderPreferences.png HTTP/1.1" 200 4189
186.67.172.234 - - [14/Mar/2018:08:50:32 -0300] "GET /cormun/static/hpexe_messagegenexuscomponent.js?201752511465344 HTTP/1.1" 200 587
186.67.172.234 - - [14/Mar/2018:08:50:32 -0300] "GET /cormun/static/Resources/PXToolsFooterBackground2.png HTTP/1.1" 200 1172
186.67.172.234 - - [14/Mar/2018:08:50:32 -0300] "GET /cormun/static/Resources/PXToolsHeaderBackground2.png HTTP/1.1" 200 1174
186.67.172.234 - - [14/Mar/2018:08:50:32 -0300] "GET /cormun/static/Resources/PXToolsHeaderActionsRight.png HTTP/1.1" 200 1201
186.67.172.234 - - [14/Mar/2018:08:50:32 -0300] "GET /cormun/static/Resources/PXToolsDataTitle.png HTTP/1.1" 200 1173
186.67.172.234 - - [14/Mar/2018:08:50:32 -0300] "GET /cormun/static/Resources/PXToolsHeaderActionsBackground.png HTTP/1.1" 200 484
186.67.172.234 - - [14/Mar/2018:08:50:32 -0300] "GET /cormun/static/Resources/PXTools/calendar.png HTTP/1.1" 200 1306
186.67.172.234 - - [14/Mar/2018:08:50:33 -0300] "GET /cormun/servlet/hlogin HTTP/1.1" 200 1736
186.67.172.234 - - [14/Mar/2018:08:50:33 -0300] "GET /cormun/servlet/trlicencias? HTTP/1.1" 200 6106
186.67.172.234 - - [14/Mar/2018:08:50:33 -0300] "GET /cormun/static/gxcfg.js?20175251213516 HTTP/1.1" 200 953
186.67.172.234 - - [14/Mar/2018:08:50:33 -0300] "GET /cormun/static/Resources/PXToolsLoginTop.png HTTP/1.1" 200 1337
186.67.172.234 - - [14/Mar/2018:08:50:33 -0300] "GET /cormun/static/Resources/PXToolsLoginBackground.png HTTP/1.1" 200 1164
186.67.172.234 - - [14/Mar/2018:08:50:33 -0300] "GET /cormun/static/Resources/PXToolsLoginBottom.png HTTP/1.1" 200 1389
186.67.172.234 - - [14/Mar/2018:08:50:33 -0300] "GET /cormun/static/Resources/ComunLogin.png HTTP/1.1" 200 17326
192.168.10.56 - - [14/Mar/2018:08:50:34 -0300] "GET /cormun/servlet/trautorizarot? HTTP/1.1" 200 15293
192.168.10.56 - - [14/Mar/2018:08:50:35 -0300] "GET /cormun/servlet/trautorizarot? HTTP/1.1" 200 15291
186.103.159.182 - - [14/Mar/2018:08:50:39 -0300] "POST /cormun/servlet/trsolicitudot?2100248673f407c798b1f7cb68d5eb85,,gx-no-cache=1521028130111 HTTP/1.1" 200 5836
186.79.193.8 - - [14/Mar/2018:08:50:42 -0300] "POST /cormun/servlet/trlicencias?4820352c5e13566c7d738609331cc932,,gx-no-cache=1521028192724 HTTP/1.1" 200 5419
186.79.193.8 - - [14/Mar/2018:08:50:42 -0300] "GET /cormun/static/Shared/jqueryui/images/ui-icons_82798d_256x240.png HTTP/1.1" 404 1089
186.79.193.8 - - [14/Mar/2018:08:50:42 -0300] "GET /cormun/static/Shared/jqueryui/images/ui-icons_8d78a5_256x240.png HTTP/1.1" 404 1089
186.79.193.8 - - [14/Mar/2018:08:50:42 -0300] "GET /cormun/static/Shared/jqueryui/images/ui-bg_flat_55_fafafa_40x100.png HTTP/1.1" 404 1097
186.79.193.8 - - [14/Mar/2018:08:50:44 -0300] "GET /cormun/servlet/alicenciaprn?10574453,L,20180314000000,PU HTTP/1.1" 200 1610
186.79.193.8 - - [14/Mar/2018:08:50:48 -0300] "GET /cormun/static/Shared/jqueryui/images/ui-bg_highlight-soft_100_c6c2c8_1x100.png HTTP/1.1" 404 1117
186.103.159.182 - - [14/Mar/2018:08:50:50 -0300] "POST /cormun/servlet/trsolicitudot?2100248673f407c798b1f7cb68d5eb85,,gx-no-cache=1521028141694 HTTP/1.1" 200 5864
192.168.10.89 - - [14/Mar/2018:08:50:52 -0300] "POST /cormun/servlet/securityusers?9747ee834bbd6a7052a28a2dd7f36348,UPD,25,,gx-no-cache=1521028088715 HTTP/1.1" 200 93
192.168.10.89 - - [14/Mar/2018:08:50:52 -0300] "GET /cormun/servlet/hpexe_return? HTTP/1.1" 200 1008
192.168.10.89 - - [14/Mar/2018:08:50:52 -0300] "GET /cormun/servlet/trsecurityuser01 HTTP/1.1" 200 12368
186.103.159.182 - - [14/Mar/2018:08:50:55 -0300] "POST /cormun/servlet/trsolicitudot?2100248673f407c798b1f7cb68d5eb85,,gx-no-cache=1521028146643 HTTP/1.1" 200 4479
186.103.159.182 - - [14/Mar/2018:08:51:02 -0300] "POST /cormun/servlet/trsolicitudot?2100248673f407c798b1f7cb68d5eb85,,gx-no-cache=1521028154716 HTTP/1.1" 200 4479
192.168.10.89 - - [14/Mar/2018:08:51:04 -0300] "GET /cormun/servlet/securityusers?UPD,47, HTTP/1.1" 200 7975
186.103.159.182 - - [14/Mar/2018:08:51:11 -0300] "GET /cormun/servlet/hlogin HTTP/1.1" 200 1721
186.103.159.182 - - [14/Mar/2018:08:51:15 -0300] "POST /cormun/servlet/hlogin?2100248673f407c798b1f7cb68d5eb85,gx-no-cache=1521028166918 HTTP/1.1" 200 90
186.103.159.182 - - [14/Mar/2018:08:51:15 -0300] "GET /cormun/servlet/hpexe_link HTTP/1.1" 200 959
186.103.159.182 - - [14/Mar/2018:08:51:16 -0300] "GET /cormun/servlet/trsolicitudot? HTTP/1.1" 200 7478
186.67.172.234 - - [14/Mar/2018:08:51:19 -0300] "POST /cormun/servlet/hlogin?19aaa4d52eeb6250a31874a83e5d167e,gx-no-cache=1521028227876 HTTP/1.1" 200 90
186.103.159.182 - - [14/Mar/2018:08:51:19 -0300] "GET /cormun/servlet/trsolicitudot? HTTP/1.1" 200 7477
186.67.172.234 - - [14/Mar/2018:08:51:19 -0300] "GET /cormun/servlet/hpexe_link HTTP/1.1" 200 956
186.67.172.234 - - [14/Mar/2018:08:51:20 -0300] "GET /cormun/static/gxcfg.js?20177612121792 HTTP/1.1" 304 -
186.67.172.234 - - [14/Mar/2018:08:51:20 -0300] "GET /cormun/servlet/trlicencias HTTP/1.1" 200 10212
186.67.172.234 - - [14/Mar/2018:08:51:21 -0300] "GET /cormun/static/SmoothNavMenu/resources/images/down.gif HTTP/1.1" 200 854
186.67.172.234 - - [14/Mar/2018:08:51:21 -0300] "GET /cormun/servlet/trlicencias HTTP/1.1" 200 10210
186.67.172.234 - - [14/Mar/2018:08:51:30 -0300] "GET /cormun/servlet/licenciaspermisos?INS,0,,, HTTP/1.1" 200 7484
186.67.172.234 - - [14/Mar/2018:08:51:30 -0300] "GET /cormun/static/gxcfg.js?201762917281167 HTTP/1.1" 200 953
186.67.172.234 - - [14/Mar/2018:08:51:30 -0300] "GET /cormun/static/Resources/prompt.gif HTTP/1.1" 200 902
186.67.172.234 - - [14/Mar/2018:08:51:30 -0300] "GET /cormun/servlet/licenciaspermisos?INS,0,,, HTTP/1.1" 200 7484
186.103.159.182 - - [14/Mar/2018:08:51:36 -0300] "POST /cormun/servlet/trsolicitudot?2100248673f407c798b1f7cb68d5eb85,,gx-no-cache=1521028187966 HTTP/1.1" 200 4477
186.103.159.182 - - [14/Mar/2018:08:51:41 -0300] "POST /cormun/servlet/trsolicitudot?2100248673f407c798b1f7cb68d5eb85,,gx-no-cache=1521028192321 HTTP/1.1" 200 5861
192.168.10.56 - - [14/Mar/2018:08:51:45 -0300] "GET /cormun/servlet/veautorizarot?2018,9985,, HTTP/1.1" 200 8378
192.168.10.56 - - [14/Mar/2018:08:51:45 -0300] "GET /cormun/static/gxcfg.js?20171115129438 HTTP/1.1" 304 -
192.168.10.56 - - [14/Mar/2018:08:51:45 -0300] "GET /cormun/pexe_scrolldiv.js HTTP/1.1" 404 1009
192.168.10.56 - - [14/Mar/2018:08:51:45 -0300] "GET /cormun/pexe_scrolldiv.js HTTP/1.1" 404 1009
192.168.10.56 - - [14/Mar/2018:08:51:46 -0300] "GET /cormun/servlet/veautorizarot?2018,9985,, HTTP/1.1" 200 8377
186.103.159.182 - - [14/Mar/2018:08:51:46 -0300] "POST /cormun/servlet/trsolicitudot?2100248673f407c798b1f7cb68d5eb85,,gx-no-cache=1521028197118 HTTP/1.1" 200 4678
186.103.159.182 - - [14/Mar/2018:08:51:46 -0300] "GET /cormun/static/Shared/jqueryui/images/ui-icons_82798d_256x240.png HTTP/1.1" 404 1089
186.103.159.182 - - [14/Mar/2018:08:51:46 -0300] "GET /cormun/static/Shared/jqueryui/images/ui-icons_8d78a5_256x240.png HTTP/1.1" 404 1089
186.103.159.182 - - [14/Mar/2018:08:51:47 -0300] "GET /cormun/static/Shared/jqueryui/images/ui-bg_flat_55_fafafa_40x100.png HTTP/1.1" 404 1097
186.103.159.182 - - [14/Mar/2018:08:51:47 -0300] "GET /cormun/static/Shared/jqueryui/images/ui-bg_highlight-soft_100_c6c2c8_1x100.png HTTP/1.1" 404 1117
192.168.10.56 - - [14/Mar/2018:08:51:48 -0300] "GET /cormun/servlet/veautorizarot?2018,9985,,SolicitudOTLog HTTP/1.1" 200 9052
192.168.10.56 - - [14/Mar/2018:08:51:48 -0300] "GET /cormun/pexe_scrolldiv.js HTTP/1.1" 404 1009
192.168.10.56 - - [14/Mar/2018:08:51:48 -0300] "GET /cormun/pexe_scrolldiv.js HTTP/1.1" 404 1009
192.168.10.56 - - [14/Mar/2018:08:51:49 -0300] "GET /cormun/servlet/veautorizarot?2018,9985,,SolicitudOTLog HTTP/1.1" 200 9052
192.168.10.56 - - [14/Mar/2018:08:51:49 -0300] "POST /cormun/servlet/acontrolpreferencessavestate?None,PESCOBAR,true HTTP/1.1" 200 35
192.168.10.56 - - [14/Mar/2018:08:51:53 -0300] "GET /cormun/servlet/veautorizarot?2018,9985,,General HTTP/1.1" 200 8383
192.168.10.56 - - [14/Mar/2018:08:51:53 -0300] "GET /cormun/pexe_scrolldiv.js HTTP/1.1" 404 1009
192.168.10.56 - - [14/Mar/2018:08:51:53 -0300] "GET /cormun/pexe_scrolldiv.js HTTP/1.1" 404 1009
192.168.10.56 - - [14/Mar/2018:08:51:54 -0300] "GET /cormun/servlet/veautorizarot?2018,9985,,General HTTP/1.1" 200 8383
186.103.159.182 - - [14/Mar/2018:08:51:54 -0300] "POST /cormun/servlet/trsolicitudot?2100248673f407c798b1f7cb68d5eb85,,gx-no-cache=1521028198840 HTTP/1.1" 200 4457
192.168.10.56 - - [14/Mar/2018:08:51:55 -0300] "POST /cormun/servlet/veautorizarot?2d5e895382b3c995e5aff3972bc18f0c,2018,9985,,General,gx-no-cache=1521028151595 HTTP/1.1" 200 93
192.168.10.56 - - [14/Mar/2018:08:51:55 -0300] "GET /cormun/servlet/hpexe_return? HTTP/1.1" 200 1016
192.168.10.56 - - [14/Mar/2018:08:51:55 -0300] "GET /cormun/servlet/trautorizarot HTTP/1.1" 200 15295
192.168.10.56 - - [14/Mar/2018:08:51:56 -0300] "GET /cormun/servlet/trautorizarot HTTP/1.1" 200 15290
186.103.159.182 - - [14/Mar/2018:08:51:59 -0300] "GET /cormun/servlet/trautorizarsolicitud? HTTP/1.1" 200 7377
186.103.159.182 - - [14/Mar/2018:08:52:01 -0300] "GET /cormun/servlet/trautorizarsolicitud? HTTP/1.1" 200 7377
186.79.193.8 - - [14/Mar/2018:08:52:07 -0300] "GET /cormun/servlet/hlogin HTTP/1.1" 200 1736
