192.168.10.56 - - [14/Mar/2018:09:04:54 -0300] "GET /cormun/servlet/solicitudgral?038b893c7e01d19a7fa2bbb0cc4336ecc912faab72e863efd489fd3926fd2b83b5760e5b80b3fd831ec2a49fab4d1750b0cbf7e603f73d074dd6eb0eeb5895b5c95128eeb9291166820a10ae17300d85b0eb9ea6637efda3a2ff43f5b0ba062a4e90d25c8a8634c5328a9b205390fe4b626fe842294786d00a6413c371151b1ebff55a0f74589887765d96bd5c866b23e634c8e0a9b4d53e6c8273cde49885e0de8ccf07dcb67608e7f64275609c21905c60e09cc581f58c3e2b48f3adfa287c565ac66a8c7fb4fb827d62ec956fc2fd971e4df28dca46ff52f772f040162ab74d45982f9b0ba9445cdea5f4ec0668eeb3501b74fce4515a2decb864c34f54a0137c73a474edcc6aca6c70143bcffc537d6935815f985a07caecd6a898c7ea7d1186cc57f812ab2144dd613ece913b78826c195af8fe9b5c0c5d3eae439c244146c98a0766512ef57b556542d3d2948b7cd3a9b117f6d933c609e503c6e5a293137c73a474edcc6aca6c70143bcffc539fc6413db97a51456110394fa287820b503eb94cb3c683c430840e0b9fd0220ab98d4504e6a2ae1d9fb402cd34872967934654f2e6302a00fae0a88b41ca62e2,gx-no-cache=1521028930664 HTTP/1.1" 200 48
192.168.10.56 - - [14/Mar/2018:09:04:54 -0300] "POST /cormun/servlet/solicitudgral?2d5e895382b3c995e5aff3972bc18f0c,UPD,2018,10408,,gx-no-cache=1521028930697 HTTP/1.1" 200 11781
192.168.10.56 - - [14/Mar/2018:09:04:54 -0300] "GET /cormun/servlet/solicitudgral?038b893c7e01d19a7fa2bbb0cc4336ec4d4e04d03d7d57740b60faf65d9cdee83ef3f9a6f321ea1dd4587be422a203e95f4e6210ccf92920d8612e30f5bc7dfc5efc5d33cd72b4a9ec83531a93466e0b677f0ec62c7986c1469fa82f4cb0fef7fa1ce98350109a90ca9ba684270e6ee0,gx-no-cache=1521028930835 HTTP/1.1" 200 29
192.168.10.56 - - [14/Mar/2018:09:04:54 -0300] "POST /cormun/servlet/solicitudgral?gx-no-cache=1521028930849 HTTP/1.1" 200 1295
192.168.10.56 - - [14/Mar/2018:09:04:54 -0300] "POST /cormun/servlet/solicitudgral?gx-no-cache=1521028930880 HTTP/1.1" 200 1218
190.151.100.218 - - [14/Mar/2018:09:04:54 -0300] "GET /cormun/servlet/ HTTP/1.1" 404 991
192.168.10.56 - - [14/Mar/2018:09:04:57 -0300] "POST /cormun/servlet/solicitudgral?2d5e895382b3c995e5aff3972bc18f0c,UPD,2018,10408,,gx-no-cache=1521028933440 HTTP/1.1" 200 93
192.168.10.56 - - [14/Mar/2018:09:04:57 -0300] "GET /cormun/servlet/hpexe_return? HTTP/1.1" 200 1017
192.168.10.56 - - [14/Mar/2018:09:04:57 -0300] "GET /cormun/servlet/trsolicitudgral? HTTP/1.1" 200 22045
192.168.10.56 - - [14/Mar/2018:09:04:58 -0300] "GET /cormun/servlet/trsolicitudgral? HTTP/1.1" 200 22040
186.67.172.234 - - [14/Mar/2018:09:04:59 -0300] "POST /cormun/servlet/trlicencias?19aaa4d52eeb6250a31874a83e5d167e,gx-no-cache=1521029047451 HTTP/1.1" 200 7986
186.67.172.234 - - [14/Mar/2018:09:04:59 -0300] "GET /cormun/static/Shared/jqueryui/images/ui-icons_82798d_256x240.png HTTP/1.1" 404 1089
186.67.172.234 - - [14/Mar/2018:09:04:59 -0300] "GET /cormun/static/Shared/jqueryui/images/ui-bg_flat_55_fafafa_40x100.png HTTP/1.1" 404 1097
186.67.172.234 - - [14/Mar/2018:09:04:59 -0300] "GET /cormun/static/Shared/jqueryui/images/ui-icons_8d78a5_256x240.png HTTP/1.1" 404 1089
186.67.172.234 - - [14/Mar/2018:09:05:00 -0300] "GET /cormun/static/Shared/jqueryui/images/ui-bg_highlight-soft_100_c6c2c8_1x100.png HTTP/1.1" 404 1117
190.151.100.218 - - [14/Mar/2018:09:05:00 -0300] "GET /cormun/servlet/hlogin HTTP/1.1" 200 1721
186.103.159.182 - - [14/Mar/2018:09:05:00 -0300] "POST /cormun/servlet/solicitudot?2100248673f407c798b1f7cb68d5eb85,INS,0,0,,gx-no-cache=1521028990816 HTTP/1.1" 200 93
186.103.159.182 - - [14/Mar/2018:09:05:01 -0300] "GET /cormun/servlet/hpexe_return? HTTP/1.1" 200 1008
186.103.159.182 - - [14/Mar/2018:09:05:01 -0300] "GET /cormun/servlet/trsolicitudot HTTP/1.1" 200 7481
186.103.159.182 - - [14/Mar/2018:09:05:03 -0300] "GET /cormun/servlet/trsolicitudot HTTP/1.1" 200 7477
192.168.10.56 - - [14/Mar/2018:09:05:08 -0300] "POST /cormun/servlet/trsolicitudgral?2d5e895382b3c995e5aff3972bc18f0c,,gx-no-cache=1521028944578 HTTP/1.1" 200 19197
186.103.159.182 - - [14/Mar/2018:09:05:10 -0300] "GET /cormun/servlet/trautorizarsolicitud? HTTP/1.1" 200 9112
186.103.159.182 - - [14/Mar/2018:09:05:11 -0300] "GET /cormun/servlet/trautorizarsolicitud? HTTP/1.1" 200 9111
190.151.100.218 - - [14/Mar/2018:09:05:12 -0300] "POST /cormun/servlet/hlogin?76036e32b845ef2ad370725cbe7f1740,gx-no-cache=1521029060290 HTTP/1.1" 200 90
190.151.100.218 - - [14/Mar/2018:09:05:12 -0300] "GET /cormun/servlet/hpexe_link HTTP/1.1" 200 960
190.151.100.218 - - [14/Mar/2018:09:05:13 -0300] "GET /cormun/servlet/trsolicitudot HTTP/1.1" 200 8805
190.151.100.218 - - [14/Mar/2018:09:05:14 -0300] "GET /cormun/servlet/trsolicitudot HTTP/1.1" 200 8804
192.168.10.56 - - [14/Mar/2018:09:05:24 -0300] "POST /cormun/servlet/trsolicitudgral?2d5e895382b3c995e5aff3972bc18f0c,,gx-no-cache=1521028960115 HTTP/1.1" 200 5928
192.168.10.56 - - [14/Mar/2018:09:05:27 -0300] "POST /cormun/servlet/trsolicitudgral?2d5e895382b3c995e5aff3972bc18f0c,,gx-no-cache=1521028963767 HTTP/1.1" 200 7324
192.168.10.56 - - [14/Mar/2018:09:05:40 -0300] "POST /cormun/servlet/trsolicitudgral?2d5e895382b3c995e5aff3972bc18f0c,,gx-no-cache=1521028976635 HTTP/1.1" 200 6162
192.168.10.56 - - [14/Mar/2018:09:05:40 -0300] "GET /cormun/static/Shared/jqueryui/images/ui-bg_highlight-soft_100_c6c2c8_1x100.png HTTP/1.1" 404 1117
192.168.10.56 - - [14/Mar/2018:09:05:40 -0300] "GET /cormun/static/Shared/jqueryui/images/ui-icons_82798d_256x240.png HTTP/1.1" 404 1089
192.168.10.56 - - [14/Mar/2018:09:05:40 -0300] "GET /cormun/static/Shared/jqueryui/images/ui-bg_flat_55_fafafa_40x100.png HTTP/1.1" 404 1097
192.168.10.56 - - [14/Mar/2018:09:05:40 -0300] "GET /cormun/static/Shared/jqueryui/images/ui-icons_8d78a5_256x240.png HTTP/1.1" 404 1089
186.103.132.155 - - [14/Mar/2018:09:05:41 -0300] "GET /cormun/servlet/vesolicitudot?2018,9991,, HTTP/1.1" 200 8597
186.103.132.155 - - [14/Mar/2018:09:05:41 -0300] "GET /cormun/static/gxcfg.js?2017111422591385 HTTP/1.1" 200 953
186.67.203.186 - - [14/Mar/2018:09:05:41 -0300] "GET /cormun/pexe_scrolldiv.js HTTP/1.1" 404 1009
186.67.203.186 - - [14/Mar/2018:09:05:41 -0300] "GET /cormun/static/vesolicitudot.js?2017111422591449 HTTP/1.1" 200 6091
186.67.203.186 - - [14/Mar/2018:09:05:41 -0300] "GET /cormun/pexe_scrolldiv.js HTTP/1.1" 404 1009
186.103.132.155 - - [14/Mar/2018:09:05:42 -0300] "GET /cormun/static/tbsolicitudot01.js?2017111422581186 HTTP/1.1" 200 30566
186.103.132.155 - - [14/Mar/2018:09:05:43 -0300] "GET /cormun/servlet/vesolicitudot?2018,9991,, HTTP/1.1" 200 8596
186.103.159.182 - - [14/Mar/2018:09:05:43 -0300] "GET /cormun/servlet/hlogin HTTP/1.1" 200 1721
192.168.10.56 - - [14/Mar/2018:09:05:44 -0300] "POST /cormun/servlet/trsolicitudgral?2d5e895382b3c995e5aff3972bc18f0c,,gx-no-cache=1521028980503 HTTP/1.1" 200 5929
192.168.10.56 - - [14/Mar/2018:09:05:47 -0300] "POST /cormun/servlet/trsolicitudgral?2d5e895382b3c995e5aff3972bc18f0c,,gx-no-cache=1521028983735 HTTP/1.1" 200 5930
192.168.10.61 - - [14/Mar/2018:09:05:48 -0300] "GET /cormun/servlet/trsolicitudgral? HTTP/1.1" 200 27869
186.67.203.186 - - [14/Mar/2018:09:05:48 -0300] "POST /cormun/servlet/vesolicitudot?76036e32b845ef2ad370725cbe7f1740,2018,9991,,,gx-no-cache=1521029096613 HTTP/1.1" 200 90
186.67.203.186 - - [14/Mar/2018:09:05:48 -0300] "GET /cormun/servlet/hpexe_link HTTP/1.1" 200 969
186.67.203.186 - - [14/Mar/2018:09:05:49 -0300] "GET /cormun/servlet/trsolicitudot HTTP/1.1" 200 8805
186.67.203.186 - - [14/Mar/2018:09:05:49 -0300] "GET /cormun/servlet/trsolicitudot HTTP/1.1" 200 8804
192.168.10.61 - - [14/Mar/2018:09:05:49 -0300] "GET /cormun/servlet/trsolicitudgral? HTTP/1.1" 200 27867
192.168.10.56 - - [14/Mar/2018:09:05:51 -0300] "POST /cormun/servlet/trsolicitudgral?2d5e895382b3c995e5aff3972bc18f0c,,gx-no-cache=1521028987415 HTTP/1.1" 200 5928
192.168.10.56 - - [14/Mar/2018:09:05:55 -0300] "POST /cormun/servlet/trsolicitudgral?2d5e895382b3c995e5aff3972bc18f0c,,gx-no-cache=1521028991343 HTTP/1.1" 200 5928
186.67.203.186 - - [14/Mar/2018:09:05:55 -0300] "POST /cormun/servlet/trsolicitudot?76036e32b845ef2ad370725cbe7f1740,gx-no-cache=1521029102406 HTTP/1.1" 200 104
186.67.203.186 - - [14/Mar/2018:09:05:55 -0300] "GET /cormun/servlet/solicitudot?UPD,2018,9991, HTTP/1.1" 200 15441
186.67.203.186 - - [14/Mar/2018:09:05:57 -0300] "GET /cormun/servlet/solicitudot?UPD,2018,9991, HTTP/1.1" 200 15451
186.67.203.186 - - [14/Mar/2018:09:05:59 -0300] "POST /cormun/servlet/solicitudot?gx-no-cache=1521029105034 HTTP/1.1" 200 3362
192.168.10.56 - - [14/Mar/2018:09:05:59 -0300] "POST /cormun/servlet/trsolicitudgral?2d5e895382b3c995e5aff3972bc18f0c,,gx-no-cache=1521028995894 HTTP/1.1" 200 5929
186.67.203.186 - - [14/Mar/2018:09:06:01 -0300] "POST /cormun/servlet/solicitudot?76036e32b845ef2ad370725cbe7f1740,UPD,2018,9991,,gx-no-cache=1521029107977 HTTP/1.1" 200 11668
186.67.203.186 - - [14/Mar/2018:09:06:01 -0300] "GET /cormun/servlet/solicitudot?a3ddbc388bd2485ba6e88ab41593c8122bc7e83234c667412bd007107e2a938d84f279cf3aa7bb9eae5da419c248d3e9,gx-no-cache=1521029109855 HTTP/1.1" 200 30
186.67.203.186 - - [14/Mar/2018:09:06:01 -0300] "GET /cormun/servlet/solicitudot?a3ddbc388bd2485ba6e88ab41593c81244297379ad21ce16cd89ef2b3813f3953a86c599edc0269781bcd2f6f1c268f89e4514eb35770af77ca62f52997a0850,gx-no-cache=1521029109962 HTTP/1.1" 200 30
186.67.203.186 - - [14/Mar/2018:09:06:02 -0300] "GET /cormun/servlet/solicitudot?a3ddbc388bd2485ba6e88ab41593c812727232072ce39127a5177fe5d8b21e1f,gx-no-cache=1521029110067 HTTP/1.1" 200 29
186.67.203.186 - - [14/Mar/2018:09:06:03 -0300] "POST /cormun/servlet/solicitudot?gx-no-cache=1521029110467 HTTP/1.1" 200 297
186.67.203.186 - - [14/Mar/2018:09:06:03 -0300] "GET /cormun/servlet/solicitudot?a3ddbc388bd2485ba6e88ab41593c812ffed08077f45220a7cc3f8cddbed6db77b3140c8672cfcccc4c277d4d2dd123cbb1165923a95a3a740a49f8cef5e60d2c33358b7dfbabc971a8ed28bd8680f58975785f96ebc78c8b8610133231122af9e8251e79be62e86824c69ed068e0656c0db664c2c600f11fa4efa722b818b1633acf506e59a32187f3356cd47c68b8e90c576aaa40c8f76869d77ef97785ea9f82e3a92894286d82cd9aa85012e13040b1d37be72cc1e97cfcc1d4ddd44563c4cc6606f7e2bf5ecceb4953bc0bf8bea5c9383442a6a16a6083b955f4f4e9c971e86b8f0dd218929a33a283c3acb521cd0a275baf6d67d876558f97882fefde93e15ed7e2be52f28bac94ac11e076c9cafb427da5b0c503ce7406a21020dc73ecd5ab20ae3a6fdb0e68bd4c512cea5c7216cc872e4501cd315ba3794be705088ca7003ba5b6a982d3af64d259fd34d62aec40cbe0f2a311496e71a7c5e9cdefc9b7ef23b9744aa9b801cfd823fefde9f230d93c0019b768ce565b8bc6601b9d7066f5c32fafed8b0232ec2fb86e40b2e,gx-no-cache=1521029111575 HTTP/1.1" 200 30
186.67.203.186 - - [14/Mar/2018:09:06:03 -0300] "POST /cormun/servlet/solicitudot?gx-no-cache=1521029111679 HTTP/1.1" 200 30
192.168.10.56 - - [14/Mar/2018:09:06:03 -0300] "POST /cormun/servlet/trsolicitudgral?2d5e895382b3c995e5aff3972bc18f0c,,gx-no-cache=1521028999895 HTTP/1.1" 200 7306
186.67.203.186 - - [14/Mar/2018:09:06:03 -0300] "POST /cormun/servlet/solicitudot?gx-no-cache=1521029111795 HTTP/1.1" 200 1332
192.168.10.61 - - [14/Mar/2018:09:06:04 -0300] "POST /cormun/servlet/trsolicitudgral?ee487a2fd6dedfcd04846afe210027d1,,gx-no-cache=1521029000083 HTTP/1.1" 200 5849
186.67.203.186 - - [14/Mar/2018:09:06:04 -0300] "POST /cormun/servlet/solicitudot?gx-no-cache=1521029112129 HTTP/1.1" 200 41
192.168.10.56 - - [14/Mar/2018:09:06:09 -0300] "POST /cormun/servlet/trsolicitudgral?2d5e895382b3c995e5aff3972bc18f0c,,gx-no-cache=1521029005993 HTTP/1.1" 200 6138
192.168.10.61 - - [14/Mar/2018:09:06:12 -0300] "POST /cormun/servlet/trsolicitudgral?ee487a2fd6dedfcd04846afe210027d1,,gx-no-cache=1521029008908 HTTP/1.1" 200 5851
192.168.10.56 - - [14/Mar/2018:09:06:13 -0300] "POST /cormun/servlet/trsolicitudgral?2d5e895382b3c995e5aff3972bc18f0c,,gx-no-cache=1521029009967 HTTP/1.1" 200 5929
192.168.10.61 - - [14/Mar/2018:09:06:13 -0300] "POST /cormun/servlet/trsolicitudgral?ee487a2fd6dedfcd04846afe210027d1,,gx-no-cache=1521029009994 HTTP/1.1" 200 5851
192.168.10.61 - - [14/Mar/2018:09:06:14 -0300] "POST /cormun/servlet/trsolicitudgral?ee487a2fd6dedfcd04846afe210027d1,,gx-no-cache=1521029010221 HTTP/1.1" 200 5850
192.168.10.50 - - [14/Mar/2018:09:06:20 -0300] "POST /cormun/servlet/solicitudgral?cc3c1538279fdbbfe3d8209773eb40fa,UPD,2018,10428,,gx-no-cache=1521029016916 HTTP/1.1" 200 93
192.168.10.50 - - [14/Mar/2018:09:06:20 -0300] "GET /cormun/servlet/hpexe_return? HTTP/1.1" 200 1009
192.168.10.50 - - [14/Mar/2018:09:06:21 -0300] "GET /cormun/servlet/trsolicitudgral? HTTP/1.1" 200 10327
192.168.10.50 - - [14/Mar/2018:09:06:21 -0300] "GET /cormun/servlet/trsolicitudgral? HTTP/1.1" 200 10323
192.168.10.50 - - [14/Mar/2018:09:06:26 -0300] "POST /cormun/servlet/trsolicitudgral?cc3c1538279fdbbfe3d8209773eb40fa,,gx-no-cache=1521029023028 HTTP/1.1" 200 6114
192.168.10.50 - - [14/Mar/2018:09:06:26 -0300] "GET /cormun/static/Shared/jqueryui/images/ui-bg_highlight-soft_100_c6c2c8_1x100.png HTTP/1.1" 404 1117
192.168.10.50 - - [14/Mar/2018:09:06:26 -0300] "GET /cormun/static/Shared/jqueryui/images/ui-icons_82798d_256x240.png HTTP/1.1" 404 1089
192.168.10.50 - - [14/Mar/2018:09:06:26 -0300] "GET /cormun/static/Shared/jqueryui/images/ui-bg_flat_55_fafafa_40x100.png HTTP/1.1" 404 1097
192.168.10.50 - - [14/Mar/2018:09:06:27 -0300] "GET /cormun/static/Shared/jqueryui/images/ui-icons_8d78a5_256x240.png HTTP/1.1" 404 1089
192.168.10.89 - - [14/Mar/2018:09:06:31 -0300] "POST /cormun/servlet/hlogin?9747ee834bbd6a7052a28a2dd7f36348,gx-no-cache=1521029027589 HTTP/1.1" 200 90
192.168.10.89 - - [14/Mar/2018:09:06:31 -0300] "GET /cormun/servlet/hpexe_link HTTP/1.1" 200 949
192.168.10.89 - - [14/Mar/2018:09:06:31 -0300] "GET /cormun/servlet/hhome HTTP/1.1" 200 4920
186.103.159.182 - - [14/Mar/2018:09:06:33 -0300] "POST /cormun/servlet/hlogin?2100248673f407c798b1f7cb68d5eb85,gx-no-cache=1521029085221 HTTP/1.1" 200 90
186.103.159.182 - - [14/Mar/2018:09:06:33 -0300] "GET /cormun/servlet/hpexe_link HTTP/1.1" 200 963
192.168.10.50 - - [14/Mar/2018:09:06:34 -0300] "POST /cormun/servlet/trsolicitudgral?cc3c1538279fdbbfe3d8209773eb40fa,,gx-no-cache=1521029030173 HTTP/1.1" 200 5922
186.103.159.182 - - [14/Mar/2018:09:06:34 -0300] "GET /cormun/servlet/trautorizarsolicitud HTTP/1.1" 200 9112
186.67.203.186 - - [14/Mar/2018:09:06:34 -0300] "GET /cormun/servlet/solicitudot?a3ddbc388bd2485ba6e88ab41593c8126788785b1923dbe51e235c4c00f20631ad9672218bd59d78a457761ed7f7772e11a55e7a057106640b75f55ce96e1e24c8d7261e6b2148e44ae679d645daf75654db599e779f45087ddb1c38a4e25e43c3a26a901fd04d6e35f59be6cd4cf2cc,gx-no-cache=1521029142586 HTTP/1.1" 200 29
186.67.203.186 - - [14/Mar/2018:09:06:35 -0300] "POST /cormun/servlet/solicitudot?gx-no-cache=1521029142795 HTTP/1.1" 200 1319
186.67.203.186 - - [14/Mar/2018:09:06:35 -0300] "POST /cormun/servlet/solicitudot?gx-no-cache=1521029143723 HTTP/1.1" 200 1215
186.103.159.182 - - [14/Mar/2018:09:06:35 -0300] "GET /cormun/servlet/trautorizarsolicitud HTTP/1.1" 200 9111
192.168.10.89 - - [14/Mar/2018:09:06:37 -0300] "GET /cormun/servlet/trsolicitudgral? HTTP/1.1" 200 28993
192.168.10.50 - - [14/Mar/2018:09:06:45 -0300] "POST /cormun/servlet/trsolicitudgral?cc3c1538279fdbbfe3d8209773eb40fa,,gx-no-cache=1521029041476 HTTP/1.1" 200 5921
186.103.159.182 - - [14/Mar/2018:09:06:46 -0300] "POST /cormun/servlet/trautorizarsolicitud?2100248673f407c798b1f7cb68d5eb85,gx-no-cache=1521029097615 HTTP/1.1" 200 4393
186.103.159.182 - - [14/Mar/2018:09:06:51 -0300] "GET /cormun/servlet/trautorizarsolicitud? HTTP/1.1" 200 7364
186.103.159.182 - - [14/Mar/2018:09:06:52 -0300] "GET /cormun/servlet/trautorizarsolicitud? HTTP/1.1" 200 7364
192.168.10.50 - - [14/Mar/2018:09:06:56 -0300] "POST /cormun/servlet/trsolicitudgral?cc3c1538279fdbbfe3d8209773eb40fa,,gx-no-cache=1521029052694 HTTP/1.1" 200 5924
192.168.10.50 - - [14/Mar/2018:09:06:57 -0300] "POST /cormun/servlet/trsolicitudgral?cc3c1538279fdbbfe3d8209773eb40fa,,gx-no-cache=1521029053660 HTTP/1.1" 200 5923
186.103.159.182 - - [14/Mar/2018:09:07:04 -0300] "POST /cormun/servlet/trautorizarsolicitud?2100248673f407c798b1f7cb68d5eb85,,gx-no-cache=1521029115603 HTTP/1.1" 200 4406
192.168.10.50 - - [14/Mar/2018:09:07:07 -0300] "POST /cormun/servlet/trsolicitudgral?cc3c1538279fdbbfe3d8209773eb40fa,,gx-no-cache=1521029063731 HTTP/1.1" 200 8066
186.103.159.182 - - [14/Mar/2018:09:07:11 -0300] "POST /cormun/servlet/trautorizarsolicitud?2100248673f407c798b1f7cb68d5eb85,,gx-no-cache=1521029121309 HTTP/1.1" 200 5772
192.168.10.50 - - [14/Mar/2018:09:07:15 -0300] "POST /cormun/servlet/trsolicitudgral?cc3c1538279fdbbfe3d8209773eb40fa,,gx-no-cache=1521029071680 HTTP/1.1" 200 6125
192.168.10.50 - - [14/Mar/2018:09:07:24 -0300] "POST /cormun/servlet/trsolicitudgral?cc3c1538279fdbbfe3d8209773eb40fa,,gx-no-cache=1521029080079 HTTP/1.1" 200 10880
192.168.10.50 - - [14/Mar/2018:09:07:24 -0300] "POST /cormun/servlet/trsolicitudgral?cc3c1538279fdbbfe3d8209773eb40fa,,gx-no-cache=1521029080738 HTTP/1.1" 200 10882
186.103.159.182 - - [14/Mar/2018:09:07:25 -0300] "POST /cormun/servlet/trautorizarsolicitud?2100248673f407c798b1f7cb68d5eb85,,gx-no-cache=1521029135580 HTTP/1.1" 200 5785
186.103.159.182 - - [14/Mar/2018:09:07:25 -0300] "GET /cormun/static/Shared/jqueryui/images/ui-bg_highlight-soft_100_c6c2c8_1x100.png HTTP/1.1" 404 1117
186.103.159.182 - - [14/Mar/2018:09:07:25 -0300] "GET /cormun/static/Shared/jqueryui/images/ui-icons_82798d_256x240.png HTTP/1.1" 404 1089
186.103.159.182 - - [14/Mar/2018:09:07:25 -0300] "GET /cormun/static/Shared/jqueryui/images/ui-bg_flat_55_fafafa_40x100.png HTTP/1.1" 404 1097
186.103.159.182 - - [14/Mar/2018:09:07:25 -0300] "GET /cormun/static/Shared/jqueryui/images/ui-icons_8d78a5_256x240.png HTTP/1.1" 404 1089
192.168.10.50 - - [14/Mar/2018:09:07:32 -0300] "POST /cormun/servlet/trsolicitudgral?cc3c1538279fdbbfe3d8209773eb40fa,,gx-no-cache=1521029088154 HTTP/1.1" 200 10490
192.168.10.56 - - [14/Mar/2018:09:07:42 -0300] "POST /cormun/servlet/trsolicitudgral?2d5e895382b3c995e5aff3972bc18f0c,,gx-no-cache=1521029099047 HTTP/1.1" 200 7302
186.103.159.182 - - [14/Mar/2018:09:07:47 -0300] "POST /cormun/servlet/trautorizarsolicitud?2100248673f407c798b1f7cb68d5eb85,,gx-no-cache=1521029155967 HTTP/1.1" 200 5785
192.168.10.50 - - [14/Mar/2018:09:07:47 -0300] "POST /cormun/servlet/trsolicitudgral?cc3c1538279fdbbfe3d8209773eb40fa,,gx-no-cache=1521029103659 HTTP/1.1" 200 9703
186.103.159.182 - - [14/Mar/2018:09:08:00 -0300] "POST /cormun/servlet/trautorizarsolicitud?2100248673f407c798b1f7cb68d5eb85,,gx-no-cache=1521029170578 HTTP/1.1" 200 5784
186.103.159.182 - - [14/Mar/2018:09:08:05 -0300] "POST /cormun/servlet/trautorizarsolicitud?2100248673f407c798b1f7cb68d5eb85,,gx-no-cache=1521029175895 HTTP/1.1" 200 5773
186.103.159.182 - - [14/Mar/2018:09:08:09 -0300] "POST /cormun/servlet/trautorizarsolicitud?2100248673f407c798b1f7cb68d5eb85,,gx-no-cache=1521029179771 HTTP/1.1" 200 5785
186.103.159.182 - - [14/Mar/2018:09:08:16 -0300] "POST /cormun/servlet/trautorizarsolicitud?2100248673f407c798b1f7cb68d5eb85,,gx-no-cache=1521029186593 HTTP/1.1" 200 4406
186.103.159.182 - - [14/Mar/2018:09:08:24 -0300] "POST /cormun/servlet/trautorizarsolicitud?2100248673f407c798b1f7cb68d5eb85,,gx-no-cache=1521029193890 HTTP/1.1" 200 4394
186.103.159.182 - - [14/Mar/2018:09:08:34 -0300] "POST /cormun/servlet/trautorizarsolicitud?2100248673f407c798b1f7cb68d5eb85,,gx-no-cache=1521029205570 HTTP/1.1" 200 20495
186.79.172.13 - - [14/Mar/2018:09:09:27 -0300] "GET /cormun/servlet/hlogin HTTP/1.1" 200 1728
186.103.159.182 - - [14/Mar/2018:09:09:29 -0300] "POST /cormun/servlet/trautorizarsolicitud?2100248673f407c798b1f7cb68d5eb85,,gx-no-cache=1521029241248 HTTP/1.1" 200 7072
186.103.159.182 - - [14/Mar/2018:09:09:41 -0300] "POST /cormun/servlet/trautorizarsolicitud?2100248673f407c798b1f7cb68d5eb85,,gx-no-cache=1521029272937 HTTP/1.1" 200 7084
186.103.159.182 - - [14/Mar/2018:09:09:52 -0300] "POST /cormun/servlet/trautorizarsolicitud?2100248673f407c798b1f7cb68d5eb85,,gx-no-cache=1521029282921 HTTP/1.1" 200 7084
186.103.159.182 - - [14/Mar/2018:09:09:56 -0300] "GET /cormun/servlet/trsolicitudot? HTTP/1.1" 200 7478
186.103.159.182 - - [14/Mar/2018:09:09:58 -0300] "GET /cormun/servlet/trsolicitudot? HTTP/1.1" 200 7477
186.79.172.13 - - [14/Mar/2018:09:09:58 -0300] "POST /cormun/servlet/hlogin?812e2e386fe3b1275964cd07ec842d53,gx-no-cache=1521029345579 HTTP/1.1" 200 90
186.79.172.13 - - [14/Mar/2018:09:09:58 -0300] "GET /cormun/servlet/hpexe_link HTTP/1.1" 200 954
186.103.159.182 - - [14/Mar/2018:09:10:05 -0300] "POST /cormun/servlet/trsolicitudot?2100248673f407c798b1f7cb68d5eb85,,gx-no-cache=1521029296191 HTTP/1.1" 200 7155
186.79.172.13 - - [14/Mar/2018:09:10:05 -0300] "GET /cormun/servlet/hhome HTTP/1.1" 200 4234
200.72.197.82 - - [14/Mar/2018:09:10:06 -0300] "GET /cormun/servlet/hlogin HTTP/1.1" 200 1722
186.79.172.13 - - [14/Mar/2018:09:10:16 -0300] "GET /cormun/servlet/hhome HTTP/1.1" 200 4230
200.72.197.82 - - [14/Mar/2018:09:10:23 -0300] "POST /cormun/servlet/hlogin?8730633bcc90c29627dc8dc3b84e7f11,gx-no-cache=1521029371716 HTTP/1.1" 200 90
200.72.197.82 - - [14/Mar/2018:09:10:26 -0300] "GET /cormun/servlet/hpexe_link HTTP/1.1" 200 951
186.67.203.186 - - [14/Mar/2018:09:10:26 -0300] "GET /cormun/static/gxcfg.js?20177612121792 HTTP/1.1" 200 953
190.151.100.218 - - [14/Mar/2018:09:10:26 -0300] "GET /cormun/static/hpexe_link.js?20177612121795 HTTP/1.1" 200 625
200.72.197.82 - - [14/Mar/2018:09:10:26 -0300] "GET /cormun/static/Resources/Spanish/PXTools.css?1155365 HTTP/1.1" 200 89042
200.72.197.82 - - [14/Mar/2018:09:10:31 -0300] "GET /cormun/servlet/hhome HTTP/1.1" 200 4203
190.151.100.218 - - [14/Mar/2018:09:10:31 -0300] "GET /cormun/static/SmoothNavMenu/resources/ddsmoothmenu.css?1012540 HTTP/1.1" 200 2223
200.72.197.82 - - [14/Mar/2018:09:10:31 -0300] "GET /cormun/static/Shared/jqueryui/jquery-ui.min.css?1245370 HTTP/1.1" 200 30288
200.111.122.170 - - [14/Mar/2018:09:10:31 -0300] "GET /cormun/static/gxcfg.js?20175251212442 HTTP/1.1" 200 953
200.111.122.170 - - [14/Mar/2018:09:10:31 -0300] "GET /cormun/static/PXToolsJavascripts/pexe_cookies.js HTTP/1.1" 200 792
190.151.100.218 - - [14/Mar/2018:09:10:31 -0300] "GET /cormun/static/PXToolsJavascripts/pexe_autoreload.js HTTP/1.1" 200 1762
190.151.100.218 - - [14/Mar/2018:09:10:31 -0300] "GET /cormun/static/scaMessage/css/jquery.pnotify.default.css?1716380 HTTP/1.1" 200 1707
200.111.122.170 - - [14/Mar/2018:09:10:31 -0300] "GET /cormun/static/PXToolsJavascripts/pexe_griddivfix.js HTTP/1.1" 200 6644
190.151.100.218 - - [14/Mar/2018:09:10:31 -0300] "GET /cormun/static/PXToolsJavascripts/pexe_grid.js HTTP/1.1" 200 7559
190.151.100.218 - - [14/Mar/2018:09:10:31 -0300] "GET /cormun/static/PXToolsJavascripts/pexe_link.js HTTP/1.1" 200 5671
200.72.197.82 - - [14/Mar/2018:09:10:31 -0300] "GET /cormun/static/PXToolsJavascripts/pexe_menudivfix.js HTTP/1.1" 200 333
186.67.203.186 - - [14/Mar/2018:09:10:31 -0300] "GET /cormun/static/SmoothNavMenu/resources/ddsmoothmenu-v.css?1012540 HTTP/1.1" 200 1188
190.151.100.218 - - [14/Mar/2018:09:10:31 -0300] "GET /cormun/static/PXToolsJavascripts/pexe_layers.js HTTP/1.1" 200 4114
190.151.100.218 - - [14/Mar/2018:09:10:31 -0300] "GET /cormun/static/PXToolsJavascripts/pexe_oav.js HTTP/1.1" 200 645
200.72.197.82 - - [14/Mar/2018:09:10:31 -0300] "GET /cormun/static/PXToolsJavascripts/pexe_oavdivfix.js HTTP/1.1" 200 639
186.67.203.186 - - [14/Mar/2018:09:10:31 -0300] "GET /cormun/static/PXToolsJavascripts/pexe_popup.js HTTP/1.1" 200 13458
190.151.100.218 - - [14/Mar/2018:09:10:31 -0300] "GET /cormun/static/PXToolsJavascripts/pexe_scrolldiv.js HTTP/1.1" 200 4138
200.72.197.82 - - [14/Mar/2018:09:10:31 -0300] "GET /cormun/static/PXToolsJavascripts/pexe_tabdivfix.js HTTP/1.1" 200 876
200.111.122.170 - - [14/Mar/2018:09:10:31 -0300] "GET /cormun/static/PXToolsJavascripts/pexe_windows.js HTTP/1.1" 200 15207
200.111.122.170 - - [14/Mar/2018:09:10:31 -0300] "GET /cormun/static/PXToolsJavascripts/pexe_menus.js HTTP/1.1" 200 1286
200.111.122.170 - - [14/Mar/2018:09:10:31 -0300] "GET /cormun/static/PXToolsJavascripts/PXToolsJavascriptsRender.js HTTP/1.1" 200 367
190.151.100.218 - - [14/Mar/2018:09:10:31 -0300] "GET /cormun/static/PXToolsJavascripts/pexe_picture.js HTTP/1.1" 200 689
190.151.100.218 - - [14/Mar/2018:09:10:32 -0300] "GET /cormun/static/PXToolsJavascripts/pexe_tabs.js HTTP/1.1" 200 3748
200.72.197.82 - - [14/Mar/2018:09:10:32 -0300] "GET /cormun/static/PXToolsJavascripts/pexe_upload.js HTTP/1.1" 200 1423
200.111.122.170 - - [14/Mar/2018:09:10:32 -0300] "GET /cormun/static/hwchdr01.js?201752511465785 HTTP/1.1" 200 1183
200.111.122.170 - - [14/Mar/2018:09:10:32 -0300] "GET /cormun/static/hhome.js?20175251212450 HTTP/1.1" 200 777
190.151.100.218 - - [14/Mar/2018:09:10:32 -0300] "GET /cormun/static/Shared/ext/locale/ext-lang-en.js HTTP/1.1" 200 10940
200.111.122.170 - - [14/Mar/2018:09:10:32 -0300] "GET /cormun/static/Resources/PXToolsHeaderBackground2.png HTTP/1.1" 200 1174
200.111.122.170 - - [14/Mar/2018:09:10:32 -0300] "GET /cormun/static/Resources/PXToolsHeaderActionsBackground.png HTTP/1.1" 200 484
200.111.122.170 - - [14/Mar/2018:09:10:32 -0300] "GET /cormun/static/Resources/logo4.png HTTP/1.1" 200 6582
190.151.100.218 - - [14/Mar/2018:09:10:32 -0300] "GET /cormun/static/Resources/PXToolsHeaderLogin.png HTTP/1.1" 200 4279
200.111.122.170 - - [14/Mar/2018:09:10:32 -0300] "GET /cormun/static/Resources/PXToolsHeaderSecurity.png HTTP/1.1" 200 4166
200.111.122.170 - - [14/Mar/2018:09:10:32 -0300] "GET /cormun/static/Resources/PXToolsHeaderHome.png HTTP/1.1" 200 4147
200.111.122.170 - - [14/Mar/2018:09:10:32 -0300] "GET /cormun/static/Resources/PXToolsHeaderPreferences.png HTTP/1.1" 200 4189
200.111.122.170 - - [14/Mar/2018:09:10:32 -0300] "GET /cormun/static/Resources/PXToolsHeaderActionsLeft.png HTTP/1.1" 200 1118
200.111.122.170 - - [14/Mar/2018:09:10:32 -0300] "GET /cormun/static/Resources/PXToolsHeaderActionsRight.png HTTP/1.1" 200 1201
200.72.197.82 - - [14/Mar/2018:09:10:32 -0300] "GET /cormun/static/RunJS/RunJS.js HTTP/1.1" 200 288
200.111.122.170 - - [14/Mar/2018:09:10:32 -0300] "GET /cormun/static/hpexe_recentlink.js?20177611595044 HTTP/1.1" 200 2144
190.151.100.218 - - [14/Mar/2018:09:10:32 -0300] "GET /cormun/static/Resources/PXToolsFooterBackground2.png HTTP/1.1" 200 1172
186.103.159.182 - - [14/Mar/2018:09:10:34 -0300] "POST /cormun/servlet/trsolicitudot?2100248673f407c798b1f7cb68d5eb85,,gx-no-cache=1521029325702 HTTP/1.1" 200 6836
186.103.159.182 - - [14/Mar/2018:09:10:35 -0300] "GET /cormun/static/Shared/jqueryui/images/ui-bg_highlight-soft_100_c6c2c8_1x100.png HTTP/1.1" 404 1117
186.103.159.182 - - [14/Mar/2018:09:10:35 -0300] "GET /cormun/static/Shared/jqueryui/images/ui-icons_82798d_256x240.png HTTP/1.1" 404 1089
186.103.159.182 - - [14/Mar/2018:09:10:35 -0300] "GET /cormun/static/Shared/jqueryui/images/ui-icons_8d78a5_256x240.png HTTP/1.1" 404 1089
186.103.159.182 - - [14/Mar/2018:09:10:35 -0300] "GET /cormun/static/Shared/jqueryui/images/ui-bg_flat_55_fafafa_40x100.png HTTP/1.1" 404 1097
200.72.197.82 - - [14/Mar/2018:09:10:36 -0300] "GET /cormun/static/hpexe_scripts.js?201752511465715 HTTP/1.1" 200 1544
200.72.197.82 - - [14/Mar/2018:09:10:36 -0300] "GET /cormun/static/hpexe_messagecontroller.js?20177611595012 HTTP/1.1" 200 870
200.111.122.170 - - [14/Mar/2018:09:10:36 -0300] "GET /cormun/static/hpexe_messagegenexuscomponent.js?201752511465344 HTTP/1.1" 200 587
200.111.122.170 - - [14/Mar/2018:09:10:36 -0300] "GET /cormun/static/cmcontrolpreferences.js?201752511465670 HTTP/1.1" 200 1375
200.72.197.82 - - [14/Mar/2018:09:10:37 -0300] "GET /cormun/static/hpexe_messagepopupcomponent.js?20161017169425 HTTP/1.1" 200 605
186.103.159.182 - - [14/Mar/2018:09:10:37 -0300] "POST /cormun/servlet/trsolicitudot?2100248673f407c798b1f7cb68d5eb85,,gx-no-cache=1521029327238 HTTP/1.1" 200 6778
200.111.122.170 - - [14/Mar/2018:09:10:37 -0300] "GET /cormun/static/Resources/PXToolsDataTitle.png HTTP/1.1" 200 1173
200.111.122.170 - - [14/Mar/2018:09:10:37 -0300] "GET /cormun/static/SmoothNavMenu/resources/ddsmoothmenu.js HTTP/1.1" 200 12712
190.151.100.218 - - [14/Mar/2018:09:10:37 -0300] "GET /cormun/static/Shared/jquery/jquery-1.4.2.min.js HTTP/1.1" 200 72174
190.151.100.218 - - [14/Mar/2018:09:10:37 -0300] "GET /cormun/static/scaMessage/js/jquery.pnotify.min.js HTTP/1.1" 200 13038
200.111.122.170 - - [14/Mar/2018:09:10:37 -0300] "GET /cormun/static/SmoothNavMenu/resources/SmoothNavMenuRender.js HTTP/1.1" 200 5951
200.111.122.170 - - [14/Mar/2018:09:10:37 -0300] "GET /cormun/static/hmpwkw03.js?20177612122668 HTTP/1.1" 200 3965
190.151.100.218 - - [14/Mar/2018:09:10:37 -0300] "GET /cormun/static/scaMessage/scaMessageRender.js HTTP/1.1" 200 11977
200.111.122.170 - - [14/Mar/2018:09:10:38 -0300] "GET /cormun/static/Shared/jquery/jquery-1.10.2.min.js HTTP/1.1" 200 273199
186.103.159.182 - - [14/Mar/2018:09:10:42 -0300] "POST /cormun/servlet/trsolicitudot?2100248673f407c798b1f7cb68d5eb85,,gx-no-cache=1521029333770 HTTP/1.1" 200 6356
200.72.197.82 - - [14/Mar/2018:09:10:43 -0300] "GET /cormun/static/Shared/jqueryui/jquery-ui.min.js HTTP/1.1" 200 240427
186.103.159.182 - - [14/Mar/2018:09:10:43 -0300] "POST /cormun/servlet/trsolicitudot?2100248673f407c798b1f7cb68d5eb85,,gx-no-cache=1521029334864 HTTP/1.1" 200 6297
186.103.159.182 - - [14/Mar/2018:09:10:46 -0300] "POST /cormun/servlet/trsolicitudot?2100248673f407c798b1f7cb68d5eb85,,gx-no-cache=1521029337696 HTTP/1.1" 200 5888
186.103.159.182 - - [14/Mar/2018:09:10:48 -0300] "POST /cormun/servlet/trsolicitudot?2100248673f407c798b1f7cb68d5eb85,,gx-no-cache=1521029339229 HTTP/1.1" 200 5831
186.103.159.182 - - [14/Mar/2018:09:10:53 -0300] "GET /cormun/servlet/trautorizarsolicitud? HTTP/1.1" 200 8741
186.103.159.182 - - [14/Mar/2018:09:10:54 -0300] "GET /cormun/servlet/trautorizarsolicitud? HTTP/1.1" 200 8740
186.67.203.186 - - [14/Mar/2018:09:10:56 -0300] "GET /cormun/static/gxui/gxui-all.js HTTP/1.1" 200 107772
186.103.159.182 - - [14/Mar/2018:09:11:04 -0300] "POST /cormun/servlet/trautorizarsolicitud?2100248673f407c798b1f7cb68d5eb85,,gx-no-cache=1521029356263 HTTP/1.1" 200 6659
186.103.159.182 - - [14/Mar/2018:09:11:11 -0300] "POST /cormun/servlet/trautorizarsolicitud?2100248673f407c798b1f7cb68d5eb85,,gx-no-cache=1521029362120 HTTP/1.1" 200 6328
186.103.159.182 - - [14/Mar/2018:09:11:11 -0300] "GET /cormun/static/Shared/jqueryui/images/ui-icons_82798d_256x240.png HTTP/1.1" 404 1089
186.103.159.182 - - [14/Mar/2018:09:11:11 -0300] "GET /cormun/static/Shared/jqueryui/images/ui-icons_8d78a5_256x240.png HTTP/1.1" 404 1089
186.103.159.182 - - [14/Mar/2018:09:11:11 -0300] "GET /cormun/static/Shared/jqueryui/images/ui-bg_flat_55_fafafa_40x100.png HTTP/1.1" 404 1097
186.103.159.182 - - [14/Mar/2018:09:11:12 -0300] "GET /cormun/static/Shared/jqueryui/images/ui-bg_highlight-soft_100_c6c2c8_1x100.png HTTP/1.1" 404 1117
186.103.159.182 - - [14/Mar/2018:09:11:13 -0300] "POST /cormun/servlet/trautorizarsolicitud?2100248673f407c798b1f7cb68d5eb85,,gx-no-cache=1521029363624 HTTP/1.1" 200 6272
186.103.159.182 - - [14/Mar/2018:09:11:16 -0300] "POST /cormun/servlet/trautorizarsolicitud?2100248673f407c798b1f7cb68d5eb85,,gx-no-cache=1521029367469 HTTP/1.1" 200 5806
186.103.159.182 - - [14/Mar/2018:09:11:19 -0300] "POST /cormun/servlet/trautorizarsolicitud?2100248673f407c798b1f7cb68d5eb85,,gx-no-cache=1521029369067 HTTP/1.1" 200 5751
186.103.159.182 - - [14/Mar/2018:09:11:22 -0300] "POST /cormun/servlet/trautorizarsolicitud?2100248673f407c798b1f7cb68d5eb85,,gx-no-cache=1521029372746 HTTP/1.1" 200 4606
186.103.159.182 - - [14/Mar/2018:09:11:24 -0300] "POST /cormun/servlet/trautorizarsolicitud?2100248673f407c798b1f7cb68d5eb85,,gx-no-cache=1521029375098 HTTP/1.1" 200 4378
186.103.159.182 - - [14/Mar/2018:09:11:30 -0300] "GET /cormun/servlet/trsolicitudot? HTTP/1.1" 200 8850
186.103.159.182 - - [14/Mar/2018:09:11:32 -0300] "GET /cormun/servlet/trsolicitudot? HTTP/1.1" 200 8849
186.103.132.155 - - [14/Mar/2018:09:11:34 -0300] "POST /cormun/servlet/solicitudot?76036e32b845ef2ad370725cbe7f1740,UPD,2018,9991,,gx-no-cache=1521029430985 HTTP/1.1" 200 93
186.103.132.155 - - [14/Mar/2018:09:11:34 -0300] "GET /cormun/servlet/hpexe_return? HTTP/1.1" 200 1017
186.103.132.155 - - [14/Mar/2018:09:11:34 -0300] "GET /cormun/static/gxcfg.js?2016101716175148 HTTP/1.1" 304 -
186.103.132.155 - - [14/Mar/2018:09:11:34 -0300] "GET /cormun/servlet/trsolicitudot HTTP/1.1" 200 8808
186.103.132.155 - - [14/Mar/2018:09:11:35 -0300] "GET /cormun/servlet/trsolicitudot HTTP/1.1" 200 8804
186.103.159.182 - - [14/Mar/2018:09:11:36 -0300] "GET /cormun/servlet/solicitudot?INS,0,0, HTTP/1.1" 200 13694
186.103.159.182 - - [14/Mar/2018:09:11:37 -0300] "GET /cormun/servlet/solicitudot?INS,0,0, HTTP/1.1" 200 13699
186.103.132.155 - - [14/Mar/2018:09:11:42 -0300] "GET /cormun/servlet/solicitudot?INS,0,0, HTTP/1.1" 200 13659
186.103.132.155 - - [14/Mar/2018:09:11:43 -0300] "GET /cormun/servlet/solicitudot?INS,0,0, HTTP/1.1" 200 13664
186.103.159.182 - - [14/Mar/2018:09:11:56 -0300] "POST /cormun/servlet/solicitudot?gx-no-cache=1521029406479 HTTP/1.1" 200 3407
186.103.159.182 - - [14/Mar/2018:09:11:57 -0300] "POST /cormun/servlet/solicitudot?2100248673f407c798b1f7cb68d5eb85,INS,0,0,,gx-no-cache=1521029408520 HTTP/1.1" 200 10575
186.103.159.182 - - [14/Mar/2018:09:11:58 -0300] "GET /cormun/servlet/solicitudot?312f8847e08c804ae239eefcc67a49bfd1eb1432ebac127f9ab8bc57fac91cf3ff431e885a3f16dd87e6a5d8b1d38eda,gx-no-cache=1521029410254 HTTP/1.1" 200 30
186.103.159.182 - - [14/Mar/2018:09:12:04 -0300] "GET /cormun/servlet/solicitudot?312f8847e08c804ae239eefcc67a49bf3d69065d125e8195b4545d3aeae81015c3d718bc9614f59213c3b4ebd5083b43847c43aee4f00ac0b0e179e370093f22,gx-no-cache=1521029416190 HTTP/1.1" 200 30
186.103.159.182 - - [14/Mar/2018:09:12:04 -0300] "GET /cormun/servlet/solicitudot?312f8847e08c804ae239eefcc67a49bf908af25c2a6feb24bcb3cdeedfc6d41b,gx-no-cache=1521029416687 HTTP/1.1" 200 53
186.103.159.182 - - [14/Mar/2018:09:12:05 -0300] "POST /cormun/servlet/solicitudot?gx-no-cache=1521029416806 HTTP/1.1" 200 255
186.103.159.182 - - [14/Mar/2018:09:12:05 -0300] "GET /cormun/servlet/solicitudot?312f8847e08c804ae239eefcc67a49bfda425825764e4da71d45f4c9b383f3b4f5a67ec37a972a0fee5853840226ad53adeeca714bc3bd8cae36c69fa26a07a361b4e9368cf57bc631acdb30c53919113cb170302f376182d2421bac19c28463a0c658fa7084f26a5a19a551acd2e52cd99cac7066458f9a6b91444ad83ac4303ae2ed926deeb4544f80004859fafd2807179a58c260868d9215881fdf5163faab446c54c3a2ac4cf25455bebe988020c5c903d85dff0a20a1d02c5d42388e1b6241b07b64becaf052996d8f45d32e64758412139f2b3e8385d02e640ce21e424ef27f25184232703f853f3383a01ab3bc8973d84c9cb812e2aebf74d09c40fcb5bad1bdfa3539798b9e7b4171a96397c4ce77bb13bf7ec528391e9dc1e3720e51738f91d854ab3aa6b2dc74fadd21d79e08f6bcad4ba01c9c3ff0f4598803138bdae37bdd74986d49c3c929455fe03651c036daf5c812c6d03cc2cff6cfabac55683206c8cc569e20eafa1eb84c553c29d8fd55a3ade2015e8ae088cdec0566,gx-no-cache=1521029417335 HTTP/1.1" 200 30
186.103.159.182 - - [14/Mar/2018:09:12:08 -0300] "POST /cormun/servlet/solicitudot?gx-no-cache=1521029420256 HTTP/1.1" 200 30
190.151.100.218 - - [14/Mar/2018:09:12:09 -0300] "POST /cormun/servlet/solicitudot?gx-no-cache=1521029475594 HTTP/1.1" 200 3284
190.151.100.218 - - [14/Mar/2018:09:12:11 -0300] "POST /cormun/servlet/solicitudot?76036e32b845ef2ad370725cbe7f1740,INS,0,0,,gx-no-cache=1521029477252 HTTP/1.1" 200 10440
190.151.100.218 - - [14/Mar/2018:09:12:18 -0300] "GET /cormun/servlet/solicitudot?a3ddbc388bd2485ba6e88ab41593c8126282e586bdf7e8f63720bbde28d6326badc9cfaa4b86426d9a216dc39360ebc0,gx-no-cache=1521029486040 HTTP/1.1" 200 30
186.79.172.13 - - [14/Mar/2018:09:12:29 -0300] "GET /cormun/servlet/trautorizarsolicitud? HTTP/1.1" 200 7345
186.79.172.13 - - [14/Mar/2018:09:12:31 -0300] "GET /cormun/servlet/trautorizarsolicitud? HTTP/1.1" 200 7344
186.103.159.182 - - [14/Mar/2018:09:12:37 -0300] "POST /cormun/servlet/solicitudot?gx-no-cache=1521029448748 HTTP/1.1" 200 1337
186.103.159.182 - - [14/Mar/2018:09:12:37 -0300] "POST /cormun/servlet/solicitudot?gx-no-cache=1521029449159 HTTP/1.1" 200 38
186.103.157.39 - - [14/Mar/2018:09:12:37 -0300] "GET /cormun/servlet/hlogin HTTP/1.1" 200 1716
186.103.157.39 - - [14/Mar/2018:09:12:37 -0300] "GET /cormun/static/gxcfg.js?20175251213516 HTTP/1.1" 304 -
186.103.157.39 - - [14/Mar/2018:09:12:37 -0300] "GET /cormun/static/gxtimezone.js?85251 HTTP/1.1" 304 -
186.103.157.39 - - [14/Mar/2018:09:12:38 -0300] "GET /cormun/static/messages.spa.js?85251 HTTP/1.1" 304 -
186.103.157.39 - - [14/Mar/2018:09:12:38 -0300] "GET /cormun/servlet/hlogin HTTP/1.1" 200 1726
186.79.172.13 - - [14/Mar/2018:09:12:48 -0300] "GET /cormun/servlet/trcontratosolicitud? HTTP/1.1" 200 14758
186.103.157.39 - - [14/Mar/2018:09:12:49 -0300] "POST /cormun/servlet/hlogin?82ee4bb63a19270279df33dd2cf0d134,gx-no-cache=1521029518476 HTTP/1.1" 200 90
186.103.157.39 - - [14/Mar/2018:09:12:52 -0300] "GET /cormun/servlet/hpexe_link HTTP/1.1" 200 947
186.79.172.13 - - [14/Mar/2018:09:12:52 -0300] "GET /cormun/servlet/trcontratosolicitud? HTTP/1.1" 200 14759
186.103.157.39 - - [14/Mar/2018:09:12:52 -0300] "GET /cormun/static/gxcfg.js?20177612121792 HTTP/1.1" 304 -
186.103.157.39 - - [14/Mar/2018:09:12:52 -0300] "GET /cormun/servlet/hhome HTTP/1.1" 200 3936
186.103.157.39 - - [14/Mar/2018:09:12:52 -0300] "GET /cormun/static/gxcfg.js?20175251212442 HTTP/1.1" 304 -
186.103.157.39 - - [14/Mar/2018:09:12:52 -0300] "GET /cormun/static/PXToolsJavascripts/pexe_menudivfix.js HTTP/1.1" 200 333
186.103.157.39 - - [14/Mar/2018:09:12:52 -0300] "GET /cormun/static/PXToolsJavascripts/PXToolsJavascriptsRender.js HTTP/1.1" 200 367
186.103.157.39 - - [14/Mar/2018:09:12:53 -0300] "GET /cormun/servlet/hhome HTTP/1.1" 200 3933
186.103.157.39 - - [14/Mar/2018:09:12:57 -0300] "GET /cormun/servlet/trsolicitudot? HTTP/1.1" 200 7149
186.103.157.39 - - [14/Mar/2018:09:12:57 -0300] "GET /cormun/static/gxcfg.js?2017111422585916 HTTP/1.1" 304 -
186.103.157.39 - - [14/Mar/2018:09:12:57 -0300] "GET /cormun/static/calendar.js?85251 HTTP/1.1" 304 -
186.103.157.39 - - [14/Mar/2018:09:12:57 -0300] "GET /cormun/static/calendar-setup.js?85251 HTTP/1.1" 304 -
186.103.157.39 - - [14/Mar/2018:09:12:57 -0300] "GET /cormun/static/gxdec.js?85251 HTTP/1.1" 304 -
186.103.157.39 - - [14/Mar/2018:09:12:57 -0300] "GET /cormun/static/calendar-es.js?85251 HTTP/1.1" 304 -
186.103.157.39 - - [14/Mar/2018:09:12:58 -0300] "GET /cormun/servlet/trsolicitudot? HTTP/1.1" 200 7148
186.103.159.182 - - [14/Mar/2018:09:13:08 -0300] "GET /cormun/servlet/solicitudot?312f8847e08c804ae239eefcc67a49bff841fb920b9093091742c9c4919edb115dca28bc0196e57a434f0d65a8e9f4480ad5d0060f5b232b78f95bb3da99c6486dcace85c9cf2db349f7d1978406f08d6ce04aaf3168f692f290f189ec0be3a9a1ed40ea3589d9d8bf9554cc749e380f871e53302dcacdfe1a02833fcea524984ea297a3db8556fcb241d1d0c0f8466f317dc73cc99262cf07fc22e90b03f831,gx-no-cache=1521029480594 HTTP/1.1" 200 29
186.103.159.182 - - [14/Mar/2018:09:13:08 -0300] "POST /cormun/servlet/solicitudot?gx-no-cache=1521029480788 HTTP/1.1" 200 1318
186.103.159.182 - - [14/Mar/2018:09:13:09 -0300] "POST /cormun/servlet/solicitudot?gx-no-cache=1521029481010 HTTP/1.1" 200 1218
186.103.159.182 - - [14/Mar/2018:09:13:09 -0300] "GET /cormun/static/menuarrow.gif HTTP/1.1" 404 1015
186.103.159.182 - - [14/Mar/2018:09:13:13 -0300] "POST /cormun/servlet/solicitudot?gx-no-cache=1521029484654 HTTP/1.1" 200 1318
186.103.159.182 - - [14/Mar/2018:09:13:13 -0300] "POST /cormun/servlet/solicitudot?gx-no-cache=1521029485346 HTTP/1.1" 200 1218
186.103.159.182 - - [14/Mar/2018:09:13:15 -0300] "GET /cormun/servlet/solicitudot?312f8847e08c804ae239eefcc67a49bf6b4ef00bae547b766817b604e98c19b139f1919b6d29e667fdd16adac7794b85,gx-no-cache=1521029487585 HTTP/1.1" 200 30
186.103.157.39 - - [14/Mar/2018:09:13:20 -0300] "GET /cormun/servlet/solicitudot?INS,0,0, HTTP/1.1" 200 13376
186.103.157.39 - - [14/Mar/2018:09:13:20 -0300] "GET /cormun/static/solicitudot.js?201812313224831 HTTP/1.1" 304 -
186.103.157.39 - - [14/Mar/2018:09:13:21 -0300] "GET /cormun/static/gxcfg.js?201812313224582 HTTP/1.1" 304 -
186.103.159.182 - - [14/Mar/2018:09:13:22 -0300] "POST /cormun/servlet/solicitudot?gx-no-cache=1521029494433 HTTP/1.1" 200 30
186.67.203.186 - - [14/Mar/2018:09:13:25 -0300] "GET /cormun/servlet/hlogin HTTP/1.1" 200 1722
186.103.157.39 - - [14/Mar/2018:09:13:29 -0300] "GET /cormun/servlet/solicitudot?INS,0,0, HTTP/1.1" 200 13381
186.103.159.182 - - [14/Mar/2018:09:13:42 -0300] "POST /cormun/servlet/solicitudot?2100248673f407c798b1f7cb68d5eb85,INS,0,0,,gx-no-cache=1521029513542 HTTP/1.1" 200 93
186.103.159.182 - - [14/Mar/2018:09:13:43 -0300] "GET /cormun/servlet/hpexe_return? HTTP/1.1" 200 1008
186.103.159.182 - - [14/Mar/2018:09:13:43 -0300] "GET /cormun/servlet/trsolicitudot HTTP/1.1" 200 9267
186.67.203.186 - - [14/Mar/2018:09:13:43 -0300] "POST /cormun/servlet/hlogin?8730633bcc90c29627dc8dc3b84e7f11,gx-no-cache=1521029567968 HTTP/1.1" 200 90
186.67.203.186 - - [14/Mar/2018:09:13:43 -0300] "GET /cormun/servlet/hpexe_link HTTP/1.1" 200 951
186.67.203.186 - - [14/Mar/2018:09:13:44 -0300] "GET /cormun/servlet/hhome HTTP/1.1" 200 4203
186.67.203.186 - - [14/Mar/2018:09:13:44 -0300] "GET /cormun/static/Shared/ext/ext-all.js HTTP/1.1" 206 1
186.103.157.39 - - [14/Mar/2018:09:13:44 -0300] "POST /cormun/servlet/solicitudot?gx-no-cache=1521029572724 HTTP/1.1" 200 3284
186.103.159.182 - - [14/Mar/2018:09:13:45 -0300] "GET /cormun/servlet/trsolicitudot HTTP/1.1" 200 9263
186.103.157.39 - - [14/Mar/2018:09:13:53 -0300] "POST /cormun/servlet/solicitudot?82ee4bb63a19270279df33dd2cf0d134,INS,0,0,,gx-no-cache=1521029574829 HTTP/1.1" 200 10248
186.103.157.39 - - [14/Mar/2018:09:13:58 -0300] "GET /cormun/servlet/solicitudot?5590f7b1222bd558aeded977079ee5aa071b2bede62c82a4aa8fb2f27f97607cd9796289cd119315bc485eadc99aafdb,gx-no-cache=1521029588394 HTTP/1.1" 200 30
186.103.159.182 - - [14/Mar/2018:09:14:16 -0300] "POST /cormun/servlet/trsolicitudot?2100248673f407c798b1f7cb68d5eb85,gx-no-cache=1521029547895 HTTP/1.1" 200 5886
186.103.159.182 - - [14/Mar/2018:09:14:17 -0300] "GET /cormun/static/Shared/jqueryui/images/ui-bg_highlight-soft_100_c6c2c8_1x100.png HTTP/1.1" 404 1117
186.103.159.182 - - [14/Mar/2018:09:14:17 -0300] "GET /cormun/static/Shared/jqueryui/images/ui-icons_82798d_256x240.png HTTP/1.1" 404 1089
186.103.159.182 - - [14/Mar/2018:09:14:17 -0300] "GET /cormun/static/Shared/jqueryui/images/ui-bg_flat_55_fafafa_40x100.png HTTP/1.1" 404 1097
186.103.159.182 - - [14/Mar/2018:09:14:17 -0300] "GET /cormun/static/Shared/jqueryui/images/ui-icons_8d78a5_256x240.png HTTP/1.1" 404 1089
186.103.159.182 - - [14/Mar/2018:09:14:18 -0300] "POST /cormun/servlet/trsolicitudot?2100248673f407c798b1f7cb68d5eb85,gx-no-cache=1521029549135 HTTP/1.1" 200 5828
186.103.159.182 - - [14/Mar/2018:09:14:24 -0300] "GET /cormun/servlet/trautorizarsolicitud? HTTP/1.1" 200 8738
186.103.159.182 - - [14/Mar/2018:09:14:25 -0300] "GET /cormun/servlet/trautorizarsolicitud? HTTP/1.1" 200 8737
186.103.159.182 - - [14/Mar/2018:09:14:58 -0300] "POST /cormun/servlet/trautorizarsolicitud?2100248673f407c798b1f7cb68d5eb85,,gx-no-cache=1521029589713 HTTP/1.1" 200 4613
186.103.159.182 - - [14/Mar/2018:09:14:58 -0300] "GET /cormun/static/Shared/jqueryui/images/ui-bg_highlight-soft_100_c6c2c8_1x100.png HTTP/1.1" 404 1117
186.103.159.182 - - [14/Mar/2018:09:14:59 -0300] "GET /cormun/static/Shared/jqueryui/images/ui-icons_82798d_256x240.png HTTP/1.1" 404 1089
186.103.159.182 - - [14/Mar/2018:09:14:59 -0300] "GET /cormun/static/Shared/jqueryui/images/ui-bg_flat_55_fafafa_40x100.png HTTP/1.1" 404 1097
186.103.159.182 - - [14/Mar/2018:09:14:59 -0300] "GET /cormun/static/Shared/jqueryui/images/ui-icons_8d78a5_256x240.png HTTP/1.1" 404 1089
186.103.159.182 - - [14/Mar/2018:09:14:59 -0300] "POST /cormun/servlet/trautorizarsolicitud?2100248673f407c798b1f7cb68d5eb85,,gx-no-cache=1521029591017 HTTP/1.1" 200 4376
186.103.161.206 - - [14/Mar/2018:09:15:24 -0300] "GET /cormun/servlet/solicitudot?a3ddbc388bd2485ba6e88ab41593c8121cc30373dec22f5aee5fbd98e43cc180bbfcc3f68084b012e3713067c15c149118ad10d6c87ae5bf0782f758efdd2b35,gx-no-cache=1521029672132 HTTP/1.1" 200 30
186.103.161.206 - - [14/Mar/2018:09:15:24 -0300] "GET /cormun/servlet/solicitudot?a3ddbc388bd2485ba6e88ab41593c812727232072ce39127a5177fe5d8b21e1f,gx-no-cache=1521029672300 HTTP/1.1" 200 29
186.103.161.206 - - [14/Mar/2018:09:15:29 -0300] "POST /cormun/servlet/solicitudot?gx-no-cache=1521029677603 HTTP/1.1" 200 297
186.103.161.206 - - [14/Mar/2018:09:15:34 -0300] "GET /cormun/servlet/solicitudot?a3ddbc388bd2485ba6e88ab41593c812ffed08077f45220a7cc3f8cddbed6db77b3140c8672cfcccc4c277d4d2dd123cbb1165923a95a3a740a49f8cef5e60d2c33358b7dfbabc971a8ed28bd8680f58975785f96ebc78c8b8610133231122af9e8251e79be62e86824c69ed068e0656c0db664c2c600f11fa4efa722b818b1633acf506e59a32187f3356cd47c68b8e90c576aaa40c8f76869d77ef97785ea9f82e3a92894286d82cd9aa85012e13040b1d37be72cc1e97cfcc1d4ddd44563c4cc6606f7e2bf5ecceb4953bc0bf8bea5c9383442a6a16a6083b955f4f4e9c971e86b8f0dd218929a33a283c3acb521cd0a275baf6d67d876558f97882fefde93e15ed7e2be52f28bac94ac11e076c9cafb427da5b0c503ce7406a21020dc73ecd5ab20ae3a6fdb0e68bd4c512cea5c7216cc872e4501cd315ba3794be705088ca7003ba5b6a982d3af64d259fd34d62aec40cbe0f2a311496e71a7c5e9cdefc9b7ef23b9744aa9b801cfd823fefde9f1205914d24fe6d998ffcac8abeec205e066f5c32fafed8b0232ec2fb86e40b2e,gx-no-cache=1521029682518 HTTP/1.1" 200 30
186.103.161.206 - - [14/Mar/2018:09:15:36 -0300] "POST /cormun/servlet/solicitudot?gx-no-cache=1521029684921 HTTP/1.1" 200 30
186.103.161.206 - - [14/Mar/2018:09:15:40 -0300] "POST /cormun/servlet/solicitudot?gx-no-cache=1521029688133 HTTP/1.1" 200 1333
186.103.161.206 - - [14/Mar/2018:09:15:44 -0300] "POST /cormun/servlet/solicitudot?gx-no-cache=1521029688348 HTTP/1.1" 200 38
186.67.203.186 - - [14/Mar/2018:09:16:31 -0300] "GET /cormun/static/Shared/ext/ext-all.js HTTP/1.1" 206 1197534
186.67.203.186 - - [14/Mar/2018:09:16:44 -0300] "GET /cormun/servlet/hhome HTTP/1.1" 200 4199
186.67.203.186 - - [14/Mar/2018:09:16:44 -0300] "GET /cormun/static/SmoothNavMenu/resources/images/down.gif HTTP/1.1" 200 854
186.67.203.186 - - [14/Mar/2018:09:16:44 -0300] "GET /cormun/static/SmoothNavMenu/resources/images/right.gif HTTP/1.1" 200 860
186.103.132.155 - - [14/Mar/2018:09:16:52 -0300] "GET /cormun/servlet/solicitudot?a3ddbc388bd2485ba6e88ab41593c8125d8e806f67fb5f7b9b364236a7e1c3c4fdc955b061e37b6fb5e9e7f0ced35cc8448bdabf848789db181732eb9b2e2c534f743859916c083a2d700a275e948ee83e472948707e962da3fda4ea9cc5b8a7f22786b546b576bfa24778f6d1f796a4,gx-no-cache=1521029760108 HTTP/1.1" 200 29
186.103.132.155 - - [14/Mar/2018:09:16:52 -0300] "POST /cormun/servlet/solicitudot?gx-no-cache=1521029760289 HTTP/1.1" 200 1317
186.103.132.155 - - [14/Mar/2018:09:16:52 -0300] "POST /cormun/servlet/solicitudot?gx-no-cache=1521029760466 HTTP/1.1" 200 1215
186.103.132.155 - - [14/Mar/2018:09:17:03 -0300] "GET /cormun/servlet/solicitudot?a3ddbc388bd2485ba6e88ab41593c812eeff9f77038be09d0c295152e9f71890,gx-no-cache=1521029770495 HTTP/1.1" 200 30
186.103.132.155 - - [14/Mar/2018:09:17:03 -0300] "POST /cormun/servlet/solicitudot?gx-no-cache=1521029771491 HTTP/1.1" 200 30
192.168.10.61 - - [14/Mar/2018:09:17:20 -0300] "POST /cormun/servlet/trsolicitudgral?ee487a2fd6dedfcd04846afe210027d1,,gx-no-cache=1521029676138 HTTP/1.1" 200 5851
200.72.197.82 - - [14/Mar/2018:09:17:24 -0300] "GET /cormun/servlet/trlicencias? HTTP/1.1" 200 8593
186.103.161.206 - - [14/Mar/2018:09:17:24 -0300] "GET /cormun/static/gxui/gxui-all.css?110300 HTTP/1.1" 200 2179
200.111.122.170 - - [14/Mar/2018:09:17:24 -0300] "GET /cormun/static/calendar-system.css?75620 HTTP/1.1" 200 5572
186.103.161.206 - - [14/Mar/2018:09:17:24 -0300] "GET /cormun/static/gxcfg.js?20176272054169 HTTP/1.1" 200 953
186.103.161.206 - - [14/Mar/2018:09:17:24 -0300] "GET /cormun/static/calendar-setup.js?85251 HTTP/1.1" 200 2588
200.111.122.170 - - [14/Mar/2018:09:17:24 -0300] "GET /cormun/static/calendar.js?85251 HTTP/1.1" 200 26246
186.103.132.155 - - [14/Mar/2018:09:17:24 -0300] "GET /cormun/static/Resources/Spanish/PXTools.css?17315867 HTTP/1.1" 200 89042
186.103.161.206 - - [14/Mar/2018:09:17:24 -0300] "GET /cormun/static/calendar-es.js?85251 HTTP/1.1" 200 1901
186.103.132.155 - - [14/Mar/2018:09:17:24 -0300] "GET /cormun/static/gxdec.js?85251 HTTP/1.1" 200 19579
186.103.132.155 - - [14/Mar/2018:09:17:25 -0300] "GET /cormun/static/trlicencias.js?20176272054837 HTTP/1.1" 200 41883
186.103.132.155 - - [14/Mar/2018:09:17:25 -0300] "GET /cormun/static/Resources/PXTools/calendar.png HTTP/1.1" 200 1306
192.168.10.61 - - [14/Mar/2018:09:17:25 -0300] "POST /cormun/servlet/trsolicitudgral?ee487a2fd6dedfcd04846afe210027d1,,gx-no-cache=1521029681394 HTTP/1.1" 200 5852
186.103.132.155 - - [14/Mar/2018:09:17:25 -0300] "GET /cormun/static/Resources/PXToolsDataSearch.png HTTP/1.1" 200 419
200.72.197.82 - - [14/Mar/2018:09:17:25 -0300] "GET /cormun/static/Shared/ext/resources/css/ext-all.css?205870 HTTP/1.1" 200 416045
186.103.132.155 - - [14/Mar/2018:09:17:25 -0300] "GET /cormun/static/Resources/PXToolsGridFirstDisabled.gif HTTP/1.1" 200 100
186.103.132.155 - - [14/Mar/2018:09:17:25 -0300] "GET /cormun/static/Resources/PXToolsGridPreviousDisabled.gif HTTP/1.1" 200 90
186.103.132.155 - - [14/Mar/2018:09:17:25 -0300] "GET /cormun/static/Resources/PXToolsGridNextDisabled.gif HTTP/1.1" 200 90
186.103.132.155 - - [14/Mar/2018:09:17:26 -0300] "GET /cormun/static/Resources/PXToolsGridLastDisabled.gif HTTP/1.1" 200 98
186.103.132.155 - - [14/Mar/2018:09:17:26 -0300] "GET /cormun/static/Resources/PXToolsGridPage.gif HTTP/1.1" 200 725
186.103.132.155 - - [14/Mar/2018:09:17:26 -0300] "GET /cormun/static/Resources/PXToolsActionExcel.png HTTP/1.1" 200 3187
186.103.132.155 - - [14/Mar/2018:09:17:26 -0300] "GET /cormun/static/Resources/PXToolsGridNew.png HTTP/1.1" 200 2949
200.111.122.170 - - [14/Mar/2018:09:17:30 -0300] "GET /cormun//static/Resources/PXToolsActionDisabled.gif HTTP/1.1" 200 53
186.103.161.206 - - [14/Mar/2018:09:17:30 -0300] "GET /cormun/static/Resources/desc.gif HTTP/1.1" 200 65
186.103.132.155 - - [14/Mar/2018:09:17:30 -0300] "GET /cormun/servlet/trlicencias? HTTP/1.1" 200 8591
200.111.122.170 - - [14/Mar/2018:09:17:30 -0300] "GET /cormun//static/Resources/PXToolsActionPrint.png HTTP/1.1" 200 3317
