192.168.10.89 - - [14/Mar/2018:08:40:03 -0300] "GET /cormun/servlet/vesolicitudot?2018,9820,, HTTP/1.1" 200 8600
192.168.10.89 - - [14/Mar/2018:08:40:03 -0300] "GET /cormun/static/gxcfg.js?2017111422591385 HTTP/1.1" 200 953
192.168.10.89 - - [14/Mar/2018:08:40:03 -0300] "GET /cormun/pexe_scrolldiv.js HTTP/1.1" 404 1009
192.168.10.89 - - [14/Mar/2018:08:40:03 -0300] "GET /cormun/static/vesolicitudot.js?2017111422591449 HTTP/1.1" 200 6091
192.168.10.89 - - [14/Mar/2018:08:40:03 -0300] "GET /cormun/static/hpexe_tabsview.js?201610171694228 HTTP/1.1" 304 -
192.168.10.89 - - [14/Mar/2018:08:40:03 -0300] "GET /cormun/static/tbsolicitudot01.js?2017111422581186 HTTP/1.1" 200 30566
192.168.10.89 - - [14/Mar/2018:08:40:03 -0300] "GET /cormun/static/hwcviewtabs.js?20177611594913 HTTP/1.1" 304 -
186.103.159.182 - - [14/Mar/2018:08:40:04 -0300] "GET /cormun/servlet/trsolicitudot? HTTP/1.1" 200 9482
192.168.10.89 - - [14/Mar/2018:08:40:07 -0300] "GET /cormun/servlet/vesolicitudot?2018,9820,,SolicitudOTLog HTTP/1.1" 200 9744
192.168.10.89 - - [14/Mar/2018:08:40:07 -0300] "GET /cormun/pexe_scrolldiv.js HTTP/1.1" 404 1009
192.168.10.89 - - [14/Mar/2018:08:40:07 -0300] "GET /cormun/static/tbsolicitudot03.js?20177611592012 HTTP/1.1" 200 13332
192.168.10.89 - - [14/Mar/2018:08:40:09 -0300] "POST /cormun/servlet/acontrolpreferencessavestate?None,AQUEZADA,true HTTP/1.1" 200 35
192.168.10.89 - - [14/Mar/2018:08:40:17 -0300] "POST /cormun/servlet/vesolicitudot?9747ee834bbd6a7052a28a2dd7f36348,2018,9820,,SolicitudOTLog,gx-no-cache=1521027453340 HTTP/1.1" 200 90
192.168.10.89 - - [14/Mar/2018:08:40:17 -0300] "GET /cormun/servlet/hpexe_link HTTP/1.1" 200 973
192.168.10.89 - - [14/Mar/2018:08:40:17 -0300] "GET /cormun/servlet/trsolicitudot? HTTP/1.1" 200 25825
192.168.10.89 - - [14/Mar/2018:08:40:26 -0300] "GET /cormun/servlet/vesolicitudot?2018,10292,, HTTP/1.1" 200 8607
192.168.10.89 - - [14/Mar/2018:08:40:27 -0300] "GET /cormun/pexe_scrolldiv.js HTTP/1.1" 404 1009
186.103.159.204 - - [14/Mar/2018:08:40:28 -0300] "POST /cormun/servlet/solicitudot?gx-no-cache=1521027519424 HTTP/1.1" 500 4102
192.168.10.89 - - [14/Mar/2018:08:40:29 -0300] "GET /cormun/servlet/vesolicitudot?2018,10292,,SolicitudOTLog HTTP/1.1" 200 9567
192.168.10.89 - - [14/Mar/2018:08:40:29 -0300] "GET /cormun/pexe_scrolldiv.js HTTP/1.1" 404 1009
192.168.10.89 - - [14/Mar/2018:08:40:30 -0300] "POST /cormun/servlet/acontrolpreferencessavestate?None,AQUEZADA,true HTTP/1.1" 200 35
186.103.159.182 - - [14/Mar/2018:08:40:31 -0300] "GET /cormun/servlet/solicitudot?INS,0,0, HTTP/1.1" 200 13695
186.103.159.182 - - [14/Mar/2018:08:40:31 -0300] "GET /cormun/static/solicitudot.js?201812313224831 HTTP/1.1" 304 -
186.103.159.182 - - [14/Mar/2018:08:40:33 -0300] "GET /cormun/servlet/solicitudot?INS,0,0, HTTP/1.1" 200 13701
186.103.159.182 - - [14/Mar/2018:08:40:38 -0300] "GET /cormun/servlet/prfichaempleado?,MD,,gxPopupLevel%3D0%3B HTTP/1.1" 200 9425
192.168.10.89 - - [14/Mar/2018:08:40:44 -0300] "POST /cormun/servlet/vesolicitudot?9747ee834bbd6a7052a28a2dd7f36348,2018,10292,,SolicitudOTLog,gx-no-cache=1521027480967 HTTP/1.1" 200 90
192.168.10.89 - - [14/Mar/2018:08:40:44 -0300] "GET /cormun/servlet/hpexe_link HTTP/1.1" 200 972
192.168.10.89 - - [14/Mar/2018:08:40:45 -0300] "GET /cormun/servlet/trsolicitudot HTTP/1.1" 200 25825
186.103.159.182 - - [14/Mar/2018:08:40:47 -0300] "POST /cormun/servlet/prfichaempleado?2100248673f407c798b1f7cb68d5eb85,,MD,,gxPopupLevel%3D0%3B,gx-no-cache=1521027537671 HTTP/1.1" 200 4406
186.103.159.204 - - [14/Mar/2018:08:40:54 -0300] "POST /cormun/servlet/solicitudot?08b6bd8198ff1a254b92f44408bb08f9,UPD,2018,10190,,gx-no-cache=1521027575675 HTTP/1.1" 500 10
186.103.159.204 - - [14/Mar/2018:08:40:55 -0300] "GET /cormun/servlet/solicitudot?85e9e3b56da22d6800bdf591a2a1c9234aa5093c719f66b4ba05a8feb2ddbe3d840a254d3801821340383c0968ec323e,gx-no-cache=1521027600440 HTTP/1.1" 200 30
186.103.159.204 - - [14/Mar/2018:08:40:55 -0300] "GET /cormun/servlet/solicitudot?85e9e3b56da22d6800bdf591a2a1c9231f32cb54c03eae03c0cd685c14824896ae318a7406c1ae8887f91dc6c84d0c274a018e3410d6a63b1814e0f2b8145be6,gx-no-cache=1521027601120 HTTP/1.1" 200 30
186.103.159.204 - - [14/Mar/2018:08:40:55 -0300] "GET /cormun/servlet/solicitudot?85e9e3b56da22d6800bdf591a2a1c9238dc8f281384962aae24a409779d7dbbc2b2cd3c8e1694db1b6ca9678019cab1d6901fb3a82e299c59444d732cc900adf,gx-no-cache=1521027601478 HTTP/1.1" 200 51
186.103.159.204 - - [14/Mar/2018:08:40:56 -0300] "POST /cormun/servlet/solicitudot?gx-no-cache=1521027602025 HTTP/1.1" 200 238
186.103.159.204 - - [14/Mar/2018:08:40:56 -0300] "GET /cormun/servlet/solicitudot?85e9e3b56da22d6800bdf591a2a1c923db88049e9ff9e1892fe8005496ec2fadaff7f2ed2b7b8d9fc80ee606514fc75030df54c7241389e7b8cde5c823420b458e8a8346322f14796694e2cd1934e099a8a2d4f395be210847003c3ab7e718b2d13d86bf554223b262cc0673b9eb6c0ebc9e2f1d91bc57dbdcdaa12ebfe77038da77b5b63d4d57ff9d7ad7df12c7a9c330efbd2ea0ad6285ae7c9e6d6a498be735735b4344dcb4f643ad70e56d30cb859c5a8a7d0494a2a0c04515ba10c49ec2fd47734e95469f3f7439912822512003d5af3a309b94e4d0a239277173f942b8d9ab0bed2f33ef7656037f5b0f40677c9f4b7fa76d30dff6cafea0199b0aac482ef4ee110df2b10a6d8d944b140c0485f5b2c9c56867b4d0843c6971fc9caff9d7d15880b03517a0624d462fa792f4a9472fc40ae44dbd65ff84fcbf57e25642ee6dbf19ae6a80d23b3ec7e44329480ba431f0da31682ac3c63cb102efedb49ccf98e5fd229a8e016dfbfa83f1df08f94f27f71291aa5f46a142ea81fd2aaaeb,gx-no-cache=1521027602108 HTTP/1.1" 200 30
186.103.159.204 - - [14/Mar/2018:08:40:56 -0300] "POST /cormun/servlet/solicitudot?gx-no-cache=1521027602610 HTTP/1.1" 200 30
186.103.159.204 - - [14/Mar/2018:08:40:57 -0300] "POST /cormun/servlet/solicitudot?gx-no-cache=1521027602781 HTTP/1.1" 200 1330
186.103.159.204 - - [14/Mar/2018:08:40:57 -0300] "POST /cormun/servlet/solicitudot?gx-no-cache=1521027603891 HTTP/1.1" 200 41
186.103.159.182 - - [14/Mar/2018:08:40:58 -0300] "POST /cormun/servlet/solicitudot?gx-no-cache=1521027549595 HTTP/1.1" 200 3384
186.103.159.182 - - [14/Mar/2018:08:40:59 -0300] "POST /cormun/servlet/solicitudot?2100248673f407c798b1f7cb68d5eb85,INS,0,0,,gx-no-cache=1521027550839 HTTP/1.1" 200 10545
186.103.159.182 - - [14/Mar/2018:08:41:00 -0300] "GET /cormun/servlet/solicitudot?312f8847e08c804ae239eefcc67a49bf283ee3659dedf8096484c35cf4e92963cbc11d5e245c68ad7167d2f1965ff756,gx-no-cache=1521027551921 HTTP/1.1" 200 30
186.67.172.234 - - [14/Mar/2018:08:41:03 -0300] "GET /cormun/servlet/trcontratounov2? HTTP/1.1" 200 17959
186.67.172.234 - - [14/Mar/2018:08:41:03 -0300] "GET /cormun/static/gxcfg.js?201752512124396 HTTP/1.1" 200 953
186.67.172.234 - - [14/Mar/2018:08:41:03 -0300] "GET /cormun/static/calendar.js?85251 HTTP/1.1" 304 -
186.67.172.234 - - [14/Mar/2018:08:41:03 -0300] "GET /cormun/static/calendar-setup.js?85251 HTTP/1.1" 304 -
186.67.172.234 - - [14/Mar/2018:08:41:03 -0300] "GET /cormun/static/calendar-es.js?85251 HTTP/1.1" 304 -
186.67.172.234 - - [14/Mar/2018:08:41:03 -0300] "GET /cormun/static/gxdec.js?85251 HTTP/1.1" 304 -
186.67.172.234 - - [14/Mar/2018:08:41:03 -0300] "GET /cormun/static/Resources/PXToolsAddSelectedAction.png HTTP/1.1" 200 3660
186.67.172.234 - - [14/Mar/2018:08:41:03 -0300] "GET /cormun/servlet/trcontratounov2? HTTP/1.1" 200 17965
186.103.159.182 - - [14/Mar/2018:08:41:06 -0300] "GET /cormun/servlet/solicitudot?312f8847e08c804ae239eefcc67a49bf47174c96989f477fe14311b347b1fa5263020e1652b82708373ec811c5b261facbc11d5e245c68ad7167d2f1965ff756,gx-no-cache=1521027558295 HTTP/1.1" 200 30
186.103.159.182 - - [14/Mar/2018:08:41:06 -0300] "GET /cormun/servlet/solicitudot?312f8847e08c804ae239eefcc67a49bf05d61c3321261c6b24431304819e54d6,gx-no-cache=1521027558385 HTTP/1.1" 200 45
186.103.159.182 - - [14/Mar/2018:08:41:06 -0300] "POST /cormun/servlet/solicitudot?gx-no-cache=1521027558474 HTTP/1.1" 200 255
186.103.159.182 - - [14/Mar/2018:08:41:07 -0300] "GET /cormun/servlet/solicitudot?312f8847e08c804ae239eefcc67a49bfda425825764e4da71d45f4c9b383f3b4f5a67ec37a972a0fee5853840226ad53adeeca714bc3bd8cae36c69fa26a07a361b4e9368cf57bc631acdb30c53919113cb170302f376182d2421bac19c28463a0c658fa7084f26a5a19a551acd2e52cd99cac7066458f9a6b91444ad83ac4303ae2ed926deeb4544f80004859fafd2807179a58c260868d9215881fdf5163faab446c54c3a2ac4cf25455bebe988020c5c903d85dff0a20a1d02c5d42388e1b6241b07b64becaf052996d8f45d32e64758412139f2b3e8385d02e640ce21e424ef27f25184232703f853f3383a01ab3bc8973d84c9cb812e2aebf74d09c40fcb5bad1bdfa3539798b9e7b4171a96397c4ce77bb13bf7ec528391e9dc1e3720e51738f91d854ab3aa6b2dc74fadd21d79e08f6bcad4ba01c9c3ff0f4598803138bdae37bdd74986d49c3c929455fe03651c036daf5c812c6d03cc2cff6cfabac55683206c8cc569e20eafa1eb84c553c29d8fd55a3ade2015e8ae088cdec0566,gx-no-cache=1521027558573 HTTP/1.1" 200 30
186.103.159.182 - - [14/Mar/2018:08:41:08 -0300] "POST /cormun/servlet/solicitudot?gx-no-cache=1521027560823 HTTP/1.1" 200 30
192.168.10.89 - - [14/Mar/2018:08:41:10 -0300] "GET /cormun/servlet/solicitudot?INS,0,0, HTTP/1.1" 200 13637
186.103.159.182 - - [14/Mar/2018:08:41:10 -0300] "GET /cormun/servlet/prcontratosol?7924150,,,,,MD,,gxPopupLevel%3D0%3B HTTP/1.1" 200 8079
192.168.10.89 - - [14/Mar/2018:08:41:14 -0300] "GET /cormun/static/Resources/resize.gif HTTP/1.1" 200 77
192.168.10.89 - - [14/Mar/2018:08:41:14 -0300] "GET /cormun/servlet/prfichaempleado?,MD,,gxPopupLevel%3D0%3B HTTP/1.1" 200 9356
192.168.10.89 - - [14/Mar/2018:08:41:14 -0300] "GET /cormun/static/gxcfg.js?20177612134814 HTTP/1.1" 200 953
192.168.10.89 - - [14/Mar/2018:08:41:14 -0300] "GET /cormun/static/Resources/PXToolsMenuSearch.png HTTP/1.1" 200 2914
192.168.10.89 - - [14/Mar/2018:08:41:14 -0300] "GET /cormun/static/Resources/PXToolsMenuSearchCancel.png HTTP/1.1" 200 2972
192.168.10.89 - - [14/Mar/2018:08:41:14 -0300] "GET /cormun/static/prfichaempleado.js?20177612134999 HTTP/1.1" 200 16006
192.168.10.89 - - [14/Mar/2018:08:41:14 -0300] "GET /cormun/static/menusearch.js?201610171694467 HTTP/1.1" 200 1424
192.168.10.89 - - [14/Mar/2018:08:41:14 -0300] "GET /cormun/static/hmpwkw011.js?20177612121862 HTTP/1.1" 200 1968
192.168.10.89 - - [14/Mar/2018:08:41:19 -0300] "POST /cormun/servlet/prfichaempleado?9747ee834bbd6a7052a28a2dd7f36348,,MD,,gxPopupLevel%3D0%3B,gx-no-cache=1521027515844 HTTP/1.1" 200 3681
186.103.159.182 - - [14/Mar/2018:08:41:19 -0300] "POST /cormun/servlet/solicitudot?gx-no-cache=1521027570362 HTTP/1.1" 200 1337
186.103.159.182 - - [14/Mar/2018:08:41:20 -0300] "POST /cormun/servlet/solicitudot?gx-no-cache=1521027571873 HTTP/1.1" 200 38
186.103.159.182 - - [14/Mar/2018:08:41:20 -0300] "GET /cormun/servlet/solicitudot?312f8847e08c804ae239eefcc67a49bff841fb920b9093091742c9c4919edb115dca28bc0196e57a434f0d65a8e9f4480ad5d0060f5b232b78f95bb3da99c6486dcace85c9cf2db349f7d1978406f08d6ce04aaf3168f692f290f189ec0be3a9a1ed40ea3589d9d8bf9554cc749e380f871e53302dcacdfe1a02833fcea524984ea297a3db8556fcb241d1d0c0f8466f317dc73cc99262cf07fc22e90b03f831,gx-no-cache=1521027571968 HTTP/1.1" 200 29
186.103.159.182 - - [14/Mar/2018:08:41:21 -0300] "POST /cormun/servlet/solicitudot?gx-no-cache=1521027572466 HTTP/1.1" 200 1319
200.112.4.243 - - [14/Mar/2018:08:41:22 -0300] "GET /cormun/static/menuarrow.gif HTTP/1.1" 404 1015
186.103.159.182 - - [14/Mar/2018:08:41:23 -0300] "POST /cormun/servlet/solicitudot?gx-no-cache=1521027573495 HTTP/1.1" 200 1219
186.103.159.182 - - [14/Mar/2018:08:41:23 -0300] "GET /cormun/servlet/solicitudot?312f8847e08c804ae239eefcc67a49bf6b4ef00bae547b766817b604e98c19b139f1919b6d29e667fdd16adac7794b85,gx-no-cache=1521027575127 HTTP/1.1" 200 30
192.168.10.89 - - [14/Mar/2018:08:41:28 -0300] "POST /cormun/servlet/solicitudot?gx-no-cache=1521027524124 HTTP/1.1" 200 3419
192.168.10.89 - - [14/Mar/2018:08:41:28 -0300] "POST /cormun/servlet/solicitudot?9747ee834bbd6a7052a28a2dd7f36348,INS,0,0,,gx-no-cache=1521027524347 HTTP/1.1" 200 10583
200.112.4.243 - - [14/Mar/2018:08:41:28 -0300] "GET /cormun/servlet/solicitudot?9b31b13c7e25e0f47bba6e727a21ba74073beaf7a55e02f1d972841be670623e0ed24d4b7c22177081acc7584edc3489,gx-no-cache=1521027639547 HTTP/1.1" 200 30
186.103.159.204 - - [14/Mar/2018:08:41:38 -0300] "GET /cormun/servlet/hlogin HTTP/1.1" 200 1728
192.168.10.56 - - [14/Mar/2018:08:41:39 -0300] "POST /cormun/servlet/hlogin?2d5e895382b3c995e5aff3972bc18f0c,gx-no-cache=1521027534817 HTTP/1.1" 200 90
192.168.10.56 - - [14/Mar/2018:08:41:39 -0300] "GET /cormun/servlet/hpexe_link HTTP/1.1" 200 953
192.168.10.56 - - [14/Mar/2018:08:41:39 -0300] "GET /cormun/servlet/hhome HTTP/1.1" 200 4484
186.67.172.234 - - [14/Mar/2018:08:41:39 -0300] "POST /cormun/servlet/trcontratounov2?6f46d7794e51498bdc6a44075f1e0780,,gx-no-cache=1521031285234 HTTP/1.1" 200 17544
186.67.172.234 - - [14/Mar/2018:08:41:39 -0300] "GET /cormun/static/Resources/PXToolsGridNext.gif HTTP/1.1" 200 369
192.168.10.56 - - [14/Mar/2018:08:41:40 -0300] "GET /cormun/servlet/hhome HTTP/1.1" 200 4482
186.67.172.234 - - [14/Mar/2018:08:41:40 -0300] "GET /cormun/static/Resources/PXToolsGridLast.gif HTTP/1.1" 200 370
192.168.10.56 - - [14/Mar/2018:08:41:44 -0300] "GET /cormun/servlet/trsolicitudgral? HTTP/1.1" 200 28749
192.168.10.56 - - [14/Mar/2018:08:41:45 -0300] "GET /cormun/servlet/trsolicitudgral? HTTP/1.1" 200 28747
192.168.10.56 - - [14/Mar/2018:08:41:46 -0300] "GET /cormun/static/menuarrow.gif HTTP/1.1" 404 1015
186.103.159.204 - - [14/Mar/2018:08:41:49 -0300] "POST /cormun/servlet/hlogin?701bff13d70936f1a62fafb45fa11a09,gx-no-cache=1521027655745 HTTP/1.1" 200 90
186.103.159.204 - - [14/Mar/2018:08:41:50 -0300] "GET /cormun/servlet/hpexe_link HTTP/1.1" 200 953
186.103.159.204 - - [14/Mar/2018:08:41:50 -0300] "GET /cormun/servlet/hhome HTTP/1.1" 200 3859
186.103.159.204 - - [14/Mar/2018:08:41:51 -0300] "GET /cormun/servlet/hhome HTTP/1.1" 200 3856
186.67.172.234 - - [14/Mar/2018:08:41:53 -0300] "GET /cormun/servlet/hlogin HTTP/1.1" 200 1739
186.79.193.8 - - [14/Mar/2018:08:41:58 -0300] "GET /cormun/servlet/hlogin HTTP/1.1" 200 1719
186.79.193.8 - - [14/Mar/2018:08:41:58 -0300] "GET /cormun/static/Resources/Spanish/PXTools.css?11423723 HTTP/1.1" 304 -
186.103.159.182 - - [14/Mar/2018:08:41:59 -0300] "POST /cormun/servlet/solicitudot?gx-no-cache=1521027592059 HTTP/1.1" 200 1321
186.79.193.8 - - [14/Mar/2018:08:41:59 -0300] "GET /cormun/static/hlogin.js?20175251213537 HTTP/1.1" 304 -
186.79.193.8 - - [14/Mar/2018:08:41:59 -0300] "GET /cormun/servlet/hlogin HTTP/1.1" 200 1730
186.103.159.182 - - [14/Mar/2018:08:42:00 -0300] "POST /cormun/servlet/solicitudot?gx-no-cache=1521027611238 HTTP/1.1" 200 1219
186.103.159.182 - - [14/Mar/2018:08:42:00 -0300] "POST /cormun/servlet/solicitudot?gx-no-cache=1521027612640 HTTP/1.1" 200 33
192.168.10.56 - - [14/Mar/2018:08:42:03 -0300] "POST /cormun/servlet/trsolicitudgral?2d5e895382b3c995e5aff3972bc18f0c,,gx-no-cache=1521027559815 HTTP/1.1" 200 11611
200.112.4.243 - - [14/Mar/2018:08:42:08 -0300] "POST /cormun/servlet/solicitudot?gx-no-cache=1521027679832 HTTP/1.1" 200 30
200.112.4.243 - - [14/Mar/2018:08:42:23 -0300] "POST /cormun/servlet/solicitudot?27105324c3680db1861b3c2493eea076,INS,0,0,,gx-no-cache=1521027693523 HTTP/1.1" 200 93
200.112.4.243 - - [14/Mar/2018:08:42:23 -0300] "GET /cormun/servlet/hpexe_return? HTTP/1.1" 200 1004
200.112.4.243 - - [14/Mar/2018:08:42:23 -0300] "GET /cormun/servlet/trsolicitudot HTTP/1.1" 200 8581
186.79.193.8 - - [14/Mar/2018:08:42:23 -0300] "POST /cormun/servlet/hlogin?4820352c5e13566c7d738609331cc932,gx-no-cache=1521027696668 HTTP/1.1" 200 90
186.79.193.8 - - [14/Mar/2018:08:42:24 -0300] "GET /cormun/servlet/hpexe_link HTTP/1.1" 200 952
186.79.193.8 - - [14/Mar/2018:08:42:24 -0300] "GET /cormun/servlet/hhome HTTP/1.1" 200 3982
186.79.193.8 - - [14/Mar/2018:08:42:24 -0300] "GET /cormun/static/hpexe_recentlink.js?20177611595044 HTTP/1.1" 304 -
186.79.193.8 - - [14/Mar/2018:08:42:24 -0300] "GET /cormun/static/hpexe_messagepopupcomponent.js?20161017169425 HTTP/1.1" 304 -
186.79.193.8 - - [14/Mar/2018:08:42:24 -0300] "GET /cormun/static/hpexe_messagegenexuscomponent.js?201752511465344 HTTP/1.1" 304 -
200.112.4.243 - - [14/Mar/2018:08:42:24 -0300] "GET /cormun/servlet/trsolicitudot HTTP/1.1" 200 8577
186.79.193.8 - - [14/Mar/2018:08:42:24 -0300] "GET /cormun/static/hpexe_messagecontroller.js?20177611595012 HTTP/1.1" 304 -
186.79.193.8 - - [14/Mar/2018:08:42:25 -0300] "GET /cormun/static/cmcontrolpreferences.js?201752511465670 HTTP/1.1" 304 -
186.79.193.8 - - [14/Mar/2018:08:42:25 -0300] "GET /cormun/static/hwchdr01.js?201752511465785 HTTP/1.1" 304 -
186.79.193.8 - - [14/Mar/2018:08:42:25 -0300] "GET /cormun/static/hpexe_scripts.js?201752511465715 HTTP/1.1" 304 -
186.79.193.8 - - [14/Mar/2018:08:42:25 -0300] "GET /cormun/static/hmpwkw03.js?20177612122668 HTTP/1.1" 304 -
186.79.193.8 - - [14/Mar/2018:08:42:28 -0300] "GET /cormun/servlet/hhome HTTP/1.1" 200 3978
200.112.4.243 - - [14/Mar/2018:08:42:29 -0300] "GET /cormun/servlet/trsolicitudot? HTTP/1.1" 200 8577
186.79.193.8 - - [14/Mar/2018:08:42:29 -0300] "GET /cormun/servlet/trlicencias? HTTP/1.1" 200 6902
186.79.193.8 - - [14/Mar/2018:08:42:29 -0300] "GET /cormun/static/Resources/Spanish/PXTools.css?17315867 HTTP/1.1" 304 -
186.79.193.8 - - [14/Mar/2018:08:42:29 -0300] "GET /cormun/static/calendar.js?85251 HTTP/1.1" 304 -
186.79.193.8 - - [14/Mar/2018:08:42:29 -0300] "GET /cormun/static/calendar-setup.js?85251 HTTP/1.1" 304 -
200.112.4.243 - - [14/Mar/2018:08:42:29 -0300] "GET /cormun/servlet/trsolicitudot? HTTP/1.1" 200 8577
186.79.193.8 - - [14/Mar/2018:08:42:30 -0300] "GET /cormun/static/gxcfg.js?20176272054169 HTTP/1.1" 304 -
186.79.193.8 - - [14/Mar/2018:08:42:30 -0300] "GET /cormun/static/trlicencias.js?20176272054837 HTTP/1.1" 304 -
200.112.4.243 - - [14/Mar/2018:08:42:32 -0300] "GET /cormun/static/menuarrow.gif HTTP/1.1" 404 1015
186.79.193.8 - - [14/Mar/2018:08:42:38 -0300] "GET /cormun/static/calendar-es.js?85251 HTTP/1.1" 304 -
186.79.193.8 - - [14/Mar/2018:08:42:38 -0300] "GET /cormun/servlet/trlicencias? HTTP/1.1" 200 6901
200.112.4.243 - - [14/Mar/2018:08:42:44 -0300] "POST /cormun/servlet/trsolicitudot?27105324c3680db1861b3c2493eea076,,gx-no-cache=1521027714698 HTTP/1.1" 200 22139
186.79.193.8 - - [14/Mar/2018:08:42:52 -0300] "GET /cormun/servlet/licenciaspermisos?INS,0,,, HTTP/1.1" 200 7513
186.79.193.8 - - [14/Mar/2018:08:42:53 -0300] "GET /cormun/static/gxcfg.js?201762917281167 HTTP/1.1" 200 953
186.79.193.8 - - [14/Mar/2018:08:42:53 -0300] "GET /cormun/static/licenciaspermisos.js?201762917281260 HTTP/1.1" 200 37491
186.79.193.8 - - [14/Mar/2018:08:42:53 -0300] "GET /cormun/servlet/licenciaspermisos?INS,0,,, HTTP/1.1" 200 7512
186.79.193.8 - - [14/Mar/2018:08:42:56 -0300] "GET /cormun/servlet/prfichaempleado?,MD,,gxPopupLevel%3D0%3B HTTP/1.1" 200 9339
192.168.10.56 - - [14/Mar/2018:08:43:04 -0300] "POST /cormun/servlet/trsolicitudgral?2d5e895382b3c995e5aff3972bc18f0c,,gx-no-cache=1521027620492 HTTP/1.1" 200 116
192.168.10.56 - - [14/Mar/2018:08:43:04 -0300] "GET /cormun/servlet/solicitudotlog?INS,2018,10434,0,REC, HTTP/1.1" 200 6289
192.168.10.56 - - [14/Mar/2018:08:43:04 -0300] "GET /cormun/servlet/solicitudotlog?INS,2018,10434,0,REC, HTTP/1.1" 200 6289
192.168.10.56 - - [14/Mar/2018:08:43:05 -0300] "GET /cormun/servlet/solicitudotlog?038b893c7e01d19a7fa2bbb0cc4336ec32f07bd3ede4d3c69bb970238fea83eb3ef3f9a6f321ea1dd4587be422a203e9fd60f4a998ea5d8a26402a3831d2cc2ce62ede956d8de717a0c5e502f75e17e0f2b910a04d3954e96136e6a63dd7ddb097745bff51bbce3a7ae5a8bf2d4e1765a3abc6b2d692f16e95ab09b3d88d0dcc33b075a35c4ad88a3c6ba9a4ec78315cf6776480b6d1312b24343237cc98fbec,gx-no-cache=1521027621513 HTTP/1.1" 200 94
192.168.10.56 - - [14/Mar/2018:08:43:07 -0300] "POST /cormun/servlet/solicitudotlog?2d5e895382b3c995e5aff3972bc18f0c,INS,2018,10434,0,REC,,gx-no-cache=1521027623979 HTTP/1.1" 200 93
192.168.10.56 - - [14/Mar/2018:08:43:07 -0300] "GET /cormun/servlet/hpexe_return? HTTP/1.1" 200 1027
192.168.10.56 - - [14/Mar/2018:08:43:08 -0300] "GET /cormun/servlet/trsolicitudgral? HTTP/1.1" 200 14675
186.79.193.8 - - [14/Mar/2018:08:43:08 -0300] "POST /cormun/servlet/prfichaempleado?4820352c5e13566c7d738609331cc932,,MD,,gxPopupLevel%3D0%3B,gx-no-cache=1521027741889 HTTP/1.1" 200 3433
192.168.10.56 - - [14/Mar/2018:08:43:08 -0300] "GET /cormun/servlet/trsolicitudgral? HTTP/1.1" 200 14670
186.103.159.182 - - [14/Mar/2018:08:43:10 -0300] "GET /cormun/servlet/solicitudot?312f8847e08c804ae239eefcc67a49bf6b4ef00bae547b766817b604e98c19b139f1919b6d29e667fdd16adac7794b85,gx-no-cache=1521027682061 HTTP/1.1" 200 30
186.103.159.182 - - [14/Mar/2018:08:43:10 -0300] "POST /cormun/servlet/solicitudot?gx-no-cache=1521027682201 HTTP/1.1" 200 33
192.168.10.56 - - [14/Mar/2018:08:43:12 -0300] "POST /cormun/servlet/trsolicitudgral?2d5e895382b3c995e5aff3972bc18f0c,,gx-no-cache=1521027628619 HTTP/1.1" 200 116
186.103.159.182 - - [14/Mar/2018:08:43:12 -0300] "POST /cormun/servlet/solicitudot?2100248673f407c798b1f7cb68d5eb85,INS,0,0,,gx-no-cache=1521027682317 HTTP/1.1" 200 93
192.168.10.56 - - [14/Mar/2018:08:43:12 -0300] "GET /cormun/servlet/solicitudotlog?INS,2018,10434,0,REC, HTTP/1.1" 200 6289
192.168.10.56 - - [14/Mar/2018:08:43:12 -0300] "GET /cormun/servlet/solicitudotlog?INS,2018,10434,0,REC, HTTP/1.1" 200 6289
186.103.159.182 - - [14/Mar/2018:08:43:13 -0300] "GET /cormun/servlet/hpexe_return? HTTP/1.1" 200 1008
192.168.10.56 - - [14/Mar/2018:08:43:13 -0300] "GET /cormun/servlet/solicitudotlog?038b893c7e01d19a7fa2bbb0cc4336ec32f07bd3ede4d3c69bb970238fea83eb3ef3f9a6f321ea1dd4587be422a203e9fd60f4a998ea5d8a26402a3831d2cc2ce62ede956d8de717a0c5e502f75e17e0f2b910a04d3954e96136e6a63dd7ddb097745bff51bbce3a7ae5a8bf2d4e1765a3abc6b2d692f16e95ab09b3d88d0dcc33b075a35c4ad88a3c6ba9a4ec78315cf6776480b6d1312b24343237cc98fbec,gx-no-cache=1521027629502 HTTP/1.1" 200 94
186.103.159.182 - - [14/Mar/2018:08:43:13 -0300] "GET /cormun/servlet/trsolicitudot HTTP/1.1" 200 9486
200.112.4.243 - - [14/Mar/2018:08:43:13 -0300] "GET /cormun/servlet/vesolicitudot?2018,10410,, HTTP/1.1" 200 8391
200.112.4.243 - - [14/Mar/2018:08:43:13 -0300] "GET /cormun/static/gxcfg.js?2017111422591385 HTTP/1.1" 200 953
200.112.4.243 - - [14/Mar/2018:08:43:13 -0300] "GET /cormun/pexe_scrolldiv.js HTTP/1.1" 404 1009
186.79.193.8 - - [14/Mar/2018:08:43:13 -0300] "GET /cormun/servlet/licenciaspermisos?29693c910efd326919ed23699df5ce945717ef359c36bf218038817bf911b47f7076b1b5c90953ca43805cf780facc7e,gx-no-cache=1521027747790 HTTP/1.1" 200 76
200.112.4.243 - - [14/Mar/2018:08:43:13 -0300] "GET /cormun/static/vesolicitudot.js?2017111422591449 HTTP/1.1" 200 6091
200.112.4.243 - - [14/Mar/2018:08:43:14 -0300] "GET /cormun/static/hwcviewtabs.js?20177611594913 HTTP/1.1" 200 1074
200.112.4.243 - - [14/Mar/2018:08:43:14 -0300] "GET /cormun/static/Resources/PXToolsTabPrevious.gif HTTP/1.1" 200 172
200.112.4.243 - - [14/Mar/2018:08:43:14 -0300] "GET /cormun/static/Resources/PXToolsTabNext.gif HTTP/1.1" 200 168
200.112.4.243 - - [14/Mar/2018:08:43:14 -0300] "GET /cormun/static/Resources/PXToolsTabFirstSelected.png HTTP/1.1" 200 1259
200.112.4.243 - - [14/Mar/2018:08:43:14 -0300] "GET /cormun/static/Resources/PXToolsTabLastUnselected.png HTTP/1.1" 200 1291
200.112.4.243 - - [14/Mar/2018:08:43:14 -0300] "GET /cormun/static/hpexe_tabsview.js?201610171694228 HTTP/1.1" 200 1661
200.112.4.243 - - [14/Mar/2018:08:43:14 -0300] "GET /cormun/static/tbsolicitudot01.js?2017111422581186 HTTP/1.1" 200 30566
200.112.4.243 - - [14/Mar/2018:08:43:14 -0300] "GET /cormun/static/calendar-system.css HTTP/1.1" 200 5572
200.112.4.243 - - [14/Mar/2018:08:43:14 -0300] "GET /cormun/static/Resources/PXToolsTabBackSelected.png HTTP/1.1" 200 1157
200.112.4.243 - - [14/Mar/2018:08:43:14 -0300] "GET /cormun/static/Resources/PXToolsTabBackUnselected.png HTTP/1.1" 200 1175
200.112.4.243 - - [14/Mar/2018:08:43:14 -0300] "GET /cormun/static/Resources/PXToolsTabSelectedUnselected.png HTTP/1.1" 200 1428
200.112.4.243 - - [14/Mar/2018:08:43:14 -0300] "GET /cormun/servlet/vesolicitudot?2018,10410,, HTTP/1.1" 200 8391
200.112.4.243 - - [14/Mar/2018:08:43:14 -0300] "GET /cormun/static/Resources/PXToolsTabUnselectedUnselected.png HTTP/1.1" 200 1459
186.103.159.182 - - [14/Mar/2018:08:43:15 -0300] "GET /cormun/servlet/trsolicitudot HTTP/1.1" 200 9482
186.79.193.8 - - [14/Mar/2018:08:43:15 -0300] "POST /cormun/servlet/licenciaspermisos?4820352c5e13566c7d738609331cc932,INS,0,,,,gx-no-cache=1521027748281 HTTP/1.1" 200 4680
200.112.4.243 - - [14/Mar/2018:08:43:22 -0300] "GET /cormun/servlet/trsolicitudot? HTTP/1.1" 200 24753
200.112.4.243 - - [14/Mar/2018:08:43:23 -0300] "GET /cormun/servlet/trsolicitudot? HTTP/1.1" 200 24749
192.168.10.56 - - [14/Mar/2018:08:43:25 -0300] "POST /cormun/servlet/solicitudotlog?2d5e895382b3c995e5aff3972bc18f0c,INS,2018,10434,0,REC,,gx-no-cache=1521027640176 HTTP/1.1" 200 93
192.168.10.56 - - [14/Mar/2018:08:43:25 -0300] "GET /cormun/servlet/hpexe_return? HTTP/1.1" 200 1026
192.168.10.56 - - [14/Mar/2018:08:43:25 -0300] "GET /cormun/servlet/trsolicitudgral HTTP/1.1" 200 14352
192.168.10.56 - - [14/Mar/2018:08:43:26 -0300] "GET /cormun/servlet/trsolicitudgral HTTP/1.1" 200 14347
186.103.159.182 - - [14/Mar/2018:08:43:32 -0300] "GET /cormun/servlet/trautorizarsolicitud? HTTP/1.1" 200 9189
200.112.4.243 - - [14/Mar/2018:08:43:34 -0300] "POST /cormun/servlet/trsolicitudot?27105324c3680db1861b3c2493eea076,,gx-no-cache=1521027760500 HTTP/1.1" 200 106
186.103.159.182 - - [14/Mar/2018:08:43:34 -0300] "GET /cormun/servlet/trautorizarsolicitud? HTTP/1.1" 200 9189
200.112.4.243 - - [14/Mar/2018:08:43:34 -0300] "GET /cormun/servlet/solicitudot?UPD,2018,10436, HTTP/1.1" 200 15237
200.112.4.243 - - [14/Mar/2018:08:43:35 -0300] "GET /cormun/servlet/solicitudot?UPD,2018,10436, HTTP/1.1" 200 15247
192.168.10.89 - - [14/Mar/2018:08:43:36 -0300] "GET /cormun/servlet/solicitudot?5ed6d2dc06a106fced1c17203e8656a68641a1fc68058bb85ba50410b7468b248a02e7ca4faa6e656287f6170727abd7,gx-no-cache=1521027653165 HTTP/1.1" 200 30
192.168.10.89 - - [14/Mar/2018:08:43:37 -0300] "GET /cormun/servlet/solicitudot?5ed6d2dc06a106fced1c17203e8656a6d6ef0a88d3d6bddb8cac4e5e3c0a34e40c3cce47c1a7db506a7043fee9b94efb8a02e7ca4faa6e656287f6170727abd7,gx-no-cache=1521027653209 HTTP/1.1" 200 30
192.168.10.89 - - [14/Mar/2018:08:43:37 -0300] "GET /cormun/servlet/solicitudot?5ed6d2dc06a106fced1c17203e8656a63e5d29326461cc7988f4b1eeb05ab17a,gx-no-cache=1521027653227 HTTP/1.1" 200 53
192.168.10.89 - - [14/Mar/2018:08:43:37 -0300] "POST /cormun/servlet/solicitudot?gx-no-cache=1521027653249 HTTP/1.1" 200 297
192.168.10.89 - - [14/Mar/2018:08:43:37 -0300] "GET /cormun/servlet/solicitudot?5ed6d2dc06a106fced1c17203e8656a68b5341451ecd89382f717b5601dba5aac284055628ff1109ad3cb1adf51f68d33d2658aae201e62633c7101835541369f727db4e6db869c462efae238cd75d602a08d0a5eed5f3d6f197cf05898ad113e9f3d89c86ec9bbc22cc031427f6623d269c386ef7daaf444c2328abe53a7a90fb5c6326b1ddaaff5ed720ab71fcda461a890f748c37ea9e1c27aa38f61425a9407e917572d881bb321619e2055cac46f236e69c5fdbbbbd977cd86c69ee13f15be2f94f1edd5612973a2df9097b4130c5f298018f2fde007a08bc1c2fc1e4d522749bcc403dfd453ff92722cfef6a0ab68dbe6b723b82f8bf6cd37f50474bf834441482637d4d475d03b6609a4bfac0f46accd5f722fe72e3601f6299d124ad7909bcb666beee1515b7111b779a7c212c36d7da941b6a0cca565056da577aeb1194b1fb72be2815813b5d80defb6df163126e9559a4ef7033f29afa13430f89040bd6265a306c52c0d89fd57243c5c37d9cce52dfa9bf3e199159b06556d3b47fac09673656ce3e12394dda65efb004,gx-no-cache=1521027653274 HTTP/1.1" 200 30
186.79.193.8 - - [14/Mar/2018:08:43:38 -0300] "GET /cormun/static/menuarrow.gif HTTP/1.1" 404 1015
192.168.10.56 - - [14/Mar/2018:08:43:38 -0300] "POST /cormun/servlet/trsolicitudgral?2d5e895382b3c995e5aff3972bc18f0c,gx-no-cache=1521027654923 HTTP/1.1" 200 10571
192.168.10.56 - - [14/Mar/2018:08:43:39 -0300] "GET /cormun/static/Shared/jqueryui/images/ui-icons_82798d_256x240.png HTTP/1.1" 404 1089
192.168.10.56 - - [14/Mar/2018:08:43:39 -0300] "GET /cormun/static/Shared/jqueryui/images/ui-icons_8d78a5_256x240.png HTTP/1.1" 404 1089
192.168.10.56 - - [14/Mar/2018:08:43:39 -0300] "GET /cormun/static/Shared/jqueryui/images/ui-bg_highlight-soft_100_c6c2c8_1x100.png HTTP/1.1" 404 1117
192.168.10.56 - - [14/Mar/2018:08:43:39 -0300] "GET /cormun/static/Shared/jqueryui/images/ui-bg_flat_55_fafafa_40x100.png HTTP/1.1" 404 1097
200.112.4.243 - - [14/Mar/2018:08:43:40 -0300] "POST /cormun/servlet/solicitudot?gx-no-cache=1521027767130 HTTP/1.1" 200 3374
200.112.4.243 - - [14/Mar/2018:08:43:42 -0300] "POST /cormun/servlet/solicitudot?27105324c3680db1861b3c2493eea076,UPD,2018,10436,,gx-no-cache=1521027771813 HTTP/1.1" 200 11476
200.112.4.243 - - [14/Mar/2018:08:43:42 -0300] "GET /cormun/servlet/solicitudot?9b31b13c7e25e0f47bba6e727a21ba74dd75aab5cfeb317959d8e18a6884ca45b02190f57232fe40f779b41f994800cf,gx-no-cache=1521027773784 HTTP/1.1" 200 30
200.112.4.243 - - [14/Mar/2018:08:43:42 -0300] "GET /cormun/servlet/solicitudot?9b31b13c7e25e0f47bba6e727a21ba743f806c3e22aa97e5956dcf69161d75c6ec23bc2a242ca72fa45ef36fbd2503e652346449ec4a5948496f064cad53a75f,gx-no-cache=1521027773904 HTTP/1.1" 200 30
200.112.4.243 - - [14/Mar/2018:08:43:42 -0300] "GET /cormun/servlet/solicitudot?9b31b13c7e25e0f47bba6e727a21ba74185bd93c7572de9de2409aaf223dc8f7440525375445bcd1bddeca2558e51d4dc50a810c90e7c0f41b60c99df8034222,gx-no-cache=1521027774316 HTTP/1.1" 200 53
200.112.4.243 - - [14/Mar/2018:08:43:42 -0300] "POST /cormun/servlet/solicitudot?gx-no-cache=1521027774445 HTTP/1.1" 200 297
192.168.10.89 - - [14/Mar/2018:08:43:43 -0300] "POST /cormun/servlet/solicitudot?gx-no-cache=1521027659533 HTTP/1.1" 200 30
200.112.4.243 - - [14/Mar/2018:08:43:43 -0300] "GET /cormun/servlet/solicitudot?9b31b13c7e25e0f47bba6e727a21ba74efbafaa9991fc0bf4e43570052c8542bbee32f3f81005852dd270deba1b352e2d09537436d1ca451144fa1562f14662480f2888bbb66da15da7887721ecdad0727e32fb2dbc66a667bebf9b2d472aa05c0ecacfd249b6f2cf455d0b397bd46b0e8af0c5d07acb7dec2297d7b3e5f966bef67ae36a2694eb4bcdc6cc77b5be903a211858c5bd10ef9135b134f347c208e614f492b43b07c245c0c9ff5e2a4498f71b61a283b0771e8dcec7f93cc70324cfd79905938535794186e41e9f0685579a88d7ae0a7b99602c1789df0553a2dc12795b5afa059e729e1adc7ec2aa7dac4ed0f648027fec3f2487873c8e3ffa9feb8e4711cf157733875c47aab46433695f21d7ca61f27b9abb0d0fbb84ef78a892571479fb57307e05ce7ea997ce8910511aa660dec510438bb52faca57bd34d96dd3a97a2d7860defd8f57f05cb30031a06556e443312ece0a7a98f79ac2597ec493d53f7eed12943007e2ab37bfa09552cb89c31f3ebdb550b8244785ed4d852279359d818d5cbefc21a0363d2dcdda,gx-no-cache=1521027774584 HTTP/1.1" 200 30
200.112.4.243 - - [14/Mar/2018:08:43:43 -0300] "POST /cormun/servlet/solicitudot?gx-no-cache=1521027775136 HTTP/1.1" 200 30
200.112.4.243 - - [14/Mar/2018:08:43:45 -0300] "POST /cormun/servlet/solicitudot?gx-no-cache=1521027775305 HTTP/1.1" 200 1334
200.112.4.243 - - [14/Mar/2018:08:43:45 -0300] "POST /cormun/servlet/solicitudot?gx-no-cache=1521027776662 HTTP/1.1" 200 41
200.112.4.243 - - [14/Mar/2018:08:43:47 -0300] "GET /cormun/servlet/solicitudot?9b31b13c7e25e0f47bba6e727a21ba745df488c976b2124d645feab833045b857a6874628fb62325a46f451de857bd118381aac22d3e1ff208ee1c64d45e4b9dcfd711735089eede50c22f43b5f378b798dea34ac6d02bb4674a95190e4804bb17064abe4a57f92d486193dd867fb939,gx-no-cache=1521027778553 HTTP/1.1" 200 29
200.112.4.243 - - [14/Mar/2018:08:43:47 -0300] "POST /cormun/servlet/solicitudot?gx-no-cache=1521027778677 HTTP/1.1" 200 1318
192.168.10.50 - - [14/Mar/2018:08:43:48 -0300] "GET /cormun/servlet/trsolicitudgral? HTTP/1.1" 200 28709
186.103.159.182 - - [14/Mar/2018:08:43:48 -0300] "POST /cormun/servlet/trautorizarsolicitud?2100248673f407c798b1f7cb68d5eb85,,gx-no-cache=1521027719943 HTTP/1.1" 200 5806
200.112.4.243 - - [14/Mar/2018:08:43:48 -0300] "POST /cormun/servlet/solicitudot?gx-no-cache=1521027778937 HTTP/1.1" 200 1218
200.112.4.243 - - [14/Mar/2018:08:43:48 -0300] "GET /cormun/servlet/solicitudot?9b31b13c7e25e0f47bba6e727a21ba74073beaf7a55e02f1d972841be670623e0ed24d4b7c22177081acc7584edc3489,gx-no-cache=1521027780155 HTTP/1.1" 200 30
186.103.159.182 - - [14/Mar/2018:08:43:48 -0300] "GET /cormun/static/Shared/jqueryui/images/ui-bg_highlight-soft_100_c6c2c8_1x100.png HTTP/1.1" 404 1117
186.103.159.182 - - [14/Mar/2018:08:43:48 -0300] "GET /cormun/static/Shared/jqueryui/images/ui-icons_82798d_256x240.png HTTP/1.1" 404 1089
186.103.159.182 - - [14/Mar/2018:08:43:48 -0300] "GET /cormun/static/Shared/jqueryui/images/ui-bg_flat_55_fafafa_40x100.png HTTP/1.1" 404 1097
186.103.159.182 - - [14/Mar/2018:08:43:48 -0300] "GET /cormun/static/Shared/jqueryui/images/ui-icons_8d78a5_256x240.png HTTP/1.1" 404 1089
200.112.4.243 - - [14/Mar/2018:08:43:49 -0300] "POST /cormun/servlet/solicitudot?gx-no-cache=1521027780271 HTTP/1.1" 200 30
186.103.159.182 - - [14/Mar/2018:08:43:50 -0300] "POST /cormun/servlet/trautorizarsolicitud?2100248673f407c798b1f7cb68d5eb85,,gx-no-cache=1521027720903 HTTP/1.1" 200 5752
192.168.10.50 - - [14/Mar/2018:08:43:50 -0300] "GET /cormun/servlet/trsolicitudgral? HTTP/1.1" 200 28821
192.168.10.89 - - [14/Mar/2018:08:43:51 -0300] "GET /cormun/servlet/prcontratosol?17235429,,,,,MD,,gxPopupLevel%3D0%3B HTTP/1.1" 200 7706
192.168.10.89 - - [14/Mar/2018:08:43:51 -0300] "GET /cormun/static/gxcfg.js?201761413223964 HTTP/1.1" 200 953
192.168.10.89 - - [14/Mar/2018:08:43:51 -0300] "GET /cormun/static/prcontratosol.js?201761413224174 HTTP/1.1" 200 15806
192.168.10.50 - - [14/Mar/2018:08:44:04 -0300] "POST /cormun/servlet/trsolicitudgral?cc3c1538279fdbbfe3d8209773eb40fa,,gx-no-cache=1521027680645 HTTP/1.1" 200 5919
186.103.159.182 - - [14/Mar/2018:08:44:06 -0300] "POST /cormun/servlet/trautorizarsolicitud?2100248673f407c798b1f7cb68d5eb85,,gx-no-cache=1521027736579 HTTP/1.1" 200 4606
200.112.4.243 - - [14/Mar/2018:08:44:07 -0300] "POST /cormun/servlet/solicitudot?27105324c3680db1861b3c2493eea076,UPD,2018,10436,,gx-no-cache=1521027798553 HTTP/1.1" 200 93
200.112.4.243 - - [14/Mar/2018:08:44:07 -0300] "GET /cormun/servlet/hpexe_return? HTTP/1.1" 200 1013
192.168.10.50 - - [14/Mar/2018:08:44:09 -0300] "POST /cormun/servlet/trsolicitudgral?cc3c1538279fdbbfe3d8209773eb40fa,,gx-no-cache=1521027685723 HTTP/1.1" 200 5918
200.112.4.243 - - [14/Mar/2018:08:44:10 -0300] "GET /cormun/servlet/trsolicitudot HTTP/1.1" 200 24754
200.112.4.243 - - [14/Mar/2018:08:44:12 -0300] "GET /cormun/servlet/trsolicitudot HTTP/1.1" 200 24749
192.168.10.89 - - [14/Mar/2018:08:44:17 -0300] "POST /cormun/servlet/solicitudot?gx-no-cache=1521027693979 HTTP/1.1" 200 1337
192.168.10.89 - - [14/Mar/2018:08:44:17 -0300] "POST /cormun/servlet/solicitudot?gx-no-cache=1521027694094 HTTP/1.1" 200 38
192.168.10.89 - - [14/Mar/2018:08:44:17 -0300] "GET /cormun/servlet/solicitudot?5ed6d2dc06a106fced1c17203e8656a6e934cc153fcfee976930f2e167cd23a21dad98245f60a2edbd4a3dce795e9711d9886ef0c7b67b18b003471324b98efc1a80be0d64b2af852f52a43b360b064070282841e695ced5c72d7294da6e56fe7af141f6d54c87ba05533aaedce06214,gx-no-cache=1521027694117 HTTP/1.1" 200 29
192.168.10.89 - - [14/Mar/2018:08:44:17 -0300] "POST /cormun/servlet/solicitudot?gx-no-cache=1521027694138 HTTP/1.1" 200 1318
192.168.10.89 - - [14/Mar/2018:08:44:18 -0300] "POST /cormun/servlet/solicitudot?gx-no-cache=1521027694183 HTTP/1.1" 200 1217
192.168.10.89 - - [14/Mar/2018:08:44:18 -0300] "GET /cormun/servlet/solicitudot?5ed6d2dc06a106fced1c17203e8656a64c230c091b320bf38d3daf4d084e0a644c59731752b1a1e439d05060899247d7,gx-no-cache=1521027694227 HTTP/1.1" 200 30
200.112.4.243 - - [14/Mar/2018:08:44:21 -0300] "POST /cormun/servlet/trsolicitudot?27105324c3680db1861b3c2493eea076,gx-no-cache=1521027807958 HTTP/1.1" 200 107
200.112.4.243 - - [14/Mar/2018:08:44:21 -0300] "GET /cormun/servlet/trsolicitudadjuntos?2018,10436, HTTP/1.1" 200 6095
200.112.4.243 - - [14/Mar/2018:08:44:21 -0300] "GET /cormun/static/gxcfg.js?20177612135366 HTTP/1.1" 200 953
200.112.4.243 - - [14/Mar/2018:08:44:21 -0300] "GET /cormun/static/trsolicitudadjuntos.js?20177612135632 HTTP/1.1" 200 17922
200.112.4.243 - - [14/Mar/2018:08:44:21 -0300] "GET /cormun/servlet/trsolicitudadjuntos?2018,10436, HTTP/1.1" 200 6095
192.168.10.50 - - [14/Mar/2018:08:44:23 -0300] "POST /cormun/servlet/trsolicitudgral?cc3c1538279fdbbfe3d8209773eb40fa,,gx-no-cache=1521027699116 HTTP/1.1" 200 5920
200.112.4.243 - - [14/Mar/2018:08:44:23 -0300] "GET /cormun/servlet/solicitudotadjuntos?INS,2018,10436,,1, HTTP/1.1" 200 6042
200.112.4.243 - - [14/Mar/2018:08:44:24 -0300] "GET /cormun/static/gxcfg.js?2017761244068 HTTP/1.1" 304 -
200.112.4.243 - - [14/Mar/2018:08:44:24 -0300] "GET /cormun/static/about:blank HTTP/1.1" 404 1011
200.112.4.243 - - [14/Mar/2018:08:44:24 -0300] "GET /cormun/servlet/solicitudotadjuntos?INS,2018,10436,,1, HTTP/1.1" 200 6036
200.112.4.243 - - [14/Mar/2018:08:44:25 -0300] "GET /cormun/servlet/solicitudotadjuntos?9b31b13c7e25e0f47bba6e727a21ba7456ee50c50ae53dfa372a147fdb7503fabac91c58654039e022207efc2dca3d69,gx-no-cache=1521027816572 HTTP/1.1" 200 30
200.112.4.243 - - [14/Mar/2018:08:44:26 -0300] "POST /cormun/servlet/solicitudotadjuntos?27105324c3680db1861b3c2493eea076,INS,2018,10436,,1,,gx-no-cache=1521027817130 HTTP/1.1" 200 3794
186.103.159.182 - - [14/Mar/2018:08:44:28 -0300] "POST /cormun/servlet/trautorizarsolicitud?2100248673f407c798b1f7cb68d5eb85,,gx-no-cache=1521027738292 HTTP/1.1" 200 4384
200.112.4.243 - - [14/Mar/2018:08:44:30 -0300] "POST /cormun/servlet/solicitudotadjuntos?gx-no-cache=1521027821990 HTTP/1.1" 200 26
192.168.10.50 - - [14/Mar/2018:08:44:31 -0300] "POST /cormun/servlet/trsolicitudgral?cc3c1538279fdbbfe3d8209773eb40fa,,gx-no-cache=1521027707259 HTTP/1.1" 200 7276
192.168.10.50 - - [14/Mar/2018:08:44:39 -0300] "GET /cormun/servlet/solicitudgral?UPD,2018,10428, HTTP/1.1" 200 12886
192.168.10.50 - - [14/Mar/2018:08:44:40 -0300] "GET /cormun/servlet/solicitudgral?UPD,2018,10428, HTTP/1.1" 200 12894
192.168.10.50 - - [14/Mar/2018:08:44:40 -0300] "POST /cormun/servlet/solicitudgral?gx-no-cache=1521027716691 HTTP/1.1" 200 3897
192.168.10.50 - - [14/Mar/2018:08:44:40 -0300] "GET /cormun/servlet/solicitudgral?3013b4342bc0916d8cae5ed9ddc111d9219952986a0b8b727b0b3d077fa696eb1d604c1b1b2ec4bd4e8cc871ddc84437bdcbceae5544fdf24b49b57ba91770df99b09965a7db6546e1cc9d15e4d568cc95f644b6e685abe10eebe7598940585e1fdf5cb0b41461a20b8ab3c122359e32a8db51b3ffa5749c78203cfdeab5ded3993d956a1213e5e5fcf5359aa6057bb037c77680e9e90c6af1bd3d915dace8e3e1de52cdbcece037e39bb73b1cc6c32f2079a6c685efa728fde6ea494a8e8c5ef9e641b06e5eefd154213141d5f2370eb59c7dc3457cd3de4dcf20080d44e4db3b884c6a626b8e83024768e2fa851a5598eb2c34c5eb283a4efd82aefce0ed4b7a7e1d3270df18bee7627a1f6548466ee2c3cc95ca768916886c3eba44b582bbdfdffa4380899d2a236d4fe735f0819c2be53e59d9f664585ffcb28f7562b181bdfe35a2b001c2504120a50d16462123,gx-no-cache=1521027716806 HTTP/1.1" 200 256
192.168.10.89 - - [14/Mar/2018:08:44:56 -0300] "GET /cormun/servlet/solicitudot?5ed6d2dc06a106fced1c17203e8656a6e934cc153fcfee976930f2e167cd23a21dad98245f60a2edbd4a3dce795e9711d9886ef0c7b67b18b003471324b98efc1a80be0d64b2af852f52a43b360b064070282841e695ced5c72d7294da6e56fe7af141f6d54c87ba05533aaedce06214,gx-no-cache=1521027732781 HTTP/1.1" 200 29
192.168.10.89 - - [14/Mar/2018:08:44:56 -0300] "POST /cormun/servlet/solicitudot?gx-no-cache=1521027732815 HTTP/1.1" 200 1317
192.168.10.89 - - [14/Mar/2018:08:44:56 -0300] "POST /cormun/servlet/solicitudot?gx-no-cache=1521027732860 HTTP/1.1" 200 1217
186.103.159.182 - - [14/Mar/2018:08:44:56 -0300] "GET /cormun/static/menuarrow.gif HTTP/1.1" 404 1015
192.168.10.89 - - [14/Mar/2018:08:45:00 -0300] "GET /cormun/servlet/solicitudot?5ed6d2dc06a106fced1c17203e8656a64c230c091b320bf38d3daf4d084e0a644c59731752b1a1e439d05060899247d7,gx-no-cache=1521027737120 HTTP/1.1" 200 30
186.103.159.182 - - [14/Mar/2018:08:45:07 -0300] "POST /cormun/servlet/trautorizarsolicitud?2100248673f407c798b1f7cb68d5eb85,,gx-no-cache=1521027799071 HTTP/1.1" 200 4410
192.168.10.56 - - [14/Mar/2018:08:45:09 -0300] "POST /cormun/servlet/trsolicitudgral?2d5e895382b3c995e5aff3972bc18f0c,gx-no-cache=1521027745197 HTTP/1.1" 200 9393
186.103.159.182 - - [14/Mar/2018:08:45:16 -0300] "POST /cormun/servlet/trautorizarsolicitud?2100248673f407c798b1f7cb68d5eb85,,gx-no-cache=1521027807528 HTTP/1.1" 200 4412
192.168.10.56 - - [14/Mar/2018:08:45:18 -0300] "POST /cormun/servlet/trsolicitudgral?2d5e895382b3c995e5aff3972bc18f0c,gx-no-cache=1521027754885 HTTP/1.1" 200 8976
186.103.159.182 - - [14/Mar/2018:08:45:21 -0300] "POST /cormun/servlet/trautorizarsolicitud?2100248673f407c798b1f7cb68d5eb85,,gx-no-cache=1521027812723 HTTP/1.1" 200 4412
186.79.193.8 - - [14/Mar/2018:08:45:26 -0300] "GET /cormun/servlet/licenciaspermisos?29693c910efd326919ed23699df5ce94fd840f4fa4676826a71cab0b30e19a6dbf52976d1cd91f80aa555859d327691233c0b6c7134cc53b2c8d53ed2d18f1864fdb3b45b56ba2306d9130498e2308ee709670172fe1c3952386879d1f54358c3c2f6077a69884429609d7db8e44a9d2639ac0f7e19ce96d4f44db9137e73b3c2b6ae1eb30a5bb8a81dc1a8830b97fbaa755c6c31dd53a3c83ddb16f3175fb63308c77f17dddc4accacc8d946c8aa52830e51127c03cc6356a7676feb2412a57cfd642d17c57236560f659905dcd73cd645bffe7bdda86f58e48d7c8179208f6,gx-no-cache=1521027877707 HTTP/1.1" 200 30
186.103.159.182 - - [14/Mar/2018:08:45:28 -0300] "POST /cormun/servlet/trautorizarsolicitud?2100248673f407c798b1f7cb68d5eb85,,gx-no-cache=1521027818950 HTTP/1.1" 200 4411
186.103.159.182 - - [14/Mar/2018:08:45:31 -0300] "GET /cormun/servlet/trcontratosolicitud? HTTP/1.1" 200 14637
192.168.10.56 - - [14/Mar/2018:08:45:31 -0300] "POST /cormun/servlet/trsolicitudgral?2d5e895382b3c995e5aff3972bc18f0c,gx-no-cache=1521027767984 HTTP/1.1" 200 8532
186.103.159.182 - - [14/Mar/2018:08:45:33 -0300] "GET /cormun/servlet/trcontratosolicitud? HTTP/1.1" 200 14627
186.79.193.8 - - [14/Mar/2018:08:45:34 -0300] "POST /cormun/servlet/licenciaspermisos?4820352c5e13566c7d738609331cc932,INS,0,,,,gx-no-cache=1521027880918 HTTP/1.1" 200 4776
192.168.10.56 - - [14/Mar/2018:08:45:39 -0300] "POST /cormun/servlet/trsolicitudgral?2d5e895382b3c995e5aff3972bc18f0c,gx-no-cache=1521027775353 HTTP/1.1" 200 8157
186.79.193.8 - - [14/Mar/2018:08:45:39 -0300] "GET /cormun/servlet/licenciaspermisos?29693c910efd326919ed23699df5ce945717ef359c36bf218038817bf911b47f24bdcf4214b6e93ecbfd3f3d6a853c63a199fcc32a0995ec072f12d70e5f8a051c020e70e7e476dcdf9a0c0fa0b60ed72ec4344d208bc834cfbbb11acdbfb87d4b7cb58578ac57ca5fad5d164335f6dbdd20ccac551ac56a0db20dbc05add09a,gx-no-cache=1521027893799 HTTP/1.1" 200 98
186.79.193.8 - - [14/Mar/2018:08:45:40 -0300] "POST /cormun/servlet/licenciaspermisos?4820352c5e13566c7d738609331cc932,INS,0,,,,gx-no-cache=1521027893924 HTTP/1.1" 200 4776
200.112.4.243 - - [14/Mar/2018:08:45:43 -0300] "GET /cormun/servlet/solicitudotadjuntos?9b31b13c7e25e0f47bba6e727a21ba743834bc14c27c5e22f8dc8372b8c02f7f,gx-no-cache=1521027895388 HTTP/1.1" 200 30
200.112.4.243 - - [14/Mar/2018:08:45:44 -0300] "GET /cormun/servlet/solicitudotadjuntos?9b31b13c7e25e0f47bba6e727a21ba743834bc14c27c5e22f8dc8372b8c02f7f,gx-no-cache=1521027895578 HTTP/1.1" 200 30
192.168.10.56 - - [14/Mar/2018:08:45:49 -0300] "POST /cormun/servlet/trsolicitudgral?2d5e895382b3c995e5aff3972bc18f0c,gx-no-cache=1521027785712 HTTP/1.1" 200 7338
186.103.159.182 - - [14/Mar/2018:08:45:50 -0300] "POST /cormun/servlet/trcontratosolicitud?2100248673f407c798b1f7cb68d5eb85,,gx-no-cache=1521027839186 HTTP/1.1" 200 90
186.103.159.182 - - [14/Mar/2018:08:45:50 -0300] "GET /cormun/servlet/hpexe_link HTTP/1.1" 200 960
186.103.159.182 - - [14/Mar/2018:08:45:50 -0300] "GET /cormun/servlet/hhome HTTP/1.1" 200 4257
200.112.4.243 - - [14/Mar/2018:08:45:54 -0300] "POST /cormun/servlet/solicitudotadjuntos?27105324c3680db1861b3c2493eea076,INS,2018,10436,,1, HTTP/1.1" 200 116
200.112.4.243 - - [14/Mar/2018:08:45:54 -0300] "GET /cormun/servlet/hpexe_return? HTTP/1.1" 200 1025
200.112.4.243 - - [14/Mar/2018:08:45:54 -0300] "GET /cormun/servlet/trsolicitudadjuntos?2018,10436, HTTP/1.1" 200 8537
200.112.4.243 - - [14/Mar/2018:08:45:55 -0300] "GET /cormun/servlet/trsolicitudadjuntos?2018,10436, HTTP/1.1" 200 8532
186.79.193.8 - - [14/Mar/2018:08:45:55 -0300] "GET /cormun/servlet/prfichaempleado?,MD,,gxPopupLevel%3D0%3B HTTP/1.1" 200 9339
186.103.159.182 - - [14/Mar/2018:08:45:56 -0300] "GET /cormun/servlet/hhome HTTP/1.1" 200 4253
186.103.159.182 - - [14/Mar/2018:08:45:56 -0300] "GET /cormun/servlet/trautorizarsolicitud? HTTP/1.1" 200 7378
200.112.4.243 - - [14/Mar/2018:08:45:57 -0300] "GET /cormun/servlet/solicitudotadjuntos?INS,2018,10436,,1, HTTP/1.1" 200 6042
186.103.159.182 - - [14/Mar/2018:08:45:58 -0300] "GET /cormun/servlet/trautorizarsolicitud? HTTP/1.1" 200 7377
200.112.4.243 - - [14/Mar/2018:08:45:58 -0300] "GET /cormun/static/about:blank HTTP/1.1" 404 1011
200.112.4.243 - - [14/Mar/2018:08:45:58 -0300] "GET /cormun/servlet/solicitudotadjuntos?INS,2018,10436,,1, HTTP/1.1" 200 6036
200.112.4.243 - - [14/Mar/2018:08:45:59 -0300] "GET /cormun/servlet/solicitudotadjuntos?9b31b13c7e25e0f47bba6e727a21ba7456ee50c50ae53dfa372a147fdb7503fabac91c58654039e022207efc2dca3d69,gx-no-cache=1521027910156 HTTP/1.1" 200 30
200.112.4.243 - - [14/Mar/2018:08:45:59 -0300] "POST /cormun/servlet/solicitudotadjuntos?27105324c3680db1861b3c2493eea076,INS,2018,10436,,1,,gx-no-cache=1521027910655 HTTP/1.1" 200 3795
186.103.159.182 - - [14/Mar/2018:08:46:01 -0300] "GET /cormun/servlet/trsolicitudot? HTTP/1.1" 200 9483
186.103.159.182 - - [14/Mar/2018:08:46:03 -0300] "GET /cormun/servlet/trsolicitudot? HTTP/1.1" 200 9483
200.112.4.243 - - [14/Mar/2018:08:46:04 -0300] "POST /cormun/servlet/solicitudotadjuntos?gx-no-cache=1521027915300 HTTP/1.1" 200 26
192.168.10.56 - - [14/Mar/2018:08:46:06 -0300] "GET /cormun/servlet/hlogin HTTP/1.1" 200 1740
186.79.193.8 - - [14/Mar/2018:08:46:06 -0300] "POST /cormun/servlet/prfichaempleado?4820352c5e13566c7d738609331cc932,,MD,,gxPopupLevel%3D0%3B,gx-no-cache=1521027919943 HTTP/1.1" 200 3428
201.215.248.160 - - [14/Mar/2018:08:46:07 -0300] "GET /cormun/servlet/hhome HTTP/1.1" 200 3399
201.215.248.160 - - [14/Mar/2018:08:46:08 -0300] "GET /cormun/servlet/hhome HTTP/1.1" 200 3409
201.215.248.160 - - [14/Mar/2018:08:46:08 -0300] "GET /cormun/servlet/hlogin HTTP/1.1" 200 1735
192.168.10.56 - - [14/Mar/2018:08:46:12 -0300] "POST /cormun/servlet/hlogin?2d5e895382b3c995e5aff3972bc18f0c,gx-no-cache=1521027808127 HTTP/1.1" 200 90
192.168.10.56 - - [14/Mar/2018:08:46:12 -0300] "GET /cormun/servlet/hpexe_link HTTP/1.1" 200 981
192.168.10.56 - - [14/Mar/2018:08:46:12 -0300] "GET /cormun/servlet/trsolicitudgral?gx-no-cache=1521027785712 HTTP/1.1" 200 10377
192.168.10.56 - - [14/Mar/2018:08:46:12 -0300] "GET /cormun/servlet/trsolicitudgral?gx-no-cache=1521027785712 HTTP/1.1" 200 10398
186.79.193.8 - - [14/Mar/2018:08:46:15 -0300] "GET /cormun/servlet/licenciaspermisos?29693c910efd326919ed23699df5ce94e95aae44c56c03153af4b9d356d0244d1f3f1f8f2b9cb01fb9c889c88a60f1e8c8354684c72bec152cfbaa7c1af7668f0fdd8b228423b3911973ce22e1ee357ae71ee8e39403a5ce9aa436df2aade96ba7239eb1b3f2371704124794a0fbb0071e0578adff3daaf421ff9f08a89d1c029fb0ec82777d93cd2258809ef1299c549e67b065baf5c75712e58f5e5e84502f3483465395cf7ef7352aa3b866cb99e6b4221d12736ec497bbc1851ed603cae0ba816020f395d7e1d55500408eb502b78e4a28ee98fbefee061850cf4d203466a46c2d8bf875ee5b64952657f3b3b1a6,gx-no-cache=1521027929391 HTTP/1.1" 200 57
186.79.193.8 - - [14/Mar/2018:08:46:16 -0300] "POST /cormun/servlet/licenciaspermisos?4820352c5e13566c7d738609331cc932,INS,0,,,,gx-no-cache=1521027929522 HTTP/1.1" 200 93
186.79.193.8 - - [14/Mar/2018:08:46:16 -0300] "GET /cormun/servlet/hpexe_return? HTTP/1.1" 200 1013
186.79.193.8 - - [14/Mar/2018:08:46:16 -0300] "GET /cormun/static/gxcfg.js?2016101716175148 HTTP/1.1" 304 -
186.79.193.8 - - [14/Mar/2018:08:46:16 -0300] "GET /cormun/servlet/trlicencias HTTP/1.1" 200 8146
186.79.193.8 - - [14/Mar/2018:08:46:18 -0300] "GET /cormun/servlet/trlicencias HTTP/1.1" 200 8141
200.112.4.243 - - [14/Mar/2018:08:46:18 -0300] "GET /cormun/servlet/solicitudotadjuntos?9b31b13c7e25e0f47bba6e727a21ba743834bc14c27c5e22f8dc8372b8c02f7f,gx-no-cache=1521027929924 HTTP/1.1" 200 30
200.112.4.243 - - [14/Mar/2018:08:46:18 -0300] "GET /cormun/servlet/solicitudotadjuntos?9b31b13c7e25e0f47bba6e727a21ba743834bc14c27c5e22f8dc8372b8c02f7f,gx-no-cache=1521027930026 HTTP/1.1" 200 30
201.215.248.160 - - [14/Mar/2018:08:46:19 -0300] "POST /cormun/servlet/hlogin?d7c17a0de3f838b8eeb6baf498d4dc3c,gx-no-cache=1521027918297 HTTP/1.1" 200 90
201.215.248.160 - - [14/Mar/2018:08:46:19 -0300] "GET /cormun/servlet/hpexe_link HTTP/1.1" 200 955
201.215.248.160 - - [14/Mar/2018:08:46:19 -0300] "GET /cormun/servlet/hhome HTTP/1.1" 200 4211
201.215.248.160 - - [14/Mar/2018:08:46:20 -0300] "GET /cormun/servlet/hhome HTTP/1.1" 200 4207
192.168.10.56 - - [14/Mar/2018:08:46:26 -0300] "POST /cormun/servlet/trsolicitudgral?2d5e895382b3c995e5aff3972bc18f0c,gx-no-cache=1521027785712,gx-no-cache=1521027822297 HTTP/1.1" 200 5931
201.215.248.160 - - [14/Mar/2018:08:46:27 -0300] "GET /cormun/servlet/trvisualizadoreventos? HTTP/1.1" 200 6966
201.215.248.160 - - [14/Mar/2018:08:46:28 -0300] "GET /cormun/servlet/trvisualizadoreventos? HTTP/1.1" 200 6965
200.112.4.243 - - [14/Mar/2018:08:46:30 -0300] "POST /cormun/servlet/solicitudotadjuntos?27105324c3680db1861b3c2493eea076,INS,2018,10436,,1, HTTP/1.1" 200 116
200.112.4.243 - - [14/Mar/2018:08:46:30 -0300] "GET /cormun/servlet/hpexe_return? HTTP/1.1" 200 1025
186.79.193.8 - - [14/Mar/2018:08:46:30 -0300] "GET /cormun/servlet/trlicenciaspermisosadjuntos?10574453,20180314000000,L, HTTP/1.1" 200 6327
200.112.4.243 - - [14/Mar/2018:08:46:30 -0300] "GET /cormun/servlet/trsolicitudadjuntos?2018,10436, HTTP/1.1" 200 8739
186.79.193.8 - - [14/Mar/2018:08:46:30 -0300] "GET /cormun/static/trlicenciaspermisosadjuntos.js?20177612163719 HTTP/1.1" 200 21036
186.79.193.8 - - [14/Mar/2018:08:46:30 -0300] "GET /cormun/static/gxcfg.js?20177612163414 HTTP/1.1" 200 953
186.103.159.182 - - [14/Mar/2018:08:46:30 -0300] "POST /cormun/servlet/trsolicitudot?2100248673f407c798b1f7cb68d5eb85,,gx-no-cache=1521027880447 HTTP/1.1" 200 4481
186.79.193.8 - - [14/Mar/2018:08:46:31 -0300] "GET /cormun/servlet/trlicenciaspermisosadjuntos?10574453,20180314000000,L, HTTP/1.1" 200 6327
200.112.4.243 - - [14/Mar/2018:08:46:31 -0300] "GET /cormun/servlet/trsolicitudadjuntos?2018,10436, HTTP/1.1" 200 8737
201.215.248.160 - - [14/Mar/2018:08:46:31 -0300] "GET /cormun/static/menuarrow.gif HTTP/1.1" 404 1015
