186.103.159.204 - - [14/Mar/2018:09:45:51 -0300] "POST /cormun/servlet/solicitudot?gx-no-cache=1521031501533 HTTP/1.1" 200 3284
186.103.159.204 - - [14/Mar/2018:09:45:53 -0300] "POST /cormun/servlet/solicitudot?95141f3446e3dc5590b4c4b28759d517,INS,0,0,,gx-no-cache=1521031501931 HTTP/1.1" 200 10445
186.103.159.182 - - [14/Mar/2018:09:45:54 -0300] "GET /cormun/static/menuarrow.gif HTTP/1.1" 404 1015
186.103.159.204 - - [14/Mar/2018:09:45:59 -0300] "GET /cormun/servlet/prfichaempleado?,MD,,gxPopupLevel%3D0%3B HTTP/1.1" 200 9248
186.103.159.204 - - [14/Mar/2018:09:46:00 -0300] "GET /cormun/static/gxcfg.js?20177612134814 HTTP/1.1" 304 -
186.103.159.182 - - [14/Mar/2018:09:46:07 -0300] "POST /cormun/servlet/trautorizarsolicitud?f90e63fcb0003b3a4c753bc2da932adf,gx-no-cache=1521031458793 HTTP/1.1" 200 4138
186.103.159.182 - - [14/Mar/2018:09:46:14 -0300] "POST /cormun/servlet/trautorizarsolicitud?f90e63fcb0003b3a4c753bc2da932adf,gx-no-cache=1521031464347 HTTP/1.1" 200 4138
186.103.159.182 - - [14/Mar/2018:09:46:22 -0300] "POST /cormun/servlet/trautorizarsolicitud?f90e63fcb0003b3a4c753bc2da932adf,gx-no-cache=1521031471613 HTTP/1.1" 200 4137
186.103.159.182 - - [14/Mar/2018:09:46:35 -0300] "POST /cormun/servlet/trautorizarsolicitud?f90e63fcb0003b3a4c753bc2da932adf,gx-no-cache=1521031485942 HTTP/1.1" 200 4135
186.67.164.142 - - [14/Mar/2018:09:46:43 -0300] "POST /cormun/servlet/solicitudot?a8f7913fdaf411c722f665f383492d45,INS,0,0,,gx-no-cache=1521031549568 HTTP/1.1" 200 93
186.67.164.142 - - [14/Mar/2018:09:46:43 -0300] "GET /cormun/servlet/hpexe_return? HTTP/1.1" 200 1008
186.67.164.142 - - [14/Mar/2018:09:46:44 -0300] "GET /cormun/servlet/trsolicitudot HTTP/1.1" 200 9069
186.67.164.142 - - [14/Mar/2018:09:46:44 -0300] "GET /cormun/servlet/trsolicitudot HTTP/1.1" 200 9065
186.103.159.204 - - [14/Mar/2018:09:46:52 -0300] "GET /cormun/servlet/trsolicitudot? HTTP/1.1" 200 24064
186.103.159.204 - - [14/Mar/2018:09:46:53 -0300] "GET /cormun/servlet/trsolicitudot? HTTP/1.1" 200 24059
186.103.159.182 - - [14/Mar/2018:09:47:06 -0300] "POST /cormun/servlet/trautorizarsolicitud?f90e63fcb0003b3a4c753bc2da932adf,gx-no-cache=1521031495739 HTTP/1.1" 500 10
186.103.159.182 - - [14/Mar/2018:09:47:07 -0300] "POST /cormun/servlet/trautorizarsolicitud?f90e63fcb0003b3a4c753bc2da932adf,gx-no-cache=1521031495739 HTTP/1.1" 200 4137
190.151.100.218 - - [14/Mar/2018:09:47:14 -0300] "POST /cormun/servlet/trsolicitudot?76036e32b845ef2ad370725cbe7f1740,gx-no-cache=1521031580673 HTTP/1.1" 200 107
190.151.100.218 - - [14/Mar/2018:09:47:14 -0300] "GET /cormun/servlet/trsolicitudadjuntos?2018,10443, HTTP/1.1" 200 6319
190.151.100.218 - - [14/Mar/2018:09:47:14 -0300] "GET /cormun/static/gxcfg.js?20177612135366 HTTP/1.1" 304 -
190.151.100.218 - - [14/Mar/2018:09:47:15 -0300] "GET /cormun/servlet/trsolicitudadjuntos?2018,10443, HTTP/1.1" 200 6318
190.151.100.218 - - [14/Mar/2018:09:47:18 -0300] "GET /cormun/servlet/solicitudotadjuntos?INS,2018,10443,,1, HTTP/1.1" 200 6263
190.151.100.218 - - [14/Mar/2018:09:47:18 -0300] "GET /cormun/static/gxcfg.js?2017761244068 HTTP/1.1" 304 -
190.151.100.218 - - [14/Mar/2018:09:47:19 -0300] "GET /cormun/static/about:blank HTTP/1.1" 404 1011
186.67.203.186 - - [14/Mar/2018:09:47:19 -0300] "GET /cormun/servlet/solicitudotadjuntos?INS,2018,10443,,1, HTTP/1.1" 200 6257
190.151.100.218 - - [14/Mar/2018:09:47:19 -0300] "GET /cormun/servlet/solicitudotadjuntos?a3ddbc388bd2485ba6e88ab41593c8128ab945816ed78f49814d6c39c6ea8dcf0bc3c1f6d53faa617fd2644f01626850,gx-no-cache=1521031587634 HTTP/1.1" 200 30
190.151.100.218 - - [14/Mar/2018:09:47:21 -0300] "POST /cormun/servlet/solicitudotadjuntos?76036e32b845ef2ad370725cbe7f1740,INS,2018,10443,,1,,gx-no-cache=1521031588037 HTTP/1.1" 200 3984
190.151.100.218 - - [14/Mar/2018:09:47:25 -0300] "POST /cormun/servlet/solicitudotadjuntos?gx-no-cache=1521031592848 HTTP/1.1" 200 26
186.103.159.204 - - [14/Mar/2018:09:47:34 -0300] "POST /cormun/servlet/trsolicitudot?95141f3446e3dc5590b4c4b28759d517,,gx-no-cache=1521031583034 HTTP/1.1" 200 21612
190.151.100.218 - - [14/Mar/2018:09:47:40 -0300] "GET /cormun/servlet/solicitudotadjuntos?a3ddbc388bd2485ba6e88ab41593c81231bd189861991936094456d142aa10f4,gx-no-cache=1521031608956 HTTP/1.1" 200 30
190.151.100.218 - - [14/Mar/2018:09:47:41 -0300] "GET /cormun/servlet/solicitudotadjuntos?a3ddbc388bd2485ba6e88ab41593c81231bd189861991936094456d142aa10f4,gx-no-cache=1521031609036 HTTP/1.1" 200 30
186.103.159.204 - - [14/Mar/2018:09:47:41 -0300] "GET /cormun/servlet/trrenuncias? HTTP/1.1" 200 6985
186.103.159.204 - - [14/Mar/2018:09:47:42 -0300] "GET /cormun/servlet/trrenuncias? HTTP/1.1" 200 6985
186.103.159.204 - - [14/Mar/2018:09:47:47 -0300] "GET /cormun/static/menuarrow.gif HTTP/1.1" 404 1015
190.151.100.218 - - [14/Mar/2018:09:47:49 -0300] "POST /cormun/servlet/solicitudotadjuntos?76036e32b845ef2ad370725cbe7f1740,INS,2018,10443,,1, HTTP/1.1" 200 116
190.151.100.218 - - [14/Mar/2018:09:47:49 -0300] "GET /cormun/servlet/hpexe_return? HTTP/1.1" 200 1030
190.151.100.218 - - [14/Mar/2018:09:47:50 -0300] "GET /cormun/servlet/trsolicitudadjuntos?2018,10443, HTTP/1.1" 200 8766
190.151.100.218 - - [14/Mar/2018:09:47:51 -0300] "GET /cormun/servlet/trsolicitudadjuntos?2018,10443, HTTP/1.1" 200 8757
200.72.197.82 - - [14/Mar/2018:09:47:53 -0300] "GET /cormun/servlet/solicitudotadjuntos?INS,2018,10443,,1, HTTP/1.1" 200 6263
200.72.197.82 - - [14/Mar/2018:09:47:53 -0300] "GET /cormun/static/about:blank HTTP/1.1" 404 1011
200.72.197.82 - - [14/Mar/2018:09:47:53 -0300] "GET /cormun/servlet/solicitudotadjuntos?INS,2018,10443,,1, HTTP/1.1" 200 6257
200.111.122.170 - - [14/Mar/2018:09:47:54 -0300] "GET /cormun/servlet/solicitudotadjuntos?a3ddbc388bd2485ba6e88ab41593c8128ab945816ed78f49814d6c39c6ea8dcf0bc3c1f6d53faa617fd2644f01626850,gx-no-cache=1521031622281 HTTP/1.1" 200 30
200.111.122.170 - - [14/Mar/2018:09:47:56 -0300] "POST /cormun/servlet/solicitudotadjuntos?76036e32b845ef2ad370725cbe7f1740,INS,2018,10443,,1,,gx-no-cache=1521031622435 HTTP/1.1" 200 3984
200.111.122.170 - - [14/Mar/2018:09:47:58 -0300] "POST /cormun/servlet/solicitudotadjuntos?gx-no-cache=1521031626471 HTTP/1.1" 200 26
186.103.159.204 - - [14/Mar/2018:09:48:12 -0300] "GET /cormun/servlet/renuncias?INS,0, HTTP/1.1" 200 6253
186.103.159.204 - - [14/Mar/2018:09:48:13 -0300] "GET /cormun/servlet/renuncias?INS,0, HTTP/1.1" 200 6253
200.111.122.170 - - [14/Mar/2018:09:48:16 -0300] "GET /cormun/servlet/solicitudotadjuntos?a3ddbc388bd2485ba6e88ab41593c81231bd189861991936094456d142aa10f4,gx-no-cache=1521031644886 HTTP/1.1" 200 30
200.111.122.170 - - [14/Mar/2018:09:48:16 -0300] "GET /cormun/servlet/solicitudotadjuntos?a3ddbc388bd2485ba6e88ab41593c81231bd189861991936094456d142aa10f4,gx-no-cache=1521031644956 HTTP/1.1" 200 30
200.111.122.170 - - [14/Mar/2018:09:48:21 -0300] "POST /cormun/servlet/solicitudotadjuntos?76036e32b845ef2ad370725cbe7f1740,INS,2018,10443,,1, HTTP/1.1" 200 6517
200.111.122.170 - - [14/Mar/2018:09:48:21 -0300] "GET /cormun/static/Shared/jqueryui/images/ui-bg_highlight-soft_100_c6c2c8_1x100.png HTTP/1.1" 404 1117
200.111.122.170 - - [14/Mar/2018:09:48:22 -0300] "GET /cormun/static/Shared/jqueryui/images/ui-icons_82798d_256x240.png HTTP/1.1" 404 1089
200.111.122.170 - - [14/Mar/2018:09:48:22 -0300] "GET /cormun/static/Shared/jqueryui/images/ui-icons_ebccce_256x240.png HTTP/1.1" 404 1089
200.111.122.170 - - [14/Mar/2018:09:48:22 -0300] "GET /cormun/PrivateTempStorage/upload_00010335.jpg HTTP/1.1" 200 129585
190.151.100.218 - - [14/Mar/2018:09:48:22 -0300] "GET /cormun/static/Shared/jqueryui/images/ui-bg_flat_55_994d53_40x100.png HTTP/1.1" 404 1097
186.103.159.204 - - [14/Mar/2018:09:48:23 -0300] "GET /cormun/servlet/renuncias?078ecac41130af88c60f6f8d6e13af2a78bfa3863b4229c537491e0e8856c9a7b8d68be16d3b2410fffc9fb23052af7a,gx-no-cache=1521031653421 HTTP/1.1" 200 33
200.111.122.170 - - [14/Mar/2018:09:48:27 -0300] "GET /cormun/servlet/solicitudotadjuntos?a3ddbc388bd2485ba6e88ab41593c812f8ef16d02dd7aa3cc1a5bd56ed97a884066f5c32fafed8b0232ec2fb86e40b2e,gx-no-cache=1521031655322 HTTP/1.1" 200 30
186.103.159.204 - - [14/Mar/2018:09:48:32 -0300] "GET /cormun/servlet/trsolicitudot? HTTP/1.1" 200 24065
200.111.122.170 - - [14/Mar/2018:09:48:33 -0300] "POST /cormun/servlet/solicitudotadjuntos?76036e32b845ef2ad370725cbe7f1740,INS,2018,10443,,1, HTTP/1.1" 200 6515
186.103.159.204 - - [14/Mar/2018:09:48:33 -0300] "GET /cormun/servlet/trsolicitudot? HTTP/1.1" 200 24059
200.111.122.170 - - [14/Mar/2018:09:48:33 -0300] "GET /cormun/PrivateTempStorage/upload_00010347.jpg HTTP/1.1" 200 129585
192.168.10.61 - - [14/Mar/2018:09:48:34 -0300] "GET /cormun/servlet/vesolicitudgral?2018,10253,, HTTP/1.1" 200 9019
192.168.10.61 - - [14/Mar/2018:09:48:35 -0300] "GET /cormun/static/gxcfg.js?201711151294153 HTTP/1.1" 304 -
192.168.10.61 - - [14/Mar/2018:09:48:35 -0300] "GET /cormun/pexe_scrolldiv.js HTTP/1.1" 404 1009
192.168.10.61 - - [14/Mar/2018:09:48:35 -0300] "GET /cormun/static/tbsolicitudgral01.js?201813119422078 HTTP/1.1" 304 -
192.168.10.61 - - [14/Mar/2018:09:48:35 -0300] "GET /cormun/pexe_scrolldiv.js HTTP/1.1" 404 1009
192.168.10.61 - - [14/Mar/2018:09:48:35 -0300] "GET /cormun/servlet/vesolicitudgral?2018,10253,, HTTP/1.1" 200 9018
192.168.10.61 - - [14/Mar/2018:09:48:38 -0300] "POST /cormun/servlet/vesolicitudgral?ee487a2fd6dedfcd04846afe210027d1,2018,10253,,,gx-no-cache=1521031554489 HTTP/1.1" 200 107
192.168.10.61 - - [14/Mar/2018:09:48:38 -0300] "GET /cormun/servlet/solicitudgral?UPD,2018,10253, HTTP/1.1" 200 12886
192.168.10.61 - - [14/Mar/2018:09:48:38 -0300] "GET /cormun/static/gxcfg.js?20181911354237 HTTP/1.1" 304 -
192.168.10.61 - - [14/Mar/2018:09:48:38 -0300] "GET /cormun/static/solicitudgral.js?20181911354326 HTTP/1.1" 304 -
192.168.10.61 - - [14/Mar/2018:09:48:39 -0300] "GET /cormun/servlet/solicitudgral?UPD,2018,10253, HTTP/1.1" 200 12887
192.168.10.61 - - [14/Mar/2018:09:48:39 -0300] "POST /cormun/servlet/solicitudgral?gx-no-cache=1521031555709 HTTP/1.1" 200 3891
192.168.10.61 - - [14/Mar/2018:09:48:39 -0300] "GET /cormun/servlet/solicitudgral?528749de0f0abdfbef84cfc57ce8b44b494712b7d518e22131e4263f657be49fef5b6fc37ff8f7594a00e2c9a5417c4eba0326d79cb1973373df33889a6a8cb9f963a74314bc44736834af88628652840b5104433d5c04ebb2a4ca128c59d0483e801ed46491720f6e060b3f90381361c65f034808a75e74345a8b012cf4503b26a2e568f6aa9919b819e0821da92e80f14f12f8e7e7aa49efd351458a53c31007fd4a551d9263582e271f08111672e3e23e6f65d484b0b7c6ad637dbb58a064112725edba3d60980c12bf34a557556ce2badb6f5a998dc2cafe033e1af2dc1b3500d425e6eabf1382998cb008d6b2294f1c24006e7b219d51d0b57596701080ea345ec329e7ec753704121c10ee390baee8fc7c4f79ebb059e66e6a1a9b8f2548057128f620fabfcddf98504634f9c5431fa05194abec99858d6ab072bae4da996196a7fc563a0cf41d6799c546b83a,gx-no-cache=1521031555891 HTTP/1.1" 200 297
192.168.10.61 - - [14/Mar/2018:09:48:41 -0300] "GET /cormun/servlet/solicitudgral?528749de0f0abdfbef84cfc57ce8b44ba35fc4fdfad1ba21a4b477fba59019dca977c940e17f92bdc6f003597083373f96dbfb212000c7db23e9933e730d77e8caff4d485025f9b71c4cdbc739ace474824168959d74f0b0fb6190ccb70915bc24bfe01340695ea0df2797bbd4820aaf1038b5919dac58198c97286bd463d8b83364e146824766837aac91a9de78d387c4179e3c91595f9ab71849be0c7c79b952c488337c4a26524981764aaddea88e005fd762cefc167888c2958416344370762e465fbef6603034e0d2ce32b352d5351c77bffdbc8fe49fae919ee7843b5d547fbf7a7010502041b0b1c89a1631d833aaab782d23c8afbfe378faf07189536ce2951028eede2e6a58d8c11781efac0f7f7d860d5cff7d4f63c8769be6a0873799f78ac4e7a3e23b6a188506389a708f9c9b3abfd5f02dc0f7451472322271c605ced4147ee14362542a81e4e15d3dd06faec2052833e6e924d49e7f899b64fa231becdca61ae58d783c5a96fba28e162f663b6d8bd1bfcef96e8f72b3c3dc23efa28e6a3c41961e16bfdb14351708733ec037db9d8050594f6ed8624d851203405ba9f609cee2c5ff7256f96ad3c6,gx-no-cache=1521031557466 HTTP/1.1" 200 48
186.67.164.142 - - [14/Mar/2018:09:48:50 -0300] "POST /cormun/servlet/trsolicitudot?a8f7913fdaf411c722f665f383492d45,gx-no-cache=1521031679086 HTTP/1.1" 200 5711
186.67.164.142 - - [14/Mar/2018:09:48:50 -0300] "GET /cormun/static/Shared/jqueryui/images/ui-bg_highlight-soft_100_c6c2c8_1x100.png HTTP/1.1" 404 1117
186.67.164.142 - - [14/Mar/2018:09:48:50 -0300] "GET /cormun/static/Shared/jqueryui/images/ui-icons_82798d_256x240.png HTTP/1.1" 404 1089
186.67.164.142 - - [14/Mar/2018:09:48:50 -0300] "GET /cormun/static/Shared/jqueryui/images/ui-bg_flat_55_fafafa_40x100.png HTTP/1.1" 404 1097
186.67.164.142 - - [14/Mar/2018:09:48:50 -0300] "GET /cormun/static/Shared/jqueryui/images/ui-icons_8d78a5_256x240.png HTTP/1.1" 404 1089
186.67.164.142 - - [14/Mar/2018:09:48:50 -0300] "POST /cormun/servlet/trsolicitudot?a8f7913fdaf411c722f665f383492d45,gx-no-cache=1521031680219 HTTP/1.1" 200 5652
186.103.159.204 - - [14/Mar/2018:09:48:52 -0300] "GET /cormun/servlet/trrenuncias? HTTP/1.1" 200 6985
186.103.159.204 - - [14/Mar/2018:09:48:53 -0300] "GET /cormun/servlet/trrenuncias? HTTP/1.1" 200 6985
192.168.10.61 - - [14/Mar/2018:09:48:59 -0300] "GET /cormun/servlet/vesolicitudgral?2018,10253,, HTTP/1.1" 200 9019
192.168.10.61 - - [14/Mar/2018:09:48:59 -0300] "GET /cormun/pexe_scrolldiv.js HTTP/1.1" 404 1009
192.168.10.61 - - [14/Mar/2018:09:48:59 -0300] "GET /cormun/servlet/vesolicitudgral?2018,10253,, HTTP/1.1" 200 9018
192.168.10.61 - - [14/Mar/2018:09:49:00 -0300] "GET /cormun/servlet/trsolicitudgral? HTTP/1.1" 200 11595
192.168.10.61 - - [14/Mar/2018:09:49:01 -0300] "GET /cormun/servlet/trsolicitudgral? HTTP/1.1" 200 11593
190.151.100.218 - - [14/Mar/2018:09:49:03 -0300] "GET /cormun/servlet/solicitudotadjuntos?a3ddbc388bd2485ba6e88ab41593c812f8ef16d02dd7aa3cc1a5bd56ed97a884066f5c32fafed8b0232ec2fb86e40b2e,gx-no-cache=1521031689852 HTTP/1.1" 200 30
190.151.100.218 - - [14/Mar/2018:09:49:03 -0300] "GET /cormun/servlet/solicitudotadjuntos?a3ddbc388bd2485ba6e88ab41593c812f8ef16d02dd7aa3cc1a5bd56ed97a884066f5c32fafed8b0232ec2fb86e40b2e,gx-no-cache=1521031691122 HTTP/1.1" 200 30
190.151.100.218 - - [14/Mar/2018:09:49:06 -0300] "POST /cormun/servlet/solicitudotadjuntos?76036e32b845ef2ad370725cbe7f1740,INS,2018,10443,,1, HTTP/1.1" 200 6516
190.151.100.218 - - [14/Mar/2018:09:49:06 -0300] "GET /cormun/PrivateTempStorage/upload_00010359.jpg HTTP/1.1" 200 129585
192.168.10.61 - - [14/Mar/2018:09:49:25 -0300] "GET /cormun/servlet/vesolicitudgral?2018,9965,, HTTP/1.1" 200 9042
192.168.10.61 - - [14/Mar/2018:09:49:25 -0300] "GET /cormun/pexe_scrolldiv.js HTTP/1.1" 404 1009
192.168.10.61 - - [14/Mar/2018:09:49:25 -0300] "GET /cormun/pexe_scrolldiv.js HTTP/1.1" 404 1009
192.168.10.61 - - [14/Mar/2018:09:49:25 -0300] "GET /cormun/servlet/vesolicitudgral?2018,9965,, HTTP/1.1" 200 9041
192.168.10.61 - - [14/Mar/2018:09:49:31 -0300] "GET /cormun/servlet/trsolicitudgral? HTTP/1.1" 200 11595
192.168.10.61 - - [14/Mar/2018:09:49:31 -0300] "GET /cormun/servlet/trsolicitudgral? HTTP/1.1" 200 11593
186.103.159.204 - - [14/Mar/2018:09:49:41 -0300] "GET /cormun/servlet/renuncias?INS,0, HTTP/1.1" 200 6253
186.103.159.204 - - [14/Mar/2018:09:49:41 -0300] "GET /cormun/servlet/renuncias?INS,0, HTTP/1.1" 200 6253
192.168.10.61 - - [14/Mar/2018:09:49:43 -0300] "GET /cormun/servlet/solicitudgral?UPD,2018,10253, HTTP/1.1" 200 12867
192.168.10.61 - - [14/Mar/2018:09:49:43 -0300] "GET /cormun/servlet/solicitudgral?UPD,2018,10253, HTTP/1.1" 200 12877
186.103.159.204 - - [14/Mar/2018:09:49:43 -0300] "GET /cormun/servlet/renuncias?078ecac41130af88c60f6f8d6e13af2a78bfa3863b4229c537491e0e8856c9a7b8d68be16d3b2410fffc9fb23052af7a,gx-no-cache=1521031733550 HTTP/1.1" 200 33
192.168.10.61 - - [14/Mar/2018:09:49:44 -0300] "POST /cormun/servlet/solicitudgral?gx-no-cache=1521031620136 HTTP/1.1" 200 3891
192.168.10.61 - - [14/Mar/2018:09:49:44 -0300] "GET /cormun/servlet/solicitudgral?528749de0f0abdfbef84cfc57ce8b44b494712b7d518e22131e4263f657be49fef5b6fc37ff8f7594a00e2c9a5417c4eba0326d79cb1973373df33889a6a8cb9f963a74314bc44736834af88628652840b5104433d5c04ebb2a4ca128c59d0483e801ed46491720f6e060b3f90381361c65f034808a75e74345a8b012cf4503b26a2e568f6aa9919b819e0821da92e80f14f12f8e7e7aa49efd351458a53c31007fd4a551d9263582e271f08111672e3e23e6f65d484b0b7c6ad637dbb58a064112725edba3d60980c12bf34a557556ce2badb6f5a998dc2cafe033e1af2dc1b3500d425e6eabf1382998cb008d6b2294f1c24006e7b219d51d0b57596701080ea345ec329e7ec753704121c10ee390baee8fc7c4f79ebb059e66e6a1a9b8f2548057128f620fabfcddf98504634f9c5431fa05194abec99858d6ab072bae4da996196a7fc563a0cf41d6799c546b83a,gx-no-cache=1521031620263 HTTP/1.1" 200 297
192.168.10.61 - - [14/Mar/2018:09:49:45 -0300] "GET /cormun/servlet/solicitudgral?528749de0f0abdfbef84cfc57ce8b44ba35fc4fdfad1ba21a4b477fba59019dca977c940e17f92bdc6f003597083373f96dbfb212000c7db23e9933e730d77e8caff4d485025f9b71c4cdbc739ace474824168959d74f0b0fb6190ccb70915bc24bfe01340695ea0df2797bbd4820aaf1038b5919dac58198c97286bd463d8b83364e146824766837aac91a9de78d387c4179e3c91595f9ab71849be0c7c79b952c488337c4a26524981764aaddea88e005fd762cefc167888c2958416344370762e465fbef6603034e0d2ce32b352d5351c77bffdbc8fe49fae919ee7843b5d547fbf7a7010502041b0b1c89a1631d833aaab782d23c8afbfe378faf07189536ce2951028eede2e6a58d8c11781efac0f7f7d860d5cff7d4f63c8769be6a0873799f78ac4e7a3e23b6a188506389a708f9c9b3abfd5f02dc0f7451472322271c605ced4147ee14362542a81e4e15d3dd06faec2052833e6e924d49e7f899b64fa231becdca61ae58d783c5a96fba28e162f663b6d8bd1bfcef96e8f72b3c3dc23efa28e6a3c41961e16bfdb14351708733ec037db9d8050594f6ed8624d851203405ba9f609cee2c5ff7256f96ad3c6,gx-no-cache=1521031621637 HTTP/1.1" 200 48
192.168.10.61 - - [14/Mar/2018:09:49:50 -0300] "POST /cormun/servlet/solicitudgral?ee487a2fd6dedfcd04846afe210027d1,UPD,2018,10253,,gx-no-cache=1521031626164 HTTP/1.1" 200 11793
192.168.10.61 - - [14/Mar/2018:09:49:50 -0300] "GET /cormun/servlet/solicitudgral?528749de0f0abdfbef84cfc57ce8b44be9a78978b9029b0c281672410eef305591ed9959953d7420d64c0637d958fd0981ffeda8c20dbf908dbfc93f18939f9df3d1fd1c9eeb4c1fd6a609abd346f8e13ec1a0316a0bf5605e87d89892e4e5083a98563ccf2d0331f87eba8f8df116a5,gx-no-cache=1521031626423 HTTP/1.1" 200 29
192.168.10.61 - - [14/Mar/2018:09:49:50 -0300] "POST /cormun/servlet/solicitudgral?gx-no-cache=1521031626450 HTTP/1.1" 200 1295
192.168.10.61 - - [14/Mar/2018:09:49:50 -0300] "POST /cormun/servlet/solicitudgral?gx-no-cache=1521031626488 HTTP/1.1" 200 1218
192.168.10.61 - - [14/Mar/2018:09:49:58 -0300] "POST /cormun/servlet/solicitudgral?ee487a2fd6dedfcd04846afe210027d1,UPD,2018,10253,,gx-no-cache=1521031634906 HTTP/1.1" 200 93
192.168.10.61 - - [14/Mar/2018:09:49:58 -0300] "GET /cormun/servlet/hpexe_return? HTTP/1.1" 200 1016
192.168.10.61 - - [14/Mar/2018:09:49:58 -0300] "GET /cormun/static/gxcfg.js?2016101716175148 HTTP/1.1" 304 -
192.168.10.61 - - [14/Mar/2018:09:49:59 -0300] "GET /cormun/servlet/trsolicitudgral HTTP/1.1" 200 11597
192.168.10.61 - - [14/Mar/2018:09:49:59 -0300] "GET /cormun/servlet/trsolicitudgral HTTP/1.1" 200 11592
192.168.10.61 - - [14/Mar/2018:09:50:09 -0300] "GET /cormun/servlet/vesolicitudgral?2018,10253,, HTTP/1.1" 200 9015
192.168.10.61 - - [14/Mar/2018:09:50:09 -0300] "GET /cormun/pexe_scrolldiv.js HTTP/1.1" 404 1009
192.168.10.61 - - [14/Mar/2018:09:50:09 -0300] "GET /cormun/pexe_scrolldiv.js HTTP/1.1" 404 1009
192.168.10.61 - - [14/Mar/2018:09:50:09 -0300] "GET /cormun/servlet/vesolicitudgral?2018,10253,, HTTP/1.1" 200 9014
192.168.10.61 - - [14/Mar/2018:09:50:12 -0300] "POST /cormun/servlet/vesolicitudgral?ee487a2fd6dedfcd04846afe210027d1,2018,10253,,,gx-no-cache=1521031648879 HTTP/1.1" 200 11957
192.168.10.61 - - [14/Mar/2018:09:50:12 -0300] "GET /cormun/static/Shared/jqueryui/images/ui-bg_highlight-soft_100_c6c2c8_1x100.png HTTP/1.1" 404 1117
192.168.10.61 - - [14/Mar/2018:09:50:12 -0300] "GET /cormun/static/Shared/jqueryui/images/ui-icons_82798d_256x240.png HTTP/1.1" 404 1089
192.168.10.61 - - [14/Mar/2018:09:50:13 -0300] "GET /cormun/static/Shared/jqueryui/images/ui-bg_flat_55_fafafa_40x100.png HTTP/1.1" 404 1097
192.168.10.61 - - [14/Mar/2018:09:50:13 -0300] "GET /cormun/static/Shared/jqueryui/images/ui-icons_8d78a5_256x240.png HTTP/1.1" 404 1089
192.168.10.61 - - [14/Mar/2018:09:50:13 -0300] "POST /cormun/servlet/vesolicitudgral?ee487a2fd6dedfcd04846afe210027d1,2018,10253,,,gx-no-cache=1521031649252 HTTP/1.1" 200 11891
192.168.10.61 - - [14/Mar/2018:09:50:16 -0300] "POST /cormun/servlet/vesolicitudgral?ee487a2fd6dedfcd04846afe210027d1,2018,10253,,,gx-no-cache=1521031653009 HTTP/1.1" 200 93
192.168.10.61 - - [14/Mar/2018:09:50:16 -0300] "GET /cormun/servlet/hpexe_return? HTTP/1.1" 200 1013
192.168.10.61 - - [14/Mar/2018:09:50:17 -0300] "GET /cormun/servlet/trsolicitudgral HTTP/1.1" 200 11601
192.168.10.61 - - [14/Mar/2018:09:50:17 -0300] "GET /cormun/servlet/trsolicitudgral HTTP/1.1" 200 11596
200.72.197.82 - - [14/Mar/2018:09:50:18 -0300] "GET /cormun/servlet/solicitudotadjuntos?a3ddbc388bd2485ba6e88ab41593c812f8ef16d02dd7aa3cc1a5bd56ed97a884066f5c32fafed8b0232ec2fb86e40b2e,gx-no-cache=1521031766058 HTTP/1.1" 200 30
200.72.197.82 - - [14/Mar/2018:09:50:18 -0300] "GET /cormun/servlet/solicitudotadjuntos?a3ddbc388bd2485ba6e88ab41593c812f8ef16d02dd7aa3cc1a5bd56ed97a884066f5c32fafed8b0232ec2fb86e40b2e,gx-no-cache=1521031766187 HTTP/1.1" 200 30
200.72.197.82 - - [14/Mar/2018:09:50:19 -0300] "POST /cormun/servlet/solicitudotadjuntos?76036e32b845ef2ad370725cbe7f1740,INS,2018,10443,,1, HTTP/1.1" 200 116
200.72.197.82 - - [14/Mar/2018:09:50:19 -0300] "GET /cormun/servlet/hpexe_return? HTTP/1.1" 200 1030
200.72.197.82 - - [14/Mar/2018:09:50:20 -0300] "GET /cormun/servlet/trsolicitudadjuntos?2018,10443, HTTP/1.1" 200 9045
200.72.197.82 - - [14/Mar/2018:09:50:20 -0300] "GET /cormun/servlet/trsolicitudadjuntos?2018,10443, HTTP/1.1" 200 9044
186.103.132.155 - - [14/Mar/2018:09:50:23 -0300] "GET /cormun/servlet/solicitudotadjuntos?INS,2018,10443,,1, HTTP/1.1" 200 6264
186.103.132.155 - - [14/Mar/2018:09:50:23 -0300] "GET /cormun/static/about:blank HTTP/1.1" 404 1011
186.103.132.155 - - [14/Mar/2018:09:50:24 -0300] "GET /cormun/servlet/solicitudotadjuntos?INS,2018,10443,,1, HTTP/1.1" 200 6257
186.103.132.155 - - [14/Mar/2018:09:50:24 -0300] "GET /cormun/servlet/solicitudotadjuntos?a3ddbc388bd2485ba6e88ab41593c8128ab945816ed78f49814d6c39c6ea8dcf0bc3c1f6d53faa617fd2644f01626850,gx-no-cache=1521031772626 HTTP/1.1" 200 30
186.103.132.155 - - [14/Mar/2018:09:50:25 -0300] "POST /cormun/servlet/solicitudotadjuntos?76036e32b845ef2ad370725cbe7f1740,INS,2018,10443,,1,,gx-no-cache=1521031772786 HTTP/1.1" 200 3984
186.103.159.204 - - [14/Mar/2018:09:50:26 -0300] "GET /cormun/servlet/prfichaempleado?,MD,,gxPopupLevel%3D0%3B HTTP/1.1" 200 9247
186.103.132.155 - - [14/Mar/2018:09:50:28 -0300] "POST /cormun/servlet/solicitudotadjuntos?gx-no-cache=1521031776071 HTTP/1.1" 200 26
186.103.132.155 - - [14/Mar/2018:09:50:33 -0300] "GET /cormun/servlet/solicitudotadjuntos?a3ddbc388bd2485ba6e88ab41593c81231bd189861991936094456d142aa10f4,gx-no-cache=1521031781399 HTTP/1.1" 200 30
186.103.132.155 - - [14/Mar/2018:09:50:33 -0300] "GET /cormun/servlet/solicitudotadjuntos?a3ddbc388bd2485ba6e88ab41593c81231bd189861991936094456d142aa10f4,gx-no-cache=1521031781504 HTTP/1.1" 200 30
186.103.132.155 - - [14/Mar/2018:09:50:35 -0300] "POST /cormun/servlet/solicitudotadjuntos?76036e32b845ef2ad370725cbe7f1740,INS,2018,10443,,1, HTTP/1.1" 200 116
186.103.132.155 - - [14/Mar/2018:09:50:35 -0300] "GET /cormun/servlet/hpexe_return? HTTP/1.1" 200 1030
186.103.132.155 - - [14/Mar/2018:09:50:35 -0300] "GET /cormun/servlet/trsolicitudadjuntos?2018,10443, HTTP/1.1" 200 9218
186.103.132.155 - - [14/Mar/2018:09:50:36 -0300] "GET /cormun/servlet/trsolicitudadjuntos?2018,10443, HTTP/1.1" 200 9214
186.67.203.186 - - [14/Mar/2018:09:50:40 -0300] "GET /cormun/servlet/solicitudotadjuntos?INS,2018,10443,,1, HTTP/1.1" 200 6264
186.67.164.142 - - [14/Mar/2018:09:50:41 -0300] "POST /cormun/servlet/trsolicitudot?a8f7913fdaf411c722f665f383492d45,gx-no-cache=1521031786885 HTTP/1.1" 200 5772
186.67.203.186 - - [14/Mar/2018:09:50:41 -0300] "GET /cormun/static/about:blank HTTP/1.1" 404 1011
186.67.203.186 - - [14/Mar/2018:09:50:41 -0300] "GET /cormun/servlet/solicitudotadjuntos?INS,2018,10443,,1, HTTP/1.1" 200 6257
200.111.122.170 - - [14/Mar/2018:09:50:41 -0300] "GET /cormun/servlet/solicitudotadjuntos?a3ddbc388bd2485ba6e88ab41593c8128ab945816ed78f49814d6c39c6ea8dcf0bc3c1f6d53faa617fd2644f01626850,gx-no-cache=1521031789925 HTTP/1.1" 200 30
200.111.122.170 - - [14/Mar/2018:09:50:43 -0300] "POST /cormun/servlet/solicitudotadjuntos?76036e32b845ef2ad370725cbe7f1740,INS,2018,10443,,1,,gx-no-cache=1521031790020 HTTP/1.1" 200 3984
200.111.122.170 - - [14/Mar/2018:09:50:46 -0300] "POST /cormun/servlet/solicitudotadjuntos?gx-no-cache=1521031794281 HTTP/1.1" 200 26
200.111.122.170 - - [14/Mar/2018:09:50:51 -0300] "GET /cormun/servlet/solicitudotadjuntos?a3ddbc388bd2485ba6e88ab41593c81231bd189861991936094456d142aa10f4,gx-no-cache=1521031799498 HTTP/1.1" 200 30
200.111.122.170 - - [14/Mar/2018:09:50:51 -0300] "GET /cormun/servlet/solicitudotadjuntos?a3ddbc388bd2485ba6e88ab41593c81231bd189861991936094456d142aa10f4,gx-no-cache=1521031799572 HTTP/1.1" 200 30
200.111.122.170 - - [14/Mar/2018:09:50:54 -0300] "POST /cormun/servlet/solicitudotadjuntos?76036e32b845ef2ad370725cbe7f1740,INS,2018,10443,,1, HTTP/1.1" 200 116
200.111.122.170 - - [14/Mar/2018:09:50:54 -0300] "GET /cormun/servlet/hpexe_return? HTTP/1.1" 200 1030
200.111.122.170 - - [14/Mar/2018:09:50:55 -0300] "GET /cormun/servlet/trsolicitudadjuntos?2018,10443, HTTP/1.1" 200 9451
200.111.122.170 - - [14/Mar/2018:09:50:55 -0300] "GET /cormun/servlet/trsolicitudadjuntos?2018,10443, HTTP/1.1" 200 9449
186.103.159.204 - - [14/Mar/2018:09:50:57 -0300] "POST /cormun/servlet/prfichaempleado?95141f3446e3dc5590b4c4b28759d517,,MD,,gxPopupLevel%3D0%3B,gx-no-cache=1521031807223 HTTP/1.1" 200 3188
200.111.122.170 - - [14/Mar/2018:09:50:58 -0300] "GET /cormun/servlet/solicitudotadjuntos?INS,2018,10443,,1, HTTP/1.1" 200 6263
200.111.122.170 - - [14/Mar/2018:09:50:58 -0300] "GET /cormun/static/about:blank HTTP/1.1" 404 1011
200.111.122.170 - - [14/Mar/2018:09:50:58 -0300] "GET /cormun/servlet/solicitudotadjuntos?INS,2018,10443,,1, HTTP/1.1" 200 6257
186.103.161.206 - - [14/Mar/2018:09:50:59 -0300] "GET /cormun/servlet/solicitudotadjuntos?a3ddbc388bd2485ba6e88ab41593c8128ab945816ed78f49814d6c39c6ea8dcf0bc3c1f6d53faa617fd2644f01626850,gx-no-cache=1521031807115 HTTP/1.1" 200 30
186.103.161.206 - - [14/Mar/2018:09:51:00 -0300] "POST /cormun/servlet/solicitudotadjuntos?76036e32b845ef2ad370725cbe7f1740,INS,2018,10443,,1,,gx-no-cache=1521031807224 HTTP/1.1" 200 3984
186.103.161.206 - - [14/Mar/2018:09:51:04 -0300] "POST /cormun/servlet/solicitudotadjuntos?gx-no-cache=1521031812100 HTTP/1.1" 200 26
186.103.161.206 - - [14/Mar/2018:09:51:11 -0300] "GET /cormun/servlet/solicitudotadjuntos?a3ddbc388bd2485ba6e88ab41593c81231bd189861991936094456d142aa10f4,gx-no-cache=1521031818558 HTTP/1.1" 200 30
186.103.161.206 - - [14/Mar/2018:09:51:11 -0300] "GET /cormun/servlet/solicitudotadjuntos?a3ddbc388bd2485ba6e88ab41593c81231bd189861991936094456d142aa10f4,gx-no-cache=1521031819535 HTTP/1.1" 200 30
186.103.161.206 - - [14/Mar/2018:09:51:13 -0300] "POST /cormun/servlet/solicitudotadjuntos?76036e32b845ef2ad370725cbe7f1740,INS,2018,10443,,1, HTTP/1.1" 200 116
186.103.161.206 - - [14/Mar/2018:09:51:14 -0300] "GET /cormun/servlet/hpexe_return? HTTP/1.1" 200 1030
186.103.161.206 - - [14/Mar/2018:09:51:14 -0300] "GET /cormun/servlet/trsolicitudadjuntos?2018,10443, HTTP/1.1" 200 9654
186.103.161.206 - - [14/Mar/2018:09:51:15 -0300] "GET /cormun/servlet/trsolicitudadjuntos?2018,10443, HTTP/1.1" 200 9651
186.103.159.204 - - [14/Mar/2018:09:51:15 -0300] "GET /cormun/servlet/trsolicitudot? HTTP/1.1" 200 24065
186.103.159.204 - - [14/Mar/2018:09:51:16 -0300] "GET /cormun/servlet/trsolicitudot? HTTP/1.1" 200 24059
186.67.164.142 - - [14/Mar/2018:09:51:18 -0300] "POST /cormun/servlet/trsolicitudot?a8f7913fdaf411c722f665f383492d45,gx-no-cache=1521031828186 HTTP/1.1" 200 5773
200.72.197.82 - - [14/Mar/2018:09:51:18 -0300] "GET /cormun/servlet/solicitudotadjuntos?INS,2018,10443,,1, HTTP/1.1" 200 6263
200.72.197.82 - - [14/Mar/2018:09:51:19 -0300] "GET /cormun/static/about:blank HTTP/1.1" 404 1011
190.151.100.218 - - [14/Mar/2018:09:51:19 -0300] "GET /cormun/servlet/solicitudotadjuntos?INS,2018,10443,,1, HTTP/1.1" 200 6257
200.72.197.82 - - [14/Mar/2018:09:51:19 -0300] "GET /cormun/servlet/solicitudotadjuntos?a3ddbc388bd2485ba6e88ab41593c8128ab945816ed78f49814d6c39c6ea8dcf0bc3c1f6d53faa617fd2644f01626850,gx-no-cache=1521031827904 HTTP/1.1" 200 30
200.72.197.82 - - [14/Mar/2018:09:51:20 -0300] "POST /cormun/servlet/solicitudotadjuntos?76036e32b845ef2ad370725cbe7f1740,INS,2018,10443,,1,,gx-no-cache=1521031828001 HTTP/1.1" 200 3984
200.72.197.82 - - [14/Mar/2018:09:51:23 -0300] "POST /cormun/servlet/solicitudotadjuntos?gx-no-cache=1521031830831 HTTP/1.1" 200 26
200.72.197.82 - - [14/Mar/2018:09:51:29 -0300] "GET /cormun/servlet/solicitudotadjuntos?a3ddbc388bd2485ba6e88ab41593c81231bd189861991936094456d142aa10f4,gx-no-cache=1521031837151 HTTP/1.1" 200 30
200.72.197.82 - - [14/Mar/2018:09:51:29 -0300] "GET /cormun/servlet/solicitudotadjuntos?a3ddbc388bd2485ba6e88ab41593c81231bd189861991936094456d142aa10f4,gx-no-cache=1521031837237 HTTP/1.1" 200 30
200.72.197.82 - - [14/Mar/2018:09:51:33 -0300] "POST /cormun/servlet/solicitudotadjuntos?76036e32b845ef2ad370725cbe7f1740,INS,2018,10443,,1, HTTP/1.1" 200 116
200.72.197.82 - - [14/Mar/2018:09:51:33 -0300] "GET /cormun/servlet/hpexe_return? HTTP/1.1" 200 1030
200.72.197.82 - - [14/Mar/2018:09:51:34 -0300] "GET /cormun/servlet/trsolicitudadjuntos?2018,10443, HTTP/1.1" 200 9964
200.72.197.82 - - [14/Mar/2018:09:51:35 -0300] "GET /cormun/servlet/trsolicitudadjuntos?2018,10443, HTTP/1.1" 200 9959
190.151.100.218 - - [14/Mar/2018:09:51:37 -0300] "GET /cormun/servlet/solicitudotadjuntos?INS,2018,10443,,2, HTTP/1.1" 200 6263
190.151.100.218 - - [14/Mar/2018:09:51:37 -0300] "GET /cormun/static/about:blank HTTP/1.1" 404 1011
190.151.100.218 - - [14/Mar/2018:09:51:37 -0300] "GET /cormun/servlet/solicitudotadjuntos?INS,2018,10443,,2, HTTP/1.1" 200 6256
186.103.132.155 - - [14/Mar/2018:09:51:38 -0300] "GET /cormun/servlet/solicitudotadjuntos?a3ddbc388bd2485ba6e88ab41593c8128ab945816ed78f49814d6c39c6ea8dcf0bc3c1f6d53faa617fd2644f01626850,gx-no-cache=1521031846037 HTTP/1.1" 200 30
186.103.132.155 - - [14/Mar/2018:09:51:38 -0300] "POST /cormun/servlet/solicitudotadjuntos?76036e32b845ef2ad370725cbe7f1740,INS,2018,10443,,2,,gx-no-cache=1521031846225 HTTP/1.1" 200 4197
186.67.164.142 - - [14/Mar/2018:09:51:48 -0300] "GET /cormun/servlet/trsolicitudot? HTTP/1.1" 200 8571
186.67.164.142 - - [14/Mar/2018:09:51:49 -0300] "GET /cormun/servlet/trsolicitudot? HTTP/1.1" 200 8571
186.103.132.155 - - [14/Mar/2018:09:51:53 -0300] "POST /cormun/servlet/solicitudotadjuntos?76036e32b845ef2ad370725cbe7f1740,INS,2018,10443,,2,,gx-no-cache=1521031860346 HTTP/1.1" 200 93
186.103.132.155 - - [14/Mar/2018:09:51:53 -0300] "GET /cormun/servlet/hpexe_return? HTTP/1.1" 200 1030
186.103.132.155 - - [14/Mar/2018:09:51:53 -0300] "GET /cormun/servlet/trsolicitudadjuntos?2018,10443, HTTP/1.1" 200 9963
186.103.132.155 - - [14/Mar/2018:09:51:54 -0300] "GET /cormun/servlet/trsolicitudadjuntos?2018,10443, HTTP/1.1" 200 9961
186.103.132.155 - - [14/Mar/2018:09:52:01 -0300] "POST /cormun/servlet/trsolicitudadjuntos?76036e32b845ef2ad370725cbe7f1740,2018,10443,,gx-no-cache=1521031868449 HTTP/1.1" 200 90
186.103.132.155 - - [14/Mar/2018:09:52:02 -0300] "GET /cormun/servlet/hpexe_link HTTP/1.1" 200 993
186.103.132.155 - - [14/Mar/2018:09:52:02 -0300] "GET /cormun/servlet/trsolicitudot?gx-no-cache=1521031169201 HTTP/1.1" 200 8796
186.103.132.155 - - [14/Mar/2018:09:52:03 -0300] "GET /cormun/servlet/trsolicitudot?gx-no-cache=1521031169201 HTTP/1.1" 200 8815
186.67.164.142 - - [14/Mar/2018:09:52:05 -0300] "GET /cormun/servlet/trsolicitudot? HTTP/1.1" 200 8571
186.67.164.142 - - [14/Mar/2018:09:52:05 -0300] "GET /cormun/servlet/trsolicitudot? HTTP/1.1" 200 8571
186.103.132.155 - - [14/Mar/2018:09:52:07 -0300] "POST /cormun/servlet/trsolicitudot?76036e32b845ef2ad370725cbe7f1740,gx-no-cache=1521031169201,gx-no-cache=1521031874011 HTTP/1.1" 200 107
186.103.132.155 - - [14/Mar/2018:09:52:07 -0300] "GET /cormun/servlet/trsolicitudadjuntos?2018,10443, HTTP/1.1" 200 9975
186.103.132.155 - - [14/Mar/2018:09:52:09 -0300] "GET /cormun/servlet/trsolicitudadjuntos?2018,10443, HTTP/1.1" 200 9961
186.103.132.155 - - [14/Mar/2018:09:52:12 -0300] "POST /cormun/servlet/trsolicitudadjuntos?76036e32b845ef2ad370725cbe7f1740,2018,10443,,gx-no-cache=1521031879692 HTTP/1.1" 200 90
186.103.132.155 - - [14/Mar/2018:09:52:12 -0300] "GET /cormun/servlet/hpexe_link HTTP/1.1" 200 993
186.103.132.155 - - [14/Mar/2018:09:52:13 -0300] "GET /cormun/servlet/trsolicitudot?gx-no-cache=1521031169201 HTTP/1.1" 200 8796
186.103.132.155 - - [14/Mar/2018:09:52:13 -0300] "GET /cormun/servlet/trsolicitudot?gx-no-cache=1521031169201 HTTP/1.1" 200 8815
186.103.132.155 - - [14/Mar/2018:09:52:17 -0300] "POST /cormun/servlet/trsolicitudot?76036e32b845ef2ad370725cbe7f1740,gx-no-cache=1521031169201,gx-no-cache=1521031884662 HTTP/1.1" 200 4681
186.103.132.155 - - [14/Mar/2018:09:52:17 -0300] "GET /cormun/static/Shared/jqueryui/images/ui-bg_highlight-soft_100_c6c2c8_1x100.png HTTP/1.1" 404 1117
186.103.132.155 - - [14/Mar/2018:09:52:17 -0300] "GET /cormun/static/Shared/jqueryui/images/ui-bg_flat_55_fafafa_40x100.png HTTP/1.1" 404 1097
186.103.161.206 - - [14/Mar/2018:09:52:17 -0300] "GET /cormun/static/Shared/jqueryui/images/ui-icons_8d78a5_256x240.png HTTP/1.1" 404 1089
186.103.132.155 - - [14/Mar/2018:09:52:17 -0300] "GET /cormun/static/Shared/jqueryui/images/ui-icons_82798d_256x240.png HTTP/1.1" 404 1089
190.151.100.218 - - [14/Mar/2018:09:52:18 -0300] "POST /cormun/servlet/trsolicitudot?76036e32b845ef2ad370725cbe7f1740,gx-no-cache=1521031169201,gx-no-cache=1521031885731 HTTP/1.1" 200 4451
186.67.164.142 - - [14/Mar/2018:09:52:18 -0300] "GET /cormun/servlet/solicitudot?INS,0,0, HTTP/1.1" 200 13416
186.67.164.142 - - [14/Mar/2018:09:52:19 -0300] "GET /cormun/servlet/solicitudot?INS,0,0, HTTP/1.1" 200 13421
190.151.100.218 - - [14/Mar/2018:09:52:20 -0300] "GET /cormun/servlet/trautorizarsolicitud? HTTP/1.1" 200 9525
190.151.100.218 - - [14/Mar/2018:09:52:20 -0300] "GET /cormun/static/gxcfg.js?2017111423403364 HTTP/1.1" 304 -
186.103.132.155 - - [14/Mar/2018:09:52:20 -0300] "GET /cormun/static/trautorizarsolicitud.js?201711142340425 HTTP/1.1" 304 -
186.103.132.155 - - [14/Mar/2018:09:52:21 -0300] "GET /cormun/servlet/trautorizarsolicitud? HTTP/1.1" 200 9504
186.103.132.155 - - [14/Mar/2018:09:52:28 -0300] "POST /cormun/servlet/trautorizarsolicitud?76036e32b845ef2ad370725cbe7f1740,,gx-no-cache=1521031895111 HTTP/1.1" 200 6224
186.103.132.155 - - [14/Mar/2018:09:52:28 -0300] "GET /cormun/static/Shared/jqueryui/images/ui-bg_flat_55_fafafa_40x100.png HTTP/1.1" 404 1097
186.103.132.155 - - [14/Mar/2018:09:52:28 -0300] "GET /cormun/static/Shared/jqueryui/images/ui-bg_highlight-soft_100_c6c2c8_1x100.png HTTP/1.1" 404 1117
186.103.161.206 - - [14/Mar/2018:09:52:28 -0300] "GET /cormun/static/Shared/jqueryui/images/ui-icons_8d78a5_256x240.png HTTP/1.1" 404 1089
190.151.100.218 - - [14/Mar/2018:09:52:29 -0300] "GET /cormun/static/Shared/jqueryui/images/ui-icons_82798d_256x240.png HTTP/1.1" 404 1089
186.103.132.155 - - [14/Mar/2018:09:52:29 -0300] "POST /cormun/servlet/trautorizarsolicitud?76036e32b845ef2ad370725cbe7f1740,,gx-no-cache=1521031896252 HTTP/1.1" 200 6168
186.103.132.155 - - [14/Mar/2018:09:52:31 -0300] "POST /cormun/servlet/trautorizarsolicitud?76036e32b845ef2ad370725cbe7f1740,,gx-no-cache=1521031898786 HTTP/1.1" 200 5790
186.103.132.155 - - [14/Mar/2018:09:52:31 -0300] "POST /cormun/servlet/trautorizarsolicitud?76036e32b845ef2ad370725cbe7f1740,,gx-no-cache=1521031899278 HTTP/1.1" 200 5735
186.103.132.155 - - [14/Mar/2018:09:52:33 -0300] "POST /cormun/servlet/trautorizarsolicitud?76036e32b845ef2ad370725cbe7f1740,,gx-no-cache=1521031900397 HTTP/1.1" 200 4625
186.103.132.155 - - [14/Mar/2018:09:52:33 -0300] "POST /cormun/servlet/trautorizarsolicitud?76036e32b845ef2ad370725cbe7f1740,,gx-no-cache=1521031901494 HTTP/1.1" 200 4398
200.120.230.197 - - [14/Mar/2018:09:54:46 -0300] "POST /cormun/servlet/trcontratosolicitud?812e2e386fe3b1275964cd07ec842d53,,gx-no-cache=1521032034137 HTTP/1.1" 200 12409
192.168.10.56 - - [14/Mar/2018:09:55:05 -0300] "POST /cormun/servlet/trsolicitudgral?2d5e895382b3c995e5aff3972bc18f0c,,gx-no-cache=1521031941321 HTTP/1.1" 200 7336
192.168.10.56 - - [14/Mar/2018:09:55:14 -0300] "GET /cormun/servlet/solicitudgral2?UPD,2018,10380, HTTP/1.1" 200 12958
192.168.10.56 - - [14/Mar/2018:09:55:15 -0300] "GET /cormun/servlet/solicitudgral2?UPD,2018,10380, HTTP/1.1" 200 12968
192.168.10.56 - - [14/Mar/2018:09:55:15 -0300] "POST /cormun/servlet/solicitudgral2?gx-no-cache=1521031951881 HTTP/1.1" 200 3901
192.168.10.56 - - [14/Mar/2018:09:55:15 -0300] "GET /cormun/servlet/solicitudgral2?038b893c7e01d19a7fa2bbb0cc4336ec869f94c8d4f8cb0b9f991f9fa9530ead42d7b407394529206884628ebee15d74663fb08546f95eb6d1936b4f4c3dff0c76d2621c82712442d70965f681458d6766fe625e18c6d452abdc6081098ed3f4ee91b33c116ecfb68153afbba5066ae1ffd2c219affbea5f8a5a8a2e162162c0b31c6371475557d14d740c9d3f122fbe41ece765173a2881b3c6b076b46f14d77692cb679c3c193a1b9783f6cc267144e68cb0d24eb5e2e892e44f045895bded075f230f140e1738934d1bf0470ee28dba5f42119fc2143fe7ff913f10df73f5d350231990443fc36642ccb88ba325dab382f61b0c4a1ccd5e89b2cc39e7b6fbb0cbf7e603f73d074dd6eb0eeb5895b53cd32932d1585f441439b9bd18bef743c7a82f9e8ecb9eb13a317410e35198cda67bc77138528676e525935ef118b8dd593869712363f53ebe2b48a0c5d73200,gx-no-cache=1521031952013 HTTP/1.1" 200 256
192.168.10.56 - - [14/Mar/2018:09:55:15 -0300] "POST /cormun/servlet/solicitudgral2?gx-no-cache=1521031952036 HTTP/1.1" 200 1398
192.168.10.56 - - [14/Mar/2018:09:55:15 -0300] "GET /cormun/servlet/solicitudgral2?038b893c7e01d19a7fa2bbb0cc4336ec5a5069154be408e2f107a720270329cd76aa357ff1706a419d5bd4dee89177a5d1a624631957a20fc87374ef310fe3ff954d3b1fc6145a3515335b8a463f3d8bc2401ceee2dd05527cc92b8023831d2a35e84218a9aaf6c8d241a5ed0e1ae4bf,gx-no-cache=1521031952081 HTTP/1.1" 200 41
192.168.10.56 - - [14/Mar/2018:09:55:24 -0300] "POST /cormun/servlet/solicitudgral2?2d5e895382b3c995e5aff3972bc18f0c,UPD,2018,10380,,gx-no-cache=1521031960849 HTTP/1.1" 200 11845
192.168.10.56 - - [14/Mar/2018:09:55:24 -0300] "GET /cormun/servlet/solicitudgral2?038b893c7e01d19a7fa2bbb0cc4336ec55620d7917a71292ed340d6287709da83ef3f9a6f321ea1dd4587be422a203e9d50319d511ed3a76728c3021dc7d539190d8f72829a96be4979137095a8544adc13bca5a62dff408613d788d494172754f055661c930cb2f157b914e6a743e58667f34451936773ad27f558fa799976a3f6cfc48519da46d762a06b06f9e0d1a9a1928ae32cfcbcbd07bcf4c80401e94,gx-no-cache=1521031960995 HTTP/1.1" 200 29
192.168.10.56 - - [14/Mar/2018:09:55:24 -0300] "POST /cormun/servlet/solicitudgral2?gx-no-cache=1521031961010 HTTP/1.1" 200 1295
192.168.10.56 - - [14/Mar/2018:09:55:24 -0300] "POST /cormun/servlet/solicitudgral2?gx-no-cache=1521031961047 HTTP/1.1" 200 1218
186.67.164.142 - - [14/Mar/2018:09:55:38 -0300] "POST /cormun/servlet/solicitudot?gx-no-cache=1521032088261 HTTP/1.1" 200 3422
186.67.164.142 - - [14/Mar/2018:09:55:39 -0300] "POST /cormun/servlet/solicitudot?a8f7913fdaf411c722f665f383492d45,INS,0,0,,gx-no-cache=1521032088748 HTTP/1.1" 200 10397
192.168.10.56 - - [14/Mar/2018:09:55:42 -0300] "GET /cormun/servlet/solicitudgral2?038b893c7e01d19a7fa2bbb0cc4336ec7eefef978200464e68e0dc82d02c3dd2bd326e92dd6c8e3cce388ecd7f7ee56ffcecdbe6ab5ac220d741e213fc79d6129ab17eabce099dba7732f8e915d38c1a611e356de176e567d7a75cda7fb4d9caef69d51f6e1dfdeee8f96dab41a697e17ffe5d7a9cd888e04fef85f529b0172f,gx-no-cache=1521031978293 HTTP/1.1" 200 30
192.168.10.56 - - [14/Mar/2018:09:55:42 -0300] "POST /cormun/servlet/solicitudgral2?2d5e895382b3c995e5aff3972bc18f0c,UPD,2018,10380,,gx-no-cache=1521031978311 HTTP/1.1" 200 93
192.168.10.56 - - [14/Mar/2018:09:55:42 -0300] "GET /cormun/servlet/hpexe_return? HTTP/1.1" 200 1019
192.168.10.56 - - [14/Mar/2018:09:55:42 -0300] "GET /cormun/servlet/trsolicitudgral? HTTP/1.1" 200 10371
192.168.10.56 - - [14/Mar/2018:09:55:42 -0300] "GET /cormun/servlet/trsolicitudgral? HTTP/1.1" 200 10367
192.168.10.56 - - [14/Mar/2018:09:55:46 -0300] "POST /cormun/servlet/trsolicitudgral?2d5e895382b3c995e5aff3972bc18f0c,,gx-no-cache=1521031982380 HTTP/1.1" 200 6135
192.168.10.56 - - [14/Mar/2018:09:55:46 -0300] "GET /cormun/static/Shared/jqueryui/images/ui-bg_highlight-soft_100_c6c2c8_1x100.png HTTP/1.1" 404 1117
192.168.10.56 - - [14/Mar/2018:09:55:46 -0300] "GET /cormun/static/Shared/jqueryui/images/ui-icons_82798d_256x240.png HTTP/1.1" 404 1089
192.168.10.56 - - [14/Mar/2018:09:55:46 -0300] "GET /cormun/static/Shared/jqueryui/images/ui-icons_8d78a5_256x240.png HTTP/1.1" 404 1089
192.168.10.56 - - [14/Mar/2018:09:55:46 -0300] "GET /cormun/static/Shared/jqueryui/images/ui-bg_flat_55_fafafa_40x100.png HTTP/1.1" 404 1097
186.67.164.142 - - [14/Mar/2018:09:55:55 -0300] "GET /cormun/servlet/solicitudot?590325a85599074d5ae6e6485f17d0b6f7a1b314d1b088eede256874344a06bdeec5ff459a4cab73f1e8cfe5162fa53a,gx-no-cache=1521032105718 HTTP/1.1" 200 30
186.67.164.142 - - [14/Mar/2018:09:55:55 -0300] "GET /cormun/servlet/solicitudot?590325a85599074d5ae6e6485f17d0b601fba2b2d4d0a472957d300d7801a1cccbb5cbcaea9a8c9b123cd43836c13a380e254f1c4e75970179b929ba05b9ac89,gx-no-cache=1521032105833 HTTP/1.1" 200 30
186.67.164.142 - - [14/Mar/2018:09:55:56 -0300] "GET /cormun/servlet/solicitudot?590325a85599074d5ae6e6485f17d0b628141ea77e2086001e0148463aa37917,gx-no-cache=1521032105921 HTTP/1.1" 200 53
186.67.164.142 - - [14/Mar/2018:09:55:56 -0300] "POST /cormun/servlet/solicitudot?gx-no-cache=1521032106016 HTTP/1.1" 200 297
186.67.164.142 - - [14/Mar/2018:09:55:56 -0300] "GET /cormun/servlet/solicitudot?590325a85599074d5ae6e6485f17d0b6149e8cfbc9d735bba69a3a4504bca6acca088ee8c38363db76fb152aa24b72c3a7ed256d059e12984116b1b13d74d4833ed83d545ba719b62d1dc2e0c0833f809286964c099ec9c169b6ee0231cec3011011103c15e972503d6937d422940e49f5df269eec7c71127e73bf21d0bb3693f69be44009a5df894f08753f7b143d79d94efdddbc0c1e19548af41335e033fa5c060591dda4b9aee0d72b49b2d67572e654c832596306e30728ee9e619afb675c8608fff98b9293b98b6447f71132dba2fd9ced0aca4295e8311c2aeef71f4f5b997f10cde6000525cb58443f7f3b59ed5c0cf9c310765948a249ed85a792d71b73ed4eb0076dfbee6daea6422e1659d69ad6b77ffe7c61ad093a259a41baf0afeb3fb0ea9ceb36ced08f7f4c7ffef6e053bb5b438605f83f390dff9f31e77551fd4ce5a54a842eb3a6c47dce42cf4ade94710afcc7c4ec15b388c936eac5418ce732c1c594051e42153c4ffad9fe067ca4083e046ad8616243a43039755498777ef9a3adfff3f238741a4584e7de22,gx-no-cache=1521032106110 HTTP/1.1" 200 30
192.168.10.56 - - [14/Mar/2018:09:55:57 -0300] "POST /cormun/servlet/trsolicitudgral?2d5e895382b3c995e5aff3972bc18f0c,,gx-no-cache=1521031993598 HTTP/1.1" 200 5928
192.168.10.56 - - [14/Mar/2018:09:56:02 -0300] "POST /cormun/servlet/trsolicitudgral?2d5e895382b3c995e5aff3972bc18f0c,,gx-no-cache=1521031998582 HTTP/1.1" 200 5925
186.67.164.142 - - [14/Mar/2018:09:56:10 -0300] "POST /cormun/servlet/solicitudot?gx-no-cache=1521032120207 HTTP/1.1" 200 30
186.67.164.142 - - [14/Mar/2018:09:56:11 -0300] "GET /cormun/servlet/prsolicitudot?17873491,,,,,MD,,gxPopupLevel%3D0%3B HTTP/1.1" 200 6038
186.67.164.142 - - [14/Mar/2018:09:56:11 -0300] "GET /cormun/static/gxcfg.js?2017111422591492 HTTP/1.1" 304 -
192.168.10.56 - - [14/Mar/2018:09:56:15 -0300] "POST /cormun/servlet/trsolicitudgral?2d5e895382b3c995e5aff3972bc18f0c,,gx-no-cache=1521032011911 HTTP/1.1" 200 5927
186.67.164.142 - - [14/Mar/2018:09:56:19 -0300] "POST /cormun/servlet/solicitudot?gx-no-cache=1521032128698 HTTP/1.1" 200 1336
186.67.164.142 - - [14/Mar/2018:09:56:19 -0300] "POST /cormun/servlet/solicitudot?gx-no-cache=1521032129129 HTTP/1.1" 200 38
186.67.164.142 - - [14/Mar/2018:09:56:19 -0300] "GET /cormun/servlet/solicitudot?590325a85599074d5ae6e6485f17d0b66da6a6658f6a0cf0a6f8561d99274ffd6f8ffb9cedfae820c756e2943b46d145c74c7ce9e5446d9d4dc871ca0b41e54aae8ba6f338105ddd38b49feb3665591fb096cc17af6f7cacc77260c94b1aca674fc5743e5d81febe1fe22082c7ce1b03,gx-no-cache=1521032129611 HTTP/1.1" 200 29
186.67.164.142 - - [14/Mar/2018:09:56:19 -0300] "POST /cormun/servlet/solicitudot?gx-no-cache=1521032129702 HTTP/1.1" 200 1318
186.67.164.142 - - [14/Mar/2018:09:56:20 -0300] "POST /cormun/servlet/solicitudot?gx-no-cache=1521032129904 HTTP/1.1" 200 1218
186.67.164.142 - - [14/Mar/2018:09:56:20 -0300] "GET /cormun/servlet/solicitudot?590325a85599074d5ae6e6485f17d0b668d72f22cbec41aa97265d90477bf3a1,gx-no-cache=1521032130437 HTTP/1.1" 200 30
186.67.164.142 - - [14/Mar/2018:09:56:20 -0300] "GET /cormun/servlet/prcontratosol?17873491,,,,,MD,,gxPopupLevel%3D0%3B HTTP/1.1" 200 7650
186.67.164.142 - - [14/Mar/2018:09:56:20 -0300] "GET /cormun/static/gxcfg.js?201761413223964 HTTP/1.1" 200 953
192.168.10.56 - - [14/Mar/2018:09:56:21 -0300] "POST /cormun/servlet/trsolicitudgral?2d5e895382b3c995e5aff3972bc18f0c,,gx-no-cache=1521032017895 HTTP/1.1" 200 5930
192.168.10.56 - - [14/Mar/2018:09:56:31 -0300] "POST /cormun/servlet/trsolicitudgral?2d5e895382b3c995e5aff3972bc18f0c,,gx-no-cache=1521032027438 HTTP/1.1" 200 7300
200.86.99.60 - - [14/Mar/2018:09:56:44 -0300] "GET /cormun/servlet/hlogin HTTP/1.1" 200 1713
192.168.10.56 - - [14/Mar/2018:09:56:45 -0300] "POST /cormun/servlet/trsolicitudgral?2d5e895382b3c995e5aff3972bc18f0c,,gx-no-cache=1521032042031 HTTP/1.1" 200 7286
200.86.99.60 - - [14/Mar/2018:09:56:46 -0300] "POST /cormun/servlet/hlogin?045868cd908e7ea30022b472f332e7b4,gx-no-cache=1521032158124 HTTP/1.1" 200 90
200.86.99.60 - - [14/Mar/2018:09:56:46 -0300] "GET /cormun/servlet/hpexe_link HTTP/1.1" 200 945
200.86.99.60 - - [14/Mar/2018:09:56:47 -0300] "GET /cormun/static/gxcfg.js?20177612121792 HTTP/1.1" 200 953
200.86.99.60 - - [14/Mar/2018:09:56:47 -0300] "GET /cormun/static/hpexe_link.js?20177612121795 HTTP/1.1" 200 625
200.86.99.60 - - [14/Mar/2018:09:56:47 -0300] "GET /cormun/servlet/hhome HTTP/1.1" 200 4146
200.86.99.60 - - [14/Mar/2018:09:56:47 -0300] "GET /cormun/static/gxcfg.js?20175251212442 HTTP/1.1" 200 953
200.86.99.60 - - [14/Mar/2018:09:56:47 -0300] "GET /cormun/static/PXToolsJavascripts/pexe_cookies.js HTTP/1.1" 200 792
200.86.99.60 - - [14/Mar/2018:09:56:47 -0300] "GET /cormun/static/PXToolsJavascripts/pexe_menudivfix.js HTTP/1.1" 200 333
200.86.99.60 - - [14/Mar/2018:09:56:47 -0300] "GET /cormun/static/PXToolsJavascripts/pexe_oav.js HTTP/1.1" 200 645
200.86.99.60 - - [14/Mar/2018:09:56:47 -0300] "GET /cormun/static/PXToolsJavascripts/pexe_picture.js HTTP/1.1" 200 689
200.86.99.60 - - [14/Mar/2018:09:56:47 -0300] "GET /cormun/static/PXToolsJavascripts/pexe_oavdivfix.js HTTP/1.1" 200 639
200.86.99.60 - - [14/Mar/2018:09:56:47 -0300] "GET /cormun/static/PXToolsJavascripts/pexe_tabdivfix.js HTTP/1.1" 200 876
200.86.99.60 - - [14/Mar/2018:09:56:47 -0300] "GET /cormun/static/PXToolsJavascripts/PXToolsJavascriptsRender.js HTTP/1.1" 200 367
200.86.99.60 - - [14/Mar/2018:09:56:47 -0300] "GET /cormun/static/RunJS/RunJS.js HTTP/1.1" 200 288
200.86.99.60 - - [14/Mar/2018:09:56:47 -0300] "GET /cormun/static/hhome.js?20175251212450 HTTP/1.1" 200 777
200.86.99.60 - - [14/Mar/2018:09:56:47 -0300] "GET /cormun/static/Resources/PXToolsHeaderActionsLeft.png HTTP/1.1" 200 1118
200.86.99.60 - - [14/Mar/2018:09:56:47 -0300] "GET /cormun/static/Resources/PXToolsFooterBackground2.png HTTP/1.1" 200 1172
200.86.99.60 - - [14/Mar/2018:09:56:47 -0300] "GET /cormun/static/Resources/PXToolsHeaderHome.png HTTP/1.1" 200 4147
200.86.99.60 - - [14/Mar/2018:09:56:47 -0300] "GET /cormun/static/Resources/PXToolsHeaderBackground2.png HTTP/1.1" 200 1174
200.86.99.60 - - [14/Mar/2018:09:56:47 -0300] "GET /cormun/static/Resources/PXToolsDataTitle.png HTTP/1.1" 200 1173
200.86.99.60 - - [14/Mar/2018:09:56:47 -0300] "GET /cormun/static/Resources/PXToolsHeaderActionsBackground.png HTTP/1.1" 200 484
200.86.99.60 - - [14/Mar/2018:09:56:47 -0300] "GET /cormun/static/Resources/PXToolsHeaderActionsRight.png HTTP/1.1" 200 1201
200.86.99.60 - - [14/Mar/2018:09:56:47 -0300] "GET /cormun/static/Resources/logo4.png HTTP/1.1" 200 6582
200.86.99.60 - - [14/Mar/2018:09:56:47 -0300] "GET /cormun/static/Resources/PXToolsHeaderSecurity.png HTTP/1.1" 200 4166
200.86.99.60 - - [14/Mar/2018:09:56:47 -0300] "GET /cormun/static/Resources/PXToolsHeaderLogin.png HTTP/1.1" 200 4279
200.86.99.60 - - [14/Mar/2018:09:56:47 -0300] "GET /cormun/static/Resources/PXToolsHeaderPreferences.png HTTP/1.1" 200 4189
200.86.99.60 - - [14/Mar/2018:09:56:47 -0300] "GET /cormun/static/hpexe_messagecontroller.js?20177611595012 HTTP/1.1" 200 870
200.86.99.60 - - [14/Mar/2018:09:56:47 -0300] "GET /cormun/static/hpexe_messagepopupcomponent.js?20161017169425 HTTP/1.1" 200 605
200.86.99.60 - - [14/Mar/2018:09:56:47 -0300] "GET /cormun/static/hpexe_messagegenexuscomponent.js?201752511465344 HTTP/1.1" 200 587
200.86.99.60 - - [14/Mar/2018:09:56:48 -0300] "GET /cormun/servlet/hhome HTTP/1.1" 200 4142
200.86.99.60 - - [14/Mar/2018:09:56:48 -0300] "GET /cormun/static/SmoothNavMenu/resources/images/right.gif HTTP/1.1" 200 860
200.86.99.60 - - [14/Mar/2018:09:56:48 -0300] "GET /cormun/static/SmoothNavMenu/resources/images/down.gif HTTP/1.1" 200 854
192.168.10.56 - - [14/Mar/2018:09:56:50 -0300] "POST /cormun/servlet/trsolicitudgral?2d5e895382b3c995e5aff3972bc18f0c,,gx-no-cache=1521032046721 HTTP/1.1" 200 6135
192.168.10.56 - - [14/Mar/2018:09:56:56 -0300] "POST /cormun/servlet/trsolicitudgral?2d5e895382b3c995e5aff3972bc18f0c,,gx-no-cache=1521032052191 HTTP/1.1" 200 5926
192.168.10.56 - - [14/Mar/2018:09:57:01 -0300] "POST /cormun/servlet/trsolicitudgral?2d5e895382b3c995e5aff3972bc18f0c,,gx-no-cache=1521032057698 HTTP/1.1" 200 8891
200.86.99.60 - - [14/Mar/2018:09:57:02 -0300] "GET /cormun/servlet/trvisualizadoreventos? HTTP/1.1" 200 6895
200.86.99.60 - - [14/Mar/2018:09:57:03 -0300] "GET /cormun/static/calendar-es.js?85251 HTTP/1.1" 200 1901
200.86.99.60 - - [14/Mar/2018:09:57:03 -0300] "GET /cormun/static/calendar-setup.js?85251 HTTP/1.1" 200 2588
200.86.99.60 - - [14/Mar/2018:09:57:03 -0300] "GET /cormun/static/calendar.js?85251 HTTP/1.1" 200 26246
