200.120.230.197 - - [14/Mar/2018:10:31:07 -0300] "POST /cormun/servlet/solicitudot?gx-no-cache=1521034222509 HTTP/1.1" 200 30
200.120.230.197 - - [14/Mar/2018:10:31:08 -0300] "GET /cormun/servlet/prsolicitudot?15956817,,,,,MD,,gxPopupLevel%3D0%3B HTTP/1.1" 200 6682
200.120.230.197 - - [14/Mar/2018:10:31:14 -0300] "POST /cormun/servlet/solicitudot?gx-no-cache=1521034229999 HTTP/1.1" 200 1337
200.120.230.197 - - [14/Mar/2018:10:31:15 -0300] "POST /cormun/servlet/solicitudot?gx-no-cache=1521034230191 HTTP/1.1" 200 38
200.120.230.197 - - [14/Mar/2018:10:31:15 -0300] "GET /cormun/servlet/solicitudot?8161bfe02a2bacc2f48febd327d89214f65d870c2fcc0cdc7a47ee7cfa21d7514eb5c0a3992e6200f740b5956a2f9dd9306d62b2185148987a691115873c2a131db25cef798335c7a7d1294056f9b91684ae8f3718e24f18a8e5c4e4e0fdd5d1cac6c742b3382610e0e5ee21199d109af29421da3148ee6db04e87ccd8bc997c0b199b656828e650b78ee49ca78c7ebbcf654e02cd5bc2243f5eab1d9bb2dd7b,gx-no-cache=1521034230604 HTTP/1.1" 200 29
200.120.230.197 - - [14/Mar/2018:10:31:15 -0300] "POST /cormun/servlet/solicitudot?gx-no-cache=1521034230703 HTTP/1.1" 200 1319
200.120.230.197 - - [14/Mar/2018:10:31:16 -0300] "POST /cormun/servlet/solicitudot?gx-no-cache=1521034230970 HTTP/1.1" 200 1219
200.120.230.197 - - [14/Mar/2018:10:31:16 -0300] "GET /cormun/servlet/solicitudot?8161bfe02a2bacc2f48febd327d89214cd0b5eac5a3dfb25f451a4d542aa3464c1d548d3d813788c18ae84995b5ce3e3,gx-no-cache=1521034231543 HTTP/1.1" 200 30
200.120.230.197 - - [14/Mar/2018:10:31:30 -0300] "POST /cormun/servlet/solicitudot?gx-no-cache=1521034243636 HTTP/1.1" 200 1319
200.120.230.197 - - [14/Mar/2018:10:31:31 -0300] "POST /cormun/servlet/solicitudot?gx-no-cache=1521034246062 HTTP/1.1" 200 1219
200.120.230.197 - - [14/Mar/2018:10:31:31 -0300] "POST /cormun/servlet/solicitudot?gx-no-cache=1521034246744 HTTP/1.1" 200 33
200.120.230.197 - - [14/Mar/2018:10:31:47 -0300] "POST /cormun/servlet/solicitudot?063429a385fa774d00885938e91cd48e,INS,0,0,,gx-no-cache=1521034262532 HTTP/1.1" 200 93
200.120.230.197 - - [14/Mar/2018:10:31:47 -0300] "GET /cormun/servlet/hpexe_return? HTTP/1.1" 200 1006
200.120.230.197 - - [14/Mar/2018:10:31:48 -0300] "GET /cormun/servlet/trsolicitudot HTTP/1.1" 200 10439
200.120.230.197 - - [14/Mar/2018:10:31:49 -0300] "GET /cormun/servlet/trsolicitudot HTTP/1.1" 200 10434
200.120.230.197 - - [14/Mar/2018:10:31:58 -0300] "GET /cormun/servlet/solicitudot?INS,0,0, HTTP/1.1" 200 13665
200.120.230.197 - - [14/Mar/2018:10:31:59 -0300] "GET /cormun/servlet/solicitudot?INS,0,0, HTTP/1.1" 200 13669
200.120.230.197 - - [14/Mar/2018:10:32:11 -0300] "POST /cormun/servlet/solicitudot?gx-no-cache=1521034284985 HTTP/1.1" 200 3413
200.120.230.197 - - [14/Mar/2018:10:32:11 -0300] "POST /cormun/servlet/solicitudot?063429a385fa774d00885938e91cd48e,INS,0,0,,gx-no-cache=1521034286889 HTTP/1.1" 200 10582
200.120.230.197 - - [14/Mar/2018:10:32:13 -0300] "GET /cormun/servlet/solicitudot?8161bfe02a2bacc2f48febd327d892147919cfad6e084899b6f8f8d3c80f901f338eae34a3119bd78827b39a25cf48cd,gx-no-cache=1521034288926 HTTP/1.1" 200 30
200.120.230.197 - - [14/Mar/2018:10:32:13 -0300] "GET /cormun/servlet/solicitudot?8161bfe02a2bacc2f48febd327d89214c89d9ca3e6360f5ef5254e3de6ddaea03eadc763ee9de49eacb5c54158070c719399da070d47a55ac26f120190757902,gx-no-cache=1521034289060 HTTP/1.1" 200 30
200.120.230.197 - - [14/Mar/2018:10:32:13 -0300] "GET /cormun/servlet/solicitudot?8161bfe02a2bacc2f48febd327d8921482ae38ab6d0ca00bbf2dd8ac7d8fe285,gx-no-cache=1521034289164 HTTP/1.1" 200 51
200.120.230.197 - - [14/Mar/2018:10:32:13 -0300] "POST /cormun/servlet/solicitudot?gx-no-cache=1521034289275 HTTP/1.1" 200 255
200.120.230.197 - - [14/Mar/2018:10:32:14 -0300] "GET /cormun/servlet/solicitudot?8161bfe02a2bacc2f48febd327d89214f7668170dc8afbd9d7c7993088e45e8ec90a58b86e143f06bdb72b37d80f6b2af5b9f972f427d75dfc2dded4a88f7c76f4958c0e5657ab8c74802cf3e9fbc2202697eb0860c19b7795911d70b039d5aa703fa8f328caa9503a06514d4109ddb7028ab90a09f46cf48e9ee93641f0d419e60a207268fde1b8fac3cff4378756ce4a6c3f3084c2f693bd083c4ed75237026b002fa8285e1a74a1e770ff9ed98fc353cc1c28d8408c0d4d86ee899e164e56f3eaf53f58ee06b90e24eb2e58ff0e1d85e8d972349e28d1cdd752bf958a1ed992cf05065ba80f9e1df300738b0cb94e5073a7e2f22ddd7e67dc12f82d1c4b6c9c93adb8fc1cdde7b6fbad550b9cccb014a2d09f891996fffcd4a6b692cdf8c9a846803254266c6732f1e9557c5d4b9b6fb9c3e333e9fdcd81772ad7c234d2e3a667e028f7f694a09ddfdc2b0eb70586bace70e7a9294d99a1f41c643bd84f93345e77a820f9936cbec22569b62548666ce2e7dd3878ad9763ca8faee3553dc8,gx-no-cache=1521034289414 HTTP/1.1" 200 30
200.120.230.197 - - [14/Mar/2018:10:32:17 -0300] "POST /cormun/servlet/solicitudot?gx-no-cache=1521034292381 HTTP/1.1" 200 30
200.120.230.197 - - [14/Mar/2018:10:32:18 -0300] "GET /cormun/servlet/prsolicitudot?13795220,,,,,MD,,gxPopupLevel%3D0%3B HTTP/1.1" 200 6574
200.120.230.197 - - [14/Mar/2018:10:32:22 -0300] "POST /cormun/servlet/solicitudot?gx-no-cache=1521034297418 HTTP/1.1" 200 1336
200.120.230.197 - - [14/Mar/2018:10:32:22 -0300] "POST /cormun/servlet/solicitudot?gx-no-cache=1521034297625 HTTP/1.1" 200 38
200.120.230.197 - - [14/Mar/2018:10:32:22 -0300] "GET /cormun/servlet/solicitudot?8161bfe02a2bacc2f48febd327d89214f65d870c2fcc0cdc7a47ee7cfa21d7514eb5c0a3992e6200f740b5956a2f9dd9306d62b2185148987a691115873c2a131db25cef798335c7a7d1294056f9b91684ae8f3718e24f18a8e5c4e4e0fdd5d1cac6c742b3382610e0e5ee21199d109af29421da3148ee6db04e87ccd8bc997c0b199b656828e650b78ee49ca78c7ebbcf654e02cd5bc2243f5eab1d9bb2dd7b,gx-no-cache=1521034297757 HTTP/1.1" 200 29
200.120.230.197 - - [14/Mar/2018:10:32:22 -0300] "POST /cormun/servlet/solicitudot?gx-no-cache=1521034297865 HTTP/1.1" 200 1318
200.120.230.197 - - [14/Mar/2018:10:32:23 -0300] "POST /cormun/servlet/solicitudot?gx-no-cache=1521034298057 HTTP/1.1" 200 1218
200.120.230.197 - - [14/Mar/2018:10:32:23 -0300] "GET /cormun/servlet/solicitudot?8161bfe02a2bacc2f48febd327d89214cd0b5eac5a3dfb25f451a4d542aa3464c1d548d3d813788c18ae84995b5ce3e3,gx-no-cache=1521034298541 HTTP/1.1" 200 30
200.120.230.197 - - [14/Mar/2018:10:32:32 -0300] "POST /cormun/servlet/solicitudot?gx-no-cache=1521034308096 HTTP/1.1" 200 1317
200.120.230.197 - - [14/Mar/2018:10:32:33 -0300] "POST /cormun/servlet/solicitudot?gx-no-cache=1521034308314 HTTP/1.1" 200 1218
200.120.230.197 - - [14/Mar/2018:10:32:33 -0300] "POST /cormun/servlet/solicitudot?gx-no-cache=1521034308880 HTTP/1.1" 200 33
200.120.230.197 - - [14/Mar/2018:10:32:45 -0300] "POST /cormun/servlet/solicitudot?063429a385fa774d00885938e91cd48e,INS,0,0,,gx-no-cache=1521034319338 HTTP/1.1" 200 93
200.120.230.197 - - [14/Mar/2018:10:32:45 -0300] "GET /cormun/servlet/hpexe_return? HTTP/1.1" 200 1006
200.120.230.197 - - [14/Mar/2018:10:32:46 -0300] "GET /cormun/servlet/trsolicitudot HTTP/1.1" 200 10842
200.120.230.197 - - [14/Mar/2018:10:32:48 -0300] "GET /cormun/servlet/trsolicitudot HTTP/1.1" 200 10837
200.120.230.197 - - [14/Mar/2018:10:32:54 -0300] "GET /cormun/servlet/solicitudot?INS,0,0, HTTP/1.1" 200 13664
200.120.230.197 - - [14/Mar/2018:10:32:55 -0300] "GET /cormun/servlet/solicitudot?INS,0,0, HTTP/1.1" 200 13669
200.120.230.197 - - [14/Mar/2018:10:33:07 -0300] "POST /cormun/servlet/solicitudot?gx-no-cache=1521034339962 HTTP/1.1" 200 3401
200.120.230.197 - - [14/Mar/2018:10:33:08 -0300] "POST /cormun/servlet/solicitudot?063429a385fa774d00885938e91cd48e,INS,0,0,,gx-no-cache=1521034342920 HTTP/1.1" 200 10567
200.120.230.197 - - [14/Mar/2018:10:33:11 -0300] "GET /cormun/servlet/solicitudot?8161bfe02a2bacc2f48febd327d89214c489903dcfe159726d449789fe17d681338eae34a3119bd78827b39a25cf48cd,gx-no-cache=1521034347062 HTTP/1.1" 200 30
200.120.230.197 - - [14/Mar/2018:10:33:11 -0300] "GET /cormun/servlet/solicitudot?8161bfe02a2bacc2f48febd327d892144dc8f8d9925d603738cd4bd1743a6ec3062f6d8b7bab1f0d02c29b2c14d0609a,gx-no-cache=1521034347209 HTTP/1.1" 200 30
200.120.230.197 - - [14/Mar/2018:10:33:11 -0300] "GET /cormun/servlet/solicitudot?8161bfe02a2bacc2f48febd327d89214e8c1fa4212ccead0b43d892a2df639c5,gx-no-cache=1521034347312 HTTP/1.1" 200 60
200.120.230.197 - - [14/Mar/2018:10:33:12 -0300] "POST /cormun/servlet/solicitudot?gx-no-cache=1521034347425 HTTP/1.1" 200 255
200.120.230.197 - - [14/Mar/2018:10:33:13 -0300] "GET /cormun/servlet/solicitudot?8161bfe02a2bacc2f48febd327d89214f7668170dc8afbd9d7c7993088e45e8ec90a58b86e143f06bdb72b37d80f6b2af5b9f972f427d75dfc2dded4a88f7c76f4958c0e5657ab8c74802cf3e9fbc2202697eb0860c19b7795911d70b039d5aa703fa8f328caa9503a06514d4109ddb7028ab90a09f46cf48e9ee93641f0d419e60a207268fde1b8fac3cff4378756ce4a6c3f3084c2f693bd083c4ed75237026b002fa8285e1a74a1e770ff9ed98fc353cc1c28d8408c0d4d86ee899e164e56f3eaf53f58ee06b90e24eb2e58ff0e1d85e8d972349e28d1cdd752bf958a1ed992cf05065ba80f9e1df300738b0cb94e5073a7e2f22ddd7e67dc12f82d1c4b6c9c93adb8fc1cdde7b6fbad550b9cccb014a2d09f891996fffcd4a6b692cdf8c9a846803254266c6732f1e9557c5d4b9b6fb9c3e333e9fdcd81772ad7c234d2e3a667e028f7f694a09ddfdc2b0eb70586bace70e7a9294d99a1f41c643bd84f93345e77a820f9936cbec22569b62548666ce2e7dd3878ad9763ca8faee3553dc8,gx-no-cache=1521034347560 HTTP/1.1" 200 30
200.120.230.197 - - [14/Mar/2018:10:33:17 -0300] "POST /cormun/servlet/solicitudot?gx-no-cache=1521034350573 HTTP/1.1" 200 30
200.120.230.197 - - [14/Mar/2018:10:33:19 -0300] "GET /cormun/servlet/prsolicitudot?15919893,,,,,MD,,gxPopupLevel%3D0%3B HTTP/1.1" 200 6179
200.120.230.197 - - [14/Mar/2018:10:33:33 -0300] "POST /cormun/servlet/solicitudot?gx-no-cache=1521034369096 HTTP/1.1" 200 1336
200.120.230.197 - - [14/Mar/2018:10:33:33 -0300] "POST /cormun/servlet/solicitudot?gx-no-cache=1521034369292 HTTP/1.1" 200 38
200.120.230.197 - - [14/Mar/2018:10:33:34 -0300] "GET /cormun/servlet/solicitudot?8161bfe02a2bacc2f48febd327d89214f65d870c2fcc0cdc7a47ee7cfa21d7514eb5c0a3992e6200f740b5956a2f9dd9306d62b2185148987a691115873c2a131db25cef798335c7a7d1294056f9b91684ae8f3718e24f18a8e5c4e4e0fdd5d1cac6c742b3382610e0e5ee21199d109af29421da3148ee6db04e87ccd8bc997c0b199b656828e650b78ee49ca78c7ebbcf654e02cd5bc2243f5eab1d9bb2dd7b,gx-no-cache=1521034369406 HTTP/1.1" 200 29
200.120.230.197 - - [14/Mar/2018:10:33:34 -0300] "POST /cormun/servlet/solicitudot?gx-no-cache=1521034369512 HTTP/1.1" 200 1318
200.120.230.197 - - [14/Mar/2018:10:33:34 -0300] "POST /cormun/servlet/solicitudot?gx-no-cache=1521034369700 HTTP/1.1" 200 1218
200.120.230.197 - - [14/Mar/2018:10:33:34 -0300] "GET /cormun/servlet/solicitudot?8161bfe02a2bacc2f48febd327d892141db750022a4ed4bc8c29dc58556f3a57,gx-no-cache=1521034370254 HTTP/1.1" 200 30
192.168.10.89 - - [14/Mar/2018:10:33:35 -0300] "POST /cormun/servlet/trsolicitudgral?9747ee834bbd6a7052a28a2dd7f36348,gx-no-cache=1521034251917 HTTP/1.1" 200 8449
200.120.230.197 - - [14/Mar/2018:10:33:38 -0300] "GET /cormun/servlet/trcontratounov2? HTTP/1.1" 200 16304
200.120.230.197 - - [14/Mar/2018:10:33:40 -0300] "GET /cormun/servlet/trcontratounov2? HTTP/1.1" 200 16292
186.79.172.13 - - [14/Mar/2018:10:34:45 -0300] "GET /cormun/servlet/trsolicitudot? HTTP/1.1" 200 10838
186.79.172.13 - - [14/Mar/2018:10:35:03 -0300] "GET /cormun/servlet/trsolicitudot? HTTP/1.1" 200 10838
200.120.230.197 - - [14/Mar/2018:10:35:07 -0300] "GET /cormun/servlet/solicitudot?INS,0,0, HTTP/1.1" 200 13665
200.120.230.197 - - [14/Mar/2018:10:35:08 -0300] "GET /cormun/servlet/solicitudot?INS,0,0, HTTP/1.1" 200 13670
186.79.172.13 - - [14/Mar/2018:10:35:18 -0300] "POST /cormun/servlet/solicitudot?gx-no-cache=1521034472876 HTTP/1.1" 200 3401
200.54.247.70 - - [14/Mar/2018:10:35:32 -0300] "POST /cormun/servlet/solicitudot?gx-no-cache=1521034481848 HTTP/1.1" 440 972
200.54.247.70 - - [14/Mar/2018:10:35:34 -0300] "POST /cormun/servlet/solicitudot?gx-no-cache=1521034483135 HTTP/1.1" 440 972
200.54.247.70 - - [14/Mar/2018:10:35:36 -0300] "GET /cormun/servlet/solicitudot?INS,0,0, HTTP/1.1" 200 12659
200.54.247.70 - - [14/Mar/2018:10:35:36 -0300] "GET /cormun/servlet/solicitudot?02325bd1e8384bacc46918bfca78f880aa86b3f7a62225a5abec096d8cff127c715eb28e8574e5bc95170c7bddbefd54,gx-no-cache=1521034485081 HTTP/1.1" 440 972
200.54.247.70 - - [14/Mar/2018:10:35:37 -0300] "POST /cormun/servlet/solicitudot?gx-no-cache=1521034486533 HTTP/1.1" 440 972
200.54.247.70 - - [14/Mar/2018:10:35:37 -0300] "GET /cormun/servlet/solicitudot?INS,0,0, HTTP/1.1" 200 12659
200.54.247.70 - - [14/Mar/2018:10:35:39 -0300] "POST /cormun/servlet/solicitudot?323ebc60b34d959bffd532e151d8e8d7,INS,0,0,,gx-no-cache=1521034488971 HTTP/1.1" 440 972
200.54.247.70 - - [14/Mar/2018:10:35:39 -0300] "GET /cormun/servlet/solicitudot?INS,0,0, HTTP/1.1" 200 12659
200.54.247.70 - - [14/Mar/2018:10:35:46 -0300] "GET /cormun/servlet/solicitudot?INS,0,0, HTTP/1.1" 200 12658
200.54.247.70 - - [14/Mar/2018:10:35:47 -0300] "GET /cormun/servlet/hlogin HTTP/1.1" 200 1745
186.79.172.13 - - [14/Mar/2018:10:35:49 -0300] "POST /cormun/servlet/solicitudot?063429a385fa774d00885938e91cd48e,INS,0,0,,gx-no-cache=1521034483424 HTTP/1.1" 200 10569
186.79.172.13 - - [14/Mar/2018:10:35:52 -0300] "GET /cormun/servlet/solicitudot?8161bfe02a2bacc2f48febd327d89214c489903dcfe159726d449789fe17d681338eae34a3119bd78827b39a25cf48cd,gx-no-cache=1521034508009 HTTP/1.1" 200 30
186.79.172.13 - - [14/Mar/2018:10:35:53 -0300] "GET /cormun/servlet/solicitudot?8161bfe02a2bacc2f48febd327d892144dc8f8d9925d603738cd4bd1743a6ec3062f6d8b7bab1f0d02c29b2c14d0609a,gx-no-cache=1521034509117 HTTP/1.1" 200 30
186.79.172.13 - - [14/Mar/2018:10:35:54 -0300] "GET /cormun/servlet/solicitudot?8161bfe02a2bacc2f48febd327d89214e8c1fa4212ccead0b43d892a2df639c5,gx-no-cache=1521034509386 HTTP/1.1" 200 60
186.79.172.13 - - [14/Mar/2018:10:35:54 -0300] "POST /cormun/servlet/solicitudot?gx-no-cache=1521034509700 HTTP/1.1" 200 255
186.79.172.13 - - [14/Mar/2018:10:35:54 -0300] "GET /cormun/servlet/solicitudot?8161bfe02a2bacc2f48febd327d89214f7668170dc8afbd9d7c7993088e45e8ec90a58b86e143f06bdb72b37d80f6b2af5b9f972f427d75dfc2dded4a88f7c76f4958c0e5657ab8c74802cf3e9fbc2202697eb0860c19b7795911d70b039d5aa703fa8f328caa9503a06514d4109ddb7028ab90a09f46cf48e9ee93641f0d419e60a207268fde1b8fac3cff4378756ce4a6c3f3084c2f693bd083c4ed75237026b002fa8285e1a74a1e770ff9ed98fc353cc1c28d8408c0d4d86ee899e164e56f3eaf53f58ee06b90e24eb2e58ff0e1d85e8d972349e28d1cdd752bf958a1ed992cf05065ba80f9e1df300738b0cb94e5073a7e2f22ddd7e67dc12f82d1c4b6c9c93adb8fc1cdde7b6fbad550b9cccb014a2d09f891996fffcd4a6b692cdf8c9a846803254266c6732f1e9557c5d4b9b6fb9c3e333e9fdcd81772ad7c234d2e3a667e028f7f694a09ddfdc2b0eb70586bace70e7a9294d99a1f41c643bd84f93345e77a820f9936cbec22569b62548666ce2e7dd3878ad9763ca8faee3553dc8,gx-no-cache=1521034509942 HTTP/1.1" 200 30
186.67.164.142 - - [14/Mar/2018:10:35:56 -0300] "GET /cormun/servlet/trautorizarsolicitud? HTTP/1.1" 200 8630
186.67.164.142 - - [14/Mar/2018:10:35:57 -0300] "GET /cormun/servlet/trautorizarsolicitud? HTTP/1.1" 200 8630
186.67.164.142 - - [14/Mar/2018:10:36:06 -0300] "POST /cormun/servlet/trautorizarsolicitud?36bcad1f198134f699ec6f977555238b,,gx-no-cache=1521034514955 HTTP/1.1" 200 4620
186.67.164.142 - - [14/Mar/2018:10:36:06 -0300] "GET /cormun/static/Shared/jqueryui/images/ui-bg_highlight-soft_100_c6c2c8_1x100.png HTTP/1.1" 404 1117
186.67.164.142 - - [14/Mar/2018:10:36:06 -0300] "GET /cormun/static/Shared/jqueryui/images/ui-icons_82798d_256x240.png HTTP/1.1" 404 1089
186.67.164.142 - - [14/Mar/2018:10:36:06 -0300] "GET /cormun/static/Shared/jqueryui/images/ui-icons_8d78a5_256x240.png HTTP/1.1" 404 1089
186.67.164.142 - - [14/Mar/2018:10:36:06 -0300] "GET /cormun/static/Shared/jqueryui/images/ui-bg_flat_55_fafafa_40x100.png HTTP/1.1" 404 1097
186.67.164.142 - - [14/Mar/2018:10:36:06 -0300] "POST /cormun/servlet/trautorizarsolicitud?36bcad1f198134f699ec6f977555238b,,gx-no-cache=1521034516251 HTTP/1.1" 200 4392
186.79.172.13 - - [14/Mar/2018:10:36:06 -0300] "POST /cormun/servlet/solicitudot?gx-no-cache=1521034512837 HTTP/1.1" 200 30
186.79.172.13 - - [14/Mar/2018:10:36:09 -0300] "GET /cormun/servlet/prsolicitudot?15919893,,,,,MD,,gxPopupLevel%3D0%3B HTTP/1.1" 200 6179
186.79.193.8 - - [14/Mar/2018:10:36:18 -0300] "GET /cormun/servlet/hlogin HTTP/1.1" 200 1725
186.79.172.13 - - [14/Mar/2018:10:36:36 -0300] "POST /cormun/servlet/solicitudot?gx-no-cache=1521034551124 HTTP/1.1" 200 1336
186.79.172.13 - - [14/Mar/2018:10:36:37 -0300] "POST /cormun/servlet/solicitudot?gx-no-cache=1521034551887 HTTP/1.1" 200 38
186.79.172.13 - - [14/Mar/2018:10:36:37 -0300] "GET /cormun/servlet/solicitudot?8161bfe02a2bacc2f48febd327d89214f65d870c2fcc0cdc7a47ee7cfa21d7514eb5c0a3992e6200f740b5956a2f9dd9306d62b2185148987a691115873c2a131db25cef798335c7a7d1294056f9b91684ae8f3718e24f18a8e5c4e4e0fdd5d1cac6c742b3382610e0e5ee21199d109af29421da3148ee6db04e87ccd8bc997c0b199b656828e650b78ee49ca78c7ebbcf654e02cd5bc2243f5eab1d9bb2dd7b,gx-no-cache=1521034552724 HTTP/1.1" 200 29
186.79.172.13 - - [14/Mar/2018:10:36:38 -0300] "POST /cormun/servlet/solicitudot?gx-no-cache=1521034553554 HTTP/1.1" 200 1318
186.79.172.13 - - [14/Mar/2018:10:36:40 -0300] "POST /cormun/servlet/solicitudot?gx-no-cache=1521034556048 HTTP/1.1" 200 1218
186.79.172.13 - - [14/Mar/2018:10:36:41 -0300] "GET /cormun/servlet/solicitudot?8161bfe02a2bacc2f48febd327d892141db750022a4ed4bc8c29dc58556f3a57,gx-no-cache=1521034556552 HTTP/1.1" 200 30
186.79.193.8 - - [14/Mar/2018:10:36:45 -0300] "POST /cormun/servlet/hlogin?e2399a89c5fdb049a51ef9336b28e6a9,gx-no-cache=1521034559428 HTTP/1.1" 200 435
186.79.172.13 - - [14/Mar/2018:10:36:49 -0300] "POST /cormun/servlet/solicitudot?gx-no-cache=1521034564421 HTTP/1.1" 200 30
186.79.193.8 - - [14/Mar/2018:10:36:52 -0300] "POST /cormun/servlet/hlogin?e2399a89c5fdb049a51ef9336b28e6a9,gx-no-cache=1521034566148 HTTP/1.1" 200 435
186.79.172.13 - - [14/Mar/2018:10:36:55 -0300] "POST /cormun/servlet/solicitudot?gx-no-cache=1521034570094 HTTP/1.1" 200 1336
186.79.172.13 - - [14/Mar/2018:10:36:56 -0300] "POST /cormun/servlet/solicitudot?gx-no-cache=1521034571571 HTTP/1.1" 200 38
186.79.193.8 - - [14/Mar/2018:10:37:00 -0300] "GET /cormun/servlet/hlogin HTTP/1.1" 200 1725
186.79.172.13 - - [14/Mar/2018:10:37:06 -0300] "POST /cormun/servlet/solicitudot?gx-no-cache=1521034581110 HTTP/1.1" 200 1318
186.79.172.13 - - [14/Mar/2018:10:37:13 -0300] "POST /cormun/servlet/solicitudot?gx-no-cache=1521034588762 HTTP/1.1" 200 1218
186.79.172.13 - - [14/Mar/2018:10:37:13 -0300] "GET /cormun/static/menuarrow.gif HTTP/1.1" 404 1015
192.168.10.89 - - [14/Mar/2018:10:37:17 -0300] "POST /cormun/servlet/trsolicitudgral?9747ee834bbd6a7052a28a2dd7f36348,gx-no-cache=1521034473214 HTTP/1.1" 200 5929
200.120.230.197 - - [14/Mar/2018:10:37:44 -0300] "POST /cormun/servlet/solicitudot?gx-no-cache=1521034619442 HTTP/1.1" 200 1318
200.120.230.197 - - [14/Mar/2018:10:37:44 -0300] "POST /cormun/servlet/solicitudot?gx-no-cache=1521034619973 HTTP/1.1" 200 1218
200.120.230.197 - - [14/Mar/2018:10:37:46 -0300] "GET /cormun/servlet/solicitudot?8161bfe02a2bacc2f48febd327d89214cd0b5eac5a3dfb25f451a4d542aa3464c1d548d3d813788c18ae84995b5ce3e3,gx-no-cache=1521034621564 HTTP/1.1" 200 30
186.79.193.8 - - [14/Mar/2018:10:37:48 -0300] "POST /cormun/servlet/hlogin?e2399a89c5fdb049a51ef9336b28e6a9,gx-no-cache=1521034622894 HTTP/1.1" 200 90
186.79.193.8 - - [14/Mar/2018:10:37:49 -0300] "GET /cormun/servlet/hpexe_link HTTP/1.1" 200 952
186.79.193.8 - - [14/Mar/2018:10:37:49 -0300] "GET /cormun/servlet/hhome HTTP/1.1" 200 3981
186.79.193.8 - - [14/Mar/2018:10:37:49 -0300] "GET /cormun/servlet/hhome HTTP/1.1" 200 3978
186.79.193.8 - - [14/Mar/2018:10:37:53 -0300] "GET /cormun/servlet/trsolicitudot? HTTP/1.1" 200 8567
186.79.193.8 - - [14/Mar/2018:10:37:53 -0300] "GET /cormun/static/trsolicitudot.js?201711142259839 HTTP/1.1" 304 -
186.79.193.8 - - [14/Mar/2018:10:37:55 -0300] "GET /cormun/static/gxcfg.js?2017111422585916 HTTP/1.1" 304 -
186.79.193.8 - - [14/Mar/2018:10:37:55 -0300] "GET /cormun/servlet/trsolicitudot? HTTP/1.1" 200 8565
200.120.230.197 - - [14/Mar/2018:10:38:00 -0300] "POST /cormun/servlet/solicitudot?gx-no-cache=1521034634373 HTTP/1.1" 200 30
200.120.230.197 - - [14/Mar/2018:10:38:16 -0300] "POST /cormun/servlet/solicitudot?063429a385fa774d00885938e91cd48e,INS,0,0,,gx-no-cache=1521034650802 HTTP/1.1" 200 93
200.120.230.197 - - [14/Mar/2018:10:38:16 -0300] "GET /cormun/servlet/hpexe_return? HTTP/1.1" 200 1006
200.120.230.197 - - [14/Mar/2018:10:38:16 -0300] "GET /cormun/servlet/trsolicitudot HTTP/1.1" 200 11239
200.120.230.197 - - [14/Mar/2018:10:38:18 -0300] "GET /cormun/servlet/trsolicitudot HTTP/1.1" 200 11235
200.120.230.197 - - [14/Mar/2018:10:38:22 -0300] "GET /cormun/servlet/solicitudot?INS,0,0, HTTP/1.1" 200 13665
200.120.230.197 - - [14/Mar/2018:10:38:23 -0300] "GET /cormun/servlet/solicitudot?INS,0,0, HTTP/1.1" 200 13670
186.79.172.13 - - [14/Mar/2018:10:38:36 -0300] "POST /cormun/servlet/solicitudot?gx-no-cache=1521034670576 HTTP/1.1" 200 3392
186.79.193.8 - - [14/Mar/2018:10:38:37 -0300] "POST /cormun/servlet/trsolicitudot?e2399a89c5fdb049a51ef9336b28e6a9,,gx-no-cache=1521034671021 HTTP/1.1" 200 4478
186.79.193.8 - - [14/Mar/2018:10:38:38 -0300] "GET /cormun/static/Shared/jqueryui/images/ui-icons_82798d_256x240.png HTTP/1.1" 404 1089
186.79.193.8 - - [14/Mar/2018:10:38:38 -0300] "GET /cormun/static/Shared/jqueryui/images/ui-icons_8d78a5_256x240.png HTTP/1.1" 404 1089
186.79.193.8 - - [14/Mar/2018:10:38:38 -0300] "GET /cormun/static/Shared/jqueryui/images/ui-bg_highlight-soft_100_c6c2c8_1x100.png HTTP/1.1" 404 1117
186.79.193.8 - - [14/Mar/2018:10:38:38 -0300] "GET /cormun/static/Shared/jqueryui/images/ui-bg_flat_55_fafafa_40x100.png HTTP/1.1" 404 1097
186.79.193.8 - - [14/Mar/2018:10:38:39 -0300] "POST /cormun/servlet/trsolicitudot?e2399a89c5fdb049a51ef9336b28e6a9,,gx-no-cache=1521034672168 HTTP/1.1" 200 4258
186.79.172.13 - - [14/Mar/2018:10:38:47 -0300] "POST /cormun/servlet/solicitudot?063429a385fa774d00885938e91cd48e,INS,0,0,,gx-no-cache=1521034672421 HTTP/1.1" 200 10553
186.79.172.13 - - [14/Mar/2018:10:38:59 -0300] "GET /cormun/servlet/solicitudot?8161bfe02a2bacc2f48febd327d892142c5f38f91e7471c75a8aff3418ac12b4338eae34a3119bd78827b39a25cf48cd,gx-no-cache=1521034694695 HTTP/1.1" 200 30
186.79.172.13 - - [14/Mar/2018:10:38:59 -0300] "GET /cormun/servlet/solicitudot?8161bfe02a2bacc2f48febd327d89214af1fedc724bc902ba297acc4744b477dca2ef37cc098e316504fa4f651d3da72338eae34a3119bd78827b39a25cf48cd,gx-no-cache=1521034694982 HTTP/1.1" 200 30
186.79.172.13 - - [14/Mar/2018:10:38:59 -0300] "GET /cormun/servlet/solicitudot?8161bfe02a2bacc2f48febd327d8921482ae38ab6d0ca00bbf2dd8ac7d8fe285,gx-no-cache=1521034695239 HTTP/1.1" 200 51
186.79.172.13 - - [14/Mar/2018:10:39:00 -0300] "POST /cormun/servlet/solicitudot?gx-no-cache=1521034695509 HTTP/1.1" 200 255
186.79.172.13 - - [14/Mar/2018:10:39:00 -0300] "GET /cormun/servlet/solicitudot?8161bfe02a2bacc2f48febd327d89214f7668170dc8afbd9d7c7993088e45e8ec90a58b86e143f06bdb72b37d80f6b2af5b9f972f427d75dfc2dded4a88f7c76f4958c0e5657ab8c74802cf3e9fbc2202697eb0860c19b7795911d70b039d5aa703fa8f328caa9503a06514d4109ddb7028ab90a09f46cf48e9ee93641f0d419e60a207268fde1b8fac3cff4378756ce4a6c3f3084c2f693bd083c4ed75237026b002fa8285e1a74a1e770ff9ed98fc353cc1c28d8408c0d4d86ee899e164e56f3eaf53f58ee06b90e24eb2e58ff0e1d85e8d972349e28d1cdd752bf958a1ed992cf05065ba80f9e1df300738b0cb94e5073a7e2f22ddd7e67dc12f82d1c4b6c9c93adb8fc1cdde7b6fbad550b9cccb014a2d09f891996fffcd4a6b692cdf8c9a846803254266c6732f1e9557c5d4b9b6fb9c3e333e9fdcd81772ad7c234d2e3a667e028f7f694a09ddfdc2b0eb70586bace70e7a9294d99a1f41c643bd84f93345e77a820f9936cbec22569b62548666ce2e7dd3878ad9763ca8faee3553dc8,gx-no-cache=1521034695798 HTTP/1.1" 200 30
186.79.172.13 - - [14/Mar/2018:10:39:03 -0300] "POST /cormun/servlet/solicitudot?gx-no-cache=1521034698005 HTTP/1.1" 200 30
186.79.172.13 - - [14/Mar/2018:10:39:05 -0300] "GET /cormun/servlet/prsolicitudot?17107585,,,,,MD,,gxPopupLevel%3D0%3B HTTP/1.1" 200 6511
192.168.10.96 - - [14/Mar/2018:10:39:12 -0300] "GET /cormun/servlet/vesolicitudgral?2018,10086,,SolicitudOTAdjuntos HTTP/1.1" 200 9920
192.168.10.96 - - [14/Mar/2018:10:39:12 -0300] "GET /cormun/servlet/hlogin HTTP/1.1" 200 1751
192.168.10.96 - - [14/Mar/2018:10:39:12 -0300] "GET /cormun/servlet/vesolicitudgral?2018,10086,,SolicitudOTAdjuntos HTTP/1.1" 200 9923
186.79.172.13 - - [14/Mar/2018:10:39:13 -0300] "POST /cormun/servlet/solicitudot?gx-no-cache=1521034708739 HTTP/1.1" 200 1337
186.79.172.13 - - [14/Mar/2018:10:39:15 -0300] "POST /cormun/servlet/solicitudot?gx-no-cache=1521034710318 HTTP/1.1" 200 38
186.79.172.13 - - [14/Mar/2018:10:39:15 -0300] "GET /cormun/servlet/solicitudot?8161bfe02a2bacc2f48febd327d89214f65d870c2fcc0cdc7a47ee7cfa21d7514eb5c0a3992e6200f740b5956a2f9dd9306d62b2185148987a691115873c2a131db25cef798335c7a7d1294056f9b91684ae8f3718e24f18a8e5c4e4e0fdd5d1cac6c742b3382610e0e5ee21199d109af29421da3148ee6db04e87ccd8bc997c0b199b656828e650b78ee49ca78c7ebbcf654e02cd5bc2243f5eab1d9bb2dd7b,gx-no-cache=1521034711227 HTTP/1.1" 200 29
186.79.172.13 - - [14/Mar/2018:10:39:16 -0300] "POST /cormun/servlet/solicitudot?gx-no-cache=1521034711479 HTTP/1.1" 200 1319
186.79.172.13 - - [14/Mar/2018:10:39:17 -0300] "POST /cormun/servlet/solicitudot?gx-no-cache=1521034712268 HTTP/1.1" 200 1218
192.168.10.96 - - [14/Mar/2018:10:39:19 -0300] "POST /cormun/servlet/hlogin?158ac9cb28b05a10a16aa02aacd31bee,gx-no-cache=1521034595588 HTTP/1.1" 200 90
192.168.10.96 - - [14/Mar/2018:10:39:19 -0300] "GET /cormun/servlet/hpexe_link HTTP/1.1" 200 973
186.79.172.13 - - [14/Mar/2018:10:39:19 -0300] "GET /cormun/servlet/solicitudot?8161bfe02a2bacc2f48febd327d89214cd0b5eac5a3dfb25f451a4d542aa3464c1d548d3d813788c18ae84995b5ce3e3,gx-no-cache=1521034714897 HTTP/1.1" 200 30
192.168.10.96 - - [14/Mar/2018:10:39:19 -0300] "GET /cormun/servlet/vesolicitudgral?2018,10086,,SolicitudOTAdjuntos HTTP/1.1" 200 11217
192.168.10.96 - - [14/Mar/2018:10:39:19 -0300] "GET /cormun/pexe_scrolldiv.js HTTP/1.1" 404 1009
192.168.10.96 - - [14/Mar/2018:10:39:20 -0300] "GET /cormun/static/Resources/PXToolsFooterBackground2.png HTTP/1.1" 200 1172
192.168.10.96 - - [14/Mar/2018:10:39:20 -0300] "GET /cormun/pexe_scrolldiv.js HTTP/1.1" 404 1009
192.168.10.96 - - [14/Mar/2018:10:39:20 -0300] "GET /cormun/servlet/vesolicitudgral?2018,10086,,SolicitudOTAdjuntos HTTP/1.1" 200 11226
192.168.10.96 - - [14/Mar/2018:10:39:21 -0300] "POST /cormun/servlet/acontrolpreferencessavestate?None,DZAMUDIO,true HTTP/1.1" 200 35
186.79.172.13 - - [14/Mar/2018:10:39:34 -0300] "POST /cormun/servlet/solicitudot?gx-no-cache=1521034729385 HTTP/1.1" 200 1319
186.79.172.13 - - [14/Mar/2018:10:39:34 -0300] "POST /cormun/servlet/solicitudot?gx-no-cache=1521034729897 HTTP/1.1" 200 1218
186.79.172.13 - - [14/Mar/2018:10:39:35 -0300] "POST /cormun/servlet/solicitudot?gx-no-cache=1521034730495 HTTP/1.1" 200 33
200.120.230.197 - - [14/Mar/2018:10:39:56 -0300] "POST /cormun/servlet/solicitudot?063429a385fa774d00885938e91cd48e,INS,0,0,,gx-no-cache=1521034751117 HTTP/1.1" 200 93
200.120.230.197 - - [14/Mar/2018:10:39:56 -0300] "GET /cormun/servlet/hpexe_return? HTTP/1.1" 200 1006
200.120.230.197 - - [14/Mar/2018:10:39:57 -0300] "GET /cormun/servlet/trsolicitudot HTTP/1.1" 200 11643
200.120.230.197 - - [14/Mar/2018:10:39:58 -0300] "GET /cormun/servlet/trsolicitudot HTTP/1.1" 200 11638
192.168.10.96 - - [14/Mar/2018:10:39:58 -0300] "GET /cormun/servlet/trsolicitudgral? HTTP/1.1" 200 29053
192.168.10.96 - - [14/Mar/2018:10:40:00 -0300] "GET /cormun/servlet/trsolicitudgral? HTTP/1.1" 200 29040
192.168.10.96 - - [14/Mar/2018:10:40:08 -0300] "POST /cormun/servlet/trsolicitudgral?158ac9cb28b05a10a16aa02aacd31bee,,gx-no-cache=1521034644319 HTTP/1.1" 200 5949
192.168.10.96 - - [14/Mar/2018:10:40:09 -0300] "POST /cormun/servlet/trsolicitudgral?158ac9cb28b05a10a16aa02aacd31bee,,gx-no-cache=1521034645326 HTTP/1.1" 200 5949
192.168.10.96 - - [14/Mar/2018:10:40:09 -0300] "POST /cormun/servlet/trsolicitudgral?158ac9cb28b05a10a16aa02aacd31bee,,gx-no-cache=1521034645550 HTTP/1.1" 200 5949
192.168.10.96 - - [14/Mar/2018:10:40:09 -0300] "POST /cormun/servlet/trsolicitudgral?158ac9cb28b05a10a16aa02aacd31bee,,gx-no-cache=1521034645761 HTTP/1.1" 200 5949
192.168.10.96 - - [14/Mar/2018:10:40:13 -0300] "POST /cormun/servlet/trsolicitudgral?158ac9cb28b05a10a16aa02aacd31bee,,gx-no-cache=1521034649798 HTTP/1.1" 200 5950
200.120.230.197 - - [14/Mar/2018:10:40:18 -0300] "GET /cormun/servlet/vesolicitudot?2018,10456,, HTTP/1.1" 200 8618
192.168.10.96 - - [14/Mar/2018:10:40:18 -0300] "POST /cormun/servlet/trsolicitudgral?158ac9cb28b05a10a16aa02aacd31bee,,gx-no-cache=1521034654423 HTTP/1.1" 200 7295
200.120.230.197 - - [14/Mar/2018:10:40:18 -0300] "GET /cormun/pexe_scrolldiv.js HTTP/1.1" 404 1009
200.120.230.197 - - [14/Mar/2018:10:40:18 -0300] "GET /cormun/pexe_scrolldiv.js HTTP/1.1" 404 1009
200.120.230.197 - - [14/Mar/2018:10:40:19 -0300] "GET /cormun/servlet/vesolicitudot?2018,10456,, HTTP/1.1" 200 8618
192.168.10.89 - - [14/Mar/2018:10:40:31 -0300] "POST /cormun/servlet/trsolicitudgral?9747ee834bbd6a7052a28a2dd7f36348,gx-no-cache=1521034667146 HTTP/1.1" 200 7646
192.168.10.96 - - [14/Mar/2018:10:40:58 -0300] "POST /cormun/servlet/trsolicitudgral?158ac9cb28b05a10a16aa02aacd31bee,,gx-no-cache=1521034681311 HTTP/1.1" 200 26179
192.168.10.96 - - [14/Mar/2018:10:41:06 -0300] "POST /cormun/servlet/trsolicitudgral?158ac9cb28b05a10a16aa02aacd31bee,,gx-no-cache=1521034699279 HTTP/1.1" 200 26469
192.168.10.96 - - [14/Mar/2018:10:41:21 -0300] "POST /cormun/servlet/trsolicitudgral?158ac9cb28b05a10a16aa02aacd31bee,,gx-no-cache=1521034717192 HTTP/1.1" 200 17458
186.79.172.13 - - [14/Mar/2018:10:41:35 -0300] "POST /cormun/servlet/vesolicitudot?063429a385fa774d00885938e91cd48e,2018,10456,,,gx-no-cache=1521034846231 HTTP/1.1" 200 90
186.79.172.13 - - [14/Mar/2018:10:41:35 -0300] "GET /cormun/servlet/hpexe_link HTTP/1.1" 200 965
186.79.172.13 - - [14/Mar/2018:10:41:36 -0300] "GET /cormun/servlet/trsolicitudot HTTP/1.1" 200 11639
186.79.172.13 - - [14/Mar/2018:10:41:45 -0300] "GET /cormun/servlet/vesolicitudot?2018,10455,, HTTP/1.1" 200 8623
186.79.172.13 - - [14/Mar/2018:10:41:47 -0300] "GET /cormun/pexe_scrolldiv.js HTTP/1.1" 404 1009
186.79.172.13 - - [14/Mar/2018:10:41:48 -0300] "GET /cormun/servlet/trsolicitudot HTTP/1.1" 200 11638
186.79.172.13 - - [14/Mar/2018:10:41:51 -0300] "GET /cormun/servlet/vesolicitudot?2018,10455,, HTTP/1.1" 200 8622
200.120.230.197 - - [14/Mar/2018:10:42:07 -0300] "POST /cormun/servlet/vesolicitudot?063429a385fa774d00885938e91cd48e,2018,10455,,,gx-no-cache=1521034882328 HTTP/1.1" 200 90
200.120.230.197 - - [14/Mar/2018:10:42:07 -0300] "GET /cormun/servlet/hpexe_link HTTP/1.1" 200 964
200.120.230.197 - - [14/Mar/2018:10:42:08 -0300] "GET /cormun/servlet/trsolicitudot HTTP/1.1" 200 11639
200.120.230.197 - - [14/Mar/2018:10:42:09 -0300] "GET /cormun/servlet/trsolicitudot HTTP/1.1" 200 11638
186.79.172.13 - - [14/Mar/2018:10:42:41 -0300] "GET /cormun/servlet/vesolicitudot?2018,10454,, HTTP/1.1" 200 8658
200.120.230.197 - - [14/Mar/2018:10:42:42 -0300] "GET /cormun/pexe_scrolldiv.js HTTP/1.1" 404 1009
186.79.172.13 - - [14/Mar/2018:10:42:52 -0300] "GET /cormun/servlet/vesolicitudot?2018,10454,, HTTP/1.1" 200 8658
200.120.230.197 - - [14/Mar/2018:10:43:11 -0300] "POST /cormun/servlet/vesolicitudot?063429a385fa774d00885938e91cd48e,2018,10454,,,gx-no-cache=1521034945368 HTTP/1.1" 200 90
200.120.230.197 - - [14/Mar/2018:10:43:11 -0300] "GET /cormun/servlet/hpexe_link HTTP/1.1" 200 965
200.120.230.197 - - [14/Mar/2018:10:43:11 -0300] "GET /cormun/servlet/trsolicitudot HTTP/1.1" 200 11639
200.120.230.197 - - [14/Mar/2018:10:43:13 -0300] "GET /cormun/servlet/trsolicitudot HTTP/1.1" 200 11638
186.79.172.13 - - [14/Mar/2018:10:43:17 -0300] "GET /cormun/servlet/vesolicitudot?2018,10453,, HTTP/1.1" 200 8655
186.79.172.13 - - [14/Mar/2018:10:43:17 -0300] "GET /cormun/pexe_scrolldiv.js HTTP/1.1" 404 1009
186.79.172.13 - - [14/Mar/2018:10:43:18 -0300] "GET /cormun/servlet/vesolicitudot?2018,10453,, HTTP/1.1" 200 8655
200.120.230.197 - - [14/Mar/2018:10:43:42 -0300] "POST /cormun/servlet/vesolicitudot?063429a385fa774d00885938e91cd48e,2018,10453,,,gx-no-cache=1521034976992 HTTP/1.1" 200 90
200.120.230.197 - - [14/Mar/2018:10:43:42 -0300] "GET /cormun/servlet/hpexe_link HTTP/1.1" 200 965
200.120.230.197 - - [14/Mar/2018:10:43:42 -0300] "GET /cormun/servlet/trsolicitudot HTTP/1.1" 200 11639
200.120.230.197 - - [14/Mar/2018:10:43:44 -0300] "GET /cormun/servlet/trsolicitudot HTTP/1.1" 200 11638
200.120.230.197 - - [14/Mar/2018:10:43:47 -0300] "GET /cormun/servlet/vesolicitudot?2018,10452,, HTTP/1.1" 200 8617
200.120.230.197 - - [14/Mar/2018:10:43:47 -0300] "GET /cormun/pexe_scrolldiv.js HTTP/1.1" 404 1009
200.120.230.197 - - [14/Mar/2018:10:43:48 -0300] "GET /cormun/pexe_scrolldiv.js HTTP/1.1" 404 1009
200.120.230.197 - - [14/Mar/2018:10:43:49 -0300] "GET /cormun/servlet/vesolicitudot?2018,10452,, HTTP/1.1" 200 8616
200.120.230.197 - - [14/Mar/2018:10:44:07 -0300] "POST /cormun/servlet/vesolicitudot?063429a385fa774d00885938e91cd48e,2018,10452,,,gx-no-cache=1521035002232 HTTP/1.1" 200 90
200.120.230.197 - - [14/Mar/2018:10:44:07 -0300] "GET /cormun/servlet/hpexe_link HTTP/1.1" 200 965
200.120.230.197 - - [14/Mar/2018:10:44:08 -0300] "GET /cormun/servlet/trsolicitudot HTTP/1.1" 200 11639
200.120.230.197 - - [14/Mar/2018:10:44:09 -0300] "GET /cormun/servlet/trsolicitudot HTTP/1.1" 200 11638
200.120.230.197 - - [14/Mar/2018:10:44:13 -0300] "GET /cormun/servlet/vesolicitudot?2018,10451,, HTTP/1.1" 200 8639
200.120.230.197 - - [14/Mar/2018:10:44:13 -0300] "GET /cormun/pexe_scrolldiv.js HTTP/1.1" 404 1009
200.120.230.197 - - [14/Mar/2018:10:44:13 -0300] "GET /cormun/pexe_scrolldiv.js HTTP/1.1" 404 1009
200.120.230.197 - - [14/Mar/2018:10:44:14 -0300] "GET /cormun/servlet/vesolicitudot?2018,10451,, HTTP/1.1" 200 8638
186.79.172.13 - - [14/Mar/2018:10:44:38 -0300] "POST /cormun/servlet/vesolicitudot?063429a385fa774d00885938e91cd48e,2018,10451,,,gx-no-cache=1521035031523 HTTP/1.1" 200 90
186.79.172.13 - - [14/Mar/2018:10:44:38 -0300] "GET /cormun/servlet/hpexe_link HTTP/1.1" 200 964
192.168.10.89 - - [14/Mar/2018:10:44:38 -0300] "POST /cormun/servlet/trsolicitudgral?9747ee834bbd6a7052a28a2dd7f36348,gx-no-cache=1521034914534 HTTP/1.1" 200 11127
186.79.172.13 - - [14/Mar/2018:10:44:38 -0300] "GET /cormun/servlet/trsolicitudot HTTP/1.1" 200 11639
186.79.172.13 - - [14/Mar/2018:10:44:40 -0300] "GET /cormun/servlet/trsolicitudot HTTP/1.1" 200 11638
186.79.172.13 - - [14/Mar/2018:10:44:43 -0300] "GET /cormun/servlet/vesolicitudot?2018,10450,, HTTP/1.1" 200 8644
186.79.172.13 - - [14/Mar/2018:10:44:48 -0300] "GET /cormun/pexe_scrolldiv.js HTTP/1.1" 404 1009
186.79.172.13 - - [14/Mar/2018:10:44:49 -0300] "GET /cormun/servlet/vesolicitudot?2018,10450,, HTTP/1.1" 200 8644
200.120.230.197 - - [14/Mar/2018:10:45:12 -0300] "POST /cormun/servlet/vesolicitudot?063429a385fa774d00885938e91cd48e,2018,10450,,,gx-no-cache=1521035067212 HTTP/1.1" 200 90
200.120.230.197 - - [14/Mar/2018:10:45:12 -0300] "GET /cormun/servlet/hpexe_link HTTP/1.1" 200 964
200.120.230.197 - - [14/Mar/2018:10:45:13 -0300] "GET /cormun/servlet/trsolicitudot HTTP/1.1" 200 11639
200.120.230.197 - - [14/Mar/2018:10:45:14 -0300] "GET /cormun/servlet/trsolicitudot HTTP/1.1" 200 11638
200.120.230.197 - - [14/Mar/2018:10:45:18 -0300] "GET /cormun/servlet/vesolicitudot?2018,10449,, HTTP/1.1" 200 8621
200.120.230.197 - - [14/Mar/2018:10:45:18 -0300] "GET /cormun/pexe_scrolldiv.js HTTP/1.1" 404 1009
200.120.230.197 - - [14/Mar/2018:10:45:19 -0300] "GET /cormun/servlet/vesolicitudot?2018,10449,, HTTP/1.1" 200 8620
200.120.230.197 - - [14/Mar/2018:10:45:53 -0300] "POST /cormun/servlet/vesolicitudot?063429a385fa774d00885938e91cd48e,2018,10449,,,gx-no-cache=1521035107669 HTTP/1.1" 200 90
200.120.230.197 - - [14/Mar/2018:10:45:53 -0300] "GET /cormun/servlet/hpexe_link HTTP/1.1" 200 965
200.120.230.197 - - [14/Mar/2018:10:45:54 -0300] "GET /cormun/servlet/trsolicitudot HTTP/1.1" 200 11639
200.120.230.197 - - [14/Mar/2018:10:45:56 -0300] "GET /cormun/servlet/trsolicitudot HTTP/1.1" 200 11638
200.120.230.197 - - [14/Mar/2018:10:46:28 -0300] "POST /cormun/servlet/trsolicitudot?063429a385fa774d00885938e91cd48e,gx-no-cache=1521035142727 HTTP/1.1" 200 8353
200.120.230.197 - - [14/Mar/2018:10:46:29 -0300] "GET /cormun/static/Shared/jqueryui/images/ui-bg_highlight-soft_100_c6c2c8_1x100.png HTTP/1.1" 404 1117
186.79.172.13 - - [14/Mar/2018:10:46:29 -0300] "GET /cormun/static/Shared/jqueryui/images/ui-icons_82798d_256x240.png HTTP/1.1" 404 1089
200.120.230.197 - - [14/Mar/2018:10:46:29 -0300] "GET /cormun/static/Shared/jqueryui/images/ui-bg_flat_55_fafafa_40x100.png HTTP/1.1" 404 1097
200.120.230.197 - - [14/Mar/2018:10:46:29 -0300] "GET /cormun/static/Shared/jqueryui/images/ui-icons_8d78a5_256x240.png HTTP/1.1" 404 1089
200.120.230.197 - - [14/Mar/2018:10:46:29 -0300] "POST /cormun/servlet/trsolicitudot?063429a385fa774d00885938e91cd48e,gx-no-cache=1521035144728 HTTP/1.1" 200 8295
200.120.230.197 - - [14/Mar/2018:10:46:31 -0300] "POST /cormun/servlet/trsolicitudot?063429a385fa774d00885938e91cd48e,gx-no-cache=1521035146342 HTTP/1.1" 200 7929
192.168.10.89 - - [14/Mar/2018:10:46:31 -0300] "POST /cormun/servlet/trsolicitudgral?9747ee834bbd6a7052a28a2dd7f36348,gx-no-cache=1521035028003 HTTP/1.1" 200 5928
200.120.230.197 - - [14/Mar/2018:10:46:32 -0300] "POST /cormun/servlet/trsolicitudot?063429a385fa774d00885938e91cd48e,gx-no-cache=1521035147247 HTTP/1.1" 200 7871
200.120.230.197 - - [14/Mar/2018:10:46:35 -0300] "POST /cormun/servlet/trsolicitudot?063429a385fa774d00885938e91cd48e,gx-no-cache=1521035149263 HTTP/1.1" 200 7520
200.120.230.197 - - [14/Mar/2018:10:46:36 -0300] "POST /cormun/servlet/trsolicitudot?063429a385fa774d00885938e91cd48e,gx-no-cache=1521035150951 HTTP/1.1" 200 7462
200.120.230.197 - - [14/Mar/2018:10:46:39 -0300] "POST /cormun/servlet/trsolicitudot?063429a385fa774d00885938e91cd48e,gx-no-cache=1521035152952 HTTP/1.1" 200 7117
200.120.230.197 - - [14/Mar/2018:10:46:41 -0300] "POST /cormun/servlet/trsolicitudot?063429a385fa774d00885938e91cd48e,gx-no-cache=1521035155190 HTTP/1.1" 200 7061
200.120.230.197 - - [14/Mar/2018:10:46:43 -0300] "POST /cormun/servlet/trsolicitudot?063429a385fa774d00885938e91cd48e,gx-no-cache=1521035158521 HTTP/1.1" 200 6650
200.120.230.197 - - [14/Mar/2018:10:46:45 -0300] "POST /cormun/servlet/trsolicitudot?063429a385fa774d00885938e91cd48e,gx-no-cache=1521035159908 HTTP/1.1" 200 6595
200.120.230.197 - - [14/Mar/2018:10:46:49 -0300] "POST /cormun/servlet/trsolicitudot?063429a385fa774d00885938e91cd48e,gx-no-cache=1521035164959 HTTP/1.1" 200 6311
200.120.230.197 - - [14/Mar/2018:10:46:51 -0300] "POST /cormun/servlet/trsolicitudot?063429a385fa774d00885938e91cd48e,gx-no-cache=1521035165751 HTTP/1.1" 200 6251
200.120.230.197 - - [14/Mar/2018:10:46:54 -0300] "POST /cormun/servlet/trsolicitudot?063429a385fa774d00885938e91cd48e,gx-no-cache=1521035168702 HTTP/1.1" 200 5900
200.120.230.197 - - [14/Mar/2018:10:46:55 -0300] "POST /cormun/servlet/trsolicitudot?063429a385fa774d00885938e91cd48e,gx-no-cache=1521035169858 HTTP/1.1" 200 5843
200.120.230.197 - - [14/Mar/2018:10:46:56 -0300] "POST /cormun/servlet/trsolicitudot?063429a385fa774d00885938e91cd48e,gx-no-cache=1521035171647 HTTP/1.1" 200 4691
200.120.230.197 - - [14/Mar/2018:10:46:58 -0300] "POST /cormun/servlet/trsolicitudot?063429a385fa774d00885938e91cd48e,gx-no-cache=1521035172537 HTTP/1.1" 200 4450
200.120.230.197 - - [14/Mar/2018:10:47:00 -0300] "GET /cormun/servlet/solicitudot?INS,0,0, HTTP/1.1" 200 13665
200.120.230.197 - - [14/Mar/2018:10:47:02 -0300] "GET /cormun/servlet/solicitudot?INS,0,0, HTTP/1.1" 200 13670
200.120.230.197 - - [14/Mar/2018:10:47:11 -0300] "POST /cormun/servlet/solicitudot?gx-no-cache=1521035186148 HTTP/1.1" 200 3373
200.120.230.197 - - [14/Mar/2018:10:47:11 -0300] "POST /cormun/servlet/solicitudot?063429a385fa774d00885938e91cd48e,INS,0,0,,gx-no-cache=1521035186712 HTTP/1.1" 200 10531
200.120.230.197 - - [14/Mar/2018:10:47:17 -0300] "GET /cormun/servlet/solicitudot?8161bfe02a2bacc2f48febd327d89214d85a661ab990c18ebb5a5281d3438738338eae34a3119bd78827b39a25cf48cd,gx-no-cache=1521035193207 HTTP/1.1" 200 30
200.120.230.197 - - [14/Mar/2018:10:47:31 -0300] "GET /cormun/servlet/solicitudot?8161bfe02a2bacc2f48febd327d89214dfb445d44b9560c15da0b12beb7a230b0858671e21ea89d9b2ad3c9d36ee5ce12cf179f3ef858c1bf8f6dc95f93b56f0eeb33f3fb6db82006487137aa62de600,gx-no-cache=1521035206925 HTTP/1.1" 200 30
200.120.230.197 - - [14/Mar/2018:10:47:32 -0300] "GET /cormun/servlet/solicitudot?8161bfe02a2bacc2f48febd327d89214e9127d86f96df46cbbabb5ae1c5cedfd,gx-no-cache=1521035207356 HTTP/1.1" 200 53
200.120.230.197 - - [14/Mar/2018:10:47:32 -0300] "POST /cormun/servlet/solicitudot?gx-no-cache=1521035207471 HTTP/1.1" 200 255
200.120.230.197 - - [14/Mar/2018:10:47:32 -0300] "GET /cormun/servlet/solicitudot?8161bfe02a2bacc2f48febd327d89214f7668170dc8afbd9d7c7993088e45e8ec90a58b86e143f06bdb72b37d80f6b2af5b9f972f427d75dfc2dded4a88f7c76f4958c0e5657ab8c74802cf3e9fbc2202697eb0860c19b7795911d70b039d5aa703fa8f328caa9503a06514d4109ddb7028ab90a09f46cf48e9ee93641f0d419e60a207268fde1b8fac3cff4378756ce4a6c3f3084c2f693bd083c4ed75237026b002fa8285e1a74a1e770ff9ed98fc353cc1c28d8408c0d4d86ee899e164e56f3eaf53f58ee06b90e24eb2e58ff0e1d85e8d972349e28d1cdd752bf958a1ed992cf05065ba80f9e1df300738b0cb94e5073a7e2f22ddd7e67dc12f82d1c4b6c9c93adb8fc1cdde7b6fbad550b9cccb014a2d09f891996fffcd4a6b692cdf8c9a846803254266c6732f1e9557c5d4b9b6fb9c3e333e9fdcd81772ad7c234d2e3a667e028f7f694a09ddfdc2b0eb70586bace70e7a9294d99a1f41c643bd84f93345e77a820f9936cbec22569b62548666ce2e7dd3878ad9763ca8faee3553dc8,gx-no-cache=1521035207608 HTTP/1.1" 200 30
200.120.230.197 - - [14/Mar/2018:10:47:34 -0300] "POST /cormun/servlet/solicitudot?gx-no-cache=1521035210252 HTTP/1.1" 200 30
200.120.230.197 - - [14/Mar/2018:10:47:36 -0300] "GET /cormun/servlet/prsolicitudot?14049165,,,,,MD,,gxPopupLevel%3D0%3B HTTP/1.1" 200 6288
192.168.10.89 - - [14/Mar/2018:10:47:38 -0300] "POST /cormun/servlet/trsolicitudgral?9747ee834bbd6a7052a28a2dd7f36348,gx-no-cache=1521035094783 HTTP/1.1" 200 8037
200.120.230.197 - - [14/Mar/2018:10:47:40 -0300] "POST /cormun/servlet/solicitudot?gx-no-cache=1521035215849 HTTP/1.1" 200 1337
200.120.230.197 - - [14/Mar/2018:10:47:40 -0300] "POST /cormun/servlet/solicitudot?gx-no-cache=1521035216043 HTTP/1.1" 200 38
200.120.230.197 - - [14/Mar/2018:10:47:40 -0300] "GET /cormun/servlet/solicitudot?8161bfe02a2bacc2f48febd327d89214f65d870c2fcc0cdc7a47ee7cfa21d7514eb5c0a3992e6200f740b5956a2f9dd9306d62b2185148987a691115873c2a131db25cef798335c7a7d1294056f9b91684ae8f3718e24f18a8e5c4e4e0fdd5d1cac6c742b3382610e0e5ee21199d109af29421da3148ee6db04e87ccd8bc997c0b199b656828e650b78ee49ca78c7ebbcf654e02cd5bc2243f5eab1d9bb2dd7b,gx-no-cache=1521035216161 HTTP/1.1" 200 29
200.120.230.197 - - [14/Mar/2018:10:47:40 -0300] "POST /cormun/servlet/solicitudot?gx-no-cache=1521035216268 HTTP/1.1" 200 1319
200.120.230.197 - - [14/Mar/2018:10:47:41 -0300] "POST /cormun/servlet/solicitudot?gx-no-cache=1521035216408 HTTP/1.1" 200 1219
200.120.230.197 - - [14/Mar/2018:10:47:41 -0300] "GET /cormun/servlet/solicitudot?8161bfe02a2bacc2f48febd327d89214cd0b5eac5a3dfb25f451a4d542aa3464c1d548d3d813788c18ae84995b5ce3e3,gx-no-cache=1521035216979 HTTP/1.1" 200 30
186.103.161.206 - - [14/Mar/2018:10:47:43 -0300] "GET /cormun/servlet/solicitudot?INS,0,0, HTTP/1.1" 200 12656
186.103.132.155 - - [14/Mar/2018:10:47:44 -0300] "GET /cormun/servlet/hlogin HTTP/1.1" 200 1744
186.103.161.206 - - [14/Mar/2018:10:47:44 -0300] "GET /cormun/servlet/solicitudot?INS,0,0, HTTP/1.1" 200 12660
200.120.230.197 - - [14/Mar/2018:10:47:58 -0300] "POST /cormun/servlet/solicitudot?gx-no-cache=1521035233549 HTTP/1.1" 200 1319
200.120.230.197 - - [14/Mar/2018:10:47:59 -0300] "POST /cormun/servlet/solicitudot?gx-no-cache=1521035233750 HTTP/1.1" 200 1219
200.120.230.197 - - [14/Mar/2018:10:47:59 -0300] "POST /cormun/servlet/solicitudot?gx-no-cache=1521035234897 HTTP/1.1" 200 33
186.103.132.155 - - [14/Mar/2018:10:47:59 -0300] "POST /cormun/servlet/hlogin?138475c3e4948f6306f3678a4b55d5a6,gx-no-cache=1521035228050 HTTP/1.1" 200 90
186.103.132.155 - - [14/Mar/2018:10:47:59 -0300] "GET /cormun/servlet/hpexe_link HTTP/1.1" 200 964
186.103.132.155 - - [14/Mar/2018:10:48:00 -0300] "GET /cormun/servlet/solicitudot?INS,0,0, HTTP/1.1" 200 13495
186.103.132.155 - - [14/Mar/2018:10:48:01 -0300] "GET /cormun/servlet/solicitudot?INS,0,0, HTTP/1.1" 200 13499
200.120.230.197 - - [14/Mar/2018:10:48:15 -0300] "POST /cormun/servlet/solicitudot?063429a385fa774d00885938e91cd48e,INS,0,0,,gx-no-cache=1521035249333 HTTP/1.1" 200 11966
200.120.230.197 - - [14/Mar/2018:10:48:15 -0300] "GET /cormun/static/Shared/jqueryui/images/ui-bg_flat_55_994d53_40x100.png HTTP/1.1" 404 1097
200.120.230.197 - - [14/Mar/2018:10:48:15 -0300] "GET /cormun/static/Shared/jqueryui/images/ui-icons_ebccce_256x240.png HTTP/1.1" 404 1089
200.111.122.170 - - [14/Mar/2018:10:48:17 -0300] "GET /cormun/servlet/prfichaempleado?,MD,,gxPopupLevel%3D0%3B HTTP/1.1" 200 9375
200.111.122.170 - - [14/Mar/2018:10:48:24 -0300] "POST /cormun/servlet/prfichaempleado?138475c3e4948f6306f3678a4b55d5a6,,MD,,gxPopupLevel%3D0%3B,gx-no-cache=1521035252727 HTTP/1.1" 200 3937
200.120.230.197 - - [14/Mar/2018:10:48:35 -0300] "POST /cormun/servlet/solicitudot?063429a385fa774d00885938e91cd48e,INS,0,0,,gx-no-cache=1521035270302 HTTP/1.1" 200 93
200.120.230.197 - - [14/Mar/2018:10:48:35 -0300] "GET /cormun/servlet/hpexe_return? HTTP/1.1" 200 1027
200.120.230.197 - - [14/Mar/2018:10:48:36 -0300] "GET /cormun/servlet/trsolicitudot?gx-no-cache=1521035172537 HTTP/1.1" 200 7441
200.120.230.197 - - [14/Mar/2018:10:48:37 -0300] "GET /cormun/servlet/trsolicitudot?gx-no-cache=1521035172537 HTTP/1.1" 200 7459
200.120.230.197 - - [14/Mar/2018:10:48:40 -0300] "GET /cormun/servlet/trcontratounov2? HTTP/1.1" 200 16307
200.120.230.197 - - [14/Mar/2018:10:48:42 -0300] "GET /cormun/servlet/trcontratounov2? HTTP/1.1" 200 16277
192.168.10.56 - - [14/Mar/2018:10:48:44 -0300] "GET /cormun/servlet/hlogin HTTP/1.1" 200 1739
190.151.100.218 - - [14/Mar/2018:10:48:46 -0300] "POST /cormun/servlet/solicitudot?138475c3e4948f6306f3678a4b55d5a6,INS,0,0,,gx-no-cache=1521035274071 HTTP/1.1" 200 11552
190.151.100.218 - - [14/Mar/2018:10:48:46 -0300] "GET /cormun/static/Shared/jqueryui/images/ui-bg_highlight-soft_100_c6c2c8_1x100.png HTTP/1.1" 404 1117
186.67.203.186 - - [14/Mar/2018:10:48:46 -0300] "GET /cormun/static/Shared/jqueryui/images/ui-icons_ebccce_256x240.png HTTP/1.1" 404 1089
200.72.197.82 - - [14/Mar/2018:10:48:46 -0300] "GET /cormun/static/Shared/jqueryui/images/ui-icons_82798d_256x240.png HTTP/1.1" 404 1089
200.72.197.82 - - [14/Mar/2018:10:48:46 -0300] "GET /cormun/static/Shared/jqueryui/images/ui-bg_flat_55_994d53_40x100.png HTTP/1.1" 404 1097
200.120.230.197 - - [14/Mar/2018:10:48:49 -0300] "POST /cormun/servlet/trcontratounov2?063429a385fa774d00885938e91cd48e,,gx-no-cache=1521035284165 HTTP/1.1" 200 17496
200.72.197.82 - - [14/Mar/2018:10:48:56 -0300] "POST /cormun/servlet/solicitudot?gx-no-cache=1521035284050 HTTP/1.1" 200 3391
200.72.197.82 - - [14/Mar/2018:10:48:57 -0300] "POST /cormun/servlet/solicitudot?138475c3e4948f6306f3678a4b55d5a6,INS,0,0,,gx-no-cache=1521035284770 HTTP/1.1" 200 11429
200.72.197.82 - - [14/Mar/2018:10:48:57 -0300] "GET /cormun/servlet/solicitudot?5be31f00978c22648500015fb968374948793aef7f4e282cbc76d9c2bc43d5c5545e30cb53e4c395171c2695562b3f43,gx-no-cache=1521035285786 HTTP/1.1" 200 30
200.72.197.82 - - [14/Mar/2018:10:48:57 -0300] "GET /cormun/servlet/solicitudot?5be31f00978c22648500015fb96837496d7d215aabd28565ced21523c472f9c01f55b239fdd7f52abf438a396a4ac1617a51a573f50719a8c9097b18cf886a45,gx-no-cache=1521035285907 HTTP/1.1" 200 30
200.72.197.82 - - [14/Mar/2018:10:48:57 -0300] "GET /cormun/servlet/solicitudot?5be31f00978c22648500015fb9683749be2c709d3bb3367a73ab79d434d9db82,gx-no-cache=1521035286128 HTTP/1.1" 200 29
200.72.197.82 - - [14/Mar/2018:10:48:58 -0300] "POST /cormun/servlet/solicitudot?gx-no-cache=1521035286227 HTTP/1.1" 200 255
200.72.197.82 - - [14/Mar/2018:10:48:58 -0300] "GET /cormun/servlet/solicitudot?5be31f00978c22648500015fb968374934e983acda0f95a1b2484cd9555c570e964ea4e99eae1fd0f4032018b994ab386a4713cad0ec936120dcfd71ad4828a254d79c5dc8fec4ecdaef0b468ea04496befd9888b644d323a73fc50dc9a6852299eb228ebf15035e2867d7edb2141aab2f901355fe6bad5b45b8d6ea1e572f2d3f98f6a230541cbab5bd3d6658612d3d9c197a254d61308760f0335b987433d20088b4b94382c61b32179397dbd8f983ba716e244d50f890ee14ff00b97185d36db89d9d6e5e6b29004ca4164f850f396684f62a39554f7380e21f77b2b68cf7b168f3fc276bc2b35e608428e7deec58867f083272e62adcc0a1c2a9b3b0a81d6444c3c972b4c8c1422bf20c63ff24ac856095c72822bfa1217c7e1b5515f2836ad8d82d4dde5771215b4fc9cb52b70f2e07e30843ffdf9db4f0d57a49ca5c9feca6461bb9e63290eb46b825af794e95ee44ced96dcb575a81a972fb9ae40dd09b7ac9c4826cc034bc72d108461dcc44ba7c06f891c9fbd064f9845b63203632,gx-no-cache=1521035286475 HTTP/1.1" 200 30
200.72.197.82 - - [14/Mar/2018:10:49:05 -0300] "POST /cormun/servlet/solicitudot?gx-no-cache=1521035293791 HTTP/1.1" 200 30
200.72.197.82 - - [14/Mar/2018:10:49:16 -0300] "GET /cormun/servlet/prcontratosol?14203153,,,,,MD,,gxPopupLevel%3D0%3B HTTP/1.1" 200 7737
192.168.10.56 - - [14/Mar/2018:10:49:18 -0300] "POST /cormun/servlet/hlogin?8df37772fec24352cd17053798d6f81e,gx-no-cache=1521035194527 HTTP/1.1" 200 90
192.168.10.56 - - [14/Mar/2018:10:49:18 -0300] "GET /cormun/servlet/hpexe_link HTTP/1.1" 200 949
192.168.10.56 - - [14/Mar/2018:10:49:18 -0300] "GET /cormun/servlet/hhome HTTP/1.1" 200 4482
192.168.10.56 - - [14/Mar/2018:10:49:18 -0300] "GET /cormun/servlet/hhome HTTP/1.1" 200 4478
200.72.197.82 - - [14/Mar/2018:10:49:22 -0300] "POST /cormun/servlet/solicitudot?gx-no-cache=1521035310341 HTTP/1.1" 200 1336
200.72.197.82 - - [14/Mar/2018:10:49:22 -0300] "POST /cormun/servlet/solicitudot?gx-no-cache=1521035310497 HTTP/1.1" 200 38
