200.86.99.60 - - [14/Mar/2018:09:57:03 -0300] "GET /cormun/static/gxdec.js?85251 HTTP/1.1" 200 19579
200.86.99.60 - - [14/Mar/2018:09:57:03 -0300] "GET /cormun/static/trvisualizadoreventos.js?20175251251768 HTTP/1.1" 200 19318
200.86.99.60 - - [14/Mar/2018:09:57:03 -0300] "GET /cormun/static/gxcfg.js?20175251251426 HTTP/1.1" 200 953
200.86.99.60 - - [14/Mar/2018:09:57:03 -0300] "GET /cormun/static/Resources/PXToolsDataSearch.png HTTP/1.1" 200 419
200.86.99.60 - - [14/Mar/2018:09:57:03 -0300] "GET /cormun/static/Resources/PXToolsGridFirstDisabled.gif HTTP/1.1" 200 100
200.86.99.60 - - [14/Mar/2018:09:57:03 -0300] "GET /cormun/static/Resources/PXToolsGridPreviousDisabled.gif HTTP/1.1" 200 90
200.86.99.60 - - [14/Mar/2018:09:57:03 -0300] "GET /cormun/static/Resources/PXToolsGridNextDisabled.gif HTTP/1.1" 200 90
200.86.99.60 - - [14/Mar/2018:09:57:03 -0300] "GET /cormun/static/Resources/PXToolsGridLastDisabled.gif HTTP/1.1" 200 98
200.86.99.60 - - [14/Mar/2018:09:57:03 -0300] "GET /cormun/static/Resources/PXToolsGridPage.gif HTTP/1.1" 200 725
200.86.99.60 - - [14/Mar/2018:09:57:03 -0300] "GET /cormun/static/Resources/PXToolsActionPrint.png HTTP/1.1" 200 3317
200.86.99.60 - - [14/Mar/2018:09:57:03 -0300] "GET /cormun/static/Resources/PXToolsActionExcel.png HTTP/1.1" 200 3187
200.86.99.60 - - [14/Mar/2018:09:57:04 -0300] "GET /cormun/servlet/trvisualizadoreventos? HTTP/1.1" 200 6894
200.86.99.60 - - [14/Mar/2018:09:57:04 -0300] "GET /cormun/static/Shared/ext/resources/themes/images/default/panel/bg-headersPanel.png HTTP/1.1" 200 255
200.86.99.60 - - [14/Mar/2018:09:57:04 -0300] "GET /cormun/static/Shared/ext/resources/themes/images/default/tools/tool-sprites.gif HTTP/1.1" 200 5434
200.86.99.60 - - [14/Mar/2018:09:57:09 -0300] "GET /cormun/static/menuarrow.gif HTTP/1.1" 404 1015
186.67.164.142 - - [14/Mar/2018:09:57:14 -0300] "POST /cormun/servlet/solicitudot?gx-no-cache=1521032181173 HTTP/1.1" 200 1336
186.67.164.142 - - [14/Mar/2018:09:57:14 -0300] "POST /cormun/servlet/solicitudot?gx-no-cache=1521032184358 HTTP/1.1" 200 38
186.67.164.142 - - [14/Mar/2018:09:57:14 -0300] "POST /cormun/servlet/solicitudot?gx-no-cache=1521032184443 HTTP/1.1" 200 1318
200.86.99.60 - - [14/Mar/2018:09:57:14 -0300] "POST /cormun/servlet/trvisualizadoreventos?045868cd908e7ea30022b472f332e7b4,,gx-no-cache=1521032185861 HTTP/1.1" 200 4123
186.67.164.142 - - [14/Mar/2018:09:57:14 -0300] "POST /cormun/servlet/solicitudot?gx-no-cache=1521032184550 HTTP/1.1" 200 1218
186.67.164.142 - - [14/Mar/2018:09:57:15 -0300] "GET /cormun/servlet/solicitudot?590325a85599074d5ae6e6485f17d0b6398de6f71614a9a6afa9437686cdbe2f49bc19da56fae19a057f50099dfa5701,gx-no-cache=1521032184998 HTTP/1.1" 200 30
192.168.10.89 - - [14/Mar/2018:09:57:17 -0300] "POST /cormun/servlet/trsolicitudgral?9747ee834bbd6a7052a28a2dd7f36348,,gx-no-cache=1521032073635 HTTP/1.1" 200 7311
200.86.99.60 - - [14/Mar/2018:09:57:19 -0300] "GET /cormun/servlet/trvisualizadoreventos? HTTP/1.1" 200 6898
192.168.10.56 - - [14/Mar/2018:09:57:19 -0300] "POST /cormun/servlet/trsolicitudgral?2d5e895382b3c995e5aff3972bc18f0c,,gx-no-cache=1521032075683 HTTP/1.1" 200 7770
200.86.99.60 - - [14/Mar/2018:09:57:20 -0300] "GET /cormun/servlet/trvisualizadoreventos? HTTP/1.1" 200 6898
200.86.99.60 - - [14/Mar/2018:09:57:23 -0300] "GET /cormun/servlet/trautorizarsolicitud? HTTP/1.1" 200 7253
200.86.99.60 - - [14/Mar/2018:09:57:23 -0300] "GET /cormun/static/gxcfg.js?2017111423403364 HTTP/1.1" 200 953
200.86.99.60 - - [14/Mar/2018:09:57:24 -0300] "GET /cormun/static/trautorizarsolicitud.js?201711142340425 HTTP/1.1" 200 53910
200.86.99.60 - - [14/Mar/2018:09:57:24 -0300] "GET /cormun/servlet/trautorizarsolicitud? HTTP/1.1" 200 7252
192.168.10.89 - - [14/Mar/2018:09:57:27 -0300] "GET /cormun/servlet/solicitudgral2?UPD,2018,8582, HTTP/1.1" 200 13361
192.168.10.89 - - [14/Mar/2018:09:57:28 -0300] "POST /cormun/servlet/solicitudgral2?gx-no-cache=1521032084400 HTTP/1.1" 200 3906
192.168.10.89 - - [14/Mar/2018:09:57:28 -0300] "GET /cormun/servlet/solicitudgral2?5ed6d2dc06a106fced1c17203e8656a685e6dd40c8da4e66907fb566276fae834cc33e0536aae3a3ccdd6f89a3dd80a4fea62411000eca99a36ef67a51249a4d13e6db335f8e9f5f4ab2bc9ea16086d98f202c10294998450a094f2ef29b98c90aca2291d4e91fce25576a1ffd715017d26e9df2fd3b8052e5694c92a2d7c9d546d4062bd960c36078a2b498c7959cf3345408334021f51d3cd787737845704920ca54cfe3da90673cbdab23e0e66d66a60a05434d3282c576a97508a976e3589c8915a3a82dd6493d7829aa1bcb698dea4286ba9c9d52ed08fc70e673cb56e3a60e49c827b8b047a89412ec8504b7311dad98245f60a2edbd4a3dce795e97118bee2a0620e28ace775966b277694555a2540a5383aa948243fb1516daed47dcacd04012b547187bfe813f986bd2ec6dfe85e8c45a26cbade36c0d12cb8b81d7e47c3a7798e3084377080d8afa28f6fe,gx-no-cache=1521032084571 HTTP/1.1" 200 297
192.168.10.89 - - [14/Mar/2018:09:57:28 -0300] "POST /cormun/servlet/solicitudgral2?gx-no-cache=1521032084593 HTTP/1.1" 200 1399
192.168.10.89 - - [14/Mar/2018:09:57:28 -0300] "GET /cormun/servlet/solicitudgral2?5ed6d2dc06a106fced1c17203e8656a6c02c3e068ddc4fa2562021b1a642e9c27ea337eac3719f28ac0ec3090f6855b052f9915d4e1950ca8d415fe2491a9d1369589c0e88d0158182ac112f65f235b74dbd3b91de9d68cd2d48ea052d870fd2c02cc8689446297218df2ba751232be0,gx-no-cache=1521032084628 HTTP/1.1" 200 41
200.86.99.60 - - [14/Mar/2018:09:57:29 -0300] "GET /cormun/static/menuarrow.gif HTTP/1.1" 404 1015
200.86.99.60 - - [14/Mar/2018:09:57:36 -0300] "POST /cormun/servlet/trautorizarsolicitud?045868cd908e7ea30022b472f332e7b4,,gx-no-cache=1521032206705 HTTP/1.1" 200 4391
200.86.99.60 - - [14/Mar/2018:09:57:45 -0300] "GET /cormun/servlet/trsolicitudot? HTTP/1.1" 200 8745
200.86.99.60 - - [14/Mar/2018:09:57:45 -0300] "GET /cormun/static/gxcfg.js?2017111422585916 HTTP/1.1" 200 953
200.86.99.60 - - [14/Mar/2018:09:57:45 -0300] "GET /cormun/static/trsolicitudot.js?201711142259839 HTTP/1.1" 200 54041
200.86.99.60 - - [14/Mar/2018:09:57:45 -0300] "GET /cormun/static/Resources/PXToolsGridNew.png HTTP/1.1" 200 2949
200.86.99.60 - - [14/Mar/2018:09:57:46 -0300] "GET /cormun//static/Resources/PXToolsActionView.png HTTP/1.1" 200 2995
200.86.99.60 - - [14/Mar/2018:09:57:46 -0300] "GET /cormun/servlet/trsolicitudot? HTTP/1.1" 200 8744
200.86.99.60 - - [14/Mar/2018:09:57:46 -0300] "GET /cormun//static/Resources/PXToolsGridUpdate.png HTTP/1.1" 200 2984
200.86.99.60 - - [14/Mar/2018:09:57:46 -0300] "GET /cormun//static/Resources/PXToolsGridDelete.png HTTP/1.1" 200 357
200.86.99.60 - - [14/Mar/2018:09:57:46 -0300] "GET /cormun//static/Resources/PXTools/ActionInsert.png HTTP/1.1" 200 1482
200.86.99.60 - - [14/Mar/2018:09:57:46 -0300] "GET /cormun//static/Resources/PXToolsRemoveAllAction.png HTTP/1.1" 200 3558
200.86.99.60 - - [14/Mar/2018:09:57:53 -0300] "POST /cormun/servlet/trsolicitudot?045868cd908e7ea30022b472f332e7b4,,gx-no-cache=1521032224063 HTTP/1.1" 200 107
200.86.99.60 - - [14/Mar/2018:09:57:53 -0300] "GET /cormun/servlet/trsolicitudadjuntos?2018,10275, HTTP/1.1" 200 6240
200.86.99.60 - - [14/Mar/2018:09:57:53 -0300] "GET /cormun/static/gxcfg.js?20177612135366 HTTP/1.1" 200 953
200.86.99.60 - - [14/Mar/2018:09:57:54 -0300] "GET /cormun/static/trsolicitudadjuntos.js?20177612135632 HTTP/1.1" 200 17922
200.86.99.60 - - [14/Mar/2018:09:57:54 -0300] "GET /cormun/servlet/trsolicitudadjuntos?2018,10275, HTTP/1.1" 200 6240
192.168.10.89 - - [14/Mar/2018:09:57:56 -0300] "POST /cormun/servlet/solicitudgral2?9747ee834bbd6a7052a28a2dd7f36348,UPD,2018,8582,,gx-no-cache=1521032112849 HTTP/1.1" 200 11880
200.86.99.60 - - [14/Mar/2018:09:58:01 -0300] "GET /cormun/servlet/solicitudotadjuntos?INS,2018,10275,,1, HTTP/1.1" 200 6185
200.86.99.60 - - [14/Mar/2018:09:58:01 -0300] "GET /cormun/static/gxcfg.js?2017761244068 HTTP/1.1" 200 953
200.86.99.60 - - [14/Mar/2018:09:58:01 -0300] "GET /cormun/static/about:blank HTTP/1.1" 404 1011
200.86.99.60 - - [14/Mar/2018:09:58:02 -0300] "GET /cormun/servlet/solicitudotadjuntos?INS,2018,10275,,1, HTTP/1.1" 200 6178
200.86.99.60 - - [14/Mar/2018:09:58:03 -0300] "GET /cormun/servlet/solicitudotadjuntos?fad0b955321bf34ce7ce22be25360966e4412db7caf9bf80ebe65245ad73f68db413e3722e0dfaa31e0a47146042c0e2,gx-no-cache=1521032234446 HTTP/1.1" 200 30
192.168.10.89 - - [14/Mar/2018:09:58:03 -0300] "POST /cormun/servlet/solicitudgral2?9747ee834bbd6a7052a28a2dd7f36348,UPD,2018,8582,,gx-no-cache=1521032119771 HTTP/1.1" 200 93
192.168.10.89 - - [14/Mar/2018:09:58:03 -0300] "GET /cormun/servlet/hpexe_return? HTTP/1.1" 200 1014
200.86.99.60 - - [14/Mar/2018:09:58:03 -0300] "POST /cormun/servlet/solicitudotadjuntos?045868cd908e7ea30022b472f332e7b4,INS,2018,10275,,1,,gx-no-cache=1521032234533 HTTP/1.1" 200 4010
192.168.10.89 - - [14/Mar/2018:09:58:03 -0300] "GET /cormun/servlet/trsolicitudgral? HTTP/1.1" 200 10807
200.86.99.60 - - [14/Mar/2018:09:58:07 -0300] "POST /cormun/servlet/solicitudotadjuntos?gx-no-cache=1521032238913 HTTP/1.1" 200 26
200.86.99.60 - - [14/Mar/2018:09:58:20 -0300] "GET /cormun/servlet/solicitudotadjuntos?fad0b955321bf34ce7ce22be2536096693f80190306b467444689d835c5b342b,gx-no-cache=1521032251505 HTTP/1.1" 200 30
200.86.99.60 - - [14/Mar/2018:09:58:20 -0300] "GET /cormun/servlet/solicitudotadjuntos?fad0b955321bf34ce7ce22be2536096693f80190306b467444689d835c5b342b,gx-no-cache=1521032251584 HTTP/1.1" 200 30
200.86.99.60 - - [14/Mar/2018:09:58:23 -0300] "POST /cormun/servlet/solicitudotadjuntos?045868cd908e7ea30022b472f332e7b4,INS,2018,10275,,1, HTTP/1.1" 200 116
200.86.99.60 - - [14/Mar/2018:09:58:23 -0300] "GET /cormun/servlet/hpexe_return? HTTP/1.1" 200 1020
200.86.99.60 - - [14/Mar/2018:09:58:24 -0300] "GET /cormun/static/gxcfg.js?2016101716175148 HTTP/1.1" 304 -
200.86.99.60 - - [14/Mar/2018:09:58:24 -0300] "GET /cormun/servlet/trsolicitudadjuntos?2018,10275, HTTP/1.1" 200 8722
200.86.99.60 - - [14/Mar/2018:09:58:25 -0300] "GET /cormun/servlet/trsolicitudadjuntos?2018,10275, HTTP/1.1" 200 8717
200.86.99.60 - - [14/Mar/2018:09:58:29 -0300] "GET /cormun/servlet/solicitudotadjuntos?INS,2018,10275,,1, HTTP/1.1" 200 6185
200.86.99.60 - - [14/Mar/2018:09:58:29 -0300] "GET /cormun/static/about:blank HTTP/1.1" 404 1011
200.86.99.60 - - [14/Mar/2018:09:58:30 -0300] "GET /cormun/servlet/solicitudotadjuntos?INS,2018,10275,,1, HTTP/1.1" 200 6178
200.86.99.60 - - [14/Mar/2018:09:58:31 -0300] "GET /cormun/servlet/solicitudotadjuntos?fad0b955321bf34ce7ce22be25360966e4412db7caf9bf80ebe65245ad73f68db413e3722e0dfaa31e0a47146042c0e2,gx-no-cache=1521032262162 HTTP/1.1" 200 30
200.86.99.60 - - [14/Mar/2018:09:58:32 -0300] "POST /cormun/servlet/solicitudotadjuntos?045868cd908e7ea30022b472f332e7b4,INS,2018,10275,,1,,gx-no-cache=1521032262562 HTTP/1.1" 200 4010
200.86.99.60 - - [14/Mar/2018:09:58:35 -0300] "POST /cormun/servlet/solicitudotadjuntos?gx-no-cache=1521032267121 HTTP/1.1" 200 26
186.67.164.142 - - [14/Mar/2018:09:58:44 -0300] "POST /cormun/servlet/solicitudot?gx-no-cache=1521032273919 HTTP/1.1" 200 1318
186.67.164.142 - - [14/Mar/2018:09:58:44 -0300] "POST /cormun/servlet/solicitudot?gx-no-cache=1521032274226 HTTP/1.1" 200 1218
186.67.164.142 - - [14/Mar/2018:09:58:44 -0300] "POST /cormun/servlet/solicitudot?gx-no-cache=1521032274697 HTTP/1.1" 200 33
200.86.99.60 - - [14/Mar/2018:09:58:46 -0300] "GET /cormun/servlet/solicitudotadjuntos?fad0b955321bf34ce7ce22be2536096693f80190306b467444689d835c5b342b,gx-no-cache=1521032277846 HTTP/1.1" 200 30
200.86.99.60 - - [14/Mar/2018:09:58:46 -0300] "GET /cormun/servlet/solicitudotadjuntos?fad0b955321bf34ce7ce22be2536096693f80190306b467444689d835c5b342b,gx-no-cache=1521032277918 HTTP/1.1" 200 30
200.86.99.60 - - [14/Mar/2018:09:58:47 -0300] "POST /cormun/servlet/solicitudotadjuntos?045868cd908e7ea30022b472f332e7b4,INS,2018,10275,,1,,gx-no-cache=1521032277990 HTTP/1.1" 200 93
200.86.99.60 - - [14/Mar/2018:09:58:47 -0300] "GET /cormun/servlet/hpexe_return? HTTP/1.1" 200 1020
200.86.99.60 - - [14/Mar/2018:09:58:47 -0300] "GET /cormun/servlet/trsolicitudadjuntos?2018,10275, HTTP/1.1" 200 8891
186.67.164.142 - - [14/Mar/2018:09:58:48 -0300] "GET /cormun/static/menuarrow.gif HTTP/1.1" 404 1015
200.86.99.60 - - [14/Mar/2018:09:58:49 -0300] "GET /cormun/servlet/trsolicitudadjuntos?2018,10275, HTTP/1.1" 200 8889
200.86.99.60 - - [14/Mar/2018:09:58:53 -0300] "GET /cormun/servlet/solicitudotadjuntos?INS,2018,10275,,1, HTTP/1.1" 200 6186
200.86.99.60 - - [14/Mar/2018:09:58:53 -0300] "GET /cormun/static/about:blank HTTP/1.1" 404 1011
186.67.164.142 - - [14/Mar/2018:09:58:53 -0300] "GET /cormun/servlet/solicitudot?590325a85599074d5ae6e6485f17d0b6454785e5687728014a7b6de14626cc5581a717d291049231c1fac952bd7ad41a,gx-no-cache=1521032283370 HTTP/1.1" 200 30
186.67.164.142 - - [14/Mar/2018:09:58:53 -0300] "POST /cormun/servlet/solicitudot?gx-no-cache=1521032283525 HTTP/1.1" 200 33
200.86.99.60 - - [14/Mar/2018:09:58:53 -0300] "GET /cormun/servlet/solicitudotadjuntos?INS,2018,10275,,1, HTTP/1.1" 200 6179
200.86.99.60 - - [14/Mar/2018:09:58:54 -0300] "GET /cormun/servlet/solicitudotadjuntos?fad0b955321bf34ce7ce22be25360966e4412db7caf9bf80ebe65245ad73f68db413e3722e0dfaa31e0a47146042c0e2,gx-no-cache=1521032285758 HTTP/1.1" 200 30
200.86.99.60 - - [14/Mar/2018:09:58:54 -0300] "POST /cormun/servlet/solicitudotadjuntos?045868cd908e7ea30022b472f332e7b4,INS,2018,10275,,1,,gx-no-cache=1521032285851 HTTP/1.1" 200 4012
200.86.99.60 - - [14/Mar/2018:09:58:58 -0300] "POST /cormun/servlet/solicitudotadjuntos?gx-no-cache=1521032289502 HTTP/1.1" 200 26
192.168.10.89 - - [14/Mar/2018:09:59:08 -0300] "GET /cormun/servlet/solicitudgral2?UPD,2018,8582, HTTP/1.1" 200 13361
192.168.10.89 - - [14/Mar/2018:09:59:09 -0300] "POST /cormun/servlet/solicitudgral2?gx-no-cache=1521032185637 HTTP/1.1" 200 3901
192.168.10.89 - - [14/Mar/2018:09:59:09 -0300] "GET /cormun/servlet/solicitudgral2?5ed6d2dc06a106fced1c17203e8656a685e6dd40c8da4e66907fb566276fae834cc33e0536aae3a3ccdd6f89a3dd80a4fea62411000eca99a36ef67a51249a4d13e6db335f8e9f5f4ab2bc9ea16086d98f202c10294998450a094f2ef29b98c90aca2291d4e91fce25576a1ffd715017d26e9df2fd3b8052e5694c92a2d7c9d546d4062bd960c36078a2b498c7959cf3345408334021f51d3cd787737845704920ca54cfe3da90673cbdab23e0e66d66a60a05434d3282c576a97508a976e3589c8915a3a82dd6493d7829aa1bcb698dea4286ba9c9d52ed08fc70e673cb56e3a60e49c827b8b047a89412ec8504b7311dad98245f60a2edbd4a3dce795e97118bee2a0620e28ace775966b277694555a2540a5383aa948243fb1516daed47dcacd04012b547187bfe813f986bd2ec6dfe85e8c45a26cbade36c0d12cb8b81d7e47c3a7798e3084377080d8afa28f6fe,gx-no-cache=1521032185820 HTTP/1.1" 200 297
192.168.10.89 - - [14/Mar/2018:09:59:09 -0300] "POST /cormun/servlet/solicitudgral2?gx-no-cache=1521032185845 HTTP/1.1" 200 1399
192.168.10.89 - - [14/Mar/2018:09:59:09 -0300] "GET /cormun/servlet/solicitudgral2?5ed6d2dc06a106fced1c17203e8656a6c02c3e068ddc4fa2562021b1a642e9c27ea337eac3719f28ac0ec3090f6855b052f9915d4e1950ca8d415fe2491a9d1369589c0e88d0158182ac112f65f235b74dbd3b91de9d68cd2d48ea052d870fd2c02cc8689446297218df2ba751232be0,gx-no-cache=1521032185931 HTTP/1.1" 200 41
200.86.99.60 - - [14/Mar/2018:09:59:14 -0300] "GET /cormun/servlet/solicitudotadjuntos?fad0b955321bf34ce7ce22be2536096693f80190306b467444689d835c5b342b,gx-no-cache=1521032305667 HTTP/1.1" 200 30
200.86.99.60 - - [14/Mar/2018:09:59:14 -0300] "GET /cormun/servlet/solicitudotadjuntos?fad0b955321bf34ce7ce22be2536096693f80190306b467444689d835c5b342b,gx-no-cache=1521032306037 HTTP/1.1" 200 30
200.86.99.60 - - [14/Mar/2018:09:59:27 -0300] "POST /cormun/servlet/solicitudotadjuntos?045868cd908e7ea30022b472f332e7b4,INS,2018,10275,,1, HTTP/1.1" 200 116
200.86.99.60 - - [14/Mar/2018:09:59:27 -0300] "GET /cormun/servlet/hpexe_return? HTTP/1.1" 200 1020
200.86.99.60 - - [14/Mar/2018:09:59:27 -0300] "GET /cormun/servlet/trsolicitudadjuntos?2018,10275, HTTP/1.1" 200 9109
200.86.99.60 - - [14/Mar/2018:09:59:29 -0300] "GET /cormun/servlet/trsolicitudadjuntos?2018,10275, HTTP/1.1" 200 9106
192.168.10.89 - - [14/Mar/2018:09:59:32 -0300] "POST /cormun/servlet/solicitudgral2?9747ee834bbd6a7052a28a2dd7f36348,UPD,2018,8582,,gx-no-cache=1521032208891 HTTP/1.1" 200 11883
200.86.99.60 - - [14/Mar/2018:09:59:33 -0300] "GET /cormun/servlet/solicitudotadjuntos?INS,2018,10275,,1, HTTP/1.1" 200 6186
200.86.99.60 - - [14/Mar/2018:09:59:33 -0300] "GET /cormun/static/about:blank HTTP/1.1" 404 1011
192.168.10.89 - - [14/Mar/2018:09:59:33 -0300] "GET /cormun/servlet/solicitudgral2?5ed6d2dc06a106fced1c17203e8656a63f4f538b28428361ab7eb9e52cf22051edab5a724992d955eb16ac36292e9b5fabcea1528f41604b2eddaa9cc70dad3ec807b439504ebc8c2c188a7b6c2fbfda180fe03417bdf224fe13f033d299735c01e118acc52817a7698c6f855d07395f,gx-no-cache=1521032210067 HTTP/1.1" 200 29
192.168.10.89 - - [14/Mar/2018:09:59:33 -0300] "POST /cormun/servlet/solicitudgral2?gx-no-cache=1521032210095 HTTP/1.1" 200 1297
192.168.10.89 - - [14/Mar/2018:09:59:34 -0300] "POST /cormun/servlet/solicitudgral2?gx-no-cache=1521032210138 HTTP/1.1" 200 1219
192.168.10.89 - - [14/Mar/2018:09:59:34 -0300] "GET /cormun/servlet/solicitudgral2?5ed6d2dc06a106fced1c17203e8656a62bc56136b9bab8b8f64b7b426ee1e267aeb9332e8d9bc4d1345816f0ce5c626e79946c49865dd84259274ccb0f6e59c1c78554118969e787714424eccf90b8caa9f43bbf0119494eb0ff891fba0732a10fed9c49f681dd365ce1002a2ea6307db03fecd62a79992a028d3f1d5f623263,gx-no-cache=1521032210172 HTTP/1.1" 200 30
200.86.99.60 - - [14/Mar/2018:09:59:34 -0300] "GET /cormun/servlet/solicitudotadjuntos?INS,2018,10275,,1, HTTP/1.1" 200 6179
200.86.99.60 - - [14/Mar/2018:09:59:34 -0300] "GET /cormun/servlet/solicitudotadjuntos?fad0b955321bf34ce7ce22be25360966e4412db7caf9bf80ebe65245ad73f68db413e3722e0dfaa31e0a47146042c0e2,gx-no-cache=1521032326307 HTTP/1.1" 200 30
200.86.99.60 - - [14/Mar/2018:09:59:35 -0300] "POST /cormun/servlet/solicitudotadjuntos?045868cd908e7ea30022b472f332e7b4,INS,2018,10275,,1,,gx-no-cache=1521032326417 HTTP/1.1" 200 4012
200.86.99.60 - - [14/Mar/2018:09:59:38 -0300] "POST /cormun/servlet/solicitudotadjuntos?gx-no-cache=1521032329895 HTTP/1.1" 200 26
186.67.172.234 - - [14/Mar/2018:09:59:40 -0300] "GET /cormun/servlet/hlogin HTTP/1.1" 200 1724
186.67.172.234 - - [14/Mar/2018:09:59:49 -0300] "GET /cormun/servlet/hlogin HTTP/1.1" 200 1732
200.86.99.60 - - [14/Mar/2018:09:59:50 -0300] "GET /cormun/servlet/solicitudotadjuntos?fad0b955321bf34ce7ce22be2536096693f80190306b467444689d835c5b342b,gx-no-cache=1521032342027 HTTP/1.1" 200 30
200.86.99.60 - - [14/Mar/2018:09:59:51 -0300] "GET /cormun/servlet/solicitudotadjuntos?fad0b955321bf34ce7ce22be2536096693f80190306b467444689d835c5b342b,gx-no-cache=1521032342521 HTTP/1.1" 200 30
186.67.164.142 - - [14/Mar/2018:09:59:57 -0300] "POST /cormun/servlet/solicitudot?a8f7913fdaf411c722f665f383492d45,INS,0,0,,gx-no-cache=1521032347065 HTTP/1.1" 200 93
186.67.164.142 - - [14/Mar/2018:09:59:57 -0300] "GET /cormun/servlet/hpexe_return? HTTP/1.1" 200 1008
186.67.164.142 - - [14/Mar/2018:09:59:57 -0300] "GET /cormun/servlet/trsolicitudot HTTP/1.1" 200 9072
186.67.164.142 - - [14/Mar/2018:09:59:58 -0300] "GET /cormun/servlet/trsolicitudot HTTP/1.1" 200 9068
200.86.99.60 - - [14/Mar/2018:10:00:05 -0300] "POST /cormun/servlet/solicitudotadjuntos?045868cd908e7ea30022b472f332e7b4,INS,2018,10275,,1, HTTP/1.1" 200 116
192.168.10.89 - - [14/Mar/2018:10:00:05 -0300] "POST /cormun/servlet/solicitudgral2?9747ee834bbd6a7052a28a2dd7f36348,UPD,2018,8582,,gx-no-cache=1521032242052 HTTP/1.1" 200 93
200.86.99.60 - - [14/Mar/2018:10:00:06 -0300] "GET /cormun/servlet/hpexe_return? HTTP/1.1" 200 1020
192.168.10.89 - - [14/Mar/2018:10:00:06 -0300] "GET /cormun/servlet/hpexe_return? HTTP/1.1" 200 1014
192.168.10.89 - - [14/Mar/2018:10:00:06 -0300] "GET /cormun/servlet/trsolicitudgral HTTP/1.1" 200 10817
200.86.99.60 - - [14/Mar/2018:10:00:06 -0300] "GET /cormun/servlet/trsolicitudadjuntos?2018,10275, HTTP/1.1" 200 9330
200.86.99.60 - - [14/Mar/2018:10:00:07 -0300] "GET /cormun/servlet/trsolicitudadjuntos?2018,10275, HTTP/1.1" 200 9329
186.67.172.234 - - [14/Mar/2018:10:00:10 -0300] "POST /cormun/servlet/hlogin?c4bd19973a1f67703de685d7f5c7c988,gx-no-cache=1521032308357 HTTP/1.1" 200 90
186.67.172.234 - - [14/Mar/2018:10:00:10 -0300] "GET /cormun/servlet/hpexe_link HTTP/1.1" 200 952
186.67.172.234 - - [14/Mar/2018:10:00:10 -0300] "GET /cormun/servlet/hhome HTTP/1.1" 200 4227
200.86.99.60 - - [14/Mar/2018:10:00:11 -0300] "GET /cormun/servlet/solicitudotadjuntos?INS,2018,10275,,1, HTTP/1.1" 200 6186
200.86.99.60 - - [14/Mar/2018:10:00:11 -0300] "GET /cormun/static/about:blank HTTP/1.1" 404 1011
200.86.99.60 - - [14/Mar/2018:10:00:12 -0300] "GET /cormun/servlet/solicitudotadjuntos?INS,2018,10275,,1, HTTP/1.1" 200 6179
200.86.99.60 - - [14/Mar/2018:10:00:13 -0300] "GET /cormun/servlet/solicitudotadjuntos?fad0b955321bf34ce7ce22be25360966e4412db7caf9bf80ebe65245ad73f68db413e3722e0dfaa31e0a47146042c0e2,gx-no-cache=1521032364506 HTTP/1.1" 200 30
186.67.172.234 - - [14/Mar/2018:10:00:13 -0300] "GET /cormun/servlet/hhome HTTP/1.1" 200 4225
200.86.99.60 - - [14/Mar/2018:10:00:14 -0300] "POST /cormun/servlet/solicitudotadjuntos?045868cd908e7ea30022b472f332e7b4,INS,2018,10275,,1,,gx-no-cache=1521032364594 HTTP/1.1" 200 4012
200.86.99.60 - - [14/Mar/2018:10:00:17 -0300] "POST /cormun/servlet/solicitudotadjuntos?gx-no-cache=1521032368597 HTTP/1.1" 200 26
186.67.164.142 - - [14/Mar/2018:10:00:18 -0300] "POST /cormun/servlet/trsolicitudot?a8f7913fdaf411c722f665f383492d45,gx-no-cache=1521032368155 HTTP/1.1" 200 106
186.67.164.142 - - [14/Mar/2018:10:00:18 -0300] "GET /cormun/servlet/solicitudot?UPD,2018,10447, HTTP/1.1" 200 15295
186.67.164.142 - - [14/Mar/2018:10:00:19 -0300] "GET /cormun/servlet/solicitudot?UPD,2018,10447, HTTP/1.1" 200 15304
186.67.164.142 - - [14/Mar/2018:10:00:20 -0300] "POST /cormun/servlet/solicitudot?gx-no-cache=1521032369968 HTTP/1.1" 200 3433
186.67.164.142 - - [14/Mar/2018:10:00:21 -0300] "POST /cormun/servlet/solicitudot?a8f7913fdaf411c722f665f383492d45,UPD,2018,10447,,gx-no-cache=1521032370629 HTTP/1.1" 200 11601
186.67.164.142 - - [14/Mar/2018:10:00:22 -0300] "GET /cormun/servlet/solicitudot?590325a85599074d5ae6e6485f17d0b6f7a1b314d1b088eede256874344a06bdadb81fbdb7f734feef3d14de099848b0,gx-no-cache=1521032371983 HTTP/1.1" 200 30
186.67.164.142 - - [14/Mar/2018:10:00:23 -0300] "GET /cormun/servlet/solicitudot?590325a85599074d5ae6e6485f17d0b601fba2b2d4d0a472957d300d7801a1cccbb5cbcaea9a8c9b123cd43836c13a388042636324ce6bd276959b1d40e104db,gx-no-cache=1521032372988 HTTP/1.1" 200 30
186.67.164.142 - - [14/Mar/2018:10:00:23 -0300] "GET /cormun/servlet/solicitudot?590325a85599074d5ae6e6485f17d0b6907feec0377b8918ff332bedaa6502378349218d9f6449b02f52db6a5a537301044eba859d567ea24a567d1032d203f4,gx-no-cache=1521032373071 HTTP/1.1" 200 53
186.67.164.142 - - [14/Mar/2018:10:00:23 -0300] "POST /cormun/servlet/solicitudot?gx-no-cache=1521032373262 HTTP/1.1" 200 297
186.67.164.142 - - [14/Mar/2018:10:00:23 -0300] "GET /cormun/servlet/solicitudot?590325a85599074d5ae6e6485f17d0b6149e8cfbc9d735bba69a3a4504bca6acca088ee8c38363db76fb152aa24b72c3a7ed256d059e12984116b1b13d74d4833ed83d545ba719b62d1dc2e0c0833f809286964c099ec9c169b6ee0231cec3011011103c15e972503d6937d422940e49f5df269eec7c71127e73bf21d0bb3693f69be44009a5df894f08753f7b143d79d94efdddbc0c1e19548af41335e033fa5c060591dda4b9aee0d72b49b2d67572e654c832596306e30728ee9e619afb675c8608fff98b9293b98b6447f71132dba2fd9ced0aca4295e8311c2aeef71f4f5b997f10cde6000525cb58443f7f3b59ed5c0cf9c310765948a249ed85a792d71b73ed4eb0076dfbee6daea6422e1659d69ad6b77ffe7c61ad093a259a41baf0afeb3fb0ea9ceb36ced08f7f4c7ffef6e053bb5b438605f83f390dff9f31e77551fd4ce5a54a842eb3a6c47dce42cf4ade94710afcc7c4ec15b388c936eac5418ce732c1c594051e42153c4ffad9fe069b6cad2bfcf7a5d2a2052cb06cecf728777ef9a3adfff3f238741a4584e7de22,gx-no-cache=1521032373367 HTTP/1.1" 200 30
186.67.164.142 - - [14/Mar/2018:10:00:24 -0300] "POST /cormun/servlet/solicitudot?gx-no-cache=1521032373473 HTTP/1.1" 200 30
186.67.164.142 - - [14/Mar/2018:10:00:25 -0300] "POST /cormun/servlet/solicitudot?gx-no-cache=1521032374284 HTTP/1.1" 200 1336
200.86.99.60 - - [14/Mar/2018:10:00:25 -0300] "GET /cormun/servlet/solicitudotadjuntos?fad0b955321bf34ce7ce22be2536096693f80190306b467444689d835c5b342b,gx-no-cache=1521032376527 HTTP/1.1" 200 30
186.67.164.142 - - [14/Mar/2018:10:00:25 -0300] "POST /cormun/servlet/solicitudot?gx-no-cache=1521032375445 HTTP/1.1" 200 41
200.86.99.60 - - [14/Mar/2018:10:00:25 -0300] "GET /cormun/servlet/solicitudotadjuntos?fad0b955321bf34ce7ce22be2536096693f80190306b467444689d835c5b342b,gx-no-cache=1521032376946 HTTP/1.1" 200 30
186.67.164.142 - - [14/Mar/2018:10:00:30 -0300] "GET /cormun/servlet/solicitudot?590325a85599074d5ae6e6485f17d0b6b9c399dff47f7eb9fb863b91a4e71e77dbdf2e898c7d4549131ca910f8e7b87350bdef67b62bfbfe7d07df89348da1e31b7bc22933f178dd11459cf0f4cfc407d517e15fc61bcb02697334b8e02cc49187b1e2100766a84ed731d63541642b19,gx-no-cache=1521032380249 HTTP/1.1" 200 29
200.86.99.60 - - [14/Mar/2018:10:00:30 -0300] "POST /cormun/servlet/solicitudotadjuntos?045868cd908e7ea30022b472f332e7b4,INS,2018,10275,,1, HTTP/1.1" 200 116
200.86.99.60 - - [14/Mar/2018:10:00:30 -0300] "GET /cormun/servlet/hpexe_return? HTTP/1.1" 200 1020
186.67.164.142 - - [14/Mar/2018:10:00:30 -0300] "POST /cormun/servlet/solicitudot?gx-no-cache=1521032380368 HTTP/1.1" 200 1318
200.86.99.60 - - [14/Mar/2018:10:00:30 -0300] "GET /cormun/servlet/trsolicitudadjuntos?2018,10275, HTTP/1.1" 200 9558
186.67.164.142 - - [14/Mar/2018:10:00:31 -0300] "POST /cormun/servlet/solicitudot?gx-no-cache=1521032380672 HTTP/1.1" 200 1218
186.67.164.142 - - [14/Mar/2018:10:00:31 -0300] "GET /cormun/servlet/solicitudot?590325a85599074d5ae6e6485f17d0b6454785e5687728014a7b6de14626cc5581a717d291049231c1fac952bd7ad41a,gx-no-cache=1521032381116 HTTP/1.1" 200 30
186.67.164.142 - - [14/Mar/2018:10:00:31 -0300] "POST /cormun/servlet/solicitudot?gx-no-cache=1521032381191 HTTP/1.1" 200 33
200.86.99.60 - - [14/Mar/2018:10:00:32 -0300] "GET /cormun/servlet/trsolicitudadjuntos?2018,10275, HTTP/1.1" 200 9557
186.67.164.142 - - [14/Mar/2018:10:00:33 -0300] "POST /cormun/servlet/solicitudot?a8f7913fdaf411c722f665f383492d45,UPD,2018,10447,,gx-no-cache=1521032381699 HTTP/1.1" 200 93
186.67.164.142 - - [14/Mar/2018:10:00:33 -0300] "GET /cormun/servlet/hpexe_return? HTTP/1.1" 200 1015
186.67.164.142 - - [14/Mar/2018:10:00:34 -0300] "GET /cormun/servlet/trsolicitudot HTTP/1.1" 200 9072
186.67.164.142 - - [14/Mar/2018:10:00:34 -0300] "GET /cormun/servlet/trsolicitudot HTTP/1.1" 200 9068
200.86.99.60 - - [14/Mar/2018:10:00:35 -0300] "GET /cormun/servlet/solicitudotadjuntos?INS,2018,10275,,1, HTTP/1.1" 200 6186
200.86.99.60 - - [14/Mar/2018:10:00:36 -0300] "GET /cormun/static/about:blank HTTP/1.1" 404 1011
200.86.99.60 - - [14/Mar/2018:10:00:36 -0300] "GET /cormun/servlet/solicitudotadjuntos?INS,2018,10275,,1, HTTP/1.1" 200 6179
200.86.99.60 - - [14/Mar/2018:10:00:37 -0300] "GET /cormun/servlet/solicitudotadjuntos?fad0b955321bf34ce7ce22be25360966e4412db7caf9bf80ebe65245ad73f68db413e3722e0dfaa31e0a47146042c0e2,gx-no-cache=1521032388358 HTTP/1.1" 200 30
200.86.99.60 - - [14/Mar/2018:10:00:37 -0300] "POST /cormun/servlet/solicitudotadjuntos?045868cd908e7ea30022b472f332e7b4,INS,2018,10275,,1,,gx-no-cache=1521032388479 HTTP/1.1" 200 4012
186.67.164.142 - - [14/Mar/2018:10:00:38 -0300] "POST /cormun/servlet/trsolicitudot?a8f7913fdaf411c722f665f383492d45,gx-no-cache=1521032387436 HTTP/1.1" 200 5710
186.67.164.142 - - [14/Mar/2018:10:00:38 -0300] "GET /cormun/static/Shared/jqueryui/images/ui-bg_highlight-soft_100_c6c2c8_1x100.png HTTP/1.1" 404 1117
186.67.164.142 - - [14/Mar/2018:10:00:38 -0300] "GET /cormun/static/Shared/jqueryui/images/ui-icons_8d78a5_256x240.png HTTP/1.1" 404 1089
186.67.164.142 - - [14/Mar/2018:10:00:38 -0300] "GET /cormun/static/Shared/jqueryui/images/ui-icons_82798d_256x240.png HTTP/1.1" 404 1089
186.67.164.142 - - [14/Mar/2018:10:00:38 -0300] "POST /cormun/servlet/trsolicitudot?a8f7913fdaf411c722f665f383492d45,gx-no-cache=1521032388216 HTTP/1.1" 200 5653
186.67.164.142 - - [14/Mar/2018:10:00:38 -0300] "GET /cormun/static/Shared/jqueryui/images/ui-bg_flat_55_fafafa_40x100.png HTTP/1.1" 404 1097
200.86.99.60 - - [14/Mar/2018:10:00:41 -0300] "POST /cormun/servlet/solicitudotadjuntos?gx-no-cache=1521032392454 HTTP/1.1" 200 26
186.67.172.234 - - [14/Mar/2018:10:00:50 -0300] "GET /cormun/servlet/trsolicitudot? HTTP/1.1" 200 7441
186.67.172.234 - - [14/Mar/2018:10:00:52 -0300] "GET /cormun/servlet/trsolicitudot? HTTP/1.1" 200 7441
200.86.99.60 - - [14/Mar/2018:10:00:55 -0300] "GET /cormun/servlet/solicitudotadjuntos?fad0b955321bf34ce7ce22be2536096693f80190306b467444689d835c5b342b,gx-no-cache=1521032407107 HTTP/1.1" 200 30
200.86.99.60 - - [14/Mar/2018:10:00:55 -0300] "GET /cormun/servlet/solicitudotadjuntos?fad0b955321bf34ce7ce22be2536096693f80190306b467444689d835c5b342b,gx-no-cache=1521032407196 HTTP/1.1" 200 30
200.86.99.60 - - [14/Mar/2018:10:00:57 -0300] "POST /cormun/servlet/solicitudotadjuntos?045868cd908e7ea30022b472f332e7b4,INS,2018,10275,,1, HTTP/1.1" 200 116
200.86.99.60 - - [14/Mar/2018:10:00:57 -0300] "GET /cormun/servlet/hpexe_return? HTTP/1.1" 200 1020
200.86.99.60 - - [14/Mar/2018:10:00:57 -0300] "GET /cormun/servlet/trsolicitudadjuntos?2018,10275, HTTP/1.1" 200 9825
200.86.99.60 - - [14/Mar/2018:10:00:59 -0300] "GET /cormun/servlet/trsolicitudadjuntos?2018,10275, HTTP/1.1" 200 9827
186.67.172.234 - - [14/Mar/2018:10:01:00 -0300] "GET /cormun/servlet/solicitudot?INS,0,0, HTTP/1.1" 200 13663
186.67.172.234 - - [14/Mar/2018:10:01:01 -0300] "GET /cormun/static/solicitudot.js?201812313224831 HTTP/1.1" 304 -
186.67.172.234 - - [14/Mar/2018:10:01:02 -0300] "GET /cormun/servlet/solicitudot?INS,0,0, HTTP/1.1" 200 13668
200.86.99.60 - - [14/Mar/2018:10:01:08 -0300] "GET /cormun/servlet/trautorizarsolicitud? HTTP/1.1" 200 7266
200.86.99.60 - - [14/Mar/2018:10:01:09 -0300] "GET /cormun/servlet/trautorizarsolicitud? HTTP/1.1" 200 7252
186.67.172.234 - - [14/Mar/2018:10:01:13 -0300] "POST /cormun/servlet/solicitudot?gx-no-cache=1521032371353 HTTP/1.1" 200 3429
186.67.172.234 - - [14/Mar/2018:10:01:13 -0300] "POST /cormun/servlet/solicitudot?c4bd19973a1f67703de685d7f5c7c988,INS,0,0,,gx-no-cache=1521032371874 HTTP/1.1" 200 10598
200.86.99.60 - - [14/Mar/2018:10:01:14 -0300] "GET /cormun/servlet/trsolicitudot? HTTP/1.1" 200 8745
200.86.99.60 - - [14/Mar/2018:10:01:14 -0300] "GET /cormun/servlet/trsolicitudot? HTTP/1.1" 200 8744
186.67.172.234 - - [14/Mar/2018:10:01:21 -0300] "GET /cormun/servlet/solicitudot?f1cdff5039c30cb1098954ec1e905b75564fb8db43ee084610879e109cf7e0d945522887f4dba3208fd1e67cea52313c,gx-no-cache=1521032379838 HTTP/1.1" 200 30
186.67.172.234 - - [14/Mar/2018:10:01:21 -0300] "GET /cormun/servlet/solicitudot?f1cdff5039c30cb1098954ec1e905b750fcb78e52dda1f745e470daea77dd3c5ecde9dd4c38b31edbe76237bc0c4422923d48cff1c5e13fb747a8ce805de0e73,gx-no-cache=1521032379927 HTTP/1.1" 200 30
186.67.172.234 - - [14/Mar/2018:10:01:21 -0300] "GET /cormun/servlet/solicitudot?f1cdff5039c30cb1098954ec1e905b7593c0c61ac54db16a3ee2e49461b51df9,gx-no-cache=1521032380006 HTTP/1.1" 200 51
186.67.172.234 - - [14/Mar/2018:10:01:21 -0300] "POST /cormun/servlet/solicitudot?gx-no-cache=1521032380160 HTTP/1.1" 200 297
186.67.172.234 - - [14/Mar/2018:10:01:21 -0300] "GET /cormun/servlet/solicitudot?f1cdff5039c30cb1098954ec1e905b751b75b4d3b7d6c2312dac88aec8480fb31deda7e6a4ec9c16e0a8ce8171e235170daab59a326dbb6c9254b0899e62550d0e2cbaa7e02d25534bbdd57785f52200634fa94991e6f2e5948aa26d8abd2587a20076fdeb2502fb25ca55b478ab0f6f02baca419917ba803e0a8ae5eb1129cd2f367973e9b1cf61acfe48eb9027f867453b34bc63934b5282be9bd1c6c1d43b32ea8ae64779f511dbf9aacf49848de62bdab67200c02271be95cad6fc8feffde48c3c38822c5aeda349b041761dd0360a049993675770171d69ced117dd0ab78e36999b74f0ddb46b7246034b51c557c52274b07b68d58d0a0fce657c0f2391d8c6b56a4f2f01153ffca3ed668a35b71f6a3e68081fde41766dadc5e0827d67251dec8323c89b56db0f3566cc2e2ec1461f86278ade1d43695f83b3ff5ecb374844add9fedf67699491fc085c9176437f21a9bbc5ec0b10b7b129fd1afa7beddfa4d089223fb03bdd5fd7d6faef01819907baf5185ae568044a1cb6ee0e39b027687dfbb23f1a9c3296cef136c36948,gx-no-cache=1521032380358 HTTP/1.1" 200 30
200.86.99.60 - - [14/Mar/2018:10:01:25 -0300] "POST /cormun/servlet/trsolicitudot?045868cd908e7ea30022b472f332e7b4,,gx-no-cache=1521032436444 HTTP/1.1" 200 4676
200.86.99.60 - - [14/Mar/2018:10:01:25 -0300] "GET /cormun/static/Shared/jqueryui/images/ui-bg_highlight-soft_100_c6c2c8_1x100.png HTTP/1.1" 404 1117
200.86.99.60 - - [14/Mar/2018:10:01:25 -0300] "GET /cormun/static/Shared/jqueryui/images/ui-icons_82798d_256x240.png HTTP/1.1" 404 1089
200.86.99.60 - - [14/Mar/2018:10:01:25 -0300] "GET /cormun/static/Shared/jqueryui/images/ui-bg_flat_55_fafafa_40x100.png HTTP/1.1" 404 1097
200.86.99.60 - - [14/Mar/2018:10:01:25 -0300] "GET /cormun/static/Shared/jqueryui/images/ui-icons_8d78a5_256x240.png HTTP/1.1" 404 1089
200.86.99.60 - - [14/Mar/2018:10:01:25 -0300] "POST /cormun/servlet/trsolicitudot?045868cd908e7ea30022b472f332e7b4,,gx-no-cache=1521032436857 HTTP/1.1" 200 4444
192.168.10.96 - - [14/Mar/2018:10:01:28 -0300] "GET /cormun/servlet/trsolicitudgral? HTTP/1.1" 200 10916
192.168.10.96 - - [14/Mar/2018:10:01:28 -0300] "GET /cormun/servlet/trsolicitudgral? HTTP/1.1" 200 10916
200.111.191.210 - - [14/Mar/2018:10:01:37 -0300] "GET /cormun/servlet/trautorizarpermisogoce? HTTP/1.1" 200 6011
200.111.191.210 - - [14/Mar/2018:10:01:37 -0300] "GET /cormun/static/gxcfg.js?20177612165975 HTTP/1.1" 200 953
200.111.191.210 - - [14/Mar/2018:10:01:37 -0300] "GET /cormun/static/trautorizarpermisogoce.js?2017761217384 HTTP/1.1" 200 34948
200.111.191.210 - - [14/Mar/2018:10:01:37 -0300] "GET /cormun/servlet/trautorizarpermisogoce? HTTP/1.1" 200 6006
200.111.191.210 - - [14/Mar/2018:10:01:37 -0300] "GET /cormun/servlet/hlogin HTTP/1.1" 200 1747
192.168.10.96 - - [14/Mar/2018:10:01:39 -0300] "POST /cormun/servlet/trsolicitudgral?12f6c9654ac77f8c25d143be50d4a288,,gx-no-cache=1521032335007 HTTP/1.1" 200 24835
192.168.10.89 - - [14/Mar/2018:10:01:40 -0300] "GET /cormun/servlet/vesolicitudgral?2018,8582,, HTTP/1.1" 200 9552
192.168.10.89 - - [14/Mar/2018:10:01:40 -0300] "GET /cormun/pexe_scrolldiv.js HTTP/1.1" 404 1009
192.168.10.89 - - [14/Mar/2018:10:01:42 -0300] "GET /cormun/servlet/vesolicitudgral?2018,8582,,SolicitudOTAdjuntos HTTP/1.1" 200 8186
192.168.10.89 - - [14/Mar/2018:10:01:42 -0300] "GET /cormun/pexe_scrolldiv.js HTTP/1.1" 404 1009
192.168.10.96 - - [14/Mar/2018:10:01:43 -0300] "POST /cormun/servlet/trsolicitudgral?12f6c9654ac77f8c25d143be50d4a288,,gx-no-cache=1521032339497 HTTP/1.1" 200 10909
192.168.10.89 - - [14/Mar/2018:10:01:43 -0300] "POST /cormun/servlet/acontrolpreferencessavestate?None,CDROGUETT,true HTTP/1.1" 200 35
192.168.10.89 - - [14/Mar/2018:10:01:44 -0300] "POST /cormun/servlet/vesolicitudgral?9747ee834bbd6a7052a28a2dd7f36348,2018,8582,,SolicitudOTAdjuntos,gx-no-cache=1521032340346 HTTP/1.1" 200 90
192.168.10.89 - - [14/Mar/2018:10:01:44 -0300] "GET /cormun/servlet/hpexe_link HTTP/1.1" 200 977
192.168.10.89 - - [14/Mar/2018:10:01:44 -0300] "GET /cormun/servlet/trsolicitudgral HTTP/1.1" 200 10815
200.111.191.210 - - [14/Mar/2018:10:01:45 -0300] "POST /cormun/servlet/hlogin?888aad8118d935f03dcba6a052d18c9b,gx-no-cache=1521032455310 HTTP/1.1" 200 90
200.111.191.210 - - [14/Mar/2018:10:01:45 -0300] "GET /cormun/servlet/hpexe_link HTTP/1.1" 200 964
200.111.191.210 - - [14/Mar/2018:10:01:45 -0300] "GET /cormun/servlet/trautorizarpermisogoce HTTP/1.1" 200 6845
200.111.191.210 - - [14/Mar/2018:10:01:45 -0300] "GET /cormun/servlet/trautorizarpermisogoce HTTP/1.1" 200 6843
192.168.10.96 - - [14/Mar/2018:10:01:48 -0300] "GET /cormun/servlet/vesolicitudgral?2018,10086,, HTTP/1.1" 200 9286
192.168.10.96 - - [14/Mar/2018:10:01:48 -0300] "GET /cormun/pexe_scrolldiv.js HTTP/1.1" 404 1009
192.168.10.96 - - [14/Mar/2018:10:01:48 -0300] "GET /cormun/pexe_scrolldiv.js HTTP/1.1" 404 1009
192.168.10.96 - - [14/Mar/2018:10:01:48 -0300] "GET /cormun/servlet/vesolicitudgral?2018,10086,, HTTP/1.1" 200 9285
200.111.191.210 - - [14/Mar/2018:10:01:50 -0300] "GET /cormun/servlet/trautorizarpermisogoce? HTTP/1.1" 200 6843
200.111.191.210 - - [14/Mar/2018:10:01:50 -0300] "GET /cormun/servlet/trautorizarpermisogoce? HTTP/1.1" 200 6843
192.168.10.96 - - [14/Mar/2018:10:01:50 -0300] "GET /cormun/servlet/vesolicitudgral?2018,10086,,SolicitudOTAdjuntos HTTP/1.1" 200 11322
192.168.10.96 - - [14/Mar/2018:10:01:50 -0300] "GET /cormun/pexe_scrolldiv.js HTTP/1.1" 404 1009
192.168.10.96 - - [14/Mar/2018:10:01:50 -0300] "GET /cormun/pexe_scrolldiv.js HTTP/1.1" 404 1009
192.168.10.96 - - [14/Mar/2018:10:01:51 -0300] "GET /cormun/servlet/vesolicitudgral?2018,10086,,SolicitudOTAdjuntos HTTP/1.1" 200 11325
192.168.10.96 - - [14/Mar/2018:10:01:51 -0300] "POST /cormun/servlet/acontrolpreferencessavestate?None,DZAMUDIO,true HTTP/1.1" 200 35
192.168.10.96 - - [14/Mar/2018:10:01:52 -0300] "GET /cormun/PublicTempStorage/ced.ident2706052.pdf HTTP/1.1" 200 186152
200.111.191.210 - - [14/Mar/2018:10:01:54 -0300] "GET /cormun/servlet/hlogin HTTP/1.1" 200 1747
192.168.10.96 - - [14/Mar/2018:10:01:57 -0300] "GET /cormun/servlet/vesolicitudgral?2018,10086,,SolicitudOTAdjuntos HTTP/1.1" 200 11319
192.168.10.96 - - [14/Mar/2018:10:01:57 -0300] "GET /cormun/servlet/vesolicitudgral?2018,10086,,SolicitudOTAdjuntos HTTP/1.1" 200 11323
200.111.191.210 - - [14/Mar/2018:10:01:57 -0300] "POST /cormun/servlet/hlogin?888aad8118d935f03dcba6a052d18c9b,gx-no-cache=1521032467747 HTTP/1.1" 200 90
200.111.191.210 - - [14/Mar/2018:10:01:57 -0300] "GET /cormun/servlet/hpexe_link HTTP/1.1" 200 954
200.111.191.210 - - [14/Mar/2018:10:01:58 -0300] "GET /cormun/servlet/hhome HTTP/1.1" 200 3959
192.168.10.96 - - [14/Mar/2018:10:01:58 -0300] "POST /cormun/servlet/acontrolpreferencessavestate?None,DZAMUDIO,true HTTP/1.1" 200 35
200.111.191.210 - - [14/Mar/2018:10:01:58 -0300] "GET /cormun/servlet/hhome HTTP/1.1" 200 3959
192.168.10.96 - - [14/Mar/2018:10:02:00 -0300] "GET /cormun/PublicTempStorage/titulo2550031.pdf HTTP/1.1" 200 242628
200.111.191.210 - - [14/Mar/2018:10:02:01 -0300] "GET /cormun/servlet/trpermisosgoce? HTTP/1.1" 200 8678
200.111.191.210 - - [14/Mar/2018:10:02:02 -0300] "GET /cormun/servlet/trpermisosgoce? HTTP/1.1" 200 8670
200.111.191.210 - - [14/Mar/2018:10:02:04 -0300] "GET /cormun/servlet/trlicencias? HTTP/1.1" 200 9958
200.111.191.210 - - [14/Mar/2018:10:02:05 -0300] "GET /cormun/servlet/trlicencias? HTTP/1.1" 200 9957
192.168.10.96 - - [14/Mar/2018:10:02:05 -0300] "GET /cormun/servlet/vesolicitudgral?2018,10086,,SolicitudOTAdjuntos HTTP/1.1" 200 11323
192.168.10.96 - - [14/Mar/2018:10:02:06 -0300] "GET /cormun/servlet/vesolicitudgral?2018,10086,,SolicitudOTAdjuntos HTTP/1.1" 200 11325
192.168.10.96 - - [14/Mar/2018:10:02:06 -0300] "POST /cormun/servlet/acontrolpreferencessavestate?None,DZAMUDIO,true HTTP/1.1" 200 35
192.168.10.96 - - [14/Mar/2018:10:02:07 -0300] "GET /cormun/PublicTempStorage/afp1511011.pdf HTTP/1.1" 200 270844
200.111.191.210 - - [14/Mar/2018:10:02:07 -0300] "GET /cormun/servlet/trlicenciaspermisosadjuntos?16882235,20180313000000,L, HTTP/1.1" 200 6307
200.111.191.210 - - [14/Mar/2018:10:02:07 -0300] "GET /cormun/static/gxcfg.js?20177612163414 HTTP/1.1" 304 -
200.111.191.210 - - [14/Mar/2018:10:02:07 -0300] "GET /cormun/servlet/trlicenciaspermisosadjuntos?16882235,20180313000000,L, HTTP/1.1" 200 6308
200.111.191.210 - - [14/Mar/2018:10:02:09 -0300] "GET /cormun/servlet/licenciaspermisosadjuntos?INS,16882235,L,20180313000000,, HTTP/1.1" 200 5605
200.111.191.210 - - [14/Mar/2018:10:02:09 -0300] "GET /cormun/static/gxcfg.js?2017761263592 HTTP/1.1" 304 -
200.111.191.210 - - [14/Mar/2018:10:02:09 -0300] "GET /cormun/static/about:blank HTTP/1.1" 404 1011
200.111.191.210 - - [14/Mar/2018:10:02:10 -0300] "GET /cormun/servlet/licenciaspermisosadjuntos?INS,16882235,L,20180313000000,, HTTP/1.1" 200 5595
192.168.10.96 - - [14/Mar/2018:10:02:11 -0300] "GET /cormun/servlet/vesolicitudgral?2018,10086,,SolicitudOTAdjuntos HTTP/1.1" 200 11320
192.168.10.96 - - [14/Mar/2018:10:02:11 -0300] "GET /cormun/servlet/vesolicitudgral?2018,10086,,SolicitudOTAdjuntos HTTP/1.1" 200 11323
192.168.10.96 - - [14/Mar/2018:10:02:12 -0300] "POST /cormun/servlet/acontrolpreferencessavestate?None,DZAMUDIO,true HTTP/1.1" 200 35
192.168.10.96 - - [14/Mar/2018:10:02:13 -0300] "GET /cormun/PublicTempStorage/fonasa551326.pdf HTTP/1.1" 200 228146
186.67.172.234 - - [14/Mar/2018:10:02:13 -0300] "POST /cormun/servlet/solicitudot?gx-no-cache=1521032432331 HTTP/1.1" 200 30
186.67.172.234 - - [14/Mar/2018:10:02:14 -0300] "POST /cormun/servlet/solicitudot?gx-no-cache=1521032432687 HTTP/1.1" 200 1336
186.67.172.234 - - [14/Mar/2018:10:02:14 -0300] "POST /cormun/servlet/solicitudot?gx-no-cache=1521032433172 HTTP/1.1" 200 38
192.168.10.96 - - [14/Mar/2018:10:02:17 -0300] "GET /cormun/servlet/vesolicitudgral?2018,10086,,SolicitudOTAdjuntos HTTP/1.1" 200 11323
192.168.10.96 - - [14/Mar/2018:10:02:17 -0300] "GET /cormun/servlet/vesolicitudgral?2018,10086,,SolicitudOTAdjuntos HTTP/1.1" 200 11321
192.168.10.96 - - [14/Mar/2018:10:02:18 -0300] "POST /cormun/servlet/acontrolpreferencessavestate?None,DZAMUDIO,true HTTP/1.1" 200 35
192.168.10.96 - - [14/Mar/2018:10:02:19 -0300] "GET /cormun/PublicTempStorage/antecedentes2379953.pdf HTTP/1.1" 200 335203
192.168.10.96 - - [14/Mar/2018:10:02:23 -0300] "GET /cormun/servlet/vesolicitudgral?2018,10086,,SolicitudOTAdjuntos HTTP/1.1" 200 11322
192.168.10.96 - - [14/Mar/2018:10:02:24 -0300] "GET /cormun/servlet/vesolicitudgral?2018,10086,,SolicitudOTAdjuntos HTTP/1.1" 200 11320
192.168.10.96 - - [14/Mar/2018:10:02:25 -0300] "POST /cormun/servlet/acontrolpreferencessavestate?None,DZAMUDIO,true HTTP/1.1" 200 35
192.168.10.96 - - [14/Mar/2018:10:02:25 -0300] "GET /cormun/PublicTempStorage/curriculum1501584.pdf HTTP/1.1" 200 407400
200.111.191.210 - - [14/Mar/2018:10:02:42 -0300] "POST /cormun/servlet/licenciaspermisosadjuntos?888aad8118d935f03dcba6a052d18c9b,INS,16882235,L,20180313000000,, HTTP/1.1" 200 116
200.111.191.210 - - [14/Mar/2018:10:02:42 -0300] "GET /cormun/servlet/hpexe_return? HTTP/1.1" 200 1044
200.111.191.210 - - [14/Mar/2018:10:02:42 -0300] "GET /cormun/servlet/trlicenciaspermisosadjuntos?16882235,20180313000000,L, HTTP/1.1" 200 6776
200.111.191.210 - - [14/Mar/2018:10:02:43 -0300] "GET /cormun/servlet/trlicenciaspermisosadjuntos?16882235,20180313000000,L, HTTP/1.1" 200 6774
200.111.191.210 - - [14/Mar/2018:10:02:44 -0300] "GET /cormun/PublicTempStorage/065127164857.PDF HTTP/1.1" 200 676381
186.67.172.234 - - [14/Mar/2018:10:02:46 -0300] "GET /cormun/servlet/solicitudot?f1cdff5039c30cb1098954ec1e905b7575b251720fe2e650dd44b35b7ad7d18e8a21f4853dd8c68904b12e830f4f7fed467fc5466e46bd7155361f4fa585174b2af0a897fb9939f16ab3e6b8737b2a88a77e4bd900bbba3c95cbe0ba4e15ec7204711e05388bc5d093a7611aed8aecf0,gx-no-cache=1521032465396 HTTP/1.1" 200 29
186.67.172.234 - - [14/Mar/2018:10:02:46 -0300] "POST /cormun/servlet/solicitudot?gx-no-cache=1521032465496 HTTP/1.1" 200 1318
186.67.172.234 - - [14/Mar/2018:10:02:46 -0300] "POST /cormun/servlet/solicitudot?gx-no-cache=1521032465594 HTTP/1.1" 200 1218
200.111.191.210 - - [14/Mar/2018:10:02:47 -0300] "GET /cormun/servlet/trlicenciaspermisosadjuntos?16882235,20180313000000,L, HTTP/1.1" 200 6778
192.168.10.89 - - [14/Mar/2018:10:02:47 -0300] "POST /cormun/servlet/trsolicitudgral?9747ee834bbd6a7052a28a2dd7f36348,gx-no-cache=1521032403395 HTTP/1.1" 200 7614
200.111.191.210 - - [14/Mar/2018:10:02:47 -0300] "GET /cormun/servlet/trlicenciaspermisosadjuntos?16882235,20180313000000,L, HTTP/1.1" 200 6775
200.111.191.210 - - [14/Mar/2018:10:02:50 -0300] "GET /cormun/servlet/trlicencias? HTTP/1.1" 200 9958
200.111.191.210 - - [14/Mar/2018:10:02:50 -0300] "GET /cormun/servlet/trlicencias? HTTP/1.1" 200 9957
200.111.191.210 - - [14/Mar/2018:10:02:53 -0300] "POST /cormun/servlet/trlicencias?888aad8118d935f03dcba6a052d18c9b,,gx-no-cache=1521032522653 HTTP/1.1" 200 7309
200.111.191.210 - - [14/Mar/2018:10:02:53 -0300] "GET /cormun/static/Shared/jqueryui/images/ui-bg_highlight-soft_100_c6c2c8_1x100.png HTTP/1.1" 404 1117
200.111.191.210 - - [14/Mar/2018:10:02:53 -0300] "GET /cormun/static/Shared/jqueryui/images/ui-icons_82798d_256x240.png HTTP/1.1" 404 1089
200.111.191.210 - - [14/Mar/2018:10:02:53 -0300] "GET /cormun/static/Shared/jqueryui/images/ui-bg_flat_55_fafafa_40x100.png HTTP/1.1" 404 1097
200.111.191.210 - - [14/Mar/2018:10:02:53 -0300] "GET /cormun/static/Shared/jqueryui/images/ui-icons_8d78a5_256x240.png HTTP/1.1" 404 1089
186.67.172.234 - - [14/Mar/2018:10:02:56 -0300] "GET /cormun/static/menuarrow.gif HTTP/1.1" 404 1015
186.67.172.234 - - [14/Mar/2018:10:03:07 -0300] "GET /cormun/servlet/solicitudot?f1cdff5039c30cb1098954ec1e905b756b2263defaf90492a4bdbe0153e882416f50e82a2dafd15f7afc75a760bd4693,gx-no-cache=1521032486076 HTTP/1.1" 200 30
186.67.172.234 - - [14/Mar/2018:10:03:07 -0300] "POST /cormun/servlet/solicitudot?gx-no-cache=1521032486174 HTTP/1.1" 200 30
200.111.191.210 - - [14/Mar/2018:10:03:21 -0300] "GET /cormun/servlet/trpermisosgoce? HTTP/1.1" 200 8670
200.111.191.210 - - [14/Mar/2018:10:03:21 -0300] "GET /cormun/servlet/trpermisosgoce? HTTP/1.1" 200 8670
200.111.191.210 - - [14/Mar/2018:10:03:26 -0300] "GET /cormun/servlet/trpermisosadjuntos?14546010,20180313155835,P, HTTP/1.1" 200 6274
200.111.191.210 - - [14/Mar/2018:10:03:26 -0300] "GET /cormun/static/gxcfg.js?201762817193957 HTTP/1.1" 200 953
200.111.191.210 - - [14/Mar/2018:10:03:26 -0300] "GET /cormun/static/trpermisosadjuntos.js?201762817194366 HTTP/1.1" 200 20158
200.111.191.210 - - [14/Mar/2018:10:03:26 -0300] "GET /cormun/servlet/trpermisosadjuntos?14546010,20180313155835,P, HTTP/1.1" 200 6275
200.111.191.210 - - [14/Mar/2018:10:03:29 -0300] "GET /cormun/servlet/permisosadjuntos?INS,14546010,P,20180313155835,, HTTP/1.1" 200 5601
200.111.191.210 - - [14/Mar/2018:10:03:29 -0300] "GET /cormun/static/gxcfg.js?201762717441171 HTTP/1.1" 200 953
200.111.191.210 - - [14/Mar/2018:10:03:29 -0300] "GET /cormun/static/permisosadjuntos.js?201762717441184 HTTP/1.1" 200 8724
200.111.191.210 - - [14/Mar/2018:10:03:29 -0300] "GET /cormun/static/about:blank HTTP/1.1" 404 1011
200.111.191.210 - - [14/Mar/2018:10:03:29 -0300] "GET /cormun/servlet/permisosadjuntos?INS,14546010,P,20180313155835,, HTTP/1.1" 200 5591
200.111.191.210 - - [14/Mar/2018:10:03:46 -0300] "POST /cormun/servlet/permisosadjuntos?888aad8118d935f03dcba6a052d18c9b,INS,14546010,P,20180313155835,, HTTP/1.1" 200 116
200.111.191.210 - - [14/Mar/2018:10:03:47 -0300] "GET /cormun/servlet/hpexe_return? HTTP/1.1" 200 1041
200.111.191.210 - - [14/Mar/2018:10:03:47 -0300] "GET /cormun/servlet/trpermisosadjuntos?14546010,20180313155835,P, HTTP/1.1" 200 6739
200.111.191.210 - - [14/Mar/2018:10:03:48 -0300] "GET /cormun/servlet/trpermisosadjuntos?14546010,20180313155835,P, HTTP/1.1" 200 6735
200.111.191.210 - - [14/Mar/2018:10:03:51 -0300] "GET /cormun/servlet/trpermisosgoce? HTTP/1.1" 200 8671
200.111.191.210 - - [14/Mar/2018:10:03:51 -0300] "GET /cormun/servlet/trpermisosgoce? HTTP/1.1" 200 8670
200.111.191.210 - - [14/Mar/2018:10:03:53 -0300] "POST /cormun/servlet/trpermisosgoce?888aad8118d935f03dcba6a052d18c9b,,gx-no-cache=1521032583218 HTTP/1.1" 200 5886
200.111.191.210 - - [14/Mar/2018:10:03:53 -0300] "GET /cormun/static/Shared/jqueryui/images/ui-bg_highlight-soft_100_c6c2c8_1x100.png HTTP/1.1" 404 1117
200.111.191.210 - - [14/Mar/2018:10:03:53 -0300] "GET /cormun/static/Shared/jqueryui/images/ui-icons_8d78a5_256x240.png HTTP/1.1" 404 1089
200.111.191.210 - - [14/Mar/2018:10:03:53 -0300] "GET /cormun/static/Shared/jqueryui/images/ui-icons_82798d_256x240.png HTTP/1.1" 404 1089
200.111.191.210 - - [14/Mar/2018:10:03:53 -0300] "GET /cormun/static/Shared/jqueryui/images/ui-bg_flat_55_fafafa_40x100.png HTTP/1.1" 404 1097
200.111.191.210 - - [14/Mar/2018:10:03:56 -0300] "GET /cormun/servlet/trpermisosadjuntos?12291222,20180313155922,P, HTTP/1.1" 200 6260
200.111.191.210 - - [14/Mar/2018:10:03:56 -0300] "GET /cormun/servlet/trpermisosadjuntos?12291222,20180313155922,P, HTTP/1.1" 200 6260
200.111.191.210 - - [14/Mar/2018:10:03:58 -0300] "GET /cormun/servlet/permisosadjuntos?INS,12291222,P,20180313155922,, HTTP/1.1" 200 5585
200.111.191.210 - - [14/Mar/2018:10:03:58 -0300] "GET /cormun/static/about:blank HTTP/1.1" 404 1011
200.111.191.210 - - [14/Mar/2018:10:03:59 -0300] "GET /cormun/servlet/permisosadjuntos?INS,12291222,P,20180313155922,, HTTP/1.1" 200 5576
200.111.191.210 - - [14/Mar/2018:10:04:09 -0300] "POST /cormun/servlet/permisosadjuntos?888aad8118d935f03dcba6a052d18c9b,INS,12291222,P,20180313155922,, HTTP/1.1" 200 116
200.111.191.210 - - [14/Mar/2018:10:04:09 -0300] "GET /cormun/servlet/hpexe_return? HTTP/1.1" 200 1039
200.111.191.210 - - [14/Mar/2018:10:04:09 -0300] "GET /cormun/servlet/trpermisosadjuntos?12291222,20180313155922,P, HTTP/1.1" 200 6729
200.111.191.210 - - [14/Mar/2018:10:04:09 -0300] "GET /cormun/servlet/trpermisosadjuntos?12291222,20180313155922,P, HTTP/1.1" 200 6728
200.111.191.210 - - [14/Mar/2018:10:04:13 -0300] "GET /cormun/servlet/trpermisosgoce? HTTP/1.1" 200 8696
200.111.191.210 - - [14/Mar/2018:10:04:13 -0300] "GET /cormun/servlet/trpermisosgoce? HTTP/1.1" 200 8682
200.111.191.210 - - [14/Mar/2018:10:04:18 -0300] "POST /cormun/servlet/trpermisosgoce?888aad8118d935f03dcba6a052d18c9b,,gx-no-cache=1521032607638 HTTP/1.1" 200 5883
200.111.191.210 - - [14/Mar/2018:10:04:19 -0300] "GET /cormun/static/Shared/jqueryui/images/ui-bg_highlight-soft_100_c6c2c8_1x100.png HTTP/1.1" 404 1117
200.111.191.210 - - [14/Mar/2018:10:04:19 -0300] "GET /cormun/static/Shared/jqueryui/images/ui-bg_flat_55_fafafa_40x100.png HTTP/1.1" 404 1097
200.111.191.210 - - [14/Mar/2018:10:04:19 -0300] "GET /cormun/static/Shared/jqueryui/images/ui-icons_82798d_256x240.png HTTP/1.1" 404 1089
200.111.191.210 - - [14/Mar/2018:10:04:19 -0300] "GET /cormun/static/Shared/jqueryui/images/ui-icons_8d78a5_256x240.png HTTP/1.1" 404 1089
200.54.247.70 - - [14/Mar/2018:10:05:07 -0300] "GET /cormun/servlet/solicitudot?02325bd1e8384bacc46918bfca78f880e0f081f6a15f528d518de3bfd0a5893e804ecbbec43a84f160c182eedbf803a54037d5659a5ce08f2595bf755c67fe3a,gx-no-cache=1521032656599 HTTP/1.1" 440 972
200.54.247.70 - - [14/Mar/2018:10:05:09 -0300] "GET /cormun/servlet/solicitudot?INS,0,0, HTTP/1.1" 200 12659
