192.168.10.89 - - [14/Mar/2018:08:19:24 -0300] "GET /cormun/servlet/trrenuncias HTTP/1.1" 200 7079
192.168.10.89 - - [14/Mar/2018:08:19:31 -0300] "POST /cormun/servlet/trrenuncias?9747ee834bbd6a7052a28a2dd7f36348,gx-no-cache=1521026207151 HTTP/1.1" 200 4969
192.168.10.89 - - [14/Mar/2018:08:19:37 -0300] "GET /cormun/servlet/arenunciaprn?118,PU HTTP/1.1" 200 1550
192.168.10.89 - - [14/Mar/2018:08:21:02 -0300] "GET /cormun/servlet/trlicencias? HTTP/1.1" 200 9644
192.168.10.89 - - [14/Mar/2018:08:21:03 -0300] "GET /cormun/static/gxcfg.js?20176272054169 HTTP/1.1" 200 953
192.168.10.89 - - [14/Mar/2018:08:21:03 -0300] "GET /cormun/static/trlicencias.js?20176272054837 HTTP/1.1" 200 41883
192.168.10.89 - - [14/Mar/2018:08:21:12 -0300] "GET /cormun/servlet/licenciaspermisos?DSP,9072136,L,20180312000000, HTTP/1.1" 200 7245
192.168.10.89 - - [14/Mar/2018:08:21:12 -0300] "GET /cormun/static/gxcfg.js?201762917281167 HTTP/1.1" 200 953
192.168.10.89 - - [14/Mar/2018:08:21:12 -0300] "GET /cormun/static/licenciaspermisos.js?201762917281260 HTTP/1.1" 200 37491
186.103.159.182 - - [14/Mar/2018:08:22:04 -0300] "GET /cormun/servlet/hlogin HTTP/1.1" 200 1721
186.103.159.182 - - [14/Mar/2018:08:22:05 -0300] "GET /cormun/servlet/hlogin HTTP/1.1" 200 1731
186.103.159.182 - - [14/Mar/2018:08:22:05 -0300] "GET /favicon.ico HTTP/1.1" 200 21630
186.103.159.182 - - [14/Mar/2018:08:22:09 -0300] "POST /cormun/servlet/hlogin?2100248673f407c798b1f7cb68d5eb85,gx-no-cache=1521026420852 HTTP/1.1" 200 90
186.103.159.182 - - [14/Mar/2018:08:22:09 -0300] "GET /cormun/servlet/hpexe_link HTTP/1.1" 200 952
186.103.159.182 - - [14/Mar/2018:08:22:09 -0300] "GET /cormun/servlet/hhome HTTP/1.1" 200 4257
186.103.159.182 - - [14/Mar/2018:08:22:11 -0300] "GET /cormun/servlet/hhome HTTP/1.1" 200 4253
192.168.10.50 - - [14/Mar/2018:08:22:22 -0300] "GET /cormun/servlet/hlogin HTTP/1.1" 200 1718
192.168.10.50 - - [14/Mar/2018:08:22:23 -0300] "GET /cormun/servlet/hlogin HTTP/1.1" 200 1726
200.54.247.70 - - [14/Mar/2018:08:23:12 -0300] "GET /cormun/servlet/hlogin HTTP/1.1" 200 1720
200.54.247.70 - - [14/Mar/2018:08:23:12 -0300] "GET /cormun/static/gxgral.js?85251 HTTP/1.1" 304 -
200.54.247.70 - - [14/Mar/2018:08:23:12 -0300] "GET /cormun/static/Resources/ComunLogin.png HTTP/1.1" 304 -
200.54.247.70 - - [14/Mar/2018:08:23:13 -0300] "GET /cormun/static/messages.spa.js?85251 HTTP/1.1" 304 -
200.54.247.70 - - [14/Mar/2018:08:23:13 -0300] "GET /cormun/static/hlogin.js?20175251213537 HTTP/1.1" 304 -
200.54.247.70 - - [14/Mar/2018:08:23:13 -0300] "GET /cormun/static/gxcfg.js?20175251213516 HTTP/1.1" 304 -
200.54.247.70 - - [14/Mar/2018:08:23:13 -0300] "GET /cormun/static/gxtimezone.js?85251 HTTP/1.1" 304 -
200.54.247.70 - - [14/Mar/2018:08:23:15 -0300] "GET /cormun/static/Resources/Spanish/PXTools.css?11423723 HTTP/1.1" 304 -
200.54.247.70 - - [14/Mar/2018:08:23:15 -0300] "GET /cormun/static/Resources/indicator.gif HTTP/1.1" 304 -
186.103.159.189 - - [14/Mar/2018:08:23:20 -0300] "GET /cormun/servlet/hlogin HTTP/1.1" 200 1717
200.54.247.70 - - [14/Mar/2018:08:23:27 -0300] "POST /cormun/servlet/hlogin?69fde0d7475ad34577ab6634f7d4c288,gx-no-cache=1521026556527 HTTP/1.1" 200 90
200.54.247.70 - - [14/Mar/2018:08:23:28 -0300] "GET /cormun/servlet/hpexe_link HTTP/1.1" 200 951
200.54.247.70 - - [14/Mar/2018:08:23:28 -0300] "GET /cormun/servlet/hhome HTTP/1.1" 200 4237
200.54.247.70 - - [14/Mar/2018:08:23:31 -0300] "GET /cormun/servlet/trsolicitudot? HTTP/1.1" 200 7452
200.54.247.70 - - [14/Mar/2018:08:23:34 -0300] "GET /cormun/servlet/solicitudot?INS,0,0, HTTP/1.1" 200 13676
200.54.247.70 - - [14/Mar/2018:08:23:46 -0300] "POST /cormun/servlet/solicitudot?gx-no-cache=1521026574691 HTTP/1.1" 200 3284
200.54.247.70 - - [14/Mar/2018:08:23:47 -0300] "POST /cormun/servlet/solicitudot?69fde0d7475ad34577ab6634f7d4c288,INS,0,0,,gx-no-cache=1521026575480 HTTP/1.1" 200 10440
186.103.159.182 - - [14/Mar/2018:08:23:48 -0300] "GET /cormun/servlet/trcontratosolicitud? HTTP/1.1" 200 14628
186.103.159.182 - - [14/Mar/2018:08:23:48 -0300] "GET /cormun/static/gxcfg.js?20177612214014 HTTP/1.1" 304 -
186.103.159.182 - - [14/Mar/2018:08:23:53 -0300] "GET /cormun/servlet/trcontratosolicitud? HTTP/1.1" 200 14651
200.54.247.70 - - [14/Mar/2018:08:23:57 -0300] "GET /cormun/servlet/solicitudot?387845c380c397a2f2940af920eed7e1719e1f2f3b01b6201a4533b4f041198643945eabe888da17a8f3cb3297c15194,gx-no-cache=1521026586899 HTTP/1.1" 200 111
200.54.247.70 - - [14/Mar/2018:08:23:57 -0300] "GET /cormun/static/Shared/jqueryui/images/ui-icons_ebccce_256x240.png HTTP/1.1" 404 1089
200.54.247.70 - - [14/Mar/2018:08:23:57 -0300] "GET /cormun/static/Shared/jqueryui/images/ui-bg_flat_55_994d53_40x100.png HTTP/1.1" 404 1097
200.54.247.70 - - [14/Mar/2018:08:23:58 -0300] "GET /cormun/static/Shared/jqueryui/images/ui-icons_82798d_256x240.png HTTP/1.1" 404 1089
200.54.247.70 - - [14/Mar/2018:08:23:58 -0300] "GET /cormun/static/Shared/jqueryui/images/ui-bg_highlight-soft_100_c6c2c8_1x100.png HTTP/1.1" 404 1117
200.54.247.70 - - [14/Mar/2018:08:23:59 -0300] "GET /cormun/servlet/solicitudot?387845c380c397a2f2940af920eed7e115f67e9ee21eb6fce961232d50ecad09,gx-no-cache=1521026588311 HTTP/1.1" 200 94
200.54.247.70 - - [14/Mar/2018:08:23:59 -0300] "GET /cormun/servlet/solicitudot?387845c380c397a2f2940af920eed7e1465079c420910350b10bed90b58a475e,gx-no-cache=1521026588397 HTTP/1.1" 200 29
200.54.247.70 - - [14/Mar/2018:08:23:59 -0300] "POST /cormun/servlet/solicitudot?gx-no-cache=1521026588474 HTTP/1.1" 200 297
200.54.247.70 - - [14/Mar/2018:08:23:59 -0300] "GET /cormun/servlet/solicitudot?387845c380c397a2f2940af920eed7e1db3f4a8e3c8e426a9b5644e245b95d114611f31ee2340abdacaa540257922231b67fa1f500df36eca81e708d8d52eda4cbc2e1b09342e052a2af8e547a6fa5ad0a151e32d4a48dab73e090d3aa609dd042ae07e659e27fa994545e0cb9d35f156e23683439333bd4eff5c02f2f514aa679040b754c5db0fcd10276b64275c2005def36a4c323b4d158b26c3aefae249a37ca52f0cbaa8db362e5ca6afbb858128424bc96619841bc846e631d6c35ef578194fb20eafc8166aa614c0181666416bdcc40795b6cd679e113453514c5c4d26994a1be1a35d04e25f69db4c2e6de804e1f75695f9fe1c1155e38a39705923ac685a5cd456efa029da40e58c82707f99dcf6e5b1e1f41a0342e815dee39b2b2c821382b08e5bc82364f4f5f2d43f3c9e90adce18e8067ec236b8798f7ffd1befdc80adbbe04c162fb1758db9cc9df4b44c7b677dca967c03ebf73494e266c997796803cd5d6ab8f8c73ea55c51108af1003f885b0676a99dd399acdc3254ad6aaa6624c8ba897f0363617e116365ec8,gx-no-cache=1521026588937 HTTP/1.1" 200 30
192.168.10.89 - - [14/Mar/2018:08:24:02 -0300] "POST /cormun/servlet/licenciaspermisos?9747ee834bbd6a7052a28a2dd7f36348,DSP,9072136,L,20180312000000,,gx-no-cache=1521026478744 HTTP/1.1" 200 90
192.168.10.89 - - [14/Mar/2018:08:24:02 -0300] "GET /cormun/servlet/hpexe_link HTTP/1.1" 200 982
192.168.10.89 - - [14/Mar/2018:08:24:02 -0300] "GET /cormun/servlet/trlicencias HTTP/1.1" 200 9645
192.168.10.89 - - [14/Mar/2018:08:24:12 -0300] "GET /cormun/servlet/alicenciaprn?9072136,L,20180312000000,PU HTTP/1.1" 200 1533
200.54.247.70 - - [14/Mar/2018:08:24:31 -0300] "POST /cormun/servlet/solicitudot?gx-no-cache=1521026615511 HTTP/1.1" 200 3284
200.54.247.70 - - [14/Mar/2018:08:24:31 -0300] "POST /cormun/servlet/solicitudot?69fde0d7475ad34577ab6634f7d4c288,INS,0,0,,gx-no-cache=1521026620262 HTTP/1.1" 200 10495
200.54.247.70 - - [14/Mar/2018:08:24:39 -0300] "GET /cormun/servlet/solicitudot?387845c380c397a2f2940af920eed7e1719e1f2f3b01b6201a4533b4f041198643945eabe888da17a8f3cb3297c15194,gx-no-cache=1521026628569 HTTP/1.1" 200 111
192.168.10.89 - - [14/Mar/2018:08:25:33 -0300] "GET /cormun/servlet/trlicenciaspermisosadjuntos?9072136,20180312000000,L, HTTP/1.1" 200 6514
192.168.10.89 - - [14/Mar/2018:08:25:33 -0300] "GET /cormun/static/gxcfg.js?20177612163414 HTTP/1.1" 200 953
192.168.10.89 - - [14/Mar/2018:08:25:33 -0300] "GET /cormun/static/trlicenciaspermisosadjuntos.js?20177612163719 HTTP/1.1" 200 21036
192.168.10.89 - - [14/Mar/2018:08:25:36 -0300] "POST /cormun/servlet/trlicenciaspermisosadjuntos?9747ee834bbd6a7052a28a2dd7f36348,9072136,20180312000000,L,,gx-no-cache=1521026572533 HTTP/1.1" 200 90
192.168.10.89 - - [14/Mar/2018:08:25:36 -0300] "GET /cormun/servlet/hpexe_link HTTP/1.1" 200 984
192.168.10.89 - - [14/Mar/2018:08:25:36 -0300] "GET /cormun/servlet/trlicencias HTTP/1.1" 200 9645
192.168.10.50 - - [14/Mar/2018:08:25:37 -0300] "POST /cormun/servlet/hlogin?cc3c1538279fdbbfe3d8209773eb40fa,gx-no-cache=1521026574129 HTTP/1.1" 200 90
192.168.10.50 - - [14/Mar/2018:08:25:38 -0300] "GET /cormun/servlet/hpexe_link HTTP/1.1" 200 947
192.168.10.50 - - [14/Mar/2018:08:25:38 -0300] "GET /cormun/servlet/hhome HTTP/1.1" 200 4456
192.168.10.50 - - [14/Mar/2018:08:25:38 -0300] "GET /cormun/servlet/hhome HTTP/1.1" 200 4452
192.168.10.89 - - [14/Mar/2018:08:25:38 -0300] "GET /cormun/servlet/trlicenciaspermisosadjuntos?11142601,20180308000000,L, HTTP/1.1" 200 6980
192.168.10.89 - - [14/Mar/2018:08:25:39 -0300] "GET /cormun/PublicTempStorage/waldo_acevedo4249981.pdf HTTP/1.1" 200 24959
192.168.10.89 - - [14/Mar/2018:08:25:39 -0300] "GET /cormun/PublicTempStorage/waldo_acevedo4249981.pdf HTTP/1.1" 304 -
192.168.10.89 - - [14/Mar/2018:08:25:46 -0300] "GET /cormun/PublicTempStorage/waldo_acevedo4249981.pdf HTTP/1.1" 304 -
200.54.247.70 - - [14/Mar/2018:08:25:52 -0300] "POST /cormun/servlet/solicitudot?gx-no-cache=1521026700035 HTTP/1.1" 200 3394
192.168.10.89 - - [14/Mar/2018:08:25:52 -0300] "GET /cormun/servlet/trlicenciaspermisosadjuntos?11142601,20180308000000,L, HTTP/1.1" 200 6980
192.168.10.89 - - [14/Mar/2018:08:25:53 -0300] "GET /cormun/PublicTempStorage/waldo_acevedo9403539.pdf HTTP/1.1" 200 24959
200.54.247.70 - - [14/Mar/2018:08:25:53 -0300] "POST /cormun/servlet/solicitudot?69fde0d7475ad34577ab6634f7d4c288,INS,0,0,,gx-no-cache=1521026701431 HTTP/1.1" 200 10668
192.168.10.89 - - [14/Mar/2018:08:25:53 -0300] "GET /cormun/PublicTempStorage/waldo_acevedo9403539.pdf HTTP/1.1" 304 -
200.54.247.70 - - [14/Mar/2018:08:25:53 -0300] "GET /cormun/servlet/solicitudot?387845c380c397a2f2940af920eed7e1c37904478914087ae78bb5dcdaf7fa8e43945eabe888da17a8f3cb3297c15194,gx-no-cache=1521026702526 HTTP/1.1" 200 30
200.54.247.70 - - [14/Mar/2018:08:25:56 -0300] "GET /cormun/servlet/solicitudot?387845c380c397a2f2940af920eed7e192b9ff4a21d657aa1d8b454eb44e25957fb17319cf57a40b2dd41872bfee11f9aba54e587ccca8c298496bc0b3f99f94,gx-no-cache=1521026705155 HTTP/1.1" 200 30
200.54.247.70 - - [14/Mar/2018:08:25:56 -0300] "GET /cormun/servlet/solicitudot?387845c380c397a2f2940af920eed7e11d75711aa20b652ef7437406771dd4ae,gx-no-cache=1521026705232 HTTP/1.1" 200 53
192.168.10.89 - - [14/Mar/2018:08:25:56 -0300] "POST /cormun/servlet/trlicenciaspermisosadjuntos?9747ee834bbd6a7052a28a2dd7f36348,11142601,20180308000000,L,,gx-no-cache=1521026592301 HTTP/1.1" 200 90
192.168.10.89 - - [14/Mar/2018:08:25:56 -0300] "GET /cormun/servlet/hpexe_link HTTP/1.1" 200 983
200.54.247.70 - - [14/Mar/2018:08:25:56 -0300] "POST /cormun/servlet/solicitudot?gx-no-cache=1521026705309 HTTP/1.1" 200 255
200.54.247.70 - - [14/Mar/2018:08:25:56 -0300] "GET /cormun/servlet/solicitudot?387845c380c397a2f2940af920eed7e1db3f4a8e3c8e426a9b5644e245b95d11a8b8ba2c44e5bf5504f289d1fbd343d1b67fa1f500df36eca81e708d8d52eda4cbc2e1b09342e052a2af8e547a6fa5ad0a151e32d4a48dab73e090d3aa609dd042ae07e659e27fa994545e0cb9d35f156e23683439333bd4eff5c02f2f514aa679040b754c5db0fcd10276b64275c2005def36a4c323b4d158b26c3aefae249a37ca52f0cbaa8db362e5ca6afbb858128424bc96619841bc846e631d6c35ef578194fb20eafc8166aa614c0181666416bdcc40795b6cd679e113453514c5c4d26994a1be1a35d04e25f69db4c2e6de80e4e91f0e3c0008d200be3858156924c4c685a5cd456efa029da40e58c82707f9a47075c0b305e45eec234b5d6f5e18d2e5d75772221fadc68e33224f402827ef62f1aeadd8c934701b201234dc05a18ba03e2afbe3be2151b2cb423575deb953b3035636474e0dea356fb4cb2356b75e8edbdfae4c391ba65dcac2816ed61d129330ba27a95bb514aba03a20db9f5998,gx-no-cache=1521026705390 HTTP/1.1" 200 30
200.54.247.70 - - [14/Mar/2018:08:25:59 -0300] "POST /cormun/servlet/solicitudot?gx-no-cache=1521026708307 HTTP/1.1" 200 30
200.54.247.70 - - [14/Mar/2018:08:26:01 -0300] "POST /cormun/servlet/solicitudot?gx-no-cache=1521026711085 HTTP/1.1" 200 1337
200.54.247.70 - - [14/Mar/2018:08:26:02 -0300] "POST /cormun/servlet/solicitudot?gx-no-cache=1521026711281 HTTP/1.1" 200 38
192.168.10.89 - - [14/Mar/2018:08:26:03 -0300] "GET /cormun/servlet/trlicencias HTTP/1.1" 200 9645
192.168.10.89 - - [14/Mar/2018:08:26:06 -0300] "GET /cormun/servlet/trlicenciaspermisosadjuntos?9517647,20180301000000,L, HTTP/1.1" 200 6525
200.54.247.70 - - [14/Mar/2018:08:26:09 -0300] "GET /cormun/servlet/solicitudot?387845c380c397a2f2940af920eed7e1d55cde90c90c71f1ad01c1a33859de103f211e15ad70fc78d3608db7da0580263a6eb5f45413afc39ae483da2a3bf674aa18a644b8c6d64e130c18a3a89a6c12a22df652d7dc1f1c17bca9e0bce314a5fb54bd5740b789f19fc59c99efd24854b6478e4038467f7be9916ee480110f1362f995c868cd1456fe5856b64254677cabc7fb88f1b2bed406cee0fa45fb76a6,gx-no-cache=1521026718556 HTTP/1.1" 200 29
200.54.247.70 - - [14/Mar/2018:08:26:09 -0300] "POST /cormun/servlet/solicitudot?gx-no-cache=1521026718635 HTTP/1.1" 200 1319
192.168.10.89 - - [14/Mar/2018:08:26:09 -0300] "POST /cormun/servlet/trlicenciaspermisosadjuntos?9747ee834bbd6a7052a28a2dd7f36348,9517647,20180301000000,L,,gx-no-cache=1521026605754 HTTP/1.1" 200 90
192.168.10.89 - - [14/Mar/2018:08:26:09 -0300] "GET /cormun/servlet/hpexe_link HTTP/1.1" 200 985
192.168.10.89 - - [14/Mar/2018:08:26:09 -0300] "GET /cormun/servlet/trlicencias HTTP/1.1" 200 9645
200.54.247.70 - - [14/Mar/2018:08:26:10 -0300] "POST /cormun/servlet/solicitudot?gx-no-cache=1521026718734 HTTP/1.1" 200 1218
200.54.247.70 - - [14/Mar/2018:08:26:10 -0300] "GET /cormun/static/menuarrow.gif HTTP/1.1" 404 1015
192.168.10.89 - - [14/Mar/2018:08:26:12 -0300] "GET /cormun/servlet/trlicenciaspermisosadjuntos?7392062,20180216000000,L, HTTP/1.1" 200 6509
192.168.10.89 - - [14/Mar/2018:08:26:17 -0300] "POST /cormun/servlet/trlicenciaspermisosadjuntos?9747ee834bbd6a7052a28a2dd7f36348,7392062,20180216000000,L,,gx-no-cache=1521026613189 HTTP/1.1" 200 90
192.168.10.89 - - [14/Mar/2018:08:26:17 -0300] "GET /cormun/servlet/hpexe_link HTTP/1.1" 200 983
192.168.10.89 - - [14/Mar/2018:08:26:17 -0300] "GET /cormun/servlet/trlicencias HTTP/1.1" 200 9645
200.54.247.70 - - [14/Mar/2018:08:26:20 -0300] "POST /cormun/servlet/solicitudot?gx-no-cache=1521026727224 HTTP/1.1" 200 1319
200.54.247.70 - - [14/Mar/2018:08:26:25 -0300] "POST /cormun/servlet/solicitudot?gx-no-cache=1521026729529 HTTP/1.1" 200 1218
192.168.10.89 - - [14/Mar/2018:08:26:27 -0300] "GET /cormun/servlet/trlicenciaspermisosadjuntos?11888967,20180228000000,L, HTTP/1.1" 200 6508
192.168.10.89 - - [14/Mar/2018:08:26:31 -0300] "POST /cormun/servlet/trlicenciaspermisosadjuntos?9747ee834bbd6a7052a28a2dd7f36348,11888967,20180228000000,L,,gx-no-cache=1521026627550 HTTP/1.1" 200 90
192.168.10.89 - - [14/Mar/2018:08:26:31 -0300] "GET /cormun/servlet/hpexe_link HTTP/1.1" 200 984
192.168.10.89 - - [14/Mar/2018:08:26:31 -0300] "GET /cormun/servlet/trlicencias HTTP/1.1" 200 9645
192.168.10.89 - - [14/Mar/2018:08:26:54 -0300] "POST /cormun/servlet/trlicencias?9747ee834bbd6a7052a28a2dd7f36348,gx-no-cache=1521026650368 HTTP/1.1" 200 11625
192.168.10.89 - - [14/Mar/2018:08:27:00 -0300] "GET /cormun/servlet/trlicenciaspermisosadjuntos?16621149,20171207000000,L, HTTP/1.1" 200 7086
192.168.10.89 - - [14/Mar/2018:08:27:01 -0300] "GET /cormun/PublicTempStorage/licencia_ignacia_borgeaud9123176.pdf HTTP/1.1" 200 676774
192.168.10.89 - - [14/Mar/2018:08:27:01 -0300] "GET /cormun/PublicTempStorage/licencia_ignacia_borgeaud5357022.pdf HTTP/1.1" 200 676774
192.168.10.89 - - [14/Mar/2018:08:27:01 -0300] "GET /cormun/PublicTempStorage/licencia_ignacia_borgeaud9123176.pdf HTTP/1.1" 304 -
192.168.10.89 - - [14/Mar/2018:08:27:01 -0300] "GET /cormun/PublicTempStorage/licencia_ignacia_borgeaud5357022.pdf HTTP/1.1" 304 -
192.168.10.89 - - [14/Mar/2018:08:27:03 -0300] "GET /cormun/PublicTempStorage/licencia_ignacia_borgeaud9123176.pdf HTTP/1.1" 304 -
192.168.10.89 - - [14/Mar/2018:08:27:10 -0300] "GET /cormun/servlet/trlicenciaspermisosadjuntos?16621149,20171207000000,L, HTTP/1.1" 200 7086
192.168.10.89 - - [14/Mar/2018:08:27:12 -0300] "GET /cormun/PublicTempStorage/licencia_ignacia_borgeaud7575846.pdf HTTP/1.1" 200 676774
192.168.10.89 - - [14/Mar/2018:08:27:12 -0300] "GET /cormun/PublicTempStorage/licencia_ignacia_borgeaud2841607.pdf HTTP/1.1" 200 676774
192.168.10.89 - - [14/Mar/2018:08:27:12 -0300] "GET /cormun/PublicTempStorage/licencia_ignacia_borgeaud7575846.pdf HTTP/1.1" 304 -
192.168.10.89 - - [14/Mar/2018:08:27:12 -0300] "GET /cormun/PublicTempStorage/licencia_ignacia_borgeaud2841607.pdf HTTP/1.1" 304 -
200.54.247.70 - - [14/Mar/2018:08:27:19 -0300] "POST /cormun/servlet/solicitudot?gx-no-cache=1521026788067 HTTP/1.1" 200 1319
200.54.247.70 - - [14/Mar/2018:08:27:19 -0300] "POST /cormun/servlet/solicitudot?gx-no-cache=1521026788622 HTTP/1.1" 200 1218
192.168.10.89 - - [14/Mar/2018:08:27:20 -0300] "POST /cormun/servlet/trlicenciaspermisosadjuntos?9747ee834bbd6a7052a28a2dd7f36348,16621149,20171207000000,L,,gx-no-cache=1521026677104 HTTP/1.1" 200 90
192.168.10.89 - - [14/Mar/2018:08:27:20 -0300] "GET /cormun/servlet/hpexe_link HTTP/1.1" 200 1004
192.168.10.89 - - [14/Mar/2018:08:27:21 -0300] "GET /cormun/servlet/trlicencias?gx-no-cache=1521026650368 HTTP/1.1" 200 13939
200.54.247.70 - - [14/Mar/2018:08:27:23 -0300] "POST /cormun/servlet/solicitudot?gx-no-cache=1521026790565 HTTP/1.1" 200 1319
200.54.247.70 - - [14/Mar/2018:08:27:24 -0300] "POST /cormun/servlet/solicitudot?gx-no-cache=1521026793219 HTTP/1.1" 200 1218
192.168.10.89 - - [14/Mar/2018:08:27:27 -0300] "GET /cormun/servlet/trlicenciaspermisosadjuntos?16621149,20171207000000,L, HTTP/1.1" 200 7106
200.54.247.70 - - [14/Mar/2018:08:27:27 -0300] "GET /cormun/servlet/solicitudot?387845c380c397a2f2940af920eed7e1dbcbe81ebc4cd8aad98a8c0aaee699b391cfc44422a545ed9c0a29e6ee2a3b30,gx-no-cache=1521026795684 HTTP/1.1" 200 30
192.168.10.89 - - [14/Mar/2018:08:27:27 -0300] "GET /cormun/PublicTempStorage/licencia_ignacia_borgeaud3593883.pdf HTTP/1.1" 200 676774
192.168.10.89 - - [14/Mar/2018:08:27:27 -0300] "GET /cormun/PublicTempStorage/licencia_ignacia_borgeaud2115328.pdf HTTP/1.1" 200 676774
192.168.10.89 - - [14/Mar/2018:08:27:27 -0300] "GET /cormun/PublicTempStorage/licencia_ignacia_borgeaud3593883.pdf HTTP/1.1" 304 -
192.168.10.89 - - [14/Mar/2018:08:27:27 -0300] "GET /cormun/PublicTempStorage/licencia_ignacia_borgeaud2115328.pdf HTTP/1.1" 304 -
192.168.10.89 - - [14/Mar/2018:08:27:29 -0300] "GET /cormun/PublicTempStorage/licencia_ignacia_borgeaud2115328.pdf HTTP/1.1" 304 -
192.168.10.89 - - [14/Mar/2018:08:27:32 -0300] "GET /cormun/servlet/trlicenciaspermisosadjuntos?16621149,20171207000000,L, HTTP/1.1" 200 7105
192.168.10.89 - - [14/Mar/2018:08:27:33 -0300] "GET /cormun/PublicTempStorage/licencia_ignacia_borgeaud7760710.pdf HTTP/1.1" 200 676774
192.168.10.89 - - [14/Mar/2018:08:27:33 -0300] "GET /cormun/PublicTempStorage/licencia_ignacia_borgeaud440986.pdf HTTP/1.1" 200 676774
192.168.10.89 - - [14/Mar/2018:08:27:34 -0300] "GET /cormun/PublicTempStorage/licencia_ignacia_borgeaud7760710.pdf HTTP/1.1" 304 -
192.168.10.89 - - [14/Mar/2018:08:27:34 -0300] "GET /cormun/PublicTempStorage/licencia_ignacia_borgeaud440986.pdf HTTP/1.1" 304 -
192.168.10.89 - - [14/Mar/2018:08:27:36 -0300] "GET /cormun/PublicTempStorage/licencia_ignacia_borgeaud7760710.pdf HTTP/1.1" 304 -
192.168.10.89 - - [14/Mar/2018:08:27:38 -0300] "GET /cormun/servlet/trlicenciaspermisosadjuntos?16621149,20171207000000,L, HTTP/1.1" 200 7105
192.168.10.89 - - [14/Mar/2018:08:27:38 -0300] "GET /cormun/PublicTempStorage/licencia_ignacia_borgeaud4021167.pdf HTTP/1.1" 200 676774
192.168.10.89 - - [14/Mar/2018:08:27:38 -0300] "GET /cormun/PublicTempStorage/licencia_ignacia_borgeaud7747057.pdf HTTP/1.1" 200 676774
192.168.10.89 - - [14/Mar/2018:08:27:38 -0300] "GET /cormun/PublicTempStorage/licencia_ignacia_borgeaud4021167.pdf HTTP/1.1" 304 -
192.168.10.89 - - [14/Mar/2018:08:27:38 -0300] "GET /cormun/PublicTempStorage/licencia_ignacia_borgeaud7747057.pdf HTTP/1.1" 304 -
200.54.247.70 - - [14/Mar/2018:08:27:39 -0300] "POST /cormun/servlet/solicitudot?gx-no-cache=1521026808320 HTTP/1.1" 200 30
200.54.247.70 - - [14/Mar/2018:08:27:41 -0300] "POST /cormun/servlet/solicitudot?69fde0d7475ad34577ab6634f7d4c288,INS,0,0,,gx-no-cache=1521026808405 HTTP/1.1" 200 93
200.54.247.70 - - [14/Mar/2018:08:27:41 -0300] "GET /cormun/servlet/hpexe_return? HTTP/1.1" 200 1007
200.54.247.70 - - [14/Mar/2018:08:27:41 -0300] "GET /cormun/servlet/trsolicitudot HTTP/1.1" 200 8829
192.168.10.89 - - [14/Mar/2018:08:27:45 -0300] "POST /cormun/servlet/trlicenciaspermisosadjuntos?9747ee834bbd6a7052a28a2dd7f36348,16621149,20171207000000,L,,gx-no-cache=1521026701397 HTTP/1.1" 200 90
192.168.10.89 - - [14/Mar/2018:08:27:45 -0300] "GET /cormun/servlet/hpexe_link HTTP/1.1" 200 1004
200.54.247.70 - - [14/Mar/2018:08:27:46 -0300] "POST /cormun/servlet/trsolicitudot?69fde0d7475ad34577ab6634f7d4c288,gx-no-cache=1521026814309 HTTP/1.1" 200 4670
200.54.247.70 - - [14/Mar/2018:08:27:47 -0300] "POST /cormun/servlet/trsolicitudot?69fde0d7475ad34577ab6634f7d4c288,gx-no-cache=1521026815576 HTTP/1.1" 200 4451
200.54.247.70 - - [14/Mar/2018:08:27:47 -0300] "GET /cormun/static/Shared/jqueryui/images/ui-icons_8d78a5_256x240.png HTTP/1.1" 404 1089
200.54.247.70 - - [14/Mar/2018:08:27:47 -0300] "GET /cormun/static/Shared/jqueryui/images/ui-icons_82798d_256x240.png HTTP/1.1" 404 1089
200.54.247.70 - - [14/Mar/2018:08:27:47 -0300] "GET /cormun/static/Shared/jqueryui/images/ui-bg_flat_55_fafafa_40x100.png HTTP/1.1" 404 1097
200.54.247.70 - - [14/Mar/2018:08:27:47 -0300] "GET /cormun/static/Shared/jqueryui/images/ui-bg_highlight-soft_100_c6c2c8_1x100.png HTTP/1.1" 404 1117
192.168.10.89 - - [14/Mar/2018:08:27:49 -0300] "GET /cormun/servlet/trlicencias?gx-no-cache=1521026650368 HTTP/1.1" 200 13929
200.54.247.70 - - [14/Mar/2018:08:27:50 -0300] "GET /cormun/servlet/trautorizarsolicitud? HTTP/1.1" 200 8719
200.54.247.70 - - [14/Mar/2018:08:27:55 -0300] "POST /cormun/servlet/trautorizarsolicitud?69fde0d7475ad34577ab6634f7d4c288,,gx-no-cache=1521026821773 HTTP/1.1" 200 4603
200.54.247.70 - - [14/Mar/2018:08:27:56 -0300] "POST /cormun/servlet/trautorizarsolicitud?69fde0d7475ad34577ab6634f7d4c288,,gx-no-cache=1521026824949 HTTP/1.1" 200 4384
200.54.247.70 - - [14/Mar/2018:08:27:56 -0300] "GET /cormun/static/Shared/jqueryui/images/ui-icons_82798d_256x240.png HTTP/1.1" 404 1089
200.54.247.70 - - [14/Mar/2018:08:27:56 -0300] "GET /cormun/static/Shared/jqueryui/images/ui-bg_highlight-soft_100_c6c2c8_1x100.png HTTP/1.1" 404 1117
200.54.247.70 - - [14/Mar/2018:08:27:56 -0300] "GET /cormun/static/Shared/jqueryui/images/ui-icons_8d78a5_256x240.png HTTP/1.1" 404 1089
200.54.247.70 - - [14/Mar/2018:08:27:56 -0300] "GET /cormun/static/Shared/jqueryui/images/ui-bg_flat_55_fafafa_40x100.png HTTP/1.1" 404 1097
200.112.4.243 - - [14/Mar/2018:08:28:01 -0300] "POST /cormun/servlet/solicitudot?gx-no-cache=1521026831266 HTTP/1.1" 200 3284
192.168.10.89 - - [14/Mar/2018:08:28:02 -0300] "GET /cormun/servlet/trcontratounov2? HTTP/1.1" 200 18189
192.168.10.89 - - [14/Mar/2018:08:28:02 -0300] "GET /cormun/static/gxcfg.js?201752512124396 HTTP/1.1" 200 953
192.168.10.89 - - [14/Mar/2018:08:28:02 -0300] "GET /cormun/static/Resources/PXToolsAddSelectedAction.png HTTP/1.1" 200 3660
192.168.10.89 - - [14/Mar/2018:08:28:02 -0300] "GET /cormun/static/trcontratounov2.js?201752512125146 HTTP/1.1" 200 38486
200.112.4.243 - - [14/Mar/2018:08:28:02 -0300] "POST /cormun/servlet/solicitudot?27105324c3680db1861b3c2493eea076,INS,0,0,,gx-no-cache=1521026833114 HTTP/1.1" 200 10249
200.112.4.243 - - [14/Mar/2018:08:28:05 -0300] "GET /cormun/servlet/solicitudot?9b31b13c7e25e0f47bba6e727a21ba74dd75aab5cfeb317959d8e18a6884ca45c9b05e459e1746382458e3f36fc0e2c7,gx-no-cache=1521026836649 HTTP/1.1" 200 30
200.54.247.70 - - [14/Mar/2018:08:28:05 -0300] "GET /cormun/servlet/trsolicitudot? HTTP/1.1" 200 7452
200.54.247.70 - - [14/Mar/2018:08:28:07 -0300] "GET /cormun/servlet/solicitudot?INS,0,0, HTTP/1.1" 200 13677
200.54.247.70 - - [14/Mar/2018:08:28:23 -0300] "POST /cormun/servlet/solicitudot?gx-no-cache=1521026852508 HTTP/1.1" 200 3409
200.54.247.70 - - [14/Mar/2018:08:28:24 -0300] "POST /cormun/servlet/solicitudot?69fde0d7475ad34577ab6634f7d4c288,INS,0,0,,gx-no-cache=1521026853142 HTTP/1.1" 200 10561
200.54.247.70 - - [14/Mar/2018:08:28:26 -0300] "GET /cormun/servlet/solicitudot?387845c380c397a2f2940af920eed7e171afe2f7c01a25d300056df601a4979d43945eabe888da17a8f3cb3297c15194,gx-no-cache=1521026855762 HTTP/1.1" 200 30
200.54.247.70 - - [14/Mar/2018:08:28:26 -0300] "GET /cormun/servlet/solicitudot?387845c380c397a2f2940af920eed7e197d29a56bde3afb36e5fc055e6ec3c60aa62338fcd4f76d7a983e3af092a103b5eb33bdf1b1fde0f39b62f92a885d827,gx-no-cache=1521026855842 HTTP/1.1" 200 30
200.54.247.70 - - [14/Mar/2018:08:28:26 -0300] "GET /cormun/servlet/solicitudot?387845c380c397a2f2940af920eed7e1ee79c9015c371bf6a708bd899c71c394,gx-no-cache=1521026855914 HTTP/1.1" 200 70
200.54.247.70 - - [14/Mar/2018:08:28:26 -0300] "POST /cormun/servlet/solicitudot?gx-no-cache=1521026855995 HTTP/1.1" 200 256
200.54.247.70 - - [14/Mar/2018:08:28:26 -0300] "GET /cormun/servlet/solicitudot?387845c380c397a2f2940af920eed7e1db3f4a8e3c8e426a9b5644e245b95d11f41a3c0134e34bb85188dd812a809793b67fa1f500df36eca81e708d8d52eda4cbc2e1b09342e052a2af8e547a6fa5ad0a151e32d4a48dab73e090d3aa609dd042ae07e659e27fa994545e0cb9d35f156e23683439333bd4eff5c02f2f514aa679040b754c5db0fcd10276b64275c2005def36a4c323b4d158b26c3aefae249a37ca52f0cbaa8db362e5ca6afbb858128424bc96619841bc846e631d6c35ef578194fb20eafc8166aa614c0181666416bdcc40795b6cd679e113453514c5c4d26994a1be1a35d04e25f69db4c2e6de804e1f75695f9fe1c1155e38a39705923ac685a5cd456efa029da40e58c82707f99dcf6e5b1e1f41a0342e815dee39b2b2c821382b08e5bc82364f4f5f2d43f3c9e90adce18e8067ec236b8798f7ffd1beea00a5401cbfc17cffc22fcbddd7e9713a68125eaf11e7fcc7368639f0fef35352bcaa862a2ed51044318e8261e3ccffb7724441c0600d74ed9765a2e7506d38,gx-no-cache=1521026856076 HTTP/1.1" 200 30
200.54.247.70 - - [14/Mar/2018:08:28:28 -0300] "POST /cormun/servlet/solicitudot?gx-no-cache=1521026857902 HTTP/1.1" 200 30
200.54.247.70 - - [14/Mar/2018:08:28:31 -0300] "POST /cormun/servlet/solicitudot?gx-no-cache=1521026860752 HTTP/1.1" 200 1336
200.54.247.70 - - [14/Mar/2018:08:28:32 -0300] "POST /cormun/servlet/solicitudot?gx-no-cache=1521026861242 HTTP/1.1" 200 38
200.54.247.70 - - [14/Mar/2018:08:28:40 -0300] "GET /cormun/servlet/solicitudot?387845c380c397a2f2940af920eed7e1d55cde90c90c71f1ad01c1a33859de103f211e15ad70fc78d3608db7da0580263a6eb5f45413afc39ae483da2a3bf6743f40fa7973347e15a72962e2d1e92edce4d14e2927a9fb571c0526a9a5ba355f62d77a9f227261c9007d4195b6dd6fa4,gx-no-cache=1521026869632 HTTP/1.1" 200 29
200.54.247.70 - - [14/Mar/2018:08:28:40 -0300] "POST /cormun/servlet/solicitudot?gx-no-cache=1521026869700 HTTP/1.1" 200 1319
200.54.247.70 - - [14/Mar/2018:08:28:40 -0300] "POST /cormun/servlet/solicitudot?gx-no-cache=1521026869913 HTTP/1.1" 200 1218
200.54.247.70 - - [14/Mar/2018:08:28:40 -0300] "GET /cormun/static/menuarrow.gif HTTP/1.1" 404 1015
200.54.247.70 - - [14/Mar/2018:08:28:43 -0300] "POST /cormun/servlet/solicitudot?gx-no-cache=1521026872619 HTTP/1.1" 200 1319
200.54.247.70 - - [14/Mar/2018:08:28:43 -0300] "POST /cormun/servlet/solicitudot?gx-no-cache=1521026872722 HTTP/1.1" 200 1218
200.54.247.70 - - [14/Mar/2018:08:28:45 -0300] "GET /cormun/servlet/solicitudot?387845c380c397a2f2940af920eed7e1dbcbe81ebc4cd8aad98a8c0aaee699b391cfc44422a545ed9c0a29e6ee2a3b30,gx-no-cache=1521026874364 HTTP/1.1" 200 30
200.54.247.70 - - [14/Mar/2018:08:28:58 -0300] "POST /cormun/servlet/solicitudot?gx-no-cache=1521026887367 HTTP/1.1" 200 30
200.54.247.70 - - [14/Mar/2018:08:28:59 -0300] "POST /cormun/servlet/solicitudot?69fde0d7475ad34577ab6634f7d4c288,INS,0,0,,gx-no-cache=1521026887452 HTTP/1.1" 200 93
200.54.247.70 - - [14/Mar/2018:08:29:00 -0300] "GET /cormun/servlet/hpexe_return? HTTP/1.1" 200 1007
200.54.247.70 - - [14/Mar/2018:08:29:00 -0300] "GET /cormun/servlet/trsolicitudot HTTP/1.1" 200 8785
200.54.247.70 - - [14/Mar/2018:08:29:04 -0300] "POST /cormun/servlet/trsolicitudot?69fde0d7475ad34577ab6634f7d4c288,gx-no-cache=1521026893076 HTTP/1.1" 200 4664
200.54.247.70 - - [14/Mar/2018:08:29:04 -0300] "POST /cormun/servlet/trsolicitudot?69fde0d7475ad34577ab6634f7d4c288,gx-no-cache=1521026893782 HTTP/1.1" 200 4452
200.54.247.70 - - [14/Mar/2018:08:29:05 -0300] "GET /cormun/static/Shared/jqueryui/images/ui-icons_8d78a5_256x240.png HTTP/1.1" 404 1089
200.54.247.70 - - [14/Mar/2018:08:29:05 -0300] "GET /cormun/static/Shared/jqueryui/images/ui-icons_82798d_256x240.png HTTP/1.1" 404 1089
200.54.247.70 - - [14/Mar/2018:08:29:05 -0300] "GET /cormun/static/Shared/jqueryui/images/ui-bg_highlight-soft_100_c6c2c8_1x100.png HTTP/1.1" 404 1117
200.54.247.70 - - [14/Mar/2018:08:29:05 -0300] "GET /cormun/static/Shared/jqueryui/images/ui-bg_flat_55_fafafa_40x100.png HTTP/1.1" 404 1097
200.54.247.70 - - [14/Mar/2018:08:29:08 -0300] "GET /cormun/servlet/trautorizarsolicitud? HTTP/1.1" 200 8671
200.54.247.70 - - [14/Mar/2018:08:29:11 -0300] "POST /cormun/servlet/trautorizarsolicitud?69fde0d7475ad34577ab6634f7d4c288,,gx-no-cache=1521026900309 HTTP/1.1" 200 4594
200.54.247.70 - - [14/Mar/2018:08:29:12 -0300] "POST /cormun/servlet/trautorizarsolicitud?69fde0d7475ad34577ab6634f7d4c288,,gx-no-cache=1521026901150 HTTP/1.1" 200 4383
200.54.247.70 - - [14/Mar/2018:08:29:12 -0300] "GET /cormun/static/Shared/jqueryui/images/ui-icons_8d78a5_256x240.png HTTP/1.1" 404 1089
200.54.247.70 - - [14/Mar/2018:08:29:12 -0300] "GET /cormun/static/Shared/jqueryui/images/ui-bg_flat_55_fafafa_40x100.png HTTP/1.1" 404 1097
200.54.247.70 - - [14/Mar/2018:08:29:12 -0300] "GET /cormun/static/Shared/jqueryui/images/ui-bg_highlight-soft_100_c6c2c8_1x100.png HTTP/1.1" 404 1117
200.54.247.70 - - [14/Mar/2018:08:29:12 -0300] "GET /cormun/static/Shared/jqueryui/images/ui-icons_82798d_256x240.png HTTP/1.1" 404 1089
200.112.4.243 - - [14/Mar/2018:08:30:19 -0300] "GET /cormun/servlet/solicitudot?9b31b13c7e25e0f47bba6e727a21ba743f806c3e22aa97e5956dcf69161d75c6ec23bc2a242ca72fa45ef36fbd2503e647e0e2528b865da74aa1bc5276c0fe87,gx-no-cache=1521026970356 HTTP/1.1" 200 30
200.112.4.243 - - [14/Mar/2018:08:30:22 -0300] "GET /cormun/servlet/prbanco?,MD,,gxPopupLevel%3D0%3B HTTP/1.1" 200 6631
200.112.4.243 - - [14/Mar/2018:08:30:22 -0300] "GET /cormun/static/gxcfg.js?20181161016094 HTTP/1.1" 200 953
200.112.4.243 - - [14/Mar/2018:08:30:23 -0300] "GET /cormun/static/prbanco.js?2018116101633 HTTP/1.1" 200 10693
200.112.4.243 - - [14/Mar/2018:08:30:45 -0300] "GET /cormun/servlet/solicitudot?9b31b13c7e25e0f47bba6e727a21ba74b63f6161ba3f0580e1be2741f1faece8,gx-no-cache=1521026996474 HTTP/1.1" 200 53
200.112.4.243 - - [14/Mar/2018:08:31:08 -0300] "POST /cormun/servlet/solicitudot?gx-no-cache=1521027019143 HTTP/1.1" 200 297
200.112.4.243 - - [14/Mar/2018:08:31:09 -0300] "GET /cormun/servlet/solicitudot?9b31b13c7e25e0f47bba6e727a21ba74efbafaa9991fc0bf4e43570052c8542bbee32f3f81005852dd270deba1b352e2d09537436d1ca451144fa1562f14662480f2888bbb66da15da7887721ecdad0727e32fb2dbc66a667bebf9b2d472aa05c0ecacfd249b6f2cf455d0b397bd46b0e8af0c5d07acb7dec2297d7b3e5f966bef67ae36a2694eb4bcdc6cc77b5be903a211858c5bd10ef9135b134f347c208e614f492b43b07c245c0c9ff5e2a4498f71b61a283b0771e8dcec7f93cc70324cfd79905938535794186e41e9f0685579a88d7ae0a7b99602c1789df0553a2dc12795b5afa059e729e1adc7ec2aa7dac4ed0f648027fec3f2487873c8e3ffa9feb8e4711cf157733875c47aab46433695f21d7ca61f27b9abb0d0fbb84ef78a892571479fb57307e05ce7ea997ce8910511aa660dec510438bb52faca57bd34d96dd3a97a2d7860defd8f57f05cb30031a06556e443312ece0a7a98f79ac2597ec493d53f7eed12943007e2ab37bfa0952e0aefceb7b14d2ef74f2d292a9f8e272279359d818d5cbefc21a0363d2dcdda,gx-no-cache=1521027020249 HTTP/1.1" 200 30
200.112.4.243 - - [14/Mar/2018:08:31:13 -0300] "POST /cormun/servlet/solicitudot?gx-no-cache=1521027024915 HTTP/1.1" 200 30
186.103.159.183 - - [14/Mar/2018:08:33:21 -0300] "GET /cormun/servlet/hlogin HTTP/1.1" 200 1725
186.103.159.183 - - [14/Mar/2018:08:33:21 -0300] "GET /cormun/static/gxtimezone.js?85251 HTTP/1.1" 200 5781
186.103.159.183 - - [14/Mar/2018:08:33:21 -0300] "GET /cormun/static/hlogin.js?20175251213537 HTTP/1.1" 200 2136
186.103.159.183 - - [14/Mar/2018:08:33:21 -0300] "GET /cormun/static/gxcfg.js?20175251213516 HTTP/1.1" 200 953
186.103.159.183 - - [14/Mar/2018:08:33:21 -0300] "GET /cormun/static/messages.spa.js?85251 HTTP/1.1" 200 30736
186.103.159.183 - - [14/Mar/2018:08:33:21 -0300] "GET /cormun/static/Resources/Spanish/PXTools.css?11423723 HTTP/1.1" 200 89042
186.103.159.183 - - [14/Mar/2018:08:33:22 -0300] "GET /cormun/static/gxgral.js?85251 HTTP/1.1" 200 384558
186.103.159.183 - - [14/Mar/2018:08:33:22 -0300] "GET /cormun/static/Resources/ComunLogin.png HTTP/1.1" 200 17326
186.103.159.183 - - [14/Mar/2018:08:33:22 -0300] "GET /cormun/static/Resources/PXToolsButtonRight21.png HTTP/1.1" 200 1283
186.103.159.183 - - [14/Mar/2018:08:33:22 -0300] "GET /cormun/static/Resources/PXToolsButtonBackground2.png HTTP/1.1" 200 1181
186.103.159.183 - - [14/Mar/2018:08:33:22 -0300] "GET /cormun/static/Resources/PXToolsButtonLeft21.png HTTP/1.1" 200 1287
186.103.159.183 - - [14/Mar/2018:08:33:22 -0300] "GET /cormun/static/Resources/PXToolsLoginBottom.png HTTP/1.1" 200 1389
186.103.159.183 - - [14/Mar/2018:08:33:22 -0300] "GET /cormun/servlet/hlogin HTTP/1.1" 200 1735
186.103.159.183 - - [14/Mar/2018:08:33:22 -0300] "GET /cormun/static/Resources/PXToolsLoginTop.png HTTP/1.1" 200 1337
186.103.159.183 - - [14/Mar/2018:08:33:22 -0300] "GET /cormun/static/Resources/PXToolsLoginTop.png HTTP/1.1" 200 1337
186.103.159.183 - - [14/Mar/2018:08:33:22 -0300] "GET /cormun/static/Resources/PXToolsLoginBackground.png HTTP/1.1" 200 1164
186.103.159.183 - - [14/Mar/2018:08:33:22 -0300] "GET /cormun/static/Resources/PXToolsLoginBottom.png HTTP/1.1" 200 1389
186.103.159.183 - - [14/Mar/2018:08:33:22 -0300] "GET /cormun/static/Resources/indicator.gif HTTP/1.1" 200 1553
186.103.159.183 - - [14/Mar/2018:08:33:23 -0300] "GET /favicon.ico HTTP/1.1" 200 21630
186.103.159.183 - - [14/Mar/2018:08:33:23 -0300] "GET /favicon.ico HTTP/1.1" 200 21630
186.103.159.183 - - [14/Mar/2018:08:33:27 -0300] "GET /cormun/static/Resources/PXToolsLoginBackground.png HTTP/1.1" 200 1164
192.168.10.89 - - [14/Mar/2018:08:33:29 -0300] "GET /cormun/servlet/trsolicitudot? HTTP/1.1" 200 7403
192.168.10.89 - - [14/Mar/2018:08:33:29 -0300] "GET /cormun/static/Resources/Spanish/PXTools.css?1255365 HTTP/1.1" 304 -
192.168.10.89 - - [14/Mar/2018:08:33:32 -0300] "GET /cormun/static/menuarrow.gif HTTP/1.1" 404 1015
192.168.10.89 - - [14/Mar/2018:08:33:36 -0300] "POST /cormun/servlet/trsolicitudot?9747ee834bbd6a7052a28a2dd7f36348,,gx-no-cache=1521027052777 HTTP/1.1" 200 6683
200.112.4.243 - - [14/Mar/2018:08:34:17 -0300] "POST /cormun/servlet/solicitudot?gx-no-cache=1521027208816 HTTP/1.1" 200 1333
200.112.4.243 - - [14/Mar/2018:08:34:17 -0300] "POST /cormun/servlet/solicitudot?gx-no-cache=1521027209181 HTTP/1.1" 200 38
200.112.4.243 - - [14/Mar/2018:08:34:17 -0300] "GET /cormun/servlet/solicitudot?9b31b13c7e25e0f47bba6e727a21ba7493b85c01afe4396d11876cb6b1e0db8ff5677513412799011b6aba777aa91c4b8f930bb1ce5e75c173a0f2798846387452d71a79665655edc02fd2ba5f58ae6c731f6253827a81872fb34a1bf35df39b2d7874f3523419133ca14f3ea0978b95,gx-no-cache=1521027209337 HTTP/1.1" 200 29
200.112.4.243 - - [14/Mar/2018:08:34:18 -0300] "POST /cormun/servlet/solicitudot?gx-no-cache=1521027209532 HTTP/1.1" 200 1318
200.112.4.243 - - [14/Mar/2018:08:34:19 -0300] "POST /cormun/servlet/solicitudot?gx-no-cache=1521027209793 HTTP/1.1" 200 1215
200.112.4.243 - - [14/Mar/2018:08:34:25 -0300] "POST /cormun/servlet/solicitudot?gx-no-cache=1521027216420 HTTP/1.1" 200 30
200.112.4.243 - - [14/Mar/2018:08:34:26 -0300] "POST /cormun/servlet/solicitudot?gx-no-cache=1521027217217 HTTP/1.1" 200 1333
192.168.10.89 - - [14/Mar/2018:08:34:27 -0300] "POST /cormun/servlet/trsolicitudot?9747ee834bbd6a7052a28a2dd7f36348,,gx-no-cache=1521027103256 HTTP/1.1" 200 6303
200.112.4.243 - - [14/Mar/2018:08:34:27 -0300] "POST /cormun/servlet/solicitudot?gx-no-cache=1521027218200 HTTP/1.1" 200 38
192.168.10.89 - - [14/Mar/2018:08:34:27 -0300] "POST /cormun/servlet/trsolicitudot?9747ee834bbd6a7052a28a2dd7f36348,,gx-no-cache=1521027103576 HTTP/1.1" 200 6283
186.103.159.182 - - [14/Mar/2018:08:34:30 -0300] "GET /cormun/servlet/solicitudotcontratos?INS,2018,0,13718092,8,2,2018,2572,NADA,,14,B, HTTP/1.1" 200 9958
186.103.159.182 - - [14/Mar/2018:08:34:30 -0300] "GET /cormun/static/gxcfg.js?2018191138350 HTTP/1.1" 304 -
186.103.159.182 - - [14/Mar/2018:08:34:30 -0300] "GET /cormun/static/solicitudotcontratos.js?20181911383611 HTTP/1.1" 304 -
200.112.4.243 - - [14/Mar/2018:08:34:31 -0300] "POST /cormun/servlet/solicitudot?gx-no-cache=1521027222713 HTTP/1.1" 200 1318
200.112.4.243 - - [14/Mar/2018:08:34:32 -0300] "POST /cormun/servlet/solicitudot?gx-no-cache=1521027223210 HTTP/1.1" 200 1215
186.103.159.182 - - [14/Mar/2018:08:34:34 -0300] "GET /cormun/servlet/solicitudotcontratos?INS,2018,0,13718092,8,2,2018,2572,NADA,,14,B, HTTP/1.1" 200 9988
186.103.159.182 - - [14/Mar/2018:08:34:34 -0300] "GET /cormun/servlet/solicitudotcontratos?312f8847e08c804ae239eefcc67a49bf035df6a30835aaa5e8d7b33301117b41cbc11d5e245c68ad7167d2f1965ff756,gx-no-cache=1521027166407 HTTP/1.1" 200 30
186.103.159.182 - - [14/Mar/2018:08:34:34 -0300] "GET /cormun/servlet/solicitudotcontratos?312f8847e08c804ae239eefcc67a49bf8883be2d854593ccfd27f3f1f29608e617612e4e50b56326a03bb15f1814fd42,gx-no-cache=1521027166524 HTTP/1.1" 200 30
186.103.159.182 - - [14/Mar/2018:08:34:34 -0300] "GET /cormun/servlet/solicitudotcontratos?312f8847e08c804ae239eefcc67a49bf3e9c99b638f9a46e14b0ef64ca93ff7f71acc55428ddfeebf5c03d7dc8b0402ae1182a611431262bef9e523ee3896eec921e8f7459f65fd9fdedf053aa4cff52ada7c524efb84147b5ca6280ce2ced9ae32583f4bdf2756c5980a201cc0ea6ee774c75b90d794feb7d3cb3a312831bb7,gx-no-cache=1521027166603 HTTP/1.1" 200 48
186.103.159.182 - - [14/Mar/2018:08:34:34 -0300] "GET /cormun/servlet/solicitudotcontratos?312f8847e08c804ae239eefcc67a49bfb3a8e8697f34b34f892c292db6e31e2d561af0fc2cea4db63a0b9cdaac67ea3f,gx-no-cache=1521027166693 HTTP/1.1" 200 30
186.103.159.182 - - [14/Mar/2018:08:34:34 -0300] "GET /cormun/servlet/solicitudotcontratos?312f8847e08c804ae239eefcc67a49bf9f737898eb203740e45a76466852f51e72ae7a01eb4c9f2a88ac12338a4198a72f79d600bbb577921d54ba54f7e8bf1c0b2904d672dca1e8bcc940ef1351661ff7980b0e2f597033a41ad6b75554998bff431e885a3f16dd87e6a5d8b1d38eda,gx-no-cache=1521027166793 HTTP/1.1" 200 30
186.103.159.182 - - [14/Mar/2018:08:34:35 -0300] "GET /cormun/servlet/solicitudotcontratos?312f8847e08c804ae239eefcc67a49bf20b89c25721a457965da4a975ed2ec7d5fddb3d59d80fbb9a20eba658c076888e7b18eb4f1d6b0ca16d9184d3345dd06d414b8be6a29d3e9c748065dbddccdfac370a5d30612a03d321a4f774eae3b3eba22feb93847fd49481259d183293dcc3ce430ad6593abc55f1cea6813258216567d2f7c073da8d059ef2f729aa2e91712489296f6d4d0fca941dff351daa17d4b397091fcebcbb9399eb2224f85f331ce47460b7655a08e9082cb276678b8e8e4201157619c9f423d35827068af51625a1092cc67df7298fdfdbb176f5407fb7a49b5568c8c109eb129a614c6797737ae264704f78edf2bef54973d8ed39d26fb346cfa44b1700cb538e6db0cf5034853ed3d3fef97dd61fcb843c287549987131e5f8e0efbe39cff5c5616319d02da88630634a3c093827e3a9ef8bb2795f7f5a3a18d9926bb80d64e06978c975c13c067b6b9c240dedc6008cabbf045dfd2b15d1ce7eaba3f3e6f492cac9d8cddf528bf3df2ad57cd26f4b9ebb9ae0f416e1f8b827eca7d171080eb04f7bc235387247588173595b862d0e7861b66836deb0787402b0760108646094866c475cb48,gx-no-cache=1521027166901 HTTP/1.1" 200 72
186.103.159.182 - - [14/Mar/2018:08:34:46 -0300] "POST /cormun/servlet/solicitudotcontratos?2100248673f407c798b1f7cb68d5eb85,INS,2018,0,13718092,8,2,2018,2572,NADA,,14,B,,gx-no-cache=1521027171399 HTTP/1.1" 200 93
186.103.159.182 - - [14/Mar/2018:08:34:46 -0300] "GET /cormun/servlet/hpexe_return? HTTP/1.1" 200 1045
186.103.159.182 - - [14/Mar/2018:08:34:47 -0300] "GET /cormun/servlet/trcontratosolicitud HTTP/1.1" 200 14638
186.103.159.182 - - [14/Mar/2018:08:34:50 -0300] "GET /cormun/servlet/trcontratosolicitud HTTP/1.1" 200 14642
192.168.10.89 - - [14/Mar/2018:08:35:25 -0300] "POST /cormun/servlet/trsolicitudot?9747ee834bbd6a7052a28a2dd7f36348,,gx-no-cache=1521027161245 HTTP/1.1" 200 105
192.168.10.89 - - [14/Mar/2018:08:35:25 -0300] "GET /cormun/servlet/solicitudot?UPD,2018,9197, HTTP/1.1" 200 15363
192.168.10.89 - - [14/Mar/2018:08:35:25 -0300] "GET /cormun/static/gxcfg.js?201812313224582 HTTP/1.1" 200 953
192.168.10.89 - - [14/Mar/2018:08:35:25 -0300] "GET /cormun/static/solicitudot.js?201812313224831 HTTP/1.1" 200 72336
192.168.10.89 - - [14/Mar/2018:08:35:26 -0300] "POST /cormun/servlet/solicitudot?gx-no-cache=1521027162495 HTTP/1.1" 200 3387
192.168.10.89 - - [14/Mar/2018:08:35:26 -0300] "POST /cormun/servlet/solicitudot?9747ee834bbd6a7052a28a2dd7f36348,UPD,2018,9197,,gx-no-cache=1521027162689 HTTP/1.1" 200 11694
192.168.10.89 - - [14/Mar/2018:08:35:26 -0300] "GET /cormun/servlet/solicitudot?5ed6d2dc06a106fced1c17203e8656a6f0ff0e8c192b34ef95fe8872639f349756ffa51808596226b5781e04756fc486,gx-no-cache=1521027162909 HTTP/1.1" 200 30
192.168.10.89 - - [14/Mar/2018:08:35:26 -0300] "GET /cormun/servlet/solicitudot?5ed6d2dc06a106fced1c17203e8656a6a5622b2884d46c6c191ec121b8ec7b7b8659f7c7a22a50cf7142623cf91df075,gx-no-cache=1521027162959 HTTP/1.1" 200 30
192.168.10.89 - - [14/Mar/2018:08:35:26 -0300] "GET /cormun/servlet/solicitudot?5ed6d2dc06a106fced1c17203e8656a63d55d183c9d3bf8d4319c7a8f2d6fd41,gx-no-cache=1521027162977 HTTP/1.1" 200 29
192.168.10.89 - - [14/Mar/2018:08:35:26 -0300] "POST /cormun/servlet/solicitudot?gx-no-cache=1521027162997 HTTP/1.1" 200 256
192.168.10.89 - - [14/Mar/2018:08:35:26 -0300] "GET /cormun/servlet/solicitudot?5ed6d2dc06a106fced1c17203e8656a68b5341451ecd89382f717b5601dba5aa6697f7533fb8c9310539937738e7ec6c3d2658aae201e62633c7101835541369f727db4e6db869c462efae238cd75d602a08d0a5eed5f3d6f197cf05898ad113e9f3d89c86ec9bbc22cc031427f6623d269c386ef7daaf444c2328abe53a7a90fb5c6326b1ddaaff5ed720ab71fcda461a890f748c37ea9e1c27aa38f61425a9407e917572d881bb321619e2055cac46f236e69c5fdbbbbd977cd86c69ee13f15be2f94f1edd5612973a2df9097b4130c5f298018f2fde007a08bc1c2fc1e4d522749bcc403dfd453ff92722cfef6a0ab7a1f079fe992478bd1a84cac9c80c5a34441482637d4d475d03b6609a4bfac06074d276341dd2070fd4ac304649f17e935ac5ed7c88c4a9194bc32c534b4eab3c9d95f5bab13aa93a19a2c8aa2c9de1ba16e773ab465b8aa08317f3311f1965feb6f5a6755c5375be0ce726ec7f10850762f8cd2460398e630a65e3e83c94b82785bd35976fb4ebb336a63acaa8cb86,gx-no-cache=1521027163022 HTTP/1.1" 200 30
192.168.10.89 - - [14/Mar/2018:08:35:26 -0300] "POST /cormun/servlet/solicitudot?gx-no-cache=1521027163041 HTTP/1.1" 200 30
192.168.10.89 - - [14/Mar/2018:08:35:26 -0300] "POST /cormun/servlet/solicitudot?gx-no-cache=1521027163074 HTTP/1.1" 200 1337
192.168.10.89 - - [14/Mar/2018:08:35:26 -0300] "POST /cormun/servlet/solicitudot?gx-no-cache=1521027163114 HTTP/1.1" 200 41
186.103.159.182 - - [14/Mar/2018:08:35:43 -0300] "GET /cormun/servlet/trsolicitudot? HTTP/1.1" 200 7466
186.103.159.182 - - [14/Mar/2018:08:35:44 -0300] "GET /cormun/servlet/trsolicitudot? HTTP/1.1" 200 7465
192.168.10.96 - - [14/Mar/2018:08:35:46 -0300] "POST /cormun/servlet/trsolicitudgral?12f6c9654ac77f8c25d143be50d4a288,,gx-no-cache=1521027181828 HTTP/1.1" 200 26170
186.103.159.182 - - [14/Mar/2018:08:35:47 -0300] "GET /cormun/static/menuarrow.gif HTTP/1.1" 404 1015
192.168.10.96 - - [14/Mar/2018:08:35:49 -0300] "POST /cormun/servlet/trsolicitudgral?12f6c9654ac77f8c25d143be50d4a288,,gx-no-cache=1521027185129 HTTP/1.1" 200 105
192.168.10.96 - - [14/Mar/2018:08:35:49 -0300] "GET /cormun/SolicitudGral-2834.xls HTTP/1.1" 200 49152
192.168.10.89 - - [14/Mar/2018:08:35:56 -0300] "POST /cormun/servlet/solicitudot?9747ee834bbd6a7052a28a2dd7f36348,UPD,2018,9197,,gx-no-cache=1521027192482 HTTP/1.1" 200 93
192.168.10.89 - - [14/Mar/2018:08:35:56 -0300] "GET /cormun/servlet/hpexe_return? HTTP/1.1" 200 1012
192.168.10.89 - - [14/Mar/2018:08:35:56 -0300] "GET /cormun/servlet/trsolicitudot? HTTP/1.1" 200 9231
192.168.10.89 - - [14/Mar/2018:08:36:12 -0300] "POST /cormun/servlet/trsolicitudot?9747ee834bbd6a7052a28a2dd7f36348,,gx-no-cache=1521027208024 HTTP/1.1" 200 23282
186.103.159.182 - - [14/Mar/2018:08:36:19 -0300] "POST /cormun/servlet/trsolicitudot?2100248673f407c798b1f7cb68d5eb85,,gx-no-cache=1521027270252 HTTP/1.1" 200 4480
186.103.159.182 - - [14/Mar/2018:08:36:25 -0300] "POST /cormun/servlet/trsolicitudot?2100248673f407c798b1f7cb68d5eb85,,gx-no-cache=1521027276475 HTTP/1.1" 200 5881
186.103.159.204 - - [14/Mar/2018:08:36:54 -0300] "GET /cormun/servlet/hlogin HTTP/1.1" 200 1722
186.103.159.204 - - [14/Mar/2018:08:36:55 -0300] "GET /cormun/servlet/hlogin HTTP/1.1" 200 1730
186.103.159.204 - - [14/Mar/2018:08:36:55 -0300] "GET /favicon.ico HTTP/1.1" 200 21630
192.168.10.96 - - [14/Mar/2018:08:37:07 -0300] "POST /cormun/servlet/trsolicitudgral?12f6c9654ac77f8c25d143be50d4a288,,gx-no-cache=1521027262178 HTTP/1.1" 200 26142
192.168.10.96 - - [14/Mar/2018:08:37:10 -0300] "POST /cormun/servlet/trsolicitudgral?12f6c9654ac77f8c25d143be50d4a288,,gx-no-cache=1521027265352 HTTP/1.1" 200 105
192.168.10.96 - - [14/Mar/2018:08:37:10 -0300] "GET /cormun/SolicitudGral-6609.xls HTTP/1.1" 200 82944
186.103.159.182 - - [14/Mar/2018:08:37:12 -0300] "POST /cormun/servlet/trsolicitudot?2100248673f407c798b1f7cb68d5eb85,,gx-no-cache=1521027323594 HTTP/1.1" 200 5864
186.103.159.204 - - [14/Mar/2018:08:37:16 -0300] "POST /cormun/servlet/hlogin?08b6bd8198ff1a254b92f44408bb08f9,gx-no-cache=1521027382457 HTTP/1.1" 200 444
192.168.10.56 - - [14/Mar/2018:08:37:29 -0300] "GET /cormun/servlet/hlogin HTTP/1.1" 200 1722
192.168.10.56 - - [14/Mar/2018:08:37:29 -0300] "GET /cormun/servlet/hlogin HTTP/1.1" 200 1732
192.168.10.56 - - [14/Mar/2018:08:37:29 -0300] "GET /favicon.ico HTTP/1.1" 200 21630
186.103.159.204 - - [14/Mar/2018:08:37:41 -0300] "POST /cormun/servlet/hlogin?08b6bd8198ff1a254b92f44408bb08f9,gx-no-cache=1521027407114 HTTP/1.1" 200 444
186.103.159.182 - - [14/Mar/2018:08:37:42 -0300] "POST /cormun/servlet/trsolicitudot?2100248673f407c798b1f7cb68d5eb85,,gx-no-cache=1521027351884 HTTP/1.1" 200 4481
186.103.159.182 - - [14/Mar/2018:08:37:48 -0300] "POST /cormun/servlet/trsolicitudot?2100248673f407c798b1f7cb68d5eb85,,gx-no-cache=1521027359306 HTTP/1.1" 200 4480
186.103.159.182 - - [14/Mar/2018:08:37:56 -0300] "POST /cormun/servlet/trsolicitudot?2100248673f407c798b1f7cb68d5eb85,,gx-no-cache=1521027366616 HTTP/1.1" 200 6496
186.103.159.204 - - [14/Mar/2018:08:38:13 -0300] "POST /cormun/servlet/hlogin?08b6bd8198ff1a254b92f44408bb08f9,gx-no-cache=1521027438837 HTTP/1.1" 200 90
186.103.159.204 - - [14/Mar/2018:08:38:13 -0300] "GET /cormun/servlet/hpexe_link HTTP/1.1" 200 950
186.103.159.204 - - [14/Mar/2018:08:38:14 -0300] "GET /cormun/servlet/hhome HTTP/1.1" 200 3856
186.103.159.204 - - [14/Mar/2018:08:38:15 -0300] "GET /cormun/servlet/hhome HTTP/1.1" 200 3853
186.103.159.204 - - [14/Mar/2018:08:38:30 -0300] "GET /cormun/servlet/trsolicitudot? HTTP/1.1" 200 8447
186.103.159.204 - - [14/Mar/2018:08:38:40 -0300] "GET /cormun/servlet/trsolicitudot? HTTP/1.1" 200 8445
192.168.10.89 - - [14/Mar/2018:08:38:50 -0300] "POST /cormun/servlet/trsolicitudot?9747ee834bbd6a7052a28a2dd7f36348,,gx-no-cache=1521027366044 HTTP/1.1" 200 23259
200.112.4.243 - - [14/Mar/2018:08:39:02 -0300] "POST /cormun/servlet/solicitudot?gx-no-cache=1521027494112 HTTP/1.1" 200 1318
200.112.4.243 - - [14/Mar/2018:08:39:03 -0300] "POST /cormun/servlet/solicitudot?gx-no-cache=1521027494411 HTTP/1.1" 200 1215
186.103.159.204 - - [14/Mar/2018:08:39:09 -0300] "GET /cormun/servlet/treventos?2018,10190, HTTP/1.1" 200 8755
186.103.159.204 - - [14/Mar/2018:08:39:09 -0300] "GET /cormun/static/treventos.js?201610171620222 HTTP/1.1" 200 16064
186.103.159.204 - - [14/Mar/2018:08:39:09 -0300] "GET /cormun/static/gxcfg.js?2016101716195975 HTTP/1.1" 200 953
186.103.159.204 - - [14/Mar/2018:08:39:10 -0300] "GET /cormun/servlet/treventos?2018,10190, HTTP/1.1" 200 8761
186.103.159.204 - - [14/Mar/2018:08:39:22 -0300] "GET /cormun/servlet/trsolicitudot? HTTP/1.1" 200 8447
186.103.159.204 - - [14/Mar/2018:08:39:23 -0300] "GET /cormun/servlet/trsolicitudot? HTTP/1.1" 200 8445
192.168.10.96 - - [14/Mar/2018:08:39:27 -0300] "POST /cormun/servlet/trsolicitudgral?12f6c9654ac77f8c25d143be50d4a288,,gx-no-cache=1521027395587 HTTP/1.1" 200 25795
186.103.159.204 - - [14/Mar/2018:08:39:31 -0300] "POST /cormun/servlet/trsolicitudot?08b6bd8198ff1a254b92f44408bb08f9,,gx-no-cache=1521027517729 HTTP/1.1" 200 105
186.103.159.204 - - [14/Mar/2018:08:39:32 -0300] "GET /cormun/servlet/solicitudot?UPD,2018,10190, HTTP/1.1" 200 15067
186.103.159.204 - - [14/Mar/2018:08:39:33 -0300] "GET /cormun/servlet/solicitudot?UPD,2018,10190, HTTP/1.1" 200 15077
192.168.10.96 - - [14/Mar/2018:08:39:41 -0300] "POST /cormun/servlet/trsolicitudgral?12f6c9654ac77f8c25d143be50d4a288,,gx-no-cache=1521027409912 HTTP/1.1" 200 105
192.168.10.96 - - [14/Mar/2018:08:39:41 -0300] "GET /cormun/SolicitudGral-9080.xls HTTP/1.1" 200 669696
186.103.159.204 - - [14/Mar/2018:08:39:42 -0300] "GET /cormun/servlet/trsolicitudot? HTTP/1.1" 200 8447
186.103.159.182 - - [14/Mar/2018:08:39:46 -0300] "POST /cormun/servlet/trsolicitudot?2100248673f407c798b1f7cb68d5eb85,,gx-no-cache=1521027476939 HTTP/1.1" 200 6474
186.67.172.234 - - [14/Mar/2018:08:39:54 -0300] "GET /cormun/servlet/hlogin HTTP/1.1" 200 1724
186.67.172.234 - - [14/Mar/2018:08:39:58 -0300] "POST /cormun/servlet/hlogin?6f46d7794e51498bdc6a44075f1e0780,gx-no-cache=1521031188044 HTTP/1.1" 200 90
186.67.172.234 - - [14/Mar/2018:08:39:58 -0300] "GET /cormun/servlet/hpexe_link HTTP/1.1" 200 951
186.67.172.234 - - [14/Mar/2018:08:39:58 -0300] "GET /cormun/servlet/hhome HTTP/1.1" 200 4229
186.67.172.234 - - [14/Mar/2018:08:39:59 -0300] "GET /cormun/servlet/hhome HTTP/1.1" 200 4225
186.103.159.182 - - [14/Mar/2018:08:40:02 -0300] "GET /cormun/servlet/trsolicitudot? HTTP/1.1" 200 9482
