186.67.203.186 - - [14/Mar/2018:16:40:02 -0300] "GET /cormun/static/Shared/jqueryui/images/ui-icons_ebccce_256x240.png HTTP/1.1" 404 1089
186.67.203.186 - - [14/Mar/2018:16:40:02 -0300] "GET /cormun/static/Shared/jqueryui/images/ui-icons_82798d_256x240.png HTTP/1.1" 404 1089
186.103.161.206 - - [14/Mar/2018:16:40:02 -0300] "GET /cormun/static/Shared/jqueryui/images/ui-bg_flat_55_994d53_40x100.png HTTP/1.1" 404 1097
186.103.161.206 - - [14/Mar/2018:16:40:03 -0300] "GET /cormun/servlet/prbanco?,MD,,gxPopupLevel%3D0%3B HTTP/1.1" 200 6515
186.103.161.206 - - [14/Mar/2018:16:40:08 -0300] "GET /cormun/servlet/solicitudot?df5c45808099e7c59eabb58184f8f8938febde67e1634d5795ce9eed78072544,gx-no-cache=1521056357623 HTTP/1.1" 200 53
186.103.159.44 - - [14/Mar/2018:16:40:08 -0300] "POST /cormun/servlet/solicitudot?gx-no-cache=1521056358984 HTTP/1.1" 200 3284
186.103.159.44 - - [14/Mar/2018:16:40:09 -0300] "POST /cormun/servlet/solicitudot?ee5d2696606f1a5dad58e26f675b92a9,INS,0,0,,gx-no-cache=1521056359336 HTTP/1.1" 200 10439
186.79.4.176 - - [14/Mar/2018:16:40:15 -0300] "GET /cormun/PrivateTempStorage/upload_00011214.pdf HTTP/1.1" 200 16384
192.168.10.61 - - [14/Mar/2018:16:40:23 -0300] "POST /cormun/servlet/trsolicitudgral?1d24fc06c7d44b9c3146098ce84acfc9,gx-no-cache=1521051087607,gx-no-cache=1521056259378 HTTP/1.1" 200 10545
186.103.161.206 - - [14/Mar/2018:16:40:26 -0300] "POST /cormun/servlet/solicitudot?30b644164fabf909c30fc7557b68fbf2,INS,0,0,,gx-no-cache=1521056371207 HTTP/1.1" 200 10652
186.103.161.206 - - [14/Mar/2018:16:40:26 -0300] "GET /cormun/static/Shared/jqueryui/images/ui-bg_flat_55_fafafa_40x100.png HTTP/1.1" 404 1097
186.67.203.186 - - [14/Mar/2018:16:40:26 -0300] "GET /cormun/static/Shared/jqueryui/images/ui-icons_8d78a5_256x240.png HTTP/1.1" 404 1089
186.67.203.186 - - [14/Mar/2018:16:40:27 -0300] "GET /cormun/servlet/solicitudot?df5c45808099e7c59eabb58184f8f893f1607562fa427c74826110ec960520504550141f8a12b536fd9b5f6dec41d0b1,gx-no-cache=1521056377155 HTTP/1.1" 200 30
186.67.203.186 - - [14/Mar/2018:16:40:27 -0300] "GET /cormun/servlet/solicitudot?df5c45808099e7c59eabb58184f8f8939e483148cd32fa40e3837cff26d6303316f31856cc549b4d98a6fa05a55c44754550141f8a12b536fd9b5f6dec41d0b1,gx-no-cache=1521056377225 HTTP/1.1" 200 30
186.67.203.186 - - [14/Mar/2018:16:40:27 -0300] "GET /cormun/servlet/solicitudot?df5c45808099e7c59eabb58184f8f8936e80c11dae678f8a558e2e8c64b0863933b737a88890bd1f0eb4b7b97ad4a9efc6a21aedebaf73c270e46223b9e78035,gx-no-cache=1521056377268 HTTP/1.1" 200 53
186.67.203.186 - - [14/Mar/2018:16:40:27 -0300] "POST /cormun/servlet/solicitudot?gx-no-cache=1521056377348 HTTP/1.1" 200 255
186.67.203.186 - - [14/Mar/2018:16:40:27 -0300] "GET /cormun/servlet/solicitudot?df5c45808099e7c59eabb58184f8f893bd48955bc3945d3c5c470c7a49bf16d8c631f8c38984d2c203a12b4fda97c784344f5c19dcf8c317205c8814ed0778fc64d7338e9a80a9ccaf669e9c32b322732eda644ade2716a979d77e1726b6b0c90181f8768d30ae87741b11a0d646180d27891c8244ad1c0e723282a7736f639b84956ee93a4743d38f0aec0c2ec6551a30beff3c4f594a6432f664daa1c77831652ef9cfa68bcfaeb845a17863d35a11ce3bdc15cabe080559d04431d57a9bf47c6ab2a9b5d3fdb89ddfdb5e4a5ef3e666b814cf81d2b4c1197f843ff69fbfb42cdc935c1bc9e55009dbaca954140ea09ff37e4c97d547a49437eec94c41fa7f4f67bd927ec4013b0c426c64438772dda68224a3f6a8977540b46d4b78f6901cf644b272ffc2034652496419cea599243eccea47d748a00d70534962bf7a39585ac53d11667af3aeb671d01f83b3b4715445a6f5fa824668e5d31e0b54f247dc5099a48f704372ad8fc0faf540a169bd211bd2a317c1b41321d0cfbe89c6bd76,gx-no-cache=1521056377426 HTTP/1.1" 200 30
186.67.203.186 - - [14/Mar/2018:16:40:30 -0300] "POST /cormun/servlet/solicitudot?gx-no-cache=1521056380308 HTTP/1.1" 200 30
186.67.203.186 - - [14/Mar/2018:16:40:33 -0300] "GET /cormun/servlet/prcontratosol?9281012,,,,,MD,,gxPopupLevel%3D0%3B HTTP/1.1" 200 8004
186.67.203.186 - - [14/Mar/2018:16:40:35 -0300] "POST /cormun/servlet/solicitudot?gx-no-cache=1521056384702 HTTP/1.1" 200 1337
186.67.203.186 - - [14/Mar/2018:16:40:36 -0300] "POST /cormun/servlet/solicitudot?gx-no-cache=1521056385423 HTTP/1.1" 200 38
186.67.203.186 - - [14/Mar/2018:16:40:36 -0300] "GET /cormun/servlet/solicitudot?df5c45808099e7c59eabb58184f8f893a749de90104053faf235e7c76822d2b843814ab7f96bd17e28d3ab0546f69f2db1fcfbb5d8f06b7902a0e25319f5403b149227a6b991ca6ce59697717c6df5a17a54ac727f31ed9610b5330d217476c4c858531428ae2215bd5bc75e995bff2ad089b059f06a420bc89e62fccbaacbd36561905d34f3911c7ba32248f5403351777442b4b1723a90d7b44ef0feb1c77c,gx-no-cache=1521056385684 HTTP/1.1" 200 29
186.67.203.186 - - [14/Mar/2018:16:40:36 -0300] "POST /cormun/servlet/solicitudot?gx-no-cache=1521056385781 HTTP/1.1" 200 1319
186.67.203.186 - - [14/Mar/2018:16:40:36 -0300] "POST /cormun/servlet/solicitudot?gx-no-cache=1521056385935 HTTP/1.1" 200 1219
186.67.203.186 - - [14/Mar/2018:16:40:36 -0300] "GET /cormun/servlet/solicitudot?df5c45808099e7c59eabb58184f8f893329082e65de777911310d72c61f4aafa78d7c3efb3eafe362bcd0798d11dab7c,gx-no-cache=1521056386038 HTTP/1.1" 200 134
186.67.203.186 - - [14/Mar/2018:16:41:11 -0300] "POST /cormun/servlet/solicitudot?gx-no-cache=1521056420230 HTTP/1.1" 200 1318
186.67.203.186 - - [14/Mar/2018:16:41:11 -0300] "POST /cormun/servlet/solicitudot?gx-no-cache=1521056420582 HTTP/1.1" 200 1219
186.67.203.186 - - [14/Mar/2018:16:41:11 -0300] "GET /cormun/servlet/solicitudot?df5c45808099e7c59eabb58184f8f893329082e65de777911310d72c61f4aafa78d7c3efb3eafe362bcd0798d11dab7c,gx-no-cache=1521056420695 HTTP/1.1" 200 134
186.67.203.186 - - [14/Mar/2018:16:41:11 -0300] "POST /cormun/servlet/solicitudot?gx-no-cache=1521056420760 HTTP/1.1" 200 137
186.67.203.186 - - [14/Mar/2018:16:41:11 -0300] "POST /cormun/servlet/solicitudot?30b644164fabf909c30fc7557b68fbf2,INS,0,0,,gx-no-cache=1521056420875 HTTP/1.1" 200 12115
186.67.203.186 - - [14/Mar/2018:16:41:27 -0300] "POST /cormun/servlet/solicitudot?gx-no-cache=1521056436285 HTTP/1.1" 200 256
186.67.203.186 - - [14/Mar/2018:16:41:27 -0300] "GET /cormun/servlet/solicitudot?df5c45808099e7c59eabb58184f8f893bd48955bc3945d3c5c470c7a49bf16d8c631f8c38984d2c203a12b4fda97c784344f5c19dcf8c317205c8814ed0778fc64d7338e9a80a9ccaf669e9c32b322732eda644ade2716a979d77e1726b6b0c90181f8768d30ae87741b11a0d646180d27891c8244ad1c0e723282a7736f639b84956ee93a4743d38f0aec0c2ec6551a30beff3c4f594a6432f664daa1c77831652ef9cfa68bcfaeb845a17863d35a11ce3bdc15cabe080559d04431d57a9bf47c6ab2a9b5d3fdb89ddfdb5e4a5ef3e666b814cf81d2b4c1197f843ff69fbfb42cdc935c1bc9e55009dbaca954140ea09ff37e4c97d547a49437eec94c41fa7f4f67bd927ec4013b0c426c64438772dda68224a3f6a8977540b46d4b78f6901cf644b272ffc2034652496419cea599243eccea47d748a00d70534962bf7a39585ac53d11667af3aeb671d01f83b3b4715445a6f5fa824668e5d31e0b54f247dc5099a48f704372ad8fc0faf540a169bdb6a4c0802d53ad672c571ee8823ed9d4,gx-no-cache=1521056436540 HTTP/1.1" 200 30
186.67.203.186 - - [14/Mar/2018:16:41:27 -0300] "POST /cormun/servlet/solicitudot?gx-no-cache=1521056436619 HTTP/1.1" 200 30
186.67.203.186 - - [14/Mar/2018:16:41:27 -0300] "POST /cormun/servlet/solicitudot?gx-no-cache=1521056436703 HTTP/1.1" 200 1335
186.67.203.186 - - [14/Mar/2018:16:41:27 -0300] "POST /cormun/servlet/solicitudot?gx-no-cache=1521056436791 HTTP/1.1" 200 41
186.67.203.186 - - [14/Mar/2018:16:41:27 -0300] "POST /cormun/servlet/solicitudot?gx-no-cache=1521056436830 HTTP/1.1" 200 1318
186.67.203.186 - - [14/Mar/2018:16:41:27 -0300] "POST /cormun/servlet/solicitudot?gx-no-cache=1521056436909 HTTP/1.1" 200 1219
186.67.203.186 - - [14/Mar/2018:16:41:27 -0300] "GET /cormun/servlet/solicitudot?df5c45808099e7c59eabb58184f8f893329082e65de777911310d72c61f4aafa5914296638a9d99de0c20be68069f3d6,gx-no-cache=1521056436981 HTTP/1.1" 200 134
186.67.203.186 - - [14/Mar/2018:16:41:27 -0300] "POST /cormun/servlet/solicitudot?gx-no-cache=1521056437025 HTTP/1.1" 200 137
186.67.203.186 - - [14/Mar/2018:16:41:27 -0300] "POST /cormun/servlet/solicitudot?30b644164fabf909c30fc7557b68fbf2,INS,0,0,,gx-no-cache=1521056437141 HTTP/1.1" 200 12141
186.67.203.186 - - [14/Mar/2018:16:41:32 -0300] "GET /cormun/static/menuarrow.gif HTTP/1.1" 404 1015
186.67.203.186 - - [14/Mar/2018:16:41:36 -0300] "GET /cormun/servlet/solicitudot?df5c45808099e7c59eabb58184f8f893329082e65de777911310d72c61f4aafa5914296638a9d99de0c20be68069f3d6,gx-no-cache=1521056445596 HTTP/1.1" 200 134
186.67.203.186 - - [14/Mar/2018:16:41:36 -0300] "POST /cormun/servlet/solicitudot?gx-no-cache=1521056445650 HTTP/1.1" 200 137
186.67.203.186 - - [14/Mar/2018:16:41:36 -0300] "POST /cormun/servlet/solicitudot?30b644164fabf909c30fc7557b68fbf2,INS,0,0,,gx-no-cache=1521056445729 HTTP/1.1" 200 12208
186.79.4.176 - - [14/Mar/2018:16:41:47 -0300] "GET /cormun/servlet/solicitudot?44c9d600888decf4b92112eaf1950fb21f0fe4454bffe082cbd6fab27cf71ca1589cea0588480a6cfe0e990ad63aea49409b1c7f1f3ad01b7dacdc1b55fb3b62,gx-no-cache=1521056459188 HTTP/1.1" 200 30
186.79.4.176 - - [14/Mar/2018:16:41:47 -0300] "POST /cormun/servlet/solicitudot?gx-no-cache=1521056459728 HTTP/1.1" 200 256
186.79.4.176 - - [14/Mar/2018:16:41:48 -0300] "GET /cormun/servlet/solicitudot?44c9d600888decf4b92112eaf1950fb295145daa7682fd81ade4ff9103c2d20907093b903fe8e54024de2527effc4962df12ff3dd8307777bcb90d4363487003eeeeda45de9bd1336042e1f1d73514bf0d4e1db23b95a2df50b6dbdd47f9b17595787faf6924a757cd7a03a34b5056420978bdfd48def71ff3249b6f18f14fb66f319bc3fbf906fdd70b3deec399ec65f64aa8828ab8baf534b5a0c9b4cf4eeb501a622f3fe4f4f826287882ed8f5760bf01be0c28a13bd875f28409d7c058c3de874128994a5940f12f62eea316772fa396937ee99cac65cda01e521f2bd53be7756c936b2ab110ea00a08fb63b09cc2486bafb67025f47dea80f0b48fa79a21654d94181de0f879368be5904b6ad36a7a27619cde5629f979659d0140590169673279716fbe79d97a3ce8621e3a7954dbec62551038883953d22f90ecfa2d4f64355d1f19a7b4bbebc6bd4958a41e51556083538ed21b373fa30bf6499ed6d0960b25c42ae811b220e5248cf0b275242c9cefbdf1482f4427cf6d0f32a53d2,gx-no-cache=1521056459895 HTTP/1.1" 200 30
186.79.4.176 - - [14/Mar/2018:16:41:48 -0300] "POST /cormun/servlet/solicitudot?gx-no-cache=1521056460055 HTTP/1.1" 200 30
186.79.4.176 - - [14/Mar/2018:16:41:48 -0300] "POST /cormun/servlet/solicitudot?gx-no-cache=1521056460201 HTTP/1.1" 200 1336
186.79.4.176 - - [14/Mar/2018:16:41:48 -0300] "POST /cormun/servlet/solicitudot?gx-no-cache=1521056460428 HTTP/1.1" 200 41
186.79.4.176 - - [14/Mar/2018:16:41:48 -0300] "POST /cormun/servlet/solicitudot?gx-no-cache=1521056460565 HTTP/1.1" 200 1318
186.79.4.176 - - [14/Mar/2018:16:41:49 -0300] "POST /cormun/servlet/solicitudot?gx-no-cache=1521056460779 HTTP/1.1" 200 1218
186.79.4.176 - - [14/Mar/2018:16:41:49 -0300] "GET /cormun/servlet/solicitudot?44c9d600888decf4b92112eaf1950fb2c29dd1653e37538318bd37c216338bd0b59ce8744a36e1b549ff77e3109b9b28,gx-no-cache=1521056460983 HTTP/1.1" 200 30
186.79.4.176 - - [14/Mar/2018:16:41:49 -0300] "POST /cormun/servlet/solicitudot?gx-no-cache=1521056461117 HTTP/1.1" 200 33
186.79.4.176 - - [14/Mar/2018:16:41:50 -0300] "POST /cormun/servlet/solicitudot?e7162c5165a1fd54cd98a58c5d03f17a,INS,0,0,,gx-no-cache=1521056461361 HTTP/1.1" 200 11844
190.151.100.218 - - [14/Mar/2018:16:42:01 -0300] "GET /cormun/servlet/solicitudot?df5c45808099e7c59eabb58184f8f8933babf27ee830dba7290c843a773f569955b1f962f974cf06a56e96fed9c23012,gx-no-cache=1521056470603 HTTP/1.1" 200 30
190.151.100.218 - - [14/Mar/2018:16:42:04 -0300] "POST /cormun/servlet/solicitudot?gx-no-cache=1521056471514 HTTP/1.1" 200 137
190.151.100.218 - - [14/Mar/2018:16:42:06 -0300] "POST /cormun/servlet/solicitudot?30b644164fabf909c30fc7557b68fbf2,INS,0,0,,gx-no-cache=1521056473811 HTTP/1.1" 200 12214
190.151.100.218 - - [14/Mar/2018:16:42:18 -0300] "POST /cormun/servlet/solicitudot?gx-no-cache=1521056488391 HTTP/1.1" 200 137
190.151.100.218 - - [14/Mar/2018:16:42:35 -0300] "POST /cormun/servlet/solicitudot?gx-no-cache=1521056503635 HTTP/1.1" 200 33
192.168.10.89 - - [14/Mar/2018:16:42:36 -0300] "POST /cormun/servlet/trsolicitudot?f94dabdf0a9094dffaa33c0bc4e24daa,gx-no-cache=1521056392523 HTTP/1.1" 200 4652
190.151.100.218 - - [14/Mar/2018:16:42:39 -0300] "POST /cormun/servlet/solicitudot?30b644164fabf909c30fc7557b68fbf2,INS,0,0,,gx-no-cache=1521056505492 HTTP/1.1" 200 93
190.151.100.218 - - [14/Mar/2018:16:42:39 -0300] "GET /cormun/servlet/hpexe_return? HTTP/1.1" 200 1012
190.151.100.218 - - [14/Mar/2018:16:42:39 -0300] "GET /cormun/servlet/trsolicitudot HTTP/1.1" 200 9080
190.151.100.218 - - [14/Mar/2018:16:42:40 -0300] "GET /cormun/servlet/trsolicitudot HTTP/1.1" 200 9076
192.168.10.89 - - [14/Mar/2018:16:42:43 -0300] "GET /cormun/servlet/trsolicitudgral? HTTP/1.1" 200 29255
190.151.100.218 - - [14/Mar/2018:16:42:54 -0300] "POST /cormun/servlet/trsolicitudot?30b644164fabf909c30fc7557b68fbf2,gx-no-cache=1521056513122 HTTP/1.1" 200 5886
190.151.100.218 - - [14/Mar/2018:16:42:54 -0300] "GET /cormun/static/Shared/jqueryui/images/ui-bg_highlight-soft_100_c6c2c8_1x100.png HTTP/1.1" 404 1117
200.72.197.82 - - [14/Mar/2018:16:42:54 -0300] "GET /cormun/static/Shared/jqueryui/images/ui-icons_82798d_256x240.png HTTP/1.1" 404 1089
200.72.197.82 - - [14/Mar/2018:16:42:54 -0300] "GET /cormun/static/Shared/jqueryui/images/ui-icons_8d78a5_256x240.png HTTP/1.1" 404 1089
190.151.100.218 - - [14/Mar/2018:16:42:54 -0300] "GET /cormun/static/Shared/jqueryui/images/ui-bg_flat_55_fafafa_40x100.png HTTP/1.1" 404 1097
190.151.100.218 - - [14/Mar/2018:16:42:54 -0300] "POST /cormun/servlet/trsolicitudot?30b644164fabf909c30fc7557b68fbf2,gx-no-cache=1521056523973 HTTP/1.1" 200 5830
192.168.10.89 - - [14/Mar/2018:16:42:55 -0300] "POST /cormun/servlet/trsolicitudgral?f94dabdf0a9094dffaa33c0bc4e24daa,,gx-no-cache=1521056411689 HTTP/1.1" 200 7278
186.79.4.176 - - [14/Mar/2018:16:42:56 -0300] "GET /cormun/servlet/solicitudot?44c9d600888decf4b92112eaf1950fb21f0fe4454bffe082cbd6fab27cf71ca1589cea0588480a6cfe0e990ad63aea49409b1c7f1f3ad01b7dacdc1b55fb3b62,gx-no-cache=1521056527366 HTTP/1.1" 200 30
186.79.4.176 - - [14/Mar/2018:16:42:56 -0300] "POST /cormun/servlet/solicitudot?gx-no-cache=1521056528034 HTTP/1.1" 200 256
186.79.4.176 - - [14/Mar/2018:16:42:58 -0300] "GET /cormun/servlet/solicitudot?44c9d600888decf4b92112eaf1950fb295145daa7682fd81ade4ff9103c2d20907093b903fe8e54024de2527effc4962df12ff3dd8307777bcb90d4363487003eeeeda45de9bd1336042e1f1d73514bf0d4e1db23b95a2df50b6dbdd47f9b17595787faf6924a757cd7a03a34b5056420978bdfd48def71ff3249b6f18f14fb66f319bc3fbf906fdd70b3deec399ec65f64aa8828ab8baf534b5a0c9b4cf4eeb501a622f3fe4f4f826287882ed8f5760bf01be0c28a13bd875f28409d7c058c3de874128994a5940f12f62eea316772fa396937ee99cac65cda01e521f2bd53be7756c936b2ab110ea00a08fb63b09cc2486bafb67025f47dea80f0b48fa79a21654d94181de0f879368be5904b6ad36a7a27619cde5629f979659d0140590169673279716fbe79d97a3ce8621e3a7954dbec62551038883953d22f90ecfa2d4f64355d1f19a7b4bbebc6bd4958a41e51556083538ed21b373fa30bf6499ed6d0960b25c42ae811b220e5248cf0b275242c9cefbdf1482f4427cf6d0f32a53d2,gx-no-cache=1521056528886 HTTP/1.1" 200 30
186.79.4.176 - - [14/Mar/2018:16:42:58 -0300] "POST /cormun/servlet/solicitudot?gx-no-cache=1521056530314 HTTP/1.1" 200 30
190.151.100.218 - - [14/Mar/2018:16:42:58 -0300] "POST /cormun/servlet/trsolicitudot?30b644164fabf909c30fc7557b68fbf2,gx-no-cache=1521056527910 HTTP/1.1" 200 106
190.151.100.218 - - [14/Mar/2018:16:42:58 -0300] "GET /cormun/servlet/solicitudot?UPD,2018,10485, HTTP/1.1" 200 15280
190.151.100.218 - - [14/Mar/2018:16:42:59 -0300] "GET /cormun/servlet/solicitudot?UPD,2018,10485, HTTP/1.1" 200 15290
186.79.4.176 - - [14/Mar/2018:16:42:59 -0300] "POST /cormun/servlet/solicitudot?gx-no-cache=1521056530543 HTTP/1.1" 200 1336
186.79.4.176 - - [14/Mar/2018:16:42:59 -0300] "POST /cormun/servlet/solicitudot?gx-no-cache=1521056531438 HTTP/1.1" 200 41
190.151.100.218 - - [14/Mar/2018:16:43:00 -0300] "POST /cormun/servlet/solicitudot?gx-no-cache=1521056529278 HTTP/1.1" 200 3408
190.151.100.218 - - [14/Mar/2018:16:43:01 -0300] "POST /cormun/servlet/solicitudot?30b644164fabf909c30fc7557b68fbf2,UPD,2018,10485,,gx-no-cache=1521056529725 HTTP/1.1" 200 11724
186.79.4.176 - - [14/Mar/2018:16:43:01 -0300] "POST /cormun/servlet/solicitudot?gx-no-cache=1521056531864 HTTP/1.1" 200 1318
190.151.100.218 - - [14/Mar/2018:16:43:01 -0300] "GET /cormun/servlet/solicitudot?df5c45808099e7c59eabb58184f8f893b5de71a1f21677f4d94c3887482c986cf4c9776a25bf89d37fc281d7663aeee7,gx-no-cache=1521056531106 HTTP/1.1" 200 30
186.79.4.176 - - [14/Mar/2018:16:43:02 -0300] "POST /cormun/servlet/solicitudot?gx-no-cache=1521056533452 HTTP/1.1" 200 1218
190.151.100.218 - - [14/Mar/2018:16:43:02 -0300] "GET /cormun/servlet/solicitudot?df5c45808099e7c59eabb58184f8f893b5ba9ab48d8414c93b7a6b922bb316bb6ac9106bed8565d8e274f34cfd7d9281f4c9776a25bf89d37fc281d7663aeee7,gx-no-cache=1521056531257 HTTP/1.1" 200 30
186.79.4.176 - - [14/Mar/2018:16:43:02 -0300] "GET /cormun/servlet/solicitudot?44c9d600888decf4b92112eaf1950fb2c29dd1653e37538318bd37c216338bd0b59ce8744a36e1b549ff77e3109b9b28,gx-no-cache=1521056533966 HTTP/1.1" 200 30
190.151.100.218 - - [14/Mar/2018:16:43:02 -0300] "GET /cormun/servlet/solicitudot?df5c45808099e7c59eabb58184f8f8936e80c11dae678f8a558e2e8c64b0863933b737a88890bd1f0eb4b7b97ad4a9efc6a21aedebaf73c270e46223b9e78035,gx-no-cache=1521056531682 HTTP/1.1" 200 53
186.79.4.176 - - [14/Mar/2018:16:43:02 -0300] "POST /cormun/servlet/solicitudot?gx-no-cache=1521056534107 HTTP/1.1" 200 33
190.151.100.218 - - [14/Mar/2018:16:43:02 -0300] "POST /cormun/servlet/solicitudot?gx-no-cache=1521056531774 HTTP/1.1" 200 254
190.151.100.218 - - [14/Mar/2018:16:43:02 -0300] "GET /cormun/servlet/solicitudot?df5c45808099e7c59eabb58184f8f893bd48955bc3945d3c5c470c7a49bf16d8c631f8c38984d2c203a12b4fda97c784344f5c19dcf8c317205c8814ed0778fc64d7338e9a80a9ccaf669e9c32b322732eda644ade2716a979d77e1726b6b0c90181f8768d30ae87741b11a0d646180d27891c8244ad1c0e723282a7736f639b84956ee93a4743d38f0aec0c2ec6551a30beff3c4f594a6432f664daa1c77831652ef9cfa68bcfaeb845a17863d35a11ce3bdc15cabe080559d04431d57a9bf47c6ab2a9b5d3fdb89ddfdb5e4a5ef3e666b814cf81d2b4c1197f843ff69fbfb42cdc935c1bc9e55009dbaca954140ea09ff37e4c97d547a49437eec94c41fa7f4f67bd927ec4013b0c426c64438772dda68224a3f6a8977540b46d4b78f6901cf644b272ffc2034652496419cea599243eccea47d748a00d70534962bf7a39585ac53d11667af3aeb671d01f83b3b4715445a6f5fa824668e5d31e0b54f247dc5099a48f704372ad8fc0faf540a169bdb6a4c0802d53ad672c571ee8823ed9d4,gx-no-cache=1521056531903 HTTP/1.1" 200 30
190.151.100.218 - - [14/Mar/2018:16:43:02 -0300] "POST /cormun/servlet/solicitudot?gx-no-cache=1521056532087 HTTP/1.1" 200 30
190.151.100.218 - - [14/Mar/2018:16:43:03 -0300] "POST /cormun/servlet/solicitudot?gx-no-cache=1521056532286 HTTP/1.1" 200 1336
190.151.100.218 - - [14/Mar/2018:16:43:03 -0300] "POST /cormun/servlet/solicitudot?gx-no-cache=1521056532633 HTTP/1.1" 200 41
186.79.4.176 - - [14/Mar/2018:16:43:03 -0300] "POST /cormun/servlet/solicitudot?e7162c5165a1fd54cd98a58c5d03f17a,INS,0,0,,gx-no-cache=1521056534319 HTTP/1.1" 200 11895
190.151.100.218 - - [14/Mar/2018:16:43:04 -0300] "POST /cormun/servlet/solicitudot?gx-no-cache=1521056534290 HTTP/1.1" 200 254
190.151.100.218 - - [14/Mar/2018:16:43:05 -0300] "GET /cormun/servlet/solicitudot?df5c45808099e7c59eabb58184f8f893bd48955bc3945d3c5c470c7a49bf16d8c631f8c38984d2c203a12b4fda97c784344f5c19dcf8c317205c8814ed0778fc64d7338e9a80a9ccaf669e9c32b322732eda644ade2716a979d77e1726b6b0c90181f8768d30ae87741b11a0d646180d27891c8244ad1c0e723282a7736f639b84956ee93a4743d38f0aec0c2ec6551a30beff3c4f594a6432f664daa1c77831652ef9cfa68bcfaeb845a17863d35a11ce3bdc15cabe080559d04431d57a9bf47c6ab2a9b5d3fdb89ddfdb5e4a5ef3e666b814cf81d2b4c1197f843ff69fbfb42cdc935c1bc9e55009dbaca954140ea09ff37e4c97d547a49437eec94c41fa7f4f67bd927ec4013b0c426c64438772dda68224a3f6a8977540b46d4b78f6901cf644b272ffc2034652496419cea599243eccea47d748a00d70534962bf7a39585ac53d11667af3aeb671d01f83b3b4715445a6f5fa824668e5d31e0b54f247dc5099a48f704372ad8fc0faf540a169bdb6a4c0802d53ad672c571ee8823ed9d4,gx-no-cache=1521056534375 HTTP/1.1" 200 30
190.151.100.218 - - [14/Mar/2018:16:43:07 -0300] "POST /cormun/servlet/solicitudot?gx-no-cache=1521056536804 HTTP/1.1" 200 30
190.151.100.218 - - [14/Mar/2018:16:43:11 -0300] "GET /cormun/servlet/prcontratosol?11366364,,,,,MD,,gxPopupLevel%3D0%3B HTTP/1.1" 200 9928
190.151.100.218 - - [14/Mar/2018:16:43:15 -0300] "POST /cormun/servlet/solicitudot?gx-no-cache=1521056544902 HTTP/1.1" 200 1336
190.151.100.218 - - [14/Mar/2018:16:43:15 -0300] "POST /cormun/servlet/solicitudot?gx-no-cache=1521056545129 HTTP/1.1" 200 41
190.151.100.218 - - [14/Mar/2018:16:43:15 -0300] "GET /cormun/servlet/solicitudot?df5c45808099e7c59eabb58184f8f893ebdbd02853946a8776a71d8d6d6a707897ce6cf583cb51c4c1d37d8e00fe6b9811c388d1f7dd7a8e622c18a43ba6c830b60cbeca17411cc4f3614fbf9ab5f9a483a0d855c6cfe9b5fbe121f2ca5798005e1057b68a09402b5ee607ff48e0edd41713547256fd402cc9a34568d5896465435ad9d8e5ba2db51f614fc67f9779efa2df6e22a624ae000558584662b96210,gx-no-cache=1521056545190 HTTP/1.1" 200 29
190.151.100.218 - - [14/Mar/2018:16:43:15 -0300] "POST /cormun/servlet/solicitudot?gx-no-cache=1521056545248 HTTP/1.1" 200 1318
190.151.100.218 - - [14/Mar/2018:16:43:15 -0300] "POST /cormun/servlet/solicitudot?gx-no-cache=1521056545369 HTTP/1.1" 200 1219
190.151.100.218 - - [14/Mar/2018:16:43:15 -0300] "GET /cormun/servlet/solicitudot?df5c45808099e7c59eabb58184f8f893c2a1d4a333286c6b7abcc628051d8373418699b741385b09326d439629f6e943,gx-no-cache=1521056545446 HTTP/1.1" 200 30
190.151.100.218 - - [14/Mar/2018:16:43:18 -0300] "POST /cormun/servlet/solicitudot?gx-no-cache=1521056547685 HTTP/1.1" 200 33
190.151.100.218 - - [14/Mar/2018:16:43:19 -0300] "POST /cormun/servlet/solicitudot?30b644164fabf909c30fc7557b68fbf2,UPD,2018,10485,,gx-no-cache=1521056548045 HTTP/1.1" 200 93
190.151.100.218 - - [14/Mar/2018:16:43:19 -0300] "GET /cormun/servlet/hpexe_return? HTTP/1.1" 200 1039
190.151.100.218 - - [14/Mar/2018:16:43:19 -0300] "GET /cormun/servlet/trsolicitudot?gx-no-cache=1521056523973 HTTP/1.1" 200 8698
190.151.100.218 - - [14/Mar/2018:16:43:19 -0300] "GET /cormun/servlet/trsolicitudot?gx-no-cache=1521056523973 HTTP/1.1" 200 8716
186.103.159.44 - - [14/Mar/2018:16:43:27 -0300] "POST /cormun/servlet/solicitudot?gx-no-cache=1521056558011 HTTP/1.1" 200 3419
186.103.159.44 - - [14/Mar/2018:16:43:28 -0300] "POST /cormun/servlet/solicitudot?ee5d2696606f1a5dad58e26f675b92a9,INS,0,0,,gx-no-cache=1521056558283 HTTP/1.1" 200 10604
190.151.100.218 - - [14/Mar/2018:16:43:31 -0300] "POST /cormun/servlet/trsolicitudot?30b644164fabf909c30fc7557b68fbf2,gx-no-cache=1521056523973,gx-no-cache=1521056560080 HTTP/1.1" 200 4693
190.151.100.218 - - [14/Mar/2018:16:43:31 -0300] "GET /cormun/static/Shared/jqueryui/images/ui-bg_highlight-soft_100_c6c2c8_1x100.png HTTP/1.1" 404 1117
186.103.159.44 - - [14/Mar/2018:16:43:31 -0300] "GET /cormun/servlet/solicitudot?05922d799672d3d030395723fceb2f981016ab2d441cf35438bc7e1e90ea30930edb07cc4a7e40866f006760d5119c47,gx-no-cache=1521056561590 HTTP/1.1" 200 30
186.103.159.44 - - [14/Mar/2018:16:43:31 -0300] "GET /cormun/servlet/solicitudot?05922d799672d3d030395723fceb2f983995793a169833cae9fc643f690848a3553031b27f1a357e8d15cbd9c99e2556e956f55a6f555378fbc61e635f4e2f3f,gx-no-cache=1521056561635 HTTP/1.1" 200 30
186.103.159.44 - - [14/Mar/2018:16:43:31 -0300] "GET /cormun/servlet/solicitudot?05922d799672d3d030395723fceb2f98334c4e45323f2820ee766053b4ec7b4a,gx-no-cache=1521056561665 HTTP/1.1" 200 53
186.103.159.44 - - [14/Mar/2018:16:43:31 -0300] "POST /cormun/servlet/solicitudot?gx-no-cache=1521056561728 HTTP/1.1" 200 240
186.103.159.44 - - [14/Mar/2018:16:43:31 -0300] "GET /cormun/servlet/solicitudot?05922d799672d3d030395723fceb2f98a96aacb18032771b5513c2888b1e4108b9d9e9346f100f7138e923b4610743ec4db735b63267bdf9e31465c53c48796146aa3f1fc5685892837a9392752dcd667a2d8c04b4879d9c7c34f946e705fb2d4ad707c24c7eae4d1740a6d213112c57823fff4b223e9b4061ee15807cb6e57aca2b6429d78d08b6c7d5a60d91002742591779439a2673f4894ea7177c8abe18a2dcbf43975503a86c612c4b05513174ef2a9015197e3bfee1b1875ab9c973798d9690c979cef8f0a78b48e1a5b6d4581ab5cdd5acc7761722e8baecc0375e861da9b63895f9a3eb339b709438a59505096fb30a36cee78e3fe4d7a617761f52e5fb05d51484a082e7b8fc2398157bf804cd28f3dd51c67f30d721b6ddeee0dde240a0ab1eaf0528b95198ad91e6845a03bf58a56aea605dbbfbc64ec5b91dc857ca0e9f2435e3e91edd9b15fba2186725f85366fbaf6b394ba561bac289798010dd9688150073e0ada8efa95f4533ad6d0fb7701218fb986549d7f20f642687,gx-no-cache=1521056561767 HTTP/1.1" 200 30
186.67.203.186 - - [14/Mar/2018:16:43:31 -0300] "GET /cormun/static/Shared/jqueryui/images/ui-icons_8d78a5_256x240.png HTTP/1.1" 404 1089
190.151.100.218 - - [14/Mar/2018:16:43:31 -0300] "GET /cormun/static/Shared/jqueryui/images/ui-icons_82798d_256x240.png HTTP/1.1" 404 1089
190.151.100.218 - - [14/Mar/2018:16:43:31 -0300] "GET /cormun/static/Shared/jqueryui/images/ui-bg_flat_55_fafafa_40x100.png HTTP/1.1" 404 1097
200.111.122.170 - - [14/Mar/2018:16:43:32 -0300] "POST /cormun/servlet/trsolicitudot?30b644164fabf909c30fc7557b68fbf2,gx-no-cache=1521056523973,gx-no-cache=1521056560616 HTTP/1.1" 200 4464
186.103.159.44 - - [14/Mar/2018:16:43:34 -0300] "POST /cormun/servlet/solicitudot?gx-no-cache=1521056564429 HTTP/1.1" 200 30
200.111.122.170 - - [14/Mar/2018:16:43:40 -0300] "GET /cormun/servlet/trautorizarsolicitud? HTTP/1.1" 200 8983
200.111.122.170 - - [14/Mar/2018:16:43:40 -0300] "GET /cormun/servlet/trautorizarsolicitud? HTTP/1.1" 200 8962
186.103.159.44 - - [14/Mar/2018:16:43:44 -0300] "POST /cormun/servlet/solicitudot?gx-no-cache=1521056575353 HTTP/1.1" 200 30
186.79.4.176 - - [14/Mar/2018:16:43:46 -0300] "GET /cormun/servlet/solicitudot?44c9d600888decf4b92112eaf1950fb21f0fe4454bffe082cbd6fab27cf71ca1589cea0588480a6cfe0e990ad63aea49409b1c7f1f3ad01b7dacdc1b55fb3b62,gx-no-cache=1521056577551 HTTP/1.1" 200 30
186.79.4.176 - - [14/Mar/2018:16:43:46 -0300] "POST /cormun/servlet/solicitudot?gx-no-cache=1521056578009 HTTP/1.1" 200 256
186.79.4.176 - - [14/Mar/2018:16:43:46 -0300] "GET /cormun/servlet/solicitudot?44c9d600888decf4b92112eaf1950fb295145daa7682fd81ade4ff9103c2d20907093b903fe8e54024de2527effc4962df12ff3dd8307777bcb90d4363487003eeeeda45de9bd1336042e1f1d73514bf0d4e1db23b95a2df50b6dbdd47f9b17595787faf6924a757cd7a03a34b5056420978bdfd48def71ff3249b6f18f14fb66f319bc3fbf906fdd70b3deec399ec65f64aa8828ab8baf534b5a0c9b4cf4eeb501a622f3fe4f4f826287882ed8f5760bf01be0c28a13bd875f28409d7c058c3de874128994a5940f12f62eea316772fa396937ee99cac65cda01e521f2bd53be7756c936b2ab110ea00a08fb63b09cc2486bafb67025f47dea80f0b48fa79a21654d94181de0f879368be5904b6ad36a7a27619cde5629f979659d0140590169673279716fbe79d97a3ce8621e3a7954dbec62551038883953d22f90ecfa2d4f64355d1f19a7b4bbebc6bd4958a41e51556083538ed21b373fa30bf6499ed6d0960b25c42ae811b220e5248cf0b275242c9cefbdf1482f4427cf6d0f32a53d2,gx-no-cache=1521056578113 HTTP/1.1" 200 30
186.79.4.176 - - [14/Mar/2018:16:43:46 -0300] "POST /cormun/servlet/solicitudot?gx-no-cache=1521056578230 HTTP/1.1" 200 30
190.151.100.218 - - [14/Mar/2018:16:43:46 -0300] "POST /cormun/servlet/trautorizarsolicitud?30b644164fabf909c30fc7557b68fbf2,,gx-no-cache=1521056573546 HTTP/1.1" 200 5835
186.67.203.186 - - [14/Mar/2018:16:43:46 -0300] "GET /cormun/static/Shared/jqueryui/images/ui-bg_flat_55_fafafa_40x100.png HTTP/1.1" 404 1097
190.151.100.218 - - [14/Mar/2018:16:43:46 -0300] "GET /cormun/static/Shared/jqueryui/images/ui-icons_8d78a5_256x240.png HTTP/1.1" 404 1089
190.151.100.218 - - [14/Mar/2018:16:43:46 -0300] "GET /cormun/static/Shared/jqueryui/images/ui-bg_highlight-soft_100_c6c2c8_1x100.png HTTP/1.1" 404 1117
190.151.100.218 - - [14/Mar/2018:16:43:46 -0300] "GET /cormun/static/Shared/jqueryui/images/ui-icons_82798d_256x240.png HTTP/1.1" 404 1089
186.79.4.176 - - [14/Mar/2018:16:43:46 -0300] "POST /cormun/servlet/solicitudot?gx-no-cache=1521056578357 HTTP/1.1" 200 1336
186.79.4.176 - - [14/Mar/2018:16:43:46 -0300] "POST /cormun/servlet/solicitudot?gx-no-cache=1521056578564 HTTP/1.1" 200 41
186.67.203.186 - - [14/Mar/2018:16:43:46 -0300] "POST /cormun/servlet/trautorizarsolicitud?30b644164fabf909c30fc7557b68fbf2,,gx-no-cache=1521056576076 HTTP/1.1" 200 5780
186.79.4.176 - - [14/Mar/2018:16:43:47 -0300] "POST /cormun/servlet/solicitudot?gx-no-cache=1521056578709 HTTP/1.1" 200 1318
186.79.4.176 - - [14/Mar/2018:16:43:47 -0300] "POST /cormun/servlet/solicitudot?gx-no-cache=1521056578909 HTTP/1.1" 200 1218
186.79.4.176 - - [14/Mar/2018:16:43:47 -0300] "GET /cormun/servlet/solicitudot?44c9d600888decf4b92112eaf1950fb2c29dd1653e37538318bd37c216338bd0b59ce8744a36e1b549ff77e3109b9b28,gx-no-cache=1521056579106 HTTP/1.1" 200 30
186.79.4.176 - - [14/Mar/2018:16:43:47 -0300] "POST /cormun/servlet/solicitudot?gx-no-cache=1521056579267 HTTP/1.1" 200 33
186.79.4.176 - - [14/Mar/2018:16:43:49 -0300] "POST /cormun/servlet/solicitudot?e7162c5165a1fd54cd98a58c5d03f17a,INS,0,0,,gx-no-cache=1521056579527 HTTP/1.1" 200 11935
186.103.159.44 - - [14/Mar/2018:16:43:52 -0300] "POST /cormun/servlet/solicitudot?gx-no-cache=1521056582817 HTTP/1.1" 200 30
192.168.10.96 - - [14/Mar/2018:16:43:54 -0300] "GET /cormun/servlet/trsolicitudgral? HTTP/1.1" 200 11673
192.168.10.96 - - [14/Mar/2018:16:43:54 -0300] "GET /cormun/servlet/trsolicitudgral? HTTP/1.1" 200 11673
186.103.159.44 - - [14/Mar/2018:16:43:58 -0300] "POST /cormun/servlet/solicitudot?gx-no-cache=1521056588724 HTTP/1.1" 200 30
192.168.10.96 - - [14/Mar/2018:16:43:59 -0300] "POST /cormun/servlet/trsolicitudgral?a6eb4f4a2a94c9e3316832aaae5ada4a,,gx-no-cache=1521056474602 HTTP/1.1" 200 23153
186.67.203.186 - - [14/Mar/2018:16:43:59 -0300] "POST /cormun/servlet/trautorizarsolicitud?30b644164fabf909c30fc7557b68fbf2,,gx-no-cache=1521056577348 HTTP/1.1" 200 4630
186.67.203.186 - - [14/Mar/2018:16:43:59 -0300] "POST /cormun/servlet/trautorizarsolicitud?30b644164fabf909c30fc7557b68fbf2,,gx-no-cache=1521056589017 HTTP/1.1" 200 4401
192.168.10.96 - - [14/Mar/2018:16:44:14 -0300] "POST /cormun/servlet/trsolicitudgral?a6eb4f4a2a94c9e3316832aaae5ada4a,,gx-no-cache=1521056477307 HTTP/1.1" 200 26296
192.168.10.96 - - [14/Mar/2018:16:44:23 -0300] "POST /cormun/servlet/trsolicitudgral?a6eb4f4a2a94c9e3316832aaae5ada4a,,gx-no-cache=1521056498956 HTTP/1.1" 200 7632
186.103.159.44 - - [14/Mar/2018:16:44:41 -0300] "POST /cormun/servlet/solicitudot?gx-no-cache=1521056632213 HTTP/1.1" 200 1336
186.103.159.44 - - [14/Mar/2018:16:44:45 -0300] "GET /cormun/static/Resources/resize.gif HTTP/1.1" 200 77
186.103.159.44 - - [14/Mar/2018:16:44:45 -0300] "GET /cormun/servlet/prlicenciaspermisos?11163519,L,,MD,,gxPopupLevel%3D0%3B HTTP/1.1" 200 7688
186.103.159.44 - - [14/Mar/2018:16:44:45 -0300] "GET /cormun/static/gxui/gxui-all.css?110300 HTTP/1.1" 200 2179
186.103.159.44 - - [14/Mar/2018:16:44:46 -0300] "GET /cormun/static/calendar-system.css?75620 HTTP/1.1" 200 5572
186.103.159.44 - - [14/Mar/2018:16:44:46 -0300] "GET /cormun/static/gxcfg.js?20176272053834 HTTP/1.1" 200 953
186.103.159.44 - - [14/Mar/2018:16:44:46 -0300] "GET /cormun/static/Resources/PXToolsMenuSearch.png HTTP/1.1" 200 2914
186.103.159.44 - - [14/Mar/2018:16:44:46 -0300] "GET /cormun/static/Resources/PXToolsMenuSearchCancel.png HTTP/1.1" 200 2972
186.103.159.44 - - [14/Mar/2018:16:44:46 -0300] "GET /cormun/static/prlicenciaspermisos.js?20176272054050 HTTP/1.1" 200 13379
186.103.159.44 - - [14/Mar/2018:16:44:46 -0300] "GET /cormun/static/menusearch.js?201610171694467 HTTP/1.1" 200 1424
186.103.159.44 - - [14/Mar/2018:16:44:46 -0300] "GET /cormun/static/Resources/Spanish/PXTools.css?17315867 HTTP/1.1" 200 89042
186.103.159.44 - - [14/Mar/2018:16:44:46 -0300] "GET /cormun/static/hmpwkw011.js?20177612121862 HTTP/1.1" 200 1968
186.103.159.44 - - [14/Mar/2018:16:44:46 -0300] "GET /cormun/static/Shared/ext/resources/css/ext-all.css?205870 HTTP/1.1" 200 416045
157.55.39.200 - - [14/Mar/2018:16:44:50 -0300] "GET /cormun/servlet/solicitudot?INS,0,0, HTTP/1.1" 200 12629
186.103.159.44 - - [14/Mar/2018:16:44:59 -0300] "POST /cormun/servlet/solicitudot?gx-no-cache=1521056649452 HTTP/1.1" 200 41
186.103.159.189 - - [14/Mar/2018:16:45:02 -0300] "GET /cormun/servlet/trpermisosgoce? HTTP/1.1" 200 6888
186.103.159.189 - - [14/Mar/2018:16:45:03 -0300] "GET /cormun/servlet/trpermisosgoce? HTTP/1.1" 200 6888
186.79.4.176 - - [14/Mar/2018:16:45:09 -0300] "GET /cormun/servlet/prsolicitudot?5614503,,,,,MD,,gxPopupLevel%3D0%3B HTTP/1.1" 200 6054
186.103.159.44 - - [14/Mar/2018:16:45:10 -0300] "GET /cormun/servlet/solicitudot?05922d799672d3d030395723fceb2f98a1545edf9b22440702e4dbb9358227b2704db8ba922db6b8065a8534f6cc317446c3490f3c1c9f79d0081bd4d4d977bbfee261ae650356bbd930e0aa77eab47da49f43322afa81138896d0b5f1ef50272e0b111760597613db366e44abe170e7,gx-no-cache=1521056660989 HTTP/1.1" 200 29
186.103.159.44 - - [14/Mar/2018:16:45:11 -0300] "POST /cormun/servlet/solicitudot?gx-no-cache=1521056661435 HTTP/1.1" 200 1318
186.103.159.44 - - [14/Mar/2018:16:45:11 -0300] "POST /cormun/servlet/solicitudot?gx-no-cache=1521056661511 HTTP/1.1" 200 1218
186.103.159.189 - - [14/Mar/2018:16:45:11 -0300] "GET /cormun/servlet/permisogoce?INS,0,,, HTTP/1.1" 200 6827
186.103.159.44 - - [14/Mar/2018:16:45:11 -0300] "GET /cormun/static/menuarrow.gif HTTP/1.1" 404 1015
186.79.4.176 - - [14/Mar/2018:16:45:11 -0300] "GET /cormun/static/gxcfg.js?2017111422591492 HTTP/1.1" 200 953
186.79.4.176 - - [14/Mar/2018:16:45:11 -0300] "GET /cormun/static/prsolicitudot.js?2017111422591715 HTTP/1.1" 200 13680
186.103.159.189 - - [14/Mar/2018:16:45:12 -0300] "GET /cormun/servlet/permisogoce?INS,0,,, HTTP/1.1" 200 6826
186.103.159.44 - - [14/Mar/2018:16:45:12 -0300] "POST /cormun/servlet/solicitudot?gx-no-cache=1521056662994 HTTP/1.1" 200 1318
186.103.159.44 - - [14/Mar/2018:16:45:12 -0300] "POST /cormun/servlet/solicitudot?gx-no-cache=1521056663080 HTTP/1.1" 200 1218
186.103.159.44 - - [14/Mar/2018:16:45:13 -0300] "GET /cormun/servlet/solicitudot?05922d799672d3d030395723fceb2f9821caec724cd3927de652b6f0bbfff46c65fba80be23d67d6d60adbe901b32378,gx-no-cache=1521056663775 HTTP/1.1" 200 30
186.103.159.44 - - [14/Mar/2018:16:45:13 -0300] "POST /cormun/servlet/solicitudot?gx-no-cache=1521056663843 HTTP/1.1" 200 120
186.103.159.44 - - [14/Mar/2018:16:45:13 -0300] "GET /cormun/static/Shared/jqueryui/images/ui-icons_82798d_256x240.png HTTP/1.1" 404 1089
186.103.159.44 - - [14/Mar/2018:16:45:13 -0300] "GET /cormun/static/Shared/jqueryui/images/ui-bg_highlight-soft_100_c6c2c8_1x100.png HTTP/1.1" 404 1117
186.103.159.44 - - [14/Mar/2018:16:45:13 -0300] "GET /cormun/static/Shared/jqueryui/images/ui-bg_flat_55_994d53_40x100.png HTTP/1.1" 404 1097
186.103.159.44 - - [14/Mar/2018:16:45:13 -0300] "GET /cormun/static/Shared/jqueryui/images/ui-icons_ebccce_256x240.png HTTP/1.1" 404 1089
186.103.159.183 - - [14/Mar/2018:16:45:22 -0300] "GET /cormun/servlet/solicitudot?ea6780f809ea4099419bacd36c1c1e1bbf524e23ce25154baa2f5704064304c8ea3f35002aae15fd317d27c6726662d806802fbc319a709e23787743319fb79d,gx-no-cache=1521056672657 HTTP/1.1" 200 30
186.103.159.189 - - [14/Mar/2018:16:45:23 -0300] "GET /cormun/static/Resources/resize.gif HTTP/1.1" 200 77
186.103.159.189 - - [14/Mar/2018:16:45:23 -0300] "GET /cormun/servlet/prfichaempleado?,MD,,gxPopupLevel%3D0%3B HTTP/1.1" 200 9339
186.103.159.189 - - [14/Mar/2018:16:45:24 -0300] "GET /cormun/static/gxcfg.js?20177612134814 HTTP/1.1" 200 953
186.103.159.189 - - [14/Mar/2018:16:45:24 -0300] "GET /cormun/static/Resources/PXToolsMenuSearch.png HTTP/1.1" 200 2914
186.103.159.189 - - [14/Mar/2018:16:45:24 -0300] "GET /cormun/static/prfichaempleado.js?20177612134999 HTTP/1.1" 200 16006
186.103.159.189 - - [14/Mar/2018:16:45:24 -0300] "GET /cormun/static/menusearch.js?201610171694467 HTTP/1.1" 200 1424
186.103.159.189 - - [14/Mar/2018:16:45:24 -0300] "GET /cormun/static/hmpwkw011.js?20177612121862 HTTP/1.1" 200 1968
186.103.159.189 - - [14/Mar/2018:16:45:24 -0300] "GET /cormun/static/Resources/PXToolsMenuSearchCancel.png HTTP/1.1" 200 2972
186.103.159.44 - - [14/Mar/2018:16:45:32 -0300] "GET /cormun/servlet/solicitudot?05922d799672d3d030395723fceb2f9821caec724cd3927de652b6f0bbfff46c1b887fe5ab7e6a7c816d1676846543fb,gx-no-cache=1521056682958 HTTP/1.1" 200 30
186.103.159.44 - - [14/Mar/2018:16:45:32 -0300] "POST /cormun/servlet/solicitudot?gx-no-cache=1521056683016 HTTP/1.1" 200 34
186.79.4.176 - - [14/Mar/2018:16:45:34 -0300] "GET /cormun/servlet/solicitudot?44c9d600888decf4b92112eaf1950fb21f0fe4454bffe082cbd6fab27cf71ca1589cea0588480a6cfe0e990ad63aea49409b1c7f1f3ad01b7dacdc1b55fb3b62,gx-no-cache=1521056686326 HTTP/1.1" 200 30
186.79.4.176 - - [14/Mar/2018:16:45:34 -0300] "POST /cormun/servlet/solicitudot?gx-no-cache=1521056686518 HTTP/1.1" 200 256
186.79.4.176 - - [14/Mar/2018:16:45:34 -0300] "GET /cormun/servlet/solicitudot?44c9d600888decf4b92112eaf1950fb295145daa7682fd81ade4ff9103c2d20907093b903fe8e54024de2527effc4962df12ff3dd8307777bcb90d4363487003eeeeda45de9bd1336042e1f1d73514bf0d4e1db23b95a2df50b6dbdd47f9b17595787faf6924a757cd7a03a34b5056420978bdfd48def71ff3249b6f18f14fb66f319bc3fbf906fdd70b3deec399ec65f64aa8828ab8baf534b5a0c9b4cf4eeb501a622f3fe4f4f826287882ed8f5760bf01be0c28a13bd875f28409d7c058c3de874128994a5940f12f62eea316772fa396937ee99cac65cda01e521f2bd53be7756c936b2ab110ea00a08fb63b09cc2486bafb67025f47dea80f0b48fa79a21654d94181de0f879368be5904b6ad36a7a27619cde5629f979659d0140590169673279716fbe79d97a3ce8621e3a7954dbec62551038883953d22f90ecfa2d4f64355d1f19a7b4bbebc6bd4958a41e51556083538ed21b373fa30bf6499ed6d0960b25c42ae811b220e5248cf0b275242c9cefbdf1482f4427cf6d0f32a53d2,gx-no-cache=1521056686649 HTTP/1.1" 200 30
186.79.4.176 - - [14/Mar/2018:16:45:35 -0300] "POST /cormun/servlet/solicitudot?gx-no-cache=1521056686799 HTTP/1.1" 200 30
186.79.4.176 - - [14/Mar/2018:16:45:35 -0300] "POST /cormun/servlet/solicitudot?gx-no-cache=1521056686984 HTTP/1.1" 200 1336
186.79.4.176 - - [14/Mar/2018:16:45:35 -0300] "POST /cormun/servlet/solicitudot?gx-no-cache=1521056687229 HTTP/1.1" 200 41
186.79.4.176 - - [14/Mar/2018:16:45:35 -0300] "POST /cormun/servlet/solicitudot?gx-no-cache=1521056687369 HTTP/1.1" 200 1318
186.79.4.176 - - [14/Mar/2018:16:45:35 -0300] "POST /cormun/servlet/solicitudot?gx-no-cache=1521056687574 HTTP/1.1" 200 1218
186.79.4.176 - - [14/Mar/2018:16:45:35 -0300] "GET /cormun/servlet/solicitudot?44c9d600888decf4b92112eaf1950fb2c29dd1653e37538318bd37c216338bd0b59ce8744a36e1b549ff77e3109b9b28,gx-no-cache=1521056687774 HTTP/1.1" 200 30
186.103.159.189 - - [14/Mar/2018:16:45:40 -0300] "POST /cormun/servlet/prfichaempleado?7e2af9d0ad17bcfc981944b7620f821e,,MD,,gxPopupLevel%3D0%3B,gx-no-cache=1521056689569 HTTP/1.1" 200 3183
186.103.159.183 - - [14/Mar/2018:16:45:42 -0300] "GET /cormun/servlet/solicitudot?ea6780f809ea4099419bacd36c1c1e1b3e85efe5d9af28863be7b6122d84b07f,gx-no-cache=1521056692637 HTTP/1.1" 200 29
186.103.159.183 - - [14/Mar/2018:16:45:42 -0300] "POST /cormun/servlet/solicitudot?gx-no-cache=1521056692725 HTTP/1.1" 200 297
186.103.159.183 - - [14/Mar/2018:16:45:43 -0300] "GET /cormun/servlet/solicitudot?ea6780f809ea4099419bacd36c1c1e1bb2fa47bfbdd0dba717735585749f627029e3dee48a12a7063fd5ee385a9caa3e698929affb4cd8a3ad14da0f55b12d12dab69322419833054ba134a222b976c73b75e2d4275069f88f516826899f90894574a040ca4679b3781015a05ef08ad24bd5423fc71c859e18ff74872709ed4840c56e4d0ddfe4c2ecb2747d34e98cb29b401c92b4ce1a90bfc09ff01bbf6d27914850079a67ae6985a2cbbb80cce109dd5c1b2cf20a44c93b49500140bfb773b9610933cd5a19d4627f8cb34e9f42e3817385125797d12871a9b08e784ab99024e3dd666f5bff00fa8c4010b11027e46858f1d9df78f84b3da3d5bf2b105e8fb5e4bb8a54d45e7b082276de73e621403c385724e136187e555763078c33fe5c56808fd0716a06da80f9ca0caa52cab0d9eab93e695866c42d76e9b444eb2a4ba1f8105bbf1de4b589593f16db139791e9beb6f9f76ecf1dcb9bd66a75f7f3895316499e15061ea481dd07f4d0396e1bd926da1a8222670349b44910613b885726b4673cf06330650f1615dca0df8d9b,gx-no-cache=1521056692967 HTTP/1.1" 200 30
186.103.159.189 - - [14/Mar/2018:16:45:44 -0300] "POST /cormun/servlet/prfichaempleado?7e2af9d0ad17bcfc981944b7620f821e,,MD,,gxPopupLevel%3D0%3B,gx-no-cache=1521056693354 HTTP/1.1" 200 3183
186.103.159.183 - - [14/Mar/2018:16:45:44 -0300] "POST /cormun/servlet/solicitudot?gx-no-cache=1521056694640 HTTP/1.1" 200 30
186.103.159.183 - - [14/Mar/2018:16:45:45 -0300] "GET /cormun/static/Resources/resize.gif HTTP/1.1" 200 77
186.103.159.183 - - [14/Mar/2018:16:45:45 -0300] "GET /cormun/servlet/prsolicitudot?15737844,,,,,MD,,gxPopupLevel%3D0%3B HTTP/1.1" 200 6035
186.103.159.183 - - [14/Mar/2018:16:45:45 -0300] "GET /cormun/static/gxcfg.js?2017111422591492 HTTP/1.1" 200 953
186.103.159.183 - - [14/Mar/2018:16:45:45 -0300] "GET /cormun/static/menusearch.js?201610171694467 HTTP/1.1" 200 1424
186.103.159.183 - - [14/Mar/2018:16:45:46 -0300] "GET /cormun/static/prsolicitudot.js?2017111422591715 HTTP/1.1" 200 13680
186.103.159.183 - - [14/Mar/2018:16:45:46 -0300] "GET /cormun/static/hmpwkw011.js?20177612121862 HTTP/1.1" 200 1968
186.103.159.183 - - [14/Mar/2018:16:45:46 -0300] "GET /cormun/static/Resources/PXToolsMenuSearch.png HTTP/1.1" 200 2914
186.103.159.183 - - [14/Mar/2018:16:45:46 -0300] "GET /cormun/static/Resources/PXToolsMenuSearchCancel.png HTTP/1.1" 200 2972
186.103.159.44 - - [14/Mar/2018:16:45:50 -0300] "POST /cormun/servlet/solicitudot?ee5d2696606f1a5dad58e26f675b92a9,INS,0,0,,gx-no-cache=1521056700343 HTTP/1.1" 200 93
186.103.159.44 - - [14/Mar/2018:16:45:50 -0300] "GET /cormun/servlet/hpexe_return? HTTP/1.1" 200 1008
186.103.159.44 - - [14/Mar/2018:16:45:50 -0300] "GET /cormun/static/gxcfg.js?2016101716175148 HTTP/1.1" 200 953
186.103.159.44 - - [14/Mar/2018:16:45:50 -0300] "GET /cormun/static/hpexe_return.js?2016101716175153 HTTP/1.1" 200 1633
186.103.159.44 - - [14/Mar/2018:16:45:50 -0300] "GET /cormun/static/Resources/Spanish/PXTools.css?167811 HTTP/1.1" 200 89042
186.103.159.44 - - [14/Mar/2018:16:45:50 -0300] "GET /cormun/servlet/trsolicitudot HTTP/1.1" 200 8798
186.103.159.44 - - [14/Mar/2018:16:45:51 -0300] "GET /cormun//static/Resources/PXToolsGridDelete.png HTTP/1.1" 200 357
186.103.159.44 - - [14/Mar/2018:16:45:51 -0300] "GET /cormun//static/Resources/PXToolsRemoveAllAction.png HTTP/1.1" 200 3558
186.103.159.44 - - [14/Mar/2018:16:45:51 -0300] "GET /cormun//static/Resources/PXToolsGridUpdate.png HTTP/1.1" 200 2984
186.103.159.44 - - [14/Mar/2018:16:45:51 -0300] "GET /cormun//static/Resources/PXTools/ActionInsert.png HTTP/1.1" 200 1482
186.103.159.44 - - [14/Mar/2018:16:45:51 -0300] "GET /cormun//static/Resources/PXToolsActionView.png HTTP/1.1" 200 2995
186.103.159.183 - - [14/Mar/2018:16:45:54 -0300] "POST /cormun/servlet/solicitudot?gx-no-cache=1521056704463 HTTP/1.1" 200 1333
186.103.159.183 - - [14/Mar/2018:16:45:54 -0300] "POST /cormun/servlet/solicitudot?gx-no-cache=1521056704610 HTTP/1.1" 200 38
186.103.159.183 - - [14/Mar/2018:16:45:54 -0300] "GET /cormun/servlet/solicitudot?ea6780f809ea4099419bacd36c1c1e1b0e3bcadd1cb57fb6705d71f9af7a3f232728056f22e6af76f8c465a6be337a78ade0ea75066fbc31af692c692893d79330bba2ee1e8fa81d2653ab1ffaf7cb0977598d96d87d55a21716ee3de70f5609fc49bf918fead05bbc59d22dab63548d,gx-no-cache=1521056704690 HTTP/1.1" 200 29
186.103.159.183 - - [14/Mar/2018:16:45:54 -0300] "POST /cormun/servlet/solicitudot?gx-no-cache=1521056704729 HTTP/1.1" 200 1318
186.103.159.183 - - [14/Mar/2018:16:45:54 -0300] "POST /cormun/servlet/solicitudot?gx-no-cache=1521056704798 HTTP/1.1" 200 1215
186.103.159.183 - - [14/Mar/2018:16:45:54 -0300] "GET /cormun/servlet/solicitudot?ea6780f809ea4099419bacd36c1c1e1b276babe1d7352096756fff6776fbeae5cdc2879c4655087df69ef66624858af7,gx-no-cache=1521056704883 HTTP/1.1" 200 30
186.103.159.183 - - [14/Mar/2018:16:45:57 -0300] "GET /cormun/servlet/prbanco?,MD,,gxPopupLevel%3D0%3B HTTP/1.1" 200 6627
186.103.159.183 - - [14/Mar/2018:16:45:57 -0300] "GET /cormun/static/gxcfg.js?20181161016094 HTTP/1.1" 200 953
186.103.159.183 - - [14/Mar/2018:16:45:57 -0300] "GET /cormun/static/prbanco.js?2018116101633 HTTP/1.1" 200 10693
186.103.159.183 - - [14/Mar/2018:16:45:58 -0300] "GET /cormun/static/Shared/ext/ext-all.js HTTP/1.1" 200 1289687
186.103.159.183 - - [14/Mar/2018:16:46:03 -0300] "GET /cormun/servlet/solicitudot?ea6780f809ea4099419bacd36c1c1e1b3c38c51a2d77bfd54fa4e71f25286c36,gx-no-cache=1521056713891 HTTP/1.1" 200 53
186.103.159.183 - - [14/Mar/2018:16:46:14 -0300] "POST /cormun/servlet/solicitudot?gx-no-cache=1521056724287 HTTP/1.1" 200 30
186.103.159.183 - - [14/Mar/2018:16:46:14 -0300] "POST /cormun/servlet/solicitudot?gx-no-cache=1521056724401 HTTP/1.1" 200 1333
186.103.159.183 - - [14/Mar/2018:16:46:14 -0300] "POST /cormun/servlet/solicitudot?gx-no-cache=1521056724763 HTTP/1.1" 200 41
186.103.159.44 - - [14/Mar/2018:16:46:15 -0300] "POST /cormun/servlet/trsolicitudot?ee5d2696606f1a5dad58e26f675b92a9,gx-no-cache=1521056725769 HTTP/1.1" 200 4724
186.103.159.44 - - [14/Mar/2018:16:46:15 -0300] "POST /cormun/servlet/trsolicitudot?ee5d2696606f1a5dad58e26f675b92a9,gx-no-cache=1521056726143 HTTP/1.1" 200 4452
186.103.159.44 - - [14/Mar/2018:16:46:16 -0300] "GET /cormun/static/Shared/jqueryui/images/ui-bg_flat_55_fafafa_40x100.png HTTP/1.1" 404 1097
186.103.159.44 - - [14/Mar/2018:16:46:16 -0300] "GET /cormun/static/Shared/jqueryui/images/ui-icons_8d78a5_256x240.png HTTP/1.1" 404 1089
186.103.159.44 - - [14/Mar/2018:16:46:16 -0300] "GET /cormun/static/Shared/jqueryui/images/ui-icons_82798d_256x240.png HTTP/1.1" 404 1089
186.103.159.44 - - [14/Mar/2018:16:46:16 -0300] "GET /cormun/static/Shared/jqueryui/images/ui-bg_highlight-soft_100_c6c2c8_1x100.png HTTP/1.1" 404 1117
186.103.159.189 - - [14/Mar/2018:16:46:16 -0300] "GET /cormun/servlet/hlogin HTTP/1.1" 200 1745
186.103.159.44 - - [14/Mar/2018:16:46:19 -0300] "GET /cormun/servlet/trautorizarsolicitud? HTTP/1.1" 200 8689
186.103.159.44 - - [14/Mar/2018:16:46:19 -0300] "GET /cormun/static/gxcfg.js?2017111423403364 HTTP/1.1" 200 953
186.103.159.44 - - [14/Mar/2018:16:46:19 -0300] "GET /cormun/static/trautorizarsolicitud.js?201711142340425 HTTP/1.1" 200 53910
186.103.159.44 - - [14/Mar/2018:16:46:29 -0300] "POST /cormun/servlet/trautorizarsolicitud?ee5d2696606f1a5dad58e26f675b92a9,,gx-no-cache=1521056739447 HTTP/1.1" 200 4655
186.103.159.44 - - [14/Mar/2018:16:46:29 -0300] "POST /cormun/servlet/trautorizarsolicitud?ee5d2696606f1a5dad58e26f675b92a9,,gx-no-cache=1521056739773 HTTP/1.1" 200 4385
186.103.159.44 - - [14/Mar/2018:16:46:29 -0300] "GET /cormun/static/Shared/jqueryui/images/ui-bg_flat_55_fafafa_40x100.png HTTP/1.1" 404 1097
186.103.159.44 - - [14/Mar/2018:16:46:29 -0300] "GET /cormun/static/Shared/jqueryui/images/ui-icons_82798d_256x240.png HTTP/1.1" 404 1089
186.103.159.44 - - [14/Mar/2018:16:46:29 -0300] "GET /cormun/static/Shared/jqueryui/images/ui-icons_8d78a5_256x240.png HTTP/1.1" 404 1089
186.103.159.44 - - [14/Mar/2018:16:46:29 -0300] "GET /cormun/static/Shared/jqueryui/images/ui-bg_highlight-soft_100_c6c2c8_1x100.png HTTP/1.1" 404 1117
186.103.159.183 - - [14/Mar/2018:16:46:42 -0300] "POST /cormun/servlet/solicitudot?gx-no-cache=1521056752309 HTTP/1.1" 200 1317
186.103.159.183 - - [14/Mar/2018:16:46:42 -0300] "POST /cormun/servlet/solicitudot?gx-no-cache=1521056752675 HTTP/1.1" 200 1215
186.103.159.183 - - [14/Mar/2018:16:46:42 -0300] "GET /cormun/static/menuarrow.gif HTTP/1.1" 404 1015
186.103.159.183 - - [14/Mar/2018:16:46:45 -0300] "POST /cormun/servlet/solicitudot?gx-no-cache=1521056755721 HTTP/1.1" 200 1317
186.103.159.183 - - [14/Mar/2018:16:46:45 -0300] "POST /cormun/servlet/solicitudot?gx-no-cache=1521056755885 HTTP/1.1" 200 1215
186.103.159.183 - - [14/Mar/2018:16:46:47 -0300] "GET /cormun/servlet/solicitudot?ea6780f809ea4099419bacd36c1c1e1b5b4eba225a1909b697f7c56039789f4f7b4af609cb015a374950dc60b4518d2e,gx-no-cache=1521056757354 HTTP/1.1" 200 30
186.103.159.183 - - [14/Mar/2018:16:46:47 -0300] "POST /cormun/servlet/solicitudot?gx-no-cache=1521056757490 HTTP/1.1" 200 33
190.151.124.170 - - [14/Mar/2018:16:48:32 -0300] "POST /cormun/servlet/trsolicitudot?dca73a911ad032d507c0e3e2a4d02905,,gx-no-cache=1521056862102 HTTP/1.1" 200 7652
190.151.124.170 - - [14/Mar/2018:16:48:39 -0300] "POST /cormun/servlet/trsolicitudot?dca73a911ad032d507c0e3e2a4d02905,,gx-no-cache=1521056868911 HTTP/1.1" 200 5843
186.79.4.176 - - [14/Mar/2018:16:48:40 -0300] "POST /cormun/servlet/solicitudot?gx-no-cache=1521056871602 HTTP/1.1" 200 1336
186.79.4.176 - - [14/Mar/2018:16:48:40 -0300] "POST /cormun/servlet/solicitudot?gx-no-cache=1521056872175 HTTP/1.1" 200 41
186.79.4.176 - - [14/Mar/2018:16:48:40 -0300] "POST /cormun/servlet/solicitudot?gx-no-cache=1521056872340 HTTP/1.1" 200 1318
186.79.4.176 - - [14/Mar/2018:16:48:40 -0300] "POST /cormun/servlet/solicitudot?gx-no-cache=1521056872547 HTTP/1.1" 200 1218
186.79.4.176 - - [14/Mar/2018:16:48:41 -0300] "POST /cormun/servlet/solicitudot?gx-no-cache=1521056872737 HTTP/1.1" 200 33
186.79.4.176 - - [14/Mar/2018:16:48:42 -0300] "POST /cormun/servlet/solicitudot?e7162c5165a1fd54cd98a58c5d03f17a,INS,0,0,,gx-no-cache=1521056872992 HTTP/1.1" 200 93
186.79.4.176 - - [14/Mar/2018:16:48:42 -0300] "GET /cormun/servlet/hpexe_return? HTTP/1.1" 200 1007
186.79.4.176 - - [14/Mar/2018:16:48:43 -0300] "GET /cormun/servlet/trsolicitudot HTTP/1.1" 200 8547
186.79.4.176 - - [14/Mar/2018:16:48:44 -0300] "GET /cormun/servlet/trsolicitudot HTTP/1.1" 200 8543
192.168.10.56 - - [14/Mar/2018:16:48:55 -0300] "POST /cormun/servlet/trsolicitudgral?702723d3fd8b088b78d425fbe7bfec41,gx-no-cache=1521050571309,gx-no-cache=1521056771696 HTTP/1.1" 440 972
192.168.10.56 - - [14/Mar/2018:16:48:57 -0300] "GET /cormun/servlet/trsolicitudgral?gx-no-cache=1521050571309 HTTP/1.1" 500 10
192.168.10.56 - - [14/Mar/2018:16:48:58 -0300] "GET /cormun/servlet/trsolicitudgral?gx-no-cache=1521050571309 HTTP/1.1" 500 10
186.103.159.183 - - [14/Mar/2018:16:48:59 -0300] "GET /cormun/servlet/solicitudot?ea6780f809ea4099419bacd36c1c1e1b5b4eba225a1909b697f7c56039789f4f7b4af609cb015a374950dc60b4518d2e,gx-no-cache=1521056889223 HTTP/1.1" 200 30
186.103.159.183 - - [14/Mar/2018:16:48:59 -0300] "POST /cormun/servlet/solicitudot?gx-no-cache=1521056889325 HTTP/1.1" 200 33
186.103.159.183 - - [14/Mar/2018:16:48:59 -0300] "POST /cormun/servlet/solicitudot?ba4af4cf62f4a43613c5e02d8d0862f1,INS,0,0,,gx-no-cache=1521056889413 HTTP/1.1" 200 11948
186.103.159.183 - - [14/Mar/2018:16:48:59 -0300] "GET /cormun/static/Shared/jqueryui/images/ui-bg_highlight-soft_100_c6c2c8_1x100.png HTTP/1.1" 404 1117
