200.111.191.210 - - [14/Mar/2018:16:22:23 -0300] "POST /cormun/servlet/solicitudot?20439257580688f2552e659eba12a7d0,INS,0,0,,gx-no-cache=1521055293234 HTTP/1.1" 200 10555
200.111.191.210 - - [14/Mar/2018:16:22:24 -0300] "GET /cormun/servlet/solicitudot?763329f98fb9d194bd99fe678d9020a994eb41153b577a644cf5ea7a4456527d9bd2114309c0ffb3a99369c4480626ed,gx-no-cache=1521055294321 HTTP/1.1" 200 30
186.79.4.176 - - [14/Mar/2018:16:22:25 -0300] "POST /cormun/servlet/solicitudotadjuntos?gx-no-cache=1521055297304 HTTP/1.1" 200 26
200.111.191.210 - - [14/Mar/2018:16:22:25 -0300] "GET /cormun/servlet/solicitudot?763329f98fb9d194bd99fe678d9020a91c1b86b04f2f9a9aba91454311c6432cbd194fbfa1f82d892edaa1db0a10f5d65997d8f4edbe8a950bd3d9697c4bf196,gx-no-cache=1521055295928 HTTP/1.1" 200 30
200.111.191.210 - - [14/Mar/2018:16:22:25 -0300] "GET /cormun/servlet/solicitudot?763329f98fb9d194bd99fe678d9020a9338dbec75e0ea391e842e9b34877b82c,gx-no-cache=1521055295956 HTTP/1.1" 200 123
200.111.191.210 - - [14/Mar/2018:16:22:25 -0300] "GET /cormun/static/Shared/jqueryui/images/ui-bg_highlight-soft_100_c6c2c8_1x100.png HTTP/1.1" 404 1117
200.111.191.210 - - [14/Mar/2018:16:22:25 -0300] "POST /cormun/servlet/solicitudot?gx-no-cache=1521055295990 HTTP/1.1" 200 255
200.111.191.210 - - [14/Mar/2018:16:22:25 -0300] "GET /cormun/static/Shared/jqueryui/images/ui-icons_82798d_256x240.png HTTP/1.1" 404 1089
200.111.191.210 - - [14/Mar/2018:16:22:25 -0300] "GET /cormun/servlet/solicitudot?763329f98fb9d194bd99fe678d9020a942dd9f4699226e1238274ebd544b20e07dc98296e3e9aeaf0dbf60dc7be1f520cd6eca8d0791de30a63bbf337ccbd6b98acc9ae5fc967bd0f5309d4bbffe8fc2853dbc0d23aa52b4d342631a69f16d4c41170d8833467902d036aec5121321ae3f3b6ecb28b0f2b520acb977881f4830edf7fe2b416a9d10864bf0fadcc583603430584c1a8deb6ec7aa194a2e27306a44f6883a3c60c434ea6b72db76ef0316c8c318c77910293d53b27e654f3c5347650546c36b6b0387d24576e56cca7a18836765eedf064dd7eb02c17482aeb968304103bfd6fd499cfd721c13290e556acb4016638abbbc9e4fa0cb93b2dea725976c785677292e406b0c850593991e31e552bf124366e03d31e8db449661d5b18ca06590a965bf37617d2a3d43af81e846c6e5c1bd536d1b3ee6294feab09486e43dfaeb2e69d8bfcbb6c3eab3f07db0a6ffe52e0fd41ac64c6aab3ba18a3f1541b091f3a3dad6a04b34a4d9f0dc1dbb7a4db88b3ad9fa89527e30247a39e94b,gx-no-cache=1521055296066 HTTP/1.1" 200 30
200.111.191.210 - - [14/Mar/2018:16:22:25 -0300] "GET /cormun/static/Shared/jqueryui/images/ui-bg_flat_55_994d53_40x100.png HTTP/1.1" 404 1097
200.111.191.210 - - [14/Mar/2018:16:22:25 -0300] "GET /cormun/static/Shared/jqueryui/images/ui-icons_ebccce_256x240.png HTTP/1.1" 404 1089
186.103.157.42 - - [14/Mar/2018:16:22:27 -0300] "GET /cormun/servlet/solicitudot?955ec380a684473e8d88504d95cf438df34d72ab5af6f2d80214fb6a734cb37f917bff9469bc956dfa72085132a776c334ba0704f6c58851582b908558df4bf830ab3389a624f6365abb19d3aa92167a018cc5eba31977c5ba592354c4dd49ea66c2370ac375f45f9b0c946cb6236581a15c6c3eaef0e20df5206657482291696ff81cded190bb27a45a02c5eac169629e7f5b2914754051ff335c6cbbf1061a346d372528d267b8871abc4dd22a581f14d37d1e35cfa9295abbe786d700ff24b67dc141b901330a32dd0e2725d0dc5fa2c2675dce386fe8f15566308693f2d9958f11f081357e8cae583d267c284115131f2551f8a4b081942c27dc25f89f5b885e140d164a598bba9d3eb1dfe6468b4dfc941834a5cd94e2fb511234b05d5f04c2383150149259ef09e264e5e1a410ac1878e7e6e7eb40419fc27633a0823edd3a3be4838e15718c0341f967430e27b419828cdc9c5d19960cb139c18495fd0c2fffe01d0c144280b238564bfb2d5f999527b334d1a2db8d01421c587da5eb5641aa21f3c2b6a38a860b842a8fb351,gx-no-cache=1521055042756 HTTP/1.1" 200 30
192.168.10.96 - - [14/Mar/2018:16:22:28 -0300] "GET /cormun/servlet/trsolicitudgral? HTTP/1.1" 200 28941
186.103.156.24 - - [14/Mar/2018:16:22:30 -0300] "GET /cormun/servlet/hlogin HTTP/1.1" 200 1719
192.168.10.96 - - [14/Mar/2018:16:22:31 -0300] "GET /cormun/servlet/trsolicitudgral? HTTP/1.1" 200 28941
186.103.157.42 - - [14/Mar/2018:16:22:34 -0300] "GET /cormun/servlet/solicitudot?955ec380a684473e8d88504d95cf438df34d72ab5af6f2d80214fb6a734cb37f917bff9469bc956dfa72085132a776c334ba0704f6c58851582b908558df4bf830ab3389a624f6365abb19d3aa92167a018cc5eba31977c5ba592354c4dd49ea66c2370ac375f45f9b0c946cb6236581a15c6c3eaef0e20df5206657482291696ff81cded190bb27a45a02c5eac169629e7f5b2914754051ff335c6cbbf1061a346d372528d267b8871abc4dd22a581f14d37d1e35cfa9295abbe786d700ff24b67dc141b901330a32dd0e2725d0dc5fa2c2675dce386fe8f15566308693f2d9958f11f081357e8cae583d267c284115eccc2766f1fff367dd654746a57b3145885e140d164a598bba9d3eb1dfe6468b4dfc941834a5cd94e2fb511234b05d5f04c2383150149259ef09e264e5e1a410ac1878e7e6e7eb40419fc27633a0823edd3a3be4838e15718c0341f967430e27b419828cdc9c5d19960cb139c18495fd0c2fffe01d0c144280b238564bfb2d5f999527b334d1a2db8d01421c587da5eb5641aa21f3c2b6a38a860b842a8fb351,gx-no-cache=1521055050140 HTTP/1.1" 200 30
186.79.4.176 - - [14/Mar/2018:16:22:37 -0300] "GET /cormun/servlet/solicitudotadjuntos?0b4c1dee27dfdcb3687edb66435904b964e85f593a729033f9e3b318154363e3,gx-no-cache=1521055309599 HTTP/1.1" 200 30
186.79.4.176 - - [14/Mar/2018:16:22:37 -0300] "GET /cormun/servlet/solicitudotadjuntos?0b4c1dee27dfdcb3687edb66435904b964e85f593a729033f9e3b318154363e3,gx-no-cache=1521055309717 HTTP/1.1" 200 30
200.111.191.210 - - [14/Mar/2018:16:22:37 -0300] "GET /cormun/servlet/prbanco?,MD,,gxPopupLevel%3D0%3B HTTP/1.1" 200 6629
186.103.157.42 - - [14/Mar/2018:16:22:40 -0300] "POST /cormun/servlet/solicitudot?gx-no-cache=1521055056298 HTTP/1.1" 200 30
186.103.157.42 - - [14/Mar/2018:16:22:40 -0300] "POST /cormun/servlet/solicitudot?gx-no-cache=1521055056361 HTTP/1.1" 200 1330
186.103.157.42 - - [14/Mar/2018:16:22:40 -0300] "POST /cormun/servlet/solicitudot?gx-no-cache=1521055056430 HTTP/1.1" 200 41
186.103.157.42 - - [14/Mar/2018:16:22:40 -0300] "POST /cormun/servlet/solicitudot?gx-no-cache=1521055056489 HTTP/1.1" 200 1317
186.103.157.42 - - [14/Mar/2018:16:22:40 -0300] "POST /cormun/servlet/solicitudot?gx-no-cache=1521055056562 HTTP/1.1" 200 1217
186.103.157.42 - - [14/Mar/2018:16:22:40 -0300] "GET /cormun/servlet/solicitudot?955ec380a684473e8d88504d95cf438d8827b9690129ca8c54dc1404a7fbeff16117e9c332a1895643bc974638b7952e,gx-no-cache=1521055056638 HTTP/1.1" 200 30
186.103.157.42 - - [14/Mar/2018:16:22:40 -0300] "POST /cormun/servlet/solicitudot?gx-no-cache=1521055056699 HTTP/1.1" 200 30
186.103.157.42 - - [14/Mar/2018:16:22:41 -0300] "POST /cormun/servlet/solicitudot?319b49d92853b2112aae116daf3fed3c,INS,0,0,,gx-no-cache=1521055056769 HTTP/1.1" 200 11854
200.111.191.210 - - [14/Mar/2018:16:22:42 -0300] "GET /cormun/servlet/solicitudot?763329f98fb9d194bd99fe678d9020a9cb89da95dd4e12fba1878d101488e07b,gx-no-cache=1521055313015 HTTP/1.1" 200 53
186.103.156.24 - - [14/Mar/2018:16:22:44 -0300] "POST /cormun/servlet/hlogin?f4f41524624b0d622d1681c513beb9ba,gx-no-cache=1521055313959 HTTP/1.1" 200 90
186.103.156.24 - - [14/Mar/2018:16:22:44 -0300] "GET /cormun/servlet/hpexe_link HTTP/1.1" 200 950
186.103.156.24 - - [14/Mar/2018:16:22:44 -0300] "GET /cormun/servlet/hhome HTTP/1.1" 200 4236
186.67.84.236 - - [14/Mar/2018:16:22:45 -0300] "GET /cormun/servlet/solicitudotadjuntos?69957c2afd0aa57a22ef68e136e02bb43ca078888351fb4424603e32657af6b2,gx-no-cache=1521055314758 HTTP/1.1" 200 30
186.67.84.236 - - [14/Mar/2018:16:22:45 -0300] "GET /cormun/servlet/solicitudotadjuntos?69957c2afd0aa57a22ef68e136e02bb43ca078888351fb4424603e32657af6b2,gx-no-cache=1521055314904 HTTP/1.1" 200 30
186.103.156.24 - - [14/Mar/2018:16:22:45 -0300] "GET /cormun/servlet/hhome HTTP/1.1" 200 4232
186.79.4.176 - - [14/Mar/2018:16:22:45 -0300] "POST /cormun/servlet/solicitudotadjuntos?eff836d824cd19b7896901fcc9dc7d3e,INS,2018,10480,,1, HTTP/1.1" 200 116
186.79.4.176 - - [14/Mar/2018:16:22:45 -0300] "GET /cormun/servlet/hpexe_return? HTTP/1.1" 200 1026
186.67.84.236 - - [14/Mar/2018:16:22:46 -0300] "POST /cormun/servlet/solicitudotadjuntos?dca73a911ad032d507c0e3e2a4d02905,INS,2018,10481,,1, HTTP/1.1" 200 116
186.67.84.236 - - [14/Mar/2018:16:22:46 -0300] "GET /cormun/servlet/hpexe_return? HTTP/1.1" 200 1025
186.79.4.176 - - [14/Mar/2018:16:22:46 -0300] "GET /cormun/servlet/trsolicitudadjuntos?2018,10480, HTTP/1.1" 200 9037
186.67.84.236 - - [14/Mar/2018:16:22:46 -0300] "GET /cormun/servlet/trsolicitudadjuntos?2018,10481, HTTP/1.1" 200 9357
186.79.4.176 - - [14/Mar/2018:16:22:47 -0300] "GET /cormun/servlet/trsolicitudadjuntos?2018,10480, HTTP/1.1" 200 9036
186.67.84.236 - - [14/Mar/2018:16:22:47 -0300] "GET /cormun/servlet/trsolicitudadjuntos?2018,10481, HTTP/1.1" 200 9357
186.103.156.24 - - [14/Mar/2018:16:22:48 -0300] "GET /cormun/servlet/trsolicitudot? HTTP/1.1" 200 7450
192.168.10.96 - - [14/Mar/2018:16:22:48 -0300] "POST /cormun/servlet/trsolicitudgral?a6eb4f4a2a94c9e3316832aaae5ada4a,,gx-no-cache=1521055204684 HTTP/1.1" 200 9108
186.103.156.24 - - [14/Mar/2018:16:22:48 -0300] "GET /cormun/servlet/trsolicitudot? HTTP/1.1" 200 7449
200.111.191.210 - - [14/Mar/2018:16:22:50 -0300] "POST /cormun/servlet/solicitudot?gx-no-cache=1521055320887 HTTP/1.1" 200 255
200.111.191.210 - - [14/Mar/2018:16:22:50 -0300] "GET /cormun/servlet/solicitudot?763329f98fb9d194bd99fe678d9020a942dd9f4699226e1238274ebd544b20e07dc98296e3e9aeaf0dbf60dc7be1f520cd6eca8d0791de30a63bbf337ccbd6b98acc9ae5fc967bd0f5309d4bbffe8fc2853dbc0d23aa52b4d342631a69f16d4c41170d8833467902d036aec5121321ae3f3b6ecb28b0f2b520acb977881f4830edf7fe2b416a9d10864bf0fadcc583603430584c1a8deb6ec7aa194a2e27306a44f6883a3c60c434ea6b72db76ef0316c8c318c77910293d53b27e654f3c5347650546c36b6b0387d24576e56cca7a18836765eedf064dd7eb02c17482aeb968304103bfd6fd499cfd721c13290e556acb4016638abbbc9e4fa0cb93b2dea725976c785677292e406b0c850593991e31e552bf124366e03d31e8db449661d5b18ca06590a965bf37617d2a3d43af81e846c6e5c1bd536d1b3ee6294feab09486e43dfaeb2e69d8bfcbb6c3eab3f07db0a6ffe52e0fd41ac64c6aab3ba18a3f1541b091f3a3dad6a04b34a4d9f0dc1dbbf76b05c5a53df2b336b91184416a2db0,gx-no-cache=1521055320961 HTTP/1.1" 200 30
186.79.4.176 - - [14/Mar/2018:16:22:50 -0300] "GET /cormun/servlet/solicitudotadjuntos?INS,2018,10480,,1, HTTP/1.1" 200 5971
186.79.4.176 - - [14/Mar/2018:16:22:51 -0300] "GET /cormun/static/about:blank HTTP/1.1" 404 1011
186.79.4.176 - - [14/Mar/2018:16:22:51 -0300] "GET /cormun/servlet/solicitudotadjuntos?INS,2018,10480,,1, HTTP/1.1" 200 5963
186.103.156.24 - - [14/Mar/2018:16:22:51 -0300] "GET /cormun/servlet/trautorizarsolicitud? HTTP/1.1" 200 7351
186.79.4.176 - - [14/Mar/2018:16:22:51 -0300] "GET /cormun/servlet/solicitudotadjuntos?0b4c1dee27dfdcb3687edb66435904b9cae7dcd1e1e459bf1fc378c3aaea9c187172bcb48e3a520610c267a3e5a5f77a,gx-no-cache=1521055323739 HTTP/1.1" 200 30
186.103.156.24 - - [14/Mar/2018:16:22:52 -0300] "GET /cormun/servlet/trautorizarsolicitud? HTTP/1.1" 200 7350
186.79.4.176 - - [14/Mar/2018:16:22:52 -0300] "POST /cormun/servlet/solicitudotadjuntos?eff836d824cd19b7896901fcc9dc7d3e,INS,2018,10480,,1,,gx-no-cache=1521055323864 HTTP/1.1" 200 3824
200.111.191.210 - - [14/Mar/2018:16:22:52 -0300] "POST /cormun/servlet/solicitudot?gx-no-cache=1521055322652 HTTP/1.1" 200 30
200.111.191.210 - - [14/Mar/2018:16:22:53 -0300] "GET /cormun/servlet/prcontratosol?21706000,,,,,MD,,gxPopupLevel%3D0%3B HTTP/1.1" 200 7836
200.111.191.210 - - [14/Mar/2018:16:22:53 -0300] "GET /cormun/static/gxcfg.js?201761413223964 HTTP/1.1" 200 953
200.111.191.210 - - [14/Mar/2018:16:22:54 -0300] "GET /cormun/static/prcontratosol.js?201761413224174 HTTP/1.1" 200 15806
186.79.4.176 - - [14/Mar/2018:16:22:55 -0300] "POST /cormun/servlet/solicitudotadjuntos?gx-no-cache=1521055327283 HTTP/1.1" 200 26
200.111.191.210 - - [14/Mar/2018:16:22:57 -0300] "POST /cormun/servlet/solicitudot?gx-no-cache=1521055327681 HTTP/1.1" 200 1336
200.111.191.210 - - [14/Mar/2018:16:22:57 -0300] "POST /cormun/servlet/solicitudot?gx-no-cache=1521055327751 HTTP/1.1" 200 38
200.111.191.210 - - [14/Mar/2018:16:22:57 -0300] "GET /cormun/servlet/solicitudot?763329f98fb9d194bd99fe678d9020a9813cae5b15b66ee50d72be6ef49076fcbdf13179cc3a2f9467ee877536e90e7dd9367f9146f7858cadb17113bb4024d75f3d2bb555118e7fac33ee11626f2df03192230155e0ffb313dc628ef5236d00461d61d92f7605bc3b6b054bdcb911cd9edfa7bba6fe823df591fdfae44d57303bc1494025a2b9da5d195b8e0d2a7e61f3816186b47eeab903e560084c3d8e02,gx-no-cache=1521055327812 HTTP/1.1" 200 29
200.111.191.210 - - [14/Mar/2018:16:22:57 -0300] "POST /cormun/servlet/solicitudot?gx-no-cache=1521055328145 HTTP/1.1" 200 1318
200.111.191.210 - - [14/Mar/2018:16:22:58 -0300] "POST /cormun/servlet/solicitudot?gx-no-cache=1521055328233 HTTP/1.1" 200 1218
200.111.191.210 - - [14/Mar/2018:16:22:58 -0300] "GET /cormun/servlet/solicitudot?763329f98fb9d194bd99fe678d9020a96b4f5b4b6dd1c8f9003c4e2f60944c435981808ae1543b00695dad24c28b5b6e,gx-no-cache=1521055328477 HTTP/1.1" 200 30
190.151.99.26 - - [14/Mar/2018:16:22:59 -0300] "GET /cormun/servlet/solicitudotadjuntos?INS,2018,10481,,1, HTTP/1.1" 200 6247
190.151.99.26 - - [14/Mar/2018:16:23:00 -0300] "GET /cormun/static/about:blank HTTP/1.1" 404 1011
186.103.196.84 - - [14/Mar/2018:16:23:00 -0300] "GET /cormun/servlet/solicitudotadjuntos?INS,2018,10481,,1, HTTP/1.1" 200 6241
186.103.156.24 - - [14/Mar/2018:16:23:00 -0300] "POST /cormun/servlet/trautorizarsolicitud?f4f41524624b0d622d1681c513beb9ba,,gx-no-cache=1521055329016 HTTP/1.1" 200 4407
190.151.99.26 - - [14/Mar/2018:16:23:00 -0300] "GET /cormun/servlet/solicitudotadjuntos?69957c2afd0aa57a22ef68e136e02bb4c769033e7699e1fc2297fcf0e50d2228d19fa0b0dd8215af9d0a3e0271cb3dfb,gx-no-cache=1521055330357 HTTP/1.1" 200 30
190.151.99.26 - - [14/Mar/2018:16:23:00 -0300] "POST /cormun/servlet/solicitudotadjuntos?dca73a911ad032d507c0e3e2a4d02905,INS,2018,10481,,1,,gx-no-cache=1521055330461 HTTP/1.1" 200 3987
190.151.99.26 - - [14/Mar/2018:16:23:03 -0300] "POST /cormun/servlet/solicitudotadjuntos?gx-no-cache=1521055333213 HTTP/1.1" 200 26
186.79.4.176 - - [14/Mar/2018:16:23:07 -0300] "POST /cormun/servlet/solicitudotadjuntos?gx-no-cache=1521055339462 HTTP/1.1" 200 26
186.103.156.24 - - [14/Mar/2018:16:23:08 -0300] "POST /cormun/servlet/trautorizarsolicitud?f4f41524624b0d622d1681c513beb9ba,,gx-no-cache=1521055336814 HTTP/1.1" 200 10525
200.111.191.210 - - [14/Mar/2018:16:23:08 -0300] "POST /cormun/servlet/solicitudot?gx-no-cache=1521055338547 HTTP/1.1" 200 1318
200.111.191.210 - - [14/Mar/2018:16:23:08 -0300] "POST /cormun/servlet/solicitudot?gx-no-cache=1521055338634 HTTP/1.1" 200 1218
200.111.191.210 - - [14/Mar/2018:16:23:08 -0300] "POST /cormun/servlet/solicitudot?gx-no-cache=1521055338676 HTTP/1.1" 200 33
200.111.191.210 - - [14/Mar/2018:16:23:16 -0300] "POST /cormun/servlet/solicitudot?20439257580688f2552e659eba12a7d0,INS,0,0,,gx-no-cache=1521055345963 HTTP/1.1" 200 93
200.111.191.210 - - [14/Mar/2018:16:23:16 -0300] "GET /cormun/servlet/hpexe_return? HTTP/1.1" 200 1009
200.111.191.210 - - [14/Mar/2018:16:23:16 -0300] "GET /cormun/servlet/trsolicitudot HTTP/1.1" 200 8794
200.111.191.210 - - [14/Mar/2018:16:23:16 -0300] "GET /cormun/servlet/trsolicitudot HTTP/1.1" 200 8790
192.168.10.96 - - [14/Mar/2018:16:23:19 -0300] "POST /cormun/servlet/trsolicitudgral?a6eb4f4a2a94c9e3316832aaae5ada4a,,gx-no-cache=1521055235847 HTTP/1.1" 200 8430
200.111.191.210 - - [14/Mar/2018:16:23:20 -0300] "POST /cormun/servlet/trsolicitudot?20439257580688f2552e659eba12a7d0,gx-no-cache=1521055350351 HTTP/1.1" 200 4676
200.111.191.210 - - [14/Mar/2018:16:23:20 -0300] "GET /cormun/static/Shared/jqueryui/images/ui-bg_highlight-soft_100_c6c2c8_1x100.png HTTP/1.1" 404 1117
200.111.191.210 - - [14/Mar/2018:16:23:20 -0300] "GET /cormun/static/Shared/jqueryui/images/ui-bg_flat_55_fafafa_40x100.png HTTP/1.1" 404 1097
200.111.191.210 - - [14/Mar/2018:16:23:20 -0300] "GET /cormun/static/Shared/jqueryui/images/ui-icons_82798d_256x240.png HTTP/1.1" 404 1089
200.111.191.210 - - [14/Mar/2018:16:23:20 -0300] "GET /cormun/static/Shared/jqueryui/images/ui-icons_8d78a5_256x240.png HTTP/1.1" 404 1089
200.111.191.210 - - [14/Mar/2018:16:23:21 -0300] "POST /cormun/servlet/trsolicitudot?20439257580688f2552e659eba12a7d0,gx-no-cache=1521055350648 HTTP/1.1" 200 4449
200.111.191.210 - - [14/Mar/2018:16:23:22 -0300] "GET /cormun/servlet/solicitudot?INS,0,0, HTTP/1.1" 200 13627
200.111.191.210 - - [14/Mar/2018:16:23:22 -0300] "GET /cormun/servlet/solicitudot?INS,0,0, HTTP/1.1" 200 13632
186.79.4.176 - - [14/Mar/2018:16:23:23 -0300] "POST /cormun/servlet/solicitudotadjuntos?gx-no-cache=1521055355398 HTTP/1.1" 200 26
200.111.191.210 - - [14/Mar/2018:16:23:26 -0300] "GET /cormun/servlet/prfichaempleado?,MD,,gxPopupLevel%3D0%3B HTTP/1.1" 200 9346
186.79.4.176 - - [14/Mar/2018:16:23:30 -0300] "GET /cormun/servlet/solicitudotadjuntos?0b4c1dee27dfdcb3687edb66435904b964e85f593a729033f9e3b318154363e3,gx-no-cache=1521055362292 HTTP/1.1" 200 30
186.79.4.176 - - [14/Mar/2018:16:23:30 -0300] "GET /cormun/servlet/solicitudotadjuntos?0b4c1dee27dfdcb3687edb66435904b964e85f593a729033f9e3b318154363e3,gx-no-cache=1521055362471 HTTP/1.1" 200 30
192.168.10.96 - - [14/Mar/2018:16:23:34 -0300] "POST /cormun/servlet/trsolicitudgral?a6eb4f4a2a94c9e3316832aaae5ada4a,,gx-no-cache=1521055250624 HTTP/1.1" 200 9108
186.103.156.24 - - [14/Mar/2018:16:23:36 -0300] "GET /cormun/servlet/trcontratosolicitud? HTTP/1.1" 200 14831
200.111.191.210 - - [14/Mar/2018:16:23:36 -0300] "POST /cormun/servlet/prfichaempleado?20439257580688f2552e659eba12a7d0,,MD,,gxPopupLevel%3D0%3B,gx-no-cache=1521055367033 HTTP/1.1" 200 4215
186.103.156.24 - - [14/Mar/2018:16:23:37 -0300] "GET /cormun/servlet/trcontratosolicitud? HTTP/1.1" 200 14837
186.79.4.176 - - [14/Mar/2018:16:23:40 -0300] "POST /cormun/servlet/solicitudotadjuntos?eff836d824cd19b7896901fcc9dc7d3e,INS,2018,10480,,1, HTTP/1.1" 200 116
186.79.4.176 - - [14/Mar/2018:16:23:40 -0300] "GET /cormun/servlet/hpexe_return? HTTP/1.1" 200 1026
186.79.4.176 - - [14/Mar/2018:16:23:41 -0300] "GET /cormun/servlet/trsolicitudadjuntos?2018,10480, HTTP/1.1" 200 9294
186.79.4.176 - - [14/Mar/2018:16:23:42 -0300] "GET /cormun/servlet/trsolicitudadjuntos?2018,10480, HTTP/1.1" 200 9293
192.168.10.96 - - [14/Mar/2018:16:23:49 -0300] "POST /cormun/servlet/trsolicitudgral?a6eb4f4a2a94c9e3316832aaae5ada4a,,gx-no-cache=1521055265080 HTTP/1.1" 200 8430
186.79.4.176 - - [14/Mar/2018:16:23:49 -0300] "GET /cormun/servlet/solicitudotadjuntos?INS,2018,10480,,1, HTTP/1.1" 200 5971
186.79.4.176 - - [14/Mar/2018:16:23:49 -0300] "GET /cormun/static/about:blank HTTP/1.1" 404 1011
186.79.4.176 - - [14/Mar/2018:16:23:50 -0300] "GET /cormun/servlet/solicitudotadjuntos?INS,2018,10480,,1, HTTP/1.1" 200 5964
186.79.4.176 - - [14/Mar/2018:16:23:50 -0300] "GET /cormun/servlet/solicitudotadjuntos?0b4c1dee27dfdcb3687edb66435904b9cae7dcd1e1e459bf1fc378c3aaea9c187172bcb48e3a520610c267a3e5a5f77a,gx-no-cache=1521055382481 HTTP/1.1" 200 30
186.79.4.176 - - [14/Mar/2018:16:23:51 -0300] "POST /cormun/servlet/solicitudotadjuntos?eff836d824cd19b7896901fcc9dc7d3e,INS,2018,10480,,1,,gx-no-cache=1521055382613 HTTP/1.1" 200 3824
186.79.4.176 - - [14/Mar/2018:16:23:52 -0300] "POST /cormun/servlet/solicitudotadjuntos?gx-no-cache=1521055384570 HTTP/1.1" 200 26
186.79.4.176 - - [14/Mar/2018:16:23:56 -0300] "GET /cormun/servlet/solicitudotadjuntos?0b4c1dee27dfdcb3687edb66435904b964e85f593a729033f9e3b318154363e3,gx-no-cache=1521055388676 HTTP/1.1" 200 30
186.79.4.176 - - [14/Mar/2018:16:23:56 -0300] "GET /cormun/servlet/solicitudotadjuntos?0b4c1dee27dfdcb3687edb66435904b964e85f593a729033f9e3b318154363e3,gx-no-cache=1521055388742 HTTP/1.1" 200 30
200.111.191.210 - - [14/Mar/2018:16:23:59 -0300] "POST /cormun/servlet/solicitudot?gx-no-cache=1521055389547 HTTP/1.1" 200 3405
200.111.191.210 - - [14/Mar/2018:16:23:59 -0300] "POST /cormun/servlet/solicitudot?20439257580688f2552e659eba12a7d0,INS,0,0,,gx-no-cache=1521055389835 HTTP/1.1" 200 10570
200.111.191.210 - - [14/Mar/2018:16:24:02 -0300] "GET /cormun/servlet/solicitudot?763329f98fb9d194bd99fe678d9020a92e070117cb9e5c726ea4762b1f2b583f9bd2114309c0ffb3a99369c4480626ed,gx-no-cache=1521055392622 HTTP/1.1" 200 30
200.111.191.210 - - [14/Mar/2018:16:24:02 -0300] "GET /cormun/servlet/solicitudot?763329f98fb9d194bd99fe678d9020a9d60a928fc41ce40a8136a122094e6e25ebc7e5fbf8aa11eb03513cbf79837c895997d8f4edbe8a950bd3d9697c4bf196,gx-no-cache=1521055392689 HTTP/1.1" 200 30
200.111.191.210 - - [14/Mar/2018:16:24:02 -0300] "GET /cormun/servlet/solicitudot?763329f98fb9d194bd99fe678d9020a9cb89da95dd4e12fba1878d101488e07b,gx-no-cache=1521055392727 HTTP/1.1" 200 53
200.111.191.210 - - [14/Mar/2018:16:24:02 -0300] "POST /cormun/servlet/solicitudot?gx-no-cache=1521055392821 HTTP/1.1" 200 255
200.111.191.210 - - [14/Mar/2018:16:24:03 -0300] "GET /cormun/servlet/solicitudot?763329f98fb9d194bd99fe678d9020a942dd9f4699226e1238274ebd544b20e07dc98296e3e9aeaf0dbf60dc7be1f520cd6eca8d0791de30a63bbf337ccbd6b98acc9ae5fc967bd0f5309d4bbffe8fc2853dbc0d23aa52b4d342631a69f16d4c41170d8833467902d036aec5121321ae3f3b6ecb28b0f2b520acb977881f4830edf7fe2b416a9d10864bf0fadcc583603430584c1a8deb6ec7aa194a2e27306a44f6883a3c60c434ea6b72db76ef0316c8c318c77910293d53b27e654f3c5347650546c36b6b0387d24576e56cca7a18836765eedf064dd7eb02c17482aeb968304103bfd6fd499cfd721c13290e556acb4016638abbbc9e4fa0cb93b2dea725976c785677292e406b0c850593991e31e552bf124366e03d31e8db449661d5b18ca06590a965bf37617d2a3d43af81e846c6e5c1bd536d1b3ee6294feab09486e43dfaeb2e69d8bfcbb6c3eab3f07db0a6ffe52e0fd41ac64c6aab3ba18a3f1541b091f3a3dad6a04b34a4d9f0dc1dbb7a4db88b3ad9fa89527e30247a39e94b,gx-no-cache=1521055392907 HTTP/1.1" 200 30
186.79.4.176 - - [14/Mar/2018:16:24:04 -0300] "POST /cormun/servlet/solicitudotadjuntos?eff836d824cd19b7896901fcc9dc7d3e,INS,2018,10480,,1, HTTP/1.1" 200 6176
200.111.191.210 - - [14/Mar/2018:16:24:04 -0300] "POST /cormun/servlet/solicitudot?gx-no-cache=1521055395023 HTTP/1.1" 200 30
186.79.4.176 - - [14/Mar/2018:16:24:05 -0300] "GET /home/sistema/apache-tomcat-7.0.65/webapps/cormun/PrivateTempStorage/upload_00011214.pdf HTTP/1.1" 404 1135
186.79.4.176 - - [14/Mar/2018:16:24:05 -0300] "GET /cormun/static/Shared/jqueryui/images/ui-bg_highlight-soft_100_c6c2c8_1x100.png HTTP/1.1" 404 1117
186.79.4.176 - - [14/Mar/2018:16:24:05 -0300] "GET /cormun/static/Shared/jqueryui/images/ui-bg_flat_55_994d53_40x100.png HTTP/1.1" 404 1097
186.79.4.176 - - [14/Mar/2018:16:24:05 -0300] "GET /cormun/static/Shared/jqueryui/images/ui-icons_82798d_256x240.png HTTP/1.1" 404 1089
186.79.4.176 - - [14/Mar/2018:16:24:05 -0300] "GET /cormun/static/Shared/jqueryui/images/ui-icons_ebccce_256x240.png HTTP/1.1" 404 1089
186.79.4.176 - - [14/Mar/2018:16:24:05 -0300] "GET /home/sistema/apache-tomcat-7.0.65/webapps/cormun/PrivateTempStorage/upload_00011214.pdf HTTP/1.1" 404 1135
186.79.4.176 - - [14/Mar/2018:16:24:06 -0300] "GET /cormun/PrivateTempStorage/upload_00011214.pdf HTTP/1.1" 200 356021
200.111.191.210 - - [14/Mar/2018:16:24:06 -0300] "GET /cormun/servlet/prcontratosol?13720790,,,,,MD,,gxPopupLevel%3D0%3B HTTP/1.1" 200 8004
186.103.156.24 - - [14/Mar/2018:16:24:09 -0300] "GET /cormun/servlet/trautorizarsolicitud? HTTP/1.1" 200 13415
186.103.156.24 - - [14/Mar/2018:16:24:09 -0300] "GET /cormun/servlet/trautorizarsolicitud? HTTP/1.1" 200 13414
186.103.156.24 - - [14/Mar/2018:16:24:18 -0300] "POST /cormun/servlet/trautorizarsolicitud?f4f41524624b0d622d1681c513beb9ba,,gx-no-cache=1521055407201 HTTP/1.1" 200 4408
186.79.4.176 - - [14/Mar/2018:16:24:22 -0300] "POST /cormun/servlet/solicitudotadjuntos?eff836d824cd19b7896901fcc9dc7d3e,INS,2018,10480,,1, HTTP/1.1" 200 116
186.79.4.176 - - [14/Mar/2018:16:24:22 -0300] "GET /cormun/servlet/hpexe_return? HTTP/1.1" 200 1026
186.79.4.176 - - [14/Mar/2018:16:24:23 -0300] "GET /cormun/servlet/trsolicitudadjuntos?2018,10480, HTTP/1.1" 200 9294
186.79.4.176 - - [14/Mar/2018:16:24:24 -0300] "GET /cormun/servlet/trsolicitudadjuntos?2018,10480, HTTP/1.1" 200 9292
186.103.156.24 - - [14/Mar/2018:16:24:27 -0300] "POST /cormun/servlet/trautorizarsolicitud?f4f41524624b0d622d1681c513beb9ba,,gx-no-cache=1521055416176 HTTP/1.1" 200 6677
186.79.4.176 - - [14/Mar/2018:16:24:31 -0300] "GET /cormun/PublicTempStorage/cedula5529358.pdf HTTP/1.1" 200 234316
186.103.156.24 - - [14/Mar/2018:16:24:35 -0300] "POST /cormun/servlet/trautorizarsolicitud?f4f41524624b0d622d1681c513beb9ba,,gx-no-cache=1521055424895 HTTP/1.1" 200 10526
186.79.4.176 - - [14/Mar/2018:16:24:36 -0300] "GET /cormun/servlet/trsolicitudadjuntos?2018,10480, HTTP/1.1" 200 9292
186.79.4.176 - - [14/Mar/2018:16:24:37 -0300] "GET /cormun/servlet/trsolicitudadjuntos?2018,10480, HTTP/1.1" 200 9292
186.79.4.176 - - [14/Mar/2018:16:24:39 -0300] "GET /cormun/PublicTempStorage/afp9394106.pdf HTTP/1.1" 200 230973
200.111.191.210 - - [14/Mar/2018:16:24:44 -0300] "POST /cormun/servlet/solicitudot?gx-no-cache=1521055434218 HTTP/1.1" 200 1336
200.111.191.210 - - [14/Mar/2018:16:24:44 -0300] "POST /cormun/servlet/solicitudot?gx-no-cache=1521055434415 HTTP/1.1" 200 38
200.111.191.210 - - [14/Mar/2018:16:24:44 -0300] "GET /cormun/servlet/solicitudot?763329f98fb9d194bd99fe678d9020a9813cae5b15b66ee50d72be6ef49076fcbdf13179cc3a2f9467ee877536e90e7dd9367f9146f7858cadb17113bb4024d75f3d2bb555118e7fac33ee11626f2df03192230155e0ffb313dc628ef5236d00461d61d92f7605bc3b6b054bdcb911cd9edfa7bba6fe823df591fdfae44d57303bc1494025a2b9da5d195b8e0d2a7e61f3816186b47eeab903e560084c3d8e02,gx-no-cache=1521055434437 HTTP/1.1" 200 29
200.111.191.210 - - [14/Mar/2018:16:24:44 -0300] "POST /cormun/servlet/solicitudot?gx-no-cache=1521055434457 HTTP/1.1" 200 1318
200.111.191.210 - - [14/Mar/2018:16:24:44 -0300] "POST /cormun/servlet/solicitudot?gx-no-cache=1521055434500 HTTP/1.1" 200 1218
200.111.191.210 - - [14/Mar/2018:16:24:44 -0300] "GET /cormun/servlet/solicitudot?763329f98fb9d194bd99fe678d9020a96b4f5b4b6dd1c8f9003c4e2f60944c435981808ae1543b00695dad24c28b5b6e,gx-no-cache=1521055434538 HTTP/1.1" 200 30
186.79.4.176 - - [14/Mar/2018:16:24:47 -0300] "GET /cormun/servlet/trsolicitudadjuntos?2018,10480, HTTP/1.1" 200 9290
186.79.4.176 - - [14/Mar/2018:16:24:48 -0300] "GET /cormun/servlet/trsolicitudadjuntos?2018,10480, HTTP/1.1" 200 9292
186.79.4.176 - - [14/Mar/2018:16:24:51 -0300] "GET /cormun/PublicTempStorage/isapre2669465.pdf HTTP/1.1" 200 444753
200.111.191.210 - - [14/Mar/2018:16:24:52 -0300] "POST /cormun/servlet/solicitudot?gx-no-cache=1521055442825 HTTP/1.1" 200 1318
200.111.191.210 - - [14/Mar/2018:16:24:52 -0300] "POST /cormun/servlet/solicitudot?gx-no-cache=1521055442887 HTTP/1.1" 200 1218
200.111.191.210 - - [14/Mar/2018:16:24:52 -0300] "GET /cormun/static/menuarrow.gif HTTP/1.1" 404 1015
186.103.157.42 - - [14/Mar/2018:16:24:53 -0300] "POST /cormun/servlet/solicitudot?319b49d92853b2112aae116daf3fed3c,INS,0,0,,gx-no-cache=1521055187987 HTTP/1.1" 200 93
186.103.157.42 - - [14/Mar/2018:16:24:53 -0300] "GET /cormun/servlet/hpexe_return? HTTP/1.1" 200 1005
186.103.157.42 - - [14/Mar/2018:16:24:54 -0300] "GET /cormun/servlet/trsolicitudot? HTTP/1.1" 200 25855
200.111.191.210 - - [14/Mar/2018:16:24:54 -0300] "POST /cormun/servlet/solicitudot?gx-no-cache=1521055444979 HTTP/1.1" 200 1318
200.111.191.210 - - [14/Mar/2018:16:24:54 -0300] "POST /cormun/servlet/solicitudot?gx-no-cache=1521055445094 HTTP/1.1" 200 1218
186.103.157.42 - - [14/Mar/2018:16:24:55 -0300] "GET /cormun/servlet/trsolicitudot? HTTP/1.1" 200 25850
186.79.4.176 - - [14/Mar/2018:16:24:56 -0300] "GET /cormun/servlet/trsolicitudadjuntos?2018,10480, HTTP/1.1" 200 9291
200.111.191.210 - - [14/Mar/2018:16:24:56 -0300] "GET /cormun/servlet/solicitudot?763329f98fb9d194bd99fe678d9020a9dcd426064a3bdce07ef7aa22d9e26b06bfb3f88391ceb266893dc40d494a4155,gx-no-cache=1521055446628 HTTP/1.1" 200 30
200.111.191.210 - - [14/Mar/2018:16:24:56 -0300] "POST /cormun/servlet/solicitudot?gx-no-cache=1521055446942 HTTP/1.1" 200 33
186.79.4.176 - - [14/Mar/2018:16:24:57 -0300] "GET /cormun/servlet/trsolicitudadjuntos?2018,10480, HTTP/1.1" 200 9292
186.79.4.176 - - [14/Mar/2018:16:25:02 -0300] "GET /cormun/PublicTempStorage/anteced.6991919.pdf HTTP/1.1" 200 344618
186.79.4.176 - - [14/Mar/2018:16:25:10 -0300] "GET /cormun/servlet/trsolicitudadjuntos?2018,10480, HTTP/1.1" 200 9286
186.79.4.176 - - [14/Mar/2018:16:25:11 -0300] "GET /cormun/servlet/trsolicitudadjuntos?2018,10480, HTTP/1.1" 200 9293
186.79.4.176 - - [14/Mar/2018:16:25:16 -0300] "GET /cormun/PublicTempStorage/curric.7017015.pdf HTTP/1.1" 200 406983
186.79.4.176 - - [14/Mar/2018:16:25:22 -0300] "GET /cormun/servlet/trsolicitudadjuntos?2018,10480, HTTP/1.1" 200 9289
186.79.4.176 - - [14/Mar/2018:16:25:23 -0300] "GET /cormun/servlet/trsolicitudadjuntos?2018,10480, HTTP/1.1" 200 9292
186.103.156.24 - - [14/Mar/2018:16:25:25 -0300] "POST /cormun/servlet/trautorizarsolicitud?f4f41524624b0d622d1681c513beb9ba,,gx-no-cache=1521055474663 HTTP/1.1" 200 4408
186.79.4.176 - - [14/Mar/2018:16:25:26 -0300] "GET /cormun/servlet/solicitudotadjuntos?INS,2018,10480,,1, HTTP/1.1" 200 5971
186.79.4.176 - - [14/Mar/2018:16:25:26 -0300] "GET /cormun/static/about:blank HTTP/1.1" 404 1011
186.79.4.176 - - [14/Mar/2018:16:25:27 -0300] "GET /cormun/servlet/solicitudotadjuntos?INS,2018,10480,,1, HTTP/1.1" 200 5964
186.79.4.176 - - [14/Mar/2018:16:25:27 -0300] "GET /cormun/servlet/solicitudotadjuntos?0b4c1dee27dfdcb3687edb66435904b9cae7dcd1e1e459bf1fc378c3aaea9c187172bcb48e3a520610c267a3e5a5f77a,gx-no-cache=1521055479309 HTTP/1.1" 200 30
186.79.4.176 - - [14/Mar/2018:16:25:27 -0300] "POST /cormun/servlet/solicitudotadjuntos?eff836d824cd19b7896901fcc9dc7d3e,INS,2018,10480,,1,,gx-no-cache=1521055479419 HTTP/1.1" 200 3824
200.111.191.210 - - [14/Mar/2018:16:25:29 -0300] "POST /cormun/servlet/solicitudot?20439257580688f2552e659eba12a7d0,INS,0,0,,gx-no-cache=1521055479116 HTTP/1.1" 200 93
200.111.191.210 - - [14/Mar/2018:16:25:29 -0300] "GET /cormun/servlet/hpexe_return? HTTP/1.1" 200 1030
200.111.191.210 - - [14/Mar/2018:16:25:29 -0300] "GET /cormun/servlet/trsolicitudot?gx-no-cache=1521055350648 HTTP/1.1" 200 8802
200.111.191.210 - - [14/Mar/2018:16:25:29 -0300] "GET /cormun/servlet/trsolicitudot?gx-no-cache=1521055350648 HTTP/1.1" 200 8822
186.79.4.176 - - [14/Mar/2018:16:25:29 -0300] "POST /cormun/servlet/solicitudotadjuntos?gx-no-cache=1521055481321 HTTP/1.1" 200 26
186.79.4.176 - - [14/Mar/2018:16:25:40 -0300] "POST /cormun/servlet/solicitudotadjuntos?gx-no-cache=1521055492291 HTTP/1.1" 200 26
186.103.156.24 - - [14/Mar/2018:16:25:41 -0300] "POST /cormun/servlet/trautorizarsolicitud?f4f41524624b0d622d1681c513beb9ba,,gx-no-cache=1521055490638 HTTP/1.1" 200 4407
186.103.156.24 - - [14/Mar/2018:16:25:43 -0300] "POST /cormun/servlet/trautorizarsolicitud?f4f41524624b0d622d1681c513beb9ba,,gx-no-cache=1521055492876 HTTP/1.1" 200 4407
186.79.4.176 - - [14/Mar/2018:16:25:47 -0300] "GET /cormun/servlet/solicitudotadjuntos?0b4c1dee27dfdcb3687edb66435904b964e85f593a729033f9e3b318154363e3,gx-no-cache=1521055499229 HTTP/1.1" 200 30
186.79.4.176 - - [14/Mar/2018:16:25:47 -0300] "GET /cormun/servlet/solicitudotadjuntos?0b4c1dee27dfdcb3687edb66435904b964e85f593a729033f9e3b318154363e3,gx-no-cache=1521055499331 HTTP/1.1" 200 30
186.103.156.24 - - [14/Mar/2018:16:25:52 -0300] "POST /cormun/servlet/trautorizarsolicitud?f4f41524624b0d622d1681c513beb9ba,,gx-no-cache=1521055502125 HTTP/1.1" 200 4409
186.79.4.176 - - [14/Mar/2018:16:25:57 -0300] "POST /cormun/servlet/solicitudotadjuntos?eff836d824cd19b7896901fcc9dc7d3e,INS,2018,10480,,1, HTTP/1.1" 200 116
186.79.4.176 - - [14/Mar/2018:16:25:57 -0300] "GET /cormun/servlet/hpexe_return? HTTP/1.1" 200 1026
186.79.4.176 - - [14/Mar/2018:16:25:58 -0300] "GET /cormun/servlet/trsolicitudadjuntos?2018,10480, HTTP/1.1" 200 9549
186.103.156.24 - - [14/Mar/2018:16:25:58 -0300] "POST /cormun/servlet/trautorizarsolicitud?f4f41524624b0d622d1681c513beb9ba,,gx-no-cache=1521055507605 HTTP/1.1" 200 10526
186.79.4.176 - - [14/Mar/2018:16:25:59 -0300] "GET /cormun/servlet/trsolicitudadjuntos?2018,10480, HTTP/1.1" 200 9546
186.79.4.176 - - [14/Mar/2018:16:26:03 -0300] "GET /cormun/servlet/solicitudotadjuntos?INS,2018,10480,,1, HTTP/1.1" 200 5972
186.79.4.176 - - [14/Mar/2018:16:26:04 -0300] "GET /cormun/servlet/solicitudotadjuntos?INS,2018,10480,,1, HTTP/1.1" 200 5964
186.79.4.176 - - [14/Mar/2018:16:26:05 -0300] "GET /cormun/servlet/solicitudotadjuntos?0b4c1dee27dfdcb3687edb66435904b9cae7dcd1e1e459bf1fc378c3aaea9c187172bcb48e3a520610c267a3e5a5f77a,gx-no-cache=1521055516863 HTTP/1.1" 200 30
186.79.4.176 - - [14/Mar/2018:16:26:05 -0300] "POST /cormun/servlet/solicitudotadjuntos?eff836d824cd19b7896901fcc9dc7d3e,INS,2018,10480,,1,,gx-no-cache=1521055517008 HTTP/1.1" 200 3824
186.79.4.176 - - [14/Mar/2018:16:26:20 -0300] "GET /cormun/servlet/hlogin HTTP/1.1" 200 1718
186.79.4.176 - - [14/Mar/2018:16:26:23 -0300] "POST /cormun/servlet/hlogin?5807ea0fd323cd1a2a327f2ce3132b83,gx-no-cache=1521055534738 HTTP/1.1" 200 90
186.79.4.176 - - [14/Mar/2018:16:26:23 -0300] "GET /cormun/servlet/hpexe_link HTTP/1.1" 200 949
186.79.4.176 - - [14/Mar/2018:16:26:23 -0300] "GET /cormun/servlet/hhome HTTP/1.1" 200 3927
186.103.157.42 - - [14/Mar/2018:16:26:23 -0300] "POST /cormun/servlet/trsolicitudot?319b49d92853b2112aae116daf3fed3c,,gx-no-cache=1521055279185 HTTP/1.1" 200 107
186.103.157.42 - - [14/Mar/2018:16:26:23 -0300] "GET /cormun/servlet/trsolicitudadjuntos?2018,10483, HTTP/1.1" 200 6351
186.103.157.42 - - [14/Mar/2018:16:26:23 -0300] "GET /cormun/static/gxcfg.js?20177612135366 HTTP/1.1" 304 -
186.103.157.42 - - [14/Mar/2018:16:26:24 -0300] "GET /cormun/servlet/trsolicitudadjuntos?2018,10483, HTTP/1.1" 200 6351
186.79.4.176 - - [14/Mar/2018:16:26:24 -0300] "GET /cormun/servlet/hhome HTTP/1.1" 200 3924
186.79.4.176 - - [14/Mar/2018:16:26:27 -0300] "GET /cormun/servlet/trsolicitudot? HTTP/1.1" 200 8533
186.79.4.176 - - [14/Mar/2018:16:26:28 -0300] "GET /cormun/servlet/trsolicitudot? HTTP/1.1" 200 8531
186.103.156.24 - - [14/Mar/2018:16:26:32 -0300] "POST /cormun/servlet/trautorizarsolicitud?f4f41524624b0d622d1681c513beb9ba,,gx-no-cache=1521055540726 HTTP/1.1" 200 6677
186.103.157.42 - - [14/Mar/2018:16:26:33 -0300] "GET /cormun/servlet/solicitudotadjuntos?INS,2018,10483,,1, HTTP/1.1" 200 6293
186.103.157.42 - - [14/Mar/2018:16:26:33 -0300] "GET /cormun/static/gxcfg.js?2017761244068 HTTP/1.1" 304 -
186.103.157.42 - - [14/Mar/2018:16:26:33 -0300] "GET /cormun/static/about:blank HTTP/1.1" 404 1011
186.103.157.42 - - [14/Mar/2018:16:26:33 -0300] "GET /cormun/servlet/solicitudotadjuntos?INS,2018,10483,,1, HTTP/1.1" 200 6286
186.103.157.42 - - [14/Mar/2018:16:26:34 -0300] "GET /cormun/servlet/solicitudotadjuntos?955ec380a684473e8d88504d95cf438d11eb59e6b2401b4a729bb266e3e51cec773b265938652849116bd8c6e82d606a,gx-no-cache=1521055289975 HTTP/1.1" 200 30
186.103.157.42 - - [14/Mar/2018:16:26:34 -0300] "POST /cormun/servlet/solicitudotadjuntos?319b49d92853b2112aae116daf3fed3c,INS,2018,10483,,1,,gx-no-cache=1521055290000 HTTP/1.1" 200 3982
186.103.157.42 - - [14/Mar/2018:16:26:36 -0300] "POST /cormun/servlet/solicitudotadjuntos?gx-no-cache=1521055291807 HTTP/1.1" 200 26
186.79.4.176 - - [14/Mar/2018:16:26:51 -0300] "POST /cormun/servlet/trsolicitudot?5807ea0fd323cd1a2a327f2ce3132b83,,gx-no-cache=1521055562732 HTTP/1.1" 200 4483
186.79.4.176 - - [14/Mar/2018:16:26:51 -0300] "GET /cormun/static/Shared/jqueryui/images/ui-bg_highlight-soft_100_c6c2c8_1x100.png HTTP/1.1" 404 1117
186.79.4.176 - - [14/Mar/2018:16:26:51 -0300] "GET /cormun/static/Shared/jqueryui/images/ui-icons_82798d_256x240.png HTTP/1.1" 404 1089
186.79.4.176 - - [14/Mar/2018:16:26:51 -0300] "GET /cormun/static/Shared/jqueryui/images/ui-bg_flat_55_fafafa_40x100.png HTTP/1.1" 404 1097
186.79.4.176 - - [14/Mar/2018:16:26:51 -0300] "GET /cormun/static/Shared/jqueryui/images/ui-icons_8d78a5_256x240.png HTTP/1.1" 404 1089
186.79.4.176 - - [14/Mar/2018:16:26:52 -0300] "POST /cormun/servlet/trsolicitudot?5807ea0fd323cd1a2a327f2ce3132b83,,gx-no-cache=1521055563418 HTTP/1.1" 200 4252
186.103.159.189 - - [14/Mar/2018:16:27:05 -0300] "GET /cormun/servlet/hlogin HTTP/1.1" 200 1718
186.103.159.189 - - [14/Mar/2018:16:27:22 -0300] "POST /cormun/servlet/hlogin?7e2af9d0ad17bcfc981944b7620f821e,gx-no-cache=1521055591190 HTTP/1.1" 200 90
186.103.159.189 - - [14/Mar/2018:16:27:22 -0300] "GET /cormun/servlet/hpexe_link HTTP/1.1" 200 950
186.103.159.189 - - [14/Mar/2018:16:27:22 -0300] "GET /cormun/servlet/hhome HTTP/1.1" 200 3987
186.103.159.189 - - [14/Mar/2018:16:27:24 -0300] "GET /cormun/servlet/hhome HTTP/1.1" 200 3984
186.103.159.189 - - [14/Mar/2018:16:27:28 -0300] "GET /cormun/servlet/trpermisosgoce? HTTP/1.1" 200 6889
186.103.159.189 - - [14/Mar/2018:16:27:28 -0300] "GET /cormun/static/trpermisosgoce.js?20177612164335 HTTP/1.1" 200 35904
186.103.159.189 - - [14/Mar/2018:16:27:28 -0300] "GET /cormun/static/gxcfg.js?20177612163875 HTTP/1.1" 200 953
186.103.159.189 - - [14/Mar/2018:16:27:29 -0300] "GET /cormun/servlet/trpermisosgoce? HTTP/1.1" 200 6888
186.103.159.189 - - [14/Mar/2018:16:27:36 -0300] "POST /cormun/servlet/trpermisosgoce?7e2af9d0ad17bcfc981944b7620f821e,,gx-no-cache=1521055605202 HTTP/1.1" 200 4109
186.103.159.189 - - [14/Mar/2018:16:27:38 -0300] "POST /cormun/servlet/trpermisosgoce?7e2af9d0ad17bcfc981944b7620f821e,,gx-no-cache=1521055607247 HTTP/1.1" 200 4110
200.111.191.210 - - [14/Mar/2018:16:27:50 -0300] "POST /cormun/servlet/trsolicitudot?20439257580688f2552e659eba12a7d0,gx-no-cache=1521055350648,gx-no-cache=1521055620781 HTTP/1.1" 200 4686
200.111.191.210 - - [14/Mar/2018:16:27:50 -0300] "GET /cormun/static/Shared/jqueryui/images/ui-bg_highlight-soft_100_c6c2c8_1x100.png HTTP/1.1" 404 1117
200.111.191.210 - - [14/Mar/2018:16:27:50 -0300] "GET /cormun/static/Shared/jqueryui/images/ui-icons_8d78a5_256x240.png HTTP/1.1" 404 1089
200.111.191.210 - - [14/Mar/2018:16:27:50 -0300] "GET /cormun/static/Shared/jqueryui/images/ui-icons_82798d_256x240.png HTTP/1.1" 404 1089
200.111.191.210 - - [14/Mar/2018:16:27:50 -0300] "GET /cormun/static/Shared/jqueryui/images/ui-bg_flat_55_fafafa_40x100.png HTTP/1.1" 404 1097
200.111.191.210 - - [14/Mar/2018:16:27:50 -0300] "POST /cormun/servlet/trsolicitudot?20439257580688f2552e659eba12a7d0,gx-no-cache=1521055350648,gx-no-cache=1521055621033 HTTP/1.1" 200 4449
186.103.157.42 - - [14/Mar/2018:16:28:02 -0300] "GET /cormun/servlet/solicitudotadjuntos?955ec380a684473e8d88504d95cf438db5ea5ed9a0f9db6caaeec12d7a28ad8a,gx-no-cache=1521055377866 HTTP/1.1" 200 30
186.103.157.42 - - [14/Mar/2018:16:28:02 -0300] "GET /cormun/servlet/solicitudotadjuntos?955ec380a684473e8d88504d95cf438db5ea5ed9a0f9db6caaeec12d7a28ad8a,gx-no-cache=1521055377944 HTTP/1.1" 200 30
186.103.157.42 - - [14/Mar/2018:16:28:02 -0300] "POST /cormun/servlet/solicitudotadjuntos?319b49d92853b2112aae116daf3fed3c,INS,2018,10483,,1, HTTP/1.1" 200 6491
186.103.157.42 - - [14/Mar/2018:16:28:03 -0300] "GET /cormun/static/Shared/jqueryui/images/ui-bg_highlight-soft_100_c6c2c8_1x100.png HTTP/1.1" 404 1117
186.103.157.42 - - [14/Mar/2018:16:28:03 -0300] "GET /cormun/static/Shared/jqueryui/images/ui-bg_flat_55_994d53_40x100.png HTTP/1.1" 404 1097
186.103.157.42 - - [14/Mar/2018:16:28:03 -0300] "GET /cormun/static/Shared/jqueryui/images/ui-icons_ebccce_256x240.png HTTP/1.1" 404 1089
186.103.157.42 - - [14/Mar/2018:16:28:03 -0300] "GET /cormun/static/Shared/jqueryui/images/ui-icons_82798d_256x240.png HTTP/1.1" 404 1089
186.103.157.42 - - [14/Mar/2018:16:28:03 -0300] "GET /cormun/PrivateTempStorage/upload_00011250.jpg HTTP/1.1" 200 334365
200.111.191.210 - - [14/Mar/2018:16:28:09 -0300] "GET /cormun/servlet/trpermisosgoce? HTTP/1.1" 200 8896
200.111.191.210 - - [14/Mar/2018:16:28:09 -0300] "GET /cormun/servlet/trpermisosgoce? HTTP/1.1" 200 8874
200.111.191.210 - - [14/Mar/2018:16:28:12 -0300] "GET /cormun/servlet/permisogoce?INS,0,,, HTTP/1.1" 200 7057
200.111.191.210 - - [14/Mar/2018:16:28:12 -0300] "GET /cormun/servlet/permisogoce?INS,0,,, HTTP/1.1" 200 7058
186.103.157.42 - - [14/Mar/2018:16:28:13 -0300] "GET /cormun/servlet/solicitudotadjuntos?955ec380a684473e8d88504d95cf438daa15ffc2d391432a9a08fb3a19ab1dd85641aa21f3c2b6a38a860b842a8fb351,gx-no-cache=1521055389258 HTTP/1.1" 200 30
186.103.157.42 - - [14/Mar/2018:16:28:15 -0300] "POST /cormun/servlet/solicitudotadjuntos?319b49d92853b2112aae116daf3fed3c,INS,2018,10483,,1, HTTP/1.1" 200 6491
186.103.157.42 - - [14/Mar/2018:16:28:15 -0300] "GET /cormun/PrivateTempStorage/upload_00011262.jpg HTTP/1.1" 200 334365
186.79.4.176 - - [14/Mar/2018:16:28:15 -0300] "POST /cormun/servlet/trsolicitudot?5807ea0fd323cd1a2a327f2ce3132b83,,gx-no-cache=1521055646326 HTTP/1.1" 200 102
186.79.4.176 - - [14/Mar/2018:16:28:15 -0300] "GET /cormun/SolicitudOT-205.xls HTTP/1.1" 200 4608
200.111.191.210 - - [14/Mar/2018:16:28:19 -0300] "GET /cormun/servlet/permisogoce?4dde4d05693406939b6a53c3543423543fe8f532431fdc2a6961ea15d1ff44040b08d1090c1fe4ce8a2010bb4df0aeb393d1b75c1d20cf8a3f77ed3f38cea2b6,gx-no-cache=1521055649898 HTTP/1.1" 200 85
200.111.191.210 - - [14/Mar/2018:16:28:26 -0300] "GET /cormun/servlet/permisogoce?4dde4d05693406939b6a53c354342354b37bebd6a44f6452a1ce5e00ee6fd86f9e5e3006d51f384c4696acbe469873332c1c59fe2f8972938ba834366510a72f,gx-no-cache=1521055656685 HTTP/1.1" 200 47
186.79.4.176 - - [14/Mar/2018:16:28:32 -0300] "GET /cormun/servlet/hlogin HTTP/1.1" 200 1724
186.79.4.176 - - [14/Mar/2018:16:28:34 -0300] "POST /cormun/servlet/hlogin?b9edc2927cf4e62b2f921503e39935d2,gx-no-cache=1521055666455 HTTP/1.1" 200 90
186.79.4.176 - - [14/Mar/2018:16:28:34 -0300] "GET /cormun/servlet/hpexe_link HTTP/1.1" 200 956
186.79.4.176 - - [14/Mar/2018:16:28:34 -0300] "GET /cormun/servlet/hhome HTTP/1.1" 200 3931
186.79.4.176 - - [14/Mar/2018:16:28:35 -0300] "GET /cormun/servlet/hhome HTTP/1.1" 200 3928
186.103.157.42 - - [14/Mar/2018:16:28:37 -0300] "POST /cormun/servlet/solicitudotadjuntos?gx-no-cache=1521055413169 HTTP/1.1" 200 26
186.79.4.176 - - [14/Mar/2018:16:28:38 -0300] "GET /cormun/servlet/trsolicitudot? HTTP/1.1" 200 7142
186.79.4.176 - - [14/Mar/2018:16:28:39 -0300] "GET /cormun/servlet/trsolicitudot? HTTP/1.1" 200 7142
186.79.4.176 - - [14/Mar/2018:16:28:42 -0300] "POST /cormun/servlet/trsolicitudot?b9edc2927cf4e62b2f921503e39935d2,,gx-no-cache=1521055673612 HTTP/1.1" 200 103
186.79.4.176 - - [14/Mar/2018:16:28:42 -0300] "GET /cormun/SolicitudOT-3491.xls HTTP/1.1" 200 4608
200.111.191.210 - - [14/Mar/2018:16:28:42 -0300] "POST /cormun/servlet/permisogoce?20439257580688f2552e659eba12a7d0,INS,0,,,,gx-no-cache=1521055672771 HTTP/1.1" 200 93
200.111.191.210 - - [14/Mar/2018:16:28:42 -0300] "GET /cormun/servlet/hpexe_return? HTTP/1.1" 200 1012
200.111.191.210 - - [14/Mar/2018:16:28:43 -0300] "GET /cormun/servlet/trpermisosgoce HTTP/1.1" 200 9179
200.111.191.210 - - [14/Mar/2018:16:28:43 -0300] "GET /cormun/servlet/trpermisosgoce HTTP/1.1" 200 9175
200.111.191.210 - - [14/Mar/2018:16:28:45 -0300] "GET /cormun/servlet/apermisogoceprn?17137508,P,20180314162528,PU HTTP/1.1" 200 1672
186.103.157.42 - - [14/Mar/2018:16:28:49 -0300] "GET /cormun/servlet/solicitudotadjuntos?955ec380a684473e8d88504d95cf438daa15ffc2d391432a9a08fb3a19ab1dd85641aa21f3c2b6a38a860b842a8fb351,gx-no-cache=1521055425276 HTTP/1.1" 200 30
186.103.157.42 - - [14/Mar/2018:16:28:49 -0300] "GET /cormun/servlet/solicitudotadjuntos?955ec380a684473e8d88504d95cf438daa15ffc2d391432a9a08fb3a19ab1dd85641aa21f3c2b6a38a860b842a8fb351,gx-no-cache=1521055425292 HTTP/1.1" 200 30
186.103.157.42 - - [14/Mar/2018:16:28:56 -0300] "POST /cormun/servlet/solicitudotadjuntos?319b49d92853b2112aae116daf3fed3c,INS,2018,10483,,1, HTTP/1.1" 200 6549
186.103.157.42 - - [14/Mar/2018:16:28:58 -0300] "GET /cormun/PrivateTempStorage/upload_00011274.png HTTP/1.1" 200 4090476
186.79.4.176 - - [14/Mar/2018:16:29:02 -0300] "GET /cormun/servlet/hlogin HTTP/1.1" 200 1719
186.79.4.176 - - [14/Mar/2018:16:29:05 -0300] "POST /cormun/servlet/hlogin?e7162c5165a1fd54cd98a58c5d03f17a,gx-no-cache=1521055697455 HTTP/1.1" 200 90
186.79.4.176 - - [14/Mar/2018:16:29:05 -0300] "GET /cormun/servlet/hpexe_link HTTP/1.1" 200 952
186.103.157.42 - - [14/Mar/2018:16:29:06 -0300] "GET /cormun/servlet/solicitudotadjuntos?955ec380a684473e8d88504d95cf438daa6c1d582326ae8a2da93e8088ec482a5641aa21f3c2b6a38a860b842a8fb351,gx-no-cache=1521055441850 HTTP/1.1" 200 30
186.79.4.176 - - [14/Mar/2018:16:29:06 -0300] "GET /cormun/servlet/hhome HTTP/1.1" 200 3930
186.79.4.176 - - [14/Mar/2018:16:29:06 -0300] "GET /cormun/servlet/hhome HTTP/1.1" 200 3926
186.103.157.42 - - [14/Mar/2018:16:29:09 -0300] "POST /cormun/servlet/solicitudotadjuntos?319b49d92853b2112aae116daf3fed3c,INS,2018,10483,,1, HTTP/1.1" 200 6547
186.79.4.176 - - [14/Mar/2018:16:29:10 -0300] "GET /cormun/servlet/trsolicitudot? HTTP/1.1" 200 7142
186.79.4.176 - - [14/Mar/2018:16:29:11 -0300] "GET /cormun/servlet/trsolicitudot? HTTP/1.1" 200 7141
186.103.157.42 - - [14/Mar/2018:16:29:11 -0300] "GET /cormun/PrivateTempStorage/upload_00011286.png HTTP/1.1" 200 4090476
186.79.4.176 - - [14/Mar/2018:16:29:14 -0300] "GET /cormun/servlet/solicitudot?INS,0,0, HTTP/1.1" 200 13382
186.79.4.176 - - [14/Mar/2018:16:29:14 -0300] "GET /cormun/servlet/solicitudot?INS,0,0, HTTP/1.1" 200 13387
186.103.157.42 - - [14/Mar/2018:16:29:22 -0300] "POST /cormun/servlet/solicitudotadjuntos?gx-no-cache=1521055457944 HTTP/1.1" 200 26
186.79.4.176 - - [14/Mar/2018:16:29:30 -0300] "POST /cormun/servlet/solicitudot?gx-no-cache=1521055721652 HTTP/1.1" 200 3378
186.79.4.176 - - [14/Mar/2018:16:29:31 -0300] "POST /cormun/servlet/solicitudot?e7162c5165a1fd54cd98a58c5d03f17a,INS,0,0,,gx-no-cache=1521055722203 HTTP/1.1" 200 10360
186.103.159.189 - - [14/Mar/2018:16:29:33 -0300] "GET /cormun/servlet/permisogoce?INS,0,,, HTTP/1.1" 200 6827
186.103.159.189 - - [14/Mar/2018:16:29:34 -0300] "GET /cormun/static/gxcfg.js?201776126440 HTTP/1.1" 200 953
186.103.159.189 - - [14/Mar/2018:16:29:34 -0300] "GET /cormun/static/permisogoce.js?2017761264459 HTTP/1.1" 200 27897
186.103.159.189 - - [14/Mar/2018:16:29:34 -0300] "GET /cormun/static/Resources/prompt.gif HTTP/1.1" 200 902
186.103.157.42 - - [14/Mar/2018:16:29:34 -0300] "GET /cormun/servlet/solicitudotadjuntos?955ec380a684473e8d88504d95cf438daa6c1d582326ae8a2da93e8088ec482a5641aa21f3c2b6a38a860b842a8fb351,gx-no-cache=1521055470208 HTTP/1.1" 200 30
186.103.157.42 - - [14/Mar/2018:16:29:34 -0300] "GET /cormun/servlet/solicitudotadjuntos?955ec380a684473e8d88504d95cf438daa6c1d582326ae8a2da93e8088ec482a5641aa21f3c2b6a38a860b842a8fb351,gx-no-cache=1521055470241 HTTP/1.1" 200 30
186.103.157.42 - - [14/Mar/2018:16:29:35 -0300] "POST /cormun/servlet/solicitudotadjuntos?319b49d92853b2112aae116daf3fed3c,INS,2018,10483,,1, HTTP/1.1" 200 116
186.103.157.42 - - [14/Mar/2018:16:29:35 -0300] "GET /cormun/servlet/hpexe_return? HTTP/1.1" 200 1024
186.103.159.189 - - [14/Mar/2018:16:29:35 -0300] "GET /cormun/servlet/permisogoce?INS,0,,, HTTP/1.1" 200 6826
186.103.157.42 - - [14/Mar/2018:16:29:35 -0300] "GET /cormun/servlet/trsolicitudadjuntos?2018,10483, HTTP/1.1" 200 8839
186.103.157.42 - - [14/Mar/2018:16:29:35 -0300] "GET /cormun/servlet/trsolicitudadjuntos?2018,10483, HTTP/1.1" 200 8838
186.103.157.42 - - [14/Mar/2018:16:29:40 -0300] "GET /cormun/servlet/solicitudotadjuntos?INS,2018,10483,,1, HTTP/1.1" 200 6294
186.103.157.42 - - [14/Mar/2018:16:29:40 -0300] "GET /cormun/static/about:blank HTTP/1.1" 404 1011
186.103.157.42 - - [14/Mar/2018:16:29:40 -0300] "GET /cormun/servlet/solicitudotadjuntos?INS,2018,10483,,1, HTTP/1.1" 200 6287
186.103.157.42 - - [14/Mar/2018:16:29:40 -0300] "GET /cormun/servlet/solicitudotadjuntos?955ec380a684473e8d88504d95cf438d11eb59e6b2401b4a729bb266e3e51cec773b265938652849116bd8c6e82d606a,gx-no-cache=1521055476687 HTTP/1.1" 200 30
186.103.157.42 - - [14/Mar/2018:16:29:40 -0300] "POST /cormun/servlet/solicitudotadjuntos?319b49d92853b2112aae116daf3fed3c,INS,2018,10483,,1,,gx-no-cache=1521055476722 HTTP/1.1" 200 3983
186.103.159.189 - - [14/Mar/2018:16:29:41 -0300] "POST /cormun/servlet/permisogoce?7e2af9d0ad17bcfc981944b7620f821e,INS,0,,,,gx-no-cache=1521055730415 HTTP/1.1" 200 93
186.103.159.189 - - [14/Mar/2018:16:29:41 -0300] "GET /cormun/servlet/hpexe_return? HTTP/1.1" 200 1011
186.103.159.189 - - [14/Mar/2018:16:29:41 -0300] "GET /cormun/static/gxcfg.js?2016101716175148 HTTP/1.1" 200 953
186.103.159.189 - - [14/Mar/2018:16:29:41 -0300] "GET /cormun/static/hpexe_return.js?2016101716175153 HTTP/1.1" 200 1633
186.103.159.189 - - [14/Mar/2018:16:29:41 -0300] "GET /cormun/static/Resources/Spanish/PXTools.css?167811 HTTP/1.1" 200 89042
186.103.159.189 - - [14/Mar/2018:16:29:41 -0300] "GET /cormun/servlet/trpermisosgoce? HTTP/1.1" 200 6892
186.103.159.189 - - [14/Mar/2018:16:29:42 -0300] "GET /cormun/servlet/trpermisosgoce? HTTP/1.1" 200 6888
186.103.157.42 - - [14/Mar/2018:16:29:44 -0300] "POST /cormun/servlet/solicitudotadjuntos?gx-no-cache=1521055480712 HTTP/1.1" 200 26
186.103.157.42 - - [14/Mar/2018:16:29:50 -0300] "GET /cormun/servlet/solicitudotadjuntos?955ec380a684473e8d88504d95cf438db5ea5ed9a0f9db6caaeec12d7a28ad8a,gx-no-cache=1521055486635 HTTP/1.1" 200 30
186.103.157.42 - - [14/Mar/2018:16:29:50 -0300] "GET /cormun/servlet/solicitudotadjuntos?955ec380a684473e8d88504d95cf438db5ea5ed9a0f9db6caaeec12d7a28ad8a,gx-no-cache=1521055486649 HTTP/1.1" 200 30
186.103.157.42 - - [14/Mar/2018:16:29:51 -0300] "POST /cormun/servlet/solicitudotadjuntos?319b49d92853b2112aae116daf3fed3c,INS,2018,10483,,1, HTTP/1.1" 200 116
186.103.157.42 - - [14/Mar/2018:16:29:51 -0300] "GET /cormun/servlet/hpexe_return? HTTP/1.1" 200 1024
200.72.197.82 - - [14/Mar/2018:16:29:51 -0300] "GET /cormun/servlet/hlogin HTTP/1.1" 200 1732
186.103.157.42 - - [14/Mar/2018:16:29:51 -0300] "GET /cormun/servlet/trsolicitudadjuntos?2018,10483, HTTP/1.1" 200 9061
186.103.157.42 - - [14/Mar/2018:16:29:52 -0300] "GET /cormun/servlet/trsolicitudadjuntos?2018,10483, HTTP/1.1" 200 9059
186.79.4.176 - - [14/Mar/2018:16:29:52 -0300] "GET /cormun/servlet/solicitudot?44c9d600888decf4b92112eaf1950fb28ddb66556b7d846ada7061484cce3aac59c2f2cb88bf7b42c0d38cd2e32f2e2f,gx-no-cache=1521055743913 HTTP/1.1" 200 30
186.79.4.176 - - [14/Mar/2018:16:29:52 -0300] "GET /cormun/servlet/solicitudot?44c9d600888decf4b92112eaf1950fb214f50073fccff2ff11115b1568c6be5a,gx-no-cache=1521055744083 HTTP/1.1" 200 103
186.79.4.176 - - [14/Mar/2018:16:29:52 -0300] "GET /cormun/static/Shared/jqueryui/images/ui-bg_highlight-soft_100_c6c2c8_1x100.png HTTP/1.1" 404 1117
