192.168.10.56 - - [14/Mar/2018:08:52:09 -0300] "POST /cormun/servlet/trautorizarot?2d5e895382b3c995e5aff3972bc18f0c,gx-no-cache=1521028165169 HTTP/1.1" 200 5358
186.103.159.182 - - [14/Mar/2018:08:52:14 -0300] "POST /cormun/servlet/trautorizarsolicitud?2100248673f407c798b1f7cb68d5eb85,,gx-no-cache=1521028219472 HTTP/1.1" 200 5783
192.168.10.56 - - [14/Mar/2018:08:52:15 -0300] "POST /cormun/servlet/trautorizarot?2d5e895382b3c995e5aff3972bc18f0c,gx-no-cache=1521028171735 HTTP/1.1" 200 8786
186.103.159.182 - - [14/Mar/2018:08:52:18 -0300] "POST /cormun/servlet/trautorizarsolicitud?2100248673f407c798b1f7cb68d5eb85,,gx-no-cache=1521028229181 HTTP/1.1" 200 4610
186.103.159.182 - - [14/Mar/2018:08:52:18 -0300] "GET /cormun/static/Shared/jqueryui/images/ui-bg_highlight-soft_100_c6c2c8_1x100.png HTTP/1.1" 404 1117
186.103.159.182 - - [14/Mar/2018:08:52:18 -0300] "GET /cormun/static/Shared/jqueryui/images/ui-icons_82798d_256x240.png HTTP/1.1" 404 1089
186.103.159.182 - - [14/Mar/2018:08:52:18 -0300] "GET /cormun/static/Shared/jqueryui/images/ui-bg_flat_55_fafafa_40x100.png HTTP/1.1" 404 1097
186.103.159.182 - - [14/Mar/2018:08:52:18 -0300] "GET /cormun/static/Shared/jqueryui/images/ui-icons_8d78a5_256x240.png HTTP/1.1" 404 1089
186.103.159.182 - - [14/Mar/2018:08:52:18 -0300] "POST /cormun/servlet/trautorizarsolicitud?2100248673f407c798b1f7cb68d5eb85,,gx-no-cache=1521028230331 HTTP/1.1" 200 4387
192.168.10.56 - - [14/Mar/2018:08:52:30 -0300] "POST /cormun/servlet/trautorizarot?2d5e895382b3c995e5aff3972bc18f0c,gx-no-cache=1521028186472 HTTP/1.1" 200 5349
192.168.10.56 - - [14/Mar/2018:08:52:33 -0300] "POST /cormun/servlet/trautorizarot?2d5e895382b3c995e5aff3972bc18f0c,gx-no-cache=1521028189935 HTTP/1.1" 200 5173
192.168.10.56 - - [14/Mar/2018:08:52:37 -0300] "POST /cormun/servlet/trautorizarot?2d5e895382b3c995e5aff3972bc18f0c,gx-no-cache=1521028192878 HTTP/1.1" 200 24571
192.168.10.56 - - [14/Mar/2018:08:52:46 -0300] "GET /cormun/servlet/veautorizarot?2018,10310,, HTTP/1.1" 200 8416
192.168.10.56 - - [14/Mar/2018:08:52:46 -0300] "GET /cormun/pexe_scrolldiv.js HTTP/1.1" 404 1009
192.168.10.56 - - [14/Mar/2018:08:52:46 -0300] "GET /cormun/pexe_scrolldiv.js HTTP/1.1" 404 1009
192.168.10.56 - - [14/Mar/2018:08:52:46 -0300] "GET /cormun/servlet/veautorizarot?2018,10310,, HTTP/1.1" 200 8416
192.168.10.56 - - [14/Mar/2018:08:52:48 -0300] "GET /cormun/servlet/veautorizarot?2018,10310,,SolicitudOTLog HTTP/1.1" 200 9060
192.168.10.56 - - [14/Mar/2018:08:52:48 -0300] "GET /cormun/pexe_scrolldiv.js HTTP/1.1" 404 1009
192.168.10.56 - - [14/Mar/2018:08:52:48 -0300] "GET /cormun/pexe_scrolldiv.js HTTP/1.1" 404 1009
192.168.10.56 - - [14/Mar/2018:08:52:49 -0300] "GET /cormun/servlet/veautorizarot?2018,10310,,SolicitudOTLog HTTP/1.1" 200 9060
192.168.10.56 - - [14/Mar/2018:08:52:50 -0300] "POST /cormun/servlet/acontrolpreferencessavestate?None,PESCOBAR,true HTTP/1.1" 200 35
192.168.10.56 - - [14/Mar/2018:08:52:52 -0300] "GET /cormun/servlet/veautorizarot?2018,10310,,General HTTP/1.1" 200 8421
192.168.10.56 - - [14/Mar/2018:08:52:52 -0300] "GET /cormun/pexe_scrolldiv.js HTTP/1.1" 404 1009
192.168.10.56 - - [14/Mar/2018:08:52:52 -0300] "GET /cormun/pexe_scrolldiv.js HTTP/1.1" 404 1009
192.168.10.56 - - [14/Mar/2018:08:52:53 -0300] "GET /cormun/servlet/veautorizarot?2018,10310,,General HTTP/1.1" 200 8421
192.168.10.56 - - [14/Mar/2018:08:52:54 -0300] "POST /cormun/servlet/veautorizarot?2d5e895382b3c995e5aff3972bc18f0c,2018,10310,,General,gx-no-cache=1521028210555 HTTP/1.1" 200 93
192.168.10.56 - - [14/Mar/2018:08:52:54 -0300] "GET /cormun/servlet/hpexe_return? HTTP/1.1" 200 1039
192.168.10.56 - - [14/Mar/2018:08:52:55 -0300] "GET /cormun/servlet/trautorizarot?gx-no-cache=1521028192878 HTTP/1.1" 200 27152
192.168.10.56 - - [14/Mar/2018:08:52:55 -0300] "GET /cormun/servlet/trautorizarot?gx-no-cache=1521028192878 HTTP/1.1" 200 27168
186.103.159.182 - - [14/Mar/2018:08:52:59 -0300] "POST /cormun/servlet/trautorizarsolicitud?2100248673f407c798b1f7cb68d5eb85,,gx-no-cache=1521028269609 HTTP/1.1" 200 6400
192.168.10.56 - - [14/Mar/2018:08:53:08 -0300] "POST /cormun/servlet/trautorizarot?2d5e895382b3c995e5aff3972bc18f0c,gx-no-cache=1521028192878,gx-no-cache=1521028223737 HTTP/1.1" 200 24519
192.168.10.56 - - [14/Mar/2018:08:53:23 -0300] "GET /cormun/servlet/veautorizarot?2018,10283,, HTTP/1.1" 200 8376
192.168.10.56 - - [14/Mar/2018:08:53:23 -0300] "GET /cormun/pexe_scrolldiv.js HTTP/1.1" 404 1009
192.168.10.56 - - [14/Mar/2018:08:53:23 -0300] "GET /cormun/pexe_scrolldiv.js HTTP/1.1" 404 1009
192.168.10.56 - - [14/Mar/2018:08:53:24 -0300] "GET /cormun/servlet/veautorizarot?2018,10283,, HTTP/1.1" 200 8355
192.168.10.56 - - [14/Mar/2018:08:53:26 -0300] "GET /cormun/servlet/veautorizarot?2018,10283,,SolicitudOTLog HTTP/1.1" 200 9062
192.168.10.56 - - [14/Mar/2018:08:53:26 -0300] "GET /cormun/pexe_scrolldiv.js HTTP/1.1" 404 1009
192.168.10.56 - - [14/Mar/2018:08:53:26 -0300] "GET /cormun/pexe_scrolldiv.js HTTP/1.1" 404 1009
192.168.10.56 - - [14/Mar/2018:08:53:27 -0300] "GET /cormun/servlet/veautorizarot?2018,10283,,SolicitudOTLog HTTP/1.1" 200 9062
186.103.159.182 - - [14/Mar/2018:08:53:27 -0300] "POST /cormun/servlet/trautorizarsolicitud?2100248673f407c798b1f7cb68d5eb85,,gx-no-cache=1521028297908 HTTP/1.1" 200 4407
192.168.10.56 - - [14/Mar/2018:08:53:28 -0300] "POST /cormun/servlet/acontrolpreferencessavestate?None,PESCOBAR,true HTTP/1.1" 200 35
192.168.10.96 - - [14/Mar/2018:08:53:28 -0300] "POST /cormun/servlet/trsolicitudgral?12f6c9654ac77f8c25d143be50d4a288,,gx-no-cache=1521028244695 HTTP/1.1" 200 7699
192.168.10.56 - - [14/Mar/2018:08:53:30 -0300] "GET /cormun/servlet/veautorizarot?2018,10283,,General HTTP/1.1" 200 8361
192.168.10.56 - - [14/Mar/2018:08:53:30 -0300] "GET /cormun/pexe_scrolldiv.js HTTP/1.1" 404 1009
192.168.10.56 - - [14/Mar/2018:08:53:30 -0300] "GET /cormun/pexe_scrolldiv.js HTTP/1.1" 404 1009
192.168.10.56 - - [14/Mar/2018:08:53:30 -0300] "GET /cormun/servlet/veautorizarot?2018,10283,,General HTTP/1.1" 200 8361
186.103.159.182 - - [14/Mar/2018:08:53:32 -0300] "POST /cormun/servlet/trautorizarsolicitud?2100248673f407c798b1f7cb68d5eb85,,gx-no-cache=1521028304206 HTTP/1.1" 200 4407
192.168.10.56 - - [14/Mar/2018:08:53:34 -0300] "POST /cormun/servlet/veautorizarot?2d5e895382b3c995e5aff3972bc18f0c,2018,10283,,General,gx-no-cache=1521028250201 HTTP/1.1" 200 93
192.168.10.56 - - [14/Mar/2018:08:53:34 -0300] "GET /cormun/servlet/hpexe_return? HTTP/1.1" 200 1039
192.168.10.56 - - [14/Mar/2018:08:53:34 -0300] "GET /cormun/servlet/trautorizarot?gx-no-cache=1521028192878 HTTP/1.1" 200 27050
192.168.10.56 - - [14/Mar/2018:08:53:35 -0300] "GET /cormun/servlet/trautorizarot?gx-no-cache=1521028192878 HTTP/1.1" 200 27066
186.103.159.182 - - [14/Mar/2018:08:53:40 -0300] "POST /cormun/servlet/trautorizarsolicitud?2100248673f407c798b1f7cb68d5eb85,,gx-no-cache=1521028310829 HTTP/1.1" 200 5808
192.168.10.96 - - [14/Mar/2018:08:53:49 -0300] "POST /cormun/servlet/trsolicitudgral?12f6c9654ac77f8c25d143be50d4a288,,gx-no-cache=1521028266003 HTTP/1.1" 200 5936
192.168.10.96 - - [14/Mar/2018:08:53:53 -0300] "POST /cormun/servlet/trsolicitudgral?12f6c9654ac77f8c25d143be50d4a288,,gx-no-cache=1521028269402 HTTP/1.1" 200 5935
192.168.10.96 - - [14/Mar/2018:08:53:53 -0300] "POST /cormun/servlet/trsolicitudgral?12f6c9654ac77f8c25d143be50d4a288,,gx-no-cache=1521028269594 HTTP/1.1" 200 5936
186.67.172.234 - - [14/Mar/2018:08:53:53 -0300] "GET /cormun/static/Resources/resize.gif HTTP/1.1" 200 77
186.67.172.234 - - [14/Mar/2018:08:53:54 -0300] "GET /cormun/servlet/prfichaempleado?,MD,,gxPopupLevel%3D0%3B HTTP/1.1" 200 9292
186.67.172.234 - - [14/Mar/2018:08:53:54 -0300] "GET /cormun/static/gxcfg.js?20177612134814 HTTP/1.1" 200 953
186.67.172.234 - - [14/Mar/2018:08:53:54 -0300] "GET /cormun/static/Resources/PXToolsMenuSearchCancel.png HTTP/1.1" 200 2972
186.67.172.234 - - [14/Mar/2018:08:53:54 -0300] "GET /cormun/static/Resources/PXToolsMenuSearch.png HTTP/1.1" 200 2914
186.67.172.234 - - [14/Mar/2018:08:54:08 -0300] "GET /cormun/servlet/licenciaspermisos?f18b235dd9d451507c67292f0cb585f15f1f47b1220240316b0726a8b1486bcf3ece52199ae9d929bd2a53096bc74818,gx-no-cache=1521028396093 HTTP/1.1" 200 98
186.67.172.234 - - [14/Mar/2018:08:54:08 -0300] "POST /cormun/servlet/licenciaspermisos?19aaa4d52eeb6250a31874a83e5d167e,INS,0,,,,gx-no-cache=1521028397395 HTTP/1.1" 200 4687
192.168.10.96 - - [14/Mar/2018:08:54:11 -0300] "POST /cormun/servlet/trsolicitudgral?12f6c9654ac77f8c25d143be50d4a288,,gx-no-cache=1521028286667 HTTP/1.1" 200 24117
192.168.10.96 - - [14/Mar/2018:08:54:14 -0300] "POST /cormun/servlet/trsolicitudgral?12f6c9654ac77f8c25d143be50d4a288,,gx-no-cache=1521028290222 HTTP/1.1" 200 8152
192.168.10.89 - - [14/Mar/2018:08:54:30 -0300] "POST /cormun/servlet/securityusers?9747ee834bbd6a7052a28a2dd7f36348,UPD,47,,gx-no-cache=1521028306296 HTTP/1.1" 200 93
192.168.10.89 - - [14/Mar/2018:08:54:30 -0300] "GET /cormun/servlet/hpexe_return? HTTP/1.1" 200 1008
192.168.10.89 - - [14/Mar/2018:08:54:30 -0300] "GET /cormun/servlet/trsecurityuser01 HTTP/1.1" 200 12368
192.168.10.89 - - [14/Mar/2018:08:54:34 -0300] "POST /cormun/servlet/trsecurityuser01?9747ee834bbd6a7052a28a2dd7f36348,gx-no-cache=1521028310604 HTTP/1.1" 200 10006
192.168.10.89 - - [14/Mar/2018:08:54:39 -0300] "POST /cormun/servlet/trsecurityuser01?9747ee834bbd6a7052a28a2dd7f36348,gx-no-cache=1521028315652 HTTP/1.1" 200 10007
192.168.10.89 - - [14/Mar/2018:08:54:42 -0300] "GET /cormun/servlet/securityusers?INS,0, HTTP/1.1" 200 7866
186.103.159.182 - - [14/Mar/2018:08:55:06 -0300] "POST /cormun/servlet/trautorizarsolicitud?2100248673f407c798b1f7cb68d5eb85,,gx-no-cache=1521028394756 HTTP/1.1" 200 4411
186.67.172.234 - - [14/Mar/2018:08:55:08 -0300] "GET /cormun/static/menuarrow.gif HTTP/1.1" 404 1015
186.103.159.182 - - [14/Mar/2018:08:55:13 -0300] "POST /cormun/servlet/trautorizarsolicitud?2100248673f407c798b1f7cb68d5eb85,,gx-no-cache=1521028403594 HTTP/1.1" 200 6401
200.54.247.70 - - [14/Mar/2018:08:55:23 -0300] "POST /cormun/servlet/solicitudot?gx-no-cache=1521028469596 HTTP/1.1" 200 3368
200.54.247.70 - - [14/Mar/2018:08:55:24 -0300] "POST /cormun/servlet/solicitudot?323ebc60b34d959bffd532e151d8e8d7,INS,0,0,,gx-no-cache=1521028472571 HTTP/1.1" 200 10535
200.54.247.70 - - [14/Mar/2018:08:55:36 -0300] "GET /cormun/servlet/solicitudot?02325bd1e8384bacc46918bfca78f8807dec266f6ed59bbfb9ab57b2e880a20e8782e1d8349d487256ea6e7cf2cb73bf,gx-no-cache=1521028485076 HTTP/1.1" 200 30
200.54.247.70 - - [14/Mar/2018:08:55:39 -0300] "GET /cormun/servlet/solicitudot?02325bd1e8384bacc46918bfca78f88030f14bf2cbbc280dfa38e244e50e3fef,gx-no-cache=1521028486071 HTTP/1.1" 200 103
200.54.247.70 - - [14/Mar/2018:08:55:39 -0300] "GET /cormun/servlet/solicitudot?02325bd1e8384bacc46918bfca78f88054be579e7311b451d0f8885e0556353c,gx-no-cache=1521028488269 HTTP/1.1" 200 51
200.54.247.70 - - [14/Mar/2018:08:55:39 -0300] "POST /cormun/servlet/solicitudot?gx-no-cache=1521028488351 HTTP/1.1" 200 255
200.54.247.70 - - [14/Mar/2018:08:55:39 -0300] "GET /cormun/servlet/solicitudot?02325bd1e8384bacc46918bfca78f880c6d4109f907a21df472ac097638b547b6a5da41fd7475013b6b850d4f5e02864ec33bf57e005a97a261646e8c920f7b15939d1bd79fc0e4faa3ba68e277b6dd227fbd82bbee7f969b7a39e3b4e5353f16e21e6d9ea05e0116b877b11115318d767f408efe628ba152cbc81269a3314a8c008141bdc3a8cae750a7fc29a65c1f15667be086bf9165c4169adcbcf9b87a9e562baa894312826bc716d979864d6ceed725f264a5bc41fa0f68e761e1c1344dbcb13e198d85af3ea5eeb89c9a536bf5f0e5a0a85f940395becae01c71e12bca126fce9208f7bf489c988ce4bfa919a944b106bfb5d893a8cdf189bb77ea3ddbac565ce77f432e29624b2b44066eeed28addf36d5b8ea1a1468e9f62253339962b643d35c002241fe5e2131b44d2931d0f985533c676d870d5b1984c17e9eb96628f5aee45076103429c2a820f2f848f891d82bc2e327000d2fbd2f92f1617fe56b919fb2432e8edca31ebdc32cb76fa9efcf8c0d622c26b50762c94dfc6bca,gx-no-cache=1521028488431 HTTP/1.1" 200 30
200.54.247.70 - - [14/Mar/2018:08:55:39 -0300] "GET /cormun/static/Shared/jqueryui/images/ui-icons_82798d_256x240.png HTTP/1.1" 404 1089
200.54.247.70 - - [14/Mar/2018:08:55:39 -0300] "GET /cormun/static/Shared/jqueryui/images/ui-bg_highlight-soft_100_c6c2c8_1x100.png HTTP/1.1" 404 1117
200.54.247.70 - - [14/Mar/2018:08:55:39 -0300] "GET /cormun/static/Shared/jqueryui/images/ui-bg_flat_55_994d53_40x100.png HTTP/1.1" 404 1097
200.54.247.70 - - [14/Mar/2018:08:55:39 -0300] "GET /cormun/static/Shared/jqueryui/images/ui-icons_ebccce_256x240.png HTTP/1.1" 404 1089
200.54.247.70 - - [14/Mar/2018:08:55:43 -0300] "POST /cormun/servlet/solicitudot?gx-no-cache=1521028492392 HTTP/1.1" 200 30
186.103.159.182 - - [14/Mar/2018:08:55:46 -0300] "POST /cormun/servlet/trautorizarsolicitud?2100248673f407c798b1f7cb68d5eb85,,gx-no-cache=1521028433113 HTTP/1.1" 200 6415
186.103.159.182 - - [14/Mar/2018:08:55:57 -0300] "POST /cormun/servlet/trautorizarsolicitud?2100248673f407c798b1f7cb68d5eb85,,gx-no-cache=1521028449249 HTTP/1.1" 200 6413
200.54.247.70 - - [14/Mar/2018:08:56:04 -0300] "GET /cormun/servlet/prcontratosol?11671701,,,,,MD,,gxPopupLevel%3D0%3B HTTP/1.1" 200 8085
200.54.247.70 - - [14/Mar/2018:08:56:11 -0300] "GET /cormun/servlet/solicitudot?02325bd1e8384bacc46918bfca78f880c9f902520bb4c0989517deaeca4ae134c720cf05b81f4356d05ad88fb556dc5afcd91523b01a727249a87a0c083b026c,gx-no-cache=1521028520281 HTTP/1.1" 200 30
200.54.247.70 - - [14/Mar/2018:08:56:11 -0300] "POST /cormun/servlet/solicitudot?gx-no-cache=1521028520382 HTTP/1.1" 200 256
200.54.247.70 - - [14/Mar/2018:08:56:11 -0300] "GET /cormun/servlet/solicitudot?02325bd1e8384bacc46918bfca78f880c6d4109f907a21df472ac097638b547b6a5da41fd7475013b6b850d4f5e02864ec33bf57e005a97a261646e8c920f7b15939d1bd79fc0e4faa3ba68e277b6dd227fbd82bbee7f969b7a39e3b4e5353f16e21e6d9ea05e0116b877b11115318d767f408efe628ba152cbc81269a3314a8c008141bdc3a8cae750a7fc29a65c1f15667be086bf9165c4169adcbcf9b87a9e562baa894312826bc716d979864d6ceed725f264a5bc41fa0f68e761e1c1344dbcb13e198d85af3ea5eeb89c9a536bf5f0e5a0a85f940395becae01c71e12bca126fce9208f7bf489c988ce4bfa919a944b106bfb5d893a8cdf189bb77ea3ddbac565ce77f432e29624b2b44066eeed28addf36d5b8ea1a1468e9f62253339962b643d35c002241fe5e2131b44d2931d0f985533c676d870d5b1984c17e9eb96628f5aee45076103429c2a820f2f848f891d82bc2e327000d2fbd2f92f1617fe56b919fb2432e8edca31ebdc32cb76f2c0ccb2c46222199ebddd6901788de2f,gx-no-cache=1521028520460 HTTP/1.1" 200 30
200.54.247.70 - - [14/Mar/2018:08:56:11 -0300] "POST /cormun/servlet/solicitudot?gx-no-cache=1521028520528 HTTP/1.1" 200 30
186.103.159.182 - - [14/Mar/2018:08:56:11 -0300] "POST /cormun/servlet/trautorizarsolicitud?2100248673f407c798b1f7cb68d5eb85,,gx-no-cache=1521028462635 HTTP/1.1" 200 4410
200.54.247.70 - - [14/Mar/2018:08:56:11 -0300] "POST /cormun/servlet/solicitudot?gx-no-cache=1521028520611 HTTP/1.1" 200 1337
200.54.247.70 - - [14/Mar/2018:08:56:11 -0300] "POST /cormun/servlet/solicitudot?gx-no-cache=1521028520792 HTTP/1.1" 200 38
200.54.247.70 - - [14/Mar/2018:08:56:12 -0300] "GET /cormun/servlet/solicitudot?02325bd1e8384bacc46918bfca78f880554aa8693e10ef0a0daf4b13b4369dad03fd712bf1107cfc0a8685dbea7ca6b6596615c6e2b91ad6e5f55234bf3daaed4f31249ddb64b6f903a4a1236f72166ccf9cad5f8602dc576fb413c3202843323136ca350943ed45af7fb73f073a80fa154c5cd1b25a0720cc404dc4f90b7771e7e8396fa3583a52268d07580d63014d8bbdcc569eb6c87305f0175d5bfd2db0,gx-no-cache=1521028521164 HTTP/1.1" 200 29
200.54.247.70 - - [14/Mar/2018:08:56:12 -0300] "POST /cormun/servlet/solicitudot?gx-no-cache=1521028521233 HTTP/1.1" 200 1319
200.54.247.70 - - [14/Mar/2018:08:56:12 -0300] "POST /cormun/servlet/solicitudot?gx-no-cache=1521028521374 HTTP/1.1" 200 1218
200.54.247.70 - - [14/Mar/2018:08:56:12 -0300] "GET /cormun/servlet/solicitudot?02325bd1e8384bacc46918bfca78f8807734518c697b4f988ae35463158e4b6b715eb28e8574e5bc95170c7bddbefd54,gx-no-cache=1521028521458 HTTP/1.1" 200 134
192.168.10.89 - - [14/Mar/2018:08:56:16 -0300] "POST /cormun/servlet/securityusers?9747ee834bbd6a7052a28a2dd7f36348,INS,0,,gx-no-cache=1521028412745 HTTP/1.1" 200 93
192.168.10.89 - - [14/Mar/2018:08:56:16 -0300] "GET /cormun/servlet/hpexe_return? HTTP/1.1" 200 1029
192.168.10.89 - - [14/Mar/2018:08:56:17 -0300] "GET /cormun/servlet/trsecurityuser01?gx-no-cache=1521028315652 HTTP/1.1" 200 12367
186.103.159.182 - - [14/Mar/2018:08:56:19 -0300] "POST /cormun/servlet/trautorizarsolicitud?2100248673f407c798b1f7cb68d5eb85,,gx-no-cache=1521028471111 HTTP/1.1" 200 6400
192.168.10.89 - - [14/Mar/2018:08:56:19 -0300] "GET /cormun/servlet/hlogin HTTP/1.1" 200 1758
186.103.159.182 - - [14/Mar/2018:08:56:24 -0300] "GET /cormun/servlet/veautorizarsolicitud?2018,8716,, HTTP/1.1" 200 8593
186.103.159.182 - - [14/Mar/2018:08:56:24 -0300] "GET /cormun/pexe_scrolldiv.js HTTP/1.1" 404 1009
186.103.159.182 - - [14/Mar/2018:08:56:25 -0300] "GET /cormun/pexe_scrolldiv.js HTTP/1.1" 404 1009
186.103.159.182 - - [14/Mar/2018:08:56:26 -0300] "GET /cormun/servlet/veautorizarsolicitud?2018,8716,, HTTP/1.1" 200 8593
192.168.10.89 - - [14/Mar/2018:08:56:28 -0300] "POST /cormun/servlet/hlogin?9747ee834bbd6a7052a28a2dd7f36348,gx-no-cache=1521028424328 HTTP/1.1" 200 90
192.168.10.89 - - [14/Mar/2018:08:56:28 -0300] "GET /cormun/servlet/hpexe_link HTTP/1.1" 200 949
192.168.10.89 - - [14/Mar/2018:08:56:28 -0300] "GET /cormun/servlet/hhome HTTP/1.1" 200 3954
186.103.159.182 - - [14/Mar/2018:08:56:29 -0300] "GET /cormun/servlet/veautorizarsolicitud?2018,8716,,SolicitudOTAdjuntos HTTP/1.1" 200 7482
186.103.159.182 - - [14/Mar/2018:08:56:29 -0300] "GET /cormun/pexe_scrolldiv.js HTTP/1.1" 404 1009
186.103.159.182 - - [14/Mar/2018:08:56:29 -0300] "GET /cormun/static/tbautorizarsolicitud02.js?2017111423391281 HTTP/1.1" 200 14747
186.103.159.182 - - [14/Mar/2018:08:56:29 -0300] "GET /cormun/pexe_scrolldiv.js HTTP/1.1" 404 1009
186.103.159.182 - - [14/Mar/2018:08:56:30 -0300] "GET /cormun/static/Resources/PXToolsTabUnselectedSelected.png HTTP/1.1" 200 1444
186.103.159.182 - - [14/Mar/2018:08:56:30 -0300] "GET /cormun/servlet/veautorizarsolicitud?2018,8716,,SolicitudOTAdjuntos HTTP/1.1" 200 7482
200.54.247.70 - - [14/Mar/2018:08:56:31 -0300] "POST /cormun/servlet/solicitudot?gx-no-cache=1521028537984 HTTP/1.1" 200 1318
186.103.159.182 - - [14/Mar/2018:08:56:31 -0300] "GET /cormun/static/Resources/PXToolsTabFirstUnselected.png HTTP/1.1" 200 1264
200.54.247.70 - - [14/Mar/2018:08:56:31 -0300] "POST /cormun/servlet/solicitudot?gx-no-cache=1521028540262 HTTP/1.1" 200 1218
200.54.247.70 - - [14/Mar/2018:08:56:31 -0300] "GET /cormun/static/menuarrow.gif HTTP/1.1" 404 1015
186.103.159.182 - - [14/Mar/2018:08:56:32 -0300] "POST /cormun/servlet/acontrolpreferencessavestate?None,SGONGORA,true HTTP/1.1" 200 35
200.54.247.70 - - [14/Mar/2018:08:56:33 -0300] "POST /cormun/servlet/solicitudot?gx-no-cache=1521028542520 HTTP/1.1" 200 1318
200.54.247.70 - - [14/Mar/2018:08:56:34 -0300] "POST /cormun/servlet/solicitudot?gx-no-cache=1521028542675 HTTP/1.1" 200 1218
186.103.159.182 - - [14/Mar/2018:08:56:34 -0300] "GET /cormun/servlet/veautorizarsolicitud?2018,8716,,SolicitudOTLog HTTP/1.1" 200 7459
186.103.159.182 - - [14/Mar/2018:08:56:34 -0300] "GET /cormun/pexe_scrolldiv.js HTTP/1.1" 404 1009
186.103.159.182 - - [14/Mar/2018:08:56:35 -0300] "GET /cormun/static/Resources/PXToolsTabLastSelected.png HTTP/1.1" 200 1262
186.103.159.182 - - [14/Mar/2018:08:56:35 -0300] "GET /cormun/static/tbautorizarsolicitud03.js?2017761159755 HTTP/1.1" 200 13367
186.103.159.182 - - [14/Mar/2018:08:56:35 -0300] "GET /cormun/pexe_scrolldiv.js HTTP/1.1" 404 1009
186.103.159.182 - - [14/Mar/2018:08:56:36 -0300] "GET /cormun/servlet/veautorizarsolicitud?2018,8716,,SolicitudOTLog HTTP/1.1" 200 7459
186.103.159.182 - - [14/Mar/2018:08:56:38 -0300] "POST /cormun/servlet/acontrolpreferencessavestate?None,SGONGORA,true HTTP/1.1" 200 35
186.103.159.182 - - [14/Mar/2018:08:56:39 -0300] "GET /cormun/servlet/veautorizarsolicitud?2018,8716,,General HTTP/1.1" 200 8599
186.103.159.182 - - [14/Mar/2018:08:56:40 -0300] "GET /cormun/pexe_scrolldiv.js HTTP/1.1" 404 1009
186.103.159.182 - - [14/Mar/2018:08:56:41 -0300] "GET /cormun/servlet/veautorizarsolicitud?2018,8716,,General HTTP/1.1" 200 8599
200.54.247.70 - - [14/Mar/2018:08:56:42 -0300] "GET /cormun/servlet/solicitudot?02325bd1e8384bacc46918bfca78f880aa86b3f7a62225a5abec096d8cff127c715eb28e8574e5bc95170c7bddbefd54,gx-no-cache=1521028552055 HTTP/1.1" 200 30
192.168.10.89 - - [14/Mar/2018:08:56:43 -0300] "GET /cormun/servlet/trsolicitudot? HTTP/1.1" 200 8996
192.168.10.89 - - [14/Mar/2018:08:56:45 -0300] "POST /cormun/servlet/acontrolpreferencessavestate?None,RMENESES,true HTTP/1.1" 200 35
186.103.159.182 - - [14/Mar/2018:08:56:49 -0300] "POST /cormun/servlet/veautorizarsolicitud?2100248673f407c798b1f7cb68d5eb85,2018,8716,,General,gx-no-cache=1521028497527 HTTP/1.1" 200 93
192.168.10.56 - - [14/Mar/2018:08:56:49 -0300] "POST /cormun/servlet/trautorizarot?2d5e895382b3c995e5aff3972bc18f0c,gx-no-cache=1521028192878,gx-no-cache=1521028445689 HTTP/1.1" 200 103
192.168.10.56 - - [14/Mar/2018:08:56:50 -0300] "GET /cormun/AutorizarOT-2202.xls HTTP/1.1" 200 32768
192.168.10.89 - - [14/Mar/2018:08:56:51 -0300] "GET /cormun/servlet/hlogin HTTP/1.1" 200 1739
186.103.159.182 - - [14/Mar/2018:08:56:56 -0300] "GET /cormun/servlet/hpexe_return? HTTP/1.1" 200 1023
186.103.159.182 - - [14/Mar/2018:08:56:56 -0300] "GET /cormun/servlet/trautorizarsolicitud? HTTP/1.1" 200 9363
186.103.159.182 - - [14/Mar/2018:08:56:57 -0300] "GET /cormun/servlet/trautorizarsolicitud? HTTP/1.1" 200 9358
200.54.247.70 - - [14/Mar/2018:08:57:03 -0300] "POST /cormun/servlet/solicitudot?gx-no-cache=1521028572635 HTTP/1.1" 200 33
192.168.10.89 - - [14/Mar/2018:08:57:03 -0300] "POST /cormun/servlet/hlogin?9747ee834bbd6a7052a28a2dd7f36348,gx-no-cache=1521028459791 HTTP/1.1" 200 90
192.168.10.89 - - [14/Mar/2018:08:57:03 -0300] "GET /cormun/servlet/hpexe_link HTTP/1.1" 200 949
192.168.10.89 - - [14/Mar/2018:08:57:03 -0300] "GET /cormun/servlet/hhome HTTP/1.1" 200 3950
200.54.247.70 - - [14/Mar/2018:08:57:05 -0300] "POST /cormun/servlet/solicitudot?323ebc60b34d959bffd532e151d8e8d7,INS,0,0,,gx-no-cache=1521028572805 HTTP/1.1" 200 11948
192.168.10.61 - - [14/Mar/2018:08:57:06 -0300] "POST /cormun/servlet/hlogin?ee487a2fd6dedfcd04846afe210027d1,gx-no-cache=1521028462670 HTTP/1.1" 200 90
192.168.10.61 - - [14/Mar/2018:08:57:06 -0300] "GET /cormun/servlet/hpexe_link HTTP/1.1" 200 951
192.168.10.61 - - [14/Mar/2018:08:57:06 -0300] "GET /cormun/servlet/hhome HTTP/1.1" 200 4474
192.168.10.61 - - [14/Mar/2018:08:57:07 -0300] "GET /cormun/servlet/hhome HTTP/1.1" 200 4471
192.168.10.89 - - [14/Mar/2018:08:57:10 -0300] "GET /cormun/servlet/trpermisosgoce? HTTP/1.1" 200 9286
192.168.10.89 - - [14/Mar/2018:08:57:15 -0300] "GET /cormun/servlet/hlogin HTTP/1.1" 200 1740
186.103.159.182 - - [14/Mar/2018:08:57:22 -0300] "POST /cormun/servlet/trautorizarsolicitud?2100248673f407c798b1f7cb68d5eb85,,gx-no-cache=1521028533466 HTTP/1.1" 200 6415
186.103.159.182 - - [14/Mar/2018:08:57:22 -0300] "GET /cormun/static/Shared/jqueryui/images/ui-bg_highlight-soft_100_c6c2c8_1x100.png HTTP/1.1" 404 1117
186.103.159.182 - - [14/Mar/2018:08:57:22 -0300] "GET /cormun/static/Shared/jqueryui/images/ui-icons_82798d_256x240.png HTTP/1.1" 404 1089
186.103.159.182 - - [14/Mar/2018:08:57:22 -0300] "GET /cormun/static/Shared/jqueryui/images/ui-bg_flat_55_fafafa_40x100.png HTTP/1.1" 404 1097
186.103.159.182 - - [14/Mar/2018:08:57:23 -0300] "GET /cormun/static/Shared/jqueryui/images/ui-icons_8d78a5_256x240.png HTTP/1.1" 404 1089
186.103.159.182 - - [14/Mar/2018:08:57:50 -0300] "POST /cormun/servlet/trautorizarsolicitud?2100248673f407c798b1f7cb68d5eb85,,gx-no-cache=1521028560097 HTTP/1.1" 200 4408
186.103.159.182 - - [14/Mar/2018:08:58:11 -0300] "POST /cormun/servlet/trautorizarsolicitud?2100248673f407c798b1f7cb68d5eb85,,gx-no-cache=1521028582693 HTTP/1.1" 200 6147
192.168.10.56 - - [14/Mar/2018:08:58:31 -0300] "POST /cormun/servlet/trautorizarot?2d5e895382b3c995e5aff3972bc18f0c,gx-no-cache=1521028192878,gx-no-cache=1521028546665 HTTP/1.1" 200 10484
192.168.10.56 - - [14/Mar/2018:08:58:37 -0300] "POST /cormun/servlet/trautorizarot?2d5e895382b3c995e5aff3972bc18f0c,gx-no-cache=1521028192878,gx-no-cache=1521028553615 HTTP/1.1" 200 5333
192.168.10.56 - - [14/Mar/2018:08:58:41 -0300] "POST /cormun/servlet/trautorizarot?2d5e895382b3c995e5aff3972bc18f0c,gx-no-cache=1521028192878,gx-no-cache=1521028557734 HTTP/1.1" 200 7350
186.103.159.182 - - [14/Mar/2018:08:58:51 -0300] "GET /cormun/servlet/trsolicitudot? HTTP/1.1" 200 7478
186.103.159.182 - - [14/Mar/2018:08:58:53 -0300] "GET /cormun/servlet/trsolicitudot? HTTP/1.1" 200 7477
192.168.10.56 - - [14/Mar/2018:08:59:03 -0300] "POST /cormun/servlet/trautorizarot?2d5e895382b3c995e5aff3972bc18f0c,gx-no-cache=1521028192878,gx-no-cache=1521028579950 HTTP/1.1" 200 5338
192.168.10.56 - - [14/Mar/2018:08:59:07 -0300] "POST /cormun/servlet/trautorizarot?2d5e895382b3c995e5aff3972bc18f0c,gx-no-cache=1521028192878,gx-no-cache=1521028583887 HTTP/1.1" 200 6920
186.103.159.182 - - [14/Mar/2018:08:59:12 -0300] "GET /cormun/servlet/solicitudot?INS,0,0, HTTP/1.1" 200 13695
186.103.159.182 - - [14/Mar/2018:08:59:14 -0300] "GET /cormun/servlet/solicitudot?INS,0,0, HTTP/1.1" 200 13700
186.103.159.182 - - [14/Mar/2018:08:59:21 -0300] "GET /cormun/servlet/prfichaempleado?,MD,,gxPopupLevel%3D0%3B HTTP/1.1" 200 9425
186.103.159.182 - - [14/Mar/2018:08:59:39 -0300] "POST /cormun/servlet/prfichaempleado?2100248673f407c798b1f7cb68d5eb85,,MD,,gxPopupLevel%3D0%3B,gx-no-cache=1521028670762 HTTP/1.1" 200 3483
192.168.10.56 - - [14/Mar/2018:08:59:45 -0300] "GET /cormun/servlet/veautorizarot?2018,8887,, HTTP/1.1" 200 8401
192.168.10.56 - - [14/Mar/2018:08:59:45 -0300] "GET /cormun/pexe_scrolldiv.js HTTP/1.1" 404 1009
192.168.10.56 - - [14/Mar/2018:08:59:45 -0300] "GET /cormun/pexe_scrolldiv.js HTTP/1.1" 404 1009
192.168.10.56 - - [14/Mar/2018:08:59:45 -0300] "GET /cormun/servlet/veautorizarot?2018,8887,, HTTP/1.1" 200 8379
186.103.159.182 - - [14/Mar/2018:08:59:46 -0300] "POST /cormun/servlet/solicitudot?gx-no-cache=1521028678493 HTTP/1.1" 200 3405
192.168.10.56 - - [14/Mar/2018:08:59:49 -0300] "GET /cormun/servlet/veautorizarot?2018,8887,,SolicitudOTLog HTTP/1.1" 200 8783
192.168.10.56 - - [14/Mar/2018:08:59:49 -0300] "GET /cormun/pexe_scrolldiv.js HTTP/1.1" 404 1009
192.168.10.56 - - [14/Mar/2018:08:59:49 -0300] "GET /cormun/pexe_scrolldiv.js HTTP/1.1" 404 1009
192.168.10.56 - - [14/Mar/2018:08:59:49 -0300] "GET /cormun/servlet/veautorizarot?2018,8887,,SolicitudOTLog HTTP/1.1" 200 8783
186.103.159.182 - - [14/Mar/2018:08:59:49 -0300] "POST /cormun/servlet/solicitudot?2100248673f407c798b1f7cb68d5eb85,INS,0,0,,gx-no-cache=1521028678910 HTTP/1.1" 200 10523
186.103.159.182 - - [14/Mar/2018:08:59:49 -0300] "GET /cormun/servlet/solicitudot?312f8847e08c804ae239eefcc67a49bf6a4e31155306086c2b423f8697372ec3ff431e885a3f16dd87e6a5d8b1d38eda,gx-no-cache=1521028681845 HTTP/1.1" 200 30
192.168.10.56 - - [14/Mar/2018:08:59:50 -0300] "POST /cormun/servlet/acontrolpreferencessavestate?None,PESCOBAR,true HTTP/1.1" 200 35
192.168.10.56 - - [14/Mar/2018:08:59:51 -0300] "GET /cormun/servlet/veautorizarot?2018,8887,,General HTTP/1.1" 200 8389
192.168.10.56 - - [14/Mar/2018:08:59:51 -0300] "GET /cormun/pexe_scrolldiv.js HTTP/1.1" 404 1009
192.168.10.56 - - [14/Mar/2018:08:59:51 -0300] "GET /cormun/pexe_scrolldiv.js HTTP/1.1" 404 1009
192.168.10.56 - - [14/Mar/2018:08:59:52 -0300] "GET /cormun/servlet/veautorizarot?2018,8887,,General HTTP/1.1" 200 8388
192.168.10.56 - - [14/Mar/2018:08:59:54 -0300] "POST /cormun/servlet/veautorizarot?2d5e895382b3c995e5aff3972bc18f0c,2018,8887,,General,gx-no-cache=1521028630583 HTTP/1.1" 200 93
192.168.10.56 - - [14/Mar/2018:08:59:54 -0300] "GET /cormun/servlet/hpexe_return? HTTP/1.1" 200 1040
192.168.10.56 - - [14/Mar/2018:08:59:54 -0300] "GET /cormun/servlet/trautorizarot?gx-no-cache=1521028192878 HTTP/1.1" 200 9929
192.168.10.56 - - [14/Mar/2018:08:59:54 -0300] "GET /cormun/servlet/trautorizarot?gx-no-cache=1521028192878 HTTP/1.1" 200 9947
186.103.159.182 - - [14/Mar/2018:08:59:57 -0300] "GET /cormun/servlet/solicitudot?312f8847e08c804ae239eefcc67a49bfb95d041ff71162e67ccf52e75037b92056c9c6242ef2757c20d9dcd56551d203cbc11d5e245c68ad7167d2f1965ff756,gx-no-cache=1521028689155 HTTP/1.1" 200 30
186.103.159.182 - - [14/Mar/2018:08:59:57 -0300] "GET /cormun/servlet/solicitudot?312f8847e08c804ae239eefcc67a49bf908af25c2a6feb24bcb3cdeedfc6d41b,gx-no-cache=1521028689272 HTTP/1.1" 200 53
186.103.159.182 - - [14/Mar/2018:08:59:57 -0300] "POST /cormun/servlet/solicitudot?gx-no-cache=1521028689395 HTTP/1.1" 200 240
186.103.159.182 - - [14/Mar/2018:08:59:58 -0300] "GET /cormun/servlet/solicitudot?312f8847e08c804ae239eefcc67a49bfda425825764e4da71d45f4c9b383f3b410f72284d08733be29bf93aa8797af2badeeca714bc3bd8cae36c69fa26a07a361b4e9368cf57bc631acdb30c53919113cb170302f376182d2421bac19c28463a0c658fa7084f26a5a19a551acd2e52cd99cac7066458f9a6b91444ad83ac4303ae2ed926deeb4544f80004859fafd2807179a58c260868d9215881fdf5163faab446c54c3a2ac4cf25455bebe988020c5c903d85dff0a20a1d02c5d42388e1b6241b07b64becaf052996d8f45d32e64758412139f2b3e8385d02e640ce21e424ef27f25184232703f853f3383a01ab355ff65c45416722e6f4dd5ab446eb1c1b5bad1bdfa3539798b9e7b4171a9639719be69f092a09d8ad798c0fb9d7fddc90a9556273a357c1bd6be5959bb5ce6f72243d5570ce0e48282d4c4d6be69aa489e319dea21d724322d709e50c48afbb093350696ce2169f170fcdea779ad861f6c127ea9ce000ba8697f564d106a802d104e08b1a341d1153133a3d5fbba27c1,gx-no-cache=1521028689720 HTTP/1.1" 200 30
186.103.159.182 - - [14/Mar/2018:08:59:58 -0300] "POST /cormun/servlet/solicitudot?gx-no-cache=1521028690293 HTTP/1.1" 200 30
186.103.159.182 - - [14/Mar/2018:08:59:59 -0300] "POST /cormun/servlet/solicitudot?gx-no-cache=1521028690920 HTTP/1.1" 200 1336
186.103.159.182 - - [14/Mar/2018:09:00:00 -0300] "POST /cormun/servlet/solicitudot?gx-no-cache=1521028691269 HTTP/1.1" 200 38
186.103.159.182 - - [14/Mar/2018:09:00:14 -0300] "POST /cormun/servlet/solicitudot?gx-no-cache=1521028705904 HTTP/1.1" 200 30
186.103.159.182 - - [14/Mar/2018:09:00:22 -0300] "POST /cormun/servlet/solicitudot?gx-no-cache=1521028713485 HTTP/1.1" 200 1336
186.103.159.182 - - [14/Mar/2018:09:00:22 -0300] "POST /cormun/servlet/solicitudot?gx-no-cache=1521028714175 HTTP/1.1" 200 38
186.103.159.182 - - [14/Mar/2018:09:00:24 -0300] "GET /cormun/servlet/solicitudot?312f8847e08c804ae239eefcc67a49bff841fb920b9093091742c9c4919edb115dca28bc0196e57a434f0d65a8e9f4487248b27701019e0daf3b3c1112faf32d9581561727c0a5fad87cff218f809ae884a58b3f7e92fc66c57677de6c718a1b115a159d650b82238e407af9e5f6870e,gx-no-cache=1521028714362 HTTP/1.1" 200 29
186.103.159.182 - - [14/Mar/2018:09:00:25 -0300] "POST /cormun/servlet/solicitudot?gx-no-cache=1521028716694 HTTP/1.1" 200 1319
186.103.159.182 - - [14/Mar/2018:09:00:25 -0300] "POST /cormun/servlet/solicitudot?gx-no-cache=1521028717177 HTTP/1.1" 200 1218
186.103.159.182 - - [14/Mar/2018:09:00:25 -0300] "GET /cormun/static/menuarrow.gif HTTP/1.1" 404 1015
186.103.159.182 - - [14/Mar/2018:09:00:27 -0300] "POST /cormun/servlet/solicitudot?gx-no-cache=1521028719669 HTTP/1.1" 200 30
186.103.159.182 - - [14/Mar/2018:09:00:29 -0300] "POST /cormun/servlet/solicitudot?gx-no-cache=1521028719811 HTTP/1.1" 200 1336
186.103.159.182 - - [14/Mar/2018:09:00:30 -0300] "POST /cormun/servlet/solicitudot?gx-no-cache=1521028721505 HTTP/1.1" 200 38
186.103.159.182 - - [14/Mar/2018:09:00:30 -0300] "POST /cormun/servlet/solicitudot?gx-no-cache=1521028722412 HTTP/1.1" 200 1319
186.103.159.182 - - [14/Mar/2018:09:00:32 -0300] "POST /cormun/servlet/solicitudot?gx-no-cache=1521028722804 HTTP/1.1" 200 1218
186.67.172.234 - - [14/Mar/2018:09:00:33 -0300] "GET /cormun/servlet/licenciaspermisos?f18b235dd9d451507c67292f0cb585f12b3c53df06ce5cc9e6e1e91a8c0cf4cb1d1017fe68b0eb92395b9714c99f713893df3d1f362c7c72c76170c1639af37385d42ae0863022473dee0e051febb78857eab48d546268cc2c51200bd5490c1be812b6345871672aae9f6cf61e31dc59dbe55feeb44f37e9225f0e5c0f5607abe1ce021020fbdd0d59d3f8f37a5cd20db904cd6464727328c03f1a1160c62a3fea28e0e84c1edced842ce6af1021f266,gx-no-cache=1521028781876 HTTP/1.1" 200 30
186.67.172.234 - - [14/Mar/2018:09:00:33 -0300] "GET /cormun/servlet/licenciaspermisos?f18b235dd9d451507c67292f0cb585f1b303e3c61a75ff3d0e7ba3cff6e523ef7483f5aba0564872c8069bf1b3bd2501f59b34918c109244d85be6d8327ecffbc52749c2b43726b57f4b06a570773b8cdd150b4bc28c31a8641bc4264b5e1180bf5734f5be76b597ce6cc7105f747b1ff50dbe499183afb2360118f67d070cfaf3f39116fa1281ef2d4b7c5c20bcf4df50e5d87013b09083d1874c968b6c84c814576a2ef32784da8615648297ad3ed7,gx-no-cache=1521028782178 HTTP/1.1" 200 29
186.67.172.234 - - [14/Mar/2018:09:00:33 -0300] "POST /cormun/servlet/licenciaspermisos?19aaa4d52eeb6250a31874a83e5d167e,INS,0,,,,gx-no-cache=1521028782260 HTTP/1.1" 200 4863
186.67.172.234 - - [14/Mar/2018:09:00:33 -0300] "GET /cormun/static/Shared/jqueryui/images/ui-icons_82798d_256x240.png HTTP/1.1" 404 1089
186.67.172.234 - - [14/Mar/2018:09:00:33 -0300] "GET /cormun/static/Shared/jqueryui/images/ui-bg_flat_55_994d53_40x100.png HTTP/1.1" 404 1097
186.67.172.234 - - [14/Mar/2018:09:00:34 -0300] "GET /cormun/static/Shared/jqueryui/images/ui-bg_highlight-soft_100_c6c2c8_1x100.png HTTP/1.1" 404 1117
186.67.172.234 - - [14/Mar/2018:09:00:34 -0300] "GET /cormun/static/Shared/jqueryui/images/ui-icons_ebccce_256x240.png HTTP/1.1" 404 1089
186.103.159.182 - - [14/Mar/2018:09:00:36 -0300] "GET /cormun/servlet/solicitudot?312f8847e08c804ae239eefcc67a49bf6b4ef00bae547b766817b604e98c19b139f1919b6d29e667fdd16adac7794b85,gx-no-cache=1521028725886 HTTP/1.1" 200 30
186.103.159.182 - - [14/Mar/2018:09:00:47 -0300] "POST /cormun/servlet/solicitudot?gx-no-cache=1521028739204 HTTP/1.1" 200 30
186.103.159.182 - - [14/Mar/2018:09:01:03 -0300] "POST /cormun/servlet/solicitudot?2100248673f407c798b1f7cb68d5eb85,INS,0,0,,gx-no-cache=1521028753519 HTTP/1.1" 200 93
186.103.159.182 - - [14/Mar/2018:09:01:03 -0300] "GET /cormun/servlet/hpexe_return? HTTP/1.1" 200 1008
186.103.159.182 - - [14/Mar/2018:09:01:03 -0300] "GET /cormun/servlet/trsolicitudot HTTP/1.1" 200 7481
186.103.159.182 - - [14/Mar/2018:09:01:04 -0300] "GET /cormun/servlet/trsolicitudot HTTP/1.1" 200 7477
186.103.159.182 - - [14/Mar/2018:09:01:15 -0300] "GET /cormun/servlet/solicitudot?INS,0,0, HTTP/1.1" 200 13694
186.103.159.182 - - [14/Mar/2018:09:01:16 -0300] "GET /cormun/servlet/solicitudot?INS,0,0, HTTP/1.1" 200 13699
186.103.132.155 - - [14/Mar/2018:09:01:41 -0300] "GET /cormun/servlet/hlogin HTTP/1.1" 200 1721
186.103.132.155 - - [14/Mar/2018:09:01:42 -0300] "GET /cormun/servlet/hlogin HTTP/1.1" 200 1732
186.67.172.234 - - [14/Mar/2018:09:01:46 -0300] "GET /cormun/servlet/licenciaspermisos?f18b235dd9d451507c67292f0cb585f12b3c53df06ce5cc9e6e1e91a8c0cf4cb1d1017fe68b0eb92395b9714c99f713893df3d1f362c7c72c76170c1639af37385d42ae0863022473dee0e051febb78857eab48d546268cc2c51200bd5490c1bddeffe500a268491c1b64e0fe0eb7510dbe55feeb44f37e9225f0e5c0f5607ab7bc82489c743bdbefbe1b8a503b822184fb78cd5249a80cd1045fbe25c916ed575838f9bdd44a0592ae707bd2b5ae22b3b09d657c0676e0530fb3b8b5fb158d07bbdeea016b00af59deef9e0837d54dbd87ac2528b65f512df5984e3d6568d6d,gx-no-cache=1521028855537 HTTP/1.1" 200 30
186.67.172.234 - - [14/Mar/2018:09:01:46 -0300] "GET /cormun/servlet/licenciaspermisos?f18b235dd9d451507c67292f0cb585f1b303e3c61a75ff3d0e7ba3cff6e523ef7483f5aba0564872c8069bf1b3bd2501f59b34918c109244d85be6d8327ecffbc52749c2b43726b57f4b06a570773b8cdd150b4bc28c31a8641bc4264b5e118003198db26ae031bd619d193f281abeb9f50dbe499183afb2360118f67d070cfa1581c4fefd4f27579ae9bd1baa598413b244b2f3dfdec42469b7f0efbffd5d031abbd36e1ef7dd813bc09a651b4bdc45d5f7081ab1a71aace9e87d144dbb5d764943a6399234667089cd017fa7cb63d4fc0722d1214f77b2afa67afe0eed60ba,gx-no-cache=1521028855661 HTTP/1.1" 200 29
186.67.172.234 - - [14/Mar/2018:09:01:47 -0300] "POST /cormun/servlet/licenciaspermisos?19aaa4d52eeb6250a31874a83e5d167e,INS,0,,,,gx-no-cache=1521028855782 HTTP/1.1" 200 93
186.67.172.234 - - [14/Mar/2018:09:01:47 -0300] "GET /cormun/servlet/hpexe_return? HTTP/1.1" 200 1013
186.67.172.234 - - [14/Mar/2018:09:01:47 -0300] "GET /cormun/static/gxcfg.js?2016101716175148 HTTP/1.1" 304 -
186.67.172.234 - - [14/Mar/2018:09:01:48 -0300] "GET /cormun/servlet/trlicencias HTTP/1.1" 200 10745
186.67.172.234 - - [14/Mar/2018:09:01:48 -0300] "GET /cormun/servlet/trlicencias HTTP/1.1" 200 10740
186.103.159.182 - - [14/Mar/2018:09:01:51 -0300] "GET /cormun/servlet/prfichaempleado?,MD,,gxPopupLevel%3D0%3B HTTP/1.1" 200 9425
192.168.10.56 - - [14/Mar/2018:09:02:02 -0300] "POST /cormun/servlet/trautorizarot?2d5e895382b3c995e5aff3972bc18f0c,gx-no-cache=1521028192878,gx-no-cache=1521028758651 HTTP/1.1" 200 115
192.168.10.56 - - [14/Mar/2018:09:02:02 -0300] "GET /cormun/servlet/solicitudotlog?INS,2018,8887,0,REC, HTTP/1.1" 200 5671
192.168.10.56 - - [14/Mar/2018:09:02:02 -0300] "GET /cormun/servlet/solicitudotlog?INS,2018,8887,0,REC, HTTP/1.1" 200 5649
192.168.10.56 - - [14/Mar/2018:09:02:03 -0300] "GET /cormun/servlet/solicitudotlog?038b893c7e01d19a7fa2bbb0cc4336ec07ec467b216d91e611f19040028e5993b382f61b0c4a1ccd5e89b2cc39e7b6fb7d94d8eeefeeae645ada69cad796bc26e27dd48dba4af17fc1216a5c372c8325f63b4c6ee4cb189b270c5ed7e2fe3776a5c719f30d9257c83f012072b8f4a9ee6c06d0646cd89a98f7dd7a42ee9db311ea8c23fe21c173231158bea32680d79059def0288e2ef621295e2b4b965eaa99,gx-no-cache=1521028759560 HTTP/1.1" 200 94
186.103.132.155 - - [14/Mar/2018:09:02:07 -0300] "POST /cormun/servlet/hlogin?76036e32b845ef2ad370725cbe7f1740,gx-no-cache=1521028867747 HTTP/1.1" 200 90
186.103.159.182 - - [14/Mar/2018:09:02:08 -0300] "POST /cormun/servlet/prfichaempleado?2100248673f407c798b1f7cb68d5eb85,,MD,,gxPopupLevel%3D0%3B,gx-no-cache=1521028819924 HTTP/1.1" 200 3416
186.67.172.234 - - [14/Mar/2018:09:02:18 -0300] "GET /cormun/servlet/trlicenciaspermisosadjuntos?15392921,20180314000000,L, HTTP/1.1" 200 6300
192.168.10.56 - - [14/Mar/2018:09:02:18 -0300] "POST /cormun/servlet/solicitudotlog?2d5e895382b3c995e5aff3972bc18f0c,INS,2018,8887,0,REC,,gx-no-cache=1521028774974 HTTP/1.1" 200 93
192.168.10.56 - - [14/Mar/2018:09:02:18 -0300] "GET /cormun/servlet/hpexe_return? HTTP/1.1" 200 1049
192.168.10.56 - - [14/Mar/2018:09:02:19 -0300] "GET /cormun/servlet/trautorizarot?gx-no-cache=1521028192878 HTTP/1.1" 200 9559
192.168.10.56 - - [14/Mar/2018:09:02:19 -0300] "GET /cormun/servlet/trautorizarot?gx-no-cache=1521028192878 HTTP/1.1" 200 9578
186.67.172.234 - - [14/Mar/2018:09:02:19 -0300] "GET /cormun/static/gxcfg.js?20177612163414 HTTP/1.1" 304 -
186.67.172.234 - - [14/Mar/2018:09:02:20 -0300] "GET /cormun/servlet/trlicenciaspermisosadjuntos?15392921,20180314000000,L, HTTP/1.1" 200 6301
186.103.132.155 - - [14/Mar/2018:09:02:23 -0300] "GET /cormun/servlet/hpexe_link HTTP/1.1" 200 955
186.67.172.234 - - [14/Mar/2018:09:02:25 -0300] "GET /cormun/servlet/licenciaspermisosadjuntos?INS,15392921,L,20180314000000,, HTTP/1.1" 200 5595
186.67.172.234 - - [14/Mar/2018:09:02:25 -0300] "GET /cormun/static/gxcfg.js?2017761263592 HTTP/1.1" 304 -
186.67.172.234 - - [14/Mar/2018:09:02:25 -0300] "GET /cormun/static/about:blank HTTP/1.1" 404 1011
186.67.172.234 - - [14/Mar/2018:09:02:26 -0300] "GET /cormun/servlet/licenciaspermisosadjuntos?INS,15392921,L,20180314000000,, HTTP/1.1" 200 5584
186.67.203.186 - - [14/Mar/2018:09:02:43 -0300] "GET /cormun/servlet/hhome HTTP/1.1" 200 4220
186.67.203.186 - - [14/Mar/2018:09:02:44 -0300] "GET /cormun/servlet/hhome HTTP/1.1" 200 4216
186.103.159.182 - - [14/Mar/2018:09:02:44 -0300] "GET /cormun/servlet/prfichaempleado?,MD,,gxPopupLevel%3D0%3B,gxPopupLevel%3D0%3B HTTP/1.1" 200 9432
186.67.203.186 - - [14/Mar/2018:09:02:47 -0300] "GET /cormun/servlet/trsolicitudot? HTTP/1.1" 200 8807
186.67.203.186 - - [14/Mar/2018:09:02:48 -0300] "GET /cormun/servlet/trsolicitudot? HTTP/1.1" 200 8804
186.103.159.182 - - [14/Mar/2018:09:02:49 -0300] "POST /cormun/servlet/prfichaempleado?2100248673f407c798b1f7cb68d5eb85,,MD,,gxPopupLevel%3D0%3B,gx-no-cache=1521028841694 HTTP/1.1" 500 10
192.168.10.56 - - [14/Mar/2018:09:03:05 -0300] "POST /cormun/servlet/trautorizarot?2d5e895382b3c995e5aff3972bc18f0c,gx-no-cache=1521028192878,gx-no-cache=1521028822049 HTTP/1.1" 200 5341
192.168.10.56 - - [14/Mar/2018:09:03:09 -0300] "GET /cormun/servlet/hlogin HTTP/1.1" 200 1761
186.103.159.182 - - [14/Mar/2018:09:03:09 -0300] "POST /cormun/servlet/prfichaempleado?2100248673f407c798b1f7cb68d5eb85,,MD,,gxPopupLevel%3D0%3B,gxPopupLevel%3D0%3B,gx-no-cache=1521028879863 HTTP/1.1" 200 3430
192.168.10.56 - - [14/Mar/2018:09:03:12 -0300] "POST /cormun/servlet/hlogin?2d5e895382b3c995e5aff3972bc18f0c,gx-no-cache=1521028828351 HTTP/1.1" 200 90
192.168.10.56 - - [14/Mar/2018:09:03:12 -0300] "GET /cormun/servlet/hpexe_link HTTP/1.1" 200 953
192.168.10.56 - - [14/Mar/2018:09:03:12 -0300] "GET /cormun/servlet/hhome HTTP/1.1" 200 4484
192.168.10.56 - - [14/Mar/2018:09:03:12 -0300] "GET /cormun/servlet/hhome HTTP/1.1" 200 4482
186.103.159.182 - - [14/Mar/2018:09:03:13 -0300] "POST /cormun/servlet/solicitudot?gx-no-cache=1521028885020 HTTP/1.1" 200 3387
186.103.159.182 - - [14/Mar/2018:09:03:15 -0300] "POST /cormun/servlet/solicitudot?2100248673f407c798b1f7cb68d5eb85,INS,0,0,,gx-no-cache=1521028885939 HTTP/1.1" 200 10505
186.103.159.182 - - [14/Mar/2018:09:03:16 -0300] "GET /cormun/servlet/solicitudot?312f8847e08c804ae239eefcc67a49bf72bd3c8860b17685a87ddea8f7ba27b3ff431e885a3f16dd87e6a5d8b1d38eda,gx-no-cache=1521028887965 HTTP/1.1" 200 30
192.168.10.56 - - [14/Mar/2018:09:03:17 -0300] "GET /cormun/servlet/trsolicitudgral? HTTP/1.1" 200 10367
192.168.10.56 - - [14/Mar/2018:09:03:17 -0300] "GET /cormun/servlet/trsolicitudgral? HTTP/1.1" 200 10365
186.67.172.234 - - [14/Mar/2018:09:03:20 -0300] "POST /cormun/servlet/licenciaspermisosadjuntos?19aaa4d52eeb6250a31874a83e5d167e,INS,15392921,L,20180314000000,, HTTP/1.1" 200 116
186.67.172.234 - - [14/Mar/2018:09:03:20 -0300] "GET /cormun/servlet/hpexe_return? HTTP/1.1" 200 1043
186.67.172.234 - - [14/Mar/2018:09:03:20 -0300] "GET /cormun/servlet/trlicenciaspermisosadjuntos?15392921,20180314000000,L, HTTP/1.1" 200 6779
186.67.172.234 - - [14/Mar/2018:09:03:20 -0300] "GET /cormun/servlet/trlicenciaspermisosadjuntos?15392921,20180314000000,L, HTTP/1.1" 200 6775
186.103.159.182 - - [14/Mar/2018:09:03:25 -0300] "GET /cormun/servlet/solicitudot?312f8847e08c804ae239eefcc67a49bf7554a3931aec55a80046662b97bb9d34fce10dcc33222df1e735093acafe824aff431e885a3f16dd87e6a5d8b1d38eda,gx-no-cache=1521028897454 HTTP/1.1" 200 30
186.103.159.182 - - [14/Mar/2018:09:03:25 -0300] "GET /cormun/servlet/solicitudot?312f8847e08c804ae239eefcc67a49bf908af25c2a6feb24bcb3cdeedfc6d41b,gx-no-cache=1521028897575 HTTP/1.1" 200 53
186.103.159.182 - - [14/Mar/2018:09:03:25 -0300] "POST /cormun/servlet/solicitudot?gx-no-cache=1521028897707 HTTP/1.1" 200 240
186.103.159.182 - - [14/Mar/2018:09:03:26 -0300] "GET /cormun/servlet/solicitudot?312f8847e08c804ae239eefcc67a49bfda425825764e4da71d45f4c9b383f3b410f72284d08733be29bf93aa8797af2badeeca714bc3bd8cae36c69fa26a07a361b4e9368cf57bc631acdb30c53919113cb170302f376182d2421bac19c28463a0c658fa7084f26a5a19a551acd2e52cd99cac7066458f9a6b91444ad83ac4303ae2ed926deeb4544f80004859fafd2807179a58c260868d9215881fdf5163faab446c54c3a2ac4cf25455bebe988020c5c903d85dff0a20a1d02c5d42388e1b6241b07b64becaf052996d8f45d32e64758412139f2b3e8385d02e640ce21e424ef27f25184232703f853f3383a01ab355ff65c45416722e6f4dd5ab446eb1c1b5bad1bdfa3539798b9e7b4171a9639719be69f092a09d8ad798c0fb9d7fddc90a9556273a357c1bd6be5959bb5ce6f72243d5570ce0e48282d4c4d6be69aa489e319dea21d724322d709e50c48afbb093350696ce2169f170fcdea779ad861f6c127ea9ce000ba8697f564d106a802d104e08b1a341d1153133a3d5fbba27c1,gx-no-cache=1521028897863 HTTP/1.1" 200 30
186.103.159.182 - - [14/Mar/2018:09:03:26 -0300] "POST /cormun/servlet/solicitudot?gx-no-cache=1521028898135 HTTP/1.1" 200 30
186.103.159.182 - - [14/Mar/2018:09:03:26 -0300] "POST /cormun/servlet/solicitudot?gx-no-cache=1521028898734 HTTP/1.1" 200 1336
186.103.159.182 - - [14/Mar/2018:09:03:27 -0300] "POST /cormun/servlet/solicitudot?gx-no-cache=1521028898944 HTTP/1.1" 200 38
186.67.172.234 - - [14/Mar/2018:09:03:29 -0300] "POST /cormun/servlet/trlicenciaspermisosadjuntos?19aaa4d52eeb6250a31874a83e5d167e,15392921,20180314000000,L,,gx-no-cache=1521028956654 HTTP/1.1" 200 90
186.67.172.234 - - [14/Mar/2018:09:03:29 -0300] "GET /cormun/servlet/hpexe_link HTTP/1.1" 200 986
186.67.172.234 - - [14/Mar/2018:09:03:29 -0300] "GET /cormun/servlet/trlicencias HTTP/1.1" 200 10742
186.67.172.234 - - [14/Mar/2018:09:03:30 -0300] "GET /cormun/servlet/trlicencias HTTP/1.1" 200 10740
192.168.10.56 - - [14/Mar/2018:09:03:35 -0300] "POST /cormun/servlet/trsolicitudgral?2d5e895382b3c995e5aff3972bc18f0c,,gx-no-cache=1521028851832 HTTP/1.1" 200 5929
186.67.172.234 - - [14/Mar/2018:09:03:35 -0300] "GET /cormun/servlet/alicenciaprn?15392921,L,20180314000000,PU HTTP/1.1" 200 1547
192.168.10.56 - - [14/Mar/2018:09:03:38 -0300] "POST /cormun/servlet/trsolicitudgral?2d5e895382b3c995e5aff3972bc18f0c,,gx-no-cache=1521028854310 HTTP/1.1" 200 5929
186.103.159.182 - - [14/Mar/2018:09:03:40 -0300] "POST /cormun/servlet/solicitudot?gx-no-cache=1521028912261 HTTP/1.1" 200 30
192.168.10.56 - - [14/Mar/2018:09:03:41 -0300] "POST /cormun/servlet/trsolicitudgral?2d5e895382b3c995e5aff3972bc18f0c,,gx-no-cache=1521028857849 HTTP/1.1" 200 5922
186.103.159.182 - - [14/Mar/2018:09:03:43 -0300] "POST /cormun/servlet/solicitudot?gx-no-cache=1521028915586 HTTP/1.1" 200 1336
186.103.159.182 - - [14/Mar/2018:09:03:44 -0300] "POST /cormun/servlet/solicitudot?gx-no-cache=1521028915970 HTTP/1.1" 200 38
200.111.122.170 - - [14/Mar/2018:09:03:48 -0300] "GET /cormun/servlet/hlogin HTTP/1.1" 200 1716
186.103.132.155 - - [14/Mar/2018:09:03:49 -0300] "GET /cormun/static/gxtimezone.js?85251 HTTP/1.1" 200 5781
186.103.132.155 - - [14/Mar/2018:09:03:49 -0300] "GET /cormun/static/gxcfg.js?20175251213516 HTTP/1.1" 200 953
200.111.122.170 - - [14/Mar/2018:09:03:49 -0300] "GET /cormun/static/Resources/Spanish/PXTools.css?11423723 HTTP/1.1" 200 89042
200.111.122.170 - - [14/Mar/2018:09:03:49 -0300] "GET /cormun/static/messages.spa.js?85251 HTTP/1.1" 200 30736
200.111.122.170 - - [14/Mar/2018:09:03:49 -0300] "GET /cormun/static/hlogin.js?20175251213537 HTTP/1.1" 200 2136
186.103.159.182 - - [14/Mar/2018:09:03:49 -0300] "GET /cormun/servlet/solicitudot?312f8847e08c804ae239eefcc67a49bff841fb920b9093091742c9c4919edb115dca28bc0196e57a434f0d65a8e9f4487248b27701019e0daf3b3c1112faf32d9581561727c0a5fad87cff218f809ae884a58b3f7e92fc66c57677de6c718a1b115a159d650b82238e407af9e5f6870e,gx-no-cache=1521028921458 HTTP/1.1" 200 29
200.111.122.170 - - [14/Mar/2018:09:03:49 -0300] "GET /cormun/static/Resources/ComunLogin.png HTTP/1.1" 200 17326
200.72.197.82 - - [14/Mar/2018:09:03:49 -0300] "GET /cormun/static/gxgral.js?85251 HTTP/1.1" 200 384558
200.72.197.82 - - [14/Mar/2018:09:03:50 -0300] "GET /cormun/static/Resources/PXToolsLoginTop.png HTTP/1.1" 200 1337
200.111.122.170 - - [14/Mar/2018:09:03:50 -0300] "GET /cormun/static/Resources/PXToolsLoginBackground.png HTTP/1.1" 200 1164
200.111.122.170 - - [14/Mar/2018:09:03:50 -0300] "GET /cormun/static/Resources/PXToolsButtonLeft21.png HTTP/1.1" 200 1287
186.103.132.155 - - [14/Mar/2018:09:03:50 -0300] "GET /cormun/static/Resources/PXToolsButtonBackground2.png HTTP/1.1" 200 1181
200.72.197.82 - - [14/Mar/2018:09:03:50 -0300] "GET /cormun/static/Resources/PXToolsButtonRight21.png HTTP/1.1" 200 1283
186.67.203.186 - - [14/Mar/2018:09:03:50 -0300] "GET /cormun/static/Resources/PXToolsLoginBottom.png HTTP/1.1" 200 1389
186.103.159.182 - - [14/Mar/2018:09:03:50 -0300] "POST /cormun/servlet/solicitudot?gx-no-cache=1521028921580 HTTP/1.1" 200 1318
186.67.203.186 - - [14/Mar/2018:09:03:50 -0300] "GET /cormun/static/Resources/indicator.gif HTTP/1.1" 200 1553
186.103.132.155 - - [14/Mar/2018:09:03:50 -0300] "GET /cormun/servlet/hlogin HTTP/1.1" 200 1727
186.103.159.182 - - [14/Mar/2018:09:03:50 -0300] "POST /cormun/servlet/solicitudot?gx-no-cache=1521028922291 HTTP/1.1" 200 1218
186.103.132.155 - - [14/Mar/2018:09:03:54 -0300] "GET /favicon.ico HTTP/1.1" 200 21630
192.168.10.56 - - [14/Mar/2018:09:03:55 -0300] "POST /cormun/servlet/trsolicitudgral?2d5e895382b3c995e5aff3972bc18f0c,,gx-no-cache=1521028868709 HTTP/1.1" 200 26409
200.111.122.170 - - [14/Mar/2018:09:03:56 -0300] "POST /cormun/servlet/trsolicitudot?76036e32b845ef2ad370725cbe7f1740,,gx-no-cache=1521028959656 HTTP/1.1" 500 10
186.103.159.182 - - [14/Mar/2018:09:04:02 -0300] "GET /cormun/static/menuarrow.gif HTTP/1.1" 404 1015
186.103.159.182 - - [14/Mar/2018:09:04:06 -0300] "GET /cormun/servlet/solicitudot?312f8847e08c804ae239eefcc67a49bf6b4ef00bae547b766817b604e98c19b139f1919b6d29e667fdd16adac7794b85,gx-no-cache=1521028938405 HTTP/1.1" 200 30
186.103.159.182 - - [14/Mar/2018:09:04:24 -0300] "POST /cormun/servlet/solicitudot?gx-no-cache=1521028956150 HTTP/1.1" 200 30
192.168.10.56 - - [14/Mar/2018:09:04:30 -0300] "POST /cormun/servlet/trsolicitudgral?2d5e895382b3c995e5aff3972bc18f0c,,gx-no-cache=1521028906023 HTTP/1.1" 200 19195
192.168.10.56 - - [14/Mar/2018:09:04:51 -0300] "GET /cormun/servlet/solicitudgral?UPD,2018,10408, HTTP/1.1" 200 12945
192.168.10.56 - - [14/Mar/2018:09:04:51 -0300] "GET /cormun/servlet/solicitudgral?UPD,2018,10408, HTTP/1.1" 200 12954
192.168.10.56 - - [14/Mar/2018:09:04:52 -0300] "POST /cormun/servlet/solicitudgral?gx-no-cache=1521028928344 HTTP/1.1" 200 3901
192.168.10.56 - - [14/Mar/2018:09:04:52 -0300] "GET /cormun/servlet/solicitudgral?038b893c7e01d19a7fa2bbb0cc4336ec869f94c8d4f8cb0b9f991f9fa9530ead42d7b407394529206884628ebee15d74663fb08546f95eb6d1936b4f4c3dff0c76d2621c82712442d70965f681458d6766fe625e18c6d452abdc6081098ed3f4ee91b33c116ecfb68153afbba5066ae1ffd2c219affbea5f8a5a8a2e162162c0b31c6371475557d14d740c9d3f122fbe41ece765173a2881b3c6b076b46f14d77692cb679c3c193a1b9783f6cc267144e68cb0d24eb5e2e892e44f045895bded075f230f140e1738934d1bf0470ee28dba5f42119fc2143fe7ff913f10df73f5d350231990443fc36642ccb88ba325dab382f61b0c4a1ccd5e89b2cc39e7b6fbb0cbf7e603f73d074dd6eb0eeb5895b53cd32932d1585f441439b9bd18bef743c7a82f9e8ecb9eb13a317410e35198cda67bc77138528676e525935ef118b8dd593869712363f53ebe2b48a0c5d73200,gx-no-cache=1521028928474 HTTP/1.1" 200 256
