186.103.159.183 - - [14/Mar/2018:12:12:48 -0300] "GET /cormun/servlet/licenciaspermisosadjuntos?INS,13096745,L,20180314000000,, HTTP/1.1" 200 5836
186.103.156.24 - - [14/Mar/2018:12:12:55 -0300] "GET /cormun/servlet/veautorizarsolicitud?2018,10160,, HTTP/1.1" 200 8636
186.103.156.24 - - [14/Mar/2018:12:12:55 -0300] "GET /cormun/static/gxcfg.js?2017111423404691 HTTP/1.1" 200 953
186.103.156.24 - - [14/Mar/2018:12:12:55 -0300] "GET /cormun/pexe_scrolldiv.js HTTP/1.1" 404 1009
186.103.156.24 - - [14/Mar/2018:12:12:56 -0300] "GET /cormun/static/veautorizarsolicitud.js?2017111423404756 HTTP/1.1" 200 6140
186.103.156.24 - - [14/Mar/2018:12:12:56 -0300] "GET /cormun/static/tbautorizarsolicitud01.js?2017111423392092 HTTP/1.1" 200 30580
186.103.156.24 - - [14/Mar/2018:12:12:56 -0300] "GET /cormun/servlet/veautorizarsolicitud?2018,10160,, HTTP/1.1" 200 8635
186.103.159.183 - - [14/Mar/2018:12:13:03 -0300] "POST /cormun/servlet/licenciaspermisosadjuntos?9fff4b19a0a181930264f1697e5fddff,INS,13096745,L,20180314000000,, HTTP/1.1" 200 116
186.103.159.183 - - [14/Mar/2018:12:13:03 -0300] "GET /cormun/servlet/hpexe_return? HTTP/1.1" 200 1046
186.103.159.183 - - [14/Mar/2018:12:13:04 -0300] "GET /cormun/servlet/trlicenciaspermisosadjuntos?13096745,20180314000000,L, HTTP/1.1" 200 7056
186.103.159.183 - - [14/Mar/2018:12:13:05 -0300] "GET /cormun/static/Shared/ext/ext-all.js HTTP/1.1" 200 1289687
191.126.136.114 - - [14/Mar/2018:12:13:06 -0300] "GET /cormun/servlet/hlogin HTTP/1.1" 200 1724
186.103.159.183 - - [14/Mar/2018:12:13:06 -0300] "GET /cormun/PublicTempStorage/paulina_mu%F1oz7325860.pdf HTTP/1.1" 200 118179
186.103.159.183 - - [14/Mar/2018:12:13:06 -0300] "GET /cormun/servlet/trlicenciaspermisosadjuntos?13096745,20180314000000,L, HTTP/1.1" 200 7054
191.126.136.114 - - [14/Mar/2018:12:13:06 -0300] "GET /cormun/static/gxtimezone.js?85251 HTTP/1.1" 200 5781
191.126.136.114 - - [14/Mar/2018:12:13:06 -0300] "GET /cormun/static/gxcfg.js?20175251213516 HTTP/1.1" 200 953
191.126.136.114 - - [14/Mar/2018:12:13:06 -0300] "GET /cormun/static/Resources/Spanish/PXTools.css?11423723 HTTP/1.1" 200 89042
191.126.136.114 - - [14/Mar/2018:12:13:06 -0300] "GET /cormun/static/messages.spa.js?85251 HTTP/1.1" 200 30736
191.126.136.114 - - [14/Mar/2018:12:13:07 -0300] "GET /cormun/static/hlogin.js?20175251213537 HTTP/1.1" 200 2136
191.126.136.114 - - [14/Mar/2018:12:13:07 -0300] "GET /cormun/static/gxgral.js?85251 HTTP/1.1" 200 384558
191.126.136.114 - - [14/Mar/2018:12:13:07 -0300] "GET /cormun/static/Resources/ComunLogin.png HTTP/1.1" 200 17326
191.126.136.114 - - [14/Mar/2018:12:13:07 -0300] "GET /cormun/static/Resources/PXToolsLoginTop.png HTTP/1.1" 200 1337
191.126.136.114 - - [14/Mar/2018:12:13:07 -0300] "GET /cormun/static/Resources/PXToolsLoginBackground.png HTTP/1.1" 200 1164
191.126.136.114 - - [14/Mar/2018:12:13:07 -0300] "GET /cormun/static/Resources/PXToolsButtonLeft21.png HTTP/1.1" 200 1287
191.126.136.114 - - [14/Mar/2018:12:13:07 -0300] "GET /cormun/static/Resources/PXToolsButtonRight21.png HTTP/1.1" 200 1283
191.126.136.114 - - [14/Mar/2018:12:13:07 -0300] "GET /cormun/static/Resources/PXToolsLoginBottom.png HTTP/1.1" 200 1389
191.126.136.114 - - [14/Mar/2018:12:13:07 -0300] "GET /cormun/static/Resources/PXToolsButtonBackground2.png HTTP/1.1" 200 1181
191.126.136.114 - - [14/Mar/2018:12:13:07 -0300] "GET /cormun/static/Resources/indicator.gif HTTP/1.1" 200 1553
191.126.136.114 - - [14/Mar/2018:12:13:07 -0300] "GET /cormun/servlet/hlogin HTTP/1.1" 200 1727
191.126.136.114 - - [14/Mar/2018:12:13:09 -0300] "GET /favicon.ico HTTP/1.1" 200 21630
186.103.159.183 - - [14/Mar/2018:12:13:27 -0300] "GET /cormun/servlet/trlicencias? HTTP/1.1" 200 8999
186.103.159.183 - - [14/Mar/2018:12:13:28 -0300] "GET /cormun/static/Shared/ext/ext-all.js HTTP/1.1" 200 1289687
186.103.159.183 - - [14/Mar/2018:12:13:29 -0300] "GET /cormun/servlet/trlicencias? HTTP/1.1" 200 8999
186.103.159.183 - - [14/Mar/2018:12:13:39 -0300] "POST /cormun/servlet/trlicencias?9fff4b19a0a181930264f1697e5fddff,,gx-no-cache=1521040369774 HTTP/1.1" 200 6247
186.103.159.183 - - [14/Mar/2018:12:13:39 -0300] "GET /cormun/static/Shared/jqueryui/images/ui-bg_highlight-soft_100_c6c2c8_1x100.png HTTP/1.1" 404 1117
186.103.159.183 - - [14/Mar/2018:12:13:40 -0300] "GET /cormun/static/Shared/jqueryui/images/ui-icons_82798d_256x240.png HTTP/1.1" 404 1089
186.103.159.183 - - [14/Mar/2018:12:13:40 -0300] "GET /cormun/static/Shared/jqueryui/images/ui-bg_flat_55_fafafa_40x100.png HTTP/1.1" 404 1097
186.103.159.183 - - [14/Mar/2018:12:13:40 -0300] "GET /cormun/static/Shared/jqueryui/images/ui-icons_8d78a5_256x240.png HTTP/1.1" 404 1089
186.103.156.24 - - [14/Mar/2018:12:13:57 -0300] "POST /cormun/servlet/veautorizarsolicitud?f71a2180f1c25a0cfd866d729390215c,2018,10160,,,gx-no-cache=1521040386479 HTTP/1.1" 200 93
186.103.156.24 - - [14/Mar/2018:12:13:57 -0300] "GET /cormun/servlet/hpexe_return? HTTP/1.1" 200 1022
186.103.156.24 - - [14/Mar/2018:12:13:58 -0300] "GET /cormun/servlet/trautorizarsolicitud? HTTP/1.1" 200 13414
186.103.156.24 - - [14/Mar/2018:12:13:58 -0300] "GET /cormun/servlet/trautorizarsolicitud? HTTP/1.1" 200 13409
186.103.156.24 - - [14/Mar/2018:12:14:02 -0300] "GET /cormun/servlet/veautorizarsolicitud?2018,10161,, HTTP/1.1" 200 8635
186.103.156.24 - - [14/Mar/2018:12:14:02 -0300] "GET /cormun/pexe_scrolldiv.js HTTP/1.1" 404 1009
186.103.156.24 - - [14/Mar/2018:12:14:02 -0300] "GET /cormun/servlet/veautorizarsolicitud?2018,10161,, HTTP/1.1" 200 8631
186.103.196.90 - - [14/Mar/2018:12:15:15 -0300] "GET /cormun/servlet/solicitudot?INS,0,0, HTTP/1.1" 200 13657
186.103.196.90 - - [14/Mar/2018:12:15:15 -0300] "GET /cormun/servlet/solicitudot?INS,0,0, HTTP/1.1" 200 13662
190.151.124.170 - - [14/Mar/2018:12:15:18 -0300] "GET /cormun/static/Resources/resize.gif HTTP/1.1" 200 77
190.151.124.170 - - [14/Mar/2018:12:15:18 -0300] "GET /cormun/servlet/prfichaempleado?,MD,,gxPopupLevel%3D0%3B HTTP/1.1" 200 9363
186.103.196.90 - - [14/Mar/2018:12:15:18 -0300] "GET /cormun/static/gxcfg.js?20177612134814 HTTP/1.1" 200 953
190.151.124.170 - - [14/Mar/2018:12:15:18 -0300] "GET /cormun/static/Resources/PXToolsMenuSearch.png HTTP/1.1" 200 2914
190.151.124.170 - - [14/Mar/2018:12:15:18 -0300] "GET /cormun/static/prfichaempleado.js?20177612134999 HTTP/1.1" 200 16006
186.103.196.84 - - [14/Mar/2018:12:15:18 -0300] "GET /cormun/static/menusearch.js?201610171694467 HTTP/1.1" 200 1424
186.103.196.90 - - [14/Mar/2018:12:15:18 -0300] "GET /cormun/static/hmpwkw011.js?20177612121862 HTTP/1.1" 200 1968
186.103.196.90 - - [14/Mar/2018:12:15:18 -0300] "GET /cormun/static/Resources/PXToolsMenuSearchCancel.png HTTP/1.1" 200 2972
190.151.124.170 - - [14/Mar/2018:12:15:27 -0300] "POST /cormun/servlet/prfichaempleado?4a8d93ddd103984f5eed71aec5a49463,,MD,,gxPopupLevel%3D0%3B,gx-no-cache=1521040473674 HTTP/1.1" 200 3418
190.151.124.170 - - [14/Mar/2018:12:15:39 -0300] "POST /cormun/servlet/solicitudot?gx-no-cache=1521040481186 HTTP/1.1" 200 3406
190.151.124.170 - - [14/Mar/2018:12:15:40 -0300] "POST /cormun/servlet/solicitudot?4a8d93ddd103984f5eed71aec5a49463,INS,0,0,,gx-no-cache=1521040485900 HTTP/1.1" 200 10590
190.151.124.170 - - [14/Mar/2018:12:15:40 -0300] "GET /cormun/servlet/solicitudot?095b45b12a8f15747c492057b26c89ca6a1c4e14c912f61b8bb29ca86b468d27c4a397a3b19e0432c42c2bd5a765c112,gx-no-cache=1521040486632 HTTP/1.1" 200 30
190.151.124.170 - - [14/Mar/2018:12:15:49 -0300] "GET /cormun/servlet/solicitudot?095b45b12a8f15747c492057b26c89ca8552bc9b264a784b4386676ec6e4f74f478485678ad03506b241fd6ea3d872d8261500879c4b2655e5f70bbc6303185b,gx-no-cache=1521040496009 HTTP/1.1" 200 30
190.151.124.170 - - [14/Mar/2018:12:15:49 -0300] "GET /cormun/servlet/solicitudot?095b45b12a8f15747c492057b26c89caf9a68819cc7cddb1ae2dd1d2327ea108,gx-no-cache=1521040496080 HTTP/1.1" 200 45
190.151.124.170 - - [14/Mar/2018:12:15:49 -0300] "POST /cormun/servlet/solicitudot?gx-no-cache=1521040496166 HTTP/1.1" 200 297
190.151.124.170 - - [14/Mar/2018:12:15:50 -0300] "GET /cormun/servlet/solicitudot?095b45b12a8f15747c492057b26c89cadef46f777e67719b0b4eca29a1a163e8defbd8f059f81a14abcd9e1dc3546cda36278579f955a59e103d34648303cd31bd0e02c24818955c771b32e99eb409d5fd64cdeb0f9792c9ce8263cf7235bff9d334dc163b0b0d288176b25a047bc8a147c44f046738fd92641480f944c0a17d8e78e39b00df0e846056f232ff2fc4eaef0d89feee2d1316cb7ffde8f315e76b05fbd18358865a5541e5d75a6e30b4961e0e9cdfb2ad1ebc3f76d7bf3006946aa9d9e162e82f06cc52d2929fc32a516d888662cf65ac60a6fe13c4bd58c7dca358415de5e04866632aeac34da70c5df249ed5a877755ff130b453c425361d1428c95405acafb04954688029816d50801afa77eeec51a06d40944b8b2d1839dd07310907e91443dc450e4a34a4cf7ae3b9762e6a952483b14e718487a1737b433ed5c6a098e5d2393d5bb5e29fe944ca8465f7c684a0b6320397e81781bd8d5292d1587a37c4e35708ff4b83f57338d085ab74d84af23a49514f811e291ca67cb63eb666688042b6430d447aa165a61df,gx-no-cache=1521040496274 HTTP/1.1" 200 30
190.151.124.170 - - [14/Mar/2018:12:15:52 -0300] "POST /cormun/servlet/solicitudot?gx-no-cache=1521040498606 HTTP/1.1" 200 30
190.151.124.170 - - [14/Mar/2018:12:16:01 -0300] "POST /cormun/servlet/solicitudot?gx-no-cache=1521040508057 HTTP/1.1" 200 1337
190.151.124.170 - - [14/Mar/2018:12:16:01 -0300] "POST /cormun/servlet/solicitudot?gx-no-cache=1521040508175 HTTP/1.1" 200 38
190.151.124.170 - - [14/Mar/2018:12:16:09 -0300] "GET /cormun/servlet/solicitudot?095b45b12a8f15747c492057b26c89ca2c5372bb33b108b5c598ee92540f9fb98b5b77bf70ac3644db9b7ef5dc5ed1e430eacc996d5df7fd35c9fbb4f0b3a085945c565dce11cb71359514e59b9ac9c3b59b9117d452bae737f335daabadfd73848ccae163ac613b055e47be91bdcbb1,gx-no-cache=1521040515906 HTTP/1.1" 200 29
190.151.124.170 - - [14/Mar/2018:12:16:09 -0300] "POST /cormun/servlet/solicitudot?gx-no-cache=1521040515983 HTTP/1.1" 200 1319
190.151.124.170 - - [14/Mar/2018:12:16:10 -0300] "POST /cormun/servlet/solicitudot?gx-no-cache=1521040516083 HTTP/1.1" 200 1218
186.103.156.24 - - [14/Mar/2018:12:16:42 -0300] "POST /cormun/servlet/veautorizarsolicitud?f71a2180f1c25a0cfd866d729390215c,2018,10161,,,gx-no-cache=1521040551523 HTTP/1.1" 200 93
186.103.156.24 - - [14/Mar/2018:12:16:42 -0300] "GET /cormun/servlet/hpexe_return? HTTP/1.1" 200 1020
186.103.156.24 - - [14/Mar/2018:12:16:42 -0300] "GET /cormun/servlet/trautorizarsolicitud HTTP/1.1" 200 13414
186.103.156.24 - - [14/Mar/2018:12:16:43 -0300] "GET /cormun/servlet/trautorizarsolicitud HTTP/1.1" 200 13409
186.103.156.24 - - [14/Mar/2018:12:17:11 -0300] "GET /cormun/servlet/veautorizarsolicitud?2018,10145,, HTTP/1.1" 200 8633
186.103.156.24 - - [14/Mar/2018:12:17:11 -0300] "GET /cormun/pexe_scrolldiv.js HTTP/1.1" 404 1009
186.103.156.24 - - [14/Mar/2018:12:17:11 -0300] "GET /cormun/pexe_scrolldiv.js HTTP/1.1" 404 1009
186.103.156.24 - - [14/Mar/2018:12:17:11 -0300] "GET /cormun/servlet/veautorizarsolicitud?2018,10145,, HTTP/1.1" 200 8632
186.103.156.24 - - [14/Mar/2018:12:17:26 -0300] "POST /cormun/servlet/veautorizarsolicitud?f71a2180f1c25a0cfd866d729390215c,2018,10145,,,gx-no-cache=1521040595525 HTTP/1.1" 200 93
186.103.156.24 - - [14/Mar/2018:12:17:26 -0300] "GET /cormun/servlet/hpexe_return? HTTP/1.1" 200 1022
186.103.156.24 - - [14/Mar/2018:12:17:27 -0300] "GET /cormun/servlet/trautorizarsolicitud HTTP/1.1" 200 13414
186.103.156.24 - - [14/Mar/2018:12:17:28 -0300] "GET /cormun/servlet/trautorizarsolicitud HTTP/1.1" 200 13409
186.103.156.24 - - [14/Mar/2018:12:17:39 -0300] "GET /cormun/servlet/veautorizarsolicitud?2018,10144,, HTTP/1.1" 200 8632
186.103.156.24 - - [14/Mar/2018:12:17:39 -0300] "GET /cormun/pexe_scrolldiv.js HTTP/1.1" 404 1009
186.103.156.24 - - [14/Mar/2018:12:17:39 -0300] "GET /cormun/pexe_scrolldiv.js HTTP/1.1" 404 1009
186.103.156.24 - - [14/Mar/2018:12:17:39 -0300] "GET /cormun/servlet/veautorizarsolicitud?2018,10144,, HTTP/1.1" 200 8631
186.103.159.182 - - [14/Mar/2018:12:17:48 -0300] "GET /cormun/servlet/trautorizarsolicitud HTTP/1.1" 200 6287
186.103.159.182 - - [14/Mar/2018:12:17:49 -0300] "GET /cormun/servlet/trautorizarsolicitud HTTP/1.1" 200 6286
186.103.159.182 - - [14/Mar/2018:12:17:49 -0300] "GET /cormun/servlet/hlogin HTTP/1.1" 200 1737
186.103.159.182 - - [14/Mar/2018:12:17:50 -0300] "GET /favicon.ico HTTP/1.1" 200 21630
190.151.100.218 - - [14/Mar/2018:12:18:04 -0300] "POST /cormun/servlet/trsolicitudot?652ae225691c979a5c81caa1116dca9d,gx-no-cache=1521040631579 HTTP/1.1" 200 107
190.151.100.218 - - [14/Mar/2018:12:18:04 -0300] "GET /cormun/servlet/trsolicitudadjuntos?2018,9730, HTTP/1.1" 200 6258
190.151.100.218 - - [14/Mar/2018:12:18:05 -0300] "GET /cormun/servlet/trsolicitudadjuntos?2018,9730, HTTP/1.1" 200 6258
190.151.100.218 - - [14/Mar/2018:12:18:11 -0300] "POST /cormun/servlet/trsolicitudadjuntos?652ae225691c979a5c81caa1116dca9d,2018,9730,,gx-no-cache=1521040639568 HTTP/1.1" 200 90
190.151.100.218 - - [14/Mar/2018:12:18:11 -0300] "GET /cormun/servlet/hpexe_link HTTP/1.1" 200 988
190.151.100.218 - - [14/Mar/2018:12:18:12 -0300] "GET /cormun/servlet/trsolicitudot?gx-no-cache=1521039640111 HTTP/1.1" 200 22514
190.151.100.218 - - [14/Mar/2018:12:18:13 -0300] "GET /cormun/servlet/trsolicitudot?gx-no-cache=1521039640111 HTTP/1.1" 200 22533
186.103.156.24 - - [14/Mar/2018:12:18:16 -0300] "POST /cormun/servlet/veautorizarsolicitud?f71a2180f1c25a0cfd866d729390215c,2018,10144,,,gx-no-cache=1521040645382 HTTP/1.1" 200 93
186.103.156.24 - - [14/Mar/2018:12:18:16 -0300] "GET /cormun/servlet/hpexe_return? HTTP/1.1" 200 1022
186.103.156.24 - - [14/Mar/2018:12:18:16 -0300] "GET /cormun/servlet/trautorizarsolicitud HTTP/1.1" 200 13414
186.103.156.24 - - [14/Mar/2018:12:18:17 -0300] "GET /cormun/servlet/trautorizarsolicitud HTTP/1.1" 200 13409
186.103.161.206 - - [14/Mar/2018:12:18:21 -0300] "POST /cormun/servlet/trsolicitudot?652ae225691c979a5c81caa1116dca9d,gx-no-cache=1521039640111,gx-no-cache=1521040648667 HTTP/1.1" 200 106
186.103.161.206 - - [14/Mar/2018:12:18:21 -0300] "GET /cormun/servlet/trsolicitudadjuntos?2018,9729, HTTP/1.1" 200 6279
186.103.161.206 - - [14/Mar/2018:12:18:22 -0300] "GET /cormun/servlet/trsolicitudadjuntos?2018,9729, HTTP/1.1" 200 6259
186.103.161.206 - - [14/Mar/2018:12:18:25 -0300] "POST /cormun/servlet/trsolicitudadjuntos?652ae225691c979a5c81caa1116dca9d,2018,9729,,gx-no-cache=1521040653839 HTTP/1.1" 200 90
186.103.161.206 - - [14/Mar/2018:12:18:25 -0300] "GET /cormun/servlet/hpexe_link HTTP/1.1" 200 988
186.103.161.206 - - [14/Mar/2018:12:18:26 -0300] "GET /cormun/servlet/trsolicitudot?gx-no-cache=1521039640111 HTTP/1.1" 200 22514
186.103.161.206 - - [14/Mar/2018:12:18:27 -0300] "GET /cormun/servlet/trsolicitudot?gx-no-cache=1521039640111 HTTP/1.1" 200 22533
186.103.161.206 - - [14/Mar/2018:12:18:32 -0300] "POST /cormun/servlet/trsolicitudot?652ae225691c979a5c81caa1116dca9d,gx-no-cache=1521039640111,gx-no-cache=1521040660379 HTTP/1.1" 200 106
186.103.161.206 - - [14/Mar/2018:12:18:32 -0300] "GET /cormun/servlet/trsolicitudadjuntos?2018,9728, HTTP/1.1" 200 6279
186.103.161.206 - - [14/Mar/2018:12:18:33 -0300] "GET /cormun/servlet/trsolicitudadjuntos?2018,9728, HTTP/1.1" 200 6258
186.103.161.206 - - [14/Mar/2018:12:18:37 -0300] "POST /cormun/servlet/trsolicitudadjuntos?652ae225691c979a5c81caa1116dca9d,2018,9728,,gx-no-cache=1521040664865 HTTP/1.1" 200 90
186.103.161.206 - - [14/Mar/2018:12:18:37 -0300] "GET /cormun/servlet/hpexe_link HTTP/1.1" 200 988
186.103.161.206 - - [14/Mar/2018:12:18:38 -0300] "GET /cormun/servlet/trsolicitudot?gx-no-cache=1521039640111 HTTP/1.1" 200 22514
186.103.161.206 - - [14/Mar/2018:12:18:39 -0300] "GET /cormun/servlet/trsolicitudot?gx-no-cache=1521039640111 HTTP/1.1" 200 22533
186.103.156.24 - - [14/Mar/2018:12:18:40 -0300] "GET /cormun/servlet/trautorizarsolicitud? HTTP/1.1" 200 13409
186.103.156.24 - - [14/Mar/2018:12:18:40 -0300] "GET /cormun/servlet/trautorizarsolicitud? HTTP/1.1" 200 13409
200.86.95.220 - - [14/Mar/2018:12:18:48 -0300] "GET /cormun/servlet/hlogin HTTP/1.1" 200 1722
186.103.156.24 - - [14/Mar/2018:12:18:49 -0300] "GET /cormun/servlet/veautorizarsolicitud?2018,10172,, HTTP/1.1" 200 8601
186.103.156.24 - - [14/Mar/2018:12:18:49 -0300] "GET /cormun/pexe_scrolldiv.js HTTP/1.1" 404 1009
186.103.156.24 - - [14/Mar/2018:12:18:50 -0300] "GET /cormun/servlet/veautorizarsolicitud?2018,10172,, HTTP/1.1" 200 8599
200.86.95.220 - - [14/Mar/2018:12:18:58 -0300] "POST /cormun/servlet/hlogin?03323056ec281ac132101060139cdd91,gx-no-cache=1521040689449 HTTP/1.1" 200 90
200.86.95.220 - - [14/Mar/2018:12:18:58 -0300] "GET /cormun/servlet/hpexe_link HTTP/1.1" 200 953
200.86.95.220 - - [14/Mar/2018:12:18:58 -0300] "GET /cormun/servlet/hhome HTTP/1.1" 200 3952
200.86.95.220 - - [14/Mar/2018:12:19:01 -0300] "GET /cormun/servlet/hhome HTTP/1.1" 200 3949
200.86.95.220 - - [14/Mar/2018:12:19:08 -0300] "GET /cormun/servlet/trsolicitudot? HTTP/1.1" 200 8574
200.86.95.220 - - [14/Mar/2018:12:19:10 -0300] "GET /cormun/servlet/trsolicitudot? HTTP/1.1" 200 8572
200.86.95.220 - - [14/Mar/2018:12:19:18 -0300] "POST /cormun/servlet/trsolicitudot?03323056ec281ac132101060139cdd91,,gx-no-cache=1521040709525 HTTP/1.1" 200 7315
200.86.95.220 - - [14/Mar/2018:12:19:29 -0300] "POST /cormun/servlet/trsolicitudot?03323056ec281ac132101060139cdd91,,gx-no-cache=1521040719996 HTTP/1.1" 200 4278
186.103.159.182 - - [14/Mar/2018:12:19:36 -0300] "POST /cormun/servlet/hlogin?a6d283dc08ec1bd3995c992981e6300d,gx-no-cache=1521040668635 HTTP/1.1" 200 90
186.103.159.182 - - [14/Mar/2018:12:19:36 -0300] "GET /cormun/servlet/hpexe_link HTTP/1.1" 200 958
186.103.159.182 - - [14/Mar/2018:12:19:36 -0300] "GET /cormun/servlet/trautorizarsolicitud HTTP/1.1" 200 7187
186.103.159.182 - - [14/Mar/2018:12:19:38 -0300] "GET /cormun/servlet/trautorizarsolicitud HTTP/1.1" 200 7186
200.86.95.220 - - [14/Mar/2018:12:19:46 -0300] "GET /cormun/servlet/hlogin HTTP/1.1" 200 1722
200.86.95.220 - - [14/Mar/2018:12:19:54 -0300] "POST /cormun/servlet/hlogin?03323056ec281ac132101060139cdd91,gx-no-cache=1521040745670 HTTP/1.1" 200 90
200.86.95.220 - - [14/Mar/2018:12:19:54 -0300] "GET /cormun/servlet/hpexe_link HTTP/1.1" 200 953
200.86.95.220 - - [14/Mar/2018:12:19:55 -0300] "GET /cormun/servlet/hhome HTTP/1.1" 200 4121
200.86.95.220 - - [14/Mar/2018:12:19:57 -0300] "GET /cormun/servlet/hhome HTTP/1.1" 200 4117
186.103.159.182 - - [14/Mar/2018:12:20:02 -0300] "GET /cormun/static/menuarrow.gif HTTP/1.1" 404 1015
200.86.95.220 - - [14/Mar/2018:12:20:02 -0300] "GET /cormun/servlet/trvisualizadoreventos? HTTP/1.1" 200 6869
200.86.95.220 - - [14/Mar/2018:12:20:02 -0300] "GET /cormun/static/gxcfg.js?20175251251426 HTTP/1.1" 200 953
200.86.95.220 - - [14/Mar/2018:12:20:02 -0300] "GET /cormun/static/trvisualizadoreventos.js?20175251251768 HTTP/1.1" 200 19318
200.86.95.220 - - [14/Mar/2018:12:20:02 -0300] "GET /cormun/static/Resources/PXToolsActionPrint.png HTTP/1.1" 200 3317
200.86.95.220 - - [14/Mar/2018:12:20:03 -0300] "GET /cormun/servlet/trvisualizadoreventos? HTTP/1.1" 200 6868
186.103.159.182 - - [14/Mar/2018:12:20:04 -0300] "GET /cormun/servlet/trsolicitudot? HTTP/1.1" 200 7461
186.103.159.182 - - [14/Mar/2018:12:20:06 -0300] "GET /cormun/servlet/trsolicitudot? HTTP/1.1" 200 7460
200.86.95.220 - - [14/Mar/2018:12:20:13 -0300] "POST /cormun/servlet/trvisualizadoreventos?03323056ec281ac132101060139cdd91,,gx-no-cache=1521040763076 HTTP/1.1" 200 5238
186.103.159.182 - - [14/Mar/2018:12:20:13 -0300] "GET /cormun/static/menuarrow.gif HTTP/1.1" 404 1015
200.86.95.220 - - [14/Mar/2018:12:20:24 -0300] "POST /cormun/servlet/trvisualizadoreventos?03323056ec281ac132101060139cdd91,,gx-no-cache=1521040775122 HTTP/1.1" 200 4132
186.103.159.182 - - [14/Mar/2018:12:20:25 -0300] "POST /cormun/servlet/trsolicitudot?a6d283dc08ec1bd3995c992981e6300d,,gx-no-cache=1521040717707 HTTP/1.1" 200 4472
200.86.95.220 - - [14/Mar/2018:12:20:29 -0300] "GET /cormun/servlet/trcontratosolicitud? HTTP/1.1" 200 14449
200.86.95.220 - - [14/Mar/2018:12:20:29 -0300] "GET /cormun/static/gxcfg.js?20177612214014 HTTP/1.1" 200 953
200.86.95.220 - - [14/Mar/2018:12:20:29 -0300] "GET /cormun/static/trcontratosolicitud.js?20177612214349 HTTP/1.1" 200 28237
186.103.159.182 - - [14/Mar/2018:12:20:30 -0300] "POST /cormun/servlet/trsolicitudot?a6d283dc08ec1bd3995c992981e6300d,,gx-no-cache=1521040722065 HTTP/1.1" 200 4472
186.103.161.206 - - [14/Mar/2018:12:20:31 -0300] "GET /cormun/servlet/vesolicitudot?2018,9728,, HTTP/1.1" 200 8573
186.103.161.206 - - [14/Mar/2018:12:20:31 -0300] "GET /cormun/pexe_scrolldiv.js HTTP/1.1" 404 1009
200.86.95.220 - - [14/Mar/2018:12:20:31 -0300] "GET /cormun/servlet/trcontratosolicitud? HTTP/1.1" 200 14440
200.86.95.220 - - [14/Mar/2018:12:20:31 -0300] "GET /cormun//static/Resources/PXToolsGridNew.png HTTP/1.1" 200 2949
186.103.161.206 - - [14/Mar/2018:12:20:32 -0300] "GET /cormun/servlet/vesolicitudot?2018,9728,, HTTP/1.1" 200 8551
186.103.159.182 - - [14/Mar/2018:12:20:34 -0300] "POST /cormun/servlet/trsolicitudot?a6d283dc08ec1bd3995c992981e6300d,,gx-no-cache=1521040725995 HTTP/1.1" 200 4474
186.103.159.182 - - [14/Mar/2018:12:20:37 -0300] "GET /cormun/servlet/solicitudot?INS,0,0, HTTP/1.1" 200 13690
186.103.159.182 - - [14/Mar/2018:12:20:38 -0300] "GET /cormun/servlet/solicitudot?INS,0,0, HTTP/1.1" 200 13695
186.103.159.182 - - [14/Mar/2018:12:20:43 -0300] "GET /cormun/servlet/prfichaempleado?,MD,,gxPopupLevel%3D0%3B HTTP/1.1" 200 9422
200.72.197.82 - - [14/Mar/2018:12:20:50 -0300] "POST /cormun/servlet/vesolicitudot?652ae225691c979a5c81caa1116dca9d,2018,9728,,,gx-no-cache=1521040797968 HTTP/1.1" 200 93
200.72.197.82 - - [14/Mar/2018:12:20:50 -0300] "GET /cormun/servlet/hpexe_return? HTTP/1.1" 200 1032
200.72.197.82 - - [14/Mar/2018:12:20:50 -0300] "GET /cormun/servlet/trsolicitudot?gx-no-cache=1521039640111 HTTP/1.1" 200 22517
186.9.12.230 - - [14/Mar/2018:12:20:51 -0300] "GET /cormun/servlet/hlogin HTTP/1.1" 200 1727
186.9.12.230 - - [14/Mar/2018:12:20:51 -0300] "GET /cormun/servlet/hlogin HTTP/1.1" 200 1723
186.9.12.230 - - [14/Mar/2018:12:20:51 -0300] "GET /cormun/static/gxcfg.js?20175251213516 HTTP/1.1" 304 -
186.9.12.230 - - [14/Mar/2018:12:20:51 -0300] "GET /cormun/static/gxtimezone.js?85251 HTTP/1.1" 304 -
186.9.12.230 - - [14/Mar/2018:12:20:51 -0300] "GET /cormun/static/messages.spa.js?85251 HTTP/1.1" 304 -
186.9.12.230 - - [14/Mar/2018:12:20:52 -0300] "GET /cormun/servlet/hlogin HTTP/1.1" 200 1730
200.72.197.82 - - [14/Mar/2018:12:20:52 -0300] "GET /cormun/servlet/trsolicitudot?gx-no-cache=1521039640111 HTTP/1.1" 200 22533
186.9.12.230 - - [14/Mar/2018:12:20:54 -0300] "POST /cormun/servlet/hlogin?7629d248b6dd9cdcd25f8f8c0e4d37b7,gx-no-cache=1521040804497 HTTP/1.1" 200 90
186.9.12.230 - - [14/Mar/2018:12:20:54 -0300] "GET /cormun/servlet/hpexe_link HTTP/1.1" 200 951
186.9.12.230 - - [14/Mar/2018:12:20:54 -0300] "GET /cormun/static/gxcfg.js?20177612121792 HTTP/1.1" 304 -
186.9.12.230 - - [14/Mar/2018:12:20:54 -0300] "GET /cormun/servlet/hhome HTTP/1.1" 200 4463
186.9.12.230 - - [14/Mar/2018:12:20:55 -0300] "GET /cormun/static/gxcfg.js?20175251212442 HTTP/1.1" 304 -
186.9.12.230 - - [14/Mar/2018:12:20:56 -0300] "GET /cormun/servlet/hhome HTTP/1.1" 200 4459
186.103.161.206 - - [14/Mar/2018:12:20:57 -0300] "GET /cormun/servlet/vesolicitudot?2018,9730,, HTTP/1.1" 200 8550
186.103.161.206 - - [14/Mar/2018:12:20:57 -0300] "GET /cormun/pexe_scrolldiv.js HTTP/1.1" 404 1009
186.103.161.206 - - [14/Mar/2018:12:20:58 -0300] "GET /cormun/servlet/vesolicitudot?2018,9730,, HTTP/1.1" 200 8529
186.103.159.182 - - [14/Mar/2018:12:21:00 -0300] "POST /cormun/servlet/prfichaempleado?a6d283dc08ec1bd3995c992981e6300d,,MD,,gxPopupLevel%3D0%3B,gx-no-cache=1521040752182 HTTP/1.1" 200 3470
186.9.12.230 - - [14/Mar/2018:12:21:02 -0300] "GET /cormun/servlet/trsolicitudgral? HTTP/1.1" 200 28675
186.9.12.230 - - [14/Mar/2018:12:21:02 -0300] "GET /cormun/static/gxcfg.js?201813119461163 HTTP/1.1" 304 -
186.9.12.230 - - [14/Mar/2018:12:21:02 -0300] "GET /cormun/static/calendar-es.js?85251 HTTP/1.1" 304 -
186.9.12.230 - - [14/Mar/2018:12:21:03 -0300] "GET /cormun/static/calendar.js?85251 HTTP/1.1" 304 -
186.9.12.230 - - [14/Mar/2018:12:21:03 -0300] "GET /cormun/static/calendar-setup.js?85251 HTTP/1.1" 304 -
186.9.12.230 - - [14/Mar/2018:12:21:03 -0300] "GET /cormun/static/gxdec.js?85251 HTTP/1.1" 304 -
186.9.12.230 - - [14/Mar/2018:12:21:03 -0300] "GET /cormun/static/trsolicitudgral.js?201813119462015 HTTP/1.1" 304 -
186.9.12.230 - - [14/Mar/2018:12:21:05 -0300] "GET /cormun/servlet/trsolicitudgral? HTTP/1.1" 200 28673
186.103.159.182 - - [14/Mar/2018:12:21:06 -0300] "POST /cormun/servlet/solicitudot?gx-no-cache=1521040758041 HTTP/1.1" 200 3402
186.103.159.182 - - [14/Mar/2018:12:21:06 -0300] "POST /cormun/servlet/solicitudot?a6d283dc08ec1bd3995c992981e6300d,INS,0,0,,gx-no-cache=1521040758663 HTTP/1.1" 200 10558
186.103.159.182 - - [14/Mar/2018:12:21:06 -0300] "GET /cormun/servlet/solicitudot?d68f197816ed1345e1f2b582465dac7c20f903fec489724bb269ad605ecca048da29957b93000bf9f094c0a62f58868c,gx-no-cache=1521040759020 HTTP/1.1" 200 30
186.103.159.182 - - [14/Mar/2018:12:21:16 -0300] "GET /cormun/servlet/solicitudot?d68f197816ed1345e1f2b582465dac7cfc719e3e34e19e2b974f92b8df92ace654e64e5c3c0cdcc885067193e201317bda29957b93000bf9f094c0a62f58868c,gx-no-cache=1521040768130 HTTP/1.1" 200 30
186.103.159.182 - - [14/Mar/2018:12:21:16 -0300] "GET /cormun/servlet/solicitudot?d68f197816ed1345e1f2b582465dac7c190d4ffc66542ee73eabc9e6749f5527,gx-no-cache=1521040768207 HTTP/1.1" 200 53
186.103.159.182 - - [14/Mar/2018:12:21:16 -0300] "POST /cormun/servlet/solicitudot?gx-no-cache=1521040768289 HTTP/1.1" 200 297
186.103.159.182 - - [14/Mar/2018:12:21:17 -0300] "GET /cormun/servlet/solicitudot?d68f197816ed1345e1f2b582465dac7cfc0ce67d4d179a1b003fe4530b55bc4179845dc3b4200e813d0197ccc7786fb706286a0da9d18c77afe1d0fc46ed23594ab3f9e10cd3550069eda004f70f20002e2920f6be6c9636f58c4e541739a2a68eaaa6e882006241877b391b63d04938756ebb281f8711f91cc05265b4fe46297399f38deffb9a87d2e7a5d1b7a6e2a2a2352ee1ade42f09fb58791efd4bfdd56f87414b52a557bd8483da892c5f7e90896943766a59e0794b27a27ffd29bf725cd6f3facc128950abace5b72613a9a82d5fdd60f080c80cf6c8f0d730c32d261d329c0d5106bf766a9ba678638b500d91f981bd61614728cfed4a299ea1264c669713686d6f2b0d392e7127faddc9064ba958a0fb61a56bca82dcc66629ad944faf56f6489afc07be3ebd9e813ab54f6658c8557294ef7404892adab8f00a9e533ff6fc34119a6f32eb2633416c04c180e954145fee42594f769f9796d6d86ee6506d3614a857cd192601d0c531b2e8bed4bc2a0e6ac50f0f2acbc0dacead7946f7e489acc59cff4812c94d958fd74b,gx-no-cache=1521040768918 HTTP/1.1" 200 30
186.103.159.182 - - [14/Mar/2018:12:21:19 -0300] "POST /cormun/servlet/solicitudot?gx-no-cache=1521040771622 HTTP/1.1" 200 30
186.9.12.230 - - [14/Mar/2018:12:21:22 -0300] "POST /cormun/servlet/trsolicitudgral?7629d248b6dd9cdcd25f8f8c0e4d37b7,,gx-no-cache=1521040829016 HTTP/1.1" 200 5924
186.103.132.155 - - [14/Mar/2018:12:21:22 -0300] "POST /cormun/servlet/vesolicitudot?652ae225691c979a5c81caa1116dca9d,2018,9730,,,gx-no-cache=1521040830405 HTTP/1.1" 200 93
186.103.132.155 - - [14/Mar/2018:12:21:22 -0300] "GET /cormun/servlet/hpexe_return? HTTP/1.1" 200 1032
186.103.132.155 - - [14/Mar/2018:12:21:23 -0300] "GET /cormun/servlet/trsolicitudot?gx-no-cache=1521039640111 HTTP/1.1" 200 22517
186.103.132.155 - - [14/Mar/2018:12:21:24 -0300] "GET /cormun/servlet/trsolicitudot?gx-no-cache=1521039640111 HTTP/1.1" 200 22533
186.103.159.182 - - [14/Mar/2018:12:21:24 -0300] "POST /cormun/servlet/solicitudot?gx-no-cache=1521040776625 HTTP/1.1" 200 1337
186.103.159.182 - - [14/Mar/2018:12:21:24 -0300] "POST /cormun/servlet/solicitudot?gx-no-cache=1521040776781 HTTP/1.1" 200 38
186.103.132.155 - - [14/Mar/2018:12:21:28 -0300] "GET /cormun/servlet/vesolicitudot?2018,9729,, HTTP/1.1" 200 8590
186.103.132.155 - - [14/Mar/2018:12:21:28 -0300] "GET /cormun/pexe_scrolldiv.js HTTP/1.1" 404 1009
186.9.12.230 - - [14/Mar/2018:12:21:29 -0300] "POST /cormun/servlet/trsolicitudgral?7629d248b6dd9cdcd25f8f8c0e4d37b7,,gx-no-cache=1521040838911 HTTP/1.1" 200 13143
186.103.132.155 - - [14/Mar/2018:12:21:29 -0300] "GET /cormun/servlet/vesolicitudot?2018,9729,, HTTP/1.1" 200 8568
186.103.159.182 - - [14/Mar/2018:12:21:31 -0300] "GET /cormun/servlet/solicitudot?d68f197816ed1345e1f2b582465dac7c45ff13ee45fa0ef8707ca52f14b4032296bc6250dfa51aa682c2e0d2b358cacb662c8dcd70732e4d98ae46c8a5faf6954d532521c64356feb2401fa55278885fd79d76a5f45c7fca7acdb8240194812cbd1c046e55e66257a29acc5b442aafdf,gx-no-cache=1521040783843 HTTP/1.1" 200 29
186.103.159.182 - - [14/Mar/2018:12:21:31 -0300] "POST /cormun/servlet/solicitudot?gx-no-cache=1521040783936 HTTP/1.1" 200 1319
186.103.159.182 - - [14/Mar/2018:12:21:31 -0300] "POST /cormun/servlet/solicitudot?gx-no-cache=1521040784037 HTTP/1.1" 200 1219
186.103.159.182 - - [14/Mar/2018:12:21:32 -0300] "GET /cormun/static/menuarrow.gif HTTP/1.1" 404 1015
186.103.159.182 - - [14/Mar/2018:12:21:33 -0300] "POST /cormun/servlet/solicitudot?gx-no-cache=1521040785673 HTTP/1.1" 200 1319
186.103.159.182 - - [14/Mar/2018:12:21:33 -0300] "POST /cormun/servlet/solicitudot?gx-no-cache=1521040785802 HTTP/1.1" 200 1219
200.86.95.220 - - [14/Mar/2018:12:21:35 -0300] "GET /cormun/servlet/trsolicitudot? HTTP/1.1" 200 7335
186.103.159.182 - - [14/Mar/2018:12:21:35 -0300] "GET /cormun/servlet/solicitudot?d68f197816ed1345e1f2b582465dac7c1b5f5e74639c5bbbaef0a7f677b6369d96cf5cbf182c398aea99972f17f31133,gx-no-cache=1521040787265 HTTP/1.1" 200 30
200.86.95.220 - - [14/Mar/2018:12:21:36 -0300] "GET /cormun/servlet/trsolicitudot? HTTP/1.1" 200 7334
186.103.161.206 - - [14/Mar/2018:12:21:36 -0300] "POST /cormun/servlet/vesolicitudot?652ae225691c979a5c81caa1116dca9d,2018,9729,,,gx-no-cache=1521040844678 HTTP/1.1" 200 93
186.103.161.206 - - [14/Mar/2018:12:21:37 -0300] "GET /cormun/servlet/hpexe_return? HTTP/1.1" 200 1032
186.103.161.206 - - [14/Mar/2018:12:21:37 -0300] "GET /cormun/servlet/trsolicitudot?gx-no-cache=1521039640111 HTTP/1.1" 200 22517
186.103.161.206 - - [14/Mar/2018:12:21:38 -0300] "GET /cormun/servlet/trsolicitudot?gx-no-cache=1521039640111 HTTP/1.1" 200 22533
186.103.161.206 - - [14/Mar/2018:12:21:41 -0300] "GET /cormun/servlet/vesolicitudot?2018,9728,, HTTP/1.1" 200 8573
186.103.159.182 - - [14/Mar/2018:12:21:41 -0300] "POST /cormun/servlet/solicitudot?gx-no-cache=1521040793805 HTTP/1.1" 200 30
186.103.161.206 - - [14/Mar/2018:12:21:41 -0300] "GET /cormun/pexe_scrolldiv.js HTTP/1.1" 404 1009
186.103.161.206 - - [14/Mar/2018:12:21:42 -0300] "GET /cormun/servlet/vesolicitudot?2018,9728,, HTTP/1.1" 200 8551
200.86.95.220 - - [14/Mar/2018:12:21:44 -0300] "POST /cormun/servlet/trsolicitudot?03323056ec281ac132101060139cdd91,,gx-no-cache=1521040853818 HTTP/1.1" 200 7510
200.86.95.220 - - [14/Mar/2018:12:21:55 -0300] "GET /cormun/servlet/trcontratounov2? HTTP/1.1" 200 17430
200.86.95.220 - - [14/Mar/2018:12:21:55 -0300] "GET /cormun/static/gxcfg.js?201752512124396 HTTP/1.1" 200 953
200.86.95.220 - - [14/Mar/2018:12:21:55 -0300] "GET /cormun/static/Resources/PXToolsAddSelectedAction.png HTTP/1.1" 200 3660
200.86.95.220 - - [14/Mar/2018:12:21:55 -0300] "GET /cormun/static/trcontratounov2.js?201752512125146 HTTP/1.1" 200 38486
200.86.95.220 - - [14/Mar/2018:12:21:56 -0300] "GET /cormun/servlet/trcontratounov2? HTTP/1.1" 200 17418
186.103.159.182 - - [14/Mar/2018:12:22:01 -0300] "POST /cormun/servlet/solicitudot?a6d283dc08ec1bd3995c992981e6300d,INS,0,0,,gx-no-cache=1521040812911 HTTP/1.1" 200 93
186.103.159.182 - - [14/Mar/2018:12:22:01 -0300] "GET /cormun/servlet/hpexe_return? HTTP/1.1" 200 1003
186.103.159.182 - - [14/Mar/2018:12:22:01 -0300] "GET /cormun/servlet/trsolicitudot? HTTP/1.1" 200 7477
186.103.159.182 - - [14/Mar/2018:12:22:02 -0300] "GET /cormun/servlet/trsolicitudot? HTTP/1.1" 200 7474
186.103.161.206 - - [14/Mar/2018:12:22:08 -0300] "POST /cormun/servlet/vesolicitudot?652ae225691c979a5c81caa1116dca9d,2018,9728,,,gx-no-cache=1521040876266 HTTP/1.1" 200 93
186.103.161.206 - - [14/Mar/2018:12:22:08 -0300] "GET /cormun/servlet/hpexe_return? HTTP/1.1" 200 1032
186.103.161.206 - - [14/Mar/2018:12:22:09 -0300] "GET /cormun/servlet/trsolicitudot?gx-no-cache=1521039640111 HTTP/1.1" 200 22517
186.103.161.206 - - [14/Mar/2018:12:22:10 -0300] "GET /cormun/servlet/trsolicitudot?gx-no-cache=1521039640111 HTTP/1.1" 200 22533
186.103.159.182 - - [14/Mar/2018:12:22:12 -0300] "GET /cormun/servlet/solicitudot?INS,0,0, HTTP/1.1" 200 13691
186.103.159.182 - - [14/Mar/2018:12:22:13 -0300] "GET /cormun/servlet/solicitudot?INS,0,0, HTTP/1.1" 200 13696
186.103.159.182 - - [14/Mar/2018:12:22:18 -0300] "POST /cormun/servlet/solicitudot?a6d283dc08ec1bd3995c992981e6300d,INS,0,0,,gx-no-cache=1521040830390 HTTP/1.1" 200 90
186.103.159.182 - - [14/Mar/2018:12:22:19 -0300] "GET /cormun/servlet/hpexe_link HTTP/1.1" 200 957
186.103.159.182 - - [14/Mar/2018:12:22:19 -0300] "GET /cormun/servlet/trsolicitudot HTTP/1.1" 200 7475
186.103.159.182 - - [14/Mar/2018:12:22:20 -0300] "GET /cormun/servlet/trsolicitudot HTTP/1.1" 200 7474
186.103.159.182 - - [14/Mar/2018:12:22:25 -0300] "POST /cormun/servlet/trsolicitudot?a6d283dc08ec1bd3995c992981e6300d,gx-no-cache=1521040837267 HTTP/1.1" 200 4470
186.103.159.182 - - [14/Mar/2018:12:22:28 -0300] "POST /cormun/servlet/trsolicitudot?a6d283dc08ec1bd3995c992981e6300d,gx-no-cache=1521040840991 HTTP/1.1" 200 5814
186.103.159.182 - - [14/Mar/2018:12:22:35 -0300] "POST /cormun/servlet/trsolicitudot?a6d283dc08ec1bd3995c992981e6300d,gx-no-cache=1521040846578 HTTP/1.1" 200 4671
186.103.159.182 - - [14/Mar/2018:12:22:35 -0300] "GET /cormun/static/Shared/jqueryui/images/ui-bg_highlight-soft_100_c6c2c8_1x100.png HTTP/1.1" 404 1117
186.103.159.182 - - [14/Mar/2018:12:22:35 -0300] "GET /cormun/static/Shared/jqueryui/images/ui-icons_82798d_256x240.png HTTP/1.1" 404 1089
186.103.159.182 - - [14/Mar/2018:12:22:35 -0300] "GET /cormun/static/Shared/jqueryui/images/ui-bg_flat_55_fafafa_40x100.png HTTP/1.1" 404 1097
186.103.159.182 - - [14/Mar/2018:12:22:35 -0300] "GET /cormun/static/Shared/jqueryui/images/ui-icons_8d78a5_256x240.png HTTP/1.1" 404 1089
186.103.159.182 - - [14/Mar/2018:12:22:35 -0300] "POST /cormun/servlet/trsolicitudot?a6d283dc08ec1bd3995c992981e6300d,gx-no-cache=1521040847422 HTTP/1.1" 200 4451
200.86.95.220 - - [14/Mar/2018:12:22:47 -0300] "POST /cormun/servlet/trcontratounov2?03323056ec281ac132101060139cdd91,,gx-no-cache=1521040917904 HTTP/1.1" 200 16921
200.86.95.220 - - [14/Mar/2018:12:22:48 -0300] "GET /cormun/static/Resources/PXToolsGridNext.gif HTTP/1.1" 200 369
200.86.95.220 - - [14/Mar/2018:12:22:48 -0300] "GET /cormun/static/Resources/PXToolsGridLast.gif HTTP/1.1" 200 370
186.103.159.182 - - [14/Mar/2018:12:22:49 -0300] "POST /cormun/servlet/trsolicitudot?a6d283dc08ec1bd3995c992981e6300d,gx-no-cache=1521040861503 HTTP/1.1" 200 5817
200.86.95.220 - - [14/Mar/2018:12:22:56 -0300] "POST /cormun/servlet/trcontratounov2?03323056ec281ac132101060139cdd91,,gx-no-cache=1521040926491 HTTP/1.1" 200 16899
186.103.159.182 - - [14/Mar/2018:12:22:58 -0300] "GET /cormun/servlet/trautorizarsolicitud? HTTP/1.1" 200 8577
186.103.159.182 - - [14/Mar/2018:12:23:00 -0300] "GET /cormun/servlet/trautorizarsolicitud? HTTP/1.1" 200 8576
186.103.159.182 - - [14/Mar/2018:12:23:03 -0300] "POST /cormun/servlet/trautorizarsolicitud?a6d283dc08ec1bd3995c992981e6300d,,gx-no-cache=1521040874582 HTTP/1.1" 200 4324
186.103.159.182 - - [14/Mar/2018:12:23:03 -0300] "GET /cormun/static/Shared/jqueryui/images/ui-icons_82798d_256x240.png HTTP/1.1" 404 1089
186.103.159.182 - - [14/Mar/2018:12:23:03 -0300] "GET /cormun/static/Shared/jqueryui/images/ui-bg_flat_55_fafafa_40x100.png HTTP/1.1" 404 1097
186.103.159.182 - - [14/Mar/2018:12:23:03 -0300] "GET /cormun/static/Shared/jqueryui/images/ui-icons_8d78a5_256x240.png HTTP/1.1" 404 1089
186.103.159.182 - - [14/Mar/2018:12:23:03 -0300] "GET /cormun/static/Shared/jqueryui/images/ui-bg_highlight-soft_100_c6c2c8_1x100.png HTTP/1.1" 404 1117
186.103.159.182 - - [14/Mar/2018:12:23:03 -0300] "POST /cormun/servlet/trautorizarsolicitud?a6d283dc08ec1bd3995c992981e6300d,,gx-no-cache=1521040875436 HTTP/1.1" 200 4105
200.86.95.220 - - [14/Mar/2018:12:23:06 -0300] "POST /cormun/servlet/trcontratounov2?03323056ec281ac132101060139cdd91,,gx-no-cache=1521040936660 HTTP/1.1" 200 16898
200.86.95.220 - - [14/Mar/2018:12:23:18 -0300] "POST /cormun/servlet/trcontratounov2?03323056ec281ac132101060139cdd91,,gx-no-cache=1521040948890 HTTP/1.1" 200 16894
186.103.161.206 - - [14/Mar/2018:12:23:20 -0300] "POST /cormun/servlet/trsolicitudot?652ae225691c979a5c81caa1116dca9d,gx-no-cache=1521039640111,gx-no-cache=1521040947930 HTTP/1.1" 200 107
186.103.161.206 - - [14/Mar/2018:12:23:21 -0300] "GET /cormun/servlet/trsolicitudadjuntos?2018,9730, HTTP/1.1" 200 6278
186.103.161.206 - - [14/Mar/2018:12:23:21 -0300] "GET /cormun/servlet/trsolicitudadjuntos?2018,9730, HTTP/1.1" 200 6258
200.86.95.220 - - [14/Mar/2018:12:23:25 -0300] "POST /cormun/servlet/trcontratounov2?03323056ec281ac132101060139cdd91,,gx-no-cache=1521040956292 HTTP/1.1" 200 16894
186.103.161.206 - - [14/Mar/2018:12:23:25 -0300] "POST /cormun/servlet/trsolicitudadjuntos?652ae225691c979a5c81caa1116dca9d,2018,9730,,gx-no-cache=1521040954000 HTTP/1.1" 200 90
186.103.161.206 - - [14/Mar/2018:12:23:26 -0300] "GET /cormun/servlet/hpexe_link HTTP/1.1" 200 988
186.103.161.206 - - [14/Mar/2018:12:23:26 -0300] "GET /cormun/servlet/trsolicitudot?gx-no-cache=1521039640111 HTTP/1.1" 200 22514
186.103.161.206 - - [14/Mar/2018:12:23:27 -0300] "GET /cormun/servlet/trsolicitudot?gx-no-cache=1521039640111 HTTP/1.1" 200 22533
190.151.124.170 - - [14/Mar/2018:12:23:30 -0300] "POST /cormun/servlet/solicitudot?gx-no-cache=1521040955992 HTTP/1.1" 200 1319
190.151.124.170 - - [14/Mar/2018:12:23:30 -0300] "POST /cormun/servlet/solicitudot?gx-no-cache=1521040956446 HTTP/1.1" 200 1218
190.151.124.170 - - [14/Mar/2018:12:23:30 -0300] "GET /cormun/static/menuarrow.gif HTTP/1.1" 404 1015
190.151.124.170 - - [14/Mar/2018:12:23:32 -0300] "POST /cormun/servlet/solicitudot?gx-no-cache=1521040958913 HTTP/1.1" 200 1319
190.151.124.170 - - [14/Mar/2018:12:23:32 -0300] "POST /cormun/servlet/solicitudot?gx-no-cache=1521040959026 HTTP/1.1" 200 1218
186.103.161.206 - - [14/Mar/2018:12:23:33 -0300] "GET /cormun/servlet/vesolicitudot?2018,9729,, HTTP/1.1" 200 8590
186.103.161.206 - - [14/Mar/2018:12:23:33 -0300] "GET /cormun/pexe_scrolldiv.js HTTP/1.1" 404 1009
186.103.161.206 - - [14/Mar/2018:12:23:34 -0300] "GET /cormun/servlet/vesolicitudot?2018,9729,, HTTP/1.1" 200 8568
200.86.95.220 - - [14/Mar/2018:12:23:35 -0300] "GET /cormun/servlet/trsolicitudot? HTTP/1.1" 200 10303
190.151.124.170 - - [14/Mar/2018:12:23:36 -0300] "GET /cormun/servlet/solicitudot?095b45b12a8f15747c492057b26c89ca9db9aebc8c4ee8fc7079eb9342402f266ffe2aa90ef2d6b3621c63ef0f0f1abd,gx-no-cache=1521040962557 HTTP/1.1" 200 30
200.86.95.220 - - [14/Mar/2018:12:23:37 -0300] "GET /cormun/servlet/trsolicitudot? HTTP/1.1" 200 10302
200.111.122.170 - - [14/Mar/2018:12:23:41 -0300] "POST /cormun/servlet/vesolicitudot?652ae225691c979a5c81caa1116dca9d,2018,9729,,,gx-no-cache=1521040969570 HTTP/1.1" 200 90
200.111.122.170 - - [14/Mar/2018:12:23:41 -0300] "GET /cormun/servlet/hpexe_link HTTP/1.1" 200 985
200.111.122.170 - - [14/Mar/2018:12:23:42 -0300] "GET /cormun/servlet/trsolicitudot?gx-no-cache=1521039640111 HTTP/1.1" 200 22514
200.111.122.170 - - [14/Mar/2018:12:23:43 -0300] "GET /cormun/servlet/trsolicitudot?gx-no-cache=1521039640111 HTTP/1.1" 200 22533
200.111.122.170 - - [14/Mar/2018:12:23:48 -0300] "POST /cormun/servlet/trsolicitudot?652ae225691c979a5c81caa1116dca9d,gx-no-cache=1521039640111,gx-no-cache=1521040975611 HTTP/1.1" 200 106
200.111.122.170 - - [14/Mar/2018:12:23:48 -0300] "GET /cormun/servlet/trsolicitudadjuntos?2018,9729, HTTP/1.1" 200 6279
200.111.122.170 - - [14/Mar/2018:12:23:49 -0300] "GET /cormun/servlet/trsolicitudadjuntos?2018,9729, HTTP/1.1" 200 6259
190.151.124.170 - - [14/Mar/2018:12:23:50 -0300] "POST /cormun/servlet/solicitudot?gx-no-cache=1521040976251 HTTP/1.1" 200 30
200.86.95.220 - - [14/Mar/2018:12:23:51 -0300] "POST /cormun/servlet/trsolicitudot?03323056ec281ac132101060139cdd91,,gx-no-cache=1521040981791 HTTP/1.1" 200 15887
200.111.122.170 - - [14/Mar/2018:12:23:53 -0300] "POST /cormun/servlet/trsolicitudadjuntos?652ae225691c979a5c81caa1116dca9d,2018,9729,,gx-no-cache=1521040980768 HTTP/1.1" 200 90
200.111.122.170 - - [14/Mar/2018:12:23:53 -0300] "GET /cormun/servlet/hpexe_link HTTP/1.1" 200 988
200.111.122.170 - - [14/Mar/2018:12:23:53 -0300] "GET /cormun/servlet/trsolicitudot?gx-no-cache=1521039640111 HTTP/1.1" 200 22514
200.111.122.170 - - [14/Mar/2018:12:23:54 -0300] "GET /cormun/servlet/trsolicitudot?gx-no-cache=1521039640111 HTTP/1.1" 200 22533
186.103.132.155 - - [14/Mar/2018:12:24:00 -0300] "POST /cormun/servlet/trsolicitudot?652ae225691c979a5c81caa1116dca9d,gx-no-cache=1521039640111,gx-no-cache=1521040986678 HTTP/1.1" 200 106
186.103.132.155 - - [14/Mar/2018:12:24:00 -0300] "GET /cormun/servlet/trsolicitudadjuntos?2018,9728, HTTP/1.1" 200 6279
186.103.132.155 - - [14/Mar/2018:12:24:01 -0300] "GET /cormun/servlet/trsolicitudadjuntos?2018,9728, HTTP/1.1" 200 6258
190.151.100.218 - - [14/Mar/2018:12:24:35 -0300] "POST /cormun/servlet/trsolicitudadjuntos?652ae225691c979a5c81caa1116dca9d,2018,9728,,gx-no-cache=1521041022972 HTTP/1.1" 200 90
190.151.100.218 - - [14/Mar/2018:12:24:35 -0300] "GET /cormun/servlet/hpexe_link HTTP/1.1" 200 988
190.151.100.218 - - [14/Mar/2018:12:24:35 -0300] "GET /cormun/servlet/trsolicitudot?gx-no-cache=1521039640111 HTTP/1.1" 200 22514
190.151.100.218 - - [14/Mar/2018:12:24:37 -0300] "GET /cormun/servlet/trsolicitudot?gx-no-cache=1521039640111 HTTP/1.1" 200 22533
186.103.196.84 - - [14/Mar/2018:12:24:47 -0300] "POST /cormun/servlet/solicitudot?4a8d93ddd103984f5eed71aec5a49463,INS,0,0,,gx-no-cache=1521041033293 HTTP/1.1" 200 93
186.103.196.84 - - [14/Mar/2018:12:24:47 -0300] "GET /cormun/servlet/hpexe_return? HTTP/1.1" 200 1008
186.103.196.84 - - [14/Mar/2018:12:24:47 -0300] "GET /cormun/servlet/trsolicitudot? HTTP/1.1" 200 8786
186.103.196.84 - - [14/Mar/2018:12:24:48 -0300] "GET /cormun/servlet/trsolicitudot? HTTP/1.1" 200 8782
200.54.18.125 - - [14/Mar/2018:12:25:34 -0300] "POST /cormun/servlet/trsolicitudot?4a8d93ddd103984f5eed71aec5a49463,,gx-no-cache=1521041080521 HTTP/1.1" 200 107
200.54.18.125 - - [14/Mar/2018:12:25:34 -0300] "GET /cormun/servlet/trsolicitudadjuntos?2018,10467, HTTP/1.1" 200 6303
200.54.18.125 - - [14/Mar/2018:12:25:34 -0300] "GET /cormun/servlet/trsolicitudadjuntos?2018,10467, HTTP/1.1" 200 6303
152.231.70.146 - - [14/Mar/2018:12:25:36 -0300] "GET /cormun/servlet/solicitudotadjuntos?INS,2018,10467,,1, HTTP/1.1" 200 6249
152.231.70.146 - - [14/Mar/2018:12:25:36 -0300] "GET /cormun/static/about:blank HTTP/1.1" 404 1011
152.231.70.146 - - [14/Mar/2018:12:25:37 -0300] "GET /cormun/servlet/solicitudotadjuntos?INS,2018,10467,,1, HTTP/1.1" 200 6243
186.103.196.84 - - [14/Mar/2018:12:25:37 -0300] "GET /cormun/servlet/solicitudotadjuntos?095b45b12a8f15747c492057b26c89caa3e33d11221e98b6e3f44a982ef01a86782eeb621ca9b43d2cffffaa23318179,gx-no-cache=1521041083711 HTTP/1.1" 200 30
186.103.196.84 - - [14/Mar/2018:12:25:37 -0300] "POST /cormun/servlet/solicitudotadjuntos?4a8d93ddd103984f5eed71aec5a49463,INS,2018,10467,,1,,gx-no-cache=1521041083828 HTTP/1.1" 200 3990
186.103.157.39 - - [14/Mar/2018:12:27:27 -0300] "GET /cormun/servlet/solicitudotadjuntos?INS,2018,10460,,2, HTTP/1.1" 200 5287
186.103.157.39 - - [14/Mar/2018:12:27:28 -0300] "GET /cormun/static/about:blank HTTP/1.1" 404 1011
186.103.157.39 - - [14/Mar/2018:12:27:28 -0300] "GET /cormun/servlet/solicitudotadjuntos?INS,2018,10460,,2, HTTP/1.1" 200 5279
186.103.157.39 - - [14/Mar/2018:12:27:28 -0300] "GET /cormun/servlet/hlogin HTTP/1.1" 200 1754
186.103.157.39 - - [14/Mar/2018:12:27:45 -0300] "POST /cormun/servlet/hlogin?3e0adb8ec4d4d1a681c6b3190dd121c1,gx-no-cache=1521041215283 HTTP/1.1" 200 90
186.103.157.39 - - [14/Mar/2018:12:27:45 -0300] "GET /cormun/servlet/hpexe_link HTTP/1.1" 200 974
186.103.157.39 - - [14/Mar/2018:12:27:46 -0300] "GET /cormun/servlet/solicitudotadjuntos?INS,2018,10460,,2, HTTP/1.1" 200 5812
186.103.157.39 - - [14/Mar/2018:12:27:46 -0300] "GET /cormun/static/about:blank HTTP/1.1" 404 1011
186.103.157.39 - - [14/Mar/2018:12:27:46 -0300] "GET /cormun/servlet/solicitudotadjuntos?INS,2018,10460,,2, HTTP/1.1" 200 5811
186.103.157.39 - - [14/Mar/2018:12:27:47 -0300] "GET /cormun/servlet/solicitudotadjuntos?72b5223bdf82c8cef9a26c6589952a3acfc499b50586b1716133848db269cbd652dadc1f9811a834f50a7cde928f0ba0,gx-no-cache=1521041216951 HTTP/1.1" 200 30
186.103.157.39 - - [14/Mar/2018:12:27:47 -0300] "POST /cormun/servlet/solicitudotadjuntos?3e0adb8ec4d4d1a681c6b3190dd121c1,INS,2018,10460,,2,,gx-no-cache=1521041217063 HTTP/1.1" 200 3731
186.103.157.39 - - [14/Mar/2018:12:27:56 -0300] "GET /cormun/servlet/trsolicitudot? HTTP/1.1" 200 8588
186.103.157.39 - - [14/Mar/2018:12:27:57 -0300] "GET /cormun/servlet/trsolicitudot? HTTP/1.1" 200 8577
186.103.157.39 - - [14/Mar/2018:12:27:59 -0300] "POST /cormun/servlet/trsolicitudot?3e0adb8ec4d4d1a681c6b3190dd121c1,,gx-no-cache=1521041229370 HTTP/1.1" 200 107
186.103.157.39 - - [14/Mar/2018:12:28:00 -0300] "GET /cormun/servlet/trsolicitudadjuntos?2018,10460, HTTP/1.1" 200 9306
186.103.157.39 - - [14/Mar/2018:12:28:01 -0300] "GET /cormun/servlet/trsolicitudadjuntos?2018,10460, HTTP/1.1" 200 9309
186.103.157.39 - - [14/Mar/2018:12:28:06 -0300] "GET /cormun/servlet/solicitudotadjuntos?INS,2018,10460,,2, HTTP/1.1" 200 5817
186.103.157.39 - - [14/Mar/2018:12:28:07 -0300] "GET /cormun/static/about:blank HTTP/1.1" 404 1011
186.103.157.39 - - [14/Mar/2018:12:28:07 -0300] "GET /cormun/servlet/solicitudotadjuntos?INS,2018,10460,,2, HTTP/1.1" 200 5811
186.103.157.39 - - [14/Mar/2018:12:28:07 -0300] "GET /cormun/servlet/solicitudotadjuntos?72b5223bdf82c8cef9a26c6589952a3acfc499b50586b1716133848db269cbd652dadc1f9811a834f50a7cde928f0ba0,gx-no-cache=1521041237381 HTTP/1.1" 200 30
186.103.157.39 - - [14/Mar/2018:12:28:08 -0300] "POST /cormun/servlet/solicitudotadjuntos?3e0adb8ec4d4d1a681c6b3190dd121c1,INS,2018,10460,,2,,gx-no-cache=1521041237439 HTTP/1.1" 200 3742
186.103.157.39 - - [14/Mar/2018:12:28:17 -0300] "POST /cormun/servlet/solicitudotadjuntos?gx-no-cache=1521041247048 HTTP/1.1" 200 26
186.103.159.183 - - [14/Mar/2018:12:28:51 -0300] "GET /cormun/servlet/hlogin HTTP/1.1" 200 1740
157.55.39.200 - - [14/Mar/2018:12:29:05 -0300] "GET /cormun/servlet/solicitudot?INS,0,0, HTTP/1.1" 200 12622
186.103.157.39 - - [14/Mar/2018:12:29:12 -0300] "GET /cormun/servlet/solicitudotadjuntos?72b5223bdf82c8cef9a26c6589952a3a4d3c92b826890517dcac7b7b16ef204a,gx-no-cache=1521041302121 HTTP/1.1" 200 30
186.103.157.39 - - [14/Mar/2018:12:29:12 -0300] "GET /cormun/servlet/solicitudotadjuntos?72b5223bdf82c8cef9a26c6589952a3a4d3c92b826890517dcac7b7b16ef204a,gx-no-cache=1521041302281 HTTP/1.1" 200 30
186.103.157.39 - - [14/Mar/2018:12:29:17 -0300] "POST /cormun/servlet/solicitudotadjuntos?3e0adb8ec4d4d1a681c6b3190dd121c1,INS,2018,10460,,2, HTTP/1.1" 200 116
186.103.157.39 - - [14/Mar/2018:12:29:17 -0300] "GET /cormun/servlet/hpexe_return? HTTP/1.1" 200 1017
186.103.157.39 - - [14/Mar/2018:12:29:18 -0300] "GET /cormun/servlet/hhome HTTP/1.1" 200 3941
186.103.157.39 - - [14/Mar/2018:12:29:18 -0300] "GET /cormun/servlet/hhome HTTP/1.1" 200 3936
186.103.159.182 - - [14/Mar/2018:12:29:19 -0300] "GET /cormun/servlet/trcontratosolicitud? HTTP/1.1" 200 14638
186.103.159.182 - - [14/Mar/2018:12:29:21 -0300] "GET /cormun/servlet/trcontratosolicitud? HTTP/1.1" 200 14640
186.103.157.39 - - [14/Mar/2018:12:29:30 -0300] "GET /cormun/servlet/trsolicitudot? HTTP/1.1" 200 8585
186.103.157.39 - - [14/Mar/2018:12:29:31 -0300] "GET /cormun/servlet/trsolicitudot? HTTP/1.1" 200 8583
186.103.157.39 - - [14/Mar/2018:12:29:37 -0300] "POST /cormun/servlet/trsolicitudot?3e0adb8ec4d4d1a681c6b3190dd121c1,,gx-no-cache=1521041327210 HTTP/1.1" 200 107
186.103.157.39 - - [14/Mar/2018:12:29:37 -0300] "GET /cormun/servlet/trsolicitudadjuntos?2018,10460, HTTP/1.1" 200 9622
186.103.157.39 - - [14/Mar/2018:12:29:39 -0300] "GET /cormun/servlet/trsolicitudadjuntos?2018,10460, HTTP/1.1" 200 9629
186.103.159.182 - - [14/Mar/2018:12:29:54 -0300] "POST /cormun/servlet/trcontratosolicitud?a6d283dc08ec1bd3995c992981e6300d,,gx-no-cache=1521041284826 HTTP/1.1" 200 8188
186.103.157.39 - - [14/Mar/2018:12:29:59 -0300] "GET /cormun/servlet/trsolicitudot? HTTP/1.1" 200 8585
186.103.157.39 - - [14/Mar/2018:12:30:00 -0300] "GET /cormun/servlet/trsolicitudot? HTTP/1.1" 200 8583
186.103.157.39 - - [14/Mar/2018:12:30:08 -0300] "GET /cormun/servlet/hhome HTTP/1.1" 200 3941
186.103.157.39 - - [14/Mar/2018:12:30:08 -0300] "GET /cormun/servlet/hhome HTTP/1.1" 200 3936
186.103.157.39 - - [14/Mar/2018:12:30:13 -0300] "GET /cormun/servlet/trsolicitudot? HTTP/1.1" 200 8585
186.103.157.39 - - [14/Mar/2018:12:30:14 -0300] "GET /cormun/servlet/trsolicitudot? HTTP/1.1" 200 8583
186.103.157.39 - - [14/Mar/2018:12:30:17 -0300] "POST /cormun/servlet/trsolicitudot?3e0adb8ec4d4d1a681c6b3190dd121c1,,gx-no-cache=1521041366790 HTTP/1.1" 200 5719
186.103.157.39 - - [14/Mar/2018:12:30:17 -0300] "GET /cormun/static/Shared/jqueryui/images/ui-bg_flat_55_fafafa_40x100.png HTTP/1.1" 404 1097
186.103.157.39 - - [14/Mar/2018:12:30:17 -0300] "GET /cormun/static/Shared/jqueryui/images/ui-icons_8d78a5_256x240.png HTTP/1.1" 404 1089
186.103.159.182 - - [14/Mar/2018:12:30:19 -0300] "POST /cormun/servlet/trcontratosolicitud?a6d283dc08ec1bd3995c992981e6300d,,gx-no-cache=1521041310856 HTTP/1.1" 200 11407
186.103.157.39 - - [14/Mar/2018:12:30:24 -0300] "POST /cormun/servlet/trsolicitudot?3e0adb8ec4d4d1a681c6b3190dd121c1,,gx-no-cache=1521041373125 HTTP/1.1" 200 107
186.103.157.39 - - [14/Mar/2018:12:30:24 -0300] "GET /cormun/servlet/trsolicitudadjuntos?2018,10460, HTTP/1.1" 200 9625
186.103.157.39 - - [14/Mar/2018:12:30:25 -0300] "GET /cormun/servlet/trsolicitudadjuntos?2018,10460, HTTP/1.1" 200 9626
186.103.157.39 - - [14/Mar/2018:12:30:29 -0300] "GET /cormun/servlet/solicitudotadjuntos?INS,2018,10460,,1, HTTP/1.1" 200 5984
186.103.157.39 - - [14/Mar/2018:12:30:30 -0300] "GET /cormun/static/about:blank HTTP/1.1" 404 1011
