186.103.159.183 - - [14/Mar/2018:12:51:30 -0300] "GET /cormun/static/SmoothNavMenu/resources/images/right.gif HTTP/1.1" 200 860
186.103.159.183 - - [14/Mar/2018:12:51:30 -0300] "GET /cormun/servlet/trlicencias? HTTP/1.1" 200 8917
186.103.159.183 - - [14/Mar/2018:12:51:31 -0300] "GET /cormun/static/Shared/ext/resources/themes/images/default/panel/bg-headersPanel.png HTTP/1.1" 200 255
186.103.159.183 - - [14/Mar/2018:12:51:31 -0300] "GET /cormun/static/Shared/ext/resources/themes/images/default/tools/tool-sprites.gif HTTP/1.1" 200 5434
186.103.159.183 - - [14/Mar/2018:12:51:41 -0300] "GET /cormun/servlet/trsolicitudot? HTTP/1.1" 200 7407
186.103.159.183 - - [14/Mar/2018:12:51:41 -0300] "GET /cormun/static/gxui/gxui-all.css?120300 HTTP/1.1" 200 2179
186.103.159.183 - - [14/Mar/2018:12:51:41 -0300] "GET /cormun/static/calendar-system.css?85620 HTTP/1.1" 200 5572
186.103.159.183 - - [14/Mar/2018:12:51:41 -0300] "GET /cormun/static/Resources/Spanish/PXTools.css?1255365 HTTP/1.1" 200 89042
186.103.159.183 - - [14/Mar/2018:12:51:41 -0300] "GET /cormun/static/gxcfg.js?2017111422585916 HTTP/1.1" 200 953
186.103.159.183 - - [14/Mar/2018:12:51:41 -0300] "GET /cormun/static/trsolicitudot.js?201711142259839 HTTP/1.1" 200 54041
186.103.159.183 - - [14/Mar/2018:12:51:41 -0300] "GET /cormun/static/Shared/ext/resources/css/ext-all.css?215870 HTTP/1.1" 200 416045
186.103.159.183 - - [14/Mar/2018:12:51:42 -0300] "GET /cormun/servlet/trsolicitudot? HTTP/1.1" 200 7407
186.103.159.183 - - [14/Mar/2018:12:51:46 -0300] "GET /cormun/servlet/solicitudot?INS,0,0, HTTP/1.1" 200 13641
186.103.159.183 - - [14/Mar/2018:12:51:46 -0300] "GET /cormun/static/gxcfg.js?201812313224582 HTTP/1.1" 200 953
186.103.159.183 - - [14/Mar/2018:12:51:46 -0300] "GET /cormun/static/Resources/prompt.gif HTTP/1.1" 200 902
186.103.159.183 - - [14/Mar/2018:12:51:46 -0300] "GET /cormun/static/solicitudot.js?201812313224831 HTTP/1.1" 200 72336
186.103.159.183 - - [14/Mar/2018:12:51:47 -0300] "GET /cormun/servlet/solicitudot?INS,0,0, HTTP/1.1" 200 13646
186.103.159.183 - - [14/Mar/2018:12:52:01 -0300] "POST /cormun/servlet/solicitudot?gx-no-cache=1521042672320 HTTP/1.1" 200 3284
186.103.159.183 - - [14/Mar/2018:12:52:02 -0300] "POST /cormun/servlet/solicitudot?9fff4b19a0a181930264f1697e5fddff,INS,0,0,,gx-no-cache=1521042672533 HTTP/1.1" 200 10445
186.103.159.183 - - [14/Mar/2018:12:52:14 -0300] "GET /cormun/servlet/solicitudot?fc4a8c98b5b30cec19c469da4d69525c014408f5873fc5a3373ce7604d546d05b844ba84b81020a2169258d8d05f6a80,gx-no-cache=1521042684695 HTTP/1.1" 200 111
186.103.159.183 - - [14/Mar/2018:12:52:14 -0300] "GET /cormun/static/Shared/jqueryui/images/ui-bg_highlight-soft_100_c6c2c8_1x100.png HTTP/1.1" 404 1117
186.103.159.183 - - [14/Mar/2018:12:52:14 -0300] "GET /cormun/static/Shared/jqueryui/images/ui-icons_82798d_256x240.png HTTP/1.1" 404 1089
186.103.159.183 - - [14/Mar/2018:12:52:14 -0300] "GET /cormun/static/Shared/jqueryui/images/ui-bg_flat_55_994d53_40x100.png HTTP/1.1" 404 1097
186.103.159.183 - - [14/Mar/2018:12:52:14 -0300] "GET /cormun/static/Shared/jqueryui/images/ui-icons_ebccce_256x240.png HTTP/1.1" 404 1089
192.168.10.96 - - [14/Mar/2018:12:52:22 -0300] "GET /cormun/servlet/trsolicitudgral? HTTP/1.1" 500 10
192.168.10.96 - - [14/Mar/2018:12:52:25 -0300] "GET /cormun/servlet/hlogin HTTP/1.1" 200 1715
192.168.10.96 - - [14/Mar/2018:12:52:35 -0300] "POST /cormun/servlet/hlogin?e67cfcb277f97685c7d2fe5d9ca59737,gx-no-cache=1521042591835 HTTP/1.1" 200 90
192.168.10.96 - - [14/Mar/2018:12:52:35 -0300] "GET /cormun/servlet/hpexe_link HTTP/1.1" 200 944
192.168.10.96 - - [14/Mar/2018:12:52:35 -0300] "GET /cormun/servlet/hhome HTTP/1.1" 200 4697
192.168.10.96 - - [14/Mar/2018:12:52:36 -0300] "GET /cormun/servlet/hhome HTTP/1.1" 200 4696
192.168.10.96 - - [14/Mar/2018:12:52:40 -0300] "GET /cormun/servlet/trsolicitudgral? HTTP/1.1" 200 28951
186.103.159.183 - - [14/Mar/2018:12:52:41 -0300] "POST /cormun/servlet/solicitudot?gx-no-cache=1521042711174 HTTP/1.1" 200 3285
186.103.159.183 - - [14/Mar/2018:12:52:41 -0300] "POST /cormun/servlet/solicitudot?9fff4b19a0a181930264f1697e5fddff,INS,0,0,,gx-no-cache=1521042711612 HTTP/1.1" 200 10500
186.103.159.183 - - [14/Mar/2018:12:52:41 -0300] "GET /cormun/servlet/solicitudot?fc4a8c98b5b30cec19c469da4d69525c70e7cb2983388c6a3335f015a53ea673b844ba84b81020a2169258d8d05f6a80,gx-no-cache=1521042711873 HTTP/1.1" 200 111
192.168.10.96 - - [14/Mar/2018:12:52:41 -0300] "GET /cormun/servlet/trsolicitudgral? HTTP/1.1" 200 28949
186.103.159.183 - - [14/Mar/2018:12:52:44 -0300] "GET /cormun/servlet/solicitudot?fc4a8c98b5b30cec19c469da4d69525c2c2c4654437562a7050b848c379614fab844ba84b81020a2169258d8d05f6a80,gx-no-cache=1521042714477 HTTP/1.1" 200 30
186.67.164.142 - - [14/Mar/2018:12:53:32 -0300] "GET /cormun/servlet/hlogin HTTP/1.1" 200 1722
186.103.159.189 - - [14/Mar/2018:12:53:55 -0300] "GET /cormun/servlet/hlogin HTTP/1.1" 200 1725
186.67.164.142 - - [14/Mar/2018:12:53:56 -0300] "POST /cormun/servlet/hlogin?02b091d93058ae068b7ae24364008d9a,gx-no-cache=1521042785914 HTTP/1.1" 200 90
186.67.164.142 - - [14/Mar/2018:12:53:56 -0300] "GET /cormun/servlet/hpexe_link HTTP/1.1" 200 952
186.67.164.142 - - [14/Mar/2018:12:53:56 -0300] "GET /cormun/servlet/hhome HTTP/1.1" 200 4171
186.67.164.142 - - [14/Mar/2018:12:53:57 -0300] "GET /cormun/servlet/hhome HTTP/1.1" 200 4167
186.67.164.142 - - [14/Mar/2018:12:53:58 -0300] "GET /cormun/servlet/trautorizarsolicitud? HTTP/1.1" 200 8654
186.67.164.142 - - [14/Mar/2018:12:53:59 -0300] "GET /cormun/servlet/trautorizarsolicitud? HTTP/1.1" 200 8652
192.168.10.89 - - [14/Mar/2018:12:54:03 -0300] "POST /cormun/servlet/trsolicitudgral?babdef60573024eb26402f316531d823,,gx-no-cache=1521042679993 HTTP/1.1" 200 7739
186.67.164.142 - - [14/Mar/2018:12:54:06 -0300] "POST /cormun/servlet/trautorizarsolicitud?02b091d93058ae068b7ae24364008d9a,,gx-no-cache=1521042796157 HTTP/1.1" 200 4613
186.67.164.142 - - [14/Mar/2018:12:54:06 -0300] "GET /cormun/static/Shared/jqueryui/images/ui-bg_highlight-soft_100_c6c2c8_1x100.png HTTP/1.1" 404 1117
186.67.164.142 - - [14/Mar/2018:12:54:06 -0300] "GET /cormun/static/Shared/jqueryui/images/ui-icons_82798d_256x240.png HTTP/1.1" 404 1089
186.67.164.142 - - [14/Mar/2018:12:54:06 -0300] "GET /cormun/static/Shared/jqueryui/images/ui-bg_flat_55_fafafa_40x100.png HTTP/1.1" 404 1097
186.67.164.142 - - [14/Mar/2018:12:54:06 -0300] "GET /cormun/static/Shared/jqueryui/images/ui-icons_8d78a5_256x240.png HTTP/1.1" 404 1089
186.67.164.142 - - [14/Mar/2018:12:54:06 -0300] "POST /cormun/servlet/trautorizarsolicitud?02b091d93058ae068b7ae24364008d9a,,gx-no-cache=1521042796460 HTTP/1.1" 200 4394
186.103.159.189 - - [14/Mar/2018:12:54:09 -0300] "POST /cormun/servlet/hlogin?9d1458ce300f67ade1a03c1c56687cd1,gx-no-cache=1521042800792 HTTP/1.1" 200 90
186.103.159.189 - - [14/Mar/2018:12:54:09 -0300] "GET /cormun/servlet/hpexe_link HTTP/1.1" 200 954
186.103.159.189 - - [14/Mar/2018:12:54:10 -0300] "GET /cormun/servlet/hhome HTTP/1.1" 200 3986
186.103.159.189 - - [14/Mar/2018:12:54:12 -0300] "GET /cormun/servlet/hhome HTTP/1.1" 200 3982
192.168.10.89 - - [14/Mar/2018:12:54:15 -0300] "POST /cormun/servlet/trsolicitudgral?babdef60573024eb26402f316531d823,,gx-no-cache=1521042691350 HTTP/1.1" 200 10305
192.168.10.89 - - [14/Mar/2018:12:54:19 -0300] "GET /cormun/servlet/vesolicitudgral?2018,9217,, HTTP/1.1" 200 9467
192.168.10.89 - - [14/Mar/2018:12:54:19 -0300] "GET /cormun/pexe_scrolldiv.js HTTP/1.1" 404 1009
192.168.10.89 - - [14/Mar/2018:12:54:21 -0300] "GET /cormun/servlet/vesolicitudgral?2018,9217,,SolicitudOTAdjuntos HTTP/1.1" 200 11667
192.168.10.89 - - [14/Mar/2018:12:54:21 -0300] "GET /cormun/pexe_scrolldiv.js HTTP/1.1" 404 1009
192.168.10.89 - - [14/Mar/2018:12:54:23 -0300] "POST /cormun/servlet/acontrolpreferencessavestate?None,CDROGUETT,true HTTP/1.1" 200 35
186.103.159.189 - - [14/Mar/2018:12:54:29 -0300] "GET /cormun/servlet/trsolicitudot? HTTP/1.1" 200 7196
192.168.10.89 - - [14/Mar/2018:12:54:29 -0300] "GET /cormun/PublicTempStorage/curriculum_carolina_villegas_toledo_%281%294190110.pdf HTTP/1.1" 200 238163
186.103.159.189 - - [14/Mar/2018:12:54:30 -0300] "GET /cormun/servlet/trsolicitudot? HTTP/1.1" 200 7195
186.103.159.189 - - [14/Mar/2018:12:54:33 -0300] "GET /cormun/servlet/solicitudot?INS,0,0, HTTP/1.1" 200 13433
186.103.159.189 - - [14/Mar/2018:12:54:35 -0300] "GET /cormun/servlet/solicitudot?INS,0,0, HTTP/1.1" 200 13438
192.168.10.89 - - [14/Mar/2018:12:54:41 -0300] "GET /cormun/servlet/vesolicitudgral?2018,9217,,SolicitudOTAdjuntos HTTP/1.1" 200 11668
192.168.10.89 - - [14/Mar/2018:12:54:41 -0300] "GET /cormun/pexe_scrolldiv.js HTTP/1.1" 404 1009
192.168.10.89 - - [14/Mar/2018:12:54:42 -0300] "POST /cormun/servlet/acontrolpreferencessavestate?None,CDROGUETT,true HTTP/1.1" 200 35
192.168.10.89 - - [14/Mar/2018:12:54:47 -0300] "GET /cormun/PublicTempStorage/afiliacion_1548242433539781.PDF HTTP/1.1" 200 22284
192.168.10.89 - - [14/Mar/2018:12:54:52 -0300] "GET /cormun/servlet/vesolicitudgral?2018,9217,,SolicitudOTAdjuntos HTTP/1.1" 200 11669
192.168.10.89 - - [14/Mar/2018:12:54:53 -0300] "GET /cormun/pexe_scrolldiv.js HTTP/1.1" 404 1009
192.168.10.89 - - [14/Mar/2018:12:54:55 -0300] "POST /cormun/servlet/acontrolpreferencessavestate?None,CDROGUETT,true HTTP/1.1" 200 35
192.168.10.89 - - [14/Mar/2018:12:54:56 -0300] "GET /cormun/PublicTempStorage/verpdf9496252.pdf HTTP/1.1" 200 60073
192.168.10.89 - - [14/Mar/2018:12:55:01 -0300] "GET /cormun/servlet/vesolicitudgral?2018,9217,,SolicitudOTAdjuntos HTTP/1.1" 200 11666
192.168.10.89 - - [14/Mar/2018:12:55:01 -0300] "GET /cormun/pexe_scrolldiv.js HTTP/1.1" 404 1009
192.168.10.89 - - [14/Mar/2018:12:55:03 -0300] "POST /cormun/servlet/acontrolpreferencessavestate?None,CDROGUETT,true HTTP/1.1" 200 35
186.103.159.182 - - [14/Mar/2018:12:55:27 -0300] "GET /cormun/servlet/trsolicitudot? HTTP/1.1" 200 7472
186.103.159.189 - - [14/Mar/2018:12:55:27 -0300] "POST /cormun/servlet/solicitudot?gx-no-cache=1521042878374 HTTP/1.1" 200 3284
186.103.159.189 - - [14/Mar/2018:12:55:28 -0300] "POST /cormun/servlet/solicitudot?9d1458ce300f67ade1a03c1c56687cd1,INS,0,0,,gx-no-cache=1521042878709 HTTP/1.1" 200 10256
186.103.159.182 - - [14/Mar/2018:12:55:28 -0300] "GET /cormun/servlet/trsolicitudot? HTTP/1.1" 200 7472
186.67.164.142 - - [14/Mar/2018:12:55:31 -0300] "GET /cormun/servlet/solicitudot?INS,0,0, HTTP/1.1" 200 12655
186.67.164.142 - - [14/Mar/2018:12:55:32 -0300] "GET /cormun/servlet/hlogin HTTP/1.1" 200 1748
186.67.164.142 - - [14/Mar/2018:12:55:32 -0300] "GET /cormun/servlet/solicitudot?INS,0,0, HTTP/1.1" 200 12662
186.103.159.189 - - [14/Mar/2018:12:55:38 -0300] "GET /cormun/servlet/solicitudot?c70885e3098fb34f1f79e3024ef29d6ed4cae7462fc19198d6326e3bc130d385e688c26371e2409445060e1b79c65c69,gx-no-cache=1521042889275 HTTP/1.1" 200 30
186.103.159.182 - - [14/Mar/2018:12:55:40 -0300] "POST /cormun/servlet/trsolicitudot?a6d283dc08ec1bd3995c992981e6300d,,gx-no-cache=1521042832516 HTTP/1.1" 200 5836
186.67.164.142 - - [14/Mar/2018:12:55:51 -0300] "POST /cormun/servlet/hlogin?8c75628aac99face1d87db2aafcea300,gx-no-cache=1521042901216 HTTP/1.1" 200 90
186.67.164.142 - - [14/Mar/2018:12:55:51 -0300] "GET /cormun/servlet/hpexe_link HTTP/1.1" 200 967
186.67.164.142 - - [14/Mar/2018:12:55:51 -0300] "GET /cormun/servlet/solicitudot?INS,0,0, HTTP/1.1" 200 13253
186.67.164.142 - - [14/Mar/2018:12:55:52 -0300] "GET /cormun/servlet/solicitudot?INS,0,0, HTTP/1.1" 200 13257
200.72.197.82 - - [14/Mar/2018:12:55:58 -0300] "POST /cormun/servlet/trsolicitudot?652ae225691c979a5c81caa1116dca9d,gx-no-cache=1521039640111,gx-no-cache=1521042906870 HTTP/1.1" 440 972
186.103.159.183 - - [14/Mar/2018:12:56:01 -0300] "GET /cormun/static/Resources/resize.gif HTTP/1.1" 200 77
186.103.159.183 - - [14/Mar/2018:12:56:01 -0300] "GET /cormun/servlet/prbanco?,MD,,gxPopupLevel%3D0%3B HTTP/1.1" 200 6632
186.103.159.183 - - [14/Mar/2018:12:56:01 -0300] "GET /cormun/static/gxcfg.js?20181161016094 HTTP/1.1" 200 953
186.103.159.183 - - [14/Mar/2018:12:56:01 -0300] "GET /cormun/static/menusearch.js?201610171694467 HTTP/1.1" 200 1424
186.103.159.183 - - [14/Mar/2018:12:56:01 -0300] "GET /cormun/static/hmpwkw011.js?20177612121862 HTTP/1.1" 200 1968
186.103.159.183 - - [14/Mar/2018:12:56:01 -0300] "GET /cormun/static/prbanco.js?2018116101633 HTTP/1.1" 200 10693
200.72.197.82 - - [14/Mar/2018:12:56:01 -0300] "GET /cormun/servlet/trsolicitudot?gx-no-cache=1521039640111 HTTP/1.1" 200 6412
186.103.159.183 - - [14/Mar/2018:12:56:01 -0300] "GET /cormun/static/Resources/PXToolsMenuSearchCancel.png HTTP/1.1" 200 2972
186.103.159.183 - - [14/Mar/2018:12:56:01 -0300] "GET /cormun/static/Resources/PXToolsMenuSearch.png HTTP/1.1" 200 2914
200.72.197.82 - - [14/Mar/2018:12:56:02 -0300] "GET /cormun/servlet/trsolicitudot?gx-no-cache=1521039640111 HTTP/1.1" 200 6412
186.103.161.206 - - [14/Mar/2018:12:56:02 -0300] "GET /cormun/servlet/hlogin HTTP/1.1" 200 1757
186.103.159.183 - - [14/Mar/2018:12:56:08 -0300] "GET /cormun/servlet/solicitudot?fc4a8c98b5b30cec19c469da4d69525c3661fb1f881d1341f24d7f62346c1ee7ea014061b5319ac62eb10daf9eff1f8dee720bad6c9a63bdb36274d9e58071b7,gx-no-cache=1521042919281 HTTP/1.1" 200 30
186.103.159.183 - - [14/Mar/2018:12:56:11 -0300] "GET /cormun/servlet/solicitudot?fc4a8c98b5b30cec19c469da4d69525cabe82ef3e6482c4457c160e3f54df98e,gx-no-cache=1521042921434 HTTP/1.1" 200 53
186.103.161.206 - - [14/Mar/2018:12:56:12 -0300] "POST /cormun/servlet/hlogin?1ef98c0f3fe4511a0b1589cad51b43a2,gx-no-cache=1521042920735 HTTP/1.1" 200 90
186.103.161.206 - - [14/Mar/2018:12:56:12 -0300] "GET /cormun/servlet/hpexe_link HTTP/1.1" 200 976
186.103.161.206 - - [14/Mar/2018:12:56:13 -0300] "GET /cormun/servlet/trsolicitudot?gx-no-cache=1521039640111 HTTP/1.1" 200 7257
186.103.161.206 - - [14/Mar/2018:12:56:13 -0300] "GET /cormun/servlet/trsolicitudot?gx-no-cache=1521039640111 HTTP/1.1" 200 7276
186.103.159.183 - - [14/Mar/2018:12:56:22 -0300] "POST /cormun/servlet/solicitudot?gx-no-cache=1521042932525 HTTP/1.1" 200 297
186.103.159.183 - - [14/Mar/2018:12:56:22 -0300] "GET /cormun/servlet/solicitudot?fc4a8c98b5b30cec19c469da4d69525c0aa3db59aa8557773d954b2d6e4dfb0f27e9a7e0d74b2eeee9f794c008577bbfa8f427a9f846cd1a4385bc1fe734e2584bc4c34e155b258e7cf279453eb21a2c2ff4e9350b9cc64d9e3b37cb6498e294861dfa99a924031f193e0da8a6516142f3c9e15f4454f62e2f801017119b5d30322e003a8db50ed111016717ee5ea934b88780c9d11454a7b1358ca3cec12ef501a004a644e3e8ded6dc618eae501e28c6621311cda89b1cd557bd0c9b80968f1e0380a6b2dad3380f0190032c9e6b6e999976bcbd6e022012034ba52bc040b15bc9539c3eeb2ba87054ca9a14996d057b05bb20e5018de1510f20b95c2df40a2f3e086cd05c7ee16e81edd7e5f6ee95654d1ca24ce6429114e871d5bf8713d815a3f1337906041d66f2dda48afebe002e0b6dfcadc79dc78dbe651d8d7bc67e8bc805fe0da5f02e0c2baf1432a2ece562391132eaf02d0222c3a6e6b4870766c723daa213f23f229d1eedbab321a4607453e5639144cef647a462198a02c70ad8aee91ab4e49b8785ec79d850aa69a4,gx-no-cache=1521042932632 HTTP/1.1" 200 30
186.103.159.183 - - [14/Mar/2018:12:56:23 -0300] "POST /cormun/servlet/solicitudot?gx-no-cache=1521042933980 HTTP/1.1" 200 30
186.103.159.183 - - [14/Mar/2018:12:56:25 -0300] "POST /cormun/servlet/solicitudot?gx-no-cache=1521042935546 HTTP/1.1" 200 1333
186.103.159.183 - - [14/Mar/2018:12:56:25 -0300] "POST /cormun/servlet/solicitudot?gx-no-cache=1521042935763 HTTP/1.1" 200 38
186.103.159.182 - - [14/Mar/2018:12:57:04 -0300] "POST /cormun/servlet/trsolicitudot?a6d283dc08ec1bd3995c992981e6300d,,gx-no-cache=1521042916142 HTTP/1.1" 200 6194
186.67.164.142 - - [14/Mar/2018:12:57:28 -0300] "POST /cormun/servlet/solicitudot?gx-no-cache=1521042998608 HTTP/1.1" 200 3284
186.67.164.142 - - [14/Mar/2018:12:57:28 -0300] "POST /cormun/servlet/solicitudot?8c75628aac99face1d87db2aafcea300,INS,0,0,,gx-no-cache=1521042998849 HTTP/1.1" 200 9985
186.67.164.142 - - [14/Mar/2018:12:57:30 -0300] "GET /cormun/servlet/solicitudot?2ef4964ac4dbc17fa5ec2a0cf32bcafbc381864e985cdc919a4f46048f2d19854a8b6f35fa41f9c7a18043414f81957c,gx-no-cache=1521043000957 HTTP/1.1" 200 30
186.103.159.182 - - [14/Mar/2018:12:57:38 -0300] "POST /cormun/servlet/trsolicitudot?a6d283dc08ec1bd3995c992981e6300d,,gx-no-cache=1521042949649 HTTP/1.1" 200 6207
200.72.197.82 - - [14/Mar/2018:12:57:58 -0300] "POST /cormun/servlet/trsolicitudot?1ef98c0f3fe4511a0b1589cad51b43a2,gx-no-cache=1521039640111,gx-no-cache=1521043026267 HTTP/1.1" 200 12734
200.111.191.210 - - [14/Mar/2018:12:58:13 -0300] "POST /cormun/servlet/solicitudot?gx-no-cache=1521043043400 HTTP/1.1" 200 30
186.103.159.182 - - [14/Mar/2018:12:58:19 -0300] "POST /cormun/servlet/trsolicitudot?a6d283dc08ec1bd3995c992981e6300d,,gx-no-cache=1521042991406 HTTP/1.1" 200 4483
200.111.191.210 - - [14/Mar/2018:12:58:42 -0300] "POST /cormun/servlet/solicitudot?a7fdaaf6e60c0595d8f51ce71f17aea9,INS,0,0,,gx-no-cache=1521043072222 HTTP/1.1" 200 93
200.111.191.210 - - [14/Mar/2018:12:58:42 -0300] "GET /cormun/servlet/hpexe_return? HTTP/1.1" 200 1001
200.111.191.210 - - [14/Mar/2018:12:58:42 -0300] "GET /cormun/servlet/trsolicitudot HTTP/1.1" 200 8546
200.111.191.210 - - [14/Mar/2018:12:58:42 -0300] "GET /cormun/servlet/trsolicitudot HTTP/1.1" 200 8542
186.103.159.189 - - [14/Mar/2018:12:58:44 -0300] "POST /cormun/servlet/solicitudot?9d1458ce300f67ade1a03c1c56687cd1,INS,0,0,,gx-no-cache=1521043074940 HTTP/1.1" 200 10413
186.103.159.189 - - [14/Mar/2018:12:58:44 -0300] "GET /cormun/static/Shared/jqueryui/images/ui-icons_82798d_256x240.png HTTP/1.1" 404 1089
186.103.159.189 - - [14/Mar/2018:12:58:44 -0300] "GET /cormun/static/Shared/jqueryui/images/ui-bg_highlight-soft_100_c6c2c8_1x100.png HTTP/1.1" 404 1117
186.103.159.189 - - [14/Mar/2018:12:58:44 -0300] "GET /cormun/static/Shared/jqueryui/images/ui-bg_flat_55_fafafa_40x100.png HTTP/1.1" 404 1097
186.103.159.189 - - [14/Mar/2018:12:58:44 -0300] "GET /cormun/static/Shared/jqueryui/images/ui-icons_8d78a5_256x240.png HTTP/1.1" 404 1089
186.103.159.189 - - [14/Mar/2018:12:58:50 -0300] "GET /cormun/servlet/solicitudot?c70885e3098fb34f1f79e3024ef29d6ecd29c8eefdfa96ac8f74ab54c9e45cf9,gx-no-cache=1521043081226 HTTP/1.1" 200 94
186.103.159.189 - - [14/Mar/2018:12:58:50 -0300] "GET /cormun/static/Shared/jqueryui/images/ui-bg_flat_55_994d53_40x100.png HTTP/1.1" 404 1097
186.103.159.189 - - [14/Mar/2018:12:58:50 -0300] "GET /cormun/static/Shared/jqueryui/images/ui-icons_ebccce_256x240.png HTTP/1.1" 404 1089
186.103.159.189 - - [14/Mar/2018:12:58:50 -0300] "GET /cormun/servlet/solicitudot?c70885e3098fb34f1f79e3024ef29d6e97f8edc92d2d491ea0c64d0392495cdd,gx-no-cache=1521043081323 HTTP/1.1" 200 29
186.103.159.189 - - [14/Mar/2018:12:58:50 -0300] "POST /cormun/servlet/solicitudot?gx-no-cache=1521043081377 HTTP/1.1" 200 297
186.103.159.189 - - [14/Mar/2018:12:58:50 -0300] "GET /cormun/servlet/solicitudot?c70885e3098fb34f1f79e3024ef29d6ec0d8aba45c1186eecbb4291ce4dc5db6d52f8e33f744a4fd2b1d48475cc6709a3e8bf6e373aeaa40f8f94fe3a14111090284778ac5c5b7052e81607081b2784b00d3798843497cdf83d4fc43a53eb9beab66278ed4753a654db6982f7e573aae1bd23b2d0fae34c58b3d42056d6517f8a546385d7789475a8b5bb659b31ba503590672326562d5b7584c25e6076a3ba5434779121f62445201120965c499454d8ceda36f70df8919d2e0f1cb935b84dd28dfc56a65315c0f4db56c638d31ce4e207f8d1fcf0996b281ee0de54188be4cb75f5c8e8f5b3965f0ea6c9589416769f1b058854ca4eb6dc98505cd05096ffb9b35d7e34ceabb93fa150c23a3614fdbe73a202929acfade34f8639abc65987ac9edbda7068b89d26ef23487f48b872182a6bffd7c7178025dddba8264dcf35b598e50d10c19568d1d89cbe4a2dd18e73a0ce4d709670c592b32b7f07513e60482bf9cc2ce62b6dd615621a1fb687d548bc3f3327c5a3b46c7b9aec8b9b3d445be7b5cef34d0e0e4ee448f2d9554de16,gx-no-cache=1521043081439 HTTP/1.1" 200 30
186.103.159.189 - - [14/Mar/2018:12:58:55 -0300] "POST /cormun/servlet/solicitudot?gx-no-cache=1521043086085 HTTP/1.1" 200 30
200.111.191.210 - - [14/Mar/2018:12:58:55 -0300] "GET /cormun/servlet/solicitudot?INS,0,0, HTTP/1.1" 200 13395
200.111.191.210 - - [14/Mar/2018:12:58:55 -0300] "GET /cormun/servlet/solicitudot?INS,0,0, HTTP/1.1" 200 13400
186.103.159.182 - - [14/Mar/2018:12:58:56 -0300] "POST /cormun/servlet/trsolicitudot?a6d283dc08ec1bd3995c992981e6300d,,gx-no-cache=1521043028718 HTTP/1.1" 200 4480
186.103.159.189 - - [14/Mar/2018:12:58:57 -0300] "GET /cormun/servlet/prcontratosol?201066305,,,,,MD,,gxPopupLevel%3D0%3B HTTP/1.1" 200 5675
200.111.191.210 - - [14/Mar/2018:12:59:00 -0300] "POST /cormun/servlet/solicitudot?gx-no-cache=1521043090079 HTTP/1.1" 200 3284
200.111.191.210 - - [14/Mar/2018:12:59:00 -0300] "POST /cormun/servlet/solicitudot?a7fdaaf6e60c0595d8f51ce71f17aea9,INS,0,0,,gx-no-cache=1521043090207 HTTP/1.1" 200 10237
200.111.191.210 - - [14/Mar/2018:12:59:01 -0300] "GET /cormun/servlet/solicitudot?6aeb92df2962fa30aea93bef3e9a6d7705413787544e030b9ec9b89064620cd28994ccb02cbf6aaf903ab49237ad799b,gx-no-cache=1521043091864 HTTP/1.1" 200 30
186.103.159.182 - - [14/Mar/2018:12:59:03 -0300] "POST /cormun/servlet/trsolicitudot?a6d283dc08ec1bd3995c992981e6300d,,gx-no-cache=1521043035177 HTTP/1.1" 200 5885
200.111.122.170 - - [14/Mar/2018:12:59:11 -0300] "GET /cormun/static/menuarrow.gif HTTP/1.1" 404 1015
200.111.122.170 - - [14/Mar/2018:12:59:19 -0300] "POST /cormun/servlet/trsolicitudot?1ef98c0f3fe4511a0b1589cad51b43a2,gx-no-cache=1521039640111,gx-no-cache=1521043106672 HTTP/1.1" 200 19541
186.103.159.183 - - [14/Mar/2018:12:59:19 -0300] "GET /cormun/servlet/solicitudot?fc4a8c98b5b30cec19c469da4d69525c9563550ab821c9686c9c7e6933aedbc6711def0b9aaf9d56711d1d2e71379f668a5b38e0aaa13cedf69a68d8354503df628aba6e81917419ba73bad1f0eb59b0027499abd666750a40acfe40bda428553f0df01a83cf646e136d0738c32809b6,gx-no-cache=1521043110330 HTTP/1.1" 200 29
186.103.159.183 - - [14/Mar/2018:12:59:20 -0300] "POST /cormun/servlet/solicitudot?gx-no-cache=1521043110453 HTTP/1.1" 200 1319
186.103.159.183 - - [14/Mar/2018:12:59:20 -0300] "POST /cormun/servlet/solicitudot?gx-no-cache=1521043110702 HTTP/1.1" 200 1215
186.103.159.182 - - [14/Mar/2018:12:59:21 -0300] "POST /cormun/servlet/trsolicitudot?a6d283dc08ec1bd3995c992981e6300d,,gx-no-cache=1521043054038 HTTP/1.1" 200 4483
186.103.159.182 - - [14/Mar/2018:12:59:26 -0300] "POST /cormun/servlet/trsolicitudot?a6d283dc08ec1bd3995c992981e6300d,,gx-no-cache=1521043058875 HTTP/1.1" 200 4484
186.103.159.182 - - [14/Mar/2018:12:59:31 -0300] "POST /cormun/servlet/trsolicitudot?a6d283dc08ec1bd3995c992981e6300d,,gx-no-cache=1521043063959 HTTP/1.1" 200 6156
186.103.159.183 - - [14/Mar/2018:12:59:39 -0300] "GET /cormun/static/menuarrow.gif HTTP/1.1" 404 1015
186.103.159.189 - - [14/Mar/2018:12:59:45 -0300] "POST /cormun/servlet/solicitudot?gx-no-cache=1521043136445 HTTP/1.1" 200 1333
186.103.159.189 - - [14/Mar/2018:12:59:45 -0300] "POST /cormun/servlet/solicitudot?gx-no-cache=1521043136573 HTTP/1.1" 200 38
186.103.159.189 - - [14/Mar/2018:12:59:45 -0300] "GET /cormun/servlet/solicitudot?c70885e3098fb34f1f79e3024ef29d6ee9af9f66fe887f78efe3448f09974802beccf7099545302e18107cf0d5904b016f4a79ba205f1c50fc8dcf469a558222c05da80d01472375559db5a1415fe03b6676cf6492f70aee74c1a314aa85d536dd4868296827af035a827f61e5601333,gx-no-cache=1521043136618 HTTP/1.1" 200 29
186.103.159.189 - - [14/Mar/2018:12:59:45 -0300] "POST /cormun/servlet/solicitudot?gx-no-cache=1521043136663 HTTP/1.1" 200 1318
186.103.159.189 - - [14/Mar/2018:12:59:45 -0300] "POST /cormun/servlet/solicitudot?gx-no-cache=1521043136724 HTTP/1.1" 200 1215
186.103.159.189 - - [14/Mar/2018:12:59:45 -0300] "GET /cormun/servlet/solicitudot?c70885e3098fb34f1f79e3024ef29d6e786a2c3850e36f5fd244c4c2fd9cc8a1,gx-no-cache=1521043136776 HTTP/1.1" 200 30
186.103.159.183 - - [14/Mar/2018:12:59:46 -0300] "GET /cormun/servlet/solicitudot?fc4a8c98b5b30cec19c469da4d69525cd5bf723c19fe4dc1d7dfef4ab21c1a5faddcc6b93cabccc62c903b83d7ee0900,gx-no-cache=1521043136858 HTTP/1.1" 200 30
186.103.159.189 - - [14/Mar/2018:12:59:50 -0300] "GET /cormun/servlet/prsolicitudot?201066305,,,,,MD,,gxPopupLevel%3D0%3B HTTP/1.1" 200 5672
186.103.159.189 - - [14/Mar/2018:12:59:50 -0300] "GET /cormun/static/gxcfg.js?2017111422591492 HTTP/1.1" 200 953
186.103.159.183 - - [14/Mar/2018:12:59:51 -0300] "POST /cormun/servlet/solicitudot?gx-no-cache=1521043141750 HTTP/1.1" 200 30
200.111.191.210 - - [14/Mar/2018:12:59:54 -0300] "GET /cormun/servlet/prbanco?,MD,,gxPopupLevel%3D0%3B HTTP/1.1" 200 6588
200.111.191.210 - - [14/Mar/2018:12:59:57 -0300] "GET /cormun/servlet/solicitudot?6aeb92df2962fa30aea93bef3e9a6d776c86c4727bd35fecfd75e3dc0f018e826b23165004a3d900ea3e63cee231dc62cb2cc3a7676e18244cef59f0285c4456,gx-no-cache=1521043147645 HTTP/1.1" 200 30
200.111.191.210 - - [14/Mar/2018:12:59:58 -0300] "GET /cormun/servlet/solicitudot?6aeb92df2962fa30aea93bef3e9a6d7740a04d966099ea3778fd16a71b5b29f1,gx-no-cache=1521043148605 HTTP/1.1" 200 53
188.32.215.168 - - [14/Mar/2018:13:00:06 -0300] "GET /cormun/servlet/hhome HTTP/1.1" 200 4129
200.111.191.210 - - [14/Mar/2018:13:00:06 -0300] "POST /cormun/servlet/solicitudot?gx-no-cache=1521043157035 HTTP/1.1" 200 255
188.32.215.168 - - [14/Mar/2018:13:00:07 -0300] "GET /cormun/static/SmoothNavMenu/resources/ddsmoothmenu.css?1012540 HTTP/1.1" 200 2223
188.32.215.168 - - [14/Mar/2018:13:00:07 -0300] "GET /cormun/static/SmoothNavMenu/resources/ddsmoothmenu-v.css?1012540 HTTP/1.1" 200 1188
188.32.215.168 - - [14/Mar/2018:13:00:08 -0300] "GET /cormun/static/Resources/Spanish/PXTools.css?11423723 HTTP/1.1" 200 89042
188.32.215.168 - - [14/Mar/2018:13:00:08 -0300] "GET /cormun/static/Shared/jqueryui/jquery-ui.min.css?1245370 HTTP/1.1" 200 30288
188.32.215.168 - - [14/Mar/2018:13:00:08 -0300] "GET /cormun/static/scaMessage/css/jquery.pnotify.default.css?1716380 HTTP/1.1" 200 1707
188.32.215.168 - - [14/Mar/2018:13:00:08 -0300] "GET /cormun/static/gxtimezone.js?85251 HTTP/1.1" 200 5781
200.111.191.210 - - [14/Mar/2018:13:00:08 -0300] "GET /cormun/servlet/solicitudot?6aeb92df2962fa30aea93bef3e9a6d778ebb1812a6ca438ce50bdc3d4c94a4be41ca4a8a63f062358b8023293afe27eb3074c49a9986b261159283d3ffac8d9cd16194a52bd7fdd83f01b8a71b467f24d7b866e25d852078b43ac45d5571e0e473b5761cf147209f932540d9ae1007542a0786325965204b5b8d79ce3e96235b3aa948f22287e4e04a1b0d7f6139b13737be4b2b9fb6d0b8cdb7b1d3d2614e075cfbefe612424ad36b44eb9a4c9cd21f223ae3ae270cae1f8faabdb8abf5d6879ffbd8594612a00796b908cdb5a52f23b82eb7effb414b6d4b625a6b0fc6dc61a2036478635e74f0bafa46076c1ef01455b2ee5d78f4c524e88671b67b2b6c001c61d37b81c57d9c1d9747aabf019c61012354aef8af43a96bb9c4e419a51885f91730a27097dd2eba6e4ffefa0a503ae3ce7416da7f9891a6b26c0b8a0cc63b058d8537d3042d885b3c28d3bd0591888c64e50b60761aa910b49626e6da02df6ae86e3da6962d4e9a7a2d5603eb134bf31392d5f64c029cda2fa3213b95f5f1,gx-no-cache=1521043158645 HTTP/1.1" 200 30
188.32.215.168 - - [14/Mar/2018:13:00:08 -0300] "GET /cormun/static/gxcfg.js?20175251212442 HTTP/1.1" 200 953
188.32.215.168 - - [14/Mar/2018:13:00:09 -0300] "GET /cormun/static/PXToolsJavascripts/pexe_autoreload.js HTTP/1.1" 200 1762
188.32.215.168 - - [14/Mar/2018:13:00:09 -0300] "GET /cormun/static/PXToolsJavascripts/pexe_cookies.js HTTP/1.1" 200 792
188.32.215.168 - - [14/Mar/2018:13:00:09 -0300] "GET /cormun/static/PXToolsJavascripts/pexe_grid.js HTTP/1.1" 200 7559
188.32.215.168 - - [14/Mar/2018:13:00:09 -0300] "GET /cormun/static/PXToolsJavascripts/pexe_windows.js HTTP/1.1" 200 15207
188.32.215.168 - - [14/Mar/2018:13:00:09 -0300] "GET /cormun/static/PXToolsJavascripts/pexe_griddivfix.js HTTP/1.1" 200 6644
188.32.215.168 - - [14/Mar/2018:13:00:10 -0300] "GET /cormun/static/gxgral.js?85251 HTTP/1.1" 200 384558
188.32.215.168 - - [14/Mar/2018:13:00:10 -0300] "GET /cormun/static/PXToolsJavascripts/pexe_link.js HTTP/1.1" 200 5671
188.32.215.168 - - [14/Mar/2018:13:00:10 -0300] "GET /cormun/static/PXToolsJavascripts/pexe_menudivfix.js HTTP/1.1" 200 333
188.32.215.168 - - [14/Mar/2018:13:00:10 -0300] "GET /cormun/static/PXToolsJavascripts/pexe_menus.js HTTP/1.1" 200 1286
200.111.191.210 - - [14/Mar/2018:13:00:10 -0300] "POST /cormun/servlet/solicitudot?gx-no-cache=1521043160567 HTTP/1.1" 200 30
188.32.215.168 - - [14/Mar/2018:13:00:10 -0300] "GET /cormun/static/PXToolsJavascripts/pexe_layers.js HTTP/1.1" 200 4114
188.32.215.168 - - [14/Mar/2018:13:00:10 -0300] "GET /cormun/static/PXToolsJavascripts/pexe_oavdivfix.js HTTP/1.1" 200 639
188.32.215.168 - - [14/Mar/2018:13:00:10 -0300] "GET /cormun/static/PXToolsJavascripts/pexe_oav.js HTTP/1.1" 200 645
188.32.215.168 - - [14/Mar/2018:13:00:11 -0300] "GET /cormun/static/PXToolsJavascripts/pexe_picture.js HTTP/1.1" 200 689
200.111.191.210 - - [14/Mar/2018:13:00:11 -0300] "POST /cormun/servlet/solicitudot?gx-no-cache=1521043161598 HTTP/1.1" 200 1333
188.32.215.168 - - [14/Mar/2018:13:00:11 -0300] "GET /cormun/static/PXToolsJavascripts/pexe_scrolldiv.js HTTP/1.1" 200 4138
200.111.191.210 - - [14/Mar/2018:13:00:11 -0300] "POST /cormun/servlet/solicitudot?gx-no-cache=1521043161644 HTTP/1.1" 200 38
188.32.215.168 - - [14/Mar/2018:13:00:11 -0300] "GET /cormun/static/PXToolsJavascripts/pexe_tabdivfix.js HTTP/1.1" 200 876
188.32.215.168 - - [14/Mar/2018:13:00:11 -0300] "GET /cormun/static/PXToolsJavascripts/pexe_popup.js HTTP/1.1" 200 13458
188.32.215.168 - - [14/Mar/2018:13:00:11 -0300] "GET /cormun/static/PXToolsJavascripts/pexe_tabs.js HTTP/1.1" 200 3748
188.32.215.168 - - [14/Mar/2018:13:00:12 -0300] "GET /cormun/static/PXToolsJavascripts/pexe_upload.js HTTP/1.1" 200 1423
188.32.215.168 - - [14/Mar/2018:13:00:12 -0300] "GET /cormun/static/PXToolsJavascripts/PXToolsJavascriptsRender.js HTTP/1.1" 200 367
188.32.215.168 - - [14/Mar/2018:13:00:12 -0300] "GET /cormun/static/RunJS/RunJS.js HTTP/1.1" 200 288
188.32.215.168 - - [14/Mar/2018:13:00:12 -0300] "GET /cormun/static/Shared/ext/locale/ext-lang-en.js HTTP/1.1" 200 10940
188.32.215.168 - - [14/Mar/2018:13:00:13 -0300] "GET /cormun/static/messages.spa.js?85251 HTTP/1.1" 200 30736
188.32.215.168 - - [14/Mar/2018:13:00:13 -0300] "GET /cormun/static/gxui/gxui-all.js HTTP/1.1" 200 107772
188.32.215.168 - - [14/Mar/2018:13:00:13 -0300] "GET /cormun/static/hhome.js?20175251212450 HTTP/1.1" 200 777
188.32.215.168 - - [14/Mar/2018:13:00:13 -0300] "GET /cormun/static/hwchdr01.js?201752511465785 HTTP/1.1" 200 1183
188.32.215.168 - - [14/Mar/2018:13:00:13 -0300] "GET /cormun/static/hpexe_recentlink.js?20177611595044 HTTP/1.1" 200 2144
188.32.215.168 - - [14/Mar/2018:13:00:14 -0300] "GET /cormun/static/Shared/ext/ext-all.js HTTP/1.1" 200 1289687
188.32.215.168 - - [14/Mar/2018:13:00:14 -0300] "GET /cormun/static/hpexe_messagecontroller.js?20177611595012 HTTP/1.1" 200 870
188.32.215.168 - - [14/Mar/2018:13:00:14 -0300] "GET /cormun/static/hpexe_messagepopupcomponent.js?20161017169425 HTTP/1.1" 200 605
188.32.215.168 - - [14/Mar/2018:13:00:14 -0300] "GET /cormun/static/hpexe_scripts.js?201752511465715 HTTP/1.1" 200 1544
188.32.215.168 - - [14/Mar/2018:13:00:14 -0300] "GET /cormun/static/hpexe_messagegenexuscomponent.js?201752511465344 HTTP/1.1" 200 587
186.103.132.155 - - [14/Mar/2018:13:00:15 -0300] "GET /cormun/servlet/hlogin HTTP/1.1" 200 1724
186.103.132.155 - - [14/Mar/2018:13:00:15 -0300] "GET /cormun/static/gxtimezone.js?85251 HTTP/1.1" 304 -
186.103.132.155 - - [14/Mar/2018:13:00:15 -0300] "GET /cormun/static/gxcfg.js?20175251213516 HTTP/1.1" 304 -
188.32.215.168 - - [14/Mar/2018:13:00:15 -0300] "GET /cormun/static/cmcontrolpreferences.js?201752511465670 HTTP/1.1" 200 1375
186.103.132.155 - - [14/Mar/2018:13:00:15 -0300] "GET /cormun/static/messages.spa.js?85251 HTTP/1.1" 304 -
186.103.132.155 - - [14/Mar/2018:13:00:16 -0300] "GET /cormun/servlet/hlogin HTTP/1.1" 200 1732
188.32.215.168 - - [14/Mar/2018:13:00:16 -0300] "GET /cormun/static/Shared/jquery/jquery-1.4.2.min.js HTTP/1.1" 200 72174
188.32.215.168 - - [14/Mar/2018:13:00:16 -0300] "GET /cormun/static/Shared/jquery/jquery-1.10.2.min.js HTTP/1.1" 200 273199
188.32.215.168 - - [14/Mar/2018:13:00:16 -0300] "GET /cormun/static/SmoothNavMenu/resources/ddsmoothmenu.js HTTP/1.1" 200 12712
188.32.215.168 - - [14/Mar/2018:13:00:16 -0300] "GET /cormun/static/Shared/jqueryui/jquery-ui.min.js HTTP/1.1" 200 240427
188.32.215.168 - - [14/Mar/2018:13:00:17 -0300] "GET /cormun/static/scaMessage/scaMessageRender.js HTTP/1.1" 200 11977
188.32.215.168 - - [14/Mar/2018:13:00:17 -0300] "GET /cormun/static/SmoothNavMenu/resources/SmoothNavMenuRender.js HTTP/1.1" 200 5951
188.32.215.168 - - [14/Mar/2018:13:00:17 -0300] "GET /cormun/static/scaMessage/js/jquery.pnotify.min.js HTTP/1.1" 200 13038
188.32.215.168 - - [14/Mar/2018:13:00:17 -0300] "GET /cormun/static/hmpwkw03.js?20177612122668 HTTP/1.1" 200 3965
188.32.215.168 - - [14/Mar/2018:13:00:19 -0300] "GET /cormun/servlet/hhome HTTP/1.1" 200 4129
188.32.215.168 - - [14/Mar/2018:13:00:20 -0300] "GET /cormun/servlet/hlogin HTTP/1.1" 200 1728
188.32.215.168 - - [14/Mar/2018:13:00:20 -0300] "GET /cormun/static/gxtimezone.js?85251 HTTP/1.1" 200 5781
188.32.215.168 - - [14/Mar/2018:13:00:20 -0300] "GET /cormun/static/gxcfg.js?20175251213516 HTTP/1.1" 200 953
188.32.215.168 - - [14/Mar/2018:13:00:21 -0300] "GET /cormun/static/Resources/Spanish/PXTools.css?11423723 HTTP/1.1" 200 89042
188.32.215.168 - - [14/Mar/2018:13:00:21 -0300] "GET /cormun/static/hlogin.js?20175251213537 HTTP/1.1" 200 2136
188.32.215.168 - - [14/Mar/2018:13:00:21 -0300] "GET /cormun/static/messages.spa.js?85251 HTTP/1.1" 200 30736
188.32.215.168 - - [14/Mar/2018:13:00:21 -0300] "GET /cormun/static/gxgral.js?85251 HTTP/1.1" 200 384558
186.103.159.183 - - [14/Mar/2018:13:00:31 -0300] "GET /cormun/servlet/solicitudot?fc4a8c98b5b30cec19c469da4d69525c0aa3db59aa8557773d954b2d6e4dfb0f27e9a7e0d74b2eeee9f794c008577bbfa8f427a9f846cd1a4385bc1fe734e2584bc4c34e155b258e7cf279453eb21a2c2ff4e9350b9cc64d9e3b37cb6498e294861dfa99a924031f193e0da8a6516142f3c9e15f4454f62e2f801017119b5d30322e003a8db50ed111016717ee5ea934b88780c9d11454a7b1358ca3cec12ef501a004a644e3e8ded6dc618eae501e28c6621311cda89b1cd557bd0c9b80968f1e0380a6b2dad3380f0190032c9e6b6e999976bcbd6e022012034ba52bc040b15bc9539c3eeb2ba87054ca9a14996d057b05bb20e5018de1510f20b95c2df40a2f3e086cd05c7ee16e81edd7e5f6ee95654d1ca24ce6429114e871d5bf8713d815a3f1337906041d66f2dda48afebe002e0b6dfcadc79dc78dbe651d8d7bc67e8bc805fe0da5f02e0c2baf1432a2ece562391132eaf02d0222c3a6e6b4870766c723daa213f23f229d1eedbab321a4602f6904213e366fb32fd3138bbe4e3ddfd8aee91ab4e49b8785ec79d850aa69a4,gx-no-cache=1521043181469 HTTP/1.1" 200 30
186.103.159.183 - - [14/Mar/2018:13:00:31 -0300] "POST /cormun/servlet/solicitudot?gx-no-cache=1521043181526 HTTP/1.1" 200 30
186.103.159.183 - - [14/Mar/2018:13:00:31 -0300] "POST /cormun/servlet/solicitudot?gx-no-cache=1521043181630 HTTP/1.1" 200 1333
186.103.159.183 - - [14/Mar/2018:13:00:31 -0300] "POST /cormun/servlet/solicitudot?gx-no-cache=1521043182058 HTTP/1.1" 200 41
186.103.159.183 - - [14/Mar/2018:13:00:31 -0300] "POST /cormun/servlet/solicitudot?gx-no-cache=1521043182123 HTTP/1.1" 200 1319
186.103.159.183 - - [14/Mar/2018:13:00:31 -0300] "POST /cormun/servlet/solicitudot?gx-no-cache=1521043182375 HTTP/1.1" 200 1215
186.103.159.183 - - [14/Mar/2018:13:00:31 -0300] "GET /cormun/servlet/solicitudot?fc4a8c98b5b30cec19c469da4d69525cd5bf723c19fe4dc1d7dfef4ab21c1a5faddcc6b93cabccc62c903b83d7ee0900,gx-no-cache=1521043182440 HTTP/1.1" 200 30
186.103.159.183 - - [14/Mar/2018:13:00:32 -0300] "POST /cormun/servlet/solicitudot?gx-no-cache=1521043182498 HTTP/1.1" 200 30
186.103.159.183 - - [14/Mar/2018:13:00:32 -0300] "POST /cormun/servlet/solicitudot?9fff4b19a0a181930264f1697e5fddff,INS,0,0,,gx-no-cache=1521043182544 HTTP/1.1" 200 93
186.103.159.183 - - [14/Mar/2018:13:00:32 -0300] "GET /cormun/servlet/hpexe_return? HTTP/1.1" 200 1010
186.103.159.183 - - [14/Mar/2018:13:00:32 -0300] "GET /cormun/static/gxcfg.js?2016101716175148 HTTP/1.1" 200 953
186.103.159.183 - - [14/Mar/2018:13:00:32 -0300] "GET /cormun/static/hpexe_return.js?2016101716175153 HTTP/1.1" 200 1633
186.103.159.183 - - [14/Mar/2018:13:00:32 -0300] "GET /cormun/static/Resources/Spanish/PXTools.css?167811 HTTP/1.1" 200 89042
186.103.159.183 - - [14/Mar/2018:13:00:32 -0300] "GET /cormun/servlet/trsolicitudot HTTP/1.1" 200 8761
186.103.159.183 - - [14/Mar/2018:13:00:33 -0300] "GET /cormun/static/Shared/ext/ext-all.js HTTP/1.1" 200 1289687
186.103.159.183 - - [14/Mar/2018:13:00:34 -0300] "GET /cormun//static/Resources/PXToolsGridUpdate.png HTTP/1.1" 200 2984
186.103.159.183 - - [14/Mar/2018:13:00:34 -0300] "GET /cormun//static/Resources/PXToolsRemoveAllAction.png HTTP/1.1" 200 3558
186.103.159.183 - - [14/Mar/2018:13:00:34 -0300] "GET /cormun//static/Resources/PXToolsActionView.png HTTP/1.1" 200 2995
186.103.159.183 - - [14/Mar/2018:13:00:34 -0300] "GET /cormun//static/Resources/PXToolsGridDelete.png HTTP/1.1" 200 357
186.103.159.183 - - [14/Mar/2018:13:00:34 -0300] "GET /cormun/servlet/trsolicitudot HTTP/1.1" 200 8757
186.103.159.183 - - [14/Mar/2018:13:00:37 -0300] "POST /cormun/servlet/trsolicitudot?9fff4b19a0a181930264f1697e5fddff,gx-no-cache=1521043187453 HTTP/1.1" 200 107
186.103.159.183 - - [14/Mar/2018:13:00:37 -0300] "GET /cormun/servlet/trsolicitudadjuntos?2018,10471, HTTP/1.1" 200 6294
186.103.159.183 - - [14/Mar/2018:13:00:37 -0300] "GET /cormun/static/gxcfg.js?20177612135366 HTTP/1.1" 200 953
186.103.159.183 - - [14/Mar/2018:13:00:37 -0300] "GET /cormun/static/trsolicitudadjuntos.js?20177612135632 HTTP/1.1" 200 17922
186.103.159.183 - - [14/Mar/2018:13:00:37 -0300] "GET /cormun/static/Shared/ext/ext-all.js HTTP/1.1" 200 1289687
186.103.159.183 - - [14/Mar/2018:13:00:38 -0300] "GET /cormun/servlet/trsolicitudadjuntos?2018,10471, HTTP/1.1" 200 6294
186.103.159.183 - - [14/Mar/2018:13:00:40 -0300] "GET /cormun/servlet/solicitudotadjuntos?INS,2018,10471,,1, HTTP/1.1" 200 6239
186.103.159.183 - - [14/Mar/2018:13:00:40 -0300] "GET /cormun/static/gxcfg.js?2017761244068 HTTP/1.1" 200 953
186.103.159.183 - - [14/Mar/2018:13:00:40 -0300] "GET /cormun/static/solicitudotadjuntos.js?2017761244086 HTTP/1.1" 200 11771
186.103.159.183 - - [14/Mar/2018:13:00:41 -0300] "GET /cormun/static/Shared/ext/ext-all.js HTTP/1.1" 200 1289687
186.103.159.183 - - [14/Mar/2018:13:00:41 -0300] "GET /cormun/static/about:blank HTTP/1.1" 404 1011
186.103.159.183 - - [14/Mar/2018:13:00:41 -0300] "GET /cormun/servlet/solicitudotadjuntos?INS,2018,10471,,1, HTTP/1.1" 200 6233
200.111.191.210 - - [14/Mar/2018:13:00:41 -0300] "GET /cormun/servlet/solicitudot?6aeb92df2962fa30aea93bef3e9a6d77843995f7ffb42bd40218f109ce45f2130633376b29d51c79d8fcc90777e8c4f8feef0c798e2dd37ec80d1080a2ab48e77ba878d4c8cba505b895aea867afc180fa734f4a83d22d2c0c7b0c432ab2778e19537e21494da11e10f4a8e034daecf3,gx-no-cache=1521043191848 HTTP/1.1" 200 29
200.111.191.210 - - [14/Mar/2018:13:00:41 -0300] "POST /cormun/servlet/solicitudot?gx-no-cache=1521043191887 HTTP/1.1" 200 1318
200.111.191.210 - - [14/Mar/2018:13:00:41 -0300] "POST /cormun/servlet/solicitudot?gx-no-cache=1521043191936 HTTP/1.1" 200 1215
186.103.159.183 - - [14/Mar/2018:13:00:42 -0300] "GET /cormun/servlet/solicitudotadjuntos?fc4a8c98b5b30cec19c469da4d69525c3696c471e33f46483c47b41750be00bfc7512f0abbf2b126065db802e089ad91,gx-no-cache=1521043192589 HTTP/1.1" 200 30
186.103.159.183 - - [14/Mar/2018:13:00:42 -0300] "POST /cormun/servlet/solicitudotadjuntos?9fff4b19a0a181930264f1697e5fddff,INS,2018,10471,,1,,gx-no-cache=1521043192633 HTTP/1.1" 200 3988
186.103.159.183 - - [14/Mar/2018:13:00:44 -0300] "POST /cormun/servlet/solicitudotadjuntos?gx-no-cache=1521043195328 HTTP/1.1" 200 26
40.77.177.69 - - [14/Mar/2018:13:00:53 -0300] "GET /cormun/static/Shared/ext/resources/css/ext-all.css?205870 HTTP/1.1" 200 416045
40.77.179.103 - - [14/Mar/2018:13:00:53 -0300] "GET /cormun/static/gxui/gxui-all.css?110300 HTTP/1.1" 200 2179
186.67.164.142 - - [14/Mar/2018:13:00:53 -0300] "GET /cormun/servlet/solicitudot?2ef4964ac4dbc17fa5ec2a0cf32bcafb073e74bab06b5d3e62c431dab7a1cf622b4bb37d5c172cfb963892f2b8065bcdd562764a92a8087a77e463c9414d705c,gx-no-cache=1521043203669 HTTP/1.1" 200 30
186.67.164.142 - - [14/Mar/2018:13:00:53 -0300] "GET /cormun/servlet/solicitudot?2ef4964ac4dbc17fa5ec2a0cf32bcafbd2c52977d2891253df0545b96f7e484b,gx-no-cache=1521043203724 HTTP/1.1" 200 29
40.77.179.103 - - [14/Mar/2018:13:00:54 -0300] "GET /cormun/static/calendar-system.css?75620 HTTP/1.1" 200 5572
186.67.164.142 - - [14/Mar/2018:13:00:54 -0300] "POST /cormun/servlet/solicitudot?gx-no-cache=1521043205003 HTTP/1.1" 200 255
40.77.178.90 - - [14/Mar/2018:13:00:55 -0300] "GET /cormun/static/SmoothNavMenu/resources/ddsmoothmenu.css?1012540 HTTP/1.1" 200 2223
40.77.178.14 - - [14/Mar/2018:13:00:56 -0300] "GET /cormun/static/scaMessage/css/jquery.pnotify.default.css?1716380 HTTP/1.1" 200 1707
186.67.164.142 - - [14/Mar/2018:13:00:57 -0300] "GET /cormun/servlet/solicitudot?2ef4964ac4dbc17fa5ec2a0cf32bcafbdd8ed8e577cf6dcfc77271417e223e35368faa7095ac58427204e9f58fbb9c379de8319f7e3d719241ab21f0587e20f2ccc2eb435a3d7cb6938b935da0f8e760f3c9a99bca48515e31cd463c91b895d0a15ee83953681fc062506a39f8174ad0a0ac50fa29373b6fc5da22b10042205ce2e9f1acf25dd4d0675981bdf4691d05ea5b39e664f53ecf0eaf7314f79f37c18b3fc98bae4e0867c3391c2e0f5a827755d8c94f3a2d7638db0cb2943722c54a6bd541288872c1d9560bb66230cbfadd2fe252c68905eef5f26d2985755569fe89c2932a2068a539ddf6cc60a817bb91cf397096f7b26887be937763581609f059aa0062a9dcdada9cbe28f32f6dec20f5728438e6c3639a1c0304d3d6f033c59d915814def74261a7d03fca3324de50a3e98a3075808c9b7faa576c4df63af5e592081cc756434c4d49615504034002173adf23d7e4d03a9c3834ee3231ce7e95172c8f71591642091d2e7bd6f67dcdfe5f21a4651f08433df0af8ede29e1f5,gx-no-cache=1521043207616 HTTP/1.1" 200 30
40.77.179.93 - - [14/Mar/2018:13:00:58 -0300] "GET /cormun/static/gxtimezone.js?85251 HTTP/1.1" 200 5781
40.77.177.85 - - [14/Mar/2018:13:01:01 -0300] "GET /cormun/static/gxgral.js?85251 HTTP/1.1" 200 384558
200.111.122.170 - - [14/Mar/2018:13:01:01 -0300] "POST /cormun/servlet/hlogin?b7addda25fb8ef9637dedacf995d4aee,gx-no-cache=1521043212141 HTTP/1.1" 200 90
200.111.122.170 - - [14/Mar/2018:13:01:02 -0300] "GET /cormun/servlet/hpexe_link HTTP/1.1" 200 951
200.111.122.170 - - [14/Mar/2018:13:01:02 -0300] "GET /cormun/static/gxcfg.js?20177612121792 HTTP/1.1" 304 -
200.111.122.170 - - [14/Mar/2018:13:01:02 -0300] "GET /cormun/servlet/hhome HTTP/1.1" 200 4193
186.67.164.142 - - [14/Mar/2018:13:01:02 -0300] "POST /cormun/servlet/solicitudot?gx-no-cache=1521043212410 HTTP/1.1" 200 30
200.111.122.170 - - [14/Mar/2018:13:01:02 -0300] "GET /cormun/static/gxcfg.js?20175251212442 HTTP/1.1" 304 -
200.111.122.170 - - [14/Mar/2018:13:01:03 -0300] "GET /cormun/servlet/hhome HTTP/1.1" 200 4189
186.67.164.142 - - [14/Mar/2018:13:01:04 -0300] "GET /cormun/servlet/prcontratosol?19021528,,,,,MD,,gxPopupLevel%3D0%3B HTTP/1.1" 200 5665
186.103.159.183 - - [14/Mar/2018:13:01:08 -0300] "GET /cormun/servlet/solicitudotadjuntos?fc4a8c98b5b30cec19c469da4d69525c1c7b59d340561e93e4040af0927b682d,gx-no-cache=1521043218724 HTTP/1.1" 200 30
186.103.159.183 - - [14/Mar/2018:13:01:08 -0300] "GET /cormun/servlet/solicitudotadjuntos?fc4a8c98b5b30cec19c469da4d69525c1c7b59d340561e93e4040af0927b682d,gx-no-cache=1521043218774 HTTP/1.1" 200 30
186.103.159.183 - - [14/Mar/2018:13:01:08 -0300] "POST /cormun/servlet/solicitudotadjuntos?9fff4b19a0a181930264f1697e5fddff,INS,2018,10471,,1, HTTP/1.1" 200 116
186.103.159.183 - - [14/Mar/2018:13:01:08 -0300] "GET /cormun/servlet/hpexe_return? HTTP/1.1" 200 1030
186.103.159.183 - - [14/Mar/2018:13:01:08 -0300] "GET /cormun/servlet/trsolicitudadjuntos?2018,10471, HTTP/1.1" 200 8728
186.103.159.183 - - [14/Mar/2018:13:01:09 -0300] "GET /cormun/static/Shared/ext/ext-all.js HTTP/1.1" 200 1289687
186.103.159.183 - - [14/Mar/2018:13:01:10 -0300] "GET /cormun/servlet/trsolicitudadjuntos?2018,10471, HTTP/1.1" 200 8722
186.67.164.142 - - [14/Mar/2018:13:01:10 -0300] "POST /cormun/servlet/solicitudot?gx-no-cache=1521043220376 HTTP/1.1" 200 1333
186.67.164.142 - - [14/Mar/2018:13:01:10 -0300] "POST /cormun/servlet/solicitudot?gx-no-cache=1521043220446 HTTP/1.1" 200 38
186.67.164.142 - - [14/Mar/2018:13:01:10 -0300] "GET /cormun/servlet/solicitudot?2ef4964ac4dbc17fa5ec2a0cf32bcafbe63b0932a1d177348081aa226e86b74f6115ede8d07a34551c850c547b8576eb3e7ef119045fa52eab013cc061695a92758903a35ee190c4ecf3386947698cc55e47268611e6b65957d86ce383ac73aef15729cabb9d4176ca65f9757726f55a,gx-no-cache=1521043220482 HTTP/1.1" 200 29
186.67.164.142 - - [14/Mar/2018:13:01:10 -0300] "POST /cormun/servlet/solicitudot?gx-no-cache=1521043220523 HTTP/1.1" 200 1318
186.67.164.142 - - [14/Mar/2018:13:01:10 -0300] "POST /cormun/servlet/solicitudot?gx-no-cache=1521043220598 HTTP/1.1" 200 1215
186.67.164.142 - - [14/Mar/2018:13:01:10 -0300] "GET /cormun/servlet/solicitudot?2ef4964ac4dbc17fa5ec2a0cf32bcafb912f5fcb1b71859a1be6435fc300e816,gx-no-cache=1521043220657 HTTP/1.1" 200 30
40.77.177.148 - - [14/Mar/2018:13:01:10 -0300] "GET /cormun/static/calendar.js?85251 HTTP/1.1" 200 26246
186.67.164.142 - - [14/Mar/2018:13:01:11 -0300] "GET /cormun/servlet/prsolicitudot?19021528,,,,,MD,,gxPopupLevel%3D0%3B HTTP/1.1" 200 5960
186.103.159.183 - - [14/Mar/2018:13:01:12 -0300] "GET /cormun/servlet/solicitudotadjuntos?INS,2018,10471,,1, HTTP/1.1" 200 6238
186.103.159.183 - - [14/Mar/2018:13:01:12 -0300] "GET /cormun/static/about:blank HTTP/1.1" 404 1011
186.103.159.183 - - [14/Mar/2018:13:01:12 -0300] "GET /cormun/static/Shared/ext/ext-all.js HTTP/1.1" 200 1289687
186.103.159.183 - - [14/Mar/2018:13:01:13 -0300] "GET /cormun/servlet/solicitudotadjuntos?INS,2018,10471,,1, HTTP/1.1" 200 6232
186.67.164.142 - - [14/Mar/2018:13:01:13 -0300] "POST /cormun/servlet/solicitudot?gx-no-cache=1521043223614 HTTP/1.1" 200 1333
186.67.164.142 - - [14/Mar/2018:13:01:13 -0300] "POST /cormun/servlet/solicitudot?gx-no-cache=1521043223664 HTTP/1.1" 200 38
186.67.164.142 - - [14/Mar/2018:13:01:13 -0300] "POST /cormun/servlet/solicitudot?gx-no-cache=1521043223703 HTTP/1.1" 200 1318
186.67.164.142 - - [14/Mar/2018:13:01:13 -0300] "POST /cormun/servlet/solicitudot?gx-no-cache=1521043223780 HTTP/1.1" 200 1215
186.67.164.142 - - [14/Mar/2018:13:01:13 -0300] "GET /cormun/servlet/solicitudot?2ef4964ac4dbc17fa5ec2a0cf32bcafb958d77ad79968b927a693c6747405492cdd5a105b3ca82e545f9fb36bdfc7985,gx-no-cache=1521043223836 HTTP/1.1" 200 30
186.103.159.183 - - [14/Mar/2018:13:01:14 -0300] "GET /cormun/servlet/solicitudotadjuntos?fc4a8c98b5b30cec19c469da4d69525c3696c471e33f46483c47b41750be00bfc7512f0abbf2b126065db802e089ad91,gx-no-cache=1521043224500 HTTP/1.1" 200 30
186.103.159.183 - - [14/Mar/2018:13:01:14 -0300] "POST /cormun/servlet/solicitudotadjuntos?9fff4b19a0a181930264f1697e5fddff,INS,2018,10471,,1,,gx-no-cache=1521043224536 HTTP/1.1" 200 3987
40.77.178.45 - - [14/Mar/2018:13:01:16 -0300] "GET /cormun/static/gxui/gxui-all.js HTTP/1.1" 200 107772
186.103.159.183 - - [14/Mar/2018:13:01:17 -0300] "POST /cormun/servlet/solicitudotadjuntos?gx-no-cache=1521043227703 HTTP/1.1" 200 26
40.77.178.1 - - [14/Mar/2018:13:01:20 -0300] "GET /cormun/static/PXToolsJavascripts/pexe_cookies.js HTTP/1.1" 200 792
40.77.178.198 - - [14/Mar/2018:13:01:21 -0300] "GET /cormun/static/PXToolsJavascripts/pexe_windows.js HTTP/1.1" 200 15207
186.103.159.183 - - [14/Mar/2018:13:01:23 -0300] "GET /cormun/servlet/solicitudotadjuntos?fc4a8c98b5b30cec19c469da4d69525c1c7b59d340561e93e4040af0927b682d,gx-no-cache=1521043233892 HTTP/1.1" 200 30
186.103.159.183 - - [14/Mar/2018:13:01:23 -0300] "GET /cormun/servlet/solicitudotadjuntos?fc4a8c98b5b30cec19c469da4d69525c1c7b59d340561e93e4040af0927b682d,gx-no-cache=1521043233921 HTTP/1.1" 200 30
40.77.177.102 - - [14/Mar/2018:13:01:23 -0300] "GET /cormun/static/PXToolsJavascripts/pexe_griddivfix.js HTTP/1.1" 200 6644
186.103.159.183 - - [14/Mar/2018:13:01:23 -0300] "POST /cormun/servlet/solicitudotadjuntos?9fff4b19a0a181930264f1697e5fddff,INS,2018,10471,,1, HTTP/1.1" 200 116
186.103.159.183 - - [14/Mar/2018:13:01:23 -0300] "GET /cormun/servlet/hpexe_return? HTTP/1.1" 200 1030
186.103.159.183 - - [14/Mar/2018:13:01:24 -0300] "GET /cormun/servlet/trsolicitudadjuntos?2018,10471, HTTP/1.1" 200 8934
186.103.159.183 - - [14/Mar/2018:13:01:24 -0300] "GET /cormun/static/Shared/ext/ext-all.js HTTP/1.1" 200 1289687
186.103.159.183 - - [14/Mar/2018:13:01:25 -0300] "GET /cormun/servlet/trsolicitudadjuntos?2018,10471, HTTP/1.1" 200 8933
40.77.177.111 - - [14/Mar/2018:13:01:25 -0300] "GET /cormun/static/PXToolsJavascripts/pexe_menudivfix.js HTTP/1.1" 200 333
40.77.177.202 - - [14/Mar/2018:13:01:28 -0300] "GET /cormun/static/PXToolsJavascripts/pexe_menus.js HTTP/1.1" 200 1286
40.77.178.244 - - [14/Mar/2018:13:01:29 -0300] "GET /cormun/static/PXToolsJavascripts/pexe_layers.js HTTP/1.1" 200 4114
40.77.177.102 - - [14/Mar/2018:13:01:38 -0300] "GET /cormun/static/PXToolsJavascripts/pexe_scrolldiv.js HTTP/1.1" 200 4138
40.77.179.43 - - [14/Mar/2018:13:01:40 -0300] "GET /cormun/static/PXToolsJavascripts/pexe_tabdivfix.js HTTP/1.1" 200 876
186.103.159.183 - - [14/Mar/2018:13:01:41 -0300] "GET /cormun/servlet/solicitudotadjuntos?INS,2018,10471,,1, HTTP/1.1" 200 6238
186.67.164.142 - - [14/Mar/2018:13:01:41 -0300] "POST /cormun/servlet/solicitudot?gx-no-cache=1521043251627 HTTP/1.1" 200 1319
186.67.164.142 - - [14/Mar/2018:13:01:41 -0300] "POST /cormun/servlet/solicitudot?gx-no-cache=1521043251690 HTTP/1.1" 200 1215
186.103.159.183 - - [14/Mar/2018:13:01:41 -0300] "GET /cormun/static/about:blank HTTP/1.1" 404 1011
186.103.159.183 - - [14/Mar/2018:13:01:42 -0300] "GET /cormun/static/Shared/ext/ext-all.js HTTP/1.1" 200 1289687
186.103.159.183 - - [14/Mar/2018:13:01:42 -0300] "GET /cormun/servlet/solicitudotadjuntos?INS,2018,10471,,1, HTTP/1.1" 200 6232
186.103.159.183 - - [14/Mar/2018:13:01:43 -0300] "GET /cormun/servlet/solicitudotadjuntos?fc4a8c98b5b30cec19c469da4d69525c3696c471e33f46483c47b41750be00bfc7512f0abbf2b126065db802e089ad91,gx-no-cache=1521043253720 HTTP/1.1" 200 30
186.103.159.183 - - [14/Mar/2018:13:01:43 -0300] "POST /cormun/servlet/solicitudotadjuntos?9fff4b19a0a181930264f1697e5fddff,INS,2018,10471,,1,,gx-no-cache=1521043253760 HTTP/1.1" 200 3987
186.103.159.183 - - [14/Mar/2018:13:01:47 -0300] "POST /cormun/servlet/solicitudotadjuntos?gx-no-cache=1521043257598 HTTP/1.1" 200 26
186.103.159.183 - - [14/Mar/2018:13:01:52 -0300] "GET /cormun/servlet/solicitudotadjuntos?fc4a8c98b5b30cec19c469da4d69525c1c7b59d340561e93e4040af0927b682d,gx-no-cache=1521043262644 HTTP/1.1" 200 30
