186.79.4.176 - - [14/Mar/2018:16:29:52 -0300] "GET /cormun/servlet/solicitudot?44c9d600888decf4b92112eaf1950fb27d5b01490f5fbd588ce8d34be86890ff,gx-no-cache=1521055744201 HTTP/1.1" 200 51
186.79.4.176 - - [14/Mar/2018:16:29:52 -0300] "GET /cormun/static/Shared/jqueryui/images/ui-icons_82798d_256x240.png HTTP/1.1" 404 1089
186.79.4.176 - - [14/Mar/2018:16:29:52 -0300] "GET /cormun/static/Shared/jqueryui/images/ui-bg_flat_55_994d53_40x100.png HTTP/1.1" 404 1097
186.79.4.176 - - [14/Mar/2018:16:29:52 -0300] "GET /cormun/static/Shared/jqueryui/images/ui-icons_ebccce_256x240.png HTTP/1.1" 404 1089
186.79.4.176 - - [14/Mar/2018:16:29:52 -0300] "POST /cormun/servlet/solicitudot?gx-no-cache=1521055744336 HTTP/1.1" 200 255
186.79.4.176 - - [14/Mar/2018:16:29:52 -0300] "GET /cormun/servlet/solicitudot?44c9d600888decf4b92112eaf1950fb295145daa7682fd81ade4ff9103c2d20907093b903fe8e54024de2527effc4962df12ff3dd8307777bcb90d4363487003eeeeda45de9bd1336042e1f1d73514bf0d4e1db23b95a2df50b6dbdd47f9b17595787faf6924a757cd7a03a34b5056420978bdfd48def71ff3249b6f18f14fb66f319bc3fbf906fdd70b3deec399ec65f64aa8828ab8baf534b5a0c9b4cf4eeb501a622f3fe4f4f826287882ed8f5760bf01be0c28a13bd875f28409d7c058c3de874128994a5940f12f62eea316772fa396937ee99cac65cda01e521f2bd53be7756c936b2ab110ea00a08fb63b09cc2486bafb67025f47dea80f0b48fa79a21654d94181de0f879368be5904b6ad36a7a27619cde5629f979659d0140590169673279716fbe79d97a3ce8621e3a7954dbec62551038883953d22f90ecfa2d4f64355d1f19a7b4bbebc6bd4958a41e51556083538ed21b373fa30bf6499ed6d0960b25c42ae811b220e5248cf0b27528c6d03ee5d2fa5f4aa7c77fc094381a9,gx-no-cache=1521055744471 HTTP/1.1" 200 30
186.103.157.42 - - [14/Mar/2018:16:29:53 -0300] "GET /cormun/servlet/solicitudotadjuntos?INS,2018,10483,,1, HTTP/1.1" 200 6294
186.103.157.42 - - [14/Mar/2018:16:29:53 -0300] "GET /cormun/static/about:blank HTTP/1.1" 404 1011
186.103.157.42 - - [14/Mar/2018:16:29:54 -0300] "GET /cormun/servlet/solicitudotadjuntos?INS,2018,10483,,1, HTTP/1.1" 200 6287
186.103.157.42 - - [14/Mar/2018:16:29:54 -0300] "GET /cormun/servlet/solicitudotadjuntos?955ec380a684473e8d88504d95cf438d11eb59e6b2401b4a729bb266e3e51cec773b265938652849116bd8c6e82d606a,gx-no-cache=1521055490258 HTTP/1.1" 200 30
186.103.157.42 - - [14/Mar/2018:16:29:54 -0300] "POST /cormun/servlet/solicitudotadjuntos?319b49d92853b2112aae116daf3fed3c,INS,2018,10483,,1,,gx-no-cache=1521055490305 HTTP/1.1" 200 3983
200.111.191.210 - - [14/Mar/2018:16:29:58 -0300] "GET /cormun/servlet/trautorizarsolicitud? HTTP/1.1" 200 9174
200.111.191.210 - - [14/Mar/2018:16:29:58 -0300] "GET /cormun/servlet/trautorizarsolicitud? HTTP/1.1" 200 9173
186.103.157.42 - - [14/Mar/2018:16:30:00 -0300] "POST /cormun/servlet/solicitudotadjuntos?gx-no-cache=1521055496267 HTTP/1.1" 200 26
186.103.157.42 - - [14/Mar/2018:16:30:05 -0300] "GET /cormun/servlet/solicitudotadjuntos?955ec380a684473e8d88504d95cf438db5ea5ed9a0f9db6caaeec12d7a28ad8a,gx-no-cache=1521055501314 HTTP/1.1" 200 30
186.103.157.42 - - [14/Mar/2018:16:30:05 -0300] "GET /cormun/servlet/solicitudotadjuntos?955ec380a684473e8d88504d95cf438db5ea5ed9a0f9db6caaeec12d7a28ad8a,gx-no-cache=1521055501354 HTTP/1.1" 200 30
200.72.197.82 - - [14/Mar/2018:16:30:06 -0300] "POST /cormun/servlet/hlogin?30b644164fabf909c30fc7557b68fbf2,gx-no-cache=1521055755006 HTTP/1.1" 200 90
200.72.197.82 - - [14/Mar/2018:16:30:06 -0300] "GET /cormun/servlet/hpexe_link HTTP/1.1" 200 957
200.72.197.82 - - [14/Mar/2018:16:30:06 -0300] "GET /cormun/servlet/hhome HTTP/1.1" 200 4089
186.103.157.42 - - [14/Mar/2018:16:30:07 -0300] "POST /cormun/servlet/solicitudotadjuntos?319b49d92853b2112aae116daf3fed3c,INS,2018,10483,,1, HTTP/1.1" 200 116
186.103.157.42 - - [14/Mar/2018:16:30:07 -0300] "GET /cormun/servlet/hpexe_return? HTTP/1.1" 200 1024
186.103.161.206 - - [14/Mar/2018:16:30:08 -0300] "GET /cormun/servlet/hhome HTTP/1.1" 200 4085
186.103.157.42 - - [14/Mar/2018:16:30:08 -0300] "GET /cormun/servlet/trsolicitudadjuntos?2018,10483, HTTP/1.1" 200 9270
186.103.157.42 - - [14/Mar/2018:16:30:08 -0300] "GET /cormun/servlet/trsolicitudadjuntos?2018,10483, HTTP/1.1" 200 9268
200.111.191.210 - - [14/Mar/2018:16:30:13 -0300] "GET /cormun/servlet/trautorizarsolicitud? HTTP/1.1" 200 9173
200.111.191.210 - - [14/Mar/2018:16:30:13 -0300] "GET /cormun/servlet/trautorizarsolicitud? HTTP/1.1" 200 9173
200.111.191.210 - - [14/Mar/2018:16:30:20 -0300] "GET /cormun/servlet/trsolicitudot? HTTP/1.1" 200 7405
200.111.191.210 - - [14/Mar/2018:16:30:20 -0300] "GET /cormun/servlet/trsolicitudot? HTTP/1.1" 200 7405
200.111.191.210 - - [14/Mar/2018:16:30:22 -0300] "GET /cormun/servlet/solicitudot?INS,0,0, HTTP/1.1" 200 13628
200.111.191.210 - - [14/Mar/2018:16:30:22 -0300] "GET /cormun/servlet/solicitudot?INS,0,0, HTTP/1.1" 200 13633
200.111.191.210 - - [14/Mar/2018:16:30:26 -0300] "GET /cormun/servlet/trsolicitudot? HTTP/1.1" 200 7406
200.111.191.210 - - [14/Mar/2018:16:30:26 -0300] "GET /cormun/servlet/trsolicitudot? HTTP/1.1" 200 7405
200.111.191.210 - - [14/Mar/2018:16:30:28 -0300] "GET /cormun/servlet/hlogin HTTP/1.1" 200 1738
200.111.191.210 - - [14/Mar/2018:16:30:32 -0300] "POST /cormun/servlet/hlogin?20439257580688f2552e659eba12a7d0,gx-no-cache=1521055783065 HTTP/1.1" 200 90
200.111.191.210 - - [14/Mar/2018:16:30:32 -0300] "GET /cormun/servlet/hpexe_link HTTP/1.1" 200 952
200.111.191.210 - - [14/Mar/2018:16:30:32 -0300] "GET /cormun/servlet/hhome HTTP/1.1" 200 3961
200.111.191.210 - - [14/Mar/2018:16:30:33 -0300] "GET /cormun/servlet/hhome HTTP/1.1" 200 3957
200.111.191.210 - - [14/Mar/2018:16:30:35 -0300] "GET /cormun/servlet/trsolicitudot? HTTP/1.1" 200 7175
200.111.191.210 - - [14/Mar/2018:16:30:35 -0300] "GET /cormun/servlet/trsolicitudot? HTTP/1.1" 200 7174
186.103.161.206 - - [14/Mar/2018:16:30:40 -0300] "GET /cormun/servlet/trautorizarsolicitud? HTTP/1.1" 200 7198
200.111.191.210 - - [14/Mar/2018:16:30:40 -0300] "GET /cormun/servlet/solicitudot?INS,0,0, HTTP/1.1" 200 13402
200.111.191.210 - - [14/Mar/2018:16:30:40 -0300] "GET /cormun/servlet/solicitudot?INS,0,0, HTTP/1.1" 200 13407
186.103.161.206 - - [14/Mar/2018:16:30:41 -0300] "GET /cormun/servlet/trautorizarsolicitud? HTTP/1.1" 200 7197
200.111.191.210 - - [14/Mar/2018:16:30:42 -0300] "GET /cormun/servlet/trsolicitudot? HTTP/1.1" 200 7175
200.111.191.210 - - [14/Mar/2018:16:30:42 -0300] "GET /cormun/servlet/trsolicitudot? HTTP/1.1" 200 7174
200.111.122.170 - - [14/Mar/2018:16:30:43 -0300] "GET /cormun/servlet/trsolicitudot? HTTP/1.1" 200 7303
200.111.122.170 - - [14/Mar/2018:16:30:44 -0300] "GET /cormun/servlet/trsolicitudot? HTTP/1.1" 200 7302
190.151.100.218 - - [14/Mar/2018:16:30:46 -0300] "GET /cormun/servlet/solicitudot?INS,0,0, HTTP/1.1" 200 13536
190.151.100.218 - - [14/Mar/2018:16:30:46 -0300] "GET /cormun/servlet/solicitudot?INS,0,0, HTTP/1.1" 200 13541
200.111.191.210 - - [14/Mar/2018:16:30:46 -0300] "POST /cormun/servlet/trsolicitudot?20439257580688f2552e659eba12a7d0,,gx-no-cache=1521055797101 HTTP/1.1" 200 6096
186.103.161.206 - - [14/Mar/2018:16:31:03 -0300] "POST /cormun/servlet/solicitudot?gx-no-cache=1521055811932 HTTP/1.1" 200 3391
186.103.161.206 - - [14/Mar/2018:16:31:03 -0300] "POST /cormun/servlet/solicitudot?30b644164fabf909c30fc7557b68fbf2,INS,0,0,,gx-no-cache=1521055812798 HTTP/1.1" 200 10569
200.111.191.210 - - [14/Mar/2018:16:31:04 -0300] "GET /cormun/servlet/hlogin HTTP/1.1" 200 1738
186.103.161.206 - - [14/Mar/2018:16:31:07 -0300] "GET /cormun/servlet/solicitudot?df5c45808099e7c59eabb58184f8f893b5de71a1f21677f4d94c3887482c986c4a988a53bc914c99d588b41d4ad9da09,gx-no-cache=1521055816057 HTTP/1.1" 200 30
186.103.161.206 - - [14/Mar/2018:16:31:07 -0300] "GET /cormun/servlet/solicitudot?df5c45808099e7c59eabb58184f8f893b5ba9ab48d8414c93b7a6b922bb316bb6ac9106bed8565d8e274f34cfd7d92814a988a53bc914c99d588b41d4ad9da09,gx-no-cache=1521055817371 HTTP/1.1" 200 30
186.103.161.206 - - [14/Mar/2018:16:31:08 -0300] "GET /cormun/servlet/solicitudot?df5c45808099e7c59eabb58184f8f8938febde67e1634d5795ce9eed78072544,gx-no-cache=1521055817426 HTTP/1.1" 200 53
200.111.191.210 - - [14/Mar/2018:16:31:09 -0300] "POST /cormun/servlet/hlogin?20439257580688f2552e659eba12a7d0,gx-no-cache=1521055820056 HTTP/1.1" 200 90
200.111.191.210 - - [14/Mar/2018:16:31:09 -0300] "GET /cormun/servlet/hpexe_link HTTP/1.1" 200 952
200.111.191.210 - - [14/Mar/2018:16:31:09 -0300] "GET /cormun/servlet/hhome HTTP/1.1" 200 4194
200.111.191.210 - - [14/Mar/2018:16:31:10 -0300] "GET /cormun/servlet/hhome HTTP/1.1" 200 4190
200.111.191.210 - - [14/Mar/2018:16:31:13 -0300] "GET /cormun/servlet/trautorizarsolicitud? HTTP/1.1" 200 9306
200.111.191.210 - - [14/Mar/2018:16:31:13 -0300] "GET /cormun/servlet/trautorizarsolicitud? HTTP/1.1" 200 9304
186.103.161.206 - - [14/Mar/2018:16:31:17 -0300] "POST /cormun/servlet/solicitudot?30b644164fabf909c30fc7557b68fbf2,INS,0,0,,gx-no-cache=1521055827189 HTTP/1.1" 200 10673
186.103.161.206 - - [14/Mar/2018:16:31:18 -0300] "GET /cormun/static/Shared/jqueryui/images/ui-bg_highlight-soft_100_c6c2c8_1x100.png HTTP/1.1" 404 1117
200.111.122.170 - - [14/Mar/2018:16:31:18 -0300] "GET /cormun/static/Shared/jqueryui/images/ui-icons_82798d_256x240.png HTTP/1.1" 404 1089
186.67.203.186 - - [14/Mar/2018:16:31:18 -0300] "GET /cormun/static/Shared/jqueryui/images/ui-bg_flat_55_fafafa_40x100.png HTTP/1.1" 404 1097
186.103.161.206 - - [14/Mar/2018:16:31:18 -0300] "GET /cormun/static/Shared/jqueryui/images/ui-icons_8d78a5_256x240.png HTTP/1.1" 404 1089
186.103.161.206 - - [14/Mar/2018:16:31:26 -0300] "GET /cormun/servlet/solicitudot?df5c45808099e7c59eabb58184f8f893b5de71a1f21677f4d94c3887482c986cf4c9776a25bf89d37fc281d7663aeee7,gx-no-cache=1521055835433 HTTP/1.1" 200 30
186.103.161.206 - - [14/Mar/2018:16:31:26 -0300] "GET /cormun/servlet/solicitudot?df5c45808099e7c59eabb58184f8f893b5ba9ab48d8414c93b7a6b922bb316bb6ac9106bed8565d8e274f34cfd7d9281f4c9776a25bf89d37fc281d7663aeee7,gx-no-cache=1521055835940 HTTP/1.1" 200 30
186.103.161.206 - - [14/Mar/2018:16:31:27 -0300] "GET /cormun/servlet/solicitudot?df5c45808099e7c59eabb58184f8f8936e80c11dae678f8a558e2e8c64b0863933b737a88890bd1f0eb4b7b97ad4a9efc6a21aedebaf73c270e46223b9e78035,gx-no-cache=1521055836040 HTTP/1.1" 200 53
186.103.161.206 - - [14/Mar/2018:16:31:27 -0300] "POST /cormun/servlet/solicitudot?gx-no-cache=1521055836609 HTTP/1.1" 200 255
200.111.191.210 - - [14/Mar/2018:16:31:27 -0300] "GET /cormun/static/menuarrow.gif HTTP/1.1" 404 1015
186.103.161.206 - - [14/Mar/2018:16:31:27 -0300] "GET /cormun/servlet/solicitudot?df5c45808099e7c59eabb58184f8f893bd48955bc3945d3c5c470c7a49bf16d8c631f8c38984d2c203a12b4fda97c784344f5c19dcf8c317205c8814ed0778fc64d7338e9a80a9ccaf669e9c32b322732eda644ade2716a979d77e1726b6b0c90181f8768d30ae87741b11a0d646180d27891c8244ad1c0e723282a7736f639b84956ee93a4743d38f0aec0c2ec6551a30beff3c4f594a6432f664daa1c77831652ef9cfa68bcfaeb845a17863d35a11ce3bdc15cabe080559d04431d57a9bf47c6ab2a9b5d3fdb89ddfdb5e4a5ef3e666b814cf81d2b4c1197f843ff69fbfb42cdc935c1bc9e55009dbaca954140ea09ff37e4c97d547a49437eec94c41fa7f4f67bd927ec4013b0c426c64438772dda68224a3f6a8977540b46d4b78f6901cf644b272ffc2034652496419cea599243eccea47d748a00d70534962bf7a39585ac53d11667af3aeb671d01f83b3b4715445a6f5fa824668e5d31e0b54f247dc5099a48f704372ad8fc0faf540a169bd211bd2a317c1b41321d0cfbe89c6bd76,gx-no-cache=1521055836725 HTTP/1.1" 200 30
186.103.161.206 - - [14/Mar/2018:16:31:27 -0300] "POST /cormun/servlet/solicitudot?gx-no-cache=1521055837048 HTTP/1.1" 200 30
186.103.161.206 - - [14/Mar/2018:16:31:27 -0300] "POST /cormun/servlet/solicitudot?gx-no-cache=1521055837169 HTTP/1.1" 200 1337
186.103.161.206 - - [14/Mar/2018:16:31:27 -0300] "POST /cormun/servlet/solicitudot?gx-no-cache=1521055837320 HTTP/1.1" 200 38
200.111.191.210 - - [14/Mar/2018:16:31:36 -0300] "POST /cormun/servlet/trautorizarsolicitud?20439257580688f2552e659eba12a7d0,,gx-no-cache=1521055846570 HTTP/1.1" 200 6970
186.103.161.206 - - [14/Mar/2018:16:31:46 -0300] "POST /cormun/servlet/solicitudot?gx-no-cache=1521055854667 HTTP/1.1" 200 30
186.103.161.206 - - [14/Mar/2018:16:31:49 -0300] "POST /cormun/servlet/solicitudot?gx-no-cache=1521055858442 HTTP/1.1" 200 1337
186.103.161.206 - - [14/Mar/2018:16:31:49 -0300] "POST /cormun/servlet/solicitudot?gx-no-cache=1521055858975 HTTP/1.1" 200 38
200.111.191.210 - - [14/Mar/2018:16:31:51 -0300] "POST /cormun/servlet/trautorizarsolicitud?20439257580688f2552e659eba12a7d0,,gx-no-cache=1521055860807 HTTP/1.1" 200 7000
200.111.191.210 - - [14/Mar/2018:16:31:51 -0300] "GET /cormun/static/Shared/jqueryui/images/ui-bg_highlight-soft_100_c6c2c8_1x100.png HTTP/1.1" 404 1117
200.111.191.210 - - [14/Mar/2018:16:31:51 -0300] "GET /cormun/static/Shared/jqueryui/images/ui-bg_flat_55_fafafa_40x100.png HTTP/1.1" 404 1097
200.111.191.210 - - [14/Mar/2018:16:31:51 -0300] "GET /cormun/static/Shared/jqueryui/images/ui-icons_8d78a5_256x240.png HTTP/1.1" 404 1089
200.111.191.210 - - [14/Mar/2018:16:31:51 -0300] "GET /cormun/static/Shared/jqueryui/images/ui-icons_82798d_256x240.png HTTP/1.1" 404 1089
200.111.191.210 - - [14/Mar/2018:16:31:51 -0300] "POST /cormun/servlet/trautorizarsolicitud?20439257580688f2552e659eba12a7d0,,gx-no-cache=1521055861487 HTTP/1.1" 200 6947
200.111.191.210 - - [14/Mar/2018:16:31:54 -0300] "POST /cormun/servlet/trautorizarsolicitud?20439257580688f2552e659eba12a7d0,,gx-no-cache=1521055864055 HTTP/1.1" 200 6993
200.111.191.210 - - [14/Mar/2018:16:31:54 -0300] "POST /cormun/servlet/trautorizarsolicitud?20439257580688f2552e659eba12a7d0,,gx-no-cache=1521055864382 HTTP/1.1" 200 6940
186.103.161.206 - - [14/Mar/2018:16:31:57 -0300] "GET /cormun/servlet/solicitudot?df5c45808099e7c59eabb58184f8f893a749de90104053faf235e7c76822d2b843814ab7f96bd17e28d3ab0546f69f2db1fcfbb5d8f06b7902a0e25319f5403b149227a6b991ca6ce59697717c6df5a17a54ac727f31ed9610b5330d217476c4c858531428ae2215bd5bc75e995bff2ad089b059f06a420bc89e62fccbaacbd36561905d34f3911c7ba32248f5403351777442b4b1723a90d7b44ef0feb1c77c,gx-no-cache=1521055866757 HTTP/1.1" 200 29
186.103.161.206 - - [14/Mar/2018:16:31:58 -0300] "POST /cormun/servlet/solicitudot?gx-no-cache=1521055867230 HTTP/1.1" 200 1318
186.103.161.206 - - [14/Mar/2018:16:31:58 -0300] "POST /cormun/servlet/solicitudot?gx-no-cache=1521055867579 HTTP/1.1" 200 1219
186.103.161.206 - - [14/Mar/2018:16:31:58 -0300] "GET /cormun/static/menuarrow.gif HTTP/1.1" 404 1015
200.111.191.210 - - [14/Mar/2018:16:32:00 -0300] "POST /cormun/servlet/trautorizarsolicitud?20439257580688f2552e659eba12a7d0,,gx-no-cache=1521055870678 HTTP/1.1" 200 6974
186.103.161.206 - - [14/Mar/2018:16:32:06 -0300] "POST /cormun/servlet/solicitudot?gx-no-cache=1521055874404 HTTP/1.1" 200 1318
200.111.191.210 - - [14/Mar/2018:16:32:06 -0300] "POST /cormun/servlet/trautorizarsolicitud?20439257580688f2552e659eba12a7d0,,gx-no-cache=1521055876690 HTTP/1.1" 200 6974
186.103.161.206 - - [14/Mar/2018:16:32:06 -0300] "POST /cormun/servlet/solicitudot?gx-no-cache=1521055876095 HTTP/1.1" 200 1219
186.103.161.206 - - [14/Mar/2018:16:32:09 -0300] "GET /cormun/servlet/solicitudot?df5c45808099e7c59eabb58184f8f8933babf27ee830dba7290c843a773f5699cb9a197ab4ecf78b5329df66326b47d6,gx-no-cache=1521055878491 HTTP/1.1" 200 30
186.103.157.42 - - [14/Mar/2018:16:32:10 -0300] "GET /cormun/servlet/solicitudotadjuntos?INS,2018,10483,,1, HTTP/1.1" 200 6293
186.103.157.42 - - [14/Mar/2018:16:32:11 -0300] "GET /cormun/static/about:blank HTTP/1.1" 404 1011
186.103.157.42 - - [14/Mar/2018:16:32:11 -0300] "GET /cormun/servlet/solicitudotadjuntos?INS,2018,10483,,1, HTTP/1.1" 200 6287
186.103.157.42 - - [14/Mar/2018:16:32:11 -0300] "GET /cormun/servlet/solicitudotadjuntos?955ec380a684473e8d88504d95cf438d11eb59e6b2401b4a729bb266e3e51cec773b265938652849116bd8c6e82d606a,gx-no-cache=1521055627664 HTTP/1.1" 200 30
186.103.157.42 - - [14/Mar/2018:16:32:11 -0300] "POST /cormun/servlet/solicitudotadjuntos?319b49d92853b2112aae116daf3fed3c,INS,2018,10483,,1,,gx-no-cache=1521055627709 HTTP/1.1" 200 3983
186.103.157.42 - - [14/Mar/2018:16:32:13 -0300] "POST /cormun/servlet/solicitudotadjuntos?gx-no-cache=1521055629590 HTTP/1.1" 200 26
186.103.157.42 - - [14/Mar/2018:16:32:16 -0300] "GET /cormun/servlet/solicitudotadjuntos?955ec380a684473e8d88504d95cf438db5ea5ed9a0f9db6caaeec12d7a28ad8a,gx-no-cache=1521055632779 HTTP/1.1" 200 30
186.103.157.42 - - [14/Mar/2018:16:32:16 -0300] "GET /cormun/servlet/solicitudotadjuntos?955ec380a684473e8d88504d95cf438db5ea5ed9a0f9db6caaeec12d7a28ad8a,gx-no-cache=1521055632793 HTTP/1.1" 200 30
186.103.157.42 - - [14/Mar/2018:16:32:17 -0300] "POST /cormun/servlet/solicitudotadjuntos?319b49d92853b2112aae116daf3fed3c,INS,2018,10483,,1, HTTP/1.1" 200 116
186.103.157.42 - - [14/Mar/2018:16:32:18 -0300] "GET /cormun/servlet/hpexe_return? HTTP/1.1" 200 1024
186.103.157.42 - - [14/Mar/2018:16:32:18 -0300] "GET /cormun/servlet/trsolicitudadjuntos?2018,10483, HTTP/1.1" 200 9503
186.103.157.42 - - [14/Mar/2018:16:32:19 -0300] "GET /cormun/servlet/trsolicitudadjuntos?2018,10483, HTTP/1.1" 200 9501
186.103.161.206 - - [14/Mar/2018:16:32:19 -0300] "POST /cormun/servlet/solicitudot?gx-no-cache=1521055888627 HTTP/1.1" 200 30
200.111.191.210 - - [14/Mar/2018:16:32:19 -0300] "POST /cormun/servlet/trautorizarsolicitud?20439257580688f2552e659eba12a7d0,,gx-no-cache=1521055889582 HTTP/1.1" 200 6973
186.103.157.42 - - [14/Mar/2018:16:32:20 -0300] "GET /cormun/servlet/solicitudotadjuntos?INS,2018,10483,,1, HTTP/1.1" 200 6293
186.103.157.42 - - [14/Mar/2018:16:32:21 -0300] "GET /cormun/static/about:blank HTTP/1.1" 404 1011
186.103.157.42 - - [14/Mar/2018:16:32:21 -0300] "GET /cormun/servlet/solicitudotadjuntos?INS,2018,10483,,1, HTTP/1.1" 200 6287
186.103.157.42 - - [14/Mar/2018:16:32:21 -0300] "GET /cormun/servlet/solicitudotadjuntos?955ec380a684473e8d88504d95cf438d11eb59e6b2401b4a729bb266e3e51cec773b265938652849116bd8c6e82d606a,gx-no-cache=1521055637329 HTTP/1.1" 200 30
186.103.157.42 - - [14/Mar/2018:16:32:21 -0300] "POST /cormun/servlet/solicitudotadjuntos?319b49d92853b2112aae116daf3fed3c,INS,2018,10483,,1,,gx-no-cache=1521055637369 HTTP/1.1" 200 3983
186.103.157.42 - - [14/Mar/2018:16:32:24 -0300] "POST /cormun/servlet/solicitudotadjuntos?gx-no-cache=1521055639788 HTTP/1.1" 200 26
186.103.157.42 - - [14/Mar/2018:16:32:27 -0300] "GET /cormun/servlet/solicitudotadjuntos?955ec380a684473e8d88504d95cf438db5ea5ed9a0f9db6caaeec12d7a28ad8a,gx-no-cache=1521055643273 HTTP/1.1" 200 30
186.103.157.42 - - [14/Mar/2018:16:32:27 -0300] "GET /cormun/servlet/solicitudotadjuntos?955ec380a684473e8d88504d95cf438db5ea5ed9a0f9db6caaeec12d7a28ad8a,gx-no-cache=1521055643325 HTTP/1.1" 200 30
186.103.161.206 - - [14/Mar/2018:16:32:30 -0300] "POST /cormun/servlet/solicitudot?30b644164fabf909c30fc7557b68fbf2,INS,0,0,,gx-no-cache=1521055899441 HTTP/1.1" 200 93
186.103.161.206 - - [14/Mar/2018:16:32:30 -0300] "GET /cormun/servlet/hpexe_return? HTTP/1.1" 200 1012
186.103.161.206 - - [14/Mar/2018:16:32:30 -0300] "GET /cormun/servlet/trsolicitudot HTTP/1.1" 200 8673
186.103.161.206 - - [14/Mar/2018:16:32:31 -0300] "GET /cormun/servlet/trsolicitudot HTTP/1.1" 200 8669
200.111.122.170 - - [14/Mar/2018:16:32:36 -0300] "GET /cormun/servlet/solicitudot?INS,0,0, HTTP/1.1" 200 13537
200.111.122.170 - - [14/Mar/2018:16:32:37 -0300] "GET /cormun/servlet/solicitudot?INS,0,0, HTTP/1.1" 200 13542
200.111.191.210 - - [14/Mar/2018:16:32:39 -0300] "GET /cormun/servlet/treventos?2018,10484, HTTP/1.1" 200 8093
200.111.191.210 - - [14/Mar/2018:16:32:39 -0300] "GET /cormun/static/gxcfg.js?2016101716195975 HTTP/1.1" 200 953
200.111.191.210 - - [14/Mar/2018:16:32:40 -0300] "GET /cormun/static/treventos.js?201610171620222 HTTP/1.1" 200 16064
200.111.191.210 - - [14/Mar/2018:16:32:40 -0300] "GET /cormun/servlet/treventos?2018,10484, HTTP/1.1" 200 8100
186.103.157.42 - - [14/Mar/2018:16:32:41 -0300] "POST /cormun/servlet/solicitudotadjuntos?319b49d92853b2112aae116daf3fed3c,INS,2018,10483,,1, HTTP/1.1" 200 116
186.103.157.42 - - [14/Mar/2018:16:32:41 -0300] "GET /cormun/servlet/hpexe_return? HTTP/1.1" 200 1024
186.103.157.42 - - [14/Mar/2018:16:32:42 -0300] "GET /cormun/servlet/trsolicitudadjuntos?2018,10483, HTTP/1.1" 200 9711
200.112.6.249 - - [14/Mar/2018:16:32:42 -0300] "GET /cormun/servlet/hlogin HTTP/1.1" 200 1726
200.112.6.249 - - [14/Mar/2018:16:32:43 -0300] "GET /cormun/servlet/hlogin HTTP/1.1" 200 1736
186.103.157.42 - - [14/Mar/2018:16:32:43 -0300] "GET /cormun/servlet/trsolicitudadjuntos?2018,10483, HTTP/1.1" 200 9708
200.111.122.170 - - [14/Mar/2018:16:32:44 -0300] "POST /cormun/servlet/solicitudot?gx-no-cache=1521055914128 HTTP/1.1" 200 3352
200.111.122.170 - - [14/Mar/2018:16:32:45 -0300] "POST /cormun/servlet/solicitudot?30b644164fabf909c30fc7557b68fbf2,INS,0,0,,gx-no-cache=1521055914521 HTTP/1.1" 200 10517
200.111.122.170 - - [14/Mar/2018:16:32:45 -0300] "GET /cormun/servlet/solicitudot?df5c45808099e7c59eabb58184f8f893f1607562fa427c74826110ec960520507a4dcc135b05b37d1273be45be4152a7,gx-no-cache=1521055914945 HTTP/1.1" 200 30
200.112.6.249 - - [14/Mar/2018:16:32:46 -0300] "POST /cormun/servlet/hlogin?b54d3fabce022c8ea2d5006dfba75269,gx-no-cache=1521055917280 HTTP/1.1" 200 90
200.112.6.249 - - [14/Mar/2018:16:32:46 -0300] "GET /cormun/servlet/hpexe_link HTTP/1.1" 200 956
200.112.6.249 - - [14/Mar/2018:16:32:46 -0300] "GET /cormun/servlet/hhome HTTP/1.1" 200 4002
200.112.6.249 - - [14/Mar/2018:16:32:47 -0300] "GET /cormun/servlet/hhome HTTP/1.1" 200 3998
200.111.122.170 - - [14/Mar/2018:16:32:48 -0300] "GET /cormun/servlet/solicitudot?df5c45808099e7c59eabb58184f8f8930d659b8d13e9fbef8cec6c05c2712063,gx-no-cache=1521055917768 HTTP/1.1" 200 103
200.111.122.170 - - [14/Mar/2018:16:32:48 -0300] "GET /cormun/static/Shared/jqueryui/images/ui-bg_highlight-soft_100_c6c2c8_1x100.png HTTP/1.1" 404 1117
200.111.122.170 - - [14/Mar/2018:16:32:48 -0300] "GET /cormun/static/Shared/jqueryui/images/ui-icons_82798d_256x240.png HTTP/1.1" 404 1089
200.111.122.170 - - [14/Mar/2018:16:32:48 -0300] "GET /cormun/static/Shared/jqueryui/images/ui-icons_ebccce_256x240.png HTTP/1.1" 404 1089
200.111.122.170 - - [14/Mar/2018:16:32:48 -0300] "GET /cormun/servlet/solicitudot?df5c45808099e7c59eabb58184f8f8937914fb3b31b17f7921579af347d86203,gx-no-cache=1521055917901 HTTP/1.1" 200 123
186.67.203.186 - - [14/Mar/2018:16:32:48 -0300] "GET /cormun/static/Shared/jqueryui/images/ui-bg_flat_55_994d53_40x100.png HTTP/1.1" 404 1097
200.111.191.210 - - [14/Mar/2018:16:32:49 -0300] "GET /cormun/servlet/trautorizarsolicitud? HTTP/1.1" 200 9847
200.111.191.210 - - [14/Mar/2018:16:32:49 -0300] "GET /cormun/servlet/trautorizarsolicitud? HTTP/1.1" 200 9844
200.112.6.249 - - [14/Mar/2018:16:32:51 -0300] "GET /cormun/servlet/trsolicitudot? HTTP/1.1" 200 7215
186.67.203.186 - - [14/Mar/2018:16:32:51 -0300] "GET /cormun/servlet/prbanco?,MD,,gxPopupLevel%3D0%3B HTTP/1.1" 200 6515
186.67.203.186 - - [14/Mar/2018:16:32:51 -0300] "GET /cormun/static/gxcfg.js?20181161016094 HTTP/1.1" 200 953
200.112.6.249 - - [14/Mar/2018:16:32:52 -0300] "GET /cormun/servlet/trsolicitudot? HTTP/1.1" 200 7214
200.111.191.210 - - [14/Mar/2018:16:32:52 -0300] "GET /cormun/servlet/treventos?2018,10482, HTTP/1.1" 200 8093
200.111.191.210 - - [14/Mar/2018:16:32:52 -0300] "GET /cormun/servlet/treventos?2018,10482, HTTP/1.1" 200 8100
200.112.6.249 - - [14/Mar/2018:16:32:54 -0300] "GET /cormun/static/menuarrow.gif HTTP/1.1" 404 1015
186.67.203.186 - - [14/Mar/2018:16:32:55 -0300] "GET /cormun/servlet/solicitudot?df5c45808099e7c59eabb58184f8f8938febde67e1634d5795ce9eed78072544,gx-no-cache=1521055924767 HTTP/1.1" 200 53
200.111.191.210 - - [14/Mar/2018:16:32:57 -0300] "GET /cormun/servlet/trautorizarsolicitud? HTTP/1.1" 200 9847
200.111.191.210 - - [14/Mar/2018:16:32:57 -0300] "GET /cormun/servlet/trautorizarsolicitud? HTTP/1.1" 200 9844
200.111.191.210 - - [14/Mar/2018:16:32:59 -0300] "GET /cormun/servlet/treventos?2018,10473, HTTP/1.1" 200 8099
200.111.191.210 - - [14/Mar/2018:16:33:00 -0300] "GET /cormun/servlet/treventos?2018,10473, HTTP/1.1" 200 8103
186.103.161.206 - - [14/Mar/2018:16:33:05 -0300] "POST /cormun/servlet/solicitudot?30b644164fabf909c30fc7557b68fbf2,INS,0,0,,gx-no-cache=1521055932070 HTTP/1.1" 200 10623
186.103.161.206 - - [14/Mar/2018:16:33:05 -0300] "GET /cormun/static/Shared/jqueryui/images/ui-bg_flat_55_fafafa_40x100.png HTTP/1.1" 404 1097
200.111.122.170 - - [14/Mar/2018:16:33:05 -0300] "GET /cormun/static/Shared/jqueryui/images/ui-icons_8d78a5_256x240.png HTTP/1.1" 404 1089
200.111.191.210 - - [14/Mar/2018:16:33:07 -0300] "GET /cormun/servlet/trautorizarsolicitud? HTTP/1.1" 200 9847
200.111.191.210 - - [14/Mar/2018:16:33:07 -0300] "GET /cormun/servlet/trautorizarsolicitud? HTTP/1.1" 200 9844
200.111.122.170 - - [14/Mar/2018:16:33:09 -0300] "GET /cormun/servlet/solicitudot?df5c45808099e7c59eabb58184f8f893f1607562fa427c74826110ec960520504550141f8a12b536fd9b5f6dec41d0b1,gx-no-cache=1521055938610 HTTP/1.1" 200 30
200.111.122.170 - - [14/Mar/2018:16:33:09 -0300] "GET /cormun/servlet/solicitudot?df5c45808099e7c59eabb58184f8f8930d659b8d13e9fbef8cec6c05c2712063,gx-no-cache=1521055938761 HTTP/1.1" 200 103
200.111.122.170 - - [14/Mar/2018:16:33:09 -0300] "GET /cormun/servlet/solicitudot?df5c45808099e7c59eabb58184f8f8936e80c11dae678f8a558e2e8c64b0863933b737a88890bd1f0eb4b7b97ad4a9efc6a21aedebaf73c270e46223b9e78035,gx-no-cache=1521055938919 HTTP/1.1" 200 53
200.111.122.170 - - [14/Mar/2018:16:33:09 -0300] "POST /cormun/servlet/solicitudot?gx-no-cache=1521055938962 HTTP/1.1" 200 255
200.111.122.170 - - [14/Mar/2018:16:33:09 -0300] "GET /cormun/servlet/solicitudot?df5c45808099e7c59eabb58184f8f893bd48955bc3945d3c5c470c7a49bf16d8c631f8c38984d2c203a12b4fda97c784344f5c19dcf8c317205c8814ed0778fc64d7338e9a80a9ccaf669e9c32b322732eda644ade2716a979d77e1726b6b0c90181f8768d30ae87741b11a0d646180d27891c8244ad1c0e723282a7736f639b84956ee93a4743d38f0aec0c2ec6551a30beff3c4f594a6432f664daa1c77831652ef9cfa68bcfaeb845a17863d35a11ce3bdc15cabe080559d04431d57a9bf47c6ab2a9b5d3fdb89ddfdb5e4a5ef3e666b814cf81d2b4c1197f843ff69fbfb42cdc935c1bc9e55009dbaca954140ea09ff37e4c97d547a49437eec94c41fa7f4f67bd927ec4013b0c426c64438772dda68224a3f6a8977540b46d4b78f6901cf644b272ffc2034652496419cea599243eccea47d748a00d70534962bf7a39585ac53d11667af3aeb671d01f83b3b4715445a6f5fa824668e5d31e0b54f247dc5099a48f704372ad8fc0faf540a169bd211bd2a317c1b41321d0cfbe89c6bd76,gx-no-cache=1521055939047 HTTP/1.1" 200 30
200.111.191.210 - - [14/Mar/2018:16:33:09 -0300] "GET /cormun/servlet/treventos?2018,10470, HTTP/1.1" 200 8091
200.111.191.210 - - [14/Mar/2018:16:33:09 -0300] "GET /cormun/servlet/treventos?2018,10470, HTTP/1.1" 200 8096
186.79.4.176 - - [14/Mar/2018:16:33:10 -0300] "POST /cormun/servlet/solicitudot?gx-no-cache=1521055942043 HTTP/1.1" 200 30
200.112.6.249 - - [14/Mar/2018:16:33:11 -0300] "POST /cormun/servlet/trsolicitudot?b54d3fabce022c8ea2d5006dfba75269,,gx-no-cache=1521055941864 HTTP/1.1" 200 22141
200.111.122.170 - - [14/Mar/2018:16:33:16 -0300] "POST /cormun/servlet/solicitudot?gx-no-cache=1521055945196 HTTP/1.1" 200 30
200.111.191.210 - - [14/Mar/2018:16:33:17 -0300] "GET /cormun/servlet/hlogin HTTP/1.1" 200 1742
186.103.157.42 - - [14/Mar/2018:16:33:34 -0300] "GET /cormun/servlet/solicitudotadjuntos?INS,2018,10483,,1, HTTP/1.1" 200 6294
186.103.157.42 - - [14/Mar/2018:16:33:34 -0300] "GET /cormun/static/about:blank HTTP/1.1" 404 1011
186.103.157.42 - - [14/Mar/2018:16:33:34 -0300] "GET /cormun/servlet/solicitudotadjuntos?INS,2018,10483,,1, HTTP/1.1" 200 6287
186.103.157.42 - - [14/Mar/2018:16:33:35 -0300] "GET /cormun/servlet/solicitudotadjuntos?955ec380a684473e8d88504d95cf438d11eb59e6b2401b4a729bb266e3e51cec773b265938652849116bd8c6e82d606a,gx-no-cache=1521055711200 HTTP/1.1" 200 30
186.103.157.42 - - [14/Mar/2018:16:33:35 -0300] "POST /cormun/servlet/solicitudotadjuntos?319b49d92853b2112aae116daf3fed3c,INS,2018,10483,,1,,gx-no-cache=1521055711225 HTTP/1.1" 200 3983
200.111.122.170 - - [14/Mar/2018:16:33:35 -0300] "GET /cormun/servlet/solicitudot?df5c45808099e7c59eabb58184f8f8930d659b8d13e9fbef8cec6c05c2712063,gx-no-cache=1521055965240 HTTP/1.1" 200 103
200.111.122.170 - - [14/Mar/2018:16:33:36 -0300] "POST /cormun/servlet/solicitudot?gx-no-cache=1521055965427 HTTP/1.1" 200 255
200.111.122.170 - - [14/Mar/2018:16:33:36 -0300] "GET /cormun/servlet/solicitudot?df5c45808099e7c59eabb58184f8f893bd48955bc3945d3c5c470c7a49bf16d8c631f8c38984d2c203a12b4fda97c784344f5c19dcf8c317205c8814ed0778fc64d7338e9a80a9ccaf669e9c32b322732eda644ade2716a979d77e1726b6b0c90181f8768d30ae87741b11a0d646180d27891c8244ad1c0e723282a7736f639b84956ee93a4743d38f0aec0c2ec6551a30beff3c4f594a6432f664daa1c77831652ef9cfa68bcfaeb845a17863d35a11ce3bdc15cabe080559d04431d57a9bf47c6ab2a9b5d3fdb89ddfdb5e4a5ef3e666b814cf81d2b4c1197f843ff69fbfb42cdc935c1bc9e55009dbaca954140ea09ff37e4c97d547a49437eec94c41fa7f4f67bd927ec4013b0c426c64438772dda68224a3f6a8977540b46d4b78f6901cf644b272ffc2034652496419cea599243eccea47d748a00d70534962bf7a39585ac53d11667af3aeb671d01f83b3b4715445a6f5fa824668e5d31e0b54f247dc5099a48f704372ad8fc0faf540a169bdb6a4c0802d53ad672c571ee8823ed9d4,gx-no-cache=1521055965542 HTTP/1.1" 200 30
186.103.157.42 - - [14/Mar/2018:16:33:40 -0300] "POST /cormun/servlet/solicitudotadjuntos?gx-no-cache=1521055716791 HTTP/1.1" 200 26
186.103.157.42 - - [14/Mar/2018:16:33:46 -0300] "GET /cormun/servlet/solicitudotadjuntos?955ec380a684473e8d88504d95cf438db5ea5ed9a0f9db6caaeec12d7a28ad8a,gx-no-cache=1521055722045 HTTP/1.1" 200 30
186.103.157.42 - - [14/Mar/2018:16:33:46 -0300] "GET /cormun/servlet/solicitudotadjuntos?955ec380a684473e8d88504d95cf438db5ea5ed9a0f9db6caaeec12d7a28ad8a,gx-no-cache=1521055722060 HTTP/1.1" 200 30
186.79.4.176 - - [14/Mar/2018:16:33:47 -0300] "GET /cormun/servlet/prcontratosol?5614503,,,,,MD,,gxPopupLevel%3D0%3B HTTP/1.1" 200 9517
186.79.4.176 - - [14/Mar/2018:16:33:48 -0300] "GET /cormun/static/gxcfg.js?201761413223964 HTTP/1.1" 200 953
186.79.4.176 - - [14/Mar/2018:16:33:48 -0300] "GET /cormun/static/prcontratosol.js?201761413224174 HTTP/1.1" 200 15806
190.151.99.26 - - [14/Mar/2018:16:33:50 -0300] "GET /cormun/servlet/solicitudotadjuntos?69957c2afd0aa57a22ef68e136e02bb43ca078888351fb4424603e32657af6b2,gx-no-cache=1521055980429 HTTP/1.1" 200 30
190.151.99.26 - - [14/Mar/2018:16:33:50 -0300] "GET /cormun/servlet/solicitudotadjuntos?69957c2afd0aa57a22ef68e136e02bb43ca078888351fb4424603e32657af6b2,gx-no-cache=1521055980505 HTTP/1.1" 200 30
190.151.99.26 - - [14/Mar/2018:16:33:53 -0300] "POST /cormun/servlet/solicitudotadjuntos?dca73a911ad032d507c0e3e2a4d02905,INS,2018,10481,,1, HTTP/1.1" 200 116
190.151.99.26 - - [14/Mar/2018:16:33:53 -0300] "GET /cormun/servlet/hpexe_return? HTTP/1.1" 200 1025
190.151.99.26 - - [14/Mar/2018:16:33:54 -0300] "GET /cormun/servlet/trsolicitudadjuntos?2018,10481, HTTP/1.1" 200 9561
190.151.99.26 - - [14/Mar/2018:16:33:55 -0300] "GET /cormun/servlet/trsolicitudadjuntos?2018,10481, HTTP/1.1" 200 9560
186.103.157.42 - - [14/Mar/2018:16:33:58 -0300] "POST /cormun/servlet/solicitudotadjuntos?319b49d92853b2112aae116daf3fed3c,INS,2018,10483,,1, HTTP/1.1" 200 116
186.103.157.42 - - [14/Mar/2018:16:33:58 -0300] "GET /cormun/servlet/hpexe_return? HTTP/1.1" 200 1024
186.103.157.42 - - [14/Mar/2018:16:33:59 -0300] "GET /cormun/servlet/trsolicitudadjuntos?2018,10483, HTTP/1.1" 200 9970
186.103.196.90 - - [14/Mar/2018:16:34:00 -0300] "GET /cormun/servlet/solicitudotadjuntos?INS,2018,10481,,1, HTTP/1.1" 200 6246
186.103.196.90 - - [14/Mar/2018:16:34:00 -0300] "GET /cormun/static/about:blank HTTP/1.1" 404 1011
186.67.84.236 - - [14/Mar/2018:16:34:01 -0300] "GET /cormun/servlet/solicitudotadjuntos?69957c2afd0aa57a22ef68e136e02bb4c769033e7699e1fc2297fcf0e50d2228d19fa0b0dd8215af9d0a3e0271cb3dfb,gx-no-cache=1521055990559 HTTP/1.1" 200 30
186.103.196.90 - - [14/Mar/2018:16:34:01 -0300] "GET /cormun/servlet/solicitudotadjuntos?INS,2018,10481,,1, HTTP/1.1" 200 6239
186.67.84.236 - - [14/Mar/2018:16:34:01 -0300] "POST /cormun/servlet/solicitudotadjuntos?dca73a911ad032d507c0e3e2a4d02905,INS,2018,10481,,1,,gx-no-cache=1521055990916 HTTP/1.1" 200 3986
186.103.157.42 - - [14/Mar/2018:16:34:01 -0300] "GET /cormun/servlet/trsolicitudadjuntos?2018,10483, HTTP/1.1" 200 9966
186.79.4.176 - - [14/Mar/2018:16:34:09 -0300] "POST /cormun/servlet/solicitudot?gx-no-cache=1521056000694 HTTP/1.1" 200 1337
186.79.4.176 - - [14/Mar/2018:16:34:09 -0300] "POST /cormun/servlet/solicitudot?gx-no-cache=1521056001284 HTTP/1.1" 200 38
186.79.4.176 - - [14/Mar/2018:16:34:09 -0300] "GET /cormun/servlet/solicitudot?44c9d600888decf4b92112eaf1950fb27b5c8f2dcba732139fb8ceb23f7ad5def89f5c2ad423e0a8aaadfdce5a6d7721cf36c3361e1db78092e1ec50272d707e91dbf6a311e6a0642874d20a0dc5f21fbdbe68430cb4748f2015227873c1d5c29d7be8ab72d7445fbd7016f6c2bf04cfdf51f459aee2c8c9283cdb2376cdbd8f1feb9d105277d8ae0c2d3cce8c2277eb5178bf5ea7d57637cc6b4081508ebd1b,gx-no-cache=1521056001391 HTTP/1.1" 200 29
186.79.4.176 - - [14/Mar/2018:16:34:09 -0300] "POST /cormun/servlet/solicitudot?gx-no-cache=1521056001509 HTTP/1.1" 200 1319
186.79.4.176 - - [14/Mar/2018:16:34:09 -0300] "POST /cormun/servlet/solicitudot?gx-no-cache=1521056001693 HTTP/1.1" 200 1218
186.79.4.176 - - [14/Mar/2018:16:34:10 -0300] "GET /cormun/servlet/solicitudot?44c9d600888decf4b92112eaf1950fb28cfcf9fe54f9e019b4ae73e01261c7c4,gx-no-cache=1521056001869 HTTP/1.1" 200 30
200.111.122.170 - - [14/Mar/2018:16:34:14 -0300] "GET /cormun/servlet/solicitudot?df5c45808099e7c59eabb58184f8f8939e483148cd32fa40e3837cff26d6303316f31856cc549b4d98a6fa05a55c44757a4dcc135b05b37d1273be45be4152a7,gx-no-cache=1521056003838 HTTP/1.1" 200 30
200.111.122.170 - - [14/Mar/2018:16:34:15 -0300] "POST /cormun/servlet/solicitudot?gx-no-cache=1521056004266 HTTP/1.1" 200 255
200.111.122.170 - - [14/Mar/2018:16:34:19 -0300] "GET /cormun/servlet/solicitudot?df5c45808099e7c59eabb58184f8f893bd48955bc3945d3c5c470c7a49bf16d8c631f8c38984d2c203a12b4fda97c784344f5c19dcf8c317205c8814ed0778fc64d7338e9a80a9ccaf669e9c32b322732eda644ade2716a979d77e1726b6b0c90181f8768d30ae87741b11a0d646180d27891c8244ad1c0e723282a7736f639b84956ee93a4743d38f0aec0c2ec6551a30beff3c4f594a6432f664daa1c77831652ef9cfa68bcfaeb845a17863d35a11ce3bdc15cabe080559d04431d57a9bf47c6ab2a9b5d3fdb89ddfdb5e4a5ef3e666b814cf81d2b4c1197f843ff69fbfb42cdc935c1bc9e55009dbaca954140ea09ff37e4c97d547a49437eec94c41fa7f4f67bd927ec4013b0c426c64438772dda68224a3f6a8977540b46d4b78f6901cf644b272ffc2034652496419cea599243eccea47d748a00d70534962bf7a39585ac53d11667af3aeb671d01f83b3b4715445a6f5fa824668e5d31e0b54f247dc5099a48f704372ad8fc0faf540a169bdb6a4c0802d53ad672c571ee8823ed9d4,gx-no-cache=1521056004540 HTTP/1.1" 200 30
186.103.157.42 - - [14/Mar/2018:16:34:27 -0300] "POST /cormun/servlet/trsolicitudadjuntos?319b49d92853b2112aae116daf3fed3c,2018,10483,,gx-no-cache=1521055762855 HTTP/1.1" 200 90
186.103.157.42 - - [14/Mar/2018:16:34:27 -0300] "GET /cormun/servlet/hpexe_link HTTP/1.1" 200 967
186.103.157.42 - - [14/Mar/2018:16:34:27 -0300] "GET /cormun/servlet/trsolicitudot HTTP/1.1" 200 25852
186.103.157.42 - - [14/Mar/2018:16:34:28 -0300] "GET /cormun/servlet/trsolicitudot HTTP/1.1" 200 25850
192.168.10.89 - - [14/Mar/2018:16:34:29 -0300] "POST /cormun/servlet/trsolicitudot?babdef60573024eb26402f316531d823,,gx-no-cache=1521055905109 HTTP/1.1" 440 972
192.168.10.89 - - [14/Mar/2018:16:34:30 -0300] "GET /cormun/servlet/trsolicitudot? HTTP/1.1" 200 6390
192.168.10.89 - - [14/Mar/2018:16:34:30 -0300] "GET /cormun/servlet/hlogin HTTP/1.1" 200 1734
192.168.10.89 - - [14/Mar/2018:16:34:30 -0300] "GET /cormun/servlet/trsolicitudot? HTTP/1.1" 200 6390
200.111.122.170 - - [14/Mar/2018:16:34:34 -0300] "POST /cormun/servlet/solicitudot?gx-no-cache=1521056023188 HTTP/1.1" 200 30
200.111.122.170 - - [14/Mar/2018:16:34:37 -0300] "POST /cormun/servlet/solicitudot?gx-no-cache=1521056026422 HTTP/1.1" 200 1337
200.111.122.170 - - [14/Mar/2018:16:34:37 -0300] "POST /cormun/servlet/solicitudot?gx-no-cache=1521056026775 HTTP/1.1" 200 38
192.168.10.89 - - [14/Mar/2018:16:34:39 -0300] "POST /cormun/servlet/hlogin?f94dabdf0a9094dffaa33c0bc4e24daa,gx-no-cache=1521055915549 HTTP/1.1" 200 90
192.168.10.89 - - [14/Mar/2018:16:34:39 -0300] "GET /cormun/servlet/hpexe_link HTTP/1.1" 200 954
192.168.10.89 - - [14/Mar/2018:16:34:39 -0300] "GET /cormun/servlet/trsolicitudot HTTP/1.1" 200 7976
200.111.122.170 - - [14/Mar/2018:16:34:42 -0300] "GET /cormun/servlet/solicitudot?df5c45808099e7c59eabb58184f8f893a749de90104053faf235e7c76822d2b843814ab7f96bd17e28d3ab0546f69f2db1fcfbb5d8f06b7902a0e25319f5403b149227a6b991ca6ce59697717c6df5a17a54ac727f31ed9610b5330d217476c4c858531428ae2215bd5bc75e995bff2ad089b059f06a420bc89e62fccbaacbd36561905d34f3911c7ba32248f5403351777442b4b1723a90d7b44ef0feb1c77c,gx-no-cache=1521056031973 HTTP/1.1" 200 29
200.111.122.170 - - [14/Mar/2018:16:34:42 -0300] "POST /cormun/servlet/solicitudot?gx-no-cache=1521056032029 HTTP/1.1" 200 1319
200.111.122.170 - - [14/Mar/2018:16:34:42 -0300] "POST /cormun/servlet/solicitudot?gx-no-cache=1521056032144 HTTP/1.1" 200 1219
200.111.122.170 - - [14/Mar/2018:16:34:42 -0300] "GET /cormun/static/menuarrow.gif HTTP/1.1" 404 1015
186.103.157.42 - - [14/Mar/2018:16:34:47 -0300] "POST /cormun/servlet/trsolicitudot?319b49d92853b2112aae116daf3fed3c,gx-no-cache=1521055782323 HTTP/1.1" 200 22917
186.103.157.42 - - [14/Mar/2018:16:34:47 -0300] "GET /cormun/static/Shared/jqueryui/images/ui-bg_highlight-soft_100_c6c2c8_1x100.png HTTP/1.1" 404 1117
186.103.157.42 - - [14/Mar/2018:16:34:47 -0300] "GET /cormun/static/Shared/jqueryui/images/ui-icons_82798d_256x240.png HTTP/1.1" 404 1089
186.103.157.42 - - [14/Mar/2018:16:34:47 -0300] "GET /cormun/static/Shared/jqueryui/images/ui-icons_8d78a5_256x240.png HTTP/1.1" 404 1089
186.103.157.42 - - [14/Mar/2018:16:34:47 -0300] "GET /cormun/static/Shared/jqueryui/images/ui-bg_flat_55_fafafa_40x100.png HTTP/1.1" 404 1097
186.103.157.42 - - [14/Mar/2018:16:34:48 -0300] "POST /cormun/servlet/trsolicitudot?319b49d92853b2112aae116daf3fed3c,gx-no-cache=1521055783594 HTTP/1.1" 200 22855
200.111.122.170 - - [14/Mar/2018:16:34:49 -0300] "POST /cormun/servlet/solicitudot?gx-no-cache=1521056035699 HTTP/1.1" 200 1319
200.111.122.170 - - [14/Mar/2018:16:34:49 -0300] "POST /cormun/servlet/solicitudot?gx-no-cache=1521056039249 HTTP/1.1" 200 1219
186.103.157.42 - - [14/Mar/2018:16:34:51 -0300] "GET /cormun/servlet/trautorizarsolicitud? HTTP/1.1" 200 9624
186.103.157.42 - - [14/Mar/2018:16:34:51 -0300] "GET /cormun/servlet/trautorizarsolicitud? HTTP/1.1" 200 9624
186.79.4.176 - - [14/Mar/2018:16:34:54 -0300] "POST /cormun/servlet/solicitudot?gx-no-cache=1521056045746 HTTP/1.1" 200 1337
186.79.4.176 - - [14/Mar/2018:16:34:54 -0300] "POST /cormun/servlet/solicitudot?gx-no-cache=1521056046277 HTTP/1.1" 200 38
186.103.157.42 - - [14/Mar/2018:16:34:56 -0300] "POST /cormun/servlet/trautorizarsolicitud?319b49d92853b2112aae116daf3fed3c,,gx-no-cache=1521055792017 HTTP/1.1" 200 6294
186.103.157.42 - - [14/Mar/2018:16:34:56 -0300] "GET /cormun/static/Shared/jqueryui/images/ui-icons_82798d_256x240.png HTTP/1.1" 404 1089
186.103.157.42 - - [14/Mar/2018:16:34:56 -0300] "GET /cormun/static/Shared/jqueryui/images/ui-bg_highlight-soft_100_c6c2c8_1x100.png HTTP/1.1" 404 1117
186.103.157.42 - - [14/Mar/2018:16:34:56 -0300] "GET /cormun/static/Shared/jqueryui/images/ui-bg_flat_55_fafafa_40x100.png HTTP/1.1" 404 1097
186.103.157.42 - - [14/Mar/2018:16:34:56 -0300] "GET /cormun/static/Shared/jqueryui/images/ui-icons_8d78a5_256x240.png HTTP/1.1" 404 1089
186.103.157.42 - - [14/Mar/2018:16:34:56 -0300] "POST /cormun/servlet/trautorizarsolicitud?319b49d92853b2112aae116daf3fed3c,,gx-no-cache=1521055792229 HTTP/1.1" 200 6239
192.168.10.89 - - [14/Mar/2018:16:34:57 -0300] "POST /cormun/servlet/trsolicitudot?f94dabdf0a9094dffaa33c0bc4e24daa,gx-no-cache=1521055933637 HTTP/1.1" 200 4642
200.111.122.170 - - [14/Mar/2018:16:35:03 -0300] "GET /cormun/servlet/solicitudot?df5c45808099e7c59eabb58184f8f8933babf27ee830dba7290c843a773f5699cb9a197ab4ecf78b5329df66326b47d6,gx-no-cache=1521056052067 HTTP/1.1" 200 30
186.79.4.176 - - [14/Mar/2018:16:35:17 -0300] "POST /cormun/servlet/solicitudot?gx-no-cache=1521056069088 HTTP/1.1" 200 1318
186.79.4.176 - - [14/Mar/2018:16:35:17 -0300] "POST /cormun/servlet/solicitudot?gx-no-cache=1521056069611 HTTP/1.1" 200 1218
200.111.122.170 - - [14/Mar/2018:16:35:20 -0300] "POST /cormun/servlet/solicitudot?gx-no-cache=1521056069744 HTTP/1.1" 200 30
186.79.4.176 - - [14/Mar/2018:16:35:28 -0300] "GET /cormun/servlet/solicitudot?44c9d600888decf4b92112eaf1950fb2c29dd1653e37538318bd37c216338bd0b59ce8744a36e1b549ff77e3109b9b28,gx-no-cache=1521056079791 HTTP/1.1" 200 30
152.231.70.146 - - [14/Mar/2018:16:35:34 -0300] "POST /cormun/servlet/solicitudotadjuntos?gx-no-cache=1521056084487 HTTP/1.1" 200 26
186.79.4.176 - - [14/Mar/2018:16:35:37 -0300] "POST /cormun/servlet/solicitudot?gx-no-cache=1521056089544 HTTP/1.1" 200 33
200.111.122.170 - - [14/Mar/2018:16:35:38 -0300] "POST /cormun/servlet/solicitudot?30b644164fabf909c30fc7557b68fbf2,INS,0,0,,gx-no-cache=1521056079536 HTTP/1.1" 200 11983
152.231.70.146 - - [14/Mar/2018:16:35:40 -0300] "GET /cormun/servlet/solicitudotadjuntos?69957c2afd0aa57a22ef68e136e02bb43ca078888351fb4424603e32657af6b2,gx-no-cache=1521056090142 HTTP/1.1" 200 30
152.231.70.146 - - [14/Mar/2018:16:35:40 -0300] "GET /cormun/servlet/solicitudotadjuntos?69957c2afd0aa57a22ef68e136e02bb43ca078888351fb4424603e32657af6b2,gx-no-cache=1521056090166 HTTP/1.1" 200 30
152.231.70.146 - - [14/Mar/2018:16:35:41 -0300] "POST /cormun/servlet/solicitudotadjuntos?dca73a911ad032d507c0e3e2a4d02905,INS,2018,10481,,1, HTTP/1.1" 200 6384
152.231.70.146 - - [14/Mar/2018:16:35:41 -0300] "GET /home/sistema/apache-tomcat-7.0.65/webapps/cormun/PrivateTempStorage/upload_00011382.pdf HTTP/1.1" 404 1135
200.54.18.125 - - [14/Mar/2018:16:35:41 -0300] "GET /cormun/static/Shared/jqueryui/images/ui-icons_ebccce_256x240.png HTTP/1.1" 404 1089
200.54.18.125 - - [14/Mar/2018:16:35:41 -0300] "GET /cormun/static/Shared/jqueryui/images/ui-bg_highlight-soft_100_c6c2c8_1x100.png HTTP/1.1" 404 1117
200.54.18.125 - - [14/Mar/2018:16:35:41 -0300] "GET /cormun/static/Shared/jqueryui/images/ui-icons_82798d_256x240.png HTTP/1.1" 404 1089
200.54.18.125 - - [14/Mar/2018:16:35:41 -0300] "GET /cormun/static/Shared/jqueryui/images/ui-bg_flat_55_994d53_40x100.png HTTP/1.1" 404 1097
186.103.196.84 - - [14/Mar/2018:16:35:41 -0300] "GET /cormun/PrivateTempStorage/upload_00011382.pdf HTTP/1.1" 200 371853
200.112.6.249 - - [14/Mar/2018:16:35:49 -0300] "GET /cormun/servlet/trsolicitudot? HTTP/1.1" 200 24753
200.112.6.249 - - [14/Mar/2018:16:35:51 -0300] "GET /cormun/servlet/trsolicitudot? HTTP/1.1" 200 24753
200.112.6.249 - - [14/Mar/2018:16:35:52 -0300] "GET /cormun/servlet/solicitudot?INS,0,0, HTTP/1.1" 200 13456
200.111.122.170 - - [14/Mar/2018:16:35:52 -0300] "GET /cormun/servlet/solicitudot?df5c45808099e7c59eabb58184f8f8939e483148cd32fa40e3837cff26d6303316f31856cc549b4d98a6fa05a55c44757a4dcc135b05b37d1273be45be4152a7,gx-no-cache=1521056100635 HTTP/1.1" 200 30
200.112.6.249 - - [14/Mar/2018:16:35:53 -0300] "GET /cormun/servlet/solicitudot?INS,0,0, HTTP/1.1" 200 13460
200.111.122.170 - - [14/Mar/2018:16:35:53 -0300] "POST /cormun/servlet/solicitudot?gx-no-cache=1521056102312 HTTP/1.1" 200 254
200.111.122.170 - - [14/Mar/2018:16:35:53 -0300] "GET /cormun/servlet/solicitudot?df5c45808099e7c59eabb58184f8f893bd48955bc3945d3c5c470c7a49bf16d8c631f8c38984d2c203a12b4fda97c784344f5c19dcf8c317205c8814ed0778fc64d7338e9a80a9ccaf669e9c32b322732eda644ade2716a979d77e1726b6b0c90181f8768d30ae87741b11a0d646180d27891c8244ad1c0e723282a7736f639b84956ee93a4743d38f0aec0c2ec6551a30beff3c4f594a6432f664daa1c77831652ef9cfa68bcfaeb845a17863d35a11ce3bdc15cabe080559d04431d57a9bf47c6ab2a9b5d3fdb89ddfdb5e4a5ef3e666b814cf81d2b4c1197f843ff69fbfb42cdc935c1bc9e55009dbaca954140ea09ff37e4c97d547a49437eec94c41fa7f4f67bd927ec4013b0c426c64438772dda68224a3f6a8977540b46d4b78f6901cf644b272ffc2034652496419cea599243eccea47d748a00d70534962bf7a39585ac53d11667af3aeb671d01f83b3b4715445a6f5fa824668e5d31e0b54f247dc5099a48f704372ad8fc0faf540a169bdb6a4c0802d53ad672c571ee8823ed9d4,gx-no-cache=1521056103221 HTTP/1.1" 200 30
200.111.122.170 - - [14/Mar/2018:16:35:54 -0300] "POST /cormun/servlet/solicitudot?gx-no-cache=1521056103348 HTTP/1.1" 200 30
200.111.122.170 - - [14/Mar/2018:16:35:54 -0300] "POST /cormun/servlet/solicitudot?gx-no-cache=1521056103587 HTTP/1.1" 200 1337
200.111.122.170 - - [14/Mar/2018:16:35:54 -0300] "POST /cormun/servlet/solicitudot?gx-no-cache=1521056103884 HTTP/1.1" 200 41
200.111.122.170 - - [14/Mar/2018:16:35:54 -0300] "POST /cormun/servlet/solicitudot?gx-no-cache=1521056103981 HTTP/1.1" 200 1319
200.112.6.249 - - [14/Mar/2018:16:35:55 -0300] "GET /cormun/servlet/prfichaempleado?,MD,,gxPopupLevel%3D0%3B HTTP/1.1" 200 9356
200.111.122.170 - - [14/Mar/2018:16:35:56 -0300] "POST /cormun/servlet/solicitudot?gx-no-cache=1521056104243 HTTP/1.1" 200 1219
200.111.122.170 - - [14/Mar/2018:16:35:56 -0300] "GET /cormun/servlet/solicitudot?df5c45808099e7c59eabb58184f8f8933babf27ee830dba7290c843a773f5699cb9a197ab4ecf78b5329df66326b47d6,gx-no-cache=1521056105738 HTTP/1.1" 200 30
200.111.122.170 - - [14/Mar/2018:16:35:57 -0300] "POST /cormun/servlet/solicitudot?gx-no-cache=1521056105872 HTTP/1.1" 200 30
186.103.159.183 - - [14/Mar/2018:16:35:58 -0300] "GET /cormun/servlet/prfichaempleado?,MD,,gxPopupLevel%3D0%3B HTTP/1.1" 302 -
186.103.159.183 - - [14/Mar/2018:16:35:58 -0300] "GET /cormun/servlet/hlogin?gxPopupLevel%3D0%3B HTTP/1.1" 200 1772
200.111.122.170 - - [14/Mar/2018:16:35:59 -0300] "POST /cormun/servlet/solicitudot?30b644164fabf909c30fc7557b68fbf2,INS,0,0,,gx-no-cache=1521056107098 HTTP/1.1" 200 12028
200.112.6.249 - - [14/Mar/2018:16:36:07 -0300] "POST /cormun/servlet/prfichaempleado?b54d3fabce022c8ea2d5006dfba75269,,MD,,gxPopupLevel%3D0%3B,gx-no-cache=1521056118331 HTTP/1.1" 200 3485
200.112.6.249 - - [14/Mar/2018:16:36:11 -0300] "POST /cormun/servlet/solicitudot?gx-no-cache=1521056122930 HTTP/1.1" 200 3395
200.112.6.249 - - [14/Mar/2018:16:36:12 -0300] "POST /cormun/servlet/solicitudot?b54d3fabce022c8ea2d5006dfba75269,INS,0,0,,gx-no-cache=1521056123414 HTTP/1.1" 200 10369
200.112.6.249 - - [14/Mar/2018:16:36:12 -0300] "GET /cormun/servlet/solicitudot?02af92918ea699dc8ae4afe58b80dedf9ea3710da3b7bd38d11e41477ff5e63455b5e88af3ef39f6abf6153b1351112f,gx-no-cache=1521056124001 HTTP/1.1" 200 30
200.111.122.170 - - [14/Mar/2018:16:36:14 -0300] "GET /cormun/servlet/solicitudot?df5c45808099e7c59eabb58184f8f893c76af011d2d54260c0c506bdfa5559e2,gx-no-cache=1521056123915 HTTP/1.1" 200 94
200.111.122.170 - - [14/Mar/2018:16:36:14 -0300] "POST /cormun/servlet/solicitudot?gx-no-cache=1521056124000 HTTP/1.1" 200 254
200.111.122.170 - - [14/Mar/2018:16:36:14 -0300] "GET /cormun/servlet/solicitudot?df5c45808099e7c59eabb58184f8f893bd48955bc3945d3c5c470c7a49bf16d8c631f8c38984d2c203a12b4fda97c784344f5c19dcf8c317205c8814ed0778fc64d7338e9a80a9ccaf669e9c32b322732eda644ade2716a979d77e1726b6b0c90181f8768d30ae87741b11a0d646180d27891c8244ad1c0e723282a7736f639b84956ee93a4743d38f0aec0c2ec6551a30beff3c4f594a6432f664daa1c77831652ef9cfa68bcfaeb845a17863d35a11ce3bdc15cabe080559d04431d57a9bf47c6ab2a9b5d3fdb89ddfdb5e4a5ef3e666b814cf81d2b4c1197f843ff69fbfb42cdc935c1bc9e55009dbaca954140ea09ff37e4c97d547a49437eec94c41fa7f4f67bd927ec4013b0c426c64438772dda68224a3f6a8977540b46d4b78f6901cf644b272ffc2034652496419cea599243eccea47d748a00d70534962bf7a39585ac53d11667af3aeb671d01f83b3b4715445a6f5fa824668e5d31e0b54f247dc5099a48f704372ad8fc0faf540a169bdb6a4c0802d53ad672c571ee8823ed9d4,gx-no-cache=1521056124090 HTTP/1.1" 200 30
200.111.122.170 - - [14/Mar/2018:16:36:14 -0300] "POST /cormun/servlet/solicitudot?gx-no-cache=1521056124180 HTTP/1.1" 200 30
200.111.122.170 - - [14/Mar/2018:16:36:14 -0300] "POST /cormun/servlet/solicitudot?gx-no-cache=1521056124262 HTTP/1.1" 200 1337
200.111.122.170 - - [14/Mar/2018:16:36:14 -0300] "POST /cormun/servlet/solicitudot?gx-no-cache=1521056124371 HTTP/1.1" 200 41
200.111.122.170 - - [14/Mar/2018:16:36:15 -0300] "POST /cormun/servlet/solicitudot?gx-no-cache=1521056124483 HTTP/1.1" 200 1319
200.111.122.170 - - [14/Mar/2018:16:36:15 -0300] "POST /cormun/servlet/solicitudot?gx-no-cache=1521056124653 HTTP/1.1" 200 1219
200.111.122.170 - - [14/Mar/2018:16:36:16 -0300] "GET /cormun/servlet/solicitudot?df5c45808099e7c59eabb58184f8f8933babf27ee830dba7290c843a773f5699cb9a197ab4ecf78b5329df66326b47d6,gx-no-cache=1521056125444 HTTP/1.1" 200 30
200.111.122.170 - - [14/Mar/2018:16:36:16 -0300] "POST /cormun/servlet/solicitudot?gx-no-cache=1521056125606 HTTP/1.1" 200 30
152.231.70.146 - - [14/Mar/2018:16:36:17 -0300] "POST /cormun/servlet/solicitudotadjuntos?dca73a911ad032d507c0e3e2a4d02905,INS,2018,10481,,1,,gx-no-cache=1521056125662 HTTP/1.1" 200 93
152.231.70.146 - - [14/Mar/2018:16:36:17 -0300] "GET /cormun/servlet/hpexe_return? HTTP/1.1" 200 1025
200.111.122.170 - - [14/Mar/2018:16:36:17 -0300] "POST /cormun/servlet/solicitudot?30b644164fabf909c30fc7557b68fbf2,INS,0,0,,gx-no-cache=1521056125718 HTTP/1.1" 200 12096
152.231.70.146 - - [14/Mar/2018:16:36:17 -0300] "GET /cormun/servlet/trsolicitudadjuntos?2018,10481, HTTP/1.1" 200 9563
152.231.70.146 - - [14/Mar/2018:16:36:20 -0300] "GET /cormun/servlet/trsolicitudadjuntos?2018,10481, HTTP/1.1" 200 9561
200.112.6.249 - - [14/Mar/2018:16:36:20 -0300] "GET /cormun/servlet/solicitudot?02af92918ea699dc8ae4afe58b80dedf27eea1284a4d12f790426d0342766df18b1f694abe09ca3eb0736e807d71bafb,gx-no-cache=1521056131541 HTTP/1.1" 200 30
200.112.6.249 - - [14/Mar/2018:16:36:20 -0300] "GET /cormun/servlet/solicitudot?02af92918ea699dc8ae4afe58b80dedf944547ae92921c4d6aedda0be686c215,gx-no-cache=1521056131645 HTTP/1.1" 200 51
200.112.6.249 - - [14/Mar/2018:16:36:20 -0300] "POST /cormun/servlet/solicitudot?gx-no-cache=1521056131753 HTTP/1.1" 200 255
