200.72.197.82 - - [14/Mar/2018:10:49:22 -0300] "GET /cormun/servlet/solicitudot?5be31f00978c22648500015fb96837491d5023d861b4d83afb1e05402a114ac9c55f0ff61cc69afa37f14acf450b652fb45d23f1949aafddda59c7e0162b2f576b7337d2afed790142dd21be13cf441e8602bc4e388f9795392ef34f61565c67228da9c7050b693e278b385dfa2ef5ee03a788b8d27a68e07f913ed3077380148bf82dbfca397ddc21cec04190ae0c30abb9fa5b75e55ad1d55dd7360d65850c,gx-no-cache=1521035310599 HTTP/1.1" 200 29
200.72.197.82 - - [14/Mar/2018:10:49:23 -0300] "POST /cormun/servlet/solicitudot?gx-no-cache=1521035310756 HTTP/1.1" 200 1318
200.120.230.197 - - [14/Mar/2018:10:49:23 -0300] "POST /cormun/servlet/trcontratounov2?063429a385fa774d00885938e91cd48e,,gx-no-cache=1521035317876 HTTP/1.1" 200 7509
200.72.197.82 - - [14/Mar/2018:10:49:23 -0300] "POST /cormun/servlet/solicitudot?gx-no-cache=1521035311667 HTTP/1.1" 200 1219
200.72.197.82 - - [14/Mar/2018:10:49:23 -0300] "GET /cormun/servlet/solicitudot?5be31f00978c22648500015fb96837496dd68d733bafdb1bd7f345eb714b17013f76b9cdd95ad54764c7dd2e7518ecca,gx-no-cache=1521035311998 HTTP/1.1" 200 30
192.168.10.89 - - [14/Mar/2018:10:49:29 -0300] "POST /cormun/servlet/trsolicitudgral?9747ee834bbd6a7052a28a2dd7f36348,gx-no-cache=1521035205246 HTTP/1.1" 200 115
192.168.10.89 - - [14/Mar/2018:10:49:29 -0300] "GET /cormun/servlet/solicitudotlog?INS,2018,8607,0,REC, HTTP/1.1" 200 6720
192.168.10.89 - - [14/Mar/2018:10:49:30 -0300] "GET /cormun/servlet/solicitudotlog?5ed6d2dc06a106fced1c17203e8656a6f43908a16634ad295ea9c4fbde112dbd1dad98245f60a2edbd4a3dce795e97112b592d93647845f7c0dd1a7dc3439e2c3e70a9209bbc0833008e1f49fecc6e2910f5861f15555e02be3cf2c52a121887ce9da5b34c7496631725284e72683be54f95086e7c1dcfac0a85a4e1ec56fe35ca5415480a36798e818db4d211222e07f2542ee21113bb347a31c4d4623b0f22,gx-no-cache=1521035206557 HTTP/1.1" 200 94
200.120.230.197 - - [14/Mar/2018:10:49:33 -0300] "POST /cormun/servlet/trcontratounov2?063429a385fa774d00885938e91cd48e,,gx-no-cache=1521035328692 HTTP/1.1" 200 90
200.120.230.197 - - [14/Mar/2018:10:49:33 -0300] "GET /cormun/servlet/hpexe_link HTTP/1.1" 200 957
200.120.230.197 - - [14/Mar/2018:10:49:34 -0300] "GET /cormun/servlet/hhome HTTP/1.1" 200 4229
200.120.230.197 - - [14/Mar/2018:10:49:35 -0300] "GET /cormun/servlet/hhome HTTP/1.1" 200 4225
192.168.10.89 - - [14/Mar/2018:10:49:35 -0300] "POST /cormun/servlet/solicitudotlog?9747ee834bbd6a7052a28a2dd7f36348,INS,2018,8607,0,REC,,gx-no-cache=1521035211685 HTTP/1.1" 200 93
192.168.10.89 - - [14/Mar/2018:10:49:35 -0300] "GET /cormun/servlet/hpexe_return? HTTP/1.1" 200 1043
192.168.10.89 - - [14/Mar/2018:10:49:35 -0300] "GET /cormun/servlet/trsolicitudgral?gx-no-cache=1521035094783 HTTP/1.1" 200 11524
200.120.230.197 - - [14/Mar/2018:10:49:40 -0300] "GET /cormun/servlet/trcontratoobservaciondir? HTTP/1.1" 200 9360
200.120.230.197 - - [14/Mar/2018:10:49:40 -0300] "GET /cormun/static/gxcfg.js?20175251262281 HTTP/1.1" 200 953
200.120.230.197 - - [14/Mar/2018:10:49:40 -0300] "GET /cormun/static/trcontratoobservaciondir.js?20175251262715 HTTP/1.1" 200 27185
200.72.197.82 - - [14/Mar/2018:10:49:40 -0300] "POST /cormun/servlet/solicitudot?gx-no-cache=1521035328435 HTTP/1.1" 200 1321
200.72.197.82 - - [14/Mar/2018:10:49:40 -0300] "POST /cormun/servlet/solicitudot?gx-no-cache=1521035328796 HTTP/1.1" 200 1219
200.72.197.82 - - [14/Mar/2018:10:49:40 -0300] "POST /cormun/servlet/solicitudot?gx-no-cache=1521035328935 HTTP/1.1" 200 33
200.120.230.197 - - [14/Mar/2018:10:49:41 -0300] "GET /cormun/servlet/trcontratoobservaciondir? HTTP/1.1" 200 9359
192.168.10.56 - - [14/Mar/2018:10:49:42 -0300] "GET /cormun/servlet/trsolicitudgral? HTTP/1.1" 200 28817
192.168.10.56 - - [14/Mar/2018:10:49:43 -0300] "GET /cormun/servlet/trsolicitudgral? HTTP/1.1" 200 28815
192.168.10.56 - - [14/Mar/2018:10:49:44 -0300] "GET /cormun/static/menuarrow.gif HTTP/1.1" 404 1015
192.168.10.89 - - [14/Mar/2018:10:49:48 -0300] "POST /cormun/servlet/trsolicitudgral?9747ee834bbd6a7052a28a2dd7f36348,gx-no-cache=1521035094783,gx-no-cache=1521035224759 HTTP/1.1" 200 5934
200.120.230.197 - - [14/Mar/2018:10:49:52 -0300] "GET /cormun/servlet/trcontratosolicitud? HTTP/1.1" 200 14758
200.120.230.197 - - [14/Mar/2018:10:49:52 -0300] "GET /cormun/static/gxcfg.js?20177612214014 HTTP/1.1" 200 953
200.120.230.197 - - [14/Mar/2018:10:49:52 -0300] "GET /cormun/static/trcontratosolicitud.js?20177612214349 HTTP/1.1" 200 28237
200.120.230.197 - - [14/Mar/2018:10:49:54 -0300] "GET /cormun/servlet/trcontratosolicitud? HTTP/1.1" 200 14763
200.120.230.197 - - [14/Mar/2018:10:49:54 -0300] "GET /cormun//static/Resources/PXToolsGridNew.png HTTP/1.1" 200 2949
192.168.10.56 - - [14/Mar/2018:10:49:54 -0300] "POST /cormun/servlet/trsolicitudgral?8df37772fec24352cd17053798d6f81e,,gx-no-cache=1521035230284 HTTP/1.1" 200 7725
186.67.172.234 - - [14/Mar/2018:10:50:06 -0300] "GET /cormun/servlet/hlogin HTTP/1.1" 200 1719
186.67.172.234 - - [14/Mar/2018:10:50:06 -0300] "GET /cormun/static/gxtimezone.js?85251 HTTP/1.1" 304 -
186.67.172.234 - - [14/Mar/2018:10:50:07 -0300] "GET /cormun/servlet/hlogin HTTP/1.1" 200 1730
186.67.172.234 - - [14/Mar/2018:10:50:07 -0300] "GET /favicon.ico HTTP/1.1" 200 21630
200.120.230.197 - - [14/Mar/2018:10:50:10 -0300] "GET /cormun/servlet/solicitudotcontratos?INS,2018,0,14049165,9,2,2018,2089,NADA,,19,M, HTTP/1.1" 200 9936
200.120.230.197 - - [14/Mar/2018:10:50:10 -0300] "GET /cormun/static/gxcfg.js?2018191138350 HTTP/1.1" 200 953
200.120.230.197 - - [14/Mar/2018:10:50:11 -0300] "GET /cormun/static/solicitudotcontratos.js?20181911383611 HTTP/1.1" 200 43152
200.120.230.197 - - [14/Mar/2018:10:50:12 -0300] "GET /cormun/servlet/solicitudotcontratos?INS,2018,0,14049165,9,2,2018,2089,NADA,,19,M, HTTP/1.1" 200 9964
200.120.230.197 - - [14/Mar/2018:10:50:12 -0300] "GET /cormun/servlet/solicitudotcontratos?8161bfe02a2bacc2f48febd327d89214dd9d20e819b9888c03dbef6542f17e7b8be36ffeb0351dc42671ad0738f16e0c,gx-no-cache=1521035367695 HTTP/1.1" 200 30
200.120.230.197 - - [14/Mar/2018:10:50:12 -0300] "GET /cormun/servlet/solicitudotcontratos?8161bfe02a2bacc2f48febd327d89214d85a661ab990c18ebb5a5281d34387388cd7ed4d5ab59e8b9b9b8158991bae3a,gx-no-cache=1521035367806 HTTP/1.1" 200 30
200.120.230.197 - - [14/Mar/2018:10:50:12 -0300] "GET /cormun/servlet/solicitudotcontratos?8161bfe02a2bacc2f48febd327d892140d80cce9b312013164a96f3d745372bc875038969514083871c847051ddd86f383b2f16f3c2a53e12e5ee5fdc2bd53d97f097c1a3de7c7fe5dad4c9e2d2d7c47ba256fcbf566d441a692aa226e3430ec0eabd5d69b1c353a3dbacc6e7047c615c91cea0b8f8b92e7780503aba72c7fd1,gx-no-cache=1521035367913 HTTP/1.1" 200 48
200.120.230.197 - - [14/Mar/2018:10:50:13 -0300] "GET /cormun/servlet/solicitudotcontratos?8161bfe02a2bacc2f48febd327d89214cd929386b837b0f30060940b9dffbb81ccd935e3b9029f1ff0de58409ada6589,gx-no-cache=1521035368054 HTTP/1.1" 200 30
200.120.230.197 - - [14/Mar/2018:10:50:13 -0300] "GET /cormun/servlet/solicitudotcontratos?8161bfe02a2bacc2f48febd327d892144d8ac23893e49d3730cdd72e556da0ee94a8133426680ac0f762059336bab162fbdf8363a96b53791c99136bc915c815177e173205487498d3af65acc3326ef1651bf35fc35d16815aa5f2e408e8522e338eae34a3119bd78827b39a25cf48cd,gx-no-cache=1521035368453 HTTP/1.1" 200 30
200.120.230.197 - - [14/Mar/2018:10:50:13 -0300] "GET /cormun/servlet/solicitudotcontratos?8161bfe02a2bacc2f48febd327d8921496e7b3452f40e5be68f6affd0cd084c28f1c21ff6200ca265613f76cf53b2c76f9f74db72069e097079ac4803f2c5a2c9b0621b5069933e8ea43914d852b382cb7eed03c43d135c79048a344c4df3b3ebb1858860cda120cd51f4861d17f19b476d16fdc474882c99d573268a883bee5e4774f81cd917576c4b6b1229ba5fa5ff252c4b44bf45afbee0b1a417be5042fc2c050b22101c42f913236314248eb3b044128add55123473da9afdbebdc18568ad51d6deb502916ad49a148cc19604ca2316eb6eb761f5a71b5192fe36de9393778fc16db3f0d0427a4910a945d315e23474a5881c84a19215d9c39e31dbdc35a0b58d88d740d917a47a527ad81b836f196cdf522d0b6d4df515da9214139738edb1322fafd3f25431cdddb85428cfc1ee1fd6f2f5a247ff55a18ed7ec8aa2af79d50414c7b12b51cb3b7450d34c665c3de98b5828a996ae0cf76574c75f6ae92b2888d2951af712ab6c8585979c2dd41d80f232194340aea0e2f9ee84d7c369f7029e0a99a4e54f8791fb90334304e0a6643a50e309343214b8d5531bb22fd0d4846a03edbf5a7e4331298837c7cb5,gx-no-cache=1521035368878 HTTP/1.1" 200 72
186.67.172.234 - - [14/Mar/2018:10:50:16 -0300] "POST /cormun/servlet/hlogin?8c96602ce25404d28a06cb71d1c51d7b,gx-no-cache=1521035365301 HTTP/1.1" 200 90
186.67.172.234 - - [14/Mar/2018:10:50:16 -0300] "GET /cormun/servlet/hpexe_link HTTP/1.1" 200 952
186.67.172.234 - - [14/Mar/2018:10:50:16 -0300] "GET /cormun/servlet/hhome HTTP/1.1" 200 4229
186.67.172.234 - - [14/Mar/2018:10:50:16 -0300] "GET /cormun/servlet/hhome HTTP/1.1" 200 4225
200.120.230.197 - - [14/Mar/2018:10:50:17 -0300] "POST /cormun/servlet/solicitudotcontratos?063429a385fa774d00885938e91cd48e,INS,2018,0,14049165,9,2,2018,2089,NADA,,19,M,,gx-no-cache=1521035372340 HTTP/1.1" 200 93
200.120.230.197 - - [14/Mar/2018:10:50:17 -0300] "GET /cormun/servlet/hpexe_return? HTTP/1.1" 200 1042
200.120.230.197 - - [14/Mar/2018:10:50:17 -0300] "GET /cormun/servlet/trcontratosolicitud HTTP/1.1" 200 14765
200.120.230.197 - - [14/Mar/2018:10:50:19 -0300] "GET /cormun/servlet/trcontratosolicitud HTTP/1.1" 200 14757
186.67.164.142 - - [14/Mar/2018:10:50:20 -0300] "POST /cormun/servlet/trsolicitudot?a8f7913fdaf411c722f665f383492d45,gx-no-cache=1521032388216,gx-no-cache=1521035369540 HTTP/1.1" 200 107
186.67.164.142 - - [14/Mar/2018:10:50:21 -0300] "GET /cormun/servlet/trsolicitudadjuntos?2018,10382, HTTP/1.1" 200 9869
186.67.172.234 - - [14/Mar/2018:10:50:22 -0300] "GET /cormun/servlet/trsolicitudot? HTTP/1.1" 200 7444
186.67.172.234 - - [14/Mar/2018:10:50:22 -0300] "GET /cormun/static/calendar.js?85251 HTTP/1.1" 304 -
186.67.172.234 - - [14/Mar/2018:10:50:22 -0300] "GET /cormun/static/calendar-es.js?85251 HTTP/1.1" 304 -
186.67.172.234 - - [14/Mar/2018:10:50:22 -0300] "GET /cormun/static/calendar-setup.js?85251 HTTP/1.1" 304 -
186.67.172.234 - - [14/Mar/2018:10:50:22 -0300] "GET /cormun/static/gxdec.js?85251 HTTP/1.1" 304 -
186.67.164.142 - - [14/Mar/2018:10:50:23 -0300] "GET /cormun/servlet/trsolicitudadjuntos?2018,10382, HTTP/1.1" 200 9855
186.67.172.234 - - [14/Mar/2018:10:50:23 -0300] "GET /cormun/servlet/trsolicitudot? HTTP/1.1" 200 7443
186.67.172.234 - - [14/Mar/2018:10:50:25 -0300] "GET /cormun/servlet/solicitudot?INS,0,0, HTTP/1.1" 200 13666
186.67.172.234 - - [14/Mar/2018:10:50:25 -0300] "GET /cormun/servlet/solicitudot?INS,0,0, HTTP/1.1" 200 13671
200.120.230.197 - - [14/Mar/2018:10:50:26 -0300] "GET /cormun/servlet/hlogin HTTP/1.1" 200 1738
186.67.164.142 - - [14/Mar/2018:10:50:35 -0300] "POST /cormun/servlet/trsolicitudadjuntos?a8f7913fdaf411c722f665f383492d45,2018,10382,,gx-no-cache=1521035383935 HTTP/1.1" 200 90
186.67.164.142 - - [14/Mar/2018:10:50:35 -0300] "GET /cormun/servlet/hpexe_link HTTP/1.1" 200 989
186.67.164.142 - - [14/Mar/2018:10:50:36 -0300] "GET /cormun/servlet/trsolicitudot?gx-no-cache=1521032388216 HTTP/1.1" 200 8571
186.67.164.142 - - [14/Mar/2018:10:50:37 -0300] "GET /cormun/servlet/trsolicitudot?gx-no-cache=1521032388216 HTTP/1.1" 200 8593
186.67.164.142 - - [14/Mar/2018:10:50:39 -0300] "POST /cormun/servlet/trsolicitudot?a8f7913fdaf411c722f665f383492d45,gx-no-cache=1521032388216,gx-no-cache=1521035388873 HTTP/1.1" 200 106
186.67.164.142 - - [14/Mar/2018:10:50:39 -0300] "GET /cormun/servlet/solicitudot?UPD,2018,10382, HTTP/1.1" 200 15152
186.67.164.142 - - [14/Mar/2018:10:50:40 -0300] "GET /cormun/servlet/solicitudot?UPD,2018,10382, HTTP/1.1" 200 15140
186.67.164.142 - - [14/Mar/2018:10:50:44 -0300] "POST /cormun/servlet/solicitudot?gx-no-cache=1521035390756 HTTP/1.1" 200 3340
186.67.164.142 - - [14/Mar/2018:10:50:44 -0300] "POST /cormun/servlet/solicitudot?a8f7913fdaf411c722f665f383492d45,UPD,2018,10382,,gx-no-cache=1521035394190 HTTP/1.1" 200 11453
186.67.164.142 - - [14/Mar/2018:10:50:44 -0300] "GET /cormun/servlet/solicitudot?590325a85599074d5ae6e6485f17d0b6cfd4dce55d315cd828d6acec50f971ebadb81fbdb7f734feef3d14de099848b0,gx-no-cache=1521035394739 HTTP/1.1" 200 30
186.67.164.142 - - [14/Mar/2018:10:50:44 -0300] "GET /cormun/servlet/solicitudot?590325a85599074d5ae6e6485f17d0b619a630f88de7605de7188d46d7f38936b3d62fbb6364bb5401d114151da3e015,gx-no-cache=1521035394821 HTTP/1.1" 200 30
186.67.164.142 - - [14/Mar/2018:10:50:44 -0300] "GET /cormun/servlet/solicitudot?590325a85599074d5ae6e6485f17d0b6d7f431be9f818b735c47d623151b38dd,gx-no-cache=1521035394889 HTTP/1.1" 200 29
186.67.164.142 - - [14/Mar/2018:10:50:45 -0300] "POST /cormun/servlet/solicitudot?gx-no-cache=1521035394967 HTTP/1.1" 200 254
186.67.164.142 - - [14/Mar/2018:10:50:45 -0300] "GET /cormun/servlet/solicitudot?590325a85599074d5ae6e6485f17d0b6149e8cfbc9d735bba69a3a4504bca6ac395628c6468ad0835fe5d869c9a628b0a7ed256d059e12984116b1b13d74d4833ed83d545ba719b62d1dc2e0c0833f809286964c099ec9c169b6ee0231cec3011011103c15e972503d6937d422940e49f5df269eec7c71127e73bf21d0bb3693f69be44009a5df894f08753f7b143d79d94efdddbc0c1e19548af41335e033fa5c060591dda4b9aee0d72b49b2d67572e654c832596306e30728ee9e619afb675c8608fff98b9293b98b6447f71132dba2fd9ced0aca4295e8311c2aeef71f4f5b997f10cde6000525cb58443f7f3b59ebb22b6d064b4c2994bdec91bdda0fc51b73ed4eb0076dfbee6daea6422e16593c99a8609ed3144ca8deede2a99f73a5e7b532aa6a039546b1782726a5a08cb050ec5c1e3c49993858350182c594890dc286f61782d6913b715a50e7569c90d3803685e74b637db27f8d8a5123811c9ab2ff6d4e1d29d320ead32f46c80b34f4e224bbb7f29674ff40c7fab0877b36d8,gx-no-cache=1521035395047 HTTP/1.1" 200 30
186.67.164.142 - - [14/Mar/2018:10:50:45 -0300] "POST /cormun/servlet/solicitudot?gx-no-cache=1521035395117 HTTP/1.1" 200 30
186.67.164.142 - - [14/Mar/2018:10:50:46 -0300] "POST /cormun/servlet/solicitudot?gx-no-cache=1521035395523 HTTP/1.1" 200 1334
186.67.164.142 - - [14/Mar/2018:10:50:46 -0300] "POST /cormun/servlet/solicitudot?gx-no-cache=1521035396663 HTTP/1.1" 200 41
186.67.172.234 - - [14/Mar/2018:10:50:49 -0300] "POST /cormun/servlet/solicitudot?gx-no-cache=1521035398566 HTTP/1.1" 200 3403
186.67.172.234 - - [14/Mar/2018:10:50:49 -0300] "POST /cormun/servlet/solicitudot?8c96602ce25404d28a06cb71d1c51d7b,INS,0,0,,gx-no-cache=1521035399036 HTTP/1.1" 200 10570
186.67.172.234 - - [14/Mar/2018:10:50:59 -0300] "GET /cormun/servlet/solicitudot?4f630cdec681d3c28ccab96724b8b754c7016feb4c691cd87b9dffe184f596203ca48def40f6d0bb66a104a1df6bb737,gx-no-cache=1521035409378 HTTP/1.1" 200 30
186.67.172.234 - - [14/Mar/2018:10:50:59 -0300] "GET /cormun/servlet/solicitudot?4f630cdec681d3c28ccab96724b8b754625ad5e3dcb3db54aa6b9efba1275c8074cb5f6635fcb70886af0fba1970cd3f95e5b2e6abcf98557c8fce5b71537513,gx-no-cache=1521035409469 HTTP/1.1" 200 30
186.67.172.234 - - [14/Mar/2018:10:50:59 -0300] "GET /cormun/servlet/solicitudot?4f630cdec681d3c28ccab96724b8b75458b4c1ff73efb9fb8bf6257febcc93cd,gx-no-cache=1521035409564 HTTP/1.1" 200 60
186.67.172.234 - - [14/Mar/2018:10:51:00 -0300] "POST /cormun/servlet/solicitudot?gx-no-cache=1521035409673 HTTP/1.1" 200 255
186.67.172.234 - - [14/Mar/2018:10:51:00 -0300] "GET /cormun/servlet/solicitudot?4f630cdec681d3c28ccab96724b8b75448a33bd68af38fe22e361c27cd8d24072ae5eb01d599dc6be3a9ac5a127a29da6639d7e0aef04e4ef05b8471e0cc0caa92c7682a5e7221dd93bfa549ba389dfae3bb6131373495afc6c6e4c5784b7cc839ccc37b75fa51a7d2734d21e41b51e6f9ccb7eda97ea4b2b6a4da6beebd83ec09d87c4d759e5cd9fe8ce6f3f7841dbb3225ebf009cb099cb73ab5ec1ad8f528609458ea1566744d1d41e391354f680524cd87a7bd0fd6e9281153002e438ecf512825a4b6e78a76641286b3ff8244cad195eeda53d3c05c1644e3b1efac2acda22245d0a34a29edeafbcb3dc4ec6602eb2ae2fa31118d3b0ea68e5114534ddd095ddc1dae35f41a4292377e1ca25c3ed6cd36a5aeaa0b72e24af16702fd4fe35fb03e344846252817edb63677507ec1a17bd3d4de652a6454dd33509e90cd62d3afc0aab5b4f430f24fe98727dd72bbf005926de93aef83101152e6ac2487e63385911c537c606fe4093b732116e2ffdebdae40ad90a639c55c8f5d24adf454,gx-no-cache=1521035409779 HTTP/1.1" 200 30
186.67.172.234 - - [14/Mar/2018:10:51:02 -0300] "POST /cormun/servlet/solicitudot?gx-no-cache=1521035411747 HTTP/1.1" 200 30
186.67.203.186 - - [14/Mar/2018:10:51:04 -0300] "POST /cormun/servlet/solicitudot?gx-no-cache=1521035412189 HTTP/1.1" 200 1318
186.67.203.186 - - [14/Mar/2018:10:51:05 -0300] "POST /cormun/servlet/solicitudot?gx-no-cache=1521035412946 HTTP/1.1" 200 1219
186.67.203.186 - - [14/Mar/2018:10:51:05 -0300] "GET /cormun/servlet/solicitudot?5be31f00978c22648500015fb96837496dd68d733bafdb1bd7f345eb714b17013f76b9cdd95ad54764c7dd2e7518ecca,gx-no-cache=1521035413528 HTTP/1.1" 200 30
186.67.172.234 - - [14/Mar/2018:10:51:05 -0300] "GET /cormun/servlet/prcontratosol?17271496,,,,,MD,,gxPopupLevel%3D0%3B HTTP/1.1" 200 7730
186.67.203.186 - - [14/Mar/2018:10:51:06 -0300] "POST /cormun/servlet/solicitudot?gx-no-cache=1521035413695 HTTP/1.1" 200 33
186.67.172.234 - - [14/Mar/2018:10:51:09 -0300] "POST /cormun/servlet/solicitudot?gx-no-cache=1521035418833 HTTP/1.1" 200 1337
186.67.203.186 - - [14/Mar/2018:10:51:09 -0300] "POST /cormun/servlet/solicitudot?138475c3e4948f6306f3678a4b55d5a6,INS,0,0,,gx-no-cache=1521035414535 HTTP/1.1" 200 93
186.67.203.186 - - [14/Mar/2018:10:51:09 -0300] "GET /cormun/servlet/hpexe_return? HTTP/1.1" 200 1010
186.67.172.234 - - [14/Mar/2018:10:51:09 -0300] "POST /cormun/servlet/solicitudot?gx-no-cache=1521035419284 HTTP/1.1" 200 38
186.67.203.186 - - [14/Mar/2018:10:51:10 -0300] "GET /cormun/servlet/hhome HTTP/1.1" 200 4221
186.67.172.234 - - [14/Mar/2018:10:51:10 -0300] "GET /cormun/servlet/solicitudot?4f630cdec681d3c28ccab96724b8b7547eeec12e420f89c19f9cbd825c8d260eb90c3f12bb9e4a519c4e08e68ca10ba10cfa4219657771c8cd2b026707e32cecc4aa09cfa4f4de7917be5c8268a9c4669fe6b1cf2ba8c6737ff026b069f78d6a6c7765437eb40fc0e82d615f2908609f30743053f7c456f6e0a56fce9274008c65c7b980977a3569ca0218ad499c81561148938b15e559cea6a95ed290d1dcb22db98533710fa2cf262be526d201aa8e66e075edae9845c0e0a3486fbfbfd92e578bdfa32c09a731f3343f07e7d0dab8,gx-no-cache=1521035419769 HTTP/1.1" 200 29
186.67.172.234 - - [14/Mar/2018:10:51:10 -0300] "POST /cormun/servlet/solicitudot?gx-no-cache=1521035419890 HTTP/1.1" 200 1319
186.67.203.186 - - [14/Mar/2018:10:51:10 -0300] "GET /cormun/servlet/hhome HTTP/1.1" 200 4215
186.67.172.234 - - [14/Mar/2018:10:51:11 -0300] "POST /cormun/servlet/solicitudot?gx-no-cache=1521035420030 HTTP/1.1" 200 1219
186.67.172.234 - - [14/Mar/2018:10:51:11 -0300] "GET /cormun/servlet/solicitudot?4f630cdec681d3c28ccab96724b8b75493641d7df5135747c445e9eb012f5a3ac0c01ad223ef6854cafe5c4be32fdd87,gx-no-cache=1521035420992 HTTP/1.1" 200 30
186.67.172.234 - - [14/Mar/2018:10:51:20 -0300] "GET /cormun/servlet/solicitudot?4f630cdec681d3c28ccab96724b8b7547eeec12e420f89c19f9cbd825c8d260eb90c3f12bb9e4a519c4e08e68ca10ba17d2e7c4b803ef54461c72a2e8a149e0bc4aa09cfa4f4de7917be5c8268a9c4669fe6b1cf2ba8c6737ff026b069f78d6a6c7765437eb40fc0e82d615f2908609f30743053f7c456f6e0a56fce9274008c65c7b980977a3569ca0218ad499c81561148938b15e559cea6a95ed290d1dcb22db98533710fa2cf262be526d201aa8e66e075edae9845c0e0a3486fbfbfd92e578bdfa32c09a731f3343f07e7d0dab8,gx-no-cache=1521035429996 HTTP/1.1" 200 29
186.67.172.234 - - [14/Mar/2018:10:51:23 -0300] "POST /cormun/servlet/solicitudot?gx-no-cache=1521035431476 HTTP/1.1" 200 1319
186.67.172.234 - - [14/Mar/2018:10:51:23 -0300] "POST /cormun/servlet/solicitudot?gx-no-cache=1521035433035 HTTP/1.1" 200 1219
186.67.172.234 - - [14/Mar/2018:10:51:23 -0300] "POST /cormun/servlet/solicitudot?gx-no-cache=1521035433172 HTTP/1.1" 200 33
186.67.203.186 - - [14/Mar/2018:10:51:30 -0300] "GET /cormun/servlet/trsolicitudot? HTTP/1.1" 200 8842
186.67.203.186 - - [14/Mar/2018:10:51:31 -0300] "GET /cormun/servlet/trsolicitudot? HTTP/1.1" 200 8840
186.67.172.234 - - [14/Mar/2018:10:51:45 -0300] "POST /cormun/servlet/solicitudot?8c96602ce25404d28a06cb71d1c51d7b,INS,0,0,,gx-no-cache=1521035454758 HTTP/1.1" 200 93
186.67.172.234 - - [14/Mar/2018:10:51:46 -0300] "GET /cormun/servlet/hpexe_return? HTTP/1.1" 200 1008
186.67.172.234 - - [14/Mar/2018:10:51:46 -0300] "GET /cormun/servlet/trsolicitudot HTTP/1.1" 200 8867
186.67.172.234 - - [14/Mar/2018:10:51:46 -0300] "GET /cormun/servlet/trsolicitudot HTTP/1.1" 200 8863
186.67.203.186 - - [14/Mar/2018:10:51:51 -0300] "GET /cormun/static/menuarrow.gif HTTP/1.1" 404 1015
186.67.164.142 - - [14/Mar/2018:10:51:58 -0300] "GET /cormun/servlet/solicitudot?590325a85599074d5ae6e6485f17d0b6b9c399dff47f7eb9fb863b91a4e71e77dbdf2e898c7d4549131ca910f8e7b87350bdef67b62bfbfe7d07df89348da1e382c47b1e49e3d28bed54be03d3139379854f552fd6867ebe28cbd0ab4a880fea191e336816f3f3223cdaeeb5e4910122be893abb8b5dd12d6af9fe4cedd9abfb96d0bafad08de32483b9436e5390b8edc9ef05a7dd2c2df4bff269cde94ed55431507a82faf4034b9f52cfe63cd9a21a18a696974f3c02763a5146306a55ee45e01055a4770e6394ee7fdd30cef7c972,gx-no-cache=1521035468601 HTTP/1.1" 200 29
186.67.164.142 - - [14/Mar/2018:10:51:58 -0300] "POST /cormun/servlet/solicitudot?gx-no-cache=1521035468736 HTTP/1.1" 200 1318
186.67.164.142 - - [14/Mar/2018:10:51:59 -0300] "POST /cormun/servlet/solicitudot?gx-no-cache=1521035468894 HTTP/1.1" 200 1218
186.67.164.142 - - [14/Mar/2018:10:51:59 -0300] "GET /cormun/static/menuarrow.gif HTTP/1.1" 404 1015
186.67.164.142 - - [14/Mar/2018:10:52:01 -0300] "POST /cormun/servlet/solicitudot?gx-no-cache=1521035470555 HTTP/1.1" 200 1318
186.67.164.142 - - [14/Mar/2018:10:52:01 -0300] "POST /cormun/servlet/solicitudot?gx-no-cache=1521035471082 HTTP/1.1" 200 1218
186.67.172.234 - - [14/Mar/2018:10:52:03 -0300] "POST /cormun/servlet/trsolicitudot?8c96602ce25404d28a06cb71d1c51d7b,gx-no-cache=1521035472890 HTTP/1.1" 200 4700
186.67.172.234 - - [14/Mar/2018:10:52:03 -0300] "GET /cormun/static/Shared/jqueryui/images/ui-icons_82798d_256x240.png HTTP/1.1" 404 1089
186.67.172.234 - - [14/Mar/2018:10:52:03 -0300] "GET /cormun/static/Shared/jqueryui/images/ui-bg_highlight-soft_100_c6c2c8_1x100.png HTTP/1.1" 404 1117
186.67.172.234 - - [14/Mar/2018:10:52:03 -0300] "GET /cormun/static/Shared/jqueryui/images/ui-bg_flat_55_fafafa_40x100.png HTTP/1.1" 404 1097
186.67.172.234 - - [14/Mar/2018:10:52:03 -0300] "GET /cormun/static/Shared/jqueryui/images/ui-icons_8d78a5_256x240.png HTTP/1.1" 404 1089
186.67.172.234 - - [14/Mar/2018:10:52:03 -0300] "POST /cormun/servlet/trsolicitudot?8c96602ce25404d28a06cb71d1c51d7b,gx-no-cache=1521035473322 HTTP/1.1" 200 4455
186.67.172.234 - - [14/Mar/2018:10:52:08 -0300] "GET /cormun/servlet/trautorizarsolicitud? HTTP/1.1" 200 9247
186.67.172.234 - - [14/Mar/2018:10:52:08 -0300] "GET /cormun/servlet/trautorizarsolicitud? HTTP/1.1" 200 9247
186.67.164.142 - - [14/Mar/2018:10:52:14 -0300] "GET /cormun/servlet/solicitudot?590325a85599074d5ae6e6485f17d0b6454785e5687728014a7b6de14626cc5581a717d291049231c1fac952bd7ad41a,gx-no-cache=1521035484501 HTTP/1.1" 200 30
186.67.164.142 - - [14/Mar/2018:10:52:14 -0300] "POST /cormun/servlet/solicitudot?gx-no-cache=1521035484583 HTTP/1.1" 200 30
186.67.164.142 - - [14/Mar/2018:10:52:15 -0300] "POST /cormun/servlet/solicitudot?a8f7913fdaf411c722f665f383492d45,UPD,2018,10382,,gx-no-cache=1521035484678 HTTP/1.1" 200 93
186.67.164.142 - - [14/Mar/2018:10:52:15 -0300] "GET /cormun/servlet/hpexe_return? HTTP/1.1" 200 1034
186.67.164.142 - - [14/Mar/2018:10:52:15 -0300] "GET /cormun/servlet/trsolicitudot?gx-no-cache=1521032388216 HTTP/1.1" 200 8572
186.67.164.142 - - [14/Mar/2018:10:52:16 -0300] "GET /cormun/servlet/trsolicitudot?gx-no-cache=1521032388216 HTTP/1.1" 200 8591
186.67.164.142 - - [14/Mar/2018:10:52:22 -0300] "POST /cormun/servlet/trsolicitudot?a8f7913fdaf411c722f665f383492d45,gx-no-cache=1521032388216,gx-no-cache=1521035492028 HTTP/1.1" 200 5771
186.67.164.142 - - [14/Mar/2018:10:52:22 -0300] "GET /cormun/static/Shared/jqueryui/images/ui-bg_highlight-soft_100_c6c2c8_1x100.png HTTP/1.1" 404 1117
186.67.164.142 - - [14/Mar/2018:10:52:22 -0300] "GET /cormun/static/Shared/jqueryui/images/ui-icons_82798d_256x240.png HTTP/1.1" 404 1089
186.67.164.142 - - [14/Mar/2018:10:52:22 -0300] "GET /cormun/static/Shared/jqueryui/images/ui-bg_flat_55_fafafa_40x100.png HTTP/1.1" 404 1097
186.67.164.142 - - [14/Mar/2018:10:52:22 -0300] "GET /cormun/static/Shared/jqueryui/images/ui-icons_8d78a5_256x240.png HTTP/1.1" 404 1089
186.67.172.234 - - [14/Mar/2018:10:52:29 -0300] "POST /cormun/servlet/trautorizarsolicitud?8c96602ce25404d28a06cb71d1c51d7b,,gx-no-cache=1521035497878 HTTP/1.1" 200 5801
186.67.172.234 - - [14/Mar/2018:10:52:29 -0300] "GET /cormun/static/Shared/jqueryui/images/ui-bg_highlight-soft_100_c6c2c8_1x100.png HTTP/1.1" 404 1117
186.67.172.234 - - [14/Mar/2018:10:52:29 -0300] "GET /cormun/static/Shared/jqueryui/images/ui-bg_flat_55_fafafa_40x100.png HTTP/1.1" 404 1097
186.67.172.234 - - [14/Mar/2018:10:52:29 -0300] "GET /cormun/static/Shared/jqueryui/images/ui-icons_82798d_256x240.png HTTP/1.1" 404 1089
186.67.172.234 - - [14/Mar/2018:10:52:29 -0300] "GET /cormun/static/Shared/jqueryui/images/ui-icons_8d78a5_256x240.png HTTP/1.1" 404 1089
186.67.172.234 - - [14/Mar/2018:10:52:29 -0300] "POST /cormun/servlet/trautorizarsolicitud?8c96602ce25404d28a06cb71d1c51d7b,,gx-no-cache=1521035498996 HTTP/1.1" 200 5745
186.103.161.206 - - [14/Mar/2018:10:52:34 -0300] "GET /cormun/servlet/solicitudot?INS,0,0, HTTP/1.1" 200 13662
186.103.161.206 - - [14/Mar/2018:10:52:35 -0300] "GET /cormun/servlet/solicitudot?INS,0,0, HTTP/1.1" 200 13667
192.168.10.56 - - [14/Mar/2018:10:52:38 -0300] "GET /cormun/servlet/vesolicitudgral?2018,10441,, HTTP/1.1" 200 9067
192.168.10.56 - - [14/Mar/2018:10:52:38 -0300] "GET /cormun/static/gxcfg.js?201711151294153 HTTP/1.1" 304 -
192.168.10.56 - - [14/Mar/2018:10:52:38 -0300] "GET /cormun/pexe_scrolldiv.js HTTP/1.1" 404 1009
192.168.10.56 - - [14/Mar/2018:10:52:38 -0300] "GET /cormun/static/vesolicitudgral.js?201711151294244 HTTP/1.1" 304 -
192.168.10.56 - - [14/Mar/2018:10:52:38 -0300] "GET /cormun/static/tbsolicitudgral01.js?201813119422078 HTTP/1.1" 304 -
192.168.10.56 - - [14/Mar/2018:10:52:38 -0300] "GET /cormun/pexe_scrolldiv.js HTTP/1.1" 404 1009
192.168.10.56 - - [14/Mar/2018:10:52:38 -0300] "GET /cormun/servlet/vesolicitudgral?2018,10441,, HTTP/1.1" 200 9067
200.72.197.82 - - [14/Mar/2018:10:52:38 -0300] "GET /cormun/servlet/prfichaempleado?,MD,,gxPopupLevel%3D0%3B HTTP/1.1" 200 9375
186.67.164.142 - - [14/Mar/2018:10:52:39 -0300] "POST /cormun/servlet/trsolicitudot?a8f7913fdaf411c722f665f383492d45,gx-no-cache=1521032388216,gx-no-cache=1521035509590 HTTP/1.1" 200 107
186.67.164.142 - - [14/Mar/2018:10:52:40 -0300] "GET /cormun/servlet/trsolicitudadjuntos?2018,10382, HTTP/1.1" 200 9874
192.168.10.56 - - [14/Mar/2018:10:52:42 -0300] "GET /cormun/servlet/vesolicitudgral?2018,10441,,SolicitudOTLog HTTP/1.1" 200 9604
192.168.10.56 - - [14/Mar/2018:10:52:42 -0300] "GET /cormun/pexe_scrolldiv.js HTTP/1.1" 404 1009
192.168.10.56 - - [14/Mar/2018:10:52:42 -0300] "GET /cormun/pexe_scrolldiv.js HTTP/1.1" 404 1009
186.67.164.142 - - [14/Mar/2018:10:52:42 -0300] "GET /cormun/servlet/trsolicitudadjuntos?2018,10382, HTTP/1.1" 200 9853
192.168.10.56 - - [14/Mar/2018:10:52:42 -0300] "GET /cormun/servlet/vesolicitudgral?2018,10441,,SolicitudOTLog HTTP/1.1" 200 9604
192.168.10.56 - - [14/Mar/2018:10:52:43 -0300] "POST /cormun/servlet/acontrolpreferencessavestate?None,OVARGAS,true HTTP/1.1" 200 35
200.72.197.82 - - [14/Mar/2018:10:52:47 -0300] "POST /cormun/servlet/prfichaempleado?138475c3e4948f6306f3678a4b55d5a6,,MD,,gxPopupLevel%3D0%3B,gx-no-cache=1521035515699 HTTP/1.1" 200 3937
192.168.10.56 - - [14/Mar/2018:10:52:48 -0300] "GET /cormun/servlet/vesolicitudgral?2018,10441,,General HTTP/1.1" 200 9072
192.168.10.56 - - [14/Mar/2018:10:52:48 -0300] "GET /cormun/pexe_scrolldiv.js HTTP/1.1" 404 1009
192.168.10.56 - - [14/Mar/2018:10:52:48 -0300] "GET /cormun/pexe_scrolldiv.js HTTP/1.1" 404 1009
192.168.10.56 - - [14/Mar/2018:10:52:49 -0300] "GET /cormun/servlet/vesolicitudgral?2018,10441,,General HTTP/1.1" 200 9072
192.168.10.56 - - [14/Mar/2018:10:52:50 -0300] "POST /cormun/servlet/vesolicitudgral?8df37772fec24352cd17053798d6f81e,2018,10441,,General,gx-no-cache=1521035407060 HTTP/1.1" 200 93
192.168.10.56 - - [14/Mar/2018:10:52:51 -0300] "GET /cormun/servlet/hpexe_return? HTTP/1.1" 200 1015
192.168.10.56 - - [14/Mar/2018:10:52:51 -0300] "GET /cormun/servlet/trsolicitudgral? HTTP/1.1" 200 10783
192.168.10.56 - - [14/Mar/2018:10:52:51 -0300] "GET /cormun/servlet/trsolicitudgral? HTTP/1.1" 200 10779
186.103.161.206 - - [14/Mar/2018:10:53:11 -0300] "POST /cormun/servlet/solicitudot?138475c3e4948f6306f3678a4b55d5a6,INS,0,0,,gx-no-cache=1521035537724 HTTP/1.1" 200 11815
186.103.161.206 - - [14/Mar/2018:10:53:11 -0300] "GET /cormun/static/Shared/jqueryui/images/ui-bg_highlight-soft_100_c6c2c8_1x100.png HTTP/1.1" 404 1117
200.111.122.170 - - [14/Mar/2018:10:53:11 -0300] "GET /cormun/static/Shared/jqueryui/images/ui-icons_82798d_256x240.png HTTP/1.1" 404 1089
190.151.100.218 - - [14/Mar/2018:10:53:11 -0300] "GET /cormun/static/Shared/jqueryui/images/ui-icons_ebccce_256x240.png HTTP/1.1" 404 1089
190.151.100.218 - - [14/Mar/2018:10:53:11 -0300] "GET /cormun/static/Shared/jqueryui/images/ui-bg_flat_55_994d53_40x100.png HTTP/1.1" 404 1097
186.67.164.142 - - [14/Mar/2018:10:53:15 -0300] "POST /cormun/servlet/trsolicitudadjuntos?a8f7913fdaf411c722f665f383492d45,2018,10382,,gx-no-cache=1521035545022 HTTP/1.1" 200 90
186.67.164.142 - - [14/Mar/2018:10:53:15 -0300] "GET /cormun/servlet/hpexe_link HTTP/1.1" 200 989
186.67.164.142 - - [14/Mar/2018:10:53:15 -0300] "GET /cormun/servlet/trsolicitudot?gx-no-cache=1521032388216 HTTP/1.1" 200 8569
186.67.164.142 - - [14/Mar/2018:10:53:16 -0300] "GET /cormun/servlet/trsolicitudot?gx-no-cache=1521032388216 HTTP/1.1" 200 8591
192.168.10.96 - - [14/Mar/2018:10:53:16 -0300] "GET /cormun/servlet/trsolicitudgral? HTTP/1.1" 200 20576
192.168.10.96 - - [14/Mar/2018:10:53:17 -0300] "GET /cormun/servlet/trsolicitudgral? HTTP/1.1" 200 20576
186.67.164.142 - - [14/Mar/2018:10:53:20 -0300] "POST /cormun/servlet/trsolicitudot?a8f7913fdaf411c722f665f383492d45,gx-no-cache=1521032388216,gx-no-cache=1521035549918 HTTP/1.1" 200 5768
186.67.164.142 - - [14/Mar/2018:10:53:20 -0300] "GET /cormun/static/Shared/jqueryui/images/ui-bg_highlight-soft_100_c6c2c8_1x100.png HTTP/1.1" 404 1117
186.67.164.142 - - [14/Mar/2018:10:53:20 -0300] "GET /cormun/static/Shared/jqueryui/images/ui-icons_82798d_256x240.png HTTP/1.1" 404 1089
186.67.164.142 - - [14/Mar/2018:10:53:20 -0300] "GET /cormun/static/Shared/jqueryui/images/ui-bg_flat_55_fafafa_40x100.png HTTP/1.1" 404 1097
186.67.164.142 - - [14/Mar/2018:10:53:20 -0300] "GET /cormun/static/Shared/jqueryui/images/ui-icons_8d78a5_256x240.png HTTP/1.1" 404 1089
192.168.10.96 - - [14/Mar/2018:10:53:21 -0300] "POST /cormun/servlet/trsolicitudgral?158ac9cb28b05a10a16aa02aacd31bee,,gx-no-cache=1521035437367 HTTP/1.1" 200 25047
190.151.100.218 - - [14/Mar/2018:10:53:23 -0300] "POST /cormun/servlet/solicitudot?gx-no-cache=1521035548825 HTTP/1.1" 200 3391
190.151.100.218 - - [14/Mar/2018:10:53:25 -0300] "POST /cormun/servlet/solicitudot?138475c3e4948f6306f3678a4b55d5a6,INS,0,0,,gx-no-cache=1521035551540 HTTP/1.1" 200 11696
190.151.100.218 - - [14/Mar/2018:10:53:25 -0300] "GET /cormun/servlet/solicitudot?5be31f00978c22648500015fb968374948793aef7f4e282cbc76d9c2bc43d5c5545e30cb53e4c395171c2695562b3f43,gx-no-cache=1521035553676 HTTP/1.1" 200 30
190.151.100.218 - - [14/Mar/2018:10:53:26 -0300] "GET /cormun/servlet/solicitudot?5be31f00978c22648500015fb96837496d7d215aabd28565ced21523c472f9c01f55b239fdd7f52abf438a396a4ac1617a51a573f50719a8c9097b18cf886a45,gx-no-cache=1521035553885 HTTP/1.1" 200 30
190.151.100.218 - - [14/Mar/2018:10:53:26 -0300] "GET /cormun/servlet/solicitudot?5be31f00978c22648500015fb9683749be2c709d3bb3367a73ab79d434d9db82,gx-no-cache=1521035554390 HTTP/1.1" 200 29
190.151.100.218 - - [14/Mar/2018:10:53:26 -0300] "POST /cormun/servlet/solicitudot?gx-no-cache=1521035554495 HTTP/1.1" 200 255
190.151.100.218 - - [14/Mar/2018:10:53:26 -0300] "GET /cormun/servlet/solicitudot?5be31f00978c22648500015fb968374934e983acda0f95a1b2484cd9555c570e964ea4e99eae1fd0f4032018b994ab386a4713cad0ec936120dcfd71ad4828a254d79c5dc8fec4ecdaef0b468ea04496befd9888b644d323a73fc50dc9a6852299eb228ebf15035e2867d7edb2141aab2f901355fe6bad5b45b8d6ea1e572f2d3f98f6a230541cbab5bd3d6658612d3d9c197a254d61308760f0335b987433d20088b4b94382c61b32179397dbd8f983ba716e244d50f890ee14ff00b97185d36db89d9d6e5e6b29004ca4164f850f396684f62a39554f7380e21f77b2b68cf7b168f3fc276bc2b35e608428e7deec58867f083272e62adcc0a1c2a9b3b0a81d6444c3c972b4c8c1422bf20c63ff24ac856095c72822bfa1217c7e1b5515f2836ad8d82d4dde5771215b4fc9cb52b70f2e07e30843ffdf9db4f0d57a49ca5c9feca6461bb9e63290eb46b825af794e95ee44ced96dcb575a81a972fb9ae40dd09b7ac9c4826cc034bc72d108461dcc44ba7c06f891c9fbd064f9845b63203632,gx-no-cache=1521035554627 HTTP/1.1" 200 30
192.168.10.96 - - [14/Mar/2018:10:53:27 -0300] "POST /cormun/servlet/trsolicitudgral?158ac9cb28b05a10a16aa02aacd31bee,,gx-no-cache=1521035442390 HTTP/1.1" 200 24802
192.168.10.96 - - [14/Mar/2018:10:53:33 -0300] "POST /cormun/servlet/trsolicitudgral?158ac9cb28b05a10a16aa02aacd31bee,,gx-no-cache=1521035449036 HTTP/1.1" 200 105
192.168.10.96 - - [14/Mar/2018:10:53:33 -0300] "GET /cormun/SolicitudGral-4266.xls HTTP/1.1" 200 77312
190.151.100.218 - - [14/Mar/2018:10:53:42 -0300] "POST /cormun/servlet/solicitudot?gx-no-cache=1521035570751 HTTP/1.1" 200 30
190.151.100.218 - - [14/Mar/2018:10:53:44 -0300] "GET /cormun/servlet/prcontratosol?14203153,,,,,MD,,gxPopupLevel%3D0%3B HTTP/1.1" 200 7737
190.151.100.218 - - [14/Mar/2018:10:53:52 -0300] "POST /cormun/servlet/solicitudot?gx-no-cache=1521035580880 HTTP/1.1" 200 1417
190.151.100.218 - - [14/Mar/2018:10:53:53 -0300] "POST /cormun/servlet/solicitudot?gx-no-cache=1521035581190 HTTP/1.1" 200 117
190.151.100.218 - - [14/Mar/2018:10:53:53 -0300] "GET /cormun/servlet/solicitudot?5be31f00978c22648500015fb96837491d5023d861b4d83afb1e05402a114ac9c55f0ff61cc69afa37f14acf450b652fb45d23f1949aafddda59c7e0162b2f576b7337d2afed790142dd21be13cf441e8602bc4e388f9795392ef34f61565c67228da9c7050b693e278b385dfa2ef5ee03a788b8d27a68e07f913ed3077380148bf82dbfca397ddc21cec04190ae0c30abb9fa5b75e55ad1d55dd7360d65850c,gx-no-cache=1521035581325 HTTP/1.1" 200 29
190.151.100.218 - - [14/Mar/2018:10:53:53 -0300] "POST /cormun/servlet/solicitudot?gx-no-cache=1521035581424 HTTP/1.1" 200 1318
190.151.100.218 - - [14/Mar/2018:10:53:53 -0300] "POST /cormun/servlet/solicitudot?gx-no-cache=1521035581972 HTTP/1.1" 200 1219
190.151.100.218 - - [14/Mar/2018:10:53:54 -0300] "GET /cormun/servlet/solicitudot?5be31f00978c22648500015fb96837496dd68d733bafdb1bd7f345eb714b17013f76b9cdd95ad54764c7dd2e7518ecca,gx-no-cache=1521035582228 HTTP/1.1" 200 30
192.168.10.56 - - [14/Mar/2018:10:53:58 -0300] "GET /cormun/servlet/solicitudgral?UPD,2018,10441, HTTP/1.1" 200 12895
192.168.10.56 - - [14/Mar/2018:10:53:58 -0300] "GET /cormun/servlet/solicitudgral?UPD,2018,10441, HTTP/1.1" 200 12904
186.79.193.8 - - [14/Mar/2018:10:53:58 -0300] "GET /cormun/servlet/trautorizarsolicitud HTTP/1.1" 200 6281
186.79.193.8 - - [14/Mar/2018:10:53:59 -0300] "GET /cormun/static/gxtimezone.js?85251 HTTP/1.1" 304 -
186.79.193.8 - - [14/Mar/2018:10:53:59 -0300] "GET /cormun/static/gxcfg.js?2017111423403364 HTTP/1.1" 304 -
186.79.193.8 - - [14/Mar/2018:10:53:59 -0300] "GET /cormun/static/calendar.js?85251 HTTP/1.1" 304 -
186.79.193.8 - - [14/Mar/2018:10:53:59 -0300] "GET /cormun/static/calendar-setup.js?85251 HTTP/1.1" 304 -
186.79.193.8 - - [14/Mar/2018:10:53:59 -0300] "GET /cormun/static/calendar-es.js?85251 HTTP/1.1" 304 -
192.168.10.56 - - [14/Mar/2018:10:53:59 -0300] "POST /cormun/servlet/solicitudgral?gx-no-cache=1521035475340 HTTP/1.1" 200 3884
192.168.10.56 - - [14/Mar/2018:10:53:59 -0300] "GET /cormun/servlet/solicitudgral?d3b444fb07b9ef8aee9b4a9b9aa41d4a5ee42aa04e75c98108323441a5e9d3e62554ddf19265afbcc7394b4844f11ef71a50495208db59890899e9272e250a1e6bd254db7343946a0467d94a1dbce58ca419bc57eebcffbb7d60e380ebda50a09234cfd5fdd83eb76633893469ae335da5af76bc42f8f457e66ebdfdd24c28c6446d649d5805018947550f4a89aa4f8e82f1853d39e4ffc7255033bc0ce722651d52e99d7df571d1c6a8f245bf5c802e21e4271af8263af0743488866841081121f4102407e0ab8e2a0dd19731ef9ff115ce70d63e199e231c3233c66dea9f36dc6926aa4a409fd0ec1dd87711e290449f3299abe74b2468c9da46bce1f476c4e6afba4addc83c4d999dafd1e129bfcfbfee68477c3f51ccc5811e8c7b6ebd74620384f7578e8a78f5198a283e290476d629a1d6981a2e7c443f7de9743dd48cb2b3a5faacddbb7bb2f99b7187471a02,gx-no-cache=1521035475472 HTTP/1.1" 200 240
186.79.193.8 - - [14/Mar/2018:10:54:00 -0300] "GET /cormun/static/messages.spa.js?85251 HTTP/1.1" 304 -
186.79.193.8 - - [14/Mar/2018:10:54:00 -0300] "GET /cormun/static/gxdec.js?85251 HTTP/1.1" 304 -
186.79.193.8 - - [14/Mar/2018:10:54:00 -0300] "GET /cormun/static/trautorizarsolicitud.js?201711142340425 HTTP/1.1" 304 -
192.168.10.56 - - [14/Mar/2018:10:54:00 -0300] "GET /cormun/servlet/solicitudgral?d3b444fb07b9ef8aee9b4a9b9aa41d4a40a3197a8080bd9f35cee43c5b583a67939ca22c90c713ffaa3d526b9d5c1b4ce6afba4addc83c4d999dafd1e129bfcfe0d43e9600b5db57271b68b83c78c68bd9ac3115346b15384ee448f60d2b5567d7e6869096d247805dbe56c38a6460a6ce6fa7f0f6302adb461c01177659be589decbecdbd962688061a097291e0285738b4df0ec25e93bb1a143c9dffc9391e994d9203a05f726c97018de5fd5f27361f5536b0c5b4ae180e6e3486231e26a3abdb8e68cb02acad64e10e29f89ea57ca9880432a7b469f74ce13c480e94b50652bf4a49203116ac337d7afbd93bdcb4b5f74fd875407627aae67846c674ec8d900209a3f7fca65f3cc2d1aa7e4e7437fe124ad7f8e9cdb89a3f61c8f0c3c2de9794a711007c61e93efdb46c5c55e5adf7debb4e5411a031670e67c31be092d221c508868225506e640725bc68a969da3012e3c8be079e656d6ca18e19eb62ac900209a3f7fca65f3cc2d1aa7e4e7437c36b38435f8ad291d635dbd6aec743121a241c5a9e4631b869e6ab1673d9757a2f1d0eb873b0ffb2e41d5e6646c51494514af257344ca29c4edcb2cec9eb4084,gx-no-cache=1521035476561 HTTP/1.1" 200 48
192.168.10.56 - - [14/Mar/2018:10:54:00 -0300] "POST /cormun/servlet/solicitudgral?8df37772fec24352cd17053798d6f81e,UPD,2018,10441,,gx-no-cache=1521035476593 HTTP/1.1" 200 11741
192.168.10.56 - - [14/Mar/2018:10:54:00 -0300] "GET /cormun/servlet/solicitudgral?d3b444fb07b9ef8aee9b4a9b9aa41d4adc313dba31245412499bd143deba21c1da7eb64ef97fd812f276e2f57862f295db5f309b4219c027ec8129925162fc5a13ba28bc771724345b10c5a6cd2d08c716b3c4c1ff215c515ac38b089d138edfdf18fe2b0d751120902cf61df4788281,gx-no-cache=1521035476733 HTTP/1.1" 200 29
192.168.10.56 - - [14/Mar/2018:10:54:00 -0300] "POST /cormun/servlet/solicitudgral?gx-no-cache=1521035476747 HTTP/1.1" 200 1295
192.168.10.56 - - [14/Mar/2018:10:54:00 -0300] "POST /cormun/servlet/solicitudgral?gx-no-cache=1521035476776 HTTP/1.1" 200 1218
186.79.193.8 - - [14/Mar/2018:10:54:01 -0300] "GET /cormun/servlet/trautorizarsolicitud HTTP/1.1" 200 6292
186.79.193.8 - - [14/Mar/2018:10:54:01 -0300] "GET /cormun/servlet/hlogin HTTP/1.1" 200 1743
186.79.193.8 - - [14/Mar/2018:10:54:02 -0300] "GET /cormun/static/gxcfg.js?20175251213516 HTTP/1.1" 304 -
186.79.193.8 - - [14/Mar/2018:10:54:02 -0300] "GET /favicon.ico HTTP/1.1" 200 21630
186.79.193.8 - - [14/Mar/2018:10:54:04 -0300] "POST /cormun/servlet/hlogin?47dcb7fdeaf6c161608310f81612c4cc,gx-no-cache=1521035594140 HTTP/1.1" 200 90
186.79.193.8 - - [14/Mar/2018:10:54:05 -0300] "GET /cormun/servlet/hpexe_link HTTP/1.1" 200 965
186.79.193.8 - - [14/Mar/2018:10:54:05 -0300] "GET /cormun/static/gxcfg.js?20177612121792 HTTP/1.1" 304 -
186.79.193.8 - - [14/Mar/2018:10:54:05 -0300] "GET /cormun/servlet/trautorizarsolicitud HTTP/1.1" 200 8535
186.79.193.8 - - [14/Mar/2018:10:54:06 -0300] "GET /cormun/servlet/trautorizarsolicitud HTTP/1.1" 200 8534
192.168.10.56 - - [14/Mar/2018:10:54:07 -0300] "POST /cormun/servlet/solicitudgral?8df37772fec24352cd17053798d6f81e,UPD,2018,10441,,gx-no-cache=1521035483607 HTTP/1.1" 200 93
192.168.10.56 - - [14/Mar/2018:10:54:07 -0300] "GET /cormun/servlet/hpexe_return? HTTP/1.1" 200 1013
192.168.10.56 - - [14/Mar/2018:10:54:07 -0300] "GET /cormun/servlet/trsolicitudgral HTTP/1.1" 200 10797
192.168.10.56 - - [14/Mar/2018:10:54:08 -0300] "GET /cormun/servlet/trsolicitudgral HTTP/1.1" 200 10793
186.79.193.8 - - [14/Mar/2018:10:54:14 -0300] "POST /cormun/servlet/trautorizarsolicitud?47dcb7fdeaf6c161608310f81612c4cc,gx-no-cache=1521035602976 HTTP/1.1" 200 4330
186.79.193.8 - - [14/Mar/2018:10:54:14 -0300] "GET /cormun/static/Shared/jqueryui/images/ui-bg_highlight-soft_100_c6c2c8_1x100.png HTTP/1.1" 404 1117
186.79.193.8 - - [14/Mar/2018:10:54:14 -0300] "GET /cormun/static/Shared/jqueryui/images/ui-icons_82798d_256x240.png HTTP/1.1" 404 1089
186.79.193.8 - - [14/Mar/2018:10:54:14 -0300] "GET /cormun/static/Shared/jqueryui/images/ui-bg_flat_55_fafafa_40x100.png HTTP/1.1" 404 1097
186.79.193.8 - - [14/Mar/2018:10:54:14 -0300] "GET /cormun/static/Shared/jqueryui/images/ui-icons_8d78a5_256x240.png HTTP/1.1" 404 1089
186.79.193.8 - - [14/Mar/2018:10:54:14 -0300] "POST /cormun/servlet/trautorizarsolicitud?47dcb7fdeaf6c161608310f81612c4cc,gx-no-cache=1521035603836 HTTP/1.1" 200 4109
192.168.10.56 - - [14/Mar/2018:10:54:16 -0300] "POST /cormun/servlet/trsolicitudgral?8df37772fec24352cd17053798d6f81e,gx-no-cache=1521035492810 HTTP/1.1" 200 7297
192.168.10.56 - - [14/Mar/2018:10:54:16 -0300] "GET /cormun/static/Shared/jqueryui/images/ui-bg_highlight-soft_100_c6c2c8_1x100.png HTTP/1.1" 404 1117
192.168.10.56 - - [14/Mar/2018:10:54:16 -0300] "GET /cormun/static/Shared/jqueryui/images/ui-icons_82798d_256x240.png HTTP/1.1" 404 1089
192.168.10.56 - - [14/Mar/2018:10:54:16 -0300] "GET /cormun/static/Shared/jqueryui/images/ui-bg_flat_55_fafafa_40x100.png HTTP/1.1" 404 1097
192.168.10.56 - - [14/Mar/2018:10:54:16 -0300] "GET /cormun/static/Shared/jqueryui/images/ui-icons_8d78a5_256x240.png HTTP/1.1" 404 1089
200.72.197.82 - - [14/Mar/2018:10:54:17 -0300] "GET /cormun/servlet/trsolicitudot? HTTP/1.1" 200 8841
200.72.197.82 - - [14/Mar/2018:10:54:18 -0300] "GET /cormun/servlet/trsolicitudot? HTTP/1.1" 200 8840
186.103.157.39 - - [14/Mar/2018:10:54:21 -0300] "GET /cormun/servlet/hlogin HTTP/1.1" 200 1718
200.72.197.82 - - [14/Mar/2018:10:54:21 -0300] "GET /cormun/static/menuarrow.gif HTTP/1.1" 404 1015
200.72.197.82 - - [14/Mar/2018:10:54:28 -0300] "POST /cormun/servlet/trsolicitudot?138475c3e4948f6306f3678a4b55d5a6,,gx-no-cache=1521035615781 HTTP/1.1" 200 5875
192.168.10.56 - - [14/Mar/2018:10:54:28 -0300] "GET /cormun/servlet/solicitudgral?UPD,2018,10324, HTTP/1.1" 200 12920
192.168.10.56 - - [14/Mar/2018:10:54:28 -0300] "GET /cormun/servlet/solicitudgral?UPD,2018,10324, HTTP/1.1" 200 12929
192.168.10.56 - - [14/Mar/2018:10:54:29 -0300] "POST /cormun/servlet/solicitudgral?gx-no-cache=1521035505422 HTTP/1.1" 200 3897
192.168.10.56 - - [14/Mar/2018:10:54:29 -0300] "GET /cormun/servlet/solicitudgral?d3b444fb07b9ef8aee9b4a9b9aa41d4a5ee42aa04e75c98108323441a5e9d3e63200f4944ec48d506cf0702ea8eef9f21a50495208db59890899e9272e250a1e6bd254db7343946a0467d94a1dbce58ca419bc57eebcffbb7d60e380ebda50a09234cfd5fdd83eb76633893469ae335da5af76bc42f8f457e66ebdfdd24c28c6446d649d5805018947550f4a89aa4f8e82f1853d39e4ffc7255033bc0ce722651d52e99d7df571d1c6a8f245bf5c802e21e4271af8263af0743488866841081121f4102407e0ab8e2a0dd19731ef9ff115ce70d63e199e231c3233c66dea9f36dc6926aa4a409fd0ec1dd87711e290449f3299abe74b2468c9da46bce1f476c4e6afba4addc83c4d999dafd1e129bfcfbfee68477c3f51ccc5811e8c7b6ebd74620384f7578e8a78f5198a283e290476d629a1d6981a2e7c443f7de9743dd48cb2b3a5faacddbb7bb2f99b7187471a02,gx-no-cache=1521035505554 HTTP/1.1" 200 255
192.168.10.56 - - [14/Mar/2018:10:54:30 -0300] "GET /cormun/servlet/solicitudgral?d3b444fb07b9ef8aee9b4a9b9aa41d4a40a3197a8080bd9f35cee43c5b583a67939ca22c90c713ffaa3d526b9d5c1b4ce6afba4addc83c4d999dafd1e129bfcfe0d43e9600b5db57271b68b83c78c68bd9ac3115346b15384ee448f60d2b5567d7e6869096d247805dbe56c38a6460a6ce6fa7f0f6302adb461c01177659be589decbecdbd962688061a097291e0285738b4df0ec25e93bb1a143c9dffc9391e994d9203a05f726c97018de5fd5f27361f5536b0c5b4ae180e6e3486231e26a3abdb8e68cb02acad64e10e29f89ea57ca9880432a7b469f74ce13c480e94b50652bf4a49203116ac337d7afbd93bdcb4b5f74fd875407627aae67846c674ec8d900209a3f7fca65f3cc2d1aa7e4e7437fe124ad7f8e9cdb89a3f61c8f0c3c2de9794a711007c61e93efdb46c5c55e5adf7debb4e5411a031670e67c31be092d221c508868225506e640725bc68a969da3012e3c8be079e656d6ca18e19eb62ac900209a3f7fca65f3cc2d1aa7e4e7437c36b38435f8ad291d635dbd6aec743121a241c5a9e4631b869e6ab1673d9757a2f1d0eb873b0ffb2e41d5e6646c51494514af257344ca29c4edcb2cec9eb4084,gx-no-cache=1521035506599 HTTP/1.1" 200 48
192.168.10.56 - - [14/Mar/2018:10:54:30 -0300] "POST /cormun/servlet/solicitudgral?8df37772fec24352cd17053798d6f81e,UPD,2018,10324,,gx-no-cache=1521035506632 HTTP/1.1" 200 11792
192.168.10.56 - - [14/Mar/2018:10:54:30 -0300] "GET /cormun/servlet/solicitudgral?d3b444fb07b9ef8aee9b4a9b9aa41d4aed4b2e11d4443c9344506e4247e6c4ecda7eb64ef97fd812f276e2f57862f2951c22ea4a121f48d648b34e6b55d419da06c4e94ee4957cf1122f551b4dad08f915e48d1260d6fc3c28fe913bd06bfa2e5ef9ff26123cb3a85d44b76f8c381f500f5de74361fc15180010b87ce5e4b505d87d3c244710097526c37843549f114e8e57c84864be1d359ddb157cce1248e7,gx-no-cache=1521035506771 HTTP/1.1" 200 29
192.168.10.56 - - [14/Mar/2018:10:54:30 -0300] "POST /cormun/servlet/solicitudgral?gx-no-cache=1521035506785 HTTP/1.1" 200 1296
192.168.10.56 - - [14/Mar/2018:10:54:30 -0300] "POST /cormun/servlet/solicitudgral?gx-no-cache=1521035506811 HTTP/1.1" 200 1219
186.103.157.39 - - [14/Mar/2018:10:54:31 -0300] "POST /cormun/servlet/hlogin?4d25bc4f283073fa55cc9b3c2d1da80c,gx-no-cache=1521035620958 HTTP/1.1" 200 423
186.103.157.39 - - [14/Mar/2018:10:54:33 -0300] "POST /cormun/servlet/hlogin?4d25bc4f283073fa55cc9b3c2d1da80c,gx-no-cache=1521035623215 HTTP/1.1" 200 421
200.72.197.82 - - [14/Mar/2018:10:54:33 -0300] "POST /cormun/servlet/trsolicitudot?138475c3e4948f6306f3678a4b55d5a6,,gx-no-cache=1521035620743 HTTP/1.1" 200 5875
186.103.157.39 - - [14/Mar/2018:10:54:38 -0300] "POST /cormun/servlet/hlogin?4d25bc4f283073fa55cc9b3c2d1da80c,gx-no-cache=1521035628550 HTTP/1.1" 200 90
186.103.157.39 - - [14/Mar/2018:10:54:38 -0300] "GET /cormun/servlet/hpexe_link HTTP/1.1" 200 962
186.103.157.39 - - [14/Mar/2018:10:54:39 -0300] "GET /cormun/servlet/solicitudot?INS,0,0, HTTP/1.1" 200 13213
192.168.10.56 - - [14/Mar/2018:10:54:40 -0300] "POST /cormun/servlet/solicitudgral?8df37772fec24352cd17053798d6f81e,UPD,2018,10324,,gx-no-cache=1521035516295 HTTP/1.1" 200 93
192.168.10.56 - - [14/Mar/2018:10:54:40 -0300] "GET /cormun/servlet/hpexe_return? HTTP/1.1" 200 1033
192.168.10.56 - - [14/Mar/2018:10:54:40 -0300] "GET /cormun/servlet/trsolicitudgral?gx-no-cache=1521035492810 HTTP/1.1" 200 10313
186.103.157.39 - - [14/Mar/2018:10:54:40 -0300] "GET /cormun/servlet/solicitudot?INS,0,0, HTTP/1.1" 200 13217
192.168.10.56 - - [14/Mar/2018:10:54:40 -0300] "GET /cormun/servlet/trsolicitudgral?gx-no-cache=1521035492810 HTTP/1.1" 200 10330
200.72.197.82 - - [14/Mar/2018:10:54:44 -0300] "POST /cormun/servlet/trsolicitudot?138475c3e4948f6306f3678a4b55d5a6,,gx-no-cache=1521035631861 HTTP/1.1" 200 19575
192.168.10.56 - - [14/Mar/2018:10:54:45 -0300] "POST /cormun/servlet/trsolicitudgral?8df37772fec24352cd17053798d6f81e,gx-no-cache=1521035492810,gx-no-cache=1521035521362 HTTP/1.1" 200 6105
192.168.10.56 - - [14/Mar/2018:10:54:45 -0300] "GET /cormun/static/Shared/jqueryui/images/ui-bg_highlight-soft_100_c6c2c8_1x100.png HTTP/1.1" 404 1117
192.168.10.56 - - [14/Mar/2018:10:54:45 -0300] "GET /cormun/static/Shared/jqueryui/images/ui-icons_82798d_256x240.png HTTP/1.1" 404 1089
192.168.10.56 - - [14/Mar/2018:10:54:45 -0300] "GET /cormun/static/Shared/jqueryui/images/ui-bg_flat_55_fafafa_40x100.png HTTP/1.1" 404 1097
192.168.10.56 - - [14/Mar/2018:10:54:45 -0300] "GET /cormun/static/Shared/jqueryui/images/ui-icons_8d78a5_256x240.png HTTP/1.1" 404 1089
192.168.10.56 - - [14/Mar/2018:10:54:48 -0300] "POST /cormun/servlet/trsolicitudgral?8df37772fec24352cd17053798d6f81e,gx-no-cache=1521035492810,gx-no-cache=1521035524158 HTTP/1.1" 200 19005
186.67.164.142 - - [14/Mar/2018:10:54:49 -0300] "POST /cormun/servlet/trsolicitudot?a8f7913fdaf411c722f665f383492d45,gx-no-cache=1521032388216,gx-no-cache=1521035639398 HTTP/1.1" 200 107
186.67.164.142 - - [14/Mar/2018:10:54:50 -0300] "GET /cormun/servlet/trsolicitudadjuntos?2018,10382, HTTP/1.1" 200 9872
186.67.164.142 - - [14/Mar/2018:10:54:52 -0300] "GET /cormun/servlet/trsolicitudadjuntos?2018,10382, HTTP/1.1" 200 9855
186.103.157.39 - - [14/Mar/2018:10:54:58 -0300] "GET /cormun/servlet/prfichaempleado?,MD,,gxPopupLevel%3D0%3B HTTP/1.1" 200 9294
192.168.10.56 - - [14/Mar/2018:10:54:59 -0300] "POST /cormun/servlet/trsolicitudgral?8df37772fec24352cd17053798d6f81e,gx-no-cache=1521035492810,gx-no-cache=1521035535468 HTTP/1.1" 200 18624
186.103.157.39 - - [14/Mar/2018:10:55:09 -0300] "POST /cormun/servlet/solicitudot?gx-no-cache=1521035654314 HTTP/1.1" 200 3284
186.103.157.39 - - [14/Mar/2018:10:55:12 -0300] "POST /cormun/servlet/solicitudot?4d25bc4f283073fa55cc9b3c2d1da80c,INS,0,0,,gx-no-cache=1521035659183 HTTP/1.1" 200 9992
186.103.157.39 - - [14/Mar/2018:10:55:21 -0300] "GET /cormun/servlet/solicitudot?e49d1c7fc3498ee8e3de74a2999d2d08e9fb232318505a9079f0cc58a67738be88e0999f80ac665adb924eab3ff8d9d4,gx-no-cache=1521035671279 HTTP/1.1" 200 30
192.168.10.56 - - [14/Mar/2018:10:55:33 -0300] "POST /cormun/servlet/trsolicitudgral?8df37772fec24352cd17053798d6f81e,gx-no-cache=1521035492810,gx-no-cache=1521035569229 HTTP/1.1" 200 17157
186.67.164.142 - - [14/Mar/2018:10:55:47 -0300] "POST /cormun/servlet/trsolicitudadjuntos?a8f7913fdaf411c722f665f383492d45,2018,10382,,gx-no-cache=1521035696129 HTTP/1.1" 200 90
186.67.164.142 - - [14/Mar/2018:10:55:48 -0300] "GET /cormun/servlet/hpexe_link HTTP/1.1" 200 989
186.67.164.142 - - [14/Mar/2018:10:55:48 -0300] "GET /cormun/servlet/trsolicitudot?gx-no-cache=1521032388216 HTTP/1.1" 200 8569
186.67.164.142 - - [14/Mar/2018:10:55:50 -0300] "GET /cormun/servlet/trsolicitudot?gx-no-cache=1521032388216 HTTP/1.1" 200 8591
192.168.10.56 - - [14/Mar/2018:10:55:54 -0300] "POST /cormun/servlet/trsolicitudgral?8df37772fec24352cd17053798d6f81e,gx-no-cache=1521035492810,gx-no-cache=1521035590435 HTTP/1.1" 200 16763
186.67.203.186 - - [14/Mar/2018:10:55:59 -0300] "GET /cormun/servlet/solicitudot?INS,0,0, HTTP/1.1" 200 13662
186.67.203.186 - - [14/Mar/2018:10:56:01 -0300] "GET /cormun/servlet/solicitudot?INS,0,0, HTTP/1.1" 200 13667
