186.67.203.186 - - [14/Mar/2018:10:56:04 -0300] "GET /cormun/servlet/prfichaempleado?,MD,,gxPopupLevel%3D0%3B HTTP/1.1" 200 9375
192.168.10.56 - - [14/Mar/2018:10:56:13 -0300] "POST /cormun/servlet/trsolicitudgral?8df37772fec24352cd17053798d6f81e,gx-no-cache=1521035492810,gx-no-cache=1521035609465 HTTP/1.1" 200 16022
186.67.203.186 - - [14/Mar/2018:10:56:16 -0300] "POST /cormun/servlet/prfichaempleado?138475c3e4948f6306f3678a4b55d5a6,,MD,,gxPopupLevel%3D0%3B,gx-no-cache=1521035720802 HTTP/1.1" 200 3937
192.168.10.56 - - [14/Mar/2018:10:56:21 -0300] "POST /cormun/servlet/trsolicitudgral?8df37772fec24352cd17053798d6f81e,gx-no-cache=1521035492810,gx-no-cache=1521035616985 HTTP/1.1" 200 15656
186.67.203.186 - - [14/Mar/2018:10:56:26 -0300] "POST /cormun/servlet/solicitudot?138475c3e4948f6306f3678a4b55d5a6,INS,0,0,,gx-no-cache=1521035733930 HTTP/1.1" 200 11815
186.67.203.186 - - [14/Mar/2018:10:56:26 -0300] "GET /cormun/static/Shared/jqueryui/images/ui-bg_highlight-soft_100_c6c2c8_1x100.png HTTP/1.1" 404 1117
200.111.122.170 - - [14/Mar/2018:10:56:26 -0300] "GET /cormun/static/Shared/jqueryui/images/ui-bg_flat_55_994d53_40x100.png HTTP/1.1" 404 1097
186.103.161.206 - - [14/Mar/2018:10:56:26 -0300] "GET /cormun/static/Shared/jqueryui/images/ui-icons_ebccce_256x240.png HTTP/1.1" 404 1089
200.72.197.82 - - [14/Mar/2018:10:56:27 -0300] "GET /cormun/static/Shared/jqueryui/images/ui-icons_82798d_256x240.png HTTP/1.1" 404 1089
200.72.197.82 - - [14/Mar/2018:10:56:34 -0300] "POST /cormun/servlet/solicitudot?gx-no-cache=1521035741413 HTTP/1.1" 200 3391
200.72.197.82 - - [14/Mar/2018:10:56:37 -0300] "POST /cormun/servlet/solicitudot?138475c3e4948f6306f3678a4b55d5a6,INS,0,0,,gx-no-cache=1521035743301 HTTP/1.1" 200 11696
200.72.197.82 - - [14/Mar/2018:10:56:37 -0300] "GET /cormun/servlet/solicitudot?5be31f00978c22648500015fb968374948793aef7f4e282cbc76d9c2bc43d5c5545e30cb53e4c395171c2695562b3f43,gx-no-cache=1521035746134 HTTP/1.1" 200 30
200.72.197.82 - - [14/Mar/2018:10:56:38 -0300] "GET /cormun/servlet/solicitudot?5be31f00978c22648500015fb96837496d7d215aabd28565ced21523c472f9c01f55b239fdd7f52abf438a396a4ac1617a51a573f50719a8c9097b18cf886a45,gx-no-cache=1521035746247 HTTP/1.1" 200 30
200.72.197.82 - - [14/Mar/2018:10:56:38 -0300] "GET /cormun/servlet/solicitudot?5be31f00978c22648500015fb9683749be2c709d3bb3367a73ab79d434d9db82,gx-no-cache=1521035746405 HTTP/1.1" 200 29
200.72.197.82 - - [14/Mar/2018:10:56:38 -0300] "POST /cormun/servlet/solicitudot?gx-no-cache=1521035746511 HTTP/1.1" 200 255
200.72.197.82 - - [14/Mar/2018:10:56:38 -0300] "GET /cormun/servlet/solicitudot?5be31f00978c22648500015fb968374934e983acda0f95a1b2484cd9555c570e964ea4e99eae1fd0f4032018b994ab386a4713cad0ec936120dcfd71ad4828a254d79c5dc8fec4ecdaef0b468ea04496befd9888b644d323a73fc50dc9a6852299eb228ebf15035e2867d7edb2141aab2f901355fe6bad5b45b8d6ea1e572f2d3f98f6a230541cbab5bd3d6658612d3d9c197a254d61308760f0335b987433d20088b4b94382c61b32179397dbd8f983ba716e244d50f890ee14ff00b97185d36db89d9d6e5e6b29004ca4164f850f396684f62a39554f7380e21f77b2b68cf7b168f3fc276bc2b35e608428e7deec58867f083272e62adcc0a1c2a9b3b0a81d6444c3c972b4c8c1422bf20c63ff24ac856095c72822bfa1217c7e1b5515f2836ad8d82d4dde5771215b4fc9cb52b70f2e07e30843ffdf9db4f0d57a49ca5c9feca6461bb9e63290eb46b825af794e95ee44ced96dcb575a81a972fb9ae40dd09b7ac9c4826cc034bc72d108461dcc44ba7c06f891c9fbd064f9845b63203632,gx-no-cache=1521035746627 HTTP/1.1" 200 30
192.168.10.56 - - [14/Mar/2018:10:56:50 -0300] "POST /cormun/servlet/trsolicitudgral?8df37772fec24352cd17053798d6f81e,gx-no-cache=1521035492810,gx-no-cache=1521035646747 HTTP/1.1" 200 15349
192.168.10.56 - - [14/Mar/2018:10:56:58 -0300] "POST /cormun/servlet/trsolicitudgral?8df37772fec24352cd17053798d6f81e,gx-no-cache=1521035492810,gx-no-cache=1521035654106 HTTP/1.1" 200 14966
186.103.161.206 - - [14/Mar/2018:10:57:01 -0300] "POST /cormun/servlet/solicitudot?gx-no-cache=1521035769605 HTTP/1.1" 200 30
186.103.161.206 - - [14/Mar/2018:10:57:03 -0300] "GET /cormun/servlet/prcontratosol?14203153,,,,,MD,,gxPopupLevel%3D0%3B HTTP/1.1" 200 7737
186.103.161.206 - - [14/Mar/2018:10:57:08 -0300] "POST /cormun/servlet/solicitudot?gx-no-cache=1521035775098 HTTP/1.1" 200 1336
186.103.161.206 - - [14/Mar/2018:10:57:08 -0300] "POST /cormun/servlet/solicitudot?gx-no-cache=1521035776647 HTTP/1.1" 200 38
186.103.161.206 - - [14/Mar/2018:10:57:09 -0300] "GET /cormun/servlet/solicitudot?5be31f00978c22648500015fb96837491d5023d861b4d83afb1e05402a114ac9c55f0ff61cc69afa37f14acf450b652fb45d23f1949aafddda59c7e0162b2f576b7337d2afed790142dd21be13cf441e8602bc4e388f9795392ef34f61565c67228da9c7050b693e278b385dfa2ef5ee03a788b8d27a68e07f913ed3077380148bf82dbfca397ddc21cec04190ae0c30abb9fa5b75e55ad1d55dd7360d65850c,gx-no-cache=1521035776845 HTTP/1.1" 200 29
186.103.161.206 - - [14/Mar/2018:10:57:09 -0300] "POST /cormun/servlet/solicitudot?gx-no-cache=1521035777450 HTTP/1.1" 200 1318
186.103.161.206 - - [14/Mar/2018:10:57:10 -0300] "POST /cormun/servlet/solicitudot?gx-no-cache=1521035778050 HTTP/1.1" 200 1219
186.103.161.206 - - [14/Mar/2018:10:57:10 -0300] "GET /cormun/servlet/solicitudot?5be31f00978c22648500015fb96837496dd68d733bafdb1bd7f345eb714b17013f76b9cdd95ad54764c7dd2e7518ecca,gx-no-cache=1521035778794 HTTP/1.1" 200 30
186.103.161.206 - - [14/Mar/2018:10:57:14 -0300] "POST /cormun/servlet/solicitudot?gx-no-cache=1521035782012 HTTP/1.1" 200 33
186.103.161.206 - - [14/Mar/2018:10:57:26 -0300] "POST /cormun/servlet/solicitudot?gx-no-cache=1521035794609 HTTP/1.1" 200 1321
186.103.161.206 - - [14/Mar/2018:10:57:26 -0300] "POST /cormun/servlet/solicitudot?gx-no-cache=1521035794835 HTTP/1.1" 200 1219
186.103.161.206 - - [14/Mar/2018:10:57:26 -0300] "GET /cormun/servlet/solicitudot?5be31f00978c22648500015fb96837496dd68d733bafdb1bd7f345eb714b17013f76b9cdd95ad54764c7dd2e7518ecca,gx-no-cache=1521035795014 HTTP/1.1" 200 30
186.103.161.206 - - [14/Mar/2018:10:57:26 -0300] "POST /cormun/servlet/solicitudot?gx-no-cache=1521035795113 HTTP/1.1" 200 33
186.103.157.39 - - [14/Mar/2018:10:58:38 -0300] "GET /cormun/servlet/prbanco?,MD,,gxPopupLevel%3D0%3B HTTP/1.1" 200 6571
192.168.10.56 - - [14/Mar/2018:10:58:46 -0300] "GET /cormun/servlet/solicitudgral?UPD,2018,8654, HTTP/1.1" 200 12796
192.168.10.56 - - [14/Mar/2018:10:58:47 -0300] "GET /cormun/servlet/solicitudgral?UPD,2018,8654, HTTP/1.1" 200 12783
186.67.203.186 - - [14/Mar/2018:10:58:47 -0300] "POST /cormun/servlet/solicitudot?138475c3e4948f6306f3678a4b55d5a6,INS,0,0,,gx-no-cache=1521035874983 HTTP/1.1" 200 93
192.168.10.56 - - [14/Mar/2018:10:58:47 -0300] "POST /cormun/servlet/solicitudgral?gx-no-cache=1521035764007 HTTP/1.1" 200 3897
192.168.10.56 - - [14/Mar/2018:10:58:48 -0300] "GET /cormun/servlet/solicitudgral?d3b444fb07b9ef8aee9b4a9b9aa41d4a5ee42aa04e75c98108323441a5e9d3e6665dc9470ff2708d78a95fbf2668ccb51a50495208db59890899e9272e250a1e6bd254db7343946a0467d94a1dbce58ca419bc57eebcffbb7d60e380ebda50a09234cfd5fdd83eb76633893469ae335da5af76bc42f8f457e66ebdfdd24c28c6446d649d5805018947550f4a89aa4f8e82f1853d39e4ffc7255033bc0ce722651d52e99d7df571d1c6a8f245bf5c802e21e4271af8263af0743488866841081121f4102407e0ab8e2a0dd19731ef9ff115ce70d63e199e231c3233c66dea9f36dc6926aa4a409fd0ec1dd87711e290449f3299abe74b2468c9da46bce1f476c4e6afba4addc83c4d999dafd1e129bfcfbfee68477c3f51ccc5811e8c7b6ebd74620384f7578e8a78f5198a283e290476d629a1d6981a2e7c443f7de9743dd48cb2b3a5faacddbb7bb2f99b7187471a02,gx-no-cache=1521035764132 HTTP/1.1" 200 256
186.67.203.186 - - [14/Mar/2018:10:58:48 -0300] "GET /cormun/servlet/hpexe_return? HTTP/1.1" 200 1009
192.168.10.56 - - [14/Mar/2018:10:58:48 -0300] "GET /cormun/servlet/solicitudgral?d3b444fb07b9ef8aee9b4a9b9aa41d4a40a3197a8080bd9f35cee43c5b583a67fef03ba00a554431cc3d8c483765ea3b84e5827a8f453943abacf80960fd78938223484ac27c4705368383d272001ae7409fb2f134c60c99b31d37d61364d36d7b46ef02e92f092c6d934472bb0c4fc5327f913b7bb535b5d4177d1b87f79eaddb01bb4c2d832ca09731a0d74448275744eaa817ad5aa1db629c1e3ffbd83d9cb5333dd47310b5c910acba2ac9ad8c056dae156ce0bea99319dd377c38b3cbcec652b445033ca93febebefe53a55282a8c69d745ea01d44aa0d78b7449d1c8c0f7dafe7d314be596e2dcdeecb7ee9690cac19efe1f943a09ac68053ade6a767920fb27d206b99b395edcefc70901c4c88bfad5f1f4f342fe5708a2c7291e8cd72bbf2fb72aceb72dbc43c54e685ec849e305fdfe414b8535cc1dd143fe6c89d53d95bb8b1a5f0fe2fa3855a923a5e68f737e1bfede34126cab1cb93f99d9aa2009b13b8a48cd470d4e99a8d0d3783fd7a84f611e6f554e27f8a7be14a50fdc2bc0921cc6a017432e098afdefdc7b22ea139586460c775a16ab48daaa0308b6ad1f8d1dca64baf0d3ca35865710066c09,gx-no-cache=1521035764518 HTTP/1.1" 200 48
186.67.203.186 - - [14/Mar/2018:10:58:51 -0300] "GET /cormun/servlet/trsolicitudot? HTTP/1.1" 200 22662
186.67.203.186 - - [14/Mar/2018:10:58:52 -0300] "GET /cormun/servlet/trsolicitudot? HTTP/1.1" 200 22657
192.168.10.56 - - [14/Mar/2018:10:58:56 -0300] "POST /cormun/servlet/solicitudgral?8df37772fec24352cd17053798d6f81e,UPD,2018,8654,,gx-no-cache=1521035772765 HTTP/1.1" 200 11820
192.168.10.56 - - [14/Mar/2018:10:58:56 -0300] "GET /cormun/servlet/solicitudgral?d3b444fb07b9ef8aee9b4a9b9aa41d4adc313dba31245412499bd143deba21c1da7eb64ef97fd812f276e2f57862f295db5f309b4219c027ec8129925162fc5a13ba28bc771724345b10c5a6cd2d08c716b3c4c1ff215c515ac38b089d138edfdf18fe2b0d751120902cf61df4788281,gx-no-cache=1521035772941 HTTP/1.1" 200 29
192.168.10.56 - - [14/Mar/2018:10:58:56 -0300] "POST /cormun/servlet/solicitudgral?gx-no-cache=1521035772956 HTTP/1.1" 200 1297
192.168.10.56 - - [14/Mar/2018:10:58:56 -0300] "POST /cormun/servlet/solicitudgral?gx-no-cache=1521035772987 HTTP/1.1" 200 1219
192.168.10.56 - - [14/Mar/2018:10:58:57 -0300] "POST /cormun/servlet/solicitudgral?8df37772fec24352cd17053798d6f81e,UPD,2018,8654,,gx-no-cache=1521035773029 HTTP/1.1" 200 93
192.168.10.56 - - [14/Mar/2018:10:58:57 -0300] "GET /cormun/servlet/hpexe_return? HTTP/1.1" 200 1034
192.168.10.56 - - [14/Mar/2018:10:58:57 -0300] "GET /cormun/servlet/trsolicitudgral?gx-no-cache=1521035492810 HTTP/1.1" 200 17813
192.168.10.56 - - [14/Mar/2018:10:58:57 -0300] "GET /cormun/servlet/trsolicitudgral?gx-no-cache=1521035492810 HTTP/1.1" 200 17829
192.168.10.56 - - [14/Mar/2018:10:59:04 -0300] "POST /cormun/servlet/trsolicitudgral?8df37772fec24352cd17053798d6f81e,gx-no-cache=1521035492810,gx-no-cache=1521035780564 HTTP/1.1" 200 14510
192.168.10.56 - - [14/Mar/2018:10:59:04 -0300] "GET /cormun/static/Shared/jqueryui/images/ui-bg_highlight-soft_100_c6c2c8_1x100.png HTTP/1.1" 404 1117
192.168.10.56 - - [14/Mar/2018:10:59:04 -0300] "GET /cormun/static/Shared/jqueryui/images/ui-icons_82798d_256x240.png HTTP/1.1" 404 1089
192.168.10.56 - - [14/Mar/2018:10:59:04 -0300] "GET /cormun/static/Shared/jqueryui/images/ui-bg_flat_55_fafafa_40x100.png HTTP/1.1" 404 1097
192.168.10.56 - - [14/Mar/2018:10:59:04 -0300] "GET /cormun/static/Shared/jqueryui/images/ui-icons_8d78a5_256x240.png HTTP/1.1" 404 1089
186.103.157.39 - - [14/Mar/2018:10:59:08 -0300] "GET /cormun/servlet/solicitudot?e49d1c7fc3498ee8e3de74a2999d2d086baf20f08990c748f64d31e9b939d04df03a688f9fe0cad7e983f069d6c65623f6c7e3940911d16793f431cf5a05ac53,gx-no-cache=1521035897960 HTTP/1.1" 200 30
200.72.197.82 - - [14/Mar/2018:10:59:14 -0300] "POST /cormun/servlet/trsolicitudot?138475c3e4948f6306f3678a4b55d5a6,,gx-no-cache=1521035901518 HTTP/1.1" 200 6172
192.168.10.56 - - [14/Mar/2018:10:59:17 -0300] "GET /cormun/servlet/solicitudgral?UPD,2018,9836, HTTP/1.1" 200 12932
200.72.197.82 - - [14/Mar/2018:10:59:18 -0300] "POST /cormun/servlet/trsolicitudot?138475c3e4948f6306f3678a4b55d5a6,,gx-no-cache=1521035906136 HTTP/1.1" 200 5911
186.103.157.39 - - [14/Mar/2018:10:59:18 -0300] "GET /cormun/servlet/solicitudot?e49d1c7fc3498ee8e3de74a2999d2d08ec63e35f5c0f4db8a86bc29e7ad0a274,gx-no-cache=1521035908057 HTTP/1.1" 200 53
200.72.197.82 - - [14/Mar/2018:10:59:18 -0300] "GET /cormun/static/Shared/jqueryui/images/ui-bg_highlight-soft_100_c6c2c8_1x100.png HTTP/1.1" 404 1117
200.72.197.82 - - [14/Mar/2018:10:59:18 -0300] "GET /cormun/static/Shared/jqueryui/images/ui-bg_flat_55_fafafa_40x100.png HTTP/1.1" 404 1097
200.72.197.82 - - [14/Mar/2018:10:59:18 -0300] "GET /cormun/static/Shared/jqueryui/images/ui-icons_8d78a5_256x240.png HTTP/1.1" 404 1089
200.72.197.82 - - [14/Mar/2018:10:59:18 -0300] "GET /cormun/static/Shared/jqueryui/images/ui-icons_82798d_256x240.png HTTP/1.1" 404 1089
192.168.10.56 - - [14/Mar/2018:10:59:18 -0300] "GET /cormun/servlet/solicitudgral?UPD,2018,9836, HTTP/1.1" 200 12919
186.103.132.155 - - [14/Mar/2018:10:59:18 -0300] "POST /cormun/servlet/trsolicitudot?138475c3e4948f6306f3678a4b55d5a6,,gx-no-cache=1521035906519 HTTP/1.1" 200 5856
192.168.10.56 - - [14/Mar/2018:10:59:18 -0300] "POST /cormun/servlet/solicitudgral?gx-no-cache=1521035794935 HTTP/1.1" 200 3886
192.168.10.56 - - [14/Mar/2018:10:59:18 -0300] "GET /cormun/servlet/solicitudgral?d3b444fb07b9ef8aee9b4a9b9aa41d4a5ee42aa04e75c98108323441a5e9d3e63200f4944ec48d506cf0702ea8eef9f21a50495208db59890899e9272e250a1e6bd254db7343946a0467d94a1dbce58ca419bc57eebcffbb7d60e380ebda50a09234cfd5fdd83eb76633893469ae335da5af76bc42f8f457e66ebdfdd24c28c6446d649d5805018947550f4a89aa4f8e82f1853d39e4ffc7255033bc0ce722651d52e99d7df571d1c6a8f245bf5c802e21e4271af8263af0743488866841081121f4102407e0ab8e2a0dd19731ef9ff115ce70d63e199e231c3233c66dea9f36dc6926aa4a409fd0ec1dd87711e290449f3299abe74b2468c9da46bce1f476c4e6afba4addc83c4d999dafd1e129bfcfbfee68477c3f51ccc5811e8c7b6ebd74620384f7578e8a78f5198a283e290476d629a1d6981a2e7c443f7de9743dd48cb2b3a5faacddbb7bb2f99b7187471a02,gx-no-cache=1521035795093 HTTP/1.1" 200 255
192.168.10.56 - - [14/Mar/2018:10:59:19 -0300] "GET /cormun/servlet/solicitudgral?d3b444fb07b9ef8aee9b4a9b9aa41d4a40a3197a8080bd9f35cee43c5b583a67fef03ba00a554431cc3d8c483765ea3b84e5827a8f453943abacf80960fd78938223484ac27c4705368383d272001ae7409fb2f134c60c99b31d37d61364d36d7b46ef02e92f092c6d934472bb0c4fc5327f913b7bb535b5d4177d1b87f79eaddb01bb4c2d832ca09731a0d74448275744eaa817ad5aa1db629c1e3ffbd83d9cb5333dd47310b5c910acba2ac9ad8c056dae156ce0bea99319dd377c38b3cbcec652b445033ca93febebefe53a55282a8c69d745ea01d44aa0d78b7449d1c8c0f7dafe7d314be596e2dcdeecb7ee9690cac19efe1f943a09ac68053ade6a767920fb27d206b99b395edcefc70901c4c88bfad5f1f4f342fe5708a2c7291e8cd72bbf2fb72aceb72dbc43c54e685ec849e305fdfe414b8535cc1dd143fe6c89d53d95bb8b1a5f0fe2fa3855a923a5e68f737e1bfede34126cab1cb93f99d9aa2009b13b8a48cd470d4e99a8d0d3783fd7a84f611e6f554e27f8a7be14a50fdc2bc0921cc6a017432e098afdefdc7b22ea139586460c775a16ab48daaa0308b6ad1f8d1dca64baf0d3ca35865710066c09,gx-no-cache=1521035795734 HTTP/1.1" 200 48
186.103.132.155 - - [14/Mar/2018:10:59:19 -0300] "POST /cormun/servlet/trsolicitudot?138475c3e4948f6306f3678a4b55d5a6,,gx-no-cache=1521035907556 HTTP/1.1" 200 4696
186.103.132.155 - - [14/Mar/2018:10:59:20 -0300] "POST /cormun/servlet/trsolicitudot?138475c3e4948f6306f3678a4b55d5a6,,gx-no-cache=1521035908272 HTTP/1.1" 200 4455
192.168.10.56 - - [14/Mar/2018:10:59:32 -0300] "POST /cormun/servlet/solicitudgral?8df37772fec24352cd17053798d6f81e,UPD,2018,9836,,gx-no-cache=1521035808340 HTTP/1.1" 200 11804
192.168.10.56 - - [14/Mar/2018:10:59:32 -0300] "GET /cormun/servlet/solicitudgral?d3b444fb07b9ef8aee9b4a9b9aa41d4aed4b2e11d4443c9344506e4247e6c4ecda7eb64ef97fd812f276e2f57862f2951c22ea4a121f48d648b34e6b55d419da06c4e94ee4957cf1122f551b4dad08f915e48d1260d6fc3c28fe913bd06bfa2e5ef9ff26123cb3a85d44b76f8c381f500f5de74361fc15180010b87ce5e4b505d87d3c244710097526c37843549f114e8e57c84864be1d359ddb157cce1248e7,gx-no-cache=1521035808512 HTTP/1.1" 200 29
192.168.10.56 - - [14/Mar/2018:10:59:32 -0300] "POST /cormun/servlet/solicitudgral?gx-no-cache=1521035808528 HTTP/1.1" 200 1297
192.168.10.56 - - [14/Mar/2018:10:59:32 -0300] "POST /cormun/servlet/solicitudgral?gx-no-cache=1521035808561 HTTP/1.1" 200 1219
192.168.10.56 - - [14/Mar/2018:10:59:32 -0300] "POST /cormun/servlet/solicitudgral?8df37772fec24352cd17053798d6f81e,UPD,2018,9836,,gx-no-cache=1521035808602 HTTP/1.1" 200 93
192.168.10.56 - - [14/Mar/2018:10:59:32 -0300] "GET /cormun/servlet/hpexe_return? HTTP/1.1" 200 1033
192.168.10.56 - - [14/Mar/2018:10:59:32 -0300] "GET /cormun/servlet/trsolicitudgral?gx-no-cache=1521035492810 HTTP/1.1" 200 17363
192.168.10.56 - - [14/Mar/2018:10:59:33 -0300] "GET /cormun/servlet/trsolicitudgral?gx-no-cache=1521035492810 HTTP/1.1" 200 17379
186.103.157.39 - - [14/Mar/2018:10:59:44 -0300] "POST /cormun/servlet/solicitudot?4d25bc4f283073fa55cc9b3c2d1da80c,INS,0,0,,gx-no-cache=1521035930878 HTTP/1.1" 200 10190
186.103.157.39 - - [14/Mar/2018:10:59:44 -0300] "GET /cormun/static/Shared/jqueryui/images/ui-icons_82798d_256x240.png HTTP/1.1" 404 1089
186.103.157.39 - - [14/Mar/2018:10:59:44 -0300] "GET /cormun/static/Shared/jqueryui/images/ui-icons_8d78a5_256x240.png HTTP/1.1" 404 1089
186.103.157.39 - - [14/Mar/2018:10:59:44 -0300] "GET /cormun/static/Shared/jqueryui/images/ui-bg_flat_55_fafafa_40x100.png HTTP/1.1" 404 1097
186.103.157.39 - - [14/Mar/2018:10:59:45 -0300] "GET /cormun/servlet/solicitudot?e49d1c7fc3498ee8e3de74a2999d2d086baf20f08990c748f64d31e9b939d04df03a688f9fe0cad7e983f069d6c65623eb281a9e4719a4b2b020df33fee4f94a,gx-no-cache=1521035935747 HTTP/1.1" 200 30
186.103.157.39 - - [14/Mar/2018:10:59:46 -0300] "GET /cormun/servlet/solicitudot?e49d1c7fc3498ee8e3de74a2999d2d084016d7bbf76e6227588defb793a5275ab2ffa9f2ced8063a3fdfa720840f60e4b3780ef8ccae29bd306b1efb9c7a8af7,gx-no-cache=1521035935860 HTTP/1.1" 200 53
186.103.157.39 - - [14/Mar/2018:10:59:46 -0300] "GET /cormun/static/Shared/jqueryui/images/ui-bg_highlight-soft_100_c6c2c8_1x100.png HTTP/1.1" 404 1117
192.168.10.56 - - [14/Mar/2018:10:59:47 -0300] "POST /cormun/servlet/trsolicitudgral?8df37772fec24352cd17053798d6f81e,gx-no-cache=1521035492810,gx-no-cache=1521035823659 HTTP/1.1" 200 7266
186.103.157.39 - - [14/Mar/2018:10:59:54 -0300] "POST /cormun/servlet/solicitudot?gx-no-cache=1521035944412 HTTP/1.1" 200 297
192.168.10.56 - - [14/Mar/2018:10:59:56 -0300] "POST /cormun/servlet/trsolicitudgral?8df37772fec24352cd17053798d6f81e,gx-no-cache=1521035492810,gx-no-cache=1521035832171 HTTP/1.1" 200 7270
186.103.157.39 - - [14/Mar/2018:10:59:59 -0300] "GET /cormun/servlet/solicitudot?e49d1c7fc3498ee8e3de74a2999d2d088d73e9c2c4d028ac43fe71370bdea96639f4622c5ff95bef3f5755ad306cd6f42469839bc0680ad1a19fee3407438c02b45ee046c97d02606d3cc6669bbb590a0c233329cdb1b04e0408cdea82e8fd8dee9fd41703e5a47dbaa6c7ddcefb5d2347a6bc58e15a6ff75b3e44aa5935f10f75425e0738edfaed6074a0acc6b264e231a525911780b99ead8fa89aab0c35b3af9b9e6f20abc8a4710d66daa51da29611b06fb1fc4c85a09db3122decd78c9a9fca107f2b5fff8d9e219f562d26aa1063446387a47af353dd3c35929d2b97f93d09015d226d3b6ea796f6d026f1902c49f21c481ffda37297554d94ba0ab5188c910cd91d6528a9370bf6326a026b5055e6bd6cc02d4fac78be9dbceb7fd6d067db4c6dd2c3016086b15468cb101b8451dd99e7b39faa1db4553e2606b611a69e1dfb5bd809b42c049d1eba5336c552c58f7cb915e00a9f12dd3910b92bbfebe3377c758ec3149919d2dda45ffc779c20fab9629557ef479d47718922a05eed47fa772bf7f76f9ac36395b6cf71306d,gx-no-cache=1521035949031 HTTP/1.1" 200 30
186.103.157.39 - - [14/Mar/2018:11:00:04 -0300] "POST /cormun/servlet/solicitudot?gx-no-cache=1521035953843 HTTP/1.1" 200 30
192.168.10.56 - - [14/Mar/2018:11:00:16 -0300] "POST /cormun/servlet/trsolicitudgral?8df37772fec24352cd17053798d6f81e,gx-no-cache=1521035492810,gx-no-cache=1521035852632 HTTP/1.1" 200 14478
192.168.10.56 - - [14/Mar/2018:11:00:20 -0300] "POST /cormun/servlet/trsolicitudgral?8df37772fec24352cd17053798d6f81e,gx-no-cache=1521035492810,gx-no-cache=1521035856524 HTTP/1.1" 200 14105
192.168.10.56 - - [14/Mar/2018:11:00:20 -0300] "GET /cormun/static/Shared/jqueryui/images/ui-bg_highlight-soft_100_c6c2c8_1x100.png HTTP/1.1" 404 1117
192.168.10.56 - - [14/Mar/2018:11:00:20 -0300] "GET /cormun/static/Shared/jqueryui/images/ui-icons_82798d_256x240.png HTTP/1.1" 404 1089
192.168.10.56 - - [14/Mar/2018:11:00:20 -0300] "GET /cormun/static/Shared/jqueryui/images/ui-bg_flat_55_fafafa_40x100.png HTTP/1.1" 404 1097
192.168.10.56 - - [14/Mar/2018:11:00:20 -0300] "GET /cormun/static/Shared/jqueryui/images/ui-icons_8d78a5_256x240.png HTTP/1.1" 404 1089
186.103.157.39 - - [14/Mar/2018:11:00:29 -0300] "GET /cormun/servlet/prfichaempleado?,MD,,gxPopupLevel%3D0%3B HTTP/1.1" 200 9294
186.103.157.39 - - [14/Mar/2018:11:00:40 -0300] "POST /cormun/servlet/prfichaempleado?4d25bc4f283073fa55cc9b3c2d1da80c,,MD,,gxPopupLevel%3D0%3B,gx-no-cache=1521035990190 HTTP/1.1" 200 4103
186.103.157.39 - - [14/Mar/2018:11:00:52 -0300] "POST /cormun/servlet/solicitudot?gx-no-cache=1521036002539 HTTP/1.1" 200 1336
186.103.157.39 - - [14/Mar/2018:11:00:52 -0300] "GET /cormun/static/menuarrow.gif HTTP/1.1" 404 1015
186.103.157.39 - - [14/Mar/2018:11:01:04 -0300] "POST /cormun/servlet/solicitudot?gx-no-cache=1521036014168 HTTP/1.1" 200 118
186.103.157.39 - - [14/Mar/2018:11:01:04 -0300] "GET /cormun/static/Shared/jqueryui/images/ui-icons_ebccce_256x240.png HTTP/1.1" 404 1089
186.103.157.39 - - [14/Mar/2018:11:01:05 -0300] "GET /cormun/static/Shared/jqueryui/images/ui-bg_flat_55_994d53_40x100.png HTTP/1.1" 404 1097
186.103.157.39 - - [14/Mar/2018:11:01:38 -0300] "POST /cormun/servlet/solicitudot?gx-no-cache=1521036047833 HTTP/1.1" 200 41
192.168.10.56 - - [14/Mar/2018:11:01:45 -0300] "POST /cormun/servlet/trsolicitudgral?8df37772fec24352cd17053798d6f81e,gx-no-cache=1521035492810,gx-no-cache=1521035941963 HTTP/1.1" 200 115
192.168.10.56 - - [14/Mar/2018:11:01:45 -0300] "GET /cormun/servlet/solicitudotlog?INS,2018,8715,0,REC, HTTP/1.1" 200 6309
192.168.10.56 - - [14/Mar/2018:11:01:46 -0300] "GET /cormun/servlet/solicitudotlog?INS,2018,8715,0,REC, HTTP/1.1" 200 6286
192.168.10.56 - - [14/Mar/2018:11:01:46 -0300] "GET /cormun/servlet/solicitudotlog?d3b444fb07b9ef8aee9b4a9b9aa41d4ac5a9aa474333e43a536943934dfea23c9f3299abe74b2468c9da46bce1f476c438c6fb70a2e2c39abc5460b090be0c159528ce3ae53c1619a09c8995f7644e47f94f6d4240fc4725d8afb108415ecfa812ebce535978954d6dd33f796a866877f641a8858eaf00693e6cde134bf741e5bd4eedf5851bf9a57171ebfadc3ec1521f5e7c529085a4127d1ea9519e8e9358,gx-no-cache=1521035942914 HTTP/1.1" 200 94
192.168.10.56 - - [14/Mar/2018:11:02:03 -0300] "POST /cormun/servlet/solicitudotlog?8df37772fec24352cd17053798d6f81e,INS,2018,8715,0,REC,,gx-no-cache=1521035959291 HTTP/1.1" 200 93
192.168.10.56 - - [14/Mar/2018:11:02:03 -0300] "GET /cormun/servlet/hpexe_return? HTTP/1.1" 200 1043
192.168.10.56 - - [14/Mar/2018:11:02:03 -0300] "GET /cormun/servlet/trsolicitudgral?gx-no-cache=1521035492810 HTTP/1.1" 200 16782
192.168.10.56 - - [14/Mar/2018:11:02:04 -0300] "GET /cormun/servlet/trsolicitudgral?gx-no-cache=1521035492810 HTTP/1.1" 200 16798
192.168.10.56 - - [14/Mar/2018:11:02:13 -0300] "POST /cormun/servlet/trsolicitudgral?8df37772fec24352cd17053798d6f81e,gx-no-cache=1521035492810,gx-no-cache=1521035969407 HTTP/1.1" 200 115
192.168.10.56 - - [14/Mar/2018:11:02:13 -0300] "GET /cormun/servlet/solicitudotlog?INS,2018,8716,0,REC, HTTP/1.1" 200 6309
192.168.10.56 - - [14/Mar/2018:11:02:13 -0300] "GET /cormun/servlet/solicitudotlog?INS,2018,8716,0,REC, HTTP/1.1" 200 6286
192.168.10.56 - - [14/Mar/2018:11:02:14 -0300] "GET /cormun/servlet/solicitudotlog?d3b444fb07b9ef8aee9b4a9b9aa41d4ad231c10c6b85507546938c76b2fdcb3b9f3299abe74b2468c9da46bce1f476c438c6fb70a2e2c39abc5460b090be0c159528ce3ae53c1619a09c8995f7644e47f94f6d4240fc4725d8afb108415ecfa812ebce535978954d6dd33f796a866877f641a8858eaf00693e6cde134bf741e5bd4eedf5851bf9a57171ebfadc3ec1521f5e7c529085a4127d1ea9519e8e9358,gx-no-cache=1521035970292 HTTP/1.1" 200 94
186.79.193.8 - - [14/Mar/2018:11:02:22 -0300] "GET /cormun/servlet/hlogin HTTP/1.1" 200 1739
192.168.10.56 - - [14/Mar/2018:11:02:24 -0300] "POST /cormun/servlet/solicitudotlog?8df37772fec24352cd17053798d6f81e,INS,2018,8716,0,REC,,gx-no-cache=1521035980968 HTTP/1.1" 200 93
192.168.10.56 - - [14/Mar/2018:11:02:24 -0300] "GET /cormun/servlet/hpexe_return? HTTP/1.1" 200 1042
192.168.10.56 - - [14/Mar/2018:11:02:25 -0300] "GET /cormun/servlet/trsolicitudgral?gx-no-cache=1521035492810 HTTP/1.1" 200 16445
192.168.10.56 - - [14/Mar/2018:11:02:25 -0300] "GET /cormun/servlet/trsolicitudgral?gx-no-cache=1521035492810 HTTP/1.1" 200 16461
186.103.157.39 - - [14/Mar/2018:11:02:43 -0300] "GET /cormun/servlet/solicitudot?e49d1c7fc3498ee8e3de74a2999d2d0893cd72be4061f86a235c1efcd94861dce7396768f2ca5760e35388d0a9c343728217506754c224e1d5223e41ec220bb31272e7249aedb56b58f162fce9190fef7a5b41700dc5e8181fcbf8e69f4823e3f074af0efd131f653be70a242cd2ee9d,gx-no-cache=1521036113490 HTTP/1.1" 200 29
186.103.157.39 - - [14/Mar/2018:11:02:44 -0300] "POST /cormun/servlet/solicitudot?gx-no-cache=1521036113678 HTTP/1.1" 200 1318
186.103.157.39 - - [14/Mar/2018:11:02:47 -0300] "POST /cormun/servlet/solicitudot?gx-no-cache=1521036114313 HTTP/1.1" 200 1218
192.168.10.56 - - [14/Mar/2018:11:03:07 -0300] "GET /cormun/servlet/solicitudgral2?UPD,2018,8694, HTTP/1.1" 200 12947
192.168.10.56 - - [14/Mar/2018:11:03:08 -0300] "GET /cormun/servlet/solicitudgral2?UPD,2018,8694, HTTP/1.1" 200 12936
192.168.10.56 - - [14/Mar/2018:11:03:08 -0300] "POST /cormun/servlet/solicitudgral2?gx-no-cache=1521036024688 HTTP/1.1" 200 3900
192.168.10.56 - - [14/Mar/2018:11:03:08 -0300] "GET /cormun/servlet/solicitudgral2?d3b444fb07b9ef8aee9b4a9b9aa41d4a5ee42aa04e75c98108323441a5e9d3e63200f4944ec48d506cf0702ea8eef9f21a50495208db59890899e9272e250a1e6bd254db7343946a0467d94a1dbce58ca419bc57eebcffbb7d60e380ebda50a09234cfd5fdd83eb76633893469ae335da5af76bc42f8f457e66ebdfdd24c28c6446d649d5805018947550f4a89aa4f8e82f1853d39e4ffc7255033bc0ce722651d52e99d7df571d1c6a8f245bf5c802e21e4271af8263af0743488866841081121f4102407e0ab8e2a0dd19731ef9ff115ce70d63e199e231c3233c66dea9f36dc6926aa4a409fd0ec1dd87711e290449f3299abe74b2468c9da46bce1f476c4e6afba4addc83c4d999dafd1e129bfcfbfee68477c3f51ccc5811e8c7b6ebd74620384f7578e8a78f5198a283e290476d629a1d6981a2e7c443f7de9743dd48cb2b3a5faacddbb7bb2f99b7187471a02,gx-no-cache=1521036024815 HTTP/1.1" 200 255
192.168.10.56 - - [14/Mar/2018:11:03:08 -0300] "POST /cormun/servlet/solicitudgral2?gx-no-cache=1521036024841 HTTP/1.1" 200 1399
192.168.10.56 - - [14/Mar/2018:11:03:08 -0300] "GET /cormun/servlet/solicitudgral2?d3b444fb07b9ef8aee9b4a9b9aa41d4a823ce923808026ea81687b7124f4deca030dfc1489e9848a4548644b959c1279d47bfbc8ddf4d2c3e51f7f6a1fa7d4c4b2d0bf118177366ddd169f571402e342b94b13059407c94b934870844b5e24cbf3ea85216e35c0557b7817092268e50f,gx-no-cache=1521036024893 HTTP/1.1" 200 41
192.168.10.56 - - [14/Mar/2018:11:03:12 -0300] "POST /cormun/servlet/solicitudgral2?8df37772fec24352cd17053798d6f81e,UPD,2018,8694,,gx-no-cache=1521036028713 HTTP/1.1" 200 11881
192.168.10.56 - - [14/Mar/2018:11:03:12 -0300] "GET /cormun/servlet/solicitudgral2?d3b444fb07b9ef8aee9b4a9b9aa41d4aed4b2e11d4443c9344506e4247e6c4ecda7eb64ef97fd812f276e2f57862f2951c22ea4a121f48d648b34e6b55d419da06c4e94ee4957cf1122f551b4dad08f915e48d1260d6fc3c28fe913bd06bfa2e5ef9ff26123cb3a85d44b76f8c381f500f5de74361fc15180010b87ce5e4b505d87d3c244710097526c37843549f114e8e57c84864be1d359ddb157cce1248e7,gx-no-cache=1521036028895 HTTP/1.1" 200 29
192.168.10.56 - - [14/Mar/2018:11:03:12 -0300] "POST /cormun/servlet/solicitudgral2?gx-no-cache=1521036028910 HTTP/1.1" 200 1297
192.168.10.56 - - [14/Mar/2018:11:03:12 -0300] "POST /cormun/servlet/solicitudgral2?gx-no-cache=1521036028936 HTTP/1.1" 200 1219
192.168.10.56 - - [14/Mar/2018:11:03:12 -0300] "GET /cormun/servlet/solicitudgral2?d3b444fb07b9ef8aee9b4a9b9aa41d4a60920c57437f53e6374d7730e62f1478ddb7f1742d3778dcc8702cd60ee2a3b20aa0d893b8602cc81d3a65990591f08294e736cfd5c093e4db6ede9949c27669a22292951f3c66c1cad1f54bfec7267d171c0de5c256007eb0a1a7c50af56dcc1e87c337174fa9d5c74116b3dfe6338a,gx-no-cache=1521036028970 HTTP/1.1" 200 30
192.168.10.56 - - [14/Mar/2018:11:03:12 -0300] "POST /cormun/servlet/solicitudgral2?8df37772fec24352cd17053798d6f81e,UPD,2018,8694,,gx-no-cache=1521036028996 HTTP/1.1" 200 93
192.168.10.56 - - [14/Mar/2018:11:03:12 -0300] "GET /cormun/servlet/hpexe_return? HTTP/1.1" 200 1035
192.168.10.56 - - [14/Mar/2018:11:03:13 -0300] "GET /cormun/servlet/trsolicitudgral?gx-no-cache=1521035492810 HTTP/1.1" 200 16445
192.168.10.56 - - [14/Mar/2018:11:03:13 -0300] "GET /cormun/servlet/trsolicitudgral?gx-no-cache=1521035492810 HTTP/1.1" 200 16462
186.103.157.39 - - [14/Mar/2018:11:03:14 -0300] "GET /cormun/servlet/solicitudot?e49d1c7fc3498ee8e3de74a2999d2d08ba8a786ac5e1e54a08407826be69db63aa0ec2ce1382a05a5cf61c83a6b4bbbf,gx-no-cache=1521036144347 HTTP/1.1" 200 134
186.103.157.39 - - [14/Mar/2018:11:03:14 -0300] "POST /cormun/servlet/solicitudot?gx-no-cache=1521036144542 HTTP/1.1" 200 34
192.168.10.56 - - [14/Mar/2018:11:03:18 -0300] "POST /cormun/servlet/trsolicitudgral?8df37772fec24352cd17053798d6f81e,gx-no-cache=1521035492810,gx-no-cache=1521036034766 HTTP/1.1" 200 115
192.168.10.56 - - [14/Mar/2018:11:03:18 -0300] "GET /cormun/servlet/solicitudotlog?INS,2018,8693,0,REC, HTTP/1.1" 200 6309
192.168.10.56 - - [14/Mar/2018:11:03:19 -0300] "GET /cormun/servlet/solicitudotlog?INS,2018,8693,0,REC, HTTP/1.1" 200 6288
192.168.10.56 - - [14/Mar/2018:11:03:19 -0300] "GET /cormun/servlet/solicitudotlog?d3b444fb07b9ef8aee9b4a9b9aa41d4ae6a5c716ee228d27368516c8e7654c6a9f3299abe74b2468c9da46bce1f476c438c6fb70a2e2c39abc5460b090be0c159528ce3ae53c1619a09c8995f7644e47f94f6d4240fc4725d8afb108415ecfa812ebce535978954d6dd33f796a866877f641a8858eaf00693e6cde134bf741e5bd4eedf5851bf9a57171ebfadc3ec1521f5e7c529085a4127d1ea9519e8e9358,gx-no-cache=1521036035685 HTTP/1.1" 200 94
192.168.10.56 - - [14/Mar/2018:11:03:28 -0300] "POST /cormun/servlet/solicitudotlog?8df37772fec24352cd17053798d6f81e,INS,2018,8693,0,REC,,gx-no-cache=1521036044882 HTTP/1.1" 200 93
192.168.10.56 - - [14/Mar/2018:11:03:28 -0300] "GET /cormun/servlet/hpexe_return? HTTP/1.1" 200 1042
192.168.10.56 - - [14/Mar/2018:11:03:29 -0300] "GET /cormun/servlet/trsolicitudgral?gx-no-cache=1521035492810 HTTP/1.1" 200 16198
192.168.10.56 - - [14/Mar/2018:11:03:29 -0300] "GET /cormun/servlet/trsolicitudgral?gx-no-cache=1521035492810 HTTP/1.1" 200 16214
192.168.10.56 - - [14/Mar/2018:11:03:33 -0300] "POST /cormun/servlet/trsolicitudgral?8df37772fec24352cd17053798d6f81e,gx-no-cache=1521035492810,gx-no-cache=1521036049854 HTTP/1.1" 200 12923
192.168.10.56 - - [14/Mar/2018:11:03:34 -0300] "GET /cormun/static/Shared/jqueryui/images/ui-bg_highlight-soft_100_c6c2c8_1x100.png HTTP/1.1" 404 1117
192.168.10.56 - - [14/Mar/2018:11:03:34 -0300] "GET /cormun/static/Shared/jqueryui/images/ui-icons_82798d_256x240.png HTTP/1.1" 404 1089
192.168.10.56 - - [14/Mar/2018:11:03:34 -0300] "GET /cormun/static/Shared/jqueryui/images/ui-bg_flat_55_fafafa_40x100.png HTTP/1.1" 404 1097
192.168.10.56 - - [14/Mar/2018:11:03:34 -0300] "GET /cormun/static/Shared/jqueryui/images/ui-icons_8d78a5_256x240.png HTTP/1.1" 404 1089
192.168.10.56 - - [14/Mar/2018:11:03:47 -0300] "POST /cormun/servlet/trsolicitudgral?8df37772fec24352cd17053798d6f81e,gx-no-cache=1521035492810,gx-no-cache=1521036063803 HTTP/1.1" 200 115
192.168.10.56 - - [14/Mar/2018:11:03:47 -0300] "GET /cormun/servlet/solicitudotlog?INS,2018,8676,0,REC, HTTP/1.1" 200 6309
192.168.10.56 - - [14/Mar/2018:11:03:48 -0300] "GET /cormun/servlet/solicitudotlog?INS,2018,8676,0,REC, HTTP/1.1" 200 6288
192.168.10.56 - - [14/Mar/2018:11:03:48 -0300] "GET /cormun/servlet/solicitudotlog?d3b444fb07b9ef8aee9b4a9b9aa41d4ac8501e800eb295c95b5936202936586c9f3299abe74b2468c9da46bce1f476c438c6fb70a2e2c39abc5460b090be0c159528ce3ae53c1619a09c8995f7644e47f94f6d4240fc4725d8afb108415ecfa812ebce535978954d6dd33f796a866877f641a8858eaf00693e6cde134bf741e5bd4eedf5851bf9a57171ebfadc3ec1521f5e7c529085a4127d1ea9519e8e9358,gx-no-cache=1521036064732 HTTP/1.1" 200 94
192.168.10.56 - - [14/Mar/2018:11:03:56 -0300] "POST /cormun/servlet/solicitudotlog?8df37772fec24352cd17053798d6f81e,INS,2018,8676,0,REC,,gx-no-cache=1521036072563 HTTP/1.1" 200 93
192.168.10.56 - - [14/Mar/2018:11:03:56 -0300] "GET /cormun/servlet/hpexe_return? HTTP/1.1" 200 1042
192.168.10.56 - - [14/Mar/2018:11:03:56 -0300] "GET /cormun/servlet/trsolicitudgral?gx-no-cache=1521035492810 HTTP/1.1" 200 15650
192.168.10.56 - - [14/Mar/2018:11:03:57 -0300] "GET /cormun/servlet/trsolicitudgral?gx-no-cache=1521035492810 HTTP/1.1" 200 15667
192.168.10.56 - - [14/Mar/2018:11:04:01 -0300] "GET /cormun/servlet/solicitudgral2?UPD,2018,8675, HTTP/1.1" 200 12910
192.168.10.56 - - [14/Mar/2018:11:04:01 -0300] "GET /cormun/servlet/solicitudgral2?UPD,2018,8675, HTTP/1.1" 200 12898
192.168.10.56 - - [14/Mar/2018:11:04:01 -0300] "POST /cormun/servlet/solicitudgral2?gx-no-cache=1521036078027 HTTP/1.1" 200 3878
192.168.10.56 - - [14/Mar/2018:11:04:02 -0300] "GET /cormun/servlet/solicitudgral2?d3b444fb07b9ef8aee9b4a9b9aa41d4a5ee42aa04e75c98108323441a5e9d3e63200f4944ec48d506cf0702ea8eef9f21a50495208db59890899e9272e250a1e6bd254db7343946a0467d94a1dbce58ca419bc57eebcffbb7d60e380ebda50a09234cfd5fdd83eb76633893469ae335da5af76bc42f8f457e66ebdfdd24c28c6446d649d5805018947550f4a89aa4f8e82f1853d39e4ffc7255033bc0ce722651d52e99d7df571d1c6a8f245bf5c802e21e4271af8263af0743488866841081121f4102407e0ab8e2a0dd19731ef9ff115ce70d63e199e231c3233c66dea9f36dc6926aa4a409fd0ec1dd87711e290449f3299abe74b2468c9da46bce1f476c4e6afba4addc83c4d999dafd1e129bfcfbfee68477c3f51ccc5811e8c7b6ebd74620384f7578e8a78f5198a283e290476d629a1d6981a2e7c443f7de9743dd48cb2b3a5faacddbb7bb2f99b7187471a02,gx-no-cache=1521036078145 HTTP/1.1" 200 255
192.168.10.56 - - [14/Mar/2018:11:04:02 -0300] "POST /cormun/servlet/solicitudgral2?gx-no-cache=1521036078167 HTTP/1.1" 200 1399
192.168.10.56 - - [14/Mar/2018:11:04:02 -0300] "GET /cormun/servlet/solicitudgral2?d3b444fb07b9ef8aee9b4a9b9aa41d4a823ce923808026ea81687b7124f4deca030dfc1489e9848a4548644b959c1279d47bfbc8ddf4d2c3e51f7f6a1fa7d4c4b2d0bf118177366ddd169f571402e342b94b13059407c94b934870844b5e24cbf3ea85216e35c0557b7817092268e50f,gx-no-cache=1521036078199 HTTP/1.1" 200 41
192.168.10.56 - - [14/Mar/2018:11:04:05 -0300] "POST /cormun/servlet/solicitudgral2?8df37772fec24352cd17053798d6f81e,UPD,2018,8675,,gx-no-cache=1521036081689 HTTP/1.1" 200 11846
192.168.10.56 - - [14/Mar/2018:11:04:05 -0300] "GET /cormun/servlet/solicitudgral2?d3b444fb07b9ef8aee9b4a9b9aa41d4aed4b2e11d4443c9344506e4247e6c4ecda7eb64ef97fd812f276e2f57862f2951c22ea4a121f48d648b34e6b55d419da06c4e94ee4957cf1122f551b4dad08f915e48d1260d6fc3c28fe913bd06bfa2e5ef9ff26123cb3a85d44b76f8c381f500f5de74361fc15180010b87ce5e4b505d87d3c244710097526c37843549f114e8e57c84864be1d359ddb157cce1248e7,gx-no-cache=1521036081864 HTTP/1.1" 200 29
192.168.10.56 - - [14/Mar/2018:11:04:05 -0300] "POST /cormun/servlet/solicitudgral2?gx-no-cache=1521036081879 HTTP/1.1" 200 1297
192.168.10.56 - - [14/Mar/2018:11:04:05 -0300] "POST /cormun/servlet/solicitudgral2?gx-no-cache=1521036081905 HTTP/1.1" 200 1219
192.168.10.56 - - [14/Mar/2018:11:04:05 -0300] "GET /cormun/servlet/solicitudgral2?d3b444fb07b9ef8aee9b4a9b9aa41d4a60920c57437f53e6374d7730e62f1478ddb7f1742d3778dcc8702cd60ee2a3b20aa0d893b8602cc81d3a65990591f08294e736cfd5c093e4db6ede9949c27669a22292951f3c66c1cad1f54bfec7267d171c0de5c256007eb0a1a7c50af56dcc1e87c337174fa9d5c74116b3dfe6338a,gx-no-cache=1521036081938 HTTP/1.1" 200 30
192.168.10.56 - - [14/Mar/2018:11:04:05 -0300] "POST /cormun/servlet/solicitudgral2?8df37772fec24352cd17053798d6f81e,UPD,2018,8675,,gx-no-cache=1521036081963 HTTP/1.1" 200 93
192.168.10.56 - - [14/Mar/2018:11:04:05 -0300] "GET /cormun/servlet/hpexe_return? HTTP/1.1" 200 1035
192.168.10.56 - - [14/Mar/2018:11:04:06 -0300] "GET /cormun/servlet/trsolicitudgral?gx-no-cache=1521035492810 HTTP/1.1" 200 15651
192.168.10.56 - - [14/Mar/2018:11:04:06 -0300] "GET /cormun/servlet/trsolicitudgral?gx-no-cache=1521035492810 HTTP/1.1" 200 15667
192.168.10.56 - - [14/Mar/2018:11:04:13 -0300] "POST /cormun/servlet/trsolicitudgral?8df37772fec24352cd17053798d6f81e,gx-no-cache=1521035492810,gx-no-cache=1521036089123 HTTP/1.1" 200 12384
192.168.10.56 - - [14/Mar/2018:11:04:13 -0300] "GET /cormun/static/Shared/jqueryui/images/ui-bg_highlight-soft_100_c6c2c8_1x100.png HTTP/1.1" 404 1117
192.168.10.56 - - [14/Mar/2018:11:04:13 -0300] "GET /cormun/static/Shared/jqueryui/images/ui-icons_82798d_256x240.png HTTP/1.1" 404 1089
192.168.10.56 - - [14/Mar/2018:11:04:13 -0300] "GET /cormun/static/Shared/jqueryui/images/ui-bg_flat_55_fafafa_40x100.png HTTP/1.1" 404 1097
192.168.10.56 - - [14/Mar/2018:11:04:13 -0300] "GET /cormun/static/Shared/jqueryui/images/ui-icons_8d78a5_256x240.png HTTP/1.1" 404 1089
186.103.157.39 - - [14/Mar/2018:11:04:25 -0300] "GET /cormun/servlet/solicitudot?e49d1c7fc3498ee8e3de74a2999d2d087fa2bee1ebe7809fa16e3bbe28ac908de317d051e32a4ff34ddd66a2cb86f6c4,gx-no-cache=1521036215678 HTTP/1.1" 200 30
186.103.157.39 - - [14/Mar/2018:11:04:26 -0300] "POST /cormun/servlet/solicitudot?gx-no-cache=1521036215855 HTTP/1.1" 200 34
186.103.157.39 - - [14/Mar/2018:11:04:27 -0300] "POST /cormun/servlet/solicitudot?4d25bc4f283073fa55cc9b3c2d1da80c,INS,0,0,,gx-no-cache=1521036216016 HTTP/1.1" 200 93
186.103.157.39 - - [14/Mar/2018:11:04:27 -0300] "GET /cormun/servlet/hpexe_return? HTTP/1.1" 200 1007
186.103.157.39 - - [14/Mar/2018:11:04:27 -0300] "GET /cormun/static/gxcfg.js?2016101716175148 HTTP/1.1" 304 -
186.103.157.39 - - [14/Mar/2018:11:04:27 -0300] "GET /cormun/servlet/hhome HTTP/1.1" 200 3944
186.103.157.39 - - [14/Mar/2018:11:04:28 -0300] "GET /cormun/servlet/hhome HTTP/1.1" 200 3939
192.168.10.56 - - [14/Mar/2018:11:04:39 -0300] "POST /cormun/servlet/trsolicitudgral?8df37772fec24352cd17053798d6f81e,gx-no-cache=1521035492810,gx-no-cache=1521036115743 HTTP/1.1" 200 6159
192.168.10.56 - - [14/Mar/2018:11:04:44 -0300] "POST /cormun/servlet/trsolicitudgral?8df37772fec24352cd17053798d6f81e,gx-no-cache=1521035492810,gx-no-cache=1521036120734 HTTP/1.1" 200 9820
186.103.157.39 - - [14/Mar/2018:11:04:44 -0300] "GET /cormun/servlet/trsolicitudot? HTTP/1.1" 200 8589
186.103.157.39 - - [14/Mar/2018:11:04:46 -0300] "GET /cormun/servlet/trsolicitudot? HTTP/1.1" 200 8587
186.103.157.39 - - [14/Mar/2018:11:04:54 -0300] "POST /cormun/servlet/trsolicitudot?4d25bc4f283073fa55cc9b3c2d1da80c,,gx-no-cache=1521036244395 HTTP/1.1" 200 5898
186.103.157.39 - - [14/Mar/2018:11:04:55 -0300] "GET /cormun/static/Shared/jqueryui/images/ui-bg_highlight-soft_100_c6c2c8_1x100.png HTTP/1.1" 404 1117
186.103.157.39 - - [14/Mar/2018:11:04:55 -0300] "GET /cormun/static/Shared/jqueryui/images/ui-icons_82798d_256x240.png HTTP/1.1" 404 1089
186.103.157.39 - - [14/Mar/2018:11:04:55 -0300] "GET /cormun/static/Shared/jqueryui/images/ui-icons_8d78a5_256x240.png HTTP/1.1" 404 1089
186.103.157.39 - - [14/Mar/2018:11:04:55 -0300] "GET /cormun/static/Shared/jqueryui/images/ui-bg_flat_55_fafafa_40x100.png HTTP/1.1" 404 1097
192.168.10.56 - - [14/Mar/2018:11:04:57 -0300] "POST /cormun/servlet/trsolicitudgral?8df37772fec24352cd17053798d6f81e,gx-no-cache=1521035492810,gx-no-cache=1521036133065 HTTP/1.1" 200 9510
186.103.157.39 - - [14/Mar/2018:11:05:05 -0300] "POST /cormun/servlet/trsolicitudot?4d25bc4f283073fa55cc9b3c2d1da80c,,gx-no-cache=1521036254260 HTTP/1.1" 200 107
186.103.157.39 - - [14/Mar/2018:11:05:06 -0300] "GET /cormun/servlet/trsolicitudadjuntos?2018,10460, HTTP/1.1" 200 6043
186.103.157.39 - - [14/Mar/2018:11:05:06 -0300] "GET /cormun/static/trsolicitudadjuntos.js?20177612135632 HTTP/1.1" 206 1
186.103.157.39 - - [14/Mar/2018:11:05:07 -0300] "GET /cormun/static/trsolicitudadjuntos.js?20177612135632 HTTP/1.1" 206 15365
186.103.157.39 - - [14/Mar/2018:11:05:10 -0300] "GET /cormun/static/gxcfg.js?20177612135366 HTTP/1.1" 304 -
186.103.157.39 - - [14/Mar/2018:11:05:10 -0300] "GET /cormun/servlet/trsolicitudadjuntos?2018,10460, HTTP/1.1" 200 6044
192.168.10.56 - - [14/Mar/2018:11:05:16 -0300] "POST /cormun/servlet/trsolicitudgral?8df37772fec24352cd17053798d6f81e,gx-no-cache=1521035492810,gx-no-cache=1521036152715 HTTP/1.1" 200 9129
186.103.157.39 - - [14/Mar/2018:11:05:24 -0300] "GET /cormun/servlet/solicitudotadjuntos?INS,2018,10460,,1, HTTP/1.1" 200 5987
186.103.157.39 - - [14/Mar/2018:11:05:24 -0300] "GET /cormun/static/gxcfg.js?2017761244068 HTTP/1.1" 200 953
186.103.157.39 - - [14/Mar/2018:11:05:25 -0300] "GET /cormun/static/about:blank HTTP/1.1" 404 1011
186.103.157.39 - - [14/Mar/2018:11:05:25 -0300] "GET /cormun/static/solicitudotadjuntos.js?2017761244086 HTTP/1.1" 200 11771
186.103.157.39 - - [14/Mar/2018:11:05:26 -0300] "GET /cormun/servlet/solicitudotadjuntos?INS,2018,10460,,1, HTTP/1.1" 200 5980
186.103.157.39 - - [14/Mar/2018:11:05:26 -0300] "GET /cormun/servlet/solicitudotadjuntos?e49d1c7fc3498ee8e3de74a2999d2d08e00205c16c2967f7eb2637a7edd06ba574e9637a8d15971fe0751072aa0625fd,gx-no-cache=1521036276238 HTTP/1.1" 200 30
186.103.157.39 - - [14/Mar/2018:11:05:27 -0300] "POST /cormun/servlet/solicitudotadjuntos?4d25bc4f283073fa55cc9b3c2d1da80c,INS,2018,10460,,1,,gx-no-cache=1521036276368 HTTP/1.1" 200 3788
186.103.157.39 - - [14/Mar/2018:11:05:32 -0300] "POST /cormun/servlet/solicitudotadjuntos?gx-no-cache=1521036282467 HTTP/1.1" 200 26
192.168.10.56 - - [14/Mar/2018:11:05:50 -0300] "POST /cormun/servlet/trsolicitudgral?8df37772fec24352cd17053798d6f81e,gx-no-cache=1521035492810,gx-no-cache=1521036186586 HTTP/1.1" 200 6154
192.168.10.56 - - [14/Mar/2018:11:05:54 -0300] "POST /cormun/servlet/trsolicitudgral?8df37772fec24352cd17053798d6f81e,gx-no-cache=1521035492810,gx-no-cache=1521036190361 HTTP/1.1" 200 5923
192.168.10.56 - - [14/Mar/2018:11:06:29 -0300] "POST /cormun/servlet/trsolicitudgral?8df37772fec24352cd17053798d6f81e,gx-no-cache=1521035492810,gx-no-cache=1521036225337 HTTP/1.1" 200 11812
186.103.157.39 - - [14/Mar/2018:11:06:40 -0300] "GET /cormun/servlet/solicitudotadjuntos?e49d1c7fc3498ee8e3de74a2999d2d087b0d71683925fee25ac82934cb21a82c,gx-no-cache=1521036350411 HTTP/1.1" 200 30
186.103.157.39 - - [14/Mar/2018:11:06:40 -0300] "GET /cormun/servlet/solicitudotadjuntos?e49d1c7fc3498ee8e3de74a2999d2d087b0d71683925fee25ac82934cb21a82c,gx-no-cache=1521036350814 HTTP/1.1" 200 30
186.103.157.39 - - [14/Mar/2018:11:06:44 -0300] "POST /cormun/servlet/solicitudotadjuntos?4d25bc4f283073fa55cc9b3c2d1da80c,INS,2018,10460,,1, HTTP/1.1" 200 116
186.103.157.39 - - [14/Mar/2018:11:06:45 -0300] "GET /cormun/servlet/hpexe_return? HTTP/1.1" 200 1026
186.103.157.39 - - [14/Mar/2018:11:06:45 -0300] "GET /cormun/servlet/trsolicitudadjuntos?2018,10460, HTTP/1.1" 200 8491
186.103.157.39 - - [14/Mar/2018:11:06:46 -0300] "GET /cormun/servlet/trsolicitudadjuntos?2018,10460, HTTP/1.1" 200 8487
186.103.157.39 - - [14/Mar/2018:11:06:48 -0300] "GET /cormun/servlet/solicitudotadjuntos?INS,2018,10460,,1, HTTP/1.1" 200 5986
186.103.157.39 - - [14/Mar/2018:11:06:49 -0300] "GET /cormun/static/about:blank HTTP/1.1" 404 1011
186.103.157.39 - - [14/Mar/2018:11:06:49 -0300] "GET /cormun/servlet/solicitudotadjuntos?INS,2018,10460,,1, HTTP/1.1" 200 5979
186.103.157.39 - - [14/Mar/2018:11:06:50 -0300] "GET /cormun/servlet/solicitudotadjuntos?e49d1c7fc3498ee8e3de74a2999d2d08e00205c16c2967f7eb2637a7edd06ba574e9637a8d15971fe0751072aa0625fd,gx-no-cache=1521036360260 HTTP/1.1" 200 30
186.103.157.39 - - [14/Mar/2018:11:06:52 -0300] "POST /cormun/servlet/solicitudotadjuntos?4d25bc4f283073fa55cc9b3c2d1da80c,INS,2018,10460,,1,,gx-no-cache=1521036360812 HTTP/1.1" 200 3787
186.103.157.39 - - [14/Mar/2018:11:06:59 -0300] "POST /cormun/servlet/solicitudotadjuntos?gx-no-cache=1521036369146 HTTP/1.1" 200 26
186.103.157.39 - - [14/Mar/2018:11:07:10 -0300] "GET /cormun/servlet/solicitudotadjuntos?e49d1c7fc3498ee8e3de74a2999d2d087b0d71683925fee25ac82934cb21a82c,gx-no-cache=1521036380330 HTTP/1.1" 200 30
186.103.157.39 - - [14/Mar/2018:11:07:10 -0300] "GET /cormun/servlet/solicitudotadjuntos?e49d1c7fc3498ee8e3de74a2999d2d087b0d71683925fee25ac82934cb21a82c,gx-no-cache=1521036380414 HTTP/1.1" 200 30
192.168.10.56 - - [14/Mar/2018:11:07:37 -0300] "POST /cormun/servlet/trsolicitudgral?8df37772fec24352cd17053798d6f81e,gx-no-cache=1521035492810,gx-no-cache=1521036293714 HTTP/1.1" 200 15511
186.103.157.39 - - [14/Mar/2018:11:07:41 -0300] "POST /cormun/servlet/solicitudotadjuntos?4d25bc4f283073fa55cc9b3c2d1da80c,INS,2018,10460,,1, HTTP/1.1" 200 6668
186.103.157.39 - - [14/Mar/2018:11:09:11 -0300] "POST /cormun/servlet/solicitudotadjuntos?4d25bc4f283073fa55cc9b3c2d1da80c,INS,2018,10460,,1, HTTP/1.1" 200 6668
186.67.164.142 - - [14/Mar/2018:11:09:49 -0300] "GET /cormun/servlet/trlicencias? HTTP/1.1" 200 10042
186.67.164.142 - - [14/Mar/2018:11:09:50 -0300] "GET /cormun/servlet/trlicencias? HTTP/1.1" 200 10012
192.168.10.56 - - [14/Mar/2018:11:09:59 -0300] "POST /cormun/servlet/trsolicitudgral?8df37772fec24352cd17053798d6f81e,gx-no-cache=1521035492810,gx-no-cache=1521036435529 HTTP/1.1" 200 15194
186.103.157.39 - - [14/Mar/2018:11:10:10 -0300] "GET /cormun/servlet/trsolicitudadjuntos?2018,10460, HTTP/1.1" 200 8491
186.103.157.39 - - [14/Mar/2018:11:10:12 -0300] "GET /cormun/servlet/trsolicitudadjuntos?2018,10460, HTTP/1.1" 200 8486
186.103.157.39 - - [14/Mar/2018:11:10:18 -0300] "GET /cormun/servlet/solicitudotadjuntos?INS,2018,10460,,1, HTTP/1.1" 200 5987
186.103.157.39 - - [14/Mar/2018:11:10:18 -0300] "GET /cormun/static/about:blank HTTP/1.1" 404 1011
186.103.157.39 - - [14/Mar/2018:11:10:19 -0300] "GET /cormun/servlet/solicitudotadjuntos?INS,2018,10460,,1, HTTP/1.1" 200 5980
186.103.157.39 - - [14/Mar/2018:11:10:19 -0300] "GET /cormun/servlet/solicitudotadjuntos?e49d1c7fc3498ee8e3de74a2999d2d08e00205c16c2967f7eb2637a7edd06ba574e9637a8d15971fe0751072aa0625fd,gx-no-cache=1521036569420 HTTP/1.1" 200 30
186.103.157.39 - - [14/Mar/2018:11:10:19 -0300] "POST /cormun/servlet/solicitudotadjuntos?4d25bc4f283073fa55cc9b3c2d1da80c,INS,2018,10460,,1,,gx-no-cache=1521036569552 HTTP/1.1" 200 3788
192.168.10.56 - - [14/Mar/2018:11:10:19 -0300] "POST /cormun/servlet/trsolicitudgral?8df37772fec24352cd17053798d6f81e,gx-no-cache=1521035492810,gx-no-cache=1521036455739 HTTP/1.1" 200 14783
186.103.157.39 - - [14/Mar/2018:11:10:24 -0300] "POST /cormun/servlet/solicitudotadjuntos?gx-no-cache=1521036573705 HTTP/1.1" 200 26
186.103.157.39 - - [14/Mar/2018:11:10:37 -0300] "GET /cormun/servlet/solicitudotadjuntos?e49d1c7fc3498ee8e3de74a2999d2d087b0d71683925fee25ac82934cb21a82c,gx-no-cache=1521036587091 HTTP/1.1" 200 30
186.103.157.39 - - [14/Mar/2018:11:10:37 -0300] "GET /cormun/servlet/solicitudotadjuntos?e49d1c7fc3498ee8e3de74a2999d2d087b0d71683925fee25ac82934cb21a82c,gx-no-cache=1521036587174 HTTP/1.1" 200 30
186.103.157.39 - - [14/Mar/2018:11:10:45 -0300] "GET /cormun/servlet/trsolicitudadjuntos?2018,10460, HTTP/1.1" 200 8487
186.103.157.39 - - [14/Mar/2018:11:10:46 -0300] "GET /cormun/servlet/trsolicitudadjuntos?2018,10460, HTTP/1.1" 200 8487
192.168.10.56 - - [14/Mar/2018:11:10:48 -0300] "POST /cormun/servlet/trsolicitudgral?8df37772fec24352cd17053798d6f81e,gx-no-cache=1521035492810,gx-no-cache=1521036484409 HTTP/1.1" 200 14402
186.103.157.39 - - [14/Mar/2018:11:10:49 -0300] "GET /cormun/servlet/solicitudotadjuntos?INS,2018,10460,,1, HTTP/1.1" 200 5987
186.103.157.39 - - [14/Mar/2018:11:10:49 -0300] "GET /cormun/static/about:blank HTTP/1.1" 404 1011
186.103.157.39 - - [14/Mar/2018:11:10:50 -0300] "GET /cormun/servlet/solicitudotadjuntos?INS,2018,10460,,1, HTTP/1.1" 200 5980
186.103.157.39 - - [14/Mar/2018:11:10:50 -0300] "GET /cormun/servlet/solicitudotadjuntos?e49d1c7fc3498ee8e3de74a2999d2d08e00205c16c2967f7eb2637a7edd06ba574e9637a8d15971fe0751072aa0625fd,gx-no-cache=1521036600710 HTTP/1.1" 200 30
186.103.157.39 - - [14/Mar/2018:11:10:51 -0300] "POST /cormun/servlet/solicitudotadjuntos?4d25bc4f283073fa55cc9b3c2d1da80c,INS,2018,10460,,1,,gx-no-cache=1521036600829 HTTP/1.1" 200 3787
186.103.157.39 - - [14/Mar/2018:11:10:51 -0300] "POST /cormun/servlet/solicitudotadjuntos?4d25bc4f283073fa55cc9b3c2d1da80c,INS,2018,10460,,1, HTTP/1.1" 200 6668
186.103.157.39 - - [14/Mar/2018:11:10:57 -0300] "POST /cormun/servlet/solicitudotadjuntos?gx-no-cache=1521036607415 HTTP/1.1" 200 26
192.168.10.56 - - [14/Mar/2018:11:11:00 -0300] "POST /cormun/servlet/trsolicitudgral?8df37772fec24352cd17053798d6f81e,gx-no-cache=1521035492810,gx-no-cache=1521036496873 HTTP/1.1" 200 13949
186.103.157.39 - - [14/Mar/2018:11:11:03 -0300] "GET /cormun/servlet/solicitudotadjuntos?e49d1c7fc3498ee8e3de74a2999d2d087b0d71683925fee25ac82934cb21a82c,gx-no-cache=1521036613251 HTTP/1.1" 200 30
186.103.157.39 - - [14/Mar/2018:11:11:03 -0300] "GET /cormun/servlet/solicitudotadjuntos?e49d1c7fc3498ee8e3de74a2999d2d087b0d71683925fee25ac82934cb21a82c,gx-no-cache=1521036613323 HTTP/1.1" 200 30
186.103.157.39 - - [14/Mar/2018:11:11:04 -0300] "POST /cormun/servlet/solicitudotadjuntos?4d25bc4f283073fa55cc9b3c2d1da80c,INS,2018,10460,,1,,gx-no-cache=1521036613425 HTTP/1.1" 200 93
186.103.157.39 - - [14/Mar/2018:11:11:04 -0300] "GET /cormun/servlet/hpexe_return? HTTP/1.1" 200 1026
186.103.157.39 - - [14/Mar/2018:11:11:04 -0300] "GET /cormun/servlet/trsolicitudadjuntos?2018,10460, HTTP/1.1" 200 8658
186.103.157.39 - - [14/Mar/2018:11:11:05 -0300] "GET /cormun/servlet/trsolicitudadjuntos?2018,10460, HTTP/1.1" 200 8657
186.103.157.39 - - [14/Mar/2018:11:11:09 -0300] "GET /cormun/servlet/solicitudotadjuntos?INS,2018,10460,,1, HTTP/1.1" 200 5987
186.103.157.39 - - [14/Mar/2018:11:11:09 -0300] "GET /cormun/static/about:blank HTTP/1.1" 404 1011
186.103.157.39 - - [14/Mar/2018:11:11:10 -0300] "GET /cormun/servlet/solicitudotadjuntos?INS,2018,10460,,1, HTTP/1.1" 200 5980
186.103.157.39 - - [14/Mar/2018:11:11:10 -0300] "GET /cormun/servlet/solicitudotadjuntos?e49d1c7fc3498ee8e3de74a2999d2d08e00205c16c2967f7eb2637a7edd06ba574e9637a8d15971fe0751072aa0625fd,gx-no-cache=1521036620821 HTTP/1.1" 200 30
186.103.157.39 - - [14/Mar/2018:11:11:11 -0300] "POST /cormun/servlet/solicitudotadjuntos?4d25bc4f283073fa55cc9b3c2d1da80c,INS,2018,10460,,1,,gx-no-cache=1521036620945 HTTP/1.1" 200 3787
192.168.10.56 - - [14/Mar/2018:11:11:12 -0300] "POST /cormun/servlet/trsolicitudgral?8df37772fec24352cd17053798d6f81e,gx-no-cache=1521035492810,gx-no-cache=1521036508043 HTTP/1.1" 200 13592
192.168.10.56 - - [14/Mar/2018:11:11:18 -0300] "POST /cormun/servlet/trsolicitudgral?8df37772fec24352cd17053798d6f81e,gx-no-cache=1521035492810,gx-no-cache=1521036514794 HTTP/1.1" 200 13229
186.103.157.39 - - [14/Mar/2018:11:11:21 -0300] "POST /cormun/servlet/solicitudotadjuntos?gx-no-cache=1521036631143 HTTP/1.1" 200 26
