186.67.164.142 - - [14/Mar/2018:17:16:17 -0300] "GET /cormun/static/Shared/jqueryui/images/ui-bg_flat_55_994d53_40x100.png HTTP/1.1" 404 1097
186.67.164.142 - - [14/Mar/2018:17:16:17 -0300] "GET /cormun/static/Shared/jqueryui/images/ui-icons_ebccce_256x240.png HTTP/1.1" 404 1089
186.103.159.44 - - [14/Mar/2018:17:16:23 -0300] "GET /cormun/servlet/trsolicitudot? HTTP/1.1" 200 7367
186.67.164.142 - - [14/Mar/2018:17:16:42 -0300] "POST /cormun/servlet/solicitudot?gx-no-cache=1521058551408 HTTP/1.1" 200 3510
186.103.132.155 - - [14/Mar/2018:17:16:42 -0300] "GET /cormun/servlet/solicitudot?1c6529db5c6e80855f425b6acfc0ae49a4413ab54fd6d8108e756ee02adff4072b8374895268980d7c13c3414a999517360af8a0c8ab7c57bae1171b85102ec7,gx-no-cache=1521058550850 HTTP/1.1" 200 30
186.103.132.155 - - [14/Mar/2018:17:16:43 -0300] "GET /cormun/servlet/solicitudot?1c6529db5c6e80855f425b6acfc0ae491b071faf69b193a9e6588e10e7f96cad,gx-no-cache=1521058551205 HTTP/1.1" 200 29
186.103.132.155 - - [14/Mar/2018:17:16:43 -0300] "POST /cormun/servlet/solicitudot?gx-no-cache=1521058551503 HTTP/1.1" 200 297
186.103.132.155 - - [14/Mar/2018:17:16:43 -0300] "GET /cormun/servlet/solicitudot?1c6529db5c6e80855f425b6acfc0ae49f4311105c3f83bcfac7f36739e6c12d77a7ad83d1a0499be6b8912b9296322d2267fce2d8387762df2de06f40dd72fcc85e10301bba595d9fc51ec61a118435a7288b85ed2a1caeb681c439b254f8d4d22ca1be888805bc2ccd56d3face54b6b457294320395672809cdaa73a6a3c5e5c6c7a48a743c9f673fba18391f1213adc58472185f53c2363de62afffa365ca26b19659c2040ac0f7c02aecaad3705d150db564f61aa13a311407903563078d899dbe4510b8bc1032c5176ac9d6a773616d468db428c9300820892eb2fb8f3b6c59cc23a147520186349bbdb20c127ec99eb10d17ea0251f09876db17c90c0554b6893a99ae7ec76e50b0269d7d600988f395b0f4435e4a5c6565f919ab0159eecd4a9d142b75cc773dbf610abb86f083a3f3473788350ab51d852d7628a7fea9a96344384795858a2f2999a29cfb04e0b41690e17ebb4789d4c87be7db24122214811d896f2f6bfe5f68ca2959a75f951b12742e0bf6e192928aca1442e3a08a4c0d9187f6fb9a3b53f2d3690630206,gx-no-cache=1521058551777 HTTP/1.1" 200 30
186.103.132.155 - - [14/Mar/2018:17:16:46 -0300] "POST /cormun/servlet/solicitudot?gx-no-cache=1521058554174 HTTP/1.1" 200 30
186.103.132.155 - - [14/Mar/2018:17:16:48 -0300] "POST /cormun/servlet/solicitudot?gx-no-cache=1521058556918 HTTP/1.1" 200 1333
186.103.132.155 - - [14/Mar/2018:17:16:48 -0300] "POST /cormun/servlet/solicitudot?gx-no-cache=1521058557076 HTTP/1.1" 200 38
192.168.10.61 - - [14/Mar/2018:17:17:53 -0300] "POST /cormun/servlet/trsolicitudgral?1d24fc06c7d44b9c3146098ce84acfc9,gx-no-cache=1521051087607,gx-no-cache=1521058509536 HTTP/1.1" 200 12814
200.72.197.82 - - [14/Mar/2018:17:18:27 -0300] "GET /cormun/servlet/solicitudot?1c6529db5c6e80855f425b6acfc0ae490e7e75e991753bfd782297aef12d63344b6b047e57f7639c196b786f73dafdb901aa4a66e0428ff188cb85ec5aa358561716fbd6fc4146f091b30bb47583a14f34c6408844d1d1aa45b1f3711cacfa428918c468d08ca12b7b193a071462eeaf,gx-no-cache=1521058655387 HTTP/1.1" 200 29
200.72.197.82 - - [14/Mar/2018:17:18:27 -0300] "POST /cormun/servlet/solicitudot?gx-no-cache=1521058655549 HTTP/1.1" 200 1319
200.72.197.82 - - [14/Mar/2018:17:18:27 -0300] "POST /cormun/servlet/solicitudot?gx-no-cache=1521058655746 HTTP/1.1" 200 1215
200.72.197.82 - - [14/Mar/2018:17:18:40 -0300] "GET /cormun/static/menuarrow.gif HTTP/1.1" 404 1015
200.72.197.82 - - [14/Mar/2018:17:18:48 -0300] "GET /cormun/servlet/solicitudot?1c6529db5c6e80855f425b6acfc0ae497c88bbc07d7765e0acb19c0c3f35832f330e00ab969105f5611c4b687905ce6e,gx-no-cache=1521058676381 HTTP/1.1" 200 30
200.72.197.82 - - [14/Mar/2018:17:19:09 -0300] "POST /cormun/servlet/solicitudot?gx-no-cache=1521058697515 HTTP/1.1" 200 30
186.67.172.234 - - [14/Mar/2018:17:19:38 -0300] "GET /cormun/servlet/hlogin HTTP/1.1" 200 1722
186.67.172.234 - - [14/Mar/2018:17:19:48 -0300] "POST /cormun/servlet/hlogin?d6e2e0a7246e954741643b4bff8b5d16,gx-no-cache=1521058687283 HTTP/1.1" 200 90
186.67.172.234 - - [14/Mar/2018:17:19:48 -0300] "GET /cormun/servlet/hpexe_link HTTP/1.1" 200 950
186.67.172.234 - - [14/Mar/2018:17:19:49 -0300] "GET /cormun/servlet/hhome HTTP/1.1" 200 4226
186.67.172.234 - - [14/Mar/2018:17:19:49 -0300] "GET /cormun/servlet/hhome HTTP/1.1" 200 4222
186.67.172.234 - - [14/Mar/2018:17:19:52 -0300] "GET /cormun/servlet/trsolicitudot? HTTP/1.1" 200 7441
186.67.172.234 - - [14/Mar/2018:17:19:52 -0300] "GET /cormun/servlet/trsolicitudot? HTTP/1.1" 200 7440
186.67.172.234 - - [14/Mar/2018:17:19:56 -0300] "GET /cormun/servlet/solicitudot?INS,0,0, HTTP/1.1" 200 13663
186.67.172.234 - - [14/Mar/2018:17:19:56 -0300] "GET /cormun/servlet/solicitudot?INS,0,0, HTTP/1.1" 200 13668
186.103.132.155 - - [14/Mar/2018:17:19:57 -0300] "POST /cormun/servlet/solicitudot?ba4add046cf10a0b6bcaee3d0c6b7083,INS,0,0,,gx-no-cache=1521058745358 HTTP/1.1" 200 11749
186.103.132.155 - - [14/Mar/2018:17:19:57 -0300] "GET /cormun/static/Shared/jqueryui/images/ui-bg_highlight-soft_100_c6c2c8_1x100.png HTTP/1.1" 404 1117
186.103.161.206 - - [14/Mar/2018:17:19:57 -0300] "GET /cormun/static/Shared/jqueryui/images/ui-icons_82798d_256x240.png HTTP/1.1" 404 1089
186.103.161.206 - - [14/Mar/2018:17:19:57 -0300] "GET /cormun/static/Shared/jqueryui/images/ui-icons_8d78a5_256x240.png HTTP/1.1" 404 1089
200.72.197.82 - - [14/Mar/2018:17:19:57 -0300] "GET /cormun/static/Shared/jqueryui/images/ui-bg_flat_55_fafafa_40x100.png HTTP/1.1" 404 1097
186.103.161.206 - - [14/Mar/2018:17:20:01 -0300] "POST /cormun/servlet/solicitudot?gx-no-cache=1521058749961 HTTP/1.1" 200 3369
186.103.161.206 - - [14/Mar/2018:17:20:02 -0300] "POST /cormun/servlet/solicitudot?ba4add046cf10a0b6bcaee3d0c6b7083,INS,0,0,,gx-no-cache=1521058750265 HTTP/1.1" 200 11762
186.103.161.206 - - [14/Mar/2018:17:20:02 -0300] "GET /cormun/servlet/solicitudot?1c6529db5c6e80855f425b6acfc0ae490c50128e6653ae2be23746ac847cb050ad1408fbe2ee0b020ab0f0d943cc0765,gx-no-cache=1521058750705 HTTP/1.1" 200 30
186.103.161.206 - - [14/Mar/2018:17:20:02 -0300] "GET /cormun/servlet/solicitudot?1c6529db5c6e80855f425b6acfc0ae49a4413ab54fd6d8108e756ee02adff4072b8374895268980d7c13c3414a999517e3650dd7b9ba7a682b8147b91b30ca03,gx-no-cache=1521058750871 HTTP/1.1" 200 30
186.103.161.206 - - [14/Mar/2018:17:20:02 -0300] "GET /cormun/servlet/solicitudot?1c6529db5c6e80855f425b6acfc0ae491b071faf69b193a9e6588e10e7f96cad,gx-no-cache=1521058750966 HTTP/1.1" 200 29
186.103.161.206 - - [14/Mar/2018:17:20:02 -0300] "POST /cormun/servlet/solicitudot?gx-no-cache=1521058751051 HTTP/1.1" 200 297
186.103.161.206 - - [14/Mar/2018:17:20:03 -0300] "GET /cormun/servlet/solicitudot?1c6529db5c6e80855f425b6acfc0ae49f4311105c3f83bcfac7f36739e6c12d77a7ad83d1a0499be6b8912b9296322d2267fce2d8387762df2de06f40dd72fcc85e10301bba595d9fc51ec61a118435a7288b85ed2a1caeb681c439b254f8d4d22ca1be888805bc2ccd56d3face54b6b457294320395672809cdaa73a6a3c5e5c6c7a48a743c9f673fba18391f1213adc58472185f53c2363de62afffa365ca26b19659c2040ac0f7c02aecaad3705d150db564f61aa13a311407903563078d899dbe4510b8bc1032c5176ac9d6a773616d468db428c9300820892eb2fb8f3b6c59cc23a147520186349bbdb20c127ec99eb10d17ea0251f09876db17c90c0554b6893a99ae7ec76e50b0269d7d600988f395b0f4435e4a5c6565f919ab0159eecd4a9d142b75cc773dbf610abb86f083a3f3473788350ab51d852d7628a7fea9a96344384795858a2f2999a29cfb04e0b41690e17ebb4789d4c87be7db24122214811d896f2f6bfe5f68ca2959a75f9bea841708878f9511ddafed3b45670e3a4c0d9187f6fb9a3b53f2d3690630206,gx-no-cache=1521058751144 HTTP/1.1" 200 30
186.103.161.206 - - [14/Mar/2018:17:20:03 -0300] "POST /cormun/servlet/solicitudot?gx-no-cache=1521058751266 HTTP/1.1" 200 30
186.103.161.206 - - [14/Mar/2018:17:20:03 -0300] "POST /cormun/servlet/solicitudot?gx-no-cache=1521058751396 HTTP/1.1" 200 1334
186.103.161.206 - - [14/Mar/2018:17:20:03 -0300] "POST /cormun/servlet/solicitudot?gx-no-cache=1521058751624 HTTP/1.1" 200 41
186.103.161.206 - - [14/Mar/2018:17:20:03 -0300] "GET /cormun/servlet/solicitudot?1c6529db5c6e80855f425b6acfc0ae490e7e75e991753bfd782297aef12d63344b6b047e57f7639c196b786f73dafdb901aa4a66e0428ff188cb85ec5aa358561716fbd6fc4146f091b30bb47583a14f34c6408844d1d1aa45b1f3711cacfa428918c468d08ca12b7b193a071462eeaf,gx-no-cache=1521058751780 HTTP/1.1" 200 29
186.103.161.206 - - [14/Mar/2018:17:20:03 -0300] "POST /cormun/servlet/solicitudot?gx-no-cache=1521058751859 HTTP/1.1" 200 1319
186.103.161.206 - - [14/Mar/2018:17:20:03 -0300] "POST /cormun/servlet/solicitudot?gx-no-cache=1521058752032 HTTP/1.1" 200 1218
186.103.161.206 - - [14/Mar/2018:17:20:04 -0300] "GET /cormun/servlet/solicitudot?1c6529db5c6e80855f425b6acfc0ae497c88bbc07d7765e0acb19c0c3f35832f330e00ab969105f5611c4b687905ce6e,gx-no-cache=1521058752207 HTTP/1.1" 200 30
186.103.161.206 - - [14/Mar/2018:17:20:04 -0300] "POST /cormun/servlet/solicitudot?gx-no-cache=1521058752281 HTTP/1.1" 200 30
186.103.161.206 - - [14/Mar/2018:17:20:04 -0300] "POST /cormun/servlet/solicitudot?ba4add046cf10a0b6bcaee3d0c6b7083,INS,0,0,,gx-no-cache=1521058752435 HTTP/1.1" 200 93
186.103.161.206 - - [14/Mar/2018:17:20:04 -0300] "GET /cormun/servlet/hpexe_return? HTTP/1.1" 200 1003
186.67.172.234 - - [14/Mar/2018:17:20:04 -0300] "POST /cormun/servlet/solicitudot?gx-no-cache=1521058703229 HTTP/1.1" 200 3420
186.103.161.206 - - [14/Mar/2018:17:20:04 -0300] "GET /cormun/servlet/trsolicitudot HTTP/1.1" 200 8788
186.67.172.234 - - [14/Mar/2018:17:20:05 -0300] "POST /cormun/servlet/solicitudot?d6e2e0a7246e954741643b4bff8b5d16,INS,0,0,,gx-no-cache=1521058703416 HTTP/1.1" 200 10594
200.72.197.82 - - [14/Mar/2018:17:20:06 -0300] "GET /cormun//static/Resources/PXToolsActionView.png HTTP/1.1" 200 2995
186.103.132.155 - - [14/Mar/2018:17:20:06 -0300] "GET /cormun//static/Resources/PXToolsRemoveAllAction.png HTTP/1.1" 200 3558
186.103.161.206 - - [14/Mar/2018:17:20:06 -0300] "GET /cormun/servlet/trsolicitudot HTTP/1.1" 200 8785
186.67.172.234 - - [14/Mar/2018:17:20:25 -0300] "GET /cormun/servlet/solicitudot?8cabea280d29067898f6b44c736ed0dbaa3a9bcae0576687094235275c0a1faac6708e3dfa4f7cca4518e314efe7c63b,gx-no-cache=1521058724245 HTTP/1.1" 200 30
186.67.172.234 - - [14/Mar/2018:17:20:25 -0300] "GET /cormun/servlet/solicitudot?8cabea280d29067898f6b44c736ed0db1afa312dee3db3282beb7b399f1fde4dac61c63c74301b1e680e3909a72ccbaa9df0730eef52ad2dbd4c1a2e789449e2,gx-no-cache=1521058724358 HTTP/1.1" 200 30
186.67.172.234 - - [14/Mar/2018:17:20:25 -0300] "GET /cormun/servlet/solicitudot?8cabea280d29067898f6b44c736ed0db7b75e46e70b8107bd9170b89d799e519,gx-no-cache=1521058724385 HTTP/1.1" 200 53
186.67.172.234 - - [14/Mar/2018:17:20:25 -0300] "POST /cormun/servlet/solicitudot?gx-no-cache=1521058724409 HTTP/1.1" 200 297
186.67.172.234 - - [14/Mar/2018:17:20:25 -0300] "GET /cormun/servlet/solicitudot?8cabea280d29067898f6b44c736ed0dbcbd2038c1351ff5f374fc216234372243802e7d03ed5beada20bd0800f9b5d95a99196461a648b02dfe0753db603ad03b4d0be4a2e2d7fa6d62f18427102d731714383f6039f8c9a2219e3643d31173084ed4cde0a9a5e086b088d789fa8ea5b3dd01819beb6f539a35aef18e4ec1b4c7f8bde13b5b9e50a4f0dc2d5e8e8fe574aa8ccb2884c627ebc9ecd1c365c0b635595a48e50971a111d7bffbfc7f427bd02f9332e25bccaab480ac7517b25a2660f0a4f3bd0b4c82dd08003bf6b5c295caf4af1ee3d09b2ed34da70adf090effd575a9c7055ec4f64250bda108718cacd03f1dc997f115de0699bdd34936505db200d1c20fc5013258a9cb4f83d02958474a6bf876003fc1ae12071e0a5bc09573b127710baf23b225922d7986faf068baefc6f7db3e654f1c40b9c89a364bcca38b4b6a99d6f3108c2b8b56514f56364172e4192a4c6de31a67c69a59e2dbbe2e02eaea28f9dc27ecfe8341ea5bab2016b97f422c3d0b4d9b17bc5974a934e60abff255d96338fc3341a7c7e8bf10a01,gx-no-cache=1521058724443 HTTP/1.1" 200 30
186.67.172.234 - - [14/Mar/2018:17:20:25 -0300] "POST /cormun/servlet/solicitudot?gx-no-cache=1521058724468 HTTP/1.1" 200 30
186.67.172.234 - - [14/Mar/2018:17:20:26 -0300] "POST /cormun/servlet/solicitudot?gx-no-cache=1521058724512 HTTP/1.1" 200 1336
186.67.172.234 - - [14/Mar/2018:17:20:26 -0300] "POST /cormun/servlet/solicitudot?gx-no-cache=1521058724599 HTTP/1.1" 200 38
186.67.172.234 - - [14/Mar/2018:17:20:26 -0300] "GET /cormun/servlet/solicitudot?8cabea280d29067898f6b44c736ed0db06f0ba6665d6d0881cc56a07a7ad1243ecd915c6f25b5c0ae94dd75135ca3703fe35f115a782f858eafe615e75c9011b4069724e4587c07a1a25ac0c99e10595a8f2a576d1b9e6913285264e572327e3b562359b3d2861e0809e7bcb10e60a19,gx-no-cache=1521058724636 HTTP/1.1" 200 29
186.67.172.234 - - [14/Mar/2018:17:20:26 -0300] "POST /cormun/servlet/solicitudot?gx-no-cache=1521058724673 HTTP/1.1" 200 1318
186.67.172.234 - - [14/Mar/2018:17:20:26 -0300] "POST /cormun/servlet/solicitudot?gx-no-cache=1521058724736 HTTP/1.1" 200 1215
200.111.122.170 - - [14/Mar/2018:17:20:29 -0300] "POST /cormun/servlet/trsolicitudot?ba4add046cf10a0b6bcaee3d0c6b7083,gx-no-cache=1521058776660 HTTP/1.1" 200 6069
200.111.122.170 - - [14/Mar/2018:17:20:29 -0300] "GET /cormun/static/Shared/jqueryui/images/ui-bg_highlight-soft_100_c6c2c8_1x100.png HTTP/1.1" 404 1117
200.111.122.170 - - [14/Mar/2018:17:20:29 -0300] "GET /cormun/static/Shared/jqueryui/images/ui-bg_flat_55_fafafa_40x100.png HTTP/1.1" 404 1097
200.72.197.82 - - [14/Mar/2018:17:20:29 -0300] "GET /cormun/static/Shared/jqueryui/images/ui-icons_82798d_256x240.png HTTP/1.1" 404 1089
190.151.100.218 - - [14/Mar/2018:17:20:29 -0300] "GET /cormun/static/Shared/jqueryui/images/ui-icons_8d78a5_256x240.png HTTP/1.1" 404 1089
190.151.100.218 - - [14/Mar/2018:17:20:34 -0300] "POST /cormun/servlet/trsolicitudot?ba4add046cf10a0b6bcaee3d0c6b7083,gx-no-cache=1521058782954 HTTP/1.1" 200 107
190.151.100.218 - - [14/Mar/2018:17:20:35 -0300] "GET /cormun/servlet/trsolicitudadjuntos?2018,10491, HTTP/1.1" 200 6294
190.151.100.218 - - [14/Mar/2018:17:20:35 -0300] "GET /cormun/static/gxcfg.js?20177612135366 HTTP/1.1" 200 953
190.151.100.218 - - [14/Mar/2018:17:20:35 -0300] "GET /cormun/static/trsolicitudadjuntos.js?20177612135632 HTTP/1.1" 200 17922
190.151.100.218 - - [14/Mar/2018:17:20:36 -0300] "GET /cormun/servlet/trsolicitudadjuntos?2018,10491, HTTP/1.1" 200 6293
186.103.161.206 - - [14/Mar/2018:17:20:56 -0300] "GET /cormun/servlet/solicitudotadjuntos?INS,2018,10491,,1, HTTP/1.1" 200 6241
186.103.161.206 - - [14/Mar/2018:17:20:57 -0300] "GET /cormun/static/gxcfg.js?2017761244068 HTTP/1.1" 200 953
186.67.203.186 - - [14/Mar/2018:17:20:57 -0300] "GET /cormun/static/solicitudotadjuntos.js?2017761244086 HTTP/1.1" 200 11771
186.67.203.186 - - [14/Mar/2018:17:20:57 -0300] "GET /cormun/static/about:blank HTTP/1.1" 404 1011
186.103.161.206 - - [14/Mar/2018:17:20:58 -0300] "GET /cormun/servlet/solicitudotadjuntos?INS,2018,10491,,1, HTTP/1.1" 200 6235
186.103.161.206 - - [14/Mar/2018:17:20:58 -0300] "GET /cormun/servlet/solicitudotadjuntos?1c6529db5c6e80855f425b6acfc0ae49b6f72d3bfbb21f9fe7ffb4e507554a6d52ee3225dc6cbda982b4842c511810f8,gx-no-cache=1521058806721 HTTP/1.1" 200 30
186.103.161.206 - - [14/Mar/2018:17:20:58 -0300] "POST /cormun/servlet/solicitudotadjuntos?ba4add046cf10a0b6bcaee3d0c6b7083,INS,2018,10491,,1,,gx-no-cache=1521058806841 HTTP/1.1" 200 3984
192.168.10.56 - - [14/Mar/2018:17:21:09 -0300] "POST /cormun/servlet/trsolicitudgral?d62848e8e5f84837f9d9c4eb3b2c2167,gx-no-cache=1521057926233,gx-no-cache=1521058704942 HTTP/1.1" 200 9454
186.103.161.206 - - [14/Mar/2018:17:21:11 -0300] "POST /cormun/servlet/solicitudotadjuntos?gx-no-cache=1521058819285 HTTP/1.1" 200 26
186.67.172.234 - - [14/Mar/2018:17:21:13 -0300] "POST /cormun/servlet/solicitudot?d6e2e0a7246e954741643b4bff8b5d16,INS,0,0,,gx-no-cache=1521058771460 HTTP/1.1" 200 93
186.67.172.234 - - [14/Mar/2018:17:21:13 -0300] "GET /cormun/servlet/hpexe_return? HTTP/1.1" 200 1004
186.67.172.234 - - [14/Mar/2018:17:21:13 -0300] "GET /cormun/servlet/trsolicitudot HTTP/1.1" 200 7444
186.67.172.234 - - [14/Mar/2018:17:21:13 -0300] "GET /cormun/servlet/trsolicitudot HTTP/1.1" 200 7440
192.168.10.56 - - [14/Mar/2018:17:21:20 -0300] "POST /cormun/servlet/trsolicitudgral?d62848e8e5f84837f9d9c4eb3b2c2167,gx-no-cache=1521057926233,gx-no-cache=1521058716276 HTTP/1.1" 200 8533
186.67.172.234 - - [14/Mar/2018:17:21:26 -0300] "GET /cormun/servlet/trautorizarsolicitud? HTTP/1.1" 200 8710
186.67.172.234 - - [14/Mar/2018:17:21:27 -0300] "GET /cormun/servlet/trautorizarsolicitud? HTTP/1.1" 200 8710
186.67.203.186 - - [14/Mar/2018:17:21:46 -0300] "GET /cormun/servlet/solicitudotadjuntos?1c6529db5c6e80855f425b6acfc0ae494de02ce0085549abf35ce3c0239699fa,gx-no-cache=1521058854946 HTTP/1.1" 200 30
186.67.203.186 - - [14/Mar/2018:17:21:46 -0300] "GET /cormun/servlet/solicitudotadjuntos?1c6529db5c6e80855f425b6acfc0ae494de02ce0085549abf35ce3c0239699fa,gx-no-cache=1521058855067 HTTP/1.1" 200 30
186.67.203.186 - - [14/Mar/2018:17:21:47 -0300] "POST /cormun/servlet/solicitudotadjuntos?ba4add046cf10a0b6bcaee3d0c6b7083,INS,2018,10491,,1, HTTP/1.1" 200 116
186.67.203.186 - - [14/Mar/2018:17:21:47 -0300] "GET /cormun/servlet/hpexe_return? HTTP/1.1" 200 1023
186.67.203.186 - - [14/Mar/2018:17:21:48 -0300] "GET /cormun/servlet/trsolicitudadjuntos?2018,10491, HTTP/1.1" 200 8761
186.67.203.186 - - [14/Mar/2018:17:21:49 -0300] "GET /cormun/servlet/trsolicitudadjuntos?2018,10491, HTTP/1.1" 200 8754
186.67.203.186 - - [14/Mar/2018:17:21:51 -0300] "GET /cormun/servlet/solicitudotadjuntos?INS,2018,10491,,1, HTTP/1.1" 200 6241
186.67.203.186 - - [14/Mar/2018:17:21:52 -0300] "GET /cormun/static/about:blank HTTP/1.1" 404 1011
186.67.203.186 - - [14/Mar/2018:17:21:52 -0300] "GET /cormun/servlet/solicitudotadjuntos?INS,2018,10491,,1, HTTP/1.1" 200 6234
186.67.203.186 - - [14/Mar/2018:17:21:53 -0300] "GET /cormun/servlet/solicitudotadjuntos?1c6529db5c6e80855f425b6acfc0ae49b6f72d3bfbb21f9fe7ffb4e507554a6d52ee3225dc6cbda982b4842c511810f8,gx-no-cache=1521058861642 HTTP/1.1" 200 30
186.67.203.186 - - [14/Mar/2018:17:21:53 -0300] "POST /cormun/servlet/solicitudotadjuntos?ba4add046cf10a0b6bcaee3d0c6b7083,INS,2018,10491,,1,,gx-no-cache=1521058861716 HTTP/1.1" 200 3985
186.67.203.186 - - [14/Mar/2018:17:21:56 -0300] "POST /cormun/servlet/solicitudotadjuntos?gx-no-cache=1521058864961 HTTP/1.1" 200 26
192.168.10.56 - - [14/Mar/2018:17:21:58 -0300] "GET /cormun/servlet/hlogin HTTP/1.1" 200 1755
192.168.10.56 - - [14/Mar/2018:17:22:02 -0300] "POST /cormun/servlet/hlogin?d62848e8e5f84837f9d9c4eb3b2c2167,gx-no-cache=1521058758491 HTTP/1.1" 200 90
192.168.10.56 - - [14/Mar/2018:17:22:02 -0300] "GET /cormun/servlet/hpexe_link HTTP/1.1" 200 949
192.168.10.56 - - [14/Mar/2018:17:22:02 -0300] "GET /cormun/servlet/hhome HTTP/1.1" 200 3829
192.168.10.56 - - [14/Mar/2018:17:22:02 -0300] "GET /cormun/servlet/hhome HTTP/1.1" 200 3826
186.67.203.186 - - [14/Mar/2018:17:22:07 -0300] "GET /cormun/servlet/solicitudotadjuntos?1c6529db5c6e80855f425b6acfc0ae494de02ce0085549abf35ce3c0239699fa,gx-no-cache=1521058875159 HTTP/1.1" 200 30
192.168.10.56 - - [14/Mar/2018:17:22:07 -0300] "GET /cormun/servlet/trautorizarot? HTTP/1.1" 200 16980
186.67.203.186 - - [14/Mar/2018:17:22:07 -0300] "GET /cormun/servlet/solicitudotadjuntos?1c6529db5c6e80855f425b6acfc0ae494de02ce0085549abf35ce3c0239699fa,gx-no-cache=1521058875256 HTTP/1.1" 200 30
192.168.10.56 - - [14/Mar/2018:17:22:07 -0300] "GET /cormun/servlet/trautorizarot? HTTP/1.1" 200 16977
192.168.10.56 - - [14/Mar/2018:17:22:09 -0300] "GET /cormun/static/menuarrow.gif HTTP/1.1" 404 1015
186.67.203.186 - - [14/Mar/2018:17:22:09 -0300] "POST /cormun/servlet/solicitudotadjuntos?ba4add046cf10a0b6bcaee3d0c6b7083,INS,2018,10491,,1, HTTP/1.1" 200 116
186.67.203.186 - - [14/Mar/2018:17:22:10 -0300] "GET /cormun/servlet/hpexe_return? HTTP/1.1" 200 1023
186.67.203.186 - - [14/Mar/2018:17:22:10 -0300] "GET /cormun/servlet/trsolicitudadjuntos?2018,10491, HTTP/1.1" 200 9005
186.67.203.186 - - [14/Mar/2018:17:22:11 -0300] "GET /cormun/servlet/trsolicitudadjuntos?2018,10491, HTTP/1.1" 200 9004
186.67.203.186 - - [14/Mar/2018:17:22:15 -0300] "GET /cormun/servlet/solicitudotadjuntos?INS,2018,10491,,1, HTTP/1.1" 200 6241
186.67.203.186 - - [14/Mar/2018:17:22:16 -0300] "GET /cormun/static/about:blank HTTP/1.1" 404 1011
186.67.203.186 - - [14/Mar/2018:17:22:16 -0300] "GET /cormun/servlet/solicitudotadjuntos?INS,2018,10491,,1, HTTP/1.1" 200 6234
186.67.203.186 - - [14/Mar/2018:17:22:16 -0300] "GET /cormun/servlet/solicitudotadjuntos?1c6529db5c6e80855f425b6acfc0ae49b6f72d3bfbb21f9fe7ffb4e507554a6d52ee3225dc6cbda982b4842c511810f8,gx-no-cache=1521058885141 HTTP/1.1" 200 30
192.168.10.56 - - [14/Mar/2018:17:22:17 -0300] "POST /cormun/servlet/trautorizarot?d62848e8e5f84837f9d9c4eb3b2c2167,,gx-no-cache=1521058772890 HTTP/1.1" 200 10985
186.67.203.186 - - [14/Mar/2018:17:22:18 -0300] "POST /cormun/servlet/solicitudotadjuntos?ba4add046cf10a0b6bcaee3d0c6b7083,INS,2018,10491,,1,,gx-no-cache=1521058885288 HTTP/1.1" 200 3985
186.67.203.186 - - [14/Mar/2018:17:22:22 -0300] "POST /cormun/servlet/solicitudotadjuntos?gx-no-cache=1521058890283 HTTP/1.1" 200 26
192.168.10.56 - - [14/Mar/2018:17:22:28 -0300] "POST /cormun/servlet/trautorizarot?d62848e8e5f84837f9d9c4eb3b2c2167,,gx-no-cache=1521058784962 HTTP/1.1" 200 116
192.168.10.56 - - [14/Mar/2018:17:22:29 -0300] "GET /cormun/servlet/solicitudotlog?INS,2018,10394,0,REC, HTTP/1.1" 200 5646
192.168.10.56 - - [14/Mar/2018:17:22:29 -0300] "GET /cormun/servlet/solicitudotlog?INS,2018,10394,0,REC, HTTP/1.1" 200 5647
192.168.10.56 - - [14/Mar/2018:17:22:29 -0300] "GET /cormun/servlet/solicitudotlog?8ce57ed698ce7c4875887a5ea377d8bccbb9d3344a974a2d98aa7c4b69186466421745f09368993d3592703ce278ee1de9948c1ded24c8822af888c787267cd4986740f54e4602a3d4882e1b49a114fe02f7b0681ac072800c13ab4f36d11dcf14a41d2bad4d117beadbd973483b8d9f697d5776d2e5060e845e3e1277c2da2a574af5ff743d65dcfc8ab577a41c92982112236e695478691933cbf5ea3c4c61,gx-no-cache=1521058785811 HTTP/1.1" 200 94
186.67.203.186 - - [14/Mar/2018:17:22:29 -0300] "GET /cormun/servlet/solicitudotadjuntos?1c6529db5c6e80855f425b6acfc0ae494de02ce0085549abf35ce3c0239699fa,gx-no-cache=1521058897981 HTTP/1.1" 200 30
186.67.203.186 - - [14/Mar/2018:17:22:29 -0300] "GET /cormun/servlet/solicitudotadjuntos?1c6529db5c6e80855f425b6acfc0ae494de02ce0085549abf35ce3c0239699fa,gx-no-cache=1521058898029 HTTP/1.1" 200 30
186.67.203.186 - - [14/Mar/2018:17:22:30 -0300] "POST /cormun/servlet/solicitudotadjuntos?ba4add046cf10a0b6bcaee3d0c6b7083,INS,2018,10491,,1, HTTP/1.1" 200 116
186.67.203.186 - - [14/Mar/2018:17:22:31 -0300] "GET /cormun/servlet/hpexe_return? HTTP/1.1" 200 1023
186.67.203.186 - - [14/Mar/2018:17:22:31 -0300] "GET /cormun/servlet/trsolicitudadjuntos?2018,10491, HTTP/1.1" 200 9184
186.67.203.186 - - [14/Mar/2018:17:22:32 -0300] "GET /cormun/servlet/trsolicitudadjuntos?2018,10491, HTTP/1.1" 200 9183
186.67.203.186 - - [14/Mar/2018:17:22:36 -0300] "GET /cormun/servlet/solicitudotadjuntos?INS,2018,10491,,1, HTTP/1.1" 200 6241
186.67.203.186 - - [14/Mar/2018:17:22:36 -0300] "GET /cormun/static/about:blank HTTP/1.1" 404 1011
186.67.203.186 - - [14/Mar/2018:17:22:37 -0300] "GET /cormun/servlet/solicitudotadjuntos?INS,2018,10491,,1, HTTP/1.1" 200 6234
186.67.203.186 - - [14/Mar/2018:17:22:38 -0300] "GET /cormun/servlet/solicitudotadjuntos?1c6529db5c6e80855f425b6acfc0ae49b6f72d3bfbb21f9fe7ffb4e507554a6d52ee3225dc6cbda982b4842c511810f8,gx-no-cache=1521058906237 HTTP/1.1" 200 30
186.67.203.186 - - [14/Mar/2018:17:22:38 -0300] "POST /cormun/servlet/solicitudotadjuntos?ba4add046cf10a0b6bcaee3d0c6b7083,INS,2018,10491,,1,,gx-no-cache=1521058906318 HTTP/1.1" 200 3985
186.67.203.186 - - [14/Mar/2018:17:22:43 -0300] "POST /cormun/servlet/solicitudotadjuntos?gx-no-cache=1521058911657 HTTP/1.1" 200 26
192.168.10.56 - - [14/Mar/2018:17:22:46 -0300] "POST /cormun/servlet/solicitudotlog?d62848e8e5f84837f9d9c4eb3b2c2167,INS,2018,10394,0,REC,,gx-no-cache=1521058802240 HTTP/1.1" 200 93
192.168.10.56 - - [14/Mar/2018:17:22:46 -0300] "GET /cormun/servlet/hpexe_return? HTTP/1.1" 200 1025
192.168.10.56 - - [14/Mar/2018:17:22:46 -0300] "GET /cormun/servlet/trautorizarot? HTTP/1.1" 200 13678
192.168.10.56 - - [14/Mar/2018:17:22:47 -0300] "GET /cormun/servlet/trautorizarot? HTTP/1.1" 200 13673
186.67.203.186 - - [14/Mar/2018:17:22:50 -0300] "GET /cormun/servlet/solicitudotadjuntos?1c6529db5c6e80855f425b6acfc0ae494de02ce0085549abf35ce3c0239699fa,gx-no-cache=1521058918860 HTTP/1.1" 200 30
186.67.203.186 - - [14/Mar/2018:17:22:50 -0300] "GET /cormun/servlet/solicitudotadjuntos?1c6529db5c6e80855f425b6acfc0ae494de02ce0085549abf35ce3c0239699fa,gx-no-cache=1521058918896 HTTP/1.1" 200 30
186.67.203.186 - - [14/Mar/2018:17:22:52 -0300] "POST /cormun/servlet/solicitudotadjuntos?ba4add046cf10a0b6bcaee3d0c6b7083,INS,2018,10491,,1, HTTP/1.1" 200 116
186.67.203.186 - - [14/Mar/2018:17:22:52 -0300] "GET /cormun/servlet/hpexe_return? HTTP/1.1" 200 1023
186.67.203.186 - - [14/Mar/2018:17:22:53 -0300] "GET /cormun/servlet/trsolicitudadjuntos?2018,10491, HTTP/1.1" 200 9429
186.67.203.186 - - [14/Mar/2018:17:22:54 -0300] "GET /cormun/servlet/trsolicitudadjuntos?2018,10491, HTTP/1.1" 200 9426
190.151.100.218 - - [14/Mar/2018:17:22:58 -0300] "GET /cormun/servlet/solicitudotadjuntos?INS,2018,10491,,1, HTTP/1.1" 200 6243
190.151.100.218 - - [14/Mar/2018:17:22:58 -0300] "GET /cormun/static/about:blank HTTP/1.1" 404 1011
190.151.100.218 - - [14/Mar/2018:17:22:59 -0300] "GET /cormun/servlet/solicitudotadjuntos?INS,2018,10491,,1, HTTP/1.1" 200 6236
190.151.100.218 - - [14/Mar/2018:17:23:00 -0300] "GET /cormun/servlet/solicitudotadjuntos?1c6529db5c6e80855f425b6acfc0ae49b6f72d3bfbb21f9fe7ffb4e507554a6d52ee3225dc6cbda982b4842c511810f8,gx-no-cache=1521058928424 HTTP/1.1" 200 30
190.151.100.218 - - [14/Mar/2018:17:23:00 -0300] "POST /cormun/servlet/solicitudotadjuntos?ba4add046cf10a0b6bcaee3d0c6b7083,INS,2018,10491,,1,,gx-no-cache=1521058928753 HTTP/1.1" 200 3986
192.168.10.56 - - [14/Mar/2018:17:23:01 -0300] "POST /cormun/servlet/trautorizarot?d62848e8e5f84837f9d9c4eb3b2c2167,,gx-no-cache=1521058817739 HTTP/1.1" 200 5336
190.151.100.218 - - [14/Mar/2018:17:23:06 -0300] "POST /cormun/servlet/solicitudotadjuntos?gx-no-cache=1521058934086 HTTP/1.1" 200 26
192.168.10.56 - - [14/Mar/2018:17:23:06 -0300] "POST /cormun/servlet/trautorizarot?d62848e8e5f84837f9d9c4eb3b2c2167,,gx-no-cache=1521058821948 HTTP/1.1" 200 13821
192.168.10.56 - - [14/Mar/2018:17:23:12 -0300] "POST /cormun/servlet/trautorizarot?d62848e8e5f84837f9d9c4eb3b2c2167,,gx-no-cache=1521058828038 HTTP/1.1" 200 5345
192.168.10.56 - - [14/Mar/2018:17:23:16 -0300] "POST /cormun/servlet/trautorizarot?d62848e8e5f84837f9d9c4eb3b2c2167,,gx-no-cache=1521058832291 HTTP/1.1" 200 5172
190.151.100.218 - - [14/Mar/2018:17:23:18 -0300] "GET /cormun/servlet/solicitudotadjuntos?1c6529db5c6e80855f425b6acfc0ae494de02ce0085549abf35ce3c0239699fa,gx-no-cache=1521058946693 HTTP/1.1" 200 30
190.151.100.218 - - [14/Mar/2018:17:23:18 -0300] "GET /cormun/servlet/solicitudotadjuntos?1c6529db5c6e80855f425b6acfc0ae494de02ce0085549abf35ce3c0239699fa,gx-no-cache=1521058946991 HTTP/1.1" 200 30
190.151.100.218 - - [14/Mar/2018:17:23:20 -0300] "POST /cormun/servlet/solicitudotadjuntos?ba4add046cf10a0b6bcaee3d0c6b7083,INS,2018,10491,,1, HTTP/1.1" 200 116
190.151.100.218 - - [14/Mar/2018:17:23:20 -0300] "GET /cormun/servlet/hpexe_return? HTTP/1.1" 200 1023
190.151.100.218 - - [14/Mar/2018:17:23:21 -0300] "GET /cormun/servlet/trsolicitudadjuntos?2018,10491, HTTP/1.1" 200 9641
192.168.10.56 - - [14/Mar/2018:17:23:21 -0300] "GET /cormun/servlet/hlogin HTTP/1.1" 200 1736
190.151.100.218 - - [14/Mar/2018:17:23:22 -0300] "GET /cormun/servlet/trsolicitudadjuntos?2018,10491, HTTP/1.1" 200 9641
192.168.10.56 - - [14/Mar/2018:17:23:25 -0300] "POST /cormun/servlet/hlogin?d62848e8e5f84837f9d9c4eb3b2c2167,gx-no-cache=1521058841236 HTTP/1.1" 200 90
192.168.10.56 - - [14/Mar/2018:17:23:25 -0300] "GET /cormun/servlet/hpexe_link HTTP/1.1" 200 949
192.168.10.56 - - [14/Mar/2018:17:23:25 -0300] "GET /cormun/servlet/hhome HTTP/1.1" 200 4481
192.168.10.56 - - [14/Mar/2018:17:23:25 -0300] "GET /cormun/servlet/hhome HTTP/1.1" 200 4479
190.151.100.218 - - [14/Mar/2018:17:23:26 -0300] "GET /cormun/servlet/solicitudotadjuntos?INS,2018,10491,,1, HTTP/1.1" 200 6243
190.151.100.218 - - [14/Mar/2018:17:23:26 -0300] "GET /cormun/static/about:blank HTTP/1.1" 404 1011
190.151.100.218 - - [14/Mar/2018:17:23:27 -0300] "GET /cormun/servlet/solicitudotadjuntos?INS,2018,10491,,1, HTTP/1.1" 200 6236
186.103.161.206 - - [14/Mar/2018:17:23:27 -0300] "GET /cormun/servlet/solicitudotadjuntos?1c6529db5c6e80855f425b6acfc0ae49b6f72d3bfbb21f9fe7ffb4e507554a6d52ee3225dc6cbda982b4842c511810f8,gx-no-cache=1521058955896 HTTP/1.1" 200 30
190.151.100.218 - - [14/Mar/2018:17:23:28 -0300] "POST /cormun/servlet/solicitudotadjuntos?ba4add046cf10a0b6bcaee3d0c6b7083,INS,2018,10491,,1,,gx-no-cache=1521058956131 HTTP/1.1" 200 3986
192.168.10.56 - - [14/Mar/2018:17:23:28 -0300] "GET /cormun/servlet/trsolicitudgral? HTTP/1.1" 200 8998
192.168.10.56 - - [14/Mar/2018:17:23:28 -0300] "GET /cormun/servlet/trsolicitudgral? HTTP/1.1" 200 8996
192.168.10.56 - - [14/Mar/2018:17:23:32 -0300] "POST /cormun/servlet/trsolicitudgral?d62848e8e5f84837f9d9c4eb3b2c2167,,gx-no-cache=1521058848373 HTTP/1.1" 200 5922
190.151.100.218 - - [14/Mar/2018:17:23:34 -0300] "POST /cormun/servlet/solicitudotadjuntos?gx-no-cache=1521058962390 HTTP/1.1" 200 26
192.168.10.56 - - [14/Mar/2018:17:23:36 -0300] "POST /cormun/servlet/trsolicitudgral?d62848e8e5f84837f9d9c4eb3b2c2167,,gx-no-cache=1521058852812 HTTP/1.1" 200 8029
190.151.100.218 - - [14/Mar/2018:17:23:44 -0300] "GET /cormun/servlet/solicitudotadjuntos?1c6529db5c6e80855f425b6acfc0ae494de02ce0085549abf35ce3c0239699fa,gx-no-cache=1521058972872 HTTP/1.1" 200 30
190.151.100.218 - - [14/Mar/2018:17:23:44 -0300] "GET /cormun/servlet/solicitudotadjuntos?1c6529db5c6e80855f425b6acfc0ae494de02ce0085549abf35ce3c0239699fa,gx-no-cache=1521058972928 HTTP/1.1" 200 30
190.151.100.218 - - [14/Mar/2018:17:23:46 -0300] "POST /cormun/servlet/solicitudotadjuntos?ba4add046cf10a0b6bcaee3d0c6b7083,INS,2018,10491,,1, HTTP/1.1" 200 116
190.151.100.218 - - [14/Mar/2018:17:23:46 -0300] "GET /cormun/servlet/hpexe_return? HTTP/1.1" 200 1023
190.151.100.218 - - [14/Mar/2018:17:23:47 -0300] "GET /cormun/servlet/trsolicitudadjuntos?2018,10491, HTTP/1.1" 200 9910
190.151.100.218 - - [14/Mar/2018:17:23:49 -0300] "GET /cormun/servlet/trsolicitudadjuntos?2018,10491, HTTP/1.1" 200 9906
192.168.10.56 - - [14/Mar/2018:17:23:50 -0300] "POST /cormun/servlet/trsolicitudgral?d62848e8e5f84837f9d9c4eb3b2c2167,,gx-no-cache=1521058866277 HTTP/1.1" 200 5921
192.168.10.56 - - [14/Mar/2018:17:23:54 -0300] "POST /cormun/servlet/trsolicitudgral?d62848e8e5f84837f9d9c4eb3b2c2167,,gx-no-cache=1521058870284 HTTP/1.1" 200 7339
190.151.100.218 - - [14/Mar/2018:17:23:55 -0300] "POST /cormun/servlet/trsolicitudadjuntos?ba4add046cf10a0b6bcaee3d0c6b7083,2018,10491,,gx-no-cache=1521058983534 HTTP/1.1" 200 90
190.151.100.218 - - [14/Mar/2018:17:23:55 -0300] "GET /cormun/servlet/hpexe_link HTTP/1.1" 200 988
190.151.100.218 - - [14/Mar/2018:17:23:56 -0300] "GET /cormun/servlet/trsolicitudot?gx-no-cache=1521058776660 HTTP/1.1" 200 8786
190.151.100.218 - - [14/Mar/2018:17:23:57 -0300] "GET /cormun/servlet/trsolicitudot?gx-no-cache=1521058776660 HTTP/1.1" 200 8803
192.168.10.61 - - [14/Mar/2018:17:24:04 -0300] "POST /cormun/servlet/trsolicitudgral?1d24fc06c7d44b9c3146098ce84acfc9,gx-no-cache=1521051087607,gx-no-cache=1521058880146 HTTP/1.1" 200 7515
190.151.100.218 - - [14/Mar/2018:17:24:06 -0300] "POST /cormun/servlet/trsolicitudot?ba4add046cf10a0b6bcaee3d0c6b7083,gx-no-cache=1521058776660,gx-no-cache=1521058994512 HTTP/1.1" 200 4694
190.151.100.218 - - [14/Mar/2018:17:24:06 -0300] "GET /cormun/static/Shared/jqueryui/images/ui-bg_highlight-soft_100_c6c2c8_1x100.png HTTP/1.1" 404 1117
186.67.203.186 - - [14/Mar/2018:17:24:06 -0300] "GET /cormun/static/Shared/jqueryui/images/ui-icons_82798d_256x240.png HTTP/1.1" 404 1089
190.151.100.218 - - [14/Mar/2018:17:24:06 -0300] "GET /cormun/static/Shared/jqueryui/images/ui-bg_flat_55_fafafa_40x100.png HTTP/1.1" 404 1097
200.111.122.170 - - [14/Mar/2018:17:24:06 -0300] "GET /cormun/static/Shared/jqueryui/images/ui-icons_8d78a5_256x240.png HTTP/1.1" 404 1089
186.67.203.186 - - [14/Mar/2018:17:24:07 -0300] "POST /cormun/servlet/trsolicitudot?ba4add046cf10a0b6bcaee3d0c6b7083,gx-no-cache=1521058776660,gx-no-cache=1521058994957 HTTP/1.1" 200 4453
192.168.10.56 - - [14/Mar/2018:17:24:08 -0300] "POST /cormun/servlet/trsolicitudgral?d62848e8e5f84837f9d9c4eb3b2c2167,,gx-no-cache=1521058884146 HTTP/1.1" 200 8030
192.168.10.56 - - [14/Mar/2018:17:24:11 -0300] "POST /cormun/servlet/trsolicitudgral?d62848e8e5f84837f9d9c4eb3b2c2167,,gx-no-cache=1521058887240 HTTP/1.1" 200 115
192.168.10.56 - - [14/Mar/2018:17:24:11 -0300] "GET /cormun/servlet/solicitudotlog?INS,2018,9955,0,REC, HTTP/1.1" 200 6287
192.168.10.56 - - [14/Mar/2018:17:24:11 -0300] "GET /cormun/servlet/solicitudotlog?INS,2018,9955,0,REC, HTTP/1.1" 200 6287
192.168.10.56 - - [14/Mar/2018:17:24:12 -0300] "GET /cormun/servlet/solicitudotlog?8ce57ed698ce7c4875887a5ea377d8bc0ad22a8eb1ebc2c0b91f1a1844661b0fff50318ce017b0ea1fcea512c490541922f1375019f137a851fd386a0642d3f3192ab854932e154127b0bff43bba8df6d13d01eed80e66443bc848b0a5e70104295a56b2d7d63927c012fe316e4f0f1680ae7d34109cfc5b891baa7d30f2dc84321bb9324a2156cc5fd58bf33d1608fd4a33e0eccdc03d1ee972fce1ef0b3aa0,gx-no-cache=1521058888150 HTTP/1.1" 200 94
186.67.203.186 - - [14/Mar/2018:17:24:18 -0300] "GET /cormun/servlet/trautorizarsolicitud? HTTP/1.1" 200 8704
186.67.203.186 - - [14/Mar/2018:17:24:18 -0300] "GET /cormun/static/gxcfg.js?2017111423403364 HTTP/1.1" 200 953
200.111.122.170 - - [14/Mar/2018:17:24:18 -0300] "GET /cormun/static/trautorizarsolicitud.js?201711142340425 HTTP/1.1" 200 53910
200.111.122.170 - - [14/Mar/2018:17:24:19 -0300] "GET /cormun/servlet/trautorizarsolicitud? HTTP/1.1" 200 8682
192.168.10.56 - - [14/Mar/2018:17:24:21 -0300] "POST /cormun/servlet/solicitudotlog?d62848e8e5f84837f9d9c4eb3b2c2167,INS,2018,9955,0,REC,,gx-no-cache=1521058897309 HTTP/1.1" 200 93
192.168.10.56 - - [14/Mar/2018:17:24:21 -0300] "GET /cormun/servlet/hpexe_return? HTTP/1.1" 200 1022
192.168.10.56 - - [14/Mar/2018:17:24:21 -0300] "GET /cormun/servlet/trsolicitudgral? HTTP/1.1" 200 10701
192.168.10.56 - - [14/Mar/2018:17:24:21 -0300] "GET /cormun/servlet/trsolicitudgral? HTTP/1.1" 200 10697
186.67.203.186 - - [14/Mar/2018:17:24:45 -0300] "POST /cormun/servlet/trautorizarsolicitud?ba4add046cf10a0b6bcaee3d0c6b7083,,gx-no-cache=1521059033609 HTTP/1.1" 200 9082
186.67.203.186 - - [14/Mar/2018:17:24:45 -0300] "GET /cormun/static/Shared/jqueryui/images/ui-bg_highlight-soft_100_c6c2c8_1x100.png HTTP/1.1" 404 1117
186.67.203.186 - - [14/Mar/2018:17:24:46 -0300] "GET /cormun/static/Shared/jqueryui/images/ui-icons_82798d_256x240.png HTTP/1.1" 404 1089
186.67.203.186 - - [14/Mar/2018:17:24:46 -0300] "GET /cormun/static/Shared/jqueryui/images/ui-bg_flat_55_fafafa_40x100.png HTTP/1.1" 404 1097
186.103.132.155 - - [14/Mar/2018:17:24:46 -0300] "GET /cormun/static/Shared/jqueryui/images/ui-icons_8d78a5_256x240.png HTTP/1.1" 404 1089
186.103.132.155 - - [14/Mar/2018:17:24:46 -0300] "POST /cormun/servlet/trautorizarsolicitud?ba4add046cf10a0b6bcaee3d0c6b7083,,gx-no-cache=1521059034415 HTTP/1.1" 200 9029
186.103.132.155 - - [14/Mar/2018:17:24:56 -0300] "GET /cormun/servlet/veautorizarsolicitud?2018,10491,, HTTP/1.1" 200 8572
186.67.203.186 - - [14/Mar/2018:17:24:56 -0300] "GET /cormun/pexe_scrolldiv.js HTTP/1.1" 404 1009
186.103.132.155 - - [14/Mar/2018:17:24:56 -0300] "GET /cormun/static/gxcfg.js?2017111423404691 HTTP/1.1" 200 953
186.67.203.186 - - [14/Mar/2018:17:24:56 -0300] "GET /cormun/static/veautorizarsolicitud.js?2017111423404756 HTTP/1.1" 200 6140
186.67.203.186 - - [14/Mar/2018:17:24:56 -0300] "GET /cormun/static/hwcviewtabs.js?20177611594913 HTTP/1.1" 200 1074
186.103.132.155 - - [14/Mar/2018:17:24:56 -0300] "GET /cormun/static/hpexe_tabsview.js?201610171694228 HTTP/1.1" 200 1661
200.72.197.82 - - [14/Mar/2018:17:24:56 -0300] "GET /cormun/pexe_scrolldiv.js HTTP/1.1" 404 1009
186.67.203.186 - - [14/Mar/2018:17:24:56 -0300] "GET /cormun/static/Resources/PXToolsTabFirstSelected.png HTTP/1.1" 200 1259
186.103.132.155 - - [14/Mar/2018:17:24:56 -0300] "GET /cormun/static/Resources/PXToolsTabLastUnselected.png HTTP/1.1" 200 1291
186.67.203.186 - - [14/Mar/2018:17:24:56 -0300] "GET /cormun/static/Resources/PXToolsTabNext.gif HTTP/1.1" 200 168
186.103.132.155 - - [14/Mar/2018:17:24:56 -0300] "GET /cormun/static/Resources/PXToolsTabPrevious.gif HTTP/1.1" 200 172
190.151.100.218 - - [14/Mar/2018:17:24:56 -0300] "GET /cormun/static/tbautorizarsolicitud01.js?2017111423392092 HTTP/1.1" 200 30580
190.151.100.218 - - [14/Mar/2018:17:24:57 -0300] "GET /cormun/static/calendar-system.css HTTP/1.1" 200 5572
186.67.203.186 - - [14/Mar/2018:17:24:57 -0300] "GET /cormun/static/Resources/PXToolsTabBackUnselected.png HTTP/1.1" 200 1175
186.103.132.155 - - [14/Mar/2018:17:24:57 -0300] "GET /cormun/static/Resources/PXToolsTabBackSelected.png HTTP/1.1" 200 1157
186.67.203.186 - - [14/Mar/2018:17:24:57 -0300] "GET /cormun/static/Resources/PXToolsTabSelectedUnselected.png HTTP/1.1" 200 1428
190.151.100.218 - - [14/Mar/2018:17:24:57 -0300] "GET /cormun/servlet/veautorizarsolicitud?2018,10491,, HTTP/1.1" 200 8570
186.103.132.155 - - [14/Mar/2018:17:24:57 -0300] "GET /cormun/static/Resources/PXToolsTabUnselectedUnselected.png HTTP/1.1" 200 1459
192.168.10.56 - - [14/Mar/2018:17:25:02 -0300] "POST /cormun/servlet/trsolicitudgral?d62848e8e5f84837f9d9c4eb3b2c2167,,gx-no-cache=1521058938476 HTTP/1.1" 200 115
192.168.10.56 - - [14/Mar/2018:17:25:02 -0300] "GET /cormun/servlet/solicitudotlog?INS,2018,9853,0,REC, HTTP/1.1" 200 6287
192.168.10.56 - - [14/Mar/2018:17:25:02 -0300] "GET /cormun/servlet/solicitudotlog?INS,2018,9853,0,REC, HTTP/1.1" 200 6287
192.168.10.56 - - [14/Mar/2018:17:25:03 -0300] "GET /cormun/servlet/solicitudotlog?8ce57ed698ce7c4875887a5ea377d8bc5317f776e1f9936f9aa72f25be669e3fff50318ce017b0ea1fcea512c490541922f1375019f137a851fd386a0642d3f3192ab854932e154127b0bff43bba8df6d13d01eed80e66443bc848b0a5e70104295a56b2d7d63927c012fe316e4f0f1680ae7d34109cfc5b891baa7d30f2dc84321bb9324a2156cc5fd58bf33d1608fd4a33e0eccdc03d1ee972fce1ef0b3aa0,gx-no-cache=1521058939388 HTTP/1.1" 200 94
192.168.10.56 - - [14/Mar/2018:17:25:17 -0300] "POST /cormun/servlet/solicitudotlog?d62848e8e5f84837f9d9c4eb3b2c2167,INS,2018,9853,0,REC,,gx-no-cache=1521058953168 HTTP/1.1" 200 93
192.168.10.56 - - [14/Mar/2018:17:25:17 -0300] "GET /cormun/servlet/hpexe_return? HTTP/1.1" 200 1021
192.168.10.56 - - [14/Mar/2018:17:25:17 -0300] "GET /cormun/servlet/trsolicitudgral HTTP/1.1" 200 10354
192.168.10.56 - - [14/Mar/2018:17:25:17 -0300] "GET /cormun/servlet/trsolicitudgral HTTP/1.1" 200 10350
192.168.10.56 - - [14/Mar/2018:17:25:19 -0300] "POST /cormun/servlet/trsolicitudgral?d62848e8e5f84837f9d9c4eb3b2c2167,gx-no-cache=1521058955593 HTTP/1.1" 200 115
192.168.10.56 - - [14/Mar/2018:17:25:19 -0300] "GET /cormun/servlet/solicitudotlog?INS,2018,9852,0,REC, HTTP/1.1" 200 6284
192.168.10.56 - - [14/Mar/2018:17:25:19 -0300] "GET /cormun/servlet/solicitudotlog?INS,2018,9852,0,REC, HTTP/1.1" 200 6284
192.168.10.56 - - [14/Mar/2018:17:25:20 -0300] "GET /cormun/servlet/solicitudotlog?8ce57ed698ce7c4875887a5ea377d8bc8dbcbb28c7387a94a036cdcac9cc2891ff50318ce017b0ea1fcea512c490541922f1375019f137a851fd386a0642d3f3192ab854932e154127b0bff43bba8df6d13d01eed80e66443bc848b0a5e70104295a56b2d7d63927c012fe316e4f0f1680ae7d34109cfc5b891baa7d30f2dc84321bb9324a2156cc5fd58bf33d1608fd4a33e0eccdc03d1ee972fce1ef0b3aa0,gx-no-cache=1521058956444 HTTP/1.1" 200 94
192.168.10.56 - - [14/Mar/2018:17:25:27 -0300] "POST /cormun/servlet/solicitudotlog?d62848e8e5f84837f9d9c4eb3b2c2167,INS,2018,9852,0,REC,,gx-no-cache=1521058963903 HTTP/1.1" 200 93
192.168.10.56 - - [14/Mar/2018:17:25:27 -0300] "GET /cormun/servlet/hpexe_return? HTTP/1.1" 200 1021
192.168.10.56 - - [14/Mar/2018:17:25:28 -0300] "GET /cormun/servlet/trsolicitudgral HTTP/1.1" 200 8997
192.168.10.56 - - [14/Mar/2018:17:25:28 -0300] "GET /cormun/servlet/trsolicitudgral HTTP/1.1" 200 8993
192.168.10.56 - - [14/Mar/2018:17:25:33 -0300] "POST /cormun/servlet/trsolicitudgral?d62848e8e5f84837f9d9c4eb3b2c2167,gx-no-cache=1521058969183 HTTP/1.1" 200 25198
192.168.10.56 - - [14/Mar/2018:17:25:40 -0300] "POST /cormun/servlet/trsolicitudgral?d62848e8e5f84837f9d9c4eb3b2c2167,gx-no-cache=1521058976336 HTTP/1.1" 200 24973
192.168.10.56 - - [14/Mar/2018:17:25:41 -0300] "GET /cormun/static/Shared/jqueryui/images/ui-bg_highlight-soft_100_c6c2c8_1x100.png HTTP/1.1" 404 1117
192.168.10.56 - - [14/Mar/2018:17:25:41 -0300] "GET /cormun/static/Shared/jqueryui/images/ui-icons_82798d_256x240.png HTTP/1.1" 404 1089
192.168.10.56 - - [14/Mar/2018:17:25:41 -0300] "GET /cormun/static/Shared/jqueryui/images/ui-icons_8d78a5_256x240.png HTTP/1.1" 404 1089
192.168.10.56 - - [14/Mar/2018:17:25:41 -0300] "GET /cormun/static/Shared/jqueryui/images/ui-bg_flat_55_fafafa_40x100.png HTTP/1.1" 404 1097
192.168.10.56 - - [14/Mar/2018:17:26:16 -0300] "POST /cormun/servlet/trsolicitudgral?d62848e8e5f84837f9d9c4eb3b2c2167,gx-no-cache=1521059011662 HTTP/1.1" 200 13268
192.168.10.56 - - [14/Mar/2018:17:26:31 -0300] "POST /cormun/servlet/trsolicitudgral?d62848e8e5f84837f9d9c4eb3b2c2167,gx-no-cache=1521059026964 HTTP/1.1" 200 6159
192.168.10.56 - - [14/Mar/2018:17:26:36 -0300] "POST /cormun/servlet/trsolicitudgral?d62848e8e5f84837f9d9c4eb3b2c2167,gx-no-cache=1521059032100 HTTP/1.1" 200 7301
192.168.10.56 - - [14/Mar/2018:17:26:45 -0300] "POST /cormun/servlet/trsolicitudgral?d62848e8e5f84837f9d9c4eb3b2c2167,gx-no-cache=1521059041003 HTTP/1.1" 200 6134
192.168.10.56 - - [14/Mar/2018:17:26:49 -0300] "POST /cormun/servlet/trsolicitudgral?d62848e8e5f84837f9d9c4eb3b2c2167,gx-no-cache=1521059045731 HTTP/1.1" 200 5919
192.168.10.56 - - [14/Mar/2018:17:26:54 -0300] "POST /cormun/servlet/trsolicitudgral?d62848e8e5f84837f9d9c4eb3b2c2167,gx-no-cache=1521059050165 HTTP/1.1" 200 7676
192.168.10.56 - - [14/Mar/2018:17:27:23 -0300] "GET /cormun/servlet/solicitudgral?UPD,2018,10370, HTTP/1.1" 200 12883
192.168.10.56 - - [14/Mar/2018:17:27:23 -0300] "GET /cormun/servlet/solicitudgral?UPD,2018,10370, HTTP/1.1" 200 12892
192.168.10.56 - - [14/Mar/2018:17:27:24 -0300] "POST /cormun/servlet/solicitudgral?gx-no-cache=1521059080108 HTTP/1.1" 200 3866
192.168.10.56 - - [14/Mar/2018:17:27:24 -0300] "GET /cormun/servlet/solicitudgral?8ce57ed698ce7c4875887a5ea377d8bc71b46c09cbaba79cab81f8d5e1add109a9d063fd467524289dfa6a3411a4b5cd22b768c97146c9238c92646f28df2c1b8368d6c9daee5577856972ab1e55e7c4a256cdf2c7c515f4734b3e5e9e692245412330d311a8106a04ec82800593bd9f4909f1f323114e9d92ad903eea75a552f85c83ab46a754a975e1a925c6f5b8e68f785c48a219dc171f6997d4d2929c6e386911b8f84cb5d40a8931399fdd8fb542674e4db61f699288dd892c3e0a75e3eefcc19f9fa01362298dbc33fd350ced752b18df073ab00aeca8d06a0910bc7052f141a355e49f564c15be434a5f3c3bff50318ce017b0ea1fcea512c4905419ab339a6ce01e2df1cc3d993a4bc12c933b057adda2cc1a84f1cefdacb49d5c0e9a415fd0fc76e181656301e24d8298999cdcfb9af04a9c2f2840b5f0057430f8f21d62e33f9f45f03a1a2d9c926badbb,gx-no-cache=1521059080246 HTTP/1.1" 200 297
192.168.10.56 - - [14/Mar/2018:17:27:28 -0300] "POST /cormun/servlet/solicitudgral?d62848e8e5f84837f9d9c4eb3b2c2167,UPD,2018,10370,,gx-no-cache=1521059084541 HTTP/1.1" 200 93
192.168.10.56 - - [14/Mar/2018:17:27:28 -0300] "GET /cormun/servlet/hpexe_return? HTTP/1.1" 200 1033
192.168.10.56 - - [14/Mar/2018:17:27:28 -0300] "GET /cormun/servlet/trsolicitudgral?gx-no-cache=1521059050165 HTTP/1.1" 200 10734
192.168.10.56 - - [14/Mar/2018:17:27:29 -0300] "GET /cormun/servlet/trsolicitudgral?gx-no-cache=1521059050165 HTTP/1.1" 200 10751
192.168.10.56 - - [14/Mar/2018:17:28:02 -0300] "GET /cormun/servlet/solicitudgral?UPD,2018,10370, HTTP/1.1" 200 12904
192.168.10.56 - - [14/Mar/2018:17:28:02 -0300] "GET /cormun/servlet/solicitudgral?UPD,2018,10370, HTTP/1.1" 200 12892
192.168.10.56 - - [14/Mar/2018:17:28:03 -0300] "POST /cormun/servlet/solicitudgral?gx-no-cache=1521059119408 HTTP/1.1" 200 3866
192.168.10.56 - - [14/Mar/2018:17:28:03 -0300] "GET /cormun/servlet/solicitudgral?8ce57ed698ce7c4875887a5ea377d8bc71b46c09cbaba79cab81f8d5e1add109a9d063fd467524289dfa6a3411a4b5cd22b768c97146c9238c92646f28df2c1b8368d6c9daee5577856972ab1e55e7c4a256cdf2c7c515f4734b3e5e9e692245412330d311a8106a04ec82800593bd9f4909f1f323114e9d92ad903eea75a552f85c83ab46a754a975e1a925c6f5b8e68f785c48a219dc171f6997d4d2929c6e386911b8f84cb5d40a8931399fdd8fb542674e4db61f699288dd892c3e0a75e3eefcc19f9fa01362298dbc33fd350ced752b18df073ab00aeca8d06a0910bc7052f141a355e49f564c15be434a5f3c3bff50318ce017b0ea1fcea512c4905419ab339a6ce01e2df1cc3d993a4bc12c933b057adda2cc1a84f1cefdacb49d5c0e9a415fd0fc76e181656301e24d8298999cdcfb9af04a9c2f2840b5f0057430f8f21d62e33f9f45f03a1a2d9c926badbb,gx-no-cache=1521059119533 HTTP/1.1" 200 297
192.168.10.56 - - [14/Mar/2018:17:28:05 -0300] "GET /cormun/servlet/solicitudgral?8ce57ed698ce7c4875887a5ea377d8bcfc53017c156bbdad146a3f19155170ba0eee2c3b0cfc7ac9180df87185cebcd449c7b00aa51c16ef01b7a718555e5037fdb264eaf5dfbe0fbd04a975ace722bfc73081f5a20cb01a851f02cacafc1565f015834f4b8af74d0be83d1c20855d18968328bb20b3ad2265c8f88adfb81afb869462608740523c996a7dc94bcb5e7e28fce3cad2fb9cdcf1fada2dc0a61cbccc00ce762f3eb93b5985f9806151b51dc590103d76dada1056d538e3ed72614b2e7dfd210eb6684e7abc4180ed45d5b7995f86b27dbf1f2e86fc08c34a31b13a0d77c09f908ce134c5ee418559cbcc00f6b43b1aa08629a8510df7315036eac3d93344ba37fabfde21199e90584a3ad6f1b94881ce8fbd04d8da6a0d6937159c0ea5a44010301576ff2a902a63a9a12e521d85e9576c544188303734ee201552bf7809896763d5f4176e672492f67488562a9325a914763ff9c3e0580d7fdbc5a1dc64569e9f9b2bb876d5135300e1d21837e8c1d5c089361a3dd0a1d3817b2a1a1938abe9cdc8194c1fd51572ba35b3c2e6745d9f6ae25d1951fac38c3ccacffef4e8326825dbede876c49572ea29aa,gx-no-cache=1521059121459 HTTP/1.1" 200 48
192.168.10.56 - - [14/Mar/2018:17:28:06 -0300] "POST /cormun/servlet/solicitudgral?d62848e8e5f84837f9d9c4eb3b2c2167,UPD,2018,10370,,gx-no-cache=1521059122816 HTTP/1.1" 200 11817
192.168.10.56 - - [14/Mar/2018:17:28:06 -0300] "GET /cormun/servlet/solicitudgral?8ce57ed698ce7c4875887a5ea377d8bcaf45d22eac3e22c0fde3b0e92e70311c421745f09368993d3592703ce278ee1d78f8901012f5160dc06fcd6f4249f4b17a59b2be0ae36f5245f64e64ff81a504f5707929d8ccc58c811405fa9adbe5e37a2a381f20c07e8913a909069bb4a7bf,gx-no-cache=1521059122974 HTTP/1.1" 200 29
192.168.10.56 - - [14/Mar/2018:17:28:06 -0300] "POST /cormun/servlet/solicitudgral?gx-no-cache=1521059122989 HTTP/1.1" 200 1295
192.168.10.56 - - [14/Mar/2018:17:28:07 -0300] "POST /cormun/servlet/solicitudgral?gx-no-cache=1521059123021 HTTP/1.1" 200 1215
192.168.10.56 - - [14/Mar/2018:17:28:26 -0300] "POST /cormun/servlet/solicitudgral?d62848e8e5f84837f9d9c4eb3b2c2167,UPD,2018,10370,,gx-no-cache=1521059142545 HTTP/1.1" 200 93
192.168.10.56 - - [14/Mar/2018:17:28:26 -0300] "GET /cormun/servlet/hpexe_return? HTTP/1.1" 200 1033
192.168.10.56 - - [14/Mar/2018:17:28:26 -0300] "GET /cormun/servlet/trsolicitudgral?gx-no-cache=1521059050165 HTTP/1.1" 200 10737
192.168.10.56 - - [14/Mar/2018:17:28:27 -0300] "GET /cormun/servlet/trsolicitudgral?gx-no-cache=1521059050165 HTTP/1.1" 200 10755
192.168.10.89 - - [14/Mar/2018:17:29:26 -0300] "GET /cormun/servlet/trsolicitudgral? HTTP/1.1" 200 10775
192.168.10.56 - - [14/Mar/2018:17:29:33 -0300] "POST /cormun/servlet/trsolicitudgral?d62848e8e5f84837f9d9c4eb3b2c2167,gx-no-cache=1521059050165,gx-no-cache=1521059209175 HTTP/1.1" 200 7313
192.168.10.56 - - [14/Mar/2018:17:29:33 -0300] "GET /cormun/static/Shared/jqueryui/images/ui-bg_highlight-soft_100_c6c2c8_1x100.png HTTP/1.1" 404 1117
192.168.10.56 - - [14/Mar/2018:17:29:33 -0300] "GET /cormun/static/Shared/jqueryui/images/ui-icons_82798d_256x240.png HTTP/1.1" 404 1089
192.168.10.56 - - [14/Mar/2018:17:29:33 -0300] "GET /cormun/static/Shared/jqueryui/images/ui-icons_8d78a5_256x240.png HTTP/1.1" 404 1089
192.168.10.56 - - [14/Mar/2018:17:29:33 -0300] "GET /cormun/static/Shared/jqueryui/images/ui-bg_flat_55_fafafa_40x100.png HTTP/1.1" 404 1097
192.168.10.89 - - [14/Mar/2018:17:29:37 -0300] "POST /cormun/servlet/trsolicitudgral?f94dabdf0a9094dffaa33c0bc4e24daa,,gx-no-cache=1521059213595 HTTP/1.1" 200 7309
192.168.10.89 - - [14/Mar/2018:17:29:39 -0300] "GET /cormun/servlet/vesolicitudgral?2018,8448,, HTTP/1.1" 200 9464
192.168.10.89 - - [14/Mar/2018:17:29:39 -0300] "GET /cormun/pexe_scrolldiv.js HTTP/1.1" 404 1009
192.168.10.89 - - [14/Mar/2018:17:29:42 -0300] "GET /cormun/servlet/vesolicitudgral?2018,8448,,SolicitudOTAdjuntos HTTP/1.1" 200 11657
192.168.10.89 - - [14/Mar/2018:17:29:42 -0300] "GET /cormun/pexe_scrolldiv.js HTTP/1.1" 404 1009
192.168.10.89 - - [14/Mar/2018:17:29:43 -0300] "POST /cormun/servlet/acontrolpreferencessavestate?None,CDROGUETT,true HTTP/1.1" 200 35
192.168.10.89 - - [14/Mar/2018:17:29:52 -0300] "GET /cormun/PublicTempStorage/certificadoafiliacion_7969-9169-9852-9353-2_100120181732352412553.pdf HTTP/1.1" 200 108835
192.168.10.89 - - [14/Mar/2018:17:30:00 -0300] "GET /cormun/servlet/vesolicitudgral?2018,8448,,SolicitudOTAdjuntos HTTP/1.1" 200 11656
192.168.10.89 - - [14/Mar/2018:17:30:00 -0300] "GET /cormun/pexe_scrolldiv.js HTTP/1.1" 404 1009
192.168.10.89 - - [14/Mar/2018:17:30:02 -0300] "POST /cormun/servlet/acontrolpreferencessavestate?None,CDROGUETT,true HTTP/1.1" 200 35
192.168.10.89 - - [14/Mar/2018:17:30:03 -0300] "GET /cormun/PublicTempStorage/fonasa_catalina_valenzuela9412836.pdf HTTP/1.1" 200 66855
192.168.10.89 - - [14/Mar/2018:17:30:10 -0300] "GET /cormun/servlet/vesolicitudgral?2018,8448,,SolicitudOTAdjuntos HTTP/1.1" 200 11657
192.168.10.89 - - [14/Mar/2018:17:30:10 -0300] "GET /cormun/pexe_scrolldiv.js HTTP/1.1" 404 1009
192.168.10.89 - - [14/Mar/2018:17:30:11 -0300] "POST /cormun/servlet/acontrolpreferencessavestate?None,CDROGUETT,true HTTP/1.1" 200 35
192.168.10.89 - - [14/Mar/2018:17:30:30 -0300] "POST /cormun/servlet/vesolicitudgral?f94dabdf0a9094dffaa33c0bc4e24daa,2018,8448,,SolicitudOTAdjuntos,gx-no-cache=1521059266067 HTTP/1.1" 200 90
192.168.10.89 - - [14/Mar/2018:17:30:30 -0300] "GET /cormun/servlet/hpexe_link HTTP/1.1" 200 975
192.168.10.89 - - [14/Mar/2018:17:30:30 -0300] "GET /cormun/servlet/trsolicitudgral? HTTP/1.1" 200 10803
186.67.203.186 - - [14/Mar/2018:17:30:31 -0300] "GET /cormun/servlet/hlogin HTTP/1.1" 200 1725
