200.54.247.70 - - [14/Mar/2018:10:05:09 -0300] "POST /cormun/servlet/solicitudot?gx-no-cache=1521032658128 HTTP/1.1" 440 972
200.54.247.70 - - [14/Mar/2018:10:05:10 -0300] "GET /cormun/servlet/solicitudot?02325bd1e8384bacc46918bfca78f880e0f081f6a15f528d518de3bfd0a5893e804ecbbec43a84f160c182eedbf803a54037d5659a5ce08f2595bf755c67fe3a,gx-no-cache=1521032658761 HTTP/1.1" 440 972
200.111.191.210 - - [14/Mar/2018:10:05:10 -0300] "GET /cormun/servlet/trpermisosadjuntos?10204581,20180312112454,P, HTTP/1.1" 200 6268
200.111.191.210 - - [14/Mar/2018:10:05:10 -0300] "GET /cormun/servlet/trpermisosadjuntos?10204581,20180312112454,P, HTTP/1.1" 200 6268
200.54.247.70 - - [14/Mar/2018:10:05:11 -0300] "POST /cormun/servlet/solicitudot?gx-no-cache=1521032660418 HTTP/1.1" 440 972
200.111.191.210 - - [14/Mar/2018:10:05:12 -0300] "GET /cormun/servlet/permisosadjuntos?INS,10204581,P,20180312112454,, HTTP/1.1" 200 5597
200.111.191.210 - - [14/Mar/2018:10:05:12 -0300] "GET /cormun/static/about:blank HTTP/1.1" 404 1011
200.111.191.210 - - [14/Mar/2018:10:05:12 -0300] "GET /cormun/servlet/permisosadjuntos?INS,10204581,P,20180312112454,, HTTP/1.1" 200 5587
200.54.247.70 - - [14/Mar/2018:10:05:12 -0300] "GET /cormun/servlet/solicitudot?INS,0,0, HTTP/1.1" 200 12659
200.54.247.70 - - [14/Mar/2018:10:05:13 -0300] "GET /cormun/servlet/solicitudot?02325bd1e8384bacc46918bfca78f880c6d4109f907a21df472ac097638b547b6a5da41fd7475013b6b850d4f5e02864ec33bf57e005a97a261646e8c920f7b15939d1bd79fc0e4faa3ba68e277b6dd227fbd82bbee7f969b7a39e3b4e5353f16e21e6d9ea05e0116b877b11115318d767f408efe628ba152cbc81269a3314a8c008141bdc3a8cae750a7fc29a65c1f15667be086bf9165c4169adcbcf9b87a9e562baa894312826bc716d979864d6ceed725f264a5bc41fa0f68e761e1c1344dbcb13e198d85af3ea5eeb89c9a536bf5f0e5a0a85f940395becae01c71e12bca126fce9208f7bf489c988ce4bfa919a944b106bfb5d893a8cdf189bb77ea3ddbac565ce77f432e29624b2b44066eeed28addf36d5b8ea1a1468e9f62253339962b643d35c002241fe5e2131b44d2931d0f985533c676d870d5b1984c17e9eb96628f5aee45076103429c2a820f2f848f891d82bc2e327000d2fbd2f92f1617fe56b919fb2432e8edca31ebdc32cb76f2c0ccb2c46222199ebddd6901788de2f,gx-no-cache=1521032662351 HTTP/1.1" 500 10
200.54.247.70 - - [14/Mar/2018:10:05:13 -0300] "POST /cormun/servlet/solicitudot?gx-no-cache=1521032662822 HTTP/1.1" 440 972
200.54.247.70 - - [14/Mar/2018:10:05:15 -0300] "POST /cormun/servlet/solicitudot?gx-no-cache=1521032664434 HTTP/1.1" 440 972
200.54.247.70 - - [14/Mar/2018:10:05:15 -0300] "GET /cormun/servlet/solicitudot?INS,0,0, HTTP/1.1" 200 12659
200.54.247.70 - - [14/Mar/2018:10:05:19 -0300] "POST /cormun/servlet/solicitudot?gx-no-cache=1521032668275 HTTP/1.1" 440 972
200.54.247.70 - - [14/Mar/2018:10:05:19 -0300] "GET /cormun/servlet/solicitudot?INS,0,0, HTTP/1.1" 200 12659
200.54.247.70 - - [14/Mar/2018:10:05:21 -0300] "GET /cormun/servlet/solicitudot?INS,0,0, HTTP/1.1" 200 12659
200.54.247.70 - - [14/Mar/2018:10:05:21 -0300] "POST /cormun/servlet/solicitudot?gx-no-cache=1521032670012 HTTP/1.1" 440 972
200.54.247.70 - - [14/Mar/2018:10:05:22 -0300] "POST /cormun/servlet/solicitudot?gx-no-cache=1521032671284 HTTP/1.1" 440 972
200.54.247.70 - - [14/Mar/2018:10:05:25 -0300] "GET /cormun/servlet/solicitudot?INS,0,0, HTTP/1.1" 200 12659
200.54.247.70 - - [14/Mar/2018:10:05:25 -0300] "GET /cormun/servlet/solicitudot?02325bd1e8384bacc46918bfca78f880aa86b3f7a62225a5abec096d8cff127c715eb28e8574e5bc95170c7bddbefd54,gx-no-cache=1521032674213 HTTP/1.1" 440 972
200.111.191.210 - - [14/Mar/2018:10:05:26 -0300] "POST /cormun/servlet/permisosadjuntos?888aad8118d935f03dcba6a052d18c9b,INS,10204581,P,20180312112454,, HTTP/1.1" 200 116
200.111.191.210 - - [14/Mar/2018:10:05:26 -0300] "GET /cormun/servlet/hpexe_return? HTTP/1.1" 200 1041
200.111.191.210 - - [14/Mar/2018:10:05:26 -0300] "GET /cormun/servlet/trpermisosadjuntos?10204581,20180312112454,P, HTTP/1.1" 200 6733
200.111.191.210 - - [14/Mar/2018:10:05:27 -0300] "GET /cormun/servlet/trpermisosadjuntos?10204581,20180312112454,P, HTTP/1.1" 200 6729
200.111.191.210 - - [14/Mar/2018:10:05:30 -0300] "GET /cormun/servlet/trpermisosgoce? HTTP/1.1" 200 8683
200.111.191.210 - - [14/Mar/2018:10:05:30 -0300] "GET /cormun/servlet/trpermisosgoce? HTTP/1.1" 200 8676
200.54.247.70 - - [14/Mar/2018:10:05:31 -0300] "POST /cormun/servlet/solicitudot?gx-no-cache=1521032680235 HTTP/1.1" 440 972
186.67.172.234 - - [14/Mar/2018:10:05:32 -0300] "POST /cormun/servlet/solicitudot?gx-no-cache=1521032630547 HTTP/1.1" 200 30
186.67.172.234 - - [14/Mar/2018:10:05:33 -0300] "POST /cormun/servlet/solicitudot?gx-no-cache=1521032631113 HTTP/1.1" 200 1336
186.67.172.234 - - [14/Mar/2018:10:05:34 -0300] "POST /cormun/servlet/solicitudot?gx-no-cache=1521032632726 HTTP/1.1" 200 38
186.67.172.234 - - [14/Mar/2018:10:05:34 -0300] "POST /cormun/servlet/solicitudot?gx-no-cache=1521032632807 HTTP/1.1" 200 1318
186.67.172.234 - - [14/Mar/2018:10:05:34 -0300] "POST /cormun/servlet/solicitudot?gx-no-cache=1521032632942 HTTP/1.1" 200 1218
186.67.172.234 - - [14/Mar/2018:10:05:34 -0300] "GET /cormun/servlet/solicitudot?f1cdff5039c30cb1098954ec1e905b756b2263defaf90492a4bdbe0153e882416f50e82a2dafd15f7afc75a760bd4693,gx-no-cache=1521032633033 HTTP/1.1" 200 30
186.67.172.234 - - [14/Mar/2018:10:05:34 -0300] "POST /cormun/servlet/solicitudot?gx-no-cache=1521032633112 HTTP/1.1" 200 30
186.67.172.234 - - [14/Mar/2018:10:05:34 -0300] "POST /cormun/servlet/solicitudot?c4bd19973a1f67703de685d7f5c7c988,INS,0,0,,gx-no-cache=1521032633205 HTTP/1.1" 200 12137
200.111.191.210 - - [14/Mar/2018:10:05:34 -0300] "GET /cormun/servlet/trpermisosadjuntos?7907301,20180308111721,P, HTTP/1.1" 200 6278
186.67.172.234 - - [14/Mar/2018:10:05:35 -0300] "GET /cormun/static/Shared/jqueryui/images/ui-bg_highlight-soft_100_c6c2c8_1x100.png HTTP/1.1" 404 1117
186.67.172.234 - - [14/Mar/2018:10:05:35 -0300] "GET /cormun/static/Shared/jqueryui/images/ui-icons_82798d_256x240.png HTTP/1.1" 404 1089
186.67.172.234 - - [14/Mar/2018:10:05:35 -0300] "GET /cormun/static/Shared/jqueryui/images/ui-bg_flat_55_994d53_40x100.png HTTP/1.1" 404 1097
200.111.191.210 - - [14/Mar/2018:10:05:35 -0300] "GET /cormun/servlet/trpermisosadjuntos?7907301,20180308111721,P, HTTP/1.1" 200 6277
186.67.172.234 - - [14/Mar/2018:10:05:35 -0300] "GET /cormun/static/Shared/jqueryui/images/ui-icons_ebccce_256x240.png HTTP/1.1" 404 1089
200.111.191.210 - - [14/Mar/2018:10:05:36 -0300] "GET /cormun/servlet/permisosadjuntos?INS,7907301,P,20180308111721,, HTTP/1.1" 200 5605
200.111.191.210 - - [14/Mar/2018:10:05:36 -0300] "GET /cormun/static/about:blank HTTP/1.1" 404 1011
200.111.191.210 - - [14/Mar/2018:10:05:37 -0300] "GET /cormun/servlet/permisosadjuntos?INS,7907301,P,20180308111721,, HTTP/1.1" 200 5595
200.111.191.210 - - [14/Mar/2018:10:06:07 -0300] "POST /cormun/servlet/permisosadjuntos?888aad8118d935f03dcba6a052d18c9b,INS,7907301,P,20180308111721,, HTTP/1.1" 200 116
200.111.191.210 - - [14/Mar/2018:10:06:07 -0300] "GET /cormun/servlet/hpexe_return? HTTP/1.1" 200 1039
200.111.191.210 - - [14/Mar/2018:10:06:07 -0300] "GET /cormun/servlet/trpermisosadjuntos?7907301,20180308111721,P, HTTP/1.1" 200 6745
200.111.191.210 - - [14/Mar/2018:10:06:07 -0300] "GET /cormun/servlet/trpermisosadjuntos?7907301,20180308111721,P, HTTP/1.1" 200 6742
200.111.191.210 - - [14/Mar/2018:10:06:14 -0300] "GET /cormun/PublicTempStorage/barra6540166.PDF HTTP/1.1" 200 642998
186.67.172.234 - - [14/Mar/2018:10:06:16 -0300] "POST /cormun/servlet/solicitudot?gx-no-cache=1521032675394 HTTP/1.1" 200 30
200.111.191.210 - - [14/Mar/2018:10:06:17 -0300] "GET /cormun/servlet/trpermisosadjuntos?7907301,20180308111721,P, HTTP/1.1" 200 6746
200.111.191.210 - - [14/Mar/2018:10:06:18 -0300] "GET /cormun/servlet/trpermisosadjuntos?7907301,20180308111721,P, HTTP/1.1" 200 6741
200.111.191.210 - - [14/Mar/2018:10:06:22 -0300] "GET /cormun/servlet/trpermisosgoce? HTTP/1.1" 200 8677
200.111.191.210 - - [14/Mar/2018:10:06:23 -0300] "GET /cormun/servlet/trpermisosgoce? HTTP/1.1" 200 8683
192.168.10.89 - - [14/Mar/2018:10:06:23 -0300] "POST /cormun/servlet/trsolicitudgral?9747ee834bbd6a7052a28a2dd7f36348,gx-no-cache=1521032619985 HTTP/1.1" 200 5931
186.67.172.234 - - [14/Mar/2018:10:06:23 -0300] "POST /cormun/servlet/solicitudot?gx-no-cache=1521032682626 HTTP/1.1" 200 1336
186.67.172.234 - - [14/Mar/2018:10:06:24 -0300] "POST /cormun/servlet/solicitudot?gx-no-cache=1521032682729 HTTP/1.1" 200 41
186.67.172.234 - - [14/Mar/2018:10:06:24 -0300] "POST /cormun/servlet/solicitudot?gx-no-cache=1521032682795 HTTP/1.1" 200 1318
186.67.172.234 - - [14/Mar/2018:10:06:24 -0300] "POST /cormun/servlet/solicitudot?gx-no-cache=1521032682946 HTTP/1.1" 200 1218
200.111.191.210 - - [14/Mar/2018:10:06:25 -0300] "POST /cormun/servlet/trpermisosgoce?888aad8118d935f03dcba6a052d18c9b,,gx-no-cache=1521032734654 HTTP/1.1" 200 5888
200.111.191.210 - - [14/Mar/2018:10:06:25 -0300] "GET /cormun/static/Shared/jqueryui/images/ui-bg_highlight-soft_100_c6c2c8_1x100.png HTTP/1.1" 404 1117
200.111.191.210 - - [14/Mar/2018:10:06:25 -0300] "GET /cormun/static/Shared/jqueryui/images/ui-icons_82798d_256x240.png HTTP/1.1" 404 1089
200.111.191.210 - - [14/Mar/2018:10:06:25 -0300] "GET /cormun/static/Shared/jqueryui/images/ui-bg_flat_55_fafafa_40x100.png HTTP/1.1" 404 1097
200.111.191.210 - - [14/Mar/2018:10:06:25 -0300] "GET /cormun/static/Shared/jqueryui/images/ui-icons_8d78a5_256x240.png HTTP/1.1" 404 1089
200.111.191.210 - - [14/Mar/2018:10:06:27 -0300] "POST /cormun/servlet/trpermisosgoce?888aad8118d935f03dcba6a052d18c9b,,gx-no-cache=1521032735943 HTTP/1.1" 200 5849
200.111.191.210 - - [14/Mar/2018:10:06:30 -0300] "GET /cormun/servlet/trpermisosgoce? HTTP/1.1" 200 8632
200.111.191.210 - - [14/Mar/2018:10:06:30 -0300] "GET /cormun/servlet/trpermisosgoce? HTTP/1.1" 200 8632
200.111.191.210 - - [14/Mar/2018:10:06:32 -0300] "GET /cormun/servlet/trlicencias? HTTP/1.1" 200 9885
200.111.191.210 - - [14/Mar/2018:10:06:33 -0300] "GET /cormun/servlet/trlicencias? HTTP/1.1" 200 9884
200.111.191.210 - - [14/Mar/2018:10:06:36 -0300] "GET /cormun/servlet/hlogin HTTP/1.1" 200 1739
186.67.172.234 - - [14/Mar/2018:10:06:43 -0300] "GET /cormun/servlet/solicitudot?f1cdff5039c30cb1098954ec1e905b756b2263defaf90492a4bdbe0153e882416f50e82a2dafd15f7afc75a760bd4693,gx-no-cache=1521032702035 HTTP/1.1" 200 30
186.67.172.234 - - [14/Mar/2018:10:06:43 -0300] "POST /cormun/servlet/solicitudot?gx-no-cache=1521032702109 HTTP/1.1" 200 30
200.111.191.210 - - [14/Mar/2018:10:06:44 -0300] "POST /cormun/servlet/hlogin?888aad8118d935f03dcba6a052d18c9b,gx-no-cache=1521032752756 HTTP/1.1" 200 90
200.111.191.210 - - [14/Mar/2018:10:06:44 -0300] "GET /cormun/servlet/hpexe_link HTTP/1.1" 200 954
200.111.191.210 - - [14/Mar/2018:10:06:44 -0300] "GET /cormun/servlet/hhome HTTP/1.1" 200 4194
186.67.172.234 - - [14/Mar/2018:10:06:44 -0300] "POST /cormun/servlet/solicitudot?c4bd19973a1f67703de685d7f5c7c988,INS,0,0,,gx-no-cache=1521032702207 HTTP/1.1" 200 93
186.67.172.234 - - [14/Mar/2018:10:06:44 -0300] "GET /cormun/servlet/hpexe_return? HTTP/1.1" 200 1006
200.111.191.210 - - [14/Mar/2018:10:06:44 -0300] "GET /cormun/servlet/hhome HTTP/1.1" 200 4190
186.67.172.234 - - [14/Mar/2018:10:06:45 -0300] "GET /cormun/servlet/trsolicitudot HTTP/1.1" 200 8820
186.67.172.234 - - [14/Mar/2018:10:06:45 -0300] "GET /cormun/servlet/trsolicitudot HTTP/1.1" 200 8816
186.67.172.234 - - [14/Mar/2018:10:06:52 -0300] "POST /cormun/servlet/trsolicitudot?c4bd19973a1f67703de685d7f5c7c988,gx-no-cache=1521032710667 HTTP/1.1" 200 4697
186.67.172.234 - - [14/Mar/2018:10:06:52 -0300] "GET /cormun/static/Shared/jqueryui/images/ui-bg_highlight-soft_100_c6c2c8_1x100.png HTTP/1.1" 404 1117
186.67.172.234 - - [14/Mar/2018:10:06:52 -0300] "GET /cormun/static/Shared/jqueryui/images/ui-icons_8d78a5_256x240.png HTTP/1.1" 404 1089
186.67.172.234 - - [14/Mar/2018:10:06:52 -0300] "GET /cormun/static/Shared/jqueryui/images/ui-bg_flat_55_fafafa_40x100.png HTTP/1.1" 404 1097
186.67.172.234 - - [14/Mar/2018:10:06:52 -0300] "GET /cormun/static/Shared/jqueryui/images/ui-icons_82798d_256x240.png HTTP/1.1" 404 1089
186.67.172.234 - - [14/Mar/2018:10:06:53 -0300] "POST /cormun/servlet/trsolicitudot?c4bd19973a1f67703de685d7f5c7c988,gx-no-cache=1521032711497 HTTP/1.1" 200 4454
200.111.191.210 - - [14/Mar/2018:10:06:54 -0300] "GET /cormun/servlet/trautorizarpermisogoce? HTTP/1.1" 200 8747
200.111.191.210 - - [14/Mar/2018:10:06:55 -0300] "GET /cormun/servlet/trautorizarpermisogoce? HTTP/1.1" 200 8745
200.111.191.210 - - [14/Mar/2018:10:06:57 -0300] "POST /cormun/servlet/trautorizarpermisogoce?888aad8118d935f03dcba6a052d18c9b,,gx-no-cache=1521032766182 HTTP/1.1" 200 5671
200.111.191.210 - - [14/Mar/2018:10:06:58 -0300] "GET /cormun/static/Shared/jqueryui/images/ui-bg_highlight-soft_100_c6c2c8_1x100.png HTTP/1.1" 404 1117
200.111.191.210 - - [14/Mar/2018:10:06:58 -0300] "GET /cormun/static/Shared/jqueryui/images/ui-bg_flat_55_fafafa_40x100.png HTTP/1.1" 404 1097
200.111.191.210 - - [14/Mar/2018:10:06:58 -0300] "GET /cormun/static/Shared/jqueryui/images/ui-icons_8d78a5_256x240.png HTTP/1.1" 404 1089
200.111.191.210 - - [14/Mar/2018:10:06:58 -0300] "GET /cormun/static/Shared/jqueryui/images/ui-icons_82798d_256x240.png HTTP/1.1" 404 1089
200.111.191.210 - - [14/Mar/2018:10:06:59 -0300] "POST /cormun/servlet/trautorizarpermisogoce?888aad8118d935f03dcba6a052d18c9b,,gx-no-cache=1521032768198 HTTP/1.1" 200 5425
186.67.172.234 - - [14/Mar/2018:10:07:02 -0300] "GET /cormun/servlet/trpermisosgoce? HTTP/1.1" 200 7963
186.67.172.234 - - [14/Mar/2018:10:07:02 -0300] "GET /cormun/static/gxui/gxui-all.css?110300 HTTP/1.1" 200 2179
186.67.172.234 - - [14/Mar/2018:10:07:02 -0300] "GET /cormun/static/gxcfg.js?20177612163875 HTTP/1.1" 200 953
186.67.172.234 - - [14/Mar/2018:10:07:02 -0300] "GET /cormun/static/calendar-system.css?75620 HTTP/1.1" 200 5572
200.111.191.210 - - [14/Mar/2018:10:07:02 -0300] "POST /cormun/servlet/trautorizarpermisogoce?888aad8118d935f03dcba6a052d18c9b,,gx-no-cache=1521032772132 HTTP/1.1" 200 5135
186.67.172.234 - - [14/Mar/2018:10:07:02 -0300] "GET /cormun/static/Shared/ext/resources/css/ext-all.css?205870 HTTP/1.1" 200 416045
186.67.172.234 - - [14/Mar/2018:10:07:02 -0300] "GET /cormun/static/trpermisosgoce.js?20177612164335 HTTP/1.1" 200 35904
186.67.172.234 - - [14/Mar/2018:10:07:02 -0300] "GET /cormun//static/Resources/PXToolsGridDisplay.png HTTP/1.1" 200 362
186.67.172.234 - - [14/Mar/2018:10:07:02 -0300] "GET /cormun//static/Resources/PXToolsActionDisabled.gif HTTP/1.1" 200 53
186.67.172.234 - - [14/Mar/2018:10:07:03 -0300] "GET /cormun//static/Resources/PXToolsActionPrint.png HTTP/1.1" 200 3317
186.67.172.234 - - [14/Mar/2018:10:07:03 -0300] "GET /cormun//static/Resources/PXToolsHeaderHelp.png HTTP/1.1" 200 4055
186.67.172.234 - - [14/Mar/2018:10:07:03 -0300] "GET /cormun/servlet/trpermisosgoce? HTTP/1.1" 200 7963
186.67.172.234 - - [14/Mar/2018:10:07:03 -0300] "GET /cormun//static/Resources/PXToolsHeaderFavorites.png HTTP/1.1" 200 2744
200.111.191.210 - - [14/Mar/2018:10:07:04 -0300] "POST /cormun/servlet/trautorizarpermisogoce?888aad8118d935f03dcba6a052d18c9b,,gx-no-cache=1521032773661 HTTP/1.1" 200 4376
200.54.247.70 - - [14/Mar/2018:10:07:19 -0300] "GET /cormun/servlet/solicitudot?INS,0,0, HTTP/1.1" 200 12660
200.54.247.70 - - [14/Mar/2018:10:07:23 -0300] "GET /cormun/servlet/solicitudot?02325bd1e8384bacc46918bfca78f880c6d4109f907a21df472ac097638b547b6a5da41fd7475013b6b850d4f5e02864ec33bf57e005a97a261646e8c920f7b15939d1bd79fc0e4faa3ba68e277b6dd227fbd82bbee7f969b7a39e3b4e5353f16e21e6d9ea05e0116b877b11115318d767f408efe628ba152cbc81269a3314a8c008141bdc3a8cae750a7fc29a65c1f15667be086bf9165c4169adcbcf9b87a9e562baa894312826bc716d979864d6ceed725f264a5bc41fa0f68e761e1c1344dbcb13e198d85af3ea5eeb89c9a536bf5f0e5a0a85f940395becae01c71e12bca126fce9208f7bf489c988ce4bfa919a944b106bfb5d893a8cdf189bb77ea3ddbac565ce77f432e29624b2b44066eeed28addf36d5b8ea1a1468e9f62253339962b643d35c002241fe5e2131b44d2931d0f985533c676d870d5b1984c17e9eb96628f5aee45076103429c2a820f2f848f891d82bc2e327000d2fbd2f92f1617fe56b919fb2432e8edca31ebdc32cb76f2c0ccb2c46222199ebddd6901788de2f,gx-no-cache=1521032791793 HTTP/1.1" 500 10
200.54.247.70 - - [14/Mar/2018:10:07:25 -0300] "POST /cormun/servlet/solicitudot?gx-no-cache=1521032792381 HTTP/1.1" 440 972
186.67.172.234 - - [14/Mar/2018:10:07:33 -0300] "GET /cormun/servlet/permisogoce?INS,0,,, HTTP/1.1" 200 7095
186.67.172.234 - - [14/Mar/2018:10:07:34 -0300] "GET /cormun/static/gxcfg.js?201776126440 HTTP/1.1" 200 953
186.67.172.234 - - [14/Mar/2018:10:07:34 -0300] "GET /cormun/static/permisogoce.js?2017761264459 HTTP/1.1" 200 27897
200.54.247.70 - - [14/Mar/2018:10:07:34 -0300] "POST /cormun/servlet/solicitudot?gx-no-cache=1521032798189 HTTP/1.1" 440 972
186.67.172.234 - - [14/Mar/2018:10:07:35 -0300] "GET /cormun/servlet/permisogoce?INS,0,,, HTTP/1.1" 200 7095
200.54.247.70 - - [14/Mar/2018:10:07:38 -0300] "POST /cormun/servlet/solicitudot?gx-no-cache=1521032807034 HTTP/1.1" 440 972
200.54.247.70 - - [14/Mar/2018:10:07:38 -0300] "GET /cormun/servlet/solicitudot?INS,0,0, HTTP/1.1" 200 12660
200.111.191.210 - - [14/Mar/2018:10:07:45 -0300] "GET /cormun/static/Shared/jqueryui/images/ui-bg_highlight-soft_100_eae6ea_1x100.png HTTP/1.1" 404 1117
200.111.191.210 - - [14/Mar/2018:10:07:47 -0300] "GET /cormun/servlet/hlogin HTTP/1.1" 200 1747
192.168.10.89 - - [14/Mar/2018:10:07:50 -0300] "POST /cormun/servlet/trsolicitudgral?9747ee834bbd6a7052a28a2dd7f36348,gx-no-cache=1521032706048 HTTP/1.1" 200 7922
186.67.203.186 - - [14/Mar/2018:10:08:01 -0300] "GET /cormun/servlet/trsolicitudot? HTTP/1.1" 200 7437
186.67.203.186 - - [14/Mar/2018:10:08:01 -0300] "GET /cormun/servlet/trsolicitudot? HTTP/1.1" 200 7437
186.67.203.186 - - [14/Mar/2018:10:08:03 -0300] "GET /cormun/static/menuarrow.gif HTTP/1.1" 404 1015
186.67.172.234 - - [14/Mar/2018:10:08:30 -0300] "GET /cormun/servlet/permisogoce?c47720b8704d4fc4604b772114849cf53515c8623112fb2411ea565c1311c02be32b9009585795550da908447999adef,gx-no-cache=1521032809199 HTTP/1.1" 200 79
186.67.172.234 - - [14/Mar/2018:10:08:30 -0300] "GET /cormun/static/menuarrow.gif HTTP/1.1" 404 1015
186.67.203.186 - - [14/Mar/2018:10:08:35 -0300] "POST /cormun/servlet/trsolicitudot?76036e32b845ef2ad370725cbe7f1740,,gx-no-cache=1521032861922 HTTP/1.1" 200 19342
186.67.172.234 - - [14/Mar/2018:10:08:40 -0300] "GET /cormun/servlet/permisogoce?c47720b8704d4fc4604b772114849cf5ec38f2f6bb4d13bee056ea0de67fb05979288d5a81e9e481a9e5f9a352f670089f5e90a02ad1df6bb7b9644938b8decb,gx-no-cache=1521032818645 HTTP/1.1" 200 46
186.67.172.234 - - [14/Mar/2018:10:08:50 -0300] "POST /cormun/servlet/permisogoce?c4bd19973a1f67703de685d7f5c7c988,INS,0,,,,gx-no-cache=1521032827846 HTTP/1.1" 200 93
186.67.172.234 - - [14/Mar/2018:10:08:50 -0300] "GET /cormun/servlet/hpexe_return? HTTP/1.1" 200 1011
186.67.172.234 - - [14/Mar/2018:10:08:51 -0300] "GET /cormun/servlet/trpermisosgoce HTTP/1.1" 200 8379
186.67.172.234 - - [14/Mar/2018:10:08:51 -0300] "GET /cormun/servlet/trpermisosgoce HTTP/1.1" 200 8375
186.67.172.234 - - [14/Mar/2018:10:09:08 -0300] "GET /cormun/servlet/permisogoce?INS,0,,, HTTP/1.1" 200 7095
186.67.172.234 - - [14/Mar/2018:10:09:08 -0300] "GET /cormun/servlet/permisogoce?INS,0,,, HTTP/1.1" 200 7095
186.67.164.142 - - [14/Mar/2018:10:09:10 -0300] "GET /cormun/servlet/hlogin HTTP/1.1" 200 1716
186.67.164.142 - - [14/Mar/2018:10:09:11 -0300] "GET /cormun/servlet/hlogin HTTP/1.1" 200 1727
186.67.172.234 - - [14/Mar/2018:10:09:21 -0300] "GET /cormun/servlet/permisogoce?c47720b8704d4fc4604b772114849cf592f923c2eb1cb655e05d110b5bf03bb8a4900f5dece5aaf2cd0dd941790f134827687dfbb23f1a9c3296cef136c36948,gx-no-cache=1521032860116 HTTP/1.1" 200 83
186.67.172.234 - - [14/Mar/2018:10:09:21 -0300] "GET /cormun/static/menuarrow.gif HTTP/1.1" 404 1015
186.67.172.234 - - [14/Mar/2018:10:09:31 -0300] "GET /cormun/servlet/permisogoce?c47720b8704d4fc4604b772114849cf534e5c8d397501e7547944650bffd8ab0a403951e7a4f17e4391cfb23c71e3083cdc050006443981b8fb6175a2a084d52,gx-no-cache=1521032870185 HTTP/1.1" 200 47
186.67.164.142 - - [14/Mar/2018:10:09:36 -0300] "POST /cormun/servlet/hlogin?36bcad1f198134f699ec6f977555238b,gx-no-cache=1521032925951 HTTP/1.1" 200 90
186.67.164.142 - - [14/Mar/2018:10:09:36 -0300] "GET /cormun/servlet/hpexe_link HTTP/1.1" 200 948
186.67.164.142 - - [14/Mar/2018:10:09:37 -0300] "GET /cormun/servlet/hhome HTTP/1.1" 200 4167
186.67.172.234 - - [14/Mar/2018:10:09:38 -0300] "POST /cormun/servlet/permisogoce?c4bd19973a1f67703de685d7f5c7c988,INS,0,,,,gx-no-cache=1521032876630 HTTP/1.1" 200 93
186.67.172.234 - - [14/Mar/2018:10:09:38 -0300] "GET /cormun/servlet/hpexe_return? HTTP/1.1" 200 1011
186.67.164.142 - - [14/Mar/2018:10:09:38 -0300] "GET /cormun/servlet/hhome HTTP/1.1" 200 4164
186.67.172.234 - - [14/Mar/2018:10:09:38 -0300] "GET /cormun/servlet/trpermisosgoce HTTP/1.1" 200 8609
186.67.172.234 - - [14/Mar/2018:10:09:39 -0300] "GET /cormun/servlet/trpermisosgoce HTTP/1.1" 200 8605
186.67.164.142 - - [14/Mar/2018:10:09:42 -0300] "GET /cormun/servlet/trautorizarsolicitud? HTTP/1.1" 200 9102
186.67.164.142 - - [14/Mar/2018:10:09:43 -0300] "GET /cormun/servlet/trautorizarsolicitud? HTTP/1.1" 200 9102
186.67.172.234 - - [14/Mar/2018:10:09:44 -0300] "GET /cormun/servlet/permisogoce?INS,0,,, HTTP/1.1" 200 7097
186.67.172.234 - - [14/Mar/2018:10:09:44 -0300] "GET /cormun/servlet/permisogoce?INS,0,,, HTTP/1.1" 200 7096
186.67.172.234 - - [14/Mar/2018:10:09:55 -0300] "GET /cormun/servlet/permisogoce?c47720b8704d4fc4604b772114849cf5fb9a363c96e06c699aaafcd6f27feb93a4900f5dece5aaf2cd0dd941790f134827687dfbb23f1a9c3296cef136c36948,gx-no-cache=1521032894452 HTTP/1.1" 200 73
186.67.172.234 - - [14/Mar/2018:10:09:55 -0300] "GET /cormun/static/menuarrow.gif HTTP/1.1" 404 1015
186.67.172.234 - - [14/Mar/2018:10:10:05 -0300] "GET /cormun/servlet/permisogoce?c47720b8704d4fc4604b772114849cf5fbafb57190f62005e929fb1ee0925d49c20ff1f740405778977a5100be2d3a5a6af3df7087597c14a0af55c50934ec9b,gx-no-cache=1521032904209 HTTP/1.1" 200 46
186.67.172.234 - - [14/Mar/2018:10:10:10 -0300] "POST /cormun/servlet/permisogoce?c4bd19973a1f67703de685d7f5c7c988,INS,0,,,,gx-no-cache=1521032909180 HTTP/1.1" 200 93
186.67.172.234 - - [14/Mar/2018:10:10:10 -0300] "GET /cormun/servlet/hpexe_return? HTTP/1.1" 200 1011
186.67.172.234 - - [14/Mar/2018:10:10:11 -0300] "GET /cormun/servlet/trpermisosgoce HTTP/1.1" 200 8840
186.67.172.234 - - [14/Mar/2018:10:10:11 -0300] "GET /cormun/servlet/trpermisosgoce HTTP/1.1" 200 8836
192.168.10.89 - - [14/Mar/2018:10:10:17 -0300] "POST /cormun/servlet/trsolicitudgral?9747ee834bbd6a7052a28a2dd7f36348,gx-no-cache=1521032853042 HTTP/1.1" 200 8347
186.67.164.142 - - [14/Mar/2018:10:10:19 -0300] "POST /cormun/servlet/trautorizarsolicitud?36bcad1f198134f699ec6f977555238b,,gx-no-cache=1521032967683 HTTP/1.1" 200 5798
186.67.164.142 - - [14/Mar/2018:10:10:19 -0300] "GET /cormun/static/Shared/jqueryui/images/ui-icons_82798d_256x240.png HTTP/1.1" 404 1089
186.67.164.142 - - [14/Mar/2018:10:10:19 -0300] "GET /cormun/static/Shared/jqueryui/images/ui-bg_flat_55_fafafa_40x100.png HTTP/1.1" 404 1097
186.67.164.142 - - [14/Mar/2018:10:10:19 -0300] "GET /cormun/static/Shared/jqueryui/images/ui-icons_8d78a5_256x240.png HTTP/1.1" 404 1089
186.67.164.142 - - [14/Mar/2018:10:10:19 -0300] "GET /cormun/static/Shared/jqueryui/images/ui-bg_highlight-soft_100_c6c2c8_1x100.png HTTP/1.1" 404 1117
186.67.172.234 - - [14/Mar/2018:10:10:20 -0300] "GET /cormun/servlet/trpermisosadjuntos?6862513,20180314100449,P, HTTP/1.1" 200 6538
186.67.172.234 - - [14/Mar/2018:10:10:20 -0300] "GET /cormun/static/gxcfg.js?201762817193957 HTTP/1.1" 200 953
186.67.172.234 - - [14/Mar/2018:10:10:20 -0300] "GET /cormun/static/trpermisosadjuntos.js?201762817194366 HTTP/1.1" 200 20158
186.67.172.234 - - [14/Mar/2018:10:10:20 -0300] "GET /cormun/static/Resources/Spanish/PXTools.css?17315867 HTTP/1.1" 200 89042
186.67.172.234 - - [14/Mar/2018:10:10:21 -0300] "GET /cormun/servlet/trpermisosadjuntos?6862513,20180314100449,P, HTTP/1.1" 200 6538
186.67.164.142 - - [14/Mar/2018:10:10:21 -0300] "POST /cormun/servlet/trautorizarsolicitud?36bcad1f198134f699ec6f977555238b,,gx-no-cache=1521032969249 HTTP/1.1" 200 5746
186.67.172.234 - - [14/Mar/2018:10:10:23 -0300] "GET /cormun/servlet/permisosadjuntos?INS,6862513,P,20180314100449,, HTTP/1.1" 200 5868
186.67.172.234 - - [14/Mar/2018:10:10:23 -0300] "GET /cormun/static/gxcfg.js?201762717441171 HTTP/1.1" 200 953
186.67.172.234 - - [14/Mar/2018:10:10:23 -0300] "GET /cormun/static/permisosadjuntos.js?201762717441184 HTTP/1.1" 200 8724
186.67.172.234 - - [14/Mar/2018:10:10:23 -0300] "GET /cormun/static/about:blank HTTP/1.1" 404 1011
186.67.172.234 - - [14/Mar/2018:10:10:23 -0300] "GET /cormun/servlet/permisosadjuntos?INS,6862513,P,20180314100449,, HTTP/1.1" 200 5858
192.168.10.89 - - [14/Mar/2018:10:10:25 -0300] "POST /cormun/servlet/trsolicitudgral?9747ee834bbd6a7052a28a2dd7f36348,gx-no-cache=1521032861903 HTTP/1.1" 200 7898
186.67.164.142 - - [14/Mar/2018:10:10:38 -0300] "GET /cormun/servlet/solicitudot?INS,0,0, HTTP/1.1" 200 13416
186.67.164.142 - - [14/Mar/2018:10:10:42 -0300] "GET /cormun/servlet/solicitudot?INS,0,0, HTTP/1.1" 200 13421
186.67.164.142 - - [14/Mar/2018:10:11:09 -0300] "POST /cormun/servlet/solicitudot?gx-no-cache=1521033018975 HTTP/1.1" 200 3422
186.67.164.142 - - [14/Mar/2018:10:11:13 -0300] "POST /cormun/servlet/solicitudot?a8f7913fdaf411c722f665f383492d45,INS,0,0,,gx-no-cache=1521033019402 HTTP/1.1" 200 10395
186.67.164.142 - - [14/Mar/2018:10:11:21 -0300] "GET /cormun/servlet/solicitudot?590325a85599074d5ae6e6485f17d0b6f7a1b314d1b088eede256874344a06bdeec5ff459a4cab73f1e8cfe5162fa53a,gx-no-cache=1521033031849 HTTP/1.1" 200 30
186.67.164.142 - - [14/Mar/2018:10:11:22 -0300] "GET /cormun/servlet/solicitudot?590325a85599074d5ae6e6485f17d0b601fba2b2d4d0a472957d300d7801a1cccbb5cbcaea9a8c9b123cd43836c13a380e254f1c4e75970179b929ba05b9ac89,gx-no-cache=1521033031952 HTTP/1.1" 200 30
186.67.164.142 - - [14/Mar/2018:10:11:22 -0300] "GET /cormun/servlet/solicitudot?590325a85599074d5ae6e6485f17d0b628141ea77e2086001e0148463aa37917,gx-no-cache=1521033032549 HTTP/1.1" 200 53
186.67.164.142 - - [14/Mar/2018:10:11:23 -0300] "POST /cormun/servlet/solicitudot?gx-no-cache=1521033032629 HTTP/1.1" 200 297
186.67.164.142 - - [14/Mar/2018:10:11:26 -0300] "GET /cormun/servlet/solicitudot?590325a85599074d5ae6e6485f17d0b6149e8cfbc9d735bba69a3a4504bca6acca088ee8c38363db76fb152aa24b72c3a7ed256d059e12984116b1b13d74d4833ed83d545ba719b62d1dc2e0c0833f809286964c099ec9c169b6ee0231cec3011011103c15e972503d6937d422940e49f5df269eec7c71127e73bf21d0bb3693f69be44009a5df894f08753f7b143d79d94efdddbc0c1e19548af41335e033fa5c060591dda4b9aee0d72b49b2d67572e654c832596306e30728ee9e619afb675c8608fff98b9293b98b6447f71132dba2fd9ced0aca4295e8311c2aeef71f4f5b997f10cde6000525cb58443f7f3b59ed5c0cf9c310765948a249ed85a792d71b73ed4eb0076dfbee6daea6422e1659d69ad6b77ffe7c61ad093a259a41baf0afeb3fb0ea9ceb36ced08f7f4c7ffef6e053bb5b438605f83f390dff9f31e77551fd4ce5a54a842eb3a6c47dce42cf4ade94710afcc7c4ec15b388c936eac5418ce732c1c594051e42153c4ffad9fe067ca4083e046ad8616243a43039755498777ef9a3adfff3f238741a4584e7de22,gx-no-cache=1521033033964 HTTP/1.1" 200 30
186.67.164.142 - - [14/Mar/2018:10:11:30 -0300] "POST /cormun/servlet/solicitudot?gx-no-cache=1521033040640 HTTP/1.1" 200 30
186.67.172.234 - - [14/Mar/2018:10:11:46 -0300] "POST /cormun/servlet/permisosadjuntos?c4bd19973a1f67703de685d7f5c7c988,INS,6862513,P,20180314100449,, HTTP/1.1" 200 116
186.67.172.234 - - [14/Mar/2018:10:11:47 -0300] "GET /cormun/servlet/hpexe_return? HTTP/1.1" 200 1037
186.67.172.234 - - [14/Mar/2018:10:11:47 -0300] "GET /cormun/servlet/trpermisosadjuntos?6862513,20180314100449,P, HTTP/1.1" 200 7033
186.67.172.234 - - [14/Mar/2018:10:11:48 -0300] "GET /cormun/servlet/trpermisosadjuntos?6862513,20180314100449,P, HTTP/1.1" 200 7029
186.67.172.234 - - [14/Mar/2018:10:11:54 -0300] "GET /cormun/servlet/permisosadjuntos?INS,6862513,P,20180314100449,, HTTP/1.1" 200 5867
186.67.172.234 - - [14/Mar/2018:10:11:55 -0300] "GET /cormun/static/about:blank HTTP/1.1" 404 1011
186.67.172.234 - - [14/Mar/2018:10:11:55 -0300] "GET /cormun/servlet/permisosadjuntos?INS,6862513,P,20180314100449,, HTTP/1.1" 200 5858
186.67.164.142 - - [14/Mar/2018:10:11:57 -0300] "POST /cormun/servlet/solicitudot?gx-no-cache=1521033067244 HTTP/1.1" 200 1336
186.67.164.142 - - [14/Mar/2018:10:11:58 -0300] "POST /cormun/servlet/solicitudot?gx-no-cache=1521033067775 HTTP/1.1" 200 38
186.67.164.142 - - [14/Mar/2018:10:12:00 -0300] "GET /cormun/servlet/prcontratosol?17873491,,,,,MD,,gxPopupLevel%3D0%3B HTTP/1.1" 200 7650
186.67.164.142 - - [14/Mar/2018:10:12:05 -0300] "POST /cormun/servlet/solicitudot?gx-no-cache=1521033073349 HTTP/1.1" 200 1336
186.67.164.142 - - [14/Mar/2018:10:12:10 -0300] "POST /cormun/servlet/solicitudot?gx-no-cache=1521033075730 HTTP/1.1" 200 38
186.67.164.142 - - [14/Mar/2018:10:12:10 -0300] "GET /cormun/servlet/solicitudot?590325a85599074d5ae6e6485f17d0b66da6a6658f6a0cf0a6f8561d99274ffd6f8ffb9cedfae820c756e2943b46d145c74c7ce9e5446d9d4dc871ca0b41e54aae8ba6f338105ddd38b49feb3665591fb096cc17af6f7cacc77260c94b1aca674fc5743e5d81febe1fe22082c7ce1b03,gx-no-cache=1521033080412 HTTP/1.1" 200 29
186.67.172.234 - - [14/Mar/2018:10:12:18 -0300] "POST /cormun/servlet/permisosadjuntos?c4bd19973a1f67703de685d7f5c7c988,INS,6862513,P,20180314100449,, HTTP/1.1" 200 116
186.67.172.234 - - [14/Mar/2018:10:12:18 -0300] "GET /cormun/servlet/hpexe_return? HTTP/1.1" 200 1037
186.67.172.234 - - [14/Mar/2018:10:12:18 -0300] "GET /cormun/servlet/trpermisosadjuntos?6862513,20180314100449,P, HTTP/1.1" 200 7135
186.67.172.234 - - [14/Mar/2018:10:12:19 -0300] "GET /cormun/servlet/trpermisosadjuntos?6862513,20180314100449,P, HTTP/1.1" 200 7132
186.67.172.234 - - [14/Mar/2018:10:12:24 -0300] "GET /cormun/servlet/permisosadjuntos?DLT,6862513,P,20180314100449,20180314100910, HTTP/1.1" 200 5891
186.67.172.234 - - [14/Mar/2018:10:12:25 -0300] "GET /cormun/static/Shared/jqueryui/images/ui-icons_82798d_256x240.png HTTP/1.1" 404 1089
186.67.172.234 - - [14/Mar/2018:10:12:25 -0300] "GET /cormun/static/Shared/jqueryui/images/ui-bg_highlight-soft_100_c6c2c8_1x100.png HTTP/1.1" 404 1117
186.67.172.234 - - [14/Mar/2018:10:12:25 -0300] "GET /cormun/static/Shared/jqueryui/images/ui-icons_8d78a5_256x240.png HTTP/1.1" 404 1089
186.67.172.234 - - [14/Mar/2018:10:12:25 -0300] "GET /cormun/PublicTempStorage/mardones_angelica5302040.pdf HTTP/1.1" 200 441687
186.67.172.234 - - [14/Mar/2018:10:12:25 -0300] "GET /cormun/servlet/permisosadjuntos?DLT,6862513,P,20180314100449,20180314100910, HTTP/1.1" 200 5881
186.67.172.234 - - [14/Mar/2018:10:12:25 -0300] "GET /cormun/static/Shared/jqueryui/images/ui-bg_flat_55_fafafa_40x100.png HTTP/1.1" 404 1097
186.67.164.142 - - [14/Mar/2018:10:12:31 -0300] "POST /cormun/servlet/solicitudot?gx-no-cache=1521033080502 HTTP/1.1" 500 4102
186.67.164.142 - - [14/Mar/2018:10:12:32 -0300] "POST /cormun/servlet/solicitudot?gx-no-cache=1521033101942 HTTP/1.1" 200 1218
186.67.164.142 - - [14/Mar/2018:10:12:32 -0300] "GET /cormun/servlet/solicitudot?590325a85599074d5ae6e6485f17d0b6398de6f71614a9a6afa9437686cdbe2f49bc19da56fae19a057f50099dfa5701,gx-no-cache=1521033102157 HTTP/1.1" 200 30
186.67.172.234 - - [14/Mar/2018:10:12:39 -0300] "GET /cormun/servlet/trpermisosadjuntos?6862513,20180314100449,P, HTTP/1.1" 200 7135
186.67.172.234 - - [14/Mar/2018:10:12:40 -0300] "GET /cormun/servlet/trpermisosadjuntos?6862513,20180314100449,P, HTTP/1.1" 200 7131
186.67.172.234 - - [14/Mar/2018:10:12:47 -0300] "GET /cormun/servlet/permisosadjuntos?DLT,6862513,P,20180314100449,20180314100910, HTTP/1.1" 200 5891
186.67.172.234 - - [14/Mar/2018:10:12:47 -0300] "GET /cormun/static/Shared/jqueryui/images/ui-bg_flat_55_fafafa_40x100.png HTTP/1.1" 404 1097
186.67.172.234 - - [14/Mar/2018:10:12:47 -0300] "GET /cormun/static/Shared/jqueryui/images/ui-bg_highlight-soft_100_c6c2c8_1x100.png HTTP/1.1" 404 1117
186.67.172.234 - - [14/Mar/2018:10:12:47 -0300] "GET /cormun/servlet/permisosadjuntos?DLT,6862513,P,20180314100449,20180314100910, HTTP/1.1" 200 5880
186.67.172.234 - - [14/Mar/2018:10:12:48 -0300] "GET /cormun/static/Shared/jqueryui/images/ui-icons_82798d_256x240.png HTTP/1.1" 404 1089
186.67.172.234 - - [14/Mar/2018:10:12:48 -0300] "GET /cormun/static/Shared/jqueryui/images/ui-icons_8d78a5_256x240.png HTTP/1.1" 404 1089
186.67.172.234 - - [14/Mar/2018:10:12:52 -0300] "GET /cormun/PublicTempStorage/mardones_angelica7872337.pdf HTTP/1.1" 200 441687
186.67.172.234 - - [14/Mar/2018:10:12:54 -0300] "POST /cormun/servlet/permisosadjuntos?c4bd19973a1f67703de685d7f5c7c988,DLT,6862513,P,20180314100449,20180314100910,,gx-no-cache=1521033072356 HTTP/1.1" 200 93
186.67.172.234 - - [14/Mar/2018:10:12:54 -0300] "GET /cormun/servlet/hpexe_return? HTTP/1.1" 200 1043
186.67.172.234 - - [14/Mar/2018:10:12:54 -0300] "GET /cormun/servlet/trpermisosadjuntos?6862513,20180314100449,P, HTTP/1.1" 200 7033
186.67.172.234 - - [14/Mar/2018:10:12:55 -0300] "GET /cormun/servlet/trpermisosadjuntos?6862513,20180314100449,P, HTTP/1.1" 200 7029
186.67.172.234 - - [14/Mar/2018:10:13:01 -0300] "POST /cormun/servlet/trpermisosadjuntos?c4bd19973a1f67703de685d7f5c7c988,6862513,20180314100449,P,,gx-no-cache=1521033078580 HTTP/1.1" 200 90
186.67.172.234 - - [14/Mar/2018:10:13:01 -0300] "GET /cormun/servlet/hpexe_link HTTP/1.1" 200 983
186.67.172.234 - - [14/Mar/2018:10:13:01 -0300] "GET /cormun/servlet/trpermisosgoce HTTP/1.1" 200 8841
186.67.172.234 - - [14/Mar/2018:10:13:02 -0300] "GET /cormun/servlet/trpermisosgoce HTTP/1.1" 200 8840
186.67.172.234 - - [14/Mar/2018:10:13:07 -0300] "GET /cormun/servlet/trpermisosadjuntos?15739042,20180314100624,P, HTTP/1.1" 200 6541
186.67.172.234 - - [14/Mar/2018:10:13:08 -0300] "GET /cormun/servlet/trpermisosadjuntos?15739042,20180314100624,P, HTTP/1.1" 200 6541
186.67.172.234 - - [14/Mar/2018:10:13:09 -0300] "GET /cormun/servlet/permisosadjuntos?INS,15739042,P,20180314100624,, HTTP/1.1" 200 5869
186.67.172.234 - - [14/Mar/2018:10:13:10 -0300] "GET /cormun/servlet/permisosadjuntos?INS,15739042,P,20180314100624,, HTTP/1.1" 200 5858
186.67.172.234 - - [14/Mar/2018:10:13:10 -0300] "GET /cormun/static/about:blank HTTP/1.1" 404 1011
186.67.172.234 - - [14/Mar/2018:10:13:31 -0300] "POST /cormun/servlet/permisosadjuntos?c4bd19973a1f67703de685d7f5c7c988,INS,15739042,P,20180314100624,, HTTP/1.1" 200 116
186.67.172.234 - - [14/Mar/2018:10:13:32 -0300] "GET /cormun/servlet/hpexe_return? HTTP/1.1" 200 1038
186.67.172.234 - - [14/Mar/2018:10:13:32 -0300] "GET /cormun/servlet/trpermisosadjuntos?15739042,20180314100624,P, HTTP/1.1" 200 7045
186.67.172.234 - - [14/Mar/2018:10:13:32 -0300] "GET /cormun/servlet/trpermisosadjuntos?15739042,20180314100624,P, HTTP/1.1" 200 7041
186.67.172.234 - - [14/Mar/2018:10:13:36 -0300] "POST /cormun/servlet/trpermisosadjuntos?c4bd19973a1f67703de685d7f5c7c988,15739042,20180314100624,P,,gx-no-cache=1521033114517 HTTP/1.1" 200 90
186.67.172.234 - - [14/Mar/2018:10:13:36 -0300] "GET /cormun/servlet/hpexe_link HTTP/1.1" 200 984
186.67.172.234 - - [14/Mar/2018:10:13:36 -0300] "GET /cormun/servlet/trpermisosgoce HTTP/1.1" 200 8838
186.67.172.234 - - [14/Mar/2018:10:13:37 -0300] "GET /cormun/servlet/trpermisosgoce HTTP/1.1" 200 8836
186.67.172.234 - - [14/Mar/2018:10:13:41 -0300] "GET /cormun/servlet/trpermisosadjuntos?11231871,20180314100700,P, HTTP/1.1" 200 6532
186.67.172.234 - - [14/Mar/2018:10:13:42 -0300] "GET /cormun/servlet/trpermisosadjuntos?11231871,20180314100700,P, HTTP/1.1" 200 6532
186.67.172.234 - - [14/Mar/2018:10:13:43 -0300] "GET /cormun/servlet/permisosadjuntos?INS,11231871,P,20180314100700,, HTTP/1.1" 200 5862
186.67.172.234 - - [14/Mar/2018:10:13:43 -0300] "GET /cormun/static/about:blank HTTP/1.1" 404 1011
186.67.172.234 - - [14/Mar/2018:10:13:44 -0300] "GET /cormun/servlet/permisosadjuntos?INS,11231871,P,20180314100700,, HTTP/1.1" 200 5850
186.67.172.234 - - [14/Mar/2018:10:13:57 -0300] "POST /cormun/servlet/permisosadjuntos?c4bd19973a1f67703de685d7f5c7c988,INS,11231871,P,20180314100700,, HTTP/1.1" 200 116
186.67.172.234 - - [14/Mar/2018:10:13:58 -0300] "GET /cormun/servlet/hpexe_return? HTTP/1.1" 200 1038
186.67.172.234 - - [14/Mar/2018:10:13:58 -0300] "GET /cormun/servlet/trpermisosadjuntos?11231871,20180314100700,P, HTTP/1.1" 200 7023
186.67.172.234 - - [14/Mar/2018:10:13:58 -0300] "GET /cormun/servlet/trpermisosadjuntos?11231871,20180314100700,P, HTTP/1.1" 200 7020
186.67.172.234 - - [14/Mar/2018:10:14:02 -0300] "POST /cormun/servlet/trpermisosadjuntos?c4bd19973a1f67703de685d7f5c7c988,11231871,20180314100700,P,,gx-no-cache=1521033140363 HTTP/1.1" 200 90
186.67.172.234 - - [14/Mar/2018:10:14:02 -0300] "GET /cormun/servlet/hpexe_link HTTP/1.1" 200 983
186.67.172.234 - - [14/Mar/2018:10:14:05 -0300] "GET /cormun/servlet/trpermisosgoce HTTP/1.1" 200 8841
186.67.172.234 - - [14/Mar/2018:10:14:05 -0300] "GET /cormun/servlet/trpermisosgoce HTTP/1.1" 200 8840
186.67.172.234 - - [14/Mar/2018:10:14:42 -0300] "POST /cormun/servlet/trpermisosgoce?c4bd19973a1f67703de685d7f5c7c988,gx-no-cache=1521033180652 HTTP/1.1" 200 5989
186.67.172.234 - - [14/Mar/2018:10:14:42 -0300] "GET /cormun/static/Shared/jqueryui/images/ui-bg_flat_55_fafafa_40x100.png HTTP/1.1" 404 1097
186.67.172.234 - - [14/Mar/2018:10:14:42 -0300] "GET /cormun/static/Shared/jqueryui/images/ui-icons_8d78a5_256x240.png HTTP/1.1" 404 1089
186.67.172.234 - - [14/Mar/2018:10:14:43 -0300] "GET /cormun/static/Shared/jqueryui/images/ui-icons_82798d_256x240.png HTTP/1.1" 404 1089
186.67.172.234 - - [14/Mar/2018:10:14:43 -0300] "GET /cormun/static/Shared/jqueryui/images/ui-bg_highlight-soft_100_c6c2c8_1x100.png HTTP/1.1" 404 1117
186.67.172.234 - - [14/Mar/2018:10:14:54 -0300] "POST /cormun/servlet/trpermisosgoce?c4bd19973a1f67703de685d7f5c7c988,gx-no-cache=1521033192162 HTTP/1.1" 200 5980
186.67.172.234 - - [14/Mar/2018:10:15:02 -0300] "POST /cormun/servlet/trpermisosgoce?c4bd19973a1f67703de685d7f5c7c988,gx-no-cache=1521033199920 HTTP/1.1" 200 5948
186.67.164.142 - - [14/Mar/2018:10:15:04 -0300] "POST /cormun/servlet/solicitudot?gx-no-cache=1521033253876 HTTP/1.1" 200 1318
186.67.164.142 - - [14/Mar/2018:10:15:04 -0300] "POST /cormun/servlet/solicitudot?gx-no-cache=1521033254068 HTTP/1.1" 200 1218
186.79.172.13 - - [14/Mar/2018:10:15:06 -0300] "GET /cormun/servlet/hlogin HTTP/1.1" 200 1719
186.79.172.13 - - [14/Mar/2018:10:15:07 -0300] "GET /cormun/servlet/hlogin HTTP/1.1" 200 1728
186.79.172.13 - - [14/Mar/2018:10:15:07 -0300] "GET /favicon.ico HTTP/1.1" 200 21630
186.67.172.234 - - [14/Mar/2018:10:15:10 -0300] "GET /cormun/servlet/trautorizarpermisogoce? HTTP/1.1" 200 8412
186.67.172.234 - - [14/Mar/2018:10:15:10 -0300] "GET /cormun/static/gxcfg.js?20177612165975 HTTP/1.1" 200 953
186.67.172.234 - - [14/Mar/2018:10:15:10 -0300] "GET /cormun/static/trautorizarpermisogoce.js?2017761217384 HTTP/1.1" 200 34948
186.67.172.234 - - [14/Mar/2018:10:15:11 -0300] "GET /cormun/servlet/trautorizarpermisogoce? HTTP/1.1" 200 8412
186.79.172.13 - - [14/Mar/2018:10:15:14 -0300] "POST /cormun/servlet/hlogin?063429a385fa774d00885938e91cd48e,gx-no-cache=1521033269508 HTTP/1.1" 200 90
186.67.164.142 - - [14/Mar/2018:10:15:15 -0300] "POST /cormun/servlet/solicitudot?a8f7913fdaf411c722f665f383492d45,INS,0,0,,gx-no-cache=1521033264532 HTTP/1.1" 200 93
186.79.172.13 - - [14/Mar/2018:10:15:15 -0300] "GET /cormun/servlet/hpexe_link HTTP/1.1" 200 951
186.79.172.13 - - [14/Mar/2018:10:15:15 -0300] "GET /cormun/servlet/hhome HTTP/1.1" 200 4229
186.67.164.142 - - [14/Mar/2018:10:15:16 -0300] "GET /cormun/servlet/hpexe_return? HTTP/1.1" 200 1028
186.67.164.142 - - [14/Mar/2018:10:15:16 -0300] "GET /cormun/servlet/trsolicitudot?gx-no-cache=1521032388216 HTTP/1.1" 200 8573
186.67.164.142 - - [14/Mar/2018:10:15:17 -0300] "GET /cormun/servlet/trsolicitudot?gx-no-cache=1521032388216 HTTP/1.1" 200 8593
186.79.172.13 - - [14/Mar/2018:10:15:17 -0300] "GET /cormun/servlet/hhome HTTP/1.1" 200 4225
186.67.172.234 - - [14/Mar/2018:10:15:18 -0300] "POST /cormun/servlet/trautorizarpermisogoce?c4bd19973a1f67703de685d7f5c7c988,,gx-no-cache=1521033215819 HTTP/1.1" 200 5380
186.67.172.234 - - [14/Mar/2018:10:15:18 -0300] "GET /cormun/static/Shared/jqueryui/images/ui-bg_highlight-soft_100_c6c2c8_1x100.png HTTP/1.1" 404 1117
186.67.172.234 - - [14/Mar/2018:10:15:18 -0300] "GET /cormun/static/Shared/jqueryui/images/ui-bg_flat_55_fafafa_40x100.png HTTP/1.1" 404 1097
186.67.172.234 - - [14/Mar/2018:10:15:18 -0300] "GET /cormun/static/Shared/jqueryui/images/ui-icons_8d78a5_256x240.png HTTP/1.1" 404 1089
186.67.172.234 - - [14/Mar/2018:10:15:18 -0300] "GET /cormun/static/Shared/jqueryui/images/ui-icons_82798d_256x240.png HTTP/1.1" 404 1089
186.67.172.234 - - [14/Mar/2018:10:15:20 -0300] "POST /cormun/servlet/trautorizarpermisogoce?c4bd19973a1f67703de685d7f5c7c988,,gx-no-cache=1521033218320 HTTP/1.1" 200 5127
186.67.172.234 - - [14/Mar/2018:10:15:22 -0300] "POST /cormun/servlet/trautorizarpermisogoce?c4bd19973a1f67703de685d7f5c7c988,,gx-no-cache=1521033220614 HTTP/1.1" 200 4366
186.79.172.13 - - [14/Mar/2018:10:15:24 -0300] "GET /cormun/servlet/trcontratounov2? HTTP/1.1" 200 17844
186.79.172.13 - - [14/Mar/2018:10:15:26 -0300] "GET /cormun/servlet/trcontratounov2? HTTP/1.1" 200 17833
186.67.164.142 - - [14/Mar/2018:10:15:39 -0300] "POST /cormun/servlet/trautorizarsolicitud?36bcad1f198134f699ec6f977555238b,,gx-no-cache=1521033288309 HTTP/1.1" 200 116
186.67.164.142 - - [14/Mar/2018:10:15:39 -0300] "GET /cormun/servlet/solicitudotlog?INS,2018,10447,0,REC, HTTP/1.1" 200 5960
186.67.164.142 - - [14/Mar/2018:10:15:39 -0300] "GET /cormun/static/gxcfg.js?2017761245646 HTTP/1.1" 304 -
186.67.164.142 - - [14/Mar/2018:10:15:40 -0300] "GET /cormun/servlet/solicitudotlog?INS,2018,10447,0,REC, HTTP/1.1" 200 5961
186.67.164.142 - - [14/Mar/2018:10:15:40 -0300] "GET /cormun/servlet/solicitudotlog?d41eb5d36e105396202d9742440dc11a8aa7d33409090f301cef5930f1859df14ccb1c55ead1728ae25224865472b2a812a4df9b4de77a06c248c9035d9e96eb2463d58a1a134b4e8049769d72f119f674814a9cb741d183cbc448a2d3f6547b0eb7d23750bc9e7b589f9f1d42ef3b1b07d42c4a4c1fed4acedccd6684f32d255054e1184d4bc8efbbbabf53882a4666d0100379828e499f770b218dd9c947f9,gx-no-cache=1521033290764 HTTP/1.1" 200 94
192.168.10.89 - - [14/Mar/2018:10:15:53 -0300] "POST /cormun/servlet/trsolicitudgral?9747ee834bbd6a7052a28a2dd7f36348,gx-no-cache=1521033189916 HTTP/1.1" 200 7286
200.120.230.197 - - [14/Mar/2018:10:16:07 -0300] "POST /cormun/servlet/trcontratounov2?063429a385fa774d00885938e91cd48e,,gx-no-cache=1521033319329 HTTP/1.1" 200 16089
200.120.230.197 - - [14/Mar/2018:10:16:08 -0300] "GET /cormun/static/Resources/PXToolsGridFirst.gif HTTP/1.1" 200 379
200.120.230.197 - - [14/Mar/2018:10:16:09 -0300] "GET /cormun/static/Resources/PXToolsGridPrevious.gif HTTP/1.1" 200 369
186.67.164.142 - - [14/Mar/2018:10:16:10 -0300] "POST /cormun/servlet/solicitudotlog?36bcad1f198134f699ec6f977555238b,INS,2018,10447,0,REC,,gx-no-cache=1521033318664 HTTP/1.1" 200 93
186.67.164.142 - - [14/Mar/2018:10:16:10 -0300] "GET /cormun/servlet/hpexe_return? HTTP/1.1" 200 1026
186.67.164.142 - - [14/Mar/2018:10:16:10 -0300] "GET /cormun/static/gxcfg.js?2016101716175148 HTTP/1.1" 304 -
186.67.164.142 - - [14/Mar/2018:10:16:10 -0300] "GET /cormun/servlet/trautorizarsolicitud? HTTP/1.1" 200 7278
186.67.164.142 - - [14/Mar/2018:10:16:11 -0300] "GET /cormun/servlet/trautorizarsolicitud? HTTP/1.1" 200 7274
200.120.230.197 - - [14/Mar/2018:10:17:34 -0300] "POST /cormun/servlet/trcontratounov2?063429a385fa774d00885938e91cd48e,,gx-no-cache=1521033407578 HTTP/1.1" 200 17445
200.120.230.197 - - [14/Mar/2018:10:17:35 -0300] "GET /cormun/static/Resources/PXToolsGridNext.gif HTTP/1.1" 200 369
200.120.230.197 - - [14/Mar/2018:10:17:36 -0300] "GET /cormun/static/Resources/PXToolsGridLast.gif HTTP/1.1" 200 370
192.168.10.89 - - [14/Mar/2018:10:17:40 -0300] "POST /cormun/servlet/trsolicitudgral?9747ee834bbd6a7052a28a2dd7f36348,gx-no-cache=1521033296684 HTTP/1.1" 200 7293
200.120.230.197 - - [14/Mar/2018:10:17:48 -0300] "POST /cormun/servlet/trcontratounov2?063429a385fa774d00885938e91cd48e,,gx-no-cache=1521033422104 HTTP/1.1" 200 16091
200.111.122.170 - - [14/Mar/2018:10:19:20 -0300] "GET /cormun/servlet/hlogin HTTP/1.1" 200 1726
186.67.164.142 - - [14/Mar/2018:10:19:40 -0300] "GET /cormun/servlet/hlogin HTTP/1.1" 200 1719
186.67.164.142 - - [14/Mar/2018:10:19:47 -0300] "POST /cormun/servlet/hlogin?a8f7913fdaf411c722f665f383492d45,gx-no-cache=1521033536074 HTTP/1.1" 200 90
186.67.164.142 - - [14/Mar/2018:10:19:53 -0300] "GET /cormun/servlet/hpexe_link HTTP/1.1" 200 977
186.67.164.142 - - [14/Mar/2018:10:19:53 -0300] "GET /cormun/servlet/trsolicitudot?gx-no-cache=1521032388216 HTTP/1.1" 200 9068
186.67.164.142 - - [14/Mar/2018:10:19:54 -0300] "GET /cormun/servlet/trsolicitudot?gx-no-cache=1521032388216 HTTP/1.1" 200 9089
186.103.161.206 - - [14/Mar/2018:10:19:58 -0300] "POST /cormun/servlet/hlogin?6ba667ba79adef3fd447c9cd49856a2b,gx-no-cache=1521033559634 HTTP/1.1" 200 90
186.103.161.206 - - [14/Mar/2018:10:19:58 -0300] "GET /cormun/servlet/hpexe_link HTTP/1.1" 200 951
186.103.161.206 - - [14/Mar/2018:10:19:59 -0300] "GET /cormun/servlet/hhome HTTP/1.1" 200 4070
186.103.161.206 - - [14/Mar/2018:10:20:01 -0300] "GET /cormun/servlet/hhome HTTP/1.1" 200 4066
186.67.164.142 - - [14/Mar/2018:10:20:08 -0300] "POST /cormun/servlet/trsolicitudot?a8f7913fdaf411c722f665f383492d45,gx-no-cache=1521032388216,gx-no-cache=1521033557529 HTTP/1.1" 200 106
186.67.164.142 - - [14/Mar/2018:10:20:08 -0300] "GET /cormun/servlet/solicitudot?UPD,2018,10447, HTTP/1.1" 200 15309
186.67.164.142 - - [14/Mar/2018:10:20:09 -0300] "GET /cormun/servlet/solicitudot?UPD,2018,10447, HTTP/1.1" 200 15296
186.67.164.142 - - [14/Mar/2018:10:20:14 -0300] "POST /cormun/servlet/solicitudot?gx-no-cache=1521033559408 HTTP/1.1" 200 3433
186.67.164.142 - - [14/Mar/2018:10:20:15 -0300] "POST /cormun/servlet/solicitudot?a8f7913fdaf411c722f665f383492d45,UPD,2018,10447,,gx-no-cache=1521033564915 HTTP/1.1" 200 11623
186.67.164.142 - - [14/Mar/2018:10:20:15 -0300] "GET /cormun/servlet/solicitudot?590325a85599074d5ae6e6485f17d0b6f7a1b314d1b088eede256874344a06bdadb81fbdb7f734feef3d14de099848b0,gx-no-cache=1521033565837 HTTP/1.1" 200 30
186.67.164.142 - - [14/Mar/2018:10:20:16 -0300] "GET /cormun/servlet/solicitudot?590325a85599074d5ae6e6485f17d0b601fba2b2d4d0a472957d300d7801a1cccbb5cbcaea9a8c9b123cd43836c13a388042636324ce6bd276959b1d40e104db,gx-no-cache=1521033565930 HTTP/1.1" 200 30
186.67.164.142 - - [14/Mar/2018:10:20:16 -0300] "GET /cormun/servlet/solicitudot?590325a85599074d5ae6e6485f17d0b6907feec0377b8918ff332bedaa6502378349218d9f6449b02f52db6a5a537301044eba859d567ea24a567d1032d203f4,gx-no-cache=1521033566016 HTTP/1.1" 200 53
186.67.164.142 - - [14/Mar/2018:10:20:16 -0300] "POST /cormun/servlet/solicitudot?gx-no-cache=1521033566096 HTTP/1.1" 200 297
186.67.164.142 - - [14/Mar/2018:10:20:16 -0300] "GET /cormun/servlet/solicitudot?590325a85599074d5ae6e6485f17d0b6149e8cfbc9d735bba69a3a4504bca6acca088ee8c38363db76fb152aa24b72c3a7ed256d059e12984116b1b13d74d4833ed83d545ba719b62d1dc2e0c0833f809286964c099ec9c169b6ee0231cec3011011103c15e972503d6937d422940e49f5df269eec7c71127e73bf21d0bb3693f69be44009a5df894f08753f7b143d79d94efdddbc0c1e19548af41335e033fa5c060591dda4b9aee0d72b49b2d67572e654c832596306e30728ee9e619afb675c8608fff98b9293b98b6447f71132dba2fd9ced0aca4295e8311c2aeef71f4f5b997f10cde6000525cb58443f7f3b59ed5c0cf9c310765948a249ed85a792d71b73ed4eb0076dfbee6daea6422e1659d69ad6b77ffe7c61ad093a259a41baf0afeb3fb0ea9ceb36ced08f7f4c7ffef6e053bb5b438605f83f390dff9f31e77551fd4ce5a54a842eb3a6c47dce42cf4ade94710afcc7c4ec15b388c936eac5418ce732c1c594051e42153c4ffad9fe069b6cad2bfcf7a5d2a2052cb06cecf728777ef9a3adfff3f238741a4584e7de22,gx-no-cache=1521033566206 HTTP/1.1" 200 30
186.67.164.142 - - [14/Mar/2018:10:20:18 -0300] "POST /cormun/servlet/solicitudot?gx-no-cache=1521033566287 HTTP/1.1" 200 30
186.67.164.142 - - [14/Mar/2018:10:20:19 -0300] "POST /cormun/servlet/solicitudot?gx-no-cache=1521033568875 HTTP/1.1" 200 1336
186.67.164.142 - - [14/Mar/2018:10:20:19 -0300] "POST /cormun/servlet/solicitudot?gx-no-cache=1521033569282 HTTP/1.1" 200 41
186.67.164.142 - - [14/Mar/2018:10:20:25 -0300] "GET /cormun/servlet/solicitudot?590325a85599074d5ae6e6485f17d0b6b9c399dff47f7eb9fb863b91a4e71e77dbdf2e898c7d4549131ca910f8e7b87350bdef67b62bfbfe7d07df89348da1e31b7bc22933f178dd11459cf0f4cfc407d517e15fc61bcb02697334b8e02cc49187b1e2100766a84ed731d63541642b19,gx-no-cache=1521033572681 HTTP/1.1" 200 29
186.67.164.142 - - [14/Mar/2018:10:20:26 -0300] "POST /cormun/servlet/solicitudot?gx-no-cache=1521033575482 HTTP/1.1" 200 1318
186.67.164.142 - - [14/Mar/2018:10:20:26 -0300] "POST /cormun/servlet/solicitudot?gx-no-cache=1521033576137 HTTP/1.1" 200 1218
186.103.132.155 - - [14/Mar/2018:10:20:28 -0300] "GET /cormun/servlet/trautorizarsolicitud? HTTP/1.1" 200 7182
186.103.132.155 - - [14/Mar/2018:10:20:31 -0300] "GET /cormun/servlet/trautorizarsolicitud? HTTP/1.1" 200 7181
200.111.122.170 - - [14/Mar/2018:10:20:57 -0300] "GET /cormun/static/menuarrow.gif HTTP/1.1" 404 1015
186.79.172.13 - - [14/Mar/2018:10:21:00 -0300] "GET /cormun/servlet/trsolicitudot? HTTP/1.1" 200 7437
186.79.172.13 - - [14/Mar/2018:10:21:01 -0300] "GET /cormun/servlet/trsolicitudot? HTTP/1.1" 200 7437
186.79.172.13 - - [14/Mar/2018:10:21:04 -0300] "GET /cormun/servlet/solicitudot?INS,0,0, HTTP/1.1" 200 13662
186.79.172.13 - - [14/Mar/2018:10:21:06 -0300] "GET /cormun/servlet/solicitudot?INS,0,0, HTTP/1.1" 200 13667
186.79.172.13 - - [14/Mar/2018:10:21:14 -0300] "POST /cormun/servlet/solicitudot?gx-no-cache=1521033629321 HTTP/1.1" 200 3391
186.67.164.142 - - [14/Mar/2018:10:21:15 -0300] "POST /cormun/servlet/solicitudot?gx-no-cache=1521033625217 HTTP/1.1" 200 30
186.67.164.142 - - [14/Mar/2018:10:21:15 -0300] "POST /cormun/servlet/solicitudot?gx-no-cache=1521033625722 HTTP/1.1" 200 1336
186.67.164.142 - - [14/Mar/2018:10:21:16 -0300] "POST /cormun/servlet/solicitudot?gx-no-cache=1521033626016 HTTP/1.1" 200 41
186.67.164.142 - - [14/Mar/2018:10:21:16 -0300] "POST /cormun/servlet/solicitudot?gx-no-cache=1521033626116 HTTP/1.1" 200 1318
