186.67.203.186 - - [14/Mar/2018:17:30:43 -0300] "POST /cormun/servlet/hlogin?f6c998c1d47a2d20ea07beeb1b089970,gx-no-cache=1521059393008 HTTP/1.1" 200 90
186.67.203.186 - - [14/Mar/2018:17:30:43 -0300] "GET /cormun/servlet/hpexe_link HTTP/1.1" 200 951
186.67.203.186 - - [14/Mar/2018:17:30:43 -0300] "GET /cormun/servlet/hhome HTTP/1.1" 200 4080
186.67.203.186 - - [14/Mar/2018:17:30:44 -0300] "GET /cormun/servlet/hhome HTTP/1.1" 200 4077
186.103.132.155 - - [14/Mar/2018:17:30:56 -0300] "GET /cormun/servlet/trsolicitudot? HTTP/1.1" 200 7298
186.103.132.155 - - [14/Mar/2018:17:30:57 -0300] "GET /cormun/servlet/trsolicitudot? HTTP/1.1" 200 7298
186.103.132.155 - - [14/Mar/2018:17:30:59 -0300] "GET /cormun/servlet/solicitudot?INS,0,0, HTTP/1.1" 200 13530
186.103.132.155 - - [14/Mar/2018:17:31:00 -0300] "GET /cormun/servlet/solicitudot?INS,0,0, HTTP/1.1" 200 13535
186.103.132.155 - - [14/Mar/2018:17:31:19 -0300] "POST /cormun/servlet/solicitudot?gx-no-cache=1521059428119 HTTP/1.1" 200 3284
186.103.132.155 - - [14/Mar/2018:17:31:21 -0300] "POST /cormun/servlet/solicitudot?f6c998c1d47a2d20ea07beeb1b089970,INS,0,0,,gx-no-cache=1521059429279 HTTP/1.1" 200 10438
186.103.132.155 - - [14/Mar/2018:17:31:24 -0300] "GET /cormun/servlet/solicitudot?bfb1ef8d89a307bf9467531acd218d14f9cc3a80e1e9c9af73c70fd0fd94a033c21952c0dd5cd11eeac17339f94c91f5,gx-no-cache=1521059433453 HTTP/1.1" 200 30
200.72.197.82 - - [14/Mar/2018:17:32:04 -0300] "GET /cormun/servlet/solicitudot?bfb1ef8d89a307bf9467531acd218d14f3db7fbda7b5eacec827326515245ade,gx-no-cache=1521059474189 HTTP/1.1" 200 94
200.72.197.82 - - [14/Mar/2018:17:32:04 -0300] "GET /cormun/static/Shared/jqueryui/images/ui-bg_highlight-soft_100_c6c2c8_1x100.png HTTP/1.1" 404 1117
200.72.197.82 - - [14/Mar/2018:17:32:04 -0300] "GET /cormun/static/Shared/jqueryui/images/ui-icons_82798d_256x240.png HTTP/1.1" 404 1089
200.72.197.82 - - [14/Mar/2018:17:32:04 -0300] "GET /cormun/static/Shared/jqueryui/images/ui-bg_flat_55_994d53_40x100.png HTTP/1.1" 404 1097
200.72.197.82 - - [14/Mar/2018:17:32:04 -0300] "GET /cormun/static/Shared/jqueryui/images/ui-icons_ebccce_256x240.png HTTP/1.1" 404 1089
200.72.197.82 - - [14/Mar/2018:17:32:05 -0300] "GET /cormun/servlet/prbanco?,MD,,gxPopupLevel%3D0%3B HTTP/1.1" 200 6510
200.72.197.82 - - [14/Mar/2018:17:32:08 -0300] "GET /cormun/servlet/solicitudot?bfb1ef8d89a307bf9467531acd218d140b40f5c619a35fc86cd15a2eb2e0d237,gx-no-cache=1521059478217 HTTP/1.1" 200 53
200.72.197.82 - - [14/Mar/2018:17:32:25 -0300] "POST /cormun/servlet/solicitudot?f6c998c1d47a2d20ea07beeb1b089970,INS,0,0,,gx-no-cache=1521059492287 HTTP/1.1" 200 10612
200.72.197.82 - - [14/Mar/2018:17:32:26 -0300] "GET /cormun/static/Shared/jqueryui/images/ui-bg_flat_55_fafafa_40x100.png HTTP/1.1" 404 1097
190.151.100.218 - - [14/Mar/2018:17:32:26 -0300] "GET /cormun/static/Shared/jqueryui/images/ui-icons_8d78a5_256x240.png HTTP/1.1" 404 1089
190.151.100.218 - - [14/Mar/2018:17:32:40 -0300] "GET /cormun/servlet/solicitudot?bfb1ef8d89a307bf9467531acd218d14f3db7fbda7b5eacec827326515245ade,gx-no-cache=1521059509845 HTTP/1.1" 200 94
190.151.100.218 - - [14/Mar/2018:17:32:41 -0300] "GET /cormun/servlet/solicitudot?bfb1ef8d89a307bf9467531acd218d14b5acba7842e80964905220406b4e638d00746924351d0864ce44c1a107f06e1d81310f1b2a73e12ac92642b5b51c4413,gx-no-cache=1521059510869 HTTP/1.1" 200 53
190.151.100.218 - - [14/Mar/2018:17:32:43 -0300] "POST /cormun/servlet/solicitudot?gx-no-cache=1521059511910 HTTP/1.1" 200 255
190.151.100.218 - - [14/Mar/2018:17:32:45 -0300] "GET /cormun/servlet/solicitudot?bfb1ef8d89a307bf9467531acd218d14c8f833713fcbe084141f353dfef65f41ab4dbd1118e9ed5267473646f8e896307db33569613e636af61e8fc5fc40ef02734804629cc63f06fe9686fffea5592e8829a1aeb0fe61e5e3b6c1c35e01826f5e2969e01e5366464470f5d983840eb0664f1e5b64af8a589dc948f89b747ffd848e008fef4266fc14089447202d0f4b03434f2b958852eeab9cecd0eaee15f8df83938561e827f1b78012fd937280fea930e34b0bbc74a772561bd8cb681425b598a944792fc743b3ac9fb2e5e2da2c3a452cc980b613332937d3b283e18eb29f08d69ab9f96f4ce405a0e700ae615dede2661f9bb3d9d7ad3c038c94bc82e46ab067f19ba9d29e7705ff91b80befdf4c4ffcecbe378f0429dbaccfa07224ccb778451c6e71c183b8c50df18a2c6ce1e1c09069f1ea8b3783f91020d6c296d73d57b82a570fc7a722c366d78f364360428a2667f4d31404346bb7f286266e0e445d70800bbc1e95aeee5caeb6769bf83f83695f525d725e087d178f9aee1096,gx-no-cache=1521059515230 HTTP/1.1" 200 30
190.151.100.218 - - [14/Mar/2018:17:32:47 -0300] "POST /cormun/servlet/solicitudot?gx-no-cache=1521059516909 HTTP/1.1" 200 30
190.151.100.218 - - [14/Mar/2018:17:32:49 -0300] "POST /cormun/servlet/solicitudot?gx-no-cache=1521059518977 HTTP/1.1" 200 1333
190.151.100.218 - - [14/Mar/2018:17:32:49 -0300] "POST /cormun/servlet/solicitudot?gx-no-cache=1521059519328 HTTP/1.1" 200 38
192.168.10.61 - - [14/Mar/2018:17:33:01 -0300] "POST /cormun/servlet/trsolicitudgral?1d24fc06c7d44b9c3146098ce84acfc9,gx-no-cache=1521051087607,gx-no-cache=1521059417164 HTTP/1.1" 200 12814
186.67.203.186 - - [14/Mar/2018:17:33:37 -0300] "GET /cormun/servlet/solicitudot?bfb1ef8d89a307bf9467531acd218d147bb260deaef6591895b448e2423bbdeacf0fd38846e0238f20ae268b8aa5b6fc1922298b2601b1459648f5262d2e9368bc6c0d3013582eb1f6da1ff3697cc3c67395f84f6cf6ac775bb9714bce559ef788e70450e10af18c7479ae53d7ed4e63,gx-no-cache=1521059566596 HTTP/1.1" 200 29
186.67.203.186 - - [14/Mar/2018:17:33:38 -0300] "POST /cormun/servlet/solicitudot?gx-no-cache=1521059566807 HTTP/1.1" 200 1318
186.67.203.186 - - [14/Mar/2018:17:33:39 -0300] "POST /cormun/servlet/solicitudot?gx-no-cache=1521059567729 HTTP/1.1" 200 1215
186.67.203.186 - - [14/Mar/2018:17:33:44 -0300] "GET /cormun/static/menuarrow.gif HTTP/1.1" 404 1015
186.79.4.176 - - [14/Mar/2018:17:33:47 -0300] "POST /cormun/servlet/trautorizarsolicitud?50f46d9fc34e95a6c3d0c094696e600d,,gx-no-cache=1521059578275 HTTP/1.1" 440 972
186.67.203.186 - - [14/Mar/2018:17:33:49 -0300] "GET /cormun/servlet/solicitudot?bfb1ef8d89a307bf9467531acd218d14bb2fcad8acf5d5bc53822a28184c8c4fc1594c4830cc14dd6e5a9e0176c8fd41,gx-no-cache=1521059579013 HTTP/1.1" 200 30
186.79.4.176 - - [14/Mar/2018:17:33:50 -0300] "GET /cormun/servlet/trautorizarsolicitud? HTTP/1.1" 200 6288
186.79.4.176 - - [14/Mar/2018:17:33:51 -0300] "GET /cormun/servlet/trautorizarsolicitud? HTTP/1.1" 200 6288
186.79.4.176 - - [14/Mar/2018:17:33:51 -0300] "GET /cormun/servlet/hlogin HTTP/1.1" 200 1738
186.67.203.186 - - [14/Mar/2018:17:33:54 -0300] "POST /cormun/servlet/solicitudot?gx-no-cache=1521059583069 HTTP/1.1" 200 30
186.79.4.176 - - [14/Mar/2018:17:33:54 -0300] "POST /cormun/servlet/hlogin?fd5a5032c16b5ab79f16227360e79ddc,gx-no-cache=1521059584841 HTTP/1.1" 200 90
186.79.4.176 - - [14/Mar/2018:17:33:54 -0300] "GET /cormun/servlet/hpexe_link HTTP/1.1" 200 960
186.79.4.176 - - [14/Mar/2018:17:33:54 -0300] "GET /cormun/servlet/trautorizarsolicitud HTTP/1.1" 200 8521
186.79.4.176 - - [14/Mar/2018:17:33:55 -0300] "GET /cormun/servlet/trautorizarsolicitud HTTP/1.1" 200 8520
186.79.4.176 - - [14/Mar/2018:17:33:57 -0300] "POST /cormun/servlet/trautorizarsolicitud?fd5a5032c16b5ab79f16227360e79ddc,gx-no-cache=1521059587212 HTTP/1.1" 200 4342
186.79.4.176 - - [14/Mar/2018:17:33:57 -0300] "GET /cormun/static/Shared/jqueryui/images/ui-bg_highlight-soft_100_c6c2c8_1x100.png HTTP/1.1" 404 1117
186.79.4.176 - - [14/Mar/2018:17:33:57 -0300] "GET /cormun/static/Shared/jqueryui/images/ui-icons_82798d_256x240.png HTTP/1.1" 404 1089
186.79.4.176 - - [14/Mar/2018:17:33:57 -0300] "GET /cormun/static/Shared/jqueryui/images/ui-bg_flat_55_fafafa_40x100.png HTTP/1.1" 404 1097
186.79.4.176 - - [14/Mar/2018:17:33:57 -0300] "GET /cormun/static/Shared/jqueryui/images/ui-icons_8d78a5_256x240.png HTTP/1.1" 404 1089
186.79.4.176 - - [14/Mar/2018:17:33:57 -0300] "POST /cormun/servlet/trautorizarsolicitud?fd5a5032c16b5ab79f16227360e79ddc,gx-no-cache=1521059587889 HTTP/1.1" 200 4113
186.67.203.186 - - [14/Mar/2018:17:34:00 -0300] "POST /cormun/servlet/solicitudot?f6c998c1d47a2d20ea07beeb1b089970,INS,0,0,,gx-no-cache=1521059589905 HTTP/1.1" 200 11926
200.86.95.220 - - [14/Mar/2018:17:34:06 -0300] "GET /cormun/servlet/hlogin HTTP/1.1" 200 1715
200.86.95.220 - - [14/Mar/2018:17:34:08 -0300] "GET /cormun/servlet/hlogin HTTP/1.1" 200 1725
200.86.95.220 - - [14/Mar/2018:17:34:15 -0300] "POST /cormun/servlet/hlogin?b02e0fd1da6366adf5f42c75e5bd92af,gx-no-cache=1521059606645 HTTP/1.1" 200 90
200.86.95.220 - - [14/Mar/2018:17:34:15 -0300] "GET /cormun/servlet/hpexe_link HTTP/1.1" 200 945
200.86.95.220 - - [14/Mar/2018:17:34:15 -0300] "GET /cormun/servlet/hhome HTTP/1.1" 200 3944
200.86.95.220 - - [14/Mar/2018:17:34:17 -0300] "GET /cormun/servlet/hhome HTTP/1.1" 200 3941
200.86.95.220 - - [14/Mar/2018:17:34:23 -0300] "GET /cormun/servlet/trpermisosgoce? HTTP/1.1" 200 8569
186.103.161.206 - - [14/Mar/2018:17:34:23 -0300] "GET /cormun/servlet/solicitudot?bfb1ef8d89a307bf9467531acd218d14ac8d18e66fe51de755f4d0b41884839e618bb40b3ed4b8cd9531d8937eb763c9c21952c0dd5cd11eeac17339f94c91f5,gx-no-cache=1521059613166 HTTP/1.1" 200 30
186.103.161.206 - - [14/Mar/2018:17:34:24 -0300] "GET /cormun/servlet/solicitudot?bfb1ef8d89a307bf9467531acd218d14c8f833713fcbe084141f353dfef65f41ab4dbd1118e9ed5267473646f8e896307db33569613e636af61e8fc5fc40ef02734804629cc63f06fe9686fffea5592e8829a1aeb0fe61e5e3b6c1c35e01826f5e2969e01e5366464470f5d983840eb0664f1e5b64af8a589dc948f89b747ffd848e008fef4266fc14089447202d0f4b03434f2b958852eeab9cecd0eaee15f8df83938561e827f1b78012fd937280fea930e34b0bbc74a772561bd8cb681425b598a944792fc743b3ac9fb2e5e2da2c3a452cc980b613332937d3b283e18eb29f08d69ab9f96f4ce405a0e700ae615dede2661f9bb3d9d7ad3c038c94bc82e46ab067f19ba9d29e7705ff91b80befdf4c4ffcecbe378f0429dbaccfa07224ccb778451c6e71c183b8c50df18a2c6ce1e1c09069f1ea8b3783f91020d6c296d73d57b82a570fc7a722c366d78f364360428a2667f4d31404346bb7f286266e0e445d70800bbc1e95aeee5caeb6769bf8c9c792fd500eba63af479eaa1e3504a0,gx-no-cache=1521059613424 HTTP/1.1" 200 30
186.103.161.206 - - [14/Mar/2018:17:34:24 -0300] "POST /cormun/servlet/solicitudot?gx-no-cache=1521059613615 HTTP/1.1" 200 30
200.86.95.220 - - [14/Mar/2018:17:34:25 -0300] "GET /cormun/servlet/trpermisosgoce? HTTP/1.1" 200 8567
186.103.161.206 - - [14/Mar/2018:17:34:26 -0300] "POST /cormun/servlet/solicitudot?gx-no-cache=1521059613707 HTTP/1.1" 200 1334
186.103.161.206 - - [14/Mar/2018:17:34:26 -0300] "POST /cormun/servlet/solicitudot?gx-no-cache=1521059615552 HTTP/1.1" 200 41
186.103.161.206 - - [14/Mar/2018:17:34:26 -0300] "POST /cormun/servlet/solicitudot?gx-no-cache=1521059615668 HTTP/1.1" 200 1319
186.103.161.206 - - [14/Mar/2018:17:34:27 -0300] "POST /cormun/servlet/solicitudot?gx-no-cache=1521059615974 HTTP/1.1" 200 1218
186.103.161.206 - - [14/Mar/2018:17:34:27 -0300] "GET /cormun/servlet/solicitudot?bfb1ef8d89a307bf9467531acd218d14bb2fcad8acf5d5bc53822a28184c8c4fc1594c4830cc14dd6e5a9e0176c8fd41,gx-no-cache=1521059617171 HTTP/1.1" 200 30
186.103.161.206 - - [14/Mar/2018:17:34:27 -0300] "POST /cormun/servlet/solicitudot?gx-no-cache=1521059617265 HTTP/1.1" 200 30
186.103.161.206 - - [14/Mar/2018:17:34:28 -0300] "POST /cormun/servlet/solicitudot?f6c998c1d47a2d20ea07beeb1b089970,INS,0,0,,gx-no-cache=1521059617402 HTTP/1.1" 200 93
186.103.161.206 - - [14/Mar/2018:17:34:28 -0300] "GET /cormun/servlet/hpexe_return? HTTP/1.1" 200 1008
186.103.161.206 - - [14/Mar/2018:17:34:28 -0300] "GET /cormun/servlet/trsolicitudot HTTP/1.1" 200 8662
192.168.10.61 - - [14/Mar/2018:17:34:29 -0300] "GET /cormun/servlet/vesolicitudgral?2018,9189,, HTTP/1.1" 200 9093
192.168.10.61 - - [14/Mar/2018:17:34:29 -0300] "GET /cormun/pexe_scrolldiv.js HTTP/1.1" 404 1009
192.168.10.61 - - [14/Mar/2018:17:34:29 -0300] "GET /cormun/pexe_scrolldiv.js HTTP/1.1" 404 1009
186.103.161.206 - - [14/Mar/2018:17:34:29 -0300] "GET /cormun/servlet/trsolicitudot HTTP/1.1" 200 8658
192.168.10.61 - - [14/Mar/2018:17:34:29 -0300] "GET /cormun/servlet/vesolicitudgral?2018,9189,, HTTP/1.1" 200 9072
192.168.10.61 - - [14/Mar/2018:17:34:29 -0300] "GET /cormun/servlet/vesolicitudgral?2018,9189,, HTTP/1.1" 200 9072
192.168.10.61 - - [14/Mar/2018:17:34:29 -0300] "GET /cormun/pexe_scrolldiv.js HTTP/1.1" 404 1009
192.168.10.61 - - [14/Mar/2018:17:34:29 -0300] "GET /cormun/pexe_scrolldiv.js HTTP/1.1" 404 1009
192.168.10.61 - - [14/Mar/2018:17:34:30 -0300] "GET /cormun/servlet/vesolicitudgral?2018,9189,, HTTP/1.1" 200 9072
190.151.100.218 - - [14/Mar/2018:17:34:31 -0300] "POST /cormun/servlet/trsolicitudot?f6c998c1d47a2d20ea07beeb1b089970,gx-no-cache=1521059621237 HTTP/1.1" 200 107
190.151.100.218 - - [14/Mar/2018:17:34:32 -0300] "GET /cormun/servlet/trsolicitudadjuntos?2018,10492, HTTP/1.1" 200 6177
200.86.95.220 - - [14/Mar/2018:17:34:32 -0300] "GET /cormun/servlet/trpermisosadjuntos?7232365,20180313162035,P, HTTP/1.1" 200 6255
190.151.100.218 - - [14/Mar/2018:17:34:32 -0300] "GET /cormun/servlet/trsolicitudadjuntos?2018,10492, HTTP/1.1" 200 6176
200.86.95.220 - - [14/Mar/2018:17:34:32 -0300] "GET /cormun/static/gxcfg.js?201762817193957 HTTP/1.1" 200 953
200.86.95.220 - - [14/Mar/2018:17:34:32 -0300] "GET /cormun/static/trpermisosadjuntos.js?201762817194366 HTTP/1.1" 200 20158
200.86.95.220 - - [14/Mar/2018:17:34:33 -0300] "GET /cormun/servlet/trpermisosadjuntos?7232365,20180313162035,P, HTTP/1.1" 200 6255
200.86.95.220 - - [14/Mar/2018:17:34:35 -0300] "GET /cormun/servlet/permisosadjuntos?INS,7232365,P,20180313162035,, HTTP/1.1" 200 5582
200.86.95.220 - - [14/Mar/2018:17:34:35 -0300] "GET /cormun/static/gxcfg.js?201762717441171 HTTP/1.1" 200 953
200.86.95.220 - - [14/Mar/2018:17:34:35 -0300] "GET /cormun/static/permisosadjuntos.js?201762717441184 HTTP/1.1" 200 8724
200.86.95.220 - - [14/Mar/2018:17:34:35 -0300] "GET /cormun/static/about:blank HTTP/1.1" 404 1011
186.103.161.206 - - [14/Mar/2018:17:34:35 -0300] "GET /cormun/servlet/solicitudotadjuntos?INS,2018,10492,,1, HTTP/1.1" 200 6125
186.103.161.206 - - [14/Mar/2018:17:34:36 -0300] "GET /cormun/static/about:blank HTTP/1.1" 404 1011
200.111.122.170 - - [14/Mar/2018:17:34:36 -0300] "GET /cormun/servlet/solicitudotadjuntos?INS,2018,10492,,1, HTTP/1.1" 200 6119
200.86.95.220 - - [14/Mar/2018:17:34:36 -0300] "GET /cormun/servlet/permisosadjuntos?INS,7232365,P,20180313162035,, HTTP/1.1" 200 5572
186.103.161.206 - - [14/Mar/2018:17:34:36 -0300] "GET /cormun/servlet/solicitudotadjuntos?bfb1ef8d89a307bf9467531acd218d1487bd10a55cd84841decf907fd25323e25edc765c8149c545676adf63b301038a,gx-no-cache=1521059626161 HTTP/1.1" 200 30
186.103.161.206 - - [14/Mar/2018:17:34:39 -0300] "POST /cormun/servlet/solicitudotadjuntos?f6c998c1d47a2d20ea07beeb1b089970,INS,2018,10492,,1,,gx-no-cache=1521059626278 HTTP/1.1" 200 4025
192.168.10.61 - - [14/Mar/2018:17:34:45 -0300] "POST /cormun/servlet/vesolicitudgral?1d24fc06c7d44b9c3146098ce84acfc9,2018,9189,,,gx-no-cache=1521059521634 HTTP/1.1" 200 93
192.168.10.61 - - [14/Mar/2018:17:34:45 -0300] "GET /cormun/servlet/hpexe_return? HTTP/1.1" 200 1032
192.168.10.61 - - [14/Mar/2018:17:34:46 -0300] "GET /cormun/servlet/trsolicitudgral?gx-no-cache=1521051087607 HTTP/1.1" 200 15811
192.168.10.61 - - [14/Mar/2018:17:34:46 -0300] "GET /cormun/servlet/trsolicitudgral?gx-no-cache=1521051087607 HTTP/1.1" 200 15827
200.86.95.220 - - [14/Mar/2018:17:35:01 -0300] "POST /cormun/servlet/permisosadjuntos?b02e0fd1da6366adf5f42c75e5bd92af,INS,7232365,P,20180313162035,, HTTP/1.1" 200 6195
200.86.95.220 - - [14/Mar/2018:17:35:01 -0300] "GET /cormun/static/Shared/jqueryui/images/ui-bg_highlight-soft_100_c6c2c8_1x100.png HTTP/1.1" 404 1117
200.86.95.220 - - [14/Mar/2018:17:35:01 -0300] "GET /cormun/static/Shared/jqueryui/images/ui-icons_82798d_256x240.png HTTP/1.1" 404 1089
200.86.95.220 - - [14/Mar/2018:17:35:01 -0300] "GET /cormun/static/Shared/jqueryui/images/ui-bg_flat_55_994d53_40x100.png HTTP/1.1" 404 1097
200.86.95.220 - - [14/Mar/2018:17:35:01 -0300] "GET /cormun/PrivateTempStorage/upload_00011474.jpg HTTP/1.1" 200 70144
200.86.95.220 - - [14/Mar/2018:17:35:01 -0300] "GET /cormun/static/Shared/jqueryui/images/ui-icons_ebccce_256x240.png HTTP/1.1" 404 1089
186.79.4.176 - - [14/Mar/2018:17:35:35 -0300] "GET /cormun/servlet/trautorizarsolicitud? HTTP/1.1" 200 7096
186.79.4.176 - - [14/Mar/2018:17:35:36 -0300] "GET /cormun/servlet/trautorizarsolicitud? HTTP/1.1" 200 7096
186.103.159.189 - - [14/Mar/2018:17:35:50 -0300] "POST /cormun/servlet/hlogin?7e2af9d0ad17bcfc981944b7620f821e,gx-no-cache=1521059699560 HTTP/1.1" 440 972
186.103.159.189 - - [14/Mar/2018:17:35:53 -0300] "GET /cormun/servlet/hlogin HTTP/1.1" 200 1727
186.103.159.189 - - [14/Mar/2018:17:36:01 -0300] "POST /cormun/servlet/hlogin?3e8d6f74433860fdca338c442b884d1b,gx-no-cache=1521059710711 HTTP/1.1" 200 90
186.103.159.189 - - [14/Mar/2018:17:36:01 -0300] "GET /cormun/servlet/hpexe_link HTTP/1.1" 200 948
186.103.159.189 - - [14/Mar/2018:17:36:01 -0300] "GET /cormun/servlet/hhome HTTP/1.1" 200 3982
186.103.159.189 - - [14/Mar/2018:17:36:03 -0300] "GET /cormun/servlet/hhome HTTP/1.1" 200 3978
186.103.161.206 - - [14/Mar/2018:17:36:06 -0300] "POST /cormun/servlet/solicitudotadjuntos?gx-no-cache=1521059715941 HTTP/1.1" 200 26
186.103.159.189 - - [14/Mar/2018:17:36:07 -0300] "GET /cormun/servlet/trpermisosgoce? HTTP/1.1" 200 6887
186.103.159.189 - - [14/Mar/2018:17:36:09 -0300] "GET /cormun/servlet/trpermisosgoce? HTTP/1.1" 200 6886
186.103.159.189 - - [14/Mar/2018:17:36:12 -0300] "GET /cormun/servlet/permisogoce?INS,0,,, HTTP/1.1" 200 6823
186.103.159.189 - - [14/Mar/2018:17:36:13 -0300] "GET /cormun/servlet/permisogoce?INS,0,,, HTTP/1.1" 200 6822
186.103.159.189 - - [14/Mar/2018:17:36:25 -0300] "GET /cormun/servlet/permisogoce?412943db2fafbf12014b952c9779088b2c648845f159d75113deb4b2cd7fbe1fc97fe80591b2ea34d9a956260d1828a3,gx-no-cache=1521059734997 HTTP/1.1" 200 74
186.103.159.189 - - [14/Mar/2018:17:36:27 -0300] "GET /cormun/static/menuarrow.gif HTTP/1.1" 404 1015
200.111.122.170 - - [14/Mar/2018:17:36:29 -0300] "GET /cormun/servlet/solicitudotadjuntos?bfb1ef8d89a307bf9467531acd218d1462327d27d6f5aa7f424e7277252577d5,gx-no-cache=1521059738374 HTTP/1.1" 200 30
200.111.122.170 - - [14/Mar/2018:17:36:29 -0300] "GET /cormun/servlet/solicitudotadjuntos?bfb1ef8d89a307bf9467531acd218d1462327d27d6f5aa7f424e7277252577d5,gx-no-cache=1521059738852 HTTP/1.1" 200 30
186.103.159.189 - - [14/Mar/2018:17:36:37 -0300] "GET /cormun/servlet/permisogoce?412943db2fafbf12014b952c9779088bca02ceef54ee1a233e3fd07577ef283e85a3940a5fd7f49f85225028ce6c01d011b8466bc2c1875754e229fa1b31745d,gx-no-cache=1521059746624 HTTP/1.1" 200 47
186.103.159.189 - - [14/Mar/2018:17:36:44 -0300] "POST /cormun/servlet/permisogoce?3e8d6f74433860fdca338c442b884d1b,INS,0,,,,gx-no-cache=1521059753171 HTTP/1.1" 200 93
186.103.159.189 - - [14/Mar/2018:17:36:44 -0300] "GET /cormun/servlet/hpexe_return? HTTP/1.1" 200 1006
186.103.159.189 - - [14/Mar/2018:17:36:44 -0300] "GET /cormun/servlet/trpermisosgoce HTTP/1.1" 200 7763
186.103.159.189 - - [14/Mar/2018:17:36:46 -0300] "GET /cormun//static/Resources/PXToolsGridUpdate.png HTTP/1.1" 200 2984
186.103.159.189 - - [14/Mar/2018:17:36:46 -0300] "GET /cormun//static/Resources/PXToolsGridDelete.png HTTP/1.1" 200 357
186.103.159.189 - - [14/Mar/2018:17:36:46 -0300] "GET /cormun/servlet/trpermisosgoce HTTP/1.1" 200 7758
186.103.159.189 - - [14/Mar/2018:17:36:48 -0300] "GET /cormun/servlet/apermisogoceprn?6885419,P,20180314173328,PU HTTP/1.1" 200 1643
200.111.122.170 - - [14/Mar/2018:17:36:57 -0300] "POST /cormun/servlet/solicitudotadjuntos?f6c998c1d47a2d20ea07beeb1b089970,INS,2018,10492,,1, HTTP/1.1" 200 6877
186.67.172.234 - - [14/Mar/2018:17:38:03 -0300] "GET /cormun/servlet/hlogin HTTP/1.1" 200 1723
186.67.172.234 - - [14/Mar/2018:17:38:06 -0300] "POST /cormun/servlet/hlogin?135f0f5cfa174c6c84c0c0c9cf79c773,gx-no-cache=1521063476371 HTTP/1.1" 200 90
186.67.172.234 - - [14/Mar/2018:17:38:06 -0300] "GET /cormun/servlet/hpexe_link HTTP/1.1" 200 948
186.67.172.234 - - [14/Mar/2018:17:38:06 -0300] "GET /cormun/servlet/hhome HTTP/1.1" 200 4227
186.67.172.234 - - [14/Mar/2018:17:38:06 -0300] "GET /cormun/servlet/hhome HTTP/1.1" 200 4223
186.67.172.234 - - [14/Mar/2018:17:38:09 -0300] "GET /cormun/servlet/trvisualizadoreventos? HTTP/1.1" 200 6975
186.67.172.234 - - [14/Mar/2018:17:38:09 -0300] "GET /cormun/static/gxcfg.js?20175251251426 HTTP/1.1" 200 953
186.67.172.234 - - [14/Mar/2018:17:38:10 -0300] "GET /cormun/static/Resources/PXToolsActionPrint.png HTTP/1.1" 200 3317
186.67.172.234 - - [14/Mar/2018:17:38:10 -0300] "GET /cormun/static/trvisualizadoreventos.js?20175251251768 HTTP/1.1" 200 19318
186.67.172.234 - - [14/Mar/2018:17:38:10 -0300] "GET /cormun/servlet/trvisualizadoreventos? HTTP/1.1" 200 6974
190.151.100.218 - - [14/Mar/2018:17:38:11 -0300] "POST /cormun/servlet/solicitudotadjuntos?gx-no-cache=1521059841062 HTTP/1.1" 200 26
186.67.172.234 - - [14/Mar/2018:17:38:14 -0300] "GET /cormun/servlet/hlogin HTTP/1.1" 200 1739
200.86.95.220 - - [14/Mar/2018:17:39:11 -0300] "GET /cormun/servlet/hlogin HTTP/1.1" 200 1715
200.86.95.220 - - [14/Mar/2018:17:39:20 -0300] "POST /cormun/servlet/hlogin?b02e0fd1da6366adf5f42c75e5bd92af,gx-no-cache=1521059911480 HTTP/1.1" 200 419
200.86.95.220 - - [14/Mar/2018:17:39:26 -0300] "POST /cormun/servlet/hlogin?b02e0fd1da6366adf5f42c75e5bd92af,gx-no-cache=1521059917910 HTTP/1.1" 200 90
200.86.95.220 - - [14/Mar/2018:17:39:26 -0300] "GET /cormun/servlet/hpexe_link HTTP/1.1" 200 980
200.86.95.220 - - [14/Mar/2018:17:39:26 -0300] "GET /cormun/servlet/permisosadjuntos?INS,7232365,P,20180313162035,, HTTP/1.1" 200 5573
200.86.95.220 - - [14/Mar/2018:17:39:27 -0300] "GET /cormun/static/about:blank HTTP/1.1" 404 1011
200.86.95.220 - - [14/Mar/2018:17:39:28 -0300] "GET /cormun/servlet/permisosadjuntos?INS,7232365,P,20180313162035,, HTTP/1.1" 200 5573
200.86.95.220 - - [14/Mar/2018:17:39:47 -0300] "POST /cormun/servlet/permisosadjuntos?b02e0fd1da6366adf5f42c75e5bd92af,INS,7232365,P,20180313162035,, HTTP/1.1" 200 116
200.86.95.220 - - [14/Mar/2018:17:39:47 -0300] "GET /cormun/servlet/hpexe_return? HTTP/1.1" 200 1032
200.86.95.220 - - [14/Mar/2018:17:39:47 -0300] "GET /cormun/servlet/trpermisosadjuntos?7232365,20180313162035,P, HTTP/1.1" 200 6733
200.86.95.220 - - [14/Mar/2018:17:39:48 -0300] "GET /cormun/servlet/trpermisosadjuntos?7232365,20180313162035,P, HTTP/1.1" 200 6730
186.67.172.234 - - [14/Mar/2018:17:39:59 -0300] "GET /cormun/servlet/trautorizarsolicitud? HTTP/1.1" 200 6278
186.67.172.234 - - [14/Mar/2018:17:40:00 -0300] "GET /cormun/static/trautorizarsolicitud.js?201711142340425 HTTP/1.1" 304 -
186.67.172.234 - - [14/Mar/2018:17:40:00 -0300] "GET /cormun/servlet/hlogin HTTP/1.1" 200 1739
186.67.172.234 - - [14/Mar/2018:17:40:00 -0300] "GET /cormun/servlet/trautorizarsolicitud? HTTP/1.1" 200 6288
192.168.10.61 - - [14/Mar/2018:17:41:18 -0300] "POST /cormun/servlet/trsolicitudgral?1d24fc06c7d44b9c3146098ce84acfc9,gx-no-cache=1521051087607,gx-no-cache=1521059914756 HTTP/1.1" 200 8285
192.168.10.61 - - [14/Mar/2018:17:41:30 -0300] "POST /cormun/servlet/trsolicitudgral?1d24fc06c7d44b9c3146098ce84acfc9,gx-no-cache=1521051087607,gx-no-cache=1521059926897 HTTP/1.1" 200 5855
192.168.10.61 - - [14/Mar/2018:17:41:34 -0300] "POST /cormun/servlet/trsolicitudgral?1d24fc06c7d44b9c3146098ce84acfc9,gx-no-cache=1521051087607,gx-no-cache=1521059930864 HTTP/1.1" 200 11184
200.86.95.220 - - [14/Mar/2018:17:41:44 -0300] "POST /cormun/servlet/trpermisosadjuntos?b02e0fd1da6366adf5f42c75e5bd92af,7232365,20180313162035,P,,gx-no-cache=1521060055215 HTTP/1.1" 200 90
200.86.95.220 - - [14/Mar/2018:17:41:44 -0300] "GET /cormun/servlet/hpexe_link HTTP/1.1" 200 976
200.86.95.220 - - [14/Mar/2018:17:41:44 -0300] "GET /cormun/servlet/trpermisosgoce HTTP/1.1" 200 8569
200.86.95.220 - - [14/Mar/2018:17:41:46 -0300] "GET /cormun/servlet/trpermisosgoce HTTP/1.1" 200 8567
200.86.95.220 - - [14/Mar/2018:17:41:49 -0300] "GET /cormun/servlet/trpermisosadjuntos?16846320,20180313162138,P, HTTP/1.1" 200 6261
200.86.95.220 - - [14/Mar/2018:17:41:50 -0300] "GET /cormun/servlet/trpermisosadjuntos?16846320,20180313162138,P, HTTP/1.1" 200 6261
200.86.95.220 - - [14/Mar/2018:17:41:52 -0300] "GET /cormun/servlet/permisosadjuntos?INS,16846320,P,20180313162138,, HTTP/1.1" 200 5590
200.86.95.220 - - [14/Mar/2018:17:41:52 -0300] "GET /cormun/static/about:blank HTTP/1.1" 404 1011
200.86.95.220 - - [14/Mar/2018:17:41:53 -0300] "GET /cormun/servlet/permisosadjuntos?INS,16846320,P,20180313162138,, HTTP/1.1" 200 5580
200.86.95.220 - - [14/Mar/2018:17:42:00 -0300] "POST /cormun/servlet/permisosadjuntos?b02e0fd1da6366adf5f42c75e5bd92af,INS,16846320,P,20180313162138,, HTTP/1.1" 200 116
200.86.95.220 - - [14/Mar/2018:17:42:00 -0300] "GET /cormun/servlet/hpexe_return? HTTP/1.1" 200 1032
200.86.95.220 - - [14/Mar/2018:17:42:01 -0300] "GET /cormun/servlet/trpermisosadjuntos?16846320,20180313162138,P, HTTP/1.1" 200 6741
200.86.95.220 - - [14/Mar/2018:17:42:02 -0300] "GET /cormun/servlet/trpermisosadjuntos?16846320,20180313162138,P, HTTP/1.1" 200 6735
200.86.95.220 - - [14/Mar/2018:17:42:05 -0300] "POST /cormun/servlet/trpermisosadjuntos?b02e0fd1da6366adf5f42c75e5bd92af,16846320,20180313162138,P,,gx-no-cache=1521060076791 HTTP/1.1" 200 90
200.86.95.220 - - [14/Mar/2018:17:42:05 -0300] "GET /cormun/servlet/hpexe_link HTTP/1.1" 200 977
200.86.95.220 - - [14/Mar/2018:17:42:05 -0300] "GET /cormun/servlet/trpermisosgoce HTTP/1.1" 200 8569
200.86.95.220 - - [14/Mar/2018:17:42:07 -0300] "GET /cormun/servlet/trpermisosgoce HTTP/1.1" 200 8567
200.86.95.220 - - [14/Mar/2018:17:42:19 -0300] "POST /cormun/servlet/trpermisosgoce?b02e0fd1da6366adf5f42c75e5bd92af,gx-no-cache=1521060090056 HTTP/1.1" 200 5793
200.86.95.220 - - [14/Mar/2018:17:42:19 -0300] "GET /cormun/static/Shared/jqueryui/images/ui-bg_highlight-soft_100_c6c2c8_1x100.png HTTP/1.1" 404 1117
200.86.95.220 - - [14/Mar/2018:17:42:19 -0300] "GET /cormun/static/Shared/jqueryui/images/ui-icons_82798d_256x240.png HTTP/1.1" 404 1089
200.86.95.220 - - [14/Mar/2018:17:42:19 -0300] "GET /cormun/static/Shared/jqueryui/images/ui-bg_flat_55_fafafa_40x100.png HTTP/1.1" 404 1097
200.86.95.220 - - [14/Mar/2018:17:42:19 -0300] "GET /cormun/static/Shared/jqueryui/images/ui-icons_8d78a5_256x240.png HTTP/1.1" 404 1089
200.86.95.220 - - [14/Mar/2018:17:42:21 -0300] "POST /cormun/servlet/trpermisosgoce?b02e0fd1da6366adf5f42c75e5bd92af,gx-no-cache=1521060092619 HTTP/1.1" 200 5794
192.168.10.61 - - [14/Mar/2018:17:42:30 -0300] "POST /cormun/servlet/trsolicitudgral?1d24fc06c7d44b9c3146098ce84acfc9,gx-no-cache=1521051087607,gx-no-cache=1521059986765 HTTP/1.1" 200 8285
200.86.95.220 - - [14/Mar/2018:17:42:31 -0300] "POST /cormun/servlet/trpermisosgoce?b02e0fd1da6366adf5f42c75e5bd92af,gx-no-cache=1521060103110 HTTP/1.1" 200 5762
200.86.95.220 - - [14/Mar/2018:17:42:47 -0300] "GET /cormun/servlet/hlogin HTTP/1.1" 200 1715
200.86.95.220 - - [14/Mar/2018:17:42:57 -0300] "POST /cormun/servlet/hlogin?b02e0fd1da6366adf5f42c75e5bd92af,gx-no-cache=1521060129085 HTTP/1.1" 200 90
200.86.95.220 - - [14/Mar/2018:17:42:57 -0300] "GET /cormun/servlet/hpexe_link HTTP/1.1" 200 945
200.86.95.220 - - [14/Mar/2018:17:42:58 -0300] "GET /cormun/servlet/hhome HTTP/1.1" 200 4113
192.168.10.61 - - [14/Mar/2018:17:42:58 -0300] "POST /cormun/servlet/trsolicitudgral?1d24fc06c7d44b9c3146098ce84acfc9,gx-no-cache=1521051087607,gx-no-cache=1521060014162 HTTP/1.1" 200 11184
200.86.95.220 - - [14/Mar/2018:17:42:59 -0300] "GET /cormun/servlet/hhome HTTP/1.1" 200 4109
200.86.95.220 - - [14/Mar/2018:17:43:03 -0300] "GET /cormun/servlet/trautorizarpermisogoce? HTTP/1.1" 200 8031
200.86.95.220 - - [14/Mar/2018:17:43:03 -0300] "GET /cormun/static/gxcfg.js?20177612165975 HTTP/1.1" 200 953
200.86.95.220 - - [14/Mar/2018:17:43:03 -0300] "GET /cormun/static/trautorizarpermisogoce.js?2017761217384 HTTP/1.1" 200 34948
200.86.95.220 - - [14/Mar/2018:17:43:04 -0300] "GET /cormun/servlet/trautorizarpermisogoce? HTTP/1.1" 200 8029
200.86.95.220 - - [14/Mar/2018:17:43:08 -0300] "POST /cormun/servlet/trautorizarpermisogoce?b02e0fd1da6366adf5f42c75e5bd92af,,gx-no-cache=1521060140217 HTTP/1.1" 200 5098
200.86.95.220 - - [14/Mar/2018:17:43:09 -0300] "GET /cormun/static/Shared/jqueryui/images/ui-bg_highlight-soft_100_c6c2c8_1x100.png HTTP/1.1" 404 1117
200.86.95.220 - - [14/Mar/2018:17:43:09 -0300] "GET /cormun/static/Shared/jqueryui/images/ui-icons_82798d_256x240.png HTTP/1.1" 404 1089
200.86.95.220 - - [14/Mar/2018:17:43:09 -0300] "GET /cormun/static/Shared/jqueryui/images/ui-bg_flat_55_fafafa_40x100.png HTTP/1.1" 404 1097
200.86.95.220 - - [14/Mar/2018:17:43:09 -0300] "GET /cormun/static/Shared/jqueryui/images/ui-icons_8d78a5_256x240.png HTTP/1.1" 404 1089
200.86.95.220 - - [14/Mar/2018:17:43:11 -0300] "POST /cormun/servlet/trautorizarpermisogoce?b02e0fd1da6366adf5f42c75e5bd92af,,gx-no-cache=1521060142442 HTTP/1.1" 200 4347
192.168.10.61 - - [14/Mar/2018:17:43:25 -0300] "GET /cormun/servlet/vesolicitudgral?2018,9180,, HTTP/1.1" 200 9088
192.168.10.61 - - [14/Mar/2018:17:43:25 -0300] "GET /cormun/pexe_scrolldiv.js HTTP/1.1" 404 1009
192.168.10.61 - - [14/Mar/2018:17:43:25 -0300] "GET /cormun/pexe_scrolldiv.js HTTP/1.1" 404 1009
192.168.10.61 - - [14/Mar/2018:17:43:25 -0300] "GET /cormun/servlet/vesolicitudgral?2018,9180,, HTTP/1.1" 200 9066
186.103.159.189 - - [14/Mar/2018:17:43:27 -0300] "GET /cormun/servlet/hlogin HTTP/1.1" 200 1734
192.168.10.61 - - [14/Mar/2018:17:43:31 -0300] "POST /cormun/servlet/vesolicitudgral?1d24fc06c7d44b9c3146098ce84acfc9,2018,9180,,,gx-no-cache=1521060047214 HTTP/1.1" 200 115
192.168.10.61 - - [14/Mar/2018:17:43:31 -0300] "GET /cormun/servlet/solicitudotlog?INS,2018,9180,0,REC, HTTP/1.1" 200 6307
192.168.10.61 - - [14/Mar/2018:17:43:31 -0300] "GET /cormun/static/gxcfg.js?2017761245646 HTTP/1.1" 200 953
192.168.10.61 - - [14/Mar/2018:17:43:31 -0300] "GET /cormun/servlet/solicitudotlog?INS,2018,9180,0,REC, HTTP/1.1" 200 6302
192.168.10.61 - - [14/Mar/2018:17:43:32 -0300] "GET /cormun/servlet/solicitudotlog?25fce96164f527a84948294ec373b9299e86b4a02bb2304c2756cf9f324bbaad03f32b72f0c8b6299774206cc09f3e2b86fd26eae0313d21ebb438807a3b75bba8261c4aa342d3298d1081bb94778122b7ad7897b0bc7c1442ebf5361d1c26685e2e85cda303b39b253953b07bcd14135326e543014860b18bd6d2a01e567793ad85d944f3153da7756b9dc876bf660c6801527f2354c429a027cc16f9fa81ee,gx-no-cache=1521060048218 HTTP/1.1" 200 94
192.168.10.61 - - [14/Mar/2018:17:44:00 -0300] "POST /cormun/servlet/solicitudotlog?1d24fc06c7d44b9c3146098ce84acfc9,INS,2018,9180,0,REC,,gx-no-cache=1521060076084 HTTP/1.1" 200 93
192.168.10.61 - - [14/Mar/2018:17:44:00 -0300] "GET /cormun/servlet/hpexe_return? HTTP/1.1" 200 1025
192.168.10.61 - - [14/Mar/2018:17:44:00 -0300] "GET /cormun/servlet/vesolicitudgral?2018,9180,, HTTP/1.1" 200 9076
192.168.10.61 - - [14/Mar/2018:17:44:00 -0300] "GET /cormun/pexe_scrolldiv.js HTTP/1.1" 404 1009
192.168.10.61 - - [14/Mar/2018:17:44:00 -0300] "GET /cormun/pexe_scrolldiv.js HTTP/1.1" 404 1009
192.168.10.61 - - [14/Mar/2018:17:44:00 -0300] "GET /cormun/servlet/vesolicitudgral?2018,9180,, HTTP/1.1" 200 9073
192.168.10.61 - - [14/Mar/2018:17:44:03 -0300] "POST /cormun/servlet/vesolicitudgral?1d24fc06c7d44b9c3146098ce84acfc9,2018,9180,,,gx-no-cache=1521060079648 HTTP/1.1" 200 93
192.168.10.61 - - [14/Mar/2018:17:44:03 -0300] "GET /cormun/servlet/hpexe_return? HTTP/1.1" 200 1032
192.168.10.61 - - [14/Mar/2018:17:44:03 -0300] "GET /cormun/servlet/trsolicitudgral?gx-no-cache=1521051087607 HTTP/1.1" 200 13957
192.168.10.61 - - [14/Mar/2018:17:44:04 -0300] "GET /cormun/servlet/trsolicitudgral?gx-no-cache=1521051087607 HTTP/1.1" 200 13974
200.72.197.82 - - [14/Mar/2018:17:44:05 -0300] "GET /cormun/servlet/solicitudotadjuntos?bfb1ef8d89a307bf9467531acd218d1462327d27d6f5aa7f424e7277252577d5,gx-no-cache=1521060191070 HTTP/1.1" 200 30
200.72.197.82 - - [14/Mar/2018:17:44:05 -0300] "GET /cormun/servlet/solicitudotadjuntos?bfb1ef8d89a307bf9467531acd218d1462327d27d6f5aa7f424e7277252577d5,gx-no-cache=1521060194570 HTTP/1.1" 200 30
200.72.197.82 - - [14/Mar/2018:17:44:14 -0300] "POST /cormun/servlet/solicitudotadjuntos?f6c998c1d47a2d20ea07beeb1b089970,INS,2018,10492,,1, HTTP/1.1" 200 6727
200.72.197.82 - - [14/Mar/2018:17:44:14 -0300] "GET /cormun/static/Shared/jqueryui/images/ui-bg_highlight-soft_100_c6c2c8_1x100.png HTTP/1.1" 404 1117
200.111.122.170 - - [14/Mar/2018:17:44:14 -0300] "GET /cormun/static/Shared/jqueryui/images/ui-icons_82798d_256x240.png HTTP/1.1" 404 1089
200.111.122.170 - - [14/Mar/2018:17:44:14 -0300] "GET /cormun/static/Shared/jqueryui/images/ui-bg_flat_55_994d53_40x100.png HTTP/1.1" 404 1097
200.72.197.82 - - [14/Mar/2018:17:44:14 -0300] "GET /cormun/static/Shared/jqueryui/images/ui-icons_ebccce_256x240.png HTTP/1.1" 404 1089
190.151.100.218 - - [14/Mar/2018:17:44:16 -0300] "GET /cormun/PrivateTempStorage/upload_00011500.jpeg HTTP/1.1" 200 659768
186.67.203.186 - - [14/Mar/2018:17:44:25 -0300] "POST /cormun/servlet/solicitudotadjuntos?gx-no-cache=1521060214813 HTTP/1.1" 200 26
192.168.10.61 - - [14/Mar/2018:17:44:28 -0300] "GET /cormun/servlet/vesolicitudgral?2018,9173,, HTTP/1.1" 200 9086
192.168.10.61 - - [14/Mar/2018:17:44:28 -0300] "GET /cormun/pexe_scrolldiv.js HTTP/1.1" 404 1009
192.168.10.61 - - [14/Mar/2018:17:44:28 -0300] "GET /cormun/pexe_scrolldiv.js HTTP/1.1" 404 1009
192.168.10.61 - - [14/Mar/2018:17:44:28 -0300] "GET /cormun/servlet/vesolicitudgral?2018,9173,, HTTP/1.1" 200 9064
186.103.161.206 - - [14/Mar/2018:17:45:00 -0300] "POST /cormun/servlet/solicitudotadjuntos?gx-no-cache=1521060249589 HTTP/1.1" 200 26
192.168.10.61 - - [14/Mar/2018:17:45:03 -0300] "POST /cormun/servlet/vesolicitudgral?1d24fc06c7d44b9c3146098ce84acfc9,2018,9173,,,gx-no-cache=1521060139046 HTTP/1.1" 200 12006
192.168.10.61 - - [14/Mar/2018:17:45:03 -0300] "GET /cormun/static/Shared/jqueryui/images/ui-bg_highlight-soft_100_c6c2c8_1x100.png HTTP/1.1" 404 1117
192.168.10.61 - - [14/Mar/2018:17:45:03 -0300] "GET /cormun/static/Shared/jqueryui/images/ui-icons_82798d_256x240.png HTTP/1.1" 404 1089
192.168.10.61 - - [14/Mar/2018:17:45:03 -0300] "GET /cormun/static/Shared/jqueryui/images/ui-bg_flat_55_fafafa_40x100.png HTTP/1.1" 404 1097
192.168.10.61 - - [14/Mar/2018:17:45:03 -0300] "GET /cormun/static/Shared/jqueryui/images/ui-icons_8d78a5_256x240.png HTTP/1.1" 404 1089
192.168.10.61 - - [14/Mar/2018:17:45:03 -0300] "POST /cormun/servlet/vesolicitudgral?1d24fc06c7d44b9c3146098ce84acfc9,2018,9173,,,gx-no-cache=1521060139348 HTTP/1.1" 200 11941
192.168.10.61 - - [14/Mar/2018:17:45:07 -0300] "POST /cormun/servlet/vesolicitudgral?1d24fc06c7d44b9c3146098ce84acfc9,2018,9173,,,gx-no-cache=1521060143899 HTTP/1.1" 200 93
192.168.10.61 - - [14/Mar/2018:17:45:07 -0300] "GET /cormun/servlet/hpexe_return? HTTP/1.1" 200 1032
192.168.10.61 - - [14/Mar/2018:17:45:08 -0300] "GET /cormun/servlet/trsolicitudgral?gx-no-cache=1521051087607 HTTP/1.1" 200 13491
192.168.10.61 - - [14/Mar/2018:17:45:08 -0300] "GET /cormun/servlet/trsolicitudgral?gx-no-cache=1521051087607 HTTP/1.1" 200 13508
200.72.197.82 - - [14/Mar/2018:17:45:10 -0300] "GET /cormun/servlet/solicitudotadjuntos?bfb1ef8d89a307bf9467531acd218d149b71fde6f174ecc6f229450744ec656c88414984fef7de8851e220bf2a71221d,gx-no-cache=1521060259542 HTTP/1.1" 200 30
200.72.197.82 - - [14/Mar/2018:17:45:10 -0300] "GET /cormun/servlet/solicitudotadjuntos?bfb1ef8d89a307bf9467531acd218d149b71fde6f174ecc6f229450744ec656c88414984fef7de8851e220bf2a71221d,gx-no-cache=1521060260072 HTTP/1.1" 200 30
200.72.197.82 - - [14/Mar/2018:17:45:12 -0300] "POST /cormun/servlet/solicitudotadjuntos?f6c998c1d47a2d20ea07beeb1b089970,INS,2018,10492,,1, HTTP/1.1" 200 116
200.72.197.82 - - [14/Mar/2018:17:45:12 -0300] "GET /cormun/servlet/hpexe_return? HTTP/1.1" 200 1027
200.72.197.82 - - [14/Mar/2018:17:45:13 -0300] "GET /cormun/servlet/trsolicitudadjuntos?2018,10492, HTTP/1.1" 200 8632
200.72.197.82 - - [14/Mar/2018:17:45:14 -0300] "GET /cormun/servlet/trsolicitudadjuntos?2018,10492, HTTP/1.1" 200 8629
200.111.122.170 - - [14/Mar/2018:17:45:19 -0300] "GET /cormun/servlet/solicitudotadjuntos?INS,2018,10492,,1, HTTP/1.1" 200 6125
200.111.122.170 - - [14/Mar/2018:17:45:19 -0300] "GET /cormun/static/about:blank HTTP/1.1" 404 1011
186.67.203.186 - - [14/Mar/2018:17:45:20 -0300] "GET /cormun/servlet/solicitudotadjuntos?INS,2018,10492,,1, HTTP/1.1" 200 6118
200.111.122.170 - - [14/Mar/2018:17:45:20 -0300] "GET /cormun/servlet/solicitudotadjuntos?bfb1ef8d89a307bf9467531acd218d1487bd10a55cd84841decf907fd25323e25edc765c8149c545676adf63b301038a,gx-no-cache=1521060269839 HTTP/1.1" 200 30
200.111.122.170 - - [14/Mar/2018:17:45:20 -0300] "POST /cormun/servlet/solicitudotadjuntos?f6c998c1d47a2d20ea07beeb1b089970,INS,2018,10492,,1,,gx-no-cache=1521060269899 HTTP/1.1" 200 4024
200.111.122.170 - - [14/Mar/2018:17:45:22 -0300] "POST /cormun/servlet/solicitudotadjuntos?gx-no-cache=1521060272278 HTTP/1.1" 200 26
186.103.132.155 - - [14/Mar/2018:17:45:31 -0300] "GET /cormun/servlet/solicitudotadjuntos?bfb1ef8d89a307bf9467531acd218d1462327d27d6f5aa7f424e7277252577d5,gx-no-cache=1521060279582 HTTP/1.1" 200 30
186.103.132.155 - - [14/Mar/2018:17:45:31 -0300] "GET /cormun/servlet/solicitudotadjuntos?bfb1ef8d89a307bf9467531acd218d1462327d27d6f5aa7f424e7277252577d5,gx-no-cache=1521060281327 HTTP/1.1" 200 30
186.67.172.234 - - [14/Mar/2018:17:45:35 -0300] "GET /cormun/servlet/hlogin HTTP/1.1" 200 1722
186.103.132.155 - - [14/Mar/2018:17:45:37 -0300] "POST /cormun/servlet/solicitudotadjuntos?f6c998c1d47a2d20ea07beeb1b089970,INS,2018,10492,,1, HTTP/1.1" 200 116
186.103.132.155 - - [14/Mar/2018:17:45:37 -0300] "GET /cormun/servlet/hpexe_return? HTTP/1.1" 200 1027
186.103.132.155 - - [14/Mar/2018:17:45:37 -0300] "GET /cormun/servlet/trsolicitudadjuntos?2018,10492, HTTP/1.1" 200 8841
186.103.132.155 - - [14/Mar/2018:17:45:38 -0300] "GET /cormun/servlet/trsolicitudadjuntos?2018,10492, HTTP/1.1" 200 8839
186.103.132.155 - - [14/Mar/2018:17:45:43 -0300] "GET /cormun/servlet/solicitudotadjuntos?INS,2018,10492,,1, HTTP/1.1" 200 6125
186.103.132.155 - - [14/Mar/2018:17:45:43 -0300] "GET /cormun/static/about:blank HTTP/1.1" 404 1011
190.151.100.218 - - [14/Mar/2018:17:45:43 -0300] "GET /cormun/servlet/solicitudotadjuntos?INS,2018,10492,,1, HTTP/1.1" 200 6118
186.103.132.155 - - [14/Mar/2018:17:45:44 -0300] "GET /cormun/servlet/solicitudotadjuntos?bfb1ef8d89a307bf9467531acd218d1487bd10a55cd84841decf907fd25323e25edc765c8149c545676adf63b301038a,gx-no-cache=1521060293463 HTTP/1.1" 200 30
186.103.132.155 - - [14/Mar/2018:17:45:45 -0300] "POST /cormun/servlet/solicitudotadjuntos?f6c998c1d47a2d20ea07beeb1b089970,INS,2018,10492,,1,,gx-no-cache=1521060293524 HTTP/1.1" 200 4024
200.72.197.82 - - [14/Mar/2018:17:45:48 -0300] "POST /cormun/servlet/solicitudotadjuntos?gx-no-cache=1521060298278 HTTP/1.1" 200 26
186.67.172.234 - - [14/Mar/2018:17:45:49 -0300] "POST /cormun/servlet/hlogin?fc7397d7a4e3d9b6303dbc924b43648c,gx-no-cache=1521060247452 HTTP/1.1" 200 90
186.67.172.234 - - [14/Mar/2018:17:45:49 -0300] "GET /cormun/servlet/hpexe_link HTTP/1.1" 200 951
186.67.172.234 - - [14/Mar/2018:17:45:49 -0300] "GET /cormun/servlet/hhome HTTP/1.1" 200 4228
186.67.172.234 - - [14/Mar/2018:17:45:49 -0300] "GET /cormun/servlet/hhome HTTP/1.1" 200 4225
200.72.197.82 - - [14/Mar/2018:17:45:55 -0300] "GET /cormun/servlet/solicitudotadjuntos?bfb1ef8d89a307bf9467531acd218d1462327d27d6f5aa7f424e7277252577d5,gx-no-cache=1521060304855 HTTP/1.1" 200 30
200.72.197.82 - - [14/Mar/2018:17:45:55 -0300] "GET /cormun/servlet/solicitudotadjuntos?bfb1ef8d89a307bf9467531acd218d1462327d27d6f5aa7f424e7277252577d5,gx-no-cache=1521060304932 HTTP/1.1" 200 30
200.72.197.82 - - [14/Mar/2018:17:45:59 -0300] "POST /cormun/servlet/solicitudotadjuntos?f6c998c1d47a2d20ea07beeb1b089970,INS,2018,10492,,1, HTTP/1.1" 200 116
200.72.197.82 - - [14/Mar/2018:17:45:59 -0300] "GET /cormun/servlet/hpexe_return? HTTP/1.1" 200 1027
200.72.197.82 - - [14/Mar/2018:17:46:00 -0300] "GET /cormun/servlet/trsolicitudadjuntos?2018,10492, HTTP/1.1" 200 9045
200.72.197.82 - - [14/Mar/2018:17:46:01 -0300] "GET /cormun/servlet/trsolicitudadjuntos?2018,10492, HTTP/1.1" 200 9041
186.67.172.234 - - [14/Mar/2018:17:46:02 -0300] "GET /cormun/servlet/trsolicitudot? HTTP/1.1" 200 9954
186.67.172.234 - - [14/Mar/2018:17:46:03 -0300] "GET /cormun/servlet/trsolicitudot? HTTP/1.1" 200 9953
186.103.161.206 - - [14/Mar/2018:17:46:03 -0300] "GET /cormun/servlet/solicitudotadjuntos?INS,2018,10492,,1, HTTP/1.1" 200 6125
186.103.161.206 - - [14/Mar/2018:17:46:04 -0300] "GET /cormun/static/about:blank HTTP/1.1" 404 1011
200.111.122.170 - - [14/Mar/2018:17:46:04 -0300] "GET /cormun/servlet/solicitudotadjuntos?INS,2018,10492,,1, HTTP/1.1" 200 6119
186.103.161.206 - - [14/Mar/2018:17:46:04 -0300] "GET /cormun/servlet/solicitudotadjuntos?bfb1ef8d89a307bf9467531acd218d1487bd10a55cd84841decf907fd25323e25edc765c8149c545676adf63b301038a,gx-no-cache=1521060314154 HTTP/1.1" 200 30
186.103.161.206 - - [14/Mar/2018:17:46:04 -0300] "POST /cormun/servlet/solicitudotadjuntos?f6c998c1d47a2d20ea07beeb1b089970,INS,2018,10492,,1,,gx-no-cache=1521060314199 HTTP/1.1" 200 4025
186.103.161.206 - - [14/Mar/2018:17:46:07 -0300] "POST /cormun/servlet/solicitudotadjuntos?gx-no-cache=1521060316958 HTTP/1.1" 200 26
186.103.161.206 - - [14/Mar/2018:17:46:14 -0300] "GET /cormun/servlet/solicitudotadjuntos?bfb1ef8d89a307bf9467531acd218d1462327d27d6f5aa7f424e7277252577d5,gx-no-cache=1521060324207 HTTP/1.1" 200 30
186.103.159.182 - - [14/Mar/2018:17:46:14 -0300] "GET /cormun/servlet/hlogin HTTP/1.1" 200 1722
186.103.161.206 - - [14/Mar/2018:17:46:15 -0300] "GET /cormun/servlet/solicitudotadjuntos?bfb1ef8d89a307bf9467531acd218d1462327d27d6f5aa7f424e7277252577d5,gx-no-cache=1521060324476 HTTP/1.1" 200 30
186.103.159.182 - - [14/Mar/2018:17:46:15 -0300] "GET /cormun/static/gxtimezone.js?85251 HTTP/1.1" 200 5781
186.103.159.182 - - [14/Mar/2018:17:46:15 -0300] "GET /cormun/static/gxcfg.js?20175251213516 HTTP/1.1" 200 953
186.103.159.182 - - [14/Mar/2018:17:46:15 -0300] "GET /cormun/static/Resources/Spanish/PXTools.css?11423723 HTTP/1.1" 200 89042
186.103.159.182 - - [14/Mar/2018:17:46:15 -0300] "GET /cormun/static/gxgral.js?85251 HTTP/1.1" 200 384558
186.103.159.182 - - [14/Mar/2018:17:46:15 -0300] "GET /cormun/static/messages.spa.js?85251 HTTP/1.1" 200 30736
186.103.159.182 - - [14/Mar/2018:17:46:15 -0300] "GET /cormun/static/hlogin.js?20175251213537 HTTP/1.1" 200 2136
186.103.159.182 - - [14/Mar/2018:17:46:15 -0300] "GET /cormun/static/Resources/PXToolsLoginBottom.png HTTP/1.1" 200 1389
186.103.159.182 - - [14/Mar/2018:17:46:15 -0300] "GET /cormun/static/Resources/ComunLogin.png HTTP/1.1" 200 17326
186.103.159.182 - - [14/Mar/2018:17:46:15 -0300] "GET /cormun/static/Resources/PXToolsLoginBackground.png HTTP/1.1" 200 1164
186.103.159.182 - - [14/Mar/2018:17:46:15 -0300] "GET /cormun/static/Resources/PXToolsButtonLeft21.png HTTP/1.1" 200 1287
186.103.159.182 - - [14/Mar/2018:17:46:15 -0300] "GET /cormun/static/Resources/PXToolsButtonRight21.png HTTP/1.1" 200 1283
186.103.159.182 - - [14/Mar/2018:17:46:15 -0300] "GET /cormun/static/Resources/PXToolsButtonBackground2.png HTTP/1.1" 200 1181
186.103.159.182 - - [14/Mar/2018:17:46:15 -0300] "GET /cormun/static/Resources/PXToolsLoginTop.png HTTP/1.1" 200 1337
186.103.159.182 - - [14/Mar/2018:17:46:15 -0300] "GET /cormun/static/Resources/indicator.gif HTTP/1.1" 200 1553
186.103.159.182 - - [14/Mar/2018:17:46:15 -0300] "GET /cormun/servlet/hlogin HTTP/1.1" 200 1732
186.103.159.182 - - [14/Mar/2018:17:46:16 -0300] "GET /favicon.ico HTTP/1.1" 200 21630
186.103.161.206 - - [14/Mar/2018:17:46:17 -0300] "POST /cormun/servlet/solicitudotadjuntos?f6c998c1d47a2d20ea07beeb1b089970,INS,2018,10492,,1, HTTP/1.1" 200 116
186.103.161.206 - - [14/Mar/2018:17:46:17 -0300] "GET /cormun/servlet/hpexe_return? HTTP/1.1" 200 1027
186.103.161.206 - - [14/Mar/2018:17:46:17 -0300] "GET /cormun/servlet/trsolicitudadjuntos?2018,10492, HTTP/1.1" 200 9227
186.103.161.206 - - [14/Mar/2018:17:46:17 -0300] "GET /cormun/servlet/trsolicitudadjuntos?2018,10492, HTTP/1.1" 200 9227
186.103.161.206 - - [14/Mar/2018:17:46:20 -0300] "GET /cormun/servlet/solicitudotadjuntos?INS,2018,10492,,1, HTTP/1.1" 200 6125
186.103.161.206 - - [14/Mar/2018:17:46:20 -0300] "GET /cormun/static/about:blank HTTP/1.1" 404 1011
200.72.197.82 - - [14/Mar/2018:17:46:20 -0300] "GET /cormun/servlet/solicitudotadjuntos?INS,2018,10492,,1, HTTP/1.1" 200 6119
186.103.161.206 - - [14/Mar/2018:17:46:20 -0300] "GET /cormun/servlet/solicitudotadjuntos?bfb1ef8d89a307bf9467531acd218d1487bd10a55cd84841decf907fd25323e25edc765c8149c545676adf63b301038a,gx-no-cache=1521060330245 HTTP/1.1" 200 30
186.103.161.206 - - [14/Mar/2018:17:46:20 -0300] "POST /cormun/servlet/solicitudotadjuntos?f6c998c1d47a2d20ea07beeb1b089970,INS,2018,10492,,1,,gx-no-cache=1521060330294 HTTP/1.1" 200 4025
186.103.161.206 - - [14/Mar/2018:17:46:24 -0300] "POST /cormun/servlet/solicitudotadjuntos?gx-no-cache=1521060333508 HTTP/1.1" 200 26
186.67.172.234 - - [14/Mar/2018:17:46:29 -0300] "POST /cormun/servlet/trsolicitudot?fc7397d7a4e3d9b6303dbc924b43648c,,gx-no-cache=1521060287342 HTTP/1.1" 200 6704
186.67.172.234 - - [14/Mar/2018:17:46:29 -0300] "POST /cormun/servlet/trsolicitudot?fc7397d7a4e3d9b6303dbc924b43648c,,gx-no-cache=1521060287600 HTTP/1.1" 200 6683
186.103.159.182 - - [14/Mar/2018:17:46:33 -0300] "POST /cormun/servlet/hlogin?28b94186ead37c8aefc260ea011afc8a,gx-no-cache=1521060342667 HTTP/1.1" 200 90
186.103.159.182 - - [14/Mar/2018:17:46:33 -0300] "GET /cormun/servlet/hpexe_link HTTP/1.1" 200 952
186.103.159.182 - - [14/Mar/2018:17:46:33 -0300] "GET /cormun/static/gxcfg.js?20177612121792 HTTP/1.1" 200 953
186.103.159.182 - - [14/Mar/2018:17:46:33 -0300] "GET /cormun/static/hpexe_link.js?20177612121795 HTTP/1.1" 200 625
186.103.159.182 - - [14/Mar/2018:17:46:33 -0300] "GET /cormun/static/Resources/Spanish/PXTools.css?1155365 HTTP/1.1" 200 89042
186.103.159.182 - - [14/Mar/2018:17:46:33 -0300] "GET /cormun/servlet/hhome HTTP/1.1" 200 4257
186.103.159.182 - - [14/Mar/2018:17:46:33 -0300] "GET /cormun/static/Shared/jqueryui/jquery-ui.min.css?1245370 HTTP/1.1" 200 30288
186.103.159.182 - - [14/Mar/2018:17:46:33 -0300] "GET /cormun/static/SmoothNavMenu/resources/ddsmoothmenu.css?1012540 HTTP/1.1" 200 2223
186.103.159.182 - - [14/Mar/2018:17:46:33 -0300] "GET /cormun/static/SmoothNavMenu/resources/ddsmoothmenu-v.css?1012540 HTTP/1.1" 200 1188
186.103.159.182 - - [14/Mar/2018:17:46:33 -0300] "GET /cormun/static/scaMessage/css/jquery.pnotify.default.css?1716380 HTTP/1.1" 200 1707
186.103.159.182 - - [14/Mar/2018:17:46:33 -0300] "GET /cormun/static/gxcfg.js?20175251212442 HTTP/1.1" 200 953
186.103.159.182 - - [14/Mar/2018:17:46:33 -0300] "GET /cormun/static/PXToolsJavascripts/pexe_autoreload.js HTTP/1.1" 200 1762
186.103.159.182 - - [14/Mar/2018:17:46:33 -0300] "GET /cormun/static/PXToolsJavascripts/pexe_cookies.js HTTP/1.1" 200 792
186.103.159.182 - - [14/Mar/2018:17:46:33 -0300] "GET /cormun/static/PXToolsJavascripts/pexe_windows.js HTTP/1.1" 200 15207
186.103.159.182 - - [14/Mar/2018:17:46:33 -0300] "GET /cormun/static/PXToolsJavascripts/pexe_grid.js HTTP/1.1" 200 7559
186.103.159.182 - - [14/Mar/2018:17:46:33 -0300] "GET /cormun/static/PXToolsJavascripts/pexe_griddivfix.js HTTP/1.1" 200 6644
186.103.159.182 - - [14/Mar/2018:17:46:33 -0300] "GET /cormun/static/PXToolsJavascripts/pexe_link.js HTTP/1.1" 200 5671
186.103.159.182 - - [14/Mar/2018:17:46:33 -0300] "GET /cormun/static/PXToolsJavascripts/pexe_menudivfix.js HTTP/1.1" 200 333
186.103.159.182 - - [14/Mar/2018:17:46:33 -0300] "GET /cormun/static/PXToolsJavascripts/pexe_menus.js HTTP/1.1" 200 1286
186.103.159.182 - - [14/Mar/2018:17:46:33 -0300] "GET /cormun/static/PXToolsJavascripts/pexe_oav.js HTTP/1.1" 200 645
186.103.159.182 - - [14/Mar/2018:17:46:33 -0300] "GET /cormun/static/PXToolsJavascripts/pexe_oavdivfix.js HTTP/1.1" 200 639
186.103.159.182 - - [14/Mar/2018:17:46:33 -0300] "GET /cormun/static/PXToolsJavascripts/pexe_layers.js HTTP/1.1" 200 4114
186.103.159.182 - - [14/Mar/2018:17:46:33 -0300] "GET /cormun/static/PXToolsJavascripts/pexe_popup.js HTTP/1.1" 200 13458
186.103.159.182 - - [14/Mar/2018:17:46:33 -0300] "GET /cormun/static/PXToolsJavascripts/pexe_scrolldiv.js HTTP/1.1" 200 4138
186.103.159.182 - - [14/Mar/2018:17:46:33 -0300] "GET /cormun/static/PXToolsJavascripts/pexe_tabs.js HTTP/1.1" 200 3748
186.103.159.182 - - [14/Mar/2018:17:46:33 -0300] "GET /cormun/static/PXToolsJavascripts/pexe_picture.js HTTP/1.1" 200 689
186.103.159.182 - - [14/Mar/2018:17:46:33 -0300] "GET /cormun/static/PXToolsJavascripts/pexe_upload.js HTTP/1.1" 200 1423
186.103.159.182 - - [14/Mar/2018:17:46:33 -0300] "GET /cormun/static/PXToolsJavascripts/pexe_tabdivfix.js HTTP/1.1" 200 876
186.103.159.182 - - [14/Mar/2018:17:46:33 -0300] "GET /cormun/static/PXToolsJavascripts/PXToolsJavascriptsRender.js HTTP/1.1" 200 367
186.103.159.182 - - [14/Mar/2018:17:46:33 -0300] "GET /cormun/static/RunJS/RunJS.js HTTP/1.1" 200 288
186.103.159.182 - - [14/Mar/2018:17:46:33 -0300] "GET /cormun/static/gxui/gxui-all.js HTTP/1.1" 200 107772
186.103.159.182 - - [14/Mar/2018:17:46:33 -0300] "GET /cormun/static/hhome.js?20175251212450 HTTP/1.1" 200 777
186.103.159.182 - - [14/Mar/2018:17:46:33 -0300] "GET /cormun/static/Shared/ext/locale/ext-lang-en.js HTTP/1.1" 200 10940
186.103.159.182 - - [14/Mar/2018:17:46:33 -0300] "GET /cormun/static/hwchdr01.js?201752511465785 HTTP/1.1" 200 1183
186.103.159.182 - - [14/Mar/2018:17:46:33 -0300] "GET /cormun/static/hpexe_recentlink.js?20177611595044 HTTP/1.1" 200 2144
186.103.159.182 - - [14/Mar/2018:17:46:33 -0300] "GET /cormun/static/hpexe_scripts.js?201752511465715 HTTP/1.1" 200 1544
186.103.159.182 - - [14/Mar/2018:17:46:33 -0300] "GET /cormun/static/hpexe_messagecontroller.js?20177611595012 HTTP/1.1" 200 870
186.103.159.182 - - [14/Mar/2018:17:46:33 -0300] "GET /cormun/static/Resources/logo4.png HTTP/1.1" 200 6582
186.103.159.182 - - [14/Mar/2018:17:46:33 -0300] "GET /cormun/static/Resources/PXToolsDataTitle.png HTTP/1.1" 200 1173
186.103.159.182 - - [14/Mar/2018:17:46:33 -0300] "GET /cormun/static/Resources/PXToolsFooterBackground2.png HTTP/1.1" 200 1172
