200.86.95.220 - - [13/Mar/2018:16:13:40 -0300] "GET /cormun/servlet/solicitudot?fec05dd1aff439c3e0081664a2519ca03182affd0028bf2174302c1a7b1eaa9d7ee16ad31fb413732ec35a932fcfa37c641e830ae61e9c3f3c6a4aa166ee6dc8,gx-no-cache=1520968371974 HTTP/1.1" 200 30
200.86.95.220 - - [13/Mar/2018:16:13:40 -0300] "POST /cormun/servlet/solicitudot?gx-no-cache=1520968372055 HTTP/1.1" 200 256
200.86.95.220 - - [13/Mar/2018:16:13:40 -0300] "GET /cormun/servlet/solicitudot?fec05dd1aff439c3e0081664a2519ca062c4a0210d1d45c51070fc328c8ede3e1c33dc3067dda7f6677f76b399e1e452b431de6f6d1ff95fbd5236eef9809ac9932ab98b500c1caf3ce5d839382c5d53ee8e23e1dc527bc75d37f34deaedab6469dc3ff3385bb4f9941b6ab49313555b30ee358d2db8a75472efacb42c89f47d40f2f35d0e8b26df3edf8551488377ad20c38a1262b2c5f2be30d87abf84f0699a23243d440b77884007422f2135ccd836756e7a0795623125c1be23366343f04f444a298dbbf045959f1611f8918face753be955f5c34d3522258163fc36ef04b25b4e442c2625d94c14833b798844fe1ed05ec58516f4d2ec215f13c7320b0ae68a13f01140230dc91499586b7eff3a322c82d05eecf6c25d75ec2db7e0d696a61cb378e0f4e5c53e26200100c5a8b1f37f497a33ea1cc679d284691d23217fe809534b2c9e49ce8dd914ada3f331a8905eab2e1bf652eb155a0d7b2ae0715ed25d4477b9a3ad429940d8a7675537c98ff89c83afef521bd292a89150f8765,gx-no-cache=1520968372140 HTTP/1.1" 200 30
200.86.95.220 - - [13/Mar/2018:16:13:40 -0300] "POST /cormun/servlet/solicitudot?gx-no-cache=1520968372193 HTTP/1.1" 200 30
200.86.95.220 - - [13/Mar/2018:16:13:40 -0300] "POST /cormun/servlet/solicitudot?gx-no-cache=1520968372265 HTTP/1.1" 200 1337
200.86.95.220 - - [13/Mar/2018:16:13:40 -0300] "POST /cormun/servlet/solicitudot?gx-no-cache=1520968372382 HTTP/1.1" 200 38
200.86.95.220 - - [13/Mar/2018:16:13:40 -0300] "GET /cormun/servlet/solicitudot?fec05dd1aff439c3e0081664a2519ca08a96d78b0d227361bf10184e5ee2e20a0c584f46d1990bfb52ec685b705f2e552e64ed0658521e7247d55f1440a7649edf1f2e2b7a1b591e44c9faf97232def9cb2fdd2b21aa9c3035b90715fd5f31aca41d497d3ad1ce46622cb08d84e5b917599c32d9ab14723defab0b14c7ec7a3413bc85dcf9123ae8f34de6d534dc079499af310233de63a2f1880c10b2d9404334e5bde7545c2b0668e1dabf5e5fd233203315efb9380a1199c947dc2658b24c2f26e9f42f7295ba9e40bc608cebb14e,gx-no-cache=1520968372454 HTTP/1.1" 200 29
200.86.95.220 - - [13/Mar/2018:16:13:40 -0300] "POST /cormun/servlet/solicitudot?gx-no-cache=1520968372526 HTTP/1.1" 200 1319
200.86.95.220 - - [13/Mar/2018:16:13:40 -0300] "POST /cormun/servlet/solicitudot?gx-no-cache=1520968372617 HTTP/1.1" 200 1218
200.86.95.220 - - [13/Mar/2018:16:13:41 -0300] "GET /cormun/servlet/solicitudot?fec05dd1aff439c3e0081664a2519ca09c303a4b24d2d19ccfa8c1905c5509404309b4c1ad72dc91a6b56754dca8af0b,gx-no-cache=1520968372705 HTTP/1.1" 200 30
186.103.159.189 - - [13/Mar/2018:16:13:41 -0300] "POST /cormun/servlet/solicitudot?gx-no-cache=1520968373279 HTTP/1.1" 200 33
186.103.159.189 - - [13/Mar/2018:16:13:41 -0300] "POST /cormun/servlet/solicitudot?8415415eab9b964ee9fa7f6987dccbac,INS,0,0,,gx-no-cache=1520968373455 HTTP/1.1" 200 93
186.103.159.189 - - [13/Mar/2018:16:13:41 -0300] "GET /cormun/servlet/hpexe_return? HTTP/1.1" 200 1005
186.103.159.189 - - [13/Mar/2018:16:13:42 -0300] "GET /cormun/static/gxcfg.js?2016101716175148 HTTP/1.1" 304 -
186.103.159.189 - - [13/Mar/2018:16:13:42 -0300] "GET /cormun/servlet/trsolicitudot HTTP/1.1" 200 8593
186.103.159.189 - - [13/Mar/2018:16:13:43 -0300] "GET /cormun//static/Resources/PXTools/ActionInsert.png HTTP/1.1" 200 1482
186.103.159.189 - - [13/Mar/2018:16:13:43 -0300] "GET /cormun/servlet/trsolicitudot HTTP/1.1" 200 8589
200.86.95.220 - - [13/Mar/2018:16:13:52 -0300] "GET /cormun/servlet/solicitudot?fec05dd1aff439c3e0081664a2519ca08a96d78b0d227361bf10184e5ee2e20a0c584f46d1990bfb52ec685b705f2e55b6bd5bdebf2865e26a4066a326350585df1f2e2b7a1b591e44c9faf97232def9cb2fdd2b21aa9c3035b90715fd5f31aca41d497d3ad1ce46622cb08d84e5b917599c32d9ab14723defab0b14c7ec7a3413bc85dcf9123ae8f34de6d534dc079499af310233de63a2f1880c10b2d9404334e5bde7545c2b0668e1dabf5e5fd233203315efb9380a1199c947dc2658b24c2f26e9f42f7295ba9e40bc608cebb14e,gx-no-cache=1520968384499 HTTP/1.1" 200 29
200.86.95.220 - - [13/Mar/2018:16:13:56 -0300] "POST /cormun/servlet/solicitudot?gx-no-cache=1520968388561 HTTP/1.1" 200 1319
200.86.95.220 - - [13/Mar/2018:16:13:56 -0300] "POST /cormun/servlet/solicitudot?gx-no-cache=1520968388653 HTTP/1.1" 200 1218
200.86.95.220 - - [13/Mar/2018:16:13:57 -0300] "GET /cormun/static/menuarrow.gif HTTP/1.1" 404 1015
200.86.95.220 - - [13/Mar/2018:16:13:58 -0300] "POST /cormun/servlet/solicitudot?gx-no-cache=1520968390096 HTTP/1.1" 200 1319
200.86.95.220 - - [13/Mar/2018:16:13:58 -0300] "POST /cormun/servlet/solicitudot?gx-no-cache=1520968390191 HTTP/1.1" 200 1218
200.86.95.220 - - [13/Mar/2018:16:13:59 -0300] "GET /cormun/servlet/solicitudot?fec05dd1aff439c3e0081664a2519ca08ad94d94c5c14e562061e75ece6444204d2a266a775e21a66e0ff2fd280ae46d,gx-no-cache=1520968391157 HTTP/1.1" 200 30
200.86.95.220 - - [13/Mar/2018:16:13:59 -0300] "POST /cormun/servlet/solicitudot?gx-no-cache=1520968391209 HTTP/1.1" 200 33
200.86.95.220 - - [13/Mar/2018:16:14:21 -0300] "POST /cormun/servlet/solicitudot?79c1319b2bd3cdccbdeb629805747d30,INS,0,0,,gx-no-cache=1520968412914 HTTP/1.1" 200 11779
200.86.95.220 - - [13/Mar/2018:16:14:37 -0300] "GET /cormun/servlet/solicitudot?fec05dd1aff439c3e0081664a2519ca03182affd0028bf2174302c1a7b1eaa9d7ee16ad31fb413732ec35a932fcfa37c641e830ae61e9c3f3c6a4aa166ee6dc8,gx-no-cache=1520968429468 HTTP/1.1" 200 30
200.86.95.220 - - [13/Mar/2018:16:14:37 -0300] "POST /cormun/servlet/solicitudot?gx-no-cache=1520968429524 HTTP/1.1" 200 256
200.86.95.220 - - [13/Mar/2018:16:14:37 -0300] "GET /cormun/servlet/solicitudot?fec05dd1aff439c3e0081664a2519ca062c4a0210d1d45c51070fc328c8ede3e1c33dc3067dda7f6677f76b399e1e452b431de6f6d1ff95fbd5236eef9809ac9932ab98b500c1caf3ce5d839382c5d53ee8e23e1dc527bc75d37f34deaedab6469dc3ff3385bb4f9941b6ab49313555b30ee358d2db8a75472efacb42c89f47d40f2f35d0e8b26df3edf8551488377ad20c38a1262b2c5f2be30d87abf84f0699a23243d440b77884007422f2135ccd836756e7a0795623125c1be23366343f04f444a298dbbf045959f1611f8918face753be955f5c34d3522258163fc36ef04b25b4e442c2625d94c14833b798844fe1ed05ec58516f4d2ec215f13c7320b0ae68a13f01140230dc91499586b7eff3a322c82d05eecf6c25d75ec2db7e0d696a61cb378e0f4e5c53e26200100c5a8b1f37f497a33ea1cc679d284691d23217fe809534b2c9e49ce8dd914ada3f331a8905eab2e1bf652eb155a0d7b2ae0715ed25d4477b9a3ad429940d8a7675537c98ff89c83afef521bd292a89150f8765,gx-no-cache=1520968429603 HTTP/1.1" 200 30
200.86.95.220 - - [13/Mar/2018:16:14:37 -0300] "POST /cormun/servlet/solicitudot?gx-no-cache=1520968429655 HTTP/1.1" 200 30
200.86.95.220 - - [13/Mar/2018:16:14:38 -0300] "POST /cormun/servlet/solicitudot?gx-no-cache=1520968429726 HTTP/1.1" 200 1337
200.86.95.220 - - [13/Mar/2018:16:14:38 -0300] "POST /cormun/servlet/solicitudot?gx-no-cache=1520968429817 HTTP/1.1" 200 41
200.86.95.220 - - [13/Mar/2018:16:14:38 -0300] "POST /cormun/servlet/solicitudot?gx-no-cache=1520968429874 HTTP/1.1" 200 1319
200.86.95.220 - - [13/Mar/2018:16:14:38 -0300] "POST /cormun/servlet/solicitudot?gx-no-cache=1520968429939 HTTP/1.1" 200 1218
200.86.95.220 - - [13/Mar/2018:16:14:38 -0300] "GET /cormun/servlet/solicitudot?fec05dd1aff439c3e0081664a2519ca08ad94d94c5c14e562061e75ece6444204d2a266a775e21a66e0ff2fd280ae46d,gx-no-cache=1520968430001 HTTP/1.1" 200 30
200.86.95.220 - - [13/Mar/2018:16:14:38 -0300] "POST /cormun/servlet/solicitudot?gx-no-cache=1520968430063 HTTP/1.1" 200 33
200.86.95.220 - - [13/Mar/2018:16:14:38 -0300] "POST /cormun/servlet/solicitudot?79c1319b2bd3cdccbdeb629805747d30,INS,0,0,,gx-no-cache=1520968430145 HTTP/1.1" 200 11833
200.86.95.220 - - [13/Mar/2018:16:14:58 -0300] "GET /cormun/servlet/solicitudot?fec05dd1aff439c3e0081664a2519ca03454f53fec72f6c2134ff5c401656f1e954845840ef0139186e2723845fbcd0816ad3477405d1088326726c1588b1809,gx-no-cache=1520968450101 HTTP/1.1" 200 30
200.86.95.220 - - [13/Mar/2018:16:14:58 -0300] "POST /cormun/servlet/solicitudot?gx-no-cache=1520968450277 HTTP/1.1" 200 256
200.86.95.220 - - [13/Mar/2018:16:14:58 -0300] "GET /cormun/servlet/solicitudot?fec05dd1aff439c3e0081664a2519ca062c4a0210d1d45c51070fc328c8ede3e1c33dc3067dda7f6677f76b399e1e452b431de6f6d1ff95fbd5236eef9809ac9932ab98b500c1caf3ce5d839382c5d53ee8e23e1dc527bc75d37f34deaedab6469dc3ff3385bb4f9941b6ab49313555b30ee358d2db8a75472efacb42c89f47d40f2f35d0e8b26df3edf8551488377ad20c38a1262b2c5f2be30d87abf84f0699a23243d440b77884007422f2135ccd836756e7a0795623125c1be23366343f04f444a298dbbf045959f1611f8918face753be955f5c34d3522258163fc36ef04b25b4e442c2625d94c14833b798844fe1ed05ec58516f4d2ec215f13c7320b0ae68a13f01140230dc91499586b7eff3a322c82d05eecf6c25d75ec2db7e0d696a61cb378e0f4e5c53e26200100c5a8b1f37f497a33ea1cc679d284691d23217fe809534b2c9e49ce8dd914ada3f331a8905eab2e1bf652eb155a0d7b2ae0715ed25d4477b9a3ad429940d8a7675537c98ff89c83afef521bd292a89150f8765,gx-no-cache=1520968450381 HTTP/1.1" 200 30
200.86.95.220 - - [13/Mar/2018:16:14:58 -0300] "POST /cormun/servlet/solicitudot?gx-no-cache=1520968450455 HTTP/1.1" 200 30
200.86.95.220 - - [13/Mar/2018:16:14:58 -0300] "POST /cormun/servlet/solicitudot?gx-no-cache=1520968450533 HTTP/1.1" 200 1337
200.86.95.220 - - [13/Mar/2018:16:14:58 -0300] "POST /cormun/servlet/solicitudot?gx-no-cache=1520968450645 HTTP/1.1" 200 41
200.86.95.220 - - [13/Mar/2018:16:14:59 -0300] "POST /cormun/servlet/solicitudot?gx-no-cache=1520968450714 HTTP/1.1" 200 1319
200.86.95.220 - - [13/Mar/2018:16:14:59 -0300] "POST /cormun/servlet/solicitudot?gx-no-cache=1520968450817 HTTP/1.1" 200 1218
200.86.95.220 - - [13/Mar/2018:16:14:59 -0300] "GET /cormun/servlet/solicitudot?fec05dd1aff439c3e0081664a2519ca08ad94d94c5c14e562061e75ece6444204d2a266a775e21a66e0ff2fd280ae46d,gx-no-cache=1520968450922 HTTP/1.1" 200 30
200.86.95.220 - - [13/Mar/2018:16:14:59 -0300] "POST /cormun/servlet/solicitudot?gx-no-cache=1520968451007 HTTP/1.1" 200 33
200.86.95.220 - - [13/Mar/2018:16:14:59 -0300] "POST /cormun/servlet/solicitudot?79c1319b2bd3cdccbdeb629805747d30,INS,0,0,,gx-no-cache=1520968451099 HTTP/1.1" 200 11884
200.86.95.220 - - [13/Mar/2018:16:15:25 -0300] "GET /cormun/servlet/solicitudot?fec05dd1aff439c3e0081664a2519ca03182affd0028bf2174302c1a7b1eaa9d7ee16ad31fb413732ec35a932fcfa37c641e830ae61e9c3f3c6a4aa166ee6dc8,gx-no-cache=1520968477587 HTTP/1.1" 200 30
200.86.95.220 - - [13/Mar/2018:16:15:25 -0300] "POST /cormun/servlet/solicitudot?gx-no-cache=1520968477694 HTTP/1.1" 200 256
200.86.95.220 - - [13/Mar/2018:16:15:26 -0300] "GET /cormun/servlet/solicitudot?fec05dd1aff439c3e0081664a2519ca062c4a0210d1d45c51070fc328c8ede3e1c33dc3067dda7f6677f76b399e1e452b431de6f6d1ff95fbd5236eef9809ac9932ab98b500c1caf3ce5d839382c5d53ee8e23e1dc527bc75d37f34deaedab6469dc3ff3385bb4f9941b6ab49313555b30ee358d2db8a75472efacb42c89f47d40f2f35d0e8b26df3edf8551488377ad20c38a1262b2c5f2be30d87abf84f0699a23243d440b77884007422f2135ccd836756e7a0795623125c1be23366343f04f444a298dbbf045959f1611f8918face753be955f5c34d3522258163fc36ef04b25b4e442c2625d94c14833b798844fe1ed05ec58516f4d2ec215f13c7320b0ae68a13f01140230dc91499586b7eff3a322c82d05eecf6c25d75ec2db7e0d696a61cb378e0f4e5c53e26200100c5a8b1f37f497a33ea1cc679d284691d23217fe809534b2c9e49ce8dd914ada3f331a8905eab2e1bf652eb155a0d7b2ae0715ed25d4477b9a3ad429940d8a7675537c98ff89c83afef521bd292a89150f8765,gx-no-cache=1520968477769 HTTP/1.1" 200 30
200.86.95.220 - - [13/Mar/2018:16:15:26 -0300] "POST /cormun/servlet/solicitudot?gx-no-cache=1520968477816 HTTP/1.1" 200 30
200.86.95.220 - - [13/Mar/2018:16:15:26 -0300] "POST /cormun/servlet/solicitudot?gx-no-cache=1520968477879 HTTP/1.1" 200 1337
200.86.95.220 - - [13/Mar/2018:16:15:26 -0300] "POST /cormun/servlet/solicitudot?gx-no-cache=1520968477968 HTTP/1.1" 200 41
200.86.95.220 - - [13/Mar/2018:16:15:26 -0300] "POST /cormun/servlet/solicitudot?gx-no-cache=1520968478046 HTTP/1.1" 200 1319
200.86.95.220 - - [13/Mar/2018:16:15:26 -0300] "POST /cormun/servlet/solicitudot?gx-no-cache=1520968478112 HTTP/1.1" 200 1218
200.86.95.220 - - [13/Mar/2018:16:15:26 -0300] "GET /cormun/servlet/solicitudot?fec05dd1aff439c3e0081664a2519ca08ad94d94c5c14e562061e75ece6444204d2a266a775e21a66e0ff2fd280ae46d,gx-no-cache=1520968478178 HTTP/1.1" 200 30
200.86.95.220 - - [13/Mar/2018:16:15:26 -0300] "POST /cormun/servlet/solicitudot?gx-no-cache=1520968478231 HTTP/1.1" 200 33
200.86.95.220 - - [13/Mar/2018:16:15:26 -0300] "POST /cormun/servlet/solicitudot?79c1319b2bd3cdccbdeb629805747d30,INS,0,0,,gx-no-cache=1520968478307 HTTP/1.1" 200 11925
201.215.248.160 - - [13/Mar/2018:16:16:07 -0300] "GET /cormun/servlet/licenciaspermisosadjuntos?INS,17279322,L,20180313000000,, HTTP/1.1" 200 5865
201.215.248.160 - - [13/Mar/2018:16:16:07 -0300] "GET /cormun/static/about:blank HTTP/1.1" 404 1011
201.215.248.160 - - [13/Mar/2018:16:16:08 -0300] "GET /cormun/servlet/licenciaspermisosadjuntos?INS,17279322,L,20180313000000,, HTTP/1.1" 200 5853
186.103.159.189 - - [13/Mar/2018:16:16:16 -0300] "GET /cormun/servlet/solicitudot?INS,0,0, HTTP/1.1" 200 13427
186.103.159.189 - - [13/Mar/2018:16:16:18 -0300] "GET /cormun/servlet/solicitudot?INS,0,0, HTTP/1.1" 200 13432
201.215.248.160 - - [13/Mar/2018:16:16:39 -0300] "POST /cormun/servlet/licenciaspermisosadjuntos?a080b932dae45ff0aa75eb2dfe8428a1,INS,17279322,L,20180313000000,, HTTP/1.1" 200 116
201.215.248.160 - - [13/Mar/2018:16:16:39 -0300] "GET /cormun/servlet/hpexe_return? HTTP/1.1" 200 1037
201.215.248.160 - - [13/Mar/2018:16:16:39 -0300] "GET /cormun/servlet/trlicenciaspermisosadjuntos?17279322,20180313000000,L, HTTP/1.1" 200 7103
201.215.248.160 - - [13/Mar/2018:16:16:40 -0300] "GET /cormun/servlet/trlicenciaspermisosadjuntos?17279322,20180313000000,L, HTTP/1.1" 200 7100
186.103.159.189 - - [13/Mar/2018:16:16:42 -0300] "POST /cormun/servlet/solicitudot?gx-no-cache=1520968554287 HTTP/1.1" 200 3341
186.103.159.189 - - [13/Mar/2018:16:16:42 -0300] "GET /cormun/static/Shared/jqueryui/images/ui-bg_highlight-soft_100_c6c2c8_1x100.png HTTP/1.1" 404 1117
186.103.159.189 - - [13/Mar/2018:16:16:42 -0300] "GET /cormun/static/Shared/jqueryui/images/ui-icons_82798d_256x240.png HTTP/1.1" 404 1089
186.103.159.189 - - [13/Mar/2018:16:16:42 -0300] "GET /cormun/static/Shared/jqueryui/images/ui-icons_ebccce_256x240.png HTTP/1.1" 404 1089
186.103.159.189 - - [13/Mar/2018:16:16:42 -0300] "GET /cormun/static/Shared/jqueryui/images/ui-bg_flat_55_994d53_40x100.png HTTP/1.1" 404 1097
186.103.159.189 - - [13/Mar/2018:16:16:42 -0300] "GET /cormun/servlet/solicitudot?953f1169056de5b28a937845d252cf88660c70931707760512487c6aa7097a08,gx-no-cache=1520968554505 HTTP/1.1" 200 111
186.103.159.189 - - [13/Mar/2018:16:16:45 -0300] "GET /cormun/servlet/prfichaempleado?,MD,,gxPopupLevel%3D0%3B HTTP/1.1" 200 9326
201.215.248.160 - - [13/Mar/2018:16:16:45 -0300] "GET /cormun/servlet/trlicencias? HTTP/1.1" 200 9079
201.215.248.160 - - [13/Mar/2018:16:16:46 -0300] "GET /cormun/servlet/trlicencias? HTTP/1.1" 200 9078
200.86.95.220 - - [13/Mar/2018:16:16:51 -0300] "POST /cormun/servlet/solicitudot?79c1319b2bd3cdccbdeb629805747d30,INS,0,0,,gx-no-cache=1520968562711 HTTP/1.1" 200 93
200.86.95.220 - - [13/Mar/2018:16:16:51 -0300] "GET /cormun/servlet/hpexe_return? HTTP/1.1" 200 1011
200.86.95.220 - - [13/Mar/2018:16:16:51 -0300] "GET /cormun/servlet/trsolicitudot? HTTP/1.1" 200 8585
200.86.95.220 - - [13/Mar/2018:16:16:53 -0300] "GET /cormun/servlet/trsolicitudot? HTTP/1.1" 200 8581
201.215.248.160 - - [13/Mar/2018:16:16:56 -0300] "POST /cormun/servlet/trlicencias?a080b932dae45ff0aa75eb2dfe8428a1,,gx-no-cache=1520968553099 HTTP/1.1" 200 6298
201.215.248.160 - - [13/Mar/2018:16:16:56 -0300] "GET /cormun/static/Shared/jqueryui/images/ui-icons_82798d_256x240.png HTTP/1.1" 404 1089
201.215.248.160 - - [13/Mar/2018:16:16:56 -0300] "GET /cormun/static/Shared/jqueryui/images/ui-bg_flat_55_fafafa_40x100.png HTTP/1.1" 404 1097
201.215.248.160 - - [13/Mar/2018:16:16:56 -0300] "GET /cormun/static/Shared/jqueryui/images/ui-icons_8d78a5_256x240.png HTTP/1.1" 404 1089
200.86.95.220 - - [13/Mar/2018:16:16:56 -0300] "GET /cormun/servlet/solicitudot?INS,0,0, HTTP/1.1" 200 13398
200.86.95.220 - - [13/Mar/2018:16:16:58 -0300] "GET /cormun/servlet/solicitudot?INS,0,0, HTTP/1.1" 200 13403
201.215.248.160 - - [13/Mar/2018:16:16:59 -0300] "GET /cormun/servlet/alicenciaprn?17279322,L,20180313000000,PU HTTP/1.1" 200 1629
201.215.248.160 - - [13/Mar/2018:16:17:02 -0300] "GET /cormun/static/Shared/jqueryui/images/ui-bg_highlight-soft_100_c6c2c8_1x100.png HTTP/1.1" 404 1117
200.86.95.220 - - [13/Mar/2018:16:17:05 -0300] "POST /cormun/servlet/solicitudot?gx-no-cache=1520968576555 HTTP/1.1" 200 3396
186.103.159.189 - - [13/Mar/2018:16:17:06 -0300] "POST /cormun/servlet/prfichaempleado?8415415eab9b964ee9fa7f6987dccbac,,MD,,gxPopupLevel%3D0%3B,gx-no-cache=1520968577583 HTTP/1.1" 200 3183
200.112.4.243 - - [13/Mar/2018:16:17:07 -0300] "GET /cormun/servlet/hlogin HTTP/1.1" 200 1724
200.86.95.220 - - [13/Mar/2018:16:17:07 -0300] "POST /cormun/servlet/solicitudot?79c1319b2bd3cdccbdeb629805747d30,INS,0,0,,gx-no-cache=1520968577029 HTTP/1.1" 200 10388
200.112.4.243 - - [13/Mar/2018:16:17:07 -0300] "GET /cormun/servlet/hlogin HTTP/1.1" 200 1735
200.112.4.243 - - [13/Mar/2018:16:17:07 -0300] "GET /favicon.ico HTTP/1.1" 200 21630
200.112.4.243 - - [13/Mar/2018:16:17:09 -0300] "POST /cormun/servlet/hlogin?dbf3662682b480efbf2b6b1554a8a263,gx-no-cache=1520968580425 HTTP/1.1" 200 90
200.112.4.243 - - [13/Mar/2018:16:17:09 -0300] "GET /cormun/servlet/hpexe_link HTTP/1.1" 200 953
200.112.4.243 - - [13/Mar/2018:16:17:09 -0300] "GET /cormun/servlet/hhome HTTP/1.1" 200 3998
200.112.4.243 - - [13/Mar/2018:16:17:10 -0300] "GET /cormun/servlet/hhome HTTP/1.1" 200 3995
200.86.95.220 - - [13/Mar/2018:16:17:10 -0300] "GET /cormun/servlet/solicitudot?fec05dd1aff439c3e0081664a2519ca0be5a88e84dc3fba05c92acd94b25ce1ba90936586aeae536f24b0809e90ede84,gx-no-cache=1520968582470 HTTP/1.1" 200 30
200.86.95.220 - - [13/Mar/2018:16:17:10 -0300] "GET /cormun/servlet/solicitudot?fec05dd1aff439c3e0081664a2519ca03182affd0028bf2174302c1a7b1eaa9d7ee16ad31fb413732ec35a932fcfa37c641e830ae61e9c3f3c6a4aa166ee6dc8,gx-no-cache=1520968582591 HTTP/1.1" 200 30
200.86.95.220 - - [13/Mar/2018:16:17:11 -0300] "GET /cormun/servlet/solicitudot?fec05dd1aff439c3e0081664a2519ca0aa500fbeaad925e5a43b3e5e1a015534,gx-no-cache=1520968582688 HTTP/1.1" 200 53
200.86.95.220 - - [13/Mar/2018:16:17:11 -0300] "POST /cormun/servlet/solicitudot?gx-no-cache=1520968582778 HTTP/1.1" 200 255
200.86.95.220 - - [13/Mar/2018:16:17:11 -0300] "GET /cormun/servlet/solicitudot?fec05dd1aff439c3e0081664a2519ca062c4a0210d1d45c51070fc328c8ede3e1c33dc3067dda7f6677f76b399e1e452b431de6f6d1ff95fbd5236eef9809ac9932ab98b500c1caf3ce5d839382c5d53ee8e23e1dc527bc75d37f34deaedab6469dc3ff3385bb4f9941b6ab49313555b30ee358d2db8a75472efacb42c89f47d40f2f35d0e8b26df3edf8551488377ad20c38a1262b2c5f2be30d87abf84f0699a23243d440b77884007422f2135ccd836756e7a0795623125c1be23366343f04f444a298dbbf045959f1611f8918face753be955f5c34d3522258163fc36ef04b25b4e442c2625d94c14833b798844fe1ed05ec58516f4d2ec215f13c7320b0ae68a13f01140230dc91499586b7eff3a322c82d05eecf6c25d75ec2db7e0d696a61cb378e0f4e5c53e26200100c5a8b1f37f497a33ea1cc679d284691d23217fe809534b2c9e49ce8dd914ada3f331a8905eab2e1bf652eb155a0d7b2ae0715ed25d4477b9a3ad429940d8a7675537cfb403849ec7c1b2d01536a85694fb157,gx-no-cache=1520968582879 HTTP/1.1" 200 30
200.86.95.220 - - [13/Mar/2018:16:17:13 -0300] "POST /cormun/servlet/solicitudot?gx-no-cache=1520968585476 HTTP/1.1" 200 30
200.86.95.220 - - [13/Mar/2018:16:17:18 -0300] "GET /cormun/servlet/prcontratosol?17521154,,,,,MD,,gxPopupLevel%3D0%3B HTTP/1.1" 200 7954
200.112.4.243 - - [13/Mar/2018:16:17:20 -0300] "GET /cormun/servlet/trsolicitudot? HTTP/1.1" 200 7213
200.112.4.243 - - [13/Mar/2018:16:17:21 -0300] "GET /cormun/servlet/trsolicitudot? HTTP/1.1" 200 7212
200.86.95.220 - - [13/Mar/2018:16:17:21 -0300] "POST /cormun/servlet/solicitudot?gx-no-cache=1520968593347 HTTP/1.1" 200 1337
200.86.95.220 - - [13/Mar/2018:16:17:21 -0300] "POST /cormun/servlet/solicitudot?gx-no-cache=1520968593489 HTTP/1.1" 200 38
200.86.95.220 - - [13/Mar/2018:16:17:21 -0300] "GET /cormun/servlet/solicitudot?fec05dd1aff439c3e0081664a2519ca08a96d78b0d227361bf10184e5ee2e20a0c584f46d1990bfb52ec685b705f2e552e64ed0658521e7247d55f1440a7649edf1f2e2b7a1b591e44c9faf97232def9cb2fdd2b21aa9c3035b90715fd5f31aca41d497d3ad1ce46622cb08d84e5b917599c32d9ab14723defab0b14c7ec7a3413bc85dcf9123ae8f34de6d534dc079499af310233de63a2f1880c10b2d9404334e5bde7545c2b0668e1dabf5e5fd233203315efb9380a1199c947dc2658b24c2f26e9f42f7295ba9e40bc608cebb14e,gx-no-cache=1520968593568 HTTP/1.1" 200 29
200.86.95.220 - - [13/Mar/2018:16:17:21 -0300] "POST /cormun/servlet/solicitudot?gx-no-cache=1520968593651 HTTP/1.1" 200 1319
200.86.95.220 - - [13/Mar/2018:16:17:22 -0300] "POST /cormun/servlet/solicitudot?gx-no-cache=1520968593724 HTTP/1.1" 200 1218
200.86.95.220 - - [13/Mar/2018:16:17:22 -0300] "GET /cormun/servlet/solicitudot?fec05dd1aff439c3e0081664a2519ca09c303a4b24d2d19ccfa8c1905c5509404309b4c1ad72dc91a6b56754dca8af0b,gx-no-cache=1520968593808 HTTP/1.1" 200 30
200.112.4.243 - - [13/Mar/2018:16:17:23 -0300] "GET /cormun/servlet/solicitudot?INS,0,0, HTTP/1.1" 200 13454
200.112.4.243 - - [13/Mar/2018:16:17:24 -0300] "GET /cormun/servlet/solicitudot?INS,0,0, HTTP/1.1" 200 13459
200.86.95.220 - - [13/Mar/2018:16:17:31 -0300] "GET /cormun/servlet/solicitudot?fec05dd1aff439c3e0081664a2519ca08a96d78b0d227361bf10184e5ee2e20a0c584f46d1990bfb52ec685b705f2e55b6bd5bdebf2865e26a4066a326350585df1f2e2b7a1b591e44c9faf97232def9cb2fdd2b21aa9c3035b90715fd5f31aca41d497d3ad1ce46622cb08d84e5b917599c32d9ab14723defab0b14c7ec7a3413bc85dcf9123ae8f34de6d534dc079499af310233de63a2f1880c10b2d9404334e5bde7545c2b0668e1dabf5e5fd233203315efb9380a1199c947dc2658b24c2f26e9f42f7295ba9e40bc608cebb14e,gx-no-cache=1520968602845 HTTP/1.1" 200 29
200.86.95.220 - - [13/Mar/2018:16:17:33 -0300] "POST /cormun/servlet/solicitudot?gx-no-cache=1520968604988 HTTP/1.1" 200 1319
200.86.95.220 - - [13/Mar/2018:16:17:34 -0300] "POST /cormun/servlet/solicitudot?gx-no-cache=1520968605542 HTTP/1.1" 200 1218
200.86.95.220 - - [13/Mar/2018:16:17:34 -0300] "GET /cormun/static/menuarrow.gif HTTP/1.1" 404 1015
186.103.159.189 - - [13/Mar/2018:16:17:34 -0300] "POST /cormun/servlet/prfichaempleado?8415415eab9b964ee9fa7f6987dccbac,,MD,,gxPopupLevel%3D0%3B,gx-no-cache=1520968605503 HTTP/1.1" 200 3183
200.112.4.243 - - [13/Mar/2018:16:17:34 -0300] "GET /cormun/servlet/hlogin HTTP/1.1" 200 1724
200.86.95.220 - - [13/Mar/2018:16:17:36 -0300] "POST /cormun/servlet/solicitudot?gx-no-cache=1520968608146 HTTP/1.1" 200 1319
200.86.95.220 - - [13/Mar/2018:16:17:36 -0300] "POST /cormun/servlet/solicitudot?gx-no-cache=1520968608428 HTTP/1.1" 200 1218
200.112.4.243 - - [13/Mar/2018:16:17:37 -0300] "POST /cormun/servlet/hlogin?dbf3662682b480efbf2b6b1554a8a263,gx-no-cache=1520968608912 HTTP/1.1" 200 90
200.112.4.243 - - [13/Mar/2018:16:17:37 -0300] "GET /cormun/servlet/hpexe_link HTTP/1.1" 200 953
200.86.95.220 - - [13/Mar/2018:16:17:37 -0300] "GET /cormun/servlet/solicitudot?fec05dd1aff439c3e0081664a2519ca08ad94d94c5c14e562061e75ece6444204d2a266a775e21a66e0ff2fd280ae46d,gx-no-cache=1520968609581 HTTP/1.1" 200 30
200.112.4.243 - - [13/Mar/2018:16:17:37 -0300] "GET /cormun/servlet/hhome HTTP/1.1" 200 4205
200.86.95.220 - - [13/Mar/2018:16:17:38 -0300] "POST /cormun/servlet/solicitudot?gx-no-cache=1520968609714 HTTP/1.1" 200 33
200.112.4.243 - - [13/Mar/2018:16:17:38 -0300] "GET /cormun/servlet/hhome HTTP/1.1" 200 4201
186.103.159.189 - - [13/Mar/2018:16:17:43 -0300] "GET /cormun/servlet/prfichaempleado?,MD,,gxPopupLevel%3D0%3B HTTP/1.1" 200 9326
200.112.4.243 - - [13/Mar/2018:16:17:46 -0300] "GET /cormun/servlet/trautorizarsolicitud? HTTP/1.1" 200 9210
200.112.4.243 - - [13/Mar/2018:16:17:46 -0300] "GET /cormun/static/gxcfg.js?2017111423403364 HTTP/1.1" 200 953
200.112.4.243 - - [13/Mar/2018:16:17:46 -0300] "GET /cormun/static/trautorizarsolicitud.js?201711142340425 HTTP/1.1" 304 -
200.112.4.243 - - [13/Mar/2018:16:17:46 -0300] "GET /cormun/servlet/trautorizarsolicitud? HTTP/1.1" 200 9208
192.168.10.96 - - [13/Mar/2018:16:17:50 -0300] "POST /cormun/servlet/trsolicitudgral?2017393583856da9e50af9554cf7fc29,,gx-no-cache=1520968493418 HTTP/1.1" 200 27012
200.112.4.243 - - [13/Mar/2018:16:17:51 -0300] "GET /cormun/static/menuarrow.gif HTTP/1.1" 404 1015
200.86.95.220 - - [13/Mar/2018:16:18:10 -0300] "POST /cormun/servlet/solicitudot?79c1319b2bd3cdccbdeb629805747d30,INS,0,0,,gx-no-cache=1520968641813 HTTP/1.1" 200 93
200.86.95.220 - - [13/Mar/2018:16:18:10 -0300] "GET /cormun/servlet/hpexe_return? HTTP/1.1" 200 1011
200.86.95.220 - - [13/Mar/2018:16:18:11 -0300] "GET /cormun/servlet/trsolicitudot HTTP/1.1" 200 9043
201.215.248.160 - - [13/Mar/2018:16:18:12 -0300] "GET /cormun/servlet/trpermisosgoce? HTTP/1.1" 200 7117
200.86.95.220 - - [13/Mar/2018:16:18:12 -0300] "GET /cormun/servlet/trsolicitudot HTTP/1.1" 200 9038
201.215.248.160 - - [13/Mar/2018:16:18:13 -0300] "GET /cormun/static/gxcfg.js?20177612163875 HTTP/1.1" 200 953
201.215.248.160 - - [13/Mar/2018:16:18:13 -0300] "GET /cormun/static/trpermisosgoce.js?20177612164335 HTTP/1.1" 200 35904
201.215.248.160 - - [13/Mar/2018:16:18:13 -0300] "GET /cormun/servlet/trpermisosgoce? HTTP/1.1" 200 7117
192.168.10.89 - - [13/Mar/2018:16:18:17 -0300] "POST /cormun/servlet/trsolicitudgral?c7d1b7261e9a8c6e3a3a7e3c209884a7,,gx-no-cache=1520968534336 HTTP/1.1" 200 5929
201.215.248.160 - - [13/Mar/2018:16:18:19 -0300] "GET /cormun/servlet/permisogoce?INS,0,,, HTTP/1.1" 200 7048
201.215.248.160 - - [13/Mar/2018:16:18:19 -0300] "GET /cormun/static/gxcfg.js?201776126440 HTTP/1.1" 200 953
201.215.248.160 - - [13/Mar/2018:16:18:19 -0300] "GET /cormun/static/permisogoce.js?2017761264459 HTTP/1.1" 200 27897
201.215.248.160 - - [13/Mar/2018:16:18:19 -0300] "GET /cormun/servlet/permisogoce?INS,0,,, HTTP/1.1" 200 7049
201.215.248.160 - - [13/Mar/2018:16:18:23 -0300] "GET /cormun/servlet/prfichaempleado?,MD,,gxPopupLevel%3D0%3B HTTP/1.1" 200 9366
201.215.248.160 - - [13/Mar/2018:16:18:33 -0300] "POST /cormun/servlet/prfichaempleado?a080b932dae45ff0aa75eb2dfe8428a1,,MD,,gxPopupLevel%3D0%3B,gx-no-cache=1520968651495 HTTP/1.1" 200 3472
200.86.95.220 - - [13/Mar/2018:16:18:36 -0300] "POST /cormun/servlet/trsolicitudot?79c1319b2bd3cdccbdeb629805747d30,gx-no-cache=1520968667492 HTTP/1.1" 200 5726
200.86.95.220 - - [13/Mar/2018:16:18:36 -0300] "GET /cormun/static/Shared/jqueryui/images/ui-bg_highlight-soft_100_c6c2c8_1x100.png HTTP/1.1" 404 1117
200.86.95.220 - - [13/Mar/2018:16:18:36 -0300] "GET /cormun/static/Shared/jqueryui/images/ui-icons_8d78a5_256x240.png HTTP/1.1" 404 1089
200.86.95.220 - - [13/Mar/2018:16:18:36 -0300] "GET /cormun/static/Shared/jqueryui/images/ui-icons_82798d_256x240.png HTTP/1.1" 404 1089
200.86.95.220 - - [13/Mar/2018:16:18:36 -0300] "GET /cormun/static/Shared/jqueryui/images/ui-bg_flat_55_fafafa_40x100.png HTTP/1.1" 404 1097
200.86.95.220 - - [13/Mar/2018:16:18:37 -0300] "POST /cormun/servlet/trsolicitudot?79c1319b2bd3cdccbdeb629805747d30,gx-no-cache=1520968668134 HTTP/1.1" 200 5670
192.168.10.89 - - [13/Mar/2018:16:18:38 -0300] "POST /cormun/servlet/trsolicitudgral?c7d1b7261e9a8c6e3a3a7e3c209884a7,,gx-no-cache=1520968555045 HTTP/1.1" 200 5927
201.215.248.160 - - [13/Mar/2018:16:18:39 -0300] "GET /cormun/servlet/permisogoce?211eb43ca4cfba32d5444e74fa6fa076c99b8600ed0666d9d7f696ae0b5e1ba303897d36ccf19ddbeba90242d7283848f40d9e14a02c7b3134ad60fc5ff72328,gx-no-cache=1520968658076 HTTP/1.1" 200 75
201.215.248.160 - - [13/Mar/2018:16:18:39 -0300] "GET /cormun/static/menuarrow.gif HTTP/1.1" 404 1015
192.168.10.89 - - [13/Mar/2018:16:18:47 -0300] "POST /cormun/servlet/trsolicitudgral?c7d1b7261e9a8c6e3a3a7e3c209884a7,,gx-no-cache=1520968564358 HTTP/1.1" 200 5926
201.215.248.160 - - [13/Mar/2018:16:18:53 -0300] "GET /cormun/servlet/permisogoce?211eb43ca4cfba32d5444e74fa6fa0763c5ece58a32edc039a58c3416f2d936b59a7ed96e34a4cbb8a0e44ca4201ddb15f4a8ebb1da7eab5b5bd5ecab9386c79,gx-no-cache=1520968672311 HTTP/1.1" 200 129
201.215.248.160 - - [13/Mar/2018:16:18:53 -0300] "GET /cormun/static/Shared/jqueryui/images/ui-bg_highlight-soft_100_c6c2c8_1x100.png HTTP/1.1" 404 1117
201.215.248.160 - - [13/Mar/2018:16:18:54 -0300] "GET /cormun/static/Shared/jqueryui/images/ui-icons_82798d_256x240.png HTTP/1.1" 404 1089
201.215.248.160 - - [13/Mar/2018:16:18:54 -0300] "GET /cormun/static/Shared/jqueryui/images/ui-bg_flat_55_994d53_40x100.png HTTP/1.1" 404 1097
201.215.248.160 - - [13/Mar/2018:16:18:54 -0300] "GET /cormun/static/Shared/jqueryui/images/ui-icons_ebccce_256x240.png HTTP/1.1" 404 1089
190.151.100.218 - - [13/Mar/2018:16:18:59 -0300] "GET /cormun/servlet/hlogin HTTP/1.1" 200 1722
192.168.10.89 - - [13/Mar/2018:16:19:01 -0300] "POST /cormun/servlet/trsolicitudgral?c7d1b7261e9a8c6e3a3a7e3c209884a7,,gx-no-cache=1520968577581 HTTP/1.1" 200 5926
192.168.10.96 - - [13/Mar/2018:16:19:02 -0300] "POST /cormun/servlet/trsolicitudgral?2017393583856da9e50af9554cf7fc29,,gx-no-cache=1520968576147 HTTP/1.1" 200 26386
201.215.248.160 - - [13/Mar/2018:16:19:04 -0300] "GET /cormun/servlet/permisogoce?211eb43ca4cfba32d5444e74fa6fa0763c5ece58a32edc039a58c3416f2d936bba3e4e3026d0109077cbc0b68c05648289ed6bc4082c27dd2fa6044a59992249,gx-no-cache=1520968682618 HTTP/1.1" 200 120
200.112.4.243 - - [13/Mar/2018:16:19:07 -0300] "POST /cormun/servlet/trautorizarsolicitud?dbf3662682b480efbf2b6b1554a8a263,,gx-no-cache=1520968697549 HTTP/1.1" 200 6082
200.112.4.243 - - [13/Mar/2018:16:19:07 -0300] "GET /cormun/static/Shared/jqueryui/images/ui-bg_highlight-soft_100_c6c2c8_1x100.png HTTP/1.1" 404 1117
200.112.4.243 - - [13/Mar/2018:16:19:07 -0300] "GET /cormun/static/Shared/jqueryui/images/ui-icons_82798d_256x240.png HTTP/1.1" 404 1089
200.112.4.243 - - [13/Mar/2018:16:19:07 -0300] "GET /cormun/static/Shared/jqueryui/images/ui-bg_flat_55_fafafa_40x100.png HTTP/1.1" 404 1097
200.112.4.243 - - [13/Mar/2018:16:19:07 -0300] "GET /cormun/static/Shared/jqueryui/images/ui-icons_8d78a5_256x240.png HTTP/1.1" 404 1089
200.112.4.243 - - [13/Mar/2018:16:19:08 -0300] "POST /cormun/servlet/trautorizarsolicitud?dbf3662682b480efbf2b6b1554a8a263,,gx-no-cache=1520968698905 HTTP/1.1" 200 6025
186.67.203.186 - - [13/Mar/2018:16:19:09 -0300] "GET /cormun/static/gxtimezone.js?85251 HTTP/1.1" 200 5781
200.111.122.170 - - [13/Mar/2018:16:19:09 -0300] "GET /cormun/static/gxcfg.js?20175251213516 HTTP/1.1" 200 953
190.151.100.218 - - [13/Mar/2018:16:19:09 -0300] "GET /cormun/static/Resources/Spanish/PXTools.css?11423723 HTTP/1.1" 200 89042
200.111.122.170 - - [13/Mar/2018:16:19:09 -0300] "GET /cormun/static/messages.spa.js?85251 HTTP/1.1" 200 30736
186.67.203.186 - - [13/Mar/2018:16:19:09 -0300] "GET /cormun/static/Resources/ComunLogin.png HTTP/1.1" 200 17326
186.67.203.186 - - [13/Mar/2018:16:19:09 -0300] "GET /cormun/static/hlogin.js?20175251213537 HTTP/1.1" 200 2136
200.111.122.170 - - [13/Mar/2018:16:19:09 -0300] "GET /cormun/static/gxgral.js?85251 HTTP/1.1" 200 384558
200.112.4.243 - - [13/Mar/2018:16:19:10 -0300] "POST /cormun/servlet/trautorizarsolicitud?dbf3662682b480efbf2b6b1554a8a263,,gx-no-cache=1520968700962 HTTP/1.1" 200 5775
200.112.4.243 - - [13/Mar/2018:16:19:10 -0300] "POST /cormun/servlet/trautorizarsolicitud?dbf3662682b480efbf2b6b1554a8a263,,gx-no-cache=1520968701557 HTTP/1.1" 200 5721
201.215.248.160 - - [13/Mar/2018:16:19:11 -0300] "GET /cormun/servlet/permisogoce?211eb43ca4cfba32d5444e74fa6fa0763c5ece58a32edc039a58c3416f2d936beb4edda0cbd838942cdb89c931b0ea895f4a8ebb1da7eab5b5bd5ecab9386c79,gx-no-cache=1520968689793 HTTP/1.1" 200 46
200.112.4.243 - - [13/Mar/2018:16:19:11 -0300] "POST /cormun/servlet/trautorizarsolicitud?dbf3662682b480efbf2b6b1554a8a263,,gx-no-cache=1520968702814 HTTP/1.1" 200 4596
200.112.4.243 - - [13/Mar/2018:16:19:12 -0300] "POST /cormun/servlet/trautorizarsolicitud?dbf3662682b480efbf2b6b1554a8a263,,gx-no-cache=1520968703321 HTTP/1.1" 200 4383
200.111.122.170 - - [13/Mar/2018:16:19:16 -0300] "GET /cormun/static/Resources/PXToolsLoginTop.png HTTP/1.1" 200 1337
186.67.203.186 - - [13/Mar/2018:16:19:16 -0300] "GET /cormun/static/Resources/PXToolsLoginBackground.png HTTP/1.1" 200 1164
200.111.122.170 - - [13/Mar/2018:16:19:18 -0300] "GET /cormun/static/Resources/PXToolsButtonLeft21.png HTTP/1.1" 200 1287
186.67.203.186 - - [13/Mar/2018:16:19:18 -0300] "GET /cormun/static/Resources/PXToolsButtonRight21.png HTTP/1.1" 200 1283
200.111.122.170 - - [13/Mar/2018:16:19:18 -0300] "GET /cormun/static/Resources/PXToolsLoginBottom.png HTTP/1.1" 200 1389
190.151.100.218 - - [13/Mar/2018:16:19:18 -0300] "GET /cormun/static/Resources/PXToolsButtonBackground2.png HTTP/1.1" 200 1181
186.67.203.186 - - [13/Mar/2018:16:19:19 -0300] "GET /cormun/static/Resources/indicator.gif HTTP/1.1" 200 1553
186.67.203.186 - - [13/Mar/2018:16:19:20 -0300] "GET /cormun/servlet/hlogin HTTP/1.1" 200 1732
186.67.203.186 - - [13/Mar/2018:16:19:21 -0300] "GET /favicon.ico HTTP/1.1" 200 21630
201.215.248.160 - - [13/Mar/2018:16:19:34 -0300] "GET /cormun/servlet/puconsultapgoce?10484191,MD,gxPopupLevel%3D0%3B HTTP/1.1" 200 3772
201.215.248.160 - - [13/Mar/2018:16:19:34 -0300] "GET /cormun/static/gxcfg.js?20176272064833 HTTP/1.1" 200 953
201.215.248.160 - - [13/Mar/2018:16:19:34 -0300] "GET /cormun/pexe_menus.js HTTP/1.1" 404 1001
201.215.248.160 - - [13/Mar/2018:16:19:34 -0300] "GET /cormun/pexe_layers.js HTTP/1.1" 404 1003
201.215.248.160 - - [13/Mar/2018:16:19:34 -0300] "GET /cormun/pexe_windows.js HTTP/1.1" 404 1005
201.215.248.160 - - [13/Mar/2018:16:19:34 -0300] "GET /cormun/pexe_link.js HTTP/1.1" 404 999
201.215.248.160 - - [13/Mar/2018:16:19:34 -0300] "GET /cormun/pexe_grid.js HTTP/1.1" 404 999
201.215.248.160 - - [13/Mar/2018:16:19:34 -0300] "GET /cormun/pexe_cookies.js HTTP/1.1" 404 1005
201.215.248.160 - - [13/Mar/2018:16:19:34 -0300] "GET /cormun/pexe_griddivfix.js HTTP/1.1" 404 1011
201.215.248.160 - - [13/Mar/2018:16:19:34 -0300] "GET /cormun/pexe_picture.js HTTP/1.1" 404 1005
201.215.248.160 - - [13/Mar/2018:16:19:34 -0300] "GET /cormun/pexe_treedivfix.js HTTP/1.1" 404 1011
201.215.248.160 - - [13/Mar/2018:16:19:34 -0300] "GET /cormun/pexe_autoreload.js HTTP/1.1" 404 1011
201.215.248.160 - - [13/Mar/2018:16:19:34 -0300] "GET /cormun/pexe_menudivfix.js HTTP/1.1" 404 1011
201.215.248.160 - - [13/Mar/2018:16:19:34 -0300] "GET /cormun/pexe_tabdivfix.js HTTP/1.1" 404 1009
201.215.248.160 - - [13/Mar/2018:16:19:35 -0300] "GET /cormun/static/mpprompt.js?201762717531384 HTTP/1.1" 200 940
201.215.248.160 - - [13/Mar/2018:16:19:35 -0300] "GET /cormun/static/puconsultapgoce.js?2017627206511 HTTP/1.1" 200 22470
201.215.248.160 - - [13/Mar/2018:16:19:35 -0300] "GET /cormun/pexe_grid.js HTTP/1.1" 404 999
201.215.248.160 - - [13/Mar/2018:16:19:35 -0300] "GET /cormun/pexe_griddivfix.js HTTP/1.1" 404 1011
201.215.248.160 - - [13/Mar/2018:16:19:35 -0300] "GET /cormun/pexe_picture.js HTTP/1.1" 404 1005
201.215.248.160 - - [13/Mar/2018:16:19:35 -0300] "GET /cormun/pexe_treedivfix.js HTTP/1.1" 404 1011
201.215.248.160 - - [13/Mar/2018:16:19:35 -0300] "GET /cormun/pexe_autoreload.js HTTP/1.1" 404 1011
201.215.248.160 - - [13/Mar/2018:16:19:35 -0300] "GET /cormun/pexe_menudivfix.js HTTP/1.1" 404 1011
201.215.248.160 - - [13/Mar/2018:16:19:35 -0300] "GET /cormun/pexe_tabdivfix.js HTTP/1.1" 404 1009
201.215.248.160 - - [13/Mar/2018:16:19:43 -0300] "POST /cormun/servlet/puconsultapgoce?a080b932dae45ff0aa75eb2dfe8428a1,10484191,MD,gxPopupLevel%3D0%3B,gx-no-cache=1520968721606 HTTP/1.1" 200 60
201.215.248.160 - - [13/Mar/2018:16:19:44 -0300] "POST /cormun/servlet/permisogoce?a080b932dae45ff0aa75eb2dfe8428a1,INS,0,,,,gx-no-cache=1520968723123 HTTP/1.1" 200 93
201.215.248.160 - - [13/Mar/2018:16:19:45 -0300] "GET /cormun/servlet/hpexe_return? HTTP/1.1" 200 1004
201.215.248.160 - - [13/Mar/2018:16:19:45 -0300] "GET /cormun/servlet/trpermisosgoce HTTP/1.1" 200 7995
201.215.248.160 - - [13/Mar/2018:16:19:45 -0300] "GET /cormun/servlet/trpermisosgoce HTTP/1.1" 200 7991
201.215.248.160 - - [13/Mar/2018:16:19:50 -0300] "GET /cormun/servlet/trpermisosadjuntos?10484191,20180313161535,P, HTTP/1.1" 200 6513
201.215.248.160 - - [13/Mar/2018:16:19:50 -0300] "GET /cormun/static/gxcfg.js?201762817193957 HTTP/1.1" 200 953
201.215.248.160 - - [13/Mar/2018:16:19:51 -0300] "GET /cormun/static/trpermisosadjuntos.js?201762817194366 HTTP/1.1" 200 20158
201.215.248.160 - - [13/Mar/2018:16:19:51 -0300] "GET /cormun/servlet/trpermisosadjuntos?10484191,20180313161535,P, HTTP/1.1" 200 6514
186.103.159.189 - - [13/Mar/2018:16:19:52 -0300] "POST /cormun/servlet/solicitudot?gx-no-cache=1520968744230 HTTP/1.1" 200 3284
186.103.159.189 - - [13/Mar/2018:16:19:52 -0300] "POST /cormun/servlet/solicitudot?8415415eab9b964ee9fa7f6987dccbac,INS,0,0,,gx-no-cache=1520968744466 HTTP/1.1" 200 10245
186.103.159.189 - - [13/Mar/2018:16:19:58 -0300] "GET /cormun/servlet/solicitudot?953f1169056de5b28a937845d252cf88201a41efdcba7c4bd664b5082e79857f046ef785d9f3e25c44045087bf88e6c2,gx-no-cache=1520968750362 HTTP/1.1" 200 30
201.215.248.160 - - [13/Mar/2018:16:19:59 -0300] "GET /cormun/servlet/permisosadjuntos?INS,10484191,P,20180313161535,, HTTP/1.1" 200 5847
201.215.248.160 - - [13/Mar/2018:16:19:59 -0300] "GET /cormun/static/gxcfg.js?201762717441171 HTTP/1.1" 200 953
201.215.248.160 - - [13/Mar/2018:16:19:59 -0300] "GET /cormun/static/permisosadjuntos.js?201762717441184 HTTP/1.1" 200 8724
201.215.248.160 - - [13/Mar/2018:16:19:59 -0300] "GET /cormun/static/about:blank HTTP/1.1" 404 1011
201.215.248.160 - - [13/Mar/2018:16:20:00 -0300] "GET /cormun/servlet/permisosadjuntos?INS,10484191,P,20180313161535,, HTTP/1.1" 200 5836
201.215.248.160 - - [13/Mar/2018:16:20:14 -0300] "POST /cormun/servlet/permisosadjuntos?a080b932dae45ff0aa75eb2dfe8428a1,INS,10484191,P,20180313161535,, HTTP/1.1" 200 116
201.215.248.160 - - [13/Mar/2018:16:20:14 -0300] "GET /cormun/servlet/hpexe_return? HTTP/1.1" 200 1032
201.215.248.160 - - [13/Mar/2018:16:20:14 -0300] "GET /cormun/servlet/trpermisosadjuntos?10484191,20180313161535,P, HTTP/1.1" 200 7044
201.215.248.160 - - [13/Mar/2018:16:20:15 -0300] "GET /cormun/servlet/trpermisosadjuntos?10484191,20180313161535,P, HTTP/1.1" 200 7042
201.215.248.160 - - [13/Mar/2018:16:20:24 -0300] "GET /cormun/servlet/trpermisosgoce? HTTP/1.1" 200 7991
201.215.248.160 - - [13/Mar/2018:16:20:24 -0300] "GET /cormun/servlet/trpermisosgoce? HTTP/1.1" 200 7991
201.215.248.160 - - [13/Mar/2018:16:20:31 -0300] "POST /cormun/servlet/trpermisosgoce?a080b932dae45ff0aa75eb2dfe8428a1,,gx-no-cache=1520968770029 HTTP/1.1" 200 5170
201.215.248.160 - - [13/Mar/2018:16:20:31 -0300] "GET /cormun/static/Shared/jqueryui/images/ui-bg_highlight-soft_100_c6c2c8_1x100.png HTTP/1.1" 404 1117
201.215.248.160 - - [13/Mar/2018:16:20:31 -0300] "GET /cormun/static/Shared/jqueryui/images/ui-icons_8d78a5_256x240.png HTTP/1.1" 404 1089
201.215.248.160 - - [13/Mar/2018:16:20:31 -0300] "GET /cormun/static/Shared/jqueryui/images/ui-icons_82798d_256x240.png HTTP/1.1" 404 1089
201.215.248.160 - - [13/Mar/2018:16:20:31 -0300] "GET /cormun/static/Shared/jqueryui/images/ui-bg_flat_55_fafafa_40x100.png HTTP/1.1" 404 1097
186.103.159.189 - - [13/Mar/2018:16:20:33 -0300] "GET /cormun/servlet/solicitudot?953f1169056de5b28a937845d252cf885d994c1e9d34e00129f357a76b3340f3,gx-no-cache=1520968784926 HTTP/1.1" 200 94
186.103.159.189 - - [13/Mar/2018:16:20:33 -0300] "GET /cormun/servlet/solicitudot?953f1169056de5b28a937845d252cf882efd0c43adc5d838eedd3872aee50237,gx-no-cache=1520968784997 HTTP/1.1" 200 29
186.103.159.189 - - [13/Mar/2018:16:20:33 -0300] "POST /cormun/servlet/solicitudot?gx-no-cache=1520968785045 HTTP/1.1" 200 297
186.103.157.42 - - [13/Mar/2018:16:20:33 -0300] "GET /cormun/servlet/hlogin HTTP/1.1" 200 1722
186.103.157.42 - - [13/Mar/2018:16:20:33 -0300] "GET /cormun/static/gxtimezone.js?85251 HTTP/1.1" 304 -
186.103.159.189 - - [13/Mar/2018:16:20:33 -0300] "GET /cormun/servlet/solicitudot?953f1169056de5b28a937845d252cf886e92f6c596ad9c3cd831f263f7ef247bd4e3e0b058365f0d91debaad462294e0a124ee85c54f3512f1f34ce258370b4bfeaa9d7f232457c50d719c80f300dc96d877d38c190955d0f4215b21d16ce5844818f8ab144a03ba49cfda8aa9d867226d806bea390e2b3810b09b08ef61dbf5ee9ce2b9d89dcdbeef270ba458fe028ebabdd6ba2dc8700f6d7669d06738a11dcd0b840716003c49d1909b2e2e87f88b7af86b40960b79d17d0770fd59f510793636f53f499b8cb881d9a03b21e609f2935a9dc6c5aee9fd23b385c110363fe059f3ac610ec12a06520aa579e0d766a30bb5b488adb6812951b5223aa3d22ae44a1e1d165d9efbbb4901b8888696f61b09475e68f8ffbe1653e0864fd066bdcb364ebdea53e03944174db5bdf399d987a16e251c260e7cf19b55c030f23a37b4855d822f547faf781290129eff993123662341d9c86a3065902f61fdcb71f20b7ae1922a5836338d723f227ba0040cdde9efbeb3461e1484d4026bc6b8506439c948553878f0602b56b7699ad4cfac92,gx-no-cache=1520968785100 HTTP/1.1" 200 30
186.103.157.42 - - [13/Mar/2018:16:20:33 -0300] "GET /cormun/servlet/hlogin HTTP/1.1" 200 1725
186.103.157.42 - - [13/Mar/2018:16:20:36 -0300] "POST /cormun/servlet/hlogin?e7ddba21f43a9dd1599282cfff5085e9,gx-no-cache=1520968533277 HTTP/1.1" 200 90
186.103.157.42 - - [13/Mar/2018:16:20:36 -0300] "GET /cormun/servlet/hpexe_link HTTP/1.1" 200 946
186.103.157.42 - - [13/Mar/2018:16:20:36 -0300] "GET /cormun/servlet/hhome HTTP/1.1" 200 4253
201.215.248.160 - - [13/Mar/2018:16:20:36 -0300] "GET /cormun/servlet/apermisogoceprn?10484191,P,20180313161535,PU HTTP/1.1" 200 1653
186.103.159.189 - - [13/Mar/2018:16:20:36 -0300] "POST /cormun/servlet/solicitudot?gx-no-cache=1520968788735 HTTP/1.1" 200 30
186.103.157.42 - - [13/Mar/2018:16:20:37 -0300] "GET /cormun/servlet/hhome HTTP/1.1" 200 4249
186.103.159.189 - - [13/Mar/2018:16:20:45 -0300] "POST /cormun/servlet/solicitudot?gx-no-cache=1520968796902 HTTP/1.1" 200 30
186.103.157.42 - - [13/Mar/2018:16:20:45 -0300] "GET /cormun/servlet/trsolicitudot? HTTP/1.1" 200 8864
186.103.157.42 - - [13/Mar/2018:16:20:45 -0300] "GET /cormun/static/calendar.js?85251 HTTP/1.1" 304 -
186.103.157.42 - - [13/Mar/2018:16:20:45 -0300] "GET /cormun/static/calendar-setup.js?85251 HTTP/1.1" 304 -
186.103.157.42 - - [13/Mar/2018:16:20:45 -0300] "GET /cormun/static/calendar-es.js?85251 HTTP/1.1" 304 -
186.103.157.42 - - [13/Mar/2018:16:20:45 -0300] "GET /cormun/static/gxdec.js?85251 HTTP/1.1" 304 -
186.103.157.42 - - [13/Mar/2018:16:20:46 -0300] "GET /cormun/servlet/trsolicitudot? HTTP/1.1" 200 8864
186.103.159.189 - - [13/Mar/2018:16:20:46 -0300] "GET /cormun/servlet/prcontratosol?13290782,,,,,MD,,gxPopupLevel%3D0%3B HTTP/1.1" 200 5670
186.103.161.206 - - [13/Mar/2018:16:20:47 -0300] "POST /cormun/servlet/hlogin?9f413e640612fadc58dad16c00f1388c,gx-no-cache=1520968810811 HTTP/1.1" 200 447
186.103.161.206 - - [13/Mar/2018:16:20:52 -0300] "POST /cormun/servlet/hlogin?9f413e640612fadc58dad16c00f1388c,gx-no-cache=1520968815536 HTTP/1.1" 200 447
201.215.248.160 - - [13/Mar/2018:16:21:12 -0300] "GET /cormun/servlet/trpermisosgoce? HTTP/1.1" 200 7971
201.215.248.160 - - [13/Mar/2018:16:21:13 -0300] "GET /cormun/servlet/trpermisosgoce? HTTP/1.1" 200 7971
201.215.248.160 - - [13/Mar/2018:16:21:16 -0300] "GET /cormun/servlet/permisogoce?INS,0,,, HTTP/1.1" 200 7048
201.215.248.160 - - [13/Mar/2018:16:21:17 -0300] "GET /cormun/servlet/permisogoce?INS,0,,, HTTP/1.1" 200 7049
201.215.248.160 - - [13/Mar/2018:16:21:26 -0300] "GET /cormun/servlet/prfichaempleado?,MD,,gxPopupLevel%3D0%3B HTTP/1.1" 200 9366
201.215.248.160 - - [13/Mar/2018:16:21:39 -0300] "POST /cormun/servlet/prfichaempleado?a080b932dae45ff0aa75eb2dfe8428a1,,MD,,gxPopupLevel%3D0%3B,gx-no-cache=1520968837903 HTTP/1.1" 200 3418
201.215.248.160 - - [13/Mar/2018:16:21:43 -0300] "GET /cormun/servlet/permisogoce?211eb43ca4cfba32d5444e74fa6fa0769859330e0f9e44a8b2a42ea692c7ed9703897d36ccf19ddbeba90242d7283848f40d9e14a02c7b3134ad60fc5ff72328,gx-no-cache=1520968841961 HTTP/1.1" 200 81
201.215.248.160 - - [13/Mar/2018:16:21:43 -0300] "GET /cormun/static/menuarrow.gif HTTP/1.1" 404 1015
201.215.248.160 - - [13/Mar/2018:16:21:48 -0300] "GET /cormun/servlet/permisogoce?211eb43ca4cfba32d5444e74fa6fa07635353b48bc39826b2b32e2f1c6d1c335b16d130fe909d6dc9e4058c644cd2b225f4a8ebb1da7eab5b5bd5ecab9386c79,gx-no-cache=1520968847370 HTTP/1.1" 200 46
201.215.248.160 - - [13/Mar/2018:16:21:59 -0300] "GET /cormun/servlet/puconsultapgoce?15125355,MD,gxPopupLevel%3D0%3B HTTP/1.1" 200 3775
201.215.248.160 - - [13/Mar/2018:16:21:59 -0300] "GET /cormun/pexe_menus.js HTTP/1.1" 404 1001
201.215.248.160 - - [13/Mar/2018:16:21:59 -0300] "GET /cormun/pexe_layers.js HTTP/1.1" 404 1003
201.215.248.160 - - [13/Mar/2018:16:21:59 -0300] "GET /cormun/pexe_picture.js HTTP/1.1" 404 1005
201.215.248.160 - - [13/Mar/2018:16:21:59 -0300] "GET /cormun/pexe_windows.js HTTP/1.1" 404 1005
201.215.248.160 - - [13/Mar/2018:16:21:59 -0300] "GET /cormun/pexe_link.js HTTP/1.1" 404 999
201.215.248.160 - - [13/Mar/2018:16:21:59 -0300] "GET /cormun/pexe_treedivfix.js HTTP/1.1" 404 1011
201.215.248.160 - - [13/Mar/2018:16:21:59 -0300] "GET /cormun/pexe_grid.js HTTP/1.1" 404 999
201.215.248.160 - - [13/Mar/2018:16:21:59 -0300] "GET /cormun/pexe_cookies.js HTTP/1.1" 404 1005
201.215.248.160 - - [13/Mar/2018:16:21:59 -0300] "GET /cormun/pexe_griddivfix.js HTTP/1.1" 404 1011
201.215.248.160 - - [13/Mar/2018:16:21:59 -0300] "GET /cormun/pexe_menudivfix.js HTTP/1.1" 404 1011
201.215.248.160 - - [13/Mar/2018:16:21:59 -0300] "GET /cormun/pexe_tabdivfix.js HTTP/1.1" 404 1009
201.215.248.160 - - [13/Mar/2018:16:22:00 -0300] "GET /cormun/pexe_menus.js HTTP/1.1" 404 1001
201.215.248.160 - - [13/Mar/2018:16:22:00 -0300] "GET /cormun/pexe_layers.js HTTP/1.1" 404 1003
201.215.248.160 - - [13/Mar/2018:16:22:00 -0300] "GET /cormun/pexe_windows.js HTTP/1.1" 404 1005
201.215.248.160 - - [13/Mar/2018:16:22:00 -0300] "GET /cormun/pexe_autoreload.js HTTP/1.1" 404 1011
201.215.248.160 - - [13/Mar/2018:16:22:00 -0300] "GET /cormun/pexe_link.js HTTP/1.1" 404 999
201.215.248.160 - - [13/Mar/2018:16:22:00 -0300] "GET /cormun/pexe_cookies.js HTTP/1.1" 404 1005
201.215.248.160 - - [13/Mar/2018:16:22:00 -0300] "GET /cormun/pexe_grid.js HTTP/1.1" 404 999
201.215.248.160 - - [13/Mar/2018:16:22:00 -0300] "GET /cormun/pexe_griddivfix.js HTTP/1.1" 404 1011
201.215.248.160 - - [13/Mar/2018:16:22:00 -0300] "GET /cormun/pexe_picture.js HTTP/1.1" 404 1005
201.215.248.160 - - [13/Mar/2018:16:22:00 -0300] "GET /cormun/pexe_treedivfix.js HTTP/1.1" 404 1011
201.215.248.160 - - [13/Mar/2018:16:22:00 -0300] "GET /cormun/pexe_autoreload.js HTTP/1.1" 404 1011
201.215.248.160 - - [13/Mar/2018:16:22:00 -0300] "GET /cormun/pexe_menudivfix.js HTTP/1.1" 404 1011
201.215.248.160 - - [13/Mar/2018:16:22:00 -0300] "GET /cormun/pexe_tabdivfix.js HTTP/1.1" 404 1009
201.215.248.160 - - [13/Mar/2018:16:22:03 -0300] "POST /cormun/servlet/puconsultapgoce?a080b932dae45ff0aa75eb2dfe8428a1,15125355,MD,gxPopupLevel%3D0%3B,gx-no-cache=1520968861669 HTTP/1.1" 200 60
201.215.248.160 - - [13/Mar/2018:16:22:04 -0300] "POST /cormun/servlet/permisogoce?a080b932dae45ff0aa75eb2dfe8428a1,INS,0,,,,gx-no-cache=1520968862486 HTTP/1.1" 200 93
201.215.248.160 - - [13/Mar/2018:16:22:04 -0300] "GET /cormun/servlet/hpexe_return? HTTP/1.1" 200 1004
201.215.248.160 - - [13/Mar/2018:16:22:04 -0300] "GET /cormun/servlet/trpermisosgoce HTTP/1.1" 200 8294
201.215.248.160 - - [13/Mar/2018:16:22:05 -0300] "GET /cormun/servlet/trpermisosgoce HTTP/1.1" 200 8290
201.215.248.160 - - [13/Mar/2018:16:22:08 -0300] "POST /cormun/servlet/trpermisosgoce?a080b932dae45ff0aa75eb2dfe8428a1,gx-no-cache=1520968866785 HTTP/1.1" 200 5459
201.215.248.160 - - [13/Mar/2018:16:22:08 -0300] "GET /cormun/static/Shared/jqueryui/images/ui-bg_highlight-soft_100_c6c2c8_1x100.png HTTP/1.1" 404 1117
201.215.248.160 - - [13/Mar/2018:16:22:08 -0300] "GET /cormun/static/Shared/jqueryui/images/ui-icons_82798d_256x240.png HTTP/1.1" 404 1089
201.215.248.160 - - [13/Mar/2018:16:22:08 -0300] "GET /cormun/static/Shared/jqueryui/images/ui-bg_flat_55_fafafa_40x100.png HTTP/1.1" 404 1097
201.215.248.160 - - [13/Mar/2018:16:22:08 -0300] "GET /cormun/static/Shared/jqueryui/images/ui-icons_8d78a5_256x240.png HTTP/1.1" 404 1089
201.215.248.160 - - [13/Mar/2018:16:22:12 -0300] "GET /cormun/servlet/trpermisosadjuntos?15125355,20180313161833,P, HTTP/1.1" 200 6516
201.215.248.160 - - [13/Mar/2018:16:22:12 -0300] "GET /cormun/servlet/trpermisosadjuntos?15125355,20180313161833,P, HTTP/1.1" 200 6516
201.215.248.160 - - [13/Mar/2018:16:22:19 -0300] "GET /cormun/servlet/permisosadjuntos?INS,15125355,P,20180313161833,, HTTP/1.1" 200 5849
201.215.248.160 - - [13/Mar/2018:16:22:19 -0300] "GET /cormun/static/about:blank HTTP/1.1" 404 1011
201.215.248.160 - - [13/Mar/2018:16:22:20 -0300] "GET /cormun/servlet/permisosadjuntos?INS,15125355,P,20180313161833,, HTTP/1.1" 200 5839
192.168.10.96 - - [13/Mar/2018:16:22:28 -0300] "POST /cormun/servlet/trsolicitudgral?2017393583856da9e50af9554cf7fc29,,gx-no-cache=1520968784845 HTTP/1.1" 200 7603
201.215.248.160 - - [13/Mar/2018:16:22:31 -0300] "POST /cormun/servlet/permisosadjuntos?a080b932dae45ff0aa75eb2dfe8428a1,INS,15125355,P,20180313161833,, HTTP/1.1" 200 116
201.215.248.160 - - [13/Mar/2018:16:22:31 -0300] "GET /cormun/servlet/hpexe_return? HTTP/1.1" 200 1032
201.215.248.160 - - [13/Mar/2018:16:22:31 -0300] "GET /cormun/servlet/trpermisosadjuntos?15125355,20180313161833,P, HTTP/1.1" 200 7044
201.215.248.160 - - [13/Mar/2018:16:22:32 -0300] "GET /cormun/servlet/trpermisosadjuntos?15125355,20180313161833,P, HTTP/1.1" 200 7040
192.168.10.96 - - [13/Mar/2018:16:22:33 -0300] "POST /cormun/servlet/trsolicitudgral?2017393583856da9e50af9554cf7fc29,,gx-no-cache=1520968789864 HTTP/1.1" 200 7603
192.168.10.96 - - [13/Mar/2018:16:22:33 -0300] "POST /cormun/servlet/trsolicitudgral?2017393583856da9e50af9554cf7fc29,,gx-no-cache=1520968790058 HTTP/1.1" 200 7601
201.215.248.160 - - [13/Mar/2018:16:22:40 -0300] "GET /cormun/servlet/trpermisosgoce? HTTP/1.1" 200 8290
201.215.248.160 - - [13/Mar/2018:16:22:41 -0300] "GET /cormun/servlet/trpermisosgoce? HTTP/1.1" 200 8290
201.215.248.160 - - [13/Mar/2018:16:22:49 -0300] "POST /cormun/servlet/trpermisosgoce?a080b932dae45ff0aa75eb2dfe8428a1,,gx-no-cache=1520968907733 HTTP/1.1" 200 5429
