186.79.169.214 - - [13/Mar/2018:17:06:37 -0300] "GET /cormun/servlet/trsolicitudadjuntos?2018,10428, HTTP/1.1" 200 8422
186.79.169.214 - - [13/Mar/2018:17:06:39 -0300] "GET /cormun/servlet/trsolicitudadjuntos?2018,10428, HTTP/1.1" 200 8419
186.79.169.214 - - [13/Mar/2018:17:06:42 -0300] "GET /cormun/servlet/solicitudotadjuntos?INS,2018,10428,,1, HTTP/1.1" 200 5971
186.79.169.214 - - [13/Mar/2018:17:06:43 -0300] "GET /cormun/static/about:blank HTTP/1.1" 404 1011
186.79.169.214 - - [13/Mar/2018:17:06:43 -0300] "GET /cormun/servlet/solicitudotadjuntos?INS,2018,10428,,1, HTTP/1.1" 200 5964
186.79.169.214 - - [13/Mar/2018:17:06:43 -0300] "GET /cormun/servlet/solicitudotadjuntos?c60001e2cff69ca6858782b40321278230d044428b93686a7e304b58eecf7346344757b127d8cb58bf1f14b6e114d1fe,gx-no-cache=1520971555499 HTTP/1.1" 200 30
186.79.169.214 - - [13/Mar/2018:17:06:44 -0300] "POST /cormun/servlet/solicitudotadjuntos?942428f845aeb4564c2877a78303d461,INS,2018,10428,,1,,gx-no-cache=1520971555668 HTTP/1.1" 200 3792
186.79.169.214 - - [13/Mar/2018:17:06:47 -0300] "POST /cormun/servlet/solicitudotadjuntos?gx-no-cache=1520971559435 HTTP/1.1" 200 26
186.79.169.214 - - [13/Mar/2018:17:06:56 -0300] "GET /cormun/servlet/solicitudotadjuntos?c60001e2cff69ca6858782b403212782f69d9431b6bc34c2ff7d7ae00ce34f03,gx-no-cache=1520971567775 HTTP/1.1" 200 30
186.79.169.214 - - [13/Mar/2018:17:06:56 -0300] "GET /cormun/servlet/solicitudotadjuntos?c60001e2cff69ca6858782b403212782f69d9431b6bc34c2ff7d7ae00ce34f03,gx-no-cache=1520971567911 HTTP/1.1" 200 30
186.79.169.214 - - [13/Mar/2018:17:07:16 -0300] "POST /cormun/servlet/solicitudotadjuntos?942428f845aeb4564c2877a78303d461,INS,2018,10428,,1, HTTP/1.1" 200 116
186.79.169.214 - - [13/Mar/2018:17:07:17 -0300] "GET /cormun/servlet/hpexe_return? HTTP/1.1" 200 1024
186.79.169.214 - - [13/Mar/2018:17:07:17 -0300] "GET /cormun/servlet/trsolicitudadjuntos?2018,10428, HTTP/1.1" 200 8663
186.79.169.214 - - [13/Mar/2018:17:07:18 -0300] "GET /cormun/servlet/trsolicitudadjuntos?2018,10428, HTTP/1.1" 200 8662
186.79.169.214 - - [13/Mar/2018:17:07:23 -0300] "GET /cormun/servlet/solicitudotadjuntos?INS,2018,10428,,1, HTTP/1.1" 200 5971
186.79.169.214 - - [13/Mar/2018:17:07:24 -0300] "GET /cormun/static/about:blank HTTP/1.1" 404 1011
186.79.169.214 - - [13/Mar/2018:17:07:24 -0300] "GET /cormun/servlet/solicitudotadjuntos?INS,2018,10428,,1, HTTP/1.1" 200 5964
186.79.169.214 - - [13/Mar/2018:17:07:25 -0300] "GET /cormun/servlet/solicitudotadjuntos?c60001e2cff69ca6858782b40321278230d044428b93686a7e304b58eecf7346344757b127d8cb58bf1f14b6e114d1fe,gx-no-cache=1520971596520 HTTP/1.1" 200 30
186.79.169.214 - - [13/Mar/2018:17:07:27 -0300] "POST /cormun/servlet/solicitudotadjuntos?942428f845aeb4564c2877a78303d461,INS,2018,10428,,1,,gx-no-cache=1520971596803 HTTP/1.1" 200 3792
186.79.169.214 - - [13/Mar/2018:17:07:30 -0300] "POST /cormun/servlet/solicitudotadjuntos?gx-no-cache=1520971602187 HTTP/1.1" 200 26
186.79.169.214 - - [13/Mar/2018:17:07:36 -0300] "GET /cormun/servlet/solicitudotadjuntos?c60001e2cff69ca6858782b403212782f69d9431b6bc34c2ff7d7ae00ce34f03,gx-no-cache=1520971607819 HTTP/1.1" 200 30
186.79.169.214 - - [13/Mar/2018:17:07:36 -0300] "GET /cormun/servlet/solicitudotadjuntos?c60001e2cff69ca6858782b403212782f69d9431b6bc34c2ff7d7ae00ce34f03,gx-no-cache=1520971608004 HTTP/1.1" 200 30
186.79.169.214 - - [13/Mar/2018:17:07:47 -0300] "POST /cormun/servlet/solicitudotadjuntos?942428f845aeb4564c2877a78303d461,INS,2018,10428,,1, HTTP/1.1" 200 116
186.79.169.214 - - [13/Mar/2018:17:07:47 -0300] "GET /cormun/servlet/hpexe_return? HTTP/1.1" 200 1024
186.79.169.214 - - [13/Mar/2018:17:07:48 -0300] "GET /cormun/servlet/trsolicitudadjuntos?2018,10428, HTTP/1.1" 200 8850
186.79.169.214 - - [13/Mar/2018:17:07:50 -0300] "GET /cormun/servlet/trsolicitudadjuntos?2018,10428, HTTP/1.1" 200 8849
186.79.169.214 - - [13/Mar/2018:17:07:54 -0300] "GET /cormun/servlet/solicitudotadjuntos?INS,2018,10428,,1, HTTP/1.1" 200 5971
186.79.169.214 - - [13/Mar/2018:17:07:55 -0300] "GET /cormun/static/about:blank HTTP/1.1" 404 1011
186.79.169.214 - - [13/Mar/2018:17:07:55 -0300] "GET /cormun/servlet/solicitudotadjuntos?INS,2018,10428,,1, HTTP/1.1" 200 5964
186.79.169.214 - - [13/Mar/2018:17:07:56 -0300] "GET /cormun/servlet/solicitudotadjuntos?c60001e2cff69ca6858782b40321278230d044428b93686a7e304b58eecf7346344757b127d8cb58bf1f14b6e114d1fe,gx-no-cache=1520971627640 HTTP/1.1" 200 30
186.79.169.214 - - [13/Mar/2018:17:07:56 -0300] "POST /cormun/servlet/solicitudotadjuntos?942428f845aeb4564c2877a78303d461,INS,2018,10428,,1,,gx-no-cache=1520971627942 HTTP/1.1" 200 3792
186.79.169.214 - - [13/Mar/2018:17:07:59 -0300] "POST /cormun/servlet/solicitudotadjuntos?gx-no-cache=1520971631317 HTTP/1.1" 200 26
192.168.4.251 - - [13/Mar/2018:17:07:59 -0300] "GET /cormun/servlet/hlogin HTTP/1.1" 200 1720
192.168.4.251 - - [13/Mar/2018:17:08:00 -0300] "GET /cormun/servlet/hlogin HTTP/1.1" 200 1731
192.168.4.251 - - [13/Mar/2018:17:08:02 -0300] "POST /cormun/servlet/hlogin?8c58a51bac84ef41fd8d884281db48d3,gx-no-cache=1520971828008 HTTP/1.1" 200 90
192.168.4.251 - - [13/Mar/2018:17:08:02 -0300] "GET /cormun/servlet/hpexe_link HTTP/1.1" 200 950
192.168.4.251 - - [13/Mar/2018:17:08:02 -0300] "GET /cormun/servlet/hhome HTTP/1.1" 200 4483
192.168.4.251 - - [13/Mar/2018:17:08:04 -0300] "GET /cormun/servlet/hhome HTTP/1.1" 200 4480
186.79.169.214 - - [13/Mar/2018:17:08:06 -0300] "GET /cormun/servlet/solicitudotadjuntos?c60001e2cff69ca6858782b403212782f69d9431b6bc34c2ff7d7ae00ce34f03,gx-no-cache=1520971637964 HTTP/1.1" 200 30
186.79.169.214 - - [13/Mar/2018:17:08:06 -0300] "GET /cormun/servlet/solicitudotadjuntos?c60001e2cff69ca6858782b403212782f69d9431b6bc34c2ff7d7ae00ce34f03,gx-no-cache=1520971638135 HTTP/1.1" 200 30
192.168.4.251 - - [13/Mar/2018:17:08:10 -0300] "GET /cormun/servlet/trsolicitudgral? HTTP/1.1" 200 28593
192.168.4.251 - - [13/Mar/2018:17:08:13 -0300] "GET /cormun/servlet/trsolicitudgral? HTTP/1.1" 200 28591
192.168.4.251 - - [13/Mar/2018:17:08:15 -0300] "GET /cormun/static/menuarrow.gif HTTP/1.1" 404 1015
186.79.169.214 - - [13/Mar/2018:17:08:20 -0300] "POST /cormun/servlet/solicitudotadjuntos?942428f845aeb4564c2877a78303d461,INS,2018,10428,,1, HTTP/1.1" 200 116
186.79.169.214 - - [13/Mar/2018:17:08:20 -0300] "GET /cormun/servlet/hpexe_return? HTTP/1.1" 200 1024
186.79.169.214 - - [13/Mar/2018:17:08:20 -0300] "GET /cormun/servlet/trsolicitudadjuntos?2018,10428, HTTP/1.1" 200 8998
186.79.169.214 - - [13/Mar/2018:17:08:22 -0300] "GET /cormun/servlet/trsolicitudadjuntos?2018,10428, HTTP/1.1" 200 9010
186.79.169.214 - - [13/Mar/2018:17:08:26 -0300] "GET /cormun/servlet/solicitudotadjuntos?INS,2018,10428,,1, HTTP/1.1" 200 5971
186.79.169.214 - - [13/Mar/2018:17:08:27 -0300] "GET /cormun/static/about:blank HTTP/1.1" 404 1011
186.79.169.214 - - [13/Mar/2018:17:08:27 -0300] "GET /cormun/servlet/solicitudotadjuntos?INS,2018,10428,,1, HTTP/1.1" 200 5964
186.79.169.214 - - [13/Mar/2018:17:08:28 -0300] "GET /cormun/servlet/solicitudotadjuntos?c60001e2cff69ca6858782b40321278230d044428b93686a7e304b58eecf7346344757b127d8cb58bf1f14b6e114d1fe,gx-no-cache=1520971659698 HTTP/1.1" 200 30
186.79.169.214 - - [13/Mar/2018:17:08:28 -0300] "POST /cormun/servlet/solicitudotadjuntos?942428f845aeb4564c2877a78303d461,INS,2018,10428,,1,,gx-no-cache=1520971659869 HTTP/1.1" 200 3792
186.79.169.214 - - [13/Mar/2018:17:08:31 -0300] "POST /cormun/servlet/solicitudotadjuntos?gx-no-cache=1520971662835 HTTP/1.1" 200 26
186.79.4.253 - - [13/Mar/2018:17:08:42 -0300] "GET /cormun/servlet/hlogin HTTP/1.1" 200 1722
186.79.4.253 - - [13/Mar/2018:17:08:46 -0300] "GET /cormun/servlet/hlogin HTTP/1.1" 200 1724
186.79.169.214 - - [13/Mar/2018:17:08:50 -0300] "GET /cormun/servlet/solicitudotadjuntos?c60001e2cff69ca6858782b403212782f69d9431b6bc34c2ff7d7ae00ce34f03,gx-no-cache=1520971681928 HTTP/1.1" 200 30
186.79.169.214 - - [13/Mar/2018:17:08:50 -0300] "GET /cormun/servlet/solicitudotadjuntos?c60001e2cff69ca6858782b403212782f69d9431b6bc34c2ff7d7ae00ce34f03,gx-no-cache=1520971682033 HTTP/1.1" 200 30
186.79.169.214 - - [13/Mar/2018:17:09:03 -0300] "POST /cormun/servlet/solicitudotadjuntos?942428f845aeb4564c2877a78303d461,INS,2018,10428,,1, HTTP/1.1" 200 116
186.79.169.214 - - [13/Mar/2018:17:09:03 -0300] "GET /cormun/servlet/hpexe_return? HTTP/1.1" 200 1024
186.79.169.214 - - [13/Mar/2018:17:09:04 -0300] "GET /cormun/servlet/trsolicitudadjuntos?2018,10428, HTTP/1.1" 200 9273
186.79.169.214 - - [13/Mar/2018:17:09:05 -0300] "GET /cormun/servlet/trsolicitudadjuntos?2018,10428, HTTP/1.1" 200 9271
186.79.169.214 - - [13/Mar/2018:17:09:08 -0300] "GET /cormun/servlet/solicitudotadjuntos?INS,2018,10428,,1, HTTP/1.1" 200 5971
186.79.169.214 - - [13/Mar/2018:17:09:08 -0300] "GET /cormun/static/about:blank HTTP/1.1" 404 1011
186.79.169.214 - - [13/Mar/2018:17:09:09 -0300] "GET /cormun/servlet/solicitudotadjuntos?INS,2018,10428,,1, HTTP/1.1" 200 5964
186.79.169.214 - - [13/Mar/2018:17:09:09 -0300] "GET /cormun/servlet/solicitudotadjuntos?c60001e2cff69ca6858782b40321278230d044428b93686a7e304b58eecf7346344757b127d8cb58bf1f14b6e114d1fe,gx-no-cache=1520971701018 HTTP/1.1" 200 30
186.79.169.214 - - [13/Mar/2018:17:09:10 -0300] "POST /cormun/servlet/solicitudotadjuntos?942428f845aeb4564c2877a78303d461,INS,2018,10428,,1,,gx-no-cache=1520971701200 HTTP/1.1" 200 3792
186.79.169.214 - - [13/Mar/2018:17:09:12 -0300] "POST /cormun/servlet/solicitudotadjuntos?gx-no-cache=1520971703652 HTTP/1.1" 200 26
192.168.4.251 - - [13/Mar/2018:17:09:19 -0300] "GET /cormun/servlet/trsolicitudgral? HTTP/1.1" 200 28581
186.79.169.214 - - [13/Mar/2018:17:09:20 -0300] "POST /cormun/servlet/solicitudotadjuntos?gx-no-cache=1520971712323 HTTP/1.1" 200 26
192.168.4.251 - - [13/Mar/2018:17:09:22 -0300] "GET /cormun/servlet/trsolicitudgral? HTTP/1.1" 200 28591
192.168.4.251 - - [13/Mar/2018:17:09:22 -0300] "GET /favicon.ico HTTP/1.1" 200 21630
186.79.169.214 - - [13/Mar/2018:17:09:27 -0300] "GET /cormun/servlet/solicitudotadjuntos?c60001e2cff69ca6858782b403212782f69d9431b6bc34c2ff7d7ae00ce34f03,gx-no-cache=1520971719100 HTTP/1.1" 200 30
186.79.169.214 - - [13/Mar/2018:17:09:27 -0300] "GET /cormun/servlet/solicitudotadjuntos?c60001e2cff69ca6858782b403212782f69d9431b6bc34c2ff7d7ae00ce34f03,gx-no-cache=1520971719258 HTTP/1.1" 200 30
186.79.4.253 - - [13/Mar/2018:17:09:30 -0300] "POST /cormun/servlet/hlogin?e9c5ebc12c2bea8a77980b2ee5a2f997,gx-no-cache=1520971719777 HTTP/1.1" 200 90
192.168.10.61 - - [13/Mar/2018:17:09:31 -0300] "GET /cormun/servlet/hlogin HTTP/1.1" 200 1721
192.168.10.61 - - [13/Mar/2018:17:09:31 -0300] "GET /cormun/static/gxtimezone.js?85251 HTTP/1.1" 304 -
192.168.10.61 - - [13/Mar/2018:17:09:31 -0300] "GET /cormun/static/gxcfg.js?20175251213516 HTTP/1.1" 304 -
192.168.10.61 - - [13/Mar/2018:17:09:31 -0300] "GET /cormun/static/messages.spa.js?85251 HTTP/1.1" 304 -
192.168.10.61 - - [13/Mar/2018:17:09:31 -0300] "GET /cormun/servlet/hlogin HTTP/1.1" 200 1726
192.168.10.61 - - [13/Mar/2018:17:09:31 -0300] "GET /favicon.ico HTTP/1.1" 200 21630
186.79.4.253 - - [13/Mar/2018:17:09:33 -0300] "GET /cormun/servlet/hpexe_link HTTP/1.1" 200 946
186.79.4.253 - - [13/Mar/2018:17:09:35 -0300] "GET /cormun/servlet/hhome HTTP/1.1" 200 4224
186.79.4.253 - - [13/Mar/2018:17:09:37 -0300] "GET /cormun/servlet/hhome HTTP/1.1" 200 4220
186.79.169.214 - - [13/Mar/2018:17:09:39 -0300] "POST /cormun/servlet/solicitudotadjuntos?942428f845aeb4564c2877a78303d461,INS,2018,10428,,1, HTTP/1.1" 200 116
186.79.169.214 - - [13/Mar/2018:17:09:39 -0300] "GET /cormun/servlet/hpexe_return? HTTP/1.1" 200 1024
186.79.169.214 - - [13/Mar/2018:17:09:39 -0300] "GET /cormun/servlet/trsolicitudadjuntos?2018,10428, HTTP/1.1" 200 9500
192.168.4.251 - - [13/Mar/2018:17:09:43 -0300] "POST /cormun/servlet/trsolicitudgral?8c58a51bac84ef41fd8d884281db48d3,,gx-no-cache=1520971926159 HTTP/1.1" 200 5924
186.79.169.214 - - [13/Mar/2018:17:09:43 -0300] "GET /cormun/servlet/trsolicitudadjuntos?2018,10428, HTTP/1.1" 200 9495
186.79.169.214 - - [13/Mar/2018:17:09:46 -0300] "GET /cormun/servlet/solicitudotadjuntos?INS,2018,10428,,1, HTTP/1.1" 200 5971
186.79.169.214 - - [13/Mar/2018:17:09:46 -0300] "GET /cormun/servlet/solicitudotadjuntos?INS,2018,10428,,1, HTTP/1.1" 200 5964
186.79.169.214 - - [13/Mar/2018:17:09:47 -0300] "GET /cormun/servlet/solicitudotadjuntos?c60001e2cff69ca6858782b40321278230d044428b93686a7e304b58eecf7346344757b127d8cb58bf1f14b6e114d1fe,gx-no-cache=1520971738779 HTTP/1.1" 200 30
186.79.169.214 - - [13/Mar/2018:17:09:47 -0300] "POST /cormun/servlet/solicitudotadjuntos?942428f845aeb4564c2877a78303d461,INS,2018,10428,,1,,gx-no-cache=1520971739027 HTTP/1.1" 200 3792
186.79.169.214 - - [13/Mar/2018:17:09:49 -0300] "GET /cormun/servlet/trsolicitudadjuntos?2018,10428, HTTP/1.1" 200 9500
186.79.169.214 - - [13/Mar/2018:17:09:50 -0300] "GET /cormun/servlet/trsolicitudadjuntos?2018,10428, HTTP/1.1" 200 9494
186.79.169.214 - - [13/Mar/2018:17:10:02 -0300] "GET /cormun/servlet/hlogin HTTP/1.1" 200 1715
186.79.169.214 - - [13/Mar/2018:17:10:05 -0300] "POST /cormun/servlet/hlogin?694f2ca5c27c470d36434676cf8985fd,gx-no-cache=1520971757210 HTTP/1.1" 200 90
186.79.169.214 - - [13/Mar/2018:17:10:05 -0300] "GET /cormun/servlet/hpexe_link HTTP/1.1" 200 946
186.79.169.214 - - [13/Mar/2018:17:10:06 -0300] "GET /cormun/servlet/hhome HTTP/1.1" 200 3925
186.79.169.214 - - [13/Mar/2018:17:10:08 -0300] "GET /cormun/servlet/hhome HTTP/1.1" 200 3921
200.120.230.197 - - [13/Mar/2018:17:10:15 -0300] "GET /cormun/servlet/trlicencias? HTTP/1.1" 200 11459
192.168.4.251 - - [13/Mar/2018:17:10:17 -0300] "POST /cormun/servlet/trsolicitudgral?8c58a51bac84ef41fd8d884281db48d3,,gx-no-cache=1520971961547 HTTP/1.1" 200 5922
200.120.230.197 - - [13/Mar/2018:17:10:17 -0300] "GET /cormun/servlet/trlicencias? HTTP/1.1" 200 11457
186.79.169.214 - - [13/Mar/2018:17:10:18 -0300] "GET /cormun/servlet/trsolicitudot? HTTP/1.1" 200 8501
186.79.169.214 - - [13/Mar/2018:17:10:18 -0300] "GET /cormun/servlet/trsolicitudot? HTTP/1.1" 200 8499
192.168.10.61 - - [13/Mar/2018:17:10:22 -0300] "POST /cormun/servlet/hlogin?a230f014be8842e3c1875552f445dc86,gx-no-cache=1520971658905 HTTP/1.1" 200 90
192.168.10.61 - - [13/Mar/2018:17:10:22 -0300] "GET /cormun/servlet/hpexe_link HTTP/1.1" 200 948
192.168.10.61 - - [13/Mar/2018:17:10:22 -0300] "GET /cormun/static/gxcfg.js?20177612121792 HTTP/1.1" 304 -
192.168.10.61 - - [13/Mar/2018:17:10:22 -0300] "GET /cormun/servlet/hhome HTTP/1.1" 200 4469
192.168.10.61 - - [13/Mar/2018:17:10:22 -0300] "GET /cormun/static/gxcfg.js?20175251212442 HTTP/1.1" 304 -
192.168.10.61 - - [13/Mar/2018:17:10:23 -0300] "GET /cormun/servlet/hhome HTTP/1.1" 200 4466
186.79.169.214 - - [13/Mar/2018:17:10:27 -0300] "POST /cormun/servlet/trsolicitudot?694f2ca5c27c470d36434676cf8985fd,,gx-no-cache=1520971778028 HTTP/1.1" 200 4465
186.79.169.214 - - [13/Mar/2018:17:10:28 -0300] "GET /cormun/static/Shared/jqueryui/images/ui-bg_highlight-soft_100_c6c2c8_1x100.png HTTP/1.1" 404 1117
186.79.169.214 - - [13/Mar/2018:17:10:28 -0300] "GET /cormun/static/Shared/jqueryui/images/ui-icons_82798d_256x240.png HTTP/1.1" 404 1089
186.79.169.214 - - [13/Mar/2018:17:10:28 -0300] "GET /cormun/static/Shared/jqueryui/images/ui-bg_flat_55_fafafa_40x100.png HTTP/1.1" 404 1097
186.79.169.214 - - [13/Mar/2018:17:10:28 -0300] "GET /cormun/static/Shared/jqueryui/images/ui-icons_8d78a5_256x240.png HTTP/1.1" 404 1089
186.79.169.214 - - [13/Mar/2018:17:10:28 -0300] "POST /cormun/servlet/trsolicitudot?694f2ca5c27c470d36434676cf8985fd,,gx-no-cache=1520971779874 HTTP/1.1" 200 4249
192.168.4.251 - - [13/Mar/2018:17:10:32 -0300] "GET /cormun/servlet/hlogin HTTP/1.1" 200 1740
192.168.10.61 - - [13/Mar/2018:17:11:27 -0300] "GET /cormun/servlet/trsolicitudgral? HTTP/1.1" 200 27715
192.168.10.61 - - [13/Mar/2018:17:11:27 -0300] "GET /cormun/static/calendar.js?85251 HTTP/1.1" 304 -
192.168.10.61 - - [13/Mar/2018:17:11:27 -0300] "GET /cormun/static/gxcfg.js?201813119461163 HTTP/1.1" 304 -
192.168.10.61 - - [13/Mar/2018:17:11:27 -0300] "GET /cormun/static/calendar-es.js?85251 HTTP/1.1" 304 -
192.168.10.61 - - [13/Mar/2018:17:11:27 -0300] "GET /cormun/static/calendar-setup.js?85251 HTTP/1.1" 304 -
192.168.10.61 - - [13/Mar/2018:17:11:27 -0300] "GET /cormun/static/gxdec.js?85251 HTTP/1.1" 304 -
192.168.10.61 - - [13/Mar/2018:17:11:27 -0300] "GET /cormun/static/trsolicitudgral.js?201813119462015 HTTP/1.1" 304 -
192.168.10.61 - - [13/Mar/2018:17:11:28 -0300] "GET /cormun/servlet/trsolicitudgral? HTTP/1.1" 200 27715
192.168.10.61 - - [13/Mar/2018:17:12:02 -0300] "POST /cormun/servlet/trsolicitudgral?a230f014be8842e3c1875552f445dc86,,gx-no-cache=1520971759136 HTTP/1.1" 200 9044
186.79.4.253 - - [13/Mar/2018:17:13:03 -0300] "GET /cormun/servlet/trautorizarsolicitud? HTTP/1.1" 200 7329
186.79.4.253 - - [13/Mar/2018:17:13:05 -0300] "GET /cormun/servlet/trautorizarsolicitud? HTTP/1.1" 200 7330
186.79.4.253 - - [13/Mar/2018:17:13:24 -0300] "GET /cormun/servlet/trcontratosolicitud? HTTP/1.1" 200 14755
200.120.230.197 - - [13/Mar/2018:17:13:24 -0300] "GET /cormun/static/gxcfg.js?20177612214014 HTTP/1.1" 304 -
186.79.4.253 - - [13/Mar/2018:17:13:26 -0300] "GET /cormun/servlet/trcontratosolicitud? HTTP/1.1" 200 14751
186.103.159.188 - - [13/Mar/2018:17:15:22 -0300] "GET /cormun/servlet/hlogin HTTP/1.1" 200 1712
186.103.159.188 - - [13/Mar/2018:17:15:22 -0300] "GET /cormun/servlet/hlogin HTTP/1.1" 200 1720
186.103.159.188 - - [13/Mar/2018:17:15:30 -0300] "POST /cormun/servlet/hlogin?18a65e82f3d454fc0f110f20f01f314d,gx-no-cache=1520972080918 HTTP/1.1" 200 90
186.103.159.188 - - [13/Mar/2018:17:15:30 -0300] "GET /cormun/servlet/hpexe_link HTTP/1.1" 200 940
186.103.159.188 - - [13/Mar/2018:17:15:30 -0300] "GET /cormun/servlet/hhome HTTP/1.1" 200 3932
186.103.159.188 - - [13/Mar/2018:17:15:31 -0300] "GET /cormun/servlet/hhome HTTP/1.1" 200 3929
200.120.230.197 - - [13/Mar/2018:17:16:33 -0300] "POST /cormun/servlet/trcontratosolicitud?e9c5ebc12c2bea8a77980b2ee5a2f997,,gx-no-cache=1520972138278 HTTP/1.1" 200 10228
192.168.10.89 - - [13/Mar/2018:17:16:50 -0300] "POST /cormun/servlet/trsolicitudgral?c7d1b7261e9a8c6e3a3a7e3c209884a7,,gx-no-cache=1520972047296 HTTP/1.1" 440 972
192.168.10.89 - - [13/Mar/2018:17:16:52 -0300] "GET /cormun/servlet/trsolicitudgral? HTTP/1.1" 500 10
192.168.10.61 - - [13/Mar/2018:17:17:45 -0300] "POST /cormun/servlet/trsolicitudgral?a230f014be8842e3c1875552f445dc86,,gx-no-cache=1520972101885 HTTP/1.1" 200 7214
192.168.10.61 - - [13/Mar/2018:17:17:51 -0300] "POST /cormun/servlet/trsolicitudgral?a230f014be8842e3c1875552f445dc86,,gx-no-cache=1520972107462 HTTP/1.1" 200 9848
186.103.159.189 - - [13/Mar/2018:17:18:46 -0300] "GET /cormun/servlet/hlogin HTTP/1.1" 200 1718
186.103.159.189 - - [13/Mar/2018:17:18:46 -0300] "GET /cormun/static/gxtimezone.js?85251 HTTP/1.1" 304 -
186.103.159.189 - - [13/Mar/2018:17:18:46 -0300] "GET /cormun/static/gxcfg.js?20175251213516 HTTP/1.1" 304 -
186.103.159.189 - - [13/Mar/2018:17:18:46 -0300] "GET /cormun/static/messages.spa.js?85251 HTTP/1.1" 304 -
186.103.159.189 - - [13/Mar/2018:17:18:47 -0300] "GET /cormun/servlet/hlogin HTTP/1.1" 200 1729
186.103.159.189 - - [13/Mar/2018:17:18:48 -0300] "GET /favicon.ico HTTP/1.1" 200 21630
192.168.10.61 - - [13/Mar/2018:17:18:50 -0300] "POST /cormun/servlet/trsolicitudgral?a230f014be8842e3c1875552f445dc86,,gx-no-cache=1520972167236 HTTP/1.1" 200 5845
192.168.10.61 - - [13/Mar/2018:17:19:03 -0300] "POST /cormun/servlet/trsolicitudgral?a230f014be8842e3c1875552f445dc86,,gx-no-cache=1520972179715 HTTP/1.1" 200 5844
192.168.10.61 - - [13/Mar/2018:17:19:04 -0300] "POST /cormun/servlet/trsolicitudgral?a230f014be8842e3c1875552f445dc86,,gx-no-cache=1520972181121 HTTP/1.1" 200 5843
192.168.10.61 - - [13/Mar/2018:17:19:14 -0300] "POST /cormun/servlet/trsolicitudgral?a230f014be8842e3c1875552f445dc86,,gx-no-cache=1520972190794 HTTP/1.1" 200 5844
186.103.159.189 - - [13/Mar/2018:17:19:35 -0300] "POST /cormun/servlet/hlogin?bd1f896523e2eb2a7cb20a2c0a7a3bda,gx-no-cache=1520975924681 HTTP/1.1" 200 90
186.103.159.189 - - [13/Mar/2018:17:19:35 -0300] "GET /cormun/servlet/hpexe_link HTTP/1.1" 200 946
186.103.159.189 - - [13/Mar/2018:17:19:36 -0300] "GET /cormun/static/gxcfg.js?20177612121792 HTTP/1.1" 304 -
186.103.159.189 - - [13/Mar/2018:17:19:36 -0300] "GET /cormun/servlet/hhome HTTP/1.1" 200 3979
186.103.159.189 - - [13/Mar/2018:17:19:36 -0300] "GET /cormun/static/gxcfg.js?20175251212442 HTTP/1.1" 304 -
186.103.159.189 - - [13/Mar/2018:17:19:38 -0300] "GET /cormun/servlet/hhome HTTP/1.1" 200 3975
186.103.159.189 - - [13/Mar/2018:17:19:50 -0300] "GET /cormun/servlet/trsolicitudot? HTTP/1.1" 200 9394
186.103.159.189 - - [13/Mar/2018:17:19:50 -0300] "GET /cormun/static/gxcfg.js?2017111422585916 HTTP/1.1" 304 -
186.103.159.189 - - [13/Mar/2018:17:19:50 -0300] "GET /cormun/static/calendar.js?85251 HTTP/1.1" 304 -
186.103.159.189 - - [13/Mar/2018:17:19:50 -0300] "GET /cormun/static/calendar-setup.js?85251 HTTP/1.1" 304 -
186.103.159.189 - - [13/Mar/2018:17:19:50 -0300] "GET /cormun/static/calendar-es.js?85251 HTTP/1.1" 304 -
186.103.159.189 - - [13/Mar/2018:17:19:50 -0300] "GET /cormun/static/gxdec.js?85251 HTTP/1.1" 304 -
186.103.159.189 - - [13/Mar/2018:17:19:50 -0300] "GET /cormun/static/trsolicitudot.js?201711142259839 HTTP/1.1" 304 -
186.103.159.189 - - [13/Mar/2018:17:19:52 -0300] "GET /cormun/servlet/trsolicitudot? HTTP/1.1" 200 9392
186.103.159.189 - - [13/Mar/2018:17:20:01 -0300] "GET /cormun/servlet/solicitudot?INS,0,0, HTTP/1.1" 200 13426
186.103.159.189 - - [13/Mar/2018:17:20:01 -0300] "GET /cormun/static/gxcfg.js?201812313224582 HTTP/1.1" 304 -
186.103.159.189 - - [13/Mar/2018:17:20:01 -0300] "GET /cormun/static/solicitudot.js?201812313224831 HTTP/1.1" 304 -
186.103.159.189 - - [13/Mar/2018:17:20:03 -0300] "GET /cormun/servlet/solicitudot?INS,0,0, HTTP/1.1" 200 13430
186.103.159.189 - - [13/Mar/2018:17:20:20 -0300] "POST /cormun/servlet/solicitudot?gx-no-cache=1520975969139 HTTP/1.1" 200 3284
186.103.159.189 - - [13/Mar/2018:17:20:20 -0300] "POST /cormun/servlet/solicitudot?bd1f896523e2eb2a7cb20a2c0a7a3bda,INS,0,0,,gx-no-cache=1520975969637 HTTP/1.1" 200 10246
186.103.159.189 - - [13/Mar/2018:17:20:23 -0300] "GET /cormun/servlet/solicitudot?1ab1cee666ec9465eebcf7df36f12813d58cf585f4bba9146765d5f62c42780472a8d0da5498ca080b8694b77cf42c32,gx-no-cache=1520975972192 HTTP/1.1" 200 30
186.103.159.189 - - [13/Mar/2018:17:21:57 -0300] "POST /cormun/servlet/solicitudot?bd1f896523e2eb2a7cb20a2c0a7a3bda,INS,0,0,,gx-no-cache=1520976065210 HTTP/1.1" 200 10415
186.103.159.189 - - [13/Mar/2018:17:21:57 -0300] "GET /cormun/static/Shared/jqueryui/images/ui-bg_highlight-soft_100_c6c2c8_1x100.png HTTP/1.1" 404 1117
186.103.159.189 - - [13/Mar/2018:17:21:57 -0300] "GET /cormun/static/Shared/jqueryui/images/ui-icons_82798d_256x240.png HTTP/1.1" 404 1089
186.103.159.189 - - [13/Mar/2018:17:21:57 -0300] "GET /cormun/static/Shared/jqueryui/images/ui-bg_flat_55_fafafa_40x100.png HTTP/1.1" 404 1097
186.103.159.189 - - [13/Mar/2018:17:21:57 -0300] "GET /cormun/static/Shared/jqueryui/images/ui-icons_8d78a5_256x240.png HTTP/1.1" 404 1089
186.103.159.189 - - [13/Mar/2018:17:22:03 -0300] "GET /cormun/servlet/solicitudot?1ab1cee666ec9465eebcf7df36f12813005725b23cb81bfed4c7c17fb5075d912ba619c81bbdb4c7467fea96a289e391be6d9da83b16cf815879c08eabf25f4c,gx-no-cache=1520976072903 HTTP/1.1" 200 30
186.103.159.189 - - [13/Mar/2018:17:22:04 -0300] "GET /cormun/servlet/solicitudot?1ab1cee666ec9465eebcf7df36f1281376a143e196967e0ae1ca3494fb57be43,gx-no-cache=1520976073062 HTTP/1.1" 200 29
186.103.159.189 - - [13/Mar/2018:17:22:15 -0300] "POST /cormun/servlet/solicitudot?gx-no-cache=1520976084355 HTTP/1.1" 200 256
186.103.159.189 - - [13/Mar/2018:17:22:22 -0300] "GET /cormun/servlet/solicitudot?1ab1cee666ec9465eebcf7df36f12813764f7a474b27ff5758c18c4e0c605373337c8152d7fa18f95abbc0d565404e8da0cff163242332ed0788d98cd8b0c3661432dcd54a5f9d14559ac9c30bf3468d908213a14b87653d7f55b373da4ccdd3610d68b06798e18a66488ceb3a623720bac839db446167f9416e600ffe1ff4be84a2a9b6066623347d4b6cc99e194058a88c982e5a7ec420e8d2fd28c5d4c0cd083605f050ae31eff351ad0d672238140e2693e123e98596a137fe96d70baf598397e0593c4a4bcf54d15023a925c777a975acf80f72c0afca48896df03bc2d2793e5ed6d25f9b3c861fba4537ed2c5102234c2fe9d943970e7a5bcd95a9ad836a524cc1bdf1baac8ac893428e34194f8ed1a2fc0f0918fbd5a91ffb5a62ba44b09aaffc5117970c36dc3927b56cc08a316150b30ac34fa03414881aca8c195ed4f13705c3706001ef6cba211353b2a959f15c98dea8989c6e51dde6298c87e4c5c945b16196c1b63a3c47c4f3a12c52ba49dbd37ee1e6450ddc28a9c487d2d0,gx-no-cache=1520976091549 HTTP/1.1" 200 30
186.103.159.189 - - [13/Mar/2018:17:22:25 -0300] "POST /cormun/servlet/solicitudot?gx-no-cache=1520976094314 HTTP/1.1" 200 30
186.103.159.189 - - [13/Mar/2018:17:22:28 -0300] "POST /cormun/servlet/solicitudot?gx-no-cache=1520976097048 HTTP/1.1" 200 1333
186.103.159.189 - - [13/Mar/2018:17:22:28 -0300] "POST /cormun/servlet/solicitudot?gx-no-cache=1520976097337 HTTP/1.1" 200 38
200.120.230.197 - - [13/Mar/2018:17:26:03 -0300] "POST /cormun/servlet/trcontratosolicitud?e9c5ebc12c2bea8a77980b2ee5a2f997,,gx-no-cache=1520972712061 HTTP/1.1" 200 12387
186.103.159.189 - - [13/Mar/2018:17:30:11 -0300] "POST /cormun/servlet/solicitudot?gx-no-cache=1520976560604 HTTP/1.1" 200 30
186.103.159.189 - - [13/Mar/2018:17:30:11 -0300] "POST /cormun/servlet/solicitudot?gx-no-cache=1520976560848 HTTP/1.1" 200 1333
186.103.159.189 - - [13/Mar/2018:17:30:11 -0300] "POST /cormun/servlet/solicitudot?gx-no-cache=1520976561009 HTTP/1.1" 200 38
186.103.159.189 - - [13/Mar/2018:17:30:11 -0300] "GET /cormun/servlet/solicitudot?1ab1cee666ec9465eebcf7df36f128134d1cc66df48b87b1e9e14211b9bc1d896ea84b11b21068f9b5a1a2a456af6fd58f0bd853524fbfa467148222c7a1ff5c9787df78bbb84d8cb6d684fd1551f36c975c5cb89a1114eeab2f806d64f77ed5e191688538d3759fc86116f1984cb3ef,gx-no-cache=1520976561085 HTTP/1.1" 200 29
186.103.159.189 - - [13/Mar/2018:17:30:12 -0300] "POST /cormun/servlet/solicitudot?gx-no-cache=1520976561168 HTTP/1.1" 200 1319
186.103.159.189 - - [13/Mar/2018:17:30:12 -0300] "POST /cormun/servlet/solicitudot?gx-no-cache=1520976561290 HTTP/1.1" 200 1215
186.103.159.189 - - [13/Mar/2018:17:30:18 -0300] "GET /cormun/static/menuarrow.gif HTTP/1.1" 404 1015
186.103.159.189 - - [13/Mar/2018:17:30:22 -0300] "POST /cormun/servlet/solicitudot?gx-no-cache=1520976571684 HTTP/1.1" 200 30
186.103.159.189 - - [13/Mar/2018:17:30:22 -0300] "POST /cormun/servlet/solicitudot?gx-no-cache=1520976571762 HTTP/1.1" 200 1333
186.103.159.189 - - [13/Mar/2018:17:30:22 -0300] "POST /cormun/servlet/solicitudot?gx-no-cache=1520976571880 HTTP/1.1" 200 38
186.103.159.189 - - [13/Mar/2018:17:30:22 -0300] "POST /cormun/servlet/solicitudot?gx-no-cache=1520976571945 HTTP/1.1" 200 1319
186.103.159.189 - - [13/Mar/2018:17:30:22 -0300] "POST /cormun/servlet/solicitudot?gx-no-cache=1520976572025 HTTP/1.1" 200 1215
186.103.159.189 - - [13/Mar/2018:17:30:24 -0300] "GET /cormun/servlet/solicitudot?1ab1cee666ec9465eebcf7df36f128138066210948c971e73a36b70c33f5e6655ecbc77d5f31a9dea84e1a367c026e0b,gx-no-cache=1520976573609 HTTP/1.1" 200 30
186.103.159.189 - - [13/Mar/2018:17:31:23 -0300] "POST /cormun/servlet/solicitudot?gx-no-cache=1520976632183 HTTP/1.1" 200 297
186.103.159.189 - - [13/Mar/2018:17:31:32 -0300] "GET /cormun/servlet/solicitudot?1ab1cee666ec9465eebcf7df36f12813764f7a474b27ff5758c18c4e0c605373d86be62f015aac17787d3f6630c1dab1a0cff163242332ed0788d98cd8b0c3661432dcd54a5f9d14559ac9c30bf3468d908213a14b87653d7f55b373da4ccdd3610d68b06798e18a66488ceb3a623720bac839db446167f9416e600ffe1ff4be84a2a9b6066623347d4b6cc99e194058a88c982e5a7ec420e8d2fd28c5d4c0cd083605f050ae31eff351ad0d672238140e2693e123e98596a137fe96d70baf598397e0593c4a4bcf54d15023a925c777a975acf80f72c0afca48896df03bc2d2793e5ed6d25f9b3c861fba4537ed2c5102234c2fe9d943970e7a5bcd95a9ad836a524cc1bdf1baac8ac893428e34194f8ed1a2fc0f0918fbd5a91ffb5a62ba44b09aaffc5117970c36dc3927b56cc08a316150b30ac34fa03414881aca8c195e18d4b3bf26b297c81781add12e518be011721c9fb01e6f0d539b089114fd8f1691bba13c34c110c6341cddb886107e3883273dbf572edf643bc5ee2e73b0006131d71f9b8e7c332f797c75b2c10b4502,gx-no-cache=1520976641932 HTTP/1.1" 200 30
186.103.159.189 - - [13/Mar/2018:17:31:32 -0300] "POST /cormun/servlet/solicitudot?gx-no-cache=1520976642063 HTTP/1.1" 200 30
186.103.159.189 - - [13/Mar/2018:17:31:33 -0300] "POST /cormun/servlet/solicitudot?gx-no-cache=1520976642169 HTTP/1.1" 200 1335
186.103.159.189 - - [13/Mar/2018:17:31:33 -0300] "POST /cormun/servlet/solicitudot?gx-no-cache=1520976642369 HTTP/1.1" 200 41
186.103.159.189 - - [13/Mar/2018:17:31:33 -0300] "POST /cormun/servlet/solicitudot?gx-no-cache=1520976642459 HTTP/1.1" 200 1319
186.103.159.189 - - [13/Mar/2018:17:31:33 -0300] "POST /cormun/servlet/solicitudot?gx-no-cache=1520976642580 HTTP/1.1" 200 1218
186.103.159.189 - - [13/Mar/2018:17:31:34 -0300] "POST /cormun/servlet/solicitudot?gx-no-cache=1520976642866 HTTP/1.1" 200 30
186.103.159.189 - - [13/Mar/2018:17:31:57 -0300] "POST /cormun/servlet/solicitudot?bd1f896523e2eb2a7cb20a2c0a7a3bda,INS,0,0,,gx-no-cache=1520976666194 HTTP/1.1" 200 93
186.103.159.189 - - [13/Mar/2018:17:31:58 -0300] "GET /cormun/servlet/hpexe_return? HTTP/1.1" 200 1002
186.103.159.189 - - [13/Mar/2018:17:31:58 -0300] "GET /cormun/static/gxcfg.js?2016101716175148 HTTP/1.1" 304 -
186.103.159.189 - - [13/Mar/2018:17:31:58 -0300] "GET /cormun/servlet/trsolicitudot HTTP/1.1" 200 9766
186.103.159.189 - - [13/Mar/2018:17:32:00 -0300] "GET /cormun/servlet/trsolicitudot HTTP/1.1" 200 9764
186.103.159.189 - - [13/Mar/2018:17:32:20 -0300] "POST /cormun/servlet/trsolicitudot?bd1f896523e2eb2a7cb20a2c0a7a3bda,gx-no-cache=1520976689336 HTTP/1.1" 200 107
186.103.159.189 - - [13/Mar/2018:17:32:20 -0300] "GET /cormun/servlet/trsolicitudadjuntos?2018,10429, HTTP/1.1" 200 6077
186.103.159.189 - - [13/Mar/2018:17:32:20 -0300] "GET /cormun/static/gxcfg.js?20177612135366 HTTP/1.1" 304 -
186.103.159.189 - - [13/Mar/2018:17:32:22 -0300] "GET /cormun/servlet/trsolicitudadjuntos?2018,10429, HTTP/1.1" 200 6077
186.103.159.189 - - [13/Mar/2018:17:32:25 -0300] "GET /cormun/servlet/solicitudotadjuntos?INS,2018,10429,,1, HTTP/1.1" 200 6021
186.103.159.189 - - [13/Mar/2018:17:32:25 -0300] "GET /cormun/static/gxcfg.js?2017761244068 HTTP/1.1" 304 -
186.103.159.189 - - [13/Mar/2018:17:32:26 -0300] "GET /cormun/static/about:blank HTTP/1.1" 404 1011
186.103.159.189 - - [13/Mar/2018:17:32:26 -0300] "GET /cormun/servlet/solicitudotadjuntos?INS,2018,10429,,1, HTTP/1.1" 200 6015
186.103.159.189 - - [13/Mar/2018:17:32:27 -0300] "GET /cormun/servlet/solicitudotadjuntos?1ab1cee666ec9465eebcf7df36f1281368ce8186ee699c79444a2b07338d4288892fa08efc580f439b8ebd3500b0b897,gx-no-cache=1520976696605 HTTP/1.1" 200 30
186.103.159.189 - - [13/Mar/2018:17:32:27 -0300] "POST /cormun/servlet/solicitudotadjuntos?bd1f896523e2eb2a7cb20a2c0a7a3bda,INS,2018,10429,,1,,gx-no-cache=1520976696715 HTTP/1.1" 200 3786
186.103.159.189 - - [13/Mar/2018:17:32:30 -0300] "POST /cormun/servlet/solicitudotadjuntos?gx-no-cache=1520976699135 HTTP/1.1" 200 26
190.161.236.41 - - [13/Mar/2018:17:32:39 -0300] "GET /cormun/servlet/trsolicitudot? HTTP/1.1" 200 7140
190.161.236.41 - - [13/Mar/2018:17:32:40 -0300] "GET /cormun/servlet/trsolicitudot? HTTP/1.1" 200 7140
190.161.236.41 - - [13/Mar/2018:17:32:50 -0300] "GET /cormun/servlet/solicitudot?INS,0,0, HTTP/1.1" 200 13378
190.161.236.41 - - [13/Mar/2018:17:32:51 -0300] "GET /cormun/servlet/solicitudot?INS,0,0, HTTP/1.1" 200 13383
186.103.159.189 - - [13/Mar/2018:17:32:55 -0300] "GET /cormun/servlet/solicitudotadjuntos?1ab1cee666ec9465eebcf7df36f128132334e907452a3ed542c3acba82f8b134,gx-no-cache=1520976724442 HTTP/1.1" 200 30
186.103.159.189 - - [13/Mar/2018:17:32:55 -0300] "GET /cormun/servlet/solicitudotadjuntos?1ab1cee666ec9465eebcf7df36f128132334e907452a3ed542c3acba82f8b134,gx-no-cache=1520976724557 HTTP/1.1" 200 30
186.103.159.189 - - [13/Mar/2018:17:32:56 -0300] "POST /cormun/servlet/solicitudotadjuntos?bd1f896523e2eb2a7cb20a2c0a7a3bda,INS,2018,10429,,1, HTTP/1.1" 200 116
186.103.159.189 - - [13/Mar/2018:17:32:57 -0300] "GET /cormun/servlet/hpexe_return? HTTP/1.1" 200 1022
186.103.159.189 - - [13/Mar/2018:17:32:57 -0300] "GET /cormun/servlet/trsolicitudadjuntos?2018,10429, HTTP/1.1" 200 8496
190.161.236.41 - - [13/Mar/2018:17:32:58 -0300] "POST /cormun/servlet/solicitudot?gx-no-cache=1520973128135 HTTP/1.1" 200 3423
190.161.236.41 - - [13/Mar/2018:17:32:58 -0300] "POST /cormun/servlet/solicitudot?18a65e82f3d454fc0f110f20f01f314d,INS,0,0,,gx-no-cache=1520973128521 HTTP/1.1" 200 10406
186.103.159.189 - - [13/Mar/2018:17:32:59 -0300] "GET /cormun/servlet/trsolicitudadjuntos?2018,10429, HTTP/1.1" 200 8494
186.103.159.189 - - [13/Mar/2018:17:33:02 -0300] "GET /cormun/servlet/solicitudotadjuntos?INS,2018,10429,,1, HTTP/1.1" 200 6023
186.103.159.189 - - [13/Mar/2018:17:33:03 -0300] "GET /cormun/static/about:blank HTTP/1.1" 404 1011
186.103.159.189 - - [13/Mar/2018:17:33:03 -0300] "GET /cormun/servlet/solicitudotadjuntos?INS,2018,10429,,1, HTTP/1.1" 200 6016
186.103.159.189 - - [13/Mar/2018:17:33:04 -0300] "GET /cormun/servlet/solicitudotadjuntos?1ab1cee666ec9465eebcf7df36f1281368ce8186ee699c79444a2b07338d4288892fa08efc580f439b8ebd3500b0b897,gx-no-cache=1520976733526 HTTP/1.1" 200 30
186.103.159.189 - - [13/Mar/2018:17:33:04 -0300] "POST /cormun/servlet/solicitudotadjuntos?bd1f896523e2eb2a7cb20a2c0a7a3bda,INS,2018,10429,,1,,gx-no-cache=1520976733636 HTTP/1.1" 200 3787
190.161.236.41 - - [13/Mar/2018:17:33:09 -0300] "GET /cormun/servlet/prbanco?,MD,,gxPopupLevel%3D0%3B HTTP/1.1" 200 6556
190.161.236.41 - - [13/Mar/2018:17:33:10 -0300] "POST /cormun/servlet/acontrolpreferencessavestate?None,CD-29,true HTTP/1.1" 200 35
186.103.159.189 - - [13/Mar/2018:17:33:10 -0300] "POST /cormun/servlet/solicitudotadjuntos?gx-no-cache=1520976739616 HTTP/1.1" 200 26
190.161.236.41 - - [13/Mar/2018:17:33:14 -0300] "GET /cormun/servlet/solicitudot?1c9298cab2c48b9198e970bd8fb2e763d386490e427599aa5a02aebc7a5ffd19f01b8b6caca2c8f6f7fb9aaeaf036437,gx-no-cache=1520973145022 HTTP/1.1" 200 30
190.161.236.41 - - [13/Mar/2018:17:33:14 -0300] "GET /cormun/servlet/solicitudot?1c9298cab2c48b9198e970bd8fb2e763ddcd7a948ccfcb37b0313774b93d291c8a7e29f68603df528ad78470d1bc44c2d0cc7c64cbbdfb72054ccee22315805d,gx-no-cache=1520973145161 HTTP/1.1" 200 30
190.161.236.41 - - [13/Mar/2018:17:33:16 -0300] "GET /cormun/servlet/solicitudot?1c9298cab2c48b9198e970bd8fb2e763926b2910593a621adf25d0ce8f87139b,gx-no-cache=1520973147092 HTTP/1.1" 200 55
186.103.159.189 - - [13/Mar/2018:17:33:18 -0300] "GET /cormun/servlet/solicitudotadjuntos?1ab1cee666ec9465eebcf7df36f128132334e907452a3ed542c3acba82f8b134,gx-no-cache=1520976747726 HTTP/1.1" 200 30
186.103.159.189 - - [13/Mar/2018:17:33:18 -0300] "GET /cormun/servlet/solicitudotadjuntos?1ab1cee666ec9465eebcf7df36f128132334e907452a3ed542c3acba82f8b134,gx-no-cache=1520976747821 HTTP/1.1" 200 30
186.103.159.189 - - [13/Mar/2018:17:33:20 -0300] "POST /cormun/servlet/solicitudotadjuntos?bd1f896523e2eb2a7cb20a2c0a7a3bda,INS,2018,10429,,1, HTTP/1.1" 200 116
186.103.159.189 - - [13/Mar/2018:17:33:20 -0300] "GET /cormun/servlet/hpexe_return? HTTP/1.1" 200 1022
186.103.159.189 - - [13/Mar/2018:17:33:21 -0300] "GET /cormun/servlet/trsolicitudadjuntos?2018,10429, HTTP/1.1" 200 8715
186.103.159.189 - - [13/Mar/2018:17:33:22 -0300] "GET /cormun/servlet/trsolicitudadjuntos?2018,10429, HTTP/1.1" 200 8716
186.103.159.189 - - [13/Mar/2018:17:33:26 -0300] "GET /cormun/servlet/solicitudotadjuntos?INS,2018,10429,,1, HTTP/1.1" 200 6023
186.103.159.189 - - [13/Mar/2018:17:33:28 -0300] "GET /cormun/static/about:blank HTTP/1.1" 404 1011
186.103.159.189 - - [13/Mar/2018:17:33:28 -0300] "GET /cormun/servlet/solicitudotadjuntos?INS,2018,10429,,1, HTTP/1.1" 200 6016
186.103.159.189 - - [13/Mar/2018:17:33:29 -0300] "GET /cormun/servlet/solicitudotadjuntos?1ab1cee666ec9465eebcf7df36f1281368ce8186ee699c79444a2b07338d4288892fa08efc580f439b8ebd3500b0b897,gx-no-cache=1520976758054 HTTP/1.1" 200 30
190.161.236.41 - - [13/Mar/2018:17:33:29 -0300] "POST /cormun/servlet/solicitudot?18a65e82f3d454fc0f110f20f01f314d,INS,0,0,,gx-no-cache=1520973159713 HTTP/1.1" 200 10531
186.103.159.189 - - [13/Mar/2018:17:33:29 -0300] "POST /cormun/servlet/solicitudotadjuntos?bd1f896523e2eb2a7cb20a2c0a7a3bda,INS,2018,10429,,1,,gx-no-cache=1520976758574 HTTP/1.1" 200 3787
186.103.159.188 - - [13/Mar/2018:17:33:29 -0300] "GET /cormun/static/Shared/jqueryui/images/ui-icons_82798d_256x240.png HTTP/1.1" 404 1089
190.161.236.41 - - [13/Mar/2018:17:33:29 -0300] "GET /cormun/static/Shared/jqueryui/images/ui-bg_highlight-soft_100_c6c2c8_1x100.png HTTP/1.1" 404 1117
190.161.236.41 - - [13/Mar/2018:17:33:29 -0300] "GET /cormun/static/Shared/jqueryui/images/ui-bg_flat_55_fafafa_40x100.png HTTP/1.1" 404 1097
190.161.236.41 - - [13/Mar/2018:17:33:29 -0300] "GET /cormun/static/Shared/jqueryui/images/ui-icons_8d78a5_256x240.png HTTP/1.1" 404 1089
186.103.159.189 - - [13/Mar/2018:17:33:34 -0300] "POST /cormun/servlet/solicitudotadjuntos?gx-no-cache=1520976763235 HTTP/1.1" 200 26
190.161.236.41 - - [13/Mar/2018:17:33:45 -0300] "GET /cormun/servlet/prbanco?,MD,,gxPopupLevel%3D0%3B HTTP/1.1" 200 6558
186.103.159.189 - - [13/Mar/2018:17:33:47 -0300] "GET /cormun/servlet/solicitudotadjuntos?1ab1cee666ec9465eebcf7df36f128132334e907452a3ed542c3acba82f8b134,gx-no-cache=1520976776977 HTTP/1.1" 200 30
186.103.159.189 - - [13/Mar/2018:17:33:47 -0300] "GET /cormun/servlet/solicitudotadjuntos?1ab1cee666ec9465eebcf7df36f128132334e907452a3ed542c3acba82f8b134,gx-no-cache=1520976777080 HTTP/1.1" 200 30
190.161.236.41 - - [13/Mar/2018:17:33:49 -0300] "GET /cormun/servlet/solicitudot?1c9298cab2c48b9198e970bd8fb2e763d386490e427599aa5a02aebc7a5ffd19e2e200a33b7c089ba1723ceb10595e34,gx-no-cache=1520973179322 HTTP/1.1" 200 30
190.161.236.41 - - [13/Mar/2018:17:33:49 -0300] "GET /cormun/servlet/solicitudot?1c9298cab2c48b9198e970bd8fb2e763ddcd7a948ccfcb37b0313774b93d291c8a7e29f68603df528ad78470d1bc44c220ac9f8f3bb863d600e83303db094da0,gx-no-cache=1520973179586 HTTP/1.1" 200 30
186.103.159.189 - - [13/Mar/2018:17:33:49 -0300] "POST /cormun/servlet/solicitudotadjuntos?bd1f896523e2eb2a7cb20a2c0a7a3bda,INS,2018,10429,,1, HTTP/1.1" 200 116
190.161.236.41 - - [13/Mar/2018:17:33:49 -0300] "GET /cormun/servlet/solicitudot?1c9298cab2c48b9198e970bd8fb2e763c960c4c6f4e2cc9ac629872018e3b51728079a6f190a018acd2c13567f2bac3f741a905489c0fa237451e2e10a8604c95b79a4b5fe8f1af7818768ef1d5ddc00,gx-no-cache=1520973179712 HTTP/1.1" 200 53
186.103.159.189 - - [13/Mar/2018:17:33:49 -0300] "GET /cormun/servlet/hpexe_return? HTTP/1.1" 200 1022
186.103.159.189 - - [13/Mar/2018:17:33:50 -0300] "GET /cormun/servlet/trsolicitudadjuntos?2018,10429, HTTP/1.1" 200 8891
186.103.159.189 - - [13/Mar/2018:17:33:51 -0300] "GET /cormun/servlet/trsolicitudadjuntos?2018,10429, HTTP/1.1" 200 8893
186.103.159.189 - - [13/Mar/2018:17:33:54 -0300] "GET /cormun/servlet/solicitudotadjuntos?INS,2018,10429,,1, HTTP/1.1" 200 6023
186.103.159.189 - - [13/Mar/2018:17:33:55 -0300] "GET /cormun/static/about:blank HTTP/1.1" 404 1011
186.103.159.189 - - [13/Mar/2018:17:33:55 -0300] "GET /cormun/servlet/solicitudotadjuntos?INS,2018,10429,,1, HTTP/1.1" 200 6016
186.103.159.189 - - [13/Mar/2018:17:33:56 -0300] "GET /cormun/servlet/solicitudotadjuntos?1ab1cee666ec9465eebcf7df36f1281368ce8186ee699c79444a2b07338d4288892fa08efc580f439b8ebd3500b0b897,gx-no-cache=1520976785640 HTTP/1.1" 200 30
186.103.159.189 - - [13/Mar/2018:17:33:56 -0300] "POST /cormun/servlet/solicitudotadjuntos?bd1f896523e2eb2a7cb20a2c0a7a3bda,INS,2018,10429,,1,,gx-no-cache=1520976785744 HTTP/1.1" 200 3787
186.103.159.189 - - [13/Mar/2018:17:34:00 -0300] "POST /cormun/servlet/solicitudotadjuntos?gx-no-cache=1520976789453 HTTP/1.1" 200 26
186.103.159.189 - - [13/Mar/2018:17:34:08 -0300] "GET /cormun/servlet/solicitudotadjuntos?1ab1cee666ec9465eebcf7df36f128132334e907452a3ed542c3acba82f8b134,gx-no-cache=1520976797311 HTTP/1.1" 200 30
186.103.159.189 - - [13/Mar/2018:17:34:08 -0300] "GET /cormun/servlet/solicitudotadjuntos?1ab1cee666ec9465eebcf7df36f128132334e907452a3ed542c3acba82f8b134,gx-no-cache=1520976797403 HTTP/1.1" 200 30
186.103.159.189 - - [13/Mar/2018:17:34:09 -0300] "POST /cormun/servlet/solicitudotadjuntos?bd1f896523e2eb2a7cb20a2c0a7a3bda,INS,2018,10429,,1, HTTP/1.1" 200 116
186.103.159.189 - - [13/Mar/2018:17:34:09 -0300] "GET /cormun/servlet/hpexe_return? HTTP/1.1" 200 1022
186.103.159.189 - - [13/Mar/2018:17:34:10 -0300] "GET /cormun/servlet/trsolicitudadjuntos?2018,10429, HTTP/1.1" 200 9068
186.103.159.189 - - [13/Mar/2018:17:34:12 -0300] "GET /cormun/servlet/trsolicitudadjuntos?2018,10429, HTTP/1.1" 200 9067
186.103.159.189 - - [13/Mar/2018:17:34:15 -0300] "GET /cormun/servlet/solicitudotadjuntos?INS,2018,10429,,1, HTTP/1.1" 200 6023
186.103.159.189 - - [13/Mar/2018:17:34:16 -0300] "GET /cormun/static/about:blank HTTP/1.1" 404 1011
186.103.159.189 - - [13/Mar/2018:17:34:16 -0300] "GET /cormun/servlet/solicitudotadjuntos?INS,2018,10429,,1, HTTP/1.1" 200 6016
186.103.159.189 - - [13/Mar/2018:17:34:17 -0300] "GET /cormun/servlet/solicitudotadjuntos?1ab1cee666ec9465eebcf7df36f1281368ce8186ee699c79444a2b07338d4288892fa08efc580f439b8ebd3500b0b897,gx-no-cache=1520976806154 HTTP/1.1" 200 30
186.103.159.189 - - [13/Mar/2018:17:34:17 -0300] "POST /cormun/servlet/solicitudotadjuntos?bd1f896523e2eb2a7cb20a2c0a7a3bda,INS,2018,10429,,1,,gx-no-cache=1520976806268 HTTP/1.1" 200 3787
186.103.159.189 - - [13/Mar/2018:17:34:21 -0300] "POST /cormun/servlet/solicitudotadjuntos?gx-no-cache=1520976810980 HTTP/1.1" 200 26
186.103.159.189 - - [13/Mar/2018:17:34:29 -0300] "GET /cormun/servlet/solicitudotadjuntos?1ab1cee666ec9465eebcf7df36f128132334e907452a3ed542c3acba82f8b134,gx-no-cache=1520976818307 HTTP/1.1" 200 30
186.103.159.189 - - [13/Mar/2018:17:34:29 -0300] "GET /cormun/servlet/solicitudotadjuntos?1ab1cee666ec9465eebcf7df36f128132334e907452a3ed542c3acba82f8b134,gx-no-cache=1520976818406 HTTP/1.1" 200 30
186.103.159.188 - - [13/Mar/2018:17:34:30 -0300] "POST /cormun/servlet/solicitudot?gx-no-cache=1520973220746 HTTP/1.1" 200 297
186.103.159.188 - - [13/Mar/2018:17:34:30 -0300] "GET /cormun/servlet/solicitudot?1c9298cab2c48b9198e970bd8fb2e763e476297287028bac3e9d62b8a053cf03fabbb383715c1247978e7acbb5b24cd8fb6a112de03b7785e7779d705bda71d1876295a6e575350f0472b1f9a90e999c6d2f7e40ab9360831dd79fe1c617614e055839d07961fd08b2b8108376e64e2b0ded4a2021e9bf90a04dda8a6c9b6564080213a99c7b3275e60f3641e93e820807c896043e2276c04ca4dea44aa1bfccf6c3bf079d43ab7729644bfab5f9c11890ebc916315deba85dab28e171335953a531eb8a56f37e989b4ea121226027e0232c7f8ad866884014ccc059874b9f1ab2a467779ed6a55f8a0fc2544d67fbe93ae593bc8ffc6de0f52e79032104c97d1ee0fc3fb5582513ebe2c17e607bf06f821044c7cf3d55bb58a7fdb13c5fb8017cb0ecf00f62834d18548615022f51fd83e719589ef5cb42d17e31e1e423a0d03cbc5eca42e2f39c539f58386f0e17b5ba3eac5d8f7ceb8a4d05f663b68c849c944fbe00fcbec9289b1bad504cf3078f0293c77a163f842b2603b61c4c92447780b39ce2d49ea3dbe68b6d0038423064,gx-no-cache=1520973220880 HTTP/1.1" 200 30
186.103.159.189 - - [13/Mar/2018:17:34:31 -0300] "POST /cormun/servlet/solicitudotadjuntos?bd1f896523e2eb2a7cb20a2c0a7a3bda,INS,2018,10429,,1, HTTP/1.1" 200 116
186.103.159.189 - - [13/Mar/2018:17:34:31 -0300] "GET /cormun/servlet/hpexe_return? HTTP/1.1" 200 1022
186.103.159.189 - - [13/Mar/2018:17:34:32 -0300] "GET /cormun/servlet/trsolicitudadjuntos?2018,10429, HTTP/1.1" 200 9312
186.103.159.188 - - [13/Mar/2018:17:34:33 -0300] "POST /cormun/servlet/solicitudot?gx-no-cache=1520973223662 HTTP/1.1" 200 30
186.103.159.189 - - [13/Mar/2018:17:34:33 -0300] "GET /cormun/servlet/trsolicitudadjuntos?2018,10429, HTTP/1.1" 200 9312
186.103.159.189 - - [13/Mar/2018:17:34:36 -0300] "GET /cormun/servlet/solicitudotadjuntos?INS,2018,10429,,1, HTTP/1.1" 200 6023
186.103.159.189 - - [13/Mar/2018:17:34:37 -0300] "GET /cormun/static/about:blank HTTP/1.1" 404 1011
186.103.159.188 - - [13/Mar/2018:17:34:37 -0300] "POST /cormun/servlet/solicitudot?gx-no-cache=1520973228210 HTTP/1.1" 200 1337
186.103.159.189 - - [13/Mar/2018:17:34:38 -0300] "GET /cormun/servlet/solicitudotadjuntos?INS,2018,10429,,1, HTTP/1.1" 200 6016
186.103.159.188 - - [13/Mar/2018:17:34:38 -0300] "POST /cormun/servlet/solicitudot?gx-no-cache=1520973228326 HTTP/1.1" 200 38
186.103.159.189 - - [13/Mar/2018:17:34:38 -0300] "GET /cormun/servlet/solicitudotadjuntos?1ab1cee666ec9465eebcf7df36f1281368ce8186ee699c79444a2b07338d4288892fa08efc580f439b8ebd3500b0b897,gx-no-cache=1520976827965 HTTP/1.1" 200 30
186.103.159.189 - - [13/Mar/2018:17:34:39 -0300] "POST /cormun/servlet/solicitudotadjuntos?bd1f896523e2eb2a7cb20a2c0a7a3bda,INS,2018,10429,,1,,gx-no-cache=1520976828131 HTTP/1.1" 200 3787
186.103.159.189 - - [13/Mar/2018:17:34:42 -0300] "POST /cormun/servlet/solicitudotadjuntos?gx-no-cache=1520976831036 HTTP/1.1" 200 26
186.103.159.188 - - [13/Mar/2018:17:34:48 -0300] "GET /cormun/servlet/solicitudot?1c9298cab2c48b9198e970bd8fb2e763d23d2cdecdba97a2cb8d7383813eaf92b5d7fd89b36ae9029360c114b3724aab3638b9acde70d7387a909bef21e1dc03152ddab4bcb6f2c44cd125498ecdcaff6369997c3c906485aef5f25f3003d9d335313c4930d9eecfcf35c135e47100ab,gx-no-cache=1520973239265 HTTP/1.1" 200 29
186.103.159.189 - - [13/Mar/2018:17:34:48 -0300] "GET /cormun/servlet/solicitudotadjuntos?1ab1cee666ec9465eebcf7df36f128132334e907452a3ed542c3acba82f8b134,gx-no-cache=1520976838096 HTTP/1.1" 200 30
186.103.159.188 - - [13/Mar/2018:17:34:49 -0300] "POST /cormun/servlet/solicitudot?gx-no-cache=1520973239304 HTTP/1.1" 200 1319
186.103.159.189 - - [13/Mar/2018:17:34:49 -0300] "GET /cormun/servlet/solicitudotadjuntos?1ab1cee666ec9465eebcf7df36f128132334e907452a3ed542c3acba82f8b134,gx-no-cache=1520976838180 HTTP/1.1" 200 30
186.103.159.188 - - [13/Mar/2018:17:34:49 -0300] "POST /cormun/servlet/solicitudot?gx-no-cache=1520973239400 HTTP/1.1" 200 1219
186.103.159.188 - - [13/Mar/2018:17:34:49 -0300] "GET /cormun/static/menuarrow.gif HTTP/1.1" 404 1015
186.103.159.189 - - [13/Mar/2018:17:34:50 -0300] "POST /cormun/servlet/solicitudotadjuntos?bd1f896523e2eb2a7cb20a2c0a7a3bda,INS,2018,10429,,1, HTTP/1.1" 200 116
186.103.159.189 - - [13/Mar/2018:17:34:50 -0300] "GET /cormun/servlet/hpexe_return? HTTP/1.1" 200 1022
186.103.159.189 - - [13/Mar/2018:17:34:52 -0300] "GET /cormun/servlet/trsolicitudadjuntos?2018,10429, HTTP/1.1" 200 9573
186.103.159.189 - - [13/Mar/2018:17:34:53 -0300] "GET /cormun/servlet/trsolicitudadjuntos?2018,10429, HTTP/1.1" 200 9570
186.103.159.188 - - [13/Mar/2018:17:34:55 -0300] "POST /cormun/servlet/solicitudot?gx-no-cache=1520973246043 HTTP/1.1" 200 1319
186.103.159.188 - - [13/Mar/2018:17:34:55 -0300] "POST /cormun/servlet/solicitudot?gx-no-cache=1520973246135 HTTP/1.1" 200 1219
186.103.159.189 - - [13/Mar/2018:17:34:55 -0300] "GET /cormun/servlet/solicitudotadjuntos?INS,2018,10429,,2, HTTP/1.1" 200 6022
186.103.159.189 - - [13/Mar/2018:17:34:56 -0300] "GET /cormun/static/about:blank HTTP/1.1" 404 1011
186.103.159.189 - - [13/Mar/2018:17:34:57 -0300] "GET /cormun/servlet/solicitudotadjuntos?INS,2018,10429,,2, HTTP/1.1" 200 6016
186.103.159.189 - - [13/Mar/2018:17:34:57 -0300] "GET /cormun/servlet/solicitudotadjuntos?1ab1cee666ec9465eebcf7df36f1281368ce8186ee699c79444a2b07338d4288892fa08efc580f439b8ebd3500b0b897,gx-no-cache=1520976847076 HTTP/1.1" 200 30
186.103.159.189 - - [13/Mar/2018:17:34:58 -0300] "POST /cormun/servlet/solicitudotadjuntos?bd1f896523e2eb2a7cb20a2c0a7a3bda,INS,2018,10429,,2,,gx-no-cache=1520976847144 HTTP/1.1" 200 3998
186.103.159.188 - - [13/Mar/2018:17:34:58 -0300] "GET /cormun/servlet/solicitudot?1c9298cab2c48b9198e970bd8fb2e763bfa222f6a9e3ef8e565c9f78b8aab618b49b7ffbd5344620ea6c61b8b71aec65,gx-no-cache=1520973248432 HTTP/1.1" 200 30
186.103.159.189 - - [13/Mar/2018:17:35:01 -0300] "POST /cormun/servlet/solicitudotadjuntos?gx-no-cache=1520976850570 HTTP/1.1" 200 26
186.103.159.189 - - [13/Mar/2018:17:35:08 -0300] "GET /cormun/servlet/solicitudotadjuntos?1ab1cee666ec9465eebcf7df36f128132334e907452a3ed542c3acba82f8b134,gx-no-cache=1520976857346 HTTP/1.1" 200 30
186.103.159.189 - - [13/Mar/2018:17:35:08 -0300] "GET /cormun/servlet/solicitudotadjuntos?1ab1cee666ec9465eebcf7df36f128132334e907452a3ed542c3acba82f8b134,gx-no-cache=1520976857418 HTTP/1.1" 200 30
186.103.159.189 - - [13/Mar/2018:17:35:09 -0300] "POST /cormun/servlet/solicitudotadjuntos?bd1f896523e2eb2a7cb20a2c0a7a3bda,INS,2018,10429,,2, HTTP/1.1" 200 116
186.103.159.189 - - [13/Mar/2018:17:35:09 -0300] "GET /cormun/servlet/hpexe_return? HTTP/1.1" 200 1022
186.103.159.189 - - [13/Mar/2018:17:35:10 -0300] "GET /cormun/servlet/trsolicitudadjuntos?2018,10429, HTTP/1.1" 200 9727
186.103.159.189 - - [13/Mar/2018:17:35:12 -0300] "GET /cormun/servlet/trsolicitudadjuntos?2018,10429, HTTP/1.1" 200 9727
186.103.159.188 - - [13/Mar/2018:17:36:02 -0300] "POST /cormun/servlet/solicitudot?gx-no-cache=1520973312575 HTTP/1.1" 200 297
186.103.159.188 - - [13/Mar/2018:17:36:02 -0300] "GET /cormun/servlet/solicitudot?1c9298cab2c48b9198e970bd8fb2e763e476297287028bac3e9d62b8a053cf03fabbb383715c1247978e7acbb5b24cd8fb6a112de03b7785e7779d705bda71d1876295a6e575350f0472b1f9a90e999c6d2f7e40ab9360831dd79fe1c617614e055839d07961fd08b2b8108376e64e2b0ded4a2021e9bf90a04dda8a6c9b6564080213a99c7b3275e60f3641e93e820807c896043e2276c04ca4dea44aa1bfccf6c3bf079d43ab7729644bfab5f9c11890ebc916315deba85dab28e171335953a531eb8a56f37e989b4ea121226027e0232c7f8ad866884014ccc059874b9f1ab2a467779ed6a55f8a0fc2544d67fbe93ae593bc8ffc6de0f52e79032104c97d1ee0fc3fb5582513ebe2c17e607bf06f821044c7cf3d55bb58a7fdb13c5fb8017cb0ecf00f62834d18548615022f51fd83e719589ef5cb42d17e31e1e423a0d03cbc5eca42e2f39c539f58386f0e17b5ba3eac5d8f7ceb8a4d05f663b68c849c944fbe00fcbec9289b1bad504cf3078f19c63c676098ef901a8673c1d321561880b39ce2d49ea3dbe68b6d0038423064,gx-no-cache=1520973312706 HTTP/1.1" 200 30
186.103.159.188 - - [13/Mar/2018:17:36:02 -0300] "POST /cormun/servlet/solicitudot?gx-no-cache=1520973312764 HTTP/1.1" 200 30
186.103.159.188 - - [13/Mar/2018:17:36:02 -0300] "POST /cormun/servlet/solicitudot?gx-no-cache=1520973312836 HTTP/1.1" 200 1337
