201.215.248.160 - - [13/Mar/2018:16:22:49 -0300] "GET /cormun/static/Shared/jqueryui/images/ui-bg_highlight-soft_100_c6c2c8_1x100.png HTTP/1.1" 404 1117
201.215.248.160 - - [13/Mar/2018:16:22:49 -0300] "GET /cormun/static/Shared/jqueryui/images/ui-icons_82798d_256x240.png HTTP/1.1" 404 1089
201.215.248.160 - - [13/Mar/2018:16:22:49 -0300] "GET /cormun/static/Shared/jqueryui/images/ui-bg_flat_55_fafafa_40x100.png HTTP/1.1" 404 1097
201.215.248.160 - - [13/Mar/2018:16:22:49 -0300] "GET /cormun/static/Shared/jqueryui/images/ui-icons_8d78a5_256x240.png HTTP/1.1" 404 1089
201.215.248.160 - - [13/Mar/2018:16:22:52 -0300] "GET /cormun/servlet/apermisogoceprn?15125355,P,20180313161833,PU HTTP/1.1" 200 1657
201.215.248.160 - - [13/Mar/2018:16:23:05 -0300] "GET /cormun/servlet/trautorizarpermisogoce? HTTP/1.1" 200 8128
201.215.248.160 - - [13/Mar/2018:16:23:05 -0300] "GET /cormun/static/gxcfg.js?20177612165975 HTTP/1.1" 200 953
201.215.248.160 - - [13/Mar/2018:16:23:05 -0300] "GET /cormun/static/trautorizarpermisogoce.js?2017761217384 HTTP/1.1" 200 34948
201.215.248.160 - - [13/Mar/2018:16:23:06 -0300] "GET /cormun/servlet/trautorizarpermisogoce? HTTP/1.1" 200 8128
200.86.95.220 - - [13/Mar/2018:16:23:10 -0300] "GET /cormun/servlet/trpermisosgoce? HTTP/1.1" 200 8053
200.86.95.220 - - [13/Mar/2018:16:23:10 -0300] "GET /cormun/static/gxcfg.js?20177612163875 HTTP/1.1" 304 -
200.86.95.220 - - [13/Mar/2018:16:23:11 -0300] "GET /cormun/servlet/trpermisosgoce? HTTP/1.1" 200 8053
201.215.248.160 - - [13/Mar/2018:16:23:13 -0300] "POST /cormun/servlet/trautorizarpermisogoce?a080b932dae45ff0aa75eb2dfe8428a1,,gx-no-cache=1520968932079 HTTP/1.1" 200 5108
201.215.248.160 - - [13/Mar/2018:16:23:13 -0300] "GET /cormun/static/Shared/jqueryui/images/ui-bg_highlight-soft_100_c6c2c8_1x100.png HTTP/1.1" 404 1117
201.215.248.160 - - [13/Mar/2018:16:23:13 -0300] "GET /cormun/static/Shared/jqueryui/images/ui-icons_82798d_256x240.png HTTP/1.1" 404 1089
201.215.248.160 - - [13/Mar/2018:16:23:13 -0300] "GET /cormun/static/Shared/jqueryui/images/ui-bg_flat_55_fafafa_40x100.png HTTP/1.1" 404 1097
201.215.248.160 - - [13/Mar/2018:16:23:13 -0300] "GET /cormun/static/Shared/jqueryui/images/ui-icons_8d78a5_256x240.png HTTP/1.1" 404 1089
201.215.248.160 - - [13/Mar/2018:16:23:15 -0300] "POST /cormun/servlet/trautorizarpermisogoce?a080b932dae45ff0aa75eb2dfe8428a1,,gx-no-cache=1520968933785 HTTP/1.1" 200 4354
192.168.10.96 - - [13/Mar/2018:16:23:16 -0300] "POST /cormun/servlet/trsolicitudgral?2017393583856da9e50af9554cf7fc29,,gx-no-cache=1520968819489 HTTP/1.1" 200 27083
200.86.95.220 - - [13/Mar/2018:16:23:18 -0300] "GET /cormun/servlet/permisogoce?INS,0,,, HTTP/1.1" 200 6788
200.86.95.220 - - [13/Mar/2018:16:23:18 -0300] "GET /cormun/static/gxcfg.js?201776126440 HTTP/1.1" 304 -
200.86.95.220 - - [13/Mar/2018:16:23:19 -0300] "GET /cormun/servlet/permisogoce?INS,0,,, HTTP/1.1" 200 6788
200.86.95.220 - - [13/Mar/2018:16:23:28 -0300] "GET /cormun/servlet/permisogoce?351cab5572fb8400f4a7fa4389961342656c5304f49f1fa452eb0536de856c7cc70e2194a2d4c7b0a15561cb9c1b3533,gx-no-cache=1520968959952 HTTP/1.1" 200 75
200.86.95.220 - - [13/Mar/2018:16:23:28 -0300] "GET /cormun/static/menuarrow.gif HTTP/1.1" 404 1015
200.86.95.220 - - [13/Mar/2018:16:23:34 -0300] "GET /cormun/servlet/permisogoce?351cab5572fb8400f4a7fa438996134234177169994a22961469a22abd42ddf839f619d92c7e012e11d82b7a9a01c7cc37bad1a8f4fc8671790b8fa50fb23885,gx-no-cache=1520968966713 HTTP/1.1" 200 47
200.86.95.220 - - [13/Mar/2018:16:23:43 -0300] "POST /cormun/servlet/permisogoce?79c1319b2bd3cdccbdeb629805747d30,INS,0,,,,gx-no-cache=1520968974863 HTTP/1.1" 200 93
200.86.95.220 - - [13/Mar/2018:16:23:43 -0300] "GET /cormun/servlet/hpexe_return? HTTP/1.1" 200 1014
200.86.95.220 - - [13/Mar/2018:16:23:43 -0300] "GET /cormun/servlet/trpermisosgoce HTTP/1.1" 200 8354
200.86.95.220 - - [13/Mar/2018:16:23:45 -0300] "GET /cormun/servlet/trpermisosgoce HTTP/1.1" 200 8350
186.103.159.189 - - [13/Mar/2018:16:23:47 -0300] "POST /cormun/servlet/solicitudot?gx-no-cache=1520968979554 HTTP/1.1" 200 1333
186.103.159.189 - - [13/Mar/2018:16:23:47 -0300] "POST /cormun/servlet/solicitudot?gx-no-cache=1520968979668 HTTP/1.1" 200 38
186.103.159.189 - - [13/Mar/2018:16:23:47 -0300] "GET /cormun/servlet/solicitudot?953f1169056de5b28a937845d252cf88948602e7e10a60b8e8a4728d3528b4bf5276916cc6d4b92943cda8f045815f0330c81937c53db01dfa1fb4efb559aa0cb4b4691307789550082457d1a96595e3df4d889b1af712132d19972a38be369d60d1ec82d49ff9603631f0c362439fc6,gx-no-cache=1520968979712 HTTP/1.1" 200 29
186.103.159.189 - - [13/Mar/2018:16:23:47 -0300] "POST /cormun/servlet/solicitudot?gx-no-cache=1520968979757 HTTP/1.1" 200 1318
186.103.159.189 - - [13/Mar/2018:16:23:48 -0300] "POST /cormun/servlet/solicitudot?gx-no-cache=1520968979883 HTTP/1.1" 200 1215
186.103.159.189 - - [13/Mar/2018:16:23:48 -0300] "GET /cormun/servlet/solicitudot?953f1169056de5b28a937845d252cf883d9b1109f312f17128e91e49286dae01,gx-no-cache=1520968979959 HTTP/1.1" 200 30
200.86.95.220 - - [13/Mar/2018:16:23:49 -0300] "GET /cormun/servlet/apermisogoceprn?7232365,P,20180313162035,PU HTTP/1.1" 200 1661
186.103.159.189 - - [13/Mar/2018:16:23:52 -0300] "POST /cormun/servlet/solicitudot?8415415eab9b964ee9fa7f6987dccbac,INS,0,0,,gx-no-cache=1520968984306 HTTP/1.1" 200 90
186.103.159.189 - - [13/Mar/2018:16:23:52 -0300] "GET /cormun/servlet/hpexe_link HTTP/1.1" 200 960
186.103.159.189 - - [13/Mar/2018:16:23:52 -0300] "GET /cormun/servlet/trsolicitudot HTTP/1.1" 200 8591
201.215.248.160 - - [13/Mar/2018:16:23:53 -0300] "GET /cormun/servlet/hlogin HTTP/1.1" 200 1739
186.103.159.189 - - [13/Mar/2018:16:23:54 -0300] "GET /cormun/servlet/trsolicitudot HTTP/1.1" 200 8589
186.103.159.189 - - [13/Mar/2018:16:23:56 -0300] "GET /cormun/servlet/solicitudot?INS,0,0, HTTP/1.1" 200 13427
186.103.159.189 - - [13/Mar/2018:16:23:58 -0300] "GET /cormun/servlet/solicitudot?INS,0,0, HTTP/1.1" 200 13432
186.103.159.189 - - [13/Mar/2018:16:24:02 -0300] "GET /cormun/servlet/prfichaempleado?,MD,,gxPopupLevel%3D0%3B HTTP/1.1" 200 9326
186.103.159.189 - - [13/Mar/2018:16:24:12 -0300] "POST /cormun/servlet/prfichaempleado?8415415eab9b964ee9fa7f6987dccbac,,MD,,gxPopupLevel%3D0%3B,gx-no-cache=1520969004406 HTTP/1.1" 200 3416
200.86.95.220 - - [13/Mar/2018:16:24:21 -0300] "GET /cormun/servlet/permisogoce?INS,0,,, HTTP/1.1" 200 6789
200.86.95.220 - - [13/Mar/2018:16:24:23 -0300] "GET /cormun/servlet/permisogoce?INS,0,,, HTTP/1.1" 200 6788
186.103.159.189 - - [13/Mar/2018:16:24:23 -0300] "POST /cormun/servlet/solicitudot?gx-no-cache=1520969015044 HTTP/1.1" 200 3420
186.103.159.189 - - [13/Mar/2018:16:24:24 -0300] "POST /cormun/servlet/solicitudot?8415415eab9b964ee9fa7f6987dccbac,INS,0,0,,gx-no-cache=1520969015828 HTTP/1.1" 200 10407
200.86.95.220 - - [13/Mar/2018:16:24:25 -0300] "GET /cormun/servlet/prfichaempleado?,MD,,gxPopupLevel%3D0%3B HTTP/1.1" 200 9307
186.103.159.189 - - [13/Mar/2018:16:24:26 -0300] "GET /cormun/servlet/solicitudot?953f1169056de5b28a937845d252cf888ddd651a2a319b6044d9400b880b752f046ef785d9f3e25c44045087bf88e6c2,gx-no-cache=1520969018351 HTTP/1.1" 200 30
186.103.159.189 - - [13/Mar/2018:16:24:26 -0300] "GET /cormun/servlet/solicitudot?953f1169056de5b28a937845d252cf880d996771e7cf40f23079aebfe9c4b0435586457b131f1a9befb757b146039f28627feb6a8cf6c504ddb918075d4bf650,gx-no-cache=1520969018459 HTTP/1.1" 200 30
186.103.159.189 - - [13/Mar/2018:16:24:26 -0300] "GET /cormun/servlet/solicitudot?953f1169056de5b28a937845d252cf88e114e9f7f5bc18c8b328801d9a770011,gx-no-cache=1520969018503 HTTP/1.1" 200 61
186.103.159.189 - - [13/Mar/2018:16:24:26 -0300] "POST /cormun/servlet/solicitudot?gx-no-cache=1520969018554 HTTP/1.1" 200 297
186.103.159.189 - - [13/Mar/2018:16:24:27 -0300] "GET /cormun/servlet/solicitudot?953f1169056de5b28a937845d252cf886e92f6c596ad9c3cd831f263f7ef247bd4e3e0b058365f0d91debaad462294e0a124ee85c54f3512f1f34ce258370b4bfeaa9d7f232457c50d719c80f300dc96d877d38c190955d0f4215b21d16ce5844818f8ab144a03ba49cfda8aa9d867226d806bea390e2b3810b09b08ef61dbf5ee9ce2b9d89dcdbeef270ba458fe028ebabdd6ba2dc8700f6d7669d06738a11dcd0b840716003c49d1909b2e2e87f88b7af86b40960b79d17d0770fd59f510793636f53f499b8cb881d9a03b21e609f2935a9dc6c5aee9fd23b385c110363fe059f3ac610ec12a06520aa579e0d766a30bb5b488adb6812951b5223aa3d22ae44a1e1d165d9efbbb4901b8888696f61b09475e68f8ffbe1653e0864fd066bdcb364ebdea53e03944174db5bdf399d987a16e251c260e7cf19b55c030f23a37b4855d822f547faf781290129eff993123662341d9c86a3065902f61fdcb71f20b7ae1922a5836338d723f227ba0040cdde9efbeb3461e1484d4026bc6b8506439c948553878f0602b56b7699ad4cfac92,gx-no-cache=1520969018620 HTTP/1.1" 200 30
186.103.159.189 - - [13/Mar/2018:16:24:30 -0300] "POST /cormun/servlet/solicitudot?gx-no-cache=1520969022376 HTTP/1.1" 200 30
186.103.159.189 - - [13/Mar/2018:16:24:32 -0300] "GET /cormun/servlet/prcontratosol?15114046,,,,,MD,,gxPopupLevel%3D0%3B HTTP/1.1" 200 8112
200.86.95.220 - - [13/Mar/2018:16:24:35 -0300] "POST /cormun/servlet/prfichaempleado?79c1319b2bd3cdccbdeb629805747d30,,MD,,gxPopupLevel%3D0%3B,gx-no-cache=1520969026949 HTTP/1.1" 200 3428
186.103.159.189 - - [13/Mar/2018:16:24:37 -0300] "POST /cormun/servlet/solicitudot?gx-no-cache=1520969029642 HTTP/1.1" 200 1336
186.103.159.189 - - [13/Mar/2018:16:24:37 -0300] "POST /cormun/servlet/solicitudot?gx-no-cache=1520969029734 HTTP/1.1" 200 38
186.103.159.189 - - [13/Mar/2018:16:24:37 -0300] "GET /cormun/servlet/solicitudot?953f1169056de5b28a937845d252cf88948602e7e10a60b8e8a4728d3528b4bf5276916cc6d4b92943cda8f045815f0330c81937c53db01dfa1fb4efb559aa0cb4b4691307789550082457d1a96595e3df4d889b1af712132d19972a38be369d60d1ec82d49ff9603631f0c362439fc6,gx-no-cache=1520969029780 HTTP/1.1" 200 29
186.103.159.189 - - [13/Mar/2018:16:24:38 -0300] "POST /cormun/servlet/solicitudot?gx-no-cache=1520969029816 HTTP/1.1" 200 1318
186.103.159.189 - - [13/Mar/2018:16:24:38 -0300] "POST /cormun/servlet/solicitudot?gx-no-cache=1520969029873 HTTP/1.1" 200 1218
186.103.159.189 - - [13/Mar/2018:16:24:38 -0300] "GET /cormun/servlet/solicitudot?953f1169056de5b28a937845d252cf88a7ffeefc2bf6caf82447197d958801e1a0fd3d75e81aae6984eaf1b1676091b8,gx-no-cache=1520969029926 HTTP/1.1" 200 30
200.86.95.220 - - [13/Mar/2018:16:24:38 -0300] "GET /cormun/servlet/permisogoce?351cab5572fb8400f4a7fa438996134244104ef01eb3162a00a89f84217607c75534216b3ef60521f30d5304a6923bef641e830ae61e9c3f3c6a4aa166ee6dc8,gx-no-cache=1520969030183 HTTP/1.1" 200 76
200.86.95.220 - - [13/Mar/2018:16:24:38 -0300] "GET /cormun/static/menuarrow.gif HTTP/1.1" 404 1015
200.86.95.220 - - [13/Mar/2018:16:24:45 -0300] "GET /cormun/servlet/permisogoce?351cab5572fb8400f4a7fa43899613429ec45f093ae5752868e2155eec2429cd02fb9ab5a4f83d0ef3d0fb6e6cacf03178f9301986dcdcb7a80079b7c6d449de,gx-no-cache=1520969036927 HTTP/1.1" 200 46
186.103.159.189 - - [13/Mar/2018:16:24:55 -0300] "POST /cormun/servlet/solicitudot?gx-no-cache=1520969046881 HTTP/1.1" 200 1317
186.103.159.189 - - [13/Mar/2018:16:24:55 -0300] "POST /cormun/servlet/solicitudot?gx-no-cache=1520969046969 HTTP/1.1" 200 1218
186.103.159.189 - - [13/Mar/2018:16:24:55 -0300] "POST /cormun/servlet/solicitudot?gx-no-cache=1520969047036 HTTP/1.1" 200 33
186.103.157.42 - - [13/Mar/2018:16:25:09 -0300] "POST /cormun/servlet/trsolicitudot?e7ddba21f43a9dd1599282cfff5085e9,,gx-no-cache=1520968806918 HTTP/1.1" 200 4644
186.103.157.42 - - [13/Mar/2018:16:25:10 -0300] "POST /cormun/servlet/trsolicitudot?e7ddba21f43a9dd1599282cfff5085e9,,gx-no-cache=1520968807143 HTTP/1.1" 200 4448
186.103.159.189 - - [13/Mar/2018:16:25:12 -0300] "POST /cormun/servlet/solicitudot?8415415eab9b964ee9fa7f6987dccbac,INS,0,0,,gx-no-cache=1520969064277 HTTP/1.1" 200 93
186.103.159.189 - - [13/Mar/2018:16:25:12 -0300] "GET /cormun/servlet/hpexe_return? HTTP/1.1" 200 1005
186.103.159.189 - - [13/Mar/2018:16:25:13 -0300] "GET /cormun/servlet/trsolicitudot HTTP/1.1" 200 9033
186.103.159.189 - - [13/Mar/2018:16:25:14 -0300] "GET /cormun/servlet/trsolicitudot HTTP/1.1" 200 9029
186.103.157.42 - - [13/Mar/2018:16:25:18 -0300] "GET /cormun/servlet/trsolicitudot? HTTP/1.1" 200 7469
186.103.157.42 - - [13/Mar/2018:16:25:18 -0300] "GET /cormun/servlet/trsolicitudot? HTTP/1.1" 200 7469
186.103.157.42 - - [13/Mar/2018:16:25:29 -0300] "GET /cormun/servlet/solicitudot?INS,0,0, HTTP/1.1" 200 13698
186.103.157.42 - - [13/Mar/2018:16:25:30 -0300] "GET /cormun/servlet/solicitudot?INS,0,0, HTTP/1.1" 200 13703
186.103.157.42 - - [13/Mar/2018:16:25:45 -0300] "POST /cormun/servlet/solicitudot?gx-no-cache=1520968843072 HTTP/1.1" 200 3388
186.103.157.42 - - [13/Mar/2018:16:25:46 -0300] "POST /cormun/servlet/solicitudot?e7ddba21f43a9dd1599282cfff5085e9,INS,0,0,,gx-no-cache=1520968843216 HTTP/1.1" 200 10497
192.168.10.96 - - [13/Mar/2018:16:25:50 -0300] "POST /cormun/servlet/trsolicitudgral?2017393583856da9e50af9554cf7fc29,,gx-no-cache=1520968973896 HTTP/1.1" 200 27046
186.103.157.42 - - [13/Mar/2018:16:25:59 -0300] "GET /cormun/servlet/solicitudot?225e187bf8b7d65d122f9a536ab37016f91a13f83fd94cdeea286381573b20397a49780fbb651851e1249d916fe82e4d,gx-no-cache=1520968856555 HTTP/1.1" 200 30
186.103.157.42 - - [13/Mar/2018:16:25:59 -0300] "GET /cormun/servlet/solicitudot?225e187bf8b7d65d122f9a536ab37016fd7d503d99dcce9b4b50ebc0e30330192d2f3a7dbe308e58898fd7dc7e4868c4fb39928db386d5897b6996b7129318c8,gx-no-cache=1520968856607 HTTP/1.1" 200 30
186.103.157.42 - - [13/Mar/2018:16:25:59 -0300] "GET /cormun/servlet/solicitudot?225e187bf8b7d65d122f9a536ab3701647b6d5231f8a140830722c06c7086566,gx-no-cache=1520968856637 HTTP/1.1" 200 53
186.103.157.42 - - [13/Mar/2018:16:25:59 -0300] "POST /cormun/servlet/solicitudot?gx-no-cache=1520968856668 HTTP/1.1" 200 240
186.103.157.42 - - [13/Mar/2018:16:25:59 -0300] "GET /cormun/servlet/solicitudot?225e187bf8b7d65d122f9a536ab37016b6c995305a44f67de82bdd1c48f7fec1a8b6a42e48f840a6036758e8bed483ebe91ddb09342388c9c14bfea77142b501213ae1742d14e7bf04336025e857e46d7e72c9d0ea7fe50b2851e758b4038309bbc1b75cf5e79f1add90ee0da2b337fc2936ffed3b83bb82be607daf2a20afdca08cf9c780ca83f7951447f10b1fea7c7646d23cc06c8bb88b3f68f10686eb79ff1f99befac2b57c30f049edb7688ce8423342b1d167a86bb523b6cbdb0cdd36f451d6ce8ab928b591269ce0be8a3dd6c0826c2fa4ddcdd4c7f28a3b0ae32de8bb1f632e948a462cfde608131ba29b3027b5c51013129306bc7354837addc06ce5dc5fe081aff5d92e44cbd07112b0d0045584206adcb0fa5f75bef076258c093f40dba30dae345704b712044954ae671972bf6c3afa173cf003dae24be1946739b815c57327fb0202d0a0ae5518b363cf1925856e0a8482c0cf6e921f66245ab4ce2aa39dbb749a6c296799ea56430dfc4f9f27ef99a4be9b596a75e39acac3,gx-no-cache=1520968856711 HTTP/1.1" 200 30
186.103.157.42 - - [13/Mar/2018:16:26:01 -0300] "POST /cormun/servlet/solicitudot?gx-no-cache=1520968858843 HTTP/1.1" 200 30
192.168.10.96 - - [13/Mar/2018:16:26:03 -0300] "POST /cormun/servlet/trsolicitudgral?2017393583856da9e50af9554cf7fc29,,gx-no-cache=1520968999611 HTTP/1.1" 200 7602
186.103.159.189 - - [13/Mar/2018:16:26:05 -0300] "GET /cormun/servlet/solicitudot?INS,0,0, HTTP/1.1" 200 13427
186.103.157.42 - - [13/Mar/2018:16:26:06 -0300] "POST /cormun/servlet/solicitudot?gx-no-cache=1520968863193 HTTP/1.1" 200 1336
186.103.157.42 - - [13/Mar/2018:16:26:06 -0300] "POST /cormun/servlet/solicitudot?gx-no-cache=1520968863246 HTTP/1.1" 200 38
192.168.10.96 - - [13/Mar/2018:16:26:07 -0300] "GET /cormun/servlet/vesolicitudgral?2018,8390,, HTTP/1.1" 200 9279
192.168.10.96 - - [13/Mar/2018:16:26:07 -0300] "GET /cormun/pexe_scrolldiv.js HTTP/1.1" 404 1009
192.168.10.96 - - [13/Mar/2018:16:26:07 -0300] "GET /cormun/pexe_scrolldiv.js HTTP/1.1" 404 1009
186.103.159.189 - - [13/Mar/2018:16:26:07 -0300] "GET /cormun/servlet/solicitudot?INS,0,0, HTTP/1.1" 200 13432
192.168.10.96 - - [13/Mar/2018:16:26:07 -0300] "GET /cormun/servlet/vesolicitudgral?2018,8390,, HTTP/1.1" 200 9279
192.168.10.96 - - [13/Mar/2018:16:26:09 -0300] "GET /cormun/servlet/vesolicitudgral?2018,8390,,SolicitudOTAdjuntos HTTP/1.1" 200 11293
192.168.10.96 - - [13/Mar/2018:16:26:09 -0300] "GET /cormun/pexe_scrolldiv.js HTTP/1.1" 404 1009
192.168.10.96 - - [13/Mar/2018:16:26:09 -0300] "GET /cormun/pexe_scrolldiv.js HTTP/1.1" 404 1009
192.168.10.96 - - [13/Mar/2018:16:26:10 -0300] "GET /cormun/servlet/vesolicitudgral?2018,8390,,SolicitudOTAdjuntos HTTP/1.1" 200 11293
192.168.10.96 - - [13/Mar/2018:16:26:10 -0300] "POST /cormun/servlet/acontrolpreferencessavestate?None,DZAMUDIO,true HTTP/1.1" 200 35
192.168.10.96 - - [13/Mar/2018:16:26:13 -0300] "GET /cormun/PublicTempStorage/c._tit._e._jerez9258204.pdf HTTP/1.1" 200 198253
186.103.159.189 - - [13/Mar/2018:16:26:17 -0300] "GET /cormun/servlet/prfichaempleado?,MD,,gxPopupLevel%3D0%3B HTTP/1.1" 200 9326
192.168.10.96 - - [13/Mar/2018:16:26:17 -0300] "GET /cormun/servlet/vesolicitudgral?2018,8390,,SolicitudOTAdjuntos HTTP/1.1" 200 11290
192.168.10.96 - - [13/Mar/2018:16:26:18 -0300] "GET /cormun/servlet/vesolicitudgral?2018,8390,,SolicitudOTAdjuntos HTTP/1.1" 200 11291
192.168.10.96 - - [13/Mar/2018:16:26:19 -0300] "POST /cormun/servlet/acontrolpreferencessavestate?None,DZAMUDIO,true HTTP/1.1" 200 35
186.103.157.42 - - [13/Mar/2018:16:26:19 -0300] "GET /cormun/servlet/solicitudot?225e187bf8b7d65d122f9a536ab370164b747eb53d0e04eeccd1264a32423f45244b64948331614d5dc093d573a2a4aae64459364f42036f979cfbc57b14d2954b7d93b7fa365c4268ac91d45bcaa02a40a1e1cf74af90ec2bd5e79f89c21de6271fad0564df259468e032684413bdf7,gx-no-cache=1520968876376 HTTP/1.1" 200 29
186.103.157.42 - - [13/Mar/2018:16:26:19 -0300] "POST /cormun/servlet/solicitudot?gx-no-cache=1520968876402 HTTP/1.1" 200 1318
186.103.157.42 - - [13/Mar/2018:16:26:19 -0300] "POST /cormun/servlet/solicitudot?gx-no-cache=1520968876444 HTTP/1.1" 200 1218
186.103.157.42 - - [13/Mar/2018:16:26:19 -0300] "GET /cormun/static/menuarrow.gif HTTP/1.1" 404 1015
200.86.95.220 - - [13/Mar/2018:16:26:21 -0300] "POST /cormun/servlet/permisogoce?79c1319b2bd3cdccbdeb629805747d30,INS,0,,,,gx-no-cache=1520969133155 HTTP/1.1" 200 93
200.86.95.220 - - [13/Mar/2018:16:26:21 -0300] "GET /cormun/servlet/hpexe_return? HTTP/1.1" 200 1014
200.86.95.220 - - [13/Mar/2018:16:26:22 -0300] "GET /cormun/servlet/trpermisosgoce HTTP/1.1" 200 8588
192.168.10.96 - - [13/Mar/2018:16:26:22 -0300] "GET /cormun/PublicTempStorage/c._tit._e._jerez345486.pdf HTTP/1.1" 200 198253
200.86.95.220 - - [13/Mar/2018:16:26:23 -0300] "GET /cormun/servlet/trpermisosgoce HTTP/1.1" 200 8584
186.103.157.42 - - [13/Mar/2018:16:26:23 -0300] "POST /cormun/servlet/solicitudot?gx-no-cache=1520968880841 HTTP/1.1" 200 1318
186.103.157.42 - - [13/Mar/2018:16:26:23 -0300] "POST /cormun/servlet/solicitudot?gx-no-cache=1520968880883 HTTP/1.1" 200 1218
186.103.159.189 - - [13/Mar/2018:16:26:26 -0300] "POST /cormun/servlet/prfichaempleado?8415415eab9b964ee9fa7f6987dccbac,,MD,,gxPopupLevel%3D0%3B,gx-no-cache=1520969137807 HTTP/1.1" 200 3471
192.168.10.96 - - [13/Mar/2018:16:26:27 -0300] "GET /cormun/servlet/vesolicitudgral?2018,8390,,SolicitudOTAdjuntos HTTP/1.1" 200 11290
192.168.10.96 - - [13/Mar/2018:16:26:27 -0300] "GET /cormun/servlet/vesolicitudgral?2018,8390,,SolicitudOTAdjuntos HTTP/1.1" 200 11294
192.168.10.96 - - [13/Mar/2018:16:26:28 -0300] "POST /cormun/servlet/acontrolpreferencessavestate?None,DZAMUDIO,true HTTP/1.1" 200 35
192.168.10.96 - - [13/Mar/2018:16:26:31 -0300] "GET /cormun/PublicTempStorage/c._tit._e._jerez5069846.pdf HTTP/1.1" 200 198253
200.86.95.220 - - [13/Mar/2018:16:26:34 -0300] "GET /cormun/servlet/apermisogoceprn?16846320,P,20180313162138,PU HTTP/1.1" 200 1654
192.168.10.96 - - [13/Mar/2018:16:26:36 -0300] "GET /cormun/servlet/vesolicitudgral?2018,8390,,SolicitudOTAdjuntos HTTP/1.1" 200 11293
192.168.10.96 - - [13/Mar/2018:16:26:37 -0300] "GET /cormun/servlet/vesolicitudgral?2018,8390,,SolicitudOTAdjuntos HTTP/1.1" 200 11292
192.168.10.96 - - [13/Mar/2018:16:26:37 -0300] "POST /cormun/servlet/acontrolpreferencessavestate?None,DZAMUDIO,true HTTP/1.1" 200 35
200.54.247.70 - - [13/Mar/2018:16:26:38 -0300] "GET /cormun/servlet/hlogin HTTP/1.1" 200 1723
200.54.247.70 - - [13/Mar/2018:16:26:39 -0300] "GET /cormun/static/gxtimezone.js?85251 HTTP/1.1" 304 -
200.54.247.70 - - [13/Mar/2018:16:26:39 -0300] "GET /cormun/static/gxgral.js?85251 HTTP/1.1" 304 -
200.54.247.70 - - [13/Mar/2018:16:26:39 -0300] "GET /cormun/static/gxcfg.js?20175251213516 HTTP/1.1" 304 -
200.54.247.70 - - [13/Mar/2018:16:26:39 -0300] "GET /cormun/static/Resources/ComunLogin.png HTTP/1.1" 304 -
200.54.247.70 - - [13/Mar/2018:16:26:39 -0300] "GET /cormun/static/hlogin.js?20175251213537 HTTP/1.1" 304 -
200.54.247.70 - - [13/Mar/2018:16:26:39 -0300] "GET /cormun/static/messages.spa.js?85251 HTTP/1.1" 304 -
200.54.247.70 - - [13/Mar/2018:16:26:39 -0300] "GET /cormun/static/Resources/Spanish/PXTools.css?11423723 HTTP/1.1" 304 -
200.54.247.70 - - [13/Mar/2018:16:26:39 -0300] "GET /cormun/static/Resources/indicator.gif HTTP/1.1" 304 -
200.54.247.70 - - [13/Mar/2018:16:26:48 -0300] "POST /cormun/servlet/hlogin?420c7feea0145689a5f785e457380a53,gx-no-cache=1520969158425 HTTP/1.1" 200 90
200.54.247.70 - - [13/Mar/2018:16:26:48 -0300] "GET /cormun/servlet/hpexe_link HTTP/1.1" 200 954
200.54.247.70 - - [13/Mar/2018:16:26:48 -0300] "GET /cormun/servlet/hhome HTTP/1.1" 200 4238
200.54.247.70 - - [13/Mar/2018:16:26:52 -0300] "GET /cormun/servlet/trsolicitudot? HTTP/1.1" 200 7453
200.54.247.70 - - [13/Mar/2018:16:26:55 -0300] "GET /cormun/servlet/solicitudot?INS,0,0, HTTP/1.1" 200 13679
200.54.247.70 - - [13/Mar/2018:16:27:11 -0300] "POST /cormun/servlet/solicitudot?gx-no-cache=1520969181066 HTTP/1.1" 200 3284
200.54.247.70 - - [13/Mar/2018:16:27:11 -0300] "POST /cormun/servlet/solicitudot?420c7feea0145689a5f785e457380a53,INS,0,0,,gx-no-cache=1520969181294 HTTP/1.1" 200 10443
200.86.95.220 - - [13/Mar/2018:16:27:13 -0300] "GET /cormun/servlet/trsolicitudot? HTTP/1.1" 200 8581
200.86.95.220 - - [13/Mar/2018:16:27:14 -0300] "GET /cormun/servlet/trsolicitudot? HTTP/1.1" 200 8581
200.54.247.70 - - [13/Mar/2018:16:27:15 -0300] "GET /cormun/servlet/solicitudot?ac846346b59af4de49fda642af4fad6748cbf748a61db54f089bf8557eb7b7f5ceadcd387f728cdd05d62405c0061224,gx-no-cache=1520969185086 HTTP/1.1" 200 111
200.54.247.70 - - [13/Mar/2018:16:27:15 -0300] "GET /cormun/static/Shared/jqueryui/images/ui-icons_82798d_256x240.png HTTP/1.1" 404 1089
200.54.247.70 - - [13/Mar/2018:16:27:15 -0300] "GET /cormun/static/Shared/jqueryui/images/ui-bg_highlight-soft_100_c6c2c8_1x100.png HTTP/1.1" 404 1117
200.54.247.70 - - [13/Mar/2018:16:27:15 -0300] "GET /cormun/static/Shared/jqueryui/images/ui-bg_flat_55_994d53_40x100.png HTTP/1.1" 404 1097
200.54.247.70 - - [13/Mar/2018:16:27:15 -0300] "GET /cormun/static/Shared/jqueryui/images/ui-icons_ebccce_256x240.png HTTP/1.1" 404 1089
186.103.159.189 - - [13/Mar/2018:16:27:16 -0300] "POST /cormun/servlet/solicitudot?gx-no-cache=1520969187650 HTTP/1.1" 200 3402
186.103.159.189 - - [13/Mar/2018:16:27:16 -0300] "POST /cormun/servlet/solicitudot?8415415eab9b964ee9fa7f6987dccbac,INS,0,0,,gx-no-cache=1520969188136 HTTP/1.1" 200 10380
186.103.159.189 - - [13/Mar/2018:16:27:19 -0300] "GET /cormun/servlet/solicitudot?953f1169056de5b28a937845d252cf887dbf110f4ff40657741477c816db1c0f046ef785d9f3e25c44045087bf88e6c2,gx-no-cache=1520969191167 HTTP/1.1" 200 30
186.103.159.189 - - [13/Mar/2018:16:27:19 -0300] "GET /cormun/servlet/solicitudot?953f1169056de5b28a937845d252cf88311daa54326313a2a8edc1cf5431b4246998d5cfaf137b2397ac6e6013394cecab4b9e6be083e4a58a829820eecd95c2,gx-no-cache=1520969191236 HTTP/1.1" 200 30
186.103.159.189 - - [13/Mar/2018:16:27:19 -0300] "GET /cormun/servlet/solicitudot?953f1169056de5b28a937845d252cf88ff488cfcedb95a5ec08f7964080fba8b,gx-no-cache=1520969191275 HTTP/1.1" 200 53
186.103.159.189 - - [13/Mar/2018:16:27:19 -0300] "POST /cormun/servlet/solicitudot?gx-no-cache=1520969191317 HTTP/1.1" 200 297
186.103.159.189 - - [13/Mar/2018:16:27:19 -0300] "GET /cormun/servlet/solicitudot?953f1169056de5b28a937845d252cf886e92f6c596ad9c3cd831f263f7ef247bd4e3e0b058365f0d91debaad462294e0a124ee85c54f3512f1f34ce258370b4bfeaa9d7f232457c50d719c80f300dc96d877d38c190955d0f4215b21d16ce5844818f8ab144a03ba49cfda8aa9d867226d806bea390e2b3810b09b08ef61dbf5ee9ce2b9d89dcdbeef270ba458fe028ebabdd6ba2dc8700f6d7669d06738a11dcd0b840716003c49d1909b2e2e87f88b7af86b40960b79d17d0770fd59f510793636f53f499b8cb881d9a03b21e609f2935a9dc6c5aee9fd23b385c110363fe059f3ac610ec12a06520aa579e0d766a30bb5b488adb6812951b5223aa3d22ae44a1e1d165d9efbbb4901b8888696f61b09475e68f8ffbe1653e0864fd066bdcb364ebdea53e03944174db5bdf399d987a16e251c260e7cf19b55c030f23a37b4855d822f547faf781290129eff993123662341d9c86a3065902f61fdcb71f20b7ae1922a5836338d723f227ba0040cdde9efbeb3461e1484d4026bc6b8506439c948553878f0602b56b7699ad4cfac92,gx-no-cache=1520969191383 HTTP/1.1" 200 30
200.86.95.220 - - [13/Mar/2018:16:27:20 -0300] "GET /cormun/servlet/solicitudot?INS,0,0, HTTP/1.1" 200 13398
200.86.95.220 - - [13/Mar/2018:16:27:21 -0300] "GET /cormun/servlet/solicitudot?INS,0,0, HTTP/1.1" 200 13403
186.103.159.189 - - [13/Mar/2018:16:27:23 -0300] "POST /cormun/servlet/solicitudot?gx-no-cache=1520969195717 HTTP/1.1" 200 30
186.103.159.189 - - [13/Mar/2018:16:27:27 -0300] "GET /cormun/servlet/prcontratosol?16884573,,,,,MD,,gxPopupLevel%3D0%3B HTTP/1.1" 200 8601
186.103.157.42 - - [13/Mar/2018:16:27:27 -0300] "POST /cormun/servlet/solicitudot?gx-no-cache=1520968945013 HTTP/1.1" 200 1318
186.103.157.42 - - [13/Mar/2018:16:27:27 -0300] "POST /cormun/servlet/solicitudot?gx-no-cache=1520968945072 HTTP/1.1" 200 1218
186.103.157.42 - - [13/Mar/2018:16:27:27 -0300] "GET /cormun/servlet/solicitudot?225e187bf8b7d65d122f9a536ab370165317f3d378ee3a87bfa7cc4e170d00acaefc29fd2d3fa962d8935f37b26ddd3f,gx-no-cache=1520968945110 HTTP/1.1" 200 30
186.103.157.42 - - [13/Mar/2018:16:27:30 -0300] "POST /cormun/servlet/solicitudot?gx-no-cache=1520968947213 HTTP/1.1" 200 1318
186.103.157.42 - - [13/Mar/2018:16:27:30 -0300] "POST /cormun/servlet/solicitudot?gx-no-cache=1520968947253 HTTP/1.1" 200 1218
186.103.157.42 - - [13/Mar/2018:16:27:33 -0300] "POST /cormun/servlet/solicitudot?gx-no-cache=1520968950588 HTTP/1.1" 200 30
200.54.247.70 - - [13/Mar/2018:16:27:34 -0300] "POST /cormun/servlet/solicitudot?gx-no-cache=1520969204444 HTTP/1.1" 200 3286
200.54.247.70 - - [13/Mar/2018:16:27:34 -0300] "POST /cormun/servlet/solicitudot?420c7feea0145689a5f785e457380a53,INS,0,0,,gx-no-cache=1520969204628 HTTP/1.1" 200 10498
200.54.247.70 - - [13/Mar/2018:16:27:35 -0300] "GET /cormun/servlet/solicitudot?ac846346b59af4de49fda642af4fad67ed6bbd3167b86f3d3394c24151932196ceadcd387f728cdd05d62405c0061224,gx-no-cache=1520969204877 HTTP/1.1" 200 30
186.103.159.189 - - [13/Mar/2018:16:27:40 -0300] "POST /cormun/servlet/solicitudot?gx-no-cache=1520969212155 HTTP/1.1" 200 1336
186.103.159.189 - - [13/Mar/2018:16:27:40 -0300] "POST /cormun/servlet/solicitudot?gx-no-cache=1520969212250 HTTP/1.1" 200 38
186.103.159.189 - - [13/Mar/2018:16:27:40 -0300] "GET /cormun/servlet/solicitudot?953f1169056de5b28a937845d252cf88948602e7e10a60b8e8a4728d3528b4bf5276916cc6d4b92943cda8f045815f0330c81937c53db01dfa1fb4efb559aa0cb4b4691307789550082457d1a96595e3df4d889b1af712132d19972a38be369d60d1ec82d49ff9603631f0c362439fc6,gx-no-cache=1520969212293 HTTP/1.1" 200 29
186.103.159.189 - - [13/Mar/2018:16:27:40 -0300] "POST /cormun/servlet/solicitudot?gx-no-cache=1520969212332 HTTP/1.1" 200 1319
186.103.159.189 - - [13/Mar/2018:16:27:40 -0300] "POST /cormun/servlet/solicitudot?gx-no-cache=1520969212389 HTTP/1.1" 200 1218
186.103.159.189 - - [13/Mar/2018:16:27:40 -0300] "GET /cormun/servlet/solicitudot?953f1169056de5b28a937845d252cf88a7ffeefc2bf6caf82447197d958801e1a0fd3d75e81aae6984eaf1b1676091b8,gx-no-cache=1520969212442 HTTP/1.1" 200 30
186.103.157.42 - - [13/Mar/2018:16:27:42 -0300] "POST /cormun/servlet/solicitudot?e7ddba21f43a9dd1599282cfff5085e9,INS,0,0,,gx-no-cache=1520968959629 HTTP/1.1" 200 93
186.103.157.42 - - [13/Mar/2018:16:27:42 -0300] "GET /cormun/servlet/hpexe_return? HTTP/1.1" 200 1003
186.103.157.42 - - [13/Mar/2018:16:27:43 -0300] "GET /cormun/servlet/trsolicitudot HTTP/1.1" 200 8825
186.103.157.42 - - [13/Mar/2018:16:27:43 -0300] "GET /cormun/servlet/trsolicitudot HTTP/1.1" 200 8821
200.86.95.220 - - [13/Mar/2018:16:27:49 -0300] "POST /cormun/servlet/solicitudot?gx-no-cache=1520969221373 HTTP/1.1" 200 3416
200.86.95.220 - - [13/Mar/2018:16:27:50 -0300] "POST /cormun/servlet/solicitudot?79c1319b2bd3cdccbdeb629805747d30,INS,0,0,,gx-no-cache=1520969221672 HTTP/1.1" 200 10396
200.86.95.220 - - [13/Mar/2018:16:27:55 -0300] "GET /cormun/servlet/solicitudot?fec05dd1aff439c3e0081664a2519ca0aa185c6b8bd7fbdca7c44ea57a1e6d6aa90936586aeae536f24b0809e90ede84,gx-no-cache=1520969226878 HTTP/1.1" 200 30
200.86.95.220 - - [13/Mar/2018:16:27:55 -0300] "GET /cormun/servlet/solicitudot?fec05dd1aff439c3e0081664a2519ca037b829543b09e5735622f2b5477278dc53f0af8a885766abff5766ca6033d367b3f56417435bdd96bf5547acae73a4dc,gx-no-cache=1520969226958 HTTP/1.1" 200 30
200.86.95.220 - - [13/Mar/2018:16:27:55 -0300] "GET /cormun/servlet/solicitudot?fec05dd1aff439c3e0081664a2519ca0aa500fbeaad925e5a43b3e5e1a015534,gx-no-cache=1520969227020 HTTP/1.1" 200 53
200.86.95.220 - - [13/Mar/2018:16:27:55 -0300] "POST /cormun/servlet/solicitudot?gx-no-cache=1520969227216 HTTP/1.1" 200 297
200.86.95.220 - - [13/Mar/2018:16:27:55 -0300] "GET /cormun/servlet/solicitudot?fec05dd1aff439c3e0081664a2519ca062c4a0210d1d45c51070fc328c8ede3e907a881aaccb9bc8b98fac2ead59e16fb431de6f6d1ff95fbd5236eef9809ac9932ab98b500c1caf3ce5d839382c5d53ee8e23e1dc527bc75d37f34deaedab6469dc3ff3385bb4f9941b6ab49313555b30ee358d2db8a75472efacb42c89f47d40f2f35d0e8b26df3edf8551488377ad20c38a1262b2c5f2be30d87abf84f0699a23243d440b77884007422f2135ccd836756e7a0795623125c1be23366343f04f444a298dbbf045959f1611f8918face753be955f5c34d3522258163fc36ef04b25b4e442c2625d94c14833b798844feabfe6fd827d2894045d9b9641584611ae68a13f01140230dc91499586b7eff31db0a10dda46bbdda06fddca0e27fda28e43f63603b1aa7179806e6b68a5810c000ec8b75dbfc7f55943b41fbdd72692491214741669806dc0618caf8a47d3ad45e15719582dcbf1112e9e1f728533cbb8dff379b562b9d5658d770152d0f35e67cbcce5e6643105defe3eaf80ff50df641e830ae61e9c3f3c6a4aa166ee6dc8,gx-no-cache=1520969227290 HTTP/1.1" 200 30
186.103.157.42 - - [13/Mar/2018:16:27:55 -0300] "GET /cormun/servlet/solicitudot?INS,0,0, HTTP/1.1" 200 13698
186.103.157.42 - - [13/Mar/2018:16:27:56 -0300] "GET /cormun/servlet/solicitudot?INS,0,0, HTTP/1.1" 200 13703
200.86.95.220 - - [13/Mar/2018:16:27:58 -0300] "POST /cormun/servlet/solicitudot?gx-no-cache=1520969229824 HTTP/1.1" 200 30
186.103.159.189 - - [13/Mar/2018:16:27:58 -0300] "POST /cormun/servlet/solicitudot?gx-no-cache=1520969230194 HTTP/1.1" 200 1318
186.103.159.189 - - [13/Mar/2018:16:27:58 -0300] "POST /cormun/servlet/solicitudot?gx-no-cache=1520969230288 HTTP/1.1" 200 1218
186.103.159.189 - - [13/Mar/2018:16:27:58 -0300] "POST /cormun/servlet/solicitudot?gx-no-cache=1520969230354 HTTP/1.1" 200 33
200.86.95.220 - - [13/Mar/2018:16:28:06 -0300] "POST /cormun/servlet/solicitudot?gx-no-cache=1520969237990 HTTP/1.1" 200 1336
200.86.95.220 - - [13/Mar/2018:16:28:06 -0300] "POST /cormun/servlet/solicitudot?gx-no-cache=1520969238112 HTTP/1.1" 200 38
186.103.159.189 - - [13/Mar/2018:16:28:15 -0300] "POST /cormun/servlet/solicitudot?8415415eab9b964ee9fa7f6987dccbac,INS,0,0,,gx-no-cache=1520969246384 HTTP/1.1" 200 11800
186.103.159.189 - - [13/Mar/2018:16:28:15 -0300] "GET /cormun/static/Shared/jqueryui/images/ui-bg_highlight-soft_100_c6c2c8_1x100.png HTTP/1.1" 404 1117
186.103.159.189 - - [13/Mar/2018:16:28:15 -0300] "GET /cormun/static/Shared/jqueryui/images/ui-icons_82798d_256x240.png HTTP/1.1" 404 1089
186.103.159.189 - - [13/Mar/2018:16:28:15 -0300] "GET /cormun/static/Shared/jqueryui/images/ui-bg_flat_55_994d53_40x100.png HTTP/1.1" 404 1097
186.103.159.189 - - [13/Mar/2018:16:28:15 -0300] "GET /cormun/static/Shared/jqueryui/images/ui-icons_ebccce_256x240.png HTTP/1.1" 404 1089
186.103.159.189 - - [13/Mar/2018:16:28:27 -0300] "POST /cormun/servlet/solicitudot?gx-no-cache=1520969258884 HTTP/1.1" 200 297
186.103.159.189 - - [13/Mar/2018:16:28:27 -0300] "GET /cormun/servlet/solicitudot?953f1169056de5b28a937845d252cf886e92f6c596ad9c3cd831f263f7ef247bd4e3e0b058365f0d91debaad462294e0a124ee85c54f3512f1f34ce258370b4bfeaa9d7f232457c50d719c80f300dc96d877d38c190955d0f4215b21d16ce5844818f8ab144a03ba49cfda8aa9d867226d806bea390e2b3810b09b08ef61dbf5ee9ce2b9d89dcdbeef270ba458fe028ebabdd6ba2dc8700f6d7669d06738a11dcd0b840716003c49d1909b2e2e87f88b7af86b40960b79d17d0770fd59f510793636f53f499b8cb881d9a03b21e609f2935a9dc6c5aee9fd23b385c110363fe059f3ac610ec12a06520aa579e0d766a30bb5b488adb6812951b5223aa3d22ae44a1e1d165d9efbbb4901b8888696f61b09475e68f8ffbe1653e0864fd066bdcb364ebdea53e03944174db5bdf399d987a16e251c260e7cf19b55c030f23a37b4855d822f547faf781290129eff993123662341d9c86a3065902f61fdcb71f20b7ae1922a5836338d723f227ba0040cdd8641915d2a25b5dde0506ec230e64c87c948553878f0602b56b7699ad4cfac92,gx-no-cache=1520969258961 HTTP/1.1" 200 30
186.103.159.189 - - [13/Mar/2018:16:28:27 -0300] "POST /cormun/servlet/solicitudot?gx-no-cache=1520969259323 HTTP/1.1" 200 30
186.103.159.189 - - [13/Mar/2018:16:28:27 -0300] "POST /cormun/servlet/solicitudot?gx-no-cache=1520969259376 HTTP/1.1" 200 1335
186.103.159.189 - - [13/Mar/2018:16:28:27 -0300] "POST /cormun/servlet/solicitudot?gx-no-cache=1520969259483 HTTP/1.1" 200 41
186.103.159.189 - - [13/Mar/2018:16:28:27 -0300] "POST /cormun/servlet/solicitudot?gx-no-cache=1520969259536 HTTP/1.1" 200 1318
186.103.159.189 - - [13/Mar/2018:16:28:27 -0300] "POST /cormun/servlet/solicitudot?gx-no-cache=1520969259627 HTTP/1.1" 200 1218
186.103.159.189 - - [13/Mar/2018:16:28:27 -0300] "GET /cormun/servlet/solicitudot?953f1169056de5b28a937845d252cf88a7ffeefc2bf6caf82447197d958801e1a0fd3d75e81aae6984eaf1b1676091b8,gx-no-cache=1520969259682 HTTP/1.1" 200 30
186.103.159.189 - - [13/Mar/2018:16:28:27 -0300] "POST /cormun/servlet/solicitudot?gx-no-cache=1520969259723 HTTP/1.1" 200 33
186.103.159.189 - - [13/Mar/2018:16:28:28 -0300] "POST /cormun/servlet/solicitudot?8415415eab9b964ee9fa7f6987dccbac,INS,0,0,,gx-no-cache=1520969259837 HTTP/1.1" 200 93
186.103.159.189 - - [13/Mar/2018:16:28:28 -0300] "GET /cormun/servlet/hpexe_return? HTTP/1.1" 200 1005
186.103.159.189 - - [13/Mar/2018:16:28:28 -0300] "GET /cormun/servlet/trsolicitudot HTTP/1.1" 200 9402
186.103.159.189 - - [13/Mar/2018:16:28:30 -0300] "GET /cormun/servlet/trsolicitudot HTTP/1.1" 200 9399
186.103.159.189 - - [13/Mar/2018:16:28:50 -0300] "GET /cormun/servlet/solicitudot?INS,0,0, HTTP/1.1" 200 13427
186.103.159.189 - - [13/Mar/2018:16:28:51 -0300] "GET /cormun/servlet/solicitudot?INS,0,0, HTTP/1.1" 200 13432
200.54.247.70 - - [13/Mar/2018:16:29:03 -0300] "GET /cormun/servlet/prbanco?,MD,,gxPopupLevel%3D0%3B HTTP/1.1" 200 6679
186.103.159.189 - - [13/Mar/2018:16:29:07 -0300] "POST /cormun/servlet/solicitudot?gx-no-cache=1520969299175 HTTP/1.1" 200 3284
186.103.159.189 - - [13/Mar/2018:16:29:07 -0300] "POST /cormun/servlet/solicitudot?8415415eab9b964ee9fa7f6987dccbac,INS,0,0,,gx-no-cache=1520969299368 HTTP/1.1" 200 10247
200.54.247.70 - - [13/Mar/2018:16:29:08 -0300] "GET /cormun/servlet/solicitudot?ac846346b59af4de49fda642af4fad67f9381dfd886d0a54f65f7986507e49f7,gx-no-cache=1520969298235 HTTP/1.1" 200 94
200.86.95.220 - - [13/Mar/2018:16:29:13 -0300] "GET /cormun/servlet/solicitudot?fec05dd1aff439c3e0081664a2519ca08a96d78b0d227361bf10184e5ee2e20a0c584f46d1990bfb52ec685b705f2e55b946ecf8e443d9720268a8f18df77a2cb1a8f7639683eb1ca11bc8512f0aaa301176d11e2bbd5ed20001a25dd80fa92d84d0ca040269ada270aa86ffcf456f8f,gx-no-cache=1520969305610 HTTP/1.1" 200 29
200.86.95.220 - - [13/Mar/2018:16:29:13 -0300] "POST /cormun/servlet/solicitudot?gx-no-cache=1520969305722 HTTP/1.1" 200 1318
200.86.95.220 - - [13/Mar/2018:16:29:14 -0300] "POST /cormun/servlet/solicitudot?gx-no-cache=1520969305798 HTTP/1.1" 200 1218
200.86.95.220 - - [13/Mar/2018:16:29:14 -0300] "GET /cormun/static/menuarrow.gif HTTP/1.1" 404 1015
200.86.95.220 - - [13/Mar/2018:16:29:15 -0300] "POST /cormun/servlet/solicitudot?gx-no-cache=1520969307218 HTTP/1.1" 200 1318
200.86.95.220 - - [13/Mar/2018:16:29:15 -0300] "POST /cormun/servlet/solicitudot?gx-no-cache=1520969307352 HTTP/1.1" 200 1218
200.86.95.220 - - [13/Mar/2018:16:29:19 -0300] "GET /cormun/servlet/solicitudot?fec05dd1aff439c3e0081664a2519ca08ad94d94c5c14e562061e75ece644420bf4862470a2e50063af37035b3d35acf,gx-no-cache=1520969311630 HTTP/1.1" 200 30
200.86.95.220 - - [13/Mar/2018:16:29:27 -0300] "POST /cormun/servlet/solicitudot?gx-no-cache=1520969318902 HTTP/1.1" 200 30
200.86.95.220 - - [13/Mar/2018:16:29:57 -0300] "POST /cormun/servlet/solicitudot?gx-no-cache=1520969348973 HTTP/1.1" 200 1318
186.103.157.42 - - [13/Mar/2018:16:29:57 -0300] "POST /cormun/servlet/solicitudot?gx-no-cache=1520969094476 HTTP/1.1" 200 3388
200.86.95.220 - - [13/Mar/2018:16:29:57 -0300] "POST /cormun/servlet/solicitudot?gx-no-cache=1520969349170 HTTP/1.1" 200 1218
200.86.95.220 - - [13/Mar/2018:16:29:57 -0300] "GET /cormun/servlet/solicitudot?fec05dd1aff439c3e0081664a2519ca08ad94d94c5c14e562061e75ece644420bf4862470a2e50063af37035b3d35acf,gx-no-cache=1520969349250 HTTP/1.1" 200 30
186.103.157.42 - - [13/Mar/2018:16:29:57 -0300] "POST /cormun/servlet/solicitudot?e7ddba21f43a9dd1599282cfff5085e9,INS,0,0,,gx-no-cache=1520969094677 HTTP/1.1" 200 10496
200.86.95.220 - - [13/Mar/2018:16:29:57 -0300] "POST /cormun/servlet/solicitudot?gx-no-cache=1520969349323 HTTP/1.1" 200 30
186.103.157.42 - - [13/Mar/2018:16:29:57 -0300] "GET /cormun/servlet/solicitudot?225e187bf8b7d65d122f9a536ab37016f91a13f83fd94cdeea286381573b20397a49780fbb651851e1249d916fe82e4d,gx-no-cache=1520969094869 HTTP/1.1" 200 30
200.86.95.220 - - [13/Mar/2018:16:29:57 -0300] "POST /cormun/servlet/solicitudot?79c1319b2bd3cdccbdeb629805747d30,INS,0,0,,gx-no-cache=1520969349432 HTTP/1.1" 200 93
200.86.95.220 - - [13/Mar/2018:16:29:57 -0300] "GET /cormun/servlet/hpexe_return? HTTP/1.1" 200 1011
200.86.95.220 - - [13/Mar/2018:16:29:58 -0300] "GET /cormun/servlet/trsolicitudot HTTP/1.1" 200 9097
200.86.95.220 - - [13/Mar/2018:16:29:59 -0300] "GET /cormun/servlet/trsolicitudot HTTP/1.1" 200 9093
186.103.157.42 - - [13/Mar/2018:16:30:05 -0300] "GET /cormun/servlet/solicitudot?225e187bf8b7d65d122f9a536ab37016fd7d503d99dcce9b4b50ebc0e30330192d2f3a7dbe308e58898fd7dc7e4868c4fb39928db386d5897b6996b7129318c8,gx-no-cache=1520969102841 HTTP/1.1" 200 30
186.103.157.42 - - [13/Mar/2018:16:30:05 -0300] "GET /cormun/servlet/solicitudot?225e187bf8b7d65d122f9a536ab3701647b6d5231f8a140830722c06c7086566,gx-no-cache=1520969102869 HTTP/1.1" 200 53
186.103.157.42 - - [13/Mar/2018:16:30:05 -0300] "POST /cormun/servlet/solicitudot?gx-no-cache=1520969102897 HTTP/1.1" 200 240
186.103.157.42 - - [13/Mar/2018:16:30:06 -0300] "GET /cormun/servlet/solicitudot?225e187bf8b7d65d122f9a536ab37016b6c995305a44f67de82bdd1c48f7fec1a8b6a42e48f840a6036758e8bed483ebe91ddb09342388c9c14bfea77142b501213ae1742d14e7bf04336025e857e46d7e72c9d0ea7fe50b2851e758b4038309bbc1b75cf5e79f1add90ee0da2b337fc2936ffed3b83bb82be607daf2a20afdca08cf9c780ca83f7951447f10b1fea7c7646d23cc06c8bb88b3f68f10686eb79ff1f99befac2b57c30f049edb7688ce8423342b1d167a86bb523b6cbdb0cdd36f451d6ce8ab928b591269ce0be8a3dd6c0826c2fa4ddcdd4c7f28a3b0ae32de8bb1f632e948a462cfde608131ba29b3027b5c51013129306bc7354837addc06ce5dc5fe081aff5d92e44cbd07112b0d0045584206adcb0fa5f75bef076258c093f40dba30dae345704b712044954ae671972bf6c3afa173cf003dae24be1946739b815c57327fb0202d0a0ae5518b363cf1925856e0a8482c0cf6e921f66245ab4ce2aa39dbb749a6c296799ea56430dfc4f9f27ef99a4be9b596a75e39acac3,gx-no-cache=1520969102943 HTTP/1.1" 200 30
186.103.157.42 - - [13/Mar/2018:16:30:17 -0300] "POST /cormun/servlet/solicitudot?gx-no-cache=1520969114886 HTTP/1.1" 200 30
200.54.247.70 - - [13/Mar/2018:16:30:27 -0300] "GET /cormun/static/Shared/jqueryui/images/ui-bg_highlight-soft_100_eae6ea_1x100.png HTTP/1.1" 404 1117
200.86.95.220 - - [13/Mar/2018:16:30:27 -0300] "POST /cormun/servlet/trsolicitudot?79c1319b2bd3cdccbdeb629805747d30,gx-no-cache=1520969379641 HTTP/1.1" 200 107
200.86.95.220 - - [13/Mar/2018:16:30:28 -0300] "GET /cormun/servlet/trsolicitudadjuntos?2018,10421, HTTP/1.1" 200 6057
200.86.95.220 - - [13/Mar/2018:16:30:29 -0300] "GET /cormun/servlet/trsolicitudadjuntos?2018,10421, HTTP/1.1" 200 6057
200.86.95.220 - - [13/Mar/2018:16:30:33 -0300] "GET /cormun/servlet/solicitudotadjuntos?INS,2018,10421,,1, HTTP/1.1" 200 6003
200.86.95.220 - - [13/Mar/2018:16:30:34 -0300] "GET /cormun/static/about:blank HTTP/1.1" 404 1011
200.86.95.220 - - [13/Mar/2018:16:30:34 -0300] "GET /cormun/servlet/solicitudotadjuntos?INS,2018,10421,,1, HTTP/1.1" 200 5996
200.86.95.220 - - [13/Mar/2018:16:30:35 -0300] "GET /cormun/servlet/solicitudotadjuntos?fec05dd1aff439c3e0081664a2519ca0703b31db93dfd816a589989c4181a0da0c4f56a1123dfca4178d3e74ccd07e00,gx-no-cache=1520969386929 HTTP/1.1" 200 30
200.86.95.220 - - [13/Mar/2018:16:30:35 -0300] "POST /cormun/servlet/solicitudotadjuntos?79c1319b2bd3cdccbdeb629805747d30,INS,2018,10421,,1,,gx-no-cache=1520969386988 HTTP/1.1" 200 3802
200.86.95.220 - - [13/Mar/2018:16:30:39 -0300] "POST /cormun/servlet/solicitudotadjuntos?gx-no-cache=1520969391115 HTTP/1.1" 200 26
186.103.157.42 - - [13/Mar/2018:16:30:41 -0300] "GET /cormun/servlet/trautorizarsolicitud? HTTP/1.1" 200 8735
186.103.157.42 - - [13/Mar/2018:16:30:42 -0300] "GET /cormun/servlet/trautorizarsolicitud? HTTP/1.1" 200 8730
200.86.95.220 - - [13/Mar/2018:16:30:45 -0300] "GET /cormun/servlet/solicitudotadjuntos?fec05dd1aff439c3e0081664a2519ca051cb7fe5edc59482af52a66496b29e35,gx-no-cache=1520969397659 HTTP/1.1" 200 30
200.86.95.220 - - [13/Mar/2018:16:30:46 -0300] "GET /cormun/servlet/solicitudotadjuntos?fec05dd1aff439c3e0081664a2519ca051cb7fe5edc59482af52a66496b29e35,gx-no-cache=1520969397724 HTTP/1.1" 200 30
200.86.95.220 - - [13/Mar/2018:16:30:46 -0300] "POST /cormun/servlet/solicitudotadjuntos?79c1319b2bd3cdccbdeb629805747d30,INS,2018,10421,,1, HTTP/1.1" 200 116
200.86.95.220 - - [13/Mar/2018:16:30:46 -0300] "GET /cormun/servlet/hpexe_return? HTTP/1.1" 200 1031
200.86.95.220 - - [13/Mar/2018:16:30:46 -0300] "GET /cormun/servlet/trsolicitudadjuntos?2018,10421, HTTP/1.1" 200 8464
200.86.95.220 - - [13/Mar/2018:16:30:48 -0300] "GET /cormun/servlet/trsolicitudadjuntos?2018,10421, HTTP/1.1" 200 8460
186.103.157.42 - - [13/Mar/2018:16:30:48 -0300] "GET /cormun/servlet/trsolicitudot? HTTP/1.1" 200 8821
186.103.157.42 - - [13/Mar/2018:16:30:49 -0300] "GET /cormun/servlet/trsolicitudot? HTTP/1.1" 200 8821
200.54.247.70 - - [13/Mar/2018:16:31:04 -0300] "GET /cormun/servlet/solicitudot?ac846346b59af4de49fda642af4fad67743a33780dd466bef3db3d0783cc7c08c6cc6abfca514345bd0488e536b04f42ceadcd387f728cdd05d62405c0061224,gx-no-cache=1520969414720 HTTP/1.1" 200 30
200.54.247.70 - - [13/Mar/2018:16:31:04 -0300] "GET /cormun/servlet/solicitudot?ac846346b59af4de49fda642af4fad6713b263c40d20c45dcad1dcd43cfa1667,gx-no-cache=1520969414787 HTTP/1.1" 200 53
200.54.247.70 - - [13/Mar/2018:16:31:30 -0300] "POST /cormun/servlet/solicitudot?gx-no-cache=1520969440181 HTTP/1.1" 200 297
200.54.247.70 - - [13/Mar/2018:16:31:30 -0300] "GET /cormun/servlet/solicitudot?ac846346b59af4de49fda642af4fad67454f53ec5e40e05683a59e0bbc4a8764d900620890686bc9815848916dfacdf7005b7aff1c83ff37f422684fc1520bd56d0a0234da27c318c74a80d4d51486ac4bb7bd97b8c645d1f39892a2877b41aaad1c7d6452b46268fc98c3d44bcd383695615c0c78b99976cb36f84309f83f5107265506819708a241180de4d30262823d2c1acc936940c40a9ecfa77664b19ebce2ae516749f98e214a30ebe21627dc18b8330aa19db754ce674888f07b8a7dde1e1c31c93b4046cbe0a448cea35bfdecd5081b772163e2573c114c5beb321624a9349957c2f5030910507b2b8f799bbeacaf0b553c4f0fb9966a93c6e39b2e4de471ef0b6d98b90246578e97042850e5c0f7cb7ed2d862c7a98b0ab5349cc7f6bbaa106e9de4b2b93665a561bf6041087832d7dbd346dd2c8cff7549a3ece6720ad7abb6c9c67c30a624cfe1b52d31d8d948c23085c92b125c379e6bc2deff56d6ae77666aa33e657bdb483f39d9b1cb5c59556f0a53d4ad7f541045163f83b0993f475867818e734d37e9392e3b07,gx-no-cache=1520969440492 HTTP/1.1" 200 30
200.54.247.70 - - [13/Mar/2018:16:31:30 -0300] "POST /cormun/servlet/solicitudot?gx-no-cache=1520969440524 HTTP/1.1" 200 30
200.54.247.70 - - [13/Mar/2018:16:31:30 -0300] "POST /cormun/servlet/solicitudot?gx-no-cache=1520969440580 HTTP/1.1" 200 1333
200.54.247.70 - - [13/Mar/2018:16:31:30 -0300] "POST /cormun/servlet/solicitudot?gx-no-cache=1520969440726 HTTP/1.1" 200 38
200.86.95.220 - - [13/Mar/2018:16:32:30 -0300] "GET /cormun/servlet/solicitudotadjuntos?INS,2018,10421,,1, HTTP/1.1" 200 6002
200.86.95.220 - - [13/Mar/2018:16:32:30 -0300] "GET /cormun/static/about:blank HTTP/1.1" 404 1011
200.86.95.220 - - [13/Mar/2018:16:32:31 -0300] "GET /cormun/servlet/solicitudotadjuntos?INS,2018,10421,,1, HTTP/1.1" 200 5995
200.86.95.220 - - [13/Mar/2018:16:32:32 -0300] "GET /cormun/servlet/solicitudotadjuntos?fec05dd1aff439c3e0081664a2519ca0703b31db93dfd816a589989c4181a0da0c4f56a1123dfca4178d3e74ccd07e00,gx-no-cache=1520969504043 HTTP/1.1" 200 30
200.86.95.220 - - [13/Mar/2018:16:32:32 -0300] "POST /cormun/servlet/solicitudotadjuntos?79c1319b2bd3cdccbdeb629805747d30,INS,2018,10421,,1,,gx-no-cache=1520969504108 HTTP/1.1" 200 3803
200.86.95.220 - - [13/Mar/2018:16:32:34 -0300] "POST /cormun/servlet/solicitudotadjuntos?gx-no-cache=1520969506667 HTTP/1.1" 200 26
200.86.95.220 - - [13/Mar/2018:16:32:41 -0300] "GET /cormun/servlet/solicitudotadjuntos?fec05dd1aff439c3e0081664a2519ca051cb7fe5edc59482af52a66496b29e35,gx-no-cache=1520969513445 HTTP/1.1" 200 30
200.86.95.220 - - [13/Mar/2018:16:32:41 -0300] "GET /cormun/servlet/solicitudotadjuntos?fec05dd1aff439c3e0081664a2519ca051cb7fe5edc59482af52a66496b29e35,gx-no-cache=1520969513498 HTTP/1.1" 200 30
200.86.95.220 - - [13/Mar/2018:16:32:42 -0300] "POST /cormun/servlet/solicitudotadjuntos?79c1319b2bd3cdccbdeb629805747d30,INS,2018,10421,,1, HTTP/1.1" 200 116
200.86.95.220 - - [13/Mar/2018:16:32:42 -0300] "GET /cormun/servlet/hpexe_return? HTTP/1.1" 200 1031
200.86.95.220 - - [13/Mar/2018:16:32:42 -0300] "GET /cormun/servlet/trsolicitudadjuntos?2018,10421, HTTP/1.1" 200 8687
186.103.157.42 - - [13/Mar/2018:16:32:43 -0300] "POST /cormun/servlet/trsolicitudot?e7ddba21f43a9dd1599282cfff5085e9,,gx-no-cache=1520969260402 HTTP/1.1" 200 106
186.103.157.42 - - [13/Mar/2018:16:32:43 -0300] "GET /cormun/servlet/solicitudot?UPD,2018,10419, HTTP/1.1" 200 15421
200.86.95.220 - - [13/Mar/2018:16:32:43 -0300] "GET /cormun/servlet/trsolicitudadjuntos?2018,10421, HTTP/1.1" 200 8686
186.103.157.42 - - [13/Mar/2018:16:32:43 -0300] "GET /cormun/servlet/solicitudot?UPD,2018,10419, HTTP/1.1" 200 15430
186.103.157.42 - - [13/Mar/2018:16:32:44 -0300] "POST /cormun/servlet/solicitudot?gx-no-cache=1520969261554 HTTP/1.1" 200 3387
186.103.157.42 - - [13/Mar/2018:16:32:44 -0300] "POST /cormun/servlet/solicitudot?e7ddba21f43a9dd1599282cfff5085e9,UPD,2018,10419,,gx-no-cache=1520969261698 HTTP/1.1" 200 11649
186.103.157.42 - - [13/Mar/2018:16:32:44 -0300] "GET /cormun/servlet/solicitudot?225e187bf8b7d65d122f9a536ab37016f91a13f83fd94cdeea286381573b2039bec3d14c272b2890e68769c2b40739cd,gx-no-cache=1520969261896 HTTP/1.1" 200 30
186.103.157.42 - - [13/Mar/2018:16:32:44 -0300] "GET /cormun/servlet/solicitudot?225e187bf8b7d65d122f9a536ab37016fd7d503d99dcce9b4b50ebc0e30330192d2f3a7dbe308e58898fd7dc7e4868c47379a5f1bbf128dd21d380cb3145ad1e,gx-no-cache=1520969261955 HTTP/1.1" 200 30
186.103.157.42 - - [13/Mar/2018:16:32:44 -0300] "GET /cormun/servlet/solicitudot?225e187bf8b7d65d122f9a536ab3701635277dea51cc427ac295edf60702f5517d854f73d822ec2914a126d2eab472195c87b540693970efb3e5bdda6b915017,gx-no-cache=1520969262020 HTTP/1.1" 200 53
186.103.157.42 - - [13/Mar/2018:16:32:44 -0300] "POST /cormun/servlet/solicitudot?gx-no-cache=1520969262088 HTTP/1.1" 200 241
186.103.157.42 - - [13/Mar/2018:16:32:45 -0300] "GET /cormun/servlet/solicitudot?225e187bf8b7d65d122f9a536ab37016b6c995305a44f67de82bdd1c48f7fec1a8b6a42e48f840a6036758e8bed483ebe91ddb09342388c9c14bfea77142b501213ae1742d14e7bf04336025e857e46d7e72c9d0ea7fe50b2851e758b4038309bbc1b75cf5e79f1add90ee0da2b337fc2936ffed3b83bb82be607daf2a20afdca08cf9c780ca83f7951447f10b1fea7c7646d23cc06c8bb88b3f68f10686eb79ff1f99befac2b57c30f049edb7688ce8423342b1d167a86bb523b6cbdb0cdd36f451d6ce8ab928b591269ce0be8a3dd6c0826c2fa4ddcdd4c7f28a3b0ae32de8bb1f632e948a462cfde608131ba29b3027b5c51013129306bc7354837addc06ce5dc5fe081aff5d92e44cbd07112b0d0045584206adcb0fa5f75bef076258c093f40dba30dae345704b712044954ae671972bf6c3afa173cf003dae24be1946739b815c57327fb0202d0a0ae5518b363cf1925856e0a8482c0cf6e921f66245ab4ce2aa39dbb749a6c296799ea56430d42c94f685e5ac8ac204a3cb39e38f184,gx-no-cache=1520969262140 HTTP/1.1" 200 30
186.103.157.42 - - [13/Mar/2018:16:32:45 -0300] "POST /cormun/servlet/solicitudot?gx-no-cache=1520969262485 HTTP/1.1" 200 30
186.103.157.42 - - [13/Mar/2018:16:32:45 -0300] "POST /cormun/servlet/solicitudot?gx-no-cache=1520969262533 HTTP/1.1" 200 1335
186.103.157.42 - - [13/Mar/2018:16:32:45 -0300] "POST /cormun/servlet/solicitudot?gx-no-cache=1520969262595 HTTP/1.1" 200 41
200.86.95.220 - - [13/Mar/2018:16:32:46 -0300] "GET /cormun/servlet/solicitudotadjuntos?INS,2018,10421,,1, HTTP/1.1" 200 6003
200.86.95.220 - - [13/Mar/2018:16:32:46 -0300] "GET /cormun/static/about:blank HTTP/1.1" 404 1011
200.86.95.220 - - [13/Mar/2018:16:32:47 -0300] "GET /cormun/servlet/solicitudotadjuntos?INS,2018,10421,,1, HTTP/1.1" 200 5995
200.86.95.220 - - [13/Mar/2018:16:32:47 -0300] "GET /cormun/servlet/solicitudotadjuntos?fec05dd1aff439c3e0081664a2519ca0703b31db93dfd816a589989c4181a0da0c4f56a1123dfca4178d3e74ccd07e00,gx-no-cache=1520969519665 HTTP/1.1" 200 30
200.86.95.220 - - [13/Mar/2018:16:32:48 -0300] "POST /cormun/servlet/solicitudotadjuntos?79c1319b2bd3cdccbdeb629805747d30,INS,2018,10421,,1,,gx-no-cache=1520969519711 HTTP/1.1" 200 3802
200.86.95.220 - - [13/Mar/2018:16:32:54 -0300] "POST /cormun/servlet/solicitudotadjuntos?gx-no-cache=1520969525876 HTTP/1.1" 200 26
186.103.157.42 - - [13/Mar/2018:16:32:54 -0300] "GET /cormun/servlet/trsolicitudot? HTTP/1.1" 200 8825
186.103.157.42 - - [13/Mar/2018:16:32:54 -0300] "GET /cormun/servlet/trsolicitudot? HTTP/1.1" 200 8821
186.103.157.42 - - [13/Mar/2018:16:33:01 -0300] "POST /cormun/servlet/trsolicitudot?e7ddba21f43a9dd1599282cfff5085e9,,gx-no-cache=1520969278454 HTTP/1.1" 200 4644
