186.103.157.42 - - [13/Mar/2018:16:33:01 -0300] "POST /cormun/servlet/trsolicitudot?e7ddba21f43a9dd1599282cfff5085e9,,gx-no-cache=1520969278638 HTTP/1.1" 200 4460
186.103.157.42 - - [13/Mar/2018:16:33:05 -0300] "GET /cormun/servlet/solicitudot?INS,0,0, HTTP/1.1" 200 13698
186.103.157.42 - - [13/Mar/2018:16:33:05 -0300] "GET /cormun/servlet/solicitudot?INS,0,0, HTTP/1.1" 200 13703
200.86.95.220 - - [13/Mar/2018:16:33:06 -0300] "GET /cormun/servlet/solicitudotadjuntos?fec05dd1aff439c3e0081664a2519ca051cb7fe5edc59482af52a66496b29e35,gx-no-cache=1520969538389 HTTP/1.1" 200 30
200.86.95.220 - - [13/Mar/2018:16:33:07 -0300] "GET /cormun/servlet/solicitudotadjuntos?fec05dd1aff439c3e0081664a2519ca051cb7fe5edc59482af52a66496b29e35,gx-no-cache=1520969538474 HTTP/1.1" 200 30
200.86.95.220 - - [13/Mar/2018:16:33:07 -0300] "POST /cormun/servlet/solicitudotadjuntos?79c1319b2bd3cdccbdeb629805747d30,INS,2018,10421,,1, HTTP/1.1" 200 116
200.86.95.220 - - [13/Mar/2018:16:33:07 -0300] "GET /cormun/servlet/hpexe_return? HTTP/1.1" 200 1031
200.86.95.220 - - [13/Mar/2018:16:33:08 -0300] "GET /cormun/servlet/trsolicitudadjuntos?2018,10421, HTTP/1.1" 200 8872
200.86.95.220 - - [13/Mar/2018:16:33:09 -0300] "GET /cormun/servlet/trsolicitudadjuntos?2018,10421, HTTP/1.1" 200 8870
200.86.95.220 - - [13/Mar/2018:16:33:14 -0300] "GET /cormun/PublicTempStorage/afp_helen60265.pdf HTTP/1.1" 200 78173
200.86.95.220 - - [13/Mar/2018:16:33:24 -0300] "GET /cormun/servlet/trsolicitudadjuntos?2018,10421, HTTP/1.1" 200 8871
200.86.95.220 - - [13/Mar/2018:16:33:25 -0300] "GET /cormun/servlet/trsolicitudadjuntos?2018,10421, HTTP/1.1" 200 8871
200.86.95.220 - - [13/Mar/2018:16:33:29 -0300] "GET /cormun/servlet/solicitudotadjuntos?INS,2018,10421,,1, HTTP/1.1" 200 6003
200.86.95.220 - - [13/Mar/2018:16:33:29 -0300] "GET /cormun/static/about:blank HTTP/1.1" 404 1011
200.86.95.220 - - [13/Mar/2018:16:33:30 -0300] "GET /cormun/servlet/solicitudotadjuntos?INS,2018,10421,,1, HTTP/1.1" 200 5995
200.86.95.220 - - [13/Mar/2018:16:33:31 -0300] "GET /cormun/servlet/solicitudotadjuntos?fec05dd1aff439c3e0081664a2519ca0703b31db93dfd816a589989c4181a0da0c4f56a1123dfca4178d3e74ccd07e00,gx-no-cache=1520969562887 HTTP/1.1" 200 30
200.86.95.220 - - [13/Mar/2018:16:33:31 -0300] "POST /cormun/servlet/solicitudotadjuntos?79c1319b2bd3cdccbdeb629805747d30,INS,2018,10421,,1,,gx-no-cache=1520969562935 HTTP/1.1" 200 3802
200.86.95.220 - - [13/Mar/2018:16:33:35 -0300] "POST /cormun/servlet/solicitudotadjuntos?gx-no-cache=1520969567392 HTTP/1.1" 200 26
200.86.95.220 - - [13/Mar/2018:16:33:41 -0300] "GET /cormun/servlet/solicitudotadjuntos?fec05dd1aff439c3e0081664a2519ca051cb7fe5edc59482af52a66496b29e35,gx-no-cache=1520969573557 HTTP/1.1" 200 30
200.86.95.220 - - [13/Mar/2018:16:33:41 -0300] "GET /cormun/servlet/solicitudotadjuntos?fec05dd1aff439c3e0081664a2519ca051cb7fe5edc59482af52a66496b29e35,gx-no-cache=1520969573611 HTTP/1.1" 200 30
200.86.95.220 - - [13/Mar/2018:16:33:42 -0300] "POST /cormun/servlet/solicitudotadjuntos?79c1319b2bd3cdccbdeb629805747d30,INS,2018,10421,,1, HTTP/1.1" 200 116
200.86.95.220 - - [13/Mar/2018:16:33:42 -0300] "GET /cormun/servlet/hpexe_return? HTTP/1.1" 200 1031
200.86.95.220 - - [13/Mar/2018:16:33:42 -0300] "GET /cormun/servlet/trsolicitudadjuntos?2018,10421, HTTP/1.1" 200 9042
200.86.95.220 - - [13/Mar/2018:16:33:44 -0300] "GET /cormun/servlet/trsolicitudadjuntos?2018,10421, HTTP/1.1" 200 9045
200.86.95.220 - - [13/Mar/2018:16:33:46 -0300] "GET /cormun/servlet/solicitudotadjuntos?INS,2018,10421,,1, HTTP/1.1" 200 6002
200.86.95.220 - - [13/Mar/2018:16:33:46 -0300] "GET /cormun/static/about:blank HTTP/1.1" 404 1011
200.86.95.220 - - [13/Mar/2018:16:33:47 -0300] "GET /cormun/servlet/solicitudotadjuntos?INS,2018,10421,,1, HTTP/1.1" 200 5995
200.86.95.220 - - [13/Mar/2018:16:33:47 -0300] "GET /cormun/servlet/solicitudotadjuntos?fec05dd1aff439c3e0081664a2519ca0703b31db93dfd816a589989c4181a0da0c4f56a1123dfca4178d3e74ccd07e00,gx-no-cache=1520969579708 HTTP/1.1" 200 30
200.86.95.220 - - [13/Mar/2018:16:33:48 -0300] "POST /cormun/servlet/solicitudotadjuntos?79c1319b2bd3cdccbdeb629805747d30,INS,2018,10421,,1,,gx-no-cache=1520969579753 HTTP/1.1" 200 3802
200.86.95.220 - - [13/Mar/2018:16:33:50 -0300] "POST /cormun/servlet/solicitudotadjuntos?gx-no-cache=1520969582080 HTTP/1.1" 200 26
200.86.95.220 - - [13/Mar/2018:16:33:58 -0300] "GET /cormun/servlet/solicitudotadjuntos?fec05dd1aff439c3e0081664a2519ca051cb7fe5edc59482af52a66496b29e35,gx-no-cache=1520969590019 HTTP/1.1" 200 30
200.86.95.220 - - [13/Mar/2018:16:33:58 -0300] "GET /cormun/servlet/solicitudotadjuntos?fec05dd1aff439c3e0081664a2519ca051cb7fe5edc59482af52a66496b29e35,gx-no-cache=1520969590079 HTTP/1.1" 200 30
200.86.95.220 - - [13/Mar/2018:16:33:58 -0300] "POST /cormun/servlet/solicitudotadjuntos?79c1319b2bd3cdccbdeb629805747d30,INS,2018,10421,,1, HTTP/1.1" 200 116
200.86.95.220 - - [13/Mar/2018:16:33:58 -0300] "GET /cormun/servlet/hpexe_return? HTTP/1.1" 200 1031
200.86.95.220 - - [13/Mar/2018:16:33:59 -0300] "GET /cormun/servlet/trsolicitudadjuntos?2018,10421, HTTP/1.1" 200 9302
200.86.95.220 - - [13/Mar/2018:16:34:00 -0300] "GET /cormun/servlet/trsolicitudadjuntos?2018,10421, HTTP/1.1" 200 9302
200.86.95.220 - - [13/Mar/2018:16:34:02 -0300] "GET /cormun/servlet/solicitudotadjuntos?INS,2018,10421,,1, HTTP/1.1" 200 6002
200.86.95.220 - - [13/Mar/2018:16:34:03 -0300] "GET /cormun/static/about:blank HTTP/1.1" 404 1011
200.86.95.220 - - [13/Mar/2018:16:34:04 -0300] "GET /cormun/servlet/solicitudotadjuntos?INS,2018,10421,,1, HTTP/1.1" 200 5995
200.86.95.220 - - [13/Mar/2018:16:34:04 -0300] "GET /cormun/servlet/solicitudotadjuntos?fec05dd1aff439c3e0081664a2519ca0703b31db93dfd816a589989c4181a0da0c4f56a1123dfca4178d3e74ccd07e00,gx-no-cache=1520969596243 HTTP/1.1" 200 30
200.86.95.220 - - [13/Mar/2018:16:34:04 -0300] "POST /cormun/servlet/solicitudotadjuntos?79c1319b2bd3cdccbdeb629805747d30,INS,2018,10421,,1,,gx-no-cache=1520969596290 HTTP/1.1" 200 3802
200.86.95.220 - - [13/Mar/2018:16:34:07 -0300] "POST /cormun/servlet/solicitudotadjuntos?gx-no-cache=1520969598897 HTTP/1.1" 200 26
200.86.95.220 - - [13/Mar/2018:16:34:12 -0300] "GET /cormun/servlet/solicitudotadjuntos?fec05dd1aff439c3e0081664a2519ca051cb7fe5edc59482af52a66496b29e35,gx-no-cache=1520969604571 HTTP/1.1" 200 30
200.86.95.220 - - [13/Mar/2018:16:34:12 -0300] "GET /cormun/servlet/solicitudotadjuntos?fec05dd1aff439c3e0081664a2519ca051cb7fe5edc59482af52a66496b29e35,gx-no-cache=1520969604610 HTTP/1.1" 200 30
200.86.95.220 - - [13/Mar/2018:16:34:13 -0300] "POST /cormun/servlet/solicitudotadjuntos?79c1319b2bd3cdccbdeb629805747d30,INS,2018,10421,,1, HTTP/1.1" 200 116
200.86.95.220 - - [13/Mar/2018:16:34:13 -0300] "GET /cormun/servlet/hpexe_return? HTTP/1.1" 200 1031
200.86.95.220 - - [13/Mar/2018:16:34:13 -0300] "GET /cormun/servlet/trsolicitudadjuntos?2018,10421, HTTP/1.1" 200 9554
200.86.95.220 - - [13/Mar/2018:16:34:15 -0300] "GET /cormun/servlet/trsolicitudadjuntos?2018,10421, HTTP/1.1" 200 9551
200.86.95.220 - - [13/Mar/2018:16:34:18 -0300] "POST /cormun/servlet/trsolicitudadjuntos?79c1319b2bd3cdccbdeb629805747d30,2018,10421,,gx-no-cache=1520969609851 HTTP/1.1" 200 90
200.86.95.220 - - [13/Mar/2018:16:34:18 -0300] "GET /cormun/servlet/hpexe_link HTTP/1.1" 200 974
200.86.95.220 - - [13/Mar/2018:16:34:18 -0300] "GET /cormun/servlet/trsolicitudot HTTP/1.1" 200 9094
200.86.95.220 - - [13/Mar/2018:16:34:19 -0300] "GET /cormun/servlet/trsolicitudot HTTP/1.1" 200 9093
192.168.10.96 - - [13/Mar/2018:16:34:42 -0300] "GET /cormun/servlet/trsolicitudgral? HTTP/1.1" 200 10841
192.168.10.96 - - [13/Mar/2018:16:34:42 -0300] "GET /cormun/servlet/trsolicitudgral? HTTP/1.1" 200 10835
200.86.95.220 - - [13/Mar/2018:16:34:49 -0300] "POST /cormun/servlet/trsolicitudot?79c1319b2bd3cdccbdeb629805747d30,gx-no-cache=1520969641023 HTTP/1.1" 200 5724
200.86.95.220 - - [13/Mar/2018:16:34:49 -0300] "GET /cormun/static/Shared/jqueryui/images/ui-bg_highlight-soft_100_c6c2c8_1x100.png HTTP/1.1" 404 1117
200.86.95.220 - - [13/Mar/2018:16:34:49 -0300] "GET /cormun/static/Shared/jqueryui/images/ui-icons_82798d_256x240.png HTTP/1.1" 404 1089
200.86.95.220 - - [13/Mar/2018:16:34:49 -0300] "GET /cormun/static/Shared/jqueryui/images/ui-bg_flat_55_fafafa_40x100.png HTTP/1.1" 404 1097
200.86.95.220 - - [13/Mar/2018:16:34:49 -0300] "GET /cormun/static/Shared/jqueryui/images/ui-icons_8d78a5_256x240.png HTTP/1.1" 404 1089
200.86.95.220 - - [13/Mar/2018:16:34:49 -0300] "POST /cormun/servlet/trsolicitudot?79c1319b2bd3cdccbdeb629805747d30,gx-no-cache=1520969641577 HTTP/1.1" 200 5668
192.168.10.96 - - [13/Mar/2018:16:34:55 -0300] "POST /cormun/servlet/trsolicitudgral?2017393583856da9e50af9554cf7fc29,,gx-no-cache=1520969532292 HTTP/1.1" 200 7335
200.86.95.220 - - [13/Mar/2018:16:34:56 -0300] "GET /cormun/servlet/hlogin HTTP/1.1" 200 1725
192.168.10.96 - - [13/Mar/2018:16:35:04 -0300] "POST /cormun/servlet/trsolicitudgral?2017393583856da9e50af9554cf7fc29,,gx-no-cache=1520969540474 HTTP/1.1" 200 7335
192.168.10.96 - - [13/Mar/2018:16:35:04 -0300] "POST /cormun/servlet/trsolicitudgral?2017393583856da9e50af9554cf7fc29,,gx-no-cache=1520969541233 HTTP/1.1" 200 7335
192.168.10.96 - - [13/Mar/2018:16:35:05 -0300] "POST /cormun/servlet/trsolicitudgral?2017393583856da9e50af9554cf7fc29,,gx-no-cache=1520969541412 HTTP/1.1" 200 7336
192.168.10.96 - - [13/Mar/2018:16:35:05 -0300] "POST /cormun/servlet/trsolicitudgral?2017393583856da9e50af9554cf7fc29,,gx-no-cache=1520969541591 HTTP/1.1" 200 7336
200.86.95.220 - - [13/Mar/2018:16:35:05 -0300] "POST /cormun/servlet/hlogin?79c1319b2bd3cdccbdeb629805747d30,gx-no-cache=1520969657054 HTTP/1.1" 200 90
192.168.10.96 - - [13/Mar/2018:16:35:05 -0300] "POST /cormun/servlet/trsolicitudgral?2017393583856da9e50af9554cf7fc29,,gx-no-cache=1520969541751 HTTP/1.1" 200 7336
200.86.95.220 - - [13/Mar/2018:16:35:05 -0300] "GET /cormun/servlet/hpexe_link HTTP/1.1" 200 956
192.168.10.96 - - [13/Mar/2018:16:35:05 -0300] "POST /cormun/servlet/trsolicitudgral?2017393583856da9e50af9554cf7fc29,,gx-no-cache=1520969541923 HTTP/1.1" 200 7334
200.86.95.220 - - [13/Mar/2018:16:35:05 -0300] "GET /cormun/servlet/hhome HTTP/1.1" 200 4125
192.168.10.96 - - [13/Mar/2018:16:35:05 -0300] "POST /cormun/servlet/trsolicitudgral?2017393583856da9e50af9554cf7fc29,,gx-no-cache=1520969542080 HTTP/1.1" 200 7335
192.168.10.96 - - [13/Mar/2018:16:35:05 -0300] "POST /cormun/servlet/trsolicitudgral?2017393583856da9e50af9554cf7fc29,,gx-no-cache=1520969542260 HTTP/1.1" 200 7335
192.168.10.96 - - [13/Mar/2018:16:35:07 -0300] "POST /cormun/servlet/trsolicitudgral?2017393583856da9e50af9554cf7fc29,,gx-no-cache=1520969543624 HTTP/1.1" 200 7336
200.86.95.220 - - [13/Mar/2018:16:35:07 -0300] "GET /cormun/servlet/hhome HTTP/1.1" 200 4121
192.168.10.96 - - [13/Mar/2018:16:35:07 -0300] "POST /cormun/servlet/trsolicitudgral?2017393583856da9e50af9554cf7fc29,,gx-no-cache=1520969543807 HTTP/1.1" 200 7335
192.168.10.96 - - [13/Mar/2018:16:35:07 -0300] "POST /cormun/servlet/trsolicitudgral?2017393583856da9e50af9554cf7fc29,,gx-no-cache=1520969544039 HTTP/1.1" 200 7335
200.86.95.220 - - [13/Mar/2018:16:35:09 -0300] "GET /cormun/servlet/trautorizarsolicitud? HTTP/1.1" 200 9619
200.86.95.220 - - [13/Mar/2018:16:35:09 -0300] "GET /cormun/static/trautorizarsolicitud.js?201711142340425 HTTP/1.1" 304 -
200.86.95.220 - - [13/Mar/2018:16:35:11 -0300] "GET /cormun/servlet/trautorizarsolicitud? HTTP/1.1" 200 9618
192.168.10.96 - - [13/Mar/2018:16:35:37 -0300] "POST /cormun/servlet/trsolicitudgral?2017393583856da9e50af9554cf7fc29,,gx-no-cache=1520969573264 HTTP/1.1" 200 22858
192.168.10.96 - - [13/Mar/2018:16:35:48 -0300] "POST /cormun/servlet/trsolicitudgral?2017393583856da9e50af9554cf7fc29,,gx-no-cache=1520969584121 HTTP/1.1" 200 7618
192.168.10.96 - - [13/Mar/2018:16:35:52 -0300] "POST /cormun/servlet/trsolicitudgral?2017393583856da9e50af9554cf7fc29,,gx-no-cache=1520969588386 HTTP/1.1" 200 22858
200.86.95.220 - - [13/Mar/2018:16:35:54 -0300] "POST /cormun/servlet/trautorizarsolicitud?79c1319b2bd3cdccbdeb629805747d30,,gx-no-cache=1520969705792 HTTP/1.1" 200 6431
200.86.95.220 - - [13/Mar/2018:16:35:54 -0300] "GET /cormun/static/Shared/jqueryui/images/ui-bg_highlight-soft_100_c6c2c8_1x100.png HTTP/1.1" 404 1117
200.86.95.220 - - [13/Mar/2018:16:35:54 -0300] "GET /cormun/static/Shared/jqueryui/images/ui-icons_82798d_256x240.png HTTP/1.1" 404 1089
200.86.95.220 - - [13/Mar/2018:16:35:54 -0300] "GET /cormun/static/Shared/jqueryui/images/ui-bg_flat_55_fafafa_40x100.png HTTP/1.1" 404 1097
200.86.95.220 - - [13/Mar/2018:16:35:54 -0300] "GET /cormun/static/Shared/jqueryui/images/ui-icons_8d78a5_256x240.png HTTP/1.1" 404 1089
200.86.95.220 - - [13/Mar/2018:16:35:54 -0300] "POST /cormun/servlet/trautorizarsolicitud?79c1319b2bd3cdccbdeb629805747d30,,gx-no-cache=1520969706399 HTTP/1.1" 200 6375
200.86.95.220 - - [13/Mar/2018:16:35:56 -0300] "POST /cormun/servlet/trautorizarsolicitud?79c1319b2bd3cdccbdeb629805747d30,,gx-no-cache=1520969707925 HTTP/1.1" 200 5827
200.86.95.220 - - [13/Mar/2018:16:35:56 -0300] "POST /cormun/servlet/trautorizarsolicitud?79c1319b2bd3cdccbdeb629805747d30,,gx-no-cache=1520969708287 HTTP/1.1" 200 5772
200.86.95.220 - - [13/Mar/2018:16:35:58 -0300] "POST /cormun/servlet/trautorizarsolicitud?79c1319b2bd3cdccbdeb629805747d30,,gx-no-cache=1520969709377 HTTP/1.1" 200 4639
200.86.95.220 - - [13/Mar/2018:16:35:58 -0300] "POST /cormun/servlet/trautorizarsolicitud?79c1319b2bd3cdccbdeb629805747d30,,gx-no-cache=1520969710210 HTTP/1.1" 200 4382
200.112.4.243 - - [13/Mar/2018:16:36:03 -0300] "GET /cormun/servlet/hlogin HTTP/1.1" 200 1724
200.112.4.243 - - [13/Mar/2018:16:36:07 -0300] "POST /cormun/servlet/hlogin?dbf3662682b480efbf2b6b1554a8a263,gx-no-cache=1520969718606 HTTP/1.1" 200 90
200.112.4.243 - - [13/Mar/2018:16:36:07 -0300] "GET /cormun/servlet/hpexe_link HTTP/1.1" 200 953
200.112.4.243 - - [13/Mar/2018:16:36:07 -0300] "GET /cormun/servlet/hhome HTTP/1.1" 200 3998
200.112.4.243 - - [13/Mar/2018:16:36:08 -0300] "GET /cormun/servlet/hhome HTTP/1.1" 200 3995
200.112.4.243 - - [13/Mar/2018:16:36:11 -0300] "GET /cormun/servlet/trvisualizadoreventos? HTTP/1.1" 200 6730
200.112.4.243 - - [13/Mar/2018:16:36:11 -0300] "GET /cormun/static/gxcfg.js?20175251251426 HTTP/1.1" 304 -
200.112.4.243 - - [13/Mar/2018:16:36:12 -0300] "GET /cormun/servlet/trvisualizadoreventos? HTTP/1.1" 200 6730
200.112.4.243 - - [13/Mar/2018:16:36:18 -0300] "GET /cormun/static/menuarrow.gif HTTP/1.1" 404 1015
186.103.157.42 - - [13/Mar/2018:16:36:19 -0300] "POST /cormun/servlet/solicitudot?gx-no-cache=1520969476637 HTTP/1.1" 200 3394
186.103.157.42 - - [13/Mar/2018:16:36:19 -0300] "POST /cormun/servlet/solicitudot?e7ddba21f43a9dd1599282cfff5085e9,INS,0,0,,gx-no-cache=1520969476787 HTTP/1.1" 200 10553
186.103.157.42 - - [13/Mar/2018:16:36:19 -0300] "GET /cormun/servlet/solicitudot?225e187bf8b7d65d122f9a536ab37016f91a13f83fd94cdeea286381573b20397a49780fbb651851e1249d916fe82e4d,gx-no-cache=1520969476959 HTTP/1.1" 200 30
200.112.4.243 - - [13/Mar/2018:16:36:24 -0300] "POST /cormun/servlet/trvisualizadoreventos?dbf3662682b480efbf2b6b1554a8a263,,gx-no-cache=1520969735144 HTTP/1.1" 200 3945
200.112.4.243 - - [13/Mar/2018:16:36:32 -0300] "POST /cormun/servlet/trvisualizadoreventos?dbf3662682b480efbf2b6b1554a8a263,,gx-no-cache=1520969743510 HTTP/1.1" 200 3945
200.112.4.243 - - [13/Mar/2018:16:36:35 -0300] "POST /cormun/servlet/trvisualizadoreventos?dbf3662682b480efbf2b6b1554a8a263,,gx-no-cache=1520969746222 HTTP/1.1" 200 3945
200.112.4.243 - - [13/Mar/2018:16:36:44 -0300] "POST /cormun/servlet/trvisualizadoreventos?dbf3662682b480efbf2b6b1554a8a263,,gx-no-cache=1520969755364 HTTP/1.1" 200 3945
200.112.4.243 - - [13/Mar/2018:16:37:03 -0300] "POST /cormun/servlet/trvisualizadoreventos?dbf3662682b480efbf2b6b1554a8a263,,gx-no-cache=1520969773431 HTTP/1.1" 200 3945
192.168.10.96 - - [13/Mar/2018:16:37:09 -0300] "GET /cormun/servlet/hlogin HTTP/1.1" 200 1741
192.168.10.96 - - [13/Mar/2018:16:37:15 -0300] "POST /cormun/servlet/hlogin?2017393583856da9e50af9554cf7fc29,gx-no-cache=1520969671761 HTTP/1.1" 200 453
192.168.10.96 - - [13/Mar/2018:16:37:22 -0300] "POST /cormun/servlet/hlogin?2017393583856da9e50af9554cf7fc29,gx-no-cache=1520969679327 HTTP/1.1" 200 90
192.168.10.96 - - [13/Mar/2018:16:37:22 -0300] "GET /cormun/servlet/hpexe_link HTTP/1.1" 200 952
192.168.10.96 - - [13/Mar/2018:16:37:23 -0300] "GET /cormun/servlet/hhome HTTP/1.1" 200 3998
192.168.10.96 - - [13/Mar/2018:16:37:23 -0300] "GET /cormun/servlet/hhome HTTP/1.1" 200 3994
192.168.10.96 - - [13/Mar/2018:16:37:25 -0300] "GET /cormun/servlet/trsolicitudot? HTTP/1.1" 200 7212
192.168.10.96 - - [13/Mar/2018:16:37:25 -0300] "GET /cormun/servlet/trsolicitudot? HTTP/1.1" 200 7212
192.168.10.96 - - [13/Mar/2018:16:37:27 -0300] "GET /cormun/servlet/trvisualizadoreventos? HTTP/1.1" 200 6735
192.168.10.96 - - [13/Mar/2018:16:37:27 -0300] "GET /cormun/static/gxcfg.js?20175251251426 HTTP/1.1" 200 953
192.168.10.96 - - [13/Mar/2018:16:37:27 -0300] "GET /cormun/static/trvisualizadoreventos.js?20175251251768 HTTP/1.1" 200 19318
192.168.10.96 - - [13/Mar/2018:16:37:27 -0300] "GET /cormun/static/Resources/PXToolsActionPrint.png HTTP/1.1" 200 3317
192.168.10.96 - - [13/Mar/2018:16:37:28 -0300] "GET /cormun/servlet/trvisualizadoreventos? HTTP/1.1" 200 6735
192.168.10.96 - - [13/Mar/2018:16:37:30 -0300] "GET /cormun/servlet/trsolicitudot? HTTP/1.1" 200 7213
192.168.10.96 - - [13/Mar/2018:16:37:30 -0300] "GET /cormun/servlet/trsolicitudot? HTTP/1.1" 200 7212
200.112.4.243 - - [13/Mar/2018:16:37:31 -0300] "GET /cormun/servlet/trsolicitudot? HTTP/1.1" 200 7211
200.112.4.243 - - [13/Mar/2018:16:37:31 -0300] "GET /cormun/servlet/trsolicitudot? HTTP/1.1" 200 7211
200.112.4.243 - - [13/Mar/2018:16:37:35 -0300] "GET /cormun/static/menuarrow.gif HTTP/1.1" 404 1015
192.168.10.96 - - [13/Mar/2018:16:37:38 -0300] "POST /cormun/servlet/trsolicitudot?2017393583856da9e50af9554cf7fc29,,gx-no-cache=1520969694681 HTTP/1.1" 200 21817
200.112.4.243 - - [13/Mar/2018:16:37:43 -0300] "POST /cormun/servlet/trsolicitudot?dbf3662682b480efbf2b6b1554a8a263,,gx-no-cache=1520969814274 HTTP/1.1" 200 21822
200.112.4.243 - - [13/Mar/2018:16:37:44 -0300] "GET /cormun/static/Resources/PXToolsGridNext.gif HTTP/1.1" 200 369
200.112.4.243 - - [13/Mar/2018:16:37:44 -0300] "GET /cormun/static/Resources/PXToolsGridLast.gif HTTP/1.1" 200 370
186.103.157.42 - - [13/Mar/2018:16:37:49 -0300] "GET /cormun/servlet/solicitudot?225e187bf8b7d65d122f9a536ab37016fd7d503d99dcce9b4b50ebc0e30330192d2f3a7dbe308e58898fd7dc7e4868c4fb39928db386d5897b6996b7129318c8,gx-no-cache=1520969566217 HTTP/1.1" 200 30
186.103.157.42 - - [13/Mar/2018:16:37:49 -0300] "GET /cormun/servlet/solicitudot?225e187bf8b7d65d122f9a536ab3701647b6d5231f8a140830722c06c7086566,gx-no-cache=1520969566330 HTTP/1.1" 200 53
186.103.157.42 - - [13/Mar/2018:16:37:49 -0300] "POST /cormun/servlet/solicitudot?gx-no-cache=1520969566384 HTTP/1.1" 200 297
192.168.10.96 - - [13/Mar/2018:16:37:49 -0300] "GET /cormun/servlet/hlogin HTTP/1.1" 200 1739
186.103.157.42 - - [13/Mar/2018:16:37:49 -0300] "GET /cormun/servlet/solicitudot?225e187bf8b7d65d122f9a536ab37016b6c995305a44f67de82bdd1c48f7fec1b35a2b457fe740ad26c8309d0f9a2c41e91ddb09342388c9c14bfea77142b501213ae1742d14e7bf04336025e857e46d7e72c9d0ea7fe50b2851e758b4038309bbc1b75cf5e79f1add90ee0da2b337fc2936ffed3b83bb82be607daf2a20afdca08cf9c780ca83f7951447f10b1fea7c7646d23cc06c8bb88b3f68f10686eb79ff1f99befac2b57c30f049edb7688ce8423342b1d167a86bb523b6cbdb0cdd36f451d6ce8ab928b591269ce0be8a3dd6c0826c2fa4ddcdd4c7f28a3b0ae32de8bb1f632e948a462cfde608131ba29b3027b5c51013129306bc7354837addc06ce5dc5fe081aff5d92e44cbd07112b0d0045584206adcb0fa5f75bef076258c093f40dba30dae345704b712044954ae671972bf6c3afa173cf003dae24be1946735840f9e97a5f355d8c6ce0211fbdb645369b2fbae03f6b3e179259c22789a76132d28f7e98afc2e9502c7fafbe9341895bd4e73d4adb6bf390d87fcc1c4eddb118407b758eee68207cce4c0bc96da3f,gx-no-cache=1520969566445 HTTP/1.1" 200 30
186.103.157.42 - - [13/Mar/2018:16:37:51 -0300] "POST /cormun/servlet/solicitudot?gx-no-cache=1520969568355 HTTP/1.1" 200 30
186.103.157.42 - - [13/Mar/2018:16:37:54 -0300] "POST /cormun/servlet/solicitudot?gx-no-cache=1520969571364 HTTP/1.1" 200 1336
186.103.157.42 - - [13/Mar/2018:16:37:54 -0300] "POST /cormun/servlet/solicitudot?gx-no-cache=1520969571420 HTTP/1.1" 200 38
192.168.10.96 - - [13/Mar/2018:16:37:55 -0300] "POST /cormun/servlet/hlogin?2017393583856da9e50af9554cf7fc29,gx-no-cache=1520969711816 HTTP/1.1" 200 90
192.168.10.96 - - [13/Mar/2018:16:37:55 -0300] "GET /cormun/servlet/hpexe_link HTTP/1.1" 200 952
192.168.10.96 - - [13/Mar/2018:16:37:55 -0300] "GET /cormun/servlet/hhome HTTP/1.1" 200 4708
192.168.10.96 - - [13/Mar/2018:16:37:55 -0300] "GET /cormun/servlet/hhome HTTP/1.1" 200 4708
186.103.157.42 - - [13/Mar/2018:16:38:00 -0300] "GET /cormun/servlet/solicitudot?225e187bf8b7d65d122f9a536ab370164b747eb53d0e04eeccd1264a32423f45244b64948331614d5dc093d573a2a4aae64459364f42036f979cfbc57b14d2954b7d93b7fa365c4268ac91d45bcaa02a40a1e1cf74af90ec2bd5e79f89c21de6271fad0564df259468e032684413bdf7,gx-no-cache=1520969577991 HTTP/1.1" 200 29
186.103.157.42 - - [13/Mar/2018:16:38:00 -0300] "POST /cormun/servlet/solicitudot?gx-no-cache=1520969578047 HTTP/1.1" 200 1318
186.103.157.42 - - [13/Mar/2018:16:38:00 -0300] "POST /cormun/servlet/solicitudot?gx-no-cache=1520969578120 HTTP/1.1" 200 1218
186.103.157.42 - - [13/Mar/2018:16:38:01 -0300] "GET /cormun/static/menuarrow.gif HTTP/1.1" 404 1015
186.103.157.42 - - [13/Mar/2018:16:38:02 -0300] "POST /cormun/servlet/solicitudot?gx-no-cache=1520969579498 HTTP/1.1" 200 1318
186.103.157.42 - - [13/Mar/2018:16:38:02 -0300] "POST /cormun/servlet/solicitudot?gx-no-cache=1520969579540 HTTP/1.1" 200 1218
186.103.157.42 - - [13/Mar/2018:16:38:03 -0300] "GET /cormun/servlet/solicitudot?225e187bf8b7d65d122f9a536ab370165317f3d378ee3a87bfa7cc4e170d00acaefc29fd2d3fa962d8935f37b26ddd3f,gx-no-cache=1520969581110 HTTP/1.1" 200 30
186.103.157.42 - - [13/Mar/2018:16:38:07 -0300] "POST /cormun/servlet/solicitudot?gx-no-cache=1520969584637 HTTP/1.1" 200 30
186.103.157.42 - - [13/Mar/2018:16:38:12 -0300] "POST /cormun/servlet/solicitudot?e7ddba21f43a9dd1599282cfff5085e9,INS,0,0,,gx-no-cache=1520969589584 HTTP/1.1" 200 93
186.103.157.42 - - [13/Mar/2018:16:38:12 -0300] "GET /cormun/servlet/hpexe_return? HTTP/1.1" 200 1003
186.103.157.42 - - [13/Mar/2018:16:38:12 -0300] "GET /cormun/servlet/trsolicitudot? HTTP/1.1" 200 8819
186.103.157.42 - - [13/Mar/2018:16:38:13 -0300] "GET /cormun/servlet/trsolicitudot? HTTP/1.1" 200 8815
186.103.157.42 - - [13/Mar/2018:16:38:26 -0300] "GET /cormun/servlet/solicitudot?INS,0,0, HTTP/1.1" 200 13698
186.103.157.42 - - [13/Mar/2018:16:38:26 -0300] "GET /cormun/servlet/solicitudot?INS,0,0, HTTP/1.1" 200 13703
186.103.157.42 - - [13/Mar/2018:16:38:36 -0300] "POST /cormun/servlet/solicitudot?gx-no-cache=1520969613099 HTTP/1.1" 200 3394
186.103.157.42 - - [13/Mar/2018:16:38:36 -0300] "POST /cormun/servlet/solicitudot?e7ddba21f43a9dd1599282cfff5085e9,INS,0,0,,gx-no-cache=1520969613250 HTTP/1.1" 200 10554
186.103.157.42 - - [13/Mar/2018:16:38:36 -0300] "GET /cormun/servlet/solicitudot?225e187bf8b7d65d122f9a536ab37016f91a13f83fd94cdeea286381573b20397a49780fbb651851e1249d916fe82e4d,gx-no-cache=1520969613420 HTTP/1.1" 200 30
186.103.157.42 - - [13/Mar/2018:16:38:41 -0300] "GET /cormun/servlet/solicitudot?225e187bf8b7d65d122f9a536ab37016fd7d503d99dcce9b4b50ebc0e30330192d2f3a7dbe308e58898fd7dc7e4868c4fb39928db386d5897b6996b7129318c8,gx-no-cache=1520969618440 HTTP/1.1" 200 30
186.103.157.42 - - [13/Mar/2018:16:38:41 -0300] "GET /cormun/servlet/solicitudot?225e187bf8b7d65d122f9a536ab3701647b6d5231f8a140830722c06c7086566,gx-no-cache=1520969618496 HTTP/1.1" 200 53
186.103.157.42 - - [13/Mar/2018:16:38:41 -0300] "POST /cormun/servlet/solicitudot?gx-no-cache=1520969618618 HTTP/1.1" 200 297
186.103.157.42 - - [13/Mar/2018:16:38:41 -0300] "GET /cormun/servlet/solicitudot?225e187bf8b7d65d122f9a536ab37016b6c995305a44f67de82bdd1c48f7fec1b35a2b457fe740ad26c8309d0f9a2c41e91ddb09342388c9c14bfea77142b501213ae1742d14e7bf04336025e857e46d7e72c9d0ea7fe50b2851e758b4038309bbc1b75cf5e79f1add90ee0da2b337fc2936ffed3b83bb82be607daf2a20afdca08cf9c780ca83f7951447f10b1fea7c7646d23cc06c8bb88b3f68f10686eb79ff1f99befac2b57c30f049edb7688ce8423342b1d167a86bb523b6cbdb0cdd36f451d6ce8ab928b591269ce0be8a3dd6c0826c2fa4ddcdd4c7f28a3b0ae32de8bb1f632e948a462cfde608131ba29b3027b5c51013129306bc7354837addc06ce5dc5fe081aff5d92e44cbd07112b0d0045584206adcb0fa5f75bef076258c093f40dba30dae345704b712044954ae671972bf6c3afa173cf003dae24be1946735840f9e97a5f355d8c6ce0211fbdb645369b2fbae03f6b3e179259c22789a76132d28f7e98afc2e9502c7fafbe9341895bd4e73d4adb6bf390d87fcc1c4eddb118407b758eee68207cce4c0bc96da3f,gx-no-cache=1520969618695 HTTP/1.1" 200 30
186.103.157.42 - - [13/Mar/2018:16:38:47 -0300] "POST /cormun/servlet/solicitudot?gx-no-cache=1520969624537 HTTP/1.1" 200 30
186.103.157.42 - - [13/Mar/2018:16:38:50 -0300] "GET /cormun/servlet/prsolicitudot?17138757,,,,,MD,,gxPopupLevel%3D0%3B HTTP/1.1" 200 6187
186.103.157.42 - - [13/Mar/2018:16:38:50 -0300] "GET /cormun/static/gxcfg.js?2017111422591492 HTTP/1.1" 200 953
186.103.157.42 - - [13/Mar/2018:16:38:50 -0300] "GET /cormun/static/prsolicitudot.js?2017111422591715 HTTP/1.1" 304 -
200.112.4.243 - - [13/Mar/2018:16:38:51 -0300] "GET /cormun/servlet/trsolicitudot? HTTP/1.1" 200 24493
200.112.4.243 - - [13/Mar/2018:16:38:52 -0300] "GET /cormun/servlet/trsolicitudot? HTTP/1.1" 200 24493
200.112.4.243 - - [13/Mar/2018:16:38:54 -0300] "GET /cormun/servlet/solicitudot?INS,0,0, HTTP/1.1" 200 13454
200.112.4.243 - - [13/Mar/2018:16:38:55 -0300] "GET /cormun/servlet/solicitudot?INS,0,0, HTTP/1.1" 200 13459
200.112.4.243 - - [13/Mar/2018:16:38:57 -0300] "GET /cormun/servlet/prfichaempleado?,MD,,gxPopupLevel%3D0%3B HTTP/1.1" 200 9352
200.111.191.210 - - [13/Mar/2018:16:38:58 -0300] "GET /cormun/servlet/trsolicitudot? HTTP/1.1" 200 6398
200.111.191.210 - - [13/Mar/2018:16:38:58 -0300] "GET /cormun/static/gxcfg.js?2017111422585916 HTTP/1.1" 304 -
200.111.191.210 - - [13/Mar/2018:16:38:58 -0300] "GET /cormun/static/trsolicitudot.js?201711142259839 HTTP/1.1" 304 -
200.111.191.210 - - [13/Mar/2018:16:38:59 -0300] "GET /cormun/servlet/hlogin HTTP/1.1" 200 1743
200.111.191.210 - - [13/Mar/2018:16:38:59 -0300] "GET /cormun/servlet/trsolicitudot? HTTP/1.1" 200 6397
186.103.157.42 - - [13/Mar/2018:16:39:02 -0300] "POST /cormun/servlet/solicitudot?gx-no-cache=1520969639224 HTTP/1.1" 200 1336
186.103.157.42 - - [13/Mar/2018:16:39:02 -0300] "POST /cormun/servlet/solicitudot?gx-no-cache=1520969639278 HTTP/1.1" 200 38
186.103.157.42 - - [13/Mar/2018:16:39:02 -0300] "GET /cormun/servlet/solicitudot?225e187bf8b7d65d122f9a536ab370164b747eb53d0e04eeccd1264a32423f45244b64948331614d5dc093d573a2a4aae64459364f42036f979cfbc57b14d2954b7d93b7fa365c4268ac91d45bcaa02a40a1e1cf74af90ec2bd5e79f89c21de6271fad0564df259468e032684413bdf7,gx-no-cache=1520969639312 HTTP/1.1" 200 29
186.103.157.42 - - [13/Mar/2018:16:39:02 -0300] "POST /cormun/servlet/solicitudot?gx-no-cache=1520969639343 HTTP/1.1" 200 1319
186.103.157.42 - - [13/Mar/2018:16:39:02 -0300] "POST /cormun/servlet/solicitudot?gx-no-cache=1520969639393 HTTP/1.1" 200 1218
192.168.10.96 - - [13/Mar/2018:16:39:02 -0300] "GET /cormun/servlet/trsolicitudgral? HTTP/1.1" 200 25534
186.103.157.42 - - [13/Mar/2018:16:39:02 -0300] "GET /cormun/servlet/solicitudot?225e187bf8b7d65d122f9a536ab370165317f3d378ee3a87bfa7cc4e170d00acaefc29fd2d3fa962d8935f37b26ddd3f,gx-no-cache=1520969639445 HTTP/1.1" 200 30
192.168.10.96 - - [13/Mar/2018:16:39:03 -0300] "GET /cormun/servlet/trsolicitudgral? HTTP/1.1" 200 25531
200.111.191.210 - - [13/Mar/2018:16:39:04 -0300] "POST /cormun/servlet/hlogin?ad3032baf985804d0a053b3cb204ced2,gx-no-cache=1520969894513 HTTP/1.1" 200 90
200.111.191.210 - - [13/Mar/2018:16:39:04 -0300] "GET /cormun/servlet/hpexe_link HTTP/1.1" 200 961
200.111.191.210 - - [13/Mar/2018:16:39:04 -0300] "GET /cormun/servlet/trsolicitudot HTTP/1.1" 200 6997
200.111.191.210 - - [13/Mar/2018:16:39:04 -0300] "GET /cormun/servlet/trsolicitudot HTTP/1.1" 200 6995
186.103.157.42 - - [13/Mar/2018:16:39:05 -0300] "POST /cormun/servlet/solicitudot?gx-no-cache=1520969642256 HTTP/1.1" 200 33
200.111.191.210 - - [13/Mar/2018:16:39:06 -0300] "GET /cormun/servlet/solicitudot?INS,0,0, HTTP/1.1" 200 13405
200.111.191.210 - - [13/Mar/2018:16:39:06 -0300] "GET /cormun/static/gxcfg.js?201812313224582 HTTP/1.1" 304 -
200.111.191.210 - - [13/Mar/2018:16:39:06 -0300] "GET /cormun/static/solicitudot.js?201812313224831 HTTP/1.1" 304 -
200.112.4.243 - - [13/Mar/2018:16:39:06 -0300] "POST /cormun/servlet/prfichaempleado?dbf3662682b480efbf2b6b1554a8a263,,MD,,gxPopupLevel%3D0%3B,gx-no-cache=1520969897404 HTTP/1.1" 200 3428
200.111.191.210 - - [13/Mar/2018:16:39:06 -0300] "GET /cormun/servlet/solicitudot?INS,0,0, HTTP/1.1" 200 13410
200.112.4.243 - - [13/Mar/2018:16:39:09 -0300] "POST /cormun/servlet/solicitudot?gx-no-cache=1520969900607 HTTP/1.1" 200 3395
200.112.4.243 - - [13/Mar/2018:16:39:10 -0300] "POST /cormun/servlet/solicitudot?dbf3662682b480efbf2b6b1554a8a263,INS,0,0,,gx-no-cache=1520969901070 HTTP/1.1" 200 10366
200.112.4.243 - - [13/Mar/2018:16:39:10 -0300] "GET /cormun/servlet/solicitudot?b171e0e69c1a8884e0ed4c96ecc03f89e051604a99ed181b45652d3778787b86a1f66e67e91d4f73bb85ea402cff8b51,gx-no-cache=1520969901653 HTTP/1.1" 200 30
200.111.191.210 - - [13/Mar/2018:16:39:12 -0300] "POST /cormun/servlet/solicitudot?gx-no-cache=1520969903129 HTTP/1.1" 200 3291
200.111.191.210 - - [13/Mar/2018:16:39:12 -0300] "POST /cormun/servlet/solicitudot?ad3032baf985804d0a053b3cb204ced2,INS,0,0,,gx-no-cache=1520969903244 HTTP/1.1" 200 10255
200.112.4.243 - - [13/Mar/2018:16:39:13 -0300] "GET /cormun/servlet/solicitudot?b171e0e69c1a8884e0ed4c96ecc03f89c9d7f63d9713ee8c6ac47fa0116e4672fc45666c5232076d42fb93614877b294afc0f21645a1ff12fe3481fd9ac8b53c,gx-no-cache=1520969904492 HTTP/1.1" 200 30
200.112.4.243 - - [13/Mar/2018:16:39:13 -0300] "GET /cormun/servlet/solicitudot?b171e0e69c1a8884e0ed4c96ecc03f89ed8deb0f01d17683cee9564c167a8fac,gx-no-cache=1520969904570 HTTP/1.1" 200 51
200.112.4.243 - - [13/Mar/2018:16:39:13 -0300] "POST /cormun/servlet/solicitudot?gx-no-cache=1520969904660 HTTP/1.1" 200 255
200.112.4.243 - - [13/Mar/2018:16:39:13 -0300] "GET /cormun/servlet/solicitudot?b171e0e69c1a8884e0ed4c96ecc03f8956b3cd4a8f16d40a5f39da0628b24e45d7db387393e95b17aa2dc8967503b8eab6df4b6dd93c45aaada9ab1e4973b05cd314d1d8275127ef493465a8166bd4de2e1338b28a25835cc61a684c39b804ea3194b93317932ffabe07a67c475d89583965f0fa45bad96ffba130745b93007741335100790a889dbc82ecc13d27e16d8cb890f2211b2b7ce69c0b455c93552b48a2cadeebd6e7b16f0e524f0632701970d996bcfec108eb1601699286baafaccb03867c53194b0b787e9e2f49a011052d1b6f9af455b806ea4bc409c336d3f7c8f8c03e5bdf2093c67b71c53738abd2bc3c4b630eb4c7ca60579e45fe5d6b8e8ead06aab2bc6b494e3123c5366f1765806cbc8be5906c3ffd0588dd7bff828d5460f0f347d2bc9ad2885a1c97dd2214582e2b5f5dca5bffef1a956fc1e305db532f296a5bc5b0e58e544f7b881b83f2b63ec35b30fd91cd0d25c694b976c626a7d31fcaf6e17244d914e1266feef3460fc0d3d9df43aa16adafe7847f10aab0,gx-no-cache=1520969904778 HTTP/1.1" 200 30
200.111.191.210 - - [13/Mar/2018:16:39:15 -0300] "GET /cormun/servlet/solicitudot?2bb43e5629512c4897fc9d6e1b10f43160d4d9cf8424669787fd86fa450ff11ce061713677cc3618c0e078d5473c478f,gx-no-cache=1520969905907 HTTP/1.1" 200 30
192.168.10.96 - - [13/Mar/2018:16:39:18 -0300] "POST /cormun/servlet/trsolicitudgral?2017393583856da9e50af9554cf7fc29,,gx-no-cache=1520969794479 HTTP/1.1" 200 8192
200.112.4.243 - - [13/Mar/2018:16:39:25 -0300] "POST /cormun/servlet/solicitudot?gx-no-cache=1520969916781 HTTP/1.1" 200 30
200.112.4.243 - - [13/Mar/2018:16:39:29 -0300] "POST /cormun/servlet/solicitudot?gx-no-cache=1520969920530 HTTP/1.1" 200 1335
200.112.4.243 - - [13/Mar/2018:16:39:29 -0300] "POST /cormun/servlet/solicitudot?gx-no-cache=1520969920666 HTTP/1.1" 200 38
192.168.10.89 - - [13/Mar/2018:16:39:32 -0300] "POST /cormun/servlet/trsolicitudgral?c7d1b7261e9a8c6e3a3a7e3c209884a7,,gx-no-cache=1520969808733 HTTP/1.1" 200 24245
200.112.4.243 - - [13/Mar/2018:16:39:35 -0300] "GET /cormun/servlet/solicitudot?b171e0e69c1a8884e0ed4c96ecc03f8909e2d608d54e66a4a06cb510653fc5246f1dd3f27a0f98c1811190756ba204772767ba19af8479a67515d0478a556cde822cea0a74ab610caa0771c8aad29d7611eddb1a7fc8830f1ae0bab1dd477b84934f9c5079694446bd764965f6734754dd7b6748d7867cb6486f43e03f61ef3f085a706bc6ad0e62284fd9322c598410cf07b6efc5b7f8ed46f74462ca9ecd6c,gx-no-cache=1520969926686 HTTP/1.1" 200 29
200.112.4.243 - - [13/Mar/2018:16:39:35 -0300] "POST /cormun/servlet/solicitudot?gx-no-cache=1520969926819 HTTP/1.1" 200 1318
200.112.4.243 - - [13/Mar/2018:16:39:35 -0300] "POST /cormun/servlet/solicitudot?gx-no-cache=1520969927045 HTTP/1.1" 200 1218
200.112.4.243 - - [13/Mar/2018:16:39:35 -0300] "GET /cormun/static/menuarrow.gif HTTP/1.1" 404 1015
200.112.4.243 - - [13/Mar/2018:16:39:38 -0300] "POST /cormun/servlet/solicitudot?gx-no-cache=1520969929680 HTTP/1.1" 200 1318
200.112.4.243 - - [13/Mar/2018:16:39:38 -0300] "POST /cormun/servlet/solicitudot?gx-no-cache=1520969929904 HTTP/1.1" 200 1218
192.168.10.89 - - [13/Mar/2018:16:39:38 -0300] "POST /cormun/servlet/trsolicitudgral?c7d1b7261e9a8c6e3a3a7e3c209884a7,,gx-no-cache=1520969815283 HTTP/1.1" 200 5930
192.168.10.96 - - [13/Mar/2018:16:39:41 -0300] "POST /cormun/servlet/trsolicitudgral?2017393583856da9e50af9554cf7fc29,,gx-no-cache=1520969804154 HTTP/1.1" 200 26817
200.112.4.243 - - [13/Mar/2018:16:39:41 -0300] "GET /cormun/servlet/solicitudot?b171e0e69c1a8884e0ed4c96ecc03f894c6b78279807f400561dfb8a90ebfa870be636f2ccebe7373b664dfac52f72c7,gx-no-cache=1520969933124 HTTP/1.1" 200 30
207.46.13.176 - - [13/Mar/2018:16:39:49 -0300] "GET /cormun/servlet/hlogin?_escaped_fragment_= HTTP/1.1" 200 1708
200.112.4.243 - - [13/Mar/2018:16:39:49 -0300] "POST /cormun/servlet/solicitudot?gx-no-cache=1520969940604 HTTP/1.1" 200 30
192.168.10.89 - - [13/Mar/2018:16:39:50 -0300] "POST /cormun/servlet/trsolicitudgral?c7d1b7261e9a8c6e3a3a7e3c209884a7,,gx-no-cache=1520969826341 HTTP/1.1" 200 24245
40.77.178.54 - - [13/Mar/2018:16:39:51 -0300] "GET /cormun/static/Resources/Spanish/PXTools.css?11423723 HTTP/1.1" 200 89042
40.77.177.70 - - [13/Mar/2018:16:39:51 -0300] "GET /cormun/static/gxtimezone.js?85251 HTTP/1.1" 200 5781
40.77.177.157 - - [13/Mar/2018:16:39:54 -0300] "GET /cormun/static/gxgral.js?85251 HTTP/1.1" 200 384558
40.77.177.157 - - [13/Mar/2018:16:39:55 -0300] "GET /cormun/static/gxcfg.js?20175251213516 HTTP/1.1" 200 953
40.77.179.159 - - [13/Mar/2018:16:39:56 -0300] "GET /cormun/static/messages.spa.js?85251 HTTP/1.1" 200 30736
40.77.177.244 - - [13/Mar/2018:16:39:57 -0300] "GET /cormun/static/hlogin.js?20175251213537 HTTP/1.1" 200 2136
186.103.157.42 - - [13/Mar/2018:16:39:58 -0300] "POST /cormun/servlet/solicitudot?gx-no-cache=1520969695242 HTTP/1.1" 200 297
186.103.157.42 - - [13/Mar/2018:16:39:58 -0300] "GET /cormun/servlet/solicitudot?225e187bf8b7d65d122f9a536ab37016b6c995305a44f67de82bdd1c48f7fec1b35a2b457fe740ad26c8309d0f9a2c41e91ddb09342388c9c14bfea77142b501213ae1742d14e7bf04336025e857e46d7e72c9d0ea7fe50b2851e758b4038309bbc1b75cf5e79f1add90ee0da2b337fc2936ffed3b83bb82be607daf2a20afdca08cf9c780ca83f7951447f10b1fea7c7646d23cc06c8bb88b3f68f10686eb79ff1f99befac2b57c30f049edb7688ce8423342b1d167a86bb523b6cbdb0cdd36f451d6ce8ab928b591269ce0be8a3dd6c0826c2fa4ddcdd4c7f28a3b0ae32de8bb1f632e948a462cfde608131ba29b3027b5c51013129306bc7354837addc06ce5dc5fe081aff5d92e44cbd07112b0d0045584206adcb0fa5f75bef076258c093f40dba30dae345704b712044954ae671972bf6c3afa173cf003dae24be1946735840f9e97a5f355d8c6ce0211fbdb645369b2fbae03f6b3e179259c22789a76132d28f7e98afc2e9502c7fafbe93418f063d28b8ac6e529c000cb03763fdbc1118407b758eee68207cce4c0bc96da3f,gx-no-cache=1520969695352 HTTP/1.1" 200 30
186.103.157.42 - - [13/Mar/2018:16:39:58 -0300] "POST /cormun/servlet/solicitudot?gx-no-cache=1520969695542 HTTP/1.1" 200 30
186.103.157.42 - - [13/Mar/2018:16:39:58 -0300] "POST /cormun/servlet/solicitudot?gx-no-cache=1520969695610 HTTP/1.1" 200 1337
186.103.157.42 - - [13/Mar/2018:16:39:58 -0300] "POST /cormun/servlet/solicitudot?gx-no-cache=1520969695688 HTTP/1.1" 200 41
186.103.157.42 - - [13/Mar/2018:16:39:58 -0300] "POST /cormun/servlet/solicitudot?gx-no-cache=1520969695734 HTTP/1.1" 200 1319
186.103.157.42 - - [13/Mar/2018:16:39:58 -0300] "POST /cormun/servlet/solicitudot?gx-no-cache=1520969695834 HTTP/1.1" 200 1218
186.103.157.42 - - [13/Mar/2018:16:39:58 -0300] "GET /cormun/servlet/solicitudot?225e187bf8b7d65d122f9a536ab370165317f3d378ee3a87bfa7cc4e170d00acaefc29fd2d3fa962d8935f37b26ddd3f,gx-no-cache=1520969695906 HTTP/1.1" 200 30
186.103.157.42 - - [13/Mar/2018:16:39:58 -0300] "POST /cormun/servlet/solicitudot?gx-no-cache=1520969695965 HTTP/1.1" 200 33
157.55.39.62 - - [13/Mar/2018:16:39:59 -0300] "GET /cormun/static/Resources/Spanish/PXTools.css?11423723 HTTP/1.1" 200 89042
186.103.157.42 - - [13/Mar/2018:16:39:59 -0300] "POST /cormun/servlet/solicitudot?e7ddba21f43a9dd1599282cfff5085e9,INS,0,0,,gx-no-cache=1520969696035 HTTP/1.1" 200 93
186.103.157.42 - - [13/Mar/2018:16:39:59 -0300] "GET /cormun/servlet/hpexe_return? HTTP/1.1" 200 1003
186.103.157.42 - - [13/Mar/2018:16:39:59 -0300] "GET /cormun/servlet/trsolicitudot HTTP/1.1" 200 9144
207.46.13.176 - - [13/Mar/2018:16:39:59 -0300] "GET /cormun/static/messages.spa.js?85251 HTTP/1.1" 200 30736
186.103.157.42 - - [13/Mar/2018:16:39:59 -0300] "GET /cormun/servlet/trsolicitudot HTTP/1.1" 200 9141
157.55.39.200 - - [13/Mar/2018:16:40:02 -0300] "GET /cormun/static/gxcfg.js?20175251213516 HTTP/1.1" 200 953
157.55.39.200 - - [13/Mar/2018:16:40:05 -0300] "GET /cormun/static/gxgral.js?85251 HTTP/1.1" 200 384558
157.55.39.200 - - [13/Mar/2018:16:40:05 -0300] "GET /cormun/static/gxtimezone.js?85251 HTTP/1.1" 200 5781
157.55.39.200 - - [13/Mar/2018:16:40:06 -0300] "GET /cormun/static/hlogin.js?20175251213537 HTTP/1.1" 200 2136
186.103.157.42 - - [13/Mar/2018:16:40:12 -0300] "POST /cormun/servlet/trsolicitudot?e7ddba21f43a9dd1599282cfff5085e9,gx-no-cache=1520969709326 HTTP/1.1" 200 5842
186.103.157.42 - - [13/Mar/2018:16:40:12 -0300] "GET /cormun/static/Shared/jqueryui/images/ui-icons_82798d_256x240.png HTTP/1.1" 404 1089
186.103.157.42 - - [13/Mar/2018:16:40:13 -0300] "GET /cormun/static/Shared/jqueryui/images/ui-bg_highlight-soft_100_c6c2c8_1x100.png HTTP/1.1" 404 1117
186.103.157.42 - - [13/Mar/2018:16:40:13 -0300] "GET /cormun/static/Shared/jqueryui/images/ui-icons_8d78a5_256x240.png HTTP/1.1" 404 1089
186.103.157.42 - - [13/Mar/2018:16:40:13 -0300] "GET /cormun/static/Shared/jqueryui/images/ui-bg_flat_55_fafafa_40x100.png HTTP/1.1" 404 1097
186.103.157.42 - - [13/Mar/2018:16:40:13 -0300] "POST /cormun/servlet/trsolicitudot?e7ddba21f43a9dd1599282cfff5085e9,gx-no-cache=1520969710218 HTTP/1.1" 200 5784
186.103.157.42 - - [13/Mar/2018:16:40:16 -0300] "POST /cormun/servlet/trsolicitudot?e7ddba21f43a9dd1599282cfff5085e9,gx-no-cache=1520969712417 HTTP/1.1" 200 4668
186.103.157.42 - - [13/Mar/2018:16:40:16 -0300] "POST /cormun/servlet/trsolicitudot?e7ddba21f43a9dd1599282cfff5085e9,gx-no-cache=1520969713311 HTTP/1.1" 200 4450
186.103.157.42 - - [13/Mar/2018:16:40:19 -0300] "GET /cormun/servlet/trautorizarsolicitud? HTTP/1.1" 200 9423
192.168.10.89 - - [13/Mar/2018:16:40:20 -0300] "POST /cormun/servlet/trsolicitudgral?c7d1b7261e9a8c6e3a3a7e3c209884a7,,gx-no-cache=1520969856346 HTTP/1.1" 200 9980
186.103.157.42 - - [13/Mar/2018:16:40:20 -0300] "GET /cormun/servlet/trautorizarsolicitud? HTTP/1.1" 200 9422
186.103.157.42 - - [13/Mar/2018:16:40:25 -0300] "POST /cormun/servlet/trautorizarsolicitud?e7ddba21f43a9dd1599282cfff5085e9,,gx-no-cache=1520969722375 HTTP/1.1" 200 6235
186.103.157.42 - - [13/Mar/2018:16:40:25 -0300] "GET /cormun/static/Shared/jqueryui/images/ui-bg_highlight-soft_100_c6c2c8_1x100.png HTTP/1.1" 404 1117
186.103.157.42 - - [13/Mar/2018:16:40:25 -0300] "GET /cormun/static/Shared/jqueryui/images/ui-icons_82798d_256x240.png HTTP/1.1" 404 1089
186.103.157.42 - - [13/Mar/2018:16:40:25 -0300] "GET /cormun/static/Shared/jqueryui/images/ui-bg_flat_55_fafafa_40x100.png HTTP/1.1" 404 1097
186.103.157.42 - - [13/Mar/2018:16:40:25 -0300] "GET /cormun/static/Shared/jqueryui/images/ui-icons_8d78a5_256x240.png HTTP/1.1" 404 1089
186.103.157.42 - - [13/Mar/2018:16:40:25 -0300] "POST /cormun/servlet/trautorizarsolicitud?e7ddba21f43a9dd1599282cfff5085e9,,gx-no-cache=1520969722872 HTTP/1.1" 200 6179
186.103.157.42 - - [13/Mar/2018:16:40:28 -0300] "POST /cormun/servlet/trautorizarsolicitud?e7ddba21f43a9dd1599282cfff5085e9,,gx-no-cache=1520969725348 HTTP/1.1" 200 5793
186.103.157.42 - - [13/Mar/2018:16:40:28 -0300] "POST /cormun/servlet/trautorizarsolicitud?e7ddba21f43a9dd1599282cfff5085e9,,gx-no-cache=1520969725644 HTTP/1.1" 200 5737
200.111.191.210 - - [13/Mar/2018:16:40:34 -0300] "GET /cormun/servlet/solicitudot?2bb43e5629512c4897fc9d6e1b10f4319e85937ae07a3cb37081cb7ab2f96a216f1f08221e3b4827105ebeb612d4645f990d48ae1c40a0c4750245c0d411cfdd,gx-no-cache=1520969984761 HTTP/1.1" 200 30
200.111.191.210 - - [13/Mar/2018:16:40:35 -0300] "GET /cormun/servlet/prbanco?,MD,,gxPopupLevel%3D0%3B HTTP/1.1" 200 6596
200.111.191.210 - - [13/Mar/2018:16:40:35 -0300] "GET /cormun/static/gxcfg.js?20181161016094 HTTP/1.1" 200 953
200.111.191.210 - - [13/Mar/2018:16:40:35 -0300] "GET /cormun/static/prbanco.js?2018116101633 HTTP/1.1" 200 10693
192.168.10.89 - - [13/Mar/2018:16:40:37 -0300] "POST /cormun/servlet/trsolicitudgral?c7d1b7261e9a8c6e3a3a7e3c209884a7,,gx-no-cache=1520969873487 HTTP/1.1" 200 5930
200.112.4.243 - - [13/Mar/2018:16:40:40 -0300] "POST /cormun/servlet/solicitudot?gx-no-cache=1520969991876 HTTP/1.1" 200 30
200.111.191.210 - - [13/Mar/2018:16:40:41 -0300] "GET /cormun/servlet/solicitudot?2bb43e5629512c4897fc9d6e1b10f4310764f88e746e0963dd8530e39a238e9d,gx-no-cache=1520969991451 HTTP/1.1" 200 53
200.112.4.243 - - [13/Mar/2018:16:40:50 -0300] "POST /cormun/servlet/solicitudot?gx-no-cache=1520970001258 HTTP/1.1" 200 1336
200.112.4.243 - - [13/Mar/2018:16:40:50 -0300] "POST /cormun/servlet/solicitudot?gx-no-cache=1520970001488 HTTP/1.1" 200 41
200.112.4.243 - - [13/Mar/2018:16:40:50 -0300] "POST /cormun/servlet/solicitudot?gx-no-cache=1520970001625 HTTP/1.1" 200 1318
200.112.4.243 - - [13/Mar/2018:16:40:51 -0300] "POST /cormun/servlet/solicitudot?gx-no-cache=1520970002410 HTTP/1.1" 200 1218
200.112.4.243 - - [13/Mar/2018:16:40:51 -0300] "GET /cormun/servlet/solicitudot?b171e0e69c1a8884e0ed4c96ecc03f894c6b78279807f400561dfb8a90ebfa870be636f2ccebe7373b664dfac52f72c7,gx-no-cache=1520970002813 HTTP/1.1" 200 30
200.112.4.243 - - [13/Mar/2018:16:40:51 -0300] "POST /cormun/servlet/solicitudot?gx-no-cache=1520970002938 HTTP/1.1" 200 30
200.112.4.243 - - [13/Mar/2018:16:40:52 -0300] "POST /cormun/servlet/solicitudot?dbf3662682b480efbf2b6b1554a8a263,INS,0,0,,gx-no-cache=1520970003088 HTTP/1.1" 200 93
200.112.4.243 - - [13/Mar/2018:16:40:52 -0300] "GET /cormun/servlet/hpexe_return? HTTP/1.1" 200 1009
200.112.4.243 - - [13/Mar/2018:16:40:53 -0300] "GET /cormun/servlet/trsolicitudot HTTP/1.1" 200 24655
200.112.4.243 - - [13/Mar/2018:16:40:54 -0300] "GET /cormun/servlet/trsolicitudot HTTP/1.1" 200 24650
200.111.191.210 - - [13/Mar/2018:16:40:55 -0300] "POST /cormun/servlet/solicitudot?gx-no-cache=1520970006069 HTTP/1.1" 200 297
200.111.191.210 - - [13/Mar/2018:16:40:55 -0300] "GET /cormun/servlet/solicitudot?2bb43e5629512c4897fc9d6e1b10f4310c106e64df05c334dd776019f5e06b5b17d16afccd2bae20c74b5657de1382ced1867f3b7afade70c64e2221789a0f7bf1eb024ac8ccbd43bd9f66389ab9d45e16ff576f1f156b96686a455e0190d384e91d1c251a66c1e693ba78da82a5534f012a7807626832b70d2358132454c3b04aabf5fe113fbd315207db2a1d8705ebdedfa1df1a3fe9b05ffcce73600e21f1e19388ea1a74b9f78de3fff2f91218a258137e64806da67989877d0951f23a53a8fcf720e5fa1a5c5a51191ccda867534ba2e5539836ae2a50388da385426ed1751a910dc28aae91df0aca8c6b38d57d6f62317d72d50344611ce02525180df37706ce4f29c7b8f3dba6496073dc533055abda57bede5ed299c4064b8e4bb7b20c4970273ea4362bfcc61eb7ba73db3266700c8a075bdb329a0ed24f0ed88d88eb3b94723bcf6c10fc727efca5ac1092eb8b2b07fcff76373f4b200fa49c02b1a319db7fb8d7e9c094b79a8e9b6cb12e46766206eea49f909df34cab5cb22915ab6559ceda4e3846a7fb480c0be91fde,gx-no-cache=1520970006138 HTTP/1.1" 200 30
200.111.191.210 - - [13/Mar/2018:16:40:57 -0300] "POST /cormun/servlet/solicitudot?gx-no-cache=1520970007804 HTTP/1.1" 200 30
200.111.191.210 - - [13/Mar/2018:16:40:59 -0300] "POST /cormun/servlet/solicitudot?gx-no-cache=1520970009179 HTTP/1.1" 200 1336
200.111.191.210 - - [13/Mar/2018:16:40:59 -0300] "POST /cormun/servlet/solicitudot?gx-no-cache=1520970009623 HTTP/1.1" 200 38
200.112.4.243 - - [13/Mar/2018:16:41:07 -0300] "POST /cormun/servlet/trsolicitudot?dbf3662682b480efbf2b6b1554a8a263,gx-no-cache=1520970016399 HTTP/1.1" 200 21951
200.112.4.243 - - [13/Mar/2018:16:41:07 -0300] "GET /cormun/static/Shared/jqueryui/images/ui-bg_highlight-soft_100_c6c2c8_1x100.png HTTP/1.1" 404 1117
200.112.4.243 - - [13/Mar/2018:16:41:07 -0300] "GET /cormun/static/Shared/jqueryui/images/ui-icons_82798d_256x240.png HTTP/1.1" 404 1089
200.112.4.243 - - [13/Mar/2018:16:41:07 -0300] "GET /cormun/static/Shared/jqueryui/images/ui-bg_flat_55_fafafa_40x100.png HTTP/1.1" 404 1097
200.112.4.243 - - [13/Mar/2018:16:41:07 -0300] "GET /cormun/static/Shared/jqueryui/images/ui-icons_8d78a5_256x240.png HTTP/1.1" 404 1089
200.111.191.210 - - [13/Mar/2018:16:41:08 -0300] "GET /cormun/servlet/solicitudot?2bb43e5629512c4897fc9d6e1b10f431b04ee7cc47988c259a81afecb916879860fce5acc664855b96d0e4321892fba3a0bda8e0867e3724cfad1eae108e7d912dff0fc5ea04bc93067602e8e581a88637388edce267970fe67e6e7a905c4bb50c3c4498d56f6ed7c1ec6411b4cabaa3,gx-no-cache=1520970019267 HTTP/1.1" 200 29
200.111.191.210 - - [13/Mar/2018:16:41:08 -0300] "POST /cormun/servlet/solicitudot?gx-no-cache=1520970019338 HTTP/1.1" 200 1318
200.111.191.210 - - [13/Mar/2018:16:41:09 -0300] "POST /cormun/servlet/solicitudot?gx-no-cache=1520970019412 HTTP/1.1" 200 1218
200.112.4.243 - - [13/Mar/2018:16:41:10 -0300] "POST /cormun/servlet/trsolicitudot?dbf3662682b480efbf2b6b1554a8a263,gx-no-cache=1520970019499 HTTP/1.1" 200 21889
200.112.4.243 - - [13/Mar/2018:16:41:16 -0300] "GET /cormun/servlet/hlogin HTTP/1.1" 200 1724
200.112.4.243 - - [13/Mar/2018:16:41:20 -0300] "POST /cormun/servlet/hlogin?dbf3662682b480efbf2b6b1554a8a263,gx-no-cache=1520970030823 HTTP/1.1" 200 90
200.112.4.243 - - [13/Mar/2018:16:41:20 -0300] "GET /cormun/servlet/hpexe_link HTTP/1.1" 200 953
200.112.4.243 - - [13/Mar/2018:16:41:20 -0300] "GET /cormun/servlet/hhome HTTP/1.1" 200 4205
200.112.4.243 - - [13/Mar/2018:16:41:20 -0300] "GET /cormun/servlet/hhome HTTP/1.1" 200 4201
186.103.159.189 - - [13/Mar/2018:16:41:22 -0300] "GET /cormun/servlet/solicitudot?953f1169056de5b28a937845d252cf88b46db9f8ed68055f4eb0f110f1b6847f046ef785d9f3e25c44045087bf88e6c2,gx-no-cache=1520970034377 HTTP/1.1" 200 30
186.103.159.189 - - [13/Mar/2018:16:41:22 -0300] "GET /cormun/servlet/solicitudot?953f1169056de5b28a937845d252cf885d994c1e9d34e00129f357a76b3340f3,gx-no-cache=1520970034539 HTTP/1.1" 200 94
186.103.159.189 - - [13/Mar/2018:16:41:22 -0300] "GET /cormun/static/Shared/jqueryui/images/ui-bg_highlight-soft_100_c6c2c8_1x100.png HTTP/1.1" 404 1117
186.103.159.189 - - [13/Mar/2018:16:41:22 -0300] "GET /cormun/static/Shared/jqueryui/images/ui-icons_82798d_256x240.png HTTP/1.1" 404 1089
186.103.159.189 - - [13/Mar/2018:16:41:22 -0300] "GET /cormun/static/Shared/jqueryui/images/ui-bg_flat_55_994d53_40x100.png HTTP/1.1" 404 1097
186.103.159.189 - - [13/Mar/2018:16:41:22 -0300] "GET /cormun/static/Shared/jqueryui/images/ui-icons_ebccce_256x240.png HTTP/1.1" 404 1089
186.103.159.189 - - [13/Mar/2018:16:41:22 -0300] "GET /cormun/servlet/solicitudot?953f1169056de5b28a937845d252cf882efd0c43adc5d838eedd3872aee50237,gx-no-cache=1520970034710 HTTP/1.1" 200 29
186.103.159.189 - - [13/Mar/2018:16:41:23 -0300] "POST /cormun/servlet/solicitudot?gx-no-cache=1520970034854 HTTP/1.1" 200 297
186.103.159.189 - - [13/Mar/2018:16:41:23 -0300] "GET /cormun/servlet/solicitudot?953f1169056de5b28a937845d252cf886e92f6c596ad9c3cd831f263f7ef247bd4e3e0b058365f0d91debaad462294e0a124ee85c54f3512f1f34ce258370b4bfeaa9d7f232457c50d719c80f300dc96d877d38c190955d0f4215b21d16ce5844818f8ab144a03ba49cfda8aa9d867226d806bea390e2b3810b09b08ef61dbf5ee9ce2b9d89dcdbeef270ba458fe028ebabdd6ba2dc8700f6d7669d06738a11dcd0b840716003c49d1909b2e2e87f88b7af86b40960b79d17d0770fd59f510793636f53f499b8cb881d9a03b21e609f2935a9dc6c5aee9fd23b385c110363fe059f3ac610ec12a06520aa579e0d766a30bb5b488adb6812951b5223aa3d22ae44a1e1d165d9efbbb4901b8888696f61b09475e68f8ffbe1653e0864fd066bdcb364ebdea53e03944174db5bdf399d987a16e251c260e7cf19b55c030f23a37b4855d822f547faf781290129eff993123662341d9c86a3065902f61fdcb71f20b7ae1922a5836338d723f227ba0040cdde9efbeb3461e1484d4026bc6b8506439c948553878f0602b56b7699ad4cfac92,gx-no-cache=1520970034997 HTTP/1.1" 200 30
200.112.4.243 - - [13/Mar/2018:16:41:26 -0300] "GET /cormun/servlet/trautorizarsolicitud? HTTP/1.1" 200 8684
200.112.4.243 - - [13/Mar/2018:16:41:26 -0300] "GET /cormun/servlet/trautorizarsolicitud? HTTP/1.1" 200 8682
200.112.4.243 - - [13/Mar/2018:16:41:30 -0300] "POST /cormun/servlet/trautorizarsolicitud?dbf3662682b480efbf2b6b1554a8a263,,gx-no-cache=1520970041474 HTTP/1.1" 200 4611
200.112.4.243 - - [13/Mar/2018:16:41:30 -0300] "GET /cormun/static/Shared/jqueryui/images/ui-bg_highlight-soft_100_c6c2c8_1x100.png HTTP/1.1" 404 1117
200.112.4.243 - - [13/Mar/2018:16:41:30 -0300] "GET /cormun/static/Shared/jqueryui/images/ui-icons_82798d_256x240.png HTTP/1.1" 404 1089
200.112.4.243 - - [13/Mar/2018:16:41:30 -0300] "GET /cormun/static/Shared/jqueryui/images/ui-bg_flat_55_fafafa_40x100.png HTTP/1.1" 404 1097
200.112.4.243 - - [13/Mar/2018:16:41:31 -0300] "GET /cormun/static/Shared/jqueryui/images/ui-icons_8d78a5_256x240.png HTTP/1.1" 404 1089
200.112.4.243 - - [13/Mar/2018:16:41:31 -0300] "POST /cormun/servlet/trautorizarsolicitud?dbf3662682b480efbf2b6b1554a8a263,,gx-no-cache=1520970042098 HTTP/1.1" 200 4381
