186.103.159.188 - - [13/Mar/2018:17:36:02 -0300] "POST /cormun/servlet/solicitudot?gx-no-cache=1520973312940 HTTP/1.1" 200 41
186.103.159.188 - - [13/Mar/2018:17:36:02 -0300] "POST /cormun/servlet/solicitudot?gx-no-cache=1520973313024 HTTP/1.1" 200 1319
186.103.159.188 - - [13/Mar/2018:17:36:02 -0300] "POST /cormun/servlet/solicitudot?gx-no-cache=1520973313121 HTTP/1.1" 200 1219
186.103.159.188 - - [13/Mar/2018:17:36:02 -0300] "POST /cormun/servlet/solicitudot?gx-no-cache=1520973313195 HTTP/1.1" 200 30
186.103.159.188 - - [13/Mar/2018:17:36:03 -0300] "POST /cormun/servlet/solicitudot?18a65e82f3d454fc0f110f20f01f314d,INS,0,0,,gx-no-cache=1520973313272 HTTP/1.1" 200 93
186.103.159.188 - - [13/Mar/2018:17:36:03 -0300] "GET /cormun/servlet/hpexe_return? HTTP/1.1" 200 996
186.103.159.188 - - [13/Mar/2018:17:36:04 -0300] "GET /cormun/servlet/trsolicitudot HTTP/1.1" 200 8510
186.103.159.188 - - [13/Mar/2018:17:36:04 -0300] "GET /cormun/servlet/trsolicitudot HTTP/1.1" 200 8506
190.161.236.41 - - [13/Mar/2018:17:36:25 -0300] "POST /cormun/servlet/trsolicitudot?18a65e82f3d454fc0f110f20f01f314d,gx-no-cache=1520973335652 HTTP/1.1" 200 4468
190.161.236.41 - - [13/Mar/2018:17:36:25 -0300] "GET /cormun/static/Shared/jqueryui/images/ui-bg_highlight-soft_100_c6c2c8_1x100.png HTTP/1.1" 404 1117
186.103.159.188 - - [13/Mar/2018:17:36:25 -0300] "GET /cormun/static/Shared/jqueryui/images/ui-icons_82798d_256x240.png HTTP/1.1" 404 1089
186.103.159.188 - - [13/Mar/2018:17:36:25 -0300] "GET /cormun/static/Shared/jqueryui/images/ui-bg_flat_55_fafafa_40x100.png HTTP/1.1" 404 1097
190.161.236.41 - - [13/Mar/2018:17:36:25 -0300] "GET /cormun/static/Shared/jqueryui/images/ui-icons_8d78a5_256x240.png HTTP/1.1" 404 1089
186.103.159.188 - - [13/Mar/2018:17:36:25 -0300] "POST /cormun/servlet/trsolicitudot?18a65e82f3d454fc0f110f20f01f314d,gx-no-cache=1520973336035 HTTP/1.1" 200 4248
192.168.10.61 - - [13/Mar/2018:17:37:25 -0300] "POST /cormun/servlet/trsolicitudgral?a230f014be8842e3c1875552f445dc86,,gx-no-cache=1520973282287 HTTP/1.1" 200 7628
192.168.10.61 - - [13/Mar/2018:17:37:44 -0300] "POST /cormun/servlet/trsolicitudgral?a230f014be8842e3c1875552f445dc86,,gx-no-cache=1520973300984 HTTP/1.1" 200 7990
192.168.10.61 - - [13/Mar/2018:17:37:50 -0300] "POST /cormun/servlet/trsolicitudgral?a230f014be8842e3c1875552f445dc86,,gx-no-cache=1520973306561 HTTP/1.1" 200 5849
192.168.10.61 - - [13/Mar/2018:17:37:55 -0300] "POST /cormun/servlet/trsolicitudgral?a230f014be8842e3c1875552f445dc86,,gx-no-cache=1520973311527 HTTP/1.1" 200 8607
186.79.169.214 - - [13/Mar/2018:17:38:05 -0300] "GET /cormun/servlet/hlogin HTTP/1.1" 200 1727
186.79.169.214 - - [13/Mar/2018:17:38:05 -0300] "GET /cormun/static/gxtimezone.js?85251 HTTP/1.1" 200 5781
186.79.169.214 - - [13/Mar/2018:17:38:05 -0300] "GET /cormun/static/gxcfg.js?20175251213516 HTTP/1.1" 200 953
186.79.169.214 - - [13/Mar/2018:17:38:05 -0300] "GET /cormun/static/messages.spa.js?85251 HTTP/1.1" 200 30736
186.79.169.214 - - [13/Mar/2018:17:38:05 -0300] "GET /cormun/servlet/hlogin HTTP/1.1" 200 1734
186.79.169.214 - - [13/Mar/2018:17:38:11 -0300] "POST /cormun/servlet/hlogin?21d8ca862d002fdeed378afa61f725d3,gx-no-cache=1520973441263 HTTP/1.1" 200 90
186.79.169.214 - - [13/Mar/2018:17:38:11 -0300] "GET /cormun/servlet/hpexe_link HTTP/1.1" 200 952
186.79.169.214 - - [13/Mar/2018:17:38:11 -0300] "GET /cormun/static/gxcfg.js?20177612121792 HTTP/1.1" 304 -
186.79.169.214 - - [13/Mar/2018:17:38:11 -0300] "GET /cormun/servlet/hhome HTTP/1.1" 200 4162
186.79.169.214 - - [13/Mar/2018:17:38:12 -0300] "GET /cormun/static/gxcfg.js?20175251212442 HTTP/1.1" 304 -
186.79.169.214 - - [13/Mar/2018:17:38:13 -0300] "GET /cormun/servlet/hhome HTTP/1.1" 200 4160
192.168.10.61 - - [13/Mar/2018:17:38:13 -0300] "POST /cormun/servlet/trsolicitudgral?a230f014be8842e3c1875552f445dc86,,gx-no-cache=1520973330048 HTTP/1.1" 200 7627
192.168.10.61 - - [13/Mar/2018:17:38:32 -0300] "POST /cormun/servlet/trsolicitudgral?a230f014be8842e3c1875552f445dc86,,gx-no-cache=1520973349032 HTTP/1.1" 200 5849
40.77.178.42 - - [13/Mar/2018:17:40:58 -0300] "GET /cormun/servlet/hlogin HTTP/1.1" 200 5100
66.249.83.7 - - [13/Mar/2018:17:41:07 -0300] "GET /cormun/servlet/hlogin HTTP/1.1" 200 1723
66.249.83.5 - - [13/Mar/2018:17:41:07 -0300] "GET /cormun/servlet/hlogin?_escaped_fragment_= HTTP/1.1" 200 1718
66.249.83.7 - - [13/Mar/2018:17:41:07 -0300] "GET /favicon.ico HTTP/1.1" 200 21630
192.168.10.61 - - [13/Mar/2018:17:42:05 -0300] "POST /cormun/servlet/trsolicitudgral?a230f014be8842e3c1875552f445dc86,,gx-no-cache=1520973562304 HTTP/1.1" 200 7626
192.168.10.61 - - [13/Mar/2018:17:42:15 -0300] "POST /cormun/servlet/trsolicitudgral?a230f014be8842e3c1875552f445dc86,,gx-no-cache=1520973571456 HTTP/1.1" 200 5848
190.151.100.218 - - [13/Mar/2018:17:42:25 -0300] "GET /cormun/servlet/hlogin HTTP/1.1" 200 1724
190.151.100.218 - - [13/Mar/2018:17:42:26 -0300] "GET /cormun/servlet/hlogin HTTP/1.1" 200 1728
190.151.100.218 - - [13/Mar/2018:17:42:26 -0300] "GET /favicon.ico HTTP/1.1" 200 21630
192.168.10.61 - - [13/Mar/2018:17:42:34 -0300] "POST /cormun/servlet/trsolicitudgral?a230f014be8842e3c1875552f445dc86,,gx-no-cache=1520973590999 HTTP/1.1" 200 5849
192.168.10.61 - - [13/Mar/2018:17:42:39 -0300] "POST /cormun/servlet/trsolicitudgral?a230f014be8842e3c1875552f445dc86,,gx-no-cache=1520973595959 HTTP/1.1" 200 7988
200.111.122.170 - - [13/Mar/2018:17:42:53 -0300] "POST /cormun/servlet/hlogin?60e49ed3cae43477f5dc6ec1956a4ac1,gx-no-cache=1520973736609 HTTP/1.1" 200 90
200.111.122.170 - - [13/Mar/2018:17:42:53 -0300] "GET /cormun/servlet/hpexe_link HTTP/1.1" 200 948
186.103.161.206 - - [13/Mar/2018:17:42:55 -0300] "GET /cormun/static/gxcfg.js?20177612121792 HTTP/1.1" 200 953
186.103.161.206 - - [13/Mar/2018:17:42:55 -0300] "GET /cormun/static/hpexe_link.js?20177612121795 HTTP/1.1" 200 625
200.111.122.170 - - [13/Mar/2018:17:42:55 -0300] "GET /cormun/static/Resources/Spanish/PXTools.css?1155365 HTTP/1.1" 200 89042
200.111.122.170 - - [13/Mar/2018:17:42:56 -0300] "GET /cormun/servlet/hhome HTTP/1.1" 200 4070
200.111.122.170 - - [13/Mar/2018:17:42:56 -0300] "GET /cormun/static/gxcfg.js?20175251212442 HTTP/1.1" 200 953
200.111.122.170 - - [13/Mar/2018:17:42:56 -0300] "GET /cormun/static/hhome.js?20175251212450 HTTP/1.1" 200 777
200.111.122.170 - - [13/Mar/2018:17:42:57 -0300] "GET /cormun/servlet/hhome HTTP/1.1" 200 4066
186.103.132.155 - - [13/Mar/2018:17:42:59 -0300] "GET /cormun/servlet/trsolicitudot? HTTP/1.1" 200 7284
186.103.161.206 - - [13/Mar/2018:17:43:00 -0300] "GET /cormun/static/gxcfg.js?2017111422585916 HTTP/1.1" 200 953
186.103.132.155 - - [13/Mar/2018:17:43:00 -0300] "GET /cormun/static/gxui/gxui-all.css?120300 HTTP/1.1" 200 2179
186.103.161.206 - - [13/Mar/2018:17:43:00 -0300] "GET /cormun/static/Resources/PXTools/calendar.png HTTP/1.1" 200 1306
186.103.161.206 - - [13/Mar/2018:17:43:00 -0300] "GET /cormun/static/Resources/PXToolsDataSearch.png HTTP/1.1" 200 419
186.103.161.206 - - [13/Mar/2018:17:43:01 -0300] "GET /cormun/static/Resources/PXToolsGridFirstDisabled.gif HTTP/1.1" 200 100
186.103.161.206 - - [13/Mar/2018:17:43:01 -0300] "GET /cormun/static/Resources/PXToolsGridPreviousDisabled.gif HTTP/1.1" 200 90
186.103.161.206 - - [13/Mar/2018:17:43:01 -0300] "GET /cormun/static/Resources/PXToolsGridNextDisabled.gif HTTP/1.1" 200 90
186.103.161.206 - - [13/Mar/2018:17:43:01 -0300] "GET /cormun/static/Resources/PXToolsGridLastDisabled.gif HTTP/1.1" 200 98
186.103.161.206 - - [13/Mar/2018:17:43:02 -0300] "GET /cormun/static/Resources/PXToolsGridPage.gif HTTP/1.1" 200 725
186.103.161.206 - - [13/Mar/2018:17:43:02 -0300] "GET /cormun/static/Resources/PXToolsActionExcel.png HTTP/1.1" 200 3187
186.103.161.206 - - [13/Mar/2018:17:43:02 -0300] "GET /cormun/static/Resources/PXToolsGridNew.png HTTP/1.1" 200 2949
186.103.132.155 - - [13/Mar/2018:17:43:02 -0300] "GET /cormun/static/Shared/ext/resources/css/ext-all.css?215870 HTTP/1.1" 200 416045
186.103.161.206 - - [13/Mar/2018:17:43:04 -0300] "GET /cormun/static/Resources/asc.gif HTTP/1.1" 200 67
186.103.132.155 - - [13/Mar/2018:17:43:04 -0300] "GET /cormun/static/Resources/desc.gif HTTP/1.1" 200 65
186.103.132.155 - - [13/Mar/2018:17:43:04 -0300] "GET /cormun/servlet/trsolicitudot? HTTP/1.1" 200 7283
186.103.161.206 - - [13/Mar/2018:17:43:05 -0300] "GET /cormun/static/Shared/ext/resources/themes/images/default/tools/tool-sprites.gif HTTP/1.1" 200 5434
186.103.132.155 - - [13/Mar/2018:17:43:05 -0300] "GET /cormun/static/Shared/ext/resources/themes/images/default/panel/bg-headersPanel.png HTTP/1.1" 200 255
186.103.132.155 - - [13/Mar/2018:17:43:27 -0300] "GET /cormun/servlet/solicitudot?INS,0,0, HTTP/1.1" 200 13517
186.67.203.186 - - [13/Mar/2018:17:43:28 -0300] "GET /cormun/static/gxcfg.js?201812313224582 HTTP/1.1" 200 953
186.67.203.186 - - [13/Mar/2018:17:43:28 -0300] "GET /cormun/static/Resources/prompt.gif HTTP/1.1" 200 902
186.67.203.186 - - [13/Mar/2018:17:43:29 -0300] "GET /cormun/servlet/solicitudot?INS,0,0, HTTP/1.1" 200 13522
192.168.10.61 - - [13/Mar/2018:17:44:21 -0300] "POST /cormun/servlet/trsolicitudgral?a230f014be8842e3c1875552f445dc86,,gx-no-cache=1520973697966 HTTP/1.1" 200 7732
192.168.10.61 - - [13/Mar/2018:17:44:31 -0300] "POST /cormun/servlet/trsolicitudgral?a230f014be8842e3c1875552f445dc86,,gx-no-cache=1520973707614 HTTP/1.1" 200 9722
200.72.197.82 - - [13/Mar/2018:17:44:43 -0300] "POST /cormun/servlet/solicitudot?gx-no-cache=1520973846248 HTTP/1.1" 200 3284
200.72.197.82 - - [13/Mar/2018:17:44:45 -0300] "POST /cormun/servlet/solicitudot?60e49ed3cae43477f5dc6ec1956a4ac1,INS,0,0,,gx-no-cache=1520973848014 HTTP/1.1" 200 10439
190.151.100.218 - - [13/Mar/2018:17:44:49 -0300] "GET /cormun/servlet/solicitudot?78e322e356dacf1314cd9cac135c2daae13d79b52f37e8f8e292e192118bf7574977e0fb47a1ef8ce676eeac089610b4,gx-no-cache=1520973852544 HTTP/1.1" 200 30
186.103.132.155 - - [13/Mar/2018:17:49:14 -0300] "GET /cormun/servlet/solicitudot?78e322e356dacf1314cd9cac135c2daa9df9f1f5e2602c01fc200be18b898e73009d89a810199459d087a28475195015d4eba531c3ae456212f3849f20121aab,gx-no-cache=1520974117573 HTTP/1.1" 200 30
200.72.197.82 - - [13/Mar/2018:17:49:39 -0300] "GET /cormun/servlet/prbanco?,MD,,gxPopupLevel%3D0%3B HTTP/1.1" 200 6487
200.72.197.82 - - [13/Mar/2018:17:49:39 -0300] "GET /cormun/static/gxcfg.js?20181161016094 HTTP/1.1" 200 953
200.72.197.82 - - [13/Mar/2018:17:49:39 -0300] "GET /cormun/static/prbanco.js?2018116101633 HTTP/1.1" 200 10693
186.67.203.186 - - [13/Mar/2018:17:49:39 -0300] "GET /cormun/static/Resources/PXToolsMenuSearch.png HTTP/1.1" 200 2914
186.67.203.186 - - [13/Mar/2018:17:49:39 -0300] "GET /cormun/static/Resources/resize.gif HTTP/1.1" 200 77
200.111.122.170 - - [13/Mar/2018:17:49:39 -0300] "GET /cormun/static/menusearch.js?201610171694467 HTTP/1.1" 200 1424
186.103.161.206 - - [13/Mar/2018:17:49:39 -0300] "GET /cormun/static/hmpwkw011.js?20177612121862 HTTP/1.1" 200 1968
186.67.203.186 - - [13/Mar/2018:17:49:39 -0300] "GET /cormun/static/Resources/PXToolsMenuSearchCancel.png HTTP/1.1" 200 2972
186.67.203.186 - - [13/Mar/2018:17:49:48 -0300] "GET /cormun/servlet/solicitudot?78e322e356dacf1314cd9cac135c2daafc675e31147863f7678d55a2816766db,gx-no-cache=1520974151338 HTTP/1.1" 200 53
186.103.159.189 - - [13/Mar/2018:17:49:55 -0300] "POST /cormun/servlet/solicitudot?gx-no-cache=1520974147761 HTTP/1.1" 440 972
186.103.159.189 - - [13/Mar/2018:17:49:58 -0300] "GET /cormun/servlet/solicitudot?INS,0,0, HTTP/1.1" 200 12658
186.103.159.189 - - [13/Mar/2018:17:50:00 -0300] "GET /cormun/servlet/solicitudot?INS,0,0, HTTP/1.1" 200 12658
186.103.159.189 - - [13/Mar/2018:17:50:00 -0300] "GET /cormun/servlet/hlogin HTTP/1.1" 200 1744
186.103.132.155 - - [13/Mar/2018:17:50:09 -0300] "POST /cormun/servlet/solicitudot?60e49ed3cae43477f5dc6ec1956a4ac1,INS,0,0,,gx-no-cache=1520974164880 HTTP/1.1" 200 10648
186.103.161.206 - - [13/Mar/2018:17:50:09 -0300] "GET /cormun/static/Shared/jqueryui/images/ui-icons_82798d_256x240.png HTTP/1.1" 404 1089
186.103.161.206 - - [13/Mar/2018:17:50:09 -0300] "GET /cormun/static/Shared/jqueryui/images/ui-bg_flat_55_fafafa_40x100.png HTTP/1.1" 404 1097
186.103.161.206 - - [13/Mar/2018:17:50:09 -0300] "GET /cormun/static/Shared/jqueryui/images/ui-icons_8d78a5_256x240.png HTTP/1.1" 404 1089
186.103.132.155 - - [13/Mar/2018:17:50:10 -0300] "GET /cormun/static/Shared/jqueryui/images/ui-bg_highlight-soft_100_c6c2c8_1x100.png HTTP/1.1" 404 1117
186.103.132.155 - - [13/Mar/2018:17:50:14 -0300] "GET /cormun/servlet/solicitudot?78e322e356dacf1314cd9cac135c2daaa2b6602b6bba32490a56cf6bda373aa3520e3888d6f1bb1db2bce2c210749c59e54e94c30b21d92d1150d2eef644d217,gx-no-cache=1520974178028 HTTP/1.1" 200 53
186.103.132.155 - - [13/Mar/2018:17:50:15 -0300] "POST /cormun/servlet/solicitudot?gx-no-cache=1520974178298 HTTP/1.1" 200 297
186.103.159.189 - - [13/Mar/2018:17:50:16 -0300] "POST /cormun/servlet/hlogin?7001f7900e5648a645712d23fb125d25,gx-no-cache=1520974167169 HTTP/1.1" 200 454
186.103.132.155 - - [13/Mar/2018:17:50:20 -0300] "GET /cormun/servlet/solicitudot?78e322e356dacf1314cd9cac135c2daa591eec0b2ba90bc1c683727631dcd3fefaa252abff3abda9fb094eba922c68b008f1096c443538d4440b0140e04469cd5691429a498c395f4104413eb56cf5f91e95e0725f08accdbbe4b7fc868d696c57a302ee6527107e2924109e8ff93a4d1a6a1957c4da69da0359589a8a2e6cff73ad2c0dd31d5b0b80269d0dfcc6e304144d4429a7646663a1a4abab0cc3153f9083365dbb20185adbd989b28693b827c7d93d1e7327ff5cd563b6d02f00e70beb8ec4ddc8477572dc50259dd18f8d1817b25de31c6b0de11449e5b98729cc522fb23229dce355457f398831e0287f4f0a2725598c0ae962260de68f49ad35afa1c9d28932a940261b6efcfe92dab12eb01df7dd0ab13e5b4bdc87d56df83a12273d0e84518bc9316ba6c9139d6e03cb9b766754ec02c6663c6955aa897d75a3b74605c89233f852c6d9ab977ee8209dcfc3eb8cdf99a18db60a058269bb5d2f5975eba231560eaab308ada8a84ecd2d6a49bd29e443dea5121c750141d1e12405fd051256ff90d3784dc7f034965d33,gx-no-cache=1520974180581 HTTP/1.1" 200 30
186.103.159.189 - - [13/Mar/2018:17:50:23 -0300] "POST /cormun/servlet/hlogin?7001f7900e5648a645712d23fb125d25,gx-no-cache=1520974175014 HTTP/1.1" 200 90
186.103.159.189 - - [13/Mar/2018:17:50:23 -0300] "GET /cormun/servlet/hpexe_link HTTP/1.1" 200 964
186.103.159.189 - - [13/Mar/2018:17:50:23 -0300] "GET /cormun/servlet/solicitudot?INS,0,0, HTTP/1.1" 200 13260
186.103.132.155 - - [13/Mar/2018:17:50:23 -0300] "POST /cormun/servlet/solicitudot?gx-no-cache=1520974186575 HTTP/1.1" 200 30
186.103.132.155 - - [13/Mar/2018:17:50:25 -0300] "POST /cormun/servlet/solicitudot?gx-no-cache=1520974188290 HTTP/1.1" 200 1333
186.103.132.155 - - [13/Mar/2018:17:50:25 -0300] "POST /cormun/servlet/solicitudot?gx-no-cache=1520974188544 HTTP/1.1" 200 38
186.103.159.189 - - [13/Mar/2018:17:50:25 -0300] "GET /cormun/servlet/solicitudot?INS,0,0, HTTP/1.1" 200 13265
186.103.159.189 - - [13/Mar/2018:17:50:30 -0300] "GET /cormun/servlet/trsolicitudot? HTTP/1.1" 200 9769
186.103.159.189 - - [13/Mar/2018:17:50:32 -0300] "GET /cormun/servlet/trsolicitudot? HTTP/1.1" 200 9763
200.86.99.60 - - [13/Mar/2018:17:51:39 -0300] "GET /cormun/servlet/hlogin HTTP/1.1" 200 1719
200.86.99.60 - - [13/Mar/2018:17:51:39 -0300] "GET /cormun/static/gxtimezone.js?85251 HTTP/1.1" 200 5781
200.86.99.60 - - [13/Mar/2018:17:51:39 -0300] "GET /cormun/static/gxcfg.js?20175251213516 HTTP/1.1" 200 953
200.86.99.60 - - [13/Mar/2018:17:51:40 -0300] "GET /cormun/static/messages.spa.js?85251 HTTP/1.1" 200 30736
200.86.99.60 - - [13/Mar/2018:17:51:40 -0300] "GET /cormun/static/hlogin.js?20175251213537 HTTP/1.1" 200 2136
200.86.99.60 - - [13/Mar/2018:17:51:40 -0300] "GET /cormun/static/gxgral.js?85251 HTTP/1.1" 200 384558
200.86.99.60 - - [13/Mar/2018:17:51:40 -0300] "GET /cormun/static/Resources/ComunLogin.png HTTP/1.1" 200 17326
200.86.99.60 - - [13/Mar/2018:17:51:40 -0300] "GET /cormun/static/Resources/PXToolsLoginTop.png HTTP/1.1" 200 1337
200.86.99.60 - - [13/Mar/2018:17:51:40 -0300] "GET /cormun/static/Resources/PXToolsLoginBackground.png HTTP/1.1" 200 1164
200.86.99.60 - - [13/Mar/2018:17:51:40 -0300] "GET /cormun/static/Resources/PXToolsLoginBottom.png HTTP/1.1" 200 1389
200.86.99.60 - - [13/Mar/2018:17:51:40 -0300] "GET /cormun/static/Resources/PXToolsButtonLeft21.png HTTP/1.1" 200 1287
200.86.99.60 - - [13/Mar/2018:17:51:40 -0300] "GET /cormun/static/Resources/PXToolsButtonBackground2.png HTTP/1.1" 200 1181
200.86.99.60 - - [13/Mar/2018:17:51:40 -0300] "GET /cormun/static/Resources/indicator.gif HTTP/1.1" 200 1553
200.86.99.60 - - [13/Mar/2018:17:51:40 -0300] "GET /cormun/static/Resources/PXToolsButtonRight21.png HTTP/1.1" 200 1283
200.86.99.60 - - [13/Mar/2018:17:51:40 -0300] "GET /cormun/servlet/hlogin HTTP/1.1" 200 1729
186.103.159.189 - - [13/Mar/2018:17:51:44 -0300] "POST /cormun/servlet/trsolicitudot?7001f7900e5648a645712d23fb125d25,,gx-no-cache=1520974255723 HTTP/1.1" 200 6434
186.103.159.189 - - [13/Mar/2018:17:51:44 -0300] "GET /cormun/static/Shared/jqueryui/images/ui-bg_highlight-soft_100_c6c2c8_1x100.png HTTP/1.1" 404 1117
186.103.159.189 - - [13/Mar/2018:17:51:44 -0300] "GET /cormun/static/Shared/jqueryui/images/ui-icons_8d78a5_256x240.png HTTP/1.1" 404 1089
186.103.159.189 - - [13/Mar/2018:17:51:44 -0300] "GET /cormun/static/Shared/jqueryui/images/ui-bg_flat_55_fafafa_40x100.png HTTP/1.1" 404 1097
186.103.159.189 - - [13/Mar/2018:17:51:45 -0300] "GET /cormun/static/Shared/jqueryui/images/ui-icons_82798d_256x240.png HTTP/1.1" 404 1089
186.103.159.189 - - [13/Mar/2018:17:51:45 -0300] "POST /cormun/servlet/trsolicitudot?7001f7900e5648a645712d23fb125d25,,gx-no-cache=1520974256828 HTTP/1.1" 200 6375
186.103.159.189 - - [13/Mar/2018:17:51:48 -0300] "POST /cormun/servlet/trsolicitudot?7001f7900e5648a645712d23fb125d25,,gx-no-cache=1520974260091 HTTP/1.1" 200 6052
186.103.159.189 - - [13/Mar/2018:17:51:48 -0300] "POST /cormun/servlet/trsolicitudot?7001f7900e5648a645712d23fb125d25,,gx-no-cache=1520974260623 HTTP/1.1" 200 5994
186.103.159.189 - - [13/Mar/2018:17:51:51 -0300] "POST /cormun/servlet/trsolicitudot?7001f7900e5648a645712d23fb125d25,,gx-no-cache=1520974263076 HTTP/1.1" 200 5642
186.103.159.189 - - [13/Mar/2018:17:51:51 -0300] "POST /cormun/servlet/trsolicitudot?7001f7900e5648a645712d23fb125d25,,gx-no-cache=1520974263536 HTTP/1.1" 200 5584
186.103.159.189 - - [13/Mar/2018:17:51:53 -0300] "POST /cormun/servlet/trsolicitudot?7001f7900e5648a645712d23fb125d25,,gx-no-cache=1520974264596 HTTP/1.1" 200 4462
186.103.159.189 - - [13/Mar/2018:17:51:53 -0300] "POST /cormun/servlet/trsolicitudot?7001f7900e5648a645712d23fb125d25,,gx-no-cache=1520974265442 HTTP/1.1" 200 4246
190.151.100.218 - - [13/Mar/2018:17:52:01 -0300] "GET /cormun/servlet/solicitudot?78e322e356dacf1314cd9cac135c2daa04b8c9bb637fb214ce95986cdcb010aa0634d1c36efe16b79ce57831fd950661b8248784e5df219e70faa81158285613f2604113833eed035967c952d94f883770d47edb40b5af45728036599a1d1b4acf60e648fa3e3fa95f937aa90715b7ab,gx-no-cache=1520974284669 HTTP/1.1" 200 29
190.151.100.218 - - [13/Mar/2018:17:52:02 -0300] "POST /cormun/servlet/solicitudot?gx-no-cache=1520974285360 HTTP/1.1" 200 1318
190.151.100.218 - - [13/Mar/2018:17:52:03 -0300] "POST /cormun/servlet/solicitudot?gx-no-cache=1520974286284 HTTP/1.1" 200 1215
186.103.132.155 - - [13/Mar/2018:17:52:40 -0300] "GET /cormun/static/menuarrow.gif HTTP/1.1" 404 1015
186.103.132.155 - - [13/Mar/2018:17:52:46 -0300] "GET /cormun/servlet/solicitudot?78e322e356dacf1314cd9cac135c2daad8ea1cd807e05fb423edb7cb42c490270fea621eaa35e6d5906b90d6f15e2d29,gx-no-cache=1520974329798 HTTP/1.1" 200 30
186.103.159.189 - - [13/Mar/2018:17:52:53 -0300] "GET /cormun/servlet/hlogin HTTP/1.1" 200 1719
190.151.100.218 - - [13/Mar/2018:17:52:58 -0300] "POST /cormun/servlet/solicitudot?gx-no-cache=1520974341828 HTTP/1.1" 200 30
186.103.159.189 - - [13/Mar/2018:17:53:16 -0300] "POST /cormun/servlet/hlogin?7001f7900e5648a645712d23fb125d25,gx-no-cache=1520974348836 HTTP/1.1" 200 425
192.168.10.96 - - [13/Mar/2018:17:53:28 -0300] "GET /cormun/servlet/trsolicitudgral? HTTP/1.1" 500 10
186.103.159.189 - - [13/Mar/2018:17:53:28 -0300] "POST /cormun/servlet/hlogin?7001f7900e5648a645712d23fb125d25,gx-no-cache=1520974359520 HTTP/1.1" 200 90
186.103.159.189 - - [13/Mar/2018:17:53:28 -0300] "GET /cormun/servlet/hpexe_link HTTP/1.1" 200 952
186.103.159.189 - - [13/Mar/2018:17:53:29 -0300] "GET /cormun/servlet/hhome HTTP/1.1" 200 4175
186.103.159.189 - - [13/Mar/2018:17:53:30 -0300] "GET /cormun/servlet/hhome HTTP/1.1" 200 4171
192.168.10.96 - - [13/Mar/2018:17:53:30 -0300] "GET /cormun/servlet/trsolicitudgral? HTTP/1.1" 500 10
190.151.100.218 - - [13/Mar/2018:17:53:33 -0300] "POST /cormun/servlet/solicitudot?60e49ed3cae43477f5dc6ec1956a4ac1,INS,0,0,,gx-no-cache=1520974375826 HTTP/1.1" 200 93
192.168.10.96 - - [13/Mar/2018:17:53:33 -0300] "GET /cormun/servlet/hlogin HTTP/1.1" 200 1720
190.151.100.218 - - [13/Mar/2018:17:53:33 -0300] "GET /cormun/servlet/hpexe_return? HTTP/1.1" 200 1005
186.103.161.206 - - [13/Mar/2018:17:53:34 -0300] "GET /cormun/static/gxcfg.js?2016101716175148 HTTP/1.1" 200 953
186.103.161.206 - - [13/Mar/2018:17:53:34 -0300] "GET /cormun/static/hpexe_return.js?2016101716175153 HTTP/1.1" 200 1633
190.151.100.218 - - [13/Mar/2018:17:53:35 -0300] "GET /cormun/static/Resources/Spanish/PXTools.css?167811 HTTP/1.1" 200 89042
190.151.100.218 - - [13/Mar/2018:17:53:35 -0300] "GET /cormun/servlet/trsolicitudot HTTP/1.1" 200 8666
186.103.161.206 - - [13/Mar/2018:17:53:36 -0300] "GET /cormun//static/Resources/PXToolsActionView.png HTTP/1.1" 200 2995
200.111.122.170 - - [13/Mar/2018:17:53:36 -0300] "GET /cormun//static/Resources/PXToolsRemoveAllAction.png HTTP/1.1" 200 3558
186.67.203.186 - - [13/Mar/2018:17:53:36 -0300] "GET /cormun//static/Resources/PXTools/ActionInsert.png HTTP/1.1" 200 1482
186.103.161.206 - - [13/Mar/2018:17:53:36 -0300] "GET /cormun//static/Resources/PXToolsGridUpdate.png HTTP/1.1" 200 2984
200.111.122.170 - - [13/Mar/2018:17:53:36 -0300] "GET /cormun//static/Resources/PXToolsGridDelete.png HTTP/1.1" 200 357
190.151.100.218 - - [13/Mar/2018:17:53:36 -0300] "GET /cormun/servlet/trsolicitudot HTTP/1.1" 200 8662
186.103.159.189 - - [13/Mar/2018:17:53:38 -0300] "GET /cormun/servlet/trautorizarsolicitud? HTTP/1.1" 200 10217
186.103.159.189 - - [13/Mar/2018:17:53:38 -0300] "GET /cormun/static/gxcfg.js?2017111423403364 HTTP/1.1" 304 -
186.103.159.189 - - [13/Mar/2018:17:53:40 -0300] "GET /cormun/servlet/trautorizarsolicitud? HTTP/1.1" 200 10215
186.103.161.206 - - [13/Mar/2018:17:53:42 -0300] "POST /cormun/servlet/trsolicitudot?60e49ed3cae43477f5dc6ec1956a4ac1,gx-no-cache=1520974385648 HTTP/1.1" 200 107
186.103.161.206 - - [13/Mar/2018:17:53:42 -0300] "GET /cormun/servlet/trsolicitudadjuntos?2018,10431, HTTP/1.1" 200 6163
200.111.122.170 - - [13/Mar/2018:17:53:42 -0300] "GET /cormun/static/gxcfg.js?20177612135366 HTTP/1.1" 200 953
200.111.122.170 - - [13/Mar/2018:17:53:42 -0300] "GET /cormun/static/calendar-system.css?75620 HTTP/1.1" 200 5572
190.151.100.218 - - [13/Mar/2018:17:53:42 -0300] "GET /cormun/static/gxui/gxui-all.css?110300 HTTP/1.1" 200 2179
190.151.100.218 - - [13/Mar/2018:17:53:42 -0300] "GET /cormun/static/trsolicitudadjuntos.js?20177612135632 HTTP/1.1" 200 17922
186.103.161.206 - - [13/Mar/2018:17:53:43 -0300] "GET /cormun/static/Shared/ext/resources/css/ext-all.css?205870 HTTP/1.1" 200 416045
186.103.161.206 - - [13/Mar/2018:17:53:43 -0300] "GET /cormun/servlet/trsolicitudadjuntos?2018,10431, HTTP/1.1" 200 6163
192.168.10.96 - - [13/Mar/2018:17:53:47 -0300] "POST /cormun/servlet/hlogin?5bb5443ce5ff2e696afa7654ab9d5f2c,gx-no-cache=1520974264342 HTTP/1.1" 200 90
192.168.10.96 - - [13/Mar/2018:17:53:48 -0300] "GET /cormun/servlet/hpexe_link HTTP/1.1" 200 948
192.168.10.96 - - [13/Mar/2018:17:53:48 -0300] "GET /cormun/servlet/hhome HTTP/1.1" 200 4702
192.168.10.96 - - [13/Mar/2018:17:53:48 -0300] "GET /cormun/servlet/hhome HTTP/1.1" 200 4701
186.103.132.155 - - [13/Mar/2018:17:53:50 -0300] "GET /cormun/servlet/solicitudotadjuntos?INS,2018,10431,,1, HTTP/1.1" 200 6113
186.103.132.155 - - [13/Mar/2018:17:53:50 -0300] "GET /cormun/static/gxcfg.js?2017761244068 HTTP/1.1" 200 953
186.103.161.206 - - [13/Mar/2018:17:53:50 -0300] "GET /cormun/static/solicitudotadjuntos.js?2017761244086 HTTP/1.1" 200 11771
186.103.161.206 - - [13/Mar/2018:17:53:50 -0300] "GET /cormun/static/about:blank HTTP/1.1" 404 1011
186.103.161.206 - - [13/Mar/2018:17:53:51 -0300] "GET /cormun/servlet/solicitudotadjuntos?INS,2018,10431,,1, HTTP/1.1" 200 6106
186.103.132.155 - - [13/Mar/2018:17:53:51 -0300] "GET /cormun/servlet/solicitudotadjuntos?78e322e356dacf1314cd9cac135c2daaea710ee90fb42f0a3ecef44b18f221732a331320ec56ab2f8374da22059c1151,gx-no-cache=1520974394912 HTTP/1.1" 200 30
186.103.159.189 - - [13/Mar/2018:17:53:52 -0300] "POST /cormun/servlet/trautorizarsolicitud?7001f7900e5648a645712d23fb125d25,,gx-no-cache=1520974381881 HTTP/1.1" 200 7020
186.103.159.189 - - [13/Mar/2018:17:53:53 -0300] "GET /cormun/static/Shared/jqueryui/images/ui-bg_highlight-soft_100_c6c2c8_1x100.png HTTP/1.1" 404 1117
186.103.159.189 - - [13/Mar/2018:17:53:53 -0300] "GET /cormun/static/Shared/jqueryui/images/ui-bg_flat_55_fafafa_40x100.png HTTP/1.1" 404 1097
186.103.159.189 - - [13/Mar/2018:17:53:53 -0300] "GET /cormun/static/Shared/jqueryui/images/ui-icons_8d78a5_256x240.png HTTP/1.1" 404 1089
186.103.132.155 - - [13/Mar/2018:17:53:53 -0300] "POST /cormun/servlet/solicitudotadjuntos?60e49ed3cae43477f5dc6ec1956a4ac1,INS,2018,10431,,1,,gx-no-cache=1520974395094 HTTP/1.1" 200 3993
186.103.159.189 - - [13/Mar/2018:17:53:53 -0300] "GET /cormun/static/Shared/jqueryui/images/ui-icons_82798d_256x240.png HTTP/1.1" 404 1089
186.103.159.189 - - [13/Mar/2018:17:53:54 -0300] "POST /cormun/servlet/trautorizarsolicitud?7001f7900e5648a645712d23fb125d25,,gx-no-cache=1520974385320 HTTP/1.1" 200 6961
186.103.159.189 - - [13/Mar/2018:17:53:58 -0300] "POST /cormun/servlet/trautorizarsolicitud?7001f7900e5648a645712d23fb125d25,,gx-no-cache=1520974388930 HTTP/1.1" 200 6559
186.103.159.189 - - [13/Mar/2018:17:53:59 -0300] "POST /cormun/servlet/trautorizarsolicitud?7001f7900e5648a645712d23fb125d25,,gx-no-cache=1520974390764 HTTP/1.1" 200 6505
186.103.159.189 - - [13/Mar/2018:17:54:01 -0300] "POST /cormun/servlet/trautorizarsolicitud?7001f7900e5648a645712d23fb125d25,,gx-no-cache=1520974392575 HTTP/1.1" 200 6179
186.103.159.189 - - [13/Mar/2018:17:54:01 -0300] "POST /cormun/servlet/trautorizarsolicitud?7001f7900e5648a645712d23fb125d25,,gx-no-cache=1520974393359 HTTP/1.1" 200 6122
186.103.159.189 - - [13/Mar/2018:17:54:03 -0300] "POST /cormun/servlet/trautorizarsolicitud?7001f7900e5648a645712d23fb125d25,,gx-no-cache=1520974394789 HTTP/1.1" 200 5759
186.103.159.189 - - [13/Mar/2018:17:54:05 -0300] "POST /cormun/servlet/trautorizarsolicitud?7001f7900e5648a645712d23fb125d25,,gx-no-cache=1520974395741 HTTP/1.1" 200 5704
200.111.122.170 - - [13/Mar/2018:17:54:05 -0300] "POST /cormun/servlet/solicitudotadjuntos?gx-no-cache=1520974409107 HTTP/1.1" 200 26
186.103.159.189 - - [13/Mar/2018:17:54:06 -0300] "POST /cormun/servlet/trautorizarsolicitud?7001f7900e5648a645712d23fb125d25,,gx-no-cache=1520974398350 HTTP/1.1" 200 4590
186.103.159.189 - - [13/Mar/2018:17:54:07 -0300] "POST /cormun/servlet/trautorizarsolicitud?7001f7900e5648a645712d23fb125d25,,gx-no-cache=1520974398983 HTTP/1.1" 200 4375
186.103.159.189 - - [13/Mar/2018:17:54:16 -0300] "POST /cormun/servlet/trautorizarsolicitud?7001f7900e5648a645712d23fb125d25,,gx-no-cache=1520974408491 HTTP/1.1" 200 4393
186.103.159.189 - - [13/Mar/2018:17:54:18 -0300] "POST /cormun/servlet/trautorizarsolicitud?7001f7900e5648a645712d23fb125d25,,gx-no-cache=1520974409914 HTTP/1.1" 200 4393
186.103.159.189 - - [13/Mar/2018:17:54:28 -0300] "POST /cormun/servlet/trautorizarsolicitud?7001f7900e5648a645712d23fb125d25,,gx-no-cache=1520974420283 HTTP/1.1" 200 9675
200.111.122.170 - - [13/Mar/2018:17:54:35 -0300] "GET /cormun/servlet/solicitudotadjuntos?INS,2018,10431,,1, HTTP/1.1" 200 6113
200.111.122.170 - - [13/Mar/2018:17:54:37 -0300] "GET /cormun/servlet/solicitudotadjuntos?INS,2018,10431,,1, HTTP/1.1" 200 6106
186.67.203.186 - - [13/Mar/2018:17:54:37 -0300] "GET /favicon.ico HTTP/1.1" 200 21630
192.168.10.96 - - [13/Mar/2018:17:54:41 -0300] "GET /cormun/servlet/trsolicitudgral? HTTP/1.1" 200 28775
192.168.10.96 - - [13/Mar/2018:17:54:43 -0300] "GET /cormun/servlet/trsolicitudgral? HTTP/1.1" 200 28773
200.111.122.170 - - [13/Mar/2018:17:54:46 -0300] "GET /cormun/servlet/solicitudotadjuntos?78e322e356dacf1314cd9cac135c2daaea710ee90fb42f0a3ecef44b18f221732a331320ec56ab2f8374da22059c1151,gx-no-cache=1520974449682 HTTP/1.1" 200 30
200.111.122.170 - - [13/Mar/2018:17:54:46 -0300] "POST /cormun/servlet/solicitudotadjuntos?60e49ed3cae43477f5dc6ec1956a4ac1,INS,2018,10431,,1,,gx-no-cache=1520974449750 HTTP/1.1" 200 3993
200.111.122.170 - - [13/Mar/2018:17:54:48 -0300] "GET /cormun/servlet/solicitudotadjuntos?INS,2018,10431,,1, HTTP/1.1" 200 6114
200.111.122.170 - - [13/Mar/2018:17:54:49 -0300] "GET /cormun/servlet/solicitudotadjuntos?INS,2018,10431,,1, HTTP/1.1" 200 6107
200.111.122.170 - - [13/Mar/2018:17:54:49 -0300] "GET /cormun/servlet/solicitudotadjuntos?78e322e356dacf1314cd9cac135c2daaea710ee90fb42f0a3ecef44b18f221732a331320ec56ab2f8374da22059c1151,gx-no-cache=1520974452867 HTTP/1.1" 200 30
200.111.122.170 - - [13/Mar/2018:17:54:49 -0300] "POST /cormun/servlet/solicitudotadjuntos?60e49ed3cae43477f5dc6ec1956a4ac1,INS,2018,10431,,1,,gx-no-cache=1520974452995 HTTP/1.1" 200 3994
186.103.132.155 - - [13/Mar/2018:17:54:58 -0300] "GET /cormun/servlet/trsolicitudadjuntos?2018,10431, HTTP/1.1" 200 6163
186.103.132.155 - - [13/Mar/2018:17:54:58 -0300] "GET /cormun/servlet/trsolicitudadjuntos?2018,10431, HTTP/1.1" 200 6163
192.168.10.96 - - [13/Mar/2018:17:55:02 -0300] "POST /cormun/servlet/trsolicitudgral?5bb5443ce5ff2e696afa7654ab9d5f2c,,gx-no-cache=1520974336217 HTTP/1.1" 200 26153
190.151.100.218 - - [13/Mar/2018:17:55:03 -0300] "GET /cormun/servlet/solicitudotadjuntos?INS,2018,10431,,1, HTTP/1.1" 200 6114
190.151.100.218 - - [13/Mar/2018:17:55:03 -0300] "GET /cormun/static/about:blank HTTP/1.1" 404 1011
190.151.100.218 - - [13/Mar/2018:17:55:04 -0300] "GET /cormun/servlet/solicitudotadjuntos?INS,2018,10431,,1, HTTP/1.1" 200 6107
186.67.203.186 - - [13/Mar/2018:17:55:04 -0300] "GET /cormun/servlet/solicitudotadjuntos?78e322e356dacf1314cd9cac135c2daaea710ee90fb42f0a3ecef44b18f221732a331320ec56ab2f8374da22059c1151,gx-no-cache=1520974467825 HTTP/1.1" 200 30
186.67.203.186 - - [13/Mar/2018:17:55:04 -0300] "POST /cormun/servlet/solicitudotadjuntos?60e49ed3cae43477f5dc6ec1956a4ac1,INS,2018,10431,,1,,gx-no-cache=1520974467904 HTTP/1.1" 200 3994
192.168.10.96 - - [13/Mar/2018:17:55:09 -0300] "POST /cormun/servlet/trsolicitudgral?5bb5443ce5ff2e696afa7654ab9d5f2c,,gx-no-cache=1520974342722 HTTP/1.1" 200 105
192.168.10.96 - - [13/Mar/2018:17:55:09 -0300] "GET /cormun/SolicitudGral-7190.xls HTTP/1.1" 200 252416
190.151.100.218 - - [13/Mar/2018:17:55:34 -0300] "POST /cormun/servlet/solicitudotadjuntos?gx-no-cache=1520974497570 HTTP/1.1" 200 26
192.168.10.96 - - [13/Mar/2018:17:55:34 -0300] "POST /cormun/servlet/trsolicitudgral?5bb5443ce5ff2e696afa7654ab9d5f2c,,gx-no-cache=1520974370644 HTTP/1.1" 200 26167
192.168.10.96 - - [13/Mar/2018:17:55:38 -0300] "POST /cormun/servlet/trsolicitudgral?5bb5443ce5ff2e696afa7654ab9d5f2c,,gx-no-cache=1520974373970 HTTP/1.1" 200 105
192.168.10.96 - - [13/Mar/2018:17:55:38 -0300] "GET /cormun/SolicitudGral-7556.xls HTTP/1.1" 200 49152
186.67.203.186 - - [13/Mar/2018:17:55:43 -0300] "GET /cormun/servlet/solicitudotadjuntos?78e322e356dacf1314cd9cac135c2daa738a32c93a48361319663e5b173eb95e,gx-no-cache=1520974507214 HTTP/1.1" 200 30
186.67.203.186 - - [13/Mar/2018:17:55:44 -0300] "GET /cormun/servlet/solicitudotadjuntos?78e322e356dacf1314cd9cac135c2daa738a32c93a48361319663e5b173eb95e,gx-no-cache=1520974507358 HTTP/1.1" 200 30
186.67.203.186 - - [13/Mar/2018:17:55:46 -0300] "POST /cormun/servlet/solicitudotadjuntos?60e49ed3cae43477f5dc6ec1956a4ac1,INS,2018,10431,,1, HTTP/1.1" 200 116
186.67.203.186 - - [13/Mar/2018:17:55:46 -0300] "GET /cormun/servlet/hpexe_return? HTTP/1.1" 200 1024
186.67.203.186 - - [13/Mar/2018:17:55:46 -0300] "GET /cormun/servlet/trsolicitudadjuntos?2018,10431, HTTP/1.1" 200 8567
186.67.203.186 - - [13/Mar/2018:17:55:47 -0300] "GET /cormun/servlet/trsolicitudadjuntos?2018,10431, HTTP/1.1" 200 8564
186.103.132.155 - - [13/Mar/2018:17:55:50 -0300] "GET /cormun/servlet/solicitudotadjuntos?INS,2018,10431,,1, HTTP/1.1" 200 6114
186.103.132.155 - - [13/Mar/2018:17:55:50 -0300] "GET /cormun/static/about:blank HTTP/1.1" 404 1011
200.111.122.170 - - [13/Mar/2018:17:55:50 -0300] "GET /cormun/servlet/solicitudotadjuntos?INS,2018,10431,,1, HTTP/1.1" 200 6107
186.103.132.155 - - [13/Mar/2018:17:55:50 -0300] "GET /cormun/servlet/solicitudotadjuntos?78e322e356dacf1314cd9cac135c2daaea710ee90fb42f0a3ecef44b18f221732a331320ec56ab2f8374da22059c1151,gx-no-cache=1520974514305 HTTP/1.1" 200 30
186.103.132.155 - - [13/Mar/2018:17:55:51 -0300] "POST /cormun/servlet/solicitudotadjuntos?60e49ed3cae43477f5dc6ec1956a4ac1,INS,2018,10431,,1,,gx-no-cache=1520974514592 HTTP/1.1" 200 3994
192.168.10.96 - - [13/Mar/2018:17:55:59 -0300] "POST /cormun/servlet/trsolicitudgral?5bb5443ce5ff2e696afa7654ab9d5f2c,,gx-no-cache=1520974388004 HTTP/1.1" 200 25789
186.103.132.155 - - [13/Mar/2018:17:56:04 -0300] "POST /cormun/servlet/solicitudotadjuntos?gx-no-cache=1520974527222 HTTP/1.1" 200 26
192.168.10.96 - - [13/Mar/2018:17:56:11 -0300] "POST /cormun/servlet/trsolicitudgral?5bb5443ce5ff2e696afa7654ab9d5f2c,,gx-no-cache=1520974399538 HTTP/1.1" 200 105
192.168.10.96 - - [13/Mar/2018:17:56:11 -0300] "GET /cormun/SolicitudGral-5909.xls HTTP/1.1" 200 669696
186.67.203.186 - - [13/Mar/2018:17:56:21 -0300] "GET /cormun/servlet/solicitudotadjuntos?78e322e356dacf1314cd9cac135c2daa738a32c93a48361319663e5b173eb95e,gx-no-cache=1520974545222 HTTP/1.1" 200 30
186.67.203.186 - - [13/Mar/2018:17:56:21 -0300] "GET /cormun/servlet/solicitudotadjuntos?78e322e356dacf1314cd9cac135c2daa738a32c93a48361319663e5b173eb95e,gx-no-cache=1520974545310 HTTP/1.1" 200 30
186.67.203.186 - - [13/Mar/2018:17:56:26 -0300] "POST /cormun/servlet/solicitudotadjuntos?60e49ed3cae43477f5dc6ec1956a4ac1,INS,2018,10431,,1, HTTP/1.1" 200 116
186.67.203.186 - - [13/Mar/2018:17:56:26 -0300] "GET /cormun/servlet/hpexe_return? HTTP/1.1" 200 1024
186.67.203.186 - - [13/Mar/2018:17:56:27 -0300] "GET /cormun/servlet/trsolicitudadjuntos?2018,10431, HTTP/1.1" 200 8766
186.67.203.186 - - [13/Mar/2018:17:56:28 -0300] "GET /cormun/servlet/trsolicitudadjuntos?2018,10431, HTTP/1.1" 200 8764
186.103.156.24 - - [13/Mar/2018:17:56:31 -0300] "GET /cormun/servlet/hlogin HTTP/1.1" 200 1720
186.103.156.24 - - [13/Mar/2018:17:56:32 -0300] "GET /cormun/static/gxtimezone.js?85251 HTTP/1.1" 200 5781
186.103.156.24 - - [13/Mar/2018:17:56:32 -0300] "GET /cormun/servlet/hlogin HTTP/1.1" 200 1731
186.67.203.186 - - [13/Mar/2018:17:56:39 -0300] "GET /cormun/servlet/solicitudotadjuntos?INS,2018,10431,,1, HTTP/1.1" 200 6114
200.72.197.82 - - [13/Mar/2018:17:56:40 -0300] "GET /cormun/static/about:blank HTTP/1.1" 404 1011
200.111.122.170 - - [13/Mar/2018:17:56:40 -0300] "GET /cormun/servlet/solicitudotadjuntos?INS,2018,10431,,1, HTTP/1.1" 200 6107
200.72.197.82 - - [13/Mar/2018:17:56:40 -0300] "GET /cormun/servlet/solicitudotadjuntos?78e322e356dacf1314cd9cac135c2daaea710ee90fb42f0a3ecef44b18f221732a331320ec56ab2f8374da22059c1151,gx-no-cache=1520974564070 HTTP/1.1" 200 30
200.72.197.82 - - [13/Mar/2018:17:56:40 -0300] "POST /cormun/servlet/solicitudotadjuntos?60e49ed3cae43477f5dc6ec1956a4ac1,INS,2018,10431,,1,,gx-no-cache=1520974564130 HTTP/1.1" 200 3994
186.103.156.24 - - [13/Mar/2018:17:56:43 -0300] "POST /cormun/servlet/hlogin?fa7a1c679e46313a48954b8aaafd50be,gx-no-cache=1520974553498 HTTP/1.1" 200 90
186.103.156.24 - - [13/Mar/2018:17:56:44 -0300] "GET /cormun/servlet/hpexe_link HTTP/1.1" 200 954
186.103.156.24 - - [13/Mar/2018:17:56:44 -0300] "GET /cormun/servlet/hhome HTTP/1.1" 200 4237
186.103.156.24 - - [13/Mar/2018:17:56:44 -0300] "GET /cormun/servlet/hhome HTTP/1.1" 200 4233
200.72.197.82 - - [13/Mar/2018:17:56:45 -0300] "POST /cormun/servlet/solicitudotadjuntos?gx-no-cache=1520974568607 HTTP/1.1" 200 26
186.103.156.24 - - [13/Mar/2018:17:56:48 -0300] "GET /cormun/servlet/trsolicitudot? HTTP/1.1" 200 7449
186.103.156.24 - - [13/Mar/2018:17:56:48 -0300] "GET /cormun/static/calendar.js?85251 HTTP/1.1" 304 -
186.103.156.24 - - [13/Mar/2018:17:56:48 -0300] "GET /cormun/static/calendar-setup.js?85251 HTTP/1.1" 304 -
186.103.156.24 - - [13/Mar/2018:17:56:48 -0300] "GET /cormun/static/calendar-es.js?85251 HTTP/1.1" 304 -
186.103.156.24 - - [13/Mar/2018:17:56:48 -0300] "GET /cormun/static/gxdec.js?85251 HTTP/1.1" 304 -
186.103.156.24 - - [13/Mar/2018:17:56:48 -0300] "GET /cormun/servlet/trsolicitudot? HTTP/1.1" 200 7448
192.168.10.96 - - [13/Mar/2018:17:56:49 -0300] "GET /cormun/servlet/hlogin HTTP/1.1" 200 1739
190.151.100.218 - - [13/Mar/2018:17:56:56 -0300] "GET /cormun/servlet/solicitudotadjuntos?78e322e356dacf1314cd9cac135c2daa738a32c93a48361319663e5b173eb95e,gx-no-cache=1520974579991 HTTP/1.1" 200 30
190.151.100.218 - - [13/Mar/2018:17:56:56 -0300] "GET /cormun/servlet/solicitudotadjuntos?78e322e356dacf1314cd9cac135c2daa738a32c93a48361319663e5b173eb95e,gx-no-cache=1520974580052 HTTP/1.1" 200 30
186.103.156.24 - - [13/Mar/2018:17:56:56 -0300] "POST /cormun/servlet/trsolicitudot?fa7a1c679e46313a48954b8aaafd50be,,gx-no-cache=1520974566475 HTTP/1.1" 200 6332
190.151.100.218 - - [13/Mar/2018:17:56:57 -0300] "POST /cormun/servlet/solicitudotadjuntos?60e49ed3cae43477f5dc6ec1956a4ac1,INS,2018,10431,,1, HTTP/1.1" 200 116
190.151.100.218 - - [13/Mar/2018:17:56:57 -0300] "GET /cormun/servlet/hpexe_return? HTTP/1.1" 200 1024
190.151.100.218 - - [13/Mar/2018:17:56:58 -0300] "GET /cormun/servlet/trsolicitudadjuntos?2018,10431, HTTP/1.1" 200 8946
190.151.100.218 - - [13/Mar/2018:17:56:59 -0300] "GET /cormun/servlet/trsolicitudadjuntos?2018,10431, HTTP/1.1" 200 8943
200.72.197.82 - - [13/Mar/2018:17:57:07 -0300] "GET /cormun/servlet/solicitudotadjuntos?INS,2018,10431,,1, HTTP/1.1" 200 6114
200.72.197.82 - - [13/Mar/2018:17:57:07 -0300] "GET /cormun/static/about:blank HTTP/1.1" 404 1011
200.72.197.82 - - [13/Mar/2018:17:57:07 -0300] "GET /cormun/servlet/solicitudotadjuntos?INS,2018,10431,,1, HTTP/1.1" 200 6107
186.103.132.155 - - [13/Mar/2018:17:57:07 -0300] "GET /cormun/servlet/solicitudotadjuntos?78e322e356dacf1314cd9cac135c2daaea710ee90fb42f0a3ecef44b18f221732a331320ec56ab2f8374da22059c1151,gx-no-cache=1520974591287 HTTP/1.1" 200 30
186.103.132.155 - - [13/Mar/2018:17:57:08 -0300] "POST /cormun/servlet/solicitudotadjuntos?60e49ed3cae43477f5dc6ec1956a4ac1,INS,2018,10431,,1,,gx-no-cache=1520974591344 HTTP/1.1" 200 3994
192.168.10.61 - - [13/Mar/2018:17:57:08 -0300] "POST /cormun/servlet/trsolicitudgral?a230f014be8842e3c1875552f445dc86,,gx-no-cache=1520974464820 HTTP/1.1" 200 8431
186.67.203.186 - - [13/Mar/2018:17:57:10 -0300] "POST /cormun/servlet/solicitudotadjuntos?gx-no-cache=1520974593938 HTTP/1.1" 200 26
186.103.156.24 - - [13/Mar/2018:17:57:15 -0300] "POST /cormun/servlet/trsolicitudot?fa7a1c679e46313a48954b8aaafd50be,,gx-no-cache=1520974584947 HTTP/1.1" 200 6751
190.151.100.218 - - [13/Mar/2018:17:57:28 -0300] "GET /cormun/servlet/solicitudotadjuntos?78e322e356dacf1314cd9cac135c2daa738a32c93a48361319663e5b173eb95e,gx-no-cache=1520974612026 HTTP/1.1" 200 30
190.151.100.218 - - [13/Mar/2018:17:57:28 -0300] "GET /cormun/servlet/solicitudotadjuntos?78e322e356dacf1314cd9cac135c2daa738a32c93a48361319663e5b173eb95e,gx-no-cache=1520974612104 HTTP/1.1" 200 30
190.151.100.218 - - [13/Mar/2018:17:57:30 -0300] "POST /cormun/servlet/solicitudotadjuntos?60e49ed3cae43477f5dc6ec1956a4ac1,INS,2018,10431,,1, HTTP/1.1" 200 116
190.151.100.218 - - [13/Mar/2018:17:57:30 -0300] "GET /cormun/servlet/hpexe_return? HTTP/1.1" 200 1024
190.151.100.218 - - [13/Mar/2018:17:57:30 -0300] "GET /cormun/servlet/trsolicitudadjuntos?2018,10431, HTTP/1.1" 200 9124
190.151.100.218 - - [13/Mar/2018:17:57:31 -0300] "GET /cormun/servlet/trsolicitudadjuntos?2018,10431, HTTP/1.1" 200 9125
186.103.156.24 - - [13/Mar/2018:17:57:35 -0300] "GET /cormun/servlet/vesolicitudot?2018,10141,, HTTP/1.1" 200 8613
186.103.156.24 - - [13/Mar/2018:17:57:35 -0300] "GET /cormun/pexe_scrolldiv.js HTTP/1.1" 404 1009
186.103.156.24 - - [13/Mar/2018:17:57:35 -0300] "GET /cormun/pexe_scrolldiv.js HTTP/1.1" 404 1009
186.103.156.24 - - [13/Mar/2018:17:57:35 -0300] "GET /cormun/servlet/vesolicitudot?2018,10141,, HTTP/1.1" 200 8613
186.103.156.24 - - [13/Mar/2018:17:57:41 -0300] "POST /cormun/servlet/vesolicitudot?fa7a1c679e46313a48954b8aaafd50be,2018,10141,,,gx-no-cache=1520974610998 HTTP/1.1" 200 93
186.103.156.24 - - [13/Mar/2018:17:57:41 -0300] "GET /cormun/servlet/hpexe_return? HTTP/1.1" 200 1014
186.103.156.24 - - [13/Mar/2018:17:57:41 -0300] "GET /cormun/servlet/trsolicitudot? HTTP/1.1" 200 9689
186.103.156.24 - - [13/Mar/2018:17:57:41 -0300] "GET /cormun/servlet/trsolicitudot? HTTP/1.1" 200 9685
186.103.156.24 - - [13/Mar/2018:17:57:44 -0300] "GET /cormun/servlet/vesolicitudot?2018,9987,, HTTP/1.1" 200 8622
186.103.156.24 - - [13/Mar/2018:17:57:44 -0300] "GET /cormun/pexe_scrolldiv.js HTTP/1.1" 404 1009
186.103.156.24 - - [13/Mar/2018:17:57:44 -0300] "GET /cormun/pexe_scrolldiv.js HTTP/1.1" 404 1009
186.103.156.24 - - [13/Mar/2018:17:57:44 -0300] "GET /cormun/servlet/vesolicitudot?2018,9987,, HTTP/1.1" 200 8620
190.151.100.218 - - [13/Mar/2018:17:57:44 -0300] "GET /cormun/servlet/solicitudotadjuntos?INS,2018,10431,,1, HTTP/1.1" 200 6114
190.151.100.218 - - [13/Mar/2018:17:57:45 -0300] "GET /cormun/static/about:blank HTTP/1.1" 404 1011
190.151.100.218 - - [13/Mar/2018:17:57:45 -0300] "GET /cormun/servlet/solicitudotadjuntos?INS,2018,10431,,1, HTTP/1.1" 200 6107
186.103.161.206 - - [13/Mar/2018:17:57:45 -0300] "GET /cormun/servlet/solicitudotadjuntos?78e322e356dacf1314cd9cac135c2daaea710ee90fb42f0a3ecef44b18f221732a331320ec56ab2f8374da22059c1151,gx-no-cache=1520974629068 HTTP/1.1" 200 30
186.103.161.206 - - [13/Mar/2018:17:57:45 -0300] "POST /cormun/servlet/solicitudotadjuntos?60e49ed3cae43477f5dc6ec1956a4ac1,INS,2018,10431,,1,,gx-no-cache=1520974629129 HTTP/1.1" 200 3994
186.103.161.206 - - [13/Mar/2018:17:57:48 -0300] "POST /cormun/servlet/solicitudotadjuntos?gx-no-cache=1520974631963 HTTP/1.1" 200 26
186.103.156.24 - - [13/Mar/2018:17:57:50 -0300] "POST /cormun/servlet/vesolicitudot?fa7a1c679e46313a48954b8aaafd50be,2018,9987,,,gx-no-cache=1520974620042 HTTP/1.1" 200 93
186.103.156.24 - - [13/Mar/2018:17:57:50 -0300] "GET /cormun/servlet/hpexe_return? HTTP/1.1" 200 1013
186.103.156.24 - - [13/Mar/2018:17:57:51 -0300] "GET /cormun/servlet/trsolicitudot HTTP/1.1" 200 9689
186.103.156.24 - - [13/Mar/2018:17:57:51 -0300] "GET /cormun/servlet/trsolicitudot HTTP/1.1" 200 9685
186.103.156.24 - - [13/Mar/2018:17:57:54 -0300] "GET /cormun/servlet/vesolicitudot?2018,9944,, HTTP/1.1" 200 8589
186.103.156.24 - - [13/Mar/2018:17:57:54 -0300] "GET /cormun/pexe_scrolldiv.js HTTP/1.1" 404 1009
186.103.156.24 - - [13/Mar/2018:17:57:54 -0300] "GET /cormun/pexe_scrolldiv.js HTTP/1.1" 404 1009
186.103.156.24 - - [13/Mar/2018:17:57:54 -0300] "GET /cormun/servlet/vesolicitudot?2018,9944,, HTTP/1.1" 200 8588
190.151.100.218 - - [13/Mar/2018:17:57:57 -0300] "GET /cormun/servlet/solicitudotadjuntos?78e322e356dacf1314cd9cac135c2daa738a32c93a48361319663e5b173eb95e,gx-no-cache=1520974640554 HTTP/1.1" 200 30
190.151.100.218 - - [13/Mar/2018:17:57:57 -0300] "GET /cormun/servlet/solicitudotadjuntos?78e322e356dacf1314cd9cac135c2daa738a32c93a48361319663e5b173eb95e,gx-no-cache=1520974640612 HTTP/1.1" 200 30
190.151.100.218 - - [13/Mar/2018:17:57:58 -0300] "POST /cormun/servlet/solicitudotadjuntos?60e49ed3cae43477f5dc6ec1956a4ac1,INS,2018,10431,,1, HTTP/1.1" 200 116
190.151.100.218 - - [13/Mar/2018:17:57:59 -0300] "GET /cormun/servlet/hpexe_return? HTTP/1.1" 200 1024
190.151.100.218 - - [13/Mar/2018:17:57:59 -0300] "GET /cormun/servlet/trsolicitudadjuntos?2018,10431, HTTP/1.1" 200 9342
186.103.156.24 - - [13/Mar/2018:17:58:00 -0300] "POST /cormun/servlet/vesolicitudot?fa7a1c679e46313a48954b8aaafd50be,2018,9944,,,gx-no-cache=1520974629090 HTTP/1.1" 200 93
186.103.156.24 - - [13/Mar/2018:17:58:00 -0300] "GET /cormun/servlet/hpexe_return? HTTP/1.1" 200 1012
190.151.100.218 - - [13/Mar/2018:17:58:00 -0300] "GET /cormun/servlet/trsolicitudadjuntos?2018,10431, HTTP/1.1" 200 9342
186.103.156.24 - - [13/Mar/2018:17:58:00 -0300] "GET /cormun/servlet/trsolicitudot HTTP/1.1" 200 9689
186.103.156.24 - - [13/Mar/2018:17:58:01 -0300] "GET /cormun/servlet/trsolicitudot HTTP/1.1" 200 9685
190.151.100.218 - - [13/Mar/2018:17:58:05 -0300] "GET /cormun/servlet/solicitudotadjuntos?INS,2018,10431,,1, HTTP/1.1" 200 6114
190.151.100.218 - - [13/Mar/2018:17:58:06 -0300] "GET /cormun/static/about:blank HTTP/1.1" 404 1011
190.151.100.218 - - [13/Mar/2018:17:58:06 -0300] "GET /cormun/servlet/solicitudotadjuntos?INS,2018,10431,,1, HTTP/1.1" 200 6107
186.67.203.186 - - [13/Mar/2018:17:58:06 -0300] "GET /cormun/servlet/solicitudotadjuntos?78e322e356dacf1314cd9cac135c2daaea710ee90fb42f0a3ecef44b18f221732a331320ec56ab2f8374da22059c1151,gx-no-cache=1520974649900 HTTP/1.1" 200 30
186.67.203.186 - - [13/Mar/2018:17:58:07 -0300] "POST /cormun/servlet/solicitudotadjuntos?60e49ed3cae43477f5dc6ec1956a4ac1,INS,2018,10431,,1,,gx-no-cache=1520974650015 HTTP/1.1" 200 3994
200.111.122.170 - - [13/Mar/2018:17:58:11 -0300] "POST /cormun/servlet/solicitudotadjuntos?gx-no-cache=1520974654573 HTTP/1.1" 200 26
186.103.156.24 - - [13/Mar/2018:17:58:13 -0300] "POST /cormun/servlet/trsolicitudot?fa7a1c679e46313a48954b8aaafd50be,gx-no-cache=1520974642984 HTTP/1.1" 200 6333
200.111.122.170 - - [13/Mar/2018:17:58:28 -0300] "GET /cormun/servlet/solicitudotadjuntos?78e322e356dacf1314cd9cac135c2daa738a32c93a48361319663e5b173eb95e,gx-no-cache=1520974671693 HTTP/1.1" 200 30
200.111.122.170 - - [13/Mar/2018:17:58:28 -0300] "GET /cormun/servlet/solicitudotadjuntos?78e322e356dacf1314cd9cac135c2daa738a32c93a48361319663e5b173eb95e,gx-no-cache=1520974671728 HTTP/1.1" 200 30
200.111.122.170 - - [13/Mar/2018:17:58:30 -0300] "POST /cormun/servlet/solicitudotadjuntos?60e49ed3cae43477f5dc6ec1956a4ac1,INS,2018,10431,,1, HTTP/1.1" 200 116
200.111.122.170 - - [13/Mar/2018:17:58:30 -0300] "GET /cormun/servlet/hpexe_return? HTTP/1.1" 200 1024
200.111.122.170 - - [13/Mar/2018:17:58:31 -0300] "GET /cormun/servlet/trsolicitudadjuntos?2018,10431, HTTP/1.1" 200 9606
186.103.156.24 - - [13/Mar/2018:17:58:32 -0300] "POST /cormun/servlet/trsolicitudot?fa7a1c679e46313a48954b8aaafd50be,gx-no-cache=1520974661233 HTTP/1.1" 200 10100
200.111.122.170 - - [13/Mar/2018:17:58:32 -0300] "GET /cormun/servlet/trsolicitudadjuntos?2018,10431, HTTP/1.1" 200 9605
186.67.203.186 - - [13/Mar/2018:17:58:50 -0300] "GET /cormun/servlet/trautorizarsolicitud? HTTP/1.1" 200 7185
186.67.203.186 - - [13/Mar/2018:17:58:50 -0300] "GET /cormun/static/gxcfg.js?2017111423403364 HTTP/1.1" 200 953
200.111.122.170 - - [13/Mar/2018:17:58:51 -0300] "GET /cormun/static/trautorizarsolicitud.js?201711142340425 HTTP/1.1" 200 53910
200.111.122.170 - - [13/Mar/2018:17:58:51 -0300] "GET /cormun/servlet/trautorizarsolicitud? HTTP/1.1" 200 7171
200.111.122.170 - - [13/Mar/2018:17:58:55 -0300] "GET /cormun/servlet/trsolicitudot? HTTP/1.1" 200 8663
200.111.122.170 - - [13/Mar/2018:17:58:56 -0300] "GET /cormun/servlet/trsolicitudot? HTTP/1.1" 200 8662
186.67.203.186 - - [13/Mar/2018:17:58:59 -0300] "POST /cormun/servlet/trsolicitudot?60e49ed3cae43477f5dc6ec1956a4ac1,,gx-no-cache=1520974702301 HTTP/1.1" 200 4711
186.67.203.186 - - [13/Mar/2018:17:58:59 -0300] "GET /cormun/static/Shared/jqueryui/images/ui-bg_highlight-soft_100_c6c2c8_1x100.png HTTP/1.1" 404 1117
186.103.132.155 - - [13/Mar/2018:17:58:59 -0300] "GET /cormun/static/Shared/jqueryui/images/ui-icons_82798d_256x240.png HTTP/1.1" 404 1089
186.67.203.186 - - [13/Mar/2018:17:58:59 -0300] "GET /cormun/static/Shared/jqueryui/images/ui-bg_flat_55_fafafa_40x100.png HTTP/1.1" 404 1097
200.72.197.82 - - [13/Mar/2018:17:58:59 -0300] "GET /cormun/static/Shared/jqueryui/images/ui-icons_8d78a5_256x240.png HTTP/1.1" 404 1089
186.67.203.186 - - [13/Mar/2018:17:58:59 -0300] "POST /cormun/servlet/trsolicitudot?60e49ed3cae43477f5dc6ec1956a4ac1,,gx-no-cache=1520974702713 HTTP/1.1" 200 4462
186.103.157.235 - - [13/Mar/2018:17:59:04 -0300] "GET /cormun/servlet/trlicencias? HTTP/1.1" 200 6114
186.103.157.235 - - [13/Mar/2018:17:59:04 -0300] "GET /cormun/static/gxcfg.js?20176272054169 HTTP/1.1" 200 953
186.103.157.235 - - [13/Mar/2018:17:59:04 -0300] "GET /cormun/static/trlicencias.js?20176272054837 HTTP/1.1" 200 41883
186.103.157.235 - - [13/Mar/2018:17:59:05 -0300] "GET /cormun/servlet/hlogin HTTP/1.1" 200 1733
186.103.157.235 - - [13/Mar/2018:17:59:05 -0300] "GET /cormun/servlet/trlicencias? HTTP/1.1" 200 6107
186.67.203.186 - - [13/Mar/2018:17:59:06 -0300] "GET /cormun/servlet/trautorizarsolicitud? HTTP/1.1" 200 8549
186.67.203.186 - - [13/Mar/2018:17:59:06 -0300] "GET /cormun/servlet/trautorizarsolicitud? HTTP/1.1" 200 8549
186.103.161.206 - - [13/Mar/2018:17:59:10 -0300] "POST /cormun/servlet/trautorizarsolicitud?60e49ed3cae43477f5dc6ec1956a4ac1,,gx-no-cache=1520974713146 HTTP/1.1" 200 4641
200.111.122.170 - - [13/Mar/2018:17:59:10 -0300] "GET /cormun/static/Shared/jqueryui/images/ui-bg_highlight-soft_100_c6c2c8_1x100.png HTTP/1.1" 404 1117
200.72.197.82 - - [13/Mar/2018:17:59:10 -0300] "GET /cormun/static/Shared/jqueryui/images/ui-icons_8d78a5_256x240.png HTTP/1.1" 404 1089
186.103.161.206 - - [13/Mar/2018:17:59:10 -0300] "GET /cormun/static/Shared/jqueryui/images/ui-icons_82798d_256x240.png HTTP/1.1" 404 1089
186.67.203.186 - - [13/Mar/2018:17:59:10 -0300] "POST /cormun/servlet/trautorizarsolicitud?60e49ed3cae43477f5dc6ec1956a4ac1,,gx-no-cache=1520974713623 HTTP/1.1" 200 4395
200.72.197.82 - - [13/Mar/2018:17:59:10 -0300] "GET /cormun/static/Shared/jqueryui/images/ui-bg_flat_55_fafafa_40x100.png HTTP/1.1" 404 1097
