186.103.159.188 - - [12/Mar/2018:08:58:54 -0300] "POST /cormun/servlet/solicitudot?gx-no-cache=1520855887922 HTTP/1.1" 200 1318
186.103.159.188 - - [12/Mar/2018:08:58:54 -0300] "POST /cormun/servlet/solicitudot?gx-no-cache=1520855888221 HTTP/1.1" 200 1215
186.103.159.188 - - [12/Mar/2018:08:58:54 -0300] "GET /cormun/servlet/solicitudot?465c5c4609ee4d2f8175f095d20432c9afa1d202b1a097c9e2af90b4a162c9dc,gx-no-cache=1520855888538 HTTP/1.1" 200 30
186.103.159.188 - - [12/Mar/2018:08:58:55 -0300] "GET /cormun/servlet/prsolicitudot?18039338,,,,,MD,,gxPopupLevel%3D0%3B HTTP/1.1" 200 5982
186.103.159.188 - - [12/Mar/2018:08:58:55 -0300] "GET /cormun/static/gxcfg.js?2017111422591492 HTTP/1.1" 304 -
186.103.159.188 - - [12/Mar/2018:08:59:05 -0300] "POST /cormun/servlet/solicitudot?gx-no-cache=1520855898541 HTTP/1.1" 200 1333
186.103.159.188 - - [12/Mar/2018:08:59:05 -0300] "POST /cormun/servlet/solicitudot?gx-no-cache=1520855898988 HTTP/1.1" 200 38
186.103.159.188 - - [12/Mar/2018:08:59:05 -0300] "POST /cormun/servlet/solicitudot?gx-no-cache=1520855899071 HTTP/1.1" 200 1318
186.103.159.188 - - [12/Mar/2018:08:59:05 -0300] "POST /cormun/servlet/solicitudot?gx-no-cache=1520855899217 HTTP/1.1" 200 1215
186.103.159.188 - - [12/Mar/2018:08:59:05 -0300] "GET /cormun/servlet/solicitudot?465c5c4609ee4d2f8175f095d20432c907803f9b6f09620fae3b2a08cd0e4c23f512f246189558c1dd4a97fcaf6575dc,gx-no-cache=1520855899530 HTTP/1.1" 200 30
186.103.159.188 - - [12/Mar/2018:08:59:40 -0300] "POST /cormun/servlet/solicitudot?gx-no-cache=1520855933890 HTTP/1.1" 200 1319
186.103.159.188 - - [12/Mar/2018:08:59:40 -0300] "POST /cormun/servlet/solicitudot?gx-no-cache=1520855934539 HTTP/1.1" 200 1215
186.103.159.188 - - [12/Mar/2018:08:59:52 -0300] "GET /cormun/static/menuarrow.gif HTTP/1.1" 404 1015
186.103.159.188 - - [12/Mar/2018:08:59:58 -0300] "GET /cormun/servlet/solicitudot?465c5c4609ee4d2f8175f095d20432c9b2d8f724ea86e58c8b3d669d7bbc0050bd407d0de904a328a4cd30cd21dd3a35,gx-no-cache=1520855952136 HTTP/1.1" 200 30
186.103.159.188 - - [12/Mar/2018:08:59:59 -0300] "POST /cormun/servlet/solicitudot?gx-no-cache=1520855952591 HTTP/1.1" 200 33
186.103.159.188 - - [12/Mar/2018:09:00:01 -0300] "POST /cormun/servlet/solicitudot?a40165f0bacb7de3443f8cbeeb9eef29,INS,0,0,,gx-no-cache=1520855953220 HTTP/1.1" 200 12022
190.161.236.41 - - [12/Mar/2018:09:00:45 -0300] "GET /cormun/servlet/solicitudot?465c5c4609ee4d2f8175f095d20432c98a463b1ebf55d8e4a623186ebc1f6ddc203a00f1cef2c4c6379bdc88b184e3ba1d145f9c6eb6d1d177896b5eeffe8893,gx-no-cache=1520855999488 HTTP/1.1" 200 30
190.161.236.41 - - [12/Mar/2018:09:00:46 -0300] "GET /cormun/servlet/solicitudot?465c5c4609ee4d2f8175f095d20432c9b7f8d7ab3e0af4ea65cc4a93e4d4447414f4b4f06992a704a23456ad685ba6c667a47d80efe5de13b4a2001a45ed4030582ce11bca4b8d081130dd89d14e4950b09ee5d6b8b7c78bb9111ed01aa4bff716c05523eb9e09911bc9e421f2a02866e2e51dc268c920c62435858825c2871c2779536bb79bd85c64d63dd5d93c7dbf887f9254ce32ca2328c683fa8aee46e2c6c51be7aa024251537180cf17e086bbb3c5de2bf01b82a9f391c0fa6e39c37987313e3649785ec72b22e6e6c0727a10533348bc41159ff3d1729f27333da48a7b5f28e6b82f8dd7f5ae9ca74cf77a9f1c98aeccbcda6c8a864a551aea41a1a6ad0fa8627003ca1de572efa5d919cb0f66d0306e6af2ac611cd4166a303428bd02cef87b7c9857098bf9072b19d2203e89a3a54dc0f5365d5ffdf6a64895172f5118cb3f25df6d130c7a5e5fca2f2603d4da9b876486e17878ab145f316bb9cd67d7f9e45694856cb82f18e349530771e3ce8c9145a0a4e4fdc95bedc4db2dbda39a333ce466d66601d32689f94d1dd3,gx-no-cache=1520855999665 HTTP/1.1" 200 30
190.161.236.41 - - [12/Mar/2018:09:00:47 -0300] "POST /cormun/servlet/solicitudot?gx-no-cache=1520856000289 HTTP/1.1" 200 30
190.161.236.41 - - [12/Mar/2018:09:00:47 -0300] "POST /cormun/servlet/solicitudot?gx-no-cache=1520856001529 HTTP/1.1" 200 1333
190.161.236.41 - - [12/Mar/2018:09:00:48 -0300] "POST /cormun/servlet/solicitudot?gx-no-cache=1520856001795 HTTP/1.1" 200 41
190.161.236.41 - - [12/Mar/2018:09:00:48 -0300] "POST /cormun/servlet/solicitudot?gx-no-cache=1520856001887 HTTP/1.1" 200 1318
190.161.236.41 - - [12/Mar/2018:09:00:49 -0300] "POST /cormun/servlet/solicitudot?gx-no-cache=1520856002421 HTTP/1.1" 200 1217
190.161.236.41 - - [12/Mar/2018:09:00:49 -0300] "GET /cormun/servlet/solicitudot?465c5c4609ee4d2f8175f095d20432c9b2d8f724ea86e58c8b3d669d7bbc0050bd407d0de904a328a4cd30cd21dd3a35,gx-no-cache=1520856002891 HTTP/1.1" 200 30
190.161.236.41 - - [12/Mar/2018:09:00:49 -0300] "POST /cormun/servlet/solicitudot?gx-no-cache=1520856002979 HTTP/1.1" 200 33
190.161.236.41 - - [12/Mar/2018:09:00:51 -0300] "POST /cormun/servlet/solicitudot?a40165f0bacb7de3443f8cbeeb9eef29,INS,0,0,,gx-no-cache=1520856003501 HTTP/1.1" 200 93
190.161.236.41 - - [12/Mar/2018:09:00:51 -0300] "GET /cormun/servlet/hpexe_return? HTTP/1.1" 200 1009
190.161.236.41 - - [12/Mar/2018:09:00:51 -0300] "GET /cormun/static/gxcfg.js?2016101716175148 HTTP/1.1" 304 -
190.161.236.41 - - [12/Mar/2018:09:00:51 -0300] "GET /cormun/servlet/trsolicitudot HTTP/1.1" 200 8712
190.161.236.41 - - [12/Mar/2018:09:00:52 -0300] "GET /cormun/servlet/trsolicitudot HTTP/1.1" 200 8705
186.103.159.188 - - [12/Mar/2018:09:00:58 -0300] "POST /cormun/servlet/trsolicitudot?a40165f0bacb7de3443f8cbeeb9eef29,gx-no-cache=1520856011303 HTTP/1.1" 200 106
186.103.159.188 - - [12/Mar/2018:09:00:58 -0300] "GET /cormun/servlet/solicitudot?UPD,2018,10386, HTTP/1.1" 200 15381
186.103.159.188 - - [12/Mar/2018:09:00:58 -0300] "GET /cormun/servlet/solicitudot?UPD,2018,10386, HTTP/1.1" 200 15390
186.103.159.188 - - [12/Mar/2018:09:01:00 -0300] "POST /cormun/servlet/solicitudot?gx-no-cache=1520856012993 HTTP/1.1" 200 3373
192.168.10.97 - - [12/Mar/2018:09:01:02 -0300] "GET /cormun/servlet/hlogin HTTP/1.1" 200 1723
186.103.159.188 - - [12/Mar/2018:09:01:03 -0300] "POST /cormun/servlet/solicitudot?a40165f0bacb7de3443f8cbeeb9eef29,UPD,2018,10386,,gx-no-cache=1520856014458 HTTP/1.1" 200 11676
186.103.159.188 - - [12/Mar/2018:09:01:03 -0300] "GET /cormun/servlet/solicitudot?465c5c4609ee4d2f8175f095d20432c987227b32fdfedbac748df2a9b12b9a8efd7af11b8410bf642c3e297e2c84a195,gx-no-cache=1520856017216 HTTP/1.1" 200 30
186.103.159.188 - - [12/Mar/2018:09:01:03 -0300] "GET /cormun/servlet/solicitudot?465c5c4609ee4d2f8175f095d20432c98a463b1ebf55d8e4a623186ebc1f6ddc203a00f1cef2c4c6379bdc88b184e3bad037b2c6527a2c6587caf1c1ef093050,gx-no-cache=1520856017313 HTTP/1.1" 200 30
186.103.159.188 - - [12/Mar/2018:09:01:03 -0300] "GET /cormun/servlet/solicitudot?465c5c4609ee4d2f8175f095d20432c909e12a8ef3dc5953d2af1fd3d908f353ff8e63801d17ceb711d62934fba168464d34a060f7f101f1e775b1ffc7bbe5a3,gx-no-cache=1520856017399 HTTP/1.1" 200 53
186.103.159.188 - - [12/Mar/2018:09:01:03 -0300] "POST /cormun/servlet/solicitudot?gx-no-cache=1520856017763 HTTP/1.1" 200 297
186.103.159.188 - - [12/Mar/2018:09:01:04 -0300] "GET /cormun/servlet/solicitudot?465c5c4609ee4d2f8175f095d20432c9b7f8d7ab3e0af4ea65cc4a93e4d4447414f4b4f06992a704a23456ad685ba6c667a47d80efe5de13b4a2001a45ed4030582ce11bca4b8d081130dd89d14e4950b09ee5d6b8b7c78bb9111ed01aa4bff716c05523eb9e09911bc9e421f2a02866e2e51dc268c920c62435858825c2871c2779536bb79bd85c64d63dd5d93c7dbf887f9254ce32ca2328c683fa8aee46e2c6c51be7aa024251537180cf17e086bbb3c5de2bf01b82a9f391c0fa6e39c37987313e3649785ec72b22e6e6c0727a10533348bc41159ff3d1729f27333da48a7b5f28e6b82f8dd7f5ae9ca74cf77a9f1c98aeccbcda6c8a864a551aea41a1a6ad0fa8627003ca1de572efa5d919cb0f66d0306e6af2ac611cd4166a303428bd02cef87b7c9857098bf9072b19d2203e89a3a54dc0f5365d5ffdf6a64895172f5118cb3f25df6d130c7a5e5fca2f2603d4da9b876486e17878ab145f316bb9cd67d7f9e45694856cb82f18e349530771e3ce8c9145a0a4e4fdc95bedc4db2dbda39a333ce466d66601d32689f94d1dd3,gx-no-cache=1520856017841 HTTP/1.1" 200 30
186.103.159.188 - - [12/Mar/2018:09:01:05 -0300] "POST /cormun/servlet/solicitudot?gx-no-cache=1520856017915 HTTP/1.1" 200 30
192.168.10.89 - - [12/Mar/2018:09:01:07 -0300] "GET /cormun/servlet/trsolicitudgral? HTTP/1.1" 200 28878
192.168.10.89 - - [12/Mar/2018:09:01:07 -0300] "GET /cormun/static/gxcfg.js?201813119461163 HTTP/1.1" 304 -
192.168.10.89 - - [12/Mar/2018:09:01:07 -0300] "GET /cormun/static/trsolicitudgral.js?201813119462015 HTTP/1.1" 304 -
186.103.159.188 - - [12/Mar/2018:09:01:08 -0300] "POST /cormun/servlet/solicitudot?gx-no-cache=1520856019268 HTTP/1.1" 200 1333
186.103.159.188 - - [12/Mar/2018:09:01:08 -0300] "POST /cormun/servlet/solicitudot?gx-no-cache=1520856021946 HTTP/1.1" 200 41
186.103.159.188 - - [12/Mar/2018:09:01:11 -0300] "GET /cormun/servlet/trsolicitudot? HTTP/1.1" 200 8711
186.103.159.188 - - [12/Mar/2018:09:01:11 -0300] "GET /cormun/servlet/trsolicitudot? HTTP/1.1" 200 8708
192.168.10.89 - - [12/Mar/2018:09:01:24 -0300] "POST /cormun/servlet/trsolicitudgral?3571a58ab1db256c99a811ffb6fe4642,,gx-no-cache=1520855920293 HTTP/1.1" 200 24321
192.168.10.97 - - [12/Mar/2018:09:01:50 -0300] "POST /cormun/servlet/hlogin?d86bb28cd19796eccf160a3449478e49,gx-no-cache=1520856064464 HTTP/1.1" 200 90
192.168.10.97 - - [12/Mar/2018:09:01:50 -0300] "GET /cormun/servlet/hpexe_link HTTP/1.1" 200 950
192.168.10.97 - - [12/Mar/2018:09:01:50 -0300] "GET /cormun/servlet/hhome HTTP/1.1" 200 4470
192.168.10.97 - - [12/Mar/2018:09:01:50 -0300] "GET /cormun/servlet/hhome HTTP/1.1" 200 4466
192.168.10.97 - - [12/Mar/2018:09:02:02 -0300] "GET /cormun/servlet/trcoordinadores? HTTP/1.1" 200 7536
200.120.230.197 - - [12/Mar/2018:09:02:03 -0300] "GET /cormun/servlet/hlogin HTTP/1.1" 200 1720
200.120.230.197 - - [12/Mar/2018:09:02:03 -0300] "GET /cormun/static/gxtimezone.js?85251 HTTP/1.1" 304 -
186.79.62.59 - - [12/Mar/2018:09:02:03 -0300] "GET /cormun/static/gxcfg.js?20175251213516 HTTP/1.1" 304 -
186.79.62.59 - - [12/Mar/2018:09:02:03 -0300] "GET /cormun/static/messages.spa.js?85251 HTTP/1.1" 304 -
186.79.62.59 - - [12/Mar/2018:09:02:03 -0300] "GET /cormun/servlet/hlogin HTTP/1.1" 200 1730
192.168.10.97 - - [12/Mar/2018:09:02:03 -0300] "GET /cormun/servlet/trcoordinadores? HTTP/1.1" 200 7535
192.168.10.97 - - [12/Mar/2018:09:02:09 -0300] "GET /cormun/servlet/trsolicitudgral? HTTP/1.1" 200 8965
192.168.10.97 - - [12/Mar/2018:09:02:09 -0300] "GET /cormun/servlet/trsolicitudgral? HTTP/1.1" 200 8965
186.79.62.59 - - [12/Mar/2018:09:02:12 -0300] "POST /cormun/servlet/hlogin?82c98975558755a506b4ad2c3b58553a,gx-no-cache=1520856087153 HTTP/1.1" 200 90
186.79.62.59 - - [12/Mar/2018:09:02:12 -0300] "GET /cormun/servlet/hpexe_link HTTP/1.1" 200 951
186.79.62.59 - - [12/Mar/2018:09:02:12 -0300] "GET /cormun/static/gxcfg.js?20177612121792 HTTP/1.1" 304 -
186.79.62.59 - - [12/Mar/2018:09:02:13 -0300] "GET /cormun/servlet/hhome HTTP/1.1" 200 4231
186.79.62.59 - - [12/Mar/2018:09:02:13 -0300] "GET /cormun/static/gxcfg.js?20175251212442 HTTP/1.1" 304 -
186.79.62.59 - - [12/Mar/2018:09:02:15 -0300] "GET /cormun/servlet/hhome HTTP/1.1" 200 4227
200.120.230.197 - - [12/Mar/2018:09:02:18 -0300] "GET /cormun/servlet/trlicencias? HTTP/1.1" 200 11839
200.120.230.197 - - [12/Mar/2018:09:02:18 -0300] "GET /cormun/static/gxcfg.js?20176272054169 HTTP/1.1" 304 -
200.120.230.197 - - [12/Mar/2018:09:02:18 -0300] "GET /cormun/static/calendar.js?85251 HTTP/1.1" 304 -
186.79.62.59 - - [12/Mar/2018:09:02:18 -0300] "GET /cormun/static/calendar-setup.js?85251 HTTP/1.1" 304 -
186.79.62.59 - - [12/Mar/2018:09:02:18 -0300] "GET /cormun/static/gxdec.js?85251 HTTP/1.1" 304 -
200.120.230.197 - - [12/Mar/2018:09:02:18 -0300] "GET /cormun/static/calendar-es.js?85251 HTTP/1.1" 304 -
200.120.230.197 - - [12/Mar/2018:09:02:20 -0300] "GET /cormun/servlet/trlicencias? HTTP/1.1" 200 11837
192.168.10.97 - - [12/Mar/2018:09:02:36 -0300] "POST /cormun/servlet/trsolicitudgral?d86bb28cd19796eccf160a3449478e49,,gx-no-cache=1520856110864 HTTP/1.1" 200 5918
186.79.62.59 - - [12/Mar/2018:09:02:47 -0300] "GET /cormun/servlet/trsolicitudot? HTTP/1.1" 200 9324
186.79.62.59 - - [12/Mar/2018:09:02:47 -0300] "GET /cormun/static/gxcfg.js?2017111422585916 HTTP/1.1" 304 -
186.79.62.59 - - [12/Mar/2018:09:02:48 -0300] "GET /cormun/servlet/trsolicitudot? HTTP/1.1" 200 9324
186.79.62.59 - - [12/Mar/2018:09:02:52 -0300] "GET /cormun/servlet/solicitudot?INS,0,0, HTTP/1.1" 200 13663
186.79.62.59 - - [12/Mar/2018:09:02:53 -0300] "GET /cormun/static/gxcfg.js?201812313224582 HTTP/1.1" 304 -
186.79.62.59 - - [12/Mar/2018:09:02:53 -0300] "GET /cormun/static/solicitudot.js?201812313224831 HTTP/1.1" 304 -
186.79.62.59 - - [12/Mar/2018:09:02:54 -0300] "GET /cormun/servlet/solicitudot?INS,0,0, HTTP/1.1" 200 13668
200.120.230.197 - - [12/Mar/2018:09:03:02 -0300] "POST /cormun/servlet/solicitudot?gx-no-cache=1520856137511 HTTP/1.1" 200 3410
200.120.230.197 - - [12/Mar/2018:09:03:03 -0300] "POST /cormun/servlet/solicitudot?82c98975558755a506b4ad2c3b58553a,INS,0,0,,gx-no-cache=1520856137949 HTTP/1.1" 200 10575
200.120.230.197 - - [12/Mar/2018:09:03:06 -0300] "GET /cormun/servlet/solicitudot?11e4ff8c7353ebc3fa7a47e470695ce147fd24ed909f5814db89d378c18bd4283bc806cf4632468eb55f8a713c0dc213,gx-no-cache=1520856141307 HTTP/1.1" 200 30
200.120.230.197 - - [12/Mar/2018:09:03:06 -0300] "GET /cormun/servlet/solicitudot?11e4ff8c7353ebc3fa7a47e470695ce1b859ebf267a0be414b1a535a793f29dc0ea8ce5b08c0d074c37f69efb4baeeea3bc806cf4632468eb55f8a713c0dc213,gx-no-cache=1520856141437 HTTP/1.1" 200 103
192.168.10.97 - - [12/Mar/2018:09:03:06 -0300] "POST /cormun/servlet/trsolicitudgral?d86bb28cd19796eccf160a3449478e49,,gx-no-cache=1520856140774 HTTP/1.1" 200 5901
200.120.230.197 - - [12/Mar/2018:09:03:06 -0300] "GET /cormun/static/Shared/jqueryui/images/ui-bg_highlight-soft_100_c6c2c8_1x100.png HTTP/1.1" 404 1117
200.120.230.197 - - [12/Mar/2018:09:03:06 -0300] "GET /cormun/static/Shared/jqueryui/images/ui-icons_82798d_256x240.png HTTP/1.1" 404 1089
186.79.62.59 - - [12/Mar/2018:09:03:06 -0300] "GET /cormun/static/Shared/jqueryui/images/ui-bg_flat_55_994d53_40x100.png HTTP/1.1" 404 1097
200.120.230.197 - - [12/Mar/2018:09:03:06 -0300] "GET /cormun/static/Shared/jqueryui/images/ui-icons_ebccce_256x240.png HTTP/1.1" 404 1089
186.79.62.59 - - [12/Mar/2018:09:03:06 -0300] "GET /cormun/servlet/solicitudot?11e4ff8c7353ebc3fa7a47e470695ce1b57aa47b5a82dee0851692e6860c30a9,gx-no-cache=1520856141614 HTTP/1.1" 200 53
186.79.62.59 - - [12/Mar/2018:09:03:08 -0300] "POST /cormun/servlet/solicitudot?gx-no-cache=1520856142081 HTTP/1.1" 200 255
186.79.62.59 - - [12/Mar/2018:09:03:08 -0300] "GET /cormun/servlet/solicitudot?11e4ff8c7353ebc3fa7a47e470695ce173b6fe59ac13fe9ebff5e0270e407c38454d3c7cc00de4742c8eb8b7e7158a8d86a376274fd50c62e18a564668ebec65e202dbac9e676789e14f5d2fdd2fb2bf2d216083ed5c2b252375de0aaa64d7ebd3c92557b7d7db0b4f1949d6b018c3ba99f76829dd3a361129c771716e6649e6667545e65b7280aa648e69dfd66dbd95c560f5a7fa7560ec43c3c7c10703e1ba12dbdc4967d4bcf02a3e19c9326306f3618f7de16770f7beb16cfd73cec5de363c144edd7eb567d99dbc533b528c0e8cf73e2dc4ed0a0e2b8037e2f31acded7e77c49282b8012f18130707a61852c1007ed8121bce1bea7236db98bc429376b973633d5c6d94cea916b15b7e0bfbefa7f3967b7175f2143c48d7c095f0355e6838c63c1d93c659f5906e4f0925bcaee8f5cb2996c1669716438e28095e99d9aca440a87f08c42442e91260a81f3e66565ae699140e5b6c753065edf959bd555978969e8f1f4ede2848357172ccc4b7005419b8a1940a482b910c29a1d2b3fdf0,gx-no-cache=1520856143277 HTTP/1.1" 200 30
186.79.62.59 - - [12/Mar/2018:09:03:15 -0300] "POST /cormun/servlet/solicitudot?gx-no-cache=1520856150817 HTTP/1.1" 200 30
186.79.62.59 - - [12/Mar/2018:09:03:18 -0300] "POST /cormun/servlet/solicitudot?gx-no-cache=1520856153487 HTTP/1.1" 200 1336
186.79.62.59 - - [12/Mar/2018:09:03:18 -0300] "POST /cormun/servlet/solicitudot?gx-no-cache=1520856153734 HTTP/1.1" 200 38
186.79.62.59 - - [12/Mar/2018:09:03:29 -0300] "GET /cormun/servlet/trcontratounov2? HTTP/1.1" 200 17846
186.79.62.59 - - [12/Mar/2018:09:03:29 -0300] "GET /cormun/static/gxcfg.js?201752512124396 HTTP/1.1" 304 -
186.79.62.59 - - [12/Mar/2018:09:03:31 -0300] "GET /cormun/servlet/trcontratounov2? HTTP/1.1" 200 17829
192.168.10.97 - - [12/Mar/2018:09:03:39 -0300] "GET /cormun/servlet/trcontratoobservaciongral? HTTP/1.1" 200 17918
192.168.10.97 - - [12/Mar/2018:09:03:39 -0300] "GET /cormun/static/calendar-system.css?75620 HTTP/1.1" 200 5572
192.168.10.97 - - [12/Mar/2018:09:03:39 -0300] "GET /cormun/static/gxui/gxui-all.css?110300 HTTP/1.1" 200 2179
192.168.10.97 - - [12/Mar/2018:09:03:39 -0300] "GET /cormun/static/gxcfg.js?2017761216251 HTTP/1.1" 200 953
192.168.10.97 - - [12/Mar/2018:09:03:39 -0300] "GET /cormun/static/trcontratoobservaciongral.js?2017761216635 HTTP/1.1" 200 29864
192.168.10.97 - - [12/Mar/2018:09:03:39 -0300] "GET /cormun/static/Shared/ext/resources/css/ext-all.css?205870 HTTP/1.1" 200 416045
192.168.10.97 - - [12/Mar/2018:09:03:39 -0300] "GET /cormun/static/Resources/PXToolsActionPrint.png HTTP/1.1" 200 3317
192.168.10.97 - - [12/Mar/2018:09:03:40 -0300] "GET /cormun//static/Resources/PXToolsHeaderFavorites.png HTTP/1.1" 200 2744
192.168.10.97 - - [12/Mar/2018:09:03:41 -0300] "GET /cormun/servlet/trcontratoobservaciongral? HTTP/1.1" 200 17918
192.168.10.97 - - [12/Mar/2018:09:03:41 -0300] "POST /cormun/servlet/acontrolpreferencessavestate?None,EQUINTEROS,true HTTP/1.1" 200 35
186.79.62.59 - - [12/Mar/2018:09:03:42 -0300] "POST /cormun/servlet/trcontratounov2?82c98975558755a506b4ad2c3b58553a,,gx-no-cache=1520856175292 HTTP/1.1" 200 14859
186.79.62.59 - - [12/Mar/2018:09:03:44 -0300] "GET /cormun/static/Resources/PXToolsGridPrevious.gif HTTP/1.1" 200 369
186.79.62.59 - - [12/Mar/2018:09:03:44 -0300] "GET /cormun/static/Resources/PXToolsGridFirst.gif HTTP/1.1" 200 379
186.79.62.59 - - [12/Mar/2018:09:04:02 -0300] "GET /cormun/servlet/trsolicitudot? HTTP/1.1" 200 9325
186.79.62.59 - - [12/Mar/2018:09:04:04 -0300] "GET /cormun/servlet/trsolicitudot? HTTP/1.1" 200 9324
186.79.62.59 - - [12/Mar/2018:09:04:34 -0300] "POST /cormun/servlet/trsolicitudot?82c98975558755a506b4ad2c3b58553a,,gx-no-cache=1520856225643 HTTP/1.1" 200 5861
186.79.62.59 - - [12/Mar/2018:09:04:36 -0300] "POST /cormun/servlet/trsolicitudot?82c98975558755a506b4ad2c3b58553a,,gx-no-cache=1520856229726 HTTP/1.1" 200 5842
186.79.62.59 - - [12/Mar/2018:09:04:39 -0300] "GET /cormun/servlet/solicitudot?INS,0,0, HTTP/1.1" 200 13665
186.79.62.59 - - [12/Mar/2018:09:04:41 -0300] "GET /cormun/servlet/solicitudot?INS,0,0, HTTP/1.1" 200 13670
200.120.230.197 - - [12/Mar/2018:09:04:51 -0300] "POST /cormun/servlet/solicitudot?gx-no-cache=1520856245938 HTTP/1.1" 200 3410
200.120.230.197 - - [12/Mar/2018:09:04:55 -0300] "POST /cormun/servlet/solicitudot?82c98975558755a506b4ad2c3b58553a,INS,0,0,,gx-no-cache=1520856247074 HTTP/1.1" 200 10575
200.120.230.197 - - [12/Mar/2018:09:04:59 -0300] "GET /cormun/servlet/solicitudot?11e4ff8c7353ebc3fa7a47e470695ce147fd24ed909f5814db89d378c18bd4283bc806cf4632468eb55f8a713c0dc213,gx-no-cache=1520856253882 HTTP/1.1" 200 30
200.120.230.197 - - [12/Mar/2018:09:05:12 -0300] "GET /cormun/servlet/solicitudot?11e4ff8c7353ebc3fa7a47e470695ce1b859ebf267a0be414b1a535a793f29dc4aaa47f58086262d71ced9d111d1a582493c93843c215a063e24ce5900d932ac,gx-no-cache=1520856267560 HTTP/1.1" 200 30
200.120.230.197 - - [12/Mar/2018:09:05:12 -0300] "GET /cormun/servlet/solicitudot?11e4ff8c7353ebc3fa7a47e470695ce1b57aa47b5a82dee0851692e6860c30a9,gx-no-cache=1520856267687 HTTP/1.1" 200 53
200.120.230.197 - - [12/Mar/2018:09:05:13 -0300] "POST /cormun/servlet/solicitudot?gx-no-cache=1520856267807 HTTP/1.1" 200 255
200.120.230.197 - - [12/Mar/2018:09:05:14 -0300] "GET /cormun/servlet/solicitudot?11e4ff8c7353ebc3fa7a47e470695ce173b6fe59ac13fe9ebff5e0270e407c38454d3c7cc00de4742c8eb8b7e7158a8d86a376274fd50c62e18a564668ebec65e202dbac9e676789e14f5d2fdd2fb2bf2d216083ed5c2b252375de0aaa64d7ebd3c92557b7d7db0b4f1949d6b018c3ba99f76829dd3a361129c771716e6649e6667545e65b7280aa648e69dfd66dbd95c560f5a7fa7560ec43c3c7c10703e1ba12dbdc4967d4bcf02a3e19c9326306f3618f7de16770f7beb16cfd73cec5de363c144edd7eb567d99dbc533b528c0e8cf73e2dc4ed0a0e2b8037e2f31acded7e77c49282b8012f18130707a61852c1007ed8121bce1bea7236db98bc429376b973633d5c6d94cea916b15b7e0bfbefa7f3967b7175f2143c48d7c095f0355e6838c63c1d93c659f5906e4f0925bcaee8f5cb2996c1669716438e28095e99d9aca440a87f08c42442e91260a81f3e66565ae699140e5b6c753065edf959bd555978969e8f1f4ede2848357172ccc4b7005419b8a1940a482b910c29a1d2b3fdf0,gx-no-cache=1520856268331 HTTP/1.1" 200 30
200.120.230.197 - - [12/Mar/2018:09:05:17 -0300] "POST /cormun/servlet/solicitudot?gx-no-cache=1520856272514 HTTP/1.1" 200 30
200.120.230.197 - - [12/Mar/2018:09:05:22 -0300] "POST /cormun/servlet/solicitudot?gx-no-cache=1520856277183 HTTP/1.1" 200 1336
200.120.230.197 - - [12/Mar/2018:09:05:22 -0300] "POST /cormun/servlet/solicitudot?gx-no-cache=1520856277365 HTTP/1.1" 200 38
200.120.230.197 - - [12/Mar/2018:09:05:27 -0300] "GET /cormun/servlet/solicitudot?11e4ff8c7353ebc3fa7a47e470695ce137a788401292996ef505783f4de879d333fac1a991c0737222c011820ec8af3acefc97a377383ad844683fe49551308628568044f167d67cbc84186d0fd7fa2e67fd7a2c9c1dbb33613f2d57b4de9880e26ffdad384b8358fdd7b663c1258700d4472f7769cd0bffa65feb0a817cd7f69ba2f8ea0eb202eeae47f539f406b40a3efd581db07176f3d11d3e5ee0b553ee,gx-no-cache=1520856282238 HTTP/1.1" 200 29
200.120.230.197 - - [12/Mar/2018:09:05:27 -0300] "POST /cormun/servlet/solicitudot?gx-no-cache=1520856282354 HTTP/1.1" 200 1318
200.120.230.197 - - [12/Mar/2018:09:05:27 -0300] "POST /cormun/servlet/solicitudot?gx-no-cache=1520856282943 HTTP/1.1" 200 1218
200.120.230.197 - - [12/Mar/2018:09:05:28 -0300] "GET /cormun/static/menuarrow.gif HTTP/1.1" 404 1015
200.120.230.197 - - [12/Mar/2018:09:05:29 -0300] "POST /cormun/servlet/solicitudot?gx-no-cache=1520856284790 HTTP/1.1" 200 1318
200.120.230.197 - - [12/Mar/2018:09:05:30 -0300] "POST /cormun/servlet/solicitudot?gx-no-cache=1520856285010 HTTP/1.1" 200 1218
200.120.230.197 - - [12/Mar/2018:09:05:32 -0300] "GET /cormun/servlet/solicitudot?11e4ff8c7353ebc3fa7a47e470695ce13bf1e3098ba3553219e91418b834fe889f2974df3abf9735fee15fd164175643,gx-no-cache=1520856287048 HTTP/1.1" 200 30
200.120.230.197 - - [12/Mar/2018:09:05:36 -0300] "POST /cormun/servlet/solicitudot?gx-no-cache=1520856291962 HTTP/1.1" 200 30
192.168.10.97 - - [12/Mar/2018:09:05:44 -0300] "POST /cormun/servlet/trcontratoobservaciongral?d86bb28cd19796eccf160a3449478e49,,gx-no-cache=1520856297907 HTTP/1.1" 200 16382
200.120.230.197 - - [12/Mar/2018:09:05:51 -0300] "POST /cormun/servlet/solicitudot?82c98975558755a506b4ad2c3b58553a,INS,0,0,,gx-no-cache=1520856305418 HTTP/1.1" 200 11956
200.120.230.197 - - [12/Mar/2018:09:05:51 -0300] "GET /cormun/static/Shared/jqueryui/images/ui-icons_82798d_256x240.png HTTP/1.1" 404 1089
200.120.230.197 - - [12/Mar/2018:09:05:51 -0300] "GET /cormun/static/Shared/jqueryui/images/ui-bg_flat_55_994d53_40x100.png HTTP/1.1" 404 1097
186.79.62.59 - - [12/Mar/2018:09:05:51 -0300] "GET /cormun/static/Shared/jqueryui/images/ui-icons_ebccce_256x240.png HTTP/1.1" 404 1089
200.120.230.197 - - [12/Mar/2018:09:05:52 -0300] "GET /cormun/static/Shared/jqueryui/images/ui-bg_highlight-soft_100_c6c2c8_1x100.png HTTP/1.1" 404 1117
192.168.10.97 - - [12/Mar/2018:09:06:48 -0300] "POST /cormun/servlet/trcontratoobservaciongral?d86bb28cd19796eccf160a3449478e49,,gx-no-cache=1520856361661 HTTP/1.1" 200 16381
200.120.230.197 - - [12/Mar/2018:09:07:00 -0300] "GET /cormun/servlet/solicitudot?11e4ff8c7353ebc3fa7a47e470695ce15b76123eb40423f83106d4209f917d29e2b7d1663253fdc45a66917d6a98eead4d2dec3690785c9e19b7802a8d27dd4b,gx-no-cache=1520856375464 HTTP/1.1" 200 30
200.120.230.197 - - [12/Mar/2018:09:07:00 -0300] "POST /cormun/servlet/solicitudot?gx-no-cache=1520856375955 HTTP/1.1" 200 254
200.120.230.197 - - [12/Mar/2018:09:07:02 -0300] "GET /cormun/servlet/solicitudot?11e4ff8c7353ebc3fa7a47e470695ce173b6fe59ac13fe9ebff5e0270e407c38454d3c7cc00de4742c8eb8b7e7158a8d86a376274fd50c62e18a564668ebec65e202dbac9e676789e14f5d2fdd2fb2bf2d216083ed5c2b252375de0aaa64d7ebd3c92557b7d7db0b4f1949d6b018c3ba99f76829dd3a361129c771716e6649e6667545e65b7280aa648e69dfd66dbd95c560f5a7fa7560ec43c3c7c10703e1ba12dbdc4967d4bcf02a3e19c9326306f3618f7de16770f7beb16cfd73cec5de363c144edd7eb567d99dbc533b528c0e8cf73e2dc4ed0a0e2b8037e2f31acded7e77c49282b8012f18130707a61852c1007ed8121bce1bea7236db98bc429376b973633d5c6d94cea916b15b7e0bfbefa7f3967b7175f2143c48d7c095f0355e6838c63c1d93c659f5906e4f0925bcaee8f5cb2996c1669716438e28095e99d9aca440a87f08c42442e91260a81f3e66565ae699140e5b6c753065edf959bd555978969e8f1f4ede2848357172ccc4b700652d8b51dc69712d8eb8d023d2dc5c7f,gx-no-cache=1520856376128 HTTP/1.1" 200 30
200.120.230.197 - - [12/Mar/2018:09:07:08 -0300] "POST /cormun/servlet/solicitudot?gx-no-cache=1520856377146 HTTP/1.1" 200 30
200.120.230.197 - - [12/Mar/2018:09:07:09 -0300] "POST /cormun/servlet/solicitudot?gx-no-cache=1520856383609 HTTP/1.1" 200 1336
200.120.230.197 - - [12/Mar/2018:09:07:09 -0300] "POST /cormun/servlet/solicitudot?gx-no-cache=1520856384318 HTTP/1.1" 200 41
200.120.230.197 - - [12/Mar/2018:09:07:10 -0300] "POST /cormun/servlet/solicitudot?gx-no-cache=1520856384456 HTTP/1.1" 200 1318
200.120.230.197 - - [12/Mar/2018:09:07:10 -0300] "POST /cormun/servlet/solicitudot?gx-no-cache=1520856385130 HTTP/1.1" 200 1218
200.120.230.197 - - [12/Mar/2018:09:07:10 -0300] "GET /cormun/servlet/solicitudot?11e4ff8c7353ebc3fa7a47e470695ce13bf1e3098ba3553219e91418b834fe889f2974df3abf9735fee15fd164175643,gx-no-cache=1520856385468 HTTP/1.1" 200 30
200.120.230.197 - - [12/Mar/2018:09:07:10 -0300] "POST /cormun/servlet/solicitudot?gx-no-cache=1520856385584 HTTP/1.1" 200 30
200.120.230.197 - - [12/Mar/2018:09:07:12 -0300] "POST /cormun/servlet/solicitudot?82c98975558755a506b4ad2c3b58553a,INS,0,0,,gx-no-cache=1520856385754 HTTP/1.1" 200 12013
186.67.172.234 - - [12/Mar/2018:09:07:33 -0300] "GET /cormun/servlet/hlogin HTTP/1.1" 200 1723
186.67.172.234 - - [12/Mar/2018:09:07:34 -0300] "GET /cormun/static/gxcfg.js?20175251213516 HTTP/1.1" 304 -
186.67.172.234 - - [12/Mar/2018:09:07:35 -0300] "GET /cormun/servlet/hlogin HTTP/1.1" 200 1734
200.120.230.197 - - [12/Mar/2018:09:07:44 -0300] "GET /cormun/servlet/solicitudot?11e4ff8c7353ebc3fa7a47e470695ce19b92e359949ee2f7dcf78f372116b28f,gx-no-cache=1520856418288 HTTP/1.1" 200 94
186.67.172.234 - - [12/Mar/2018:09:07:44 -0300] "POST /cormun/servlet/hlogin?7a7580f74f7d23f9c82d06557267bf99,gx-no-cache=1520856412681 HTTP/1.1" 200 90
186.67.172.234 - - [12/Mar/2018:09:07:44 -0300] "GET /cormun/servlet/hpexe_link HTTP/1.1" 200 954
186.67.172.234 - - [12/Mar/2018:09:07:44 -0300] "GET /cormun/static/gxcfg.js?20177612121792 HTTP/1.1" 304 -
200.120.230.197 - - [12/Mar/2018:09:07:44 -0300] "POST /cormun/servlet/solicitudot?gx-no-cache=1520856419877 HTTP/1.1" 200 254
200.120.230.197 - - [12/Mar/2018:09:07:45 -0300] "GET /cormun/servlet/solicitudot?11e4ff8c7353ebc3fa7a47e470695ce173b6fe59ac13fe9ebff5e0270e407c38454d3c7cc00de4742c8eb8b7e7158a8d86a376274fd50c62e18a564668ebec65e202dbac9e676789e14f5d2fdd2fb2bf2d216083ed5c2b252375de0aaa64d7ebd3c92557b7d7db0b4f1949d6b018c3ba99f76829dd3a361129c771716e6649e6667545e65b7280aa648e69dfd66dbd95c560f5a7fa7560ec43c3c7c10703e1ba12dbdc4967d4bcf02a3e19c9326306f3618f7de16770f7beb16cfd73cec5de363c144edd7eb567d99dbc533b528c0e8cf73e2dc4ed0a0e2b8037e2f31acded7e77c49282b8012f18130707a61852c1007ed8121bce1bea7236db98bc429376b973633d5c6d94cea916b15b7e0bfbefa7f3967b7175f2143c48d7c095f0355e6838c63c1d93c659f5906e4f0925bcaee8f5cb2996c1669716438e28095e99d9aca440a87f08c42442e91260a81f3e66565ae699140e5b6c753065edf959bd555978969e8f1f4ede2848357172ccc4b700652d8b51dc69712d8eb8d023d2dc5c7f,gx-no-cache=1520856419999 HTTP/1.1" 200 30
186.67.172.234 - - [12/Mar/2018:09:07:45 -0300] "GET /cormun/servlet/hhome HTTP/1.1" 200 4231
200.120.230.197 - - [12/Mar/2018:09:07:45 -0300] "POST /cormun/servlet/solicitudot?gx-no-cache=1520856420093 HTTP/1.1" 200 30
186.67.172.234 - - [12/Mar/2018:09:07:45 -0300] "GET /cormun/static/PXToolsJavascripts/pexe_layers.js HTTP/1.1" 200 4114
200.120.230.197 - - [12/Mar/2018:09:07:45 -0300] "POST /cormun/servlet/solicitudot?gx-no-cache=1520856420211 HTTP/1.1" 200 1336
186.67.172.234 - - [12/Mar/2018:09:07:45 -0300] "GET /cormun/static/gxcfg.js?20175251212442 HTTP/1.1" 304 -
200.120.230.197 - - [12/Mar/2018:09:07:46 -0300] "POST /cormun/servlet/solicitudot?gx-no-cache=1520856420755 HTTP/1.1" 200 41
186.67.172.234 - - [12/Mar/2018:09:07:48 -0300] "GET /cormun/servlet/hhome HTTP/1.1" 200 4228
200.120.230.197 - - [12/Mar/2018:09:07:49 -0300] "POST /cormun/servlet/solicitudot?gx-no-cache=1520856421269 HTTP/1.1" 200 1318
200.120.230.197 - - [12/Mar/2018:09:07:49 -0300] "POST /cormun/servlet/solicitudot?gx-no-cache=1520856424545 HTTP/1.1" 200 1218
200.120.230.197 - - [12/Mar/2018:09:07:49 -0300] "GET /cormun/servlet/solicitudot?11e4ff8c7353ebc3fa7a47e470695ce13bf1e3098ba3553219e91418b834fe889f2974df3abf9735fee15fd164175643,gx-no-cache=1520856424766 HTTP/1.1" 200 30
200.120.230.197 - - [12/Mar/2018:09:07:49 -0300] "POST /cormun/servlet/solicitudot?gx-no-cache=1520856424864 HTTP/1.1" 200 30
200.120.230.197 - - [12/Mar/2018:09:07:52 -0300] "POST /cormun/servlet/solicitudot?82c98975558755a506b4ad2c3b58553a,INS,0,0,,gx-no-cache=1520856424967 HTTP/1.1" 200 12066
192.168.10.97 - - [12/Mar/2018:09:07:52 -0300] "POST /cormun/servlet/trcontratoobservaciongral?d86bb28cd19796eccf160a3449478e49,,gx-no-cache=1520856426757 HTTP/1.1" 200 90
192.168.10.97 - - [12/Mar/2018:09:07:52 -0300] "GET /cormun/servlet/hpexe_link HTTP/1.1" 200 968
192.168.10.97 - - [12/Mar/2018:09:07:52 -0300] "GET /cormun/servlet/trsolicitudgral? HTTP/1.1" 200 8986
192.168.10.97 - - [12/Mar/2018:09:07:53 -0300] "GET /cormun/servlet/trsolicitudgral? HTTP/1.1" 200 8985
192.168.10.97 - - [12/Mar/2018:09:08:13 -0300] "POST /cormun/servlet/trsolicitudgral?d86bb28cd19796eccf160a3449478e49,,gx-no-cache=1520856447391 HTTP/1.1" 200 5916
190.161.236.41 - - [12/Mar/2018:09:08:21 -0300] "GET /cormun/servlet/solicitudot?INS,0,0, HTTP/1.1" 200 13590
190.161.236.41 - - [12/Mar/2018:09:08:22 -0300] "GET /cormun/servlet/solicitudot?INS,0,0, HTTP/1.1" 200 13595
186.103.159.188 - - [12/Mar/2018:09:08:34 -0300] "POST /cormun/servlet/solicitudot?gx-no-cache=1520856467144 HTTP/1.1" 200 3413
186.103.159.188 - - [12/Mar/2018:09:08:35 -0300] "POST /cormun/servlet/solicitudot?a40165f0bacb7de3443f8cbeeb9eef29,INS,0,0,,gx-no-cache=1520856468097 HTTP/1.1" 200 10585
186.103.159.188 - - [12/Mar/2018:09:08:37 -0300] "GET /cormun/servlet/solicitudot?465c5c4609ee4d2f8175f095d20432c94141a18a7e306459e1e0c7b32a78a894eebb2221fb80e01f58b462465eb57158,gx-no-cache=1520856471088 HTTP/1.1" 200 30
186.103.159.188 - - [12/Mar/2018:09:08:45 -0300] "GET /cormun/servlet/solicitudot?465c5c4609ee4d2f8175f095d20432c961be61db8c3df4d84f88b2844836b5bbd7c07663f3164271a39e49a3cb249adb9842670c03164984d105fe405ad15fe8,gx-no-cache=1520856479694 HTTP/1.1" 200 30
186.103.159.188 - - [12/Mar/2018:09:08:45 -0300] "GET /cormun/servlet/solicitudot?465c5c4609ee4d2f8175f095d20432c9b8067207cc493402faa9667f0bd896a1,gx-no-cache=1520856479765 HTTP/1.1" 200 51
186.103.159.188 - - [12/Mar/2018:09:08:46 -0300] "POST /cormun/servlet/solicitudot?gx-no-cache=1520856479843 HTTP/1.1" 200 255
186.103.159.188 - - [12/Mar/2018:09:08:46 -0300] "GET /cormun/servlet/solicitudot?465c5c4609ee4d2f8175f095d20432c9b7f8d7ab3e0af4ea65cc4a93e4d44474a45a79771c048f20da32fb679453fd2c67a47d80efe5de13b4a2001a45ed4030582ce11bca4b8d081130dd89d14e4950b09ee5d6b8b7c78bb9111ed01aa4bff716c05523eb9e09911bc9e421f2a02866e2e51dc268c920c62435858825c2871c2779536bb79bd85c64d63dd5d93c7dbf887f9254ce32ca2328c683fa8aee46e2c6c51be7aa024251537180cf17e086bbb3c5de2bf01b82a9f391c0fa6e39c37987313e3649785ec72b22e6e6c0727a10533348bc41159ff3d1729f27333da48a7b5f28e6b82f8dd7f5ae9ca74cf77a9f706344581c404af0f0f067b4873c750aad0fa8627003ca1de572efa5d919cb0fb6799473f88f3dc03ad6427aa298d56f2a868409a949bf2dc1544f5a875c44ec39d62073d0b70f8928d49ed8fb24384b6bbb389813a92402d54af7516bd0595f5694d0e0698e4a73a0f337b11be1ab1598067d5d3abc8e2fff378b652e4a9b8337c5e799248cb182ece06bf29c92af0a,gx-no-cache=1520856479936 HTTP/1.1" 200 30
40.77.179.36 - - [12/Mar/2018:09:08:54 -0300] "GET /cormun/static/Shared/jqueryui/jquery-ui.min.js HTTP/1.1" 200 49152
186.103.159.188 - - [12/Mar/2018:09:08:57 -0300] "POST /cormun/servlet/solicitudot?gx-no-cache=1520856491776 HTTP/1.1" 200 30
186.103.159.188 - - [12/Mar/2018:09:09:02 -0300] "GET /cormun/servlet/prcontratosol?11364373,,,,,MD,,gxPopupLevel%3D0%3B HTTP/1.1" 200 7654
186.103.159.188 - - [12/Mar/2018:09:09:08 -0300] "POST /cormun/servlet/solicitudot?gx-no-cache=1520856502052 HTTP/1.1" 200 1336
186.103.159.188 - - [12/Mar/2018:09:09:08 -0300] "POST /cormun/servlet/solicitudot?gx-no-cache=1520856502144 HTTP/1.1" 200 38
186.103.159.188 - - [12/Mar/2018:09:09:08 -0300] "GET /cormun/servlet/solicitudot?465c5c4609ee4d2f8175f095d20432c9a1f94e662f53ef392bc2a265ec79a70e8a16a4fafbad58b18a28d1c2d7a60a8907054f37df94f3b1a9f6cfd749d0a4e00ebbc35c54f439e7710053aeb1ef3253cc609b25e77c7f706c2eb55893f58d207ffae32b5103b02862188e0ef23682193121f23a742064162227219cf0d56c637af34da3ccde2cf72b03008b0ddeab170efc86eaea4f28d4d98da8f7e9a3f669,gx-no-cache=1520856502693 HTTP/1.1" 200 29
186.103.159.188 - - [12/Mar/2018:09:09:09 -0300] "POST /cormun/servlet/solicitudot?gx-no-cache=1520856502838 HTTP/1.1" 200 1318
186.103.159.188 - - [12/Mar/2018:09:09:11 -0300] "POST /cormun/servlet/solicitudot?gx-no-cache=1520856502995 HTTP/1.1" 200 1219
186.103.159.188 - - [12/Mar/2018:09:09:13 -0300] "GET /cormun/servlet/solicitudot?465c5c4609ee4d2f8175f095d20432c9d8a835a7407132c55c319cdb2ae73d10bd407d0de904a328a4cd30cd21dd3a35,gx-no-cache=1520856505459 HTTP/1.1" 200 134
186.103.159.188 - - [12/Mar/2018:09:09:13 -0300] "GET /cormun/static/Shared/jqueryui/images/ui-icons_82798d_256x240.png HTTP/1.1" 404 1089
190.161.236.41 - - [12/Mar/2018:09:09:13 -0300] "GET /cormun/static/Shared/jqueryui/images/ui-bg_flat_55_994d53_40x100.png HTTP/1.1" 404 1097
186.103.159.188 - - [12/Mar/2018:09:09:14 -0300] "GET /cormun/static/Shared/jqueryui/images/ui-icons_ebccce_256x240.png HTTP/1.1" 404 1089
186.67.172.234 - - [12/Mar/2018:09:09:20 -0300] "GET /cormun/servlet/trsolicitudot? HTTP/1.1" 200 7443
186.67.172.234 - - [12/Mar/2018:09:09:20 -0300] "GET /cormun/static/gxcfg.js?2017111422585916 HTTP/1.1" 304 -
186.67.172.234 - - [12/Mar/2018:09:09:20 -0300] "GET /cormun/servlet/trsolicitudot? HTTP/1.1" 200 7443
186.67.172.234 - - [12/Mar/2018:09:09:22 -0300] "GET /cormun/servlet/solicitudot?INS,0,0, HTTP/1.1" 200 13667
186.67.172.234 - - [12/Mar/2018:09:09:23 -0300] "GET /cormun/static/gxcfg.js?201812313224582 HTTP/1.1" 304 -
186.67.172.234 - - [12/Mar/2018:09:09:23 -0300] "GET /cormun/static/solicitudot.js?201812313224831 HTTP/1.1" 304 -
186.67.172.234 - - [12/Mar/2018:09:09:23 -0300] "GET /cormun/servlet/solicitudot?INS,0,0, HTTP/1.1" 200 13672
186.103.159.188 - - [12/Mar/2018:09:09:32 -0300] "GET /cormun/static/Shared/jqueryui/images/ui-bg_highlight-soft_100_c6c2c8_1x100.png HTTP/1.1" 404 1117
186.67.172.234 - - [12/Mar/2018:09:09:49 -0300] "POST /cormun/servlet/solicitudot?gx-no-cache=1520856537582 HTTP/1.1" 200 3414
186.67.172.234 - - [12/Mar/2018:09:09:51 -0300] "POST /cormun/servlet/solicitudot?7a7580f74f7d23f9c82d06557267bf99,INS,0,0,,gx-no-cache=1520856538283 HTTP/1.1" 200 10586
186.67.172.234 - - [12/Mar/2018:09:09:55 -0300] "GET /cormun/servlet/solicitudot?25c829de35022dbad08eabbb0d0e03e9cf0520b44a7565f51f861697a17f95b0f6077d597a0c3dbb4e5a4aad9cd74572,gx-no-cache=1520856543793 HTTP/1.1" 200 30
186.67.172.234 - - [12/Mar/2018:09:09:55 -0300] "GET /cormun/servlet/solicitudot?25c829de35022dbad08eabbb0d0e03e9e01f5a5dcc562a82eb3b342c83b4c84b90079285c7e83981dda8cd2e6385be1c0eb3e26ee01ab38bcc1ceb4550494b25,gx-no-cache=1520856544176 HTTP/1.1" 200 30
186.67.172.234 - - [12/Mar/2018:09:09:55 -0300] "GET /cormun/servlet/solicitudot?25c829de35022dbad08eabbb0d0e03e926b372974ccd3814a6c9611f1869bbb1,gx-no-cache=1520856544278 HTTP/1.1" 200 53
186.67.172.234 - - [12/Mar/2018:09:09:56 -0300] "POST /cormun/servlet/solicitudot?gx-no-cache=1520856544371 HTTP/1.1" 200 255
186.67.172.234 - - [12/Mar/2018:09:09:56 -0300] "GET /cormun/servlet/solicitudot?25c829de35022dbad08eabbb0d0e03e9e9a3b0a6bc33881a68275c36cd3c2033f61528ae6ba4c65d8e75375d13b156f24334d1b9a54087ee665769697ba01754ebc19682cd72762b3185bcdf3377f1a03fbe584426dc8fe3d509f50eba3de52909f4c77f8fb5830cd8340da1676c75e2c352217c6f772e45752fb3eb44034a47bf2ed284f4f4ad8e4438d092a76406de3cae8c8b497165099180f87849ef88f171295b4ffe7f20e1edcd5576e6147534f72c8ba342072331caecdbf1cf0d5ee29116abf088192eb400b7823a10e4738ceac3521c9582ac4e12153cfdb6e0ef4d891133523e7335b49bb96b97a3d6396afcb7552e63bf0c24c142c98bac1e79050936dfe48d9d886cdf5fa8a4e221fb32d7d24b1c58d6f63691ddc0af05a2a93cbf0b584e64400f6eda6a0c2333dee991d298a8989549b4ae7a2d9d6ad515a26957f5d9df859ae337a0f6f83daf917b3d48df20d227b9bef46afcecaef029b5d6d20d2254aaafcb63d54bfa06c4dcfe56abf5ff62364d16e4dbf5ce1c090f027e,gx-no-cache=1520856545058 HTTP/1.1" 200 30
186.67.172.234 - - [12/Mar/2018:09:09:59 -0300] "POST /cormun/servlet/solicitudot?gx-no-cache=1520856548165 HTTP/1.1" 200 30
186.67.172.234 - - [12/Mar/2018:09:10:01 -0300] "GET /cormun/servlet/prcontratosol?18043631,,,,,MD,,gxPopupLevel%3D0%3B HTTP/1.1" 200 7726
186.67.172.234 - - [12/Mar/2018:09:10:02 -0300] "GET /cormun/static/gxcfg.js?201761413223964 HTTP/1.1" 200 953
186.67.172.234 - - [12/Mar/2018:09:10:48 -0300] "POST /cormun/servlet/solicitudot?gx-no-cache=1520856597586 HTTP/1.1" 200 1337
186.67.172.234 - - [12/Mar/2018:09:10:49 -0300] "POST /cormun/servlet/solicitudot?gx-no-cache=1520856597759 HTTP/1.1" 200 38
186.67.172.234 - - [12/Mar/2018:09:10:49 -0300] "GET /cormun/servlet/solicitudot?25c829de35022dbad08eabbb0d0e03e951c13dff5b0832c821dd12a6ecadbdb32e080e1a6f81301f517a7ec7f4027d298a5da895c172bbedbca15c1bad01e691344ef6df2d0ffd642e2bccc684984d1ce65043e4f64d0ba413578a8a5c371bea66652988acb6186c8932d68403dc1865b8a7d991b39e45f78722ad118abc2e847101075014511755d639f0aa4c23f2c72436515301826df5ecff019bbdd059b70c9be18342efce69240bf6c3068b110637d0fc18047a9a40ae1bd88fa2b2d7b1e6b45f5110928e148af2ad8ffae4ed36,gx-no-cache=1520856598402 HTTP/1.1" 200 29
186.67.172.234 - - [12/Mar/2018:09:10:50 -0300] "POST /cormun/servlet/solicitudot?gx-no-cache=1520856598526 HTTP/1.1" 200 1319
186.67.172.234 - - [12/Mar/2018:09:10:50 -0300] "POST /cormun/servlet/solicitudot?gx-no-cache=1520856599039 HTTP/1.1" 200 1217
186.67.172.234 - - [12/Mar/2018:09:10:50 -0300] "GET /cormun/servlet/solicitudot?25c829de35022dbad08eabbb0d0e03e9a6300bd46cdbc8ea0ff044907eb48d8fc554ae27668cec572c5c26f852ec354c,gx-no-cache=1520856599318 HTTP/1.1" 200 30
186.67.172.234 - - [12/Mar/2018:09:11:09 -0300] "GET /cormun/servlet/solicitudot?25c829de35022dbad08eabbb0d0e03e951c13dff5b0832c821dd12a6ecadbdb32e080e1a6f81301f517a7ec7f4027d29f6e530fe7060e2d57b9409fe3e98d64a344ef6df2d0ffd642e2bccc684984d1ce65043e4f64d0ba413578a8a5c371bea66652988acb6186c8932d68403dc1865b8a7d991b39e45f78722ad118abc2e847101075014511755d639f0aa4c23f2c72436515301826df5ecff019bbdd059b70c9be18342efce69240bf6c3068b110637d0fc18047a9a40ae1bd88fa2b2d7b1e6b45f5110928e148af2ad8ffae4ed36,gx-no-cache=1520856618582 HTTP/1.1" 200 29
186.67.172.234 - - [12/Mar/2018:09:11:11 -0300] "POST /cormun/servlet/solicitudot?gx-no-cache=1520856620632 HTTP/1.1" 200 1319
186.67.172.234 - - [12/Mar/2018:09:11:11 -0300] "POST /cormun/servlet/solicitudot?gx-no-cache=1520856620762 HTTP/1.1" 200 1217
186.67.172.234 - - [12/Mar/2018:09:11:13 -0300] "POST /cormun/servlet/solicitudot?gx-no-cache=1520856620885 HTTP/1.1" 200 33
186.67.172.234 - - [12/Mar/2018:09:11:14 -0300] "POST /cormun/servlet/solicitudot?7a7580f74f7d23f9c82d06557267bf99,INS,0,0,,gx-no-cache=1520856622189 HTTP/1.1" 200 93
186.67.172.234 - - [12/Mar/2018:09:11:15 -0300] "GET /cormun/servlet/hpexe_return? HTTP/1.1" 200 1009
186.67.172.234 - - [12/Mar/2018:09:11:15 -0300] "GET /cormun/static/gxcfg.js?2016101716175148 HTTP/1.1" 304 -
186.67.172.234 - - [12/Mar/2018:09:11:15 -0300] "GET /cormun/servlet/trsolicitudot HTTP/1.1" 200 8850
186.67.172.234 - - [12/Mar/2018:09:11:15 -0300] "GET /cormun/servlet/trsolicitudot HTTP/1.1" 200 8846
186.103.157.98 - - [12/Mar/2018:09:11:31 -0300] "GET /cormun/servlet/hlogin HTTP/1.1" 200 1719
186.103.157.98 - - [12/Mar/2018:09:11:32 -0300] "GET /cormun/static/gxtimezone.js?85251 HTTP/1.1" 304 -
186.103.157.98 - - [12/Mar/2018:09:11:32 -0300] "GET /cormun/static/gxcfg.js?20175251213516 HTTP/1.1" 304 -
186.103.157.98 - - [12/Mar/2018:09:11:33 -0300] "GET /cormun/static/messages.spa.js?85251 HTTP/1.1" 304 -
186.103.157.98 - - [12/Mar/2018:09:11:34 -0300] "GET /cormun/servlet/hlogin HTTP/1.1" 200 1724
186.67.172.234 - - [12/Mar/2018:09:11:34 -0300] "POST /cormun/servlet/trsolicitudot?7a7580f74f7d23f9c82d06557267bf99,gx-no-cache=1520856642925 HTTP/1.1" 200 4684
186.67.172.234 - - [12/Mar/2018:09:11:34 -0300] "GET /cormun/static/Shared/jqueryui/images/ui-bg_highlight-soft_100_c6c2c8_1x100.png HTTP/1.1" 404 1117
186.67.172.234 - - [12/Mar/2018:09:11:34 -0300] "GET /cormun/static/Shared/jqueryui/images/ui-icons_82798d_256x240.png HTTP/1.1" 404 1089
186.67.172.234 - - [12/Mar/2018:09:11:34 -0300] "GET /cormun/static/Shared/jqueryui/images/ui-icons_8d78a5_256x240.png HTTP/1.1" 404 1089
186.67.172.234 - - [12/Mar/2018:09:11:34 -0300] "GET /cormun/static/Shared/jqueryui/images/ui-bg_flat_55_fafafa_40x100.png HTTP/1.1" 404 1097
186.67.172.234 - - [12/Mar/2018:09:11:35 -0300] "POST /cormun/servlet/trsolicitudot?7a7580f74f7d23f9c82d06557267bf99,gx-no-cache=1520856643434 HTTP/1.1" 200 4454
186.67.172.234 - - [12/Mar/2018:09:11:40 -0300] "GET /cormun/servlet/trautorizarsolicitud? HTTP/1.1" 200 10017
186.67.172.234 - - [12/Mar/2018:09:11:40 -0300] "GET /cormun/static/gxcfg.js?2017111423403364 HTTP/1.1" 304 -
186.67.172.234 - - [12/Mar/2018:09:11:40 -0300] "GET /cormun/static/trautorizarsolicitud.js?201711142340425 HTTP/1.1" 304 -
186.67.172.234 - - [12/Mar/2018:09:11:41 -0300] "GET /cormun/servlet/trautorizarsolicitud? HTTP/1.1" 200 10017
186.103.159.182 - - [12/Mar/2018:09:11:42 -0300] "GET /cormun/servlet/hlogin HTTP/1.1" 200 1719
186.103.159.182 - - [12/Mar/2018:09:11:43 -0300] "GET /cormun/static/gxcfg.js?20175251213516 HTTP/1.1" 304 -
186.103.159.182 - - [12/Mar/2018:09:11:43 -0300] "GET /cormun/static/gxtimezone.js?85251 HTTP/1.1" 304 -
186.103.159.182 - - [12/Mar/2018:09:11:43 -0300] "GET /cormun/static/messages.spa.js?85251 HTTP/1.1" 304 -
186.103.159.182 - - [12/Mar/2018:09:11:44 -0300] "GET /cormun/servlet/hlogin HTTP/1.1" 200 1730
186.103.159.182 - - [12/Mar/2018:09:11:46 -0300] "POST /cormun/servlet/hlogin?3811883c770bac631a852b0f7224f94f,gx-no-cache=1520856600069 HTTP/1.1" 200 90
186.103.159.182 - - [12/Mar/2018:09:11:47 -0300] "GET /cormun/servlet/hpexe_link HTTP/1.1" 200 949
186.103.159.182 - - [12/Mar/2018:09:11:47 -0300] "GET /cormun/static/gxcfg.js?20177612121792 HTTP/1.1" 304 -
186.103.159.182 - - [12/Mar/2018:09:11:47 -0300] "GET /cormun/servlet/hhome HTTP/1.1" 200 4254
186.103.159.182 - - [12/Mar/2018:09:11:47 -0300] "GET /cormun/static/gxcfg.js?20175251212442 HTTP/1.1" 304 -
186.103.159.182 - - [12/Mar/2018:09:11:49 -0300] "GET /cormun/servlet/hhome HTTP/1.1" 200 4250
186.103.159.182 - - [12/Mar/2018:09:11:59 -0300] "GET /cormun/servlet/trsolicitudot? HTTP/1.1" 200 9553
186.103.159.182 - - [12/Mar/2018:09:12:00 -0300] "GET /cormun/static/calendar.js?85251 HTTP/1.1" 304 -
186.103.159.182 - - [12/Mar/2018:09:12:00 -0300] "GET /cormun/static/calendar-es.js?85251 HTTP/1.1" 304 -
186.103.159.182 - - [12/Mar/2018:09:12:00 -0300] "GET /cormun/static/calendar-setup.js?85251 HTTP/1.1" 304 -
186.103.159.182 - - [12/Mar/2018:09:12:00 -0300] "GET /cormun/static/gxcfg.js?2017111422585916 HTTP/1.1" 304 -
186.103.159.182 - - [12/Mar/2018:09:12:00 -0300] "GET /cormun/static/gxdec.js?85251 HTTP/1.1" 304 -
186.103.159.182 - - [12/Mar/2018:09:12:01 -0300] "GET /cormun/servlet/trsolicitudot? HTTP/1.1" 200 9551
186.67.172.234 - - [12/Mar/2018:09:12:12 -0300] "POST /cormun/servlet/trautorizarsolicitud?7a7580f74f7d23f9c82d06557267bf99,,gx-no-cache=1520856680761 HTTP/1.1" 200 6639
186.67.172.234 - - [12/Mar/2018:09:12:12 -0300] "GET /cormun/static/Shared/jqueryui/images/ui-bg_highlight-soft_100_c6c2c8_1x100.png HTTP/1.1" 404 1117
186.67.172.234 - - [12/Mar/2018:09:12:12 -0300] "GET /cormun/static/Shared/jqueryui/images/ui-bg_flat_55_fafafa_40x100.png HTTP/1.1" 404 1097
186.67.172.234 - - [12/Mar/2018:09:12:12 -0300] "GET /cormun/static/Shared/jqueryui/images/ui-icons_82798d_256x240.png HTTP/1.1" 404 1089
186.67.172.234 - - [12/Mar/2018:09:12:12 -0300] "GET /cormun/static/Shared/jqueryui/images/ui-icons_8d78a5_256x240.png HTTP/1.1" 404 1089
186.67.172.234 - - [12/Mar/2018:09:12:13 -0300] "POST /cormun/servlet/trautorizarsolicitud?7a7580f74f7d23f9c82d06557267bf99,,gx-no-cache=1520856681151 HTTP/1.1" 200 6582
192.168.10.97 - - [12/Mar/2018:09:12:15 -0300] "GET /cormun/servlet/trsolicitudot? HTTP/1.1" 200 9101
192.168.10.97 - - [12/Mar/2018:09:12:15 -0300] "GET /cormun/static/gxcfg.js?2017111422585916 HTTP/1.1" 200 953
192.168.10.97 - - [12/Mar/2018:09:12:15 -0300] "GET /cormun/static/trsolicitudot.js?201711142259839 HTTP/1.1" 200 54041
192.168.10.97 - - [12/Mar/2018:09:12:15 -0300] "GET /cormun/static/Resources/PXToolsGridNew.png HTTP/1.1" 200 2949
192.168.10.97 - - [12/Mar/2018:09:12:15 -0300] "GET /cormun//static/Resources/PXToolsActionView.png HTTP/1.1" 200 2995
192.168.10.97 - - [12/Mar/2018:09:12:15 -0300] "GET /cormun//static/Resources/PXToolsRemoveAllAction.png HTTP/1.1" 200 3558
192.168.10.97 - - [12/Mar/2018:09:12:16 -0300] "GET /cormun//static/Resources/PXTools/ActionInsert.png HTTP/1.1" 200 1482
192.168.10.97 - - [12/Mar/2018:09:12:16 -0300] "GET /cormun/servlet/trsolicitudot? HTTP/1.1" 200 9100
192.168.10.97 - - [12/Mar/2018:09:12:16 -0300] "POST /cormun/servlet/acontrolpreferencessavestate?None,EQUINTEROS,true HTTP/1.1" 200 35
186.103.159.182 - - [12/Mar/2018:09:12:26 -0300] "POST /cormun/servlet/trsolicitudot?3811883c770bac631a852b0f7224f94f,,gx-no-cache=1520856638009 HTTP/1.1" 200 6304
186.103.159.182 - - [12/Mar/2018:09:12:28 -0300] "POST /cormun/servlet/trsolicitudot?3811883c770bac631a852b0f7224f94f,,gx-no-cache=1520856640215 HTTP/1.1" 200 6284
186.103.159.182 - - [12/Mar/2018:09:12:32 -0300] "GET /cormun/servlet/trautorizarsolicitud? HTTP/1.1" 200 7368
186.103.159.182 - - [12/Mar/2018:09:12:32 -0300] "GET /cormun/static/gxcfg.js?2017111423403364 HTTP/1.1" 304 -
186.103.159.182 - - [12/Mar/2018:09:12:34 -0300] "GET /cormun/servlet/trautorizarsolicitud? HTTP/1.1" 200 7368
186.67.172.234 - - [12/Mar/2018:09:12:34 -0300] "POST /cormun/servlet/trautorizarsolicitud?7a7580f74f7d23f9c82d06557267bf99,,gx-no-cache=1520856703021 HTTP/1.1" 200 6158
186.67.172.234 - - [12/Mar/2018:09:12:35 -0300] "POST /cormun/servlet/trautorizarsolicitud?7a7580f74f7d23f9c82d06557267bf99,,gx-no-cache=1520856703888 HTTP/1.1" 200 6100
186.103.159.182 - - [12/Mar/2018:09:12:39 -0300] "GET /cormun/static/menuarrow.gif HTTP/1.1" 404 1015
186.103.159.182 - - [12/Mar/2018:09:12:49 -0300] "POST /cormun/servlet/trautorizarsolicitud?3811883c770bac631a852b0f7224f94f,,gx-no-cache=1520856662479 HTTP/1.1" 200 7005
192.168.10.97 - - [12/Mar/2018:09:13:12 -0300] "GET /cormun/servlet/trsolicitudgral? HTTP/1.1" 200 8993
192.168.10.97 - - [12/Mar/2018:09:13:13 -0300] "GET /cormun/servlet/trsolicitudgral? HTTP/1.1" 200 8991
186.103.159.188 - - [12/Mar/2018:09:13:46 -0300] "POST /cormun/servlet/solicitudot?gx-no-cache=1520856779300 HTTP/1.1" 200 1318
186.103.159.188 - - [12/Mar/2018:09:13:47 -0300] "POST /cormun/servlet/solicitudot?gx-no-cache=1520856780387 HTTP/1.1" 200 1219
186.103.159.188 - - [12/Mar/2018:09:13:47 -0300] "GET /cormun/static/menuarrow.gif HTTP/1.1" 404 1015
186.103.159.188 - - [12/Mar/2018:09:14:22 -0300] "GET /cormun/servlet/solicitudot?465c5c4609ee4d2f8175f095d20432c907803f9b6f09620fae3b2a08cd0e4c23f512f246189558c1dd4a97fcaf6575dc,gx-no-cache=1520856815165 HTTP/1.1" 200 30
192.168.10.97 - - [12/Mar/2018:09:14:33 -0300] "GET /cormun/servlet/hlogin HTTP/1.1" 200 1729
192.168.10.97 - - [12/Mar/2018:09:14:36 -0300] "POST /cormun/servlet/hlogin?be30a6496920e87b4265640a3df9ef32,gx-no-cache=1520856830607 HTTP/1.1" 200 90
192.168.10.97 - - [12/Mar/2018:09:14:36 -0300] "GET /cormun/servlet/hpexe_link HTTP/1.1" 200 953
192.168.10.97 - - [12/Mar/2018:09:14:36 -0300] "GET /cormun/servlet/hhome HTTP/1.1" 200 4494
192.168.10.97 - - [12/Mar/2018:09:14:36 -0300] "GET /cormun/servlet/hhome HTTP/1.1" 200 4490
186.103.159.188 - - [12/Mar/2018:09:14:40 -0300] "POST /cormun/servlet/solicitudot?gx-no-cache=1520856834040 HTTP/1.1" 200 33
186.103.159.188 - - [12/Mar/2018:09:14:42 -0300] "POST /cormun/servlet/solicitudot?a40165f0bacb7de3443f8cbeeb9eef29,INS,0,0,,gx-no-cache=1520856834154 HTTP/1.1" 200 93
186.103.159.188 - - [12/Mar/2018:09:14:42 -0300] "GET /cormun/servlet/hpexe_return? HTTP/1.1" 200 1009
186.103.159.188 - - [12/Mar/2018:09:14:43 -0300] "GET /cormun/servlet/trsolicitudot HTTP/1.1" 200 9249
186.103.159.188 - - [12/Mar/2018:09:14:43 -0300] "GET /cormun/servlet/trsolicitudot HTTP/1.1" 200 9244
192.168.10.97 - - [12/Mar/2018:09:14:44 -0300] "GET /cormun/servlet/hhome HTTP/1.1" 200 4490
192.168.10.97 - - [12/Mar/2018:09:14:45 -0300] "GET /cormun/servlet/hhome HTTP/1.1" 200 4490
192.168.10.97 - - [12/Mar/2018:09:14:46 -0300] "GET /cormun/servlet/hhome HTTP/1.1" 200 4490
192.168.10.97 - - [12/Mar/2018:09:14:46 -0300] "GET /cormun/servlet/hhome HTTP/1.1" 200 4490
192.168.10.97 - - [12/Mar/2018:09:14:49 -0300] "GET /cormun/servlet/hhome HTTP/1.1" 200 4490
192.168.10.97 - - [12/Mar/2018:09:14:49 -0300] "GET /cormun/servlet/hhome HTTP/1.1" 200 4490
186.103.159.182 - - [12/Mar/2018:09:14:58 -0300] "GET /cormun/servlet/veautorizarsolicitud?2018,9585,, HTTP/1.1" 200 8664
186.103.159.182 - - [12/Mar/2018:09:14:58 -0300] "GET /cormun/static/gxcfg.js?2017111423404691 HTTP/1.1" 200 953
186.103.159.182 - - [12/Mar/2018:09:14:58 -0300] "GET /cormun/pexe_scrolldiv.js HTTP/1.1" 404 1009
186.103.159.182 - - [12/Mar/2018:09:14:58 -0300] "GET /cormun/static/veautorizarsolicitud.js?2017111423404756 HTTP/1.1" 200 6140
186.103.159.182 - - [12/Mar/2018:09:14:58 -0300] "GET /cormun/static/tbautorizarsolicitud01.js?2017111423392092 HTTP/1.1" 200 30580
186.103.159.182 - - [12/Mar/2018:09:15:00 -0300] "GET /cormun/servlet/veautorizarsolicitud?2018,9585,, HTTP/1.1" 200 8663
192.168.10.97 - - [12/Mar/2018:09:15:06 -0300] "GET /cormun/servlet/trsolicitudgral? HTTP/1.1" 200 8992
