192.168.10.97 - - [12/Mar/2018:09:15:06 -0300] "GET /cormun/servlet/trsolicitudgral? HTTP/1.1" 200 8992
190.161.236.41 - - [12/Mar/2018:09:15:17 -0300] "GET /cormun/servlet/solicitudot?INS,0,0, HTTP/1.1" 200 13589
190.161.236.41 - - [12/Mar/2018:09:15:18 -0300] "GET /cormun/servlet/solicitudot?INS,0,0, HTTP/1.1" 200 13594
186.103.159.182 - - [12/Mar/2018:09:15:22 -0300] "POST /cormun/servlet/veautorizarsolicitud?3811883c770bac631a852b0f7224f94f,2018,9585,,,gx-no-cache=1520856814597 HTTP/1.1" 200 93
186.103.159.182 - - [12/Mar/2018:09:15:22 -0300] "GET /cormun/servlet/hpexe_return? HTTP/1.1" 200 1016
186.103.159.182 - - [12/Mar/2018:09:15:22 -0300] "GET /cormun/static/gxcfg.js?2016101716175148 HTTP/1.1" 304 -
186.103.159.182 - - [12/Mar/2018:09:15:23 -0300] "GET /cormun/servlet/trautorizarsolicitud? HTTP/1.1" 200 9959
186.103.159.182 - - [12/Mar/2018:09:15:24 -0300] "GET /cormun/servlet/trautorizarsolicitud? HTTP/1.1" 200 9955
186.103.159.188 - - [12/Mar/2018:09:15:27 -0300] "POST /cormun/servlet/solicitudot?gx-no-cache=1520856879558 HTTP/1.1" 200 3403
186.103.159.188 - - [12/Mar/2018:09:15:30 -0300] "POST /cormun/servlet/solicitudot?a40165f0bacb7de3443f8cbeeb9eef29,INS,0,0,,gx-no-cache=1520856881124 HTTP/1.1" 200 10579
186.103.159.188 - - [12/Mar/2018:09:15:31 -0300] "GET /cormun/servlet/solicitudot?465c5c4609ee4d2f8175f095d20432c9ec689a877d0a2ad6d5647a3fa50668809842670c03164984d105fe405ad15fe8,gx-no-cache=1520856885432 HTTP/1.1" 200 30
186.103.159.188 - - [12/Mar/2018:09:15:36 -0300] "GET /cormun/servlet/solicitudot?465c5c4609ee4d2f8175f095d20432c9b87de076e541634f7b6c2f8a04328c9c4efa61fe029422de869015f48aa440af9b2dba4e0f78ed7a55b508daaf63d194,gx-no-cache=1520856890104 HTTP/1.1" 200 30
186.103.159.188 - - [12/Mar/2018:09:15:36 -0300] "GET /cormun/servlet/solicitudot?465c5c4609ee4d2f8175f095d20432c9b8067207cc493402faa9667f0bd896a1,gx-no-cache=1520856890188 HTTP/1.1" 200 51
186.103.159.188 - - [12/Mar/2018:09:15:36 -0300] "POST /cormun/servlet/solicitudot?gx-no-cache=1520856890259 HTTP/1.1" 200 255
186.103.159.188 - - [12/Mar/2018:09:15:36 -0300] "GET /cormun/servlet/solicitudot?465c5c4609ee4d2f8175f095d20432c9b7f8d7ab3e0af4ea65cc4a93e4d44474a45a79771c048f20da32fb679453fd2c67a47d80efe5de13b4a2001a45ed4030582ce11bca4b8d081130dd89d14e4950b09ee5d6b8b7c78bb9111ed01aa4bff716c05523eb9e09911bc9e421f2a02866e2e51dc268c920c62435858825c2871c2779536bb79bd85c64d63dd5d93c7dbf887f9254ce32ca2328c683fa8aee46e2c6c51be7aa024251537180cf17e086bbb3c5de2bf01b82a9f391c0fa6e39c37987313e3649785ec72b22e6e6c0727a10533348bc41159ff3d1729f27333da48a7b5f28e6b82f8dd7f5ae9ca74cf77a9f706344581c404af0f0f067b4873c750aad0fa8627003ca1de572efa5d919cb0fb6799473f88f3dc03ad6427aa298d56f2a868409a949bf2dc1544f5a875c44ec39d62073d0b70f8928d49ed8fb24384b6bbb389813a92402d54af7516bd0595f5694d0e0698e4a73a0f337b11be1ab1598067d5d3abc8e2fff378b652e4a9b8337c5e799248cb182ece06bf29c92af0a,gx-no-cache=1520856890379 HTTP/1.1" 200 30
186.103.159.188 - - [12/Mar/2018:09:15:38 -0300] "POST /cormun/servlet/solicitudot?gx-no-cache=1520856892680 HTTP/1.1" 200 30
186.103.159.182 - - [12/Mar/2018:09:15:40 -0300] "POST /cormun/servlet/trautorizarsolicitud?3811883c770bac631a852b0f7224f94f,,gx-no-cache=1520856831913 HTTP/1.1" 200 6622
186.103.159.182 - - [12/Mar/2018:09:15:40 -0300] "GET /cormun/static/Shared/jqueryui/images/ui-icons_82798d_256x240.png HTTP/1.1" 404 1089
186.103.159.182 - - [12/Mar/2018:09:15:40 -0300] "GET /cormun/static/Shared/jqueryui/images/ui-icons_8d78a5_256x240.png HTTP/1.1" 404 1089
186.103.159.182 - - [12/Mar/2018:09:15:40 -0300] "GET /cormun/static/Shared/jqueryui/images/ui-bg_flat_55_fafafa_40x100.png HTTP/1.1" 404 1097
186.103.159.182 - - [12/Mar/2018:09:15:41 -0300] "GET /cormun/static/Shared/jqueryui/images/ui-bg_highlight-soft_100_c6c2c8_1x100.png HTTP/1.1" 404 1117
186.103.159.188 - - [12/Mar/2018:09:15:42 -0300] "GET /cormun/servlet/prcontratosol?9449907,,,,,MD,,gxPopupLevel%3D0%3B HTTP/1.1" 200 10982
186.103.159.182 - - [12/Mar/2018:09:15:42 -0300] "POST /cormun/servlet/trautorizarsolicitud?3811883c770bac631a852b0f7224f94f,,gx-no-cache=1520856834451 HTTP/1.1" 200 6566
186.103.159.188 - - [12/Mar/2018:09:15:46 -0300] "POST /cormun/servlet/solicitudot?gx-no-cache=1520856899909 HTTP/1.1" 200 1337
186.103.159.188 - - [12/Mar/2018:09:15:46 -0300] "POST /cormun/servlet/solicitudot?gx-no-cache=1520856900070 HTTP/1.1" 200 38
186.103.159.188 - - [12/Mar/2018:09:15:46 -0300] "GET /cormun/servlet/solicitudot?465c5c4609ee4d2f8175f095d20432c9a1f94e662f53ef392bc2a265ec79a70e8a16a4fafbad58b18a28d1c2d7a60a8907054f37df94f3b1a9f6cfd749d0a4e00ebbc35c54f439e7710053aeb1ef3253cc609b25e77c7f706c2eb55893f58d207ffae32b5103b02862188e0ef23682193121f23a742064162227219cf0d56c637af34da3ccde2cf72b03008b0ddeab170efc86eaea4f28d4d98da8f7e9a3f669,gx-no-cache=1520856900708 HTTP/1.1" 200 29
186.103.159.188 - - [12/Mar/2018:09:15:47 -0300] "POST /cormun/servlet/solicitudot?gx-no-cache=1520856900792 HTTP/1.1" 200 1319
186.103.159.188 - - [12/Mar/2018:09:15:48 -0300] "POST /cormun/servlet/solicitudot?gx-no-cache=1520856901645 HTTP/1.1" 200 1218
186.103.159.188 - - [12/Mar/2018:09:15:48 -0300] "GET /cormun/servlet/solicitudot?465c5c4609ee4d2f8175f095d20432c907803f9b6f09620fae3b2a08cd0e4c23f512f246189558c1dd4a97fcaf6575dc,gx-no-cache=1520856902085 HTTP/1.1" 200 30
186.103.159.188 - - [12/Mar/2018:09:16:08 -0300] "POST /cormun/servlet/solicitudot?gx-no-cache=1520856921954 HTTP/1.1" 200 1319
186.103.159.188 - - [12/Mar/2018:09:16:08 -0300] "POST /cormun/servlet/solicitudot?gx-no-cache=1520856922149 HTTP/1.1" 200 1218
186.103.159.188 - - [12/Mar/2018:09:16:08 -0300] "POST /cormun/servlet/solicitudot?gx-no-cache=1520856922240 HTTP/1.1" 200 33
186.103.159.188 - - [12/Mar/2018:09:16:10 -0300] "POST /cormun/servlet/solicitudot?a40165f0bacb7de3443f8cbeeb9eef29,INS,0,0,,gx-no-cache=1520856922811 HTTP/1.1" 200 93
186.103.159.188 - - [12/Mar/2018:09:16:10 -0300] "GET /cormun/servlet/hpexe_return? HTTP/1.1" 200 1009
186.103.159.188 - - [12/Mar/2018:09:16:11 -0300] "GET /cormun/servlet/trsolicitudot HTTP/1.1" 200 9628
186.103.159.188 - - [12/Mar/2018:09:16:11 -0300] "GET /cormun/servlet/trsolicitudot HTTP/1.1" 200 9623
190.161.236.41 - - [12/Mar/2018:09:16:53 -0300] "GET /cormun/servlet/solicitudot?INS,0,0, HTTP/1.1" 200 13589
190.161.236.41 - - [12/Mar/2018:09:16:54 -0300] "GET /cormun/servlet/solicitudot?INS,0,0, HTTP/1.1" 200 13594
186.103.159.188 - - [12/Mar/2018:09:17:00 -0300] "POST /cormun/servlet/solicitudot?gx-no-cache=1520856973956 HTTP/1.1" 200 3381
186.103.159.188 - - [12/Mar/2018:09:17:01 -0300] "POST /cormun/servlet/solicitudot?a40165f0bacb7de3443f8cbeeb9eef29,INS,0,0,,gx-no-cache=1520856974413 HTTP/1.1" 200 10545
186.103.159.182 - - [12/Mar/2018:09:17:08 -0300] "POST /cormun/servlet/trautorizarsolicitud?3811883c770bac631a852b0f7224f94f,,gx-no-cache=1520856920158 HTTP/1.1" 200 6203
186.103.159.188 - - [12/Mar/2018:09:17:08 -0300] "GET /cormun/servlet/solicitudot?465c5c4609ee4d2f8175f095d20432c9215055f6a0f97a845bc8215ef2c327bf9842670c03164984d105fe405ad15fe8,gx-no-cache=1520856981957 HTTP/1.1" 200 30
186.103.159.188 - - [12/Mar/2018:09:17:08 -0300] "GET /cormun/servlet/solicitudot?465c5c4609ee4d2f8175f095d20432c97bfad87468de3bd66f065be1a64644b400bbd7604d7718bce10c1e706afdfbe9a39a333ce466d66601d32689f94d1dd3,gx-no-cache=1520856982055 HTTP/1.1" 200 30
186.103.159.188 - - [12/Mar/2018:09:17:08 -0300] "GET /cormun/servlet/solicitudot?465c5c4609ee4d2f8175f095d20432c9b8067207cc493402faa9667f0bd896a1,gx-no-cache=1520856982196 HTTP/1.1" 200 51
186.103.159.188 - - [12/Mar/2018:09:17:08 -0300] "POST /cormun/servlet/solicitudot?gx-no-cache=1520856982279 HTTP/1.1" 200 255
186.103.159.188 - - [12/Mar/2018:09:17:08 -0300] "GET /cormun/servlet/solicitudot?465c5c4609ee4d2f8175f095d20432c9b7f8d7ab3e0af4ea65cc4a93e4d44474a45a79771c048f20da32fb679453fd2c67a47d80efe5de13b4a2001a45ed4030582ce11bca4b8d081130dd89d14e4950b09ee5d6b8b7c78bb9111ed01aa4bff716c05523eb9e09911bc9e421f2a02866e2e51dc268c920c62435858825c2871c2779536bb79bd85c64d63dd5d93c7dbf887f9254ce32ca2328c683fa8aee46e2c6c51be7aa024251537180cf17e086bbb3c5de2bf01b82a9f391c0fa6e39c37987313e3649785ec72b22e6e6c0727a10533348bc41159ff3d1729f27333da48a7b5f28e6b82f8dd7f5ae9ca74cf77a9f706344581c404af0f0f067b4873c750aad0fa8627003ca1de572efa5d919cb0fb6799473f88f3dc03ad6427aa298d56f2a868409a949bf2dc1544f5a875c44ec39d62073d0b70f8928d49ed8fb24384b6bbb389813a92402d54af7516bd0595f5694d0e0698e4a73a0f337b11be1ab1598067d5d3abc8e2fff378b652e4a9b8337c5e799248cb182ece06bf29c92af0a,gx-no-cache=1520856982378 HTTP/1.1" 200 30
186.103.159.182 - - [12/Mar/2018:09:17:10 -0300] "POST /cormun/servlet/trautorizarsolicitud?3811883c770bac631a852b0f7224f94f,,gx-no-cache=1520856921722 HTTP/1.1" 200 6147
186.103.159.182 - - [12/Mar/2018:09:17:14 -0300] "POST /cormun/servlet/trautorizarsolicitud?3811883c770bac631a852b0f7224f94f,,gx-no-cache=1520856925922 HTTP/1.1" 200 5780
186.103.159.182 - - [12/Mar/2018:09:17:15 -0300] "POST /cormun/servlet/trautorizarsolicitud?3811883c770bac631a852b0f7224f94f,,gx-no-cache=1520856928383 HTTP/1.1" 200 5724
192.168.10.96 - - [12/Mar/2018:09:17:17 -0300] "GET /cormun/servlet/hlogin HTTP/1.1" 200 1722
192.168.10.96 - - [12/Mar/2018:09:17:17 -0300] "GET /cormun/servlet/hlogin HTTP/1.1" 200 1722
186.103.159.182 - - [12/Mar/2018:09:17:17 -0300] "POST /cormun/servlet/trautorizarsolicitud?3811883c770bac631a852b0f7224f94f,,gx-no-cache=1520856930562 HTTP/1.1" 200 4605
186.103.159.182 - - [12/Mar/2018:09:17:18 -0300] "POST /cormun/servlet/trautorizarsolicitud?3811883c770bac631a852b0f7224f94f,,gx-no-cache=1520856931506 HTTP/1.1" 200 4383
192.168.10.96 - - [12/Mar/2018:09:17:18 -0300] "GET /cormun/static/Resources/Spanish/PXTools.css?11423723 HTTP/1.1" 304 -
192.168.10.96 - - [12/Mar/2018:09:17:18 -0300] "GET /cormun/static/messages.spa.js?85251 HTTP/1.1" 304 -
192.168.10.96 - - [12/Mar/2018:09:17:18 -0300] "GET /cormun/static/gxtimezone.js?85251 HTTP/1.1" 304 -
192.168.10.96 - - [12/Mar/2018:09:17:18 -0300] "GET /cormun/static/hlogin.js?20175251213537 HTTP/1.1" 304 -
192.168.10.96 - - [12/Mar/2018:09:17:18 -0300] "GET /cormun/static/gxcfg.js?20175251213516 HTTP/1.1" 304 -
192.168.10.96 - - [12/Mar/2018:09:17:19 -0300] "GET /cormun/servlet/hlogin HTTP/1.1" 200 1733
186.103.159.188 - - [12/Mar/2018:09:17:20 -0300] "POST /cormun/servlet/solicitudot?gx-no-cache=1520856994277 HTTP/1.1" 200 30
186.103.159.188 - - [12/Mar/2018:09:17:23 -0300] "GET /cormun/servlet/prcontratosol?9221912,,,,,MD,,gxPopupLevel%3D0%3B HTTP/1.1" 200 7442
192.168.10.96 - - [12/Mar/2018:09:17:25 -0300] "POST /cormun/servlet/hlogin?fe65e168a949a99042bcc66a5acacb83,gx-no-cache=1520856882713 HTTP/1.1" 200 90
192.168.10.96 - - [12/Mar/2018:09:17:25 -0300] "GET /cormun/servlet/hpexe_link HTTP/1.1" 200 951
192.168.10.96 - - [12/Mar/2018:09:17:25 -0300] "GET /cormun/static/gxcfg.js?20177612121792 HTTP/1.1" 304 -
192.168.10.96 - - [12/Mar/2018:09:17:25 -0300] "GET /cormun/static/Resources/Spanish/PXTools.css?1155365 HTTP/1.1" 304 -
192.168.10.96 - - [12/Mar/2018:09:17:25 -0300] "GET /cormun/static/hpexe_link.js?20177612121795 HTTP/1.1" 304 -
192.168.10.96 - - [12/Mar/2018:09:17:26 -0300] "GET /cormun/servlet/hhome HTTP/1.1" 200 4708
192.168.10.96 - - [12/Mar/2018:09:17:26 -0300] "GET /cormun/static/gxcfg.js?20175251212442 HTTP/1.1" 304 -
192.168.10.96 - - [12/Mar/2018:09:17:26 -0300] "GET /cormun/static/hpexe_recentlink.js?20177611595044 HTTP/1.1" 304 -
192.168.10.96 - - [12/Mar/2018:09:17:26 -0300] "GET /cormun/static/hwchdr01.js?201752511465785 HTTP/1.1" 304 -
192.168.10.96 - - [12/Mar/2018:09:17:26 -0300] "GET /cormun/static/hhome.js?20175251212450 HTTP/1.1" 304 -
192.168.10.96 - - [12/Mar/2018:09:17:26 -0300] "GET /cormun/static/hpexe_scripts.js?201752511465715 HTTP/1.1" 304 -
192.168.10.96 - - [12/Mar/2018:09:17:26 -0300] "GET /cormun/static/hpexe_messagepopupcomponent.js?20161017169425 HTTP/1.1" 304 -
192.168.10.96 - - [12/Mar/2018:09:17:26 -0300] "GET /cormun/static/hpexe_messagegenexuscomponent.js?201752511465344 HTTP/1.1" 304 -
192.168.10.96 - - [12/Mar/2018:09:17:26 -0300] "GET /cormun/static/cmcontrolpreferences.js?201752511465670 HTTP/1.1" 304 -
192.168.10.96 - - [12/Mar/2018:09:17:26 -0300] "GET /cormun/static/hpexe_messagecontroller.js?20177611595012 HTTP/1.1" 304 -
192.168.10.96 - - [12/Mar/2018:09:17:26 -0300] "GET /cormun/static/hmpwkw03.js?20177612122668 HTTP/1.1" 304 -
192.168.10.96 - - [12/Mar/2018:09:17:26 -0300] "GET /cormun/servlet/hhome HTTP/1.1" 200 4704
186.103.159.182 - - [12/Mar/2018:09:17:27 -0300] "GET /cormun/servlet/trsolicitudot? HTTP/1.1" 200 9299
186.103.159.188 - - [12/Mar/2018:09:17:28 -0300] "POST /cormun/servlet/solicitudot?gx-no-cache=1520857002565 HTTP/1.1" 200 1337
186.103.159.182 - - [12/Mar/2018:09:17:29 -0300] "GET /cormun/servlet/trsolicitudot? HTTP/1.1" 200 9299
186.103.159.188 - - [12/Mar/2018:09:17:29 -0300] "POST /cormun/servlet/solicitudot?gx-no-cache=1520857002787 HTTP/1.1" 200 38
186.103.159.188 - - [12/Mar/2018:09:17:29 -0300] "GET /cormun/servlet/solicitudot?465c5c4609ee4d2f8175f095d20432c9a1f94e662f53ef392bc2a265ec79a70e8a16a4fafbad58b18a28d1c2d7a60a8907054f37df94f3b1a9f6cfd749d0a4e00ebbc35c54f439e7710053aeb1ef3253cc609b25e77c7f706c2eb55893f58d207ffae32b5103b02862188e0ef23682193121f23a742064162227219cf0d56c637af34da3ccde2cf72b03008b0ddeab170efc86eaea4f28d4d98da8f7e9a3f669,gx-no-cache=1520857003336 HTTP/1.1" 200 29
186.103.159.188 - - [12/Mar/2018:09:17:30 -0300] "POST /cormun/servlet/solicitudot?gx-no-cache=1520857003422 HTTP/1.1" 200 1319
192.168.10.96 - - [12/Mar/2018:09:17:30 -0300] "GET /cormun/servlet/trsolicitudgral? HTTP/1.1" 200 28847
192.168.10.96 - - [12/Mar/2018:09:17:30 -0300] "GET /cormun/static/calendar-setup.js?85251 HTTP/1.1" 304 -
192.168.10.96 - - [12/Mar/2018:09:17:30 -0300] "GET /cormun/static/Resources/Spanish/PXTools.css?1255365 HTTP/1.1" 304 -
192.168.10.96 - - [12/Mar/2018:09:17:30 -0300] "GET /cormun/static/calendar.js?85251 HTTP/1.1" 304 -
192.168.10.96 - - [12/Mar/2018:09:17:30 -0300] "GET /cormun/static/calendar-es.js?85251 HTTP/1.1" 304 -
192.168.10.96 - - [12/Mar/2018:09:17:30 -0300] "GET /cormun/static/gxcfg.js?201813119461163 HTTP/1.1" 304 -
192.168.10.96 - - [12/Mar/2018:09:17:30 -0300] "GET /cormun/static/gxdec.js?85251 HTTP/1.1" 304 -
192.168.10.96 - - [12/Mar/2018:09:17:30 -0300] "GET /cormun/static/trsolicitudgral.js?201813119462015 HTTP/1.1" 304 -
186.103.159.188 - - [12/Mar/2018:09:17:31 -0300] "POST /cormun/servlet/solicitudot?gx-no-cache=1520857004029 HTTP/1.1" 200 1219
186.103.159.188 - - [12/Mar/2018:09:17:31 -0300] "GET /cormun/servlet/solicitudot?465c5c4609ee4d2f8175f095d20432c98077a13333440c7a7fd0cc7d3b5baa60f512f246189558c1dd4a97fcaf6575dc,gx-no-cache=1520857005181 HTTP/1.1" 200 134
186.103.159.188 - - [12/Mar/2018:09:17:31 -0300] "GET /cormun/static/Shared/jqueryui/images/ui-bg_highlight-soft_100_c6c2c8_1x100.png HTTP/1.1" 404 1117
186.103.159.188 - - [12/Mar/2018:09:17:31 -0300] "GET /cormun/static/Shared/jqueryui/images/ui-icons_82798d_256x240.png HTTP/1.1" 404 1089
186.103.159.188 - - [12/Mar/2018:09:17:31 -0300] "GET /cormun/static/Shared/jqueryui/images/ui-icons_ebccce_256x240.png HTTP/1.1" 404 1089
186.103.159.188 - - [12/Mar/2018:09:17:31 -0300] "GET /cormun/static/Shared/jqueryui/images/ui-bg_flat_55_994d53_40x100.png HTTP/1.1" 404 1097
192.168.10.96 - - [12/Mar/2018:09:17:32 -0300] "GET /cormun/servlet/trsolicitudgral? HTTP/1.1" 200 28846
192.168.10.96 - - [12/Mar/2018:09:17:39 -0300] "POST /cormun/servlet/trsolicitudgral?fe65e168a949a99042bcc66a5acacb83,,gx-no-cache=1520856895901 HTTP/1.1" 200 5922
192.168.10.96 - - [12/Mar/2018:09:17:44 -0300] "POST /cormun/servlet/trsolicitudgral?fe65e168a949a99042bcc66a5acacb83,,gx-no-cache=1520856901425 HTTP/1.1" 200 5925
186.103.159.188 - - [12/Mar/2018:09:17:46 -0300] "GET /cormun/servlet/solicitudot?465c5c4609ee4d2f8175f095d20432c9c24496bfaa8d4e7ddd467bba18963910f512f246189558c1dd4a97fcaf6575dc,gx-no-cache=1520857020149 HTTP/1.1" 200 134
192.168.10.96 - - [12/Mar/2018:09:17:47 -0300] "POST /cormun/servlet/trsolicitudgral?fe65e168a949a99042bcc66a5acacb83,,gx-no-cache=1520856904697 HTTP/1.1" 200 5924
186.103.159.182 - - [12/Mar/2018:09:17:50 -0300] "POST /cormun/servlet/trsolicitudot?3811883c770bac631a852b0f7224f94f,,gx-no-cache=1520856962396 HTTP/1.1" 200 5892
186.103.159.182 - - [12/Mar/2018:09:17:50 -0300] "GET /cormun/static/Shared/jqueryui/images/ui-bg_highlight-soft_100_c6c2c8_1x100.png HTTP/1.1" 404 1117
186.103.159.182 - - [12/Mar/2018:09:17:50 -0300] "GET /cormun/static/Shared/jqueryui/images/ui-icons_82798d_256x240.png HTTP/1.1" 404 1089
186.103.159.182 - - [12/Mar/2018:09:17:50 -0300] "GET /cormun/static/Shared/jqueryui/images/ui-icons_8d78a5_256x240.png HTTP/1.1" 404 1089
186.103.159.182 - - [12/Mar/2018:09:17:50 -0300] "GET /cormun/static/Shared/jqueryui/images/ui-bg_flat_55_fafafa_40x100.png HTTP/1.1" 404 1097
192.168.10.96 - - [12/Mar/2018:09:17:51 -0300] "POST /cormun/servlet/trsolicitudgral?fe65e168a949a99042bcc66a5acacb83,,gx-no-cache=1520856908400 HTTP/1.1" 200 5924
186.103.159.182 - - [12/Mar/2018:09:17:52 -0300] "POST /cormun/servlet/trsolicitudot?3811883c770bac631a852b0f7224f94f,,gx-no-cache=1520856964098 HTTP/1.1" 200 5834
192.168.10.96 - - [12/Mar/2018:09:17:55 -0300] "POST /cormun/servlet/trsolicitudgral?fe65e168a949a99042bcc66a5acacb83,,gx-no-cache=1520856911911 HTTP/1.1" 200 5921
192.168.10.96 - - [12/Mar/2018:09:17:57 -0300] "POST /cormun/servlet/trsolicitudgral?fe65e168a949a99042bcc66a5acacb83,,gx-no-cache=1520856914521 HTTP/1.1" 200 5921
192.168.10.96 - - [12/Mar/2018:09:18:01 -0300] "POST /cormun/servlet/trsolicitudgral?fe65e168a949a99042bcc66a5acacb83,,gx-no-cache=1520856917888 HTTP/1.1" 200 5923
192.168.10.96 - - [12/Mar/2018:09:18:06 -0300] "POST /cormun/servlet/trsolicitudgral?fe65e168a949a99042bcc66a5acacb83,,gx-no-cache=1520856923399 HTTP/1.1" 200 5925
192.168.10.96 - - [12/Mar/2018:09:18:07 -0300] "POST /cormun/servlet/trsolicitudgral?fe65e168a949a99042bcc66a5acacb83,,gx-no-cache=1520856924192 HTTP/1.1" 200 5925
192.168.10.96 - - [12/Mar/2018:09:18:12 -0300] "POST /cormun/servlet/trsolicitudgral?fe65e168a949a99042bcc66a5acacb83,,gx-no-cache=1520856929177 HTTP/1.1" 200 5923
192.168.10.96 - - [12/Mar/2018:09:18:12 -0300] "POST /cormun/servlet/trsolicitudgral?fe65e168a949a99042bcc66a5acacb83,,gx-no-cache=1520856929862 HTTP/1.1" 200 5924
192.168.10.96 - - [12/Mar/2018:09:18:13 -0300] "POST /cormun/servlet/trsolicitudgral?fe65e168a949a99042bcc66a5acacb83,,gx-no-cache=1520856930079 HTTP/1.1" 200 5924
186.103.159.182 - - [12/Mar/2018:09:18:14 -0300] "POST /cormun/servlet/trsolicitudot?3811883c770bac631a852b0f7224f94f,,gx-no-cache=1520856987276 HTTP/1.1" 200 4678
186.103.159.182 - - [12/Mar/2018:09:18:16 -0300] "POST /cormun/servlet/trsolicitudot?3811883c770bac631a852b0f7224f94f,,gx-no-cache=1520856987873 HTTP/1.1" 200 4450
186.103.159.182 - - [12/Mar/2018:09:18:20 -0300] "GET /cormun/servlet/trautorizarsolicitud? HTTP/1.1" 200 9191
192.168.10.96 - - [12/Mar/2018:09:18:20 -0300] "POST /cormun/servlet/trsolicitudgral?fe65e168a949a99042bcc66a5acacb83,,gx-no-cache=1520856937171 HTTP/1.1" 200 5924
192.168.10.96 - - [12/Mar/2018:09:18:20 -0300] "POST /cormun/servlet/trsolicitudgral?fe65e168a949a99042bcc66a5acacb83,,gx-no-cache=1520856937390 HTTP/1.1" 200 5924
192.168.10.96 - - [12/Mar/2018:09:18:20 -0300] "POST /cormun/servlet/trsolicitudgral?fe65e168a949a99042bcc66a5acacb83,,gx-no-cache=1520856937582 HTTP/1.1" 200 5924
192.168.10.96 - - [12/Mar/2018:09:18:20 -0300] "POST /cormun/servlet/trsolicitudgral?fe65e168a949a99042bcc66a5acacb83,,gx-no-cache=1520856937806 HTTP/1.1" 200 5924
192.168.10.96 - - [12/Mar/2018:09:18:21 -0300] "POST /cormun/servlet/trsolicitudgral?fe65e168a949a99042bcc66a5acacb83,,gx-no-cache=1520856938123 HTTP/1.1" 200 5924
186.103.159.182 - - [12/Mar/2018:09:18:22 -0300] "GET /cormun/servlet/trautorizarsolicitud? HTTP/1.1" 200 9191
192.168.10.96 - - [12/Mar/2018:09:18:22 -0300] "POST /cormun/servlet/trsolicitudgral?fe65e168a949a99042bcc66a5acacb83,,gx-no-cache=1520856939035 HTTP/1.1" 200 5924
192.168.10.96 - - [12/Mar/2018:09:18:22 -0300] "POST /cormun/servlet/trsolicitudgral?fe65e168a949a99042bcc66a5acacb83,,gx-no-cache=1520856939224 HTTP/1.1" 200 5924
192.168.10.96 - - [12/Mar/2018:09:18:22 -0300] "POST /cormun/servlet/trsolicitudgral?fe65e168a949a99042bcc66a5acacb83,,gx-no-cache=1520856939411 HTTP/1.1" 200 5924
192.168.10.96 - - [12/Mar/2018:09:18:22 -0300] "POST /cormun/servlet/trsolicitudgral?fe65e168a949a99042bcc66a5acacb83,,gx-no-cache=1520856939723 HTTP/1.1" 200 5924
186.103.159.188 - - [12/Mar/2018:09:18:22 -0300] "GET /cormun/servlet/trsolicitudot? HTTP/1.1" 200 9629
186.103.159.188 - - [12/Mar/2018:09:18:23 -0300] "GET /cormun/servlet/trsolicitudot? HTTP/1.1" 200 9623
186.103.159.188 - - [12/Mar/2018:09:18:31 -0300] "POST /cormun/servlet/trsolicitudot?a40165f0bacb7de3443f8cbeeb9eef29,,gx-no-cache=1520857065158 HTTP/1.1" 200 106
186.103.159.188 - - [12/Mar/2018:09:18:32 -0300] "GET /cormun/servlet/solicitudot?UPD,2018,10389, HTTP/1.1" 200 15367
186.103.159.188 - - [12/Mar/2018:09:18:33 -0300] "GET /cormun/servlet/solicitudot?UPD,2018,10389, HTTP/1.1" 200 15376
190.161.236.41 - - [12/Mar/2018:09:18:33 -0300] "POST /cormun/servlet/solicitudot?gx-no-cache=1520857067185 HTTP/1.1" 200 3419
190.161.236.41 - - [12/Mar/2018:09:18:35 -0300] "POST /cormun/servlet/solicitudot?a40165f0bacb7de3443f8cbeeb9eef29,UPD,2018,10389,,gx-no-cache=1520857067549 HTTP/1.1" 200 11719
190.161.236.41 - - [12/Mar/2018:09:18:35 -0300] "GET /cormun/servlet/solicitudot?465c5c4609ee4d2f8175f095d20432c9ec689a877d0a2ad6d5647a3fa50668802668b93dcdf2872a7e1bab66dd2b75fe,gx-no-cache=1520857069612 HTTP/1.1" 200 30
190.161.236.41 - - [12/Mar/2018:09:18:36 -0300] "GET /cormun/servlet/solicitudot?465c5c4609ee4d2f8175f095d20432c9b87de076e541634f7b6c2f8a04328c9c4efa61fe029422de869015f48aa440af459f2b558dd4b84b758ef6bf65a3a25e,gx-no-cache=1520857069720 HTTP/1.1" 200 30
190.161.236.41 - - [12/Mar/2018:09:18:36 -0300] "GET /cormun/servlet/solicitudot?465c5c4609ee4d2f8175f095d20432c922d04af4f6f070dc46779b4a8dcbb34bc3ba01c3b6bfddc936a86cbe3c0f51d6d36b95d3b521f04679074b0282268dc3,gx-no-cache=1520857070408 HTTP/1.1" 200 51
190.161.236.41 - - [12/Mar/2018:09:18:36 -0300] "POST /cormun/servlet/solicitudot?gx-no-cache=1520857070504 HTTP/1.1" 200 256
190.161.236.41 - - [12/Mar/2018:09:18:37 -0300] "GET /cormun/servlet/solicitudot?465c5c4609ee4d2f8175f095d20432c9b7f8d7ab3e0af4ea65cc4a93e4d44474a45a79771c048f20da32fb679453fd2c67a47d80efe5de13b4a2001a45ed4030582ce11bca4b8d081130dd89d14e4950b09ee5d6b8b7c78bb9111ed01aa4bff716c05523eb9e09911bc9e421f2a02866e2e51dc268c920c62435858825c2871c2779536bb79bd85c64d63dd5d93c7dbf887f9254ce32ca2328c683fa8aee46e2c6c51be7aa024251537180cf17e086bbb3c5de2bf01b82a9f391c0fa6e39c37987313e3649785ec72b22e6e6c0727a10533348bc41159ff3d1729f27333da48a7b5f28e6b82f8dd7f5ae9ca74cf77a9f706344581c404af0f0f067b4873c750aad0fa8627003ca1de572efa5d919cb0fb6799473f88f3dc03ad6427aa298d56f2a868409a949bf2dc1544f5a875c44ec39d62073d0b70f8928d49ed8fb24384b6bbb389813a92402d54af7516bd0595f5694d0e0698e4a73a0f337b11be1ab1598067d5d3abc8e2fff378b652e4a9b8332ee0828b11afcde4ba16cd0aa33b0ee,gx-no-cache=1520857070619 HTTP/1.1" 200 30
190.161.236.41 - - [12/Mar/2018:09:18:37 -0300] "POST /cormun/servlet/solicitudot?gx-no-cache=1520857071148 HTTP/1.1" 200 30
192.168.10.96 - - [12/Mar/2018:09:18:38 -0300] "POST /cormun/servlet/trsolicitudgral?fe65e168a949a99042bcc66a5acacb83,,gx-no-cache=1520856955211 HTTP/1.1" 200 5924
192.168.10.96 - - [12/Mar/2018:09:18:38 -0300] "POST /cormun/servlet/trsolicitudgral?fe65e168a949a99042bcc66a5acacb83,,gx-no-cache=1520856955381 HTTP/1.1" 200 5924
192.168.10.96 - - [12/Mar/2018:09:18:38 -0300] "POST /cormun/servlet/trsolicitudgral?fe65e168a949a99042bcc66a5acacb83,,gx-no-cache=1520856955581 HTTP/1.1" 200 5924
190.161.236.41 - - [12/Mar/2018:09:18:38 -0300] "POST /cormun/servlet/solicitudot?gx-no-cache=1520857071258 HTTP/1.1" 200 1337
190.161.236.41 - - [12/Mar/2018:09:18:39 -0300] "POST /cormun/servlet/solicitudot?gx-no-cache=1520857072834 HTTP/1.1" 200 41
192.168.10.96 - - [12/Mar/2018:09:18:42 -0300] "POST /cormun/servlet/trsolicitudgral?fe65e168a949a99042bcc66a5acacb83,,gx-no-cache=1520856959516 HTTP/1.1" 200 5923
192.168.10.96 - - [12/Mar/2018:09:18:42 -0300] "POST /cormun/servlet/trsolicitudgral?fe65e168a949a99042bcc66a5acacb83,,gx-no-cache=1520856959709 HTTP/1.1" 200 5923
192.168.10.96 - - [12/Mar/2018:09:18:43 -0300] "POST /cormun/servlet/trsolicitudgral?fe65e168a949a99042bcc66a5acacb83,,gx-no-cache=1520856959931 HTTP/1.1" 200 5923
190.161.236.41 - - [12/Mar/2018:09:18:44 -0300] "GET /cormun/servlet/trsolicitudot? HTTP/1.1" 200 9630
190.161.236.41 - - [12/Mar/2018:09:18:45 -0300] "GET /cormun/servlet/trsolicitudot? HTTP/1.1" 200 9623
190.161.236.41 - - [12/Mar/2018:09:18:50 -0300] "POST /cormun/servlet/trsolicitudot?a40165f0bacb7de3443f8cbeeb9eef29,,gx-no-cache=1520857082395 HTTP/1.1" 200 105
190.161.236.41 - - [12/Mar/2018:09:18:50 -0300] "GET /cormun/servlet/solicitudot?UPD,2018,10388, HTTP/1.1" 200 15389
190.161.236.41 - - [12/Mar/2018:09:18:50 -0300] "GET /cormun/servlet/solicitudot?UPD,2018,10388, HTTP/1.1" 200 15399
190.161.236.41 - - [12/Mar/2018:09:18:51 -0300] "POST /cormun/servlet/solicitudot?gx-no-cache=1520857085043 HTTP/1.1" 200 3429
190.161.236.41 - - [12/Mar/2018:09:18:53 -0300] "POST /cormun/servlet/solicitudot?a40165f0bacb7de3443f8cbeeb9eef29,UPD,2018,10388,,gx-no-cache=1520857085451 HTTP/1.1" 200 11725
190.161.236.41 - - [12/Mar/2018:09:18:53 -0300] "GET /cormun/servlet/solicitudot?465c5c4609ee4d2f8175f095d20432c94141a18a7e306459e1e0c7b32a78a894fd7af11b8410bf642c3e297e2c84a195,gx-no-cache=1520857087472 HTTP/1.1" 200 30
190.161.236.41 - - [12/Mar/2018:09:18:54 -0300] "GET /cormun/servlet/solicitudot?465c5c4609ee4d2f8175f095d20432c961be61db8c3df4d84f88b2844836b5bbd7c07663f3164271a39e49a3cb249adb2668b93dcdf2872a7e1bab66dd2b75fe,gx-no-cache=1520857087576 HTTP/1.1" 200 30
190.161.236.41 - - [12/Mar/2018:09:18:54 -0300] "GET /cormun/servlet/solicitudot?465c5c4609ee4d2f8175f095d20432c922d04af4f6f070dc46779b4a8dcbb34bc3ba01c3b6bfddc936a86cbe3c0f51d6d36b95d3b521f04679074b0282268dc3,gx-no-cache=1520857087972 HTTP/1.1" 200 51
192.168.10.96 - - [12/Mar/2018:09:18:54 -0300] "POST /cormun/servlet/trsolicitudgral?fe65e168a949a99042bcc66a5acacb83,,gx-no-cache=1520856971083 HTTP/1.1" 200 5925
190.161.236.41 - - [12/Mar/2018:09:18:54 -0300] "POST /cormun/servlet/solicitudot?gx-no-cache=1520857088050 HTTP/1.1" 200 256
190.161.236.41 - - [12/Mar/2018:09:18:54 -0300] "GET /cormun/servlet/solicitudot?465c5c4609ee4d2f8175f095d20432c9b7f8d7ab3e0af4ea65cc4a93e4d44474a45a79771c048f20da32fb679453fd2c67a47d80efe5de13b4a2001a45ed4030582ce11bca4b8d081130dd89d14e4950b09ee5d6b8b7c78bb9111ed01aa4bff716c05523eb9e09911bc9e421f2a02866e2e51dc268c920c62435858825c2871c2779536bb79bd85c64d63dd5d93c7dbf887f9254ce32ca2328c683fa8aee46e2c6c51be7aa024251537180cf17e086bbb3c5de2bf01b82a9f391c0fa6e39c37987313e3649785ec72b22e6e6c0727a10533348bc41159ff3d1729f27333da48a7b5f28e6b82f8dd7f5ae9ca74cf77a9f706344581c404af0f0f067b4873c750aad0fa8627003ca1de572efa5d919cb0fb6799473f88f3dc03ad6427aa298d56f2a868409a949bf2dc1544f5a875c44ec39d62073d0b70f8928d49ed8fb24384b6bbb389813a92402d54af7516bd0595f5694d0e0698e4a73a0f337b11be1ab1598067d5d3abc8e2fff378b652e4a9b8332ee0828b11afcde4ba16cd0aa33b0ee,gx-no-cache=1520857088134 HTTP/1.1" 200 30
190.161.236.41 - - [12/Mar/2018:09:18:54 -0300] "POST /cormun/servlet/solicitudot?gx-no-cache=1520857088230 HTTP/1.1" 200 30
192.168.10.96 - - [12/Mar/2018:09:18:54 -0300] "POST /cormun/servlet/trsolicitudgral?fe65e168a949a99042bcc66a5acacb83,,gx-no-cache=1520856971443 HTTP/1.1" 200 5925
190.161.236.41 - - [12/Mar/2018:09:18:55 -0300] "POST /cormun/servlet/solicitudot?gx-no-cache=1520857088330 HTTP/1.1" 200 1336
190.161.236.41 - - [12/Mar/2018:09:18:55 -0300] "POST /cormun/servlet/solicitudot?gx-no-cache=1520857089087 HTTP/1.1" 200 41
190.161.236.41 - - [12/Mar/2018:09:19:02 -0300] "GET /cormun/servlet/trsolicitudot? HTTP/1.1" 200 9630
190.161.236.41 - - [12/Mar/2018:09:19:02 -0300] "GET /cormun/servlet/trsolicitudot? HTTP/1.1" 200 9623
186.103.159.182 - - [12/Mar/2018:09:19:15 -0300] "POST /cormun/servlet/trautorizarsolicitud?3811883c770bac631a852b0f7224f94f,,gx-no-cache=1520857045387 HTTP/1.1" 200 5813
186.103.159.182 - - [12/Mar/2018:09:19:15 -0300] "GET /cormun/static/Shared/jqueryui/images/ui-bg_highlight-soft_100_c6c2c8_1x100.png HTTP/1.1" 404 1117
186.103.159.182 - - [12/Mar/2018:09:19:15 -0300] "GET /cormun/static/Shared/jqueryui/images/ui-bg_flat_55_fafafa_40x100.png HTTP/1.1" 404 1097
186.103.159.182 - - [12/Mar/2018:09:19:15 -0300] "GET /cormun/static/Shared/jqueryui/images/ui-icons_8d78a5_256x240.png HTTP/1.1" 404 1089
186.103.159.182 - - [12/Mar/2018:09:19:15 -0300] "GET /cormun/static/Shared/jqueryui/images/ui-icons_82798d_256x240.png HTTP/1.1" 404 1089
186.103.159.182 - - [12/Mar/2018:09:19:16 -0300] "POST /cormun/servlet/trautorizarsolicitud?3811883c770bac631a852b0f7224f94f,,gx-no-cache=1520857048716 HTTP/1.1" 200 5759
186.103.159.182 - - [12/Mar/2018:09:19:20 -0300] "POST /cormun/servlet/trautorizarsolicitud?3811883c770bac631a852b0f7224f94f,,gx-no-cache=1520857052562 HTTP/1.1" 200 4610
186.103.159.182 - - [12/Mar/2018:09:19:22 -0300] "POST /cormun/servlet/trautorizarsolicitud?3811883c770bac631a852b0f7224f94f,,gx-no-cache=1520857054218 HTTP/1.1" 200 4382
190.161.236.41 - - [12/Mar/2018:09:19:23 -0300] "GET /cormun/servlet/solicitudot?INS,0,0, HTTP/1.1" 200 13589
190.161.236.41 - - [12/Mar/2018:09:19:24 -0300] "GET /cormun/servlet/solicitudot?INS,0,0, HTTP/1.1" 200 13594
186.103.159.182 - - [12/Mar/2018:09:19:25 -0300] "GET /cormun/servlet/trsolicitudot? HTTP/1.1" 200 7467
186.103.159.182 - - [12/Mar/2018:09:19:27 -0300] "GET /cormun/servlet/trsolicitudot? HTTP/1.1" 200 7466
186.103.159.182 - - [12/Mar/2018:09:19:32 -0300] "GET /cormun/servlet/solicitudot?INS,0,0, HTTP/1.1" 200 13695
190.161.236.41 - - [12/Mar/2018:09:19:32 -0300] "POST /cormun/servlet/solicitudot?gx-no-cache=1520857125752 HTTP/1.1" 200 3381
186.103.159.182 - - [12/Mar/2018:09:19:32 -0300] "GET /cormun/static/gxcfg.js?201812313224582 HTTP/1.1" 304 -
190.161.236.41 - - [12/Mar/2018:09:19:33 -0300] "POST /cormun/servlet/solicitudot?a40165f0bacb7de3443f8cbeeb9eef29,INS,0,0,,gx-no-cache=1520857126644 HTTP/1.1" 200 10545
186.103.159.182 - - [12/Mar/2018:09:19:34 -0300] "GET /cormun/servlet/solicitudot?INS,0,0, HTTP/1.1" 200 13700
190.161.236.41 - - [12/Mar/2018:09:19:35 -0300] "GET /cormun/servlet/solicitudot?465c5c4609ee4d2f8175f095d20432c9215055f6a0f97a845bc8215ef2c327bf9842670c03164984d105fe405ad15fe8,gx-no-cache=1520857129755 HTTP/1.1" 200 30
190.161.236.41 - - [12/Mar/2018:09:19:36 -0300] "GET /cormun/servlet/solicitudot?465c5c4609ee4d2f8175f095d20432c97bfad87468de3bd66f065be1a64644b400bbd7604d7718bce10c1e706afdfbe9a39a333ce466d66601d32689f94d1dd3,gx-no-cache=1520857129876 HTTP/1.1" 200 30
190.161.236.41 - - [12/Mar/2018:09:19:36 -0300] "GET /cormun/servlet/solicitudot?465c5c4609ee4d2f8175f095d20432c9b8067207cc493402faa9667f0bd896a1,gx-no-cache=1520857129965 HTTP/1.1" 200 51
190.161.236.41 - - [12/Mar/2018:09:19:36 -0300] "POST /cormun/servlet/solicitudot?gx-no-cache=1520857130061 HTTP/1.1" 200 255
190.161.236.41 - - [12/Mar/2018:09:19:36 -0300] "GET /cormun/servlet/solicitudot?465c5c4609ee4d2f8175f095d20432c9b7f8d7ab3e0af4ea65cc4a93e4d44474a45a79771c048f20da32fb679453fd2c67a47d80efe5de13b4a2001a45ed4030582ce11bca4b8d081130dd89d14e4950b09ee5d6b8b7c78bb9111ed01aa4bff716c05523eb9e09911bc9e421f2a02866e2e51dc268c920c62435858825c2871c2779536bb79bd85c64d63dd5d93c7dbf887f9254ce32ca2328c683fa8aee46e2c6c51be7aa024251537180cf17e086bbb3c5de2bf01b82a9f391c0fa6e39c37987313e3649785ec72b22e6e6c0727a10533348bc41159ff3d1729f27333da48a7b5f28e6b82f8dd7f5ae9ca74cf77a9f706344581c404af0f0f067b4873c750aad0fa8627003ca1de572efa5d919cb0fb6799473f88f3dc03ad6427aa298d56f2a868409a949bf2dc1544f5a875c44ec39d62073d0b70f8928d49ed8fb24384b6bbb389813a92402d54af7516bd0595f5694d0e0698e4a73a0f337b11be1ab1598067d5d3abc8e2fff378b652e4a9b8337c5e799248cb182ece06bf29c92af0a,gx-no-cache=1520857130168 HTTP/1.1" 200 30
186.103.159.182 - - [12/Mar/2018:09:19:38 -0300] "GET /cormun/servlet/prfichaempleado?,MD,,gxPopupLevel%3D0%3B HTTP/1.1" 200 9422
186.103.159.182 - - [12/Mar/2018:09:19:38 -0300] "GET /cormun/static/gxcfg.js?20177612134814 HTTP/1.1" 304 -
190.161.236.41 - - [12/Mar/2018:09:19:41 -0300] "POST /cormun/servlet/solicitudot?gx-no-cache=1520857135560 HTTP/1.1" 200 30
190.161.236.41 - - [12/Mar/2018:09:19:46 -0300] "GET /cormun/servlet/prsolicitudot?9221912,,,,,MD,,gxPopupLevel%3D0%3B HTTP/1.1" 200 6109
190.161.236.41 - - [12/Mar/2018:09:19:50 -0300] "POST /cormun/servlet/solicitudot?gx-no-cache=1520857144294 HTTP/1.1" 200 1337
190.161.236.41 - - [12/Mar/2018:09:19:50 -0300] "POST /cormun/servlet/solicitudot?gx-no-cache=1520857144434 HTTP/1.1" 200 38
190.161.236.41 - - [12/Mar/2018:09:19:51 -0300] "GET /cormun/servlet/solicitudot?465c5c4609ee4d2f8175f095d20432c9a1f94e662f53ef392bc2a265ec79a70e8a16a4fafbad58b18a28d1c2d7a60a8907054f37df94f3b1a9f6cfd749d0a4e00ebbc35c54f439e7710053aeb1ef3253cc609b25e77c7f706c2eb55893f58d207ffae32b5103b02862188e0ef23682193121f23a742064162227219cf0d56c637af34da3ccde2cf72b03008b0ddeab170efc86eaea4f28d4d98da8f7e9a3f669,gx-no-cache=1520857144889 HTTP/1.1" 200 29
190.161.236.41 - - [12/Mar/2018:09:19:53 -0300] "POST /cormun/servlet/solicitudot?gx-no-cache=1520857144981 HTTP/1.1" 200 1319
190.161.236.41 - - [12/Mar/2018:09:19:53 -0300] "POST /cormun/servlet/solicitudot?gx-no-cache=1520857147464 HTTP/1.1" 200 1219
190.161.236.41 - - [12/Mar/2018:09:19:54 -0300] "GET /cormun/servlet/solicitudot?465c5c4609ee4d2f8175f095d20432c907803f9b6f09620fae3b2a08cd0e4c23f512f246189558c1dd4a97fcaf6575dc,gx-no-cache=1520857147636 HTTP/1.1" 200 30
186.103.159.182 - - [12/Mar/2018:09:19:55 -0300] "POST /cormun/servlet/prfichaempleado?3811883c770bac631a852b0f7224f94f,,MD,,gxPopupLevel%3D0%3B,gx-no-cache=1520857086871 HTTP/1.1" 200 3420
186.103.159.182 - - [12/Mar/2018:09:20:00 -0300] "POST /cormun/servlet/solicitudot?gx-no-cache=1520857093565 HTTP/1.1" 200 3412
186.103.159.182 - - [12/Mar/2018:09:20:01 -0300] "POST /cormun/servlet/solicitudot?3811883c770bac631a852b0f7224f94f,INS,0,0,,gx-no-cache=1520857094404 HTTP/1.1" 200 10584
186.103.159.182 - - [12/Mar/2018:09:20:02 -0300] "GET /cormun/servlet/solicitudot?5a3ec48b4b7916dddea145a172b602660c20de3e2f3863a5454230a94d28df99703877c05537ba68c400ab2efa3ee0a0,gx-no-cache=1520857095574 HTTP/1.1" 200 30
186.103.159.182 - - [12/Mar/2018:09:20:08 -0300] "GET /cormun/servlet/solicitudot?5a3ec48b4b7916dddea145a172b6026637b078df56142d98400bd604887745b5c7776bbdbd22b05685205f10ae734451ca1f9a539114e5ec118763d500b0a7e7,gx-no-cache=1520857101478 HTTP/1.1" 200 30
186.103.159.182 - - [12/Mar/2018:09:20:08 -0300] "GET /cormun/servlet/solicitudot?5a3ec48b4b7916dddea145a172b60266b52807b6484e59677cd80025510f7d21,gx-no-cache=1520857101582 HTTP/1.1" 200 51
186.103.159.182 - - [12/Mar/2018:09:20:08 -0300] "POST /cormun/servlet/solicitudot?gx-no-cache=1520857102099 HTTP/1.1" 200 255
186.103.159.182 - - [12/Mar/2018:09:20:10 -0300] "GET /cormun/servlet/solicitudot?5a3ec48b4b7916dddea145a172b602665d1cc871de6ca8e157e30417ee654d2e9efc998bb6e25fe4ef3eb4c9f9fd192a8a5de1084f27b3963109f22ffdae7659525ffd48b31d5772fe792907bf0d235fe142d560f8836af5cd232ee37bad4b8cf24348105721d2b07673f981e2bcef1330afa690d7507c7c54713de0fc133fc9c770dd77035a5165267fff30ef63e4c49640461b5f20f1b36aed4b2a6142c4323bb1ee5216fc30ad25c03e61d0869bbfe709a34eff70cba9b724a8b3757e609b5dae36c4fdd8f3f3bfa2bdaed62ce2a1b39b6f4c805bfae2dccef752068fa826e4108058c11dc01f786a7ebc1f83f7b8afb565b158ed911360172a1e953bc2d4f7c6c50895e45cfbe43d5633b5201d2eabc13a253b075425de5e04a7a509fe9f30ce0a096545117dc3d75ede8004798821c39e0eb564a76657d5b756ce7d4d08a81003913bb43cf07f96a5a70a3c83bc34366edbe953ebc125ee260b5b1e1c66ea38add505e33c9688b714d372de9f09c34dbf71cfc03749ccdd77e482acf87d,gx-no-cache=1520857102254 HTTP/1.1" 200 30
190.161.236.41 - - [12/Mar/2018:09:20:12 -0300] "POST /cormun/servlet/solicitudot?gx-no-cache=1520857165665 HTTP/1.1" 200 1318
190.161.236.41 - - [12/Mar/2018:09:20:12 -0300] "POST /cormun/servlet/solicitudot?gx-no-cache=1520857166284 HTTP/1.1" 200 1219
190.161.236.41 - - [12/Mar/2018:09:20:13 -0300] "POST /cormun/servlet/solicitudot?gx-no-cache=1520857166857 HTTP/1.1" 200 33
186.103.159.182 - - [12/Mar/2018:09:20:13 -0300] "POST /cormun/servlet/solicitudot?gx-no-cache=1520857106856 HTTP/1.1" 200 30
190.161.236.41 - - [12/Mar/2018:09:20:14 -0300] "POST /cormun/servlet/solicitudot?a40165f0bacb7de3443f8cbeeb9eef29,INS,0,0,,gx-no-cache=1520857167004 HTTP/1.1" 200 93
190.161.236.41 - - [12/Mar/2018:09:20:14 -0300] "GET /cormun/servlet/hpexe_return? HTTP/1.1" 200 1009
190.161.236.41 - - [12/Mar/2018:09:20:14 -0300] "GET /cormun/servlet/trsolicitudot HTTP/1.1" 200 9989
190.161.236.41 - - [12/Mar/2018:09:20:14 -0300] "GET /cormun/servlet/trsolicitudot HTTP/1.1" 200 9985
186.103.159.182 - - [12/Mar/2018:09:20:21 -0300] "POST /cormun/servlet/solicitudot?gx-no-cache=1520857114886 HTTP/1.1" 200 1335
186.103.159.182 - - [12/Mar/2018:09:20:21 -0300] "POST /cormun/servlet/solicitudot?gx-no-cache=1520857115012 HTTP/1.1" 200 38
186.103.159.182 - - [12/Mar/2018:09:20:31 -0300] "GET /cormun/servlet/solicitudot?5a3ec48b4b7916dddea145a172b60266d75881633e2fc74385d79e36e884aafb58991f4798034a40cf0b80e64d6848efd8ed951c1a74837ba61f4dc499a26385d7773a86315eee7ba2754cbf7b3ad811ddd49a7eb8916dd8278045b68f6c60793d3640ff1102b11645f7233d29b8c88c1638c5282808f41f1fab7f504e9476eba9fb824efab57b0652184ea1fd7517c94dcb65b0623cb948449267dddb762501,gx-no-cache=1520857124282 HTTP/1.1" 200 29
186.103.159.182 - - [12/Mar/2018:09:20:32 -0300] "POST /cormun/servlet/solicitudot?gx-no-cache=1520857125061 HTTP/1.1" 200 1317
186.103.159.182 - - [12/Mar/2018:09:20:33 -0300] "POST /cormun/servlet/solicitudot?gx-no-cache=1520857125872 HTTP/1.1" 200 1217
186.103.159.182 - - [12/Mar/2018:09:20:33 -0300] "GET /cormun/static/menuarrow.gif HTTP/1.1" 404 1015
186.103.159.182 - - [12/Mar/2018:09:20:38 -0300] "POST /cormun/servlet/solicitudot?gx-no-cache=1520857130723 HTTP/1.1" 200 1317
186.103.159.182 - - [12/Mar/2018:09:20:38 -0300] "POST /cormun/servlet/solicitudot?gx-no-cache=1520857131533 HTTP/1.1" 200 1217
186.103.159.182 - - [12/Mar/2018:09:20:40 -0300] "GET /cormun/servlet/solicitudot?5a3ec48b4b7916dddea145a172b60266b47d8c988218635ecbe01fe21e2fbb59499458c64c13538cf4ef411bd212305b,gx-no-cache=1520857133806 HTTP/1.1" 200 30
186.103.159.182 - - [12/Mar/2018:09:20:48 -0300] "POST /cormun/servlet/solicitudot?gx-no-cache=1520857142315 HTTP/1.1" 200 30
186.103.159.182 - - [12/Mar/2018:09:21:13 -0300] "POST /cormun/servlet/solicitudot?3811883c770bac631a852b0f7224f94f,INS,0,0,,gx-no-cache=1520857165568 HTTP/1.1" 200 93
186.103.159.182 - - [12/Mar/2018:09:21:13 -0300] "GET /cormun/servlet/hpexe_return? HTTP/1.1" 200 1004
186.103.159.182 - - [12/Mar/2018:09:21:13 -0300] "GET /cormun/servlet/trsolicitudot HTTP/1.1" 200 8865
186.103.159.182 - - [12/Mar/2018:09:21:15 -0300] "GET /cormun/servlet/trsolicitudot HTTP/1.1" 200 8861
186.103.159.182 - - [12/Mar/2018:09:21:50 -0300] "POST /cormun/servlet/trsolicitudot?3811883c770bac631a852b0f7224f94f,gx-no-cache=1520857202879 HTTP/1.1" 200 4689
186.103.159.182 - - [12/Mar/2018:09:21:50 -0300] "GET /cormun/static/Shared/jqueryui/images/ui-bg_highlight-soft_100_c6c2c8_1x100.png HTTP/1.1" 404 1117
186.103.159.182 - - [12/Mar/2018:09:21:50 -0300] "GET /cormun/static/Shared/jqueryui/images/ui-icons_82798d_256x240.png HTTP/1.1" 404 1089
186.103.159.182 - - [12/Mar/2018:09:21:50 -0300] "GET /cormun/static/Shared/jqueryui/images/ui-bg_flat_55_fafafa_40x100.png HTTP/1.1" 404 1097
186.103.159.182 - - [12/Mar/2018:09:21:50 -0300] "GET /cormun/static/Shared/jqueryui/images/ui-icons_8d78a5_256x240.png HTTP/1.1" 404 1089
186.103.159.182 - - [12/Mar/2018:09:21:51 -0300] "POST /cormun/servlet/trsolicitudot?3811883c770bac631a852b0f7224f94f,gx-no-cache=1520857203673 HTTP/1.1" 200 4447
186.103.159.182 - - [12/Mar/2018:09:21:54 -0300] "GET /cormun/servlet/solicitudot?INS,0,0, HTTP/1.1" 200 13695
186.103.159.182 - - [12/Mar/2018:09:21:56 -0300] "GET /cormun/servlet/solicitudot?INS,0,0, HTTP/1.1" 200 13700
186.103.159.182 - - [12/Mar/2018:09:21:59 -0300] "GET /cormun/servlet/prfichaempleado?,MD,,gxPopupLevel%3D0%3B HTTP/1.1" 200 9422
186.103.159.46 - - [12/Mar/2018:09:22:05 -0300] "GET /cormun/servlet/hlogin HTTP/1.1" 200 1725
186.103.159.46 - - [12/Mar/2018:09:22:06 -0300] "GET /cormun/static/gxcfg.js?20175251213516 HTTP/1.1" 304 -
186.103.159.46 - - [12/Mar/2018:09:22:06 -0300] "GET /cormun/static/messages.spa.js?85251 HTTP/1.1" 304 -
186.103.159.46 - - [12/Mar/2018:09:22:06 -0300] "GET /cormun/static/gxtimezone.js?85251 HTTP/1.1" 304 -
186.103.159.46 - - [12/Mar/2018:09:22:08 -0300] "GET /cormun/servlet/hlogin HTTP/1.1" 200 1730
186.103.159.182 - - [12/Mar/2018:09:22:09 -0300] "POST /cormun/servlet/prfichaempleado?3811883c770bac631a852b0f7224f94f,,MD,,gxPopupLevel%3D0%3B,gx-no-cache=1520857222366 HTTP/1.1" 200 5823
186.103.159.182 - - [12/Mar/2018:09:22:18 -0300] "POST /cormun/servlet/solicitudot?gx-no-cache=1520857231446 HTTP/1.1" 200 3417
186.103.159.182 - - [12/Mar/2018:09:22:20 -0300] "POST /cormun/servlet/solicitudot?3811883c770bac631a852b0f7224f94f,INS,0,0,,gx-no-cache=1520857232354 HTTP/1.1" 200 10583
186.103.159.182 - - [12/Mar/2018:09:22:20 -0300] "GET /cormun/servlet/solicitudot?5a3ec48b4b7916dddea145a172b60266da1b16499fd8ba674e4fd5d9bd475733703877c05537ba68c400ab2efa3ee0a0,gx-no-cache=1520857234071 HTTP/1.1" 200 30
186.103.159.46 - - [12/Mar/2018:09:22:32 -0300] "POST /cormun/servlet/hlogin?941cff96716e22b2e7b4cda9030991e9,gx-no-cache=1520857296674 HTTP/1.1" 200 90
186.103.159.46 - - [12/Mar/2018:09:22:33 -0300] "GET /cormun/servlet/hpexe_link HTTP/1.1" 200 951
186.103.159.46 - - [12/Mar/2018:09:22:33 -0300] "GET /cormun/static/gxcfg.js?20177612121792 HTTP/1.1" 304 -
186.103.159.46 - - [12/Mar/2018:09:22:33 -0300] "GET /cormun/servlet/hhome HTTP/1.1" 200 4198
186.103.159.46 - - [12/Mar/2018:09:22:34 -0300] "GET /cormun/static/gxcfg.js?20175251212442 HTTP/1.1" 304 -
186.103.159.46 - - [12/Mar/2018:09:22:35 -0300] "GET /cormun/servlet/hhome HTTP/1.1" 200 4194
186.103.159.46 - - [12/Mar/2018:09:22:45 -0300] "GET /cormun/servlet/trlicencias? HTTP/1.1" 200 9424
186.103.159.46 - - [12/Mar/2018:09:22:46 -0300] "GET /cormun/static/gxcfg.js?20176272054169 HTTP/1.1" 304 -
186.103.159.46 - - [12/Mar/2018:09:22:46 -0300] "GET /cormun/static/calendar-es.js?85251 HTTP/1.1" 304 -
186.103.159.46 - - [12/Mar/2018:09:22:46 -0300] "GET /cormun/static/calendar.js?85251 HTTP/1.1" 304 -
186.103.159.46 - - [12/Mar/2018:09:22:46 -0300] "GET /cormun/static/calendar-setup.js?85251 HTTP/1.1" 304 -
186.103.159.46 - - [12/Mar/2018:09:22:46 -0300] "GET /cormun/static/gxdec.js?85251 HTTP/1.1" 304 -
186.103.159.46 - - [12/Mar/2018:09:22:47 -0300] "GET /cormun/servlet/trlicencias? HTTP/1.1" 200 9422
186.103.159.182 - - [12/Mar/2018:09:22:49 -0300] "GET /cormun/servlet/solicitudot?5a3ec48b4b7916dddea145a172b602663c951b42e048a84c0ac60bc71523cfd6d9baa4a194e7fa80b0421984b99a94c95fe54ba6d8ecfd5556d442cf53b8e10a,gx-no-cache=1520857262389 HTTP/1.1" 200 30
186.103.159.182 - - [12/Mar/2018:09:22:49 -0300] "GET /cormun/servlet/solicitudot?5a3ec48b4b7916dddea145a172b60266b52807b6484e59677cd80025510f7d21,gx-no-cache=1520857262514 HTTP/1.1" 200 51
186.103.159.182 - - [12/Mar/2018:09:22:49 -0300] "POST /cormun/servlet/solicitudot?gx-no-cache=1520857262617 HTTP/1.1" 200 255
186.103.159.182 - - [12/Mar/2018:09:22:49 -0300] "GET /cormun/servlet/solicitudot?5a3ec48b4b7916dddea145a172b602665d1cc871de6ca8e157e30417ee654d2e9efc998bb6e25fe4ef3eb4c9f9fd192a8a5de1084f27b3963109f22ffdae7659525ffd48b31d5772fe792907bf0d235fe142d560f8836af5cd232ee37bad4b8cf24348105721d2b07673f981e2bcef1330afa690d7507c7c54713de0fc133fc9c770dd77035a5165267fff30ef63e4c49640461b5f20f1b36aed4b2a6142c4323bb1ee5216fc30ad25c03e61d0869bbfe709a34eff70cba9b724a8b3757e609b5dae36c4fdd8f3f3bfa2bdaed62ce2a1b39b6f4c805bfae2dccef752068fa826e4108058c11dc01f786a7ebc1f83f7b8afb565b158ed911360172a1e953bc2d4f7c6c50895e45cfbe43d5633b5201d2eabc13a253b075425de5e04a7a509fe9f30ce0a096545117dc3d75ede8004798821c39e0eb564a76657d5b756ce7d4d08a81003913bb43cf07f96a5a70a3c83bc34366edbe953ebc125ee260b5b1e1c66ea38add505e33c9688b714d372de9f09c34dbf71cfc03749ccdd77e482acf87d,gx-no-cache=1520857262772 HTTP/1.1" 200 30
186.103.159.182 - - [12/Mar/2018:09:22:51 -0300] "POST /cormun/servlet/solicitudot?gx-no-cache=1520857264558 HTTP/1.1" 200 30
186.103.159.182 - - [12/Mar/2018:09:23:31 -0300] "POST /cormun/servlet/solicitudot?gx-no-cache=1520857304003 HTTP/1.1" 200 1337
186.103.159.182 - - [12/Mar/2018:09:23:31 -0300] "POST /cormun/servlet/solicitudot?gx-no-cache=1520857304648 HTTP/1.1" 200 38
186.103.159.182 - - [12/Mar/2018:09:24:01 -0300] "GET /cormun/servlet/solicitudot?5a3ec48b4b7916dddea145a172b60266d75881633e2fc74385d79e36e884aafb58991f4798034a40cf0b80e64d6848efd8ed951c1a74837ba61f4dc499a26385d7773a86315eee7ba2754cbf7b3ad811ddd49a7eb8916dd8278045b68f6c60793d3640ff1102b11645f7233d29b8c88c1638c5282808f41f1fab7f504e9476eba9fb824efab57b0652184ea1fd7517c94dcb65b0623cb948449267dddb762501,gx-no-cache=1520857334382 HTTP/1.1" 200 29
186.103.159.182 - - [12/Mar/2018:09:24:01 -0300] "POST /cormun/servlet/solicitudot?gx-no-cache=1520857334917 HTTP/1.1" 200 1319
186.103.159.182 - - [12/Mar/2018:09:24:01 -0300] "POST /cormun/servlet/solicitudot?gx-no-cache=1520857335165 HTTP/1.1" 200 1219
186.103.159.182 - - [12/Mar/2018:09:24:02 -0300] "GET /cormun/static/menuarrow.gif HTTP/1.1" 404 1015
186.103.159.182 - - [12/Mar/2018:09:24:04 -0300] "POST /cormun/servlet/solicitudot?gx-no-cache=1520857337503 HTTP/1.1" 200 1319
186.103.159.182 - - [12/Mar/2018:09:24:05 -0300] "POST /cormun/servlet/solicitudot?gx-no-cache=1520857338170 HTTP/1.1" 200 1219
186.103.159.182 - - [12/Mar/2018:09:24:06 -0300] "GET /cormun/servlet/solicitudot?5a3ec48b4b7916dddea145a172b60266b47d8c988218635ecbe01fe21e2fbb59499458c64c13538cf4ef411bd212305b,gx-no-cache=1520857339551 HTTP/1.1" 200 30
186.103.159.182 - - [12/Mar/2018:09:24:12 -0300] "POST /cormun/servlet/solicitudot?gx-no-cache=1520857346005 HTTP/1.1" 200 30
186.103.159.182 - - [12/Mar/2018:09:24:26 -0300] "POST /cormun/servlet/solicitudot?3811883c770bac631a852b0f7224f94f,INS,0,0,,gx-no-cache=1520857358858 HTTP/1.1" 200 93
186.103.159.182 - - [12/Mar/2018:09:24:26 -0300] "GET /cormun/servlet/hpexe_return? HTTP/1.1" 200 1026
186.103.159.182 - - [12/Mar/2018:09:24:27 -0300] "GET /cormun/servlet/trsolicitudot?gx-no-cache=1520857203673 HTTP/1.1" 200 8847
186.103.159.182 - - [12/Mar/2018:09:24:29 -0300] "GET /cormun/servlet/trsolicitudot?gx-no-cache=1520857203673 HTTP/1.1" 200 8865
186.103.159.182 - - [12/Mar/2018:09:24:41 -0300] "POST /cormun/servlet/trsolicitudot?3811883c770bac631a852b0f7224f94f,gx-no-cache=1520857203673,gx-no-cache=1520857373852 HTTP/1.1" 200 4672
186.103.159.182 - - [12/Mar/2018:09:24:41 -0300] "GET /cormun/static/Shared/jqueryui/images/ui-bg_highlight-soft_100_c6c2c8_1x100.png HTTP/1.1" 404 1117
186.103.159.182 - - [12/Mar/2018:09:24:41 -0300] "GET /cormun/static/Shared/jqueryui/images/ui-icons_82798d_256x240.png HTTP/1.1" 404 1089
186.103.159.182 - - [12/Mar/2018:09:24:41 -0300] "GET /cormun/static/Shared/jqueryui/images/ui-bg_flat_55_fafafa_40x100.png HTTP/1.1" 404 1097
186.103.159.182 - - [12/Mar/2018:09:24:41 -0300] "GET /cormun/static/Shared/jqueryui/images/ui-icons_8d78a5_256x240.png HTTP/1.1" 404 1089
186.103.159.182 - - [12/Mar/2018:09:24:41 -0300] "POST /cormun/servlet/trsolicitudot?3811883c770bac631a852b0f7224f94f,gx-no-cache=1520857203673,gx-no-cache=1520857374843 HTTP/1.1" 200 4447
186.103.159.182 - - [12/Mar/2018:09:24:50 -0300] "GET /cormun/static/menuarrow.gif HTTP/1.1" 404 1015
186.103.159.182 - - [12/Mar/2018:09:24:58 -0300] "POST /cormun/servlet/trsolicitudot?3811883c770bac631a852b0f7224f94f,gx-no-cache=1520857203673,gx-no-cache=1520857390456 HTTP/1.1" 200 4467
186.103.159.182 - - [12/Mar/2018:09:25:12 -0300] "POST /cormun/servlet/trsolicitudot?3811883c770bac631a852b0f7224f94f,gx-no-cache=1520857203673,gx-no-cache=1520857404339 HTTP/1.1" 200 4482
186.103.159.182 - - [12/Mar/2018:09:25:18 -0300] "GET /cormun/servlet/solicitudot?INS,0,0, HTTP/1.1" 200 13718
186.103.159.182 - - [12/Mar/2018:09:25:21 -0300] "GET /cormun/servlet/solicitudot?INS,0,0, HTTP/1.1" 200 13700
186.103.159.182 - - [12/Mar/2018:09:25:25 -0300] "GET /cormun/servlet/trautorizarsolicitud? HTTP/1.1" 200 9189
186.103.159.182 - - [12/Mar/2018:09:25:27 -0300] "GET /cormun/servlet/trautorizarsolicitud? HTTP/1.1" 200 9183
186.103.159.182 - - [12/Mar/2018:09:25:48 -0300] "POST /cormun/servlet/trautorizarsolicitud?3811883c770bac631a852b0f7224f94f,,gx-no-cache=1520857441374 HTTP/1.1" 200 5823
186.103.159.182 - - [12/Mar/2018:09:25:49 -0300] "GET /cormun/static/Shared/jqueryui/images/ui-bg_highlight-soft_100_c6c2c8_1x100.png HTTP/1.1" 404 1117
186.103.159.182 - - [12/Mar/2018:09:25:49 -0300] "GET /cormun/static/Shared/jqueryui/images/ui-icons_82798d_256x240.png HTTP/1.1" 404 1089
186.103.159.182 - - [12/Mar/2018:09:25:49 -0300] "GET /cormun/static/Shared/jqueryui/images/ui-bg_flat_55_fafafa_40x100.png HTTP/1.1" 404 1097
186.103.159.182 - - [12/Mar/2018:09:25:49 -0300] "GET /cormun/static/Shared/jqueryui/images/ui-icons_8d78a5_256x240.png HTTP/1.1" 404 1089
186.103.159.182 - - [12/Mar/2018:09:25:50 -0300] "POST /cormun/servlet/trautorizarsolicitud?3811883c770bac631a852b0f7224f94f,,gx-no-cache=1520857442597 HTTP/1.1" 200 5767
186.103.159.182 - - [12/Mar/2018:09:25:52 -0300] "POST /cormun/servlet/trautorizarsolicitud?3811883c770bac631a852b0f7224f94f,,gx-no-cache=1520857445602 HTTP/1.1" 200 4628
186.103.159.182 - - [12/Mar/2018:09:25:54 -0300] "POST /cormun/servlet/trautorizarsolicitud?3811883c770bac631a852b0f7224f94f,,gx-no-cache=1520857446649 HTTP/1.1" 200 4387
186.103.159.182 - - [12/Mar/2018:09:25:58 -0300] "GET /cormun/servlet/trsolicitudot? HTTP/1.1" 200 7486
186.103.159.182 - - [12/Mar/2018:09:26:00 -0300] "GET /cormun/servlet/trsolicitudot? HTTP/1.1" 200 7485
