186.67.172.234 - - [12/Mar/2018:12:37:05 -0300] "GET /cormun/servlet/solicitudot?0d9864bb787ea1688079b339e47fecd4a3c6760d508a09160adaad0363ac664d17db802c3f97949bd49b684fd6b3ec0d,gx-no-cache=1520868974725 HTTP/1.1" 200 30
200.112.49.157 - - [12/Mar/2018:12:37:07 -0300] "GET /cormun/servlet/solicitudot?b02dc7faedc47928b464ef4ecbc1a0fe90093ec57babaa8fc89e3d301f455ec5497bd39c2571c3a598f04b66b227a4d3,gx-no-cache=1520868978523 HTTP/1.1" 200 30
200.112.49.157 - - [12/Mar/2018:12:37:07 -0300] "GET /cormun/servlet/solicitudot?b02dc7faedc47928b464ef4ecbc1a0fef26dbc0f71da47d0a44887236d1f60abd8d4ec5338219a4bb05dea78a810a1061305271e537171f1d43c2df9734763f4,gx-no-cache=1520868978690 HTTP/1.1" 200 30
200.112.49.157 - - [12/Mar/2018:12:37:07 -0300] "GET /cormun/servlet/solicitudot?b02dc7faedc47928b464ef4ecbc1a0fe9a343b3979cccdad041340717486c8f4,gx-no-cache=1520868978819 HTTP/1.1" 200 53
200.112.49.157 - - [12/Mar/2018:12:37:07 -0300] "POST /cormun/servlet/solicitudot?gx-no-cache=1520868978943 HTTP/1.1" 200 255
200.112.49.157 - - [12/Mar/2018:12:37:07 -0300] "GET /cormun/servlet/solicitudot?b02dc7faedc47928b464ef4ecbc1a0fe0b1651b05256c589a108d3b196dc161908fda52c0598dbc49eeff4ed745665bfbb1fb412c0f42a78d11bb01c061f6cc928efc0d68e1aa52efea555203a8544141a9167b3b9e2ae9f0e4ddcbd07d676217c618822b49a0e7f81365c908c0738ecd0a98a8d22abc3aaf66b9c3f9d7c2ceddf0b61e0eb730ae5f52f693335bb507793321e2a369da9ac24e742e439ef2fc610b1ce479c2008c8ee3c7e874a8bb5e5951555b8efab0247417b6b88589a08e4910b7e1b8d3b77b0e223660713ff3c0009b17b6c41bac8c34ff355d6358690ead91fdc6905eb9fb79e03b73c8915b559d5d779da91abf4e27b8346aa042ba191f8be705392d8ef9f51e1655afed17f131e9cdf1479c9537969f3dbda3e513de4ee52024c96aedb22aac9fb6ed16f93cacdde4d5f702a75d60b730eca6b53864a585198efd12866c11052aa3c16b867ee3a24762d320c1b16c0b15e9093947e4caf7254054ca93ee58df9b74038f5d7ad03224c057503f230ce4ddd3cef8ff2ed,gx-no-cache=1520868979106 HTTP/1.1" 200 30
190.161.236.197 - - [12/Mar/2018:12:37:11 -0300] "POST /cormun/servlet/hlogin?b339f3cdc47dd5aa7a1744092d13e627,gx-no-cache=1520868980655 HTTP/1.1" 200 444
200.112.49.157 - - [12/Mar/2018:12:37:12 -0300] "POST /cormun/servlet/solicitudot?gx-no-cache=1520868983481 HTTP/1.1" 200 30
200.112.49.157 - - [12/Mar/2018:12:37:13 -0300] "POST /cormun/servlet/solicitudot?gx-no-cache=1520868985017 HTTP/1.1" 200 1337
200.112.49.157 - - [12/Mar/2018:12:37:13 -0300] "POST /cormun/servlet/solicitudot?gx-no-cache=1520868985228 HTTP/1.1" 200 38
186.67.172.234 - - [12/Mar/2018:12:37:20 -0300] "POST /cormun/servlet/solicitudot?gx-no-cache=1520868989565 HTTP/1.1" 200 30
200.112.49.157 - - [12/Mar/2018:12:37:27 -0300] "GET /cormun/servlet/solicitudot?b02dc7faedc47928b464ef4ecbc1a0febbac80d8659eef075fff87837c88476159d38b1a5a3087a3639244d570cba77bac7aa6dadbbd38ff55585b4e8d66b061b5dfa5bb0bab843ebe51f10c95d9e6e0d422e050e3770341e061e437e7dad19d1975ac94203ced7503b9b1883406cf34abb4a574207b1fa66356f085e02612bfdb6d8cd2a90f1b96496f38da2a03d266c9fb63d9bd86ffe113b5768f7c932de9,gx-no-cache=1520868999291 HTTP/1.1" 200 29
200.112.49.157 - - [12/Mar/2018:12:37:28 -0300] "POST /cormun/servlet/solicitudot?gx-no-cache=1520868999405 HTTP/1.1" 200 1319
200.112.49.157 - - [12/Mar/2018:12:37:28 -0300] "POST /cormun/servlet/solicitudot?gx-no-cache=1520868999640 HTTP/1.1" 200 1218
200.112.49.157 - - [12/Mar/2018:12:37:28 -0300] "GET /cormun/static/menuarrow.gif HTTP/1.1" 404 1015
200.112.49.157 - - [12/Mar/2018:12:37:30 -0300] "POST /cormun/servlet/solicitudot?gx-no-cache=1520869001584 HTTP/1.1" 200 1319
200.112.49.157 - - [12/Mar/2018:12:37:30 -0300] "POST /cormun/servlet/solicitudot?gx-no-cache=1520869001823 HTTP/1.1" 200 1218
200.112.49.157 - - [12/Mar/2018:12:37:31 -0300] "GET /cormun/servlet/solicitudot?b02dc7faedc47928b464ef4ecbc1a0fe91becb72e8be0a94d2999a4ed4269250878615875482427b18024a577a583a6c,gx-no-cache=1520869002672 HTTP/1.1" 200 30
186.67.172.234 - - [12/Mar/2018:12:37:31 -0300] "POST /cormun/servlet/solicitudot?84f60a82a00d7ed7facf6d879cb1295a,INS,0,0,,gx-no-cache=1520869000056 HTTP/1.1" 200 93
186.67.172.234 - - [12/Mar/2018:12:37:31 -0300] "GET /cormun/servlet/hpexe_return? HTTP/1.1" 200 1008
186.67.172.234 - - [12/Mar/2018:12:37:31 -0300] "GET /cormun/servlet/trsolicitudot HTTP/1.1" 200 8828
186.67.172.234 - - [12/Mar/2018:12:37:32 -0300] "GET /cormun/servlet/trsolicitudot HTTP/1.1" 200 8825
186.67.172.234 - - [12/Mar/2018:12:37:37 -0300] "POST /cormun/servlet/trsolicitudot?84f60a82a00d7ed7facf6d879cb1295a,gx-no-cache=1520869005213 HTTP/1.1" 200 4681
186.67.172.234 - - [12/Mar/2018:12:37:37 -0300] "GET /cormun/static/Shared/jqueryui/images/ui-icons_82798d_256x240.png HTTP/1.1" 404 1089
186.67.172.234 - - [12/Mar/2018:12:37:37 -0300] "POST /cormun/servlet/trsolicitudot?84f60a82a00d7ed7facf6d879cb1295a,gx-no-cache=1520869006044 HTTP/1.1" 200 4457
186.67.172.234 - - [12/Mar/2018:12:37:37 -0300] "GET /cormun/static/Shared/jqueryui/images/ui-bg_flat_55_fafafa_40x100.png HTTP/1.1" 404 1097
186.67.172.234 - - [12/Mar/2018:12:37:37 -0300] "GET /cormun/static/Shared/jqueryui/images/ui-icons_8d78a5_256x240.png HTTP/1.1" 404 1089
186.67.172.234 - - [12/Mar/2018:12:37:37 -0300] "GET /cormun/static/Shared/jqueryui/images/ui-bg_highlight-soft_100_c6c2c8_1x100.png HTTP/1.1" 404 1117
200.112.49.157 - - [12/Mar/2018:12:37:38 -0300] "POST /cormun/servlet/solicitudot?gx-no-cache=1520869010072 HTTP/1.1" 200 30
190.161.236.197 - - [12/Mar/2018:12:38:41 -0300] "POST /cormun/servlet/hlogin?b339f3cdc47dd5aa7a1744092d13e627,gx-no-cache=1520869070240 HTTP/1.1" 200 447
190.161.236.197 - - [12/Mar/2018:12:38:45 -0300] "POST /cormun/servlet/hlogin?b339f3cdc47dd5aa7a1744092d13e627,gx-no-cache=1520869074448 HTTP/1.1" 200 447
200.112.49.157 - - [12/Mar/2018:12:38:51 -0300] "POST /cormun/servlet/solicitudot?3c47956c686489a8e0ef0181df5010fb,INS,0,0,,gx-no-cache=1520869082255 HTTP/1.1" 200 93
200.112.49.157 - - [12/Mar/2018:12:38:51 -0300] "GET /cormun/servlet/hpexe_return? HTTP/1.1" 200 1005
200.112.49.157 - - [12/Mar/2018:12:38:51 -0300] "GET /cormun/static/gxcfg.js?2016101716175148 HTTP/1.1" 304 -
200.112.49.157 - - [12/Mar/2018:12:38:51 -0300] "GET /cormun/servlet/trsolicitudot HTTP/1.1" 200 8557
200.112.49.157 - - [12/Mar/2018:12:38:52 -0300] "GET /cormun/servlet/trsolicitudot HTTP/1.1" 200 8553
200.112.49.157 - - [12/Mar/2018:12:38:57 -0300] "GET /cormun/servlet/trsolicitudot? HTTP/1.1" 200 8553
200.112.49.157 - - [12/Mar/2018:12:38:57 -0300] "GET /cormun/servlet/trsolicitudot? HTTP/1.1" 200 8553
190.161.236.197 - - [12/Mar/2018:12:39:17 -0300] "POST /cormun/servlet/hlogin?b339f3cdc47dd5aa7a1744092d13e627,gx-no-cache=1520869106186 HTTP/1.1" 200 445
200.112.49.157 - - [12/Mar/2018:12:39:17 -0300] "GET /cormun/servlet/solicitudot?INS,0,0, HTTP/1.1" 200 13449
200.112.49.157 - - [12/Mar/2018:12:39:18 -0300] "GET /cormun/servlet/solicitudot?INS,0,0, HTTP/1.1" 200 13454
190.161.236.197 - - [12/Mar/2018:12:39:20 -0300] "GET /cormun/servlet/hlogin HTTP/1.1" 200 1719
190.161.236.197 - - [12/Mar/2018:12:39:20 -0300] "GET /cormun/static/gxtimezone.js?85251 HTTP/1.1" 304 -
190.161.236.197 - - [12/Mar/2018:12:39:20 -0300] "GET /cormun/static/Resources/Spanish/PXTools.css?11423723 HTTP/1.1" 304 -
190.161.236.197 - - [12/Mar/2018:12:39:20 -0300] "GET /cormun/static/gxcfg.js?20175251213516 HTTP/1.1" 304 -
190.161.236.197 - - [12/Mar/2018:12:39:20 -0300] "GET /cormun/static/Resources/ComunLogin.png HTTP/1.1" 304 -
190.161.236.197 - - [12/Mar/2018:12:39:20 -0300] "GET /cormun/static/hlogin.js?20175251213537 HTTP/1.1" 304 -
190.161.236.197 - - [12/Mar/2018:12:39:20 -0300] "GET /cormun/static/messages.spa.js?85251 HTTP/1.1" 304 -
190.161.236.197 - - [12/Mar/2018:12:39:21 -0300] "GET /cormun/static/gxgral.js?85251 HTTP/1.1" 304 -
190.161.236.197 - - [12/Mar/2018:12:39:21 -0300] "GET /cormun/static/Resources/indicator.gif HTTP/1.1" 304 -
200.86.95.220 - - [12/Mar/2018:12:39:48 -0300] "GET /cormun/servlet/hlogin HTTP/1.1" 200 1724
200.86.95.220 - - [12/Mar/2018:12:39:49 -0300] "GET /cormun/static/gxtimezone.js?85251 HTTP/1.1" 304 -
200.86.95.220 - - [12/Mar/2018:12:39:49 -0300] "GET /cormun/static/gxcfg.js?20175251213516 HTTP/1.1" 304 -
200.86.95.220 - - [12/Mar/2018:12:39:49 -0300] "GET /cormun/static/messages.spa.js?85251 HTTP/1.1" 304 -
200.86.95.220 - - [12/Mar/2018:12:39:49 -0300] "GET /cormun/servlet/hlogin HTTP/1.1" 200 1734
200.86.95.220 - - [12/Mar/2018:12:39:58 -0300] "POST /cormun/servlet/hlogin?49aebc0e53a4beb36d92997404024c28,gx-no-cache=1520869149607 HTTP/1.1" 200 90
200.86.95.220 - - [12/Mar/2018:12:39:58 -0300] "GET /cormun/servlet/hpexe_link HTTP/1.1" 200 952
200.86.95.220 - - [12/Mar/2018:12:39:58 -0300] "GET /cormun/static/gxcfg.js?20177612121792 HTTP/1.1" 304 -
200.86.95.220 - - [12/Mar/2018:12:39:58 -0300] "GET /cormun/servlet/hhome HTTP/1.1" 200 3951
200.86.95.220 - - [12/Mar/2018:12:39:58 -0300] "GET /cormun/static/gxcfg.js?20175251212442 HTTP/1.1" 304 -
200.86.95.220 - - [12/Mar/2018:12:40:00 -0300] "GET /cormun/servlet/hhome HTTP/1.1" 200 3948
200.86.95.220 - - [12/Mar/2018:12:40:04 -0300] "GET /cormun/servlet/trsolicitudot? HTTP/1.1" 200 8572
200.86.95.220 - - [12/Mar/2018:12:40:05 -0300] "GET /cormun/static/gxcfg.js?2017111422585916 HTTP/1.1" 304 -
200.86.95.220 - - [12/Mar/2018:12:40:05 -0300] "GET /cormun/static/calendar.js?85251 HTTP/1.1" 304 -
200.86.95.220 - - [12/Mar/2018:12:40:05 -0300] "GET /cormun/static/calendar-setup.js?85251 HTTP/1.1" 304 -
200.86.95.220 - - [12/Mar/2018:12:40:05 -0300] "GET /cormun/static/calendar-es.js?85251 HTTP/1.1" 304 -
200.86.95.220 - - [12/Mar/2018:12:40:05 -0300] "GET /cormun/static/gxdec.js?85251 HTTP/1.1" 304 -
200.86.95.220 - - [12/Mar/2018:12:40:06 -0300] "GET /cormun/servlet/trsolicitudot? HTTP/1.1" 200 8570
200.86.95.220 - - [12/Mar/2018:12:40:30 -0300] "GET /cormun/servlet/hlogin HTTP/1.1" 200 1724
200.86.95.220 - - [12/Mar/2018:12:40:39 -0300] "POST /cormun/servlet/hlogin?49aebc0e53a4beb36d92997404024c28,gx-no-cache=1520869191088 HTTP/1.1" 200 90
200.86.95.220 - - [12/Mar/2018:12:40:39 -0300] "GET /cormun/servlet/hpexe_link HTTP/1.1" 200 952
200.86.95.220 - - [12/Mar/2018:12:40:40 -0300] "GET /cormun/servlet/hhome HTTP/1.1" 200 4120
200.86.95.220 - - [12/Mar/2018:12:40:41 -0300] "GET /cormun/servlet/hhome HTTP/1.1" 200 4116
200.86.95.220 - - [12/Mar/2018:12:40:45 -0300] "GET /cormun/servlet/trautorizarsolicitud? HTTP/1.1" 200 7233
200.86.95.220 - - [12/Mar/2018:12:40:45 -0300] "GET /cormun/static/gxcfg.js?2017111423403364 HTTP/1.1" 304 -
200.86.95.220 - - [12/Mar/2018:12:40:46 -0300] "GET /cormun/servlet/trautorizarsolicitud? HTTP/1.1" 200 7232
200.86.95.220 - - [12/Mar/2018:12:40:57 -0300] "POST /cormun/servlet/trautorizarsolicitud?49aebc0e53a4beb36d92997404024c28,,gx-no-cache=1520869208052 HTTP/1.1" 200 7119
200.86.95.220 - - [12/Mar/2018:12:41:17 -0300] "POST /cormun/servlet/trautorizarsolicitud?49aebc0e53a4beb36d92997404024c28,,gx-no-cache=1520869228563 HTTP/1.1" 200 5738
200.86.95.220 - - [12/Mar/2018:12:41:29 -0300] "POST /cormun/servlet/trautorizarsolicitud?49aebc0e53a4beb36d92997404024c28,,gx-no-cache=1520869239754 HTTP/1.1" 200 15208
200.86.95.220 - - [12/Mar/2018:12:42:21 -0300] "GET /cormun/servlet/hlogin HTTP/1.1" 200 1724
200.112.49.157 - - [12/Mar/2018:12:43:25 -0300] "POST /cormun/servlet/solicitudot?gx-no-cache=1520869355869 HTTP/1.1" 200 3341
200.112.49.157 - - [12/Mar/2018:12:43:25 -0300] "GET /cormun/static/Shared/jqueryui/images/ui-bg_highlight-soft_100_c6c2c8_1x100.png HTTP/1.1" 404 1117
200.112.49.157 - - [12/Mar/2018:12:43:25 -0300] "GET /cormun/static/Shared/jqueryui/images/ui-icons_82798d_256x240.png HTTP/1.1" 404 1089
200.112.49.157 - - [12/Mar/2018:12:43:25 -0300] "GET /cormun/servlet/solicitudot?b02dc7faedc47928b464ef4ecbc1a0fe82a0c06f6954ef69e495dcbd46405330,gx-no-cache=1520869357067 HTTP/1.1" 200 111
200.112.49.157 - - [12/Mar/2018:12:43:25 -0300] "GET /cormun/static/Shared/jqueryui/images/ui-bg_flat_55_994d53_40x100.png HTTP/1.1" 404 1097
200.112.49.157 - - [12/Mar/2018:12:43:25 -0300] "GET /cormun/static/Shared/jqueryui/images/ui-icons_ebccce_256x240.png HTTP/1.1" 404 1089
200.112.49.157 - - [12/Mar/2018:12:43:25 -0300] "GET /cormun/servlet/solicitudot?b02dc7faedc47928b464ef4ecbc1a0fe233eb2e784012d01cb275b66d1ea96b8,gx-no-cache=1520869357258 HTTP/1.1" 200 94
200.112.49.157 - - [12/Mar/2018:12:43:25 -0300] "GET /cormun/servlet/solicitudot?b02dc7faedc47928b464ef4ecbc1a0fe35509534b7851c4ac9c783c6acd30768,gx-no-cache=1520869357381 HTTP/1.1" 200 29
200.112.49.157 - - [12/Mar/2018:12:43:26 -0300] "GET /cormun/servlet/solicitudot?b02dc7faedc47928b464ef4ecbc1a0fe1a015debf58febbe03c333c7ac8f780d3adad257c00fa0b09c2b638adc18439557983ff88a0214407de976f5f38b7d83081eb36b018e3bfd01bc24e3c23ee0a61fe7ea42ab48fbda40307dc44678e3d739e3556619f210dad1423b2ae34161f597823b78b14bdfbfb7d51345b4cf2b313ef81db4421b9053bb34caa87f458c9559003b53b01243f5974ebf58555ceca8767acd51d09e9d6ed2c398b94a5e62509fa6e93e3180c1d0f9d0e12571e69bf75124beff713d62862ec73c0d14ef824b67bf77eda6a7edcdc8cc41d8bfac87f44661542cdb18128faebfd15aaca8a08659d38b1a5a3087a3639244d570cba77bf9154be4b975e39ea30e8edb4177cd60e63fdf876894217b7a042e4cfd38be9076944adb943fbf66c3db2cbb4c2fa5e684fc9c72e28222ec254ee21a87f4cbe8f3fdd981e32ae8d7a0a75f19d58a4bc2,gx-no-cache=1520869357537 HTTP/1.1" 200 297
200.112.49.157 - - [12/Mar/2018:12:43:26 -0300] "GET /cormun/servlet/solicitudot?b02dc7faedc47928b464ef4ecbc1a0fe0b1651b05256c589a108d3b196dc1619271e6ac0377934b14d1a820488e794adbb1fb412c0f42a78d11bb01c061f6cc928efc0d68e1aa52efea555203a8544141a9167b3b9e2ae9f0e4ddcbd07d676217c618822b49a0e7f81365c908c0738ecd0a98a8d22abc3aaf66b9c3f9d7c2ceddf0b61e0eb730ae5f52f693335bb507793321e2a369da9ac24e742e439ef2fc610b1ce479c2008c8ee3c7e874a8bb5e5951555b8efab0247417b6b88589a08e4910b7e1b8d3b77b0e223660713ff3c0009b17b6c41bac8c34ff355d6358690ead91fdc6905eb9fb79e03b73c8915b55976c4f9df1a9824716e59cd9ced44a331f8be705392d8ef9f51e1655afed17f1336c509b0fb6790ff8a237310569a15c5d5490c71b6bed61fdffcf3e3dcc4ceea401e1a65d85201d4c9a732fdf3ca22903045b55faf6a82b364e630a8cb786f1faf7ce2db3c2fd5dcee15d2ad51f5417a2bb3b624097d0526dbc8703e92928ea7e4e6b2d9d68c7b9c82ed4252ed39237f25411018e885c8f594a786c7562084af,gx-no-cache=1520869357690 HTTP/1.1" 200 30
200.112.49.157 - - [12/Mar/2018:12:43:26 -0300] "POST /cormun/servlet/solicitudot?gx-no-cache=1520869357834 HTTP/1.1" 200 30
200.112.49.157 - - [12/Mar/2018:12:43:26 -0300] "POST /cormun/servlet/solicitudot?gx-no-cache=1520869357995 HTTP/1.1" 200 1331
200.112.49.157 - - [12/Mar/2018:12:43:26 -0300] "POST /cormun/servlet/solicitudot?gx-no-cache=1520869358181 HTTP/1.1" 200 38
200.112.49.157 - - [12/Mar/2018:12:43:26 -0300] "GET /cormun/servlet/solicitudot?b02dc7faedc47928b464ef4ecbc1a0febbac80d8659eef075fff87837c88476159d38b1a5a3087a3639244d570cba77bf9154be4b975e39ea30e8edb4177cd60a38ef4b1af02069ee3a7e93cb2cbe550,gx-no-cache=1520869358336 HTTP/1.1" 200 29
200.112.49.157 - - [12/Mar/2018:12:43:27 -0300] "POST /cormun/servlet/solicitudot?gx-no-cache=1520869358476 HTTP/1.1" 200 1318
200.112.49.157 - - [12/Mar/2018:12:43:27 -0300] "POST /cormun/servlet/solicitudot?gx-no-cache=1520869358675 HTTP/1.1" 200 1215
200.112.49.157 - - [12/Mar/2018:12:43:27 -0300] "GET /cormun/servlet/solicitudot?b02dc7faedc47928b464ef4ecbc1a0fe6be6feeeff37635022f1b4e3b3147c78,gx-no-cache=1520869358891 HTTP/1.1" 200 30
200.112.49.157 - - [12/Mar/2018:12:43:27 -0300] "POST /cormun/servlet/solicitudot?gx-no-cache=1520869359027 HTTP/1.1" 200 30
200.112.49.157 - - [12/Mar/2018:12:43:39 -0300] "GET /cormun/servlet/prfichaempleado?,MD,,gxPopupLevel%3D0%3B HTTP/1.1" 200 9349
200.112.49.157 - - [12/Mar/2018:12:43:53 -0300] "POST /cormun/servlet/solicitudot?gx-no-cache=1520869384639 HTTP/1.1" 200 3284
200.112.49.157 - - [12/Mar/2018:12:43:54 -0300] "POST /cormun/servlet/solicitudot?3c47956c686489a8e0ef0181df5010fb,INS,0,0,,gx-no-cache=1520869385098 HTTP/1.1" 200 11337
46.174.191.29 - - [12/Mar/2018:12:44:00 -0300] "GET / HTTP/1.0" 200 11197
200.112.49.157 - - [12/Mar/2018:12:44:07 -0300] "POST /cormun/servlet/solicitudot?gx-no-cache=1520869398403 HTTP/1.1" 200 3412
200.112.49.157 - - [12/Mar/2018:12:44:08 -0300] "POST /cormun/servlet/solicitudot?3c47956c686489a8e0ef0181df5010fb,INS,0,0,,gx-no-cache=1520869399356 HTTP/1.1" 200 11533
200.112.49.157 - - [12/Mar/2018:12:44:08 -0300] "GET /cormun/servlet/solicitudot?b02dc7faedc47928b464ef4ecbc1a0fe90093ec57babaa8fc89e3d301f455ec5497bd39c2571c3a598f04b66b227a4d3,gx-no-cache=1520869400044 HTTP/1.1" 200 30
200.112.49.157 - - [12/Mar/2018:12:44:18 -0300] "GET /cormun/servlet/solicitudot?b02dc7faedc47928b464ef4ecbc1a0fef26dbc0f71da47d0a44887236d1f60abd8d4ec5338219a4bb05dea78a810a1061305271e537171f1d43c2df9734763f4,gx-no-cache=1520869409694 HTTP/1.1" 200 30
200.112.49.157 - - [12/Mar/2018:12:44:18 -0300] "GET /cormun/servlet/solicitudot?b02dc7faedc47928b464ef4ecbc1a0fe9a343b3979cccdad041340717486c8f4,gx-no-cache=1520869409811 HTTP/1.1" 200 53
200.112.49.157 - - [12/Mar/2018:12:44:18 -0300] "POST /cormun/servlet/solicitudot?gx-no-cache=1520869409913 HTTP/1.1" 200 255
200.112.49.157 - - [12/Mar/2018:12:44:18 -0300] "GET /cormun/servlet/solicitudot?b02dc7faedc47928b464ef4ecbc1a0fe0b1651b05256c589a108d3b196dc161908fda52c0598dbc49eeff4ed745665bfbb1fb412c0f42a78d11bb01c061f6cc928efc0d68e1aa52efea555203a8544141a9167b3b9e2ae9f0e4ddcbd07d676217c618822b49a0e7f81365c908c0738ecd0a98a8d22abc3aaf66b9c3f9d7c2ceddf0b61e0eb730ae5f52f693335bb507793321e2a369da9ac24e742e439ef2fc610b1ce479c2008c8ee3c7e874a8bb5e5951555b8efab0247417b6b88589a08e4910b7e1b8d3b77b0e223660713ff3c0009b17b6c41bac8c34ff355d6358690ead91fdc6905eb9fb79e03b73c8915b559d5d779da91abf4e27b8346aa042ba191f8be705392d8ef9f51e1655afed17f131e9cdf1479c9537969f3dbda3e513de4ee52024c96aedb22aac9fb6ed16f93cacdde4d5f702a75d60b730eca6b53864a585198efd12866c11052aa3c16b867ee3a24762d320c1b16c0b15e9093947e4caf7254054ca93ee58df9b74038f5d7adda137ed397d06186a49fd8fca33ff1a1,gx-no-cache=1520869410068 HTTP/1.1" 200 30
200.112.49.157 - - [12/Mar/2018:12:44:21 -0300] "POST /cormun/servlet/solicitudot?gx-no-cache=1520869413129 HTTP/1.1" 200 30
200.112.49.157 - - [12/Mar/2018:12:44:23 -0300] "POST /cormun/servlet/solicitudot?gx-no-cache=1520869415167 HTTP/1.1" 200 1337
200.112.49.157 - - [12/Mar/2018:12:44:24 -0300] "POST /cormun/servlet/solicitudot?gx-no-cache=1520869415408 HTTP/1.1" 200 38
200.112.49.157 - - [12/Mar/2018:12:44:30 -0300] "POST /cormun/servlet/solicitudot?gx-no-cache=1520869421836 HTTP/1.1" 200 1318
200.112.49.157 - - [12/Mar/2018:12:44:30 -0300] "POST /cormun/servlet/solicitudot?gx-no-cache=1520869422085 HTTP/1.1" 200 1218
200.112.49.157 - - [12/Mar/2018:12:44:30 -0300] "GET /cormun/static/menuarrow.gif HTTP/1.1" 404 1015
200.112.49.157 - - [12/Mar/2018:12:44:32 -0300] "POST /cormun/servlet/solicitudot?gx-no-cache=1520869424136 HTTP/1.1" 200 1318
200.112.49.157 - - [12/Mar/2018:12:44:33 -0300] "POST /cormun/servlet/solicitudot?gx-no-cache=1520869424359 HTTP/1.1" 200 1218
200.112.49.157 - - [12/Mar/2018:12:44:34 -0300] "GET /cormun/servlet/solicitudot?b02dc7faedc47928b464ef4ecbc1a0fe91becb72e8be0a94d2999a4ed4269250878615875482427b18024a577a583a6c,gx-no-cache=1520869426032 HTTP/1.1" 200 30
200.86.95.220 - - [12/Mar/2018:12:44:38 -0300] "POST /cormun/servlet/hlogin?49aebc0e53a4beb36d92997404024c28,gx-no-cache=1520869429264 HTTP/1.1" 200 427
200.112.49.157 - - [12/Mar/2018:12:44:39 -0300] "POST /cormun/servlet/solicitudot?gx-no-cache=1520869430946 HTTP/1.1" 200 30
200.86.95.220 - - [12/Mar/2018:12:44:43 -0300] "POST /cormun/servlet/hlogin?49aebc0e53a4beb36d92997404024c28,gx-no-cache=1520869434549 HTTP/1.1" 200 90
200.86.95.220 - - [12/Mar/2018:12:44:43 -0300] "GET /cormun/servlet/hpexe_link HTTP/1.1" 200 952
200.86.95.220 - - [12/Mar/2018:12:44:43 -0300] "GET /cormun/servlet/hhome HTTP/1.1" 200 3951
200.86.95.220 - - [12/Mar/2018:12:44:45 -0300] "GET /cormun/servlet/hhome HTTP/1.1" 200 3948
200.86.95.220 - - [12/Mar/2018:12:44:49 -0300] "GET /cormun/servlet/trsolicitudot? HTTP/1.1" 200 8572
200.86.95.220 - - [12/Mar/2018:12:44:51 -0300] "GET /cormun/servlet/trsolicitudot? HTTP/1.1" 200 8570
200.86.95.220 - - [12/Mar/2018:12:45:06 -0300] "GET /cormun/servlet/solicitudot?INS,0,0, HTTP/1.1" 200 13394
200.86.95.220 - - [12/Mar/2018:12:45:06 -0300] "GET /cormun/static/gxcfg.js?201812313224582 HTTP/1.1" 304 -
200.86.95.220 - - [12/Mar/2018:12:45:06 -0300] "GET /cormun/static/solicitudot.js?201812313224831 HTTP/1.1" 304 -
200.86.95.220 - - [12/Mar/2018:12:45:08 -0300] "GET /cormun/servlet/solicitudot?INS,0,0, HTTP/1.1" 200 13398
200.86.95.220 - - [12/Mar/2018:12:45:10 -0300] "GET /cormun/servlet/trsolicitudot? HTTP/1.1" 200 8572
200.112.49.157 - - [12/Mar/2018:12:45:10 -0300] "GET /cormun/servlet/hlogin HTTP/1.1" 200 1717
200.86.95.220 - - [12/Mar/2018:12:45:12 -0300] "GET /cormun/servlet/trsolicitudot? HTTP/1.1" 200 8570
200.112.49.157 - - [12/Mar/2018:12:45:12 -0300] "POST /cormun/servlet/hlogin?3c47956c686489a8e0ef0181df5010fb,gx-no-cache=1520869463901 HTTP/1.1" 200 90
200.112.49.157 - - [12/Mar/2018:12:45:12 -0300] "GET /cormun/servlet/hpexe_link HTTP/1.1" 200 960
200.112.49.157 - - [12/Mar/2018:12:45:12 -0300] "GET /cormun/servlet/solicitudot?INS,0,0, HTTP/1.1" 200 13450
200.112.49.157 - - [12/Mar/2018:12:45:13 -0300] "GET /cormun/servlet/solicitudot?INS,0,0, HTTP/1.1" 200 13454
200.112.49.157 - - [12/Mar/2018:12:45:17 -0300] "GET /cormun/servlet/trsolicitudot? HTTP/1.1" 200 8555
200.112.49.157 - - [12/Mar/2018:12:45:17 -0300] "GET /cormun/servlet/trsolicitudot? HTTP/1.1" 200 8553
200.112.49.157 - - [12/Mar/2018:12:45:24 -0300] "POST /cormun/servlet/trsolicitudot?3c47956c686489a8e0ef0181df5010fb,,gx-no-cache=1520869475599 HTTP/1.1" 200 105
200.112.49.157 - - [12/Mar/2018:12:45:24 -0300] "GET /cormun/servlet/solicitudot?UPD,2018,10410, HTTP/1.1" 200 15246
200.112.49.157 - - [12/Mar/2018:12:45:25 -0300] "GET /cormun/servlet/solicitudot?UPD,2018,10410, HTTP/1.1" 200 15256
200.112.49.157 - - [12/Mar/2018:12:45:26 -0300] "POST /cormun/servlet/solicitudot?gx-no-cache=1520869477096 HTTP/1.1" 200 3424
200.112.49.157 - - [12/Mar/2018:12:45:26 -0300] "POST /cormun/servlet/solicitudot?3c47956c686489a8e0ef0181df5010fb,UPD,2018,10410,,gx-no-cache=1520869478024 HTTP/1.1" 200 11535
200.112.49.157 - - [12/Mar/2018:12:45:27 -0300] "GET /cormun/servlet/solicitudot?b02dc7faedc47928b464ef4ecbc1a0fe90093ec57babaa8fc89e3d301f455ec5642b7384abd268f5718d1d6c0e770599,gx-no-cache=1520869478625 HTTP/1.1" 200 30
200.112.49.157 - - [12/Mar/2018:12:45:27 -0300] "GET /cormun/servlet/solicitudot?b02dc7faedc47928b464ef4ecbc1a0fef26dbc0f71da47d0a44887236d1f60abd8d4ec5338219a4bb05dea78a810a1065ff3da8d7fb6bbdecf8315d520539870,gx-no-cache=1520869478771 HTTP/1.1" 200 30
200.112.49.157 - - [12/Mar/2018:12:45:27 -0300] "GET /cormun/servlet/solicitudot?b02dc7faedc47928b464ef4ecbc1a0fe168b8fa089c165058d7b523436adcca632f1c13c94eb9682666def525f7c3c561788220e9ee9b16ba3c82a2fa56cfec2,gx-no-cache=1520869478888 HTTP/1.1" 200 53
200.112.49.157 - - [12/Mar/2018:12:45:27 -0300] "POST /cormun/servlet/solicitudot?gx-no-cache=1520869479003 HTTP/1.1" 200 254
200.112.49.157 - - [12/Mar/2018:12:45:27 -0300] "GET /cormun/servlet/solicitudot?b02dc7faedc47928b464ef4ecbc1a0fe0b1651b05256c589a108d3b196dc161908fda52c0598dbc49eeff4ed745665bfbb1fb412c0f42a78d11bb01c061f6cc928efc0d68e1aa52efea555203a8544141a9167b3b9e2ae9f0e4ddcbd07d676217c618822b49a0e7f81365c908c0738ecd0a98a8d22abc3aaf66b9c3f9d7c2ceddf0b61e0eb730ae5f52f693335bb507793321e2a369da9ac24e742e439ef2fc610b1ce479c2008c8ee3c7e874a8bb5e5951555b8efab0247417b6b88589a08e4910b7e1b8d3b77b0e223660713ff3c0009b17b6c41bac8c34ff355d6358690ead91fdc6905eb9fb79e03b73c8915b559d5d779da91abf4e27b8346aa042ba191f8be705392d8ef9f51e1655afed17f131e9cdf1479c9537969f3dbda3e513de4ee52024c96aedb22aac9fb6ed16f93cacdde4d5f702a75d60b730eca6b53864a585198efd12866c11052aa3c16b867ee3a24762d320c1b16c0b15e9093947e4caf7254054ca93ee58df9b74038f5d7adda137ed397d06186a49fd8fca33ff1a1,gx-no-cache=1520869479164 HTTP/1.1" 200 30
200.112.49.157 - - [12/Mar/2018:12:45:27 -0300] "POST /cormun/servlet/solicitudot?gx-no-cache=1520869479286 HTTP/1.1" 200 30
200.112.49.157 - - [12/Mar/2018:12:45:28 -0300] "POST /cormun/servlet/solicitudot?gx-no-cache=1520869479417 HTTP/1.1" 200 1337
200.112.49.157 - - [12/Mar/2018:12:45:28 -0300] "POST /cormun/servlet/solicitudot?gx-no-cache=1520869479668 HTTP/1.1" 200 41
200.112.49.157 - - [12/Mar/2018:12:45:29 -0300] "GET /cormun/servlet/solicitudot?b02dc7faedc47928b464ef4ecbc1a0febccdb3c7eb04c7a094457e2269159bc32e8472a13bb065fd07b03dc2368c144310aa2683144ebb67982878c62a9e68cf6ab8b13d99aa23e0f14fc33c0b2f341f5908790f0118446860e7615c27f5103e7968fa9e05fda7850dc72788a2b5e05229a0154faa25cb998641028f292ab8e05b53333c7dbad17bffbe39de86e221e9381449854eb141f9750994acf415cb76,gx-no-cache=1520869481304 HTTP/1.1" 200 29
200.112.49.157 - - [12/Mar/2018:12:45:30 -0300] "POST /cormun/servlet/solicitudot?gx-no-cache=1520869481412 HTTP/1.1" 200 1319
200.112.49.157 - - [12/Mar/2018:12:45:30 -0300] "POST /cormun/servlet/solicitudot?gx-no-cache=1520869481650 HTTP/1.1" 200 1218
200.112.49.157 - - [12/Mar/2018:12:45:30 -0300] "GET /cormun/servlet/solicitudot?b02dc7faedc47928b464ef4ecbc1a0fe91becb72e8be0a94d2999a4ed4269250878615875482427b18024a577a583a6c,gx-no-cache=1520869481874 HTTP/1.1" 200 30
200.112.49.157 - - [12/Mar/2018:12:45:30 -0300] "POST /cormun/servlet/solicitudot?gx-no-cache=1520869482000 HTTP/1.1" 200 30
200.86.95.220 - - [12/Mar/2018:12:45:46 -0300] "GET /cormun/servlet/hlogin HTTP/1.1" 200 1724
200.112.49.157 - - [12/Mar/2018:12:45:55 -0300] "POST /cormun/servlet/solicitudot?3c47956c686489a8e0ef0181df5010fb,INS,0,0,,gx-no-cache=1520869506858 HTTP/1.1" 200 93
200.112.49.157 - - [12/Mar/2018:12:45:56 -0300] "GET /cormun/servlet/hpexe_return? HTTP/1.1" 200 1005
200.112.49.157 - - [12/Mar/2018:12:45:56 -0300] "GET /cormun/servlet/trsolicitudot HTTP/1.1" 200 8557
200.112.49.157 - - [12/Mar/2018:12:45:56 -0300] "GET /cormun/servlet/trsolicitudot HTTP/1.1" 200 8553
200.86.95.220 - - [12/Mar/2018:12:45:59 -0300] "POST /cormun/servlet/hlogin?49aebc0e53a4beb36d92997404024c28,gx-no-cache=1520869510606 HTTP/1.1" 200 90
200.86.95.220 - - [12/Mar/2018:12:45:59 -0300] "GET /cormun/servlet/hpexe_link HTTP/1.1" 200 952
200.86.95.220 - - [12/Mar/2018:12:45:59 -0300] "GET /cormun/servlet/hhome HTTP/1.1" 200 4120
200.86.95.220 - - [12/Mar/2018:12:46:01 -0300] "GET /cormun/servlet/hhome HTTP/1.1" 200 4116
200.112.49.157 - - [12/Mar/2018:12:46:21 -0300] "GET /cormun/servlet/trsolicitudot? HTTP/1.1" 200 8553
200.112.49.157 - - [12/Mar/2018:12:46:22 -0300] "GET /cormun/servlet/trsolicitudot? HTTP/1.1" 200 8553
200.112.49.157 - - [12/Mar/2018:12:46:25 -0300] "GET /cormun/servlet/solicitudot?INS,0,0, HTTP/1.1" 200 13449
200.112.49.157 - - [12/Mar/2018:12:46:26 -0300] "GET /cormun/servlet/solicitudot?INS,0,0, HTTP/1.1" 200 13454
200.112.49.157 - - [12/Mar/2018:12:46:41 -0300] "POST /cormun/servlet/solicitudot?gx-no-cache=1520869552078 HTTP/1.1" 200 3412
200.112.49.157 - - [12/Mar/2018:12:46:41 -0300] "POST /cormun/servlet/solicitudot?3c47956c686489a8e0ef0181df5010fb,INS,0,0,,gx-no-cache=1520869552640 HTTP/1.1" 200 10390
200.86.95.220 - - [12/Mar/2018:12:46:57 -0300] "GET /cormun/servlet/trautorizarsolicitud? HTTP/1.1" 200 17852
200.86.95.220 - - [12/Mar/2018:12:47:00 -0300] "GET /cormun/servlet/trautorizarsolicitud? HTTP/1.1" 200 17849
200.112.49.157 - - [12/Mar/2018:12:48:14 -0300] "GET /cormun/servlet/trsolicitudot? HTTP/1.1" 200 8555
200.112.49.157 - - [12/Mar/2018:12:48:14 -0300] "GET /cormun/servlet/trsolicitudot? HTTP/1.1" 200 8553
200.112.49.157 - - [12/Mar/2018:12:48:21 -0300] "GET /cormun/servlet/solicitudot?INS,0,0, HTTP/1.1" 200 13449
200.112.49.157 - - [12/Mar/2018:12:48:22 -0300] "GET /cormun/servlet/solicitudot?INS,0,0, HTTP/1.1" 200 13454
200.112.49.157 - - [12/Mar/2018:12:48:33 -0300] "POST /cormun/servlet/solicitudot?gx-no-cache=1520869664787 HTTP/1.1" 200 3412
200.112.49.157 - - [12/Mar/2018:12:48:34 -0300] "POST /cormun/servlet/solicitudot?3c47956c686489a8e0ef0181df5010fb,INS,0,0,,gx-no-cache=1520869665459 HTTP/1.1" 200 10390
200.112.49.157 - - [12/Mar/2018:12:48:39 -0300] "GET /cormun/servlet/solicitudot?b02dc7faedc47928b464ef4ecbc1a0fe90093ec57babaa8fc89e3d301f455ec5497bd39c2571c3a598f04b66b227a4d3,gx-no-cache=1520869670488 HTTP/1.1" 200 30
200.112.49.157 - - [12/Mar/2018:12:48:39 -0300] "GET /cormun/servlet/solicitudot?b02dc7faedc47928b464ef4ecbc1a0fef26dbc0f71da47d0a44887236d1f60abd8d4ec5338219a4bb05dea78a810a1061305271e537171f1d43c2df9734763f4,gx-no-cache=1520869670595 HTTP/1.1" 200 30
200.112.49.157 - - [12/Mar/2018:12:48:39 -0300] "GET /cormun/servlet/solicitudot?b02dc7faedc47928b464ef4ecbc1a0fe9a343b3979cccdad041340717486c8f4,gx-no-cache=1520869670710 HTTP/1.1" 200 53
200.112.49.157 - - [12/Mar/2018:12:48:39 -0300] "POST /cormun/servlet/solicitudot?gx-no-cache=1520869670846 HTTP/1.1" 200 255
200.112.49.157 - - [12/Mar/2018:12:48:39 -0300] "GET /cormun/servlet/solicitudot?b02dc7faedc47928b464ef4ecbc1a0fe0b1651b05256c589a108d3b196dc161908fda52c0598dbc49eeff4ed745665bfbb1fb412c0f42a78d11bb01c061f6cc928efc0d68e1aa52efea555203a8544141a9167b3b9e2ae9f0e4ddcbd07d676217c618822b49a0e7f81365c908c0738ecd0a98a8d22abc3aaf66b9c3f9d7c2ceddf0b61e0eb730ae5f52f693335bb507793321e2a369da9ac24e742e439ef2fc610b1ce479c2008c8ee3c7e874a8bb5e5951555b8efab0247417b6b88589a08e4910b7e1b8d3b77b0e223660713ff3c0009b17b6c41bac8c34ff355d6358690ead91fdc6905eb9fb79e03b73c8915b559d5d779da91abf4e27b8346aa042ba191f8be705392d8ef9f51e1655afed17f131e9cdf1479c9537969f3dbda3e513de4ee52024c96aedb22aac9fb6ed16f93cacdde4d5f702a75d60b730eca6b53864a585198efd12866c11052aa3c16b867ee3a24762d320c1b16c0b15e9093947e4caf7254054ca93ee58df9b74038f5d7ad03224c057503f230ce4ddd3cef8ff2ed,gx-no-cache=1520869671015 HTTP/1.1" 200 30
200.112.49.157 - - [12/Mar/2018:12:48:41 -0300] "POST /cormun/servlet/solicitudot?gx-no-cache=1520869672696 HTTP/1.1" 200 30
200.112.49.157 - - [12/Mar/2018:12:48:43 -0300] "POST /cormun/servlet/solicitudot?gx-no-cache=1520869674852 HTTP/1.1" 200 1337
200.112.49.157 - - [12/Mar/2018:12:48:43 -0300] "POST /cormun/servlet/solicitudot?gx-no-cache=1520869675020 HTTP/1.1" 200 38
200.112.49.157 - - [12/Mar/2018:12:48:43 -0300] "GET /cormun/servlet/solicitudot?b02dc7faedc47928b464ef4ecbc1a0febbac80d8659eef075fff87837c88476159d38b1a5a3087a3639244d570cba77bac7aa6dadbbd38ff55585b4e8d66b061b5dfa5bb0bab843ebe51f10c95d9e6e0d422e050e3770341e061e437e7dad19d1975ac94203ced7503b9b1883406cf34abb4a574207b1fa66356f085e02612bfdb6d8cd2a90f1b96496f38da2a03d266c9fb63d9bd86ffe113b5768f7c932de9,gx-no-cache=1520869675171 HTTP/1.1" 200 29
200.112.49.157 - - [12/Mar/2018:12:48:43 -0300] "POST /cormun/servlet/solicitudot?gx-no-cache=1520869675297 HTTP/1.1" 200 1319
200.112.49.157 - - [12/Mar/2018:12:48:44 -0300] "POST /cormun/servlet/solicitudot?gx-no-cache=1520869675529 HTTP/1.1" 200 1218
200.112.49.157 - - [12/Mar/2018:12:48:46 -0300] "GET /cormun/static/menuarrow.gif HTTP/1.1" 404 1015
200.112.49.157 - - [12/Mar/2018:12:48:51 -0300] "POST /cormun/servlet/solicitudot?gx-no-cache=1520869682948 HTTP/1.1" 200 30
200.112.49.157 - - [12/Mar/2018:12:48:51 -0300] "POST /cormun/servlet/solicitudot?gx-no-cache=1520869683067 HTTP/1.1" 200 1336
200.112.49.157 - - [12/Mar/2018:12:48:51 -0300] "POST /cormun/servlet/solicitudot?gx-no-cache=1520869683339 HTTP/1.1" 200 38
200.112.49.157 - - [12/Mar/2018:12:48:55 -0300] "POST /cormun/servlet/solicitudot?gx-no-cache=1520869686379 HTTP/1.1" 200 1318
200.112.49.157 - - [12/Mar/2018:12:48:55 -0300] "POST /cormun/servlet/solicitudot?gx-no-cache=1520869686669 HTTP/1.1" 200 1218
200.112.49.157 - - [12/Mar/2018:12:48:57 -0300] "POST /cormun/servlet/solicitudot?gx-no-cache=1520869688988 HTTP/1.1" 200 1318
200.112.49.157 - - [12/Mar/2018:12:48:57 -0300] "POST /cormun/servlet/solicitudot?gx-no-cache=1520869689225 HTTP/1.1" 200 1218
200.112.49.157 - - [12/Mar/2018:12:48:59 -0300] "GET /cormun/servlet/solicitudot?b02dc7faedc47928b464ef4ecbc1a0fe91becb72e8be0a94d2999a4ed4269250878615875482427b18024a577a583a6c,gx-no-cache=1520869690568 HTTP/1.1" 200 30
200.112.49.157 - - [12/Mar/2018:12:49:05 -0300] "POST /cormun/servlet/solicitudot?gx-no-cache=1520869696455 HTTP/1.1" 200 30
200.112.49.157 - - [12/Mar/2018:12:49:09 -0300] "POST /cormun/servlet/solicitudot?3c47956c686489a8e0ef0181df5010fb,INS,0,0,,gx-no-cache=1520869700622 HTTP/1.1" 200 93
200.112.49.157 - - [12/Mar/2018:12:49:09 -0300] "GET /cormun/servlet/hpexe_return? HTTP/1.1" 200 1005
200.112.49.157 - - [12/Mar/2018:12:49:10 -0300] "GET /cormun/servlet/trsolicitudot HTTP/1.1" 200 8851
200.112.49.157 - - [12/Mar/2018:12:49:10 -0300] "GET /cormun/servlet/trsolicitudot HTTP/1.1" 200 8847
200.112.49.157 - - [12/Mar/2018:12:49:15 -0300] "GET /cormun/servlet/solicitudot?INS,0,0, HTTP/1.1" 200 13449
200.112.49.157 - - [12/Mar/2018:12:49:15 -0300] "GET /cormun/servlet/solicitudot?INS,0,0, HTTP/1.1" 200 13454
200.112.49.157 - - [12/Mar/2018:12:49:27 -0300] "POST /cormun/servlet/solicitudot?gx-no-cache=1520869718171 HTTP/1.1" 200 3412
200.112.49.157 - - [12/Mar/2018:12:49:27 -0300] "POST /cormun/servlet/solicitudot?3c47956c686489a8e0ef0181df5010fb,INS,0,0,,gx-no-cache=1520869718752 HTTP/1.1" 200 10388
190.100.93.40 - - [12/Mar/2018:12:49:29 -0300] "GET /cormun/servlet/trcontratounov2? HTTP/1.1" 200 17990
190.100.93.40 - - [12/Mar/2018:12:49:29 -0300] "GET /cormun/static/gxcfg.js?201752512124396 HTTP/1.1" 304 -
200.86.95.220 - - [12/Mar/2018:12:49:29 -0300] "POST /cormun/servlet/trautorizarsolicitud?49aebc0e53a4beb36d92997404024c28,,gx-no-cache=1520869720077 HTTP/1.1" 200 5796
190.100.93.40 - - [12/Mar/2018:12:49:29 -0300] "GET /cormun/servlet/trcontratounov2? HTTP/1.1" 200 17981
200.112.49.157 - - [12/Mar/2018:12:49:33 -0300] "GET /cormun/servlet/solicitudot?b02dc7faedc47928b464ef4ecbc1a0fe90093ec57babaa8fc89e3d301f455ec5497bd39c2571c3a598f04b66b227a4d3,gx-no-cache=1520869725248 HTTP/1.1" 200 30
200.112.49.157 - - [12/Mar/2018:12:49:33 -0300] "GET /cormun/servlet/solicitudot?b02dc7faedc47928b464ef4ecbc1a0fef26dbc0f71da47d0a44887236d1f60abd8d4ec5338219a4bb05dea78a810a1061305271e537171f1d43c2df9734763f4,gx-no-cache=1520869725370 HTTP/1.1" 200 30
200.112.49.157 - - [12/Mar/2018:12:49:34 -0300] "GET /cormun/servlet/solicitudot?b02dc7faedc47928b464ef4ecbc1a0fe9a343b3979cccdad041340717486c8f4,gx-no-cache=1520869725496 HTTP/1.1" 200 53
200.112.49.157 - - [12/Mar/2018:12:49:34 -0300] "POST /cormun/servlet/solicitudot?gx-no-cache=1520869725617 HTTP/1.1" 200 255
200.112.49.157 - - [12/Mar/2018:12:49:34 -0300] "GET /cormun/servlet/solicitudot?b02dc7faedc47928b464ef4ecbc1a0fe0b1651b05256c589a108d3b196dc161908fda52c0598dbc49eeff4ed745665bfbb1fb412c0f42a78d11bb01c061f6cc928efc0d68e1aa52efea555203a8544141a9167b3b9e2ae9f0e4ddcbd07d676217c618822b49a0e7f81365c908c0738ecd0a98a8d22abc3aaf66b9c3f9d7c2ceddf0b61e0eb730ae5f52f693335bb507793321e2a369da9ac24e742e439ef2fc610b1ce479c2008c8ee3c7e874a8bb5e5951555b8efab0247417b6b88589a08e4910b7e1b8d3b77b0e223660713ff3c0009b17b6c41bac8c34ff355d6358690ead91fdc6905eb9fb79e03b73c8915b559d5d779da91abf4e27b8346aa042ba191f8be705392d8ef9f51e1655afed17f131e9cdf1479c9537969f3dbda3e513de4ee52024c96aedb22aac9fb6ed16f93cacdde4d5f702a75d60b730eca6b53864a585198efd12866c11052aa3c16b867ee3a24762d320c1b16c0b15e9093947e4caf7254054ca93ee58df9b74038f5d7ad03224c057503f230ce4ddd3cef8ff2ed,gx-no-cache=1520869725786 HTTP/1.1" 200 30
200.112.49.157 - - [12/Mar/2018:12:49:37 -0300] "POST /cormun/servlet/solicitudot?gx-no-cache=1520869728665 HTTP/1.1" 200 30
200.112.49.157 - - [12/Mar/2018:12:49:39 -0300] "POST /cormun/servlet/solicitudot?gx-no-cache=1520869730561 HTTP/1.1" 200 1337
200.112.49.157 - - [12/Mar/2018:12:49:39 -0300] "POST /cormun/servlet/solicitudot?gx-no-cache=1520869730707 HTTP/1.1" 200 38
200.86.95.220 - - [12/Mar/2018:12:49:46 -0300] "GET /cormun/servlet/hlogin HTTP/1.1" 200 1724
200.112.49.157 - - [12/Mar/2018:12:49:46 -0300] "GET /cormun/servlet/solicitudot?b02dc7faedc47928b464ef4ecbc1a0febbac80d8659eef075fff87837c88476159d38b1a5a3087a3639244d570cba77bac7aa6dadbbd38ff55585b4e8d66b061b5dfa5bb0bab843ebe51f10c95d9e6e0d422e050e3770341e061e437e7dad19d1975ac94203ced7503b9b1883406cf34abb4a574207b1fa66356f085e02612bfdb6d8cd2a90f1b96496f38da2a03d266c9fb63d9bd86ffe113b5768f7c932de9,gx-no-cache=1520869738039 HTTP/1.1" 200 29
200.112.49.157 - - [12/Mar/2018:12:49:47 -0300] "POST /cormun/servlet/solicitudot?gx-no-cache=1520869738475 HTTP/1.1" 200 1320
200.112.49.157 - - [12/Mar/2018:12:49:48 -0300] "POST /cormun/servlet/solicitudot?gx-no-cache=1520869738829 HTTP/1.1" 200 1218
200.112.49.157 - - [12/Mar/2018:12:49:48 -0300] "GET /cormun/servlet/solicitudot?b02dc7faedc47928b464ef4ecbc1a0fe6be6feeeff37635022f1b4e3b3147c78,gx-no-cache=1520869739651 HTTP/1.1" 200 30
200.112.49.157 - - [12/Mar/2018:12:49:48 -0300] "POST /cormun/servlet/solicitudot?gx-no-cache=1520869739787 HTTP/1.1" 200 30
200.112.49.157 - - [12/Mar/2018:12:49:50 -0300] "GET /cormun/static/menuarrow.gif HTTP/1.1" 404 1015
200.86.95.220 - - [12/Mar/2018:12:49:54 -0300] "POST /cormun/servlet/hlogin?49aebc0e53a4beb36d92997404024c28,gx-no-cache=1520869745867 HTTP/1.1" 200 90
200.112.49.157 - - [12/Mar/2018:12:49:54 -0300] "GET /cormun/servlet/solicitudot?b02dc7faedc47928b464ef4ecbc1a0fe91becb72e8be0a94d2999a4ed4269250878615875482427b18024a577a583a6c,gx-no-cache=1520869745895 HTTP/1.1" 200 30
200.86.95.220 - - [12/Mar/2018:12:49:54 -0300] "GET /cormun/servlet/hpexe_link HTTP/1.1" 200 952
200.86.95.220 - - [12/Mar/2018:12:49:54 -0300] "GET /cormun/servlet/hhome HTTP/1.1" 200 3951
200.86.95.220 - - [12/Mar/2018:12:49:56 -0300] "GET /cormun/servlet/hhome HTTP/1.1" 200 3948
200.86.95.220 - - [12/Mar/2018:12:50:00 -0300] "GET /cormun/servlet/trsolicitudot? HTTP/1.1" 200 8572
200.86.95.220 - - [12/Mar/2018:12:50:01 -0300] "GET /cormun/servlet/trsolicitudot? HTTP/1.1" 200 8570
190.100.93.40 - - [12/Mar/2018:12:50:02 -0300] "GET /cormun/servlet/trcontratounov2? HTTP/1.1" 200 17956
190.100.93.40 - - [12/Mar/2018:12:50:03 -0300] "GET /cormun/servlet/trcontratounov2? HTTP/1.1" 200 17974
200.112.49.157 - - [12/Mar/2018:12:50:05 -0300] "POST /cormun/servlet/solicitudot?gx-no-cache=1520869756865 HTTP/1.1" 200 30
200.112.49.157 - - [12/Mar/2018:12:50:06 -0300] "POST /cormun/servlet/solicitudot?3c47956c686489a8e0ef0181df5010fb,INS,0,0,,gx-no-cache=1520869756999 HTTP/1.1" 200 93
200.112.49.157 - - [12/Mar/2018:12:50:06 -0300] "GET /cormun/servlet/hpexe_return? HTTP/1.1" 200 1005
200.112.49.157 - - [12/Mar/2018:12:50:06 -0300] "GET /cormun/servlet/trsolicitudot HTTP/1.1" 200 9120
200.112.49.157 - - [12/Mar/2018:12:50:07 -0300] "GET /cormun/servlet/trsolicitudot HTTP/1.1" 200 9116
190.100.93.40 - - [12/Mar/2018:12:50:11 -0300] "POST /cormun/servlet/trcontratounov2?7ba4bff144d8aa45019226a40a885c05,,gx-no-cache=1520869759429 HTTP/1.1" 200 12799
200.112.49.157 - - [12/Mar/2018:12:50:30 -0300] "POST /cormun/servlet/trsolicitudot?3c47956c686489a8e0ef0181df5010fb,gx-no-cache=1520869781585 HTTP/1.1" 200 5957
200.112.49.157 - - [12/Mar/2018:12:50:30 -0300] "GET /cormun/static/Shared/jqueryui/images/ui-bg_highlight-soft_100_c6c2c8_1x100.png HTTP/1.1" 404 1117
200.112.49.157 - - [12/Mar/2018:12:50:31 -0300] "GET /cormun/static/Shared/jqueryui/images/ui-bg_flat_55_fafafa_40x100.png HTTP/1.1" 404 1097
200.112.49.157 - - [12/Mar/2018:12:50:31 -0300] "GET /cormun/static/Shared/jqueryui/images/ui-icons_8d78a5_256x240.png HTTP/1.1" 404 1089
200.112.49.157 - - [12/Mar/2018:12:50:31 -0300] "GET /cormun/static/Shared/jqueryui/images/ui-icons_82798d_256x240.png HTTP/1.1" 404 1089
200.112.49.157 - - [12/Mar/2018:12:50:31 -0300] "POST /cormun/servlet/trsolicitudot?3c47956c686489a8e0ef0181df5010fb,gx-no-cache=1520869782244 HTTP/1.1" 200 5899
190.100.93.40 - - [12/Mar/2018:12:50:32 -0300] "GET /cormun/servlet/trcontratosolicitud? HTTP/1.1" 200 15002
190.100.93.40 - - [12/Mar/2018:12:50:33 -0300] "GET /cormun/servlet/trcontratosolicitud? HTTP/1.1" 200 15005
200.112.49.157 - - [12/Mar/2018:12:50:35 -0300] "POST /cormun/servlet/trsolicitudot?3c47956c686489a8e0ef0181df5010fb,gx-no-cache=1520869785992 HTTP/1.1" 200 5657
200.112.49.157 - - [12/Mar/2018:12:50:35 -0300] "POST /cormun/servlet/trsolicitudot?3c47956c686489a8e0ef0181df5010fb,gx-no-cache=1520869786670 HTTP/1.1" 200 5602
200.112.49.157 - - [12/Mar/2018:12:50:37 -0300] "POST /cormun/servlet/trsolicitudot?3c47956c686489a8e0ef0181df5010fb,gx-no-cache=1520869788280 HTTP/1.1" 200 4466
200.112.49.157 - - [12/Mar/2018:12:50:37 -0300] "POST /cormun/servlet/trsolicitudot?3c47956c686489a8e0ef0181df5010fb,gx-no-cache=1520869788796 HTTP/1.1" 200 4258
190.100.93.40 - - [12/Mar/2018:12:50:48 -0300] "POST /cormun/servlet/trcontratosolicitud?7ba4bff144d8aa45019226a40a885c05,,gx-no-cache=1520869796141 HTTP/1.1" 200 7401
190.100.93.40 - - [12/Mar/2018:12:50:55 -0300] "GET /cormun/servlet/trsolicitudot? HTTP/1.1" 200 7533
190.100.93.40 - - [12/Mar/2018:12:50:56 -0300] "GET /cormun/servlet/trsolicitudot? HTTP/1.1" 200 7532
200.86.95.220 - - [12/Mar/2018:12:54:59 -0300] "GET /cormun/servlet/solicitudot?INS,0,0, HTTP/1.1" 200 13394
200.86.95.220 - - [12/Mar/2018:12:55:02 -0300] "GET /cormun/servlet/solicitudot?INS,0,0, HTTP/1.1" 200 13398
200.86.95.220 - - [12/Mar/2018:12:55:11 -0300] "POST /cormun/servlet/solicitudot?gx-no-cache=1520870062478 HTTP/1.1" 200 3390
200.86.95.220 - - [12/Mar/2018:12:55:12 -0300] "POST /cormun/servlet/solicitudot?49aebc0e53a4beb36d92997404024c28,INS,0,0,,gx-no-cache=1520870063412 HTTP/1.1" 200 10379
200.86.95.220 - - [12/Mar/2018:12:55:16 -0300] "GET /cormun/servlet/solicitudot?281ca1c17940a64fe268ed95aa1460f6876db8a0a3c337a52e11742735df4c9cdd0385a7825132065b2ed2a64cf5e222,gx-no-cache=1520870068048 HTTP/1.1" 200 30
200.86.95.220 - - [12/Mar/2018:12:55:16 -0300] "GET /cormun/servlet/solicitudot?281ca1c17940a64fe268ed95aa1460f6895aaa8695bbc70e05ac6fab158b9c114adeed5b9888b0b88ed2b9865403e2ab,gx-no-cache=1520870068191 HTTP/1.1" 200 103
200.86.95.220 - - [12/Mar/2018:12:55:16 -0300] "GET /cormun/static/Shared/jqueryui/images/ui-bg_highlight-soft_100_c6c2c8_1x100.png HTTP/1.1" 404 1117
200.86.95.220 - - [12/Mar/2018:12:55:16 -0300] "GET /cormun/static/Shared/jqueryui/images/ui-icons_82798d_256x240.png HTTP/1.1" 404 1089
200.86.95.220 - - [12/Mar/2018:12:55:16 -0300] "GET /cormun/static/Shared/jqueryui/images/ui-bg_flat_55_994d53_40x100.png HTTP/1.1" 404 1097
200.86.95.220 - - [12/Mar/2018:12:55:16 -0300] "GET /cormun/static/Shared/jqueryui/images/ui-icons_ebccce_256x240.png HTTP/1.1" 404 1089
200.86.95.220 - - [12/Mar/2018:12:55:16 -0300] "GET /cormun/servlet/solicitudot?281ca1c17940a64fe268ed95aa1460f66a54c4d19d0ebf9ffe70cd12d63e5f82,gx-no-cache=1520870068350 HTTP/1.1" 200 53
200.86.95.220 - - [12/Mar/2018:12:55:16 -0300] "POST /cormun/servlet/solicitudot?gx-no-cache=1520870068475 HTTP/1.1" 200 255
200.86.95.220 - - [12/Mar/2018:12:55:17 -0300] "GET /cormun/servlet/solicitudot?281ca1c17940a64fe268ed95aa1460f6492b4ea0cb939f309d27f9d09bfdf4b225e1b27a211ff3ad0f03f0b814d7d59f631bb49e9674ede297dbf2fc9ca6373d75a06b0de87e0438ec170abfe17e3905f8b9b60a767d01dbeda8ac5fbe314b3660fa8ef09def08652353db8df2174a6faf2df575c4d720f3d5cf15fc5b37776e45c42257361061f33c2998c198a60ddc0fc2dede74339b999ba2044772aa0ac10b573697d3d31157f2d6d1addb7725d2f65a9378138d400587c9b46732fb8b5d8bcd4dfdde13268d0278d95b1ac03c7f4a7681c2233b468dc417d69ba7a610539fdd02f2c02b2ce4ed66d1c1cad07283e37bbacd1b572f6d64afe772bd0c3ef0a45c12a3dd37de40110575779b2e4b163ec9012e895e1375d0d81202876046501b288a27bb23fa33b91d4a36ff51d336563b1211ad5afae408d271f8ca21c01d85b4ba238540e7c37771f426061a93ed31d94154caed0fb0e5ae9777d6cfbf19719756839e17b64c0b872f66e1f3cf546bcc01c11d6f549bc82f1f00166d88b9,gx-no-cache=1520870068581 HTTP/1.1" 200 30
200.86.95.220 - - [12/Mar/2018:12:55:25 -0300] "POST /cormun/servlet/solicitudot?gx-no-cache=1520870076812 HTTP/1.1" 200 30
200.86.95.220 - - [12/Mar/2018:12:55:34 -0300] "GET /cormun/servlet/prcontratosol?17521154,,,,,MD,,gxPopupLevel%3D0%3B HTTP/1.1" 200 7948
200.86.95.220 - - [12/Mar/2018:12:55:34 -0300] "GET /cormun/static/gxcfg.js?201761413223964 HTTP/1.1" 304 -
200.86.95.220 - - [12/Mar/2018:12:55:40 -0300] "POST /cormun/servlet/solicitudot?gx-no-cache=1520870091785 HTTP/1.1" 200 1418
200.86.95.220 - - [12/Mar/2018:12:55:40 -0300] "POST /cormun/servlet/solicitudot?gx-no-cache=1520870091924 HTTP/1.1" 200 117
200.86.95.220 - - [12/Mar/2018:12:55:40 -0300] "GET /cormun/servlet/solicitudot?281ca1c17940a64fe268ed95aa1460f63abc1435f415de946857de00ba3841b5a2c0daed5baf4fc08156c3b9b35f1667349dc2d1c378a4134e677cb9950b72b2d4ad1dad993227e51ef6d37934006b7662f39afa784febf1a5cf746f2ecbd53f88c582651b3b7cc6b14b7773e028ee791c511554824089f362aee80a3876e5f1595492d225a50586b2a675394ffca7a3ed91db9df67844626e9fb803a2ad08928a459b94f390453187d2a883830f358eb1cb3865e32af867e8d50d90207fc921bce0dfb8b377f5d129358dc58cc50ef7,gx-no-cache=1520870092048 HTTP/1.1" 200 29
200.86.95.220 - - [12/Mar/2018:12:55:40 -0300] "GET /cormun/servlet/solicitudot?281ca1c17940a64fe268ed95aa1460f685f922008970aa8626aa9b579db01d8ce0b05b6446096b5cd33459bd74d3ff4ed7b6b0db537cf4c04fa1285c75f445a59caeb97c36cb92db0fdc25f6b75d9108ca55040d5877f1787b8d82d9a022ee8be3306e1c6cb0298cd8e819d7a33b8bf4950af60f5d093a2ab1bf9d45450b65709ea100ac96459bf47120e5a2a77af0a5eaf37bd67fd10ebcac6ea92fd62dd9e9f2246961e4bee8667a96c5f413aed6de31b5fa78a87f13592e0129fc379ed90f,gx-no-cache=1520870092142 HTTP/1.1" 200 62
200.86.95.220 - - [12/Mar/2018:12:55:40 -0300] "GET /cormun/servlet/solicitudot?b74b35cbcc6dd0d5abbcbeb887a528114a039400625f452506c0dd1c57eff95ceb5f58921dfa211805bf424dca3fca5bc592aa634ed019420099f698171ec9a790d8814c2e3052a2282cb8d1bbdf4626,gx-no-cache=1520870092213 HTTP/1.1" 200 55
200.86.95.220 - - [12/Mar/2018:12:55:40 -0300] "GET /cormun/servlet/solicitudot?281ca1c17940a64fe268ed95aa1460f6f4da9aefd9833010ed3ae4878d0633d99ad2c13b423b2bd8a52edcf2db937d34,gx-no-cache=1520870092293 HTTP/1.1" 200 30
200.86.95.220 - - [12/Mar/2018:12:55:45 -0300] "GET /cormun/servlet/prsolicitudot?17521154,,,,,MD,,gxPopupLevel%3D0%3B HTTP/1.1" 200 6328
200.86.95.220 - - [12/Mar/2018:12:55:46 -0300] "GET /cormun/static/gxcfg.js?2017111422591492 HTTP/1.1" 304 -
200.86.95.220 - - [12/Mar/2018:12:55:50 -0300] "POST /cormun/servlet/solicitudot?gx-no-cache=1520870101901 HTTP/1.1" 200 1418
200.86.95.220 - - [12/Mar/2018:12:55:50 -0300] "POST /cormun/servlet/solicitudot?gx-no-cache=1520870102035 HTTP/1.1" 200 121
200.86.95.220 - - [12/Mar/2018:12:55:50 -0300] "GET /cormun/servlet/solicitudot?281ca1c17940a64fe268ed95aa1460f685f922008970aa8626aa9b579db01d8ce0b05b6446096b5cd33459bd74d3ff4ed7b6b0db537cf4c04fa1285c75f445a59caeb97c36cb92db0fdc25f6b75d9108ca55040d5877f1787b8d82d9a022ee8be3306e1c6cb0298cd8e819d7a33b8bf4950af60f5d093a2ab1bf9d45450b65709ea100ac96459bf47120e5a2a77af0a5eaf37bd67fd10ebcac6ea92fd62dd9e9f2246961e4bee8667a96c5f413aed6de31b5fa78a87f13592e0129fc379ed90f,gx-no-cache=1520870102140 HTTP/1.1" 200 62
200.86.95.220 - - [12/Mar/2018:12:55:50 -0300] "GET /cormun/servlet/solicitudot?b74b35cbcc6dd0d5abbcbeb887a528114a039400625f452506c0dd1c57eff95ceb5f58921dfa211805bf424dca3fca5bc592aa634ed019420099f698171ec9a790d8814c2e3052a2282cb8d1bbdf4626,gx-no-cache=1520870102214 HTTP/1.1" 200 55
200.86.95.220 - - [12/Mar/2018:12:55:50 -0300] "GET /cormun/servlet/solicitudot?281ca1c17940a64fe268ed95aa1460f6f4da9aefd9833010ed3ae4878d0633d99ad2c13b423b2bd8a52edcf2db937d34,gx-no-cache=1520870102302 HTTP/1.1" 200 30
200.86.95.220 - - [12/Mar/2018:12:55:56 -0300] "POST /cormun/servlet/solicitudot?gx-no-cache=1520870107726 HTTP/1.1" 200 30
201.215.248.160 - - [12/Mar/2018:12:55:56 -0300] "GET /cormun/servlet/solicitudotadjuntos?INS,2018,10408,,1, HTTP/1.1" 200 6250
201.215.248.160 - - [12/Mar/2018:12:55:56 -0300] "GET /cormun/static/about:blank HTTP/1.1" 404 1011
201.215.248.160 - - [12/Mar/2018:12:55:57 -0300] "GET /cormun/servlet/solicitudotadjuntos?INS,2018,10408,,1, HTTP/1.1" 200 6244
201.215.248.160 - - [12/Mar/2018:12:55:57 -0300] "GET /cormun/servlet/solicitudotadjuntos?39804458435d80f3495084d34b5d72a82e7cbfbd43596fcc0eda92836ce5d4cded5f350e2eaa30a4d9183d529693c2f6,gx-no-cache=1520870113698 HTTP/1.1" 200 30
201.215.248.160 - - [12/Mar/2018:12:55:58 -0300] "POST /cormun/servlet/solicitudotadjuntos?dd5a072946df574a89c77941497d76c8,INS,2018,10408,,1,,gx-no-cache=1520870113888 HTTP/1.1" 200 3984
200.86.95.220 - - [12/Mar/2018:12:56:01 -0300] "POST /cormun/servlet/solicitudot?gx-no-cache=1520870113122 HTTP/1.1" 200 1337
200.86.95.220 - - [12/Mar/2018:12:56:01 -0300] "POST /cormun/servlet/solicitudot?gx-no-cache=1520870113267 HTTP/1.1" 200 41
201.215.248.160 - - [12/Mar/2018:12:56:02 -0300] "POST /cormun/servlet/solicitudotadjuntos?gx-no-cache=1520870118068 HTTP/1.1" 200 26
201.215.248.160 - - [12/Mar/2018:12:56:20 -0300] "GET /cormun/servlet/solicitudotadjuntos?39804458435d80f3495084d34b5d72a8407912e7d01d50ed9ab5b79b47c34e34,gx-no-cache=1520870136376 HTTP/1.1" 200 30
201.215.248.160 - - [12/Mar/2018:12:56:20 -0300] "GET /cormun/servlet/solicitudotadjuntos?39804458435d80f3495084d34b5d72a8407912e7d01d50ed9ab5b79b47c34e34,gx-no-cache=1520870136781 HTTP/1.1" 200 30
201.215.248.160 - - [12/Mar/2018:12:56:21 -0300] "POST /cormun/servlet/solicitudotadjuntos?dd5a072946df574a89c77941497d76c8,INS,2018,10408,,1, HTTP/1.1" 200 116
201.215.248.160 - - [12/Mar/2018:12:56:22 -0300] "GET /cormun/servlet/hpexe_return? HTTP/1.1" 200 1025
201.215.248.160 - - [12/Mar/2018:12:56:22 -0300] "GET /cormun/servlet/trsolicitudadjuntos?2018,10408, HTTP/1.1" 200 9731
201.215.248.160 - - [12/Mar/2018:12:56:23 -0300] "GET /cormun/servlet/trsolicitudadjuntos?2018,10408, HTTP/1.1" 200 9727
201.215.248.160 - - [12/Mar/2018:12:56:25 -0300] "GET /cormun/servlet/solicitudotadjuntos?INS,2018,10408,,1, HTTP/1.1" 200 6250
201.215.248.160 - - [12/Mar/2018:12:56:26 -0300] "GET /cormun/static/about:blank HTTP/1.1" 404 1011
201.215.248.160 - - [12/Mar/2018:12:56:26 -0300] "GET /cormun/servlet/solicitudotadjuntos?INS,2018,10408,,1, HTTP/1.1" 200 6244
201.215.248.160 - - [12/Mar/2018:12:56:26 -0300] "GET /cormun/servlet/solicitudotadjuntos?39804458435d80f3495084d34b5d72a82e7cbfbd43596fcc0eda92836ce5d4cded5f350e2eaa30a4d9183d529693c2f6,gx-no-cache=1520870142913 HTTP/1.1" 200 30
