186.103.159.182 - - [12/Mar/2018:09:26:08 -0300] "GET /cormun/servlet/solicitudot?INS,0,0, HTTP/1.1" 200 13695
186.103.159.182 - - [12/Mar/2018:09:26:11 -0300] "GET /cormun/servlet/solicitudot?INS,0,0, HTTP/1.1" 200 13700
186.103.159.182 - - [12/Mar/2018:09:26:14 -0300] "GET /cormun/servlet/prfichaempleado?,MD,,gxPopupLevel%3D0%3B HTTP/1.1" 200 9422
186.103.159.182 - - [12/Mar/2018:09:26:25 -0300] "POST /cormun/servlet/prfichaempleado?3811883c770bac631a852b0f7224f94f,,MD,,gxPopupLevel%3D0%3B,gx-no-cache=1520857478401 HTTP/1.1" 200 3410
186.103.159.182 - - [12/Mar/2018:09:26:30 -0300] "POST /cormun/servlet/solicitudot?gx-no-cache=1520857482520 HTTP/1.1" 200 3363
186.103.159.182 - - [12/Mar/2018:09:26:31 -0300] "POST /cormun/servlet/solicitudot?3811883c770bac631a852b0f7224f94f,INS,0,0,,gx-no-cache=1520857483912 HTTP/1.1" 200 10530
186.103.159.182 - - [12/Mar/2018:09:26:31 -0300] "GET /cormun/servlet/solicitudot?5a3ec48b4b7916dddea145a172b60266000eab6eaa0c16943cdd3003ca9ab803703877c05537ba68c400ab2efa3ee0a0,gx-no-cache=1520857484700 HTTP/1.1" 200 30
186.103.159.182 - - [12/Mar/2018:09:26:34 -0300] "GET /cormun/servlet/solicitudot?5a3ec48b4b7916dddea145a172b60266bf7080fae3faec743984ba37bfc0f084,gx-no-cache=1520857487093 HTTP/1.1" 200 103
186.103.159.182 - - [12/Mar/2018:09:26:34 -0300] "GET /cormun/static/Shared/jqueryui/images/ui-bg_highlight-soft_100_c6c2c8_1x100.png HTTP/1.1" 404 1117
186.103.159.182 - - [12/Mar/2018:09:26:34 -0300] "GET /cormun/static/Shared/jqueryui/images/ui-icons_82798d_256x240.png HTTP/1.1" 404 1089
186.103.159.182 - - [12/Mar/2018:09:26:34 -0300] "GET /cormun/static/Shared/jqueryui/images/ui-bg_flat_55_994d53_40x100.png HTTP/1.1" 404 1097
186.103.159.182 - - [12/Mar/2018:09:26:34 -0300] "GET /cormun/servlet/solicitudot?5a3ec48b4b7916dddea145a172b6026615dfbdeb5cb03874756ea5350c029e4f,gx-no-cache=1520857487622 HTTP/1.1" 200 53
186.103.159.182 - - [12/Mar/2018:09:26:34 -0300] "GET /cormun/static/Shared/jqueryui/images/ui-icons_ebccce_256x240.png HTTP/1.1" 404 1089
186.103.159.182 - - [12/Mar/2018:09:26:34 -0300] "POST /cormun/servlet/solicitudot?gx-no-cache=1520857487833 HTTP/1.1" 200 255
186.103.159.182 - - [12/Mar/2018:09:26:35 -0300] "GET /cormun/servlet/solicitudot?5a3ec48b4b7916dddea145a172b602665d1cc871de6ca8e157e30417ee654d2e9efc998bb6e25fe4ef3eb4c9f9fd192a8a5de1084f27b3963109f22ffdae7659525ffd48b31d5772fe792907bf0d235fe142d560f8836af5cd232ee37bad4b8cf24348105721d2b07673f981e2bcef1330afa690d7507c7c54713de0fc133fc9c770dd77035a5165267fff30ef63e4c49640461b5f20f1b36aed4b2a6142c4323bb1ee5216fc30ad25c03e61d0869bbfe709a34eff70cba9b724a8b3757e609b5dae36c4fdd8f3f3bfa2bdaed62ce2a1b39b6f4c805bfae2dccef752068fa826e4108058c11dc01f786a7ebc1f83f7b8afb565b158ed911360172a1e953bc2d4f7c6c50895e45cfbe43d5633b5201d2eabc13a253b075425de5e04a7a509fe9f30ce0a096545117dc3d75ede8004798821c39e0eb564a76657d5b756ce7d4d08a81003913bb43cf07f96a5a70a3c83bc34366edbe953ebc125ee260b5b1e1c66ea38add505e33c9688b714d372de9f09c34dbf71cfc03749ccdd77e482acf87d,gx-no-cache=1520857487973 HTTP/1.1" 200 30
186.103.159.182 - - [12/Mar/2018:09:26:37 -0300] "POST /cormun/servlet/solicitudot?gx-no-cache=1520857490498 HTTP/1.1" 200 30
190.161.236.41 - - [12/Mar/2018:09:26:42 -0300] "GET /cormun/servlet/solicitudot?INS,0,0, HTTP/1.1" 200 13589
190.161.236.41 - - [12/Mar/2018:09:26:43 -0300] "GET /cormun/servlet/solicitudot?INS,0,0, HTTP/1.1" 200 13594
186.103.159.182 - - [12/Mar/2018:09:26:43 -0300] "GET /cormun/servlet/prcontratosol?8266126,,,,,MD,,gxPopupLevel%3D0%3B HTTP/1.1" 200 7782
186.103.159.182 - - [12/Mar/2018:09:26:43 -0300] "GET /cormun/static/gxcfg.js?201761413223964 HTTP/1.1" 304 -
186.103.159.182 - - [12/Mar/2018:09:26:50 -0300] "POST /cormun/servlet/solicitudot?gx-no-cache=1520857502688 HTTP/1.1" 200 1337
186.103.159.182 - - [12/Mar/2018:09:26:50 -0300] "POST /cormun/servlet/solicitudot?gx-no-cache=1520857503925 HTTP/1.1" 200 38
186.103.159.182 - - [12/Mar/2018:09:26:50 -0300] "GET /cormun/servlet/solicitudot?5a3ec48b4b7916dddea145a172b60266d75881633e2fc74385d79e36e884aafb58991f4798034a40cf0b80e64d6848efd8ed951c1a74837ba61f4dc499a26385d7773a86315eee7ba2754cbf7b3ad811ddd49a7eb8916dd8278045b68f6c60793d3640ff1102b11645f7233d29b8c88c1638c5282808f41f1fab7f504e9476eba9fb824efab57b0652184ea1fd7517c94dcb65b0623cb948449267dddb762501,gx-no-cache=1520857504013 HTTP/1.1" 200 29
186.103.159.182 - - [12/Mar/2018:09:26:51 -0300] "POST /cormun/servlet/solicitudot?gx-no-cache=1520857504096 HTTP/1.1" 200 1319
190.161.236.41 - - [12/Mar/2018:09:26:54 -0300] "POST /cormun/servlet/solicitudot?gx-no-cache=1520857568222 HTTP/1.1" 200 3408
190.161.236.41 - - [12/Mar/2018:09:26:55 -0300] "POST /cormun/servlet/solicitudot?a40165f0bacb7de3443f8cbeeb9eef29,INS,0,0,,gx-no-cache=1520857568634 HTTP/1.1" 200 10556
186.103.159.182 - - [12/Mar/2018:09:26:58 -0300] "POST /cormun/servlet/solicitudot?gx-no-cache=1520857504860 HTTP/1.1" 200 1218
186.103.159.182 - - [12/Mar/2018:09:26:59 -0300] "GET /cormun/servlet/solicitudot?5a3ec48b4b7916dddea145a172b602660b583c33a450b2e4ed788fdae79665d42de3d7fad817b53876951737c91a38a5,gx-no-cache=1520857512027 HTTP/1.1" 200 134
190.161.236.41 - - [12/Mar/2018:09:27:01 -0300] "GET /cormun/servlet/solicitudot?465c5c4609ee4d2f8175f095d20432c981d39c063cca78c2b6805323cd2ab571eebb2221fb80e01f58b462465eb57158,gx-no-cache=1520857575210 HTTP/1.1" 200 30
190.161.236.41 - - [12/Mar/2018:09:27:01 -0300] "GET /cormun/servlet/solicitudot?465c5c4609ee4d2f8175f095d20432c9421cb55ff5a06d5eed67b5ee4e59ce8a75afe245e6682cd1ae7d84e98a86073125985e9f3f616b9222da94e5d28ed82e,gx-no-cache=1520857575322 HTTP/1.1" 200 30
190.161.236.41 - - [12/Mar/2018:09:27:01 -0300] "GET /cormun/servlet/solicitudot?465c5c4609ee4d2f8175f095d20432c943de728e5e124d2b26bc82123cde7ce4,gx-no-cache=1520857575405 HTTP/1.1" 200 53
190.161.236.41 - - [12/Mar/2018:09:27:01 -0300] "POST /cormun/servlet/solicitudot?gx-no-cache=1520857575503 HTTP/1.1" 200 256
190.161.236.41 - - [12/Mar/2018:09:27:01 -0300] "GET /cormun/servlet/solicitudot?465c5c4609ee4d2f8175f095d20432c9b7f8d7ab3e0af4ea65cc4a93e4d4447408188de91987605892f162a5e048973967a47d80efe5de13b4a2001a45ed4030582ce11bca4b8d081130dd89d14e4950b09ee5d6b8b7c78bb9111ed01aa4bff716c05523eb9e09911bc9e421f2a02866e2e51dc268c920c62435858825c2871c2779536bb79bd85c64d63dd5d93c7dbf887f9254ce32ca2328c683fa8aee46e2c6c51be7aa024251537180cf17e086bbb3c5de2bf01b82a9f391c0fa6e39c37987313e3649785ec72b22e6e6c0727a10533348bc41159ff3d1729f27333da48a7b5f28e6b82f8dd7f5ae9ca74cf77a9f1c98aeccbcda6c8a864a551aea41a1a6ad0fa8627003ca1de572efa5d919cb0f66d0306e6af2ac611cd4166a303428bd02cef87b7c9857098bf9072b19d2203e89a3a54dc0f5365d5ffdf6a64895172f77c4559c1303bd31101bcc9ca49c8a7ad24c1f736cfe2f18a80283c0d93d8e3dc2f96452a0e6bbe4ba7de3d9c68b46c68ca2f6e4712cd97907ded3cd22c1d5c2,gx-no-cache=1520857575601 HTTP/1.1" 200 30
190.161.236.41 - - [12/Mar/2018:09:27:04 -0300] "POST /cormun/servlet/solicitudot?gx-no-cache=1520857577655 HTTP/1.1" 200 30
190.161.236.41 - - [12/Mar/2018:09:27:08 -0300] "GET /cormun/servlet/prcontratosol?12516634,,,,,MD,,gxPopupLevel%3D0%3B HTTP/1.1" 200 8814
190.161.236.41 - - [12/Mar/2018:09:27:12 -0300] "POST /cormun/servlet/solicitudot?gx-no-cache=1520857586704 HTTP/1.1" 200 1337
190.161.236.41 - - [12/Mar/2018:09:27:13 -0300] "POST /cormun/servlet/solicitudot?gx-no-cache=1520857586835 HTTP/1.1" 200 38
190.161.236.41 - - [12/Mar/2018:09:27:13 -0300] "GET /cormun/servlet/solicitudot?465c5c4609ee4d2f8175f095d20432c9a1f94e662f53ef392bc2a265ec79a70e8a16a4fafbad58b18a28d1c2d7a60a898588ce45c3b93464c723a9a5bf218e7bc87180d7ad8b21dbfcbaf5fe608a3902207557e269913b094e9688fca14a99ac0d34636f25ffbdd4a57b950bdf2e6b50,gx-no-cache=1520857586925 HTTP/1.1" 200 29
190.161.236.41 - - [12/Mar/2018:09:27:14 -0300] "POST /cormun/servlet/solicitudot?gx-no-cache=1520857587613 HTTP/1.1" 200 1318
190.161.236.41 - - [12/Mar/2018:09:27:14 -0300] "POST /cormun/servlet/solicitudot?gx-no-cache=1520857588064 HTTP/1.1" 200 1218
190.161.236.41 - - [12/Mar/2018:09:27:15 -0300] "GET /cormun/servlet/solicitudot?465c5c4609ee4d2f8175f095d20432c907803f9b6f09620fae3b2a08cd0e4c23f512f246189558c1dd4a97fcaf6575dc,gx-no-cache=1520857588678 HTTP/1.1" 200 30
190.161.236.41 - - [12/Mar/2018:09:27:33 -0300] "POST /cormun/servlet/solicitudot?gx-no-cache=1520857607589 HTTP/1.1" 200 1319
190.161.236.41 - - [12/Mar/2018:09:27:34 -0300] "POST /cormun/servlet/solicitudot?gx-no-cache=1520857607879 HTTP/1.1" 200 1218
186.103.159.182 - - [12/Mar/2018:09:27:44 -0300] "POST /cormun/servlet/solicitudot?gx-no-cache=1520857556808 HTTP/1.1" 200 1318
186.103.159.182 - - [12/Mar/2018:09:27:44 -0300] "POST /cormun/servlet/solicitudot?gx-no-cache=1520857557528 HTTP/1.1" 200 1218
186.103.159.182 - - [12/Mar/2018:09:27:44 -0300] "GET /cormun/static/menuarrow.gif HTTP/1.1" 404 1015
190.161.236.41 - - [12/Mar/2018:09:27:45 -0300] "POST /cormun/servlet/solicitudot?gx-no-cache=1520857618103 HTTP/1.1" 200 33
192.168.10.56 - - [12/Mar/2018:09:27:45 -0300] "POST /cormun/servlet/trsolicitudgral?72f87baf45034d21d5528557c937086e,gx-no-cache=1520855341495,gx-no-cache=1520857502708 HTTP/1.1" 440 972
190.161.236.41 - - [12/Mar/2018:09:27:46 -0300] "POST /cormun/servlet/solicitudot?a40165f0bacb7de3443f8cbeeb9eef29,INS,0,0,,gx-no-cache=1520857618941 HTTP/1.1" 200 93
190.161.236.41 - - [12/Mar/2018:09:27:46 -0300] "GET /cormun/servlet/hpexe_return? HTTP/1.1" 200 1009
190.161.236.41 - - [12/Mar/2018:09:27:46 -0300] "GET /cormun/servlet/trsolicitudot HTTP/1.1" 200 10385
190.161.236.41 - - [12/Mar/2018:09:27:47 -0300] "GET /cormun/servlet/trsolicitudot HTTP/1.1" 200 10380
192.168.10.56 - - [12/Mar/2018:09:27:47 -0300] "GET /cormun/servlet/trsolicitudgral?gx-no-cache=1520855341495 HTTP/1.1" 500 10
192.168.10.56 - - [12/Mar/2018:09:27:48 -0300] "GET /cormun/servlet/trsolicitudgral?gx-no-cache=1520855341495 HTTP/1.1" 500 10
192.168.10.56 - - [12/Mar/2018:09:27:49 -0300] "GET /cormun/servlet/trsolicitudgral?gx-no-cache=1520855341495 HTTP/1.1" 500 10
186.103.159.182 - - [12/Mar/2018:09:27:50 -0300] "POST /cormun/servlet/solicitudot?gx-no-cache=1520857563019 HTTP/1.1" 200 1318
186.103.159.182 - - [12/Mar/2018:09:27:51 -0300] "POST /cormun/servlet/solicitudot?gx-no-cache=1520857564006 HTTP/1.1" 200 1218
192.168.10.56 - - [12/Mar/2018:09:27:53 -0300] "GET /cormun/servlet/hlogin HTTP/1.1" 200 1723
192.168.10.56 - - [12/Mar/2018:09:27:58 -0300] "POST /cormun/servlet/hlogin?8d367ec62dc2be5c45497567f1b38e2d,gx-no-cache=1520857515081 HTTP/1.1" 200 90
192.168.10.56 - - [12/Mar/2018:09:27:58 -0300] "GET /cormun/servlet/hpexe_link HTTP/1.1" 200 952
192.168.10.56 - - [12/Mar/2018:09:27:58 -0300] "GET /cormun/servlet/hhome HTTP/1.1" 200 3834
192.168.10.56 - - [12/Mar/2018:09:27:58 -0300] "GET /cormun/servlet/hhome HTTP/1.1" 200 3830
186.103.159.182 - - [12/Mar/2018:09:27:59 -0300] "GET /cormun/servlet/solicitudot?5a3ec48b4b7916dddea145a172b60266b47d8c988218635ecbe01fe21e2fbb59499458c64c13538cf4ef411bd212305b,gx-no-cache=1520857572895 HTTP/1.1" 200 30
192.168.10.56 - - [12/Mar/2018:09:28:01 -0300] "GET /cormun/servlet/trautorizarot? HTTP/1.1" 200 14255
192.168.10.56 - - [12/Mar/2018:09:28:01 -0300] "GET /cormun/servlet/trautorizarot? HTTP/1.1" 200 14253
192.168.10.56 - - [12/Mar/2018:09:28:08 -0300] "POST /cormun/servlet/trautorizarot?8d367ec62dc2be5c45497567f1b38e2d,,gx-no-cache=1520857524915 HTTP/1.1" 200 6519
190.161.236.41 - - [12/Mar/2018:09:28:23 -0300] "POST /cormun/servlet/trsolicitudot?a40165f0bacb7de3443f8cbeeb9eef29,gx-no-cache=1520857656275 HTTP/1.1" 200 103
190.161.236.41 - - [12/Mar/2018:09:28:23 -0300] "GET /cormun/SolicitudOT-1641.xls HTTP/1.1" 200 6656
192.168.10.56 - - [12/Mar/2018:09:28:25 -0300] "POST /cormun/servlet/trautorizarot?8d367ec62dc2be5c45497567f1b38e2d,,gx-no-cache=1520857542355 HTTP/1.1" 200 5325
186.103.159.182 - - [12/Mar/2018:09:28:25 -0300] "POST /cormun/servlet/solicitudot?gx-no-cache=1520857598614 HTTP/1.1" 200 33
192.168.10.56 - - [12/Mar/2018:09:28:36 -0300] "POST /cormun/servlet/trautorizarot?8d367ec62dc2be5c45497567f1b38e2d,,gx-no-cache=1520857553000 HTTP/1.1" 200 5175
192.168.10.56 - - [12/Mar/2018:09:28:37 -0300] "GET /cormun/servlet/hlogin HTTP/1.1" 200 1741
186.103.159.182 - - [12/Mar/2018:09:28:38 -0300] "POST /cormun/servlet/solicitudot?3811883c770bac631a852b0f7224f94f,INS,0,0,,gx-no-cache=1520857610532 HTTP/1.1" 200 11945
192.168.10.56 - - [12/Mar/2018:09:28:41 -0300] "POST /cormun/servlet/hlogin?8d367ec62dc2be5c45497567f1b38e2d,gx-no-cache=1520857558202 HTTP/1.1" 200 90
192.168.10.56 - - [12/Mar/2018:09:28:41 -0300] "GET /cormun/servlet/hpexe_link HTTP/1.1" 200 952
192.168.10.56 - - [12/Mar/2018:09:28:41 -0300] "GET /cormun/servlet/hhome HTTP/1.1" 200 4486
192.168.10.56 - - [12/Mar/2018:09:28:41 -0300] "GET /cormun/servlet/hhome HTTP/1.1" 200 4483
192.168.10.56 - - [12/Mar/2018:09:28:45 -0300] "GET /cormun/servlet/trsolicitudgral? HTTP/1.1" 200 28657
192.168.10.56 - - [12/Mar/2018:09:28:46 -0300] "GET /cormun/servlet/trsolicitudgral? HTTP/1.1" 200 28655
192.168.10.56 - - [12/Mar/2018:09:28:47 -0300] "GET /cormun/static/menuarrow.gif HTTP/1.1" 404 1015
192.168.10.56 - - [12/Mar/2018:09:28:54 -0300] "POST /cormun/servlet/trsolicitudgral?8d367ec62dc2be5c45497567f1b38e2d,,gx-no-cache=1520857570840 HTTP/1.1" 200 14659
186.103.159.182 - - [12/Mar/2018:09:29:14 -0300] "GET /cormun/servlet/solicitudot?5a3ec48b4b7916dddea145a172b6026680d02a7bba657e485bb216f1fe3630010c92211fe2473a11f79d03c3ce47335f8c3bc0cdd6ba48a0b92e9e5105323497,gx-no-cache=1520857648009 HTTP/1.1" 200 30
186.103.159.182 - - [12/Mar/2018:09:29:15 -0300] "POST /cormun/servlet/solicitudot?gx-no-cache=1520857648393 HTTP/1.1" 200 256
186.103.159.182 - - [12/Mar/2018:09:29:15 -0300] "GET /cormun/servlet/solicitudot?5a3ec48b4b7916dddea145a172b602665d1cc871de6ca8e157e30417ee654d2e9efc998bb6e25fe4ef3eb4c9f9fd192a8a5de1084f27b3963109f22ffdae7659525ffd48b31d5772fe792907bf0d235fe142d560f8836af5cd232ee37bad4b8cf24348105721d2b07673f981e2bcef1330afa690d7507c7c54713de0fc133fc9c770dd77035a5165267fff30ef63e4c49640461b5f20f1b36aed4b2a6142c4323bb1ee5216fc30ad25c03e61d0869bbfe709a34eff70cba9b724a8b3757e609b5dae36c4fdd8f3f3bfa2bdaed62ce2a1b39b6f4c805bfae2dccef752068fa826e4108058c11dc01f786a7ebc1f83f7b8afb565b158ed911360172a1e953bc2d4f7c6c50895e45cfbe43d5633b5201d2eabc13a253b075425de5e04a7a509fe9f30ce0a096545117dc3d75ede8004798821c39e0eb564a76657d5b756ce7d4d08a81003913bb43cf07f96a5a70a3c83bc34366edbe953ebc125ee260b5b1e1c66ea38add505e33c9688b714d372de9f091a337846cd9f1771bc8822785f84b931,gx-no-cache=1520857648486 HTTP/1.1" 200 30
186.103.159.182 - - [12/Mar/2018:09:29:16 -0300] "POST /cormun/servlet/solicitudot?gx-no-cache=1520857649333 HTTP/1.1" 200 30
186.103.159.182 - - [12/Mar/2018:09:29:17 -0300] "POST /cormun/servlet/solicitudot?gx-no-cache=1520857649786 HTTP/1.1" 200 1336
186.103.159.182 - - [12/Mar/2018:09:29:17 -0300] "POST /cormun/servlet/solicitudot?gx-no-cache=1520857650469 HTTP/1.1" 200 41
186.103.159.182 - - [12/Mar/2018:09:29:19 -0300] "POST /cormun/servlet/solicitudot?gx-no-cache=1520857650563 HTTP/1.1" 200 1318
186.103.159.182 - - [12/Mar/2018:09:29:20 -0300] "POST /cormun/servlet/solicitudot?gx-no-cache=1520857653180 HTTP/1.1" 200 1218
186.103.159.182 - - [12/Mar/2018:09:29:20 -0300] "GET /cormun/servlet/solicitudot?5a3ec48b4b7916dddea145a172b60266b47d8c988218635ecbe01fe21e2fbb59499458c64c13538cf4ef411bd212305b,gx-no-cache=1520857653528 HTTP/1.1" 200 30
186.103.159.182 - - [12/Mar/2018:09:29:20 -0300] "POST /cormun/servlet/solicitudot?gx-no-cache=1520857653611 HTTP/1.1" 200 33
186.103.159.182 - - [12/Mar/2018:09:29:23 -0300] "POST /cormun/servlet/solicitudot?3811883c770bac631a852b0f7224f94f,INS,0,0,,gx-no-cache=1520857654193 HTTP/1.1" 200 12004
192.168.10.96 - - [12/Mar/2018:09:29:39 -0300] "POST /cormun/servlet/trsolicitudgral?fe65e168a949a99042bcc66a5acacb83,,gx-no-cache=1520857615597 HTTP/1.1" 200 25183
190.161.236.41 - - [12/Mar/2018:09:29:39 -0300] "POST /cormun/servlet/trsolicitudot?a40165f0bacb7de3443f8cbeeb9eef29,gx-no-cache=1520857705178 HTTP/1.1" 500 10
192.168.10.96 - - [12/Mar/2018:09:29:43 -0300] "GET /cormun/servlet/trsolicitudgral? HTTP/1.1" 200 27942
192.168.10.96 - - [12/Mar/2018:09:29:44 -0300] "GET /cormun/servlet/trsolicitudgral? HTTP/1.1" 200 27942
192.168.10.56 - - [12/Mar/2018:09:29:45 -0300] "GET /cormun/servlet/solicitudgral?UPD,2018,10370, HTTP/1.1" 200 12887
192.168.10.56 - - [12/Mar/2018:09:29:45 -0300] "GET /cormun/servlet/solicitudgral?UPD,2018,10370, HTTP/1.1" 200 12896
192.168.10.56 - - [12/Mar/2018:09:29:46 -0300] "POST /cormun/servlet/solicitudgral?gx-no-cache=1520857623268 HTTP/1.1" 200 3866
192.168.10.56 - - [12/Mar/2018:09:29:46 -0300] "GET /cormun/servlet/solicitudgral?651b2bc75af1e70886850a3ceb7ef340bd0f74008236139a73ffe40a862c0f6ffb33bd31052ff10c0fee0b33b7ec81d90b34b3a39fe8d6dcc139f0068f270274675f0d69c7aa732bd9577705a9087e944c29b76b56238c057643a84fc48be73acf7568b4168d340593ea5cf93f2bbf77a17c931eb4b7d67ca667fed494aacd28c7a30bb0dd8960f71863300e58fb9ef73116e1c403070b24e7e967b4f7b399f79912f8c2e45d41c762966efc87b7983d7596ddde23767fc853ea369c66d163ba7ac85f15deb1f60cd89945b2394dbdeac027a26d46c427fa9e92a5595c570e8f8452854d39187520ce8a73bc3906f54c5111ef576b3d31acb21c8c376f5379f4178196cc3d8e630910313c7f7ae9fe434d7efffa9fc36d12d57aeeed4acecdc097716964c44e82b39ad274fe637c8a6a6f9e19bc6b14c1e70ec904f261a37f67a0288744523c925f5ffa65ad5d99d4da,gx-no-cache=1520857623418 HTTP/1.1" 200 297
192.168.10.56 - - [12/Mar/2018:09:30:09 -0300] "POST /cormun/servlet/solicitudgral?8d367ec62dc2be5c45497567f1b38e2d,UPD,2018,10370,,gx-no-cache=1520857646259 HTTP/1.1" 200 93
192.168.10.56 - - [12/Mar/2018:09:30:09 -0300] "GET /cormun/servlet/hpexe_return? HTTP/1.1" 200 1016
192.168.10.56 - - [12/Mar/2018:09:30:09 -0300] "GET /cormun/servlet/trsolicitudgral? HTTP/1.1" 200 17622
192.168.10.56 - - [12/Mar/2018:09:30:10 -0300] "GET /cormun/servlet/trsolicitudgral? HTTP/1.1" 200 17617
186.103.157.42 - - [12/Mar/2018:09:30:13 -0300] "GET /cormun/servlet/hlogin HTTP/1.1" 200 1727
186.103.157.42 - - [12/Mar/2018:09:30:13 -0300] "GET /cormun/static/gxcfg.js?20175251213516 HTTP/1.1" 304 -
186.103.157.42 - - [12/Mar/2018:09:30:14 -0300] "GET /cormun/servlet/hlogin HTTP/1.1" 200 1733
186.103.159.182 - - [12/Mar/2018:09:30:14 -0300] "GET /cormun/servlet/solicitudot?5a3ec48b4b7916dddea145a172b6026680d02a7bba657e485bb216f1fe3630010c92211fe2473a11f79d03c3ce47335f8c3bc0cdd6ba48a0b92e9e5105323497,gx-no-cache=1520857708024 HTTP/1.1" 200 30
186.103.159.182 - - [12/Mar/2018:09:30:15 -0300] "POST /cormun/servlet/solicitudot?gx-no-cache=1520857708162 HTTP/1.1" 200 256
186.103.159.182 - - [12/Mar/2018:09:30:15 -0300] "GET /cormun/servlet/solicitudot?5a3ec48b4b7916dddea145a172b602665d1cc871de6ca8e157e30417ee654d2e9efc998bb6e25fe4ef3eb4c9f9fd192a8a5de1084f27b3963109f22ffdae7659525ffd48b31d5772fe792907bf0d235fe142d560f8836af5cd232ee37bad4b8cf24348105721d2b07673f981e2bcef1330afa690d7507c7c54713de0fc133fc9c770dd77035a5165267fff30ef63e4c49640461b5f20f1b36aed4b2a6142c4323bb1ee5216fc30ad25c03e61d0869bbfe709a34eff70cba9b724a8b3757e609b5dae36c4fdd8f3f3bfa2bdaed62ce2a1b39b6f4c805bfae2dccef752068fa826e4108058c11dc01f786a7ebc1f83f7b8afb565b158ed911360172a1e953bc2d4f7c6c50895e45cfbe43d5633b5201d2eabc13a253b075425de5e04a7a509fe9f30ce0a096545117dc3d75ede8004798821c39e0eb564a76657d5b756ce7d4d08a81003913bb43cf07f96a5a70a3c83bc34366edbe953ebc125ee260b5b1e1c66ea38add505e33c9688b714d372de9f091a337846cd9f1771bc8822785f84b931,gx-no-cache=1520857708790 HTTP/1.1" 200 30
186.103.159.182 - - [12/Mar/2018:09:30:15 -0300] "POST /cormun/servlet/solicitudot?gx-no-cache=1520857709024 HTTP/1.1" 200 30
192.168.10.56 - - [12/Mar/2018:09:30:15 -0300] "POST /cormun/servlet/trsolicitudgral?8d367ec62dc2be5c45497567f1b38e2d,,gx-no-cache=1520857652682 HTTP/1.1" 200 116
192.168.10.56 - - [12/Mar/2018:09:30:15 -0300] "GET /cormun/servlet/solicitudotlog?INS,2018,10370,0,REC, HTTP/1.1" 200 6292
186.103.157.42 - - [12/Mar/2018:09:30:16 -0300] "POST /cormun/servlet/hlogin?a886848d2a95a7a1c8f44dd5daf2f717,gx-no-cache=1520857512555 HTTP/1.1" 200 90
192.168.10.56 - - [12/Mar/2018:09:30:16 -0300] "GET /cormun/servlet/solicitudotlog?INS,2018,10370,0,REC, HTTP/1.1" 200 6292
186.103.157.42 - - [12/Mar/2018:09:30:16 -0300] "GET /cormun/servlet/hpexe_link HTTP/1.1" 200 952
186.103.157.42 - - [12/Mar/2018:09:30:16 -0300] "GET /cormun/static/gxcfg.js?20177612121792 HTTP/1.1" 304 -
192.168.10.56 - - [12/Mar/2018:09:30:16 -0300] "GET /cormun/servlet/solicitudotlog?651b2bc75af1e70886850a3ceb7ef3402dd220074989a6e2ac081711bd37916a257367939507ee06ea88872f9b44148c4b230ff791313f4004acbdaf4bd2e72731118ec017bfcf4ac5ce75408838b616a8bcc51b35bdbc31f50d290ed9241a49025a907fddbd79f2a7e56a1788539f0b33cd02510c72c9e37b2b07bd66307d3507025b3c25bfd271d71b190d1eb8329ab123be739c7aa686b7203c1d0a308230,gx-no-cache=1520857653510 HTTP/1.1" 200 94
186.103.159.182 - - [12/Mar/2018:09:30:16 -0300] "POST /cormun/servlet/solicitudot?gx-no-cache=1520857709170 HTTP/1.1" 200 1336
186.103.157.42 - - [12/Mar/2018:09:30:16 -0300] "GET /cormun/servlet/hhome HTTP/1.1" 200 4258
186.103.159.182 - - [12/Mar/2018:09:30:16 -0300] "POST /cormun/servlet/solicitudot?gx-no-cache=1520857710097 HTTP/1.1" 200 41
186.103.157.42 - - [12/Mar/2018:09:30:17 -0300] "GET /cormun/static/gxcfg.js?20175251212442 HTTP/1.1" 304 -
186.103.159.182 - - [12/Mar/2018:09:30:17 -0300] "POST /cormun/servlet/solicitudot?gx-no-cache=1520857710185 HTTP/1.1" 200 1318
186.103.159.182 - - [12/Mar/2018:09:30:17 -0300] "POST /cormun/servlet/solicitudot?gx-no-cache=1520857710783 HTTP/1.1" 200 1218
186.103.159.182 - - [12/Mar/2018:09:30:17 -0300] "GET /cormun/servlet/solicitudot?5a3ec48b4b7916dddea145a172b60266b47d8c988218635ecbe01fe21e2fbb59499458c64c13538cf4ef411bd212305b,gx-no-cache=1520857711319 HTTP/1.1" 200 30
186.103.157.42 - - [12/Mar/2018:09:30:18 -0300] "GET /cormun/servlet/hhome HTTP/1.1" 200 4255
186.103.159.182 - - [12/Mar/2018:09:30:18 -0300] "POST /cormun/servlet/solicitudot?gx-no-cache=1520857711401 HTTP/1.1" 200 33
192.168.10.96 - - [12/Mar/2018:09:30:19 -0300] "POST /cormun/servlet/trsolicitudgral?fe65e168a949a99042bcc66a5acacb83,,gx-no-cache=1520857656507 HTTP/1.1" 200 7309
186.103.157.42 - - [12/Mar/2018:09:30:20 -0300] "GET /cormun/servlet/trsolicitudot? HTTP/1.1" 200 7474
186.103.157.42 - - [12/Mar/2018:09:30:20 -0300] "GET /cormun/static/gxcfg.js?2017111422585916 HTTP/1.1" 304 -
186.103.157.42 - - [12/Mar/2018:09:30:20 -0300] "GET /cormun/static/trsolicitudot.js?201711142259839 HTTP/1.1" 304 -
186.103.159.182 - - [12/Mar/2018:09:30:21 -0300] "POST /cormun/servlet/solicitudot?3811883c770bac631a852b0f7224f94f,INS,0,0,,gx-no-cache=1520857711965 HTTP/1.1" 200 12047
186.103.157.42 - - [12/Mar/2018:09:30:21 -0300] "GET /cormun/servlet/trsolicitudot? HTTP/1.1" 200 7473
186.103.157.42 - - [12/Mar/2018:09:30:24 -0300] "GET /cormun/static/menuarrow.gif HTTP/1.1" 404 1015
186.103.157.42 - - [12/Mar/2018:09:30:34 -0300] "POST /cormun/servlet/trsolicitudot?a886848d2a95a7a1c8f44dd5daf2f717,,gx-no-cache=1520857529456 HTTP/1.1" 200 22789
192.168.10.56 - - [12/Mar/2018:09:30:39 -0300] "POST /cormun/servlet/solicitudotlog?8d367ec62dc2be5c45497567f1b38e2d,INS,2018,10370,0,REC,,gx-no-cache=1520857675931 HTTP/1.1" 200 93
192.168.10.56 - - [12/Mar/2018:09:30:39 -0300] "GET /cormun/servlet/hpexe_return? HTTP/1.1" 200 1024
192.168.10.56 - - [12/Mar/2018:09:30:39 -0300] "GET /cormun/servlet/trsolicitudgral HTTP/1.1" 200 17279
192.168.10.56 - - [12/Mar/2018:09:30:39 -0300] "GET /cormun/servlet/trsolicitudgral HTTP/1.1" 200 17275
192.168.10.96 - - [12/Mar/2018:09:30:52 -0300] "POST /cormun/servlet/trsolicitudgral?fe65e168a949a99042bcc66a5acacb83,,gx-no-cache=1520857689591 HTTP/1.1" 200 11461
192.168.10.96 - - [12/Mar/2018:09:31:03 -0300] "POST /cormun/servlet/trsolicitudgral?fe65e168a949a99042bcc66a5acacb83,,gx-no-cache=1520857700712 HTTP/1.1" 200 5932
192.168.10.96 - - [12/Mar/2018:09:31:04 -0300] "POST /cormun/servlet/trsolicitudgral?fe65e168a949a99042bcc66a5acacb83,,gx-no-cache=1520857701503 HTTP/1.1" 200 5930
192.168.10.96 - - [12/Mar/2018:09:31:04 -0300] "POST /cormun/servlet/trsolicitudgral?fe65e168a949a99042bcc66a5acacb83,,gx-no-cache=1520857701695 HTTP/1.1" 200 5931
192.168.10.96 - - [12/Mar/2018:09:31:05 -0300] "POST /cormun/servlet/trsolicitudgral?fe65e168a949a99042bcc66a5acacb83,,gx-no-cache=1520857701878 HTTP/1.1" 200 5930
192.168.10.96 - - [12/Mar/2018:09:31:05 -0300] "POST /cormun/servlet/trsolicitudgral?fe65e168a949a99042bcc66a5acacb83,,gx-no-cache=1520857702045 HTTP/1.1" 200 5930
192.168.10.96 - - [12/Mar/2018:09:31:05 -0300] "POST /cormun/servlet/trsolicitudgral?fe65e168a949a99042bcc66a5acacb83,,gx-no-cache=1520857702221 HTTP/1.1" 200 5930
192.168.10.96 - - [12/Mar/2018:09:31:05 -0300] "POST /cormun/servlet/trsolicitudgral?fe65e168a949a99042bcc66a5acacb83,,gx-no-cache=1520857702423 HTTP/1.1" 200 5930
192.168.10.96 - - [12/Mar/2018:09:31:05 -0300] "POST /cormun/servlet/trsolicitudgral?fe65e168a949a99042bcc66a5acacb83,,gx-no-cache=1520857702709 HTTP/1.1" 200 5930
192.168.10.96 - - [12/Mar/2018:09:31:15 -0300] "POST /cormun/servlet/trsolicitudgral?fe65e168a949a99042bcc66a5acacb83,,gx-no-cache=1520857712094 HTTP/1.1" 200 7273
186.103.159.182 - - [12/Mar/2018:09:31:19 -0300] "GET /cormun/servlet/solicitudot?5a3ec48b4b7916dddea145a172b6026680d02a7bba657e485bb216f1fe3630010c92211fe2473a11f79d03c3ce47335f8c3bc0cdd6ba48a0b92e9e5105323497,gx-no-cache=1520857772382 HTTP/1.1" 200 30
186.103.159.182 - - [12/Mar/2018:09:31:20 -0300] "POST /cormun/servlet/solicitudot?gx-no-cache=1520857772570 HTTP/1.1" 200 256
186.103.159.182 - - [12/Mar/2018:09:31:22 -0300] "GET /cormun/servlet/solicitudot?5a3ec48b4b7916dddea145a172b602665d1cc871de6ca8e157e30417ee654d2e9efc998bb6e25fe4ef3eb4c9f9fd192a8a5de1084f27b3963109f22ffdae7659525ffd48b31d5772fe792907bf0d235fe142d560f8836af5cd232ee37bad4b8cf24348105721d2b07673f981e2bcef1330afa690d7507c7c54713de0fc133fc9c770dd77035a5165267fff30ef63e4c49640461b5f20f1b36aed4b2a6142c4323bb1ee5216fc30ad25c03e61d0869bbfe709a34eff70cba9b724a8b3757e609b5dae36c4fdd8f3f3bfa2bdaed62ce2a1b39b6f4c805bfae2dccef752068fa826e4108058c11dc01f786a7ebc1f83f7b8afb565b158ed911360172a1e953bc2d4f7c6c50895e45cfbe43d5633b5201d2eabc13a253b075425de5e04a7a509fe9f30ce0a096545117dc3d75ede8004798821c39e0eb564a76657d5b756ce7d4d08a81003913bb43cf07f96a5a70a3c83bc34366edbe953ebc125ee260b5b1e1c66ea38add505e33c9688b714d372de9f091a337846cd9f1771bc8822785f84b931,gx-no-cache=1520857773676 HTTP/1.1" 200 30
186.103.159.182 - - [12/Mar/2018:09:31:22 -0300] "POST /cormun/servlet/solicitudot?gx-no-cache=1520857775862 HTTP/1.1" 200 30
192.168.10.56 - - [12/Mar/2018:09:31:23 -0300] "POST /cormun/servlet/trsolicitudgral?8d367ec62dc2be5c45497567f1b38e2d,gx-no-cache=1520857720057 HTTP/1.1" 200 14313
186.103.159.182 - - [12/Mar/2018:09:31:23 -0300] "POST /cormun/servlet/solicitudot?gx-no-cache=1520857775956 HTTP/1.1" 200 1336
186.103.159.182 - - [12/Mar/2018:09:31:24 -0300] "POST /cormun/servlet/solicitudot?gx-no-cache=1520857776914 HTTP/1.1" 200 41
192.168.10.56 - - [12/Mar/2018:09:31:25 -0300] "GET /cormun/static/menuarrow.gif HTTP/1.1" 404 1015
186.103.159.182 - - [12/Mar/2018:09:31:27 -0300] "POST /cormun/servlet/solicitudot?gx-no-cache=1520857777468 HTTP/1.1" 200 1318
186.103.159.182 - - [12/Mar/2018:09:31:27 -0300] "POST /cormun/servlet/solicitudot?gx-no-cache=1520857780577 HTTP/1.1" 200 1218
186.103.159.182 - - [12/Mar/2018:09:31:28 -0300] "GET /cormun/servlet/solicitudot?5a3ec48b4b7916dddea145a172b60266b47d8c988218635ecbe01fe21e2fbb59499458c64c13538cf4ef411bd212305b,gx-no-cache=1520857780899 HTTP/1.1" 200 30
186.103.159.182 - - [12/Mar/2018:09:31:28 -0300] "POST /cormun/servlet/solicitudot?gx-no-cache=1520857781399 HTTP/1.1" 200 33
192.168.10.96 - - [12/Mar/2018:09:31:28 -0300] "POST /cormun/servlet/trsolicitudgral?fe65e168a949a99042bcc66a5acacb83,,gx-no-cache=1520857725407 HTTP/1.1" 200 9284
186.103.159.182 - - [12/Mar/2018:09:31:30 -0300] "POST /cormun/servlet/solicitudot?3811883c770bac631a852b0f7224f94f,INS,0,0,,gx-no-cache=1520857781905 HTTP/1.1" 200 12106
186.103.159.182 - - [12/Mar/2018:09:31:36 -0300] "GET /cormun/servlet/trsolicitudot? HTTP/1.1" 200 7486
186.103.159.182 - - [12/Mar/2018:09:31:37 -0300] "GET /cormun/servlet/trsolicitudot? HTTP/1.1" 200 7485
192.168.10.56 - - [12/Mar/2018:09:31:41 -0300] "GET /cormun/servlet/hlogin HTTP/1.1" 200 1741
186.103.159.182 - - [12/Mar/2018:09:31:48 -0300] "GET /cormun/servlet/trautorizarsolicitud? HTTP/1.1" 200 7367
186.103.159.182 - - [12/Mar/2018:09:31:49 -0300] "GET /cormun/servlet/trautorizarsolicitud? HTTP/1.1" 200 7367
186.103.159.182 - - [12/Mar/2018:09:31:53 -0300] "GET /cormun/servlet/trsolicitudot? HTTP/1.1" 200 7486
186.103.159.182 - - [12/Mar/2018:09:31:54 -0300] "GET /cormun/servlet/trsolicitudot? HTTP/1.1" 200 7485
192.168.10.96 - - [12/Mar/2018:09:32:11 -0300] "POST /cormun/servlet/trsolicitudgral?fe65e168a949a99042bcc66a5acacb83,,gx-no-cache=1520857768376 HTTP/1.1" 200 8763
190.161.236.41 - - [12/Mar/2018:09:32:12 -0300] "GET /cormun/servlet/hlogin HTTP/1.1" 200 1725
186.103.159.182 - - [12/Mar/2018:09:32:14 -0300] "POST /cormun/servlet/trsolicitudot?3811883c770bac631a852b0f7224f94f,,gx-no-cache=1520857825101 HTTP/1.1" 200 4479
186.103.159.182 - - [12/Mar/2018:09:32:21 -0300] "POST /cormun/servlet/trsolicitudot?3811883c770bac631a852b0f7224f94f,,gx-no-cache=1520857833432 HTTP/1.1" 200 4481
190.161.236.41 - - [12/Mar/2018:09:32:27 -0300] "POST /cormun/servlet/hlogin?a40165f0bacb7de3443f8cbeeb9eef29,gx-no-cache=1520857901472 HTTP/1.1" 200 90
190.161.236.41 - - [12/Mar/2018:09:32:27 -0300] "GET /cormun/servlet/hpexe_link HTTP/1.1" 200 959
190.161.236.41 - - [12/Mar/2018:09:32:28 -0300] "GET /cormun/servlet/trsolicitudot HTTP/1.1" 200 10382
186.103.159.182 - - [12/Mar/2018:09:32:28 -0300] "GET /cormun/static/menuarrow.gif HTTP/1.1" 404 1015
190.161.236.41 - - [12/Mar/2018:09:32:28 -0300] "GET /cormun/servlet/trsolicitudot HTTP/1.1" 200 10380
186.103.159.182 - - [12/Mar/2018:09:32:35 -0300] "POST /cormun/servlet/trsolicitudot?3811883c770bac631a852b0f7224f94f,,gx-no-cache=1520857847584 HTTP/1.1" 200 4478
190.161.236.41 - - [12/Mar/2018:09:32:38 -0300] "POST /cormun/servlet/trsolicitudot?a40165f0bacb7de3443f8cbeeb9eef29,gx-no-cache=1520857910957 HTTP/1.1" 200 7168
190.161.236.41 - - [12/Mar/2018:09:32:38 -0300] "GET /cormun/static/Shared/jqueryui/images/ui-bg_highlight-soft_100_c6c2c8_1x100.png HTTP/1.1" 404 1117
190.161.236.41 - - [12/Mar/2018:09:32:38 -0300] "GET /cormun/static/Shared/jqueryui/images/ui-icons_82798d_256x240.png HTTP/1.1" 404 1089
186.103.159.188 - - [12/Mar/2018:09:32:38 -0300] "GET /cormun/static/Shared/jqueryui/images/ui-icons_8d78a5_256x240.png HTTP/1.1" 404 1089
190.161.236.41 - - [12/Mar/2018:09:32:38 -0300] "GET /cormun/static/Shared/jqueryui/images/ui-bg_flat_55_fafafa_40x100.png HTTP/1.1" 404 1097
186.103.159.188 - - [12/Mar/2018:09:32:41 -0300] "POST /cormun/servlet/trsolicitudot?a40165f0bacb7de3443f8cbeeb9eef29,gx-no-cache=1520857912022 HTTP/1.1" 200 7110
186.103.159.188 - - [12/Mar/2018:09:32:45 -0300] "POST /cormun/servlet/trsolicitudot?a40165f0bacb7de3443f8cbeeb9eef29,gx-no-cache=1520857918242 HTTP/1.1" 200 6771
186.103.159.188 - - [12/Mar/2018:09:32:48 -0300] "POST /cormun/servlet/trsolicitudot?a40165f0bacb7de3443f8cbeeb9eef29,gx-no-cache=1520857918977 HTTP/1.1" 200 6715
192.168.10.96 - - [12/Mar/2018:09:32:52 -0300] "POST /cormun/servlet/trsolicitudgral?fe65e168a949a99042bcc66a5acacb83,,gx-no-cache=1520857809289 HTTP/1.1" 200 5926
192.168.10.96 - - [12/Mar/2018:09:32:53 -0300] "POST /cormun/servlet/trsolicitudgral?fe65e168a949a99042bcc66a5acacb83,,gx-no-cache=1520857810249 HTTP/1.1" 200 5926
192.168.10.96 - - [12/Mar/2018:09:32:53 -0300] "POST /cormun/servlet/trsolicitudgral?fe65e168a949a99042bcc66a5acacb83,,gx-no-cache=1520857810440 HTTP/1.1" 200 5925
192.168.10.96 - - [12/Mar/2018:09:32:53 -0300] "POST /cormun/servlet/trsolicitudgral?fe65e168a949a99042bcc66a5acacb83,,gx-no-cache=1520857810626 HTTP/1.1" 200 5926
192.168.10.96 - - [12/Mar/2018:09:32:53 -0300] "POST /cormun/servlet/trsolicitudgral?fe65e168a949a99042bcc66a5acacb83,,gx-no-cache=1520857810806 HTTP/1.1" 200 5926
192.168.10.96 - - [12/Mar/2018:09:32:54 -0300] "POST /cormun/servlet/trsolicitudgral?fe65e168a949a99042bcc66a5acacb83,,gx-no-cache=1520857810975 HTTP/1.1" 200 5926
192.168.10.96 - - [12/Mar/2018:09:32:54 -0300] "POST /cormun/servlet/trsolicitudgral?fe65e168a949a99042bcc66a5acacb83,,gx-no-cache=1520857811176 HTTP/1.1" 200 5925
192.168.10.96 - - [12/Mar/2018:09:32:54 -0300] "POST /cormun/servlet/trsolicitudgral?fe65e168a949a99042bcc66a5acacb83,,gx-no-cache=1520857811432 HTTP/1.1" 200 5926
186.103.159.188 - - [12/Mar/2018:09:32:55 -0300] "POST /cormun/servlet/trsolicitudot?a40165f0bacb7de3443f8cbeeb9eef29,gx-no-cache=1520857928289 HTTP/1.1" 200 6373
186.103.159.188 - - [12/Mar/2018:09:32:58 -0300] "POST /cormun/servlet/trsolicitudot?a40165f0bacb7de3443f8cbeeb9eef29,gx-no-cache=1520857929598 HTTP/1.1" 200 6312
192.168.10.96 - - [12/Mar/2018:09:33:01 -0300] "POST /cormun/servlet/trsolicitudgral?fe65e168a949a99042bcc66a5acacb83,,gx-no-cache=1520857818481 HTTP/1.1" 200 7748
186.103.159.182 - - [12/Mar/2018:09:33:02 -0300] "POST /cormun/servlet/trsolicitudot?3811883c770bac631a852b0f7224f94f,,gx-no-cache=1520857874169 HTTP/1.1" 200 5879
186.103.159.188 - - [12/Mar/2018:09:33:09 -0300] "POST /cormun/servlet/trsolicitudot?a40165f0bacb7de3443f8cbeeb9eef29,gx-no-cache=1520857941171 HTTP/1.1" 200 5865
186.103.159.188 - - [12/Mar/2018:09:33:10 -0300] "POST /cormun/servlet/trsolicitudot?a40165f0bacb7de3443f8cbeeb9eef29,gx-no-cache=1520857942964 HTTP/1.1" 200 5808
186.103.159.188 - - [12/Mar/2018:09:33:16 -0300] "POST /cormun/servlet/trsolicitudot?a40165f0bacb7de3443f8cbeeb9eef29,gx-no-cache=1520857948841 HTTP/1.1" 200 4678
186.103.159.188 - - [12/Mar/2018:09:33:17 -0300] "POST /cormun/servlet/trsolicitudot?a40165f0bacb7de3443f8cbeeb9eef29,gx-no-cache=1520857950133 HTTP/1.1" 200 4455
186.103.159.182 - - [12/Mar/2018:09:33:39 -0300] "POST /cormun/servlet/trsolicitudot?3811883c770bac631a852b0f7224f94f,,gx-no-cache=1520857912280 HTTP/1.1" 200 4490
186.103.159.182 - - [12/Mar/2018:09:33:45 -0300] "POST /cormun/servlet/trsolicitudot?3811883c770bac631a852b0f7224f94f,,gx-no-cache=1520857918493 HTTP/1.1" 200 5877
186.103.159.182 - - [12/Mar/2018:09:35:09 -0300] "POST /cormun/servlet/trsolicitudot?3811883c770bac631a852b0f7224f94f,,gx-no-cache=1520858001959 HTTP/1.1" 200 4490
186.103.159.182 - - [12/Mar/2018:09:35:16 -0300] "POST /cormun/servlet/trsolicitudot?3811883c770bac631a852b0f7224f94f,,gx-no-cache=1520858008399 HTTP/1.1" 200 4490
186.103.159.182 - - [12/Mar/2018:09:35:24 -0300] "POST /cormun/servlet/trsolicitudot?3811883c770bac631a852b0f7224f94f,,gx-no-cache=1520858015857 HTTP/1.1" 200 4491
186.103.159.182 - - [12/Mar/2018:09:35:33 -0300] "POST /cormun/servlet/trsolicitudot?3811883c770bac631a852b0f7224f94f,,gx-no-cache=1520858023031 HTTP/1.1" 200 4490
186.103.159.182 - - [12/Mar/2018:09:35:46 -0300] "POST /cormun/servlet/trsolicitudot?3811883c770bac631a852b0f7224f94f,,gx-no-cache=1520858038708 HTTP/1.1" 200 4490
186.103.159.182 - - [12/Mar/2018:09:35:52 -0300] "POST /cormun/servlet/trsolicitudot?3811883c770bac631a852b0f7224f94f,,gx-no-cache=1520858044212 HTTP/1.1" 200 4488
186.103.159.182 - - [12/Mar/2018:09:35:58 -0300] "POST /cormun/servlet/trsolicitudot?3811883c770bac631a852b0f7224f94f,,gx-no-cache=1520858051341 HTTP/1.1" 200 4489
186.103.159.182 - - [12/Mar/2018:09:36:07 -0300] "POST /cormun/servlet/trsolicitudot?3811883c770bac631a852b0f7224f94f,,gx-no-cache=1520858060336 HTTP/1.1" 200 4490
186.67.172.234 - - [12/Mar/2018:09:36:16 -0300] "GET /cormun/servlet/hlogin HTTP/1.1" 200 1721
186.67.172.234 - - [12/Mar/2018:09:36:16 -0300] "GET /cormun/static/gxtimezone.js?85251 HTTP/1.1" 304 -
186.67.172.234 - - [12/Mar/2018:09:36:16 -0300] "GET /cormun/static/gxcfg.js?20175251213516 HTTP/1.1" 304 -
186.67.172.234 - - [12/Mar/2018:09:36:16 -0300] "GET /cormun/static/messages.spa.js?85251 HTTP/1.1" 304 -
186.67.172.234 - - [12/Mar/2018:09:36:18 -0300] "GET /cormun/servlet/hlogin HTTP/1.1" 200 1728
186.103.159.182 - - [12/Mar/2018:09:36:23 -0300] "POST /cormun/servlet/trsolicitudot?3811883c770bac631a852b0f7224f94f,,gx-no-cache=1520858075777 HTTP/1.1" 200 4490
186.103.159.182 - - [12/Mar/2018:09:36:28 -0300] "POST /cormun/servlet/trsolicitudot?3811883c770bac631a852b0f7224f94f,,gx-no-cache=1520858080614 HTTP/1.1" 200 4490
186.67.172.234 - - [12/Mar/2018:09:36:33 -0300] "POST /cormun/servlet/hlogin?bc5df4c3a0517ccd6f8449b5813382cb,gx-no-cache=1520858092196 HTTP/1.1" 200 90
186.67.172.234 - - [12/Mar/2018:09:36:33 -0300] "GET /cormun/servlet/hpexe_link HTTP/1.1" 200 949
186.67.172.234 - - [12/Mar/2018:09:36:33 -0300] "GET /cormun/static/gxcfg.js?20177612121792 HTTP/1.1" 304 -
186.103.159.182 - - [12/Mar/2018:09:36:33 -0300] "POST /cormun/servlet/trsolicitudot?3811883c770bac631a852b0f7224f94f,,gx-no-cache=1520858086630 HTTP/1.1" 200 4491
186.67.172.234 - - [12/Mar/2018:09:36:34 -0300] "GET /cormun/servlet/hhome HTTP/1.1" 200 4225
186.67.172.234 - - [12/Mar/2018:09:36:34 -0300] "GET /cormun/static/gxcfg.js?20175251212442 HTTP/1.1" 304 -
186.67.172.234 - - [12/Mar/2018:09:36:37 -0300] "GET /cormun/servlet/hhome HTTP/1.1" 200 4222
186.103.159.182 - - [12/Mar/2018:09:36:39 -0300] "POST /cormun/servlet/trsolicitudot?3811883c770bac631a852b0f7224f94f,,gx-no-cache=1520858092616 HTTP/1.1" 200 4490
186.67.172.234 - - [12/Mar/2018:09:36:40 -0300] "GET /cormun/servlet/trsolicitudot? HTTP/1.1" 200 7438
186.67.172.234 - - [12/Mar/2018:09:36:40 -0300] "GET /cormun/static/calendar-setup.js?85251 HTTP/1.1" 304 -
186.67.172.234 - - [12/Mar/2018:09:36:40 -0300] "GET /cormun/static/calendar-es.js?85251 HTTP/1.1" 304 -
186.67.172.234 - - [12/Mar/2018:09:36:40 -0300] "GET /cormun/static/gxcfg.js?2017111422585916 HTTP/1.1" 304 -
186.67.172.234 - - [12/Mar/2018:09:36:40 -0300] "GET /cormun/static/gxdec.js?85251 HTTP/1.1" 304 -
186.67.172.234 - - [12/Mar/2018:09:36:40 -0300] "GET /cormun/static/calendar.js?85251 HTTP/1.1" 304 -
186.67.172.234 - - [12/Mar/2018:09:36:41 -0300] "GET /cormun/servlet/trsolicitudot? HTTP/1.1" 200 7437
186.103.159.182 - - [12/Mar/2018:09:36:44 -0300] "POST /cormun/servlet/trsolicitudot?3811883c770bac631a852b0f7224f94f,,gx-no-cache=1520858097425 HTTP/1.1" 200 4492
186.67.172.234 - - [12/Mar/2018:09:36:44 -0300] "GET /cormun/servlet/solicitudot?INS,0,0, HTTP/1.1" 200 13662
186.67.172.234 - - [12/Mar/2018:09:36:45 -0300] "GET /cormun/static/gxcfg.js?201812313224582 HTTP/1.1" 304 -
186.67.172.234 - - [12/Mar/2018:09:36:45 -0300] "GET /cormun/servlet/solicitudot?INS,0,0, HTTP/1.1" 200 13667
186.103.159.182 - - [12/Mar/2018:09:36:50 -0300] "POST /cormun/servlet/trsolicitudot?3811883c770bac631a852b0f7224f94f,,gx-no-cache=1520858101738 HTTP/1.1" 200 4490
186.103.159.182 - - [12/Mar/2018:09:36:54 -0300] "POST /cormun/servlet/trsolicitudot?3811883c770bac631a852b0f7224f94f,,gx-no-cache=1520858106868 HTTP/1.1" 200 4490
186.103.159.182 - - [12/Mar/2018:09:37:00 -0300] "POST /cormun/servlet/trsolicitudot?3811883c770bac631a852b0f7224f94f,,gx-no-cache=1520858112777 HTTP/1.1" 200 4490
186.103.159.182 - - [12/Mar/2018:09:37:06 -0300] "GET /cormun/servlet/trautorizarsolicitud? HTTP/1.1" 200 7367
186.103.159.182 - - [12/Mar/2018:09:37:08 -0300] "GET /cormun/servlet/trautorizarsolicitud? HTTP/1.1" 200 7367
186.67.172.234 - - [12/Mar/2018:09:37:19 -0300] "POST /cormun/servlet/solicitudot?gx-no-cache=1520858138260 HTTP/1.1" 200 3413
186.67.172.234 - - [12/Mar/2018:09:37:20 -0300] "POST /cormun/servlet/solicitudot?bc5df4c3a0517ccd6f8449b5813382cb,INS,0,0,,gx-no-cache=1520858138989 HTTP/1.1" 200 10577
186.67.172.234 - - [12/Mar/2018:09:37:25 -0300] "GET /cormun/servlet/solicitudot?d3095ea8714f9cb3a35c7b45cac9af4434ec478b45b5a3698a1160975bb83dd4e6be39e7107a3370bccb3df57714d227,gx-no-cache=1520858144394 HTTP/1.1" 200 30
186.67.172.234 - - [12/Mar/2018:09:37:25 -0300] "GET /cormun/servlet/solicitudot?d3095ea8714f9cb3a35c7b45cac9af44d424e144307d672f8d42a086c2fc6945cebf380b0f4ede8412f993ac78c916255783f6c5275afb50488e6a6608ee1570,gx-no-cache=1520858144467 HTTP/1.1" 200 30
186.67.172.234 - - [12/Mar/2018:09:37:25 -0300] "GET /cormun/servlet/solicitudot?d3095ea8714f9cb3a35c7b45cac9af44dc0f05955c62d65d7c127bf6fb896106,gx-no-cache=1520858144546 HTTP/1.1" 200 123
186.67.172.234 - - [12/Mar/2018:09:37:25 -0300] "GET /cormun/static/Shared/jqueryui/images/ui-icons_82798d_256x240.png HTTP/1.1" 404 1089
186.67.172.234 - - [12/Mar/2018:09:37:25 -0300] "GET /cormun/static/Shared/jqueryui/images/ui-bg_flat_55_994d53_40x100.png HTTP/1.1" 404 1097
186.67.172.234 - - [12/Mar/2018:09:37:25 -0300] "GET /cormun/static/Shared/jqueryui/images/ui-bg_highlight-soft_100_c6c2c8_1x100.png HTTP/1.1" 404 1117
186.67.172.234 - - [12/Mar/2018:09:37:25 -0300] "GET /cormun/static/Shared/jqueryui/images/ui-icons_ebccce_256x240.png HTTP/1.1" 404 1089
186.103.159.182 - - [12/Mar/2018:09:37:26 -0300] "POST /cormun/servlet/trautorizarsolicitud?3811883c770bac631a852b0f7224f94f,,gx-no-cache=1520858138488 HTTP/1.1" 200 4420
186.67.172.234 - - [12/Mar/2018:09:37:32 -0300] "GET /cormun/servlet/prbanco?,MD,,gxPopupLevel%3D0%3B HTTP/1.1" 200 6660
186.67.172.234 - - [12/Mar/2018:09:37:32 -0300] "GET /cormun/static/gxcfg.js?20181161016094 HTTP/1.1" 200 953
186.67.172.234 - - [12/Mar/2018:09:37:32 -0300] "GET /cormun/static/prbanco.js?2018116101633 HTTP/1.1" 200 10693
186.67.172.234 - - [12/Mar/2018:09:37:45 -0300] "GET /cormun/servlet/solicitudot?d3095ea8714f9cb3a35c7b45cac9af44ea657b479be0184ce9ca557e5ec9ef0b,gx-no-cache=1520858164817 HTTP/1.1" 200 53
186.67.172.234 - - [12/Mar/2018:09:37:57 -0300] "POST /cormun/servlet/solicitudot?gx-no-cache=1520858176881 HTTP/1.1" 200 297
186.67.172.234 - - [12/Mar/2018:09:37:57 -0300] "GET /cormun/servlet/solicitudot?d3095ea8714f9cb3a35c7b45cac9af448721b5bc4441d447a36638b46ebae279275926fb038fdb8b17294fbae49e3fadbc38f8bc501dd1ef0a4f312d6f87e4c6fd080bbbddf7efb2787a57648d46fb04c65eaff1ffaba0b4db10e6834ee9b97206474be53ee1406c9291bc92d8f668fc21a43ea24c99a02e6188b292efe2189cdc293eb434fc8e9b636a73436fef10391da9e2f000ebe7b165a4b4a2a7ef39a1c56fe23b64bbeb0ef7249b6a9fb1d3fcfff4a63f69c054c0dd555a0d020a3f60845c644492e4c4a76213c4b707d10aee07c6b29cb0dd2abf5bf38abc7531940a503d8d06088076911f1604cca8b386d00e7c6a45c31faa7cada0a4ccf48e2ff977ebf6778e134d922dbdc246f3d904b694b2bec94b451e002b52005d787484dee5c6eb1fa587e5afb493f44f5c015d9bdefdd7e25d24335d528e6c361bc14eee9e6066ff4f294bd6a13b2ff9ed88ed3ad588a1b090072c7006f30cb5484e1e04eac4831fd5e17e29f49091eab88898e730a88921a1ee6293a1ac20421462a9beaddb019cb6ca743e90dee64d986858ae,gx-no-cache=1520858176961 HTTP/1.1" 200 30
186.67.172.234 - - [12/Mar/2018:09:38:01 -0300] "POST /cormun/servlet/solicitudot?gx-no-cache=1520858181078 HTTP/1.1" 200 30
200.54.247.70 - - [12/Mar/2018:09:38:02 -0300] "GET /cormun/servlet/hlogin HTTP/1.1" 200 1721
200.54.247.70 - - [12/Mar/2018:09:38:02 -0300] "GET /cormun/static/gxgral.js?85251 HTTP/1.1" 304 -
200.54.247.70 - - [12/Mar/2018:09:38:02 -0300] "GET /cormun/static/Resources/Spanish/PXTools.css?11423723 HTTP/1.1" 304 -
200.54.247.70 - - [12/Mar/2018:09:38:03 -0300] "GET /cormun/static/messages.spa.js?85251 HTTP/1.1" 304 -
200.54.247.70 - - [12/Mar/2018:09:38:03 -0300] "GET /cormun/static/gxcfg.js?20175251213516 HTTP/1.1" 304 -
200.54.247.70 - - [12/Mar/2018:09:38:03 -0300] "GET /cormun/static/Resources/ComunLogin.png HTTP/1.1" 304 -
200.54.247.70 - - [12/Mar/2018:09:38:03 -0300] "GET /cormun/static/hlogin.js?20175251213537 HTTP/1.1" 304 -
200.54.247.70 - - [12/Mar/2018:09:38:03 -0300] "GET /cormun/static/gxtimezone.js?85251 HTTP/1.1" 304 -
200.54.247.70 - - [12/Mar/2018:09:38:03 -0300] "GET /cormun/static/Resources/PXToolsButtonLeft21.png HTTP/1.1" 304 -
200.54.247.70 - - [12/Mar/2018:09:38:03 -0300] "GET /cormun/static/Resources/PXToolsButtonBackground2.png HTTP/1.1" 304 -
200.54.247.70 - - [12/Mar/2018:09:38:03 -0300] "GET /cormun/static/Resources/PXToolsLoginBackground.png HTTP/1.1" 304 -
200.54.247.70 - - [12/Mar/2018:09:38:03 -0300] "GET /cormun/static/Resources/PXToolsLoginBottom.png HTTP/1.1" 304 -
200.54.247.70 - - [12/Mar/2018:09:38:03 -0300] "GET /cormun/static/Resources/PXToolsLoginTop.png HTTP/1.1" 304 -
200.54.247.70 - - [12/Mar/2018:09:38:03 -0300] "GET /cormun/static/Resources/PXToolsButtonRight21.png HTTP/1.1" 304 -
200.54.247.70 - - [12/Mar/2018:09:38:03 -0300] "GET /cormun/static/Resources/indicator.gif HTTP/1.1" 304 -
200.54.247.70 - - [12/Mar/2018:09:38:03 -0300] "GET /cormun/servlet/hlogin HTTP/1.1" 200 1731
186.103.159.182 - - [12/Mar/2018:09:38:10 -0300] "GET /cormun/servlet/trsolicitudot? HTTP/1.1" 200 7488
200.54.247.70 - - [12/Mar/2018:09:38:12 -0300] "POST /cormun/servlet/hlogin?9ea03a930f56bdd8ecd03a89d097ff6d,gx-no-cache=1520858236111 HTTP/1.1" 200 90
200.54.247.70 - - [12/Mar/2018:09:38:12 -0300] "GET /cormun/servlet/hpexe_link HTTP/1.1" 200 953
186.103.159.182 - - [12/Mar/2018:09:38:12 -0300] "GET /cormun/servlet/trsolicitudot? HTTP/1.1" 200 7487
200.54.247.70 - - [12/Mar/2018:09:38:13 -0300] "GET /cormun/static/gxcfg.js?20177612121792 HTTP/1.1" 304 -
200.54.247.70 - - [12/Mar/2018:09:38:13 -0300] "GET /cormun/servlet/hhome HTTP/1.1" 200 4237
200.54.247.70 - - [12/Mar/2018:09:38:13 -0300] "GET /cormun/static/gxcfg.js?20175251212442 HTTP/1.1" 304 -
186.67.172.234 - - [12/Mar/2018:09:38:15 -0300] "POST /cormun/servlet/solicitudot?gx-no-cache=1520858193927 HTTP/1.1" 200 1336
186.67.172.234 - - [12/Mar/2018:09:38:15 -0300] "GET /cormun/static/menuarrow.gif HTTP/1.1" 404 1015
186.103.159.182 - - [12/Mar/2018:09:38:25 -0300] "POST /cormun/servlet/trsolicitudot?3811883c770bac631a852b0f7224f94f,,gx-no-cache=1520858196850 HTTP/1.1" 200 4490
186.103.159.182 - - [12/Mar/2018:09:38:30 -0300] "POST /cormun/servlet/trsolicitudot?3811883c770bac631a852b0f7224f94f,,gx-no-cache=1520858202952 HTTP/1.1" 200 4488
186.67.172.234 - - [12/Mar/2018:09:38:33 -0300] "POST /cormun/servlet/solicitudot?gx-no-cache=1520858212745 HTTP/1.1" 200 41
186.103.159.182 - - [12/Mar/2018:09:38:38 -0300] "POST /cormun/servlet/trsolicitudot?3811883c770bac631a852b0f7224f94f,,gx-no-cache=1520858208559 HTTP/1.1" 200 4487
186.67.172.234 - - [12/Mar/2018:09:38:38 -0300] "GET /cormun/servlet/solicitudot?d3095ea8714f9cb3a35c7b45cac9af44878609e128a749b65d9a4d7f29efe12983d860c71a5d780c58ba7653a28fd16ea9c9a7e8308fa52249a7115c30b4bf75e19ff0e7c73d6816501906ef46ef2b09eae9f0de7ff6a77a5ecc8b92971ef4e040a478c51e8e8caf57189c26f28f54ce,gx-no-cache=1520858218190 HTTP/1.1" 200 29
186.67.172.234 - - [12/Mar/2018:09:38:39 -0300] "POST /cormun/servlet/solicitudot?gx-no-cache=1520858218258 HTTP/1.1" 200 1318
186.67.172.234 - - [12/Mar/2018:09:38:39 -0300] "POST /cormun/servlet/solicitudot?gx-no-cache=1520858218338 HTTP/1.1" 200 1218
186.67.172.234 - - [12/Mar/2018:09:38:44 -0300] "POST /cormun/servlet/solicitudot?gx-no-cache=1520858222897 HTTP/1.1" 200 1318
186.103.159.182 - - [12/Mar/2018:09:38:44 -0300] "POST /cormun/servlet/trsolicitudot?3811883c770bac631a852b0f7224f94f,,gx-no-cache=1520858216481 HTTP/1.1" 200 4490
186.67.172.234 - - [12/Mar/2018:09:38:44 -0300] "POST /cormun/servlet/solicitudot?gx-no-cache=1520858223348 HTTP/1.1" 200 1218
186.103.159.182 - - [12/Mar/2018:09:38:52 -0300] "POST /cormun/servlet/trsolicitudot?3811883c770bac631a852b0f7224f94f,,gx-no-cache=1520858223094 HTTP/1.1" 200 4492
186.103.159.182 - - [12/Mar/2018:09:38:58 -0300] "POST /cormun/servlet/trsolicitudot?3811883c770bac631a852b0f7224f94f,,gx-no-cache=1520858231085 HTTP/1.1" 200 4489
186.103.159.182 - - [12/Mar/2018:09:39:04 -0300] "POST /cormun/servlet/trsolicitudot?3811883c770bac631a852b0f7224f94f,,gx-no-cache=1520858236805 HTTP/1.1" 200 4491
186.67.172.234 - - [12/Mar/2018:09:39:06 -0300] "GET /cormun/servlet/solicitudot?d3095ea8714f9cb3a35c7b45cac9af4428559f97a417e51ca6b73dc6dec31889963d1981e8b0637ef49bc92fb2d5e3ee,gx-no-cache=1520858246070 HTTP/1.1" 200 30
186.67.172.234 - - [12/Mar/2018:09:39:06 -0300] "POST /cormun/servlet/solicitudot?gx-no-cache=1520858246189 HTTP/1.1" 200 34
186.67.172.234 - - [12/Mar/2018:09:39:07 -0300] "POST /cormun/servlet/solicitudot?bc5df4c3a0517ccd6f8449b5813382cb,INS,0,0,,gx-no-cache=1520858246271 HTTP/1.1" 200 93
186.67.172.234 - - [12/Mar/2018:09:39:08 -0300] "GET /cormun/servlet/hpexe_return? HTTP/1.1" 200 1005
186.67.172.234 - - [12/Mar/2018:09:39:08 -0300] "GET /cormun/static/gxcfg.js?2016101716175148 HTTP/1.1" 304 -
186.67.172.234 - - [12/Mar/2018:09:39:08 -0300] "GET /cormun/servlet/trsolicitudot HTTP/1.1" 200 8858
186.67.172.234 - - [12/Mar/2018:09:39:08 -0300] "GET /cormun/servlet/trsolicitudot HTTP/1.1" 200 8854
186.103.159.182 - - [12/Mar/2018:09:39:10 -0300] "POST /cormun/servlet/trsolicitudot?3811883c770bac631a852b0f7224f94f,,gx-no-cache=1520858242673 HTTP/1.1" 200 4490
186.67.172.234 - - [12/Mar/2018:09:39:34 -0300] "POST /cormun/servlet/trsolicitudot?bc5df4c3a0517ccd6f8449b5813382cb,gx-no-cache=1520858260784 HTTP/1.1" 200 4707
186.67.172.234 - - [12/Mar/2018:09:39:34 -0300] "GET /cormun/static/Shared/jqueryui/images/ui-bg_highlight-soft_100_c6c2c8_1x100.png HTTP/1.1" 404 1117
186.67.172.234 - - [12/Mar/2018:09:39:34 -0300] "GET /cormun/static/Shared/jqueryui/images/ui-icons_8d78a5_256x240.png HTTP/1.1" 404 1089
186.67.172.234 - - [12/Mar/2018:09:39:34 -0300] "GET /cormun/static/Shared/jqueryui/images/ui-icons_82798d_256x240.png HTTP/1.1" 404 1089
186.67.172.234 - - [12/Mar/2018:09:39:34 -0300] "GET /cormun/static/Shared/jqueryui/images/ui-bg_flat_55_fafafa_40x100.png HTTP/1.1" 404 1097
186.67.172.234 - - [12/Mar/2018:09:39:35 -0300] "POST /cormun/servlet/trsolicitudot?bc5df4c3a0517ccd6f8449b5813382cb,gx-no-cache=1520858273712 HTTP/1.1" 200 4451
186.103.159.182 - - [12/Mar/2018:09:40:10 -0300] "GET /cormun/servlet/solicitudot?INS,0,0, HTTP/1.1" 200 13695
186.103.159.182 - - [12/Mar/2018:09:40:11 -0300] "GET /cormun/servlet/solicitudot?INS,0,0, HTTP/1.1" 200 13701
186.103.159.182 - - [12/Mar/2018:09:40:14 -0300] "GET /cormun/servlet/prfichaempleado?,MD,,gxPopupLevel%3D0%3B HTTP/1.1" 200 9422
186.103.159.182 - - [12/Mar/2018:09:40:26 -0300] "POST /cormun/servlet/prfichaempleado?3811883c770bac631a852b0f7224f94f,,MD,,gxPopupLevel%3D0%3B,gx-no-cache=1520858319486 HTTP/1.1" 200 3179
