186.67.164.142 - - [12/Mar/2018:11:54:54 -0300] "GET /cormun/servlet/trsolicitudadjuntos?2018,10407, HTTP/1.1" 200 9391
186.67.164.142 - - [12/Mar/2018:11:54:55 -0300] "GET /cormun/servlet/trsolicitudadjuntos?2018,10407, HTTP/1.1" 200 9389
186.67.164.142 - - [12/Mar/2018:11:55:01 -0300] "GET /cormun/servlet/solicitudotadjuntos?INS,2018,10407,,1, HTTP/1.1" 200 6011
186.67.164.142 - - [12/Mar/2018:11:55:01 -0300] "GET /cormun/static/about:blank HTTP/1.1" 404 1011
186.67.164.142 - - [12/Mar/2018:11:55:01 -0300] "GET /cormun/servlet/solicitudotadjuntos?INS,2018,10407,,1, HTTP/1.1" 200 6005
186.67.164.142 - - [12/Mar/2018:11:55:02 -0300] "GET /cormun/servlet/solicitudotadjuntos?16f5a0d236ee8294b8e5cddafa4474c7982bf49a9232caf94753e3ec8f0c8352c22cf61cba21ea1d1e1e6e97e2775740,gx-no-cache=1520866452583 HTTP/1.1" 200 30
186.67.164.142 - - [12/Mar/2018:11:55:02 -0300] "POST /cormun/servlet/solicitudotadjuntos?192e3c40e50ba85b9f4fa3f096c41439,INS,2018,10407,,1,,gx-no-cache=1520866452663 HTTP/1.1" 200 3804
186.67.164.142 - - [12/Mar/2018:11:55:09 -0300] "POST /cormun/servlet/solicitudotadjuntos?gx-no-cache=1520866459337 HTTP/1.1" 200 26
192.168.10.56 - - [12/Mar/2018:11:55:13 -0300] "POST /cormun/servlet/trsolicitudgral?15985d5a665fc0e81c8abca4797067c8,gx-no-cache=1520865152372,gx-no-cache=1520866350370 HTTP/1.1" 200 7301
186.103.156.24 - - [12/Mar/2018:11:55:16 -0300] "GET /cormun/servlet/vesolicitudot?2018,9940,, HTTP/1.1" 200 8653
186.103.156.24 - - [12/Mar/2018:11:55:16 -0300] "GET /cormun/pexe_scrolldiv.js HTTP/1.1" 404 1009
186.103.156.24 - - [12/Mar/2018:11:55:16 -0300] "GET /cormun/servlet/vesolicitudot?2018,9940,, HTTP/1.1" 200 8652
186.67.164.142 - - [12/Mar/2018:11:55:17 -0300] "GET /cormun/servlet/solicitudotadjuntos?16f5a0d236ee8294b8e5cddafa4474c75dd02b289b7f2c2746b7d0d94b7483f7,gx-no-cache=1520866467994 HTTP/1.1" 200 30
186.67.164.142 - - [12/Mar/2018:11:55:17 -0300] "GET /cormun/servlet/solicitudotadjuntos?16f5a0d236ee8294b8e5cddafa4474c75dd02b289b7f2c2746b7d0d94b7483f7,gx-no-cache=1520866468050 HTTP/1.1" 200 30
186.67.164.142 - - [12/Mar/2018:11:55:21 -0300] "POST /cormun/servlet/solicitudotadjuntos?192e3c40e50ba85b9f4fa3f096c41439,INS,2018,10407,,1, HTTP/1.1" 200 116
186.67.164.142 - - [12/Mar/2018:11:55:21 -0300] "GET /cormun/servlet/hpexe_return? HTTP/1.1" 200 1022
186.67.164.142 - - [12/Mar/2018:11:55:22 -0300] "GET /cormun/servlet/trsolicitudadjuntos?2018,10407, HTTP/1.1" 200 9655
186.103.156.24 - - [12/Mar/2018:11:55:22 -0300] "POST /cormun/servlet/vesolicitudot?635f1c1732bc38006e798220a4d4290c,2018,9940,,,gx-no-cache=1520866472749 HTTP/1.1" 200 93
186.103.156.24 - - [12/Mar/2018:11:55:22 -0300] "GET /cormun/servlet/hpexe_return? HTTP/1.1" 200 1014
186.103.156.24 - - [12/Mar/2018:11:55:23 -0300] "GET /cormun/servlet/trsolicitudot HTTP/1.1" 200 14706
186.67.164.142 - - [12/Mar/2018:11:55:24 -0300] "GET /cormun/servlet/trsolicitudadjuntos?2018,10407, HTTP/1.1" 200 9655
186.103.156.24 - - [12/Mar/2018:11:55:24 -0300] "GET /cormun/servlet/trsolicitudot HTTP/1.1" 200 14701
186.103.156.24 - - [12/Mar/2018:11:55:31 -0300] "GET /cormun/servlet/vesolicitudot?2018,8421,, HTTP/1.1" 200 8615
186.103.156.24 - - [12/Mar/2018:11:55:32 -0300] "GET /cormun/pexe_scrolldiv.js HTTP/1.1" 404 1009
186.103.156.24 - - [12/Mar/2018:11:55:32 -0300] "GET /cormun/servlet/vesolicitudot?2018,8421,, HTTP/1.1" 200 8615
186.103.156.24 - - [12/Mar/2018:11:55:47 -0300] "POST /cormun/servlet/vesolicitudot?635f1c1732bc38006e798220a4d4290c,2018,8421,,,gx-no-cache=1520866497169 HTTP/1.1" 200 93
186.103.156.24 - - [12/Mar/2018:11:55:47 -0300] "GET /cormun/servlet/hpexe_return? HTTP/1.1" 200 1014
186.103.156.24 - - [12/Mar/2018:11:55:47 -0300] "GET /cormun/servlet/trsolicitudot HTTP/1.1" 200 14706
186.67.164.142 - - [12/Mar/2018:11:55:48 -0300] "GET /cormun/servlet/solicitudotadjuntos?INS,2018,10407,,2, HTTP/1.1" 200 6010
186.67.164.142 - - [12/Mar/2018:11:55:48 -0300] "GET /cormun/static/about:blank HTTP/1.1" 404 1011
186.103.156.24 - - [12/Mar/2018:11:55:48 -0300] "GET /cormun/servlet/trsolicitudot HTTP/1.1" 200 14701
186.67.164.142 - - [12/Mar/2018:11:55:48 -0300] "GET /cormun/servlet/solicitudotadjuntos?INS,2018,10407,,2, HTTP/1.1" 200 6004
186.67.164.142 - - [12/Mar/2018:11:55:49 -0300] "GET /cormun/servlet/solicitudotadjuntos?16f5a0d236ee8294b8e5cddafa4474c7982bf49a9232caf94753e3ec8f0c8352c22cf61cba21ea1d1e1e6e97e2775740,gx-no-cache=1520866499378 HTTP/1.1" 200 30
186.67.164.142 - - [12/Mar/2018:11:55:49 -0300] "POST /cormun/servlet/solicitudotadjuntos?192e3c40e50ba85b9f4fa3f096c41439,INS,2018,10407,,2,,gx-no-cache=1520866499465 HTTP/1.1" 200 4014
186.103.156.24 - - [12/Mar/2018:11:55:57 -0300] "GET /cormun/servlet/vesolicitudot?2018,8416,, HTTP/1.1" 200 8692
186.67.164.142 - - [12/Mar/2018:11:55:57 -0300] "POST /cormun/servlet/solicitudotadjuntos?gx-no-cache=1520866507826 HTTP/1.1" 200 26
186.103.156.24 - - [12/Mar/2018:11:55:57 -0300] "GET /cormun/pexe_scrolldiv.js HTTP/1.1" 404 1009
186.103.156.24 - - [12/Mar/2018:11:55:58 -0300] "GET /cormun/servlet/vesolicitudot?2018,8416,, HTTP/1.1" 200 8692
186.67.164.142 - - [12/Mar/2018:11:56:01 -0300] "GET /cormun/servlet/solicitudotadjuntos?16f5a0d236ee8294b8e5cddafa4474c75dd02b289b7f2c2746b7d0d94b7483f7,gx-no-cache=1520866511578 HTTP/1.1" 200 30
186.67.164.142 - - [12/Mar/2018:11:56:01 -0300] "GET /cormun/servlet/solicitudotadjuntos?16f5a0d236ee8294b8e5cddafa4474c75dd02b289b7f2c2746b7d0d94b7483f7,gx-no-cache=1520866511653 HTTP/1.1" 200 30
186.67.164.142 - - [12/Mar/2018:11:56:03 -0300] "POST /cormun/servlet/solicitudotadjuntos?192e3c40e50ba85b9f4fa3f096c41439,INS,2018,10407,,2, HTTP/1.1" 200 116
186.67.164.142 - - [12/Mar/2018:11:56:03 -0300] "GET /cormun/servlet/hpexe_return? HTTP/1.1" 200 1022
186.67.164.142 - - [12/Mar/2018:11:56:04 -0300] "GET /cormun/servlet/trsolicitudadjuntos?2018,10407, HTTP/1.1" 200 9821
186.67.164.142 - - [12/Mar/2018:11:56:05 -0300] "GET /cormun/servlet/trsolicitudadjuntos?2018,10407, HTTP/1.1" 200 9815
186.67.164.142 - - [12/Mar/2018:11:56:12 -0300] "POST /cormun/servlet/trsolicitudadjuntos?192e3c40e50ba85b9f4fa3f096c41439,2018,10407,,gx-no-cache=1520866522548 HTTP/1.1" 200 90
186.67.164.142 - - [12/Mar/2018:11:56:12 -0300] "GET /cormun/servlet/hpexe_link HTTP/1.1" 200 964
186.67.164.142 - - [12/Mar/2018:11:56:12 -0300] "GET /cormun/servlet/trsolicitudot HTTP/1.1" 200 9034
186.67.164.142 - - [12/Mar/2018:11:56:13 -0300] "GET /cormun/servlet/trsolicitudot HTTP/1.1" 200 9033
186.103.156.24 - - [12/Mar/2018:11:56:15 -0300] "POST /cormun/servlet/vesolicitudot?635f1c1732bc38006e798220a4d4290c,2018,8416,,,gx-no-cache=1520866525957 HTTP/1.1" 200 93
186.103.156.24 - - [12/Mar/2018:11:56:15 -0300] "GET /cormun/servlet/hpexe_return? HTTP/1.1" 200 1014
186.103.156.24 - - [12/Mar/2018:11:56:16 -0300] "GET /cormun/servlet/trsolicitudot HTTP/1.1" 200 14706
186.103.156.24 - - [12/Mar/2018:11:56:17 -0300] "GET /cormun/servlet/trsolicitudot HTTP/1.1" 200 14701
186.103.156.24 - - [12/Mar/2018:11:56:22 -0300] "GET /cormun/servlet/vesolicitudot?2018,8407,, HTTP/1.1" 200 8611
186.103.156.24 - - [12/Mar/2018:11:56:22 -0300] "GET /cormun/pexe_scrolldiv.js HTTP/1.1" 404 1009
186.103.156.24 - - [12/Mar/2018:11:56:22 -0300] "GET /cormun/servlet/vesolicitudot?2018,8407,, HTTP/1.1" 200 8611
186.67.164.142 - - [12/Mar/2018:11:56:30 -0300] "POST /cormun/servlet/trsolicitudot?192e3c40e50ba85b9f4fa3f096c41439,gx-no-cache=1520866540525 HTTP/1.1" 200 5709
186.67.164.142 - - [12/Mar/2018:11:56:30 -0300] "GET /cormun/static/Shared/jqueryui/images/ui-bg_highlight-soft_100_c6c2c8_1x100.png HTTP/1.1" 404 1117
186.67.164.142 - - [12/Mar/2018:11:56:30 -0300] "GET /cormun/static/Shared/jqueryui/images/ui-icons_82798d_256x240.png HTTP/1.1" 404 1089
186.67.164.142 - - [12/Mar/2018:11:56:30 -0300] "GET /cormun/static/Shared/jqueryui/images/ui-bg_flat_55_fafafa_40x100.png HTTP/1.1" 404 1097
186.67.164.142 - - [12/Mar/2018:11:56:30 -0300] "GET /cormun/static/Shared/jqueryui/images/ui-icons_8d78a5_256x240.png HTTP/1.1" 404 1089
186.67.164.142 - - [12/Mar/2018:11:56:30 -0300] "POST /cormun/servlet/trsolicitudot?192e3c40e50ba85b9f4fa3f096c41439,gx-no-cache=1520866540929 HTTP/1.1" 200 5651
186.103.156.24 - - [12/Mar/2018:11:56:36 -0300] "POST /cormun/servlet/vesolicitudot?635f1c1732bc38006e798220a4d4290c,2018,8407,,,gx-no-cache=1520866544731 HTTP/1.1" 200 93
186.103.156.24 - - [12/Mar/2018:11:56:36 -0300] "GET /cormun/servlet/hpexe_return? HTTP/1.1" 200 1014
186.103.156.24 - - [12/Mar/2018:11:56:37 -0300] "GET /cormun/servlet/trsolicitudot HTTP/1.1" 200 14706
186.103.156.24 - - [12/Mar/2018:11:56:38 -0300] "GET /cormun/servlet/trsolicitudot HTTP/1.1" 200 14701
186.103.156.24 - - [12/Mar/2018:11:56:45 -0300] "GET /cormun/servlet/vesolicitudot?2018,8405,, HTTP/1.1" 200 8637
186.103.156.24 - - [12/Mar/2018:11:56:45 -0300] "GET /cormun/pexe_scrolldiv.js HTTP/1.1" 404 1009
186.103.156.24 - - [12/Mar/2018:11:56:46 -0300] "GET /cormun/servlet/vesolicitudot?2018,8405,, HTTP/1.1" 200 8637
186.67.164.142 - - [12/Mar/2018:11:56:54 -0300] "GET /cormun/servlet/trautorizarsolicitud? HTTP/1.1" 200 8634
186.67.164.142 - - [12/Mar/2018:11:56:55 -0300] "GET /cormun/servlet/trautorizarsolicitud? HTTP/1.1" 200 8634
186.67.164.142 - - [12/Mar/2018:11:56:59 -0300] "POST /cormun/servlet/trautorizarsolicitud?ca82a13f15538cb9d19b460ad525b7a0,,gx-no-cache=1520866568974 HTTP/1.1" 200 4631
186.67.164.142 - - [12/Mar/2018:11:56:59 -0300] "GET /cormun/static/Shared/jqueryui/images/ui-bg_highlight-soft_100_c6c2c8_1x100.png HTTP/1.1" 404 1117
186.67.164.142 - - [12/Mar/2018:11:57:00 -0300] "GET /cormun/static/Shared/jqueryui/images/ui-icons_82798d_256x240.png HTTP/1.1" 404 1089
186.67.164.142 - - [12/Mar/2018:11:57:00 -0300] "GET /cormun/static/Shared/jqueryui/images/ui-bg_flat_55_fafafa_40x100.png HTTP/1.1" 404 1097
186.67.164.142 - - [12/Mar/2018:11:57:00 -0300] "GET /cormun/static/Shared/jqueryui/images/ui-icons_8d78a5_256x240.png HTTP/1.1" 404 1089
186.67.164.142 - - [12/Mar/2018:11:57:00 -0300] "POST /cormun/servlet/trautorizarsolicitud?ca82a13f15538cb9d19b460ad525b7a0,,gx-no-cache=1520866569706 HTTP/1.1" 200 4399
186.103.156.24 - - [12/Mar/2018:11:57:01 -0300] "POST /cormun/servlet/vesolicitudot?635f1c1732bc38006e798220a4d4290c,2018,8405,,,gx-no-cache=1520866569907 HTTP/1.1" 200 93
186.103.156.24 - - [12/Mar/2018:11:57:01 -0300] "GET /cormun/servlet/hpexe_return? HTTP/1.1" 200 1014
186.103.156.24 - - [12/Mar/2018:11:57:01 -0300] "GET /cormun/servlet/trsolicitudot HTTP/1.1" 200 14706
186.103.156.24 - - [12/Mar/2018:11:57:02 -0300] "GET /cormun/servlet/trsolicitudot HTTP/1.1" 200 14701
186.103.156.24 - - [12/Mar/2018:11:57:06 -0300] "GET /cormun/servlet/vesolicitudot?2018,8400,, HTTP/1.1" 200 8665
186.103.156.24 - - [12/Mar/2018:11:57:06 -0300] "GET /cormun/pexe_scrolldiv.js HTTP/1.1" 404 1009
186.103.156.24 - - [12/Mar/2018:11:57:06 -0300] "GET /cormun/servlet/vesolicitudot?2018,8400,, HTTP/1.1" 200 8665
186.103.156.24 - - [12/Mar/2018:11:57:15 -0300] "POST /cormun/servlet/vesolicitudot?635f1c1732bc38006e798220a4d4290c,2018,8400,,,gx-no-cache=1520866584883 HTTP/1.1" 200 93
186.103.156.24 - - [12/Mar/2018:11:57:15 -0300] "GET /cormun/servlet/hpexe_return? HTTP/1.1" 200 1014
186.103.156.24 - - [12/Mar/2018:11:57:15 -0300] "GET /cormun/servlet/trsolicitudot HTTP/1.1" 200 14706
186.103.156.24 - - [12/Mar/2018:11:57:16 -0300] "GET /cormun/servlet/trsolicitudot HTTP/1.1" 200 14701
186.103.156.24 - - [12/Mar/2018:11:57:20 -0300] "GET /cormun/servlet/vesolicitudot?2018,8398,, HTTP/1.1" 200 8638
186.103.156.24 - - [12/Mar/2018:11:57:20 -0300] "GET /cormun/pexe_scrolldiv.js HTTP/1.1" 404 1009
186.103.156.24 - - [12/Mar/2018:11:57:20 -0300] "GET /cormun/pexe_scrolldiv.js HTTP/1.1" 404 1009
186.103.156.24 - - [12/Mar/2018:11:57:21 -0300] "GET /cormun/servlet/vesolicitudot?2018,8398,, HTTP/1.1" 200 8638
186.103.156.24 - - [12/Mar/2018:11:57:28 -0300] "POST /cormun/servlet/vesolicitudot?635f1c1732bc38006e798220a4d4290c,2018,8398,,,gx-no-cache=1520866598202 HTTP/1.1" 200 93
186.103.156.24 - - [12/Mar/2018:11:57:28 -0300] "GET /cormun/servlet/hpexe_return? HTTP/1.1" 200 1014
186.103.156.24 - - [12/Mar/2018:11:57:28 -0300] "GET /cormun/servlet/trsolicitudot HTTP/1.1" 200 14706
186.103.156.24 - - [12/Mar/2018:11:57:29 -0300] "GET /cormun/servlet/trsolicitudot HTTP/1.1" 200 14701
186.103.156.24 - - [12/Mar/2018:11:57:37 -0300] "GET /cormun/servlet/vesolicitudot?2018,8388,, HTTP/1.1" 200 8629
186.103.156.24 - - [12/Mar/2018:11:57:37 -0300] "GET /cormun/pexe_scrolldiv.js HTTP/1.1" 404 1009
186.103.156.24 - - [12/Mar/2018:11:57:37 -0300] "GET /cormun/servlet/vesolicitudot?2018,8388,, HTTP/1.1" 200 8629
186.103.156.24 - - [12/Mar/2018:11:57:49 -0300] "POST /cormun/servlet/vesolicitudot?635f1c1732bc38006e798220a4d4290c,2018,8388,,,gx-no-cache=1520866618673 HTTP/1.1" 200 93
186.103.156.24 - - [12/Mar/2018:11:57:49 -0300] "GET /cormun/servlet/hpexe_return? HTTP/1.1" 200 1014
186.103.156.24 - - [12/Mar/2018:11:57:49 -0300] "GET /cormun/servlet/trsolicitudot HTTP/1.1" 200 14706
186.103.156.24 - - [12/Mar/2018:11:57:50 -0300] "GET /cormun/servlet/trsolicitudot HTTP/1.1" 200 14701
192.168.10.56 - - [12/Mar/2018:11:57:52 -0300] "POST /cormun/servlet/trsolicitudgral?15985d5a665fc0e81c8abca4797067c8,gx-no-cache=1520865152372,gx-no-cache=1520866508466 HTTP/1.1" 200 24216
186.103.156.24 - - [12/Mar/2018:11:57:55 -0300] "GET /cormun/servlet/vesolicitudot?2018,8373,, HTTP/1.1" 200 8628
186.103.156.24 - - [12/Mar/2018:11:57:55 -0300] "GET /cormun/pexe_scrolldiv.js HTTP/1.1" 404 1009
186.103.156.24 - - [12/Mar/2018:11:57:56 -0300] "GET /cormun/servlet/vesolicitudot?2018,8373,, HTTP/1.1" 200 8628
192.168.10.56 - - [12/Mar/2018:11:57:57 -0300] "POST /cormun/servlet/trsolicitudgral?15985d5a665fc0e81c8abca4797067c8,gx-no-cache=1520865152372,gx-no-cache=1520866514364 HTTP/1.1" 200 25318
186.103.156.24 - - [12/Mar/2018:11:58:03 -0300] "POST /cormun/servlet/vesolicitudot?635f1c1732bc38006e798220a4d4290c,2018,8373,,,gx-no-cache=1520866633105 HTTP/1.1" 200 93
186.103.156.24 - - [12/Mar/2018:11:58:03 -0300] "GET /cormun/servlet/hpexe_return? HTTP/1.1" 200 1014
186.103.156.24 - - [12/Mar/2018:11:58:03 -0300] "GET /cormun/servlet/trsolicitudot HTTP/1.1" 200 14706
186.103.156.24 - - [12/Mar/2018:11:58:05 -0300] "GET /cormun/servlet/trsolicitudot HTTP/1.1" 200 14701
192.168.10.56 - - [12/Mar/2018:11:58:07 -0300] "POST /cormun/servlet/trsolicitudgral?15985d5a665fc0e81c8abca4797067c8,gx-no-cache=1520865152372,gx-no-cache=1520866523366 HTTP/1.1" 200 25200
186.103.156.24 - - [12/Mar/2018:11:58:11 -0300] "GET /cormun/servlet/vesolicitudot?2018,7904,, HTTP/1.1" 200 8622
186.103.156.24 - - [12/Mar/2018:11:58:12 -0300] "GET /cormun/pexe_scrolldiv.js HTTP/1.1" 404 1009
186.103.156.24 - - [12/Mar/2018:11:58:12 -0300] "GET /cormun/servlet/vesolicitudot?2018,7904,, HTTP/1.1" 200 8622
186.103.156.24 - - [12/Mar/2018:11:58:24 -0300] "POST /cormun/servlet/vesolicitudot?635f1c1732bc38006e798220a4d4290c,2018,7904,,,gx-no-cache=1520866654225 HTTP/1.1" 200 93
186.103.156.24 - - [12/Mar/2018:11:58:24 -0300] "GET /cormun/servlet/hpexe_return? HTTP/1.1" 200 1014
186.103.156.24 - - [12/Mar/2018:11:58:24 -0300] "GET /cormun/servlet/trsolicitudot HTTP/1.1" 200 14706
186.103.156.24 - - [12/Mar/2018:11:58:25 -0300] "GET /cormun/servlet/trsolicitudot HTTP/1.1" 200 14701
186.103.156.24 - - [12/Mar/2018:11:58:31 -0300] "GET /cormun/servlet/vesolicitudot?2018,7891,, HTTP/1.1" 200 8639
186.103.156.24 - - [12/Mar/2018:11:58:31 -0300] "GET /cormun/pexe_scrolldiv.js HTTP/1.1" 404 1009
186.103.156.24 - - [12/Mar/2018:11:58:31 -0300] "GET /cormun/servlet/vesolicitudot?2018,7891,, HTTP/1.1" 200 8639
186.103.156.24 - - [12/Mar/2018:11:58:37 -0300] "POST /cormun/servlet/vesolicitudot?635f1c1732bc38006e798220a4d4290c,2018,7891,,,gx-no-cache=1520866666460 HTTP/1.1" 200 93
186.103.156.24 - - [12/Mar/2018:11:58:38 -0300] "GET /cormun/servlet/hpexe_return? HTTP/1.1" 200 1014
186.103.156.24 - - [12/Mar/2018:11:58:38 -0300] "GET /cormun/servlet/trsolicitudot HTTP/1.1" 200 14706
186.103.156.24 - - [12/Mar/2018:11:58:39 -0300] "GET /cormun/servlet/trsolicitudot HTTP/1.1" 200 14701
186.103.156.24 - - [12/Mar/2018:11:58:44 -0300] "GET /cormun/servlet/vesolicitudot?2018,7870,, HTTP/1.1" 200 8645
186.103.156.24 - - [12/Mar/2018:11:58:44 -0300] "GET /cormun/pexe_scrolldiv.js HTTP/1.1" 404 1009
186.103.156.24 - - [12/Mar/2018:11:58:45 -0300] "GET /cormun/servlet/vesolicitudot?2018,7870,, HTTP/1.1" 200 8645
186.103.156.24 - - [12/Mar/2018:11:58:54 -0300] "POST /cormun/servlet/vesolicitudot?635f1c1732bc38006e798220a4d4290c,2018,7870,,,gx-no-cache=1520866684523 HTTP/1.1" 200 93
186.103.156.24 - - [12/Mar/2018:11:58:54 -0300] "GET /cormun/servlet/hpexe_return? HTTP/1.1" 200 1014
186.103.156.24 - - [12/Mar/2018:11:58:54 -0300] "GET /cormun/servlet/trsolicitudot HTTP/1.1" 200 14706
186.103.156.24 - - [12/Mar/2018:11:58:55 -0300] "GET /cormun/servlet/trsolicitudot HTTP/1.1" 200 14701
186.103.156.24 - - [12/Mar/2018:11:59:01 -0300] "GET /cormun/servlet/vesolicitudot?2018,7850,, HTTP/1.1" 200 8633
186.103.156.24 - - [12/Mar/2018:11:59:01 -0300] "GET /cormun/pexe_scrolldiv.js HTTP/1.1" 404 1009
186.103.156.24 - - [12/Mar/2018:11:59:02 -0300] "GET /cormun/servlet/vesolicitudot?2018,7850,, HTTP/1.1" 200 8633
192.168.10.56 - - [12/Mar/2018:11:59:09 -0300] "POST /cormun/servlet/trsolicitudgral?15985d5a665fc0e81c8abca4797067c8,gx-no-cache=1520865152372,gx-no-cache=1520866586047 HTTP/1.1" 200 13579
186.103.156.24 - - [12/Mar/2018:11:59:17 -0300] "POST /cormun/servlet/vesolicitudot?635f1c1732bc38006e798220a4d4290c,2018,7850,,,gx-no-cache=1520866708108 HTTP/1.1" 200 93
186.103.156.24 - - [12/Mar/2018:11:59:18 -0300] "GET /cormun/servlet/hpexe_return? HTTP/1.1" 200 1014
186.103.156.24 - - [12/Mar/2018:11:59:18 -0300] "GET /cormun/servlet/trsolicitudot HTTP/1.1" 200 14706
186.103.156.24 - - [12/Mar/2018:11:59:19 -0300] "GET /cormun/servlet/trsolicitudot HTTP/1.1" 200 14701
186.103.156.24 - - [12/Mar/2018:11:59:23 -0300] "GET /cormun/servlet/vesolicitudot?2018,7845,, HTTP/1.1" 200 8642
186.103.156.24 - - [12/Mar/2018:11:59:23 -0300] "GET /cormun/pexe_scrolldiv.js HTTP/1.1" 404 1009
186.103.156.24 - - [12/Mar/2018:11:59:24 -0300] "GET /cormun/servlet/vesolicitudot?2018,7845,, HTTP/1.1" 200 8642
186.103.156.24 - - [12/Mar/2018:11:59:49 -0300] "POST /cormun/servlet/vesolicitudot?635f1c1732bc38006e798220a4d4290c,2018,7845,,,gx-no-cache=1520866739681 HTTP/1.1" 200 93
186.103.156.24 - - [12/Mar/2018:11:59:50 -0300] "GET /cormun/servlet/hpexe_return? HTTP/1.1" 200 1013
186.103.156.24 - - [12/Mar/2018:11:59:50 -0300] "GET /cormun/servlet/trsolicitudot HTTP/1.1" 200 14706
186.103.156.24 - - [12/Mar/2018:11:59:51 -0300] "GET /cormun/servlet/trsolicitudot HTTP/1.1" 200 14701
186.103.156.24 - - [12/Mar/2018:11:59:54 -0300] "GET /cormun/servlet/vesolicitudot?2018,9985,, HTTP/1.1" 200 8625
186.103.156.24 - - [12/Mar/2018:11:59:54 -0300] "GET /cormun/pexe_scrolldiv.js HTTP/1.1" 404 1009
186.103.156.24 - - [12/Mar/2018:11:59:55 -0300] "GET /cormun/servlet/vesolicitudot?2018,9985,, HTTP/1.1" 200 8624
192.168.10.56 - - [12/Mar/2018:12:00:01 -0300] "POST /cormun/servlet/trsolicitudgral?15985d5a665fc0e81c8abca4797067c8,gx-no-cache=1520865152372,gx-no-cache=1520866638108 HTTP/1.1" 200 8858
192.168.10.56 - - [12/Mar/2018:12:00:16 -0300] "GET /cormun/servlet/solicitudgral?UPD,2018,10369, HTTP/1.1" 200 12943
192.168.10.56 - - [12/Mar/2018:12:00:16 -0300] "GET /cormun/servlet/solicitudgral?UPD,2018,10369, HTTP/1.1" 200 12931
192.168.10.56 - - [12/Mar/2018:12:00:16 -0300] "POST /cormun/servlet/solicitudgral?gx-no-cache=1520866653818 HTTP/1.1" 200 3886
192.168.10.56 - - [12/Mar/2018:12:00:17 -0300] "GET /cormun/servlet/solicitudgral?34126cd21a229b02da29e1df61f0368983cb8b60190f3af8c260cb3b200f233a618cea568d3a6fa05dea575b137c6bc0cad79e396204d5eaab231ee24396521afddb2b4271504d4717fc81db489ce64db86b361e4fd7f8c214fd108763966053190c155b686d7948bdded053071acbd3f6ec9026b793784437c8fc98684a9ed6b4ce51e336bbcef54f6219d1c0cefd1c38ea233836a743b14c0e2ff92dcbb6403dc2233bff977d2cd47493fae9773720fb65c09bae4ffcba906ecd438aad32223bc30c0bcf6122ac90897a8d3807b95c1a3bc9d59aaf79f0cfb1d0d47c52bde29b642ede83edf6dfe70581c8333dbf7fa098b2187c2518e69837cf733a8a123f929cd9291aeb77b5c55a11b2dc69c7521d7956df8e3946d2f4205555242a303d142ffe1d46cea5ef0338727b1fef7aa2e7f3fd4475290ff793c7be03efd6ae5df33385ba598e872c5e945f8397434eeb,gx-no-cache=1520866653962 HTTP/1.1" 200 256
192.168.10.56 - - [12/Mar/2018:12:00:18 -0300] "GET /cormun/servlet/solicitudgral?34126cd21a229b02da29e1df61f03689f321b5b3eead43d658b7af98b918f5702fc9971d3d48dd4ba0f5d50d430f3098a2dc4371675a0b33ceee8422866cc51daa8fdb5053cd64734cc1681a231d71cc23ff07914730dbe1594d894b613abcf81dc6dc34fd0c8d19f3b2d05ab6ff8b58cb6f786c296eaa4eeb296e1f4f1d544b63dbbc20bb3cc406fb195f0e003320658bdf14e6727b843de313e5e5ccde7af51a7c2dd155d52558ae11f582de5f10ceeba9524e299ba9acee21242a83a93e6723a26f7bc99e2a52245b74df2a745cdfb5177d39f8b3def429ccbd14159fb3512517138f475e18f6f87857b96922fb34381ac5a96e55e8d2d18cad1ef2401902842ce006a514c1046eff454c091031e6d939177bd154d001c13acd8c3c8a8a84502529db06c3c2d0ee58bfddb8f882610940c44329b2fcada23cc2bcee428074b62755ccfd945bce4458bd3f42a066fb4cb61712e70baf88f81eccd1f1500bd4a03c7e4c8769555b5b8f5ecb03768e96019ebd92875061137e92e5cef7c40efafe5089c598b71985743e2e0d6ef726a0303f9028b544c14c161b475cc9bbfd6da3b5c41692ebb04f15f677a456d85c8b,gx-no-cache=1520866655626 HTTP/1.1" 200 48
192.168.10.56 - - [12/Mar/2018:12:00:20 -0300] "POST /cormun/servlet/solicitudgral?15985d5a665fc0e81c8abca4797067c8,UPD,2018,10369,,gx-no-cache=1520866657244 HTTP/1.1" 200 11803
192.168.10.56 - - [12/Mar/2018:12:00:20 -0300] "GET /cormun/servlet/solicitudgral?34126cd21a229b02da29e1df61f03689309a6d4aea2e3992625252b4629d71b3092dc281d6be4c36d40482ddb8fee386282c2a6421251027077f3b27762ffebc7fee5bd80cc23d3bf5e24130ba4d1c91af10dcfe6295d32a71b71c6ac43fbddbcc2026b353e8e238c0bdda4e34529b502e682ac5314105ce6865fd6315f4624038f35220784c15edbbbfb3f2a5f85bf66d9c53de379126ab3de7b4332a2cc1a5,gx-no-cache=1520866657429 HTTP/1.1" 200 29
192.168.10.56 - - [12/Mar/2018:12:00:20 -0300] "POST /cormun/servlet/solicitudgral?gx-no-cache=1520866657444 HTTP/1.1" 200 1296
192.168.10.56 - - [12/Mar/2018:12:00:20 -0300] "POST /cormun/servlet/solicitudgral?gx-no-cache=1520866657499 HTTP/1.1" 200 1218
192.168.10.56 - - [12/Mar/2018:12:00:20 -0300] "POST /cormun/servlet/solicitudgral?15985d5a665fc0e81c8abca4797067c8,UPD,2018,10369,,gx-no-cache=1520866657541 HTTP/1.1" 200 93
192.168.10.56 - - [12/Mar/2018:12:00:20 -0300] "GET /cormun/servlet/hpexe_return? HTTP/1.1" 200 1029
192.168.10.56 - - [12/Mar/2018:12:00:20 -0300] "GET /cormun/servlet/trsolicitudgral?gx-no-cache=1520865152372 HTTP/1.1" 200 11459
192.168.10.56 - - [12/Mar/2018:12:00:21 -0300] "GET /cormun/servlet/trsolicitudgral?gx-no-cache=1520865152372 HTTP/1.1" 200 11475
186.103.156.24 - - [12/Mar/2018:12:00:58 -0300] "POST /cormun/servlet/vesolicitudot?635f1c1732bc38006e798220a4d4290c,2018,9985,,,gx-no-cache=1520866807783 HTTP/1.1" 200 93
186.103.156.24 - - [12/Mar/2018:12:00:58 -0300] "GET /cormun/servlet/hpexe_return? HTTP/1.1" 200 1014
186.103.156.24 - - [12/Mar/2018:12:00:58 -0300] "GET /cormun/servlet/trsolicitudot HTTP/1.1" 200 14706
186.103.156.24 - - [12/Mar/2018:12:00:59 -0300] "GET /cormun/servlet/trsolicitudot HTTP/1.1" 200 14701
192.168.10.96 - - [12/Mar/2018:12:01:25 -0300] "POST /cormun/servlet/trsolicitudgral?47ab37127b02039d09afd8b25e049bb1,,gx-no-cache=1520866722022 HTTP/1.1" 200 14724
192.168.10.96 - - [12/Mar/2018:12:01:33 -0300] "POST /cormun/servlet/trsolicitudgral?47ab37127b02039d09afd8b25e049bb1,,gx-no-cache=1520866727079 HTTP/1.1" 200 26302
192.168.10.96 - - [12/Mar/2018:12:01:39 -0300] "POST /cormun/servlet/trsolicitudgral?47ab37127b02039d09afd8b25e049bb1,,gx-no-cache=1520866735976 HTTP/1.1" 200 25816
192.168.10.56 - - [12/Mar/2018:12:02:29 -0300] "POST /cormun/servlet/trsolicitudgral?15985d5a665fc0e81c8abca4797067c8,gx-no-cache=1520865152372,gx-no-cache=1520866786317 HTTP/1.1" 200 7287
192.168.10.56 - - [12/Mar/2018:12:02:38 -0300] "POST /cormun/servlet/trsolicitudgral?15985d5a665fc0e81c8abca4797067c8,gx-no-cache=1520865152372,gx-no-cache=1520866795156 HTTP/1.1" 200 15023
192.168.10.56 - - [12/Mar/2018:12:02:44 -0300] "POST /cormun/servlet/trsolicitudgral?15985d5a665fc0e81c8abca4797067c8,gx-no-cache=1520865152372,gx-no-cache=1520866801110 HTTP/1.1" 200 8424
192.168.10.56 - - [12/Mar/2018:12:03:46 -0300] "GET /cormun/servlet/solicitudgral2?UPD,2018,10270, HTTP/1.1" 200 12969
192.168.10.56 - - [12/Mar/2018:12:03:46 -0300] "GET /cormun/servlet/solicitudgral2?UPD,2018,10270, HTTP/1.1" 200 12958
192.168.10.56 - - [12/Mar/2018:12:03:47 -0300] "POST /cormun/servlet/solicitudgral2?gx-no-cache=1520866863872 HTTP/1.1" 200 3886
192.168.10.56 - - [12/Mar/2018:12:03:47 -0300] "GET /cormun/servlet/solicitudgral2?34126cd21a229b02da29e1df61f0368983cb8b60190f3af8c260cb3b200f233a6d1172bcb6b9bd1ae94b7e0a2997b5eacad79e396204d5eaab231ee24396521afddb2b4271504d4717fc81db489ce64db86b361e4fd7f8c214fd108763966053190c155b686d7948bdded053071acbd3f6ec9026b793784437c8fc98684a9ed6b4ce51e336bbcef54f6219d1c0cefd1c38ea233836a743b14c0e2ff92dcbb6403dc2233bff977d2cd47493fae9773720fb65c09bae4ffcba906ecd438aad32223bc30c0bcf6122ac90897a8d3807b95c1a3bc9d59aaf79f0cfb1d0d47c52bde29b642ede83edf6dfe70581c8333dbf7fa098b2187c2518e69837cf733a8a123f929cd9291aeb77b5c55a11b2dc69c7521d7956df8e3946d2f4205555242a303d142ffe1d46cea5ef0338727b1fef7aa2e7f3fd4475290ff793c7be03efd6ae5df33385ba598e872c5e945f8397434eeb,gx-no-cache=1520866864036 HTTP/1.1" 200 255
192.168.10.56 - - [12/Mar/2018:12:03:47 -0300] "POST /cormun/servlet/solicitudgral2?gx-no-cache=1520866864061 HTTP/1.1" 200 1399
192.168.10.56 - - [12/Mar/2018:12:03:47 -0300] "GET /cormun/servlet/solicitudgral2?34126cd21a229b02da29e1df61f03689f4127972db6b3b47699e2f8500a300d0f4f6392bf6786462631a49ce2302a5102a95fcca9c08b2aa2e6363ec282962355849cedbe3625e1f329a7eebc28ed797eabac1b41ab5f32bbacdfc5b828104aaeff62889a2cb57478812a3d2a5cc4f83,gx-no-cache=1520866864112 HTTP/1.1" 200 41
192.168.10.56 - - [12/Mar/2018:12:03:52 -0300] "POST /cormun/servlet/solicitudgral2?15985d5a665fc0e81c8abca4797067c8,UPD,2018,10270,,gx-no-cache=1520866868897 HTTP/1.1" 200 11850
192.168.10.56 - - [12/Mar/2018:12:03:52 -0300] "GET /cormun/servlet/solicitudgral2?34126cd21a229b02da29e1df61f03689309a6d4aea2e3992625252b4629d71b3092dc281d6be4c36d40482ddb8fee386282c2a6421251027077f3b27762ffebc7fee5bd80cc23d3bf5e24130ba4d1c91af10dcfe6295d32a71b71c6ac43fbddbcc2026b353e8e238c0bdda4e34529b502e682ac5314105ce6865fd6315f4624038f35220784c15edbbbfb3f2a5f85bf66d9c53de379126ab3de7b4332a2cc1a5,gx-no-cache=1520866869095 HTTP/1.1" 200 29
192.168.10.56 - - [12/Mar/2018:12:03:52 -0300] "POST /cormun/servlet/solicitudgral2?gx-no-cache=1520866869110 HTTP/1.1" 200 1295
192.168.10.56 - - [12/Mar/2018:12:03:52 -0300] "POST /cormun/servlet/solicitudgral2?gx-no-cache=1520866869143 HTTP/1.1" 200 1218
192.168.10.56 - - [12/Mar/2018:12:03:52 -0300] "GET /cormun/servlet/solicitudgral2?34126cd21a229b02da29e1df61f03689184469e6a94684514f3f82b528e261eb9ee611f6ae1acd9ca7fb2298893d354736b80e15229ca5f3cf0372d505bc239ece8c58b715b6c9df882f9c8edb343b4141768f983a45197f3a769c3ae45f8381e672cc3ceff7ee223d100582bc6c3e4c21dd34ce4757ef4c07e069df6042327d,gx-no-cache=1520866869175 HTTP/1.1" 200 30
192.168.10.56 - - [12/Mar/2018:12:03:52 -0300] "POST /cormun/servlet/solicitudgral2?15985d5a665fc0e81c8abca4797067c8,UPD,2018,10270,,gx-no-cache=1520866869199 HTTP/1.1" 200 93
192.168.10.56 - - [12/Mar/2018:12:03:52 -0300] "GET /cormun/servlet/hpexe_return? HTTP/1.1" 200 1031
192.168.10.56 - - [12/Mar/2018:12:03:52 -0300] "GET /cormun/servlet/trsolicitudgral?gx-no-cache=1520865152372 HTTP/1.1" 200 11078
192.168.10.56 - - [12/Mar/2018:12:03:52 -0300] "GET /cormun/servlet/trsolicitudgral?gx-no-cache=1520865152372 HTTP/1.1" 200 11094
192.168.10.56 - - [12/Mar/2018:12:04:01 -0300] "GET /cormun/servlet/solicitudgral2?UPD,2018,10269, HTTP/1.1" 200 12998
192.168.10.56 - - [12/Mar/2018:12:04:02 -0300] "GET /cormun/servlet/solicitudgral2?UPD,2018,10269, HTTP/1.1" 200 12988
192.168.10.56 - - [12/Mar/2018:12:04:02 -0300] "POST /cormun/servlet/solicitudgral2?gx-no-cache=1520866879524 HTTP/1.1" 200 3906
192.168.10.56 - - [12/Mar/2018:12:04:02 -0300] "GET /cormun/servlet/solicitudgral2?34126cd21a229b02da29e1df61f0368983cb8b60190f3af8c260cb3b200f233a6d1172bcb6b9bd1ae94b7e0a2997b5eacad79e396204d5eaab231ee24396521afddb2b4271504d4717fc81db489ce64db86b361e4fd7f8c214fd108763966053190c155b686d7948bdded053071acbd3f6ec9026b793784437c8fc98684a9ed6b4ce51e336bbcef54f6219d1c0cefd1c38ea233836a743b14c0e2ff92dcbb6403dc2233bff977d2cd47493fae9773720fb65c09bae4ffcba906ecd438aad32223bc30c0bcf6122ac90897a8d3807b95c1a3bc9d59aaf79f0cfb1d0d47c52bde29b642ede83edf6dfe70581c8333dbf7fa098b2187c2518e69837cf733a8a123f929cd9291aeb77b5c55a11b2dc69c7521d7956df8e3946d2f4205555242a303d142ffe1d46cea5ef0338727b1fef7aa2e7f3fd4475290ff793c7be03efd6ae5df33385ba598e872c5e945f8397434eeb,gx-no-cache=1520866879648 HTTP/1.1" 200 255
192.168.10.56 - - [12/Mar/2018:12:04:02 -0300] "POST /cormun/servlet/solicitudgral2?gx-no-cache=1520866879671 HTTP/1.1" 200 1399
192.168.10.56 - - [12/Mar/2018:12:04:02 -0300] "GET /cormun/servlet/solicitudgral2?34126cd21a229b02da29e1df61f03689f4127972db6b3b47699e2f8500a300d0f4f6392bf6786462631a49ce2302a5102a95fcca9c08b2aa2e6363ec282962355849cedbe3625e1f329a7eebc28ed797eabac1b41ab5f32bbacdfc5b828104aaeff62889a2cb57478812a3d2a5cc4f83,gx-no-cache=1520866879718 HTTP/1.1" 200 41
192.168.10.56 - - [12/Mar/2018:12:04:06 -0300] "POST /cormun/servlet/solicitudgral2?15985d5a665fc0e81c8abca4797067c8,UPD,2018,10269,,gx-no-cache=1520866882776 HTTP/1.1" 200 11879
192.168.10.56 - - [12/Mar/2018:12:04:06 -0300] "GET /cormun/servlet/solicitudgral2?34126cd21a229b02da29e1df61f03689309a6d4aea2e3992625252b4629d71b3092dc281d6be4c36d40482ddb8fee386282c2a6421251027077f3b27762ffebc7fee5bd80cc23d3bf5e24130ba4d1c91af10dcfe6295d32a71b71c6ac43fbddbcc2026b353e8e238c0bdda4e34529b502e682ac5314105ce6865fd6315f4624038f35220784c15edbbbfb3f2a5f85bf66d9c53de379126ab3de7b4332a2cc1a5,gx-no-cache=1520866882970 HTTP/1.1" 200 29
192.168.10.56 - - [12/Mar/2018:12:04:06 -0300] "POST /cormun/servlet/solicitudgral2?gx-no-cache=1520866882984 HTTP/1.1" 200 1295
192.168.10.56 - - [12/Mar/2018:12:04:06 -0300] "POST /cormun/servlet/solicitudgral2?gx-no-cache=1520866883010 HTTP/1.1" 200 1219
192.168.10.56 - - [12/Mar/2018:12:04:06 -0300] "GET /cormun/servlet/solicitudgral2?34126cd21a229b02da29e1df61f03689184469e6a94684514f3f82b528e261eb9ee611f6ae1acd9ca7fb2298893d354736b80e15229ca5f3cf0372d505bc239ece8c58b715b6c9df882f9c8edb343b4141768f983a45197f3a769c3ae45f8381e672cc3ceff7ee223d100582bc6c3e4c21dd34ce4757ef4c07e069df6042327d,gx-no-cache=1520866883043 HTTP/1.1" 200 30
192.168.10.56 - - [12/Mar/2018:12:04:06 -0300] "POST /cormun/servlet/solicitudgral2?15985d5a665fc0e81c8abca4797067c8,UPD,2018,10269,,gx-no-cache=1520866883072 HTTP/1.1" 200 93
192.168.10.56 - - [12/Mar/2018:12:04:06 -0300] "GET /cormun/servlet/hpexe_return? HTTP/1.1" 200 1031
192.168.10.56 - - [12/Mar/2018:12:04:06 -0300] "GET /cormun/servlet/trsolicitudgral?gx-no-cache=1520865152372 HTTP/1.1" 200 10743
192.168.10.56 - - [12/Mar/2018:12:04:06 -0300] "GET /cormun/servlet/trsolicitudgral?gx-no-cache=1520865152372 HTTP/1.1" 200 10760
192.168.10.56 - - [12/Mar/2018:12:04:12 -0300] "GET /cormun/servlet/solicitudgral2?UPD,2018,10268, HTTP/1.1" 200 12994
192.168.10.56 - - [12/Mar/2018:12:04:12 -0300] "GET /cormun/servlet/solicitudgral2?UPD,2018,10268, HTTP/1.1" 200 12984
192.168.10.56 - - [12/Mar/2018:12:04:13 -0300] "POST /cormun/servlet/solicitudgral2?gx-no-cache=1520866889919 HTTP/1.1" 200 3901
192.168.10.56 - - [12/Mar/2018:12:04:13 -0300] "GET /cormun/servlet/solicitudgral2?34126cd21a229b02da29e1df61f0368983cb8b60190f3af8c260cb3b200f233a6d1172bcb6b9bd1ae94b7e0a2997b5eacad79e396204d5eaab231ee24396521afddb2b4271504d4717fc81db489ce64db86b361e4fd7f8c214fd108763966053190c155b686d7948bdded053071acbd3f6ec9026b793784437c8fc98684a9ed6b4ce51e336bbcef54f6219d1c0cefd1c38ea233836a743b14c0e2ff92dcbb6403dc2233bff977d2cd47493fae9773720fb65c09bae4ffcba906ecd438aad32223bc30c0bcf6122ac90897a8d3807b95c1a3bc9d59aaf79f0cfb1d0d47c52bde29b642ede83edf6dfe70581c8333dbf7fa098b2187c2518e69837cf733a8a123f929cd9291aeb77b5c55a11b2dc69c7521d7956df8e3946d2f4205555242a303d142ffe1d46cea5ef0338727b1fef7aa2e7f3fd4475290ff793c7be03efd6ae5df33385ba598e872c5e945f8397434eeb,gx-no-cache=1520866890047 HTTP/1.1" 200 255
192.168.10.56 - - [12/Mar/2018:12:04:13 -0300] "POST /cormun/servlet/solicitudgral2?gx-no-cache=1520866890072 HTTP/1.1" 200 1399
192.168.10.56 - - [12/Mar/2018:12:04:13 -0300] "GET /cormun/servlet/solicitudgral2?34126cd21a229b02da29e1df61f03689f4127972db6b3b47699e2f8500a300d0f4f6392bf6786462631a49ce2302a5102a95fcca9c08b2aa2e6363ec282962355849cedbe3625e1f329a7eebc28ed797eabac1b41ab5f32bbacdfc5b828104aaeff62889a2cb57478812a3d2a5cc4f83,gx-no-cache=1520866890120 HTTP/1.1" 200 41
186.103.156.24 - - [12/Mar/2018:12:04:15 -0300] "GET /cormun/servlet/hlogin HTTP/1.1" 200 1722
192.168.10.56 - - [12/Mar/2018:12:04:15 -0300] "POST /cormun/servlet/solicitudgral2?15985d5a665fc0e81c8abca4797067c8,UPD,2018,10268,,gx-no-cache=1520866892769 HTTP/1.1" 200 11869
192.168.10.56 - - [12/Mar/2018:12:04:16 -0300] "GET /cormun/servlet/solicitudgral2?34126cd21a229b02da29e1df61f03689309a6d4aea2e3992625252b4629d71b3092dc281d6be4c36d40482ddb8fee386282c2a6421251027077f3b27762ffebc7fee5bd80cc23d3bf5e24130ba4d1c91af10dcfe6295d32a71b71c6ac43fbddbcc2026b353e8e238c0bdda4e34529b502e682ac5314105ce6865fd6315f4624038f35220784c15edbbbfb3f2a5f85bf66d9c53de379126ab3de7b4332a2cc1a5,gx-no-cache=1520866892944 HTTP/1.1" 200 29
192.168.10.56 - - [12/Mar/2018:12:04:16 -0300] "POST /cormun/servlet/solicitudgral2?gx-no-cache=1520866892959 HTTP/1.1" 200 1295
192.168.10.56 - - [12/Mar/2018:12:04:16 -0300] "POST /cormun/servlet/solicitudgral2?gx-no-cache=1520866892991 HTTP/1.1" 200 1219
192.168.10.56 - - [12/Mar/2018:12:04:16 -0300] "GET /cormun/servlet/solicitudgral2?34126cd21a229b02da29e1df61f03689184469e6a94684514f3f82b528e261eb9ee611f6ae1acd9ca7fb2298893d354736b80e15229ca5f3cf0372d505bc239ece8c58b715b6c9df882f9c8edb343b4141768f983a45197f3a769c3ae45f8381e672cc3ceff7ee223d100582bc6c3e4c21dd34ce4757ef4c07e069df6042327d,gx-no-cache=1520866893027 HTTP/1.1" 200 30
192.168.10.56 - - [12/Mar/2018:12:04:16 -0300] "POST /cormun/servlet/solicitudgral2?15985d5a665fc0e81c8abca4797067c8,UPD,2018,10268,,gx-no-cache=1520866893051 HTTP/1.1" 200 93
192.168.10.56 - - [12/Mar/2018:12:04:16 -0300] "GET /cormun/servlet/hpexe_return? HTTP/1.1" 200 1031
192.168.10.56 - - [12/Mar/2018:12:04:16 -0300] "GET /cormun/servlet/trsolicitudgral?gx-no-cache=1520865152372 HTTP/1.1" 200 10347
192.168.10.56 - - [12/Mar/2018:12:04:16 -0300] "GET /cormun/servlet/trsolicitudgral?gx-no-cache=1520865152372 HTTP/1.1" 200 10363
186.103.156.24 - - [12/Mar/2018:12:04:27 -0300] "POST /cormun/servlet/hlogin?090794267a094fb5eb2b1c9b33a8ba27,gx-no-cache=1520867017065 HTTP/1.1" 200 90
186.103.156.24 - - [12/Mar/2018:12:04:27 -0300] "GET /cormun/servlet/hpexe_link HTTP/1.1" 200 955
186.103.156.24 - - [12/Mar/2018:12:04:27 -0300] "GET /cormun/servlet/hhome HTTP/1.1" 200 4237
186.103.156.24 - - [12/Mar/2018:12:04:27 -0300] "GET /cormun/servlet/hhome HTTP/1.1" 200 4233
192.168.10.56 - - [12/Mar/2018:12:04:41 -0300] "POST /cormun/servlet/trsolicitudgral?15985d5a665fc0e81c8abca4797067c8,gx-no-cache=1520865152372,gx-no-cache=1520866917684 HTTP/1.1" 200 6115
192.168.10.56 - - [12/Mar/2018:12:04:41 -0300] "GET /cormun/static/Shared/jqueryui/images/ui-bg_highlight-soft_100_c6c2c8_1x100.png HTTP/1.1" 404 1117
192.168.10.56 - - [12/Mar/2018:12:04:41 -0300] "GET /cormun/static/Shared/jqueryui/images/ui-icons_82798d_256x240.png HTTP/1.1" 404 1089
192.168.10.56 - - [12/Mar/2018:12:04:41 -0300] "GET /cormun/static/Shared/jqueryui/images/ui-icons_8d78a5_256x240.png HTTP/1.1" 404 1089
192.168.10.56 - - [12/Mar/2018:12:04:41 -0300] "GET /cormun/static/Shared/jqueryui/images/ui-bg_flat_55_fafafa_40x100.png HTTP/1.1" 404 1097
192.168.10.56 - - [12/Mar/2018:12:04:44 -0300] "POST /cormun/servlet/trsolicitudgral?15985d5a665fc0e81c8abca4797067c8,gx-no-cache=1520865152372,gx-no-cache=1520866920976 HTTP/1.1" 200 7287
192.168.10.56 - - [12/Mar/2018:12:05:01 -0300] "POST /cormun/servlet/trsolicitudgral?15985d5a665fc0e81c8abca4797067c8,gx-no-cache=1520865152372,gx-no-cache=1520866938094 HTTP/1.1" 200 6136
192.168.10.56 - - [12/Mar/2018:12:05:05 -0300] "POST /cormun/servlet/trsolicitudgral?15985d5a665fc0e81c8abca4797067c8,gx-no-cache=1520865152372,gx-no-cache=1520866941733 HTTP/1.1" 200 13234
192.168.10.96 - - [12/Mar/2018:12:05:18 -0300] "GET /cormun/servlet/trsolicitudot? HTTP/1.1" 200 7919
192.168.10.96 - - [12/Mar/2018:12:05:19 -0300] "GET /cormun/static/gxcfg.js?2017111422585916 HTTP/1.1" 304 -
192.168.10.96 - - [12/Mar/2018:12:05:19 -0300] "GET /cormun/servlet/trsolicitudot? HTTP/1.1" 200 7919
192.168.10.56 - - [12/Mar/2018:12:05:34 -0300] "POST /cormun/servlet/trsolicitudgral?15985d5a665fc0e81c8abca4797067c8,gx-no-cache=1520865152372,gx-no-cache=1520866971431 HTTP/1.1" 200 7805
192.168.10.56 - - [12/Mar/2018:12:06:20 -0300] "GET /cormun/servlet/solicitudgral3?UPD,2018,10043, HTTP/1.1" 200 13692
192.168.10.56 - - [12/Mar/2018:12:06:20 -0300] "GET /cormun/servlet/solicitudgral3?UPD,2018,10043, HTTP/1.1" 200 13681
192.168.10.56 - - [12/Mar/2018:12:06:21 -0300] "POST /cormun/servlet/solicitudgral3?gx-no-cache=1520867018213 HTTP/1.1" 200 4037
192.168.10.56 - - [12/Mar/2018:12:06:21 -0300] "GET /cormun/servlet/solicitudgral3?34126cd21a229b02da29e1df61f0368983cb8b60190f3af8c260cb3b200f233a20d4b1c3c41900b9da161adc42359ddacad79e396204d5eaab231ee24396521afddb2b4271504d4717fc81db489ce64db86b361e4fd7f8c214fd108763966053190c155b686d7948bdded053071acbd3f6ec9026b793784437c8fc98684a9ed6b4ce51e336bbcef54f6219d1c0cefd1c38ea233836a743b14c0e2ff92dcbb6403dc2233bff977d2cd47493fae9773720fb65c09bae4ffcba906ecd438aad32223bc30c0bcf6122ac90897a8d3807b95c1a3bc9d59aaf79f0cfb1d0d47c52bde29b642ede83edf6dfe70581c8333dbf7fa098b2187c2518e69837cf733a8a123f929cd9291aeb77b5c55a11b2dc69c7521d7956df8e3946d2f4205555242a303d142ffe1d46cea5ef0338727b1fef7aa2e7f3fd4475290ff793c7be03efd6ae5df33385ba598e872c5e945f8397434eeb,gx-no-cache=1520867018348 HTTP/1.1" 200 297
192.168.10.56 - - [12/Mar/2018:12:06:21 -0300] "POST /cormun/servlet/solicitudgral3?gx-no-cache=1520867018373 HTTP/1.1" 200 1401
192.168.10.56 - - [12/Mar/2018:12:06:21 -0300] "GET /cormun/servlet/solicitudgral3?34126cd21a229b02da29e1df61f03689f4127972db6b3b47699e2f8500a300d0f4f6392bf6786462631a49ce2302a5102a95fcca9c08b2aa2e6363ec282962355849cedbe3625e1f329a7eebc28ed797347b2c1d9fb3172225ed74d784684403de36bc90c02032d0d3290a87daf0e3322f011865786dbf6d1a9296b6a4cb9c72,gx-no-cache=1520867018460 HTTP/1.1" 200 41
192.168.10.56 - - [12/Mar/2018:12:06:22 -0300] "POST /cormun/servlet/solicitudgral3?15985d5a665fc0e81c8abca4797067c8,UPD,2018,10043,,gx-no-cache=1520867019105 HTTP/1.1" 200 12314
192.168.10.56 - - [12/Mar/2018:12:06:22 -0300] "GET /cormun/servlet/solicitudgral3?34126cd21a229b02da29e1df61f03689fb844db95af45abda7afc294ec8679b2092dc281d6be4c36d40482ddb8fee386e2618242666b46316b6d47ec3e23712167ae58738ab64509bad7bddce0eb2631813ed7abb61809e3d078d1fd99faf2309b2dc28397a1eca2e26bad4f495ec50f,gx-no-cache=1520867019282 HTTP/1.1" 200 29
192.168.10.56 - - [12/Mar/2018:12:06:22 -0300] "POST /cormun/servlet/solicitudgral3?gx-no-cache=1520867019296 HTTP/1.1" 200 1296
192.168.10.56 - - [12/Mar/2018:12:06:22 -0300] "POST /cormun/servlet/solicitudgral3?gx-no-cache=1520867019324 HTTP/1.1" 200 1218
192.168.10.56 - - [12/Mar/2018:12:06:27 -0300] "GET /cormun/servlet/solicitudgral3?34126cd21a229b02da29e1df61f03689184469e6a94684514f3f82b528e261eb3e6231aa4fa6aed797943569c7f3f4c40db0fdb22a8496653b24f18260a9976ccad79e396204d5eaab231ee24396521aa17d6b0eea893427daf727e36258be9edd5e10bd267aac368b5db1148479c9c31d7af7f176a633930b088d3d34b898ca19e4a16ca12df830c4d1e6e128ac7e53,gx-no-cache=1520867024675 HTTP/1.1" 200 30
192.168.10.56 - - [12/Mar/2018:12:06:27 -0300] "POST /cormun/servlet/solicitudgral3?15985d5a665fc0e81c8abca4797067c8,UPD,2018,10043,,gx-no-cache=1520867024691 HTTP/1.1" 200 93
192.168.10.56 - - [12/Mar/2018:12:06:27 -0300] "GET /cormun/servlet/hpexe_return? HTTP/1.1" 200 1031
192.168.10.56 - - [12/Mar/2018:12:06:28 -0300] "GET /cormun/servlet/trsolicitudgral?gx-no-cache=1520865152372 HTTP/1.1" 200 10825
192.168.10.56 - - [12/Mar/2018:12:06:28 -0300] "GET /cormun/servlet/trsolicitudgral?gx-no-cache=1520865152372 HTTP/1.1" 200 10842
192.168.10.56 - - [12/Mar/2018:12:06:37 -0300] "POST /cormun/servlet/trsolicitudgral?15985d5a665fc0e81c8abca4797067c8,gx-no-cache=1520865152372,gx-no-cache=1520867034309 HTTP/1.1" 200 6125
192.168.10.56 - - [12/Mar/2018:12:06:37 -0300] "GET /cormun/static/Shared/jqueryui/images/ui-bg_highlight-soft_100_c6c2c8_1x100.png HTTP/1.1" 404 1117
192.168.10.56 - - [12/Mar/2018:12:06:37 -0300] "GET /cormun/static/Shared/jqueryui/images/ui-icons_82798d_256x240.png HTTP/1.1" 404 1089
192.168.10.56 - - [12/Mar/2018:12:06:37 -0300] "GET /cormun/static/Shared/jqueryui/images/ui-bg_flat_55_fafafa_40x100.png HTTP/1.1" 404 1097
192.168.10.56 - - [12/Mar/2018:12:06:37 -0300] "GET /cormun/static/Shared/jqueryui/images/ui-icons_8d78a5_256x240.png HTTP/1.1" 404 1089
192.168.10.56 - - [12/Mar/2018:12:06:41 -0300] "POST /cormun/servlet/trsolicitudgral?15985d5a665fc0e81c8abca4797067c8,gx-no-cache=1520865152372,gx-no-cache=1520867038028 HTTP/1.1" 200 13234
186.103.157.42 - - [12/Mar/2018:12:07:52 -0300] "GET /cormun/static/menuarrow.gif HTTP/1.1" 404 1015
186.103.157.42 - - [12/Mar/2018:12:07:56 -0300] "POST /cormun/servlet/trautorizarsolicitud?a79e8bf71e229d71bd94d760aaa7fe26,,gx-no-cache=1520866973693 HTTP/1.1" 440 972
186.103.157.42 - - [12/Mar/2018:12:07:59 -0300] "GET /cormun/servlet/trautorizarsolicitud? HTTP/1.1" 200 6296
186.103.157.42 - - [12/Mar/2018:12:08:00 -0300] "GET /cormun/static/messages.spa.js?85251 HTTP/1.1" 304 -
186.103.157.42 - - [12/Mar/2018:12:08:00 -0300] "GET /cormun/servlet/trautorizarsolicitud? HTTP/1.1" 200 6296
186.103.157.42 - - [12/Mar/2018:12:08:01 -0300] "GET /cormun/servlet/hlogin HTTP/1.1" 200 1747
186.103.157.42 - - [12/Mar/2018:12:08:02 -0300] "POST /cormun/servlet/hlogin?31a21226b45aa2f999fab63b6bbdf62e,gx-no-cache=1520866979471 HTTP/1.1" 200 90
186.103.157.42 - - [12/Mar/2018:12:08:02 -0300] "GET /cormun/servlet/hpexe_link HTTP/1.1" 200 967
186.103.157.42 - - [12/Mar/2018:12:08:03 -0300] "GET /cormun/servlet/trautorizarsolicitud HTTP/1.1" 200 8604
186.103.157.42 - - [12/Mar/2018:12:08:03 -0300] "GET /cormun/servlet/trautorizarsolicitud HTTP/1.1" 200 8603
186.103.157.42 - - [12/Mar/2018:12:08:07 -0300] "GET /cormun/static/menuarrow.gif HTTP/1.1" 404 1015
192.168.10.96 - - [12/Mar/2018:12:08:15 -0300] "GET /cormun/servlet/trsolicitudgral? HTTP/1.1" 200 28796
192.168.10.96 - - [12/Mar/2018:12:08:16 -0300] "GET /cormun/servlet/trsolicitudgral? HTTP/1.1" 200 28795
186.103.157.42 - - [12/Mar/2018:12:08:19 -0300] "POST /cormun/servlet/trautorizarsolicitud?31a21226b45aa2f999fab63b6bbdf62e,gx-no-cache=1520866995691 HTTP/1.1" 200 22345
192.168.10.96 - - [12/Mar/2018:12:08:25 -0300] "POST /cormun/servlet/trsolicitudgral?47ab37127b02039d09afd8b25e049bb1,,gx-no-cache=1520867142092 HTTP/1.1" 200 9633
192.168.10.56 - - [12/Mar/2018:12:08:28 -0300] "POST /cormun/servlet/trsolicitudgral?15985d5a665fc0e81c8abca4797067c8,gx-no-cache=1520865152372,gx-no-cache=1520867145354 HTTP/1.1" 200 115
192.168.10.56 - - [12/Mar/2018:12:08:28 -0300] "GET /cormun/servlet/solicitudotlog?INS,2018,7889,0,REC, HTTP/1.1" 200 6302
192.168.10.56 - - [12/Mar/2018:12:08:28 -0300] "GET /cormun/servlet/solicitudotlog?INS,2018,7889,0,REC, HTTP/1.1" 200 6281
192.168.10.56 - - [12/Mar/2018:12:08:29 -0300] "GET /cormun/servlet/solicitudotlog?34126cd21a229b02da29e1df61f0368905fee3f636d28f3ff78cbb042120838aa098b2187c2518e69837cf733a8a123f8623e69c744bdac9a8dd8bac5d5054f807b4ffc679d1078df054b5e1ce2165f21b0aa6637de6946d113094931874ec01ba8b41d70cb111078eaf0c58705f6cfc113269aa7a20d6906a6e1364e503ff57b80fa2a4325d8b595f9edba0e9afbddbf4e0b5f2b89e7990a5277f6f9c3dc1ad,gx-no-cache=1520867146270 HTTP/1.1" 200 94
192.168.10.56 - - [12/Mar/2018:12:08:42 -0300] "POST /cormun/servlet/solicitudotlog?15985d5a665fc0e81c8abca4797067c8,INS,2018,7889,0,REC,,gx-no-cache=1520867159144 HTTP/1.1" 200 93
192.168.10.56 - - [12/Mar/2018:12:08:42 -0300] "GET /cormun/servlet/hpexe_return? HTTP/1.1" 200 1038
192.168.10.56 - - [12/Mar/2018:12:08:42 -0300] "GET /cormun/servlet/trsolicitudgral?gx-no-cache=1520865152372 HTTP/1.1" 200 15940
192.168.10.56 - - [12/Mar/2018:12:08:43 -0300] "GET /cormun/servlet/trsolicitudgral?gx-no-cache=1520865152372 HTTP/1.1" 200 15956
192.168.10.56 - - [12/Mar/2018:12:08:46 -0300] "POST /cormun/servlet/trsolicitudgral?15985d5a665fc0e81c8abca4797067c8,gx-no-cache=1520865152372,gx-no-cache=1520867163370 HTTP/1.1" 200 115
192.168.10.56 - - [12/Mar/2018:12:08:46 -0300] "GET /cormun/servlet/solicitudotlog?INS,2018,7888,0,REC, HTTP/1.1" 200 6303
192.168.10.56 - - [12/Mar/2018:12:08:46 -0300] "GET /cormun/servlet/solicitudotlog?INS,2018,7888,0,REC, HTTP/1.1" 200 6282
192.168.10.56 - - [12/Mar/2018:12:08:47 -0300] "GET /cormun/servlet/solicitudotlog?34126cd21a229b02da29e1df61f036898de5fdee86ba821b3541d1649fde6b9aa098b2187c2518e69837cf733a8a123f8623e69c744bdac9a8dd8bac5d5054f807b4ffc679d1078df054b5e1ce2165f21b0aa6637de6946d113094931874ec01ba8b41d70cb111078eaf0c58705f6cfc113269aa7a20d6906a6e1364e503ff57b80fa2a4325d8b595f9edba0e9afbddbf4e0b5f2b89e7990a5277f6f9c3dc1ad,gx-no-cache=1520867164202 HTTP/1.1" 200 94
192.168.10.96 - - [12/Mar/2018:12:08:49 -0300] "GET /cormun/servlet/vesolicitudgral?2018,10090,, HTTP/1.1" 200 9258
192.168.10.96 - - [12/Mar/2018:12:08:49 -0300] "GET /cormun/pexe_scrolldiv.js HTTP/1.1" 404 1009
192.168.10.96 - - [12/Mar/2018:12:08:49 -0300] "GET /cormun/static/gxcfg.js?201711151294153 HTTP/1.1" 304 -
192.168.10.96 - - [12/Mar/2018:12:08:49 -0300] "GET /cormun/static/vesolicitudgral.js?201711151294244 HTTP/1.1" 304 -
192.168.10.96 - - [12/Mar/2018:12:08:49 -0300] "GET /cormun/pexe_scrolldiv.js HTTP/1.1" 404 1009
192.168.10.96 - - [12/Mar/2018:12:08:50 -0300] "GET /cormun/servlet/vesolicitudgral?2018,10090,, HTTP/1.1" 200 9258
192.168.10.96 - - [12/Mar/2018:12:08:52 -0300] "GET /cormun/servlet/vesolicitudgral?2018,10090,,SolicitudOTAdjuntos HTTP/1.1" 200 11278
192.168.10.96 - - [12/Mar/2018:12:08:52 -0300] "GET /cormun/pexe_scrolldiv.js HTTP/1.1" 404 1009
192.168.10.96 - - [12/Mar/2018:12:08:52 -0300] "GET /cormun/static/tbsolicitudgral02.js?20171115129853 HTTP/1.1" 304 -
192.168.10.96 - - [12/Mar/2018:12:08:52 -0300] "GET /cormun/pexe_scrolldiv.js HTTP/1.1" 404 1009
192.168.10.96 - - [12/Mar/2018:12:08:52 -0300] "GET /cormun/servlet/vesolicitudgral?2018,10090,,SolicitudOTAdjuntos HTTP/1.1" 200 11281
192.168.10.96 - - [12/Mar/2018:12:08:53 -0300] "POST /cormun/servlet/acontrolpreferencessavestate?None,DZAMUDIO,true HTTP/1.1" 200 35
192.168.10.96 - - [12/Mar/2018:12:08:54 -0300] "GET /cormun/PublicTempStorage/ced.ident118283.pdf HTTP/1.1" 200 255515
192.168.10.56 - - [12/Mar/2018:12:08:54 -0300] "POST /cormun/servlet/solicitudotlog?15985d5a665fc0e81c8abca4797067c8,INS,2018,7888,0,REC,,gx-no-cache=1520867171231 HTTP/1.1" 200 93
192.168.10.56 - - [12/Mar/2018:12:08:54 -0300] "GET /cormun/servlet/hpexe_return? HTTP/1.1" 200 1037
192.168.10.56 - - [12/Mar/2018:12:08:54 -0300] "GET /cormun/servlet/trsolicitudgral?gx-no-cache=1520865152372 HTTP/1.1" 200 15585
192.168.10.56 - - [12/Mar/2018:12:08:55 -0300] "GET /cormun/servlet/trsolicitudgral?gx-no-cache=1520865152372 HTTP/1.1" 200 15601
192.168.10.56 - - [12/Mar/2018:12:09:12 -0300] "POST /cormun/servlet/trsolicitudgral?15985d5a665fc0e81c8abca4797067c8,gx-no-cache=1520865152372,gx-no-cache=1520867189801 HTTP/1.1" 200 115
192.168.10.56 - - [12/Mar/2018:12:09:13 -0300] "GET /cormun/servlet/solicitudotlog?INS,2018,7855,0,REC, HTTP/1.1" 200 6303
192.168.10.56 - - [12/Mar/2018:12:09:13 -0300] "GET /cormun/servlet/solicitudotlog?INS,2018,7855,0,REC, HTTP/1.1" 200 6281
192.168.10.56 - - [12/Mar/2018:12:09:13 -0300] "GET /cormun/servlet/solicitudotlog?34126cd21a229b02da29e1df61f03689ee0649515b4c93ad4a8168f51800ab02a098b2187c2518e69837cf733a8a123f8623e69c744bdac9a8dd8bac5d5054f807b4ffc679d1078df054b5e1ce2165f21b0aa6637de6946d113094931874ec01ba8b41d70cb111078eaf0c58705f6cfc113269aa7a20d6906a6e1364e503ff57b80fa2a4325d8b595f9edba0e9afbddbf4e0b5f2b89e7990a5277f6f9c3dc1ad,gx-no-cache=1520867190668 HTTP/1.1" 200 94
192.168.10.56 - - [12/Mar/2018:12:09:20 -0300] "POST /cormun/servlet/solicitudotlog?15985d5a665fc0e81c8abca4797067c8,INS,2018,7855,0,REC,,gx-no-cache=1520867196894 HTTP/1.1" 200 93
192.168.10.56 - - [12/Mar/2018:12:09:20 -0300] "GET /cormun/servlet/hpexe_return? HTTP/1.1" 200 1037
192.168.10.56 - - [12/Mar/2018:12:09:20 -0300] "GET /cormun/servlet/trsolicitudgral?gx-no-cache=1520865152372 HTTP/1.1" 200 15341
192.168.10.96 - - [12/Mar/2018:12:09:20 -0300] "GET /cormun/servlet/vesolicitudgral?2018,10090,,SolicitudOTAdjuntos HTTP/1.1" 200 11281
192.168.10.56 - - [12/Mar/2018:12:09:21 -0300] "GET /cormun/servlet/trsolicitudgral?gx-no-cache=1520865152372 HTTP/1.1" 200 15357
192.168.10.96 - - [12/Mar/2018:12:09:21 -0300] "GET /cormun/servlet/vesolicitudgral?2018,10090,,SolicitudOTAdjuntos HTTP/1.1" 200 11280
192.168.10.96 - - [12/Mar/2018:12:09:22 -0300] "POST /cormun/servlet/acontrolpreferencessavestate?None,DZAMUDIO,true HTTP/1.1" 200 35
192.168.10.96 - - [12/Mar/2018:12:09:23 -0300] "GET /cormun/PublicTempStorage/ed.media6758444.pdf HTTP/1.1" 200 197277
192.168.10.56 - - [12/Mar/2018:12:09:23 -0300] "POST /cormun/servlet/trsolicitudgral?15985d5a665fc0e81c8abca4797067c8,gx-no-cache=1520865152372,gx-no-cache=1520867200489 HTTP/1.1" 200 115
192.168.10.56 - - [12/Mar/2018:12:09:23 -0300] "GET /cormun/servlet/solicitudotlog?INS,2018,7854,0,REC, HTTP/1.1" 200 6303
192.168.10.56 - - [12/Mar/2018:12:09:23 -0300] "GET /cormun/servlet/solicitudotlog?INS,2018,7854,0,REC, HTTP/1.1" 200 6281
