192.168.10.56 - - [12/Mar/2018:12:09:24 -0300] "GET /cormun/servlet/solicitudotlog?34126cd21a229b02da29e1df61f03689c8a27059934530a6c45ba3962d5ba80ba098b2187c2518e69837cf733a8a123f8623e69c744bdac9a8dd8bac5d5054f807b4ffc679d1078df054b5e1ce2165f21b0aa6637de6946d113094931874ec01ba8b41d70cb111078eaf0c58705f6cfc113269aa7a20d6906a6e1364e503ff57b80fa2a4325d8b595f9edba0e9afbddbf4e0b5f2b89e7990a5277f6f9c3dc1ad,gx-no-cache=1520867201331 HTTP/1.1" 200 94
192.168.10.96 - - [12/Mar/2018:12:09:26 -0300] "GET /cormun/servlet/vesolicitudgral?2018,10090,,SolicitudOTAdjuntos HTTP/1.1" 200 11281
192.168.10.96 - - [12/Mar/2018:12:09:27 -0300] "GET /cormun/servlet/vesolicitudgral?2018,10090,,SolicitudOTAdjuntos HTTP/1.1" 200 11284
192.168.10.96 - - [12/Mar/2018:12:09:28 -0300] "POST /cormun/servlet/acontrolpreferencessavestate?None,DZAMUDIO,true HTTP/1.1" 200 35
192.168.10.96 - - [12/Mar/2018:12:09:30 -0300] "GET /cormun/PublicTempStorage/afp6454270.pdf HTTP/1.1" 200 260107
192.168.10.56 - - [12/Mar/2018:12:09:30 -0300] "POST /cormun/servlet/solicitudotlog?15985d5a665fc0e81c8abca4797067c8,INS,2018,7854,0,REC,,gx-no-cache=1520867207571 HTTP/1.1" 200 93
192.168.10.56 - - [12/Mar/2018:12:09:30 -0300] "GET /cormun/servlet/hpexe_return? HTTP/1.1" 200 1037
192.168.10.56 - - [12/Mar/2018:12:09:30 -0300] "GET /cormun/servlet/trsolicitudgral?gx-no-cache=1520865152372 HTTP/1.1" 200 14980
192.168.10.56 - - [12/Mar/2018:12:09:31 -0300] "GET /cormun/servlet/trsolicitudgral?gx-no-cache=1520865152372 HTTP/1.1" 200 14996
192.168.10.96 - - [12/Mar/2018:12:09:37 -0300] "GET /cormun/servlet/vesolicitudgral?2018,10090,,SolicitudOTAdjuntos HTTP/1.1" 200 11281
192.168.10.96 - - [12/Mar/2018:12:09:37 -0300] "GET /cormun/servlet/vesolicitudgral?2018,10090,,SolicitudOTAdjuntos HTTP/1.1" 200 11282
192.168.10.96 - - [12/Mar/2018:12:09:38 -0300] "POST /cormun/servlet/acontrolpreferencessavestate?None,DZAMUDIO,true HTTP/1.1" 200 35
192.168.10.96 - - [12/Mar/2018:12:09:39 -0300] "GET /cormun/PublicTempStorage/fonasa9476693.pdf HTTP/1.1" 200 212763
192.168.10.96 - - [12/Mar/2018:12:09:44 -0300] "GET /cormun/servlet/vesolicitudgral?2018,10090,,SolicitudOTAdjuntos HTTP/1.1" 200 11283
192.168.10.96 - - [12/Mar/2018:12:09:45 -0300] "GET /cormun/servlet/vesolicitudgral?2018,10090,,SolicitudOTAdjuntos HTTP/1.1" 200 11281
192.168.10.96 - - [12/Mar/2018:12:09:45 -0300] "POST /cormun/servlet/acontrolpreferencessavestate?None,DZAMUDIO,true HTTP/1.1" 200 35
192.168.10.96 - - [12/Mar/2018:12:09:46 -0300] "GET /cormun/PublicTempStorage/antecedentes4930102.pdf HTTP/1.1" 200 400040
192.168.10.96 - - [12/Mar/2018:12:09:51 -0300] "GET /cormun/servlet/vesolicitudgral?2018,10090,,SolicitudOTAdjuntos HTTP/1.1" 200 11279
192.168.10.96 - - [12/Mar/2018:12:09:51 -0300] "GET /cormun/servlet/vesolicitudgral?2018,10090,,SolicitudOTAdjuntos HTTP/1.1" 200 11282
192.168.10.96 - - [12/Mar/2018:12:09:52 -0300] "POST /cormun/servlet/acontrolpreferencessavestate?None,DZAMUDIO,true HTTP/1.1" 200 35
192.168.10.96 - - [12/Mar/2018:12:09:53 -0300] "GET /cormun/PublicTempStorage/curriculum6961720.pdf HTTP/1.1" 200 323739
192.168.10.56 - - [12/Mar/2018:12:10:25 -0300] "GET /cormun/servlet/hlogin HTTP/1.1" 200 1753
186.103.157.42 - - [12/Mar/2018:12:12:01 -0300] "POST /cormun/servlet/trautorizarsolicitud?31a21226b45aa2f999fab63b6bbdf62e,gx-no-cache=1520867217478 HTTP/1.1" 200 22363
186.103.157.42 - - [12/Mar/2018:12:12:02 -0300] "GET /cormun/static/Shared/jqueryui/images/ui-bg_highlight-soft_100_c6c2c8_1x100.png HTTP/1.1" 404 1117
186.103.157.42 - - [12/Mar/2018:12:12:02 -0300] "GET /cormun/static/Shared/jqueryui/images/ui-icons_82798d_256x240.png HTTP/1.1" 404 1089
186.103.157.42 - - [12/Mar/2018:12:12:02 -0300] "GET /cormun/static/Shared/jqueryui/images/ui-bg_flat_55_fafafa_40x100.png HTTP/1.1" 404 1097
186.103.157.42 - - [12/Mar/2018:12:12:02 -0300] "GET /cormun/static/Shared/jqueryui/images/ui-icons_8d78a5_256x240.png HTTP/1.1" 404 1089
192.168.10.96 - - [12/Mar/2018:12:16:15 -0300] "GET /cormun/servlet/vesolicitudgral?2018,10090,,SolicitudOTAdjuntos HTTP/1.1" 200 11287
192.168.10.96 - - [12/Mar/2018:12:16:16 -0300] "GET /cormun/servlet/vesolicitudgral?2018,10090,,SolicitudOTAdjuntos HTTP/1.1" 200 11287
192.168.10.96 - - [12/Mar/2018:12:16:17 -0300] "POST /cormun/servlet/acontrolpreferencessavestate?None,DZAMUDIO,true HTTP/1.1" 200 35
192.168.10.96 - - [12/Mar/2018:12:16:19 -0300] "GET /cormun/servlet/trsolicitudgral? HTTP/1.1" 200 12485
192.168.10.96 - - [12/Mar/2018:12:16:19 -0300] "GET /cormun/servlet/trsolicitudgral? HTTP/1.1" 200 12474
192.168.10.96 - - [12/Mar/2018:12:16:28 -0300] "POST /cormun/servlet/trsolicitudgral?47ab37127b02039d09afd8b25e049bb1,,gx-no-cache=1520867625224 HTTP/1.1" 200 5956
192.168.10.96 - - [12/Mar/2018:12:16:31 -0300] "POST /cormun/servlet/trsolicitudgral?47ab37127b02039d09afd8b25e049bb1,,gx-no-cache=1520867628415 HTTP/1.1" 200 5957
192.168.10.96 - - [12/Mar/2018:12:16:35 -0300] "POST /cormun/servlet/trsolicitudgral?47ab37127b02039d09afd8b25e049bb1,,gx-no-cache=1520867632663 HTTP/1.1" 200 5948
192.168.10.96 - - [12/Mar/2018:12:16:39 -0300] "POST /cormun/servlet/trsolicitudgral?47ab37127b02039d09afd8b25e049bb1,,gx-no-cache=1520867636238 HTTP/1.1" 200 5951
192.168.10.96 - - [12/Mar/2018:12:16:42 -0300] "POST /cormun/servlet/trsolicitudgral?47ab37127b02039d09afd8b25e049bb1,,gx-no-cache=1520867639142 HTTP/1.1" 200 7623
192.168.10.96 - - [12/Mar/2018:12:17:24 -0300] "POST /cormun/servlet/trsolicitudgral?47ab37127b02039d09afd8b25e049bb1,,gx-no-cache=1520867681677 HTTP/1.1" 200 5943
192.168.10.96 - - [12/Mar/2018:12:17:29 -0300] "POST /cormun/servlet/trsolicitudgral?47ab37127b02039d09afd8b25e049bb1,,gx-no-cache=1520867686152 HTTP/1.1" 200 5941
192.168.10.96 - - [12/Mar/2018:12:17:39 -0300] "POST /cormun/servlet/trsolicitudgral?47ab37127b02039d09afd8b25e049bb1,,gx-no-cache=1520867696487 HTTP/1.1" 200 5944
192.168.10.96 - - [12/Mar/2018:12:17:42 -0300] "POST /cormun/servlet/trsolicitudgral?47ab37127b02039d09afd8b25e049bb1,,gx-no-cache=1520867699662 HTTP/1.1" 200 5940
192.168.10.96 - - [12/Mar/2018:12:17:45 -0300] "POST /cormun/servlet/trsolicitudgral?47ab37127b02039d09afd8b25e049bb1,,gx-no-cache=1520867702015 HTTP/1.1" 200 5942
192.168.10.96 - - [12/Mar/2018:12:17:54 -0300] "POST /cormun/servlet/trsolicitudgral?47ab37127b02039d09afd8b25e049bb1,,gx-no-cache=1520867711349 HTTP/1.1" 200 22699
192.168.10.96 - - [12/Mar/2018:12:18:56 -0300] "POST /cormun/servlet/trsolicitudgral?47ab37127b02039d09afd8b25e049bb1,,gx-no-cache=1520867773345 HTTP/1.1" 200 9264
192.168.10.96 - - [12/Mar/2018:12:19:01 -0300] "GET /cormun/servlet/vesolicitudgral?2018,10302,, HTTP/1.1" 200 9287
192.168.10.96 - - [12/Mar/2018:12:19:01 -0300] "GET /cormun/pexe_scrolldiv.js HTTP/1.1" 404 1009
192.168.10.96 - - [12/Mar/2018:12:19:01 -0300] "GET /cormun/pexe_scrolldiv.js HTTP/1.1" 404 1009
192.168.10.96 - - [12/Mar/2018:12:19:01 -0300] "GET /cormun/servlet/vesolicitudgral?2018,10302,, HTTP/1.1" 200 9286
192.168.10.96 - - [12/Mar/2018:12:19:03 -0300] "GET /cormun/servlet/vesolicitudgral?2018,10302,,SolicitudOTAdjuntos HTTP/1.1" 200 7960
192.168.10.96 - - [12/Mar/2018:12:19:03 -0300] "GET /cormun/pexe_scrolldiv.js HTTP/1.1" 404 1009
192.168.10.96 - - [12/Mar/2018:12:19:03 -0300] "GET /cormun/pexe_scrolldiv.js HTTP/1.1" 404 1009
192.168.10.96 - - [12/Mar/2018:12:19:04 -0300] "GET /cormun/servlet/vesolicitudgral?2018,10302,,SolicitudOTAdjuntos HTTP/1.1" 200 7960
192.168.10.96 - - [12/Mar/2018:12:19:04 -0300] "POST /cormun/servlet/acontrolpreferencessavestate?None,DZAMUDIO,true HTTP/1.1" 200 35
192.168.10.96 - - [12/Mar/2018:12:19:06 -0300] "POST /cormun/servlet/vesolicitudgral?47ab37127b02039d09afd8b25e049bb1,2018,10302,,SolicitudOTAdjuntos,gx-no-cache=1520867782979 HTTP/1.1" 200 90
192.168.10.96 - - [12/Mar/2018:12:19:06 -0300] "GET /cormun/servlet/hpexe_link HTTP/1.1" 200 978
192.168.10.96 - - [12/Mar/2018:12:19:06 -0300] "GET /cormun/servlet/trsolicitudgral? HTTP/1.1" 200 12476
192.168.10.96 - - [12/Mar/2018:12:19:06 -0300] "GET /cormun/servlet/trsolicitudgral? HTTP/1.1" 200 12474
201.215.248.160 - - [12/Mar/2018:12:19:13 -0300] "GET /cormun/servlet/hlogin HTTP/1.1" 200 1726
201.215.248.160 - - [12/Mar/2018:12:19:13 -0300] "GET /cormun/static/gxtimezone.js?85251 HTTP/1.1" 304 -
201.215.248.160 - - [12/Mar/2018:12:19:13 -0300] "GET /cormun/static/gxcfg.js?20175251213516 HTTP/1.1" 304 -
201.215.248.160 - - [12/Mar/2018:12:19:13 -0300] "GET /cormun/static/messages.spa.js?85251 HTTP/1.1" 304 -
201.215.248.160 - - [12/Mar/2018:12:19:13 -0300] "GET /cormun/servlet/hlogin HTTP/1.1" 200 1728
201.215.248.160 - - [12/Mar/2018:12:19:36 -0300] "POST /cormun/servlet/hlogin?dd5a072946df574a89c77941497d76c8,gx-no-cache=1520867932415 HTTP/1.1" 200 90
201.215.248.160 - - [12/Mar/2018:12:19:36 -0300] "GET /cormun/servlet/hpexe_link HTTP/1.1" 200 949
201.215.248.160 - - [12/Mar/2018:12:19:36 -0300] "GET /cormun/static/gxcfg.js?20177612121792 HTTP/1.1" 304 -
201.215.248.160 - - [12/Mar/2018:12:19:36 -0300] "GET /cormun/servlet/hhome HTTP/1.1" 200 4207
201.215.248.160 - - [12/Mar/2018:12:19:36 -0300] "GET /cormun/static/gxcfg.js?20175251212442 HTTP/1.1" 304 -
201.215.248.160 - - [12/Mar/2018:12:19:37 -0300] "GET /cormun/servlet/hhome HTTP/1.1" 200 4203
201.215.248.160 - - [12/Mar/2018:12:19:46 -0300] "GET /cormun/servlet/trsolicitudot? HTTP/1.1" 200 7423
201.215.248.160 - - [12/Mar/2018:12:19:46 -0300] "GET /cormun/static/gxcfg.js?2017111422585916 HTTP/1.1" 304 -
201.215.248.160 - - [12/Mar/2018:12:19:46 -0300] "GET /cormun/static/calendar.js?85251 HTTP/1.1" 304 -
201.215.248.160 - - [12/Mar/2018:12:19:46 -0300] "GET /cormun/static/calendar-setup.js?85251 HTTP/1.1" 304 -
201.215.248.160 - - [12/Mar/2018:12:19:46 -0300] "GET /cormun/static/calendar-es.js?85251 HTTP/1.1" 304 -
201.215.248.160 - - [12/Mar/2018:12:19:46 -0300] "GET /cormun/static/gxdec.js?85251 HTTP/1.1" 304 -
201.215.248.160 - - [12/Mar/2018:12:19:46 -0300] "GET /cormun/static/trsolicitudot.js?201711142259839 HTTP/1.1" 304 -
201.215.248.160 - - [12/Mar/2018:12:19:47 -0300] "GET /cormun/servlet/trsolicitudot? HTTP/1.1" 200 7422
201.215.248.160 - - [12/Mar/2018:12:19:50 -0300] "GET /cormun/servlet/solicitudot?INS,0,0, HTTP/1.1" 200 13654
201.215.248.160 - - [12/Mar/2018:12:19:50 -0300] "GET /cormun/static/gxcfg.js?201812313224582 HTTP/1.1" 304 -
201.215.248.160 - - [12/Mar/2018:12:19:51 -0300] "GET /cormun/static/solicitudot.js?201812313224831 HTTP/1.1" 304 -
201.215.248.160 - - [12/Mar/2018:12:19:51 -0300] "GET /cormun/servlet/solicitudot?INS,0,0, HTTP/1.1" 200 13659
192.168.10.96 - - [12/Mar/2018:12:20:15 -0300] "GET /cormun/servlet/vesolicitudgral?2018,10336,, HTTP/1.1" 200 9279
192.168.10.96 - - [12/Mar/2018:12:20:15 -0300] "GET /cormun/pexe_scrolldiv.js HTTP/1.1" 404 1009
192.168.10.96 - - [12/Mar/2018:12:20:15 -0300] "GET /cormun/pexe_scrolldiv.js HTTP/1.1" 404 1009
192.168.10.96 - - [12/Mar/2018:12:20:15 -0300] "GET /cormun/servlet/vesolicitudgral?2018,10336,, HTTP/1.1" 200 9279
192.168.10.96 - - [12/Mar/2018:12:20:17 -0300] "GET /cormun/servlet/vesolicitudgral?2018,10336,,SolicitudOTAdjuntos HTTP/1.1" 200 11312
192.168.10.96 - - [12/Mar/2018:12:20:17 -0300] "GET /cormun/pexe_scrolldiv.js HTTP/1.1" 404 1009
192.168.10.96 - - [12/Mar/2018:12:20:17 -0300] "GET /cormun/pexe_scrolldiv.js HTTP/1.1" 404 1009
192.168.10.96 - - [12/Mar/2018:12:20:18 -0300] "GET /cormun/servlet/vesolicitudgral?2018,10336,,SolicitudOTAdjuntos HTTP/1.1" 200 11310
192.168.10.96 - - [12/Mar/2018:12:20:18 -0300] "POST /cormun/servlet/acontrolpreferencessavestate?None,DZAMUDIO,true HTTP/1.1" 200 35
192.168.10.96 - - [12/Mar/2018:12:20:19 -0300] "GET /cormun/PublicTempStorage/ced.ident9146397.pdf HTTP/1.1" 200 215438
192.168.10.96 - - [12/Mar/2018:12:20:26 -0300] "GET /cormun/servlet/vesolicitudgral?2018,10336,,SolicitudOTAdjuntos HTTP/1.1" 200 11308
192.168.10.96 - - [12/Mar/2018:12:20:27 -0300] "GET /cormun/servlet/vesolicitudgral?2018,10336,,SolicitudOTAdjuntos HTTP/1.1" 200 11310
192.168.10.96 - - [12/Mar/2018:12:20:27 -0300] "POST /cormun/servlet/acontrolpreferencessavestate?None,DZAMUDIO,true HTTP/1.1" 200 35
192.168.10.96 - - [12/Mar/2018:12:20:28 -0300] "GET /cormun/PublicTempStorage/afp8999382.pdf HTTP/1.1" 200 226112
201.215.248.160 - - [12/Mar/2018:12:20:31 -0300] "POST /cormun/servlet/solicitudot?gx-no-cache=1520867986042 HTTP/1.1" 200 3387
201.215.248.160 - - [12/Mar/2018:12:20:32 -0300] "POST /cormun/servlet/solicitudot?dd5a072946df574a89c77941497d76c8,INS,0,0,,gx-no-cache=1520867987829 HTTP/1.1" 200 10521
192.168.10.96 - - [12/Mar/2018:12:20:32 -0300] "GET /cormun/servlet/vesolicitudgral?2018,10336,,SolicitudOTAdjuntos HTTP/1.1" 200 11308
192.168.10.96 - - [12/Mar/2018:12:20:33 -0300] "GET /cormun/servlet/vesolicitudgral?2018,10336,,SolicitudOTAdjuntos HTTP/1.1" 200 11311
192.168.10.96 - - [12/Mar/2018:12:20:33 -0300] "POST /cormun/servlet/acontrolpreferencessavestate?None,DZAMUDIO,true HTTP/1.1" 200 35
192.168.10.96 - - [12/Mar/2018:12:20:34 -0300] "GET /cormun/PublicTempStorage/sis.salud1813770.pdf HTTP/1.1" 200 501693
192.168.10.96 - - [12/Mar/2018:12:20:42 -0300] "GET /cormun/servlet/vesolicitudgral?2018,10336,,SolicitudOTAdjuntos HTTP/1.1" 200 11310
192.168.10.96 - - [12/Mar/2018:12:20:42 -0300] "GET /cormun/servlet/vesolicitudgral?2018,10336,,SolicitudOTAdjuntos HTTP/1.1" 200 11306
192.168.10.96 - - [12/Mar/2018:12:20:43 -0300] "POST /cormun/servlet/acontrolpreferencessavestate?None,DZAMUDIO,true HTTP/1.1" 200 35
192.168.10.96 - - [12/Mar/2018:12:20:44 -0300] "GET /cormun/PublicTempStorage/antecedentes6480245.pdf HTTP/1.1" 200 393852
192.168.10.96 - - [12/Mar/2018:12:20:49 -0300] "GET /cormun/servlet/vesolicitudgral?2018,10336,,SolicitudOTAdjuntos HTTP/1.1" 200 11306
192.168.10.96 - - [12/Mar/2018:12:20:49 -0300] "GET /cormun/servlet/vesolicitudgral?2018,10336,,SolicitudOTAdjuntos HTTP/1.1" 200 11311
192.168.10.96 - - [12/Mar/2018:12:20:50 -0300] "POST /cormun/servlet/acontrolpreferencessavestate?None,DZAMUDIO,true HTTP/1.1" 200 35
192.168.10.96 - - [12/Mar/2018:12:20:53 -0300] "GET /cormun/PublicTempStorage/curriculum1328268.pdf HTTP/1.1" 200 391465
192.168.10.96 - - [12/Mar/2018:12:20:59 -0300] "GET /cormun/servlet/vesolicitudgral?2018,10336,,SolicitudOTAdjuntos HTTP/1.1" 200 11310
192.168.10.96 - - [12/Mar/2018:12:21:00 -0300] "GET /cormun/servlet/vesolicitudgral?2018,10336,,SolicitudOTAdjuntos HTTP/1.1" 200 11309
192.168.10.96 - - [12/Mar/2018:12:21:00 -0300] "POST /cormun/servlet/acontrolpreferencessavestate?None,DZAMUDIO,true HTTP/1.1" 200 35
192.168.10.96 - - [12/Mar/2018:12:21:02 -0300] "GET /cormun/PublicTempStorage/titulo5242028.pdf HTTP/1.1" 200 375170
192.168.10.96 - - [12/Mar/2018:12:21:15 -0300] "GET /cormun/servlet/vesolicitudgral?2018,10336,,SolicitudOTAdjuntos HTTP/1.1" 200 11309
192.168.10.96 - - [12/Mar/2018:12:21:15 -0300] "GET /cormun/servlet/vesolicitudgral?2018,10336,,SolicitudOTAdjuntos HTTP/1.1" 200 11311
192.168.10.96 - - [12/Mar/2018:12:21:16 -0300] "POST /cormun/servlet/acontrolpreferencessavestate?None,DZAMUDIO,true HTTP/1.1" 200 35
201.215.248.160 - - [12/Mar/2018:12:21:55 -0300] "GET /cormun/servlet/solicitudot?39804458435d80f3495084d34b5d72a8832db2fbdac8e404da2b9fbab4c1d766f8b1e3c6754344746404781415932945,gx-no-cache=1520868071559 HTTP/1.1" 200 30
201.215.248.160 - - [12/Mar/2018:12:21:56 -0300] "GET /cormun/servlet/solicitudot?39804458435d80f3495084d34b5d72a82f7dcf6d5f8de8d6cd272c965fd3df38,gx-no-cache=1520868072054 HTTP/1.1" 200 94
201.215.248.160 - - [12/Mar/2018:12:21:56 -0300] "GET /cormun/static/Shared/jqueryui/images/ui-bg_highlight-soft_100_c6c2c8_1x100.png HTTP/1.1" 404 1117
201.215.248.160 - - [12/Mar/2018:12:21:56 -0300] "GET /cormun/static/Shared/jqueryui/images/ui-icons_82798d_256x240.png HTTP/1.1" 404 1089
201.215.248.160 - - [12/Mar/2018:12:21:56 -0300] "GET /cormun/static/Shared/jqueryui/images/ui-bg_flat_55_994d53_40x100.png HTTP/1.1" 404 1097
201.215.248.160 - - [12/Mar/2018:12:21:56 -0300] "GET /cormun/static/Shared/jqueryui/images/ui-icons_ebccce_256x240.png HTTP/1.1" 404 1089
201.215.248.160 - - [12/Mar/2018:12:21:56 -0300] "GET /cormun/servlet/solicitudot?39804458435d80f3495084d34b5d72a8515d3c10374264f7f367e4e6c4fd7ebc,gx-no-cache=1520868072512 HTTP/1.1" 200 53
201.215.248.160 - - [12/Mar/2018:12:21:56 -0300] "POST /cormun/servlet/solicitudot?gx-no-cache=1520868072630 HTTP/1.1" 200 256
201.215.248.160 - - [12/Mar/2018:12:21:57 -0300] "GET /cormun/servlet/solicitudot?39804458435d80f3495084d34b5d72a813938f3d05162c9783d74ff5287d67233d43fbf98481bffe5a58a8c8a3956dc686d70eca4f428a9b31e883ffc6c6c761f32e48473d8df3f9b6e88b30e45bd3f78b777ee88b7974499bf9c2b9f36013ef31260745a9407ed573073ec9f6078463e02ac62323829719bceb0118a97ee584910a176f63ff757af2b3dd749a9fc7b69916deb159a560a22f78d7410d0de98e4f668648352fff97fe86d372b00356b4d49f225bd552e6b93c6e76d0eb31ed9112e38fc6715f0db8bb923e186baa4e6ad4f16815039c9b4f779625ee6139a7ac1d8f09bfa604ba5bea37c38fb537a6fcf9cc8f2cfe9054b475d0bd2b82fc5ab13fb1c246690f7c78b02e09731fb20a93829a93b88f277bffa64f8c047b4aa802b09788df607de0bd195c553e900a2390a854878df1c01caaae13aa0dcb623781863f9ce3bed69f2bc7dabb155fc14eda4ab2d6d39582f553c2bffc3fb4591083effb0648def1f157913a502b745c956f258f4eda2752656184979e1c98327fd7,gx-no-cache=1520868073040 HTTP/1.1" 200 30
201.215.248.160 - - [12/Mar/2018:12:22:03 -0300] "POST /cormun/servlet/solicitudot?gx-no-cache=1520868078815 HTTP/1.1" 200 30
201.215.248.160 - - [12/Mar/2018:12:22:05 -0300] "POST /cormun/servlet/solicitudot?gx-no-cache=1520868081905 HTTP/1.1" 200 1337
201.215.248.160 - - [12/Mar/2018:12:22:05 -0300] "POST /cormun/servlet/solicitudot?gx-no-cache=1520868082059 HTTP/1.1" 200 38
201.215.248.160 - - [12/Mar/2018:12:23:37 -0300] "GET /cormun/servlet/solicitudot?39804458435d80f3495084d34b5d72a81951364c1f9581097bea13a563890876eaf5ba657f21a3656a06f5e667fcf83ade492f4a2835fe54f85124469a3ab97a5e6332c0a110515d7ac103cfc1655b19bad7f726100395a2861799e796783f96bd758f796d954f4baa4c6240f990a5eb,gx-no-cache=1520868173538 HTTP/1.1" 200 29
201.215.248.160 - - [12/Mar/2018:12:23:37 -0300] "POST /cormun/servlet/solicitudot?gx-no-cache=1520868173717 HTTP/1.1" 200 1318
201.215.248.160 - - [12/Mar/2018:12:23:37 -0300] "POST /cormun/servlet/solicitudot?gx-no-cache=1520868173891 HTTP/1.1" 200 1218
201.215.248.160 - - [12/Mar/2018:12:24:29 -0300] "GET /cormun/static/menuarrow.gif HTTP/1.1" 404 1015
201.215.248.160 - - [12/Mar/2018:12:24:34 -0300] "GET /cormun/servlet/solicitudot?39804458435d80f3495084d34b5d72a81e2587cb6bb29a39dfe9a67016004b554959e413c8a6e3bac8544c2ab0cf786c,gx-no-cache=1520868230932 HTTP/1.1" 200 30
201.215.248.160 - - [12/Mar/2018:12:24:47 -0300] "POST /cormun/servlet/solicitudot?gx-no-cache=1520868243030 HTTP/1.1" 200 30
201.215.248.160 - - [12/Mar/2018:12:28:59 -0300] "POST /cormun/servlet/solicitudot?gx-no-cache=1520868495565 HTTP/1.1" 200 30
201.215.248.160 - - [12/Mar/2018:12:29:00 -0300] "POST /cormun/servlet/solicitudot?gx-no-cache=1520868496102 HTTP/1.1" 200 1337
201.215.248.160 - - [12/Mar/2018:12:29:00 -0300] "POST /cormun/servlet/solicitudot?gx-no-cache=1520868496276 HTTP/1.1" 200 41
201.215.248.160 - - [12/Mar/2018:12:29:19 -0300] "POST /cormun/servlet/solicitudot?gx-no-cache=1520868515909 HTTP/1.1" 200 30
201.215.248.160 - - [12/Mar/2018:12:29:25 -0300] "POST /cormun/servlet/solicitudot?gx-no-cache=1520868521769 HTTP/1.1" 200 1337
201.215.248.160 - - [12/Mar/2018:12:29:25 -0300] "POST /cormun/servlet/solicitudot?gx-no-cache=1520868521917 HTTP/1.1" 200 41
201.215.248.160 - - [12/Mar/2018:12:29:25 -0300] "POST /cormun/servlet/solicitudot?gx-no-cache=1520868522027 HTTP/1.1" 200 1318
201.215.248.160 - - [12/Mar/2018:12:29:26 -0300] "POST /cormun/servlet/solicitudot?gx-no-cache=1520868522133 HTTP/1.1" 200 1218
201.215.248.160 - - [12/Mar/2018:12:29:26 -0300] "GET /cormun/servlet/solicitudot?39804458435d80f3495084d34b5d72a81e2587cb6bb29a39dfe9a67016004b554959e413c8a6e3bac8544c2ab0cf786c,gx-no-cache=1520868522245 HTTP/1.1" 200 30
201.215.248.160 - - [12/Mar/2018:12:29:26 -0300] "POST /cormun/servlet/solicitudot?gx-no-cache=1520868522350 HTTP/1.1" 200 30
201.215.248.160 - - [12/Mar/2018:12:30:36 -0300] "GET /cormun/servlet/solicitudot?39804458435d80f3495084d34b5d72a8b138dc8d8c58cd0752e94fa65443d9ec0f434de6f661a8aba26dcad4cabeb15c,gx-no-cache=1520868592579 HTTP/1.1" 200 30
201.215.248.160 - - [12/Mar/2018:12:30:36 -0300] "POST /cormun/servlet/solicitudot?gx-no-cache=1520868592736 HTTP/1.1" 200 256
201.215.248.160 - - [12/Mar/2018:12:30:36 -0300] "GET /cormun/servlet/solicitudot?39804458435d80f3495084d34b5d72a813938f3d05162c9783d74ff5287d67233d43fbf98481bffe5a58a8c8a3956dc686d70eca4f428a9b31e883ffc6c6c761f32e48473d8df3f9b6e88b30e45bd3f78b777ee88b7974499bf9c2b9f36013ef31260745a9407ed573073ec9f6078463e02ac62323829719bceb0118a97ee584910a176f63ff757af2b3dd749a9fc7b69916deb159a560a22f78d7410d0de98e4f668648352fff97fe86d372b00356b4d49f225bd552e6b93c6e76d0eb31ed9112e38fc6715f0db8bb923e186baa4e6ad4f16815039c9b4f779625ee6139a7ac1d8f09bfa604ba5bea37c38fb537a6fcf9cc8f2cfe9054b475d0bd2b82fc5ab13fb1c246690f7c78b02e09731fb20a93829a93b88f277bffa64f8c047b4aa802b09788df607de0bd195c553e900a2390a854878df1c01caaae13aa0dcb623781863f9ce3bed69f2bc7dabb155fc14eda4ab2d6d39582f553c2bffc3fb4591083effb0648def1f157913a502b745c956f9223627160a220b9ae5892a4bc67176f,gx-no-cache=1520868592847 HTTP/1.1" 200 30
201.215.248.160 - - [12/Mar/2018:12:30:37 -0300] "POST /cormun/servlet/solicitudot?gx-no-cache=1520868592981 HTTP/1.1" 200 30
201.215.248.160 - - [12/Mar/2018:12:30:37 -0300] "POST /cormun/servlet/solicitudot?gx-no-cache=1520868593506 HTTP/1.1" 200 1337
201.215.248.160 - - [12/Mar/2018:12:30:38 -0300] "POST /cormun/servlet/solicitudot?gx-no-cache=1520868593753 HTTP/1.1" 200 41
201.215.248.160 - - [12/Mar/2018:12:30:38 -0300] "POST /cormun/servlet/solicitudot?gx-no-cache=1520868594154 HTTP/1.1" 200 1318
201.215.248.160 - - [12/Mar/2018:12:30:38 -0300] "POST /cormun/servlet/solicitudot?gx-no-cache=1520868594558 HTTP/1.1" 200 1218
201.215.248.160 - - [12/Mar/2018:12:30:39 -0300] "GET /cormun/servlet/solicitudot?39804458435d80f3495084d34b5d72a81e2587cb6bb29a39dfe9a67016004b554959e413c8a6e3bac8544c2ab0cf786c,gx-no-cache=1520868595127 HTTP/1.1" 200 30
201.215.248.160 - - [12/Mar/2018:12:30:39 -0300] "POST /cormun/servlet/solicitudot?gx-no-cache=1520868595219 HTTP/1.1" 200 30
201.215.248.160 - - [12/Mar/2018:12:30:39 -0300] "POST /cormun/servlet/solicitudot?dd5a072946df574a89c77941497d76c8,INS,0,0,,gx-no-cache=1520868595322 HTTP/1.1" 200 93
201.215.248.160 - - [12/Mar/2018:12:30:39 -0300] "GET /cormun/servlet/hpexe_return? HTTP/1.1" 200 1006
201.215.248.160 - - [12/Mar/2018:12:30:39 -0300] "GET /cormun/static/gxcfg.js?2016101716175148 HTTP/1.1" 304 -
201.215.248.160 - - [12/Mar/2018:12:30:40 -0300] "GET /cormun/servlet/trsolicitudot HTTP/1.1" 200 8792
201.215.248.160 - - [12/Mar/2018:12:30:41 -0300] "GET /cormun/servlet/trsolicitudot HTTP/1.1" 200 8787
200.120.230.197 - - [12/Mar/2018:12:30:51 -0300] "GET /cormun/servlet/trautorizarsolicitud? HTTP/1.1" 200 6290
200.120.230.197 - - [12/Mar/2018:12:30:53 -0300] "GET /cormun/servlet/trautorizarsolicitud? HTTP/1.1" 200 6290
200.120.230.197 - - [12/Mar/2018:12:30:53 -0300] "GET /cormun/servlet/hlogin HTTP/1.1" 200 1741
201.215.248.160 - - [12/Mar/2018:12:30:57 -0300] "POST /cormun/servlet/trsolicitudot?dd5a072946df574a89c77941497d76c8,gx-no-cache=1520868612825 HTTP/1.1" 200 106
201.215.248.160 - - [12/Mar/2018:12:30:57 -0300] "GET /cormun/servlet/solicitudot?UPD,2018,10408, HTTP/1.1" 200 15450
201.215.248.160 - - [12/Mar/2018:12:30:58 -0300] "GET /cormun/servlet/solicitudot?UPD,2018,10408, HTTP/1.1" 200 15459
201.215.248.160 - - [12/Mar/2018:12:30:58 -0300] "POST /cormun/servlet/solicitudot?gx-no-cache=1520868614516 HTTP/1.1" 200 3401
201.215.248.160 - - [12/Mar/2018:12:30:59 -0300] "POST /cormun/servlet/solicitudot?dd5a072946df574a89c77941497d76c8,UPD,2018,10408,,gx-no-cache=1520868615148 HTTP/1.1" 200 11692
201.215.248.160 - - [12/Mar/2018:12:30:59 -0300] "GET /cormun/servlet/solicitudot?39804458435d80f3495084d34b5d72a8832db2fbdac8e404da2b9fbab4c1d766899539476a473e5c26e4f5f2c5dce6d8,gx-no-cache=1520868615801 HTTP/1.1" 200 30
201.215.248.160 - - [12/Mar/2018:12:31:00 -0300] "GET /cormun/servlet/solicitudot?39804458435d80f3495084d34b5d72a8b138dc8d8c58cd0752e94fa65443d9ec05017c97bba79f97684e8fd992f408c5,gx-no-cache=1520868615924 HTTP/1.1" 200 30
201.215.248.160 - - [12/Mar/2018:12:31:00 -0300] "GET /cormun/servlet/solicitudot?39804458435d80f3495084d34b5d72a8393cd8d06e0f93e2b426c52725f87c0f2a32d2107a6ccfc92874a1ca2dfc6f4fad437de672e1919661685b45245b210c,gx-no-cache=1520868616329 HTTP/1.1" 200 53
201.215.248.160 - - [12/Mar/2018:12:31:00 -0300] "POST /cormun/servlet/solicitudot?gx-no-cache=1520868616429 HTTP/1.1" 200 256
201.215.248.160 - - [12/Mar/2018:12:31:00 -0300] "GET /cormun/servlet/solicitudot?39804458435d80f3495084d34b5d72a813938f3d05162c9783d74ff5287d67233d43fbf98481bffe5a58a8c8a3956dc686d70eca4f428a9b31e883ffc6c6c761f32e48473d8df3f9b6e88b30e45bd3f78b777ee88b7974499bf9c2b9f36013ef31260745a9407ed573073ec9f6078463e02ac62323829719bceb0118a97ee584910a176f63ff757af2b3dd749a9fc7b69916deb159a560a22f78d7410d0de98e4f668648352fff97fe86d372b00356b4d49f225bd552e6b93c6e76d0eb31ed9112e38fc6715f0db8bb923e186baa4e6ad4f16815039c9b4f779625ee6139a7ac1d8f09bfa604ba5bea37c38fb537a6fcf9cc8f2cfe9054b475d0bd2b82fc5ab13fb1c246690f7c78b02e09731fb20a93829a93b88f277bffa64f8c047b4aa802b09788df607de0bd195c553e900a2390a854878df1c01caaae13aa0dcb623781863f9ce3bed69f2bc7dabb155fc14eda4ab2d6d39582f553c2bffc3fb4591083effb0648def1f157913a502b745c956f9223627160a220b9ae5892a4bc67176f,gx-no-cache=1520868616553 HTTP/1.1" 200 30
201.215.248.160 - - [12/Mar/2018:12:31:00 -0300] "POST /cormun/servlet/solicitudot?gx-no-cache=1520868616653 HTTP/1.1" 200 30
201.215.248.160 - - [12/Mar/2018:12:31:01 -0300] "POST /cormun/servlet/solicitudot?gx-no-cache=1520868616772 HTTP/1.1" 200 1337
201.215.248.160 - - [12/Mar/2018:12:31:02 -0300] "POST /cormun/servlet/solicitudot?gx-no-cache=1520868618185 HTTP/1.1" 200 41
186.67.172.234 - - [12/Mar/2018:12:31:17 -0300] "GET /cormun/servlet/hlogin HTTP/1.1" 200 1723
186.67.172.234 - - [12/Mar/2018:12:31:17 -0300] "GET /cormun/static/messages.spa.js?85251 HTTP/1.1" 304 -
200.112.49.157 - - [12/Mar/2018:12:31:22 -0300] "GET /cormun/servlet/hlogin HTTP/1.1" 200 1717
200.112.49.157 - - [12/Mar/2018:12:31:22 -0300] "GET /cormun/static/gxtimezone.js?85251 HTTP/1.1" 304 -
200.112.49.157 - - [12/Mar/2018:12:31:22 -0300] "GET /cormun/static/gxcfg.js?20175251213516 HTTP/1.1" 304 -
200.112.49.157 - - [12/Mar/2018:12:31:22 -0300] "GET /cormun/static/messages.spa.js?85251 HTTP/1.1" 304 -
200.112.49.157 - - [12/Mar/2018:12:31:23 -0300] "GET /cormun/servlet/hlogin HTTP/1.1" 200 1727
186.67.172.234 - - [12/Mar/2018:12:31:27 -0300] "POST /cormun/servlet/hlogin?84f60a82a00d7ed7facf6d879cb1295a,gx-no-cache=1520868636696 HTTP/1.1" 200 90
186.67.172.234 - - [12/Mar/2018:12:31:28 -0300] "GET /cormun/servlet/hpexe_link HTTP/1.1" 200 951
186.67.172.234 - - [12/Mar/2018:12:31:28 -0300] "GET /cormun/servlet/hhome HTTP/1.1" 200 4231
186.67.172.234 - - [12/Mar/2018:12:31:28 -0300] "GET /cormun/servlet/hhome HTTP/1.1" 200 4227
200.120.230.197 - - [12/Mar/2018:12:31:34 -0300] "POST /cormun/servlet/hlogin?db83a93fcbd1117d2abf661abfc19a5f,gx-no-cache=1520868644333 HTTP/1.1" 200 90
200.120.230.197 - - [12/Mar/2018:12:31:34 -0300] "GET /cormun/servlet/hpexe_link HTTP/1.1" 200 961
200.120.230.197 - - [12/Mar/2018:12:31:35 -0300] "GET /cormun/servlet/trautorizarsolicitud HTTP/1.1" 200 8565
200.112.49.157 - - [12/Mar/2018:12:31:35 -0300] "POST /cormun/servlet/hlogin?3c47956c686489a8e0ef0181df5010fb,gx-no-cache=1520868646588 HTTP/1.1" 200 90
200.112.49.157 - - [12/Mar/2018:12:31:35 -0300] "GET /cormun/servlet/hpexe_link HTTP/1.1" 200 949
200.112.49.157 - - [12/Mar/2018:12:31:35 -0300] "GET /cormun/static/gxcfg.js?20177612121792 HTTP/1.1" 304 -
200.112.49.157 - - [12/Mar/2018:12:31:35 -0300] "GET /cormun/servlet/hhome HTTP/1.1" 200 3996
200.112.49.157 - - [12/Mar/2018:12:31:36 -0300] "GET /cormun/static/gxcfg.js?20175251212442 HTTP/1.1" 304 -
200.112.49.157 - - [12/Mar/2018:12:31:36 -0300] "GET /cormun/servlet/hhome HTTP/1.1" 200 3992
200.120.230.197 - - [12/Mar/2018:12:31:36 -0300] "GET /cormun/servlet/trautorizarsolicitud HTTP/1.1" 200 8564
201.215.248.160 - - [12/Mar/2018:12:31:45 -0300] "GET /cormun/servlet/solicitudot?39804458435d80f3495084d34b5d72a8a06631e9d564ec00d2affba2c24280a6091ec9df3df9a12d0a062a70c3c4a33b28632e2d1995ca24c06d527e7ac59672e62f5ce4325134f990981281599746fe67ff6883906616d88981189944e71184e077637040046d5dcff000d7e719e999,gx-no-cache=1520868661289 HTTP/1.1" 200 29
201.215.248.160 - - [12/Mar/2018:12:31:46 -0300] "POST /cormun/servlet/solicitudot?gx-no-cache=1520868661790 HTTP/1.1" 200 1318
201.215.248.160 - - [12/Mar/2018:12:31:46 -0300] "POST /cormun/servlet/solicitudot?gx-no-cache=1520868662251 HTTP/1.1" 200 1218
201.215.248.160 - - [12/Mar/2018:12:31:46 -0300] "GET /cormun/servlet/solicitudot?39804458435d80f3495084d34b5d72a81e2587cb6bb29a39dfe9a67016004b554959e413c8a6e3bac8544c2ab0cf786c,gx-no-cache=1520868662427 HTTP/1.1" 200 30
201.215.248.160 - - [12/Mar/2018:12:31:46 -0300] "POST /cormun/servlet/solicitudot?gx-no-cache=1520868662555 HTTP/1.1" 200 30
201.215.248.160 - - [12/Mar/2018:12:31:47 -0300] "POST /cormun/servlet/solicitudot?dd5a072946df574a89c77941497d76c8,UPD,2018,10408,,gx-no-cache=1520868662655 HTTP/1.1" 200 93
201.215.248.160 - - [12/Mar/2018:12:31:47 -0300] "GET /cormun/servlet/hpexe_return? HTTP/1.1" 200 1011
201.215.248.160 - - [12/Mar/2018:12:31:47 -0300] "GET /cormun/servlet/trsolicitudot HTTP/1.1" 200 8797
201.215.248.160 - - [12/Mar/2018:12:31:48 -0300] "GET /cormun/servlet/trsolicitudot HTTP/1.1" 200 8793
200.112.49.157 - - [12/Mar/2018:12:31:50 -0300] "GET /cormun/servlet/trsolicitudot? HTTP/1.1" 200 7209
200.112.49.157 - - [12/Mar/2018:12:31:50 -0300] "GET /cormun/static/calendar.js?85251 HTTP/1.1" 304 -
200.112.49.157 - - [12/Mar/2018:12:31:50 -0300] "GET /cormun/static/calendar-es.js?85251 HTTP/1.1" 304 -
200.112.49.157 - - [12/Mar/2018:12:31:50 -0300] "GET /cormun/static/calendar-setup.js?85251 HTTP/1.1" 304 -
200.112.49.157 - - [12/Mar/2018:12:31:50 -0300] "GET /cormun/static/gxdec.js?85251 HTTP/1.1" 304 -
200.112.49.157 - - [12/Mar/2018:12:31:50 -0300] "GET /cormun/static/gxcfg.js?2017111422585916 HTTP/1.1" 304 -
200.112.49.157 - - [12/Mar/2018:12:31:51 -0300] "GET /cormun/servlet/trsolicitudot? HTTP/1.1" 200 7208
201.215.248.160 - - [12/Mar/2018:12:31:51 -0300] "POST /cormun/servlet/trsolicitudot?dd5a072946df574a89c77941497d76c8,gx-no-cache=1520868667695 HTTP/1.1" 200 107
201.215.248.160 - - [12/Mar/2018:12:31:51 -0300] "GET /cormun/servlet/trsolicitudadjuntos?2018,10408, HTTP/1.1" 200 6302
201.215.248.160 - - [12/Mar/2018:12:31:52 -0300] "GET /cormun/static/gxcfg.js?20177612135366 HTTP/1.1" 304 -
201.215.248.160 - - [12/Mar/2018:12:31:52 -0300] "GET /cormun/servlet/trsolicitudadjuntos?2018,10408, HTTP/1.1" 200 6302
200.112.49.157 - - [12/Mar/2018:12:31:53 -0300] "GET /cormun/servlet/solicitudot?INS,0,0, HTTP/1.1" 200 13449
200.112.49.157 - - [12/Mar/2018:12:31:53 -0300] "GET /cormun/static/gxcfg.js?201812313224582 HTTP/1.1" 304 -
200.112.49.157 - - [12/Mar/2018:12:31:53 -0300] "GET /cormun/static/solicitudot.js?201812313224831 HTTP/1.1" 304 -
200.112.49.157 - - [12/Mar/2018:12:31:54 -0300] "GET /cormun/servlet/solicitudot?INS,0,0, HTTP/1.1" 200 13454
201.215.248.160 - - [12/Mar/2018:12:31:54 -0300] "GET /cormun/servlet/solicitudotadjuntos?INS,2018,10408,,1, HTTP/1.1" 200 6249
201.215.248.160 - - [12/Mar/2018:12:31:55 -0300] "GET /cormun/static/gxcfg.js?2017761244068 HTTP/1.1" 304 -
201.215.248.160 - - [12/Mar/2018:12:31:55 -0300] "GET /cormun/servlet/solicitudotadjuntos?INS,2018,10408,,1, HTTP/1.1" 200 6243
201.215.248.160 - - [12/Mar/2018:12:31:56 -0300] "GET /cormun/servlet/solicitudotadjuntos?39804458435d80f3495084d34b5d72a82e7cbfbd43596fcc0eda92836ce5d4cded5f350e2eaa30a4d9183d529693c2f6,gx-no-cache=1520868672330 HTTP/1.1" 200 30
201.215.248.160 - - [12/Mar/2018:12:31:56 -0300] "GET /cormun/static/about:blank HTTP/1.1" 404 1011
201.215.248.160 - - [12/Mar/2018:12:31:56 -0300] "POST /cormun/servlet/solicitudotadjuntos?dd5a072946df574a89c77941497d76c8,INS,2018,10408,,1,,gx-no-cache=1520868672519 HTTP/1.1" 200 3984
200.112.49.157 - - [12/Mar/2018:12:31:58 -0300] "GET /cormun/servlet/prfichaempleado?,MD,,gxPopupLevel%3D0%3B HTTP/1.1" 200 9349
200.112.49.157 - - [12/Mar/2018:12:31:58 -0300] "GET /cormun/static/gxcfg.js?20177612134814 HTTP/1.1" 304 -
201.215.248.160 - - [12/Mar/2018:12:32:09 -0300] "POST /cormun/servlet/solicitudotadjuntos?gx-no-cache=1520868685205 HTTP/1.1" 200 26
200.120.230.197 - - [12/Mar/2018:12:32:10 -0300] "POST /cormun/servlet/trautorizarsolicitud?db83a93fcbd1117d2abf661abfc19a5f,gx-no-cache=1520868679933 HTTP/1.1" 200 4329
200.120.230.197 - - [12/Mar/2018:12:32:10 -0300] "GET /cormun/static/Shared/jqueryui/images/ui-bg_highlight-soft_100_c6c2c8_1x100.png HTTP/1.1" 404 1117
200.120.230.197 - - [12/Mar/2018:12:32:10 -0300] "GET /cormun/static/Shared/jqueryui/images/ui-icons_82798d_256x240.png HTTP/1.1" 404 1089
200.120.230.197 - - [12/Mar/2018:12:32:10 -0300] "GET /cormun/static/Shared/jqueryui/images/ui-bg_flat_55_fafafa_40x100.png HTTP/1.1" 404 1097
200.120.230.197 - - [12/Mar/2018:12:32:10 -0300] "GET /cormun/static/Shared/jqueryui/images/ui-icons_8d78a5_256x240.png HTTP/1.1" 404 1089
200.120.230.197 - - [12/Mar/2018:12:32:10 -0300] "POST /cormun/servlet/trautorizarsolicitud?db83a93fcbd1117d2abf661abfc19a5f,gx-no-cache=1520868680586 HTTP/1.1" 200 4111
186.67.172.234 - - [12/Mar/2018:12:32:14 -0300] "GET /cormun/servlet/trsolicitudot? HTTP/1.1" 200 7443
186.67.172.234 - - [12/Mar/2018:12:32:15 -0300] "GET /cormun/servlet/trsolicitudot? HTTP/1.1" 200 7443
186.67.172.234 - - [12/Mar/2018:12:32:17 -0300] "GET /cormun/servlet/solicitudot?INS,0,0, HTTP/1.1" 200 13666
186.67.172.234 - - [12/Mar/2018:12:32:17 -0300] "GET /cormun/servlet/solicitudot?INS,0,0, HTTP/1.1" 200 13671
201.215.248.160 - - [12/Mar/2018:12:32:18 -0300] "GET /cormun/servlet/solicitudotadjuntos?39804458435d80f3495084d34b5d72a8407912e7d01d50ed9ab5b79b47c34e34,gx-no-cache=1520868694577 HTTP/1.1" 200 30
201.215.248.160 - - [12/Mar/2018:12:32:18 -0300] "GET /cormun/servlet/solicitudotadjuntos?39804458435d80f3495084d34b5d72a8407912e7d01d50ed9ab5b79b47c34e34,gx-no-cache=1520868694948 HTTP/1.1" 200 30
201.215.248.160 - - [12/Mar/2018:12:32:23 -0300] "POST /cormun/servlet/solicitudotadjuntos?dd5a072946df574a89c77941497d76c8,INS,2018,10408,,1, HTTP/1.1" 200 116
201.215.248.160 - - [12/Mar/2018:12:32:24 -0300] "GET /cormun/servlet/hpexe_return? HTTP/1.1" 200 1025
201.215.248.160 - - [12/Mar/2018:12:32:24 -0300] "GET /cormun/servlet/trsolicitudadjuntos?2018,10408, HTTP/1.1" 200 8786
201.215.248.160 - - [12/Mar/2018:12:32:25 -0300] "GET /cormun/servlet/trsolicitudadjuntos?2018,10408, HTTP/1.1" 200 8778
201.215.248.160 - - [12/Mar/2018:12:32:28 -0300] "GET /cormun/servlet/solicitudotadjuntos?INS,2018,10408,,1, HTTP/1.1" 200 6249
201.215.248.160 - - [12/Mar/2018:12:32:28 -0300] "GET /cormun/static/about:blank HTTP/1.1" 404 1011
201.215.248.160 - - [12/Mar/2018:12:32:28 -0300] "GET /cormun/servlet/solicitudotadjuntos?INS,2018,10408,,1, HTTP/1.1" 200 6243
200.120.230.197 - - [12/Mar/2018:12:32:29 -0300] "GET /cormun/servlet/trvisualizadoreventos? HTTP/1.1" 200 6986
200.120.230.197 - - [12/Mar/2018:12:32:29 -0300] "GET /cormun/static/gxcfg.js?20175251251426 HTTP/1.1" 304 -
201.215.248.160 - - [12/Mar/2018:12:32:29 -0300] "GET /cormun/servlet/solicitudotadjuntos?39804458435d80f3495084d34b5d72a82e7cbfbd43596fcc0eda92836ce5d4cded5f350e2eaa30a4d9183d529693c2f6,gx-no-cache=1520868705346 HTTP/1.1" 200 30
201.215.248.160 - - [12/Mar/2018:12:32:30 -0300] "POST /cormun/servlet/solicitudotadjuntos?dd5a072946df574a89c77941497d76c8,INS,2018,10408,,1,,gx-no-cache=1520868705912 HTTP/1.1" 200 3984
200.120.230.197 - - [12/Mar/2018:12:32:31 -0300] "GET /cormun/servlet/trvisualizadoreventos? HTTP/1.1" 200 6985
201.215.248.160 - - [12/Mar/2018:12:32:33 -0300] "POST /cormun/servlet/solicitudotadjuntos?gx-no-cache=1520868709623 HTTP/1.1" 200 26
201.215.248.160 - - [12/Mar/2018:12:32:46 -0300] "GET /cormun/servlet/solicitudotadjuntos?39804458435d80f3495084d34b5d72a8407912e7d01d50ed9ab5b79b47c34e34,gx-no-cache=1520868722738 HTTP/1.1" 200 30
201.215.248.160 - - [12/Mar/2018:12:32:46 -0300] "GET /cormun/servlet/solicitudotadjuntos?39804458435d80f3495084d34b5d72a8407912e7d01d50ed9ab5b79b47c34e34,gx-no-cache=1520868722855 HTTP/1.1" 200 30
201.215.248.160 - - [12/Mar/2018:12:32:53 -0300] "POST /cormun/servlet/solicitudotadjuntos?dd5a072946df574a89c77941497d76c8,INS,2018,10408,,1, HTTP/1.1" 200 116
201.215.248.160 - - [12/Mar/2018:12:32:53 -0300] "GET /cormun/servlet/hpexe_return? HTTP/1.1" 200 1025
201.215.248.160 - - [12/Mar/2018:12:32:53 -0300] "GET /cormun/servlet/trsolicitudadjuntos?2018,10408, HTTP/1.1" 200 9060
201.215.248.160 - - [12/Mar/2018:12:32:54 -0300] "GET /cormun/servlet/trsolicitudadjuntos?2018,10408, HTTP/1.1" 200 9058
186.67.172.234 - - [12/Mar/2018:12:32:54 -0300] "POST /cormun/servlet/solicitudot?gx-no-cache=1520868723393 HTTP/1.1" 200 3372
186.67.172.234 - - [12/Mar/2018:12:32:55 -0300] "POST /cormun/servlet/solicitudot?84f60a82a00d7ed7facf6d879cb1295a,INS,0,0,,gx-no-cache=1520868723815 HTTP/1.1" 200 10538
200.120.230.197 - - [12/Mar/2018:12:32:57 -0300] "POST /cormun/servlet/trvisualizadoreventos?db83a93fcbd1117d2abf661abfc19a5f,,gx-no-cache=1520868726900 HTTP/1.1" 200 4137
201.215.248.160 - - [12/Mar/2018:12:32:58 -0300] "GET /cormun/servlet/solicitudotadjuntos?INS,2018,10408,,1, HTTP/1.1" 200 6250
201.215.248.160 - - [12/Mar/2018:12:32:58 -0300] "GET /cormun/static/about:blank HTTP/1.1" 404 1011
201.215.248.160 - - [12/Mar/2018:12:32:59 -0300] "GET /cormun/servlet/solicitudotadjuntos?INS,2018,10408,,1, HTTP/1.1" 200 6244
201.215.248.160 - - [12/Mar/2018:12:32:59 -0300] "GET /cormun/servlet/solicitudotadjuntos?39804458435d80f3495084d34b5d72a82e7cbfbd43596fcc0eda92836ce5d4cded5f350e2eaa30a4d9183d529693c2f6,gx-no-cache=1520868735608 HTTP/1.1" 200 30
201.215.248.160 - - [12/Mar/2018:12:32:59 -0300] "POST /cormun/servlet/solicitudotadjuntos?dd5a072946df574a89c77941497d76c8,INS,2018,10408,,1,,gx-no-cache=1520868735711 HTTP/1.1" 200 3984
186.67.172.234 - - [12/Mar/2018:12:33:00 -0300] "GET /cormun/servlet/solicitudot?0d9864bb787ea1688079b339e47fecd47450d72246d87ce0f982e76891584dfc1dc44eb50b5302cd99cdab68c4b91d4a,gx-no-cache=1520868729122 HTTP/1.1" 200 30
186.67.172.234 - - [12/Mar/2018:12:33:00 -0300] "GET /cormun/servlet/solicitudot?0d9864bb787ea1688079b339e47fecd434943946ac901fc7d6d46140be1297696222fea1a415e2f0d561859ce3f01ca71dc44eb50b5302cd99cdab68c4b91d4a,gx-no-cache=1520868729218 HTTP/1.1" 200 30
186.67.172.234 - - [12/Mar/2018:12:33:01 -0300] "GET /cormun/servlet/prbanco?,MD,,gxPopupLevel%3D0%3B HTTP/1.1" 200 6664
186.67.172.234 - - [12/Mar/2018:12:33:01 -0300] "GET /cormun/static/gxcfg.js?20181161016094 HTTP/1.1" 200 953
186.67.172.234 - - [12/Mar/2018:12:33:01 -0300] "GET /cormun/static/prbanco.js?2018116101633 HTTP/1.1" 200 10693
201.215.248.160 - - [12/Mar/2018:12:33:04 -0300] "POST /cormun/servlet/solicitudotadjuntos?gx-no-cache=1520868740289 HTTP/1.1" 200 26
200.120.230.197 - - [12/Mar/2018:12:33:04 -0300] "POST /cormun/servlet/trvisualizadoreventos?db83a93fcbd1117d2abf661abfc19a5f,,gx-no-cache=1520868733421 HTTP/1.1" 200 4137
201.215.248.160 - - [12/Mar/2018:12:33:16 -0300] "POST /cormun/servlet/solicitudotadjuntos?gx-no-cache=1520868752762 HTTP/1.1" 200 26
201.215.248.160 - - [12/Mar/2018:12:33:35 -0300] "GET /cormun/servlet/solicitudotadjuntos?39804458435d80f3495084d34b5d72a8407912e7d01d50ed9ab5b79b47c34e34,gx-no-cache=1520868771660 HTTP/1.1" 200 30
201.215.248.160 - - [12/Mar/2018:12:33:35 -0300] "GET /cormun/servlet/solicitudotadjuntos?39804458435d80f3495084d34b5d72a8407912e7d01d50ed9ab5b79b47c34e34,gx-no-cache=1520868771757 HTTP/1.1" 200 30
201.215.248.160 - - [12/Mar/2018:12:33:41 -0300] "POST /cormun/servlet/solicitudotadjuntos?dd5a072946df574a89c77941497d76c8,INS,2018,10408,,1, HTTP/1.1" 200 116
201.215.248.160 - - [12/Mar/2018:12:33:41 -0300] "GET /cormun/servlet/hpexe_return? HTTP/1.1" 200 1025
201.215.248.160 - - [12/Mar/2018:12:33:42 -0300] "GET /cormun/servlet/trsolicitudadjuntos?2018,10408, HTTP/1.1" 200 9233
201.215.248.160 - - [12/Mar/2018:12:33:43 -0300] "GET /cormun/servlet/trsolicitudadjuntos?2018,10408, HTTP/1.1" 200 9229
201.215.248.160 - - [12/Mar/2018:12:33:48 -0300] "GET /cormun/servlet/solicitudotadjuntos?INS,2018,10408,,1, HTTP/1.1" 200 6250
201.215.248.160 - - [12/Mar/2018:12:33:48 -0300] "GET /cormun/static/about:blank HTTP/1.1" 404 1011
201.215.248.160 - - [12/Mar/2018:12:33:48 -0300] "GET /cormun/servlet/solicitudotadjuntos?INS,2018,10408,,1, HTTP/1.1" 200 6244
201.215.248.160 - - [12/Mar/2018:12:33:49 -0300] "GET /cormun/servlet/solicitudotadjuntos?39804458435d80f3495084d34b5d72a82e7cbfbd43596fcc0eda92836ce5d4cded5f350e2eaa30a4d9183d529693c2f6,gx-no-cache=1520868785443 HTTP/1.1" 200 30
201.215.248.160 - - [12/Mar/2018:12:33:49 -0300] "POST /cormun/servlet/solicitudotadjuntos?dd5a072946df574a89c77941497d76c8,INS,2018,10408,,1,,gx-no-cache=1520868785672 HTTP/1.1" 200 3984
201.215.248.160 - - [12/Mar/2018:12:33:55 -0300] "POST /cormun/servlet/solicitudotadjuntos?gx-no-cache=1520868790886 HTTP/1.1" 200 26
186.67.172.234 - - [12/Mar/2018:12:34:00 -0300] "POST /cormun/servlet/prbanco?84f60a82a00d7ed7facf6d879cb1295a,,MD,,gxPopupLevel%3D0%3B,gx-no-cache=1520868789304 HTTP/1.1" 200 2558
201.215.248.160 - - [12/Mar/2018:12:34:11 -0300] "GET /cormun/servlet/solicitudotadjuntos?39804458435d80f3495084d34b5d72a8407912e7d01d50ed9ab5b79b47c34e34,gx-no-cache=1520868807272 HTTP/1.1" 200 30
201.215.248.160 - - [12/Mar/2018:12:34:11 -0300] "GET /cormun/servlet/solicitudotadjuntos?39804458435d80f3495084d34b5d72a8407912e7d01d50ed9ab5b79b47c34e34,gx-no-cache=1520868807353 HTTP/1.1" 200 30
186.67.172.234 - - [12/Mar/2018:12:34:11 -0300] "POST /cormun/servlet/prbanco?84f60a82a00d7ed7facf6d879cb1295a,,MD,,gxPopupLevel%3D0%3B,gx-no-cache=1520868800558 HTTP/1.1" 200 2557
186.67.172.234 - - [12/Mar/2018:12:34:20 -0300] "GET /cormun/servlet/prbanco?,MD,,gxPopupLevel%3D0%3B HTTP/1.1" 200 6664
201.215.248.160 - - [12/Mar/2018:12:34:20 -0300] "POST /cormun/servlet/solicitudotadjuntos?dd5a072946df574a89c77941497d76c8,INS,2018,10408,,1, HTTP/1.1" 200 116
201.215.248.160 - - [12/Mar/2018:12:34:20 -0300] "GET /cormun/servlet/hpexe_return? HTTP/1.1" 200 1025
201.215.248.160 - - [12/Mar/2018:12:34:21 -0300] "GET /cormun/servlet/trsolicitudadjuntos?2018,10408, HTTP/1.1" 200 9464
201.215.248.160 - - [12/Mar/2018:12:34:22 -0300] "GET /cormun/servlet/trsolicitudadjuntos?2018,10408, HTTP/1.1" 200 9460
190.161.236.197 - - [12/Mar/2018:12:34:41 -0300] "GET /cormun/servlet/hlogin HTTP/1.1" 200 1719
190.161.236.197 - - [12/Mar/2018:12:34:41 -0300] "GET /cormun/static/gxtimezone.js?85251 HTTP/1.1" 200 5781
190.161.236.197 - - [12/Mar/2018:12:34:41 -0300] "GET /cormun/static/gxcfg.js?20175251213516 HTTP/1.1" 200 953
190.161.236.197 - - [12/Mar/2018:12:34:41 -0300] "GET /cormun/static/hlogin.js?20175251213537 HTTP/1.1" 200 2136
190.161.236.197 - - [12/Mar/2018:12:34:41 -0300] "GET /cormun/static/messages.spa.js?85251 HTTP/1.1" 200 30736
190.161.236.197 - - [12/Mar/2018:12:34:41 -0300] "GET /cormun/static/Resources/ComunLogin.png HTTP/1.1" 200 17326
190.161.236.197 - - [12/Mar/2018:12:34:41 -0300] "GET /cormun/static/Resources/Spanish/PXTools.css?11423723 HTTP/1.1" 200 89042
190.161.236.197 - - [12/Mar/2018:12:34:42 -0300] "GET /cormun/static/gxgral.js?85251 HTTP/1.1" 200 384558
190.161.236.197 - - [12/Mar/2018:12:34:42 -0300] "GET /cormun/servlet/hlogin HTTP/1.1" 200 1729
190.161.236.197 - - [12/Mar/2018:12:34:42 -0300] "GET /cormun/static/Resources/indicator.gif HTTP/1.1" 200 1553
190.161.236.197 - - [12/Mar/2018:12:34:42 -0300] "GET /cormun/static/Resources/PXToolsLoginBackground.png HTTP/1.1" 200 1164
190.161.236.197 - - [12/Mar/2018:12:34:42 -0300] "GET /cormun/static/Resources/PXToolsButtonBackground2.png HTTP/1.1" 200 1181
190.161.236.197 - - [12/Mar/2018:12:34:42 -0300] "GET /cormun/static/Resources/PXToolsLoginTop.png HTTP/1.1" 200 1337
190.161.236.197 - - [12/Mar/2018:12:34:42 -0300] "GET /cormun/static/Resources/PXToolsButtonRight21.png HTTP/1.1" 200 1283
190.161.236.197 - - [12/Mar/2018:12:34:42 -0300] "GET /cormun/static/Resources/PXToolsButtonLeft21.png HTTP/1.1" 200 1287
190.161.236.197 - - [12/Mar/2018:12:34:42 -0300] "GET /cormun/static/Resources/PXToolsLoginBottom.png HTTP/1.1" 200 1389
190.161.236.197 - - [12/Mar/2018:12:34:42 -0300] "GET /cormun/static/Resources/PXToolsLoginBackground.png HTTP/1.1" 200 1164
190.161.236.197 - - [12/Mar/2018:12:34:42 -0300] "GET /cormun/static/Resources/PXToolsLoginTop.png HTTP/1.1" 200 1337
190.161.236.197 - - [12/Mar/2018:12:34:42 -0300] "GET /cormun/static/Resources/PXToolsButtonBackground2.png HTTP/1.1" 200 1181
190.161.236.197 - - [12/Mar/2018:12:34:42 -0300] "GET /cormun/static/Resources/PXToolsButtonLeft21.png HTTP/1.1" 200 1287
190.161.236.197 - - [12/Mar/2018:12:34:42 -0300] "GET /cormun/static/Resources/PXToolsButtonRight21.png HTTP/1.1" 200 1283
190.161.236.197 - - [12/Mar/2018:12:34:42 -0300] "GET /cormun/static/Resources/PXToolsLoginBottom.png HTTP/1.1" 200 1389
190.161.236.197 - - [12/Mar/2018:12:34:42 -0300] "GET /favicon.ico HTTP/1.1" 200 21630
190.161.236.197 - - [12/Mar/2018:12:34:56 -0300] "POST /cormun/servlet/hlogin?b339f3cdc47dd5aa7a1744092d13e627,gx-no-cache=1520868845784 HTTP/1.1" 200 445
200.120.230.197 - - [12/Mar/2018:12:35:02 -0300] "POST /cormun/servlet/trvisualizadoreventos?db83a93fcbd1117d2abf661abfc19a5f,,gx-no-cache=1520868851946 HTTP/1.1" 200 4137
190.161.236.197 - - [12/Mar/2018:12:35:07 -0300] "POST /cormun/servlet/hlogin?b339f3cdc47dd5aa7a1744092d13e627,gx-no-cache=1520868857102 HTTP/1.1" 200 445
190.161.236.197 - - [12/Mar/2018:12:35:15 -0300] "POST /cormun/servlet/hlogin?b339f3cdc47dd5aa7a1744092d13e627,gx-no-cache=1520868865092 HTTP/1.1" 200 445
190.161.236.197 - - [12/Mar/2018:12:35:38 -0300] "POST /cormun/servlet/hlogin?b339f3cdc47dd5aa7a1744092d13e627,gx-no-cache=1520868887198 HTTP/1.1" 200 445
190.161.236.197 - - [12/Mar/2018:12:35:48 -0300] "POST /cormun/servlet/hlogin?b339f3cdc47dd5aa7a1744092d13e627,gx-no-cache=1520868897278 HTTP/1.1" 200 444
190.100.93.40 - - [12/Mar/2018:12:36:05 -0300] "GET /cormun/servlet/hlogin HTTP/1.1" 200 1717
190.100.93.40 - - [12/Mar/2018:12:36:09 -0300] "GET /cormun/servlet/hlogin HTTP/1.1" 200 1717
186.67.172.234 - - [12/Mar/2018:12:36:11 -0300] "GET /cormun/servlet/solicitudot?0d9864bb787ea1688079b339e47fecd4b1a084551425c69c276ffa126621fdf2,gx-no-cache=1520868919813 HTTP/1.1" 200 70
186.67.172.234 - - [12/Mar/2018:12:36:25 -0300] "POST /cormun/servlet/solicitudot?gx-no-cache=1520868934346 HTTP/1.1" 200 255
186.67.172.234 - - [12/Mar/2018:12:36:25 -0300] "GET /cormun/servlet/solicitudot?0d9864bb787ea1688079b339e47fecd43ac8ff875e3a77931bd57b1edb070e5a3920d69fec926022b272cb3d44399bb693001ac89a5efb67269fb298a06b8bd83a07a9a52b87b1d128221ae5b794f716bc05f799113d05c4eca212d34863a24a81c634704aea040cfc6247f26c2caafb3651a7e38b0958b12eb20e6368d30ab01c1d23bc75a5b30d491a7b693313eb973acef87a572f04b795da5fa606019a5347827d0ea36476a9633217460ec1023fabde6d7c8cd19b5d59d997898d09f59b2dd35ef7587ea281b43594e384d2b75f7b6d0b6f80995d50a71c28720cb68beb07e3ac3fab8ab89e970feb793d9db50f376bac1eba75dd9cde994ea4a65d1002fc26e14b7fa4f5e4391bf5b323222d48f397b598977a430daf5075193068d5fd31888c876d45820f02ce107a5a17a7c1196e677ce982496e086aad3f8c31546f230641e62bef4790a1c743ceacfd4eca7221e869f3ea75092fa71633f152b15dd091167b73312e1dab2ae444fe4b6588e71ae9788d7ed311715c38990ca01e5b,gx-no-cache=1520868934462 HTTP/1.1" 200 30
200.112.49.157 - - [12/Mar/2018:12:36:37 -0300] "POST /cormun/servlet/solicitudot?gx-no-cache=1520868948597 HTTP/1.1" 200 3412
200.112.49.157 - - [12/Mar/2018:12:36:38 -0300] "POST /cormun/servlet/solicitudot?3c47956c686489a8e0ef0181df5010fb,INS,0,0,,gx-no-cache=1520868949251 HTTP/1.1" 200 10390
190.100.93.40 - - [12/Mar/2018:12:36:40 -0300] "POST /cormun/servlet/hlogin?7ba4bff144d8aa45019226a40a885c05,gx-no-cache=1520868950153 HTTP/1.1" 200 90
190.100.93.40 - - [12/Mar/2018:12:36:40 -0300] "GET /cormun/servlet/hpexe_link HTTP/1.1" 200 948
190.100.93.40 - - [12/Mar/2018:12:36:40 -0300] "GET /cormun/servlet/hhome HTTP/1.1" 200 4323
190.100.93.40 - - [12/Mar/2018:12:36:40 -0300] "GET /cormun/servlet/hhome HTTP/1.1" 200 4319
186.67.172.234 - - [12/Mar/2018:12:36:46 -0300] "POST /cormun/servlet/solicitudot?gx-no-cache=1520868954844 HTTP/1.1" 200 30
186.67.172.234 - - [12/Mar/2018:12:36:47 -0300] "POST /cormun/servlet/solicitudot?gx-no-cache=1520868956666 HTTP/1.1" 200 1337
186.67.172.234 - - [12/Mar/2018:12:36:47 -0300] "POST /cormun/servlet/solicitudot?gx-no-cache=1520868956751 HTTP/1.1" 200 38
190.161.236.197 - - [12/Mar/2018:12:36:49 -0300] "POST /cormun/servlet/hlogin?b339f3cdc47dd5aa7a1744092d13e627,gx-no-cache=1520868958271 HTTP/1.1" 200 445
190.161.236.197 - - [12/Mar/2018:12:36:53 -0300] "POST /cormun/servlet/hlogin?b339f3cdc47dd5aa7a1744092d13e627,gx-no-cache=1520868963118 HTTP/1.1" 200 445
186.67.172.234 - - [12/Mar/2018:12:36:58 -0300] "GET /cormun/servlet/solicitudot?0d9864bb787ea1688079b339e47fecd4da924a199596f976ab3a7fd5db3eddf8c824cb74d53423a3d6e6da5a5f951a07c6efbfbafea9372d994fb2777d06bfff42eaddeca3f6b732bbed93424e223f9bd54265a507bf496b9b5ce2357cc36a3332e09b9c129b96a503147e6f266ebe5f7838f672c7cc0e50f3a9f646aa74c8140ef4907d677b5e1f07963b73c5b18dfd857dc02c066c3504e7881d32c8a90c72d5078bd75288f405dc2bbe3ef891da51e70ee3c8ce0db02bcad58b04a3dbaa82017c0d590fa4a25836bafb5f915d46b2,gx-no-cache=1520868967060 HTTP/1.1" 200 29
186.67.172.234 - - [12/Mar/2018:12:37:01 -0300] "POST /cormun/servlet/solicitudot?gx-no-cache=1520868970376 HTTP/1.1" 200 1319
186.67.172.234 - - [12/Mar/2018:12:37:01 -0300] "POST /cormun/servlet/solicitudot?gx-no-cache=1520868970462 HTTP/1.1" 200 1219
