186.103.156.24 - - [12/Mar/2018:11:35:51 -0300] "POST /cormun/servlet/trautorizarsolicitud?135589346539f51c318337dd45845d93,,gx-no-cache=1520865300932 HTTP/1.1" 200 4403
186.103.161.206 - - [12/Mar/2018:11:35:51 -0300] "GET /cormun/servlet/solicitudot?INS,0,0, HTTP/1.1" 200 13522
190.100.93.40 - - [12/Mar/2018:11:35:52 -0300] "GET /cormun/servlet/solicitudotadjuntos?6a3d5b2825b61007e68101800d61d39d72bcc9326777ac7bbc0a6007b0ff94fa,gx-no-cache=1520865302460 HTTP/1.1" 200 30
190.100.93.40 - - [12/Mar/2018:11:35:52 -0300] "GET /cormun/servlet/solicitudotadjuntos?6a3d5b2825b61007e68101800d61d39d72bcc9326777ac7bbc0a6007b0ff94fa,gx-no-cache=1520865302547 HTTP/1.1" 200 30
190.100.93.40 - - [12/Mar/2018:11:35:52 -0300] "POST /cormun/servlet/solicitudotadjuntos?a0b3c645e7db3a95e20d3d25672b0a81,INS,2018,10405,,1, HTTP/1.1" 200 116
190.100.93.40 - - [12/Mar/2018:11:35:53 -0300] "GET /cormun/servlet/hpexe_return? HTTP/1.1" 200 1028
190.100.93.40 - - [12/Mar/2018:11:35:53 -0300] "GET /cormun/servlet/trsolicitudadjuntos?2018,10405, HTTP/1.1" 200 9265
190.100.93.40 - - [12/Mar/2018:11:35:53 -0300] "GET /cormun/servlet/trsolicitudadjuntos?2018,10405, HTTP/1.1" 200 9264
190.100.93.40 - - [12/Mar/2018:11:35:55 -0300] "GET /cormun/servlet/solicitudotadjuntos?INS,2018,10405,,1, HTTP/1.1" 200 6363
190.100.93.40 - - [12/Mar/2018:11:35:55 -0300] "GET /cormun/static/about:blank HTTP/1.1" 404 1011
186.67.164.142 - - [12/Mar/2018:11:35:56 -0300] "POST /cormun/servlet/trsolicitudot?192e3c40e50ba85b9f4fa3f096c41439,gx-no-cache=1520865306146 HTTP/1.1" 200 105
190.100.93.40 - - [12/Mar/2018:11:35:56 -0300] "GET /cormun/servlet/solicitudotadjuntos?INS,2018,10405,,1, HTTP/1.1" 200 6356
186.67.164.142 - - [12/Mar/2018:11:35:56 -0300] "GET /cormun/servlet/solicitudot?UPD,2018,10381, HTTP/1.1" 200 14010
190.100.93.40 - - [12/Mar/2018:11:35:56 -0300] "GET /cormun/servlet/solicitudotadjuntos?6a3d5b2825b61007e68101800d61d39db76f6c1d2f8c422445ee7c2724dde101d8621baae6a4ffc417bb7dc563004208,gx-no-cache=1520865306532 HTTP/1.1" 200 30
186.67.164.142 - - [12/Mar/2018:11:35:56 -0300] "GET /cormun/servlet/solicitudot?UPD,2018,10381, HTTP/1.1" 200 14019
190.100.93.40 - - [12/Mar/2018:11:35:57 -0300] "POST /cormun/servlet/solicitudotadjuntos?a0b3c645e7db3a95e20d3d25672b0a81,INS,2018,10405,,1,,gx-no-cache=1520865306601 HTTP/1.1" 200 3994
186.67.164.142 - - [12/Mar/2018:11:35:58 -0300] "POST /cormun/servlet/solicitudot?gx-no-cache=1520865307690 HTTP/1.1" 200 3367
186.67.164.142 - - [12/Mar/2018:11:35:58 -0300] "POST /cormun/servlet/solicitudot?192e3c40e50ba85b9f4fa3f096c41439,UPD,2018,10381,,gx-no-cache=1520865308491 HTTP/1.1" 200 10418
186.67.164.142 - - [12/Mar/2018:11:35:58 -0300] "GET /cormun/servlet/solicitudot?16f5a0d236ee8294b8e5cddafa4474c7c19cb4bbd0b24b20cc94b4aad7c683e130f04495c9679eb1f1b4c987c8569e1a,gx-no-cache=1520865308976 HTTP/1.1" 200 30
186.67.164.142 - - [12/Mar/2018:11:35:58 -0300] "GET /cormun/servlet/solicitudot?16f5a0d236ee8294b8e5cddafa4474c782405f1d481905a1abbf92267e6db6f8c8a973e63040d5eb767799e7a825155b165581d1082c1efcc67b55b36778bc26,gx-no-cache=1520865309056 HTTP/1.1" 200 30
186.67.164.142 - - [12/Mar/2018:11:35:58 -0300] "GET /cormun/servlet/solicitudot?16f5a0d236ee8294b8e5cddafa4474c72db5e8e2bdb8062bc7584e322457d27c,gx-no-cache=1520865309134 HTTP/1.1" 200 29
186.67.164.142 - - [12/Mar/2018:11:35:58 -0300] "POST /cormun/servlet/solicitudot?gx-no-cache=1520865309223 HTTP/1.1" 200 297
186.67.164.142 - - [12/Mar/2018:11:35:59 -0300] "GET /cormun/servlet/solicitudot?16f5a0d236ee8294b8e5cddafa4474c720f0bdcd93bb7431a2a73ef12f35bb31fa16000054b4464d7ce60b71775f1110e4215090051833cdd63e32ecbac2f5546dd9eef6b6bc1f87b28a76ccc2ab08e50921843b63663f486e42604fa896a79212919f1f3a81f5cce5864db4d24f26070a97fec6c646274854083b4e229d87e2db739e75208fb8f1ce919a88aa6e00ee83908af9bfe2b72a2299bb7efa105f9a7bbc294c60ba25b5530bfa93183d0e9c9e3a936974951745447155cc3ecbe1ace174388846e60c809234c5586bad0bdae4184330ef0bfec532de2438c92b58140ea0319df0aeebd795f0430d2fbf021a4aa771b87d4bb53518fc3fa794cec75cda3463733e829b53d474ea1df1e65953d7f7fbba41483dfc6ae5c232073f8e03635fe9af404a2f6d513372e4167141adb214f928d98885fb69bdbfdbffdd5ab5b40c537f86d737854272376ec9e3bfb9b108ea0656599a243492223dc1155e297931398e060eafb6ac2b974d14c8b023be816ca66831483831925bb0a7feb10b4dc878e2b89efbc1047bb5edd0375f73,gx-no-cache=1520865309327 HTTP/1.1" 200 30
186.67.164.142 - - [12/Mar/2018:11:35:59 -0300] "POST /cormun/servlet/solicitudot?gx-no-cache=1520865309417 HTTP/1.1" 200 30
186.67.164.142 - - [12/Mar/2018:11:35:59 -0300] "POST /cormun/servlet/solicitudot?gx-no-cache=1520865309512 HTTP/1.1" 200 75
186.67.164.142 - - [12/Mar/2018:11:35:59 -0300] "POST /cormun/servlet/solicitudot?gx-no-cache=1520865309610 HTTP/1.1" 200 41
192.168.10.50 - - [12/Mar/2018:11:36:00 -0300] "POST /cormun/servlet/trsolicitudgral?46182a646722e3b4887b4ae9aea482ba,,gx-no-cache=1520865197413 HTTP/1.1" 200 11837
190.100.93.40 - - [12/Mar/2018:11:36:01 -0300] "POST /cormun/servlet/solicitudotadjuntos?gx-no-cache=1520865311184 HTTP/1.1" 200 26
186.67.164.142 - - [12/Mar/2018:11:36:08 -0300] "GET /cormun/servlet/solicitudot?16f5a0d236ee8294b8e5cddafa4474c7f60591adaa4b5f0ddee77fdd13c784d30cd9773f7ea2d5e9810238493707907cf01666a058f029e6a2f071a84428afc662adc5bd0a1dfe7d6c629c3239abf8a3f4bda9fdaadf02f6d2e093a1eb1a7c615ca6ef8294b164cef7fc072614c42349,gx-no-cache=1520865318926 HTTP/1.1" 200 29
186.67.164.142 - - [12/Mar/2018:11:36:08 -0300] "GET /cormun/servlet/solicitudot?16f5a0d236ee8294b8e5cddafa4474c73d2bef69d16e3bd4e9a1503981e6d1c74530a7c644ce398b98c261b88255b1087ccf2023b2f19f426b56818863349da08e7ad6059fcbf06860eb96034e4745e0b6f317e587821f0a574418c9e260e0648e1e7175f9ee233bfec320642ee1e751fd6cd54cac1825a26df918785d3bf8d4641dbdf43d90cdfb2cc62ff110ce9488f0e1fb6c2a98506824768feafabaa8973fca8f8d20354904705fd51f2ab564accd2a20dbedf6e560ead5e8a101a11baa,gx-no-cache=1520865319020 HTTP/1.1" 200 62
186.67.164.142 - - [12/Mar/2018:11:36:08 -0300] "GET /cormun/servlet/solicitudot?8f7f7174e9b9b9f4741338b38b542dbcf1e046868fbabdfe89b4f7db233b5557d76ab0a314a0e2213a94069021d2f911c4a86f35d852cb72118ab789d09005f6e0291b5ae71eb794d207dd3cd4caeb2c,gx-no-cache=1520865319130 HTTP/1.1" 200 55
186.67.164.142 - - [12/Mar/2018:11:36:08 -0300] "GET /cormun/servlet/solicitudot?16f5a0d236ee8294b8e5cddafa4474c76817e3da25fef45a7daec1d6da169cd24617fa0043d105e98049f1f5bdda8dac,gx-no-cache=1520865319208 HTTP/1.1" 200 30
186.67.164.142 - - [12/Mar/2018:11:36:09 -0300] "POST /cormun/servlet/solicitudot?gx-no-cache=1520865319292 HTTP/1.1" 200 30
186.67.164.142 - - [12/Mar/2018:11:36:09 -0300] "POST /cormun/servlet/solicitudot?192e3c40e50ba85b9f4fa3f096c41439,UPD,2018,10381,,gx-no-cache=1520865319386 HTTP/1.1" 200 93
186.67.164.142 - - [12/Mar/2018:11:36:09 -0300] "GET /cormun/servlet/hpexe_return? HTTP/1.1" 200 1009
186.67.164.142 - - [12/Mar/2018:11:36:09 -0300] "GET /cormun/servlet/trsolicitudot HTTP/1.1" 200 9013
186.67.164.142 - - [12/Mar/2018:11:36:10 -0300] "GET /cormun/servlet/trsolicitudot HTTP/1.1" 200 9008
186.103.156.24 - - [12/Mar/2018:11:36:10 -0300] "POST /cormun/servlet/trautorizarsolicitud?135589346539f51c318337dd45845d93,,gx-no-cache=1520865320651 HTTP/1.1" 200 5787
186.67.164.142 - - [12/Mar/2018:11:36:15 -0300] "POST /cormun/servlet/trsolicitudot?192e3c40e50ba85b9f4fa3f096c41439,gx-no-cache=1520865325044 HTTP/1.1" 200 5710
186.67.164.142 - - [12/Mar/2018:11:36:15 -0300] "GET /cormun/static/Shared/jqueryui/images/ui-bg_highlight-soft_100_c6c2c8_1x100.png HTTP/1.1" 404 1117
186.67.164.142 - - [12/Mar/2018:11:36:15 -0300] "GET /cormun/static/Shared/jqueryui/images/ui-icons_82798d_256x240.png HTTP/1.1" 404 1089
186.67.164.142 - - [12/Mar/2018:11:36:15 -0300] "GET /cormun/static/Shared/jqueryui/images/ui-bg_flat_55_fafafa_40x100.png HTTP/1.1" 404 1097
186.67.164.142 - - [12/Mar/2018:11:36:15 -0300] "GET /cormun/static/Shared/jqueryui/images/ui-icons_8d78a5_256x240.png HTTP/1.1" 404 1089
186.67.164.142 - - [12/Mar/2018:11:36:15 -0300] "POST /cormun/servlet/trsolicitudot?192e3c40e50ba85b9f4fa3f096c41439,gx-no-cache=1520865325485 HTTP/1.1" 200 5654
186.103.156.24 - - [12/Mar/2018:11:36:19 -0300] "GET /cormun/servlet/veautorizarsolicitud?2018,10141,, HTTP/1.1" 200 8614
186.103.156.24 - - [12/Mar/2018:11:36:19 -0300] "GET /cormun/pexe_scrolldiv.js HTTP/1.1" 404 1009
186.103.156.24 - - [12/Mar/2018:11:36:19 -0300] "GET /cormun/static/veautorizarsolicitud.js?2017111423404756 HTTP/1.1" 200 6140
186.103.156.24 - - [12/Mar/2018:11:36:20 -0300] "GET /cormun/static/gxcfg.js?2017111423404691 HTTP/1.1" 200 953
186.103.156.24 - - [12/Mar/2018:11:36:20 -0300] "GET /cormun/pexe_scrolldiv.js HTTP/1.1" 404 1009
186.103.156.24 - - [12/Mar/2018:11:36:20 -0300] "GET /cormun/static/tbautorizarsolicitud01.js?2017111423392092 HTTP/1.1" 200 30580
186.103.156.24 - - [12/Mar/2018:11:36:20 -0300] "GET /cormun/servlet/veautorizarsolicitud?2018,10141,, HTTP/1.1" 200 8614
186.103.156.24 - - [12/Mar/2018:11:36:23 -0300] "POST /cormun/servlet/veautorizarsolicitud?135589346539f51c318337dd45845d93,2018,10141,,,gx-no-cache=1520865333554 HTTP/1.1" 200 93
186.103.156.24 - - [12/Mar/2018:11:36:23 -0300] "GET /cormun/servlet/hpexe_return? HTTP/1.1" 200 1018
186.103.156.24 - - [12/Mar/2018:11:36:23 -0300] "GET /cormun/servlet/trautorizarsolicitud? HTTP/1.1" 200 8723
186.103.156.24 - - [12/Mar/2018:11:36:24 -0300] "GET /cormun/servlet/trautorizarsolicitud? HTTP/1.1" 200 8719
186.103.156.24 - - [12/Mar/2018:11:36:37 -0300] "POST /cormun/servlet/trautorizarsolicitud?135589346539f51c318337dd45845d93,,gx-no-cache=1520865347154 HTTP/1.1" 200 6170
190.100.93.40 - - [12/Mar/2018:11:36:37 -0300] "GET /cormun/servlet/solicitudotadjuntos?6a3d5b2825b61007e68101800d61d39d72bcc9326777ac7bbc0a6007b0ff94fa,gx-no-cache=1520865347751 HTTP/1.1" 200 30
190.100.93.40 - - [12/Mar/2018:11:36:37 -0300] "GET /cormun/servlet/solicitudotadjuntos?6a3d5b2825b61007e68101800d61d39d72bcc9326777ac7bbc0a6007b0ff94fa,gx-no-cache=1520865347923 HTTP/1.1" 200 30
190.100.93.40 - - [12/Mar/2018:11:36:38 -0300] "POST /cormun/servlet/solicitudotadjuntos?a0b3c645e7db3a95e20d3d25672b0a81,INS,2018,10405,,1, HTTP/1.1" 200 116
190.100.93.40 - - [12/Mar/2018:11:36:38 -0300] "GET /cormun/servlet/hpexe_return? HTTP/1.1" 200 1028
190.100.93.40 - - [12/Mar/2018:11:36:39 -0300] "GET /cormun/servlet/trsolicitudadjuntos?2018,10405, HTTP/1.1" 200 9490
190.100.93.40 - - [12/Mar/2018:11:36:39 -0300] "GET /cormun/servlet/trsolicitudadjuntos?2018,10405, HTTP/1.1" 200 9488
190.100.93.40 - - [12/Mar/2018:11:36:41 -0300] "GET /cormun/servlet/solicitudotadjuntos?INS,2018,10405,,1, HTTP/1.1" 200 6363
190.100.93.40 - - [12/Mar/2018:11:36:42 -0300] "GET /cormun/static/about:blank HTTP/1.1" 404 1011
190.100.93.40 - - [12/Mar/2018:11:36:42 -0300] "GET /cormun/servlet/solicitudotadjuntos?INS,2018,10405,,1, HTTP/1.1" 200 6356
190.100.93.40 - - [12/Mar/2018:11:36:42 -0300] "GET /cormun/servlet/solicitudotadjuntos?6a3d5b2825b61007e68101800d61d39db76f6c1d2f8c422445ee7c2724dde101d8621baae6a4ffc417bb7dc563004208,gx-no-cache=1520865352579 HTTP/1.1" 200 30
190.100.93.40 - - [12/Mar/2018:11:36:42 -0300] "POST /cormun/servlet/solicitudotadjuntos?a0b3c645e7db3a95e20d3d25672b0a81,INS,2018,10405,,1,,gx-no-cache=1520865352659 HTTP/1.1" 200 3994
190.100.93.40 - - [12/Mar/2018:11:36:45 -0300] "POST /cormun/servlet/solicitudotadjuntos?gx-no-cache=1520865355141 HTTP/1.1" 200 26
186.67.164.142 - - [12/Mar/2018:11:36:51 -0300] "GET /cormun/servlet/hlogin HTTP/1.1" 200 1725
186.67.164.142 - - [12/Mar/2018:11:36:51 -0300] "GET /cormun/static/gxcfg.js?20175251213516 HTTP/1.1" 304 -
186.67.164.142 - - [12/Mar/2018:11:36:51 -0300] "GET /cormun/static/gxtimezone.js?85251 HTTP/1.1" 304 -
186.67.164.142 - - [12/Mar/2018:11:36:51 -0300] "GET /cormun/static/messages.spa.js?85251 HTTP/1.1" 304 -
186.67.164.142 - - [12/Mar/2018:11:36:51 -0300] "GET /cormun/servlet/hlogin HTTP/1.1" 200 1736
190.100.93.40 - - [12/Mar/2018:11:36:51 -0300] "GET /cormun/servlet/solicitudotadjuntos?6a3d5b2825b61007e68101800d61d39d72bcc9326777ac7bbc0a6007b0ff94fa,gx-no-cache=1520865361961 HTTP/1.1" 200 30
190.100.93.40 - - [12/Mar/2018:11:36:52 -0300] "GET /cormun/servlet/solicitudotadjuntos?6a3d5b2825b61007e68101800d61d39d72bcc9326777ac7bbc0a6007b0ff94fa,gx-no-cache=1520865362047 HTTP/1.1" 200 30
190.100.93.40 - - [12/Mar/2018:11:36:52 -0300] "POST /cormun/servlet/solicitudotadjuntos?a0b3c645e7db3a95e20d3d25672b0a81,INS,2018,10405,,1, HTTP/1.1" 200 116
190.100.93.40 - - [12/Mar/2018:11:36:53 -0300] "GET /cormun/servlet/hpexe_return? HTTP/1.1" 200 1028
190.100.93.40 - - [12/Mar/2018:11:36:53 -0300] "GET /cormun/servlet/trsolicitudadjuntos?2018,10405, HTTP/1.1" 200 9698
190.100.93.40 - - [12/Mar/2018:11:36:54 -0300] "GET /cormun/servlet/trsolicitudadjuntos?2018,10405, HTTP/1.1" 200 9696
192.168.10.56 - - [12/Mar/2018:11:36:55 -0300] "GET /cormun/servlet/solicitudgral?UPD,2018,10305, HTTP/1.1" 200 12762
192.168.10.56 - - [12/Mar/2018:11:36:55 -0300] "GET /cormun/servlet/solicitudgral?UPD,2018,10305, HTTP/1.1" 200 12772
190.100.93.40 - - [12/Mar/2018:11:36:56 -0300] "GET /cormun/servlet/solicitudotadjuntos?INS,2018,10405,,1, HTTP/1.1" 200 6363
192.168.10.56 - - [12/Mar/2018:11:36:56 -0300] "POST /cormun/servlet/solicitudgral?gx-no-cache=1520865253171 HTTP/1.1" 200 3856
190.100.93.40 - - [12/Mar/2018:11:36:56 -0300] "GET /cormun/static/about:blank HTTP/1.1" 404 1011
192.168.10.56 - - [12/Mar/2018:11:36:56 -0300] "GET /cormun/servlet/solicitudgral?34126cd21a229b02da29e1df61f0368983cb8b60190f3af8c260cb3b200f233a20d4b1c3c41900b9da161adc42359ddacad79e396204d5eaab231ee24396521afddb2b4271504d4717fc81db489ce64db86b361e4fd7f8c214fd108763966053190c155b686d7948bdded053071acbd3f6ec9026b793784437c8fc98684a9ed6b4ce51e336bbcef54f6219d1c0cefd1c38ea233836a743b14c0e2ff92dcbb6403dc2233bff977d2cd47493fae9773720fb65c09bae4ffcba906ecd438aad32223bc30c0bcf6122ac90897a8d3807b95c1a3bc9d59aaf79f0cfb1d0d47c52bde29b642ede83edf6dfe70581c8333dbf7fa098b2187c2518e69837cf733a8a123f929cd9291aeb77b5c55a11b2dc69c7521d7956df8e3946d2f4205555242a303d142ffe1d46cea5ef0338727b1fef7aa2e7f3fd4475290ff793c7be03efd6ae5df33385ba598e872c5e945f8397434eeb,gx-no-cache=1520865253335 HTTP/1.1" 200 297
190.100.93.40 - - [12/Mar/2018:11:36:56 -0300] "GET /cormun/servlet/solicitudotadjuntos?INS,2018,10405,,1, HTTP/1.1" 200 6356
190.100.93.40 - - [12/Mar/2018:11:36:56 -0300] "GET /cormun/servlet/solicitudotadjuntos?6a3d5b2825b61007e68101800d61d39db76f6c1d2f8c422445ee7c2724dde101d8621baae6a4ffc417bb7dc563004208,gx-no-cache=1520865367014 HTTP/1.1" 200 30
190.100.93.40 - - [12/Mar/2018:11:36:57 -0300] "POST /cormun/servlet/solicitudotadjuntos?a0b3c645e7db3a95e20d3d25672b0a81,INS,2018,10405,,1,,gx-no-cache=1520865367097 HTTP/1.1" 200 3995
192.168.10.56 - - [12/Mar/2018:11:36:58 -0300] "GET /cormun/servlet/solicitudgral?34126cd21a229b02da29e1df61f03689f321b5b3eead43d658b7af98b918f57007f036a8af8dc24758448901951a84fdb8fee4932ebc21460a9f7b68e1ecbc9cb14857837dcb71c2092c4c21b104bb8833efa8eeb0b8ba5637e207f3fdce79cdf84cfd2f55e1f1ff5dde2b26f857178575ca093de4dc858a14d77110c45acecd5d0c6222c2d83155411c183c2d49a13f0a596f2cf189420bc5e90100d8037fa5410ff47d7fb256cf2204defece587dd0a3c797f481f12213d38456d518cb8ed4bdb964afc474d945807ac0008825465eacad894e27cd256c8581f5aee274ca2f20d8044e3e59a3d1f57f56df817d4ffdad977dc927ffca2d8fd5b61c0201a037692b9c439d634199079833a0e679c5c7f15d96596525df58df43606a92ffa1300f0d6a44fa30e9c384acfd0d853e0a5c94c47ebcdc1059d7ebdc6c3eef38bba9b41d5f0dab0ec8ce532e4a3553069ac2d3c13c37da8a5050f7a92e61e97edb02226c3dd64ddf193f076ae8345bd3281953caed31a234c3610c238c5c900d44e7baf3d548da42ee123ac8df7a21099dadac74f32256dd3891710ca4a9bd335533565a345ab33ca56d21bac1d71bca8dc8,gx-no-cache=1520865255183 HTTP/1.1" 200 48
190.151.100.218 - - [12/Mar/2018:11:36:58 -0300] "GET /cormun/servlet/hlogin HTTP/1.1" 200 1722
190.100.93.40 - - [12/Mar/2018:11:36:59 -0300] "POST /cormun/servlet/solicitudotadjuntos?gx-no-cache=1520865369794 HTTP/1.1" 200 26
192.168.10.56 - - [12/Mar/2018:11:37:02 -0300] "POST /cormun/servlet/solicitudgral?15985d5a665fc0e81c8abca4797067c8,UPD,2018,10305,,gx-no-cache=1520865259294 HTTP/1.1" 200 11773
192.168.10.56 - - [12/Mar/2018:11:37:02 -0300] "GET /cormun/servlet/solicitudgral?34126cd21a229b02da29e1df61f03689fb844db95af45abda7afc294ec8679b2092dc281d6be4c36d40482ddb8fee386e2618242666b46316b6d47ec3e23712167ae58738ab64509bad7bddce0eb2631813ed7abb61809e3d078d1fd99faf2309b2dc28397a1eca2e26bad4f495ec50f,gx-no-cache=1520865259468 HTTP/1.1" 200 29
192.168.10.56 - - [12/Mar/2018:11:37:02 -0300] "POST /cormun/servlet/solicitudgral?gx-no-cache=1520865259494 HTTP/1.1" 200 1296
192.168.10.56 - - [12/Mar/2018:11:37:02 -0300] "POST /cormun/servlet/solicitudgral?gx-no-cache=1520865259531 HTTP/1.1" 200 1218
192.168.10.56 - - [12/Mar/2018:11:37:02 -0300] "POST /cormun/servlet/solicitudgral?15985d5a665fc0e81c8abca4797067c8,UPD,2018,10305,,gx-no-cache=1520865259571 HTTP/1.1" 200 93
192.168.10.56 - - [12/Mar/2018:11:37:02 -0300] "GET /cormun/servlet/hpexe_return? HTTP/1.1" 200 1029
192.168.10.56 - - [12/Mar/2018:11:37:03 -0300] "GET /cormun/servlet/trsolicitudgral?gx-no-cache=1520865152372 HTTP/1.1" 200 19383
192.168.10.56 - - [12/Mar/2018:11:37:03 -0300] "GET /cormun/servlet/trsolicitudgral?gx-no-cache=1520865152372 HTTP/1.1" 200 19399
186.67.164.142 - - [12/Mar/2018:11:37:09 -0300] "POST /cormun/servlet/hlogin?ca82a13f15538cb9d19b460ad525b7a0,gx-no-cache=1520865378725 HTTP/1.1" 200 90
186.67.164.142 - - [12/Mar/2018:11:37:09 -0300] "GET /cormun/servlet/hpexe_link HTTP/1.1" 200 955
186.67.164.142 - - [12/Mar/2018:11:37:09 -0300] "GET /cormun/static/gxcfg.js?20177612121792 HTTP/1.1" 304 -
186.67.164.142 - - [12/Mar/2018:11:37:09 -0300] "GET /cormun/servlet/hhome HTTP/1.1" 200 4172
186.67.164.142 - - [12/Mar/2018:11:37:09 -0300] "GET /cormun/static/gxcfg.js?20175251212442 HTTP/1.1" 304 -
186.67.164.142 - - [12/Mar/2018:11:37:10 -0300] "GET /cormun/servlet/hhome HTTP/1.1" 200 4168
192.168.10.56 - - [12/Mar/2018:11:37:10 -0300] "POST /cormun/servlet/trsolicitudgral?15985d5a665fc0e81c8abca4797067c8,gx-no-cache=1520865152372,gx-no-cache=1520865266715 HTTP/1.1" 200 16080
192.168.10.56 - - [12/Mar/2018:11:37:10 -0300] "GET /cormun/static/Shared/jqueryui/images/ui-bg_highlight-soft_100_c6c2c8_1x100.png HTTP/1.1" 404 1117
192.168.10.56 - - [12/Mar/2018:11:37:10 -0300] "GET /cormun/static/Shared/jqueryui/images/ui-icons_82798d_256x240.png HTTP/1.1" 404 1089
192.168.10.56 - - [12/Mar/2018:11:37:10 -0300] "GET /cormun/static/Shared/jqueryui/images/ui-bg_flat_55_fafafa_40x100.png HTTP/1.1" 404 1097
192.168.10.56 - - [12/Mar/2018:11:37:10 -0300] "GET /cormun/static/Shared/jqueryui/images/ui-icons_8d78a5_256x240.png HTTP/1.1" 404 1089
190.151.100.218 - - [12/Mar/2018:11:37:12 -0300] "POST /cormun/servlet/hlogin?6021e261217cd5fe798b30083541ca09,gx-no-cache=1520865380757 HTTP/1.1" 200 90
190.151.100.218 - - [12/Mar/2018:11:37:12 -0300] "GET /cormun/servlet/hpexe_link HTTP/1.1" 200 950
190.151.100.218 - - [12/Mar/2018:11:37:12 -0300] "GET /cormun/servlet/hhome HTTP/1.1" 200 4218
186.67.164.142 - - [12/Mar/2018:11:37:13 -0300] "GET /cormun/servlet/trautorizarsolicitud? HTTP/1.1" 200 8596
186.67.164.142 - - [12/Mar/2018:11:37:13 -0300] "GET /cormun/static/gxcfg.js?2017111423403364 HTTP/1.1" 304 -
186.67.164.142 - - [12/Mar/2018:11:37:13 -0300] "GET /cormun/static/calendar.js?85251 HTTP/1.1" 304 -
186.67.164.142 - - [12/Mar/2018:11:37:13 -0300] "GET /cormun/static/calendar-es.js?85251 HTTP/1.1" 304 -
186.67.164.142 - - [12/Mar/2018:11:37:13 -0300] "GET /cormun/static/calendar-setup.js?85251 HTTP/1.1" 304 -
186.67.164.142 - - [12/Mar/2018:11:37:13 -0300] "GET /cormun/static/gxdec.js?85251 HTTP/1.1" 304 -
186.67.164.142 - - [12/Mar/2018:11:37:13 -0300] "GET /cormun/static/trautorizarsolicitud.js?201711142340425 HTTP/1.1" 304 -
190.151.100.218 - - [12/Mar/2018:11:37:13 -0300] "GET /cormun/servlet/hhome HTTP/1.1" 200 4214
186.67.164.142 - - [12/Mar/2018:11:37:13 -0300] "GET /cormun/servlet/trautorizarsolicitud? HTTP/1.1" 200 8594
190.100.93.40 - - [12/Mar/2018:11:37:16 -0300] "GET /cormun/servlet/solicitudotadjuntos?6a3d5b2825b61007e68101800d61d39d72bcc9326777ac7bbc0a6007b0ff94fa,gx-no-cache=1520865386475 HTTP/1.1" 200 30
190.100.93.40 - - [12/Mar/2018:11:37:16 -0300] "GET /cormun/servlet/solicitudotadjuntos?6a3d5b2825b61007e68101800d61d39d72bcc9326777ac7bbc0a6007b0ff94fa,gx-no-cache=1520865386557 HTTP/1.1" 200 30
190.100.93.40 - - [12/Mar/2018:11:37:18 -0300] "POST /cormun/servlet/solicitudotadjuntos?a0b3c645e7db3a95e20d3d25672b0a81,INS,2018,10405,,1, HTTP/1.1" 200 116
190.100.93.40 - - [12/Mar/2018:11:37:18 -0300] "GET /cormun/servlet/hpexe_return? HTTP/1.1" 200 1028
190.100.93.40 - - [12/Mar/2018:11:37:19 -0300] "GET /cormun/servlet/trsolicitudadjuntos?2018,10405, HTTP/1.1" 200 9982
190.100.93.40 - - [12/Mar/2018:11:37:19 -0300] "GET /cormun/servlet/trsolicitudadjuntos?2018,10405, HTTP/1.1" 200 9980
186.67.164.142 - - [12/Mar/2018:11:37:21 -0300] "POST /cormun/servlet/trautorizarsolicitud?ca82a13f15538cb9d19b460ad525b7a0,,gx-no-cache=1520865391489 HTTP/1.1" 200 4610
190.100.93.40 - - [12/Mar/2018:11:37:21 -0300] "GET /cormun/servlet/solicitudotadjuntos?INS,2018,10405,,1, HTTP/1.1" 200 6363
186.67.164.142 - - [12/Mar/2018:11:37:22 -0300] "GET /cormun/static/Shared/jqueryui/images/ui-bg_highlight-soft_100_c6c2c8_1x100.png HTTP/1.1" 404 1117
186.67.164.142 - - [12/Mar/2018:11:37:22 -0300] "GET /cormun/static/Shared/jqueryui/images/ui-icons_82798d_256x240.png HTTP/1.1" 404 1089
186.67.164.142 - - [12/Mar/2018:11:37:22 -0300] "GET /cormun/static/Shared/jqueryui/images/ui-bg_flat_55_fafafa_40x100.png HTTP/1.1" 404 1097
186.67.164.142 - - [12/Mar/2018:11:37:22 -0300] "GET /cormun/static/Shared/jqueryui/images/ui-icons_8d78a5_256x240.png HTTP/1.1" 404 1089
190.100.93.40 - - [12/Mar/2018:11:37:22 -0300] "GET /cormun/static/about:blank HTTP/1.1" 404 1011
190.100.93.40 - - [12/Mar/2018:11:37:22 -0300] "GET /cormun/servlet/solicitudotadjuntos?INS,2018,10405,,1, HTTP/1.1" 200 6356
190.100.93.40 - - [12/Mar/2018:11:37:22 -0300] "GET /cormun/servlet/solicitudotadjuntos?6a3d5b2825b61007e68101800d61d39db76f6c1d2f8c422445ee7c2724dde101d8621baae6a4ffc417bb7dc563004208,gx-no-cache=1520865392799 HTTP/1.1" 200 30
186.67.164.142 - - [12/Mar/2018:11:37:22 -0300] "POST /cormun/servlet/trautorizarsolicitud?ca82a13f15538cb9d19b460ad525b7a0,,gx-no-cache=1520865391863 HTTP/1.1" 200 4397
190.100.93.40 - - [12/Mar/2018:11:37:22 -0300] "POST /cormun/servlet/solicitudotadjuntos?a0b3c645e7db3a95e20d3d25672b0a81,INS,2018,10405,,1,,gx-no-cache=1520865392885 HTTP/1.1" 200 3995
190.100.93.40 - - [12/Mar/2018:11:37:24 -0300] "POST /cormun/servlet/solicitudotadjuntos?a0b3c645e7db3a95e20d3d25672b0a81,INS,2018,10405,,1,,gx-no-cache=1520865394601 HTTP/1.1" 200 93
192.168.10.56 - - [12/Mar/2018:11:37:24 -0300] "POST /cormun/servlet/trsolicitudgral?15985d5a665fc0e81c8abca4797067c8,gx-no-cache=1520865152372,gx-no-cache=1520865281279 HTTP/1.1" 200 13566
190.100.93.40 - - [12/Mar/2018:11:37:24 -0300] "GET /cormun/servlet/hpexe_return? HTTP/1.1" 200 1028
190.100.93.40 - - [12/Mar/2018:11:37:25 -0300] "GET /cormun/servlet/trsolicitudadjuntos?2018,10405, HTTP/1.1" 200 9983
190.100.93.40 - - [12/Mar/2018:11:37:25 -0300] "GET /cormun/servlet/trsolicitudadjuntos?2018,10405, HTTP/1.1" 200 9979
190.100.93.40 - - [12/Mar/2018:11:37:27 -0300] "GET /cormun/servlet/solicitudotadjuntos?INS,2018,10405,,2, HTTP/1.1" 200 6362
190.100.93.40 - - [12/Mar/2018:11:37:27 -0300] "GET /cormun/static/about:blank HTTP/1.1" 404 1011
190.100.93.40 - - [12/Mar/2018:11:37:27 -0300] "GET /cormun/servlet/solicitudotadjuntos?INS,2018,10405,,2, HTTP/1.1" 200 6355
190.100.93.40 - - [12/Mar/2018:11:37:27 -0300] "GET /cormun/servlet/solicitudotadjuntos?6a3d5b2825b61007e68101800d61d39db76f6c1d2f8c422445ee7c2724dde101d8621baae6a4ffc417bb7dc563004208,gx-no-cache=1520865397989 HTTP/1.1" 200 30
190.100.93.40 - - [12/Mar/2018:11:37:28 -0300] "POST /cormun/servlet/solicitudotadjuntos?a0b3c645e7db3a95e20d3d25672b0a81,INS,2018,10405,,2,,gx-no-cache=1520865398036 HTTP/1.1" 200 4209
190.100.93.40 - - [12/Mar/2018:11:37:33 -0300] "POST /cormun/servlet/solicitudotadjuntos?gx-no-cache=1520865403769 HTTP/1.1" 200 26
200.72.197.82 - - [12/Mar/2018:11:37:36 -0300] "GET /cormun/servlet/trsolicitudot? HTTP/1.1" 200 8805
200.72.197.82 - - [12/Mar/2018:11:37:37 -0300] "GET /cormun/servlet/trsolicitudot? HTTP/1.1" 200 8803
186.103.159.204 - - [12/Mar/2018:11:37:43 -0300] "GET /cormun/servlet/trfichaempleado? HTTP/1.1" 200 11599
190.100.93.40 - - [12/Mar/2018:11:37:53 -0300] "POST /cormun/servlet/solicitudotadjuntos?gx-no-cache=1520865423340 HTTP/1.1" 200 26
200.72.197.82 - - [12/Mar/2018:11:37:55 -0300] "POST /cormun/servlet/trsolicitudot?6021e261217cd5fe798b30083541ca09,,gx-no-cache=1520865422788 HTTP/1.1" 200 18607
190.100.93.40 - - [12/Mar/2018:11:37:58 -0300] "GET /cormun/servlet/solicitudotadjuntos?6a3d5b2825b61007e68101800d61d39d72bcc9326777ac7bbc0a6007b0ff94fa,gx-no-cache=1520865428271 HTTP/1.1" 200 30
190.100.93.40 - - [12/Mar/2018:11:37:58 -0300] "GET /cormun/servlet/solicitudotadjuntos?6a3d5b2825b61007e68101800d61d39d72bcc9326777ac7bbc0a6007b0ff94fa,gx-no-cache=1520865428347 HTTP/1.1" 200 30
190.100.93.40 - - [12/Mar/2018:11:37:59 -0300] "POST /cormun/servlet/solicitudotadjuntos?a0b3c645e7db3a95e20d3d25672b0a81,INS,2018,10405,,2, HTTP/1.1" 200 116
190.100.93.40 - - [12/Mar/2018:11:38:00 -0300] "GET /cormun/servlet/hpexe_return? HTTP/1.1" 200 1028
190.100.93.40 - - [12/Mar/2018:11:38:00 -0300] "GET /cormun/servlet/trsolicitudadjuntos?2018,10405, HTTP/1.1" 200 10158
190.100.93.40 - - [12/Mar/2018:11:38:01 -0300] "GET /cormun/servlet/trsolicitudadjuntos?2018,10405, HTTP/1.1" 200 10158
200.72.197.82 - - [12/Mar/2018:11:38:05 -0300] "GET /cormun/servlet/treventos?2018,10198, HTTP/1.1" 200 8393
200.72.197.82 - - [12/Mar/2018:11:38:06 -0300] "GET /cormun/static/gxcfg.js?2016101716195975 HTTP/1.1" 304 -
200.72.197.82 - - [12/Mar/2018:11:38:06 -0300] "GET /cormun/servlet/treventos?2018,10198, HTTP/1.1" 200 8401
192.168.10.96 - - [12/Mar/2018:11:38:11 -0300] "POST /cormun/servlet/trsolicitudgral?47ab37127b02039d09afd8b25e049bb1,,gx-no-cache=1520865328097 HTTP/1.1" 200 5938
192.168.10.96 - - [12/Mar/2018:11:38:12 -0300] "POST /cormun/servlet/trsolicitudgral?47ab37127b02039d09afd8b25e049bb1,,gx-no-cache=1520865328863 HTTP/1.1" 200 5939
192.168.10.96 - - [12/Mar/2018:11:38:12 -0300] "POST /cormun/servlet/trsolicitudgral?47ab37127b02039d09afd8b25e049bb1,,gx-no-cache=1520865329144 HTTP/1.1" 200 5939
190.100.93.40 - - [12/Mar/2018:11:38:16 -0300] "GET /cormun/servlet/trsolicitudot? HTTP/1.1" 200 8930
190.100.93.40 - - [12/Mar/2018:11:38:16 -0300] "GET /cormun/servlet/trsolicitudot? HTTP/1.1" 200 8923
192.168.10.96 - - [12/Mar/2018:11:38:17 -0300] "POST /cormun/servlet/trsolicitudgral?47ab37127b02039d09afd8b25e049bb1,,gx-no-cache=1520865334080 HTTP/1.1" 200 9295
192.168.10.96 - - [12/Mar/2018:11:38:26 -0300] "POST /cormun/servlet/trsolicitudgral?47ab37127b02039d09afd8b25e049bb1,,gx-no-cache=1520865343386 HTTP/1.1" 200 8689
192.168.10.56 - - [12/Mar/2018:11:38:38 -0300] "POST /cormun/servlet/trsolicitudgral?15985d5a665fc0e81c8abca4797067c8,gx-no-cache=1520865152372,gx-no-cache=1520865354730 HTTP/1.1" 200 13137
186.67.203.186 - - [12/Mar/2018:11:38:40 -0300] "POST /cormun/servlet/treventos?6021e261217cd5fe798b30083541ca09,2018,10198,,gx-no-cache=1520865468129 HTTP/1.1" 200 90
186.67.203.186 - - [12/Mar/2018:11:38:40 -0300] "GET /cormun/servlet/hpexe_link HTTP/1.1" 200 966
186.67.203.186 - - [12/Mar/2018:11:38:40 -0300] "GET /cormun/servlet/trsolicitudot? HTTP/1.1" 200 21516
186.67.203.186 - - [12/Mar/2018:11:38:41 -0300] "GET /cormun/servlet/trsolicitudot? HTTP/1.1" 200 21514
192.168.10.96 - - [12/Mar/2018:11:38:44 -0300] "POST /cormun/servlet/trsolicitudgral?47ab37127b02039d09afd8b25e049bb1,,gx-no-cache=1520865361417 HTTP/1.1" 200 7314
192.168.10.50 - - [12/Mar/2018:11:38:49 -0300] "POST /cormun/servlet/trsolicitudgral?46182a646722e3b4887b4ae9aea482ba,,gx-no-cache=1520865366305 HTTP/1.1" 200 7302
192.168.10.96 - - [12/Mar/2018:11:38:50 -0300] "POST /cormun/servlet/trsolicitudgral?47ab37127b02039d09afd8b25e049bb1,,gx-no-cache=1520865366875 HTTP/1.1" 200 5938
186.67.203.186 - - [12/Mar/2018:11:38:51 -0300] "GET /cormun/servlet/treventos?2018,10115, HTTP/1.1" 200 8389
186.67.203.186 - - [12/Mar/2018:11:38:52 -0300] "GET /cormun/servlet/treventos?2018,10115, HTTP/1.1" 200 8395
192.168.10.96 - - [12/Mar/2018:11:38:53 -0300] "POST /cormun/servlet/trsolicitudgral?47ab37127b02039d09afd8b25e049bb1,,gx-no-cache=1520865370442 HTTP/1.1" 200 5937
192.168.10.50 - - [12/Mar/2018:11:38:55 -0300] "POST /cormun/servlet/trsolicitudgral?46182a646722e3b4887b4ae9aea482ba,,gx-no-cache=1520865372476 HTTP/1.1" 200 11838
192.168.10.96 - - [12/Mar/2018:11:38:56 -0300] "POST /cormun/servlet/trsolicitudgral?47ab37127b02039d09afd8b25e049bb1,,gx-no-cache=1520865373432 HTTP/1.1" 200 7299
186.67.203.186 - - [12/Mar/2018:11:39:05 -0300] "POST /cormun/servlet/treventos?6021e261217cd5fe798b30083541ca09,2018,10115,,gx-no-cache=1520865493068 HTTP/1.1" 200 90
186.67.203.186 - - [12/Mar/2018:11:39:05 -0300] "GET /cormun/servlet/hpexe_link HTTP/1.1" 200 963
186.67.203.186 - - [12/Mar/2018:11:39:05 -0300] "GET /cormun/servlet/trsolicitudot HTTP/1.1" 200 21516
186.67.203.186 - - [12/Mar/2018:11:39:06 -0300] "GET /cormun/servlet/trsolicitudot HTTP/1.1" 200 21514
186.67.203.186 - - [12/Mar/2018:11:39:09 -0300] "GET /cormun/servlet/treventos?2018,10114, HTTP/1.1" 200 8092
186.67.203.186 - - [12/Mar/2018:11:39:10 -0300] "GET /cormun/servlet/treventos?2018,10114, HTTP/1.1" 200 8099
186.67.203.186 - - [12/Mar/2018:11:39:17 -0300] "POST /cormun/servlet/treventos?6021e261217cd5fe798b30083541ca09,2018,10114,,gx-no-cache=1520865505479 HTTP/1.1" 200 90
186.67.203.186 - - [12/Mar/2018:11:39:17 -0300] "GET /cormun/servlet/hpexe_link HTTP/1.1" 200 964
186.67.203.186 - - [12/Mar/2018:11:39:18 -0300] "GET /cormun/servlet/trsolicitudot HTTP/1.1" 200 21516
186.67.203.186 - - [12/Mar/2018:11:39:19 -0300] "GET /cormun/servlet/trsolicitudot HTTP/1.1" 200 21514
192.168.10.50 - - [12/Mar/2018:11:39:22 -0300] "POST /cormun/servlet/trsolicitudgral?46182a646722e3b4887b4ae9aea482ba,,gx-no-cache=1520865399650 HTTP/1.1" 200 11865
192.168.10.50 - - [12/Mar/2018:11:39:23 -0300] "GET /cormun/static/Shared/jqueryui/images/ui-bg_highlight-soft_100_c6c2c8_1x100.png HTTP/1.1" 404 1117
192.168.10.50 - - [12/Mar/2018:11:39:23 -0300] "GET /cormun/static/Shared/jqueryui/images/ui-icons_82798d_256x240.png HTTP/1.1" 404 1089
192.168.10.50 - - [12/Mar/2018:11:39:23 -0300] "GET /cormun/static/Shared/jqueryui/images/ui-bg_flat_55_fafafa_40x100.png HTTP/1.1" 404 1097
192.168.10.50 - - [12/Mar/2018:11:39:23 -0300] "GET /cormun/static/Shared/jqueryui/images/ui-icons_8d78a5_256x240.png HTTP/1.1" 404 1089
192.168.10.50 - - [12/Mar/2018:11:39:28 -0300] "POST /cormun/servlet/trsolicitudgral?46182a646722e3b4887b4ae9aea482ba,,gx-no-cache=1520865405037 HTTP/1.1" 200 5922
186.67.203.186 - - [12/Mar/2018:11:39:33 -0300] "GET /cormun/servlet/treventos?2018,10115, HTTP/1.1" 200 8389
186.67.203.186 - - [12/Mar/2018:11:39:33 -0300] "GET /cormun/servlet/treventos?2018,10115, HTTP/1.1" 200 8395
190.100.93.40 - - [12/Mar/2018:11:39:36 -0300] "POST /cormun/servlet/trsolicitudot?a0b3c645e7db3a95e20d3d25672b0a81,,gx-no-cache=1520865525472 HTTP/1.1" 200 4714
192.168.10.50 - - [12/Mar/2018:11:39:36 -0300] "POST /cormun/servlet/trsolicitudgral?46182a646722e3b4887b4ae9aea482ba,,gx-no-cache=1520865413124 HTTP/1.1" 200 5925
190.100.93.40 - - [12/Mar/2018:11:39:39 -0300] "GET /cormun/static/Shared/jqueryui/images/ui-bg_highlight-soft_100_c6c2c8_1x100.png HTTP/1.1" 404 1117
190.100.93.40 - - [12/Mar/2018:11:39:39 -0300] "GET /cormun/static/Shared/jqueryui/images/ui-icons_82798d_256x240.png HTTP/1.1" 404 1089
190.100.93.40 - - [12/Mar/2018:11:39:39 -0300] "GET /cormun/static/Shared/jqueryui/images/ui-bg_flat_55_fafafa_40x100.png HTTP/1.1" 404 1097
190.100.93.40 - - [12/Mar/2018:11:39:39 -0300] "GET /cormun/static/Shared/jqueryui/images/ui-icons_8d78a5_256x240.png HTTP/1.1" 404 1089
190.100.93.40 - - [12/Mar/2018:11:39:39 -0300] "POST /cormun/servlet/trsolicitudot?a0b3c645e7db3a95e20d3d25672b0a81,,gx-no-cache=1520865529519 HTTP/1.1" 200 4475
190.100.93.40 - - [12/Mar/2018:11:39:43 -0300] "GET /cormun/servlet/trsolicitudot? HTTP/1.1" 200 7542
192.168.10.50 - - [12/Mar/2018:11:39:43 -0300] "POST /cormun/servlet/trsolicitudgral?46182a646722e3b4887b4ae9aea482ba,,gx-no-cache=1520865420148 HTTP/1.1" 200 9090
190.100.93.40 - - [12/Mar/2018:11:39:43 -0300] "GET /cormun/servlet/trsolicitudot? HTTP/1.1" 200 7542
190.100.93.40 - - [12/Mar/2018:11:39:46 -0300] "GET /cormun/servlet/trautorizarsolicitud? HTTP/1.1" 200 8818
190.100.93.40 - - [12/Mar/2018:11:39:46 -0300] "GET /cormun/static/gxcfg.js?2017111423403364 HTTP/1.1" 304 -
190.100.93.40 - - [12/Mar/2018:11:39:46 -0300] "GET /cormun/static/trautorizarsolicitud.js?201711142340425 HTTP/1.1" 304 -
190.100.93.40 - - [12/Mar/2018:11:39:46 -0300] "GET /cormun/servlet/trautorizarsolicitud? HTTP/1.1" 200 8818
186.67.203.186 - - [12/Mar/2018:11:39:51 -0300] "POST /cormun/servlet/treventos?6021e261217cd5fe798b30083541ca09,2018,10115,,gx-no-cache=1520865539757 HTTP/1.1" 200 90
186.67.203.186 - - [12/Mar/2018:11:39:51 -0300] "GET /cormun/servlet/hpexe_link HTTP/1.1" 200 963
186.67.203.186 - - [12/Mar/2018:11:39:52 -0300] "GET /cormun/servlet/trsolicitudot HTTP/1.1" 200 21516
186.67.203.186 - - [12/Mar/2018:11:39:53 -0300] "GET /cormun/servlet/trsolicitudot HTTP/1.1" 200 21514
192.168.10.50 - - [12/Mar/2018:11:39:56 -0300] "POST /cormun/servlet/trsolicitudgral?46182a646722e3b4887b4ae9aea482ba,,gx-no-cache=1520865433209 HTTP/1.1" 200 105
192.168.10.50 - - [12/Mar/2018:11:39:56 -0300] "POST /cormun/servlet/trsolicitudgral?46182a646722e3b4887b4ae9aea482ba,,gx-no-cache=1520865433319 HTTP/1.1" 200 9073
192.168.10.50 - - [12/Mar/2018:11:39:56 -0300] "GET /cormun/SolicitudGral-4662.xls HTTP/1.1" 200 7168
186.67.203.186 - - [12/Mar/2018:11:39:57 -0300] "GET /cormun/servlet/treventos?2018,9991, HTTP/1.1" 200 8440
186.67.203.186 - - [12/Mar/2018:11:39:58 -0300] "GET /cormun/servlet/treventos?2018,9991, HTTP/1.1" 200 8449
190.100.93.40 - - [12/Mar/2018:11:40:01 -0300] "GET /cormun/servlet/trcontratosolicitud? HTTP/1.1" 200 15013
190.100.93.40 - - [12/Mar/2018:11:40:01 -0300] "GET /cormun/static/gxcfg.js?20177612214014 HTTP/1.1" 304 -
190.100.93.40 - - [12/Mar/2018:11:40:02 -0300] "GET /cormun/servlet/trcontratosolicitud? HTTP/1.1" 200 14992
190.100.93.40 - - [12/Mar/2018:11:41:05 -0300] "GET /cormun/servlet/trsolicitudot? HTTP/1.1" 200 7542
190.100.93.40 - - [12/Mar/2018:11:41:06 -0300] "GET /cormun/servlet/trsolicitudot? HTTP/1.1" 200 7542
200.120.230.197 - - [12/Mar/2018:11:41:47 -0300] "POST /cormun/servlet/hlogin?f0925c05e8de6c40bda8585b1a132fe2,gx-no-cache=1520865662534 HTTP/1.1" 440 972
200.120.230.197 - - [12/Mar/2018:11:41:50 -0300] "GET /cormun/servlet/hlogin HTTP/1.1" 200 1722
200.120.230.197 - - [12/Mar/2018:11:41:59 -0300] "POST /cormun/servlet/hlogin?49a0e0d585d0134bdf43fbba9d693a1f,gx-no-cache=1520865674015 HTTP/1.1" 200 90
200.120.230.197 - - [12/Mar/2018:11:41:59 -0300] "GET /cormun/servlet/hpexe_link HTTP/1.1" 200 943
200.120.230.197 - - [12/Mar/2018:11:41:59 -0300] "GET /cormun/servlet/hhome HTTP/1.1" 200 4221
200.120.230.197 - - [12/Mar/2018:11:42:01 -0300] "GET /cormun/servlet/hhome HTTP/1.1" 200 4217
200.120.230.197 - - [12/Mar/2018:11:42:06 -0300] "GET /cormun/servlet/trsolicitudot? HTTP/1.1" 200 8831
200.120.230.197 - - [12/Mar/2018:11:42:07 -0300] "GET /cormun/servlet/trsolicitudot? HTTP/1.1" 200 8829
200.120.230.197 - - [12/Mar/2018:11:42:23 -0300] "GET /cormun/servlet/solicitudot?INS,0,0, HTTP/1.1" 200 13657
200.120.230.197 - - [12/Mar/2018:11:42:25 -0300] "GET /cormun/servlet/solicitudot?INS,0,0, HTTP/1.1" 200 13662
186.79.62.59 - - [12/Mar/2018:11:42:41 -0300] "POST /cormun/servlet/solicitudot?gx-no-cache=1520865715582 HTTP/1.1" 200 3412
186.79.62.59 - - [12/Mar/2018:11:42:42 -0300] "POST /cormun/servlet/solicitudot?49a0e0d585d0134bdf43fbba9d693a1f,INS,0,0,,gx-no-cache=1520865716566 HTTP/1.1" 200 10570
186.103.157.98 - - [12/Mar/2018:11:42:43 -0300] "GET /cormun/servlet/hlogin HTTP/1.1" 200 1718
186.79.62.59 - - [12/Mar/2018:11:42:44 -0300] "GET /cormun/servlet/solicitudot?ac9368bc535132192f812ba14f30ecea0bc1a5d7d5e8d455d39ecf5b4e8829cbaa17a82d46209ec072ab6ea738245823,gx-no-cache=1520865719407 HTTP/1.1" 200 30
186.79.62.59 - - [12/Mar/2018:11:42:44 -0300] "GET /cormun/servlet/solicitudot?ac9368bc535132192f812ba14f30ecea49404097b470a79a1fdfa8dab2dca71c2ae3113b93bfd1334a9ee5dbd5863921add8a11c6c381fbdd9593a76c08919da,gx-no-cache=1520865719666 HTTP/1.1" 200 30
186.79.62.59 - - [12/Mar/2018:11:42:44 -0300] "GET /cormun/servlet/solicitudot?ac9368bc535132192f812ba14f30eceaca18552306cc7e6866f7569cf6dddba3,gx-no-cache=1520865719893 HTTP/1.1" 200 53
186.79.62.59 - - [12/Mar/2018:11:42:45 -0300] "POST /cormun/servlet/solicitudot?gx-no-cache=1520865720131 HTTP/1.1" 200 255
192.168.10.96 - - [12/Mar/2018:11:42:45 -0300] "POST /cormun/servlet/trsolicitudgral?47ab37127b02039d09afd8b25e049bb1,,gx-no-cache=1520865602083 HTTP/1.1" 200 8636
186.79.62.59 - - [12/Mar/2018:11:42:45 -0300] "GET /cormun/servlet/solicitudot?ac9368bc535132192f812ba14f30ecea8c566c519d8c22b1c376491fd98c49b23deae1c75326165954dcb56669070f1515432437a78a3201c536cb55e42dc92329d2cf15efcc53b7e68d91b9e4c423b11edaad68a2795e12578b96660cae1267b7cbee216b33e2f25793ec89ddd139f6594c599db31b54052cfc3c95521d135f11588d59b02654753728839bcf0da163cc834657b4364f8ca584a57109f2671b3cd1cdb9df0311728e06025afa31cb813e957f7f05df91facc09764b4c4a3c3c41f3f42daf942171c4e51f5b2959d780a045a849036a752c285cb96afecbb8aa1028087567d98c656790ccd1f66b881ff5cc0f4396beb06ce838359af07a610bfa358fd6957540ffbaa3eefc9263e776b538b14c8d08ea5098dfcf8ede870b516e0453bb3175075c419277156c940ba94bcc9fc5fceb37f8750c9bdc7760c27c2d222308f95267a14003f55b58703a0b008f0af06d875ab6efce8d0bb0239ddc1a9002c2fd8bcdacc90461d99d88db75c7d4842be4a7ca053ec86440012cd0a6,gx-no-cache=1520865720385 HTTP/1.1" 200 30
186.79.62.59 - - [12/Mar/2018:11:42:47 -0300] "POST /cormun/servlet/solicitudot?gx-no-cache=1520865722925 HTTP/1.1" 200 30
186.79.62.59 - - [12/Mar/2018:11:42:51 -0300] "POST /cormun/servlet/solicitudot?gx-no-cache=1520865726885 HTTP/1.1" 200 1336
186.79.62.59 - - [12/Mar/2018:11:42:52 -0300] "POST /cormun/servlet/solicitudot?gx-no-cache=1520865727186 HTTP/1.1" 200 38
192.168.10.96 - - [12/Mar/2018:11:43:16 -0300] "POST /cormun/servlet/trsolicitudgral?47ab37127b02039d09afd8b25e049bb1,,gx-no-cache=1520865633058 HTTP/1.1" 200 5927
192.168.10.56 - - [12/Mar/2018:11:43:17 -0300] "POST /cormun/servlet/trsolicitudgral?15985d5a665fc0e81c8abca4797067c8,gx-no-cache=1520865152372,gx-no-cache=1520865634443 HTTP/1.1" 200 12732
192.168.10.96 - - [12/Mar/2018:11:43:19 -0300] "POST /cormun/servlet/trsolicitudgral?47ab37127b02039d09afd8b25e049bb1,,gx-no-cache=1520865636426 HTTP/1.1" 200 23462
192.168.10.56 - - [12/Mar/2018:11:43:20 -0300] "POST /cormun/servlet/trsolicitudgral?15985d5a665fc0e81c8abca4797067c8,gx-no-cache=1520865152372,gx-no-cache=1520865637561 HTTP/1.1" 200 12698
192.168.10.96 - - [12/Mar/2018:11:43:33 -0300] "POST /cormun/servlet/trsolicitudgral?47ab37127b02039d09afd8b25e049bb1,,gx-no-cache=1520865649893 HTTP/1.1" 200 7340
192.168.10.56 - - [12/Mar/2018:11:43:36 -0300] "POST /cormun/servlet/trsolicitudgral?15985d5a665fc0e81c8abca4797067c8,gx-no-cache=1520865152372,gx-no-cache=1520865651519 HTTP/1.1" 200 26557
192.168.10.96 - - [12/Mar/2018:11:43:39 -0300] "POST /cormun/servlet/trsolicitudgral?47ab37127b02039d09afd8b25e049bb1,,gx-no-cache=1520865656320 HTTP/1.1" 200 5937
192.168.10.96 - - [12/Mar/2018:11:43:40 -0300] "POST /cormun/servlet/trsolicitudgral?47ab37127b02039d09afd8b25e049bb1,,gx-no-cache=1520865657256 HTTP/1.1" 200 5938
192.168.10.96 - - [12/Mar/2018:11:43:40 -0300] "POST /cormun/servlet/trsolicitudgral?47ab37127b02039d09afd8b25e049bb1,,gx-no-cache=1520865657448 HTTP/1.1" 200 5938
192.168.10.96 - - [12/Mar/2018:11:43:45 -0300] "POST /cormun/servlet/trsolicitudgral?47ab37127b02039d09afd8b25e049bb1,,gx-no-cache=1520865662225 HTTP/1.1" 200 7340
192.168.10.56 - - [12/Mar/2018:11:43:46 -0300] "POST /cormun/servlet/trsolicitudgral?15985d5a665fc0e81c8abca4797067c8,gx-no-cache=1520865152372,gx-no-cache=1520865662618 HTTP/1.1" 200 25266
192.168.10.96 - - [12/Mar/2018:11:43:49 -0300] "POST /cormun/servlet/trsolicitudgral?47ab37127b02039d09afd8b25e049bb1,,gx-no-cache=1520865665832 HTTP/1.1" 200 7337
192.168.10.56 - - [12/Mar/2018:11:43:50 -0300] "POST /cormun/servlet/trsolicitudgral?15985d5a665fc0e81c8abca4797067c8,gx-no-cache=1520865152372,gx-no-cache=1520865667259 HTTP/1.1" 200 25266
192.168.10.96 - - [12/Mar/2018:11:44:07 -0300] "POST /cormun/servlet/trsolicitudgral?47ab37127b02039d09afd8b25e049bb1,,gx-no-cache=1520865684545 HTTP/1.1" 200 5937
192.168.10.96 - - [12/Mar/2018:11:44:11 -0300] "POST /cormun/servlet/trsolicitudgral?47ab37127b02039d09afd8b25e049bb1,,gx-no-cache=1520865688200 HTTP/1.1" 200 5939
192.168.10.96 - - [12/Mar/2018:11:44:13 -0300] "POST /cormun/servlet/trsolicitudgral?47ab37127b02039d09afd8b25e049bb1,,gx-no-cache=1520865690537 HTTP/1.1" 200 7647
200.120.230.197 - - [12/Mar/2018:11:44:22 -0300] "GET /cormun/servlet/solicitudot?ac9368bc535132192f812ba14f30ecea93c593a3afef3d7c757d905e7ea87603fc6b669e9bcc56d8c12fdfb3c8e51686398a28da0dfabd5adeb08e827bf6923d52c937ce35773b479ff6049cd4d6c6256089c6a7ba9fcdad739cd7eca9c7ba605652ed5a632d1fb03dff91ddb7d8f1134b46ea364d92c84db317d0efdad30723031fa85eb1dc52af53f0c7931c736cfaba0f74ac5a01d37c4babc8e2848ef3cb,gx-no-cache=1520865817210 HTTP/1.1" 200 29
200.120.230.197 - - [12/Mar/2018:11:44:22 -0300] "POST /cormun/servlet/solicitudot?gx-no-cache=1520865817400 HTTP/1.1" 200 1318
200.120.230.197 - - [12/Mar/2018:11:44:23 -0300] "POST /cormun/servlet/solicitudot?gx-no-cache=1520865817915 HTTP/1.1" 200 1218
200.120.230.197 - - [12/Mar/2018:11:44:23 -0300] "GET /cormun/static/menuarrow.gif HTTP/1.1" 404 1015
192.168.10.56 - - [12/Mar/2018:11:44:24 -0300] "POST /cormun/servlet/trsolicitudgral?15985d5a665fc0e81c8abca4797067c8,gx-no-cache=1520865152372,gx-no-cache=1520865701587 HTTP/1.1" 200 5927
200.120.230.197 - - [12/Mar/2018:11:44:25 -0300] "POST /cormun/servlet/solicitudot?gx-no-cache=1520865820508 HTTP/1.1" 200 1318
200.120.230.197 - - [12/Mar/2018:11:44:25 -0300] "POST /cormun/servlet/solicitudot?gx-no-cache=1520865820654 HTTP/1.1" 200 1218
200.120.230.197 - - [12/Mar/2018:11:44:27 -0300] "GET /cormun/servlet/solicitudot?ac9368bc535132192f812ba14f30ecea79397bbd2b39781c82e291015e94f89598cfe4808acc9ddf351b2ea4b957a855,gx-no-cache=1520865822764 HTTP/1.1" 200 30
200.120.230.197 - - [12/Mar/2018:11:44:31 -0300] "GET /cormun/servlet/trlicencias? HTTP/1.1" 200 11850
200.120.230.197 - - [12/Mar/2018:11:44:33 -0300] "GET /cormun/servlet/trlicencias? HTTP/1.1" 200 11843
192.168.10.56 - - [12/Mar/2018:11:44:38 -0300] "POST /cormun/servlet/trsolicitudgral?15985d5a665fc0e81c8abca4797067c8,gx-no-cache=1520865152372,gx-no-cache=1520865715465 HTTP/1.1" 200 5934
200.120.230.197 - - [12/Mar/2018:11:44:44 -0300] "GET /cormun/servlet/trsolicitudot? HTTP/1.1" 200 8829
200.120.230.197 - - [12/Mar/2018:11:44:45 -0300] "GET /cormun/servlet/trsolicitudot? HTTP/1.1" 200 8829
186.103.161.206 - - [12/Mar/2018:11:44:45 -0300] "POST /cormun/servlet/treventos?6021e261217cd5fe798b30083541ca09,2018,9991,,gx-no-cache=1520865833138 HTTP/1.1" 200 90
186.103.161.206 - - [12/Mar/2018:11:44:45 -0300] "GET /cormun/servlet/hpexe_link HTTP/1.1" 200 963
186.103.161.206 - - [12/Mar/2018:11:44:46 -0300] "GET /cormun/servlet/trsolicitudot HTTP/1.1" 200 21516
186.103.161.206 - - [12/Mar/2018:11:44:47 -0300] "GET /cormun/servlet/trsolicitudot HTTP/1.1" 200 21514
200.120.230.197 - - [12/Mar/2018:11:44:49 -0300] "POST /cormun/servlet/trsolicitudot?49a0e0d585d0134bdf43fbba9d693a1f,,gx-no-cache=1520865843870 HTTP/1.1" 200 106
200.120.230.197 - - [12/Mar/2018:11:44:49 -0300] "GET /cormun/servlet/solicitudot?UPD,2018,10243, HTTP/1.1" 200 15426
192.168.10.56 - - [12/Mar/2018:11:44:49 -0300] "POST /cormun/servlet/trsolicitudgral?15985d5a665fc0e81c8abca4797067c8,gx-no-cache=1520865152372,gx-no-cache=1520865725868 HTTP/1.1" 200 25266
200.120.230.197 - - [12/Mar/2018:11:44:50 -0300] "GET /cormun/servlet/solicitudot?UPD,2018,10243, HTTP/1.1" 200 15436
186.79.62.59 - - [12/Mar/2018:11:44:51 -0300] "POST /cormun/servlet/solicitudot?gx-no-cache=1520865846242 HTTP/1.1" 200 3388
186.79.62.59 - - [12/Mar/2018:11:44:53 -0300] "POST /cormun/servlet/solicitudot?49a0e0d585d0134bdf43fbba9d693a1f,UPD,2018,10243,,gx-no-cache=1520865847186 HTTP/1.1" 200 11676
186.79.62.59 - - [12/Mar/2018:11:44:53 -0300] "GET /cormun/servlet/solicitudot?ac9368bc535132192f812ba14f30eceaaba4d034bc743905ed10932916e56b2838480b0c9c7185d73ec39b4afdec0768,gx-no-cache=1520865848639 HTTP/1.1" 200 30
186.79.62.59 - - [12/Mar/2018:11:44:53 -0300] "GET /cormun/servlet/solicitudot?ac9368bc535132192f812ba14f30ecea41b8391e06443626ac4d0366f152d077c4f1b637907d5d38f84e9f1ade01cbd54c56fdf5888eec30bef749bd1c62a1b5,gx-no-cache=1520865848835 HTTP/1.1" 200 30
186.79.62.59 - - [12/Mar/2018:11:44:54 -0300] "GET /cormun/servlet/solicitudot?ac9368bc535132192f812ba14f30ecea77f2486aeda787c88aaf73c5139dc6e75ccd8794e6d61fba630e192eb5598388770282e1d66ab280fd30e034b94860f3,gx-no-cache=1520865849015 HTTP/1.1" 200 53
186.79.62.59 - - [12/Mar/2018:11:44:54 -0300] "POST /cormun/servlet/solicitudot?gx-no-cache=1520865849189 HTTP/1.1" 200 256
186.79.62.59 - - [12/Mar/2018:11:44:54 -0300] "GET /cormun/servlet/solicitudot?ac9368bc535132192f812ba14f30ecea8c566c519d8c22b1c376491fd98c49b23deae1c75326165954dcb56669070f1515432437a78a3201c536cb55e42dc92329d2cf15efcc53b7e68d91b9e4c423b11edaad68a2795e12578b96660cae1267b7cbee216b33e2f25793ec89ddd139f6594c599db31b54052cfc3c95521d135f11588d59b02654753728839bcf0da163cc834657b4364f8ca584a57109f2671b3cd1cdb9df0311728e06025afa31cb813e957f7f05df91facc09764b4c4a3c3c41f3f42daf942171c4e51f5b2959d780a045a849036a752c285cb96afecbb8aa1028087567d98c656790ccd1f66b881ff5cc0f4396beb06ce838359af07a610bfa358fd6957540ffbaa3eefc9263e776b538b14c8d08ea5098dfcf8ede870b516e0453bb3175075c419277156c940ba94bcc9fc5fceb37f8750c9bdc7760c27c2d222308f95267a14003f55b58703a0b008f0af06d875ab6efce8d0bb0239ddc1a9002c2fd8bcdacc90461d99d88db75dde96956965e8d75b9c30d6c683db38a,gx-no-cache=1520865849380 HTTP/1.1" 200 30
186.79.62.59 - - [12/Mar/2018:11:44:54 -0300] "POST /cormun/servlet/solicitudot?gx-no-cache=1520865849554 HTTP/1.1" 200 30
186.79.62.59 - - [12/Mar/2018:11:44:54 -0300] "POST /cormun/servlet/solicitudot?gx-no-cache=1520865849773 HTTP/1.1" 200 1336
186.79.62.59 - - [12/Mar/2018:11:44:55 -0300] "POST /cormun/servlet/solicitudot?gx-no-cache=1520865850211 HTTP/1.1" 200 41
186.79.62.59 - - [12/Mar/2018:11:44:59 -0300] "GET /cormun/servlet/solicitudot?ac9368bc535132192f812ba14f30eceaf81e92b4ef3c599a52d6a441ba869c52815a503dfdc8c4d603b04387d5fe8ce602fb4f12d1e03d7c6e37cfe8c048bf408ca6cf4e2bfe70f24a50962fe7f165db66d8cac3fc18bc29d074368d4eb8ec7291ef4ee0bd4bc003f89107cc3dded4493fd2ae6960a700be645fba92ea6daae789ac2eb4ee4ca3f57b2dd2d3c401b32f9cc77af4222d3835ed0fc5130e2b5f11,gx-no-cache=1520865854489 HTTP/1.1" 200 29
186.79.62.59 - - [12/Mar/2018:11:44:59 -0300] "POST /cormun/servlet/solicitudot?gx-no-cache=1520865854699 HTTP/1.1" 200 1318
186.79.62.59 - - [12/Mar/2018:11:45:00 -0300] "POST /cormun/servlet/solicitudot?gx-no-cache=1520865855019 HTTP/1.1" 200 1218
186.79.62.59 - - [12/Mar/2018:11:45:00 -0300] "GET /cormun/servlet/solicitudot?ac9368bc535132192f812ba14f30eceabf70c552d50e57525d6f4dbc6186750146576f17dde5db3bc346df7ba6259a4f,gx-no-cache=1520865855433 HTTP/1.1" 200 30
186.79.62.59 - - [12/Mar/2018:11:45:00 -0300] "GET /cormun/static/menuarrow.gif HTTP/1.1" 404 1015
186.79.62.59 - - [12/Mar/2018:11:45:03 -0300] "POST /cormun/servlet/solicitudot?gx-no-cache=1520865858593 HTTP/1.1" 200 1318
186.79.62.59 - - [12/Mar/2018:11:45:04 -0300] "POST /cormun/servlet/solicitudot?gx-no-cache=1520865858967 HTTP/1.1" 200 1218
192.168.10.96 - - [12/Mar/2018:11:45:07 -0300] "POST /cormun/servlet/trsolicitudgral?47ab37127b02039d09afd8b25e049bb1,,gx-no-cache=1520865743945 HTTP/1.1" 200 14723
192.168.10.96 - - [12/Mar/2018:11:45:11 -0300] "POST /cormun/servlet/trsolicitudgral?47ab37127b02039d09afd8b25e049bb1,,gx-no-cache=1520865748609 HTTP/1.1" 200 14722
186.79.62.59 - - [12/Mar/2018:11:45:14 -0300] "POST /cormun/servlet/solicitudot?gx-no-cache=1520865869792 HTTP/1.1" 200 33
186.79.62.59 - - [12/Mar/2018:11:45:16 -0300] "POST /cormun/servlet/solicitudot?49a0e0d585d0134bdf43fbba9d693a1f,UPD,2018,10243,,gx-no-cache=1520865870013 HTTP/1.1" 200 93
186.79.62.59 - - [12/Mar/2018:11:45:16 -0300] "GET /cormun/servlet/hpexe_return? HTTP/1.1" 200 1006
186.79.62.59 - - [12/Mar/2018:11:45:16 -0300] "GET /cormun/static/gxcfg.js?2016101716175148 HTTP/1.1" 304 -
186.79.62.59 - - [12/Mar/2018:11:45:16 -0300] "GET /cormun/servlet/trsolicitudot HTTP/1.1" 200 8832
186.79.62.59 - - [12/Mar/2018:11:45:18 -0300] "GET /cormun/servlet/trsolicitudot HTTP/1.1" 200 8828
186.79.62.59 - - [12/Mar/2018:11:45:21 -0300] "GET /cormun/servlet/vesolicitudot?2018,10243,, HTTP/1.1" 200 8603
186.79.62.59 - - [12/Mar/2018:11:45:21 -0300] "GET /cormun/static/gxcfg.js?2017111422591385 HTTP/1.1" 304 -
186.79.62.59 - - [12/Mar/2018:11:45:21 -0300] "GET /cormun/pexe_scrolldiv.js HTTP/1.1" 404 1009
186.79.62.59 - - [12/Mar/2018:11:45:22 -0300] "GET /cormun/servlet/vesolicitudot?2018,10243,, HTTP/1.1" 200 8602
192.168.10.96 - - [12/Mar/2018:11:45:37 -0300] "POST /cormun/servlet/trsolicitudgral?47ab37127b02039d09afd8b25e049bb1,,gx-no-cache=1520865774019 HTTP/1.1" 200 13076
192.168.10.56 - - [12/Mar/2018:11:45:46 -0300] "POST /cormun/servlet/trsolicitudgral?15985d5a665fc0e81c8abca4797067c8,gx-no-cache=1520865152372,gx-no-cache=1520865782966 HTTP/1.1" 200 25163
186.103.156.24 - - [12/Mar/2018:11:45:49 -0300] "GET /cormun/servlet/hlogin HTTP/1.1" 200 1723
192.168.10.56 - - [12/Mar/2018:11:46:02 -0300] "GET /cormun/servlet/solicitudgral?UPD,2018,9757, HTTP/1.1" 200 12797
