186.103.161.206 - - [12/Mar/2018:11:18:46 -0300] "GET /cormun/static/SmoothNavMenu/resources/ddsmoothmenu-v.css?1012540 HTTP/1.1" 200 1188
186.103.161.206 - - [12/Mar/2018:11:18:46 -0300] "GET /cormun/static/SmoothNavMenu/resources/ddsmoothmenu.css?1012540 HTTP/1.1" 200 2223
186.79.174.79 - - [12/Mar/2018:11:18:46 -0300] "GET /cormun/static/Shared/jqueryui/images/ui-bg_flat_55_994d53_40x100.png HTTP/1.1" 404 1097
186.79.174.79 - - [12/Mar/2018:11:18:46 -0300] "GET /cormun/static/Shared/jqueryui/images/ui-icons_ebccce_256x240.png HTTP/1.1" 404 1089
200.111.122.170 - - [12/Mar/2018:11:18:46 -0300] "GET /cormun/static/gxcfg.js?20175251212442 HTTP/1.1" 200 953
200.72.197.82 - - [12/Mar/2018:11:18:46 -0300] "GET /cormun/static/PXToolsJavascripts/pexe_autoreload.js HTTP/1.1" 200 1762
186.103.132.155 - - [12/Mar/2018:11:18:46 -0300] "GET /cormun/static/scaMessage/css/jquery.pnotify.default.css?1716380 HTTP/1.1" 200 1707
186.103.161.206 - - [12/Mar/2018:11:18:46 -0300] "GET /cormun/static/Shared/jqueryui/jquery-ui.min.css?1245370 HTTP/1.1" 200 30288
186.103.161.206 - - [12/Mar/2018:11:18:46 -0300] "GET /cormun/static/PXToolsJavascripts/pexe_cookies.js HTTP/1.1" 200 792
186.103.161.206 - - [12/Mar/2018:11:18:46 -0300] "GET /cormun/static/PXToolsJavascripts/pexe_windows.js HTTP/1.1" 200 15207
200.111.122.170 - - [12/Mar/2018:11:18:46 -0300] "GET /cormun/static/PXToolsJavascripts/pexe_griddivfix.js HTTP/1.1" 200 6644
200.72.197.82 - - [12/Mar/2018:11:18:46 -0300] "GET /cormun/static/PXToolsJavascripts/pexe_grid.js HTTP/1.1" 200 7559
200.111.122.170 - - [12/Mar/2018:11:18:46 -0300] "GET /cormun/static/PXToolsJavascripts/pexe_link.js HTTP/1.1" 200 5671
200.72.197.82 - - [12/Mar/2018:11:18:46 -0300] "GET /cormun/static/PXToolsJavascripts/pexe_menudivfix.js HTTP/1.1" 200 333
200.111.122.170 - - [12/Mar/2018:11:18:46 -0300] "GET /cormun/static/PXToolsJavascripts/pexe_menus.js HTTP/1.1" 200 1286
186.103.161.206 - - [12/Mar/2018:11:18:46 -0300] "GET /cormun/static/PXToolsJavascripts/pexe_oav.js HTTP/1.1" 200 645
186.103.161.206 - - [12/Mar/2018:11:18:47 -0300] "GET /cormun/static/PXToolsJavascripts/pexe_oavdivfix.js HTTP/1.1" 200 639
186.103.161.206 - - [12/Mar/2018:11:18:47 -0300] "GET /cormun/static/PXToolsJavascripts/pexe_picture.js HTTP/1.1" 200 689
200.72.197.82 - - [12/Mar/2018:11:18:47 -0300] "GET /cormun/static/PXToolsJavascripts/pexe_layers.js HTTP/1.1" 200 4114
186.103.161.206 - - [12/Mar/2018:11:18:47 -0300] "GET /cormun/static/PXToolsJavascripts/pexe_popup.js HTTP/1.1" 200 13458
200.72.197.82 - - [12/Mar/2018:11:18:47 -0300] "GET /cormun/static/PXToolsJavascripts/pexe_scrolldiv.js HTTP/1.1" 200 4138
186.103.161.206 - - [12/Mar/2018:11:18:47 -0300] "GET /cormun/static/PXToolsJavascripts/pexe_tabdivfix.js HTTP/1.1" 200 876
186.103.161.206 - - [12/Mar/2018:11:18:47 -0300] "GET /cormun/static/PXToolsJavascripts/pexe_upload.js HTTP/1.1" 200 1423
200.72.197.82 - - [12/Mar/2018:11:18:47 -0300] "GET /cormun/static/PXToolsJavascripts/pexe_tabs.js HTTP/1.1" 200 3748
186.103.158.250 - - [12/Mar/2018:11:18:47 -0300] "GET /cormun/servlet/alicenciaprn?17136773,L,20180312000000,PU HTTP/1.1" 200 1536
186.103.158.250 - - [12/Mar/2018:11:18:47 -0300] "GET /cormun/servlet/alicenciaprn?17136773,L,20180312000000,PU HTTP/1.1" 200 1538
200.111.122.170 - - [12/Mar/2018:11:18:47 -0300] "GET /cormun/static/PXToolsJavascripts/PXToolsJavascriptsRender.js HTTP/1.1" 200 367
186.103.161.206 - - [12/Mar/2018:11:18:49 -0300] "GET /cormun/static/RunJS/RunJS.js HTTP/1.1" 200 288
186.103.161.206 - - [12/Mar/2018:11:18:51 -0300] "GET /cormun/static/hwchdr01.js?201752511465785 HTTP/1.1" 200 1183
200.72.197.82 - - [12/Mar/2018:11:18:51 -0300] "GET /cormun/static/hhome.js?20175251212450 HTTP/1.1" 200 777
186.103.132.155 - - [12/Mar/2018:11:18:51 -0300] "GET /cormun/static/hpexe_recentlink.js?20177611595044 HTTP/1.1" 200 2144
186.103.161.206 - - [12/Mar/2018:11:18:51 -0300] "GET /cormun/static/Shared/ext/locale/ext-lang-en.js HTTP/1.1" 200 10940
200.72.197.82 - - [12/Mar/2018:11:18:51 -0300] "GET /cormun/static/hpexe_scripts.js?201752511465715 HTTP/1.1" 200 1544
186.103.161.206 - - [12/Mar/2018:11:18:52 -0300] "GET /cormun/static/Resources/PXToolsFooterBackground2.png HTTP/1.1" 200 1172
186.103.132.155 - - [12/Mar/2018:11:18:52 -0300] "GET /cormun/static/Resources/PXToolsHeaderBackground2.png HTTP/1.1" 200 1174
186.103.132.155 - - [12/Mar/2018:11:18:52 -0300] "GET /cormun/static/Resources/PXToolsHeaderActionsBackground.png HTTP/1.1" 200 484
186.103.161.206 - - [12/Mar/2018:11:18:52 -0300] "GET /cormun/static/Resources/PXToolsDataTitle.png HTTP/1.1" 200 1173
186.103.161.206 - - [12/Mar/2018:11:18:52 -0300] "GET /cormun/static/Resources/PXToolsHeaderHome.png HTTP/1.1" 200 4147
186.103.132.155 - - [12/Mar/2018:11:18:52 -0300] "GET /cormun/static/Resources/PXToolsHeaderSecurity.png HTTP/1.1" 200 4166
186.103.161.206 - - [12/Mar/2018:11:18:52 -0300] "GET /cormun/static/Resources/PXToolsHeaderActionsLeft.png HTTP/1.1" 200 1118
186.103.132.155 - - [12/Mar/2018:11:18:52 -0300] "GET /cormun/static/Resources/PXToolsHeaderActionsRight.png HTTP/1.1" 200 1201
186.103.161.206 - - [12/Mar/2018:11:18:52 -0300] "GET /cormun/static/Resources/PXToolsHeaderPreferences.png HTTP/1.1" 200 4189
186.103.161.206 - - [12/Mar/2018:11:18:53 -0300] "GET /cormun/static/Resources/logo4.png HTTP/1.1" 200 6582
186.103.161.206 - - [12/Mar/2018:11:18:53 -0300] "GET /cormun/static/hpexe_messagecontroller.js?20177611595012 HTTP/1.1" 200 870
186.103.161.206 - - [12/Mar/2018:11:18:53 -0300] "GET /cormun/static/hpexe_messagepopupcomponent.js?20161017169425 HTTP/1.1" 200 605
186.103.161.206 - - [12/Mar/2018:11:18:54 -0300] "GET /cormun/static/hpexe_messagegenexuscomponent.js?201752511465344 HTTP/1.1" 200 587
186.103.132.155 - - [12/Mar/2018:11:18:54 -0300] "GET /cormun/static/cmcontrolpreferences.js?201752511465670 HTTP/1.1" 200 1375
200.72.197.82 - - [12/Mar/2018:11:18:54 -0300] "GET /cormun/static/Resources/PXToolsHeaderLogin.png HTTP/1.1" 200 4279
200.72.197.82 - - [12/Mar/2018:11:18:55 -0300] "GET /cormun/static/SmoothNavMenu/resources/ddsmoothmenu.js HTTP/1.1" 200 12712
200.72.197.82 - - [12/Mar/2018:11:18:56 -0300] "GET /cormun/static/SmoothNavMenu/resources/SmoothNavMenuRender.js HTTP/1.1" 200 5951
200.72.197.82 - - [12/Mar/2018:11:18:56 -0300] "GET /cormun/static/scaMessage/js/jquery.pnotify.min.js HTTP/1.1" 200 13038
200.72.197.82 - - [12/Mar/2018:11:18:58 -0300] "GET /cormun/static/scaMessage/scaMessageRender.js HTTP/1.1" 200 11977
200.72.197.82 - - [12/Mar/2018:11:19:00 -0300] "GET /cormun/static/hmpwkw03.js?20177612122668 HTTP/1.1" 200 3965
186.103.132.155 - - [12/Mar/2018:11:19:01 -0300] "GET /cormun/static/Shared/jquery/jquery-1.4.2.min.js HTTP/1.1" 200 72174
186.79.174.79 - - [12/Mar/2018:11:19:04 -0300] "GET /cormun/servlet/hlogin HTTP/1.1" 200 1721
186.79.174.79 - - [12/Mar/2018:11:19:07 -0300] "POST /cormun/servlet/hlogin?3c32341278a0fc13124ba93129b158c2,gx-no-cache=1520864297449 HTTP/1.1" 200 90
186.79.174.79 - - [12/Mar/2018:11:19:07 -0300] "GET /cormun/servlet/hpexe_link HTTP/1.1" 200 952
186.79.174.79 - - [12/Mar/2018:11:19:07 -0300] "GET /cormun/servlet/hhome HTTP/1.1" 200 3931
186.103.161.206 - - [12/Mar/2018:11:19:08 -0300] "GET /cormun/static/Shared/jqueryui/jquery-ui.min.js HTTP/1.1" 200 240427
186.79.174.79 - - [12/Mar/2018:11:19:08 -0300] "GET /cormun/servlet/hhome HTTP/1.1" 200 3927
186.103.159.182 - - [12/Mar/2018:11:19:12 -0300] "POST /cormun/servlet/solicitudot?b410a89f6ae6784b342387fb9f4bb2cb,INS,0,0,,gx-no-cache=1520864245662 HTTP/1.1" 200 93
186.103.159.182 - - [12/Mar/2018:11:19:12 -0300] "GET /cormun/servlet/hpexe_return? HTTP/1.1" 200 1025
186.103.159.182 - - [12/Mar/2018:11:19:13 -0300] "GET /cormun/servlet/trsolicitudot?gx-no-cache=1520862472121 HTTP/1.1" 200 8731
200.111.122.170 - - [12/Mar/2018:11:19:14 -0300] "GET /cormun/static/gxui/gxui-all.js HTTP/1.1" 200 107772
186.103.159.182 - - [12/Mar/2018:11:19:14 -0300] "GET /cormun/servlet/trsolicitudot?gx-no-cache=1520862472121 HTTP/1.1" 200 8748
186.79.174.79 - - [12/Mar/2018:11:19:14 -0300] "GET /cormun/servlet/trsolicitudot? HTTP/1.1" 200 8519
186.103.156.24 - - [12/Mar/2018:11:19:15 -0300] "GET /cormun/servlet/hlogin HTTP/1.1" 200 1717
186.103.161.206 - - [12/Mar/2018:11:19:15 -0300] "GET /cormun/static/Shared/jquery/jquery-1.10.2.min.js HTTP/1.1" 200 273199
186.79.174.79 - - [12/Mar/2018:11:19:15 -0300] "GET /cormun/servlet/trsolicitudot? HTTP/1.1" 200 8517
186.79.174.79 - - [12/Mar/2018:11:19:19 -0300] "POST /cormun/servlet/trsolicitudot?3c32341278a0fc13124ba93129b158c2,,gx-no-cache=1520864308975 HTTP/1.1" 200 107
186.79.174.79 - - [12/Mar/2018:11:19:19 -0300] "GET /cormun/servlet/trsolicitudadjuntos?2018,10401, HTTP/1.1" 200 9501
186.103.159.182 - - [12/Mar/2018:11:19:19 -0300] "GET /cormun/servlet/solicitudot?INS,0,0, HTTP/1.1" 200 13715
186.79.174.79 - - [12/Mar/2018:11:19:20 -0300] "GET /cormun/servlet/trsolicitudadjuntos?2018,10401, HTTP/1.1" 200 9501
186.103.159.182 - - [12/Mar/2018:11:19:20 -0300] "GET /cormun/servlet/solicitudot?INS,0,0, HTTP/1.1" 200 13698
186.79.174.79 - - [12/Mar/2018:11:19:23 -0300] "GET /cormun/servlet/trsolicitudot? HTTP/1.1" 200 8519
186.103.156.24 - - [12/Mar/2018:11:19:23 -0300] "POST /cormun/servlet/hlogin?80423134f68226111fd9f21cfe0be8ba,gx-no-cache=1520864313717 HTTP/1.1" 200 423
186.79.174.79 - - [12/Mar/2018:11:19:23 -0300] "GET /cormun/servlet/trsolicitudot? HTTP/1.1" 200 8517
186.79.174.79 - - [12/Mar/2018:11:19:28 -0300] "POST /cormun/servlet/trsolicitudot?3c32341278a0fc13124ba93129b158c2,,gx-no-cache=1520864318621 HTTP/1.1" 200 4487
186.79.174.79 - - [12/Mar/2018:11:19:28 -0300] "GET /cormun/static/Shared/jqueryui/images/ui-bg_highlight-soft_100_c6c2c8_1x100.png HTTP/1.1" 404 1117
186.79.174.79 - - [12/Mar/2018:11:19:28 -0300] "GET /cormun/static/Shared/jqueryui/images/ui-icons_82798d_256x240.png HTTP/1.1" 404 1089
186.79.174.79 - - [12/Mar/2018:11:19:28 -0300] "GET /cormun/static/Shared/jqueryui/images/ui-bg_flat_55_fafafa_40x100.png HTTP/1.1" 404 1097
186.79.174.79 - - [12/Mar/2018:11:19:28 -0300] "GET /cormun/static/Shared/jqueryui/images/ui-icons_8d78a5_256x240.png HTTP/1.1" 404 1089
186.79.174.79 - - [12/Mar/2018:11:19:29 -0300] "POST /cormun/servlet/trsolicitudot?3c32341278a0fc13124ba93129b158c2,,gx-no-cache=1520864319239 HTTP/1.1" 200 4256
186.103.156.24 - - [12/Mar/2018:11:19:31 -0300] "POST /cormun/servlet/hlogin?80423134f68226111fd9f21cfe0be8ba,gx-no-cache=1520864321555 HTTP/1.1" 200 426
186.103.156.24 - - [12/Mar/2018:11:19:35 -0300] "POST /cormun/servlet/hlogin?80423134f68226111fd9f21cfe0be8ba,gx-no-cache=1520864325899 HTTP/1.1" 200 426
186.103.156.24 - - [12/Mar/2018:11:19:39 -0300] "POST /cormun/servlet/hlogin?80423134f68226111fd9f21cfe0be8ba,gx-no-cache=1520864329667 HTTP/1.1" 200 426
186.103.156.24 - - [12/Mar/2018:11:19:44 -0300] "GET /cormun/servlet/hlogin HTTP/1.1" 200 1717
186.103.156.24 - - [12/Mar/2018:11:19:49 -0300] "POST /cormun/servlet/hlogin?80423134f68226111fd9f21cfe0be8ba,gx-no-cache=1520864339580 HTTP/1.1" 200 428
186.103.156.24 - - [12/Mar/2018:11:19:52 -0300] "POST /cormun/servlet/hlogin?80423134f68226111fd9f21cfe0be8ba,gx-no-cache=1520864341963 HTTP/1.1" 200 426
186.103.156.24 - - [12/Mar/2018:11:19:54 -0300] "POST /cormun/servlet/hlogin?80423134f68226111fd9f21cfe0be8ba,gx-no-cache=1520864345067 HTTP/1.1" 200 426
186.103.156.24 - - [12/Mar/2018:11:19:56 -0300] "POST /cormun/servlet/hlogin?80423134f68226111fd9f21cfe0be8ba,gx-no-cache=1520864347138 HTTP/1.1" 200 426
190.100.93.40 - - [12/Mar/2018:11:20:11 -0300] "POST /cormun/servlet/hlogin?a0b3c645e7db3a95e20d3d25672b0a81,gx-no-cache=1520864361634 HTTP/1.1" 200 90
190.100.93.40 - - [12/Mar/2018:11:20:11 -0300] "GET /cormun/servlet/hpexe_link HTTP/1.1" 200 953
190.100.93.40 - - [12/Mar/2018:11:20:11 -0300] "GET /cormun/static/gxcfg.js?20177612121792 HTTP/1.1" 304 -
190.100.93.40 - - [12/Mar/2018:11:20:12 -0300] "GET /cormun/servlet/hhome HTTP/1.1" 200 4330
190.100.93.40 - - [12/Mar/2018:11:20:12 -0300] "GET /cormun/static/gxcfg.js?20175251212442 HTTP/1.1" 304 -
190.100.93.40 - - [12/Mar/2018:11:20:12 -0300] "GET /cormun/servlet/hhome HTTP/1.1" 200 4326
190.100.93.40 - - [12/Mar/2018:11:20:15 -0300] "GET /cormun/servlet/trsolicitudot? HTTP/1.1" 200 7544
190.100.93.40 - - [12/Mar/2018:11:20:15 -0300] "GET /cormun/static/gxcfg.js?2017111422585916 HTTP/1.1" 304 -
190.100.93.40 - - [12/Mar/2018:11:20:15 -0300] "GET /cormun/static/calendar.js?85251 HTTP/1.1" 304 -
190.100.93.40 - - [12/Mar/2018:11:20:15 -0300] "GET /cormun/static/calendar-es.js?85251 HTTP/1.1" 304 -
190.100.93.40 - - [12/Mar/2018:11:20:15 -0300] "GET /cormun/static/calendar-setup.js?85251 HTTP/1.1" 304 -
190.100.93.40 - - [12/Mar/2018:11:20:15 -0300] "GET /cormun/static/gxdec.js?85251 HTTP/1.1" 304 -
190.100.93.40 - - [12/Mar/2018:11:20:15 -0300] "GET /cormun/static/trsolicitudot.js?201711142259839 HTTP/1.1" 304 -
190.100.93.40 - - [12/Mar/2018:11:20:15 -0300] "GET /cormun/servlet/trsolicitudot? HTTP/1.1" 200 7542
190.100.93.40 - - [12/Mar/2018:11:20:18 -0300] "GET /cormun/servlet/solicitudot?INS,0,0, HTTP/1.1" 200 13785
190.100.93.40 - - [12/Mar/2018:11:20:18 -0300] "GET /cormun/static/gxcfg.js?201812313224582 HTTP/1.1" 304 -
190.100.93.40 - - [12/Mar/2018:11:20:18 -0300] "GET /cormun/static/solicitudot.js?201812313224831 HTTP/1.1" 304 -
190.100.93.40 - - [12/Mar/2018:11:20:18 -0300] "GET /cormun/servlet/solicitudot?INS,0,0, HTTP/1.1" 200 13790
190.100.93.40 - - [12/Mar/2018:11:20:37 -0300] "POST /cormun/servlet/solicitudot?gx-no-cache=1520864386883 HTTP/1.1" 200 3284
190.100.93.40 - - [12/Mar/2018:11:20:37 -0300] "POST /cormun/servlet/solicitudot?a0b3c645e7db3a95e20d3d25672b0a81,INS,0,0,,gx-no-cache=1520864387212 HTTP/1.1" 200 10443
190.100.93.40 - - [12/Mar/2018:11:20:43 -0300] "GET /cormun/servlet/solicitudot?6a3d5b2825b61007e68101800d61d39d6fd8cba3d46657a27df8ba361782e080fe5cb4ee81feb5e17ed629ada47d99f1,gx-no-cache=1520864393181 HTTP/1.1" 200 30
186.103.161.206 - - [12/Mar/2018:11:20:56 -0300] "GET /cormun/static/Shared/ext/ext-all.js HTTP/1.1" 200 1289687
186.103.161.206 - - [12/Mar/2018:11:20:58 -0300] "GET /cormun/servlet/hhome HTTP/1.1" 200 4066
200.111.122.170 - - [12/Mar/2018:11:20:58 -0300] "GET /cormun/static/SmoothNavMenu/resources/images/down.gif HTTP/1.1" 200 854
186.103.132.155 - - [12/Mar/2018:11:20:58 -0300] "GET /cormun/static/SmoothNavMenu/resources/images/right.gif HTTP/1.1" 200 860
186.103.159.182 - - [12/Mar/2018:11:20:59 -0300] "GET /cormun/servlet/prfichaempleado?,MD,,gxPopupLevel%3D0%3B HTTP/1.1" 200 9422
186.103.159.182 - - [12/Mar/2018:11:21:17 -0300] "POST /cormun/servlet/prfichaempleado?b410a89f6ae6784b342387fb9f4bb2cb,,MD,,gxPopupLevel%3D0%3B,gx-no-cache=1520864370639 HTTP/1.1" 200 3411
186.103.159.182 - - [12/Mar/2018:11:21:21 -0300] "POST /cormun/servlet/solicitudot?gx-no-cache=1520864373745 HTTP/1.1" 200 3363
186.103.159.182 - - [12/Mar/2018:11:21:21 -0300] "POST /cormun/servlet/solicitudot?b410a89f6ae6784b342387fb9f4bb2cb,INS,0,0,,gx-no-cache=1520864374613 HTTP/1.1" 200 10550
186.103.159.182 - - [12/Mar/2018:11:21:22 -0300] "GET /cormun/servlet/solicitudot?50ed9815c5c86efd6b2574dfc1860c697d6ab96e82e688be393c283ff76df22d3dfdc482bd90300f4214e43a3ea2a5d0,gx-no-cache=1520864375464 HTTP/1.1" 200 30
186.103.156.24 - - [12/Mar/2018:11:21:31 -0300] "GET /cormun/servlet/hlogin HTTP/1.1" 200 1717
192.168.10.56 - - [12/Mar/2018:11:21:33 -0300] "POST /cormun/servlet/trsolicitudgral?15985d5a665fc0e81c8abca4797067c8,gx-no-cache=1520864330310 HTTP/1.1" 200 6160
192.168.10.56 - - [12/Mar/2018:11:21:33 -0300] "GET /cormun/static/Shared/jqueryui/images/ui-bg_highlight-soft_100_c6c2c8_1x100.png HTTP/1.1" 404 1117
192.168.10.56 - - [12/Mar/2018:11:21:33 -0300] "GET /cormun/static/Shared/jqueryui/images/ui-icons_82798d_256x240.png HTTP/1.1" 404 1089
192.168.10.56 - - [12/Mar/2018:11:21:33 -0300] "GET /cormun/static/Shared/jqueryui/images/ui-icons_8d78a5_256x240.png HTTP/1.1" 404 1089
192.168.10.56 - - [12/Mar/2018:11:21:33 -0300] "GET /cormun/static/Shared/jqueryui/images/ui-bg_flat_55_fafafa_40x100.png HTTP/1.1" 404 1097
186.103.159.182 - - [12/Mar/2018:11:21:44 -0300] "GET /cormun/servlet/solicitudot?50ed9815c5c86efd6b2574dfc1860c69dd80afec0937e4ee37ce471c043f09548d8ce1343555eae851a224d8b0911563502a2563db4b38d29f1f090971d90022,gx-no-cache=1520864397440 HTTP/1.1" 200 30
186.103.159.182 - - [12/Mar/2018:11:21:44 -0300] "GET /cormun/servlet/solicitudot?50ed9815c5c86efd6b2574dfc1860c69ac1db715688e26f536345f20dcb10c94,gx-no-cache=1520864397622 HTTP/1.1" 200 53
186.103.159.182 - - [12/Mar/2018:11:21:44 -0300] "POST /cormun/servlet/solicitudot?gx-no-cache=1520864397757 HTTP/1.1" 200 255
186.103.159.182 - - [12/Mar/2018:11:21:44 -0300] "GET /cormun/servlet/solicitudot?50ed9815c5c86efd6b2574dfc1860c69241d643f7e2578ddf0bd2025777547d28b5fc1704fd0baa7fa9ce441d8dc2bd0168253c07ed68561a19de5fb845132e030189dc2c7db18b0407f1a667adc36f20af1354b9782afceb129ab6a1d089c1cebb84fa895fede5a4b0965a348124ec7821c90eacd6d6efc2878ff454b57077a4dbbcfe16215865b82a4a3a4a752cbb0bd542b6623a31b1dca30a41bec2ce1784550f62ced3d07e4054870063b0d10881822ce17f266341b4d18425e99f5023583f5a03c4aa359bbf2fccc6936ec4f45046a4fda944cf3e4cd2f4340f35d6937a10e0b72155280d2f960b7c27aaa7ef5887e716c0f937dde8081a3c0426c4ccea735e724ce95113ea1cca125cf317198ec8bfbcc06a74e59441dfb84eefe9d1aa28dd68ba623b8fae03814c789ea0e1da8e6390cdbb7335b2ebd938b8ac0ab140684efbee816a0332a5db338da6c8830d1c843d2c2a2700b1f9f679509ebb44137daa53535a851125136fc35299057a92793407d1db647dbf5f3c74f7426e637,gx-no-cache=1520864397899 HTTP/1.1" 200 30
186.103.159.182 - - [12/Mar/2018:11:21:45 -0300] "POST /cormun/servlet/solicitudot?gx-no-cache=1520864398404 HTTP/1.1" 200 30
186.103.159.182 - - [12/Mar/2018:11:21:45 -0300] "POST /cormun/servlet/solicitudot?gx-no-cache=1520864398584 HTTP/1.1" 200 1337
186.103.159.182 - - [12/Mar/2018:11:21:45 -0300] "POST /cormun/servlet/solicitudot?gx-no-cache=1520864398809 HTTP/1.1" 200 38
186.103.159.182 - - [12/Mar/2018:11:21:45 -0300] "GET /cormun/servlet/solicitudot?50ed9815c5c86efd6b2574dfc1860c693a2f14b75e5b80bcfc6202073f189956e9d00496d08958ed6cd69a2ef100f56f427a7b4a5723d7e33576ac162f60f2055f0bf35ec427c6efc3ccd359a89552c8971cac057da0901a820a59381ba5a8254c025a64c9fca83ede7b254e16baaa0a7fbfa543962b32d98b2a789d4b59241ee55a2e8f3314d64b901b1a53f9482cb6b7a88f09a4c0c209eb5b0c0b708b40d8,gx-no-cache=1520864398943 HTTP/1.1" 200 29
186.103.159.182 - - [12/Mar/2018:11:21:45 -0300] "POST /cormun/servlet/solicitudot?gx-no-cache=1520864399089 HTTP/1.1" 200 1319
186.103.159.182 - - [12/Mar/2018:11:21:45 -0300] "POST /cormun/servlet/solicitudot?gx-no-cache=1520864399243 HTTP/1.1" 200 1218
186.103.159.182 - - [12/Mar/2018:11:21:46 -0300] "GET /cormun/servlet/solicitudot?50ed9815c5c86efd6b2574dfc1860c6922f8f56ef7d9dc21488f96b69a2bd401,gx-no-cache=1520864399377 HTTP/1.1" 200 30
186.103.156.24 - - [12/Mar/2018:11:21:46 -0300] "POST /cormun/servlet/hlogin?80423134f68226111fd9f21cfe0be8ba,gx-no-cache=1520864456604 HTTP/1.1" 200 90
186.103.156.24 - - [12/Mar/2018:11:21:46 -0300] "GET /cormun/servlet/hpexe_link HTTP/1.1" 200 950
186.103.156.24 - - [12/Mar/2018:11:21:46 -0300] "GET /cormun/static/hpexe_link.js?20177612121795 HTTP/1.1" 200 625
186.103.159.182 - - [12/Mar/2018:11:21:46 -0300] "POST /cormun/servlet/solicitudot?gx-no-cache=1520864399503 HTTP/1.1" 200 30
186.103.156.24 - - [12/Mar/2018:11:21:46 -0300] "GET /cormun/servlet/hhome HTTP/1.1" 200 4232
186.103.156.24 - - [12/Mar/2018:11:21:47 -0300] "GET /cormun/servlet/hhome HTTP/1.1" 200 4228
186.103.159.182 - - [12/Mar/2018:11:21:47 -0300] "POST /cormun/servlet/solicitudot?b410a89f6ae6784b342387fb9f4bb2cb,INS,0,0,,gx-no-cache=1520864400069 HTTP/1.1" 200 11956
186.103.159.182 - - [12/Mar/2018:11:21:47 -0300] "GET /cormun/static/Shared/jqueryui/images/ui-bg_highlight-soft_100_c6c2c8_1x100.png HTTP/1.1" 404 1117
186.103.159.182 - - [12/Mar/2018:11:21:47 -0300] "GET /cormun/static/Shared/jqueryui/images/ui-icons_82798d_256x240.png HTTP/1.1" 404 1089
186.103.159.182 - - [12/Mar/2018:11:21:47 -0300] "GET /cormun/static/Shared/jqueryui/images/ui-bg_flat_55_994d53_40x100.png HTTP/1.1" 404 1097
186.103.159.182 - - [12/Mar/2018:11:21:47 -0300] "GET /cormun/static/Shared/jqueryui/images/ui-icons_ebccce_256x240.png HTTP/1.1" 404 1089
186.103.156.24 - - [12/Mar/2018:11:22:00 -0300] "GET /cormun/servlet/trsolicitudot? HTTP/1.1" 200 8806
186.103.156.24 - - [12/Mar/2018:11:22:01 -0300] "GET /cormun/servlet/trsolicitudot? HTTP/1.1" 200 8804
186.103.159.182 - - [12/Mar/2018:11:22:01 -0300] "POST /cormun/servlet/solicitudot?b410a89f6ae6784b342387fb9f4bb2cb,INS,0,0,,gx-no-cache=1520864413908 HTTP/1.1" 200 90
186.103.159.182 - - [12/Mar/2018:11:22:02 -0300] "GET /cormun/servlet/hpexe_link HTTP/1.1" 200 980
186.103.159.182 - - [12/Mar/2018:11:22:02 -0300] "GET /cormun/servlet/trsolicitudot?gx-no-cache=1520862472121 HTTP/1.1" 200 8728
186.103.159.182 - - [12/Mar/2018:11:22:03 -0300] "GET /cormun/servlet/trsolicitudot?gx-no-cache=1520862472121 HTTP/1.1" 200 8748
186.103.156.24 - - [12/Mar/2018:11:22:13 -0300] "POST /cormun/servlet/trsolicitudot?80423134f68226111fd9f21cfe0be8ba,,gx-no-cache=1520864483290 HTTP/1.1" 200 107
186.103.156.24 - - [12/Mar/2018:11:22:13 -0300] "GET /cormun/servlet/trsolicitudadjuntos?2018,10397, HTTP/1.1" 200 6324
186.103.156.24 - - [12/Mar/2018:11:22:14 -0300] "GET /cormun/servlet/trsolicitudadjuntos?2018,10397, HTTP/1.1" 200 6324
186.103.156.24 - - [12/Mar/2018:11:22:16 -0300] "GET /cormun/servlet/solicitudotadjuntos?INS,2018,10397,,1, HTTP/1.1" 200 6272
186.103.156.24 - - [12/Mar/2018:11:22:17 -0300] "GET /cormun/static/about:blank HTTP/1.1" 404 1011
186.103.156.24 - - [12/Mar/2018:11:22:17 -0300] "GET /cormun/servlet/solicitudotadjuntos?INS,2018,10397,,1, HTTP/1.1" 200 6265
186.103.159.182 - - [12/Mar/2018:11:22:17 -0300] "POST /cormun/servlet/trsolicitudot?b410a89f6ae6784b342387fb9f4bb2cb,gx-no-cache=1520862472121,gx-no-cache=1520864430453 HTTP/1.1" 200 6253
186.103.156.24 - - [12/Mar/2018:11:22:17 -0300] "GET /cormun/servlet/solicitudotadjuntos?5eaf31ba953f5e53000788422e938d276b6d89311a29ee01b60a7453d24a37a14800188a9955b0ef41ecee76611ff56c,gx-no-cache=1520864488079 HTTP/1.1" 200 30
186.103.156.24 - - [12/Mar/2018:11:22:18 -0300] "POST /cormun/servlet/solicitudotadjuntos?80423134f68226111fd9f21cfe0be8ba,INS,2018,10397,,1,,gx-no-cache=1520864488193 HTTP/1.1" 200 3981
186.103.156.24 - - [12/Mar/2018:11:22:22 -0300] "POST /cormun/servlet/solicitudotadjuntos?gx-no-cache=1520864493133 HTTP/1.1" 200 26
186.103.156.24 - - [12/Mar/2018:11:22:41 -0300] "GET /cormun/servlet/solicitudotadjuntos?5eaf31ba953f5e53000788422e938d27d97fdc0561473f92713cff170398552b,gx-no-cache=1520864511859 HTTP/1.1" 200 30
186.103.156.24 - - [12/Mar/2018:11:22:41 -0300] "GET /cormun/servlet/solicitudotadjuntos?5eaf31ba953f5e53000788422e938d27d97fdc0561473f92713cff170398552b,gx-no-cache=1520864511919 HTTP/1.1" 200 30
186.103.156.24 - - [12/Mar/2018:11:22:50 -0300] "POST /cormun/servlet/solicitudotadjuntos?80423134f68226111fd9f21cfe0be8ba,INS,2018,10397,,1, HTTP/1.1" 200 116
186.103.156.24 - - [12/Mar/2018:11:22:50 -0300] "GET /cormun/servlet/hpexe_return? HTTP/1.1" 200 1025
186.103.156.24 - - [12/Mar/2018:11:22:50 -0300] "GET /cormun/servlet/trsolicitudadjuntos?2018,10397, HTTP/1.1" 200 8752
186.103.156.24 - - [12/Mar/2018:11:22:51 -0300] "GET /cormun/servlet/trsolicitudadjuntos?2018,10397, HTTP/1.1" 200 8745
186.103.156.24 - - [12/Mar/2018:11:22:55 -0300] "GET /cormun/servlet/solicitudotadjuntos?INS,2018,10397,,1, HTTP/1.1" 200 6273
186.103.156.24 - - [12/Mar/2018:11:22:55 -0300] "GET /cormun/static/about:blank HTTP/1.1" 404 1011
186.103.156.24 - - [12/Mar/2018:11:22:55 -0300] "GET /cormun/servlet/solicitudotadjuntos?INS,2018,10397,,1, HTTP/1.1" 200 6266
186.103.156.24 - - [12/Mar/2018:11:22:56 -0300] "GET /cormun/servlet/solicitudotadjuntos?5eaf31ba953f5e53000788422e938d276b6d89311a29ee01b60a7453d24a37a14800188a9955b0ef41ecee76611ff56c,gx-no-cache=1520864526574 HTTP/1.1" 200 30
186.103.156.24 - - [12/Mar/2018:11:22:56 -0300] "POST /cormun/servlet/solicitudotadjuntos?80423134f68226111fd9f21cfe0be8ba,INS,2018,10397,,1,,gx-no-cache=1520864526647 HTTP/1.1" 200 3982
186.103.156.24 - - [12/Mar/2018:11:23:00 -0300] "POST /cormun/servlet/solicitudotadjuntos?gx-no-cache=1520864530362 HTTP/1.1" 200 26
186.103.156.24 - - [12/Mar/2018:11:23:08 -0300] "GET /cormun/servlet/solicitudotadjuntos?5eaf31ba953f5e53000788422e938d27d97fdc0561473f92713cff170398552b,gx-no-cache=1520864538659 HTTP/1.1" 200 30
186.103.156.24 - - [12/Mar/2018:11:23:08 -0300] "GET /cormun/servlet/solicitudotadjuntos?5eaf31ba953f5e53000788422e938d27d97fdc0561473f92713cff170398552b,gx-no-cache=1520864539008 HTTP/1.1" 200 30
186.67.203.186 - - [12/Mar/2018:11:23:10 -0300] "GET /cormun/servlet/trsolicitudot? HTTP/1.1" 200 7285
186.67.203.186 - - [12/Mar/2018:11:23:11 -0300] "GET /cormun/static/gxui/gxui-all.css?120300 HTTP/1.1" 200 2179
200.72.197.82 - - [12/Mar/2018:11:23:11 -0300] "GET /cormun/static/gxcfg.js?2017111422585916 HTTP/1.1" 200 953
190.151.100.218 - - [12/Mar/2018:11:23:11 -0300] "GET /cormun/static/calendar-system.css?85620 HTTP/1.1" 200 5572
200.72.197.82 - - [12/Mar/2018:11:23:11 -0300] "GET /cormun/static/calendar-setup.js?85251 HTTP/1.1" 200 2588
190.151.100.218 - - [12/Mar/2018:11:23:11 -0300] "GET /cormun/static/calendar-es.js?85251 HTTP/1.1" 200 1901
186.67.203.186 - - [12/Mar/2018:11:23:12 -0300] "GET /cormun/static/calendar.js?85251 HTTP/1.1" 200 26246
186.103.156.24 - - [12/Mar/2018:11:23:29 -0300] "POST /cormun/servlet/solicitudotadjuntos?80423134f68226111fd9f21cfe0be8ba,INS,2018,10397,,1, HTTP/1.1" 200 116
186.103.156.24 - - [12/Mar/2018:11:23:29 -0300] "GET /cormun/servlet/hpexe_return? HTTP/1.1" 200 1025
186.103.156.24 - - [12/Mar/2018:11:23:29 -0300] "GET /cormun/servlet/trsolicitudadjuntos?2018,10397, HTTP/1.1" 200 8973
186.103.156.24 - - [12/Mar/2018:11:23:30 -0300] "GET /cormun/servlet/trsolicitudadjuntos?2018,10397, HTTP/1.1" 200 8972
190.151.100.218 - - [12/Mar/2018:11:23:34 -0300] "GET /cormun/static/Resources/Spanish/PXTools.css?1255365 HTTP/1.1" 200 89042
190.151.100.218 - - [12/Mar/2018:11:23:37 -0300] "GET /cormun/static/gxdec.js?85251 HTTP/1.1" 200 19579
186.103.159.182 - - [12/Mar/2018:11:23:37 -0300] "POST /cormun/servlet/trsolicitudot?b410a89f6ae6784b342387fb9f4bb2cb,gx-no-cache=1520862472121,gx-no-cache=1520864509211 HTTP/1.1" 200 5954
186.67.203.186 - - [12/Mar/2018:11:23:43 -0300] "GET /cormun/static/Shared/ext/resources/css/ext-all.css?215870 HTTP/1.1" 200 416045
190.151.100.218 - - [12/Mar/2018:11:23:46 -0300] "GET /cormun/static/trsolicitudot.js?201711142259839 HTTP/1.1" 200 54041
186.67.203.186 - - [12/Mar/2018:11:23:46 -0300] "GET /cormun/static/Resources/PXTools/calendar.png HTTP/1.1" 200 1306
186.67.203.186 - - [12/Mar/2018:11:23:47 -0300] "GET /cormun/static/Resources/PXToolsGridFirstDisabled.gif HTTP/1.1" 200 100
200.72.197.82 - - [12/Mar/2018:11:23:47 -0300] "GET /cormun/static/Resources/PXToolsGridPreviousDisabled.gif HTTP/1.1" 200 90
186.67.203.186 - - [12/Mar/2018:11:23:47 -0300] "GET /cormun/static/Resources/PXToolsGridNextDisabled.gif HTTP/1.1" 200 90
186.67.203.186 - - [12/Mar/2018:11:23:47 -0300] "GET /cormun/static/Resources/PXToolsGridLastDisabled.gif HTTP/1.1" 200 98
186.67.203.186 - - [12/Mar/2018:11:23:47 -0300] "GET /cormun/static/Resources/PXToolsActionExcel.png HTTP/1.1" 200 3187
200.72.197.82 - - [12/Mar/2018:11:23:47 -0300] "GET /cormun/static/Resources/PXToolsGridPage.gif HTTP/1.1" 200 725
186.67.203.186 - - [12/Mar/2018:11:23:47 -0300] "GET /cormun/static/Resources/PXToolsGridNew.png HTTP/1.1" 200 2949
200.111.122.170 - - [12/Mar/2018:11:23:47 -0300] "GET /cormun/static/Resources/PXToolsDataSearch.png HTTP/1.1" 200 419
186.103.156.24 - - [12/Mar/2018:11:23:49 -0300] "GET /cormun/servlet/solicitudotadjuntos?INS,2018,10397,,1, HTTP/1.1" 200 6272
186.103.156.24 - - [12/Mar/2018:11:23:49 -0300] "GET /cormun/static/about:blank HTTP/1.1" 404 1011
186.103.156.24 - - [12/Mar/2018:11:23:49 -0300] "GET /cormun/servlet/solicitudotadjuntos?INS,2018,10397,,1, HTTP/1.1" 200 6265
186.103.156.24 - - [12/Mar/2018:11:23:50 -0300] "GET /cormun/servlet/solicitudotadjuntos?5eaf31ba953f5e53000788422e938d276b6d89311a29ee01b60a7453d24a37a14800188a9955b0ef41ecee76611ff56c,gx-no-cache=1520864580264 HTTP/1.1" 200 30
186.103.156.24 - - [12/Mar/2018:11:23:50 -0300] "POST /cormun/servlet/solicitudotadjuntos?80423134f68226111fd9f21cfe0be8ba,INS,2018,10397,,1,,gx-no-cache=1520864580334 HTTP/1.1" 200 3981
186.67.203.186 - - [12/Mar/2018:11:23:50 -0300] "GET /cormun/static/Resources/desc.gif HTTP/1.1" 200 65
200.111.122.170 - - [12/Mar/2018:11:23:50 -0300] "GET /cormun/static/Resources/asc.gif HTTP/1.1" 200 67
190.151.100.218 - - [12/Mar/2018:11:23:50 -0300] "GET /cormun/servlet/trsolicitudot? HTTP/1.1" 200 7284
200.111.122.170 - - [12/Mar/2018:11:23:51 -0300] "GET /cormun/static/Shared/ext/resources/themes/images/default/panel/bg-headersPanel.png HTTP/1.1" 200 255
186.67.203.186 - - [12/Mar/2018:11:23:51 -0300] "GET /cormun/static/Shared/ext/resources/themes/images/default/tools/tool-sprites.gif HTTP/1.1" 200 5434
186.103.159.204 - - [12/Mar/2018:11:24:03 -0300] "GET /cormun/servlet/trfichaempleado? HTTP/1.1" 200 11599
186.103.156.24 - - [12/Mar/2018:11:24:20 -0300] "POST /cormun/servlet/solicitudotadjuntos?gx-no-cache=1520864610178 HTTP/1.1" 200 26
186.103.156.24 - - [12/Mar/2018:11:24:22 -0300] "GET /cormun/servlet/trsolicitudot? HTTP/1.1" 200 8795
186.103.156.24 - - [12/Mar/2018:11:24:22 -0300] "GET /cormun/static/gxui/gxui-all.css?120300 HTTP/1.1" 200 2179
186.103.156.24 - - [12/Mar/2018:11:24:22 -0300] "GET /cormun/static/gxcfg.js?2017111422585916 HTTP/1.1" 200 953
186.103.156.24 - - [12/Mar/2018:11:24:22 -0300] "GET /cormun/static/calendar-system.css?85620 HTTP/1.1" 200 5572
186.103.156.24 - - [12/Mar/2018:11:24:22 -0300] "GET /cormun/static/Resources/Spanish/PXTools.css?1255365 HTTP/1.1" 200 89042
186.103.156.24 - - [12/Mar/2018:11:24:23 -0300] "GET /cormun/static/trsolicitudot.js?201711142259839 HTTP/1.1" 200 54041
186.103.156.24 - - [12/Mar/2018:11:24:23 -0300] "GET /cormun/static/Resources/PXTools/calendar.png HTTP/1.1" 200 1306
186.103.156.24 - - [12/Mar/2018:11:24:23 -0300] "GET /cormun/static/Resources/PXToolsActionExcel.png HTTP/1.1" 200 3187
186.103.156.24 - - [12/Mar/2018:11:24:23 -0300] "GET /cormun/static/Resources/PXToolsGridNew.png HTTP/1.1" 200 2949
186.103.156.24 - - [12/Mar/2018:11:24:24 -0300] "GET /cormun/static/Shared/ext/resources/css/ext-all.css?215870 HTTP/1.1" 200 416045
186.103.156.24 - - [12/Mar/2018:11:24:24 -0300] "GET /cormun//static/Resources/PXToolsActionView.png HTTP/1.1" 200 2995
186.103.156.24 - - [12/Mar/2018:11:24:24 -0300] "GET /cormun//static/Resources/PXToolsGridUpdate.png HTTP/1.1" 200 2984
186.103.156.24 - - [12/Mar/2018:11:24:24 -0300] "GET /cormun//static/Resources/PXToolsGridDelete.png HTTP/1.1" 200 357
186.103.156.24 - - [12/Mar/2018:11:24:24 -0300] "GET /cormun/servlet/trsolicitudot? HTTP/1.1" 200 8795
186.103.156.24 - - [12/Mar/2018:11:24:24 -0300] "GET /cormun//static/Resources/PXTools/ActionInsert.png HTTP/1.1" 200 1482
186.103.156.24 - - [12/Mar/2018:11:24:24 -0300] "GET /cormun//static/Resources/PXToolsRemoveAllAction.png HTTP/1.1" 200 3558
186.103.159.182 - - [12/Mar/2018:11:24:26 -0300] "POST /cormun/servlet/trsolicitudot?b410a89f6ae6784b342387fb9f4bb2cb,gx-no-cache=1520862472121,gx-no-cache=1520864560157 HTTP/1.1" 200 5931
192.168.10.96 - - [12/Mar/2018:11:24:27 -0300] "GET /cormun/servlet/trsolicitudgral? HTTP/1.1" 500 10
192.168.10.96 - - [12/Mar/2018:11:24:31 -0300] "GET /cormun/servlet/hlogin HTTP/1.1" 200 1718
192.168.10.96 - - [12/Mar/2018:11:24:31 -0300] "GET /cormun/servlet/hlogin HTTP/1.1" 200 1718
186.103.156.24 - - [12/Mar/2018:11:24:33 -0300] "GET /cormun/servlet/solicitudotadjuntos?5eaf31ba953f5e53000788422e938d27d97fdc0561473f92713cff170398552b,gx-no-cache=1520864624227 HTTP/1.1" 200 30
186.103.156.24 - - [12/Mar/2018:11:24:34 -0300] "GET /cormun/servlet/solicitudotadjuntos?5eaf31ba953f5e53000788422e938d27d97fdc0561473f92713cff170398552b,gx-no-cache=1520864624282 HTTP/1.1" 200 30
186.103.156.24 - - [12/Mar/2018:11:24:41 -0300] "POST /cormun/servlet/solicitudotadjuntos?80423134f68226111fd9f21cfe0be8ba,INS,2018,10397,,1, HTTP/1.1" 200 116
186.103.156.24 - - [12/Mar/2018:11:24:41 -0300] "GET /cormun/servlet/hpexe_return? HTTP/1.1" 200 1025
186.103.156.24 - - [12/Mar/2018:11:24:42 -0300] "GET /cormun/servlet/trsolicitudadjuntos?2018,10397, HTTP/1.1" 200 9140
192.168.10.96 - - [12/Mar/2018:11:24:42 -0300] "POST /cormun/servlet/hlogin?47ab37127b02039d09afd8b25e049bb1,gx-no-cache=1520864519619 HTTP/1.1" 200 90
186.103.156.24 - - [12/Mar/2018:11:24:42 -0300] "GET /cormun/servlet/trsolicitudadjuntos?2018,10397, HTTP/1.1" 200 9137
192.168.10.96 - - [12/Mar/2018:11:24:42 -0300] "GET /cormun/servlet/hpexe_link HTTP/1.1" 200 950
192.168.10.96 - - [12/Mar/2018:11:24:43 -0300] "GET /cormun/servlet/hhome HTTP/1.1" 200 4703
192.168.10.96 - - [12/Mar/2018:11:24:43 -0300] "GET /cormun/servlet/hhome HTTP/1.1" 200 4702
186.103.156.24 - - [12/Mar/2018:11:24:50 -0300] "GET /cormun/servlet/solicitudotadjuntos?INS,2018,10397,,1, HTTP/1.1" 200 6272
186.103.156.24 - - [12/Mar/2018:11:24:50 -0300] "GET /cormun/static/about:blank HTTP/1.1" 404 1011
192.168.10.96 - - [12/Mar/2018:11:24:51 -0300] "GET /cormun/servlet/trsolicitudgral? HTTP/1.1" 200 28980
186.103.156.24 - - [12/Mar/2018:11:24:51 -0300] "GET /cormun/servlet/solicitudotadjuntos?5eaf31ba953f5e53000788422e938d276b6d89311a29ee01b60a7453d24a37a14800188a9955b0ef41ecee76611ff56c,gx-no-cache=1520864641386 HTTP/1.1" 200 30
186.103.156.24 - - [12/Mar/2018:11:24:51 -0300] "GET /cormun/servlet/solicitudotadjuntos?INS,2018,10397,,1, HTTP/1.1" 200 6266
186.103.156.24 - - [12/Mar/2018:11:24:51 -0300] "POST /cormun/servlet/solicitudotadjuntos?80423134f68226111fd9f21cfe0be8ba,INS,2018,10397,,1,,gx-no-cache=1520864641467 HTTP/1.1" 200 3982
192.168.10.96 - - [12/Mar/2018:11:24:52 -0300] "GET /cormun/servlet/trsolicitudgral? HTTP/1.1" 200 28977
186.103.156.24 - - [12/Mar/2018:11:24:55 -0300] "POST /cormun/servlet/solicitudotadjuntos?gx-no-cache=1520864645637 HTTP/1.1" 200 26
186.103.156.24 - - [12/Mar/2018:11:25:01 -0300] "GET /cormun/servlet/solicitudotadjuntos?5eaf31ba953f5e53000788422e938d27d97fdc0561473f92713cff170398552b,gx-no-cache=1520864651574 HTTP/1.1" 200 30
186.103.156.24 - - [12/Mar/2018:11:25:01 -0300] "GET /cormun/servlet/solicitudotadjuntos?5eaf31ba953f5e53000788422e938d27d97fdc0561473f92713cff170398552b,gx-no-cache=1520864651633 HTTP/1.1" 200 30
186.103.159.182 - - [12/Mar/2018:11:25:07 -0300] "POST /cormun/servlet/trsolicitudot?b410a89f6ae6784b342387fb9f4bb2cb,gx-no-cache=1520862472121,gx-no-cache=1520864600114 HTTP/1.1" 200 4207
186.103.156.24 - - [12/Mar/2018:11:25:10 -0300] "POST /cormun/servlet/solicitudotadjuntos?80423134f68226111fd9f21cfe0be8ba,INS,2018,10397,,1, HTTP/1.1" 200 116
186.103.156.24 - - [12/Mar/2018:11:25:11 -0300] "GET /cormun/servlet/hpexe_return? HTTP/1.1" 200 1025
186.103.156.24 - - [12/Mar/2018:11:25:11 -0300] "GET /cormun/servlet/trsolicitudadjuntos?2018,10397, HTTP/1.1" 200 9371
186.103.156.24 - - [12/Mar/2018:11:25:12 -0300] "GET /cormun/servlet/trsolicitudadjuntos?2018,10397, HTTP/1.1" 200 9369
186.103.159.182 - - [12/Mar/2018:11:25:13 -0300] "POST /cormun/servlet/trsolicitudot?b410a89f6ae6784b342387fb9f4bb2cb,gx-no-cache=1520862472121,gx-no-cache=1520864606928 HTTP/1.1" 200 5983
186.103.156.24 - - [12/Mar/2018:11:25:17 -0300] "GET /cormun/servlet/solicitudotadjuntos?INS,2018,10397,,1, HTTP/1.1" 200 6272
186.103.156.24 - - [12/Mar/2018:11:25:18 -0300] "GET /cormun/servlet/solicitudotadjuntos?INS,2018,10397,,1, HTTP/1.1" 200 6266
186.103.156.24 - - [12/Mar/2018:11:25:18 -0300] "GET /cormun/static/about:blank HTTP/1.1" 404 1011
186.103.156.24 - - [12/Mar/2018:11:25:18 -0300] "GET /cormun/servlet/solicitudotadjuntos?5eaf31ba953f5e53000788422e938d276b6d89311a29ee01b60a7453d24a37a14800188a9955b0ef41ecee76611ff56c,gx-no-cache=1520864669089 HTTP/1.1" 200 30
186.103.156.24 - - [12/Mar/2018:11:25:19 -0300] "POST /cormun/servlet/solicitudotadjuntos?80423134f68226111fd9f21cfe0be8ba,INS,2018,10397,,1,,gx-no-cache=1520864669160 HTTP/1.1" 200 3982
190.100.93.40 - - [12/Mar/2018:11:25:22 -0300] "GET /cormun/servlet/prbanco?,MD,,gxPopupLevel%3D0%3B HTTP/1.1" 200 6793
190.100.93.40 - - [12/Mar/2018:11:25:22 -0300] "GET /cormun/static/gxcfg.js?20181161016094 HTTP/1.1" 304 -
190.100.93.40 - - [12/Mar/2018:11:25:22 -0300] "GET /cormun/static/prbanco.js?2018116101633 HTTP/1.1" 304 -
186.103.156.24 - - [12/Mar/2018:11:25:24 -0300] "POST /cormun/servlet/solicitudotadjuntos?gx-no-cache=1520864674341 HTTP/1.1" 200 26
186.103.156.24 - - [12/Mar/2018:11:25:26 -0300] "POST /cormun/servlet/trsolicitudot?78b1b1b7d96bca228a2cac746db5092e,,gx-no-cache=1520864675857 HTTP/1.1" 200 5863
192.168.10.96 - - [12/Mar/2018:11:25:28 -0300] "POST /cormun/servlet/trsolicitudgral?47ab37127b02039d09afd8b25e049bb1,,gx-no-cache=1520864565729 HTTP/1.1" 200 7278
186.103.156.24 - - [12/Mar/2018:11:25:30 -0300] "GET /cormun/servlet/solicitudotadjuntos?5eaf31ba953f5e53000788422e938d27d97fdc0561473f92713cff170398552b,gx-no-cache=1520864681142 HTTP/1.1" 200 30
186.103.156.24 - - [12/Mar/2018:11:25:30 -0300] "GET /cormun/servlet/solicitudotadjuntos?5eaf31ba953f5e53000788422e938d27d97fdc0561473f92713cff170398552b,gx-no-cache=1520864681200 HTTP/1.1" 200 30
186.103.156.24 - - [12/Mar/2018:11:25:37 -0300] "POST /cormun/servlet/solicitudotadjuntos?80423134f68226111fd9f21cfe0be8ba,INS,2018,10397,,1, HTTP/1.1" 200 116
186.103.156.24 - - [12/Mar/2018:11:25:37 -0300] "GET /cormun/servlet/hpexe_return? HTTP/1.1" 200 1025
186.103.159.182 - - [12/Mar/2018:11:25:38 -0300] "GET /cormun/servlet/trsolicitudot? HTTP/1.1" 200 9085
186.103.156.24 - - [12/Mar/2018:11:25:38 -0300] "GET /cormun/servlet/trsolicitudadjuntos?2018,10397, HTTP/1.1" 200 9571
186.103.156.24 - - [12/Mar/2018:11:25:38 -0300] "GET /cormun/servlet/trsolicitudadjuntos?2018,10397, HTTP/1.1" 200 9569
186.67.164.142 - - [12/Mar/2018:11:25:39 -0300] "GET /cormun/servlet/solicitudotadjuntos?INS,2018,10381,,1, HTTP/1.1" 200 5289
186.67.164.142 - - [12/Mar/2018:11:25:39 -0300] "GET /cormun/static/gxcfg.js?2017761244068 HTTP/1.1" 304 -
186.103.159.182 - - [12/Mar/2018:11:25:39 -0300] "GET /cormun/servlet/trsolicitudot? HTTP/1.1" 200 9063
186.67.164.142 - - [12/Mar/2018:11:25:40 -0300] "GET /cormun/static/about:blank HTTP/1.1" 404 1011
186.67.164.142 - - [12/Mar/2018:11:25:40 -0300] "GET /cormun/servlet/hlogin HTTP/1.1" 200 1753
186.67.164.142 - - [12/Mar/2018:11:25:40 -0300] "GET /cormun/servlet/solicitudotadjuntos?INS,2018,10381,,1, HTTP/1.1" 200 5280
192.168.10.96 - - [12/Mar/2018:11:25:40 -0300] "POST /cormun/servlet/trsolicitudgral?47ab37127b02039d09afd8b25e049bb1,,gx-no-cache=1520864577239 HTTP/1.1" 200 19634
186.103.156.24 - - [12/Mar/2018:11:25:41 -0300] "GET /cormun/servlet/solicitudotadjuntos?INS,2018,10397,,1, HTTP/1.1" 200 6272
186.103.156.24 - - [12/Mar/2018:11:25:42 -0300] "GET /cormun/static/about:blank HTTP/1.1" 404 1011
186.103.156.24 - - [12/Mar/2018:11:25:42 -0300] "GET /cormun/servlet/solicitudotadjuntos?INS,2018,10397,,1, HTTP/1.1" 200 6266
186.103.156.24 - - [12/Mar/2018:11:25:43 -0300] "GET /cormun/servlet/solicitudotadjuntos?5eaf31ba953f5e53000788422e938d276b6d89311a29ee01b60a7453d24a37a14800188a9955b0ef41ecee76611ff56c,gx-no-cache=1520864692971 HTTP/1.1" 200 30
186.103.156.24 - - [12/Mar/2018:11:25:43 -0300] "POST /cormun/servlet/solicitudotadjuntos?80423134f68226111fd9f21cfe0be8ba,INS,2018,10397,,1,,gx-no-cache=1520864693454 HTTP/1.1" 200 3982
186.103.159.182 - - [12/Mar/2018:11:25:44 -0300] "GET /cormun/servlet/solicitudot?INS,0,0, HTTP/1.1" 200 13693
186.67.164.142 - - [12/Mar/2018:11:25:45 -0300] "POST /cormun/servlet/hlogin?192e3c40e50ba85b9f4fa3f096c41439,gx-no-cache=1520864695735 HTTP/1.1" 200 90
186.67.164.142 - - [12/Mar/2018:11:25:45 -0300] "GET /cormun/servlet/hpexe_link HTTP/1.1" 200 973
186.103.159.182 - - [12/Mar/2018:11:25:45 -0300] "GET /cormun/servlet/solicitudot?INS,0,0, HTTP/1.1" 200 13698
186.67.164.142 - - [12/Mar/2018:11:25:45 -0300] "GET /cormun/servlet/solicitudotadjuntos?INS,2018,10381,,1, HTTP/1.1" 200 5841
186.67.164.142 - - [12/Mar/2018:11:25:46 -0300] "GET /cormun/static/about:blank HTTP/1.1" 404 1011
186.67.164.142 - - [12/Mar/2018:11:25:46 -0300] "GET /cormun/servlet/solicitudotadjuntos?INS,2018,10381,,1, HTTP/1.1" 200 5840
186.67.164.142 - - [12/Mar/2018:11:25:46 -0300] "GET /cormun/servlet/solicitudotadjuntos?16f5a0d236ee8294b8e5cddafa4474c7e1f2a6f4a4685e9287e1939243053ba9c22cf61cba21ea1d1e1e6e97e2775740,gx-no-cache=1520864697237 HTTP/1.1" 200 30
186.103.156.24 - - [12/Mar/2018:11:25:47 -0300] "POST /cormun/servlet/solicitudotadjuntos?gx-no-cache=1520864697446 HTTP/1.1" 200 26
186.67.164.142 - - [12/Mar/2018:11:25:47 -0300] "POST /cormun/servlet/solicitudotadjuntos?192e3c40e50ba85b9f4fa3f096c41439,INS,2018,10381,,1,,gx-no-cache=1520864697337 HTTP/1.1" 200 3539
186.103.159.182 - - [12/Mar/2018:11:25:48 -0300] "GET /cormun/servlet/prfichaempleado?,MD,,gxPopupLevel%3D0%3B HTTP/1.1" 200 9422
192.168.10.96 - - [12/Mar/2018:11:25:48 -0300] "POST /cormun/servlet/trsolicitudgral?47ab37127b02039d09afd8b25e049bb1,,gx-no-cache=1520864585594 HTTP/1.1" 200 14652
186.103.156.24 - - [12/Mar/2018:11:25:51 -0300] "POST /cormun/servlet/trsolicitudot?78b1b1b7d96bca228a2cac746db5092e,,gx-no-cache=1520864701470 HTTP/1.1" 200 18721
186.67.164.142 - - [12/Mar/2018:11:25:52 -0300] "POST /cormun/servlet/solicitudotadjuntos?gx-no-cache=1520864702617 HTTP/1.1" 200 26
186.103.156.24 - - [12/Mar/2018:11:25:58 -0300] "GET /cormun/servlet/solicitudotadjuntos?5eaf31ba953f5e53000788422e938d27d97fdc0561473f92713cff170398552b,gx-no-cache=1520864708331 HTTP/1.1" 200 30
186.103.156.24 - - [12/Mar/2018:11:25:58 -0300] "GET /cormun/servlet/solicitudotadjuntos?5eaf31ba953f5e53000788422e938d27d97fdc0561473f92713cff170398552b,gx-no-cache=1520864708395 HTTP/1.1" 200 30
186.103.159.182 - - [12/Mar/2018:11:25:59 -0300] "POST /cormun/servlet/prfichaempleado?b410a89f6ae6784b342387fb9f4bb2cb,,MD,,gxPopupLevel%3D0%3B,gx-no-cache=1520864653168 HTTP/1.1" 200 3412
186.103.159.182 - - [12/Mar/2018:11:26:03 -0300] "POST /cormun/servlet/solicitudot?gx-no-cache=1520864656275 HTTP/1.1" 200 3381
186.103.159.182 - - [12/Mar/2018:11:26:03 -0300] "POST /cormun/servlet/solicitudot?b410a89f6ae6784b342387fb9f4bb2cb,INS,0,0,,gx-no-cache=1520864656816 HTTP/1.1" 200 10534
186.103.159.182 - - [12/Mar/2018:11:26:04 -0300] "GET /cormun/servlet/solicitudot?50ed9815c5c86efd6b2574dfc1860c69fe88ce9ea9b2246872726ed2a2542ea3502a2563db4b38d29f1f090971d90022,gx-no-cache=1520864657581 HTTP/1.1" 200 30
186.103.159.182 - - [12/Mar/2018:11:26:06 -0300] "GET /cormun/servlet/solicitudot?50ed9815c5c86efd6b2574dfc1860c69f39ed52c87b60cf4645ad2f3391fb36e460bcf01c0ecf43551aff564777225209d6e263d49acfc3f5c44f65c825572cf,gx-no-cache=1520864659586 HTTP/1.1" 200 30
186.103.159.182 - - [12/Mar/2018:11:26:06 -0300] "GET /cormun/servlet/solicitudot?50ed9815c5c86efd6b2574dfc1860c69ac1db715688e26f536345f20dcb10c94,gx-no-cache=1520864659691 HTTP/1.1" 200 53
186.103.159.182 - - [12/Mar/2018:11:26:06 -0300] "POST /cormun/servlet/solicitudot?gx-no-cache=1520864659826 HTTP/1.1" 200 255
186.103.159.182 - - [12/Mar/2018:11:26:07 -0300] "GET /cormun/servlet/solicitudot?50ed9815c5c86efd6b2574dfc1860c69241d643f7e2578ddf0bd2025777547d28b5fc1704fd0baa7fa9ce441d8dc2bd0168253c07ed68561a19de5fb845132e030189dc2c7db18b0407f1a667adc36f20af1354b9782afceb129ab6a1d089c1cebb84fa895fede5a4b0965a348124ec7821c90eacd6d6efc2878ff454b57077a4dbbcfe16215865b82a4a3a4a752cbb0bd542b6623a31b1dca30a41bec2ce1784550f62ced3d07e4054870063b0d10881822ce17f266341b4d18425e99f5023583f5a03c4aa359bbf2fccc6936ec4f45046a4fda944cf3e4cd2f4340f35d6937a10e0b72155280d2f960b7c27aaa7ef5887e716c0f937dde8081a3c0426c4ccea735e724ce95113ea1cca125cf317198ec8bfbcc06a74e59441dfb84eefe9d1aa28dd68ba623b8fae03814c789ea0e1da8e6390cdbb7335b2ebd938b8ac0ab140684efbee816a0332a5db338da6c8830d1c843d2c2a2700b1f9f679509ebb44137daa53535a851125136fc35299057a92793407d1db647dbf5f3c74f7426e637,gx-no-cache=1520864660000 HTTP/1.1" 200 30
186.103.159.182 - - [12/Mar/2018:11:26:10 -0300] "POST /cormun/servlet/solicitudot?gx-no-cache=1520864664159 HTTP/1.1" 200 30
186.103.159.182 - - [12/Mar/2018:11:26:13 -0300] "GET /cormun/servlet/prcontratosol?15126351,,,,,MD,,gxPopupLevel%3D0%3B HTTP/1.1" 200 7775
186.103.159.182 - - [12/Mar/2018:11:26:20 -0300] "POST /cormun/servlet/solicitudot?gx-no-cache=1520864673563 HTTP/1.1" 200 1337
186.103.159.182 - - [12/Mar/2018:11:26:20 -0300] "POST /cormun/servlet/solicitudot?gx-no-cache=1520864673738 HTTP/1.1" 200 38
186.103.159.182 - - [12/Mar/2018:11:26:20 -0300] "GET /cormun/servlet/solicitudot?50ed9815c5c86efd6b2574dfc1860c693a2f14b75e5b80bcfc6202073f189956e9d00496d08958ed6cd69a2ef100f56f427a7b4a5723d7e33576ac162f60f2055f0bf35ec427c6efc3ccd359a89552c8971cac057da0901a820a59381ba5a8254c025a64c9fca83ede7b254e16baaa0a7fbfa543962b32d98b2a789d4b59241ee55a2e8f3314d64b901b1a53f9482cb6b7a88f09a4c0c209eb5b0c0b708b40d8,gx-no-cache=1520864673821 HTTP/1.1" 200 29
186.103.159.182 - - [12/Mar/2018:11:26:21 -0300] "POST /cormun/servlet/solicitudot?gx-no-cache=1520864673898 HTTP/1.1" 200 1319
186.103.159.182 - - [12/Mar/2018:11:26:21 -0300] "POST /cormun/servlet/solicitudot?gx-no-cache=1520864674566 HTTP/1.1" 200 1219
186.103.159.182 - - [12/Mar/2018:11:26:21 -0300] "GET /cormun/servlet/solicitudot?50ed9815c5c86efd6b2574dfc1860c691b9ffe5f569c03d8013f056787d32f9718dfb705dae2bc654d233c15d2f634ee,gx-no-cache=1520864675161 HTTP/1.1" 200 30
186.103.156.24 - - [12/Mar/2018:11:26:24 -0300] "POST /cormun/servlet/solicitudotadjuntos?80423134f68226111fd9f21cfe0be8ba,INS,2018,10397,,1, HTTP/1.1" 200 116
186.103.156.24 - - [12/Mar/2018:11:26:24 -0300] "GET /cormun/servlet/hpexe_return? HTTP/1.1" 200 1025
186.103.156.24 - - [12/Mar/2018:11:26:24 -0300] "GET /cormun/servlet/trsolicitudadjuntos?2018,10397, HTTP/1.1" 200 9823
186.103.156.24 - - [12/Mar/2018:11:26:25 -0300] "GET /cormun/servlet/trsolicitudadjuntos?2018,10397, HTTP/1.1" 200 9821
186.67.164.142 - - [12/Mar/2018:11:26:27 -0300] "GET /cormun/servlet/solicitudotadjuntos?16f5a0d236ee8294b8e5cddafa4474c75dd02b289b7f2c2746b7d0d94b7483f7,gx-no-cache=1520864738227 HTTP/1.1" 200 30
186.67.164.142 - - [12/Mar/2018:11:26:27 -0300] "GET /cormun/servlet/solicitudotadjuntos?16f5a0d236ee8294b8e5cddafa4474c75dd02b289b7f2c2746b7d0d94b7483f7,gx-no-cache=1520864738299 HTTP/1.1" 200 30
186.103.156.24 - - [12/Mar/2018:11:26:35 -0300] "POST /cormun/servlet/trsolicitudadjuntos?80423134f68226111fd9f21cfe0be8ba,2018,10397,,gx-no-cache=1520864744295 HTTP/1.1" 200 90
186.103.156.24 - - [12/Mar/2018:11:26:35 -0300] "GET /cormun/servlet/hpexe_link HTTP/1.1" 200 967
186.103.156.24 - - [12/Mar/2018:11:26:35 -0300] "GET /cormun/servlet/trsolicitudot HTTP/1.1" 200 8806
186.103.156.24 - - [12/Mar/2018:11:26:36 -0300] "GET /cormun/servlet/trsolicitudot HTTP/1.1" 200 8805
190.100.93.40 - - [12/Mar/2018:11:26:37 -0300] "GET /cormun/servlet/solicitudot?6a3d5b2825b61007e68101800d61d39ddec8d8699662038b5293453907b90ec3628df99bc16b9918336a474aac5a831591e50c32bd5da0981e6cfad6afe8c293,gx-no-cache=1520864747095 HTTP/1.1" 200 30
186.103.159.182 - - [12/Mar/2018:11:26:38 -0300] "POST /cormun/servlet/solicitudot?gx-no-cache=1520864690840 HTTP/1.1" 200 1321
186.103.159.182 - - [12/Mar/2018:11:26:38 -0300] "POST /cormun/servlet/solicitudot?gx-no-cache=1520864691833 HTTP/1.1" 200 1219
186.103.159.182 - - [12/Mar/2018:11:26:38 -0300] "POST /cormun/servlet/solicitudot?gx-no-cache=1520864692203 HTTP/1.1" 200 33
190.100.93.40 - - [12/Mar/2018:11:26:40 -0300] "GET /cormun/servlet/solicitudot?6a3d5b2825b61007e68101800d61d39db7fb3c8274f3bcdb84c5e49f6ba6834d,gx-no-cache=1520864749845 HTTP/1.1" 200 53
186.103.156.24 - - [12/Mar/2018:11:26:40 -0300] "POST /cormun/servlet/trsolicitudot?80423134f68226111fd9f21cfe0be8ba,gx-no-cache=1520864750065 HTTP/1.1" 200 4681
186.103.156.24 - - [12/Mar/2018:11:26:40 -0300] "GET /cormun/static/Shared/jqueryui/images/ui-bg_highlight-soft_100_c6c2c8_1x100.png HTTP/1.1" 404 1117
186.103.156.24 - - [12/Mar/2018:11:26:40 -0300] "GET /cormun/static/Shared/jqueryui/images/ui-icons_82798d_256x240.png HTTP/1.1" 404 1089
186.103.156.24 - - [12/Mar/2018:11:26:40 -0300] "GET /cormun/static/Shared/jqueryui/images/ui-bg_flat_55_fafafa_40x100.png HTTP/1.1" 404 1097
186.67.164.142 - - [12/Mar/2018:11:26:40 -0300] "POST /cormun/servlet/solicitudotadjuntos?192e3c40e50ba85b9f4fa3f096c41439,INS,2018,10381,,1, HTTP/1.1" 200 116
186.67.164.142 - - [12/Mar/2018:11:26:40 -0300] "GET /cormun/servlet/hpexe_return? HTTP/1.1" 200 1017
186.67.164.142 - - [12/Mar/2018:11:26:41 -0300] "GET /cormun/servlet/hhome HTTP/1.1" 200 3972
186.67.164.142 - - [12/Mar/2018:11:26:41 -0300] "GET /cormun/static/gxcfg.js?20175251212442 HTTP/1.1" 304 -
186.103.156.24 - - [12/Mar/2018:11:26:41 -0300] "GET /cormun/static/Shared/jqueryui/images/ui-icons_8d78a5_256x240.png HTTP/1.1" 404 1089
186.67.164.142 - - [12/Mar/2018:11:26:41 -0300] "GET /cormun/servlet/hhome HTTP/1.1" 200 3966
186.103.156.24 - - [12/Mar/2018:11:26:41 -0300] "POST /cormun/servlet/trsolicitudot?80423134f68226111fd9f21cfe0be8ba,gx-no-cache=1520864750612 HTTP/1.1" 200 4445
186.103.156.24 - - [12/Mar/2018:11:26:46 -0300] "GET /cormun/servlet/trautorizarsolicitud? HTTP/1.1" 200 8695
186.103.156.24 - - [12/Mar/2018:11:26:46 -0300] "GET /cormun/static/gxcfg.js?2017111423403364 HTTP/1.1" 200 953
186.103.159.182 - - [12/Mar/2018:11:26:51 -0300] "POST /cormun/servlet/solicitudot?b410a89f6ae6784b342387fb9f4bb2cb,INS,0,0,,gx-no-cache=1520864704293 HTTP/1.1" 200 93
186.103.159.182 - - [12/Mar/2018:11:26:51 -0300] "GET /cormun/servlet/hpexe_return? HTTP/1.1" 200 1003
186.103.159.182 - - [12/Mar/2018:11:26:51 -0300] "GET /cormun/servlet/trsolicitudot HTTP/1.1" 200 9067
186.103.159.182 - - [12/Mar/2018:11:26:52 -0300] "GET /cormun/servlet/trsolicitudot HTTP/1.1" 200 9064
186.103.156.24 - - [12/Mar/2018:11:26:53 -0300] "GET /cormun/static/trautorizarsolicitud.js?201711142340425 HTTP/1.1" 200 53910
