186.79.174.79 - - [12/Mar/2018:11:14:21 -0300] "GET /cormun/servlet/trsolicitudadjuntos?2018,10401, HTTP/1.1" 200 9259
186.79.174.79 - - [12/Mar/2018:11:14:27 -0300] "GET /cormun/PublicTempStorage/curric.9346795.pdf HTTP/1.1" 200 234763
186.103.161.206 - - [12/Mar/2018:11:14:30 -0300] "GET /cormun/static/gxgral.js?85251 HTTP/1.1" 200 384558
186.79.174.79 - - [12/Mar/2018:11:14:31 -0300] "GET /cormun/servlet/trsolicitudadjuntos?2018,10401, HTTP/1.1" 200 9257
186.79.174.79 - - [12/Mar/2018:11:14:32 -0300] "GET /cormun/servlet/trsolicitudadjuntos?2018,10401, HTTP/1.1" 200 9259
186.103.161.206 - - [12/Mar/2018:11:14:33 -0300] "GET /cormun/static/messages.spa.js?85251 HTTP/1.1" 200 30736
186.103.161.206 - - [12/Mar/2018:11:14:34 -0300] "GET /cormun/static/hlogin.js?20175251213537 HTTP/1.1" 200 2136
186.103.161.206 - - [12/Mar/2018:11:14:34 -0300] "GET /cormun/static/Resources/ComunLogin.png HTTP/1.1" 200 17326
186.79.174.79 - - [12/Mar/2018:11:14:35 -0300] "GET /cormun/PublicTempStorage/licencia_media9540759.pdf HTTP/1.1" 200 295907
186.79.174.79 - - [12/Mar/2018:11:14:40 -0300] "GET /cormun/servlet/trsolicitudadjuntos?2018,10401, HTTP/1.1" 200 9256
186.79.174.79 - - [12/Mar/2018:11:14:41 -0300] "GET /cormun/servlet/trsolicitudadjuntos?2018,10401, HTTP/1.1" 200 9259
192.168.10.56 - - [12/Mar/2018:11:14:43 -0300] "POST /cormun/servlet/trsolicitudgral?15985d5a665fc0e81c8abca4797067c8,,gx-no-cache=1520863920182 HTTP/1.1" 200 19698
186.79.174.79 - - [12/Mar/2018:11:14:44 -0300] "GET /cormun/PublicTempStorage/afp8880636.pdf HTTP/1.1" 200 273038
186.103.159.182 - - [12/Mar/2018:11:14:45 -0300] "POST /cormun/servlet/trsolicitudot?b410a89f6ae6784b342387fb9f4bb2cb,gx-no-cache=1520862472121,gx-no-cache=1520863978376 HTTP/1.1" 200 5665
186.79.174.79 - - [12/Mar/2018:11:14:48 -0300] "GET /cormun/servlet/trsolicitudadjuntos?2018,10401, HTTP/1.1" 200 9257
186.79.174.79 - - [12/Mar/2018:11:14:49 -0300] "GET /cormun/servlet/trsolicitudadjuntos?2018,10401, HTTP/1.1" 200 9257
192.168.10.56 - - [12/Mar/2018:11:14:50 -0300] "POST /cormun/servlet/trsolicitudgral?15985d5a665fc0e81c8abca4797067c8,,gx-no-cache=1520863927647 HTTP/1.1" 200 13061
186.79.174.79 - - [12/Mar/2018:11:14:51 -0300] "GET /cormun/PublicTempStorage/fonasa847954.pdf HTTP/1.1" 200 259159
186.103.161.206 - - [12/Mar/2018:11:14:53 -0300] "GET /cormun/servlet/hlogin HTTP/1.1" 200 1718
186.103.159.204 - - [12/Mar/2018:11:14:59 -0300] "GET /cormun/servlet/trvisualizadoreventos? HTTP/1.1" 200 6843
186.103.159.204 - - [12/Mar/2018:11:14:59 -0300] "GET /cormun/static/gxcfg.js?20175251251426 HTTP/1.1" 304 -
186.103.159.204 - - [12/Mar/2018:11:14:59 -0300] "GET /cormun/servlet/trvisualizadoreventos? HTTP/1.1" 200 6842
186.103.161.206 - - [12/Mar/2018:11:15:00 -0300] "GET /cormun/static/Resources/Spanish/PXTools.css?11423723 HTTP/1.1" 206 1
186.67.203.186 - - [12/Mar/2018:11:15:01 -0300] "GET /cormun/servlet/hlogin HTTP/1.1" 200 1718
190.151.100.218 - - [12/Mar/2018:11:15:04 -0300] "GET /cormun/static/Resources/Spanish/PXTools.css?11423723 HTTP/1.1" 200 89042
186.79.174.79 - - [12/Mar/2018:11:15:04 -0300] "GET /cormun/servlet/hlogin HTTP/1.1" 200 1722
186.79.174.79 - - [12/Mar/2018:11:15:06 -0300] "POST /cormun/servlet/hlogin?ac8374464e58595bbaac2b5b82c321b5,gx-no-cache=1520864057254 HTTP/1.1" 200 90
186.79.174.79 - - [12/Mar/2018:11:15:07 -0300] "GET /cormun/servlet/hpexe_link HTTP/1.1" 200 953
186.79.174.79 - - [12/Mar/2018:11:15:07 -0300] "GET /cormun/servlet/hhome HTTP/1.1" 200 3931
186.103.158.250 - - [12/Mar/2018:11:15:08 -0300] "POST /cormun/servlet/licenciaspermisosadjuntos?ee40f8af1f2b7d9eabbc0a382105e6b7,INS,17136773,L,20180312000000,, HTTP/1.1" 200 116
186.79.174.79 - - [12/Mar/2018:11:15:08 -0300] "GET /cormun/servlet/hhome HTTP/1.1" 200 3927
186.103.158.250 - - [12/Mar/2018:11:15:08 -0300] "GET /cormun/servlet/hpexe_return? HTTP/1.1" 200 1047
186.103.158.250 - - [12/Mar/2018:11:15:08 -0300] "GET /cormun/servlet/trlicenciaspermisosadjuntos?17136773,20180312000000,L, HTTP/1.1" 200 6796
186.103.158.250 - - [12/Mar/2018:11:15:09 -0300] "GET /cormun/servlet/trlicenciaspermisosadjuntos?17136773,20180312000000,L, HTTP/1.1" 200 6795
186.103.159.204 - - [12/Mar/2018:11:15:09 -0300] "POST /cormun/servlet/trvisualizadoreventos?c545b12374c1e2f68b044b841ff8a099,,gx-no-cache=1520864059013 HTTP/1.1" 200 4145
186.67.203.186 - - [12/Mar/2018:11:15:12 -0300] "GET /cormun/static/Resources/PXToolsLoginBackground.png HTTP/1.1" 200 1164
190.151.100.218 - - [12/Mar/2018:11:15:12 -0300] "GET /cormun/static/Resources/PXToolsLoginBottom.png HTTP/1.1" 200 1389
190.151.100.218 - - [12/Mar/2018:11:15:12 -0300] "GET /cormun/static/Resources/PXToolsButtonRight21.png HTTP/1.1" 200 1283
186.67.203.186 - - [12/Mar/2018:11:15:12 -0300] "GET /cormun/static/Resources/PXToolsButtonLeft21.png HTTP/1.1" 200 1287
186.103.132.155 - - [12/Mar/2018:11:15:12 -0300] "GET /cormun/static/Resources/PXToolsLoginTop.png HTTP/1.1" 200 1337
186.103.161.206 - - [12/Mar/2018:11:15:12 -0300] "GET /cormun/static/Resources/PXToolsButtonBackground2.png HTTP/1.1" 200 1181
186.79.174.79 - - [12/Mar/2018:11:15:12 -0300] "GET /cormun/servlet/trsolicitudot? HTTP/1.1" 200 8517
186.67.203.186 - - [12/Mar/2018:11:15:12 -0300] "GET /cormun/static/Resources/indicator.gif HTTP/1.1" 200 1553
186.67.203.186 - - [12/Mar/2018:11:15:13 -0300] "GET /cormun/servlet/hlogin HTTP/1.1" 200 1727
186.79.174.79 - - [12/Mar/2018:11:15:13 -0300] "GET /cormun/servlet/trsolicitudot? HTTP/1.1" 200 8515
186.103.159.204 - - [12/Mar/2018:11:15:18 -0300] "POST /cormun/servlet/trvisualizadoreventos?c545b12374c1e2f68b044b841ff8a099,,gx-no-cache=1520864067784 HTTP/1.1" 200 5605
186.79.174.79 - - [12/Mar/2018:11:15:18 -0300] "POST /cormun/servlet/trsolicitudot?ac8374464e58595bbaac2b5b82c321b5,,gx-no-cache=1520864068007 HTTP/1.1" 200 107
186.79.174.79 - - [12/Mar/2018:11:15:18 -0300] "GET /cormun/servlet/trsolicitudadjuntos?2018,10401, HTTP/1.1" 200 9264
186.79.174.79 - - [12/Mar/2018:11:15:19 -0300] "GET /cormun/servlet/trsolicitudadjuntos?2018,10401, HTTP/1.1" 200 9266
186.79.174.79 - - [12/Mar/2018:11:15:24 -0300] "GET /cormun/servlet/solicitudotadjuntos?INS,2018,10401,,1, HTTP/1.1" 200 5973
186.79.174.79 - - [12/Mar/2018:11:15:25 -0300] "GET /cormun/static/about:blank HTTP/1.1" 404 1011
186.79.174.79 - - [12/Mar/2018:11:15:25 -0300] "GET /cormun/servlet/solicitudotadjuntos?INS,2018,10401,,1, HTTP/1.1" 200 5966
186.79.174.79 - - [12/Mar/2018:11:15:25 -0300] "GET /cormun/servlet/solicitudotadjuntos?e0bf444c4c6f9e1c18028bd9f253256c41886b3596ec852642641f2c7d0764a6baa64f12cfdc6d571e0d447c49db0f76,gx-no-cache=1520864075881 HTTP/1.1" 200 30
186.79.174.79 - - [12/Mar/2018:11:15:26 -0300] "POST /cormun/servlet/solicitudotadjuntos?ac8374464e58595bbaac2b5b82c321b5,INS,2018,10401,,1,,gx-no-cache=1520864076012 HTTP/1.1" 200 3795
186.103.159.182 - - [12/Mar/2018:11:15:29 -0300] "POST /cormun/servlet/trsolicitudot?b410a89f6ae6784b342387fb9f4bb2cb,gx-no-cache=1520862472121,gx-no-cache=1520864022736 HTTP/1.1" 200 5668
186.79.174.79 - - [12/Mar/2018:11:15:31 -0300] "POST /cormun/servlet/solicitudotadjuntos?gx-no-cache=1520864081984 HTTP/1.1" 200 26
186.79.174.79 - - [12/Mar/2018:11:15:36 -0300] "GET /cormun/servlet/solicitudotadjuntos?e0bf444c4c6f9e1c18028bd9f253256c629823cbf1183e4e1b7ea72bde22b422,gx-no-cache=1520864086442 HTTP/1.1" 200 30
186.79.174.79 - - [12/Mar/2018:11:15:36 -0300] "GET /cormun/servlet/solicitudotadjuntos?e0bf444c4c6f9e1c18028bd9f253256c629823cbf1183e4e1b7ea72bde22b422,gx-no-cache=1520864086588 HTTP/1.1" 200 30
186.79.174.79 - - [12/Mar/2018:11:15:42 -0300] "POST /cormun/servlet/solicitudotadjuntos?ac8374464e58595bbaac2b5b82c321b5,INS,2018,10401,,1, HTTP/1.1" 200 6172
186.79.174.79 - - [12/Mar/2018:11:15:42 -0300] "GET /home/sistema/apache-tomcat-7.0.65/webapps/cormun/PrivateTempStorage/upload_00009362.pdf HTTP/1.1" 404 1135
186.79.174.79 - - [12/Mar/2018:11:15:42 -0300] "GET /cormun/static/Shared/jqueryui/images/ui-icons_ebccce_256x240.png HTTP/1.1" 404 1089
186.79.174.79 - - [12/Mar/2018:11:15:42 -0300] "GET /home/sistema/apache-tomcat-7.0.65/webapps/cormun/PrivateTempStorage/upload_00009362.pdf HTTP/1.1" 404 1135
186.79.174.79 - - [12/Mar/2018:11:15:42 -0300] "GET /cormun/static/Shared/jqueryui/images/ui-bg_highlight-soft_100_c6c2c8_1x100.png HTTP/1.1" 404 1117
186.79.174.79 - - [12/Mar/2018:11:15:42 -0300] "GET /cormun/static/Shared/jqueryui/images/ui-icons_82798d_256x240.png HTTP/1.1" 404 1089
186.79.174.79 - - [12/Mar/2018:11:15:42 -0300] "GET /cormun/static/Shared/jqueryui/images/ui-bg_flat_55_994d53_40x100.png HTTP/1.1" 404 1097
186.79.174.79 - - [12/Mar/2018:11:15:42 -0300] "GET /cormun/PrivateTempStorage/upload_00009362.pdf HTTP/1.1" 200 16384
186.79.174.79 - - [12/Mar/2018:11:15:43 -0300] "GET /cormun/PrivateTempStorage/upload_00009362.pdf HTTP/1.1" 200 220207
186.103.159.204 - - [12/Mar/2018:11:15:43 -0300] "POST /cormun/servlet/trvisualizadoreventos?c545b12374c1e2f68b044b841ff8a099,,gx-no-cache=1520864093702 HTTP/1.1" 200 5773
186.79.174.79 - - [12/Mar/2018:11:15:48 -0300] "GET /cormun/servlet/solicitudotadjuntos?e0bf444c4c6f9e1c18028bd9f253256c8b72972e3eaedae0a0a12b8e992d1d1e08f33832bf5fc6c7c274d1a35f1c017f,gx-no-cache=1520864099265 HTTP/1.1" 200 30
186.79.174.79 - - [12/Mar/2018:11:15:56 -0300] "POST /cormun/servlet/solicitudotadjuntos?ac8374464e58595bbaac2b5b82c321b5,INS,2018,10401,,1, HTTP/1.1" 200 6171
186.79.174.79 - - [12/Mar/2018:11:15:56 -0300] "GET /home/sistema/apache-tomcat-7.0.65/webapps/cormun/PrivateTempStorage/upload_00009374.pdf HTTP/1.1" 404 1135
186.79.174.79 - - [12/Mar/2018:11:15:56 -0300] "GET /home/sistema/apache-tomcat-7.0.65/webapps/cormun/PrivateTempStorage/upload_00009374.pdf HTTP/1.1" 404 1135
186.79.174.79 - - [12/Mar/2018:11:15:56 -0300] "GET /cormun/PrivateTempStorage/upload_00009374.pdf HTTP/1.1" 200 40960
186.79.174.79 - - [12/Mar/2018:11:15:57 -0300] "GET /cormun/PrivateTempStorage/upload_00009374.pdf HTTP/1.1" 200 220207
186.79.174.79 - - [12/Mar/2018:11:16:09 -0300] "GET /cormun/servlet/solicitudotadjuntos?e0bf444c4c6f9e1c18028bd9f253256cd803c249a9a931a6ff6d96dcb860b53008f33832bf5fc6c7c274d1a35f1c017f,gx-no-cache=1520864119414 HTTP/1.1" 200 30
186.79.174.79 - - [12/Mar/2018:11:16:09 -0300] "GET /cormun/servlet/solicitudotadjuntos?e0bf444c4c6f9e1c18028bd9f253256cd803c249a9a931a6ff6d96dcb860b53008f33832bf5fc6c7c274d1a35f1c017f,gx-no-cache=1520864119609 HTTP/1.1" 200 30
186.79.174.79 - - [12/Mar/2018:11:16:16 -0300] "POST /cormun/servlet/solicitudotadjuntos?ac8374464e58595bbaac2b5b82c321b5,INS,2018,10401,,1, HTTP/1.1" 200 6172
186.79.174.79 - - [12/Mar/2018:11:16:17 -0300] "GET /home/sistema/apache-tomcat-7.0.65/webapps/cormun/PrivateTempStorage/upload_00009386.pdf HTTP/1.1" 404 1135
186.79.174.79 - - [12/Mar/2018:11:16:17 -0300] "GET /home/sistema/apache-tomcat-7.0.65/webapps/cormun/PrivateTempStorage/upload_00009386.pdf HTTP/1.1" 404 1135
186.79.174.79 - - [12/Mar/2018:11:16:17 -0300] "GET /cormun/PrivateTempStorage/upload_00009386.pdf HTTP/1.1" 200 16384
186.79.174.79 - - [12/Mar/2018:11:16:19 -0300] "GET /cormun/PrivateTempStorage/upload_00009386.pdf HTTP/1.1" 200 220207
186.103.159.182 - - [12/Mar/2018:11:16:23 -0300] "POST /cormun/servlet/trsolicitudot?b410a89f6ae6784b342387fb9f4bb2cb,gx-no-cache=1520862472121,gx-no-cache=1520864075885 HTTP/1.1" 200 4212
186.103.159.182 - - [12/Mar/2018:11:16:27 -0300] "POST /cormun/servlet/trsolicitudot?b410a89f6ae6784b342387fb9f4bb2cb,gx-no-cache=1520862472121,gx-no-cache=1520864080542 HTTP/1.1" 200 4211
186.103.159.204 - - [12/Mar/2018:11:16:35 -0300] "POST /cormun/servlet/trvisualizadoreventos?c545b12374c1e2f68b044b841ff8a099,,gx-no-cache=1520864145185 HTTP/1.1" 200 6272
186.79.174.79 - - [12/Mar/2018:11:16:36 -0300] "GET /cormun/servlet/solicitudotadjuntos?e0bf444c4c6f9e1c18028bd9f253256cd803c249a9a931a6ff6d96dcb860b53008f33832bf5fc6c7c274d1a35f1c017f,gx-no-cache=1520864146702 HTTP/1.1" 200 30
186.79.174.79 - - [12/Mar/2018:11:16:36 -0300] "GET /cormun/servlet/solicitudotadjuntos?e0bf444c4c6f9e1c18028bd9f253256cd803c249a9a931a6ff6d96dcb860b53008f33832bf5fc6c7c274d1a35f1c017f,gx-no-cache=1520864146828 HTTP/1.1" 200 30
186.103.159.182 - - [12/Mar/2018:11:16:41 -0300] "POST /cormun/servlet/trsolicitudot?b410a89f6ae6784b342387fb9f4bb2cb,gx-no-cache=1520862472121,gx-no-cache=1520864093186 HTTP/1.1" 200 4213
186.79.174.79 - - [12/Mar/2018:11:16:43 -0300] "POST /cormun/servlet/solicitudotadjuntos?ac8374464e58595bbaac2b5b82c321b5,INS,2018,10401,,1, HTTP/1.1" 200 6172
186.79.174.79 - - [12/Mar/2018:11:16:43 -0300] "GET /home/sistema/apache-tomcat-7.0.65/webapps/cormun/PrivateTempStorage/upload_00009398.pdf HTTP/1.1" 404 1135
186.79.174.79 - - [12/Mar/2018:11:16:44 -0300] "GET /cormun/PrivateTempStorage/upload_00009398.pdf HTTP/1.1" 200 49152
186.79.174.79 - - [12/Mar/2018:11:16:45 -0300] "GET /cormun/PrivateTempStorage/upload_00009398.pdf HTTP/1.1" 200 220207
186.103.159.182 - - [12/Mar/2018:11:16:45 -0300] "POST /cormun/servlet/trsolicitudot?b410a89f6ae6784b342387fb9f4bb2cb,gx-no-cache=1520862472121,gx-no-cache=1520864098735 HTTP/1.1" 200 4212
186.103.159.182 - - [12/Mar/2018:11:16:50 -0300] "POST /cormun/servlet/trsolicitudot?b410a89f6ae6784b342387fb9f4bb2cb,gx-no-cache=1520862472121,gx-no-cache=1520864102876 HTTP/1.1" 200 5632
186.103.159.204 - - [12/Mar/2018:11:16:50 -0300] "POST /cormun/servlet/trvisualizadoreventos?c545b12374c1e2f68b044b841ff8a099,,gx-no-cache=1520864160267 HTTP/1.1" 200 6875
186.79.174.79 - - [12/Mar/2018:11:16:56 -0300] "GET /cormun/servlet/trsolicitudadjuntos?2018,10401, HTTP/1.1" 200 9265
186.79.174.79 - - [12/Mar/2018:11:16:57 -0300] "GET /cormun/servlet/trsolicitudadjuntos?2018,10401, HTTP/1.1" 200 9265
186.103.159.204 - - [12/Mar/2018:11:17:09 -0300] "POST /cormun/servlet/trvisualizadoreventos?c545b12374c1e2f68b044b841ff8a099,,gx-no-cache=1520864179532 HTTP/1.1" 200 4147
186.103.159.204 - - [12/Mar/2018:11:17:14 -0300] "POST /cormun/servlet/trvisualizadoreventos?c545b12374c1e2f68b044b841ff8a099,,gx-no-cache=1520864184137 HTTP/1.1" 200 4147
186.79.174.79 - - [12/Mar/2018:11:17:16 -0300] "GET /cormun/servlet/solicitudotadjuntos?DLT,2018,10401,CARNET,0, HTTP/1.1" 200 5936
186.79.174.79 - - [12/Mar/2018:11:17:17 -0300] "GET /cormun/static/Shared/jqueryui/images/ui-bg_highlight-soft_100_c6c2c8_1x100.png HTTP/1.1" 404 1117
186.79.174.79 - - [12/Mar/2018:11:17:17 -0300] "GET /cormun/static/Shared/jqueryui/images/ui-icons_82798d_256x240.png HTTP/1.1" 404 1089
186.79.174.79 - - [12/Mar/2018:11:17:17 -0300] "GET /cormun/static/Shared/jqueryui/images/ui-icons_8d78a5_256x240.png HTTP/1.1" 404 1089
186.79.174.79 - - [12/Mar/2018:11:17:17 -0300] "GET /cormun/static/Shared/jqueryui/images/ui-bg_flat_55_fafafa_40x100.png HTTP/1.1" 404 1097
186.79.174.79 - - [12/Mar/2018:11:17:17 -0300] "GET /cormun/servlet/solicitudotadjuntos?DLT,2018,10401,CARNET,0, HTTP/1.1" 200 5929
186.79.174.79 - - [12/Mar/2018:11:17:18 -0300] "GET /cormun/PublicTempStorage/curric.1727424.pdf HTTP/1.1" 200 234763
186.79.174.79 - - [12/Mar/2018:11:17:20 -0300] "POST /cormun/servlet/solicitudotadjuntos?ac8374464e58595bbaac2b5b82c321b5,DLT,2018,10401,CARNET,0,,gx-no-cache=1520864190524 HTTP/1.1" 200 93
186.79.174.79 - - [12/Mar/2018:11:17:20 -0300] "GET /cormun/servlet/hpexe_return? HTTP/1.1" 200 1033
186.79.174.79 - - [12/Mar/2018:11:17:21 -0300] "GET /cormun/servlet/trsolicitudadjuntos?2018,10401, HTTP/1.1" 200 8989
186.79.174.79 - - [12/Mar/2018:11:17:21 -0300] "GET /cormun/servlet/trsolicitudadjuntos?2018,10401, HTTP/1.1" 200 8999
186.103.159.204 - - [12/Mar/2018:11:17:23 -0300] "POST /cormun/servlet/trvisualizadoreventos?c545b12374c1e2f68b044b841ff8a099,,gx-no-cache=1520864192802 HTTP/1.1" 200 6272
186.79.174.79 - - [12/Mar/2018:11:17:26 -0300] "GET /cormun/servlet/solicitudotadjuntos?INS,2018,10401,,1, HTTP/1.1" 200 5974
186.79.174.79 - - [12/Mar/2018:11:17:26 -0300] "GET /cormun/static/about:blank HTTP/1.1" 404 1011
186.79.174.79 - - [12/Mar/2018:11:17:26 -0300] "GET /cormun/servlet/solicitudotadjuntos?INS,2018,10401,,1, HTTP/1.1" 200 5967
186.79.174.79 - - [12/Mar/2018:11:17:27 -0300] "GET /cormun/servlet/solicitudotadjuntos?e0bf444c4c6f9e1c18028bd9f253256c41886b3596ec852642641f2c7d0764a6baa64f12cfdc6d571e0d447c49db0f76,gx-no-cache=1520864197744 HTTP/1.1" 200 30
186.79.174.79 - - [12/Mar/2018:11:17:28 -0300] "POST /cormun/servlet/solicitudotadjuntos?ac8374464e58595bbaac2b5b82c321b5,INS,2018,10401,,1,,gx-no-cache=1520864197892 HTTP/1.1" 200 3796
186.103.158.250 - - [12/Mar/2018:11:17:31 -0300] "GET /cormun/servlet/licenciaspermisosadjuntos?INS,17136773,L,20180312000000,, HTTP/1.1" 200 5620
186.79.174.79 - - [12/Mar/2018:11:17:32 -0300] "POST /cormun/servlet/solicitudotadjuntos?gx-no-cache=1520864202973 HTTP/1.1" 200 26
186.103.159.182 - - [12/Mar/2018:11:17:32 -0300] "GET /cormun/servlet/solicitudot?INS,0,0, HTTP/1.1" 200 13715
186.103.158.250 - - [12/Mar/2018:11:17:33 -0300] "GET /cormun/servlet/licenciaspermisosadjuntos?INS,17136773,L,20180312000000,, HTTP/1.1" 200 5609
192.168.10.56 - - [12/Mar/2018:11:17:33 -0300] "POST /cormun/servlet/trsolicitudgral?15985d5a665fc0e81c8abca4797067c8,,gx-no-cache=1520864090129 HTTP/1.1" 200 12630
192.168.10.56 - - [12/Mar/2018:11:17:33 -0300] "GET /cormun/static/Shared/jqueryui/images/ui-bg_highlight-soft_100_c6c2c8_1x100.png HTTP/1.1" 404 1117
192.168.10.56 - - [12/Mar/2018:11:17:33 -0300] "GET /cormun/static/Shared/jqueryui/images/ui-icons_82798d_256x240.png HTTP/1.1" 404 1089
192.168.10.56 - - [12/Mar/2018:11:17:33 -0300] "GET /cormun/static/Shared/jqueryui/images/ui-icons_8d78a5_256x240.png HTTP/1.1" 404 1089
192.168.10.56 - - [12/Mar/2018:11:17:33 -0300] "GET /cormun/static/Shared/jqueryui/images/ui-bg_flat_55_fafafa_40x100.png HTTP/1.1" 404 1097
186.103.159.182 - - [12/Mar/2018:11:17:34 -0300] "GET /cormun/servlet/solicitudot?INS,0,0, HTTP/1.1" 200 13698
186.103.159.182 - - [12/Mar/2018:11:17:37 -0300] "GET /cormun/servlet/prfichaempleado?,MD,,gxPopupLevel%3D0%3B HTTP/1.1" 200 9422
186.103.156.24 - - [12/Mar/2018:11:17:37 -0300] "GET /cormun/servlet/hlogin HTTP/1.1" 200 1714
186.103.156.24 - - [12/Mar/2018:11:17:37 -0300] "GET /cormun/static/gxcfg.js?20175251213516 HTTP/1.1" 304 -
186.103.156.24 - - [12/Mar/2018:11:17:38 -0300] "GET /cormun/static/messages.spa.js?85251 HTTP/1.1" 304 -
186.79.174.79 - - [12/Mar/2018:11:17:38 -0300] "GET /cormun/servlet/solicitudotadjuntos?e0bf444c4c6f9e1c18028bd9f253256c629823cbf1183e4e1b7ea72bde22b422,gx-no-cache=1520864208590 HTTP/1.1" 200 30
186.103.156.24 - - [12/Mar/2018:11:17:38 -0300] "GET /cormun/servlet/hlogin HTTP/1.1" 200 1723
186.79.174.79 - - [12/Mar/2018:11:17:38 -0300] "GET /cormun/servlet/solicitudotadjuntos?e0bf444c4c6f9e1c18028bd9f253256c629823cbf1183e4e1b7ea72bde22b422,gx-no-cache=1520864208716 HTTP/1.1" 200 30
186.103.158.250 - - [12/Mar/2018:11:17:42 -0300] "GET /cormun/servlet/trlicencias? HTTP/1.1" 200 9144
192.168.10.56 - - [12/Mar/2018:11:17:43 -0300] "GET /cormun/servlet/solicitudgral?UPD,2018,9940, HTTP/1.1" 200 12919
186.103.158.250 - - [12/Mar/2018:11:17:43 -0300] "GET /cormun/servlet/trlicencias? HTTP/1.1" 200 9135
192.168.10.56 - - [12/Mar/2018:11:17:43 -0300] "GET /cormun/servlet/solicitudgral?UPD,2018,9940, HTTP/1.1" 200 12928
192.168.10.56 - - [12/Mar/2018:11:17:43 -0300] "POST /cormun/servlet/solicitudgral?gx-no-cache=1520864100813 HTTP/1.1" 200 3909
192.168.10.56 - - [12/Mar/2018:11:17:44 -0300] "GET /cormun/servlet/solicitudgral?34126cd21a229b02da29e1df61f0368983cb8b60190f3af8c260cb3b200f233a556d671f425ab89f75573d4ca145d257cad79e396204d5eaab231ee24396521afddb2b4271504d4717fc81db489ce64db86b361e4fd7f8c214fd108763966053190c155b686d7948bdded053071acbd3f6ec9026b793784437c8fc98684a9ed6b4ce51e336bbcef54f6219d1c0cefd1c38ea233836a743b14c0e2ff92dcbb6403dc2233bff977d2cd47493fae9773720fb65c09bae4ffcba906ecd438aad32223bc30c0bcf6122ac90897a8d3807b95c1a3bc9d59aaf79f0cfb1d0d47c52bde29b642ede83edf6dfe70581c8333dbf7fa098b2187c2518e69837cf733a8a123f929cd9291aeb77b5c55a11b2dc69c7521d7956df8e3946d2f4205555242a303d142ffe1d46cea5ef0338727b1fef7aa2e7f3fd4475290ff793c7be03efd6ae5df33385ba598e872c5e945f8397434eeb,gx-no-cache=1520864100940 HTTP/1.1" 200 240
186.79.174.79 - - [12/Mar/2018:11:17:44 -0300] "POST /cormun/servlet/solicitudotadjuntos?ac8374464e58595bbaac2b5b82c321b5,INS,2018,10401,,1, HTTP/1.1" 200 116
186.79.174.79 - - [12/Mar/2018:11:17:44 -0300] "GET /cormun/servlet/hpexe_return? HTTP/1.1" 200 1028
186.79.174.79 - - [12/Mar/2018:11:17:45 -0300] "GET /cormun/servlet/trsolicitudadjuntos?2018,10401, HTTP/1.1" 200 9266
192.168.10.56 - - [12/Mar/2018:11:17:45 -0300] "GET /cormun/servlet/solicitudgral?34126cd21a229b02da29e1df61f03689f321b5b3eead43d658b7af98b918f5702fc9971d3d48dd4ba0f5d50d430f3098a2dc4371675a0b33ceee8422866cc51daa8fdb5053cd64734cc1681a231d71cc23ff07914730dbe1594d894b613abcf81dc6dc34fd0c8d19f3b2d05ab6ff8b58cb6f786c296eaa4eeb296e1f4f1d544b63dbbc20bb3cc406fb195f0e003320658bdf14e6727b843de313e5e5ccde7af51a7c2dd155d52558ae11f582de5f10ceeba9524e299ba9acee21242a83a93e6723a26f7bc99e2a52245b74df2a745cdfb5177d39f8b3def429ccbd14159fb3512517138f475e18f6f87857b96922fb34381ac5a96e55e8d2d18cad1ef2401902842ce006a514c1046eff454c091031e6d939177bd154d001c13acd8c3c8a8a84502529db06c3c2d0ee58bfddb8f882610940c44329b2fcada23cc2bcee428074b62755ccfd945bce4458bd3f42a066fb4cb61712e70baf88f81eccd1f1500bd4a03c7e4c8769555b5b8f5ecb03768e96019ebd92875061137e92e5cef7c40efafe5089c598b71985743e2e0d6ef726a0303f9028b544c14c161b475cc9bbfd6da3b5c41692ebb04f15f677a456d85c8b,gx-no-cache=1520864102224 HTTP/1.1" 200 48
192.168.10.56 - - [12/Mar/2018:11:17:45 -0300] "POST /cormun/servlet/solicitudgral?15985d5a665fc0e81c8abca4797067c8,UPD,2018,9940,,gx-no-cache=1520864102257 HTTP/1.1" 200 11792
192.168.10.56 - - [12/Mar/2018:11:17:45 -0300] "GET /cormun/servlet/solicitudgral?34126cd21a229b02da29e1df61f036895c9b0787ac35d0772f06be884ce8a3b4092dc281d6be4c36d40482ddb8fee3868ea98bf0d6f4f4acd580d0c1dfe80e6b80bfc1766c85726ccdd60630235babceaf10dcfe6295d32a71b71c6ac43fbddb95d2877e7b7bd9f9bb2db83740d17cd5f1f00d9718f4c34dffbc727258bcdb3fa881a29f06b0db1460be2b9c048b356c38cd4c58c19bd8d6494bfe74ccc4352696283d117cf79a0d6b31d13e55972b058fd1ec1a49567c2949cffa673650677efee5a77dedae592d513a13e0727d10a2,gx-no-cache=1520864102430 HTTP/1.1" 200 29
192.168.10.56 - - [12/Mar/2018:11:17:45 -0300] "POST /cormun/servlet/solicitudgral?gx-no-cache=1520864102445 HTTP/1.1" 200 1297
192.168.10.56 - - [12/Mar/2018:11:17:45 -0300] "POST /cormun/servlet/solicitudgral?gx-no-cache=1520864102470 HTTP/1.1" 200 1219
186.79.174.79 - - [12/Mar/2018:11:17:46 -0300] "GET /cormun/servlet/trsolicitudadjuntos?2018,10401, HTTP/1.1" 200 9267
192.168.10.56 - - [12/Mar/2018:11:17:46 -0300] "GET /cormun/static/menuarrow.gif HTTP/1.1" 404 1015
186.103.159.204 - - [12/Mar/2018:11:17:47 -0300] "GET /cormun/servlet/trcontratoobservaciondir? HTTP/1.1" 200 13963
186.103.159.204 - - [12/Mar/2018:11:17:47 -0300] "GET /cormun/static/gxcfg.js?20175251262281 HTTP/1.1" 200 953
186.103.159.204 - - [12/Mar/2018:11:17:47 -0300] "GET /cormun/static/trcontratoobservaciondir.js?20175251262715 HTTP/1.1" 200 27185
186.103.159.204 - - [12/Mar/2018:11:17:47 -0300] "GET /cormun/servlet/trcontratoobservaciondir? HTTP/1.1" 200 13963
186.103.156.24 - - [12/Mar/2018:11:17:50 -0300] "POST /cormun/servlet/hlogin?78b1b1b7d96bca228a2cac746db5092e,gx-no-cache=1520864220846 HTTP/1.1" 200 442
192.168.10.56 - - [12/Mar/2018:11:17:50 -0300] "POST /cormun/servlet/solicitudgral?15985d5a665fc0e81c8abca4797067c8,UPD,2018,9940,,gx-no-cache=1520864107541 HTTP/1.1" 200 93
192.168.10.56 - - [12/Mar/2018:11:17:50 -0300] "GET /cormun/servlet/hpexe_return? HTTP/1.1" 200 1008
192.168.10.56 - - [12/Mar/2018:11:17:51 -0300] "GET /cormun/servlet/trsolicitudgral? HTTP/1.1" 200 15652
192.168.10.56 - - [12/Mar/2018:11:17:51 -0300] "GET /cormun/servlet/trsolicitudgral? HTTP/1.1" 200 15647
186.103.159.182 - - [12/Mar/2018:11:17:51 -0300] "POST /cormun/servlet/prfichaempleado?b410a89f6ae6784b342387fb9f4bb2cb,,MD,,gxPopupLevel%3D0%3B,gx-no-cache=1520864164561 HTTP/1.1" 200 3419
186.79.174.79 - - [12/Mar/2018:11:17:58 -0300] "GET /cormun/servlet/solicitudotadjuntos?INS,2018,10401,,1, HTTP/1.1" 200 5974
186.103.156.24 - - [12/Mar/2018:11:17:58 -0300] "POST /cormun/servlet/hlogin?78b1b1b7d96bca228a2cac746db5092e,gx-no-cache=1520864228594 HTTP/1.1" 200 90
186.103.156.24 - - [12/Mar/2018:11:17:58 -0300] "GET /cormun/servlet/hpexe_link HTTP/1.1" 200 945
186.103.156.24 - - [12/Mar/2018:11:17:58 -0300] "GET /cormun/static/gxcfg.js?20177612121792 HTTP/1.1" 304 -
186.103.156.24 - - [12/Mar/2018:11:17:58 -0300] "GET /cormun/servlet/hhome HTTP/1.1" 200 4228
186.79.174.79 - - [12/Mar/2018:11:17:58 -0300] "GET /cormun/static/about:blank HTTP/1.1" 404 1011
186.103.156.24 - - [12/Mar/2018:11:17:58 -0300] "GET /cormun/static/gxcfg.js?20175251212442 HTTP/1.1" 304 -
186.79.174.79 - - [12/Mar/2018:11:17:59 -0300] "GET /cormun/servlet/solicitudotadjuntos?INS,2018,10401,,1, HTTP/1.1" 200 5967
186.103.156.24 - - [12/Mar/2018:11:17:59 -0300] "GET /cormun/servlet/hhome HTTP/1.1" 200 4224
186.103.159.182 - - [12/Mar/2018:11:17:59 -0300] "POST /cormun/servlet/solicitudot?gx-no-cache=1520864172008 HTTP/1.1" 200 3394
192.168.10.56 - - [12/Mar/2018:11:17:59 -0300] "GET /cormun/servlet/solicitudgral?UPD,2018,8698, HTTP/1.1" 200 12931
186.79.174.79 - - [12/Mar/2018:11:17:59 -0300] "GET /cormun/servlet/solicitudotadjuntos?e0bf444c4c6f9e1c18028bd9f253256c41886b3596ec852642641f2c7d0764a6baa64f12cfdc6d571e0d447c49db0f76,gx-no-cache=1520864229840 HTTP/1.1" 200 30
192.168.10.56 - - [12/Mar/2018:11:17:59 -0300] "GET /cormun/servlet/solicitudgral?UPD,2018,8698, HTTP/1.1" 200 12941
186.103.159.182 - - [12/Mar/2018:11:17:59 -0300] "POST /cormun/servlet/solicitudot?b410a89f6ae6784b342387fb9f4bb2cb,INS,0,0,,gx-no-cache=1520864172865 HTTP/1.1" 200 10577
186.79.174.79 - - [12/Mar/2018:11:17:59 -0300] "POST /cormun/servlet/solicitudotadjuntos?ac8374464e58595bbaac2b5b82c321b5,INS,2018,10401,,1,,gx-no-cache=1520864230005 HTTP/1.1" 200 3796
192.168.10.56 - - [12/Mar/2018:11:18:00 -0300] "POST /cormun/servlet/solicitudgral?gx-no-cache=1520864116966 HTTP/1.1" 200 3903
186.103.159.182 - - [12/Mar/2018:11:18:00 -0300] "GET /cormun/servlet/solicitudot?50ed9815c5c86efd6b2574dfc1860c6943623ace0bd5b6e12f2ca1f3cedaf26a502a2563db4b38d29f1f090971d90022,gx-no-cache=1520864173531 HTTP/1.1" 200 30
192.168.10.56 - - [12/Mar/2018:11:18:00 -0300] "GET /cormun/servlet/solicitudgral?34126cd21a229b02da29e1df61f0368983cb8b60190f3af8c260cb3b200f233a556d671f425ab89f75573d4ca145d257cad79e396204d5eaab231ee24396521afddb2b4271504d4717fc81db489ce64db86b361e4fd7f8c214fd108763966053190c155b686d7948bdded053071acbd3f6ec9026b793784437c8fc98684a9ed6b4ce51e336bbcef54f6219d1c0cefd1c38ea233836a743b14c0e2ff92dcbb6403dc2233bff977d2cd47493fae9773720fb65c09bae4ffcba906ecd438aad32223bc30c0bcf6122ac90897a8d3807b95c1a3bc9d59aaf79f0cfb1d0d47c52bde29b642ede83edf6dfe70581c8333dbf7fa098b2187c2518e69837cf733a8a123f929cd9291aeb77b5c55a11b2dc69c7521d7956df8e3946d2f4205555242a303d142ffe1d46cea5ef0338727b1fef7aa2e7f3fd4475290ff793c7be03efd6ae5df33385ba598e872c5e945f8397434eeb,gx-no-cache=1520864117101 HTTP/1.1" 200 240
192.168.10.56 - - [12/Mar/2018:11:18:01 -0300] "GET /cormun/servlet/solicitudgral?34126cd21a229b02da29e1df61f03689f321b5b3eead43d658b7af98b918f5702fc9971d3d48dd4ba0f5d50d430f3098a2dc4371675a0b33ceee8422866cc51daa8fdb5053cd64734cc1681a231d71cc23ff07914730dbe1594d894b613abcf81dc6dc34fd0c8d19f3b2d05ab6ff8b58cb6f786c296eaa4eeb296e1f4f1d544b63dbbc20bb3cc406fb195f0e003320658bdf14e6727b843de313e5e5ccde7af51a7c2dd155d52558ae11f582de5f10ceeba9524e299ba9acee21242a83a93e6723a26f7bc99e2a52245b74df2a745cdfb5177d39f8b3def429ccbd14159fb3512517138f475e18f6f87857b96922fb34381ac5a96e55e8d2d18cad1ef2401902842ce006a514c1046eff454c091031e6d939177bd154d001c13acd8c3c8a8a84502529db06c3c2d0ee58bfddb8f882610940c44329b2fcada23cc2bcee428074b62755ccfd945bce4458bd3f42a066fb4cb61712e70baf88f81eccd1f1500bd4a03c7e4c8769555b5b8f5ecb03768e96019ebd92875061137e92e5cef7c40efafe5089c598b71985743e2e0d6ef726a0303f9028b544c14c161b475cc9bbfd6da3b5c41692ebb04f15f677a456d85c8b,gx-no-cache=1520864117909 HTTP/1.1" 200 48
192.168.10.56 - - [12/Mar/2018:11:18:01 -0300] "POST /cormun/servlet/solicitudgral?15985d5a665fc0e81c8abca4797067c8,UPD,2018,8698,,gx-no-cache=1520864117926 HTTP/1.1" 200 11810
192.168.10.56 - - [12/Mar/2018:11:18:01 -0300] "GET /cormun/servlet/solicitudgral?34126cd21a229b02da29e1df61f036895c9b0787ac35d0772f06be884ce8a3b4092dc281d6be4c36d40482ddb8fee3868ea98bf0d6f4f4acd580d0c1dfe80e6b80bfc1766c85726ccdd60630235babceaf10dcfe6295d32a71b71c6ac43fbddb95d2877e7b7bd9f9bb2db83740d17cd5f1f00d9718f4c34dffbc727258bcdb3fa881a29f06b0db1460be2b9c048b356c38cd4c58c19bd8d6494bfe74ccc4352696283d117cf79a0d6b31d13e55972b058fd1ec1a49567c2949cffa673650677efee5a77dedae592d513a13e0727d10a2,gx-no-cache=1520864118165 HTTP/1.1" 200 29
192.168.10.56 - - [12/Mar/2018:11:18:01 -0300] "POST /cormun/servlet/solicitudgral?gx-no-cache=1520864118180 HTTP/1.1" 200 1297
192.168.10.56 - - [12/Mar/2018:11:18:01 -0300] "POST /cormun/servlet/solicitudgral?gx-no-cache=1520864118209 HTTP/1.1" 200 1219
192.168.10.56 - - [12/Mar/2018:11:18:01 -0300] "GET /cormun/static/menuarrow.gif HTTP/1.1" 404 1015
192.168.10.56 - - [12/Mar/2018:11:18:03 -0300] "GET /cormun/servlet/solicitudgral?34126cd21a229b02da29e1df61f03689f321b5b3eead43d658b7af98b918f5702fc9971d3d48dd4ba0f5d50d430f3098a2dc4371675a0b33ceee8422866cc51daa8fdb5053cd64734cc1681a231d71cc23ff07914730dbe1594d894b613abcf81dc6dc34fd0c8d19f3b2d05ab6ff8b58cb6f786c296eaa4eeb296e1f4f1d544b63dbbc20bb3cc406fb195f0e003320658bdf14e6727b843de313e5e5ccde7af51a7c2dd155d52558ae11f582de5f10ceeba9524e299ba9acee21242a83a93e6723a26f7bc99e2a52245b74df2a745cdfb5177d39f8b3def429ccbd14159fb3512517138f475e18f6f87857b96922fb34381ac5a96e55e8d2d18cad1ef2401902842ce006a514c1046eff454c091031e6d939177bd154d001c13acd8c3c8a8a84502529db06c3c2d0ee58bfddb8f882610940c44329b2fcada23cc2bcee428074b62755ccfd945bce4458bd3f42a066fb4cb61712e70baf88f81eccd1f1500bd4a03c7e4c8769555b5b8f5ecb03768e96019ebd92875061137e92e5cef7c40efafe5089c598b71985743e2e0d6ef726a0303f9028b544c14c161b475cc9bbfd6d4f6b8829519d27d8dd9879d92878a19434d0d1dd437c0caf45bddd3d5aac21ee,gx-no-cache=1520864119914 HTTP/1.1" 200 48
192.168.10.56 - - [12/Mar/2018:11:18:03 -0300] "POST /cormun/servlet/solicitudgral?gx-no-cache=1520864119940 HTTP/1.1" 200 1297
192.168.10.56 - - [12/Mar/2018:11:18:03 -0300] "POST /cormun/servlet/solicitudgral?gx-no-cache=1520864119976 HTTP/1.1" 200 1219
186.79.174.79 - - [12/Mar/2018:11:18:04 -0300] "POST /cormun/servlet/solicitudotadjuntos?gx-no-cache=1520864233377 HTTP/1.1" 200 26
186.103.156.24 - - [12/Mar/2018:11:18:04 -0300] "GET /cormun/servlet/trcontratosolicitud? HTTP/1.1" 200 14827
186.103.156.24 - - [12/Mar/2018:11:18:04 -0300] "GET /cormun/static/gxcfg.js?20177612214014 HTTP/1.1" 304 -
186.103.156.24 - - [12/Mar/2018:11:18:05 -0300] "GET /cormun/servlet/trcontratosolicitud? HTTP/1.1" 200 14827
186.103.159.182 - - [12/Mar/2018:11:18:05 -0300] "GET /cormun/servlet/solicitudot?50ed9815c5c86efd6b2574dfc1860c696dee1c7be38549361f3a03bba939119a867f4c4d6026a5437ef92ea53bc077b91eab3436c4e2428fbd4f75e3cb9e1534,gx-no-cache=1520864178840 HTTP/1.1" 200 30
186.103.159.182 - - [12/Mar/2018:11:18:06 -0300] "GET /cormun/servlet/solicitudot?50ed9815c5c86efd6b2574dfc1860c69ac1db715688e26f536345f20dcb10c94,gx-no-cache=1520864178959 HTTP/1.1" 200 53
192.168.10.56 - - [12/Mar/2018:11:18:06 -0300] "POST /cormun/servlet/solicitudgral?15985d5a665fc0e81c8abca4797067c8,UPD,2018,8698,,gx-no-cache=1520864122886 HTTP/1.1" 200 93
192.168.10.56 - - [12/Mar/2018:11:18:06 -0300] "GET /cormun/servlet/hpexe_return? HTTP/1.1" 200 1008
192.168.10.56 - - [12/Mar/2018:11:18:06 -0300] "GET /cormun/servlet/trsolicitudgral HTTP/1.1" 200 15647
186.103.159.182 - - [12/Mar/2018:11:18:06 -0300] "POST /cormun/servlet/solicitudot?gx-no-cache=1520864179499 HTTP/1.1" 200 255
192.168.10.56 - - [12/Mar/2018:11:18:06 -0300] "GET /cormun/servlet/trsolicitudgral HTTP/1.1" 200 15642
186.103.159.182 - - [12/Mar/2018:11:18:06 -0300] "GET /cormun/servlet/solicitudot?50ed9815c5c86efd6b2574dfc1860c69241d643f7e2578ddf0bd2025777547d28b5fc1704fd0baa7fa9ce441d8dc2bd0168253c07ed68561a19de5fb845132e030189dc2c7db18b0407f1a667adc36f20af1354b9782afceb129ab6a1d089c1cebb84fa895fede5a4b0965a348124ec7821c90eacd6d6efc2878ff454b57077a4dbbcfe16215865b82a4a3a4a752cbb0bd542b6623a31b1dca30a41bec2ce1784550f62ced3d07e4054870063b0d10881822ce17f266341b4d18425e99f5023583f5a03c4aa359bbf2fccc6936ec4f45046a4fda944cf3e4cd2f4340f35d6937a10e0b72155280d2f960b7c27aaa7ef5887e716c0f937dde8081a3c0426c4ccea735e724ce95113ea1cca125cf317198ec8bfbcc06a74e59441dfb84eefe9d1aa28dd68ba623b8fae03814c789ea0e1da8e6390cdbb7335b2ebd938b8ac0ab140684efbee816a0332a5db338da6c8830d1c843d2c2a2700b1f9f679509ebb44137daa53535a851125136fc35299057a92793407d1db647dbf5f3c74f7426e637,gx-no-cache=1520864180129 HTTP/1.1" 200 30
186.79.174.79 - - [12/Mar/2018:11:18:08 -0300] "GET /cormun/servlet/solicitudotadjuntos?e0bf444c4c6f9e1c18028bd9f253256c629823cbf1183e4e1b7ea72bde22b422,gx-no-cache=1520864238755 HTTP/1.1" 200 30
186.79.174.79 - - [12/Mar/2018:11:18:08 -0300] "GET /cormun/servlet/solicitudotadjuntos?e0bf444c4c6f9e1c18028bd9f253256c629823cbf1183e4e1b7ea72bde22b422,gx-no-cache=1520864238928 HTTP/1.1" 200 30
186.103.159.182 - - [12/Mar/2018:11:18:09 -0300] "POST /cormun/servlet/solicitudot?gx-no-cache=1520864182659 HTTP/1.1" 200 30
192.168.10.56 - - [12/Mar/2018:11:18:14 -0300] "GET /cormun/servlet/solicitudgral?UPD,2018,8405, HTTP/1.1" 200 12763
192.168.10.56 - - [12/Mar/2018:11:18:14 -0300] "GET /cormun/servlet/solicitudgral?UPD,2018,8405, HTTP/1.1" 200 12770
192.168.10.56 - - [12/Mar/2018:11:18:14 -0300] "POST /cormun/servlet/solicitudgral?gx-no-cache=1520864131691 HTTP/1.1" 200 3895
192.168.10.56 - - [12/Mar/2018:11:18:14 -0300] "GET /cormun/servlet/solicitudgral?34126cd21a229b02da29e1df61f0368983cb8b60190f3af8c260cb3b200f233a6d1172bcb6b9bd1ae94b7e0a2997b5eacad79e396204d5eaab231ee24396521afddb2b4271504d4717fc81db489ce64db86b361e4fd7f8c214fd108763966053190c155b686d7948bdded053071acbd3f6ec9026b793784437c8fc98684a9ed6b4ce51e336bbcef54f6219d1c0cefd1c38ea233836a743b14c0e2ff92dcbb6403dc2233bff977d2cd47493fae9773720fb65c09bae4ffcba906ecd438aad32223bc30c0bcf6122ac90897a8d3807b95c1a3bc9d59aaf79f0cfb1d0d47c52bde29b642ede83edf6dfe70581c8333dbf7fa098b2187c2518e69837cf733a8a123f929cd9291aeb77b5c55a11b2dc69c7521d7956df8e3946d2f4205555242a303d142ffe1d46cea5ef0338727b1fef7aa2e7f3fd4475290ff793c7be03efd6ae5df33385ba598e872c5e945f8397434eeb,gx-no-cache=1520864131821 HTTP/1.1" 200 255
192.168.10.56 - - [12/Mar/2018:11:18:15 -0300] "GET /cormun/servlet/solicitudgral?34126cd21a229b02da29e1df61f03689f321b5b3eead43d658b7af98b918f5702fc9971d3d48dd4ba0f5d50d430f3098a2dc4371675a0b33ceee8422866cc51daa8fdb5053cd64734cc1681a231d71cc23ff07914730dbe1594d894b613abcf81dc6dc34fd0c8d19f3b2d05ab6ff8b58cb6f786c296eaa4eeb296e1f4f1d544b63dbbc20bb3cc406fb195f0e003320658bdf14e6727b843de313e5e5ccde7af51a7c2dd155d52558ae11f582de5f10ceeba9524e299ba9acee21242a83a93e6723a26f7bc99e2a52245b74df2a745cdfb5177d39f8b3def429ccbd14159fb3512517138f475e18f6f87857b96922fb34381ac5a96e55e8d2d18cad1ef2401902842ce006a514c1046eff454c091031e6d939177bd154d001c13acd8c3c8a8a84502529db06c3c2d0ee58bfddb8f882610940c44329b2fcada23cc2bcee428074b62755ccfd945bce4458bd3f42a066fb4cb61712e70baf88f81eccd1f1500bd4a03c7e4c8769555b5b8f5ecb03768e96019ebd92875061137e92e5cef7c40efafe5089c598b71985743e2e0d6ef726a0303f9028b544c14c161b475cc9bbfd6da3b5c41692ebb04f15f677a456d85c8b,gx-no-cache=1520864132725 HTTP/1.1" 200 48
192.168.10.56 - - [12/Mar/2018:11:18:15 -0300] "POST /cormun/servlet/solicitudgral?15985d5a665fc0e81c8abca4797067c8,UPD,2018,8405,,gx-no-cache=1520864132742 HTTP/1.1" 200 11789
192.168.10.56 - - [12/Mar/2018:11:18:16 -0300] "GET /cormun/servlet/solicitudgral?34126cd21a229b02da29e1df61f036895c9b0787ac35d0772f06be884ce8a3b4092dc281d6be4c36d40482ddb8fee3868ea98bf0d6f4f4acd580d0c1dfe80e6b80bfc1766c85726ccdd60630235babceaf10dcfe6295d32a71b71c6ac43fbddb95d2877e7b7bd9f9bb2db83740d17cd5f1f00d9718f4c34dffbc727258bcdb3fa881a29f06b0db1460be2b9c048b356c38cd4c58c19bd8d6494bfe74ccc4352696283d117cf79a0d6b31d13e55972b058fd1ec1a49567c2949cffa673650677efee5a77dedae592d513a13e0727d10a2,gx-no-cache=1520864132908 HTTP/1.1" 200 29
186.79.174.79 - - [12/Mar/2018:11:18:16 -0300] "POST /cormun/servlet/solicitudotadjuntos?ac8374464e58595bbaac2b5b82c321b5,INS,2018,10401,,1, HTTP/1.1" 200 116
192.168.10.56 - - [12/Mar/2018:11:18:16 -0300] "POST /cormun/servlet/solicitudgral?gx-no-cache=1520864132926 HTTP/1.1" 200 1297
192.168.10.56 - - [12/Mar/2018:11:18:16 -0300] "POST /cormun/servlet/solicitudgral?gx-no-cache=1520864132961 HTTP/1.1" 200 1219
192.168.10.56 - - [12/Mar/2018:11:18:16 -0300] "GET /cormun/static/menuarrow.gif HTTP/1.1" 404 1015
186.79.174.79 - - [12/Mar/2018:11:18:16 -0300] "GET /cormun/servlet/hpexe_return? HTTP/1.1" 200 1028
186.103.159.182 - - [12/Mar/2018:11:18:17 -0300] "POST /cormun/servlet/solicitudot?gx-no-cache=1520864190182 HTTP/1.1" 200 1337
186.79.174.79 - - [12/Mar/2018:11:18:17 -0300] "GET /cormun/servlet/trsolicitudadjuntos?2018,10401, HTTP/1.1" 200 9503
192.168.10.56 - - [12/Mar/2018:11:18:17 -0300] "GET /cormun/servlet/solicitudgral?34126cd21a229b02da29e1df61f03689f321b5b3eead43d658b7af98b918f5702fc9971d3d48dd4ba0f5d50d430f3098a2dc4371675a0b33ceee8422866cc51daa8fdb5053cd64734cc1681a231d71cc23ff07914730dbe1594d894b613abcf81dc6dc34fd0c8d19f3b2d05ab6ff8b58cb6f786c296eaa4eeb296e1f4f1d544b63dbbc20bb3cc406fb195f0e003320658bdf14e6727b843de313e5e5ccde7af51a7c2dd155d52558ae11f582de5f10ceeba9524e299ba9acee21242a83a93e6723a26f7bc99e2a52245b74df2a745cdfb5177d39f8b3def429ccbd14159fb3512517138f475e18f6f87857b96922fb34381ac5a96e55e8d2d18cad1ef2401902842ce006a514c1046eff454c091031e6d939177bd154d001c13acd8c3c8a8a84502529db06c3c2d0ee58bfddb8f882610940c44329b2fcada23cc2bcee428074b62755ccfd945bce4458bd3f42a066fb4cb61712e70baf88f81eccd1f1500bd4a03c7e4c8769555b5b8f5ecb03768e96019ebd92875061137e92e5cef7c40efafe5089c598b71985743e2e0d6ef726a0303f9028b544c14c161b475cc9bbfd6d4f6b8829519d27d8dd9879d92878a19434d0d1dd437c0caf45bddd3d5aac21ee,gx-no-cache=1520864134178 HTTP/1.1" 200 48
186.103.158.250 - - [12/Mar/2018:11:18:17 -0300] "GET /cormun/servlet/licenciaspermisos?DSP,17136773,L,20180312000000, HTTP/1.1" 200 7121
192.168.10.56 - - [12/Mar/2018:11:18:17 -0300] "POST /cormun/servlet/solicitudgral?gx-no-cache=1520864134205 HTTP/1.1" 200 1297
186.103.159.182 - - [12/Mar/2018:11:18:17 -0300] "POST /cormun/servlet/solicitudot?gx-no-cache=1520864190693 HTTP/1.1" 200 38
192.168.10.56 - - [12/Mar/2018:11:18:17 -0300] "POST /cormun/servlet/solicitudgral?gx-no-cache=1520864134250 HTTP/1.1" 200 1219
186.79.174.79 - - [12/Mar/2018:11:18:18 -0300] "GET /cormun/servlet/trsolicitudadjuntos?2018,10401, HTTP/1.1" 200 9505
186.103.158.250 - - [12/Mar/2018:11:18:18 -0300] "GET /cormun/servlet/licenciaspermisos?DSP,17136773,L,20180312000000, HTTP/1.1" 200 7121
192.168.10.56 - - [12/Mar/2018:11:18:18 -0300] "POST /cormun/servlet/solicitudgral?15985d5a665fc0e81c8abca4797067c8,UPD,2018,8405,,gx-no-cache=1520864135597 HTTP/1.1" 200 93
192.168.10.56 - - [12/Mar/2018:11:18:18 -0300] "GET /cormun/servlet/hpexe_return? HTTP/1.1" 200 1008
192.168.10.56 - - [12/Mar/2018:11:18:19 -0300] "GET /cormun/servlet/trsolicitudgral HTTP/1.1" 200 15653
192.168.10.56 - - [12/Mar/2018:11:18:19 -0300] "GET /cormun/servlet/trsolicitudgral HTTP/1.1" 200 15648
192.168.10.56 - - [12/Mar/2018:11:18:24 -0300] "GET /cormun/servlet/solicitudgral?UPD,2018,8400, HTTP/1.1" 200 12803
192.168.10.56 - - [12/Mar/2018:11:18:24 -0300] "GET /cormun/servlet/solicitudgral?UPD,2018,8400, HTTP/1.1" 200 12812
192.168.10.56 - - [12/Mar/2018:11:18:25 -0300] "POST /cormun/servlet/solicitudgral?gx-no-cache=1520864141839 HTTP/1.1" 200 3907
192.168.10.56 - - [12/Mar/2018:11:18:25 -0300] "GET /cormun/servlet/solicitudgral?34126cd21a229b02da29e1df61f0368983cb8b60190f3af8c260cb3b200f233a6d1172bcb6b9bd1ae94b7e0a2997b5eacad79e396204d5eaab231ee24396521afddb2b4271504d4717fc81db489ce64db86b361e4fd7f8c214fd108763966053190c155b686d7948bdded053071acbd3f6ec9026b793784437c8fc98684a9ed6b4ce51e336bbcef54f6219d1c0cefd1c38ea233836a743b14c0e2ff92dcbb6403dc2233bff977d2cd47493fae9773720fb65c09bae4ffcba906ecd438aad32223bc30c0bcf6122ac90897a8d3807b95c1a3bc9d59aaf79f0cfb1d0d47c52bde29b642ede83edf6dfe70581c8333dbf7fa098b2187c2518e69837cf733a8a123f929cd9291aeb77b5c55a11b2dc69c7521d7956df8e3946d2f4205555242a303d142ffe1d46cea5ef0338727b1fef7aa2e7f3fd4475290ff793c7be03efd6ae5df33385ba598e872c5e945f8397434eeb,gx-no-cache=1520864141973 HTTP/1.1" 200 255
192.168.10.56 - - [12/Mar/2018:11:18:25 -0300] "GET /cormun/servlet/solicitudgral?34126cd21a229b02da29e1df61f03689f321b5b3eead43d658b7af98b918f5702fc9971d3d48dd4ba0f5d50d430f3098a2dc4371675a0b33ceee8422866cc51daa8fdb5053cd64734cc1681a231d71cc23ff07914730dbe1594d894b613abcf81dc6dc34fd0c8d19f3b2d05ab6ff8b58cb6f786c296eaa4eeb296e1f4f1d544b63dbbc20bb3cc406fb195f0e003320658bdf14e6727b843de313e5e5ccde7af51a7c2dd155d52558ae11f582de5f10ceeba9524e299ba9acee21242a83a93e6723a26f7bc99e2a52245b74df2a745cdfb5177d39f8b3def429ccbd14159fb3512517138f475e18f6f87857b96922fb34381ac5a96e55e8d2d18cad1ef2401902842ce006a514c1046eff454c091031e6d939177bd154d001c13acd8c3c8a8a84502529db06c3c2d0ee58bfddb8f882610940c44329b2fcada23cc2bcee428074b62755ccfd945bce4458bd3f42a066fb4cb61712e70baf88f81eccd1f1500bd4a03c7e4c8769555b5b8f5ecb03768e96019ebd92875061137e92e5cef7c40efafe5089c598b71985743e2e0d6ef726a0303f9028b544c14c161b475cc9bbfd6da3b5c41692ebb04f15f677a456d85c8b,gx-no-cache=1520864142781 HTTP/1.1" 200 48
192.168.10.56 - - [12/Mar/2018:11:18:25 -0300] "POST /cormun/servlet/solicitudgral?15985d5a665fc0e81c8abca4797067c8,UPD,2018,8400,,gx-no-cache=1520864142798 HTTP/1.1" 200 11828
192.168.10.56 - - [12/Mar/2018:11:18:26 -0300] "GET /cormun/servlet/solicitudgral?34126cd21a229b02da29e1df61f036895c9b0787ac35d0772f06be884ce8a3b4092dc281d6be4c36d40482ddb8fee3868ea98bf0d6f4f4acd580d0c1dfe80e6b80bfc1766c85726ccdd60630235babceaf10dcfe6295d32a71b71c6ac43fbddb95d2877e7b7bd9f9bb2db83740d17cd5f1f00d9718f4c34dffbc727258bcdb3fa881a29f06b0db1460be2b9c048b356c38cd4c58c19bd8d6494bfe74ccc4352696283d117cf79a0d6b31d13e55972b058fd1ec1a49567c2949cffa673650677efee5a77dedae592d513a13e0727d10a2,gx-no-cache=1520864142972 HTTP/1.1" 200 29
192.168.10.56 - - [12/Mar/2018:11:18:26 -0300] "POST /cormun/servlet/solicitudgral?gx-no-cache=1520864142986 HTTP/1.1" 200 1297
192.168.10.56 - - [12/Mar/2018:11:18:26 -0300] "POST /cormun/servlet/solicitudgral?gx-no-cache=1520864143013 HTTP/1.1" 200 1219
192.168.10.56 - - [12/Mar/2018:11:18:26 -0300] "GET /cormun/static/menuarrow.gif HTTP/1.1" 404 1015
186.103.158.250 - - [12/Mar/2018:11:18:26 -0300] "POST /cormun/servlet/licenciaspermisos?ee40f8af1f2b7d9eabbc0a382105e6b7,DSP,17136773,L,20180312000000,,gx-no-cache=1520864063963 HTTP/1.1" 200 93
186.103.158.250 - - [12/Mar/2018:11:18:26 -0300] "GET /cormun/servlet/hpexe_return? HTTP/1.1" 200 1031
186.103.158.250 - - [12/Mar/2018:11:18:26 -0300] "GET /cormun/servlet/trlicencias HTTP/1.1" 200 9140
186.79.174.79 - - [12/Mar/2018:11:18:26 -0300] "GET /cormun/servlet/solicitudotadjuntos?INS,2018,10401,,1, HTTP/1.1" 200 5974
192.168.10.56 - - [12/Mar/2018:11:18:27 -0300] "GET /cormun/servlet/solicitudgral?34126cd21a229b02da29e1df61f03689f321b5b3eead43d658b7af98b918f5702fc9971d3d48dd4ba0f5d50d430f3098a2dc4371675a0b33ceee8422866cc51daa8fdb5053cd64734cc1681a231d71cc23ff07914730dbe1594d894b613abcf81dc6dc34fd0c8d19f3b2d05ab6ff8b58cb6f786c296eaa4eeb296e1f4f1d544b63dbbc20bb3cc406fb195f0e003320658bdf14e6727b843de313e5e5ccde7af51a7c2dd155d52558ae11f582de5f10ceeba9524e299ba9acee21242a83a93e6723a26f7bc99e2a52245b74df2a745cdfb5177d39f8b3def429ccbd14159fb3512517138f475e18f6f87857b96922fb34381ac5a96e55e8d2d18cad1ef2401902842ce006a514c1046eff454c091031e6d939177bd154d001c13acd8c3c8a8a84502529db06c3c2d0ee58bfddb8f882610940c44329b2fcada23cc2bcee428074b62755ccfd945bce4458bd3f42a066fb4cb61712e70baf88f81eccd1f1500bd4a03c7e4c8769555b5b8f5ecb03768e96019ebd92875061137e92e5cef7c40efafe5089c598b71985743e2e0d6ef726a0303f9028b544c14c161b475cc9bbfd6d4f6b8829519d27d8dd9879d92878a19434d0d1dd437c0caf45bddd3d5aac21ee,gx-no-cache=1520864144115 HTTP/1.1" 200 48
192.168.10.56 - - [12/Mar/2018:11:18:27 -0300] "POST /cormun/servlet/solicitudgral?gx-no-cache=1520864144139 HTTP/1.1" 200 1297
192.168.10.56 - - [12/Mar/2018:11:18:27 -0300] "POST /cormun/servlet/solicitudgral?gx-no-cache=1520864144175 HTTP/1.1" 200 1219
190.100.93.40 - - [12/Mar/2018:11:18:27 -0300] "GET /cormun/servlet/hlogin HTTP/1.1" 200 1721
186.79.174.79 - - [12/Mar/2018:11:18:27 -0300] "GET /cormun/static/about:blank HTTP/1.1" 404 1011
190.100.93.40 - - [12/Mar/2018:11:18:27 -0300] "GET /cormun/static/gxtimezone.js?85251 HTTP/1.1" 304 -
190.100.93.40 - - [12/Mar/2018:11:18:27 -0300] "GET /cormun/static/gxcfg.js?20175251213516 HTTP/1.1" 304 -
186.79.174.79 - - [12/Mar/2018:11:18:27 -0300] "GET /cormun/servlet/solicitudotadjuntos?INS,2018,10401,,1, HTTP/1.1" 200 5967
190.100.93.40 - - [12/Mar/2018:11:18:27 -0300] "GET /cormun/static/messages.spa.js?85251 HTTP/1.1" 304 -
186.103.159.182 - - [12/Mar/2018:11:18:27 -0300] "GET /cormun/servlet/solicitudot?50ed9815c5c86efd6b2574dfc1860c693a2f14b75e5b80bcfc6202073f189956e9d00496d08958ed6cd69a2ef100f56f427a7b4a5723d7e33576ac162f60f2055f0bf35ec427c6efc3ccd359a89552c8971cac057da0901a820a59381ba5a8254c025a64c9fca83ede7b254e16baaa0a7fbfa543962b32d98b2a789d4b59241ee55a2e8f3314d64b901b1a53f9482cb6b7a88f09a4c0c209eb5b0c0b708b40d8,gx-no-cache=1520864200973 HTTP/1.1" 200 29
190.100.93.40 - - [12/Mar/2018:11:18:27 -0300] "GET /cormun/servlet/hlogin HTTP/1.1" 200 1732
186.79.174.79 - - [12/Mar/2018:11:18:28 -0300] "GET /cormun/servlet/solicitudotadjuntos?e0bf444c4c6f9e1c18028bd9f253256c41886b3596ec852642641f2c7d0764a6baa64f12cfdc6d571e0d447c49db0f76,gx-no-cache=1520864258412 HTTP/1.1" 200 30
186.103.158.250 - - [12/Mar/2018:11:18:28 -0300] "GET /cormun/servlet/trlicencias HTTP/1.1" 200 9135
186.103.159.182 - - [12/Mar/2018:11:18:28 -0300] "POST /cormun/servlet/solicitudot?gx-no-cache=1520864201185 HTTP/1.1" 200 1318
186.103.159.182 - - [12/Mar/2018:11:18:28 -0300] "POST /cormun/servlet/solicitudot?gx-no-cache=1520864201847 HTTP/1.1" 200 1218
192.168.10.56 - - [12/Mar/2018:11:18:28 -0300] "POST /cormun/servlet/solicitudgral?15985d5a665fc0e81c8abca4797067c8,UPD,2018,8400,,gx-no-cache=1520864145421 HTTP/1.1" 200 93
192.168.10.56 - - [12/Mar/2018:11:18:28 -0300] "GET /cormun/servlet/hpexe_return? HTTP/1.1" 200 1007
186.79.174.79 - - [12/Mar/2018:11:18:28 -0300] "POST /cormun/servlet/solicitudotadjuntos?ac8374464e58595bbaac2b5b82c321b5,INS,2018,10401,,1,,gx-no-cache=1520864258563 HTTP/1.1" 200 3796
186.103.159.182 - - [12/Mar/2018:11:18:28 -0300] "GET /cormun/static/menuarrow.gif HTTP/1.1" 404 1015
192.168.10.56 - - [12/Mar/2018:11:18:28 -0300] "GET /cormun/servlet/trsolicitudgral HTTP/1.1" 200 15651
192.168.10.56 - - [12/Mar/2018:11:18:29 -0300] "GET /cormun/servlet/trsolicitudgral HTTP/1.1" 200 15646
186.103.159.182 - - [12/Mar/2018:11:18:31 -0300] "POST /cormun/servlet/solicitudot?gx-no-cache=1520864203958 HTTP/1.1" 200 1318
186.103.159.182 - - [12/Mar/2018:11:18:31 -0300] "POST /cormun/servlet/solicitudot?gx-no-cache=1520864204531 HTTP/1.1" 200 1218
186.103.159.182 - - [12/Mar/2018:11:18:33 -0300] "GET /cormun/servlet/solicitudot?50ed9815c5c86efd6b2574dfc1860c691b9ffe5f569c03d8013f056787d32f9718dfb705dae2bc654d233c15d2f634ee,gx-no-cache=1520864206647 HTTP/1.1" 200 30
186.103.132.155 - - [12/Mar/2018:11:18:39 -0300] "POST /cormun/servlet/hlogin?6d2645a683ab65451a63e120f2266df1,gx-no-cache=1520864282444 HTTP/1.1" 200 90
186.103.132.155 - - [12/Mar/2018:11:18:39 -0300] "GET /cormun/servlet/hpexe_link HTTP/1.1" 200 950
186.103.161.206 - - [12/Mar/2018:11:18:40 -0300] "GET /cormun/static/gxcfg.js?20177612121792 HTTP/1.1" 200 953
186.103.161.206 - - [12/Mar/2018:11:18:40 -0300] "GET /cormun/static/hpexe_link.js?20177612121795 HTTP/1.1" 200 625
186.103.159.182 - - [12/Mar/2018:11:18:40 -0300] "POST /cormun/servlet/solicitudot?gx-no-cache=1520864213659 HTTP/1.1" 200 30
186.103.158.250 - - [12/Mar/2018:11:18:40 -0300] "POST /cormun/servlet/trlicencias?ee40f8af1f2b7d9eabbc0a382105e6b7,gx-no-cache=1520864077908 HTTP/1.1" 200 6421
186.103.158.250 - - [12/Mar/2018:11:18:40 -0300] "GET /cormun/static/Shared/jqueryui/images/ui-bg_highlight-soft_100_c6c2c8_1x100.png HTTP/1.1" 404 1117
186.103.158.250 - - [12/Mar/2018:11:18:40 -0300] "GET /cormun/static/Shared/jqueryui/images/ui-icons_82798d_256x240.png HTTP/1.1" 404 1089
186.103.158.250 - - [12/Mar/2018:11:18:40 -0300] "GET /cormun/static/Shared/jqueryui/images/ui-bg_flat_55_fafafa_40x100.png HTTP/1.1" 404 1097
186.103.158.250 - - [12/Mar/2018:11:18:40 -0300] "GET /cormun/static/Shared/jqueryui/images/ui-icons_8d78a5_256x240.png HTTP/1.1" 404 1089
186.103.132.155 - - [12/Mar/2018:11:18:42 -0300] "GET /cormun/static/Resources/Spanish/PXTools.css?1155365 HTTP/1.1" 200 89042
186.79.174.79 - - [12/Mar/2018:11:18:45 -0300] "POST /cormun/servlet/solicitudotadjuntos?gx-no-cache=1520864275477 HTTP/1.1" 200 26
186.79.174.79 - - [12/Mar/2018:11:18:45 -0300] "GET /cormun/servlet/solicitudotadjuntos?e0bf444c4c6f9e1c18028bd9f253256c629823cbf1183e4e1b7ea72bde22b422,gx-no-cache=1520864275607 HTTP/1.1" 200 30
186.79.174.79 - - [12/Mar/2018:11:18:45 -0300] "GET /cormun/servlet/solicitudotadjuntos?e0bf444c4c6f9e1c18028bd9f253256c629823cbf1183e4e1b7ea72bde22b422,gx-no-cache=1520864275692 HTTP/1.1" 200 30
186.103.132.155 - - [12/Mar/2018:11:18:45 -0300] "GET /cormun/servlet/hhome HTTP/1.1" 200 4069
186.79.174.79 - - [12/Mar/2018:11:18:45 -0300] "POST /cormun/servlet/solicitudotadjuntos?ac8374464e58595bbaac2b5b82c321b5,INS,2018,10401,,1,,gx-no-cache=1520864275770 HTTP/1.1" 200 3644
186.79.174.79 - - [12/Mar/2018:11:18:45 -0300] "GET /cormun/static/Shared/jqueryui/images/ui-bg_highlight-soft_100_c6c2c8_1x100.png HTTP/1.1" 404 1117
186.79.174.79 - - [12/Mar/2018:11:18:45 -0300] "GET /cormun/static/Shared/jqueryui/images/ui-icons_82798d_256x240.png HTTP/1.1" 404 1089
