192.168.10.89 - - [12/Mar/2018:08:49:57 -0300] "POST /cormun/servlet/trsolicitudot?3571a58ab1db256c99a811ffb6fe4642,,gx-no-cache=1520855234405 HTTP/1.1" 200 8780
192.168.10.56 - - [12/Mar/2018:08:49:58 -0300] "POST /cormun/servlet/trsolicitudgral?72f87baf45034d21d5528557c937086e,gx-no-cache=1520855234879 HTTP/1.1" 200 5925
186.103.159.204 - - [12/Mar/2018:08:49:58 -0300] "POST /cormun/servlet/trsolicitudot?977049f055e4415ebc0e553a34390d13,,gx-no-cache=1520855348307 HTTP/1.1" 200 5698
186.103.159.204 - - [12/Mar/2018:08:49:59 -0300] "GET /cormun/static/Shared/jqueryui/images/ui-bg_flat_55_fafafa_40x100.png HTTP/1.1" 404 1097
186.103.159.204 - - [12/Mar/2018:08:49:59 -0300] "GET /cormun/static/Shared/jqueryui/images/ui-icons_82798d_256x240.png HTTP/1.1" 404 1089
186.103.159.204 - - [12/Mar/2018:08:49:59 -0300] "GET /cormun/static/Shared/jqueryui/images/ui-icons_8d78a5_256x240.png HTTP/1.1" 404 1089
186.103.159.204 - - [12/Mar/2018:08:50:00 -0300] "POST /cormun/servlet/trsolicitudot?977049f055e4415ebc0e553a34390d13,,gx-no-cache=1520855349263 HTTP/1.1" 200 5642
186.103.159.204 - - [12/Mar/2018:08:50:01 -0300] "GET /cormun/static/Shared/jqueryui/images/ui-bg_highlight-soft_100_c6c2c8_1x100.png HTTP/1.1" 404 1117
192.168.10.56 - - [12/Mar/2018:08:50:02 -0300] "POST /cormun/servlet/trsolicitudgral?72f87baf45034d21d5528557c937086e,gx-no-cache=1520855238988 HTTP/1.1" 200 8765
186.103.157.42 - - [12/Mar/2018:08:50:02 -0300] "GET /cormun/servlet/hlogin HTTP/1.1" 200 1719
186.103.157.42 - - [12/Mar/2018:08:50:02 -0300] "GET /cormun/static/gxtimezone.js?85251 HTTP/1.1" 304 -
186.103.157.42 - - [12/Mar/2018:08:50:02 -0300] "GET /cormun/static/gxcfg.js?20175251213516 HTTP/1.1" 304 -
186.103.157.42 - - [12/Mar/2018:08:50:02 -0300] "GET /cormun/static/messages.spa.js?85251 HTTP/1.1" 304 -
186.103.157.42 - - [12/Mar/2018:08:50:03 -0300] "GET /cormun/servlet/hlogin HTTP/1.1" 200 1724
186.103.157.42 - - [12/Mar/2018:08:50:13 -0300] "POST /cormun/servlet/hlogin?55db7c14b33244905c713b54e8a81ffe,gx-no-cache=1520855363635 HTTP/1.1" 200 90
186.103.157.42 - - [12/Mar/2018:08:50:13 -0300] "GET /cormun/servlet/hpexe_link HTTP/1.1" 200 946
186.103.157.42 - - [12/Mar/2018:08:50:13 -0300] "GET /cormun/static/gxcfg.js?20177612121792 HTTP/1.1" 304 -
186.103.157.42 - - [12/Mar/2018:08:50:14 -0300] "GET /cormun/servlet/hhome HTTP/1.1" 200 4253
186.103.157.42 - - [12/Mar/2018:08:50:14 -0300] "GET /cormun/static/gxcfg.js?20175251212442 HTTP/1.1" 304 -
192.168.10.56 - - [12/Mar/2018:08:50:15 -0300] "POST /cormun/servlet/trsolicitudgral?72f87baf45034d21d5528557c937086e,gx-no-cache=1520855252340 HTTP/1.1" 200 6123
186.103.157.42 - - [12/Mar/2018:08:50:16 -0300] "GET /cormun/servlet/hhome HTTP/1.1" 200 4249
186.103.159.204 - - [12/Mar/2018:08:50:17 -0300] "GET /cormun/static/menuarrow.gif HTTP/1.1" 404 1015
192.168.10.56 - - [12/Mar/2018:08:50:19 -0300] "POST /cormun/servlet/trsolicitudgral?72f87baf45034d21d5528557c937086e,gx-no-cache=1520855256237 HTTP/1.1" 200 7762
192.168.10.56 - - [12/Mar/2018:08:50:28 -0300] "POST /cormun/servlet/trsolicitudgral?72f87baf45034d21d5528557c937086e,gx-no-cache=1520855264940 HTTP/1.1" 200 7707
192.168.10.56 - - [12/Mar/2018:08:50:34 -0300] "POST /cormun/servlet/trsolicitudgral?72f87baf45034d21d5528557c937086e,gx-no-cache=1520855271096 HTTP/1.1" 200 7328
186.103.159.204 - - [12/Mar/2018:08:50:38 -0300] "POST /cormun/servlet/trsolicitudot?977049f055e4415ebc0e553a34390d13,,gx-no-cache=1520855384952 HTTP/1.1" 200 8104
192.168.10.56 - - [12/Mar/2018:08:50:41 -0300] "POST /cormun/servlet/trsolicitudgral?72f87baf45034d21d5528557c937086e,gx-no-cache=1520855278709 HTTP/1.1" 200 8090
192.168.10.56 - - [12/Mar/2018:08:51:03 -0300] "POST /cormun/servlet/trsolicitudgral?72f87baf45034d21d5528557c937086e,gx-no-cache=1520855300293 HTTP/1.1" 200 9161
186.103.159.188 - - [12/Mar/2018:08:51:11 -0300] "GET /cormun/servlet/hlogin HTTP/1.1" 200 1725
186.103.159.188 - - [12/Mar/2018:08:51:11 -0300] "GET /cormun/static/gxtimezone.js?85251 HTTP/1.1" 304 -
190.161.236.41 - - [12/Mar/2018:08:51:11 -0300] "GET /cormun/static/messages.spa.js?85251 HTTP/1.1" 304 -
186.103.159.188 - - [12/Mar/2018:08:51:11 -0300] "GET /cormun/static/gxcfg.js?20175251213516 HTTP/1.1" 304 -
186.103.159.188 - - [12/Mar/2018:08:51:11 -0300] "GET /cormun/servlet/hlogin HTTP/1.1" 200 1731
192.168.10.56 - - [12/Mar/2018:08:51:14 -0300] "POST /cormun/servlet/trsolicitudgral?72f87baf45034d21d5528557c937086e,gx-no-cache=1520855311542 HTTP/1.1" 200 12894
186.103.159.188 - - [12/Mar/2018:08:51:26 -0300] "POST /cormun/servlet/hlogin?a40165f0bacb7de3443f8cbeeb9eef29,gx-no-cache=1520855440484 HTTP/1.1" 200 90
186.103.159.188 - - [12/Mar/2018:08:51:26 -0300] "GET /cormun/servlet/hpexe_link HTTP/1.1" 200 953
186.103.159.188 - - [12/Mar/2018:08:51:26 -0300] "GET /cormun/static/gxcfg.js?20177612121792 HTTP/1.1" 304 -
186.103.159.188 - - [12/Mar/2018:08:51:26 -0300] "GET /cormun/servlet/hhome HTTP/1.1" 200 4146
186.103.159.188 - - [12/Mar/2018:08:51:27 -0300] "GET /cormun/static/gxcfg.js?20175251212442 HTTP/1.1" 304 -
186.103.159.188 - - [12/Mar/2018:08:51:27 -0300] "GET /cormun/servlet/hhome HTTP/1.1" 200 4142
186.103.159.204 - - [12/Mar/2018:08:51:42 -0300] "POST /cormun/servlet/trsolicitudot?977049f055e4415ebc0e553a34390d13,,gx-no-cache=1520855451900 HTTP/1.1" 200 7682
186.103.159.188 - - [12/Mar/2018:08:51:44 -0300] "GET /cormun/servlet/trsolicitudot? HTTP/1.1" 200 7365
186.103.159.188 - - [12/Mar/2018:08:51:44 -0300] "GET /cormun/static/calendar.js?85251 HTTP/1.1" 304 -
186.103.159.188 - - [12/Mar/2018:08:51:44 -0300] "GET /cormun/static/calendar-es.js?85251 HTTP/1.1" 304 -
186.103.159.188 - - [12/Mar/2018:08:51:44 -0300] "GET /cormun/static/gxcfg.js?2017111422585916 HTTP/1.1" 304 -
190.161.236.41 - - [12/Mar/2018:08:51:44 -0300] "GET /cormun/static/calendar-setup.js?85251 HTTP/1.1" 304 -
186.103.159.188 - - [12/Mar/2018:08:51:44 -0300] "GET /cormun/static/gxdec.js?85251 HTTP/1.1" 304 -
186.103.159.188 - - [12/Mar/2018:08:51:44 -0300] "GET /cormun/static/trsolicitudot.js?201711142259839 HTTP/1.1" 304 -
192.168.10.56 - - [12/Mar/2018:08:51:44 -0300] "POST /cormun/servlet/trsolicitudgral?72f87baf45034d21d5528557c937086e,gx-no-cache=1520855341495 HTTP/1.1" 200 8080
186.103.159.204 - - [12/Mar/2018:08:51:44 -0300] "POST /cormun/servlet/trsolicitudot?977049f055e4415ebc0e553a34390d13,,gx-no-cache=1520855452924 HTTP/1.1" 200 7662
186.103.159.188 - - [12/Mar/2018:08:51:45 -0300] "GET /cormun/servlet/trsolicitudot? HTTP/1.1" 200 7364
40.77.179.36 - - [12/Mar/2018:08:51:50 -0300] "GET /cormun/static/scaMessage/css/jquery.pnotify.default.css?1716380 HTTP/1.1" 200 1707
186.103.157.42 - - [12/Mar/2018:08:51:52 -0300] "GET /cormun/servlet/trsolicitudot? HTTP/1.1" 200 9308
186.103.157.42 - - [12/Mar/2018:08:51:52 -0300] "GET /cormun/static/gxcfg.js?2017111422585916 HTTP/1.1" 304 -
186.103.157.42 - - [12/Mar/2018:08:51:52 -0300] "GET /cormun/static/calendar-setup.js?85251 HTTP/1.1" 304 -
186.103.157.42 - - [12/Mar/2018:08:51:52 -0300] "GET /cormun/static/calendar-es.js?85251 HTTP/1.1" 304 -
186.103.157.42 - - [12/Mar/2018:08:51:52 -0300] "GET /cormun/static/calendar.js?85251 HTTP/1.1" 304 -
186.103.157.42 - - [12/Mar/2018:08:51:53 -0300] "GET /cormun/static/gxdec.js?85251 HTTP/1.1" 304 -
186.103.157.42 - - [12/Mar/2018:08:51:54 -0300] "GET /cormun/servlet/trsolicitudot? HTTP/1.1" 200 9303
40.77.179.36 - - [12/Mar/2018:08:51:54 -0300] "GET /cormun/static/calendar.js?85251 HTTP/1.1" 200 26246
186.103.159.204 - - [12/Mar/2018:08:51:59 -0300] "POST /cormun/servlet/trsolicitudot?977049f055e4415ebc0e553a34390d13,,gx-no-cache=1520855469155 HTTP/1.1" 200 105
186.103.159.204 - - [12/Mar/2018:08:51:59 -0300] "GET /cormun/servlet/solicitudot?UPD,2018,10190, HTTP/1.1" 200 15078
186.103.159.204 - - [12/Mar/2018:08:52:00 -0300] "GET /cormun/static/gxcfg.js?201812313224582 HTTP/1.1" 304 -
186.103.159.204 - - [12/Mar/2018:08:52:00 -0300] "GET /cormun/static/solicitudot.js?201812313224831 HTTP/1.1" 304 -
186.103.159.204 - - [12/Mar/2018:08:52:00 -0300] "GET /cormun/servlet/solicitudot?UPD,2018,10190, HTTP/1.1" 200 15088
186.103.159.204 - - [12/Mar/2018:08:52:01 -0300] "POST /cormun/servlet/solicitudot?gx-no-cache=1520855471082 HTTP/1.1" 200 3421
186.103.159.204 - - [12/Mar/2018:08:52:01 -0300] "POST /cormun/servlet/solicitudot?977049f055e4415ebc0e553a34390d13,UPD,2018,10190,,gx-no-cache=1520855471660 HTTP/1.1" 200 11524
40.77.179.36 - - [12/Mar/2018:08:52:01 -0300] "GET /cormun/static/gxui/gxui-all.js HTTP/1.1" 200 107772
186.103.159.204 - - [12/Mar/2018:08:52:01 -0300] "GET /cormun/servlet/solicitudot?ade7b571460b4c40b1bb02e2c13abc2829c1439603a94df1d1fdc4a805a2177bafc4f1f7b3a4f1f36eff4a3c97921534,gx-no-cache=1520855472060 HTTP/1.1" 200 30
186.103.159.204 - - [12/Mar/2018:08:52:01 -0300] "GET /cormun/servlet/solicitudot?ade7b571460b4c40b1bb02e2c13abc281c6971ef15328154dac285dc3ff6ca9b729fe61c423b11cd1fd4f2b60b9a87e7f5ee50bf6935d97b9f6f772b7ce3f6a0,gx-no-cache=1520855472136 HTTP/1.1" 200 30
186.103.159.204 - - [12/Mar/2018:08:52:02 -0300] "GET /cormun/servlet/solicitudot?ade7b571460b4c40b1bb02e2c13abc289a2d060de25ba1e08562f83c5d767ade93e1e309eb7c568c8d541ed9ef11315593fcdc9c8f289ea0ce608b1977739a7f,gx-no-cache=1520855472211 HTTP/1.1" 200 51
186.103.159.204 - - [12/Mar/2018:08:52:02 -0300] "POST /cormun/servlet/solicitudot?gx-no-cache=1520855472313 HTTP/1.1" 200 238
186.103.159.204 - - [12/Mar/2018:08:52:02 -0300] "GET /cormun/servlet/solicitudot?ade7b571460b4c40b1bb02e2c13abc283c08d59ef7fe83ff81d37e654875e0fa725b037ff5840e602054e072975ac43f8cc688e2bbe2b3a8f0a1d86d1af89186b25d33218a64c97a1e1486e3ea02ba6148df6fc29df9cd4187fe7a4827b18c0501ed05452782ef64576136239d05caa9b58b0aeae1db6a1a6555bd7bfec85761297063529f4dd3944a6fb43656b8f4f206d14127778700bbd3d6aed14691867d4acf26f14db1ee8bb0c57518e5d0d4e86f3da690b4b1df885ddb9be783439b057edeb6713602437b5f0ea00f4ed8257582719ea1788bd6042febb63872f6d3028d1bff67c0c9cb821668183654bac2685834d71eed4a312492adf610f222572bdeb63e5f855f7dfc6ba2fb7effdfd9fb45657bb0a8c87ddec922593b6783f5a2dac5e1b9839c539ea6dd4d1b754ea29a340af05cd8dcd6682f0f2249c500b6e18f33ac32607f1154bd6183d4c1d9fc7fcdb6e9eba64162c1fd079d8bd9021d60d8dce48bf906048441da244cd4870405d8853f982080b890eeadff66930bc7cb,gx-no-cache=1520855472389 HTTP/1.1" 200 30
186.103.159.204 - - [12/Mar/2018:08:52:02 -0300] "POST /cormun/servlet/solicitudot?gx-no-cache=1520855472462 HTTP/1.1" 200 30
186.103.159.204 - - [12/Mar/2018:08:52:02 -0300] "POST /cormun/servlet/solicitudot?gx-no-cache=1520855472539 HTTP/1.1" 200 1336
186.103.159.204 - - [12/Mar/2018:08:52:02 -0300] "POST /cormun/servlet/solicitudot?gx-no-cache=1520855472671 HTTP/1.1" 200 41
40.77.179.36 - - [12/Mar/2018:08:52:04 -0300] "GET /cormun/static/PXToolsJavascripts/pexe_cookies.js HTTP/1.1" 200 792
186.103.159.188 - - [12/Mar/2018:08:52:06 -0300] "GET /cormun/servlet/solicitudot?INS,0,0, HTTP/1.1" 200 13590
186.103.159.188 - - [12/Mar/2018:08:52:06 -0300] "GET /cormun/static/gxcfg.js?201812313224582 HTTP/1.1" 304 -
186.103.159.188 - - [12/Mar/2018:08:52:06 -0300] "GET /cormun/static/solicitudot.js?201812313224831 HTTP/1.1" 304 -
40.77.179.36 - - [12/Mar/2018:08:52:06 -0300] "GET /cormun/static/PXToolsJavascripts/pexe_windows.js HTTP/1.1" 200 15207
186.103.159.188 - - [12/Mar/2018:08:52:06 -0300] "GET /cormun/servlet/solicitudot?INS,0,0, HTTP/1.1" 200 13595
40.77.179.36 - - [12/Mar/2018:08:52:07 -0300] "GET /cormun/static/PXToolsJavascripts/pexe_griddivfix.js HTTP/1.1" 200 6644
186.103.157.42 - - [12/Mar/2018:08:52:08 -0300] "POST /cormun/servlet/trsolicitudot?55db7c14b33244905c713b54e8a81ffe,,gx-no-cache=1520855478271 HTTP/1.1" 200 105
186.103.157.42 - - [12/Mar/2018:08:52:08 -0300] "GET /cormun/servlet/solicitudot?UPD,2018,9924, HTTP/1.1" 200 15490
186.103.157.42 - - [12/Mar/2018:08:52:08 -0300] "GET /cormun/static/gxcfg.js?201812313224582 HTTP/1.1" 304 -
186.103.157.42 - - [12/Mar/2018:08:52:09 -0300] "GET /cormun/static/solicitudot.js?201812313224831 HTTP/1.1" 304 -
40.77.179.36 - - [12/Mar/2018:08:52:10 -0300] "GET /cormun/static/PXToolsJavascripts/pexe_menudivfix.js HTTP/1.1" 200 333
186.103.157.42 - - [12/Mar/2018:08:52:11 -0300] "POST /cormun/servlet/solicitudot?gx-no-cache=1520855481570 HTTP/1.1" 200 3397
186.103.157.42 - - [12/Mar/2018:08:52:11 -0300] "GET /cormun/servlet/solicitudot?UPD,2018,9924, HTTP/1.1" 200 15500
186.103.157.42 - - [12/Mar/2018:08:52:13 -0300] "POST /cormun/servlet/solicitudot?55db7c14b33244905c713b54e8a81ffe,UPD,2018,9924,,gx-no-cache=1520855482306 HTTP/1.1" 200 11703
186.103.157.42 - - [12/Mar/2018:08:52:13 -0300] "GET /cormun/servlet/solicitudot?712d65b014048a2f1547b481e9e3f4f78aab36a106c9f305b11584cf22e377cbeef17540ce1876b4ebd44f03de6a37ff,gx-no-cache=1520855483815 HTTP/1.1" 200 30
186.103.157.42 - - [12/Mar/2018:08:52:14 -0300] "GET /cormun/servlet/solicitudot?712d65b014048a2f1547b481e9e3f4f7717cfcc5a68a054b639cc8e706535c36f6e5aaa4b7e4d39f5905b52f3d3a1aa6ed73bfa35f04ecc2b5d4e9b6d9d7f034,gx-no-cache=1520855484263 HTTP/1.1" 200 30
186.103.157.42 - - [12/Mar/2018:08:52:14 -0300] "GET /cormun/servlet/solicitudot?712d65b014048a2f1547b481e9e3f4f72f893faa73ad5d2d99119e8c366d76976f6f921b2b3b610883d372603aee7e41a49fa9b6bf0b03c4855376a63aa7b845,gx-no-cache=1520855484748 HTTP/1.1" 200 53
40.77.179.36 - - [12/Mar/2018:08:52:14 -0300] "GET /cormun/static/PXToolsJavascripts/pexe_menus.js HTTP/1.1" 200 1286
186.103.157.42 - - [12/Mar/2018:08:52:15 -0300] "POST /cormun/servlet/solicitudot?gx-no-cache=1520855484854 HTTP/1.1" 200 297
186.103.157.42 - - [12/Mar/2018:08:52:15 -0300] "GET /cormun/servlet/solicitudot?712d65b014048a2f1547b481e9e3f4f7e089e5d850207b011b01c92cffc61b8282c91e2ae953dd1825025313d00d34c69d49c6d8194b7287ad87b12e94a110426e1bce6e1e65761b1349b8728826aecea476db6d36a0e680d73e4f3ad93de5134898781e4d8889321b29705a0fb96e922fa08bf8037eb6a78420e7919800866d692670d8c951ea109c8b282bab14df0ba1ebd1e9589ada4f21c0947e21fb1e3f811570ae395d7817e90963ccb8d3860f3252c32803667866f232c447c8dfd512a7e4854abcce4946e9b2493a9c9ed9361e3da3c49bd24b713b5c8caba6e99d36eb7a64264a001f112249eebf9a64c0bdf52d71a771471c302768478ebc4e31446c5fe285035bb6feee63db0795959f8bb88f7e49f725ba49d2bc02d568f2d189485e74988c1c3916615d80c08279dd67f0699a22db000d1a935260ac1ddce8b34d65f55ef79d8981009fc85ef03bdfa775c717fac535af322f3742ad37c35fc792ac66c47ac35ff919a3a59aff1e2f88f5c2440b62217f0ecd8239973b541e5c1af8bce86df80c51bcc14ecdf14e5799,gx-no-cache=1520855485383 HTTP/1.1" 200 30
40.77.179.36 - - [12/Mar/2018:08:52:15 -0300] "GET /cormun/static/PXToolsJavascripts/pexe_layers.js HTTP/1.1" 200 4114
186.103.157.42 - - [12/Mar/2018:08:52:16 -0300] "POST /cormun/servlet/solicitudot?gx-no-cache=1520855485764 HTTP/1.1" 200 30
40.77.179.36 - - [12/Mar/2018:08:52:16 -0300] "GET /cormun/static/PXToolsJavascripts/pexe_picture.js HTTP/1.1" 200 689
186.103.157.42 - - [12/Mar/2018:08:52:17 -0300] "POST /cormun/servlet/solicitudot?gx-no-cache=1520855486285 HTTP/1.1" 200 1336
186.103.157.42 - - [12/Mar/2018:08:52:17 -0300] "POST /cormun/servlet/solicitudot?gx-no-cache=1520855487977 HTTP/1.1" 200 41
40.77.179.36 - - [12/Mar/2018:08:52:17 -0300] "GET /cormun/static/PXToolsJavascripts/pexe_scrolldiv.js HTTP/1.1" 200 4138
40.77.179.36 - - [12/Mar/2018:08:52:19 -0300] "GET /cormun/static/PXToolsJavascripts/pexe_tabdivfix.js HTTP/1.1" 200 876
40.77.179.36 - - [12/Mar/2018:08:52:21 -0300] "GET /cormun/static/calendar.js?85251 HTTP/1.1" 200 26246
40.77.179.36 - - [12/Mar/2018:08:52:21 -0300] "GET /cormun/static/PXToolsJavascripts/pexe_tabs.js HTTP/1.1" 200 3748
186.103.159.188 - - [12/Mar/2018:08:52:22 -0300] "POST /cormun/servlet/solicitudot?gx-no-cache=1520855494814 HTTP/1.1" 200 3284
186.103.159.188 - - [12/Mar/2018:08:52:22 -0300] "POST /cormun/servlet/solicitudot?a40165f0bacb7de3443f8cbeeb9eef29,INS,0,0,,gx-no-cache=1520855496069 HTTP/1.1" 200 10444
40.77.179.36 - - [12/Mar/2018:08:52:23 -0300] "GET /cormun/static/PXToolsJavascripts/PXToolsJavascriptsRender.js HTTP/1.1" 200 367
186.103.159.188 - - [12/Mar/2018:08:52:24 -0300] "GET /cormun/servlet/solicitudot?465c5c4609ee4d2f8175f095d20432c9a62614b536d79a46a7cdd5d416132cd5eebb2221fb80e01f58b462465eb57158,gx-no-cache=1520855498156 HTTP/1.1" 200 30
40.77.179.36 - - [12/Mar/2018:08:52:25 -0300] "GET /cormun/static/messages.spa.js?85251 HTTP/1.1" 200 30736
186.103.157.42 - - [12/Mar/2018:08:52:25 -0300] "GET /cormun/servlet/solicitudot?712d65b014048a2f1547b481e9e3f4f7f70fb64f761b33152ac6835440145a79bc446cb93216f7b2383b9f6ef8d0724071d9dfa0c23f7324b255efeac71952e029acb57d192ffd2847a29affcebcf2a676d80c087328a73ccf62815a13103b2d382bb63160c668f1e11d372c5a979492,gx-no-cache=1520855496043 HTTP/1.1" 200 29
186.103.157.42 - - [12/Mar/2018:08:52:26 -0300] "POST /cormun/servlet/solicitudot?gx-no-cache=1520855496164 HTTP/1.1" 200 1319
186.103.157.42 - - [12/Mar/2018:08:52:26 -0300] "POST /cormun/servlet/solicitudot?gx-no-cache=1520855496482 HTTP/1.1" 200 1218
186.103.157.42 - - [12/Mar/2018:08:52:26 -0300] "GET /cormun/servlet/solicitudot?712d65b014048a2f1547b481e9e3f4f70f6fdd2260d681e2faf92b69055041a9d73b102abad442a909407c096b41dca7,gx-no-cache=1520855497090 HTTP/1.1" 200 30
186.103.157.42 - - [12/Mar/2018:08:52:27 -0300] "POST /cormun/servlet/solicitudot?gx-no-cache=1520855497182 HTTP/1.1" 200 30
40.77.179.36 - - [12/Mar/2018:08:52:27 -0300] "GET /cormun/static/hpexe_recentlink.js?20177611595044 HTTP/1.1" 200 2144
40.77.179.36 - - [12/Mar/2018:08:52:29 -0300] "GET /cormun/static/PXToolsJavascripts/pexe_menudivfix.js HTTP/1.1" 200 333
40.77.179.36 - - [12/Mar/2018:08:52:29 -0300] "GET /cormun/static/hpexe_scripts.js?201752511465715 HTTP/1.1" 200 1544
40.77.179.36 - - [12/Mar/2018:08:52:31 -0300] "GET /cormun/static/PXToolsJavascripts/pexe_menus.js HTTP/1.1" 200 1286
40.77.179.36 - - [12/Mar/2018:08:52:32 -0300] "GET /cormun/static/hpexe_messagegenexuscomponent.js?201752511465344 HTTP/1.1" 200 587
186.103.157.42 - - [12/Mar/2018:08:52:34 -0300] "POST /cormun/servlet/solicitudot?55db7c14b33244905c713b54e8a81ffe,UPD,2018,9924,,gx-no-cache=1520855502615 HTTP/1.1" 200 93
186.103.157.42 - - [12/Mar/2018:08:52:34 -0300] "GET /cormun/servlet/hpexe_return? HTTP/1.1" 200 1009
186.103.157.42 - - [12/Mar/2018:08:52:34 -0300] "GET /cormun/static/gxcfg.js?2016101716175148 HTTP/1.1" 304 -
40.77.179.36 - - [12/Mar/2018:08:52:34 -0300] "GET /cormun/static/cmcontrolpreferences.js?201752511465670 HTTP/1.1" 200 1375
186.103.157.42 - - [12/Mar/2018:08:52:34 -0300] "GET /cormun/servlet/trsolicitudot HTTP/1.1" 200 9317
186.103.157.42 - - [12/Mar/2018:08:52:36 -0300] "GET /cormun/servlet/trsolicitudot HTTP/1.1" 200 9314
40.77.179.36 - - [12/Mar/2018:08:52:37 -0300] "GET /cormun/static/PXToolsJavascripts/pexe_tabdivfix.js HTTP/1.1" 200 876
40.77.179.36 - - [12/Mar/2018:08:52:40 -0300] "GET /cormun/static/PXToolsJavascripts/pexe_tabs.js HTTP/1.1" 200 3748
186.103.157.42 - - [12/Mar/2018:08:52:40 -0300] "POST /cormun/servlet/trsolicitudot?55db7c14b33244905c713b54e8a81ffe,gx-no-cache=1520855510243 HTTP/1.1" 200 5873
186.103.157.42 - - [12/Mar/2018:08:52:40 -0300] "GET /cormun/static/Shared/jqueryui/images/ui-bg_highlight-soft_100_c6c2c8_1x100.png HTTP/1.1" 404 1117
186.103.157.42 - - [12/Mar/2018:08:52:40 -0300] "GET /cormun/static/Shared/jqueryui/images/ui-bg_flat_55_fafafa_40x100.png HTTP/1.1" 404 1097
186.103.157.42 - - [12/Mar/2018:08:52:41 -0300] "GET /cormun/static/Shared/jqueryui/images/ui-icons_82798d_256x240.png HTTP/1.1" 404 1089
186.103.157.42 - - [12/Mar/2018:08:52:41 -0300] "GET /cormun/static/Shared/jqueryui/images/ui-icons_8d78a5_256x240.png HTTP/1.1" 404 1089
186.103.157.42 - - [12/Mar/2018:08:52:42 -0300] "POST /cormun/servlet/trsolicitudot?55db7c14b33244905c713b54e8a81ffe,gx-no-cache=1520855511187 HTTP/1.1" 200 5816
40.77.179.36 - - [12/Mar/2018:08:52:44 -0300] "GET /cormun/static/PXToolsJavascripts/PXToolsJavascriptsRender.js HTTP/1.1" 200 367
186.103.157.42 - - [12/Mar/2018:08:52:48 -0300] "GET /cormun/servlet/trautorizarsolicitud? HTTP/1.1" 200 9123
186.103.157.42 - - [12/Mar/2018:08:52:48 -0300] "GET /cormun/static/gxcfg.js?2017111423403364 HTTP/1.1" 304 -
186.103.159.204 - - [12/Mar/2018:08:52:48 -0300] "GET /cormun/servlet/solicitudot?ade7b571460b4c40b1bb02e2c13abc280c435155b7d1600cb5660aa5710f5a16d5acfe804044eabcce6ff1c40a259cbf3b706306a1c44a94941703b421d314079dc3826868ba99751908965ed6361dd4f4ebafe03d34a51fa50cca26e28d28c67b4eec63e30b0988c9824e71380ec3db8d4cca5008a3f166d1ecbf0bc0ca334c4fbf7d6ad06db682332ea1208dd8e113ebc5ea3b8c60141a0cdf70857ac1aa4d,gx-no-cache=1520855518899 HTTP/1.1" 200 29
186.103.159.204 - - [12/Mar/2018:08:52:49 -0300] "POST /cormun/servlet/solicitudot?gx-no-cache=1520855519154 HTTP/1.1" 200 1318
186.103.157.42 - - [12/Mar/2018:08:52:49 -0300] "GET /cormun/servlet/trautorizarsolicitud? HTTP/1.1" 200 9122
186.103.159.204 - - [12/Mar/2018:08:52:49 -0300] "POST /cormun/servlet/solicitudot?gx-no-cache=1520855519661 HTTP/1.1" 200 1218
186.103.159.204 - - [12/Mar/2018:08:52:50 -0300] "GET /cormun/servlet/solicitudot?ade7b571460b4c40b1bb02e2c13abc2851f487d848425085716fc77cfbf5bb5ea62cc34e14250d5ecfe8361920fc7da2,gx-no-cache=1520855520225 HTTP/1.1" 200 30
186.103.159.204 - - [12/Mar/2018:08:52:50 -0300] "POST /cormun/servlet/solicitudot?gx-no-cache=1520855520295 HTTP/1.1" 200 30
40.77.179.36 - - [12/Mar/2018:08:52:50 -0300] "GET /cormun/static/hpexe_recentlink.js?20177611595044 HTTP/1.1" 200 2144
186.103.159.204 - - [12/Mar/2018:08:52:50 -0300] "POST /cormun/servlet/solicitudot?977049f055e4415ebc0e553a34390d13,UPD,2018,10190,,gx-no-cache=1520855520411 HTTP/1.1" 200 93
186.103.159.204 - - [12/Mar/2018:08:52:50 -0300] "GET /cormun/servlet/hpexe_return? HTTP/1.1" 200 1018
186.103.159.204 - - [12/Mar/2018:08:52:51 -0300] "GET /cormun/static/gxcfg.js?2016101716175148 HTTP/1.1" 304 -
186.103.159.204 - - [12/Mar/2018:08:52:51 -0300] "GET /cormun/servlet/trsolicitudot? HTTP/1.1" 200 10459
186.103.159.204 - - [12/Mar/2018:08:52:51 -0300] "GET /cormun/servlet/trsolicitudot? HTTP/1.1" 200 10454
40.77.179.36 - - [12/Mar/2018:08:52:52 -0300] "GET /cormun/static/Resources/PXToolsFooterBackground2.png HTTP/1.1" 200 1172
186.103.157.42 - - [12/Mar/2018:08:52:55 -0300] "POST /cormun/servlet/trautorizarsolicitud?55db7c14b33244905c713b54e8a81ffe,,gx-no-cache=1520855525459 HTTP/1.1" 200 5793
40.77.179.36 - - [12/Mar/2018:08:52:55 -0300] "GET /cormun/static/Resources/PXToolsHeaderBackground2.png HTTP/1.1" 200 1174
40.77.179.36 - - [12/Mar/2018:08:52:55 -0300] "GET /cormun/static/hpexe_scripts.js?201752511465715 HTTP/1.1" 200 1544
186.103.157.42 - - [12/Mar/2018:08:52:56 -0300] "POST /cormun/servlet/trautorizarsolicitud?55db7c14b33244905c713b54e8a81ffe,,gx-no-cache=1520855526017 HTTP/1.1" 200 5736
186.103.157.42 - - [12/Mar/2018:08:53:08 -0300] "POST /cormun/servlet/trautorizarsolicitud?55db7c14b33244905c713b54e8a81ffe,,gx-no-cache=1520855537475 HTTP/1.1" 200 13930
186.103.159.204 - - [12/Mar/2018:08:53:10 -0300] "POST /cormun/servlet/trsolicitudot?977049f055e4415ebc0e553a34390d13,,gx-no-cache=1520855538519 HTTP/1.1" 200 7348
186.103.159.204 - - [12/Mar/2018:08:53:10 -0300] "GET /cormun/static/Shared/jqueryui/images/ui-bg_highlight-soft_100_c6c2c8_1x100.png HTTP/1.1" 404 1117
186.103.159.204 - - [12/Mar/2018:08:53:10 -0300] "GET /cormun/static/Shared/jqueryui/images/ui-bg_flat_55_fafafa_40x100.png HTTP/1.1" 404 1097
186.103.159.204 - - [12/Mar/2018:08:53:10 -0300] "GET /cormun/static/Shared/jqueryui/images/ui-icons_8d78a5_256x240.png HTTP/1.1" 404 1089
186.103.159.204 - - [12/Mar/2018:08:53:10 -0300] "GET /cormun/static/Shared/jqueryui/images/ui-icons_82798d_256x240.png HTTP/1.1" 404 1089
186.103.159.204 - - [12/Mar/2018:08:53:12 -0300] "POST /cormun/servlet/trsolicitudot?977049f055e4415ebc0e553a34390d13,,gx-no-cache=1520855540778 HTTP/1.1" 200 7288
186.103.159.204 - - [12/Mar/2018:08:53:19 -0300] "POST /cormun/servlet/trsolicitudot?977049f055e4415ebc0e553a34390d13,,gx-no-cache=1520855547737 HTTP/1.1" 200 105
186.103.159.204 - - [12/Mar/2018:08:53:19 -0300] "GET /cormun/servlet/solicitudot?UPD,2018,9393, HTTP/1.1" 200 15092
186.103.159.204 - - [12/Mar/2018:08:53:20 -0300] "GET /cormun/servlet/solicitudot?UPD,2018,9393, HTTP/1.1" 200 15101
192.168.10.97 - - [12/Mar/2018:08:53:20 -0300] "GET /cormun/servlet/trfichaempleado? HTTP/1.1" 200 13052
186.103.159.204 - - [12/Mar/2018:08:53:21 -0300] "POST /cormun/servlet/solicitudot?gx-no-cache=1520855550962 HTTP/1.1" 200 3391
186.103.159.204 - - [12/Mar/2018:08:53:23 -0300] "POST /cormun/servlet/solicitudot?977049f055e4415ebc0e553a34390d13,UPD,2018,9393,,gx-no-cache=1520855551762 HTTP/1.1" 200 11523
186.103.159.204 - - [12/Mar/2018:08:53:24 -0300] "GET /cormun/servlet/solicitudot?ade7b571460b4c40b1bb02e2c13abc28720194ac20a0b83970951c2e763dbd34afc4f1f7b3a4f1f36eff4a3c97921534,gx-no-cache=1520855554197 HTTP/1.1" 200 30
186.103.159.204 - - [12/Mar/2018:08:53:24 -0300] "GET /cormun/servlet/solicitudot?ade7b571460b4c40b1bb02e2c13abc288fac7df3df1037737d1895db91f83d81237f8469f9142f1e0d88fcb5d42a2fc1dd5ae8877600dd849b807a051ac148b6,gx-no-cache=1520855554286 HTTP/1.1" 200 30
186.103.159.204 - - [12/Mar/2018:08:53:24 -0300] "GET /cormun/servlet/solicitudot?ade7b571460b4c40b1bb02e2c13abc287af9a9bf0f16e9830728a7c502b72fd6ac9b94cfca900932c13c1b89941dec8a5adee847c1dac8b8e2c70507c391b472,gx-no-cache=1520855554369 HTTP/1.1" 200 53
186.103.159.204 - - [12/Mar/2018:08:53:25 -0300] "POST /cormun/servlet/solicitudot?gx-no-cache=1520855554463 HTTP/1.1" 200 254
186.103.159.204 - - [12/Mar/2018:08:53:26 -0300] "GET /cormun/servlet/solicitudot?ade7b571460b4c40b1bb02e2c13abc283c08d59ef7fe83ff81d37e654875e0fa6ede3b087c5c7eac3e43781d367d247b8cc688e2bbe2b3a8f0a1d86d1af89186b25d33218a64c97a1e1486e3ea02ba6148df6fc29df9cd4187fe7a4827b18c0501ed05452782ef64576136239d05caa9b58b0aeae1db6a1a6555bd7bfec85761297063529f4dd3944a6fb43656b8f4f206d14127778700bbd3d6aed14691867d4acf26f14db1ee8bb0c57518e5d0d4e86f3da690b4b1df885ddb9be783439b057edeb6713602437b5f0ea00f4ed8257582719ea1788bd6042febb63872f6d3028d1bff67c0c9cb821668183654bac2685834d71eed4a312492adf610f222572bdeb63e5f855f7dfc6ba2fb7effdfd9fb2048d92afd3615a1f57179d30d11f4ece35ed60bf15945b6761c8a948d25b804cf5e7d41aa38682faa8413333211a92394f21241b60db52db4866e87bd5a2e817a3f3c6acaff17c67515b7588ab8bbdb19a61fd95982a3d94c374e70c61daaea99a6136d9966d4e38123782d3ee43ad4,gx-no-cache=1520855555336 HTTP/1.1" 200 30
186.103.159.204 - - [12/Mar/2018:08:53:26 -0300] "POST /cormun/servlet/solicitudot?gx-no-cache=1520855556661 HTTP/1.1" 200 30
186.103.159.204 - - [12/Mar/2018:08:53:27 -0300] "POST /cormun/servlet/solicitudot?gx-no-cache=1520855556837 HTTP/1.1" 200 1336
190.161.236.41 - - [12/Mar/2018:08:53:28 -0300] "POST /cormun/servlet/solicitudot?gx-no-cache=1520855560509 HTTP/1.1" 200 3286
186.103.159.204 - - [12/Mar/2018:08:53:28 -0300] "POST /cormun/servlet/solicitudot?gx-no-cache=1520855557952 HTTP/1.1" 200 41
190.161.236.41 - - [12/Mar/2018:08:53:29 -0300] "POST /cormun/servlet/solicitudot?a40165f0bacb7de3443f8cbeeb9eef29,INS,0,0,,gx-no-cache=1520855561916 HTTP/1.1" 200 10501
190.161.236.41 - - [12/Mar/2018:08:53:30 -0300] "GET /cormun/servlet/solicitudot?465c5c4609ee4d2f8175f095d20432c987227b32fdfedbac748df2a9b12b9a8efd7af11b8410bf642c3e297e2c84a195,gx-no-cache=1520855564074 HTTP/1.1" 200 30
186.103.157.42 - - [12/Mar/2018:08:53:37 -0300] "GET /cormun/servlet/trautorizarsolicitud? HTTP/1.1" 200 16637
186.103.157.42 - - [12/Mar/2018:08:53:39 -0300] "GET /cormun/servlet/trautorizarsolicitud? HTTP/1.1" 200 16637
186.103.159.204 - - [12/Mar/2018:08:53:47 -0300] "GET /cormun/servlet/solicitudot?ade7b571460b4c40b1bb02e2c13abc280c435155b7d1600cb5660aa5710f5a16d5acfe804044eabcce6ff1c40a259cbf3b706306a1c44a94941703b421d314079dc3826868ba99751908965ed6361dd4f4ebafe03d34a51fa50cca26e28d28c67b4eec63e30b0988c9824e71380ec3db8d4cca5008a3f166d1ecbf0bc0ca334c4fbf7d6ad06db682332ea1208dd8e113ebc5ea3b8c60141a0cdf70857ac1aa4d,gx-no-cache=1520855577989 HTTP/1.1" 200 29
186.103.159.204 - - [12/Mar/2018:08:53:48 -0300] "POST /cormun/servlet/solicitudot?gx-no-cache=1520855578161 HTTP/1.1" 200 1318
186.103.159.204 - - [12/Mar/2018:08:53:48 -0300] "POST /cormun/servlet/solicitudot?gx-no-cache=1520855578637 HTTP/1.1" 200 1218
186.103.159.204 - - [12/Mar/2018:08:53:48 -0300] "GET /cormun/servlet/solicitudot?ade7b571460b4c40b1bb02e2c13abc2851f487d848425085716fc77cfbf5bb5ea62cc34e14250d5ecfe8361920fc7da2,gx-no-cache=1520855578867 HTTP/1.1" 200 30
186.103.159.204 - - [12/Mar/2018:08:53:48 -0300] "POST /cormun/servlet/solicitudot?gx-no-cache=1520855578938 HTTP/1.1" 200 30
186.103.157.42 - - [12/Mar/2018:08:53:48 -0300] "POST /cormun/servlet/trautorizarsolicitud?55db7c14b33244905c713b54e8a81ffe,,gx-no-cache=1520855573994 HTTP/1.1" 200 13939
186.103.159.204 - - [12/Mar/2018:08:53:50 -0300] "POST /cormun/servlet/solicitudot?977049f055e4415ebc0e553a34390d13,UPD,2018,9393,,gx-no-cache=1520855579090 HTTP/1.1" 200 93
186.103.159.204 - - [12/Mar/2018:08:53:51 -0300] "GET /cormun/servlet/hpexe_return? HTTP/1.1" 200 1018
186.103.159.204 - - [12/Mar/2018:08:53:54 -0300] "GET /cormun/servlet/trsolicitudot? HTTP/1.1" 200 10093
186.103.157.42 - - [12/Mar/2018:08:53:55 -0300] "GET /cormun/servlet/trautorizarsolicitud? HTTP/1.1" 200 16637
186.103.157.42 - - [12/Mar/2018:08:53:57 -0300] "GET /cormun/servlet/trautorizarsolicitud? HTTP/1.1" 200 16637
186.103.157.42 - - [12/Mar/2018:08:54:03 -0300] "GET /cormun/servlet/trsolicitudot? HTTP/1.1" 200 8835
186.103.157.42 - - [12/Mar/2018:08:54:04 -0300] "GET /cormun/servlet/trsolicitudot? HTTP/1.1" 200 8834
192.168.10.97 - - [12/Mar/2018:08:54:10 -0300] "GET /cormun/servlet/trfichaempleado? HTTP/1.1" 200 10694
186.103.159.204 - - [12/Mar/2018:08:54:14 -0300] "GET /cormun/servlet/trsolicitudot? HTTP/1.1" 200 10089
186.103.157.42 - - [12/Mar/2018:08:54:16 -0300] "POST /cormun/servlet/trsolicitudot?55db7c14b33244905c713b54e8a81ffe,,gx-no-cache=1520855605448 HTTP/1.1" 200 4670
186.103.157.42 - - [12/Mar/2018:08:54:18 -0300] "POST /cormun/servlet/trsolicitudot?55db7c14b33244905c713b54e8a81ffe,,gx-no-cache=1520855607133 HTTP/1.1" 200 4453
186.103.157.42 - - [12/Mar/2018:08:54:22 -0300] "GET /cormun/servlet/trautorizarsolicitud? HTTP/1.1" 200 16635
186.103.159.204 - - [12/Mar/2018:08:54:22 -0300] "POST /cormun/servlet/trsolicitudot?977049f055e4415ebc0e553a34390d13,,gx-no-cache=1520855610514 HTTP/1.1" 200 6887
186.103.159.204 - - [12/Mar/2018:08:54:23 -0300] "GET /cormun/static/Shared/jqueryui/images/ui-bg_highlight-soft_100_c6c2c8_1x100.png HTTP/1.1" 404 1117
186.103.159.204 - - [12/Mar/2018:08:54:23 -0300] "GET /cormun/static/Shared/jqueryui/images/ui-icons_82798d_256x240.png HTTP/1.1" 404 1089
186.103.159.204 - - [12/Mar/2018:08:54:23 -0300] "GET /cormun/static/Shared/jqueryui/images/ui-icons_8d78a5_256x240.png HTTP/1.1" 404 1089
186.103.159.204 - - [12/Mar/2018:08:54:23 -0300] "GET /cormun/static/Shared/jqueryui/images/ui-bg_flat_55_fafafa_40x100.png HTTP/1.1" 404 1097
186.103.157.42 - - [12/Mar/2018:08:54:24 -0300] "GET /cormun/servlet/trautorizarsolicitud? HTTP/1.1" 200 16634
186.103.159.204 - - [12/Mar/2018:08:54:25 -0300] "POST /cormun/servlet/trsolicitudot?977049f055e4415ebc0e553a34390d13,,gx-no-cache=1520855613182 HTTP/1.1" 200 6828
186.103.157.42 - - [12/Mar/2018:08:54:36 -0300] "POST /cormun/servlet/trautorizarsolicitud?55db7c14b33244905c713b54e8a81ffe,,gx-no-cache=1520855617452 HTTP/1.1" 200 13960
186.103.159.204 - - [12/Mar/2018:08:54:40 -0300] "POST /cormun/servlet/trsolicitudot?977049f055e4415ebc0e553a34390d13,,gx-no-cache=1520855629109 HTTP/1.1" 200 6474
186.103.157.42 - - [12/Mar/2018:08:54:41 -0300] "POST /cormun/servlet/trautorizarsolicitud?55db7c14b33244905c713b54e8a81ffe,,gx-no-cache=1520855627396 HTTP/1.1" 200 13901
186.103.159.204 - - [12/Mar/2018:08:54:46 -0300] "POST /cormun/servlet/trsolicitudot?977049f055e4415ebc0e553a34390d13,,gx-no-cache=1520855630665 HTTP/1.1" 200 6454
186.103.157.42 - - [12/Mar/2018:08:54:51 -0300] "GET /cormun/servlet/trsolicitudot? HTTP/1.1" 200 7469
186.103.157.42 - - [12/Mar/2018:08:54:53 -0300] "GET /cormun/servlet/trsolicitudot? HTTP/1.1" 200 7468
186.103.157.42 - - [12/Mar/2018:08:54:55 -0300] "GET /cormun/servlet/solicitudot?INS,0,0, HTTP/1.1" 200 13697
186.103.157.42 - - [12/Mar/2018:08:54:57 -0300] "GET /cormun/servlet/solicitudot?INS,0,0, HTTP/1.1" 200 13702
186.103.157.42 - - [12/Mar/2018:08:55:11 -0300] "POST /cormun/servlet/solicitudot?gx-no-cache=1520855659887 HTTP/1.1" 200 3406
186.103.157.42 - - [12/Mar/2018:08:55:14 -0300] "POST /cormun/servlet/solicitudot?55db7c14b33244905c713b54e8a81ffe,INS,0,0,,gx-no-cache=1520855661362 HTTP/1.1" 200 10563
186.103.157.42 - - [12/Mar/2018:08:55:14 -0300] "GET /cormun/servlet/solicitudot?712d65b014048a2f1547b481e9e3f4f7aa255b6846a32afbe432e8c90f1a44605599f8218a99652d9d2aeb2296833994,gx-no-cache=1520855664634 HTTP/1.1" 200 30
186.103.159.204 - - [12/Mar/2018:08:55:19 -0300] "POST /cormun/servlet/trsolicitudot?977049f055e4415ebc0e553a34390d13,,gx-no-cache=1520855665022 HTTP/1.1" 200 106
186.103.159.204 - - [12/Mar/2018:08:55:20 -0300] "GET /cormun/servlet/solicitudot?UPD,2018,8437, HTTP/1.1" 200 15073
186.103.159.204 - - [12/Mar/2018:08:55:20 -0300] "GET /cormun/servlet/solicitudot?UPD,2018,8437, HTTP/1.1" 200 15082
186.103.157.42 - - [12/Mar/2018:08:55:21 -0300] "GET /cormun/servlet/solicitudot?712d65b014048a2f1547b481e9e3f4f7e77893243941c03a19ca1bb17340ed4395596a07569157131343233c247d76aedf01926d55da83ae2e5115b209806aa5,gx-no-cache=1520855671464 HTTP/1.1" 200 30
186.103.157.42 - - [12/Mar/2018:08:55:21 -0300] "GET /cormun/servlet/solicitudot?712d65b014048a2f1547b481e9e3f4f7e157f79cc1396b47419c57c3f1e25ea3,gx-no-cache=1520855671975 HTTP/1.1" 200 51
186.103.157.42 - - [12/Mar/2018:08:55:21 -0300] "POST /cormun/servlet/solicitudot?gx-no-cache=1520855672062 HTTP/1.1" 200 297
186.103.157.42 - - [12/Mar/2018:08:55:22 -0300] "GET /cormun/servlet/solicitudot?712d65b014048a2f1547b481e9e3f4f7e089e5d850207b011b01c92cffc61b8282c91e2ae953dd1825025313d00d34c69d49c6d8194b7287ad87b12e94a110426e1bce6e1e65761b1349b8728826aecea476db6d36a0e680d73e4f3ad93de5134898781e4d8889321b29705a0fb96e922fa08bf8037eb6a78420e7919800866d692670d8c951ea109c8b282bab14df0ba1ebd1e9589ada4f21c0947e21fb1e3f811570ae395d7817e90963ccb8d3860f3252c32803667866f232c447c8dfd512a7e4854abcce4946e9b2493a9c9ed9361e3da3c49bd24b713b5c8caba6e99d36eb7a64264a001f112249eebf9a64c0bdf52d71a771471c302768478ebc4e31446c5fe285035bb6feee63db0795959f8bb88f7e49f725ba49d2bc02d568f2d189485e74988c1c3916615d80c08279dd67f0699a22db000d1a935260ac1ddce8b34d65f55ef79d8981009fc85ef03bdfa775c717fac535af322f3742ad37c35fc792ac66c47ac35ff919a3a59aff1e2f88b519507949e03f9b2505aecd051a0b131af8bce86df80c51bcc14ecdf14e5799,gx-no-cache=1520855672228 HTTP/1.1" 200 30
186.103.157.42 - - [12/Mar/2018:08:55:25 -0300] "POST /cormun/servlet/solicitudot?gx-no-cache=1520855674765 HTTP/1.1" 200 30
186.103.159.204 - - [12/Mar/2018:08:55:25 -0300] "POST /cormun/servlet/solicitudot?gx-no-cache=1520855671117 HTTP/1.1" 200 3413
186.103.159.204 - - [12/Mar/2018:08:55:27 -0300] "POST /cormun/servlet/solicitudot?977049f055e4415ebc0e553a34390d13,UPD,2018,8437,,gx-no-cache=1520855676251 HTTP/1.1" 200 11552
186.103.159.204 - - [12/Mar/2018:08:55:28 -0300] "GET /cormun/servlet/solicitudot?ade7b571460b4c40b1bb02e2c13abc2838e1d2188dd68b37bda283e0b7a3a72aafc4f1f7b3a4f1f36eff4a3c97921534,gx-no-cache=1520855678264 HTTP/1.1" 200 30
186.103.157.42 - - [12/Mar/2018:08:55:28 -0300] "POST /cormun/servlet/solicitudot?gx-no-cache=1520855678930 HTTP/1.1" 200 1337
186.103.157.42 - - [12/Mar/2018:08:55:28 -0300] "POST /cormun/servlet/solicitudot?gx-no-cache=1520855679115 HTTP/1.1" 200 38
186.103.159.204 - - [12/Mar/2018:08:55:30 -0300] "GET /cormun/servlet/solicitudot?ade7b571460b4c40b1bb02e2c13abc286510afea87748a716f81eb51b7fe964c99694fe1dbe580d65761058dd28345efafc4f1f7b3a4f1f36eff4a3c97921534,gx-no-cache=1520855678386 HTTP/1.1" 200 30
186.103.159.204 - - [12/Mar/2018:08:55:30 -0300] "GET /cormun/servlet/solicitudot?ade7b571460b4c40b1bb02e2c13abc28c09620ab4b25eb65e1fcd83f303f63b1,gx-no-cache=1520855680603 HTTP/1.1" 200 29
186.103.159.204 - - [12/Mar/2018:08:55:31 -0300] "POST /cormun/servlet/solicitudot?gx-no-cache=1520855680702 HTTP/1.1" 200 297
186.103.159.204 - - [12/Mar/2018:08:55:31 -0300] "GET /cormun/servlet/solicitudot?ade7b571460b4c40b1bb02e2c13abc283c08d59ef7fe83ff81d37e654875e0fa42177d53b9be3d30b2f89154737d92918cc688e2bbe2b3a8f0a1d86d1af89186b25d33218a64c97a1e1486e3ea02ba6148df6fc29df9cd4187fe7a4827b18c0501ed05452782ef64576136239d05caa9b58b0aeae1db6a1a6555bd7bfec85761297063529f4dd3944a6fb43656b8f4f206d14127778700bbd3d6aed14691867d4acf26f14db1ee8bb0c57518e5d0d4e86f3da690b4b1df885ddb9be783439b057edeb6713602437b5f0ea00f4ed8257582719ea1788bd6042febb63872f6d3028d1bff67c0c9cb821668183654bac268d13b47901190fa9099b913b502d1aed0deb63e5f855f7dfc6ba2fb7effdfd9fb45657bb0a8c87ddec922593b6783f5a2dac5e1b9839c539ea6dd4d1b754ea29a340af05cd8dcd6682f0f2249c500b6e1aa7f92cf9106c88c8c08236886695c59d1e99615cc6de7bbca9deb81adf187de8bf6d70f6ca658c89f3fb1b26d838e63581feec81bce38633f8b6eb69b067476f5ee50bf6935d97b9f6f772b7ce3f6a0,gx-no-cache=1520855681738 HTTP/1.1" 200 30
186.103.159.204 - - [12/Mar/2018:08:55:32 -0300] "POST /cormun/servlet/solicitudot?gx-no-cache=1520855682145 HTTP/1.1" 200 30
186.103.159.204 - - [12/Mar/2018:08:55:34 -0300] "POST /cormun/servlet/solicitudot?gx-no-cache=1520855682637 HTTP/1.1" 200 1336
186.103.157.42 - - [12/Mar/2018:08:55:36 -0300] "GET /cormun/servlet/solicitudot?712d65b014048a2f1547b481e9e3f4f7a504d450fc9be5ba0d7d89e47c5964a4bef4d806143128bfbf1e03e284553349c17532a7ccc313e8105ef16fa27d54c65f223e4d0ec7378a296c98d23106a7d293d67f10369927f4c6a322e13d811a2b4695eec6f9d4559eeff3d779bd9a5cd4,gx-no-cache=1520855686042 HTTP/1.1" 200 29
186.103.157.42 - - [12/Mar/2018:08:55:37 -0300] "POST /cormun/servlet/solicitudot?gx-no-cache=1520855686532 HTTP/1.1" 200 1319
186.103.157.42 - - [12/Mar/2018:08:55:38 -0300] "POST /cormun/servlet/solicitudot?gx-no-cache=1520855687379 HTTP/1.1" 200 1218
186.103.157.42 - - [12/Mar/2018:08:55:38 -0300] "GET /cormun/static/menuarrow.gif HTTP/1.1" 404 1015
186.103.157.42 - - [12/Mar/2018:08:55:40 -0300] "POST /cormun/servlet/solicitudot?gx-no-cache=1520855689818 HTTP/1.1" 200 1319
186.103.157.42 - - [12/Mar/2018:08:55:41 -0300] "POST /cormun/servlet/solicitudot?gx-no-cache=1520855690482 HTTP/1.1" 200 1218
186.103.157.42 - - [12/Mar/2018:08:55:42 -0300] "GET /cormun/servlet/solicitudot?712d65b014048a2f1547b481e9e3f4f70f6fdd2260d681e2faf92b69055041a91a04c3558edc1f1667d33e32fba7ac08,gx-no-cache=1520855693053 HTTP/1.1" 200 30
192.168.10.56 - - [12/Mar/2018:08:55:44 -0300] "GET /cormun/servlet/solicitudgral2?UPD,2018,10376, HTTP/1.1" 200 12979
192.168.10.56 - - [12/Mar/2018:08:55:44 -0300] "GET /cormun/servlet/solicitudgral2?UPD,2018,10376, HTTP/1.1" 200 12989
192.168.10.56 - - [12/Mar/2018:08:55:45 -0300] "POST /cormun/servlet/solicitudgral2?gx-no-cache=1520855581917 HTTP/1.1" 200 3894
192.168.10.56 - - [12/Mar/2018:08:55:45 -0300] "GET /cormun/servlet/solicitudgral2?c2f73860c42703dde4075d1d05d9fade3fff6884afd5cd97aa3bf8fe3ec600dcfe1ccae20114bcffd9a4a93520913e2366aac84bc9fb408072e77e3e5e095fec9b9e71560ab3891966697fd8a90c359cf68353e03556fb39dbb2ce7d867ec4cd3dc1078fb3da7d0efb52b10ce503c980e2a2c9e86734c745b9180bbf8c7d6457e31081170d3135fa268c7818b4035949df5bb433ff7ae24266d6779f1aa350dfca328b6039cd90f4977ead87acb33b072fce26a3c6922f79dc4945df71244f001a36c859001dd970a2ed12658fbd57150c48cf792f85edd2323a1a2bec43dcda5c77258f0035d7006dcecbadda876b979d08d1aff2b8f5a553ecbb7b762b0ece43a7c367ced0b35f0ae055289817897db007c680255da08915881fabce919a17366d2025080364b4e5ad6536d7063ffad2b501897f57944d93e87cd04c9f92ffb024b4adf0dd079add46a7971799083d,gx-no-cache=1520855582110 HTTP/1.1" 200 255
192.168.10.56 - - [12/Mar/2018:08:55:45 -0300] "POST /cormun/servlet/solicitudgral2?gx-no-cache=1520855582228 HTTP/1.1" 200 1398
192.168.10.56 - - [12/Mar/2018:08:55:45 -0300] "GET /cormun/servlet/solicitudgral2?c2f73860c42703dde4075d1d05d9fadeef0eca10f71a22808b2653cef5666c1c5e380ab4e5e49775fa15ec68d91d14528673a5f9e3886953702c4d53aa513f30838e823ea300af78f762195950858ea962ccec35723d64d61269f7c5a1ee834acfdab5911538eb6c32ef56ac665586ce,gx-no-cache=1520855582310 HTTP/1.1" 200 41
192.168.10.56 - - [12/Mar/2018:08:55:45 -0300] "POST /cormun/servlet/solicitudgral2?72f87baf45034d21d5528557c937086e,UPD,2018,10376,,gx-no-cache=1520855582358 HTTP/1.1" 200 11842
192.168.10.56 - - [12/Mar/2018:08:55:45 -0300] "GET /cormun/servlet/solicitudgral2?c2f73860c42703dde4075d1d05d9fade4c830776f4bdfc35eef4c18c8e052e04c3883ef67613825e0d02887c12fb5a4df5ca35124e0f84ff7ce586584dc820e0072dfdb9024f5cc138ea763514cfbe4e5109398121e6026478a2f0fe1253fbe61219a113cc9b1dd1ddb10f6e9f9c46882049d22c6f6b8b9c467165e4a637e8363fe33bee9a97679167c97c1d819de7a58ad3534d360db78c32e3d25caaac06be,gx-no-cache=1520855582621 HTTP/1.1" 200 29
192.168.10.56 - - [12/Mar/2018:08:55:45 -0300] "POST /cormun/servlet/solicitudgral2?gx-no-cache=1520855582652 HTTP/1.1" 200 1296
192.168.10.56 - - [12/Mar/2018:08:55:45 -0300] "POST /cormun/servlet/solicitudgral2?gx-no-cache=1520855582750 HTTP/1.1" 200 1219
186.103.157.42 - - [12/Mar/2018:08:55:49 -0300] "POST /cormun/servlet/solicitudot?gx-no-cache=1520855698849 HTTP/1.1" 200 30
192.168.10.56 - - [12/Mar/2018:08:55:53 -0300] "GET /cormun/servlet/solicitudgral2?c2f73860c42703dde4075d1d05d9fade2485d3a76eef8efb85c1113e04f73f1e48b492abdde6ffa077c1c3da5a3b4977d9cb1bb5b0db5c0d348854a60699c33160c928d9ee84a63342ce1a654fe8125bb644a298c230480ba12351ff3a7ef4f5de91d96fc8b2d5aa9cb9291ec15b3d8bafacf1656ae696875dcb2fe0f5db79ac,gx-no-cache=1520855590622 HTTP/1.1" 200 30
192.168.10.56 - - [12/Mar/2018:08:55:53 -0300] "POST /cormun/servlet/solicitudgral2?72f87baf45034d21d5528557c937086e,UPD,2018,10376,,gx-no-cache=1520855590662 HTTP/1.1" 200 93
192.168.10.56 - - [12/Mar/2018:08:55:53 -0300] "GET /cormun/servlet/hpexe_return? HTTP/1.1" 200 1038
192.168.10.56 - - [12/Mar/2018:08:55:54 -0300] "GET /cormun/servlet/trsolicitudgral?gx-no-cache=1520855341495 HTTP/1.1" 200 11126
192.168.10.56 - - [12/Mar/2018:08:55:54 -0300] "GET /cormun/servlet/trsolicitudgral?gx-no-cache=1520855341495 HTTP/1.1" 200 11143
186.103.157.42 - - [12/Mar/2018:08:55:54 -0300] "POST /cormun/servlet/solicitudot?55db7c14b33244905c713b54e8a81ffe,INS,0,0,,gx-no-cache=1520855702368 HTTP/1.1" 200 93
186.103.157.42 - - [12/Mar/2018:08:55:55 -0300] "GET /cormun/servlet/hpexe_return? HTTP/1.1" 200 1001
186.103.157.42 - - [12/Mar/2018:08:55:55 -0300] "GET /cormun/servlet/trsolicitudot HTTP/1.1" 200 8837
186.103.157.42 - - [12/Mar/2018:08:55:57 -0300] "GET /cormun/servlet/trsolicitudot HTTP/1.1" 200 8833
186.103.159.204 - - [12/Mar/2018:08:56:02 -0300] "POST /cormun/servlet/solicitudot?gx-no-cache=1520855684361 HTTP/1.1" 500 4102
186.103.157.42 - - [12/Mar/2018:08:56:11 -0300] "POST /cormun/servlet/trsolicitudot?55db7c14b33244905c713b54e8a81ffe,gx-no-cache=1520855715905 HTTP/1.1" 200 4675
186.103.157.42 - - [12/Mar/2018:08:56:14 -0300] "POST /cormun/servlet/trsolicitudot?55db7c14b33244905c713b54e8a81ffe,gx-no-cache=1520855722328 HTTP/1.1" 200 4449
192.168.10.56 - - [12/Mar/2018:08:56:14 -0300] "POST /cormun/servlet/trsolicitudgral?72f87baf45034d21d5528557c937086e,gx-no-cache=1520855341495,gx-no-cache=1520855610894 HTTP/1.1" 200 7691
186.103.159.188 - - [12/Mar/2018:08:56:15 -0300] "GET /cormun/servlet/solicitudot?465c5c4609ee4d2f8175f095d20432c98a463b1ebf55d8e4a623186ebc1f6ddc5d6b82cf7e26553a1a712877586bd6170bbe7c34cf8298391770c6c4982dfabc,gx-no-cache=1520855727982 HTTP/1.1" 200 103
190.161.236.41 - - [12/Mar/2018:08:56:15 -0300] "GET /cormun/static/Shared/jqueryui/images/ui-icons_ebccce_256x240.png HTTP/1.1" 404 1089
190.161.236.41 - - [12/Mar/2018:08:56:15 -0300] "GET /cormun/static/Shared/jqueryui/images/ui-bg_flat_55_994d53_40x100.png HTTP/1.1" 404 1097
186.103.159.188 - - [12/Mar/2018:08:56:15 -0300] "GET /cormun/static/Shared/jqueryui/images/ui-bg_highlight-soft_100_c6c2c8_1x100.png HTTP/1.1" 404 1117
186.103.159.188 - - [12/Mar/2018:08:56:15 -0300] "GET /cormun/static/Shared/jqueryui/images/ui-icons_82798d_256x240.png HTTP/1.1" 404 1089
192.168.10.56 - - [12/Mar/2018:08:56:23 -0300] "POST /cormun/servlet/trsolicitudgral?72f87baf45034d21d5528557c937086e,gx-no-cache=1520855341495,gx-no-cache=1520855620727 HTTP/1.1" 200 6126
192.168.10.56 - - [12/Mar/2018:08:56:23 -0300] "GET /cormun/static/Shared/jqueryui/images/ui-bg_highlight-soft_100_c6c2c8_1x100.png HTTP/1.1" 404 1117
192.168.10.56 - - [12/Mar/2018:08:56:23 -0300] "GET /cormun/static/Shared/jqueryui/images/ui-icons_82798d_256x240.png HTTP/1.1" 404 1089
192.168.10.56 - - [12/Mar/2018:08:56:23 -0300] "GET /cormun/static/Shared/jqueryui/images/ui-bg_flat_55_fafafa_40x100.png HTTP/1.1" 404 1097
192.168.10.56 - - [12/Mar/2018:08:56:23 -0300] "GET /cormun/static/Shared/jqueryui/images/ui-icons_8d78a5_256x240.png HTTP/1.1" 404 1089
192.168.10.56 - - [12/Mar/2018:08:56:29 -0300] "POST /cormun/servlet/trsolicitudgral?72f87baf45034d21d5528557c937086e,gx-no-cache=1520855341495,gx-no-cache=1520855626350 HTTP/1.1" 200 10545
186.103.157.42 - - [12/Mar/2018:08:56:39 -0300] "GET /cormun/servlet/trautorizarsolicitud? HTTP/1.1" 200 16978
186.103.157.42 - - [12/Mar/2018:08:56:41 -0300] "GET /cormun/servlet/trautorizarsolicitud? HTTP/1.1" 200 16978
192.168.10.56 - - [12/Mar/2018:08:56:54 -0300] "POST /cormun/servlet/trsolicitudgral?72f87baf45034d21d5528557c937086e,gx-no-cache=1520855341495,gx-no-cache=1520855650851 HTTP/1.1" 200 9731
186.103.157.42 - - [12/Mar/2018:08:57:01 -0300] "POST /cormun/servlet/trautorizarsolicitud?55db7c14b33244905c713b54e8a81ffe,,gx-no-cache=1520855766617 HTTP/1.1" 200 14292
186.103.157.42 - - [12/Mar/2018:08:57:07 -0300] "POST /cormun/servlet/trautorizarsolicitud?55db7c14b33244905c713b54e8a81ffe,,gx-no-cache=1520855772671 HTTP/1.1" 200 14235
190.161.236.41 - - [12/Mar/2018:08:57:53 -0300] "GET /cormun/servlet/prbanco?,MD,,gxPopupLevel%3D0%3B HTTP/1.1" 200 6575
190.161.236.41 - - [12/Mar/2018:08:57:53 -0300] "GET /cormun/static/gxcfg.js?20181161016094 HTTP/1.1" 304 -
186.103.159.188 - - [12/Mar/2018:08:57:53 -0300] "GET /cormun/static/prbanco.js?2018116101633 HTTP/1.1" 304 -
186.103.159.188 - - [12/Mar/2018:08:58:00 -0300] "GET /cormun/servlet/solicitudot?465c5c4609ee4d2f8175f095d20432c943de728e5e124d2b26bc82123cde7ce4,gx-no-cache=1520855833928 HTTP/1.1" 200 53
192.168.10.89 - - [12/Mar/2018:08:58:22 -0300] "GET /cormun/servlet/hlogin HTTP/1.1" 200 1737
192.168.10.89 - - [12/Mar/2018:08:58:29 -0300] "POST /cormun/servlet/hlogin?3571a58ab1db256c99a811ffb6fe4642,gx-no-cache=1520855745988 HTTP/1.1" 200 90
192.168.10.89 - - [12/Mar/2018:08:58:29 -0300] "GET /cormun/servlet/hpexe_link HTTP/1.1" 200 949
192.168.10.89 - - [12/Mar/2018:08:58:29 -0300] "GET /cormun/servlet/hhome HTTP/1.1" 200 4920
192.168.10.89 - - [12/Mar/2018:08:58:31 -0300] "GET /cormun/servlet/trfuncionariobloqueados? HTTP/1.1" 200 10618
192.168.10.89 - - [12/Mar/2018:08:58:36 -0300] "GET /cormun/servlet/funcionariobloqueados?DLT,7328366, HTTP/1.1" 200 6248
192.168.10.89 - - [12/Mar/2018:08:58:36 -0300] "GET /cormun/static/gxcfg.js?2018123205875 HTTP/1.1" 304 -
192.168.10.89 - - [12/Mar/2018:08:58:37 -0300] "GET /cormun/static/Shared/jqueryui/images/ui-icons_82798d_256x240.png HTTP/1.1" 404 1089
192.168.10.89 - - [12/Mar/2018:08:58:37 -0300] "GET /cormun/static/Shared/jqueryui/images/ui-bg_highlight-soft_100_c6c2c8_1x100.png HTTP/1.1" 404 1117
192.168.10.89 - - [12/Mar/2018:08:58:37 -0300] "GET /cormun/static/Shared/jqueryui/images/ui-bg_flat_55_fafafa_40x100.png HTTP/1.1" 404 1097
192.168.10.89 - - [12/Mar/2018:08:58:37 -0300] "GET /cormun/static/Shared/jqueryui/images/ui-icons_8d78a5_256x240.png HTTP/1.1" 404 1089
192.168.10.89 - - [12/Mar/2018:08:58:38 -0300] "POST /cormun/servlet/funcionariobloqueados?3571a58ab1db256c99a811ffb6fe4642,DLT,7328366,,gx-no-cache=1520855755558 HTTP/1.1" 200 93
192.168.10.89 - - [12/Mar/2018:08:58:38 -0300] "GET /cormun/servlet/hpexe_return? HTTP/1.1" 200 1019
192.168.10.89 - - [12/Mar/2018:08:58:38 -0300] "GET /cormun/static/gxcfg.js?2016101716175148 HTTP/1.1" 304 -
192.168.10.89 - - [12/Mar/2018:08:58:38 -0300] "GET /cormun/servlet/trfuncionariobloqueados HTTP/1.1" 200 10622
186.103.159.188 - - [12/Mar/2018:08:58:43 -0300] "POST /cormun/servlet/solicitudot?gx-no-cache=1520855876955 HTTP/1.1" 200 297
186.103.159.188 - - [12/Mar/2018:08:58:43 -0300] "GET /cormun/servlet/solicitudot?465c5c4609ee4d2f8175f095d20432c9b7f8d7ab3e0af4ea65cc4a93e4d4447414f4b4f06992a704a23456ad685ba6c667a47d80efe5de13b4a2001a45ed4030582ce11bca4b8d081130dd89d14e4950b09ee5d6b8b7c78bb9111ed01aa4bff716c05523eb9e09911bc9e421f2a02866e2e51dc268c920c62435858825c2871c2779536bb79bd85c64d63dd5d93c7dbf887f9254ce32ca2328c683fa8aee46e2c6c51be7aa024251537180cf17e086bbb3c5de2bf01b82a9f391c0fa6e39c37987313e3649785ec72b22e6e6c0727a10533348bc41159ff3d1729f27333da48a7b5f28e6b82f8dd7f5ae9ca74cf77a9f1c98aeccbcda6c8a864a551aea41a1a6ad0fa8627003ca1de572efa5d919cb0f66d0306e6af2ac611cd4166a303428bd02cef87b7c9857098bf9072b19d2203e89a3a54dc0f5365d5ffdf6a64895172f5118cb3f25df6d130c7a5e5fca2f2603d4da9b876486e17878ab145f316bb9cd67d7f9e45694856cb82f18e349530771aaa3232f82652e52404edfb572263275a39a333ce466d66601d32689f94d1dd3,gx-no-cache=1520855877087 HTTP/1.1" 200 30
186.103.159.188 - - [12/Mar/2018:08:58:46 -0300] "POST /cormun/servlet/solicitudot?gx-no-cache=1520855879808 HTTP/1.1" 200 30
186.103.159.188 - - [12/Mar/2018:08:58:50 -0300] "GET /cormun/servlet/prcontratosol?18039338,,,,,MD,,gxPopupLevel%3D0%3B HTTP/1.1" 200 5634
186.103.159.188 - - [12/Mar/2018:08:58:50 -0300] "GET /cormun/static/gxcfg.js?201761413223964 HTTP/1.1" 304 -
186.103.159.188 - - [12/Mar/2018:08:58:53 -0300] "POST /cormun/servlet/solicitudot?gx-no-cache=1520855887220 HTTP/1.1" 200 1333
186.103.159.188 - - [12/Mar/2018:08:58:53 -0300] "POST /cormun/servlet/solicitudot?gx-no-cache=1520855887343 HTTP/1.1" 200 38
186.103.159.188 - - [12/Mar/2018:08:58:54 -0300] "GET /cormun/servlet/solicitudot?465c5c4609ee4d2f8175f095d20432c9a1f94e662f53ef392bc2a265ec79a70e8a16a4fafbad58b18a28d1c2d7a60a898588ce45c3b93464c723a9a5bf218e7bc87180d7ad8b21dbfcbaf5fe608a3902207557e269913b094e9688fca14a99ac0d34636f25ffbdd4a57b950bdf2e6b50,gx-no-cache=1520855887848 HTTP/1.1" 200 29
