186.103.156.24 - - [12/Mar/2018:11:26:53 -0300] "GET /cormun/servlet/trautorizarsolicitud? HTTP/1.1" 200 8695
186.103.156.24 - - [12/Mar/2018:11:26:57 -0300] "POST /cormun/servlet/trautorizarsolicitud?80423134f68226111fd9f21cfe0be8ba,,gx-no-cache=1520864765832 HTTP/1.1" 200 4615
186.103.156.24 - - [12/Mar/2018:11:26:57 -0300] "GET /cormun/static/Shared/jqueryui/images/ui-bg_highlight-soft_100_c6c2c8_1x100.png HTTP/1.1" 404 1117
186.103.156.24 - - [12/Mar/2018:11:26:57 -0300] "GET /cormun/static/Shared/jqueryui/images/ui-icons_82798d_256x240.png HTTP/1.1" 404 1089
186.103.156.24 - - [12/Mar/2018:11:26:57 -0300] "GET /cormun/static/Shared/jqueryui/images/ui-bg_flat_55_fafafa_40x100.png HTTP/1.1" 404 1097
186.103.156.24 - - [12/Mar/2018:11:26:57 -0300] "GET /cormun/static/Shared/jqueryui/images/ui-icons_8d78a5_256x240.png HTTP/1.1" 404 1089
186.103.156.24 - - [12/Mar/2018:11:26:58 -0300] "POST /cormun/servlet/trautorizarsolicitud?80423134f68226111fd9f21cfe0be8ba,,gx-no-cache=1520864767726 HTTP/1.1" 200 4382
186.103.156.24 - - [12/Mar/2018:11:27:01 -0300] "GET /cormun/servlet/vesolicitudot?2018,9546,, HTTP/1.1" 200 8610
186.103.156.24 - - [12/Mar/2018:11:27:01 -0300] "GET /cormun/pexe_scrolldiv.js HTTP/1.1" 404 1009
186.103.156.24 - - [12/Mar/2018:11:27:01 -0300] "GET /cormun/static/vesolicitudot.js?2017111422591449 HTTP/1.1" 200 6091
186.103.156.24 - - [12/Mar/2018:11:27:01 -0300] "GET /cormun/static/hwcviewtabs.js?20177611594913 HTTP/1.1" 200 1074
186.103.156.24 - - [12/Mar/2018:11:27:01 -0300] "GET /cormun/static/hpexe_tabsview.js?201610171694228 HTTP/1.1" 200 1661
186.103.156.24 - - [12/Mar/2018:11:27:01 -0300] "GET /cormun/static/gxcfg.js?2017111422591385 HTTP/1.1" 200 953
186.103.156.24 - - [12/Mar/2018:11:27:01 -0300] "GET /cormun/pexe_scrolldiv.js HTTP/1.1" 404 1009
186.103.156.24 - - [12/Mar/2018:11:27:01 -0300] "GET /cormun/static/tbsolicitudot01.js?2017111422581186 HTTP/1.1" 200 30566
186.103.156.24 - - [12/Mar/2018:11:27:01 -0300] "GET /cormun/static/Resources/PXToolsTabFirstSelected.png HTTP/1.1" 200 1259
186.103.156.24 - - [12/Mar/2018:11:27:01 -0300] "GET /cormun/static/Resources/PXToolsTabLastUnselected.png HTTP/1.1" 200 1291
186.103.156.24 - - [12/Mar/2018:11:27:01 -0300] "GET /cormun/static/Resources/PXToolsTabPrevious.gif HTTP/1.1" 200 172
186.103.156.24 - - [12/Mar/2018:11:27:01 -0300] "GET /cormun/static/Resources/PXToolsTabNext.gif HTTP/1.1" 200 168
186.103.156.24 - - [12/Mar/2018:11:27:02 -0300] "GET /cormun/static/calendar-system.css HTTP/1.1" 200 5572
186.103.156.24 - - [12/Mar/2018:11:27:02 -0300] "GET /cormun/static/Resources/PXToolsTabBackUnselected.png HTTP/1.1" 200 1175
186.103.156.24 - - [12/Mar/2018:11:27:02 -0300] "GET /cormun/static/Resources/PXToolsTabBackSelected.png HTTP/1.1" 200 1157
186.103.156.24 - - [12/Mar/2018:11:27:02 -0300] "GET /cormun/static/Resources/PXToolsTabSelectedUnselected.png HTTP/1.1" 200 1428
186.103.156.24 - - [12/Mar/2018:11:27:02 -0300] "GET /cormun/static/Resources/PXToolsTabUnselectedUnselected.png HTTP/1.1" 200 1459
186.103.156.24 - - [12/Mar/2018:11:27:02 -0300] "GET /cormun/servlet/vesolicitudot?2018,9546,, HTTP/1.1" 200 8610
186.103.156.24 - - [12/Mar/2018:11:27:03 -0300] "GET /cormun/static/Shared/jqueryui/images/ui-bg_highlight-soft_100_eae6ea_1x100.png HTTP/1.1" 404 1117
190.100.93.40 - - [12/Mar/2018:11:27:05 -0300] "POST /cormun/servlet/solicitudot?gx-no-cache=1520864774690 HTTP/1.1" 200 297
190.100.93.40 - - [12/Mar/2018:11:27:08 -0300] "GET /cormun/servlet/solicitudot?6a3d5b2825b61007e68101800d61d39d9bd2379ed3fa0f93b3421133a7135b44ac5773a675499fd11becb6c2be2a42539fd13711904820fd56c6bec99cd5643e4fe8711d6abd59741f55e5ba76741971afd9e3f8209141e0558caff61726217a0ad3dc38323413ae95167f68e7ce819d96cf24e08e51fa895e20733217c5f402534d1f3b5985bd028b09399fbfb6e6cd25c3da9dc72516e92db3e63b3ef717fdc59d6b2b6ec4724897f908011ccf12c40c5073aae3bd358b00cc4efe7d2dd61f166cf4b3c0677e393b619558ac08c9f6736e6fad08ee3f6432f538fac71a12a7206a54c52b694e2faf3b6d12b7e8c1c8a47c6ac22564ad8947037f4c3dc652c91dc2acecfa94b739dd9797cf72ec854b2c2d437165c3a3150c0bded1ed55201be1d4f154ca3f9f7f82aedd8ce389872c78974d0ccb1120e1c91f157bf66eccc3f94f6e87dd31fbee6807b9b19beb1eea393c12269ac3bf6ee967f3bb4ab4c27b4b42a45c41b7fc33bcf959501c05e0b9a8bd820bb715c71c95dfac7aeeb3c355224aeb1f9dc4b7afb4e560ab7aa01271,gx-no-cache=1520864778661 HTTP/1.1" 200 30
186.103.156.24 - - [12/Mar/2018:11:27:11 -0300] "POST /cormun/servlet/vesolicitudot?78b1b1b7d96bca228a2cac746db5092e,2018,9546,,,gx-no-cache=1520864781034 HTTP/1.1" 200 93
186.103.156.24 - - [12/Mar/2018:11:27:11 -0300] "GET /cormun/servlet/hpexe_return? HTTP/1.1" 200 1005
186.103.156.24 - - [12/Mar/2018:11:27:11 -0300] "GET /cormun/static/hpexe_return.js?2016101716175153 HTTP/1.1" 200 1633
186.103.156.24 - - [12/Mar/2018:11:27:11 -0300] "GET /cormun/static/gxcfg.js?2016101716175148 HTTP/1.1" 200 953
190.100.93.40 - - [12/Mar/2018:11:27:12 -0300] "POST /cormun/servlet/solicitudot?gx-no-cache=1520864782153 HTTP/1.1" 200 30
190.100.93.40 - - [12/Mar/2018:11:27:14 -0300] "POST /cormun/servlet/solicitudot?gx-no-cache=1520864784482 HTTP/1.1" 200 1333
186.103.156.24 - - [12/Mar/2018:11:27:14 -0300] "GET /cormun/static/Resources/Spanish/PXTools.css?167811 HTTP/1.1" 200 89042
190.100.93.40 - - [12/Mar/2018:11:27:14 -0300] "POST /cormun/servlet/solicitudot?gx-no-cache=1520864784604 HTTP/1.1" 200 38
186.103.156.24 - - [12/Mar/2018:11:27:15 -0300] "GET /cormun/servlet/trsolicitudot? HTTP/1.1" 200 21496
186.103.159.182 - - [12/Mar/2018:11:27:15 -0300] "GET /cormun/servlet/trautorizarsolicitud? HTTP/1.1" 200 7368
186.103.156.24 - - [12/Mar/2018:11:27:15 -0300] "GET /cormun/servlet/trsolicitudot? HTTP/1.1" 200 21492
186.103.159.182 - - [12/Mar/2018:11:27:16 -0300] "GET /cormun/servlet/trautorizarsolicitud? HTTP/1.1" 200 7368
186.103.159.182 - - [12/Mar/2018:11:27:19 -0300] "GET /cormun/static/menuarrow.gif HTTP/1.1" 404 1015
200.111.191.210 - - [12/Mar/2018:11:27:23 -0300] "GET /cormun/servlet/hlogin HTTP/1.1" 200 1719
200.111.191.210 - - [12/Mar/2018:11:27:24 -0300] "GET /cormun/static/gxtimezone.js?85251 HTTP/1.1" 304 -
200.111.191.210 - - [12/Mar/2018:11:27:24 -0300] "GET /cormun/static/gxcfg.js?20175251213516 HTTP/1.1" 304 -
200.111.191.210 - - [12/Mar/2018:11:27:24 -0300] "GET /cormun/static/messages.spa.js?85251 HTTP/1.1" 304 -
200.111.191.210 - - [12/Mar/2018:11:27:24 -0300] "GET /cormun/servlet/hlogin HTTP/1.1" 200 1729
186.103.159.182 - - [12/Mar/2018:11:27:28 -0300] "POST /cormun/servlet/trautorizarsolicitud?b410a89f6ae6784b342387fb9f4bb2cb,,gx-no-cache=1520864740943 HTTP/1.1" 200 4399
200.111.191.210 - - [12/Mar/2018:11:27:31 -0300] "POST /cormun/servlet/hlogin?df69ea005d0c20dc5d92ff8eacd5ab11,gx-no-cache=1520864801507 HTTP/1.1" 200 90
200.111.191.210 - - [12/Mar/2018:11:27:31 -0300] "GET /cormun/servlet/hpexe_link HTTP/1.1" 200 947
200.111.191.210 - - [12/Mar/2018:11:27:31 -0300] "GET /cormun/static/gxcfg.js?20177612121792 HTTP/1.1" 304 -
200.111.191.210 - - [12/Mar/2018:11:27:31 -0300] "GET /cormun/servlet/hhome HTTP/1.1" 200 3956
200.111.191.210 - - [12/Mar/2018:11:27:31 -0300] "GET /cormun/static/gxcfg.js?20175251212442 HTTP/1.1" 304 -
200.111.191.210 - - [12/Mar/2018:11:27:32 -0300] "GET /cormun/servlet/hhome HTTP/1.1" 200 3952
186.103.159.182 - - [12/Mar/2018:11:27:32 -0300] "POST /cormun/servlet/trautorizarsolicitud?b410a89f6ae6784b342387fb9f4bb2cb,,gx-no-cache=1520864746171 HTTP/1.1" 200 6601
200.111.191.210 - - [12/Mar/2018:11:27:34 -0300] "GET /cormun/servlet/trpermisosgoce? HTTP/1.1" 200 7781
200.111.191.210 - - [12/Mar/2018:11:27:34 -0300] "GET /cormun/static/gxcfg.js?20177612163875 HTTP/1.1" 304 -
200.111.191.210 - - [12/Mar/2018:11:27:34 -0300] "GET /cormun/static/calendar.js?85251 HTTP/1.1" 304 -
200.111.191.210 - - [12/Mar/2018:11:27:34 -0300] "GET /cormun/static/calendar-setup.js?85251 HTTP/1.1" 304 -
200.111.191.210 - - [12/Mar/2018:11:27:34 -0300] "GET /cormun/static/calendar-es.js?85251 HTTP/1.1" 304 -
200.111.191.210 - - [12/Mar/2018:11:27:34 -0300] "GET /cormun/static/gxdec.js?85251 HTTP/1.1" 304 -
200.111.191.210 - - [12/Mar/2018:11:27:34 -0300] "GET /cormun/servlet/trpermisosgoce? HTTP/1.1" 200 7779
200.111.191.210 - - [12/Mar/2018:11:27:36 -0300] "GET /cormun/servlet/permisogoce?INS,0,,, HTTP/1.1" 200 6793
200.111.191.210 - - [12/Mar/2018:11:27:37 -0300] "GET /cormun/static/gxcfg.js?201776126440 HTTP/1.1" 304 -
200.111.191.210 - - [12/Mar/2018:11:27:37 -0300] "GET /cormun/servlet/permisogoce?INS,0,,, HTTP/1.1" 200 6793
200.111.191.210 - - [12/Mar/2018:11:27:42 -0300] "GET /cormun/servlet/permisogoce?98073f9d7392c65d7b33ff14a26e07e53af095406824b34c8a3ba74f7bdab43a70d25538b8b9fa585ed80d255fc1f90493eb726f741833021318849298633143,gx-no-cache=1520864812392 HTTP/1.1" 200 74
186.103.156.24 - - [12/Mar/2018:11:27:55 -0300] "GET /cormun/servlet/vesolicitudot?2018,7843,, HTTP/1.1" 200 8619
186.103.156.24 - - [12/Mar/2018:11:27:57 -0300] "GET /cormun/pexe_scrolldiv.js HTTP/1.1" 404 1009
186.103.156.24 - - [12/Mar/2018:11:27:57 -0300] "GET /cormun/servlet/vesolicitudot?2018,7843,, HTTP/1.1" 200 8619
186.103.159.182 - - [12/Mar/2018:11:27:59 -0300] "POST /cormun/servlet/trautorizarsolicitud?b410a89f6ae6784b342387fb9f4bb2cb,,gx-no-cache=1520864772836 HTTP/1.1" 200 6618
186.103.159.182 - - [12/Mar/2018:11:28:00 -0300] "GET /cormun/static/Shared/jqueryui/images/ui-icons_82798d_256x240.png HTTP/1.1" 404 1089
186.103.159.182 - - [12/Mar/2018:11:28:00 -0300] "GET /cormun/static/Shared/jqueryui/images/ui-bg_flat_55_fafafa_40x100.png HTTP/1.1" 404 1097
186.103.159.182 - - [12/Mar/2018:11:28:00 -0300] "GET /cormun/static/Shared/jqueryui/images/ui-bg_highlight-soft_100_c6c2c8_1x100.png HTTP/1.1" 404 1117
186.103.159.182 - - [12/Mar/2018:11:28:00 -0300] "GET /cormun/static/Shared/jqueryui/images/ui-icons_8d78a5_256x240.png HTTP/1.1" 404 1089
186.103.156.24 - - [12/Mar/2018:11:28:02 -0300] "POST /cormun/servlet/vesolicitudot?78b1b1b7d96bca228a2cac746db5092e,2018,7843,,,gx-no-cache=1520864831984 HTTP/1.1" 200 93
186.103.156.24 - - [12/Mar/2018:11:28:02 -0300] "GET /cormun/servlet/hpexe_return? HTTP/1.1" 200 1004
186.103.156.24 - - [12/Mar/2018:11:28:03 -0300] "GET /cormun/servlet/trsolicitudot HTTP/1.1" 200 21496
200.111.191.210 - - [12/Mar/2018:11:28:03 -0300] "GET /cormun/servlet/permisogoce?98073f9d7392c65d7b33ff14a26e07e549eb3a6526309b7b220c604ef6ac9004cf4727774644b19e38dd01394ec721c8f9c14f6140f9b5a1af2a01f5667d2e18,gx-no-cache=1520864833950 HTTP/1.1" 200 47
186.103.156.24 - - [12/Mar/2018:11:28:04 -0300] "GET /cormun/servlet/trsolicitudot HTTP/1.1" 200 21492
186.103.159.182 - - [12/Mar/2018:11:28:08 -0300] "POST /cormun/servlet/trautorizarsolicitud?b410a89f6ae6784b342387fb9f4bb2cb,,gx-no-cache=1520864781360 HTTP/1.1" 200 6617
186.103.159.182 - - [12/Mar/2018:11:28:22 -0300] "POST /cormun/servlet/trautorizarsolicitud?b410a89f6ae6784b342387fb9f4bb2cb,,gx-no-cache=1520864795232 HTTP/1.1" 200 6615
200.111.191.210 - - [12/Mar/2018:11:28:22 -0300] "POST /cormun/servlet/permisogoce?df69ea005d0c20dc5d92ff8eacd5ab11,INS,0,,,,gx-no-cache=1520864852159 HTTP/1.1" 200 93
200.111.191.210 - - [12/Mar/2018:11:28:22 -0300] "GET /cormun/servlet/hpexe_return? HTTP/1.1" 200 1007
200.111.191.210 - - [12/Mar/2018:11:28:22 -0300] "GET /cormun/static/gxcfg.js?2016101716175148 HTTP/1.1" 304 -
200.111.191.210 - - [12/Mar/2018:11:28:22 -0300] "GET /cormun/servlet/trpermisosgoce HTTP/1.1" 200 8112
200.111.191.210 - - [12/Mar/2018:11:28:23 -0300] "GET /cormun/servlet/trpermisosgoce HTTP/1.1" 200 8108
200.111.191.210 - - [12/Mar/2018:11:28:25 -0300] "GET /cormun/servlet/apermisogoceprn?10204581,P,20180312112454,PU HTTP/1.1" 200 1667
186.103.159.182 - - [12/Mar/2018:11:28:34 -0300] "POST /cormun/servlet/trautorizarsolicitud?b410a89f6ae6784b342387fb9f4bb2cb,,gx-no-cache=1520864806091 HTTP/1.1" 200 4400
186.103.159.182 - - [12/Mar/2018:11:28:45 -0300] "GET /cormun/servlet/hlogin HTTP/1.1" 200 1722
186.103.156.24 - - [12/Mar/2018:11:28:46 -0300] "GET /cormun/servlet/vesolicitudot?2018,8402,, HTTP/1.1" 200 8641
186.103.156.24 - - [12/Mar/2018:11:28:47 -0300] "GET /cormun/pexe_scrolldiv.js HTTP/1.1" 404 1009
186.103.156.24 - - [12/Mar/2018:11:28:47 -0300] "GET /cormun/servlet/vesolicitudot?2018,8402,, HTTP/1.1" 200 8640
186.103.159.182 - - [12/Mar/2018:11:28:48 -0300] "POST /cormun/servlet/hlogin?342ae5fa463a3d5be0d6940d7569a4ee,gx-no-cache=1520864821487 HTTP/1.1" 200 90
186.103.159.182 - - [12/Mar/2018:11:28:48 -0300] "GET /cormun/servlet/hpexe_link HTTP/1.1" 200 953
186.103.159.182 - - [12/Mar/2018:11:28:48 -0300] "GET /cormun/servlet/hhome HTTP/1.1" 200 4257
186.103.159.182 - - [12/Mar/2018:11:28:49 -0300] "GET /cormun/servlet/hhome HTTP/1.1" 200 4253
186.103.159.182 - - [12/Mar/2018:11:28:55 -0300] "GET /cormun/servlet/trautorizarsolicitud? HTTP/1.1" 200 7368
186.103.159.182 - - [12/Mar/2018:11:28:56 -0300] "GET /cormun/servlet/trautorizarsolicitud? HTTP/1.1" 200 7368
186.103.159.182 - - [12/Mar/2018:11:28:59 -0300] "GET /cormun/static/menuarrow.gif HTTP/1.1" 404 1015
186.103.159.182 - - [12/Mar/2018:11:29:05 -0300] "POST /cormun/servlet/trautorizarsolicitud?342ae5fa463a3d5be0d6940d7569a4ee,,gx-no-cache=1520864838404 HTTP/1.1" 200 4394
186.103.159.182 - - [12/Mar/2018:11:29:08 -0300] "POST /cormun/servlet/trautorizarsolicitud?342ae5fa463a3d5be0d6940d7569a4ee,,gx-no-cache=1520864841503 HTTP/1.1" 200 4396
186.103.159.182 - - [12/Mar/2018:11:29:13 -0300] "POST /cormun/servlet/trautorizarsolicitud?342ae5fa463a3d5be0d6940d7569a4ee,,gx-no-cache=1520864846364 HTTP/1.1" 200 6597
186.103.159.182 - - [12/Mar/2018:11:29:23 -0300] "POST /cormun/servlet/trautorizarsolicitud?342ae5fa463a3d5be0d6940d7569a4ee,,gx-no-cache=1520864856169 HTTP/1.1" 200 6609
186.103.159.182 - - [12/Mar/2018:11:29:23 -0300] "GET /cormun/static/Shared/jqueryui/images/ui-bg_highlight-soft_100_c6c2c8_1x100.png HTTP/1.1" 404 1117
186.103.159.182 - - [12/Mar/2018:11:29:23 -0300] "GET /cormun/static/Shared/jqueryui/images/ui-icons_82798d_256x240.png HTTP/1.1" 404 1089
186.103.159.182 - - [12/Mar/2018:11:29:23 -0300] "GET /cormun/static/Shared/jqueryui/images/ui-bg_flat_55_fafafa_40x100.png HTTP/1.1" 404 1097
186.103.159.182 - - [12/Mar/2018:11:29:23 -0300] "GET /cormun/static/Shared/jqueryui/images/ui-icons_8d78a5_256x240.png HTTP/1.1" 404 1089
186.103.159.182 - - [12/Mar/2018:11:29:29 -0300] "POST /cormun/servlet/trautorizarsolicitud?342ae5fa463a3d5be0d6940d7569a4ee,,gx-no-cache=1520864862570 HTTP/1.1" 200 6609
186.103.159.182 - - [12/Mar/2018:11:29:33 -0300] "GET /cormun/servlet/veautorizarsolicitud?2018,10404,, HTTP/1.1" 200 8647
186.103.159.182 - - [12/Mar/2018:11:29:33 -0300] "GET /cormun/pexe_scrolldiv.js HTTP/1.1" 404 1009
186.103.159.182 - - [12/Mar/2018:11:29:33 -0300] "GET /cormun/pexe_scrolldiv.js HTTP/1.1" 404 1009
186.103.159.182 - - [12/Mar/2018:11:29:35 -0300] "GET /cormun/servlet/veautorizarsolicitud?2018,10404,, HTTP/1.1" 200 8647
186.103.159.182 - - [12/Mar/2018:11:29:40 -0300] "POST /cormun/servlet/veautorizarsolicitud?342ae5fa463a3d5be0d6940d7569a4ee,2018,10404,,,gx-no-cache=1520864873584 HTTP/1.1" 200 93
186.103.159.182 - - [12/Mar/2018:11:29:40 -0300] "GET /cormun/servlet/hpexe_return? HTTP/1.1" 200 1020
186.103.159.182 - - [12/Mar/2018:11:29:41 -0300] "GET /cormun/servlet/trautorizarsolicitud? HTTP/1.1" 200 9556
186.103.159.182 - - [12/Mar/2018:11:29:42 -0300] "GET /cormun/servlet/trautorizarsolicitud? HTTP/1.1" 200 9551
192.168.10.50 - - [12/Mar/2018:11:29:42 -0300] "POST /cormun/servlet/trsolicitudgral?46182a646722e3b4887b4ae9aea482ba,,gx-no-cache=1520864819307 HTTP/1.1" 200 105
192.168.10.50 - - [12/Mar/2018:11:29:42 -0300] "POST /cormun/servlet/trsolicitudgral?46182a646722e3b4887b4ae9aea482ba,,gx-no-cache=1520864819463 HTTP/1.1" 200 10304
192.168.10.50 - - [12/Mar/2018:11:29:42 -0300] "GET /cormun/SolicitudGral-5750.xls HTTP/1.1" 200 8704
186.103.159.182 - - [12/Mar/2018:11:29:46 -0300] "GET /cormun/servlet/trsolicitudot? HTTP/1.1" 200 9295
186.103.159.182 - - [12/Mar/2018:11:29:47 -0300] "GET /cormun/servlet/trsolicitudot? HTTP/1.1" 200 9294
190.100.93.40 - - [12/Mar/2018:11:30:47 -0300] "GET /cormun/servlet/solicitudot?6a3d5b2825b61007e68101800d61d39d6fa6d1a4c691027a5fb6c2995c05d504b3a75245b6214931e192f416f9c79cee899006ad15ff61c9de1e439851b1c7c6ce4eb242f17d98ec2e5a9a86c904a6c154355fe969114441c9b50fbd2455df5d16cfa3566215c88a0a8038f6758ca91e,gx-no-cache=1520864997596 HTTP/1.1" 200 29
190.100.93.40 - - [12/Mar/2018:11:30:47 -0300] "POST /cormun/servlet/solicitudot?gx-no-cache=1520864997832 HTTP/1.1" 200 1319
190.100.93.40 - - [12/Mar/2018:11:30:47 -0300] "POST /cormun/servlet/solicitudot?gx-no-cache=1520864997975 HTTP/1.1" 200 1215
190.100.93.40 - - [12/Mar/2018:11:30:51 -0300] "GET /cormun/static/menuarrow.gif HTTP/1.1" 404 1015
190.100.93.40 - - [12/Mar/2018:11:30:55 -0300] "GET /cormun/servlet/solicitudot?6a3d5b2825b61007e68101800d61d39da2511a368640c4517fb2acfdb0485d8363c7169150b9dd5199321f98170273cd,gx-no-cache=1520865005286 HTTP/1.1" 200 30
190.100.93.40 - - [12/Mar/2018:11:30:59 -0300] "POST /cormun/servlet/solicitudot?gx-no-cache=1520865009657 HTTP/1.1" 200 30
192.168.10.96 - - [12/Mar/2018:11:31:10 -0300] "POST /cormun/servlet/trsolicitudgral?47ab37127b02039d09afd8b25e049bb1,,gx-no-cache=1520864907231 HTTP/1.1" 200 7291
192.168.10.96 - - [12/Mar/2018:11:31:18 -0300] "POST /cormun/servlet/trsolicitudgral?47ab37127b02039d09afd8b25e049bb1,,gx-no-cache=1520864915148 HTTP/1.1" 200 116
192.168.10.96 - - [12/Mar/2018:11:31:18 -0300] "GET /cormun/servlet/solicitudotlog?INS,2018,10143,0,REC, HTTP/1.1" 200 6501
192.168.10.96 - - [12/Mar/2018:11:31:18 -0300] "GET /cormun/static/gxcfg.js?2017761245646 HTTP/1.1" 304 -
192.168.10.96 - - [12/Mar/2018:11:31:18 -0300] "GET /cormun/static/solicitudotlog.js?2017761245655 HTTP/1.1" 304 -
192.168.10.96 - - [12/Mar/2018:11:31:18 -0300] "GET /cormun/servlet/solicitudotlog?INS,2018,10143,0,REC, HTTP/1.1" 200 6501
192.168.10.96 - - [12/Mar/2018:11:31:19 -0300] "GET /cormun/servlet/solicitudotlog?8c4480851ee7ca616b171fa7b61ca8c37fe0649d7bb5cd7aea9d3fe9139428d80514224f079c69abd9c3f7ac72ffb1e994b3f4e8c51e92087b420936b8fd17736cee3bc1c55a7af4ba8e4dfc688be3f29b4b40831c078fd0b12f4cf1d5549b2b9316ca83a5d26eae195aed08016c4460a204edcdeb9264bdc813c46eed10522ef794d1ec7cff9922240309599c1e1159650e83d7d0b419aeec02ce210356e1c8,gx-no-cache=1520864916220 HTTP/1.1" 200 94
192.168.10.96 - - [12/Mar/2018:11:31:24 -0300] "POST /cormun/servlet/solicitudotlog?47ab37127b02039d09afd8b25e049bb1,INS,2018,10143,0,REC,,gx-no-cache=1520864921053 HTTP/1.1" 200 93
192.168.10.96 - - [12/Mar/2018:11:31:24 -0300] "GET /cormun/servlet/hpexe_return? HTTP/1.1" 200 1023
192.168.10.96 - - [12/Mar/2018:11:31:24 -0300] "GET /cormun/static/gxcfg.js?2016101716175148 HTTP/1.1" 304 -
192.168.10.96 - - [12/Mar/2018:11:31:24 -0300] "GET /cormun/servlet/trsolicitudgral? HTTP/1.1" 200 9223
192.168.10.96 - - [12/Mar/2018:11:31:24 -0300] "GET /cormun/servlet/trsolicitudgral? HTTP/1.1" 200 9219
192.168.10.96 - - [12/Mar/2018:11:31:29 -0300] "POST /cormun/servlet/trsolicitudgral?47ab37127b02039d09afd8b25e049bb1,,gx-no-cache=1520864926460 HTTP/1.1" 200 5937
186.103.159.182 - - [12/Mar/2018:11:31:31 -0300] "POST /cormun/servlet/trsolicitudot?342ae5fa463a3d5be0d6940d7569a4ee,,gx-no-cache=1520864984439 HTTP/1.1" 200 5893
186.103.159.182 - - [12/Mar/2018:11:31:32 -0300] "GET /cormun/static/Shared/jqueryui/images/ui-bg_highlight-soft_100_c6c2c8_1x100.png HTTP/1.1" 404 1117
186.103.159.182 - - [12/Mar/2018:11:31:32 -0300] "GET /cormun/static/Shared/jqueryui/images/ui-icons_82798d_256x240.png HTTP/1.1" 404 1089
186.103.159.182 - - [12/Mar/2018:11:31:32 -0300] "GET /cormun/static/Shared/jqueryui/images/ui-bg_flat_55_fafafa_40x100.png HTTP/1.1" 404 1097
186.103.159.182 - - [12/Mar/2018:11:31:32 -0300] "GET /cormun/static/Shared/jqueryui/images/ui-icons_8d78a5_256x240.png HTTP/1.1" 404 1089
186.103.159.182 - - [12/Mar/2018:11:31:32 -0300] "POST /cormun/servlet/trsolicitudot?342ae5fa463a3d5be0d6940d7569a4ee,,gx-no-cache=1520864985508 HTTP/1.1" 200 5836
192.168.10.96 - - [12/Mar/2018:11:31:32 -0300] "POST /cormun/servlet/trsolicitudgral?47ab37127b02039d09afd8b25e049bb1,,gx-no-cache=1520864929267 HTTP/1.1" 200 5938
192.168.10.96 - - [12/Mar/2018:11:31:33 -0300] "POST /cormun/servlet/trsolicitudgral?47ab37127b02039d09afd8b25e049bb1,,gx-no-cache=1520864929970 HTTP/1.1" 200 5938
192.168.10.96 - - [12/Mar/2018:11:31:33 -0300] "POST /cormun/servlet/trsolicitudgral?47ab37127b02039d09afd8b25e049bb1,,gx-no-cache=1520864930137 HTTP/1.1" 200 5937
192.168.10.96 - - [12/Mar/2018:11:31:33 -0300] "POST /cormun/servlet/trsolicitudgral?47ab37127b02039d09afd8b25e049bb1,,gx-no-cache=1520864930342 HTTP/1.1" 200 5937
186.103.159.182 - - [12/Mar/2018:11:31:33 -0300] "POST /cormun/servlet/trsolicitudot?342ae5fa463a3d5be0d6940d7569a4ee,,gx-no-cache=1520864986703 HTTP/1.1" 200 4679
186.103.159.182 - - [12/Mar/2018:11:31:34 -0300] "POST /cormun/servlet/trsolicitudot?342ae5fa463a3d5be0d6940d7569a4ee,,gx-no-cache=1520864987170 HTTP/1.1" 200 4453
192.168.10.56 - - [12/Mar/2018:11:31:37 -0300] "POST /cormun/servlet/trsolicitudgral?15985d5a665fc0e81c8abca4797067c8,gx-no-cache=1520864933989 HTTP/1.1" 200 14712
186.103.159.182 - - [12/Mar/2018:11:31:37 -0300] "GET /cormun/servlet/trautorizarsolicitud? HTTP/1.1" 200 8743
190.100.93.40 - - [12/Mar/2018:11:31:38 -0300] "POST /cormun/servlet/solicitudot?a0b3c645e7db3a95e20d3d25672b0a81,INS,0,0,,gx-no-cache=1520865047683 HTTP/1.1" 200 93
190.100.93.40 - - [12/Mar/2018:11:31:38 -0300] "GET /cormun/servlet/hpexe_return? HTTP/1.1" 200 1009
190.100.93.40 - - [12/Mar/2018:11:31:38 -0300] "GET /cormun/static/gxcfg.js?2016101716175148 HTTP/1.1" 304 -
190.100.93.40 - - [12/Mar/2018:11:31:38 -0300] "GET /cormun/servlet/trsolicitudot HTTP/1.1" 200 8928
190.100.93.40 - - [12/Mar/2018:11:31:38 -0300] "GET /cormun/servlet/trsolicitudot HTTP/1.1" 200 8924
186.103.159.182 - - [12/Mar/2018:11:31:39 -0300] "GET /cormun/servlet/trautorizarsolicitud? HTTP/1.1" 200 8743
190.100.93.40 - - [12/Mar/2018:11:31:42 -0300] "POST /cormun/servlet/trsolicitudot?a0b3c645e7db3a95e20d3d25672b0a81,gx-no-cache=1520865052811 HTTP/1.1" 200 107
190.100.93.40 - - [12/Mar/2018:11:31:43 -0300] "GET /cormun/servlet/trsolicitudadjuntos?2018,10405, HTTP/1.1" 200 6425
190.100.93.40 - - [12/Mar/2018:11:31:43 -0300] "GET /cormun/static/gxcfg.js?20177612135366 HTTP/1.1" 304 -
190.100.93.40 - - [12/Mar/2018:11:31:43 -0300] "GET /cormun/servlet/trsolicitudadjuntos?2018,10405, HTTP/1.1" 200 6425
186.103.156.24 - - [12/Mar/2018:11:31:44 -0300] "GET /cormun/servlet/hlogin HTTP/1.1" 200 1718
186.103.159.182 - - [12/Mar/2018:11:31:46 -0300] "POST /cormun/servlet/trautorizarsolicitud?342ae5fa463a3d5be0d6940d7569a4ee,,gx-no-cache=1520864999290 HTTP/1.1" 200 5788
186.103.159.182 - - [12/Mar/2018:11:31:46 -0300] "GET /cormun/static/Shared/jqueryui/images/ui-bg_highlight-soft_100_c6c2c8_1x100.png HTTP/1.1" 404 1117
186.103.159.182 - - [12/Mar/2018:11:31:46 -0300] "GET /cormun/static/Shared/jqueryui/images/ui-bg_flat_55_fafafa_40x100.png HTTP/1.1" 404 1097
186.103.159.182 - - [12/Mar/2018:11:31:46 -0300] "GET /cormun/static/Shared/jqueryui/images/ui-icons_8d78a5_256x240.png HTTP/1.1" 404 1089
186.103.159.182 - - [12/Mar/2018:11:31:46 -0300] "GET /cormun/static/Shared/jqueryui/images/ui-icons_82798d_256x240.png HTTP/1.1" 404 1089
190.100.93.40 - - [12/Mar/2018:11:31:46 -0300] "GET /cormun/servlet/solicitudotadjuntos?INS,2018,10405,,1, HTTP/1.1" 200 6363
190.100.93.40 - - [12/Mar/2018:11:31:46 -0300] "GET /cormun/static/gxcfg.js?2017761244068 HTTP/1.1" 304 -
190.100.93.40 - - [12/Mar/2018:11:31:47 -0300] "GET /cormun/static/about:blank HTTP/1.1" 404 1011
190.100.93.40 - - [12/Mar/2018:11:31:47 -0300] "GET /cormun/servlet/solicitudotadjuntos?INS,2018,10405,,1, HTTP/1.1" 200 6356
190.100.93.40 - - [12/Mar/2018:11:31:47 -0300] "GET /cormun/servlet/solicitudotadjuntos?6a3d5b2825b61007e68101800d61d39db76f6c1d2f8c422445ee7c2724dde101d8621baae6a4ffc417bb7dc563004208,gx-no-cache=1520865057724 HTTP/1.1" 200 30
190.100.93.40 - - [12/Mar/2018:11:31:48 -0300] "POST /cormun/servlet/solicitudotadjuntos?a0b3c645e7db3a95e20d3d25672b0a81,INS,2018,10405,,1,,gx-no-cache=1520865057801 HTTP/1.1" 200 3996
190.100.93.40 - - [12/Mar/2018:11:31:50 -0300] "POST /cormun/servlet/solicitudotadjuntos?gx-no-cache=1520865060450 HTTP/1.1" 200 26
186.103.159.182 - - [12/Mar/2018:11:31:51 -0300] "GET /cormun/servlet/trsolicitudot? HTTP/1.1" 200 7468
186.103.159.182 - - [12/Mar/2018:11:31:52 -0300] "GET /cormun/servlet/trsolicitudot? HTTP/1.1" 200 7467
186.103.156.24 - - [12/Mar/2018:11:31:53 -0300] "POST /cormun/servlet/hlogin?135589346539f51c318337dd45845d93,gx-no-cache=1520865064203 HTTP/1.1" 200 90
186.103.156.24 - - [12/Mar/2018:11:31:54 -0300] "GET /cormun/servlet/hpexe_link HTTP/1.1" 200 951
186.103.156.24 - - [12/Mar/2018:11:31:54 -0300] "GET /cormun/servlet/hhome HTTP/1.1" 200 4235
186.103.156.24 - - [12/Mar/2018:11:31:55 -0300] "GET /cormun/servlet/hhome HTTP/1.1" 200 4231
186.103.156.24 - - [12/Mar/2018:11:31:58 -0300] "GET /cormun/servlet/trsolicitudot? HTTP/1.1" 200 8798
186.103.156.24 - - [12/Mar/2018:11:31:59 -0300] "GET /cormun/servlet/trsolicitudot? HTTP/1.1" 200 8796
192.168.10.56 - - [12/Mar/2018:11:32:27 -0300] "POST /cormun/servlet/trsolicitudgral?15985d5a665fc0e81c8abca4797067c8,gx-no-cache=1520864983879 HTTP/1.1" 200 14030
186.103.156.24 - - [12/Mar/2018:11:32:30 -0300] "POST /cormun/servlet/trsolicitudot?135589346539f51c318337dd45845d93,,gx-no-cache=1520865093980 HTTP/1.1" 200 5866
192.168.10.56 - - [12/Mar/2018:11:32:35 -0300] "POST /cormun/servlet/trsolicitudgral?15985d5a665fc0e81c8abca4797067c8,gx-no-cache=1520864992601 HTTP/1.1" 200 13599
186.103.156.24 - - [12/Mar/2018:11:32:59 -0300] "POST /cormun/servlet/trsolicitudot?135589346539f51c318337dd45845d93,,gx-no-cache=1520865115690 HTTP/1.1" 200 18715
186.67.164.142 - - [12/Mar/2018:11:33:04 -0300] "GET /cormun/servlet/trsolicitudot? HTTP/1.1" 200 9003
186.67.164.142 - - [12/Mar/2018:11:33:04 -0300] "GET /cormun/servlet/trsolicitudot? HTTP/1.1" 200 9002
186.67.164.142 - - [12/Mar/2018:11:33:08 -0300] "POST /cormun/servlet/trsolicitudot?192e3c40e50ba85b9f4fa3f096c41439,,gx-no-cache=1520865138684 HTTP/1.1" 200 106
186.67.164.142 - - [12/Mar/2018:11:33:09 -0300] "GET /cormun/servlet/trsolicitudadjuntos?2018,10381, HTTP/1.1" 200 9829
186.103.156.24 - - [12/Mar/2018:11:33:10 -0300] "GET /cormun/servlet/vesolicitudot?2018,9546,, HTTP/1.1" 200 8616
186.67.164.142 - - [12/Mar/2018:11:33:10 -0300] "GET /cormun/servlet/trsolicitudadjuntos?2018,10381, HTTP/1.1" 200 9828
186.103.156.24 - - [12/Mar/2018:11:33:10 -0300] "GET /cormun/pexe_scrolldiv.js HTTP/1.1" 404 1009
186.103.156.24 - - [12/Mar/2018:11:33:12 -0300] "GET /cormun/servlet/vesolicitudot?2018,9546,, HTTP/1.1" 200 8616
186.103.156.24 - - [12/Mar/2018:11:33:20 -0300] "POST /cormun/servlet/vesolicitudot?135589346539f51c318337dd45845d93,2018,9546,,,gx-no-cache=1520865148544 HTTP/1.1" 200 93
186.103.156.24 - - [12/Mar/2018:11:33:20 -0300] "GET /cormun/servlet/hpexe_return? HTTP/1.1" 200 1012
186.103.156.24 - - [12/Mar/2018:11:33:21 -0300] "GET /cormun/servlet/trsolicitudot? HTTP/1.1" 200 21493
186.103.156.24 - - [12/Mar/2018:11:33:21 -0300] "GET /cormun/servlet/trsolicitudot? HTTP/1.1" 200 21489
186.67.164.142 - - [12/Mar/2018:11:33:26 -0300] "POST /cormun/servlet/trsolicitudadjuntos?192e3c40e50ba85b9f4fa3f096c41439,2018,10381,,gx-no-cache=1520865156810 HTTP/1.1" 200 90
186.67.164.142 - - [12/Mar/2018:11:33:26 -0300] "GET /cormun/servlet/hpexe_link HTTP/1.1" 200 965
186.67.164.142 - - [12/Mar/2018:11:33:26 -0300] "GET /cormun/servlet/trsolicitudot HTTP/1.1" 200 9002
186.67.164.142 - - [12/Mar/2018:11:33:27 -0300] "GET /cormun/servlet/trsolicitudot HTTP/1.1" 200 9002
186.103.156.24 - - [12/Mar/2018:11:33:31 -0300] "GET /cormun/servlet/vesolicitudot?2018,8422,, HTTP/1.1" 200 8603
186.103.156.24 - - [12/Mar/2018:11:33:32 -0300] "GET /cormun/pexe_scrolldiv.js HTTP/1.1" 404 1009
186.67.164.142 - - [12/Mar/2018:11:33:32 -0300] "POST /cormun/servlet/trsolicitudot?192e3c40e50ba85b9f4fa3f096c41439,gx-no-cache=1520865162359 HTTP/1.1" 200 105
186.67.164.142 - - [12/Mar/2018:11:33:32 -0300] "GET /cormun/servlet/solicitudot?UPD,2018,10381, HTTP/1.1" 200 13955
186.103.156.24 - - [12/Mar/2018:11:33:32 -0300] "GET /cormun/servlet/vesolicitudot?2018,8422,, HTTP/1.1" 200 8602
186.67.164.142 - - [12/Mar/2018:11:33:32 -0300] "GET /cormun/servlet/solicitudot?UPD,2018,10381, HTTP/1.1" 200 13965
186.67.164.142 - - [12/Mar/2018:11:33:33 -0300] "POST /cormun/servlet/solicitudot?gx-no-cache=1520865163629 HTTP/1.1" 200 3367
186.67.164.142 - - [12/Mar/2018:11:33:33 -0300] "POST /cormun/servlet/solicitudot?192e3c40e50ba85b9f4fa3f096c41439,UPD,2018,10381,,gx-no-cache=1520865164005 HTTP/1.1" 200 10370
186.67.164.142 - - [12/Mar/2018:11:33:34 -0300] "GET /cormun/servlet/solicitudot?16f5a0d236ee8294b8e5cddafa4474c7c19cb4bbd0b24b20cc94b4aad7c683e130f04495c9679eb1f1b4c987c8569e1a,gx-no-cache=1520865164292 HTTP/1.1" 200 30
186.67.164.142 - - [12/Mar/2018:11:33:34 -0300] "GET /cormun/servlet/solicitudot?16f5a0d236ee8294b8e5cddafa4474c782405f1d481905a1abbf92267e6db6f8c8a973e63040d5eb767799e7a825155b165581d1082c1efcc67b55b36778bc26,gx-no-cache=1520865164386 HTTP/1.1" 200 30
186.67.164.142 - - [12/Mar/2018:11:33:34 -0300] "GET /cormun/servlet/solicitudot?16f5a0d236ee8294b8e5cddafa4474c72db5e8e2bdb8062bc7584e322457d27c,gx-no-cache=1520865164483 HTTP/1.1" 200 29
186.67.164.142 - - [12/Mar/2018:11:33:34 -0300] "POST /cormun/servlet/solicitudot?gx-no-cache=1520865164568 HTTP/1.1" 200 297
186.67.164.142 - - [12/Mar/2018:11:33:34 -0300] "GET /cormun/servlet/solicitudot?16f5a0d236ee8294b8e5cddafa4474c720f0bdcd93bb7431a2a73ef12f35bb31fa16000054b4464d7ce60b71775f1110e4215090051833cdd63e32ecbac2f5546dd9eef6b6bc1f87b28a76ccc2ab08e50921843b63663f486e42604fa896a79212919f1f3a81f5cce5864db4d24f26070a97fec6c646274854083b4e229d87e2db739e75208fb8f1ce919a88aa6e00ee83908af9bfe2b72a2299bb7efa105f9a7bbc294c60ba25b5530bfa93183d0e9c9e3a936974951745447155cc3ecbe1ace174388846e60c809234c5586bad0bdae4184330ef0bfec532de2438c92b58140ea0319df0aeebd795f0430d2fbf021a4aa771b87d4bb53518fc3fa794cec75cda3463733e829b53d474ea1df1e65953d7f7fbba41483dfc6ae5c232073f8e03635fe9af404a2f6d513372e4167141adb214f928d98885fb69bdbfdbffdd5ab5b40c537f86d737854272376ec9e3bfb9b108ea0656599a243492223dc1155e297931398e060eafb6ac2b974d14c8b023be816ca66831483831925bb0a7feb10b4dc878e2b89efbc1047bb5edd0375f73,gx-no-cache=1520865165042 HTTP/1.1" 200 30
186.67.164.142 - - [12/Mar/2018:11:33:34 -0300] "POST /cormun/servlet/solicitudot?gx-no-cache=1520865165107 HTTP/1.1" 200 30
186.67.164.142 - - [12/Mar/2018:11:33:35 -0300] "POST /cormun/servlet/solicitudot?gx-no-cache=1520865165206 HTTP/1.1" 200 75
186.67.164.142 - - [12/Mar/2018:11:33:35 -0300] "POST /cormun/servlet/solicitudot?gx-no-cache=1520865165688 HTTP/1.1" 200 41
186.103.156.24 - - [12/Mar/2018:11:33:35 -0300] "POST /cormun/servlet/vesolicitudot?135589346539f51c318337dd45845d93,2018,8422,,,gx-no-cache=1520865165560 HTTP/1.1" 200 93
186.103.156.24 - - [12/Mar/2018:11:33:35 -0300] "GET /cormun/servlet/hpexe_return? HTTP/1.1" 200 1010
186.67.164.142 - - [12/Mar/2018:11:33:35 -0300] "GET /cormun/servlet/solicitudot?16f5a0d236ee8294b8e5cddafa4474c7f60591adaa4b5f0ddee77fdd13c784d30cd9773f7ea2d5e9810238493707907cf01666a058f029e6a2f071a84428afc662adc5bd0a1dfe7d6c629c3239abf8a3f4bda9fdaadf02f6d2e093a1eb1a7c615ca6ef8294b164cef7fc072614c42349,gx-no-cache=1520865165953 HTTP/1.1" 200 29
186.67.164.142 - - [12/Mar/2018:11:33:35 -0300] "GET /cormun/servlet/solicitudot?16f5a0d236ee8294b8e5cddafa4474c73d2bef69d16e3bd4e9a1503981e6d1c74530a7c644ce398b98c261b88255b1087ccf2023b2f19f426b56818863349da08e7ad6059fcbf06860eb96034e4745e0b6f317e587821f0a574418c9e260e0648e1e7175f9ee233bfec320642ee1e751fd6cd54cac1825a26df918785d3bf8d4641dbdf43d90cdfb2cc62ff110ce9488f0e1fb6c2a98506824768feafabaa8973fca8f8d20354904705fd51f2ab564accd2a20dbedf6e560ead5e8a101a11baa,gx-no-cache=1520865166020 HTTP/1.1" 200 62
186.67.164.142 - - [12/Mar/2018:11:33:35 -0300] "GET /cormun/servlet/solicitudot?8f7f7174e9b9b9f4741338b38b542dbcf1e046868fbabdfe89b4f7db233b5557d76ab0a314a0e2213a94069021d2f911c4a86f35d852cb72118ab789d09005f6e0291b5ae71eb794d207dd3cd4caeb2c,gx-no-cache=1520865166108 HTTP/1.1" 200 55
186.67.164.142 - - [12/Mar/2018:11:33:35 -0300] "GET /cormun/servlet/solicitudot?16f5a0d236ee8294b8e5cddafa4474c76817e3da25fef45a7daec1d6da169cd21152a80c0d65f86cf5c0bfa89858ff9c,gx-no-cache=1520865166190 HTTP/1.1" 200 30
186.103.156.24 - - [12/Mar/2018:11:33:36 -0300] "GET /cormun/servlet/trsolicitudot HTTP/1.1" 200 21493
186.67.164.142 - - [12/Mar/2018:11:33:36 -0300] "POST /cormun/servlet/solicitudot?gx-no-cache=1520865166270 HTTP/1.1" 200 30
186.103.156.24 - - [12/Mar/2018:11:33:36 -0300] "GET /cormun/servlet/trsolicitudot HTTP/1.1" 200 21489
192.168.10.50 - - [12/Mar/2018:11:33:37 -0300] "POST /cormun/servlet/trsolicitudgral?46182a646722e3b4887b4ae9aea482ba,,gx-no-cache=1520865053816 HTTP/1.1" 200 13132
186.67.164.142 - - [12/Mar/2018:11:33:37 -0300] "GET /cormun/static/menuarrow.gif HTTP/1.1" 404 1015
192.168.10.50 - - [12/Mar/2018:11:33:40 -0300] "POST /cormun/servlet/trsolicitudgral?46182a646722e3b4887b4ae9aea482ba,,gx-no-cache=1520865057385 HTTP/1.1" 200 5919
186.103.156.24 - - [12/Mar/2018:11:33:42 -0300] "GET /cormun/servlet/vesolicitudot?2018,8418,, HTTP/1.1" 200 8661
186.103.159.204 - - [12/Mar/2018:11:33:42 -0300] "GET /cormun/servlet/trfichaempleado? HTTP/1.1" 200 11599
186.103.156.24 - - [12/Mar/2018:11:33:42 -0300] "GET /cormun/pexe_scrolldiv.js HTTP/1.1" 404 1009
186.103.159.204 - - [12/Mar/2018:11:33:42 -0300] "GET /cormun/static/gxcfg.js?20177616262612 HTTP/1.1" 200 953
186.103.159.204 - - [12/Mar/2018:11:33:42 -0300] "GET /cormun/static/trfichaempleado.js?20177616262887 HTTP/1.1" 200 22815
186.103.156.24 - - [12/Mar/2018:11:33:43 -0300] "GET /cormun/servlet/vesolicitudot?2018,8418,, HTTP/1.1" 200 8661
186.67.164.142 - - [12/Mar/2018:11:33:43 -0300] "GET /cormun/servlet/solicitudot?16f5a0d236ee8294b8e5cddafa4474c76817e3da25fef45a7daec1d6da169cd24617fa0043d105e98049f1f5bdda8dac,gx-no-cache=1520865174001 HTTP/1.1" 200 30
186.67.164.142 - - [12/Mar/2018:11:33:43 -0300] "POST /cormun/servlet/solicitudot?gx-no-cache=1520865174083 HTTP/1.1" 200 30
186.103.159.204 - - [12/Mar/2018:11:33:43 -0300] "POST /cormun/servlet/acontrolpreferencessavestate?None,DALLENDE,true HTTP/1.1" 200 35
186.67.164.142 - - [12/Mar/2018:11:33:44 -0300] "POST /cormun/servlet/solicitudot?192e3c40e50ba85b9f4fa3f096c41439,UPD,2018,10381,,gx-no-cache=1520865174160 HTTP/1.1" 200 93
186.67.164.142 - - [12/Mar/2018:11:33:44 -0300] "GET /cormun/servlet/hpexe_return? HTTP/1.1" 200 1009
186.67.164.142 - - [12/Mar/2018:11:33:44 -0300] "GET /cormun/servlet/trsolicitudot HTTP/1.1" 200 9013
186.67.164.142 - - [12/Mar/2018:11:33:44 -0300] "GET /cormun/servlet/trsolicitudot HTTP/1.1" 200 9008
186.103.156.24 - - [12/Mar/2018:11:33:45 -0300] "POST /cormun/servlet/vesolicitudot?135589346539f51c318337dd45845d93,2018,8418,,,gx-no-cache=1520865175542 HTTP/1.1" 200 93
186.103.156.24 - - [12/Mar/2018:11:33:45 -0300] "GET /cormun/servlet/hpexe_return? HTTP/1.1" 200 1010
186.103.156.24 - - [12/Mar/2018:11:33:46 -0300] "GET /cormun/servlet/trsolicitudot HTTP/1.1" 200 21493
186.103.156.24 - - [12/Mar/2018:11:33:46 -0300] "GET /cormun/servlet/trsolicitudot HTTP/1.1" 200 21489
192.168.10.50 - - [12/Mar/2018:11:33:52 -0300] "POST /cormun/servlet/trsolicitudgral?46182a646722e3b4887b4ae9aea482ba,,gx-no-cache=1520865069102 HTTP/1.1" 200 5922
186.103.156.24 - - [12/Mar/2018:11:33:54 -0300] "GET /cormun/servlet/vesolicitudot?2018,8412,, HTTP/1.1" 200 8615
186.103.156.24 - - [12/Mar/2018:11:33:55 -0300] "GET /cormun/pexe_scrolldiv.js HTTP/1.1" 404 1009
186.103.156.24 - - [12/Mar/2018:11:33:55 -0300] "GET /cormun/servlet/vesolicitudot?2018,8412,, HTTP/1.1" 200 8615
186.103.156.24 - - [12/Mar/2018:11:33:59 -0300] "POST /cormun/servlet/vesolicitudot?135589346539f51c318337dd45845d93,2018,8412,,,gx-no-cache=1520865188230 HTTP/1.1" 200 93
186.103.156.24 - - [12/Mar/2018:11:33:59 -0300] "GET /cormun/servlet/hpexe_return? HTTP/1.1" 200 1010
186.103.156.24 - - [12/Mar/2018:11:34:00 -0300] "GET /cormun/servlet/trsolicitudot HTTP/1.1" 200 21493
192.168.10.50 - - [12/Mar/2018:11:34:01 -0300] "POST /cormun/servlet/trsolicitudgral?46182a646722e3b4887b4ae9aea482ba,,gx-no-cache=1520865078056 HTTP/1.1" 200 7288
186.103.156.24 - - [12/Mar/2018:11:34:01 -0300] "GET /cormun/servlet/trsolicitudot HTTP/1.1" 200 21489
186.67.164.142 - - [12/Mar/2018:11:34:03 -0300] "POST /cormun/servlet/trsolicitudot?192e3c40e50ba85b9f4fa3f096c41439,gx-no-cache=1520865193722 HTTP/1.1" 200 105
186.67.164.142 - - [12/Mar/2018:11:34:03 -0300] "GET /cormun/servlet/solicitudot?UPD,2018,10381, HTTP/1.1" 200 13955
186.67.164.142 - - [12/Mar/2018:11:34:04 -0300] "GET /cormun/servlet/solicitudot?UPD,2018,10381, HTTP/1.1" 200 13964
186.67.164.142 - - [12/Mar/2018:11:34:05 -0300] "POST /cormun/servlet/solicitudot?gx-no-cache=1520865195019 HTTP/1.1" 200 3367
186.67.164.142 - - [12/Mar/2018:11:34:06 -0300] "POST /cormun/servlet/solicitudot?192e3c40e50ba85b9f4fa3f096c41439,UPD,2018,10381,,gx-no-cache=1520865196344 HTTP/1.1" 200 10370
186.67.164.142 - - [12/Mar/2018:11:34:06 -0300] "GET /cormun/servlet/solicitudot?16f5a0d236ee8294b8e5cddafa4474c7c19cb4bbd0b24b20cc94b4aad7c683e130f04495c9679eb1f1b4c987c8569e1a,gx-no-cache=1520865196739 HTTP/1.1" 200 30
186.67.164.142 - - [12/Mar/2018:11:34:06 -0300] "GET /cormun/servlet/solicitudot?16f5a0d236ee8294b8e5cddafa4474c782405f1d481905a1abbf92267e6db6f8c8a973e63040d5eb767799e7a825155b165581d1082c1efcc67b55b36778bc26,gx-no-cache=1520865196838 HTTP/1.1" 200 30
186.67.164.142 - - [12/Mar/2018:11:34:06 -0300] "GET /cormun/servlet/solicitudot?16f5a0d236ee8294b8e5cddafa4474c72db5e8e2bdb8062bc7584e322457d27c,gx-no-cache=1520865196914 HTTP/1.1" 200 29
186.67.164.142 - - [12/Mar/2018:11:34:06 -0300] "POST /cormun/servlet/solicitudot?gx-no-cache=1520865197006 HTTP/1.1" 200 297
186.67.164.142 - - [12/Mar/2018:11:34:06 -0300] "GET /cormun/servlet/solicitudot?16f5a0d236ee8294b8e5cddafa4474c720f0bdcd93bb7431a2a73ef12f35bb31fa16000054b4464d7ce60b71775f1110e4215090051833cdd63e32ecbac2f5546dd9eef6b6bc1f87b28a76ccc2ab08e50921843b63663f486e42604fa896a79212919f1f3a81f5cce5864db4d24f26070a97fec6c646274854083b4e229d87e2db739e75208fb8f1ce919a88aa6e00ee83908af9bfe2b72a2299bb7efa105f9a7bbc294c60ba25b5530bfa93183d0e9c9e3a936974951745447155cc3ecbe1ace174388846e60c809234c5586bad0bdae4184330ef0bfec532de2438c92b58140ea0319df0aeebd795f0430d2fbf021a4aa771b87d4bb53518fc3fa794cec75cda3463733e829b53d474ea1df1e65953d7f7fbba41483dfc6ae5c232073f8e03635fe9af404a2f6d513372e4167141adb214f928d98885fb69bdbfdbffdd5ab5b40c537f86d737854272376ec9e3bfb9b108ea0656599a243492223dc1155e297931398e060eafb6ac2b974d14c8b023be816ca66831483831925bb0a7feb10b4dc878e2b89efbc1047bb5edd0375f73,gx-no-cache=1520865197108 HTTP/1.1" 200 30
186.67.164.142 - - [12/Mar/2018:11:34:06 -0300] "POST /cormun/servlet/solicitudot?gx-no-cache=1520865197186 HTTP/1.1" 200 30
186.67.164.142 - - [12/Mar/2018:11:34:07 -0300] "POST /cormun/servlet/solicitudot?gx-no-cache=1520865197284 HTTP/1.1" 200 75
186.67.164.142 - - [12/Mar/2018:11:34:07 -0300] "POST /cormun/servlet/solicitudot?gx-no-cache=1520865197756 HTTP/1.1" 200 41
186.67.164.142 - - [12/Mar/2018:11:34:08 -0300] "GET /cormun/servlet/solicitudot?16f5a0d236ee8294b8e5cddafa4474c7f60591adaa4b5f0ddee77fdd13c784d30cd9773f7ea2d5e9810238493707907cf01666a058f029e6a2f071a84428afc662adc5bd0a1dfe7d6c629c3239abf8a3f4bda9fdaadf02f6d2e093a1eb1a7c615ca6ef8294b164cef7fc072614c42349,gx-no-cache=1520865199134 HTTP/1.1" 200 29
186.67.164.142 - - [12/Mar/2018:11:34:09 -0300] "GET /cormun/servlet/solicitudot?16f5a0d236ee8294b8e5cddafa4474c73d2bef69d16e3bd4e9a1503981e6d1c74530a7c644ce398b98c261b88255b1087ccf2023b2f19f426b56818863349da08e7ad6059fcbf06860eb96034e4745e0b6f317e587821f0a574418c9e260e0648e1e7175f9ee233bfec320642ee1e751fd6cd54cac1825a26df918785d3bf8d4641dbdf43d90cdfb2cc62ff110ce9488f0e1fb6c2a98506824768feafabaa8973fca8f8d20354904705fd51f2ab564accd2a20dbedf6e560ead5e8a101a11baa,gx-no-cache=1520865199219 HTTP/1.1" 200 62
186.67.164.142 - - [12/Mar/2018:11:34:10 -0300] "GET /cormun/servlet/solicitudot?8f7f7174e9b9b9f4741338b38b542dbcf1e046868fbabdfe89b4f7db233b5557d76ab0a314a0e2213a94069021d2f911c4a86f35d852cb72118ab789d09005f6e0291b5ae71eb794d207dd3cd4caeb2c,gx-no-cache=1520865199598 HTTP/1.1" 200 55
186.67.164.142 - - [12/Mar/2018:11:34:10 -0300] "GET /cormun/servlet/solicitudot?16f5a0d236ee8294b8e5cddafa4474c76817e3da25fef45a7daec1d6da169cd24617fa0043d105e98049f1f5bdda8dac,gx-no-cache=1520865200589 HTTP/1.1" 200 30
186.67.164.142 - - [12/Mar/2018:11:34:10 -0300] "POST /cormun/servlet/solicitudot?gx-no-cache=1520865200671 HTTP/1.1" 200 30
186.103.156.24 - - [12/Mar/2018:11:34:13 -0300] "GET /cormun/servlet/vesolicitudot?2018,8410,, HTTP/1.1" 200 8616
186.103.156.24 - - [12/Mar/2018:11:34:13 -0300] "GET /cormun/pexe_scrolldiv.js HTTP/1.1" 404 1009
186.103.156.24 - - [12/Mar/2018:11:34:13 -0300] "GET /cormun/servlet/vesolicitudot?2018,8410,, HTTP/1.1" 200 8615
192.168.10.50 - - [12/Mar/2018:11:34:17 -0300] "POST /cormun/servlet/trsolicitudgral?46182a646722e3b4887b4ae9aea482ba,,gx-no-cache=1520865093961 HTTP/1.1" 200 6141
186.103.156.24 - - [12/Mar/2018:11:34:21 -0300] "POST /cormun/servlet/vesolicitudot?135589346539f51c318337dd45845d93,2018,8410,,,gx-no-cache=1520865206515 HTTP/1.1" 200 93
186.103.156.24 - - [12/Mar/2018:11:34:21 -0300] "GET /cormun/servlet/hpexe_return? HTTP/1.1" 200 1010
186.103.156.24 - - [12/Mar/2018:11:34:23 -0300] "GET /cormun/servlet/trsolicitudot HTTP/1.1" 200 21493
186.103.156.24 - - [12/Mar/2018:11:34:24 -0300] "GET /cormun/servlet/trsolicitudot HTTP/1.1" 200 21489
192.168.10.50 - - [12/Mar/2018:11:34:30 -0300] "POST /cormun/servlet/trsolicitudgral?46182a646722e3b4887b4ae9aea482ba,,gx-no-cache=1520865107359 HTTP/1.1" 200 7283
186.103.156.24 - - [12/Mar/2018:11:34:30 -0300] "GET /cormun/servlet/trautorizarsolicitud? HTTP/1.1" 200 7349
186.103.156.24 - - [12/Mar/2018:11:34:31 -0300] "GET /cormun/static/gxcfg.js?2017111423403364 HTTP/1.1" 200 953
186.103.156.24 - - [12/Mar/2018:11:34:32 -0300] "GET /cormun/static/trautorizarsolicitud.js?201711142340425 HTTP/1.1" 200 53910
186.103.156.24 - - [12/Mar/2018:11:34:32 -0300] "GET /cormun/servlet/trautorizarsolicitud? HTTP/1.1" 200 7348
192.168.10.50 - - [12/Mar/2018:11:34:38 -0300] "POST /cormun/servlet/trsolicitudgral?46182a646722e3b4887b4ae9aea482ba,,gx-no-cache=1520865115711 HTTP/1.1" 200 9453
192.168.10.50 - - [12/Mar/2018:11:34:49 -0300] "POST /cormun/servlet/trsolicitudgral?46182a646722e3b4887b4ae9aea482ba,,gx-no-cache=1520865126169 HTTP/1.1" 200 9483
192.168.10.50 - - [12/Mar/2018:11:34:52 -0300] "POST /cormun/servlet/trsolicitudgral?46182a646722e3b4887b4ae9aea482ba,,gx-no-cache=1520865129344 HTTP/1.1" 200 9452
186.67.164.142 - - [12/Mar/2018:11:34:53 -0300] "POST /cormun/servlet/solicitudot?192e3c40e50ba85b9f4fa3f096c41439,UPD,2018,10381,,gx-no-cache=1520865243089 HTTP/1.1" 200 93
186.67.164.142 - - [12/Mar/2018:11:34:53 -0300] "GET /cormun/servlet/hpexe_return? HTTP/1.1" 200 1009
186.67.164.142 - - [12/Mar/2018:11:34:53 -0300] "GET /cormun/servlet/trsolicitudot HTTP/1.1" 200 9013
186.67.164.142 - - [12/Mar/2018:11:34:54 -0300] "GET /cormun/servlet/trsolicitudot HTTP/1.1" 200 9008
190.100.93.40 - - [12/Mar/2018:11:34:58 -0300] "GET /cormun/servlet/solicitudotadjuntos?6a3d5b2825b61007e68101800d61d39d72bcc9326777ac7bbc0a6007b0ff94fa,gx-no-cache=1520865248068 HTTP/1.1" 200 30
190.100.93.40 - - [12/Mar/2018:11:34:58 -0300] "GET /cormun/servlet/solicitudotadjuntos?6a3d5b2825b61007e68101800d61d39d72bcc9326777ac7bbc0a6007b0ff94fa,gx-no-cache=1520865248256 HTTP/1.1" 200 30
190.100.93.40 - - [12/Mar/2018:11:34:59 -0300] "POST /cormun/servlet/solicitudotadjuntos?a0b3c645e7db3a95e20d3d25672b0a81,INS,2018,10405,,1, HTTP/1.1" 200 116
190.100.93.40 - - [12/Mar/2018:11:34:59 -0300] "GET /cormun/servlet/hpexe_return? HTTP/1.1" 200 1028
186.103.156.24 - - [12/Mar/2018:11:35:00 -0300] "POST /cormun/servlet/trautorizarsolicitud?135589346539f51c318337dd45845d93,,gx-no-cache=1520865249876 HTTP/1.1" 200 6253
190.100.93.40 - - [12/Mar/2018:11:35:00 -0300] "GET /cormun/servlet/trsolicitudadjuntos?2018,10405, HTTP/1.1" 200 8850
192.168.10.50 - - [12/Mar/2018:11:35:00 -0300] "POST /cormun/servlet/trsolicitudgral?46182a646722e3b4887b4ae9aea482ba,,gx-no-cache=1520865137230 HTTP/1.1" 200 5919
190.100.93.40 - - [12/Mar/2018:11:35:00 -0300] "GET /cormun/servlet/trsolicitudadjuntos?2018,10405, HTTP/1.1" 200 8847
190.100.93.40 - - [12/Mar/2018:11:35:02 -0300] "GET /cormun/servlet/solicitudotadjuntos?INS,2018,10405,,1, HTTP/1.1" 200 6363
190.100.93.40 - - [12/Mar/2018:11:35:03 -0300] "GET /cormun/static/about:blank HTTP/1.1" 404 1011
190.100.93.40 - - [12/Mar/2018:11:35:03 -0300] "GET /cormun/servlet/solicitudotadjuntos?INS,2018,10405,,1, HTTP/1.1" 200 6356
190.100.93.40 - - [12/Mar/2018:11:35:03 -0300] "GET /cormun/servlet/solicitudotadjuntos?6a3d5b2825b61007e68101800d61d39db76f6c1d2f8c422445ee7c2724dde101d8621baae6a4ffc417bb7dc563004208,gx-no-cache=1520865253667 HTTP/1.1" 200 30
190.100.93.40 - - [12/Mar/2018:11:35:03 -0300] "POST /cormun/servlet/solicitudotadjuntos?a0b3c645e7db3a95e20d3d25672b0a81,INS,2018,10405,,1,,gx-no-cache=1520865253756 HTTP/1.1" 200 3995
192.168.10.50 - - [12/Mar/2018:11:35:08 -0300] "POST /cormun/servlet/trsolicitudgral?46182a646722e3b4887b4ae9aea482ba,,gx-no-cache=1520865145477 HTTP/1.1" 200 7754
190.100.93.40 - - [12/Mar/2018:11:35:09 -0300] "POST /cormun/servlet/solicitudotadjuntos?gx-no-cache=1520865259999 HTTP/1.1" 200 26
192.168.10.56 - - [12/Mar/2018:11:35:15 -0300] "POST /cormun/servlet/trsolicitudgral?15985d5a665fc0e81c8abca4797067c8,gx-no-cache=1520865152372 HTTP/1.1" 200 16456
186.103.156.24 - - [12/Mar/2018:11:35:18 -0300] "GET /cormun/servlet/trautorizarsolicitud? HTTP/1.1" 200 9172
190.100.93.40 - - [12/Mar/2018:11:35:19 -0300] "GET /cormun/servlet/solicitudotadjuntos?6a3d5b2825b61007e68101800d61d39d72bcc9326777ac7bbc0a6007b0ff94fa,gx-no-cache=1520865269243 HTTP/1.1" 200 30
190.100.93.40 - - [12/Mar/2018:11:35:19 -0300] "GET /cormun/servlet/solicitudotadjuntos?6a3d5b2825b61007e68101800d61d39d72bcc9326777ac7bbc0a6007b0ff94fa,gx-no-cache=1520865269321 HTTP/1.1" 200 30
186.103.156.24 - - [12/Mar/2018:11:35:19 -0300] "GET /cormun/servlet/trautorizarsolicitud? HTTP/1.1" 200 9172
186.103.156.24 - - [12/Mar/2018:11:35:27 -0300] "POST /cormun/servlet/trautorizarsolicitud?135589346539f51c318337dd45845d93,,gx-no-cache=1520865277854 HTTP/1.1" 200 5742
192.168.10.50 - - [12/Mar/2018:11:35:28 -0300] "POST /cormun/servlet/trsolicitudgral?46182a646722e3b4887b4ae9aea482ba,,gx-no-cache=1520865165646 HTTP/1.1" 200 116
192.168.10.50 - - [12/Mar/2018:11:35:28 -0300] "GET /cormun/servlet/solicitudotlog?INS,2018,10190,0,REC, HTTP/1.1" 200 6260
192.168.10.50 - - [12/Mar/2018:11:35:28 -0300] "GET /cormun/static/gxcfg.js?2017761245646 HTTP/1.1" 304 -
192.168.10.50 - - [12/Mar/2018:11:35:29 -0300] "GET /cormun/servlet/solicitudotlog?INS,2018,10190,0,REC, HTTP/1.1" 200 6260
192.168.10.50 - - [12/Mar/2018:11:35:29 -0300] "GET /cormun/servlet/solicitudotlog?1c5a4a0eb616387a50d414995b4e0fb6cb59342ee8aa187fb27899476a59fa8ee579fdff7fd17619ddd60b1ea5cd98a3493da39563c2c7d3584a4c8e76d857de3d9435a7a6bc469712a374bba8413c2fc95821a4234e8bdcb6f5c704c29018fb375fbd08de5aa24704fc1c1c0482fa77b13187e95062097af04f0d091091e6d6526467ab6d56d37554e73fa3929d218c434aed77b115010a159b9bd94e692e29,gx-no-cache=1520865166616 HTTP/1.1" 200 94
190.100.93.40 - - [12/Mar/2018:11:35:33 -0300] "POST /cormun/servlet/solicitudotadjuntos?a0b3c645e7db3a95e20d3d25672b0a81,INS,2018,10405,,1, HTTP/1.1" 200 116
190.100.93.40 - - [12/Mar/2018:11:35:34 -0300] "GET /cormun/servlet/hpexe_return? HTTP/1.1" 200 1028
190.100.93.40 - - [12/Mar/2018:11:35:35 -0300] "GET /cormun/servlet/trsolicitudadjuntos?2018,10405, HTTP/1.1" 200 9080
190.100.93.40 - - [12/Mar/2018:11:35:35 -0300] "GET /cormun/servlet/trsolicitudadjuntos?2018,10405, HTTP/1.1" 200 9079
192.168.10.50 - - [12/Mar/2018:11:35:36 -0300] "POST /cormun/servlet/solicitudotlog?46182a646722e3b4887b4ae9aea482ba,INS,2018,10190,0,REC,,gx-no-cache=1520865173062 HTTP/1.1" 200 93
192.168.10.50 - - [12/Mar/2018:11:35:36 -0300] "GET /cormun/servlet/hpexe_return? HTTP/1.1" 200 1015
192.168.10.50 - - [12/Mar/2018:11:35:36 -0300] "GET /cormun/servlet/trsolicitudgral? HTTP/1.1" 200 10351
192.168.10.50 - - [12/Mar/2018:11:35:36 -0300] "GET /cormun/servlet/trsolicitudgral? HTTP/1.1" 200 10347
190.100.93.40 - - [12/Mar/2018:11:35:37 -0300] "GET /cormun/servlet/solicitudotadjuntos?INS,2018,10405,,1, HTTP/1.1" 200 6363
190.100.93.40 - - [12/Mar/2018:11:35:38 -0300] "GET /cormun/static/about:blank HTTP/1.1" 404 1011
190.100.93.40 - - [12/Mar/2018:11:35:38 -0300] "GET /cormun/servlet/solicitudotadjuntos?INS,2018,10405,,1, HTTP/1.1" 200 6356
190.100.93.40 - - [12/Mar/2018:11:35:38 -0300] "GET /cormun/servlet/solicitudotadjuntos?6a3d5b2825b61007e68101800d61d39db76f6c1d2f8c422445ee7c2724dde101d8621baae6a4ffc417bb7dc563004208,gx-no-cache=1520865288608 HTTP/1.1" 200 30
190.100.93.40 - - [12/Mar/2018:11:35:38 -0300] "POST /cormun/servlet/solicitudotadjuntos?a0b3c645e7db3a95e20d3d25672b0a81,INS,2018,10405,,1,,gx-no-cache=1520865288706 HTTP/1.1" 200 3995
190.100.93.40 - - [12/Mar/2018:11:35:42 -0300] "POST /cormun/servlet/solicitudotadjuntos?gx-no-cache=1520865292741 HTTP/1.1" 200 26
192.168.10.50 - - [12/Mar/2018:11:35:44 -0300] "POST /cormun/servlet/trsolicitudgral?46182a646722e3b4887b4ae9aea482ba,,gx-no-cache=1520865181471 HTTP/1.1" 200 8129
186.103.161.206 - - [12/Mar/2018:11:35:49 -0300] "GET /cormun/servlet/solicitudot?INS,0,0, HTTP/1.1" 200 13518
186.103.132.155 - - [12/Mar/2018:11:35:49 -0300] "GET /cormun/static/gxcfg.js?201812313224582 HTTP/1.1" 200 953
186.103.132.155 - - [12/Mar/2018:11:35:49 -0300] "GET /cormun/static/Resources/prompt.gif HTTP/1.1" 200 902
186.103.161.206 - - [12/Mar/2018:11:35:51 -0300] "GET /cormun/static/solicitudot.js?201812313224831 HTTP/1.1" 200 72336
