186.103.159.182 - - [12/Mar/2018:10:58:48 -0300] "POST /cormun/servlet/trsolicitudot?b410a89f6ae6784b342387fb9f4bb2cb,gx-no-cache=1520862472121,gx-no-cache=1520863021279 HTTP/1.1" 200 4216
186.103.159.182 - - [12/Mar/2018:10:58:54 -0300] "POST /cormun/servlet/trsolicitudot?b410a89f6ae6784b342387fb9f4bb2cb,gx-no-cache=1520862472121,gx-no-cache=1520863027525 HTTP/1.1" 200 4215
186.103.159.182 - - [12/Mar/2018:10:58:59 -0300] "POST /cormun/servlet/trsolicitudot?b410a89f6ae6784b342387fb9f4bb2cb,gx-no-cache=1520862472121,gx-no-cache=1520863032966 HTTP/1.1" 200 5644
186.79.174.79 - - [12/Mar/2018:10:59:13 -0300] "GET /cormun/servlet/solicitudotadjuntos?d2b85e2ea5760ca9e2d936cba8dd94da7f39f29d743b38027da73744be06bcc6,gx-no-cache=1520863103548 HTTP/1.1" 200 30
186.79.174.79 - - [12/Mar/2018:10:59:13 -0300] "GET /cormun/servlet/solicitudotadjuntos?d2b85e2ea5760ca9e2d936cba8dd94da7f39f29d743b38027da73744be06bcc6,gx-no-cache=1520863103786 HTTP/1.1" 200 30
186.79.174.79 - - [12/Mar/2018:10:59:23 -0300] "POST /cormun/servlet/solicitudotadjuntos?bbc4c7df6b7eb73a39a5198ed35af67f,INS,2018,10401,,1, HTTP/1.1" 200 116
186.79.174.79 - - [12/Mar/2018:10:59:23 -0300] "GET /cormun/servlet/hpexe_return? HTTP/1.1" 200 1025
186.79.174.79 - - [12/Mar/2018:10:59:24 -0300] "GET /cormun/servlet/trsolicitudadjuntos?2018,10401, HTTP/1.1" 200 9261
186.79.174.79 - - [12/Mar/2018:10:59:25 -0300] "GET /cormun/servlet/trsolicitudadjuntos?2018,10401, HTTP/1.1" 200 9262
186.103.159.182 - - [12/Mar/2018:10:59:30 -0300] "POST /cormun/servlet/trsolicitudot?b410a89f6ae6784b342387fb9f4bb2cb,gx-no-cache=1520862472121,gx-no-cache=1520863063957 HTTP/1.1" 200 4214
186.79.174.79 - - [12/Mar/2018:10:59:32 -0300] "GET /cormun/servlet/solicitudotadjuntos?INS,2018,10401,,1, HTTP/1.1" 200 5973
186.79.174.79 - - [12/Mar/2018:10:59:32 -0300] "GET /cormun/static/about:blank HTTP/1.1" 404 1011
186.79.174.79 - - [12/Mar/2018:10:59:32 -0300] "GET /cormun/servlet/solicitudotadjuntos?INS,2018,10401,,1, HTTP/1.1" 200 5965
186.79.174.79 - - [12/Mar/2018:10:59:33 -0300] "GET /cormun/servlet/solicitudotadjuntos?d2b85e2ea5760ca9e2d936cba8dd94da339cbd3f2087af4b1c80ec39dc2360ba94aa4705b005653f748163fd6d4414cc,gx-no-cache=1520863123309 HTTP/1.1" 200 30
186.79.174.79 - - [12/Mar/2018:10:59:34 -0300] "POST /cormun/servlet/solicitudotadjuntos?bbc4c7df6b7eb73a39a5198ed35af67f,INS,2018,10401,,1,,gx-no-cache=1520863123649 HTTP/1.1" 200 3793
186.79.174.79 - - [12/Mar/2018:10:59:36 -0300] "POST /cormun/servlet/solicitudotadjuntos?gx-no-cache=1520863125832 HTTP/1.1" 200 26
186.103.159.182 - - [12/Mar/2018:10:59:36 -0300] "POST /cormun/servlet/trsolicitudot?b410a89f6ae6784b342387fb9f4bb2cb,gx-no-cache=1520862472121,gx-no-cache=1520863069921 HTTP/1.1" 200 5666
186.79.174.79 - - [12/Mar/2018:10:59:40 -0300] "GET /cormun/servlet/solicitudotadjuntos?d2b85e2ea5760ca9e2d936cba8dd94da7f39f29d743b38027da73744be06bcc6,gx-no-cache=1520863130769 HTTP/1.1" 200 30
186.79.174.79 - - [12/Mar/2018:10:59:40 -0300] "GET /cormun/servlet/solicitudotadjuntos?d2b85e2ea5760ca9e2d936cba8dd94da7f39f29d743b38027da73744be06bcc6,gx-no-cache=1520863130912 HTTP/1.1" 200 30
190.161.236.41 - - [12/Mar/2018:10:59:42 -0300] "GET /cormun/servlet/hlogin HTTP/1.1" 200 1725
190.161.236.41 - - [12/Mar/2018:10:59:51 -0300] "POST /cormun/servlet/hlogin?97e57a999786fb8698c78ae507b94cee,gx-no-cache=1520863141600 HTTP/1.1" 200 90
190.161.236.41 - - [12/Mar/2018:10:59:51 -0300] "GET /cormun/servlet/hpexe_link HTTP/1.1" 200 950
190.161.236.41 - - [12/Mar/2018:10:59:51 -0300] "GET /cormun/servlet/hhome HTTP/1.1" 200 4144
186.79.174.79 - - [12/Mar/2018:10:59:52 -0300] "POST /cormun/servlet/solicitudotadjuntos?bbc4c7df6b7eb73a39a5198ed35af67f,INS,2018,10401,,1, HTTP/1.1" 200 6119
190.161.236.41 - - [12/Mar/2018:10:59:52 -0300] "GET /cormun/servlet/hhome HTTP/1.1" 200 4140
186.79.174.79 - - [12/Mar/2018:10:59:52 -0300] "GET /home/sistema/apache-tomcat-7.0.65/webapps/cormun/PrivateTempStorage/upload_00009225.pdf HTTP/1.1" 404 1135
186.79.174.79 - - [12/Mar/2018:10:59:52 -0300] "GET /cormun/static/Shared/jqueryui/images/ui-bg_highlight-soft_100_c6c2c8_1x100.png HTTP/1.1" 404 1117
186.79.174.79 - - [12/Mar/2018:10:59:53 -0300] "GET /cormun/static/Shared/jqueryui/images/ui-icons_82798d_256x240.png HTTP/1.1" 404 1089
186.79.174.79 - - [12/Mar/2018:10:59:53 -0300] "GET /cormun/static/Shared/jqueryui/images/ui-icons_ebccce_256x240.png HTTP/1.1" 404 1089
186.79.174.79 - - [12/Mar/2018:10:59:53 -0300] "GET /cormun/static/Shared/jqueryui/images/ui-bg_flat_55_994d53_40x100.png HTTP/1.1" 404 1097
186.79.174.79 - - [12/Mar/2018:10:59:54 -0300] "GET /cormun/PrivateTempStorage/upload_00009225.pdf HTTP/1.1" 200 234763
190.161.236.41 - - [12/Mar/2018:10:59:55 -0300] "GET /cormun/servlet/trsolicitudot? HTTP/1.1" 200 7363
190.161.236.41 - - [12/Mar/2018:10:59:55 -0300] "GET /cormun/servlet/trsolicitudot? HTTP/1.1" 200 7362
186.79.174.79 - - [12/Mar/2018:11:00:11 -0300] "POST /cormun/servlet/solicitudotadjuntos?bbc4c7df6b7eb73a39a5198ed35af67f,INS,2018,10401,,1, HTTP/1.1" 200 116
186.79.174.79 - - [12/Mar/2018:11:00:11 -0300] "GET /cormun/servlet/hpexe_return? HTTP/1.1" 200 1025
190.161.236.41 - - [12/Mar/2018:11:00:11 -0300] "GET /cormun/servlet/solicitudot?INS,0,0, HTTP/1.1" 200 13587
186.79.174.79 - - [12/Mar/2018:11:00:11 -0300] "GET /cormun/servlet/trsolicitudadjuntos?2018,10401, HTTP/1.1" 200 9263
190.161.236.41 - - [12/Mar/2018:11:00:12 -0300] "GET /cormun/servlet/solicitudot?INS,0,0, HTTP/1.1" 200 13592
186.79.174.79 - - [12/Mar/2018:11:00:12 -0300] "GET /cormun/servlet/trsolicitudadjuntos?2018,10401, HTTP/1.1" 200 9264
186.103.159.182 - - [12/Mar/2018:11:00:16 -0300] "POST /cormun/servlet/trsolicitudot?b410a89f6ae6784b342387fb9f4bb2cb,gx-no-cache=1520862472121,gx-no-cache=1520863109097 HTTP/1.1" 200 5644
186.79.174.79 - - [12/Mar/2018:11:00:30 -0300] "GET /cormun/servlet/solicitudotadjuntos?DLT,2018,10401,CARNET,0, HTTP/1.1" 200 5934
186.79.174.79 - - [12/Mar/2018:11:00:31 -0300] "GET /cormun/static/Shared/jqueryui/images/ui-bg_highlight-soft_100_c6c2c8_1x100.png HTTP/1.1" 404 1117
186.79.174.79 - - [12/Mar/2018:11:00:31 -0300] "GET /cormun/static/Shared/jqueryui/images/ui-icons_82798d_256x240.png HTTP/1.1" 404 1089
186.79.174.79 - - [12/Mar/2018:11:00:31 -0300] "GET /cormun/static/Shared/jqueryui/images/ui-icons_8d78a5_256x240.png HTTP/1.1" 404 1089
186.79.174.79 - - [12/Mar/2018:11:00:31 -0300] "GET /cormun/servlet/solicitudotadjuntos?DLT,2018,10401,CARNET,0, HTTP/1.1" 200 5926
186.79.174.79 - - [12/Mar/2018:11:00:31 -0300] "GET /cormun/static/Shared/jqueryui/images/ui-bg_flat_55_fafafa_40x100.png HTTP/1.1" 404 1097
186.79.174.79 - - [12/Mar/2018:11:00:32 -0300] "GET /cormun/PublicTempStorage/cedula8917936.pdf HTTP/1.1" 200 220207
186.79.174.79 - - [12/Mar/2018:11:00:34 -0300] "POST /cormun/servlet/solicitudotadjuntos?bbc4c7df6b7eb73a39a5198ed35af67f,DLT,2018,10401,CARNET,0,,gx-no-cache=1520863184204 HTTP/1.1" 200 93
186.79.174.79 - - [12/Mar/2018:11:00:34 -0300] "GET /cormun/servlet/hpexe_return? HTTP/1.1" 200 1031
186.79.174.79 - - [12/Mar/2018:11:00:34 -0300] "GET /cormun/servlet/trsolicitudadjuntos?2018,10401, HTTP/1.1" 200 8987
186.103.159.188 - - [12/Mar/2018:11:00:35 -0300] "POST /cormun/servlet/solicitudot?gx-no-cache=1520863184073 HTTP/1.1" 200 3418
186.79.174.79 - - [12/Mar/2018:11:00:35 -0300] "GET /cormun/servlet/trsolicitudadjuntos?2018,10401, HTTP/1.1" 200 8999
186.103.159.188 - - [12/Mar/2018:11:00:35 -0300] "POST /cormun/servlet/solicitudot?97e57a999786fb8698c78ae507b94cee,INS,0,0,,gx-no-cache=1520863185404 HTTP/1.1" 200 10590
186.103.159.188 - - [12/Mar/2018:11:00:42 -0300] "GET /cormun/servlet/solicitudot?c282634e3490986fb9ef4676967439ee37f4554bc11ac6d8e155970a0381cbb0f639361efe414ac5bdf0559da27d3fdd,gx-no-cache=1520863193057 HTTP/1.1" 200 30
186.103.159.188 - - [12/Mar/2018:11:00:43 -0300] "GET /cormun/servlet/solicitudot?c282634e3490986fb9ef4676967439ee299f180c56a422d7fe242a474e2759b889716e76011cf3ac05ed2f68372b6d61ba1d5d77a7a50f287d0ef2accd247b64,gx-no-cache=1520863193201 HTTP/1.1" 200 30
186.103.159.188 - - [12/Mar/2018:11:00:43 -0300] "GET /cormun/servlet/solicitudot?c282634e3490986fb9ef4676967439ee4076282a8fa1b8f5c44ef019a98e824f,gx-no-cache=1520863193265 HTTP/1.1" 200 53
186.103.159.188 - - [12/Mar/2018:11:00:43 -0300] "POST /cormun/servlet/solicitudot?gx-no-cache=1520863193389 HTTP/1.1" 200 255
186.103.159.188 - - [12/Mar/2018:11:00:43 -0300] "GET /cormun/servlet/solicitudot?c282634e3490986fb9ef4676967439ee0237f26c72013e6ed4424013614bf3789ab0dabb60553dce798a5b2567549dce71f2343da426651dd7ba52d9a07d8fe453220f0bbeb81e5c8c3094b7c20db276fa5bee5504c727071cba9a35430663238d1c531d27f448aca5176eb7b278a4f3af186d2db7ecb189b71fad47a9e523e069c2f5ecabdac2d86a40c8ac0ebff099b593565fec0cc7da70e67854b4a3d2162021dc646c7b8adeb2a8e3714f8552c5a14b212519eb614d5885ccaede19866d10361c8aa42c8fb70ae9984abae4403502e23d6f3f3ebfbae818c095c3adae8280eeca693ab1775dc05aaeb6985248f871fb18def90b7423679dcd7466840b79bbba0a6c01bcf9ef6c57ab8d0e884d12f37efbd6036b57f7fe224229bd2b5c69c36cfe95d8237964a2809b305e028425c332d9300a2e795c3f44d2153ed4f9d347d591db5f5fc53a009b505676d1d770515466e1d3862fc8687c4d57ffe95ebd61f7e9adbeed9a16a7b559e01f019675de0f27b59468ff426b0752e388a76ad4,gx-no-cache=1520863193503 HTTP/1.1" 200 30
186.103.159.188 - - [12/Mar/2018:11:00:46 -0300] "POST /cormun/servlet/solicitudot?gx-no-cache=1520863196142 HTTP/1.1" 200 30
186.103.159.188 - - [12/Mar/2018:11:00:54 -0300] "POST /cormun/servlet/solicitudot?gx-no-cache=1520863204689 HTTP/1.1" 200 1337
186.103.159.188 - - [12/Mar/2018:11:00:54 -0300] "POST /cormun/servlet/solicitudot?gx-no-cache=1520863204863 HTTP/1.1" 200 38
186.103.159.182 - - [12/Mar/2018:11:00:54 -0300] "POST /cormun/servlet/trsolicitudot?b410a89f6ae6784b342387fb9f4bb2cb,gx-no-cache=1520862472121,gx-no-cache=1520863147785 HTTP/1.1" 200 4217
186.103.159.182 - - [12/Mar/2018:11:00:59 -0300] "POST /cormun/servlet/trsolicitudot?b410a89f6ae6784b342387fb9f4bb2cb,gx-no-cache=1520862472121,gx-no-cache=1520863152721 HTTP/1.1" 200 6256
186.79.174.79 - - [12/Mar/2018:11:01:02 -0300] "GET /cormun/servlet/solicitudotadjuntos?INS,2018,10401,,1, HTTP/1.1" 200 5972
186.103.159.188 - - [12/Mar/2018:11:01:02 -0300] "GET /cormun/servlet/solicitudot?c282634e3490986fb9ef4676967439eef9e664da3647a2648d9acab2200cb8a0453d6147e59f77f03176bb896cdf116d46a9b90cb0a905f031e08fc6325ae54f2ddbc8f8fc8873c23f5b6c42ac67286e3c3840eb753e5a944e50e8a6ef0ed232410e01bbd0fe331decf97a625c3c18df9cd96e860ee3dc281a2497471551cb20f019e58ba12f911da5d881c9c0a48c4fae6aeae7ffdab6f7a88ddba157585544,gx-no-cache=1520863212671 HTTP/1.1" 200 29
186.79.174.79 - - [12/Mar/2018:11:01:02 -0300] "GET /cormun/static/about:blank HTTP/1.1" 404 1011
186.103.159.188 - - [12/Mar/2018:11:01:02 -0300] "POST /cormun/servlet/solicitudot?gx-no-cache=1520863212781 HTTP/1.1" 200 1319
186.103.159.188 - - [12/Mar/2018:11:01:02 -0300] "POST /cormun/servlet/solicitudot?gx-no-cache=1520863212905 HTTP/1.1" 200 1218
186.79.174.79 - - [12/Mar/2018:11:01:02 -0300] "GET /cormun/servlet/solicitudotadjuntos?INS,2018,10401,,1, HTTP/1.1" 200 5965
186.79.174.79 - - [12/Mar/2018:11:01:03 -0300] "GET /cormun/servlet/solicitudotadjuntos?d2b85e2ea5760ca9e2d936cba8dd94da339cbd3f2087af4b1c80ec39dc2360ba94aa4705b005653f748163fd6d4414cc,gx-no-cache=1520863213723 HTTP/1.1" 200 30
186.79.174.79 - - [12/Mar/2018:11:01:04 -0300] "POST /cormun/servlet/solicitudotadjuntos?bbc4c7df6b7eb73a39a5198ed35af67f,INS,2018,10401,,1,,gx-no-cache=1520863213944 HTTP/1.1" 200 3792
186.79.174.79 - - [12/Mar/2018:11:01:06 -0300] "POST /cormun/servlet/solicitudotadjuntos?gx-no-cache=1520863216513 HTTP/1.1" 200 26
186.79.174.79 - - [12/Mar/2018:11:01:22 -0300] "GET /cormun/servlet/solicitudotadjuntos?d2b85e2ea5760ca9e2d936cba8dd94da7f39f29d743b38027da73744be06bcc6,gx-no-cache=1520863232370 HTTP/1.1" 200 30
186.79.174.79 - - [12/Mar/2018:11:01:22 -0300] "GET /cormun/servlet/solicitudotadjuntos?d2b85e2ea5760ca9e2d936cba8dd94da7f39f29d743b38027da73744be06bcc6,gx-no-cache=1520863232489 HTTP/1.1" 200 30
186.79.174.79 - - [12/Mar/2018:11:01:35 -0300] "POST /cormun/servlet/solicitudotadjuntos?bbc4c7df6b7eb73a39a5198ed35af67f,INS,2018,10401,,1, HTTP/1.1" 200 116
186.79.174.79 - - [12/Mar/2018:11:01:35 -0300] "GET /cormun/servlet/hpexe_return? HTTP/1.1" 200 1025
186.79.174.79 - - [12/Mar/2018:11:01:36 -0300] "GET /cormun/servlet/trsolicitudadjuntos?2018,10401, HTTP/1.1" 200 9266
186.79.174.79 - - [12/Mar/2018:11:01:36 -0300] "GET /cormun/servlet/trsolicitudadjuntos?2018,10401, HTTP/1.1" 200 9263
186.79.174.79 - - [12/Mar/2018:11:01:41 -0300] "GET /cormun/PublicTempStorage/antec3728686.pdf HTTP/1.1" 200 16384
186.103.159.188 - - [12/Mar/2018:11:01:46 -0300] "GET /cormun/static/menuarrow.gif HTTP/1.1" 404 1015
186.79.174.79 - - [12/Mar/2018:11:01:51 -0300] "GET /cormun/PublicTempStorage/antec3728686.pdf HTTP/1.1" 200 351047
186.103.159.188 - - [12/Mar/2018:11:02:02 -0300] "GET /cormun/servlet/solicitudot?c282634e3490986fb9ef4676967439ee77fc1a4d7fc31c4ffc7853b290dc9afa4eaa438043171943f39f8381491f6d9c,gx-no-cache=1520863272476 HTTP/1.1" 200 30
186.103.159.188 - - [12/Mar/2018:11:02:11 -0300] "POST /cormun/servlet/solicitudot?gx-no-cache=1520863281557 HTTP/1.1" 200 30
186.103.159.188 - - [12/Mar/2018:11:02:12 -0300] "POST /cormun/servlet/solicitudot?97e57a999786fb8698c78ae507b94cee,INS,0,0,,gx-no-cache=1520863281642 HTTP/1.1" 200 93
186.103.159.188 - - [12/Mar/2018:11:02:12 -0300] "GET /cormun/servlet/hpexe_return? HTTP/1.1" 200 1007
186.103.159.188 - - [12/Mar/2018:11:02:12 -0300] "GET /cormun/servlet/trsolicitudot HTTP/1.1" 200 8744
186.103.159.188 - - [12/Mar/2018:11:02:12 -0300] "GET /cormun/servlet/trsolicitudot HTTP/1.1" 200 8740
190.161.236.41 - - [12/Mar/2018:11:02:33 -0300] "POST /cormun/servlet/trsolicitudot?97e57a999786fb8698c78ae507b94cee,gx-no-cache=1520863303637 HTTP/1.1" 200 107
190.161.236.41 - - [12/Mar/2018:11:02:33 -0300] "GET /cormun/servlet/trsolicitudadjuntos?2018,10402, HTTP/1.1" 200 6241
190.161.236.41 - - [12/Mar/2018:11:02:33 -0300] "GET /cormun/static/gxcfg.js?20177612135366 HTTP/1.1" 304 -
190.161.236.41 - - [12/Mar/2018:11:02:34 -0300] "GET /cormun/servlet/trsolicitudadjuntos?2018,10402, HTTP/1.1" 200 6241
186.103.159.182 - - [12/Mar/2018:11:02:41 -0300] "POST /cormun/servlet/trsolicitudot?b410a89f6ae6784b342387fb9f4bb2cb,gx-no-cache=1520862472121,gx-no-cache=1520863253705 HTTP/1.1" 200 5673
186.103.159.188 - - [12/Mar/2018:11:03:16 -0300] "GET /cormun/servlet/solicitudotadjuntos?INS,2018,10402,,1, HTTP/1.1" 200 6188
186.103.159.188 - - [12/Mar/2018:11:03:16 -0300] "GET /cormun/static/gxcfg.js?2017761244068 HTTP/1.1" 304 -
186.103.159.188 - - [12/Mar/2018:11:03:17 -0300] "GET /cormun/static/about:blank HTTP/1.1" 404 1011
186.103.159.188 - - [12/Mar/2018:11:03:17 -0300] "GET /cormun/servlet/solicitudotadjuntos?INS,2018,10402,,1, HTTP/1.1" 200 6182
190.161.236.41 - - [12/Mar/2018:11:03:17 -0300] "GET /cormun/servlet/solicitudotadjuntos?c282634e3490986fb9ef4676967439eea23f969072e9f29e9dcb6f26e0edec787ee4a885b4646433e298a1ca2ce1d18c,gx-no-cache=1520863347783 HTTP/1.1" 200 30
190.161.236.41 - - [12/Mar/2018:11:03:18 -0300] "POST /cormun/servlet/solicitudotadjuntos?97e57a999786fb8698c78ae507b94cee,INS,2018,10402,,1,,gx-no-cache=1520863348354 HTTP/1.1" 200 4022
190.161.236.41 - - [12/Mar/2018:11:03:21 -0300] "POST /cormun/servlet/solicitudotadjuntos?gx-no-cache=1520863351417 HTTP/1.1" 200 26
190.161.236.41 - - [12/Mar/2018:11:03:34 -0300] "GET /cormun/servlet/solicitudotadjuntos?c282634e3490986fb9ef4676967439ee688be115c58d98175b635216b39e0a8d,gx-no-cache=1520863364302 HTTP/1.1" 200 30
190.161.236.41 - - [12/Mar/2018:11:03:34 -0300] "GET /cormun/servlet/solicitudotadjuntos?c282634e3490986fb9ef4676967439ee688be115c58d98175b635216b39e0a8d,gx-no-cache=1520863364678 HTTP/1.1" 200 30
190.161.236.41 - - [12/Mar/2018:11:03:35 -0300] "POST /cormun/servlet/solicitudotadjuntos?97e57a999786fb8698c78ae507b94cee,INS,2018,10402,,1, HTTP/1.1" 200 116
190.161.236.41 - - [12/Mar/2018:11:03:35 -0300] "GET /cormun/servlet/hpexe_return? HTTP/1.1" 200 1027
190.161.236.41 - - [12/Mar/2018:11:03:36 -0300] "GET /cormun/servlet/trsolicitudadjuntos?2018,10402, HTTP/1.1" 200 8658
190.161.236.41 - - [12/Mar/2018:11:03:36 -0300] "GET /cormun/servlet/trsolicitudadjuntos?2018,10402, HTTP/1.1" 200 8654
186.103.159.182 - - [12/Mar/2018:11:03:36 -0300] "POST /cormun/servlet/trsolicitudot?b410a89f6ae6784b342387fb9f4bb2cb,gx-no-cache=1520862472121,gx-no-cache=1520863309203 HTTP/1.1" 200 5981
190.161.236.41 - - [12/Mar/2018:11:03:38 -0300] "GET /cormun/servlet/solicitudotadjuntos?INS,2018,10402,,1, HTTP/1.1" 200 6188
190.161.236.41 - - [12/Mar/2018:11:03:39 -0300] "GET /cormun/static/about:blank HTTP/1.1" 404 1011
186.103.159.188 - - [12/Mar/2018:11:03:39 -0300] "GET /cormun/servlet/solicitudotadjuntos?INS,2018,10402,,1, HTTP/1.1" 200 6182
190.161.236.41 - - [12/Mar/2018:11:03:39 -0300] "GET /cormun/servlet/solicitudotadjuntos?c282634e3490986fb9ef4676967439eea23f969072e9f29e9dcb6f26e0edec787ee4a885b4646433e298a1ca2ce1d18c,gx-no-cache=1520863369823 HTTP/1.1" 200 30
190.161.236.41 - - [12/Mar/2018:11:03:40 -0300] "POST /cormun/servlet/solicitudotadjuntos?97e57a999786fb8698c78ae507b94cee,INS,2018,10402,,1,,gx-no-cache=1520863369921 HTTP/1.1" 200 4022
190.161.236.41 - - [12/Mar/2018:11:03:42 -0300] "POST /cormun/servlet/solicitudotadjuntos?gx-no-cache=1520863373094 HTTP/1.1" 200 26
190.161.236.41 - - [12/Mar/2018:11:03:44 -0300] "GET /cormun/servlet/solicitudotadjuntos?c282634e3490986fb9ef4676967439ee688be115c58d98175b635216b39e0a8d,gx-no-cache=1520863374669 HTTP/1.1" 200 30
190.161.236.41 - - [12/Mar/2018:11:03:44 -0300] "GET /cormun/servlet/solicitudotadjuntos?c282634e3490986fb9ef4676967439ee688be115c58d98175b635216b39e0a8d,gx-no-cache=1520863374743 HTTP/1.1" 200 30
190.161.236.41 - - [12/Mar/2018:11:03:44 -0300] "POST /cormun/servlet/solicitudotadjuntos?97e57a999786fb8698c78ae507b94cee,INS,2018,10402,,1,,gx-no-cache=1520863374802 HTTP/1.1" 200 93
190.161.236.41 - - [12/Mar/2018:11:03:44 -0300] "GET /cormun/servlet/hpexe_return? HTTP/1.1" 200 1027
190.161.236.41 - - [12/Mar/2018:11:03:45 -0300] "GET /cormun/servlet/trsolicitudadjuntos?2018,10402, HTTP/1.1" 200 8818
190.161.236.41 - - [12/Mar/2018:11:03:45 -0300] "GET /cormun/servlet/trsolicitudadjuntos?2018,10402, HTTP/1.1" 200 8816
190.161.236.41 - - [12/Mar/2018:11:04:02 -0300] "GET /cormun/servlet/solicitudotadjuntos?DLT,2018,10402,CERTIF3,0, HTTP/1.1" 200 6065
190.161.236.41 - - [12/Mar/2018:11:04:03 -0300] "GET /cormun/static/about:blank HTTP/1.1" 404 1011
186.103.159.188 - - [12/Mar/2018:11:04:03 -0300] "GET /cormun/static/Shared/jqueryui/images/ui-bg_highlight-soft_100_c6c2c8_1x100.png HTTP/1.1" 404 1117
186.103.159.188 - - [12/Mar/2018:11:04:03 -0300] "GET /cormun/static/Shared/jqueryui/images/ui-icons_8d78a5_256x240.png HTTP/1.1" 404 1089
190.161.236.41 - - [12/Mar/2018:11:04:03 -0300] "GET /cormun/static/Shared/jqueryui/images/ui-icons_82798d_256x240.png HTTP/1.1" 404 1089
190.161.236.41 - - [12/Mar/2018:11:04:03 -0300] "GET /cormun/static/Shared/jqueryui/images/ui-bg_flat_55_fafafa_40x100.png HTTP/1.1" 404 1097
186.103.159.188 - - [12/Mar/2018:11:04:03 -0300] "GET /cormun/servlet/solicitudotadjuntos?DLT,2018,10402,CERTIF3,0, HTTP/1.1" 200 6058
190.161.236.41 - - [12/Mar/2018:11:04:09 -0300] "POST /cormun/servlet/solicitudotadjuntos?97e57a999786fb8698c78ae507b94cee,DLT,2018,10402,CERTIF3,0,,gx-no-cache=1520863398650 HTTP/1.1" 200 93
190.161.236.41 - - [12/Mar/2018:11:04:09 -0300] "GET /cormun/servlet/hpexe_return? HTTP/1.1" 200 1033
190.161.236.41 - - [12/Mar/2018:11:04:09 -0300] "GET /cormun/servlet/trsolicitudadjuntos?2018,10402, HTTP/1.1" 200 8659
190.161.236.41 - - [12/Mar/2018:11:04:09 -0300] "GET /cormun/servlet/trsolicitudadjuntos?2018,10402, HTTP/1.1" 200 8655
190.161.236.41 - - [12/Mar/2018:11:04:20 -0300] "GET /cormun/servlet/solicitudotadjuntos?INS,2018,10402,,2, HTTP/1.1" 200 6186
190.161.236.41 - - [12/Mar/2018:11:04:21 -0300] "GET /cormun/static/about:blank HTTP/1.1" 404 1011
186.103.159.188 - - [12/Mar/2018:11:04:21 -0300] "GET /cormun/servlet/solicitudotadjuntos?INS,2018,10402,,2, HTTP/1.1" 200 6179
186.103.159.188 - - [12/Mar/2018:11:04:22 -0300] "GET /cormun/servlet/solicitudotadjuntos?c282634e3490986fb9ef4676967439eea23f969072e9f29e9dcb6f26e0edec787ee4a885b4646433e298a1ca2ce1d18c,gx-no-cache=1520863411943 HTTP/1.1" 200 30
186.103.159.188 - - [12/Mar/2018:11:04:22 -0300] "POST /cormun/servlet/solicitudotadjuntos?97e57a999786fb8698c78ae507b94cee,INS,2018,10402,,2,,gx-no-cache=1520863412432 HTTP/1.1" 200 4165
186.103.159.188 - - [12/Mar/2018:11:04:28 -0300] "POST /cormun/servlet/solicitudotadjuntos?97e57a999786fb8698c78ae507b94cee,INS,2018,10402,,2,,gx-no-cache=1520863418078 HTTP/1.1" 200 93
186.103.159.188 - - [12/Mar/2018:11:04:28 -0300] "GET /cormun/servlet/hpexe_return? HTTP/1.1" 200 1027
186.103.159.188 - - [12/Mar/2018:11:04:28 -0300] "GET /cormun/servlet/trsolicitudadjuntos?2018,10402, HTTP/1.1" 200 8660
186.103.159.182 - - [12/Mar/2018:11:04:28 -0300] "POST /cormun/servlet/trsolicitudot?b410a89f6ae6784b342387fb9f4bb2cb,gx-no-cache=1520862472121,gx-no-cache=1520863361757 HTTP/1.1" 200 4212
186.103.159.188 - - [12/Mar/2018:11:04:28 -0300] "GET /cormun/servlet/trsolicitudadjuntos?2018,10402, HTTP/1.1" 200 8656
192.168.10.56 - - [12/Mar/2018:11:04:31 -0300] "POST /cormun/servlet/trsolicitudgral?15985d5a665fc0e81c8abca4797067c8,,gx-no-cache=1520863306918 HTTP/1.1" 200 25322
190.161.236.41 - - [12/Mar/2018:11:04:31 -0300] "GET /cormun/servlet/solicitudotadjuntos?INS,2018,10402,,1, HTTP/1.1" 200 6189
190.161.236.41 - - [12/Mar/2018:11:04:32 -0300] "GET /cormun/static/about:blank HTTP/1.1" 404 1011
186.103.159.188 - - [12/Mar/2018:11:04:32 -0300] "GET /cormun/servlet/solicitudotadjuntos?INS,2018,10402,,1, HTTP/1.1" 200 6182
186.103.159.188 - - [12/Mar/2018:11:04:32 -0300] "GET /cormun/servlet/solicitudotadjuntos?c282634e3490986fb9ef4676967439eea23f969072e9f29e9dcb6f26e0edec787ee4a885b4646433e298a1ca2ce1d18c,gx-no-cache=1520863422698 HTTP/1.1" 200 30
186.103.159.188 - - [12/Mar/2018:11:04:33 -0300] "POST /cormun/servlet/solicitudotadjuntos?97e57a999786fb8698c78ae507b94cee,INS,2018,10402,,1,,gx-no-cache=1520863422772 HTTP/1.1" 200 4024
186.103.159.182 - - [12/Mar/2018:11:04:36 -0300] "POST /cormun/servlet/trsolicitudot?b410a89f6ae6784b342387fb9f4bb2cb,gx-no-cache=1520862472121,gx-no-cache=1520863368921 HTTP/1.1" 200 5675
186.103.159.188 - - [12/Mar/2018:11:04:40 -0300] "POST /cormun/servlet/solicitudotadjuntos?gx-no-cache=1520863430221 HTTP/1.1" 200 26
186.103.159.188 - - [12/Mar/2018:11:04:45 -0300] "GET /cormun/servlet/solicitudotadjuntos?c282634e3490986fb9ef4676967439ee688be115c58d98175b635216b39e0a8d,gx-no-cache=1520863435797 HTTP/1.1" 200 30
186.103.159.188 - - [12/Mar/2018:11:04:45 -0300] "GET /cormun/servlet/solicitudotadjuntos?c282634e3490986fb9ef4676967439ee688be115c58d98175b635216b39e0a8d,gx-no-cache=1520863435858 HTTP/1.1" 200 30
186.103.159.188 - - [12/Mar/2018:11:04:48 -0300] "POST /cormun/servlet/solicitudotadjuntos?97e57a999786fb8698c78ae507b94cee,INS,2018,10402,,1, HTTP/1.1" 200 116
186.103.159.188 - - [12/Mar/2018:11:04:48 -0300] "GET /cormun/servlet/hpexe_return? HTTP/1.1" 200 1027
186.103.159.188 - - [12/Mar/2018:11:04:49 -0300] "GET /cormun/servlet/trsolicitudadjuntos?2018,10402, HTTP/1.1" 200 8872
186.103.159.188 - - [12/Mar/2018:11:04:49 -0300] "GET /cormun/servlet/trsolicitudadjuntos?2018,10402, HTTP/1.1" 200 8870
190.161.236.41 - - [12/Mar/2018:11:04:53 -0300] "GET /cormun/servlet/solicitudotadjuntos?INS,2018,10402,,1, HTTP/1.1" 200 6187
190.161.236.41 - - [12/Mar/2018:11:04:53 -0300] "GET /cormun/static/about:blank HTTP/1.1" 404 1011
186.103.159.188 - - [12/Mar/2018:11:04:53 -0300] "GET /cormun/servlet/solicitudotadjuntos?INS,2018,10402,,1, HTTP/1.1" 200 6181
190.161.236.41 - - [12/Mar/2018:11:04:54 -0300] "GET /cormun/servlet/solicitudotadjuntos?c282634e3490986fb9ef4676967439eea23f969072e9f29e9dcb6f26e0edec787ee4a885b4646433e298a1ca2ce1d18c,gx-no-cache=1520863444349 HTTP/1.1" 200 30
190.161.236.41 - - [12/Mar/2018:11:04:54 -0300] "POST /cormun/servlet/solicitudotadjuntos?97e57a999786fb8698c78ae507b94cee,INS,2018,10402,,1,,gx-no-cache=1520863444414 HTTP/1.1" 200 4023
190.161.236.41 - - [12/Mar/2018:11:04:56 -0300] "POST /cormun/servlet/solicitudotadjuntos?gx-no-cache=1520863446669 HTTP/1.1" 200 26
186.103.159.182 - - [12/Mar/2018:11:05:04 -0300] "POST /cormun/servlet/trsolicitudot?b410a89f6ae6784b342387fb9f4bb2cb,gx-no-cache=1520862472121,gx-no-cache=1520863397736 HTTP/1.1" 200 5676
190.161.236.41 - - [12/Mar/2018:11:05:06 -0300] "GET /cormun/servlet/solicitudotadjuntos?c282634e3490986fb9ef4676967439ee688be115c58d98175b635216b39e0a8d,gx-no-cache=1520863456366 HTTP/1.1" 200 30
190.161.236.41 - - [12/Mar/2018:11:05:06 -0300] "GET /cormun/servlet/solicitudotadjuntos?c282634e3490986fb9ef4676967439ee688be115c58d98175b635216b39e0a8d,gx-no-cache=1520863456449 HTTP/1.1" 200 30
190.161.236.41 - - [12/Mar/2018:11:05:07 -0300] "POST /cormun/servlet/solicitudotadjuntos?97e57a999786fb8698c78ae507b94cee,INS,2018,10402,,1, HTTP/1.1" 200 116
190.161.236.41 - - [12/Mar/2018:11:05:07 -0300] "GET /cormun/servlet/hpexe_return? HTTP/1.1" 200 1027
190.161.236.41 - - [12/Mar/2018:11:05:08 -0300] "GET /cormun/servlet/trsolicitudadjuntos?2018,10402, HTTP/1.1" 200 9044
190.161.236.41 - - [12/Mar/2018:11:05:08 -0300] "GET /cormun/servlet/trsolicitudadjuntos?2018,10402, HTTP/1.1" 200 9041
186.103.159.188 - - [12/Mar/2018:11:05:10 -0300] "GET /cormun/servlet/solicitudotadjuntos?INS,2018,10402,,1, HTTP/1.1" 200 6187
186.103.159.188 - - [12/Mar/2018:11:05:11 -0300] "GET /cormun/static/about:blank HTTP/1.1" 404 1011
186.103.159.188 - - [12/Mar/2018:11:05:11 -0300] "GET /cormun/servlet/solicitudotadjuntos?INS,2018,10402,,1, HTTP/1.1" 200 6181
186.103.159.188 - - [12/Mar/2018:11:05:11 -0300] "GET /cormun/servlet/solicitudotadjuntos?c282634e3490986fb9ef4676967439eea23f969072e9f29e9dcb6f26e0edec787ee4a885b4646433e298a1ca2ce1d18c,gx-no-cache=1520863461758 HTTP/1.1" 200 30
186.103.159.188 - - [12/Mar/2018:11:05:12 -0300] "POST /cormun/servlet/solicitudotadjuntos?97e57a999786fb8698c78ae507b94cee,INS,2018,10402,,1,,gx-no-cache=1520863461814 HTTP/1.1" 200 4023
186.103.159.188 - - [12/Mar/2018:11:05:14 -0300] "POST /cormun/servlet/solicitudotadjuntos?gx-no-cache=1520863465075 HTTP/1.1" 200 26
186.103.159.188 - - [12/Mar/2018:11:05:20 -0300] "GET /cormun/servlet/solicitudotadjuntos?c282634e3490986fb9ef4676967439ee688be115c58d98175b635216b39e0a8d,gx-no-cache=1520863470211 HTTP/1.1" 200 30
186.103.159.188 - - [12/Mar/2018:11:05:20 -0300] "GET /cormun/servlet/solicitudotadjuntos?c282634e3490986fb9ef4676967439ee688be115c58d98175b635216b39e0a8d,gx-no-cache=1520863470312 HTTP/1.1" 200 30
186.103.159.188 - - [12/Mar/2018:11:05:23 -0300] "POST /cormun/servlet/solicitudotadjuntos?97e57a999786fb8698c78ae507b94cee,INS,2018,10402,,1, HTTP/1.1" 200 116
186.103.159.188 - - [12/Mar/2018:11:05:23 -0300] "GET /cormun/servlet/hpexe_return? HTTP/1.1" 200 1027
186.103.159.188 - - [12/Mar/2018:11:05:23 -0300] "GET /cormun/servlet/trsolicitudadjuntos?2018,10402, HTTP/1.1" 200 9250
186.103.159.188 - - [12/Mar/2018:11:05:24 -0300] "GET /cormun/servlet/trsolicitudadjuntos?2018,10402, HTTP/1.1" 200 9249
190.161.236.41 - - [12/Mar/2018:11:05:26 -0300] "GET /cormun/servlet/solicitudotadjuntos?INS,2018,10402,,1, HTTP/1.1" 200 6187
190.161.236.41 - - [12/Mar/2018:11:05:27 -0300] "GET /cormun/static/about:blank HTTP/1.1" 404 1011
186.103.159.188 - - [12/Mar/2018:11:05:27 -0300] "GET /cormun/servlet/solicitudotadjuntos?INS,2018,10402,,1, HTTP/1.1" 200 6181
190.161.236.41 - - [12/Mar/2018:11:05:27 -0300] "GET /cormun/servlet/solicitudotadjuntos?c282634e3490986fb9ef4676967439eea23f969072e9f29e9dcb6f26e0edec787ee4a885b4646433e298a1ca2ce1d18c,gx-no-cache=1520863477869 HTTP/1.1" 200 30
190.161.236.41 - - [12/Mar/2018:11:05:29 -0300] "POST /cormun/servlet/solicitudotadjuntos?97e57a999786fb8698c78ae507b94cee,INS,2018,10402,,1,,gx-no-cache=1520863477929 HTTP/1.1" 200 4023
190.161.236.41 - - [12/Mar/2018:11:05:32 -0300] "POST /cormun/servlet/solicitudotadjuntos?gx-no-cache=1520863482338 HTTP/1.1" 200 26
190.161.236.41 - - [12/Mar/2018:11:05:37 -0300] "GET /cormun/servlet/solicitudotadjuntos?c282634e3490986fb9ef4676967439ee688be115c58d98175b635216b39e0a8d,gx-no-cache=1520863487555 HTTP/1.1" 200 30
190.161.236.41 - - [12/Mar/2018:11:05:37 -0300] "GET /cormun/servlet/solicitudotadjuntos?c282634e3490986fb9ef4676967439ee688be115c58d98175b635216b39e0a8d,gx-no-cache=1520863487628 HTTP/1.1" 200 30
190.161.236.41 - - [12/Mar/2018:11:05:42 -0300] "POST /cormun/servlet/solicitudotadjuntos?97e57a999786fb8698c78ae507b94cee,INS,2018,10402,,1, HTTP/1.1" 200 116
190.161.236.41 - - [12/Mar/2018:11:05:42 -0300] "GET /cormun/servlet/hpexe_return? HTTP/1.1" 200 1027
190.161.236.41 - - [12/Mar/2018:11:05:42 -0300] "GET /cormun/servlet/trsolicitudadjuntos?2018,10402, HTTP/1.1" 200 9466
190.161.236.41 - - [12/Mar/2018:11:05:43 -0300] "GET /cormun/servlet/trsolicitudadjuntos?2018,10402, HTTP/1.1" 200 9466
186.103.159.182 - - [12/Mar/2018:11:05:53 -0300] "POST /cormun/servlet/trsolicitudot?b410a89f6ae6784b342387fb9f4bb2cb,gx-no-cache=1520862472121,gx-no-cache=1520863446797 HTTP/1.1" 200 4211
186.103.159.182 - - [12/Mar/2018:11:06:00 -0300] "POST /cormun/servlet/trsolicitudot?b410a89f6ae6784b342387fb9f4bb2cb,gx-no-cache=1520862472121,gx-no-cache=1520863453994 HTTP/1.1" 200 5649
186.103.159.188 - - [12/Mar/2018:11:06:05 -0300] "GET /cormun/servlet/solicitudotadjuntos?INS,2018,10402,,1, HTTP/1.1" 200 6188
186.103.159.188 - - [12/Mar/2018:11:06:06 -0300] "GET /cormun/static/about:blank HTTP/1.1" 404 1011
186.103.159.188 - - [12/Mar/2018:11:06:06 -0300] "GET /cormun/servlet/solicitudotadjuntos?INS,2018,10402,,1, HTTP/1.1" 200 6181
186.103.159.188 - - [12/Mar/2018:11:06:06 -0300] "GET /cormun/servlet/solicitudotadjuntos?c282634e3490986fb9ef4676967439eea23f969072e9f29e9dcb6f26e0edec787ee4a885b4646433e298a1ca2ce1d18c,gx-no-cache=1520863516787 HTTP/1.1" 200 30
186.103.159.188 - - [12/Mar/2018:11:06:06 -0300] "POST /cormun/servlet/solicitudotadjuntos?97e57a999786fb8698c78ae507b94cee,INS,2018,10402,,1,,gx-no-cache=1520863516851 HTTP/1.1" 200 4024
186.103.159.188 - - [12/Mar/2018:11:06:10 -0300] "POST /cormun/servlet/solicitudotadjuntos?gx-no-cache=1520863521022 HTTP/1.1" 200 26
186.103.159.188 - - [12/Mar/2018:11:06:15 -0300] "GET /cormun/servlet/solicitudotadjuntos?c282634e3490986fb9ef4676967439ee688be115c58d98175b635216b39e0a8d,gx-no-cache=1520863526039 HTTP/1.1" 200 30
186.103.159.188 - - [12/Mar/2018:11:06:15 -0300] "GET /cormun/servlet/solicitudotadjuntos?c282634e3490986fb9ef4676967439ee688be115c58d98175b635216b39e0a8d,gx-no-cache=1520863526109 HTTP/1.1" 200 30
186.103.159.188 - - [12/Mar/2018:11:06:19 -0300] "POST /cormun/servlet/solicitudotadjuntos?97e57a999786fb8698c78ae507b94cee,INS,2018,10402,,1, HTTP/1.1" 200 116
186.103.159.188 - - [12/Mar/2018:11:06:19 -0300] "GET /cormun/servlet/hpexe_return? HTTP/1.1" 200 1027
186.103.159.188 - - [12/Mar/2018:11:06:19 -0300] "GET /cormun/servlet/trsolicitudadjuntos?2018,10402, HTTP/1.1" 200 9719
186.103.159.188 - - [12/Mar/2018:11:06:20 -0300] "GET /cormun/servlet/trsolicitudadjuntos?2018,10402, HTTP/1.1" 200 9714
186.103.159.188 - - [12/Mar/2018:11:06:25 -0300] "GET /cormun/servlet/trsolicitudot? HTTP/1.1" 200 8747
186.103.159.188 - - [12/Mar/2018:11:06:26 -0300] "GET /cormun/servlet/trsolicitudot? HTTP/1.1" 200 8740
186.103.159.182 - - [12/Mar/2018:11:06:35 -0300] "POST /cormun/servlet/trsolicitudot?b410a89f6ae6784b342387fb9f4bb2cb,gx-no-cache=1520862472121,gx-no-cache=1520863487314 HTTP/1.1" 200 4213
186.103.159.182 - - [12/Mar/2018:11:06:40 -0300] "POST /cormun/servlet/trsolicitudot?b410a89f6ae6784b342387fb9f4bb2cb,gx-no-cache=1520862472121,gx-no-cache=1520863493853 HTTP/1.1" 200 5675
192.168.10.50 - - [12/Mar/2018:11:06:40 -0300] "POST /cormun/servlet/trsolicitudgral?46182a646722e3b4887b4ae9aea482ba,,gx-no-cache=1520863437724 HTTP/1.1" 200 8030
186.103.159.182 - - [12/Mar/2018:11:07:06 -0300] "POST /cormun/servlet/trsolicitudot?b410a89f6ae6784b342387fb9f4bb2cb,gx-no-cache=1520862472121,gx-no-cache=1520863519195 HTTP/1.1" 200 5985
186.103.159.188 - - [12/Mar/2018:11:07:06 -0300] "POST /cormun/servlet/trsolicitudot?97e57a999786fb8698c78ae507b94cee,,gx-no-cache=1520863576246 HTTP/1.1" 200 4700
186.103.159.188 - - [12/Mar/2018:11:07:06 -0300] "GET /cormun/static/Shared/jqueryui/images/ui-bg_highlight-soft_100_c6c2c8_1x100.png HTTP/1.1" 404 1117
186.103.159.188 - - [12/Mar/2018:11:07:06 -0300] "GET /cormun/static/Shared/jqueryui/images/ui-bg_flat_55_fafafa_40x100.png HTTP/1.1" 404 1097
190.161.236.41 - - [12/Mar/2018:11:07:06 -0300] "GET /cormun/static/Shared/jqueryui/images/ui-icons_8d78a5_256x240.png HTTP/1.1" 404 1089
186.103.159.188 - - [12/Mar/2018:11:07:06 -0300] "GET /cormun/static/Shared/jqueryui/images/ui-icons_82798d_256x240.png HTTP/1.1" 404 1089
186.103.159.188 - - [12/Mar/2018:11:07:15 -0300] "POST /cormun/servlet/trsolicitudot?97e57a999786fb8698c78ae507b94cee,,gx-no-cache=1520863576510 HTTP/1.1" 500 10
186.103.159.182 - - [12/Mar/2018:11:07:20 -0300] "POST /cormun/servlet/trsolicitudot?b410a89f6ae6784b342387fb9f4bb2cb,gx-no-cache=1520862472121,gx-no-cache=1520863533133 HTTP/1.1" 200 5962
192.168.10.50 - - [12/Mar/2018:11:07:23 -0300] "POST /cormun/servlet/trsolicitudgral?46182a646722e3b4887b4ae9aea482ba,,gx-no-cache=1520863480064 HTTP/1.1" 200 8069
186.103.159.188 - - [12/Mar/2018:11:07:23 -0300] "GET /cormun/servlet/trsolicitudot? HTTP/1.1" 200 7362
186.103.159.188 - - [12/Mar/2018:11:07:23 -0300] "GET /cormun/servlet/trsolicitudot? HTTP/1.1" 200 7362
192.168.10.50 - - [12/Mar/2018:11:07:37 -0300] "POST /cormun/servlet/trsolicitudgral?46182a646722e3b4887b4ae9aea482ba,,gx-no-cache=1520863494717 HTTP/1.1" 200 8774
192.168.10.50 - - [12/Mar/2018:11:07:47 -0300] "POST /cormun/servlet/trsolicitudgral?46182a646722e3b4887b4ae9aea482ba,,gx-no-cache=1520863504551 HTTP/1.1" 200 8775
186.103.159.182 - - [12/Mar/2018:11:07:50 -0300] "POST /cormun/servlet/trsolicitudot?b410a89f6ae6784b342387fb9f4bb2cb,gx-no-cache=1520862472121,gx-no-cache=1520863562894 HTTP/1.1" 200 4214
192.168.10.50 - - [12/Mar/2018:11:08:09 -0300] "POST /cormun/servlet/trsolicitudgral?46182a646722e3b4887b4ae9aea482ba,,gx-no-cache=1520863526350 HTTP/1.1" 200 5918
192.168.10.50 - - [12/Mar/2018:11:08:15 -0300] "POST /cormun/servlet/trsolicitudgral?46182a646722e3b4887b4ae9aea482ba,,gx-no-cache=1520863532067 HTTP/1.1" 200 7262
192.168.10.50 - - [12/Mar/2018:11:08:18 -0300] "POST /cormun/servlet/trsolicitudgral?46182a646722e3b4887b4ae9aea482ba,,gx-no-cache=1520863535766 HTTP/1.1" 200 6114
192.168.10.50 - - [12/Mar/2018:11:08:25 -0300] "POST /cormun/servlet/trsolicitudgral?46182a646722e3b4887b4ae9aea482ba,,gx-no-cache=1520863542212 HTTP/1.1" 200 5919
192.168.10.50 - - [12/Mar/2018:11:08:32 -0300] "POST /cormun/servlet/trsolicitudgral?46182a646722e3b4887b4ae9aea482ba,,gx-no-cache=1520863548884 HTTP/1.1" 200 9778
192.168.10.50 - - [12/Mar/2018:11:08:42 -0300] "POST /cormun/servlet/trsolicitudgral?46182a646722e3b4887b4ae9aea482ba,,gx-no-cache=1520863559240 HTTP/1.1" 200 6144
192.168.10.50 - - [12/Mar/2018:11:08:49 -0300] "POST /cormun/servlet/trsolicitudgral?46182a646722e3b4887b4ae9aea482ba,,gx-no-cache=1520863566565 HTTP/1.1" 200 5920
192.168.10.50 - - [12/Mar/2018:11:08:51 -0300] "POST /cormun/servlet/trsolicitudgral?46182a646722e3b4887b4ae9aea482ba,,gx-no-cache=1520863567956 HTTP/1.1" 200 5920
186.79.174.79 - - [12/Mar/2018:11:08:55 -0300] "GET /cormun/servlet/hlogin HTTP/1.1" 200 1711
192.168.10.50 - - [12/Mar/2018:11:08:56 -0300] "POST /cormun/servlet/trsolicitudgral?46182a646722e3b4887b4ae9aea482ba,,gx-no-cache=1520863572830 HTTP/1.1" 200 10324
186.79.174.79 - - [12/Mar/2018:11:08:58 -0300] "POST /cormun/servlet/hlogin?7060ec84e51b3eb591f7dd34343725e8,gx-no-cache=1520863688486 HTTP/1.1" 200 90
186.79.174.79 - - [12/Mar/2018:11:08:58 -0300] "GET /cormun/servlet/hpexe_link HTTP/1.1" 200 944
186.79.174.79 - - [12/Mar/2018:11:08:58 -0300] "GET /cormun/servlet/hhome HTTP/1.1" 200 3922
186.79.174.79 - - [12/Mar/2018:11:08:59 -0300] "GET /cormun/servlet/hhome HTTP/1.1" 200 3919
186.79.174.79 - - [12/Mar/2018:11:09:03 -0300] "GET /cormun/servlet/trsolicitudot? HTTP/1.1" 200 8511
186.79.174.79 - - [12/Mar/2018:11:09:03 -0300] "GET /cormun/servlet/trsolicitudot? HTTP/1.1" 200 8508
186.79.174.79 - - [12/Mar/2018:11:09:08 -0300] "POST /cormun/servlet/trsolicitudot?7060ec84e51b3eb591f7dd34343725e8,,gx-no-cache=1520863697799 HTTP/1.1" 200 107
186.79.174.79 - - [12/Mar/2018:11:09:09 -0300] "GET /cormun/servlet/trsolicitudadjuntos?2018,10401, HTTP/1.1" 200 9257
186.79.174.79 - - [12/Mar/2018:11:09:10 -0300] "GET /cormun/servlet/trsolicitudadjuntos?2018,10401, HTTP/1.1" 200 9259
186.103.159.182 - - [12/Mar/2018:11:09:41 -0300] "POST /cormun/servlet/trsolicitudot?b410a89f6ae6784b342387fb9f4bb2cb,gx-no-cache=1520862472121,gx-no-cache=1520863674535 HTTP/1.1" 200 6257
186.79.174.79 - - [12/Mar/2018:11:10:21 -0300] "GET /cormun/PublicTempStorage/curric.5171947.pdf HTTP/1.1" 200 234763
186.79.174.79 - - [12/Mar/2018:11:10:26 -0300] "GET /cormun/servlet/trsolicitudadjuntos?2018,10401, HTTP/1.1" 200 9255
186.79.174.79 - - [12/Mar/2018:11:10:27 -0300] "GET /cormun/servlet/trsolicitudadjuntos?2018,10401, HTTP/1.1" 200 9260
186.79.174.79 - - [12/Mar/2018:11:10:30 -0300] "GET /cormun/PublicTempStorage/licencia_media296212.pdf HTTP/1.1" 200 295907
186.79.174.79 - - [12/Mar/2018:11:10:35 -0300] "GET /cormun/servlet/trsolicitudadjuntos?2018,10401, HTTP/1.1" 200 9255
186.79.174.79 - - [12/Mar/2018:11:10:36 -0300] "GET /cormun/servlet/trsolicitudadjuntos?2018,10401, HTTP/1.1" 200 9260
186.79.174.79 - - [12/Mar/2018:11:10:39 -0300] "GET /cormun/PublicTempStorage/afp2846476.pdf HTTP/1.1" 200 273038
186.103.159.182 - - [12/Mar/2018:11:10:45 -0300] "POST /cormun/servlet/trsolicitudot?b410a89f6ae6784b342387fb9f4bb2cb,gx-no-cache=1520862472121,gx-no-cache=1520863738026 HTTP/1.1" 200 6003
186.79.174.79 - - [12/Mar/2018:11:10:46 -0300] "GET /cormun/servlet/trsolicitudadjuntos?2018,10401, HTTP/1.1" 200 9255
186.79.174.79 - - [12/Mar/2018:11:10:47 -0300] "GET /cormun/servlet/trsolicitudadjuntos?2018,10401, HTTP/1.1" 200 9259
186.79.174.79 - - [12/Mar/2018:11:10:50 -0300] "GET /cormun/PublicTempStorage/fonasa2212197.pdf HTTP/1.1" 200 259159
186.79.174.79 - - [12/Mar/2018:11:10:55 -0300] "GET /cormun/servlet/trsolicitudadjuntos?2018,10401, HTTP/1.1" 200 9257
186.79.174.79 - - [12/Mar/2018:11:10:56 -0300] "GET /cormun/servlet/trsolicitudadjuntos?2018,10401, HTTP/1.1" 200 9259
186.79.174.79 - - [12/Mar/2018:11:11:00 -0300] "GET /cormun/PublicTempStorage/antec9943603.pdf HTTP/1.1" 200 351047
186.79.174.79 - - [12/Mar/2018:11:11:03 -0300] "GET /cormun/servlet/trsolicitudadjuntos?2018,10401, HTTP/1.1" 200 9256
186.79.174.79 - - [12/Mar/2018:11:11:04 -0300] "GET /cormun/servlet/trsolicitudadjuntos?2018,10401, HTTP/1.1" 200 9260
186.103.159.182 - - [12/Mar/2018:11:11:14 -0300] "POST /cormun/servlet/trsolicitudot?b410a89f6ae6784b342387fb9f4bb2cb,gx-no-cache=1520862472121,gx-no-cache=1520863767448 HTTP/1.1" 200 4212
186.103.159.182 - - [12/Mar/2018:11:11:26 -0300] "POST /cormun/servlet/trsolicitudot?b410a89f6ae6784b342387fb9f4bb2cb,gx-no-cache=1520862472121,gx-no-cache=1520863779596 HTTP/1.1" 200 4212
186.103.159.182 - - [12/Mar/2018:11:11:35 -0300] "POST /cormun/servlet/trsolicitudot?b410a89f6ae6784b342387fb9f4bb2cb,gx-no-cache=1520862472121,gx-no-cache=1520863789125 HTTP/1.1" 200 4211
186.103.159.182 - - [12/Mar/2018:11:11:42 -0300] "POST /cormun/servlet/trsolicitudot?b410a89f6ae6784b342387fb9f4bb2cb,gx-no-cache=1520862472121,gx-no-cache=1520863794986 HTTP/1.1" 200 5671
186.79.174.79 - - [12/Mar/2018:11:12:02 -0300] "GET /cormun/servlet/solicitudotadjuntos?INS,2018,10401,,1, HTTP/1.1" 200 5966
186.79.174.79 - - [12/Mar/2018:11:12:02 -0300] "GET /cormun/static/about:blank HTTP/1.1" 404 1011
186.79.174.79 - - [12/Mar/2018:11:12:03 -0300] "GET /cormun/servlet/solicitudotadjuntos?INS,2018,10401,,1, HTTP/1.1" 200 5959
186.79.174.79 - - [12/Mar/2018:11:12:03 -0300] "GET /cormun/servlet/solicitudotadjuntos?b995ddece844a4cd4277de0ad6d45212b67f5a8f0297a770a8b81a8c1fb066734386a2dd23629991be9fed7cf8df459c,gx-no-cache=1520863873977 HTTP/1.1" 200 30
186.79.174.79 - - [12/Mar/2018:11:12:04 -0300] "POST /cormun/servlet/solicitudotadjuntos?7060ec84e51b3eb591f7dd34343725e8,INS,2018,10401,,1,,gx-no-cache=1520863874178 HTTP/1.1" 200 3788
186.79.174.79 - - [12/Mar/2018:11:12:06 -0300] "POST /cormun/servlet/solicitudotadjuntos?gx-no-cache=1520863876353 HTTP/1.1" 200 26
186.103.159.182 - - [12/Mar/2018:11:12:06 -0300] "POST /cormun/servlet/trsolicitudot?b410a89f6ae6784b342387fb9f4bb2cb,gx-no-cache=1520862472121,gx-no-cache=1520863820093 HTTP/1.1" 200 4214
186.103.159.182 - - [12/Mar/2018:11:12:15 -0300] "POST /cormun/servlet/trsolicitudot?b410a89f6ae6784b342387fb9f4bb2cb,gx-no-cache=1520862472121,gx-no-cache=1520863828447 HTTP/1.1" 200 4212
186.103.159.182 - - [12/Mar/2018:11:12:20 -0300] "POST /cormun/servlet/trsolicitudot?b410a89f6ae6784b342387fb9f4bb2cb,gx-no-cache=1520862472121,gx-no-cache=1520863833604 HTTP/1.1" 200 5645
186.103.159.204 - - [12/Mar/2018:11:12:25 -0300] "POST /cormun/servlet/trautorizarsolicitud?49746b965b956c53312ed24f16cfaa17,,gx-no-cache=1520863895504 HTTP/1.1" 440 972
186.103.159.204 - - [12/Mar/2018:11:12:27 -0300] "GET /cormun/servlet/trautorizarsolicitud? HTTP/1.1" 200 6289
186.103.159.204 - - [12/Mar/2018:11:12:28 -0300] "GET /cormun/servlet/trautorizarsolicitud? HTTP/1.1" 200 6289
186.103.159.204 - - [12/Mar/2018:11:12:28 -0300] "GET /cormun/servlet/hlogin HTTP/1.1" 200 1740
186.79.174.79 - - [12/Mar/2018:11:12:37 -0300] "GET /cormun/servlet/solicitudotadjuntos?b995ddece844a4cd4277de0ad6d4521269b2501ba8040aba6e4f0552a8e9897b,gx-no-cache=1520863908067 HTTP/1.1" 200 30
186.79.174.79 - - [12/Mar/2018:11:12:37 -0300] "GET /cormun/servlet/solicitudotadjuntos?b995ddece844a4cd4277de0ad6d4521269b2501ba8040aba6e4f0552a8e9897b,gx-no-cache=1520863908215 HTTP/1.1" 200 30
186.103.159.182 - - [12/Mar/2018:11:12:40 -0300] "POST /cormun/servlet/trsolicitudot?b410a89f6ae6784b342387fb9f4bb2cb,gx-no-cache=1520862472121,gx-no-cache=1520863853646 HTTP/1.1" 200 5912
186.79.174.79 - - [12/Mar/2018:11:12:42 -0300] "POST /cormun/servlet/solicitudotadjuntos?7060ec84e51b3eb591f7dd34343725e8,INS,2018,10401,,1, HTTP/1.1" 200 6167
186.79.174.79 - - [12/Mar/2018:11:12:43 -0300] "GET /home/sistema/apache-tomcat-7.0.65/webapps/cormun/PrivateTempStorage/upload_00009333.pdf HTTP/1.1" 404 1135
186.79.174.79 - - [12/Mar/2018:11:12:43 -0300] "GET /cormun/static/Shared/jqueryui/images/ui-icons_ebccce_256x240.png HTTP/1.1" 404 1089
186.79.174.79 - - [12/Mar/2018:11:12:43 -0300] "GET /home/sistema/apache-tomcat-7.0.65/webapps/cormun/PrivateTempStorage/upload_00009333.pdf HTTP/1.1" 404 1135
186.103.159.204 - - [12/Mar/2018:11:12:43 -0300] "POST /cormun/servlet/hlogin?c545b12374c1e2f68b044b841ff8a099,gx-no-cache=1520863913197 HTTP/1.1" 200 90
186.79.174.79 - - [12/Mar/2018:11:12:43 -0300] "GET /cormun/static/Shared/jqueryui/images/ui-bg_highlight-soft_100_c6c2c8_1x100.png HTTP/1.1" 404 1117
186.79.174.79 - - [12/Mar/2018:11:12:43 -0300] "GET /cormun/static/Shared/jqueryui/images/ui-icons_82798d_256x240.png HTTP/1.1" 404 1089
186.79.174.79 - - [12/Mar/2018:11:12:43 -0300] "GET /cormun/PrivateTempStorage/upload_00009333.pdf HTTP/1.1" 200 16384
186.103.159.204 - - [12/Mar/2018:11:12:43 -0300] "GET /cormun/servlet/hpexe_link HTTP/1.1" 200 962
186.79.174.79 - - [12/Mar/2018:11:12:43 -0300] "GET /cormun/static/Shared/jqueryui/images/ui-bg_flat_55_994d53_40x100.png HTTP/1.1" 404 1097
186.103.159.204 - - [12/Mar/2018:11:12:43 -0300] "GET /cormun/servlet/trautorizarsolicitud HTTP/1.1" 200 8929
186.79.174.79 - - [12/Mar/2018:11:12:43 -0300] "GET /cormun/PrivateTempStorage/upload_00009333.pdf HTTP/1.1" 200 220207
186.103.159.204 - - [12/Mar/2018:11:12:44 -0300] "GET /cormun/servlet/trautorizarsolicitud HTTP/1.1" 200 8929
186.79.174.79 - - [12/Mar/2018:11:12:48 -0300] "GET /cormun/servlet/solicitudotadjuntos?b995ddece844a4cd4277de0ad6d45212047d5696319e3cf3d25d1b4b0ca7179e15a14c7d24c6ec043835517871bb5bbc,gx-no-cache=1520863918622 HTTP/1.1" 200 30
186.79.174.79 - - [12/Mar/2018:11:12:53 -0300] "POST /cormun/servlet/solicitudotadjuntos?7060ec84e51b3eb591f7dd34343725e8,INS,2018,10401,,1, HTTP/1.1" 200 6166
186.79.174.79 - - [12/Mar/2018:11:12:53 -0300] "GET /home/sistema/apache-tomcat-7.0.65/webapps/cormun/PrivateTempStorage/upload_00009345.pdf HTTP/1.1" 404 1135
186.79.174.79 - - [12/Mar/2018:11:12:53 -0300] "GET /home/sistema/apache-tomcat-7.0.65/webapps/cormun/PrivateTempStorage/upload_00009345.pdf HTTP/1.1" 404 1135
186.79.174.79 - - [12/Mar/2018:11:12:53 -0300] "GET /cormun/PrivateTempStorage/upload_00009345.pdf HTTP/1.1" 304 -
186.79.174.79 - - [12/Mar/2018:11:12:53 -0300] "GET /cormun/PrivateTempStorage/upload_00009345.pdf HTTP/1.1" 200 220207
186.103.159.204 - - [12/Mar/2018:11:12:58 -0300] "POST /cormun/servlet/trautorizarsolicitud?c545b12374c1e2f68b044b841ff8a099,gx-no-cache=1520863927850 HTTP/1.1" 200 5590
186.103.159.204 - - [12/Mar/2018:11:12:58 -0300] "GET /cormun/static/Shared/jqueryui/images/ui-bg_highlight-soft_100_c6c2c8_1x100.png HTTP/1.1" 404 1117
186.103.159.204 - - [12/Mar/2018:11:12:58 -0300] "GET /cormun/static/Shared/jqueryui/images/ui-icons_82798d_256x240.png HTTP/1.1" 404 1089
186.103.159.204 - - [12/Mar/2018:11:12:58 -0300] "GET /cormun/static/Shared/jqueryui/images/ui-bg_flat_55_fafafa_40x100.png HTTP/1.1" 404 1097
186.103.159.204 - - [12/Mar/2018:11:12:58 -0300] "GET /cormun/static/Shared/jqueryui/images/ui-icons_8d78a5_256x240.png HTTP/1.1" 404 1089
186.103.159.204 - - [12/Mar/2018:11:12:58 -0300] "POST /cormun/servlet/trautorizarsolicitud?c545b12374c1e2f68b044b841ff8a099,gx-no-cache=1520863928170 HTTP/1.1" 200 5534
186.103.159.204 - - [12/Mar/2018:11:12:59 -0300] "POST /cormun/servlet/trautorizarsolicitud?c545b12374c1e2f68b044b841ff8a099,gx-no-cache=1520863929164 HTTP/1.1" 200 4342
186.103.159.204 - - [12/Mar/2018:11:12:59 -0300] "POST /cormun/servlet/trautorizarsolicitud?c545b12374c1e2f68b044b841ff8a099,gx-no-cache=1520863929391 HTTP/1.1" 200 4113
186.103.159.204 - - [12/Mar/2018:11:13:10 -0300] "GET /cormun/servlet/trcontratosolicitud? HTTP/1.1" 200 12435
186.103.159.204 - - [12/Mar/2018:11:13:10 -0300] "GET /cormun/static/gxcfg.js?20177612214014 HTTP/1.1" 304 -
186.103.159.204 - - [12/Mar/2018:11:13:11 -0300] "GET /cormun/servlet/trcontratosolicitud? HTTP/1.1" 200 12438
186.103.159.182 - - [12/Mar/2018:11:13:19 -0300] "POST /cormun/servlet/trsolicitudot?b410a89f6ae6784b342387fb9f4bb2cb,gx-no-cache=1520862472121,gx-no-cache=1520863892506 HTTP/1.1" 200 4211
186.103.159.204 - - [12/Mar/2018:11:13:23 -0300] "POST /cormun/servlet/trcontratosolicitud?c545b12374c1e2f68b044b841ff8a099,,gx-no-cache=1520863953183 HTTP/1.1" 200 4138
186.103.159.204 - - [12/Mar/2018:11:13:32 -0300] "POST /cormun/servlet/trcontratosolicitud?c545b12374c1e2f68b044b841ff8a099,,gx-no-cache=1520863962612 HTTP/1.1" 200 4138
186.103.159.182 - - [12/Mar/2018:11:13:35 -0300] "POST /cormun/servlet/trsolicitudot?b410a89f6ae6784b342387fb9f4bb2cb,gx-no-cache=1520862472121,gx-no-cache=1520863908300 HTTP/1.1" 200 4213
186.103.159.204 - - [12/Mar/2018:11:13:36 -0300] "GET /cormun/servlet/trcontratosolicitud? HTTP/1.1" 200 6631
186.103.159.204 - - [12/Mar/2018:11:13:37 -0300] "GET /cormun/servlet/trcontratosolicitud? HTTP/1.1" 200 6631
200.72.197.82 - - [12/Mar/2018:11:13:43 -0300] "GET /cormun/servlet/hlogin HTTP/1.1" 200 1722
186.67.203.186 - - [12/Mar/2018:11:13:43 -0300] "GET /cormun/static/gxtimezone.js?85251 HTTP/1.1" 200 5781
186.103.159.204 - - [12/Mar/2018:11:13:44 -0300] "POST /cormun/servlet/trcontratosolicitud?c545b12374c1e2f68b044b841ff8a099,,gx-no-cache=1520863973412 HTTP/1.1" 200 4138
186.67.203.186 - - [12/Mar/2018:11:13:44 -0300] "GET /cormun/static/gxcfg.js?20175251213516 HTTP/1.1" 200 953
186.103.159.204 - - [12/Mar/2018:11:13:46 -0300] "GET /cormun/servlet/trcontratounov2? HTTP/1.1" 200 15029
186.103.159.204 - - [12/Mar/2018:11:13:47 -0300] "GET /cormun/static/gxcfg.js?201752512124396 HTTP/1.1" 304 -
186.103.159.182 - - [12/Mar/2018:11:13:47 -0300] "POST /cormun/servlet/trsolicitudot?b410a89f6ae6784b342387fb9f4bb2cb,gx-no-cache=1520862472121,gx-no-cache=1520863920912 HTTP/1.1" 200 5659
186.103.159.204 - - [12/Mar/2018:11:13:47 -0300] "GET /cormun/servlet/trcontratounov2? HTTP/1.1" 200 15019
200.72.197.82 - - [12/Mar/2018:11:13:48 -0300] "GET /cormun/static/Resources/Spanish/PXTools.css?11423723 HTTP/1.1" 200 89042
186.79.174.79 - - [12/Mar/2018:11:13:56 -0300] "GET /cormun/servlet/trsolicitudadjuntos?2018,10401, HTTP/1.1" 200 9257
186.79.174.79 - - [12/Mar/2018:11:13:57 -0300] "GET /cormun/servlet/trsolicitudot? HTTP/1.1" 200 8511
186.79.174.79 - - [12/Mar/2018:11:13:57 -0300] "GET /cormun/servlet/trsolicitudadjuntos?2018,10401, HTTP/1.1" 200 9256
186.79.174.79 - - [12/Mar/2018:11:13:58 -0300] "GET /cormun/servlet/trsolicitudot? HTTP/1.1" 200 8508
186.79.174.79 - - [12/Mar/2018:11:14:01 -0300] "POST /cormun/servlet/trsolicitudot?7060ec84e51b3eb591f7dd34343725e8,,gx-no-cache=1520863991402 HTTP/1.1" 200 107
186.79.174.79 - - [12/Mar/2018:11:14:02 -0300] "GET /cormun/servlet/trsolicitudadjuntos?2018,10401, HTTP/1.1" 200 9255
186.79.174.79 - - [12/Mar/2018:11:14:02 -0300] "GET /cormun/servlet/trsolicitudadjuntos?2018,10401, HTTP/1.1" 200 9258
186.79.174.79 - - [12/Mar/2018:11:14:14 -0300] "GET /cormun/PublicTempStorage/antec7773796.pdf HTTP/1.1" 200 351047
186.103.159.182 - - [12/Mar/2018:11:14:17 -0300] "POST /cormun/servlet/trsolicitudot?b410a89f6ae6784b342387fb9f4bb2cb,gx-no-cache=1520862472121,gx-no-cache=1520863950761 HTTP/1.1" 200 5653
186.79.174.79 - - [12/Mar/2018:11:14:20 -0300] "GET /cormun/servlet/trsolicitudadjuntos?2018,10401, HTTP/1.1" 200 9257
186.103.159.204 - - [12/Mar/2018:11:14:21 -0300] "POST /cormun/servlet/trcontratounov2?c545b12374c1e2f68b044b841ff8a099,,gx-no-cache=1520864010425 HTTP/1.1" 200 5823
