192.168.10.56 - - [12/Mar/2018:11:46:03 -0300] "GET /cormun/servlet/solicitudgral?UPD,2018,9757, HTTP/1.1" 200 12787
192.168.10.56 - - [12/Mar/2018:11:46:03 -0300] "POST /cormun/servlet/solicitudgral?gx-no-cache=1520865800620 HTTP/1.1" 200 3895
192.168.10.56 - - [12/Mar/2018:11:46:03 -0300] "GET /cormun/servlet/solicitudgral?34126cd21a229b02da29e1df61f0368983cb8b60190f3af8c260cb3b200f233a618cea568d3a6fa05dea575b137c6bc0cad79e396204d5eaab231ee24396521afddb2b4271504d4717fc81db489ce64db86b361e4fd7f8c214fd108763966053190c155b686d7948bdded053071acbd3f6ec9026b793784437c8fc98684a9ed6b4ce51e336bbcef54f6219d1c0cefd1c38ea233836a743b14c0e2ff92dcbb6403dc2233bff977d2cd47493fae9773720fb65c09bae4ffcba906ecd438aad32223bc30c0bcf6122ac90897a8d3807b95c1a3bc9d59aaf79f0cfb1d0d47c52bde29b642ede83edf6dfe70581c8333dbf7fa098b2187c2518e69837cf733a8a123f929cd9291aeb77b5c55a11b2dc69c7521d7956df8e3946d2f4205555242a303d142ffe1d46cea5ef0338727b1fef7aa2e7f3fd4475290ff793c7be03efd6ae5df33385ba598e872c5e945f8397434eeb,gx-no-cache=1520865800754 HTTP/1.1" 200 256
186.103.156.24 - - [12/Mar/2018:11:46:04 -0300] "POST /cormun/servlet/hlogin?7915e3f8ee6bd34304ecb9943d7f2b46,gx-no-cache=1520865914603 HTTP/1.1" 200 90
186.103.156.24 - - [12/Mar/2018:11:46:04 -0300] "GET /cormun/servlet/hpexe_link HTTP/1.1" 200 954
186.103.156.24 - - [12/Mar/2018:11:46:04 -0300] "GET /cormun/servlet/hhome HTTP/1.1" 200 4238
186.103.156.24 - - [12/Mar/2018:11:46:05 -0300] "GET /cormun/servlet/hhome HTTP/1.1" 200 4234
186.103.156.24 - - [12/Mar/2018:11:46:10 -0300] "GET /cormun/servlet/trsolicitudot? HTTP/1.1" 200 8802
186.103.156.24 - - [12/Mar/2018:11:46:11 -0300] "GET /cormun/servlet/trsolicitudot? HTTP/1.1" 200 8800
186.103.156.24 - - [12/Mar/2018:11:46:29 -0300] "POST /cormun/servlet/trsolicitudot?7915e3f8ee6bd34304ecb9943d7f2b46,,gx-no-cache=1520865939700 HTTP/1.1" 200 11886
186.79.62.59 - - [12/Mar/2018:11:46:40 -0300] "POST /cormun/servlet/vesolicitudot?49a0e0d585d0134bdf43fbba9d693a1f,2018,10243,,,gx-no-cache=1520865954634 HTTP/1.1" 200 90
186.79.62.59 - - [12/Mar/2018:11:46:40 -0300] "GET /cormun/servlet/hpexe_link HTTP/1.1" 200 958
186.79.62.59 - - [12/Mar/2018:11:46:40 -0300] "GET /cormun/servlet/trsolicitudot HTTP/1.1" 200 8829
186.79.62.59 - - [12/Mar/2018:11:46:42 -0300] "GET /cormun/servlet/trsolicitudot HTTP/1.1" 200 8828
186.79.62.59 - - [12/Mar/2018:11:46:47 -0300] "POST /cormun/servlet/trsolicitudot?49a0e0d585d0134bdf43fbba9d693a1f,gx-no-cache=1520865961679 HTTP/1.1" 200 4674
186.79.62.59 - - [12/Mar/2018:11:46:47 -0300] "GET /cormun/static/Shared/jqueryui/images/ui-bg_highlight-soft_100_c6c2c8_1x100.png HTTP/1.1" 404 1117
186.79.62.59 - - [12/Mar/2018:11:46:47 -0300] "GET /cormun/static/Shared/jqueryui/images/ui-icons_82798d_256x240.png HTTP/1.1" 404 1089
200.120.230.197 - - [12/Mar/2018:11:46:47 -0300] "GET /cormun/static/Shared/jqueryui/images/ui-icons_8d78a5_256x240.png HTTP/1.1" 404 1089
186.79.62.59 - - [12/Mar/2018:11:46:47 -0300] "GET /cormun/static/Shared/jqueryui/images/ui-bg_flat_55_fafafa_40x100.png HTTP/1.1" 404 1097
186.79.62.59 - - [12/Mar/2018:11:46:48 -0300] "POST /cormun/servlet/trsolicitudot?49a0e0d585d0134bdf43fbba9d693a1f,gx-no-cache=1520865962564 HTTP/1.1" 200 4444
186.79.62.59 - - [12/Mar/2018:11:46:50 -0300] "GET /cormun/servlet/hlogin HTTP/1.1" 200 1723
186.79.62.59 - - [12/Mar/2018:11:46:51 -0300] "GET /cormun/servlet/solicitudot?INS,0,0, HTTP/1.1" 200 13657
200.120.230.197 - - [12/Mar/2018:11:46:51 -0300] "GET /cormun/static/gxtimezone.js?85251 HTTP/1.1" 304 -
186.79.62.59 - - [12/Mar/2018:11:46:51 -0300] "GET /cormun/static/gxcfg.js?20175251213516 HTTP/1.1" 304 -
186.79.62.59 - - [12/Mar/2018:11:46:52 -0300] "GET /cormun/servlet/solicitudot?INS,0,0, HTTP/1.1" 200 13662
186.79.62.59 - - [12/Mar/2018:11:46:53 -0300] "GET /cormun/static/messages.spa.js?85251 HTTP/1.1" 304 -
186.79.62.59 - - [12/Mar/2018:11:46:53 -0300] "GET /cormun/servlet/hlogin HTTP/1.1" 200 1730
186.79.62.59 - - [12/Mar/2018:11:47:01 -0300] "POST /cormun/servlet/solicitudot?gx-no-cache=1520865975635 HTTP/1.1" 200 3412
186.79.62.59 - - [12/Mar/2018:11:47:01 -0300] "POST /cormun/servlet/solicitudot?49a0e0d585d0134bdf43fbba9d693a1f,INS,0,0,,gx-no-cache=1520865976328 HTTP/1.1" 200 10569
186.79.62.59 - - [12/Mar/2018:11:47:06 -0300] "POST /cormun/servlet/hlogin?a6fedb77694c8c2f982e7444d44352a6,gx-no-cache=1520865976993 HTTP/1.1" 200 90
192.168.10.96 - - [12/Mar/2018:11:47:07 -0300] "POST /cormun/servlet/trsolicitudgral?47ab37127b02039d09afd8b25e049bb1,,gx-no-cache=1520865863930 HTTP/1.1" 200 5938
186.79.62.59 - - [12/Mar/2018:11:47:07 -0300] "GET /cormun/servlet/hpexe_link HTTP/1.1" 200 951
186.79.62.59 - - [12/Mar/2018:11:47:07 -0300] "GET /cormun/static/gxcfg.js?20177612121792 HTTP/1.1" 304 -
186.79.62.59 - - [12/Mar/2018:11:47:08 -0300] "GET /cormun/servlet/hhome HTTP/1.1" 200 4230
186.79.62.59 - - [12/Mar/2018:11:47:08 -0300] "GET /cormun/static/gxcfg.js?20175251212442 HTTP/1.1" 304 -
186.79.62.59 - - [12/Mar/2018:11:47:08 -0300] "GET /cormun/servlet/solicitudot?ac9368bc535132192f812ba14f30ecea0bc1a5d7d5e8d455d39ecf5b4e8829cbaa17a82d46209ec072ab6ea738245823,gx-no-cache=1520865983516 HTTP/1.1" 200 30
186.79.62.59 - - [12/Mar/2018:11:47:08 -0300] "GET /cormun/servlet/solicitudot?ac9368bc535132192f812ba14f30ecea49404097b470a79a1fdfa8dab2dca71c2ae3113b93bfd1334a9ee5dbd5863921add8a11c6c381fbdd9593a76c08919da,gx-no-cache=1520865983765 HTTP/1.1" 200 30
186.79.62.59 - - [12/Mar/2018:11:47:08 -0300] "GET /cormun/servlet/solicitudot?ac9368bc535132192f812ba14f30eceaca18552306cc7e6866f7569cf6dddba3,gx-no-cache=1520865983895 HTTP/1.1" 200 53
186.79.62.59 - - [12/Mar/2018:11:47:09 -0300] "POST /cormun/servlet/solicitudot?gx-no-cache=1520865984020 HTTP/1.1" 200 255
186.79.62.59 - - [12/Mar/2018:11:47:09 -0300] "GET /cormun/servlet/solicitudot?ac9368bc535132192f812ba14f30ecea8c566c519d8c22b1c376491fd98c49b23deae1c75326165954dcb56669070f1515432437a78a3201c536cb55e42dc92329d2cf15efcc53b7e68d91b9e4c423b11edaad68a2795e12578b96660cae1267b7cbee216b33e2f25793ec89ddd139f6594c599db31b54052cfc3c95521d135f11588d59b02654753728839bcf0da163cc834657b4364f8ca584a57109f2671b3cd1cdb9df0311728e06025afa31cb813e957f7f05df91facc09764b4c4a3c3c41f3f42daf942171c4e51f5b2959d780a045a849036a752c285cb96afecbb8aa1028087567d98c656790ccd1f66b881ff5cc0f4396beb06ce838359af07a610bfa358fd6957540ffbaa3eefc9263e776b538b14c8d08ea5098dfcf8ede870b516e0453bb3175075c419277156c940ba94bcc9fc5fceb37f8750c9bdc7760c27c2d222308f95267a14003f55b58703a0b008f0af06d875ab6efce8d0bb0239ddc1a9002c2fd8bcdacc90461d99d88db75c7d4842be4a7ca053ec86440012cd0a6,gx-no-cache=1520865984548 HTTP/1.1" 200 30
186.79.62.59 - - [12/Mar/2018:11:47:10 -0300] "GET /cormun/servlet/hhome HTTP/1.1" 200 4227
192.168.10.96 - - [12/Mar/2018:11:47:10 -0300] "POST /cormun/servlet/trsolicitudgral?47ab37127b02039d09afd8b25e049bb1,,gx-no-cache=1520865867586 HTTP/1.1" 200 5936
186.79.62.59 - - [12/Mar/2018:11:47:13 -0300] "POST /cormun/servlet/solicitudot?gx-no-cache=1520865987918 HTTP/1.1" 200 30
192.168.10.96 - - [12/Mar/2018:11:47:13 -0300] "POST /cormun/servlet/trsolicitudgral?47ab37127b02039d09afd8b25e049bb1,,gx-no-cache=1520865870489 HTTP/1.1" 200 7303
186.79.62.59 - - [12/Mar/2018:11:47:15 -0300] "POST /cormun/servlet/solicitudot?gx-no-cache=1520865990855 HTTP/1.1" 200 1336
186.79.62.59 - - [12/Mar/2018:11:47:16 -0300] "POST /cormun/servlet/solicitudot?gx-no-cache=1520865991135 HTTP/1.1" 200 38
186.79.62.59 - - [12/Mar/2018:11:47:21 -0300] "GET /cormun/servlet/solicitudot?ac9368bc535132192f812ba14f30ecea93c593a3afef3d7c757d905e7ea87603fc6b669e9bcc56d8c12fdfb3c8e51686398a28da0dfabd5adeb08e827bf6923d52c937ce35773b479ff6049cd4d6c6256089c6a7ba9fcdad739cd7eca9c7ba605652ed5a632d1fb03dff91ddb7d8f1134b46ea364d92c84db317d0efdad30723031fa85eb1dc52af53f0c7931c736cfaba0f74ac5a01d37c4babc8e2848ef3cb,gx-no-cache=1520865996730 HTTP/1.1" 200 29
186.79.62.59 - - [12/Mar/2018:11:47:22 -0300] "POST /cormun/servlet/solicitudot?gx-no-cache=1520865996920 HTTP/1.1" 200 1318
186.79.62.59 - - [12/Mar/2018:11:47:22 -0300] "POST /cormun/servlet/solicitudot?gx-no-cache=1520865997296 HTTP/1.1" 200 1218
186.79.62.59 - - [12/Mar/2018:11:47:23 -0300] "GET /cormun/static/menuarrow.gif HTTP/1.1" 404 1015
192.168.10.56 - - [12/Mar/2018:11:47:24 -0300] "GET /cormun/servlet/solicitudgral?34126cd21a229b02da29e1df61f03689f321b5b3eead43d658b7af98b918f5702fc9971d3d48dd4ba0f5d50d430f3098a2dc4371675a0b33ceee8422866cc51daa8fdb5053cd64734cc1681a231d71cc23ff07914730dbe1594d894b613abcf81dc6dc34fd0c8d19f3b2d05ab6ff8b58cb6f786c296eaa4eeb296e1f4f1d544b63dbbc20bb3cc406fb195f0e003320658bdf14e6727b843de313e5e5ccde7af51a7c2dd155d52558ae11f582de5f10ceeba9524e299ba9acee21242a83a93e6723a26f7bc99e2a52245b74df2a745cdfb5177d39f8b3def429ccbd14159fb3512517138f475e18f6f87857b96922fb34381ac5a96e55e8d2d18cad1ef2401902842ce006a514c1046eff454c091031e6d939177bd154d001c13acd8c3c8a8a84502529db06c3c2d0ee58bfddb8f882610940c44329b2fcada23cc2bcee428074b62755ccfd945bce4458bd3f42a066fb4cb61712e70baf88f81eccd1f1500bd4a03c7e4c8769555b5b8f5ecb03768e96019ebd92875061137e92e5cef7c40efafe5089c598b71985743e2e0d6ef726a0303f9028b544c14c161b475cc9bbfd6da3b5c41692ebb04f15f677a456d85c8b,gx-no-cache=1520865881068 HTTP/1.1" 200 48
192.168.10.56 - - [12/Mar/2018:11:47:24 -0300] "POST /cormun/servlet/solicitudgral?15985d5a665fc0e81c8abca4797067c8,UPD,2018,9757,,gx-no-cache=1520865881087 HTTP/1.1" 200 11827
192.168.10.56 - - [12/Mar/2018:11:47:24 -0300] "GET /cormun/servlet/solicitudgral?34126cd21a229b02da29e1df61f03689309a6d4aea2e3992625252b4629d71b3092dc281d6be4c36d40482ddb8fee386282c2a6421251027077f3b27762ffebc80bfc1766c85726ccdd60630235babceaf10dcfe6295d32a71b71c6ac43fbddb95d2877e7b7bd9f9bb2db83740d17cd5f1f00d9718f4c34dffbc727258bcdb3fa881a29f06b0db1460be2b9c048b356c38cd4c58c19bd8d6494bfe74ccc4352696283d117cf79a0d6b31d13e55972b058fd1ec1a49567c2949cffa673650677efee5a77dedae592d513a13e0727d10a2,gx-no-cache=1520865881284 HTTP/1.1" 200 29
192.168.10.56 - - [12/Mar/2018:11:47:24 -0300] "POST /cormun/servlet/solicitudgral?gx-no-cache=1520865881302 HTTP/1.1" 200 1296
186.79.62.59 - - [12/Mar/2018:11:47:24 -0300] "GET /cormun/servlet/trautorizarsolicitud? HTTP/1.1" 200 9205
192.168.10.56 - - [12/Mar/2018:11:47:24 -0300] "POST /cormun/servlet/solicitudgral?gx-no-cache=1520865881329 HTTP/1.1" 200 1217
192.168.10.56 - - [12/Mar/2018:11:47:24 -0300] "POST /cormun/servlet/solicitudgral?15985d5a665fc0e81c8abca4797067c8,UPD,2018,9757,,gx-no-cache=1520865881376 HTTP/1.1" 200 93
192.168.10.56 - - [12/Mar/2018:11:47:24 -0300] "GET /cormun/servlet/hpexe_return? HTTP/1.1" 200 1029
186.79.62.59 - - [12/Mar/2018:11:47:24 -0300] "POST /cormun/servlet/solicitudot?gx-no-cache=1520865999469 HTTP/1.1" 200 1318
200.120.230.197 - - [12/Mar/2018:11:47:24 -0300] "GET /cormun/static/calendar.js?85251 HTTP/1.1" 304 -
186.79.62.59 - - [12/Mar/2018:11:47:24 -0300] "POST /cormun/servlet/solicitudot?gx-no-cache=1520865999777 HTTP/1.1" 200 1218
186.79.62.59 - - [12/Mar/2018:11:47:24 -0300] "GET /cormun/static/gxcfg.js?2017111423403364 HTTP/1.1" 304 -
186.79.62.59 - - [12/Mar/2018:11:47:25 -0300] "GET /cormun/static/calendar-es.js?85251 HTTP/1.1" 304 -
186.79.62.59 - - [12/Mar/2018:11:47:25 -0300] "GET /cormun/static/calendar-setup.js?85251 HTTP/1.1" 304 -
192.168.10.56 - - [12/Mar/2018:11:47:25 -0300] "GET /cormun/servlet/trsolicitudgral?gx-no-cache=1520865152372 HTTP/1.1" 200 27584
186.79.62.59 - - [12/Mar/2018:11:47:25 -0300] "GET /cormun/static/gxdec.js?85251 HTTP/1.1" 304 -
192.168.10.56 - - [12/Mar/2018:11:47:25 -0300] "GET /cormun/servlet/trsolicitudgral?gx-no-cache=1520865152372 HTTP/1.1" 200 27598
186.79.62.59 - - [12/Mar/2018:11:47:25 -0300] "GET /cormun/static/trautorizarsolicitud.js?201711142340425 HTTP/1.1" 304 -
186.79.62.59 - - [12/Mar/2018:11:47:26 -0300] "GET /cormun/servlet/trautorizarsolicitud? HTTP/1.1" 200 9203
186.79.62.59 - - [12/Mar/2018:11:47:26 -0300] "GET /cormun/servlet/solicitudot?ac9368bc535132192f812ba14f30ecea79397bbd2b39781c82e291015e94f89598cfe4808acc9ddf351b2ea4b957a855,gx-no-cache=1520866001636 HTTP/1.1" 200 30
192.168.10.96 - - [12/Mar/2018:11:47:36 -0300] "POST /cormun/servlet/trsolicitudgral?47ab37127b02039d09afd8b25e049bb1,,gx-no-cache=1520865892838 HTTP/1.1" 200 5938
192.168.10.56 - - [12/Mar/2018:11:47:36 -0300] "POST /cormun/servlet/trsolicitudgral?15985d5a665fc0e81c8abca4797067c8,gx-no-cache=1520865152372,gx-no-cache=1520865892985 HTTP/1.1" 200 25107
192.168.10.96 - - [12/Mar/2018:11:47:36 -0300] "POST /cormun/servlet/trsolicitudgral?47ab37127b02039d09afd8b25e049bb1,,gx-no-cache=1520865893573 HTTP/1.1" 200 5937
192.168.10.96 - - [12/Mar/2018:11:47:37 -0300] "POST /cormun/servlet/trsolicitudgral?47ab37127b02039d09afd8b25e049bb1,,gx-no-cache=1520865893934 HTTP/1.1" 200 5938
186.79.62.59 - - [12/Mar/2018:11:47:37 -0300] "POST /cormun/servlet/solicitudot?gx-no-cache=1520866012158 HTTP/1.1" 200 30
186.103.157.98 - - [12/Mar/2018:11:47:43 -0300] "POST /cormun/servlet/hlogin?2d37a2227729c24432aa83882836c2d5,gx-no-cache=1520866013481 HTTP/1.1" 200 90
186.103.157.98 - - [12/Mar/2018:11:47:43 -0300] "GET /cormun/servlet/hpexe_link HTTP/1.1" 200 944
186.103.157.98 - - [12/Mar/2018:11:47:43 -0300] "GET /cormun/static/gxcfg.js?20177612121792 HTTP/1.1" 304 -
186.103.157.98 - - [12/Mar/2018:11:47:43 -0300] "GET /cormun/servlet/hhome HTTP/1.1" 200 4245
186.103.157.98 - - [12/Mar/2018:11:47:45 -0300] "GET /cormun/static/gxcfg.js?20175251212442 HTTP/1.1" 304 -
186.103.157.98 - - [12/Mar/2018:11:47:46 -0300] "GET /cormun/servlet/hhome HTTP/1.1" 200 4241
192.168.10.96 - - [12/Mar/2018:11:47:50 -0300] "POST /cormun/servlet/trsolicitudgral?47ab37127b02039d09afd8b25e049bb1,,gx-no-cache=1520865907631 HTTP/1.1" 200 5937
192.168.10.56 - - [12/Mar/2018:11:47:50 -0300] "POST /cormun/servlet/trsolicitudgral?15985d5a665fc0e81c8abca4797067c8,gx-no-cache=1520865152372,gx-no-cache=1520865907604 HTTP/1.1" 200 8461
200.120.230.197 - - [12/Mar/2018:11:47:51 -0300] "POST /cormun/servlet/trautorizarsolicitud?a6fedb77694c8c2f982e7444d44352a6,,gx-no-cache=1520866020875 HTTP/1.1" 200 5813
200.120.230.197 - - [12/Mar/2018:11:47:51 -0300] "GET /cormun/static/Shared/jqueryui/images/ui-bg_highlight-soft_100_c6c2c8_1x100.png HTTP/1.1" 404 1117
200.120.230.197 - - [12/Mar/2018:11:47:51 -0300] "GET /cormun/static/Shared/jqueryui/images/ui-icons_82798d_256x240.png HTTP/1.1" 404 1089
200.120.230.197 - - [12/Mar/2018:11:47:51 -0300] "GET /cormun/static/Shared/jqueryui/images/ui-bg_flat_55_fafafa_40x100.png HTTP/1.1" 404 1097
186.103.157.98 - - [12/Mar/2018:11:47:53 -0300] "GET /cormun/servlet/trcontratounov2? HTTP/1.1" 200 16762
186.103.157.98 - - [12/Mar/2018:11:47:53 -0300] "GET /cormun/static/calendar-setup.js?85251 HTTP/1.1" 304 -
186.103.157.98 - - [12/Mar/2018:11:47:53 -0300] "GET /cormun/static/gxcfg.js?201752512124396 HTTP/1.1" 200 953
186.103.157.98 - - [12/Mar/2018:11:47:53 -0300] "GET /cormun/static/calendar.js?85251 HTTP/1.1" 304 -
186.103.157.98 - - [12/Mar/2018:11:47:53 -0300] "GET /cormun/static/calendar-es.js?85251 HTTP/1.1" 304 -
186.103.157.98 - - [12/Mar/2018:11:47:53 -0300] "GET /cormun/static/Resources/PXToolsAddSelectedAction.png HTTP/1.1" 200 3660
192.168.10.96 - - [12/Mar/2018:11:47:53 -0300] "POST /cormun/servlet/trsolicitudgral?47ab37127b02039d09afd8b25e049bb1,,gx-no-cache=1520865910750 HTTP/1.1" 200 5938
186.79.62.59 - - [12/Mar/2018:11:47:54 -0300] "POST /cormun/servlet/trautorizarsolicitud?a6fedb77694c8c2f982e7444d44352a6,,gx-no-cache=1520866021883 HTTP/1.1" 200 5759
186.79.62.59 - - [12/Mar/2018:11:47:54 -0300] "GET /cormun/static/Shared/jqueryui/images/ui-icons_8d78a5_256x240.png HTTP/1.1" 404 1089
192.168.10.96 - - [12/Mar/2018:11:47:55 -0300] "POST /cormun/servlet/trsolicitudgral?47ab37127b02039d09afd8b25e049bb1,,gx-no-cache=1520865911982 HTTP/1.1" 200 5939
186.103.157.98 - - [12/Mar/2018:11:47:57 -0300] "GET /cormun/static/gxdec.js?85251 HTTP/1.1" 304 -
186.79.62.59 - - [12/Mar/2018:11:47:58 -0300] "POST /cormun/servlet/solicitudot?49a0e0d585d0134bdf43fbba9d693a1f,INS,0,0,,gx-no-cache=1520866031966 HTTP/1.1" 200 93
186.103.157.98 - - [12/Mar/2018:11:47:58 -0300] "GET /cormun/servlet/trcontratounov2? HTTP/1.1" 200 16734
186.79.62.59 - - [12/Mar/2018:11:47:58 -0300] "GET /cormun/servlet/hpexe_return? HTTP/1.1" 200 1020
192.168.10.96 - - [12/Mar/2018:11:47:58 -0300] "POST /cormun/servlet/trsolicitudgral?47ab37127b02039d09afd8b25e049bb1,,gx-no-cache=1520865915135 HTTP/1.1" 200 7298
186.79.62.59 - - [12/Mar/2018:11:47:58 -0300] "GET /cormun/servlet/trsolicitudot?gx-no-cache=1520865962564 HTTP/1.1" 200 8801
186.79.62.59 - - [12/Mar/2018:11:48:00 -0300] "GET /cormun/servlet/trsolicitudot?gx-no-cache=1520865962564 HTTP/1.1" 200 8819
192.168.10.56 - - [12/Mar/2018:11:48:02 -0300] "POST /cormun/servlet/trsolicitudgral?15985d5a665fc0e81c8abca4797067c8,gx-no-cache=1520865152372,gx-no-cache=1520865918963 HTTP/1.1" 200 8878
186.79.62.59 - - [12/Mar/2018:11:48:03 -0300] "GET /cormun/servlet/vesolicitudot?2018,10406,, HTTP/1.1" 200 8642
186.79.62.59 - - [12/Mar/2018:11:48:03 -0300] "GET /cormun/pexe_scrolldiv.js HTTP/1.1" 404 1009
186.79.62.59 - - [12/Mar/2018:11:48:04 -0300] "GET /cormun/servlet/vesolicitudot?2018,10406,, HTTP/1.1" 200 8620
192.168.10.56 - - [12/Mar/2018:11:48:15 -0300] "POST /cormun/servlet/trsolicitudgral?15985d5a665fc0e81c8abca4797067c8,gx-no-cache=1520865152372,gx-no-cache=1520865931099 HTTP/1.1" 200 24235
186.79.62.59 - - [12/Mar/2018:11:48:22 -0300] "POST /cormun/servlet/trautorizarsolicitud?a6fedb77694c8c2f982e7444d44352a6,,gx-no-cache=1520866051122 HTTP/1.1" 200 4601
186.79.62.59 - - [12/Mar/2018:11:48:23 -0300] "POST /cormun/servlet/trautorizarsolicitud?a6fedb77694c8c2f982e7444d44352a6,,gx-no-cache=1520866052822 HTTP/1.1" 200 4373
192.168.10.56 - - [12/Mar/2018:11:48:29 -0300] "POST /cormun/servlet/trsolicitudgral?15985d5a665fc0e81c8abca4797067c8,gx-no-cache=1520865152372,gx-no-cache=1520865945815 HTTP/1.1" 200 23081
186.103.157.98 - - [12/Mar/2018:11:48:31 -0300] "GET /cormun/servlet/trcontratosolicitud? HTTP/1.1" 200 13881
186.103.157.98 - - [12/Mar/2018:11:48:31 -0300] "GET /cormun/static/gxcfg.js?20177612214014 HTTP/1.1" 304 -
186.103.157.98 - - [12/Mar/2018:11:48:32 -0300] "GET /cormun/servlet/trcontratosolicitud? HTTP/1.1" 200 13879
200.120.230.197 - - [12/Mar/2018:11:48:36 -0300] "POST /cormun/servlet/vesolicitudot?49a0e0d585d0134bdf43fbba9d693a1f,2018,10406,,,gx-no-cache=1520866071136 HTTP/1.1" 200 90
200.120.230.197 - - [12/Mar/2018:11:48:36 -0300] "GET /cormun/servlet/hpexe_link HTTP/1.1" 200 979
200.120.230.197 - - [12/Mar/2018:11:48:36 -0300] "GET /cormun/servlet/trsolicitudot?gx-no-cache=1520865962564 HTTP/1.1" 200 8797
200.120.230.197 - - [12/Mar/2018:11:48:38 -0300] "GET /cormun/servlet/trsolicitudot?gx-no-cache=1520865962564 HTTP/1.1" 200 8819
192.168.10.56 - - [12/Mar/2018:11:48:42 -0300] "POST /cormun/servlet/trsolicitudgral?15985d5a665fc0e81c8abca4797067c8,gx-no-cache=1520865152372,gx-no-cache=1520865958012 HTTP/1.1" 200 22953
200.120.230.197 - - [12/Mar/2018:11:48:43 -0300] "POST /cormun/servlet/trsolicitudot?49a0e0d585d0134bdf43fbba9d693a1f,gx-no-cache=1520865962564,gx-no-cache=1520866077907 HTTP/1.1" 200 4666
200.120.230.197 - - [12/Mar/2018:11:48:43 -0300] "GET /cormun/static/Shared/jqueryui/images/ui-bg_highlight-soft_100_c6c2c8_1x100.png HTTP/1.1" 404 1117
200.120.230.197 - - [12/Mar/2018:11:48:43 -0300] "GET /cormun/static/Shared/jqueryui/images/ui-icons_82798d_256x240.png HTTP/1.1" 404 1089
200.120.230.197 - - [12/Mar/2018:11:48:43 -0300] "GET /cormun/static/Shared/jqueryui/images/ui-bg_flat_55_fafafa_40x100.png HTTP/1.1" 404 1097
186.79.62.59 - - [12/Mar/2018:11:48:43 -0300] "GET /cormun/static/Shared/jqueryui/images/ui-icons_8d78a5_256x240.png HTTP/1.1" 404 1089
200.120.230.197 - - [12/Mar/2018:11:48:43 -0300] "POST /cormun/servlet/trsolicitudot?49a0e0d585d0134bdf43fbba9d693a1f,gx-no-cache=1520865962564,gx-no-cache=1520866078718 HTTP/1.1" 200 4444
186.79.62.59 - - [12/Mar/2018:11:48:51 -0300] "GET /cormun/servlet/trlicencias? HTTP/1.1" 200 11865
192.168.10.56 - - [12/Mar/2018:11:48:54 -0300] "POST /cormun/servlet/trsolicitudgral?15985d5a665fc0e81c8abca4797067c8,gx-no-cache=1520865152372,gx-no-cache=1520865970909 HTTP/1.1" 200 5927
186.79.62.59 - - [12/Mar/2018:11:48:54 -0300] "GET /cormun/servlet/trlicencias? HTTP/1.1" 200 11843
186.103.156.24 - - [12/Mar/2018:11:49:04 -0300] "GET /cormun/servlet/vesolicitudot?2018,9985,, HTTP/1.1" 200 8624
186.103.156.24 - - [12/Mar/2018:11:49:04 -0300] "GET /cormun/pexe_scrolldiv.js HTTP/1.1" 404 1009
186.103.156.24 - - [12/Mar/2018:11:49:05 -0300] "GET /cormun/servlet/vesolicitudot?2018,9985,, HTTP/1.1" 200 8624
186.67.164.142 - - [12/Mar/2018:11:49:07 -0300] "POST /cormun/servlet/trsolicitudot?192e3c40e50ba85b9f4fa3f096c41439,gx-no-cache=1520866096360 HTTP/1.1" 200 4284
192.168.10.56 - - [12/Mar/2018:11:49:11 -0300] "POST /cormun/servlet/trsolicitudgral?15985d5a665fc0e81c8abca4797067c8,gx-no-cache=1520865152372,gx-no-cache=1520865988778 HTTP/1.1" 200 5927
186.79.62.59 - - [12/Mar/2018:11:49:30 -0300] "GET /cormun/servlet/hlogin HTTP/1.1" 200 1728
186.103.157.98 - - [12/Mar/2018:11:49:39 -0300] "GET /cormun/servlet/trcontratounov2? HTTP/1.1" 200 16738
186.103.157.98 - - [12/Mar/2018:11:49:39 -0300] "GET /cormun/servlet/trcontratounov2? HTTP/1.1" 200 16741
186.103.157.98 - - [12/Mar/2018:11:49:40 -0300] "GET /cormun/servlet/trcontratounov2? HTTP/1.1" 200 16749
186.67.164.142 - - [12/Mar/2018:11:49:47 -0300] "GET /cormun/servlet/trsolicitudot? HTTP/1.1" 200 7180
186.67.164.142 - - [12/Mar/2018:11:49:48 -0300] "GET /cormun/servlet/trsolicitudot? HTTP/1.1" 200 7180
186.103.157.98 - - [12/Mar/2018:11:49:57 -0300] "GET /cormun/servlet/trautorizarsolicitud? HTTP/1.1" 200 7354
186.103.157.98 - - [12/Mar/2018:11:49:58 -0300] "GET /cormun/static/gxcfg.js?2017111423403364 HTTP/1.1" 304 -
186.67.164.142 - - [12/Mar/2018:11:49:58 -0300] "GET /cormun/servlet/trsolicitudot? HTTP/1.1" 200 7180
186.103.157.98 - - [12/Mar/2018:11:49:58 -0300] "GET /cormun/servlet/trautorizarsolicitud? HTTP/1.1" 200 7354
186.67.164.142 - - [12/Mar/2018:11:49:59 -0300] "GET /cormun/servlet/trsolicitudot? HTTP/1.1" 200 7180
186.103.157.98 - - [12/Mar/2018:11:50:03 -0300] "GET /cormun/servlet/trsolicitudot? HTTP/1.1" 200 7460
186.103.157.98 - - [12/Mar/2018:11:50:03 -0300] "GET /cormun/static/gxcfg.js?2017111422585916 HTTP/1.1" 304 -
186.103.157.98 - - [12/Mar/2018:11:50:04 -0300] "GET /cormun/servlet/trsolicitudot? HTTP/1.1" 200 7459
186.103.157.98 - - [12/Mar/2018:11:50:07 -0300] "GET /cormun/servlet/trvisualizadoreventos? HTTP/1.1" 200 7012
186.103.157.98 - - [12/Mar/2018:11:50:07 -0300] "GET /cormun/static/gxcfg.js?20175251251426 HTTP/1.1" 200 953
186.103.157.98 - - [12/Mar/2018:11:50:07 -0300] "GET /cormun/static/Resources/PXToolsActionPrint.png HTTP/1.1" 200 3317
186.103.157.98 - - [12/Mar/2018:11:50:07 -0300] "GET /cormun/servlet/trvisualizadoreventos? HTTP/1.1" 200 7011
186.67.164.142 - - [12/Mar/2018:11:50:08 -0300] "POST /cormun/servlet/trsolicitudot?192e3c40e50ba85b9f4fa3f096c41439,,gx-no-cache=1520866158047 HTTP/1.1" 200 5673
186.103.157.98 - - [12/Mar/2018:11:50:10 -0300] "GET /cormun/servlet/trsolicitudot? HTTP/1.1" 200 7460
186.67.164.142 - - [12/Mar/2018:11:50:11 -0300] "GET /cormun/servlet/solicitudot?INS,0,0, HTTP/1.1" 200 13412
186.67.164.142 - - [12/Mar/2018:11:50:11 -0300] "GET /cormun/servlet/solicitudot?INS,0,0, HTTP/1.1" 200 13417
186.103.157.98 - - [12/Mar/2018:11:50:12 -0300] "GET /cormun/servlet/trsolicitudot? HTTP/1.1" 200 7459
186.103.157.98 - - [12/Mar/2018:11:50:22 -0300] "GET /cormun/servlet/trcontratounov2? HTTP/1.1" 200 16741
186.103.157.98 - - [12/Mar/2018:11:50:22 -0300] "GET /cormun/servlet/trcontratounov2? HTTP/1.1" 200 16742
186.67.164.142 - - [12/Mar/2018:11:50:28 -0300] "POST /cormun/servlet/solicitudot?gx-no-cache=1520866177441 HTTP/1.1" 200 3284
186.67.164.142 - - [12/Mar/2018:11:50:28 -0300] "POST /cormun/servlet/solicitudot?192e3c40e50ba85b9f4fa3f096c41439,INS,0,0,,gx-no-cache=1520866178707 HTTP/1.1" 200 10237
186.67.164.142 - - [12/Mar/2018:11:50:31 -0300] "GET /cormun/servlet/solicitudot?16f5a0d236ee8294b8e5cddafa4474c7c19cb4bbd0b24b20cc94b4aad7c683e1b78984c6d0d16bccb91e990e7c1da641,gx-no-cache=1520866181666 HTTP/1.1" 200 30
192.168.10.96 - - [12/Mar/2018:11:50:37 -0300] "POST /cormun/servlet/trsolicitudgral?47ab37127b02039d09afd8b25e049bb1,,gx-no-cache=1520866074044 HTTP/1.1" 200 7322
192.168.10.96 - - [12/Mar/2018:11:50:37 -0300] "GET /cormun/static/Shared/jqueryui/images/ui-bg_flat_55_fafafa_40x100.png HTTP/1.1" 404 1097
192.168.10.96 - - [12/Mar/2018:11:50:37 -0300] "GET /cormun/static/Shared/jqueryui/images/ui-bg_highlight-soft_100_c6c2c8_1x100.png HTTP/1.1" 404 1117
192.168.10.96 - - [12/Mar/2018:11:50:37 -0300] "GET /cormun/static/Shared/jqueryui/images/ui-icons_8d78a5_256x240.png HTTP/1.1" 404 1089
192.168.10.96 - - [12/Mar/2018:11:50:37 -0300] "GET /cormun/static/Shared/jqueryui/images/ui-icons_82798d_256x240.png HTTP/1.1" 404 1089
190.151.100.218 - - [12/Mar/2018:11:50:41 -0300] "GET /cormun/servlet/treventos?2018,8349, HTTP/1.1" 200 8911
190.151.100.218 - - [12/Mar/2018:11:50:42 -0300] "GET /cormun/servlet/treventos?2018,8349, HTTP/1.1" 200 8917
186.67.164.142 - - [12/Mar/2018:11:51:21 -0300] "GET /cormun/servlet/solicitudot?16f5a0d236ee8294b8e5cddafa4474c782405f1d481905a1abbf92267e6db6f8c8a973e63040d5eb767799e7a825155baa47c1d63240265dd94ef5b62d996b25,gx-no-cache=1520866232122 HTTP/1.1" 200 30
186.67.164.142 - - [12/Mar/2018:11:51:21 -0300] "GET /cormun/servlet/solicitudot?16f5a0d236ee8294b8e5cddafa4474c72db5e8e2bdb8062bc7584e322457d27c,gx-no-cache=1520866232255 HTTP/1.1" 200 29
186.67.164.142 - - [12/Mar/2018:11:51:22 -0300] "POST /cormun/servlet/solicitudot?gx-no-cache=1520866232349 HTTP/1.1" 200 297
186.67.164.142 - - [12/Mar/2018:11:51:22 -0300] "GET /cormun/servlet/solicitudot?16f5a0d236ee8294b8e5cddafa4474c720f0bdcd93bb7431a2a73ef12f35bb31fa16000054b4464d7ce60b71775f1110e4215090051833cdd63e32ecbac2f5546dd9eef6b6bc1f87b28a76ccc2ab08e50921843b63663f486e42604fa896a79212919f1f3a81f5cce5864db4d24f26070a97fec6c646274854083b4e229d87e2db739e75208fb8f1ce919a88aa6e00ee83908af9bfe2b72a2299bb7efa105f9a7bbc294c60ba25b5530bfa93183d0e9c9e3a936974951745447155cc3ecbe1ace174388846e60c809234c5586bad0bdae4184330ef0bfec532de2438c92b58140ea0319df0aeebd795f0430d2fbf021a4aa771b87d4bb53518fc3fa794cec75cda3463733e829b53d474ea1df1e65953d7f7fbba41483dfc6ae5c232073f8e03635fe9af404a2f6d513372e4167141adb214f928d98885fb69bdbfdbffdd5ab5b40c537f86d737854272376ec9e3bfb9b108ea0656599a243492223dc1155e297931398e060eafb6ac2b974d14c8b023104cc920004f07214bdb357e4967a1a94dc878e2b89efbc1047bb5edd0375f73,gx-no-cache=1520866232441 HTTP/1.1" 200 30
186.67.164.142 - - [12/Mar/2018:11:51:23 -0300] "POST /cormun/servlet/solicitudot?gx-no-cache=1520866233855 HTTP/1.1" 200 30
192.168.10.56 - - [12/Mar/2018:11:51:24 -0300] "POST /cormun/servlet/trsolicitudgral?15985d5a665fc0e81c8abca4797067c8,gx-no-cache=1520865152372,gx-no-cache=1520866121047 HTTP/1.1" 200 8627
186.67.164.142 - - [12/Mar/2018:11:51:25 -0300] "POST /cormun/servlet/solicitudot?gx-no-cache=1520866235721 HTTP/1.1" 200 1333
186.67.164.142 - - [12/Mar/2018:11:51:25 -0300] "POST /cormun/servlet/solicitudot?gx-no-cache=1520866236132 HTTP/1.1" 200 38
192.168.10.56 - - [12/Mar/2018:11:51:41 -0300] "POST /cormun/servlet/trsolicitudgral?15985d5a665fc0e81c8abca4797067c8,gx-no-cache=1520865152372,gx-no-cache=1520866138403 HTTP/1.1" 200 8244
192.168.10.56 - - [12/Mar/2018:11:51:41 -0300] "GET /cormun/static/Shared/jqueryui/images/ui-bg_highlight-soft_100_c6c2c8_1x100.png HTTP/1.1" 404 1117
192.168.10.56 - - [12/Mar/2018:11:51:41 -0300] "GET /cormun/static/Shared/jqueryui/images/ui-icons_82798d_256x240.png HTTP/1.1" 404 1089
192.168.10.56 - - [12/Mar/2018:11:51:41 -0300] "GET /cormun/static/Shared/jqueryui/images/ui-icons_8d78a5_256x240.png HTTP/1.1" 404 1089
192.168.10.56 - - [12/Mar/2018:11:51:41 -0300] "GET /cormun/static/Shared/jqueryui/images/ui-bg_flat_55_fafafa_40x100.png HTTP/1.1" 404 1097
186.67.164.142 - - [12/Mar/2018:11:51:46 -0300] "GET /cormun/servlet/solicitudot?16f5a0d236ee8294b8e5cddafa4474c7873394b5b467fe557a35d1ece7e4d7031f1a57b0ff8511b6d957e232d967ba4e246215bd8ac8929a6dfc46e9a4af6b782849da137f5694d4be599f44a3468e59c512f0633b05c9b94a66420dced608019f9314a9d09ef758145627622c04ba26,gx-no-cache=1520866256543 HTTP/1.1" 200 29
186.67.164.142 - - [12/Mar/2018:11:51:46 -0300] "POST /cormun/servlet/solicitudot?gx-no-cache=1520866256723 HTTP/1.1" 200 1319
186.67.164.142 - - [12/Mar/2018:11:51:46 -0300] "POST /cormun/servlet/solicitudot?gx-no-cache=1520866256881 HTTP/1.1" 200 1215
192.168.10.96 - - [12/Mar/2018:11:51:47 -0300] "POST /cormun/servlet/trsolicitudgral?47ab37127b02039d09afd8b25e049bb1,,gx-no-cache=1520866144381 HTTP/1.1" 200 5938
186.67.164.142 - - [12/Mar/2018:11:51:54 -0300] "GET /cormun/static/menuarrow.gif HTTP/1.1" 404 1015
186.67.164.142 - - [12/Mar/2018:11:51:58 -0300] "GET /cormun/servlet/solicitudot?16f5a0d236ee8294b8e5cddafa4474c76817e3da25fef45a7daec1d6da169cd24617fa0043d105e98049f1f5bdda8dac,gx-no-cache=1520866268302 HTTP/1.1" 200 30
190.100.93.40 - - [12/Mar/2018:11:52:00 -0300] "GET /cormun/servlet/trautorizarsolicitud? HTTP/1.1" 200 8818
190.100.93.40 - - [12/Mar/2018:11:52:01 -0300] "GET /cormun/servlet/trautorizarsolicitud? HTTP/1.1" 200 8818
186.67.164.142 - - [12/Mar/2018:11:52:01 -0300] "POST /cormun/servlet/solicitudot?gx-no-cache=1520866272256 HTTP/1.1" 200 30
190.100.93.40 - - [12/Mar/2018:11:52:04 -0300] "POST /cormun/servlet/trautorizarsolicitud?a0b3c645e7db3a95e20d3d25672b0a81,,gx-no-cache=1520866273703 HTTP/1.1" 200 4635
190.100.93.40 - - [12/Mar/2018:11:52:04 -0300] "GET /cormun/static/Shared/jqueryui/images/ui-bg_highlight-soft_100_c6c2c8_1x100.png HTTP/1.1" 404 1117
190.100.93.40 - - [12/Mar/2018:11:52:04 -0300] "GET /cormun/static/Shared/jqueryui/images/ui-icons_8d78a5_256x240.png HTTP/1.1" 404 1089
190.100.93.40 - - [12/Mar/2018:11:52:04 -0300] "GET /cormun/static/Shared/jqueryui/images/ui-icons_82798d_256x240.png HTTP/1.1" 404 1089
190.100.93.40 - - [12/Mar/2018:11:52:04 -0300] "GET /cormun/static/Shared/jqueryui/images/ui-bg_flat_55_fafafa_40x100.png HTTP/1.1" 404 1097
190.100.93.40 - - [12/Mar/2018:11:52:04 -0300] "POST /cormun/servlet/trautorizarsolicitud?a0b3c645e7db3a95e20d3d25672b0a81,,gx-no-cache=1520866274194 HTTP/1.1" 200 4396
192.168.10.56 - - [12/Mar/2018:11:52:11 -0300] "POST /cormun/servlet/trsolicitudgral?15985d5a665fc0e81c8abca4797067c8,gx-no-cache=1520865152372,gx-no-cache=1520866168041 HTTP/1.1" 200 7860
186.67.164.142 - - [12/Mar/2018:11:52:19 -0300] "POST /cormun/servlet/solicitudot?192e3c40e50ba85b9f4fa3f096c41439,INS,0,0,,gx-no-cache=1520866289111 HTTP/1.1" 200 93
186.67.164.142 - - [12/Mar/2018:11:52:19 -0300] "GET /cormun/servlet/hpexe_return? HTTP/1.1" 200 1002
186.67.164.142 - - [12/Mar/2018:11:52:19 -0300] "GET /cormun/servlet/trsolicitudot? HTTP/1.1" 200 9037
186.67.164.142 - - [12/Mar/2018:11:52:19 -0300] "GET /cormun/servlet/trsolicitudot? HTTP/1.1" 200 9033
192.168.10.56 - - [12/Mar/2018:11:52:21 -0300] "GET /cormun/servlet/solicitudgral3?UPD,2018,9974, HTTP/1.1" 200 13694
192.168.10.56 - - [12/Mar/2018:11:52:21 -0300] "GET /cormun/static/gxcfg.js?20181911363991 HTTP/1.1" 304 -
192.168.10.56 - - [12/Mar/2018:11:52:21 -0300] "GET /cormun/static/solicitudgral3.js?20181911364079 HTTP/1.1" 304 -
192.168.10.56 - - [12/Mar/2018:11:52:21 -0300] "GET /cormun/servlet/solicitudgral3?UPD,2018,9974, HTTP/1.1" 200 13683
192.168.10.56 - - [12/Mar/2018:11:52:22 -0300] "POST /cormun/servlet/solicitudgral3?gx-no-cache=1520866179011 HTTP/1.1" 200 4079
192.168.10.56 - - [12/Mar/2018:11:52:22 -0300] "GET /cormun/servlet/solicitudgral3?34126cd21a229b02da29e1df61f0368983cb8b60190f3af8c260cb3b200f233a556d671f425ab89f75573d4ca145d257cad79e396204d5eaab231ee24396521afddb2b4271504d4717fc81db489ce64db86b361e4fd7f8c214fd108763966053190c155b686d7948bdded053071acbd3f6ec9026b793784437c8fc98684a9ed6b4ce51e336bbcef54f6219d1c0cefd1c38ea233836a743b14c0e2ff92dcbb6403dc2233bff977d2cd47493fae9773720fb65c09bae4ffcba906ecd438aad32223bc30c0bcf6122ac90897a8d3807b95c1a3bc9d59aaf79f0cfb1d0d47c52bde29b642ede83edf6dfe70581c8333dbf7fa098b2187c2518e69837cf733a8a123f929cd9291aeb77b5c55a11b2dc69c7521d7956df8e3946d2f4205555242a303d142ffe1d46cea5ef0338727b1fef7aa2e7f3fd4475290ff793c7be03efd6ae5df33385ba598e872c5e945f8397434eeb,gx-no-cache=1520866179202 HTTP/1.1" 200 240
192.168.10.56 - - [12/Mar/2018:11:52:22 -0300] "POST /cormun/servlet/solicitudgral3?gx-no-cache=1520866179231 HTTP/1.1" 200 1401
192.168.10.56 - - [12/Mar/2018:11:52:22 -0300] "GET /cormun/servlet/solicitudgral3?34126cd21a229b02da29e1df61f03689f4127972db6b3b47699e2f8500a300d0f4f6392bf6786462631a49ce2302a5102a95fcca9c08b2aa2e6363ec282962355849cedbe3625e1f329a7eebc28ed797980ab9b21cc6c7fa687b08bb5d2194196cc7cd938b3cb9e448752436fd579217ebe982dbe8526d6a8fb1a744d6e2f7c2,gx-no-cache=1520866179317 HTTP/1.1" 200 41
186.67.164.142 - - [12/Mar/2018:11:52:23 -0300] "POST /cormun/servlet/trsolicitudot?192e3c40e50ba85b9f4fa3f096c41439,,gx-no-cache=1520866293999 HTTP/1.1" 200 107
186.67.164.142 - - [12/Mar/2018:11:52:23 -0300] "GET /cormun/servlet/trsolicitudadjuntos?2018,10407, HTTP/1.1" 200 6069
186.67.164.142 - - [12/Mar/2018:11:52:24 -0300] "GET /cormun/servlet/trsolicitudadjuntos?2018,10407, HTTP/1.1" 200 6069
192.168.10.56 - - [12/Mar/2018:11:52:28 -0300] "POST /cormun/servlet/solicitudgral3?15985d5a665fc0e81c8abca4797067c8,UPD,2018,9974,,gx-no-cache=1520866184911 HTTP/1.1" 200 12290
192.168.10.56 - - [12/Mar/2018:11:52:28 -0300] "GET /cormun/servlet/solicitudgral3?34126cd21a229b02da29e1df61f03689fb844db95af45abda7afc294ec8679b2092dc281d6be4c36d40482ddb8fee386e2618242666b46316b6d47ec3e23712167ae58738ab64509bad7bddce0eb2631813ed7abb61809e3d078d1fd99faf2309b2dc28397a1eca2e26bad4f495ec50f,gx-no-cache=1520866185086 HTTP/1.1" 200 29
192.168.10.56 - - [12/Mar/2018:11:52:28 -0300] "POST /cormun/servlet/solicitudgral3?gx-no-cache=1520866185101 HTTP/1.1" 200 1296
192.168.10.56 - - [12/Mar/2018:11:52:28 -0300] "POST /cormun/servlet/solicitudgral3?gx-no-cache=1520866185129 HTTP/1.1" 200 1218
192.168.10.56 - - [12/Mar/2018:11:52:28 -0300] "GET /cormun/servlet/solicitudgral3?34126cd21a229b02da29e1df61f03689184469e6a94684514f3f82b528e261ebc3071e69ff608ffda8d52068d4f2108c0db0fdb22a8496653b24f18260a9976ccad79e396204d5eaab231ee24396521aa17d6b0eea893427daf727e36258be9eab435db756c9374aaccd8fdb4aa4a7bcf5976a84bed5656f994dbdc404c8725819e4a16ca12df830c4d1e6e128ac7e53,gx-no-cache=1520866185163 HTTP/1.1" 200 30
192.168.10.56 - - [12/Mar/2018:11:52:28 -0300] "POST /cormun/servlet/solicitudgral3?15985d5a665fc0e81c8abca4797067c8,UPD,2018,9974,,gx-no-cache=1520866185190 HTTP/1.1" 200 93
192.168.10.56 - - [12/Mar/2018:11:52:28 -0300] "GET /cormun/servlet/hpexe_return? HTTP/1.1" 200 1030
192.168.10.56 - - [12/Mar/2018:11:52:28 -0300] "GET /cormun/servlet/trsolicitudgral?gx-no-cache=1520865152372 HTTP/1.1" 200 10879
192.168.10.56 - - [12/Mar/2018:11:52:28 -0300] "GET /cormun/servlet/trsolicitudgral?gx-no-cache=1520865152372 HTTP/1.1" 200 10896
186.67.164.142 - - [12/Mar/2018:11:52:32 -0300] "GET /cormun/servlet/solicitudotadjuntos?INS,2018,10407,,1, HTTP/1.1" 200 6011
186.67.164.142 - - [12/Mar/2018:11:52:32 -0300] "GET /cormun/static/about:blank HTTP/1.1" 404 1011
186.67.164.142 - - [12/Mar/2018:11:52:33 -0300] "GET /cormun/servlet/solicitudotadjuntos?INS,2018,10407,,1, HTTP/1.1" 200 6005
186.67.164.142 - - [12/Mar/2018:11:52:33 -0300] "GET /cormun/servlet/solicitudotadjuntos?16f5a0d236ee8294b8e5cddafa4474c7982bf49a9232caf94753e3ec8f0c8352c22cf61cba21ea1d1e1e6e97e2775740,gx-no-cache=1520866303805 HTTP/1.1" 200 30
186.67.164.142 - - [12/Mar/2018:11:52:33 -0300] "POST /cormun/servlet/solicitudotadjuntos?192e3c40e50ba85b9f4fa3f096c41439,INS,2018,10407,,1,,gx-no-cache=1520866303885 HTTP/1.1" 200 3804
186.67.164.142 - - [12/Mar/2018:11:52:36 -0300] "POST /cormun/servlet/solicitudotadjuntos?gx-no-cache=1520866306818 HTTP/1.1" 200 26
192.168.10.56 - - [12/Mar/2018:11:52:38 -0300] "POST /cormun/servlet/trsolicitudgral?15985d5a665fc0e81c8abca4797067c8,gx-no-cache=1520865152372,gx-no-cache=1520866195442 HTTP/1.1" 200 7319
192.168.10.56 - - [12/Mar/2018:11:52:38 -0300] "GET /cormun/static/Shared/jqueryui/images/ui-icons_82798d_256x240.png HTTP/1.1" 404 1089
192.168.10.56 - - [12/Mar/2018:11:52:38 -0300] "GET /cormun/static/Shared/jqueryui/images/ui-bg_highlight-soft_100_c6c2c8_1x100.png HTTP/1.1" 404 1117
192.168.10.56 - - [12/Mar/2018:11:52:38 -0300] "GET /cormun/static/Shared/jqueryui/images/ui-bg_flat_55_fafafa_40x100.png HTTP/1.1" 404 1097
192.168.10.56 - - [12/Mar/2018:11:52:38 -0300] "GET /cormun/static/Shared/jqueryui/images/ui-icons_8d78a5_256x240.png HTTP/1.1" 404 1089
186.67.164.142 - - [12/Mar/2018:11:52:45 -0300] "GET /cormun/servlet/solicitudotadjuntos?16f5a0d236ee8294b8e5cddafa4474c75dd02b289b7f2c2746b7d0d94b7483f7,gx-no-cache=1520866315570 HTTP/1.1" 200 30
186.67.164.142 - - [12/Mar/2018:11:52:45 -0300] "GET /cormun/servlet/solicitudotadjuntos?16f5a0d236ee8294b8e5cddafa4474c75dd02b289b7f2c2746b7d0d94b7483f7,gx-no-cache=1520866315620 HTTP/1.1" 200 30
186.103.156.24 - - [12/Mar/2018:11:52:56 -0300] "GET /cormun/servlet/hlogin HTTP/1.1" 200 1724
186.67.164.142 - - [12/Mar/2018:11:52:57 -0300] "POST /cormun/servlet/solicitudotadjuntos?192e3c40e50ba85b9f4fa3f096c41439,INS,2018,10407,,1, HTTP/1.1" 200 116
186.67.164.142 - - [12/Mar/2018:11:52:57 -0300] "GET /cormun/servlet/hpexe_return? HTTP/1.1" 200 1022
186.67.164.142 - - [12/Mar/2018:11:52:57 -0300] "GET /cormun/servlet/trsolicitudadjuntos?2018,10407, HTTP/1.1" 200 8536
192.168.10.56 - - [12/Mar/2018:11:52:58 -0300] "POST /cormun/servlet/trsolicitudgral?15985d5a665fc0e81c8abca4797067c8,gx-no-cache=1520865152372,gx-no-cache=1520866215023 HTTP/1.1" 200 5927
186.67.164.142 - - [12/Mar/2018:11:52:58 -0300] "GET /cormun/servlet/trsolicitudadjuntos?2018,10407, HTTP/1.1" 200 8532
192.168.10.56 - - [12/Mar/2018:11:53:02 -0300] "POST /cormun/servlet/trsolicitudgral?15985d5a665fc0e81c8abca4797067c8,gx-no-cache=1520865152372,gx-no-cache=1520866219126 HTTP/1.1" 200 7904
186.67.164.142 - - [12/Mar/2018:11:53:03 -0300] "GET /cormun/servlet/solicitudotadjuntos?INS,2018,10407,,1, HTTP/1.1" 200 6011
186.67.164.142 - - [12/Mar/2018:11:53:03 -0300] "GET /cormun/static/about:blank HTTP/1.1" 404 1011
186.67.164.142 - - [12/Mar/2018:11:53:04 -0300] "GET /cormun/servlet/solicitudotadjuntos?INS,2018,10407,,1, HTTP/1.1" 200 6005
186.67.164.142 - - [12/Mar/2018:11:53:04 -0300] "GET /cormun/servlet/solicitudotadjuntos?16f5a0d236ee8294b8e5cddafa4474c7982bf49a9232caf94753e3ec8f0c8352c22cf61cba21ea1d1e1e6e97e2775740,gx-no-cache=1520866334791 HTTP/1.1" 200 30
186.67.164.142 - - [12/Mar/2018:11:53:04 -0300] "POST /cormun/servlet/solicitudotadjuntos?192e3c40e50ba85b9f4fa3f096c41439,INS,2018,10407,,1,,gx-no-cache=1520866334925 HTTP/1.1" 200 3804
186.67.164.142 - - [12/Mar/2018:11:53:06 -0300] "POST /cormun/servlet/solicitudotadjuntos?gx-no-cache=1520866336835 HTTP/1.1" 200 26
186.103.156.24 - - [12/Mar/2018:11:53:10 -0300] "POST /cormun/servlet/hlogin?635f1c1732bc38006e798220a4d4290c,gx-no-cache=1520866340774 HTTP/1.1" 200 90
186.103.156.24 - - [12/Mar/2018:11:53:10 -0300] "GET /cormun/servlet/hpexe_link HTTP/1.1" 200 954
186.103.156.24 - - [12/Mar/2018:11:53:10 -0300] "GET /cormun/servlet/hhome HTTP/1.1" 200 4238
186.103.156.24 - - [12/Mar/2018:11:53:11 -0300] "GET /cormun/servlet/hhome HTTP/1.1" 200 4234
186.67.164.142 - - [12/Mar/2018:11:53:13 -0300] "GET /cormun/servlet/solicitudotadjuntos?16f5a0d236ee8294b8e5cddafa4474c75dd02b289b7f2c2746b7d0d94b7483f7,gx-no-cache=1520866343592 HTTP/1.1" 200 30
186.67.164.142 - - [12/Mar/2018:11:53:13 -0300] "GET /cormun/servlet/solicitudotadjuntos?16f5a0d236ee8294b8e5cddafa4474c75dd02b289b7f2c2746b7d0d94b7483f7,gx-no-cache=1520866343642 HTTP/1.1" 200 30
186.103.156.24 - - [12/Mar/2018:11:53:15 -0300] "GET /cormun/servlet/trsolicitudot? HTTP/1.1" 200 8800
186.103.156.24 - - [12/Mar/2018:11:53:15 -0300] "GET /cormun/servlet/trsolicitudot? HTTP/1.1" 200 8798
186.67.164.142 - - [12/Mar/2018:11:53:18 -0300] "POST /cormun/servlet/solicitudotadjuntos?192e3c40e50ba85b9f4fa3f096c41439,INS,2018,10407,,1, HTTP/1.1" 200 116
186.67.164.142 - - [12/Mar/2018:11:53:18 -0300] "GET /cormun/servlet/hpexe_return? HTTP/1.1" 200 1022
186.67.164.142 - - [12/Mar/2018:11:53:18 -0300] "GET /cormun/servlet/trsolicitudadjuntos?2018,10407, HTTP/1.1" 200 8747
186.67.164.142 - - [12/Mar/2018:11:53:19 -0300] "GET /cormun/servlet/trsolicitudadjuntos?2018,10407, HTTP/1.1" 200 8746
186.67.164.142 - - [12/Mar/2018:11:53:24 -0300] "GET /cormun/servlet/solicitudotadjuntos?INS,2018,10407,,1, HTTP/1.1" 200 6011
186.67.164.142 - - [12/Mar/2018:11:53:24 -0300] "GET /cormun/static/about:blank HTTP/1.1" 404 1011
186.67.164.142 - - [12/Mar/2018:11:53:24 -0300] "GET /cormun/servlet/solicitudotadjuntos?INS,2018,10407,,1, HTTP/1.1" 200 6005
186.67.164.142 - - [12/Mar/2018:11:53:25 -0300] "GET /cormun/servlet/solicitudotadjuntos?16f5a0d236ee8294b8e5cddafa4474c7982bf49a9232caf94753e3ec8f0c8352c22cf61cba21ea1d1e1e6e97e2775740,gx-no-cache=1520866355558 HTTP/1.1" 200 30
186.67.164.142 - - [12/Mar/2018:11:53:25 -0300] "POST /cormun/servlet/solicitudotadjuntos?192e3c40e50ba85b9f4fa3f096c41439,INS,2018,10407,,1,,gx-no-cache=1520866355650 HTTP/1.1" 200 3804
186.67.164.142 - - [12/Mar/2018:11:53:29 -0300] "POST /cormun/servlet/solicitudotadjuntos?gx-no-cache=1520866360186 HTTP/1.1" 200 26
186.103.156.24 - - [12/Mar/2018:11:53:35 -0300] "POST /cormun/servlet/trsolicitudot?635f1c1732bc38006e798220a4d4290c,,gx-no-cache=1520866364303 HTTP/1.1" 200 6819
186.103.156.24 - - [12/Mar/2018:11:53:35 -0300] "GET /cormun/static/Shared/jqueryui/images/ui-bg_highlight-soft_100_c6c2c8_1x100.png HTTP/1.1" 404 1117
186.103.156.24 - - [12/Mar/2018:11:53:35 -0300] "GET /cormun/static/Shared/jqueryui/images/ui-icons_82798d_256x240.png HTTP/1.1" 404 1089
186.103.156.24 - - [12/Mar/2018:11:53:35 -0300] "GET /cormun/static/Shared/jqueryui/images/ui-bg_flat_55_fafafa_40x100.png HTTP/1.1" 404 1097
186.103.156.24 - - [12/Mar/2018:11:53:35 -0300] "GET /cormun/static/Shared/jqueryui/images/ui-icons_8d78a5_256x240.png HTTP/1.1" 404 1089
186.103.156.24 - - [12/Mar/2018:11:53:35 -0300] "POST /cormun/servlet/trsolicitudot?635f1c1732bc38006e798220a4d4290c,,gx-no-cache=1520866365985 HTTP/1.1" 200 6762
186.67.164.142 - - [12/Mar/2018:11:53:49 -0300] "GET /cormun/servlet/solicitudotadjuntos?16f5a0d236ee8294b8e5cddafa4474c75dd02b289b7f2c2746b7d0d94b7483f7,gx-no-cache=1520866379891 HTTP/1.1" 200 30
186.67.164.142 - - [12/Mar/2018:11:53:49 -0300] "GET /cormun/servlet/solicitudotadjuntos?16f5a0d236ee8294b8e5cddafa4474c75dd02b289b7f2c2746b7d0d94b7483f7,gx-no-cache=1520866379951 HTTP/1.1" 200 30
186.67.164.142 - - [12/Mar/2018:11:53:54 -0300] "POST /cormun/servlet/solicitudotadjuntos?192e3c40e50ba85b9f4fa3f096c41439,INS,2018,10407,,1, HTTP/1.1" 200 116
186.67.164.142 - - [12/Mar/2018:11:53:54 -0300] "GET /cormun/servlet/hpexe_return? HTTP/1.1" 200 1022
186.67.164.142 - - [12/Mar/2018:11:53:55 -0300] "GET /cormun/servlet/trsolicitudadjuntos?2018,10407, HTTP/1.1" 200 8934
186.67.164.142 - - [12/Mar/2018:11:53:56 -0300] "GET /cormun/servlet/trsolicitudadjuntos?2018,10407, HTTP/1.1" 200 8930
186.67.164.142 - - [12/Mar/2018:11:53:58 -0300] "GET /cormun/servlet/solicitudotadjuntos?INS,2018,10407,,1, HTTP/1.1" 200 6011
186.67.164.142 - - [12/Mar/2018:11:53:58 -0300] "GET /cormun/static/about:blank HTTP/1.1" 404 1011
186.67.164.142 - - [12/Mar/2018:11:53:58 -0300] "GET /cormun/servlet/solicitudotadjuntos?INS,2018,10407,,1, HTTP/1.1" 200 6005
186.67.164.142 - - [12/Mar/2018:11:53:59 -0300] "GET /cormun/servlet/solicitudotadjuntos?16f5a0d236ee8294b8e5cddafa4474c7982bf49a9232caf94753e3ec8f0c8352c22cf61cba21ea1d1e1e6e97e2775740,gx-no-cache=1520866389743 HTTP/1.1" 200 30
186.67.164.142 - - [12/Mar/2018:11:54:00 -0300] "POST /cormun/servlet/solicitudotadjuntos?192e3c40e50ba85b9f4fa3f096c41439,INS,2018,10407,,1,,gx-no-cache=1520866390131 HTTP/1.1" 200 3804
186.103.156.24 - - [12/Mar/2018:11:54:00 -0300] "POST /cormun/servlet/trsolicitudot?635f1c1732bc38006e798220a4d4290c,,gx-no-cache=1520866389142 HTTP/1.1" 200 11884
186.67.164.142 - - [12/Mar/2018:11:54:06 -0300] "POST /cormun/servlet/solicitudotadjuntos?gx-no-cache=1520866397082 HTTP/1.1" 200 26
186.103.156.24 - - [12/Mar/2018:11:54:10 -0300] "GET /cormun/servlet/vesolicitudot?2018,9985,, HTTP/1.1" 200 8624
186.103.156.24 - - [12/Mar/2018:11:54:10 -0300] "GET /cormun/static/gxcfg.js?2017111422591385 HTTP/1.1" 200 953
186.103.156.24 - - [12/Mar/2018:11:54:10 -0300] "GET /cormun/pexe_scrolldiv.js HTTP/1.1" 404 1009
186.103.156.24 - - [12/Mar/2018:11:54:10 -0300] "GET /cormun/static/vesolicitudot.js?2017111422591449 HTTP/1.1" 200 6091
186.103.156.24 - - [12/Mar/2018:11:54:10 -0300] "GET /cormun/static/Resources/PXToolsTabPrevious.gif HTTP/1.1" 200 172
186.103.156.24 - - [12/Mar/2018:11:54:10 -0300] "GET /cormun/static/hpexe_tabsview.js?201610171694228 HTTP/1.1" 200 1661
186.103.156.24 - - [12/Mar/2018:11:54:10 -0300] "GET /cormun/static/Resources/PXToolsTabLastUnselected.png HTTP/1.1" 200 1291
186.103.156.24 - - [12/Mar/2018:11:54:10 -0300] "GET /cormun/static/Resources/PXToolsTabFirstSelected.png HTTP/1.1" 200 1259
186.103.156.24 - - [12/Mar/2018:11:54:10 -0300] "GET /cormun/static/tbsolicitudot01.js?2017111422581186 HTTP/1.1" 200 30566
186.103.156.24 - - [12/Mar/2018:11:54:10 -0300] "GET /cormun/static/Resources/PXToolsTabNext.gif HTTP/1.1" 200 168
186.103.156.24 - - [12/Mar/2018:11:54:10 -0300] "GET /cormun/static/hwcviewtabs.js?20177611594913 HTTP/1.1" 200 1074
186.103.156.24 - - [12/Mar/2018:11:54:10 -0300] "GET /cormun/static/calendar-system.css HTTP/1.1" 200 5572
186.103.156.24 - - [12/Mar/2018:11:54:10 -0300] "GET /cormun/static/Resources/PXToolsTabBackUnselected.png HTTP/1.1" 200 1175
186.103.156.24 - - [12/Mar/2018:11:54:10 -0300] "GET /cormun/static/Resources/PXToolsTabUnselectedUnselected.png HTTP/1.1" 200 1459
186.103.156.24 - - [12/Mar/2018:11:54:10 -0300] "GET /cormun/static/Resources/PXToolsTabBackSelected.png HTTP/1.1" 200 1157
186.103.156.24 - - [12/Mar/2018:11:54:10 -0300] "GET /cormun/static/Resources/PXToolsTabSelectedUnselected.png HTTP/1.1" 200 1428
186.103.156.24 - - [12/Mar/2018:11:54:10 -0300] "GET /cormun/servlet/vesolicitudot?2018,9985,, HTTP/1.1" 200 8624
186.67.164.142 - - [12/Mar/2018:11:54:17 -0300] "GET /cormun/servlet/solicitudotadjuntos?16f5a0d236ee8294b8e5cddafa4474c75dd02b289b7f2c2746b7d0d94b7483f7,gx-no-cache=1520866408001 HTTP/1.1" 200 30
186.67.164.142 - - [12/Mar/2018:11:54:17 -0300] "GET /cormun/servlet/solicitudotadjuntos?16f5a0d236ee8294b8e5cddafa4474c75dd02b289b7f2c2746b7d0d94b7483f7,gx-no-cache=1520866408064 HTTP/1.1" 200 30
186.103.156.24 - - [12/Mar/2018:11:54:20 -0300] "POST /cormun/servlet/vesolicitudot?635f1c1732bc38006e798220a4d4290c,2018,9985,,,gx-no-cache=1520866410219 HTTP/1.1" 200 93
186.103.156.24 - - [12/Mar/2018:11:54:20 -0300] "GET /cormun/servlet/hpexe_return? HTTP/1.1" 200 1015
186.103.156.24 - - [12/Mar/2018:11:54:20 -0300] "GET /cormun/servlet/trsolicitudot? HTTP/1.1" 200 14706
186.103.156.24 - - [12/Mar/2018:11:54:21 -0300] "GET /cormun/servlet/trsolicitudot? HTTP/1.1" 200 14701
186.103.156.24 - - [12/Mar/2018:11:54:24 -0300] "GET /cormun/servlet/vesolicitudot?2018,9940,, HTTP/1.1" 200 8653
186.103.156.24 - - [12/Mar/2018:11:54:24 -0300] "GET /cormun/pexe_scrolldiv.js HTTP/1.1" 404 1009
186.103.156.24 - - [12/Mar/2018:11:54:24 -0300] "GET /cormun/servlet/vesolicitudot?2018,9940,, HTTP/1.1" 200 8652
186.67.164.142 - - [12/Mar/2018:11:54:28 -0300] "POST /cormun/servlet/solicitudotadjuntos?192e3c40e50ba85b9f4fa3f096c41439,INS,2018,10407,,1, HTTP/1.1" 200 116
186.67.164.142 - - [12/Mar/2018:11:54:28 -0300] "GET /cormun/servlet/hpexe_return? HTTP/1.1" 200 1022
186.67.164.142 - - [12/Mar/2018:11:54:29 -0300] "GET /cormun/servlet/trsolicitudadjuntos?2018,10407, HTTP/1.1" 200 9138
186.67.164.142 - - [12/Mar/2018:11:54:30 -0300] "GET /cormun/servlet/trsolicitudadjuntos?2018,10407, HTTP/1.1" 200 9138
186.103.156.24 - - [12/Mar/2018:11:54:32 -0300] "POST /cormun/servlet/vesolicitudot?635f1c1732bc38006e798220a4d4290c,2018,9940,,,gx-no-cache=1520866422079 HTTP/1.1" 200 93
186.103.156.24 - - [12/Mar/2018:11:54:32 -0300] "GET /cormun/servlet/hpexe_return? HTTP/1.1" 200 1014
186.67.164.142 - - [12/Mar/2018:11:54:32 -0300] "GET /cormun/servlet/solicitudotadjuntos?INS,2018,10407,,1, HTTP/1.1" 200 6011
186.103.156.24 - - [12/Mar/2018:11:54:32 -0300] "GET /cormun/servlet/trsolicitudot HTTP/1.1" 200 14706
186.67.164.142 - - [12/Mar/2018:11:54:32 -0300] "GET /cormun/static/about:blank HTTP/1.1" 404 1011
186.67.164.142 - - [12/Mar/2018:11:54:33 -0300] "GET /cormun/servlet/solicitudotadjuntos?INS,2018,10407,,1, HTTP/1.1" 200 6005
186.103.156.24 - - [12/Mar/2018:11:54:33 -0300] "GET /cormun/servlet/trsolicitudot HTTP/1.1" 200 14701
186.67.164.142 - - [12/Mar/2018:11:54:33 -0300] "GET /cormun/servlet/solicitudotadjuntos?16f5a0d236ee8294b8e5cddafa4474c7982bf49a9232caf94753e3ec8f0c8352c22cf61cba21ea1d1e1e6e97e2775740,gx-no-cache=1520866423847 HTTP/1.1" 200 30
186.67.164.142 - - [12/Mar/2018:11:54:33 -0300] "POST /cormun/servlet/solicitudotadjuntos?192e3c40e50ba85b9f4fa3f096c41439,INS,2018,10407,,1,,gx-no-cache=1520866423943 HTTP/1.1" 200 3804
186.67.164.142 - - [12/Mar/2018:11:54:38 -0300] "POST /cormun/servlet/solicitudotadjuntos?gx-no-cache=1520866428329 HTTP/1.1" 200 26
186.67.164.142 - - [12/Mar/2018:11:54:50 -0300] "GET /cormun/servlet/solicitudotadjuntos?16f5a0d236ee8294b8e5cddafa4474c75dd02b289b7f2c2746b7d0d94b7483f7,gx-no-cache=1520866440631 HTTP/1.1" 200 30
186.67.164.142 - - [12/Mar/2018:11:54:50 -0300] "GET /cormun/servlet/solicitudotadjuntos?16f5a0d236ee8294b8e5cddafa4474c75dd02b289b7f2c2746b7d0d94b7483f7,gx-no-cache=1520866440695 HTTP/1.1" 200 30
186.67.164.142 - - [12/Mar/2018:11:54:53 -0300] "POST /cormun/servlet/solicitudotadjuntos?192e3c40e50ba85b9f4fa3f096c41439,INS,2018,10407,,1, HTTP/1.1" 200 116
186.67.164.142 - - [12/Mar/2018:11:54:53 -0300] "GET /cormun/servlet/hpexe_return? HTTP/1.1" 200 1022
