192.168.10.56 - - [12/Mar/2018:10:38:37 -0300] "GET /cormun/servlet/trautorizarot? HTTP/1.1" 200 14652
192.168.10.56 - - [12/Mar/2018:10:38:37 -0300] "GET /cormun/servlet/trautorizarot? HTTP/1.1" 200 14650
192.168.10.56 - - [12/Mar/2018:10:38:39 -0300] "GET /cormun/static/menuarrow.gif HTTP/1.1" 404 1015
192.168.10.56 - - [12/Mar/2018:10:38:44 -0300] "POST /cormun/servlet/trautorizarot?15985d5a665fc0e81c8abca4797067c8,,gx-no-cache=1520861760725 HTTP/1.1" 200 24635
192.168.10.56 - - [12/Mar/2018:10:38:49 -0300] "POST /cormun/servlet/trautorizarot?15985d5a665fc0e81c8abca4797067c8,,gx-no-cache=1520861766759 HTTP/1.1" 200 8147
192.168.10.56 - - [12/Mar/2018:10:38:59 -0300] "POST /cormun/servlet/trautorizarot?15985d5a665fc0e81c8abca4797067c8,,gx-no-cache=1520861776322 HTTP/1.1" 200 5334
192.168.10.56 - - [12/Mar/2018:10:39:03 -0300] "POST /cormun/servlet/trautorizarot?15985d5a665fc0e81c8abca4797067c8,,gx-no-cache=1520861780242 HTTP/1.1" 200 10405
192.168.10.56 - - [12/Mar/2018:10:39:08 -0300] "POST /cormun/servlet/trautorizarot?15985d5a665fc0e81c8abca4797067c8,,gx-no-cache=1520861784946 HTTP/1.1" 200 5349
192.168.10.56 - - [12/Mar/2018:10:39:11 -0300] "POST /cormun/servlet/trautorizarot?15985d5a665fc0e81c8abca4797067c8,,gx-no-cache=1520861788553 HTTP/1.1" 200 19533
192.168.10.56 - - [12/Mar/2018:10:39:29 -0300] "GET /cormun/servlet/hlogin HTTP/1.1" 200 1730
192.168.10.50 - - [12/Mar/2018:10:40:27 -0300] "POST /cormun/servlet/trsolicitudgral?98dee0366e965fbeefc4e88c3a26bfcf,,gx-no-cache=1520861864464 HTTP/1.1" 440 972
192.168.10.50 - - [12/Mar/2018:10:40:29 -0300] "GET /cormun/servlet/trsolicitudgral? HTTP/1.1" 500 10
192.168.10.50 - - [12/Mar/2018:10:40:30 -0300] "GET /cormun/servlet/trsolicitudgral? HTTP/1.1" 500 10
192.168.10.50 - - [12/Mar/2018:10:40:38 -0300] "GET /cormun/servlet/hlogin HTTP/1.1" 200 1716
192.168.10.50 - - [12/Mar/2018:10:40:46 -0300] "POST /cormun/servlet/hlogin?46182a646722e3b4887b4ae9aea482ba,gx-no-cache=1520861883126 HTTP/1.1" 200 90
192.168.10.50 - - [12/Mar/2018:10:40:46 -0300] "GET /cormun/servlet/hpexe_link HTTP/1.1" 200 941
192.168.10.50 - - [12/Mar/2018:10:40:46 -0300] "GET /cormun/servlet/hhome HTTP/1.1" 200 4453
192.168.10.50 - - [12/Mar/2018:10:40:46 -0300] "GET /cormun/servlet/hhome HTTP/1.1" 200 4449
192.168.10.50 - - [12/Mar/2018:10:41:01 -0300] "GET /cormun/servlet/trsolicitudgral? HTTP/1.1" 200 28698
192.168.10.50 - - [12/Mar/2018:10:41:03 -0300] "GET /cormun/servlet/trsolicitudgral? HTTP/1.1" 200 28696
186.103.159.188 - - [12/Mar/2018:10:41:06 -0300] "GET /cormun/servlet/hlogin HTTP/1.1" 200 1729
192.168.10.56 - - [12/Mar/2018:10:41:08 -0300] "POST /cormun/servlet/hlogin?15985d5a665fc0e81c8abca4797067c8,gx-no-cache=1520861905308 HTTP/1.1" 200 90
192.168.10.56 - - [12/Mar/2018:10:41:08 -0300] "GET /cormun/servlet/hpexe_link HTTP/1.1" 200 945
192.168.10.56 - - [12/Mar/2018:10:41:08 -0300] "GET /cormun/servlet/hhome HTTP/1.1" 200 4476
192.168.10.56 - - [12/Mar/2018:10:41:08 -0300] "GET /cormun/servlet/hhome HTTP/1.1" 200 4472
192.168.10.56 - - [12/Mar/2018:10:41:11 -0300] "GET /cormun/servlet/trsolicitudgral? HTTP/1.1" 200 14313
192.168.10.56 - - [12/Mar/2018:10:41:12 -0300] "GET /cormun/servlet/trsolicitudgral? HTTP/1.1" 200 14311
186.103.159.188 - - [12/Mar/2018:10:41:16 -0300] "POST /cormun/servlet/hlogin?73262be6fd1d070d1c1b47ed2e0a233c,gx-no-cache=1520862029963 HTTP/1.1" 200 90
186.103.159.188 - - [12/Mar/2018:10:41:16 -0300] "GET /cormun/servlet/hpexe_link HTTP/1.1" 200 955
186.103.159.188 - - [12/Mar/2018:10:41:16 -0300] "GET /cormun/servlet/hhome HTTP/1.1" 200 4147
186.103.159.188 - - [12/Mar/2018:10:41:16 -0300] "GET /cormun/servlet/hhome HTTP/1.1" 200 4145
192.168.10.56 - - [12/Mar/2018:10:41:22 -0300] "POST /cormun/servlet/trsolicitudgral?15985d5a665fc0e81c8abca4797067c8,,gx-no-cache=1520861919056 HTTP/1.1" 200 9153
186.103.159.188 - - [12/Mar/2018:10:41:23 -0300] "GET /cormun/servlet/trsolicitudot? HTTP/1.1" 200 7366
186.103.159.188 - - [12/Mar/2018:10:41:23 -0300] "GET /cormun/servlet/trsolicitudot? HTTP/1.1" 200 7365
186.103.159.188 - - [12/Mar/2018:10:41:37 -0300] "GET /cormun/servlet/solicitudot?INS,0,0, HTTP/1.1" 200 13589
186.103.159.188 - - [12/Mar/2018:10:41:38 -0300] "GET /cormun/servlet/solicitudot?INS,0,0, HTTP/1.1" 200 13594
190.161.236.41 - - [12/Mar/2018:10:41:58 -0300] "POST /cormun/servlet/solicitudot?gx-no-cache=1520862072141 HTTP/1.1" 200 3430
190.161.236.41 - - [12/Mar/2018:10:41:59 -0300] "POST /cormun/servlet/solicitudot?73262be6fd1d070d1c1b47ed2e0a233c,INS,0,0,,gx-no-cache=1520862072521 HTTP/1.1" 200 10613
186.103.158.250 - - [12/Mar/2018:10:42:04 -0300] "GET /cormun/servlet/licenciaspermisos?7835ec64f2e886d9dca6d8888aabcbd649d28eb6f8a4c7aa7599de3ca8734a566028bd7fe75515ff9577049821d639672e4fbd573d3c24865cbf0964bd67b67c46ccd6affa2e0a74620d687a9721c3a3e13378a7732b2bc43b26929c3f7dda9b26429f80e8847a5feb2034eac5d60949483f9a089850d3012eb067e2ab3d53da161aafa518b01a39018bc79eacfb0f0bbcb503df1db600724e935444b478dd834db6998fea37f0838b76f7d9a6965332,gx-no-cache=1520861881746 HTTP/1.1" 200 30
186.103.158.250 - - [12/Mar/2018:10:42:04 -0300] "GET /cormun/servlet/licenciaspermisos?7835ec64f2e886d9dca6d8888aabcbd65a30b2fbd6b9046f615e70a1b897eb92e7461abf880547a14e4db447fd12cee050156981b21707469e8f3a55599719dcfe16fbb494be3e668aba15c9df9b13d9f1c26a7492fd8ccc898cc0e81eb6eedfc5e8239986b2db8f7dc5429d1f65fdd677eb54edd4e8a763ca318d2081b06765e1a5d472e04f9029f22ea0db38f89ec0f6bacd41a4669527e9f055439524e8ee00ab885faa383d57c0cb62086e6050b0,gx-no-cache=1520861881857 HTTP/1.1" 200 29
186.103.158.250 - - [12/Mar/2018:10:42:05 -0300] "POST /cormun/servlet/licenciaspermisos?c0bfd09c782d8def48cf5cf7107d8691,INS,0,,,,gx-no-cache=1520861881946 HTTP/1.1" 200 93
186.103.158.250 - - [12/Mar/2018:10:42:05 -0300] "GET /cormun/servlet/hpexe_return? HTTP/1.1" 200 1011
186.103.158.250 - - [12/Mar/2018:10:42:05 -0300] "GET /cormun/static/gxcfg.js?2016101716175148 HTTP/1.1" 304 -
186.103.158.250 - - [12/Mar/2018:10:42:05 -0300] "GET /cormun/servlet/trlicencias HTTP/1.1" 200 9136
186.103.158.250 - - [12/Mar/2018:10:42:07 -0300] "GET /cormun/servlet/trlicencias HTTP/1.1" 200 9131
186.67.203.186 - - [12/Mar/2018:10:42:10 -0300] "POST /cormun/servlet/hlogin?9ac90abb996bafe1c96ba643f61b1b8b,gx-no-cache=1520862078448 HTTP/1.1" 200 90
186.67.203.186 - - [12/Mar/2018:10:42:10 -0300] "GET /cormun/servlet/hpexe_link HTTP/1.1" 200 943
186.67.203.186 - - [12/Mar/2018:10:42:10 -0300] "GET /cormun/static/gxcfg.js?20177612121792 HTTP/1.1" 304 -
186.67.203.186 - - [12/Mar/2018:10:42:10 -0300] "GET /cormun/servlet/hhome HTTP/1.1" 200 4206
186.67.203.186 - - [12/Mar/2018:10:42:10 -0300] "GET /cormun/static/gxcfg.js?20175251212442 HTTP/1.1" 304 -
186.67.203.186 - - [12/Mar/2018:10:42:11 -0300] "GET /cormun/servlet/hhome HTTP/1.1" 200 4202
186.67.203.186 - - [12/Mar/2018:10:42:17 -0300] "GET /cormun/servlet/trsolicitudot? HTTP/1.1" 200 8795
200.111.122.170 - - [12/Mar/2018:10:42:18 -0300] "GET /cormun/static/gxcfg.js?2017111422585916 HTTP/1.1" 304 -
186.67.203.186 - - [12/Mar/2018:10:42:18 -0300] "GET /cormun/static/calendar.js?85251 HTTP/1.1" 304 -
200.111.122.170 - - [12/Mar/2018:10:42:18 -0300] "GET /cormun/static/calendar-setup.js?85251 HTTP/1.1" 304 -
190.151.100.218 - - [12/Mar/2018:10:42:18 -0300] "GET /cormun/static/calendar-es.js?85251 HTTP/1.1" 304 -
190.151.100.218 - - [12/Mar/2018:10:42:18 -0300] "GET /cormun/static/gxdec.js?85251 HTTP/1.1" 304 -
190.151.100.218 - - [12/Mar/2018:10:42:18 -0300] "GET /cormun/static/trsolicitudot.js?201711142259839 HTTP/1.1" 304 -
190.151.100.218 - - [12/Mar/2018:10:42:18 -0300] "GET /cormun/servlet/trsolicitudot? HTTP/1.1" 200 8793
186.67.164.142 - - [12/Mar/2018:10:42:34 -0300] "GET /cormun/servlet/trsolicitudot? HTTP/1.1" 200 6398
186.67.164.142 - - [12/Mar/2018:10:42:35 -0300] "GET /cormun/servlet/trsolicitudot? HTTP/1.1" 200 6395
186.67.164.142 - - [12/Mar/2018:10:42:37 -0300] "GET /cormun/servlet/solicitudot?INS,0,0, HTTP/1.1" 200 12822
186.67.164.142 - - [12/Mar/2018:10:42:37 -0300] "GET /cormun/static/gxcfg.js?201812313224582 HTTP/1.1" 304 -
186.67.164.142 - - [12/Mar/2018:10:42:38 -0300] "GET /cormun/servlet/hlogin HTTP/1.1" 200 1745
186.67.164.142 - - [12/Mar/2018:10:42:38 -0300] "GET /cormun/servlet/solicitudot?INS,0,0, HTTP/1.1" 200 12826
186.67.164.142 - - [12/Mar/2018:10:42:42 -0300] "POST /cormun/servlet/hlogin?90fb637991aaf276b82a883b70d300b3,gx-no-cache=1520862112904 HTTP/1.1" 200 90
186.67.164.142 - - [12/Mar/2018:10:42:42 -0300] "GET /cormun/servlet/hpexe_link HTTP/1.1" 200 965
186.67.164.142 - - [12/Mar/2018:10:42:42 -0300] "GET /cormun/servlet/solicitudot?INS,0,0, HTTP/1.1" 200 13417
186.67.164.142 - - [12/Mar/2018:10:42:43 -0300] "GET /cormun/servlet/solicitudot?INS,0,0, HTTP/1.1" 200 13420
186.67.203.186 - - [12/Mar/2018:10:42:43 -0300] "GET /cormun/servlet/solicitudot?INS,0,0, HTTP/1.1" 200 13649
186.67.203.186 - - [12/Mar/2018:10:42:44 -0300] "GET /cormun/static/gxcfg.js?201812313224582 HTTP/1.1" 304 -
186.103.132.155 - - [12/Mar/2018:10:42:44 -0300] "GET /cormun/static/solicitudot.js?201812313224831 HTTP/1.1" 304 -
186.103.132.155 - - [12/Mar/2018:10:42:44 -0300] "GET /cormun/servlet/solicitudot?INS,0,0, HTTP/1.1" 200 13654
186.67.164.142 - - [12/Mar/2018:10:42:59 -0300] "POST /cormun/servlet/solicitudot?90fb637991aaf276b82a883b70d300b3,INS,0,0,,gx-no-cache=1520862129290 HTTP/1.1" 200 93
186.67.164.142 - - [12/Mar/2018:10:42:59 -0300] "GET /cormun/servlet/hpexe_return? HTTP/1.1" 200 1010
186.67.164.142 - - [12/Mar/2018:10:42:59 -0300] "GET /cormun/static/gxcfg.js?2016101716175148 HTTP/1.1" 304 -
186.67.164.142 - - [12/Mar/2018:10:42:59 -0300] "GET /cormun/servlet/trsolicitudot HTTP/1.1" 200 8872
186.67.164.142 - - [12/Mar/2018:10:42:59 -0300] "GET /cormun/servlet/trsolicitudot HTTP/1.1" 200 8870
186.103.158.250 - - [12/Mar/2018:10:43:58 -0300] "GET /cormun/servlet/trlicenciaspermisosadjuntos?15125097,20180219000000,L, HTTP/1.1" 200 6292
186.103.158.250 - - [12/Mar/2018:10:43:58 -0300] "GET /cormun/static/gxcfg.js?20177612163414 HTTP/1.1" 304 -
186.103.158.250 - - [12/Mar/2018:10:44:00 -0300] "GET /cormun/servlet/trlicenciaspermisosadjuntos?15125097,20180219000000,L, HTTP/1.1" 200 6292
186.67.164.142 - - [12/Mar/2018:10:44:50 -0300] "POST /cormun/servlet/trsolicitudot?90fb637991aaf276b82a883b70d300b3,gx-no-cache=1520862239849 HTTP/1.1" 200 107
186.67.164.142 - - [12/Mar/2018:10:44:51 -0300] "GET /cormun/servlet/trsolicitudadjuntos?2018,10382, HTTP/1.1" 200 9810
186.67.164.142 - - [12/Mar/2018:10:44:51 -0300] "GET /cormun/static/gxcfg.js?20177612135366 HTTP/1.1" 304 -
186.67.164.142 - - [12/Mar/2018:10:44:52 -0300] "GET /cormun/servlet/trsolicitudadjuntos?2018,10382, HTTP/1.1" 200 9813
192.168.10.50 - - [12/Mar/2018:10:45:10 -0300] "POST /cormun/servlet/trsolicitudgral?46182a646722e3b4887b4ae9aea482ba,,gx-no-cache=1520862147508 HTTP/1.1" 200 10385
186.67.164.142 - - [12/Mar/2018:10:45:34 -0300] "POST /cormun/servlet/trsolicitudadjuntos?90fb637991aaf276b82a883b70d300b3,2018,10382,,gx-no-cache=1520862284098 HTTP/1.1" 200 90
186.67.164.142 - - [12/Mar/2018:10:45:34 -0300] "GET /cormun/servlet/hpexe_link HTTP/1.1" 200 972
186.67.164.142 - - [12/Mar/2018:10:45:34 -0300] "GET /cormun/servlet/trsolicitudot HTTP/1.1" 200 8869
186.67.164.142 - - [12/Mar/2018:10:45:34 -0300] "GET /cormun/servlet/trsolicitudot HTTP/1.1" 200 8870
186.67.164.142 - - [12/Mar/2018:10:45:43 -0300] "POST /cormun/servlet/trsolicitudot?90fb637991aaf276b82a883b70d300b3,gx-no-cache=1520862293546 HTTP/1.1" 200 106
186.67.164.142 - - [12/Mar/2018:10:45:44 -0300] "GET /cormun/servlet/trsolicitudadjuntos?2018,10381, HTTP/1.1" 200 9661
186.67.164.142 - - [12/Mar/2018:10:45:45 -0300] "GET /cormun/servlet/trsolicitudadjuntos?2018,10381, HTTP/1.1" 200 9663
186.67.164.142 - - [12/Mar/2018:10:46:03 -0300] "GET /cormun/PublicTempStorage/katherine_de_lourdes_alvarado_pereira5848842.pdf HTTP/1.1" 200 770627
186.67.164.142 - - [12/Mar/2018:10:46:12 -0300] "GET /cormun/servlet/trsolicitudadjuntos?2018,10381, HTTP/1.1" 200 9662
186.67.164.142 - - [12/Mar/2018:10:46:13 -0300] "GET /cormun/servlet/trsolicitudadjuntos?2018,10381, HTTP/1.1" 200 9664
186.67.164.142 - - [12/Mar/2018:10:46:21 -0300] "POST /cormun/servlet/trsolicitudadjuntos?90fb637991aaf276b82a883b70d300b3,2018,10381,,gx-no-cache=1520862331745 HTTP/1.1" 200 90
186.67.164.142 - - [12/Mar/2018:10:46:21 -0300] "GET /cormun/servlet/hpexe_link HTTP/1.1" 200 972
186.67.164.142 - - [12/Mar/2018:10:46:22 -0300] "GET /cormun/servlet/trsolicitudot HTTP/1.1" 200 8869
186.67.164.142 - - [12/Mar/2018:10:46:22 -0300] "GET /cormun/servlet/trsolicitudot HTTP/1.1" 200 8870
186.67.164.142 - - [12/Mar/2018:10:47:20 -0300] "POST /cormun/servlet/trsolicitudot?90fb637991aaf276b82a883b70d300b3,gx-no-cache=1520862390592 HTTP/1.1" 200 106
186.67.164.142 - - [12/Mar/2018:10:47:21 -0300] "GET /cormun/servlet/trsolicitudadjuntos?2018,10381, HTTP/1.1" 200 9657
192.168.10.50 - - [12/Mar/2018:10:47:22 -0300] "POST /cormun/servlet/trsolicitudgral?46182a646722e3b4887b4ae9aea482ba,,gx-no-cache=1520862278959 HTTP/1.1" 200 8830
192.168.10.50 - - [12/Mar/2018:10:47:22 -0300] "GET /cormun/static/Shared/jqueryui/images/ui-icons_8d78a5_256x240.png HTTP/1.1" 404 1089
192.168.10.50 - - [12/Mar/2018:10:47:22 -0300] "GET /cormun/static/Shared/jqueryui/images/ui-bg_flat_55_fafafa_40x100.png HTTP/1.1" 404 1097
192.168.10.50 - - [12/Mar/2018:10:47:22 -0300] "GET /cormun/static/Shared/jqueryui/images/ui-icons_82798d_256x240.png HTTP/1.1" 404 1089
192.168.10.50 - - [12/Mar/2018:10:47:22 -0300] "GET /cormun/static/Shared/jqueryui/images/ui-bg_highlight-soft_100_c6c2c8_1x100.png HTTP/1.1" 404 1117
186.67.164.142 - - [12/Mar/2018:10:47:22 -0300] "GET /cormun/servlet/trsolicitudadjuntos?2018,10381, HTTP/1.1" 200 9661
186.103.159.182 - - [12/Mar/2018:10:47:27 -0300] "POST /cormun/servlet/trsolicitudot?e818e204c95654bf761e16770a05a4ba,,gx-no-cache=1520862341006 HTTP/1.1" 440 972
186.103.159.182 - - [12/Mar/2018:10:47:29 -0300] "GET /cormun/servlet/trsolicitudot? HTTP/1.1" 200 6391
186.103.159.182 - - [12/Mar/2018:10:47:30 -0300] "GET /cormun/servlet/trsolicitudot? HTTP/1.1" 200 6391
186.103.159.182 - - [12/Mar/2018:10:47:30 -0300] "GET /cormun/servlet/hlogin HTTP/1.1" 200 1736
186.103.159.182 - - [12/Mar/2018:10:47:32 -0300] "POST /cormun/servlet/hlogin?b410a89f6ae6784b342387fb9f4bb2cb,gx-no-cache=1520862346113 HTTP/1.1" 200 90
186.103.159.182 - - [12/Mar/2018:10:47:33 -0300] "GET /cormun/servlet/hpexe_link HTTP/1.1" 200 955
186.103.159.182 - - [12/Mar/2018:10:47:33 -0300] "GET /cormun/servlet/trsolicitudot HTTP/1.1" 200 7292
186.103.159.182 - - [12/Mar/2018:10:47:34 -0300] "GET /cormun/servlet/trsolicitudot HTTP/1.1" 200 7291
192.168.10.50 - - [12/Mar/2018:10:47:34 -0300] "GET /cormun/servlet/solicitudgral?UPD,2018,10040, HTTP/1.1" 200 12889
192.168.10.50 - - [12/Mar/2018:10:47:34 -0300] "GET /cormun/static/gxcfg.js?20181911354237 HTTP/1.1" 304 -
192.168.10.50 - - [12/Mar/2018:10:47:34 -0300] "GET /cormun/static/solicitudgral.js?20181911354326 HTTP/1.1" 304 -
192.168.10.50 - - [12/Mar/2018:10:47:34 -0300] "GET /cormun/servlet/solicitudgral?UPD,2018,10040, HTTP/1.1" 200 12899
192.168.10.50 - - [12/Mar/2018:10:47:35 -0300] "POST /cormun/servlet/solicitudgral?gx-no-cache=1520862292117 HTTP/1.1" 200 3901
192.168.10.50 - - [12/Mar/2018:10:47:35 -0300] "GET /cormun/servlet/solicitudgral?1c5a4a0eb616387a50d414995b4e0fb6e61831f570b033661b71ac040a0880327c303509d0e17a5a171422c89f87353327dfa0406ac426b310b8212921f51b58bb8e16e8b78ca0ad9c4227b3e70d433542e00fc28ea52976e30628da6d417305110e942aa9b4e2ca69a2c87aaff6b03ca04f2fc1c1f2bdad28e645895c5f70be102d11974011c18b18418a5c0357cce84fbd3b38bdc5e5b9638f4d05801bc636e3e17d341f2fd64ba78213bc30d1c351e6d24746306324d03224cbd4624e99c6e193d842a3a5905a456ff7aa998469839002f8012790190c22821c009c0fc475fd0b5fc1666031a46ab9175336beb04ef8c75c138a150b98ee82307d8b650a64218d736dfaa40ad1489a01e45d28a43ecb49642ac0c2a46d20ff2bac204b035093182321bb88160550779295f21e45d5d11febd45aa4530ed8cdc59d8e4d85656256fd24a1ac8f28bb76e320cd75f6a1,gx-no-cache=1520862292234 HTTP/1.1" 200 255
186.103.159.182 - - [12/Mar/2018:10:47:37 -0300] "GET /cormun/static/menuarrow.gif HTTP/1.1" 404 1015
186.79.174.79 - - [12/Mar/2018:10:47:39 -0300] "GET /cormun/servlet/hlogin HTTP/1.1" 200 1718
186.79.174.79 - - [12/Mar/2018:10:47:39 -0300] "GET /cormun/static/gxtimezone.js?85251 HTTP/1.1" 304 -
186.79.174.79 - - [12/Mar/2018:10:47:39 -0300] "GET /cormun/static/gxcfg.js?20175251213516 HTTP/1.1" 304 -
186.79.174.79 - - [12/Mar/2018:10:47:39 -0300] "GET /cormun/static/messages.spa.js?85251 HTTP/1.1" 304 -
186.79.174.79 - - [12/Mar/2018:10:47:40 -0300] "GET /cormun/servlet/hlogin HTTP/1.1" 200 1729
186.79.174.79 - - [12/Mar/2018:10:47:41 -0300] "POST /cormun/servlet/hlogin?bbc4c7df6b7eb73a39a5198ed35af67f,gx-no-cache=1520862411861 HTTP/1.1" 200 90
186.79.174.79 - - [12/Mar/2018:10:47:41 -0300] "GET /cormun/servlet/hpexe_link HTTP/1.1" 200 951
186.79.174.79 - - [12/Mar/2018:10:47:41 -0300] "GET /cormun/static/gxcfg.js?20177612121792 HTTP/1.1" 304 -
186.79.174.79 - - [12/Mar/2018:10:47:42 -0300] "GET /cormun/servlet/hhome HTTP/1.1" 200 3930
186.79.174.79 - - [12/Mar/2018:10:47:42 -0300] "GET /cormun/static/gxcfg.js?20175251212442 HTTP/1.1" 304 -
192.168.10.50 - - [12/Mar/2018:10:47:42 -0300] "GET /cormun/servlet/solicitudgral?1c5a4a0eb616387a50d414995b4e0fb65ce861ea7a15dec23e67812b2732806ddb6dde6da4ed67306e04270bc6594e8d11d8099036139714f0e779ce915ab493455e3a29ba55ba4ea1b129564113d4c1eb852ea27cada2e3bc7e6890ef213b671380f75d9bffe77162bc6e2b60e72887b4c6ce6d4a60f5d7f559baeb02e6a4c0c0a9603ea71a81f60623e65849b77b85c57271954a0ee8c9c5cb946700ced7cd399537cf80fbde952b9750fbc119f273d00c2d324c302780847e9972a7c310d14cbce45e602e2a901e981f8c8dc4e4533d7fab3d04a2618bbd4e2ebc93db204415bf02beb445d761fec29f2b0074a93f3fea39cd0510311c568ce7fd64bafb9a3a0a27b11d1f466e366a727b20b14ef9f04f6ea2c792a5c5f6655b76c94d7a6fed15ce4b8b0324100a5b02f70d3ee70ab32f04e7623f7db9de4a1d091936ab186557ac11309847d5bb4b6e6d36676a2bec2cb300159c870b39973cdace4b72e0f84d609cb053984a9b892a4a0c647f6898610ee7833d8ce312cf9a63baaea932ed03d0a74e46a64e0efed8463f4b7b5524689486e34124422b5a9a3b2861c16edcce7b9e6a8b4cf00c0cdfa21e93e4ce,gx-no-cache=1520862299790 HTTP/1.1" 200 48
186.79.174.79 - - [12/Mar/2018:10:47:43 -0300] "GET /cormun/servlet/hhome HTTP/1.1" 200 3927
186.79.174.79 - - [12/Mar/2018:10:47:45 -0300] "GET /cormun/servlet/trsolicitudot? HTTP/1.1" 200 7139
186.79.174.79 - - [12/Mar/2018:10:47:45 -0300] "GET /cormun/static/gxcfg.js?2017111422585916 HTTP/1.1" 304 -
186.79.174.79 - - [12/Mar/2018:10:47:45 -0300] "GET /cormun/static/calendar.js?85251 HTTP/1.1" 304 -
186.79.174.79 - - [12/Mar/2018:10:47:45 -0300] "GET /cormun/static/calendar-setup.js?85251 HTTP/1.1" 304 -
186.79.174.79 - - [12/Mar/2018:10:47:45 -0300] "GET /cormun/static/calendar-es.js?85251 HTTP/1.1" 304 -
186.79.174.79 - - [12/Mar/2018:10:47:45 -0300] "GET /cormun/static/gxdec.js?85251 HTTP/1.1" 304 -
186.79.174.79 - - [12/Mar/2018:10:47:46 -0300] "GET /cormun/static/trsolicitudot.js?201711142259839 HTTP/1.1" 304 -
186.103.159.182 - - [12/Mar/2018:10:47:46 -0300] "POST /cormun/servlet/trsolicitudot?b410a89f6ae6784b342387fb9f4bb2cb,gx-no-cache=1520862359816 HTTP/1.1" 200 4206
186.79.174.79 - - [12/Mar/2018:10:47:46 -0300] "GET /cormun/servlet/trsolicitudot? HTTP/1.1" 200 7138
192.168.10.50 - - [12/Mar/2018:10:47:48 -0300] "POST /cormun/servlet/solicitudgral?46182a646722e3b4887b4ae9aea482ba,UPD,2018,10040,,gx-no-cache=1520862305289 HTTP/1.1" 200 11796
192.168.10.50 - - [12/Mar/2018:10:47:48 -0300] "GET /cormun/servlet/solicitudgral?1c5a4a0eb616387a50d414995b4e0fb6ed00164fa3868a10c87d35ed8280f5ade579fdff7fd17619ddd60b1ea5cd98a38845dc09daba2245db106737c0300702ab15c3a05aaa5176dc6b954aa97ecbe7f77ac2b6e2e8d36b913bec955339adfdd9c8dee9873991655116dcb35e1741f527e7c8098730af08ae46a94a089cdf204f0c107f5c3b739ff938f31bf228b8dda5f0f1bb6a39d60cc4128d4f710cf69f,gx-no-cache=1520862305456 HTTP/1.1" 200 29
192.168.10.50 - - [12/Mar/2018:10:47:48 -0300] "POST /cormun/servlet/solicitudgral?gx-no-cache=1520862305475 HTTP/1.1" 200 1295
192.168.10.50 - - [12/Mar/2018:10:47:48 -0300] "POST /cormun/servlet/solicitudgral?gx-no-cache=1520862305503 HTTP/1.1" 200 1219
192.168.10.50 - - [12/Mar/2018:10:47:48 -0300] "POST /cormun/servlet/solicitudgral?46182a646722e3b4887b4ae9aea482ba,UPD,2018,10040,,gx-no-cache=1520862305534 HTTP/1.1" 200 93
192.168.10.50 - - [12/Mar/2018:10:47:48 -0300] "GET /cormun/servlet/hpexe_return? HTTP/1.1" 200 1006
192.168.10.50 - - [12/Mar/2018:10:47:48 -0300] "GET /cormun/static/gxcfg.js?2016101716175148 HTTP/1.1" 304 -
192.168.10.50 - - [12/Mar/2018:10:47:49 -0300] "GET /cormun/servlet/trsolicitudgral? HTTP/1.1" 200 11758
192.168.10.50 - - [12/Mar/2018:10:47:49 -0300] "GET /cormun/servlet/trsolicitudgral? HTTP/1.1" 200 11754
186.103.159.182 - - [12/Mar/2018:10:47:52 -0300] "POST /cormun/servlet/trsolicitudot?b410a89f6ae6784b342387fb9f4bb2cb,gx-no-cache=1520862364826 HTTP/1.1" 200 6265
192.168.10.50 - - [12/Mar/2018:10:47:59 -0300] "POST /cormun/servlet/trsolicitudgral?46182a646722e3b4887b4ae9aea482ba,,gx-no-cache=1520862316306 HTTP/1.1" 200 8456
186.79.174.79 - - [12/Mar/2018:10:47:59 -0300] "GET /cormun/servlet/solicitudot?INS,0,0, HTTP/1.1" 200 13380
192.168.10.50 - - [12/Mar/2018:10:47:59 -0300] "GET /cormun/static/Shared/jqueryui/images/ui-bg_highlight-soft_100_c6c2c8_1x100.png HTTP/1.1" 404 1117
192.168.10.50 - - [12/Mar/2018:10:47:59 -0300] "GET /cormun/static/Shared/jqueryui/images/ui-icons_82798d_256x240.png HTTP/1.1" 404 1089
192.168.10.50 - - [12/Mar/2018:10:47:59 -0300] "GET /cormun/static/Shared/jqueryui/images/ui-bg_flat_55_fafafa_40x100.png HTTP/1.1" 404 1097
192.168.10.50 - - [12/Mar/2018:10:47:59 -0300] "GET /cormun/static/Shared/jqueryui/images/ui-icons_8d78a5_256x240.png HTTP/1.1" 404 1089
186.79.174.79 - - [12/Mar/2018:10:47:59 -0300] "GET /cormun/static/gxcfg.js?201812313224582 HTTP/1.1" 304 -
186.79.174.79 - - [12/Mar/2018:10:47:59 -0300] "GET /cormun/static/solicitudot.js?201812313224831 HTTP/1.1" 304 -
186.79.174.79 - - [12/Mar/2018:10:48:00 -0300] "GET /cormun/servlet/solicitudot?INS,0,0, HTTP/1.1" 200 13385
186.79.174.79 - - [12/Mar/2018:10:48:17 -0300] "POST /cormun/servlet/solicitudot?gx-no-cache=1520862447028 HTTP/1.1" 200 3284
186.79.174.79 - - [12/Mar/2018:10:48:18 -0300] "POST /cormun/servlet/solicitudot?bbc4c7df6b7eb73a39a5198ed35af67f,INS,0,0,,gx-no-cache=1520862447647 HTTP/1.1" 200 10246
186.79.174.79 - - [12/Mar/2018:10:48:21 -0300] "GET /cormun/servlet/solicitudot?d2b85e2ea5760ca9e2d936cba8dd94dafab545d857a3982cc5adb24e08a16917785c7391b4819f5e6cf89420825c9e22,gx-no-cache=1520862452212 HTTP/1.1" 200 30
186.103.159.182 - - [12/Mar/2018:10:48:37 -0300] "POST /cormun/servlet/trsolicitudot?b410a89f6ae6784b342387fb9f4bb2cb,gx-no-cache=1520862410149 HTTP/1.1" 200 4210
186.103.159.182 - - [12/Mar/2018:10:48:46 -0300] "POST /cormun/servlet/trsolicitudot?b410a89f6ae6784b342387fb9f4bb2cb,gx-no-cache=1520862420117 HTTP/1.1" 200 4211
186.103.159.182 - - [12/Mar/2018:10:48:53 -0300] "POST /cormun/servlet/trsolicitudot?b410a89f6ae6784b342387fb9f4bb2cb,gx-no-cache=1520862426975 HTTP/1.1" 200 5992
192.168.10.50 - - [12/Mar/2018:10:49:18 -0300] "POST /cormun/servlet/trsolicitudgral?46182a646722e3b4887b4ae9aea482ba,,gx-no-cache=1520862395263 HTTP/1.1" 200 7311
186.79.174.79 - - [12/Mar/2018:10:49:19 -0300] "GET /cormun/servlet/solicitudot?d2b85e2ea5760ca9e2d936cba8dd94dabec35f1506d920ee20ca4fcf2b29a21a,gx-no-cache=1520862509339 HTTP/1.1" 200 94
186.79.174.79 - - [12/Mar/2018:10:49:19 -0300] "GET /cormun/static/Shared/jqueryui/images/ui-bg_highlight-soft_100_c6c2c8_1x100.png HTTP/1.1" 404 1117
186.79.174.79 - - [12/Mar/2018:10:49:19 -0300] "GET /cormun/static/Shared/jqueryui/images/ui-icons_82798d_256x240.png HTTP/1.1" 404 1089
186.79.174.79 - - [12/Mar/2018:10:49:19 -0300] "GET /cormun/static/Shared/jqueryui/images/ui-bg_flat_55_994d53_40x100.png HTTP/1.1" 404 1097
186.79.174.79 - - [12/Mar/2018:10:49:19 -0300] "GET /cormun/static/Shared/jqueryui/images/ui-icons_ebccce_256x240.png HTTP/1.1" 404 1089
192.168.10.50 - - [12/Mar/2018:10:49:25 -0300] "POST /cormun/servlet/trsolicitudgral?46182a646722e3b4887b4ae9aea482ba,,gx-no-cache=1520862402515 HTTP/1.1" 200 10406
192.168.10.50 - - [12/Mar/2018:10:49:34 -0300] "POST /cormun/servlet/trsolicitudgral?46182a646722e3b4887b4ae9aea482ba,,gx-no-cache=1520862410852 HTTP/1.1" 200 105
192.168.10.50 - - [12/Mar/2018:10:49:34 -0300] "GET /cormun/SolicitudGral-7303.xls HTTP/1.1" 200 9216
186.103.159.182 - - [12/Mar/2018:10:49:39 -0300] "POST /cormun/servlet/trsolicitudot?b410a89f6ae6784b342387fb9f4bb2cb,gx-no-cache=1520862472121 HTTP/1.1" 200 5637
186.79.174.79 - - [12/Mar/2018:10:49:55 -0300] "GET /cormun/servlet/solicitudot?d2b85e2ea5760ca9e2d936cba8dd94da643c0eb75ef4dbc444376755b6e5c0e6,gx-no-cache=1520862545883 HTTP/1.1" 200 53
186.103.159.182 - - [12/Mar/2018:10:50:11 -0300] "GET /cormun/servlet/vesolicitudot?2018,8672,, HTTP/1.1" 200 8655
186.103.159.182 - - [12/Mar/2018:10:50:11 -0300] "GET /cormun/static/gxcfg.js?2017111422591385 HTTP/1.1" 304 -
186.103.159.182 - - [12/Mar/2018:10:50:11 -0300] "GET /cormun/pexe_scrolldiv.js HTTP/1.1" 404 1009
186.103.159.182 - - [12/Mar/2018:10:50:12 -0300] "GET /cormun/servlet/vesolicitudot?2018,8672,, HTTP/1.1" 200 8655
186.103.159.182 - - [12/Mar/2018:10:50:18 -0300] "POST /cormun/servlet/vesolicitudot?b410a89f6ae6784b342387fb9f4bb2cb,2018,8672,,,gx-no-cache=1520862510751 HTTP/1.1" 200 93
186.103.159.182 - - [12/Mar/2018:10:50:18 -0300] "GET /cormun/servlet/hpexe_return? HTTP/1.1" 200 1029
186.103.159.182 - - [12/Mar/2018:10:50:18 -0300] "GET /cormun/servlet/trsolicitudot?gx-no-cache=1520862472121 HTTP/1.1" 200 8736
186.103.159.182 - - [12/Mar/2018:10:50:19 -0300] "GET /cormun/servlet/trsolicitudot?gx-no-cache=1520862472121 HTTP/1.1" 200 8753
186.79.174.79 - - [12/Mar/2018:10:50:19 -0300] "GET /cormun/servlet/prbanco?,MD,,gxPopupLevel%3D0%3B HTTP/1.1" 200 6558
186.79.174.79 - - [12/Mar/2018:10:50:20 -0300] "GET /cormun/static/gxcfg.js?20181161016094 HTTP/1.1" 304 -
186.79.174.79 - - [12/Mar/2018:10:50:57 -0300] "POST /cormun/servlet/solicitudot?gx-no-cache=1520862607647 HTTP/1.1" 200 297
186.79.174.79 - - [12/Mar/2018:10:50:57 -0300] "GET /cormun/servlet/solicitudot?d2b85e2ea5760ca9e2d936cba8dd94dad9c03ca81065f382ef0d46e92bba4370dab2454c5c2b26f5c8309137cd700b869ce906c570e355a2c202904c9acd31c2fc312d15e20acdc7fa3131713a5e974f75cf41bfaca105bbf4bd703c6ef19ef81d0d93f84bf2a7d126bbf29f23c1f58bf0cd6b2085d2c0027c615a33b37837ea9e564afb838f52b46af1fdbac36d2dee196e4b56953d9d696275cbdeb1f05b772e6bb76d0df21e22d6200629d6e8e9854b520e8cdb8084dbdc63eee89180c8c7c7e9ea8db131ff480f2742408ece457efa38c62898b39f8410447727a5866a6831120bc1252fe18323f516538496ba6b75ba5ecb07ea91d135f007176ca6d36c2ff8c5b16ea807536782c94c2bb278ac12e8339c36490e196e992e38c91ee77cf609b1e64928ed98566590ce514f7e99cc0b44d8942fc1544cd6d52278c5e22244c21d04270104601a8ac946548e0aa3676c9d20c9e7c5706a2a21255468b1288ba1f6b12a42321b401513374c16874e2969bbec97ea7647465e6caf858f200016005687bc86e70959887678b6f983bb,gx-no-cache=1520862607905 HTTP/1.1" 200 30
186.79.174.79 - - [12/Mar/2018:10:51:00 -0300] "POST /cormun/servlet/solicitudot?gx-no-cache=1520862610782 HTTP/1.1" 200 30
186.79.174.79 - - [12/Mar/2018:10:51:03 -0300] "POST /cormun/servlet/solicitudot?gx-no-cache=1520862613259 HTTP/1.1" 200 1333
186.79.174.79 - - [12/Mar/2018:10:51:03 -0300] "POST /cormun/servlet/solicitudot?gx-no-cache=1520862613560 HTTP/1.1" 200 38
186.79.174.79 - - [12/Mar/2018:10:51:22 -0300] "GET /cormun/servlet/solicitudot?d2b85e2ea5760ca9e2d936cba8dd94da4a6d6d0b377be02aad1c51c2e3704503bdc0b0c6cce2f50a1ffa356abd314d09c3392beea7e9b8bbb3138be44a22d9263016a9f25516b9d57a51366940f1ebc03976e9d26951116d479b464b1988c39ea7dd9528ac12d8dec60523b7df672028,gx-no-cache=1520862632381 HTTP/1.1" 200 29
186.79.174.79 - - [12/Mar/2018:10:51:23 -0300] "POST /cormun/servlet/solicitudot?gx-no-cache=1520862632581 HTTP/1.1" 200 1318
186.79.174.79 - - [12/Mar/2018:10:51:23 -0300] "POST /cormun/servlet/solicitudot?gx-no-cache=1520862633500 HTTP/1.1" 200 1215
192.168.10.50 - - [12/Mar/2018:10:51:29 -0300] "GET /cormun/servlet/solicitudgral?UPD,2018,10032, HTTP/1.1" 200 12754
192.168.10.50 - - [12/Mar/2018:10:51:30 -0300] "GET /cormun/servlet/solicitudgral?UPD,2018,10032, HTTP/1.1" 200 12763
192.168.10.50 - - [12/Mar/2018:10:51:30 -0300] "POST /cormun/servlet/solicitudgral?gx-no-cache=1520862527724 HTTP/1.1" 200 3906
192.168.10.50 - - [12/Mar/2018:10:51:31 -0300] "GET /cormun/servlet/solicitudgral?1c5a4a0eb616387a50d414995b4e0fb6e61831f570b033661b71ac040a0880327c303509d0e17a5a171422c89f87353327dfa0406ac426b310b8212921f51b58bb8e16e8b78ca0ad9c4227b3e70d433542e00fc28ea52976e30628da6d417305110e942aa9b4e2ca69a2c87aaff6b03ca04f2fc1c1f2bdad28e645895c5f70be102d11974011c18b18418a5c0357cce84fbd3b38bdc5e5b9638f4d05801bc636e3e17d341f2fd64ba78213bc30d1c351e6d24746306324d03224cbd4624e99c6e193d842a3a5905a456ff7aa998469839002f8012790190c22821c009c0fc475fd0b5fc1666031a46ab9175336beb04ef8c75c138a150b98ee82307d8b650a64218d736dfaa40ad1489a01e45d28a43ecb49642ac0c2a46d20ff2bac204b035093182321bb88160550779295f21e45d5d11febd45aa4530ed8cdc59d8e4d85656256fd24a1ac8f28bb76e320cd75f6a1,gx-no-cache=1520862527903 HTTP/1.1" 200 255
192.168.10.50 - - [12/Mar/2018:10:51:31 -0300] "GET /cormun/servlet/solicitudgral?1c5a4a0eb616387a50d414995b4e0fb65ce861ea7a15dec23e67812b2732806ddb6dde6da4ed67306e04270bc6594e8d11d8099036139714f0e779ce915ab493455e3a29ba55ba4ea1b129564113d4c1eb852ea27cada2e3bc7e6890ef213b671380f75d9bffe77162bc6e2b60e72887b4c6ce6d4a60f5d7f559baeb02e6a4c0c0a9603ea71a81f60623e65849b77b85c57271954a0ee8c9c5cb946700ced7cd399537cf80fbde952b9750fbc119f273d00c2d324c302780847e9972a7c310d14cbce45e602e2a901e981f8c8dc4e4533d7fab3d04a2618bbd4e2ebc93db204415bf02beb445d761fec29f2b0074a93f3fea39cd0510311c568ce7fd64bafb9a3a0a27b11d1f466e366a727b20b14ef9f04f6ea2c792a5c5f6655b76c94d7a6fed15ce4b8b0324100a5b02f70d3ee70ab32f04e7623f7db9de4a1d091936ab186557ac11309847d5bb4b6e6d36676a2bec2cb300159c870b39973cdace4b72e0f84d609cb053984a9b892a4a0c647f6898610ee7833d8ce312cf9a63baaea932ed03d0a74e46a64e0efed8463f4b7b5524689486e34124422b5a9a3b2861c16edcce7b9e6a8b4cf00c0cdfa21e93e4ce,gx-no-cache=1520862528235 HTTP/1.1" 200 48
192.168.10.50 - - [12/Mar/2018:10:51:34 -0300] "POST /cormun/servlet/solicitudgral?46182a646722e3b4887b4ae9aea482ba,UPD,2018,10032,,gx-no-cache=1520862530851 HTTP/1.1" 200 11808
192.168.10.50 - - [12/Mar/2018:10:51:34 -0300] "GET /cormun/servlet/solicitudgral?1c5a4a0eb616387a50d414995b4e0fb6ed00164fa3868a10c87d35ed8280f5ade579fdff7fd17619ddd60b1ea5cd98a38845dc09daba2245db106737c0300702ab15c3a05aaa5176dc6b954aa97ecbe7f77ac2b6e2e8d36b913bec955339adfdd9c8dee9873991655116dcb35e1741f527e7c8098730af08ae46a94a089cdf204f0c107f5c3b739ff938f31bf228b8dda5f0f1bb6a39d60cc4128d4f710cf69f,gx-no-cache=1520862531040 HTTP/1.1" 200 29
192.168.10.50 - - [12/Mar/2018:10:51:34 -0300] "POST /cormun/servlet/solicitudgral?gx-no-cache=1520862531071 HTTP/1.1" 200 1295
192.168.10.50 - - [12/Mar/2018:10:51:34 -0300] "POST /cormun/servlet/solicitudgral?gx-no-cache=1520862531129 HTTP/1.1" 200 1219
192.168.10.50 - - [12/Mar/2018:10:51:34 -0300] "POST /cormun/servlet/solicitudgral?46182a646722e3b4887b4ae9aea482ba,UPD,2018,10032,,gx-no-cache=1520862531192 HTTP/1.1" 200 93
192.168.10.50 - - [12/Mar/2018:10:51:34 -0300] "GET /cormun/servlet/hpexe_return? HTTP/1.1" 200 1006
192.168.10.50 - - [12/Mar/2018:10:51:34 -0300] "GET /cormun/servlet/trsolicitudgral? HTTP/1.1" 200 13429
192.168.10.50 - - [12/Mar/2018:10:51:35 -0300] "GET /cormun/servlet/trsolicitudgral? HTTP/1.1" 200 13424
186.103.158.250 - - [12/Mar/2018:10:51:50 -0300] "GET /cormun/servlet/hlogin HTTP/1.1" 200 1722
186.103.159.182 - - [12/Mar/2018:10:51:52 -0300] "POST /cormun/servlet/trsolicitudot?b410a89f6ae6784b342387fb9f4bb2cb,gx-no-cache=1520862472121,gx-no-cache=1520862605225 HTTP/1.1" 200 4213
192.168.10.50 - - [12/Mar/2018:10:51:55 -0300] "POST /cormun/servlet/trsolicitudgral?46182a646722e3b4887b4ae9aea482ba,,gx-no-cache=1520862551825 HTTP/1.1" 200 10434
192.168.10.50 - - [12/Mar/2018:10:51:55 -0300] "GET /cormun/static/Shared/jqueryui/images/ui-bg_highlight-soft_100_c6c2c8_1x100.png HTTP/1.1" 404 1117
192.168.10.50 - - [12/Mar/2018:10:51:55 -0300] "GET /cormun/static/Shared/jqueryui/images/ui-icons_82798d_256x240.png HTTP/1.1" 404 1089
192.168.10.50 - - [12/Mar/2018:10:51:55 -0300] "GET /cormun/static/Shared/jqueryui/images/ui-bg_flat_55_fafafa_40x100.png HTTP/1.1" 404 1097
192.168.10.50 - - [12/Mar/2018:10:51:55 -0300] "GET /cormun/static/Shared/jqueryui/images/ui-icons_8d78a5_256x240.png HTTP/1.1" 404 1089
186.103.159.182 - - [12/Mar/2018:10:51:57 -0300] "POST /cormun/servlet/trsolicitudot?b410a89f6ae6784b342387fb9f4bb2cb,gx-no-cache=1520862472121,gx-no-cache=1520862611067 HTTP/1.1" 200 4213
192.168.10.50 - - [12/Mar/2018:10:51:59 -0300] "POST /cormun/servlet/trsolicitudgral?46182a646722e3b4887b4ae9aea482ba,,gx-no-cache=1520862555546 HTTP/1.1" 200 104
192.168.10.50 - - [12/Mar/2018:10:51:59 -0300] "GET /cormun/SolicitudGral-247.xls HTTP/1.1" 200 9216
186.103.159.182 - - [12/Mar/2018:10:52:01 -0300] "POST /cormun/servlet/trsolicitudot?b410a89f6ae6784b342387fb9f4bb2cb,gx-no-cache=1520862472121,gx-no-cache=1520862614799 HTTP/1.1" 200 5662
186.103.158.250 - - [12/Mar/2018:10:52:04 -0300] "POST /cormun/servlet/hlogin?ee40f8af1f2b7d9eabbc0a382105e6b7,gx-no-cache=1520862481560 HTTP/1.1" 200 90
186.103.158.250 - - [12/Mar/2018:10:52:04 -0300] "GET /cormun/servlet/hpexe_link HTTP/1.1" 200 954
186.103.158.250 - - [12/Mar/2018:10:52:04 -0300] "GET /cormun/servlet/hhome HTTP/1.1" 200 3972
186.103.158.250 - - [12/Mar/2018:10:52:06 -0300] "GET /cormun/servlet/hhome HTTP/1.1" 200 3970
186.79.174.79 - - [12/Mar/2018:10:52:14 -0300] "GET /cormun/servlet/solicitudot?d2b85e2ea5760ca9e2d936cba8dd94da3e35a0f6c9b432fd525299a3c7e66e0ac38d6070aec70057a7caae6c53204c1f,gx-no-cache=1520862684285 HTTP/1.1" 200 30
186.103.158.250 - - [12/Mar/2018:10:52:18 -0300] "GET /cormun/servlet/trlicencias? HTTP/1.1" 200 9137
186.79.174.79 - - [12/Mar/2018:10:52:22 -0300] "POST /cormun/servlet/solicitudot?gx-no-cache=1520862692611 HTTP/1.1" 200 30
186.103.158.250 - - [12/Mar/2018:10:52:26 -0300] "GET /cormun/servlet/trlicencias? HTTP/1.1" 200 9135
186.103.158.250 - - [12/Mar/2018:10:52:29 -0300] "GET /cormun/servlet/trlicenciaspermisosadjuntos?17136773,20180312000000,L, HTTP/1.1" 200 6326
186.103.158.250 - - [12/Mar/2018:10:52:30 -0300] "GET /cormun/servlet/trlicenciaspermisosadjuntos?17136773,20180312000000,L, HTTP/1.1" 200 6326
186.103.158.250 - - [12/Mar/2018:10:52:42 -0300] "GET /cormun/servlet/licenciaspermisosadjuntos?INS,17136773,L,20180312000000,, HTTP/1.1" 200 5617
186.103.158.250 - - [12/Mar/2018:10:52:43 -0300] "GET /cormun/static/gxcfg.js?2017761263592 HTTP/1.1" 304 -
186.103.158.250 - - [12/Mar/2018:10:52:43 -0300] "GET /cormun/static/about:blank HTTP/1.1" 404 1011
186.103.158.250 - - [12/Mar/2018:10:52:43 -0300] "GET /cormun/servlet/licenciaspermisosadjuntos?INS,17136773,L,20180312000000,, HTTP/1.1" 200 5608
186.103.159.182 - - [12/Mar/2018:10:52:46 -0300] "POST /cormun/servlet/trsolicitudot?b410a89f6ae6784b342387fb9f4bb2cb,gx-no-cache=1520862472121,gx-no-cache=1520862658627 HTTP/1.1" 200 5679
186.79.174.79 - - [12/Mar/2018:10:52:48 -0300] "POST /cormun/servlet/solicitudot?bbc4c7df6b7eb73a39a5198ed35af67f,INS,0,0,,gx-no-cache=1520862717354 HTTP/1.1" 200 11738
186.103.159.182 - - [12/Mar/2018:10:53:28 -0300] "POST /cormun/servlet/trsolicitudot?b410a89f6ae6784b342387fb9f4bb2cb,gx-no-cache=1520862472121,gx-no-cache=1520862700735 HTTP/1.1" 200 4221
186.103.159.182 - - [12/Mar/2018:10:53:32 -0300] "POST /cormun/servlet/trsolicitudot?b410a89f6ae6784b342387fb9f4bb2cb,gx-no-cache=1520862472121,gx-no-cache=1520862705696 HTTP/1.1" 200 5956
186.79.174.79 - - [12/Mar/2018:10:53:47 -0300] "GET /cormun/servlet/solicitudot?d2b85e2ea5760ca9e2d936cba8dd94da6a4de7a87120af39089b75e41f1cdc6547578e02a073ab67bb95d538ceae4f077beb6657d6de038b966808b14ce3e23c,gx-no-cache=1520862778093 HTTP/1.1" 200 30
186.79.174.79 - - [12/Mar/2018:10:53:48 -0300] "GET /cormun/servlet/solicitudot?d2b85e2ea5760ca9e2d936cba8dd94dad9c03ca81065f382ef0d46e92bba4370dab2454c5c2b26f5c8309137cd700b869ce906c570e355a2c202904c9acd31c2fc312d15e20acdc7fa3131713a5e974f75cf41bfaca105bbf4bd703c6ef19ef81d0d93f84bf2a7d126bbf29f23c1f58bf0cd6b2085d2c0027c615a33b37837ea9e564afb838f52b46af1fdbac36d2dee196e4b56953d9d696275cbdeb1f05b772e6bb76d0df21e22d6200629d6e8e9854b520e8cdb8084dbdc63eee89180c8c7c7e9ea8db131ff480f2742408ece457efa38c62898b39f8410447727a5866a6831120bc1252fe18323f516538496ba6b75ba5ecb07ea91d135f007176ca6d36c2ff8c5b16ea807536782c94c2bb278ac12e8339c36490e196e992e38c91ee77cf609b1e64928ed98566590ce514f7e99cc0b44d8942fc1544cd6d52278c5e22244c21d04270104601a8ac946548e0aa3676c9d20c9e7c5706a2a21255468b1288ba1f6b12a42321b401513374c16874e5ae39f8a1d87c2a7bddbaadae517f2d816005687bc86e70959887678b6f983bb,gx-no-cache=1520862778412 HTTP/1.1" 200 30
186.79.174.79 - - [12/Mar/2018:10:53:48 -0300] "POST /cormun/servlet/solicitudot?gx-no-cache=1520862778633 HTTP/1.1" 200 30
186.79.174.79 - - [12/Mar/2018:10:53:48 -0300] "POST /cormun/servlet/solicitudot?gx-no-cache=1520862778878 HTTP/1.1" 200 1334
186.79.174.79 - - [12/Mar/2018:10:53:48 -0300] "POST /cormun/servlet/solicitudot?gx-no-cache=1520862779238 HTTP/1.1" 200 41
186.79.174.79 - - [12/Mar/2018:10:53:49 -0300] "POST /cormun/servlet/solicitudot?gx-no-cache=1520862779408 HTTP/1.1" 200 1318
186.79.174.79 - - [12/Mar/2018:10:53:50 -0300] "POST /cormun/servlet/solicitudot?gx-no-cache=1520862780267 HTTP/1.1" 200 1218
186.79.174.79 - - [12/Mar/2018:10:53:50 -0300] "GET /cormun/servlet/solicitudot?d2b85e2ea5760ca9e2d936cba8dd94da3e35a0f6c9b432fd525299a3c7e66e0ac38d6070aec70057a7caae6c53204c1f,gx-no-cache=1520862780692 HTTP/1.1" 200 30
186.79.174.79 - - [12/Mar/2018:10:53:50 -0300] "POST /cormun/servlet/solicitudot?gx-no-cache=1520862780918 HTTP/1.1" 200 30
186.79.174.79 - - [12/Mar/2018:10:53:51 -0300] "POST /cormun/servlet/solicitudot?bbc4c7df6b7eb73a39a5198ed35af67f,INS,0,0,,gx-no-cache=1520862781094 HTTP/1.1" 200 93
186.79.174.79 - - [12/Mar/2018:10:53:52 -0300] "GET /cormun/servlet/hpexe_return? HTTP/1.1" 200 1006
186.79.174.79 - - [12/Mar/2018:10:53:52 -0300] "GET /cormun/static/gxcfg.js?2016101716175148 HTTP/1.1" 304 -
186.79.174.79 - - [12/Mar/2018:10:53:52 -0300] "GET /cormun/servlet/trsolicitudot HTTP/1.1" 200 8518
186.79.174.79 - - [12/Mar/2018:10:53:53 -0300] "GET /cormun/servlet/trsolicitudot HTTP/1.1" 200 8514
186.103.159.182 - - [12/Mar/2018:10:54:40 -0300] "POST /cormun/servlet/trsolicitudot?b410a89f6ae6784b342387fb9f4bb2cb,gx-no-cache=1520862472121,gx-no-cache=1520862772911 HTTP/1.1" 200 5933
186.79.174.79 - - [12/Mar/2018:10:55:08 -0300] "POST /cormun/servlet/trsolicitudot?bbc4c7df6b7eb73a39a5198ed35af67f,gx-no-cache=1520862858227 HTTP/1.1" 200 107
186.79.174.79 - - [12/Mar/2018:10:55:08 -0300] "GET /cormun/servlet/trsolicitudadjuntos?2018,10401, HTTP/1.1" 200 6028
186.79.174.79 - - [12/Mar/2018:10:55:08 -0300] "GET /cormun/static/gxcfg.js?20177612135366 HTTP/1.1" 304 -
186.79.174.79 - - [12/Mar/2018:10:55:09 -0300] "GET /cormun/servlet/trsolicitudadjuntos?2018,10401, HTTP/1.1" 200 6028
186.79.174.79 - - [12/Mar/2018:10:55:13 -0300] "POST /cormun/servlet/trsolicitudadjuntos?bbc4c7df6b7eb73a39a5198ed35af67f,2018,10401,,gx-no-cache=1520862863414 HTTP/1.1" 200 3862
186.79.174.79 - - [12/Mar/2018:10:55:15 -0300] "GET /cormun/servlet/solicitudotadjuntos?INS,2018,10401,,1, HTTP/1.1" 200 5971
186.79.174.79 - - [12/Mar/2018:10:55:15 -0300] "GET /cormun/static/gxcfg.js?2017761244068 HTTP/1.1" 304 -
186.79.174.79 - - [12/Mar/2018:10:55:15 -0300] "GET /cormun/static/about:blank HTTP/1.1" 404 1011
186.79.174.79 - - [12/Mar/2018:10:55:16 -0300] "GET /cormun/servlet/solicitudotadjuntos?INS,2018,10401,,1, HTTP/1.1" 200 5964
186.79.174.79 - - [12/Mar/2018:10:55:16 -0300] "GET /cormun/servlet/solicitudotadjuntos?d2b85e2ea5760ca9e2d936cba8dd94da339cbd3f2087af4b1c80ec39dc2360ba94aa4705b005653f748163fd6d4414cc,gx-no-cache=1520862866900 HTTP/1.1" 200 30
186.79.174.79 - - [12/Mar/2018:10:55:17 -0300] "POST /cormun/servlet/solicitudotadjuntos?bbc4c7df6b7eb73a39a5198ed35af67f,INS,2018,10401,,1,,gx-no-cache=1520862867044 HTTP/1.1" 200 3791
186.103.159.182 - - [12/Mar/2018:10:55:31 -0300] "POST /cormun/servlet/trsolicitudot?b410a89f6ae6784b342387fb9f4bb2cb,gx-no-cache=1520862472121,gx-no-cache=1520862823523 HTTP/1.1" 200 5933
186.79.174.79 - - [12/Mar/2018:10:55:31 -0300] "POST /cormun/servlet/solicitudotadjuntos?gx-no-cache=1520862881876 HTTP/1.1" 200 26
186.103.159.182 - - [12/Mar/2018:10:55:35 -0300] "POST /cormun/servlet/trsolicitudot?b410a89f6ae6784b342387fb9f4bb2cb,gx-no-cache=1520862472121,gx-no-cache=1520862828175 HTTP/1.1" 200 5933
186.103.159.182 - - [12/Mar/2018:10:56:14 -0300] "POST /cormun/servlet/trsolicitudot?b410a89f6ae6784b342387fb9f4bb2cb,gx-no-cache=1520862472121,gx-no-cache=1520862867542 HTTP/1.1" 200 5643
186.79.174.79 - - [12/Mar/2018:10:56:33 -0300] "GET /cormun/servlet/solicitudotadjuntos?d2b85e2ea5760ca9e2d936cba8dd94da7f39f29d743b38027da73744be06bcc6,gx-no-cache=1520862943366 HTTP/1.1" 200 30
186.79.174.79 - - [12/Mar/2018:10:56:33 -0300] "GET /cormun/servlet/solicitudotadjuntos?d2b85e2ea5760ca9e2d936cba8dd94da7f39f29d743b38027da73744be06bcc6,gx-no-cache=1520862943620 HTTP/1.1" 200 30
186.79.174.79 - - [12/Mar/2018:10:56:41 -0300] "POST /cormun/servlet/solicitudotadjuntos?bbc4c7df6b7eb73a39a5198ed35af67f,INS,2018,10401,,1, HTTP/1.1" 200 116
186.79.174.79 - - [12/Mar/2018:10:56:41 -0300] "GET /cormun/servlet/hpexe_return? HTTP/1.1" 200 1025
186.79.174.79 - - [12/Mar/2018:10:56:41 -0300] "GET /cormun/servlet/trsolicitudadjuntos?2018,10401, HTTP/1.1" 200 8422
186.79.174.79 - - [12/Mar/2018:10:56:42 -0300] "GET /cormun/servlet/trsolicitudadjuntos?2018,10401, HTTP/1.1" 200 8418
186.79.174.79 - - [12/Mar/2018:10:56:45 -0300] "GET /cormun/servlet/solicitudotadjuntos?INS,2018,10401,,1, HTTP/1.1" 200 5972
186.79.174.79 - - [12/Mar/2018:10:56:45 -0300] "GET /cormun/static/about:blank HTTP/1.1" 404 1011
186.79.174.79 - - [12/Mar/2018:10:56:46 -0300] "GET /cormun/servlet/solicitudotadjuntos?INS,2018,10401,,1, HTTP/1.1" 200 5965
186.79.174.79 - - [12/Mar/2018:10:56:46 -0300] "GET /cormun/servlet/solicitudotadjuntos?d2b85e2ea5760ca9e2d936cba8dd94da339cbd3f2087af4b1c80ec39dc2360ba94aa4705b005653f748163fd6d4414cc,gx-no-cache=1520862956881 HTTP/1.1" 200 30
186.79.174.79 - - [12/Mar/2018:10:56:47 -0300] "POST /cormun/servlet/solicitudotadjuntos?bbc4c7df6b7eb73a39a5198ed35af67f,INS,2018,10401,,1,,gx-no-cache=1520862957110 HTTP/1.1" 200 3793
186.79.174.79 - - [12/Mar/2018:10:56:52 -0300] "POST /cormun/servlet/solicitudotadjuntos?gx-no-cache=1520862962799 HTTP/1.1" 200 26
186.103.159.182 - - [12/Mar/2018:10:56:57 -0300] "POST /cormun/servlet/trsolicitudot?b410a89f6ae6784b342387fb9f4bb2cb,gx-no-cache=1520862472121,gx-no-cache=1520862910219 HTTP/1.1" 200 5672
186.79.174.79 - - [12/Mar/2018:10:56:59 -0300] "GET /cormun/servlet/solicitudotadjuntos?d2b85e2ea5760ca9e2d936cba8dd94da7f39f29d743b38027da73744be06bcc6,gx-no-cache=1520862970232 HTTP/1.1" 200 30
186.79.174.79 - - [12/Mar/2018:10:57:00 -0300] "GET /cormun/servlet/solicitudotadjuntos?d2b85e2ea5760ca9e2d936cba8dd94da7f39f29d743b38027da73744be06bcc6,gx-no-cache=1520862970409 HTTP/1.1" 200 30
200.120.230.197 - - [12/Mar/2018:10:57:00 -0300] "GET /cormun/servlet/hlogin HTTP/1.1" 200 1717
186.79.174.79 - - [12/Mar/2018:10:57:11 -0300] "POST /cormun/servlet/solicitudotadjuntos?bbc4c7df6b7eb73a39a5198ed35af67f,INS,2018,10401,,1, HTTP/1.1" 200 116
186.79.174.79 - - [12/Mar/2018:10:57:11 -0300] "GET /cormun/servlet/hpexe_return? HTTP/1.1" 200 1025
186.79.174.79 - - [12/Mar/2018:10:57:12 -0300] "GET /cormun/servlet/trsolicitudadjuntos?2018,10401, HTTP/1.1" 200 8660
186.79.174.79 - - [12/Mar/2018:10:57:13 -0300] "GET /cormun/servlet/trsolicitudadjuntos?2018,10401, HTTP/1.1" 200 8657
200.120.230.197 - - [12/Mar/2018:10:57:13 -0300] "POST /cormun/servlet/hlogin?f0925c05e8de6c40bda8585b1a132fe2,gx-no-cache=1520862988347 HTTP/1.1" 200 90
200.120.230.197 - - [12/Mar/2018:10:57:13 -0300] "GET /cormun/servlet/hpexe_link HTTP/1.1" 200 948
200.120.230.197 - - [12/Mar/2018:10:57:14 -0300] "GET /cormun/servlet/hhome HTTP/1.1" 200 4225
200.120.230.197 - - [12/Mar/2018:10:57:15 -0300] "GET /cormun/servlet/hhome HTTP/1.1" 200 4221
186.79.174.79 - - [12/Mar/2018:10:57:16 -0300] "GET /cormun/servlet/solicitudotadjuntos?INS,2018,10401,,1, HTTP/1.1" 200 5972
186.79.174.79 - - [12/Mar/2018:10:57:16 -0300] "GET /cormun/static/about:blank HTTP/1.1" 404 1011
186.79.174.79 - - [12/Mar/2018:10:57:17 -0300] "GET /cormun/servlet/solicitudotadjuntos?INS,2018,10401,,1, HTTP/1.1" 200 5965
186.79.174.79 - - [12/Mar/2018:10:57:17 -0300] "GET /cormun/servlet/solicitudotadjuntos?d2b85e2ea5760ca9e2d936cba8dd94da339cbd3f2087af4b1c80ec39dc2360ba94aa4705b005653f748163fd6d4414cc,gx-no-cache=1520862987754 HTTP/1.1" 200 30
200.120.230.197 - - [12/Mar/2018:10:57:18 -0300] "GET /cormun/servlet/trsolicitudot? HTTP/1.1" 200 8837
186.79.174.79 - - [12/Mar/2018:10:57:20 -0300] "POST /cormun/servlet/solicitudotadjuntos?bbc4c7df6b7eb73a39a5198ed35af67f,INS,2018,10401,,1,,gx-no-cache=1520862987890 HTTP/1.1" 200 3793
200.120.230.197 - - [12/Mar/2018:10:57:20 -0300] "GET /cormun/servlet/trsolicitudot? HTTP/1.1" 200 8835
186.79.174.79 - - [12/Mar/2018:10:57:23 -0300] "POST /cormun/servlet/solicitudotadjuntos?gx-no-cache=1520862993734 HTTP/1.1" 200 26
186.79.174.79 - - [12/Mar/2018:10:57:29 -0300] "GET /cormun/servlet/solicitudotadjuntos?d2b85e2ea5760ca9e2d936cba8dd94da7f39f29d743b38027da73744be06bcc6,gx-no-cache=1520862999802 HTTP/1.1" 200 30
186.79.174.79 - - [12/Mar/2018:10:57:29 -0300] "GET /cormun/servlet/solicitudotadjuntos?d2b85e2ea5760ca9e2d936cba8dd94da7f39f29d743b38027da73744be06bcc6,gx-no-cache=1520862999911 HTTP/1.1" 200 30
186.79.174.79 - - [12/Mar/2018:10:57:38 -0300] "POST /cormun/servlet/solicitudotadjuntos?bbc4c7df6b7eb73a39a5198ed35af67f,INS,2018,10401,,1, HTTP/1.1" 200 116
186.79.174.79 - - [12/Mar/2018:10:57:38 -0300] "GET /cormun/servlet/hpexe_return? HTTP/1.1" 200 1025
186.79.174.79 - - [12/Mar/2018:10:57:38 -0300] "GET /cormun/servlet/trsolicitudadjuntos?2018,10401, HTTP/1.1" 200 8841
186.79.174.79 - - [12/Mar/2018:10:57:39 -0300] "GET /cormun/servlet/trsolicitudadjuntos?2018,10401, HTTP/1.1" 200 8837
186.79.174.79 - - [12/Mar/2018:10:57:44 -0300] "GET /cormun/servlet/solicitudotadjuntos?INS,2018,10401,,1, HTTP/1.1" 200 5972
186.79.174.79 - - [12/Mar/2018:10:57:45 -0300] "GET /cormun/static/about:blank HTTP/1.1" 404 1011
186.79.174.79 - - [12/Mar/2018:10:57:45 -0300] "GET /cormun/servlet/solicitudotadjuntos?INS,2018,10401,,1, HTTP/1.1" 200 5965
186.79.174.79 - - [12/Mar/2018:10:57:45 -0300] "GET /cormun/servlet/solicitudotadjuntos?d2b85e2ea5760ca9e2d936cba8dd94da339cbd3f2087af4b1c80ec39dc2360ba94aa4705b005653f748163fd6d4414cc,gx-no-cache=1520863016096 HTTP/1.1" 200 30
186.79.174.79 - - [12/Mar/2018:10:57:46 -0300] "POST /cormun/servlet/solicitudotadjuntos?bbc4c7df6b7eb73a39a5198ed35af67f,INS,2018,10401,,1,,gx-no-cache=1520863016383 HTTP/1.1" 200 3793
186.103.159.182 - - [12/Mar/2018:10:57:50 -0300] "POST /cormun/servlet/trsolicitudot?b410a89f6ae6784b342387fb9f4bb2cb,gx-no-cache=1520862472121,gx-no-cache=1520862963355 HTTP/1.1" 200 5650
186.103.159.182 - - [12/Mar/2018:10:57:55 -0300] "POST /cormun/servlet/trsolicitudot?b410a89f6ae6784b342387fb9f4bb2cb,gx-no-cache=1520862472121,gx-no-cache=1520862968989 HTTP/1.1" 200 4212
186.79.174.79 - - [12/Mar/2018:10:57:59 -0300] "POST /cormun/servlet/solicitudotadjuntos?gx-no-cache=1520863029299 HTTP/1.1" 200 26
186.103.159.182 - - [12/Mar/2018:10:58:00 -0300] "POST /cormun/servlet/trsolicitudot?b410a89f6ae6784b342387fb9f4bb2cb,gx-no-cache=1520862472121,gx-no-cache=1520862973511 HTTP/1.1" 200 4212
186.79.174.79 - - [12/Mar/2018:10:58:06 -0300] "GET /cormun/servlet/solicitudotadjuntos?d2b85e2ea5760ca9e2d936cba8dd94da7f39f29d743b38027da73744be06bcc6,gx-no-cache=1520863036353 HTTP/1.1" 200 30
186.79.174.79 - - [12/Mar/2018:10:58:06 -0300] "GET /cormun/servlet/solicitudotadjuntos?d2b85e2ea5760ca9e2d936cba8dd94da7f39f29d743b38027da73744be06bcc6,gx-no-cache=1520863036442 HTTP/1.1" 200 30
186.103.159.182 - - [12/Mar/2018:10:58:06 -0300] "POST /cormun/servlet/trsolicitudot?b410a89f6ae6784b342387fb9f4bb2cb,gx-no-cache=1520862472121,gx-no-cache=1520862979811 HTTP/1.1" 200 4213
186.79.174.79 - - [12/Mar/2018:10:58:15 -0300] "POST /cormun/servlet/solicitudotadjuntos?bbc4c7df6b7eb73a39a5198ed35af67f,INS,2018,10401,,1, HTTP/1.1" 200 116
186.79.174.79 - - [12/Mar/2018:10:58:16 -0300] "GET /cormun/servlet/hpexe_return? HTTP/1.1" 200 1025
186.79.174.79 - - [12/Mar/2018:10:58:16 -0300] "GET /cormun/servlet/trsolicitudadjuntos?2018,10401, HTTP/1.1" 200 8996
186.79.174.79 - - [12/Mar/2018:10:58:17 -0300] "GET /cormun/servlet/trsolicitudadjuntos?2018,10401, HTTP/1.1" 200 9007
186.79.62.59 - - [12/Mar/2018:10:58:19 -0300] "GET /cormun/servlet/hlogin HTTP/1.1" 200 1734
186.79.174.79 - - [12/Mar/2018:10:58:20 -0300] "GET /cormun/servlet/solicitudotadjuntos?INS,2018,10401,,1, HTTP/1.1" 200 5972
186.79.174.79 - - [12/Mar/2018:10:58:21 -0300] "GET /cormun/static/about:blank HTTP/1.1" 404 1011
186.79.174.79 - - [12/Mar/2018:10:58:21 -0300] "GET /cormun/servlet/solicitudotadjuntos?INS,2018,10401,,1, HTTP/1.1" 200 5965
186.79.174.79 - - [12/Mar/2018:10:58:21 -0300] "GET /cormun/servlet/solicitudotadjuntos?d2b85e2ea5760ca9e2d936cba8dd94da339cbd3f2087af4b1c80ec39dc2360ba94aa4705b005653f748163fd6d4414cc,gx-no-cache=1520863052136 HTTP/1.1" 200 30
186.79.174.79 - - [12/Mar/2018:10:58:22 -0300] "POST /cormun/servlet/solicitudotadjuntos?bbc4c7df6b7eb73a39a5198ed35af67f,INS,2018,10401,,1,,gx-no-cache=1520863052319 HTTP/1.1" 200 3793
186.79.174.79 - - [12/Mar/2018:10:58:25 -0300] "POST /cormun/servlet/solicitudotadjuntos?gx-no-cache=1520863055945 HTTP/1.1" 200 26
186.79.174.79 - - [12/Mar/2018:10:58:36 -0300] "POST /cormun/servlet/solicitudotadjuntos?gx-no-cache=1520863066660 HTTP/1.1" 200 26
