192.168.10.50 - - [09/Mar/2018:12:58:35 -0300] "GET /cormun/servlet/hlogin HTTP/1.1" 200 1715
192.168.10.50 - - [09/Mar/2018:12:58:35 -0300] "GET /cormun/static/gxcfg.js?20175251213516 HTTP/1.1" 304 -
192.168.10.50 - - [09/Mar/2018:12:58:35 -0300] "GET /cormun/servlet/hlogin HTTP/1.1" 200 1723
192.168.10.50 - - [09/Mar/2018:12:58:37 -0300] "POST /cormun/servlet/hlogin?6e7c6adcf2c42476041f9b45aa184a83,gx-no-cache=1520610955358 HTTP/1.1" 200 90
192.168.10.50 - - [09/Mar/2018:12:58:37 -0300] "GET /cormun/servlet/hpexe_link HTTP/1.1" 200 942
192.168.10.50 - - [09/Mar/2018:12:58:37 -0300] "GET /cormun/static/gxcfg.js?20177612121792 HTTP/1.1" 304 -
192.168.10.50 - - [09/Mar/2018:12:58:37 -0300] "GET /cormun/servlet/hhome HTTP/1.1" 200 4449
192.168.10.50 - - [09/Mar/2018:12:58:37 -0300] "GET /cormun/static/gxcfg.js?20175251212442 HTTP/1.1" 304 -
192.168.10.50 - - [09/Mar/2018:12:58:37 -0300] "GET /cormun/servlet/hhome HTTP/1.1" 200 4445
186.103.157.42 - - [09/Mar/2018:12:58:39 -0300] "GET /cormun/servlet/hlogin HTTP/1.1" 200 1732
186.103.159.189 - - [09/Mar/2018:12:58:40 -0300] "GET /cormun/servlet/solicitudotadjuntos?INS,2018,10371,,1, HTTP/1.1" 200 6031
192.168.10.50 - - [09/Mar/2018:12:58:42 -0300] "GET /cormun/servlet/trsolicitudgral? HTTP/1.1" 200 28057
186.103.157.235 - - [09/Mar/2018:12:58:42 -0300] "GET /cormun/servlet/trfichaempleadohoras? HTTP/1.1" 500 10
186.103.159.189 - - [09/Mar/2018:12:58:42 -0300] "GET /cormun/servlet/solicitudotadjuntos?INS,2018,10371,,1, HTTP/1.1" 200 6025
186.103.159.189 - - [09/Mar/2018:12:58:43 -0300] "GET /cormun/servlet/solicitudotadjuntos?20287745b4574f457ec0f29ad41df15d13c1016dd57e327d231f2142b8cb5572a1ce8aec79cf91e403c84232d6a7f66c,gx-no-cache=1520614672121 HTTP/1.1" 200 30
186.103.159.189 - - [09/Mar/2018:12:58:43 -0300] "GET /cormun/static/about:blank HTTP/1.1" 404 1011
186.103.159.189 - - [09/Mar/2018:12:58:43 -0300] "POST /cormun/servlet/solicitudotadjuntos?63e63926bb274522718da85b480c7555,INS,2018,10371,,1,,gx-no-cache=1520614672251 HTTP/1.1" 200 3828
192.168.10.50 - - [09/Mar/2018:12:58:44 -0300] "GET /cormun/servlet/trsolicitudgral? HTTP/1.1" 200 28055
186.103.157.42 - - [09/Mar/2018:12:58:45 -0300] "POST /cormun/servlet/hlogin?1f21f5bb38804d3217fdc3359adec143,gx-no-cache=1520610820690 HTTP/1.1" 200 90
186.103.157.42 - - [09/Mar/2018:12:58:45 -0300] "GET /cormun/servlet/hpexe_link HTTP/1.1" 200 951
186.103.157.42 - - [09/Mar/2018:12:58:45 -0300] "GET /cormun/static/gxcfg.js?20177612121792 HTTP/1.1" 304 -
186.103.157.42 - - [09/Mar/2018:12:58:46 -0300] "GET /cormun/servlet/hhome HTTP/1.1" 200 4258
186.103.157.42 - - [09/Mar/2018:12:58:47 -0300] "GET /cormun/static/gxcfg.js?20175251212442 HTTP/1.1" 304 -
192.168.10.50 - - [09/Mar/2018:12:58:47 -0300] "POST /cormun/servlet/trsolicitudgral?6e7c6adcf2c42476041f9b45aa184a83,,gx-no-cache=1520610965481 HTTP/1.1" 200 7269
186.103.157.42 - - [09/Mar/2018:12:58:47 -0300] "GET /cormun/servlet/hhome HTTP/1.1" 200 4254
186.103.159.189 - - [09/Mar/2018:12:58:50 -0300] "POST /cormun/servlet/solicitudotadjuntos?gx-no-cache=1520614678715 HTTP/1.1" 200 26
192.168.10.50 - - [09/Mar/2018:12:58:50 -0300] "POST /cormun/servlet/trsolicitudgral?6e7c6adcf2c42476041f9b45aa184a83,,gx-no-cache=1520610968604 HTTP/1.1" 200 5920
186.103.157.235 - - [09/Mar/2018:12:58:51 -0300] "GET /cormun/servlet/hlogin HTTP/1.1" 200 1720
186.103.157.42 - - [09/Mar/2018:12:58:51 -0300] "GET /cormun/servlet/trsolicitudot? HTTP/1.1" 200 9704
186.103.157.42 - - [09/Mar/2018:12:58:52 -0300] "GET /cormun/static/gxcfg.js?2017111422585916 HTTP/1.1" 304 -
186.103.157.42 - - [09/Mar/2018:12:58:52 -0300] "GET /cormun/static/calendar-setup.js?85251 HTTP/1.1" 304 -
186.103.157.42 - - [09/Mar/2018:12:58:52 -0300] "GET /cormun/static/calendar-es.js?85251 HTTP/1.1" 304 -
186.103.157.42 - - [09/Mar/2018:12:58:52 -0300] "GET /cormun/static/calendar.js?85251 HTTP/1.1" 304 -
186.103.157.42 - - [09/Mar/2018:12:58:52 -0300] "GET /cormun/static/gxdec.js?85251 HTTP/1.1" 304 -
186.103.157.42 - - [09/Mar/2018:12:58:53 -0300] "GET /cormun/servlet/trsolicitudot? HTTP/1.1" 200 9702
192.168.10.50 - - [09/Mar/2018:12:58:56 -0300] "POST /cormun/servlet/trsolicitudgral?6e7c6adcf2c42476041f9b45aa184a83,,gx-no-cache=1520610974348 HTTP/1.1" 200 8585
186.103.159.189 - - [09/Mar/2018:12:58:58 -0300] "GET /cormun/servlet/solicitudotadjuntos?20287745b4574f457ec0f29ad41df15d9d5cb269725a3553e223747e8f0dff99,gx-no-cache=1520614686716 HTTP/1.1" 200 30
186.103.159.189 - - [09/Mar/2018:12:58:58 -0300] "GET /cormun/servlet/solicitudotadjuntos?20287745b4574f457ec0f29ad41df15d9d5cb269725a3553e223747e8f0dff99,gx-no-cache=1520614686800 HTTP/1.1" 200 30
186.103.157.235 - - [09/Mar/2018:12:59:03 -0300] "POST /cormun/servlet/hlogin?f9938ca6ef835d37dfc11191a53b2b76,gx-no-cache=1520611093231 HTTP/1.1" 200 430
186.103.157.42 - - [09/Mar/2018:12:59:09 -0300] "POST /cormun/servlet/trsolicitudot?1f21f5bb38804d3217fdc3359adec143,,gx-no-cache=1520610846915 HTTP/1.1" 200 6296
186.103.157.42 - - [09/Mar/2018:12:59:09 -0300] "GET /cormun/static/Shared/jqueryui/images/ui-bg_flat_55_fafafa_40x100.png HTTP/1.1" 404 1097
186.103.157.42 - - [09/Mar/2018:12:59:09 -0300] "GET /cormun/static/Shared/jqueryui/images/ui-icons_8d78a5_256x240.png HTTP/1.1" 404 1089
186.103.157.42 - - [09/Mar/2018:12:59:09 -0300] "GET /cormun/static/Shared/jqueryui/images/ui-bg_highlight-soft_100_c6c2c8_1x100.png HTTP/1.1" 404 1117
186.103.157.42 - - [09/Mar/2018:12:59:09 -0300] "GET /cormun/static/Shared/jqueryui/images/ui-icons_82798d_256x240.png HTTP/1.1" 404 1089
192.168.10.50 - - [09/Mar/2018:12:59:11 -0300] "POST /cormun/servlet/trsolicitudgral?6e7c6adcf2c42476041f9b45aa184a83,,gx-no-cache=1520610988967 HTTP/1.1" 200 9452
186.103.157.235 - - [09/Mar/2018:12:59:11 -0300] "POST /cormun/servlet/hlogin?f9938ca6ef835d37dfc11191a53b2b76,gx-no-cache=1520611100716 HTTP/1.1" 200 90
186.103.157.235 - - [09/Mar/2018:12:59:11 -0300] "GET /cormun/servlet/hpexe_link HTTP/1.1" 200 962
186.103.157.235 - - [09/Mar/2018:12:59:11 -0300] "GET /cormun/servlet/trfichaempleadohoras HTTP/1.1" 500 10
186.103.157.42 - - [09/Mar/2018:12:59:11 -0300] "POST /cormun/servlet/trsolicitudot?1f21f5bb38804d3217fdc3359adec143,,gx-no-cache=1520610848539 HTTP/1.1" 200 6239
186.103.156.24 - - [09/Mar/2018:12:59:15 -0300] "GET /cormun/servlet/hlogin HTTP/1.1" 200 1740
186.103.157.235 - - [09/Mar/2018:12:59:18 -0300] "GET /cormun/servlet/hlogin HTTP/1.1" 200 1720
186.103.157.42 - - [09/Mar/2018:12:59:22 -0300] "POST /cormun/servlet/trsolicitudot?1f21f5bb38804d3217fdc3359adec143,,gx-no-cache=1520610856269 HTTP/1.1" 200 5876
186.103.157.42 - - [09/Mar/2018:12:59:23 -0300] "POST /cormun/servlet/trsolicitudot?1f21f5bb38804d3217fdc3359adec143,,gx-no-cache=1520610861441 HTTP/1.1" 200 5818
186.103.157.235 - - [09/Mar/2018:12:59:24 -0300] "POST /cormun/servlet/hlogin?f9938ca6ef835d37dfc11191a53b2b76,gx-no-cache=1520611114247 HTTP/1.1" 200 90
186.103.157.235 - - [09/Mar/2018:12:59:25 -0300] "GET /cormun/servlet/hpexe_link HTTP/1.1" 200 962
186.103.157.235 - - [09/Mar/2018:12:59:29 -0300] "GET /cormun/servlet/trfichaempleadohoras HTTP/1.1" 500 10
186.103.157.42 - - [09/Mar/2018:12:59:30 -0300] "GET /cormun/servlet/trautorizarsolicitud? HTTP/1.1" 200 9591
186.103.157.42 - - [09/Mar/2018:12:59:30 -0300] "GET /cormun/static/gxcfg.js?2017111423403364 HTTP/1.1" 304 -
186.103.157.235 - - [09/Mar/2018:12:59:36 -0300] "GET /cormun/servlet/ HTTP/1.1" 404 991
186.103.157.42 - - [09/Mar/2018:12:59:38 -0300] "GET /cormun/servlet/trautorizarsolicitud? HTTP/1.1" 200 9590
186.103.157.235 - - [09/Mar/2018:12:59:41 -0300] "GET /cormun/servlet/trfichaempleadohoras HTTP/1.1" 500 10
186.103.157.235 - - [09/Mar/2018:12:59:41 -0300] "GET /cormun/servlet/hlogin HTTP/1.1" 200 1720
186.103.159.230 - - [09/Mar/2018:12:59:46 -0300] "POST /cormun/servlet/trautorizarsolicitud?909864e848def591487eb87915a4285d,,gx-no-cache=1520611132985 HTTP/1.1" 200 4611
186.103.159.230 - - [09/Mar/2018:12:59:46 -0300] "GET /cormun/static/Shared/jqueryui/images/ui-bg_highlight-soft_100_c6c2c8_1x100.png HTTP/1.1" 404 1117
186.103.159.230 - - [09/Mar/2018:12:59:46 -0300] "GET /cormun/static/Shared/jqueryui/images/ui-bg_flat_55_fafafa_40x100.png HTTP/1.1" 404 1097
186.103.159.230 - - [09/Mar/2018:12:59:47 -0300] "GET /cormun/static/Shared/jqueryui/images/ui-icons_82798d_256x240.png HTTP/1.1" 404 1089
186.103.159.230 - - [09/Mar/2018:12:59:47 -0300] "GET /cormun/static/Shared/jqueryui/images/ui-icons_8d78a5_256x240.png HTTP/1.1" 404 1089
186.103.157.42 - - [09/Mar/2018:12:59:47 -0300] "POST /cormun/servlet/trautorizarsolicitud?1f21f5bb38804d3217fdc3359adec143,,gx-no-cache=1520610882454 HTTP/1.1" 200 115
186.103.159.230 - - [09/Mar/2018:12:59:47 -0300] "POST /cormun/servlet/trautorizarsolicitud?909864e848def591487eb87915a4285d,,gx-no-cache=1520611134527 HTTP/1.1" 200 4389
186.103.157.42 - - [09/Mar/2018:12:59:47 -0300] "GET /cormun/servlet/solicitudotlog?INS,2018,9899,0,REC, HTTP/1.1" 200 6059
186.103.157.42 - - [09/Mar/2018:12:59:47 -0300] "GET /cormun/static/gxcfg.js?2017761245646 HTTP/1.1" 200 953
186.103.157.42 - - [09/Mar/2018:12:59:48 -0300] "GET /cormun/static/solicitudotlog.js?2017761245655 HTTP/1.1" 304 -
186.103.157.42 - - [09/Mar/2018:12:59:49 -0300] "GET /cormun/servlet/solicitudotlog?INS,2018,9899,0,REC, HTTP/1.1" 200 6059
186.103.157.42 - - [09/Mar/2018:12:59:49 -0300] "GET /cormun/servlet/solicitudotlog?81a8b11167d0bc5aae0680202fa0ac16b0afc44cc6359e71d201f3c56e691756a2a459649f13f5f9068e699037a89ab7b9912562133123ceb171216d23604c6e9054191ef524fe3d171a8c4e08274d30d86daae5aeb8c89f8f52ebb658f2f193500aee4552a1bba201d52cec27dea2664689fbc5284c2b57b9c20d91b3c0d255a3ccf334cc3c93d18368877da47faec36cf0088e070f1f0b00ccc6b424dc81b0,gx-no-cache=1520610887948 HTTP/1.1" 200 94
186.103.157.235 - - [09/Mar/2018:12:59:49 -0300] "GET /cormun/servlet/hlogin HTTP/1.1" 200 1720
186.103.159.189 - - [09/Mar/2018:12:59:54 -0300] "POST /cormun/servlet/solicitudotadjuntos?63e63926bb274522718da85b480c7555,INS,2018,10371,,1, HTTP/1.1" 200 116
186.103.159.189 - - [09/Mar/2018:12:59:54 -0300] "GET /cormun/servlet/hpexe_return? HTTP/1.1" 200 1031
186.103.159.189 - - [09/Mar/2018:12:59:55 -0300] "GET /cormun/servlet/trsolicitudadjuntos?2018,10371, HTTP/1.1" 200 8919
186.103.159.189 - - [09/Mar/2018:12:59:57 -0300] "GET /cormun/servlet/trsolicitudadjuntos?2018,10371, HTTP/1.1" 200 8918
186.103.157.42 - - [09/Mar/2018:12:59:57 -0300] "POST /cormun/servlet/solicitudotlog?1f21f5bb38804d3217fdc3359adec143,INS,2018,9899,0,REC,,gx-no-cache=1520610895185 HTTP/1.1" 200 93
186.103.157.42 - - [09/Mar/2018:13:00:00 -0300] "GET /cormun/servlet/hpexe_return? HTTP/1.1" 200 1028
186.103.157.42 - - [09/Mar/2018:13:00:00 -0300] "GET /cormun/static/gxcfg.js?2016101716175148 HTTP/1.1" 304 -
186.103.157.42 - - [09/Mar/2018:13:00:00 -0300] "GET /cormun/servlet/trautorizarsolicitud HTTP/1.1" 200 9216
186.103.157.235 - - [09/Mar/2018:13:00:00 -0300] "POST /cormun/servlet/hlogin?f9938ca6ef835d37dfc11191a53b2b76,gx-no-cache=1520611150574 HTTP/1.1" 200 90
186.103.157.42 - - [09/Mar/2018:13:00:01 -0300] "GET /cormun/servlet/trautorizarsolicitud HTTP/1.1" 200 9213
186.103.157.235 - - [09/Mar/2018:13:00:01 -0300] "GET /cormun/servlet/hpexe_link HTTP/1.1" 200 962
186.103.157.235 - - [09/Mar/2018:13:00:01 -0300] "GET /cormun/servlet/trfichaempleadohoras HTTP/1.1" 500 10
186.103.157.42 - - [09/Mar/2018:13:00:15 -0300] "POST /cormun/servlet/trautorizarsolicitud?1f21f5bb38804d3217fdc3359adec143,gx-no-cache=1520610912946 HTTP/1.1" 200 5801
186.103.157.235 - - [09/Mar/2018:13:00:15 -0300] "GET /cormun/servlet/trfichaempleadohoras HTTP/1.1" 500 10
186.103.157.42 - - [09/Mar/2018:13:00:15 -0300] "GET /cormun/static/Shared/jqueryui/images/ui-bg_flat_55_fafafa_40x100.png HTTP/1.1" 404 1097
186.103.157.42 - - [09/Mar/2018:13:00:15 -0300] "GET /cormun/static/Shared/jqueryui/images/ui-bg_highlight-soft_100_c6c2c8_1x100.png HTTP/1.1" 404 1117
186.103.157.42 - - [09/Mar/2018:13:00:16 -0300] "GET /cormun/static/Shared/jqueryui/images/ui-icons_8d78a5_256x240.png HTTP/1.1" 404 1089
186.103.157.42 - - [09/Mar/2018:13:00:16 -0300] "POST /cormun/servlet/trautorizarsolicitud?1f21f5bb38804d3217fdc3359adec143,gx-no-cache=1520610914209 HTTP/1.1" 200 5747
186.103.157.42 - - [09/Mar/2018:13:00:16 -0300] "GET /cormun/static/Shared/jqueryui/images/ui-icons_82798d_256x240.png HTTP/1.1" 404 1089
186.103.157.235 - - [09/Mar/2018:13:00:17 -0300] "GET /cormun/servlet/trfichaempleadohoras HTTP/1.1" 500 10
186.103.157.235 - - [09/Mar/2018:13:00:18 -0300] "GET /cormun/servlet/trfichaempleadohoras HTTP/1.1" 500 10
186.103.157.235 - - [09/Mar/2018:13:00:19 -0300] "GET /cormun/servlet/trfichaempleadohoras HTTP/1.1" 500 10
186.103.157.235 - - [09/Mar/2018:13:00:20 -0300] "GET /cormun/servlet/trfichaempleadohoras HTTP/1.1" 500 10
186.103.157.42 - - [09/Mar/2018:13:00:37 -0300] "GET /cormun/servlet/trsolicitudot? HTTP/1.1" 200 9263
186.103.157.235 - - [09/Mar/2018:13:00:40 -0300] "GET /cormun/servlet/hlogin HTTP/1.1" 200 1720
186.103.157.42 - - [09/Mar/2018:13:00:44 -0300] "GET /cormun/servlet/trsolicitudot? HTTP/1.1" 200 9262
186.103.157.235 - - [09/Mar/2018:13:00:46 -0300] "POST /cormun/servlet/hlogin?f9938ca6ef835d37dfc11191a53b2b76,gx-no-cache=1520611195996 HTTP/1.1" 200 90
186.103.157.235 - - [09/Mar/2018:13:00:46 -0300] "GET /cormun/servlet/hpexe_link HTTP/1.1" 200 962
186.103.157.235 - - [09/Mar/2018:13:00:46 -0300] "GET /cormun/servlet/trfichaempleadohoras HTTP/1.1" 500 10
186.103.157.42 - - [09/Mar/2018:13:00:52 -0300] "POST /cormun/servlet/trsolicitudot?1f21f5bb38804d3217fdc3359adec143,,gx-no-cache=1520610949503 HTTP/1.1" 200 5842
186.103.157.42 - - [09/Mar/2018:13:00:53 -0300] "POST /cormun/servlet/trsolicitudot?1f21f5bb38804d3217fdc3359adec143,,gx-no-cache=1520610950995 HTTP/1.1" 200 5823
186.103.157.42 - - [09/Mar/2018:13:01:04 -0300] "GET /cormun/static/menuarrow.gif HTTP/1.1" 404 1015
186.103.157.235 - - [09/Mar/2018:13:01:04 -0300] "GET /cormun/servlet/trcontratosolicitud? HTTP/1.1" 200 12941
186.103.159.189 - - [09/Mar/2018:13:01:05 -0300] "GET /cormun/servlet/solicitudotadjuntos?INS,2018,10371,,1, HTTP/1.1" 200 6030
186.103.157.235 - - [09/Mar/2018:13:01:05 -0300] "GET /cormun/servlet/trcontratosolicitud? HTTP/1.1" 200 12954
186.103.159.189 - - [09/Mar/2018:13:01:05 -0300] "GET /cormun/static/about:blank HTTP/1.1" 404 1011
186.103.159.189 - - [09/Mar/2018:13:01:07 -0300] "GET /cormun/servlet/solicitudotadjuntos?INS,2018,10371,,1, HTTP/1.1" 200 6023
186.103.159.189 - - [09/Mar/2018:13:01:08 -0300] "GET /cormun/servlet/solicitudotadjuntos?20287745b4574f457ec0f29ad41df15d13c1016dd57e327d231f2142b8cb5572a1ce8aec79cf91e403c84232d6a7f66c,gx-no-cache=1520614816734 HTTP/1.1" 200 30
186.103.159.189 - - [09/Mar/2018:13:01:09 -0300] "POST /cormun/servlet/solicitudotadjuntos?63e63926bb274522718da85b480c7555,INS,2018,10371,,1,,gx-no-cache=1520614816867 HTTP/1.1" 200 3826
192.168.10.62 - - [09/Mar/2018:13:01:09 -0300] "POST /cormun/servlet/trsolicitudgral?a3e59ce9ed21efa75bd259e76228584e,,gx-no-cache=1520611103981 HTTP/1.1" 200 7726
186.103.157.42 - - [09/Mar/2018:13:01:10 -0300] "POST /cormun/servlet/trsolicitudot?1f21f5bb38804d3217fdc3359adec143,,gx-no-cache=1520610966177 HTTP/1.1" 200 8190
186.103.159.189 - - [09/Mar/2018:13:01:13 -0300] "POST /cormun/servlet/solicitudotadjuntos?gx-no-cache=1520614821764 HTTP/1.1" 200 26
186.103.159.189 - - [09/Mar/2018:13:01:21 -0300] "GET /cormun/servlet/solicitudotadjuntos?20287745b4574f457ec0f29ad41df15d9d5cb269725a3553e223747e8f0dff99,gx-no-cache=1520614830035 HTTP/1.1" 200 30
186.103.159.189 - - [09/Mar/2018:13:01:21 -0300] "GET /cormun/servlet/solicitudotadjuntos?20287745b4574f457ec0f29ad41df15d9d5cb269725a3553e223747e8f0dff99,gx-no-cache=1520614830115 HTTP/1.1" 200 30
186.103.157.235 - - [09/Mar/2018:13:01:31 -0300] "GET /cormun/servlet/trsolicitudot? HTTP/1.1" 200 7442
186.103.159.189 - - [09/Mar/2018:13:01:42 -0300] "POST /cormun/servlet/solicitudotadjuntos?63e63926bb274522718da85b480c7555,INS,2018,10371,,1, HTTP/1.1" 200 116
186.103.159.189 - - [09/Mar/2018:13:01:43 -0300] "GET /cormun/servlet/hpexe_return? HTTP/1.1" 200 1031
192.168.10.96 - - [09/Mar/2018:13:01:44 -0300] "POST /cormun/servlet/trsolicitudgral?baa97f5760a2686d33af3eae4fc46923,,gx-no-cache=1520611142643 HTTP/1.1" 200 7728
186.103.159.189 - - [09/Mar/2018:13:01:45 -0300] "GET /cormun/servlet/trsolicitudadjuntos?2018,10371, HTTP/1.1" 200 9095
186.103.159.189 - - [09/Mar/2018:13:01:47 -0300] "GET /cormun/servlet/trsolicitudadjuntos?2018,10371, HTTP/1.1" 200 9091
186.103.157.235 - - [09/Mar/2018:13:01:53 -0300] "GET /cormun/servlet/trsolicitudot? HTTP/1.1" 200 7442
186.103.157.42 - - [09/Mar/2018:13:01:59 -0300] "POST /cormun/servlet/trsolicitudot?1f21f5bb38804d3217fdc3359adec143,,gx-no-cache=1520611016780 HTTP/1.1" 200 106
186.103.157.42 - - [09/Mar/2018:13:02:00 -0300] "GET /cormun/servlet/solicitudot?UPD,2018,9506, HTTP/1.1" 200 15488
186.103.157.42 - - [09/Mar/2018:13:02:02 -0300] "GET /cormun/static/gxcfg.js?201812313224582 HTTP/1.1" 304 -
186.103.157.235 - - [09/Mar/2018:13:02:03 -0300] "POST /cormun/servlet/trsolicitudot?f9938ca6ef835d37dfc11191a53b2b76,,gx-no-cache=1520611272235 HTTP/1.1" 200 9530
186.103.157.42 - - [09/Mar/2018:13:02:03 -0300] "GET /cormun/static/solicitudot.js?201812313224831 HTTP/1.1" 304 -
186.103.157.42 - - [09/Mar/2018:13:02:06 -0300] "GET /cormun/servlet/solicitudot?UPD,2018,9506, HTTP/1.1" 200 15497
186.103.159.189 - - [09/Mar/2018:13:02:18 -0300] "GET /cormun/servlet/solicitudotadjuntos?INS,2018,10371,,1, HTTP/1.1" 200 6031
186.103.159.189 - - [09/Mar/2018:13:02:20 -0300] "GET /cormun/static/about:blank HTTP/1.1" 404 1011
186.103.159.189 - - [09/Mar/2018:13:02:21 -0300] "GET /cormun/servlet/solicitudotadjuntos?INS,2018,10371,,1, HTTP/1.1" 200 6025
152.231.70.146 - - [09/Mar/2018:13:02:22 -0300] "GET /cormun/servlet/trlicencias? HTTP/1.1" 200 8691
186.103.159.189 - - [09/Mar/2018:13:02:22 -0300] "GET /cormun/servlet/solicitudotadjuntos?20287745b4574f457ec0f29ad41df15d13c1016dd57e327d231f2142b8cb5572a1ce8aec79cf91e403c84232d6a7f66c,gx-no-cache=1520614891240 HTTP/1.1" 200 30
152.231.70.146 - - [09/Mar/2018:13:02:23 -0300] "GET /cormun/servlet/trlicencias? HTTP/1.1" 200 8690
186.103.159.189 - - [09/Mar/2018:13:02:23 -0300] "POST /cormun/servlet/solicitudotadjuntos?63e63926bb274522718da85b480c7555,INS,2018,10371,,1,,gx-no-cache=1520614891660 HTTP/1.1" 200 3828
186.103.159.189 - - [09/Mar/2018:13:02:29 -0300] "POST /cormun/servlet/solicitudotadjuntos?gx-no-cache=1520614897817 HTTP/1.1" 200 26
152.231.70.146 - - [09/Mar/2018:13:02:33 -0300] "GET /cormun/servlet/licenciaspermisos?DSP,15105573,L,20180301000000, HTTP/1.1" 200 7334
152.231.70.146 - - [09/Mar/2018:13:02:33 -0300] "GET /cormun/servlet/licenciaspermisos?DSP,15105573,L,20180301000000, HTTP/1.1" 200 7333
186.103.157.42 - - [09/Mar/2018:13:02:34 -0300] "POST /cormun/servlet/solicitudot?gx-no-cache=1520611024349 HTTP/1.1" 500 4102
186.103.157.42 - - [09/Mar/2018:13:02:35 -0300] "POST /cormun/servlet/solicitudot?1f21f5bb38804d3217fdc3359adec143,UPD,2018,9506,,gx-no-cache=1520611053549 HTTP/1.1" 200 11692
186.103.157.42 - - [09/Mar/2018:13:02:35 -0300] "GET /cormun/servlet/solicitudot?81a8b11167d0bc5aae0680202fa0ac16a9df7cec77e2a7cad22dea19e3ada2bc8d961a44822c9bcebf4bc3d1f2466821,gx-no-cache=1520611054502 HTTP/1.1" 200 30
186.103.157.42 - - [09/Mar/2018:13:02:35 -0300] "GET /cormun/servlet/solicitudot?81a8b11167d0bc5aae0680202fa0ac1687605b96590a78e4ff466b934eb7c6b52e03e4ed73bc96960bb670b9761d0f60,gx-no-cache=1520611054586 HTTP/1.1" 200 30
186.103.157.42 - - [09/Mar/2018:13:02:36 -0300] "GET /cormun/servlet/solicitudot?81a8b11167d0bc5aae0680202fa0ac1603dffb1b696e659750f11fba73f7e078374a7b4f90e17288d460d11e630a95de254ffde289270859121165acde7fc83a,gx-no-cache=1520611054912 HTTP/1.1" 200 51
186.103.157.42 - - [09/Mar/2018:13:02:36 -0300] "POST /cormun/servlet/solicitudot?gx-no-cache=1520611054994 HTTP/1.1" 200 297
186.103.157.42 - - [09/Mar/2018:13:02:37 -0300] "GET /cormun/servlet/solicitudot?81a8b11167d0bc5aae0680202fa0ac168704a6b725be5fbd394704522656e69765590a2cb9885765021ffe8fe5d5fda28148c5b7f84e9b609e5cfe7c669e4ca66287e2d58462f5bef3ced239472e9043205328ac48db47cb9fb03fb0db29314215e46a98a69c7837d9057c0775c8dbdd364fe9b9350790e709305d16dd1a716e26dbb274a7ea811fefe129b56107c5353787e779b401f7752800895c773e555ec7aedf7c9c6317e745379042e2d7ccfcd1356bd970d52d10e6b55223dd90b7cf317a374551f1de2921f733847bfdcb45d06bf660ac4f628f3dbf0188db8eb5bfaae5e55794b41b5d2dcfd0f26c1f87d02f0b9fb921c49e5119c1f9229d05bb75977a1a71931033865be150a748126d9e44add5c2599a7b8fd927d31d9da8d0bf9e3554f165a7cff7781f4c9be7078eb57328e84200faabcf8c8bfb06a2e00272ca89895b40139c9cd187aa599e37671700040146bd8f513f521b05bfc4b053281d2c72c80434566a26db0f6e84b19a284140e860769bb1f680aa033d17347c14648bf6017e49c729c58a09ed912bb0cb,gx-no-cache=1520611055396 HTTP/1.1" 200 30
186.103.157.42 - - [09/Mar/2018:13:02:37 -0300] "POST /cormun/servlet/solicitudot?gx-no-cache=1520611055878 HTTP/1.1" 200 30
186.103.196.90 - - [09/Mar/2018:13:02:37 -0300] "POST /cormun/servlet/licenciaspermisos?02a88c073cf73cba9b5e34c694f3c51a,DSP,15105573,L,20180301000000,,gx-no-cache=1520611306747 HTTP/1.1" 200 93
186.103.157.42 - - [09/Mar/2018:13:02:38 -0300] "POST /cormun/servlet/solicitudot?gx-no-cache=1520611055962 HTTP/1.1" 200 1330
186.103.196.90 - - [09/Mar/2018:13:02:38 -0300] "GET /cormun/servlet/hpexe_return? HTTP/1.1" 200 1027
186.103.159.189 - - [09/Mar/2018:13:02:38 -0300] "GET /cormun/servlet/solicitudotadjuntos?20287745b4574f457ec0f29ad41df15d9d5cb269725a3553e223747e8f0dff99,gx-no-cache=1520614906160 HTTP/1.1" 200 30
186.103.159.189 - - [09/Mar/2018:13:02:38 -0300] "GET /cormun/servlet/solicitudotadjuntos?20287745b4574f457ec0f29ad41df15d9d5cb269725a3553e223747e8f0dff99,gx-no-cache=1520614907236 HTTP/1.1" 200 30
186.103.196.90 - - [09/Mar/2018:13:02:38 -0300] "GET /cormun/servlet/trlicencias HTTP/1.1" 200 8694
186.103.196.90 - - [09/Mar/2018:13:02:38 -0300] "GET /cormun/servlet/trlicencias HTTP/1.1" 200 8690
186.103.157.42 - - [09/Mar/2018:13:02:42 -0300] "POST /cormun/servlet/solicitudot?gx-no-cache=1520611056783 HTTP/1.1" 200 41
93.158.161.6 - - [09/Mar/2018:13:02:59 -0300] "GET /robots.txt HTTP/1.1" 404 981
93.158.161.6 - - [09/Mar/2018:13:03:03 -0300] "GET /docs/aio.html HTTP/1.1" 200 24457
190.151.99.26 - - [09/Mar/2018:13:03:14 -0300] "GET /cormun/servlet/trlicenciaspermisosadjuntos?15105573,20180309000000,L, HTTP/1.1" 200 6543
190.151.99.26 - - [09/Mar/2018:13:03:14 -0300] "GET /cormun/servlet/trlicenciaspermisosadjuntos?15105573,20180309000000,L, HTTP/1.1" 200 6544
186.103.196.90 - - [09/Mar/2018:13:03:16 -0300] "GET /cormun/servlet/licenciaspermisosadjuntos?INS,15105573,L,20180309000000,, HTTP/1.1" 200 5845
186.103.196.90 - - [09/Mar/2018:13:03:16 -0300] "GET /cormun/static/gxcfg.js?2017761263592 HTTP/1.1" 200 953
186.103.196.90 - - [09/Mar/2018:13:03:16 -0300] "GET /cormun/static/about:blank HTTP/1.1" 404 1011
186.103.196.84 - - [09/Mar/2018:13:03:17 -0300] "GET /cormun/static/licenciaspermisosadjuntos.js?201776126362 HTTP/1.1" 200 8760
186.103.196.84 - - [09/Mar/2018:13:03:17 -0300] "GET /cormun/servlet/licenciaspermisosadjuntos?INS,15105573,L,20180309000000,, HTTP/1.1" 200 5834
186.103.157.235 - - [09/Mar/2018:13:03:19 -0300] "GET /cormun/servlet/vesolicitudot?2018,10052,, HTTP/1.1" 200 8611
186.103.157.235 - - [09/Mar/2018:13:03:19 -0300] "GET /cormun/static/gxcfg.js?2017111422591385 HTTP/1.1" 200 953
186.103.157.235 - - [09/Mar/2018:13:03:20 -0300] "GET /cormun/pexe_scrolldiv.js HTTP/1.1" 404 1009
186.103.157.235 - - [09/Mar/2018:13:03:21 -0300] "GET /cormun/static/vesolicitudot.js?2017111422591449 HTTP/1.1" 200 6091
186.103.157.235 - - [09/Mar/2018:13:03:21 -0300] "GET /cormun/static/tbsolicitudot01.js?2017111422581186 HTTP/1.1" 200 30566
186.103.157.235 - - [09/Mar/2018:13:03:21 -0300] "GET /cormun/servlet/vesolicitudot?2018,10052,, HTTP/1.1" 200 8610
186.103.196.90 - - [09/Mar/2018:13:03:36 -0300] "POST /cormun/servlet/licenciaspermisosadjuntos?02a88c073cf73cba9b5e34c694f3c51a,INS,15105573,L,20180309000000,,,gx-no-cache=1520611366465 HTTP/1.1" 200 93
186.103.196.90 - - [09/Mar/2018:13:03:36 -0300] "GET /cormun/servlet/hpexe_return? HTTP/1.1" 200 1041
186.103.157.42 - - [09/Mar/2018:13:03:37 -0300] "GET /cormun/servlet/solicitudot?81a8b11167d0bc5aae0680202fa0ac16da8026fc5b439916eb394ddde90214c7c57549b3f221c93c3b00084314c2172c3f732afa86edec39058888327f3f0bfd038f039a2841c650bbab05e75988119955067952cdd14caa8b7777a24847c726529a5f6b091c9b38e100615541e4c350,gx-no-cache=1520611115371 HTTP/1.1" 200 29
186.103.196.90 - - [09/Mar/2018:13:03:37 -0300] "GET /cormun/servlet/trlicenciaspermisosadjuntos?15105573,20180309000000,L, HTTP/1.1" 200 6546
186.103.196.90 - - [09/Mar/2018:13:03:37 -0300] "GET /cormun/servlet/trlicenciaspermisosadjuntos?15105573,20180309000000,L, HTTP/1.1" 200 6544
186.103.157.235 - - [09/Mar/2018:13:03:42 -0300] "GET /cormun/servlet/trsolicitudot? HTTP/1.1" 200 12479
186.103.157.235 - - [09/Mar/2018:13:03:43 -0300] "GET /cormun/servlet/trsolicitudot? HTTP/1.1" 200 12478
186.103.157.42 - - [09/Mar/2018:13:03:45 -0300] "POST /cormun/servlet/solicitudot?gx-no-cache=1520611116131 HTTP/1.1" 200 1317
186.103.157.42 - - [09/Mar/2018:13:03:45 -0300] "POST /cormun/servlet/solicitudot?gx-no-cache=1520611124299 HTTP/1.1" 200 1218
186.103.157.42 - - [09/Mar/2018:13:03:45 -0300] "GET /cormun/servlet/solicitudot?81a8b11167d0bc5aae0680202fa0ac16b6a3fd671991f07884d2adfaa70ab8d1a4a8d989318cce791f361e3a9936d115,gx-no-cache=1520611124584 HTTP/1.1" 200 30
186.103.157.42 - - [09/Mar/2018:13:03:49 -0300] "POST /cormun/servlet/solicitudot?gx-no-cache=1520611125800 HTTP/1.1" 200 30
186.103.157.235 - - [09/Mar/2018:13:03:51 -0300] "GET /cormun/servlet/vesolicitudot?2018,10368,, HTTP/1.1" 200 8680
186.103.157.235 - - [09/Mar/2018:13:03:51 -0300] "GET /cormun/pexe_scrolldiv.js HTTP/1.1" 404 1009
186.103.157.235 - - [09/Mar/2018:13:03:51 -0300] "GET /cormun/servlet/vesolicitudot?2018,10368,, HTTP/1.1" 200 8679
186.103.159.189 - - [09/Mar/2018:13:04:00 -0300] "POST /cormun/servlet/solicitudotadjuntos?63e63926bb274522718da85b480c7555,INS,2018,10371,,1, HTTP/1.1" 200 116
186.103.159.189 - - [09/Mar/2018:13:04:00 -0300] "GET /cormun/servlet/hpexe_return? HTTP/1.1" 200 1031
200.54.247.70 - - [09/Mar/2018:13:04:01 -0300] "GET /cormun/servlet/prbanco?,MD,,gxPopupLevel%3D0%3B HTTP/1.1" 302 -
200.54.247.70 - - [09/Mar/2018:13:04:01 -0300] "GET /cormun/servlet/hlogin?gxPopupLevel%3D0%3B HTTP/1.1" 200 1760
186.103.159.189 - - [09/Mar/2018:13:04:01 -0300] "GET /cormun/servlet/trsolicitudadjuntos?2018,10371, HTTP/1.1" 200 9348
186.103.159.189 - - [09/Mar/2018:13:04:04 -0300] "GET /cormun/servlet/trsolicitudadjuntos?2018,10371, HTTP/1.1" 200 9348
186.103.157.235 - - [09/Mar/2018:13:04:06 -0300] "GET /cormun/servlet/trsolicitudot? HTTP/1.1" 200 12479
186.103.157.235 - - [09/Mar/2018:13:04:06 -0300] "GET /cormun/servlet/trsolicitudot? HTTP/1.1" 200 12478
200.54.18.125 - - [09/Mar/2018:13:04:10 -0300] "GET /cormun/servlet/licenciaspermisosadjuntos?INS,15105573,L,20180309000000,, HTTP/1.1" 200 5847
200.54.18.125 - - [09/Mar/2018:13:04:10 -0300] "GET /cormun/static/about:blank HTTP/1.1" 404 1011
200.54.18.125 - - [09/Mar/2018:13:04:11 -0300] "GET /cormun/servlet/licenciaspermisosadjuntos?INS,15105573,L,20180309000000,, HTTP/1.1" 200 5836
186.103.157.42 - - [09/Mar/2018:13:04:14 -0300] "POST /cormun/servlet/solicitudot?1f21f5bb38804d3217fdc3359adec143,UPD,2018,9506,,gx-no-cache=1520611128186 HTTP/1.1" 500 10
192.168.10.96 - - [09/Mar/2018:13:04:16 -0300] "POST /cormun/servlet/trsolicitudgral?baa97f5760a2686d33af3eae4fc46923,,gx-no-cache=1520611294003 HTTP/1.1" 200 8466
200.54.247.70 - - [09/Mar/2018:13:04:16 -0300] "POST /cormun/servlet/hlogin?11e7a5ddd3e707433dfb896081c6b8e8,gxPopupLevel%3D0%3B,gx-no-cache=1520611403829 HTTP/1.1" 200 90
200.54.247.70 - - [09/Mar/2018:13:04:16 -0300] "GET /cormun/servlet/hpexe_link?gxPopupLevel%3D0%3B HTTP/1.1" 200 959
200.54.247.70 - - [09/Mar/2018:13:04:17 -0300] "GET /cormun/servlet/hhome HTTP/1.1" 200 4237
186.103.157.235 - - [09/Mar/2018:13:04:20 -0300] "GET /cormun/servlet/vesolicitudot?2018,10226,, HTTP/1.1" 200 8581
186.103.157.235 - - [09/Mar/2018:13:04:20 -0300] "GET /cormun/pexe_scrolldiv.js HTTP/1.1" 404 1009
186.103.157.235 - - [09/Mar/2018:13:04:20 -0300] "GET /cormun/servlet/vesolicitudot?2018,10226,, HTTP/1.1" 200 8580
186.103.157.235 - - [09/Mar/2018:13:04:25 -0300] "GET /cormun/servlet/trsolicitudot? HTTP/1.1" 200 12479
186.103.157.235 - - [09/Mar/2018:13:04:25 -0300] "GET /cormun/servlet/trsolicitudot? HTTP/1.1" 200 12478
186.103.157.235 - - [09/Mar/2018:13:04:30 -0300] "GET /cormun/servlet/vesolicitudot?2018,10214,, HTTP/1.1" 200 8525
186.103.157.235 - - [09/Mar/2018:13:04:31 -0300] "GET /cormun/pexe_scrolldiv.js HTTP/1.1" 404 1009
186.103.157.235 - - [09/Mar/2018:13:04:31 -0300] "GET /cormun/servlet/vesolicitudot?2018,10214,, HTTP/1.1" 200 8525
186.103.157.235 - - [09/Mar/2018:13:04:35 -0300] "GET /cormun/servlet/trsolicitudot? HTTP/1.1" 200 12479
186.103.157.235 - - [09/Mar/2018:13:04:36 -0300] "GET /cormun/servlet/trsolicitudot? HTTP/1.1" 200 12478
186.103.159.189 - - [09/Mar/2018:13:04:37 -0300] "GET /cormun/servlet/solicitudotadjuntos?INS,2018,10371,,1, HTTP/1.1" 200 6030
186.103.157.42 - - [09/Mar/2018:13:04:38 -0300] "GET /cormun/servlet/solicitudot?UPD,2018,9506, HTTP/1.1" 200 15477
186.103.159.189 - - [09/Mar/2018:13:04:39 -0300] "GET /cormun/static/about:blank HTTP/1.1" 404 1011
186.103.157.42 - - [09/Mar/2018:13:04:39 -0300] "GET /cormun/servlet/solicitudot?UPD,2018,9506, HTTP/1.1" 200 15497
186.103.159.189 - - [09/Mar/2018:13:04:40 -0300] "GET /cormun/servlet/solicitudotadjuntos?INS,2018,10371,,1, HTTP/1.1" 200 6024
186.103.159.189 - - [09/Mar/2018:13:04:41 -0300] "GET /cormun/servlet/solicitudotadjuntos?20287745b4574f457ec0f29ad41df15d13c1016dd57e327d231f2142b8cb5572a1ce8aec79cf91e403c84232d6a7f66c,gx-no-cache=1520615029831 HTTP/1.1" 200 30
186.103.157.42 - - [09/Mar/2018:13:04:41 -0300] "POST /cormun/servlet/solicitudot?gx-no-cache=1520611178691 HTTP/1.1" 200 3408
200.54.247.70 - - [09/Mar/2018:13:04:41 -0300] "GET /cormun/servlet/hlogin HTTP/1.1" 200 1713
200.54.247.70 - - [09/Mar/2018:13:04:41 -0300] "GET /cormun/static/Resources/Spanish/PXTools.css?11423723 HTTP/1.1" 304 -
200.54.247.70 - - [09/Mar/2018:13:04:41 -0300] "GET /cormun/static/gxtimezone.js?85251 HTTP/1.1" 304 -
200.54.247.70 - - [09/Mar/2018:13:04:41 -0300] "GET /cormun/static/gxgral.js?85251 HTTP/1.1" 304 -
200.54.247.70 - - [09/Mar/2018:13:04:41 -0300] "GET /cormun/static/gxcfg.js?20175251213516 HTTP/1.1" 304 -
200.54.247.70 - - [09/Mar/2018:13:04:41 -0300] "GET /cormun/static/messages.spa.js?85251 HTTP/1.1" 304 -
200.54.247.70 - - [09/Mar/2018:13:04:41 -0300] "GET /cormun/static/hlogin.js?20175251213537 HTTP/1.1" 304 -
200.54.247.70 - - [09/Mar/2018:13:04:42 -0300] "GET /cormun/static/Resources/PXToolsLoginBackground.png HTTP/1.1" 304 -
200.54.247.70 - - [09/Mar/2018:13:04:42 -0300] "GET /cormun/static/Resources/PXToolsButtonRight21.png HTTP/1.1" 304 -
200.54.247.70 - - [09/Mar/2018:13:04:42 -0300] "GET /cormun/static/Resources/PXToolsButtonBackground2.png HTTP/1.1" 304 -
200.54.247.70 - - [09/Mar/2018:13:04:42 -0300] "GET /cormun/static/Resources/PXToolsLoginBottom.png HTTP/1.1" 304 -
200.54.247.70 - - [09/Mar/2018:13:04:42 -0300] "GET /cormun/static/Resources/PXToolsLoginTop.png HTTP/1.1" 304 -
200.54.247.70 - - [09/Mar/2018:13:04:42 -0300] "GET /cormun/static/Resources/indicator.gif HTTP/1.1" 304 -
200.54.247.70 - - [09/Mar/2018:13:04:42 -0300] "GET /cormun/static/Resources/ComunLogin.png HTTP/1.1" 304 -
200.54.247.70 - - [09/Mar/2018:13:04:42 -0300] "GET /cormun/static/Resources/PXToolsButtonLeft21.png HTTP/1.1" 304 -
186.103.159.189 - - [09/Mar/2018:13:04:43 -0300] "POST /cormun/servlet/solicitudotadjuntos?63e63926bb274522718da85b480c7555,INS,2018,10371,,1,,gx-no-cache=1520615030523 HTTP/1.1" 200 3827
186.103.157.42 - - [09/Mar/2018:13:04:44 -0300] "POST /cormun/servlet/solicitudot?1f21f5bb38804d3217fdc3359adec143,UPD,2018,9506,,gx-no-cache=1520611180734 HTTP/1.1" 200 11711
186.103.157.42 - - [09/Mar/2018:13:04:44 -0300] "GET /cormun/servlet/solicitudot?81a8b11167d0bc5aae0680202fa0ac16a9df7cec77e2a7cad22dea19e3ada2bc8d961a44822c9bcebf4bc3d1f2466821,gx-no-cache=1520611183290 HTTP/1.1" 200 30
186.103.157.42 - - [09/Mar/2018:13:04:44 -0300] "GET /cormun/servlet/solicitudot?81a8b11167d0bc5aae0680202fa0ac1687605b96590a78e4ff466b934eb7c6b52e03e4ed73bc96960bb670b9761d0f60,gx-no-cache=1520611183374 HTTP/1.1" 200 30
186.103.157.42 - - [09/Mar/2018:13:04:44 -0300] "GET /cormun/servlet/solicitudot?81a8b11167d0bc5aae0680202fa0ac1603dffb1b696e659750f11fba73f7e078374a7b4f90e17288d460d11e630a95de254ffde289270859121165acde7fc83a,gx-no-cache=1520611183560 HTTP/1.1" 200 51
186.103.157.42 - - [09/Mar/2018:13:04:50 -0300] "POST /cormun/servlet/solicitudot?gx-no-cache=1520611184400 HTTP/1.1" 200 297
200.54.247.70 - - [09/Mar/2018:13:04:53 -0300] "POST /cormun/servlet/hlogin?df57abb2391e82f5e3ff2d42fd650097,gx-no-cache=1520611441199 HTTP/1.1" 200 90
186.103.159.189 - - [09/Mar/2018:13:04:53 -0300] "POST /cormun/servlet/solicitudotadjuntos?gx-no-cache=1520615041595 HTTP/1.1" 200 26
200.54.247.70 - - [09/Mar/2018:13:04:54 -0300] "GET /cormun/servlet/hpexe_link HTTP/1.1" 200 944
186.103.157.235 - - [09/Mar/2018:13:04:57 -0300] "GET /cormun/servlet/trfichaempleado? HTTP/1.1" 200 12813
200.54.247.70 - - [09/Mar/2018:13:04:58 -0300] "GET /cormun/servlet/hhome HTTP/1.1" 200 4228
186.103.157.42 - - [09/Mar/2018:13:04:59 -0300] "GET /cormun/servlet/solicitudot?81a8b11167d0bc5aae0680202fa0ac168704a6b725be5fbd394704522656e69765590a2cb9885765021ffe8fe5d5fda28148c5b7f84e9b609e5cfe7c669e4ca66287e2d58462f5bef3ced239472e9043205328ac48db47cb9fb03fb0db29314215e46a98a69c7837d9057c0775c8dbdd364fe9b9350790e709305d16dd1a716e26dbb274a7ea811fefe129b56107c5353787e779b401f7752800895c773e555ec7aedf7c9c6317e745379042e2d7ccfcd1356bd970d52d10e6b55223dd90b7cf317a374551f1de2921f733847bfdcb45d06bf660ac4f628f3dbf0188db8eb5bfaae5e55794b41b5d2dcfd0f26c1f87d02f0b9fb921c49e5119c1f9229d05bb75977a1a71931033865be150a748126d9e44add5c2599a7b8fd927d31d9da8d0bf9e3554f165a7cff7781f4c9be7078eb57328e84200faabcf8c8bfb06a2e00272ca89895b40139c9cd187aa599e37671700040146bd8f513f521b05bfc4b053281d2c72c80434566a26db0f6e84b19a284140e860769bb1f680aa033d17347c14648bf6017e49c729c58a09ed912bb0cb,gx-no-cache=1520611189154 HTTP/1.1" 200 30
186.103.157.42 - - [09/Mar/2018:13:05:00 -0300] "POST /cormun/servlet/solicitudot?gx-no-cache=1520611198646 HTTP/1.1" 200 30
186.103.157.42 - - [09/Mar/2018:13:05:00 -0300] "POST /cormun/servlet/solicitudot?gx-no-cache=1520611199207 HTTP/1.1" 200 1335
186.103.157.42 - - [09/Mar/2018:13:05:01 -0300] "POST /cormun/servlet/solicitudot?gx-no-cache=1520611200016 HTTP/1.1" 200 41
186.103.159.189 - - [09/Mar/2018:13:05:03 -0300] "GET /cormun/servlet/solicitudotadjuntos?20287745b4574f457ec0f29ad41df15d9d5cb269725a3553e223747e8f0dff99,gx-no-cache=1520615052028 HTTP/1.1" 200 30
186.103.159.189 - - [09/Mar/2018:13:05:03 -0300] "GET /cormun/servlet/solicitudotadjuntos?20287745b4574f457ec0f29ad41df15d9d5cb269725a3553e223747e8f0dff99,gx-no-cache=1520615052164 HTTP/1.1" 200 30
186.103.157.235 - - [09/Mar/2018:13:05:06 -0300] "GET /cormun/servlet/vesolicitudot?2018,9948,, HTTP/1.1" 200 8675
186.103.157.235 - - [09/Mar/2018:13:05:07 -0300] "GET /cormun/pexe_scrolldiv.js HTTP/1.1" 404 1009
186.103.157.235 - - [09/Mar/2018:13:05:08 -0300] "GET /cormun/servlet/vesolicitudot?2018,9948,, HTTP/1.1" 200 8674
186.103.157.42 - - [09/Mar/2018:13:05:11 -0300] "POST /cormun/servlet/solicitudot?1f21f5bb38804d3217fdc3359adec143,UPD,2018,9506,,gx-no-cache=1520611207070 HTTP/1.1" 200 93
186.103.157.42 - - [09/Mar/2018:13:05:12 -0300] "GET /cormun/servlet/hpexe_return? HTTP/1.1" 200 1012
186.103.157.42 - - [09/Mar/2018:13:05:13 -0300] "GET /cormun/servlet/trsolicitudot? HTTP/1.1" 200 11168
186.103.157.42 - - [09/Mar/2018:13:05:14 -0300] "GET /cormun/servlet/trsolicitudot? HTTP/1.1" 200 11164
200.54.247.70 - - [09/Mar/2018:13:05:14 -0300] "GET /cormun/servlet/trsolicitudot? HTTP/1.1" 200 7446
186.103.157.235 - - [09/Mar/2018:13:05:17 -0300] "GET /cormun/servlet/trsolicitudot? HTTP/1.1" 200 12479
190.151.124.170 - - [09/Mar/2018:13:05:17 -0300] "POST /cormun/servlet/licenciaspermisosadjuntos?02a88c073cf73cba9b5e34c694f3c51a,INS,15105573,L,20180309000000,, HTTP/1.1" 200 6511
186.103.196.90 - - [09/Mar/2018:13:05:17 -0300] "GET /cormun/static/Shared/jqueryui/images/ui-icons_82798d_256x240.png HTTP/1.1" 404 1089
186.103.196.84 - - [09/Mar/2018:13:05:17 -0300] "GET /cormun/static/Shared/jqueryui/images/ui-bg_flat_55_994d53_40x100.png HTTP/1.1" 404 1097
186.103.196.90 - - [09/Mar/2018:13:05:17 -0300] "GET /cormun/static/Shared/jqueryui/images/ui-icons_ebccce_256x240.png HTTP/1.1" 404 1089
200.54.247.70 - - [09/Mar/2018:13:05:17 -0300] "GET /cormun/servlet/solicitudot?INS,0,0, HTTP/1.1" 200 13672
190.151.124.170 - - [09/Mar/2018:13:05:18 -0300] "GET /cormun/static/Shared/jqueryui/images/ui-bg_highlight-soft_100_c6c2c8_1x100.png HTTP/1.1" 404 1117
186.103.157.235 - - [09/Mar/2018:13:05:18 -0300] "GET /cormun/servlet/trsolicitudot? HTTP/1.1" 200 12478
186.103.157.42 - - [09/Mar/2018:13:05:25 -0300] "POST /cormun/servlet/trsolicitudot?1f21f5bb38804d3217fdc3359adec143,,gx-no-cache=1520611222022 HTTP/1.1" 200 7864
186.103.157.42 - - [09/Mar/2018:13:05:25 -0300] "GET /cormun/static/Shared/jqueryui/images/ui-bg_highlight-soft_100_c6c2c8_1x100.png HTTP/1.1" 404 1117
186.103.157.42 - - [09/Mar/2018:13:05:25 -0300] "GET /cormun/static/Shared/jqueryui/images/ui-icons_8d78a5_256x240.png HTTP/1.1" 404 1089
186.103.157.42 - - [09/Mar/2018:13:05:26 -0300] "GET /cormun/static/Shared/jqueryui/images/ui-icons_82798d_256x240.png HTTP/1.1" 404 1089
186.103.157.42 - - [09/Mar/2018:13:05:26 -0300] "GET /cormun/static/Shared/jqueryui/images/ui-bg_flat_55_fafafa_40x100.png HTTP/1.1" 404 1097
186.103.157.42 - - [09/Mar/2018:13:05:40 -0300] "POST /cormun/servlet/trsolicitudot?1f21f5bb38804d3217fdc3359adec143,,gx-no-cache=1520611224391 HTTP/1.1" 200 7808
186.103.159.189 - - [09/Mar/2018:13:05:41 -0300] "POST /cormun/servlet/solicitudotadjuntos?63e63926bb274522718da85b480c7555,INS,2018,10371,,1, HTTP/1.1" 200 116
186.103.159.189 - - [09/Mar/2018:13:05:42 -0300] "GET /cormun/servlet/hpexe_return? HTTP/1.1" 200 1031
186.103.159.189 - - [09/Mar/2018:13:05:43 -0300] "GET /cormun/servlet/trsolicitudadjuntos?2018,10371, HTTP/1.1" 200 9609
186.103.196.84 - - [09/Mar/2018:13:05:45 -0300] "GET /cormun/PrivateTempStorage/upload_00008463.jpg HTTP/1.1" 200 1773575
186.103.159.189 - - [09/Mar/2018:13:05:46 -0300] "GET /cormun/servlet/trsolicitudadjuntos?2018,10371, HTTP/1.1" 200 9611
186.103.196.84 - - [09/Mar/2018:13:05:47 -0300] "GET /cormun/servlet/trlicenciaspermisosadjuntos?15105573,20180309000000,L, HTTP/1.1" 200 6546
190.151.124.170 - - [09/Mar/2018:13:05:50 -0300] "POST /cormun/servlet/licenciaspermisosadjuntos?02a88c073cf73cba9b5e34c694f3c51a,INS,15105573,L,20180309000000,, HTTP/1.1" 200 6971
186.103.159.189 - - [09/Mar/2018:13:05:51 -0300] "GET /cormun/servlet/solicitudotadjuntos?INS,2018,10371,,2, HTTP/1.1" 200 6029
186.103.196.84 - - [09/Mar/2018:13:05:52 -0300] "GET /cormun/servlet/trlicenciaspermisosadjuntos?15105573,20180309000000,L, HTTP/1.1" 200 6544
186.103.159.189 - - [09/Mar/2018:13:05:53 -0300] "GET /cormun/static/about:blank HTTP/1.1" 404 1011
186.103.159.189 - - [09/Mar/2018:13:05:53 -0300] "GET /cormun/servlet/solicitudotadjuntos?INS,2018,10371,,2, HTTP/1.1" 200 6022
186.103.159.189 - - [09/Mar/2018:13:05:53 -0300] "GET /cormun/servlet/solicitudotadjuntos?20287745b4574f457ec0f29ad41df15d13c1016dd57e327d231f2142b8cb5572a1ce8aec79cf91e403c84232d6a7f66c,gx-no-cache=1520615102584 HTTP/1.1" 200 30
186.103.159.189 - - [09/Mar/2018:13:05:55 -0300] "POST /cormun/servlet/solicitudotadjuntos?63e63926bb274522718da85b480c7555,INS,2018,10371,,2,,gx-no-cache=1520615102726 HTTP/1.1" 200 3968
186.103.157.42 - - [09/Mar/2018:13:06:02 -0300] "POST /cormun/servlet/trsolicitudot?1f21f5bb38804d3217fdc3359adec143,,gx-no-cache=1520611249561 HTTP/1.1" 200 7432
186.103.159.189 - - [09/Mar/2018:13:06:03 -0300] "POST /cormun/servlet/solicitudotadjuntos?gx-no-cache=1520615111687 HTTP/1.1" 200 26
186.103.157.42 - - [09/Mar/2018:13:06:03 -0300] "POST /cormun/servlet/trsolicitudot?1f21f5bb38804d3217fdc3359adec143,,gx-no-cache=1520611261870 HTTP/1.1" 200 7374
186.103.157.235 - - [09/Mar/2018:13:06:08 -0300] "GET /cormun/servlet/vesolicitudot?2018,9671,, HTTP/1.1" 200 8626
186.103.157.235 - - [09/Mar/2018:13:06:12 -0300] "GET /cormun/pexe_scrolldiv.js HTTP/1.1" 404 1009
186.103.157.235 - - [09/Mar/2018:13:06:13 -0300] "GET /cormun/servlet/vesolicitudot?2018,9671,, HTTP/1.1" 200 8625
186.103.157.235 - - [09/Mar/2018:13:06:22 -0300] "GET /cormun/servlet/trsolicitudot? HTTP/1.1" 200 12479
186.103.157.235 - - [09/Mar/2018:13:06:22 -0300] "GET /cormun/servlet/trsolicitudot? HTTP/1.1" 200 12478
186.103.157.42 - - [09/Mar/2018:13:06:24 -0300] "POST /cormun/servlet/trsolicitudot?1f21f5bb38804d3217fdc3359adec143,,gx-no-cache=1520611279612 HTTP/1.1" 200 22855
186.103.159.189 - - [09/Mar/2018:13:06:30 -0300] "POST /cormun/servlet/solicitudotadjuntos?gx-no-cache=1520615138921 HTTP/1.1" 200 26
186.103.159.189 - - [09/Mar/2018:13:06:37 -0300] "GET /cormun/servlet/solicitudotadjuntos?20287745b4574f457ec0f29ad41df15d9d5cb269725a3553e223747e8f0dff99,gx-no-cache=1520615146630 HTTP/1.1" 200 30
186.103.159.189 - - [09/Mar/2018:13:06:38 -0300] "GET /cormun/servlet/solicitudotadjuntos?20287745b4574f457ec0f29ad41df15d9d5cb269725a3553e223747e8f0dff99,gx-no-cache=1520615146766 HTTP/1.1" 200 30
186.103.159.189 - - [09/Mar/2018:13:06:43 -0300] "POST /cormun/servlet/solicitudotadjuntos?63e63926bb274522718da85b480c7555,INS,2018,10371,,2, HTTP/1.1" 200 116
186.103.159.189 - - [09/Mar/2018:13:06:43 -0300] "GET /cormun/servlet/hpexe_return? HTTP/1.1" 200 1031
186.103.159.189 - - [09/Mar/2018:13:06:46 -0300] "GET /cormun/servlet/trsolicitudadjuntos?2018,10371, HTTP/1.1" 200 9748
186.103.159.189 - - [09/Mar/2018:13:06:48 -0300] "GET /cormun/servlet/trsolicitudadjuntos?2018,10371, HTTP/1.1" 200 9743
192.168.10.96 - - [09/Mar/2018:13:07:01 -0300] "POST /cormun/servlet/trsolicitudgral?baa97f5760a2686d33af3eae4fc46923,,gx-no-cache=1520611459778 HTTP/1.1" 200 5938
186.67.84.236 - - [09/Mar/2018:13:07:04 -0300] "GET /cormun/servlet/licenciaspermisosadjuntos?INS,15105573,L,20180309000000,, HTTP/1.1" 200 5847
186.67.84.236 - - [09/Mar/2018:13:07:04 -0300] "GET /cormun/static/about:blank HTTP/1.1" 404 1011
186.67.84.236 - - [09/Mar/2018:13:07:04 -0300] "GET /cormun/servlet/licenciaspermisosadjuntos?INS,15105573,L,20180309000000,, HTTP/1.1" 200 5836
192.168.10.96 - - [09/Mar/2018:13:07:08 -0300] "POST /cormun/servlet/trsolicitudgral?baa97f5760a2686d33af3eae4fc46923,,gx-no-cache=1520611466881 HTTP/1.1" 200 5942
192.168.10.96 - - [09/Mar/2018:13:07:10 -0300] "POST /cormun/servlet/trsolicitudgral?baa97f5760a2686d33af3eae4fc46923,,gx-no-cache=1520611468520 HTTP/1.1" 200 5940
192.168.10.96 - - [09/Mar/2018:13:07:10 -0300] "POST /cormun/servlet/trsolicitudgral?baa97f5760a2686d33af3eae4fc46923,,gx-no-cache=1520611468728 HTTP/1.1" 200 5941
192.168.10.96 - - [09/Mar/2018:13:07:10 -0300] "POST /cormun/servlet/trsolicitudgral?baa97f5760a2686d33af3eae4fc46923,,gx-no-cache=1520611468938 HTTP/1.1" 200 5941
192.168.10.96 - - [09/Mar/2018:13:07:11 -0300] "POST /cormun/servlet/trsolicitudgral?baa97f5760a2686d33af3eae4fc46923,,gx-no-cache=1520611469147 HTTP/1.1" 200 5941
192.168.10.96 - - [09/Mar/2018:13:07:11 -0300] "POST /cormun/servlet/trsolicitudgral?baa97f5760a2686d33af3eae4fc46923,,gx-no-cache=1520611469371 HTTP/1.1" 200 5941
192.168.10.96 - - [09/Mar/2018:13:07:11 -0300] "POST /cormun/servlet/trsolicitudgral?baa97f5760a2686d33af3eae4fc46923,,gx-no-cache=1520611469602 HTTP/1.1" 200 5942
192.168.10.96 - - [09/Mar/2018:13:07:11 -0300] "POST /cormun/servlet/trsolicitudgral?baa97f5760a2686d33af3eae4fc46923,,gx-no-cache=1520611469840 HTTP/1.1" 200 5941
192.168.10.96 - - [09/Mar/2018:13:07:12 -0300] "POST /cormun/servlet/trsolicitudgral?baa97f5760a2686d33af3eae4fc46923,,gx-no-cache=1520611470033 HTTP/1.1" 200 5941
192.168.10.96 - - [09/Mar/2018:13:07:12 -0300] "POST /cormun/servlet/trsolicitudgral?baa97f5760a2686d33af3eae4fc46923,,gx-no-cache=1520611470203 HTTP/1.1" 200 5940
192.168.10.96 - - [09/Mar/2018:13:07:12 -0300] "POST /cormun/servlet/trsolicitudgral?baa97f5760a2686d33af3eae4fc46923,,gx-no-cache=1520611470409 HTTP/1.1" 200 5941
192.168.10.96 - - [09/Mar/2018:13:07:12 -0300] "POST /cormun/servlet/trsolicitudgral?baa97f5760a2686d33af3eae4fc46923,,gx-no-cache=1520611470668 HTTP/1.1" 200 5941
186.103.156.166 - - [09/Mar/2018:13:07:31 -0300] "GET /cormun/servlet/solicitudotadjuntos?9ace67dca8a21f35e6f837d63df59ccca6c8660a879ac45844849c9cad5fb8ef,gx-no-cache=1520611609815 HTTP/1.1" 200 30
186.103.156.166 - - [09/Mar/2018:13:07:31 -0300] "GET /cormun/servlet/solicitudotadjuntos?9ace67dca8a21f35e6f837d63df59ccca6c8660a879ac45844849c9cad5fb8ef,gx-no-cache=1520611610185 HTTP/1.1" 200 30
200.54.18.125 - - [09/Mar/2018:13:07:35 -0300] "POST /cormun/servlet/licenciaspermisosadjuntos?02a88c073cf73cba9b5e34c694f3c51a,INS,15105573,L,20180309000000,, HTTP/1.1" 200 116
200.54.18.125 - - [09/Mar/2018:13:07:36 -0300] "GET /cormun/servlet/hpexe_return? HTTP/1.1" 200 1041
200.54.18.125 - - [09/Mar/2018:13:07:36 -0300] "GET /cormun/servlet/trlicenciaspermisosadjuntos?15105573,20180309000000,L, HTTP/1.1" 200 7037
186.103.156.166 - - [09/Mar/2018:13:07:38 -0300] "POST /cormun/servlet/solicitudotadjuntos?e512d9d86e22a06e181874815cd8b337,INS,2018,10372,,1, HTTP/1.1" 200 116
200.54.18.125 - - [09/Mar/2018:13:07:38 -0300] "GET /cormun/servlet/trlicenciaspermisosadjuntos?15105573,20180309000000,L, HTTP/1.1" 200 7036
186.103.156.166 - - [09/Mar/2018:13:07:38 -0300] "GET /cormun/servlet/hpexe_return? HTTP/1.1" 200 1029
186.103.156.166 - - [09/Mar/2018:13:07:38 -0300] "GET /cormun/servlet/trsolicitudadjuntos?2018,10372, HTTP/1.1" 200 8714
186.103.156.166 - - [09/Mar/2018:13:07:39 -0300] "GET /cormun/servlet/trsolicitudadjuntos?2018,10372, HTTP/1.1" 200 8708
186.103.156.166 - - [09/Mar/2018:13:07:44 -0300] "GET /cormun/servlet/solicitudotadjuntos?INS,2018,10372,,1, HTTP/1.1" 200 6224
186.103.156.166 - - [09/Mar/2018:13:07:44 -0300] "GET /cormun/static/about:blank HTTP/1.1" 404 1011
186.103.156.166 - - [09/Mar/2018:13:07:45 -0300] "GET /cormun/servlet/solicitudotadjuntos?INS,2018,10372,,1, HTTP/1.1" 200 6217
186.103.156.166 - - [09/Mar/2018:13:07:45 -0300] "GET /cormun/servlet/solicitudotadjuntos?9ace67dca8a21f35e6f837d63df59ccc659a8d1cddd992be87b10fe631ef9c302b251451351e176c38bb41b16deda043,gx-no-cache=1520611624040 HTTP/1.1" 200 30
186.103.156.166 - - [09/Mar/2018:13:07:46 -0300] "POST /cormun/servlet/solicitudotadjuntos?e512d9d86e22a06e181874815cd8b337,INS,2018,10372,,1,,gx-no-cache=1520611624486 HTTP/1.1" 200 3981
152.231.70.146 - - [09/Mar/2018:13:07:50 -0300] "GET /cormun/servlet/trlicencias? HTTP/1.1" 200 8690
152.231.70.146 - - [09/Mar/2018:13:07:51 -0300] "GET /cormun/servlet/trlicencias? HTTP/1.1" 200 8690
200.54.247.70 - - [09/Mar/2018:13:07:52 -0300] "POST /cormun/servlet/solicitudot?gx-no-cache=1520611619493 HTTP/1.1" 200 3284
200.54.247.70 - - [09/Mar/2018:13:07:53 -0300] "POST /cormun/servlet/solicitudot?df57abb2391e82f5e3ff2d42fd650097,INS,0,0,,gx-no-cache=1520611620355 HTTP/1.1" 200 10437
152.231.70.146 - - [09/Mar/2018:13:07:53 -0300] "GET /cormun/servlet/alicenciaprn?15105573,L,20180309000000,PU HTTP/1.1" 200 1530
186.103.156.166 - - [09/Mar/2018:13:07:54 -0300] "POST /cormun/servlet/solicitudotadjuntos?gx-no-cache=1520611632817 HTTP/1.1" 200 26
200.54.247.70 - - [09/Mar/2018:13:07:56 -0300] "GET /cormun/servlet/solicitudot?8501d0a4fc72d94bb199d711fe096e31d1cd6250054d2897079ff29b313788741de5098ae7136573fd5115b4f19a44ed,gx-no-cache=1520611624112 HTTP/1.1" 200 30
186.103.156.166 - - [09/Mar/2018:13:08:06 -0300] "GET /cormun/servlet/solicitudotadjuntos?9ace67dca8a21f35e6f837d63df59ccca6c8660a879ac45844849c9cad5fb8ef,gx-no-cache=1520611645293 HTTP/1.1" 200 30
186.103.156.166 - - [09/Mar/2018:13:08:07 -0300] "GET /cormun/servlet/solicitudotadjuntos?9ace67dca8a21f35e6f837d63df59ccca6c8660a879ac45844849c9cad5fb8ef,gx-no-cache=1520611645423 HTTP/1.1" 200 30
152.231.70.146 - - [09/Mar/2018:13:08:12 -0300] "POST /cormun/servlet/trlicencias?02a88c073cf73cba9b5e34c694f3c51a,,gx-no-cache=1520611641795 HTTP/1.1" 200 5919
152.231.70.146 - - [09/Mar/2018:13:08:12 -0300] "GET /cormun/static/Shared/jqueryui/images/ui-bg_highlight-soft_100_c6c2c8_1x100.png HTTP/1.1" 404 1117
186.67.84.236 - - [09/Mar/2018:13:08:12 -0300] "GET /cormun/static/Shared/jqueryui/images/ui-bg_flat_55_fafafa_40x100.png HTTP/1.1" 404 1097
152.231.70.146 - - [09/Mar/2018:13:08:12 -0300] "GET /cormun/static/Shared/jqueryui/images/ui-icons_8d78a5_256x240.png HTTP/1.1" 404 1089
190.151.99.26 - - [09/Mar/2018:13:08:13 -0300] "GET /cormun/static/Shared/jqueryui/images/ui-icons_82798d_256x240.png HTTP/1.1" 404 1089
186.103.156.166 - - [09/Mar/2018:13:08:19 -0300] "POST /cormun/servlet/solicitudotadjuntos?e512d9d86e22a06e181874815cd8b337,INS,2018,10372,,1, HTTP/1.1" 200 116
186.103.156.166 - - [09/Mar/2018:13:08:20 -0300] "GET /cormun/servlet/hpexe_return? HTTP/1.1" 200 1029
186.103.156.166 - - [09/Mar/2018:13:08:20 -0300] "GET /cormun/servlet/trsolicitudadjuntos?2018,10372, HTTP/1.1" 200 8961
186.103.156.166 - - [09/Mar/2018:13:08:22 -0300] "GET /cormun/servlet/trsolicitudadjuntos?2018,10372, HTTP/1.1" 200 8959
186.103.156.166 - - [09/Mar/2018:13:08:24 -0300] "GET /cormun/servlet/solicitudotadjuntos?INS,2018,10372,,1, HTTP/1.1" 200 6224
186.103.156.166 - - [09/Mar/2018:13:08:24 -0300] "GET /cormun/static/about:blank HTTP/1.1" 404 1011
186.103.156.166 - - [09/Mar/2018:13:08:24 -0300] "GET /cormun/servlet/solicitudotadjuntos?INS,2018,10372,,1, HTTP/1.1" 200 6217
