186.103.159.182 - - [09/Mar/2018:11:33:44 -0300] "POST /cormun/servlet/solicitudot?gx-no-cache=1520605921504 HTTP/1.1" 200 30
186.103.159.182 - - [09/Mar/2018:11:33:45 -0300] "POST /cormun/servlet/solicitudot?gx-no-cache=1520605921638 HTTP/1.1" 200 1336
186.67.172.234 - - [09/Mar/2018:11:33:46 -0300] "POST /cormun/servlet/solicitudot?gx-no-cache=1520605976367 HTTP/1.1" 200 30
186.103.159.182 - - [09/Mar/2018:11:33:46 -0300] "POST /cormun/servlet/solicitudot?gx-no-cache=1520605922227 HTTP/1.1" 200 41
186.103.159.182 - - [09/Mar/2018:11:33:46 -0300] "POST /cormun/servlet/solicitudot?gx-no-cache=1520605923410 HTTP/1.1" 200 1318
186.103.159.182 - - [09/Mar/2018:11:33:47 -0300] "POST /cormun/servlet/solicitudot?gx-no-cache=1520605923691 HTTP/1.1" 200 1218
186.103.159.182 - - [09/Mar/2018:11:33:47 -0300] "GET /cormun/servlet/solicitudot?8f1812e50a459df106e6868d65086d6c452c42bd04352bdd9f28f4d35b06810cce920a2af6091a9675410f32766d3526,gx-no-cache=1520605924153 HTTP/1.1" 200 30
186.103.159.182 - - [09/Mar/2018:11:33:47 -0300] "POST /cormun/servlet/solicitudot?gx-no-cache=1520605924255 HTTP/1.1" 200 33
186.103.159.182 - - [09/Mar/2018:11:33:53 -0300] "POST /cormun/servlet/solicitudot?cccc230fee2aa2cfa52370b99d13e2b2,INS,0,0,,gx-no-cache=1520605924561 HTTP/1.1" 200 12280
186.103.159.182 - - [09/Mar/2018:11:34:02 -0300] "GET /cormun/servlet/trcontratosolicitud? HTTP/1.1" 200 14890
186.103.159.182 - - [09/Mar/2018:11:34:05 -0300] "GET /cormun/servlet/trcontratosolicitud? HTTP/1.1" 200 14888
186.67.172.234 - - [09/Mar/2018:11:34:12 -0300] "POST /cormun/servlet/solicitudot?c340b640f937ba6d577a86f89f7db436,INS,0,0,,gx-no-cache=1520606000516 HTTP/1.1" 200 11928
192.168.10.56 - - [09/Mar/2018:11:34:15 -0300] "POST /cormun/servlet/hlogin?a68c72c6df29d4286cbeadbda1a3a0c1,gx-no-cache=1520605893063 HTTP/1.1" 200 90
192.168.10.56 - - [09/Mar/2018:11:34:15 -0300] "GET /cormun/servlet/hpexe_link HTTP/1.1" 200 950
192.168.10.56 - - [09/Mar/2018:11:34:15 -0300] "GET /cormun/servlet/hhome HTTP/1.1" 200 4483
192.168.10.56 - - [09/Mar/2018:11:34:15 -0300] "GET /cormun/servlet/hhome HTTP/1.1" 200 4479
192.168.10.56 - - [09/Mar/2018:11:34:17 -0300] "GET /cormun/servlet/trsolicitudgral? HTTP/1.1" 200 8999
192.168.10.56 - - [09/Mar/2018:11:34:18 -0300] "GET /cormun/servlet/trsolicitudgral? HTTP/1.1" 200 8997
186.103.159.182 - - [09/Mar/2018:11:34:19 -0300] "POST /cormun/servlet/trcontratosolicitud?cccc230fee2aa2cfa52370b99d13e2b2,,gx-no-cache=1520605950961 HTTP/1.1" 200 8494
192.168.10.56 - - [09/Mar/2018:11:34:27 -0300] "POST /cormun/servlet/trsolicitudgral?a68c72c6df29d4286cbeadbda1a3a0c1,,gx-no-cache=1520605905291 HTTP/1.1" 200 13068
186.67.172.234 - - [09/Mar/2018:11:34:33 -0300] "GET /cormun/servlet/solicitudot?3abb2657770c52243adc589623df79a31acb87af3f73ed7507f0311fa1b2f4fb6a3b9b7099d0a4d5c15fe16ba8022f13225788601fb10b9afc0334da2acc36b1,gx-no-cache=1520606023444 HTTP/1.1" 200 30
186.67.172.234 - - [09/Mar/2018:11:34:33 -0300] "POST /cormun/servlet/solicitudot?gx-no-cache=1520606023565 HTTP/1.1" 200 254
186.67.172.234 - - [09/Mar/2018:11:34:33 -0300] "GET /cormun/servlet/solicitudot?3abb2657770c52243adc589623df79a3d13330b85936ba231459ccacc312c37098500427c2f300d9dd2e44608794324d04048ca8900d35c2a752367d843cc7ccac7dc24f4a6bebfc1e1add263e1949d89ca9e293247783ee7ecaf9aaef10c6e5c85b0fdd78e4557ccd9c1680d6b8fe5c13ef49737a75b72071f96d4524d5351ba493f4cfb64e91a5e35273dac0f3cbffdfc31dbbe49dcdf7fb8fa2ae7827593e965c74c05749cacd6c6de59718698889aa0f474530a3dd7ed272e5ba0e82804ad2fe7a781619b30563f2d523ae29e1908432ce19765b8f5be3f99d35d817af272e300c2a93fabc8e63611672ac2d4ec40b4c3f69be14ddb4d66d29f31afce3283770466bd9c5c38a529595d96b524b1cac9afb72432e097fb2ded791c365888bd056b5b91f219cc520667eef88bd36c2b9e24c70da214d76f15a613b14ceace7da87ae3dd246563ab280cfdf799ceba5c4d0ff98f9c82038d4a893e327b6718dc9401234924e1e270a6f1d274a8af9874165bae5968b6a03f423f1757231d7ad,gx-no-cache=1520606023624 HTTP/1.1" 200 30
186.67.172.234 - - [09/Mar/2018:11:34:33 -0300] "POST /cormun/servlet/solicitudot?gx-no-cache=1520606023693 HTTP/1.1" 200 30
186.67.172.234 - - [09/Mar/2018:11:34:36 -0300] "POST /cormun/servlet/solicitudot?gx-no-cache=1520606023765 HTTP/1.1" 200 1337
186.67.172.234 - - [09/Mar/2018:11:34:36 -0300] "POST /cormun/servlet/solicitudot?gx-no-cache=1520606026506 HTTP/1.1" 200 41
186.67.172.234 - - [09/Mar/2018:11:34:40 -0300] "POST /cormun/servlet/solicitudot?gx-no-cache=1520606026575 HTTP/1.1" 200 1319
186.67.172.234 - - [09/Mar/2018:11:34:40 -0300] "POST /cormun/servlet/solicitudot?gx-no-cache=1520606029853 HTTP/1.1" 200 1219
186.67.172.234 - - [09/Mar/2018:11:34:40 -0300] "GET /cormun/servlet/solicitudot?3abb2657770c52243adc589623df79a3472090600c8cb653d2eec6796060a2eb7ffc4848d1d9b30bf6425b3c8f39815f,gx-no-cache=1520606030063 HTTP/1.1" 200 30
186.67.172.234 - - [09/Mar/2018:11:34:41 -0300] "POST /cormun/servlet/solicitudot?gx-no-cache=1520606030425 HTTP/1.1" 200 30
186.67.172.234 - - [09/Mar/2018:11:34:41 -0300] "POST /cormun/servlet/solicitudot?c340b640f937ba6d577a86f89f7db436,INS,0,0,,gx-no-cache=1520606030885 HTTP/1.1" 200 11983
186.103.159.182 - - [09/Mar/2018:11:34:46 -0300] "GET /cormun/servlet/trcontratoobservaciondir? HTTP/1.1" 200 6466
186.103.159.182 - - [09/Mar/2018:11:34:48 -0300] "GET /cormun/servlet/trcontratoobservaciondir? HTTP/1.1" 200 6466
186.103.159.182 - - [09/Mar/2018:11:34:53 -0300] "POST /cormun/servlet/trcontratoobservaciondir?cccc230fee2aa2cfa52370b99d13e2b2,,gx-no-cache=1520605989761 HTTP/1.1" 200 3962
186.103.159.182 - - [09/Mar/2018:11:35:04 -0300] "POST /cormun/servlet/acontrolpreferencessavestate?None,SGONGORA,true HTTP/1.1" 200 35
186.103.159.182 - - [09/Mar/2018:11:35:07 -0300] "GET /cormun/servlet/trcontratounov2? HTTP/1.1" 200 7074
186.67.172.234 - - [09/Mar/2018:11:35:08 -0300] "GET /cormun/servlet/solicitudot?3abb2657770c52243adc589623df79a31acb87af3f73ed7507f0311fa1b2f4fb6a3b9b7099d0a4d5c15fe16ba8022f13225788601fb10b9afc0334da2acc36b1,gx-no-cache=1520606058107 HTTP/1.1" 200 30
186.103.159.182 - - [09/Mar/2018:11:35:08 -0300] "GET /cormun/servlet/trcontratounov2? HTTP/1.1" 200 7073
186.67.172.234 - - [09/Mar/2018:11:35:09 -0300] "POST /cormun/servlet/solicitudot?gx-no-cache=1520606058211 HTTP/1.1" 200 254
186.67.172.234 - - [09/Mar/2018:11:35:10 -0300] "GET /cormun/servlet/solicitudot?3abb2657770c52243adc589623df79a3d13330b85936ba231459ccacc312c37098500427c2f300d9dd2e44608794324d04048ca8900d35c2a752367d843cc7ccac7dc24f4a6bebfc1e1add263e1949d89ca9e293247783ee7ecaf9aaef10c6e5c85b0fdd78e4557ccd9c1680d6b8fe5c13ef49737a75b72071f96d4524d5351ba493f4cfb64e91a5e35273dac0f3cbffdfc31dbbe49dcdf7fb8fa2ae7827593e965c74c05749cacd6c6de59718698889aa0f474530a3dd7ed272e5ba0e82804ad2fe7a781619b30563f2d523ae29e1908432ce19765b8f5be3f99d35d817af272e300c2a93fabc8e63611672ac2d4ec40b4c3f69be14ddb4d66d29f31afce3283770466bd9c5c38a529595d96b524b1cac9afb72432e097fb2ded791c365888bd056b5b91f219cc520667eef88bd36c2b9e24c70da214d76f15a613b14ceace7da87ae3dd246563ab280cfdf799ceba5c4d0ff98f9c82038d4a893e327b6718dc9401234924e1e270a6f1d274a8af9874165bae5968b6a03f423f1757231d7ad,gx-no-cache=1520606059545 HTTP/1.1" 200 30
186.67.172.234 - - [09/Mar/2018:11:35:11 -0300] "POST /cormun/servlet/solicitudot?gx-no-cache=1520606059996 HTTP/1.1" 200 30
186.67.172.234 - - [09/Mar/2018:11:35:12 -0300] "POST /cormun/servlet/solicitudot?gx-no-cache=1520606061247 HTTP/1.1" 200 1337
186.67.172.234 - - [09/Mar/2018:11:35:13 -0300] "POST /cormun/servlet/solicitudot?gx-no-cache=1520606062469 HTTP/1.1" 200 41
186.67.172.234 - - [09/Mar/2018:11:35:13 -0300] "POST /cormun/servlet/solicitudot?gx-no-cache=1520606062917 HTTP/1.1" 200 1319
186.67.172.234 - - [09/Mar/2018:11:35:13 -0300] "POST /cormun/servlet/solicitudot?gx-no-cache=1520606063456 HTTP/1.1" 200 1219
186.67.172.234 - - [09/Mar/2018:11:35:13 -0300] "GET /cormun/servlet/solicitudot?3abb2657770c52243adc589623df79a3472090600c8cb653d2eec6796060a2eb7ffc4848d1d9b30bf6425b3c8f39815f,gx-no-cache=1520606063585 HTTP/1.1" 200 30
186.67.172.234 - - [09/Mar/2018:11:35:14 -0300] "POST /cormun/servlet/solicitudot?gx-no-cache=1520606063655 HTTP/1.1" 200 30
186.103.159.182 - - [09/Mar/2018:11:35:15 -0300] "POST /cormun/servlet/trcontratounov2?cccc230fee2aa2cfa52370b99d13e2b2,,gx-no-cache=1520606011224 HTTP/1.1" 200 4203
186.67.172.234 - - [09/Mar/2018:11:35:17 -0300] "POST /cormun/servlet/solicitudot?c340b640f937ba6d577a86f89f7db436,INS,0,0,,gx-no-cache=1520606064323 HTTP/1.1" 200 12027
186.103.159.182 - - [09/Mar/2018:11:35:21 -0300] "GET /cormun/servlet/trsolicitudot? HTTP/1.1" 200 7491
186.103.159.182 - - [09/Mar/2018:11:35:22 -0300] "GET /cormun/servlet/trsolicitudot? HTTP/1.1" 200 7491
186.67.172.234 - - [09/Mar/2018:11:35:27 -0300] "GET /cormun/servlet/solicitudot?3abb2657770c52243adc589623df79a3651c0f4b746f6371362aa7f115b8c7f4,gx-no-cache=1520606077204 HTTP/1.1" 200 103
186.67.172.234 - - [09/Mar/2018:11:35:27 -0300] "POST /cormun/servlet/solicitudot?gx-no-cache=1520606077303 HTTP/1.1" 200 254
186.67.172.234 - - [09/Mar/2018:11:35:28 -0300] "GET /cormun/servlet/solicitudot?3abb2657770c52243adc589623df79a3d13330b85936ba231459ccacc312c37098500427c2f300d9dd2e44608794324d04048ca8900d35c2a752367d843cc7ccac7dc24f4a6bebfc1e1add263e1949d89ca9e293247783ee7ecaf9aaef10c6e5c85b0fdd78e4557ccd9c1680d6b8fe5c13ef49737a75b72071f96d4524d5351ba493f4cfb64e91a5e35273dac0f3cbffdfc31dbbe49dcdf7fb8fa2ae7827593e965c74c05749cacd6c6de59718698889aa0f474530a3dd7ed272e5ba0e82804ad2fe7a781619b30563f2d523ae29e1908432ce19765b8f5be3f99d35d817af272e300c2a93fabc8e63611672ac2d4ec40b4c3f69be14ddb4d66d29f31afce3283770466bd9c5c38a529595d96b524b1cac9afb72432e097fb2ded791c365888bd056b5b91f219cc520667eef88bd36c2b9e24c70da214d76f15a613b14ceace7da87ae3dd246563ab280cfdf799ceba5c4d0ff98f9c82038d4a893e327b6718dc9401234924e1e270a6f1d274a8af9874165bae5968b6a03f423f1757231d7ad,gx-no-cache=1520606077772 HTTP/1.1" 200 30
186.67.172.234 - - [09/Mar/2018:11:35:28 -0300] "POST /cormun/servlet/solicitudot?gx-no-cache=1520606077838 HTTP/1.1" 200 30
186.67.172.234 - - [09/Mar/2018:11:35:28 -0300] "POST /cormun/servlet/solicitudot?gx-no-cache=1520606077905 HTTP/1.1" 200 1337
186.67.172.234 - - [09/Mar/2018:11:35:28 -0300] "POST /cormun/servlet/solicitudot?gx-no-cache=1520606078539 HTTP/1.1" 200 41
186.67.172.234 - - [09/Mar/2018:11:35:29 -0300] "POST /cormun/servlet/solicitudot?gx-no-cache=1520606078611 HTTP/1.1" 200 1319
186.67.172.234 - - [09/Mar/2018:11:35:29 -0300] "POST /cormun/servlet/solicitudot?gx-no-cache=1520606079129 HTTP/1.1" 200 1219
186.67.172.234 - - [09/Mar/2018:11:35:30 -0300] "GET /cormun/servlet/solicitudot?3abb2657770c52243adc589623df79a3472090600c8cb653d2eec6796060a2eb7ffc4848d1d9b30bf6425b3c8f39815f,gx-no-cache=1520606079789 HTTP/1.1" 200 30
186.67.172.234 - - [09/Mar/2018:11:35:30 -0300] "POST /cormun/servlet/solicitudot?gx-no-cache=1520606079863 HTTP/1.1" 200 30
186.67.172.234 - - [09/Mar/2018:11:35:30 -0300] "POST /cormun/servlet/solicitudot?c340b640f937ba6d577a86f89f7db436,INS,0,0,,gx-no-cache=1520606079934 HTTP/1.1" 200 12092
190.151.124.170 - - [09/Mar/2018:11:35:54 -0300] "GET /cormun/servlet/solicitudotadjuntos?a9964e3e40c2dc518aa990fcc8f8409c5058ed16c630e6d368e3db9025b90dce,gx-no-cache=1520606104245 HTTP/1.1" 200 30
190.151.124.170 - - [09/Mar/2018:11:35:54 -0300] "GET /cormun/servlet/solicitudotadjuntos?a9964e3e40c2dc518aa990fcc8f8409c5058ed16c630e6d368e3db9025b90dce,gx-no-cache=1520606104401 HTTP/1.1" 200 30
190.151.124.170 - - [09/Mar/2018:11:36:34 -0300] "POST /cormun/servlet/solicitudotadjuntos?02a88c073cf73cba9b5e34c694f3c51a,INS,2018,10349,,1, HTTP/1.1" 200 7098
186.103.196.90 - - [09/Mar/2018:11:36:50 -0300] "POST /cormun/servlet/solicitudotadjuntos?02a88c073cf73cba9b5e34c694f3c51a,INS,2018,10349,,1, HTTP/1.1" 200 116
186.103.196.90 - - [09/Mar/2018:11:36:50 -0300] "GET /cormun/servlet/hpexe_return? HTTP/1.1" 200 1024
186.103.196.90 - - [09/Mar/2018:11:36:51 -0300] "GET /cormun/servlet/trsolicitudadjuntos?2018,10349, HTTP/1.1" 200 9763
186.103.196.90 - - [09/Mar/2018:11:36:52 -0300] "GET /cormun/servlet/trsolicitudadjuntos?2018,10349, HTTP/1.1" 200 9759
186.67.172.234 - - [09/Mar/2018:11:37:00 -0300] "GET /cormun/servlet/solicitudot?3abb2657770c52243adc589623df79a37828f4def6af20537a8283ba1b10f8f4559dd88648cb423bbd11b723285fa9d174e7a14f6294c7b5d7622f5b02b6e753,gx-no-cache=1520606170265 HTTP/1.1" 200 30
186.67.172.234 - - [09/Mar/2018:11:37:00 -0300] "POST /cormun/servlet/solicitudot?gx-no-cache=1520606170382 HTTP/1.1" 200 254
186.67.172.234 - - [09/Mar/2018:11:37:00 -0300] "GET /cormun/servlet/solicitudot?3abb2657770c52243adc589623df79a3d13330b85936ba231459ccacc312c37098500427c2f300d9dd2e44608794324d04048ca8900d35c2a752367d843cc7ccac7dc24f4a6bebfc1e1add263e1949d89ca9e293247783ee7ecaf9aaef10c6e5c85b0fdd78e4557ccd9c1680d6b8fe5c13ef49737a75b72071f96d4524d5351ba493f4cfb64e91a5e35273dac0f3cbffdfc31dbbe49dcdf7fb8fa2ae7827593e965c74c05749cacd6c6de59718698889aa0f474530a3dd7ed272e5ba0e82804ad2fe7a781619b30563f2d523ae29e1908432ce19765b8f5be3f99d35d817af272e300c2a93fabc8e63611672ac2d4ec40b4c3f69be14ddb4d66d29f31afce3283770466bd9c5c38a529595d96b524b1cac9afb72432e097fb2ded791c365888bd056b5b91f219cc520667eef88bd36c2b9e24c70da214d76f15a613b14ceace7da87ae3dd246563ab280cfdf799ceba5c4d0ff98f9c82038d4a893e327b6718dc9401234924e1e270a6f1d274a8af9874165bae5968b6a03f423f1757231d7ad,gx-no-cache=1520606170459 HTTP/1.1" 200 30
186.67.172.234 - - [09/Mar/2018:11:37:00 -0300] "POST /cormun/servlet/solicitudot?gx-no-cache=1520606170528 HTTP/1.1" 200 30
186.67.172.234 - - [09/Mar/2018:11:37:01 -0300] "POST /cormun/servlet/solicitudot?gx-no-cache=1520606170595 HTTP/1.1" 200 1337
186.67.172.234 - - [09/Mar/2018:11:37:01 -0300] "POST /cormun/servlet/solicitudot?gx-no-cache=1520606171452 HTTP/1.1" 200 41
186.67.172.234 - - [09/Mar/2018:11:37:02 -0300] "POST /cormun/servlet/solicitudot?gx-no-cache=1520606171519 HTTP/1.1" 200 1319
186.67.172.234 - - [09/Mar/2018:11:37:03 -0300] "POST /cormun/servlet/solicitudot?gx-no-cache=1520606172096 HTTP/1.1" 200 1219
186.67.172.234 - - [09/Mar/2018:11:37:06 -0300] "GET /cormun/servlet/solicitudot?3abb2657770c52243adc589623df79a3472090600c8cb653d2eec6796060a2eb7ffc4848d1d9b30bf6425b3c8f39815f,gx-no-cache=1520606172903 HTTP/1.1" 200 30
186.67.172.234 - - [09/Mar/2018:11:37:15 -0300] "POST /cormun/servlet/solicitudot?gx-no-cache=1520606176525 HTTP/1.1" 200 30
186.67.172.234 - - [09/Mar/2018:11:37:16 -0300] "POST /cormun/servlet/solicitudot?c340b640f937ba6d577a86f89f7db436,INS,0,0,,gx-no-cache=1520606184870 HTTP/1.1" 200 12139
157.55.39.94 - - [09/Mar/2018:11:37:19 -0300] "GET /cormun/servlet/solicitudot?UPD,2016,2672, HTTP/1.1" 200 13214
186.103.159.182 - - [09/Mar/2018:11:37:24 -0300] "POST /cormun/servlet/trsolicitudot?cccc230fee2aa2cfa52370b99d13e2b2,,gx-no-cache=1520606140277 HTTP/1.1" 200 4484
186.103.159.182 - - [09/Mar/2018:11:37:30 -0300] "POST /cormun/servlet/trsolicitudot?cccc230fee2aa2cfa52370b99d13e2b2,,gx-no-cache=1520606145729 HTTP/1.1" 200 6207
186.67.172.234 - - [09/Mar/2018:11:37:40 -0300] "POST /cormun/servlet/solicitudot?gx-no-cache=1520606210360 HTTP/1.1" 200 30
186.67.172.234 - - [09/Mar/2018:11:37:44 -0300] "GET /cormun/servlet/prcontratosol?7145354,,,,,MD,,gxPopupLevel%3D0%3B HTTP/1.1" 200 8041
186.67.172.234 - - [09/Mar/2018:11:37:47 -0300] "POST /cormun/servlet/solicitudot?gx-no-cache=1520606216984 HTTP/1.1" 200 1337
186.67.172.234 - - [09/Mar/2018:11:37:48 -0300] "POST /cormun/servlet/solicitudot?gx-no-cache=1520606217584 HTTP/1.1" 200 41
186.67.172.234 - - [09/Mar/2018:11:37:49 -0300] "POST /cormun/servlet/solicitudot?gx-no-cache=1520606218030 HTTP/1.1" 200 1319
186.67.172.234 - - [09/Mar/2018:11:37:49 -0300] "POST /cormun/servlet/solicitudot?gx-no-cache=1520606218854 HTTP/1.1" 200 1219
186.67.172.234 - - [09/Mar/2018:11:37:49 -0300] "GET /cormun/servlet/solicitudot?3abb2657770c52243adc589623df79a35891490ea33a362245896d13dc5ea78b7ffc4848d1d9b30bf6425b3c8f39815f,gx-no-cache=1520606218975 HTTP/1.1" 200 134
186.103.196.90 - - [09/Mar/2018:11:37:51 -0300] "GET /cormun/servlet/trsolicitudot? HTTP/1.1" 200 8764
186.103.196.90 - - [09/Mar/2018:11:37:51 -0300] "GET /cormun/servlet/trsolicitudot? HTTP/1.1" 200 8757
192.168.10.62 - - [09/Mar/2018:11:37:55 -0300] "GET /cormun/servlet/vesolicitudgral?2018,9521,, HTTP/1.1" 200 9067
192.168.10.62 - - [09/Mar/2018:11:37:55 -0300] "GET /cormun/pexe_scrolldiv.js HTTP/1.1" 404 1009
192.168.10.62 - - [09/Mar/2018:11:37:55 -0300] "GET /cormun/pexe_scrolldiv.js HTTP/1.1" 404 1009
192.168.10.62 - - [09/Mar/2018:11:37:55 -0300] "GET /cormun/servlet/vesolicitudgral?2018,9521,, HTTP/1.1" 200 9066
192.168.10.56 - - [09/Mar/2018:11:37:55 -0300] "GET /cormun/servlet/hlogin HTTP/1.1" 200 1738
192.168.10.62 - - [09/Mar/2018:11:37:57 -0300] "POST /cormun/servlet/vesolicitudgral?42fd19352fe966bae33efe10ae1593c4,2018,9521,,,gx-no-cache=1520606115554 HTTP/1.1" 200 115
192.168.10.62 - - [09/Mar/2018:11:37:57 -0300] "GET /cormun/servlet/solicitudotlog?INS,2018,9521,0,REC, HTTP/1.1" 200 6271
192.168.10.62 - - [09/Mar/2018:11:37:57 -0300] "GET /cormun/servlet/solicitudotlog?INS,2018,9521,0,REC, HTTP/1.1" 200 6266
192.168.10.62 - - [09/Mar/2018:11:37:58 -0300] "GET /cormun/servlet/solicitudotlog?00177beeca5e81a1e545438f2a5c0419647f15856099c6de9b677adb3c3b52e80466a6bf4926ad7cd127d33d76fcb8c16eea0db1f64ff5e383f6870b9298233061cb80b050a3841195d811c25ac4f1b779b7577c9f9b49c3d998fe7f6364e83e3c09f83450612bad54004be1d79eece13d5453acb95e20927911cd105b46cab49f129b3117b77026651ca7b88d0ef06f70868dead86f77fdc33371494dd9360d,gx-no-cache=1520606116441 HTTP/1.1" 200 94
186.67.172.234 - - [09/Mar/2018:11:37:59 -0300] "GET /cormun/servlet/solicitudot?3abb2657770c52243adc589623df79a3472090600c8cb653d2eec6796060a2eb7ffc4848d1d9b30bf6425b3c8f39815f,gx-no-cache=1520606228865 HTTP/1.1" 200 30
192.168.10.62 - - [09/Mar/2018:11:38:02 -0300] "POST /cormun/servlet/solicitudotlog?42fd19352fe966bae33efe10ae1593c4,INS,2018,9521,0,REC,,gx-no-cache=1520606120915 HTTP/1.1" 200 93
192.168.10.62 - - [09/Mar/2018:11:38:02 -0300] "GET /cormun/servlet/hpexe_return? HTTP/1.1" 200 1026
192.168.10.62 - - [09/Mar/2018:11:38:03 -0300] "GET /cormun/servlet/vesolicitudgral?2018,9521,, HTTP/1.1" 200 9079
192.168.10.62 - - [09/Mar/2018:11:38:03 -0300] "GET /cormun/pexe_scrolldiv.js HTTP/1.1" 404 1009
192.168.10.62 - - [09/Mar/2018:11:38:03 -0300] "GET /cormun/pexe_scrolldiv.js HTTP/1.1" 404 1009
192.168.10.62 - - [09/Mar/2018:11:38:03 -0300] "GET /cormun/servlet/vesolicitudgral?2018,9521,, HTTP/1.1" 200 9075
200.54.18.125 - - [09/Mar/2018:11:38:10 -0300] "POST /cormun/servlet/trsolicitudot?02a88c073cf73cba9b5e34c694f3c51a,,gx-no-cache=1520606238099 HTTP/1.1" 200 4670
200.54.18.125 - - [09/Mar/2018:11:38:10 -0300] "GET /cormun/static/Shared/jqueryui/images/ui-bg_highlight-soft_100_c6c2c8_1x100.png HTTP/1.1" 404 1117
200.54.18.125 - - [09/Mar/2018:11:38:11 -0300] "POST /cormun/servlet/trsolicitudot?02a88c073cf73cba9b5e34c694f3c51a,,gx-no-cache=1520606240494 HTTP/1.1" 200 4465
200.54.18.125 - - [09/Mar/2018:11:38:11 -0300] "GET /cormun/static/Shared/jqueryui/images/ui-icons_82798d_256x240.png HTTP/1.1" 404 1089
200.54.18.125 - - [09/Mar/2018:11:38:11 -0300] "GET /cormun/static/Shared/jqueryui/images/ui-bg_flat_55_fafafa_40x100.png HTTP/1.1" 404 1097
200.54.18.125 - - [09/Mar/2018:11:38:11 -0300] "GET /cormun/static/Shared/jqueryui/images/ui-icons_8d78a5_256x240.png HTTP/1.1" 404 1089
192.168.10.62 - - [09/Mar/2018:11:38:15 -0300] "POST /cormun/servlet/vesolicitudgral?42fd19352fe966bae33efe10ae1593c4,2018,9521,,,gx-no-cache=1520606133932 HTTP/1.1" 200 93
192.168.10.62 - - [09/Mar/2018:11:38:15 -0300] "GET /cormun/servlet/hpexe_return? HTTP/1.1" 200 1033
192.168.10.62 - - [09/Mar/2018:11:38:16 -0300] "GET /cormun/servlet/trsolicitudgral?gx-no-cache=1520604432786 HTTP/1.1" 200 16253
192.168.10.62 - - [09/Mar/2018:11:38:16 -0300] "GET /cormun/servlet/trsolicitudgral?gx-no-cache=1520604432786 HTTP/1.1" 200 16270
200.54.18.125 - - [09/Mar/2018:11:38:19 -0300] "POST /cormun/servlet/trsolicitudot?02a88c073cf73cba9b5e34c694f3c51a,,gx-no-cache=1520606248904 HTTP/1.1" 200 6163
192.168.10.62 - - [09/Mar/2018:11:38:24 -0300] "GET /cormun/servlet/vesolicitudgral?2018,9864,, HTTP/1.1" 200 9101
192.168.10.62 - - [09/Mar/2018:11:38:24 -0300] "GET /cormun/pexe_scrolldiv.js HTTP/1.1" 404 1009
192.168.10.62 - - [09/Mar/2018:11:38:24 -0300] "GET /cormun/pexe_scrolldiv.js HTTP/1.1" 404 1009
192.168.10.62 - - [09/Mar/2018:11:38:24 -0300] "GET /cormun/servlet/vesolicitudgral?2018,9864,, HTTP/1.1" 200 9078
186.103.159.182 - - [09/Mar/2018:11:38:25 -0300] "GET /cormun/servlet/vesolicitudot?2018,8711,, HTTP/1.1" 200 8668
186.103.159.182 - - [09/Mar/2018:11:38:25 -0300] "GET /cormun/static/gxcfg.js?2017111422591385 HTTP/1.1" 200 953
186.103.159.182 - - [09/Mar/2018:11:38:25 -0300] "GET /cormun/pexe_scrolldiv.js HTTP/1.1" 404 1009
186.103.159.182 - - [09/Mar/2018:11:38:25 -0300] "GET /cormun/static/hwcviewtabs.js?20177611594913 HTTP/1.1" 200 1074
186.103.159.182 - - [09/Mar/2018:11:38:25 -0300] "GET /cormun/pexe_scrolldiv.js HTTP/1.1" 404 1009
186.103.159.182 - - [09/Mar/2018:11:38:25 -0300] "GET /cormun/static/hpexe_tabsview.js?201610171694228 HTTP/1.1" 200 1661
186.103.159.182 - - [09/Mar/2018:11:38:25 -0300] "GET /cormun/static/Resources/PXToolsTabFirstSelected.png HTTP/1.1" 200 1259
186.103.159.182 - - [09/Mar/2018:11:38:25 -0300] "GET /cormun/static/Resources/PXToolsTabLastUnselected.png HTTP/1.1" 200 1291
186.103.159.182 - - [09/Mar/2018:11:38:25 -0300] "GET /cormun/static/tbsolicitudot01.js?2017111422581186 HTTP/1.1" 200 30566
186.103.159.182 - - [09/Mar/2018:11:38:25 -0300] "GET /cormun/static/Resources/PXToolsTabNext.gif HTTP/1.1" 200 168
186.103.159.182 - - [09/Mar/2018:11:38:25 -0300] "GET /cormun/static/vesolicitudot.js?2017111422591449 HTTP/1.1" 200 6091
186.103.159.182 - - [09/Mar/2018:11:38:26 -0300] "GET /cormun/static/Resources/PXToolsTabPrevious.gif HTTP/1.1" 200 172
192.168.10.62 - - [09/Mar/2018:11:38:26 -0300] "POST /cormun/servlet/vesolicitudgral?42fd19352fe966bae33efe10ae1593c4,2018,9864,,,gx-no-cache=1520606144445 HTTP/1.1" 200 107
186.103.159.182 - - [09/Mar/2018:11:38:26 -0300] "GET /cormun/static/calendar-system.css HTTP/1.1" 200 5572
192.168.10.62 - - [09/Mar/2018:11:38:26 -0300] "GET /cormun/servlet/solicitudgral?UPD,2018,9864, HTTP/1.1" 200 12926
186.103.159.182 - - [09/Mar/2018:11:38:26 -0300] "GET /cormun/static/Resources/PXToolsTabBackSelected.png HTTP/1.1" 200 1157
186.103.159.182 - - [09/Mar/2018:11:38:26 -0300] "GET /cormun/static/Resources/PXToolsTabUnselectedUnselected.png HTTP/1.1" 200 1459
186.103.159.182 - - [09/Mar/2018:11:38:26 -0300] "GET /cormun/static/Resources/PXToolsTabSelectedUnselected.png HTTP/1.1" 200 1428
186.103.159.182 - - [09/Mar/2018:11:38:26 -0300] "GET /cormun/servlet/vesolicitudot?2018,8711,, HTTP/1.1" 200 8668
186.103.159.182 - - [09/Mar/2018:11:38:26 -0300] "GET /cormun/static/Resources/PXToolsTabBackUnselected.png HTTP/1.1" 200 1175
192.168.10.62 - - [09/Mar/2018:11:38:27 -0300] "GET /cormun/servlet/solicitudgral?UPD,2018,9864, HTTP/1.1" 200 12926
192.168.10.62 - - [09/Mar/2018:11:38:28 -0300] "POST /cormun/servlet/solicitudgral?gx-no-cache=1520606146046 HTTP/1.1" 200 3911
192.168.10.62 - - [09/Mar/2018:11:38:28 -0300] "GET /cormun/servlet/solicitudgral?00177beeca5e81a1e545438f2a5c0419ee9ba5d1a3028477aed688b476c4ffe6c22475479d498811193e46b207529f7f049392f9cc708891ed25dd5cd0bcfe652d4dff95a12b13fc121115d76dca710ae45c3476d0a6ad72527f8716474de88ab4a5a682775b7bdefb4918822b4bca830540aebf9caf9401db6305cda7f9c0c17bc7d40e55e513504a66e8fae9070e6085ae610d068513c91b76062d8cdc87864bd45c2a9109b8d1484722381a8464fe299a6bb5579619b7e8e885693fd2cbf4eb9fcd7945bc8ffa80b712e6d25364acff747ce01c9da08491cf71ac7e82100efb08f32623c25281cf4f3ee5e1c8f3d30466a6bf4926ad7cd127d33d76fcb8c1aa61ffd00ae39bf4aef61c6912a3802bf85a8701366c9c83f4d3ad572a400aca310697a240da970279d508dad32d85e16330bd5203515405f28f801cf584ffecebe49c3f5eb9dc855b0270a9196c75e6,gx-no-cache=1520606146178 HTTP/1.1" 200 255
192.168.10.62 - - [09/Mar/2018:11:38:28 -0300] "GET /cormun/servlet/solicitudgral?00177beeca5e81a1e545438f2a5c041917ca416165fe82ba2a7de4112140c8e5da8ae1f4c2e8727c30f232282de1b55aa5443f9c5f32f5987c45d229963672711770b51a21e66e0e96c48bf9dc1e2cbb5d81e7e5726e9215243f69dfd32b7c214cddfc85101b1475082cd54d86b86d53aa2b61d93580adcbc107f4bff4154801694b2edf142ebdeac4d0e0162caef3da48898f332ae3b8de32be0766221297c4fba77414439ea739f255c3730e329a6e313430902108f2f5451d776df16d829c8100bf084b4d96844f0f5c0bcf86dd897506eb30a335719e0d68545a30790fc8e9fb57d0e92c1fd3f976c406d32f6925ad7a38d67193d0331b98a5f3d6f6973e0618e29be7a018c1f186dd4fa41c19a8bbc7886a562c50873ba736f57b36166d54c4cb19acec8f68544d942619bef9c3dd20f26230d53762e2d35dc58542b1d1e1aa788eabdbcaad23c0c72f265a2719859534d6b888192bcc6f2a76d127dd24a5f38bec0bf26c8d34327d0f77837db54c30fb5564f32c4c0f80be485d0ecb340085018f2dfc46bdf738f64d0fe1680a5e35724068d8a6cae73acc95740ca241ddd74350722851a6fae296ea45a00835,gx-no-cache=1520606146463 HTTP/1.1" 200 48
192.168.10.62 - - [09/Mar/2018:11:38:30 -0300] "POST /cormun/servlet/solicitudgral?42fd19352fe966bae33efe10ae1593c4,UPD,2018,9864,,gx-no-cache=1520606148890 HTTP/1.1" 200 11818
192.168.10.62 - - [09/Mar/2018:11:38:31 -0300] "GET /cormun/servlet/solicitudgral?00177beeca5e81a1e545438f2a5c041994c48324d3abf5618b5538ce6248ebab5c8cc800766c55351e4b873cce970009c5477d3dc0ae44a4d842c05cee7a47f582673fe8962d9fe7dd4d909f604b55570085fa6878787ac0131863e9e72bab00f879e48bd9f9fda4ff8f4a5a7a19c299796041941e95906a7a7717084e669890e159d272281cb42104ddd6d6c2693a8f9771b041fc33c75a0a3ef1fbdf6f8e49,gx-no-cache=1520606149086 HTTP/1.1" 200 29
192.168.10.62 - - [09/Mar/2018:11:38:31 -0300] "POST /cormun/servlet/solicitudgral?gx-no-cache=1520606149116 HTTP/1.1" 200 1295
192.168.10.62 - - [09/Mar/2018:11:38:31 -0300] "POST /cormun/servlet/solicitudgral?gx-no-cache=1520606149169 HTTP/1.1" 200 1219
192.168.10.62 - - [09/Mar/2018:11:38:31 -0300] "POST /cormun/servlet/solicitudgral?42fd19352fe966bae33efe10ae1593c4,UPD,2018,9864,,gx-no-cache=1520606149223 HTTP/1.1" 200 93
192.168.10.62 - - [09/Mar/2018:11:38:31 -0300] "GET /cormun/servlet/hpexe_return? HTTP/1.1" 200 1017
192.168.10.62 - - [09/Mar/2018:11:38:31 -0300] "GET /cormun/servlet/vesolicitudgral?2018,9864,, HTTP/1.1" 200 9083
192.168.10.62 - - [09/Mar/2018:11:38:31 -0300] "GET /cormun/pexe_scrolldiv.js HTTP/1.1" 404 1009
192.168.10.62 - - [09/Mar/2018:11:38:31 -0300] "GET /cormun/pexe_scrolldiv.js HTTP/1.1" 404 1009
192.168.10.62 - - [09/Mar/2018:11:38:31 -0300] "GET /cormun/servlet/vesolicitudgral?2018,9864,, HTTP/1.1" 200 9079
192.168.10.62 - - [09/Mar/2018:11:38:38 -0300] "POST /cormun/servlet/vesolicitudgral?42fd19352fe966bae33efe10ae1593c4,2018,9864,,,gx-no-cache=1520606156877 HTTP/1.1" 200 12033
192.168.10.62 - - [09/Mar/2018:11:38:39 -0300] "GET /cormun/static/Shared/jqueryui/images/ui-bg_highlight-soft_100_c6c2c8_1x100.png HTTP/1.1" 404 1117
192.168.10.62 - - [09/Mar/2018:11:38:39 -0300] "GET /cormun/static/Shared/jqueryui/images/ui-icons_82798d_256x240.png HTTP/1.1" 404 1089
192.168.10.62 - - [09/Mar/2018:11:38:39 -0300] "GET /cormun/static/Shared/jqueryui/images/ui-bg_flat_55_fafafa_40x100.png HTTP/1.1" 404 1097
192.168.10.62 - - [09/Mar/2018:11:38:39 -0300] "GET /cormun/static/Shared/jqueryui/images/ui-icons_8d78a5_256x240.png HTTP/1.1" 404 1089
192.168.10.62 - - [09/Mar/2018:11:38:39 -0300] "POST /cormun/servlet/vesolicitudgral?42fd19352fe966bae33efe10ae1593c4,2018,9864,,,gx-no-cache=1520606157113 HTTP/1.1" 200 11968
200.54.18.125 - - [09/Mar/2018:11:38:39 -0300] "POST /cormun/servlet/trsolicitudot?02a88c073cf73cba9b5e34c694f3c51a,,gx-no-cache=1520606268576 HTTP/1.1" 200 6141
192.168.10.62 - - [09/Mar/2018:11:38:43 -0300] "POST /cormun/servlet/vesolicitudgral?42fd19352fe966bae33efe10ae1593c4,2018,9864,,,gx-no-cache=1520606161238 HTTP/1.1" 200 90
192.168.10.62 - - [09/Mar/2018:11:38:43 -0300] "GET /cormun/servlet/hpexe_link HTTP/1.1" 200 987
192.168.10.62 - - [09/Mar/2018:11:38:43 -0300] "GET /cormun/servlet/trsolicitudgral?gx-no-cache=1520604432786 HTTP/1.1" 200 15895
192.168.10.62 - - [09/Mar/2018:11:38:43 -0300] "GET /cormun/servlet/trsolicitudgral?gx-no-cache=1520604432786 HTTP/1.1" 200 15916
192.168.10.62 - - [09/Mar/2018:11:38:46 -0300] "GET /cormun/servlet/vesolicitudgral?2018,9848,, HTTP/1.1" 200 9070
192.168.10.62 - - [09/Mar/2018:11:38:46 -0300] "GET /cormun/pexe_scrolldiv.js HTTP/1.1" 404 1009
192.168.10.62 - - [09/Mar/2018:11:38:46 -0300] "GET /cormun/pexe_scrolldiv.js HTTP/1.1" 404 1009
192.168.10.62 - - [09/Mar/2018:11:38:46 -0300] "GET /cormun/servlet/vesolicitudgral?2018,9848,, HTTP/1.1" 200 9048
192.168.10.62 - - [09/Mar/2018:11:38:54 -0300] "POST /cormun/servlet/vesolicitudgral?42fd19352fe966bae33efe10ae1593c4,2018,9848,,,gx-no-cache=1520606172713 HTTP/1.1" 200 12056
192.168.10.62 - - [09/Mar/2018:11:38:54 -0300] "GET /cormun/static/Shared/jqueryui/images/ui-icons_82798d_256x240.png HTTP/1.1" 404 1089
192.168.10.62 - - [09/Mar/2018:11:38:54 -0300] "GET /cormun/static/Shared/jqueryui/images/ui-bg_highlight-soft_100_c6c2c8_1x100.png HTTP/1.1" 404 1117
192.168.10.62 - - [09/Mar/2018:11:38:54 -0300] "GET /cormun/static/Shared/jqueryui/images/ui-bg_flat_55_fafafa_40x100.png HTTP/1.1" 404 1097
192.168.10.62 - - [09/Mar/2018:11:38:54 -0300] "GET /cormun/static/Shared/jqueryui/images/ui-icons_8d78a5_256x240.png HTTP/1.1" 404 1089
192.168.10.62 - - [09/Mar/2018:11:38:54 -0300] "POST /cormun/servlet/vesolicitudgral?42fd19352fe966bae33efe10ae1593c4,2018,9848,,,gx-no-cache=1520606172929 HTTP/1.1" 200 11990
200.54.18.125 - - [09/Mar/2018:11:38:55 -0300] "POST /cormun/servlet/trsolicitudot?02a88c073cf73cba9b5e34c694f3c51a,,gx-no-cache=1520606283527 HTTP/1.1" 200 6141
192.168.10.62 - - [09/Mar/2018:11:38:57 -0300] "POST /cormun/servlet/vesolicitudgral?42fd19352fe966bae33efe10ae1593c4,2018,9848,,,gx-no-cache=1520606175210 HTTP/1.1" 200 90
192.168.10.62 - - [09/Mar/2018:11:38:57 -0300] "GET /cormun/servlet/hpexe_link HTTP/1.1" 200 987
192.168.10.62 - - [09/Mar/2018:11:38:57 -0300] "GET /cormun/servlet/trsolicitudgral?gx-no-cache=1520604432786 HTTP/1.1" 200 15430
192.168.10.62 - - [09/Mar/2018:11:38:57 -0300] "GET /cormun/servlet/trsolicitudgral?gx-no-cache=1520604432786 HTTP/1.1" 200 15451
186.103.159.182 - - [09/Mar/2018:11:39:03 -0300] "POST /cormun/servlet/vesolicitudot?cccc230fee2aa2cfa52370b99d13e2b2,2018,8711,,,gx-no-cache=1520606240123 HTTP/1.1" 200 90
186.103.159.182 - - [09/Mar/2018:11:39:03 -0300] "GET /cormun/servlet/hpexe_link HTTP/1.1" 200 959
186.103.159.182 - - [09/Mar/2018:11:39:04 -0300] "GET /cormun/servlet/trsolicitudot? HTTP/1.1" 200 9198
192.168.10.62 - - [09/Mar/2018:11:39:05 -0300] "GET /cormun/servlet/vesolicitudgral?2018,9818,, HTTP/1.1" 200 9092
192.168.10.62 - - [09/Mar/2018:11:39:06 -0300] "GET /cormun/pexe_scrolldiv.js HTTP/1.1" 404 1009
186.103.159.182 - - [09/Mar/2018:11:39:06 -0300] "GET /cormun/servlet/trsolicitudot? HTTP/1.1" 200 9197
192.168.10.62 - - [09/Mar/2018:11:39:06 -0300] "GET /cormun/pexe_scrolldiv.js HTTP/1.1" 404 1009
192.168.10.62 - - [09/Mar/2018:11:39:06 -0300] "GET /cormun/servlet/vesolicitudgral?2018,9818,, HTTP/1.1" 200 9070
192.168.10.62 - - [09/Mar/2018:11:39:08 -0300] "POST /cormun/servlet/vesolicitudgral?42fd19352fe966bae33efe10ae1593c4,2018,9818,,,gx-no-cache=1520606186504 HTTP/1.1" 200 106
192.168.10.62 - - [09/Mar/2018:11:39:08 -0300] "GET /cormun/servlet/solicitudgral?UPD,2018,9818, HTTP/1.1" 200 12918
192.168.10.62 - - [09/Mar/2018:11:39:09 -0300] "GET /cormun/servlet/solicitudgral?UPD,2018,9818, HTTP/1.1" 200 12918
192.168.10.62 - - [09/Mar/2018:11:39:09 -0300] "POST /cormun/servlet/solicitudgral?gx-no-cache=1520606187521 HTTP/1.1" 200 3916
192.168.10.62 - - [09/Mar/2018:11:39:09 -0300] "GET /cormun/servlet/solicitudgral?00177beeca5e81a1e545438f2a5c0419ee9ba5d1a3028477aed688b476c4ffe6c22475479d498811193e46b207529f7f049392f9cc708891ed25dd5cd0bcfe652d4dff95a12b13fc121115d76dca710ae45c3476d0a6ad72527f8716474de88ab4a5a682775b7bdefb4918822b4bca830540aebf9caf9401db6305cda7f9c0c17bc7d40e55e513504a66e8fae9070e6085ae610d068513c91b76062d8cdc87864bd45c2a9109b8d1484722381a8464fe299a6bb5579619b7e8e885693fd2cbf4eb9fcd7945bc8ffa80b712e6d25364acff747ce01c9da08491cf71ac7e82100efb08f32623c25281cf4f3ee5e1c8f3d30466a6bf4926ad7cd127d33d76fcb8c1aa61ffd00ae39bf4aef61c6912a3802bf85a8701366c9c83f4d3ad572a400aca310697a240da970279d508dad32d85e16330bd5203515405f28f801cf584ffecebe49c3f5eb9dc855b0270a9196c75e6,gx-no-cache=1520606187649 HTTP/1.1" 200 255
192.168.10.62 - - [09/Mar/2018:11:39:09 -0300] "GET /cormun/servlet/solicitudgral?00177beeca5e81a1e545438f2a5c041917ca416165fe82ba2a7de4112140c8e5da8ae1f4c2e8727c30f232282de1b55aa5443f9c5f32f5987c45d229963672711770b51a21e66e0e96c48bf9dc1e2cbb5d81e7e5726e9215243f69dfd32b7c214cddfc85101b1475082cd54d86b86d53aa2b61d93580adcbc107f4bff4154801694b2edf142ebdeac4d0e0162caef3da48898f332ae3b8de32be0766221297c4fba77414439ea739f255c3730e329a6e313430902108f2f5451d776df16d829c8100bf084b4d96844f0f5c0bcf86dd897506eb30a335719e0d68545a30790fc8e9fb57d0e92c1fd3f976c406d32f6925ad7a38d67193d0331b98a5f3d6f6973e0618e29be7a018c1f186dd4fa41c19a8bbc7886a562c50873ba736f57b36166d54c4cb19acec8f68544d942619bef9c3dd20f26230d53762e2d35dc58542b1d1e1aa788eabdbcaad23c0c72f265a2719859534d6b888192bcc6f2a76d127dd24a5f38bec0bf26c8d34327d0f77837db54c30fb5564f32c4c0f80be485d0ecb340085018f2dfc46bdf738f64d0fe1680a5e35724068d8a6cae73acc95740ca241ddd74350722851a6fae296ea45a00835,gx-no-cache=1520606187969 HTTP/1.1" 200 48
192.168.10.62 - - [09/Mar/2018:11:39:12 -0300] "POST /cormun/servlet/solicitudgral?42fd19352fe966bae33efe10ae1593c4,UPD,2018,9818,,gx-no-cache=1520606190695 HTTP/1.1" 200 11827
192.168.10.62 - - [09/Mar/2018:11:39:12 -0300] "GET /cormun/servlet/solicitudgral?00177beeca5e81a1e545438f2a5c041994c48324d3abf5618b5538ce6248ebab5c8cc800766c55351e4b873cce970009c5477d3dc0ae44a4d842c05cee7a47f582673fe8962d9fe7dd4d909f604b55570085fa6878787ac0131863e9e72bab00f879e48bd9f9fda4ff8f4a5a7a19c299796041941e95906a7a7717084e669890e159d272281cb42104ddd6d6c2693a8f9771b041fc33c75a0a3ef1fbdf6f8e49,gx-no-cache=1520606190893 HTTP/1.1" 200 29
192.168.10.62 - - [09/Mar/2018:11:39:12 -0300] "POST /cormun/servlet/solicitudgral?gx-no-cache=1520606190918 HTTP/1.1" 200 1295
192.168.10.62 - - [09/Mar/2018:11:39:12 -0300] "POST /cormun/servlet/solicitudgral?gx-no-cache=1520606190953 HTTP/1.1" 200 1218
192.168.10.62 - - [09/Mar/2018:11:39:13 -0300] "POST /cormun/servlet/solicitudgral?42fd19352fe966bae33efe10ae1593c4,UPD,2018,9818,,gx-no-cache=1520606190990 HTTP/1.1" 200 93
192.168.10.62 - - [09/Mar/2018:11:39:13 -0300] "GET /cormun/servlet/hpexe_return? HTTP/1.1" 200 1015
192.168.10.62 - - [09/Mar/2018:11:39:13 -0300] "GET /cormun/servlet/vesolicitudgral?2018,9818,, HTTP/1.1" 200 9079
200.54.18.125 - - [09/Mar/2018:11:39:13 -0300] "POST /cormun/servlet/trsolicitudot?02a88c073cf73cba9b5e34c694f3c51a,,gx-no-cache=1520606301679 HTTP/1.1" 200 6140
192.168.10.62 - - [09/Mar/2018:11:39:13 -0300] "GET /cormun/pexe_scrolldiv.js HTTP/1.1" 404 1009
192.168.10.62 - - [09/Mar/2018:11:39:13 -0300] "GET /cormun/pexe_scrolldiv.js HTTP/1.1" 404 1009
192.168.10.62 - - [09/Mar/2018:11:39:13 -0300] "GET /cormun/servlet/vesolicitudgral?2018,9818,, HTTP/1.1" 200 9076
200.54.18.125 - - [09/Mar/2018:11:39:23 -0300] "POST /cormun/servlet/trsolicitudot?02a88c073cf73cba9b5e34c694f3c51a,,gx-no-cache=1520606312054 HTTP/1.1" 200 5805
192.168.10.62 - - [09/Mar/2018:11:39:25 -0300] "POST /cormun/servlet/vesolicitudgral?42fd19352fe966bae33efe10ae1593c4,2018,9818,,,gx-no-cache=1520606203928 HTTP/1.1" 200 12014
192.168.10.62 - - [09/Mar/2018:11:39:26 -0300] "GET /cormun/static/Shared/jqueryui/images/ui-bg_highlight-soft_100_c6c2c8_1x100.png HTTP/1.1" 404 1117
192.168.10.62 - - [09/Mar/2018:11:39:26 -0300] "GET /cormun/static/Shared/jqueryui/images/ui-icons_82798d_256x240.png HTTP/1.1" 404 1089
192.168.10.62 - - [09/Mar/2018:11:39:26 -0300] "GET /cormun/static/Shared/jqueryui/images/ui-icons_8d78a5_256x240.png HTTP/1.1" 404 1089
192.168.10.62 - - [09/Mar/2018:11:39:26 -0300] "GET /cormun/static/Shared/jqueryui/images/ui-bg_flat_55_fafafa_40x100.png HTTP/1.1" 404 1097
192.168.10.62 - - [09/Mar/2018:11:39:26 -0300] "POST /cormun/servlet/vesolicitudgral?42fd19352fe966bae33efe10ae1593c4,2018,9818,,,gx-no-cache=1520606204160 HTTP/1.1" 200 11949
200.54.18.125 - - [09/Mar/2018:11:39:31 -0300] "POST /cormun/servlet/trsolicitudot?02a88c073cf73cba9b5e34c694f3c51a,,gx-no-cache=1520606320295 HTTP/1.1" 200 5782
186.103.159.182 - - [09/Mar/2018:11:39:32 -0300] "POST /cormun/servlet/trsolicitudot?cccc230fee2aa2cfa52370b99d13e2b2,,gx-no-cache=1520606268332 HTTP/1.1" 200 4485
186.103.159.182 - - [09/Mar/2018:11:39:39 -0300] "POST /cormun/servlet/trsolicitudot?cccc230fee2aa2cfa52370b99d13e2b2,,gx-no-cache=1520606275360 HTTP/1.1" 200 4483
200.54.18.125 - - [09/Mar/2018:11:39:43 -0300] "POST /cormun/servlet/trsolicitudot?02a88c073cf73cba9b5e34c694f3c51a,,gx-no-cache=1520606329966 HTTP/1.1" 200 4487
186.103.159.182 - - [09/Mar/2018:11:39:48 -0300] "POST /cormun/servlet/trsolicitudot?cccc230fee2aa2cfa52370b99d13e2b2,,gx-no-cache=1520606282110 HTTP/1.1" 200 4483
186.67.172.234 - - [09/Mar/2018:11:39:49 -0300] "GET /cormun/servlet/solicitudot?3abb2657770c52243adc589623df79a37828f4def6af20537a8283ba1b10f8f4559dd88648cb423bbd11b723285fa9d174e7a14f6294c7b5d7622f5b02b6e753,gx-no-cache=1520606338937 HTTP/1.1" 200 30
186.67.172.234 - - [09/Mar/2018:11:39:49 -0300] "POST /cormun/servlet/solicitudot?gx-no-cache=1520606339058 HTTP/1.1" 200 256
200.54.18.125 - - [09/Mar/2018:11:39:49 -0300] "POST /cormun/servlet/trsolicitudot?02a88c073cf73cba9b5e34c694f3c51a,,gx-no-cache=1520606337838 HTTP/1.1" 200 4487
186.67.172.234 - - [09/Mar/2018:11:39:49 -0300] "GET /cormun/servlet/solicitudot?3abb2657770c52243adc589623df79a3d13330b85936ba231459ccacc312c37098500427c2f300d9dd2e44608794324d04048ca8900d35c2a752367d843cc7ccac7dc24f4a6bebfc1e1add263e1949d89ca9e293247783ee7ecaf9aaef10c6e5c85b0fdd78e4557ccd9c1680d6b8fe5c13ef49737a75b72071f96d4524d5351ba493f4cfb64e91a5e35273dac0f3cbffdfc31dbbe49dcdf7fb8fa2ae7827593e965c74c05749cacd6c6de59718698889aa0f474530a3dd7ed272e5ba0e82804ad2fe7a781619b30563f2d523ae29e1908432ce19765b8f5be3f99d35d817af272e300c2a93fabc8e63611672ac2d4ec40b4c3f69be14ddb4d66d29f31afce3283770466bd9c5c38a529595d96b524b1cac9afb72432e097fb2ded791c365888bd056b5b91f219cc520667eef88bd36c2b9e24c70da214d76f15a613b14ceace7da87ae3dd246563ab280cfdf799ceba5c4d0ff98f9c82038d4a893e327b6718dc9401234924e1e270a6f1d274a8af9874165bae5968b6a03f423f1757231d7ad,gx-no-cache=1520606339128 HTTP/1.1" 200 30
186.67.172.234 - - [09/Mar/2018:11:39:50 -0300] "POST /cormun/servlet/solicitudot?gx-no-cache=1520606339604 HTTP/1.1" 200 30
186.67.172.234 - - [09/Mar/2018:11:39:50 -0300] "POST /cormun/servlet/solicitudot?gx-no-cache=1520606340047 HTTP/1.1" 200 1337
186.67.172.234 - - [09/Mar/2018:11:39:50 -0300] "POST /cormun/servlet/solicitudot?gx-no-cache=1520606340182 HTTP/1.1" 200 41
186.67.172.234 - - [09/Mar/2018:11:39:50 -0300] "POST /cormun/servlet/solicitudot?gx-no-cache=1520606340249 HTTP/1.1" 200 1319
186.67.172.234 - - [09/Mar/2018:11:39:51 -0300] "POST /cormun/servlet/solicitudot?gx-no-cache=1520606340785 HTTP/1.1" 200 1219
186.67.172.234 - - [09/Mar/2018:11:39:52 -0300] "POST /cormun/servlet/solicitudot?gx-no-cache=1520606341329 HTTP/1.1" 200 33
186.67.172.234 - - [09/Mar/2018:11:39:54 -0300] "POST /cormun/servlet/solicitudot?c340b640f937ba6d577a86f89f7db436,INS,0,0,,gx-no-cache=1520606342001 HTTP/1.1" 200 12252
200.54.18.125 - - [09/Mar/2018:11:40:32 -0300] "POST /cormun/servlet/trsolicitudot?02a88c073cf73cba9b5e34c694f3c51a,,gx-no-cache=1520606381286 HTTP/1.1" 200 5806
186.103.159.182 - - [09/Mar/2018:11:40:35 -0300] "POST /cormun/servlet/trsolicitudot?cccc230fee2aa2cfa52370b99d13e2b2,,gx-no-cache=1520606331697 HTTP/1.1" 200 4483
200.54.18.125 - - [09/Mar/2018:11:40:38 -0300] "POST /cormun/servlet/trsolicitudot?02a88c073cf73cba9b5e34c694f3c51a,,gx-no-cache=1520606386589 HTTP/1.1" 200 6164
186.103.159.182 - - [09/Mar/2018:11:40:40 -0300] "GET /cormun/servlet/trsolicitudot? HTTP/1.1" 200 7479
186.103.159.182 - - [09/Mar/2018:11:40:41 -0300] "GET /cormun/servlet/trsolicitudot? HTTP/1.1" 200 7479
192.168.10.62 - - [09/Mar/2018:11:40:42 -0300] "POST /cormun/servlet/vesolicitudgral?42fd19352fe966bae33efe10ae1593c4,2018,9818,,,gx-no-cache=1520606280656 HTTP/1.1" 200 11999
200.54.18.125 - - [09/Mar/2018:11:40:47 -0300] "POST /cormun/servlet/trsolicitudot?02a88c073cf73cba9b5e34c694f3c51a,,gx-no-cache=1520606394934 HTTP/1.1" 200 6141
200.54.18.125 - - [09/Mar/2018:11:40:51 -0300] "GET /cormun/servlet/vesolicitudot?2018,10349,, HTTP/1.1" 200 8512
200.54.18.125 - - [09/Mar/2018:11:40:51 -0300] "GET /cormun/pexe_scrolldiv.js HTTP/1.1" 404 1009
200.54.18.125 - - [09/Mar/2018:11:40:52 -0300] "GET /cormun/servlet/vesolicitudot?2018,10349,, HTTP/1.1" 200 8512
192.168.10.62 - - [09/Mar/2018:11:40:59 -0300] "POST /cormun/servlet/vesolicitudgral?42fd19352fe966bae33efe10ae1593c4,2018,9818,,,gx-no-cache=1520606297639 HTTP/1.1" 200 90
192.168.10.62 - - [09/Mar/2018:11:40:59 -0300] "GET /cormun/servlet/hpexe_link HTTP/1.1" 200 986
192.168.10.62 - - [09/Mar/2018:11:40:59 -0300] "GET /cormun/servlet/trsolicitudgral?gx-no-cache=1520604432786 HTTP/1.1" 200 15026
192.168.10.62 - - [09/Mar/2018:11:41:00 -0300] "GET /cormun/servlet/trsolicitudgral?gx-no-cache=1520604432786 HTTP/1.1" 200 15047
186.103.196.84 - - [09/Mar/2018:11:41:01 -0300] "POST /cormun/servlet/vesolicitudot?02a88c073cf73cba9b5e34c694f3c51a,2018,10349,,,gx-no-cache=1520606410388 HTTP/1.1" 200 93
186.103.196.84 - - [09/Mar/2018:11:41:01 -0300] "GET /cormun/servlet/hpexe_return? HTTP/1.1" 200 1010
186.103.196.84 - - [09/Mar/2018:11:41:01 -0300] "GET /cormun/servlet/trsolicitudot? HTTP/1.1" 200 9088
186.103.196.84 - - [09/Mar/2018:11:41:02 -0300] "GET /cormun/servlet/trsolicitudot? HTTP/1.1" 200 9084
190.151.124.170 - - [09/Mar/2018:11:41:12 -0300] "POST /cormun/servlet/trsolicitudot?02a88c073cf73cba9b5e34c694f3c51a,,gx-no-cache=1520606419395 HTTP/1.1" 200 106
190.151.124.170 - - [09/Mar/2018:11:41:13 -0300] "GET /cormun/servlet/trsolicitudadjuntos?2018,10088, HTTP/1.1" 200 9656
190.151.124.170 - - [09/Mar/2018:11:41:14 -0300] "GET /cormun/servlet/trsolicitudadjuntos?2018,10088, HTTP/1.1" 200 9658
186.103.159.182 - - [09/Mar/2018:11:41:15 -0300] "POST /cormun/servlet/trsolicitudot?cccc230fee2aa2cfa52370b99d13e2b2,,gx-no-cache=1520606370226 HTTP/1.1" 200 4478
192.168.10.62 - - [09/Mar/2018:11:41:20 -0300] "GET /cormun/servlet/vesolicitudgral?2018,9814,, HTTP/1.1" 200 9066
192.168.10.62 - - [09/Mar/2018:11:41:20 -0300] "GET /cormun/pexe_scrolldiv.js HTTP/1.1" 404 1009
192.168.10.62 - - [09/Mar/2018:11:41:20 -0300] "GET /cormun/pexe_scrolldiv.js HTTP/1.1" 404 1009
192.168.10.62 - - [09/Mar/2018:11:41:20 -0300] "GET /cormun/servlet/vesolicitudgral?2018,9814,, HTTP/1.1" 200 9044
192.168.10.62 - - [09/Mar/2018:11:41:22 -0300] "POST /cormun/servlet/vesolicitudgral?42fd19352fe966bae33efe10ae1593c4,2018,9814,,,gx-no-cache=1520606320796 HTTP/1.1" 200 106
192.168.10.62 - - [09/Mar/2018:11:41:22 -0300] "GET /cormun/servlet/solicitudgral?UPD,2018,9814, HTTP/1.1" 200 12871
192.168.10.62 - - [09/Mar/2018:11:41:23 -0300] "GET /cormun/servlet/solicitudgral?UPD,2018,9814, HTTP/1.1" 200 12871
192.168.10.62 - - [09/Mar/2018:11:41:23 -0300] "POST /cormun/servlet/solicitudgral?gx-no-cache=1520606321812 HTTP/1.1" 200 3886
192.168.10.62 - - [09/Mar/2018:11:41:23 -0300] "GET /cormun/servlet/solicitudgral?00177beeca5e81a1e545438f2a5c0419ee9ba5d1a3028477aed688b476c4ffe6c22475479d498811193e46b207529f7f049392f9cc708891ed25dd5cd0bcfe652d4dff95a12b13fc121115d76dca710ae45c3476d0a6ad72527f8716474de88ab4a5a682775b7bdefb4918822b4bca830540aebf9caf9401db6305cda7f9c0c17bc7d40e55e513504a66e8fae9070e6085ae610d068513c91b76062d8cdc87864bd45c2a9109b8d1484722381a8464fe299a6bb5579619b7e8e885693fd2cbf4eb9fcd7945bc8ffa80b712e6d25364acff747ce01c9da08491cf71ac7e82100efb08f32623c25281cf4f3ee5e1c8f3d30466a6bf4926ad7cd127d33d76fcb8c1aa61ffd00ae39bf4aef61c6912a3802bf85a8701366c9c83f4d3ad572a400aca310697a240da970279d508dad32d85e16330bd5203515405f28f801cf584ffecebe49c3f5eb9dc855b0270a9196c75e6,gx-no-cache=1520606321952 HTTP/1.1" 200 255
192.168.10.62 - - [09/Mar/2018:11:41:24 -0300] "GET /cormun/servlet/solicitudgral?00177beeca5e81a1e545438f2a5c041917ca416165fe82ba2a7de4112140c8e5da8ae1f4c2e8727c30f232282de1b55aa5443f9c5f32f5987c45d229963672711770b51a21e66e0e96c48bf9dc1e2cbb5d81e7e5726e9215243f69dfd32b7c214cddfc85101b1475082cd54d86b86d53aa2b61d93580adcbc107f4bff4154801694b2edf142ebdeac4d0e0162caef3da48898f332ae3b8de32be0766221297c4fba77414439ea739f255c3730e329a6e313430902108f2f5451d776df16d829c8100bf084b4d96844f0f5c0bcf86dd897506eb30a335719e0d68545a30790fc8e9fb57d0e92c1fd3f976c406d32f6925ad7a38d67193d0331b98a5f3d6f6973e0618e29be7a018c1f186dd4fa41c19a8bbc7886a562c50873ba736f57b36166d54c4cb19acec8f68544d942619bef9c3dd20f26230d53762e2d35dc58542b1d1e1aa788eabdbcaad23c0c72f265a2719859534d6b888192bcc6f2a76d127dd24a5f38bec0bf26c8d34327d0f77837db54c30fb5564f32c4c0f80be485d0ecb340085018f2dfc46bdf738f64d0fe1680a5e35724068d8a6cae73acc95740ca241ddd74350722851a6fae296ea45a00835,gx-no-cache=1520606322583 HTTP/1.1" 200 48
186.103.159.182 - - [09/Mar/2018:11:41:25 -0300] "GET /cormun/servlet/trvisualizadoreventos? HTTP/1.1" 200 7037
192.168.10.62 - - [09/Mar/2018:11:41:26 -0300] "POST /cormun/servlet/solicitudgral?42fd19352fe966bae33efe10ae1593c4,UPD,2018,9814,,gx-no-cache=1520606324436 HTTP/1.1" 200 11797
192.168.10.62 - - [09/Mar/2018:11:41:26 -0300] "GET /cormun/servlet/solicitudgral?00177beeca5e81a1e545438f2a5c041994c48324d3abf5618b5538ce6248ebab5c8cc800766c55351e4b873cce970009c5477d3dc0ae44a4d842c05cee7a47f582673fe8962d9fe7dd4d909f604b55570085fa6878787ac0131863e9e72bab00f879e48bd9f9fda4ff8f4a5a7a19c299796041941e95906a7a7717084e669890e159d272281cb42104ddd6d6c2693a8f9771b041fc33c75a0a3ef1fbdf6f8e49,gx-no-cache=1520606324625 HTTP/1.1" 200 29
192.168.10.62 - - [09/Mar/2018:11:41:26 -0300] "POST /cormun/servlet/solicitudgral?gx-no-cache=1520606324647 HTTP/1.1" 200 1295
192.168.10.62 - - [09/Mar/2018:11:41:26 -0300] "POST /cormun/servlet/solicitudgral?gx-no-cache=1520606324679 HTTP/1.1" 200 1219
192.168.10.62 - - [09/Mar/2018:11:41:26 -0300] "POST /cormun/servlet/solicitudgral?42fd19352fe966bae33efe10ae1593c4,UPD,2018,9814,,gx-no-cache=1520606324788 HTTP/1.1" 200 93
192.168.10.62 - - [09/Mar/2018:11:41:26 -0300] "GET /cormun/servlet/hpexe_return? HTTP/1.1" 200 1016
192.168.10.62 - - [09/Mar/2018:11:41:27 -0300] "GET /cormun/servlet/vesolicitudgral?2018,9814,, HTTP/1.1" 200 9051
192.168.10.62 - - [09/Mar/2018:11:41:27 -0300] "GET /cormun/pexe_scrolldiv.js HTTP/1.1" 404 1009
192.168.10.62 - - [09/Mar/2018:11:41:27 -0300] "GET /cormun/pexe_scrolldiv.js HTTP/1.1" 404 1009
192.168.10.62 - - [09/Mar/2018:11:41:27 -0300] "GET /cormun/servlet/vesolicitudgral?2018,9814,, HTTP/1.1" 200 9047
186.103.159.182 - - [09/Mar/2018:11:41:27 -0300] "GET /cormun/servlet/trvisualizadoreventos? HTTP/1.1" 200 7037
192.168.10.62 - - [09/Mar/2018:11:41:32 -0300] "POST /cormun/servlet/vesolicitudgral?42fd19352fe966bae33efe10ae1593c4,2018,9814,,,gx-no-cache=1520606330070 HTTP/1.1" 200 12007
192.168.10.62 - - [09/Mar/2018:11:41:32 -0300] "GET /cormun/static/Shared/jqueryui/images/ui-bg_highlight-soft_100_c6c2c8_1x100.png HTTP/1.1" 404 1117
192.168.10.62 - - [09/Mar/2018:11:41:32 -0300] "GET /cormun/static/Shared/jqueryui/images/ui-icons_82798d_256x240.png HTTP/1.1" 404 1089
192.168.10.62 - - [09/Mar/2018:11:41:32 -0300] "GET /cormun/static/Shared/jqueryui/images/ui-icons_8d78a5_256x240.png HTTP/1.1" 404 1089
192.168.10.62 - - [09/Mar/2018:11:41:32 -0300] "GET /cormun/static/Shared/jqueryui/images/ui-bg_flat_55_fafafa_40x100.png HTTP/1.1" 404 1097
192.168.10.62 - - [09/Mar/2018:11:41:32 -0300] "POST /cormun/servlet/vesolicitudgral?42fd19352fe966bae33efe10ae1593c4,2018,9814,,,gx-no-cache=1520606330315 HTTP/1.1" 200 11942
186.103.196.90 - - [09/Mar/2018:11:41:34 -0300] "GET /cormun/servlet/trsolicitudot? HTTP/1.1" 200 9091
186.103.196.90 - - [09/Mar/2018:11:41:35 -0300] "GET /cormun/servlet/trsolicitudot? HTTP/1.1" 200 9084
186.103.159.182 - - [09/Mar/2018:11:41:36 -0300] "GET /cormun/servlet/trsolicitudot? HTTP/1.1" 200 7476
186.103.159.182 - - [09/Mar/2018:11:41:37 -0300] "GET /cormun/servlet/trsolicitudot? HTTP/1.1" 200 7476
152.231.70.146 - - [09/Mar/2018:11:41:41 -0300] "GET /cormun/servlet/trautorizarsolicitud? HTTP/1.1" 200 8974
186.67.84.236 - - [09/Mar/2018:11:41:41 -0300] "GET /cormun/static/gxcfg.js?2017111423403364 HTTP/1.1" 200 953
192.168.10.62 - - [09/Mar/2018:11:41:42 -0300] "GET /cormun/servlet/trsolicitudgral? HTTP/1.1" 200 14572
192.168.10.62 - - [09/Mar/2018:11:41:42 -0300] "GET /cormun/servlet/trsolicitudgral? HTTP/1.1" 200 14569
186.103.159.182 - - [09/Mar/2018:11:41:44 -0300] "POST /cormun/servlet/trsolicitudot?cccc230fee2aa2cfa52370b99d13e2b2,,gx-no-cache=1520606400040 HTTP/1.1" 200 6210
152.231.70.146 - - [09/Mar/2018:11:41:46 -0300] "GET /cormun/static/trautorizarsolicitud.js?201711142340425 HTTP/1.1" 200 53910
192.168.10.62 - - [09/Mar/2018:11:41:48 -0300] "POST /cormun/servlet/trsolicitudgral?42fd19352fe966bae33efe10ae1593c4,,gx-no-cache=1520606345617 HTTP/1.1" 200 23533
152.231.70.146 - - [09/Mar/2018:11:41:49 -0300] "GET /cormun/servlet/trautorizarsolicitud? HTTP/1.1" 200 8974
192.168.10.62 - - [09/Mar/2018:11:41:58 -0300] "POST /cormun/servlet/trsolicitudgral?42fd19352fe966bae33efe10ae1593c4,,gx-no-cache=1520606356375 HTTP/1.1" 200 105
192.168.10.62 - - [09/Mar/2018:11:41:58 -0300] "GET /cormun/SolicitudGral-3788.xls HTTP/1.1" 200 31232
200.54.18.125 - - [09/Mar/2018:11:42:03 -0300] "POST /cormun/servlet/trautorizarsolicitud?02a88c073cf73cba9b5e34c694f3c51a,,gx-no-cache=1520606471378 HTTP/1.1" 200 115
200.54.18.125 - - [09/Mar/2018:11:42:12 -0300] "GET /cormun/servlet/solicitudotlog?INS,2018,10088,0,REC, HTTP/1.1" 200 6001
200.54.18.125 - - [09/Mar/2018:11:42:12 -0300] "GET /cormun/static/gxcfg.js?2017761245646 HTTP/1.1" 200 953
190.151.99.26 - - [09/Mar/2018:11:42:12 -0300] "GET /cormun/static/solicitudotlog.js?2017761245655 HTTP/1.1" 200 8934
