190.100.93.40 - - [09/Mar/2018:10:30:33 -0300] "POST /cormun/servlet/solicitudotadjuntos?50eeaf17eb99e967a28e6a57335f3130,INS,2018,10347,,1, HTTP/1.1" 200 116
190.100.93.40 - - [09/Mar/2018:10:30:33 -0300] "GET /cormun/servlet/hpexe_return? HTTP/1.1" 200 1020
190.100.93.40 - - [09/Mar/2018:10:30:34 -0300] "GET /cormun/servlet/trsolicitudadjuntos?2018,10347, HTTP/1.1" 200 8857
190.100.93.40 - - [09/Mar/2018:10:30:35 -0300] "GET /cormun/servlet/trsolicitudadjuntos?2018,10347, HTTP/1.1" 200 8855
190.151.99.26 - - [09/Mar/2018:10:30:56 -0300] "GET /cormun/servlet/solicitudotadjuntos?INS,2018,10349,,1, HTTP/1.1" 200 6240
186.103.196.84 - - [09/Mar/2018:10:30:57 -0300] "GET /cormun/servlet/solicitudotadjuntos?INS,2018,10349,,1, HTTP/1.1" 200 6234
190.151.99.26 - - [09/Mar/2018:10:30:57 -0300] "GET /cormun/static/about:blank HTTP/1.1" 404 1011
190.151.99.26 - - [09/Mar/2018:10:30:59 -0300] "GET /cormun/servlet/solicitudotadjuntos?bac20ea41d6e783602ccb1e09a8bdddfc4f4427591c4120cdb48f8463a2145a185703d7198a6a47069fd2c07fe469514,gx-no-cache=1520602207181 HTTP/1.1" 200 30
186.67.172.234 - - [09/Mar/2018:10:31:02 -0300] "POST /cormun/servlet/solicitudot?gx-no-cache=1520602210281 HTTP/1.1" 200 1319
190.151.99.26 - - [09/Mar/2018:10:31:02 -0300] "POST /cormun/servlet/solicitudotadjuntos?a70dc856a18f0c164c4ad5f39e883014,INS,2018,10349,,1,,gx-no-cache=1520602210860 HTTP/1.1" 200 4016
186.67.172.234 - - [09/Mar/2018:10:31:03 -0300] "POST /cormun/servlet/solicitudot?gx-no-cache=1520602212294 HTTP/1.1" 200 1218
186.67.172.234 - - [09/Mar/2018:10:31:03 -0300] "POST /cormun/servlet/solicitudot?gx-no-cache=1520602212886 HTTP/1.1" 200 33
186.67.172.234 - - [09/Mar/2018:10:31:06 -0300] "POST /cormun/servlet/solicitudot?c340b640f937ba6d577a86f89f7db436,INS,0,0,,gx-no-cache=1520602213570 HTTP/1.1" 200 93
186.67.172.234 - - [09/Mar/2018:10:31:06 -0300] "GET /cormun/servlet/hpexe_return? HTTP/1.1" 200 1005
190.151.99.26 - - [09/Mar/2018:10:31:06 -0300] "POST /cormun/servlet/solicitudotadjuntos?gx-no-cache=1520602216290 HTTP/1.1" 200 26
186.67.172.234 - - [09/Mar/2018:10:31:06 -0300] "GET /cormun/servlet/trsolicitudot HTTP/1.1" 200 9255
186.67.172.234 - - [09/Mar/2018:10:31:07 -0300] "GET /cormun/servlet/trsolicitudot HTTP/1.1" 200 9250
186.67.172.234 - - [09/Mar/2018:10:31:18 -0300] "GET /cormun/servlet/solicitudot?INS,0,0, HTTP/1.1" 200 13662
186.67.172.234 - - [09/Mar/2018:10:31:18 -0300] "GET /cormun/servlet/solicitudot?INS,0,0, HTTP/1.1" 200 13667
190.151.99.26 - - [09/Mar/2018:10:31:19 -0300] "GET /cormun/servlet/solicitudotadjuntos?bac20ea41d6e783602ccb1e09a8bdddf508e68cef39decf232c01f309fe5ff6b,gx-no-cache=1520602229331 HTTP/1.1" 200 30
190.151.99.26 - - [09/Mar/2018:10:31:19 -0300] "GET /cormun/servlet/solicitudotadjuntos?bac20ea41d6e783602ccb1e09a8bdddf508e68cef39decf232c01f309fe5ff6b,gx-no-cache=1520602229402 HTTP/1.1" 200 30
192.168.10.62 - - [09/Mar/2018:10:31:40 -0300] "POST /cormun/servlet/vesolicitudgral?514e9aaed6fd2b526ca9de3b6eb8016e,2018,9997,,SolicitudOTAdjuntos,gx-no-cache=1520602138471 HTTP/1.1" 200 90
192.168.10.62 - - [09/Mar/2018:10:31:40 -0300] "GET /cormun/servlet/hpexe_link HTTP/1.1" 200 977
192.168.10.62 - - [09/Mar/2018:10:31:40 -0300] "GET /cormun/servlet/trsolicitudgral? HTTP/1.1" 200 9609
192.168.10.62 - - [09/Mar/2018:10:31:41 -0300] "GET /cormun/servlet/trsolicitudgral? HTTP/1.1" 200 9607
186.67.172.234 - - [09/Mar/2018:10:31:44 -0300] "POST /cormun/servlet/solicitudot?gx-no-cache=1520602253104 HTTP/1.1" 200 3400
186.67.172.234 - - [09/Mar/2018:10:31:45 -0300] "POST /cormun/servlet/solicitudot?c340b640f937ba6d577a86f89f7db436,INS,0,0,,gx-no-cache=1520602254044 HTTP/1.1" 200 10574
186.67.172.234 - - [09/Mar/2018:10:31:51 -0300] "GET /cormun/servlet/solicitudot?3abb2657770c52243adc589623df79a332c64cf52b02f16ba2d1e287188795eccf0921535704d697dbf7b6daad32ac69,gx-no-cache=1520602260495 HTTP/1.1" 200 30
186.67.172.234 - - [09/Mar/2018:10:31:51 -0300] "GET /cormun/servlet/solicitudot?3abb2657770c52243adc589623df79a3c5f509de54a19c7dd0776b0ebcb78ab76d6afb5844db8d44498a1334895de499,gx-no-cache=1520602260865 HTTP/1.1" 200 30
186.67.172.234 - - [09/Mar/2018:10:31:51 -0300] "GET /cormun/servlet/solicitudot?3abb2657770c52243adc589623df79a3c84cd54d0fd4faf312ce5baa59505ab7,gx-no-cache=1520602260930 HTTP/1.1" 200 53
186.67.172.234 - - [09/Mar/2018:10:31:51 -0300] "POST /cormun/servlet/solicitudot?gx-no-cache=1520602260998 HTTP/1.1" 200 255
186.67.172.234 - - [09/Mar/2018:10:31:51 -0300] "GET /cormun/servlet/solicitudot?3abb2657770c52243adc589623df79a3d13330b85936ba231459ccacc312c37098500427c2f300d9dd2e44608794324d04048ca8900d35c2a752367d843cc7ccac7dc24f4a6bebfc1e1add263e1949d89ca9e293247783ee7ecaf9aaef10c6e5c85b0fdd78e4557ccd9c1680d6b8fe5c13ef49737a75b72071f96d4524d5351ba493f4cfb64e91a5e35273dac0f3cbffdfc31dbbe49dcdf7fb8fa2ae7827593e965c74c05749cacd6c6de59718698889aa0f474530a3dd7ed272e5ba0e82804ad2fe7a781619b30563f2d523ae29e1908432ce19765b8f5be3f99d35d817af272e300c2a93fabc8e63611672ac2d4ec40b4c3f69be14ddb4d66d29f31afce3283770466bd9c5c38a529595d96b524b1cac9afb72432e097fb2ded791c365888bd056b5b91f219cc520667eef88bd36c2b9e24c70da214d76f15a613b14ceace7da87ae3dd246563ab280cfdf799ceba5c4d0ff98f9c82038d4a893e327b6718dc9401234924e1e270a6f1d274a8af98755941eabf24371158dc9cc9c9ce14eef,gx-no-cache=1520602261067 HTTP/1.1" 200 30
192.168.10.62 - - [09/Mar/2018:10:31:51 -0300] "POST /cormun/servlet/trsolicitudgral?514e9aaed6fd2b526ca9de3b6eb8016e,,gx-no-cache=1520602148920 HTTP/1.1" 200 24569
186.67.172.234 - - [09/Mar/2018:10:31:53 -0300] "POST /cormun/servlet/solicitudot?gx-no-cache=1520602262828 HTTP/1.1" 200 30
186.67.172.234 - - [09/Mar/2018:10:31:54 -0300] "GET /cormun/servlet/prcontratosol?14026965,,,,,MD,,gxPopupLevel%3D0%3B HTTP/1.1" 200 9387
192.168.10.62 - - [09/Mar/2018:10:31:55 -0300] "POST /cormun/servlet/trsolicitudgral?514e9aaed6fd2b526ca9de3b6eb8016e,,gx-no-cache=1520602152483 HTTP/1.1" 200 105
192.168.10.62 - - [09/Mar/2018:10:31:55 -0300] "GET /cormun/SolicitudGral-6191.xls HTTP/1.1" 200 88064
190.151.99.26 - - [09/Mar/2018:10:32:18 -0300] "POST /cormun/servlet/solicitudotadjuntos?a70dc856a18f0c164c4ad5f39e883014,INS,2018,10349,,1, HTTP/1.1" 200 7100
186.67.172.234 - - [09/Mar/2018:10:32:19 -0300] "POST /cormun/servlet/solicitudot?gx-no-cache=1520602288867 HTTP/1.1" 200 1336
186.67.172.234 - - [09/Mar/2018:10:32:19 -0300] "POST /cormun/servlet/solicitudot?gx-no-cache=1520602289007 HTTP/1.1" 200 38
186.67.172.234 - - [09/Mar/2018:10:32:19 -0300] "GET /cormun/servlet/solicitudot?3abb2657770c52243adc589623df79a34d72e0d81c3ca657c7b6054679eccc60c51dfb1ebda5c76c6be160a810128aadacc0015362b352f3971d491355ad1d7680f31a367d4d4db1a2e374e6012d1167041619704f956c3e838923b58e25011c4ba4f301270bb90f330225cb805cefab23e9788bf542a6ebb1a9c460b0e6ce4dce5c1b19b812c386c25db813dedce3449ee5d0dfe7b725dfa7b69b3c0f379bc2fe156bb2c5d4743a70bbefa20d03d9af494b97763c41bf1bd5b4501edc24021e998b506faadf077f8b5969bc58d6f8f4,gx-no-cache=1520602289075 HTTP/1.1" 200 29
186.67.172.234 - - [09/Mar/2018:10:32:19 -0300] "POST /cormun/servlet/solicitudot?gx-no-cache=1520602289143 HTTP/1.1" 200 1318
186.67.172.234 - - [09/Mar/2018:10:32:20 -0300] "POST /cormun/servlet/solicitudot?gx-no-cache=1520602289675 HTTP/1.1" 200 1218
186.67.172.234 - - [09/Mar/2018:10:32:20 -0300] "GET /cormun/servlet/solicitudot?3abb2657770c52243adc589623df79a33a4dcc7604724c046012c07e252d25c4,gx-no-cache=1520602290221 HTTP/1.1" 200 30
186.67.84.236 - - [09/Mar/2018:10:32:39 -0300] "POST /cormun/servlet/solicitudotadjuntos?a70dc856a18f0c164c4ad5f39e883014,INS,2018,10349,,1,,gx-no-cache=1520602308812 HTTP/1.1" 200 93
186.67.84.236 - - [09/Mar/2018:10:32:40 -0300] "GET /cormun/servlet/hpexe_return? HTTP/1.1" 200 1022
186.67.84.236 - - [09/Mar/2018:10:32:40 -0300] "GET /cormun/servlet/trsolicitudadjuntos?2018,10349, HTTP/1.1" 200 6295
186.67.84.236 - - [09/Mar/2018:10:32:41 -0300] "GET /cormun/servlet/trsolicitudadjuntos?2018,10349, HTTP/1.1" 200 6291
186.67.172.234 - - [09/Mar/2018:10:32:43 -0300] "GET /cormun/servlet/prcontratosol?14026965,,,,,MD,,gxPopupLevel%3D0%3B HTTP/1.1" 200 9387
186.103.196.90 - - [09/Mar/2018:10:32:43 -0300] "GET /cormun/servlet/solicitudotadjuntos?INS,2018,10349,,1, HTTP/1.1" 200 6240
186.103.196.90 - - [09/Mar/2018:10:32:43 -0300] "GET /cormun/static/about:blank HTTP/1.1" 404 1011
186.103.196.90 - - [09/Mar/2018:10:32:44 -0300] "GET /cormun/servlet/solicitudotadjuntos?bac20ea41d6e783602ccb1e09a8bdddfc4f4427591c4120cdb48f8463a2145a185703d7198a6a47069fd2c07fe469514,gx-no-cache=1520602314323 HTTP/1.1" 200 30
186.103.196.90 - - [09/Mar/2018:10:32:44 -0300] "GET /cormun/servlet/solicitudotadjuntos?INS,2018,10349,,1, HTTP/1.1" 200 6233
186.103.196.90 - - [09/Mar/2018:10:32:48 -0300] "POST /cormun/servlet/solicitudotadjuntos?a70dc856a18f0c164c4ad5f39e883014,INS,2018,10349,,1,,gx-no-cache=1520602314539 HTTP/1.1" 200 4015
186.103.196.90 - - [09/Mar/2018:10:32:54 -0300] "POST /cormun/servlet/solicitudotadjuntos?gx-no-cache=1520602323858 HTTP/1.1" 200 26
186.67.172.234 - - [09/Mar/2018:10:33:00 -0300] "POST /cormun/servlet/solicitudot?gx-no-cache=1520602329808 HTTP/1.1" 200 1336
186.67.172.234 - - [09/Mar/2018:10:33:00 -0300] "POST /cormun/servlet/solicitudot?gx-no-cache=1520602330087 HTTP/1.1" 200 38
186.67.172.234 - - [09/Mar/2018:10:33:00 -0300] "POST /cormun/servlet/solicitudot?gx-no-cache=1520602330499 HTTP/1.1" 200 1318
186.67.172.234 - - [09/Mar/2018:10:33:01 -0300] "POST /cormun/servlet/solicitudot?gx-no-cache=1520602330708 HTTP/1.1" 200 1218
186.67.172.234 - - [09/Mar/2018:10:33:01 -0300] "GET /cormun/servlet/solicitudot?3abb2657770c52243adc589623df79a32c95e090fd7f4be001c7f424f42af1437ffc4848d1d9b30bf6425b3c8f39815f,gx-no-cache=1520602331572 HTTP/1.1" 200 134
186.67.172.234 - - [09/Mar/2018:10:33:01 -0300] "GET /cormun/static/Shared/jqueryui/images/ui-bg_highlight-soft_100_c6c2c8_1x100.png HTTP/1.1" 404 1117
186.67.172.234 - - [09/Mar/2018:10:33:01 -0300] "GET /cormun/static/Shared/jqueryui/images/ui-icons_82798d_256x240.png HTTP/1.1" 404 1089
186.67.172.234 - - [09/Mar/2018:10:33:01 -0300] "GET /cormun/static/Shared/jqueryui/images/ui-bg_flat_55_994d53_40x100.png HTTP/1.1" 404 1097
186.67.172.234 - - [09/Mar/2018:10:33:01 -0300] "GET /cormun/static/Shared/jqueryui/images/ui-icons_ebccce_256x240.png HTTP/1.1" 404 1089
186.67.172.234 - - [09/Mar/2018:10:33:11 -0300] "GET /cormun/servlet/solicitudot?3abb2657770c52243adc589623df79a34d72e0d81c3ca657c7b6054679eccc60c51dfb1ebda5c76c6be160a810128aade566566673af1b884245825ecc67d3c680f31a367d4d4db1a2e374e6012d1167041619704f956c3e838923b58e25011c4ba4f301270bb90f330225cb805cefab23e9788bf542a6ebb1a9c460b0e6ce4dce5c1b19b812c386c25db813dedce3449ee5d0dfe7b725dfa7b69b3c0f379bc2fe156bb2c5d4743a70bbefa20d03d9af494b97763c41bf1bd5b4501edc24021e998b506faadf077f8b5969bc58d6f8f4,gx-no-cache=1520602341684 HTTP/1.1" 200 29
186.103.196.90 - - [09/Mar/2018:10:33:12 -0300] "GET /cormun/servlet/solicitudotadjuntos?bac20ea41d6e783602ccb1e09a8bdddf508e68cef39decf232c01f309fe5ff6b,gx-no-cache=1520602341939 HTTP/1.1" 200 30
186.103.196.90 - - [09/Mar/2018:10:33:13 -0300] "GET /cormun/servlet/solicitudotadjuntos?bac20ea41d6e783602ccb1e09a8bdddf508e68cef39decf232c01f309fe5ff6b,gx-no-cache=1520602342946 HTTP/1.1" 200 30
186.67.172.234 - - [09/Mar/2018:10:33:19 -0300] "POST /cormun/servlet/solicitudot?gx-no-cache=1520602347528 HTTP/1.1" 200 1318
186.67.172.234 - - [09/Mar/2018:10:33:19 -0300] "POST /cormun/servlet/solicitudot?gx-no-cache=1520602348919 HTTP/1.1" 200 1218
186.67.172.234 - - [09/Mar/2018:10:33:28 -0300] "GET /cormun/servlet/solicitudot?3abb2657770c52243adc589623df79a3472090600c8cb653d2eec6796060a2eb7ffc4848d1d9b30bf6425b3c8f39815f,gx-no-cache=1520602358612 HTTP/1.1" 200 30
200.54.247.70 - - [09/Mar/2018:10:33:36 -0300] "GET /cormun/servlet/hlogin HTTP/1.1" 200 1719
200.54.247.70 - - [09/Mar/2018:10:33:36 -0300] "GET /cormun/static/gxgral.js?85251 HTTP/1.1" 304 -
200.54.247.70 - - [09/Mar/2018:10:33:36 -0300] "GET /cormun/static/gxtimezone.js?85251 HTTP/1.1" 304 -
200.54.247.70 - - [09/Mar/2018:10:33:36 -0300] "GET /cormun/static/Resources/Spanish/PXTools.css?11423723 HTTP/1.1" 304 -
200.54.247.70 - - [09/Mar/2018:10:33:36 -0300] "GET /cormun/static/Resources/ComunLogin.png HTTP/1.1" 304 -
200.54.247.70 - - [09/Mar/2018:10:33:36 -0300] "GET /cormun/static/messages.spa.js?85251 HTTP/1.1" 304 -
200.54.247.70 - - [09/Mar/2018:10:33:36 -0300] "GET /cormun/static/gxcfg.js?20175251213516 HTTP/1.1" 304 -
200.54.247.70 - - [09/Mar/2018:10:33:36 -0300] "GET /cormun/static/hlogin.js?20175251213537 HTTP/1.1" 304 -
200.54.247.70 - - [09/Mar/2018:10:33:36 -0300] "GET /cormun/static/Resources/PXToolsLoginBackground.png HTTP/1.1" 304 -
200.54.247.70 - - [09/Mar/2018:10:33:36 -0300] "GET /cormun/static/Resources/PXToolsButtonLeft21.png HTTP/1.1" 304 -
200.54.247.70 - - [09/Mar/2018:10:33:36 -0300] "GET /cormun/static/Resources/PXToolsButtonRight21.png HTTP/1.1" 304 -
200.54.247.70 - - [09/Mar/2018:10:33:36 -0300] "GET /cormun/static/Resources/PXToolsButtonBackground2.png HTTP/1.1" 304 -
200.54.247.70 - - [09/Mar/2018:10:33:36 -0300] "GET /cormun/static/Resources/PXToolsLoginBottom.png HTTP/1.1" 304 -
200.54.247.70 - - [09/Mar/2018:10:33:36 -0300] "GET /cormun/static/Resources/PXToolsLoginTop.png HTTP/1.1" 304 -
200.54.247.70 - - [09/Mar/2018:10:33:36 -0300] "GET /cormun/static/Resources/indicator.gif HTTP/1.1" 304 -
186.67.172.234 - - [09/Mar/2018:10:33:42 -0300] "POST /cormun/servlet/solicitudot?gx-no-cache=1520602372141 HTTP/1.1" 200 33
186.67.172.234 - - [09/Mar/2018:10:33:43 -0300] "POST /cormun/servlet/solicitudot?c340b640f937ba6d577a86f89f7db436,INS,0,0,,gx-no-cache=1520602372602 HTTP/1.1" 200 93
186.67.172.234 - - [09/Mar/2018:10:33:43 -0300] "GET /cormun/servlet/hpexe_return? HTTP/1.1" 200 1005
186.67.172.234 - - [09/Mar/2018:10:33:45 -0300] "GET /cormun/servlet/trsolicitudot HTTP/1.1" 200 9618
186.67.172.234 - - [09/Mar/2018:10:33:45 -0300] "GET /cormun/servlet/trsolicitudot HTTP/1.1" 200 9614
186.103.196.90 - - [09/Mar/2018:10:33:53 -0300] "POST /cormun/servlet/solicitudotadjuntos?a70dc856a18f0c164c4ad5f39e883014,INS,2018,10349,,1, HTTP/1.1" 200 7100
186.67.172.234 - - [09/Mar/2018:10:33:53 -0300] "GET /cormun/servlet/solicitudot?INS,0,0, HTTP/1.1" 200 13663
186.67.172.234 - - [09/Mar/2018:10:33:54 -0300] "GET /cormun/servlet/solicitudot?INS,0,0, HTTP/1.1" 200 13668
200.54.247.70 - - [09/Mar/2018:10:33:55 -0300] "POST /cormun/servlet/hlogin?c85ba0ddcfa78bf17a8369b63edaf331,gx-no-cache=1520602383121 HTTP/1.1" 200 90
200.54.247.70 - - [09/Mar/2018:10:33:56 -0300] "GET /cormun/servlet/hpexe_link HTTP/1.1" 200 950
200.54.247.70 - - [09/Mar/2018:10:33:56 -0300] "GET /cormun/servlet/hhome HTTP/1.1" 200 4233
200.54.247.70 - - [09/Mar/2018:10:34:00 -0300] "GET /cormun/servlet/trsolicitudot? HTTP/1.1" 200 7449
200.54.247.70 - - [09/Mar/2018:10:34:03 -0300] "GET /cormun/servlet/solicitudot?INS,0,0, HTTP/1.1" 200 13678
186.103.156.166 - - [09/Mar/2018:10:34:06 -0300] "GET /cormun/servlet/solicitudot?ccbd04e35c8c81d6bd51d1d3944e1d14b9592ad7df6ee31de1109cd622e5f6013cc74406a887a4a442fd85ea5a249fca,gx-no-cache=1520602403772 HTTP/1.1" 200 30
192.168.10.89 - - [09/Mar/2018:10:34:20 -0300] "POST /cormun/servlet/trsolicitudgral?20a15a22bd14813542f4d6bbc2cd0c5b,,gx-no-cache=1520602298714 HTTP/1.1" 200 15054
186.67.172.234 - - [09/Mar/2018:10:34:25 -0300] "POST /cormun/servlet/solicitudot?gx-no-cache=1520602414253 HTTP/1.1" 200 3372
186.67.172.234 - - [09/Mar/2018:10:34:25 -0300] "POST /cormun/servlet/solicitudot?c340b640f937ba6d577a86f89f7db436,INS,0,0,,gx-no-cache=1520602414906 HTTP/1.1" 200 10533
186.103.156.166 - - [09/Mar/2018:10:34:40 -0300] "POST /cormun/servlet/solicitudot?gx-no-cache=1520602415848 HTTP/1.1" 500 4102
192.168.10.89 - - [09/Mar/2018:10:34:58 -0300] "POST /cormun/servlet/trsolicitudgral?20a15a22bd14813542f4d6bbc2cd0c5b,,gx-no-cache=1520602336493 HTTP/1.1" 200 105
192.168.10.89 - - [09/Mar/2018:10:34:58 -0300] "POST /cormun/servlet/trsolicitudgral?20a15a22bd14813542f4d6bbc2cd0c5b,,gx-no-cache=1520602336713 HTTP/1.1" 200 15030
192.168.10.89 - - [09/Mar/2018:10:34:59 -0300] "GET /cormun/SolicitudGral-6059.xls HTTP/1.1" 200 14848
192.168.10.89 - - [09/Mar/2018:10:35:02 -0300] "OPTIONS /cormun/ HTTP/1.1" 200 -
192.168.10.89 - - [09/Mar/2018:10:35:02 -0300] "OPTIONS /cormun/ HTTP/1.1" 200 -
152.231.70.146 - - [09/Mar/2018:10:35:06 -0300] "POST /cormun/servlet/solicitudotadjuntos?a70dc856a18f0c164c4ad5f39e883014,INS,2018,10349,,1, HTTP/1.1" 200 7100
192.168.10.89 - - [09/Mar/2018:10:35:07 -0300] "HEAD /cormun/SolicitudGral-6059.xls HTTP/1.1" 200 -
192.168.10.89 - - [09/Mar/2018:10:35:07 -0300] "HEAD /cormun/SolicitudGral-6059.xls HTTP/1.1" 200 -
200.54.247.70 - - [09/Mar/2018:10:35:08 -0300] "POST /cormun/servlet/solicitudot?gx-no-cache=1520602455176 HTTP/1.1" 200 3284
186.67.172.234 - - [09/Mar/2018:10:35:09 -0300] "GET /cormun/servlet/solicitudot?3abb2657770c52243adc589623df79a3947ecd61da82c9a37d676a18d406c642608e7f011de0dae203b471cd6406f669,gx-no-cache=1520602459485 HTTP/1.1" 200 30
186.67.172.234 - - [09/Mar/2018:10:35:09 -0300] "GET /cormun/servlet/solicitudot?3abb2657770c52243adc589623df79a39342a204c60370fb63762a93716d580dd2309fefa03e1a7ea3127ed6f1bcf502608e7f011de0dae203b471cd6406f669,gx-no-cache=1520602459618 HTTP/1.1" 200 30
186.67.172.234 - - [09/Mar/2018:10:35:09 -0300] "GET /cormun/servlet/solicitudot?3abb2657770c52243adc589623df79a3b0274d89e7233558a05889a92a220ed8,gx-no-cache=1520602459688 HTTP/1.1" 200 123
186.67.172.234 - - [09/Mar/2018:10:35:09 -0300] "GET /cormun/static/Shared/jqueryui/images/ui-bg_highlight-soft_100_c6c2c8_1x100.png HTTP/1.1" 404 1117
186.67.172.234 - - [09/Mar/2018:10:35:10 -0300] "GET /cormun/static/Shared/jqueryui/images/ui-bg_flat_55_994d53_40x100.png HTTP/1.1" 404 1097
186.67.172.234 - - [09/Mar/2018:10:35:10 -0300] "GET /cormun/static/Shared/jqueryui/images/ui-icons_ebccce_256x240.png HTTP/1.1" 404 1089
200.54.247.70 - - [09/Mar/2018:10:35:10 -0300] "POST /cormun/servlet/solicitudot?c85ba0ddcfa78bf17a8369b63edaf331,INS,0,0,,gx-no-cache=1520602456677 HTTP/1.1" 200 10439
186.67.172.234 - - [09/Mar/2018:10:35:10 -0300] "GET /cormun/static/Shared/jqueryui/images/ui-icons_82798d_256x240.png HTTP/1.1" 404 1089
186.67.172.234 - - [09/Mar/2018:10:35:10 -0300] "POST /cormun/servlet/solicitudot?gx-no-cache=1520602459766 HTTP/1.1" 200 255
186.67.172.234 - - [09/Mar/2018:10:35:10 -0300] "GET /cormun/servlet/solicitudot?3abb2657770c52243adc589623df79a3d13330b85936ba231459ccacc312c37098500427c2f300d9dd2e44608794324d04048ca8900d35c2a752367d843cc7ccac7dc24f4a6bebfc1e1add263e1949d89ca9e293247783ee7ecaf9aaef10c6e5c85b0fdd78e4557ccd9c1680d6b8fe5c13ef49737a75b72071f96d4524d5351ba493f4cfb64e91a5e35273dac0f3cbffdfc31dbbe49dcdf7fb8fa2ae7827593e965c74c05749cacd6c6de59718698889aa0f474530a3dd7ed272e5ba0e82804ad2fe7a781619b30563f2d523ae29e1908432ce19765b8f5be3f99d35d817af272e300c2a93fabc8e63611672ac2d4ec40b4c3f69be14ddb4d66d29f31afce3283770466bd9c5c38a529595d96b524b1cac9afb72432e097fb2ded791c365888bd056b5b91f219cc520667eef88bd36c2b9e24c70da214d76f15a613b14ceace7da87ae3dd246563ab280cfdf799ceba5c4d0ff98f9c82038d4a893e327b6718dc9401234924e1e270a6f1d274a8af98755941eabf24371158dc9cc9c9ce14eef,gx-no-cache=1520602460464 HTTP/1.1" 200 30
192.168.10.89 - - [09/Mar/2018:10:35:11 -0300] "GET /cormun/SolicitudGral-6059.xls HTTP/1.1" 200 14848
192.168.10.89 - - [09/Mar/2018:10:35:11 -0300] "HEAD /cormun/SolicitudGral-6059.xls HTTP/1.1" 200 -
186.103.156.166 - - [09/Mar/2018:10:35:12 -0300] "POST /cormun/servlet/solicitudot?gx-no-cache=1520602469626 HTTP/1.1" 200 240
186.67.172.234 - - [09/Mar/2018:10:35:14 -0300] "POST /cormun/servlet/solicitudot?gx-no-cache=1520602464538 HTTP/1.1" 200 30
190.100.93.40 - - [09/Mar/2018:10:35:15 -0300] "GET /cormun/servlet/solicitudotadjuntos?DLT,2018,10347,CARNET,0, HTTP/1.1" 200 6331
190.100.93.40 - - [09/Mar/2018:10:35:15 -0300] "GET /cormun/static/Shared/jqueryui/images/ui-bg_highlight-soft_100_c6c2c8_1x100.png HTTP/1.1" 404 1117
190.100.93.40 - - [09/Mar/2018:10:35:15 -0300] "GET /cormun/static/Shared/jqueryui/images/ui-icons_82798d_256x240.png HTTP/1.1" 404 1089
190.100.93.40 - - [09/Mar/2018:10:35:15 -0300] "GET /cormun/static/Shared/jqueryui/images/ui-bg_flat_55_fafafa_40x100.png HTTP/1.1" 404 1097
190.100.93.40 - - [09/Mar/2018:10:35:15 -0300] "GET /cormun/static/Shared/jqueryui/images/ui-icons_8d78a5_256x240.png HTTP/1.1" 404 1089
190.100.93.40 - - [09/Mar/2018:10:35:16 -0300] "GET /cormun/servlet/solicitudotadjuntos?DLT,2018,10347,CARNET,0, HTTP/1.1" 200 6326
190.100.93.40 - - [09/Mar/2018:10:35:16 -0300] "GET /cormun/PublicTempStorage/c._reyes_-_c.i.770874.pdf HTTP/1.1" 200 348336
200.54.247.70 - - [09/Mar/2018:10:35:16 -0300] "GET /cormun/servlet/solicitudot?2d571ceb16ae6f1d5ccf1031625b547d66464112f7d26c74e14ea6be071479414e9ed4136209a465f3a0fc09ecb29133,gx-no-cache=1520602464154 HTTP/1.1" 200 30
186.67.172.234 - - [09/Mar/2018:10:35:17 -0300] "POST /cormun/servlet/solicitudot?gx-no-cache=1520602467085 HTTP/1.1" 200 1337
186.67.172.234 - - [09/Mar/2018:10:35:18 -0300] "POST /cormun/servlet/solicitudot?gx-no-cache=1520602467548 HTTP/1.1" 200 38
186.67.172.234 - - [09/Mar/2018:10:35:18 -0300] "GET /cormun/servlet/solicitudot?3abb2657770c52243adc589623df79a34d72e0d81c3ca657c7b6054679eccc60c51dfb1ebda5c76c6be160a810128aadacc0015362b352f3971d491355ad1d7680f31a367d4d4db1a2e374e6012d1167041619704f956c3e838923b58e25011c4ba4f301270bb90f330225cb805cefab23e9788bf542a6ebb1a9c460b0e6ce4dce5c1b19b812c386c25db813dedce3449ee5d0dfe7b725dfa7b69b3c0f379bc2fe156bb2c5d4743a70bbefa20d03d9af494b97763c41bf1bd5b4501edc24021e998b506faadf077f8b5969bc58d6f8f4,gx-no-cache=1520602468014 HTTP/1.1" 200 29
186.103.156.166 - - [09/Mar/2018:10:35:18 -0300] "GET /cormun/servlet/solicitudot?ccbd04e35c8c81d6bd51d1d3944e1d146c48c976067060310f1901a4cdaa4aa5d4bdddfb0ffa09f29d42a6390ccae7673f984aa808baf7ab511db74e949378171349e601cd9c6afcdcbfb914e471e2aaabb2dd620a6ff48e86a8c379fac62ea29e106f7cb625e5f4b0f638be27d61d47b877a42db30f00b61350da22b9a397f50fa5dd9f6796d36dcd7c368de7b09d4d2c19054ded1883fe3c3bc306c83a32f9cd87b3ad852f462ba8aa7bc6486299eca2dbe1c03122bebc891c17f96fcfbaeab6769367bd0d7e3814783838c8a1bb48034df24ac3ef574f37b1c49cbf8da372937389bcab3b0dc7df691d0667a3de59da3f63c915943f3ed80d0efdf2b5f00d811011620607434855bbd154862ea69b041cd41a7eeca7d1f2df8d7aedfd74cc78a2c3bb32516877414b10ee68ccf08ba68bb21495c706e3838bedb9811434b5da00c1fb86d27e9d07963d9f04a3c1809699ac04dba36bb19568a9bb94bd544f499fb280585afe7d1e2aac899a551c9da9ff7c5aec69f14eb8c5049354ca50f4,gx-no-cache=1520602475776 HTTP/1.1" 200 30
190.100.93.40 - - [09/Mar/2018:10:35:18 -0300] "POST /cormun/servlet/solicitudotadjuntos?50eeaf17eb99e967a28e6a57335f3130,DLT,2018,10347,CARNET,0,,gx-no-cache=1520602472628 HTTP/1.1" 200 93
190.100.93.40 - - [09/Mar/2018:10:35:19 -0300] "GET /cormun/servlet/hpexe_return? HTTP/1.1" 200 1025
190.100.93.40 - - [09/Mar/2018:10:35:19 -0300] "GET /cormun/servlet/trsolicitudadjuntos?2018,10347, HTTP/1.1" 200 6419
190.100.93.40 - - [09/Mar/2018:10:35:19 -0300] "GET /cormun/servlet/trsolicitudadjuntos?2018,10347, HTTP/1.1" 200 6415
186.67.172.234 - - [09/Mar/2018:10:35:19 -0300] "POST /cormun/servlet/solicitudot?gx-no-cache=1520602468376 HTTP/1.1" 200 1319
186.67.172.234 - - [09/Mar/2018:10:35:19 -0300] "POST /cormun/servlet/solicitudot?gx-no-cache=1520602469596 HTTP/1.1" 200 1219
186.103.156.166 - - [09/Mar/2018:10:35:21 -0300] "GET /cormun/servlet/solicitudot?ccbd04e35c8c81d6bd51d1d3944e1d146c48c976067060310f1901a4cdaa4aa5d4bdddfb0ffa09f29d42a6390ccae7673f984aa808baf7ab511db74e949378171349e601cd9c6afcdcbfb914e471e2aaabb2dd620a6ff48e86a8c379fac62ea29e106f7cb625e5f4b0f638be27d61d47b877a42db30f00b61350da22b9a397f50fa5dd9f6796d36dcd7c368de7b09d4d2c19054ded1883fe3c3bc306c83a32f9cd87b3ad852f462ba8aa7bc6486299eca2dbe1c03122bebc891c17f96fcfbaeab6769367bd0d7e3814783838c8a1bb48034df24ac3ef574f37b1c49cbf8da372937389bcab3b0dc7df691d0667a3de59b2a1c1ee45cf7851d9fd62da1e9f97fa811011620607434855bbd154862ea69b041cd41a7eeca7d1f2df8d7aedfd74cc78a2c3bb32516877414b10ee68ccf08ba68bb21495c706e3838bedb9811434b5da00c1fb86d27e9d07963d9f04a3c1809699ac04dba36bb19568a9bb94bd544f499fb280585afe7d1e2aac899a551c9da9ff7c5aec69f14eb8c5049354ca50f4,gx-no-cache=1520602478129 HTTP/1.1" 200 30
190.100.93.40 - - [09/Mar/2018:10:35:22 -0300] "GET /cormun/servlet/trsolicitudot? HTTP/1.1" 200 9293
190.100.93.40 - - [09/Mar/2018:10:35:23 -0300] "GET /cormun/servlet/trsolicitudot? HTTP/1.1" 200 9286
186.103.156.166 - - [09/Mar/2018:10:35:23 -0300] "POST /cormun/servlet/solicitudot?gx-no-cache=1520602481096 HTTP/1.1" 200 30
186.103.196.84 - - [09/Mar/2018:10:35:24 -0300] "GET /cormun/servlet/hlogin HTTP/1.1" 200 1720
186.103.196.84 - - [09/Mar/2018:10:35:27 -0300] "POST /cormun/servlet/hlogin?a70dc856a18f0c164c4ad5f39e883014,gx-no-cache=1520602477596 HTTP/1.1" 200 90
186.103.196.84 - - [09/Mar/2018:10:35:28 -0300] "GET /cormun/servlet/hpexe_link HTTP/1.1" 200 973
186.103.156.166 - - [09/Mar/2018:10:35:28 -0300] "POST /cormun/servlet/solicitudot?gx-no-cache=1520602485458 HTTP/1.1" 200 1334
190.100.93.40 - - [09/Mar/2018:10:35:28 -0300] "POST /cormun/servlet/trsolicitudot?50eeaf17eb99e967a28e6a57335f3130,,gx-no-cache=1520602482698 HTTP/1.1" 200 107
190.100.93.40 - - [09/Mar/2018:10:35:29 -0300] "GET /cormun/servlet/trsolicitudadjuntos?2018,10347, HTTP/1.1" 200 6415
186.103.156.166 - - [09/Mar/2018:10:35:29 -0300] "POST /cormun/servlet/solicitudot?gx-no-cache=1520602486305 HTTP/1.1" 200 41
190.100.93.40 - - [09/Mar/2018:10:35:29 -0300] "GET /cormun/servlet/trsolicitudadjuntos?2018,10347, HTTP/1.1" 200 6415
186.103.196.84 - - [09/Mar/2018:10:35:30 -0300] "GET /cormun/servlet/solicitudotadjuntos?INS,2018,10349,,1, HTTP/1.1" 200 6235
190.100.93.40 - - [09/Mar/2018:10:35:32 -0300] "GET /cormun/servlet/solicitudotadjuntos?INS,2018,10347,,1, HTTP/1.1" 200 6353
190.100.93.40 - - [09/Mar/2018:10:35:32 -0300] "GET /cormun/static/about:blank HTTP/1.1" 404 1011
190.100.93.40 - - [09/Mar/2018:10:35:32 -0300] "GET /cormun/servlet/solicitudotadjuntos?INS,2018,10347,,1, HTTP/1.1" 200 6347
190.100.93.40 - - [09/Mar/2018:10:35:33 -0300] "GET /cormun/servlet/solicitudotadjuntos?0fc33ab8f93b046478ad5c01a6b97ac4e9071e078dc37080e5b500ceb38634fd79a58d3198351ae7a60ed1dcb04716ca,gx-no-cache=1520602487423 HTTP/1.1" 200 30
186.103.196.90 - - [09/Mar/2018:10:35:33 -0300] "GET /cormun/static/about:blank HTTP/1.1" 404 1011
186.103.196.84 - - [09/Mar/2018:10:35:33 -0300] "GET /cormun/servlet/solicitudotadjuntos?INS,2018,10349,,1, HTTP/1.1" 200 6234
190.100.93.40 - - [09/Mar/2018:10:35:33 -0300] "POST /cormun/servlet/solicitudotadjuntos?50eeaf17eb99e967a28e6a57335f3130,INS,2018,10347,,1,,gx-no-cache=1520602487512 HTTP/1.1" 200 4020
186.103.196.90 - - [09/Mar/2018:10:35:33 -0300] "GET /cormun/servlet/solicitudotadjuntos?bac20ea41d6e783602ccb1e09a8bdddfc4f4427591c4120cdb48f8463a2145a185703d7198a6a47069fd2c07fe469514,gx-no-cache=1520602483850 HTTP/1.1" 200 30
186.103.196.90 - - [09/Mar/2018:10:35:35 -0300] "POST /cormun/servlet/solicitudotadjuntos?a70dc856a18f0c164c4ad5f39e883014,INS,2018,10349,,1,,gx-no-cache=1520602483948 HTTP/1.1" 200 4006
190.100.93.40 - - [09/Mar/2018:10:35:35 -0300] "POST /cormun/servlet/solicitudotadjuntos?gx-no-cache=1520602489797 HTTP/1.1" 200 26
186.103.196.90 - - [09/Mar/2018:10:35:42 -0300] "POST /cormun/servlet/solicitudotadjuntos?gx-no-cache=1520602491092 HTTP/1.1" 200 26
190.100.93.40 - - [09/Mar/2018:10:35:46 -0300] "GET /cormun/servlet/solicitudotadjuntos?0fc33ab8f93b046478ad5c01a6b97ac4ae790196b38acbfc8a7801be2576d97f,gx-no-cache=1520602500880 HTTP/1.1" 200 30
190.100.93.40 - - [09/Mar/2018:10:35:47 -0300] "GET /cormun/servlet/solicitudotadjuntos?0fc33ab8f93b046478ad5c01a6b97ac4ae790196b38acbfc8a7801be2576d97f,gx-no-cache=1520602501267 HTTP/1.1" 200 30
186.103.196.90 - - [09/Mar/2018:10:35:49 -0300] "GET /cormun/servlet/solicitudotadjuntos?bac20ea41d6e783602ccb1e09a8bdddf508e68cef39decf232c01f309fe5ff6b,gx-no-cache=1520602499578 HTTP/1.1" 200 30
186.103.196.90 - - [09/Mar/2018:10:35:49 -0300] "GET /cormun/servlet/solicitudotadjuntos?bac20ea41d6e783602ccb1e09a8bdddf508e68cef39decf232c01f309fe5ff6b,gx-no-cache=1520602499653 HTTP/1.1" 200 30
190.100.93.40 - - [09/Mar/2018:10:35:56 -0300] "POST /cormun/servlet/solicitudotadjuntos?50eeaf17eb99e967a28e6a57335f3130,INS,2018,10347,,1, HTTP/1.1" 200 116
190.100.93.40 - - [09/Mar/2018:10:35:56 -0300] "GET /cormun/servlet/hpexe_return? HTTP/1.1" 200 1020
190.100.93.40 - - [09/Mar/2018:10:35:56 -0300] "GET /cormun/servlet/trsolicitudadjuntos?2018,10347, HTTP/1.1" 200 8834
190.100.93.40 - - [09/Mar/2018:10:35:57 -0300] "GET /cormun/servlet/trsolicitudadjuntos?2018,10347, HTTP/1.1" 200 8833
190.100.93.40 - - [09/Mar/2018:10:36:00 -0300] "GET /cormun/servlet/solicitudotadjuntos?INS,2018,10347,,1, HTTP/1.1" 200 6353
190.100.93.40 - - [09/Mar/2018:10:36:00 -0300] "GET /cormun/static/about:blank HTTP/1.1" 404 1011
190.100.93.40 - - [09/Mar/2018:10:36:00 -0300] "GET /cormun/servlet/solicitudotadjuntos?INS,2018,10347,,1, HTTP/1.1" 200 6346
192.168.10.61 - - [09/Mar/2018:10:36:00 -0300] "POST /cormun/servlet/trsolicitudgral?06ef8980e0cfeda73e64c94aa1ed2183,,gx-no-cache=1520602398891 HTTP/1.1" 200 5861
190.100.93.40 - - [09/Mar/2018:10:36:01 -0300] "GET /cormun/servlet/solicitudotadjuntos?0fc33ab8f93b046478ad5c01a6b97ac4e9071e078dc37080e5b500ceb38634fd79a58d3198351ae7a60ed1dcb04716ca,gx-no-cache=1520602515444 HTTP/1.1" 200 30
190.100.93.40 - - [09/Mar/2018:10:36:02 -0300] "POST /cormun/servlet/solicitudotadjuntos?50eeaf17eb99e967a28e6a57335f3130,INS,2018,10347,,1,,gx-no-cache=1520602515577 HTTP/1.1" 200 4020
190.100.93.40 - - [09/Mar/2018:10:36:04 -0300] "POST /cormun/servlet/solicitudotadjuntos?gx-no-cache=1520602518237 HTTP/1.1" 200 26
186.67.164.142 - - [09/Mar/2018:10:36:05 -0300] "POST /cormun/servlet/solicitudot?e59afeb72c3559a79c1af23a940bcc61,INS,0,0,,gx-no-cache=1520602515914 HTTP/1.1" 200 93
186.67.164.142 - - [09/Mar/2018:10:36:06 -0300] "GET /cormun/servlet/hpexe_return? HTTP/1.1" 200 1031
186.67.164.142 - - [09/Mar/2018:10:36:06 -0300] "GET /cormun/servlet/trsolicitudot?gx-no-cache=1520601852545 HTTP/1.1" 200 8570
186.67.164.142 - - [09/Mar/2018:10:36:06 -0300] "GET /cormun/servlet/trsolicitudot?gx-no-cache=1520601852545 HTTP/1.1" 200 8585
192.168.10.61 - - [09/Mar/2018:10:36:09 -0300] "POST /cormun/servlet/trsolicitudgral?06ef8980e0cfeda73e64c94aa1ed2183,,gx-no-cache=1520602407993 HTTP/1.1" 200 5861
192.168.10.61 - - [09/Mar/2018:10:36:14 -0300] "POST /cormun/servlet/trsolicitudgral?06ef8980e0cfeda73e64c94aa1ed2183,,gx-no-cache=1520602412521 HTTP/1.1" 200 5860
190.100.93.40 - - [09/Mar/2018:10:36:16 -0300] "GET /cormun/servlet/solicitudotadjuntos?0fc33ab8f93b046478ad5c01a6b97ac4ae790196b38acbfc8a7801be2576d97f,gx-no-cache=1520602530953 HTTP/1.1" 200 30
190.100.93.40 - - [09/Mar/2018:10:36:16 -0300] "GET /cormun/servlet/solicitudotadjuntos?0fc33ab8f93b046478ad5c01a6b97ac4ae790196b38acbfc8a7801be2576d97f,gx-no-cache=1520602531037 HTTP/1.1" 200 30
192.168.10.61 - - [09/Mar/2018:10:36:23 -0300] "POST /cormun/servlet/trsolicitudgral?06ef8980e0cfeda73e64c94aa1ed2183,,gx-no-cache=1520602421538 HTTP/1.1" 200 5858
186.103.156.166 - - [09/Mar/2018:10:36:24 -0300] "POST /cormun/servlet/solicitudot?gx-no-cache=1520602542025 HTTP/1.1" 200 297
192.168.10.56 - - [09/Mar/2018:10:36:28 -0300] "POST /cormun/servlet/hlogin?11b9442431472047e4d7aecc8c7981a2,gx-no-cache=1520602426560 HTTP/1.1" 440 972
186.103.196.90 - - [09/Mar/2018:10:36:29 -0300] "POST /cormun/servlet/solicitudotadjuntos?a70dc856a18f0c164c4ad5f39e883014,INS,2018,10349,,1, HTTP/1.1" 200 6451
186.103.196.90 - - [09/Mar/2018:10:36:29 -0300] "GET /cormun/static/Shared/jqueryui/images/ui-bg_highlight-soft_100_c6c2c8_1x100.png HTTP/1.1" 404 1117
186.103.196.84 - - [09/Mar/2018:10:36:29 -0300] "GET /cormun/static/Shared/jqueryui/images/ui-icons_82798d_256x240.png HTTP/1.1" 404 1089
186.103.196.90 - - [09/Mar/2018:10:36:29 -0300] "GET /cormun/static/Shared/jqueryui/images/ui-bg_flat_55_994d53_40x100.png HTTP/1.1" 404 1097
190.151.124.170 - - [09/Mar/2018:10:36:29 -0300] "GET /cormun/static/Shared/jqueryui/images/ui-icons_ebccce_256x240.png HTTP/1.1" 404 1089
192.168.10.61 - - [09/Mar/2018:10:36:29 -0300] "POST /cormun/servlet/trsolicitudgral?06ef8980e0cfeda73e64c94aa1ed2183,,gx-no-cache=1520602427587 HTTP/1.1" 200 10572
192.168.10.56 - - [09/Mar/2018:10:36:30 -0300] "GET /cormun/servlet/hlogin HTTP/1.1" 200 1729
186.103.196.90 - - [09/Mar/2018:10:36:31 -0300] "GET /cormun/PrivateTempStorage/upload_00007892.jpg HTTP/1.1" 200 529175
192.168.10.56 - - [09/Mar/2018:10:36:31 -0300] "POST /cormun/servlet/hlogin?a68c72c6df29d4286cbeadbda1a3a0c1,gx-no-cache=1520602429654 HTTP/1.1" 200 90
192.168.10.56 - - [09/Mar/2018:10:36:31 -0300] "GET /cormun/servlet/hpexe_link HTTP/1.1" 200 950
192.168.10.56 - - [09/Mar/2018:10:36:31 -0300] "GET /cormun/servlet/hhome HTTP/1.1" 200 4483
192.168.10.56 - - [09/Mar/2018:10:36:32 -0300] "GET /cormun/servlet/hhome HTTP/1.1" 200 4479
192.168.10.56 - - [09/Mar/2018:10:36:36 -0300] "GET /cormun/servlet/trsolicitudgral? HTTP/1.1" 200 27909
192.168.10.61 - - [09/Mar/2018:10:36:36 -0300] "GET /cormun/servlet/vesolicitudgral?2018,8984,, HTTP/1.1" 200 8971
192.168.10.61 - - [09/Mar/2018:10:36:36 -0300] "GET /cormun/pexe_scrolldiv.js HTTP/1.1" 404 1009
192.168.10.61 - - [09/Mar/2018:10:36:36 -0300] "GET /cormun/pexe_scrolldiv.js HTTP/1.1" 404 1009
192.168.10.61 - - [09/Mar/2018:10:36:37 -0300] "GET /cormun/servlet/vesolicitudgral?2018,8984,, HTTP/1.1" 200 8970
192.168.10.56 - - [09/Mar/2018:10:36:38 -0300] "GET /cormun/servlet/trsolicitudgral? HTTP/1.1" 200 27907
186.103.156.166 - - [09/Mar/2018:10:36:44 -0300] "GET /cormun/servlet/solicitudot?ccbd04e35c8c81d6bd51d1d3944e1d146c48c976067060310f1901a4cdaa4aa5ead9ab5acaf432ccf2031a2ba768e74b3f984aa808baf7ab511db74e949378171349e601cd9c6afcdcbfb914e471e2aaabb2dd620a6ff48e86a8c379fac62ea29e106f7cb625e5f4b0f638be27d61d47b877a42db30f00b61350da22b9a397f50fa5dd9f6796d36dcd7c368de7b09d4d2c19054ded1883fe3c3bc306c83a32f9cd87b3ad852f462ba8aa7bc6486299eca2dbe1c03122bebc891c17f96fcfbaeab6769367bd0d7e3814783838c8a1bb48034df24ac3ef574f37b1c49cbf8da372937389bcab3b0dc7df691d0667a3de59aaabd111d7ece1aeefe7e75e60c5f4ed811011620607434855bbd154862ea69b041cd41a7eeca7d1f2df8d7aedfd74cc78a2c3bb32516877414b10ee68ccf08ba68bb21495c706e3838bedb9811434b563c90b7a4b998706fbfaa9a622fad16318f000126d0b2891bb3120119d7ffa4840932f89ce9700a26ab5d547ac95bc86ca210eafffb47ad53f7c65372d2a5de5f35b3c2dee98a14ab7f3277b69269780,gx-no-cache=1520602560605 HTTP/1.1" 200 30
186.103.196.90 - - [09/Mar/2018:10:36:45 -0300] "GET /cormun/servlet/solicitudotadjuntos?bac20ea41d6e783602ccb1e09a8bdddf785687e7bf91c29d8232b1436ac7bf63c686aa04b2749bb99f54444ae26cf2d1,gx-no-cache=1520602555667 HTTP/1.1" 200 30
192.168.10.56 - - [09/Mar/2018:10:36:48 -0300] "POST /cormun/servlet/trsolicitudgral?a68c72c6df29d4286cbeadbda1a3a0c1,,gx-no-cache=1520602446865 HTTP/1.1" 200 7276
186.103.156.166 - - [09/Mar/2018:10:36:54 -0300] "POST /cormun/servlet/solicitudot?gx-no-cache=1520602571246 HTTP/1.1" 200 30
186.103.156.166 - - [09/Mar/2018:10:36:54 -0300] "POST /cormun/servlet/solicitudot?gx-no-cache=1520602571717 HTTP/1.1" 200 1334
186.103.156.166 - - [09/Mar/2018:10:36:54 -0300] "POST /cormun/servlet/solicitudot?gx-no-cache=1520602572413 HTTP/1.1" 200 41
192.168.10.56 - - [09/Mar/2018:10:36:56 -0300] "GET /cormun/servlet/hlogin HTTP/1.1" 200 1738
190.100.93.40 - - [09/Mar/2018:10:37:02 -0300] "POST /cormun/servlet/solicitudotadjuntos?50eeaf17eb99e967a28e6a57335f3130,INS,2018,10347,,1, HTTP/1.1" 200 116
190.100.93.40 - - [09/Mar/2018:10:37:08 -0300] "GET /cormun/servlet/hpexe_return? HTTP/1.1" 200 1020
186.103.196.90 - - [09/Mar/2018:10:37:09 -0300] "POST /cormun/servlet/solicitudotadjuntos?a70dc856a18f0c164c4ad5f39e883014,INS,2018,10349,,1, HTTP/1.1" 200 6450
186.103.196.90 - - [09/Mar/2018:10:37:10 -0300] "GET /cormun/PrivateTempStorage/upload_00007916.jpg HTTP/1.1" 200 529175
192.168.10.61 - - [09/Mar/2018:10:37:10 -0300] "GET /cormun/servlet/vesolicitudgral?2018,8984,,SolicitudOTLog HTTP/1.1" 200 9973
192.168.10.61 - - [09/Mar/2018:10:37:10 -0300] "GET /cormun/pexe_scrolldiv.js HTTP/1.1" 404 1009
192.168.10.61 - - [09/Mar/2018:10:37:11 -0300] "GET /cormun/static/Resources/PXToolsTabLastSelected.png HTTP/1.1" 200 1262
192.168.10.61 - - [09/Mar/2018:10:37:11 -0300] "GET /cormun/pexe_scrolldiv.js HTTP/1.1" 404 1009
192.168.10.61 - - [09/Mar/2018:10:37:11 -0300] "GET /cormun/static/Resources/PXToolsTabFirstUnselected.png HTTP/1.1" 200 1264
192.168.10.61 - - [09/Mar/2018:10:37:11 -0300] "GET /cormun/static/Resources/PXToolsTabUnselectedSelected.png HTTP/1.1" 200 1444
192.168.10.61 - - [09/Mar/2018:10:37:11 -0300] "GET /cormun/servlet/vesolicitudgral?2018,8984,,SolicitudOTLog HTTP/1.1" 200 9974
192.168.10.61 - - [09/Mar/2018:10:37:12 -0300] "POST /cormun/servlet/acontrolpreferencessavestate?None,CGONZALEZ,true HTTP/1.1" 200 35
186.103.156.166 - - [09/Mar/2018:10:37:13 -0300] "POST /cormun/servlet/solicitudot?gx-no-cache=1520602590798 HTTP/1.1" 200 1318
192.168.10.61 - - [09/Mar/2018:10:37:13 -0300] "GET /cormun/servlet/vesolicitudgral?2018,8984,,SolicitudOTAdjuntos HTTP/1.1" 200 7618
192.168.10.61 - - [09/Mar/2018:10:37:14 -0300] "GET /cormun/pexe_scrolldiv.js HTTP/1.1" 404 1009
192.168.10.61 - - [09/Mar/2018:10:37:14 -0300] "GET /cormun/pexe_scrolldiv.js HTTP/1.1" 404 1009
186.103.156.166 - - [09/Mar/2018:10:37:14 -0300] "POST /cormun/servlet/solicitudot?gx-no-cache=1520602591344 HTTP/1.1" 200 1218
192.168.10.61 - - [09/Mar/2018:10:37:14 -0300] "GET /cormun/servlet/vesolicitudgral?2018,8984,,SolicitudOTAdjuntos HTTP/1.1" 200 7618
186.103.156.166 - - [09/Mar/2018:10:37:15 -0300] "GET /cormun/servlet/solicitudot?ccbd04e35c8c81d6bd51d1d3944e1d14b9592ad7df6ee31de1109cd622e5f6013cc74406a887a4a442fd85ea5a249fca,gx-no-cache=1520602591661 HTTP/1.1" 200 30
192.168.10.61 - - [09/Mar/2018:10:37:15 -0300] "POST /cormun/servlet/acontrolpreferencessavestate?None,CGONZALEZ,true HTTP/1.1" 200 35
192.168.10.61 - - [09/Mar/2018:10:37:16 -0300] "GET /cormun/servlet/vesolicitudgral?2018,8984,,General HTTP/1.1" 200 8976
192.168.10.61 - - [09/Mar/2018:10:37:16 -0300] "GET /cormun/pexe_scrolldiv.js HTTP/1.1" 404 1009
192.168.10.61 - - [09/Mar/2018:10:37:16 -0300] "GET /cormun/pexe_scrolldiv.js HTTP/1.1" 404 1009
192.168.10.61 - - [09/Mar/2018:10:37:16 -0300] "GET /cormun/servlet/vesolicitudgral?2018,8984,,General HTTP/1.1" 200 8976
190.100.93.40 - - [09/Mar/2018:10:37:23 -0300] "GET /cormun/servlet/trsolicitudadjuntos?2018,10347, HTTP/1.1" 200 9052
186.103.156.166 - - [09/Mar/2018:10:37:23 -0300] "POST /cormun/servlet/solicitudot?gx-no-cache=1520602592646 HTTP/1.1" 200 30
190.100.93.40 - - [09/Mar/2018:10:37:24 -0300] "GET /cormun/servlet/trsolicitudadjuntos?2018,10347, HTTP/1.1" 200 9050
190.151.99.26 - - [09/Mar/2018:10:37:26 -0300] "GET /cormun/servlet/hlogin HTTP/1.1" 200 1720
190.151.99.26 - - [09/Mar/2018:10:37:27 -0300] "POST /cormun/servlet/hlogin?a70dc856a18f0c164c4ad5f39e883014,gx-no-cache=1520602597653 HTTP/1.1" 200 90
190.151.99.26 - - [09/Mar/2018:10:37:28 -0300] "GET /cormun/servlet/hpexe_link HTTP/1.1" 200 973
190.151.99.26 - - [09/Mar/2018:10:37:28 -0300] "GET /cormun/servlet/solicitudotadjuntos?INS,2018,10349,,1, HTTP/1.1" 200 6235
190.100.93.40 - - [09/Mar/2018:10:37:28 -0300] "GET /cormun/servlet/solicitudotadjuntos?INS,2018,10347,,1, HTTP/1.1" 200 6353
190.151.99.26 - - [09/Mar/2018:10:37:28 -0300] "GET /cormun/static/about:blank HTTP/1.1" 404 1011
190.100.93.40 - - [09/Mar/2018:10:37:28 -0300] "GET /cormun/static/about:blank HTTP/1.1" 404 1011
190.151.99.26 - - [09/Mar/2018:10:37:29 -0300] "GET /cormun/servlet/solicitudotadjuntos?INS,2018,10349,,1, HTTP/1.1" 200 6234
190.100.93.40 - - [09/Mar/2018:10:37:29 -0300] "GET /cormun/servlet/solicitudotadjuntos?INS,2018,10347,,1, HTTP/1.1" 200 6347
190.100.93.40 - - [09/Mar/2018:10:37:29 -0300] "GET /cormun/servlet/solicitudotadjuntos?0fc33ab8f93b046478ad5c01a6b97ac4e9071e078dc37080e5b500ceb38634fd79a58d3198351ae7a60ed1dcb04716ca,gx-no-cache=1520602603742 HTTP/1.1" 200 30
186.103.196.84 - - [09/Mar/2018:10:37:29 -0300] "GET /cormun/servlet/solicitudotadjuntos?bac20ea41d6e783602ccb1e09a8bdddfc4f4427591c4120cdb48f8463a2145a185703d7198a6a47069fd2c07fe469514,gx-no-cache=1520602599454 HTTP/1.1" 200 30
190.100.93.40 - - [09/Mar/2018:10:37:30 -0300] "POST /cormun/servlet/solicitudotadjuntos?50eeaf17eb99e967a28e6a57335f3130,INS,2018,10347,,1,,gx-no-cache=1520602603823 HTTP/1.1" 200 4020
192.168.10.61 - - [09/Mar/2018:10:37:30 -0300] "GET /cormun/servlet/trsolicitudgral? HTTP/1.1" 200 13591
192.168.10.61 - - [09/Mar/2018:10:37:30 -0300] "GET /cormun/servlet/trsolicitudgral? HTTP/1.1" 200 13588
186.103.196.84 - - [09/Mar/2018:10:37:31 -0300] "POST /cormun/servlet/solicitudotadjuntos?a70dc856a18f0c164c4ad5f39e883014,INS,2018,10349,,1,,gx-no-cache=1520602599735 HTTP/1.1" 200 4006
190.100.93.40 - - [09/Mar/2018:10:37:32 -0300] "POST /cormun/servlet/solicitudotadjuntos?gx-no-cache=1520602606402 HTTP/1.1" 200 26
186.103.196.90 - - [09/Mar/2018:10:37:32 -0300] "POST /cormun/servlet/solicitudotadjuntos?a70dc856a18f0c164c4ad5f39e883014,INS,2018,10349,,1, HTTP/1.1" 200 7100
186.103.156.166 - - [09/Mar/2018:10:37:33 -0300] "POST /cormun/servlet/solicitudot?c569064d6f1225a316cd183517ec5db4,INS,0,0,,gx-no-cache=1520602601212 HTTP/1.1" 200 93
186.103.156.166 - - [09/Mar/2018:10:37:34 -0300] "GET /cormun/servlet/hpexe_return? HTTP/1.1" 200 1008
186.103.156.166 - - [09/Mar/2018:10:37:34 -0300] "GET /cormun/static/gxcfg.js?2016101716175148 HTTP/1.1" 304 -
186.103.156.166 - - [09/Mar/2018:10:37:35 -0300] "GET /cormun/servlet/trsolicitudot HTTP/1.1" 200 8759
186.103.156.166 - - [09/Mar/2018:10:37:36 -0300] "GET /cormun/servlet/trsolicitudot HTTP/1.1" 200 8755
190.100.93.40 - - [09/Mar/2018:10:37:37 -0300] "GET /cormun/servlet/solicitudotadjuntos?0fc33ab8f93b046478ad5c01a6b97ac4ae790196b38acbfc8a7801be2576d97f,gx-no-cache=1520602611930 HTTP/1.1" 200 30
190.100.93.40 - - [09/Mar/2018:10:37:37 -0300] "GET /cormun/servlet/solicitudotadjuntos?0fc33ab8f93b046478ad5c01a6b97ac4ae790196b38acbfc8a7801be2576d97f,gx-no-cache=1520602612021 HTTP/1.1" 200 30
186.103.196.84 - - [09/Mar/2018:10:37:45 -0300] "GET /cormun/servlet/trsolicitudot? HTTP/1.1" 200 8763
186.103.196.84 - - [09/Mar/2018:10:37:45 -0300] "GET /cormun/servlet/trsolicitudot? HTTP/1.1" 200 8752
190.100.93.40 - - [09/Mar/2018:10:37:51 -0300] "POST /cormun/servlet/solicitudotadjuntos?50eeaf17eb99e967a28e6a57335f3130,INS,2018,10347,,1, HTTP/1.1" 200 116
190.100.93.40 - - [09/Mar/2018:10:37:52 -0300] "GET /cormun/servlet/hpexe_return? HTTP/1.1" 200 1020
190.100.93.40 - - [09/Mar/2018:10:37:52 -0300] "GET /cormun/servlet/trsolicitudadjuntos?2018,10347, HTTP/1.1" 200 9228
190.100.93.40 - - [09/Mar/2018:10:37:53 -0300] "GET /cormun/servlet/trsolicitudadjuntos?2018,10347, HTTP/1.1" 200 9224
190.100.93.40 - - [09/Mar/2018:10:37:55 -0300] "GET /cormun/servlet/solicitudotadjuntos?INS,2018,10347,,1, HTTP/1.1" 200 6353
190.100.93.40 - - [09/Mar/2018:10:37:55 -0300] "GET /cormun/static/about:blank HTTP/1.1" 404 1011
190.100.93.40 - - [09/Mar/2018:10:37:56 -0300] "GET /cormun/servlet/solicitudotadjuntos?INS,2018,10347,,1, HTTP/1.1" 200 6346
190.100.93.40 - - [09/Mar/2018:10:37:56 -0300] "GET /cormun/servlet/solicitudotadjuntos?0fc33ab8f93b046478ad5c01a6b97ac4e9071e078dc37080e5b500ceb38634fd79a58d3198351ae7a60ed1dcb04716ca,gx-no-cache=1520602630681 HTTP/1.1" 200 30
190.100.93.40 - - [09/Mar/2018:10:37:58 -0300] "POST /cormun/servlet/solicitudotadjuntos?50eeaf17eb99e967a28e6a57335f3130,INS,2018,10347,,1,,gx-no-cache=1520602630777 HTTP/1.1" 200 4020
190.100.93.40 - - [09/Mar/2018:10:38:01 -0300] "POST /cormun/servlet/solicitudotadjuntos?gx-no-cache=1520602635528 HTTP/1.1" 200 26
190.100.93.40 - - [09/Mar/2018:10:38:08 -0300] "GET /cormun/servlet/solicitudotadjuntos?0fc33ab8f93b046478ad5c01a6b97ac4ae790196b38acbfc8a7801be2576d97f,gx-no-cache=1520602642495 HTTP/1.1" 200 30
190.100.93.40 - - [09/Mar/2018:10:38:08 -0300] "GET /cormun/servlet/solicitudotadjuntos?0fc33ab8f93b046478ad5c01a6b97ac4ae790196b38acbfc8a7801be2576d97f,gx-no-cache=1520602642878 HTTP/1.1" 200 30
192.168.10.61 - - [09/Mar/2018:10:38:11 -0300] "GET /cormun/servlet/vesolicitudgral?2018,8984,, HTTP/1.1" 200 8971
192.168.10.61 - - [09/Mar/2018:10:38:11 -0300] "GET /cormun/pexe_scrolldiv.js HTTP/1.1" 404 1009
192.168.10.61 - - [09/Mar/2018:10:38:11 -0300] "GET /cormun/pexe_scrolldiv.js HTTP/1.1" 404 1009
192.168.10.61 - - [09/Mar/2018:10:38:11 -0300] "GET /cormun/servlet/vesolicitudgral?2018,8984,, HTTP/1.1" 200 8970
186.103.156.166 - - [09/Mar/2018:10:38:14 -0300] "POST /cormun/servlet/trsolicitudot?c569064d6f1225a316cd183517ec5db4,gx-no-cache=1520602630546 HTTP/1.1" 200 107
186.103.156.166 - - [09/Mar/2018:10:38:14 -0300] "GET /cormun/servlet/trsolicitudadjuntos?2018,10353, HTTP/1.1" 200 6273
186.103.156.166 - - [09/Mar/2018:10:38:15 -0300] "GET /cormun/static/gxcfg.js?20177612135366 HTTP/1.1" 304 -
186.103.156.166 - - [09/Mar/2018:10:38:15 -0300] "GET /cormun/servlet/trsolicitudadjuntos?2018,10353, HTTP/1.1" 200 6273
186.103.156.166 - - [09/Mar/2018:10:38:18 -0300] "GET /cormun/servlet/solicitudotadjuntos?INS,2018,10353,,1, HTTP/1.1" 200 6220
186.103.156.166 - - [09/Mar/2018:10:38:19 -0300] "GET /cormun/static/gxcfg.js?2017761244068 HTTP/1.1" 304 -
186.103.156.166 - - [09/Mar/2018:10:38:19 -0300] "GET /cormun/static/about:blank HTTP/1.1" 404 1011
186.103.156.166 - - [09/Mar/2018:10:38:19 -0300] "GET /cormun/servlet/solicitudotadjuntos?INS,2018,10353,,1, HTTP/1.1" 200 6213
186.103.156.166 - - [09/Mar/2018:10:38:19 -0300] "GET /cormun/servlet/solicitudotadjuntos?ccbd04e35c8c81d6bd51d1d3944e1d1420f2205110857110193cc06a84f54b45d3a2e34f2442933fc2f16187cb6e8edf,gx-no-cache=1520602657391 HTTP/1.1" 200 30
186.103.156.166 - - [09/Mar/2018:10:38:20 -0300] "POST /cormun/servlet/solicitudotadjuntos?c569064d6f1225a316cd183517ec5db4,INS,2018,10353,,1,,gx-no-cache=1520602657487 HTTP/1.1" 200 3979
190.151.99.26 - - [09/Mar/2018:10:38:21 -0300] "GET /cormun/servlet/vesolicitudot?2018,10349,, HTTP/1.1" 200 8513
186.103.196.84 - - [09/Mar/2018:10:38:21 -0300] "GET /cormun/pexe_scrolldiv.js HTTP/1.1" 404 1009
186.103.196.90 - - [09/Mar/2018:10:38:21 -0300] "GET /cormun/static/gxcfg.js?2017111422591385 HTTP/1.1" 200 953
186.103.196.90 - - [09/Mar/2018:10:38:21 -0300] "GET /cormun/static/vesolicitudot.js?2017111422591449 HTTP/1.1" 200 6091
190.151.99.26 - - [09/Mar/2018:10:38:21 -0300] "GET /cormun/static/hpexe_tabsview.js?201610171694228 HTTP/1.1" 200 1661
186.103.196.84 - - [09/Mar/2018:10:38:21 -0300] "GET /cormun/static/hwcviewtabs.js?20177611594913 HTTP/1.1" 200 1074
186.67.84.236 - - [09/Mar/2018:10:38:21 -0300] "GET /cormun/pexe_scrolldiv.js HTTP/1.1" 404 1009
190.151.99.26 - - [09/Mar/2018:10:38:21 -0300] "GET /cormun/static/Resources/PXToolsTabFirstSelected.png HTTP/1.1" 200 1259
200.54.18.125 - - [09/Mar/2018:10:38:21 -0300] "GET /cormun/static/Resources/PXToolsTabLastUnselected.png HTTP/1.1" 200 1291
190.151.124.170 - - [09/Mar/2018:10:38:21 -0300] "GET /cormun/static/tbsolicitudot01.js?2017111422581186 HTTP/1.1" 200 30566
186.67.84.236 - - [09/Mar/2018:10:38:21 -0300] "GET /cormun/static/Resources/PXToolsTabPrevious.gif HTTP/1.1" 200 172
186.103.196.90 - - [09/Mar/2018:10:38:21 -0300] "GET /cormun/static/Resources/PXToolsTabNext.gif HTTP/1.1" 200 168
190.151.124.170 - - [09/Mar/2018:10:38:22 -0300] "GET /cormun/static/calendar-system.css HTTP/1.1" 200 5572
186.67.84.236 - - [09/Mar/2018:10:38:22 -0300] "GET /cormun/static/Resources/PXToolsTabBackUnselected.png HTTP/1.1" 200 1175
200.54.18.125 - - [09/Mar/2018:10:38:22 -0300] "GET /cormun/static/Resources/PXToolsTabBackSelected.png HTTP/1.1" 200 1157
190.151.99.26 - - [09/Mar/2018:10:38:22 -0300] "GET /cormun/static/Resources/PXToolsTabSelectedUnselected.png HTTP/1.1" 200 1428
186.103.196.84 - - [09/Mar/2018:10:38:22 -0300] "GET /cormun/static/Resources/PXToolsTabUnselectedUnselected.png HTTP/1.1" 200 1459
186.103.196.90 - - [09/Mar/2018:10:38:22 -0300] "GET /cormun/servlet/vesolicitudot?2018,10349,, HTTP/1.1" 200 8512
190.100.93.40 - - [09/Mar/2018:10:38:27 -0300] "POST /cormun/servlet/solicitudotadjuntos?50eeaf17eb99e967a28e6a57335f3130,INS,2018,10347,,1, HTTP/1.1" 200 116
190.100.93.40 - - [09/Mar/2018:10:38:28 -0300] "GET /cormun/servlet/hpexe_return? HTTP/1.1" 200 1020
190.100.93.40 - - [09/Mar/2018:10:38:28 -0300] "GET /cormun/servlet/trsolicitudadjuntos?2018,10347, HTTP/1.1" 200 9469
186.103.196.84 - - [09/Mar/2018:10:38:29 -0300] "GET /cormun/servlet/vesolicitudot?2018,10349,,SolicitudOTAdjuntos HTTP/1.1" 200 7579
200.54.18.125 - - [09/Mar/2018:10:38:29 -0300] "GET /cormun/pexe_scrolldiv.js HTTP/1.1" 404 1009
200.54.18.125 - - [09/Mar/2018:10:38:29 -0300] "GET /cormun/static/tbsolicitudot02.js?201711142258496 HTTP/1.1" 200 15626
190.100.93.40 - - [09/Mar/2018:10:38:29 -0300] "GET /cormun/servlet/trsolicitudadjuntos?2018,10347, HTTP/1.1" 200 9467
186.103.196.84 - - [09/Mar/2018:10:38:29 -0300] "GET /cormun/static/gxui/gxui-all.css HTTP/1.1" 200 2179
186.67.84.236 - - [09/Mar/2018:10:38:29 -0300] "GET /cormun/static/Resources/PXToolsTabFirstUnselected.png HTTP/1.1" 200 1264
190.151.124.170 - - [09/Mar/2018:10:38:29 -0300] "GET /cormun/static/Resources/PXToolsTabUnselectedSelected.png HTTP/1.1" 200 1444
190.151.99.26 - - [09/Mar/2018:10:38:29 -0300] "GET /cormun/servlet/vesolicitudot?2018,10349,,SolicitudOTAdjuntos HTTP/1.1" 200 7579
200.54.18.125 - - [09/Mar/2018:10:38:30 -0300] "GET /cormun/static/Shared/ext/resources/css/ext-all.css HTTP/1.1" 200 416045
186.103.156.166 - - [09/Mar/2018:10:38:30 -0300] "POST /cormun/servlet/solicitudotadjuntos?c569064d6f1225a316cd183517ec5db4,INS,2018,10353,,1,,gx-no-cache=1520602665762 HTTP/1.1" 200 93
190.151.124.170 - - [09/Mar/2018:10:38:30 -0300] "POST /cormun/servlet/acontrolpreferencessavestate?None,ECONTRERAS,true HTTP/1.1" 200 35
186.103.156.166 - - [09/Mar/2018:10:38:30 -0300] "GET /cormun/servlet/hpexe_return? HTTP/1.1" 200 1028
186.103.156.166 - - [09/Mar/2018:10:38:31 -0300] "GET /cormun/servlet/trsolicitudadjuntos?2018,10353, HTTP/1.1" 200 6277
