186.103.196.84 - - [09/Mar/2018:12:51:39 -0300] "GET /cormun/servlet/trlicenciaspermisosadjuntos?15105573,20180301000000,L, HTTP/1.1" 200 6975
186.103.196.84 - - [09/Mar/2018:12:51:39 -0300] "GET /cormun/servlet/trlicenciaspermisosadjuntos?15105573,20180301000000,L, HTTP/1.1" 200 6974
186.103.156.24 - - [09/Mar/2018:12:51:49 -0300] "GET /cormun/servlet/hlogin HTTP/1.1" 200 1724
186.103.156.24 - - [09/Mar/2018:12:52:03 -0300] "POST /cormun/servlet/hlogin?11120d724455e3432faa7ca952abd651,gx-no-cache=1520610673847 HTTP/1.1" 200 427
186.103.156.24 - - [09/Mar/2018:12:52:06 -0300] "POST /cormun/servlet/hlogin?11120d724455e3432faa7ca952abd651,gx-no-cache=1520610676922 HTTP/1.1" 200 427
200.54.18.125 - - [09/Mar/2018:12:53:02 -0300] "GET /cormun/PublicTempStorage/img3896702144.jpg HTTP/1.1" 200 1767757
186.67.164.142 - - [09/Mar/2018:12:53:03 -0300] "GET /cormun/servlet/trcontratosolicitud HTTP/1.1" 200 5736
186.67.164.142 - - [09/Mar/2018:12:53:05 -0300] "GET /cormun/servlet/trcontratosolicitud HTTP/1.1" 200 5747
186.67.164.142 - - [09/Mar/2018:12:53:05 -0300] "GET /cormun/servlet/hlogin HTTP/1.1" 200 1738
186.67.164.142 - - [09/Mar/2018:12:53:20 -0300] "POST /cormun/servlet/hlogin?477772d1e696835e59bf1de911818fe4,gx-no-cache=1520610751289 HTTP/1.1" 200 90
186.67.164.142 - - [09/Mar/2018:12:53:20 -0300] "GET /cormun/servlet/hpexe_link HTTP/1.1" 200 959
186.67.164.142 - - [09/Mar/2018:12:53:21 -0300] "GET /cormun/servlet/trcontratosolicitud HTTP/1.1" 200 14887
186.67.164.142 - - [09/Mar/2018:12:53:22 -0300] "GET /cormun/servlet/trcontratosolicitud HTTP/1.1" 200 14886
186.67.164.142 - - [09/Mar/2018:12:53:26 -0300] "GET /cormun/servlet/trautorizarsolicitud? HTTP/1.1" 200 8611
186.67.164.142 - - [09/Mar/2018:12:53:26 -0300] "GET /cormun/static/gxcfg.js?2017111423403364 HTTP/1.1" 304 -
186.67.164.142 - - [09/Mar/2018:12:53:27 -0300] "GET /cormun/servlet/trautorizarsolicitud? HTTP/1.1" 200 8610
192.168.10.56 - - [09/Mar/2018:12:53:36 -0300] "POST /cormun/servlet/hlogin?ccc195d5727ec1c110e48cbb3dae8dcf,gx-no-cache=1520610655006 HTTP/1.1" 200 90
192.168.10.56 - - [09/Mar/2018:12:53:37 -0300] "GET /cormun/servlet/hpexe_link HTTP/1.1" 200 945
192.168.10.56 - - [09/Mar/2018:12:53:37 -0300] "GET /cormun/servlet/hhome HTTP/1.1" 200 3827
192.168.10.56 - - [09/Mar/2018:12:53:37 -0300] "GET /cormun/servlet/hhome HTTP/1.1" 200 3824
192.168.10.56 - - [09/Mar/2018:12:53:39 -0300] "GET /cormun/servlet/trautorizarot? HTTP/1.1" 200 26782
192.168.10.56 - - [09/Mar/2018:12:53:40 -0300] "GET /cormun/servlet/trautorizarot? HTTP/1.1" 200 26779
186.67.164.142 - - [09/Mar/2018:12:53:42 -0300] "POST /cormun/servlet/trautorizarsolicitud?477772d1e696835e59bf1de911818fe4,,gx-no-cache=1520610771697 HTTP/1.1" 200 4617
186.67.164.142 - - [09/Mar/2018:12:53:42 -0300] "GET /cormun/static/Shared/jqueryui/images/ui-bg_highlight-soft_100_c6c2c8_1x100.png HTTP/1.1" 404 1117
192.168.10.56 - - [09/Mar/2018:12:53:42 -0300] "GET /cormun/static/menuarrow.gif HTTP/1.1" 404 1015
186.67.164.142 - - [09/Mar/2018:12:53:42 -0300] "GET /cormun/static/Shared/jqueryui/images/ui-icons_82798d_256x240.png HTTP/1.1" 404 1089
186.67.164.142 - - [09/Mar/2018:12:53:42 -0300] "GET /cormun/static/Shared/jqueryui/images/ui-bg_flat_55_fafafa_40x100.png HTTP/1.1" 404 1097
186.67.164.142 - - [09/Mar/2018:12:53:42 -0300] "GET /cormun/static/Shared/jqueryui/images/ui-icons_8d78a5_256x240.png HTTP/1.1" 404 1089
186.67.164.142 - - [09/Mar/2018:12:53:44 -0300] "POST /cormun/servlet/trautorizarsolicitud?477772d1e696835e59bf1de911818fe4,,gx-no-cache=1520610773265 HTTP/1.1" 200 4397
186.103.161.206 - - [09/Mar/2018:12:53:49 -0300] "GET /cormun/servlet/hlogin HTTP/1.1" 200 1724
186.103.161.206 - - [09/Mar/2018:12:53:49 -0300] "GET /cormun/static/gxtimezone.js?85251 HTTP/1.1" 304 -
186.103.161.206 - - [09/Mar/2018:12:53:50 -0300] "GET /cormun/static/messages.spa.js?85251 HTTP/1.1" 304 -
192.168.10.56 - - [09/Mar/2018:12:53:50 -0300] "POST /cormun/servlet/trautorizarot?ccc195d5727ec1c110e48cbb3dae8dcf,,gx-no-cache=1520610668709 HTTP/1.1" 200 6534
186.103.132.155 - - [09/Mar/2018:12:53:50 -0300] "GET /cormun/static/gxcfg.js?20175251213516 HTTP/1.1" 304 -
186.103.132.155 - - [09/Mar/2018:12:53:51 -0300] "GET /cormun/servlet/hlogin HTTP/1.1" 200 1732
192.168.10.62 - - [09/Mar/2018:12:53:56 -0300] "POST /cormun/servlet/vesolicitudgral?a3e59ce9ed21efa75bd259e76228584e,2018,9506,,,gx-no-cache=1520610674729 HTTP/1.1" 200 93
192.168.10.62 - - [09/Mar/2018:12:53:56 -0300] "GET /cormun/servlet/hpexe_return? HTTP/1.1" 200 1012
192.168.10.62 - - [09/Mar/2018:12:53:56 -0300] "GET /cormun/servlet/trsolicitudgral HTTP/1.1" 200 10654
192.168.10.62 - - [09/Mar/2018:12:53:57 -0300] "GET /cormun/servlet/trsolicitudgral HTTP/1.1" 200 10650
192.168.10.56 - - [09/Mar/2018:12:54:00 -0300] "POST /cormun/servlet/trautorizarot?ccc195d5727ec1c110e48cbb3dae8dcf,,gx-no-cache=1520610678295 HTTP/1.1" 200 5343
192.168.10.56 - - [09/Mar/2018:12:54:03 -0300] "POST /cormun/servlet/trautorizarot?ccc195d5727ec1c110e48cbb3dae8dcf,,gx-no-cache=1520610681549 HTTP/1.1" 200 6543
192.168.10.62 - - [09/Mar/2018:12:54:05 -0300] "GET /cormun/servlet/vesolicitudgral?2018,9924,, HTTP/1.1" 200 8420
192.168.10.62 - - [09/Mar/2018:12:54:05 -0300] "GET /cormun/pexe_scrolldiv.js HTTP/1.1" 404 1009
192.168.10.62 - - [09/Mar/2018:12:54:05 -0300] "GET /cormun/pexe_scrolldiv.js HTTP/1.1" 404 1009
192.168.10.62 - - [09/Mar/2018:12:54:05 -0300] "GET /cormun/servlet/vesolicitudgral?2018,9924,, HTTP/1.1" 200 8420
192.168.10.56 - - [09/Mar/2018:12:54:07 -0300] "POST /cormun/servlet/trautorizarot?ccc195d5727ec1c110e48cbb3dae8dcf,,gx-no-cache=1520610685128 HTTP/1.1" 200 5344
192.168.10.62 - - [09/Mar/2018:12:54:08 -0300] "GET /cormun/servlet/vesolicitudgral?2018,9924,,SolicitudOTAdjuntos HTTP/1.1" 200 10438
192.168.10.62 - - [09/Mar/2018:12:54:08 -0300] "GET /cormun/pexe_scrolldiv.js HTTP/1.1" 404 1009
192.168.10.62 - - [09/Mar/2018:12:54:08 -0300] "GET /cormun/pexe_scrolldiv.js HTTP/1.1" 404 1009
192.168.10.62 - - [09/Mar/2018:12:54:08 -0300] "GET /cormun/servlet/vesolicitudgral?2018,9924,,SolicitudOTAdjuntos HTTP/1.1" 200 10444
192.168.10.62 - - [09/Mar/2018:12:54:09 -0300] "POST /cormun/servlet/acontrolpreferencessavestate?None,FGONZALEZG,true HTTP/1.1" 200 35
192.168.10.56 - - [09/Mar/2018:12:54:11 -0300] "POST /cormun/servlet/trautorizarot?ccc195d5727ec1c110e48cbb3dae8dcf,,gx-no-cache=1520610689045 HTTP/1.1" 200 24186
192.168.10.62 - - [09/Mar/2018:12:54:13 -0300] "GET /cormun/PublicTempStorage/angela_certificado5169748.pdf HTTP/1.1" 200 75402
186.103.159.230 - - [09/Mar/2018:12:54:15 -0300] "GET /cormun/servlet/hlogin HTTP/1.1" 200 1725
186.103.159.230 - - [09/Mar/2018:12:54:15 -0300] "GET /cormun/static/gxcfg.js?20175251213516 HTTP/1.1" 304 -
186.103.159.230 - - [09/Mar/2018:12:54:18 -0300] "GET /cormun/servlet/hlogin HTTP/1.1" 200 1725
186.103.159.230 - - [09/Mar/2018:12:54:18 -0300] "GET /cormun/servlet/hlogin HTTP/1.1" 200 1735
192.168.10.62 - - [09/Mar/2018:12:54:22 -0300] "GET /cormun/servlet/vesolicitudgral?2018,9924,,SolicitudOTAdjuntos HTTP/1.1" 200 10440
192.168.10.62 - - [09/Mar/2018:12:54:23 -0300] "GET /cormun/servlet/vesolicitudgral?2018,9924,,SolicitudOTAdjuntos HTTP/1.1" 200 10441
192.168.10.62 - - [09/Mar/2018:12:54:24 -0300] "POST /cormun/servlet/acontrolpreferencessavestate?None,FGONZALEZG,true HTTP/1.1" 200 35
192.168.10.62 - - [09/Mar/2018:12:54:26 -0300] "GET /cormun/PublicTempStorage/curriculum1935639.pdf HTTP/1.1" 200 196730
200.72.197.82 - - [09/Mar/2018:12:54:31 -0300] "POST /cormun/servlet/hlogin?6e416647457fa42b268fdc9fb2eb98c3,gx-no-cache=1520610821898 HTTP/1.1" 200 90
200.72.197.82 - - [09/Mar/2018:12:54:32 -0300] "GET /cormun/servlet/hpexe_link HTTP/1.1" 200 952
200.72.197.82 - - [09/Mar/2018:12:54:32 -0300] "GET /cormun/static/gxcfg.js?20177612121792 HTTP/1.1" 304 -
186.103.159.230 - - [09/Mar/2018:12:54:32 -0300] "POST /cormun/servlet/hlogin?909864e848def591487eb87915a4285d,gx-no-cache=1520610819654 HTTP/1.1" 200 90
186.103.159.230 - - [09/Mar/2018:12:54:32 -0300] "GET /cormun/servlet/hpexe_link HTTP/1.1" 200 956
200.72.197.82 - - [09/Mar/2018:12:54:32 -0300] "GET /cormun/servlet/hhome HTTP/1.1" 200 4194
200.72.197.82 - - [09/Mar/2018:12:54:32 -0300] "GET /cormun/static/gxcfg.js?20175251212442 HTTP/1.1" 304 -
186.103.159.230 - - [09/Mar/2018:12:54:32 -0300] "GET /cormun/static/gxcfg.js?20177612121792 HTTP/1.1" 304 -
186.103.159.230 - - [09/Mar/2018:12:54:32 -0300] "GET /cormun/servlet/hhome HTTP/1.1" 200 4154
186.103.159.230 - - [09/Mar/2018:12:54:33 -0300] "GET /cormun/static/gxcfg.js?20175251212442 HTTP/1.1" 304 -
186.103.159.230 - - [09/Mar/2018:12:54:33 -0300] "GET /cormun/servlet/hhome HTTP/1.1" 200 4151
200.72.197.82 - - [09/Mar/2018:12:54:33 -0300] "GET /cormun/servlet/hhome HTTP/1.1" 200 4190
192.168.10.56 - - [09/Mar/2018:12:54:40 -0300] "GET /cormun/servlet/veautorizarot?2018,10290,, HTTP/1.1" 200 8345
192.168.10.56 - - [09/Mar/2018:12:54:40 -0300] "GET /cormun/pexe_scrolldiv.js HTTP/1.1" 404 1009
192.168.10.56 - - [09/Mar/2018:12:54:40 -0300] "GET /cormun/servlet/veautorizarot?2018,10290,, HTTP/1.1" 200 8345
186.103.159.230 - - [09/Mar/2018:12:54:42 -0300] "GET /cormun/servlet/trsolicitudot? HTTP/1.1" 200 8758
192.168.10.56 - - [09/Mar/2018:12:54:42 -0300] "GET /cormun/servlet/veautorizarot?2018,10290,,SolicitudOTLog HTTP/1.1" 200 9040
192.168.10.56 - - [09/Mar/2018:12:54:42 -0300] "GET /cormun/pexe_scrolldiv.js HTTP/1.1" 404 1009
192.168.10.56 - - [09/Mar/2018:12:54:42 -0300] "GET /cormun/pexe_scrolldiv.js HTTP/1.1" 404 1009
186.103.159.230 - - [09/Mar/2018:12:54:43 -0300] "GET /cormun/static/gxcfg.js?2017111422585916 HTTP/1.1" 304 -
192.168.10.56 - - [09/Mar/2018:12:54:43 -0300] "GET /cormun/servlet/veautorizarot?2018,10290,,SolicitudOTLog HTTP/1.1" 200 9041
200.72.197.82 - - [09/Mar/2018:12:54:43 -0300] "GET /cormun/servlet/trsolicitudot? HTTP/1.1" 200 7412
186.103.159.230 - - [09/Mar/2018:12:54:43 -0300] "GET /cormun/servlet/trsolicitudot? HTTP/1.1" 200 8755
200.72.197.82 - - [09/Mar/2018:12:54:43 -0300] "GET /cormun/static/gxcfg.js?2017111422585916 HTTP/1.1" 304 -
186.67.203.186 - - [09/Mar/2018:12:54:43 -0300] "GET /cormun/static/calendar.js?85251 HTTP/1.1" 304 -
186.103.161.206 - - [09/Mar/2018:12:54:43 -0300] "GET /cormun/static/calendar-setup.js?85251 HTTP/1.1" 304 -
186.103.132.155 - - [09/Mar/2018:12:54:43 -0300] "GET /cormun/static/calendar-es.js?85251 HTTP/1.1" 304 -
186.103.132.155 - - [09/Mar/2018:12:54:44 -0300] "GET /cormun/static/gxdec.js?85251 HTTP/1.1" 304 -
192.168.10.56 - - [09/Mar/2018:12:54:44 -0300] "POST /cormun/servlet/acontrolpreferencessavestate?None,PESCOBAR,true HTTP/1.1" 200 35
186.103.132.155 - - [09/Mar/2018:12:54:44 -0300] "GET /cormun/servlet/trsolicitudot? HTTP/1.1" 200 7412
192.168.10.56 - - [09/Mar/2018:12:54:46 -0300] "GET /cormun/servlet/veautorizarot?2018,10290,,General HTTP/1.1" 200 8351
192.168.10.56 - - [09/Mar/2018:12:54:46 -0300] "GET /cormun/pexe_scrolldiv.js HTTP/1.1" 404 1009
192.168.10.56 - - [09/Mar/2018:12:54:46 -0300] "GET /cormun/pexe_scrolldiv.js HTTP/1.1" 404 1009
186.103.132.155 - - [09/Mar/2018:12:54:46 -0300] "GET /cormun/servlet/solicitudot?INS,0,0, HTTP/1.1" 200 13640
192.168.10.56 - - [09/Mar/2018:12:54:46 -0300] "GET /cormun/servlet/veautorizarot?2018,10290,,General HTTP/1.1" 200 8351
186.103.161.206 - - [09/Mar/2018:12:54:48 -0300] "GET /cormun/static/gxcfg.js?201812313224582 HTTP/1.1" 304 -
186.67.203.186 - - [09/Mar/2018:12:54:48 -0300] "GET /cormun/static/solicitudot.js?201812313224831 HTTP/1.1" 304 -
192.168.10.56 - - [09/Mar/2018:12:54:48 -0300] "POST /cormun/servlet/veautorizarot?ccc195d5727ec1c110e48cbb3dae8dcf,2018,10290,,General,gx-no-cache=1520610726131 HTTP/1.1" 200 93
192.168.10.56 - - [09/Mar/2018:12:54:48 -0300] "GET /cormun/servlet/hpexe_return? HTTP/1.1" 200 1012
192.168.10.56 - - [09/Mar/2018:12:54:48 -0300] "GET /cormun/servlet/trautorizarot? HTTP/1.1" 200 26717
186.103.159.230 - - [09/Mar/2018:12:54:49 -0300] "GET /cormun/servlet/solicitudot?INS,0,0, HTTP/1.1" 200 13597
186.67.203.186 - - [09/Mar/2018:12:54:49 -0300] "GET /cormun/servlet/solicitudot?INS,0,0, HTTP/1.1" 200 13645
192.168.10.56 - - [09/Mar/2018:12:54:49 -0300] "GET /cormun/servlet/trautorizarot? HTTP/1.1" 200 26712
186.103.159.230 - - [09/Mar/2018:12:54:50 -0300] "GET /cormun/static/gxcfg.js?201812313224582 HTTP/1.1" 304 -
186.103.159.230 - - [09/Mar/2018:12:54:50 -0300] "GET /cormun/servlet/solicitudot?INS,0,0, HTTP/1.1" 200 13602
192.168.10.56 - - [09/Mar/2018:12:54:55 -0300] "POST /cormun/servlet/trautorizarot?ccc195d5727ec1c110e48cbb3dae8dcf,,gx-no-cache=1520610733130 HTTP/1.1" 200 7634
192.168.10.62 - - [09/Mar/2018:12:54:57 -0300] "GET /cormun/servlet/vesolicitudgral?2018,9924,,SolicitudOTAdjuntos HTTP/1.1" 200 10438
192.168.10.62 - - [09/Mar/2018:12:54:58 -0300] "GET /cormun/servlet/vesolicitudgral?2018,9924,,SolicitudOTAdjuntos HTTP/1.1" 200 10443
192.168.10.62 - - [09/Mar/2018:12:54:58 -0300] "POST /cormun/servlet/acontrolpreferencessavestate?None,FGONZALEZG,true HTTP/1.1" 200 35
192.168.10.62 - - [09/Mar/2018:12:55:00 -0300] "POST /cormun/servlet/vesolicitudgral?a3e59ce9ed21efa75bd259e76228584e,2018,9924,,SolicitudOTAdjuntos,gx-no-cache=1520610738620 HTTP/1.1" 200 90
192.168.10.62 - - [09/Mar/2018:12:55:00 -0300] "GET /cormun/servlet/hpexe_link HTTP/1.1" 200 978
186.103.161.206 - - [09/Mar/2018:12:55:00 -0300] "POST /cormun/servlet/solicitudot?gx-no-cache=1520610849406 HTTP/1.1" 200 3407
192.168.10.62 - - [09/Mar/2018:12:55:00 -0300] "GET /cormun/servlet/trsolicitudgral HTTP/1.1" 200 10651
192.168.10.62 - - [09/Mar/2018:12:55:01 -0300] "GET /cormun/servlet/trsolicitudgral HTTP/1.1" 200 10650
186.103.161.206 - - [09/Mar/2018:12:55:04 -0300] "POST /cormun/servlet/solicitudot?6e416647457fa42b268fdc9fb2eb98c3,INS,0,0,,gx-no-cache=1520610851711 HTTP/1.1" 200 10558
192.168.10.62 - - [09/Mar/2018:12:55:04 -0300] "GET /cormun/servlet/vesolicitudgral?2018,9510,, HTTP/1.1" 200 8431
192.168.10.62 - - [09/Mar/2018:12:55:04 -0300] "GET /cormun/pexe_scrolldiv.js HTTP/1.1" 404 1009
192.168.10.62 - - [09/Mar/2018:12:55:04 -0300] "GET /cormun/pexe_scrolldiv.js HTTP/1.1" 404 1009
192.168.10.62 - - [09/Mar/2018:12:55:05 -0300] "GET /cormun/servlet/vesolicitudgral?2018,9510,, HTTP/1.1" 200 8431
186.103.159.230 - - [09/Mar/2018:12:55:08 -0300] "POST /cormun/servlet/solicitudot?gx-no-cache=1520610854929 HTTP/1.1" 200 3430
192.168.10.62 - - [09/Mar/2018:12:55:08 -0300] "GET /cormun/servlet/vesolicitudgral?2018,9510,,SolicitudOTAdjuntos HTTP/1.1" 200 7106
192.168.10.62 - - [09/Mar/2018:12:55:08 -0300] "GET /cormun/pexe_scrolldiv.js HTTP/1.1" 404 1009
192.168.10.62 - - [09/Mar/2018:12:55:08 -0300] "GET /cormun/pexe_scrolldiv.js HTTP/1.1" 404 1009
192.168.10.62 - - [09/Mar/2018:12:55:09 -0300] "GET /cormun/servlet/vesolicitudgral?2018,9510,,SolicitudOTAdjuntos HTTP/1.1" 200 7106
192.168.10.62 - - [09/Mar/2018:12:55:10 -0300] "POST /cormun/servlet/acontrolpreferencessavestate?None,FGONZALEZG,true HTTP/1.1" 200 35
186.103.159.230 - - [09/Mar/2018:12:55:10 -0300] "POST /cormun/servlet/solicitudot?909864e848def591487eb87915a4285d,INS,0,0,,gx-no-cache=1520610856542 HTTP/1.1" 200 10617
192.168.10.62 - - [09/Mar/2018:12:55:11 -0300] "POST /cormun/servlet/vesolicitudgral?a3e59ce9ed21efa75bd259e76228584e,2018,9510,,SolicitudOTAdjuntos,gx-no-cache=1520610749226 HTTP/1.1" 200 90
192.168.10.62 - - [09/Mar/2018:12:55:11 -0300] "GET /cormun/servlet/hpexe_link HTTP/1.1" 200 978
192.168.10.62 - - [09/Mar/2018:12:55:11 -0300] "GET /cormun/servlet/trsolicitudgral HTTP/1.1" 200 10651
192.168.10.62 - - [09/Mar/2018:12:55:11 -0300] "GET /cormun/servlet/trsolicitudgral HTTP/1.1" 200 10650
192.168.10.62 - - [09/Mar/2018:12:55:14 -0300] "GET /cormun/servlet/vesolicitudgral?2018,9509,, HTTP/1.1" 200 8437
192.168.10.62 - - [09/Mar/2018:12:55:14 -0300] "GET /cormun/pexe_scrolldiv.js HTTP/1.1" 404 1009
192.168.10.62 - - [09/Mar/2018:12:55:14 -0300] "GET /cormun/pexe_scrolldiv.js HTTP/1.1" 404 1009
192.168.10.62 - - [09/Mar/2018:12:55:14 -0300] "GET /cormun/servlet/vesolicitudgral?2018,9509,, HTTP/1.1" 200 8437
186.103.159.230 - - [09/Mar/2018:12:55:15 -0300] "GET /cormun/servlet/solicitudot?7502bf5c270c2543ff7df6fbb200ea2f055257386e4bf95c8190065be7829df13e78c538ec9bb9d72fdf2824137522f5,gx-no-cache=1520610862826 HTTP/1.1" 200 30
186.103.159.230 - - [09/Mar/2018:12:55:15 -0300] "GET /cormun/servlet/solicitudot?7502bf5c270c2543ff7df6fbb200ea2f7b1e824de69bbc5be49714e0f8fa8fbedb1dc5d3f55da0213d11e91ea8511b76eaa14b55eab3ba15c12f70605417b282,gx-no-cache=1520610863255 HTTP/1.1" 200 30
186.103.159.230 - - [09/Mar/2018:12:55:15 -0300] "GET /cormun/servlet/solicitudot?7502bf5c270c2543ff7df6fbb200ea2f462d2804c4bca82beb883364a0c63245,gx-no-cache=1520610863332 HTTP/1.1" 200 45
186.103.159.230 - - [09/Mar/2018:12:55:16 -0300] "POST /cormun/servlet/solicitudot?gx-no-cache=1520610863401 HTTP/1.1" 200 297
192.168.10.62 - - [09/Mar/2018:12:55:16 -0300] "GET /cormun/servlet/vesolicitudgral?2018,9509,,SolicitudOTAdjuntos HTTP/1.1" 200 7107
192.168.10.62 - - [09/Mar/2018:12:55:16 -0300] "GET /cormun/pexe_scrolldiv.js HTTP/1.1" 404 1009
192.168.10.62 - - [09/Mar/2018:12:55:16 -0300] "GET /cormun/pexe_scrolldiv.js HTTP/1.1" 404 1009
192.168.10.62 - - [09/Mar/2018:12:55:17 -0300] "GET /cormun/servlet/vesolicitudgral?2018,9509,,SolicitudOTAdjuntos HTTP/1.1" 200 7108
192.168.10.62 - - [09/Mar/2018:12:55:18 -0300] "POST /cormun/servlet/acontrolpreferencessavestate?None,FGONZALEZG,true HTTP/1.1" 200 35
192.168.10.62 - - [09/Mar/2018:12:55:18 -0300] "POST /cormun/servlet/vesolicitudgral?a3e59ce9ed21efa75bd259e76228584e,2018,9509,,SolicitudOTAdjuntos,gx-no-cache=1520610756818 HTTP/1.1" 200 90
192.168.10.62 - - [09/Mar/2018:12:55:18 -0300] "GET /cormun/servlet/hpexe_link HTTP/1.1" 200 978
192.168.10.62 - - [09/Mar/2018:12:55:18 -0300] "GET /cormun/servlet/trsolicitudgral HTTP/1.1" 200 10651
192.168.10.62 - - [09/Mar/2018:12:55:19 -0300] "GET /cormun/servlet/trsolicitudgral HTTP/1.1" 200 10650
186.103.156.24 - - [09/Mar/2018:12:55:21 -0300] "POST /cormun/servlet/hlogin?11120d724455e3432faa7ca952abd651,gx-no-cache=1520610865889 HTTP/1.1" 200 90
192.168.10.62 - - [09/Mar/2018:12:55:21 -0300] "GET /cormun/servlet/vesolicitudgral?2018,9508,, HTTP/1.1" 200 8458
192.168.10.62 - - [09/Mar/2018:12:55:21 -0300] "GET /cormun/pexe_scrolldiv.js HTTP/1.1" 404 1009
192.168.10.62 - - [09/Mar/2018:12:55:21 -0300] "GET /cormun/pexe_scrolldiv.js HTTP/1.1" 404 1009
192.168.10.62 - - [09/Mar/2018:12:55:21 -0300] "GET /cormun/servlet/vesolicitudgral?2018,9508,, HTTP/1.1" 200 8458
186.103.159.230 - - [09/Mar/2018:12:55:23 -0300] "GET /cormun/servlet/solicitudot?7502bf5c270c2543ff7df6fbb200ea2f10cd0352ebbb8fd104322d89ea26c9131a6024b2365c56e4355ea51c52b57eef7ed8a3b7c9535fbad73082b868d6e15a3137c314f6283b5ca3ae01ca48dd7a8130e7585869925165b90a83d9d3263b3040948832b098bbf600a7933bc29a7b2b576c273d1170bfc75cc757f47356a9678ea70f8735ea44ca39f8f7a2d6665a086424f842fcc7975429e098e26f2ce0b17f9aa0107d54544782613a7eb3c64006094077d0e29f401374ea0b65a1461f64d351c396881cc01eedc91c10bb10a4385c2bc2361abd203a94bb2fbdf913ae4144c6d1c72136bc292e13a6ee2c983ce61a9372a1e26ff6bdbfcaade8aaaa68863b019a222f3288c760e3ce3d6724d8f10d749371ed3f16689dfc3f0a0b7f15823c345b17073573b946872d780af59f0a2ba05f738f934f05199b3017b88781c6c1f9667a2f09e64072e52b38fbad1eb6f607e65e7ca2d203466021ddc6d2620d393794cba0a2893e9326f0d3a67c6f1bd76ef9e595a1f24658a0c54bad3ab449af2a37ed9a3fd08792f39f7e403c6c61,gx-no-cache=1520610864482 HTTP/1.1" 200 30
186.103.159.230 - - [09/Mar/2018:12:55:23 -0300] "POST /cormun/servlet/solicitudot?gx-no-cache=1520610870925 HTTP/1.1" 200 30
186.103.159.230 - - [09/Mar/2018:12:55:23 -0300] "POST /cormun/servlet/solicitudot?gx-no-cache=1520610871051 HTTP/1.1" 200 1336
186.103.159.230 - - [09/Mar/2018:12:55:24 -0300] "POST /cormun/servlet/solicitudot?gx-no-cache=1520610871510 HTTP/1.1" 200 38
192.168.10.62 - - [09/Mar/2018:12:55:25 -0300] "GET /cormun/servlet/vesolicitudgral?2018,9508,,SolicitudOTAdjuntos HTTP/1.1" 200 7106
192.168.10.62 - - [09/Mar/2018:12:55:25 -0300] "GET /cormun/pexe_scrolldiv.js HTTP/1.1" 404 1009
192.168.10.62 - - [09/Mar/2018:12:55:25 -0300] "GET /cormun/pexe_scrolldiv.js HTTP/1.1" 404 1009
186.103.156.24 - - [09/Mar/2018:12:55:25 -0300] "GET /cormun/servlet/hpexe_link HTTP/1.1" 200 953
192.168.10.62 - - [09/Mar/2018:12:55:25 -0300] "GET /cormun/servlet/vesolicitudgral?2018,9508,,SolicitudOTAdjuntos HTTP/1.1" 200 7107
186.103.156.24 - - [09/Mar/2018:12:55:25 -0300] "GET /cormun/static/gxcfg.js?20177612121792 HTTP/1.1" 200 953
186.103.156.24 - - [09/Mar/2018:12:55:25 -0300] "GET /cormun/static/hpexe_link.js?20177612121795 HTTP/1.1" 200 625
186.103.156.24 - - [09/Mar/2018:12:55:25 -0300] "GET /cormun/static/Resources/Spanish/PXTools.css?1155365 HTTP/1.1" 200 89042
186.103.156.24 - - [09/Mar/2018:12:55:26 -0300] "GET /cormun/servlet/hhome HTTP/1.1" 200 4234
192.168.10.62 - - [09/Mar/2018:12:55:26 -0300] "POST /cormun/servlet/acontrolpreferencessavestate?None,FGONZALEZG,true HTTP/1.1" 200 35
186.103.156.24 - - [09/Mar/2018:12:55:26 -0300] "GET /cormun/static/Shared/jqueryui/jquery-ui.min.css?1245370 HTTP/1.1" 200 30288
186.103.156.24 - - [09/Mar/2018:12:55:26 -0300] "GET /cormun/static/SmoothNavMenu/resources/ddsmoothmenu.css?1012540 HTTP/1.1" 200 2223
186.103.156.24 - - [09/Mar/2018:12:55:26 -0300] "GET /cormun/static/SmoothNavMenu/resources/ddsmoothmenu-v.css?1012540 HTTP/1.1" 200 1188
186.103.156.24 - - [09/Mar/2018:12:55:26 -0300] "GET /cormun/static/scaMessage/css/jquery.pnotify.default.css?1716380 HTTP/1.1" 200 1707
186.103.156.24 - - [09/Mar/2018:12:55:26 -0300] "GET /cormun/static/gxcfg.js?20175251212442 HTTP/1.1" 200 953
186.103.156.24 - - [09/Mar/2018:12:55:26 -0300] "GET /cormun/static/PXToolsJavascripts/pexe_autoreload.js HTTP/1.1" 200 1762
186.103.156.24 - - [09/Mar/2018:12:55:26 -0300] "GET /cormun/static/PXToolsJavascripts/pexe_grid.js HTTP/1.1" 200 7559
186.103.156.24 - - [09/Mar/2018:12:55:26 -0300] "GET /cormun/static/PXToolsJavascripts/pexe_griddivfix.js HTTP/1.1" 200 6644
186.103.156.24 - - [09/Mar/2018:12:55:26 -0300] "GET /cormun/static/PXToolsJavascripts/pexe_menudivfix.js HTTP/1.1" 200 333
186.103.156.24 - - [09/Mar/2018:12:55:26 -0300] "GET /cormun/static/PXToolsJavascripts/pexe_link.js HTTP/1.1" 200 5671
186.103.156.24 - - [09/Mar/2018:12:55:26 -0300] "GET /cormun/static/PXToolsJavascripts/pexe_menus.js HTTP/1.1" 200 1286
186.103.156.24 - - [09/Mar/2018:12:55:26 -0300] "GET /cormun/static/PXToolsJavascripts/pexe_layers.js HTTP/1.1" 200 4114
186.103.156.24 - - [09/Mar/2018:12:55:26 -0300] "GET /cormun/static/PXToolsJavascripts/pexe_picture.js HTTP/1.1" 200 689
186.103.156.24 - - [09/Mar/2018:12:55:27 -0300] "GET /cormun/static/PXToolsJavascripts/pexe_scrolldiv.js HTTP/1.1" 200 4138
186.103.156.24 - - [09/Mar/2018:12:55:27 -0300] "GET /cormun/static/PXToolsJavascripts/pexe_tabdivfix.js HTTP/1.1" 200 876
186.103.156.24 - - [09/Mar/2018:12:55:27 -0300] "GET /cormun/static/PXToolsJavascripts/pexe_cookies.js HTTP/1.1" 200 792
186.103.156.24 - - [09/Mar/2018:12:55:27 -0300] "GET /cormun/static/PXToolsJavascripts/pexe_windows.js HTTP/1.1" 200 15207
186.103.156.24 - - [09/Mar/2018:12:55:27 -0300] "GET /cormun/static/PXToolsJavascripts/pexe_tabs.js HTTP/1.1" 200 3748
186.103.156.24 - - [09/Mar/2018:12:55:27 -0300] "GET /cormun/static/PXToolsJavascripts/pexe_upload.js HTTP/1.1" 200 1423
186.103.156.24 - - [09/Mar/2018:12:55:27 -0300] "GET /cormun/static/PXToolsJavascripts/PXToolsJavascriptsRender.js HTTP/1.1" 200 367
186.103.156.24 - - [09/Mar/2018:12:55:27 -0300] "GET /cormun/static/PXToolsJavascripts/pexe_oav.js HTTP/1.1" 200 645
192.168.10.62 - - [09/Mar/2018:12:55:27 -0300] "POST /cormun/servlet/vesolicitudgral?a3e59ce9ed21efa75bd259e76228584e,2018,9508,,SolicitudOTAdjuntos,gx-no-cache=1520610765306 HTTP/1.1" 200 90
192.168.10.62 - - [09/Mar/2018:12:55:27 -0300] "GET /cormun/servlet/hpexe_link HTTP/1.1" 200 978
186.103.156.24 - - [09/Mar/2018:12:55:27 -0300] "GET /cormun/static/PXToolsJavascripts/pexe_popup.js HTTP/1.1" 200 13458
192.168.10.62 - - [09/Mar/2018:12:55:27 -0300] "GET /cormun/servlet/trsolicitudgral HTTP/1.1" 200 10651
186.103.156.24 - - [09/Mar/2018:12:55:27 -0300] "GET /cormun/static/RunJS/RunJS.js HTTP/1.1" 200 288
192.168.10.62 - - [09/Mar/2018:12:55:27 -0300] "GET /cormun/servlet/trsolicitudgral HTTP/1.1" 200 10650
192.168.10.56 - - [09/Mar/2018:12:55:29 -0300] "GET /cormun/servlet/hlogin HTTP/1.1" 200 1732
200.111.122.170 - - [09/Mar/2018:12:55:30 -0300] "GET /cormun/servlet/solicitudot?76c9b95894e88595fe0a38e362ab33377af80f94c150f57594b4b837ef1e09d33c0a4654d8e88db6a05865669c96c6f0,gx-no-cache=1520610880293 HTTP/1.1" 200 30
200.111.122.170 - - [09/Mar/2018:12:55:30 -0300] "GET /cormun/servlet/solicitudot?76c9b95894e88595fe0a38e362ab33373b807de918f345a716d5e8f7132bf2f1cb16de5cffa7ff993296a67dcbf537388df0583b71becb372e18243a7f37bbaf,gx-no-cache=1520610881375 HTTP/1.1" 200 30
186.103.159.230 - - [09/Mar/2018:12:55:30 -0300] "POST /cormun/servlet/solicitudot?gx-no-cache=1520610878178 HTTP/1.1" 200 30
200.111.122.170 - - [09/Mar/2018:12:55:31 -0300] "GET /cormun/servlet/solicitudot?76c9b95894e88595fe0a38e362ab33379fe66bd96fbdeb5151cb502655dda4f7,gx-no-cache=1520610881766 HTTP/1.1" 200 53
200.111.122.170 - - [09/Mar/2018:12:55:31 -0300] "POST /cormun/servlet/solicitudot?gx-no-cache=1520610882152 HTTP/1.1" 200 240
200.111.122.170 - - [09/Mar/2018:12:55:31 -0300] "GET /cormun/servlet/solicitudot?76c9b95894e88595fe0a38e362ab3337d0b125b039291f698490b59f974ba464b81df5c82ea8c8d6dd2aef26b8e758ff60646cc87961f9f43807c1328e59016c96692846161160053f88c3306ffec4c8cc74f9fa44b5c1aa474fc518da97f770fad79e1d6b30863713c0bf5ad1eab9e6f0ffd3837734a1fd7775d1b15a5dee704f4c79d392ae60c9c9ae80f7218877a2e07e1d161b27d7ce3d9ac9f7411d1b03f21a3a10a086649242b007205886ef51d55acccd9aa78175f5d2a839534e0c712887cbc1af43fca2f490ca24fa2fef91186eb36a43eba2c5ff8172e1500ec1e771098fcb764bc776e575c971b80db36ddddcd649c635ac1c2de3e99e0978e06f8fc581774c3523d820f9b403d50066c64faf1f9a3330e4750b5b4a980eb47733b0f15cb094d6682f65da10b4da743a3b6784dbf2e30ec4964f6399a8deb10de167ab8b9f5ecc2a5d2eade5f2e5dcb2f465137bafb02a0bdd547dbb3f15db426fb37094390169c9767345415d6f4ddcbc6d9da6462c124b9f10e74a71f986fc81,gx-no-cache=1520610882633 HTTP/1.1" 200 30
192.168.10.56 - - [09/Mar/2018:12:55:33 -0300] "POST /cormun/servlet/hlogin?ccc195d5727ec1c110e48cbb3dae8dcf,gx-no-cache=1520610771470 HTTP/1.1" 200 90
192.168.10.56 - - [09/Mar/2018:12:55:33 -0300] "GET /cormun/servlet/hpexe_link HTTP/1.1" 200 945
192.168.10.56 - - [09/Mar/2018:12:55:33 -0300] "GET /cormun/servlet/hhome HTTP/1.1" 200 4479
192.168.10.62 - - [09/Mar/2018:12:55:33 -0300] "POST /cormun/servlet/trsolicitudgral?a3e59ce9ed21efa75bd259e76228584e,gx-no-cache=1520610771617 HTTP/1.1" 200 115
192.168.10.62 - - [09/Mar/2018:12:55:33 -0300] "GET /cormun/servlet/solicitudotlog?INS,2018,9924,0,REC, HTTP/1.1" 200 5665
192.168.10.56 - - [09/Mar/2018:12:55:33 -0300] "GET /cormun/servlet/hhome HTTP/1.1" 200 4475
192.168.10.62 - - [09/Mar/2018:12:55:33 -0300] "GET /cormun/servlet/solicitudotlog?INS,2018,9924,0,REC, HTTP/1.1" 200 5665
186.103.159.230 - - [09/Mar/2018:12:55:34 -0300] "POST /cormun/servlet/solicitudot?gx-no-cache=1520610881259 HTTP/1.1" 200 1336
192.168.10.62 - - [09/Mar/2018:12:55:34 -0300] "GET /cormun/servlet/solicitudotlog?1fd6da274e2641201cc62dad3faecf3d152ff154c1d48e855003760daf8a7aae7cc3ce5a9420a099c067c5b45b18d533692313b4381bc19dd17756ffd9c2661fd65df905819ffcb18884402c26d36971b7238c59dbcf2838458a06f1d06ebb72c16cafe8f4d5d5570b90e9c81809df1c1f16944224bc4c0db12ec789c67e3ea2c5d6371e9846d755a56c05766ab79d30980fc836db8f046b7ae64aa4a6540e3b,gx-no-cache=1520610772483 HTTP/1.1" 200 94
192.168.10.56 - - [09/Mar/2018:12:55:36 -0300] "GET /cormun/servlet/trsolicitudgral? HTTP/1.1" 200 11508
192.168.10.56 - - [09/Mar/2018:12:55:36 -0300] "GET /cormun/servlet/trsolicitudgral? HTTP/1.1" 200 11505
186.103.159.230 - - [09/Mar/2018:12:55:38 -0300] "POST /cormun/servlet/solicitudot?gx-no-cache=1520610882169 HTTP/1.1" 200 38
192.168.10.56 - - [09/Mar/2018:12:55:44 -0300] "POST /cormun/servlet/trsolicitudgral?ccc195d5727ec1c110e48cbb3dae8dcf,,gx-no-cache=1520610782738 HTTP/1.1" 200 7677
186.103.159.230 - - [09/Mar/2018:12:55:46 -0300] "GET /cormun/servlet/solicitudot?7502bf5c270c2543ff7df6fbb200ea2fef8005ea6caa6cf562da7bbde8f4b6943cfc4e8caaa09d29d23b2529c3706ec1a51fc720b7ef44c2f6111cd34ce5a79de799f06f1b3fe7cda6f95d611f241d8e0d6e4eb4f7ce8ee950595a02fa34699bfece2b908aa35bf5c78a481468ee62f4,gx-no-cache=1520610894220 HTTP/1.1" 200 29
186.103.156.24 - - [09/Mar/2018:12:55:46 -0300] "GET /cormun/static/PXToolsJavascripts/pexe_oavdivfix.js HTTP/1.1" 200 639
186.103.156.24 - - [09/Mar/2018:12:55:47 -0300] "GET /cormun/static/Shared/ext/locale/ext-lang-en.js HTTP/1.1" 200 10940
186.103.156.24 - - [09/Mar/2018:12:55:47 -0300] "GET /cormun/static/hhome.js?20175251212450 HTTP/1.1" 200 777
186.103.156.24 - - [09/Mar/2018:12:55:47 -0300] "GET /cormun/static/hwchdr01.js?201752511465785 HTTP/1.1" 200 1183
186.103.156.24 - - [09/Mar/2018:12:55:47 -0300] "GET /cormun/static/hpexe_recentlink.js?20177611595044 HTTP/1.1" 200 2144
186.103.156.24 - - [09/Mar/2018:12:55:47 -0300] "GET /cormun/static/hpexe_scripts.js?201752511465715 HTTP/1.1" 200 1544
186.103.156.24 - - [09/Mar/2018:12:55:47 -0300] "GET /cormun/static/gxui/gxui-all.js HTTP/1.1" 200 107772
186.103.156.24 - - [09/Mar/2018:12:55:47 -0300] "GET /cormun/static/hpexe_messagecontroller.js?20177611595012 HTTP/1.1" 200 870
186.103.156.24 - - [09/Mar/2018:12:55:47 -0300] "GET /cormun/static/hpexe_messagegenexuscomponent.js?201752511465344 HTTP/1.1" 200 587
186.103.156.24 - - [09/Mar/2018:12:55:47 -0300] "GET /cormun/static/hpexe_messagepopupcomponent.js?20161017169425 HTTP/1.1" 200 605
186.103.156.24 - - [09/Mar/2018:12:55:47 -0300] "GET /cormun/static/cmcontrolpreferences.js?201752511465670 HTTP/1.1" 200 1375
186.103.156.24 - - [09/Mar/2018:12:55:47 -0300] "GET /cormun/static/Resources/PXToolsHeaderLogin.png HTTP/1.1" 200 4279
186.103.156.24 - - [09/Mar/2018:12:55:47 -0300] "GET /cormun/static/Resources/PXToolsHeaderHome.png HTTP/1.1" 200 4147
186.103.159.230 - - [09/Mar/2018:12:55:47 -0300] "POST /cormun/servlet/solicitudot?gx-no-cache=1520610894306 HTTP/1.1" 200 1317
186.103.156.24 - - [09/Mar/2018:12:55:47 -0300] "GET /cormun/static/Resources/PXToolsHeaderSecurity.png HTTP/1.1" 200 4166
186.103.156.24 - - [09/Mar/2018:12:55:47 -0300] "GET /cormun/static/Resources/PXToolsHeaderBackground2.png HTTP/1.1" 200 1174
186.103.156.24 - - [09/Mar/2018:12:55:47 -0300] "GET /cormun/static/Resources/PXToolsFooterBackground2.png HTTP/1.1" 200 1172
186.103.156.24 - - [09/Mar/2018:12:55:47 -0300] "GET /cormun/static/Resources/PXToolsHeaderActionsRight.png HTTP/1.1" 200 1201
186.103.156.24 - - [09/Mar/2018:12:55:47 -0300] "GET /cormun/static/Resources/PXToolsDataTitle.png HTTP/1.1" 200 1173
186.103.156.24 - - [09/Mar/2018:12:55:47 -0300] "GET /cormun/static/Resources/PXToolsHeaderActionsLeft.png HTTP/1.1" 200 1118
186.103.156.24 - - [09/Mar/2018:12:55:47 -0300] "GET /cormun/static/Shared/jquery/jquery-1.4.2.min.js HTTP/1.1" 200 72174
186.103.156.24 - - [09/Mar/2018:12:55:48 -0300] "GET /cormun/static/Resources/logo4.png HTTP/1.1" 200 6582
186.103.156.24 - - [09/Mar/2018:12:55:48 -0300] "GET /cormun/static/Shared/jqueryui/jquery-ui.min.js HTTP/1.1" 200 240427
186.103.156.24 - - [09/Mar/2018:12:55:48 -0300] "GET /cormun/static/Shared/jquery/jquery-1.10.2.min.js HTTP/1.1" 200 273199
186.103.156.24 - - [09/Mar/2018:12:55:48 -0300] "GET /cormun/static/SmoothNavMenu/resources/ddsmoothmenu.js HTTP/1.1" 200 12712
192.168.10.62 - - [09/Mar/2018:12:55:48 -0300] "POST /cormun/servlet/solicitudotlog?a3e59ce9ed21efa75bd259e76228584e,INS,2018,9924,0,REC,,gx-no-cache=1520610786424 HTTP/1.1" 200 93
192.168.10.62 - - [09/Mar/2018:12:55:48 -0300] "GET /cormun/servlet/hpexe_return? HTTP/1.1" 200 1022
186.103.156.24 - - [09/Mar/2018:12:55:48 -0300] "GET /cormun/static/SmoothNavMenu/resources/SmoothNavMenuRender.js HTTP/1.1" 200 5951
186.103.156.24 - - [09/Mar/2018:12:55:48 -0300] "GET /cormun/static/scaMessage/js/jquery.pnotify.min.js HTTP/1.1" 200 13038
186.103.156.24 - - [09/Mar/2018:12:55:48 -0300] "GET /cormun/static/scaMessage/scaMessageRender.js HTTP/1.1" 200 11977
186.103.156.24 - - [09/Mar/2018:12:55:48 -0300] "GET /cormun/static/hmpwkw03.js?20177612122668 HTTP/1.1" 200 3965
192.168.10.62 - - [09/Mar/2018:12:55:48 -0300] "GET /cormun/servlet/trsolicitudgral HTTP/1.1" 200 10322
186.103.156.24 - - [09/Mar/2018:12:55:48 -0300] "GET /cormun/static/Resources/PXToolsHeaderPreferences.png HTTP/1.1" 200 4189
186.103.159.230 - - [09/Mar/2018:12:55:48 -0300] "POST /cormun/servlet/solicitudot?gx-no-cache=1520610895297 HTTP/1.1" 200 1218
192.168.10.62 - - [09/Mar/2018:12:55:48 -0300] "GET /cormun/servlet/trsolicitudgral HTTP/1.1" 200 10318
186.103.156.24 - - [09/Mar/2018:12:55:50 -0300] "GET /cormun/static/Resources/PXToolsHeaderActionsBackground.png HTTP/1.1" 200 484
192.168.10.62 - - [09/Mar/2018:12:55:51 -0300] "POST /cormun/servlet/trsolicitudgral?a3e59ce9ed21efa75bd259e76228584e,gx-no-cache=1520610789257 HTTP/1.1" 200 115
192.168.10.62 - - [09/Mar/2018:12:55:51 -0300] "GET /cormun/servlet/solicitudotlog?INS,2018,9510,0,REC, HTTP/1.1" 200 5665
192.168.10.62 - - [09/Mar/2018:12:55:51 -0300] "GET /cormun/servlet/solicitudotlog?INS,2018,9510,0,REC, HTTP/1.1" 200 5665
192.168.10.62 - - [09/Mar/2018:12:55:52 -0300] "GET /cormun/servlet/solicitudotlog?1fd6da274e2641201cc62dad3faecf3d395d3aa8a9e4485d92c02178c84ae5c17cc3ce5a9420a099c067c5b45b18d533692313b4381bc19dd17756ffd9c2661fd65df905819ffcb18884402c26d36971b7238c59dbcf2838458a06f1d06ebb72c16cafe8f4d5d5570b90e9c81809df1c1f16944224bc4c0db12ec789c67e3ea2c5d6371e9846d755a56c05766ab79d30980fc836db8f046b7ae64aa4a6540e3b,gx-no-cache=1520610790120 HTTP/1.1" 200 94
192.168.10.62 - - [09/Mar/2018:12:55:53 -0300] "POST /cormun/servlet/solicitudotlog?a3e59ce9ed21efa75bd259e76228584e,INS,2018,9510,0,REC,,gx-no-cache=1520610791610 HTTP/1.1" 200 93
192.168.10.62 - - [09/Mar/2018:12:55:53 -0300] "GET /cormun/servlet/hpexe_return? HTTP/1.1" 200 1023
192.168.10.62 - - [09/Mar/2018:12:55:53 -0300] "GET /cormun/servlet/trsolicitudgral HTTP/1.1" 200 9985
192.168.10.62 - - [09/Mar/2018:12:55:54 -0300] "GET /cormun/servlet/trsolicitudgral HTTP/1.1" 200 9981
192.168.10.62 - - [09/Mar/2018:12:55:56 -0300] "POST /cormun/servlet/trsolicitudgral?a3e59ce9ed21efa75bd259e76228584e,gx-no-cache=1520610794410 HTTP/1.1" 200 115
192.168.10.62 - - [09/Mar/2018:12:55:56 -0300] "GET /cormun/servlet/solicitudotlog?INS,2018,9509,0,REC, HTTP/1.1" 200 5664
192.168.10.62 - - [09/Mar/2018:12:55:56 -0300] "GET /cormun/servlet/solicitudotlog?INS,2018,9509,0,REC, HTTP/1.1" 200 5664
192.168.10.62 - - [09/Mar/2018:12:55:57 -0300] "GET /cormun/servlet/solicitudotlog?1fd6da274e2641201cc62dad3faecf3da86ace3ae39b9c8b16f52cc65ea829b67cc3ce5a9420a099c067c5b45b18d533692313b4381bc19dd17756ffd9c2661fd65df905819ffcb18884402c26d36971b7238c59dbcf2838458a06f1d06ebb72c16cafe8f4d5d5570b90e9c81809df1c1f16944224bc4c0db12ec789c67e3ea2c5d6371e9846d755a56c05766ab79d30980fc836db8f046b7ae64aa4a6540e3b,gx-no-cache=1520610795278 HTTP/1.1" 200 94
192.168.10.62 - - [09/Mar/2018:12:55:59 -0300] "POST /cormun/servlet/solicitudotlog?a3e59ce9ed21efa75bd259e76228584e,INS,2018,9509,0,REC,,gx-no-cache=1520610797010 HTTP/1.1" 200 93
192.168.10.62 - - [09/Mar/2018:12:55:59 -0300] "GET /cormun/servlet/hpexe_return? HTTP/1.1" 200 1023
192.168.10.62 - - [09/Mar/2018:12:55:59 -0300] "GET /cormun/servlet/trsolicitudgral HTTP/1.1" 200 9647
186.103.159.46 - - [09/Mar/2018:12:55:59 -0300] "GET /cormun/servlet/hlogin HTTP/1.1" 200 1725
192.168.10.62 - - [09/Mar/2018:12:55:59 -0300] "GET /cormun/servlet/trsolicitudgral HTTP/1.1" 200 9643
186.103.159.46 - - [09/Mar/2018:12:55:59 -0300] "GET /cormun/servlet/hlogin HTTP/1.1" 200 1733
192.168.10.56 - - [09/Mar/2018:12:56:00 -0300] "POST /cormun/servlet/trsolicitudgral?ccc195d5727ec1c110e48cbb3dae8dcf,,gx-no-cache=1520610798349 HTTP/1.1" 200 6151
192.168.10.56 - - [09/Mar/2018:12:56:00 -0300] "GET /cormun/static/Shared/jqueryui/images/ui-bg_highlight-soft_100_c6c2c8_1x100.png HTTP/1.1" 404 1117
192.168.10.56 - - [09/Mar/2018:12:56:00 -0300] "GET /cormun/static/Shared/jqueryui/images/ui-icons_82798d_256x240.png HTTP/1.1" 404 1089
192.168.10.56 - - [09/Mar/2018:12:56:00 -0300] "GET /cormun/static/Shared/jqueryui/images/ui-bg_flat_55_fafafa_40x100.png HTTP/1.1" 404 1097
192.168.10.56 - - [09/Mar/2018:12:56:00 -0300] "GET /cormun/static/Shared/jqueryui/images/ui-icons_8d78a5_256x240.png HTTP/1.1" 404 1089
192.168.10.62 - - [09/Mar/2018:12:56:00 -0300] "POST /cormun/servlet/trsolicitudgral?a3e59ce9ed21efa75bd259e76228584e,gx-no-cache=1520610798914 HTTP/1.1" 200 115
192.168.10.62 - - [09/Mar/2018:12:56:00 -0300] "GET /cormun/servlet/solicitudotlog?INS,2018,9508,0,REC, HTTP/1.1" 200 5664
192.168.10.62 - - [09/Mar/2018:12:56:01 -0300] "GET /cormun/servlet/solicitudotlog?INS,2018,9508,0,REC, HTTP/1.1" 200 5664
192.168.10.62 - - [09/Mar/2018:12:56:01 -0300] "GET /cormun/servlet/solicitudotlog?1fd6da274e2641201cc62dad3faecf3d643155bc4e6126fcfac83e3d42e543817cc3ce5a9420a099c067c5b45b18d533692313b4381bc19dd17756ffd9c2661fd65df905819ffcb18884402c26d36971b7238c59dbcf2838458a06f1d06ebb72c16cafe8f4d5d5570b90e9c81809df1c1f16944224bc4c0db12ec789c67e3ea2c5d6371e9846d755a56c05766ab79d30980fc836db8f046b7ae64aa4a6540e3b,gx-no-cache=1520610799748 HTTP/1.1" 200 94
192.168.10.62 - - [09/Mar/2018:12:56:03 -0300] "POST /cormun/servlet/solicitudotlog?a3e59ce9ed21efa75bd259e76228584e,INS,2018,9508,0,REC,,gx-no-cache=1520610801073 HTTP/1.1" 200 93
192.168.10.62 - - [09/Mar/2018:12:56:03 -0300] "GET /cormun/servlet/hpexe_return? HTTP/1.1" 200 1023
192.168.10.62 - - [09/Mar/2018:12:56:03 -0300] "GET /cormun/servlet/trsolicitudgral HTTP/1.1" 200 8277
192.168.10.62 - - [09/Mar/2018:12:56:03 -0300] "GET /cormun/servlet/trsolicitudgral HTTP/1.1" 200 8273
192.168.10.56 - - [09/Mar/2018:12:56:06 -0300] "POST /cormun/servlet/trsolicitudgral?ccc195d5727ec1c110e48cbb3dae8dcf,,gx-no-cache=1520610804707 HTTP/1.1" 200 5929
192.168.10.62 - - [09/Mar/2018:12:56:10 -0300] "POST /cormun/servlet/trsolicitudgral?a3e59ce9ed21efa75bd259e76228584e,gx-no-cache=1520610808078 HTTP/1.1" 200 5192
220.189.249.97 - - [09/Mar/2018:12:56:10 -0300] "GET /manager/html HTTP/1.1" 401 2474
220.189.249.97 - - [09/Mar/2018:12:56:11 -0300] "GET /manager/html HTTP/1.1" 401 2474
220.189.249.97 - - [09/Mar/2018:12:56:11 -0300] "GET /manager/html HTTP/1.1" 401 2474
220.189.249.97 - - [09/Mar/2018:12:56:12 -0300] "GET /manager/html HTTP/1.1" 401 2474
220.189.249.97 - - [09/Mar/2018:12:56:13 -0300] "GET /manager/html HTTP/1.1" 401 2474
220.189.249.97 - - [09/Mar/2018:12:56:13 -0300] "GET /manager/html HTTP/1.1" 401 2474
186.103.159.230 - - [09/Mar/2018:12:56:14 -0300] "POST /cormun/servlet/solicitudot?gx-no-cache=1520610922446 HTTP/1.1" 200 1317
220.189.249.97 - - [09/Mar/2018:12:56:15 -0300] "GET /manager/html HTTP/1.1" 401 2474
186.103.159.46 - - [09/Mar/2018:12:56:15 -0300] "POST /cormun/servlet/hlogin?eceed9a8e062a6912e34f05f9e0ffd25,gx-no-cache=1520610925087 HTTP/1.1" 200 90
186.103.159.230 - - [09/Mar/2018:12:56:15 -0300] "POST /cormun/servlet/solicitudot?gx-no-cache=1520610922714 HTTP/1.1" 200 1218
186.103.159.230 - - [09/Mar/2018:12:56:15 -0300] "GET /cormun/static/menuarrow.gif HTTP/1.1" 404 1015
220.189.249.97 - tomcat [09/Mar/2018:12:56:15 -0300] "GET /manager/html HTTP/1.1" 403 3196
186.103.159.46 - - [09/Mar/2018:12:56:15 -0300] "GET /cormun/servlet/hpexe_link HTTP/1.1" 200 953
186.103.159.46 - - [09/Mar/2018:12:56:16 -0300] "GET /cormun/servlet/hhome HTTP/1.1" 200 4197
220.189.249.97 - - [09/Mar/2018:12:56:16 -0300] "GET /manager/html HTTP/1.1" 401 2474
192.168.10.56 - - [09/Mar/2018:12:56:16 -0300] "POST /cormun/servlet/trsolicitudgral?ccc195d5727ec1c110e48cbb3dae8dcf,,gx-no-cache=1520610814410 HTTP/1.1" 200 15513
220.189.249.97 - - [09/Mar/2018:12:56:16 -0300] "GET /manager/html HTTP/1.1" 401 2474
186.103.159.46 - - [09/Mar/2018:12:56:17 -0300] "GET /cormun/servlet/hhome HTTP/1.1" 200 4193
220.189.249.97 - - [09/Mar/2018:12:56:17 -0300] "GET /manager/html HTTP/1.1" 401 2474
186.103.159.230 - - [09/Mar/2018:12:56:20 -0300] "POST /cormun/servlet/solicitudot?gx-no-cache=1520610927503 HTTP/1.1" 200 1317
186.103.159.230 - - [09/Mar/2018:12:56:20 -0300] "POST /cormun/servlet/solicitudot?gx-no-cache=1520610928154 HTTP/1.1" 200 1218
192.168.10.62 - - [09/Mar/2018:12:56:24 -0300] "POST /cormun/servlet/trsolicitudgral?a3e59ce9ed21efa75bd259e76228584e,gx-no-cache=1520610819478 HTTP/1.1" 200 24500
186.103.159.230 - - [09/Mar/2018:12:56:25 -0300] "GET /cormun/servlet/solicitudot?7502bf5c270c2543ff7df6fbb200ea2faac7fffe2e18e859c8f7d63a07feae860e490708d1b2527b1eb891d9fe76938d,gx-no-cache=1520610932786 HTTP/1.1" 200 30
186.103.156.24 - - [09/Mar/2018:12:56:25 -0300] "GET /cormun/static/Shared/ext/ext-all.js HTTP/1.1" 200 1289687
186.103.159.46 - - [09/Mar/2018:12:56:27 -0300] "GET /cormun/servlet/trautorizarsolicitud? HTTP/1.1" 200 7309
186.103.159.46 - - [09/Mar/2018:12:56:28 -0300] "GET /cormun/servlet/trautorizarsolicitud? HTTP/1.1" 200 7309
186.103.156.24 - - [09/Mar/2018:12:56:28 -0300] "GET /cormun/static/SmoothNavMenu/resources/images/down.gif HTTP/1.1" 200 854
186.103.156.24 - - [09/Mar/2018:12:56:28 -0300] "GET /cormun/static/SmoothNavMenu/resources/images/right.gif HTTP/1.1" 200 860
186.103.156.24 - - [09/Mar/2018:12:56:29 -0300] "GET /cormun/servlet/hhome HTTP/1.1" 200 4230
186.103.156.24 - - [09/Mar/2018:12:56:29 -0300] "GET /comun/servlet/hhome HTTP/1.1" 404 999
192.168.10.56 - - [09/Mar/2018:12:56:29 -0300] "POST /cormun/servlet/trsolicitudgral?ccc195d5727ec1c110e48cbb3dae8dcf,,gx-no-cache=1520610827567 HTTP/1.1" 200 15136
186.103.156.24 - - [09/Mar/2018:12:56:30 -0300] "GET /favicon.ico HTTP/1.1" 200 21630
192.168.10.62 - - [09/Mar/2018:12:56:31 -0300] "GET /cormun/servlet/hlogin HTTP/1.1" 200 1737
186.103.159.230 - - [09/Mar/2018:12:56:34 -0300] "POST /cormun/servlet/solicitudot?gx-no-cache=1520610942685 HTTP/1.1" 200 30
192.168.10.62 - - [09/Mar/2018:12:56:38 -0300] "POST /cormun/servlet/hlogin?a3e59ce9ed21efa75bd259e76228584e,gx-no-cache=1520610836381 HTTP/1.1" 200 90
192.168.10.62 - - [09/Mar/2018:12:56:38 -0300] "GET /cormun/servlet/hpexe_link HTTP/1.1" 200 951
192.168.10.62 - - [09/Mar/2018:12:56:38 -0300] "GET /cormun/servlet/hhome HTTP/1.1" 200 4445
192.168.10.62 - - [09/Mar/2018:12:56:38 -0300] "GET /cormun/servlet/hhome HTTP/1.1" 200 4441
186.103.156.24 - - [09/Mar/2018:12:56:40 -0300] "GET /cormun/servlet/trcontratounov2? HTTP/1.1" 200 17917
186.103.156.24 - - [09/Mar/2018:12:56:41 -0300] "GET /cormun/static/gxui/gxui-all.css?110300 HTTP/1.1" 200 2179
186.103.156.24 - - [09/Mar/2018:12:56:41 -0300] "GET /cormun/static/calendar-system.css?75620 HTTP/1.1" 200 5572
186.103.156.24 - - [09/Mar/2018:12:56:41 -0300] "GET /cormun/static/gxcfg.js?201752512124396 HTTP/1.1" 200 953
186.103.156.24 - - [09/Mar/2018:12:56:41 -0300] "GET /cormun/static/calendar-es.js?85251 HTTP/1.1" 200 1901
186.103.156.24 - - [09/Mar/2018:12:56:41 -0300] "GET /cormun/static/calendar-setup.js?85251 HTTP/1.1" 200 2588
186.103.156.24 - - [09/Mar/2018:12:56:41 -0300] "GET /cormun/static/calendar.js?85251 HTTP/1.1" 200 26246
186.103.156.24 - - [09/Mar/2018:12:56:41 -0300] "GET /cormun/static/Shared/ext/resources/css/ext-all.css?205870 HTTP/1.1" 200 416045
186.103.156.24 - - [09/Mar/2018:12:56:41 -0300] "GET /cormun/static/Resources/PXToolsDataSearch.png HTTP/1.1" 200 419
186.103.156.24 - - [09/Mar/2018:12:56:42 -0300] "GET /cormun/static/gxdec.js?85251 HTTP/1.1" 200 19579
186.103.156.24 - - [09/Mar/2018:12:56:42 -0300] "GET /cormun/static/trcontratounov2.js?201752512125146 HTTP/1.1" 200 38486
186.103.156.24 - - [09/Mar/2018:12:56:42 -0300] "GET /cormun/static/Resources/PXToolsGridFirstDisabled.gif HTTP/1.1" 200 100
186.103.156.24 - - [09/Mar/2018:12:56:42 -0300] "GET /cormun/static/Resources/PXToolsGridPreviousDisabled.gif HTTP/1.1" 200 90
186.103.156.24 - - [09/Mar/2018:12:56:42 -0300] "GET /cormun/static/Resources/PXToolsGridNextDisabled.gif HTTP/1.1" 200 90
186.103.156.24 - - [09/Mar/2018:12:56:42 -0300] "GET /cormun/static/Resources/PXToolsGridLastDisabled.gif HTTP/1.1" 200 98
186.103.156.24 - - [09/Mar/2018:12:56:42 -0300] "GET /cormun/static/Resources/PXToolsGridPage.gif HTTP/1.1" 200 725
186.103.156.24 - - [09/Mar/2018:12:56:42 -0300] "GET /cormun/static/Resources/PXToolsActionExcel.png HTTP/1.1" 200 3187
186.103.156.24 - - [09/Mar/2018:12:56:43 -0300] "GET /cormun/static/Resources/PXToolsGridNew.png HTTP/1.1" 200 2949
186.103.156.24 - - [09/Mar/2018:12:56:43 -0300] "GET /cormun/static/Resources/PXToolsAddSelectedAction.png HTTP/1.1" 200 3660
200.72.197.82 - - [09/Mar/2018:12:56:45 -0300] "POST /cormun/servlet/solicitudot?gx-no-cache=1520610949994 HTTP/1.1" 200 30
186.103.156.24 - - [09/Mar/2018:12:56:46 -0300] "GET /cormun/static/Resources/asc.gif HTTP/1.1" 200 67
186.103.156.24 - - [09/Mar/2018:12:56:46 -0300] "GET /cormun/static/Resources/desc.gif HTTP/1.1" 200 65
186.103.156.24 - - [09/Mar/2018:12:56:46 -0300] "GET /cormun//static/Resources/PXToolsActionDisabled.gif HTTP/1.1" 200 53
186.103.156.24 - - [09/Mar/2018:12:56:46 -0300] "GET /cormun/servlet/trcontratounov2? HTTP/1.1" 200 17916
186.103.156.24 - - [09/Mar/2018:12:56:48 -0300] "GET /cormun/static/Shared/ext/resources/themes/images/default/panel/bg-headersPanel.png HTTP/1.1" 200 255
186.103.156.24 - - [09/Mar/2018:12:56:48 -0300] "GET /cormun/static/Shared/ext/resources/themes/images/default/tools/tool-sprites.gif HTTP/1.1" 200 5434
192.168.10.62 - - [09/Mar/2018:12:57:05 -0300] "GET /cormun/servlet/trsolicitudgral? HTTP/1.1" 200 27650
192.168.10.56 - - [09/Mar/2018:12:57:06 -0300] "POST /cormun/servlet/trsolicitudgral?ccc195d5727ec1c110e48cbb3dae8dcf,,gx-no-cache=1520610864478 HTTP/1.1" 200 9079
192.168.10.96 - - [09/Mar/2018:12:57:08 -0300] "POST /cormun/servlet/trsolicitudgral?baa97f5760a2686d33af3eae4fc46923,,gx-no-cache=1520610866315 HTTP/1.1" 200 7290
192.168.10.62 - - [09/Mar/2018:12:57:09 -0300] "GET /cormun/servlet/trsolicitudgral? HTTP/1.1" 200 27649
186.103.159.230 - - [09/Mar/2018:12:57:10 -0300] "POST /cormun/servlet/solicitudot?909864e848def591487eb87915a4285d,INS,0,0,,gx-no-cache=1520610973356 HTTP/1.1" 200 93
186.103.159.230 - - [09/Mar/2018:12:57:10 -0300] "GET /cormun/servlet/hpexe_return? HTTP/1.1" 200 1012
186.103.159.230 - - [09/Mar/2018:12:57:11 -0300] "GET /cormun/static/gxcfg.js?2016101716175148 HTTP/1.1" 304 -
186.103.159.230 - - [09/Mar/2018:12:57:11 -0300] "GET /cormun/servlet/trsolicitudot HTTP/1.1" 200 9232
186.103.159.230 - - [09/Mar/2018:12:57:12 -0300] "GET /cormun/servlet/trsolicitudot HTTP/1.1" 200 9228
192.168.10.62 - - [09/Mar/2018:12:57:16 -0300] "POST /cormun/servlet/trsolicitudgral?a3e59ce9ed21efa75bd259e76228584e,,gx-no-cache=1520610870998 HTTP/1.1" 200 25397
190.151.100.218 - - [09/Mar/2018:12:57:17 -0300] "POST /cormun/servlet/solicitudot?gx-no-cache=1520610988008 HTTP/1.1" 200 1337
190.151.100.218 - - [09/Mar/2018:12:57:17 -0300] "POST /cormun/servlet/solicitudot?gx-no-cache=1520610988383 HTTP/1.1" 200 38
192.168.10.62 - - [09/Mar/2018:12:57:21 -0300] "POST /cormun/servlet/trsolicitudgral?a3e59ce9ed21efa75bd259e76228584e,,gx-no-cache=1520610876249 HTTP/1.1" 200 105
192.168.10.62 - - [09/Mar/2018:12:57:21 -0300] "GET /cormun/SolicitudGral-6092.xls HTTP/1.1" 200 289792
192.168.10.96 - - [09/Mar/2018:12:57:33 -0300] "POST /cormun/servlet/trsolicitudgral?baa97f5760a2686d33af3eae4fc46923,,gx-no-cache=1520610891667 HTTP/1.1" 200 7308
186.103.159.230 - - [09/Mar/2018:12:57:37 -0300] "POST /cormun/servlet/trsolicitudot?909864e848def591487eb87915a4285d,gx-no-cache=1520611003111 HTTP/1.1" 200 5901
186.103.159.230 - - [09/Mar/2018:12:57:37 -0300] "GET /cormun/static/Shared/jqueryui/images/ui-bg_highlight-soft_100_c6c2c8_1x100.png HTTP/1.1" 404 1117
186.103.159.230 - - [09/Mar/2018:12:57:37 -0300] "GET /cormun/static/Shared/jqueryui/images/ui-icons_82798d_256x240.png HTTP/1.1" 404 1089
186.103.159.230 - - [09/Mar/2018:12:57:37 -0300] "GET /cormun/static/Shared/jqueryui/images/ui-bg_flat_55_fafafa_40x100.png HTTP/1.1" 404 1097
186.103.159.230 - - [09/Mar/2018:12:57:37 -0300] "GET /cormun/static/Shared/jqueryui/images/ui-icons_8d78a5_256x240.png HTTP/1.1" 404 1089
186.103.159.230 - - [09/Mar/2018:12:57:38 -0300] "POST /cormun/servlet/trsolicitudot?909864e848def591487eb87915a4285d,gx-no-cache=1520611004985 HTTP/1.1" 200 5845
186.103.159.230 - - [09/Mar/2018:12:57:44 -0300] "GET /cormun/servlet/trautorizarsolicitud? HTTP/1.1" 200 8607
186.103.159.230 - - [09/Mar/2018:12:57:44 -0300] "GET /cormun/static/gxcfg.js?2017111423403364 HTTP/1.1" 304 -
186.103.159.230 - - [09/Mar/2018:12:57:44 -0300] "GET /cormun/servlet/trautorizarsolicitud? HTTP/1.1" 200 8607
186.103.157.235 - - [09/Mar/2018:12:57:53 -0300] "GET /cormun/servlet/trcontratounov2? HTTP/1.1" 200 16526
186.103.157.235 - - [09/Mar/2018:12:57:54 -0300] "GET /cormun/static/gxcfg.js?201752512124396 HTTP/1.1" 200 953
186.103.157.235 - - [09/Mar/2018:12:57:54 -0300] "GET /cormun/static/Resources/PXToolsAddSelectedAction.png HTTP/1.1" 200 3660
186.103.157.235 - - [09/Mar/2018:12:57:58 -0300] "GET /cormun/static/trcontratounov2.js?201752512125146 HTTP/1.1" 200 38486
186.103.157.235 - - [09/Mar/2018:12:58:02 -0300] "GET /cormun/servlet/trcontratounov2? HTTP/1.1" 200 16523
192.168.10.50 - - [09/Mar/2018:12:58:25 -0300] "POST /cormun/servlet/trsolicitudgral?ce049adf1501c0d489570ce6ebc8646f,gx-no-cache=1520604204234,gx-no-cache=1520610943487 HTTP/1.1" 440 972
192.168.10.50 - - [09/Mar/2018:12:58:26 -0300] "GET /cormun/servlet/trsolicitudgral?gx-no-cache=1520604204234 HTTP/1.1" 500 10
186.103.157.42 - - [09/Mar/2018:12:58:27 -0300] "GET /cormun/servlet/hlogin HTTP/1.1" 200 1725
186.103.157.42 - - [09/Mar/2018:12:58:28 -0300] "GET /cormun/static/gxtimezone.js?85251 HTTP/1.1" 304 -
186.103.157.42 - - [09/Mar/2018:12:58:35 -0300] "GET /cormun/static/gxcfg.js?20175251213516 HTTP/1.1" 304 -
186.103.157.42 - - [09/Mar/2018:12:58:35 -0300] "GET /cormun/static/messages.spa.js?85251 HTTP/1.1" 304 -
