192.168.10.62 - - [09/Mar/2018:12:28:49 -0300] "GET /cormun/static/Shared/jqueryui/images/ui-icons_8d78a5_256x240.png HTTP/1.1" 404 1089
192.168.10.62 - - [09/Mar/2018:12:28:49 -0300] "POST /cormun/servlet/vesolicitudgral?a3e59ce9ed21efa75bd259e76228584e,2018,9523,,,gx-no-cache=1520609167208 HTTP/1.1" 200 11278
186.79.37.232 - - [09/Mar/2018:12:28:50 -0300] "POST /cormun/servlet/solicitudotadjuntos?64c7a7460a4f8854ca6e5638dfca8d6c,INS,2018,10370,,1, HTTP/1.1" 200 116
192.168.10.62 - - [09/Mar/2018:12:28:51 -0300] "POST /cormun/servlet/vesolicitudgral?a3e59ce9ed21efa75bd259e76228584e,2018,9523,,,gx-no-cache=1520609169081 HTTP/1.1" 200 90
186.79.37.232 - - [09/Mar/2018:12:28:51 -0300] "GET /cormun/servlet/hpexe_return? HTTP/1.1" 200 1024
192.168.10.62 - - [09/Mar/2018:12:28:51 -0300] "GET /cormun/servlet/hpexe_link HTTP/1.1" 200 966
192.168.10.62 - - [09/Mar/2018:12:28:51 -0300] "GET /cormun/servlet/trsolicitudgral HTTP/1.1" 200 12167
186.67.84.236 - - [09/Mar/2018:12:28:51 -0300] "GET /cormun/servlet/solicitudotadjuntos?a9964e3e40c2dc518aa990fcc8f8409c5058ed16c630e6d368e3db9025b90dce,gx-no-cache=1520609281249 HTTP/1.1" 200 30
186.67.84.236 - - [09/Mar/2018:12:28:51 -0300] "GET /cormun/servlet/solicitudotadjuntos?a9964e3e40c2dc518aa990fcc8f8409c5058ed16c630e6d368e3db9025b90dce,gx-no-cache=1520609281398 HTTP/1.1" 200 30
186.79.37.232 - - [09/Mar/2018:12:28:51 -0300] "GET /cormun/servlet/trsolicitudadjuntos?2018,10370, HTTP/1.1" 200 8493
192.168.10.62 - - [09/Mar/2018:12:28:51 -0300] "GET /cormun/servlet/trsolicitudgral HTTP/1.1" 200 12165
186.79.37.232 - - [09/Mar/2018:12:28:52 -0300] "GET /cormun/servlet/trsolicitudadjuntos?2018,10370, HTTP/1.1" 200 8489
186.103.159.189 - - [09/Mar/2018:12:28:54 -0300] "GET /cormun/servlet/prfichaempleado?,MD,,gxPopupLevel%3D0%3B HTTP/1.1" 200 9331
192.168.10.62 - - [09/Mar/2018:12:28:56 -0300] "GET /cormun/servlet/vesolicitudgral?2018,9514,, HTTP/1.1" 200 8494
192.168.10.62 - - [09/Mar/2018:12:28:56 -0300] "GET /cormun/pexe_scrolldiv.js HTTP/1.1" 404 1009
192.168.10.62 - - [09/Mar/2018:12:28:56 -0300] "GET /cormun/pexe_scrolldiv.js HTTP/1.1" 404 1009
192.168.10.62 - - [09/Mar/2018:12:28:56 -0300] "GET /cormun/servlet/vesolicitudgral?2018,9514,, HTTP/1.1" 200 8494
192.168.10.62 - - [09/Mar/2018:12:28:58 -0300] "POST /cormun/servlet/vesolicitudgral?a3e59ce9ed21efa75bd259e76228584e,2018,9514,,,gx-no-cache=1520609176038 HTTP/1.1" 200 107
192.168.10.62 - - [09/Mar/2018:12:28:58 -0300] "GET /cormun/servlet/solicitudgral?UPD,2018,9514, HTTP/1.1" 200 12321
192.168.10.62 - - [09/Mar/2018:12:28:58 -0300] "GET /cormun/servlet/solicitudgral?UPD,2018,9514, HTTP/1.1" 200 12321
192.168.10.62 - - [09/Mar/2018:12:28:59 -0300] "POST /cormun/servlet/solicitudgral?gx-no-cache=1520609177038 HTTP/1.1" 200 3911
192.168.10.62 - - [09/Mar/2018:12:28:59 -0300] "GET /cormun/servlet/solicitudgral?1fd6da274e2641201cc62dad3faecf3d9301ca7c3b2f634e031f9b99eaf04096031d4317c47bd5b1c02ff4fe0dc40f524b3c029e5bc26968fedbe1a7f4a65717e7d182101aed80cd06a3a028254df475676edc406b4da793ceaeab1bce80759d8973fd846ea1c3fc3d08e442b3426d797fcac924908460da428e760e656ff0d4a0fd4e5d062128c2ef1c48ec77329a8a949fe396129dae6dd923cec0f0bbbf90dd294847e98e53640a77252fb1f4de83c2dae99405a000eda69b9ff558298194664c05347f330d04a66724d92150258679bd8e8b77f714db3d663907b0534566ab42f2dc07b706397c7fca4bdadcd0cb7cc3ce5a9420a099c067c5b45b18d5332b54bc4d8722001dda4a7735b2652f5a8d73f976074948c5795ab7d6854e86ce68c875e5e1c9ddf7d6f77fc28a74136a1eb1dd6b86c3e229820b175fd0a9c78a7bb1ecf61fb4528434484ba5a2d0d431,gx-no-cache=1520609177170 HTTP/1.1" 200 255
192.168.10.62 - - [09/Mar/2018:12:28:59 -0300] "GET /cormun/servlet/solicitudgral?1fd6da274e2641201cc62dad3faecf3db3caabbf01c12688b9e2fff9fb2a37c4727e084856bf52d8e7b66be8839097074057671571a778d5c61bf5552488ad95df8a3fc0275881ee4be318d11c8eb150ebc6f053ee95f5e3df86f469c2ab51fdd3dcf277c79a69fee7508aac421d3df8fce601a9b47fa1ced29535a7c89e4de436f137a5ebc3c3b8a21ff8f4c2fda126334048a2a270b6599f87ac140d8cb613830e3ec95533438c816ed00efc4fe69e27bae75cccc080371e77e82cd7e44546a3be2d5c1cce2ea822741b8fa6ee23466a83870bee2f27000c22bae9c65b52bcdc4904b7dd663b1e743ddd843aa94f94da795f074f661e566dc50ddf6e146b05030d8f0030fb5682945826b5b126d0cc0325bef5727b311d879a8206f5b57361ad254a37bbb36e8935e11e1cf85fbd44119e58e73629cd969b9e7babc031aa9bea3798633be1604580d3bebfa5c1b06e7085b26a0d4530c104ddcbcc3772c8b981181f967085bb95f7b8ec64889bbf0b05525ebba6d3f4a8f2adffb7b2914c7f830f110921386abe194e4b6f6534d7f31036aa4162a6d7863b6476bfdbe2a168b5922385e2d86e6b010dfd86391275d1,gx-no-cache=1520609177376 HTTP/1.1" 200 48
192.168.10.62 - - [09/Mar/2018:12:29:01 -0300] "POST /cormun/servlet/solicitudgral?a3e59ce9ed21efa75bd259e76228584e,UPD,2018,9514,,gx-no-cache=1520609179167 HTTP/1.1" 200 11151
192.168.10.62 - - [09/Mar/2018:12:29:01 -0300] "GET /cormun/servlet/solicitudgral?1fd6da274e2641201cc62dad3faecf3dedeeaf6915a2c1ae2c0608371c0f1a410ff1d409ebbadae513ef3cc5973c7dbce51f6225eaaca9e6d282df2169db794f9412f1b6bc05f933a817435f5e6d7c4bcf32f23fbfcf9e49a69ab82505ac4fa2778d02bb5d6f786e02db9746e819f5c2d41ae1deb5d58532b3340bb2e554781c90e58f10b170017312adc62bddd265f1c1ea99b384f2d099278ff79fea943b67,gx-no-cache=1520609179380 HTTP/1.1" 200 29
192.168.10.62 - - [09/Mar/2018:12:29:01 -0300] "POST /cormun/servlet/solicitudgral?gx-no-cache=1520609179405 HTTP/1.1" 200 1295
192.168.10.62 - - [09/Mar/2018:12:29:01 -0300] "POST /cormun/servlet/solicitudgral?gx-no-cache=1520609179457 HTTP/1.1" 200 1218
192.168.10.62 - - [09/Mar/2018:12:29:01 -0300] "POST /cormun/servlet/solicitudgral?a3e59ce9ed21efa75bd259e76228584e,UPD,2018,9514,,gx-no-cache=1520609179500 HTTP/1.1" 200 93
192.168.10.62 - - [09/Mar/2018:12:29:01 -0300] "GET /cormun/servlet/hpexe_return? HTTP/1.1" 200 1017
192.168.10.62 - - [09/Mar/2018:12:29:01 -0300] "GET /cormun/servlet/vesolicitudgral?2018,9514,, HTTP/1.1" 200 8500
192.168.10.62 - - [09/Mar/2018:12:29:01 -0300] "GET /cormun/pexe_scrolldiv.js HTTP/1.1" 404 1009
192.168.10.62 - - [09/Mar/2018:12:29:01 -0300] "GET /cormun/pexe_scrolldiv.js HTTP/1.1" 404 1009
192.168.10.62 - - [09/Mar/2018:12:29:02 -0300] "GET /cormun/servlet/vesolicitudgral?2018,9514,, HTTP/1.1" 200 8496
192.168.10.62 - - [09/Mar/2018:12:29:04 -0300] "POST /cormun/servlet/vesolicitudgral?a3e59ce9ed21efa75bd259e76228584e,2018,9514,,,gx-no-cache=1520609182102 HTTP/1.1" 200 11350
192.168.10.62 - - [09/Mar/2018:12:29:04 -0300] "GET /cormun/static/Shared/jqueryui/images/ui-bg_highlight-soft_100_c6c2c8_1x100.png HTTP/1.1" 404 1117
192.168.10.62 - - [09/Mar/2018:12:29:04 -0300] "GET /cormun/static/Shared/jqueryui/images/ui-icons_82798d_256x240.png HTTP/1.1" 404 1089
192.168.10.62 - - [09/Mar/2018:12:29:04 -0300] "GET /cormun/static/Shared/jqueryui/images/ui-bg_flat_55_fafafa_40x100.png HTTP/1.1" 404 1097
192.168.10.62 - - [09/Mar/2018:12:29:04 -0300] "GET /cormun/static/Shared/jqueryui/images/ui-icons_8d78a5_256x240.png HTTP/1.1" 404 1089
192.168.10.62 - - [09/Mar/2018:12:29:04 -0300] "POST /cormun/servlet/vesolicitudgral?a3e59ce9ed21efa75bd259e76228584e,2018,9514,,,gx-no-cache=1520609182329 HTTP/1.1" 200 11286
186.103.159.189 - - [09/Mar/2018:12:29:07 -0300] "POST /cormun/servlet/prfichaempleado?47e32af93345601ae9eb0c92cf28735c,,MD,,gxPopupLevel%3D0%3B,gx-no-cache=1520609298948 HTTP/1.1" 200 3182
186.103.159.182 - - [09/Mar/2018:12:29:14 -0300] "POST /cormun/servlet/trsolicitudot?cccc230fee2aa2cfa52370b99d13e2b2,,gx-no-cache=1520609247125 HTTP/1.1" 200 4477
192.168.10.62 - - [09/Mar/2018:12:29:15 -0300] "POST /cormun/servlet/vesolicitudgral?a3e59ce9ed21efa75bd259e76228584e,2018,9514,,,gx-no-cache=1520609193457 HTTP/1.1" 200 90
192.168.10.62 - - [09/Mar/2018:12:29:15 -0300] "GET /cormun/servlet/hpexe_link HTTP/1.1" 200 967
192.168.10.62 - - [09/Mar/2018:12:29:15 -0300] "GET /cormun/servlet/trsolicitudgral HTTP/1.1" 200 11769
192.168.10.62 - - [09/Mar/2018:12:29:16 -0300] "GET /cormun/servlet/trsolicitudgral HTTP/1.1" 200 11768
186.103.159.182 - - [09/Mar/2018:12:29:21 -0300] "POST /cormun/servlet/trsolicitudot?cccc230fee2aa2cfa52370b99d13e2b2,,gx-no-cache=1520609258216 HTTP/1.1" 200 4476
186.67.84.236 - - [09/Mar/2018:12:29:22 -0300] "POST /cormun/servlet/solicitudotadjuntos?02a88c073cf73cba9b5e34c694f3c51a,INS,2018,10367,,1, HTTP/1.1" 200 116
186.67.84.236 - - [09/Mar/2018:12:29:22 -0300] "GET /cormun/servlet/hpexe_return? HTTP/1.1" 200 1024
186.67.84.236 - - [09/Mar/2018:12:29:22 -0300] "GET /cormun/servlet/trsolicitudadjuntos?2018,10367, HTTP/1.1" 200 9299
186.67.84.236 - - [09/Mar/2018:12:29:24 -0300] "GET /cormun/servlet/trsolicitudadjuntos?2018,10367, HTTP/1.1" 200 9299
192.168.10.62 - - [09/Mar/2018:12:29:24 -0300] "GET /cormun/servlet/vesolicitudgral?2018,9511,, HTTP/1.1" 200 8487
192.168.10.62 - - [09/Mar/2018:12:29:24 -0300] "GET /cormun/pexe_scrolldiv.js HTTP/1.1" 404 1009
192.168.10.62 - - [09/Mar/2018:12:29:24 -0300] "GET /cormun/pexe_scrolldiv.js HTTP/1.1" 404 1009
192.168.10.62 - - [09/Mar/2018:12:29:24 -0300] "GET /cormun/servlet/vesolicitudgral?2018,9511,, HTTP/1.1" 200 8487
192.168.10.62 - - [09/Mar/2018:12:29:26 -0300] "POST /cormun/servlet/vesolicitudgral?a3e59ce9ed21efa75bd259e76228584e,2018,9511,,,gx-no-cache=1520609204383 HTTP/1.1" 200 106
192.168.10.62 - - [09/Mar/2018:12:29:26 -0300] "GET /cormun/servlet/solicitudgral?UPD,2018,9511, HTTP/1.1" 200 12331
192.168.10.62 - - [09/Mar/2018:12:29:26 -0300] "GET /cormun/servlet/solicitudgral?UPD,2018,9511, HTTP/1.1" 200 12331
192.168.10.62 - - [09/Mar/2018:12:29:27 -0300] "POST /cormun/servlet/solicitudgral?gx-no-cache=1520609205382 HTTP/1.1" 200 3911
192.168.10.62 - - [09/Mar/2018:12:29:27 -0300] "GET /cormun/servlet/solicitudgral?1fd6da274e2641201cc62dad3faecf3d9301ca7c3b2f634e031f9b99eaf04096031d4317c47bd5b1c02ff4fe0dc40f524b3c029e5bc26968fedbe1a7f4a65717e7d182101aed80cd06a3a028254df475676edc406b4da793ceaeab1bce80759d8973fd846ea1c3fc3d08e442b3426d797fcac924908460da428e760e656ff0d4a0fd4e5d062128c2ef1c48ec77329a8a949fe396129dae6dd923cec0f0bbbf90dd294847e98e53640a77252fb1f4de83c2dae99405a000eda69b9ff558298194664c05347f330d04a66724d92150258679bd8e8b77f714db3d663907b0534566ab42f2dc07b706397c7fca4bdadcd0cb7cc3ce5a9420a099c067c5b45b18d5332b54bc4d8722001dda4a7735b2652f5a8d73f976074948c5795ab7d6854e86ce68c875e5e1c9ddf7d6f77fc28a74136a1eb1dd6b86c3e229820b175fd0a9c78a7bb1ecf61fb4528434484ba5a2d0d431,gx-no-cache=1520609205515 HTTP/1.1" 200 255
192.168.10.62 - - [09/Mar/2018:12:29:27 -0300] "GET /cormun/servlet/solicitudgral?1fd6da274e2641201cc62dad3faecf3db3caabbf01c12688b9e2fff9fb2a37c4727e084856bf52d8e7b66be8839097074057671571a778d5c61bf5552488ad95df8a3fc0275881ee4be318d11c8eb150ebc6f053ee95f5e3df86f469c2ab51fdd3dcf277c79a69fee7508aac421d3df8fce601a9b47fa1ced29535a7c89e4de436f137a5ebc3c3b8a21ff8f4c2fda126334048a2a270b6599f87ac140d8cb613830e3ec95533438c816ed00efc4fe69e27bae75cccc080371e77e82cd7e44546a3be2d5c1cce2ea822741b8fa6ee23466a83870bee2f27000c22bae9c65b52bcdc4904b7dd663b1e743ddd843aa94f94da795f074f661e566dc50ddf6e146b05030d8f0030fb5682945826b5b126d0cc0325bef5727b311d879a8206f5b57361ad254a37bbb36e8935e11e1cf85fbd44119e58e73629cd969b9e7babc031aa9bea3798633be1604580d3bebfa5c1b06e7085b26a0d4530c104ddcbcc3772c8b981181f967085bb95f7b8ec64889bbf0b05525ebba6d3f4a8f2adffb7b2914c7f830f110921386abe194e4b6f6534d7f31036aa4162a6d7863b6476bfdbe2a168b5922385e2d86e6b010dfd86391275d1,gx-no-cache=1520609205664 HTTP/1.1" 200 48
186.103.159.182 - - [09/Mar/2018:12:29:29 -0300] "POST /cormun/servlet/trsolicitudot?cccc230fee2aa2cfa52370b99d13e2b2,,gx-no-cache=1520609264098 HTTP/1.1" 200 4475
192.168.10.62 - - [09/Mar/2018:12:29:30 -0300] "POST /cormun/servlet/solicitudgral?a3e59ce9ed21efa75bd259e76228584e,UPD,2018,9511,,gx-no-cache=1520609208000 HTTP/1.1" 200 11152
192.168.10.62 - - [09/Mar/2018:12:29:30 -0300] "GET /cormun/servlet/solicitudgral?1fd6da274e2641201cc62dad3faecf3dedeeaf6915a2c1ae2c0608371c0f1a410ff1d409ebbadae513ef3cc5973c7dbce51f6225eaaca9e6d282df2169db794f9412f1b6bc05f933a817435f5e6d7c4bcf32f23fbfcf9e49a69ab82505ac4fa2778d02bb5d6f786e02db9746e819f5c2d41ae1deb5d58532b3340bb2e554781c90e58f10b170017312adc62bddd265f1c1ea99b384f2d099278ff79fea943b67,gx-no-cache=1520609208182 HTTP/1.1" 200 29
192.168.10.62 - - [09/Mar/2018:12:29:30 -0300] "POST /cormun/servlet/solicitudgral?gx-no-cache=1520609208207 HTTP/1.1" 200 1295
192.168.10.62 - - [09/Mar/2018:12:29:30 -0300] "POST /cormun/servlet/solicitudgral?gx-no-cache=1520609208242 HTTP/1.1" 200 1219
192.168.10.62 - - [09/Mar/2018:12:29:30 -0300] "POST /cormun/servlet/solicitudgral?a3e59ce9ed21efa75bd259e76228584e,UPD,2018,9511,,gx-no-cache=1520609208290 HTTP/1.1" 200 93
192.168.10.62 - - [09/Mar/2018:12:29:30 -0300] "GET /cormun/servlet/hpexe_return? HTTP/1.1" 200 1018
192.168.10.62 - - [09/Mar/2018:12:29:30 -0300] "GET /cormun/servlet/vesolicitudgral?2018,9511,, HTTP/1.1" 200 8488
192.168.10.62 - - [09/Mar/2018:12:29:30 -0300] "GET /cormun/pexe_scrolldiv.js HTTP/1.1" 404 1009
192.168.10.62 - - [09/Mar/2018:12:29:30 -0300] "GET /cormun/pexe_scrolldiv.js HTTP/1.1" 404 1009
192.168.10.62 - - [09/Mar/2018:12:29:30 -0300] "GET /cormun/servlet/vesolicitudgral?2018,9511,, HTTP/1.1" 200 8484
192.168.10.62 - - [09/Mar/2018:12:29:32 -0300] "POST /cormun/servlet/vesolicitudgral?a3e59ce9ed21efa75bd259e76228584e,2018,9511,,,gx-no-cache=1520609210409 HTTP/1.1" 200 11355
192.168.10.62 - - [09/Mar/2018:12:29:32 -0300] "GET /cormun/static/Shared/jqueryui/images/ui-bg_highlight-soft_100_c6c2c8_1x100.png HTTP/1.1" 404 1117
192.168.10.62 - - [09/Mar/2018:12:29:32 -0300] "GET /cormun/static/Shared/jqueryui/images/ui-icons_82798d_256x240.png HTTP/1.1" 404 1089
192.168.10.62 - - [09/Mar/2018:12:29:32 -0300] "GET /cormun/static/Shared/jqueryui/images/ui-bg_flat_55_fafafa_40x100.png HTTP/1.1" 404 1097
192.168.10.62 - - [09/Mar/2018:12:29:32 -0300] "GET /cormun/static/Shared/jqueryui/images/ui-icons_8d78a5_256x240.png HTTP/1.1" 404 1089
192.168.10.62 - - [09/Mar/2018:12:29:32 -0300] "POST /cormun/servlet/vesolicitudgral?a3e59ce9ed21efa75bd259e76228584e,2018,9511,,,gx-no-cache=1520609210667 HTTP/1.1" 200 11290
186.103.159.189 - - [09/Mar/2018:12:29:33 -0300] "GET /cormun/servlet/trvisualizadoreventos? HTTP/1.1" 200 8937
186.67.172.234 - - [09/Mar/2018:12:29:33 -0300] "GET /cormun/servlet/trsolicitudot? HTTP/1.1" 200 7438
186.67.172.234 - - [09/Mar/2018:12:29:33 -0300] "GET /cormun/servlet/trsolicitudot? HTTP/1.1" 200 7438
186.103.159.189 - - [09/Mar/2018:12:29:34 -0300] "GET /cormun/servlet/trvisualizadoreventos? HTTP/1.1" 200 8931
186.103.159.182 - - [09/Mar/2018:12:29:34 -0300] "POST /cormun/servlet/trsolicitudot?cccc230fee2aa2cfa52370b99d13e2b2,,gx-no-cache=1520609270644 HTTP/1.1" 200 5833
186.79.37.232 - - [09/Mar/2018:12:29:34 -0300] "GET /cormun/servlet/solicitudotadjuntos?INS,2018,10370,,1, HTTP/1.1" 200 6025
186.79.37.232 - - [09/Mar/2018:12:29:35 -0300] "GET /cormun/static/about:blank HTTP/1.1" 404 1011
186.79.37.232 - - [09/Mar/2018:12:29:35 -0300] "GET /cormun/servlet/solicitudotadjuntos?INS,2018,10370,,1, HTTP/1.1" 200 6019
186.67.172.234 - - [09/Mar/2018:12:29:35 -0300] "GET /cormun/servlet/solicitudot?INS,0,0, HTTP/1.1" 200 13662
186.67.172.234 - - [09/Mar/2018:12:29:35 -0300] "GET /cormun/static/gxcfg.js?201812313224582 HTTP/1.1" 304 -
190.151.99.26 - - [09/Mar/2018:12:29:36 -0300] "GET /cormun/servlet/solicitudotadjuntos?INS,2018,10367,,1, HTTP/1.1" 200 6242
186.67.172.234 - - [09/Mar/2018:12:29:36 -0300] "GET /cormun/servlet/solicitudot?INS,0,0, HTTP/1.1" 200 13667
186.79.37.232 - - [09/Mar/2018:12:29:36 -0300] "GET /cormun/servlet/solicitudotadjuntos?bd2a5dfe37d75bbff472bc607de743b78cffbc2735831d7e4ce727db6e9693fee7b63b2e859e0feb89a8570a7bd2b9c6,gx-no-cache=1520605729646 HTTP/1.1" 200 30
190.151.99.26 - - [09/Mar/2018:12:29:36 -0300] "GET /cormun/static/about:blank HTTP/1.1" 404 1011
190.151.99.26 - - [09/Mar/2018:12:29:36 -0300] "GET /cormun/servlet/solicitudotadjuntos?INS,2018,10367,,1, HTTP/1.1" 200 6236
186.103.196.84 - - [09/Mar/2018:12:29:37 -0300] "GET /cormun/servlet/solicitudotadjuntos?a9964e3e40c2dc518aa990fcc8f8409cf9e687d67f449c318b0c3c83c4634fd731b27fdebcafb983032d595dcf37ba51,gx-no-cache=1520609327005 HTTP/1.1" 200 30
186.103.196.84 - - [09/Mar/2018:12:29:38 -0300] "POST /cormun/servlet/solicitudotadjuntos?02a88c073cf73cba9b5e34c694f3c51a,INS,2018,10367,,1,,gx-no-cache=1520609327106 HTTP/1.1" 200 3985
186.79.37.232 - - [09/Mar/2018:12:29:38 -0300] "POST /cormun/servlet/solicitudotadjuntos?64c7a7460a4f8854ca6e5638dfca8d6c,INS,2018,10370,,1,,gx-no-cache=1520605730150 HTTP/1.1" 200 3798
186.103.159.189 - - [09/Mar/2018:12:29:38 -0300] "GET /cormun/servlet/trsolicitudot? HTTP/1.1" 200 7191
192.168.10.62 - - [09/Mar/2018:12:29:39 -0300] "POST /cormun/servlet/vesolicitudgral?a3e59ce9ed21efa75bd259e76228584e,2018,9511,,,gx-no-cache=1520609217083 HTTP/1.1" 200 90
192.168.10.62 - - [09/Mar/2018:12:29:39 -0300] "GET /cormun/servlet/hpexe_link HTTP/1.1" 200 967
192.168.10.62 - - [09/Mar/2018:12:29:39 -0300] "GET /cormun/servlet/trsolicitudgral HTTP/1.1" 200 11339
192.168.10.62 - - [09/Mar/2018:12:29:39 -0300] "GET /cormun/servlet/trsolicitudgral HTTP/1.1" 200 11338
186.103.159.189 - - [09/Mar/2018:12:29:40 -0300] "GET /cormun/servlet/trsolicitudot? HTTP/1.1" 200 7190
186.79.37.232 - - [09/Mar/2018:12:29:42 -0300] "POST /cormun/servlet/solicitudotadjuntos?gx-no-cache=1520605735687 HTTP/1.1" 200 26
186.103.159.189 - - [09/Mar/2018:12:29:43 -0300] "GET /cormun/servlet/solicitudot?INS,0,0, HTTP/1.1" 200 13429
186.103.196.84 - - [09/Mar/2018:12:29:43 -0300] "POST /cormun/servlet/solicitudotadjuntos?gx-no-cache=1520609333097 HTTP/1.1" 200 26
186.103.159.189 - - [09/Mar/2018:12:29:44 -0300] "GET /cormun/servlet/solicitudot?INS,0,0, HTTP/1.1" 200 13434
186.103.159.189 - - [09/Mar/2018:12:29:47 -0300] "GET /cormun/servlet/prfichaempleado?,MD,,gxPopupLevel%3D0%3B HTTP/1.1" 200 9331
186.79.37.232 - - [09/Mar/2018:12:29:54 -0300] "GET /cormun/servlet/solicitudotadjuntos?bd2a5dfe37d75bbff472bc607de743b764c05a405d4ed4c363fd4960fe7a73f6,gx-no-cache=1520605748740 HTTP/1.1" 200 30
186.79.37.232 - - [09/Mar/2018:12:29:55 -0300] "GET /cormun/servlet/solicitudotadjuntos?bd2a5dfe37d75bbff472bc607de743b764c05a405d4ed4c363fd4960fe7a73f6,gx-no-cache=1520605748874 HTTP/1.1" 200 30
186.103.159.189 - - [09/Mar/2018:12:29:56 -0300] "POST /cormun/servlet/prfichaempleado?47e32af93345601ae9eb0c92cf28735c,,MD,,gxPopupLevel%3D0%3B,gx-no-cache=1520609349215 HTTP/1.1" 200 3415
192.168.10.62 - - [09/Mar/2018:12:30:07 -0300] "GET /cormun/servlet/vesolicitudgral?2018,9899,, HTTP/1.1" 200 8420
192.168.10.62 - - [09/Mar/2018:12:30:07 -0300] "GET /cormun/pexe_scrolldiv.js HTTP/1.1" 404 1009
192.168.10.62 - - [09/Mar/2018:12:30:07 -0300] "GET /cormun/pexe_scrolldiv.js HTTP/1.1" 404 1009
192.168.10.62 - - [09/Mar/2018:12:30:08 -0300] "GET /cormun/servlet/vesolicitudgral?2018,9899,, HTTP/1.1" 200 8420
192.168.10.62 - - [09/Mar/2018:12:30:10 -0300] "POST /cormun/servlet/vesolicitudgral?a3e59ce9ed21efa75bd259e76228584e,2018,9899,,,gx-no-cache=1520609248127 HTTP/1.1" 200 115
192.168.10.62 - - [09/Mar/2018:12:30:10 -0300] "GET /cormun/servlet/solicitudotlog?INS,2018,9899,0,REC, HTTP/1.1" 200 5676
192.168.10.62 - - [09/Mar/2018:12:30:10 -0300] "GET /cormun/servlet/solicitudotlog?INS,2018,9899,0,REC, HTTP/1.1" 200 5671
192.168.10.62 - - [09/Mar/2018:12:30:10 -0300] "GET /cormun/servlet/solicitudotlog?1fd6da274e2641201cc62dad3faecf3d1113afdc1d550956612f096b106513c07cc3ce5a9420a099c067c5b45b18d533692313b4381bc19dd17756ffd9c2661fd65df905819ffcb18884402c26d36971b7238c59dbcf2838458a06f1d06ebb72c16cafe8f4d5d5570b90e9c81809df1c1f16944224bc4c0db12ec789c67e3ea2c5d6371e9846d755a56c05766ab79d30980fc836db8f046b7ae64aa4a6540e3b,gx-no-cache=1520609249013 HTTP/1.1" 200 94
192.168.10.62 - - [09/Mar/2018:12:30:19 -0300] "POST /cormun/servlet/solicitudotlog?a3e59ce9ed21efa75bd259e76228584e,INS,2018,9899,0,REC,,gx-no-cache=1520609257804 HTTP/1.1" 200 93
192.168.10.62 - - [09/Mar/2018:12:30:19 -0300] "GET /cormun/servlet/hpexe_return? HTTP/1.1" 200 1027
192.168.10.62 - - [09/Mar/2018:12:30:19 -0300] "GET /cormun/servlet/vesolicitudgral?2018,9899,, HTTP/1.1" 200 8435
192.168.10.62 - - [09/Mar/2018:12:30:20 -0300] "GET /cormun/pexe_scrolldiv.js HTTP/1.1" 404 1009
192.168.10.62 - - [09/Mar/2018:12:30:20 -0300] "GET /cormun/pexe_scrolldiv.js HTTP/1.1" 404 1009
192.168.10.62 - - [09/Mar/2018:12:30:20 -0300] "GET /cormun/servlet/vesolicitudgral?2018,9899,, HTTP/1.1" 200 8431
186.103.196.84 - - [09/Mar/2018:12:30:45 -0300] "GET /cormun/servlet/solicitudotadjuntos?a9964e3e40c2dc518aa990fcc8f8409c5058ed16c630e6d368e3db9025b90dce,gx-no-cache=1520609394417 HTTP/1.1" 200 30
192.168.10.96 - - [09/Mar/2018:12:30:45 -0300] "POST /cormun/servlet/trsolicitudgral?baa97f5760a2686d33af3eae4fc46923,,gx-no-cache=1520609283115 HTTP/1.1" 200 7906
186.103.196.84 - - [09/Mar/2018:12:30:45 -0300] "GET /cormun/servlet/solicitudotadjuntos?a9964e3e40c2dc518aa990fcc8f8409c5058ed16c630e6d368e3db9025b90dce,gx-no-cache=1520609394863 HTTP/1.1" 200 30
186.79.37.232 - - [09/Mar/2018:12:30:53 -0300] "POST /cormun/servlet/solicitudotadjuntos?64c7a7460a4f8854ca6e5638dfca8d6c,INS,2018,10370,,1, HTTP/1.1" 200 116
186.79.37.232 - - [09/Mar/2018:12:30:53 -0300] "GET /cormun/servlet/hpexe_return? HTTP/1.1" 200 1024
186.79.37.232 - - [09/Mar/2018:12:30:54 -0300] "GET /cormun/servlet/trsolicitudadjuntos?2018,10370, HTTP/1.1" 200 8701
186.79.37.232 - - [09/Mar/2018:12:30:55 -0300] "GET /cormun/servlet/trsolicitudadjuntos?2018,10370, HTTP/1.1" 200 8700
186.103.159.189 - - [09/Mar/2018:12:31:03 -0300] "POST /cormun/servlet/solicitudot?gx-no-cache=1520609415631 HTTP/1.1" 200 3409
186.103.159.189 - - [09/Mar/2018:12:31:05 -0300] "POST /cormun/servlet/solicitudot?47e32af93345601ae9eb0c92cf28735c,INS,0,0,,gx-no-cache=1520609417218 HTTP/1.1" 200 10386
186.103.159.182 - - [09/Mar/2018:12:31:10 -0300] "POST /cormun/servlet/trsolicitudot?cccc230fee2aa2cfa52370b99d13e2b2,,gx-no-cache=1520609365841 HTTP/1.1" 200 5862
186.103.196.84 - - [09/Mar/2018:12:31:18 -0300] "POST /cormun/servlet/solicitudotadjuntos?02a88c073cf73cba9b5e34c694f3c51a,INS,2018,10367,,1, HTTP/1.1" 200 116
186.103.196.84 - - [09/Mar/2018:12:31:18 -0300] "GET /cormun/servlet/hpexe_return? HTTP/1.1" 200 1024
186.103.196.84 - - [09/Mar/2018:12:31:18 -0300] "GET /cormun/servlet/trsolicitudadjuntos?2018,10367, HTTP/1.1" 200 9517
186.103.196.84 - - [09/Mar/2018:12:31:19 -0300] "GET /cormun/servlet/trsolicitudadjuntos?2018,10367, HTTP/1.1" 200 9515
190.151.124.170 - - [09/Mar/2018:12:31:31 -0300] "GET /cormun/servlet/solicitudotadjuntos?INS,2018,10367,,1, HTTP/1.1" 200 6242
190.151.124.170 - - [09/Mar/2018:12:31:31 -0300] "GET /cormun/static/about:blank HTTP/1.1" 404 1011
190.151.124.170 - - [09/Mar/2018:12:31:31 -0300] "GET /cormun/servlet/solicitudotadjuntos?INS,2018,10367,,1, HTTP/1.1" 200 6236
186.103.196.84 - - [09/Mar/2018:12:31:31 -0300] "GET /cormun/servlet/solicitudotadjuntos?a9964e3e40c2dc518aa990fcc8f8409cf9e687d67f449c318b0c3c83c4634fd731b27fdebcafb983032d595dcf37ba51,gx-no-cache=1520609441529 HTTP/1.1" 200 30
186.103.196.84 - - [09/Mar/2018:12:31:32 -0300] "POST /cormun/servlet/solicitudotadjuntos?02a88c073cf73cba9b5e34c694f3c51a,INS,2018,10367,,1,,gx-no-cache=1520609441623 HTTP/1.1" 200 3984
186.103.196.84 - - [09/Mar/2018:12:31:37 -0300] "POST /cormun/servlet/solicitudotadjuntos?gx-no-cache=1520609447016 HTTP/1.1" 200 26
186.103.159.189 - - [09/Mar/2018:12:31:37 -0300] "GET /cormun/servlet/solicitudot?34f1ec7c3bbf323b84dfd8f216dc97abfc4413fd55a2e08e53ecbafa15deee9be657bff961eb8cc1ef550ae668dac07d,gx-no-cache=1520609450907 HTTP/1.1" 200 30
186.103.159.189 - - [09/Mar/2018:12:31:37 -0300] "GET /cormun/servlet/solicitudot?34f1ec7c3bbf323b84dfd8f216dc97abf5f763ba90f58715be2fae96e4317b9887bd3f5e6a5332871b21cbc1c880e6ca6d38238a791d9d9099cca3ad67aa71cd,gx-no-cache=1520609451070 HTTP/1.1" 200 30
186.103.159.189 - - [09/Mar/2018:12:31:38 -0300] "GET /cormun/servlet/solicitudot?34f1ec7c3bbf323b84dfd8f216dc97ab9421ad440e3eb57e23d497def160cb89,gx-no-cache=1520609451151 HTTP/1.1" 200 45
186.103.159.189 - - [09/Mar/2018:12:31:38 -0300] "POST /cormun/servlet/solicitudot?gx-no-cache=1520609451245 HTTP/1.1" 200 255
186.103.159.189 - - [09/Mar/2018:12:31:38 -0300] "GET /cormun/servlet/solicitudot?34f1ec7c3bbf323b84dfd8f216dc97ab1b433d9e213692fe6bd0e7115e0a13faf45235abfe6d0b560d15b37e2bddc4e481a6b34b1ff1d5912c28e6aeb07e5989bd68dcc81a7d2935b5fdb91ecbe782a2dacf03b5548f8247a408b80dcd1bdbf43d98d6b31e95c5fc86adfc9cd3ed0854980f15885555e463a99c7ddd60c4e36c9f16ea9ab059ee5be102a9d28ba591bb8ec7b8323f5e6ef698d4c9ea93c5432af7f57509f46fd984368cddef4ce921b20a1f8040c291efc991c93cb290d5aa58aff77416256e5ad6f5144d29695303ceab7e468f2bfb0bc0242072d6630c5653c0f89ccfb8ebce22bdfb05e5645b2f1a1a27ae8061512928a6273a6693a264e89e1bf0d8795261ee68a5c89b3e8cc41bd26b73ef51edb98fabfa70a38d2eddfe8110194061da5d346bb69405ba265f67127cb3eb2ad2870290ecea2deb91377da1be157c88bdac7376f5864c8d3c16e88d6a41c61a112668c016bc55c495c5a7db8620fa89eebb53cf91e04577d370e1acbfbf49cfea79551881e3df5f583efc,gx-no-cache=1520609451387 HTTP/1.1" 200 30
186.103.159.189 - - [09/Mar/2018:12:31:42 -0300] "POST /cormun/servlet/solicitudot?gx-no-cache=1520609454954 HTTP/1.1" 200 30
186.103.159.189 - - [09/Mar/2018:12:31:46 -0300] "POST /cormun/servlet/solicitudot?gx-no-cache=1520609458771 HTTP/1.1" 200 1337
186.103.159.189 - - [09/Mar/2018:12:31:47 -0300] "POST /cormun/servlet/solicitudot?gx-no-cache=1520609459744 HTTP/1.1" 200 38
186.79.37.232 - - [09/Mar/2018:12:31:47 -0300] "GET /cormun/servlet/solicitudotadjuntos?INS,2018,10370,,1, HTTP/1.1" 200 6025
186.79.37.232 - - [09/Mar/2018:12:31:47 -0300] "GET /cormun/static/about:blank HTTP/1.1" 404 1011
186.79.37.232 - - [09/Mar/2018:12:31:47 -0300] "GET /cormun/servlet/solicitudotadjuntos?INS,2018,10370,,1, HTTP/1.1" 200 6019
186.79.37.232 - - [09/Mar/2018:12:31:48 -0300] "GET /cormun/servlet/solicitudotadjuntos?bd2a5dfe37d75bbff472bc607de743b78cffbc2735831d7e4ce727db6e9693fee7b63b2e859e0feb89a8570a7bd2b9c6,gx-no-cache=1520605861898 HTTP/1.1" 200 30
186.79.37.232 - - [09/Mar/2018:12:31:49 -0300] "POST /cormun/servlet/solicitudotadjuntos?64c7a7460a4f8854ca6e5638dfca8d6c,INS,2018,10370,,1,,gx-no-cache=1520605862130 HTTP/1.1" 200 3799
186.79.37.232 - - [09/Mar/2018:12:31:52 -0300] "POST /cormun/servlet/solicitudotadjuntos?gx-no-cache=1520605866007 HTTP/1.1" 200 26
186.103.159.182 - - [09/Mar/2018:12:31:53 -0300] "POST /cormun/servlet/trsolicitudot?cccc230fee2aa2cfa52370b99d13e2b2,,gx-no-cache=1520609408737 HTTP/1.1" 200 4475
186.79.37.232 - - [09/Mar/2018:12:32:03 -0300] "GET /cormun/servlet/solicitudotadjuntos?bd2a5dfe37d75bbff472bc607de743b764c05a405d4ed4c363fd4960fe7a73f6,gx-no-cache=1520605877568 HTTP/1.1" 200 30
186.79.37.232 - - [09/Mar/2018:12:32:03 -0300] "GET /cormun/servlet/solicitudotadjuntos?bd2a5dfe37d75bbff472bc607de743b764c05a405d4ed4c363fd4960fe7a73f6,gx-no-cache=1520605877696 HTTP/1.1" 200 30
186.103.159.182 - - [09/Mar/2018:12:32:06 -0300] "POST /cormun/servlet/trsolicitudot?cccc230fee2aa2cfa52370b99d13e2b2,,gx-no-cache=1520609420511 HTTP/1.1" 200 4474
186.103.159.189 - - [09/Mar/2018:12:32:07 -0300] "GET /cormun/servlet/solicitudot?34f1ec7c3bbf323b84dfd8f216dc97ab3cf3af9b678be4e953692465c714fde31a6a325bcc953c38e12c33898dbcd1c145c0e68fd3acd5ad52357e5e559dd58264ac0bb8e6da41f6812edf839da63d6fcff003a13253d4678f65a79454ab7778cb5caa92c1b7ab4fb89d1b53eefc0e6a8f6b79f64249a4befdf45db6034481cf2ea97da80a8cf564a601794f744faebbce16221759de8efa005b6deb850eb153,gx-no-cache=1520609480162 HTTP/1.1" 200 29
186.103.159.189 - - [09/Mar/2018:12:32:07 -0300] "POST /cormun/servlet/solicitudot?gx-no-cache=1520609480421 HTTP/1.1" 200 1321
186.103.159.189 - - [09/Mar/2018:12:32:08 -0300] "POST /cormun/servlet/solicitudot?gx-no-cache=1520609481052 HTTP/1.1" 200 1218
186.103.159.189 - - [09/Mar/2018:12:32:08 -0300] "GET /cormun/static/menuarrow.gif HTTP/1.1" 404 1015
186.103.159.189 - - [09/Mar/2018:12:32:11 -0300] "POST /cormun/servlet/solicitudot?gx-no-cache=1520609483397 HTTP/1.1" 200 1321
186.103.159.189 - - [09/Mar/2018:12:32:11 -0300] "POST /cormun/servlet/solicitudot?gx-no-cache=1520609484894 HTTP/1.1" 200 1218
186.103.159.189 - - [09/Mar/2018:12:32:12 -0300] "GET /cormun/servlet/solicitudot?34f1ec7c3bbf323b84dfd8f216dc97ab19adcde6d5e03c31a9b3fdf45b2ea416ba0fa7cb72f2ab0f90d2f161a9c3d524,gx-no-cache=1520609485267 HTTP/1.1" 200 30
186.103.159.182 - - [09/Mar/2018:12:32:12 -0300] "POST /cormun/servlet/trsolicitudot?cccc230fee2aa2cfa52370b99d13e2b2,,gx-no-cache=1520609428650 HTTP/1.1" 200 4474
186.103.159.189 - - [09/Mar/2018:12:32:17 -0300] "POST /cormun/servlet/solicitudot?gx-no-cache=1520609491013 HTTP/1.1" 200 30
186.103.159.182 - - [09/Mar/2018:12:32:18 -0300] "POST /cormun/servlet/trsolicitudot?cccc230fee2aa2cfa52370b99d13e2b2,,gx-no-cache=1520609433539 HTTP/1.1" 200 4475
186.103.159.182 - - [09/Mar/2018:12:32:23 -0300] "POST /cormun/servlet/trsolicitudot?cccc230fee2aa2cfa52370b99d13e2b2,,gx-no-cache=1520609439943 HTTP/1.1" 200 4473
186.103.196.84 - - [09/Mar/2018:12:32:56 -0300] "GET /cormun/servlet/solicitudotadjuntos?a9964e3e40c2dc518aa990fcc8f8409c5058ed16c630e6d368e3db9025b90dce,gx-no-cache=1520609526193 HTTP/1.1" 200 30
186.103.196.84 - - [09/Mar/2018:12:32:56 -0300] "GET /cormun/servlet/solicitudotadjuntos?a9964e3e40c2dc518aa990fcc8f8409c5058ed16c630e6d368e3db9025b90dce,gx-no-cache=1520609526360 HTTP/1.1" 200 30
186.79.37.232 - - [09/Mar/2018:12:33:06 -0300] "POST /cormun/servlet/solicitudotadjuntos?64c7a7460a4f8854ca6e5638dfca8d6c,INS,2018,10370,,1, HTTP/1.1" 200 6739
186.79.37.232 - - [09/Mar/2018:12:33:49 -0300] "POST /cormun/servlet/solicitudotadjuntos?gx-no-cache=1520605983364 HTTP/1.1" 200 26
186.103.196.84 - - [09/Mar/2018:12:33:49 -0300] "POST /cormun/servlet/solicitudotadjuntos?02a88c073cf73cba9b5e34c694f3c51a,INS,2018,10367,,1, HTTP/1.1" 200 116
186.103.196.84 - - [09/Mar/2018:12:33:49 -0300] "GET /cormun/servlet/hpexe_return? HTTP/1.1" 200 1024
186.103.196.84 - - [09/Mar/2018:12:33:50 -0300] "GET /cormun/servlet/trsolicitudadjuntos?2018,10367, HTTP/1.1" 200 9752
186.103.196.84 - - [09/Mar/2018:12:33:51 -0300] "GET /cormun/servlet/trsolicitudadjuntos?2018,10367, HTTP/1.1" 200 9752
186.79.37.232 - - [09/Mar/2018:12:33:54 -0300] "GET /cormun/servlet/solicitudotadjuntos?bd2a5dfe37d75bbff472bc607de743b764c05a405d4ed4c363fd4960fe7a73f6,gx-no-cache=1520605988651 HTTP/1.1" 200 30
186.79.37.232 - - [09/Mar/2018:12:33:54 -0300] "GET /cormun/servlet/solicitudotadjuntos?bd2a5dfe37d75bbff472bc607de743b764c05a405d4ed4c363fd4960fe7a73f6,gx-no-cache=1520605988767 HTTP/1.1" 200 30
186.67.84.236 - - [09/Mar/2018:12:34:00 -0300] "GET /cormun/servlet/trsolicitudot? HTTP/1.1" 200 9275
186.67.84.236 - - [09/Mar/2018:12:34:01 -0300] "GET /cormun/servlet/trsolicitudot? HTTP/1.1" 200 9269
186.103.159.182 - - [09/Mar/2018:12:34:11 -0300] "POST /cormun/servlet/trsolicitudot?cccc230fee2aa2cfa52370b99d13e2b2,,gx-no-cache=1520609530752 HTTP/1.1" 200 4479
186.103.159.189 - - [09/Mar/2018:12:34:14 -0300] "POST /cormun/servlet/solicitudot?47e32af93345601ae9eb0c92cf28735c,INS,0,0,,gx-no-cache=1520609606196 HTTP/1.1" 200 93
186.103.159.189 - - [09/Mar/2018:12:34:14 -0300] "GET /cormun/servlet/hpexe_return? HTTP/1.1" 200 1006
186.103.159.189 - - [09/Mar/2018:12:34:15 -0300] "GET /cormun/servlet/trsolicitudot HTTP/1.1" 200 8568
186.103.159.189 - - [09/Mar/2018:12:34:16 -0300] "GET /cormun/servlet/trsolicitudot HTTP/1.1" 200 8564
200.54.18.125 - - [09/Mar/2018:12:34:22 -0300] "POST /cormun/servlet/trsolicitudot?02a88c073cf73cba9b5e34c694f3c51a,,gx-no-cache=1520609604933 HTTP/1.1" 200 5873
190.151.124.170 - - [09/Mar/2018:12:34:23 -0300] "GET /cormun/static/Shared/jqueryui/images/ui-bg_flat_55_fafafa_40x100.png HTTP/1.1" 404 1097
186.67.84.236 - - [09/Mar/2018:12:34:23 -0300] "GET /cormun/static/Shared/jqueryui/images/ui-icons_8d78a5_256x240.png HTTP/1.1" 404 1089
186.67.84.236 - - [09/Mar/2018:12:34:23 -0300] "GET /cormun/static/Shared/jqueryui/images/ui-icons_82798d_256x240.png HTTP/1.1" 404 1089
200.54.18.125 - - [09/Mar/2018:12:34:23 -0300] "GET /cormun/static/Shared/jqueryui/images/ui-bg_highlight-soft_100_c6c2c8_1x100.png HTTP/1.1" 404 1117
190.151.99.26 - - [09/Mar/2018:12:34:23 -0300] "POST /cormun/servlet/trsolicitudot?02a88c073cf73cba9b5e34c694f3c51a,,gx-no-cache=1520609613040 HTTP/1.1" 200 5817
186.103.159.189 - - [09/Mar/2018:12:34:35 -0300] "GET /cormun/servlet/hlogin HTTP/1.1" 200 1724
200.54.18.125 - - [09/Mar/2018:12:34:37 -0300] "POST /cormun/servlet/trsolicitudot?02a88c073cf73cba9b5e34c694f3c51a,,gx-no-cache=1520609623482 HTTP/1.1" 200 6350
186.103.159.189 - - [09/Mar/2018:12:34:41 -0300] "GET /cormun/servlet/hlogin HTTP/1.1" 200 1735
200.54.18.125 - - [09/Mar/2018:12:34:47 -0300] "POST /cormun/servlet/trsolicitudot?02a88c073cf73cba9b5e34c694f3c51a,,gx-no-cache=1520609635588 HTTP/1.1" 200 6328
186.79.37.232 - - [09/Mar/2018:12:34:50 -0300] "POST /cormun/servlet/solicitudotadjuntos?64c7a7460a4f8854ca6e5638dfca8d6c,INS,2018,10370,,1, HTTP/1.1" 200 116
186.79.37.232 - - [09/Mar/2018:12:34:51 -0300] "GET /cormun/servlet/hpexe_return? HTTP/1.1" 200 1024
186.79.37.232 - - [09/Mar/2018:12:34:51 -0300] "GET /cormun/servlet/trsolicitudadjuntos?2018,10370, HTTP/1.1" 200 8883
186.79.37.232 - - [09/Mar/2018:12:34:52 -0300] "GET /cormun/servlet/trsolicitudadjuntos?2018,10370, HTTP/1.1" 200 8879
186.103.159.189 - - [09/Mar/2018:12:34:56 -0300] "POST /cormun/servlet/hlogin?63e63926bb274522718da85b480c7555,gx-no-cache=1520613245099 HTTP/1.1" 200 90
186.103.159.189 - - [09/Mar/2018:12:34:56 -0300] "GET /cormun/servlet/hpexe_link HTTP/1.1" 200 954
186.103.159.189 - - [09/Mar/2018:12:34:57 -0300] "GET /cormun/servlet/hhome HTTP/1.1" 200 3986
200.54.18.125 - - [09/Mar/2018:12:34:57 -0300] "POST /cormun/servlet/trsolicitudot?02a88c073cf73cba9b5e34c694f3c51a,,gx-no-cache=1520609644202 HTTP/1.1" 200 6328
186.103.159.189 - - [09/Mar/2018:12:35:00 -0300] "GET /cormun/servlet/hhome HTTP/1.1" 200 3983
186.103.159.182 - - [09/Mar/2018:12:35:29 -0300] "POST /cormun/servlet/trsolicitudot?cccc230fee2aa2cfa52370b99d13e2b2,,gx-no-cache=1520609625478 HTTP/1.1" 200 4476
192.168.10.96 - - [09/Mar/2018:12:35:30 -0300] "POST /cormun/servlet/trsolicitudgral?baa97f5760a2686d33af3eae4fc46923,,gx-no-cache=1520609568715 HTTP/1.1" 200 7977
186.103.159.182 - - [09/Mar/2018:12:35:33 -0300] "POST /cormun/servlet/trsolicitudot?cccc230fee2aa2cfa52370b99d13e2b2,,gx-no-cache=1520609629365 HTTP/1.1" 200 4478
186.103.159.182 - - [09/Mar/2018:12:35:39 -0300] "POST /cormun/servlet/trsolicitudot?cccc230fee2aa2cfa52370b99d13e2b2,,gx-no-cache=1520609633400 HTTP/1.1" 200 4477
186.103.159.182 - - [09/Mar/2018:12:35:44 -0300] "POST /cormun/servlet/trsolicitudot?cccc230fee2aa2cfa52370b99d13e2b2,,gx-no-cache=1520609640711 HTTP/1.1" 200 4479
186.103.159.182 - - [09/Mar/2018:12:35:49 -0300] "POST /cormun/servlet/trsolicitudot?cccc230fee2aa2cfa52370b99d13e2b2,,gx-no-cache=1520609645759 HTTP/1.1" 200 5861
186.103.159.189 - - [09/Mar/2018:12:36:15 -0300] "GET /cormun/servlet/trvisualizadoreventos? HTTP/1.1" 200 6714
186.103.159.189 - - [09/Mar/2018:12:36:18 -0300] "GET /cormun/servlet/trvisualizadoreventos? HTTP/1.1" 200 6714
186.103.159.189 - - [09/Mar/2018:12:36:28 -0300] "GET /cormun/servlet/trcontratoobservacion? HTTP/1.1" 200 8406
186.103.159.189 - - [09/Mar/2018:12:36:28 -0300] "GET /cormun/static/gxcfg.js?2017525126861 HTTP/1.1" 200 953
186.103.159.189 - - [09/Mar/2018:12:36:29 -0300] "GET /cormun/servlet/trcontratoobservacion? HTTP/1.1" 200 8405
186.103.159.189 - - [09/Mar/2018:12:36:47 -0300] "GET /cormun/servlet/trvisualizadoreventos? HTTP/1.1" 200 6714
186.103.159.189 - - [09/Mar/2018:12:36:49 -0300] "GET /cormun/servlet/trvisualizadoreventos? HTTP/1.1" 200 6714
186.103.159.182 - - [09/Mar/2018:12:36:57 -0300] "POST /cormun/servlet/trsolicitudot?cccc230fee2aa2cfa52370b99d13e2b2,,gx-no-cache=1520609712611 HTTP/1.1" 200 5865
186.103.159.189 - - [09/Mar/2018:12:36:58 -0300] "POST /cormun/servlet/trvisualizadoreventos?63e63926bb274522718da85b480c7555,,gx-no-cache=1520613366001 HTTP/1.1" 200 3934
192.168.10.56 - - [09/Mar/2018:12:37:00 -0300] "POST /cormun/servlet/hlogin?a68c72c6df29d4286cbeadbda1a3a0c1,gx-no-cache=1520609658874 HTTP/1.1" 440 972
192.168.10.56 - - [09/Mar/2018:12:37:02 -0300] "GET /cormun/servlet/hlogin HTTP/1.1" 200 1725
192.168.10.56 - - [09/Mar/2018:12:37:03 -0300] "POST /cormun/servlet/hlogin?ccc195d5727ec1c110e48cbb3dae8dcf,gx-no-cache=1520609661569 HTTP/1.1" 200 90
192.168.10.56 - - [09/Mar/2018:12:37:03 -0300] "GET /cormun/servlet/hpexe_link HTTP/1.1" 200 945
192.168.10.56 - - [09/Mar/2018:12:37:03 -0300] "GET /cormun/servlet/hhome HTTP/1.1" 200 4479
192.168.10.56 - - [09/Mar/2018:12:37:04 -0300] "GET /cormun/servlet/hhome HTTP/1.1" 200 4475
192.168.10.56 - - [09/Mar/2018:12:37:10 -0300] "GET /cormun/servlet/trsolicitudgral? HTTP/1.1" 200 28030
192.168.10.56 - - [09/Mar/2018:12:37:12 -0300] "GET /cormun/servlet/trsolicitudgral? HTTP/1.1" 200 28028
186.103.159.189 - - [09/Mar/2018:12:37:13 -0300] "GET /cormun/servlet/trsolicitudot? HTTP/1.1" 200 8567
186.103.159.189 - - [09/Mar/2018:12:37:15 -0300] "GET /cormun/servlet/trsolicitudot? HTTP/1.1" 200 8567
186.103.156.166 - - [09/Mar/2018:12:37:17 -0300] "GET /cormun/servlet/hlogin HTTP/1.1" 200 1721
186.103.159.189 - - [09/Mar/2018:12:37:23 -0300] "POST /cormun/servlet/trsolicitudot?63e63926bb274522718da85b480c7555,,gx-no-cache=1520613390839 HTTP/1.1" 200 107
186.103.159.189 - - [09/Mar/2018:12:37:24 -0300] "GET /cormun/servlet/trsolicitudadjuntos?2018,10371, HTTP/1.1" 200 6084
186.103.159.189 - - [09/Mar/2018:12:37:26 -0300] "GET /cormun/servlet/trsolicitudadjuntos?2018,10371, HTTP/1.1" 200 6084
186.103.156.166 - - [09/Mar/2018:12:37:31 -0300] "POST /cormun/servlet/hlogin?e512d9d86e22a06e181874815cd8b337,gx-no-cache=1520609809701 HTTP/1.1" 200 90
186.103.159.189 - - [09/Mar/2018:12:37:31 -0300] "GET /cormun/servlet/solicitudotadjuntos?INS,2018,10371,,1, HTTP/1.1" 200 6031
186.103.156.166 - - [09/Mar/2018:12:37:31 -0300] "GET /cormun/servlet/hpexe_link HTTP/1.1" 200 953
186.103.159.189 - - [09/Mar/2018:12:37:32 -0300] "GET /cormun/static/about:blank HTTP/1.1" 404 1011
186.103.156.166 - - [09/Mar/2018:12:37:33 -0300] "GET /cormun/servlet/hhome HTTP/1.1" 200 4180
186.103.159.189 - - [09/Mar/2018:12:37:33 -0300] "GET /cormun/servlet/solicitudotadjuntos?INS,2018,10371,,1, HTTP/1.1" 200 6025
186.103.156.166 - - [09/Mar/2018:12:37:36 -0300] "GET /cormun/servlet/trsolicitudot? HTTP/1.1" 200 8760
186.103.156.166 - - [09/Mar/2018:12:37:37 -0300] "GET /cormun/servlet/trsolicitudot? HTTP/1.1" 200 8758
186.103.159.189 - - [09/Mar/2018:12:37:43 -0300] "GET /cormun/servlet/solicitudotadjuntos?20287745b4574f457ec0f29ad41df15d13c1016dd57e327d231f2142b8cb5572a1ce8aec79cf91e403c84232d6a7f66c,gx-no-cache=1520613402994 HTTP/1.1" 200 30
186.103.159.182 - - [09/Mar/2018:12:37:43 -0300] "POST /cormun/servlet/trsolicitudot?cccc230fee2aa2cfa52370b99d13e2b2,,gx-no-cache=1520609759810 HTTP/1.1" 200 4476
186.103.159.189 - - [09/Mar/2018:12:37:45 -0300] "POST /cormun/servlet/solicitudotadjuntos?63e63926bb274522718da85b480c7555,INS,2018,10371,,1,,gx-no-cache=1520613412521 HTTP/1.1" 200 3828
186.103.159.182 - - [09/Mar/2018:12:37:49 -0300] "POST /cormun/servlet/trsolicitudot?cccc230fee2aa2cfa52370b99d13e2b2,,gx-no-cache=1520609765432 HTTP/1.1" 200 4478
186.103.159.182 - - [09/Mar/2018:12:38:02 -0300] "POST /cormun/servlet/trsolicitudot?cccc230fee2aa2cfa52370b99d13e2b2,,gx-no-cache=1520609774143 HTTP/1.1" 200 4477
192.168.10.56 - - [09/Mar/2018:12:38:15 -0300] "GET /cormun/static/menuarrow.gif HTTP/1.1" 404 1015
186.103.156.166 - - [09/Mar/2018:12:38:22 -0300] "POST /cormun/servlet/trsolicitudot?e512d9d86e22a06e181874815cd8b337,,gx-no-cache=1520609836150 HTTP/1.1" 200 4672
186.103.156.166 - - [09/Mar/2018:12:38:22 -0300] "GET /cormun/static/Shared/jqueryui/images/ui-bg_highlight-soft_100_c6c2c8_1x100.png HTTP/1.1" 404 1117
186.103.156.166 - - [09/Mar/2018:12:38:23 -0300] "GET /cormun/static/Shared/jqueryui/images/ui-icons_8d78a5_256x240.png HTTP/1.1" 404 1089
186.103.156.166 - - [09/Mar/2018:12:38:23 -0300] "GET /cormun/static/Shared/jqueryui/images/ui-icons_82798d_256x240.png HTTP/1.1" 404 1089
192.168.10.56 - - [09/Mar/2018:12:38:25 -0300] "POST /cormun/servlet/trsolicitudgral?ccc195d5727ec1c110e48cbb3dae8dcf,,gx-no-cache=1520609743181 HTTP/1.1" 200 11638
186.103.156.166 - - [09/Mar/2018:12:38:25 -0300] "GET /cormun/static/Shared/jqueryui/images/ui-bg_flat_55_fafafa_40x100.png HTTP/1.1" 404 1097
186.103.159.182 - - [09/Mar/2018:12:38:26 -0300] "POST /cormun/servlet/trsolicitudot?cccc230fee2aa2cfa52370b99d13e2b2,,gx-no-cache=1520609785840 HTTP/1.1" 200 4476
186.103.159.182 - - [09/Mar/2018:12:38:40 -0300] "POST /cormun/servlet/trsolicitudot?cccc230fee2aa2cfa52370b99d13e2b2,,gx-no-cache=1520609809002 HTTP/1.1" 200 5852
186.103.156.166 - - [09/Mar/2018:12:38:50 -0300] "POST /cormun/servlet/trsolicitudot?e512d9d86e22a06e181874815cd8b337,,gx-no-cache=1520609860746 HTTP/1.1" 200 4448
186.103.156.166 - - [09/Mar/2018:12:38:54 -0300] "GET /cormun/servlet/trautorizarsolicitud? HTTP/1.1" 200 8653
186.103.156.166 - - [09/Mar/2018:12:38:57 -0300] "GET /cormun/servlet/trautorizarsolicitud? HTTP/1.1" 200 8653
186.79.37.232 - - [09/Mar/2018:12:39:00 -0300] "GET /cormun/servlet/solicitudotadjuntos?INS,2018,10370,,1, HTTP/1.1" 200 6025
192.168.10.56 - - [09/Mar/2018:12:39:00 -0300] "POST /cormun/servlet/trsolicitudgral?ccc195d5727ec1c110e48cbb3dae8dcf,,gx-no-cache=1520609778559 HTTP/1.1" 200 11263
192.168.10.56 - - [09/Mar/2018:12:39:00 -0300] "GET /cormun/static/Shared/jqueryui/images/ui-bg_highlight-soft_100_c6c2c8_1x100.png HTTP/1.1" 404 1117
192.168.10.56 - - [09/Mar/2018:12:39:00 -0300] "GET /cormun/static/Shared/jqueryui/images/ui-icons_82798d_256x240.png HTTP/1.1" 404 1089
192.168.10.56 - - [09/Mar/2018:12:39:00 -0300] "GET /cormun/static/Shared/jqueryui/images/ui-icons_8d78a5_256x240.png HTTP/1.1" 404 1089
192.168.10.56 - - [09/Mar/2018:12:39:00 -0300] "GET /cormun/static/Shared/jqueryui/images/ui-bg_flat_55_fafafa_40x100.png HTTP/1.1" 404 1097
186.79.37.232 - - [09/Mar/2018:12:39:00 -0300] "GET /cormun/static/about:blank HTTP/1.1" 404 1011
186.79.37.232 - - [09/Mar/2018:12:39:01 -0300] "GET /cormun/servlet/solicitudotadjuntos?INS,2018,10370,,1, HTTP/1.1" 200 6019
186.79.37.232 - - [09/Mar/2018:12:39:01 -0300] "GET /cormun/servlet/solicitudotadjuntos?bd2a5dfe37d75bbff472bc607de743b78cffbc2735831d7e4ce727db6e9693fee7b63b2e859e0feb89a8570a7bd2b9c6,gx-no-cache=1520606295341 HTTP/1.1" 200 30
186.103.157.235 - - [09/Mar/2018:12:39:01 -0300] "GET /cormun/servlet/trsolicitudot? HTTP/1.1" 200 7442
186.103.157.235 - - [09/Mar/2018:12:39:02 -0300] "GET /cormun/servlet/trsolicitudot? HTTP/1.1" 200 7442
186.79.37.232 - - [09/Mar/2018:12:39:02 -0300] "POST /cormun/servlet/solicitudotadjuntos?64c7a7460a4f8854ca6e5638dfca8d6c,INS,2018,10370,,1,,gx-no-cache=1520606295759 HTTP/1.1" 200 3798
186.103.156.166 - - [09/Mar/2018:12:39:04 -0300] "POST /cormun/servlet/trautorizarsolicitud?e512d9d86e22a06e181874815cd8b337,,gx-no-cache=1520609902697 HTTP/1.1" 200 4607
186.103.156.166 - - [09/Mar/2018:12:39:05 -0300] "GET /cormun/static/Shared/jqueryui/images/ui-icons_82798d_256x240.png HTTP/1.1" 404 1089
186.103.156.166 - - [09/Mar/2018:12:39:05 -0300] "GET /cormun/static/Shared/jqueryui/images/ui-bg_highlight-soft_100_c6c2c8_1x100.png HTTP/1.1" 404 1117
186.103.156.166 - - [09/Mar/2018:12:39:05 -0300] "GET /cormun/static/Shared/jqueryui/images/ui-bg_flat_55_fafafa_40x100.png HTTP/1.1" 404 1097
186.103.156.166 - - [09/Mar/2018:12:39:05 -0300] "POST /cormun/servlet/trautorizarsolicitud?e512d9d86e22a06e181874815cd8b337,,gx-no-cache=1520609903215 HTTP/1.1" 200 4386
186.103.156.166 - - [09/Mar/2018:12:39:05 -0300] "GET /cormun/static/Shared/jqueryui/images/ui-icons_8d78a5_256x240.png HTTP/1.1" 404 1089
186.79.37.232 - - [09/Mar/2018:12:39:15 -0300] "POST /cormun/servlet/solicitudotadjuntos?gx-no-cache=1520606308996 HTTP/1.1" 200 26
186.103.157.235 - - [09/Mar/2018:12:39:16 -0300] "GET /cormun/servlet/trvisualizadoreventos? HTTP/1.1" 200 6991
186.103.157.235 - - [09/Mar/2018:12:39:16 -0300] "GET /cormun/static/gxcfg.js?20175251251426 HTTP/1.1" 304 -
186.103.157.235 - - [09/Mar/2018:12:39:16 -0300] "GET /cormun/servlet/trvisualizadoreventos? HTTP/1.1" 200 6991
186.103.157.235 - - [09/Mar/2018:12:39:22 -0300] "GET /cormun/static/menuarrow.gif HTTP/1.1" 404 1015
186.79.37.232 - - [09/Mar/2018:12:39:23 -0300] "GET /cormun/servlet/solicitudotadjuntos?bd2a5dfe37d75bbff472bc607de743b764c05a405d4ed4c363fd4960fe7a73f6,gx-no-cache=1520606316771 HTTP/1.1" 200 30
186.79.37.232 - - [09/Mar/2018:12:39:23 -0300] "GET /cormun/servlet/solicitudotadjuntos?bd2a5dfe37d75bbff472bc607de743b764c05a405d4ed4c363fd4960fe7a73f6,gx-no-cache=1520606317175 HTTP/1.1" 200 30
186.103.159.189 - - [09/Mar/2018:12:39:23 -0300] "POST /cormun/servlet/trsolicitudot?47e32af93345601ae9eb0c92cf28735c,gx-no-cache=1520609916300 HTTP/1.1" 200 107
186.103.159.189 - - [09/Mar/2018:12:39:23 -0300] "GET /cormun/servlet/trsolicitudadjuntos?2018,10371, HTTP/1.1" 200 6081
186.103.159.189 - - [09/Mar/2018:12:39:24 -0300] "GET /cormun/static/gxcfg.js?20177612135366 HTTP/1.1" 304 -
186.103.159.189 - - [09/Mar/2018:12:39:25 -0300] "GET /cormun/servlet/trsolicitudadjuntos?2018,10371, HTTP/1.1" 200 6081
192.168.10.56 - - [09/Mar/2018:12:39:27 -0300] "POST /cormun/servlet/trsolicitudgral?ccc195d5727ec1c110e48cbb3dae8dcf,,gx-no-cache=1520609804956 HTTP/1.1" 200 24074
192.168.10.56 - - [09/Mar/2018:12:39:43 -0300] "POST /cormun/servlet/trsolicitudgral?ccc195d5727ec1c110e48cbb3dae8dcf,,gx-no-cache=1520609820967 HTTP/1.1" 200 5929
186.103.159.189 - - [09/Mar/2018:12:39:48 -0300] "GET /cormun/servlet/trsolicitudot? HTTP/1.1" 200 8570
186.103.157.235 - - [09/Mar/2018:12:39:49 -0300] "POST /cormun/servlet/trvisualizadoreventos?f9938ca6ef835d37dfc11191a53b2b76,,gx-no-cache=1520609922055 HTTP/1.1" 200 4142
186.103.159.189 - - [09/Mar/2018:12:39:50 -0300] "GET /cormun/servlet/trsolicitudot? HTTP/1.1" 200 8564
186.103.159.182 - - [09/Mar/2018:12:39:51 -0300] "POST /cormun/servlet/trsolicitudot?cccc230fee2aa2cfa52370b99d13e2b2,,gx-no-cache=1520609879997 HTTP/1.1" 200 4475
192.168.10.56 - - [09/Mar/2018:12:39:53 -0300] "POST /cormun/servlet/trsolicitudgral?ccc195d5727ec1c110e48cbb3dae8dcf,,gx-no-cache=1520609831675 HTTP/1.1" 200 7298
186.103.159.182 - - [09/Mar/2018:12:39:59 -0300] "POST /cormun/servlet/trsolicitudot?cccc230fee2aa2cfa52370b99d13e2b2,,gx-no-cache=1520609894176 HTTP/1.1" 200 5885
186.103.159.189 - - [09/Mar/2018:12:39:59 -0300] "POST /cormun/servlet/solicitudotadjuntos?gx-no-cache=1520613547033 HTTP/1.1" 200 26
186.103.157.235 - - [09/Mar/2018:12:40:04 -0300] "POST /cormun/servlet/trvisualizadoreventos?f9938ca6ef835d37dfc11191a53b2b76,,gx-no-cache=1520609952193 HTTP/1.1" 200 4144
192.168.10.62 - - [09/Mar/2018:12:40:10 -0300] "POST /cormun/servlet/vesolicitudgral?a3e59ce9ed21efa75bd259e76228584e,2018,9899,,,gx-no-cache=1520609848483 HTTP/1.1" 200 90
192.168.10.62 - - [09/Mar/2018:12:40:10 -0300] "GET /cormun/servlet/hpexe_link HTTP/1.1" 200 967
192.168.10.62 - - [09/Mar/2018:12:40:10 -0300] "GET /cormun/servlet/trsolicitudgral HTTP/1.1" 200 10993
192.168.10.62 - - [09/Mar/2018:12:40:11 -0300] "GET /cormun/servlet/trsolicitudgral HTTP/1.1" 200 10992
186.79.37.232 - - [09/Mar/2018:12:40:21 -0300] "POST /cormun/servlet/solicitudotadjuntos?64c7a7460a4f8854ca6e5638dfca8d6c,INS,2018,10370,,1, HTTP/1.1" 200 6099
186.79.37.232 - - [09/Mar/2018:12:40:21 -0300] "GET /cormun/static/Shared/jqueryui/images/ui-icons_82798d_256x240.png HTTP/1.1" 404 1089
186.79.37.232 - - [09/Mar/2018:12:40:21 -0300] "GET /cormun/static/Shared/jqueryui/images/ui-bg_flat_55_994d53_40x100.png HTTP/1.1" 404 1097
186.79.37.232 - - [09/Mar/2018:12:40:21 -0300] "GET /cormun/static/Shared/jqueryui/images/ui-icons_ebccce_256x240.png HTTP/1.1" 404 1089
186.79.37.232 - - [09/Mar/2018:12:40:22 -0300] "GET /cormun/static/Shared/jqueryui/images/ui-bg_highlight-soft_100_c6c2c8_1x100.png HTTP/1.1" 404 1117
186.79.37.232 - - [09/Mar/2018:12:40:22 -0300] "GET /home/sistema/apache-tomcat-7.0.65/webapps/cormun/PrivateTempStorage/upload_00008373.pdf HTTP/1.1" 404 1135
186.103.156.166 - - [09/Mar/2018:12:40:22 -0300] "GET /cormun/servlet/trsolicitudot? HTTP/1.1" 200 7396
186.103.156.166 - - [09/Mar/2018:12:40:23 -0300] "GET /cormun/servlet/trsolicitudot? HTTP/1.1" 200 7395
186.79.37.232 - - [09/Mar/2018:12:40:23 -0300] "GET /cormun/PrivateTempStorage/upload_00008373.pdf HTTP/1.1" 200 880887
186.103.156.166 - - [09/Mar/2018:12:40:26 -0300] "GET /cormun/servlet/solicitudot?INS,0,0, HTTP/1.1" 200 13610
186.103.156.166 - - [09/Mar/2018:12:40:26 -0300] "GET /cormun/servlet/solicitudot?INS,0,0, HTTP/1.1" 200 13615
186.103.159.189 - - [09/Mar/2018:12:40:31 -0300] "GET /cormun/servlet/solicitudotadjuntos?20287745b4574f457ec0f29ad41df15d9d5cb269725a3553e223747e8f0dff99,gx-no-cache=1520613579469 HTTP/1.1" 200 30
186.103.159.189 - - [09/Mar/2018:12:40:32 -0300] "GET /cormun/servlet/solicitudotadjuntos?20287745b4574f457ec0f29ad41df15d9d5cb269725a3553e223747e8f0dff99,gx-no-cache=1520613579907 HTTP/1.1" 200 30
186.79.37.232 - - [09/Mar/2018:12:40:51 -0300] "GET /cormun/servlet/solicitudotadjuntos?bd2a5dfe37d75bbff472bc607de743b7cba20c832c640f98a3539e2161177b16c8da231a089edd8b0271cd811cb00505,gx-no-cache=1520606405170 HTTP/1.1" 200 30
186.79.37.232 - - [09/Mar/2018:12:40:51 -0300] "GET /cormun/servlet/solicitudotadjuntos?bd2a5dfe37d75bbff472bc607de743b776e3e7e895bb2596705c250296cd232cc8da231a089edd8b0271cd811cb00505,gx-no-cache=1520606405392 HTTP/1.1" 200 30
186.103.159.182 - - [09/Mar/2018:12:40:57 -0300] "POST /cormun/servlet/trsolicitudot?cccc230fee2aa2cfa52370b99d13e2b2,,gx-no-cache=1520609953812 HTTP/1.1" 200 4479
186.103.159.189 - - [09/Mar/2018:12:41:02 -0300] "POST /cormun/servlet/solicitudotadjuntos?63e63926bb274522718da85b480c7555,INS,2018,10371,,1, HTTP/1.1" 200 116
186.103.159.189 - - [09/Mar/2018:12:41:03 -0300] "GET /cormun/servlet/hpexe_return? HTTP/1.1" 200 1031
186.103.159.189 - - [09/Mar/2018:12:41:04 -0300] "GET /cormun/servlet/trsolicitudadjuntos?2018,10371, HTTP/1.1" 200 8503
