152.231.70.146 - - [09/Mar/2018:11:20:32 -0300] "GET /cormun/servlet/solicitudotadjuntos?a9964e3e40c2dc518aa990fcc8f8409c5058ed16c630e6d368e3db9025b90dce,gx-no-cache=1520605182359 HTTP/1.1" 200 30
152.231.70.146 - - [09/Mar/2018:11:20:33 -0300] "GET /cormun/servlet/solicitudotadjuntos?a9964e3e40c2dc518aa990fcc8f8409c5058ed16c630e6d368e3db9025b90dce,gx-no-cache=1520605182844 HTTP/1.1" 200 30
152.231.70.146 - - [09/Mar/2018:11:20:59 -0300] "POST /cormun/servlet/solicitudotadjuntos?02a88c073cf73cba9b5e34c694f3c51a,INS,2018,10349,,1, HTTP/1.1" 200 116
152.231.70.146 - - [09/Mar/2018:11:21:00 -0300] "GET /cormun/servlet/hpexe_return? HTTP/1.1" 200 1024
152.231.70.146 - - [09/Mar/2018:11:21:01 -0300] "GET /cormun/servlet/trsolicitudadjuntos?2018,10349, HTTP/1.1" 200 8933
152.231.70.146 - - [09/Mar/2018:11:21:02 -0300] "GET /cormun/servlet/trsolicitudadjuntos?2018,10349, HTTP/1.1" 200 8933
186.103.156.166 - - [09/Mar/2018:11:21:12 -0300] "POST /cormun/servlet/solicitudotadjuntos?c569064d6f1225a316cd183517ec5db4,INS,2018,10353,,1, HTTP/1.1" 200 7062
186.103.159.44 - - [09/Mar/2018:11:21:17 -0300] "POST /cormun/servlet/solicitudot?gx-no-cache=1520605228140 HTTP/1.1" 200 30
190.151.124.170 - - [09/Mar/2018:11:21:22 -0300] "GET /cormun/servlet/solicitudotadjuntos?INS,2018,10349,,1, HTTP/1.1" 200 6241
190.151.124.170 - - [09/Mar/2018:11:21:22 -0300] "GET /cormun/static/about:blank HTTP/1.1" 404 1011
190.151.124.170 - - [09/Mar/2018:11:21:22 -0300] "GET /cormun/servlet/solicitudotadjuntos?INS,2018,10349,,1, HTTP/1.1" 200 6235
190.151.124.170 - - [09/Mar/2018:11:21:23 -0300] "GET /cormun/servlet/solicitudotadjuntos?a9964e3e40c2dc518aa990fcc8f8409ccdd0aee96d3950c29b69422180701654d5231b37b4e0943a05311be49dbcc8be,gx-no-cache=1520605232836 HTTP/1.1" 200 30
190.151.124.170 - - [09/Mar/2018:11:21:24 -0300] "POST /cormun/servlet/solicitudotadjuntos?02a88c073cf73cba9b5e34c694f3c51a,INS,2018,10349,,1,,gx-no-cache=1520605232927 HTTP/1.1" 200 4016
190.151.124.170 - - [09/Mar/2018:11:21:28 -0300] "POST /cormun/servlet/solicitudotadjuntos?gx-no-cache=1520605238255 HTTP/1.1" 200 26
186.103.159.44 - - [09/Mar/2018:11:21:30 -0300] "POST /cormun/servlet/solicitudot?gx-no-cache=1520605238000 HTTP/1.1" 200 1333
186.103.159.44 - - [09/Mar/2018:11:21:31 -0300] "POST /cormun/servlet/solicitudot?gx-no-cache=1520605241192 HTTP/1.1" 200 38
186.103.159.44 - - [09/Mar/2018:11:22:04 -0300] "POST /cormun/servlet/solicitudot?gx-no-cache=1520605273027 HTTP/1.1" 200 1317
186.103.159.44 - - [09/Mar/2018:11:22:05 -0300] "POST /cormun/servlet/solicitudot?gx-no-cache=1520605275581 HTTP/1.1" 200 1215
186.103.196.90 - - [09/Mar/2018:11:22:14 -0300] "GET /cormun/servlet/solicitudotadjuntos?a9964e3e40c2dc518aa990fcc8f8409c5058ed16c630e6d368e3db9025b90dce,gx-no-cache=1520605283855 HTTP/1.1" 200 30
186.103.196.90 - - [09/Mar/2018:11:22:14 -0300] "GET /cormun/servlet/solicitudotadjuntos?a9964e3e40c2dc518aa990fcc8f8409c5058ed16c630e6d368e3db9025b90dce,gx-no-cache=1520605284282 HTTP/1.1" 200 30
186.103.159.44 - - [09/Mar/2018:11:22:19 -0300] "GET /cormun/static/menuarrow.gif HTTP/1.1" 404 1015
186.103.159.44 - - [09/Mar/2018:11:22:22 -0300] "GET /cormun/servlet/solicitudot?b94eb08952ab7f2ac0178fb18f52d73f96fefa1d734f2f05ac5a0e238589abdfad80e316420ae25487fb84815832dfc8,gx-no-cache=1520605293345 HTTP/1.1" 200 30
186.103.159.44 - - [09/Mar/2018:11:22:29 -0300] "POST /cormun/servlet/solicitudot?gx-no-cache=1520605300154 HTTP/1.1" 200 30
186.103.156.166 - - [09/Mar/2018:11:22:30 -0300] "POST /cormun/servlet/solicitudotadjuntos?c569064d6f1225a316cd183517ec5db4,INS,2018,10353,,1, HTTP/1.1" 200 116
186.103.156.166 - - [09/Mar/2018:11:22:30 -0300] "GET /cormun/servlet/hpexe_return? HTTP/1.1" 200 1028
186.103.156.166 - - [09/Mar/2018:11:22:31 -0300] "GET /cormun/servlet/trsolicitudadjuntos?2018,10353, HTTP/1.1" 200 9790
186.103.156.166 - - [09/Mar/2018:11:22:33 -0300] "GET /cormun/servlet/trsolicitudadjuntos?2018,10353, HTTP/1.1" 200 9791
186.103.159.182 - - [09/Mar/2018:11:22:48 -0300] "GET /cormun/servlet/trvisualizadoreventos? HTTP/1.1" 200 7028
186.103.159.182 - - [09/Mar/2018:11:22:50 -0300] "GET /cormun/servlet/trvisualizadoreventos? HTTP/1.1" 200 7027
186.103.156.166 - - [09/Mar/2018:11:22:56 -0300] "POST /cormun/servlet/acontrolpreferencessavestate?None,EBLANCO,true HTTP/1.1" 200 35
186.103.156.166 - - [09/Mar/2018:11:22:56 -0300] "POST /cormun/servlet/acontrolpreferencessavestate?None,EBLANCO,true HTTP/1.1" 200 35
186.103.196.90 - - [09/Mar/2018:11:22:57 -0300] "POST /cormun/servlet/solicitudotadjuntos?02a88c073cf73cba9b5e34c694f3c51a,INS,2018,10349,,1, HTTP/1.1" 200 7098
186.103.159.182 - - [09/Mar/2018:11:23:03 -0300] "GET /cormun/servlet/trautorizarsolicitud? HTTP/1.1" 200 7354
186.103.159.182 - - [09/Mar/2018:11:23:04 -0300] "GET /cormun/servlet/trautorizarsolicitud? HTTP/1.1" 200 7353
186.103.156.166 - - [09/Mar/2018:11:23:11 -0300] "GET /cormun/servlet/trvisualizadoreventos? HTTP/1.1" 200 6946
186.103.156.166 - - [09/Mar/2018:11:23:11 -0300] "GET /cormun/servlet/trvisualizadoreventos? HTTP/1.1" 200 6932
186.103.156.166 - - [09/Mar/2018:11:23:15 -0300] "GET /cormun/servlet/trautorizarsolicitud? HTTP/1.1" 200 9108
186.103.156.166 - - [09/Mar/2018:11:23:16 -0300] "GET /cormun/servlet/trautorizarsolicitud? HTTP/1.1" 200 9107
186.103.159.182 - - [09/Mar/2018:11:23:22 -0300] "GET /cormun/static/menuarrow.gif HTTP/1.1" 404 1015
190.151.99.26 - - [09/Mar/2018:11:23:29 -0300] "POST /cormun/servlet/solicitudotadjuntos?gx-no-cache=1520605359150 HTTP/1.1" 200 26
186.103.156.166 - - [09/Mar/2018:11:23:46 -0300] "GET /cormun/servlet/treventos?2018,10187, HTTP/1.1" 200 7903
186.103.156.166 - - [09/Mar/2018:11:23:46 -0300] "GET /cormun/servlet/treventos?2018,10187, HTTP/1.1" 200 7902
186.103.159.44 - - [09/Mar/2018:11:23:49 -0300] "GET /cormun/servlet/solicitudot?b94eb08952ab7f2ac0178fb18f52d73fe4ae4eea36616ec8fb34b378ac3fcc8637898f9fa75b2e6922b9c5efdb89ae5b,gx-no-cache=1520605380338 HTTP/1.1" 200 30
186.103.159.182 - - [09/Mar/2018:11:23:53 -0300] "POST /cormun/servlet/trautorizarsolicitud?cccc230fee2aa2cfa52370b99d13e2b2,,gx-no-cache=1520605329947 HTTP/1.1" 200 4410
186.103.159.182 - - [09/Mar/2018:11:24:00 -0300] "POST /cormun/servlet/trautorizarsolicitud?cccc230fee2aa2cfa52370b99d13e2b2,,gx-no-cache=1520605336326 HTTP/1.1" 200 4410
186.103.159.182 - - [09/Mar/2018:11:24:09 -0300] "POST /cormun/servlet/trautorizarsolicitud?cccc230fee2aa2cfa52370b99d13e2b2,,gx-no-cache=1520605344321 HTTP/1.1" 200 4412
186.103.159.44 - - [09/Mar/2018:11:24:09 -0300] "POST /cormun/servlet/solicitudot?gx-no-cache=1520605399871 HTTP/1.1" 200 30
186.103.159.44 - - [09/Mar/2018:11:24:09 -0300] "POST /cormun/servlet/solicitudot?gx-no-cache=1520605400364 HTTP/1.1" 200 1333
186.103.159.44 - - [09/Mar/2018:11:24:11 -0300] "POST /cormun/servlet/solicitudot?gx-no-cache=1520605400574 HTTP/1.1" 200 41
186.103.159.44 - - [09/Mar/2018:11:24:12 -0300] "POST /cormun/servlet/solicitudot?gx-no-cache=1520605402952 HTTP/1.1" 200 1318
186.103.159.44 - - [09/Mar/2018:11:24:12 -0300] "POST /cormun/servlet/solicitudot?gx-no-cache=1520605403332 HTTP/1.1" 200 1218
186.103.159.44 - - [09/Mar/2018:11:24:12 -0300] "GET /cormun/servlet/solicitudot?b94eb08952ab7f2ac0178fb18f52d73f96fefa1d734f2f05ac5a0e238589abdfad80e316420ae25487fb84815832dfc8,gx-no-cache=1520605403528 HTTP/1.1" 200 30
186.103.159.44 - - [09/Mar/2018:11:24:13 -0300] "POST /cormun/servlet/solicitudot?gx-no-cache=1520605403604 HTTP/1.1" 200 30
186.103.159.44 - - [09/Mar/2018:11:24:14 -0300] "POST /cormun/servlet/solicitudot?bf84d91d044434df6ab0f99c889d34bd,INS,0,0,,gx-no-cache=1520605404461 HTTP/1.1" 200 93
186.103.159.44 - - [09/Mar/2018:11:24:15 -0300] "GET /cormun/servlet/hpexe_return? HTTP/1.1" 200 1008
186.103.159.44 - - [09/Mar/2018:11:24:15 -0300] "GET /cormun/servlet/trsolicitudot HTTP/1.1" 200 9507
186.103.159.182 - - [09/Mar/2018:11:24:15 -0300] "GET /cormun/servlet/trcontratounov2? HTTP/1.1" 200 18055
186.103.159.182 - - [09/Mar/2018:11:24:17 -0300] "GET /cormun/servlet/trcontratounov2? HTTP/1.1" 200 18059
186.103.159.44 - - [09/Mar/2018:11:24:21 -0300] "GET /cormun/servlet/trautorizarsolicitud? HTTP/1.1" 200 7269
186.103.159.44 - - [09/Mar/2018:11:24:21 -0300] "GET /cormun/static/gxcfg.js?2017111423403364 HTTP/1.1" 200 953
186.103.159.44 - - [09/Mar/2018:11:24:22 -0300] "GET /cormun/static/trautorizarsolicitud.js?201711142340425 HTTP/1.1" 200 53910
186.103.159.44 - - [09/Mar/2018:11:24:27 -0300] "GET /cormun/servlet/trautorizarsolicitud? HTTP/1.1" 200 7269
186.103.159.182 - - [09/Mar/2018:11:24:33 -0300] "POST /cormun/servlet/trcontratounov2?cccc230fee2aa2cfa52370b99d13e2b2,,gx-no-cache=1520605367700 HTTP/1.1" 200 6426
186.103.159.44 - - [09/Mar/2018:11:24:37 -0300] "GET /cormun/servlet/trsolicitudot? HTTP/1.1" 200 9503
186.103.196.90 - - [09/Mar/2018:11:24:37 -0300] "GET /cormun/servlet/solicitudotadjuntos?a9964e3e40c2dc518aa990fcc8f8409c5058ed16c630e6d368e3db9025b90dce,gx-no-cache=1520605427294 HTTP/1.1" 200 30
186.103.196.90 - - [09/Mar/2018:11:24:38 -0300] "GET /cormun/servlet/solicitudotadjuntos?a9964e3e40c2dc518aa990fcc8f8409c5058ed16c630e6d368e3db9025b90dce,gx-no-cache=1520605427503 HTTP/1.1" 200 30
186.103.156.166 - - [09/Mar/2018:11:24:40 -0300] "GET /cormun/servlet/trautorizarsolicitud? HTTP/1.1" 200 9108
186.103.156.166 - - [09/Mar/2018:11:24:41 -0300] "GET /cormun/servlet/trautorizarsolicitud? HTTP/1.1" 200 9107
186.103.159.182 - - [09/Mar/2018:11:24:42 -0300] "GET /cormun/servlet/trsolicitudot? HTTP/1.1" 200 7491
186.103.159.182 - - [09/Mar/2018:11:24:43 -0300] "GET /cormun/servlet/trsolicitudot? HTTP/1.1" 200 7491
186.103.156.166 - - [09/Mar/2018:11:24:48 -0300] "POST /cormun/servlet/trautorizarsolicitud?c569064d6f1225a316cd183517ec5db4,,gx-no-cache=1520605445440 HTTP/1.1" 200 5749
186.103.156.166 - - [09/Mar/2018:11:24:49 -0300] "GET /cormun/static/Shared/jqueryui/images/ui-bg_highlight-soft_100_c6c2c8_1x100.png HTTP/1.1" 404 1117
186.103.156.166 - - [09/Mar/2018:11:24:49 -0300] "GET /cormun/static/Shared/jqueryui/images/ui-icons_82798d_256x240.png HTTP/1.1" 404 1089
186.103.156.166 - - [09/Mar/2018:11:24:49 -0300] "GET /cormun/static/Shared/jqueryui/images/ui-bg_flat_55_fafafa_40x100.png HTTP/1.1" 404 1097
186.103.156.166 - - [09/Mar/2018:11:24:49 -0300] "GET /cormun/static/Shared/jqueryui/images/ui-icons_8d78a5_256x240.png HTTP/1.1" 404 1089
186.103.159.182 - - [09/Mar/2018:11:24:49 -0300] "POST /cormun/servlet/trsolicitudot?cccc230fee2aa2cfa52370b99d13e2b2,,gx-no-cache=1520605385150 HTTP/1.1" 200 103
186.103.159.182 - - [09/Mar/2018:11:24:49 -0300] "GET /cormun/SolicitudOT-9678.xls HTTP/1.1" 200 4608
186.103.156.166 - - [09/Mar/2018:11:24:49 -0300] "POST /cormun/servlet/trautorizarsolicitud?c569064d6f1225a316cd183517ec5db4,,gx-no-cache=1520605446982 HTTP/1.1" 200 5696
186.103.156.166 - - [09/Mar/2018:11:25:04 -0300] "GET /cormun/servlet/treventos?2018,10154, HTTP/1.1" 200 7902
186.103.156.166 - - [09/Mar/2018:11:25:05 -0300] "GET /cormun/servlet/treventos?2018,10154, HTTP/1.1" 200 7901
186.103.159.44 - - [09/Mar/2018:11:25:06 -0300] "POST /cormun/servlet/trsolicitudot?bf84d91d044434df6ab0f99c889d34bd,,gx-no-cache=1520605456336 HTTP/1.1" 200 6283
186.103.159.44 - - [09/Mar/2018:11:25:07 -0300] "POST /cormun/servlet/trsolicitudot?bf84d91d044434df6ab0f99c889d34bd,,gx-no-cache=1520605458165 HTTP/1.1" 200 6225
186.103.159.44 - - [09/Mar/2018:11:25:08 -0300] "GET /cormun/static/Shared/jqueryui/images/ui-bg_highlight-soft_100_c6c2c8_1x100.png HTTP/1.1" 404 1117
186.103.159.44 - - [09/Mar/2018:11:25:08 -0300] "GET /cormun/static/Shared/jqueryui/images/ui-bg_flat_55_fafafa_40x100.png HTTP/1.1" 404 1097
186.103.159.44 - - [09/Mar/2018:11:25:08 -0300] "GET /cormun/static/Shared/jqueryui/images/ui-icons_82798d_256x240.png HTTP/1.1" 404 1089
186.103.159.44 - - [09/Mar/2018:11:25:08 -0300] "GET /cormun/static/Shared/jqueryui/images/ui-icons_8d78a5_256x240.png HTTP/1.1" 404 1089
186.103.156.166 - - [09/Mar/2018:11:25:10 -0300] "GET /cormun/servlet/trautorizarsolicitud? HTTP/1.1" 200 8613
186.103.156.166 - - [09/Mar/2018:11:25:10 -0300] "GET /cormun/servlet/trautorizarsolicitud? HTTP/1.1" 200 8613
186.103.159.44 - - [09/Mar/2018:11:25:11 -0300] "POST /cormun/servlet/trsolicitudot?bf84d91d044434df6ab0f99c889d34bd,,gx-no-cache=1520605460267 HTTP/1.1" 200 5906
186.103.196.90 - - [09/Mar/2018:11:25:12 -0300] "POST /cormun/servlet/solicitudotadjuntos?02a88c073cf73cba9b5e34c694f3c51a,INS,2018,10349,,1, HTTP/1.1" 200 7098
186.103.159.44 - - [09/Mar/2018:11:25:13 -0300] "POST /cormun/servlet/trsolicitudot?bf84d91d044434df6ab0f99c889d34bd,,gx-no-cache=1520605462991 HTTP/1.1" 200 5850
186.67.84.236 - - [09/Mar/2018:11:25:13 -0300] "GET /cormun/servlet/hlogin HTTP/1.1" 200 1722
186.103.159.44 - - [09/Mar/2018:11:25:15 -0300] "POST /cormun/servlet/trsolicitudot?bf84d91d044434df6ab0f99c889d34bd,,gx-no-cache=1520605465346 HTTP/1.1" 200 4685
186.67.84.236 - - [09/Mar/2018:11:25:15 -0300] "POST /cormun/servlet/hlogin?02a88c073cf73cba9b5e34c694f3c51a,gx-no-cache=1520605465488 HTTP/1.1" 200 90
186.67.84.236 - - [09/Mar/2018:11:25:16 -0300] "GET /cormun/servlet/hpexe_link HTTP/1.1" 200 977
186.67.84.236 - - [09/Mar/2018:11:25:16 -0300] "GET /cormun/servlet/solicitudotadjuntos?INS,2018,10349,,1, HTTP/1.1" 200 6238
190.151.124.170 - - [09/Mar/2018:11:25:16 -0300] "GET /cormun/static/about:blank HTTP/1.1" 404 1011
186.103.159.44 - - [09/Mar/2018:11:25:16 -0300] "POST /cormun/servlet/trsolicitudot?bf84d91d044434df6ab0f99c889d34bd,,gx-no-cache=1520605466501 HTTP/1.1" 200 4453
186.67.84.236 - - [09/Mar/2018:11:25:17 -0300] "GET /cormun/servlet/solicitudotadjuntos?INS,2018,10349,,1, HTTP/1.1" 200 6236
190.151.124.170 - - [09/Mar/2018:11:25:17 -0300] "GET /cormun/servlet/solicitudotadjuntos?a9964e3e40c2dc518aa990fcc8f8409ccdd0aee96d3950c29b69422180701654d5231b37b4e0943a05311be49dbcc8be,gx-no-cache=1520605467367 HTTP/1.1" 200 30
190.151.124.170 - - [09/Mar/2018:11:25:19 -0300] "POST /cormun/servlet/solicitudotadjuntos?02a88c073cf73cba9b5e34c694f3c51a,INS,2018,10349,,1,,gx-no-cache=1520605467501 HTTP/1.1" 200 4007
186.103.156.166 - - [09/Mar/2018:11:25:19 -0300] "POST /cormun/servlet/trautorizarsolicitud?c569064d6f1225a316cd183517ec5db4,,gx-no-cache=1520605474839 HTTP/1.1" 200 4594
186.103.156.166 - - [09/Mar/2018:11:25:19 -0300] "GET /cormun/static/Shared/jqueryui/images/ui-bg_highlight-soft_100_c6c2c8_1x100.png HTTP/1.1" 404 1117
186.103.156.166 - - [09/Mar/2018:11:25:19 -0300] "GET /cormun/static/Shared/jqueryui/images/ui-icons_8d78a5_256x240.png HTTP/1.1" 404 1089
186.103.159.182 - - [09/Mar/2018:11:25:20 -0300] "GET /cormun/servlet/solicitudot?INS,0,0, HTTP/1.1" 200 13688
186.103.156.166 - - [09/Mar/2018:11:25:20 -0300] "GET /cormun/static/Shared/jqueryui/images/ui-icons_82798d_256x240.png HTTP/1.1" 404 1089
186.103.159.44 - - [09/Mar/2018:11:25:20 -0300] "GET /cormun/servlet/trautorizarsolicitud? HTTP/1.1" 200 9398
186.103.159.182 - - [09/Mar/2018:11:25:22 -0300] "GET /cormun/servlet/solicitudot?INS,0,0, HTTP/1.1" 200 13693
190.151.124.170 - - [09/Mar/2018:11:25:23 -0300] "POST /cormun/servlet/solicitudotadjuntos?gx-no-cache=1520605472710 HTTP/1.1" 200 26
186.103.156.166 - - [09/Mar/2018:11:25:24 -0300] "GET /cormun/static/Shared/jqueryui/images/ui-bg_flat_55_fafafa_40x100.png HTTP/1.1" 404 1097
186.103.156.166 - - [09/Mar/2018:11:25:24 -0300] "POST /cormun/servlet/trautorizarsolicitud?c569064d6f1225a316cd183517ec5db4,,gx-no-cache=1520605477675 HTTP/1.1" 200 4385
186.103.159.182 - - [09/Mar/2018:11:25:25 -0300] "GET /cormun/servlet/prfichaempleado?,MD,,gxPopupLevel%3D0%3B HTTP/1.1" 200 9419
190.151.124.170 - - [09/Mar/2018:11:25:30 -0300] "GET /cormun/servlet/solicitudotadjuntos?a9964e3e40c2dc518aa990fcc8f8409c5058ed16c630e6d368e3db9025b90dce,gx-no-cache=1520605480334 HTTP/1.1" 200 30
190.151.124.170 - - [09/Mar/2018:11:25:30 -0300] "GET /cormun/servlet/solicitudotadjuntos?a9964e3e40c2dc518aa990fcc8f8409c5058ed16c630e6d368e3db9025b90dce,gx-no-cache=1520605480413 HTTP/1.1" 200 30
186.103.159.182 - - [09/Mar/2018:11:25:42 -0300] "POST /cormun/servlet/prfichaempleado?cccc230fee2aa2cfa52370b99d13e2b2,,MD,,gxPopupLevel%3D0%3B,gx-no-cache=1520605433449 HTTP/1.1" 200 3406
186.67.172.234 - - [09/Mar/2018:11:25:48 -0300] "GET /cormun/servlet/hlogin HTTP/1.1" 200 1721
186.103.159.44 - - [09/Mar/2018:11:25:48 -0300] "POST /cormun/servlet/trautorizarsolicitud?bf84d91d044434df6ab0f99c889d34bd,,gx-no-cache=1520605497975 HTTP/1.1" 200 6209
186.103.159.44 - - [09/Mar/2018:11:25:49 -0300] "POST /cormun/servlet/trautorizarsolicitud?bf84d91d044434df6ab0f99c889d34bd,,gx-no-cache=1520605499706 HTTP/1.1" 200 6151
186.103.159.44 - - [09/Mar/2018:11:25:49 -0300] "GET /cormun/static/Shared/jqueryui/images/ui-icons_82798d_256x240.png HTTP/1.1" 404 1089
186.103.159.44 - - [09/Mar/2018:11:25:49 -0300] "GET /cormun/static/Shared/jqueryui/images/ui-bg_highlight-soft_100_c6c2c8_1x100.png HTTP/1.1" 404 1117
186.103.159.44 - - [09/Mar/2018:11:25:49 -0300] "GET /cormun/static/Shared/jqueryui/images/ui-bg_flat_55_fafafa_40x100.png HTTP/1.1" 404 1097
186.103.159.44 - - [09/Mar/2018:11:25:49 -0300] "GET /cormun/static/Shared/jqueryui/images/ui-icons_8d78a5_256x240.png HTTP/1.1" 404 1089
186.103.159.44 - - [09/Mar/2018:11:25:54 -0300] "POST /cormun/servlet/trautorizarsolicitud?bf84d91d044434df6ab0f99c889d34bd,,gx-no-cache=1520605501764 HTTP/1.1" 200 5828
186.103.159.44 - - [09/Mar/2018:11:26:00 -0300] "POST /cormun/servlet/trautorizarsolicitud?bf84d91d044434df6ab0f99c889d34bd,,gx-no-cache=1520605506119 HTTP/1.1" 200 5773
186.103.159.182 - - [09/Mar/2018:11:26:01 -0300] "POST /cormun/servlet/solicitudot?gx-no-cache=1520605456528 HTTP/1.1" 200 3363
190.151.124.170 - - [09/Mar/2018:11:26:02 -0300] "POST /cormun/servlet/solicitudotadjuntos?02a88c073cf73cba9b5e34c694f3c51a,INS,2018,10349,,1, HTTP/1.1" 200 116
190.151.124.170 - - [09/Mar/2018:11:26:03 -0300] "GET /cormun/servlet/hpexe_return? HTTP/1.1" 200 1024
186.103.159.182 - - [09/Mar/2018:11:26:03 -0300] "POST /cormun/servlet/solicitudot?cccc230fee2aa2cfa52370b99d13e2b2,INS,0,0,,gx-no-cache=1520605457874 HTTP/1.1" 200 10523
190.151.124.170 - - [09/Mar/2018:11:26:03 -0300] "GET /cormun/servlet/trsolicitudadjuntos?2018,10349, HTTP/1.1" 200 9104
186.103.159.182 - - [09/Mar/2018:11:26:04 -0300] "GET /cormun/servlet/solicitudot?8f1812e50a459df106e6868d65086d6c635ac878409d40bb9848e54de8d6019f95b5d088abdfdb13be2e398c5a3212b2,gx-no-cache=1520605460723 HTTP/1.1" 200 30
190.151.124.170 - - [09/Mar/2018:11:26:04 -0300] "GET /cormun/servlet/trsolicitudadjuntos?2018,10349, HTTP/1.1" 200 9102
186.103.159.44 - - [09/Mar/2018:11:26:13 -0300] "POST /cormun/servlet/trautorizarsolicitud?bf84d91d044434df6ab0f99c889d34bd,,gx-no-cache=1520605523973 HTTP/1.1" 200 4617
186.103.159.182 - - [09/Mar/2018:11:26:13 -0300] "GET /cormun/servlet/solicitudot?8f1812e50a459df106e6868d65086d6cbcebf6629bf82e21d5b0993011e7aa9a,gx-no-cache=1520605470536 HTTP/1.1" 200 103
186.103.159.182 - - [09/Mar/2018:11:26:14 -0300] "GET /cormun/static/Shared/jqueryui/images/ui-bg_highlight-soft_100_c6c2c8_1x100.png HTTP/1.1" 404 1117
186.103.159.182 - - [09/Mar/2018:11:26:14 -0300] "GET /cormun/static/Shared/jqueryui/images/ui-icons_82798d_256x240.png HTTP/1.1" 404 1089
186.103.159.182 - - [09/Mar/2018:11:26:14 -0300] "GET /cormun/static/Shared/jqueryui/images/ui-bg_flat_55_994d53_40x100.png HTTP/1.1" 404 1097
186.103.159.182 - - [09/Mar/2018:11:26:14 -0300] "GET /cormun/static/Shared/jqueryui/images/ui-icons_ebccce_256x240.png HTTP/1.1" 404 1089
186.103.159.44 - - [09/Mar/2018:11:26:14 -0300] "POST /cormun/servlet/trautorizarsolicitud?bf84d91d044434df6ab0f99c889d34bd,,gx-no-cache=1520605525077 HTTP/1.1" 200 4386
186.103.159.182 - - [09/Mar/2018:11:26:14 -0300] "GET /cormun/servlet/solicitudot?8f1812e50a459df106e6868d65086d6c982792d58e44b3c64338edfec5f2eda0,gx-no-cache=1520605470787 HTTP/1.1" 200 53
186.103.159.182 - - [09/Mar/2018:11:26:14 -0300] "POST /cormun/servlet/solicitudot?gx-no-cache=1520605471231 HTTP/1.1" 200 255
186.103.159.182 - - [09/Mar/2018:11:26:15 -0300] "GET /cormun/servlet/solicitudot?8f1812e50a459df106e6868d65086d6c1e1806954b2a625f405cc02f521b790f50d7967cfcc9e08165751847b16172334cc4d3ff9f3c025309b2f4ab93c5f7326d1c9dedc1709ae1e7942b301ecbd5fee4d6ace7995ada529ccdad650600b432ab5eeb702d2b62eef04967803df1cbeef79e5b37ff55641af49047937e22325bbee506b6a55b436643dffdb38c78fbfefe2913e935acfd8dc51719625a235d6258dc3fab790274cd57fe00130255cb830a48184bf8a2e5e704beef8372a377d85e9c532dadb79db47dd0ed3963a1c8970470a5624e00247867503a783034c43a5fbfc624ff895512e65cc59cb0c8a97bf9220501710be6819036548f524758a2626305c36915ac0c20d0392b6b8e43031594335bef5be3a297ec69be14871aaeca53bb6d18efd9c1a4e744195cca955535c43d217990c09a19366c2885d3f257fa91ea2cb9ba94e33cf32664605c4dbb55d753ceee97927bbd7a068e525a4e0db33112859766e136518e28609763b6c3139cafc336003f73413d71b6102ecb48,gx-no-cache=1520605471369 HTTP/1.1" 200 30
186.103.159.182 - - [09/Mar/2018:11:26:16 -0300] "POST /cormun/servlet/solicitudot?gx-no-cache=1520605472538 HTTP/1.1" 200 30
186.103.159.182 - - [09/Mar/2018:11:26:16 -0300] "POST /cormun/servlet/solicitudot?gx-no-cache=1520605473040 HTTP/1.1" 200 1337
186.103.159.182 - - [09/Mar/2018:11:26:17 -0300] "POST /cormun/servlet/solicitudot?gx-no-cache=1520605473639 HTTP/1.1" 200 38
152.231.70.146 - - [09/Mar/2018:11:26:22 -0300] "GET /cormun/servlet/solicitudotadjuntos?INS,2018,10349,,1, HTTP/1.1" 200 6242
152.231.70.146 - - [09/Mar/2018:11:26:23 -0300] "GET /cormun/static/about:blank HTTP/1.1" 404 1011
152.231.70.146 - - [09/Mar/2018:11:26:23 -0300] "GET /cormun/servlet/solicitudotadjuntos?INS,2018,10349,,1, HTTP/1.1" 200 6236
186.67.84.236 - - [09/Mar/2018:11:26:23 -0300] "GET /cormun/servlet/solicitudotadjuntos?a9964e3e40c2dc518aa990fcc8f8409ccdd0aee96d3950c29b69422180701654d5231b37b4e0943a05311be49dbcc8be,gx-no-cache=1520605533495 HTTP/1.1" 200 30
186.67.84.236 - - [09/Mar/2018:11:26:24 -0300] "POST /cormun/servlet/solicitudotadjuntos?02a88c073cf73cba9b5e34c694f3c51a,INS,2018,10349,,1,,gx-no-cache=1520605533602 HTTP/1.1" 200 4017
186.67.84.236 - - [09/Mar/2018:11:26:27 -0300] "POST /cormun/servlet/solicitudotadjuntos?gx-no-cache=1520605537791 HTTP/1.1" 200 26
186.103.159.182 - - [09/Mar/2018:11:26:39 -0300] "GET /cormun/servlet/solicitudot?8f1812e50a459df106e6868d65086d6c691fe9216052eb220ed2588c6be1675aa2ebeb10aeddc72b42ce7e87f209c84a6dae84f891394eca0fcaeabdc24861b2,gx-no-cache=1520605495813 HTTP/1.1" 200 30
186.103.159.182 - - [09/Mar/2018:11:26:40 -0300] "POST /cormun/servlet/solicitudot?gx-no-cache=1520605495982 HTTP/1.1" 200 255
186.103.159.182 - - [09/Mar/2018:11:26:41 -0300] "GET /cormun/servlet/solicitudot?8f1812e50a459df106e6868d65086d6c1e1806954b2a625f405cc02f521b790f50d7967cfcc9e08165751847b16172334cc4d3ff9f3c025309b2f4ab93c5f7326d1c9dedc1709ae1e7942b301ecbd5fee4d6ace7995ada529ccdad650600b432ab5eeb702d2b62eef04967803df1cbeef79e5b37ff55641af49047937e22325bbee506b6a55b436643dffdb38c78fbfefe2913e935acfd8dc51719625a235d6258dc3fab790274cd57fe00130255cb830a48184bf8a2e5e704beef8372a377d85e9c532dadb79db47dd0ed3963a1c8970470a5624e00247867503a783034c43a5fbfc624ff895512e65cc59cb0c8a97bf9220501710be6819036548f524758a2626305c36915ac0c20d0392b6b8e43031594335bef5be3a297ec69be14871aaeca53bb6d18efd9c1a4e744195cca955535c43d217990c09a19366c2885d3f257fa91ea2cb9ba94e33cf32664605c4dbb55d753ceee97927bbd7a068e525a4e0db33112859766e136518e28609763b6c32163b2f597b20eeba5bf1b023b7719de,gx-no-cache=1520605496948 HTTP/1.1" 200 30
186.103.159.182 - - [09/Mar/2018:11:26:43 -0300] "POST /cormun/servlet/solicitudot?gx-no-cache=1520605499514 HTTP/1.1" 200 30
186.103.159.182 - - [09/Mar/2018:11:26:46 -0300] "GET /cormun/servlet/prcontratosol?8266126,,,,,MD,,gxPopupLevel%3D0%3B HTTP/1.1" 200 7777
186.103.159.182 - - [09/Mar/2018:11:27:01 -0300] "POST /cormun/servlet/solicitudot?gx-no-cache=1520605517878 HTTP/1.1" 200 1336
186.103.159.182 - - [09/Mar/2018:11:27:03 -0300] "POST /cormun/servlet/solicitudot?gx-no-cache=1520605518580 HTTP/1.1" 200 38
186.103.159.182 - - [09/Mar/2018:11:27:03 -0300] "GET /cormun/servlet/solicitudot?8f1812e50a459df106e6868d65086d6c0eeb3c7f56bba7fa60c6169b207863e5d9054d8dfbf9cecafa155f0532bc1b3b53fc68751123447f613f5ba310c415d9b1d08a050b348b02a605a0e73093ae3de5a2364564f1a97059e1525af77f36d5c8dcdbce6c5db5209f1b2bc9dd6d325e8902ce9220f04e81177ad44278f89b757c4164288a240406e03706afec5be01c122f78668027ee36f0bf555940fd5660,gx-no-cache=1520605519766 HTTP/1.1" 200 29
186.103.159.182 - - [09/Mar/2018:11:27:03 -0300] "POST /cormun/servlet/solicitudot?gx-no-cache=1520605519849 HTTP/1.1" 200 1318
186.103.159.182 - - [09/Mar/2018:11:27:03 -0300] "POST /cormun/servlet/solicitudot?gx-no-cache=1520605520107 HTTP/1.1" 200 1218
186.103.159.182 - - [09/Mar/2018:11:27:03 -0300] "GET /cormun/servlet/solicitudot?8f1812e50a459df106e6868d65086d6c792fe45f21eb7e7ebd6fb29b41aa832accdd127595d27c911e96428747e90e79,gx-no-cache=1520605520335 HTTP/1.1" 200 134
186.103.159.182 - - [09/Mar/2018:11:27:06 -0300] "GET /cormun/servlet/prsolicitudot?8266126,,,,,MD,,gxPopupLevel%3D0%3B HTTP/1.1" 200 5747
186.67.172.234 - - [09/Mar/2018:11:27:12 -0300] "GET /cormun/servlet/hlogin HTTP/1.1" 200 1716
186.103.159.182 - - [09/Mar/2018:11:27:13 -0300] "POST /cormun/servlet/prsolicitudot?cccc230fee2aa2cfa52370b99d13e2b2,8266126,,,,,MD,,gxPopupLevel%3D0%3B,gx-no-cache=1520605527384 HTTP/1.1" 200 3078
186.103.159.182 - - [09/Mar/2018:11:27:17 -0300] "GET /cormun/servlet/prpersonalsolicitud?8266126,,,,,MD,,gxPopupLevel%3D0%3B HTTP/1.1" 200 5753
186.103.159.182 - - [09/Mar/2018:11:27:21 -0300] "POST /cormun/servlet/prpersonalsolicitud?cccc230fee2aa2cfa52370b99d13e2b2,8266126,,,,,MD,,gxPopupLevel%3D0%3B,gx-no-cache=1520605537539 HTTP/1.1" 200 3077
186.67.172.234 - - [09/Mar/2018:11:27:40 -0300] "GET /cormun/servlet/hlogin HTTP/1.1" 200 1718
186.103.159.182 - - [09/Mar/2018:11:27:46 -0300] "POST /cormun/servlet/solicitudot?gx-no-cache=1520605562323 HTTP/1.1" 200 1318
186.103.159.182 - - [09/Mar/2018:11:27:46 -0300] "POST /cormun/servlet/solicitudot?gx-no-cache=1520605563493 HTTP/1.1" 200 1218
186.103.159.182 - - [09/Mar/2018:11:27:47 -0300] "GET /cormun/static/menuarrow.gif HTTP/1.1" 404 1015
186.103.159.182 - - [09/Mar/2018:11:27:48 -0300] "POST /cormun/servlet/solicitudot?gx-no-cache=1520605565256 HTTP/1.1" 200 1318
186.103.159.182 - - [09/Mar/2018:11:27:49 -0300] "POST /cormun/servlet/solicitudot?gx-no-cache=1520605565513 HTTP/1.1" 200 1218
186.103.196.84 - - [09/Mar/2018:11:27:51 -0300] "GET /cormun/servlet/solicitudotadjuntos?a9964e3e40c2dc518aa990fcc8f8409c5058ed16c630e6d368e3db9025b90dce,gx-no-cache=1520605620846 HTTP/1.1" 200 30
186.103.196.84 - - [09/Mar/2018:11:27:51 -0300] "GET /cormun/servlet/solicitudotadjuntos?a9964e3e40c2dc518aa990fcc8f8409c5058ed16c630e6d368e3db9025b90dce,gx-no-cache=1520605621308 HTTP/1.1" 200 30
186.103.159.182 - - [09/Mar/2018:11:27:56 -0300] "GET /cormun/servlet/solicitudot?8f1812e50a459df106e6868d65086d6c452c42bd04352bdd9f28f4d35b06810cce920a2af6091a9675410f32766d3526,gx-no-cache=1520605572378 HTTP/1.1" 200 30
186.67.172.234 - - [09/Mar/2018:11:28:04 -0300] "POST /cormun/servlet/hlogin?28079b569344086c9fe17c43dd67f367,gx-no-cache=1520605579049 HTTP/1.1" 200 90
186.67.172.234 - - [09/Mar/2018:11:28:04 -0300] "GET /cormun/servlet/hpexe_link HTTP/1.1" 200 945
186.67.172.234 - - [09/Mar/2018:11:28:05 -0300] "GET /cormun/servlet/hhome HTTP/1.1" 200 4222
186.103.196.84 - - [09/Mar/2018:11:28:05 -0300] "POST /cormun/servlet/solicitudotadjuntos?02a88c073cf73cba9b5e34c694f3c51a,INS,2018,10349,,1, HTTP/1.1" 200 116
186.103.196.84 - - [09/Mar/2018:11:28:05 -0300] "GET /cormun/servlet/hpexe_return? HTTP/1.1" 200 1024
186.103.196.84 - - [09/Mar/2018:11:28:06 -0300] "GET /cormun/servlet/trsolicitudadjuntos?2018,10349, HTTP/1.1" 200 9303
186.103.196.84 - - [09/Mar/2018:11:28:06 -0300] "GET /cormun/servlet/trsolicitudadjuntos?2018,10349, HTTP/1.1" 200 9302
186.67.172.234 - - [09/Mar/2018:11:28:07 -0300] "GET /cormun/servlet/hhome HTTP/1.1" 200 4218
186.103.159.182 - - [09/Mar/2018:11:28:11 -0300] "POST /cormun/servlet/solicitudot?gx-no-cache=1520605588047 HTTP/1.1" 200 33
186.67.172.234 - - [09/Mar/2018:11:28:12 -0300] "GET /cormun/servlet/trsolicitudot? HTTP/1.1" 200 7433
186.67.172.234 - - [09/Mar/2018:11:28:13 -0300] "GET /cormun/servlet/trsolicitudot? HTTP/1.1" 200 7432
186.67.172.234 - - [09/Mar/2018:11:28:21 -0300] "GET /cormun/servlet/solicitudot?INS,0,0, HTTP/1.1" 200 13658
186.67.172.234 - - [09/Mar/2018:11:28:36 -0300] "GET /cormun/servlet/solicitudot?INS,0,0, HTTP/1.1" 200 13658
152.231.70.146 - - [09/Mar/2018:11:28:41 -0300] "GET /cormun/servlet/solicitudotadjuntos?INS,2018,10349,,1, HTTP/1.1" 200 6242
190.151.124.170 - - [09/Mar/2018:11:28:42 -0300] "GET /cormun/servlet/solicitudotadjuntos?INS,2018,10349,,1, HTTP/1.1" 200 6236
186.103.159.182 - - [09/Mar/2018:11:28:43 -0300] "POST /cormun/servlet/solicitudot?gx-no-cache=1520605619858 HTTP/1.1" 200 256
152.231.70.146 - - [09/Mar/2018:11:28:43 -0300] "GET /cormun/static/about:blank HTTP/1.1" 404 1011
152.231.70.146 - - [09/Mar/2018:11:28:43 -0300] "GET /cormun/servlet/solicitudotadjuntos?a9964e3e40c2dc518aa990fcc8f8409ccdd0aee96d3950c29b69422180701654d5231b37b4e0943a05311be49dbcc8be,gx-no-cache=1520605672274 HTTP/1.1" 200 30
186.103.159.182 - - [09/Mar/2018:11:28:43 -0300] "GET /cormun/servlet/solicitudot?8f1812e50a459df106e6868d65086d6c1e1806954b2a625f405cc02f521b790f50d7967cfcc9e08165751847b16172334cc4d3ff9f3c025309b2f4ab93c5f7326d1c9dedc1709ae1e7942b301ecbd5fee4d6ace7995ada529ccdad650600b432ab5eeb702d2b62eef04967803df1cbeef79e5b37ff55641af49047937e22325bbee506b6a55b436643dffdb38c78fbfefe2913e935acfd8dc51719625a235d6258dc3fab790274cd57fe00130255cb830a48184bf8a2e5e704beef8372a377d85e9c532dadb79db47dd0ed3963a1c8970470a5624e00247867503a783034c43a5fbfc624ff895512e65cc59cb0c8a97bf9220501710be6819036548f524758a2626305c36915ac0c20d0392b6b8e43031594335bef5be3a297ec69be14871aaeca53bb6d18efd9c1a4e744195cca955535c43d217990c09a19366c2885d3f257fa91ea2cb9ba94e33cf32664605c4dbb55d753ceee97927bbd7a068e525a4e0db33112859766e136518e28609763b6c32163b2f597b20eeba5bf1b023b7719de,gx-no-cache=1520605620043 HTTP/1.1" 200 30
186.103.159.182 - - [09/Mar/2018:11:28:43 -0300] "POST /cormun/servlet/solicitudot?gx-no-cache=1520605620565 HTTP/1.1" 200 30
186.103.159.182 - - [09/Mar/2018:11:28:44 -0300] "POST /cormun/servlet/solicitudot?gx-no-cache=1520605620709 HTTP/1.1" 200 1336
186.103.159.182 - - [09/Mar/2018:11:28:44 -0300] "POST /cormun/servlet/solicitudot?gx-no-cache=1520605621010 HTTP/1.1" 200 41
152.231.70.146 - - [09/Mar/2018:11:28:44 -0300] "POST /cormun/servlet/solicitudotadjuntos?02a88c073cf73cba9b5e34c694f3c51a,INS,2018,10349,,1,,gx-no-cache=1520605673368 HTTP/1.1" 200 4018
186.103.159.182 - - [09/Mar/2018:11:28:46 -0300] "POST /cormun/servlet/solicitudot?gx-no-cache=1520605621142 HTTP/1.1" 200 1318
186.103.159.182 - - [09/Mar/2018:11:28:46 -0300] "POST /cormun/servlet/solicitudot?gx-no-cache=1520605623358 HTTP/1.1" 200 1218
186.103.159.182 - - [09/Mar/2018:11:28:47 -0300] "GET /cormun/servlet/solicitudot?8f1812e50a459df106e6868d65086d6c452c42bd04352bdd9f28f4d35b06810cce920a2af6091a9675410f32766d3526,gx-no-cache=1520605623650 HTTP/1.1" 200 30
186.103.159.182 - - [09/Mar/2018:11:28:47 -0300] "POST /cormun/servlet/solicitudot?gx-no-cache=1520605623765 HTTP/1.1" 200 33
186.103.159.182 - - [09/Mar/2018:11:28:48 -0300] "POST /cormun/servlet/solicitudot?cccc230fee2aa2cfa52370b99d13e2b2,INS,0,0,,gx-no-cache=1520605623931 HTTP/1.1" 200 11938
152.231.70.146 - - [09/Mar/2018:11:28:48 -0300] "POST /cormun/servlet/solicitudotadjuntos?gx-no-cache=1520605678438 HTTP/1.1" 200 26
186.103.159.182 - - [09/Mar/2018:11:30:05 -0300] "GET /cormun/servlet/solicitudot?8f1812e50a459df106e6868d65086d6c691fe9216052eb220ed2588c6be1675aa2ebeb10aeddc72b42ce7e87f209c84a6dae84f891394eca0fcaeabdc24861b2,gx-no-cache=1520605702356 HTTP/1.1" 200 30
186.103.159.182 - - [09/Mar/2018:11:30:05 -0300] "POST /cormun/servlet/solicitudot?gx-no-cache=1520605702533 HTTP/1.1" 200 256
186.103.159.182 - - [09/Mar/2018:11:30:06 -0300] "GET /cormun/servlet/solicitudot?8f1812e50a459df106e6868d65086d6c1e1806954b2a625f405cc02f521b790f50d7967cfcc9e08165751847b16172334cc4d3ff9f3c025309b2f4ab93c5f7326d1c9dedc1709ae1e7942b301ecbd5fee4d6ace7995ada529ccdad650600b432ab5eeb702d2b62eef04967803df1cbeef79e5b37ff55641af49047937e22325bbee506b6a55b436643dffdb38c78fbfefe2913e935acfd8dc51719625a235d6258dc3fab790274cd57fe00130255cb830a48184bf8a2e5e704beef8372a377d85e9c532dadb79db47dd0ed3963a1c8970470a5624e00247867503a783034c43a5fbfc624ff895512e65cc59cb0c8a97bf9220501710be6819036548f524758a2626305c36915ac0c20d0392b6b8e43031594335bef5be3a297ec69be14871aaeca53bb6d18efd9c1a4e744195cca955535c43d217990c09a19366c2885d3f257fa91ea2cb9ba94e33cf32664605c4dbb55d753ceee97927bbd7a068e525a4e0db33112859766e136518e28609763b6c32163b2f597b20eeba5bf1b023b7719de,gx-no-cache=1520605702656 HTTP/1.1" 200 30
186.103.159.182 - - [09/Mar/2018:11:30:07 -0300] "POST /cormun/servlet/solicitudot?gx-no-cache=1520605703230 HTTP/1.1" 200 30
186.103.159.182 - - [09/Mar/2018:11:30:07 -0300] "POST /cormun/servlet/solicitudot?gx-no-cache=1520605703839 HTTP/1.1" 200 1336
186.103.159.182 - - [09/Mar/2018:11:30:07 -0300] "POST /cormun/servlet/solicitudot?gx-no-cache=1520605704356 HTTP/1.1" 200 41
186.103.159.182 - - [09/Mar/2018:11:30:08 -0300] "POST /cormun/servlet/solicitudot?gx-no-cache=1520605704490 HTTP/1.1" 200 1318
186.103.159.182 - - [09/Mar/2018:11:30:09 -0300] "POST /cormun/servlet/solicitudot?gx-no-cache=1520605705214 HTTP/1.1" 200 1218
186.103.159.182 - - [09/Mar/2018:11:30:09 -0300] "GET /cormun/servlet/solicitudot?8f1812e50a459df106e6868d65086d6c452c42bd04352bdd9f28f4d35b06810cce920a2af6091a9675410f32766d3526,gx-no-cache=1520605705723 HTTP/1.1" 200 30
186.103.159.182 - - [09/Mar/2018:11:30:09 -0300] "POST /cormun/servlet/solicitudot?gx-no-cache=1520605705835 HTTP/1.1" 200 33
190.151.99.26 - - [09/Mar/2018:11:30:10 -0300] "GET /cormun/servlet/solicitudotadjuntos?a9964e3e40c2dc518aa990fcc8f8409c5058ed16c630e6d368e3db9025b90dce,gx-no-cache=1520605759078 HTTP/1.1" 200 30
190.151.99.26 - - [09/Mar/2018:11:30:10 -0300] "GET /cormun/servlet/solicitudotadjuntos?a9964e3e40c2dc518aa990fcc8f8409c5058ed16c630e6d368e3db9025b90dce,gx-no-cache=1520605760488 HTTP/1.1" 200 30
186.103.159.182 - - [09/Mar/2018:11:30:15 -0300] "POST /cormun/servlet/solicitudot?cccc230fee2aa2cfa52370b99d13e2b2,INS,0,0,,gx-no-cache=1520605706445 HTTP/1.1" 200 11998
207.46.13.119 - - [09/Mar/2018:11:30:44 -0300] "GET /cormun/servlet/solicitudot?INS,0,0, HTTP/1.1" 200 12626
190.151.99.26 - - [09/Mar/2018:11:30:57 -0300] "POST /cormun/servlet/solicitudotadjuntos?02a88c073cf73cba9b5e34c694f3c51a,INS,2018,10349,,1, HTTP/1.1" 200 7098
186.103.159.189 - - [09/Mar/2018:11:31:40 -0300] "GET /cormun/static/menuarrow.gif HTTP/1.1" 404 1015
186.103.159.189 - - [09/Mar/2018:11:31:45 -0300] "POST /cormun/servlet/trvisualizadoreventos?47e32af93345601ae9eb0c92cf28735c,,gx-no-cache=1520605857239 HTTP/1.1" 200 4939
186.103.196.84 - - [09/Mar/2018:11:31:45 -0300] "POST /cormun/servlet/solicitudotadjuntos?02a88c073cf73cba9b5e34c694f3c51a,INS,2018,10349,,1, HTTP/1.1" 200 116
186.103.196.84 - - [09/Mar/2018:11:31:45 -0300] "GET /cormun/servlet/hpexe_return? HTTP/1.1" 200 1024
186.103.196.84 - - [09/Mar/2018:11:31:46 -0300] "GET /cormun/servlet/trsolicitudadjuntos?2018,10349, HTTP/1.1" 200 9516
186.103.196.84 - - [09/Mar/2018:11:31:47 -0300] "GET /cormun/servlet/trsolicitudadjuntos?2018,10349, HTTP/1.1" 200 9515
152.231.70.146 - - [09/Mar/2018:11:32:12 -0300] "GET /cormun/servlet/solicitudotadjuntos?INS,2018,10349,,1, HTTP/1.1" 200 6242
186.103.159.182 - - [09/Mar/2018:11:32:16 -0300] "POST /cormun/servlet/solicitudot?cccc230fee2aa2cfa52370b99d13e2b2,INS,0,0,,gx-no-cache=1520605831956 HTTP/1.1" 200 12042
186.67.84.236 - - [09/Mar/2018:11:32:18 -0300] "GET /cormun/static/about:blank HTTP/1.1" 404 1011
152.231.70.146 - - [09/Mar/2018:11:32:18 -0300] "GET /cormun/servlet/solicitudotadjuntos?INS,2018,10349,,1, HTTP/1.1" 200 6235
186.67.84.236 - - [09/Mar/2018:11:32:19 -0300] "GET /cormun/servlet/solicitudotadjuntos?a9964e3e40c2dc518aa990fcc8f8409ccdd0aee96d3950c29b69422180701654d5231b37b4e0943a05311be49dbcc8be,gx-no-cache=1520605889047 HTTP/1.1" 200 30
186.67.84.236 - - [09/Mar/2018:11:32:20 -0300] "POST /cormun/servlet/solicitudotadjuntos?02a88c073cf73cba9b5e34c694f3c51a,INS,2018,10349,,1,,gx-no-cache=1520605889501 HTTP/1.1" 200 4016
186.103.159.182 - - [09/Mar/2018:11:32:22 -0300] "GET /cormun/servlet/solicitudot?8f1812e50a459df106e6868d65086d6c32193529c51db22a0ce411c31f9d87b6,gx-no-cache=1520605839195 HTTP/1.1" 200 94
186.103.159.182 - - [09/Mar/2018:11:32:22 -0300] "POST /cormun/servlet/solicitudot?gx-no-cache=1520605839293 HTTP/1.1" 200 256
186.103.159.182 - - [09/Mar/2018:11:32:23 -0300] "GET /cormun/servlet/solicitudot?8f1812e50a459df106e6868d65086d6c1e1806954b2a625f405cc02f521b790f50d7967cfcc9e08165751847b16172334cc4d3ff9f3c025309b2f4ab93c5f7326d1c9dedc1709ae1e7942b301ecbd5fee4d6ace7995ada529ccdad650600b432ab5eeb702d2b62eef04967803df1cbeef79e5b37ff55641af49047937e22325bbee506b6a55b436643dffdb38c78fbfefe2913e935acfd8dc51719625a235d6258dc3fab790274cd57fe00130255cb830a48184bf8a2e5e704beef8372a377d85e9c532dadb79db47dd0ed3963a1c8970470a5624e00247867503a783034c43a5fbfc624ff895512e65cc59cb0c8a97bf9220501710be6819036548f524758a2626305c36915ac0c20d0392b6b8e43031594335bef5be3a297ec69be14871aaeca53bb6d18efd9c1a4e744195cca955535c43d217990c09a19366c2885d3f257fa91ea2cb9ba94e33cf32664605c4dbb55d753ceee97927bbd7a068e525a4e0db33112859766e136518e28609763b6c32163b2f597b20eeba5bf1b023b7719de,gx-no-cache=1520605839386 HTTP/1.1" 200 30
186.103.159.182 - - [09/Mar/2018:11:32:23 -0300] "POST /cormun/servlet/solicitudot?gx-no-cache=1520605839903 HTTP/1.1" 200 30
186.103.159.182 - - [09/Mar/2018:11:32:24 -0300] "POST /cormun/servlet/solicitudot?gx-no-cache=1520605840811 HTTP/1.1" 200 1336
186.103.159.182 - - [09/Mar/2018:11:32:25 -0300] "POST /cormun/servlet/solicitudot?gx-no-cache=1520605841612 HTTP/1.1" 200 41
186.103.159.182 - - [09/Mar/2018:11:32:25 -0300] "POST /cormun/servlet/solicitudot?gx-no-cache=1520605841830 HTTP/1.1" 200 1318
186.103.159.182 - - [09/Mar/2018:11:32:25 -0300] "POST /cormun/servlet/solicitudot?gx-no-cache=1520605842126 HTTP/1.1" 200 1218
186.103.159.182 - - [09/Mar/2018:11:32:25 -0300] "GET /cormun/servlet/solicitudot?8f1812e50a459df106e6868d65086d6c452c42bd04352bdd9f28f4d35b06810cce920a2af6091a9675410f32766d3526,gx-no-cache=1520605842347 HTTP/1.1" 200 30
186.103.159.182 - - [09/Mar/2018:11:32:25 -0300] "POST /cormun/servlet/solicitudot?gx-no-cache=1520605842475 HTTP/1.1" 200 33
186.103.159.182 - - [09/Mar/2018:11:32:27 -0300] "POST /cormun/servlet/solicitudot?cccc230fee2aa2cfa52370b99d13e2b2,INS,0,0,,gx-no-cache=1520605842643 HTTP/1.1" 200 12100
186.67.172.234 - - [09/Mar/2018:11:32:50 -0300] "GET /cormun/servlet/solicitudot?3abb2657770c52243adc589623df79a37643b25850eed4c215c3d81b8078f3b0608e7f011de0dae203b471cd6406f669,gx-no-cache=1520605916897 HTTP/1.1" 200 30
186.67.172.234 - - [09/Mar/2018:11:32:50 -0300] "GET /cormun/servlet/solicitudot?3abb2657770c52243adc589623df79a3c8c55a1ec03f00dae1a67b769a9b6e3e6eda08b6eeaaf433a9e9c67fe3058261,gx-no-cache=1520605920189 HTTP/1.1" 200 103
186.103.159.182 - - [09/Mar/2018:11:32:50 -0300] "GET /cormun/servlet/solicitudot?8f1812e50a459df106e6868d65086d6c691fe9216052eb220ed2588c6be1675aa2ebeb10aeddc72b42ce7e87f209c84a6dae84f891394eca0fcaeabdc24861b2,gx-no-cache=1520605866957 HTTP/1.1" 200 30
186.67.172.234 - - [09/Mar/2018:11:32:50 -0300] "GET /cormun/static/Shared/jqueryui/images/ui-icons_82798d_256x240.png HTTP/1.1" 404 1089
186.67.172.234 - - [09/Mar/2018:11:32:50 -0300] "GET /cormun/static/Shared/jqueryui/images/ui-bg_flat_55_994d53_40x100.png HTTP/1.1" 404 1097
186.67.172.234 - - [09/Mar/2018:11:32:50 -0300] "GET /cormun/static/Shared/jqueryui/images/ui-icons_ebccce_256x240.png HTTP/1.1" 404 1089
186.67.172.234 - - [09/Mar/2018:11:32:50 -0300] "GET /cormun/servlet/solicitudot?3abb2657770c52243adc589623df79a3d0eeedb3dccb96d74b802a7674d1129c,gx-no-cache=1520605920267 HTTP/1.1" 200 60
186.103.159.182 - - [09/Mar/2018:11:32:50 -0300] "POST /cormun/servlet/solicitudot?gx-no-cache=1520605867119 HTTP/1.1" 200 256
186.67.172.234 - - [09/Mar/2018:11:32:50 -0300] "GET /cormun/static/Shared/jqueryui/images/ui-bg_highlight-soft_100_c6c2c8_1x100.png HTTP/1.1" 404 1117
186.67.172.234 - - [09/Mar/2018:11:32:51 -0300] "POST /cormun/servlet/solicitudot?gx-no-cache=1520605920385 HTTP/1.1" 200 255
186.67.172.234 - - [09/Mar/2018:11:32:51 -0300] "GET /cormun/servlet/solicitudot?3abb2657770c52243adc589623df79a3d13330b85936ba231459ccacc312c37098500427c2f300d9dd2e44608794324d04048ca8900d35c2a752367d843cc7ccac7dc24f4a6bebfc1e1add263e1949d89ca9e293247783ee7ecaf9aaef10c6e5c85b0fdd78e4557ccd9c1680d6b8fe5c13ef49737a75b72071f96d4524d5351ba493f4cfb64e91a5e35273dac0f3cbffdfc31dbbe49dcdf7fb8fa2ae7827593e965c74c05749cacd6c6de59718698889aa0f474530a3dd7ed272e5ba0e82804ad2fe7a781619b30563f2d523ae29e1908432ce19765b8f5be3f99d35d817af272e300c2a93fabc8e63611672ac2d4ec40b4c3f69be14ddb4d66d29f31afce3283770466bd9c5c38a529595d96b524b1cac9afb72432e097fb2ded791c365888bd056b5b91f219cc520667eef88bd36c2b9e24c70da214d76f15a613b14ceace7da87ae3dd246563ab280cfdf799ceba5c4d0ff98f9c82038d4a893e327b6718dc9401234924e1e270a6f1d274a8af98755941eabf24371158dc9cc9c9ce14eef,gx-no-cache=1520605921241 HTTP/1.1" 200 30
186.103.159.182 - - [09/Mar/2018:11:32:53 -0300] "GET /cormun/servlet/solicitudot?8f1812e50a459df106e6868d65086d6c1e1806954b2a625f405cc02f521b790f50d7967cfcc9e08165751847b16172334cc4d3ff9f3c025309b2f4ab93c5f7326d1c9dedc1709ae1e7942b301ecbd5fee4d6ace7995ada529ccdad650600b432ab5eeb702d2b62eef04967803df1cbeef79e5b37ff55641af49047937e22325bbee506b6a55b436643dffdb38c78fbfefe2913e935acfd8dc51719625a235d6258dc3fab790274cd57fe00130255cb830a48184bf8a2e5e704beef8372a377d85e9c532dadb79db47dd0ed3963a1c8970470a5624e00247867503a783034c43a5fbfc624ff895512e65cc59cb0c8a97bf9220501710be6819036548f524758a2626305c36915ac0c20d0392b6b8e43031594335bef5be3a297ec69be14871aaeca53bb6d18efd9c1a4e744195cca955535c43d217990c09a19366c2885d3f257fa91ea2cb9ba94e33cf32664605c4dbb55d753ceee97927bbd7a068e525a4e0db33112859766e136518e28609763b6c32163b2f597b20eeba5bf1b023b7719de,gx-no-cache=1520605867233 HTTP/1.1" 200 30
186.103.159.182 - - [09/Mar/2018:11:32:53 -0300] "POST /cormun/servlet/solicitudot?gx-no-cache=1520605869905 HTTP/1.1" 200 30
186.103.159.182 - - [09/Mar/2018:11:32:53 -0300] "POST /cormun/servlet/solicitudot?gx-no-cache=1520605870094 HTTP/1.1" 200 1336
186.103.159.182 - - [09/Mar/2018:11:32:54 -0300] "POST /cormun/servlet/solicitudot?gx-no-cache=1520605870424 HTTP/1.1" 200 41
186.103.159.182 - - [09/Mar/2018:11:32:54 -0300] "POST /cormun/servlet/solicitudot?gx-no-cache=1520605870992 HTTP/1.1" 200 1318
186.103.159.182 - - [09/Mar/2018:11:32:54 -0300] "POST /cormun/servlet/solicitudot?gx-no-cache=1520605871347 HTTP/1.1" 200 1218
186.103.159.182 - - [09/Mar/2018:11:32:55 -0300] "GET /cormun/servlet/solicitudot?8f1812e50a459df106e6868d65086d6c452c42bd04352bdd9f28f4d35b06810cce920a2af6091a9675410f32766d3526,gx-no-cache=1520605871532 HTTP/1.1" 200 30
186.103.159.182 - - [09/Mar/2018:11:32:56 -0300] "POST /cormun/servlet/solicitudot?gx-no-cache=1520605872648 HTTP/1.1" 200 33
186.103.159.182 - - [09/Mar/2018:11:32:59 -0300] "POST /cormun/servlet/solicitudot?cccc230fee2aa2cfa52370b99d13e2b2,INS,0,0,,gx-no-cache=1520605873237 HTTP/1.1" 200 12147
186.67.172.234 - - [09/Mar/2018:11:33:04 -0300] "GET /cormun/servlet/solicitudot?3abb2657770c52243adc589623df79a3651c0f4b746f6371362aa7f115b8c7f4,gx-no-cache=1520605934744 HTTP/1.1" 200 103
186.67.172.234 - - [09/Mar/2018:11:33:05 -0300] "POST /cormun/servlet/solicitudot?gx-no-cache=1520605934813 HTTP/1.1" 200 255
186.67.172.234 - - [09/Mar/2018:11:33:05 -0300] "GET /cormun/servlet/solicitudot?3abb2657770c52243adc589623df79a3d13330b85936ba231459ccacc312c37098500427c2f300d9dd2e44608794324d04048ca8900d35c2a752367d843cc7ccac7dc24f4a6bebfc1e1add263e1949d89ca9e293247783ee7ecaf9aaef10c6e5c85b0fdd78e4557ccd9c1680d6b8fe5c13ef49737a75b72071f96d4524d5351ba493f4cfb64e91a5e35273dac0f3cbffdfc31dbbe49dcdf7fb8fa2ae7827593e965c74c05749cacd6c6de59718698889aa0f474530a3dd7ed272e5ba0e82804ad2fe7a781619b30563f2d523ae29e1908432ce19765b8f5be3f99d35d817af272e300c2a93fabc8e63611672ac2d4ec40b4c3f69be14ddb4d66d29f31afce3283770466bd9c5c38a529595d96b524b1cac9afb72432e097fb2ded791c365888bd056b5b91f219cc520667eef88bd36c2b9e24c70da214d76f15a613b14ceace7da87ae3dd246563ab280cfdf799ceba5c4d0ff98f9c82038d4a893e327b6718dc9401234924e1e270a6f1d274a8af9874165bae5968b6a03f423f1757231d7ad,gx-no-cache=1520605935260 HTTP/1.1" 200 30
186.67.172.234 - - [09/Mar/2018:11:33:08 -0300] "POST /cormun/servlet/solicitudot?gx-no-cache=1520605938144 HTTP/1.1" 200 30
186.67.172.234 - - [09/Mar/2018:11:33:11 -0300] "POST /cormun/servlet/solicitudot?gx-no-cache=1520605941252 HTTP/1.1" 200 1337
186.67.172.234 - - [09/Mar/2018:11:33:11 -0300] "POST /cormun/servlet/solicitudot?gx-no-cache=1520605941338 HTTP/1.1" 200 38
186.67.172.234 - - [09/Mar/2018:11:33:20 -0300] "GET /cormun/servlet/solicitudot?3abb2657770c52243adc589623df79a34d72e0d81c3ca657c7b6054679eccc60c51dfb1ebda5c76c6be160a810128aade566566673af1b884245825ecc67d3c680f31a367d4d4db1a2e374e6012d1167041619704f956c3e838923b58e25011c4ba4f301270bb90f330225cb805cefab23e9788bf542a6ebb1a9c460b0e6ce4dce5c1b19b812c386c25db813dedce3449ee5d0dfe7b725dfa7b69b3c0f379bc2fe156bb2c5d4743a70bbefa20d03d9af494b97763c41bf1bd5b4501edc24021e998b506faadf077f8b5969bc58d6f8f4,gx-no-cache=1520605948616 HTTP/1.1" 200 29
186.67.172.234 - - [09/Mar/2018:11:33:23 -0300] "POST /cormun/servlet/solicitudot?gx-no-cache=1520605952451 HTTP/1.1" 200 1319
186.67.172.234 - - [09/Mar/2018:11:33:23 -0300] "POST /cormun/servlet/solicitudot?gx-no-cache=1520605952950 HTTP/1.1" 200 1219
186.103.159.189 - - [09/Mar/2018:11:33:28 -0300] "POST /cormun/servlet/trvisualizadoreventos?47e32af93345601ae9eb0c92cf28735c,,gx-no-cache=1520605960389 HTTP/1.1" 200 6251
186.103.159.182 - - [09/Mar/2018:11:33:28 -0300] "GET /cormun/servlet/solicitudot?8f1812e50a459df106e6868d65086d6c691fe9216052eb220ed2588c6be1675aa2ebeb10aeddc72b42ce7e87f209c84a6dae84f891394eca0fcaeabdc24861b2,gx-no-cache=1520605904496 HTTP/1.1" 200 30
186.103.159.182 - - [09/Mar/2018:11:33:28 -0300] "POST /cormun/servlet/solicitudot?gx-no-cache=1520605904916 HTTP/1.1" 200 256
186.103.159.182 - - [09/Mar/2018:11:33:29 -0300] "GET /cormun/servlet/solicitudot?8f1812e50a459df106e6868d65086d6c1e1806954b2a625f405cc02f521b790f50d7967cfcc9e08165751847b16172334cc4d3ff9f3c025309b2f4ab93c5f7326d1c9dedc1709ae1e7942b301ecbd5fee4d6ace7995ada529ccdad650600b432ab5eeb702d2b62eef04967803df1cbeef79e5b37ff55641af49047937e22325bbee506b6a55b436643dffdb38c78fbfefe2913e935acfd8dc51719625a235d6258dc3fab790274cd57fe00130255cb830a48184bf8a2e5e704beef8372a377d85e9c532dadb79db47dd0ed3963a1c8970470a5624e00247867503a783034c43a5fbfc624ff895512e65cc59cb0c8a97bf9220501710be6819036548f524758a2626305c36915ac0c20d0392b6b8e43031594335bef5be3a297ec69be14871aaeca53bb6d18efd9c1a4e744195cca955535c43d217990c09a19366c2885d3f257fa91ea2cb9ba94e33cf32664605c4dbb55d753ceee97927bbd7a068e525a4e0db33112859766e136518e28609763b6c32163b2f597b20eeba5bf1b023b7719de,gx-no-cache=1520605905493 HTTP/1.1" 200 30
186.103.159.182 - - [09/Mar/2018:11:33:29 -0300] "POST /cormun/servlet/solicitudot?gx-no-cache=1520605905964 HTTP/1.1" 200 30
186.67.172.234 - - [09/Mar/2018:11:33:30 -0300] "GET /cormun/servlet/solicitudot?3abb2657770c52243adc589623df79a3472090600c8cb653d2eec6796060a2eb7ffc4848d1d9b30bf6425b3c8f39815f,gx-no-cache=1520605959642 HTTP/1.1" 200 30
186.103.159.182 - - [09/Mar/2018:11:33:30 -0300] "POST /cormun/servlet/solicitudot?gx-no-cache=1520605906572 HTTP/1.1" 200 1336
186.103.159.182 - - [09/Mar/2018:11:33:30 -0300] "POST /cormun/servlet/solicitudot?gx-no-cache=1520605907288 HTTP/1.1" 200 41
186.103.159.182 - - [09/Mar/2018:11:33:31 -0300] "POST /cormun/servlet/solicitudot?gx-no-cache=1520605907414 HTTP/1.1" 200 1318
186.103.159.182 - - [09/Mar/2018:11:33:31 -0300] "POST /cormun/servlet/solicitudot?gx-no-cache=1520605907752 HTTP/1.1" 200 1218
186.103.159.182 - - [09/Mar/2018:11:33:31 -0300] "GET /cormun/servlet/solicitudot?8f1812e50a459df106e6868d65086d6c452c42bd04352bdd9f28f4d35b06810cce920a2af6091a9675410f32766d3526,gx-no-cache=1520605908075 HTTP/1.1" 200 30
186.103.159.182 - - [09/Mar/2018:11:33:31 -0300] "POST /cormun/servlet/solicitudot?gx-no-cache=1520605908188 HTTP/1.1" 200 33
190.151.124.170 - - [09/Mar/2018:11:33:33 -0300] "POST /cormun/servlet/solicitudotadjuntos?gx-no-cache=1520605962542 HTTP/1.1" 200 26
186.103.159.182 - - [09/Mar/2018:11:33:34 -0300] "POST /cormun/servlet/solicitudot?cccc230fee2aa2cfa52370b99d13e2b2,INS,0,0,,gx-no-cache=1520605908339 HTTP/1.1" 200 12227
186.103.159.182 - - [09/Mar/2018:11:33:44 -0300] "GET /cormun/servlet/solicitudot?8f1812e50a459df106e6868d65086d6c691fe9216052eb220ed2588c6be1675aa2ebeb10aeddc72b42ce7e87f209c84a6dae84f891394eca0fcaeabdc24861b2,gx-no-cache=1520605920824 HTTP/1.1" 200 30
186.103.159.182 - - [09/Mar/2018:11:33:44 -0300] "POST /cormun/servlet/solicitudot?gx-no-cache=1520605920906 HTTP/1.1" 200 256
186.103.159.182 - - [09/Mar/2018:11:33:44 -0300] "GET /cormun/servlet/solicitudot?8f1812e50a459df106e6868d65086d6c1e1806954b2a625f405cc02f521b790f50d7967cfcc9e08165751847b16172334cc4d3ff9f3c025309b2f4ab93c5f7326d1c9dedc1709ae1e7942b301ecbd5fee4d6ace7995ada529ccdad650600b432ab5eeb702d2b62eef04967803df1cbeef79e5b37ff55641af49047937e22325bbee506b6a55b436643dffdb38c78fbfefe2913e935acfd8dc51719625a235d6258dc3fab790274cd57fe00130255cb830a48184bf8a2e5e704beef8372a377d85e9c532dadb79db47dd0ed3963a1c8970470a5624e00247867503a783034c43a5fbfc624ff895512e65cc59cb0c8a97bf9220501710be6819036548f524758a2626305c36915ac0c20d0392b6b8e43031594335bef5be3a297ec69be14871aaeca53bb6d18efd9c1a4e744195cca955535c43d217990c09a19366c2885d3f257fa91ea2cb9ba94e33cf32664605c4dbb55d753ceee97927bbd7a068e525a4e0db33112859766e136518e28609763b6c32163b2f597b20eeba5bf1b023b7719de,gx-no-cache=1520605921000 HTTP/1.1" 200 30
