200.120.230.197 - - [09/Mar/2018:08:57:41 -0300] "GET /cormun/servlet/solicitudot?60a4dcbb587529e8855b10ae7f2dc8b21dc847302967aafdd8200d6f934d883a6cdb8e6891df7e53f7a0a69ffe7e9489067d7e6b6b9f9dabca015cab9994823b902e183c616032cb156c87d1411616eaaf65c145afca5a3ea82a12a99e697a87ca101ff81db58ee2e8d44ab62b16e59d3f73234d6f723a6f32d36e26b419c4f381b2afe6047326d43a3cc597b1f64e21e9c2f280d96c6b7c0747ed93faf3c66d9dda9bbee0b633358e279b0ddd2e816aa45cdf83f5ebff7ca4401c8fd0a922e73142dcf9559c0f8940386581958fad0274b10ac7372abad343a4ec04ed2207a5b8f694516904fb797e542275fd8cdb3cc738de14e82da1e9e0408aa4cda3cb2073bbd0ce177a18cdbcd76a82e470960e19b52e4474690af7aa790672add84affc79a854ae1d09782fad9fe1008ab146512ea67b5197d89fedd9e525922cef1d87919d930f68556a1c4977677d5abfc5fe229493af3e06705f965d268fe69245d1de2e9433aa887d7ebb12b078ebc7be80d0b39724659d67f9153b4227a9bb93e,gx-no-cache=1520596614241 HTTP/1.1" 200 30
200.120.230.197 - - [09/Mar/2018:08:57:44 -0300] "POST /cormun/servlet/solicitudot?gx-no-cache=1520596616904 HTTP/1.1" 200 30
192.168.10.56 - - [09/Mar/2018:08:57:46 -0300] "POST /cormun/servlet/trsolicitudgral?11b9442431472047e4d7aecc8c7981a2,,gx-no-cache=1520596504590 HTTP/1.1" 200 8460
192.168.10.62 - - [09/Mar/2018:08:57:47 -0300] "POST /cormun/servlet/trsolicitudgral?3ec639b3b2d30f75ee5dc68308b9fdb7,,gx-no-cache=1520596505932 HTTP/1.1" 200 5926
192.168.10.62 - - [09/Mar/2018:08:57:48 -0300] "POST /cormun/servlet/trsolicitudgral?3ec639b3b2d30f75ee5dc68308b9fdb7,,gx-no-cache=1520596506989 HTTP/1.1" 200 5927
192.168.10.56 - - [09/Mar/2018:08:57:55 -0300] "POST /cormun/servlet/trsolicitudgral?11b9442431472047e4d7aecc8c7981a2,,gx-no-cache=1520596513141 HTTP/1.1" 200 8119
192.168.10.62 - - [09/Mar/2018:08:57:59 -0300] "POST /cormun/servlet/trsolicitudgral?3ec639b3b2d30f75ee5dc68308b9fdb7,,gx-no-cache=1520596517263 HTTP/1.1" 200 12284
192.168.10.56 - - [09/Mar/2018:08:58:03 -0300] "POST /cormun/servlet/trsolicitudgral?11b9442431472047e4d7aecc8c7981a2,,gx-no-cache=1520596521254 HTTP/1.1" 200 7773
186.103.157.246 - - [09/Mar/2018:08:58:04 -0300] "POST /cormun/servlet/solicitudot?f03cea5932d8a9cd244afaec11ea49dc,INS,0,0,,gx-no-cache=1520596636336 HTTP/1.1" 200 11747
192.168.10.62 - - [09/Mar/2018:08:58:08 -0300] "POST /cormun/servlet/trsolicitudgral?3ec639b3b2d30f75ee5dc68308b9fdb7,,gx-no-cache=1520596526648 HTTP/1.1" 200 12284
192.168.10.62 - - [09/Mar/2018:08:58:10 -0300] "POST /cormun/servlet/trsolicitudgral?3ec639b3b2d30f75ee5dc68308b9fdb7,,gx-no-cache=1520596527950 HTTP/1.1" 200 105
192.168.10.62 - - [09/Mar/2018:08:58:10 -0300] "GET /cormun/SolicitudGral-4056.xls HTTP/1.1" 200 11264
200.120.230.197 - - [09/Mar/2018:08:58:13 -0300] "POST /cormun/servlet/solicitudot?gx-no-cache=1520596646463 HTTP/1.1" 200 1333
200.120.230.197 - - [09/Mar/2018:08:58:13 -0300] "POST /cormun/servlet/solicitudot?gx-no-cache=1520596646727 HTTP/1.1" 200 38
192.168.10.56 - - [09/Mar/2018:08:58:16 -0300] "POST /cormun/servlet/trsolicitudgral?11b9442431472047e4d7aecc8c7981a2,,gx-no-cache=1520596534708 HTTP/1.1" 200 7316
200.120.230.197 - - [09/Mar/2018:08:58:22 -0300] "GET /cormun/servlet/solicitudot?60a4dcbb587529e8855b10ae7f2dc8b2e5b83c344e9e173468e31e6951cb3a9238d665397270935b82cd452db6facf7b6d825044d2eab6e3dfb88c1c6abfc92469b591d16b6cd5573cc8fd49b7ffc78a866cc7739073595f43a2b38ba9f030c469c1fc0a04e59f6dca1bf63ee6c629de,gx-no-cache=1520596655721 HTTP/1.1" 200 29
200.120.230.197 - - [09/Mar/2018:08:58:23 -0300] "POST /cormun/servlet/solicitudot?gx-no-cache=1520596655834 HTTP/1.1" 200 1318
200.120.230.197 - - [09/Mar/2018:08:58:23 -0300] "POST /cormun/servlet/solicitudot?gx-no-cache=1520596656346 HTTP/1.1" 200 1215
192.168.10.56 - - [09/Mar/2018:08:58:30 -0300] "GET /cormun/servlet/solicitudgral?UPD,2018,9590, HTTP/1.1" 200 12759
192.168.10.62 - - [09/Mar/2018:08:58:30 -0300] "POST /cormun/servlet/trsolicitudgral?3ec639b3b2d30f75ee5dc68308b9fdb7,,gx-no-cache=1520596548734 HTTP/1.1" 200 105
192.168.10.56 - - [09/Mar/2018:08:58:30 -0300] "GET /cormun/servlet/solicitudgral?UPD,2018,9590, HTTP/1.1" 200 12768
192.168.10.62 - - [09/Mar/2018:08:58:30 -0300] "POST /cormun/servlet/trsolicitudgral?3ec639b3b2d30f75ee5dc68308b9fdb7,,gx-no-cache=1520596548915 HTTP/1.1" 200 12265
192.168.10.56 - - [09/Mar/2018:08:58:31 -0300] "POST /cormun/servlet/solicitudgral?gx-no-cache=1520596549340 HTTP/1.1" 200 3901
192.168.10.56 - - [09/Mar/2018:08:58:31 -0300] "GET /cormun/servlet/solicitudgral?b3ce022a31f8c71ccde95f6be9cdb7cf123ed747e2315fabc7bacf75fcbc7ad68ba8ee7052408e57de750330d938bd05c84823b4e2593500ac9c14941171444744d5ec1625883714bd554285740d50dc34f0a79f2476bd9934f831a9affd637abc1f1eaf16f7cb775a2e1f2bfb2304d882924fcadc4bf9f149a9f25093794eb4e315c6259ffca448b6566c83411bbef873e2f29cdc905c06df4452d81ef898bcacfddc6c03ee702e0577e9da5e68dc202416a6987d83fd59384ac526af3bd1b98a1df5d49fd1b6c49d2b2ff57ce9b3638585edaad395c82d92fa7e9dec5939d11f01c30405a735ae1da9f61d6804c977c4963eb8e17fa972dcec144e041253aa6dbecc37c972bdaca1175d177f1db3ef07000578caa85313f13c7f2efe06231d9708159272b11075cdfee5d034e63066d97fc770b8cc0a3a2d4eee33fa11c7dffd0bce794169d118e55be264df9d4d89,gx-no-cache=1520596549504 HTTP/1.1" 200 256
192.168.10.62 - - [09/Mar/2018:08:58:31 -0300] "GET /cormun/SolicitudGral-6366.xls HTTP/1.1" 200 11264
192.168.10.56 - - [09/Mar/2018:08:58:31 -0300] "GET /cormun/servlet/solicitudgral?b3ce022a31f8c71ccde95f6be9cdb7cfa1ecd465ee3277b2830322d90c6a9f0d4cbbd5d97408d58e9de38ef7c2d6be2e826efdebe301cef190370f5cc747ac690cffb5f4b696b979965b2d674dedba24350ee6e9b2a9e366a6e04a14dea57e4eb4c565329e86d2ea5b7ba3b0fbbf8dfeef4d8b26976bf1df2b9f112d636fda106ef391b8d20f657e67b218cd9e8ec654d973acb415d91b8e5609fdb6c10e954c0d04942fa52166be55fbe2a741afb037a377fff66e8d57f2972a339ed6877d790e136f06f1176ef2b4b5e9e8a92cab9ba72d9232be70ae7b19c34a6bc1042e418140fae10d94b14105e4674b819cccaf480321ad7463ff9ecbebaf93e2793d857fbcc82616752d699a6fa4e8c4b0455564c5cc1a8f9af91b07b23f8d062e1de8c3e11436cf105541af69e7e95fe120066fb6f2579bb3456264c8e4652154cbab3293f0c67e2396326325416f0538d13fb027e21236327f96af4cb88e40094d8f91a19997ea131685445592102da1bee7fc9dd717b90b9ad563817a3d12a38a73ba3a1846d7fe1fd18d745e53932eb4e36451aa8a5c5405db21f9508e0487db0a1dd2d4dce93d4477e11772d1a83fc26c,gx-no-cache=1520596549741 HTTP/1.1" 200 48
200.120.230.197 - - [09/Mar/2018:08:58:33 -0300] "GET /cormun/static/menuarrow.gif HTTP/1.1" 404 1015
200.120.230.197 - - [09/Mar/2018:08:58:36 -0300] "GET /cormun/servlet/solicitudot?60a4dcbb587529e8855b10ae7f2dc8b26b0a9094bcac10101509c82928363fd2dcb6fbd14b5b3977621c113080fb275f,gx-no-cache=1520596669484 HTTP/1.1" 200 30
200.120.230.197 - - [09/Mar/2018:08:58:45 -0300] "POST /cormun/servlet/solicitudot?gx-no-cache=1520596679015 HTTP/1.1" 200 30
192.168.10.56 - - [09/Mar/2018:08:58:52 -0300] "POST /cormun/servlet/solicitudgral?11b9442431472047e4d7aecc8c7981a2,UPD,2018,9590,,gx-no-cache=1520596570140 HTTP/1.1" 200 11805
192.168.10.56 - - [09/Mar/2018:08:58:52 -0300] "GET /cormun/servlet/solicitudgral?b3ce022a31f8c71ccde95f6be9cdb7cf82d6ab2e2c86b6ac58f9e1ddfc7d1b87fa8f49f5da3c34209ab1285799ddbb2717055b52189b8300591f34b0445d73db84d69633ba5e01889aef02b74a934e490e253b89ef2799781dc5afa783e277549158dde329791f3fdc7127d342008a1eff543ff910dd1b11866a5b95850b64069bbfe1ef095172b9618a9c9ce32fc7521356cc90394ed2463380247488e8f403,gx-no-cache=1520596570332 HTTP/1.1" 200 29
192.168.10.56 - - [09/Mar/2018:08:58:52 -0300] "POST /cormun/servlet/solicitudgral?gx-no-cache=1520596570349 HTTP/1.1" 200 1296
192.168.10.56 - - [09/Mar/2018:08:58:52 -0300] "POST /cormun/servlet/solicitudgral?gx-no-cache=1520596570377 HTTP/1.1" 200 1218
192.168.10.56 - - [09/Mar/2018:08:58:52 -0300] "POST /cormun/servlet/solicitudgral?11b9442431472047e4d7aecc8c7981a2,UPD,2018,9590,,gx-no-cache=1520596570417 HTTP/1.1" 200 93
192.168.10.56 - - [09/Mar/2018:08:58:52 -0300] "GET /cormun/servlet/hpexe_return? HTTP/1.1" 200 1014
192.168.10.56 - - [09/Mar/2018:08:58:52 -0300] "GET /cormun/servlet/trsolicitudgral? HTTP/1.1" 200 10356
192.168.10.56 - - [09/Mar/2018:08:58:52 -0300] "GET /cormun/servlet/trsolicitudgral? HTTP/1.1" 200 10352
192.168.10.56 - - [09/Mar/2018:08:59:00 -0300] "POST /cormun/servlet/trsolicitudgral?11b9442431472047e4d7aecc8c7981a2,,gx-no-cache=1520596578417 HTTP/1.1" 200 6133
192.168.10.56 - - [09/Mar/2018:08:59:00 -0300] "GET /cormun/static/Shared/jqueryui/images/ui-bg_highlight-soft_100_c6c2c8_1x100.png HTTP/1.1" 404 1117
192.168.10.56 - - [09/Mar/2018:08:59:00 -0300] "GET /cormun/static/Shared/jqueryui/images/ui-icons_82798d_256x240.png HTTP/1.1" 404 1089
192.168.10.56 - - [09/Mar/2018:08:59:00 -0300] "GET /cormun/static/Shared/jqueryui/images/ui-bg_flat_55_fafafa_40x100.png HTTP/1.1" 404 1097
192.168.10.56 - - [09/Mar/2018:08:59:00 -0300] "GET /cormun/static/Shared/jqueryui/images/ui-icons_8d78a5_256x240.png HTTP/1.1" 404 1089
192.168.10.56 - - [09/Mar/2018:08:59:06 -0300] "POST /cormun/servlet/trsolicitudgral?11b9442431472047e4d7aecc8c7981a2,,gx-no-cache=1520596584331 HTTP/1.1" 200 10228
200.120.230.197 - - [09/Mar/2018:08:59:14 -0300] "POST /cormun/servlet/solicitudot?1b60448f3c2d72a6bbc5df5748ad8465,INS,0,0,,gx-no-cache=1520596695815 HTTP/1.1" 200 93
200.120.230.197 - - [09/Mar/2018:08:59:14 -0300] "GET /cormun/servlet/hpexe_return? HTTP/1.1" 200 1009
200.120.230.197 - - [09/Mar/2018:08:59:14 -0300] "GET /cormun/servlet/trsolicitudot HTTP/1.1" 200 9702
200.120.230.197 - - [09/Mar/2018:08:59:17 -0300] "GET /cormun/servlet/trsolicitudot HTTP/1.1" 200 9697
186.79.5.199 - - [09/Mar/2018:08:59:43 -0300] "GET /cormun/servlet/trsolicitudot? HTTP/1.1" 200 9697
186.79.5.199 - - [09/Mar/2018:08:59:45 -0300] "GET /cormun/servlet/trsolicitudot? HTTP/1.1" 200 9697
192.168.10.56 - - [09/Mar/2018:08:59:47 -0300] "GET /cormun/servlet/solicitudgral?UPD,2018,9606, HTTP/1.1" 200 12962
192.168.10.56 - - [09/Mar/2018:08:59:47 -0300] "GET /cormun/servlet/solicitudgral?UPD,2018,9606, HTTP/1.1" 200 12972
192.168.10.56 - - [09/Mar/2018:08:59:48 -0300] "POST /cormun/servlet/solicitudgral?gx-no-cache=1520596626411 HTTP/1.1" 200 3900
192.168.10.56 - - [09/Mar/2018:08:59:48 -0300] "GET /cormun/servlet/solicitudgral?b3ce022a31f8c71ccde95f6be9cdb7cf123ed747e2315fabc7bacf75fcbc7ad623746434d27fdc95bc3130eb5a90359dc84823b4e2593500ac9c14941171444744d5ec1625883714bd554285740d50dc34f0a79f2476bd9934f831a9affd637abc1f1eaf16f7cb775a2e1f2bfb2304d882924fcadc4bf9f149a9f25093794eb4e315c6259ffca448b6566c83411bbef873e2f29cdc905c06df4452d81ef898bcacfddc6c03ee702e0577e9da5e68dc202416a6987d83fd59384ac526af3bd1b98a1df5d49fd1b6c49d2b2ff57ce9b3638585edaad395c82d92fa7e9dec5939d11f01c30405a735ae1da9f61d6804c977c4963eb8e17fa972dcec144e041253aa6dbecc37c972bdaca1175d177f1db3ef07000578caa85313f13c7f2efe06231d9708159272b11075cdfee5d034e63066d97fc770b8cc0a3a2d4eee33fa11c7dffd0bce794169d118e55be264df9d4d89,gx-no-cache=1520596626560 HTTP/1.1" 200 255
186.79.5.199 - - [09/Mar/2018:08:59:48 -0300] "GET /cormun/servlet/solicitudot?INS,0,0, HTTP/1.1" 200 13671
186.79.5.199 - - [09/Mar/2018:08:59:50 -0300] "GET /cormun/servlet/solicitudot?INS,0,0, HTTP/1.1" 200 13676
192.168.10.56 - - [09/Mar/2018:08:59:51 -0300] "GET /cormun/servlet/solicitudgral?b3ce022a31f8c71ccde95f6be9cdb7cfa1ecd465ee3277b2830322d90c6a9f0d98e7b2e61fc29ad269eac6b345ee9758eb0b54f8e693a850cb3aea1c8131e33d241e5844635c9bb7c03fcde4b401c12c8ec835642d621b9da707f009070b3cf1f7c2994830b880c4a78c278563a23ddfca2c64dccf573b6525ad526b0752059ab3c89c0370ab47c9cc0812caea58f776223538e4e4bf571f243ad2858ca2c9cf09a1d98b245af2141b2523b8bbe37f307340596e4ca4bd0f5ac23b00fdf8bade5d38de81491b311f7fe1af20ef07ea98504fc20e9d79fbaec667ee98d39c745a2a7ce870f1e63738c3e0c19e6b5dd6d6d21738bb7446ddc1346d0716f4dbc7e36475054b22e930ab54556e1dc8b6965d569243573e6b096a67d3ec31306f120a64951a4873c1a9891d898de4ef4364c25cc0856419c395336d980285dfb75acf6d00f301afc25a9987f6346ae78c5c519db0c07bbb0baee6cf922b75d3f262ff7cb737d9e6c8152b65252a50b93a2237544bd219892e5e0e67de4c29a77b52136b480efc3c168760518b27b50f669d64d9741f8dfb8bd7c3d7ead2e0136b9597c607242f2955ff2f3d2121a496d0cb0a,gx-no-cache=1520596629653 HTTP/1.1" 200 48
192.168.10.56 - - [09/Mar/2018:08:59:51 -0300] "POST /cormun/servlet/solicitudgral?11b9442431472047e4d7aecc8c7981a2,UPD,2018,9606,,gx-no-cache=1520596629679 HTTP/1.1" 200 11823
192.168.10.56 - - [09/Mar/2018:08:59:51 -0300] "GET /cormun/servlet/solicitudgral?b3ce022a31f8c71ccde95f6be9cdb7cf30684bbf67c13d72de4548986a1a178bfa8f49f5da3c34209ab1285799ddbb2760217f7b83008b80f1abaeb0b3ff1ce384d69633ba5e01889aef02b74a934e490e253b89ef2799781dc5afa783e277549158dde329791f3fdc7127d342008a1eff543ff910dd1b11866a5b95850b64069bbfe1ef095172b9618a9c9ce32fc7521356cc90394ed2463380247488e8f403,gx-no-cache=1520596629873 HTTP/1.1" 200 29
192.168.10.56 - - [09/Mar/2018:08:59:51 -0300] "POST /cormun/servlet/solicitudgral?gx-no-cache=1520596629886 HTTP/1.1" 200 1296
192.168.10.56 - - [09/Mar/2018:08:59:51 -0300] "POST /cormun/servlet/solicitudgral?gx-no-cache=1520596629912 HTTP/1.1" 200 1219
186.103.157.246 - - [09/Mar/2018:08:59:58 -0300] "GET /cormun/servlet/solicitudot?INS,0,0, HTTP/1.1" 200 13317
186.103.157.246 - - [09/Mar/2018:08:59:58 -0300] "GET /cormun/static/gxcfg.js?201812313224582 HTTP/1.1" 304 -
186.103.157.246 - - [09/Mar/2018:08:59:59 -0300] "GET /cormun/static/Resources/prompt.gif HTTP/1.1" 304 -
186.103.157.246 - - [09/Mar/2018:09:00:00 -0300] "GET /cormun/static/solicitudot.js?201812313224831 HTTP/1.1" 304 -
200.120.230.197 - - [09/Mar/2018:09:00:11 -0300] "POST /cormun/servlet/solicitudot?gx-no-cache=1520596747898 HTTP/1.1" 200 3395
200.120.230.197 - - [09/Mar/2018:09:00:14 -0300] "POST /cormun/servlet/solicitudot?1b60448f3c2d72a6bbc5df5748ad8465,INS,0,0,,gx-no-cache=1520596765766 HTTP/1.1" 200 10569
186.103.157.246 - - [09/Mar/2018:09:00:21 -0300] "POST /cormun/servlet/solicitudot?gx-no-cache=1520596769452 HTTP/1.1" 200 3365
186.103.157.246 - - [09/Mar/2018:09:00:21 -0300] "GET /cormun/static/Shared/jqueryui/images/ui-bg_highlight-soft_100_c6c2c8_1x100.png HTTP/1.1" 404 1117
186.103.157.246 - - [09/Mar/2018:09:00:21 -0300] "GET /cormun/static/Shared/jqueryui/images/ui-bg_flat_55_994d53_40x100.png HTTP/1.1" 404 1097
186.103.157.246 - - [09/Mar/2018:09:00:21 -0300] "GET /cormun/static/Shared/jqueryui/images/ui-icons_82798d_256x240.png HTTP/1.1" 404 1089
186.103.157.246 - - [09/Mar/2018:09:00:21 -0300] "GET /cormun/static/Shared/jqueryui/images/ui-icons_ebccce_256x240.png HTTP/1.1" 404 1089
186.103.157.246 - - [09/Mar/2018:09:00:21 -0300] "GET /cormun/servlet/solicitudot?39c09393041a2c14020a522e2770b92ac8a3754c6447b2694d98521a7f5cfd77d8e71837bc8659f70d46336a76f802d8,gx-no-cache=1520596771265 HTTP/1.1" 200 30
192.168.10.62 - - [09/Mar/2018:09:00:24 -0300] "GET /cormun/servlet/vesolicitudgral?2018,10187,, HTTP/1.1" 200 9022
192.168.10.62 - - [09/Mar/2018:09:00:24 -0300] "GET /cormun/pexe_scrolldiv.js HTTP/1.1" 404 1009
192.168.10.62 - - [09/Mar/2018:09:00:24 -0300] "GET /cormun/servlet/vesolicitudgral?2018,10187,, HTTP/1.1" 200 9021
192.168.10.62 - - [09/Mar/2018:09:00:27 -0300] "GET /cormun/servlet/vesolicitudgral?2018,10187,,SolicitudOTAdjuntos HTTP/1.1" 200 11043
192.168.10.62 - - [09/Mar/2018:09:00:27 -0300] "GET /cormun/pexe_scrolldiv.js HTTP/1.1" 404 1009
192.168.10.62 - - [09/Mar/2018:09:00:27 -0300] "GET /cormun/pexe_scrolldiv.js HTTP/1.1" 404 1009
192.168.10.62 - - [09/Mar/2018:09:00:28 -0300] "GET /cormun/servlet/vesolicitudgral?2018,10187,,SolicitudOTAdjuntos HTTP/1.1" 200 11041
192.168.10.62 - - [09/Mar/2018:09:00:28 -0300] "POST /cormun/servlet/acontrolpreferencessavestate?None,FGONZALEZ,true HTTP/1.1" 200 35
192.168.10.62 - - [09/Mar/2018:09:00:30 -0300] "GET /cormun/servlet/vesolicitudgral?2018,10187,,SolicitudOTLog HTTP/1.1" 200 9376
192.168.10.62 - - [09/Mar/2018:09:00:30 -0300] "GET /cormun/pexe_scrolldiv.js HTTP/1.1" 404 1009
192.168.10.62 - - [09/Mar/2018:09:00:30 -0300] "GET /cormun/pexe_scrolldiv.js HTTP/1.1" 404 1009
192.168.10.62 - - [09/Mar/2018:09:00:30 -0300] "GET /cormun/servlet/vesolicitudgral?2018,10187,,SolicitudOTLog HTTP/1.1" 200 9376
192.168.10.62 - - [09/Mar/2018:09:00:31 -0300] "POST /cormun/servlet/acontrolpreferencessavestate?None,FGONZALEZ,true HTTP/1.1" 200 35
192.168.10.56 - - [09/Mar/2018:09:00:54 -0300] "POST /cormun/servlet/solicitudgral?11b9442431472047e4d7aecc8c7981a2,UPD,2018,9606,,gx-no-cache=1520596692116 HTTP/1.1" 200 93
192.168.10.56 - - [09/Mar/2018:09:00:54 -0300] "GET /cormun/servlet/hpexe_return? HTTP/1.1" 200 1014
192.168.10.56 - - [09/Mar/2018:09:00:54 -0300] "GET /cormun/servlet/trsolicitudgral? HTTP/1.1" 200 13231
192.168.10.56 - - [09/Mar/2018:09:00:54 -0300] "GET /cormun/servlet/trsolicitudgral? HTTP/1.1" 200 13227
192.168.10.56 - - [09/Mar/2018:09:01:13 -0300] "GET /cormun/servlet/solicitudgral2?UPD,2018,9598, HTTP/1.1" 200 12889
192.168.10.56 - - [09/Mar/2018:09:01:14 -0300] "GET /cormun/servlet/solicitudgral2?UPD,2018,9598, HTTP/1.1" 200 12899
192.168.10.56 - - [09/Mar/2018:09:01:14 -0300] "POST /cormun/servlet/solicitudgral2?gx-no-cache=1520596712662 HTTP/1.1" 200 3863
192.168.10.56 - - [09/Mar/2018:09:01:14 -0300] "GET /cormun/servlet/solicitudgral2?b3ce022a31f8c71ccde95f6be9cdb7cf123ed747e2315fabc7bacf75fcbc7ad623746434d27fdc95bc3130eb5a90359dc84823b4e2593500ac9c14941171444744d5ec1625883714bd554285740d50dc34f0a79f2476bd9934f831a9affd637abc1f1eaf16f7cb775a2e1f2bfb2304d882924fcadc4bf9f149a9f25093794eb4e315c6259ffca448b6566c83411bbef873e2f29cdc905c06df4452d81ef898bcacfddc6c03ee702e0577e9da5e68dc202416a6987d83fd59384ac526af3bd1b98a1df5d49fd1b6c49d2b2ff57ce9b3638585edaad395c82d92fa7e9dec5939d11f01c30405a735ae1da9f61d6804c977c4963eb8e17fa972dcec144e041253aa6dbecc37c972bdaca1175d177f1db3ef07000578caa85313f13c7f2efe06231d9708159272b11075cdfee5d034e63066d97fc770b8cc0a3a2d4eee33fa11c7dffd0bce794169d118e55be264df9d4d89,gx-no-cache=1520596712842 HTTP/1.1" 200 255
192.168.10.56 - - [09/Mar/2018:09:01:14 -0300] "POST /cormun/servlet/solicitudgral2?gx-no-cache=1520596712868 HTTP/1.1" 200 1398
192.168.10.56 - - [09/Mar/2018:09:01:14 -0300] "GET /cormun/servlet/solicitudgral2?b3ce022a31f8c71ccde95f6be9cdb7cfbc1d7cfe361817bf3115dac8be6bccebce7a95037a55556fb0e55520193be898d30526bd8a396cd7f02d25edc2cd44b2c2966d1b446592900dc852e1c14e79af73314ee62ac7fbc0538be77a6264a8a80232e156385680ea92df51f49c31a6f1,gx-no-cache=1520596712906 HTTP/1.1" 200 41
192.168.10.56 - - [09/Mar/2018:09:01:18 -0300] "POST /cormun/servlet/solicitudgral2?11b9442431472047e4d7aecc8c7981a2,UPD,2018,9598,,gx-no-cache=1520596716900 HTTP/1.1" 200 11812
192.168.10.56 - - [09/Mar/2018:09:01:18 -0300] "GET /cormun/servlet/solicitudgral2?b3ce022a31f8c71ccde95f6be9cdb7cf82d6ab2e2c86b6ac58f9e1ddfc7d1b87fa8f49f5da3c34209ab1285799ddbb2717055b52189b8300591f34b0445d73db84d69633ba5e01889aef02b74a934e490e253b89ef2799781dc5afa783e277549158dde329791f3fdc7127d342008a1eff543ff910dd1b11866a5b95850b64069bbfe1ef095172b9618a9c9ce32fc7521356cc90394ed2463380247488e8f403,gx-no-cache=1520596717067 HTTP/1.1" 200 29
192.168.10.56 - - [09/Mar/2018:09:01:18 -0300] "POST /cormun/servlet/solicitudgral2?gx-no-cache=1520596717083 HTTP/1.1" 200 1295
192.168.10.56 - - [09/Mar/2018:09:01:19 -0300] "POST /cormun/servlet/solicitudgral2?gx-no-cache=1520596717109 HTTP/1.1" 200 1218
192.168.10.56 - - [09/Mar/2018:09:01:19 -0300] "GET /cormun/servlet/solicitudgral2?b3ce022a31f8c71ccde95f6be9cdb7cf741c7cad0da564b6a85a88a3df61caff3c68c9c957d668da98ce4c14af07314ae05f86f85699c2012a0ff0128092c7b02b024b1252e1d91dae7f96a820332d3c1c40a3ad67c5a0510fe585c7dedf3c891cb7923de2d8ecd0185dd3e836b23e240fa735f949d20d1bf39ceb583a1d636f,gx-no-cache=1520596717143 HTTP/1.1" 200 30
192.168.10.56 - - [09/Mar/2018:09:01:19 -0300] "POST /cormun/servlet/solicitudgral2?11b9442431472047e4d7aecc8c7981a2,UPD,2018,9598,,gx-no-cache=1520596717181 HTTP/1.1" 200 93
192.168.10.56 - - [09/Mar/2018:09:01:19 -0300] "GET /cormun/servlet/hpexe_return? HTTP/1.1" 200 1015
192.168.10.56 - - [09/Mar/2018:09:01:19 -0300] "GET /cormun/servlet/trsolicitudgral HTTP/1.1" 200 13232
192.168.10.56 - - [09/Mar/2018:09:01:19 -0300] "GET /cormun/servlet/trsolicitudgral HTTP/1.1" 200 13228
186.79.5.199 - - [09/Mar/2018:09:01:45 -0300] "POST /cormun/servlet/solicitudot?1b60448f3c2d72a6bbc5df5748ad8465,INS,0,0,,gx-no-cache=1520596854200 HTTP/1.1" 200 90
186.79.5.199 - - [09/Mar/2018:09:01:45 -0300] "GET /cormun/servlet/hpexe_link HTTP/1.1" 200 964
186.79.5.199 - - [09/Mar/2018:09:01:45 -0300] "GET /cormun/servlet/trsolicitudot HTTP/1.1" 200 9698
186.79.5.199 - - [09/Mar/2018:09:01:47 -0300] "GET /cormun/servlet/trsolicitudot HTTP/1.1" 200 9697
186.79.5.199 - - [09/Mar/2018:09:01:52 -0300] "GET /cormun/servlet/vesolicitudot?2018,10336,, HTTP/1.1" 200 8606
186.79.5.199 - - [09/Mar/2018:09:01:52 -0300] "GET /cormun/pexe_scrolldiv.js HTTP/1.1" 404 1009
186.79.5.199 - - [09/Mar/2018:09:01:53 -0300] "GET /cormun/servlet/vesolicitudot?2018,10336,, HTTP/1.1" 200 8606
192.168.10.56 - - [09/Mar/2018:09:01:57 -0300] "GET /cormun/servlet/solicitudgral?UPD,2018,9608, HTTP/1.1" 200 12956
192.168.10.56 - - [09/Mar/2018:09:01:58 -0300] "GET /cormun/servlet/solicitudgral?UPD,2018,9608, HTTP/1.1" 200 12966
192.168.10.56 - - [09/Mar/2018:09:01:58 -0300] "POST /cormun/servlet/solicitudgral?gx-no-cache=1520596756608 HTTP/1.1" 200 3902
192.168.10.56 - - [09/Mar/2018:09:01:58 -0300] "GET /cormun/servlet/solicitudgral?b3ce022a31f8c71ccde95f6be9cdb7cf123ed747e2315fabc7bacf75fcbc7ad623746434d27fdc95bc3130eb5a90359dc84823b4e2593500ac9c14941171444744d5ec1625883714bd554285740d50dc34f0a79f2476bd9934f831a9affd637abc1f1eaf16f7cb775a2e1f2bfb2304d882924fcadc4bf9f149a9f25093794eb4e315c6259ffca448b6566c83411bbef873e2f29cdc905c06df4452d81ef898bcacfddc6c03ee702e0577e9da5e68dc202416a6987d83fd59384ac526af3bd1b98a1df5d49fd1b6c49d2b2ff57ce9b3638585edaad395c82d92fa7e9dec5939d11f01c30405a735ae1da9f61d6804c977c4963eb8e17fa972dcec144e041253aa6dbecc37c972bdaca1175d177f1db3ef07000578caa85313f13c7f2efe06231d9708159272b11075cdfee5d034e63066d97fc770b8cc0a3a2d4eee33fa11c7dffd0bce794169d118e55be264df9d4d89,gx-no-cache=1520596756769 HTTP/1.1" 200 255
186.103.157.246 - - [09/Mar/2018:09:02:02 -0300] "GET /cormun/static/Resources/resize.gif HTTP/1.1" 304 -
186.103.157.246 - - [09/Mar/2018:09:02:05 -0300] "GET /cormun/servlet/prbanco?,MD,,gxPopupLevel%3D0%3B HTTP/1.1" 200 6475
186.103.157.246 - - [09/Mar/2018:09:02:05 -0300] "GET /cormun/static/gxui/gxui-all.css?120300 HTTP/1.1" 304 -
186.103.157.246 - - [09/Mar/2018:09:02:05 -0300] "GET /cormun/static/gxcfg.js?20181161016094 HTTP/1.1" 304 -
186.103.157.246 - - [09/Mar/2018:09:02:06 -0300] "GET /cormun/static/Resources/PXToolsMenuSearch.png HTTP/1.1" 304 -
186.103.157.246 - - [09/Mar/2018:09:02:06 -0300] "GET /cormun/static/Resources/PXToolsMenuSearchCancel.png HTTP/1.1" 304 -
186.103.157.246 - - [09/Mar/2018:09:02:06 -0300] "GET /cormun/static/hmpwkw011.js?20177612121862 HTTP/1.1" 304 -
186.103.157.246 - - [09/Mar/2018:09:02:06 -0300] "GET /cormun/static/prbanco.js?2018116101633 HTTP/1.1" 304 -
186.67.203.186 - - [09/Mar/2018:09:02:07 -0300] "GET /cormun/servlet/hlogin HTTP/1.1" 200 1727
192.168.10.56 - - [09/Mar/2018:09:02:09 -0300] "GET /cormun/servlet/solicitudgral?b3ce022a31f8c71ccde95f6be9cdb7cfa1ecd465ee3277b2830322d90c6a9f0d98e7b2e61fc29ad269eac6b345ee9758eb0b54f8e693a850cb3aea1c8131e33d241e5844635c9bb7c03fcde4b401c12c8ec835642d621b9da707f009070b3cf1f7c2994830b880c4a78c278563a23ddfca2c64dccf573b6525ad526b0752059ab3c89c0370ab47c9cc0812caea58f776223538e4e4bf571f243ad2858ca2c9cf09a1d98b245af2141b2523b8bbe37f307340596e4ca4bd0f5ac23b00fdf8bade5d38de81491b311f7fe1af20ef07ea98504fc20e9d79fbaec667ee98d39c745a2a7ce870f1e63738c3e0c19e6b5dd6d6d21738bb7446ddc1346d0716f4dbc7e36475054b22e930ab54556e1dc8b6965d569243573e6b096a67d3ec31306f120a64951a4873c1a9891d898de4ef4364c25cc0856419c395336d980285dfb75acf6d00f301afc25a9987f6346ae78c5c519db0c07bbb0baee6cf922b75d3f262ff7cb737d9e6c8152b65252a50b93a2237544bd219892e5e0e67de4c29a77b52136b480efc3c168760518b27b50f669d64d9741f8dfb8bd7c3d7ead2e0136b9597c607242f2955ff2f3d2121a496d0cb0a,gx-no-cache=1520596767359 HTTP/1.1" 200 48
192.168.10.56 - - [09/Mar/2018:09:02:09 -0300] "POST /cormun/servlet/solicitudgral?11b9442431472047e4d7aecc8c7981a2,UPD,2018,9608,,gx-no-cache=1520596767378 HTTP/1.1" 200 11811
192.168.10.56 - - [09/Mar/2018:09:02:09 -0300] "GET /cormun/servlet/solicitudgral?b3ce022a31f8c71ccde95f6be9cdb7cf82d6ab2e2c86b6ac58f9e1ddfc7d1b87fa8f49f5da3c34209ab1285799ddbb2717055b52189b8300591f34b0445d73db84d69633ba5e01889aef02b74a934e490e253b89ef2799781dc5afa783e277549158dde329791f3fdc7127d342008a1eff543ff910dd1b11866a5b95850b64069bbfe1ef095172b9618a9c9ce32fc7521356cc90394ed2463380247488e8f403,gx-no-cache=1520596767558 HTTP/1.1" 200 29
192.168.10.56 - - [09/Mar/2018:09:02:09 -0300] "POST /cormun/servlet/solicitudgral?gx-no-cache=1520596767574 HTTP/1.1" 200 1295
192.168.10.56 - - [09/Mar/2018:09:02:09 -0300] "POST /cormun/servlet/solicitudgral?gx-no-cache=1520596767600 HTTP/1.1" 200 1218
192.168.10.56 - - [09/Mar/2018:09:02:09 -0300] "POST /cormun/servlet/solicitudgral?11b9442431472047e4d7aecc8c7981a2,UPD,2018,9608,,gx-no-cache=1520596767638 HTTP/1.1" 200 93
192.168.10.56 - - [09/Mar/2018:09:02:09 -0300] "GET /cormun/servlet/hpexe_return? HTTP/1.1" 200 1014
192.168.10.56 - - [09/Mar/2018:09:02:09 -0300] "GET /cormun/servlet/trsolicitudgral HTTP/1.1" 200 13232
192.168.10.56 - - [09/Mar/2018:09:02:10 -0300] "GET /cormun/servlet/trsolicitudgral HTTP/1.1" 200 13228
186.103.157.246 - - [09/Mar/2018:09:02:12 -0300] "GET /cormun/static/menusearch.js?201610171694467 HTTP/1.1" 304 -
186.103.157.246 - - [09/Mar/2018:09:02:17 -0300] "GET /cormun/servlet/solicitudot?c459640127d0a3b3a78ea7cbd073509f211ed978809d1a9aea543a79fa419a3c,gx-no-cache=1520596887154 HTTP/1.1" 200 20
186.103.157.246 - - [09/Mar/2018:09:02:18 -0300] "GET /cormun/servlet/solicitudot?39c09393041a2c14020a522e2770b92aa5854c3fdf622c4948c3c248d779f76bdc3a7146295b7eaf605f8cec5d92d88af4ed3bf9ce113f4de8061001958db713,gx-no-cache=1520596887572 HTTP/1.1" 200 30
186.103.157.246 - - [09/Mar/2018:09:02:22 -0300] "GET /cormun/servlet/solicitudot?39c09393041a2c14020a522e2770b92a5904e6ba1cd8304baefe65c2a2dfebb1,gx-no-cache=1520596892050 HTTP/1.1" 200 53
192.168.10.56 - - [09/Mar/2018:09:02:33 -0300] "POST /cormun/servlet/trsolicitudgral?11b9442431472047e4d7aecc8c7981a2,gx-no-cache=1520596791759 HTTP/1.1" 200 6149
192.168.10.56 - - [09/Mar/2018:09:02:34 -0300] "GET /cormun/static/Shared/jqueryui/images/ui-bg_highlight-soft_100_c6c2c8_1x100.png HTTP/1.1" 404 1117
192.168.10.56 - - [09/Mar/2018:09:02:34 -0300] "GET /cormun/static/Shared/jqueryui/images/ui-icons_82798d_256x240.png HTTP/1.1" 404 1089
192.168.10.56 - - [09/Mar/2018:09:02:34 -0300] "GET /cormun/static/Shared/jqueryui/images/ui-bg_flat_55_fafafa_40x100.png HTTP/1.1" 404 1097
192.168.10.56 - - [09/Mar/2018:09:02:34 -0300] "GET /cormun/static/Shared/jqueryui/images/ui-icons_8d78a5_256x240.png HTTP/1.1" 404 1089
200.86.95.220 - - [09/Mar/2018:09:02:37 -0300] "GET /cormun/servlet/solicitudot?INS,0,0, HTTP/1.1" 200 13390
200.86.95.220 - - [09/Mar/2018:09:02:40 -0300] "GET /cormun/servlet/solicitudot?INS,0,0, HTTP/1.1" 200 13395
200.111.122.170 - - [09/Mar/2018:09:02:44 -0300] "POST /cormun/servlet/hlogin?5d74235bd5be8486b7905dda05b6df01,gx-no-cache=1520596916270 HTTP/1.1" 200 90
200.111.122.170 - - [09/Mar/2018:09:02:44 -0300] "GET /cormun/servlet/hpexe_link HTTP/1.1" 200 952
200.111.122.170 - - [09/Mar/2018:09:02:44 -0300] "GET /cormun/servlet/hhome HTTP/1.1" 200 4063
200.111.122.170 - - [09/Mar/2018:09:02:45 -0300] "GET /cormun/servlet/hhome HTTP/1.1" 200 4059
200.86.95.220 - - [09/Mar/2018:09:02:50 -0300] "POST /cormun/servlet/solicitudot?gx-no-cache=1520596920362 HTTP/1.1" 200 3284
186.79.5.199 - - [09/Mar/2018:09:02:50 -0300] "POST /cormun/servlet/vesolicitudot?1b60448f3c2d72a6bbc5df5748ad8465,2018,10336,,,gx-no-cache=1520596923264 HTTP/1.1" 200 90
186.79.5.199 - - [09/Mar/2018:09:02:50 -0300] "GET /cormun/servlet/hpexe_link HTTP/1.1" 200 969
186.79.5.199 - - [09/Mar/2018:09:02:51 -0300] "GET /cormun/servlet/trsolicitudot HTTP/1.1" 200 9698
200.86.95.220 - - [09/Mar/2018:09:02:52 -0300] "POST /cormun/servlet/solicitudot?92a27c2db95808543fa581173fa0d235,INS,0,0,,gx-no-cache=1520596921448 HTTP/1.1" 200 10241
186.79.5.199 - - [09/Mar/2018:09:02:53 -0300] "GET /cormun/servlet/trsolicitudot HTTP/1.1" 200 9697
186.79.5.199 - - [09/Mar/2018:09:02:56 -0300] "POST /cormun/servlet/trsolicitudot?1b60448f3c2d72a6bbc5df5748ad8465,gx-no-cache=1520596928695 HTTP/1.1" 200 107
186.79.5.199 - - [09/Mar/2018:09:02:56 -0300] "GET /cormun/servlet/trsolicitudadjuntos?2018,10336, HTTP/1.1" 200 6329
186.79.5.199 - - [09/Mar/2018:09:02:56 -0300] "GET /cormun/static/gxcfg.js?20177612135366 HTTP/1.1" 200 953
200.86.95.220 - - [09/Mar/2018:09:02:57 -0300] "GET /cormun/servlet/solicitudot?37f23dc6224e3854295a0f31488c05603e18ad483fc58f8072ca13e55469e9096229f069fc0593d3eeb359602aefd20c,gx-no-cache=1520596928253 HTTP/1.1" 200 30
186.79.5.199 - - [09/Mar/2018:09:02:57 -0300] "GET /cormun/servlet/trsolicitudadjuntos?2018,10336, HTTP/1.1" 200 6329
190.151.100.218 - - [09/Mar/2018:09:02:57 -0300] "GET /cormun/servlet/trsolicitudot? HTTP/1.1" 200 7275
190.151.100.218 - - [09/Mar/2018:09:02:58 -0300] "GET /cormun/servlet/trsolicitudot? HTTP/1.1" 200 7274
186.79.5.199 - - [09/Mar/2018:09:03:00 -0300] "GET /cormun/servlet/solicitudotadjuntos?INS,2018,10336,,1, HTTP/1.1" 200 6276
190.151.100.218 - - [09/Mar/2018:09:03:00 -0300] "GET /cormun/servlet/solicitudot?INS,0,0, HTTP/1.1" 200 13507
190.151.100.218 - - [09/Mar/2018:09:03:01 -0300] "GET /cormun/servlet/solicitudot?INS,0,0, HTTP/1.1" 200 13512
186.79.5.199 - - [09/Mar/2018:09:03:01 -0300] "GET /cormun/static/about:blank HTTP/1.1" 404 1011
186.79.5.199 - - [09/Mar/2018:09:03:02 -0300] "GET /cormun/servlet/solicitudotadjuntos?INS,2018,10336,,1, HTTP/1.1" 200 6269
200.120.230.197 - - [09/Mar/2018:09:03:02 -0300] "GET /cormun/servlet/solicitudotadjuntos?60a4dcbb587529e8855b10ae7f2dc8b256ee9b176eacbaac3a283ff95c5e549a6b1dc213cb447b624475cc8a6f329ea2,gx-no-cache=1520596935619 HTTP/1.1" 200 30
200.120.230.197 - - [09/Mar/2018:09:03:02 -0300] "POST /cormun/servlet/solicitudotadjuntos?1b60448f3c2d72a6bbc5df5748ad8465,INS,2018,10336,,1,,gx-no-cache=1520596935813 HTTP/1.1" 200 4024
200.120.230.197 - - [09/Mar/2018:09:03:04 -0300] "POST /cormun/servlet/solicitudotadjuntos?gx-no-cache=1520596937899 HTTP/1.1" 200 26
200.120.230.197 - - [09/Mar/2018:09:03:13 -0300] "GET /cormun/servlet/solicitudotadjuntos?60a4dcbb587529e8855b10ae7f2dc8b2676d3b2f84175d332bd451649abf62e9,gx-no-cache=1520596946849 HTTP/1.1" 200 30
200.120.230.197 - - [09/Mar/2018:09:03:13 -0300] "GET /cormun/servlet/solicitudotadjuntos?60a4dcbb587529e8855b10ae7f2dc8b2676d3b2f84175d332bd451649abf62e9,gx-no-cache=1520596946944 HTTP/1.1" 200 30
186.67.203.186 - - [09/Mar/2018:09:03:16 -0300] "GET /cormun/servlet/trsolicitudot? HTTP/1.1" 200 7275
186.67.203.186 - - [09/Mar/2018:09:03:16 -0300] "GET /cormun/servlet/trsolicitudot? HTTP/1.1" 200 7274
186.67.203.186 - - [09/Mar/2018:09:03:18 -0300] "GET /cormun/static/menuarrow.gif HTTP/1.1" 404 1015
200.120.230.197 - - [09/Mar/2018:09:03:25 -0300] "POST /cormun/servlet/solicitudotadjuntos?1b60448f3c2d72a6bbc5df5748ad8465,INS,2018,10336,,1, HTTP/1.1" 200 116
200.120.230.197 - - [09/Mar/2018:09:03:26 -0300] "GET /cormun/servlet/hpexe_return? HTTP/1.1" 200 1029
200.120.230.197 - - [09/Mar/2018:09:03:26 -0300] "GET /cormun/servlet/trsolicitudadjuntos?2018,10336, HTTP/1.1" 200 8757
200.120.230.197 - - [09/Mar/2018:09:03:27 -0300] "GET /cormun/servlet/trsolicitudadjuntos?2018,10336, HTTP/1.1" 200 8756
186.67.203.186 - - [09/Mar/2018:09:03:28 -0300] "POST /cormun/servlet/trsolicitudot?5d74235bd5be8486b7905dda05b6df01,,gx-no-cache=1520596960359 HTTP/1.1" 200 14667
186.67.203.186 - - [09/Mar/2018:09:03:32 -0300] "POST /cormun/servlet/trsolicitudot?5d74235bd5be8486b7905dda05b6df01,,gx-no-cache=1520596963288 HTTP/1.1" 200 103
186.67.203.186 - - [09/Mar/2018:09:03:32 -0300] "GET /cormun/SolicitudOT-3764.xls HTTP/1.1" 200 15360
200.120.230.197 - - [09/Mar/2018:09:03:44 -0300] "GET /cormun/servlet/solicitudotadjuntos?INS,2018,10336,,1, HTTP/1.1" 200 6277
200.120.230.197 - - [09/Mar/2018:09:03:44 -0300] "GET /cormun/static/about:blank HTTP/1.1" 404 1011
200.120.230.197 - - [09/Mar/2018:09:03:46 -0300] "GET /cormun/servlet/solicitudotadjuntos?INS,2018,10336,,1, HTTP/1.1" 200 6269
200.120.230.197 - - [09/Mar/2018:09:03:46 -0300] "GET /cormun/servlet/solicitudotadjuntos?60a4dcbb587529e8855b10ae7f2dc8b256ee9b176eacbaac3a283ff95c5e549a6b1dc213cb447b624475cc8a6f329ea2,gx-no-cache=1520596979687 HTTP/1.1" 200 30
200.120.230.197 - - [09/Mar/2018:09:03:47 -0300] "POST /cormun/servlet/solicitudotadjuntos?1b60448f3c2d72a6bbc5df5748ad8465,INS,2018,10336,,1,,gx-no-cache=1520596980143 HTTP/1.1" 200 4026
200.120.230.197 - - [09/Mar/2018:09:03:49 -0300] "POST /cormun/servlet/solicitudotadjuntos?gx-no-cache=1520596982950 HTTP/1.1" 200 26
200.86.95.220 - - [09/Mar/2018:09:03:51 -0300] "GET /cormun/servlet/solicitudot?37f23dc6224e3854295a0f31488c0560bbabd773890b7b8f2e41ee834c34bc46495c162fec0bf3b151caff9c4e5c748d08a7ff80c8996d5f94c1c88b6095ae7f,gx-no-cache=1520596982644 HTTP/1.1" 200 30
200.86.95.220 - - [09/Mar/2018:09:03:51 -0300] "GET /cormun/servlet/solicitudot?37f23dc6224e3854295a0f31488c0560e15e3d6747e1588122befc8d0ee0ccb8,gx-no-cache=1520596982826 HTTP/1.1" 200 29
200.86.95.220 - - [09/Mar/2018:09:03:51 -0300] "POST /cormun/servlet/solicitudot?gx-no-cache=1520596982932 HTTP/1.1" 200 297
200.86.95.220 - - [09/Mar/2018:09:03:51 -0300] "GET /cormun/servlet/solicitudot?37f23dc6224e3854295a0f31488c0560e4ce34a2b0a02558de3531dfb45a892eca63f8929a6962b2054d839a1f8a956dcc1a6d6176bf2cf114272685b3be127ae1b44659d67a1ab0dc563141e74259afcb192b905e65a7598e1f6f4e61ac77e6dfd9aeff92e52dae4c1da8e6fbbd27a74c18ca65aa1d316df39c5bb380dff0ac3c8e4a6cf879474d7705ed0565a060a020f569e87ec57e3a82657d0263f46763dae8a94b1947402d4a4e6039f4e3245b911f84f8029eff8c1d68e5a9b4df554ec9b69f64350f040087b45855ea03a503efc74f756f30bb50d270680bdd9f3952c5f8e5187e1bec8bcdf4179b739dccd8ad706921b13338bc99652074e3f1d9c8fa807259cd34cf75e4e3123340f1fee3d469c8699e8f9222cf099686b5834c4c25729dcc8401cc7ed3afb75a766e74c91290d78c07fdd4bd6467fd62dc93eefddf9ac730b1313ec11a8276696deae887d9214135de62661803c151c2997a29c4eaa6e8885731b3218634a2b88862bc4134a1a373963127dd88d29a541b0b0b1c0fe76b93d52f3fb0aea465fa070fbfc4,gx-no-cache=1520596983040 HTTP/1.1" 200 30
200.120.230.197 - - [09/Mar/2018:09:03:55 -0300] "GET /cormun/servlet/solicitudotadjuntos?60a4dcbb587529e8855b10ae7f2dc8b2676d3b2f84175d332bd451649abf62e9,gx-no-cache=1520596988431 HTTP/1.1" 200 30
200.120.230.197 - - [09/Mar/2018:09:03:55 -0300] "GET /cormun/servlet/solicitudotadjuntos?60a4dcbb587529e8855b10ae7f2dc8b2676d3b2f84175d332bd451649abf62e9,gx-no-cache=1520596988535 HTTP/1.1" 200 30
200.86.95.220 - - [09/Mar/2018:09:03:55 -0300] "POST /cormun/servlet/solicitudot?gx-no-cache=1520596986549 HTTP/1.1" 200 30
192.168.10.56 - - [09/Mar/2018:09:03:57 -0300] "POST /cormun/servlet/trsolicitudgral?11b9442431472047e4d7aecc8c7981a2,gx-no-cache=1520596874973 HTTP/1.1" 200 24108
200.86.95.220 - - [09/Mar/2018:09:04:11 -0300] "POST /cormun/servlet/solicitudot?gx-no-cache=1520597002092 HTTP/1.1" 200 1333
200.86.95.220 - - [09/Mar/2018:09:04:11 -0300] "POST /cormun/servlet/solicitudot?gx-no-cache=1520597002647 HTTP/1.1" 200 38
192.168.10.56 - - [09/Mar/2018:09:04:15 -0300] "POST /cormun/servlet/trsolicitudgral?11b9442431472047e4d7aecc8c7981a2,gx-no-cache=1520596892788 HTTP/1.1" 200 10757
192.168.10.56 - - [09/Mar/2018:09:04:18 -0300] "POST /cormun/servlet/trsolicitudgral?11b9442431472047e4d7aecc8c7981a2,gx-no-cache=1520596896116 HTTP/1.1" 200 24109
200.120.230.197 - - [09/Mar/2018:09:04:23 -0300] "POST /cormun/servlet/solicitudotadjuntos?1b60448f3c2d72a6bbc5df5748ad8465,INS,2018,10336,,1, HTTP/1.1" 200 116
192.168.10.62 - - [09/Mar/2018:09:04:23 -0300] "GET /cormun/servlet/trsolicitudgral? HTTP/1.1" 200 15262
200.120.230.197 - - [09/Mar/2018:09:04:23 -0300] "GET /cormun/servlet/hpexe_return? HTTP/1.1" 200 1029
192.168.10.62 - - [09/Mar/2018:09:04:24 -0300] "GET /cormun/servlet/trsolicitudgral? HTTP/1.1" 200 15254
200.120.230.197 - - [09/Mar/2018:09:04:24 -0300] "GET /cormun/servlet/trsolicitudadjuntos?2018,10336, HTTP/1.1" 200 8972
192.168.10.56 - - [09/Mar/2018:09:04:26 -0300] "POST /cormun/servlet/trsolicitudgral?11b9442431472047e4d7aecc8c7981a2,gx-no-cache=1520596904657 HTTP/1.1" 200 14761
200.120.230.197 - - [09/Mar/2018:09:04:28 -0300] "GET /cormun/servlet/trsolicitudadjuntos?2018,10336, HTTP/1.1" 200 8972
200.120.230.197 - - [09/Mar/2018:09:04:31 -0300] "GET /cormun/servlet/solicitudotadjuntos?INS,2018,10336,,1, HTTP/1.1" 200 6277
192.168.10.62 - - [09/Mar/2018:09:04:31 -0300] "POST /cormun/servlet/trsolicitudgral?3ec639b3b2d30f75ee5dc68308b9fdb7,,gx-no-cache=1520596909143 HTTP/1.1" 200 21538
200.120.230.197 - - [09/Mar/2018:09:04:31 -0300] "GET /cormun/static/about:blank HTTP/1.1" 404 1011
200.120.230.197 - - [09/Mar/2018:09:04:32 -0300] "GET /cormun/servlet/solicitudotadjuntos?INS,2018,10336,,1, HTTP/1.1" 200 6269
200.120.230.197 - - [09/Mar/2018:09:04:32 -0300] "GET /cormun/servlet/solicitudotadjuntos?60a4dcbb587529e8855b10ae7f2dc8b256ee9b176eacbaac3a283ff95c5e549a6b1dc213cb447b624475cc8a6f329ea2,gx-no-cache=1520597026016 HTTP/1.1" 200 30
200.120.230.197 - - [09/Mar/2018:09:04:33 -0300] "POST /cormun/servlet/solicitudotadjuntos?1b60448f3c2d72a6bbc5df5748ad8465,INS,2018,10336,,1,,gx-no-cache=1520597026134 HTTP/1.1" 200 4026
200.120.230.197 - - [09/Mar/2018:09:04:36 -0300] "POST /cormun/servlet/solicitudotadjuntos?gx-no-cache=1520597029254 HTTP/1.1" 200 26
200.120.230.197 - - [09/Mar/2018:09:04:43 -0300] "GET /cormun/servlet/solicitudotadjuntos?60a4dcbb587529e8855b10ae7f2dc8b2676d3b2f84175d332bd451649abf62e9,gx-no-cache=1520597035489 HTTP/1.1" 200 30
192.168.10.62 - - [09/Mar/2018:09:04:43 -0300] "POST /cormun/servlet/trsolicitudgral?3ec639b3b2d30f75ee5dc68308b9fdb7,,gx-no-cache=1520596921856 HTTP/1.1" 200 12890
192.168.10.62 - - [09/Mar/2018:09:04:48 -0300] "POST /cormun/servlet/trsolicitudgral?3ec639b3b2d30f75ee5dc68308b9fdb7,,gx-no-cache=1520596926455 HTTP/1.1" 200 105
192.168.10.62 - - [09/Mar/2018:09:04:48 -0300] "GET /cormun/SolicitudGral-9510.xls HTTP/1.1" 200 12288
200.120.230.197 - - [09/Mar/2018:09:04:51 -0300] "GET /cormun/servlet/solicitudotadjuntos?60a4dcbb587529e8855b10ae7f2dc8b2676d3b2f84175d332bd451649abf62e9,gx-no-cache=1520597036471 HTTP/1.1" 200 30
192.168.10.56 - - [09/Mar/2018:09:04:56 -0300] "POST /cormun/servlet/trsolicitudgral?11b9442431472047e4d7aecc8c7981a2,gx-no-cache=1520596934314 HTTP/1.1" 200 105
192.168.10.56 - - [09/Mar/2018:09:04:56 -0300] "POST /cormun/servlet/trsolicitudgral?11b9442431472047e4d7aecc8c7981a2,gx-no-cache=1520596934495 HTTP/1.1" 200 14740
192.168.10.56 - - [09/Mar/2018:09:04:56 -0300] "GET /cormun/SolicitudGral-9475.xls HTTP/1.1" 200 13824
200.111.122.170 - - [09/Mar/2018:09:04:57 -0300] "GET /cormun/servlet/trsolicitudot? HTTP/1.1" 200 17253
200.111.122.170 - - [09/Mar/2018:09:04:58 -0300] "GET /cormun/servlet/trsolicitudot? HTTP/1.1" 200 17253
186.103.132.155 - - [09/Mar/2018:09:05:01 -0300] "GET /cormun/servlet/solicitudot?INS,0,0, HTTP/1.1" 200 13508
186.103.132.155 - - [09/Mar/2018:09:05:01 -0300] "GET /cormun/servlet/solicitudot?INS,0,0, HTTP/1.1" 200 13513
192.168.10.89 - - [09/Mar/2018:09:05:10 -0300] "POST /cormun/servlet/trsolicitudgral?b2c0c2d2bbe7a0a2e51b688c2943034b,,gx-no-cache=1520596948932 HTTP/1.1" 200 7307
192.168.10.89 - - [09/Mar/2018:09:05:14 -0300] "GET /cormun/servlet/vesolicitudgral?2018,9449,, HTTP/1.1" 200 9486
192.168.10.89 - - [09/Mar/2018:09:05:14 -0300] "GET /cormun/pexe_scrolldiv.js HTTP/1.1" 404 1009
192.168.10.62 - - [09/Mar/2018:09:05:15 -0300] "POST /cormun/servlet/trsolicitudgral?3ec639b3b2d30f75ee5dc68308b9fdb7,,gx-no-cache=1520596953534 HTTP/1.1" 200 17529
200.120.230.197 - - [09/Mar/2018:09:05:17 -0300] "POST /cormun/servlet/solicitudotadjuntos?1b60448f3c2d72a6bbc5df5748ad8465,INS,2018,10336,,1, HTTP/1.1" 200 116
200.120.230.197 - - [09/Mar/2018:09:05:17 -0300] "GET /cormun/servlet/hpexe_return? HTTP/1.1" 200 1029
200.120.230.197 - - [09/Mar/2018:09:05:17 -0300] "GET /cormun/servlet/trsolicitudadjuntos?2018,10336, HTTP/1.1" 200 9153
192.168.10.89 - - [09/Mar/2018:09:05:18 -0300] "GET /cormun/servlet/vesolicitudgral?2018,9449,,SolicitudOTAdjuntos HTTP/1.1" 200 11636
192.168.10.89 - - [09/Mar/2018:09:05:18 -0300] "GET /cormun/pexe_scrolldiv.js HTTP/1.1" 404 1009
192.168.10.62 - - [09/Mar/2018:09:05:19 -0300] "POST /cormun/servlet/trsolicitudgral?3ec639b3b2d30f75ee5dc68308b9fdb7,,gx-no-cache=1520596956645 HTTP/1.1" 200 105
192.168.10.62 - - [09/Mar/2018:09:05:19 -0300] "GET /cormun/SolicitudGral-3655.xls HTTP/1.1" 200 17920
192.168.10.89 - - [09/Mar/2018:09:05:20 -0300] "POST /cormun/servlet/acontrolpreferencessavestate?None,CDROGUETT,true HTTP/1.1" 200 35
200.120.230.197 - - [09/Mar/2018:09:05:21 -0300] "GET /cormun/servlet/trsolicitudadjuntos?2018,10336, HTTP/1.1" 200 9151
192.168.10.89 - - [09/Mar/2018:09:05:21 -0300] "GET /cormun/PublicTempStorage/img_20171227_0001_new_%282%292499836.jpg HTTP/1.1" 200 538661
186.79.5.199 - - [09/Mar/2018:09:05:21 -0300] "GET /cormun/servlet/solicitudotadjuntos?INS,2018,10336,,1, HTTP/1.1" 200 6275
200.120.230.197 - - [09/Mar/2018:09:05:23 -0300] "GET /cormun/servlet/solicitudotadjuntos?INS,2018,10336,,1, HTTP/1.1" 200 6268
200.120.230.197 - - [09/Mar/2018:09:05:23 -0300] "GET /cormun/servlet/solicitudotadjuntos?60a4dcbb587529e8855b10ae7f2dc8b256ee9b176eacbaac3a283ff95c5e549a6b1dc213cb447b624475cc8a6f329ea2,gx-no-cache=1520597076595 HTTP/1.1" 200 30
186.79.5.199 - - [09/Mar/2018:09:05:23 -0300] "GET /cormun/static/about:blank HTTP/1.1" 404 1011
200.120.230.197 - - [09/Mar/2018:09:05:25 -0300] "POST /cormun/servlet/solicitudotadjuntos?1b60448f3c2d72a6bbc5df5748ad8465,INS,2018,10336,,1,,gx-no-cache=1520597076726 HTTP/1.1" 200 4025
200.120.230.197 - - [09/Mar/2018:09:05:29 -0300] "POST /cormun/servlet/solicitudotadjuntos?gx-no-cache=1520597082024 HTTP/1.1" 200 26
200.120.230.197 - - [09/Mar/2018:09:05:34 -0300] "GET /cormun/servlet/solicitudotadjuntos?60a4dcbb587529e8855b10ae7f2dc8b2676d3b2f84175d332bd451649abf62e9,gx-no-cache=1520597087903 HTTP/1.1" 200 30
200.120.230.197 - - [09/Mar/2018:09:05:34 -0300] "GET /cormun/servlet/solicitudotadjuntos?60a4dcbb587529e8855b10ae7f2dc8b2676d3b2f84175d332bd451649abf62e9,gx-no-cache=1520597088002 HTTP/1.1" 200 30
192.168.10.89 - - [09/Mar/2018:09:05:37 -0300] "GET /cormun/servlet/vesolicitudgral?2018,9449,,SolicitudOTAdjuntos HTTP/1.1" 200 11637
192.168.10.89 - - [09/Mar/2018:09:05:37 -0300] "GET /cormun/pexe_scrolldiv.js HTTP/1.1" 404 1009
192.168.10.89 - - [09/Mar/2018:09:05:38 -0300] "POST /cormun/servlet/acontrolpreferencessavestate?None,CDROGUETT,true HTTP/1.1" 200 35
192.168.10.89 - - [09/Mar/2018:09:05:39 -0300] "GET /cormun/PublicTempStorage/certificado_de_titulo_%282%296232713.jpg HTTP/1.1" 200 2195328
192.168.10.89 - - [09/Mar/2018:09:05:47 -0300] "GET /cormun/servlet/vesolicitudgral?2018,9449,,SolicitudOTAdjuntos HTTP/1.1" 200 11636
192.168.10.89 - - [09/Mar/2018:09:05:47 -0300] "GET /cormun/pexe_scrolldiv.js HTTP/1.1" 404 1009
192.168.10.89 - - [09/Mar/2018:09:05:48 -0300] "POST /cormun/servlet/acontrolpreferencessavestate?None,CDROGUETT,true HTTP/1.1" 200 35
192.168.10.89 - - [09/Mar/2018:09:05:49 -0300] "GET /cormun/PublicTempStorage/certificado-de-afiliacion-afpmodelo929281.pdf HTTP/1.1" 200 92640
192.168.10.89 - - [09/Mar/2018:09:05:56 -0300] "GET /cormun/servlet/vesolicitudgral?2018,9449,,SolicitudOTAdjuntos HTTP/1.1" 200 11636
192.168.10.89 - - [09/Mar/2018:09:05:56 -0300] "GET /cormun/pexe_scrolldiv.js HTTP/1.1" 404 1009
192.168.10.89 - - [09/Mar/2018:09:05:58 -0300] "POST /cormun/servlet/acontrolpreferencessavestate?None,CDROGUETT,true HTTP/1.1" 200 35
200.120.230.197 - - [09/Mar/2018:09:05:58 -0300] "POST /cormun/servlet/solicitudotadjuntos?1b60448f3c2d72a6bbc5df5748ad8465,INS,2018,10336,,1, HTTP/1.1" 200 116
200.120.230.197 - - [09/Mar/2018:09:05:59 -0300] "GET /cormun/servlet/hpexe_return? HTTP/1.1" 200 1029
192.168.10.89 - - [09/Mar/2018:09:05:59 -0300] "GET /cormun/PublicTempStorage/salud8728352.pdf HTTP/1.1" 200 66841
200.120.230.197 - - [09/Mar/2018:09:06:00 -0300] "GET /cormun/servlet/trsolicitudadjuntos?2018,10336, HTTP/1.1" 200 9380
200.120.230.197 - - [09/Mar/2018:09:06:01 -0300] "GET /cormun/servlet/trsolicitudadjuntos?2018,10336, HTTP/1.1" 200 9382
186.79.5.199 - - [09/Mar/2018:09:06:04 -0300] "GET /cormun/servlet/solicitudotadjuntos?INS,2018,10336,,1, HTTP/1.1" 200 6276
186.79.5.199 - - [09/Mar/2018:09:06:05 -0300] "GET /cormun/static/about:blank HTTP/1.1" 404 1011
192.168.10.89 - - [09/Mar/2018:09:06:05 -0300] "GET /cormun/servlet/vesolicitudgral?2018,9449,,SolicitudOTAdjuntos HTTP/1.1" 200 11636
192.168.10.89 - - [09/Mar/2018:09:06:05 -0300] "GET /cormun/pexe_scrolldiv.js HTTP/1.1" 404 1009
186.79.5.199 - - [09/Mar/2018:09:06:05 -0300] "GET /cormun/servlet/solicitudotadjuntos?INS,2018,10336,,1, HTTP/1.1" 200 6269
186.79.5.199 - - [09/Mar/2018:09:06:06 -0300] "GET /cormun/servlet/solicitudotadjuntos?60a4dcbb587529e8855b10ae7f2dc8b256ee9b176eacbaac3a283ff95c5e549a6b1dc213cb447b624475cc8a6f329ea2,gx-no-cache=1520597118994 HTTP/1.1" 200 30
192.168.10.89 - - [09/Mar/2018:09:06:06 -0300] "POST /cormun/servlet/acontrolpreferencessavestate?None,CDROGUETT,true HTTP/1.1" 200 35
192.168.10.89 - - [09/Mar/2018:09:06:07 -0300] "GET /cormun/PublicTempStorage/ant_500170598310_208987036128572.pdf HTTP/1.1" 200 34477
186.79.5.199 - - [09/Mar/2018:09:06:08 -0300] "POST /cormun/servlet/solicitudotadjuntos?1b60448f3c2d72a6bbc5df5748ad8465,INS,2018,10336,,1,,gx-no-cache=1520597119423 HTTP/1.1" 200 4027
186.79.5.199 - - [09/Mar/2018:09:06:12 -0300] "POST /cormun/servlet/solicitudotadjuntos?gx-no-cache=1520597125176 HTTP/1.1" 200 26
200.86.95.220 - - [09/Mar/2018:09:06:12 -0300] "GET /cormun/servlet/solicitudot?37f23dc6224e3854295a0f31488c05603b2d081ea7513da27732c08bba2b4099469f34f10fe03158c8c39f91a2c5696c02f309203647507e6107bfff875aeb31622f65ef30fcfd9c8d7e95cb8f3d1c4f7766088ca2f8a5a6e4d06c98d50d3817b54cdc59763772ca38dca90054209079,gx-no-cache=1520597120361 HTTP/1.1" 200 29
200.86.95.220 - - [09/Mar/2018:09:06:12 -0300] "POST /cormun/servlet/solicitudot?gx-no-cache=1520597123553 HTTP/1.1" 200 1319
200.86.95.220 - - [09/Mar/2018:09:06:13 -0300] "POST /cormun/servlet/solicitudot?gx-no-cache=1520597124092 HTTP/1.1" 200 1215
186.79.5.199 - - [09/Mar/2018:09:06:16 -0300] "GET /cormun/servlet/solicitudotadjuntos?60a4dcbb587529e8855b10ae7f2dc8b2676d3b2f84175d332bd451649abf62e9,gx-no-cache=1520597129785 HTTP/1.1" 200 30
186.79.5.199 - - [09/Mar/2018:09:06:17 -0300] "GET /cormun/servlet/solicitudotadjuntos?60a4dcbb587529e8855b10ae7f2dc8b2676d3b2f84175d332bd451649abf62e9,gx-no-cache=1520597129921 HTTP/1.1" 200 30
200.86.95.220 - - [09/Mar/2018:09:06:21 -0300] "GET /cormun/static/menuarrow.gif HTTP/1.1" 404 1015
200.86.95.220 - - [09/Mar/2018:09:06:24 -0300] "GET /cormun/servlet/solicitudot?37f23dc6224e3854295a0f31488c056065eb8bfb78b4bdc074a82076ce5b793bbf4556b781e9023c53dcfecf54255cf9,gx-no-cache=1520597135600 HTTP/1.1" 200 30
192.168.10.50 - - [09/Mar/2018:09:06:29 -0300] "POST /cormun/servlet/trsolicitudgral?ce049adf1501c0d489570ce6ebc8646f,,gx-no-cache=1520597027566 HTTP/1.1" 200 12491
200.86.95.220 - - [09/Mar/2018:09:06:32 -0300] "POST /cormun/servlet/solicitudot?gx-no-cache=1520597143806 HTTP/1.1" 200 30
186.79.5.199 - - [09/Mar/2018:09:06:38 -0300] "POST /cormun/servlet/solicitudotadjuntos?1b60448f3c2d72a6bbc5df5748ad8465,INS,2018,10336,,1, HTTP/1.1" 200 116
186.79.5.199 - - [09/Mar/2018:09:06:39 -0300] "GET /cormun/servlet/hpexe_return? HTTP/1.1" 200 1029
186.79.5.199 - - [09/Mar/2018:09:06:40 -0300] "GET /cormun/servlet/trsolicitudadjuntos?2018,10336, HTTP/1.1" 200 9577
186.79.5.199 - - [09/Mar/2018:09:06:42 -0300] "GET /cormun/servlet/trsolicitudadjuntos?2018,10336, HTTP/1.1" 200 9575
186.79.5.199 - - [09/Mar/2018:09:06:44 -0300] "GET /cormun/servlet/solicitudotadjuntos?INS,2018,10336,,1, HTTP/1.1" 200 6276
186.79.5.199 - - [09/Mar/2018:09:06:46 -0300] "GET /cormun/static/about:blank HTTP/1.1" 404 1011
186.79.5.199 - - [09/Mar/2018:09:06:46 -0300] "GET /cormun/servlet/solicitudotadjuntos?INS,2018,10336,,1, HTTP/1.1" 200 6269
186.79.5.199 - - [09/Mar/2018:09:06:46 -0300] "GET /cormun/servlet/solicitudotadjuntos?60a4dcbb587529e8855b10ae7f2dc8b256ee9b176eacbaac3a283ff95c5e549a6b1dc213cb447b624475cc8a6f329ea2,gx-no-cache=1520597159680 HTTP/1.1" 200 30
186.79.5.199 - - [09/Mar/2018:09:06:48 -0300] "POST /cormun/servlet/solicitudotadjuntos?1b60448f3c2d72a6bbc5df5748ad8465,INS,2018,10336,,1,,gx-no-cache=1520597159869 HTTP/1.1" 200 4026
186.79.5.199 - - [09/Mar/2018:09:06:50 -0300] "POST /cormun/servlet/solicitudotadjuntos?gx-no-cache=1520597164047 HTTP/1.1" 200 26
186.79.5.199 - - [09/Mar/2018:09:06:55 -0300] "GET /cormun/servlet/solicitudotadjuntos?60a4dcbb587529e8855b10ae7f2dc8b2676d3b2f84175d332bd451649abf62e9,gx-no-cache=1520597168969 HTTP/1.1" 200 30
186.79.5.199 - - [09/Mar/2018:09:06:55 -0300] "GET /cormun/servlet/solicitudotadjuntos?60a4dcbb587529e8855b10ae7f2dc8b2676d3b2f84175d332bd451649abf62e9,gx-no-cache=1520597169107 HTTP/1.1" 200 30
192.168.10.56 - - [09/Mar/2018:09:07:01 -0300] "POST /cormun/servlet/trsolicitudgral?11b9442431472047e4d7aecc8c7981a2,gx-no-cache=1520597052820 HTTP/1.1" 200 25902
192.168.10.56 - - [09/Mar/2018:09:07:11 -0300] "POST /cormun/servlet/trsolicitudgral?11b9442431472047e4d7aecc8c7981a2,gx-no-cache=1520597068928 HTTP/1.1" 200 13707
186.79.5.199 - - [09/Mar/2018:09:07:23 -0300] "POST /cormun/servlet/solicitudotadjuntos?1b60448f3c2d72a6bbc5df5748ad8465,INS,2018,10336,,1, HTTP/1.1" 200 116
186.79.5.199 - - [09/Mar/2018:09:07:23 -0300] "GET /cormun/servlet/hpexe_return? HTTP/1.1" 200 1029
186.79.5.199 - - [09/Mar/2018:09:07:24 -0300] "GET /cormun/servlet/trsolicitudadjuntos?2018,10336, HTTP/1.1" 200 9834
186.79.5.199 - - [09/Mar/2018:09:07:25 -0300] "GET /cormun/servlet/trsolicitudadjuntos?2018,10336, HTTP/1.1" 200 9830
186.79.5.199 - - [09/Mar/2018:09:07:30 -0300] "GET /cormun/servlet/solicitudotadjuntos?INS,2018,10336,,2, HTTP/1.1" 200 6273
