186.79.37.232 - - [09/Mar/2018:12:24:04 -0300] "GET /cormun/servlet/solicitudot?bd2a5dfe37d75bbff472bc607de743b77770316190c4640773004a366e6b7a29eb8d8ede54f13b3bfce65be053c1faaa,gx-no-cache=1520605398130 HTTP/1.1" 200 30
200.120.230.197 - - [09/Mar/2018:12:24:04 -0300] "POST /cormun/servlet/solicitudot?gx-no-cache=1520608997248 HTTP/1.1" 200 30
200.54.18.125 - - [09/Mar/2018:12:24:04 -0300] "GET /cormun/servlet/solicitudotadjuntos?INS,2018,10367,,1, HTTP/1.1" 200 6242
200.54.18.125 - - [09/Mar/2018:12:24:05 -0300] "GET /cormun/static/about:blank HTTP/1.1" 404 1011
200.54.18.125 - - [09/Mar/2018:12:24:05 -0300] "GET /cormun/servlet/solicitudotadjuntos?INS,2018,10367,,1, HTTP/1.1" 200 6236
186.103.196.90 - - [09/Mar/2018:12:24:05 -0300] "GET /cormun/servlet/solicitudotadjuntos?a9964e3e40c2dc518aa990fcc8f8409cf9e687d67f449c318b0c3c83c4634fd731b27fdebcafb983032d595dcf37ba51,gx-no-cache=1520608995317 HTTP/1.1" 200 30
186.103.196.90 - - [09/Mar/2018:12:24:06 -0300] "POST /cormun/servlet/solicitudotadjuntos?02a88c073cf73cba9b5e34c694f3c51a,INS,2018,10367,,1,,gx-no-cache=1520608995415 HTTP/1.1" 200 3984
200.120.230.197 - - [09/Mar/2018:12:24:19 -0300] "POST /cormun/servlet/solicitudot?f5892ce6be923cc40ab29d1214c5ca2f,INS,0,0,,gx-no-cache=1520609008341 HTTP/1.1" 200 93
200.120.230.197 - - [09/Mar/2018:12:24:19 -0300] "GET /cormun/servlet/hpexe_return? HTTP/1.1" 200 1009
186.103.196.90 - - [09/Mar/2018:12:24:19 -0300] "POST /cormun/servlet/solicitudotadjuntos?gx-no-cache=1520609009138 HTTP/1.1" 200 26
200.120.230.197 - - [09/Mar/2018:12:24:19 -0300] "GET /cormun/servlet/trsolicitudot HTTP/1.1" 200 9739
200.120.230.197 - - [09/Mar/2018:12:24:21 -0300] "GET /cormun/servlet/trsolicitudot HTTP/1.1" 200 9735
186.79.37.232 - - [09/Mar/2018:12:24:22 -0300] "POST /cormun/servlet/solicitudot?gx-no-cache=1520605416471 HTTP/1.1" 200 30
200.112.1.66 - - [09/Mar/2018:12:24:23 -0300] "GET /cormun/servlet/hlogin HTTP/1.1" 200 1716
186.79.5.199 - - [09/Mar/2018:12:24:24 -0300] "GET /cormun/servlet/vesolicitudot?2018,10369,, HTTP/1.1" 200 8630
200.112.1.66 - - [09/Mar/2018:12:24:24 -0300] "GET /cormun/servlet/hlogin HTTP/1.1" 200 1727
200.120.230.197 - - [09/Mar/2018:12:24:24 -0300] "GET /cormun/pexe_scrolldiv.js HTTP/1.1" 404 1009
186.103.159.189 - - [09/Mar/2018:12:24:26 -0300] "GET /cormun/servlet/trsolicitudot? HTTP/1.1" 200 7191
200.112.1.66 - - [09/Mar/2018:12:24:27 -0300] "POST /cormun/servlet/hlogin?1a3833573d7f10e529a658aa018cb674,gx-no-cache=1520609018213 HTTP/1.1" 200 90
200.112.1.66 - - [09/Mar/2018:12:24:27 -0300] "GET /cormun/servlet/hpexe_link HTTP/1.1" 200 946
186.79.5.199 - - [09/Mar/2018:12:24:27 -0300] "GET /cormun/servlet/vesolicitudot?2018,10369,, HTTP/1.1" 200 8630
200.112.1.66 - - [09/Mar/2018:12:24:27 -0300] "GET /cormun/servlet/hhome HTTP/1.1" 200 3991
186.103.159.189 - - [09/Mar/2018:12:24:28 -0300] "GET /cormun/servlet/trsolicitudot? HTTP/1.1" 200 7190
200.112.1.66 - - [09/Mar/2018:12:24:28 -0300] "GET /cormun/servlet/hhome HTTP/1.1" 200 3988
186.103.159.189 - - [09/Mar/2018:12:24:30 -0300] "GET /cormun/servlet/solicitudot?INS,0,0, HTTP/1.1" 200 13429
186.103.159.189 - - [09/Mar/2018:12:24:32 -0300] "GET /cormun/servlet/solicitudot?INS,0,0, HTTP/1.1" 200 13433
200.112.1.66 - - [09/Mar/2018:12:24:34 -0300] "GET /cormun/servlet/trsolicitudot? HTTP/1.1" 200 7205
200.112.1.66 - - [09/Mar/2018:12:24:35 -0300] "GET /cormun/static/trsolicitudot.js?201711142259839 HTTP/1.1" 304 -
200.112.1.66 - - [09/Mar/2018:12:24:35 -0300] "GET /cormun/servlet/trsolicitudot? HTTP/1.1" 200 7204
200.112.1.66 - - [09/Mar/2018:12:24:37 -0300] "GET /cormun/servlet/solicitudot?INS,0,0, HTTP/1.1" 200 13447
200.112.1.66 - - [09/Mar/2018:12:24:38 -0300] "GET /cormun/servlet/solicitudot?INS,0,0, HTTP/1.1" 200 13451
200.112.1.66 - - [09/Mar/2018:12:24:40 -0300] "GET /cormun/servlet/prfichaempleado?,MD,,gxPopupLevel%3D0%3B HTTP/1.1" 200 9346
186.103.159.189 - - [09/Mar/2018:12:24:41 -0300] "GET /cormun/servlet/prfichaempleado?,MD,,gxPopupLevel%3D0%3B HTTP/1.1" 200 9331
186.79.37.232 - - [09/Mar/2018:12:24:45 -0300] "POST /cormun/servlet/solicitudot?64c7a7460a4f8854ca6e5638dfca8d6c,INS,0,0,,gx-no-cache=1520605436969 HTTP/1.1" 200 93
186.79.37.232 - - [09/Mar/2018:12:24:45 -0300] "GET /cormun/servlet/hpexe_return? HTTP/1.1" 200 1026
186.79.37.232 - - [09/Mar/2018:12:24:45 -0300] "GET /cormun/servlet/trsolicitudot?gx-no-cache=1520604326277 HTTP/1.1" 200 8562
186.79.37.232 - - [09/Mar/2018:12:24:46 -0300] "GET /cormun/servlet/trsolicitudot?gx-no-cache=1520604326277 HTTP/1.1" 200 8579
200.112.1.66 - - [09/Mar/2018:12:24:50 -0300] "POST /cormun/servlet/prfichaempleado?1a3833573d7f10e529a658aa018cb674,,MD,,gxPopupLevel%3D0%3B,gx-no-cache=1520609040782 HTTP/1.1" 200 3420
186.103.159.189 - - [09/Mar/2018:12:24:51 -0300] "POST /cormun/servlet/prfichaempleado?47e32af93345601ae9eb0c92cf28735c,,MD,,gxPopupLevel%3D0%3B,gx-no-cache=1520609042821 HTTP/1.1" 200 3415
186.79.37.232 - - [09/Mar/2018:12:24:54 -0300] "POST /cormun/servlet/trsolicitudot?64c7a7460a4f8854ca6e5638dfca8d6c,gx-no-cache=1520604326277,gx-no-cache=1520605445812 HTTP/1.1" 200 107
186.79.37.232 - - [09/Mar/2018:12:24:54 -0300] "GET /cormun/servlet/trsolicitudadjuntos?2018,10370, HTTP/1.1" 200 6097
186.79.37.232 - - [09/Mar/2018:12:24:54 -0300] "GET /cormun/static/gxcfg.js?20177612135366 HTTP/1.1" 200 953
186.79.37.232 - - [09/Mar/2018:12:24:54 -0300] "GET /cormun/static/trsolicitudadjuntos.js?20177612135632 HTTP/1.1" 200 17922
186.79.37.232 - - [09/Mar/2018:12:24:55 -0300] "GET /cormun/servlet/trsolicitudadjuntos?2018,10370, HTTP/1.1" 200 6076
200.112.1.66 - - [09/Mar/2018:12:24:56 -0300] "POST /cormun/servlet/solicitudot?gx-no-cache=1520609046349 HTTP/1.1" 200 3401
200.112.1.66 - - [09/Mar/2018:12:25:00 -0300] "POST /cormun/servlet/solicitudot?1a3833573d7f10e529a658aa018cb674,INS,0,0,,gx-no-cache=1520609047511 HTTP/1.1" 200 10378
200.112.1.66 - - [09/Mar/2018:12:25:00 -0300] "GET /cormun/servlet/solicitudot?04ec54e2d98bffefe15ebb3bc0200a3b5e246c919651cf916159f26a481fb25d0efd2be2d4f78852faf00e8be988877c,gx-no-cache=1520609051434 HTTP/1.1" 200 30
200.112.1.66 - - [09/Mar/2018:12:25:00 -0300] "GET /cormun/servlet/solicitudot?04ec54e2d98bffefe15ebb3bc0200a3bc29ff55755b8617436898bf69ecb7b3b3ba455d5391bb204eca0e0256fd0b5850efd2be2d4f78852faf00e8be988877c,gx-no-cache=1520609051586 HTTP/1.1" 200 30
200.112.1.66 - - [09/Mar/2018:12:25:00 -0300] "GET /cormun/servlet/solicitudot?04ec54e2d98bffefe15ebb3bc0200a3b77664a21c9e2c7810f3679f949435238,gx-no-cache=1520609051714 HTTP/1.1" 200 45
200.112.1.66 - - [09/Mar/2018:12:25:00 -0300] "POST /cormun/servlet/solicitudot?gx-no-cache=1520609051842 HTTP/1.1" 200 255
200.112.1.66 - - [09/Mar/2018:12:25:00 -0300] "GET /cormun/servlet/solicitudot?04ec54e2d98bffefe15ebb3bc0200a3bed57efc38bcf39c84d5a04f51a3979d042b45af02d159a93e4e15a765a4319eb1d6727a83322264be18f677f798ed936216f297ca029b18945d4afadf5b52c0d3cce4772c78fdabf65cbb16c2632b63fc00f6b8360733b4895dd7cd258f5a21e6856c02465be0a8795077bfa73abac9901d84eb9e2c35c1a086e7b2e99da3a31e5c8fcb19693c5e2b6cfeb50fcff1bd0fca96c31ccb0e225837bad202fc03efd765acf2bfa7795143b577fc0bd9f4fac52ac217d958b09e116ef1d92ba890e05123b8395d950cd18e01e4097ad26c7e644183d3a693277d994becbd7f1f04ca81293e5d92c9db982c3b2776324c76c2fda0320cfccdd029c85185c53d5fd1604b44e8877bd4f837a21561805beff555a71b94ee94d29c15f8553645e79cbc7e0a607f59bb640c3a76aef310144131fb45b1113687547969e34ee76f940463110ad6ff8fd9bedc3cbc6a47694e287a9990956fdb4c70e9ec579a4e765dcc7c93e5150a291d085f8b598639c62f6e5ed12,gx-no-cache=1520609052011 HTTP/1.1" 200 30
200.112.1.66 - - [09/Mar/2018:12:25:00 -0300] "POST /cormun/servlet/solicitudot?gx-no-cache=1520609052140 HTTP/1.1" 200 30
200.112.1.66 - - [09/Mar/2018:12:25:01 -0300] "POST /cormun/servlet/solicitudot?gx-no-cache=1520609052281 HTTP/1.1" 200 1337
200.112.1.66 - - [09/Mar/2018:12:25:01 -0300] "POST /cormun/servlet/solicitudot?gx-no-cache=1520609052480 HTTP/1.1" 200 38
200.112.1.66 - - [09/Mar/2018:12:25:01 -0300] "GET /cormun/servlet/solicitudot?04ec54e2d98bffefe15ebb3bc0200a3ba50f1aff492989d079ba458600526d6249bc571b4fe26858e380a3ce53c32732b0cac04882c13627b3f58feb52e8c9600bd17ae8925c40c47bab74092f05a535b241fd64f33dd66d0f4a1d2effceb05d7fd0dd946d7d9ad6756f2d22d404445dc0b71a202f3119c7bdda4b526a78701a218c28f0c983c7d5cefbdcde644d2f2cff68f820b768864bce614a169cfde8b9,gx-no-cache=1520609052617 HTTP/1.1" 200 29
200.112.1.66 - - [09/Mar/2018:12:25:01 -0300] "POST /cormun/servlet/solicitudot?gx-no-cache=1520609052746 HTTP/1.1" 200 1321
200.112.1.66 - - [09/Mar/2018:12:25:02 -0300] "POST /cormun/servlet/solicitudot?gx-no-cache=1520609053003 HTTP/1.1" 200 1218
200.112.1.66 - - [09/Mar/2018:12:25:02 -0300] "GET /cormun/servlet/solicitudot?04ec54e2d98bffefe15ebb3bc0200a3b9f753079691a0515f84527ab0489ef3e,gx-no-cache=1520609053314 HTTP/1.1" 200 30
200.112.1.66 - - [09/Mar/2018:12:25:02 -0300] "POST /cormun/servlet/solicitudot?gx-no-cache=1520609053430 HTTP/1.1" 200 30
186.103.159.189 - - [09/Mar/2018:12:25:04 -0300] "POST /cormun/servlet/solicitudot?gx-no-cache=1520609047308 HTTP/1.1" 200 3510
186.103.159.189 - - [09/Mar/2018:12:25:04 -0300] "GET /cormun/static/Shared/jqueryui/images/ui-bg_highlight-soft_100_c6c2c8_1x100.png HTTP/1.1" 404 1117
186.103.159.189 - - [09/Mar/2018:12:25:04 -0300] "GET /cormun/static/Shared/jqueryui/images/ui-icons_82798d_256x240.png HTTP/1.1" 404 1089
186.103.159.189 - - [09/Mar/2018:12:25:04 -0300] "GET /cormun/static/Shared/jqueryui/images/ui-bg_flat_55_994d53_40x100.png HTTP/1.1" 404 1097
186.103.159.189 - - [09/Mar/2018:12:25:05 -0300] "GET /cormun/static/Shared/jqueryui/images/ui-icons_ebccce_256x240.png HTTP/1.1" 404 1089
186.79.5.199 - - [09/Mar/2018:12:25:10 -0300] "POST /cormun/servlet/vesolicitudot?f5892ce6be923cc40ab29d1214c5ca2f,2018,10369,,,gx-no-cache=1520609061039 HTTP/1.1" 200 90
186.79.5.199 - - [09/Mar/2018:12:25:10 -0300] "GET /cormun/servlet/hpexe_link HTTP/1.1" 200 968
186.79.5.199 - - [09/Mar/2018:12:25:11 -0300] "GET /cormun/servlet/trsolicitudot HTTP/1.1" 200 9736
152.231.70.146 - - [09/Mar/2018:12:25:27 -0300] "POST /cormun/servlet/solicitudotadjuntos?02a88c073cf73cba9b5e34c694f3c51a,INS,2018,10367,,1, HTTP/1.1" 200 7098
186.103.159.182 - - [09/Mar/2018:12:25:27 -0300] "GET /cormun/servlet/solicitudot?8f1812e50a459df106e6868d65086d6c0eeb3c7f56bba7fa60c6169b207863e5d9054d8dfbf9cecafa155f0532bc1b3bb32f4691009231d598749099bfc30d842f75974e626f237ebde7a0abb74d103da702d4e71ae27aaed2de1f25e320291d955aed8728b9e84015caf6d43fe938b7,gx-no-cache=1520609024178 HTTP/1.1" 200 29
186.103.159.182 - - [09/Mar/2018:12:25:28 -0300] "POST /cormun/servlet/solicitudot?gx-no-cache=1520609024679 HTTP/1.1" 200 1319
186.103.159.182 - - [09/Mar/2018:12:25:28 -0300] "POST /cormun/servlet/solicitudot?gx-no-cache=1520609025300 HTTP/1.1" 200 1218
186.103.159.182 - - [09/Mar/2018:12:25:29 -0300] "GET /cormun/static/menuarrow.gif HTTP/1.1" 404 1015
186.103.159.182 - - [09/Mar/2018:12:25:37 -0300] "POST /cormun/servlet/solicitudot?gx-no-cache=1520609033454 HTTP/1.1" 200 1319
186.103.159.182 - - [09/Mar/2018:12:25:38 -0300] "POST /cormun/servlet/solicitudot?gx-no-cache=1520609034292 HTTP/1.1" 200 1218
186.79.5.199 - - [09/Mar/2018:12:25:50 -0300] "GET /cormun/servlet/trcontratosolicitud? HTTP/1.1" 200 5746
186.79.5.199 - - [09/Mar/2018:12:25:52 -0300] "GET /cormun/servlet/trcontratosolicitud? HTTP/1.1" 200 5744
186.79.5.199 - - [09/Mar/2018:12:25:52 -0300] "GET /cormun/servlet/hlogin HTTP/1.1" 200 1740
186.79.5.199 - - [09/Mar/2018:12:26:05 -0300] "POST /cormun/servlet/hlogin?2140d758362946533539e708c9b58bc7,gx-no-cache=1520609115696 HTTP/1.1" 200 90
186.79.5.199 - - [09/Mar/2018:12:26:05 -0300] "GET /cormun/servlet/hpexe_link HTTP/1.1" 200 959
186.79.5.199 - - [09/Mar/2018:12:26:07 -0300] "GET /cormun/servlet/trcontratosolicitud HTTP/1.1" 200 14687
186.79.5.199 - - [09/Mar/2018:12:26:09 -0300] "GET /cormun/servlet/trcontratosolicitud HTTP/1.1" 200 14680
186.103.159.182 - - [09/Mar/2018:12:26:13 -0300] "GET /cormun/servlet/prfichaempleado?,MD,,gxPopupLevel%3D0%3B HTTP/1.1" 200 9419
186.103.196.84 - - [09/Mar/2018:12:26:18 -0300] "GET /cormun/servlet/hlogin HTTP/1.1" 200 1722
186.103.159.182 - - [09/Mar/2018:12:26:20 -0300] "GET /cormun/servlet/trsolicitudot? HTTP/1.1" 200 7476
186.103.159.182 - - [09/Mar/2018:12:26:21 -0300] "GET /cormun/servlet/trsolicitudot? HTTP/1.1" 200 7475
186.103.196.84 - - [09/Mar/2018:12:26:23 -0300] "POST /cormun/servlet/hlogin?02a88c073cf73cba9b5e34c694f3c51a,gx-no-cache=1520609133267 HTTP/1.1" 200 90
186.103.196.84 - - [09/Mar/2018:12:26:23 -0300] "GET /cormun/servlet/hpexe_link HTTP/1.1" 200 977
186.103.196.84 - - [09/Mar/2018:12:26:23 -0300] "GET /cormun/servlet/solicitudotadjuntos?INS,2018,10367,,1, HTTP/1.1" 200 6237
190.151.124.170 - - [09/Mar/2018:12:26:24 -0300] "GET /cormun/static/about:blank HTTP/1.1" 404 1011
186.103.196.84 - - [09/Mar/2018:12:26:24 -0300] "GET /cormun/servlet/solicitudotadjuntos?INS,2018,10367,,1, HTTP/1.1" 200 6236
190.151.124.170 - - [09/Mar/2018:12:26:25 -0300] "GET /cormun/servlet/solicitudotadjuntos?a9964e3e40c2dc518aa990fcc8f8409cf9e687d67f449c318b0c3c83c4634fd731b27fdebcafb983032d595dcf37ba51,gx-no-cache=1520609134717 HTTP/1.1" 200 30
190.151.124.170 - - [09/Mar/2018:12:26:26 -0300] "POST /cormun/servlet/solicitudotadjuntos?02a88c073cf73cba9b5e34c694f3c51a,INS,2018,10367,,1,,gx-no-cache=1520609135128 HTTP/1.1" 200 3973
186.79.5.199 - - [09/Mar/2018:12:26:27 -0300] "GET /cormun/servlet/trsolicitudot HTTP/1.1" 200 9735
190.151.124.170 - - [09/Mar/2018:12:26:32 -0300] "POST /cormun/servlet/solicitudotadjuntos?gx-no-cache=1520609142417 HTTP/1.1" 200 26
186.103.159.182 - - [09/Mar/2018:12:26:33 -0300] "POST /cormun/servlet/trsolicitudot?cccc230fee2aa2cfa52370b99d13e2b2,,gx-no-cache=1520609086149 HTTP/1.1" 200 4476
190.151.124.170 - - [09/Mar/2018:12:26:39 -0300] "GET /cormun/servlet/solicitudotadjuntos?a9964e3e40c2dc518aa990fcc8f8409c5058ed16c630e6d368e3db9025b90dce,gx-no-cache=1520609148817 HTTP/1.1" 200 30
190.151.124.170 - - [09/Mar/2018:12:26:39 -0300] "GET /cormun/servlet/solicitudotadjuntos?a9964e3e40c2dc518aa990fcc8f8409c5058ed16c630e6d368e3db9025b90dce,gx-no-cache=1520609148885 HTTP/1.1" 200 30
186.103.159.182 - - [09/Mar/2018:12:26:39 -0300] "POST /cormun/servlet/trsolicitudot?cccc230fee2aa2cfa52370b99d13e2b2,,gx-no-cache=1520609094391 HTTP/1.1" 200 4476
186.103.159.182 - - [09/Mar/2018:12:26:44 -0300] "POST /cormun/servlet/trsolicitudot?cccc230fee2aa2cfa52370b99d13e2b2,,gx-no-cache=1520609101141 HTTP/1.1" 200 6220
192.168.10.62 - - [09/Mar/2018:12:26:50 -0300] "GET /cormun/servlet/vesolicitudgral?2018,9801,, HTTP/1.1" 200 7852
192.168.10.62 - - [09/Mar/2018:12:26:50 -0300] "GET /cormun/pexe_scrolldiv.js HTTP/1.1" 404 1009
192.168.10.62 - - [09/Mar/2018:12:26:50 -0300] "GET /cormun/pexe_scrolldiv.js HTTP/1.1" 404 1009
192.168.10.62 - - [09/Mar/2018:12:26:51 -0300] "GET /cormun/servlet/hlogin HTTP/1.1" 200 1747
192.168.10.62 - - [09/Mar/2018:12:26:51 -0300] "GET /cormun/servlet/vesolicitudgral?2018,9801,, HTTP/1.1" 200 7850
192.168.10.62 - - [09/Mar/2018:12:26:58 -0300] "POST /cormun/servlet/hlogin?a3e59ce9ed21efa75bd259e76228584e,gx-no-cache=1520609056645 HTTP/1.1" 200 90
192.168.10.62 - - [09/Mar/2018:12:26:58 -0300] "GET /cormun/servlet/hpexe_link HTTP/1.1" 200 951
192.168.10.62 - - [09/Mar/2018:12:26:58 -0300] "GET /cormun/servlet/hhome HTTP/1.1" 200 3858
192.168.10.62 - - [09/Mar/2018:12:26:59 -0300] "GET /cormun/servlet/hhome HTTP/1.1" 200 3855
192.168.10.62 - - [09/Mar/2018:12:27:01 -0300] "GET /cormun/servlet/trsolicitudgral? HTTP/1.1" 200 27049
192.168.10.62 - - [09/Mar/2018:12:27:02 -0300] "GET /cormun/servlet/trsolicitudgral? HTTP/1.1" 200 27045
190.151.124.170 - - [09/Mar/2018:12:27:03 -0300] "POST /cormun/servlet/solicitudotadjuntos?02a88c073cf73cba9b5e34c694f3c51a,INS,2018,10367,,1, HTTP/1.1" 200 116
190.151.124.170 - - [09/Mar/2018:12:27:06 -0300] "GET /cormun/servlet/hpexe_return? HTTP/1.1" 200 1024
186.103.159.182 - - [09/Mar/2018:12:27:07 -0300] "POST /cormun/servlet/trsolicitudot?cccc230fee2aa2cfa52370b99d13e2b2,,gx-no-cache=1520609120192 HTTP/1.1" 200 4477
186.79.5.199 - - [09/Mar/2018:12:27:08 -0300] "POST /cormun/servlet/trcontratosolicitud?2140d758362946533539e708c9b58bc7,gx-no-cache=1520609151527 HTTP/1.1" 500 10
190.151.124.170 - - [09/Mar/2018:12:27:13 -0300] "GET /cormun/servlet/trsolicitudadjuntos?2018,10367, HTTP/1.1" 200 9096
190.151.124.170 - - [09/Mar/2018:12:27:14 -0300] "GET /cormun/servlet/trsolicitudadjuntos?2018,10367, HTTP/1.1" 200 9095
186.103.159.182 - - [09/Mar/2018:12:27:15 -0300] "POST /cormun/servlet/trsolicitudot?cccc230fee2aa2cfa52370b99d13e2b2,,gx-no-cache=1520609129821 HTTP/1.1" 200 5830
190.151.100.218 - - [09/Mar/2018:12:27:18 -0300] "GET /cormun/servlet/treventos?2018,9991, HTTP/1.1" 200 7459
190.151.100.218 - - [09/Mar/2018:12:27:19 -0300] "GET /cormun/static/calendar.js?85251 HTTP/1.1" 304 -
200.111.122.170 - - [09/Mar/2018:12:27:19 -0300] "GET /cormun/static/calendar-setup.js?85251 HTTP/1.1" 304 -
190.151.100.218 - - [09/Mar/2018:12:27:19 -0300] "GET /cormun/static/calendar-es.js?85251 HTTP/1.1" 304 -
200.111.122.170 - - [09/Mar/2018:12:27:19 -0300] "GET /cormun/static/gxdec.js?85251 HTTP/1.1" 304 -
190.151.100.218 - - [09/Mar/2018:12:27:20 -0300] "GET /cormun/servlet/hlogin HTTP/1.1" 200 1743
200.111.122.170 - - [09/Mar/2018:12:27:22 -0300] "GET /cormun/servlet/treventos?2018,9991, HTTP/1.1" 200 7462
186.67.172.234 - - [09/Mar/2018:12:27:23 -0300] "GET /cormun/servlet/hlogin HTTP/1.1" 200 1718
186.67.172.234 - - [09/Mar/2018:12:27:23 -0300] "GET /cormun/static/gxtimezone.js?85251 HTTP/1.1" 304 -
186.67.172.234 - - [09/Mar/2018:12:27:23 -0300] "GET /cormun/static/messages.spa.js?85251 HTTP/1.1" 304 -
186.67.172.234 - - [09/Mar/2018:12:27:23 -0300] "GET /cormun/static/gxcfg.js?20175251213516 HTTP/1.1" 304 -
186.67.172.234 - - [09/Mar/2018:12:27:23 -0300] "GET /cormun/servlet/hlogin HTTP/1.1" 200 1729
152.231.70.146 - - [09/Mar/2018:12:27:24 -0300] "GET /cormun/servlet/solicitudotadjuntos?INS,2018,10367,,1, HTTP/1.1" 200 6242
200.54.18.125 - - [09/Mar/2018:12:27:25 -0300] "GET /cormun/static/about:blank HTTP/1.1" 404 1011
152.231.70.146 - - [09/Mar/2018:12:27:26 -0300] "GET /cormun/servlet/solicitudotadjuntos?INS,2018,10367,,1, HTTP/1.1" 200 6236
200.54.18.125 - - [09/Mar/2018:12:27:26 -0300] "GET /cormun/servlet/solicitudotadjuntos?a9964e3e40c2dc518aa990fcc8f8409cf9e687d67f449c318b0c3c83c4634fd731b27fdebcafb983032d595dcf37ba51,gx-no-cache=1520609196120 HTTP/1.1" 200 30
186.67.172.234 - - [09/Mar/2018:12:27:32 -0300] "POST /cormun/servlet/hlogin?37ea2fee6e9d2b7730c5f66bfde98ef0,gx-no-cache=1520609202049 HTTP/1.1" 200 90
186.79.37.232 - - [09/Mar/2018:12:27:32 -0300] "GET /cormun/servlet/solicitudotadjuntos?INS,2018,10370,,1, HTTP/1.1" 200 6025
186.67.172.234 - - [09/Mar/2018:12:27:32 -0300] "GET /cormun/servlet/hpexe_link HTTP/1.1" 200 948
186.67.172.234 - - [09/Mar/2018:12:27:32 -0300] "GET /cormun/static/gxcfg.js?20177612121792 HTTP/1.1" 304 -
186.79.37.232 - - [09/Mar/2018:12:27:32 -0300] "GET /cormun/static/gxcfg.js?2017761244068 HTTP/1.1" 200 953
186.67.172.234 - - [09/Mar/2018:12:27:32 -0300] "GET /cormun/servlet/hhome HTTP/1.1" 200 4226
186.67.172.234 - - [09/Mar/2018:12:27:32 -0300] "GET /cormun/static/gxcfg.js?20175251212442 HTTP/1.1" 304 -
186.67.172.234 - - [09/Mar/2018:12:27:32 -0300] "GET /cormun/static/PXToolsJavascripts/pexe_griddivfix.js HTTP/1.1" 200 6644
186.67.172.234 - - [09/Mar/2018:12:27:32 -0300] "GET /cormun/static/PXToolsJavascripts/pexe_popup.js HTTP/1.1" 200 13458
186.79.37.232 - - [09/Mar/2018:12:27:32 -0300] "GET /cormun/static/about:blank HTTP/1.1" 404 1011
186.67.172.234 - - [09/Mar/2018:12:27:32 -0300] "GET /cormun/static/PXToolsJavascripts/pexe_tabs.js HTTP/1.1" 200 3748
186.67.172.234 - - [09/Mar/2018:12:27:33 -0300] "GET /cormun/servlet/hhome HTTP/1.1" 200 4222
186.79.37.232 - - [09/Mar/2018:12:27:33 -0300] "GET /cormun/static/solicitudotadjuntos.js?2017761244086 HTTP/1.1" 200 11771
186.79.37.232 - - [09/Mar/2018:12:27:33 -0300] "GET /cormun/servlet/solicitudotadjuntos?INS,2018,10370,,1, HTTP/1.1" 200 6019
186.79.37.232 - - [09/Mar/2018:12:27:34 -0300] "GET /cormun/servlet/solicitudotadjuntos?bd2a5dfe37d75bbff472bc607de743b78cffbc2735831d7e4ce727db6e9693fee7b63b2e859e0feb89a8570a7bd2b9c6,gx-no-cache=1520605607868 HTTP/1.1" 200 30
200.54.18.125 - - [09/Mar/2018:12:27:34 -0300] "POST /cormun/servlet/solicitudotadjuntos?02a88c073cf73cba9b5e34c694f3c51a,INS,2018,10367,,1,,gx-no-cache=1520609196205 HTTP/1.1" 200 3985
190.151.100.218 - - [09/Mar/2018:12:27:36 -0300] "POST /cormun/servlet/hlogin?eba237e20aeb3ec372eb5ed43a6e0ac4,gx-no-cache=1520609205352 HTTP/1.1" 200 457
186.79.37.232 - - [09/Mar/2018:12:27:36 -0300] "POST /cormun/servlet/solicitudotadjuntos?64c7a7460a4f8854ca6e5638dfca8d6c,INS,2018,10370,,1,,gx-no-cache=1520605608283 HTTP/1.1" 200 3798
192.168.10.62 - - [09/Mar/2018:12:27:38 -0300] "POST /cormun/servlet/trsolicitudgral?a3e59ce9ed21efa75bd259e76228584e,,gx-no-cache=1520609096046 HTTP/1.1" 200 10694
186.67.172.234 - - [09/Mar/2018:12:27:39 -0300] "GET /cormun/servlet/trsolicitudot? HTTP/1.1" 200 7439
186.67.172.234 - - [09/Mar/2018:12:27:39 -0300] "GET /cormun/static/calendar-es.js?85251 HTTP/1.1" 304 -
186.67.172.234 - - [09/Mar/2018:12:27:39 -0300] "GET /cormun/static/gxcfg.js?2017111422585916 HTTP/1.1" 304 -
186.67.172.234 - - [09/Mar/2018:12:27:39 -0300] "GET /cormun/static/calendar-setup.js?85251 HTTP/1.1" 304 -
186.67.172.234 - - [09/Mar/2018:12:27:39 -0300] "GET /cormun/static/calendar.js?85251 HTTP/1.1" 304 -
186.67.172.234 - - [09/Mar/2018:12:27:39 -0300] "GET /cormun/static/gxdec.js?85251 HTTP/1.1" 304 -
186.67.172.234 - - [09/Mar/2018:12:27:39 -0300] "GET /cormun/static/trsolicitudot.js?201711142259839 HTTP/1.1" 304 -
186.67.172.234 - - [09/Mar/2018:12:27:40 -0300] "GET /cormun/servlet/trsolicitudot? HTTP/1.1" 200 7438
200.54.18.125 - - [09/Mar/2018:12:27:43 -0300] "POST /cormun/servlet/solicitudotadjuntos?gx-no-cache=1520609213689 HTTP/1.1" 200 26
186.79.37.232 - - [09/Mar/2018:12:27:44 -0300] "POST /cormun/servlet/solicitudotadjuntos?gx-no-cache=1520605613617 HTTP/1.1" 200 26
192.168.10.62 - - [09/Mar/2018:12:27:45 -0300] "GET /cormun/servlet/vesolicitudgral?2018,9801,, HTTP/1.1" 200 8445
192.168.10.62 - - [09/Mar/2018:12:27:45 -0300] "GET /cormun/pexe_scrolldiv.js HTTP/1.1" 404 1009
192.168.10.62 - - [09/Mar/2018:12:27:45 -0300] "GET /cormun/pexe_scrolldiv.js HTTP/1.1" 404 1009
192.168.10.62 - - [09/Mar/2018:12:27:45 -0300] "GET /cormun/servlet/vesolicitudgral?2018,9801,, HTTP/1.1" 200 8444
186.67.172.234 - - [09/Mar/2018:12:27:48 -0300] "GET /cormun/servlet/trlicencias? HTTP/1.1" 200 10441
186.67.172.234 - - [09/Mar/2018:12:27:48 -0300] "GET /cormun/static/trlicencias.js?20176272054837 HTTP/1.1" 200 41883
192.168.10.62 - - [09/Mar/2018:12:27:48 -0300] "POST /cormun/servlet/vesolicitudgral?a3e59ce9ed21efa75bd259e76228584e,2018,9801,,,gx-no-cache=1520609106553 HTTP/1.1" 200 106
186.67.172.234 - - [09/Mar/2018:12:27:48 -0300] "GET /cormun/static/gxcfg.js?20176272054169 HTTP/1.1" 200 953
192.168.10.62 - - [09/Mar/2018:12:27:48 -0300] "GET /cormun/servlet/solicitudgral?UPD,2018,9801, HTTP/1.1" 200 12338
186.67.172.234 - - [09/Mar/2018:12:27:49 -0300] "GET /cormun//static/Resources/PXToolsActionPrint.png HTTP/1.1" 200 3317
186.67.172.234 - - [09/Mar/2018:12:27:49 -0300] "GET /cormun//static/Resources/PXToolsGridDisplay.png HTTP/1.1" 200 362
186.67.172.234 - - [09/Mar/2018:12:27:49 -0300] "GET /cormun//static/Resources/PXToolsHeaderFavorites.png HTTP/1.1" 200 2744
186.67.172.234 - - [09/Mar/2018:12:27:49 -0300] "GET /cormun/servlet/trlicencias? HTTP/1.1" 200 10441
192.168.10.62 - - [09/Mar/2018:12:27:49 -0300] "GET /cormun/servlet/solicitudgral?UPD,2018,9801, HTTP/1.1" 200 12339
186.67.172.234 - - [09/Mar/2018:12:27:49 -0300] "GET /cormun//static/Resources/PXToolsHeaderHelp.png HTTP/1.1" 200 4055
192.168.10.89 - - [09/Mar/2018:12:27:49 -0300] "GET /cormun/servlet/hlogin HTTP/1.1" 200 1741
192.168.10.62 - - [09/Mar/2018:12:27:49 -0300] "POST /cormun/servlet/solicitudgral?gx-no-cache=1520609107614 HTTP/1.1" 200 3901
192.168.10.62 - - [09/Mar/2018:12:27:49 -0300] "GET /cormun/servlet/solicitudgral?1fd6da274e2641201cc62dad3faecf3d9301ca7c3b2f634e031f9b99eaf0409644738bc6b98fcd0cb4f349a3756de6a14b3c029e5bc26968fedbe1a7f4a65717e7d182101aed80cd06a3a028254df475676edc406b4da793ceaeab1bce80759d8973fd846ea1c3fc3d08e442b3426d797fcac924908460da428e760e656ff0d4a0fd4e5d062128c2ef1c48ec77329a8a949fe396129dae6dd923cec0f0bbbf90dd294847e98e53640a77252fb1f4de83c2dae99405a000eda69b9ff558298194664c05347f330d04a66724d92150258679bd8e8b77f714db3d663907b0534566ab42f2dc07b706397c7fca4bdadcd0cb7cc3ce5a9420a099c067c5b45b18d5332b54bc4d8722001dda4a7735b2652f5a8d73f976074948c5795ab7d6854e86ce68c875e5e1c9ddf7d6f77fc28a74136a1eb1dd6b86c3e229820b175fd0a9c78a7bb1ecf61fb4528434484ba5a2d0d431,gx-no-cache=1520609107751 HTTP/1.1" 200 240
192.168.10.62 - - [09/Mar/2018:12:27:49 -0300] "GET /cormun/servlet/solicitudgral?1fd6da274e2641201cc62dad3faecf3db3caabbf01c12688b9e2fff9fb2a37c4727e084856bf52d8e7b66be8839097074057671571a778d5c61bf5552488ad95df8a3fc0275881ee4be318d11c8eb150ebc6f053ee95f5e3df86f469c2ab51fdd3dcf277c79a69fee7508aac421d3df8fce601a9b47fa1ced29535a7c89e4de436f137a5ebc3c3b8a21ff8f4c2fda126334048a2a270b6599f87ac140d8cb613830e3ec95533438c816ed00efc4fe69e27bae75cccc080371e77e82cd7e44546a3be2d5c1cce2ea822741b8fa6ee23466a83870bee2f27000c22bae9c65b52bcdc4904b7dd663b1e743ddd843aa94f94da795f074f661e566dc50ddf6e146b05030d8f0030fb5682945826b5b126d0cc0325bef5727b311d879a8206f5b57361ad254a37bbb36e8935e11e1cf85fbd44119e58e73629cd969b9e7babc031aa9bea3798633be1604580d3bebfa5c1b06e7085b26a0d4530c104ddcbcc3772c8b981181f967085bb95f7b8ec64889bbf0b05525ebba6d3f4a8f2adffb7b2914c7f830f110921386abe194e4b6f6534d7f31036aa4162a6d7863b6476bfdbe2a168b5922385e2d86e6b010dfd86391275d1,gx-no-cache=1520609107826 HTTP/1.1" 200 48
192.168.10.62 - - [09/Mar/2018:12:27:51 -0300] "POST /cormun/servlet/solicitudgral?a3e59ce9ed21efa75bd259e76228584e,UPD,2018,9801,,gx-no-cache=1520609109658 HTTP/1.1" 200 11125
192.168.10.62 - - [09/Mar/2018:12:27:51 -0300] "GET /cormun/servlet/solicitudgral?1fd6da274e2641201cc62dad3faecf3dedeeaf6915a2c1ae2c0608371c0f1a410ff1d409ebbadae513ef3cc5973c7dbce51f6225eaaca9e6d282df2169db794f9412f1b6bc05f933a817435f5e6d7c4bcf32f23fbfcf9e49a69ab82505ac4fa2778d02bb5d6f786e02db9746e819f5c2d41ae1deb5d58532b3340bb2e554781c90e58f10b170017312adc62bddd265f1c1ea99b384f2d099278ff79fea943b67,gx-no-cache=1520609109841 HTTP/1.1" 200 29
192.168.10.62 - - [09/Mar/2018:12:27:51 -0300] "POST /cormun/servlet/solicitudgral?gx-no-cache=1520609109864 HTTP/1.1" 200 1295
192.168.10.62 - - [09/Mar/2018:12:27:51 -0300] "POST /cormun/servlet/solicitudgral?gx-no-cache=1520609109913 HTTP/1.1" 200 1218
192.168.10.62 - - [09/Mar/2018:12:27:52 -0300] "POST /cormun/servlet/solicitudgral?a3e59ce9ed21efa75bd259e76228584e,UPD,2018,9801,,gx-no-cache=1520609109964 HTTP/1.1" 200 93
192.168.10.62 - - [09/Mar/2018:12:27:52 -0300] "GET /cormun/servlet/hpexe_return? HTTP/1.1" 200 1017
192.168.10.62 - - [09/Mar/2018:12:27:52 -0300] "GET /cormun/servlet/vesolicitudgral?2018,9801,, HTTP/1.1" 200 8449
192.168.10.62 - - [09/Mar/2018:12:27:52 -0300] "GET /cormun/pexe_scrolldiv.js HTTP/1.1" 404 1009
192.168.10.62 - - [09/Mar/2018:12:27:52 -0300] "GET /cormun/pexe_scrolldiv.js HTTP/1.1" 404 1009
192.168.10.62 - - [09/Mar/2018:12:27:52 -0300] "GET /cormun/servlet/vesolicitudgral?2018,9801,, HTTP/1.1" 200 8445
192.168.10.62 - - [09/Mar/2018:12:27:54 -0300] "POST /cormun/servlet/vesolicitudgral?a3e59ce9ed21efa75bd259e76228584e,2018,9801,,,gx-no-cache=1520609112805 HTTP/1.1" 200 11336
192.168.10.62 - - [09/Mar/2018:12:27:54 -0300] "GET /cormun/static/Shared/jqueryui/images/ui-bg_highlight-soft_100_c6c2c8_1x100.png HTTP/1.1" 404 1117
192.168.10.62 - - [09/Mar/2018:12:27:54 -0300] "GET /cormun/static/Shared/jqueryui/images/ui-icons_82798d_256x240.png HTTP/1.1" 404 1089
192.168.10.62 - - [09/Mar/2018:12:27:54 -0300] "GET /cormun/static/Shared/jqueryui/images/ui-bg_flat_55_fafafa_40x100.png HTTP/1.1" 404 1097
192.168.10.62 - - [09/Mar/2018:12:27:54 -0300] "GET /cormun/static/Shared/jqueryui/images/ui-icons_8d78a5_256x240.png HTTP/1.1" 404 1089
192.168.10.62 - - [09/Mar/2018:12:27:55 -0300] "POST /cormun/servlet/vesolicitudgral?a3e59ce9ed21efa75bd259e76228584e,2018,9801,,,gx-no-cache=1520609113037 HTTP/1.1" 200 11271
190.151.100.218 - - [09/Mar/2018:12:27:56 -0300] "POST /cormun/servlet/hlogin?eba237e20aeb3ec372eb5ed43a6e0ac4,gx-no-cache=1520609223759 HTTP/1.1" 200 457
186.79.5.199 - - [09/Mar/2018:12:27:57 -0300] "POST /cormun/servlet/trsolicitudot?f5892ce6be923cc40ab29d1214c5ca2f,gx-no-cache=1520609228180 HTTP/1.1" 200 6410
186.79.5.199 - - [09/Mar/2018:12:27:57 -0300] "GET /cormun/static/Shared/jqueryui/images/ui-bg_highlight-soft_100_c6c2c8_1x100.png HTTP/1.1" 404 1117
186.79.5.199 - - [09/Mar/2018:12:27:57 -0300] "GET /cormun/static/Shared/jqueryui/images/ui-icons_82798d_256x240.png HTTP/1.1" 404 1089
200.120.230.197 - - [09/Mar/2018:12:27:58 -0300] "GET /cormun/static/Shared/jqueryui/images/ui-bg_flat_55_fafafa_40x100.png HTTP/1.1" 404 1097
186.79.5.199 - - [09/Mar/2018:12:27:58 -0300] "GET /cormun/static/Shared/jqueryui/images/ui-icons_8d78a5_256x240.png HTTP/1.1" 404 1089
200.120.230.197 - - [09/Mar/2018:12:27:59 -0300] "POST /cormun/servlet/trsolicitudot?f5892ce6be923cc40ab29d1214c5ca2f,gx-no-cache=1520609231235 HTTP/1.1" 200 6352
192.168.10.89 - - [09/Mar/2018:12:27:59 -0300] "POST /cormun/servlet/hlogin?001f27ca7d753001318747554d6f6091,gx-no-cache=1520609117198 HTTP/1.1" 200 90
192.168.10.89 - - [09/Mar/2018:12:27:59 -0300] "GET /cormun/servlet/hpexe_link HTTP/1.1" 200 962
192.168.10.89 - - [09/Mar/2018:12:27:59 -0300] "GET /cormun/servlet/trsolicitudgral? HTTP/1.1" 200 9442
192.168.10.62 - - [09/Mar/2018:12:28:02 -0300] "POST /cormun/servlet/vesolicitudgral?a3e59ce9ed21efa75bd259e76228584e,2018,9801,,,gx-no-cache=1520609120160 HTTP/1.1" 200 90
192.168.10.62 - - [09/Mar/2018:12:28:02 -0300] "GET /cormun/servlet/hpexe_link HTTP/1.1" 200 968
192.168.10.62 - - [09/Mar/2018:12:28:02 -0300] "GET /cormun/servlet/trsolicitudgral? HTTP/1.1" 200 13380
192.168.10.62 - - [09/Mar/2018:12:28:02 -0300] "GET /cormun/servlet/trsolicitudgral? HTTP/1.1" 200 13379
192.168.10.89 - - [09/Mar/2018:12:28:03 -0300] "GET /cormun/servlet/trfuncionariobloqueados? HTTP/1.1" 200 10611
192.168.10.89 - - [09/Mar/2018:12:28:03 -0300] "GET /cormun/static/gxcfg.js?201812320593311 HTTP/1.1" 200 953
192.168.10.89 - - [09/Mar/2018:12:28:03 -0300] "GET /cormun/static/trfuncionariobloqueados.js?201812320593613 HTTP/1.1" 200 15297
192.168.10.62 - - [09/Mar/2018:12:28:04 -0300] "GET /cormun/servlet/vesolicitudgral?2018,9526,, HTTP/1.1" 200 8455
192.168.10.62 - - [09/Mar/2018:12:28:04 -0300] "GET /cormun/pexe_scrolldiv.js HTTP/1.1" 404 1009
192.168.10.62 - - [09/Mar/2018:12:28:05 -0300] "GET /cormun/pexe_scrolldiv.js HTTP/1.1" 404 1009
186.79.37.232 - - [09/Mar/2018:12:28:05 -0300] "GET /cormun/servlet/solicitudotadjuntos?bd2a5dfe37d75bbff472bc607de743b764c05a405d4ed4c363fd4960fe7a73f6,gx-no-cache=1520605634440 HTTP/1.1" 200 30
192.168.10.62 - - [09/Mar/2018:12:28:05 -0300] "GET /cormun/servlet/vesolicitudgral?2018,9526,, HTTP/1.1" 200 8455
186.79.37.232 - - [09/Mar/2018:12:28:06 -0300] "GET /cormun/servlet/solicitudotadjuntos?bd2a5dfe37d75bbff472bc607de743b764c05a405d4ed4c363fd4960fe7a73f6,gx-no-cache=1520605639168 HTTP/1.1" 200 30
192.168.10.62 - - [09/Mar/2018:12:28:07 -0300] "POST /cormun/servlet/vesolicitudgral?a3e59ce9ed21efa75bd259e76228584e,2018,9526,,,gx-no-cache=1520609125332 HTTP/1.1" 200 107
192.168.10.62 - - [09/Mar/2018:12:28:07 -0300] "GET /cormun/servlet/solicitudgral?UPD,2018,9526, HTTP/1.1" 200 12261
192.168.10.62 - - [09/Mar/2018:12:28:07 -0300] "GET /cormun/servlet/solicitudgral?UPD,2018,9526, HTTP/1.1" 200 12261
192.168.10.62 - - [09/Mar/2018:12:28:08 -0300] "POST /cormun/servlet/solicitudgral?gx-no-cache=1520609126331 HTTP/1.1" 200 3902
192.168.10.62 - - [09/Mar/2018:12:28:08 -0300] "GET /cormun/servlet/solicitudgral?1fd6da274e2641201cc62dad3faecf3d9301ca7c3b2f634e031f9b99eaf04096031d4317c47bd5b1c02ff4fe0dc40f524b3c029e5bc26968fedbe1a7f4a65717e7d182101aed80cd06a3a028254df475676edc406b4da793ceaeab1bce80759d8973fd846ea1c3fc3d08e442b3426d797fcac924908460da428e760e656ff0d4a0fd4e5d062128c2ef1c48ec77329a8a949fe396129dae6dd923cec0f0bbbf90dd294847e98e53640a77252fb1f4de83c2dae99405a000eda69b9ff558298194664c05347f330d04a66724d92150258679bd8e8b77f714db3d663907b0534566ab42f2dc07b706397c7fca4bdadcd0cb7cc3ce5a9420a099c067c5b45b18d5332b54bc4d8722001dda4a7735b2652f5a8d73f976074948c5795ab7d6854e86ce68c875e5e1c9ddf7d6f77fc28a74136a1eb1dd6b86c3e229820b175fd0a9c78a7bb1ecf61fb4528434484ba5a2d0d431,gx-no-cache=1520609126459 HTTP/1.1" 200 255
192.168.10.62 - - [09/Mar/2018:12:28:08 -0300] "GET /cormun/servlet/solicitudgral?1fd6da274e2641201cc62dad3faecf3db3caabbf01c12688b9e2fff9fb2a37c4727e084856bf52d8e7b66be8839097074057671571a778d5c61bf5552488ad95df8a3fc0275881ee4be318d11c8eb150ebc6f053ee95f5e3df86f469c2ab51fdd3dcf277c79a69fee7508aac421d3df8fce601a9b47fa1ced29535a7c89e4de436f137a5ebc3c3b8a21ff8f4c2fda126334048a2a270b6599f87ac140d8cb613830e3ec95533438c816ed00efc4fe69e27bae75cccc080371e77e82cd7e44546a3be2d5c1cce2ea822741b8fa6ee23466a83870bee2f27000c22bae9c65b52bcdc4904b7dd663b1e743ddd843aa94f94da795f074f661e566dc50ddf6e146b05030d8f0030fb5682945826b5b126d0cc0325bef5727b311d879a8206f5b57361ad254a37bbb36e8935e11e1cf85fbd44119e58e73629cd969b9e7babc031aa9bea3798633be1604580d3bebfa5c1b06e7085b26a0d4530c104ddcbcc3772c8b981181f967085bb95f7b8ec64889bbf0b05525ebba6d3f4a8f2adffb7b2914c7f830f110921386abe194e4b6f6534d7f31036aa4162a6d7863b6476bfdbe2a168b5922385e2d86e6b010dfd86391275d1,gx-no-cache=1520609126726 HTTP/1.1" 200 48
192.168.10.62 - - [09/Mar/2018:12:28:10 -0300] "POST /cormun/servlet/solicitudgral?a3e59ce9ed21efa75bd259e76228584e,UPD,2018,9526,,gx-no-cache=1520609128532 HTTP/1.1" 200 11113
192.168.10.62 - - [09/Mar/2018:12:28:10 -0300] "GET /cormun/servlet/solicitudgral?1fd6da274e2641201cc62dad3faecf3dedeeaf6915a2c1ae2c0608371c0f1a410ff1d409ebbadae513ef3cc5973c7dbce51f6225eaaca9e6d282df2169db794f9412f1b6bc05f933a817435f5e6d7c4bcf32f23fbfcf9e49a69ab82505ac4fa2778d02bb5d6f786e02db9746e819f5c2d41ae1deb5d58532b3340bb2e554781c90e58f10b170017312adc62bddd265f1c1ea99b384f2d099278ff79fea943b67,gx-no-cache=1520609128718 HTTP/1.1" 200 29
192.168.10.62 - - [09/Mar/2018:12:28:10 -0300] "POST /cormun/servlet/solicitudgral?gx-no-cache=1520609128745 HTTP/1.1" 200 1295
192.168.10.62 - - [09/Mar/2018:12:28:10 -0300] "POST /cormun/servlet/solicitudgral?gx-no-cache=1520609128799 HTTP/1.1" 200 1219
192.168.10.62 - - [09/Mar/2018:12:28:10 -0300] "POST /cormun/servlet/solicitudgral?a3e59ce9ed21efa75bd259e76228584e,UPD,2018,9526,,gx-no-cache=1520609128845 HTTP/1.1" 200 93
192.168.10.62 - - [09/Mar/2018:12:28:10 -0300] "GET /cormun/servlet/hpexe_return? HTTP/1.1" 200 1018
192.168.10.62 - - [09/Mar/2018:12:28:11 -0300] "GET /cormun/servlet/vesolicitudgral?2018,9526,, HTTP/1.1" 200 8505
192.168.10.62 - - [09/Mar/2018:12:28:11 -0300] "GET /cormun/pexe_scrolldiv.js HTTP/1.1" 404 1009
192.168.10.62 - - [09/Mar/2018:12:28:11 -0300] "GET /cormun/pexe_scrolldiv.js HTTP/1.1" 404 1009
192.168.10.62 - - [09/Mar/2018:12:28:11 -0300] "GET /cormun/servlet/vesolicitudgral?2018,9526,, HTTP/1.1" 200 8502
186.67.172.234 - - [09/Mar/2018:12:28:13 -0300] "GET /cormun/servlet/licenciaspermisos?DSP,6672140,L,20180221000000, HTTP/1.1" 200 7271
192.168.10.62 - - [09/Mar/2018:12:28:13 -0300] "POST /cormun/servlet/vesolicitudgral?a3e59ce9ed21efa75bd259e76228584e,2018,9526,,,gx-no-cache=1520609131597 HTTP/1.1" 200 11350
186.67.172.234 - - [09/Mar/2018:12:28:13 -0300] "GET /cormun/static/gxcfg.js?201762917281167 HTTP/1.1" 200 953
192.168.10.62 - - [09/Mar/2018:12:28:13 -0300] "GET /cormun/static/Shared/jqueryui/images/ui-bg_highlight-soft_100_c6c2c8_1x100.png HTTP/1.1" 404 1117
192.168.10.62 - - [09/Mar/2018:12:28:13 -0300] "GET /cormun/static/Shared/jqueryui/images/ui-icons_82798d_256x240.png HTTP/1.1" 404 1089
192.168.10.62 - - [09/Mar/2018:12:28:13 -0300] "GET /cormun/static/Shared/jqueryui/images/ui-bg_flat_55_fafafa_40x100.png HTTP/1.1" 404 1097
192.168.10.62 - - [09/Mar/2018:12:28:13 -0300] "GET /cormun/static/Shared/jqueryui/images/ui-icons_8d78a5_256x240.png HTTP/1.1" 404 1089
186.67.172.234 - - [09/Mar/2018:12:28:13 -0300] "GET /cormun/static/licenciaspermisos.js?201762917281260 HTTP/1.1" 200 37491
192.168.10.89 - - [09/Mar/2018:12:28:13 -0300] "GET /cormun/servlet/funcionariobloqueados?DLT,16302014, HTTP/1.1" 200 6253
192.168.10.89 - - [09/Mar/2018:12:28:13 -0300] "GET /cormun/static/gxcfg.js?2018123205875 HTTP/1.1" 200 953
192.168.10.62 - - [09/Mar/2018:12:28:13 -0300] "POST /cormun/servlet/vesolicitudgral?a3e59ce9ed21efa75bd259e76228584e,2018,9526,,,gx-no-cache=1520609131839 HTTP/1.1" 200 11285
192.168.10.89 - - [09/Mar/2018:12:28:13 -0300] "GET /cormun/static/Resources/prompt.gif HTTP/1.1" 200 902
192.168.10.89 - - [09/Mar/2018:12:28:13 -0300] "GET /cormun/static/funcionariobloqueados.js?20181232058712 HTTP/1.1" 200 6850
186.67.172.234 - - [09/Mar/2018:12:28:14 -0300] "GET /cormun/servlet/licenciaspermisos?DSP,6672140,L,20180221000000, HTTP/1.1" 200 7271
192.168.10.89 - - [09/Mar/2018:12:28:14 -0300] "GET /cormun/static/Shared/jqueryui/images/ui-icons_82798d_256x240.png HTTP/1.1" 404 1089
192.168.10.89 - - [09/Mar/2018:12:28:14 -0300] "GET /cormun/static/Shared/jqueryui/images/ui-bg_flat_55_fafafa_40x100.png HTTP/1.1" 404 1097
192.168.10.89 - - [09/Mar/2018:12:28:14 -0300] "GET /cormun/static/Shared/jqueryui/images/ui-icons_8d78a5_256x240.png HTTP/1.1" 404 1089
192.168.10.89 - - [09/Mar/2018:12:28:14 -0300] "GET /cormun/static/Shared/jqueryui/images/ui-bg_highlight-soft_100_c6c2c8_1x100.png HTTP/1.1" 404 1117
190.151.100.218 - - [09/Mar/2018:12:28:14 -0300] "POST /cormun/servlet/hlogin?eba237e20aeb3ec372eb5ed43a6e0ac4,gx-no-cache=1520609245213 HTTP/1.1" 200 90
190.151.100.218 - - [09/Mar/2018:12:28:14 -0300] "GET /cormun/servlet/hpexe_link HTTP/1.1" 200 964
190.151.100.218 - - [09/Mar/2018:12:28:14 -0300] "GET /cormun/servlet/treventos?2018,9991, HTTP/1.1" 200 8310
190.151.100.218 - - [09/Mar/2018:12:28:15 -0300] "GET /cormun/servlet/treventos?2018,9991, HTTP/1.1" 200 8316
192.168.10.89 - - [09/Mar/2018:12:28:16 -0300] "POST /cormun/servlet/funcionariobloqueados?001f27ca7d753001318747554d6f6091,DLT,16302014,,gx-no-cache=1520609134385 HTTP/1.1" 200 93
192.168.10.89 - - [09/Mar/2018:12:28:16 -0300] "GET /cormun/servlet/hpexe_return? HTTP/1.1" 200 1021
192.168.10.89 - - [09/Mar/2018:12:28:16 -0300] "GET /cormun/servlet/trfuncionariobloqueados HTTP/1.1" 200 10620
192.168.10.62 - - [09/Mar/2018:12:28:23 -0300] "POST /cormun/servlet/vesolicitudgral?a3e59ce9ed21efa75bd259e76228584e,2018,9526,,,gx-no-cache=1520609141487 HTTP/1.1" 200 90
192.168.10.62 - - [09/Mar/2018:12:28:23 -0300] "GET /cormun/servlet/hpexe_link HTTP/1.1" 200 967
192.168.10.62 - - [09/Mar/2018:12:28:23 -0300] "GET /cormun/servlet/trsolicitudgral HTTP/1.1" 200 12956
192.168.10.62 - - [09/Mar/2018:12:28:24 -0300] "GET /cormun/servlet/trsolicitudgral HTTP/1.1" 200 12955
186.67.172.234 - - [09/Mar/2018:12:28:24 -0300] "GET /cormun/servlet/trlicencias? HTTP/1.1" 200 10441
186.67.172.234 - - [09/Mar/2018:12:28:25 -0300] "GET /cormun/servlet/trlicencias? HTTP/1.1" 200 10440
192.168.10.62 - - [09/Mar/2018:12:28:26 -0300] "GET /cormun/servlet/vesolicitudgral?2018,9525,, HTTP/1.1" 200 8474
192.168.10.62 - - [09/Mar/2018:12:28:26 -0300] "GET /cormun/pexe_scrolldiv.js HTTP/1.1" 404 1009
192.168.10.62 - - [09/Mar/2018:12:28:26 -0300] "GET /cormun/pexe_scrolldiv.js HTTP/1.1" 404 1009
192.168.10.62 - - [09/Mar/2018:12:28:27 -0300] "GET /cormun/servlet/vesolicitudgral?2018,9525,, HTTP/1.1" 200 8474
192.168.10.62 - - [09/Mar/2018:12:28:28 -0300] "POST /cormun/servlet/vesolicitudgral?a3e59ce9ed21efa75bd259e76228584e,2018,9525,,,gx-no-cache=1520609146766 HTTP/1.1" 200 107
192.168.10.62 - - [09/Mar/2018:12:28:28 -0300] "GET /cormun/servlet/solicitudgral?UPD,2018,9525, HTTP/1.1" 200 12309
192.168.10.62 - - [09/Mar/2018:12:28:29 -0300] "GET /cormun/servlet/solicitudgral?UPD,2018,9525, HTTP/1.1" 200 12309
192.168.10.62 - - [09/Mar/2018:12:28:29 -0300] "POST /cormun/servlet/solicitudgral?gx-no-cache=1520609147766 HTTP/1.1" 200 3894
192.168.10.62 - - [09/Mar/2018:12:28:29 -0300] "GET /cormun/servlet/solicitudgral?1fd6da274e2641201cc62dad3faecf3d9301ca7c3b2f634e031f9b99eaf04096031d4317c47bd5b1c02ff4fe0dc40f524b3c029e5bc26968fedbe1a7f4a65717e7d182101aed80cd06a3a028254df475676edc406b4da793ceaeab1bce80759d8973fd846ea1c3fc3d08e442b3426d797fcac924908460da428e760e656ff0d4a0fd4e5d062128c2ef1c48ec77329a8a949fe396129dae6dd923cec0f0bbbf90dd294847e98e53640a77252fb1f4de83c2dae99405a000eda69b9ff558298194664c05347f330d04a66724d92150258679bd8e8b77f714db3d663907b0534566ab42f2dc07b706397c7fca4bdadcd0cb7cc3ce5a9420a099c067c5b45b18d5332b54bc4d8722001dda4a7735b2652f5a8d73f976074948c5795ab7d6854e86ce68c875e5e1c9ddf7d6f77fc28a74136a1eb1dd6b86c3e229820b175fd0a9c78a7bb1ecf61fb4528434484ba5a2d0d431,gx-no-cache=1520609147900 HTTP/1.1" 200 255
192.168.10.62 - - [09/Mar/2018:12:28:29 -0300] "GET /cormun/servlet/solicitudgral?1fd6da274e2641201cc62dad3faecf3db3caabbf01c12688b9e2fff9fb2a37c4727e084856bf52d8e7b66be8839097074057671571a778d5c61bf5552488ad95df8a3fc0275881ee4be318d11c8eb150ebc6f053ee95f5e3df86f469c2ab51fdd3dcf277c79a69fee7508aac421d3df8fce601a9b47fa1ced29535a7c89e4de436f137a5ebc3c3b8a21ff8f4c2fda126334048a2a270b6599f87ac140d8cb613830e3ec95533438c816ed00efc4fe69e27bae75cccc080371e77e82cd7e44546a3be2d5c1cce2ea822741b8fa6ee23466a83870bee2f27000c22bae9c65b52bcdc4904b7dd663b1e743ddd843aa94f94da795f074f661e566dc50ddf6e146b05030d8f0030fb5682945826b5b126d0cc0325bef5727b311d879a8206f5b57361ad254a37bbb36e8935e11e1cf85fbd44119e58e73629cd969b9e7babc031aa9bea3798633be1604580d3bebfa5c1b06e7085b26a0d4530c104ddcbcc3772c8b981181f967085bb95f7b8ec64889bbf0b05525ebba6d3f4a8f2adffb7b2914c7f830f110921386abe194e4b6f6534d7f31036aa4162a6d7863b6476bfdbe2a168b5922385e2d86e6b010dfd86391275d1,gx-no-cache=1520609147971 HTTP/1.1" 200 48
192.168.10.62 - - [09/Mar/2018:12:28:31 -0300] "POST /cormun/servlet/solicitudgral?a3e59ce9ed21efa75bd259e76228584e,UPD,2018,9525,,gx-no-cache=1520609149861 HTTP/1.1" 200 11148
192.168.10.62 - - [09/Mar/2018:12:28:31 -0300] "GET /cormun/servlet/solicitudgral?1fd6da274e2641201cc62dad3faecf3dedeeaf6915a2c1ae2c0608371c0f1a410ff1d409ebbadae513ef3cc5973c7dbce51f6225eaaca9e6d282df2169db794f9412f1b6bc05f933a817435f5e6d7c4bcf32f23fbfcf9e49a69ab82505ac4fa2778d02bb5d6f786e02db9746e819f5c2d41ae1deb5d58532b3340bb2e554781c90e58f10b170017312adc62bddd265f1c1ea99b384f2d099278ff79fea943b67,gx-no-cache=1520609150044 HTTP/1.1" 200 29
192.168.10.62 - - [09/Mar/2018:12:28:32 -0300] "POST /cormun/servlet/solicitudgral?gx-no-cache=1520609150068 HTTP/1.1" 200 1295
192.168.10.62 - - [09/Mar/2018:12:28:32 -0300] "POST /cormun/servlet/solicitudgral?gx-no-cache=1520609150122 HTTP/1.1" 200 1219
192.168.10.62 - - [09/Mar/2018:12:28:32 -0300] "POST /cormun/servlet/solicitudgral?a3e59ce9ed21efa75bd259e76228584e,UPD,2018,9525,,gx-no-cache=1520609150168 HTTP/1.1" 200 93
192.168.10.62 - - [09/Mar/2018:12:28:32 -0300] "GET /cormun/servlet/hpexe_return? HTTP/1.1" 200 1016
192.168.10.62 - - [09/Mar/2018:12:28:32 -0300] "GET /cormun/servlet/vesolicitudgral?2018,9525,, HTTP/1.1" 200 8479
192.168.10.62 - - [09/Mar/2018:12:28:32 -0300] "GET /cormun/pexe_scrolldiv.js HTTP/1.1" 404 1009
192.168.10.62 - - [09/Mar/2018:12:28:32 -0300] "GET /cormun/pexe_scrolldiv.js HTTP/1.1" 404 1009
192.168.10.62 - - [09/Mar/2018:12:28:32 -0300] "GET /cormun/servlet/vesolicitudgral?2018,9525,, HTTP/1.1" 200 8475
192.168.10.62 - - [09/Mar/2018:12:28:33 -0300] "POST /cormun/servlet/vesolicitudgral?a3e59ce9ed21efa75bd259e76228584e,2018,9525,,,gx-no-cache=1520609151877 HTTP/1.1" 200 11353
192.168.10.62 - - [09/Mar/2018:12:28:34 -0300] "GET /cormun/static/Shared/jqueryui/images/ui-bg_highlight-soft_100_c6c2c8_1x100.png HTTP/1.1" 404 1117
192.168.10.62 - - [09/Mar/2018:12:28:34 -0300] "GET /cormun/static/Shared/jqueryui/images/ui-icons_82798d_256x240.png HTTP/1.1" 404 1089
192.168.10.62 - - [09/Mar/2018:12:28:34 -0300] "GET /cormun/static/Shared/jqueryui/images/ui-bg_flat_55_fafafa_40x100.png HTTP/1.1" 404 1097
192.168.10.62 - - [09/Mar/2018:12:28:34 -0300] "GET /cormun/static/Shared/jqueryui/images/ui-icons_8d78a5_256x240.png HTTP/1.1" 404 1089
192.168.10.62 - - [09/Mar/2018:12:28:34 -0300] "POST /cormun/servlet/vesolicitudgral?a3e59ce9ed21efa75bd259e76228584e,2018,9525,,,gx-no-cache=1520609152085 HTTP/1.1" 200 11289
192.168.10.62 - - [09/Mar/2018:12:28:36 -0300] "POST /cormun/servlet/vesolicitudgral?a3e59ce9ed21efa75bd259e76228584e,2018,9525,,,gx-no-cache=1520609154224 HTTP/1.1" 200 90
192.168.10.62 - - [09/Mar/2018:12:28:36 -0300] "GET /cormun/servlet/hpexe_link HTTP/1.1" 200 967
192.168.10.62 - - [09/Mar/2018:12:28:36 -0300] "GET /cormun/servlet/trsolicitudgral HTTP/1.1" 200 12556
192.168.10.62 - - [09/Mar/2018:12:28:36 -0300] "GET /cormun/servlet/trsolicitudgral HTTP/1.1" 200 12555
192.168.10.62 - - [09/Mar/2018:12:28:41 -0300] "GET /cormun/servlet/vesolicitudgral?2018,9523,, HTTP/1.1" 200 8474
192.168.10.62 - - [09/Mar/2018:12:28:41 -0300] "GET /cormun/pexe_scrolldiv.js HTTP/1.1" 404 1009
192.168.10.62 - - [09/Mar/2018:12:28:41 -0300] "GET /cormun/pexe_scrolldiv.js HTTP/1.1" 404 1009
192.168.10.62 - - [09/Mar/2018:12:28:41 -0300] "GET /cormun/servlet/vesolicitudgral?2018,9523,, HTTP/1.1" 200 8474
192.168.10.62 - - [09/Mar/2018:12:28:43 -0300] "POST /cormun/servlet/vesolicitudgral?a3e59ce9ed21efa75bd259e76228584e,2018,9523,,,gx-no-cache=1520609161182 HTTP/1.1" 200 107
192.168.10.62 - - [09/Mar/2018:12:28:43 -0300] "GET /cormun/servlet/solicitudgral?UPD,2018,9523, HTTP/1.1" 200 12314
192.168.10.62 - - [09/Mar/2018:12:28:43 -0300] "GET /cormun/servlet/solicitudgral?UPD,2018,9523, HTTP/1.1" 200 12314
192.168.10.62 - - [09/Mar/2018:12:28:44 -0300] "POST /cormun/servlet/solicitudgral?gx-no-cache=1520609162245 HTTP/1.1" 200 3900
192.168.10.62 - - [09/Mar/2018:12:28:44 -0300] "GET /cormun/servlet/solicitudgral?1fd6da274e2641201cc62dad3faecf3d9301ca7c3b2f634e031f9b99eaf04096031d4317c47bd5b1c02ff4fe0dc40f524b3c029e5bc26968fedbe1a7f4a65717e7d182101aed80cd06a3a028254df475676edc406b4da793ceaeab1bce80759d8973fd846ea1c3fc3d08e442b3426d797fcac924908460da428e760e656ff0d4a0fd4e5d062128c2ef1c48ec77329a8a949fe396129dae6dd923cec0f0bbbf90dd294847e98e53640a77252fb1f4de83c2dae99405a000eda69b9ff558298194664c05347f330d04a66724d92150258679bd8e8b77f714db3d663907b0534566ab42f2dc07b706397c7fca4bdadcd0cb7cc3ce5a9420a099c067c5b45b18d5332b54bc4d8722001dda4a7735b2652f5a8d73f976074948c5795ab7d6854e86ce68c875e5e1c9ddf7d6f77fc28a74136a1eb1dd6b86c3e229820b175fd0a9c78a7bb1ecf61fb4528434484ba5a2d0d431,gx-no-cache=1520609162373 HTTP/1.1" 200 255
192.168.10.62 - - [09/Mar/2018:12:28:44 -0300] "GET /cormun/servlet/solicitudgral?1fd6da274e2641201cc62dad3faecf3db3caabbf01c12688b9e2fff9fb2a37c4727e084856bf52d8e7b66be8839097074057671571a778d5c61bf5552488ad95df8a3fc0275881ee4be318d11c8eb150ebc6f053ee95f5e3df86f469c2ab51fdd3dcf277c79a69fee7508aac421d3df8fce601a9b47fa1ced29535a7c89e4de436f137a5ebc3c3b8a21ff8f4c2fda126334048a2a270b6599f87ac140d8cb613830e3ec95533438c816ed00efc4fe69e27bae75cccc080371e77e82cd7e44546a3be2d5c1cce2ea822741b8fa6ee23466a83870bee2f27000c22bae9c65b52bcdc4904b7dd663b1e743ddd843aa94f94da795f074f661e566dc50ddf6e146b05030d8f0030fb5682945826b5b126d0cc0325bef5727b311d879a8206f5b57361ad254a37bbb36e8935e11e1cf85fbd44119e58e73629cd969b9e7babc031aa9bea3798633be1604580d3bebfa5c1b06e7085b26a0d4530c104ddcbcc3772c8b981181f967085bb95f7b8ec64889bbf0b05525ebba6d3f4a8f2adffb7b2914c7f830f110921386abe194e4b6f6534d7f31036aa4162a6d7863b6476bfdbe2a168b5922385e2d86e6b010dfd86391275d1,gx-no-cache=1520609162567 HTTP/1.1" 200 48
192.168.10.62 - - [09/Mar/2018:12:28:46 -0300] "POST /cormun/servlet/solicitudgral?a3e59ce9ed21efa75bd259e76228584e,UPD,2018,9523,,gx-no-cache=1520609164413 HTTP/1.1" 200 11145
192.168.10.62 - - [09/Mar/2018:12:28:46 -0300] "GET /cormun/servlet/solicitudgral?1fd6da274e2641201cc62dad3faecf3dedeeaf6915a2c1ae2c0608371c0f1a410ff1d409ebbadae513ef3cc5973c7dbce51f6225eaaca9e6d282df2169db794f9412f1b6bc05f933a817435f5e6d7c4bcf32f23fbfcf9e49a69ab82505ac4fa2778d02bb5d6f786e02db9746e819f5c2d41ae1deb5d58532b3340bb2e554781c90e58f10b170017312adc62bddd265f1c1ea99b384f2d099278ff79fea943b67,gx-no-cache=1520609164593 HTTP/1.1" 200 29
192.168.10.62 - - [09/Mar/2018:12:28:46 -0300] "POST /cormun/servlet/solicitudgral?gx-no-cache=1520609164618 HTTP/1.1" 200 1295
192.168.10.62 - - [09/Mar/2018:12:28:46 -0300] "POST /cormun/servlet/solicitudgral?gx-no-cache=1520609164653 HTTP/1.1" 200 1219
192.168.10.62 - - [09/Mar/2018:12:28:46 -0300] "POST /cormun/servlet/solicitudgral?a3e59ce9ed21efa75bd259e76228584e,UPD,2018,9523,,gx-no-cache=1520609164687 HTTP/1.1" 200 93
192.168.10.62 - - [09/Mar/2018:12:28:46 -0300] "GET /cormun/servlet/hpexe_return? HTTP/1.1" 200 1016
192.168.10.62 - - [09/Mar/2018:12:28:46 -0300] "GET /cormun/servlet/vesolicitudgral?2018,9523,, HTTP/1.1" 200 8481
192.168.10.62 - - [09/Mar/2018:12:28:46 -0300] "GET /cormun/pexe_scrolldiv.js HTTP/1.1" 404 1009
192.168.10.62 - - [09/Mar/2018:12:28:47 -0300] "GET /cormun/pexe_scrolldiv.js HTTP/1.1" 404 1009
192.168.10.62 - - [09/Mar/2018:12:28:47 -0300] "GET /cormun/servlet/vesolicitudgral?2018,9523,, HTTP/1.1" 200 8478
192.168.10.62 - - [09/Mar/2018:12:28:49 -0300] "POST /cormun/servlet/vesolicitudgral?a3e59ce9ed21efa75bd259e76228584e,2018,9523,,,gx-no-cache=1520609166983 HTTP/1.1" 200 11342
192.168.10.62 - - [09/Mar/2018:12:28:49 -0300] "GET /cormun/static/Shared/jqueryui/images/ui-bg_highlight-soft_100_c6c2c8_1x100.png HTTP/1.1" 404 1117
192.168.10.62 - - [09/Mar/2018:12:28:49 -0300] "GET /cormun/static/Shared/jqueryui/images/ui-icons_82798d_256x240.png HTTP/1.1" 404 1089
192.168.10.62 - - [09/Mar/2018:12:28:49 -0300] "GET /cormun/static/Shared/jqueryui/images/ui-bg_flat_55_fafafa_40x100.png HTTP/1.1" 404 1097
