190.151.124.170 - - [09/Mar/2018:10:38:31 -0300] "GET /cormun/servlet/solicitudotadjuntos?INS,2018,10349,,1, HTTP/1.1" 200 6250
190.100.93.40 - - [09/Mar/2018:10:38:32 -0300] "GET /cormun/servlet/solicitudotadjuntos?INS,2018,10347,,1, HTTP/1.1" 200 6353
190.100.93.40 - - [09/Mar/2018:10:38:32 -0300] "GET /cormun/static/about:blank HTTP/1.1" 404 1011
190.100.93.40 - - [09/Mar/2018:10:38:32 -0300] "GET /cormun/servlet/solicitudotadjuntos?INS,2018,10347,,1, HTTP/1.1" 200 6346
186.103.156.166 - - [09/Mar/2018:10:38:32 -0300] "GET /cormun/servlet/trsolicitudadjuntos?2018,10353, HTTP/1.1" 200 6273
200.54.18.125 - - [09/Mar/2018:10:38:32 -0300] "GET /cormun/servlet/solicitudotadjuntos?INS,2018,10349,,1, HTTP/1.1" 200 6243
190.100.93.40 - - [09/Mar/2018:10:38:33 -0300] "GET /cormun/servlet/solicitudotadjuntos?0fc33ab8f93b046478ad5c01a6b97ac4e9071e078dc37080e5b500ceb38634fd79a58d3198351ae7a60ed1dcb04716ca,gx-no-cache=1520602667243 HTTP/1.1" 200 30
190.151.124.170 - - [09/Mar/2018:10:38:33 -0300] "GET /cormun/static/about:blank HTTP/1.1" 404 1011
186.67.84.236 - - [09/Mar/2018:10:38:33 -0300] "GET /cormun/servlet/solicitudotadjuntos?bac20ea41d6e783602ccb1e09a8bdddfc4f4427591c4120cdb48f8463a2145a185703d7198a6a47069fd2c07fe469514,gx-no-cache=1520602663017 HTTP/1.1" 200 30
190.100.93.40 - - [09/Mar/2018:10:38:33 -0300] "POST /cormun/servlet/solicitudotadjuntos?50eeaf17eb99e967a28e6a57335f3130,INS,2018,10347,,1,,gx-no-cache=1520602667338 HTTP/1.1" 200 4020
190.151.124.170 - - [09/Mar/2018:10:38:33 -0300] "POST /cormun/servlet/solicitudotadjuntos?a70dc856a18f0c164c4ad5f39e883014,INS,2018,10349,,1,,gx-no-cache=1520602663108 HTTP/1.1" 200 4025
190.100.93.40 - - [09/Mar/2018:10:38:36 -0300] "POST /cormun/servlet/solicitudotadjuntos?gx-no-cache=1520602670578 HTTP/1.1" 200 26
190.100.93.40 - - [09/Mar/2018:10:38:42 -0300] "GET /cormun/servlet/solicitudotadjuntos?0fc33ab8f93b046478ad5c01a6b97ac4ae790196b38acbfc8a7801be2576d97f,gx-no-cache=1520602676233 HTTP/1.1" 200 30
190.100.93.40 - - [09/Mar/2018:10:38:43 -0300] "GET /cormun/servlet/solicitudotadjuntos?0fc33ab8f93b046478ad5c01a6b97ac4ae790196b38acbfc8a7801be2576d97f,gx-no-cache=1520602676321 HTTP/1.1" 200 30
186.103.156.166 - - [09/Mar/2018:10:38:45 -0300] "GET /cormun/servlet/trautorizarsolicitud? HTTP/1.1" 200 9111
186.103.156.166 - - [09/Mar/2018:10:38:45 -0300] "GET /cormun/static/gxcfg.js?2017111423403364 HTTP/1.1" 304 -
186.103.156.166 - - [09/Mar/2018:10:38:45 -0300] "GET /cormun/servlet/trautorizarsolicitud? HTTP/1.1" 200 9102
192.168.10.89 - - [09/Mar/2018:10:38:48 -0300] "POST /cormun/servlet/trsolicitudgral?20a15a22bd14813542f4d6bbc2cd0c5b,,gx-no-cache=1520602566345 HTTP/1.1" 200 7283
186.103.156.166 - - [09/Mar/2018:10:38:49 -0300] "GET /cormun/servlet/trsolicitudot? HTTP/1.1" 200 8762
192.168.10.61 - - [09/Mar/2018:10:38:50 -0300] "POST /cormun/servlet/vesolicitudgral?06ef8980e0cfeda73e64c94aa1ed2183,2018,8984,,,gx-no-cache=1520602568738 HTTP/1.1" 200 93
192.168.10.61 - - [09/Mar/2018:10:38:50 -0300] "GET /cormun/servlet/hpexe_return? HTTP/1.1" 200 1013
192.168.10.61 - - [09/Mar/2018:10:38:50 -0300] "GET /cormun/servlet/hhome HTTP/1.1" 200 4479
192.168.10.89 - - [09/Mar/2018:10:38:50 -0300] "POST /cormun/servlet/trsolicitudgral?20a15a22bd14813542f4d6bbc2cd0c5b,,gx-no-cache=1520602569038 HTTP/1.1" 200 115
192.168.10.89 - - [09/Mar/2018:10:38:51 -0300] "GET /cormun/servlet/solicitudotlog?INS,2018,8699,0,REC, HTTP/1.1" 200 6716
192.168.10.61 - - [09/Mar/2018:10:38:51 -0300] "GET /cormun/servlet/hhome HTTP/1.1" 200 4473
192.168.10.89 - - [09/Mar/2018:10:38:52 -0300] "GET /cormun/servlet/solicitudotlog?318a86627106d92658d64b5cfbf8f3e81e19997b0f9d46654392db0af971e45082b553b6bcb92b672bfa8ab5573224807d27b7b97d0ac6771291a87776943b5d421f2ade04c9ec5bc0a7d53ad3bd676ee60437bc31e9a93f50281548c6aa235c6f8b9ee0cb22b811b4663a33face65eab62298dc60eba494731025f272eab8c5ffe12f1b49f358b3b8f1096a8fa7112d36c9003334304f1c755b3cdf2cd7b760,gx-no-cache=1520602570100 HTTP/1.1" 200 94
192.168.10.61 - - [09/Mar/2018:10:38:56 -0300] "GET /cormun/servlet/trsolicitudgral? HTTP/1.1" 200 13585
192.168.10.61 - - [09/Mar/2018:10:38:57 -0300] "GET /cormun/servlet/trsolicitudgral? HTTP/1.1" 200 13583
192.168.10.89 - - [09/Mar/2018:10:38:59 -0300] "POST /cormun/servlet/solicitudotlog?20a15a22bd14813542f4d6bbc2cd0c5b,INS,2018,8699,0,REC,,gx-no-cache=1520602577399 HTTP/1.1" 200 93
192.168.10.89 - - [09/Mar/2018:10:38:59 -0300] "GET /cormun/servlet/hpexe_return? HTTP/1.1" 200 1020
192.168.10.89 - - [09/Mar/2018:10:38:59 -0300] "GET /cormun/servlet/trsolicitudgral? HTTP/1.1" 200 10788
192.168.10.61 - - [09/Mar/2018:10:39:02 -0300] "GET /cormun/servlet/solicitudgral?UPD,2018,8984, HTTP/1.1" 200 12769
192.168.10.61 - - [09/Mar/2018:10:39:02 -0300] "GET /cormun/static/gxcfg.js?20181911354237 HTTP/1.1" 304 -
192.168.10.61 - - [09/Mar/2018:10:39:02 -0300] "GET /cormun/servlet/solicitudgral?UPD,2018,8984, HTTP/1.1" 200 12776
192.168.10.61 - - [09/Mar/2018:10:39:03 -0300] "POST /cormun/servlet/solicitudgral?gx-no-cache=1520602581373 HTTP/1.1" 200 3884
192.168.10.61 - - [09/Mar/2018:10:39:03 -0300] "GET /cormun/servlet/solicitudgral?f70dedda8936a4b46b2b02802c9430683abb47567b258147cd0671798932feae9f37adeb1bfa01a18fa231cd3c1897969aa727d5171e4cc056048e42002011fd5cb55fd86f9bc426ffc02c76c757690aed133ad4597af39e92cbf7f39aba691a78a687370d7ecf5a208da93d95d0a7b6b4af663aee3792b4d10e9444c543c67627d958811ea0ee87b0f7d8aa47fca60f8ec1ddeb70cbc071ff526a588e55ce4ee10bc72472d2e284b728041c5a251a2534911a60bfd2b630282a4f7c30bc5181a2b633d979172bfb5206e75727fa3f37c75418e3d180f56a0d7eeaafa32277ad89abdea173bba18f9c1456ca271691270e58a0832c3955c50272ee59a9f9484ff97c81fd63a52bc7c7c96ded3e2bef75e67b89f873b751fbf8bc385e67569c850c31a8e59d6077181e8e98b14fde171e4f3971a04067f7975a9d4be49488e6aca1aed1c4e3f90ec81c2936aa93b56344,gx-no-cache=1520602581648 HTTP/1.1" 200 255
192.168.10.89 - - [09/Mar/2018:10:39:04 -0300] "GET /cormun/servlet/vesolicitudgral?2018,8699,, HTTP/1.1" 200 9511
192.168.10.89 - - [09/Mar/2018:10:39:04 -0300] "GET /cormun/static/gxcfg.js?201711151294153 HTTP/1.1" 304 -
192.168.10.89 - - [09/Mar/2018:10:39:04 -0300] "GET /cormun/pexe_scrolldiv.js HTTP/1.1" 404 1009
192.168.10.89 - - [09/Mar/2018:10:39:06 -0300] "GET /cormun/servlet/vesolicitudgral?2018,8699,,SolicitudOTLog HTTP/1.1" 200 10008
192.168.10.89 - - [09/Mar/2018:10:39:06 -0300] "GET /cormun/pexe_scrolldiv.js HTTP/1.1" 404 1009
192.168.10.89 - - [09/Mar/2018:10:39:07 -0300] "POST /cormun/servlet/acontrolpreferencessavestate?None,CDROGUETT,true HTTP/1.1" 200 35
192.168.10.61 - - [09/Mar/2018:10:39:09 -0300] "GET /cormun/servlet/solicitudgral?f70dedda8936a4b46b2b02802c943068d1729ac19521fca06e7375efcd586cff5555c391abb92f967f2ef7a00302d4e22ed07c7543064b1232335b2587f51397d5b3ecf204c0f3243dcd06c2e9d7f448426f014839475ddecef7fb2641b6ade7955ce32f96cf1d44cdbd050b34882a4eeeee464bf13c9ff510b64193abf622324f73347a174093a49f69c21a3d3bb2cc2dd0cffbf429eb393df32f3b6b92b9c51fbde5ddba343424641f7d102584452e47a27c4f872f8c0fb8a46e99c931431b7536a237523d4c16d9b002ab82675b51909cd768522622f9d7406adb12fc979d397ee0558bd8ea1f99e57c0671bc2de5c6f8bc53360220afc21251b0df3279bd0f4003a734bfb65b2dcf72d48d8cb99dc5b653deb6c93394edc4b9bcab3292df40ac749f23ea764129e9df9e02e37e451001c24ca80bbb2bb210e5aa11cf756d5adfb347a9741affa0f7058c0c6c041479247b5579fdc51c7315da03f2232bb024614acbf5bddad50d2dc30c5ed7e65234cab853e9532afc3c8b529a1fe2f5d89426ad42784068f11ccfc8a1c9675fecbed4a90c4dc7abcebe5960f69c8a5c6e0c0bf4cb7e25700e366a4ff8e87c311b,gx-no-cache=1520602587640 HTTP/1.1" 200 48
192.168.10.61 - - [09/Mar/2018:10:39:09 -0300] "POST /cormun/servlet/solicitudgral?06ef8980e0cfeda73e64c94aa1ed2183,UPD,2018,8984,,gx-no-cache=1520602587671 HTTP/1.1" 200 11793
192.168.10.61 - - [09/Mar/2018:10:39:09 -0300] "GET /cormun/servlet/solicitudgral?f70dedda8936a4b46b2b02802c943068cfadd165dbf4241a450491b732ccbc65336c292fd29357592318974a132552ce8b852342cd6ee14657edd407a08ab547bfae643c6e3f10b52b4b6be72b9c60fad7fcea67249ded035ca196f4f45122b2cb3ff2a5139768ee98e0b6dc02c706581fa72b654dd649d9b8b0a3f9b954aac903a438080d773a600dca215eeec516e5a494fdd0a27a33808f5653fa37390456,gx-no-cache=1520602587836 HTTP/1.1" 200 29
192.168.10.61 - - [09/Mar/2018:10:39:09 -0300] "POST /cormun/servlet/solicitudgral?gx-no-cache=1520602587859 HTTP/1.1" 200 1295
192.168.10.61 - - [09/Mar/2018:10:39:09 -0300] "POST /cormun/servlet/solicitudgral?gx-no-cache=1520602587911 HTTP/1.1" 200 1218
186.67.84.236 - - [09/Mar/2018:10:39:11 -0300] "POST /cormun/servlet/solicitudotadjuntos?gx-no-cache=1520602701094 HTTP/1.1" 200 26
190.100.93.40 - - [09/Mar/2018:10:39:14 -0300] "POST /cormun/servlet/solicitudotadjuntos?50eeaf17eb99e967a28e6a57335f3130,INS,2018,10347,,1, HTTP/1.1" 200 116
190.100.93.40 - - [09/Mar/2018:10:39:14 -0300] "GET /cormun/servlet/hpexe_return? HTTP/1.1" 200 1020
190.100.93.40 - - [09/Mar/2018:10:39:15 -0300] "GET /cormun/servlet/trsolicitudadjuntos?2018,10347, HTTP/1.1" 200 9667
190.100.93.40 - - [09/Mar/2018:10:39:16 -0300] "GET /cormun/servlet/trsolicitudadjuntos?2018,10347, HTTP/1.1" 200 9665
186.67.84.236 - - [09/Mar/2018:10:39:21 -0300] "GET /cormun/servlet/solicitudotadjuntos?bac20ea41d6e783602ccb1e09a8bdddf508e68cef39decf232c01f309fe5ff6b,gx-no-cache=1520602711332 HTTP/1.1" 200 30
186.67.84.236 - - [09/Mar/2018:10:39:22 -0300] "GET /cormun/servlet/solicitudotadjuntos?bac20ea41d6e783602ccb1e09a8bdddf508e68cef39decf232c01f309fe5ff6b,gx-no-cache=1520602711703 HTTP/1.1" 200 30
186.103.156.166 - - [09/Mar/2018:10:39:22 -0300] "GET /cormun/servlet/treventos?2018,10187, HTTP/1.1" 200 7908
186.103.156.166 - - [09/Mar/2018:10:39:22 -0300] "GET /cormun/static/gxcfg.js?2016101716195975 HTTP/1.1" 200 953
186.103.156.166 - - [09/Mar/2018:10:39:22 -0300] "GET /cormun/static/treventos.js?201610171620222 HTTP/1.1" 200 16064
186.103.156.166 - - [09/Mar/2018:10:39:23 -0300] "GET /cormun/servlet/treventos?2018,10187, HTTP/1.1" 200 7907
186.103.156.166 - - [09/Mar/2018:10:39:35 -0300] "GET /cormun/servlet/trvisualizadoreventos? HTTP/1.1" 200 6933
186.103.156.166 - - [09/Mar/2018:10:39:35 -0300] "GET /cormun/static/gxcfg.js?20175251251426 HTTP/1.1" 304 -
186.103.156.166 - - [09/Mar/2018:10:39:36 -0300] "GET /cormun/servlet/trvisualizadoreventos? HTTP/1.1" 200 6924
186.103.156.166 - - [09/Mar/2018:10:39:41 -0300] "GET /cormun/servlet/trsolicitudot? HTTP/1.1" 200 8756
186.103.156.166 - - [09/Mar/2018:10:39:42 -0300] "GET /cormun/servlet/trsolicitudot? HTTP/1.1" 200 8755
186.67.84.236 - - [09/Mar/2018:10:39:44 -0300] "POST /cormun/servlet/solicitudotadjuntos?a70dc856a18f0c164c4ad5f39e883014,INS,2018,10349,,1, HTTP/1.1" 200 6478
186.67.84.236 - - [09/Mar/2018:10:39:44 -0300] "GET /cormun/static/Shared/jqueryui/images/ui-bg_highlight-soft_100_c6c2c8_1x100.png HTTP/1.1" 404 1117
186.67.84.236 - - [09/Mar/2018:10:39:44 -0300] "GET /cormun/static/Shared/jqueryui/images/ui-bg_flat_55_994d53_40x100.png HTTP/1.1" 404 1097
152.231.70.146 - - [09/Mar/2018:10:39:44 -0300] "GET /cormun/static/Shared/jqueryui/images/ui-icons_ebccce_256x240.png HTTP/1.1" 404 1089
186.103.196.84 - - [09/Mar/2018:10:39:44 -0300] "GET /cormun/static/Shared/jqueryui/images/ui-icons_82798d_256x240.png HTTP/1.1" 404 1089
186.67.84.236 - - [09/Mar/2018:10:39:45 -0300] "GET /cormun/PrivateTempStorage/upload_00007976.jpg HTTP/1.1" 200 529175
186.103.156.166 - - [09/Mar/2018:10:39:51 -0300] "POST /cormun/servlet/trsolicitudot?c569064d6f1225a316cd183517ec5db4,,gx-no-cache=1520602748324 HTTP/1.1" 200 6048
186.103.156.166 - - [09/Mar/2018:10:39:51 -0300] "GET /cormun/static/Shared/jqueryui/images/ui-icons_82798d_256x240.png HTTP/1.1" 404 1089
186.103.156.166 - - [09/Mar/2018:10:39:51 -0300] "GET /cormun/static/Shared/jqueryui/images/ui-bg_flat_55_fafafa_40x100.png HTTP/1.1" 404 1097
186.103.156.166 - - [09/Mar/2018:10:39:51 -0300] "GET /cormun/static/Shared/jqueryui/images/ui-icons_8d78a5_256x240.png HTTP/1.1" 404 1089
186.103.156.166 - - [09/Mar/2018:10:39:52 -0300] "GET /cormun/static/Shared/jqueryui/images/ui-bg_highlight-soft_100_c6c2c8_1x100.png HTTP/1.1" 404 1117
186.67.172.234 - - [09/Mar/2018:10:39:54 -0300] "POST /cormun/servlet/solicitudot?c340b640f937ba6d577a86f89f7db436,INS,0,0,,gx-no-cache=1520602743622 HTTP/1.1" 200 93
192.168.10.61 - - [09/Mar/2018:10:39:55 -0300] "POST /cormun/servlet/solicitudgral?06ef8980e0cfeda73e64c94aa1ed2183,UPD,2018,8984,,gx-no-cache=1520602633116 HTTP/1.1" 200 93
192.168.10.61 - - [09/Mar/2018:10:39:55 -0300] "GET /cormun/servlet/hpexe_return? HTTP/1.1" 200 1016
186.67.172.234 - - [09/Mar/2018:10:39:55 -0300] "GET /cormun/servlet/hpexe_return? HTTP/1.1" 200 1005
192.168.10.61 - - [09/Mar/2018:10:39:55 -0300] "GET /cormun/servlet/trsolicitudgral HTTP/1.1" 200 13588
186.67.172.234 - - [09/Mar/2018:10:39:55 -0300] "GET /cormun/servlet/trsolicitudot HTTP/1.1" 200 9618
192.168.10.61 - - [09/Mar/2018:10:39:55 -0300] "GET /cormun/servlet/trsolicitudgral HTTP/1.1" 200 13583
186.67.172.234 - - [09/Mar/2018:10:39:56 -0300] "GET /cormun/servlet/trsolicitudot HTTP/1.1" 200 9614
186.67.172.234 - - [09/Mar/2018:10:40:00 -0300] "GET /cormun/servlet/trsolicitudot? HTTP/1.1" 200 9614
186.67.172.234 - - [09/Mar/2018:10:40:01 -0300] "GET /cormun/servlet/trsolicitudot? HTTP/1.1" 200 9614
192.168.10.61 - - [09/Mar/2018:10:40:01 -0300] "GET /cormun/servlet/vesolicitudgral?2018,8984,, HTTP/1.1" 200 9100
192.168.10.61 - - [09/Mar/2018:10:40:01 -0300] "GET /cormun/pexe_scrolldiv.js HTTP/1.1" 404 1009
192.168.10.61 - - [09/Mar/2018:10:40:01 -0300] "GET /cormun/pexe_scrolldiv.js HTTP/1.1" 404 1009
186.67.84.236 - - [09/Mar/2018:10:40:01 -0300] "GET /cormun/servlet/solicitudotadjuntos?bac20ea41d6e783602ccb1e09a8bdddf785687e7bf91c29d8232b1436ac7bf63c686aa04b2749bb99f54444ae26cf2d1,gx-no-cache=1520602751364 HTTP/1.1" 200 30
192.168.10.61 - - [09/Mar/2018:10:40:01 -0300] "GET /cormun/servlet/vesolicitudgral?2018,8984,, HTTP/1.1" 200 9099
186.103.156.166 - - [09/Mar/2018:10:40:01 -0300] "POST /cormun/servlet/trsolicitudot?c569064d6f1225a316cd183517ec5db4,,gx-no-cache=1520602755899 HTTP/1.1" 200 107
186.103.156.166 - - [09/Mar/2018:10:40:02 -0300] "GET /cormun/servlet/trsolicitudadjuntos?2018,10353, HTTP/1.1" 200 6273
186.103.156.166 - - [09/Mar/2018:10:40:02 -0300] "GET /cormun/servlet/trsolicitudadjuntos?2018,10353, HTTP/1.1" 200 6273
186.67.172.234 - - [09/Mar/2018:10:40:03 -0300] "GET /cormun/servlet/solicitudot?INS,0,0, HTTP/1.1" 200 13664
192.168.10.61 - - [09/Mar/2018:10:40:04 -0300] "POST /cormun/servlet/vesolicitudgral?06ef8980e0cfeda73e64c94aa1ed2183,2018,8984,,,gx-no-cache=1520602642035 HTTP/1.1" 200 11994
186.67.172.234 - - [09/Mar/2018:10:40:04 -0300] "GET /cormun/servlet/solicitudot?INS,0,0, HTTP/1.1" 200 13669
192.168.10.61 - - [09/Mar/2018:10:40:04 -0300] "GET /cormun/static/Shared/jqueryui/images/ui-icons_82798d_256x240.png HTTP/1.1" 404 1089
192.168.10.61 - - [09/Mar/2018:10:40:04 -0300] "GET /cormun/static/Shared/jqueryui/images/ui-bg_highlight-soft_100_c6c2c8_1x100.png HTTP/1.1" 404 1117
192.168.10.61 - - [09/Mar/2018:10:40:04 -0300] "GET /cormun/static/Shared/jqueryui/images/ui-bg_flat_55_fafafa_40x100.png HTTP/1.1" 404 1097
192.168.10.61 - - [09/Mar/2018:10:40:04 -0300] "GET /cormun/static/Shared/jqueryui/images/ui-icons_8d78a5_256x240.png HTTP/1.1" 404 1089
186.103.156.166 - - [09/Mar/2018:10:40:04 -0300] "GET /cormun/servlet/solicitudotadjuntos?INS,2018,10353,,1, HTTP/1.1" 200 6220
186.103.156.166 - - [09/Mar/2018:10:40:05 -0300] "GET /cormun/static/about:blank HTTP/1.1" 404 1011
186.103.156.166 - - [09/Mar/2018:10:40:05 -0300] "GET /cormun/servlet/solicitudotadjuntos?INS,2018,10353,,1, HTTP/1.1" 200 6214
186.103.156.166 - - [09/Mar/2018:10:40:05 -0300] "GET /cormun/servlet/solicitudotadjuntos?ccbd04e35c8c81d6bd51d1d3944e1d1420f2205110857110193cc06a84f54b45d3a2e34f2442933fc2f16187cb6e8edf,gx-no-cache=1520602763300 HTTP/1.1" 200 30
186.103.156.166 - - [09/Mar/2018:10:40:07 -0300] "POST /cormun/servlet/solicitudotadjuntos?c569064d6f1225a316cd183517ec5db4,INS,2018,10353,,1,,gx-no-cache=1520602763410 HTTP/1.1" 200 3979
192.168.10.89 - - [09/Mar/2018:10:40:11 -0300] "GET /cormun/servlet/hlogin HTTP/1.1" 200 1753
192.168.10.89 - - [09/Mar/2018:10:40:19 -0300] "POST /cormun/servlet/hlogin?20a15a22bd14813542f4d6bbc2cd0c5b,gx-no-cache=1520602658078 HTTP/1.1" 200 465
190.100.93.40 - - [09/Mar/2018:10:40:22 -0300] "GET /cormun/servlet/solicitudotadjuntos?INS,2018,10347,,1, HTTP/1.1" 200 6353
190.100.93.40 - - [09/Mar/2018:10:40:22 -0300] "GET /cormun/static/about:blank HTTP/1.1" 404 1011
190.100.93.40 - - [09/Mar/2018:10:40:22 -0300] "GET /cormun/servlet/solicitudotadjuntos?INS,2018,10347,,1, HTTP/1.1" 200 6346
190.100.93.40 - - [09/Mar/2018:10:40:22 -0300] "GET /cormun/servlet/solicitudotadjuntos?0fc33ab8f93b046478ad5c01a6b97ac4e9071e078dc37080e5b500ceb38634fd79a58d3198351ae7a60ed1dcb04716ca,gx-no-cache=1520602777175 HTTP/1.1" 200 30
190.100.93.40 - - [09/Mar/2018:10:40:24 -0300] "POST /cormun/servlet/solicitudotadjuntos?50eeaf17eb99e967a28e6a57335f3130,INS,2018,10347,,1,,gx-no-cache=1520602777272 HTTP/1.1" 200 4018
186.67.172.234 - - [09/Mar/2018:10:40:24 -0300] "POST /cormun/servlet/solicitudot?gx-no-cache=1520602773798 HTTP/1.1" 200 3341
186.67.172.234 - - [09/Mar/2018:10:40:24 -0300] "POST /cormun/servlet/solicitudot?c340b640f937ba6d577a86f89f7db436,INS,0,0,,gx-no-cache=1520602774105 HTTP/1.1" 200 10510
192.168.10.89 - - [09/Mar/2018:10:40:25 -0300] "POST /cormun/servlet/hlogin?20a15a22bd14813542f4d6bbc2cd0c5b,gx-no-cache=1520602663516 HTTP/1.1" 200 90
192.168.10.89 - - [09/Mar/2018:10:40:25 -0300] "GET /cormun/servlet/hpexe_link HTTP/1.1" 200 947
192.168.10.89 - - [09/Mar/2018:10:40:25 -0300] "GET /cormun/servlet/hhome HTTP/1.1" 200 4252
190.100.93.40 - - [09/Mar/2018:10:40:26 -0300] "POST /cormun/servlet/solicitudotadjuntos?gx-no-cache=1520602781075 HTTP/1.1" 200 26
192.168.10.61 - - [09/Mar/2018:10:40:31 -0300] "POST /cormun/servlet/vesolicitudgral?06ef8980e0cfeda73e64c94aa1ed2183,2018,8984,,,gx-no-cache=1520602669201 HTTP/1.1" 200 11994
186.67.172.234 - - [09/Mar/2018:10:40:33 -0300] "GET /cormun/servlet/solicitudot?3abb2657770c52243adc589623df79a32186eb22dcdeac115e9bdc06adfb6a72608e7f011de0dae203b471cd6406f669,gx-no-cache=1520602782902 HTTP/1.1" 200 30
190.100.93.40 - - [09/Mar/2018:10:40:33 -0300] "GET /cormun/servlet/solicitudotadjuntos?0fc33ab8f93b046478ad5c01a6b97ac4ae790196b38acbfc8a7801be2576d97f,gx-no-cache=1520602787564 HTTP/1.1" 200 30
190.100.93.40 - - [09/Mar/2018:10:40:33 -0300] "GET /cormun/servlet/solicitudotadjuntos?0fc33ab8f93b046478ad5c01a6b97ac4ae790196b38acbfc8a7801be2576d97f,gx-no-cache=1520602787652 HTTP/1.1" 200 30
186.67.172.234 - - [09/Mar/2018:10:40:33 -0300] "GET /cormun/servlet/solicitudot?3abb2657770c52243adc589623df79a3651c0f4b746f6371362aa7f115b8c7f4,gx-no-cache=1520602782970 HTTP/1.1" 200 103
186.67.172.234 - - [09/Mar/2018:10:40:33 -0300] "GET /cormun/static/Shared/jqueryui/images/ui-bg_highlight-soft_100_c6c2c8_1x100.png HTTP/1.1" 404 1117
186.67.172.234 - - [09/Mar/2018:10:40:33 -0300] "GET /cormun/static/Shared/jqueryui/images/ui-icons_82798d_256x240.png HTTP/1.1" 404 1089
186.67.172.234 - - [09/Mar/2018:10:40:33 -0300] "GET /cormun/static/Shared/jqueryui/images/ui-bg_flat_55_994d53_40x100.png HTTP/1.1" 404 1097
186.67.172.234 - - [09/Mar/2018:10:40:33 -0300] "GET /cormun/servlet/solicitudot?3abb2657770c52243adc589623df79a3b0274d89e7233558a05889a92a220ed8,gx-no-cache=1520602783320 HTTP/1.1" 200 123
186.67.172.234 - - [09/Mar/2018:10:40:33 -0300] "GET /cormun/static/Shared/jqueryui/images/ui-icons_ebccce_256x240.png HTTP/1.1" 404 1089
186.67.172.234 - - [09/Mar/2018:10:40:34 -0300] "POST /cormun/servlet/solicitudot?gx-no-cache=1520602783711 HTTP/1.1" 200 255
186.67.172.234 - - [09/Mar/2018:10:40:34 -0300] "GET /cormun/servlet/solicitudot?3abb2657770c52243adc589623df79a3d13330b85936ba231459ccacc312c37098500427c2f300d9dd2e44608794324d04048ca8900d35c2a752367d843cc7ccac7dc24f4a6bebfc1e1add263e1949d89ca9e293247783ee7ecaf9aaef10c6e5c85b0fdd78e4557ccd9c1680d6b8fe5c13ef49737a75b72071f96d4524d5351ba493f4cfb64e91a5e35273dac0f3cbffdfc31dbbe49dcdf7fb8fa2ae7827593e965c74c05749cacd6c6de59718698889aa0f474530a3dd7ed272e5ba0e82804ad2fe7a781619b30563f2d523ae29e1908432ce19765b8f5be3f99d35d817af272e300c2a93fabc8e63611672ac2d4ec40b4c3f69be14ddb4d66d29f31afce3283770466bd9c5c38a529595d96b524b1cac9afb72432e097fb2ded791c365888bd056b5b91f219cc520667eef88bd36c2b9e24c70da214d76f15a613b14ceace7da87ae3dd246563ab280cfdf799ceba5c4d0ff98f9c82038d4a893e327b6718dc9401234924e1e270a6f1d274a8af98755941eabf24371158dc9cc9c9ce14eef,gx-no-cache=1520602784452 HTTP/1.1" 200 30
192.168.10.50 - - [09/Mar/2018:10:40:35 -0300] "GET /cormun/servlet/solicitudgral?UPD,2018,10190, HTTP/1.1" 200 12899
192.168.10.50 - - [09/Mar/2018:10:40:35 -0300] "GET /cormun/static/gxcfg.js?20181911354237 HTTP/1.1" 304 -
192.168.10.50 - - [09/Mar/2018:10:40:35 -0300] "GET /cormun/servlet/solicitudgral?UPD,2018,10190, HTTP/1.1" 200 12908
192.168.10.61 - - [09/Mar/2018:10:40:35 -0300] "POST /cormun/servlet/vesolicitudgral?06ef8980e0cfeda73e64c94aa1ed2183,2018,8984,,,gx-no-cache=1520602673795 HTTP/1.1" 200 93
192.168.10.61 - - [09/Mar/2018:10:40:35 -0300] "GET /cormun/servlet/hpexe_return? HTTP/1.1" 200 1013
192.168.10.61 - - [09/Mar/2018:10:40:36 -0300] "GET /cormun/servlet/trsolicitudgral HTTP/1.1" 200 13588
192.168.10.50 - - [09/Mar/2018:10:40:36 -0300] "POST /cormun/servlet/solicitudgral?gx-no-cache=1520602674103 HTTP/1.1" 200 3900
192.168.10.50 - - [09/Mar/2018:10:40:36 -0300] "GET /cormun/servlet/solicitudgral?07dc3efb3947497f40b9893edfe7c4a9d60fd0ef65eb531528929975dd999beb6e43dd4d800c5582effd2f40bfb54c6e7746990188953202acf366a301bb2cf9e9244702495902fe5c28b99945ab16085a4f0f0359bef62b46a8dff6e68a2a6a1a33d349c4447941014850b68a682e858969fd4d199eaa99e9218346514564772cbae416182ff0c4aa960149385cd22e92421a755383e73f506651664d9b9c31950da87a4c91968d9fddb24d8dbd03565f87b7ffeddde8ce45da5898d62d7c4f2545e1dcb1ca67edfea8bb622cf7e504e02904588d341d96b7df33539ab24ecc813e731b3b2ba538b3bdb0bd0c01cf12e97dca39bb9139ae05ed5b0c7bf6e06bcd80d6d6fb98fc9c4ae91e0a4c8a43919cdc87ef9d6c2d63f1d5952d3946ff82b56fc2684edd69765418ae39fd5def8002c9fb2b7109fafee57caa1b31b9bfb57dd5f5eb22d8eda9b01bf7660d314a8e,gx-no-cache=1520602674211 HTTP/1.1" 200 240
186.67.84.236 - - [09/Mar/2018:10:40:36 -0300] "POST /cormun/servlet/solicitudotadjuntos?a70dc856a18f0c164c4ad5f39e883014,INS,2018,10349,,1, HTTP/1.1" 200 6479
192.168.10.61 - - [09/Mar/2018:10:40:36 -0300] "GET /cormun/servlet/trsolicitudgral HTTP/1.1" 200 13583
186.67.84.236 - - [09/Mar/2018:10:40:37 -0300] "GET /cormun/PrivateTempStorage/upload_00007988.jpg HTTP/1.1" 200 529175
192.168.10.89 - - [09/Mar/2018:10:40:42 -0300] "GET /cormun/servlet/trcontratosolicitud? HTTP/1.1" 200 14896
192.168.10.89 - - [09/Mar/2018:10:40:42 -0300] "GET /cormun/static/gxui/gxui-all.css?110300 HTTP/1.1" 200 2179
192.168.10.89 - - [09/Mar/2018:10:40:42 -0300] "GET /cormun/static/Shared/ext/resources/css/ext-all.css?205870 HTTP/1.1" 200 416045
192.168.10.89 - - [09/Mar/2018:10:40:42 -0300] "GET /cormun/static/gxcfg.js?20177612214014 HTTP/1.1" 200 953
192.168.10.89 - - [09/Mar/2018:10:40:42 -0300] "GET /cormun/static/trcontratosolicitud.js?20177612214349 HTTP/1.1" 200 28237
192.168.10.89 - - [09/Mar/2018:10:40:42 -0300] "GET /cormun//static/Resources/PXToolsActionDisabled.gif HTTP/1.1" 200 53
192.168.10.89 - - [09/Mar/2018:10:40:42 -0300] "GET /cormun//static/Resources/PXToolsGridNew.png HTTP/1.1" 200 2949
192.168.10.50 - - [09/Mar/2018:10:40:50 -0300] "GET /cormun/servlet/solicitudgral?07dc3efb3947497f40b9893edfe7c4a9704cbc6d5ef535b804bfdd36f384edd9380b1b20d9e6ee17115c260187787aa6b47e1e99e1acd89804022847b9f18e55bae5b502aef4e062e82cc05dff30a480497f25bd0b1fe51fdd1672e5598efdcba301a92dfd97a4f9ca02437d730655fd100219a7ba0d78bc7738a77e3316ed87d19a86bac0f9947a2e8e9ebe03b4ce55f20549709dc32f3d8472b5bc1f8ef17316418378a8261675348114ece21468e62a6bf254b36888cf9892acad413ee06ee248e9fe3f2d94847716c80f94008f2fd5cb3a57cd06c7eb1613e640115f96939ad0c6dabd95a304fa45e84b740f8e7acb29b17a5afe4a19bd26b33df2b089c58aaaf52a2143a7b331e3bdedf37e636c5093f3d917b92298a86022716e0b067d3568b26698bd12204350b29282996e2f7dffd14557a1235c6b7f8bb178f958bdd79ce1a5adf6c2ab6740447c1e04d45c931d2b9e0c607843744dffe29a7a591c91437d75221fc67058d4e174fff2b8a3d03a9fae07976821cbe612e2989978c89dd0bbe8d964bee4dfbe2c1ce329e28d5e92b93caf3b0fd56dfb99cbe6616fc191a86e7248b9bec001ba3ecdda883221,gx-no-cache=1520602688208 HTTP/1.1" 200 48
192.168.10.61 - - [09/Mar/2018:10:40:58 -0300] "POST /cormun/servlet/trsolicitudgral?06ef8980e0cfeda73e64c94aa1ed2183,gx-no-cache=1520602696845 HTTP/1.1" 200 7260
192.168.10.50 - - [09/Mar/2018:10:41:02 -0300] "POST /cormun/servlet/solicitudgral?ce049adf1501c0d489570ce6ebc8646f,UPD,2018,10190,,gx-no-cache=1520602700137 HTTP/1.1" 200 11790
192.168.10.50 - - [09/Mar/2018:10:41:02 -0300] "GET /cormun/servlet/solicitudgral?07dc3efb3947497f40b9893edfe7c4a9a24fbe978968547431310ed6a6adb659033518b4f63b9b69fde1236b3802f41bc020e4aeb6f9d52ad166147460d15b953422734ed06fdf780ef6238ddb8a71dc76c12938e8cbfed882b6ed99b3b948fed11b12cadc40735dda79a4150101f3bf058dd388237921b5c05cd2c05ec906e87baa977a6fe572f67bde298736686c67e444634fd1e4feb810b1526bd8e77b60,gx-no-cache=1520602700301 HTTP/1.1" 200 29
192.168.10.50 - - [09/Mar/2018:10:41:02 -0300] "POST /cormun/servlet/solicitudgral?gx-no-cache=1520602700325 HTTP/1.1" 200 1295
192.168.10.50 - - [09/Mar/2018:10:41:02 -0300] "POST /cormun/servlet/solicitudgral?gx-no-cache=1520602700359 HTTP/1.1" 200 1218
192.168.10.50 - - [09/Mar/2018:10:41:02 -0300] "POST /cormun/servlet/solicitudgral?ce049adf1501c0d489570ce6ebc8646f,UPD,2018,10190,,gx-no-cache=1520602700395 HTTP/1.1" 200 93
192.168.10.50 - - [09/Mar/2018:10:41:02 -0300] "GET /cormun/servlet/hpexe_return? HTTP/1.1" 200 1013
192.168.10.50 - - [09/Mar/2018:10:41:02 -0300] "GET /cormun/static/gxcfg.js?2016101716175148 HTTP/1.1" 304 -
192.168.10.50 - - [09/Mar/2018:10:41:02 -0300] "GET /cormun/servlet/trsolicitudgral? HTTP/1.1" 200 15709
192.168.10.50 - - [09/Mar/2018:10:41:02 -0300] "GET /cormun/static/gxcfg.js?201813119461163 HTTP/1.1" 304 -
192.168.10.50 - - [09/Mar/2018:10:41:03 -0300] "GET /cormun/servlet/trsolicitudgral? HTTP/1.1" 200 15704
186.67.84.236 - - [09/Mar/2018:10:41:04 -0300] "POST /cormun/servlet/solicitudotadjuntos?a70dc856a18f0c164c4ad5f39e883014,INS,2018,10349,,1, HTTP/1.1" 200 116
186.67.84.236 - - [09/Mar/2018:10:41:04 -0300] "GET /cormun/servlet/hpexe_return? HTTP/1.1" 200 1029
192.168.10.61 - - [09/Mar/2018:10:41:04 -0300] "POST /cormun/servlet/trsolicitudgral?06ef8980e0cfeda73e64c94aa1ed2183,gx-no-cache=1520602702920 HTTP/1.1" 200 8449
186.67.84.236 - - [09/Mar/2018:10:41:05 -0300] "GET /cormun/servlet/vesolicitudot?2018,10349,,SolicitudOTAdjuntos HTTP/1.1" 200 7583
152.231.70.146 - - [09/Mar/2018:10:41:05 -0300] "GET /cormun/pexe_scrolldiv.js HTTP/1.1" 404 1009
152.231.70.146 - - [09/Mar/2018:10:41:05 -0300] "GET /cormun/servlet/vesolicitudot?2018,10349,,SolicitudOTAdjuntos HTTP/1.1" 200 7579
186.67.84.236 - - [09/Mar/2018:10:41:06 -0300] "POST /cormun/servlet/acontrolpreferencessavestate?None,ECONTRERAS,true HTTP/1.1" 200 35
190.100.93.40 - - [09/Mar/2018:10:41:07 -0300] "POST /cormun/servlet/solicitudotadjuntos?50eeaf17eb99e967a28e6a57335f3130,INS,2018,10347,,1, HTTP/1.1" 200 116
190.100.93.40 - - [09/Mar/2018:10:41:07 -0300] "GET /cormun/servlet/hpexe_return? HTTP/1.1" 200 1020
186.103.156.166 - - [09/Mar/2018:10:41:07 -0300] "POST /cormun/servlet/solicitudotadjuntos?gx-no-cache=1520602824739 HTTP/1.1" 200 26
190.100.93.40 - - [09/Mar/2018:10:41:08 -0300] "GET /cormun/servlet/trsolicitudadjuntos?2018,10347, HTTP/1.1" 200 9925
190.100.93.40 - - [09/Mar/2018:10:41:08 -0300] "GET /cormun/servlet/trsolicitudadjuntos?2018,10347, HTTP/1.1" 200 9925
186.67.84.236 - - [09/Mar/2018:10:41:09 -0300] "GET /cormun/servlet/vesolicitudot?2018,10349,,SolicitudOTLog HTTP/1.1" 200 7399
190.151.124.170 - - [09/Mar/2018:10:41:09 -0300] "GET /cormun/pexe_scrolldiv.js HTTP/1.1" 404 1009
186.67.84.236 - - [09/Mar/2018:10:41:09 -0300] "GET /cormun/static/Resources/PXToolsTabLastSelected.png HTTP/1.1" 200 1262
186.103.196.90 - - [09/Mar/2018:10:41:09 -0300] "GET /cormun/static/tbsolicitudot03.js?20177611592012 HTTP/1.1" 200 13332
186.103.196.90 - - [09/Mar/2018:10:41:09 -0300] "GET /cormun/servlet/vesolicitudot?2018,10349,,SolicitudOTLog HTTP/1.1" 200 7399
186.67.84.236 - - [09/Mar/2018:10:41:10 -0300] "POST /cormun/servlet/acontrolpreferencessavestate?None,ECONTRERAS,true HTTP/1.1" 200 35
192.168.10.50 - - [09/Mar/2018:10:41:11 -0300] "POST /cormun/servlet/trsolicitudgral?ce049adf1501c0d489570ce6ebc8646f,,gx-no-cache=1520602708901 HTTP/1.1" 200 12767
192.168.10.50 - - [09/Mar/2018:10:41:11 -0300] "GET /cormun/static/Shared/jqueryui/images/ui-bg_highlight-soft_100_c6c2c8_1x100.png HTTP/1.1" 404 1117
192.168.10.50 - - [09/Mar/2018:10:41:11 -0300] "GET /cormun/static/Shared/jqueryui/images/ui-icons_82798d_256x240.png HTTP/1.1" 404 1089
192.168.10.50 - - [09/Mar/2018:10:41:11 -0300] "GET /cormun/static/Shared/jqueryui/images/ui-icons_8d78a5_256x240.png HTTP/1.1" 404 1089
192.168.10.50 - - [09/Mar/2018:10:41:11 -0300] "GET /cormun/static/Shared/jqueryui/images/ui-bg_flat_55_fafafa_40x100.png HTTP/1.1" 404 1097
186.67.84.236 - - [09/Mar/2018:10:41:12 -0300] "GET /cormun/servlet/vesolicitudot?2018,10349,,SolicitudOTAdjuntos HTTP/1.1" 200 7579
190.151.124.170 - - [09/Mar/2018:10:41:12 -0300] "GET /cormun/pexe_scrolldiv.js HTTP/1.1" 404 1009
190.151.124.170 - - [09/Mar/2018:10:41:12 -0300] "GET /cormun/servlet/vesolicitudot?2018,10349,,SolicitudOTAdjuntos HTTP/1.1" 200 7579
186.67.84.236 - - [09/Mar/2018:10:41:14 -0300] "POST /cormun/servlet/acontrolpreferencessavestate?None,ECONTRERAS,true HTTP/1.1" 200 35
190.100.93.40 - - [09/Mar/2018:10:41:14 -0300] "GET /cormun/servlet/trsolicitudot? HTTP/1.1" 200 9293
190.100.93.40 - - [09/Mar/2018:10:41:15 -0300] "GET /cormun/servlet/trsolicitudot? HTTP/1.1" 200 9286
186.67.84.236 - - [09/Mar/2018:10:41:21 -0300] "GET /cormun/servlet/solicitudotadjuntos?INS,2018,10349,,1, HTTP/1.1" 200 6251
186.67.84.236 - - [09/Mar/2018:10:41:21 -0300] "GET /cormun/static/about:blank HTTP/1.1" 404 1011
186.67.84.236 - - [09/Mar/2018:10:41:21 -0300] "GET /cormun/servlet/solicitudotadjuntos?INS,2018,10349,,1, HTTP/1.1" 200 6243
186.67.84.236 - - [09/Mar/2018:10:41:22 -0300] "GET /cormun/servlet/solicitudotadjuntos?bac20ea41d6e783602ccb1e09a8bdddfc4f4427591c4120cdb48f8463a2145a185703d7198a6a47069fd2c07fe469514,gx-no-cache=1520602832155 HTTP/1.1" 200 30
186.67.84.236 - - [09/Mar/2018:10:41:23 -0300] "POST /cormun/servlet/solicitudotadjuntos?a70dc856a18f0c164c4ad5f39e883014,INS,2018,10349,,1,,gx-no-cache=1520602833020 HTTP/1.1" 200 4024
186.67.84.236 - - [09/Mar/2018:10:41:27 -0300] "POST /cormun/servlet/solicitudotadjuntos?a70dc856a18f0c164c4ad5f39e883014,INS,2018,10349,,1,,gx-no-cache=1520602836420 HTTP/1.1" 200 93
186.67.84.236 - - [09/Mar/2018:10:41:27 -0300] "GET /cormun/servlet/hpexe_return? HTTP/1.1" 200 1029
186.67.84.236 - - [09/Mar/2018:10:41:27 -0300] "GET /cormun/servlet/vesolicitudot?2018,10349,,SolicitudOTAdjuntos HTTP/1.1" 200 7583
190.151.99.26 - - [09/Mar/2018:10:41:27 -0300] "GET /cormun/pexe_scrolldiv.js HTTP/1.1" 404 1009
190.151.99.26 - - [09/Mar/2018:10:41:28 -0300] "GET /cormun/servlet/vesolicitudot?2018,10349,,SolicitudOTAdjuntos HTTP/1.1" 200 7579
186.67.84.236 - - [09/Mar/2018:10:41:29 -0300] "POST /cormun/servlet/acontrolpreferencessavestate?None,ECONTRERAS,true HTTP/1.1" 200 35
186.67.84.236 - - [09/Mar/2018:10:41:29 -0300] "GET /cormun/servlet/vesolicitudot?2018,10349,,General HTTP/1.1" 200 8519
186.67.84.236 - - [09/Mar/2018:10:41:30 -0300] "GET /cormun/pexe_scrolldiv.js HTTP/1.1" 404 1009
186.67.84.236 - - [09/Mar/2018:10:41:31 -0300] "GET /cormun/servlet/vesolicitudot?2018,10349,,General HTTP/1.1" 200 8519
190.100.93.40 - - [09/Mar/2018:10:41:36 -0300] "POST /cormun/servlet/trsolicitudot?50eeaf17eb99e967a28e6a57335f3130,,gx-no-cache=1520602849300 HTTP/1.1" 200 5890
190.151.99.26 - - [09/Mar/2018:10:41:36 -0300] "POST /cormun/servlet/vesolicitudot?a70dc856a18f0c164c4ad5f39e883014,2018,10349,,General,gx-no-cache=1520602844830 HTTP/1.1" 200 93
190.151.99.26 - - [09/Mar/2018:10:41:36 -0300] "GET /cormun/servlet/hpexe_return? HTTP/1.1" 200 1011
190.151.99.26 - - [09/Mar/2018:10:41:37 -0300] "GET /cormun/servlet/trsolicitudot HTTP/1.1" 200 8756
190.151.99.26 - - [09/Mar/2018:10:41:38 -0300] "GET /cormun/servlet/trsolicitudot HTTP/1.1" 200 8752
192.168.10.50 - - [09/Mar/2018:10:41:41 -0300] "POST /cormun/servlet/trsolicitudgral?ce049adf1501c0d489570ce6ebc8646f,,gx-no-cache=1520602739505 HTTP/1.1" 200 11331
190.100.93.40 - - [09/Mar/2018:10:41:41 -0300] "GET /cormun/static/Shared/jqueryui/images/ui-bg_highlight-soft_100_c6c2c8_1x100.png HTTP/1.1" 404 1117
190.100.93.40 - - [09/Mar/2018:10:41:41 -0300] "GET /cormun/static/Shared/jqueryui/images/ui-bg_flat_55_fafafa_40x100.png HTTP/1.1" 404 1097
190.100.93.40 - - [09/Mar/2018:10:41:41 -0300] "GET /cormun/static/Shared/jqueryui/images/ui-icons_8d78a5_256x240.png HTTP/1.1" 404 1089
190.100.93.40 - - [09/Mar/2018:10:41:42 -0300] "GET /cormun/static/Shared/jqueryui/images/ui-icons_82798d_256x240.png HTTP/1.1" 404 1089
190.100.93.40 - - [09/Mar/2018:10:41:43 -0300] "POST /cormun/servlet/trsolicitudot?50eeaf17eb99e967a28e6a57335f3130,,gx-no-cache=1520602855881 HTTP/1.1" 200 5833
190.100.93.40 - - [09/Mar/2018:10:41:44 -0300] "POST /cormun/servlet/trsolicitudot?50eeaf17eb99e967a28e6a57335f3130,,gx-no-cache=1520602858851 HTTP/1.1" 200 4692
190.100.93.40 - - [09/Mar/2018:10:41:46 -0300] "POST /cormun/servlet/trsolicitudot?50eeaf17eb99e967a28e6a57335f3130,,gx-no-cache=1520602859346 HTTP/1.1" 200 4467
190.100.93.40 - - [09/Mar/2018:10:41:49 -0300] "GET /cormun/servlet/trautorizarsolicitud? HTTP/1.1" 200 9178
190.100.93.40 - - [09/Mar/2018:10:41:49 -0300] "GET /cormun/servlet/trautorizarsolicitud? HTTP/1.1" 200 9178
192.168.10.50 - - [09/Mar/2018:10:41:51 -0300] "POST /cormun/servlet/trsolicitudgral?ce049adf1501c0d489570ce6ebc8646f,,gx-no-cache=1520602749736 HTTP/1.1" 200 7290
190.100.93.40 - - [09/Mar/2018:10:41:54 -0300] "POST /cormun/servlet/trautorizarsolicitud?50eeaf17eb99e967a28e6a57335f3130,,gx-no-cache=1520602866658 HTTP/1.1" 200 5807
190.100.93.40 - - [09/Mar/2018:10:41:54 -0300] "GET /cormun/static/Shared/jqueryui/images/ui-bg_highlight-soft_100_c6c2c8_1x100.png HTTP/1.1" 404 1117
190.100.93.40 - - [09/Mar/2018:10:41:55 -0300] "GET /cormun/static/Shared/jqueryui/images/ui-bg_flat_55_fafafa_40x100.png HTTP/1.1" 404 1097
190.100.93.40 - - [09/Mar/2018:10:41:55 -0300] "GET /cormun/static/Shared/jqueryui/images/ui-icons_8d78a5_256x240.png HTTP/1.1" 404 1089
190.100.93.40 - - [09/Mar/2018:10:41:55 -0300] "GET /cormun/static/Shared/jqueryui/images/ui-icons_82798d_256x240.png HTTP/1.1" 404 1089
190.100.93.40 - - [09/Mar/2018:10:41:56 -0300] "POST /cormun/servlet/trautorizarsolicitud?50eeaf17eb99e967a28e6a57335f3130,,gx-no-cache=1520602869240 HTTP/1.1" 200 5752
190.100.93.40 - - [09/Mar/2018:10:41:58 -0300] "POST /cormun/servlet/trautorizarsolicitud?50eeaf17eb99e967a28e6a57335f3130,,gx-no-cache=1520602871689 HTTP/1.1" 200 4613
190.100.93.40 - - [09/Mar/2018:10:41:59 -0300] "POST /cormun/servlet/trautorizarsolicitud?50eeaf17eb99e967a28e6a57335f3130,,gx-no-cache=1520602872874 HTTP/1.1" 200 4389
192.168.10.50 - - [09/Mar/2018:10:42:24 -0300] "POST /cormun/servlet/trsolicitudgral?ce049adf1501c0d489570ce6ebc8646f,,gx-no-cache=1520602781975 HTTP/1.1" 200 11331
192.168.10.50 - - [09/Mar/2018:10:42:31 -0300] "POST /cormun/servlet/trsolicitudgral?ce049adf1501c0d489570ce6ebc8646f,,gx-no-cache=1520602789352 HTTP/1.1" 200 10954
192.168.10.50 - - [09/Mar/2018:10:42:47 -0300] "POST /cormun/servlet/trsolicitudgral?ce049adf1501c0d489570ce6ebc8646f,,gx-no-cache=1520602805335 HTTP/1.1" 200 115
192.168.10.50 - - [09/Mar/2018:10:42:47 -0300] "GET /cormun/servlet/solicitudotlog?INS,2018,9393,0,REC, HTTP/1.1" 200 6266
192.168.10.50 - - [09/Mar/2018:10:42:47 -0300] "GET /cormun/servlet/solicitudotlog?INS,2018,9393,0,REC, HTTP/1.1" 200 6267
192.168.10.50 - - [09/Mar/2018:10:42:48 -0300] "GET /cormun/servlet/solicitudotlog?07dc3efb3947497f40b9893edfe7c4a9f0474f9297760a8661c75cd461977641e97dca39bb9139ae05ed5b0c7bf6e06b4f8744c200a5b240a844bd33bce4fb675e0a4c3b66832236e095d80b49883f28c67761901e1a6190537b28c921b6742a64952503310bf72abdb193b4d1a83afb19746f5664d29c2bf5de0ac8a98d545b29c2ea08679da08b2c31375386f0fdfde505a782ebb01918a5539949d6714668,gx-no-cache=1520602806290 HTTP/1.1" 200 94
192.168.10.50 - - [09/Mar/2018:10:42:53 -0300] "POST /cormun/servlet/solicitudotlog?ce049adf1501c0d489570ce6ebc8646f,INS,2018,9393,0,REC,,gx-no-cache=1520602811699 HTTP/1.1" 200 93
192.168.10.50 - - [09/Mar/2018:10:42:53 -0300] "GET /cormun/servlet/hpexe_return? HTTP/1.1" 200 1022
192.168.10.50 - - [09/Mar/2018:10:42:53 -0300] "GET /cormun/servlet/trsolicitudgral? HTTP/1.1" 200 13697
192.168.10.50 - - [09/Mar/2018:10:42:54 -0300] "GET /cormun/servlet/trsolicitudgral? HTTP/1.1" 200 13693
192.168.10.89 - - [09/Mar/2018:10:42:59 -0300] "GET /cormun/servlet/trsolicitudot? HTTP/1.1" 200 9370
192.168.10.89 - - [09/Mar/2018:10:42:59 -0300] "GET /cormun/static/gxcfg.js?2017111422585916 HTTP/1.1" 200 953
192.168.10.89 - - [09/Mar/2018:10:42:59 -0300] "GET /cormun/static/Resources/PXToolsGridNew.png HTTP/1.1" 200 2949
192.168.10.89 - - [09/Mar/2018:10:42:59 -0300] "GET /cormun/static/trsolicitudot.js?201711142259839 HTTP/1.1" 200 54041
192.168.10.89 - - [09/Mar/2018:10:43:00 -0300] "GET /cormun//static/Resources/PXToolsRemoveAllAction.png HTTP/1.1" 200 3558
192.168.10.89 - - [09/Mar/2018:10:43:00 -0300] "GET /cormun//static/Resources/PXToolsActionView.png HTTP/1.1" 200 2995
192.168.10.89 - - [09/Mar/2018:10:43:00 -0300] "GET /cormun//static/Resources/PXTools/ActionInsert.png HTTP/1.1" 200 1482
192.168.10.96 - - [09/Mar/2018:10:43:11 -0300] "POST /cormun/servlet/trsolicitudgral?08d48f5bf22c3019facad26e01479a9c,,gx-no-cache=1520602829645 HTTP/1.1" 200 5946
192.168.10.96 - - [09/Mar/2018:10:43:12 -0300] "POST /cormun/servlet/trsolicitudgral?08d48f5bf22c3019facad26e01479a9c,,gx-no-cache=1520602830483 HTTP/1.1" 200 5945
192.168.10.96 - - [09/Mar/2018:10:43:12 -0300] "POST /cormun/servlet/trsolicitudgral?08d48f5bf22c3019facad26e01479a9c,,gx-no-cache=1520602830692 HTTP/1.1" 200 5945
192.168.10.50 - - [09/Mar/2018:10:43:16 -0300] "GET /cormun/servlet/solicitudgral?UPD,2018,9392, HTTP/1.1" 200 12902
192.168.10.96 - - [09/Mar/2018:10:43:16 -0300] "POST /cormun/servlet/trsolicitudgral?08d48f5bf22c3019facad26e01479a9c,,gx-no-cache=1520602834566 HTTP/1.1" 200 7726
192.168.10.50 - - [09/Mar/2018:10:43:16 -0300] "GET /cormun/servlet/solicitudgral?UPD,2018,9392, HTTP/1.1" 200 12912
192.168.10.50 - - [09/Mar/2018:10:43:17 -0300] "POST /cormun/servlet/solicitudgral?gx-no-cache=1520602835382 HTTP/1.1" 200 3900
192.168.10.50 - - [09/Mar/2018:10:43:17 -0300] "GET /cormun/servlet/solicitudgral?07dc3efb3947497f40b9893edfe7c4a9d60fd0ef65eb531528929975dd999beb08185a95ebc0757fca9f47bd873e169e7746990188953202acf366a301bb2cf9e9244702495902fe5c28b99945ab16085a4f0f0359bef62b46a8dff6e68a2a6a1a33d349c4447941014850b68a682e858969fd4d199eaa99e9218346514564772cbae416182ff0c4aa960149385cd22e92421a755383e73f506651664d9b9c31950da87a4c91968d9fddb24d8dbd03565f87b7ffeddde8ce45da5898d62d7c4f2545e1dcb1ca67edfea8bb622cf7e504e02904588d341d96b7df33539ab24ecc813e731b3b2ba538b3bdb0bd0c01cf12e97dca39bb9139ae05ed5b0c7bf6e06bcd80d6d6fb98fc9c4ae91e0a4c8a43919cdc87ef9d6c2d63f1d5952d3946ff82b56fc2684edd69765418ae39fd5def8002c9fb2b7109fafee57caa1b31b9bfb57dd5f5eb22d8eda9b01bf7660d314a8e,gx-no-cache=1520602835495 HTTP/1.1" 200 256
192.168.10.50 - - [09/Mar/2018:10:43:21 -0300] "GET /cormun/servlet/solicitudgral?07dc3efb3947497f40b9893edfe7c4a9704cbc6d5ef535b804bfdd36f384edd9380b1b20d9e6ee17115c260187787aa6b47e1e99e1acd89804022847b9f18e55bae5b502aef4e062e82cc05dff30a480497f25bd0b1fe51fdd1672e5598efdcba301a92dfd97a4f9ca02437d730655fd100219a7ba0d78bc7738a77e3316ed87d19a86bac0f9947a2e8e9ebe03b4ce55f20549709dc32f3d8472b5bc1f8ef17316418378a8261675348114ece21468e62a6bf254b36888cf9892acad413ee06ee248e9fe3f2d94847716c80f94008f2fd5cb3a57cd06c7eb1613e640115f96939ad0c6dabd95a304fa45e84b740f8e7acb29b17a5afe4a19bd26b33df2b089c58aaaf52a2143a7b331e3bdedf37e636c5093f3d917b92298a86022716e0b067d3568b26698bd12204350b29282996e2f7dffd14557a1235c6b7f8bb178f958bdd79ce1a5adf6c2ab6740447c1e04d45c931d2b9e0c607843744dffe29a7a591c91437d75221fc67058d4e174fff2b8a3d03a9fae07976821cbe612e2989978c89dd0bbe8d964bee4dfbe2c1ce329e28d5e92b93caf3b0fd56dfb99cbe6616fc191a86e7248b9bec001ba3ecdda883221,gx-no-cache=1520602839368 HTTP/1.1" 200 48
192.168.10.50 - - [09/Mar/2018:10:43:21 -0300] "POST /cormun/servlet/solicitudgral?ce049adf1501c0d489570ce6ebc8646f,UPD,2018,9392,,gx-no-cache=1520602839392 HTTP/1.1" 200 11782
192.168.10.50 - - [09/Mar/2018:10:43:21 -0300] "GET /cormun/servlet/solicitudgral?07dc3efb3947497f40b9893edfe7c4a936362bf410e5fad35c0f940282b6f064033518b4f63b9b69fde1236b3802f41b38355ee2f8c35b58c19f4b8d6b721a911605fcb80fcbd7a5b160236d402d8a762fee4db33775fce814ec1a2dd2e29f3644a4c5ca21dd136a056f37dae821acf9,gx-no-cache=1520602839557 HTTP/1.1" 200 29
192.168.10.50 - - [09/Mar/2018:10:43:21 -0300] "POST /cormun/servlet/solicitudgral?gx-no-cache=1520602839576 HTTP/1.1" 200 1295
192.168.10.50 - - [09/Mar/2018:10:43:21 -0300] "POST /cormun/servlet/solicitudgral?gx-no-cache=1520602839609 HTTP/1.1" 200 1218
192.168.10.89 - - [09/Mar/2018:10:43:24 -0300] "POST /cormun/servlet/trsolicitudot?20a15a22bd14813542f4d6bbc2cd0c5b,,gx-no-cache=1520602841840 HTTP/1.1" 200 23364
192.168.10.50 - - [09/Mar/2018:10:43:39 -0300] "POST /cormun/servlet/solicitudgral?ce049adf1501c0d489570ce6ebc8646f,UPD,2018,9392,,gx-no-cache=1520602857343 HTTP/1.1" 200 93
192.168.10.50 - - [09/Mar/2018:10:43:39 -0300] "GET /cormun/servlet/hpexe_return? HTTP/1.1" 200 1013
192.168.10.50 - - [09/Mar/2018:10:43:39 -0300] "GET /cormun/servlet/trsolicitudgral HTTP/1.1" 200 13697
186.103.196.84 - - [09/Mar/2018:10:43:39 -0300] "POST /cormun/servlet/trsolicitudot?a70dc856a18f0c164c4ad5f39e883014,gx-no-cache=1520602968423 HTTP/1.1" 200 107
192.168.10.50 - - [09/Mar/2018:10:43:40 -0300] "GET /cormun/servlet/trsolicitudgral HTTP/1.1" 200 13693
186.103.196.84 - - [09/Mar/2018:10:43:40 -0300] "GET /cormun/servlet/trsolicitudadjuntos?2018,10349, HTTP/1.1" 200 6291
186.103.196.84 - - [09/Mar/2018:10:43:40 -0300] "GET /cormun/servlet/trsolicitudadjuntos?2018,10349, HTTP/1.1" 200 6291
200.54.18.125 - - [09/Mar/2018:10:43:42 -0300] "GET /cormun/servlet/solicitudotadjuntos?INS,2018,10349,,1, HTTP/1.1" 200 6240
200.54.18.125 - - [09/Mar/2018:10:43:42 -0300] "GET /cormun/static/about:blank HTTP/1.1" 404 1011
152.231.70.146 - - [09/Mar/2018:10:43:42 -0300] "GET /cormun/servlet/solicitudotadjuntos?INS,2018,10349,,1, HTTP/1.1" 200 6234
200.54.18.125 - - [09/Mar/2018:10:43:43 -0300] "GET /cormun/servlet/solicitudotadjuntos?bac20ea41d6e783602ccb1e09a8bdddfc4f4427591c4120cdb48f8463a2145a185703d7198a6a47069fd2c07fe469514,gx-no-cache=1520602973151 HTTP/1.1" 200 30
200.54.18.125 - - [09/Mar/2018:10:43:44 -0300] "POST /cormun/servlet/solicitudotadjuntos?a70dc856a18f0c164c4ad5f39e883014,INS,2018,10349,,1,,gx-no-cache=1520602973257 HTTP/1.1" 200 4016
200.54.18.125 - - [09/Mar/2018:10:43:46 -0300] "POST /cormun/servlet/solicitudotadjuntos?gx-no-cache=1520602976842 HTTP/1.1" 200 26
200.54.18.125 - - [09/Mar/2018:10:43:54 -0300] "GET /cormun/servlet/solicitudotadjuntos?bac20ea41d6e783602ccb1e09a8bdddf508e68cef39decf232c01f309fe5ff6b,gx-no-cache=1520602984203 HTTP/1.1" 200 30
200.54.18.125 - - [09/Mar/2018:10:43:54 -0300] "GET /cormun/servlet/solicitudotadjuntos?bac20ea41d6e783602ccb1e09a8bdddf508e68cef39decf232c01f309fe5ff6b,gx-no-cache=1520602984574 HTTP/1.1" 200 30
192.168.10.61 - - [09/Mar/2018:10:44:09 -0300] "POST /cormun/servlet/trsolicitudgral?06ef8980e0cfeda73e64c94aa1ed2183,gx-no-cache=1520602887654 HTTP/1.1" 200 10567
192.168.10.50 - - [09/Mar/2018:10:44:10 -0300] "POST /cormun/servlet/trsolicitudgral?ce049adf1501c0d489570ce6ebc8646f,gx-no-cache=1520602888540 HTTP/1.1" 200 115
192.168.10.50 - - [09/Mar/2018:10:44:10 -0300] "GET /cormun/servlet/solicitudotlog?INS,2018,8437,0,REC, HTTP/1.1" 200 6267
192.168.10.50 - - [09/Mar/2018:10:44:10 -0300] "GET /cormun/servlet/solicitudotlog?INS,2018,8437,0,REC, HTTP/1.1" 200 6267
192.168.10.50 - - [09/Mar/2018:10:44:11 -0300] "GET /cormun/servlet/solicitudotlog?07dc3efb3947497f40b9893edfe7c4a943a1325e62bdd5d5b35c628053520251e97dca39bb9139ae05ed5b0c7bf6e06b4f8744c200a5b240a844bd33bce4fb675e0a4c3b66832236e095d80b49883f28c67761901e1a6190537b28c921b6742a64952503310bf72abdb193b4d1a83afb19746f5664d29c2bf5de0ac8a98d545b29c2ea08679da08b2c31375386f0fdfde505a782ebb01918a5539949d6714668,gx-no-cache=1520602889411 HTTP/1.1" 200 94
200.54.18.125 - - [09/Mar/2018:10:44:14 -0300] "POST /cormun/servlet/solicitudotadjuntos?a70dc856a18f0c164c4ad5f39e883014,INS,2018,10349,,1, HTTP/1.1" 200 6461
200.54.18.125 - - [09/Mar/2018:10:44:15 -0300] "GET /cormun/static/Shared/jqueryui/images/ui-bg_highlight-soft_100_c6c2c8_1x100.png HTTP/1.1" 404 1117
200.54.18.125 - - [09/Mar/2018:10:44:15 -0300] "GET /cormun/static/Shared/jqueryui/images/ui-icons_ebccce_256x240.png HTTP/1.1" 404 1089
186.103.196.84 - - [09/Mar/2018:10:44:15 -0300] "GET /cormun/static/Shared/jqueryui/images/ui-bg_flat_55_994d53_40x100.png HTTP/1.1" 404 1097
200.54.18.125 - - [09/Mar/2018:10:44:15 -0300] "GET /cormun/static/Shared/jqueryui/images/ui-icons_82798d_256x240.png HTTP/1.1" 404 1089
186.67.84.236 - - [09/Mar/2018:10:44:18 -0300] "GET /cormun/PrivateTempStorage/upload_00008024.jpg HTTP/1.1" 200 529175
192.168.10.50 - - [09/Mar/2018:10:44:18 -0300] "POST /cormun/servlet/solicitudotlog?ce049adf1501c0d489570ce6ebc8646f,INS,2018,8437,0,REC,,gx-no-cache=1520602896588 HTTP/1.1" 200 93
192.168.10.50 - - [09/Mar/2018:10:44:18 -0300] "GET /cormun/servlet/hpexe_return? HTTP/1.1" 200 1021
192.168.10.50 - - [09/Mar/2018:10:44:18 -0300] "GET /cormun/servlet/trsolicitudgral HTTP/1.1" 200 13354
192.168.10.50 - - [09/Mar/2018:10:44:19 -0300] "GET /cormun/servlet/trsolicitudgral HTTP/1.1" 200 13350
186.67.84.236 - - [09/Mar/2018:10:44:20 -0300] "POST /cormun/servlet/solicitudotadjuntos?gx-no-cache=1520603010713 HTTP/1.1" 200 26
192.168.10.89 - - [09/Mar/2018:10:44:21 -0300] "GET /cormun/servlet/hlogin HTTP/1.1" 200 1733
192.168.10.50 - - [09/Mar/2018:10:44:22 -0300] "POST /cormun/servlet/trsolicitudgral?ce049adf1501c0d489570ce6ebc8646f,gx-no-cache=1520602900437 HTTP/1.1" 200 10002
192.168.10.50 - - [09/Mar/2018:10:44:22 -0300] "GET /cormun/static/Shared/jqueryui/images/ui-bg_highlight-soft_100_c6c2c8_1x100.png HTTP/1.1" 404 1117
192.168.10.50 - - [09/Mar/2018:10:44:22 -0300] "GET /cormun/static/Shared/jqueryui/images/ui-icons_82798d_256x240.png HTTP/1.1" 404 1089
192.168.10.50 - - [09/Mar/2018:10:44:22 -0300] "GET /cormun/static/Shared/jqueryui/images/ui-icons_8d78a5_256x240.png HTTP/1.1" 404 1089
192.168.10.50 - - [09/Mar/2018:10:44:22 -0300] "GET /cormun/static/Shared/jqueryui/images/ui-bg_flat_55_fafafa_40x100.png HTTP/1.1" 404 1097
186.67.84.236 - - [09/Mar/2018:10:44:35 -0300] "POST /cormun/servlet/solicitudotadjuntos?a70dc856a18f0c164c4ad5f39e883014,INS,2018,10349,,1, HTTP/1.1" 200 7100
192.168.10.61 - - [09/Mar/2018:10:44:37 -0300] "POST /cormun/servlet/trsolicitudgral?06ef8980e0cfeda73e64c94aa1ed2183,gx-no-cache=1520602915800 HTTP/1.1" 200 5857
200.86.99.60 - - [09/Mar/2018:10:45:08 -0300] "GET /cormun/servlet/hlogin HTTP/1.1" 200 1718
200.86.99.60 - - [09/Mar/2018:10:45:08 -0300] "GET /cormun/static/gxcfg.js?20175251213516 HTTP/1.1" 304 -
200.86.99.60 - - [09/Mar/2018:10:45:08 -0300] "GET /cormun/servlet/hlogin HTTP/1.1" 200 1729
200.86.99.60 - - [09/Mar/2018:10:45:09 -0300] "GET /favicon.ico HTTP/1.1" 200 21630
200.86.99.60 - - [09/Mar/2018:10:45:10 -0300] "POST /cormun/servlet/hlogin?ffcda1d7799a8a4b888092426804c5e4,gx-no-cache=1520603061448 HTTP/1.1" 200 90
200.86.99.60 - - [09/Mar/2018:10:45:10 -0300] "GET /cormun/servlet/hpexe_link HTTP/1.1" 200 950
200.86.99.60 - - [09/Mar/2018:10:45:10 -0300] "GET /cormun/static/gxcfg.js?20177612121792 HTTP/1.1" 304 -
200.86.99.60 - - [09/Mar/2018:10:45:10 -0300] "GET /cormun/servlet/hhome HTTP/1.1" 200 4150
200.86.99.60 - - [09/Mar/2018:10:45:10 -0300] "GET /cormun/static/gxcfg.js?20175251212442 HTTP/1.1" 304 -
200.86.99.60 - - [09/Mar/2018:10:45:11 -0300] "GET /cormun/servlet/hhome HTTP/1.1" 200 4146
200.86.99.60 - - [09/Mar/2018:10:45:18 -0300] "GET /cormun/servlet/trcontratosolicitud? HTTP/1.1" 200 11033
200.86.99.60 - - [09/Mar/2018:10:45:18 -0300] "GET /cormun/static/gxcfg.js?20177612214014 HTTP/1.1" 200 953
200.86.99.60 - - [09/Mar/2018:10:45:19 -0300] "GET /cormun//static/Resources/PXToolsGridNew.png HTTP/1.1" 200 2949
200.86.99.60 - - [09/Mar/2018:10:45:19 -0300] "GET /cormun/servlet/trcontratosolicitud? HTTP/1.1" 200 11066
200.86.99.60 - - [09/Mar/2018:10:45:31 -0300] "GET /cormun/servlet/trvisualizadoreventos? HTTP/1.1" 200 6895
200.86.99.60 - - [09/Mar/2018:10:45:32 -0300] "GET /cormun/servlet/trvisualizadoreventos? HTTP/1.1" 200 6895
200.86.99.60 - - [09/Mar/2018:10:45:43 -0300] "POST /cormun/servlet/trvisualizadoreventos?ffcda1d7799a8a4b888092426804c5e4,,gx-no-cache=1520603094245 HTTP/1.1" 200 4129
200.86.99.60 - - [09/Mar/2018:10:45:45 -0300] "GET /cormun/static/menuarrow.gif HTTP/1.1" 404 1015
152.231.70.146 - - [09/Mar/2018:10:45:55 -0300] "GET /cormun/servlet/hlogin HTTP/1.1" 200 1720
152.231.70.146 - - [09/Mar/2018:10:45:56 -0300] "POST /cormun/servlet/hlogin?a70dc856a18f0c164c4ad5f39e883014,gx-no-cache=1520603106788 HTTP/1.1" 200 90
152.231.70.146 - - [09/Mar/2018:10:45:57 -0300] "GET /cormun/servlet/hpexe_link HTTP/1.1" 200 973
152.231.70.146 - - [09/Mar/2018:10:45:58 -0300] "GET /cormun/servlet/solicitudotadjuntos?INS,2018,10349,,1, HTTP/1.1" 200 6235
152.231.70.146 - - [09/Mar/2018:10:45:58 -0300] "GET /cormun/static/about:blank HTTP/1.1" 404 1011
190.151.99.26 - - [09/Mar/2018:10:45:58 -0300] "GET /cormun/servlet/solicitudotadjuntos?INS,2018,10349,,1, HTTP/1.1" 200 6234
