200.86.95.220 - - [09/Mar/2018:08:45:20 -0300] "GET /cormun/servlet/trsolicitudot HTTP/1.1" 200 8917
192.168.10.56 - - [09/Mar/2018:08:46:06 -0300] "POST /cormun/servlet/trautorizarot?11b9442431472047e4d7aecc8c7981a2,,gx-no-cache=1520595804352 HTTP/1.1" 200 5172
192.168.10.56 - - [09/Mar/2018:08:46:10 -0300] "POST /cormun/servlet/trautorizarot?11b9442431472047e4d7aecc8c7981a2,,gx-no-cache=1520595808290 HTTP/1.1" 200 5174
192.168.10.56 - - [09/Mar/2018:08:46:14 -0300] "POST /cormun/servlet/trautorizarot?11b9442431472047e4d7aecc8c7981a2,,gx-no-cache=1520595812162 HTTP/1.1" 200 20216
192.168.10.96 - - [09/Mar/2018:08:46:28 -0300] "GET /cormun/servlet/hlogin HTTP/1.1" 200 1719
192.168.10.96 - - [09/Mar/2018:08:46:29 -0300] "GET /cormun/servlet/hlogin HTTP/1.1" 200 1719
192.168.10.96 - - [09/Mar/2018:08:46:35 -0300] "POST /cormun/servlet/hlogin?08d48f5bf22c3019facad26e01479a9c,gx-no-cache=1520595834764 HTTP/1.1" 200 422
192.168.10.96 - - [09/Mar/2018:08:46:38 -0300] "POST /cormun/servlet/hlogin?08d48f5bf22c3019facad26e01479a9c,gx-no-cache=1520595837706 HTTP/1.1" 200 90
192.168.10.96 - - [09/Mar/2018:08:46:38 -0300] "GET /cormun/servlet/hpexe_link HTTP/1.1" 200 948
192.168.10.96 - - [09/Mar/2018:08:46:39 -0300] "GET /cormun/servlet/hhome HTTP/1.1" 200 3928
200.120.230.197 - - [09/Mar/2018:08:46:39 -0300] "GET /cormun/servlet/hlogin HTTP/1.1" 200 1724
192.168.10.96 - - [09/Mar/2018:08:46:39 -0300] "GET /cormun/servlet/hhome HTTP/1.1" 200 3924
192.168.10.96 - - [09/Mar/2018:08:46:42 -0300] "GET /cormun/servlet/trsolicitudot? HTTP/1.1" 200 7137
192.168.10.96 - - [09/Mar/2018:08:46:42 -0300] "GET /cormun/static/trsolicitudot.js?201711142259839 HTTP/1.1" 304 -
192.168.10.96 - - [09/Mar/2018:08:46:42 -0300] "GET /cormun/servlet/trsolicitudot? HTTP/1.1" 200 7136
192.168.10.50 - - [09/Mar/2018:08:46:44 -0300] "POST /cormun/servlet/trsolicitudgral?ce049adf1501c0d489570ce6ebc8646f,,gx-no-cache=1520595842132 HTTP/1.1" 200 10633
192.168.10.96 - - [09/Mar/2018:08:46:44 -0300] "GET /cormun/servlet/solicitudot?INS,0,0, HTTP/1.1" 200 13379
192.168.10.96 - - [09/Mar/2018:08:46:44 -0300] "GET /cormun/static/gxcfg.js?201812313224582 HTTP/1.1" 304 -
192.168.10.96 - - [09/Mar/2018:08:46:45 -0300] "GET /cormun/servlet/solicitudot?INS,0,0, HTTP/1.1" 200 13384
200.120.230.197 - - [09/Mar/2018:08:46:49 -0300] "POST /cormun/servlet/hlogin?1b60448f3c2d72a6bbc5df5748ad8465,gx-no-cache=1520595962517 HTTP/1.1" 200 90
200.120.230.197 - - [09/Mar/2018:08:46:49 -0300] "GET /cormun/servlet/hpexe_link HTTP/1.1" 200 954
200.120.230.197 - - [09/Mar/2018:08:46:50 -0300] "GET /cormun/servlet/hhome HTTP/1.1" 200 4234
157.55.39.94 - - [09/Mar/2018:08:46:50 -0300] "GET /cormun/servlet/trsolicitudot HTTP/1.1" 200 6374
207.46.13.119 - - [09/Mar/2018:08:46:52 -0300] "GET /cormun/servlet/solicitudot?INS,0,0, HTTP/1.1" 200 12632
157.55.39.4 - - [09/Mar/2018:08:46:53 -0300] "GET /cormun/servlet/hpexe_link HTTP/1.1" 200 922
192.168.10.96 - - [09/Mar/2018:08:46:54 -0300] "POST /cormun/servlet/solicitudot?gx-no-cache=1520595852993 HTTP/1.1" 200 3284
192.168.10.96 - - [09/Mar/2018:08:46:54 -0300] "POST /cormun/servlet/solicitudot?08d48f5bf22c3019facad26e01479a9c,INS,0,0,,gx-no-cache=1520595853142 HTTP/1.1" 200 10247
186.79.5.199 - - [09/Mar/2018:08:46:55 -0300] "GET /cormun/servlet/trsolicitudot? HTTP/1.1" 200 9333
192.168.10.96 - - [09/Mar/2018:08:46:56 -0300] "GET /cormun/servlet/solicitudot?91002760940b42b3efb9df022dedd11f7530792a21a391f41c396ae1385f1b89cef3319498134121f8443e6003cc44a9,gx-no-cache=1520595854971 HTTP/1.1" 200 30
186.79.5.199 - - [09/Mar/2018:08:46:57 -0300] "GET /cormun/servlet/trsolicitudot? HTTP/1.1" 200 9331
200.120.230.197 - - [09/Mar/2018:08:47:02 -0300] "GET /cormun/servlet/hhome HTTP/1.1" 200 4230
207.46.13.173 - - [09/Mar/2018:08:47:04 -0300] "GET /cormun/servlet/hlogin HTTP/1.1" 200 1705
186.79.5.199 - - [09/Mar/2018:08:47:06 -0300] "POST /cormun/servlet/trsolicitudot?1b60448f3c2d72a6bbc5df5748ad8465,,gx-no-cache=1520595978359 HTTP/1.1" 200 106
186.79.5.199 - - [09/Mar/2018:08:47:07 -0300] "GET /cormun/servlet/solicitudot?UPD,2018,10243, HTTP/1.1" 200 15451
186.79.5.199 - - [09/Mar/2018:08:47:08 -0300] "GET /cormun/servlet/solicitudot?UPD,2018,10243, HTTP/1.1" 200 15460
207.46.13.173 - - [09/Mar/2018:08:47:08 -0300] "GET /cormun/servlet/hpexe_return HTTP/1.1" 200 976
186.79.5.199 - - [09/Mar/2018:08:47:10 -0300] "POST /cormun/servlet/solicitudot?gx-no-cache=1520595982248 HTTP/1.1" 200 3388
186.79.5.199 - - [09/Mar/2018:08:47:12 -0300] "POST /cormun/servlet/solicitudot?1b60448f3c2d72a6bbc5df5748ad8465,UPD,2018,10243,,gx-no-cache=1520595983969 HTTP/1.1" 200 11693
186.79.5.199 - - [09/Mar/2018:08:47:12 -0300] "GET /cormun/servlet/solicitudot?60a4dcbb587529e8855b10ae7f2dc8b2f047862f38d998f039c6145de479300793dd3185a9b8d10cb16389a415548e58,gx-no-cache=1520595985571 HTTP/1.1" 200 30
186.79.5.199 - - [09/Mar/2018:08:47:13 -0300] "GET /cormun/servlet/solicitudot?60a4dcbb587529e8855b10ae7f2dc8b25a561dcc6d59d5781fa6f8a1bc33941c193f2fb329498f1b9cecfadba9f986384ea9d921d93f983c35a7dbde4bb1fe94,gx-no-cache=1520595985736 HTTP/1.1" 200 30
186.79.5.199 - - [09/Mar/2018:08:47:13 -0300] "GET /cormun/servlet/solicitudot?60a4dcbb587529e8855b10ae7f2dc8b2d7d528cc679b8a44586d5b2fa82da06b8705b7804e72d8eb784c14586050bc58597bd6449c564ce2a9fcfcf89afec652,gx-no-cache=1520595986788 HTTP/1.1" 200 53
186.79.5.199 - - [09/Mar/2018:08:47:13 -0300] "POST /cormun/servlet/solicitudot?gx-no-cache=1520595986925 HTTP/1.1" 200 256
186.79.5.199 - - [09/Mar/2018:08:47:13 -0300] "GET /cormun/servlet/solicitudot?60a4dcbb587529e8855b10ae7f2dc8b21dc847302967aafdd8200d6f934d883a6cdb8e6891df7e53f7a0a69ffe7e9489067d7e6b6b9f9dabca015cab9994823b902e183c616032cb156c87d1411616eaaf65c145afca5a3ea82a12a99e697a87ca101ff81db58ee2e8d44ab62b16e59d3f73234d6f723a6f32d36e26b419c4f381b2afe6047326d43a3cc597b1f64e21e9c2f280d96c6b7c0747ed93faf3c66d9dda9bbee0b633358e279b0ddd2e816aa45cdf83f5ebff7ca4401c8fd0a922e73142dcf9559c0f8940386581958fad0274b10ac7372abad343a4ec04ed2207a5b8f694516904fb797e542275fd8cdb3cc738de14e82da1e9e0408aa4cda3cb2073bbd0ce177a18cdbcd76a82e470960e19b52e4474690af7aa790672add84affc79a854ae1d09782fad9fe1008ab146512ea67b5197d89fedd9e525922cef1d87919d930f68556a1c4977677d5abfc5fe229493af3e06705f965d268fe69245d1de2e9433aa887d7ebb12b078ebc7be8d10bf94c9c7148b2cdfc03150bc9bd69,gx-no-cache=1520595987094 HTTP/1.1" 200 30
186.79.5.199 - - [09/Mar/2018:08:47:14 -0300] "POST /cormun/servlet/solicitudot?gx-no-cache=1520595987230 HTTP/1.1" 200 30
186.79.5.199 - - [09/Mar/2018:08:47:16 -0300] "POST /cormun/servlet/solicitudot?gx-no-cache=1520595987820 HTTP/1.1" 200 1336
186.79.5.199 - - [09/Mar/2018:08:47:16 -0300] "POST /cormun/servlet/solicitudot?gx-no-cache=1520595989668 HTTP/1.1" 200 41
192.168.10.96 - - [09/Mar/2018:08:47:22 -0300] "GET /cormun/servlet/hlogin HTTP/1.1" 200 1742
186.103.157.246 - - [09/Mar/2018:08:47:52 -0300] "POST /cormun/servlet/solicitudot?01fde1666a0651c55d2a094f893da137,INS,0,0,,gx-no-cache=1520596007386 HTTP/1.1" 200 10244
186.103.157.246 - - [09/Mar/2018:08:48:01 -0300] "GET /cormun/servlet/solicitudot?2a7f027e46e7787afcf53d000c00de1e28dee3ff266a6b02b23c32404a6cc5365e43a7344e50b49ad5c63b9d5abf4729,gx-no-cache=1520596033676 HTTP/1.1" 200 111
186.103.157.246 - - [09/Mar/2018:08:48:02 -0300] "GET /cormun/static/Shared/jqueryui/images/ui-bg_highlight-soft_100_c6c2c8_1x100.png HTTP/1.1" 404 1117
186.103.157.246 - - [09/Mar/2018:08:48:02 -0300] "GET /cormun/static/Shared/jqueryui/images/ui-icons_ebccce_256x240.png HTTP/1.1" 404 1089
186.103.157.246 - - [09/Mar/2018:08:48:02 -0300] "GET /cormun/static/Shared/jqueryui/images/ui-icons_82798d_256x240.png HTTP/1.1" 404 1089
186.103.157.246 - - [09/Mar/2018:08:48:02 -0300] "GET /cormun/static/Shared/jqueryui/images/ui-bg_flat_55_994d53_40x100.png HTTP/1.1" 404 1097
186.103.157.246 - - [09/Mar/2018:08:48:07 -0300] "GET /cormun/servlet/solicitudot?INS,0,0, HTTP/1.1" 200 13340
186.103.157.246 - - [09/Mar/2018:08:48:19 -0300] "GET /cormun/servlet/solicitudot?INS,0,0, HTTP/1.1" 200 13340
186.103.157.246 - - [09/Mar/2018:08:48:51 -0300] "GET /cormun/servlet/hlogin HTTP/1.1" 200 1699
186.103.157.246 - - [09/Mar/2018:08:48:52 -0300] "GET /cormun/static/Resources/Spanish/PXTools.css?11423723 HTTP/1.1" 304 -
186.103.157.246 - - [09/Mar/2018:08:48:52 -0300] "GET /cormun/static/gxtimezone.js?85251 HTTP/1.1" 304 -
186.103.157.246 - - [09/Mar/2018:08:48:52 -0300] "GET /cormun/static/gxcfg.js?20175251213516 HTTP/1.1" 304 -
186.103.157.246 - - [09/Mar/2018:08:48:52 -0300] "GET /cormun/static/gxgral.js?85251 HTTP/1.1" 304 -
186.103.157.246 - - [09/Mar/2018:08:48:52 -0300] "GET /cormun/static/messages.spa.js?85251 HTTP/1.1" 304 -
186.103.157.246 - - [09/Mar/2018:08:48:52 -0300] "GET /cormun/static/Resources/PXToolsLoginTop.png HTTP/1.1" 304 -
186.103.157.246 - - [09/Mar/2018:08:48:52 -0300] "GET /cormun/static/Resources/ComunLogin.png HTTP/1.1" 304 -
186.103.157.246 - - [09/Mar/2018:08:48:52 -0300] "GET /cormun/static/Resources/PXToolsLoginBackground.png HTTP/1.1" 304 -
186.103.157.246 - - [09/Mar/2018:08:48:52 -0300] "GET /cormun/static/Resources/PXToolsButtonBackground2.png HTTP/1.1" 304 -
186.103.157.246 - - [09/Mar/2018:08:48:52 -0300] "GET /cormun/static/Resources/PXToolsButtonRight21.png HTTP/1.1" 304 -
186.103.157.246 - - [09/Mar/2018:08:48:52 -0300] "GET /cormun/static/Resources/PXToolsLoginBottom.png HTTP/1.1" 304 -
186.103.157.246 - - [09/Mar/2018:08:48:53 -0300] "GET /cormun/static/hlogin.js?20175251213537 HTTP/1.1" 304 -
186.103.157.246 - - [09/Mar/2018:08:48:54 -0300] "GET /cormun/static/Resources/PXToolsButtonLeft21.png HTTP/1.1" 304 -
186.103.157.246 - - [09/Mar/2018:08:48:54 -0300] "GET /cormun/static/Resources/indicator.gif HTTP/1.1" 304 -
186.103.157.246 - - [09/Mar/2018:08:48:57 -0300] "POST /cormun/servlet/solicitudot?gx-no-cache=1520596063981 HTTP/1.1" 500 4102
192.168.10.50 - - [09/Mar/2018:08:49:06 -0300] "POST /cormun/servlet/trsolicitudgral?ce049adf1501c0d489570ce6ebc8646f,,gx-no-cache=1520595984356 HTTP/1.1" 200 9554
186.103.157.246 - - [09/Mar/2018:08:49:25 -0300] "POST /cormun/servlet/solicitudot?01fde1666a0651c55d2a094f893da137,INS,0,0,,gx-no-cache=1520596097521 HTTP/1.1" 200 10248
186.103.157.246 - - [09/Mar/2018:08:49:26 -0300] "GET /cormun/servlet/ HTTP/1.1" 404 991
186.103.157.246 - - [09/Mar/2018:08:49:53 -0300] "POST /cormun/servlet/hlogin?a5006d12baebce7d5957f0f434cb3703,gx-no-cache=1520596130072 HTTP/1.1" 200 90
186.103.157.246 - - [09/Mar/2018:08:49:54 -0300] "GET /cormun/servlet/hpexe_link HTTP/1.1" 200 931
186.103.157.246 - - [09/Mar/2018:08:49:54 -0300] "GET /cormun/static/Resources/Spanish/PXTools.css?1155365 HTTP/1.1" 304 -
186.103.157.246 - - [09/Mar/2018:08:49:55 -0300] "GET /cormun/static/gxcfg.js?20177612121792 HTTP/1.1" 304 -
186.103.157.246 - - [09/Mar/2018:08:49:55 -0300] "GET /cormun/static/hpexe_link.js?20177612121795 HTTP/1.1" 304 -
186.103.157.246 - - [09/Mar/2018:08:49:59 -0300] "GET /cormun/servlet/hhome HTTP/1.1" 200 3860
186.103.157.246 - - [09/Mar/2018:08:49:59 -0300] "GET /cormun/static/SmoothNavMenu/resources/ddsmoothmenu.css?1012540 HTTP/1.1" 304 -
186.103.157.246 - - [09/Mar/2018:08:49:59 -0300] "GET /cormun/static/PXToolsJavascripts/pexe_windows.js HTTP/1.1" 304 -
186.103.157.246 - - [09/Mar/2018:08:49:59 -0300] "GET /cormun/static/scaMessage/css/jquery.pnotify.default.css?1716380 HTTP/1.1" 304 -
186.103.157.246 - - [09/Mar/2018:08:50:00 -0300] "GET /cormun/static/PXToolsJavascripts/pexe_grid.js HTTP/1.1" 304 -
186.103.157.246 - - [09/Mar/2018:08:50:00 -0300] "GET /cormun/static/PXToolsJavascripts/pexe_link.js HTTP/1.1" 304 -
186.103.157.246 - - [09/Mar/2018:08:50:01 -0300] "GET /cormun/static/SmoothNavMenu/resources/ddsmoothmenu-v.css?1012540 HTTP/1.1" 304 -
186.103.157.246 - - [09/Mar/2018:08:50:01 -0300] "GET /cormun/static/Shared/jqueryui/jquery-ui.min.css?1245370 HTTP/1.1" 304 -
186.103.157.246 - - [09/Mar/2018:08:50:02 -0300] "GET /cormun/static/PXToolsJavascripts/pexe_menus.js HTTP/1.1" 304 -
186.103.157.246 - - [09/Mar/2018:08:50:02 -0300] "GET /cormun/static/PXToolsJavascripts/pexe_menudivfix.js HTTP/1.1" 304 -
186.103.157.246 - - [09/Mar/2018:08:50:02 -0300] "GET /cormun/static/PXToolsJavascripts/pexe_layers.js HTTP/1.1" 304 -
186.103.157.246 - - [09/Mar/2018:08:50:02 -0300] "GET /cormun/static/PXToolsJavascripts/pexe_oav.js HTTP/1.1" 304 -
186.103.157.246 - - [09/Mar/2018:08:50:03 -0300] "GET /cormun/static/PXToolsJavascripts/pexe_oavdivfix.js HTTP/1.1" 304 -
186.103.157.246 - - [09/Mar/2018:08:50:03 -0300] "GET /cormun/static/PXToolsJavascripts/pexe_picture.js HTTP/1.1" 304 -
186.103.157.246 - - [09/Mar/2018:08:50:03 -0300] "GET /cormun/static/PXToolsJavascripts/pexe_scrolldiv.js HTTP/1.1" 304 -
186.103.157.246 - - [09/Mar/2018:08:50:03 -0300] "GET /cormun/static/PXToolsJavascripts/pexe_tabdivfix.js HTTP/1.1" 304 -
186.103.157.246 - - [09/Mar/2018:08:50:04 -0300] "GET /cormun/static/gxcfg.js?20175251212442 HTTP/1.1" 304 -
186.103.157.246 - - [09/Mar/2018:08:50:04 -0300] "GET /cormun/static/PXToolsJavascripts/pexe_upload.js HTTP/1.1" 304 -
186.103.157.246 - - [09/Mar/2018:08:50:04 -0300] "GET /cormun/servlet/hpexe_return? HTTP/1.1" 200 988
186.103.157.246 - - [09/Mar/2018:08:50:05 -0300] "GET /cormun/static/hpexe_return.js?2016101716175153 HTTP/1.1" 200 1633
186.103.157.246 - - [09/Mar/2018:08:50:05 -0300] "GET /cormun/static/PXToolsJavascripts/PXToolsJavascriptsRender.js HTTP/1.1" 304 -
186.103.157.246 - - [09/Mar/2018:08:50:05 -0300] "GET /cormun/static/PXToolsJavascripts/pexe_tabs.js HTTP/1.1" 304 -
186.103.157.246 - - [09/Mar/2018:08:50:06 -0300] "GET /cormun/static/PXToolsJavascripts/pexe_popup.js HTTP/1.1" 304 -
186.103.157.246 - - [09/Mar/2018:08:50:06 -0300] "GET /cormun/static/Shared/ext/ext-all.js HTTP/1.1" 304 -
186.103.157.246 - - [09/Mar/2018:08:50:06 -0300] "GET /cormun/static/Shared/ext/locale/ext-lang-en.js HTTP/1.1" 304 -
186.103.157.246 - - [09/Mar/2018:08:50:06 -0300] "GET /cormun/static/hhome.js?20175251212450 HTTP/1.1" 304 -
186.103.157.246 - - [09/Mar/2018:08:50:06 -0300] "GET /cormun/static/hwchdr01.js?201752511465785 HTTP/1.1" 304 -
186.103.157.246 - - [09/Mar/2018:08:50:06 -0300] "GET /cormun/static/hpexe_recentlink.js?20177611595044 HTTP/1.1" 304 -
186.103.157.246 - - [09/Mar/2018:08:50:06 -0300] "GET /cormun/static/hpexe_scripts.js?201752511465715 HTTP/1.1" 304 -
186.79.5.199 - - [09/Mar/2018:08:50:07 -0300] "POST /cormun/servlet/solicitudot?1b60448f3c2d72a6bbc5df5748ad8465,UPD,2018,10243,,gx-no-cache=1520596157394 HTTP/1.1" 200 93
186.79.5.199 - - [09/Mar/2018:08:50:07 -0300] "GET /cormun/servlet/hpexe_return? HTTP/1.1" 200 1016
186.79.5.199 - - [09/Mar/2018:08:50:08 -0300] "GET /cormun/servlet/hhome HTTP/1.1" 200 4237
186.103.157.246 - - [09/Mar/2018:08:50:08 -0300] "GET /cormun/static/PXToolsJavascripts/pexe_cookies.js HTTP/1.1" 304 -
186.103.157.246 - - [09/Mar/2018:08:50:08 -0300] "GET /cormun/static/hpexe_messagecontroller.js?20177611595012 HTTP/1.1" 304 -
186.103.157.246 - - [09/Mar/2018:08:50:09 -0300] "GET /cormun/static/PXToolsJavascripts/pexe_griddivfix.js HTTP/1.1" 304 -
186.79.5.199 - - [09/Mar/2018:08:50:09 -0300] "GET /cormun/servlet/hhome HTTP/1.1" 200 4230
186.103.157.246 - - [09/Mar/2018:08:50:09 -0300] "GET /cormun/static/hpexe_messagepopupcomponent.js?20161017169425 HTTP/1.1" 304 -
186.103.157.246 - - [09/Mar/2018:08:50:10 -0300] "GET /cormun/static/hpexe_messagegenexuscomponent.js?201752511465344 HTTP/1.1" 304 -
186.103.157.246 - - [09/Mar/2018:08:50:10 -0300] "GET /cormun/static/gxui/gxui-all.js HTTP/1.1" 304 -
186.103.157.246 - - [09/Mar/2018:08:50:10 -0300] "GET /cormun/static/cmcontrolpreferences.js?201752511465670 HTTP/1.1" 304 -
186.103.157.246 - - [09/Mar/2018:08:50:10 -0300] "GET /cormun/static/Shared/jquery/jquery-1.4.2.min.js HTTP/1.1" 304 -
186.103.157.246 - - [09/Mar/2018:08:50:10 -0300] "GET /cormun/static/Shared/jquery/jquery-1.10.2.min.js HTTP/1.1" 304 -
186.103.157.246 - - [09/Mar/2018:08:50:10 -0300] "GET /cormun/static/SmoothNavMenu/resources/ddsmoothmenu.js HTTP/1.1" 304 -
186.103.157.246 - - [09/Mar/2018:08:50:11 -0300] "GET /cormun/static/PXToolsJavascripts/pexe_autoreload.js HTTP/1.1" 304 -
186.103.157.246 - - [09/Mar/2018:08:50:11 -0300] "GET /cormun/static/Shared/jqueryui/jquery-ui.min.js HTTP/1.1" 304 -
186.103.157.246 - - [09/Mar/2018:08:50:12 -0300] "GET /cormun/static/scaMessage/scaMessageRender.js HTTP/1.1" 304 -
186.103.157.246 - - [09/Mar/2018:08:50:12 -0300] "GET /cormun/static/hmpwkw03.js?20177612122668 HTTP/1.1" 304 -
186.103.157.246 - - [09/Mar/2018:08:50:12 -0300] "GET /cormun/static/scaMessage/js/jquery.pnotify.min.js HTTP/1.1" 304 -
186.79.5.199 - - [09/Mar/2018:08:50:13 -0300] "GET /cormun/servlet/trsolicitudot? HTTP/1.1" 200 9333
186.103.157.246 - - [09/Mar/2018:08:50:16 -0300] "GET /cormun/static/Resources/logo4.png HTTP/1.1" 304 -
186.103.157.246 - - [09/Mar/2018:08:50:16 -0300] "GET /cormun/static/Resources/PXToolsHeaderLogin.png HTTP/1.1" 304 -
186.103.157.246 - - [09/Mar/2018:08:50:16 -0300] "GET /cormun/static/Resources/PXToolsHeaderPreferences.png HTTP/1.1" 304 -
186.103.157.246 - - [09/Mar/2018:08:50:16 -0300] "GET /cormun/static/Resources/PXToolsHeaderBackground2.png HTTP/1.1" 304 -
186.103.157.246 - - [09/Mar/2018:08:50:16 -0300] "GET /cormun/static/Resources/PXToolsHeaderSecurity.png HTTP/1.1" 304 -
186.103.157.246 - - [09/Mar/2018:08:50:16 -0300] "GET /cormun/static/Resources/PXToolsHeaderActionsRight.png HTTP/1.1" 304 -
186.103.157.246 - - [09/Mar/2018:08:50:16 -0300] "GET /cormun/static/Resources/PXToolsHeaderActionsLeft.png HTTP/1.1" 304 -
186.103.157.246 - - [09/Mar/2018:08:50:16 -0300] "GET /cormun/static/Resources/PXToolsHeaderActionsBackground.png HTTP/1.1" 304 -
186.103.157.246 - - [09/Mar/2018:08:50:18 -0300] "GET /cormun/static/Resources/PXToolsDataTitle.png HTTP/1.1" 304 -
186.103.157.246 - - [09/Mar/2018:08:50:18 -0300] "GET /cormun/static/SmoothNavMenu/resources/SmoothNavMenuRender.js HTTP/1.1" 304 -
186.79.5.199 - - [09/Mar/2018:08:50:22 -0300] "GET /cormun/servlet/solicitudot?INS,0,0, HTTP/1.1" 200 13671
186.103.157.246 - - [09/Mar/2018:08:50:22 -0300] "GET /cormun/static/Resources/PXToolsHeaderHome.png HTTP/1.1" 304 -
186.103.157.246 - - [09/Mar/2018:08:50:23 -0300] "GET /cormun/static/gxcfg.js?2016101716175148 HTTP/1.1" 200 953
186.79.5.199 - - [09/Mar/2018:08:50:23 -0300] "GET /cormun/servlet/solicitudot?INS,0,0, HTTP/1.1" 200 13676
186.103.157.246 - - [09/Mar/2018:08:50:25 -0300] "GET /cormun/static/RunJS/RunJS.js HTTP/1.1" 304 -
200.120.230.197 - - [09/Mar/2018:08:50:38 -0300] "POST /cormun/servlet/solicitudot?gx-no-cache=1520596191411 HTTP/1.1" 200 3284
200.120.230.197 - - [09/Mar/2018:08:50:42 -0300] "POST /cormun/servlet/solicitudot?1b60448f3c2d72a6bbc5df5748ad8465,INS,0,0,,gx-no-cache=1520596192182 HTTP/1.1" 200 10441
186.103.157.246 - - [09/Mar/2018:08:50:42 -0300] "GET /cormun/static/Resources/Spanish/PXTools.css?167811 HTTP/1.1" 200 40960
200.120.230.197 - - [09/Mar/2018:08:50:50 -0300] "GET /cormun/servlet/solicitudot?60a4dcbb587529e8855b10ae7f2dc8b2b43ee1d1ba37c5ce79c67a1847a8971b7a08cac46ab48408f8395d4cef09fb1a,gx-no-cache=1520596203272 HTTP/1.1" 200 30
186.103.157.246 - - [09/Mar/2018:08:50:50 -0300] "GET /cormun/static/Resources/PXToolsFooterBackground2.png HTTP/1.1" 304 -
186.103.157.246 - - [09/Mar/2018:08:50:55 -0300] "GET /cormun/servlet/hlogin HTTP/1.1" 200 1726
186.103.157.246 - - [09/Mar/2018:08:51:07 -0300] "GET /cormun/static/SmoothNavMenu/resources/images/down.gif HTTP/1.1" 304 -
186.103.157.246 - - [09/Mar/2018:08:51:08 -0300] "POST /cormun/servlet/hlogin?f03cea5932d8a9cd244afaec11ea49dc,gx-no-cache=1520596219282 HTTP/1.1" 200 90
186.103.157.246 - - [09/Mar/2018:08:51:09 -0300] "GET /cormun/servlet/hpexe_link HTTP/1.1" 200 953
186.103.157.246 - - [09/Mar/2018:08:51:09 -0300] "GET /cormun/servlet/hhome HTTP/1.1" 200 3882
186.103.157.246 - - [09/Mar/2018:08:51:10 -0300] "GET /cormun/servlet/hhome HTTP/1.1" 200 3879
186.103.157.246 - - [09/Mar/2018:08:51:14 -0300] "GET /cormun/servlet/trsolicitudot? HTTP/1.1" 200 7077
186.103.157.246 - - [09/Mar/2018:08:51:14 -0300] "GET /cormun/static/Resources/Spanish/PXTools.css?1255365 HTTP/1.1" 304 -
186.103.157.246 - - [09/Mar/2018:08:51:14 -0300] "GET /cormun/static/Shared/ext/resources/css/ext-all.css?215870 HTTP/1.1" 304 -
186.103.157.246 - - [09/Mar/2018:08:51:14 -0300] "GET /cormun/static/calendar.js?85251 HTTP/1.1" 304 -
186.103.157.246 - - [09/Mar/2018:08:51:15 -0300] "GET /cormun/static/calendar-setup.js?85251 HTTP/1.1" 304 -
186.103.157.246 - - [09/Mar/2018:08:51:15 -0300] "GET /cormun/static/gxcfg.js?2017111422585916 HTTP/1.1" 304 -
186.103.157.246 - - [09/Mar/2018:08:51:17 -0300] "GET /cormun/static/calendar-system.css?85620 HTTP/1.1" 304 -
186.103.157.246 - - [09/Mar/2018:08:51:17 -0300] "GET /cormun/servlet/trsolicitudot? HTTP/1.1" 200 7095
186.103.157.246 - - [09/Mar/2018:08:51:23 -0300] "GET /cormun/servlet/trsolicitudot? HTTP/1.1" 200 7094
186.103.157.246 - - [09/Mar/2018:08:51:27 -0300] "GET /cormun/servlet/solicitudot?INS,0,0, HTTP/1.1" 200 13333
186.103.157.246 - - [09/Mar/2018:08:51:28 -0300] "GET /cormun/servlet/solicitudot?INS,0,0, HTTP/1.1" 200 13338
186.103.157.246 - - [09/Mar/2018:08:51:33 -0300] "GET /cormun/static/calendar-es.js?85251 HTTP/1.1" 304 -
186.103.157.246 - - [09/Mar/2018:08:51:49 -0300] "POST /cormun/servlet/solicitudot?gx-no-cache=1520596255537 HTTP/1.1" 200 3365
186.103.157.246 - - [09/Mar/2018:08:51:51 -0300] "GET /cormun/static/Resources/PXToolsGridNextDisabled.gif HTTP/1.1" 304 -
186.103.157.246 - - [09/Mar/2018:08:51:51 -0300] "GET /cormun/static/Resources/PXToolsGridPreviousDisabled.gif HTTP/1.1" 304 -
186.103.157.246 - - [09/Mar/2018:08:51:51 -0300] "GET /cormun/static/Resources/PXToolsDataSearch.png HTTP/1.1" 304 -
186.103.157.246 - - [09/Mar/2018:08:51:51 -0300] "GET /cormun/static/Resources/PXToolsActionExcel.png HTTP/1.1" 304 -
186.103.157.246 - - [09/Mar/2018:08:51:51 -0300] "GET /cormun/static/Resources/PXToolsGridNew.png HTTP/1.1" 304 -
186.103.157.246 - - [09/Mar/2018:08:51:51 -0300] "GET /cormun/static/Shared/jqueryui/images/ui-icons_82798d_256x240.png HTTP/1.1" 404 1089
186.103.157.246 - - [09/Mar/2018:08:51:52 -0300] "GET /cormun/static/Shared/jqueryui/images/ui-bg_highlight-soft_100_c6c2c8_1x100.png HTTP/1.1" 404 1117
186.103.157.246 - - [09/Mar/2018:08:51:52 -0300] "GET /cormun/static/Resources/PXToolsGridPage.gif HTTP/1.1" 304 -
186.103.157.246 - - [09/Mar/2018:08:51:52 -0300] "GET /cormun/static/gxdec.js?85251 HTTP/1.1" 304 -
186.103.157.246 - - [09/Mar/2018:08:51:52 -0300] "GET /cormun/servlet/solicitudot?f4f4683e63130333b41e08d74f6b3a31dd90d53708757106c356f6cbf18ab278b45298f06a28aa8c3b5625b0e6caf955,gx-no-cache=1520596264165 HTTP/1.1" 200 30
186.103.157.246 - - [09/Mar/2018:08:51:53 -0300] "GET /cormun/static/Resources/PXTools/calendar.png HTTP/1.1" 304 -
186.103.157.246 - - [09/Mar/2018:08:51:54 -0300] "GET /cormun/static/Shared/jqueryui/images/ui-bg_flat_55_994d53_40x100.png HTTP/1.1" 404 1097
186.103.157.246 - - [09/Mar/2018:08:51:55 -0300] "GET /cormun/static/Resources/PXToolsGridFirstDisabled.gif HTTP/1.1" 304 -
186.103.157.246 - - [09/Mar/2018:08:52:03 -0300] "GET /cormun/static/Resources/PXToolsGridLastDisabled.gif HTTP/1.1" 304 -
186.103.157.246 - - [09/Mar/2018:08:52:09 -0300] "GET /cormun/static/Shared/jqueryui/images/ui-icons_ebccce_256x240.png HTTP/1.1" 404 1089
220.189.249.97 - - [09/Mar/2018:08:52:09 -0300] "GET /manager/html HTTP/1.1" 401 2474
220.189.249.97 - - [09/Mar/2018:08:52:09 -0300] "GET /manager/html HTTP/1.1" 401 2474
220.189.249.97 - - [09/Mar/2018:08:52:10 -0300] "GET /manager/html HTTP/1.1" 401 2474
220.189.249.97 - - [09/Mar/2018:08:52:12 -0300] "GET /manager/html HTTP/1.1" 401 2474
186.103.157.246 - - [09/Mar/2018:08:52:13 -0300] "GET /cormun/static/trsolicitudot.js?201711142259839 HTTP/1.1" 304 -
186.103.157.246 - - [09/Mar/2018:08:52:13 -0300] "GET /cormun/static/Resources/desc.gif HTTP/1.1" 304 -
186.103.157.246 - - [09/Mar/2018:08:52:13 -0300] "GET /cormun/static/SmoothNavMenu/resources/images/down.gif HTTP/1.1" 304 -
186.103.157.246 - - [09/Mar/2018:08:52:13 -0300] "GET /cormun/static/Shared/ext/resources/themes/images/default/tip/tip-corners.gif HTTP/1.1" 304 -
186.103.157.246 - - [09/Mar/2018:08:52:13 -0300] "GET /cormun/static/Shared/ext/resources/themes/images/default/tip/tip-sides.gif HTTP/1.1" 304 -
186.103.157.246 - - [09/Mar/2018:08:52:13 -0300] "GET /cormun/static/Resources/asc.gif HTTP/1.1" 304 -
186.103.157.246 - - [09/Mar/2018:08:52:16 -0300] "GET /cormun/static/Shared/ext/resources/themes/images/default/panel/bg-headersPanel.png HTTP/1.1" 304 -
186.103.157.246 - - [09/Mar/2018:08:52:17 -0300] "GET /cormun/static/Shared/ext/resources/themes/images/default/tools/tool-sprites.gif HTTP/1.1" 304 -
192.168.10.89 - - [09/Mar/2018:08:52:24 -0300] "POST /cormun/servlet/trsolicitudgral?b2c0c2d2bbe7a0a2e51b688c2943034b,,gx-no-cache=1520596182506 HTTP/1.1" 200 7612
192.168.10.96 - - [09/Mar/2018:08:52:27 -0300] "POST /cormun/servlet/hlogin?08d48f5bf22c3019facad26e01479a9c,gx-no-cache=1520596185988 HTTP/1.1" 200 90
192.168.10.96 - - [09/Mar/2018:08:52:27 -0300] "GET /cormun/servlet/hpexe_link HTTP/1.1" 200 948
192.168.10.96 - - [09/Mar/2018:08:52:27 -0300] "GET /cormun/servlet/hhome HTTP/1.1" 200 4702
192.168.10.96 - - [09/Mar/2018:08:52:27 -0300] "GET /cormun/servlet/hhome HTTP/1.1" 200 4702
192.168.10.96 - - [09/Mar/2018:08:52:32 -0300] "GET /cormun/servlet/trsolicitudgral? HTTP/1.1" 200 28043
200.86.95.220 - - [09/Mar/2018:08:52:32 -0300] "POST /cormun/servlet/trsolicitudot?92a27c2db95808543fa581173fa0d235,gx-no-cache=1520596303354 HTTP/1.1" 200 107
200.86.95.220 - - [09/Mar/2018:08:52:33 -0300] "GET /cormun/servlet/trsolicitudadjuntos?2018,10305, HTTP/1.1" 200 9534
192.168.10.96 - - [09/Mar/2018:08:52:34 -0300] "GET /cormun/servlet/trsolicitudgral? HTTP/1.1" 200 28041
200.86.95.220 - - [09/Mar/2018:08:52:35 -0300] "GET /cormun/servlet/trsolicitudadjuntos?2018,10305, HTTP/1.1" 200 9536
192.168.10.96 - - [09/Mar/2018:08:52:47 -0300] "POST /cormun/servlet/trsolicitudgral?08d48f5bf22c3019facad26e01479a9c,,gx-no-cache=1520596205908 HTTP/1.1" 200 7299
200.86.95.220 - - [09/Mar/2018:08:52:50 -0300] "GET /cormun/PublicTempStorage/titulo6582626.pdf HTTP/1.1" 200 571152
192.168.10.96 - - [09/Mar/2018:08:52:54 -0300] "POST /cormun/servlet/trsolicitudgral?08d48f5bf22c3019facad26e01479a9c,,gx-no-cache=1520596212948 HTTP/1.1" 200 5929
192.168.10.96 - - [09/Mar/2018:08:52:58 -0300] "POST /cormun/servlet/trsolicitudgral?08d48f5bf22c3019facad26e01479a9c,,gx-no-cache=1520596216844 HTTP/1.1" 200 7266
200.86.95.220 - - [09/Mar/2018:08:53:04 -0300] "GET /cormun/servlet/hlogin HTTP/1.1" 200 1716
200.120.230.197 - - [09/Mar/2018:08:53:04 -0300] "GET /cormun/servlet/prbanco?,MD,,gxPopupLevel%3D0%3B HTTP/1.1" 200 6674
200.120.230.197 - - [09/Mar/2018:08:53:12 -0300] "GET /cormun/servlet/solicitudot?60a4dcbb587529e8855b10ae7f2dc8b23af040f7a8bf56edc3e66e3de467359342bdd9aba0f1ac3ef20ce07ea2060acba4247933114018f5b8d75c333fd6d77d,gx-no-cache=1520596345290 HTTP/1.1" 200 30
200.86.95.220 - - [09/Mar/2018:08:53:12 -0300] "POST /cormun/servlet/hlogin?92a27c2db95808543fa581173fa0d235,gx-no-cache=1520596342889 HTTP/1.1" 200 90
200.86.95.220 - - [09/Mar/2018:08:53:12 -0300] "GET /cormun/servlet/hpexe_link HTTP/1.1" 200 968
200.86.95.220 - - [09/Mar/2018:08:53:13 -0300] "GET /cormun/servlet/trsolicitudadjuntos?2018,10305, HTTP/1.1" 200 9538
200.86.95.220 - - [09/Mar/2018:08:53:16 -0300] "GET /cormun/servlet/trsolicitudadjuntos?2018,10305, HTTP/1.1" 200 9538
200.120.230.197 - - [09/Mar/2018:08:53:18 -0300] "GET /cormun/servlet/solicitudot?60a4dcbb587529e8855b10ae7f2dc8b27310adf47a97a8ff0c5b883cdf6e893e,gx-no-cache=1520596351211 HTTP/1.1" 200 51
200.86.95.220 - - [09/Mar/2018:08:53:20 -0300] "POST /cormun/servlet/trsolicitudadjuntos?92a27c2db95808543fa581173fa0d235,2018,10305,,gx-no-cache=1520596348870 HTTP/1.1" 200 90
200.86.95.220 - - [09/Mar/2018:08:53:20 -0300] "GET /cormun/servlet/hpexe_link HTTP/1.1" 200 966
200.86.95.220 - - [09/Mar/2018:08:53:20 -0300] "GET /cormun/servlet/trsolicitudot HTTP/1.1" 200 8919
200.86.95.220 - - [09/Mar/2018:08:53:22 -0300] "GET /cormun/servlet/trsolicitudot HTTP/1.1" 200 8917
186.103.157.246 - - [09/Mar/2018:08:53:29 -0300] "GET /cormun/servlet/prbanco?,MD,,gxPopupLevel%3D0%3B HTTP/1.1" 200 6512
186.103.157.246 - - [09/Mar/2018:08:53:30 -0300] "GET /cormun/static/gxcfg.js?20181161016094 HTTP/1.1" 200 953
186.103.157.246 - - [09/Mar/2018:08:53:30 -0300] "GET /cormun/static/Resources/resize.gif HTTP/1.1" 200 77
186.103.157.246 - - [09/Mar/2018:08:53:30 -0300] "GET /cormun/static/menusearch.js?201610171694467 HTTP/1.1" 200 1424
186.103.157.246 - - [09/Mar/2018:08:53:30 -0300] "GET /cormun/static/hmpwkw011.js?20177612121862 HTTP/1.1" 200 1968
186.103.157.246 - - [09/Mar/2018:08:53:32 -0300] "GET /cormun/static/Resources/PXToolsMenuSearchCancel.png HTTP/1.1" 200 2972
186.103.157.246 - - [09/Mar/2018:08:53:32 -0300] "GET /cormun/static/prbanco.js?2018116101633 HTTP/1.1" 200 10693
186.103.157.246 - - [09/Mar/2018:08:53:36 -0300] "GET /cormun/static/Resources/PXToolsMenuSearch.png HTTP/1.1" 200 2914
200.120.230.197 - - [09/Mar/2018:08:53:36 -0300] "POST /cormun/servlet/solicitudot?gx-no-cache=1520596369765 HTTP/1.1" 200 255
200.120.230.197 - - [09/Mar/2018:08:53:39 -0300] "GET /cormun/servlet/solicitudot?60a4dcbb587529e8855b10ae7f2dc8b21dc847302967aafdd8200d6f934d883a6cdb8e6891df7e53f7a0a69ffe7e9489067d7e6b6b9f9dabca015cab9994823b902e183c616032cb156c87d1411616eaaf65c145afca5a3ea82a12a99e697a87ca101ff81db58ee2e8d44ab62b16e59d3f73234d6f723a6f32d36e26b419c4f381b2afe6047326d43a3cc597b1f64e21e9c2f280d96c6b7c0747ed93faf3c66d9dda9bbee0b633358e279b0ddd2e816aa45cdf83f5ebff7ca4401c8fd0a922e73142dcf9559c0f8940386581958fad0274b10ac7372abad343a4ec04ed2207a5b8f694516904fb797e542275fd8cdb3cc738de14e82da1e9e0408aa4cda3cb2073bbd0ce177a18cdbcd76a82e470960e19b52e4474690af7aa790672add84affc79a854ae1d09782fad9fe1008ab146512ea67b5197d89fedd9e525922cef1d87919d930f68556a1c4977677d5abfc5fe229493af3e06705f965d268fe69245d1de2e9433aa887d7ebb12b078ebc7be80d0b39724659d67f9153b4227a9bb93e,gx-no-cache=1520596372609 HTTP/1.1" 200 30
186.103.157.246 - - [09/Mar/2018:08:53:45 -0300] "GET /cormun/servlet/solicitudot?f4f4683e63130333b41e08d74f6b3a317baa710532198b930e645d82729a9b53d76a0a5654915ba591c4f5301be73f1999916247521fb714c14b7c7aaf7678f4,gx-no-cache=1520596370544 HTTP/1.1" 200 30
192.168.10.56 - - [09/Mar/2018:08:53:46 -0300] "GET /cormun/servlet/hlogin HTTP/1.1" 200 1737
200.120.230.197 - - [09/Mar/2018:08:53:48 -0300] "POST /cormun/servlet/solicitudot?gx-no-cache=1520596381581 HTTP/1.1" 200 30
192.168.10.56 - - [09/Mar/2018:08:53:49 -0300] "POST /cormun/servlet/hlogin?11b9442431472047e4d7aecc8c7981a2,gx-no-cache=1520596267229 HTTP/1.1" 200 90
192.168.10.56 - - [09/Mar/2018:08:53:49 -0300] "GET /cormun/servlet/hpexe_link HTTP/1.1" 200 951
192.168.10.56 - - [09/Mar/2018:08:53:49 -0300] "GET /cormun/servlet/hhome HTTP/1.1" 200 4483
192.168.10.56 - - [09/Mar/2018:08:53:49 -0300] "GET /cormun/servlet/hhome HTTP/1.1" 200 4479
200.120.230.197 - - [09/Mar/2018:08:53:50 -0300] "POST /cormun/servlet/solicitudot?gx-no-cache=1520596383466 HTTP/1.1" 200 1333
200.120.230.197 - - [09/Mar/2018:08:53:50 -0300] "POST /cormun/servlet/solicitudot?gx-no-cache=1520596383952 HTTP/1.1" 200 38
192.168.10.56 - - [09/Mar/2018:08:53:54 -0300] "GET /cormun/servlet/trsolicitudgral? HTTP/1.1" 200 13715
192.168.10.56 - - [09/Mar/2018:08:53:54 -0300] "GET /cormun/servlet/trsolicitudgral? HTTP/1.1" 200 13713
186.103.157.246 - - [09/Mar/2018:08:54:05 -0300] "GET /cormun/servlet/solicitudot?f4f4683e63130333b41e08d74f6b3a31c5b77359eb46187dc5166b0b57c2d770,gx-no-cache=1520596382316 HTTP/1.1" 200 53
200.120.230.197 - - [09/Mar/2018:08:54:10 -0300] "GET /cormun/servlet/solicitudot?60a4dcbb587529e8855b10ae7f2dc8b2e5b83c344e9e173468e31e6951cb3a9238d665397270935b82cd452db6facf7b6d825044d2eab6e3dfb88c1c6abfc92469b591d16b6cd5573cc8fd49b7ffc78a866cc7739073595f43a2b38ba9f030c469c1fc0a04e59f6dca1bf63ee6c629de,gx-no-cache=1520596403444 HTTP/1.1" 200 29
200.120.230.197 - - [09/Mar/2018:08:54:14 -0300] "POST /cormun/servlet/solicitudot?gx-no-cache=1520596403870 HTTP/1.1" 200 1318
200.120.230.197 - - [09/Mar/2018:08:54:15 -0300] "POST /cormun/servlet/solicitudot?gx-no-cache=1520596407761 HTTP/1.1" 200 1215
192.168.10.56 - - [09/Mar/2018:08:54:15 -0300] "POST /cormun/servlet/trsolicitudgral?11b9442431472047e4d7aecc8c7981a2,,gx-no-cache=1520596293530 HTTP/1.1" 200 10267
192.168.10.56 - - [09/Mar/2018:08:54:15 -0300] "GET /cormun/static/Shared/jqueryui/images/ui-icons_82798d_256x240.png HTTP/1.1" 404 1089
192.168.10.56 - - [09/Mar/2018:08:54:15 -0300] "GET /cormun/static/Shared/jqueryui/images/ui-bg_highlight-soft_100_c6c2c8_1x100.png HTTP/1.1" 404 1117
192.168.10.56 - - [09/Mar/2018:08:54:15 -0300] "GET /cormun/static/Shared/jqueryui/images/ui-bg_flat_55_fafafa_40x100.png HTTP/1.1" 404 1097
192.168.10.56 - - [09/Mar/2018:08:54:15 -0300] "GET /cormun/static/Shared/jqueryui/images/ui-icons_8d78a5_256x240.png HTTP/1.1" 404 1089
192.168.10.56 - - [09/Mar/2018:08:54:26 -0300] "POST /cormun/servlet/trsolicitudgral?11b9442431472047e4d7aecc8c7981a2,,gx-no-cache=1520596304424 HTTP/1.1" 200 9904
186.103.157.246 - - [09/Mar/2018:08:54:32 -0300] "GET /cormun/servlet/solicitudot?f4f4683e63130333b41e08d74f6b3a310a717658747bef727525627e07e98f7235af095187a3853ce018e249e40655e1360d5be83eb97446631739c195ce7b995f1e336b1ccdbdacb79f650d77822c2d3c784a3d125f587070ff05c869816f745fb698c700e13bb5dba7e44e8b03277cc37575775dd915ece149db592b5177559120cafe388e8b0737ab9f769b04a02c3b4c020dd4ff198705a96a01e1a80a48147c83df212d031552d6c7afc7c7ee4ed4aaac4a26d2f6cb60f3580af2d58d5973d3e7a0e29209bb6edfbbceda3ab2a79e9848430b1a58ae64ca0484b1058d3d3316f88458a453453a74d022e595a999c1264e8b6a650522ea986cb1f2bae70b3586801eb4f2084267469da0de31569a28234602bbdd23bf93b12f9aa90a899186b027304f4396f380a46167a9cc3653464c6099550fbc3e6a07de71d3c163e764ce2c0c7c5a2016b26eee2a764d6ee8,gx-no-cache=1520596424459 HTTP/1.1" 200 255
186.79.5.199 - - [09/Mar/2018:08:54:44 -0300] "GET /cormun/servlet/trlicencias? HTTP/1.1" 200 11862
186.79.5.199 - - [09/Mar/2018:08:54:44 -0300] "GET /cormun/static/gxcfg.js?20176272054169 HTTP/1.1" 200 953
200.120.230.197 - - [09/Mar/2018:08:54:44 -0300] "GET /cormun/static/trlicencias.js?20176272054837 HTTP/1.1" 200 41883
186.79.5.199 - - [09/Mar/2018:08:54:46 -0300] "GET /cormun//static/Resources/PXToolsGridDisplay.png HTTP/1.1" 200 362
200.120.230.197 - - [09/Mar/2018:08:54:46 -0300] "GET /cormun/servlet/trlicencias? HTTP/1.1" 200 11856
200.120.230.197 - - [09/Mar/2018:08:54:46 -0300] "GET /cormun//static/Resources/PXToolsHeaderHelp.png HTTP/1.1" 200 4055
200.120.230.197 - - [09/Mar/2018:08:54:46 -0300] "GET /cormun//static/Resources/PXToolsActionPrint.png HTTP/1.1" 200 3317
186.79.5.199 - - [09/Mar/2018:08:54:46 -0300] "GET /cormun//static/Resources/PXToolsHeaderFavorites.png HTTP/1.1" 200 2744
186.103.157.246 - - [09/Mar/2018:08:55:05 -0300] "GET /cormun/servlet/solicitudot?f4f4683e63130333b41e08d74f6b3a319295764f1a4d7222ffe5832419428ef923b89c4877853de08ded459f747eb0718d956a3b147c13d9b7765deb5a91318b24e44ff484d7e7d546f80c207f1827586b65d4b35ad223e72222b4e25d91664643cb7fa494257b884e33a9bcb27687fbc4c6161f07f2ff1b6c95a05f2c3419fe13b5b2f9be3e0ec6e332a94645d8a0b82a8122293093ec7840773de12585f2db7b2e67373f17fd577fdb48c6a87063eef85645a1ab9059518cfa7d7d005e175c823099ff37235ee59e36f4458562d17fef04199bb9297df50166c3111a1382244e9fbc6b72c74c77b7225abd92dd8bd73044eb8a59f21aa6676c1482390c5f75b13229778edbee1d041b1a6cca9b993f19072b607e1a7147f80c66d5fe7b9074468df98815d83e0a61fc4b5f63f85cded91b86e96f7a9f0754352c95d847527bc01ed4b16a2c62b0a9a4f6d585bd4690aeb36194a1396140d7b6d1f24c3b7a5b24dbba1b01d1055c3948f8440d7d0f0fa16b813b2fe54fc8850d3001237eac30,gx-no-cache=1520596451563 HTTP/1.1" 200 30
186.103.157.246 - - [09/Mar/2018:08:55:16 -0300] "POST /cormun/servlet/solicitudot?gx-no-cache=1520596462815 HTTP/1.1" 200 240
186.79.5.199 - - [09/Mar/2018:08:55:26 -0300] "GET /cormun/servlet/trsolicitudot? HTTP/1.1" 200 9331
186.103.157.246 - - [09/Mar/2018:08:55:27 -0300] "POST /cormun/servlet/solicitudot?gx-no-cache=1520596474719 HTTP/1.1" 200 298
186.79.5.199 - - [09/Mar/2018:08:55:29 -0300] "GET /cormun/servlet/trsolicitudot? HTTP/1.1" 200 9331
186.79.5.199 - - [09/Mar/2018:08:55:34 -0300] "GET /cormun/servlet/solicitudot?INS,0,0, HTTP/1.1" 200 13670
186.79.5.199 - - [09/Mar/2018:08:55:35 -0300] "GET /cormun/servlet/solicitudot?INS,0,0, HTTP/1.1" 200 13675
186.79.5.199 - - [09/Mar/2018:08:55:47 -0300] "POST /cormun/servlet/solicitudot?gx-no-cache=1520596500171 HTTP/1.1" 200 3284
186.103.157.246 - - [09/Mar/2018:08:55:48 -0300] "GET /cormun/servlet/solicitudot?f4f4683e63130333b41e08d74f6b3a319295764f1a4d7222ffe5832419428ef9388a6044bc11cefc9b473883f8f70c6a8d956a3b147c13d9b7765deb5a91318b24e44ff484d7e7d546f80c207f1827586b65d4b35ad223e72222b4e25d91664643cb7fa494257b884e33a9bcb27687fbc4c6161f07f2ff1b6c95a05f2c3419fe13b5b2f9be3e0ec6e332a94645d8a0b82a8122293093ec7840773de12585f2db7b2e67373f17fd577fdb48c6a87063eef85645a1ab9059518cfa7d7d005e175c823099ff37235ee59e36f4458562d17fef04199bb9297df50166c3111a1382244e9fbc6b72c74c77b7225abd92dd8bd79a180fbd31d585d6596731f78a5e5aa1b13229778edbee1d041b1a6cca9b993f4b84d135ba365cf0721329a1de50db411a9ab157be5b5009d5e153f56b4b61129e9b917d4c912c7a86a2a4d44b426f1d1441945848b4a667717280c21366c0c2ec38fbce8f9ad1b208170e41270296778c228b195671478516147cb4c96e08827651e98bc94159fca98bdfbb323ec5e27087f161f46f4c519c70704c801000d5,gx-no-cache=1520596494782 HTTP/1.1" 200 30
186.79.5.199 - - [09/Mar/2018:08:55:48 -0300] "POST /cormun/servlet/solicitudot?1b60448f3c2d72a6bbc5df5748ad8465,INS,0,0,,gx-no-cache=1520596500928 HTTP/1.1" 200 10441
186.79.5.199 - - [09/Mar/2018:08:55:51 -0300] "GET /cormun/servlet/solicitudot?60a4dcbb587529e8855b10ae7f2dc8b2b43ee1d1ba37c5ce79c67a1847a8971b7a08cac46ab48408f8395d4cef09fb1a,gx-no-cache=1520596504675 HTTP/1.1" 200 30
186.103.157.246 - - [09/Mar/2018:08:55:54 -0300] "POST /cormun/servlet/solicitudot?gx-no-cache=1520596504032 HTTP/1.1" 200 30
192.168.10.50 - - [09/Mar/2018:08:55:55 -0300] "POST /cormun/servlet/trsolicitudgral?ce049adf1501c0d489570ce6ebc8646f,,gx-no-cache=1520596393726 HTTP/1.1" 200 8718
186.103.157.246 - - [09/Mar/2018:08:55:58 -0300] "POST /cormun/servlet/solicitudot?gx-no-cache=1520596510235 HTTP/1.1" 200 1331
186.103.157.246 - - [09/Mar/2018:08:55:59 -0300] "POST /cormun/servlet/solicitudot?gx-no-cache=1520596511402 HTTP/1.1" 200 38
192.168.10.56 - - [09/Mar/2018:08:56:07 -0300] "GET /cormun/servlet/solicitudgral?UPD,2018,9607, HTTP/1.1" 200 12975
192.168.10.56 - - [09/Mar/2018:08:56:08 -0300] "GET /cormun/servlet/solicitudgral?UPD,2018,9607, HTTP/1.1" 200 12984
192.168.10.56 - - [09/Mar/2018:08:56:08 -0300] "POST /cormun/servlet/solicitudgral?gx-no-cache=1520596406642 HTTP/1.1" 200 3900
192.168.10.56 - - [09/Mar/2018:08:56:08 -0300] "GET /cormun/servlet/solicitudgral?b3ce022a31f8c71ccde95f6be9cdb7cf123ed747e2315fabc7bacf75fcbc7ad623746434d27fdc95bc3130eb5a90359dc84823b4e2593500ac9c14941171444744d5ec1625883714bd554285740d50dc34f0a79f2476bd9934f831a9affd637abc1f1eaf16f7cb775a2e1f2bfb2304d882924fcadc4bf9f149a9f25093794eb4e315c6259ffca448b6566c83411bbef873e2f29cdc905c06df4452d81ef898bcacfddc6c03ee702e0577e9da5e68dc202416a6987d83fd59384ac526af3bd1b98a1df5d49fd1b6c49d2b2ff57ce9b3638585edaad395c82d92fa7e9dec5939d11f01c30405a735ae1da9f61d6804c977c4963eb8e17fa972dcec144e041253aa6dbecc37c972bdaca1175d177f1db3ef07000578caa85313f13c7f2efe06231d9708159272b11075cdfee5d034e63066d97fc770b8cc0a3a2d4eee33fa11c7dffd0bce794169d118e55be264df9d4d89,gx-no-cache=1520596406769 HTTP/1.1" 200 255
192.168.10.56 - - [09/Mar/2018:08:56:09 -0300] "GET /cormun/servlet/solicitudgral?b3ce022a31f8c71ccde95f6be9cdb7cfa1ecd465ee3277b2830322d90c6a9f0d4cbbd5d97408d58e9de38ef7c2d6be2e826efdebe301cef190370f5cc747ac690cffb5f4b696b979965b2d674dedba24350ee6e9b2a9e366a6e04a14dea57e4eb4c565329e86d2ea5b7ba3b0fbbf8dfeef4d8b26976bf1df2b9f112d636fda106ef391b8d20f657e67b218cd9e8ec654d973acb415d91b8e5609fdb6c10e954c0d04942fa52166be55fbe2a741afb037a377fff66e8d57f2972a339ed6877d790e136f06f1176ef2b4b5e9e8a92cab9ba72d9232be70ae7b19c34a6bc1042e418140fae10d94b14105e4674b819cccaf480321ad7463ff9ecbebaf93e2793d857fbcc82616752d699a6fa4e8c4b0455564c5cc1a8f9af91b07b23f8d062e1de8c3e11436cf105541af69e7e95fe120066fb6f2579bb3456264c8e4652154cbab3293f0c67e2396326325416f0538d13fb027e21236327f96af4cb88e40094d8f91a19997ea131685445592102da1bee7fc9dd717b90b9ad563817a3d12a38a73ba3a1846d7fe1fd18d745e53932eb4e36451aa8a5c5405db21f9508e0487db0a1dd2d4dce93d4477e11772d1a83fc26c,gx-no-cache=1520596407943 HTTP/1.1" 200 48
192.168.10.56 - - [09/Mar/2018:08:56:20 -0300] "POST /cormun/servlet/solicitudgral?11b9442431472047e4d7aecc8c7981a2,UPD,2018,9607,,gx-no-cache=1520596418007 HTTP/1.1" 200 11838
192.168.10.56 - - [09/Mar/2018:08:56:20 -0300] "GET /cormun/servlet/solicitudgral?b3ce022a31f8c71ccde95f6be9cdb7cf82d6ab2e2c86b6ac58f9e1ddfc7d1b87fa8f49f5da3c34209ab1285799ddbb2717055b52189b8300591f34b0445d73db84d69633ba5e01889aef02b74a934e490e253b89ef2799781dc5afa783e277549158dde329791f3fdc7127d342008a1eff543ff910dd1b11866a5b95850b64069bbfe1ef095172b9618a9c9ce32fc7521356cc90394ed2463380247488e8f403,gx-no-cache=1520596418236 HTTP/1.1" 200 29
192.168.10.56 - - [09/Mar/2018:08:56:20 -0300] "POST /cormun/servlet/solicitudgral?gx-no-cache=1520596418252 HTTP/1.1" 200 1297
192.168.10.56 - - [09/Mar/2018:08:56:20 -0300] "POST /cormun/servlet/solicitudgral?gx-no-cache=1520596418278 HTTP/1.1" 200 1219
192.168.10.56 - - [09/Mar/2018:08:56:20 -0300] "POST /cormun/servlet/solicitudgral?11b9442431472047e4d7aecc8c7981a2,UPD,2018,9607,,gx-no-cache=1520596418319 HTTP/1.1" 200 93
192.168.10.56 - - [09/Mar/2018:08:56:20 -0300] "GET /cormun/servlet/hpexe_return? HTTP/1.1" 200 1014
192.168.10.56 - - [09/Mar/2018:08:56:20 -0300] "GET /cormun/servlet/trsolicitudgral? HTTP/1.1" 200 12856
192.168.10.56 - - [09/Mar/2018:08:56:20 -0300] "GET /cormun/servlet/trsolicitudgral? HTTP/1.1" 200 12851
186.103.157.246 - - [09/Mar/2018:08:56:23 -0300] "GET /cormun/servlet/solicitudot?f4f4683e63130333b41e08d74f6b3a317d1de529a898a120a00e20c5e095e29cc1264e8b6a650522ea986cb1f2bae70b3586801eb4f2084267469da0de31569a952ad542a0ba3e2abd3da8074386ca9b,gx-no-cache=1520596535475 HTTP/1.1" 200 29
186.103.157.246 - - [09/Mar/2018:08:56:24 -0300] "POST /cormun/servlet/solicitudot?gx-no-cache=1520596535914 HTTP/1.1" 200 1317
186.103.157.246 - - [09/Mar/2018:08:56:28 -0300] "POST /cormun/servlet/solicitudot?gx-no-cache=1520596536940 HTTP/1.1" 200 1215
192.168.10.56 - - [09/Mar/2018:08:56:43 -0300] "POST /cormun/servlet/trsolicitudgral?11b9442431472047e4d7aecc8c7981a2,,gx-no-cache=1520596440923 HTTP/1.1" 200 9520
192.168.10.56 - - [09/Mar/2018:08:56:43 -0300] "GET /cormun/static/Shared/jqueryui/images/ui-bg_highlight-soft_100_c6c2c8_1x100.png HTTP/1.1" 404 1117
192.168.10.56 - - [09/Mar/2018:08:56:43 -0300] "GET /cormun/static/Shared/jqueryui/images/ui-icons_82798d_256x240.png HTTP/1.1" 404 1089
192.168.10.56 - - [09/Mar/2018:08:56:43 -0300] "GET /cormun/static/Shared/jqueryui/images/ui-bg_flat_55_fafafa_40x100.png HTTP/1.1" 404 1097
192.168.10.56 - - [09/Mar/2018:08:56:43 -0300] "GET /cormun/static/Shared/jqueryui/images/ui-icons_8d78a5_256x240.png HTTP/1.1" 404 1089
192.168.10.56 - - [09/Mar/2018:08:56:56 -0300] "GET /cormun/servlet/solicitudgral?UPD,2018,9604, HTTP/1.1" 200 12954
192.168.10.56 - - [09/Mar/2018:08:56:57 -0300] "GET /cormun/servlet/solicitudgral?UPD,2018,9604, HTTP/1.1" 200 12963
192.168.10.56 - - [09/Mar/2018:08:56:57 -0300] "POST /cormun/servlet/solicitudgral?gx-no-cache=1520596455924 HTTP/1.1" 200 3887
192.168.10.56 - - [09/Mar/2018:08:56:57 -0300] "GET /cormun/servlet/solicitudgral?b3ce022a31f8c71ccde95f6be9cdb7cf123ed747e2315fabc7bacf75fcbc7ad623746434d27fdc95bc3130eb5a90359dc84823b4e2593500ac9c14941171444744d5ec1625883714bd554285740d50dc34f0a79f2476bd9934f831a9affd637abc1f1eaf16f7cb775a2e1f2bfb2304d882924fcadc4bf9f149a9f25093794eb4e315c6259ffca448b6566c83411bbef873e2f29cdc905c06df4452d81ef898bcacfddc6c03ee702e0577e9da5e68dc202416a6987d83fd59384ac526af3bd1b98a1df5d49fd1b6c49d2b2ff57ce9b3638585edaad395c82d92fa7e9dec5939d11f01c30405a735ae1da9f61d6804c977c4963eb8e17fa972dcec144e041253aa6dbecc37c972bdaca1175d177f1db3ef07000578caa85313f13c7f2efe06231d9708159272b11075cdfee5d034e63066d97fc770b8cc0a3a2d4eee33fa11c7dffd0bce794169d118e55be264df9d4d89,gx-no-cache=1520596456058 HTTP/1.1" 200 255
192.168.10.56 - - [09/Mar/2018:08:56:59 -0300] "GET /cormun/servlet/solicitudgral?b3ce022a31f8c71ccde95f6be9cdb7cfa1ecd465ee3277b2830322d90c6a9f0d4cbbd5d97408d58e9de38ef7c2d6be2e826efdebe301cef190370f5cc747ac690cffb5f4b696b979965b2d674dedba24350ee6e9b2a9e366a6e04a14dea57e4eb4c565329e86d2ea5b7ba3b0fbbf8dfeef4d8b26976bf1df2b9f112d636fda106ef391b8d20f657e67b218cd9e8ec654d973acb415d91b8e5609fdb6c10e954c0d04942fa52166be55fbe2a741afb037a377fff66e8d57f2972a339ed6877d790e136f06f1176ef2b4b5e9e8a92cab9ba72d9232be70ae7b19c34a6bc1042e418140fae10d94b14105e4674b819cccaf480321ad7463ff9ecbebaf93e2793d857fbcc82616752d699a6fa4e8c4b0455564c5cc1a8f9af91b07b23f8d062e1de8c3e11436cf105541af69e7e95fe120066fb6f2579bb3456264c8e4652154cbab3293f0c67e2396326325416f0538d13fb027e21236327f96af4cb88e40094d8f91a19997ea131685445592102da1bee7fc9dd717b90b9ad563817a3d12a38a73ba3a1846d7fe1fd18d745e53932eb4e36451aa8a5c5405db21f9508e0487db0a1dd2d4dce93d4477e11772d1a83fc26c,gx-no-cache=1520596457583 HTTP/1.1" 200 48
192.168.10.62 - - [09/Mar/2018:08:57:00 -0300] "GET /cormun/servlet/hlogin HTTP/1.1" 200 1720
192.168.10.56 - - [09/Mar/2018:08:57:05 -0300] "POST /cormun/servlet/solicitudgral?11b9442431472047e4d7aecc8c7981a2,UPD,2018,9604,,gx-no-cache=1520596463084 HTTP/1.1" 200 11812
192.168.10.56 - - [09/Mar/2018:08:57:05 -0300] "GET /cormun/servlet/solicitudgral?b3ce022a31f8c71ccde95f6be9cdb7cf82d6ab2e2c86b6ac58f9e1ddfc7d1b87fa8f49f5da3c34209ab1285799ddbb2717055b52189b8300591f34b0445d73db84d69633ba5e01889aef02b74a934e490e253b89ef2799781dc5afa783e277549158dde329791f3fdc7127d342008a1eff543ff910dd1b11866a5b95850b64069bbfe1ef095172b9618a9c9ce32fc7521356cc90394ed2463380247488e8f403,gx-no-cache=1520596463224 HTTP/1.1" 200 29
192.168.10.56 - - [09/Mar/2018:08:57:05 -0300] "POST /cormun/servlet/solicitudgral?gx-no-cache=1520596463239 HTTP/1.1" 200 1297
192.168.10.56 - - [09/Mar/2018:08:57:05 -0300] "POST /cormun/servlet/solicitudgral?gx-no-cache=1520596463266 HTTP/1.1" 200 1219
186.103.157.246 - - [09/Mar/2018:08:57:05 -0300] "GET /cormun/static/menuarrow.gif HTTP/1.1" 404 1015
186.103.157.246 - - [09/Mar/2018:08:57:13 -0300] "GET /cormun/servlet/solicitudot?f4f4683e63130333b41e08d74f6b3a31ef9cb099d5a587b24604042ad27977fc519d566ad74200e2f0d10c0224bf5c44,gx-no-cache=1520596585631 HTTP/1.1" 200 30
192.168.10.56 - - [09/Mar/2018:08:57:17 -0300] "POST /cormun/servlet/solicitudgral?11b9442431472047e4d7aecc8c7981a2,UPD,2018,9604,,gx-no-cache=1520596475972 HTTP/1.1" 200 93
192.168.10.56 - - [09/Mar/2018:08:57:17 -0300] "GET /cormun/servlet/hpexe_return? HTTP/1.1" 200 1014
192.168.10.56 - - [09/Mar/2018:08:57:18 -0300] "GET /cormun/servlet/trsolicitudgral? HTTP/1.1" 200 12551
192.168.10.56 - - [09/Mar/2018:08:57:18 -0300] "GET /cormun/servlet/trsolicitudgral? HTTP/1.1" 200 12546
200.120.230.197 - - [09/Mar/2018:08:57:20 -0300] "GET /cormun/servlet/prbanco?,MD,,gxPopupLevel%3D0%3B HTTP/1.1" 200 6674
192.168.10.62 - - [09/Mar/2018:08:57:21 -0300] "POST /cormun/servlet/hlogin?3ec639b3b2d30f75ee5dc68308b9fdb7,gx-no-cache=1520596479441 HTTP/1.1" 200 90
192.168.10.62 - - [09/Mar/2018:08:57:21 -0300] "GET /cormun/servlet/hpexe_link HTTP/1.1" 200 951
192.168.10.62 - - [09/Mar/2018:08:57:21 -0300] "GET /cormun/servlet/hhome HTTP/1.1" 200 4450
192.168.10.62 - - [09/Mar/2018:08:57:22 -0300] "GET /cormun/servlet/hhome HTTP/1.1" 200 4446
192.168.10.56 - - [09/Mar/2018:08:57:23 -0300] "POST /cormun/servlet/trsolicitudgral?11b9442431472047e4d7aecc8c7981a2,,gx-no-cache=1520596481153 HTTP/1.1" 200 9212
192.168.10.56 - - [09/Mar/2018:08:57:23 -0300] "GET /cormun/static/Shared/jqueryui/images/ui-bg_highlight-soft_100_c6c2c8_1x100.png HTTP/1.1" 404 1117
192.168.10.56 - - [09/Mar/2018:08:57:23 -0300] "GET /cormun/static/Shared/jqueryui/images/ui-icons_82798d_256x240.png HTTP/1.1" 404 1089
192.168.10.56 - - [09/Mar/2018:08:57:23 -0300] "GET /cormun/static/Shared/jqueryui/images/ui-bg_flat_55_fafafa_40x100.png HTTP/1.1" 404 1097
192.168.10.56 - - [09/Mar/2018:08:57:23 -0300] "GET /cormun/static/Shared/jqueryui/images/ui-icons_8d78a5_256x240.png HTTP/1.1" 404 1089
200.120.230.197 - - [09/Mar/2018:08:57:24 -0300] "GET /cormun/servlet/solicitudot?60a4dcbb587529e8855b10ae7f2dc8b23af040f7a8bf56edc3e66e3de467359342bdd9aba0f1ac3ef20ce07ea2060acba4247933114018f5b8d75c333fd6d77d,gx-no-cache=1520596597794 HTTP/1.1" 200 30
186.103.157.246 - - [09/Mar/2018:08:57:24 -0300] "POST /cormun/servlet/solicitudot?gx-no-cache=1520596596504 HTTP/1.1" 200 30
192.168.10.62 - - [09/Mar/2018:08:57:25 -0300] "GET /cormun/servlet/trsolicitudgral? HTTP/1.1" 200 27797
192.168.10.62 - - [09/Mar/2018:08:57:25 -0300] "GET /cormun/static/trsolicitudgral.js?201813119462015 HTTP/1.1" 304 -
200.120.230.197 - - [09/Mar/2018:08:57:26 -0300] "GET /cormun/servlet/solicitudot?60a4dcbb587529e8855b10ae7f2dc8b27310adf47a97a8ff0c5b883cdf6e893e,gx-no-cache=1520596599134 HTTP/1.1" 200 51
192.168.10.62 - - [09/Mar/2018:08:57:27 -0300] "GET /cormun/servlet/trsolicitudgral? HTTP/1.1" 200 27795
192.168.10.56 - - [09/Mar/2018:08:57:32 -0300] "POST /cormun/servlet/trsolicitudgral?11b9442431472047e4d7aecc8c7981a2,,gx-no-cache=1520596490702 HTTP/1.1" 200 8824
186.103.157.246 - - [09/Mar/2018:08:57:38 -0300] "POST /cormun/servlet/solicitudot?f03cea5932d8a9cd244afaec11ea49dc,INS,0,0,,gx-no-cache=1520596605873 HTTP/1.1" 200 11685
200.120.230.197 - - [09/Mar/2018:08:57:39 -0300] "POST /cormun/servlet/solicitudot?gx-no-cache=1520596611728 HTTP/1.1" 200 255
