200.72.197.82 - - [09/Mar/2018:13:33:32 -0300] "GET /cormun/servlet/hhome HTTP/1.1" 200 4067
200.54.247.70 - - [09/Mar/2018:13:33:34 -0300] "GET /cormun/servlet/prlicenciaspermisos?9178799,L,,MD,,gxPopupLevel%3D0%3B HTTP/1.1" 200 7808
200.54.247.70 - - [09/Mar/2018:13:33:34 -0300] "GET /cormun/static/gxcfg.js?20176272053834 HTTP/1.1" 304 -
200.72.197.82 - - [09/Mar/2018:13:33:43 -0300] "GET /cormun/servlet/trcontratosolicitud? HTTP/1.1" 200 11212
200.72.197.82 - - [09/Mar/2018:13:33:43 -0300] "GET /cormun/static/gxcfg.js?20177612214014 HTTP/1.1" 304 -
200.72.197.82 - - [09/Mar/2018:13:33:44 -0300] "GET /cormun/servlet/trcontratosolicitud? HTTP/1.1" 200 11211
200.54.247.70 - - [09/Mar/2018:13:33:48 -0300] "POST /cormun/servlet/solicitudot?gx-no-cache=1520613175703 HTTP/1.1" 200 1337
200.72.197.82 - - [09/Mar/2018:13:33:48 -0300] "GET /cormun/servlet/trautorizarsolicitud? HTTP/1.1" 200 7175
200.72.197.82 - - [09/Mar/2018:13:33:49 -0300] "GET /cormun/static/gxcfg.js?2017111423403364 HTTP/1.1" 304 -
200.72.197.82 - - [09/Mar/2018:13:33:49 -0300] "GET /cormun/servlet/trautorizarsolicitud? HTTP/1.1" 200 7175
186.103.161.206 - - [09/Mar/2018:13:33:52 -0300] "GET /cormun/static/menuarrow.gif HTTP/1.1" 404 1015
192.168.10.56 - - [09/Mar/2018:13:33:54 -0300] "POST /cormun/servlet/trsolicitudgral?a1ed7fcb57572e7c85abd44ff42e61e0,,gx-no-cache=1520613072650 HTTP/1.1" 200 6152
200.54.247.70 - - [09/Mar/2018:13:33:56 -0300] "POST /cormun/servlet/solicitudot?gx-no-cache=1520613183725 HTTP/1.1" 200 41
192.168.10.56 - - [09/Mar/2018:13:34:05 -0300] "GET /cormun/servlet/hlogin HTTP/1.1" 200 1736
186.103.161.206 - - [09/Mar/2018:13:34:07 -0300] "POST /cormun/servlet/trautorizarsolicitud?38957fcd4f346186d6276c661043bbec,,gx-no-cache=1520613197857 HTTP/1.1" 200 16091
200.54.247.70 - - [09/Mar/2018:13:34:07 -0300] "GET /cormun/servlet/solicitudot?6d9c1ccc7622b797feebcd4abe317db113900d8dc16b469dfebbcfc85e0c8f804fefd8ba1fce33bf8b395a3f2bba2b46a452f5933369b23d4bfbfe621dce5ffddec2ca4e9aee93eeb170b77ace06e3a20467d39659f76b84d650e9b09be6f6e9c5ea8654304a282582e621a1f361f089fe33e4154eb37a809e6c9bba1c25837bcedb4b1a06604c5a417c36b87af09fec46bbe89c121eb3d2a918e3412a70eaab,gx-no-cache=1520613194635 HTTP/1.1" 200 29
200.54.247.70 - - [09/Mar/2018:13:34:08 -0300] "POST /cormun/servlet/solicitudot?gx-no-cache=1520613195417 HTTP/1.1" 200 1319
200.54.247.70 - - [09/Mar/2018:13:34:08 -0300] "POST /cormun/servlet/solicitudot?gx-no-cache=1520613195617 HTTP/1.1" 200 1218
200.54.247.70 - - [09/Mar/2018:13:34:08 -0300] "GET /cormun/static/menuarrow.gif HTTP/1.1" 404 1015
200.54.247.70 - - [09/Mar/2018:13:34:10 -0300] "POST /cormun/servlet/solicitudot?gx-no-cache=1520613197694 HTTP/1.1" 200 1319
200.54.247.70 - - [09/Mar/2018:13:34:10 -0300] "POST /cormun/servlet/solicitudot?gx-no-cache=1520613197939 HTTP/1.1" 200 1218
192.168.10.56 - - [09/Mar/2018:13:34:14 -0300] "POST /cormun/servlet/hlogin?a1ed7fcb57572e7c85abd44ff42e61e0,gx-no-cache=1520613092736 HTTP/1.1" 200 90
192.168.10.56 - - [09/Mar/2018:13:34:14 -0300] "GET /cormun/servlet/hpexe_link HTTP/1.1" 200 948
192.168.10.56 - - [09/Mar/2018:13:34:14 -0300] "GET /cormun/servlet/hhome HTTP/1.1" 200 3828
192.168.10.56 - - [09/Mar/2018:13:34:15 -0300] "GET /cormun/servlet/hhome HTTP/1.1" 200 3824
200.54.247.70 - - [09/Mar/2018:13:34:15 -0300] "GET /cormun/servlet/solicitudot?6d9c1ccc7622b797feebcd4abe317db110c3f7e5898f72936c15c777e5317321f4f774df142c4b6565ae524282a0328f,gx-no-cache=1520613202536 HTTP/1.1" 200 30
200.54.247.70 - - [09/Mar/2018:13:34:16 -0300] "POST /cormun/servlet/solicitudot?gx-no-cache=1520613203815 HTTP/1.1" 200 120
200.54.247.70 - - [09/Mar/2018:13:34:16 -0300] "GET /cormun/static/Shared/jqueryui/images/ui-bg_flat_55_994d53_40x100.png HTTP/1.1" 404 1097
200.54.247.70 - - [09/Mar/2018:13:34:16 -0300] "GET /cormun/static/Shared/jqueryui/images/ui-icons_ebccce_256x240.png HTTP/1.1" 404 1089
200.54.247.70 - - [09/Mar/2018:13:34:16 -0300] "GET /cormun/static/Shared/jqueryui/images/ui-icons_82798d_256x240.png HTTP/1.1" 404 1089
192.168.10.56 - - [09/Mar/2018:13:34:17 -0300] "GET /cormun/servlet/trautorizarot? HTTP/1.1" 200 10623
200.54.247.70 - - [09/Mar/2018:13:34:17 -0300] "POST /cormun/servlet/solicitudot?8deb93ced69f9527d1ef1673652c44ad,INS,0,0,,gx-no-cache=1520613203921 HTTP/1.1" 200 11944
200.54.247.70 - - [09/Mar/2018:13:34:17 -0300] "GET /cormun/static/Shared/jqueryui/images/ui-bg_highlight-soft_100_c6c2c8_1x100.png HTTP/1.1" 404 1117
192.168.10.56 - - [09/Mar/2018:13:34:17 -0300] "GET /cormun/servlet/trautorizarot? HTTP/1.1" 200 10620
200.54.247.70 - - [09/Mar/2018:13:34:23 -0300] "POST /cormun/servlet/solicitudot?8deb93ced69f9527d1ef1673652c44ad,INS,0,0,,gx-no-cache=1520613206366 HTTP/1.1" 200 11999
192.168.10.62 - - [09/Mar/2018:13:34:25 -0300] "POST /cormun/servlet/trsolicitudgral?a3e59ce9ed21efa75bd259e76228584e,gx-no-cache=1520612533357,gx-no-cache=1520613102905 HTTP/1.1" 200 17641
192.168.10.56 - - [09/Mar/2018:13:34:27 -0300] "POST /cormun/servlet/trautorizarot?a1ed7fcb57572e7c85abd44ff42e61e0,,gx-no-cache=1520613105188 HTTP/1.1" 200 8918
200.54.247.70 - - [09/Mar/2018:13:34:30 -0300] "POST /cormun/servlet/solicitudot?8deb93ced69f9527d1ef1673652c44ad,INS,0,0,,gx-no-cache=1520613217007 HTTP/1.1" 200 12046
192.168.10.56 - - [09/Mar/2018:13:34:34 -0300] "POST /cormun/servlet/trautorizarot?a1ed7fcb57572e7c85abd44ff42e61e0,,gx-no-cache=1520613112300 HTTP/1.1" 200 5349
192.168.10.56 - - [09/Mar/2018:13:34:35 -0300] "GET /cormun/servlet/hlogin HTTP/1.1" 200 1734
186.67.203.186 - - [09/Mar/2018:13:34:41 -0300] "GET /cormun/servlet/hlogin HTTP/1.1" 200 1743
186.103.157.235 - - [09/Mar/2018:13:34:48 -0300] "GET /cormun/servlet/trcontratounov2? HTTP/1.1" 200 16529
186.103.157.235 - - [09/Mar/2018:13:34:48 -0300] "GET /cormun/servlet/trcontratounov2? HTTP/1.1" 200 16524
186.103.157.235 - - [09/Mar/2018:13:34:57 -0300] "GET /cormun/servlet/trvisualizadoreventos? HTTP/1.1" 200 7759
186.103.157.235 - - [09/Mar/2018:13:34:58 -0300] "GET /cormun/servlet/trvisualizadoreventos? HTTP/1.1" 200 7758
192.168.10.62 - - [09/Mar/2018:13:34:59 -0300] "GET /cormun/servlet/vesolicitudgral?2018,10282,, HTTP/1.1" 200 9048
192.168.10.62 - - [09/Mar/2018:13:34:59 -0300] "GET /cormun/pexe_scrolldiv.js HTTP/1.1" 404 1009
192.168.10.62 - - [09/Mar/2018:13:34:59 -0300] "GET /cormun/pexe_scrolldiv.js HTTP/1.1" 404 1009
192.168.10.62 - - [09/Mar/2018:13:34:59 -0300] "GET /cormun/servlet/vesolicitudgral?2018,10282,, HTTP/1.1" 200 9025
192.168.10.62 - - [09/Mar/2018:13:35:04 -0300] "POST /cormun/servlet/vesolicitudgral?a3e59ce9ed21efa75bd259e76228584e,2018,10282,,,gx-no-cache=1520613142144 HTTP/1.1" 200 116
192.168.10.62 - - [09/Mar/2018:13:35:04 -0300] "GET /cormun/servlet/solicitudotlog?INS,2018,10282,0,REC, HTTP/1.1" 200 6270
192.168.10.62 - - [09/Mar/2018:13:35:04 -0300] "GET /cormun/servlet/solicitudotlog?INS,2018,10282,0,REC, HTTP/1.1" 200 6265
192.168.10.62 - - [09/Mar/2018:13:35:04 -0300] "GET /cormun/servlet/solicitudotlog?1fd6da274e2641201cc62dad3faecf3d4d3d7bdd06fd5a0a5f1c05329cf4dace0ff1d409ebbadae513ef3cc5973c7dbc1288a656e339e5c5eaa20340fb3a0d9de818c43882a709fbab6fd99638ded0907dbd1c0b57feecfab33ba0ca82a9b7cd6045bf29161cb3333a66eaa14498d75a17de1c27790f113590186030e59183fbf32d3943f8da993c84496bb78440e761eb4625cb3fe7200f25d763366ea72859,gx-no-cache=1520613143035 HTTP/1.1" 200 94
192.168.10.62 - - [09/Mar/2018:13:35:16 -0300] "POST /cormun/servlet/solicitudotlog?a3e59ce9ed21efa75bd259e76228584e,INS,2018,10282,0,REC,,gx-no-cache=1520613154706 HTTP/1.1" 200 93
192.168.10.62 - - [09/Mar/2018:13:35:16 -0300] "GET /cormun/servlet/hpexe_return? HTTP/1.1" 200 1028
192.168.10.62 - - [09/Mar/2018:13:35:16 -0300] "GET /cormun/servlet/vesolicitudgral?2018,10282,, HTTP/1.1" 200 9037
192.168.10.62 - - [09/Mar/2018:13:35:16 -0300] "GET /cormun/pexe_scrolldiv.js HTTP/1.1" 404 1009
192.168.10.62 - - [09/Mar/2018:13:35:17 -0300] "GET /cormun/pexe_scrolldiv.js HTTP/1.1" 404 1009
192.168.10.62 - - [09/Mar/2018:13:35:17 -0300] "GET /cormun/servlet/vesolicitudgral?2018,10282,, HTTP/1.1" 200 9032
186.103.157.235 - - [09/Mar/2018:13:35:22 -0300] "GET /cormun/servlet/trsolicitudot? HTTP/1.1" 200 7442
186.103.157.235 - - [09/Mar/2018:13:35:23 -0300] "GET /cormun/servlet/trsolicitudot? HTTP/1.1" 200 7441
186.103.157.235 - - [09/Mar/2018:13:35:30 -0300] "GET /cormun/servlet/solicitudot?INS,0,0, HTTP/1.1" 200 13669
186.103.157.235 - - [09/Mar/2018:13:35:30 -0300] "GET /cormun/servlet/solicitudot?INS,0,0, HTTP/1.1" 200 13674
190.151.99.26 - - [09/Mar/2018:13:35:36 -0300] "GET /cormun/servlet/solicitudot?a9964e3e40c2dc518aa990fcc8f8409cefbb778c9d4533ead28ce51d16a06752465af686b233c35f4324636310c0e2b41246ca5ffc693b908a6b9c3dd48600ea,gx-no-cache=1520613286243 HTTP/1.1" 200 30
190.151.99.26 - - [09/Mar/2018:13:35:36 -0300] "GET /cormun/servlet/solicitudot?a9964e3e40c2dc518aa990fcc8f8409c81e1689ef0be92b29ef6089bc3557c0b,gx-no-cache=1520613286386 HTTP/1.1" 200 29
190.151.99.26 - - [09/Mar/2018:13:35:36 -0300] "POST /cormun/servlet/solicitudot?gx-no-cache=1520613286469 HTTP/1.1" 200 295
190.151.99.26 - - [09/Mar/2018:13:35:36 -0300] "GET /cormun/servlet/solicitudot?a9964e3e40c2dc518aa990fcc8f8409cb7424525f7d3ad8f09f8609193ccd216ee335aa0d0d7aad81b64d5f7253c73e49f9b4294b7e5d1fa8aa2d7a2f468332d7242cb7fbc80f71eb2374a9d32cb6a46684bb9c480592e259de3a1bd16aa3a0ca2f637080a3a353f0fd5a2eb7a9a7fe29b09450d2be04740d944ff4a7fa4b0976f5937b1525c62ae3e4805c38803b3afae02a4f988dd91bfc7dc5e7b8126436ebf11feae2083704015971cfcdc04f391e3ea85c1ed006f7018af14bc8573ac6e1c02b24c74da7d74c1410fda5f701717773abdad5f89dfc92b1159c8b4191e07bd9d05c5bf26585dc9491ee52faccaf496442cff5fa26bc4eedc6b0aee57934f8fd37e252d705bbfc903010f6fe9aff0759c745c007700941b0cc9b14507d3afab7a5c7c4e9e0ac2a49fefd756af39d96fb246eb82086fda497237a1c36f6b8e5420754e6191242753854b278929553b9558d41f99297ee69bb756c3660532e19538fc1e7c47d60cde38395c2f68ad77bf4154ed5a0c2a81aa84359066d217c0629f6253f4918cb338b3c3836fc32ef9,gx-no-cache=1520613286622 HTTP/1.1" 200 30
190.151.99.26 - - [09/Mar/2018:13:35:46 -0300] "POST /cormun/servlet/solicitudot?gx-no-cache=1520613296018 HTTP/1.1" 200 255
186.103.157.235 - - [09/Mar/2018:13:35:47 -0300] "GET /cormun/servlet/trsolicitudot? HTTP/1.1" 200 7442
186.103.157.235 - - [09/Mar/2018:13:35:48 -0300] "GET /cormun/servlet/trsolicitudot? HTTP/1.1" 200 7441
190.151.99.26 - - [09/Mar/2018:13:35:48 -0300] "GET /cormun/servlet/solicitudot?a9964e3e40c2dc518aa990fcc8f8409cb7424525f7d3ad8f09f8609193ccd216e06ce3b3ae599e1e32968ad667dca99e9f9b4294b7e5d1fa8aa2d7a2f468332d7242cb7fbc80f71eb2374a9d32cb6a46684bb9c480592e259de3a1bd16aa3a0ca2f637080a3a353f0fd5a2eb7a9a7fe29b09450d2be04740d944ff4a7fa4b0976f5937b1525c62ae3e4805c38803b3afae02a4f988dd91bfc7dc5e7b8126436ebf11feae2083704015971cfcdc04f391e3ea85c1ed006f7018af14bc8573ac6e1c02b24c74da7d74c1410fda5f701717773abdad5f89dfc92b1159c8b4191e07bd9d05c5bf26585dc9491ee52faccaf4a7a07debbeddfab6cd082c38c30915948fd37e252d705bbfc903010f6fe9aff0887bd88307df088caf1191d358e9b06534cbbf75a75c30334b6c3718ca08724086d3cc4a84e1bb1aa06aae27c0f6c441ae95d32fa4454c2001af340cd1602714d35c7eee7ab85faa7a2fc3d3708e007e7587d67852c9896d0819202955ed38c906566c89761558bc1c26237ed9893a67,gx-no-cache=1520613298043 HTTP/1.1" 200 30
190.151.99.26 - - [09/Mar/2018:13:35:55 -0300] "POST /cormun/servlet/solicitudot?gx-no-cache=1520613305490 HTTP/1.1" 200 298
190.151.99.26 - - [09/Mar/2018:13:36:01 -0300] "GET /cormun/servlet/solicitudot?a9964e3e40c2dc518aa990fcc8f8409cb7424525f7d3ad8f09f8609193ccd216ee335aa0d0d7aad81b64d5f7253c73e49f9b4294b7e5d1fa8aa2d7a2f468332d7242cb7fbc80f71eb2374a9d32cb6a46684bb9c480592e259de3a1bd16aa3a0ca2f637080a3a353f0fd5a2eb7a9a7fe29b09450d2be04740d944ff4a7fa4b0976f5937b1525c62ae3e4805c38803b3afae02a4f988dd91bfc7dc5e7b8126436ebf11feae2083704015971cfcdc04f391e3ea85c1ed006f7018af14bc8573ac6e1c02b24c74da7d74c1410fda5f701717773abdad5f89dfc92b1159c8b4191e07bd9d05c5bf26585dc9491ee52faccaf496442cff5fa26bc4eedc6b0aee57934f8fd37e252d705bbfc903010f6fe9aff0759c745c007700941b0cc9b14507d3afab7a5c7c4e9e0ac2a49fefd756af39d96fb246eb82086fda497237a1c36f6b8e5420754e6191242753854b278929553b9558d41f99297ee69bb756c3660532e19538fc1e7c47d60cde38395c2f68ad77bf4154ed5a0c2a81aa84359066d217c0629f6253f4918cb338b3c3836fc32ef9,gx-no-cache=1520613311366 HTTP/1.1" 200 30
190.151.99.26 - - [09/Mar/2018:13:36:06 -0300] "POST /cormun/servlet/solicitudot?gx-no-cache=1520613315913 HTTP/1.1" 200 30
190.151.99.26 - - [09/Mar/2018:13:36:06 -0300] "POST /cormun/servlet/solicitudot?gx-no-cache=1520613315999 HTTP/1.1" 200 1414
190.151.99.26 - - [09/Mar/2018:13:36:06 -0300] "POST /cormun/servlet/solicitudot?gx-no-cache=1520613316098 HTTP/1.1" 200 117
192.168.10.62 - - [09/Mar/2018:13:36:26 -0300] "POST /cormun/servlet/vesolicitudgral?a3e59ce9ed21efa75bd259e76228584e,2018,10282,,,gx-no-cache=1520613224011 HTTP/1.1" 200 93
192.168.10.62 - - [09/Mar/2018:13:36:26 -0300] "GET /cormun/servlet/hpexe_return? HTTP/1.1" 200 1034
192.168.10.62 - - [09/Mar/2018:13:36:26 -0300] "GET /cormun/servlet/trsolicitudgral?gx-no-cache=1520612533357 HTTP/1.1" 200 20428
192.168.10.62 - - [09/Mar/2018:13:36:27 -0300] "GET /cormun/servlet/trsolicitudgral?gx-no-cache=1520612533357 HTTP/1.1" 200 20443
152.231.70.146 - - [09/Mar/2018:13:36:29 -0300] "GET /cormun/servlet/solicitudot?a9964e3e40c2dc518aa990fcc8f8409c523ed3ee0c16abd18ab41b0c14b07de6f906ce4953fb43584b7f55d69d83962db944a2b5501d59294a9568f804dc83f9c140383850826289662ab21ecf02535d7f6fe22357ea180b2a1b65d40dcb6d26e6853d2d2b8d7f2e2cfff09168690ec9,gx-no-cache=1520613339365 HTTP/1.1" 200 29
152.231.70.146 - - [09/Mar/2018:13:36:29 -0300] "GET /cormun/servlet/solicitudot?a9964e3e40c2dc518aa990fcc8f8409c277d4c8b2b4f1cf2041c0d201aece1b8c39f98dca350bd21cf42a71aad00857e3fbff1e7ec6037257518c703837119f1f47a03e72156b977903eb38e18e38cad83e23674eb09d08d66b16fc46d57970f4467c09933b0fdbbca1ac7f5c70481d20695239fb3991b73f5d5a7c77ee5649f0edd4d3f1e81a3cc0128bf5eb10728713baa662261db6225c03abb170bf982ed7d557c23200be7fc3d8197b4058c7a2c714969e41cb7adef68cdcb8c53ee98d1,gx-no-cache=1520613339534 HTTP/1.1" 200 62
152.231.70.146 - - [09/Mar/2018:13:36:29 -0300] "GET /cormun/servlet/solicitudot?0efa8e2b70055f1dbcaabd1c29446ed5d6bbd3ea1e3ab1cf54054cb96b49f3d0ef3830e7c2c95b207f92aca7b4a3b31feab51d87e09bcdd5e18fb79932ee8ef9629f6253f4918cb338b3c3836fc32ef9,gx-no-cache=1520613339637 HTTP/1.1" 200 55
152.231.70.146 - - [09/Mar/2018:13:36:34 -0300] "GET /cormun/static/menuarrow.gif HTTP/1.1" 404 1015
152.231.70.146 - - [09/Mar/2018:13:36:36 -0300] "GET /cormun/servlet/solicitudot?a9964e3e40c2dc518aa990fcc8f8409cffb6d383261f64229bdddd2d674f4ead8d4e22b51fee2d08abc2bbde25de27c4,gx-no-cache=1520613346378 HTTP/1.1" 200 30
200.54.247.70 - - [09/Mar/2018:13:36:37 -0300] "GET /cormun/servlet/prlicenciaspermisos?9178799,L,,MD,,gxPopupLevel%3D0%3B HTTP/1.1" 200 7808
200.54.247.70 - - [09/Mar/2018:13:36:53 -0300] "POST /cormun/servlet/solicitudot?gx-no-cache=1520613360855 HTTP/1.1" 200 41
200.54.247.70 - - [09/Mar/2018:13:36:55 -0300] "POST /cormun/servlet/solicitudot?gx-no-cache=1520613362766 HTTP/1.1" 200 1319
200.54.247.70 - - [09/Mar/2018:13:36:55 -0300] "POST /cormun/servlet/solicitudot?gx-no-cache=1520613362854 HTTP/1.1" 200 1218
190.151.99.26 - - [09/Mar/2018:13:36:58 -0300] "GET /cormun/servlet/prfichaempleado?,MD,,gxPopupLevel%3D0%3B HTTP/1.1" 200 9354
200.54.247.70 - - [09/Mar/2018:13:37:00 -0300] "POST /cormun/servlet/solicitudot?gx-no-cache=1520613367304 HTTP/1.1" 200 1319
200.54.247.70 - - [09/Mar/2018:13:37:00 -0300] "POST /cormun/servlet/solicitudot?gx-no-cache=1520613368186 HTTP/1.1" 200 1218
200.54.247.70 - - [09/Mar/2018:13:37:03 -0300] "GET /cormun/servlet/solicitudot?6d9c1ccc7622b797feebcd4abe317db110c3f7e5898f72936c15c777e5317321cf3830936ff3c797348e28bee4a60bdf,gx-no-cache=1520613370647 HTTP/1.1" 200 30
200.54.247.70 - - [09/Mar/2018:13:37:03 -0300] "POST /cormun/servlet/solicitudot?gx-no-cache=1520613370698 HTTP/1.1" 200 34
200.54.247.70 - - [09/Mar/2018:13:37:03 -0300] "POST /cormun/servlet/solicitudot?8deb93ced69f9527d1ef1673652c44ad,INS,0,0,,gx-no-cache=1520613370769 HTTP/1.1" 200 93
200.54.247.70 - - [09/Mar/2018:13:37:03 -0300] "GET /cormun/servlet/hpexe_return? HTTP/1.1" 200 1001
200.54.247.70 - - [09/Mar/2018:13:37:04 -0300] "GET /cormun/servlet/trsolicitudot HTTP/1.1" 200 9385
190.151.99.26 - - [09/Mar/2018:13:37:09 -0300] "POST /cormun/servlet/prfichaempleado?02a88c073cf73cba9b5e34c694f3c51a,,MD,,gxPopupLevel%3D0%3B,gx-no-cache=1520613379159 HTTP/1.1" 200 3423
200.54.247.70 - - [09/Mar/2018:13:37:10 -0300] "POST /cormun/servlet/trsolicitudot?8deb93ced69f9527d1ef1673652c44ad,gx-no-cache=1520613377145 HTTP/1.1" 200 5835
200.54.247.70 - - [09/Mar/2018:13:37:10 -0300] "POST /cormun/servlet/trsolicitudot?8deb93ced69f9527d1ef1673652c44ad,gx-no-cache=1520613377813 HTTP/1.1" 200 5777
200.54.247.70 - - [09/Mar/2018:13:37:11 -0300] "GET /cormun/static/Shared/jqueryui/images/ui-icons_8d78a5_256x240.png HTTP/1.1" 404 1089
200.54.247.70 - - [09/Mar/2018:13:37:11 -0300] "GET /cormun/static/Shared/jqueryui/images/ui-icons_82798d_256x240.png HTTP/1.1" 404 1089
200.54.247.70 - - [09/Mar/2018:13:37:11 -0300] "GET /cormun/static/Shared/jqueryui/images/ui-bg_highlight-soft_100_c6c2c8_1x100.png HTTP/1.1" 404 1117
200.54.247.70 - - [09/Mar/2018:13:37:11 -0300] "GET /cormun/static/Shared/jqueryui/images/ui-bg_flat_55_fafafa_40x100.png HTTP/1.1" 404 1097
190.151.99.26 - - [09/Mar/2018:13:37:13 -0300] "POST /cormun/servlet/solicitudot?gx-no-cache=1520613383123 HTTP/1.1" 200 1336
200.54.247.70 - - [09/Mar/2018:13:37:15 -0300] "GET /cormun/servlet/trautorizarsolicitud? HTTP/1.1" 200 8749
190.151.99.26 - - [09/Mar/2018:13:37:21 -0300] "GET /cormun/servlet/prlicenciaspermisos?15730984,P,,MD,,gxPopupLevel%3D0%3B HTTP/1.1" 200 5548
190.151.99.26 - - [09/Mar/2018:13:37:21 -0300] "GET /cormun/static/gxcfg.js?20176272053834 HTTP/1.1" 200 953
190.151.99.26 - - [09/Mar/2018:13:37:21 -0300] "GET /cormun/static/prlicenciaspermisos.js?20176272054050 HTTP/1.1" 200 13379
186.67.84.236 - - [09/Mar/2018:13:38:23 -0300] "GET /cormun/servlet/prlicenciaspermisos?15730984,P,,MD,,gxPopupLevel%3D0%3B HTTP/1.1" 200 5548
200.54.247.70 - - [09/Mar/2018:13:38:39 -0300] "GET /cormun/servlet/trautorizarsolicitud? HTTP/1.1" 200 8750
200.54.247.70 - - [09/Mar/2018:13:39:00 -0300] "POST /cormun/servlet/trautorizarsolicitud?8deb93ced69f9527d1ef1673652c44ad,,gx-no-cache=1520613486160 HTTP/1.1" 200 4618
200.54.247.70 - - [09/Mar/2018:13:39:05 -0300] "POST /cormun/servlet/trautorizarsolicitud?8deb93ced69f9527d1ef1673652c44ad,,gx-no-cache=1520613492004 HTTP/1.1" 200 4377
190.151.99.26 - - [09/Mar/2018:13:39:05 -0300] "POST /cormun/servlet/solicitudot?gx-no-cache=1520613495115 HTTP/1.1" 200 255
200.54.247.70 - - [09/Mar/2018:13:39:05 -0300] "GET /cormun/static/Shared/jqueryui/images/ui-icons_8d78a5_256x240.png HTTP/1.1" 404 1089
200.54.247.70 - - [09/Mar/2018:13:39:07 -0300] "GET /cormun/static/Shared/jqueryui/images/ui-icons_82798d_256x240.png HTTP/1.1" 404 1089
200.54.247.70 - - [09/Mar/2018:13:39:07 -0300] "GET /cormun/static/Shared/jqueryui/images/ui-bg_highlight-soft_100_c6c2c8_1x100.png HTTP/1.1" 404 1117
200.54.247.70 - - [09/Mar/2018:13:39:08 -0300] "GET /cormun/static/Shared/jqueryui/images/ui-bg_flat_55_fafafa_40x100.png HTTP/1.1" 404 1097
190.151.99.26 - - [09/Mar/2018:13:39:10 -0300] "GET /cormun/servlet/solicitudot?a9964e3e40c2dc518aa990fcc8f8409cb7424525f7d3ad8f09f8609193ccd216e06ce3b3ae599e1e32968ad667dca99e9f9b4294b7e5d1fa8aa2d7a2f468332d7242cb7fbc80f71eb2374a9d32cb6a46684bb9c480592e259de3a1bd16aa3a0ca2f637080a3a353f0fd5a2eb7a9a7fe29b09450d2be04740d944ff4a7fa4b0976f5937b1525c62ae3e4805c38803b3afae02a4f988dd91bfc7dc5e7b8126436ebf11feae2083704015971cfcdc04f391e3ea85c1ed006f7018af14bc8573ac6e1c02b24c74da7d74c1410fda5f701717773abdad5f89dfc92b1159c8b4191e07bd9d05c5bf26585dc9491ee52faccaf4a7a07debbeddfab6cd082c38c30915948fd37e252d705bbfc903010f6fe9aff0887bd88307df088caf1191d358e9b06534cbbf75a75c30334b6c3718ca08724086d3cc4a84e1bb1aa06aae27c0f6c441ae95d32fa4454c2001af340cd1602714d35c7eee7ab85faa7a2fc3d3708e007e7587d67852c9896d0819202955ed38c906566c89761558bc1c26237ed9893a67,gx-no-cache=1520613500212 HTTP/1.1" 200 30
186.103.157.235 - - [09/Mar/2018:13:39:15 -0300] "GET /cormun/servlet/trfichaempleado? HTTP/1.1" 200 12817
186.103.132.155 - - [09/Mar/2018:13:40:07 -0300] "GET /cormun/servlet/hlogin HTTP/1.1" 200 1722
186.67.84.236 - - [09/Mar/2018:13:40:13 -0300] "POST /cormun/servlet/solicitudot?gx-no-cache=1520613563217 HTTP/1.1" 200 30
186.67.84.236 - - [09/Mar/2018:13:40:19 -0300] "POST /cormun/servlet/solicitudot?gx-no-cache=1520613569106 HTTP/1.1" 200 30
186.103.132.155 - - [09/Mar/2018:13:40:20 -0300] "POST /cormun/servlet/hlogin?5555082bb53955882e8969a74a889e2e,gx-no-cache=1520613569207 HTTP/1.1" 200 90
186.103.132.155 - - [09/Mar/2018:13:40:20 -0300] "GET /cormun/servlet/hpexe_link HTTP/1.1" 200 955
186.103.132.155 - - [09/Mar/2018:13:40:23 -0300] "GET /cormun/servlet/hhome HTTP/1.1" 200 4206
186.103.132.155 - - [09/Mar/2018:13:40:24 -0300] "GET /cormun/servlet/hhome HTTP/1.1" 200 4202
186.103.132.155 - - [09/Mar/2018:13:40:33 -0300] "GET /cormun/servlet/trautorizarsolicitud? HTTP/1.1" 200 7317
186.103.132.155 - - [09/Mar/2018:13:40:34 -0300] "GET /cormun/servlet/trautorizarsolicitud? HTTP/1.1" 200 7316
186.103.132.155 - - [09/Mar/2018:13:40:48 -0300] "POST /cormun/servlet/trautorizarsolicitud?5555082bb53955882e8969a74a889e2e,,gx-no-cache=1520613592823 HTTP/1.1" 200 11359
186.103.196.84 - - [09/Mar/2018:13:41:03 -0300] "POST /cormun/servlet/solicitudot?gx-no-cache=1520613613426 HTTP/1.1" 200 298
186.103.196.84 - - [09/Mar/2018:13:41:06 -0300] "GET /cormun/servlet/solicitudot?a9964e3e40c2dc518aa990fcc8f8409cb7424525f7d3ad8f09f8609193ccd216ee335aa0d0d7aad81b64d5f7253c73e49f9b4294b7e5d1fa8aa2d7a2f468332d7242cb7fbc80f71eb2374a9d32cb6a46684bb9c480592e259de3a1bd16aa3a0ca2f637080a3a353f0fd5a2eb7a9a7fe29b09450d2be04740d944ff4a7fa4b0976f5937b1525c62ae3e4805c38803b3afae02a4f988dd91bfc7dc5e7b8126436ebf11feae2083704015971cfcdc04f391e3ea85c1ed006f7018af14bc8573ac6e1c02b24c74da7d74c1410fda5f701717773abdad5f89dfc92b1159c8b4191e07bd9d05c5bf26585dc9491ee52faccaf432aa0bd51674f53f5fa6f1e733eb4f418fd37e252d705bbfc903010f6fe9aff0759c745c007700941b0cc9b14507d3afab7a5c7c4e9e0ac2a49fefd756af39d96fb246eb82086fda497237a1c36f6b8e5420754e6191242753854b278929553b9558d41f99297ee69bb756c3660532e19538fc1e7c47d60cde38395c2f68ad77bf4154ed5a0c2a81aa84359066d217c0629f6253f4918cb338b3c3836fc32ef9,gx-no-cache=1520613615347 HTTP/1.1" 200 30
186.103.196.84 - - [09/Mar/2018:13:41:08 -0300] "POST /cormun/servlet/solicitudot?gx-no-cache=1520613617762 HTTP/1.1" 200 30
186.67.203.186 - - [09/Mar/2018:13:41:55 -0300] "POST /cormun/servlet/trautorizarsolicitud?5555082bb53955882e8969a74a889e2e,,gx-no-cache=1520613619768 HTTP/1.1" 500 10
186.103.132.155 - - [09/Mar/2018:13:42:02 -0300] "GET /cormun/servlet/hhome HTTP/1.1" 200 4206
186.103.132.155 - - [09/Mar/2018:13:42:03 -0300] "GET /cormun/servlet/hhome HTTP/1.1" 200 4202
186.67.203.186 - - [09/Mar/2018:13:42:54 -0300] "GET /cormun/servlet/trvisualizadoreventos? HTTP/1.1" 200 6959
186.67.203.186 - - [09/Mar/2018:13:42:56 -0300] "GET /cormun/servlet/trvisualizadoreventos? HTTP/1.1" 200 6958
200.72.197.82 - - [09/Mar/2018:13:44:07 -0300] "GET /cormun/static/menuarrow.gif HTTP/1.1" 404 1015
186.103.132.155 - - [09/Mar/2018:13:44:10 -0300] "POST /cormun/servlet/trvisualizadoreventos?5555082bb53955882e8969a74a889e2e,,gx-no-cache=1520613798745 HTTP/1.1" 200 4141
200.72.197.82 - - [09/Mar/2018:13:44:18 -0300] "POST /cormun/servlet/trvisualizadoreventos?5555082bb53955882e8969a74a889e2e,,gx-no-cache=1520613804459 HTTP/1.1" 200 5727
200.72.197.82 - - [09/Mar/2018:13:44:27 -0300] "POST /cormun/servlet/trvisualizadoreventos?5555082bb53955882e8969a74a889e2e,,gx-no-cache=1520613816158 HTTP/1.1" 200 5731
200.111.122.170 - - [09/Mar/2018:13:44:51 -0300] "GET /cormun/servlet/trsolicitudot? HTTP/1.1" 200 7418
200.111.122.170 - - [09/Mar/2018:13:44:53 -0300] "GET /cormun/servlet/trsolicitudot? HTTP/1.1" 200 7417
200.111.122.170 - - [09/Mar/2018:13:44:56 -0300] "GET /cormun/servlet/solicitudot?INS,0,0, HTTP/1.1" 200 13652
200.111.122.170 - - [09/Mar/2018:13:44:57 -0300] "GET /cormun/servlet/solicitudot?INS,0,0, HTTP/1.1" 200 13657
186.103.132.155 - - [09/Mar/2018:13:45:21 -0300] "POST /cormun/servlet/solicitudot?5555082bb53955882e8969a74a889e2e,INS,0,0,,gx-no-cache=1520613865474 HTTP/1.1" 200 93
186.103.132.155 - - [09/Mar/2018:13:45:21 -0300] "GET /cormun/servlet/hpexe_return? HTTP/1.1" 200 1011
186.103.132.155 - - [09/Mar/2018:13:45:22 -0300] "GET /cormun/servlet/trsolicitudot HTTP/1.1" 200 7421
186.103.132.155 - - [09/Mar/2018:13:45:23 -0300] "GET /cormun/servlet/trsolicitudot HTTP/1.1" 200 7417
190.151.100.218 - - [09/Mar/2018:13:45:28 -0300] "GET /cormun/servlet/trautorizarsolicitud? HTTP/1.1" 200 14223
190.151.100.218 - - [09/Mar/2018:13:45:30 -0300] "GET /cormun/servlet/trautorizarsolicitud? HTTP/1.1" 200 14222
200.111.122.170 - - [09/Mar/2018:13:45:35 -0300] "GET /cormun/static/menuarrow.gif HTTP/1.1" 404 1015
200.111.122.170 - - [09/Mar/2018:13:45:39 -0300] "POST /cormun/servlet/trautorizarsolicitud?5555082bb53955882e8969a74a889e2e,,gx-no-cache=1520613887511 HTTP/1.1" 200 11374
186.103.132.155 - - [09/Mar/2018:13:46:13 -0300] "POST /cormun/servlet/trautorizarsolicitud?5555082bb53955882e8969a74a889e2e,,gx-no-cache=1520613921641 HTTP/1.1" 200 11373
186.103.132.155 - - [09/Mar/2018:13:46:28 -0300] "POST /cormun/servlet/trautorizarsolicitud?5555082bb53955882e8969a74a889e2e,,gx-no-cache=1520613935610 HTTP/1.1" 200 13892
190.151.124.170 - - [09/Mar/2018:13:46:54 -0300] "GET /cormun/servlet/prlicenciaspermisos?15730984,P,,MD,,gxPopupLevel%3D0%3B HTTP/1.1" 200 5548
190.151.124.170 - - [09/Mar/2018:13:46:58 -0300] "POST /cormun/servlet/solicitudot?gx-no-cache=1520613967754 HTTP/1.1" 200 1336
46.174.191.28 - - [09/Mar/2018:13:47:13 -0300] "GET / HTTP/1.0" 200 11197
190.151.100.218 - - [09/Mar/2018:13:47:41 -0300] "GET /cormun/servlet/trsolicitudot? HTTP/1.1" 200 7418
190.151.100.218 - - [09/Mar/2018:13:47:43 -0300] "GET /cormun/servlet/trsolicitudot? HTTP/1.1" 200 7417
190.151.100.218 - - [09/Mar/2018:13:47:48 -0300] "GET /cormun/servlet/solicitudot?INS,0,0, HTTP/1.1" 200 13652
190.151.100.218 - - [09/Mar/2018:13:47:51 -0300] "GET /cormun/servlet/solicitudot?INS,0,0, HTTP/1.1" 200 13657
186.103.132.155 - - [09/Mar/2018:13:47:55 -0300] "GET /cormun/servlet/prfichaempleado?,MD,,gxPopupLevel%3D0%3B HTTP/1.1" 200 9368
186.103.132.155 - - [09/Mar/2018:13:48:08 -0300] "POST /cormun/servlet/prfichaempleado?5555082bb53955882e8969a74a889e2e,,MD,,gxPopupLevel%3D0%3B,gx-no-cache=1520614036991 HTTP/1.1" 200 3484
186.103.132.155 - - [09/Mar/2018:13:48:12 -0300] "POST /cormun/servlet/solicitudot?gx-no-cache=1520614040391 HTTP/1.1" 200 3433
186.103.132.155 - - [09/Mar/2018:13:48:13 -0300] "POST /cormun/servlet/solicitudot?5555082bb53955882e8969a74a889e2e,INS,0,0,,gx-no-cache=1520614041335 HTTP/1.1" 200 10632
186.103.132.155 - - [09/Mar/2018:13:48:16 -0300] "GET /cormun/servlet/solicitudot?4d0316e63f17d5acb3e7aa4dd89b1a0ee68a3fd0875a12dc52bb262076191aac00837dba54349c08944ae209f9bcbefd,gx-no-cache=1520614045008 HTTP/1.1" 200 30
186.103.132.155 - - [09/Mar/2018:13:48:21 -0300] "GET /cormun/servlet/solicitudot?4d0316e63f17d5acb3e7aa4dd89b1a0e505f302c688e7c3a430a36e2257405e6c475fd60cc560c3dbba3e6d5100437c03d4c57d4c78b6e52c019b945a5efc2e2,gx-no-cache=1520614050411 HTTP/1.1" 200 30
186.103.132.155 - - [09/Mar/2018:13:48:22 -0300] "GET /cormun/servlet/solicitudot?4d0316e63f17d5acb3e7aa4dd89b1a0e962e393320f64138a00266cefb2210ca,gx-no-cache=1520614050579 HTTP/1.1" 200 51
186.103.132.155 - - [09/Mar/2018:13:48:22 -0300] "POST /cormun/servlet/solicitudot?gx-no-cache=1520614051105 HTTP/1.1" 200 297
186.103.132.155 - - [09/Mar/2018:13:48:22 -0300] "GET /cormun/servlet/solicitudot?4d0316e63f17d5acb3e7aa4dd89b1a0eff74b3940960eb21af183c07b20dffec2cd88b389825ddc21cac7b4322a49db5435eb7913d664c67f58b7f771ebd8efbfe1bc0087956836eaba3e3155beacbfb068a9034c19e91ace771dc9f95f97ff9c1776d0bab4b4593e7f74eaeefeb883ac93048580015da3824fa9b89280fcc9cb434f89ecd5905042132c222c495b4a6f36a321af8ef8c02ec95489fa4813cae9235c6b8d72668a48308ec7f0be3c05dc7b8cce00cf6e7e899a941ba5041505f777f929617a9f127e2d8052825860c47686a4dd541398eee75cd066da4b6ce4402eec3e9e8ea56aa96ecdf1e29d7c507a99e66cf88c2bb531685b1559c0a636961d89a8f40e8009de2e65c9165032e2ed48e1d45ff1d3a69345f7ba59a5aad9a900bd6a43d7f0d612113365c699fdcc164d2fa99f8bf3b776d209cac3e36a318abff8895531e22d060ea47296eb64dcb1c1e137f0357ab0f5f43e0f718a4f17a105dffb351a212621de2677bfae8d5a7910593155b12af0b28ca12edbcb92f7d76d24534a4e7a0360b36a3559d6821a7,gx-no-cache=1520614051600 HTTP/1.1" 200 30
200.54.18.125 - - [09/Mar/2018:13:48:30 -0300] "POST /cormun/servlet/solicitudot?02a88c073cf73cba9b5e34c694f3c51a,INS,0,0,,gx-no-cache=1520614059509 HTTP/1.1" 200 93
200.54.18.125 - - [09/Mar/2018:13:48:30 -0300] "GET /cormun/servlet/hpexe_return? HTTP/1.1" 200 1005
200.54.18.125 - - [09/Mar/2018:13:48:31 -0300] "GET /cormun/servlet/trsolicitudot HTTP/1.1" 200 9270
200.54.18.125 - - [09/Mar/2018:13:48:31 -0300] "GET /cormun/servlet/trsolicitudot HTTP/1.1" 200 9266
186.103.196.84 - - [09/Mar/2018:13:48:41 -0300] "GET /cormun/servlet/trsolicitudot? HTTP/1.1" 200 9266
186.103.196.84 - - [09/Mar/2018:13:48:41 -0300] "GET /cormun/servlet/trsolicitudot? HTTP/1.1" 200 9266
190.151.99.26 - - [09/Mar/2018:13:48:50 -0300] "GET /cormun/servlet/trpermisosingoceautorizar? HTTP/1.1" 200 6972
190.151.99.26 - - [09/Mar/2018:13:48:50 -0300] "GET /cormun/static/gxcfg.js?20175251281010 HTTP/1.1" 200 953
190.151.99.26 - - [09/Mar/2018:13:48:50 -0300] "GET /cormun/static/trpermisosingoceautorizar.js?20175251281518 HTTP/1.1" 200 32551
190.151.99.26 - - [09/Mar/2018:13:48:51 -0300] "GET /cormun/servlet/trpermisosingoceautorizar? HTTP/1.1" 200 6972
200.54.18.125 - - [09/Mar/2018:13:48:51 -0300] "POST /cormun/servlet/acontrolpreferencessavestate?None,ECONTRERAS,true HTTP/1.1" 200 35
200.54.18.125 - - [09/Mar/2018:13:48:55 -0300] "GET /cormun/servlet/trsolicitudot? HTTP/1.1" 200 9272
200.54.18.125 - - [09/Mar/2018:13:48:56 -0300] "GET /cormun/servlet/trsolicitudot? HTTP/1.1" 200 9271
200.72.197.82 - - [09/Mar/2018:13:48:58 -0300] "POST /cormun/servlet/solicitudot?gx-no-cache=1520614086609 HTTP/1.1" 200 30
200.72.197.82 - - [09/Mar/2018:13:49:02 -0300] "GET /cormun/servlet/prcontratosol?14337438,,,,,MD,,gxPopupLevel%3D0%3B HTTP/1.1" 200 8635
190.151.124.170 - - [09/Mar/2018:13:49:13 -0300] "GET /cormun/servlet/trsolicitudot? HTTP/1.1" 200 9271
200.72.197.82 - - [09/Mar/2018:13:49:13 -0300] "POST /cormun/servlet/solicitudot?gx-no-cache=1520614102377 HTTP/1.1" 200 1337
200.72.197.82 - - [09/Mar/2018:13:49:13 -0300] "POST /cormun/servlet/solicitudot?gx-no-cache=1520614102597 HTTP/1.1" 200 38
190.151.124.170 - - [09/Mar/2018:13:49:14 -0300] "GET /cormun/servlet/trsolicitudot? HTTP/1.1" 200 9271
200.72.197.82 - - [09/Mar/2018:13:49:14 -0300] "GET /cormun/servlet/solicitudot?4d0316e63f17d5acb3e7aa4dd89b1a0e41da1d7d0f2e63afa8a0a9154b8de1333e51b2a825fabc81b596844386d441a1010cfcd6eaec9df8101960765c6479f1f7d7c10599af7823ce5d460bdd493406b3cb3d97973a5e2c9c35be6dece72f4fea2971c49bee1871bed90dcf93c3c904,gx-no-cache=1520614102754 HTTP/1.1" 200 29
200.72.197.82 - - [09/Mar/2018:13:49:14 -0300] "POST /cormun/servlet/solicitudot?gx-no-cache=1520614102907 HTTP/1.1" 200 1318
190.151.124.170 - - [09/Mar/2018:13:49:16 -0300] "GET /cormun/servlet/solicitudot?INS,0,0, HTTP/1.1" 200 13655
190.151.124.170 - - [09/Mar/2018:13:49:17 -0300] "GET /cormun/servlet/solicitudot?INS,0,0, HTTP/1.1" 200 13659
186.67.84.236 - - [09/Mar/2018:13:49:21 -0300] "GET /cormun/servlet/prfichaempleado?,MD,,gxPopupLevel%3D0%3B HTTP/1.1" 200 9359
200.72.197.82 - - [09/Mar/2018:13:49:24 -0300] "POST /cormun/servlet/solicitudot?gx-no-cache=1520614103602 HTTP/1.1" 200 1218
200.72.197.82 - - [09/Mar/2018:13:49:25 -0300] "GET /cormun/servlet/solicitudot?4d0316e63f17d5acb3e7aa4dd89b1a0e61ce989e3f0173f416842c418d91f53ad593f2b3c6442debee47ab23c1d88bb3,gx-no-cache=1520614114074 HTTP/1.1" 200 134
200.72.197.82 - - [09/Mar/2018:13:49:25 -0300] "GET /cormun/static/Shared/jqueryui/images/ui-bg_highlight-soft_100_c6c2c8_1x100.png HTTP/1.1" 404 1117
186.67.203.186 - - [09/Mar/2018:13:49:25 -0300] "GET /cormun/static/Shared/jqueryui/images/ui-icons_82798d_256x240.png HTTP/1.1" 404 1089
200.72.197.82 - - [09/Mar/2018:13:49:25 -0300] "GET /cormun/static/Shared/jqueryui/images/ui-bg_flat_55_994d53_40x100.png HTTP/1.1" 404 1097
200.72.197.82 - - [09/Mar/2018:13:49:26 -0300] "GET /cormun/static/Shared/jqueryui/images/ui-icons_ebccce_256x240.png HTTP/1.1" 404 1089
186.67.84.236 - - [09/Mar/2018:13:49:37 -0300] "POST /cormun/servlet/prfichaempleado?02a88c073cf73cba9b5e34c694f3c51a,,MD,,gxPopupLevel%3D0%3B,gx-no-cache=1520614126477 HTTP/1.1" 200 3426
200.72.197.82 - - [09/Mar/2018:13:49:41 -0300] "POST /cormun/servlet/solicitudot?gx-no-cache=1520614129296 HTTP/1.1" 200 1319
200.72.197.82 - - [09/Mar/2018:13:49:42 -0300] "POST /cormun/servlet/solicitudot?gx-no-cache=1520614130101 HTTP/1.1" 200 1218
200.72.197.82 - - [09/Mar/2018:13:49:43 -0300] "GET /cormun/static/menuarrow.gif HTTP/1.1" 404 1015
200.72.197.82 - - [09/Mar/2018:13:49:45 -0300] "POST /cormun/servlet/solicitudot?gx-no-cache=1520614134071 HTTP/1.1" 200 1319
200.72.197.82 - - [09/Mar/2018:13:49:46 -0300] "POST /cormun/servlet/solicitudot?gx-no-cache=1520614134570 HTTP/1.1" 200 1218
186.67.84.236 - - [09/Mar/2018:13:49:47 -0300] "POST /cormun/servlet/solicitudot?gx-no-cache=1520614135635 HTTP/1.1" 200 3422
186.67.84.236 - - [09/Mar/2018:13:49:47 -0300] "POST /cormun/servlet/solicitudot?02a88c073cf73cba9b5e34c694f3c51a,INS,0,0,,gx-no-cache=1520614136874 HTTP/1.1" 200 10540
186.67.84.236 - - [09/Mar/2018:13:49:48 -0300] "GET /cormun/servlet/solicitudot?a9964e3e40c2dc518aa990fcc8f8409cfbdbfc135436f317cb43362744263e262553d15bb6b7ce1ce780b64f34d1cc8e,gx-no-cache=1520614137682 HTTP/1.1" 200 30
186.67.84.236 - - [09/Mar/2018:13:49:48 -0300] "GET /cormun/servlet/solicitudot?a9964e3e40c2dc518aa990fcc8f8409c8546e66c0fbdf370bea78860a94b5bcf735daded4f542329d4f364c3ea3f7496891e811207d3e1f3cdcb3034984f4811,gx-no-cache=1520614138099 HTTP/1.1" 200 30
186.67.84.236 - - [09/Mar/2018:13:49:49 -0300] "GET /cormun/servlet/solicitudot?a9964e3e40c2dc518aa990fcc8f8409c181b33630adf6c6f395b7cbb3295c4b2,gx-no-cache=1520614138498 HTTP/1.1" 200 53
186.67.84.236 - - [09/Mar/2018:13:49:49 -0300] "POST /cormun/servlet/solicitudot?gx-no-cache=1520614138909 HTTP/1.1" 200 240
186.67.84.236 - - [09/Mar/2018:13:49:49 -0300] "POST /cormun/servlet/solicitudot?gx-no-cache=1520614139039 HTTP/1.1" 200 240
186.67.84.236 - - [09/Mar/2018:13:49:49 -0300] "GET /cormun/servlet/solicitudot?a9964e3e40c2dc518aa990fcc8f8409cb7424525f7d3ad8f09f8609193ccd216b1dcaed6ec933a5b127548a92f852f459f9b4294b7e5d1fa8aa2d7a2f468332d7242cb7fbc80f71eb2374a9d32cb6a46684bb9c480592e259de3a1bd16aa3a0ca2f637080a3a353f0fd5a2eb7a9a7fe29b09450d2be04740d944ff4a7fa4b0976f5937b1525c62ae3e4805c38803b3afae02a4f988dd91bfc7dc5e7b8126436ebf11feae2083704015971cfcdc04f391e3ea85c1ed006f7018af14bc8573ac6e1c02b24c74da7d74c1410fda5f701717773abdad5f89dfc92b1159c8b4191e07bd9d05c5bf26585dc9491ee52faccaf496442cff5fa26bc4eedc6b0aee57934f8fd37e252d705bbfc903010f6fe9aff0759c745c007700941b0cc9b14507d3afab7a5c7c4e9e0ac2a49fefd756af39d96fb246eb82086fda497237a1c36f6b8ee2364df22b647d284bf50860c7b7af1f42a174c3068dfa6926915ada5a5486daeb7dc025def75b570b87a64e02dba110329d2161451632c4cba9589a45371b4b,gx-no-cache=1520614139565 HTTP/1.1" 200 30
186.67.84.236 - - [09/Mar/2018:13:49:55 -0300] "POST /cormun/servlet/solicitudot?gx-no-cache=1520614144754 HTTP/1.1" 200 30
186.67.84.236 - - [09/Mar/2018:13:49:59 -0300] "GET /cormun/servlet/prfichaempleado?,MD,,gxPopupLevel%3D0%3B HTTP/1.1" 200 9359
200.72.197.82 - - [09/Mar/2018:13:50:05 -0300] "GET /cormun/servlet/solicitudot?4d0316e63f17d5acb3e7aa4dd89b1a0ea7807fcd725d042716cabc7d31105fbad593f2b3c6442debee47ab23c1d88bb3,gx-no-cache=1520614154353 HTTP/1.1" 200 30
186.67.84.236 - - [09/Mar/2018:13:50:09 -0300] "POST /cormun/servlet/prfichaempleado?02a88c073cf73cba9b5e34c694f3c51a,,MD,,gxPopupLevel%3D0%3B,gx-no-cache=1520614158590 HTTP/1.1" 200 3416
186.67.84.236 - - [09/Mar/2018:13:50:12 -0300] "POST /cormun/servlet/solicitudot?gx-no-cache=1520614162425 HTTP/1.1" 200 1336
186.67.84.236 - - [09/Mar/2018:13:50:15 -0300] "GET /cormun/servlet/prlicenciaspermisos?11171677,P,,MD,,gxPopupLevel%3D0%3B HTTP/1.1" 200 5541
200.72.197.82 - - [09/Mar/2018:13:50:26 -0300] "POST /cormun/servlet/solicitudot?gx-no-cache=1520614173485 HTTP/1.1" 200 33
186.67.84.236 - - [09/Mar/2018:13:50:29 -0300] "POST /cormun/servlet/solicitudot?gx-no-cache=1520614179429 HTTP/1.1" 200 41
200.72.197.82 - - [09/Mar/2018:13:50:29 -0300] "POST /cormun/servlet/solicitudot?5555082bb53955882e8969a74a889e2e,INS,0,0,,gx-no-cache=1520614174780 HTTP/1.1" 200 93
200.72.197.82 - - [09/Mar/2018:13:50:30 -0300] "GET /cormun/servlet/hpexe_return? HTTP/1.1" 200 1011
200.72.197.82 - - [09/Mar/2018:13:50:30 -0300] "GET /cormun/servlet/trsolicitudot HTTP/1.1" 200 8822
200.72.197.82 - - [09/Mar/2018:13:50:32 -0300] "GET /cormun/servlet/trsolicitudot HTTP/1.1" 200 8818
186.67.84.236 - - [09/Mar/2018:13:50:35 -0300] "GET /cormun/servlet/solicitudot?a9964e3e40c2dc518aa990fcc8f8409c523ed3ee0c16abd18ab41b0c14b07de6f906ce4953fb43584b7f55d69d83962db944a2b5501d59294a9568f804dc83f9c140383850826289662ab21ecf02535d7f6fe22357ea180b2a1b65d40dcb6d26e6853d2d2b8d7f2e2cfff09168690ec9,gx-no-cache=1520614185139 HTTP/1.1" 200 29
186.67.84.236 - - [09/Mar/2018:13:50:35 -0300] "POST /cormun/servlet/solicitudot?gx-no-cache=1520614185223 HTTP/1.1" 200 1318
186.67.84.236 - - [09/Mar/2018:13:50:36 -0300] "POST /cormun/servlet/solicitudot?gx-no-cache=1520614185641 HTTP/1.1" 200 1218
186.67.84.236 - - [09/Mar/2018:13:50:36 -0300] "GET /cormun/static/menuarrow.gif HTTP/1.1" 404 1015
186.67.84.236 - - [09/Mar/2018:13:50:38 -0300] "POST /cormun/servlet/solicitudot?gx-no-cache=1520614188101 HTTP/1.1" 200 1318
186.67.84.236 - - [09/Mar/2018:13:50:39 -0300] "POST /cormun/servlet/solicitudot?gx-no-cache=1520614188259 HTTP/1.1" 200 1218
186.67.84.236 - - [09/Mar/2018:13:50:46 -0300] "GET /cormun/servlet/solicitudot?a9964e3e40c2dc518aa990fcc8f8409c1af9b212a90f4e66893f7562c04071b130206efc8eb16d670e9ee4a8ad31437e,gx-no-cache=1520614195889 HTTP/1.1" 200 30
186.67.84.236 - - [09/Mar/2018:13:50:46 -0300] "POST /cormun/servlet/solicitudot?gx-no-cache=1520614195979 HTTP/1.1" 200 34
190.151.99.26 - - [09/Mar/2018:13:51:09 -0300] "POST /cormun/servlet/solicitudot?gx-no-cache=1520614219394 HTTP/1.1" 200 238
190.151.99.26 - - [09/Mar/2018:13:51:09 -0300] "GET /cormun/servlet/solicitudot?a9964e3e40c2dc518aa990fcc8f8409cb7424525f7d3ad8f09f8609193ccd216b1dcaed6ec933a5b127548a92f852f459f9b4294b7e5d1fa8aa2d7a2f468332d7242cb7fbc80f71eb2374a9d32cb6a46684bb9c480592e259de3a1bd16aa3a0ca2f637080a3a353f0fd5a2eb7a9a7fe29b09450d2be04740d944ff4a7fa4b0976f5937b1525c62ae3e4805c38803b3afae02a4f988dd91bfc7dc5e7b8126436ebf11feae2083704015971cfcdc04f391e3ea85c1ed006f7018af14bc8573ac6e1c02b24c74da7d74c1410fda5f701717773abdad5f89dfc92b1159c8b4191e07bd9d05c5bf26585dc9491ee52faccaf496442cff5fa26bc4eedc6b0aee57934f8fd37e252d705bbfc903010f6fe9aff0759c745c007700941b0cc9b14507d3afab7a5c7c4e9e0ac2a49fefd756af39d96fb246eb82086fda497237a1c36f6b8ee2364df22b647d284bf50860c7b7af1f42a174c3068dfa6926915ada5a5486daeb7dc025def75b570b87a64e02dba110d115a856934173ffa3634fd5b12007c2,gx-no-cache=1520614219531 HTTP/1.1" 200 30
190.151.99.26 - - [09/Mar/2018:13:51:09 -0300] "POST /cormun/servlet/solicitudot?gx-no-cache=1520614219600 HTTP/1.1" 200 30
190.151.99.26 - - [09/Mar/2018:13:51:10 -0300] "POST /cormun/servlet/solicitudot?gx-no-cache=1520614219696 HTTP/1.1" 200 1336
190.151.99.26 - - [09/Mar/2018:13:51:10 -0300] "POST /cormun/servlet/solicitudot?gx-no-cache=1520614219837 HTTP/1.1" 200 41
190.151.99.26 - - [09/Mar/2018:13:51:10 -0300] "POST /cormun/servlet/solicitudot?gx-no-cache=1520614219905 HTTP/1.1" 200 1318
190.151.99.26 - - [09/Mar/2018:13:51:10 -0300] "POST /cormun/servlet/solicitudot?gx-no-cache=1520614219995 HTTP/1.1" 200 1218
190.151.99.26 - - [09/Mar/2018:13:51:10 -0300] "GET /cormun/servlet/solicitudot?a9964e3e40c2dc518aa990fcc8f8409c1af9b212a90f4e66893f7562c04071b130206efc8eb16d670e9ee4a8ad31437e,gx-no-cache=1520614220062 HTTP/1.1" 200 30
190.151.99.26 - - [09/Mar/2018:13:51:10 -0300] "POST /cormun/servlet/solicitudot?gx-no-cache=1520614220129 HTTP/1.1" 200 34
190.151.99.26 - - [09/Mar/2018:13:51:10 -0300] "POST /cormun/servlet/solicitudot?02a88c073cf73cba9b5e34c694f3c51a,INS,0,0,,gx-no-cache=1520614220213 HTTP/1.1" 200 93
190.151.99.26 - - [09/Mar/2018:13:51:10 -0300] "GET /cormun/servlet/hpexe_return? HTTP/1.1" 200 1005
190.151.99.26 - - [09/Mar/2018:13:51:11 -0300] "GET /cormun/servlet/trsolicitudot HTTP/1.1" 200 9275
190.151.99.26 - - [09/Mar/2018:13:51:11 -0300] "GET /cormun/servlet/trsolicitudot HTTP/1.1" 200 9271
190.151.124.170 - - [09/Mar/2018:13:51:21 -0300] "POST /cormun/servlet/trsolicitudot?02a88c073cf73cba9b5e34c694f3c51a,gx-no-cache=1520614230013 HTTP/1.1" 200 6428
186.103.196.84 - - [09/Mar/2018:13:51:45 -0300] "POST /cormun/servlet/trsolicitudot?02a88c073cf73cba9b5e34c694f3c51a,gx-no-cache=1520614253206 HTTP/1.1" 200 5860
186.103.196.84 - - [09/Mar/2018:13:51:45 -0300] "GET /cormun/static/Shared/jqueryui/images/ui-bg_highlight-soft_100_c6c2c8_1x100.png HTTP/1.1" 404 1117
190.151.124.170 - - [09/Mar/2018:13:51:45 -0300] "GET /cormun/static/Shared/jqueryui/images/ui-bg_flat_55_fafafa_40x100.png HTTP/1.1" 404 1097
186.67.84.236 - - [09/Mar/2018:13:51:45 -0300] "GET /cormun/static/Shared/jqueryui/images/ui-icons_8d78a5_256x240.png HTTP/1.1" 404 1089
186.103.196.84 - - [09/Mar/2018:13:51:46 -0300] "POST /cormun/servlet/trsolicitudot?02a88c073cf73cba9b5e34c694f3c51a,gx-no-cache=1520614255240 HTTP/1.1" 200 5805
186.103.196.84 - - [09/Mar/2018:13:51:47 -0300] "GET /cormun/static/Shared/jqueryui/images/ui-icons_82798d_256x240.png HTTP/1.1" 404 1089
186.67.203.186 - - [09/Mar/2018:13:51:47 -0300] "POST /cormun/servlet/trsolicitudot?5555082bb53955882e8969a74a889e2e,gx-no-cache=1520614249631 HTTP/1.1" 200 11492
186.103.196.84 - - [09/Mar/2018:13:52:09 -0300] "POST /cormun/servlet/trsolicitudot?02a88c073cf73cba9b5e34c694f3c51a,gx-no-cache=1520614262979 HTTP/1.1" 200 6855
200.111.122.170 - - [09/Mar/2018:13:52:09 -0300] "POST /cormun/servlet/trsolicitudot?5555082bb53955882e8969a74a889e2e,gx-no-cache=1520614272377 HTTP/1.1" 200 5882
190.151.99.26 - - [09/Mar/2018:13:52:35 -0300] "POST /cormun/servlet/trsolicitudot?02a88c073cf73cba9b5e34c694f3c51a,gx-no-cache=1520614304460 HTTP/1.1" 200 6831
190.151.99.26 - - [09/Mar/2018:13:52:39 -0300] "POST /cormun/servlet/trsolicitudot?02a88c073cf73cba9b5e34c694f3c51a,gx-no-cache=1520614308019 HTTP/1.1" 200 6831
190.151.99.26 - - [09/Mar/2018:13:52:40 -0300] "POST /cormun/servlet/trsolicitudot?02a88c073cf73cba9b5e34c694f3c51a,gx-no-cache=1520614309835 HTTP/1.1" 200 6832
190.151.99.26 - - [09/Mar/2018:13:52:50 -0300] "POST /cormun/servlet/trsolicitudot?02a88c073cf73cba9b5e34c694f3c51a,gx-no-cache=1520614319067 HTTP/1.1" 200 5794
190.151.99.26 - - [09/Mar/2018:13:53:00 -0300] "POST /cormun/servlet/trsolicitudot?02a88c073cf73cba9b5e34c694f3c51a,gx-no-cache=1520614327531 HTTP/1.1" 200 4472
190.151.99.26 - - [09/Mar/2018:13:53:16 -0300] "GET /cormun/servlet/trcontratounov2? HTTP/1.1" 200 14946
152.231.70.146 - - [09/Mar/2018:13:53:16 -0300] "GET /cormun/static/Resources/PXToolsAddSelectedAction.png HTTP/1.1" 200 3660
152.231.70.146 - - [09/Mar/2018:13:53:16 -0300] "GET /cormun/static/trcontratounov2.js?201752512125146 HTTP/1.1" 200 38486
190.151.99.26 - - [09/Mar/2018:13:53:16 -0300] "GET /cormun/static/gxcfg.js?201752512124396 HTTP/1.1" 200 953
190.151.99.26 - - [09/Mar/2018:13:53:17 -0300] "GET /cormun/servlet/trcontratounov2? HTTP/1.1" 200 14951
186.67.203.186 - - [09/Mar/2018:13:53:30 -0300] "POST /cormun/servlet/trsolicitudot?5555082bb53955882e8969a74a889e2e,gx-no-cache=1520614351940 HTTP/1.1" 200 4720
186.67.203.186 - - [09/Mar/2018:13:53:30 -0300] "GET /cormun/static/Shared/jqueryui/images/ui-bg_highlight-soft_100_c6c2c8_1x100.png HTTP/1.1" 404 1117
190.151.100.218 - - [09/Mar/2018:13:53:30 -0300] "GET /cormun/static/Shared/jqueryui/images/ui-icons_82798d_256x240.png HTTP/1.1" 404 1089
186.67.203.186 - - [09/Mar/2018:13:53:30 -0300] "GET /cormun/static/Shared/jqueryui/images/ui-bg_flat_55_fafafa_40x100.png HTTP/1.1" 404 1097
200.72.197.82 - - [09/Mar/2018:13:53:30 -0300] "GET /cormun/static/Shared/jqueryui/images/ui-icons_8d78a5_256x240.png HTTP/1.1" 404 1089
190.151.100.218 - - [09/Mar/2018:13:53:30 -0300] "POST /cormun/servlet/trsolicitudot?5555082bb53955882e8969a74a889e2e,gx-no-cache=1520614359104 HTTP/1.1" 200 4462
190.151.100.218 - - [09/Mar/2018:13:53:36 -0300] "GET /cormun/servlet/trautorizarsolicitud? HTTP/1.1" 200 16598
190.151.100.218 - - [09/Mar/2018:13:53:38 -0300] "GET /cormun/servlet/trautorizarsolicitud? HTTP/1.1" 200 16598
186.103.196.84 - - [09/Mar/2018:13:53:41 -0300] "GET /cormun/servlet/trcontratosolicitud? HTTP/1.1" 200 12022
186.103.196.84 - - [09/Mar/2018:13:53:41 -0300] "GET /cormun/static/gxcfg.js?20177612214014 HTTP/1.1" 200 953
186.103.196.84 - - [09/Mar/2018:13:53:41 -0300] "GET /cormun/static/trcontratosolicitud.js?20177612214349 HTTP/1.1" 200 28237
186.103.196.84 - - [09/Mar/2018:13:53:41 -0300] "GET /cormun/servlet/trcontratosolicitud? HTTP/1.1" 200 12024
186.103.196.84 - - [09/Mar/2018:13:53:42 -0300] "GET /cormun//static/Resources/PXToolsGridNew.png HTTP/1.1" 200 2949
200.72.197.82 - - [09/Mar/2018:13:53:49 -0300] "POST /cormun/servlet/trautorizarsolicitud?5555082bb53955882e8969a74a889e2e,,gx-no-cache=1520614377686 HTTP/1.1" 200 11372
192.168.10.62 - - [09/Mar/2018:13:53:59 -0300] "GET /cormun/servlet/hlogin HTTP/1.1" 200 1761
200.111.122.170 - - [09/Mar/2018:13:54:20 -0300] "POST /cormun/servlet/trautorizarsolicitud?5555082bb53955882e8969a74a889e2e,,gx-no-cache=1520614408886 HTTP/1.1" 200 4411
186.79.37.232 - - [09/Mar/2018:13:54:35 -0300] "GET /cormun/servlet/hlogin HTTP/1.1" 200 1720
186.79.37.232 - - [09/Mar/2018:13:54:51 -0300] "POST /cormun/servlet/hlogin?558606fc81ff088b0a12b2d5e272923e,gx-no-cache=1520610845529 HTTP/1.1" 200 90
186.79.37.232 - - [09/Mar/2018:13:54:51 -0300] "GET /cormun/servlet/hpexe_link HTTP/1.1" 200 946
186.79.37.232 - - [09/Mar/2018:13:54:52 -0300] "GET /cormun/servlet/hhome HTTP/1.1" 200 3979
186.79.37.232 - - [09/Mar/2018:13:54:52 -0300] "GET /cormun/servlet/hhome HTTP/1.1" 200 3976
186.103.132.155 - - [09/Mar/2018:13:54:54 -0300] "POST /cormun/servlet/trautorizarsolicitud?5555082bb53955882e8969a74a889e2e,,gx-no-cache=1520614441513 HTTP/1.1" 200 4410
186.79.37.232 - - [09/Mar/2018:13:54:55 -0300] "GET /cormun/servlet/trsolicitudot? HTTP/1.1" 200 8559
186.79.37.232 - - [09/Mar/2018:13:54:55 -0300] "GET /cormun/servlet/trsolicitudot? HTTP/1.1" 200 8556
186.79.37.232 - - [09/Mar/2018:13:55:03 -0300] "POST /cormun/servlet/trsolicitudot?558606fc81ff088b0a12b2d5e272923e,,gx-no-cache=1520610856327 HTTP/1.1" 200 107
186.79.37.232 - - [09/Mar/2018:13:55:03 -0300] "GET /cormun/servlet/trsolicitudadjuntos?2018,10370, HTTP/1.1" 200 8876
186.79.37.232 - - [09/Mar/2018:13:55:04 -0300] "GET /cormun/servlet/trsolicitudadjuntos?2018,10370, HTTP/1.1" 200 8877
186.79.37.232 - - [09/Mar/2018:13:55:07 -0300] "GET /cormun/servlet/solicitudotadjuntos?INS,2018,10370,,1, HTTP/1.1" 200 6024
186.103.132.155 - - [09/Mar/2018:13:55:07 -0300] "POST /cormun/servlet/trautorizarsolicitud?5555082bb53955882e8969a74a889e2e,,gx-no-cache=1520614455952 HTTP/1.1" 200 11373
186.79.37.232 - - [09/Mar/2018:13:55:07 -0300] "GET /cormun/static/about:blank HTTP/1.1" 404 1011
186.79.37.232 - - [09/Mar/2018:13:55:08 -0300] "GET /cormun/servlet/solicitudotadjuntos?INS,2018,10370,,1, HTTP/1.1" 200 6017
186.79.37.232 - - [09/Mar/2018:13:55:08 -0300] "GET /cormun/servlet/solicitudotadjuntos?51ab096205cc2b9b6f652966d1964ad2c1d3beded6ee74e2b5516892343949e2320e9327a6daf400ebd7eb0c9742b96b,gx-no-cache=1520610862221 HTTP/1.1" 200 30
186.79.37.232 - - [09/Mar/2018:13:55:08 -0300] "POST /cormun/servlet/solicitudotadjuntos?558606fc81ff088b0a12b2d5e272923e,INS,2018,10370,,1,,gx-no-cache=1520610862340 HTTP/1.1" 200 3796
186.79.37.232 - - [09/Mar/2018:13:55:10 -0300] "POST /cormun/servlet/solicitudotadjuntos?558606fc81ff088b0a12b2d5e272923e,INS,2018,10370,,1,,gx-no-cache=1520610864415 HTTP/1.1" 200 93
186.79.37.232 - - [09/Mar/2018:13:55:10 -0300] "GET /cormun/servlet/hpexe_return? HTTP/1.1" 200 1023
186.79.37.232 - - [09/Mar/2018:13:55:11 -0300] "GET /cormun/servlet/trsolicitudadjuntos?2018,10370, HTTP/1.1" 200 8878
186.79.37.232 - - [09/Mar/2018:13:55:12 -0300] "GET /cormun/servlet/trsolicitudadjuntos?2018,10370, HTTP/1.1" 200 8878
186.79.37.232 - - [09/Mar/2018:13:55:16 -0300] "GET /cormun/servlet/solicitudotadjuntos?INS,2018,10370,,1, HTTP/1.1" 200 6024
186.79.37.232 - - [09/Mar/2018:13:55:16 -0300] "GET /cormun/static/about:blank HTTP/1.1" 404 1011
186.79.37.232 - - [09/Mar/2018:13:55:16 -0300] "GET /cormun/servlet/solicitudotadjuntos?INS,2018,10370,,1, HTTP/1.1" 200 6017
186.79.37.232 - - [09/Mar/2018:13:55:16 -0300] "GET /cormun/servlet/solicitudotadjuntos?51ab096205cc2b9b6f652966d1964ad2c1d3beded6ee74e2b5516892343949e2320e9327a6daf400ebd7eb0c9742b96b,gx-no-cache=1520610870589 HTTP/1.1" 200 30
186.79.37.232 - - [09/Mar/2018:13:55:17 -0300] "POST /cormun/servlet/solicitudotadjuntos?558606fc81ff088b0a12b2d5e272923e,INS,2018,10370,,1,,gx-no-cache=1520610870701 HTTP/1.1" 200 3796
186.79.37.232 - - [09/Mar/2018:13:55:22 -0300] "POST /cormun/servlet/solicitudotadjuntos?gx-no-cache=1520610876002 HTTP/1.1" 200 26
186.79.37.232 - - [09/Mar/2018:13:55:23 -0300] "GET /cormun/servlet/solicitudotadjuntos?51ab096205cc2b9b6f652966d1964ad206d147728a742fff65ba71f9a94b16ad,gx-no-cache=1520610877140 HTTP/1.1" 200 30
186.79.37.232 - - [09/Mar/2018:13:55:23 -0300] "GET /cormun/servlet/solicitudotadjuntos?51ab096205cc2b9b6f652966d1964ad206d147728a742fff65ba71f9a94b16ad,gx-no-cache=1520610877216 HTTP/1.1" 200 30
