192.168.10.56 - - [09/Mar/2018:08:14:01 -0300] "GET /cormun/servlet/trsolicitudgral? HTTP/1.1" 200 28158
186.103.159.187 - - [09/Mar/2018:08:14:06 -0300] "POST /cormun/servlet/hlogin?24350b14ad99398aa62c9f9b5b03e008,gx-no-cache=1520594091757 HTTP/1.1" 200 90
186.103.159.187 - - [09/Mar/2018:08:14:06 -0300] "GET /cormun/servlet/hpexe_link HTTP/1.1" 200 949
186.103.159.187 - - [09/Mar/2018:08:14:06 -0300] "GET /cormun/servlet/hhome HTTP/1.1" 200 3925
186.103.159.187 - - [09/Mar/2018:08:14:07 -0300] "GET /cormun/servlet/hhome HTTP/1.1" 200 3922
186.103.159.187 - - [09/Mar/2018:08:14:10 -0300] "GET /cormun/servlet/trsolicitudot? HTTP/1.1" 200 7136
200.54.247.70 - - [09/Mar/2018:08:14:11 -0300] "POST /cormun/servlet/solicitudot?gx-no-cache=1520593968277 HTTP/1.1" 500 4108
200.54.247.70 - - [09/Mar/2018:08:14:11 -0300] "GET /cormun/servlet/solicitudot?INS,0,0, HTTP/1.1" 200 13680
186.103.159.187 - - [09/Mar/2018:08:14:11 -0300] "GET /cormun/servlet/trsolicitudot? HTTP/1.1" 200 7135
186.103.159.187 - - [09/Mar/2018:08:14:13 -0300] "GET /cormun/servlet/solicitudot?INS,0,0, HTTP/1.1" 200 13381
186.103.159.187 - - [09/Mar/2018:08:14:16 -0300] "GET /cormun/servlet/solicitudot?INS,0,0, HTTP/1.1" 200 13386
192.168.10.56 - - [09/Mar/2018:08:14:20 -0300] "GET /cormun/static/menuarrow.gif HTTP/1.1" 404 1015
192.168.10.56 - - [09/Mar/2018:08:14:27 -0300] "POST /cormun/servlet/trsolicitudgral?11b9442431472047e4d7aecc8c7981a2,,gx-no-cache=1520593905863 HTTP/1.1" 200 11829
200.54.247.70 - - [09/Mar/2018:08:14:33 -0300] "POST /cormun/servlet/solicitudot?gx-no-cache=1520594020371 HTTP/1.1" 200 3386
200.54.247.70 - - [09/Mar/2018:08:14:34 -0300] "POST /cormun/servlet/solicitudot?13ef5604550b2c021b922d3a34069c89,INS,0,0,,gx-no-cache=1520594021333 HTTP/1.1" 200 10527
200.54.247.70 - - [09/Mar/2018:08:14:38 -0300] "GET /cormun/servlet/solicitudot?7bac6de4107cd1275093703b79230951700b68879881bed191f6ec11eeb665a6ae59abc83139d1ebe9c76ca2154b772f,gx-no-cache=1520594025661 HTTP/1.1" 200 30
200.54.247.70 - - [09/Mar/2018:08:14:38 -0300] "GET /cormun/servlet/solicitudot?7bac6de4107cd1275093703b79230951dafd20ae37cb79b94689f2d1f3f9be5e,gx-no-cache=1520594025740 HTTP/1.1" 200 103
200.54.247.70 - - [09/Mar/2018:08:14:38 -0300] "GET /cormun/servlet/solicitudot?7bac6de4107cd1275093703b79230951e3876d083a043d3a94ba610123a701e9,gx-no-cache=1520594025833 HTTP/1.1" 200 51
192.168.10.56 - - [09/Mar/2018:08:14:38 -0300] "POST /cormun/servlet/trsolicitudgral?11b9442431472047e4d7aecc8c7981a2,,gx-no-cache=1520593916553 HTTP/1.1" 200 11267
200.54.247.70 - - [09/Mar/2018:08:14:38 -0300] "POST /cormun/servlet/solicitudot?gx-no-cache=1520594026330 HTTP/1.1" 200 240
192.168.10.56 - - [09/Mar/2018:08:14:38 -0300] "GET /cormun/static/Shared/jqueryui/images/ui-bg_highlight-soft_100_c6c2c8_1x100.png HTTP/1.1" 404 1117
192.168.10.56 - - [09/Mar/2018:08:14:38 -0300] "GET /cormun/static/Shared/jqueryui/images/ui-icons_82798d_256x240.png HTTP/1.1" 404 1089
192.168.10.56 - - [09/Mar/2018:08:14:38 -0300] "GET /cormun/static/Shared/jqueryui/images/ui-bg_flat_55_fafafa_40x100.png HTTP/1.1" 404 1097
192.168.10.56 - - [09/Mar/2018:08:14:38 -0300] "GET /cormun/static/Shared/jqueryui/images/ui-icons_8d78a5_256x240.png HTTP/1.1" 404 1089
200.54.247.70 - - [09/Mar/2018:08:14:38 -0300] "GET /cormun/servlet/solicitudot?7bac6de4107cd1275093703b79230951bb92e07cc482bbc4d0eaac197e342a9844b4db7660e6a2290e2504df8a7894ee0c23faac51871f08fa33240f3abedc248b10fab6f521e83e9516fc5b48298ec73bef32e4c6440135bc4a14d2e5129f315a1723180c89dfcfaf5724b1913538458cc9220f35467bc59ac5822a58c7385bc4cf4945e35181334e4af6f286155228b08ebf14a822e4268bca253926df2208dbfab2dfd3fd09f827203fa28dfa70677e7299305a127ea59c480db635cce3e32b23ec880f4898565b27c240c79d8c6053d4256d12b323a81f259241d02d0788fcbadd63d1e731692e5c4fd6657447ef1d3969b6ea3d461f03826720f06b61946cba6cf3ab2408153658104ef0c40bec046057bcc42a7d8f8657826ed7a46783a87f396398a04d0154aefd02c077dc7d6b466f05a253d0ea0fbd649b0a4f58a777a1313a2caef63a71747a4fe7e91c77670ce4384a0ce1bbae179bf34458a556f1db880e6e23d3e4998a6320ab2c2bc0e329551f7be7cc7b0c0573ebab65b4fd,gx-no-cache=1520594026409 HTTP/1.1" 200 30
200.54.247.70 - - [09/Mar/2018:08:14:38 -0300] "GET /cormun/static/Shared/jqueryui/images/ui-bg_highlight-soft_100_c6c2c8_1x100.png HTTP/1.1" 404 1117
200.54.247.70 - - [09/Mar/2018:08:14:38 -0300] "GET /cormun/static/Shared/jqueryui/images/ui-icons_82798d_256x240.png HTTP/1.1" 404 1089
200.54.247.70 - - [09/Mar/2018:08:14:38 -0300] "GET /cormun/static/Shared/jqueryui/images/ui-bg_flat_55_994d53_40x100.png HTTP/1.1" 404 1097
200.54.247.70 - - [09/Mar/2018:08:14:38 -0300] "GET /cormun/static/Shared/jqueryui/images/ui-icons_ebccce_256x240.png HTTP/1.1" 404 1089
200.54.247.70 - - [09/Mar/2018:08:14:41 -0300] "POST /cormun/servlet/solicitudot?gx-no-cache=1520594029052 HTTP/1.1" 200 30
186.103.159.187 - - [09/Mar/2018:08:14:47 -0300] "POST /cormun/servlet/solicitudot?gx-no-cache=1520594131933 HTTP/1.1" 200 3375
186.103.159.187 - - [09/Mar/2018:08:14:48 -0300] "POST /cormun/servlet/solicitudot?24350b14ad99398aa62c9f9b5b03e008,INS,0,0,,gx-no-cache=1520594134010 HTTP/1.1" 200 10351
186.103.159.187 - - [09/Mar/2018:08:14:52 -0300] "GET /cormun/servlet/solicitudot?9269aea1c12f0942e63989b71251bafc91ba05ea3a33f638249fec6b4f127116c964a196ba16c8ce9b1637f275691264,gx-no-cache=1520594138634 HTTP/1.1" 200 30
186.103.159.187 - - [09/Mar/2018:08:14:52 -0300] "GET /cormun/servlet/solicitudot?9269aea1c12f0942e63989b71251bafc4d0614a7c7fa6fe50f149ce1d9668a303aa10dc20eac39bc6b66fe3ec674fa2f,gx-no-cache=1520594138743 HTTP/1.1" 200 103
186.103.159.187 - - [09/Mar/2018:08:14:52 -0300] "GET /cormun/static/Shared/jqueryui/images/ui-bg_highlight-soft_100_c6c2c8_1x100.png HTTP/1.1" 404 1117
186.103.159.187 - - [09/Mar/2018:08:14:52 -0300] "GET /cormun/static/Shared/jqueryui/images/ui-icons_ebccce_256x240.png HTTP/1.1" 404 1089
186.103.159.187 - - [09/Mar/2018:08:14:52 -0300] "GET /cormun/static/Shared/jqueryui/images/ui-icons_82798d_256x240.png HTTP/1.1" 404 1089
186.103.159.187 - - [09/Mar/2018:08:14:52 -0300] "GET /cormun/servlet/solicitudot?9269aea1c12f0942e63989b71251bafc90f20aa8da15c60db873bad19ba5cf09,gx-no-cache=1520594138866 HTTP/1.1" 200 51
186.103.159.187 - - [09/Mar/2018:08:14:52 -0300] "GET /cormun/static/Shared/jqueryui/images/ui-bg_flat_55_994d53_40x100.png HTTP/1.1" 404 1097
186.103.159.187 - - [09/Mar/2018:08:14:53 -0300] "POST /cormun/servlet/solicitudot?gx-no-cache=1520594138981 HTTP/1.1" 200 255
200.54.247.70 - - [09/Mar/2018:08:14:54 -0300] "POST /cormun/servlet/solicitudot?gx-no-cache=1520594041879 HTTP/1.1" 200 1337
186.103.159.187 - - [09/Mar/2018:08:14:54 -0300] "GET /cormun/servlet/solicitudot?9269aea1c12f0942e63989b71251bafcabaeb2edbf124bb488c945d8422d849cf0b68ac15c068492ba6eab5d774c26bcd3067884fd656914ebf976cc7e325460476754a193a0e4a212a894c9abfe60b67a60fb73abea4c6136feffd3ae657d01c494f01eaa7422a88b95ba77f1d45bb28703bc01c9c9151f8b670ba3ccad7dc4ad5d10a7a8f8516328e327bfec77e962fb7a4d1e1ff9ac72b2288170276a530897ded09aa98e4f7218bf06e1b76555a97b89036243df8eaad05857d6cd06f3e9a6767a0fa64dce4b9e84f0c67821a01add131a78db3466f826f3805bd9f48f5a56ebe3e3be91e1c9921437fdcfe582aac2747d5dc6d0cb7270d3946187c927ec5398c28e366372d59931329b1065bdd3015c57894f9935670538cecd6a1ec00180a5f78b19cfdd16fd865c67dd858299cc8b8bd4fcf43812dfaf30eee1d61a02e9e5d2816d33dfff27acd8ce0f31be4c4caeb2e2f196fa1c84950eeb0b4eb9c030ebb53477d25ca75f83df0b18791c68446d1c25252bdaf9a5a5c0262edcba61,gx-no-cache=1520594139831 HTTP/1.1" 200 30
200.54.247.70 - - [09/Mar/2018:08:14:55 -0300] "GET /cormun/static/menuarrow.gif HTTP/1.1" 404 1015
186.103.159.187 - - [09/Mar/2018:08:14:56 -0300] "POST /cormun/servlet/solicitudot?gx-no-cache=1520594142653 HTTP/1.1" 200 30
186.103.159.187 - - [09/Mar/2018:08:14:59 -0300] "POST /cormun/servlet/solicitudot?gx-no-cache=1520594145372 HTTP/1.1" 200 1337
186.103.159.187 - - [09/Mar/2018:08:15:00 -0300] "POST /cormun/servlet/solicitudot?gx-no-cache=1520594145493 HTTP/1.1" 200 38
186.103.159.187 - - [09/Mar/2018:08:15:05 -0300] "GET /cormun/servlet/solicitudot?9269aea1c12f0942e63989b71251bafc928f49a0f0cf923a9dd9b997959a215c0b3af0f8b8e13cbcc8097ec7c6de0e9b643b23469441387efa183ce720eba7c314b061dbb8d0bcfe42612d71020bd2aef0bc420e1f44bcb217e668d32de16a25326deb46ea98e02ab589653a0d68fb7284899f3c03164e19fcdd9aa60331ba7bf302d93ec620a661cf9ad3f8064b0d877c459a4cc6c631a39fb9cbea84cccfcd,gx-no-cache=1520594151297 HTTP/1.1" 200 29
186.103.159.187 - - [09/Mar/2018:08:15:05 -0300] "POST /cormun/servlet/solicitudot?gx-no-cache=1520594151381 HTTP/1.1" 200 1319
186.103.159.187 - - [09/Mar/2018:08:15:06 -0300] "POST /cormun/servlet/solicitudot?gx-no-cache=1520594152044 HTTP/1.1" 200 1218
186.103.159.187 - - [09/Mar/2018:08:15:07 -0300] "GET /cormun/static/menuarrow.gif HTTP/1.1" 404 1015
186.103.159.187 - - [09/Mar/2018:08:15:11 -0300] "POST /cormun/servlet/solicitudot?gx-no-cache=1520594154847 HTTP/1.1" 200 1319
186.103.159.187 - - [09/Mar/2018:08:15:11 -0300] "POST /cormun/servlet/solicitudot?gx-no-cache=1520594157242 HTTP/1.1" 200 1218
200.54.247.70 - - [09/Mar/2018:08:15:11 -0300] "POST /cormun/servlet/solicitudot?gx-no-cache=1520594059408 HTTP/1.1" 200 118
186.103.159.187 - - [09/Mar/2018:08:15:13 -0300] "GET /cormun/servlet/solicitudot?9269aea1c12f0942e63989b71251bafc37302e8de7a3332c696a4bece5419f20484d91bc4f06c88817729433e5c5bf33,gx-no-cache=1520594159302 HTTP/1.1" 200 30
186.103.157.246 - - [09/Mar/2018:08:15:24 -0300] "GET /cormun/servlet/trsolicitudot? HTTP/1.1" 200 7094
186.103.157.246 - - [09/Mar/2018:08:15:25 -0300] "GET /cormun/static/calendar-system.css?85620 HTTP/1.1" 200 5572
186.103.157.246 - - [09/Mar/2018:08:15:25 -0300] "GET /cormun/static/gxcfg.js?2017111422585916 HTTP/1.1" 200 953
186.103.157.246 - - [09/Mar/2018:08:15:25 -0300] "GET /cormun/static/calendar.js?85251 HTTP/1.1" 200 26246
186.103.157.246 - - [09/Mar/2018:08:15:25 -0300] "GET /cormun/static/gxui/gxui-all.css?120300 HTTP/1.1" 200 2179
186.103.157.246 - - [09/Mar/2018:08:15:25 -0300] "GET /cormun/static/calendar-setup.js?85251 HTTP/1.1" 200 2588
186.103.157.246 - - [09/Mar/2018:08:15:25 -0300] "GET /cormun/static/calendar-es.js?85251 HTTP/1.1" 200 1901
186.103.157.246 - - [09/Mar/2018:08:15:26 -0300] "GET /cormun/static/Resources/Spanish/PXTools.css?1255365 HTTP/1.1" 200 89042
186.103.157.246 - - [09/Mar/2018:08:15:26 -0300] "GET /cormun/static/gxdec.js?85251 HTTP/1.1" 200 19579
186.103.159.187 - - [09/Mar/2018:08:15:27 -0300] "POST /cormun/servlet/solicitudot?gx-no-cache=1520594173347 HTTP/1.1" 200 30
186.103.157.246 - - [09/Mar/2018:08:15:28 -0300] "GET /cormun/static/trsolicitudot.js?201711142259839 HTTP/1.1" 200 54041
186.103.157.246 - - [09/Mar/2018:08:15:28 -0300] "GET /cormun/static/Resources/PXTools/calendar.png HTTP/1.1" 200 1306
186.103.157.246 - - [09/Mar/2018:08:15:28 -0300] "GET /cormun/static/Resources/PXToolsDataSearch.png HTTP/1.1" 200 419
186.103.157.246 - - [09/Mar/2018:08:15:28 -0300] "GET /cormun/static/Resources/PXToolsGridFirstDisabled.gif HTTP/1.1" 200 100
186.103.157.246 - - [09/Mar/2018:08:15:28 -0300] "GET /cormun/static/Resources/PXToolsGridPreviousDisabled.gif HTTP/1.1" 200 90
186.103.157.246 - - [09/Mar/2018:08:15:29 -0300] "GET /cormun/static/Resources/PXToolsGridNextDisabled.gif HTTP/1.1" 200 90
186.103.157.246 - - [09/Mar/2018:08:15:29 -0300] "GET /cormun/static/Resources/PXToolsGridLastDisabled.gif HTTP/1.1" 200 98
186.103.157.246 - - [09/Mar/2018:08:15:29 -0300] "GET /cormun/static/Resources/PXToolsGridPage.gif HTTP/1.1" 200 725
186.103.157.246 - - [09/Mar/2018:08:15:29 -0300] "GET /cormun/static/Resources/PXToolsActionExcel.png HTTP/1.1" 200 3187
186.103.157.246 - - [09/Mar/2018:08:15:29 -0300] "GET /cormun/static/Resources/PXToolsGridNew.png HTTP/1.1" 200 2949
186.103.157.246 - - [09/Mar/2018:08:15:37 -0300] "GET /cormun/static/Shared/ext/resources/css/ext-all.css?215870 HTTP/1.1" 200 416045
186.103.157.246 - - [09/Mar/2018:08:15:38 -0300] "GET /cormun/static/Resources/desc.gif HTTP/1.1" 200 65
186.103.157.246 - - [09/Mar/2018:08:15:38 -0300] "GET /cormun/servlet/trsolicitudot? HTTP/1.1" 200 7093
186.103.157.246 - - [09/Mar/2018:08:15:38 -0300] "GET /cormun/static/Shared/ext/resources/themes/images/default/panel/bg-headersPanel.png HTTP/1.1" 200 255
186.103.157.246 - - [09/Mar/2018:08:15:38 -0300] "GET /cormun/static/Shared/ext/resources/themes/images/default/tools/tool-sprites.gif HTTP/1.1" 200 5434
186.103.157.246 - - [09/Mar/2018:08:15:39 -0300] "GET /cormun/static/Resources/asc.gif HTTP/1.1" 200 67
200.54.247.70 - - [09/Mar/2018:08:15:41 -0300] "GET /cormun/servlet/prfichaempleado?,MD,,gxPopupLevel%3D0%3B HTTP/1.1" 200 9398
186.103.159.187 - - [09/Mar/2018:08:15:44 -0300] "POST /cormun/servlet/solicitudot?gx-no-cache=1520594188289 HTTP/1.1" 200 1318
186.103.159.187 - - [09/Mar/2018:08:15:45 -0300] "POST /cormun/servlet/solicitudot?gx-no-cache=1520594190262 HTTP/1.1" 200 1218
186.103.159.187 - - [09/Mar/2018:08:15:45 -0300] "GET /cormun/servlet/solicitudot?9269aea1c12f0942e63989b71251bafc37302e8de7a3332c696a4bece5419f20484d91bc4f06c88817729433e5c5bf33,gx-no-cache=1520594191342 HTTP/1.1" 200 30
186.103.159.187 - - [09/Mar/2018:08:15:45 -0300] "POST /cormun/servlet/solicitudot?gx-no-cache=1520594191817 HTTP/1.1" 200 30
186.103.159.187 - - [09/Mar/2018:08:15:50 -0300] "POST /cormun/servlet/solicitudot?24350b14ad99398aa62c9f9b5b03e008,INS,0,0,,gx-no-cache=1520594192000 HTTP/1.1" 200 11733
200.54.247.70 - - [09/Mar/2018:08:15:51 -0300] "POST /cormun/servlet/prfichaempleado?13ef5604550b2c021b922d3a34069c89,,MD,,gxPopupLevel%3D0%3B,gx-no-cache=1520594099062 HTTP/1.1" 200 4347
200.54.247.70 - - [09/Mar/2018:08:16:01 -0300] "POST /cormun/servlet/solicitudot?gx-no-cache=1520594106694 HTTP/1.1" 200 1337
200.54.247.70 - - [09/Mar/2018:08:16:16 -0300] "POST /cormun/servlet/solicitudot?gx-no-cache=1520594124531 HTTP/1.1" 200 118
186.103.159.187 - - [09/Mar/2018:08:16:22 -0300] "GET /cormun/servlet/solicitudot?9269aea1c12f0942e63989b71251bafcb34affbcf371671b6ca8c6de046c69aa8ea1ca363833e2ed09d865f6a2f51e54,gx-no-cache=1520594228769 HTTP/1.1" 200 30
186.103.159.187 - - [09/Mar/2018:08:16:23 -0300] "POST /cormun/servlet/solicitudot?gx-no-cache=1520594228918 HTTP/1.1" 200 254
186.103.159.187 - - [09/Mar/2018:08:16:27 -0300] "GET /cormun/servlet/solicitudot?9269aea1c12f0942e63989b71251bafcabaeb2edbf124bb488c945d8422d849cf0b68ac15c068492ba6eab5d774c26bcd3067884fd656914ebf976cc7e325460476754a193a0e4a212a894c9abfe60b67a60fb73abea4c6136feffd3ae657d01c494f01eaa7422a88b95ba77f1d45bb28703bc01c9c9151f8b670ba3ccad7dc4ad5d10a7a8f8516328e327bfec77e962fb7a4d1e1ff9ac72b2288170276a530897ded09aa98e4f7218bf06e1b76555a97b89036243df8eaad05857d6cd06f3e9a6767a0fa64dce4b9e84f0c67821a01add131a78db3466f826f3805bd9f48f5a56ebe3e3be91e1c9921437fdcfe582aac2747d5dc6d0cb7270d3946187c927ec5398c28e366372d59931329b1065bdd3015c57894f9935670538cecd6a1ec00180a5f78b19cfdd16fd865c67dd858299cc8b8bd4fcf43812dfaf30eee1d61a02e9e5d2816d33dfff27acd8ce0f31be4c4caeb2e2f196fa1c84950eeb0b4eb9c030ebb53477d25ca75f83df0b18791c68af2a529a979cf0779237aa599185253e,gx-no-cache=1520594229707 HTTP/1.1" 200 30
200.54.247.70 - - [09/Mar/2018:08:16:28 -0300] "POST /cormun/servlet/solicitudot?gx-no-cache=1520594136026 HTTP/1.1" 200 118
186.103.159.187 - - [09/Mar/2018:08:16:35 -0300] "POST /cormun/servlet/solicitudot?gx-no-cache=1520594233544 HTTP/1.1" 200 30
186.103.159.187 - - [09/Mar/2018:08:16:37 -0300] "POST /cormun/servlet/solicitudot?gx-no-cache=1520594241886 HTTP/1.1" 200 1336
186.103.159.187 - - [09/Mar/2018:08:16:37 -0300] "POST /cormun/servlet/solicitudot?gx-no-cache=1520594243616 HTTP/1.1" 200 41
186.103.159.187 - - [09/Mar/2018:08:16:52 -0300] "POST /cormun/servlet/solicitudot?gx-no-cache=1520594244106 HTTP/1.1" 200 1318
186.103.159.187 - - [09/Mar/2018:08:16:52 -0300] "POST /cormun/servlet/solicitudot?gx-no-cache=1520594258574 HTTP/1.1" 200 1218
186.103.159.187 - - [09/Mar/2018:08:16:53 -0300] "GET /cormun/servlet/solicitudot?9269aea1c12f0942e63989b71251bafc37302e8de7a3332c696a4bece5419f20484d91bc4f06c88817729433e5c5bf33,gx-no-cache=1520594259167 HTTP/1.1" 200 30
186.103.159.187 - - [09/Mar/2018:08:17:05 -0300] "POST /cormun/servlet/solicitudot?gx-no-cache=1520594259624 HTTP/1.1" 200 30
186.103.159.187 - - [09/Mar/2018:08:17:08 -0300] "POST /cormun/servlet/solicitudot?24350b14ad99398aa62c9f9b5b03e008,INS,0,0,,gx-no-cache=1520594271597 HTTP/1.1" 200 11788
186.103.159.182 - - [09/Mar/2018:08:18:17 -0300] "GET /cormun/servlet/hlogin HTTP/1.1" 200 1720
192.168.10.56 - - [09/Mar/2018:08:18:20 -0300] "POST /cormun/servlet/trsolicitudgral?11b9442431472047e4d7aecc8c7981a2,,gx-no-cache=1520594138836 HTTP/1.1" 200 11346
186.103.159.182 - - [09/Mar/2018:08:18:22 -0300] "POST /cormun/servlet/hlogin?e25e6f784330fd7f31c804aa4e64915c,gx-no-cache=1520594198139 HTTP/1.1" 200 90
186.103.159.182 - - [09/Mar/2018:08:18:23 -0300] "GET /cormun/servlet/hpexe_link HTTP/1.1" 200 951
186.103.159.182 - - [09/Mar/2018:08:18:23 -0300] "GET /cormun/servlet/hhome HTTP/1.1" 200 4258
186.103.159.182 - - [09/Mar/2018:08:18:28 -0300] "GET /cormun/static/gxcfg.js?20175251212442 HTTP/1.1" 200 953
186.103.159.182 - - [09/Mar/2018:08:18:28 -0300] "GET /cormun/static/hhome.js?20175251212450 HTTP/1.1" 200 777
186.103.159.182 - - [09/Mar/2018:08:18:31 -0300] "GET /cormun/servlet/hhome HTTP/1.1" 200 4254
186.103.159.187 - - [09/Mar/2018:08:18:46 -0300] "GET /cormun/servlet/solicitudot?9269aea1c12f0942e63989b71251bafcbaebb0ba7e4a10d9ae5d599267b76b0ee2f0bf97f8ac4b20a27dcbecde22caa0657b93d047ef52efb0e0dc5f9c023367,gx-no-cache=1520594372865 HTTP/1.1" 200 30
186.103.159.187 - - [09/Mar/2018:08:18:46 -0300] "POST /cormun/servlet/solicitudot?gx-no-cache=1520594373003 HTTP/1.1" 200 254
186.103.159.187 - - [09/Mar/2018:08:18:46 -0300] "GET /cormun/servlet/solicitudot?9269aea1c12f0942e63989b71251bafcabaeb2edbf124bb488c945d8422d849cf0b68ac15c068492ba6eab5d774c26bcd3067884fd656914ebf976cc7e325460476754a193a0e4a212a894c9abfe60b67a60fb73abea4c6136feffd3ae657d01c494f01eaa7422a88b95ba77f1d45bb28703bc01c9c9151f8b670ba3ccad7dc4ad5d10a7a8f8516328e327bfec77e962fb7a4d1e1ff9ac72b2288170276a530897ded09aa98e4f7218bf06e1b76555a97b89036243df8eaad05857d6cd06f3e9a6767a0fa64dce4b9e84f0c67821a01add131a78db3466f826f3805bd9f48f5a56ebe3e3be91e1c9921437fdcfe582aac2747d5dc6d0cb7270d3946187c927ec5398c28e366372d59931329b1065bdd3015c57894f9935670538cecd6a1ec00180a5f78b19cfdd16fd865c67dd858299cc8b8bd4fcf43812dfaf30eee1d61a02e9e5d2816d33dfff27acd8ce0f31be4c4caeb2e2f196fa1c84950eeb0b4eb9c030ebb53477d25ca75f83df0b18791c68af2a529a979cf0779237aa599185253e,gx-no-cache=1520594373090 HTTP/1.1" 200 30
186.103.159.187 - - [09/Mar/2018:08:18:47 -0300] "POST /cormun/servlet/solicitudot?gx-no-cache=1520594373169 HTTP/1.1" 200 30
186.103.159.187 - - [09/Mar/2018:08:18:47 -0300] "POST /cormun/servlet/solicitudot?gx-no-cache=1520594373249 HTTP/1.1" 200 1336
186.103.159.187 - - [09/Mar/2018:08:18:48 -0300] "POST /cormun/servlet/solicitudot?gx-no-cache=1520594373769 HTTP/1.1" 200 41
186.103.159.187 - - [09/Mar/2018:08:18:49 -0300] "POST /cormun/servlet/solicitudot?gx-no-cache=1520594374747 HTTP/1.1" 200 1318
200.86.95.220 - - [09/Mar/2018:08:18:51 -0300] "GET /cormun/servlet/hlogin HTTP/1.1" 200 1716
186.103.159.187 - - [09/Mar/2018:08:18:52 -0300] "POST /cormun/servlet/solicitudot?gx-no-cache=1520594375858 HTTP/1.1" 200 1218
186.103.159.187 - - [09/Mar/2018:08:18:52 -0300] "GET /cormun/servlet/solicitudot?9269aea1c12f0942e63989b71251bafc37302e8de7a3332c696a4bece5419f20484d91bc4f06c88817729433e5c5bf33,gx-no-cache=1520594378260 HTTP/1.1" 200 30
186.103.159.187 - - [09/Mar/2018:08:18:52 -0300] "POST /cormun/servlet/solicitudot?gx-no-cache=1520594378341 HTTP/1.1" 200 30
186.103.159.187 - - [09/Mar/2018:08:18:53 -0300] "POST /cormun/servlet/solicitudot?24350b14ad99398aa62c9f9b5b03e008,INS,0,0,,gx-no-cache=1520594378428 HTTP/1.1" 200 11835
200.86.95.220 - - [09/Mar/2018:08:19:00 -0300] "POST /cormun/servlet/hlogin?92a27c2db95808543fa581173fa0d235,gx-no-cache=1520594291284 HTTP/1.1" 200 90
200.86.95.220 - - [09/Mar/2018:08:19:00 -0300] "GET /cormun/servlet/hpexe_link HTTP/1.1" 200 948
200.86.95.220 - - [09/Mar/2018:08:19:00 -0300] "GET /cormun/servlet/hhome HTTP/1.1" 200 3948
186.103.159.182 - - [09/Mar/2018:08:19:02 -0300] "GET /cormun/servlet/trcontratosolicitud? HTTP/1.1" 200 14903
200.86.95.220 - - [09/Mar/2018:08:19:02 -0300] "GET /cormun/servlet/hhome HTTP/1.1" 200 3946
186.103.159.182 - - [09/Mar/2018:08:19:04 -0300] "GET /cormun/servlet/trcontratosolicitud? HTTP/1.1" 200 14899
200.86.95.220 - - [09/Mar/2018:08:19:06 -0300] "GET /cormun/servlet/trsolicitudot? HTTP/1.1" 200 8921
200.86.95.220 - - [09/Mar/2018:08:19:08 -0300] "GET /cormun/servlet/trsolicitudot? HTTP/1.1" 200 8917
200.86.95.220 - - [09/Mar/2018:08:19:15 -0300] "POST /cormun/servlet/trsolicitudot?92a27c2db95808543fa581173fa0d235,,gx-no-cache=1520594305826 HTTP/1.1" 200 107
200.86.95.220 - - [09/Mar/2018:08:19:15 -0300] "GET /cormun/servlet/trsolicitudadjuntos?2018,10323, HTTP/1.1" 200 6048
200.86.95.220 - - [09/Mar/2018:08:19:16 -0300] "GET /cormun/servlet/trsolicitudadjuntos?2018,10323, HTTP/1.1" 200 6048
200.86.95.220 - - [09/Mar/2018:08:19:20 -0300] "GET /cormun/servlet/trsolicitudot? HTTP/1.1" 200 8921
186.103.159.182 - - [09/Mar/2018:08:19:21 -0300] "GET /cormun/servlet/solicitudotcontratos?INS,2018,0,11067642,5,2,2018,1290,NADA,,30,B, HTTP/1.1" 200 9999
200.86.95.220 - - [09/Mar/2018:08:19:22 -0300] "GET /cormun/servlet/trsolicitudot? HTTP/1.1" 200 8917
186.103.159.182 - - [09/Mar/2018:08:19:24 -0300] "GET /cormun/servlet/solicitudotcontratos?INS,2018,0,11067642,5,2,2018,1290,NADA,,30,B, HTTP/1.1" 200 10028
186.103.159.182 - - [09/Mar/2018:08:19:24 -0300] "GET /cormun/servlet/solicitudotcontratos?18f4e2cdbec6583f59f012187c841a53e44ea57ce26b52a42e41cdd38a9f69a610cf08d69c18b694ca3996fdb28d51b9,gx-no-cache=1520594260244 HTTP/1.1" 200 30
186.103.159.182 - - [09/Mar/2018:08:19:24 -0300] "GET /cormun/servlet/solicitudotcontratos?18f4e2cdbec6583f59f012187c841a531fcbaf8eea69b0b4e4051d4c65426fe7e05276d1512ca03f68262119675b509c,gx-no-cache=1520594260947 HTTP/1.1" 200 30
186.103.159.182 - - [09/Mar/2018:08:19:26 -0300] "GET /cormun/servlet/solicitudotcontratos?18f4e2cdbec6583f59f012187c841a535b2b68ad973d3448d47945fc1fbf4950f4534f94a07bcf5187739ccec85534a2d1432f89acdf49990f14ddbf9ad1f8840d422fcbc94855a3fedef08bb2663d66cfee3bc10396c583b1ed27078ac251fe1272347f809ed410c7b61031e52be70f83525cc41243015a5e08ad0d08d6d906,gx-no-cache=1520594261025 HTTP/1.1" 200 48
186.103.159.182 - - [09/Mar/2018:08:19:26 -0300] "GET /cormun/servlet/solicitudotcontratos?18f4e2cdbec6583f59f012187c841a5369511abbeee24b6e67af342e20e668e0cd6b856f43a7b998a781e33934e2629c,gx-no-cache=1520594262419 HTTP/1.1" 200 30
186.103.159.182 - - [09/Mar/2018:08:19:26 -0300] "GET /cormun/servlet/solicitudotcontratos?18f4e2cdbec6583f59f012187c841a53a511aeadb5d104de1a7c30b7648962882d4923117647405707a9cb8835636b63213a2b37ad4cdc139626434484088d869036cc75c996a925b3bd6d1d2b9595693a9f3b6e6a8bb1a66fc5e1c606fb7e2d18a6e803fde5d89b2f509fba6dab402d,gx-no-cache=1520594262504 HTTP/1.1" 200 30
186.103.159.182 - - [09/Mar/2018:08:19:26 -0300] "GET /cormun/servlet/solicitudotcontratos?18f4e2cdbec6583f59f012187c841a53f62cce9495c083bdb1d66d5fb93434fc15a69b2738961994c32595b52400818cf1d072f934fa7061fad740d527f697291729ec6c10ec2a8687c904039e4f91873ba58dcea8676a5ccf4bf73ac01953606a508d8fa35d1e183907d410e18b004b5efba594a31939d6113d3bdcabbf4beb2197bb72a6dc9388f7317ab8a9a7292939f0f78452390d56dec46d9f3b3cb8bce63927f55c3833a3871e766d2494db15f6e28affb59d56a8b0b63a1afe95ab22b49ce401f0fbe8e6353fc159cc22969af0e2f910501a2e7088c7a7b4cff5a2bbd5702023606e60012e9294d79c6591cd0e7ed4a507198b8c6e5aa72d358bc50af25ad27ee51d96a4205519b91d4937ef8653d6e1573259705129650605ab014a9b1d61d7dbc61da4f9148b88326f05ffc7066b04b3f29a6d1cba6718d3aaf22926f8e5158d6302cfe8cd8d259af30648183939206449961327f6ec07df1dcd96971376a787f84d0aa2ffeeadcee160b24fa1444b3f147dd5fbbf1af1ef52f677591cd26f4d8861bd74e5402fad60fdf9f6414f232869bd9fa4d815cd412b0c16af7282ccfc30eb3f8766a0759e8bf064,gx-no-cache=1520594262594 HTTP/1.1" 200 72
200.86.95.220 - - [09/Mar/2018:08:19:26 -0300] "POST /cormun/servlet/trsolicitudot?92a27c2db95808543fa581173fa0d235,,gx-no-cache=1520594316398 HTTP/1.1" 200 107
200.86.95.220 - - [09/Mar/2018:08:19:27 -0300] "GET /cormun/servlet/trsolicitudadjuntos?2018,10305, HTTP/1.1" 200 9537
200.86.95.220 - - [09/Mar/2018:08:19:29 -0300] "GET /cormun/servlet/trsolicitudadjuntos?2018,10305, HTTP/1.1" 200 9535
200.86.95.220 - - [09/Mar/2018:08:19:37 -0300] "POST /cormun/servlet/trsolicitudadjuntos?92a27c2db95808543fa581173fa0d235,2018,10305,,gx-no-cache=1520594327936 HTTP/1.1" 200 90
200.86.95.220 - - [09/Mar/2018:08:19:37 -0300] "GET /cormun/servlet/hpexe_link HTTP/1.1" 200 966
200.86.95.220 - - [09/Mar/2018:08:19:37 -0300] "GET /cormun/servlet/trsolicitudot HTTP/1.1" 200 8919
200.86.95.220 - - [09/Mar/2018:08:19:38 -0300] "GET /cormun/servlet/trsolicitudot HTTP/1.1" 200 8917
200.86.95.220 - - [09/Mar/2018:08:19:45 -0300] "POST /cormun/servlet/trsolicitudot?92a27c2db95808543fa581173fa0d235,gx-no-cache=1520594333410 HTTP/1.1" 200 107
200.86.95.220 - - [09/Mar/2018:08:19:45 -0300] "GET /cormun/servlet/trsolicitudadjuntos?2018,10323, HTTP/1.1" 200 6048
200.86.95.220 - - [09/Mar/2018:08:19:47 -0300] "GET /cormun/servlet/trsolicitudadjuntos?2018,10323, HTTP/1.1" 200 6048
186.103.159.182 - - [09/Mar/2018:08:19:51 -0300] "POST /cormun/servlet/solicitudotcontratos?e25e6f784330fd7f31c804aa4e64915c,INS,2018,0,11067642,5,2,2018,1290,NADA,,30,B,,gx-no-cache=1520594286653 HTTP/1.1" 200 10793
186.103.159.182 - - [09/Mar/2018:08:19:54 -0300] "POST /cormun/servlet/solicitudotcontratos?gx-no-cache=1520594288313 HTTP/1.1" 200 1321
186.103.159.182 - - [09/Mar/2018:08:19:54 -0300] "POST /cormun/servlet/solicitudotcontratos?gx-no-cache=1520594290492 HTTP/1.1" 200 1219
186.103.159.182 - - [09/Mar/2018:08:19:54 -0300] "GET /cormun/servlet/solicitudotcontratos?18f4e2cdbec6583f59f012187c841a538734c3668683190f174a3c265c06b04ebe5c2307064fd1fe969b5a101c2488a12e400deb597b907cfb23b8b594380ea1c1368386a8e8489bfdb2fe347baa7b7001407277596938b2012e65eeff877a11ed74a8085d9a7907b0af75ba831ca6cacf00737ad31aae34846e80e8cda509d3,gx-no-cache=1520594290710 HTTP/1.1" 200 30
186.103.159.182 - - [09/Mar/2018:08:19:56 -0300] "POST /cormun/servlet/solicitudotcontratos?e25e6f784330fd7f31c804aa4e64915c,INS,2018,0,11067642,5,2,2018,1290,NADA,,30,B,,gx-no-cache=1520594291180 HTTP/1.1" 200 93
186.103.159.182 - - [09/Mar/2018:08:19:56 -0300] "GET /cormun/servlet/hpexe_return? HTTP/1.1" 200 1044
186.103.159.182 - - [09/Mar/2018:08:19:56 -0300] "GET /cormun/servlet/trcontratosolicitud HTTP/1.1" 200 14905
186.103.159.182 - - [09/Mar/2018:08:19:59 -0300] "GET /cormun/servlet/trcontratosolicitud HTTP/1.1" 200 14896
192.168.10.56 - - [09/Mar/2018:08:20:01 -0300] "POST /cormun/servlet/trsolicitudgral?11b9442431472047e4d7aecc8c7981a2,,gx-no-cache=1520594239150 HTTP/1.1" 200 11000
200.86.95.220 - - [09/Mar/2018:08:20:05 -0300] "GET /cormun/servlet/solicitudotadjuntos?INS,2018,10323,,1, HTTP/1.1" 200 5994
192.168.10.56 - - [09/Mar/2018:08:20:15 -0300] "POST /cormun/servlet/trsolicitudgral?11b9442431472047e4d7aecc8c7981a2,,gx-no-cache=1520594253894 HTTP/1.1" 200 10577
200.86.95.220 - - [09/Mar/2018:08:20:22 -0300] "GET /cormun/static/about:blank HTTP/1.1" 404 1011
192.168.10.56 - - [09/Mar/2018:08:20:22 -0300] "POST /cormun/servlet/trsolicitudgral?11b9442431472047e4d7aecc8c7981a2,,gx-no-cache=1520594260217 HTTP/1.1" 200 10162
200.86.95.220 - - [09/Mar/2018:08:20:25 -0300] "GET /cormun/servlet/solicitudotadjuntos?INS,2018,10323,,1, HTTP/1.1" 200 5986
200.86.95.220 - - [09/Mar/2018:08:20:26 -0300] "GET /cormun/servlet/solicitudotadjuntos?37f23dc6224e3854295a0f31488c0560dcd1f28b077bacc02a0e360399dfa021b5c710c4eb44453c6de9e005da51e20f,gx-no-cache=1520594377083 HTTP/1.1" 200 30
200.86.95.220 - - [09/Mar/2018:08:20:26 -0300] "POST /cormun/servlet/solicitudotadjuntos?92a27c2db95808543fa581173fa0d235,INS,2018,10323,,1,,gx-no-cache=1520594377207 HTTP/1.1" 200 3794
192.168.10.56 - - [09/Mar/2018:08:20:28 -0300] "POST /cormun/servlet/trsolicitudgral?11b9442431472047e4d7aecc8c7981a2,,gx-no-cache=1520594266053 HTTP/1.1" 200 9742
192.168.10.56 - - [09/Mar/2018:08:20:43 -0300] "POST /cormun/servlet/trsolicitudgral?11b9442431472047e4d7aecc8c7981a2,,gx-no-cache=1520594281379 HTTP/1.1" 200 5923
192.168.10.56 - - [09/Mar/2018:08:20:47 -0300] "POST /cormun/servlet/trsolicitudgral?11b9442431472047e4d7aecc8c7981a2,,gx-no-cache=1520594285900 HTTP/1.1" 200 8535
200.86.95.220 - - [09/Mar/2018:08:20:50 -0300] "POST /cormun/servlet/solicitudotadjuntos?gx-no-cache=1520594401818 HTTP/1.1" 200 26
200.86.95.220 - - [09/Mar/2018:08:21:25 -0300] "GET /cormun/servlet/solicitudotadjuntos?37f23dc6224e3854295a0f31488c0560906ea330d34d61f4b38b1eeb86e3e7aa,gx-no-cache=1520594436330 HTTP/1.1" 200 30
200.86.95.220 - - [09/Mar/2018:08:21:25 -0300] "GET /cormun/servlet/solicitudotadjuntos?37f23dc6224e3854295a0f31488c0560906ea330d34d61f4b38b1eeb86e3e7aa,gx-no-cache=1520594436783 HTTP/1.1" 200 30
186.103.159.182 - - [09/Mar/2018:08:21:41 -0300] "GET /cormun/servlet/solicitudotcontratos?INS,2018,0,11067642,5,2,2018,1290,NADA,,30,B, HTTP/1.1" 200 10000
186.103.159.182 - - [09/Mar/2018:08:21:44 -0300] "GET /cormun/servlet/solicitudotcontratos?INS,2018,0,11067642,5,2,2018,1290,NADA,,30,B, HTTP/1.1" 200 10028
186.103.159.187 - - [09/Mar/2018:08:21:45 -0300] "POST /cormun/servlet/solicitudot?24350b14ad99398aa62c9f9b5b03e008,INS,0,0,,gx-no-cache=1520594549610 HTTP/1.1" 200 93
186.103.159.187 - - [09/Mar/2018:08:21:45 -0300] "GET /cormun/servlet/hpexe_return? HTTP/1.1" 200 1005
186.103.159.182 - - [09/Mar/2018:08:21:45 -0300] "GET /cormun/servlet/solicitudotcontratos?18f4e2cdbec6583f59f012187c841a53e44ea57ce26b52a42e41cdd38a9f69a610cf08d69c18b694ca3996fdb28d51b9,gx-no-cache=1520594401841 HTTP/1.1" 200 30
186.103.159.187 - - [09/Mar/2018:08:21:46 -0300] "GET /cormun/servlet/trsolicitudot HTTP/1.1" 200 7139
186.103.159.182 - - [09/Mar/2018:08:21:46 -0300] "GET /cormun/servlet/solicitudotcontratos?18f4e2cdbec6583f59f012187c841a531fcbaf8eea69b0b4e4051d4c65426fe7e05276d1512ca03f68262119675b509c,gx-no-cache=1520594401928 HTTP/1.1" 200 30
186.103.159.182 - - [09/Mar/2018:08:21:47 -0300] "GET /cormun/servlet/solicitudotcontratos?18f4e2cdbec6583f59f012187c841a535b2b68ad973d3448d47945fc1fbf4950f4534f94a07bcf5187739ccec85534a2d1432f89acdf49990f14ddbf9ad1f8840d422fcbc94855a3fedef08bb2663d66cfee3bc10396c583b1ed27078ac251fe1272347f809ed410c7b61031e52be70f83525cc41243015a5e08ad0d08d6d906,gx-no-cache=1520594403152 HTTP/1.1" 200 48
186.103.159.182 - - [09/Mar/2018:08:21:47 -0300] "GET /cormun/servlet/solicitudotcontratos?18f4e2cdbec6583f59f012187c841a5369511abbeee24b6e67af342e20e668e0cd6b856f43a7b998a781e33934e2629c,gx-no-cache=1520594403287 HTTP/1.1" 200 30
186.103.159.182 - - [09/Mar/2018:08:21:47 -0300] "GET /cormun/servlet/solicitudotcontratos?18f4e2cdbec6583f59f012187c841a53a511aeadb5d104de1a7c30b7648962882d4923117647405707a9cb8835636b63213a2b37ad4cdc139626434484088d869036cc75c996a925b3bd6d1d2b9595693a9f3b6e6a8bb1a66fc5e1c606fb7e2d18a6e803fde5d89b2f509fba6dab402d,gx-no-cache=1520594403368 HTTP/1.1" 200 30
186.103.159.187 - - [09/Mar/2018:08:21:47 -0300] "GET /cormun/servlet/trsolicitudot HTTP/1.1" 200 7136
186.103.159.182 - - [09/Mar/2018:08:21:47 -0300] "GET /cormun/servlet/solicitudotcontratos?18f4e2cdbec6583f59f012187c841a53f62cce9495c083bdb1d66d5fb93434fc15a69b2738961994c32595b52400818cf1d072f934fa7061fad740d527f697291729ec6c10ec2a8687c904039e4f91873ba58dcea8676a5ccf4bf73ac01953606a508d8fa35d1e183907d410e18b004b5efba594a31939d6113d3bdcabbf4beb2197bb72a6dc9388f7317ab8a9a7292939f0f78452390d56dec46d9f3b3cb8bce63927f55c3833a3871e766d2494db15f6e28affb59d56a8b0b63a1afe95ab22b49ce401f0fbe8e6353fc159cc22969af0e2f910501a2e7088c7a7b4cff5a2bbd5702023606e60012e9294d79c6591cd0e7ed4a507198b8c6e5aa72d358bc50af25ad27ee51d96a4205519b91d4937ef8653d6e1573259705129650605ab014a9b1d61d7dbc61da4f9148b88326f05ffc7066b04b3f29a6d1cba6718d3aaf22926f8e5158d6302cfe8cd8d259af30648183939206449961327f6ec07df1dcd96971376a787f84d0aa2ffeeadcee160b24fa1444b3f147dd5fbbf1af1ef52f677591cd26f4d8861bd74e5402fad60fdf9f6414f232869bd9fa4d815cd412b0c16af7282ccfc30eb3f8766a0759e8bf064,gx-no-cache=1520594403453 HTTP/1.1" 200 72
186.103.159.187 - - [09/Mar/2018:08:21:49 -0300] "GET /cormun/servlet/solicitudot?INS,0,0, HTTP/1.1" 200 13381
186.103.159.187 - - [09/Mar/2018:08:21:50 -0300] "GET /cormun/servlet/solicitudot?INS,0,0, HTTP/1.1" 200 13386
186.103.159.182 - - [09/Mar/2018:08:21:57 -0300] "POST /cormun/servlet/solicitudotcontratos?e25e6f784330fd7f31c804aa4e64915c,INS,2018,0,11067642,5,2,2018,1290,NADA,,30,B,,gx-no-cache=1520594410993 HTTP/1.1" 200 10790
186.103.159.182 - - [09/Mar/2018:08:21:58 -0300] "POST /cormun/servlet/solicitudotcontratos?gx-no-cache=1520594413963 HTTP/1.1" 200 1321
186.103.159.182 - - [09/Mar/2018:08:22:02 -0300] "POST /cormun/servlet/solicitudotcontratos?gx-no-cache=1520594415176 HTTP/1.1" 200 1219
186.103.159.182 - - [09/Mar/2018:08:22:03 -0300] "GET /cormun/servlet/solicitudotcontratos?18f4e2cdbec6583f59f012187c841a538734c3668683190f174a3c265c06b04ebe5c2307064fd1fe969b5a101c2488a12e400deb597b907cfb23b8b594380ea1c1368386a8e8489bfdb2fe347baa7b7001407277596938b2012e65eeff877a11ed74a8085d9a7907b0af75ba831ca6cacf00737ad31aae34846e80e8cda509d3,gx-no-cache=1520594418324 HTTP/1.1" 200 30
186.103.159.182 - - [09/Mar/2018:08:22:09 -0300] "POST /cormun/servlet/solicitudotcontratos?e25e6f784330fd7f31c804aa4e64915c,INS,2018,0,11067642,5,2,2018,1290,NADA,,30,B,,gx-no-cache=1520594419455 HTTP/1.1" 200 93
186.103.159.187 - - [09/Mar/2018:08:22:10 -0300] "POST /cormun/servlet/solicitudot?gx-no-cache=1520594574327 HTTP/1.1" 200 3394
192.168.10.56 - - [09/Mar/2018:08:22:13 -0300] "POST /cormun/servlet/trsolicitudgral?11b9442431472047e4d7aecc8c7981a2,,gx-no-cache=1520594371250 HTTP/1.1" 200 5922
200.86.95.220 - - [09/Mar/2018:08:22:15 -0300] "POST /cormun/servlet/solicitudotadjuntos?92a27c2db95808543fa581173fa0d235,INS,2018,10323,,1, HTTP/1.1" 200 116
192.168.10.56 - - [09/Mar/2018:08:22:15 -0300] "POST /cormun/servlet/trsolicitudgral?11b9442431472047e4d7aecc8c7981a2,,gx-no-cache=1520594373823 HTTP/1.1" 200 9710
186.103.159.187 - - [09/Mar/2018:08:22:15 -0300] "POST /cormun/servlet/solicitudot?24350b14ad99398aa62c9f9b5b03e008,INS,0,0,,gx-no-cache=1520594576601 HTTP/1.1" 200 10372
200.86.95.220 - - [09/Mar/2018:08:22:15 -0300] "GET /cormun/servlet/hpexe_return? HTTP/1.1" 200 1023
200.86.95.220 - - [09/Mar/2018:08:22:16 -0300] "GET /cormun/servlet/trsolicitudadjuntos?2018,10323, HTTP/1.1" 200 8455
200.86.95.220 - - [09/Mar/2018:08:22:18 -0300] "GET /cormun/servlet/trsolicitudadjuntos?2018,10323, HTTP/1.1" 200 8451
192.168.10.56 - - [09/Mar/2018:08:22:20 -0300] "POST /cormun/servlet/trsolicitudgral?11b9442431472047e4d7aecc8c7981a2,,gx-no-cache=1520594378410 HTTP/1.1" 200 5924
200.86.95.220 - - [09/Mar/2018:08:22:21 -0300] "GET /cormun/servlet/solicitudotadjuntos?INS,2018,10323,,1, HTTP/1.1" 200 5994
200.86.95.220 - - [09/Mar/2018:08:22:22 -0300] "GET /cormun/static/about:blank HTTP/1.1" 404 1011
200.86.95.220 - - [09/Mar/2018:08:22:22 -0300] "GET /cormun/servlet/solicitudotadjuntos?INS,2018,10323,,1, HTTP/1.1" 200 5986
186.103.159.187 - - [09/Mar/2018:08:22:22 -0300] "GET /cormun/servlet/solicitudot?9269aea1c12f0942e63989b71251bafc91ba05ea3a33f638249fec6b4f127116c964a196ba16c8ce9b1637f275691264,gx-no-cache=1520594588898 HTTP/1.1" 200 30
186.103.159.187 - - [09/Mar/2018:08:22:22 -0300] "GET /cormun/servlet/solicitudot?9269aea1c12f0942e63989b71251bafc5f3290754a2ad965c5ccce3871734827d480a8f1655832a92474ce842f71bb89cfbbac22de6fc37d88981245045fe67a,gx-no-cache=1520594588996 HTTP/1.1" 200 30
200.86.95.220 - - [09/Mar/2018:08:22:23 -0300] "GET /cormun/servlet/solicitudotadjuntos?37f23dc6224e3854295a0f31488c0560dcd1f28b077bacc02a0e360399dfa021b5c710c4eb44453c6de9e005da51e20f,gx-no-cache=1520594494173 HTTP/1.1" 200 30
186.103.159.187 - - [09/Mar/2018:08:22:23 -0300] "GET /cormun/servlet/solicitudot?9269aea1c12f0942e63989b71251bafc90f20aa8da15c60db873bad19ba5cf09,gx-no-cache=1520594589071 HTTP/1.1" 200 51
186.103.159.182 - - [09/Mar/2018:08:22:23 -0300] "GET /cormun/servlet/hpexe_return? HTTP/1.1" 200 1044
186.103.159.187 - - [09/Mar/2018:08:22:23 -0300] "POST /cormun/servlet/solicitudot?gx-no-cache=1520594589554 HTTP/1.1" 200 255
200.86.95.220 - - [09/Mar/2018:08:22:24 -0300] "POST /cormun/servlet/solicitudotadjuntos?92a27c2db95808543fa581173fa0d235,INS,2018,10323,,1,,gx-no-cache=1520594494352 HTTP/1.1" 200 3794
186.103.159.182 - - [09/Mar/2018:08:22:24 -0300] "GET /cormun/servlet/trcontratosolicitud HTTP/1.1" 200 14903
186.103.159.187 - - [09/Mar/2018:08:22:26 -0300] "GET /cormun/servlet/solicitudot?9269aea1c12f0942e63989b71251bafcabaeb2edbf124bb488c945d8422d849cf0b68ac15c068492ba6eab5d774c26bcd3067884fd656914ebf976cc7e325460476754a193a0e4a212a894c9abfe60b67a60fb73abea4c6136feffd3ae657d01c494f01eaa7422a88b95ba77f1d45bb28703bc01c9c9151f8b670ba3ccad7dc4ad5d10a7a8f8516328e327bfec77e962fb7a4d1e1ff9ac72b2288170276a530897ded09aa98e4f7218bf06e1b76555a97b89036243df8eaad05857d6cd06f3e9a6767a0fa64dce4b9e84f0c67821a01add131a78db3466f826f3805bd9f48f5a56ebe3e3be91e1c9921437fdcfe582aac2747d5dc6d0cb7270d3946187c927ec5398c28e366372d59931329b1065bdd3015c57894f9935670538cecd6a1ec00180a5f78b19cfdd16fd865c67dd858299cc8b8bd4fcf43812dfaf30eee1d61a02e9e5d2816d33dfff27acd8ce0f31be4c4caeb2e2f196fa1c84950eeb0b4eb9c030ebb53477d25ca75f83df0b18791c68446d1c25252bdaf9a5a5c0262edcba61,gx-no-cache=1520594590151 HTTP/1.1" 200 30
186.103.159.182 - - [09/Mar/2018:08:22:27 -0300] "GET /cormun/servlet/trcontratosolicitud HTTP/1.1" 200 14900
192.168.10.56 - - [09/Mar/2018:08:22:28 -0300] "POST /cormun/servlet/trsolicitudgral?11b9442431472047e4d7aecc8c7981a2,,gx-no-cache=1520594386904 HTTP/1.1" 200 10718
200.86.95.220 - - [09/Mar/2018:08:22:28 -0300] "POST /cormun/servlet/solicitudotadjuntos?gx-no-cache=1520594498796 HTTP/1.1" 200 26
186.103.159.187 - - [09/Mar/2018:08:22:30 -0300] "POST /cormun/servlet/solicitudot?gx-no-cache=1520594596100 HTTP/1.1" 200 30
186.103.159.187 - - [09/Mar/2018:08:22:32 -0300] "POST /cormun/servlet/solicitudot?gx-no-cache=1520594598124 HTTP/1.1" 200 1337
186.103.159.187 - - [09/Mar/2018:08:22:32 -0300] "POST /cormun/servlet/solicitudot?gx-no-cache=1520594598301 HTTP/1.1" 200 38
186.103.159.182 - - [09/Mar/2018:08:22:38 -0300] "GET /cormun/servlet/solicitudotcontratos?INS,2018,0,15730716,9,2,2018,1291,NADA,,30,B, HTTP/1.1" 200 9999
186.103.159.182 - - [09/Mar/2018:08:22:40 -0300] "GET /cormun/servlet/solicitudotcontratos?INS,2018,0,15730716,9,2,2018,1291,NADA,,30,B, HTTP/1.1" 200 10027
186.103.159.187 - - [09/Mar/2018:08:22:40 -0300] "GET /cormun/servlet/solicitudot?9269aea1c12f0942e63989b71251bafc928f49a0f0cf923a9dd9b997959a215c0b3af0f8b8e13cbcc8097ec7c6de0e9b643b23469441387efa183ce720eba7c314b061dbb8d0bcfe42612d71020bd2aef0bc420e1f44bcb217e668d32de16a25326deb46ea98e02ab589653a0d68fb7284899f3c03164e19fcdd9aa60331ba7bf302d93ec620a661cf9ad3f8064b0d877c459a4cc6c631a39fb9cbea84cccfcd,gx-no-cache=1520594606740 HTTP/1.1" 200 29
186.103.159.182 - - [09/Mar/2018:08:22:40 -0300] "GET /cormun/servlet/solicitudotcontratos?18f4e2cdbec6583f59f012187c841a532c30741f9a78233d7b9fbfe0dc99805810cf08d69c18b694ca3996fdb28d51b9,gx-no-cache=1520594456699 HTTP/1.1" 200 30
186.103.159.182 - - [09/Mar/2018:08:22:40 -0300] "GET /cormun/servlet/solicitudotcontratos?18f4e2cdbec6583f59f012187c841a53a4e92c88162cc84e2e8e4e0a8a62bbeae05276d1512ca03f68262119675b509c,gx-no-cache=1520594456853 HTTP/1.1" 200 30
186.103.159.187 - - [09/Mar/2018:08:22:41 -0300] "POST /cormun/servlet/solicitudot?gx-no-cache=1520594606832 HTTP/1.1" 200 1318
186.103.159.182 - - [09/Mar/2018:08:22:41 -0300] "GET /cormun/servlet/solicitudotcontratos?18f4e2cdbec6583f59f012187c841a535b2b68ad973d3448d47945fc1fbf4950f4534f94a07bcf5187739ccec85534a2d1432f89acdf49990f14ddbf9ad1f8840d422fcbc94855a3fedef08bb2663d66cfee3bc10396c583b1ed27078ac251fe1272347f809ed410c7b61031e52be70f83525cc41243015a5e08ad0d08d6d906,gx-no-cache=1520594456941 HTTP/1.1" 200 48
186.103.159.182 - - [09/Mar/2018:08:22:41 -0300] "GET /cormun/servlet/solicitudotcontratos?18f4e2cdbec6583f59f012187c841a532691068d920e29b014feb3806adbec128f93d5af25310683b92c0ce587ecbda2,gx-no-cache=1520594457520 HTTP/1.1" 200 30
186.103.159.182 - - [09/Mar/2018:08:22:41 -0300] "GET /cormun/servlet/solicitudotcontratos?18f4e2cdbec6583f59f012187c841a53a511aeadb5d104de1a7c30b7648962882d4923117647405707a9cb8835636b63213a2b37ad4cdc139626434484088d869036cc75c996a925b3bd6d1d2b9595693a9f3b6e6a8bb1a66fc5e1c606fb7e2d18a6e803fde5d89b2f509fba6dab402d,gx-no-cache=1520594457599 HTTP/1.1" 200 30
186.103.159.182 - - [09/Mar/2018:08:22:42 -0300] "GET /cormun/servlet/solicitudotcontratos?18f4e2cdbec6583f59f012187c841a53f62cce9495c083bdb1d66d5fb93434fc15a69b2738961994c32595b52400818cf1d072f934fa7061fad740d527f697291729ec6c10ec2a8687c904039e4f91873ba58dcea8676a5ccf4bf73ac01953606a508d8fa35d1e183907d410e18b004b5efba594a31939d6113d3bdcabbf4beb2197bb72a6dc9388f7317ab8a9a7292939f0f78452390d56dec46d9f3b3cb8bce63927f55c3833a3871e766d2494db15f6e28affb59d56a8b0b63a1afe95ab22b49ce401f0fbe8e6353fc159cc22969af0e2f910501a2e7088c7a7b4cff5a2bbd5702023606e60012e9294d79c6591cd0e7ed4a507198b8c6e5aa72d358bc50af25ad27ee51d96a4205519b91d4937ef8653d6e1573259705129650605ab014a9b1d61d7dbc61da4f9148b88326f05ffc7066b04b3f29a6d1cba6718d3aaf22926f8e5158d6302cfe8cd8d259af30648183939206449961327f6ec07df1dcd96971376a787f84d0aa2ffeeadcee160b24fa1444b3f147dd5fbbf1af1ef52f677591cd26f4d8861bd74e5402fad60fdf9f6414f232869bd9fa4d815cd412b0c16af7282ccfc30eb3f8766a0759e8bf064,gx-no-cache=1520594457701 HTTP/1.1" 200 72
186.103.159.187 - - [09/Mar/2018:08:22:42 -0300] "POST /cormun/servlet/solicitudot?gx-no-cache=1520594607508 HTTP/1.1" 200 1218
186.103.159.187 - - [09/Mar/2018:08:22:42 -0300] "GET /cormun/static/menuarrow.gif HTTP/1.1" 404 1015
186.103.159.187 - - [09/Mar/2018:08:22:47 -0300] "POST /cormun/servlet/solicitudot?gx-no-cache=1520594611940 HTTP/1.1" 200 1318
186.103.159.187 - - [09/Mar/2018:08:22:48 -0300] "POST /cormun/servlet/solicitudot?gx-no-cache=1520594613612 HTTP/1.1" 200 1218
186.103.159.187 - - [09/Mar/2018:08:22:50 -0300] "GET /cormun/servlet/solicitudot?9269aea1c12f0942e63989b71251bafc37302e8de7a3332c696a4bece5419f20484d91bc4f06c88817729433e5c5bf33,gx-no-cache=1520594616149 HTTP/1.1" 200 30
186.103.159.182 - - [09/Mar/2018:08:22:53 -0300] "POST /cormun/servlet/solicitudotcontratos?e25e6f784330fd7f31c804aa4e64915c,INS,2018,0,15730716,9,2,2018,1291,NADA,,30,B,,gx-no-cache=1520594467366 HTTP/1.1" 200 10797
186.103.159.182 - - [09/Mar/2018:08:22:54 -0300] "POST /cormun/servlet/solicitudotcontratos?gx-no-cache=1520594469937 HTTP/1.1" 200 1321
186.103.159.182 - - [09/Mar/2018:08:22:54 -0300] "POST /cormun/servlet/solicitudotcontratos?gx-no-cache=1520594470425 HTTP/1.1" 200 1219
186.103.159.182 - - [09/Mar/2018:08:22:55 -0300] "GET /cormun/servlet/solicitudotcontratos?18f4e2cdbec6583f59f012187c841a538734c3668683190f174a3c265c06b04ebe5c2307064fd1fe969b5a101c2488a12e400deb597b907cfb23b8b594380ea1c1368386a8e8489bfdb2fe347baa7b7001407277596938b2012e65eeff877a11ed74a8085d9a7907b0af75ba831ca6cacf00737ad31aae34846e80e8cda509d3,gx-no-cache=1520594471131 HTTP/1.1" 200 30
186.103.159.182 - - [09/Mar/2018:08:22:56 -0300] "POST /cormun/servlet/solicitudotcontratos?e25e6f784330fd7f31c804aa4e64915c,INS,2018,0,15730716,9,2,2018,1291,NADA,,30,B,,gx-no-cache=1520594471209 HTTP/1.1" 200 93
186.103.159.182 - - [09/Mar/2018:08:22:57 -0300] "GET /cormun/servlet/hpexe_return? HTTP/1.1" 200 1043
186.103.159.182 - - [09/Mar/2018:08:22:57 -0300] "GET /cormun/servlet/trcontratosolicitud HTTP/1.1" 200 14901
186.103.159.182 - - [09/Mar/2018:08:23:00 -0300] "GET /cormun/servlet/trcontratosolicitud HTTP/1.1" 200 14900
186.103.159.187 - - [09/Mar/2018:08:23:01 -0300] "POST /cormun/servlet/solicitudot?gx-no-cache=1520594625936 HTTP/1.1" 200 30
186.103.159.182 - - [09/Mar/2018:08:23:18 -0300] "GET /cormun/servlet/solicitudotcontratos?INS,2018,0,15730716,9,6,2018,1292,NADA,,9,B, HTTP/1.1" 200 10005
186.103.159.182 - - [09/Mar/2018:08:23:20 -0300] "GET /cormun/servlet/solicitudotcontratos?INS,2018,0,15730716,9,6,2018,1292,NADA,,9,B, HTTP/1.1" 200 10031
186.103.159.182 - - [09/Mar/2018:08:23:20 -0300] "GET /cormun/servlet/solicitudotcontratos?18f4e2cdbec6583f59f012187c841a532c30741f9a78233d7b9fbfe0dc99805810cf08d69c18b694ca3996fdb28d51b9,gx-no-cache=1520594496788 HTTP/1.1" 200 30
186.103.159.182 - - [09/Mar/2018:08:23:20 -0300] "GET /cormun/servlet/solicitudotcontratos?18f4e2cdbec6583f59f012187c841a53a4e92c88162cc84e2e8e4e0a8a62bbeae05276d1512ca03f68262119675b509c,gx-no-cache=1520594496873 HTTP/1.1" 200 30
186.103.159.182 - - [09/Mar/2018:08:23:20 -0300] "GET /cormun/servlet/solicitudotcontratos?18f4e2cdbec6583f59f012187c841a535b2b68ad973d3448d47945fc1fbf4950f4534f94a07bcf5187739ccec85534a2d1432f89acdf49990f14ddbf9ad1f8840d422fcbc94855a3fedef08bb2663d66157a25f4abad8ed4d79bb9af21dd3ab3ea9e5c8ec45e3514d696a6f894877da17454ecfa58696e384b01ab0acc331a62,gx-no-cache=1520594496957 HTTP/1.1" 200 50
186.103.159.182 - - [09/Mar/2018:08:23:21 -0300] "GET /cormun/servlet/solicitudotcontratos?18f4e2cdbec6583f59f012187c841a532691068d920e29b014feb3806adbec12efc57b8917f28375b0b426ff547c0c40,gx-no-cache=1520594497047 HTTP/1.1" 200 30
186.103.159.182 - - [09/Mar/2018:08:23:21 -0300] "GET /cormun/servlet/solicitudotcontratos?18f4e2cdbec6583f59f012187c841a53a511aeadb5d104de1a7c30b7648962882d4923117647405707a9cb8835636b63213a2b37ad4cdc139626434484088d869036cc75c996a925b3bd6d1d2b959569bff4e2ad472eec3c758ffc6ce2d7fcfe18a6e803fde5d89b2f509fba6dab402d,gx-no-cache=1520594497698 HTTP/1.1" 200 30
186.103.159.182 - - [09/Mar/2018:08:23:21 -0300] "GET /cormun/servlet/solicitudotcontratos?18f4e2cdbec6583f59f012187c841a53f62cce9495c083bdb1d66d5fb93434fc15a69b2738961994c32595b52400818cf1d072f934fa7061fad740d527f697291729ec6c10ec2a8687c904039e4f91873ba58dcea8676a5ccf4bf73ac01953606a508d8fa35d1e183907d410e18b004b5efba594a31939d6113d3bdcabbf4beb2197bb72a6dc9388f7317ab8a9a7292939f0f78452390d56dec46d9f3b3cb8bce63927f55c3833a3871e766d2494db15f6e28affb59d56a8b0b63a1afe95ab22b49ce401f0fbe8e6353fc159cc22969af0e2f910501a2e7088c7a7b4cff5a2bbd5702023606e60012e9294d79c6591cd0e7ed4a507198b8c6e5aa72d358bc50af25ad27ee51d96a4205519b91d4937ef8653d6e1573259705129650605ab014a9b1d61d7dbc61da4f9148b88326f05ffc7066b04b3f29a6d1cba6718d3aaf22926f8e5158d6302cfe8cd8d259af30648183939206449961327f6ec07df1dcd96971376a787f84d0aa2ffeeadcee160b24fa1444b3f147dd5fbbf1af1ef52f677591cd26f4d8861bd74e5402fad60fdf9f6414f232869bd9fa4d815cd412b0c16af7282ccfc30eb3f8766a0759e8bf064,gx-no-cache=1520594497782 HTTP/1.1" 200 72
186.103.159.187 - - [09/Mar/2018:08:24:20 -0300] "GET /cormun/servlet/solicitudot?INS,0,0, HTTP/1.1" 200 13386
186.103.159.187 - - [09/Mar/2018:08:24:23 -0300] "GET /cormun/servlet/solicitudot?INS,0,0, HTTP/1.1" 200 13386
192.168.10.56 - - [09/Mar/2018:08:24:25 -0300] "POST /cormun/servlet/trsolicitudgral?11b9442431472047e4d7aecc8c7981a2,,gx-no-cache=1520594503889 HTTP/1.1" 200 10649
186.103.159.187 - - [09/Mar/2018:08:24:36 -0300] "GET /cormun/servlet/trsolicitudot? HTTP/1.1" 200 7136
186.103.159.187 - - [09/Mar/2018:08:24:37 -0300] "GET /cormun/servlet/trsolicitudot? HTTP/1.1" 200 7135
186.103.159.187 - - [09/Mar/2018:08:24:42 -0300] "GET /cormun/servlet/trcontratoobservacion? HTTP/1.1" 200 6095
186.103.159.187 - - [09/Mar/2018:08:24:42 -0300] "GET /cormun/static/gxcfg.js?2017525126861 HTTP/1.1" 200 953
186.103.159.187 - - [09/Mar/2018:08:24:42 -0300] "GET /cormun/static/trcontratoobservacion.js?20175251261223 HTTP/1.1" 200 25148
186.103.159.187 - - [09/Mar/2018:08:24:44 -0300] "GET /cormun/servlet/trcontratoobservacion? HTTP/1.1" 200 6095
192.168.10.56 - - [09/Mar/2018:08:24:53 -0300] "GET /cormun/servlet/solicitudgral2?UPD,2018,10303, HTTP/1.1" 200 13022
192.168.10.56 - - [09/Mar/2018:08:24:54 -0300] "GET /cormun/servlet/solicitudgral2?UPD,2018,10303, HTTP/1.1" 200 13032
192.168.10.56 - - [09/Mar/2018:08:24:54 -0300] "POST /cormun/servlet/solicitudgral2?gx-no-cache=1520594532988 HTTP/1.1" 200 3917
192.168.10.56 - - [09/Mar/2018:08:24:55 -0300] "GET /cormun/servlet/solicitudgral2?b3ce022a31f8c71ccde95f6be9cdb7cf123ed747e2315fabc7bacf75fcbc7ad623746434d27fdc95bc3130eb5a90359dc84823b4e2593500ac9c14941171444744d5ec1625883714bd554285740d50dc34f0a79f2476bd9934f831a9affd637abc1f1eaf16f7cb775a2e1f2bfb2304d882924fcadc4bf9f149a9f25093794eb4e315c6259ffca448b6566c83411bbef873e2f29cdc905c06df4452d81ef898bcacfddc6c03ee702e0577e9da5e68dc202416a6987d83fd59384ac526af3bd1b98a1df5d49fd1b6c49d2b2ff57ce9b3638585edaad395c82d92fa7e9dec5939d11f01c30405a735ae1da9f61d6804c977c4963eb8e17fa972dcec144e041253aa6dbecc37c972bdaca1175d177f1db3ef07000578caa85313f13c7f2efe06231d9708159272b11075cdfee5d034e63066d97fc770b8cc0a3a2d4eee33fa11c7dffd0bce794169d118e55be264df9d4d89,gx-no-cache=1520594533132 HTTP/1.1" 200 255
192.168.10.56 - - [09/Mar/2018:08:24:55 -0300] "POST /cormun/servlet/solicitudgral2?gx-no-cache=1520594533155 HTTP/1.1" 200 1398
192.168.10.56 - - [09/Mar/2018:08:24:55 -0300] "GET /cormun/servlet/solicitudgral2?b3ce022a31f8c71ccde95f6be9cdb7cfbc1d7cfe361817bf3115dac8be6bccebce7a95037a55556fb0e55520193be898d30526bd8a396cd7f02d25edc2cd44b2c2966d1b446592900dc852e1c14e79af73314ee62ac7fbc0538be77a6264a8a80232e156385680ea92df51f49c31a6f1,gx-no-cache=1520594533195 HTTP/1.1" 200 41
186.103.159.187 - - [09/Mar/2018:08:24:58 -0300] "GET /cormun/servlet/hhome HTTP/1.1" 200 3914
192.168.10.56 - - [09/Mar/2018:08:24:59 -0300] "POST /cormun/servlet/solicitudgral2?11b9442431472047e4d7aecc8c7981a2,UPD,2018,10303,,gx-no-cache=1520594537801 HTTP/1.1" 200 11889
