186.79.5.199 - - [09/Mar/2018:09:07:31 -0300] "GET /cormun/static/about:blank HTTP/1.1" 404 1011
186.79.5.199 - - [09/Mar/2018:09:07:31 -0300] "GET /cormun/servlet/solicitudotadjuntos?INS,2018,10336,,2, HTTP/1.1" 200 6267
186.79.5.199 - - [09/Mar/2018:09:07:32 -0300] "GET /cormun/servlet/solicitudotadjuntos?60a4dcbb587529e8855b10ae7f2dc8b256ee9b176eacbaac3a283ff95c5e549a6b1dc213cb447b624475cc8a6f329ea2,gx-no-cache=1520597205418 HTTP/1.1" 200 30
186.79.5.199 - - [09/Mar/2018:09:07:33 -0300] "POST /cormun/servlet/solicitudotadjuntos?1b60448f3c2d72a6bbc5df5748ad8465,INS,2018,10336,,2,,gx-no-cache=1520597205549 HTTP/1.1" 200 4167
186.79.5.199 - - [09/Mar/2018:09:07:58 -0300] "POST /cormun/servlet/solicitudotadjuntos?1b60448f3c2d72a6bbc5df5748ad8465,INS,2018,10336,,2,,gx-no-cache=1520597230364 HTTP/1.1" 200 90
186.79.5.199 - - [09/Mar/2018:09:07:59 -0300] "GET /cormun/servlet/hpexe_link HTTP/1.1" 200 983
186.79.5.199 - - [09/Mar/2018:09:07:59 -0300] "GET /cormun/servlet/trsolicitudadjuntos?2018,10336, HTTP/1.1" 200 9832
186.79.5.199 - - [09/Mar/2018:09:08:02 -0300] "GET /cormun/servlet/trsolicitudadjuntos?2018,10336, HTTP/1.1" 200 9834
186.79.5.199 - - [09/Mar/2018:09:08:05 -0300] "POST /cormun/servlet/trsolicitudadjuntos?1b60448f3c2d72a6bbc5df5748ad8465,2018,10336,,gx-no-cache=1520597237224 HTTP/1.1" 200 90
186.79.5.199 - - [09/Mar/2018:09:08:05 -0300] "GET /cormun/servlet/hpexe_link HTTP/1.1" 200 971
186.79.5.199 - - [09/Mar/2018:09:08:05 -0300] "GET /cormun/servlet/trsolicitudot HTTP/1.1" 200 9698
186.79.5.199 - - [09/Mar/2018:09:08:06 -0300] "GET /cormun/servlet/trsolicitudot HTTP/1.1" 200 9697
186.79.5.199 - - [09/Mar/2018:09:08:12 -0300] "POST /cormun/servlet/trsolicitudot?1b60448f3c2d72a6bbc5df5748ad8465,gx-no-cache=1520597244156 HTTP/1.1" 200 6411
186.79.5.199 - - [09/Mar/2018:09:08:12 -0300] "GET /cormun/static/Shared/jqueryui/images/ui-bg_highlight-soft_100_c6c2c8_1x100.png HTTP/1.1" 404 1117
186.79.5.199 - - [09/Mar/2018:09:08:12 -0300] "GET /cormun/static/Shared/jqueryui/images/ui-icons_82798d_256x240.png HTTP/1.1" 404 1089
200.120.230.197 - - [09/Mar/2018:09:08:12 -0300] "GET /cormun/static/Shared/jqueryui/images/ui-icons_8d78a5_256x240.png HTTP/1.1" 404 1089
186.79.5.199 - - [09/Mar/2018:09:08:12 -0300] "GET /cormun/static/Shared/jqueryui/images/ui-bg_flat_55_fafafa_40x100.png HTTP/1.1" 404 1097
186.79.5.199 - - [09/Mar/2018:09:08:13 -0300] "POST /cormun/servlet/trsolicitudot?1b60448f3c2d72a6bbc5df5748ad8465,gx-no-cache=1520597245900 HTTP/1.1" 200 6352
192.168.10.56 - - [09/Mar/2018:09:08:28 -0300] "GET /cormun/servlet/vesolicitudgral?2018,10331,, HTTP/1.1" 200 9093
192.168.10.56 - - [09/Mar/2018:09:08:28 -0300] "GET /cormun/pexe_scrolldiv.js HTTP/1.1" 404 1009
192.168.10.56 - - [09/Mar/2018:09:08:28 -0300] "GET /cormun/static/gxcfg.js?201711151294153 HTTP/1.1" 304 -
192.168.10.56 - - [09/Mar/2018:09:08:28 -0300] "GET /cormun/pexe_scrolldiv.js HTTP/1.1" 404 1009
192.168.10.56 - - [09/Mar/2018:09:08:28 -0300] "GET /cormun/servlet/vesolicitudgral?2018,10331,, HTTP/1.1" 200 9092
192.168.10.56 - - [09/Mar/2018:09:08:31 -0300] "POST /cormun/servlet/vesolicitudgral?11b9442431472047e4d7aecc8c7981a2,2018,10331,,,gx-no-cache=1520597150044 HTTP/1.1" 200 93
192.168.10.56 - - [09/Mar/2018:09:08:32 -0300] "GET /cormun/servlet/hpexe_return? HTTP/1.1" 200 1035
192.168.10.56 - - [09/Mar/2018:09:08:32 -0300] "GET /cormun/servlet/trsolicitudgral?gx-no-cache=1520597068928 HTTP/1.1" 200 16709
192.168.10.56 - - [09/Mar/2018:09:08:32 -0300] "GET /cormun/servlet/trsolicitudgral?gx-no-cache=1520597068928 HTTP/1.1" 200 16725
200.86.95.220 - - [09/Mar/2018:09:08:33 -0300] "POST /cormun/servlet/solicitudot?gx-no-cache=1520597264265 HTTP/1.1" 200 1319
200.86.95.220 - - [09/Mar/2018:09:08:33 -0300] "POST /cormun/servlet/solicitudot?gx-no-cache=1520597264454 HTTP/1.1" 200 1218
200.86.95.220 - - [09/Mar/2018:09:08:33 -0300] "GET /cormun/servlet/solicitudot?37f23dc6224e3854295a0f31488c056065eb8bfb78b4bdc074a82076ce5b793bbf4556b781e9023c53dcfecf54255cf9,gx-no-cache=1520597264561 HTTP/1.1" 200 30
200.86.95.220 - - [09/Mar/2018:09:08:33 -0300] "POST /cormun/servlet/solicitudot?gx-no-cache=1520597264660 HTTP/1.1" 200 30
200.86.95.220 - - [09/Mar/2018:09:08:35 -0300] "POST /cormun/servlet/solicitudot?92a27c2db95808543fa581173fa0d235,INS,0,0,,gx-no-cache=1520597264778 HTTP/1.1" 200 93
200.86.95.220 - - [09/Mar/2018:09:08:35 -0300] "GET /cormun/servlet/hpexe_return? HTTP/1.1" 200 1004
200.86.95.220 - - [09/Mar/2018:09:08:35 -0300] "GET /cormun/servlet/trsolicitudot HTTP/1.1" 200 9316
200.120.230.197 - - [09/Mar/2018:09:08:38 -0300] "GET /cormun/servlet/vesolicitudot?2018,10243,, HTTP/1.1" 200 8617
200.86.95.220 - - [09/Mar/2018:09:08:38 -0300] "GET /cormun/servlet/trsolicitudot HTTP/1.1" 200 9312
200.120.230.197 - - [09/Mar/2018:09:08:38 -0300] "GET /cormun/pexe_scrolldiv.js HTTP/1.1" 404 1009
200.120.230.197 - - [09/Mar/2018:09:08:38 -0300] "GET /cormun/pexe_scrolldiv.js HTTP/1.1" 404 1009
200.120.230.197 - - [09/Mar/2018:09:08:39 -0300] "GET /cormun/servlet/vesolicitudot?2018,10243,, HTTP/1.1" 200 8616
200.120.230.197 - - [09/Mar/2018:09:08:42 -0300] "GET /cormun/servlet/hlogin HTTP/1.1" 200 1752
186.103.132.155 - - [09/Mar/2018:09:08:50 -0300] "POST /cormun/servlet/solicitudot?gx-no-cache=1520597282683 HTTP/1.1" 200 3405
186.103.132.155 - - [09/Mar/2018:09:08:52 -0300] "POST /cormun/servlet/solicitudot?5d74235bd5be8486b7905dda05b6df01,INS,0,0,,gx-no-cache=1520597283525 HTTP/1.1" 200 10574
186.103.132.155 - - [09/Mar/2018:09:08:56 -0300] "GET /cormun/servlet/solicitudot?42002d03490e3cdc61249b50ab449e03c33d65c8d5fd4e86055248a8b39b93f809d88a305b7c5335baaa1df0c69dd711,gx-no-cache=1520597288643 HTTP/1.1" 200 30
186.103.132.155 - - [09/Mar/2018:09:08:56 -0300] "GET /cormun/servlet/solicitudot?42002d03490e3cdc61249b50ab449e03e68e547c6a8913f2fa5a17da7765644f328aef0cdefffd81ef5fb8598bd44f4509d88a305b7c5335baaa1df0c69dd711,gx-no-cache=1520597288750 HTTP/1.1" 200 30
186.103.132.155 - - [09/Mar/2018:09:08:56 -0300] "GET /cormun/servlet/solicitudot?42002d03490e3cdc61249b50ab449e03178ee7b70385ad6480494172cb1fd240,gx-no-cache=1520597288836 HTTP/1.1" 200 53
186.103.132.155 - - [09/Mar/2018:09:08:56 -0300] "POST /cormun/servlet/solicitudot?gx-no-cache=1520597288921 HTTP/1.1" 200 255
186.103.132.155 - - [09/Mar/2018:09:08:56 -0300] "GET /cormun/servlet/solicitudot?42002d03490e3cdc61249b50ab449e03de2c2d99bde5d1248cba02bf751733df6dacac116ea5609caa847ccf7100fca2794f6eb89c25c9720ca158edad5cf4e4e2e3c7723570339b8509fbcdb35efb560970ee8194be0df57e27a06e579add57bc28d77ce658e0c72a1c3b1e9e6fcebaca4c3a283b14b53f379ec596a06baba0a353ed8fbee9d21544077ab52cbddc9f47e872816b49f4e59e3c2b06d1a29152ba3b337357b516790641eb1857adf00ca99f31016c05b010eb1212da03a300365edbec9dd3fde14d644a3714eb678ce8c6bc1250e2886d563ddde27257f5ca3b940ab2572a948379adfa039c4938b1607c520d6e80489ca05c9607f02ea99668bc8e86521dc6328953a32ec7d54c2f321d741dd90ce462daaf04673afd79cf3054a0a7a8dab40c064929bf50709382a73ddc670223c48c90ee957f1f631330225bc2397b992e42ede924dd989107be14efc88762bc42fe052210e5d73614ad02229a851d7721f5ee2a8ec892283662ff15b1998b532e93f5cb4e55b82be28c75,gx-no-cache=1520597289041 HTTP/1.1" 200 30
186.103.132.155 - - [09/Mar/2018:09:08:57 -0300] "POST /cormun/servlet/solicitudot?gx-no-cache=1520597289563 HTTP/1.1" 200 30
186.103.132.155 - - [09/Mar/2018:09:08:57 -0300] "POST /cormun/servlet/solicitudot?gx-no-cache=1520597289689 HTTP/1.1" 200 1337
186.103.132.155 - - [09/Mar/2018:09:08:57 -0300] "POST /cormun/servlet/solicitudot?gx-no-cache=1520597290205 HTTP/1.1" 200 38
200.86.95.220 - - [09/Mar/2018:09:09:08 -0300] "POST /cormun/servlet/trsolicitudot?92a27c2db95808543fa581173fa0d235,gx-no-cache=1520597298530 HTTP/1.1" 200 106
200.86.95.220 - - [09/Mar/2018:09:09:08 -0300] "GET /cormun/servlet/solicitudot?UPD,2018,10337, HTTP/1.1" 200 15126
192.168.10.89 - - [09/Mar/2018:09:09:09 -0300] "GET /cormun/servlet/vesolicitudgral?2018,9449,,SolicitudOTAdjuntos HTTP/1.1" 200 11637
192.168.10.89 - - [09/Mar/2018:09:09:09 -0300] "GET /cormun/pexe_scrolldiv.js HTTP/1.1" 404 1009
200.86.95.220 - - [09/Mar/2018:09:09:10 -0300] "GET /cormun/servlet/solicitudot?UPD,2018,10337, HTTP/1.1" 200 15136
192.168.10.89 - - [09/Mar/2018:09:09:10 -0300] "POST /cormun/servlet/acontrolpreferencessavestate?None,CDROGUETT,true HTTP/1.1" 200 35
192.168.10.89 - - [09/Mar/2018:09:09:11 -0300] "GET /cormun/PublicTempStorage/curriculum.7384626.docx HTTP/1.1" 200 75342
192.168.10.89 - - [09/Mar/2018:09:09:13 -0300] "OPTIONS /cormun/PublicTempStorage/ HTTP/1.1" 200 -
192.168.10.89 - - [09/Mar/2018:09:09:13 -0300] "OPTIONS /cormun/PublicTempStorage/ HTTP/1.1" 200 -
192.168.10.89 - - [09/Mar/2018:09:09:13 -0300] "HEAD /cormun/PublicTempStorage/curriculum.7384626.docx HTTP/1.1" 200 -
192.168.10.89 - - [09/Mar/2018:09:09:13 -0300] "HEAD /cormun/PublicTempStorage/curriculum.7384626.docx HTTP/1.1" 200 -
200.86.95.220 - - [09/Mar/2018:09:09:14 -0300] "POST /cormun/servlet/solicitudot?gx-no-cache=1520597301887 HTTP/1.1" 200 3347
200.86.95.220 - - [09/Mar/2018:09:09:17 -0300] "POST /cormun/servlet/solicitudot?92a27c2db95808543fa581173fa0d235,UPD,2018,10337,,gx-no-cache=1520597305976 HTTP/1.1" 200 11440
200.86.95.220 - - [09/Mar/2018:09:09:18 -0300] "GET /cormun/servlet/solicitudot?37f23dc6224e3854295a0f31488c05603e18ad483fc58f8072ca13e55469e909ff781556dc278ffcea78c4406368c120,gx-no-cache=1520597309171 HTTP/1.1" 200 30
200.86.95.220 - - [09/Mar/2018:09:09:18 -0300] "GET /cormun/servlet/solicitudot?37f23dc6224e3854295a0f31488c0560bbabd773890b7b8f2e41ee834c34bc46495c162fec0bf3b151caff9c4e5c748de4799c664c9397416a5ed4cf6e1df764,gx-no-cache=1520597309291 HTTP/1.1" 200 30
200.86.95.220 - - [09/Mar/2018:09:09:18 -0300] "GET /cormun/servlet/solicitudot?37f23dc6224e3854295a0f31488c0560e15e3d6747e1588122befc8d0ee0ccb8,gx-no-cache=1520597309392 HTTP/1.1" 200 29
200.86.95.220 - - [09/Mar/2018:09:09:18 -0300] "POST /cormun/servlet/solicitudot?gx-no-cache=1520597309511 HTTP/1.1" 200 297
200.86.95.220 - - [09/Mar/2018:09:09:18 -0300] "GET /cormun/servlet/solicitudot?37f23dc6224e3854295a0f31488c0560e4ce34a2b0a02558de3531dfb45a892eca63f8929a6962b2054d839a1f8a956dcc1a6d6176bf2cf114272685b3be127ae1b44659d67a1ab0dc563141e74259afcb192b905e65a7598e1f6f4e61ac77e6dfd9aeff92e52dae4c1da8e6fbbd27a74c18ca65aa1d316df39c5bb380dff0ac3c8e4a6cf879474d7705ed0565a060a020f569e87ec57e3a82657d0263f46763dae8a94b1947402d4a4e6039f4e3245b911f84f8029eff8c1d68e5a9b4df554ec9b69f64350f040087b45855ea03a503efc74f756f30bb50d270680bdd9f3952c5f8e5187e1bec8bcdf4179b739dccd8ad706921b13338bc99652074e3f1d9c8fa807259cd34cf75e4e3123340f1fee3d469c8699e8f9222cf099686b5834c4c25729dcc8401cc7ed3afb75a766e74c91290d78c07fdd4bd6467fd62dc93eefddf9ac730b1313ec11a8276696deae887d9214135de62661803c151c2997a29c4eaa6e8885731b3218634a2b88862bc410f2f9bd99ed6fcb0ac8b0113ab285ef70fe76b93d52f3fb0aea465fa070fbfc4,gx-no-cache=1520597309611 HTTP/1.1" 200 30
200.86.95.220 - - [09/Mar/2018:09:09:18 -0300] "POST /cormun/servlet/solicitudot?gx-no-cache=1520597310121 HTTP/1.1" 200 30
200.86.95.220 - - [09/Mar/2018:09:09:20 -0300] "POST /cormun/servlet/solicitudot?gx-no-cache=1520597310245 HTTP/1.1" 200 1334
200.86.95.220 - - [09/Mar/2018:09:09:20 -0300] "POST /cormun/servlet/solicitudot?gx-no-cache=1520597311306 HTTP/1.1" 200 41
200.111.122.170 - - [09/Mar/2018:09:09:23 -0300] "POST /cormun/servlet/solicitudot?gx-no-cache=1520597312716 HTTP/1.1" 200 30
200.111.122.170 - - [09/Mar/2018:09:09:26 -0300] "POST /cormun/servlet/solicitudot?gx-no-cache=1520597319018 HTTP/1.1" 200 1337
200.111.122.170 - - [09/Mar/2018:09:09:27 -0300] "POST /cormun/servlet/solicitudot?gx-no-cache=1520597319593 HTTP/1.1" 200 38
192.168.10.89 - - [09/Mar/2018:09:09:27 -0300] "GET /cormun/PublicTempStorage/curriculum.7384626.docx HTTP/1.1" 200 75342
192.168.10.89 - - [09/Mar/2018:09:09:27 -0300] "HEAD /cormun/PublicTempStorage/curriculum.7384626.docx HTTP/1.1" 200 -
192.168.10.96 - - [09/Mar/2018:09:09:29 -0300] "GET /cormun/servlet/trsolicitudgral? HTTP/1.1" 200 10538
192.168.10.96 - - [09/Mar/2018:09:09:30 -0300] "GET /cormun/servlet/trsolicitudgral? HTTP/1.1" 200 10538
192.168.10.56 - - [09/Mar/2018:09:09:33 -0300] "POST /cormun/servlet/trsolicitudgral?11b9442431472047e4d7aecc8c7981a2,gx-no-cache=1520597068928,gx-no-cache=1520597211099 HTTP/1.1" 200 8091
200.111.122.170 - - [09/Mar/2018:09:09:36 -0300] "GET /cormun/servlet/solicitudot?42002d03490e3cdc61249b50ab449e03be3f7883b34c26c3ea4c202c5af59a9b2219cd222122875423599f42ad9220130fb70dc46bcc6baef80b64de3511cceba3b8c454ea87a4df1d2fdc9d94db2d0d01c89aae7453186a4be29452261394c7117e345341c1c3d38bb9bf2145185f8c733981acdda974097109cbad3df0690397311c72be23be0007e713e782c9c3cd3967232800a90fdfc414fb8e3476b1a5,gx-no-cache=1520597329197 HTTP/1.1" 200 29
200.111.122.170 - - [09/Mar/2018:09:09:37 -0300] "POST /cormun/servlet/solicitudot?gx-no-cache=1520597329279 HTTP/1.1" 200 1319
200.111.122.170 - - [09/Mar/2018:09:09:37 -0300] "POST /cormun/servlet/solicitudot?gx-no-cache=1520597329904 HTTP/1.1" 200 1219
200.111.122.170 - - [09/Mar/2018:09:09:38 -0300] "GET /cormun/static/menuarrow.gif HTTP/1.1" 404 1015
192.168.10.96 - - [09/Mar/2018:09:09:38 -0300] "POST /cormun/servlet/trsolicitudgral?08d48f5bf22c3019facad26e01479a9c,,gx-no-cache=1520597217695 HTTP/1.1" 200 5932
192.168.10.96 - - [09/Mar/2018:09:09:45 -0300] "POST /cormun/servlet/trsolicitudgral?08d48f5bf22c3019facad26e01479a9c,,gx-no-cache=1520597224645 HTTP/1.1" 200 5922
192.168.10.96 - - [09/Mar/2018:09:09:48 -0300] "POST /cormun/servlet/trsolicitudgral?08d48f5bf22c3019facad26e01479a9c,,gx-no-cache=1520597227142 HTTP/1.1" 200 5922
192.168.10.96 - - [09/Mar/2018:09:09:48 -0300] "POST /cormun/servlet/trsolicitudgral?08d48f5bf22c3019facad26e01479a9c,,gx-no-cache=1520597227360 HTTP/1.1" 200 5922
192.168.10.96 - - [09/Mar/2018:09:09:48 -0300] "POST /cormun/servlet/trsolicitudgral?08d48f5bf22c3019facad26e01479a9c,,gx-no-cache=1520597227565 HTTP/1.1" 200 5923
192.168.10.96 - - [09/Mar/2018:09:09:49 -0300] "POST /cormun/servlet/trsolicitudgral?08d48f5bf22c3019facad26e01479a9c,,gx-no-cache=1520597227828 HTTP/1.1" 200 5922
192.168.10.96 - - [09/Mar/2018:09:09:56 -0300] "POST /cormun/servlet/trsolicitudgral?08d48f5bf22c3019facad26e01479a9c,,gx-no-cache=1520597235526 HTTP/1.1" 200 8875
200.86.95.220 - - [09/Mar/2018:09:09:58 -0300] "GET /cormun/servlet/solicitudot?37f23dc6224e3854295a0f31488c05607f180e1cd89c93239dc2ed7e8d99c2248024fe88ece8fd519d1db708d66433b2a61b3a3fba47a9927ab892ebaa189ada9d1052c4acdf5b8dc0ed19d601be9551a5959efbea1e88db732191e196b414b0c3370e09ec074b3077a33829804e4ba1,gx-no-cache=1520597349601 HTTP/1.1" 200 29
200.86.95.220 - - [09/Mar/2018:09:09:59 -0300] "POST /cormun/servlet/solicitudot?gx-no-cache=1520597349784 HTTP/1.1" 200 1319
200.86.95.220 - - [09/Mar/2018:09:09:59 -0300] "POST /cormun/servlet/solicitudot?gx-no-cache=1520597350290 HTTP/1.1" 200 1218
200.86.95.220 - - [09/Mar/2018:09:09:59 -0300] "GET /cormun/servlet/solicitudot?37f23dc6224e3854295a0f31488c056065eb8bfb78b4bdc074a82076ce5b793bbf4556b781e9023c53dcfecf54255cf9,gx-no-cache=1520597350974 HTTP/1.1" 200 30
200.86.95.220 - - [09/Mar/2018:09:09:59 -0300] "POST /cormun/servlet/solicitudot?gx-no-cache=1520597351073 HTTP/1.1" 200 30
200.86.95.220 - - [09/Mar/2018:09:10:00 -0300] "POST /cormun/servlet/solicitudot?92a27c2db95808543fa581173fa0d235,UPD,2018,10337,,gx-no-cache=1520597351193 HTTP/1.1" 200 93
200.86.95.220 - - [09/Mar/2018:09:10:00 -0300] "GET /cormun/servlet/hpexe_return? HTTP/1.1" 200 1012
200.86.95.220 - - [09/Mar/2018:09:10:01 -0300] "GET /cormun/servlet/trsolicitudot HTTP/1.1" 200 9298
200.86.95.220 - - [09/Mar/2018:09:10:02 -0300] "GET /cormun/servlet/trsolicitudot HTTP/1.1" 200 9294
192.168.10.96 - - [09/Mar/2018:09:10:03 -0300] "POST /cormun/servlet/trsolicitudgral?08d48f5bf22c3019facad26e01479a9c,,gx-no-cache=1520597241837 HTTP/1.1" 200 5921
200.86.95.220 - - [09/Mar/2018:09:10:07 -0300] "POST /cormun/servlet/trsolicitudot?92a27c2db95808543fa581173fa0d235,gx-no-cache=1520597357289 HTTP/1.1" 200 107
200.86.95.220 - - [09/Mar/2018:09:10:07 -0300] "GET /cormun/servlet/trsolicitudadjuntos?2018,10337, HTTP/1.1" 200 6048
200.86.95.220 - - [09/Mar/2018:09:10:09 -0300] "GET /cormun/servlet/trsolicitudadjuntos?2018,10337, HTTP/1.1" 200 6048
200.86.95.220 - - [09/Mar/2018:09:10:12 -0300] "GET /cormun/servlet/solicitudotadjuntos?INS,2018,10337,,1, HTTP/1.1" 200 5994
200.86.95.220 - - [09/Mar/2018:09:10:13 -0300] "GET /cormun/static/about:blank HTTP/1.1" 404 1011
200.86.95.220 - - [09/Mar/2018:09:10:13 -0300] "GET /cormun/servlet/solicitudotadjuntos?INS,2018,10337,,1, HTTP/1.1" 200 5986
200.86.95.220 - - [09/Mar/2018:09:10:14 -0300] "GET /cormun/servlet/solicitudotadjuntos?37f23dc6224e3854295a0f31488c0560722dea0a4d1f32e58f41db878943f0bab5c710c4eb44453c6de9e005da51e20f,gx-no-cache=1520597365456 HTTP/1.1" 200 30
200.86.95.220 - - [09/Mar/2018:09:10:15 -0300] "POST /cormun/servlet/solicitudotadjuntos?92a27c2db95808543fa581173fa0d235,INS,2018,10337,,1,,gx-no-cache=1520597365558 HTTP/1.1" 200 3794
200.86.95.220 - - [09/Mar/2018:09:10:18 -0300] "POST /cormun/servlet/solicitudotadjuntos?gx-no-cache=1520597368883 HTTP/1.1" 200 26
200.86.95.220 - - [09/Mar/2018:09:10:25 -0300] "GET /cormun/servlet/solicitudotadjuntos?37f23dc6224e3854295a0f31488c0560906ea330d34d61f4b38b1eeb86e3e7aa,gx-no-cache=1520597376603 HTTP/1.1" 200 30
200.86.95.220 - - [09/Mar/2018:09:10:25 -0300] "GET /cormun/servlet/solicitudotadjuntos?37f23dc6224e3854295a0f31488c0560906ea330d34d61f4b38b1eeb86e3e7aa,gx-no-cache=1520597376714 HTTP/1.1" 200 30
200.86.95.220 - - [09/Mar/2018:09:10:29 -0300] "POST /cormun/servlet/solicitudotadjuntos?92a27c2db95808543fa581173fa0d235,INS,2018,10337,,1, HTTP/1.1" 200 116
200.86.95.220 - - [09/Mar/2018:09:10:29 -0300] "GET /cormun/servlet/hpexe_return? HTTP/1.1" 200 1024
200.86.95.220 - - [09/Mar/2018:09:10:29 -0300] "GET /cormun/servlet/trsolicitudadjuntos?2018,10337, HTTP/1.1" 200 8458
200.86.95.220 - - [09/Mar/2018:09:10:30 -0300] "GET /cormun/servlet/trsolicitudadjuntos?2018,10337, HTTP/1.1" 200 8454
200.86.95.220 - - [09/Mar/2018:09:10:33 -0300] "GET /cormun/servlet/solicitudotadjuntos?INS,2018,10337,,1, HTTP/1.1" 200 5994
200.86.95.220 - - [09/Mar/2018:09:10:34 -0300] "GET /cormun/static/about:blank HTTP/1.1" 404 1011
200.86.95.220 - - [09/Mar/2018:09:10:35 -0300] "GET /cormun/servlet/solicitudotadjuntos?37f23dc6224e3854295a0f31488c0560722dea0a4d1f32e58f41db878943f0bab5c710c4eb44453c6de9e005da51e20f,gx-no-cache=1520597386790 HTTP/1.1" 200 30
200.86.95.220 - - [09/Mar/2018:09:10:35 -0300] "GET /cormun/servlet/solicitudotadjuntos?INS,2018,10337,,1, HTTP/1.1" 200 5986
200.86.95.220 - - [09/Mar/2018:09:10:36 -0300] "POST /cormun/servlet/solicitudotadjuntos?92a27c2db95808543fa581173fa0d235,INS,2018,10337,,1,,gx-no-cache=1520597386982 HTTP/1.1" 200 3794
200.86.95.220 - - [09/Mar/2018:09:10:38 -0300] "POST /cormun/servlet/solicitudotadjuntos?gx-no-cache=1520597389808 HTTP/1.1" 200 26
200.86.95.220 - - [09/Mar/2018:09:10:45 -0300] "GET /cormun/servlet/solicitudotadjuntos?37f23dc6224e3854295a0f31488c0560906ea330d34d61f4b38b1eeb86e3e7aa,gx-no-cache=1520597396947 HTTP/1.1" 200 30
200.86.95.220 - - [09/Mar/2018:09:10:45 -0300] "GET /cormun/servlet/solicitudotadjuntos?37f23dc6224e3854295a0f31488c0560906ea330d34d61f4b38b1eeb86e3e7aa,gx-no-cache=1520597397035 HTTP/1.1" 200 30
200.86.95.220 - - [09/Mar/2018:09:11:02 -0300] "POST /cormun/servlet/solicitudotadjuntos?92a27c2db95808543fa581173fa0d235,INS,2018,10337,,1, HTTP/1.1" 200 116
200.86.95.220 - - [09/Mar/2018:09:11:02 -0300] "GET /cormun/servlet/hpexe_return? HTTP/1.1" 200 1024
200.86.95.220 - - [09/Mar/2018:09:11:03 -0300] "GET /cormun/servlet/trsolicitudadjuntos?2018,10337, HTTP/1.1" 200 8681
200.86.95.220 - - [09/Mar/2018:09:11:04 -0300] "GET /cormun/servlet/trsolicitudadjuntos?2018,10337, HTTP/1.1" 200 8681
186.103.159.182 - - [09/Mar/2018:09:11:06 -0300] "POST /cormun/servlet/trcontratosolicitud?e25e6f784330fd7f31c804aa4e64915c,gx-no-cache=1520597359863 HTTP/1.1" 200 5374
200.86.95.220 - - [09/Mar/2018:09:11:07 -0300] "GET /cormun/servlet/solicitudotadjuntos?INS,2018,10337,,1, HTTP/1.1" 200 5994
200.86.95.220 - - [09/Mar/2018:09:11:08 -0300] "GET /cormun/static/about:blank HTTP/1.1" 404 1011
200.86.95.220 - - [09/Mar/2018:09:11:12 -0300] "GET /cormun/servlet/solicitudotadjuntos?37f23dc6224e3854295a0f31488c0560722dea0a4d1f32e58f41db878943f0bab5c710c4eb44453c6de9e005da51e20f,gx-no-cache=1520597420126 HTTP/1.1" 200 30
200.86.95.220 - - [09/Mar/2018:09:11:12 -0300] "GET /cormun/servlet/solicitudotadjuntos?INS,2018,10337,,1, HTTP/1.1" 200 5986
200.86.95.220 - - [09/Mar/2018:09:11:12 -0300] "POST /cormun/servlet/solicitudotadjuntos?92a27c2db95808543fa581173fa0d235,INS,2018,10337,,1,,gx-no-cache=1520597423303 HTTP/1.1" 200 3793
200.86.95.220 - - [09/Mar/2018:09:11:16 -0300] "POST /cormun/servlet/solicitudotadjuntos?gx-no-cache=1520597427987 HTTP/1.1" 200 26
200.86.95.220 - - [09/Mar/2018:09:11:25 -0300] "GET /cormun/servlet/solicitudotadjuntos?37f23dc6224e3854295a0f31488c0560906ea330d34d61f4b38b1eeb86e3e7aa,gx-no-cache=1520597436628 HTTP/1.1" 200 30
200.86.95.220 - - [09/Mar/2018:09:11:25 -0300] "GET /cormun/servlet/solicitudotadjuntos?37f23dc6224e3854295a0f31488c0560906ea330d34d61f4b38b1eeb86e3e7aa,gx-no-cache=1520597436715 HTTP/1.1" 200 30
200.86.95.220 - - [09/Mar/2018:09:11:31 -0300] "POST /cormun/servlet/solicitudotadjuntos?92a27c2db95808543fa581173fa0d235,INS,2018,10337,,1, HTTP/1.1" 200 116
200.86.95.220 - - [09/Mar/2018:09:11:31 -0300] "GET /cormun/servlet/hpexe_return? HTTP/1.1" 200 1024
200.86.95.220 - - [09/Mar/2018:09:11:31 -0300] "GET /cormun/servlet/trsolicitudadjuntos?2018,10337, HTTP/1.1" 200 8860
200.86.95.220 - - [09/Mar/2018:09:11:33 -0300] "GET /cormun/servlet/trsolicitudadjuntos?2018,10337, HTTP/1.1" 200 8860
200.86.95.220 - - [09/Mar/2018:09:11:41 -0300] "GET /cormun/servlet/solicitudotadjuntos?INS,2018,10337,,1, HTTP/1.1" 200 5994
200.86.95.220 - - [09/Mar/2018:09:11:41 -0300] "GET /cormun/static/about:blank HTTP/1.1" 404 1011
200.86.95.220 - - [09/Mar/2018:09:11:43 -0300] "GET /cormun/servlet/solicitudotadjuntos?37f23dc6224e3854295a0f31488c0560722dea0a4d1f32e58f41db878943f0bab5c710c4eb44453c6de9e005da51e20f,gx-no-cache=1520597454476 HTTP/1.1" 200 30
200.86.95.220 - - [09/Mar/2018:09:11:43 -0300] "GET /cormun/servlet/solicitudotadjuntos?INS,2018,10337,,1, HTTP/1.1" 200 5987
200.86.95.220 - - [09/Mar/2018:09:11:47 -0300] "POST /cormun/servlet/solicitudotadjuntos?92a27c2db95808543fa581173fa0d235,INS,2018,10337,,1,,gx-no-cache=1520597454643 HTTP/1.1" 200 3793
200.86.95.220 - - [09/Mar/2018:09:11:51 -0300] "POST /cormun/servlet/solicitudotadjuntos?gx-no-cache=1520597462818 HTTP/1.1" 200 26
186.103.159.182 - - [09/Mar/2018:09:12:06 -0300] "GET /cormun/servlet/trcontratosolicitud HTTP/1.1" 200 7986
186.103.159.182 - - [09/Mar/2018:09:12:08 -0300] "GET /cormun/servlet/trcontratosolicitud HTTP/1.1" 200 7986
200.86.95.220 - - [09/Mar/2018:09:12:08 -0300] "GET /cormun/servlet/solicitudotadjuntos?37f23dc6224e3854295a0f31488c0560906ea330d34d61f4b38b1eeb86e3e7aa,gx-no-cache=1520597480141 HTTP/1.1" 200 30
200.86.95.220 - - [09/Mar/2018:09:12:09 -0300] "GET /cormun/servlet/solicitudotadjuntos?37f23dc6224e3854295a0f31488c0560906ea330d34d61f4b38b1eeb86e3e7aa,gx-no-cache=1520597480226 HTTP/1.1" 200 30
186.103.159.182 - - [09/Mar/2018:09:12:11 -0300] "POST /cormun/servlet/trcontratosolicitud?e25e6f784330fd7f31c804aa4e64915c,gx-no-cache=1520597427457 HTTP/1.1" 200 12542
192.168.10.61 - - [09/Mar/2018:09:12:13 -0300] "GET /cormun/servlet/trsolicitudgral? HTTP/1.1" 500 10
200.86.95.220 - - [09/Mar/2018:09:12:13 -0300] "POST /cormun/servlet/solicitudotadjuntos?92a27c2db95808543fa581173fa0d235,INS,2018,10337,,1, HTTP/1.1" 200 116
200.86.95.220 - - [09/Mar/2018:09:12:14 -0300] "GET /cormun/servlet/hpexe_return? HTTP/1.1" 200 1024
186.103.159.182 - - [09/Mar/2018:09:12:14 -0300] "POST /cormun/servlet/trcontratosolicitud?e25e6f784330fd7f31c804aa4e64915c,gx-no-cache=1520597410533 HTTP/1.1" 500 10
200.86.95.220 - - [09/Mar/2018:09:12:14 -0300] "GET /cormun/servlet/trsolicitudadjuntos?2018,10337, HTTP/1.1" 200 9045
200.86.95.220 - - [09/Mar/2018:09:12:16 -0300] "GET /cormun/servlet/trsolicitudadjuntos?2018,10337, HTTP/1.1" 200 9042
192.168.10.61 - - [09/Mar/2018:09:12:25 -0300] "GET /cormun/servlet/vesolicitudgral?2018,9991,, HTTP/1.1" 200 7863
192.168.10.61 - - [09/Mar/2018:09:12:27 -0300] "GET /cormun/servlet/vesolicitudgral?2018,9991,, HTTP/1.1" 200 7859
192.168.10.61 - - [09/Mar/2018:09:12:27 -0300] "GET /cormun/servlet/hlogin HTTP/1.1" 200 1745
200.86.95.220 - - [09/Mar/2018:09:12:27 -0300] "GET /cormun/servlet/solicitudotadjuntos?INS,2018,10337,,1, HTTP/1.1" 200 5995
200.86.95.220 - - [09/Mar/2018:09:12:28 -0300] "GET /cormun/static/about:blank HTTP/1.1" 404 1011
200.86.95.220 - - [09/Mar/2018:09:12:29 -0300] "GET /cormun/servlet/solicitudotadjuntos?INS,2018,10337,,1, HTTP/1.1" 200 5987
200.86.95.220 - - [09/Mar/2018:09:12:29 -0300] "GET /cormun/servlet/solicitudotadjuntos?37f23dc6224e3854295a0f31488c0560722dea0a4d1f32e58f41db878943f0bab5c710c4eb44453c6de9e005da51e20f,gx-no-cache=1520597500838 HTTP/1.1" 200 30
200.86.95.220 - - [09/Mar/2018:09:12:30 -0300] "POST /cormun/servlet/solicitudotadjuntos?92a27c2db95808543fa581173fa0d235,INS,2018,10337,,1,,gx-no-cache=1520597500943 HTTP/1.1" 200 3795
186.103.161.206 - - [09/Mar/2018:09:12:32 -0300] "POST /cormun/servlet/solicitudot?gx-no-cache=1520597503374 HTTP/1.1" 200 1319
186.103.161.206 - - [09/Mar/2018:09:12:32 -0300] "POST /cormun/servlet/solicitudot?gx-no-cache=1520597504724 HTTP/1.1" 200 1219
186.103.161.206 - - [09/Mar/2018:09:12:32 -0300] "GET /cormun/servlet/solicitudot?42002d03490e3cdc61249b50ab449e03adef4fa625093d325285a9c9c67ba464,gx-no-cache=1520597504933 HTTP/1.1" 200 30
186.103.161.206 - - [09/Mar/2018:09:12:32 -0300] "POST /cormun/servlet/solicitudot?gx-no-cache=1520597505018 HTTP/1.1" 200 30
200.86.95.220 - - [09/Mar/2018:09:12:33 -0300] "POST /cormun/servlet/solicitudotadjuntos?gx-no-cache=1520597504941 HTTP/1.1" 200 26
192.168.10.61 - - [09/Mar/2018:09:12:38 -0300] "POST /cormun/servlet/hlogin?46cfa86e5ae1d0ae05f8a51de09f4516,gx-no-cache=1520597396328 HTTP/1.1" 200 461
200.86.95.220 - - [09/Mar/2018:09:12:40 -0300] "GET /cormun/servlet/solicitudotadjuntos?37f23dc6224e3854295a0f31488c0560906ea330d34d61f4b38b1eeb86e3e7aa,gx-no-cache=1520597511559 HTTP/1.1" 200 30
200.86.95.220 - - [09/Mar/2018:09:12:40 -0300] "GET /cormun/servlet/solicitudotadjuntos?37f23dc6224e3854295a0f31488c0560906ea330d34d61f4b38b1eeb86e3e7aa,gx-no-cache=1520597511652 HTTP/1.1" 200 30
200.86.95.220 - - [09/Mar/2018:09:12:45 -0300] "POST /cormun/servlet/solicitudotadjuntos?92a27c2db95808543fa581173fa0d235,INS,2018,10337,,1, HTTP/1.1" 200 116
200.86.95.220 - - [09/Mar/2018:09:12:45 -0300] "GET /cormun/servlet/hpexe_return? HTTP/1.1" 200 1024
200.86.95.220 - - [09/Mar/2018:09:12:46 -0300] "GET /cormun/servlet/trsolicitudadjuntos?2018,10337, HTTP/1.1" 200 9297
200.86.95.220 - - [09/Mar/2018:09:12:47 -0300] "GET /cormun/servlet/trsolicitudadjuntos?2018,10337, HTTP/1.1" 200 9297
200.86.95.220 - - [09/Mar/2018:09:12:50 -0300] "GET /cormun/servlet/solicitudotadjuntos?INS,2018,10337,,1, HTTP/1.1" 200 5995
200.86.95.220 - - [09/Mar/2018:09:12:51 -0300] "GET /cormun/static/about:blank HTTP/1.1" 404 1011
200.86.95.220 - - [09/Mar/2018:09:12:52 -0300] "GET /cormun/servlet/solicitudotadjuntos?INS,2018,10337,,1, HTTP/1.1" 200 5987
192.168.10.61 - - [09/Mar/2018:09:12:52 -0300] "POST /cormun/servlet/hlogin?46cfa86e5ae1d0ae05f8a51de09f4516,gx-no-cache=1520597410332 HTTP/1.1" 200 90
192.168.10.61 - - [09/Mar/2018:09:12:52 -0300] "GET /cormun/servlet/hpexe_link HTTP/1.1" 200 965
200.86.95.220 - - [09/Mar/2018:09:12:52 -0300] "GET /cormun/servlet/solicitudotadjuntos?37f23dc6224e3854295a0f31488c0560722dea0a4d1f32e58f41db878943f0bab5c710c4eb44453c6de9e005da51e20f,gx-no-cache=1520597523658 HTTP/1.1" 200 30
192.168.10.61 - - [09/Mar/2018:09:12:52 -0300] "GET /cormun/servlet/vesolicitudgral?2018,9991,, HTTP/1.1" 200 8942
192.168.10.61 - - [09/Mar/2018:09:12:52 -0300] "GET /cormun/pexe_scrolldiv.js HTTP/1.1" 404 1009
192.168.10.61 - - [09/Mar/2018:09:12:52 -0300] "GET /cormun/static/tbsolicitudgral01.js?201813119422078 HTTP/1.1" 304 -
192.168.10.61 - - [09/Mar/2018:09:12:52 -0300] "GET /cormun/pexe_scrolldiv.js HTTP/1.1" 404 1009
192.168.10.61 - - [09/Mar/2018:09:12:53 -0300] "GET /cormun/servlet/vesolicitudgral?2018,9991,, HTTP/1.1" 200 8939
200.86.95.220 - - [09/Mar/2018:09:12:53 -0300] "POST /cormun/servlet/solicitudotadjuntos?92a27c2db95808543fa581173fa0d235,INS,2018,10337,,1,,gx-no-cache=1520597523750 HTTP/1.1" 200 3794
200.86.95.220 - - [09/Mar/2018:09:12:56 -0300] "POST /cormun/servlet/solicitudotadjuntos?gx-no-cache=1520597527101 HTTP/1.1" 200 26
192.168.10.61 - - [09/Mar/2018:09:12:59 -0300] "GET /cormun/servlet/trsolicitudgral? HTTP/1.1" 200 27355
192.168.10.61 - - [09/Mar/2018:09:12:59 -0300] "GET /cormun/static/trsolicitudgral.js?201813119462015 HTTP/1.1" 304 -
192.168.10.61 - - [09/Mar/2018:09:13:00 -0300] "GET /cormun/servlet/trsolicitudgral? HTTP/1.1" 200 27350
200.86.95.220 - - [09/Mar/2018:09:13:02 -0300] "GET /cormun/servlet/solicitudotadjuntos?37f23dc6224e3854295a0f31488c0560906ea330d34d61f4b38b1eeb86e3e7aa,gx-no-cache=1520597532880 HTTP/1.1" 200 30
200.86.95.220 - - [09/Mar/2018:09:13:02 -0300] "GET /cormun/servlet/solicitudotadjuntos?37f23dc6224e3854295a0f31488c0560906ea330d34d61f4b38b1eeb86e3e7aa,gx-no-cache=1520597533557 HTTP/1.1" 200 30
200.86.95.220 - - [09/Mar/2018:09:13:05 -0300] "POST /cormun/servlet/solicitudotadjuntos?92a27c2db95808543fa581173fa0d235,INS,2018,10337,,1, HTTP/1.1" 200 116
200.86.95.220 - - [09/Mar/2018:09:13:05 -0300] "GET /cormun/servlet/hpexe_return? HTTP/1.1" 200 1024
200.86.95.220 - - [09/Mar/2018:09:13:06 -0300] "GET /cormun/servlet/trsolicitudadjuntos?2018,10337, HTTP/1.1" 200 9557
192.168.10.62 - - [09/Mar/2018:09:13:06 -0300] "POST /cormun/servlet/trsolicitudgral?3ec639b3b2d30f75ee5dc68308b9fdb7,,gx-no-cache=1520597424862 HTTP/1.1" 200 105
192.168.10.62 - - [09/Mar/2018:09:13:07 -0300] "GET /cormun/SolicitudGral-3956.xls HTTP/1.1" 200 17920
200.86.95.220 - - [09/Mar/2018:09:13:08 -0300] "GET /cormun/servlet/trsolicitudadjuntos?2018,10337, HTTP/1.1" 200 9559
186.103.159.182 - - [09/Mar/2018:09:13:11 -0300] "GET /cormun/servlet/trcontratounov2? HTTP/1.1" 200 18060
200.86.95.220 - - [09/Mar/2018:09:13:11 -0300] "POST /cormun/servlet/trsolicitudadjuntos?92a27c2db95808543fa581173fa0d235,2018,10337,,gx-no-cache=1520597542317 HTTP/1.1" 200 90
200.86.95.220 - - [09/Mar/2018:09:13:11 -0300] "GET /cormun/servlet/hpexe_link HTTP/1.1" 200 966
200.86.95.220 - - [09/Mar/2018:09:13:12 -0300] "GET /cormun/servlet/trsolicitudot HTTP/1.1" 200 9295
186.103.159.182 - - [09/Mar/2018:09:13:13 -0300] "GET /cormun/servlet/trcontratounov2? HTTP/1.1" 200 18059
200.86.95.220 - - [09/Mar/2018:09:13:14 -0300] "GET /cormun/servlet/trsolicitudot HTTP/1.1" 200 9294
192.168.10.61 - - [09/Mar/2018:09:13:19 -0300] "POST /cormun/servlet/trsolicitudgral?46cfa86e5ae1d0ae05f8a51de09f4516,,gx-no-cache=1520597437336 HTTP/1.1" 200 5868
192.168.10.56 - - [09/Mar/2018:09:13:29 -0300] "POST /cormun/servlet/trsolicitudgral?11b9442431472047e4d7aecc8c7981a2,gx-no-cache=1520597068928,gx-no-cache=1520597447087 HTTP/1.1" 200 8927
200.86.95.220 - - [09/Mar/2018:09:13:36 -0300] "POST /cormun/servlet/trsolicitudot?92a27c2db95808543fa581173fa0d235,gx-no-cache=1520597565386 HTTP/1.1" 200 6057
200.86.95.220 - - [09/Mar/2018:09:13:36 -0300] "GET /cormun/static/Shared/jqueryui/images/ui-icons_82798d_256x240.png HTTP/1.1" 404 1089
200.86.95.220 - - [09/Mar/2018:09:13:36 -0300] "GET /cormun/static/Shared/jqueryui/images/ui-bg_highlight-soft_100_c6c2c8_1x100.png HTTP/1.1" 404 1117
200.86.95.220 - - [09/Mar/2018:09:13:36 -0300] "GET /cormun/static/Shared/jqueryui/images/ui-icons_8d78a5_256x240.png HTTP/1.1" 404 1089
200.86.95.220 - - [09/Mar/2018:09:13:36 -0300] "GET /cormun/static/Shared/jqueryui/images/ui-bg_flat_55_fafafa_40x100.png HTTP/1.1" 404 1097
192.168.10.56 - - [09/Mar/2018:09:13:36 -0300] "POST /cormun/servlet/trsolicitudgral?11b9442431472047e4d7aecc8c7981a2,gx-no-cache=1520597068928,gx-no-cache=1520597454815 HTTP/1.1" 200 5930
192.168.10.61 - - [09/Mar/2018:09:13:38 -0300] "POST /cormun/servlet/trsolicitudgral?46cfa86e5ae1d0ae05f8a51de09f4516,,gx-no-cache=1520597456423 HTTP/1.1" 200 5867
200.86.95.220 - - [09/Mar/2018:09:13:39 -0300] "POST /cormun/servlet/trsolicitudot?92a27c2db95808543fa581173fa0d235,gx-no-cache=1520597567701 HTTP/1.1" 200 5998
192.168.10.56 - - [09/Mar/2018:09:13:42 -0300] "POST /cormun/servlet/trsolicitudgral?11b9442431472047e4d7aecc8c7981a2,gx-no-cache=1520597068928,gx-no-cache=1520597459969 HTTP/1.1" 200 17681
200.86.95.220 - - [09/Mar/2018:09:13:44 -0300] "POST /cormun/servlet/trsolicitudot?92a27c2db95808543fa581173fa0d235,gx-no-cache=1520597574309 HTTP/1.1" 200 5657
200.86.95.220 - - [09/Mar/2018:09:13:46 -0300] "POST /cormun/servlet/trsolicitudot?92a27c2db95808543fa581173fa0d235,gx-no-cache=1520597575919 HTTP/1.1" 200 5599
192.168.10.61 - - [09/Mar/2018:09:13:51 -0300] "POST /cormun/servlet/trsolicitudgral?46cfa86e5ae1d0ae05f8a51de09f4516,,gx-no-cache=1520597469814 HTTP/1.1" 200 5868
200.86.95.220 - - [09/Mar/2018:09:13:52 -0300] "POST /cormun/servlet/trsolicitudot?92a27c2db95808543fa581173fa0d235,gx-no-cache=1520597579134 HTTP/1.1" 200 4469
192.168.10.61 - - [09/Mar/2018:09:13:59 -0300] "POST /cormun/servlet/trsolicitudgral?46cfa86e5ae1d0ae05f8a51de09f4516,,gx-no-cache=1520597477470 HTTP/1.1" 200 5866
192.168.10.56 - - [09/Mar/2018:09:14:03 -0300] "POST /cormun/servlet/trsolicitudgral?11b9442431472047e4d7aecc8c7981a2,gx-no-cache=1520597068928,gx-no-cache=1520597481305 HTTP/1.1" 200 5930
200.86.95.220 - - [09/Mar/2018:09:14:07 -0300] "POST /cormun/servlet/trsolicitudot?92a27c2db95808543fa581173fa0d235,gx-no-cache=1520597583851 HTTP/1.1" 200 4252
192.168.10.56 - - [09/Mar/2018:09:14:07 -0300] "POST /cormun/servlet/trsolicitudgral?11b9442431472047e4d7aecc8c7981a2,gx-no-cache=1520597068928,gx-no-cache=1520597485974 HTTP/1.1" 200 8927
192.168.10.61 - - [09/Mar/2018:09:14:20 -0300] "POST /cormun/servlet/trsolicitudgral?46cfa86e5ae1d0ae05f8a51de09f4516,,gx-no-cache=1520597498624 HTTP/1.1" 200 5868
192.168.10.61 - - [09/Mar/2018:09:14:22 -0300] "POST /cormun/servlet/trsolicitudgral?46cfa86e5ae1d0ae05f8a51de09f4516,,gx-no-cache=1520597500462 HTTP/1.1" 200 5867
192.168.10.56 - - [09/Mar/2018:09:14:23 -0300] "POST /cormun/servlet/trsolicitudgral?11b9442431472047e4d7aecc8c7981a2,gx-no-cache=1520597068928,gx-no-cache=1520597501929 HTTP/1.1" 200 7294
200.86.95.220 - - [09/Mar/2018:09:14:36 -0300] "GET /cormun/servlet/hlogin HTTP/1.1" 200 1716
192.168.10.61 - - [09/Mar/2018:09:14:37 -0300] "POST /cormun/servlet/trsolicitudgral?46cfa86e5ae1d0ae05f8a51de09f4516,,gx-no-cache=1520597515326 HTTP/1.1" 200 10576
192.168.10.56 - - [09/Mar/2018:09:14:38 -0300] "POST /cormun/servlet/trsolicitudgral?11b9442431472047e4d7aecc8c7981a2,gx-no-cache=1520597068928,gx-no-cache=1520597516658 HTTP/1.1" 200 5929
186.103.159.182 - - [09/Mar/2018:09:15:00 -0300] "GET /cormun/servlet/trcontratounov2? HTTP/1.1" 200 18054
186.103.159.182 - - [09/Mar/2018:09:15:02 -0300] "GET /cormun/servlet/trcontratounov2? HTTP/1.1" 200 18059
192.168.10.50 - - [09/Mar/2018:09:15:04 -0300] "POST /cormun/servlet/trsolicitudgral?ce049adf1501c0d489570ce6ebc8646f,,gx-no-cache=1520597542098 HTTP/1.1" 200 8679
186.103.161.206 - - [09/Mar/2018:09:15:08 -0300] "POST /cormun/servlet/solicitudot?gx-no-cache=1520597659881 HTTP/1.1" 200 30
190.100.93.40 - - [09/Mar/2018:09:15:11 -0300] "GET /cormun/servlet/hlogin HTTP/1.1" 200 1712
186.103.159.182 - - [09/Mar/2018:09:15:12 -0300] "POST /cormun/servlet/trcontratounov2?e25e6f784330fd7f31c804aa4e64915c,,gx-no-cache=1520597603036 HTTP/1.1" 200 17742
200.86.95.220 - - [09/Mar/2018:09:15:13 -0300] "POST /cormun/servlet/hlogin?92a27c2db95808543fa581173fa0d235,gx-no-cache=1520597663172 HTTP/1.1" 200 90
200.86.95.220 - - [09/Mar/2018:09:15:13 -0300] "GET /cormun/servlet/hpexe_link HTTP/1.1" 200 948
200.86.95.220 - - [09/Mar/2018:09:15:13 -0300] "GET /cormun/servlet/hhome HTTP/1.1" 200 4116
192.168.10.56 - - [09/Mar/2018:09:15:14 -0300] "POST /cormun/servlet/trsolicitudgral?11b9442431472047e4d7aecc8c7981a2,gx-no-cache=1520597068928,gx-no-cache=1520597552345 HTTP/1.1" 200 8091
200.86.95.220 - - [09/Mar/2018:09:15:15 -0300] "GET /cormun/servlet/hhome HTTP/1.1" 200 4113
186.103.161.206 - - [09/Mar/2018:09:15:16 -0300] "POST /cormun/servlet/solicitudot?gx-no-cache=1520597667457 HTTP/1.1" 200 30
200.86.95.220 - - [09/Mar/2018:09:15:18 -0300] "GET /cormun/servlet/trautorizarsolicitud? HTTP/1.1" 200 9350
200.86.95.220 - - [09/Mar/2018:09:15:20 -0300] "GET /cormun/servlet/trautorizarsolicitud? HTTP/1.1" 200 9348
186.103.159.182 - - [09/Mar/2018:09:15:23 -0300] "POST /cormun/servlet/trcontratounov2?e25e6f784330fd7f31c804aa4e64915c,,gx-no-cache=1520597613339 HTTP/1.1" 200 17697
190.100.93.40 - - [09/Mar/2018:09:15:27 -0300] "POST /cormun/servlet/hlogin?50eeaf17eb99e967a28e6a57335f3130,gx-no-cache=1520597681583 HTTP/1.1" 200 90
190.100.93.40 - - [09/Mar/2018:09:15:27 -0300] "GET /cormun/servlet/hpexe_link HTTP/1.1" 200 946
190.100.93.40 - - [09/Mar/2018:09:15:27 -0300] "GET /cormun/servlet/hhome HTTP/1.1" 200 4322
190.100.93.40 - - [09/Mar/2018:09:15:28 -0300] "GET /cormun/servlet/hhome HTTP/1.1" 200 4318
200.86.95.220 - - [09/Mar/2018:09:15:29 -0300] "POST /cormun/servlet/trautorizarsolicitud?92a27c2db95808543fa581173fa0d235,,gx-no-cache=1520597679294 HTTP/1.1" 200 6174
200.86.95.220 - - [09/Mar/2018:09:15:29 -0300] "GET /cormun/static/Shared/jqueryui/images/ui-bg_highlight-soft_100_c6c2c8_1x100.png HTTP/1.1" 404 1117
200.86.95.220 - - [09/Mar/2018:09:15:29 -0300] "GET /cormun/static/Shared/jqueryui/images/ui-icons_82798d_256x240.png HTTP/1.1" 404 1089
200.86.95.220 - - [09/Mar/2018:09:15:29 -0300] "GET /cormun/static/Shared/jqueryui/images/ui-bg_flat_55_fafafa_40x100.png HTTP/1.1" 404 1097
200.86.95.220 - - [09/Mar/2018:09:15:29 -0300] "GET /cormun/static/Shared/jqueryui/images/ui-icons_8d78a5_256x240.png HTTP/1.1" 404 1089
190.100.93.40 - - [09/Mar/2018:09:15:31 -0300] "GET /cormun/servlet/trsolicitudot? HTTP/1.1" 200 8938
200.86.95.220 - - [09/Mar/2018:09:15:31 -0300] "POST /cormun/servlet/trautorizarsolicitud?92a27c2db95808543fa581173fa0d235,,gx-no-cache=1520597680763 HTTP/1.1" 200 6117
190.100.93.40 - - [09/Mar/2018:09:15:31 -0300] "GET /cormun/servlet/trsolicitudot? HTTP/1.1" 200 8936
186.103.161.206 - - [09/Mar/2018:09:15:33 -0300] "GET /cormun/static/Resources/resize.gif HTTP/1.1" 200 77
200.111.122.170 - - [09/Mar/2018:09:15:33 -0300] "GET /cormun/servlet/prsolicitudot?14201838,,,,,MD,,gxPopupLevel%3D0%3B HTTP/1.1" 200 6269
186.103.161.206 - - [09/Mar/2018:09:15:34 -0300] "GET /cormun/static/prsolicitudot.js?2017111422591715 HTTP/1.1" 200 13680
190.151.100.218 - - [09/Mar/2018:09:15:34 -0300] "GET /cormun/static/Resources/PXToolsMenuSearch.png HTTP/1.1" 200 2914
186.103.132.155 - - [09/Mar/2018:09:15:34 -0300] "GET /cormun/static/Resources/PXToolsMenuSearchCancel.png HTTP/1.1" 200 2972
200.111.122.170 - - [09/Mar/2018:09:15:34 -0300] "GET /cormun/static/gxcfg.js?2017111422591492 HTTP/1.1" 200 953
200.86.95.220 - - [09/Mar/2018:09:15:35 -0300] "POST /cormun/servlet/trautorizarsolicitud?92a27c2db95808543fa581173fa0d235,,gx-no-cache=1520597684594 HTTP/1.1" 200 5769
200.111.122.170 - - [09/Mar/2018:09:15:35 -0300] "POST /cormun/servlet/acontrolpreferencessavestate?None,MSALGADO,true HTTP/1.1" 200 35
192.168.10.61 - - [09/Mar/2018:09:15:36 -0300] "POST /cormun/servlet/trsolicitudgral?46cfa86e5ae1d0ae05f8a51de09f4516,,gx-no-cache=1520597574151 HTTP/1.1" 200 5867
200.86.95.220 - - [09/Mar/2018:09:15:36 -0300] "POST /cormun/servlet/trautorizarsolicitud?92a27c2db95808543fa581173fa0d235,,gx-no-cache=1520597686952 HTTP/1.1" 200 5712
200.86.95.220 - - [09/Mar/2018:09:15:38 -0300] "POST /cormun/servlet/trautorizarsolicitud?92a27c2db95808543fa581173fa0d235,,gx-no-cache=1520597689050 HTTP/1.1" 200 4595
200.86.95.220 - - [09/Mar/2018:09:15:39 -0300] "POST /cormun/servlet/trautorizarsolicitud?92a27c2db95808543fa581173fa0d235,,gx-no-cache=1520597689879 HTTP/1.1" 200 4375
192.168.10.61 - - [09/Mar/2018:09:15:40 -0300] "POST /cormun/servlet/trsolicitudgral?46cfa86e5ae1d0ae05f8a51de09f4516,,gx-no-cache=1520597578705 HTTP/1.1" 200 5867
200.111.122.170 - - [09/Mar/2018:09:16:00 -0300] "POST /cormun/servlet/solicitudot?gx-no-cache=1520597708154 HTTP/1.1" 200 1336
200.111.122.170 - - [09/Mar/2018:09:16:09 -0300] "POST /cormun/servlet/solicitudot?gx-no-cache=1520597713065 HTTP/1.1" 200 38
200.111.122.170 - - [09/Mar/2018:09:16:10 -0300] "POST /cormun/servlet/solicitudot?gx-no-cache=1520597722559 HTTP/1.1" 200 1318
200.111.122.170 - - [09/Mar/2018:09:16:10 -0300] "POST /cormun/servlet/solicitudot?gx-no-cache=1520597722973 HTTP/1.1" 200 1219
200.111.122.170 - - [09/Mar/2018:09:16:10 -0300] "GET /cormun/servlet/solicitudot?42002d03490e3cdc61249b50ab449e03fb4e048c116918b9b09e1a93f78c1a427d320f35ee632bba646fe370df6c7004,gx-no-cache=1520597723486 HTTP/1.1" 200 30
192.168.10.56 - - [09/Mar/2018:09:16:13 -0300] "GET /cormun/servlet/solicitudgral?UPD,2018,10291, HTTP/1.1" 200 12952
192.168.10.56 - - [09/Mar/2018:09:16:14 -0300] "GET /cormun/servlet/solicitudgral?UPD,2018,10291, HTTP/1.1" 200 12940
192.168.10.56 - - [09/Mar/2018:09:16:14 -0300] "POST /cormun/servlet/solicitudgral?gx-no-cache=1520597612586 HTTP/1.1" 200 3905
192.168.10.56 - - [09/Mar/2018:09:16:14 -0300] "GET /cormun/servlet/solicitudgral?b3ce022a31f8c71ccde95f6be9cdb7cf123ed747e2315fabc7bacf75fcbc7ad6e9f86675be28816b44e5188a4145bd7bc84823b4e2593500ac9c14941171444744d5ec1625883714bd554285740d50dc34f0a79f2476bd9934f831a9affd637abc1f1eaf16f7cb775a2e1f2bfb2304d882924fcadc4bf9f149a9f25093794eb4e315c6259ffca448b6566c83411bbef873e2f29cdc905c06df4452d81ef898bcacfddc6c03ee702e0577e9da5e68dc202416a6987d83fd59384ac526af3bd1b98a1df5d49fd1b6c49d2b2ff57ce9b3638585edaad395c82d92fa7e9dec5939d11f01c30405a735ae1da9f61d6804c977c4963eb8e17fa972dcec144e041253aa6dbecc37c972bdaca1175d177f1db3ef07000578caa85313f13c7f2efe06231d9708159272b11075cdfee5d034e63066d97fc770b8cc0a3a2d4eee33fa11c7dffd0bce794169d118e55be264df9d4d89,gx-no-cache=1520597612751 HTTP/1.1" 200 297
192.168.10.56 - - [09/Mar/2018:09:16:17 -0300] "GET /cormun/servlet/solicitudgral?b3ce022a31f8c71ccde95f6be9cdb7cfa1ecd465ee3277b2830322d90c6a9f0d98e7b2e61fc29ad269eac6b345ee9758eb0b54f8e693a850cb3aea1c8131e33d241e5844635c9bb7c03fcde4b401c12c8ec835642d621b9da707f009070b3cf1f7c2994830b880c4a78c278563a23ddfca2c64dccf573b6525ad526b0752059ab3c89c0370ab47c9cc0812caea58f776223538e4e4bf571f243ad2858ca2c9cf09a1d98b245af2141b2523b8bbe37f307340596e4ca4bd0f5ac23b00fdf8bade5d38de81491b311f7fe1af20ef07ea98504fc20e9d79fbaec667ee98d39c745a2a7ce870f1e63738c3e0c19e6b5dd6d6d21738bb7446ddc1346d0716f4dbc7e36475054b22e930ab54556e1dc8b6965d569243573e6b096a67d3ec31306f120a64951a4873c1a9891d898de4ef4364c25cc0856419c395336d980285dfb75acf6d00f301afc25a9987f6346ae78c5c519db0c07bbb0baee6cf922b75d3f262ff7cb737d9e6c8152b65252a50b93a2237544bd219892e5e0e67de4c29a77b52136b480efc3c168760518b27b50f669d64d9741f8dfb8bd7c3d7ead2e0136b9597c607242f2955ff2f3d2121a496d0cb0a,gx-no-cache=1520597615659 HTTP/1.1" 200 48
192.168.10.56 - - [09/Mar/2018:09:16:19 -0300] "POST /cormun/servlet/solicitudgral?11b9442431472047e4d7aecc8c7981a2,UPD,2018,10291,,gx-no-cache=1520597617190 HTTP/1.1" 200 11831
192.168.10.56 - - [09/Mar/2018:09:16:19 -0300] "GET /cormun/servlet/solicitudgral?b3ce022a31f8c71ccde95f6be9cdb7cf30684bbf67c13d72de4548986a1a178bfa8f49f5da3c34209ab1285799ddbb2760217f7b83008b80f1abaeb0b3ff1ce38b6be29d2c4518d8a9fa56dedae4178b70769e97eaf164cbd2768f55984b6b71b3e048df10239986f8bb8202502e44af,gx-no-cache=1520597617381 HTTP/1.1" 200 29
192.168.10.56 - - [09/Mar/2018:09:16:19 -0300] "POST /cormun/servlet/solicitudgral?gx-no-cache=1520597617395 HTTP/1.1" 200 1296
192.168.10.56 - - [09/Mar/2018:09:16:19 -0300] "POST /cormun/servlet/solicitudgral?gx-no-cache=1520597617419 HTTP/1.1" 200 1220
192.168.10.56 - - [09/Mar/2018:09:16:19 -0300] "POST /cormun/servlet/solicitudgral?11b9442431472047e4d7aecc8c7981a2,UPD,2018,10291,,gx-no-cache=1520597617446 HTTP/1.1" 200 93
192.168.10.56 - - [09/Mar/2018:09:16:19 -0300] "GET /cormun/servlet/hpexe_return? HTTP/1.1" 200 1036
192.168.10.56 - - [09/Mar/2018:09:16:19 -0300] "GET /cormun/servlet/trsolicitudgral?gx-no-cache=1520597068928 HTTP/1.1" 200 10802
192.168.10.56 - - [09/Mar/2018:09:16:19 -0300] "GET /cormun/static/gxcfg.js?201813119461163 HTTP/1.1" 304 -
192.168.10.56 - - [09/Mar/2018:09:16:19 -0300] "GET /cormun/servlet/trsolicitudgral?gx-no-cache=1520597068928 HTTP/1.1" 200 10820
192.168.10.56 - - [09/Mar/2018:09:16:24 -0300] "GET /cormun/servlet/solicitudgral?UPD,2018,10282, HTTP/1.1" 200 12939
192.168.10.56 - - [09/Mar/2018:09:16:24 -0300] "GET /cormun/servlet/solicitudgral?UPD,2018,10282, HTTP/1.1" 200 12925
192.168.10.56 - - [09/Mar/2018:09:16:25 -0300] "POST /cormun/servlet/solicitudgral?gx-no-cache=1520597623494 HTTP/1.1" 200 3915
192.168.10.56 - - [09/Mar/2018:09:16:25 -0300] "GET /cormun/servlet/solicitudgral?b3ce022a31f8c71ccde95f6be9cdb7cf123ed747e2315fabc7bacf75fcbc7ad6e9f86675be28816b44e5188a4145bd7bc84823b4e2593500ac9c14941171444744d5ec1625883714bd554285740d50dc34f0a79f2476bd9934f831a9affd637abc1f1eaf16f7cb775a2e1f2bfb2304d882924fcadc4bf9f149a9f25093794eb4e315c6259ffca448b6566c83411bbef873e2f29cdc905c06df4452d81ef898bcacfddc6c03ee702e0577e9da5e68dc202416a6987d83fd59384ac526af3bd1b98a1df5d49fd1b6c49d2b2ff57ce9b3638585edaad395c82d92fa7e9dec5939d11f01c30405a735ae1da9f61d6804c977c4963eb8e17fa972dcec144e041253aa6dbecc37c972bdaca1175d177f1db3ef07000578caa85313f13c7f2efe06231d9708159272b11075cdfee5d034e63066d97fc770b8cc0a3a2d4eee33fa11c7dffd0bce794169d118e55be264df9d4d89,gx-no-cache=1520597623636 HTTP/1.1" 200 297
192.168.10.56 - - [09/Mar/2018:09:16:26 -0300] "GET /cormun/servlet/solicitudgral?b3ce022a31f8c71ccde95f6be9cdb7cfa1ecd465ee3277b2830322d90c6a9f0df8192518b7b34e6b5b2f299228cb64dc6dbecc37c972bdaca1175d177f1db3ef648680972eb3584cb4afe9d64dbefa40d8f8f09003f2b137e106dde4f7873974a50f86f29ce5795f992c0d538e0a6c283bfbd4132bc371330208640c83f6d218497eb4a83880579fef166887469f1ddfdfd260ad2df2ad28a032c380e25ae5465905fd7b53360b223fe13f2b62b3863c50f997379c254ea8ec5782887715f69ecdb4f76d9f61c1cd0fc8e322c1d4273925011163a5fc0264c51aeaae8df9a74e3a3a3f8ce90c00aa4fac14302aa5f9342a8607ed45a74134feb1dc9e16f428e6f9285da8007520bd25d2fbed9df04304d3c448d7086cb27ba22a97657823abd56c56a75873f35e5159986da06054cde38f08803f6f9a849c8ae43d4f4b91a9656ef26fba3bc1f8eab69430b7afe2fcf39e9631eae3345bda577646d95204e05af9285da8007520bd25d2fbed9df043040938930b88d4130ced80e451da551b7f46b52a83ce09c7626c68cd7adfb29bc84d4a43b161d4624cb35317b2d2af32043dcd11fc1f3dfdf011c5d74e65150e86,gx-no-cache=1520597624620 HTTP/1.1" 200 48
192.168.10.56 - - [09/Mar/2018:09:16:26 -0300] "POST /cormun/servlet/solicitudgral?11b9442431472047e4d7aecc8c7981a2,UPD,2018,10282,,gx-no-cache=1520597624649 HTTP/1.1" 200 11845
192.168.10.56 - - [09/Mar/2018:09:16:26 -0300] "GET /cormun/servlet/solicitudgral?b3ce022a31f8c71ccde95f6be9cdb7cf30684bbf67c13d72de4548986a1a178bfa8f49f5da3c34209ab1285799ddbb2760217f7b83008b80f1abaeb0b3ff1ce38b6be29d2c4518d8a9fa56dedae4178b70769e97eaf164cbd2768f55984b6b71b3e048df10239986f8bb8202502e44af,gx-no-cache=1520597624782 HTTP/1.1" 200 29
192.168.10.56 - - [09/Mar/2018:09:16:26 -0300] "POST /cormun/servlet/solicitudgral?gx-no-cache=1520597624797 HTTP/1.1" 200 1296
192.168.10.56 - - [09/Mar/2018:09:16:26 -0300] "POST /cormun/servlet/solicitudgral?gx-no-cache=1520597624824 HTTP/1.1" 200 1218
192.168.10.56 - - [09/Mar/2018:09:16:31 -0300] "GET /cormun/servlet/solicitudgral?b3ce022a31f8c71ccde95f6be9cdb7cfa1ecd465ee3277b2830322d90c6a9f0d98e7b2e61fc29ad269eac6b345ee9758eb0b54f8e693a850cb3aea1c8131e33d241e5844635c9bb7c03fcde4b401c12c8ec835642d621b9da707f009070b3cf1f7c2994830b880c4a78c278563a23ddfca2c64dccf573b6525ad526b0752059ab3c89c0370ab47c9cc0812caea58f776223538e4e4bf571f243ad2858ca2c9cf09a1d98b245af2141b2523b8bbe37f307340596e4ca4bd0f5ac23b00fdf8bade5d38de81491b311f7fe1af20ef07ea98504fc20e9d79fbaec667ee98d39c745a2a7ce870f1e63738c3e0c19e6b5dd6d6d21738bb7446ddc1346d0716f4dbc7e36475054b22e930ab54556e1dc8b6965d569243573e6b096a67d3ec31306f120a64951a4873c1a9891d898de4ef4364c25cc0856419c395336d980285dfb75acf6d00f301afc25a9987f6346ae78c5c519db0c07bbb0baee6cf922b75d3f262ff7cb737d9e6c8152b65252a50b93a2237544bd219892e5e0e67de4c29a77b52136b480efc3c168760518b27b50f669d64d9741f8dfb8bd7c3d7ead2e0136b9597d9a4a62f376a9e2a0e384c0c509ea0a9e40ce4f4e2cfbf1f1de17a2d0b292329,gx-no-cache=1520597629562 HTTP/1.1" 200 48
192.168.10.56 - - [09/Mar/2018:09:16:32 -0300] "POST /cormun/servlet/solicitudgral?gx-no-cache=1520597631018 HTTP/1.1" 200 1295
192.168.10.56 - - [09/Mar/2018:09:16:32 -0300] "POST /cormun/servlet/solicitudgral?gx-no-cache=1520597631045 HTTP/1.1" 200 1218
192.168.10.56 - - [09/Mar/2018:09:16:33 -0300] "POST /cormun/servlet/solicitudgral?11b9442431472047e4d7aecc8c7981a2,UPD,2018,10282,,gx-no-cache=1520597631077 HTTP/1.1" 200 93
192.168.10.56 - - [09/Mar/2018:09:16:33 -0300] "GET /cormun/servlet/hpexe_return? HTTP/1.1" 200 1036
192.168.10.56 - - [09/Mar/2018:09:16:33 -0300] "GET /cormun/servlet/trsolicitudgral?gx-no-cache=1520597068928 HTTP/1.1" 200 10378
192.168.10.56 - - [09/Mar/2018:09:16:33 -0300] "GET /cormun/servlet/trsolicitudgral?gx-no-cache=1520597068928 HTTP/1.1" 200 10396
186.103.159.182 - - [09/Mar/2018:09:16:34 -0300] "POST /cormun/servlet/trcontratounov2?e25e6f784330fd7f31c804aa4e64915c,,gx-no-cache=1520597685727 HTTP/1.1" 200 17706
192.168.10.61 - - [09/Mar/2018:09:16:45 -0300] "POST /cormun/servlet/trsolicitudgral?46cfa86e5ae1d0ae05f8a51de09f4516,,gx-no-cache=1520597643982 HTTP/1.1" 200 5868
192.168.10.56 - - [09/Mar/2018:09:16:46 -0300] "POST /cormun/servlet/trsolicitudgral?11b9442431472047e4d7aecc8c7981a2,gx-no-cache=1520597068928,gx-no-cache=1520597644053 HTTP/1.1" 200 8927
