186.103.159.182 - - [09/Mar/2018:10:59:52 -0300] "GET /cormun/servlet/solicitudotcontratos?8f1812e50a459df106e6868d65086d6cc394a38121ba3966814e42522b6f43a39c11748041e8e8306fd3da834d948d1fe0695194534734e5c118502d086909e029fb762544b01e0e4353abd3c8b240c57ab789155966e89db8faf22d4f84471e39430ad1d0f9612fa3ad904b7b08c1faa88503cae6bee5ad59f9c1e26c1e82b9abc8188ed71043e13b1ba74027660738f4861b49d4dcd24a683560f628b0e9c62e6c83087b35d98bd7be4f1d7c6470580754b10008a0261f2dd39af1fbdbe0cb1f8e8a66a83e03642b1cc981416c04cb986a3cbf1afd2cf72f73422fb66bea23b9962e4f243686010e188d49ef1707065d438bd51e84c7703aed304a173f565bfb6c91f277b762b98fa508254f0b18aa3dd97a45507f1a42107556092a3daef1e45ff987a04b43abe58080aec1c2b96ddf0a6331ed511c040738d2141a20ac2e078bf76ac69564b047386015c87ba1cb4f21798b11c24642ff9965690f7a576566462f6181678a225405cd340926486b23ba066f6d901ecc848aeeb2baedad76c20edf245edba7d20ac615157a5ca8ad424201df851072ee52e01e60697d0263ecce37b3dc01029efc1cc4bad2822ddf,gx-no-cache=1520603889038 HTTP/1.1" 200 72
186.103.157.246 - - [09/Mar/2018:10:59:57 -0300] "GET /cormun/servlet/solicitudot?1f7cb9542915ddd3bcbfd2e9993e7d1c31bc99e3e9c5f6c257175ff9b2afc6c71e8def26d88ab6d293752c9f1ebb38919c159949d044b41c8cc88450fd598a7e845a22242ca24595fc5bc63ecce10e6db74bb924bcc39dd65fa3fa80860554c297806dd4c06ffdb82afa08d0e29d9c59a7ec887323205df78a5ca0e5da6f5849804e33596166946b1b66953a62d21bc819aa27b2ef335c0ce82ce34c27f8460d3ae960e8c397dbd9fa7086e61ab6e70b2faec48c9d69ee1cccaf6c3a88c499bc1e48f27a4bf6edd7058ee4f61957d6a78745e42810607ef5e197133cd7a6dc5721aef19cfdd169371ad353d3a656a15b7dce6e441c219bed23be05e9881f3cc8e0981bcd5b094c3935d760b23f1a42d468812cf73dd8900a2e7ee6f19a72f239e37e9e7aab5cd51d58615aed4e04e144cb75b6e1e0f6003f3d204801c2dcb1da8512c7e474b62cbf87fa05292ec18fe9ae2360a8282318462f3323333b4cd8f30fc0933e4ce64adb257729d1ba44350eb3441df27d18e6dd770886974a2888577490e7470d6918cbdeb4d88de68ee4b9,gx-no-cache=1520603947118 HTTP/1.1" 200 30
186.103.157.246 - - [09/Mar/2018:11:00:00 -0300] "POST /cormun/servlet/solicitudot?gx-no-cache=1520603950025 HTTP/1.1" 200 30
186.103.157.246 - - [09/Mar/2018:11:00:03 -0300] "POST /cormun/servlet/solicitudot?gx-no-cache=1520603952847 HTTP/1.1" 200 1331
186.103.157.246 - - [09/Mar/2018:11:00:03 -0300] "POST /cormun/servlet/solicitudot?gx-no-cache=1520603953433 HTTP/1.1" 200 38
186.103.159.182 - - [09/Mar/2018:11:00:03 -0300] "POST /cormun/servlet/solicitudotcontratos?cccc230fee2aa2cfa52370b99d13e2b2,INS,2018,0,15730716,9,6,2018,1292,NADA,,9,B,,gx-no-cache=1520603897633 HTTP/1.1" 200 93
186.103.159.182 - - [09/Mar/2018:11:00:03 -0300] "GET /cormun/servlet/hpexe_return? HTTP/1.1" 200 1035
186.103.159.182 - - [09/Mar/2018:11:00:04 -0300] "GET /cormun/servlet/trcontratosolicitud HTTP/1.1" 200 14891
186.103.159.182 - - [09/Mar/2018:11:00:06 -0300] "GET /cormun/servlet/trcontratosolicitud HTTP/1.1" 200 14888
186.103.156.166 - - [09/Mar/2018:11:00:07 -0300] "GET /cormun/servlet/solicitudotadjuntos?ccbd04e35c8c81d6bd51d1d3944e1d14b254cb223c64a1432970d0dc81e5b1ee,gx-no-cache=1520603964534 HTTP/1.1" 200 30
186.103.156.166 - - [09/Mar/2018:11:00:07 -0300] "GET /cormun/servlet/solicitudotadjuntos?ccbd04e35c8c81d6bd51d1d3944e1d14b254cb223c64a1432970d0dc81e5b1ee,gx-no-cache=1520603964971 HTTP/1.1" 200 30
186.103.159.182 - - [09/Mar/2018:11:00:17 -0300] "GET /cormun/servlet/solicitudotcontratos?INS,2018,0,7924150,4,6,2018,1294,NADA,,4,B, HTTP/1.1" 200 9967
186.103.159.182 - - [09/Mar/2018:11:00:19 -0300] "GET /cormun/servlet/solicitudotcontratos?INS,2018,0,7924150,4,6,2018,1294,NADA,,4,B, HTTP/1.1" 200 9994
186.103.159.182 - - [09/Mar/2018:11:00:19 -0300] "GET /cormun/servlet/solicitudotcontratos?8f1812e50a459df106e6868d65086d6cf7a48653318480992fa6e88cec115dcfe1239065a9f61ed7001b0e37da81980d,gx-no-cache=1520603916181 HTTP/1.1" 200 30
186.103.159.182 - - [09/Mar/2018:11:00:20 -0300] "GET /cormun/servlet/solicitudotcontratos?8f1812e50a459df106e6868d65086d6c5fd6d9730af3a640f4343297414cfd14edb82126094d93322dccc638c8ebf512,gx-no-cache=1520603916339 HTTP/1.1" 200 30
186.103.159.182 - - [09/Mar/2018:11:00:20 -0300] "GET /cormun/servlet/solicitudotcontratos?8f1812e50a459df106e6868d65086d6ca46e402e86e9a61d86c37dd21c8ff38bc10a7141efcbb7a08e06bee927630d1956e97e5542ca7ce403386801f6b7a92cfca47e2f1ea34a2da2be5c406f56d9ca9d44c00670782a446bb795a4cded0eb5adf289c3236c4c4773536a1043f63d9d8832d179c3496ae7fdb5f5ae26331886,gx-no-cache=1520603916834 HTTP/1.1" 200 50
186.103.159.182 - - [09/Mar/2018:11:00:21 -0300] "GET /cormun/servlet/solicitudotcontratos?8f1812e50a459df106e6868d65086d6cf9854f101d916cf660c18491f6e4cdec256cc040de8b9b2b7f5572a511b65964,gx-no-cache=1520603917372 HTTP/1.1" 200 30
186.103.159.182 - - [09/Mar/2018:11:00:21 -0300] "GET /cormun/servlet/solicitudotcontratos?8f1812e50a459df106e6868d65086d6c4918fe11379107232e9d50fb9e749337ccef97579241dcc6b70a2b612746bbcc40eb6dcb0683a124398f004872ff8a2eaf7d398dfc1fdef6a173c41e9627e199e642e6db266ce5843555efed8131d6206dae84f891394eca0fcaeabdc24861b2,gx-no-cache=1520603917911 HTTP/1.1" 200 30
186.103.159.182 - - [09/Mar/2018:11:00:22 -0300] "GET /cormun/servlet/solicitudotcontratos?8f1812e50a459df106e6868d65086d6cc394a38121ba3966814e42522b6f43a39c11748041e8e8306fd3da834d948d1fe0695194534734e5c118502d086909e029fb762544b01e0e4353abd3c8b240c57ab789155966e89db8faf22d4f84471e39430ad1d0f9612fa3ad904b7b08c1faa88503cae6bee5ad59f9c1e26c1e82b9abc8188ed71043e13b1ba74027660738f4861b49d4dcd24a683560f628b0e9c62e6c83087b35d98bd7be4f1d7c6470580754b10008a0261f2dd39af1fbdbe0cb1f8e8a66a83e03642b1cc981416c04cb986a3cbf1afd2cf72f73422fb66bea23b9962e4f243686010e188d49ef1707065d438bd51e84c7703aed304a173f565bfb6c91f277b762b98fa508254f0b18aa3dd97a45507f1a42107556092a3daef1e45ff987a04b43abe58080aec1c2b96ddf0a6331ed511c040738d2141a20ac2e078bf76ac69564b047386015c87ba1cb4f21798b11c24642ff9965690f7a576566462f6181678a225405cd340926486b23ba066f6d901ecc848aeeb2baedad76c20edf245edba7d20ac615157a5ca8ad424201df851072ee52e01e60697d0263ecce37b3dc01029efc1cc4bad2822ddf,gx-no-cache=1520603918455 HTTP/1.1" 200 72
186.103.157.246 - - [09/Mar/2018:11:00:29 -0300] "GET /cormun/servlet/solicitudot?1f7cb9542915ddd3bcbfd2e9993e7d1c3ff55d16301c26e86fd8e912a18d175e8eb484ef976b4cb1cf7d4edb302b8ee278d439f8f92f7450fa8fa9aa2c6d42de697d5962fdd23192be1aa2c8d1c1965b,gx-no-cache=1520603979087 HTTP/1.1" 200 29
186.103.157.246 - - [09/Mar/2018:11:00:32 -0300] "POST /cormun/servlet/solicitudot?gx-no-cache=1520603979254 HTTP/1.1" 200 1317
186.103.159.182 - - [09/Mar/2018:11:00:32 -0300] "POST /cormun/servlet/solicitudotcontratos?cccc230fee2aa2cfa52370b99d13e2b2,INS,2018,0,7924150,4,6,2018,1294,NADA,,4,B,,gx-no-cache=1520603927571 HTTP/1.1" 200 93
186.103.159.182 - - [09/Mar/2018:11:00:33 -0300] "GET /cormun/servlet/hpexe_return? HTTP/1.1" 200 1035
186.103.159.182 - - [09/Mar/2018:11:00:33 -0300] "GET /cormun/servlet/trcontratosolicitud HTTP/1.1" 200 14892
186.103.157.246 - - [09/Mar/2018:11:00:34 -0300] "POST /cormun/servlet/solicitudot?gx-no-cache=1520603983317 HTTP/1.1" 200 1215
186.103.159.182 - - [09/Mar/2018:11:00:35 -0300] "GET /cormun/servlet/trcontratosolicitud HTTP/1.1" 200 14888
186.103.157.246 - - [09/Mar/2018:11:00:51 -0300] "GET /cormun/static/menuarrow.gif HTTP/1.1" 404 1015
186.103.157.246 - - [09/Mar/2018:11:00:56 -0300] "GET /cormun/servlet/solicitudot?1f7cb9542915ddd3bcbfd2e9993e7d1c704b4f47c9218349585e9d41bcf7a1642503bdf3f7b901e1500e4023e77f1e97,gx-no-cache=1520604006654 HTTP/1.1" 200 30
186.103.157.246 - - [09/Mar/2018:11:01:06 -0300] "POST /cormun/servlet/solicitudot?gx-no-cache=1520604015531 HTTP/1.1" 200 30
186.103.157.246 - - [09/Mar/2018:11:01:21 -0300] "POST /cormun/servlet/solicitudot?76309b9df3bc4ea98e0fcd1c07abb1bb,INS,0,0,,gx-no-cache=1520604028212 HTTP/1.1" 200 11690
192.168.10.56 - - [09/Mar/2018:11:01:26 -0300] "POST /cormun/servlet/hlogin?a68c72c6df29d4286cbeadbda1a3a0c1,gx-no-cache=1520603924691 HTTP/1.1" 200 90
192.168.10.56 - - [09/Mar/2018:11:01:26 -0300] "GET /cormun/servlet/hpexe_link HTTP/1.1" 200 958
192.168.10.56 - - [09/Mar/2018:11:01:26 -0300] "GET /cormun/servlet/trsolicitudgral? HTTP/1.1" 200 10340
192.168.10.56 - - [09/Mar/2018:11:01:27 -0300] "GET /cormun/servlet/trsolicitudgral? HTTP/1.1" 200 10339
192.168.10.56 - - [09/Mar/2018:11:01:30 -0300] "GET /cormun/static/menuarrow.gif HTTP/1.1" 404 1015
192.168.10.56 - - [09/Mar/2018:11:01:45 -0300] "POST /cormun/servlet/trsolicitudgral?a68c72c6df29d4286cbeadbda1a3a0c1,,gx-no-cache=1520603943039 HTTP/1.1" 200 17813
186.103.156.166 - - [09/Mar/2018:11:01:48 -0300] "POST /cormun/servlet/solicitudotadjuntos?c569064d6f1225a316cd183517ec5db4,INS,2018,10353,,1, HTTP/1.1" 200 116
186.103.156.166 - - [09/Mar/2018:11:01:48 -0300] "GET /cormun/servlet/hpexe_return? HTTP/1.1" 200 1028
186.103.156.166 - - [09/Mar/2018:11:01:48 -0300] "GET /cormun/servlet/trsolicitudadjuntos?2018,10353, HTTP/1.1" 200 8699
186.103.156.166 - - [09/Mar/2018:11:01:49 -0300] "GET /cormun/servlet/trsolicitudadjuntos?2018,10353, HTTP/1.1" 200 8695
186.103.159.182 - - [09/Mar/2018:11:01:54 -0300] "GET /cormun/servlet/trsolicitudot? HTTP/1.1" 200 7483
186.103.156.166 - - [09/Mar/2018:11:01:55 -0300] "GET /cormun/servlet/solicitudotadjuntos?INS,2018,10353,,1, HTTP/1.1" 200 6220
186.103.157.246 - - [09/Mar/2018:11:01:55 -0300] "GET /cormun/servlet/solicitudot?1f7cb9542915ddd3bcbfd2e9993e7d1c0dfba3df21f3feda755ebbb981707b6721c0dbbbe2588f059ccb3a5b5ea8d360545f3fd1de27cd6dff1fb2002fa29921,gx-no-cache=1520604065151 HTTP/1.1" 200 30
186.103.156.166 - - [09/Mar/2018:11:01:55 -0300] "GET /cormun/servlet/solicitudotadjuntos?INS,2018,10353,,1, HTTP/1.1" 200 6214
186.103.157.246 - - [09/Mar/2018:11:01:55 -0300] "GET /cormun/servlet/solicitudot?1f7cb9542915ddd3bcbfd2e9993e7d1c31bc99e3e9c5f6c257175ff9b2afc6c71e8def26d88ab6d293752c9f1ebb38919c159949d044b41c8cc88450fd598a7e845a22242ca24595fc5bc63ecce10e6db74bb924bcc39dd65fa3fa80860554c297806dd4c06ffdb82afa08d0e29d9c59a7ec887323205df78a5ca0e5da6f5849804e33596166946b1b66953a62d21bc819aa27b2ef335c0ce82ce34c27f8460d3ae960e8c397dbd9fa7086e61ab6e70b2faec48c9d69ee1cccaf6c3a88c499bc1e48f27a4bf6edd7058ee4f61957d6a78745e42810607ef5e197133cd7a6dc5721aef19cfdd169371ad353d3a656a15b7dce6e441c219bed23be05e9881f3cc8e0981bcd5b094c3935d760b23f1a42d468812cf73dd8900a2e7ee6f19a72f239e37e9e7aab5cd51d58615aed4e04e144cb75b6e1e0f6003f3d204801c2dcb1da8512c7e474b62cbf87fa05292ec18fe9ae2360a8282318462f3323333b4cd8f30fc0933e4ce64adb257729d1ba44350e5c22b99c635b72defd89a533931af4cc7490e7470d6918cbdeb4d88de68ee4b9,gx-no-cache=1520604065313 HTTP/1.1" 200 30
186.103.159.182 - - [09/Mar/2018:11:01:56 -0300] "GET /cormun/servlet/trsolicitudot? HTTP/1.1" 200 7482
186.103.157.246 - - [09/Mar/2018:11:01:56 -0300] "POST /cormun/servlet/solicitudot?gx-no-cache=1520604065694 HTTP/1.1" 200 30
186.103.156.166 - - [09/Mar/2018:11:01:56 -0300] "GET /cormun/servlet/solicitudotadjuntos?ccbd04e35c8c81d6bd51d1d3944e1d1420f2205110857110193cc06a84f54b45d3a2e34f2442933fc2f16187cb6e8edf,gx-no-cache=1520604073897 HTTP/1.1" 200 30
186.103.157.246 - - [09/Mar/2018:11:01:57 -0300] "POST /cormun/servlet/solicitudot?gx-no-cache=1520604066499 HTTP/1.1" 200 1336
186.103.156.166 - - [09/Mar/2018:11:01:57 -0300] "GET /cormun/static/about:blank HTTP/1.1" 404 1011
186.103.157.246 - - [09/Mar/2018:11:01:58 -0300] "POST /cormun/servlet/solicitudot?gx-no-cache=1520604067418 HTTP/1.1" 200 41
186.103.157.246 - - [09/Mar/2018:11:01:58 -0300] "POST /cormun/servlet/solicitudot?gx-no-cache=1520604067865 HTTP/1.1" 200 1318
186.103.157.246 - - [09/Mar/2018:11:01:58 -0300] "POST /cormun/servlet/solicitudot?gx-no-cache=1520604068130 HTTP/1.1" 200 1219
186.103.159.182 - - [09/Mar/2018:11:01:59 -0300] "GET /cormun/servlet/solicitudot?INS,0,0, HTTP/1.1" 200 13688
186.103.157.246 - - [09/Mar/2018:11:01:59 -0300] "GET /cormun/servlet/solicitudot?1f7cb9542915ddd3bcbfd2e9993e7d1c704b4f47c9218349585e9d41bcf7a1642503bdf3f7b901e1500e4023e77f1e97,gx-no-cache=1520604068622 HTTP/1.1" 200 30
186.103.156.166 - - [09/Mar/2018:11:01:59 -0300] "POST /cormun/servlet/solicitudotadjuntos?c569064d6f1225a316cd183517ec5db4,INS,2018,10353,,1,,gx-no-cache=1520604074394 HTTP/1.1" 200 3980
186.103.159.182 - - [09/Mar/2018:11:02:00 -0300] "GET /cormun/servlet/solicitudot?INS,0,0, HTTP/1.1" 200 13693
186.103.157.246 - - [09/Mar/2018:11:02:01 -0300] "POST /cormun/servlet/solicitudot?gx-no-cache=1520604069007 HTTP/1.1" 200 30
186.103.159.182 - - [09/Mar/2018:11:02:03 -0300] "GET /cormun/servlet/prfichaempleado?,MD,,gxPopupLevel%3D0%3B HTTP/1.1" 200 9419
192.168.10.56 - - [09/Mar/2018:11:02:07 -0300] "POST /cormun/servlet/trsolicitudgral?a68c72c6df29d4286cbeadbda1a3a0c1,,gx-no-cache=1520603965105 HTTP/1.1" 200 7644
186.103.156.166 - - [09/Mar/2018:11:02:09 -0300] "POST /cormun/servlet/solicitudotadjuntos?gx-no-cache=1520604087303 HTTP/1.1" 200 26
186.103.159.182 - - [09/Mar/2018:11:02:15 -0300] "POST /cormun/servlet/prfichaempleado?cccc230fee2aa2cfa52370b99d13e2b2,,MD,,gxPopupLevel%3D0%3B,gx-no-cache=1520604030688 HTTP/1.1" 200 3408
186.103.156.166 - - [09/Mar/2018:11:02:18 -0300] "GET /cormun/servlet/solicitudotadjuntos?ccbd04e35c8c81d6bd51d1d3944e1d14b254cb223c64a1432970d0dc81e5b1ee,gx-no-cache=1520604096116 HTTP/1.1" 200 30
186.103.156.166 - - [09/Mar/2018:11:02:18 -0300] "GET /cormun/servlet/solicitudotadjuntos?ccbd04e35c8c81d6bd51d1d3944e1d14b254cb223c64a1432970d0dc81e5b1ee,gx-no-cache=1520604096537 HTTP/1.1" 200 30
186.103.157.246 - - [09/Mar/2018:11:02:19 -0300] "POST /cormun/servlet/solicitudot?76309b9df3bc4ea98e0fcd1c07abb1bb,INS,0,0,,gx-no-cache=1520604071352 HTTP/1.1" 200 11765
192.168.10.56 - - [09/Mar/2018:11:02:20 -0300] "POST /cormun/servlet/trsolicitudgral?a68c72c6df29d4286cbeadbda1a3a0c1,,gx-no-cache=1520603978117 HTTP/1.1" 200 6135
192.168.10.56 - - [09/Mar/2018:11:02:20 -0300] "GET /cormun/static/Shared/jqueryui/images/ui-bg_highlight-soft_100_c6c2c8_1x100.png HTTP/1.1" 404 1117
192.168.10.56 - - [09/Mar/2018:11:02:20 -0300] "GET /cormun/static/Shared/jqueryui/images/ui-icons_82798d_256x240.png HTTP/1.1" 404 1089
192.168.10.56 - - [09/Mar/2018:11:02:20 -0300] "GET /cormun/static/Shared/jqueryui/images/ui-icons_8d78a5_256x240.png HTTP/1.1" 404 1089
192.168.10.56 - - [09/Mar/2018:11:02:20 -0300] "GET /cormun/static/Shared/jqueryui/images/ui-bg_flat_55_fafafa_40x100.png HTTP/1.1" 404 1097
186.103.159.182 - - [09/Mar/2018:11:02:26 -0300] "POST /cormun/servlet/solicitudot?gx-no-cache=1520604042600 HTTP/1.1" 200 3399
186.103.159.182 - - [09/Mar/2018:11:02:28 -0300] "POST /cormun/servlet/solicitudot?cccc230fee2aa2cfa52370b99d13e2b2,INS,0,0,,gx-no-cache=1520604043668 HTTP/1.1" 200 10570
186.103.159.182 - - [09/Mar/2018:11:02:28 -0300] "GET /cormun/servlet/solicitudot?8f1812e50a459df106e6868d65086d6c7b7916543676e17d2fdc583ced6c2c9895b5d088abdfdb13be2e398c5a3212b2,gx-no-cache=1520604045461 HTTP/1.1" 200 30
186.103.159.189 - - [09/Mar/2018:11:02:30 -0300] "GET /cormun/servlet/hlogin HTTP/1.1" 200 1719
186.103.159.189 - - [09/Mar/2018:11:02:31 -0300] "GET /cormun/static/Resources/PXToolsButtonRight21.png HTTP/1.1" 200 1283
186.103.159.189 - - [09/Mar/2018:11:02:31 -0300] "GET /cormun/static/Resources/PXToolsButtonBackground2.png HTTP/1.1" 200 1181
186.103.159.189 - - [09/Mar/2018:11:02:31 -0300] "GET /cormun/servlet/hlogin HTTP/1.1" 200 1729
186.103.159.189 - - [09/Mar/2018:11:02:31 -0300] "GET /cormun/static/Resources/PXToolsButtonLeft21.png HTTP/1.1" 200 1287
186.103.159.189 - - [09/Mar/2018:11:02:33 -0300] "GET /cormun/static/Resources/PXToolsButtonLeft21.png HTTP/1.1" 200 1287
186.103.159.182 - - [09/Mar/2018:11:02:36 -0300] "GET /cormun/servlet/solicitudot?8f1812e50a459df106e6868d65086d6c8649df6858d338b98615f4dd9a3e1b1125998a5515e3a0fd674356531ae01189e1239065a9f61ed7001b0e37da81980d,gx-no-cache=1520604052756 HTTP/1.1" 200 30
186.103.159.182 - - [09/Mar/2018:11:02:36 -0300] "GET /cormun/servlet/solicitudot?8f1812e50a459df106e6868d65086d6c2ef42cef9a887c5ea33c4eec11dacfa2,gx-no-cache=1520604052861 HTTP/1.1" 200 51
186.103.159.182 - - [09/Mar/2018:11:02:36 -0300] "POST /cormun/servlet/solicitudot?gx-no-cache=1520604052989 HTTP/1.1" 200 255
186.103.159.182 - - [09/Mar/2018:11:02:37 -0300] "GET /cormun/servlet/solicitudot?8f1812e50a459df106e6868d65086d6c1e1806954b2a625f405cc02f521b790f50d7967cfcc9e08165751847b16172334cc4d3ff9f3c025309b2f4ab93c5f7326d1c9dedc1709ae1e7942b301ecbd5fee4d6ace7995ada529ccdad650600b432ab5eeb702d2b62eef04967803df1cbeef79e5b37ff55641af49047937e22325bbee506b6a55b436643dffdb38c78fbfefe2913e935acfd8dc51719625a235d6258dc3fab790274cd57fe00130255cb830a48184bf8a2e5e704beef8372a377d85e9c532dadb79db47dd0ed3963a1c8970470a5624e00247867503a783034c43a5fbfc624ff895512e65cc59cb0c8a97bf9220501710be6819036548f524758a2626305c36915ac0c20d0392b6b8e43031594335bef5be3a297ec69be14871aaeca53bb6d18efd9c1a4e744195cca955535c43d217990c09a19366c2885d3f257fa91ea2cb9ba94e33cf32664605c4dbb55d753ceee97927bbd7a068e525a4e0db33112859766e136518e28609763b6c3139cafc336003f73413d71b6102ecb48,gx-no-cache=1520604053680 HTTP/1.1" 200 30
186.103.159.182 - - [09/Mar/2018:11:02:41 -0300] "POST /cormun/servlet/solicitudot?gx-no-cache=1520604057571 HTTP/1.1" 200 30
186.103.157.246 - - [09/Mar/2018:11:02:54 -0300] "GET /cormun/servlet/solicitudot?1f7cb9542915ddd3bcbfd2e9993e7d1c31bc99e3e9c5f6c257175ff9b2afc6c71e8def26d88ab6d293752c9f1ebb38919c159949d044b41c8cc88450fd598a7e845a22242ca24595fc5bc63ecce10e6db74bb924bcc39dd65fa3fa80860554c297806dd4c06ffdb82afa08d0e29d9c59a7ec887323205df78a5ca0e5da6f5849804e33596166946b1b66953a62d21bc819aa27b2ef335c0ce82ce34c27f8460d3ae960e8c397dbd9fa7086e61ab6e70b2faec48c9d69ee1cccaf6c3a88c499bc1e48f27a4bf6edd7058ee4f61957d6a78745e42810607ef5e197133cd7a6dc5721aef19cfdd169371ad353d3a656a15b7dce6e441c219bed23be05e9881f3cc8e0981bcd5b094c3935d760b23f1a42d468812cf73dd8900a2e7ee6f19a72f239e37e9e7aab5cd51d58615aed4e04e144cb75b6e1e0f6003f3d204801c2dcb1da8512c7e474b62cbf87fa05292ec18fe9ae2360a8282318462f3323333b4cd8f30fc0933e4ce64adb257729d1ba44350e5c22b99c635b72defd89a533931af4cc7490e7470d6918cbdeb4d88de68ee4b9,gx-no-cache=1520604121949 HTTP/1.1" 200 30
192.168.10.56 - - [09/Mar/2018:11:02:54 -0300] "GET /cormun/servlet/hlogin HTTP/1.1" 200 1738
186.103.157.246 - - [09/Mar/2018:11:02:54 -0300] "POST /cormun/servlet/solicitudot?gx-no-cache=1520604124239 HTTP/1.1" 200 30
192.168.10.56 - - [09/Mar/2018:11:02:59 -0300] "POST /cormun/servlet/hlogin?a68c72c6df29d4286cbeadbda1a3a0c1,gx-no-cache=1520604017340 HTTP/1.1" 200 90
192.168.10.56 - - [09/Mar/2018:11:02:59 -0300] "GET /cormun/servlet/hpexe_link HTTP/1.1" 200 950
192.168.10.56 - - [09/Mar/2018:11:02:59 -0300] "GET /cormun/servlet/hhome HTTP/1.1" 200 3831
192.168.10.56 - - [09/Mar/2018:11:02:59 -0300] "GET /cormun/servlet/hhome HTTP/1.1" 200 3828
192.168.10.56 - - [09/Mar/2018:11:03:02 -0300] "GET /cormun/servlet/trautorizarot? HTTP/1.1" 200 26786
192.168.10.56 - - [09/Mar/2018:11:03:03 -0300] "GET /cormun/servlet/trautorizarot? HTTP/1.1" 200 26782
192.168.10.56 - - [09/Mar/2018:11:03:05 -0300] "GET /cormun/static/menuarrow.gif HTTP/1.1" 404 1015
186.103.159.182 - - [09/Mar/2018:11:03:06 -0300] "GET /cormun/servlet/prcontratosol?7792430,,,,,MD,,gxPopupLevel%3D0%3B HTTP/1.1" 200 7563
186.103.159.182 - - [09/Mar/2018:11:03:06 -0300] "GET /cormun/static/gxcfg.js?201761413223964 HTTP/1.1" 200 953
186.103.157.246 - - [09/Mar/2018:11:03:06 -0300] "POST /cormun/servlet/solicitudot?gx-no-cache=1520604124784 HTTP/1.1" 200 1336
186.103.159.182 - - [09/Mar/2018:11:03:06 -0300] "GET /cormun/static/prcontratosol.js?201761413224174 HTTP/1.1" 200 15806
186.103.157.246 - - [09/Mar/2018:11:03:06 -0300] "POST /cormun/servlet/solicitudot?gx-no-cache=1520604136638 HTTP/1.1" 200 41
186.103.157.246 - - [09/Mar/2018:11:03:07 -0300] "POST /cormun/servlet/solicitudot?gx-no-cache=1520604136717 HTTP/1.1" 200 1318
192.168.10.56 - - [09/Mar/2018:11:03:11 -0300] "POST /cormun/servlet/trautorizarot?a68c72c6df29d4286cbeadbda1a3a0c1,,gx-no-cache=1520604029219 HTTP/1.1" 200 24223
186.103.157.246 - - [09/Mar/2018:11:03:11 -0300] "POST /cormun/servlet/solicitudot?gx-no-cache=1520604137576 HTTP/1.1" 200 1219
186.103.157.246 - - [09/Mar/2018:11:03:12 -0300] "GET /cormun/servlet/solicitudot?1f7cb9542915ddd3bcbfd2e9993e7d1c704b4f47c9218349585e9d41bcf7a1642503bdf3f7b901e1500e4023e77f1e97,gx-no-cache=1520604141660 HTTP/1.1" 200 30
186.103.159.182 - - [09/Mar/2018:11:03:15 -0300] "POST /cormun/servlet/solicitudot?gx-no-cache=1520604091877 HTTP/1.1" 200 1337
186.103.159.189 - - [09/Mar/2018:11:03:15 -0300] "POST /cormun/servlet/hlogin?47e32af93345601ae9eb0c92cf28735c,gx-no-cache=1520604148900 HTTP/1.1" 200 444
186.103.159.182 - - [09/Mar/2018:11:03:16 -0300] "POST /cormun/servlet/solicitudot?gx-no-cache=1520604092072 HTTP/1.1" 200 38
186.103.159.182 - - [09/Mar/2018:11:03:16 -0300] "GET /cormun/servlet/solicitudot?8f1812e50a459df106e6868d65086d6c0eeb3c7f56bba7fa60c6169b207863e5d9054d8dfbf9cecafa155f0532bc1b3b53fc68751123447f613f5ba310c415d9b1d08a050b348b02a605a0e73093ae3de5a2364564f1a97059e1525af77f36d5c8dcdbce6c5db5209f1b2bc9dd6d325e8902ce9220f04e81177ad44278f89b757c4164288a240406e03706afec5be01c122f78668027ee36f0bf555940fd5660,gx-no-cache=1520604092632 HTTP/1.1" 200 29
192.168.10.56 - - [09/Mar/2018:11:03:17 -0300] "POST /cormun/servlet/trautorizarot?a68c72c6df29d4286cbeadbda1a3a0c1,,gx-no-cache=1520604034657 HTTP/1.1" 200 24230
186.103.159.182 - - [09/Mar/2018:11:03:17 -0300] "POST /cormun/servlet/solicitudot?gx-no-cache=1520604093137 HTTP/1.1" 200 1319
186.103.159.182 - - [09/Mar/2018:11:03:18 -0300] "POST /cormun/servlet/solicitudot?gx-no-cache=1520604094562 HTTP/1.1" 200 1218
186.103.159.182 - - [09/Mar/2018:11:03:18 -0300] "GET /cormun/servlet/solicitudot?8f1812e50a459df106e6868d65086d6ce775e5e44c2ef651e933aa3a9853541ece920a2af6091a9675410f32766d3526,gx-no-cache=1520604095009 HTTP/1.1" 200 134
186.103.159.182 - - [09/Mar/2018:11:03:18 -0300] "GET /cormun/static/Shared/jqueryui/images/ui-bg_highlight-soft_100_c6c2c8_1x100.png HTTP/1.1" 404 1117
186.103.159.182 - - [09/Mar/2018:11:03:18 -0300] "GET /cormun/static/Shared/jqueryui/images/ui-icons_82798d_256x240.png HTTP/1.1" 404 1089
186.103.159.182 - - [09/Mar/2018:11:03:18 -0300] "GET /cormun/static/Shared/jqueryui/images/ui-bg_flat_55_994d53_40x100.png HTTP/1.1" 404 1097
186.103.159.182 - - [09/Mar/2018:11:03:18 -0300] "GET /cormun/static/Shared/jqueryui/images/ui-icons_ebccce_256x240.png HTTP/1.1" 404 1089
186.103.159.189 - - [09/Mar/2018:11:03:20 -0300] "POST /cormun/servlet/hlogin?47e32af93345601ae9eb0c92cf28735c,gx-no-cache=1520604153863 HTTP/1.1" 200 90
186.103.159.189 - - [09/Mar/2018:11:03:21 -0300] "GET /cormun/servlet/hpexe_link HTTP/1.1" 200 951
186.103.159.182 - - [09/Mar/2018:11:03:25 -0300] "GET /cormun/static/menuarrow.gif HTTP/1.1" 404 1015
186.103.156.166 - - [09/Mar/2018:11:03:25 -0300] "POST /cormun/servlet/solicitudotadjuntos?c569064d6f1225a316cd183517ec5db4,INS,2018,10353,,1, HTTP/1.1" 200 7062
186.103.157.246 - - [09/Mar/2018:11:03:27 -0300] "POST /cormun/servlet/solicitudot?gx-no-cache=1520604142734 HTTP/1.1" 200 30
192.168.10.56 - - [09/Mar/2018:11:03:27 -0300] "GET /cormun/servlet/hlogin HTTP/1.1" 200 1736
186.103.159.189 - - [09/Mar/2018:11:03:30 -0300] "GET /cormun/servlet/hhome HTTP/1.1" 200 3981
192.168.10.89 - - [09/Mar/2018:11:03:32 -0300] "POST /cormun/servlet/hlogin?20a15a22bd14813542f4d6bbc2cd0c5b,gx-no-cache=1520604050393 HTTP/1.1" 200 90
192.168.10.89 - - [09/Mar/2018:11:03:32 -0300] "GET /cormun/servlet/hpexe_link HTTP/1.1" 200 947
192.168.10.89 - - [09/Mar/2018:11:03:32 -0300] "GET /cormun/servlet/hhome HTTP/1.1" 200 4917
186.103.157.246 - - [09/Mar/2018:11:03:33 -0300] "POST /cormun/servlet/solicitudot?76309b9df3bc4ea98e0fcd1c07abb1bb,INS,0,0,,gx-no-cache=1520604157098 HTTP/1.1" 200 11810
192.168.10.50 - - [09/Mar/2018:11:03:34 -0300] "POST /cormun/servlet/trsolicitudgral?ce049adf1501c0d489570ce6ebc8646f,gx-no-cache=1520604052188 HTTP/1.1" 200 9970
186.103.159.182 - - [09/Mar/2018:11:03:46 -0300] "GET /cormun/servlet/solicitudot?8f1812e50a459df106e6868d65086d6c452c42bd04352bdd9f28f4d35b06810cce920a2af6091a9675410f32766d3526,gx-no-cache=1520604122740 HTTP/1.1" 200 30
186.103.157.246 - - [09/Mar/2018:11:03:48 -0300] "GET /cormun/servlet/solicitudot?1f7cb9542915ddd3bcbfd2e9993e7d1c704b4f47c9218349585e9d41bcf7a1642503bdf3f7b901e1500e4023e77f1e97,gx-no-cache=1520604177536 HTTP/1.1" 200 30
186.103.157.246 - - [09/Mar/2018:11:03:48 -0300] "POST /cormun/servlet/solicitudot?gx-no-cache=1520604177974 HTTP/1.1" 200 30
186.103.157.246 - - [09/Mar/2018:11:03:56 -0300] "POST /cormun/servlet/solicitudot?76309b9df3bc4ea98e0fcd1c07abb1bb,INS,0,0,,gx-no-cache=1520604178221 HTTP/1.1" 200 11853
192.168.10.56 - - [09/Mar/2018:11:03:58 -0300] "POST /cormun/servlet/hlogin?a68c72c6df29d4286cbeadbda1a3a0c1,gx-no-cache=1520604076956 HTTP/1.1" 200 90
192.168.10.56 - - [09/Mar/2018:11:03:58 -0300] "GET /cormun/servlet/hpexe_link HTTP/1.1" 200 950
192.168.10.56 - - [09/Mar/2018:11:03:59 -0300] "GET /cormun/servlet/hhome HTTP/1.1" 200 4483
192.168.10.56 - - [09/Mar/2018:11:03:59 -0300] "GET /cormun/servlet/hhome HTTP/1.1" 200 4479
192.168.10.56 - - [09/Mar/2018:11:04:01 -0300] "GET /cormun/servlet/trsolicitudgral? HTTP/1.1" 200 9011
192.168.10.56 - - [09/Mar/2018:11:04:02 -0300] "GET /cormun/servlet/trsolicitudgral? HTTP/1.1" 200 9009
186.103.159.182 - - [09/Mar/2018:11:04:11 -0300] "GET /cormun/servlet/prsolicitudot?7792430,,,,,MD,,gxPopupLevel%3D0%3B HTTP/1.1" 200 5747
186.103.159.182 - - [09/Mar/2018:11:04:11 -0300] "GET /cormun/static/gxcfg.js?2017111422591492 HTTP/1.1" 200 953
186.103.159.182 - - [09/Mar/2018:11:04:11 -0300] "GET /cormun/static/prsolicitudot.js?2017111422591715 HTTP/1.1" 200 13680
192.168.10.56 - - [09/Mar/2018:11:04:13 -0300] "POST /cormun/servlet/trsolicitudgral?a68c72c6df29d4286cbeadbda1a3a0c1,,gx-no-cache=1520604091734 HTTP/1.1" 200 5936
192.168.10.56 - - [09/Mar/2018:11:04:15 -0300] "POST /cormun/servlet/trsolicitudgral?a68c72c6df29d4286cbeadbda1a3a0c1,,gx-no-cache=1520604093883 HTTP/1.1" 200 5934
186.103.159.182 - - [09/Mar/2018:11:04:16 -0300] "GET /cormun/servlet/prpersonalsolicitud?7792430,,,,,MD,,gxPopupLevel%3D0%3B HTTP/1.1" 200 5752
186.103.159.182 - - [09/Mar/2018:11:04:16 -0300] "GET /cormun/static/gxcfg.js?20175251253686 HTTP/1.1" 200 953
186.103.159.182 - - [09/Mar/2018:11:04:16 -0300] "GET /cormun/static/prpersonalsolicitud.js?20175251253921 HTTP/1.1" 200 13873
192.168.10.56 - - [09/Mar/2018:11:04:22 -0300] "POST /cormun/servlet/trsolicitudgral?a68c72c6df29d4286cbeadbda1a3a0c1,,gx-no-cache=1520604100483 HTTP/1.1" 200 5936
186.103.159.189 - - [09/Mar/2018:11:04:29 -0300] "GET /cormun/static/Resources/PXToolsHeaderBackground2.png HTTP/1.1" 200 1174
186.103.159.189 - - [09/Mar/2018:11:04:29 -0300] "GET /cormun/static/Resources/PXToolsFooterBackground2.png HTTP/1.1" 200 1172
192.168.10.56 - - [09/Mar/2018:11:04:29 -0300] "POST /cormun/servlet/trsolicitudgral?a68c72c6df29d4286cbeadbda1a3a0c1,,gx-no-cache=1520604107198 HTTP/1.1" 200 5938
186.103.159.189 - - [09/Mar/2018:11:04:29 -0300] "GET /cormun/static/Resources/logo4.png HTTP/1.1" 200 6582
186.103.159.189 - - [09/Mar/2018:11:04:30 -0300] "GET /cormun/servlet/hhome HTTP/1.1" 200 3978
192.168.10.56 - - [09/Mar/2018:11:04:37 -0300] "POST /cormun/servlet/trsolicitudgral?a68c72c6df29d4286cbeadbda1a3a0c1,,gx-no-cache=1520604115124 HTTP/1.1" 200 9960
186.103.159.182 - - [09/Mar/2018:11:04:38 -0300] "POST /cormun/servlet/solicitudot?gx-no-cache=1520604174542 HTTP/1.1" 200 1318
186.103.159.182 - - [09/Mar/2018:11:04:39 -0300] "POST /cormun/servlet/solicitudot?gx-no-cache=1520604175519 HTTP/1.1" 200 1218
186.103.159.182 - - [09/Mar/2018:11:04:40 -0300] "POST /cormun/servlet/solicitudot?gx-no-cache=1520604176347 HTTP/1.1" 200 33
192.168.10.56 - - [09/Mar/2018:11:04:48 -0300] "POST /cormun/servlet/trsolicitudgral?a68c72c6df29d4286cbeadbda1a3a0c1,,gx-no-cache=1520604126684 HTTP/1.1" 200 6148
192.168.10.56 - - [09/Mar/2018:11:04:48 -0300] "GET /cormun/static/Shared/jqueryui/images/ui-bg_highlight-soft_100_c6c2c8_1x100.png HTTP/1.1" 404 1117
192.168.10.56 - - [09/Mar/2018:11:04:48 -0300] "GET /cormun/static/Shared/jqueryui/images/ui-icons_82798d_256x240.png HTTP/1.1" 404 1089
192.168.10.56 - - [09/Mar/2018:11:04:48 -0300] "GET /cormun/static/Shared/jqueryui/images/ui-bg_flat_55_fafafa_40x100.png HTTP/1.1" 404 1097
192.168.10.56 - - [09/Mar/2018:11:04:48 -0300] "GET /cormun/static/Shared/jqueryui/images/ui-icons_8d78a5_256x240.png HTTP/1.1" 404 1089
192.168.10.56 - - [09/Mar/2018:11:05:09 -0300] "GET /cormun/servlet/hlogin HTTP/1.1" 200 1738
192.168.10.56 - - [09/Mar/2018:11:05:14 -0300] "POST /cormun/servlet/hlogin?a68c72c6df29d4286cbeadbda1a3a0c1,gx-no-cache=1520604152708 HTTP/1.1" 200 90
192.168.10.56 - - [09/Mar/2018:11:05:14 -0300] "GET /cormun/servlet/hpexe_link HTTP/1.1" 200 950
192.168.10.56 - - [09/Mar/2018:11:05:14 -0300] "GET /cormun/servlet/hhome HTTP/1.1" 200 3831
192.168.10.62 - - [09/Mar/2018:11:05:15 -0300] "POST /cormun/servlet/trsolicitudgral?514e9aaed6fd2b526ca9de3b6eb8016e,,gx-no-cache=1520604153083 HTTP/1.1" 440 972
192.168.10.56 - - [09/Mar/2018:11:05:15 -0300] "GET /cormun/servlet/hhome HTTP/1.1" 200 3828
192.168.10.62 - - [09/Mar/2018:11:05:16 -0300] "GET /cormun/servlet/trsolicitudgral? HTTP/1.1" 500 10
192.168.10.56 - - [09/Mar/2018:11:05:18 -0300] "GET /cormun/servlet/trsolicitudgral? HTTP/1.1" 200 8315
192.168.10.56 - - [09/Mar/2018:11:05:18 -0300] "GET /cormun/servlet/trsolicitudgral? HTTP/1.1" 200 8313
186.103.159.182 - - [09/Mar/2018:11:05:20 -0300] "POST /cormun/servlet/solicitudot?cccc230fee2aa2cfa52370b99d13e2b2,INS,0,0,,gx-no-cache=1520604214562 HTTP/1.1" 200 93
186.103.159.182 - - [09/Mar/2018:11:05:20 -0300] "GET /cormun/servlet/hpexe_return? HTTP/1.1" 200 1001
192.168.10.56 - - [09/Mar/2018:11:05:20 -0300] "GET /cormun/servlet/trautorizarot? HTTP/1.1" 200 26840
192.168.10.62 - - [09/Mar/2018:11:05:20 -0300] "GET /cormun/servlet/hlogin HTTP/1.1" 200 1719
186.103.159.182 - - [09/Mar/2018:11:05:20 -0300] "GET /cormun/servlet/trsolicitudot HTTP/1.1" 200 7486
192.168.10.56 - - [09/Mar/2018:11:05:21 -0300] "GET /cormun/servlet/trautorizarot? HTTP/1.1" 200 26840
186.103.159.182 - - [09/Mar/2018:11:05:22 -0300] "GET /cormun/servlet/trsolicitudot HTTP/1.1" 200 7483
192.168.10.56 - - [09/Mar/2018:11:05:33 -0300] "POST /cormun/servlet/trautorizarot?a68c72c6df29d4286cbeadbda1a3a0c1,,gx-no-cache=1520604171033 HTTP/1.1" 200 9160
192.168.10.62 - - [09/Mar/2018:11:05:33 -0300] "POST /cormun/servlet/hlogin?42fd19352fe966bae33efe10ae1593c4,gx-no-cache=1520604171711 HTTP/1.1" 200 90
192.168.10.62 - - [09/Mar/2018:11:05:33 -0300] "GET /cormun/servlet/hpexe_link HTTP/1.1" 200 950
192.168.10.62 - - [09/Mar/2018:11:05:33 -0300] "GET /cormun/servlet/hhome HTTP/1.1" 200 4449
192.168.10.62 - - [09/Mar/2018:11:05:34 -0300] "GET /cormun/servlet/hhome HTTP/1.1" 200 4445
192.168.10.62 - - [09/Mar/2018:11:05:42 -0300] "GET /cormun/servlet/trsolicitudgral? HTTP/1.1" 200 28078
192.168.10.62 - - [09/Mar/2018:11:05:44 -0300] "GET /cormun/servlet/trsolicitudgral? HTTP/1.1" 200 28076
192.168.10.62 - - [09/Mar/2018:11:06:03 -0300] "POST /cormun/servlet/trsolicitudgral?42fd19352fe966bae33efe10ae1593c4,,gx-no-cache=1520604201483 HTTP/1.1" 200 14622
192.168.10.50 - - [09/Mar/2018:11:06:06 -0300] "POST /cormun/servlet/trsolicitudgral?ce049adf1501c0d489570ce6ebc8646f,gx-no-cache=1520604204234 HTTP/1.1" 200 9633
192.168.10.62 - - [09/Mar/2018:11:06:14 -0300] "POST /cormun/servlet/trsolicitudgral?42fd19352fe966bae33efe10ae1593c4,,gx-no-cache=1520604212639 HTTP/1.1" 200 105
192.168.10.62 - - [09/Mar/2018:11:06:15 -0300] "POST /cormun/servlet/trsolicitudgral?42fd19352fe966bae33efe10ae1593c4,,gx-no-cache=1520604212843 HTTP/1.1" 200 14589
192.168.10.62 - - [09/Mar/2018:11:06:15 -0300] "GET /cormun/SolicitudGral-6345.xls HTTP/1.1" 200 13824
186.103.159.182 - - [09/Mar/2018:11:06:39 -0300] "GET /cormun/servlet/trautorizarsolicitud? HTTP/1.1" 200 8999
186.103.159.182 - - [09/Mar/2018:11:06:41 -0300] "GET /cormun/servlet/trautorizarsolicitud? HTTP/1.1" 200 8999
192.168.10.56 - - [09/Mar/2018:11:06:50 -0300] "POST /cormun/servlet/trautorizarot?a68c72c6df29d4286cbeadbda1a3a0c1,,gx-no-cache=1520604248107 HTTP/1.1" 200 5346
192.168.10.50 - - [09/Mar/2018:11:07:00 -0300] "POST /cormun/servlet/trsolicitudgral?ce049adf1501c0d489570ce6ebc8646f,gx-no-cache=1520604258241 HTTP/1.1" 200 115
192.168.10.50 - - [09/Mar/2018:11:07:00 -0300] "GET /cormun/servlet/solicitudotlog?INS,2018,9392,0,REC, HTTP/1.1" 200 6269
192.168.10.50 - - [09/Mar/2018:11:07:00 -0300] "GET /cormun/servlet/solicitudotlog?INS,2018,9392,0,REC, HTTP/1.1" 200 6269
192.168.10.50 - - [09/Mar/2018:11:07:01 -0300] "GET /cormun/servlet/solicitudotlog?07dc3efb3947497f40b9893edfe7c4a94947f839379948d9d3293b3f3d618d15e97dca39bb9139ae05ed5b0c7bf6e06b4f8744c200a5b240a844bd33bce4fb675e0a4c3b66832236e095d80b49883f28c67761901e1a6190537b28c921b6742a64952503310bf72abdb193b4d1a83afb19746f5664d29c2bf5de0ac8a98d545b29c2ea08679da08b2c31375386f0fdfde505a782ebb01918a5539949d6714668,gx-no-cache=1520604259155 HTTP/1.1" 200 94
186.103.159.182 - - [09/Mar/2018:11:07:03 -0300] "POST /cormun/servlet/trautorizarsolicitud?cccc230fee2aa2cfa52370b99d13e2b2,,gx-no-cache=1520604316681 HTTP/1.1" 200 5780
186.103.159.182 - - [09/Mar/2018:11:07:03 -0300] "GET /cormun/static/Shared/jqueryui/images/ui-bg_highlight-soft_100_c6c2c8_1x100.png HTTP/1.1" 404 1117
186.103.159.182 - - [09/Mar/2018:11:07:04 -0300] "GET /cormun/static/Shared/jqueryui/images/ui-icons_82798d_256x240.png HTTP/1.1" 404 1089
186.103.159.182 - - [09/Mar/2018:11:07:04 -0300] "GET /cormun/static/Shared/jqueryui/images/ui-bg_flat_55_fafafa_40x100.png HTTP/1.1" 404 1097
186.103.159.182 - - [09/Mar/2018:11:07:04 -0300] "GET /cormun/static/Shared/jqueryui/images/ui-icons_8d78a5_256x240.png HTTP/1.1" 404 1089
186.103.159.182 - - [09/Mar/2018:11:07:05 -0300] "POST /cormun/servlet/trautorizarsolicitud?cccc230fee2aa2cfa52370b99d13e2b2,,gx-no-cache=1520604320557 HTTP/1.1" 200 5725
192.168.10.56 - - [09/Mar/2018:11:07:06 -0300] "GET /cormun/servlet/hlogin HTTP/1.1" 200 1736
192.168.10.50 - - [09/Mar/2018:11:07:06 -0300] "POST /cormun/servlet/solicitudotlog?ce049adf1501c0d489570ce6ebc8646f,INS,2018,9392,0,REC,,gx-no-cache=1520604264478 HTTP/1.1" 200 93
192.168.10.50 - - [09/Mar/2018:11:07:06 -0300] "GET /cormun/servlet/hpexe_return? HTTP/1.1" 200 1043
192.168.10.50 - - [09/Mar/2018:11:07:06 -0300] "GET /cormun/servlet/trsolicitudgral?gx-no-cache=1520604204234 HTTP/1.1" 200 12220
192.168.10.50 - - [09/Mar/2018:11:07:07 -0300] "GET /cormun/servlet/trsolicitudgral?gx-no-cache=1520604204234 HTTP/1.1" 200 12236
186.103.156.166 - - [09/Mar/2018:11:07:09 -0300] "POST /cormun/servlet/solicitudotadjuntos?c569064d6f1225a316cd183517ec5db4,INS,2018,10353,,1, HTTP/1.1" 200 116
186.103.156.166 - - [09/Mar/2018:11:07:09 -0300] "GET /cormun/servlet/hpexe_return? HTTP/1.1" 200 1028
186.103.156.166 - - [09/Mar/2018:11:07:10 -0300] "GET /cormun/servlet/trsolicitudadjuntos?2018,10353, HTTP/1.1" 200 8938
186.103.159.182 - - [09/Mar/2018:11:07:10 -0300] "POST /cormun/servlet/trautorizarsolicitud?cccc230fee2aa2cfa52370b99d13e2b2,,gx-no-cache=1520604325171 HTTP/1.1" 200 4583
186.103.156.166 - - [09/Mar/2018:11:07:10 -0300] "GET /cormun/servlet/trsolicitudadjuntos?2018,10353, HTTP/1.1" 200 8936
186.103.159.182 - - [09/Mar/2018:11:07:12 -0300] "POST /cormun/servlet/trautorizarsolicitud?cccc230fee2aa2cfa52370b99d13e2b2,,gx-no-cache=1520604327033 HTTP/1.1" 200 4377
192.168.10.62 - - [09/Mar/2018:11:07:15 -0300] "GET /cormun/servlet/vesolicitudgral?2018,7790,, HTTP/1.1" 200 9017
192.168.10.62 - - [09/Mar/2018:11:07:15 -0300] "GET /cormun/pexe_scrolldiv.js HTTP/1.1" 404 1009
192.168.10.62 - - [09/Mar/2018:11:07:15 -0300] "GET /cormun/pexe_scrolldiv.js HTTP/1.1" 404 1009
192.168.10.62 - - [09/Mar/2018:11:07:15 -0300] "GET /cormun/servlet/vesolicitudgral?2018,7790,, HTTP/1.1" 200 9015
192.168.10.62 - - [09/Mar/2018:11:07:17 -0300] "POST /cormun/servlet/vesolicitudgral?42fd19352fe966bae33efe10ae1593c4,2018,7790,,,gx-no-cache=1520604275440 HTTP/1.1" 200 115
192.168.10.62 - - [09/Mar/2018:11:07:17 -0300] "GET /cormun/servlet/solicitudotlog?INS,2018,7790,0,REC, HTTP/1.1" 200 6272
192.168.10.62 - - [09/Mar/2018:11:07:17 -0300] "GET /cormun/servlet/solicitudotlog?INS,2018,7790,0,REC, HTTP/1.1" 200 6267
192.168.10.62 - - [09/Mar/2018:11:07:18 -0300] "GET /cormun/servlet/solicitudotlog?00177beeca5e81a1e545438f2a5c0419cc795b68c060a541023698aade1c3cab0466a6bf4926ad7cd127d33d76fcb8c16eea0db1f64ff5e383f6870b9298233061cb80b050a3841195d811c25ac4f1b779b7577c9f9b49c3d998fe7f6364e83e3c09f83450612bad54004be1d79eece13d5453acb95e20927911cd105b46cab49f129b3117b77026651ca7b88d0ef06f70868dead86f77fdc33371494dd9360d,gx-no-cache=1520604276314 HTTP/1.1" 200 94
192.168.10.62 - - [09/Mar/2018:11:07:36 -0300] "POST /cormun/servlet/solicitudotlog?42fd19352fe966bae33efe10ae1593c4,INS,2018,7790,0,REC,,gx-no-cache=1520604294593 HTTP/1.1" 200 93
192.168.10.62 - - [09/Mar/2018:11:07:36 -0300] "GET /cormun/servlet/hpexe_return? HTTP/1.1" 200 1027
192.168.10.62 - - [09/Mar/2018:11:07:36 -0300] "GET /cormun/servlet/vesolicitudgral?2018,7790,, HTTP/1.1" 200 9026
192.168.10.62 - - [09/Mar/2018:11:07:36 -0300] "GET /cormun/pexe_scrolldiv.js HTTP/1.1" 404 1009
192.168.10.62 - - [09/Mar/2018:11:07:36 -0300] "GET /cormun/pexe_scrolldiv.js HTTP/1.1" 404 1009
192.168.10.62 - - [09/Mar/2018:11:07:37 -0300] "GET /cormun/servlet/vesolicitudgral?2018,7790,, HTTP/1.1" 200 9021
192.168.10.62 - - [09/Mar/2018:11:07:38 -0300] "POST /cormun/servlet/vesolicitudgral?42fd19352fe966bae33efe10ae1593c4,2018,7790,,,gx-no-cache=1520604296908 HTTP/1.1" 200 90
192.168.10.62 - - [09/Mar/2018:11:07:38 -0300] "GET /cormun/servlet/hpexe_link HTTP/1.1" 200 967
192.168.10.62 - - [09/Mar/2018:11:07:39 -0300] "GET /cormun/servlet/trsolicitudgral? HTTP/1.1" 200 17167
192.168.10.62 - - [09/Mar/2018:11:07:39 -0300] "GET /cormun/servlet/trsolicitudgral? HTTP/1.1" 200 17166
186.103.159.182 - - [09/Mar/2018:11:07:40 -0300] "GET /cormun/servlet/trsolicitudot? HTTP/1.1" 200 7483
186.103.159.182 - - [09/Mar/2018:11:07:41 -0300] "GET /cormun/servlet/trsolicitudot? HTTP/1.1" 200 7482
186.103.159.182 - - [09/Mar/2018:11:07:44 -0300] "GET /cormun/servlet/solicitudot?INS,0,0, HTTP/1.1" 200 13688
186.103.159.182 - - [09/Mar/2018:11:07:46 -0300] "GET /cormun/servlet/solicitudot?INS,0,0, HTTP/1.1" 200 13694
186.103.159.182 - - [09/Mar/2018:11:07:55 -0300] "GET /cormun/servlet/trvisualizadoreventos? HTTP/1.1" 200 7023
186.103.159.182 - - [09/Mar/2018:11:07:56 -0300] "GET /cormun/servlet/trvisualizadoreventos? HTTP/1.1" 200 7017
192.168.10.62 - - [09/Mar/2018:11:07:57 -0300] "GET /cormun/servlet/vesolicitudgral?2018,9999,, HTTP/1.1" 200 8997
192.168.10.62 - - [09/Mar/2018:11:07:57 -0300] "GET /cormun/pexe_scrolldiv.js HTTP/1.1" 404 1009
192.168.10.62 - - [09/Mar/2018:11:07:57 -0300] "GET /cormun/pexe_scrolldiv.js HTTP/1.1" 404 1009
192.168.10.62 - - [09/Mar/2018:11:07:57 -0300] "GET /cormun/servlet/vesolicitudgral?2018,9999,, HTTP/1.1" 200 8995
186.103.159.182 - - [09/Mar/2018:11:07:59 -0300] "GET /cormun/static/menuarrow.gif HTTP/1.1" 404 1015
192.168.10.62 - - [09/Mar/2018:11:08:00 -0300] "POST /cormun/servlet/vesolicitudgral?42fd19352fe966bae33efe10ae1593c4,2018,9999,,,gx-no-cache=1520604318421 HTTP/1.1" 200 113
192.168.10.62 - - [09/Mar/2018:11:08:00 -0300] "GET /cormun/servlet/solicitudotlog?INS,2018,9999,0,REC, HTTP/1.1" 200 6269
192.168.10.62 - - [09/Mar/2018:11:08:00 -0300] "GET /cormun/servlet/solicitudotlog?INS,2018,9999,0,REC, HTTP/1.1" 200 6265
192.168.10.62 - - [09/Mar/2018:11:08:01 -0300] "GET /cormun/servlet/solicitudotlog?00177beeca5e81a1e545438f2a5c04195a1981ba06a0f99e946ebf8b93683a620466a6bf4926ad7cd127d33d76fcb8c16eea0db1f64ff5e383f6870b9298233061cb80b050a3841195d811c25ac4f1b779b7577c9f9b49c3d998fe7f6364e83e3c09f83450612bad54004be1d79eece13d5453acb95e20927911cd105b46cab49f129b3117b77026651ca7b88d0ef06f70868dead86f77fdc33371494dd9360d,gx-no-cache=1520604319312 HTTP/1.1" 200 94
192.168.10.50 - - [09/Mar/2018:11:08:04 -0300] "POST /cormun/servlet/trsolicitudgral?ce049adf1501c0d489570ce6ebc8646f,gx-no-cache=1520604204234,gx-no-cache=1520604322558 HTTP/1.1" 200 115
192.168.10.50 - - [09/Mar/2018:11:08:04 -0300] "GET /cormun/servlet/solicitudotlog?INS,2018,8069,0,REC, HTTP/1.1" 200 6289
192.168.10.50 - - [09/Mar/2018:11:08:04 -0300] "GET /cormun/servlet/solicitudotlog?INS,2018,8069,0,REC, HTTP/1.1" 200 6268
192.168.10.50 - - [09/Mar/2018:11:08:05 -0300] "GET /cormun/servlet/solicitudotlog?07dc3efb3947497f40b9893edfe7c4a9517baaefcbf1b500afe138a39c0f0aa0e97dca39bb9139ae05ed5b0c7bf6e06b4f8744c200a5b240a844bd33bce4fb675e0a4c3b66832236e095d80b49883f28c67761901e1a6190537b28c921b6742a64952503310bf72abdb193b4d1a83afb19746f5664d29c2bf5de0ac8a98d545b29c2ea08679da08b2c31375386f0fdfde505a782ebb01918a5539949d6714668,gx-no-cache=1520604323448 HTTP/1.1" 200 94
192.168.10.50 - - [09/Mar/2018:11:08:14 -0300] "POST /cormun/servlet/solicitudotlog?ce049adf1501c0d489570ce6ebc8646f,INS,2018,8069,0,REC,,gx-no-cache=1520604332615 HTTP/1.1" 200 93
192.168.10.50 - - [09/Mar/2018:11:08:14 -0300] "GET /cormun/servlet/hpexe_return? HTTP/1.1" 200 1043
192.168.10.50 - - [09/Mar/2018:11:08:14 -0300] "GET /cormun/servlet/trsolicitudgral?gx-no-cache=1520604204234 HTTP/1.1" 200 11832
192.168.10.50 - - [09/Mar/2018:11:08:15 -0300] "GET /cormun/servlet/trsolicitudgral?gx-no-cache=1520604204234 HTTP/1.1" 200 11849
186.103.159.182 - - [09/Mar/2018:11:08:16 -0300] "POST /cormun/servlet/trvisualizadoreventos?cccc230fee2aa2cfa52370b99d13e2b2,,gx-no-cache=1520604390720 HTTP/1.1" 200 4150
186.103.159.182 - - [09/Mar/2018:11:08:24 -0300] "POST /cormun/servlet/trvisualizadoreventos?cccc230fee2aa2cfa52370b99d13e2b2,,gx-no-cache=1520604399566 HTTP/1.1" 200 4154
186.103.159.182 - - [09/Mar/2018:11:08:30 -0300] "POST /cormun/servlet/trvisualizadoreventos?cccc230fee2aa2cfa52370b99d13e2b2,,gx-no-cache=1520604406000 HTTP/1.1" 200 4156
186.103.159.44 - - [09/Mar/2018:11:08:42 -0300] "POST /cormun/servlet/solicitudot?gx-no-cache=1520604468297 HTTP/1.1" 200 1318
186.103.159.44 - - [09/Mar/2018:11:08:42 -0300] "POST /cormun/servlet/solicitudot?gx-no-cache=1520604473165 HTTP/1.1" 200 1218
186.103.159.44 - - [09/Mar/2018:11:08:42 -0300] "GET /cormun/static/menuarrow.gif HTTP/1.1" 404 1015
186.103.159.182 - - [09/Mar/2018:11:08:43 -0300] "POST /cormun/servlet/trvisualizadoreventos?cccc230fee2aa2cfa52370b99d13e2b2,,gx-no-cache=1520604411265 HTTP/1.1" 200 4156
192.168.10.50 - - [09/Mar/2018:11:08:47 -0300] "GET /cormun/servlet/vesolicitudgral?2018,8443,, HTTP/1.1" 200 9053
192.168.10.50 - - [09/Mar/2018:11:08:47 -0300] "GET /cormun/static/gxcfg.js?201711151294153 HTTP/1.1" 304 -
192.168.10.50 - - [09/Mar/2018:11:08:47 -0300] "GET /cormun/pexe_scrolldiv.js HTTP/1.1" 404 1009
192.168.10.50 - - [09/Mar/2018:11:08:47 -0300] "GET /cormun/pexe_scrolldiv.js HTTP/1.1" 404 1009
192.168.10.50 - - [09/Mar/2018:11:08:47 -0300] "GET /cormun/static/tbsolicitudgral01.js?201813119422078 HTTP/1.1" 304 -
192.168.10.50 - - [09/Mar/2018:11:08:48 -0300] "GET /cormun/servlet/vesolicitudgral?2018,8443,, HTTP/1.1" 200 9028
192.168.10.50 - - [09/Mar/2018:11:08:55 -0300] "POST /cormun/servlet/vesolicitudgral?ce049adf1501c0d489570ce6ebc8646f,2018,8443,,,gx-no-cache=1520604373740 HTTP/1.1" 200 93
192.168.10.50 - - [09/Mar/2018:11:08:55 -0300] "GET /cormun/servlet/hpexe_return? HTTP/1.1" 200 1032
192.168.10.50 - - [09/Mar/2018:11:08:55 -0300] "GET /cormun/servlet/trsolicitudgral?gx-no-cache=1520604204234 HTTP/1.1" 200 11832
192.168.10.50 - - [09/Mar/2018:11:08:56 -0300] "GET /cormun/servlet/trsolicitudgral?gx-no-cache=1520604204234 HTTP/1.1" 200 11849
186.103.159.182 - - [09/Mar/2018:11:09:06 -0300] "GET /cormun/servlet/trcontratounov2? HTTP/1.1" 200 18054
186.103.159.182 - - [09/Mar/2018:11:09:08 -0300] "GET /cormun/servlet/trcontratounov2? HTTP/1.1" 200 18048
186.103.159.44 - - [09/Mar/2018:11:09:17 -0300] "POST /cormun/servlet/solicitudot?gx-no-cache=1520604507856 HTTP/1.1" 200 1318
186.103.159.44 - - [09/Mar/2018:11:09:17 -0300] "POST /cormun/servlet/solicitudot?gx-no-cache=1520604508161 HTTP/1.1" 200 1218
186.103.159.182 - - [09/Mar/2018:11:09:18 -0300] "GET /cormun/servlet/trcontratoobservaciondir? HTTP/1.1" 200 6444
186.103.159.182 - - [09/Mar/2018:11:09:19 -0300] "GET /cormun/servlet/trcontratoobservaciondir? HTTP/1.1" 200 6443
186.103.159.44 - - [09/Mar/2018:11:09:21 -0300] "GET /cormun/servlet/solicitudot?b94eb08952ab7f2ac0178fb18f52d73f96fefa1d734f2f05ac5a0e238589abdfad80e316420ae25487fb84815832dfc8,gx-no-cache=1520604512118 HTTP/1.1" 200 30
186.103.159.44 - - [09/Mar/2018:11:09:29 -0300] "POST /cormun/servlet/solicitudot?gx-no-cache=1520604519919 HTTP/1.1" 200 30
114.221.124.230 - - [09/Mar/2018:11:09:36 -0300] "GET /currentsetting.htm HTTP/1.1" 404 997
186.103.159.182 - - [09/Mar/2018:11:09:38 -0300] "POST /cormun/servlet/trcontratoobservaciondir?cccc230fee2aa2cfa52370b99d13e2b2,,gx-no-cache=1520604473517 HTTP/1.1" 200 3962
192.168.10.62 - - [09/Mar/2018:11:09:40 -0300] "POST /cormun/servlet/solicitudotlog?42fd19352fe966bae33efe10ae1593c4,INS,2018,9999,0,REC,,gx-no-cache=1520604418411 HTTP/1.1" 200 93
192.168.10.62 - - [09/Mar/2018:11:09:40 -0300] "GET /cormun/servlet/hpexe_return? HTTP/1.1" 200 1026
192.168.10.62 - - [09/Mar/2018:11:09:40 -0300] "GET /cormun/servlet/vesolicitudgral?2018,9999,, HTTP/1.1" 200 9005
192.168.10.62 - - [09/Mar/2018:11:09:40 -0300] "GET /cormun/pexe_scrolldiv.js HTTP/1.1" 404 1009
192.168.10.62 - - [09/Mar/2018:11:09:40 -0300] "GET /cormun/pexe_scrolldiv.js HTTP/1.1" 404 1009
192.168.10.62 - - [09/Mar/2018:11:09:41 -0300] "GET /cormun/servlet/vesolicitudgral?2018,9999,, HTTP/1.1" 200 9001
186.103.159.44 - - [09/Mar/2018:11:09:41 -0300] "POST /cormun/servlet/solicitudot?bf84d91d044434df6ab0f99c889d34bd,INS,0,0,,gx-no-cache=1520604531516 HTTP/1.1" 200 93
186.103.159.44 - - [09/Mar/2018:11:09:41 -0300] "GET /cormun/servlet/hpexe_return? HTTP/1.1" 200 1008
186.103.159.182 - - [09/Mar/2018:11:09:41 -0300] "GET /cormun/servlet/trsolicitudot? HTTP/1.1" 200 7483
186.103.159.44 - - [09/Mar/2018:11:09:41 -0300] "GET /cormun/static/hpexe_return.js?2016101716175153 HTTP/1.1" 200 1633
186.103.159.44 - - [09/Mar/2018:11:09:41 -0300] "GET /cormun/static/Resources/Spanish/PXTools.css?167811 HTTP/1.1" 200 89042
186.103.159.44 - - [09/Mar/2018:11:09:41 -0300] "GET /cormun/static/gxcfg.js?2016101716175148 HTTP/1.1" 200 953
186.103.159.44 - - [09/Mar/2018:11:09:41 -0300] "GET /cormun/servlet/trsolicitudot HTTP/1.1" 200 8760
186.103.159.44 - - [09/Mar/2018:11:09:42 -0300] "GET /cormun//static/Resources/PXToolsGridDelete.png HTTP/1.1" 200 357
186.103.159.44 - - [09/Mar/2018:11:09:42 -0300] "GET /cormun//static/Resources/PXToolsRemoveAllAction.png HTTP/1.1" 200 3558
186.103.159.44 - - [09/Mar/2018:11:09:42 -0300] "GET /cormun//static/Resources/PXToolsGridUpdate.png HTTP/1.1" 200 2984
186.103.159.44 - - [09/Mar/2018:11:09:42 -0300] "GET /cormun//static/Resources/PXToolsActionView.png HTTP/1.1" 200 2995
186.103.159.44 - - [09/Mar/2018:11:09:42 -0300] "GET /cormun//static/Resources/PXTools/ActionInsert.png HTTP/1.1" 200 1482
186.103.159.182 - - [09/Mar/2018:11:09:42 -0300] "GET /cormun/servlet/trsolicitudot? HTTP/1.1" 200 7482
192.168.10.62 - - [09/Mar/2018:11:09:42 -0300] "POST /cormun/servlet/vesolicitudgral?42fd19352fe966bae33efe10ae1593c4,2018,9999,,,gx-no-cache=1520604420761 HTTP/1.1" 200 90
192.168.10.62 - - [09/Mar/2018:11:09:42 -0300] "GET /cormun/servlet/hpexe_link HTTP/1.1" 200 964
192.168.10.62 - - [09/Mar/2018:11:09:43 -0300] "GET /cormun/servlet/trsolicitudgral HTTP/1.1" 200 16870
192.168.10.62 - - [09/Mar/2018:11:09:43 -0300] "GET /cormun/servlet/trsolicitudgral HTTP/1.1" 200 16868
186.103.159.44 - - [09/Mar/2018:11:09:49 -0300] "GET /cormun/servlet/trsolicitudot? HTTP/1.1" 200 8756
186.103.159.182 - - [09/Mar/2018:11:09:50 -0300] "POST /cormun/servlet/trsolicitudot?cccc230fee2aa2cfa52370b99d13e2b2,,gx-no-cache=1520604484389 HTTP/1.1" 200 4485
186.103.159.44 - - [09/Mar/2018:11:09:54 -0300] "GET /cormun/servlet/solicitudot?INS,0,0, HTTP/1.1" 200 13590
192.168.10.62 - - [09/Mar/2018:11:09:54 -0300] "POST /cormun/servlet/trsolicitudgral?42fd19352fe966bae33efe10ae1593c4,gx-no-cache=1520604432786 HTTP/1.1" 200 13609
192.168.10.62 - - [09/Mar/2018:11:09:55 -0300] "GET /cormun/static/Shared/jqueryui/images/ui-bg_highlight-soft_100_c6c2c8_1x100.png HTTP/1.1" 404 1117
192.168.10.62 - - [09/Mar/2018:11:09:55 -0300] "GET /cormun/static/Shared/jqueryui/images/ui-icons_82798d_256x240.png HTTP/1.1" 404 1089
192.168.10.62 - - [09/Mar/2018:11:09:55 -0300] "GET /cormun/static/Shared/jqueryui/images/ui-bg_flat_55_fafafa_40x100.png HTTP/1.1" 404 1097
192.168.10.62 - - [09/Mar/2018:11:09:55 -0300] "GET /cormun/static/Shared/jqueryui/images/ui-icons_8d78a5_256x240.png HTTP/1.1" 404 1089
186.103.156.166 - - [09/Mar/2018:11:10:02 -0300] "GET /cormun/servlet/solicitudotadjuntos?INS,2018,10353,,1, HTTP/1.1" 200 6220
186.103.156.166 - - [09/Mar/2018:11:10:02 -0300] "GET /cormun/static/about:blank HTTP/1.1" 404 1011
186.103.156.166 - - [09/Mar/2018:11:10:03 -0300] "GET /cormun/servlet/solicitudotadjuntos?INS,2018,10353,,1, HTTP/1.1" 200 6214
186.103.156.166 - - [09/Mar/2018:11:10:04 -0300] "GET /cormun/servlet/solicitudotadjuntos?ccbd04e35c8c81d6bd51d1d3944e1d1420f2205110857110193cc06a84f54b45d3a2e34f2442933fc2f16187cb6e8edf,gx-no-cache=1520604561867 HTTP/1.1" 200 30
186.103.156.166 - - [09/Mar/2018:11:10:05 -0300] "POST /cormun/servlet/solicitudotadjuntos?c569064d6f1225a316cd183517ec5db4,INS,2018,10353,,1,,gx-no-cache=1520604561975 HTTP/1.1" 200 3979
186.103.159.182 - - [09/Mar/2018:11:10:07 -0300] "POST /cormun/servlet/trsolicitudot?cccc230fee2aa2cfa52370b99d13e2b2,,gx-no-cache=1520604503732 HTTP/1.1" 200 4491
186.103.156.166 - - [09/Mar/2018:11:10:09 -0300] "POST /cormun/servlet/solicitudotadjuntos?gx-no-cache=1520604566877 HTTP/1.1" 200 26
186.103.159.182 - - [09/Mar/2018:11:10:09 -0300] "GET /cormun/servlet/solicitudot?INS,0,0, HTTP/1.1" 200 13688
186.103.159.182 - - [09/Mar/2018:11:10:11 -0300] "GET /cormun/servlet/solicitudot?INS,0,0, HTTP/1.1" 200 13693
186.103.159.44 - - [09/Mar/2018:11:10:17 -0300] "POST /cormun/servlet/solicitudot?gx-no-cache=1520604568122 HTTP/1.1" 200 3399
