186.103.159.182 - - [09/Mar/2018:11:10:18 -0300] "GET /cormun/servlet/trsolicitudot? HTTP/1.1" 200 7494
186.103.159.44 - - [09/Mar/2018:11:10:18 -0300] "POST /cormun/servlet/solicitudot?bf84d91d044434df6ab0f99c889d34bd,INS,0,0,,gx-no-cache=1520604568664 HTTP/1.1" 200 10571
186.103.159.182 - - [09/Mar/2018:11:10:19 -0300] "GET /cormun/servlet/trsolicitudot? HTTP/1.1" 200 7493
186.103.156.166 - - [09/Mar/2018:11:10:19 -0300] "GET /cormun/servlet/solicitudotadjuntos?ccbd04e35c8c81d6bd51d1d3944e1d14b254cb223c64a1432970d0dc81e5b1ee,gx-no-cache=1520604576365 HTTP/1.1" 200 30
186.103.156.166 - - [09/Mar/2018:11:10:22 -0300] "GET /cormun/servlet/solicitudotadjuntos?ccbd04e35c8c81d6bd51d1d3944e1d14b254cb223c64a1432970d0dc81e5b1ee,gx-no-cache=1520604577346 HTTP/1.1" 200 30
186.103.159.182 - - [09/Mar/2018:11:10:23 -0300] "GET /cormun/servlet/solicitudot?INS,0,0, HTTP/1.1" 200 13688
186.103.159.182 - - [09/Mar/2018:11:10:24 -0300] "GET /cormun/servlet/solicitudot?INS,0,0, HTTP/1.1" 200 13693
186.103.159.182 - - [09/Mar/2018:11:10:27 -0300] "GET /cormun/servlet/prfichaempleado?,MD,,gxPopupLevel%3D0%3B HTTP/1.1" 200 9419
186.103.159.182 - - [09/Mar/2018:11:10:39 -0300] "POST /cormun/servlet/prfichaempleado?cccc230fee2aa2cfa52370b99d13e2b2,,MD,,gxPopupLevel%3D0%3B,gx-no-cache=1520604533241 HTTP/1.1" 200 3408
186.103.159.182 - - [09/Mar/2018:11:10:45 -0300] "POST /cormun/servlet/solicitudot?gx-no-cache=1520604540398 HTTP/1.1" 200 3399
186.103.159.182 - - [09/Mar/2018:11:10:47 -0300] "POST /cormun/servlet/solicitudot?cccc230fee2aa2cfa52370b99d13e2b2,INS,0,0,,gx-no-cache=1520604542589 HTTP/1.1" 200 10571
186.103.159.182 - - [09/Mar/2018:11:10:48 -0300] "GET /cormun/servlet/solicitudot?8f1812e50a459df106e6868d65086d6c7b7916543676e17d2fdc583ced6c2c9895b5d088abdfdb13be2e398c5a3212b2,gx-no-cache=1520604544341 HTTP/1.1" 200 30
186.103.159.182 - - [09/Mar/2018:11:10:50 -0300] "GET /cormun/servlet/solicitudot?8f1812e50a459df106e6868d65086d6c8649df6858d338b98615f4dd9a3e1b1125998a5515e3a0fd674356531ae01189e1239065a9f61ed7001b0e37da81980d,gx-no-cache=1520604547165 HTTP/1.1" 200 30
186.103.159.182 - - [09/Mar/2018:11:10:50 -0300] "GET /cormun/servlet/solicitudot?8f1812e50a459df106e6868d65086d6c2ef42cef9a887c5ea33c4eec11dacfa2,gx-no-cache=1520604547258 HTTP/1.1" 200 51
186.103.159.182 - - [09/Mar/2018:11:10:50 -0300] "POST /cormun/servlet/solicitudot?gx-no-cache=1520604547357 HTTP/1.1" 200 255
186.103.159.182 - - [09/Mar/2018:11:10:51 -0300] "GET /cormun/servlet/solicitudot?8f1812e50a459df106e6868d65086d6c1e1806954b2a625f405cc02f521b790f50d7967cfcc9e08165751847b16172334cc4d3ff9f3c025309b2f4ab93c5f7326d1c9dedc1709ae1e7942b301ecbd5fee4d6ace7995ada529ccdad650600b432ab5eeb702d2b62eef04967803df1cbeef79e5b37ff55641af49047937e22325bbee506b6a55b436643dffdb38c78fbfefe2913e935acfd8dc51719625a235d6258dc3fab790274cd57fe00130255cb830a48184bf8a2e5e704beef8372a377d85e9c532dadb79db47dd0ed3963a1c8970470a5624e00247867503a783034c43a5fbfc624ff895512e65cc59cb0c8a97bf9220501710be6819036548f524758a2626305c36915ac0c20d0392b6b8e43031594335bef5be3a297ec69be14871aaeca53bb6d18efd9c1a4e744195cca955535c43d217990c09a19366c2885d3f257fa91ea2cb9ba94e33cf32664605c4dbb55d753ceee97927bbd7a068e525a4e0db33112859766e136518e28609763b6c3139cafc336003f73413d71b6102ecb48,gx-no-cache=1520604547577 HTTP/1.1" 200 30
186.103.159.182 - - [09/Mar/2018:11:10:54 -0300] "POST /cormun/servlet/solicitudot?gx-no-cache=1520604550705 HTTP/1.1" 200 30
186.103.159.182 - - [09/Mar/2018:11:10:57 -0300] "GET /cormun/servlet/prcontratosol?7792430,,,,,MD,,gxPopupLevel%3D0%3B HTTP/1.1" 200 7563
186.103.159.44 - - [09/Mar/2018:11:11:02 -0300] "GET /cormun/servlet/solicitudot?b94eb08952ab7f2ac0178fb18f52d73fa78710a571409387ac072adc5637cd1100c718fd51e78a48d494c61595df180e,gx-no-cache=1520604612890 HTTP/1.1" 200 30
186.103.159.44 - - [09/Mar/2018:11:11:03 -0300] "GET /cormun/servlet/solicitudot?b94eb08952ab7f2ac0178fb18f52d73ff7fea7cdba6d18df6cf6f7bcf29ae0490b2f48502a2be5b21fd5da20d2e8320724c146d1d9f7e8c693efe4220ffd23a7,gx-no-cache=1520604614056 HTTP/1.1" 200 30
186.103.159.44 - - [09/Mar/2018:11:11:03 -0300] "GET /cormun/servlet/solicitudot?b94eb08952ab7f2ac0178fb18f52d73fabeb9f9ae03b6d86e2f125d784639ab4,gx-no-cache=1520604614158 HTTP/1.1" 200 51
186.103.159.182 - - [09/Mar/2018:11:11:03 -0300] "POST /cormun/servlet/solicitudot?gx-no-cache=1520604559755 HTTP/1.1" 200 1337
186.103.159.44 - - [09/Mar/2018:11:11:04 -0300] "POST /cormun/servlet/solicitudot?gx-no-cache=1520604614675 HTTP/1.1" 200 255
186.103.159.182 - - [09/Mar/2018:11:11:04 -0300] "POST /cormun/servlet/solicitudot?gx-no-cache=1520604560370 HTTP/1.1" 200 38
186.103.159.44 - - [09/Mar/2018:11:11:04 -0300] "GET /cormun/servlet/solicitudot?b94eb08952ab7f2ac0178fb18f52d73fb2eb49aded2cce52aa3bf4fb8e62f82a0e8b647f9d2bb8849545a6035b9971e14f34220e3ef8b7c389820847db2f652c16c331a92d0ee619c88fd60590f08e4fbac015909dcc5452405c4585a63d5b3d0d099cbe02a79180bbd9071e99b850defc1c2be6840483d09760787335a78b9599857b030c9ba067a39b06d4099be209332f89d72b2992134c42e6aca4db7bdb343c660353209b52a468b27fcbdd807315c1ce8a59e923c762bef847daa585b081a81c86194d78906623bcb55c033a70c006a70bcac4c7187e9b4d511b575cf972f7055eb4b6c3a900539c01382e581fc80f6a5e056224e903196aa7f7b5f760cbb264d80def09ad72e04914ac9200a53e4cdc7e5d00ceb1a4a28b0d2e326b9f3a8c215aee9e1095b4bcc28dc51ea7e8d519d15b50340b5d68889b1fdee6aabad4b267bf326a131f047572324434c63aa889a6a50487ba4b3666774a082f78aa95033ef0853375b2abddff8b872eb3fea89490644a4fa1984de4d6785ecd365a,gx-no-cache=1520604615246 HTTP/1.1" 200 30
186.103.159.182 - - [09/Mar/2018:11:11:04 -0300] "GET /cormun/servlet/solicitudot?8f1812e50a459df106e6868d65086d6c0eeb3c7f56bba7fa60c6169b207863e5d9054d8dfbf9cecafa155f0532bc1b3b53fc68751123447f613f5ba310c415d9b1d08a050b348b02a605a0e73093ae3de5a2364564f1a97059e1525af77f36d5c8dcdbce6c5db5209f1b2bc9dd6d325e8902ce9220f04e81177ad44278f89b757c4164288a240406e03706afec5be01c122f78668027ee36f0bf555940fd5660,gx-no-cache=1520604560952 HTTP/1.1" 200 29
186.103.159.182 - - [09/Mar/2018:11:11:05 -0300] "POST /cormun/servlet/solicitudot?gx-no-cache=1520604561437 HTTP/1.1" 200 1319
186.103.159.182 - - [09/Mar/2018:11:11:05 -0300] "POST /cormun/servlet/solicitudot?gx-no-cache=1520604561691 HTTP/1.1" 200 1218
186.103.159.182 - - [09/Mar/2018:11:11:05 -0300] "GET /cormun/servlet/solicitudot?8f1812e50a459df106e6868d65086d6ce775e5e44c2ef651e933aa3a9853541ece920a2af6091a9675410f32766d3526,gx-no-cache=1520604561988 HTTP/1.1" 200 134
186.103.159.182 - - [09/Mar/2018:11:11:06 -0300] "GET /cormun/static/Shared/jqueryui/images/ui-icons_82798d_256x240.png HTTP/1.1" 404 1089
186.103.159.182 - - [09/Mar/2018:11:11:06 -0300] "GET /cormun/static/Shared/jqueryui/images/ui-bg_flat_55_994d53_40x100.png HTTP/1.1" 404 1097
186.103.159.182 - - [09/Mar/2018:11:11:06 -0300] "GET /cormun/static/Shared/jqueryui/images/ui-bg_highlight-soft_100_c6c2c8_1x100.png HTTP/1.1" 404 1117
186.103.159.182 - - [09/Mar/2018:11:11:06 -0300] "GET /cormun/static/Shared/jqueryui/images/ui-icons_ebccce_256x240.png HTTP/1.1" 404 1089
186.103.159.44 - - [09/Mar/2018:11:11:07 -0300] "POST /cormun/servlet/solicitudot?gx-no-cache=1520604618316 HTTP/1.1" 200 30
186.103.159.44 - - [09/Mar/2018:11:11:10 -0300] "GET /cormun/servlet/prcontratosol?18001252,,,,,MD,,gxPopupLevel%3D0%3B HTTP/1.1" 200 8563
186.103.159.182 - - [09/Mar/2018:11:11:19 -0300] "POST /cormun/servlet/solicitudot?gx-no-cache=1520604575595 HTTP/1.1" 200 1318
186.103.159.182 - - [09/Mar/2018:11:11:20 -0300] "POST /cormun/servlet/solicitudot?gx-no-cache=1520604576170 HTTP/1.1" 200 1218
186.103.159.182 - - [09/Mar/2018:11:11:20 -0300] "GET /cormun/static/menuarrow.gif HTTP/1.1" 404 1015
186.103.159.182 - - [09/Mar/2018:11:11:21 -0300] "POST /cormun/servlet/solicitudot?gx-no-cache=1520604578322 HTTP/1.1" 200 1318
192.168.10.96 - - [09/Mar/2018:11:11:21 -0300] "POST /cormun/servlet/trsolicitudgral?08d48f5bf22c3019facad26e01479a9c,,gx-no-cache=1520604519912 HTTP/1.1" 200 10005
186.103.159.182 - - [09/Mar/2018:11:11:22 -0300] "POST /cormun/servlet/solicitudot?gx-no-cache=1520604578616 HTTP/1.1" 200 1218
192.168.10.96 - - [09/Mar/2018:11:11:24 -0300] "POST /cormun/servlet/trsolicitudgral?08d48f5bf22c3019facad26e01479a9c,,gx-no-cache=1520604522271 HTTP/1.1" 200 10005
186.103.159.44 - - [09/Mar/2018:11:11:28 -0300] "POST /cormun/servlet/solicitudot?gx-no-cache=1520604639039 HTTP/1.1" 200 1337
186.103.159.44 - - [09/Mar/2018:11:11:28 -0300] "POST /cormun/servlet/solicitudot?gx-no-cache=1520604639798 HTTP/1.1" 200 38
192.168.10.96 - - [09/Mar/2018:11:11:29 -0300] "POST /cormun/servlet/trsolicitudgral?08d48f5bf22c3019facad26e01479a9c,,gx-no-cache=1520604527072 HTTP/1.1" 200 8237
186.103.159.44 - - [09/Mar/2018:11:11:29 -0300] "GET /cormun/servlet/solicitudot?b94eb08952ab7f2ac0178fb18f52d73f3080357600eb76dd53737eb8dc93960d4b5d6ce00419ec8a04e85bc13d43e1475f75c582c79d69bef05383d2306cc2d24413cb6bd9efcdcf4f99823937c35bf356b8eecaae4229ba1b03cdbd623d695cdb75490fe2eef166ce4047a0e9bde452943ef9ed5ef9d58d173b0e15114e4487e32c2a6856f0966b76b7b8e732b46c985c990d1f9f0b465bc3b67849cc3bd9ef,gx-no-cache=1520604639941 HTTP/1.1" 200 29
186.103.159.44 - - [09/Mar/2018:11:11:29 -0300] "POST /cormun/servlet/solicitudot?gx-no-cache=1520604640444 HTTP/1.1" 200 1319
186.103.159.44 - - [09/Mar/2018:11:11:30 -0300] "POST /cormun/servlet/solicitudot?gx-no-cache=1520604640755 HTTP/1.1" 200 1218
186.103.159.44 - - [09/Mar/2018:11:11:30 -0300] "GET /cormun/servlet/solicitudot?b94eb08952ab7f2ac0178fb18f52d73f62bf2f42a5965c6fe882c9cb2475e518,gx-no-cache=1520604641416 HTTP/1.1" 200 30
186.103.159.182 - - [09/Mar/2018:11:11:38 -0300] "GET /cormun/servlet/solicitudot?8f1812e50a459df106e6868d65086d6c452c42bd04352bdd9f28f4d35b06810cce920a2af6091a9675410f32766d3526,gx-no-cache=1520604595023 HTTP/1.1" 200 30
192.168.10.96 - - [09/Mar/2018:11:11:40 -0300] "POST /cormun/servlet/trsolicitudgral?08d48f5bf22c3019facad26e01479a9c,,gx-no-cache=1520604538576 HTTP/1.1" 200 7285
186.103.159.44 - - [09/Mar/2018:11:11:45 -0300] "POST /cormun/servlet/solicitudot?gx-no-cache=1520604656046 HTTP/1.1" 200 1337
186.103.159.44 - - [09/Mar/2018:11:11:45 -0300] "POST /cormun/servlet/solicitudot?gx-no-cache=1520604656272 HTTP/1.1" 200 38
192.168.10.96 - - [09/Mar/2018:11:11:47 -0300] "POST /cormun/servlet/trsolicitudgral?08d48f5bf22c3019facad26e01479a9c,,gx-no-cache=1520604545080 HTTP/1.1" 200 8234
192.168.10.96 - - [09/Mar/2018:11:11:51 -0300] "POST /cormun/servlet/trsolicitudgral?08d48f5bf22c3019facad26e01479a9c,,gx-no-cache=1520604549192 HTTP/1.1" 200 5931
186.103.159.44 - - [09/Mar/2018:11:11:55 -0300] "POST /cormun/servlet/solicitudot?gx-no-cache=1520604666105 HTTP/1.1" 200 1318
186.103.159.44 - - [09/Mar/2018:11:11:55 -0300] "POST /cormun/servlet/solicitudot?gx-no-cache=1520604666247 HTTP/1.1" 200 1218
186.103.159.44 - - [09/Mar/2018:11:11:55 -0300] "GET /cormun/static/menuarrow.gif HTTP/1.1" 404 1015
186.103.159.44 - - [09/Mar/2018:11:11:58 -0300] "POST /cormun/servlet/solicitudot?gx-no-cache=1520604668680 HTTP/1.1" 200 1318
186.103.159.44 - - [09/Mar/2018:11:11:59 -0300] "POST /cormun/servlet/solicitudot?gx-no-cache=1520604669405 HTTP/1.1" 200 1218
186.103.159.44 - - [09/Mar/2018:11:12:01 -0300] "GET /cormun/servlet/solicitudot?b94eb08952ab7f2ac0178fb18f52d73f96fefa1d734f2f05ac5a0e238589abdfad80e316420ae25487fb84815832dfc8,gx-no-cache=1520604672366 HTTP/1.1" 200 30
186.103.159.44 - - [09/Mar/2018:11:12:08 -0300] "POST /cormun/servlet/solicitudot?gx-no-cache=1520604678872 HTTP/1.1" 200 30
186.103.159.182 - - [09/Mar/2018:11:12:08 -0300] "POST /cormun/servlet/solicitudot?gx-no-cache=1520604625012 HTTP/1.1" 200 33
186.103.159.44 - - [09/Mar/2018:11:12:23 -0300] "POST /cormun/servlet/solicitudot?bf84d91d044434df6ab0f99c889d34bd,INS,0,0,,gx-no-cache=1520604692374 HTTP/1.1" 200 93
186.103.159.44 - - [09/Mar/2018:11:12:23 -0300] "GET /cormun/servlet/hpexe_return? HTTP/1.1" 200 1008
186.103.159.44 - - [09/Mar/2018:11:12:23 -0300] "GET /cormun/servlet/trsolicitudot HTTP/1.1" 200 9135
186.103.159.182 - - [09/Mar/2018:11:12:24 -0300] "POST /cormun/servlet/solicitudot?cccc230fee2aa2cfa52370b99d13e2b2,INS,0,0,,gx-no-cache=1520604640799 HTTP/1.1" 200 93
186.103.159.182 - - [09/Mar/2018:11:12:24 -0300] "GET /cormun/servlet/hpexe_return? HTTP/1.1" 200 1001
186.103.159.182 - - [09/Mar/2018:11:12:25 -0300] "GET /cormun/servlet/trsolicitudot HTTP/1.1" 200 7497
186.103.159.182 - - [09/Mar/2018:11:12:26 -0300] "GET /cormun/servlet/trsolicitudot HTTP/1.1" 200 7493
186.103.156.166 - - [09/Mar/2018:11:12:29 -0300] "POST /cormun/servlet/solicitudotadjuntos?c569064d6f1225a316cd183517ec5db4,INS,2018,10353,,1, HTTP/1.1" 200 116
186.103.156.166 - - [09/Mar/2018:11:12:29 -0300] "GET /cormun/servlet/hpexe_return? HTTP/1.1" 200 1028
186.103.156.166 - - [09/Mar/2018:11:12:29 -0300] "GET /cormun/servlet/trsolicitudadjuntos?2018,10353, HTTP/1.1" 200 9111
186.103.156.166 - - [09/Mar/2018:11:12:31 -0300] "GET /cormun/servlet/trsolicitudadjuntos?2018,10353, HTTP/1.1" 200 9107
186.103.159.182 - - [09/Mar/2018:11:12:35 -0300] "POST /cormun/servlet/trsolicitudot?cccc230fee2aa2cfa52370b99d13e2b2,gx-no-cache=1520604650566 HTTP/1.1" 200 90
186.103.159.182 - - [09/Mar/2018:11:12:35 -0300] "GET /cormun/servlet/hpexe_link HTTP/1.1" 200 953
186.103.159.182 - - [09/Mar/2018:11:12:36 -0300] "GET /cormun/servlet/trcontratosolicitud HTTP/1.1" 200 14889
186.103.159.182 - - [09/Mar/2018:11:12:38 -0300] "GET /cormun/servlet/trcontratosolicitud HTTP/1.1" 200 14888
186.103.159.182 - - [09/Mar/2018:11:12:47 -0300] "GET /cormun/servlet/trautorizarsolicitud? HTTP/1.1" 200 7353
186.103.159.182 - - [09/Mar/2018:11:12:49 -0300] "GET /cormun/servlet/trautorizarsolicitud? HTTP/1.1" 200 7352
186.103.159.44 - - [09/Mar/2018:11:13:12 -0300] "GET /cormun/servlet/solicitudot?INS,0,0, HTTP/1.1" 200 13589
186.103.157.246 - - [09/Mar/2018:11:13:19 -0300] "POST /cormun/servlet/solicitudot?76309b9df3bc4ea98e0fcd1c07abb1bb,INS,0,0,,gx-no-cache=1520604744541 HTTP/1.1" 200 11895
186.103.159.44 - - [09/Mar/2018:11:13:22 -0300] "POST /cormun/servlet/solicitudot?gx-no-cache=1520604752539 HTTP/1.1" 200 3284
186.103.159.44 - - [09/Mar/2018:11:13:25 -0300] "POST /cormun/servlet/solicitudot?bf84d91d044434df6ab0f99c889d34bd,INS,0,0,,gx-no-cache=1520604753534 HTTP/1.1" 200 10435
186.103.159.182 - - [09/Mar/2018:11:13:43 -0300] "GET /cormun/servlet/hlogin HTTP/1.1" 200 1712
192.168.10.50 - - [09/Mar/2018:11:13:45 -0300] "POST /cormun/servlet/trsolicitudgral?ce049adf1501c0d489570ce6ebc8646f,gx-no-cache=1520604204234,gx-no-cache=1520604663187 HTTP/1.1" 200 7330
192.168.10.50 - - [09/Mar/2018:11:13:45 -0300] "GET /cormun/static/Shared/jqueryui/images/ui-bg_highlight-soft_100_c6c2c8_1x100.png HTTP/1.1" 404 1117
192.168.10.50 - - [09/Mar/2018:11:13:45 -0300] "GET /cormun/static/Shared/jqueryui/images/ui-icons_82798d_256x240.png HTTP/1.1" 404 1089
192.168.10.50 - - [09/Mar/2018:11:13:45 -0300] "GET /cormun/static/Shared/jqueryui/images/ui-icons_8d78a5_256x240.png HTTP/1.1" 404 1089
192.168.10.50 - - [09/Mar/2018:11:13:45 -0300] "GET /cormun/static/Shared/jqueryui/images/ui-bg_flat_55_fafafa_40x100.png HTTP/1.1" 404 1097
192.168.10.50 - - [09/Mar/2018:11:13:47 -0300] "POST /cormun/servlet/trsolicitudgral?ce049adf1501c0d489570ce6ebc8646f,gx-no-cache=1520604204234,gx-no-cache=1520604665201 HTTP/1.1" 200 115
192.168.10.50 - - [09/Mar/2018:11:13:47 -0300] "GET /cormun/servlet/solicitudotlog?INS,2018,8443,0,REC, HTTP/1.1" 200 6288
186.103.159.182 - - [09/Mar/2018:11:13:47 -0300] "POST /cormun/servlet/hlogin?cccc230fee2aa2cfa52370b99d13e2b2,gx-no-cache=1520604722659 HTTP/1.1" 200 90
186.103.159.182 - - [09/Mar/2018:11:13:47 -0300] "GET /cormun/servlet/hpexe_link HTTP/1.1" 200 956
192.168.10.50 - - [09/Mar/2018:11:13:47 -0300] "GET /cormun/servlet/solicitudotlog?INS,2018,8443,0,REC, HTTP/1.1" 200 6267
186.103.159.182 - - [09/Mar/2018:11:13:47 -0300] "GET /cormun/servlet/trautorizarsolicitud HTTP/1.1" 200 7353
192.168.10.50 - - [09/Mar/2018:11:13:48 -0300] "GET /cormun/servlet/solicitudotlog?07dc3efb3947497f40b9893edfe7c4a9034ded87b0ee8b870a9434bd5054fe7ae97dca39bb9139ae05ed5b0c7bf6e06b4f8744c200a5b240a844bd33bce4fb675e0a4c3b66832236e095d80b49883f28c67761901e1a6190537b28c921b6742a64952503310bf72abdb193b4d1a83afb19746f5664d29c2bf5de0ac8a98d545b29c2ea08679da08b2c31375386f0fdfde505a782ebb01918a5539949d6714668,gx-no-cache=1520604666100 HTTP/1.1" 200 94
186.103.159.182 - - [09/Mar/2018:11:13:49 -0300] "GET /cormun/servlet/trautorizarsolicitud HTTP/1.1" 200 7352
186.103.159.182 - - [09/Mar/2018:11:13:53 -0300] "GET /cormun/servlet/trcontratosolicitud? HTTP/1.1" 200 14888
186.103.159.189 - - [09/Mar/2018:11:13:54 -0300] "GET /cormun/servlet/hlogin HTTP/1.1" 200 1714
192.168.10.50 - - [09/Mar/2018:11:13:54 -0300] "POST /cormun/servlet/solicitudotlog?ce049adf1501c0d489570ce6ebc8646f,INS,2018,8443,0,REC,,gx-no-cache=1520604672833 HTTP/1.1" 200 93
192.168.10.50 - - [09/Mar/2018:11:13:54 -0300] "GET /cormun/servlet/hpexe_return? HTTP/1.1" 200 1043
192.168.10.50 - - [09/Mar/2018:11:13:54 -0300] "GET /cormun/servlet/trsolicitudgral?gx-no-cache=1520604204234 HTTP/1.1" 200 8979
186.103.159.182 - - [09/Mar/2018:11:13:55 -0300] "GET /cormun/servlet/trcontratosolicitud? HTTP/1.1" 200 14886
192.168.10.50 - - [09/Mar/2018:11:13:55 -0300] "GET /cormun/servlet/trsolicitudgral?gx-no-cache=1520604204234 HTTP/1.1" 200 8995
186.103.159.189 - - [09/Mar/2018:11:13:55 -0300] "GET /cormun/static/gxcfg.js?20175251213516 HTTP/1.1" 304 -
186.103.159.189 - - [09/Mar/2018:11:13:55 -0300] "GET /cormun/static/messages.spa.js?85251 HTTP/1.1" 304 -
186.103.159.189 - - [09/Mar/2018:11:13:55 -0300] "GET /cormun/static/gxtimezone.js?85251 HTTP/1.1" 304 -
186.103.159.189 - - [09/Mar/2018:11:13:59 -0300] "GET /cormun/servlet/hlogin HTTP/1.1" 200 1725
186.103.159.189 - - [09/Mar/2018:11:14:02 -0300] "GET /favicon.ico HTTP/1.1" 200 21630
186.103.159.189 - - [09/Mar/2018:11:14:02 -0300] "POST /cormun/servlet/hlogin?03853a69ba669786e5dd6ec5d2288ee1,gx-no-cache=1520604792375 HTTP/1.1" 200 90
186.103.159.189 - - [09/Mar/2018:11:14:02 -0300] "GET /cormun/servlet/hpexe_link HTTP/1.1" 200 947
186.103.159.189 - - [09/Mar/2018:11:14:03 -0300] "GET /cormun/static/gxcfg.js?20177612121792 HTTP/1.1" 304 -
186.103.159.189 - - [09/Mar/2018:11:14:03 -0300] "GET /cormun/servlet/hhome HTTP/1.1" 200 3978
186.103.159.189 - - [09/Mar/2018:11:14:03 -0300] "GET /cormun/static/gxcfg.js?20175251212442 HTTP/1.1" 304 -
186.103.159.189 - - [09/Mar/2018:11:14:05 -0300] "GET /cormun/servlet/hhome HTTP/1.1" 200 3974
186.103.159.189 - - [09/Mar/2018:11:14:14 -0300] "GET /cormun/servlet/trvisualizadoreventos? HTTP/1.1" 200 6704
186.103.159.189 - - [09/Mar/2018:11:14:14 -0300] "GET /cormun/static/gxcfg.js?20175251251426 HTTP/1.1" 304 -
186.103.159.189 - - [09/Mar/2018:11:14:14 -0300] "GET /cormun/static/calendar-es.js?85251 HTTP/1.1" 304 -
186.103.159.189 - - [09/Mar/2018:11:14:14 -0300] "GET /cormun/static/calendar-setup.js?85251 HTTP/1.1" 304 -
186.103.159.189 - - [09/Mar/2018:11:14:14 -0300] "GET /cormun/static/calendar.js?85251 HTTP/1.1" 304 -
186.103.159.189 - - [09/Mar/2018:11:14:14 -0300] "GET /cormun/static/gxdec.js?85251 HTTP/1.1" 304 -
186.103.159.189 - - [09/Mar/2018:11:14:15 -0300] "GET /cormun/servlet/trvisualizadoreventos? HTTP/1.1" 200 6704
192.168.10.56 - - [09/Mar/2018:11:14:18 -0300] "POST /cormun/servlet/hlogin?a68c72c6df29d4286cbeadbda1a3a0c1,gx-no-cache=1520604696444 HTTP/1.1" 200 90
192.168.10.56 - - [09/Mar/2018:11:14:18 -0300] "GET /cormun/servlet/hpexe_link HTTP/1.1" 200 950
192.168.10.56 - - [09/Mar/2018:11:14:18 -0300] "GET /cormun/servlet/hhome HTTP/1.1" 200 4483
192.168.10.56 - - [09/Mar/2018:11:14:18 -0300] "GET /cormun/servlet/hhome HTTP/1.1" 200 4479
186.103.159.189 - - [09/Mar/2018:11:14:18 -0300] "GET /cormun/static/menuarrow.gif HTTP/1.1" 404 1015
186.103.156.166 - - [09/Mar/2018:11:14:24 -0300] "GET /cormun/servlet/solicitudotadjuntos?INS,2018,10353,,1, HTTP/1.1" 200 6219
186.103.156.166 - - [09/Mar/2018:11:14:25 -0300] "GET /cormun/static/about:blank HTTP/1.1" 404 1011
192.168.10.56 - - [09/Mar/2018:11:14:25 -0300] "GET /cormun/servlet/trsolicitudgral? HTTP/1.1" 200 8997
186.103.156.166 - - [09/Mar/2018:11:14:25 -0300] "GET /cormun/servlet/solicitudotadjuntos?INS,2018,10353,,1, HTTP/1.1" 200 6213
192.168.10.56 - - [09/Mar/2018:11:14:25 -0300] "GET /cormun/servlet/trsolicitudgral? HTTP/1.1" 200 8995
186.103.156.166 - - [09/Mar/2018:11:14:26 -0300] "GET /cormun/servlet/solicitudotadjuntos?ccbd04e35c8c81d6bd51d1d3944e1d1420f2205110857110193cc06a84f54b45d3a2e34f2442933fc2f16187cb6e8edf,gx-no-cache=1520604823696 HTTP/1.1" 200 30
186.103.156.166 - - [09/Mar/2018:11:14:29 -0300] "POST /cormun/servlet/solicitudotadjuntos?c569064d6f1225a316cd183517ec5db4,INS,2018,10353,,1,,gx-no-cache=1520604823814 HTTP/1.1" 200 3978
186.103.156.166 - - [09/Mar/2018:11:14:38 -0300] "POST /cormun/servlet/solicitudotadjuntos?gx-no-cache=1520604835802 HTTP/1.1" 200 26
192.168.10.56 - - [09/Mar/2018:11:14:39 -0300] "POST /cormun/servlet/trsolicitudgral?a68c72c6df29d4286cbeadbda1a3a0c1,,gx-no-cache=1520604717023 HTTP/1.1" 200 5924
186.103.156.166 - - [09/Mar/2018:11:14:48 -0300] "GET /cormun/servlet/solicitudotadjuntos?ccbd04e35c8c81d6bd51d1d3944e1d14b254cb223c64a1432970d0dc81e5b1ee,gx-no-cache=1520604845691 HTTP/1.1" 200 30
186.103.156.166 - - [09/Mar/2018:11:14:48 -0300] "GET /cormun/servlet/solicitudotadjuntos?ccbd04e35c8c81d6bd51d1d3944e1d14b254cb223c64a1432970d0dc81e5b1ee,gx-no-cache=1520604846073 HTTP/1.1" 200 30
192.168.10.56 - - [09/Mar/2018:11:14:48 -0300] "GET /cormun/servlet/hlogin HTTP/1.1" 200 1738
186.103.159.189 - - [09/Mar/2018:11:14:50 -0300] "POST /cormun/servlet/trvisualizadoreventos?03853a69ba669786e5dd6ec5d2288ee1,,gx-no-cache=1520604830657 HTTP/1.1" 200 6840
186.103.159.189 - - [09/Mar/2018:11:14:50 -0300] "GET /cormun/static/Resources/PXToolsGridNext.gif HTTP/1.1" 200 369
186.103.159.189 - - [09/Mar/2018:11:14:51 -0300] "GET /cormun/static/Resources/PXToolsGridLast.gif HTTP/1.1" 200 370
192.168.10.56 - - [09/Mar/2018:11:14:51 -0300] "POST /cormun/servlet/hlogin?a68c72c6df29d4286cbeadbda1a3a0c1,gx-no-cache=1520604729613 HTTP/1.1" 200 90
192.168.10.56 - - [09/Mar/2018:11:14:51 -0300] "GET /cormun/servlet/hpexe_link HTTP/1.1" 200 950
192.168.10.56 - - [09/Mar/2018:11:14:51 -0300] "GET /cormun/servlet/hhome HTTP/1.1" 200 3831
192.168.10.56 - - [09/Mar/2018:11:14:52 -0300] "GET /cormun/servlet/hhome HTTP/1.1" 200 3828
192.168.10.56 - - [09/Mar/2018:11:14:53 -0300] "GET /cormun/servlet/trautorizarot? HTTP/1.1" 200 8167
192.168.10.56 - - [09/Mar/2018:11:14:54 -0300] "GET /cormun/servlet/trautorizarot? HTTP/1.1" 200 8165
192.168.10.56 - - [09/Mar/2018:11:15:02 -0300] "POST /cormun/servlet/trautorizarot?a68c72c6df29d4286cbeadbda1a3a0c1,,gx-no-cache=1520604740341 HTTP/1.1" 200 9185
186.103.159.189 - - [09/Mar/2018:11:15:19 -0300] "POST /cormun/servlet/trvisualizadoreventos?03853a69ba669786e5dd6ec5d2288ee1,,gx-no-cache=1520604867421 HTTP/1.1" 200 111
186.103.159.189 - - [09/Mar/2018:11:15:19 -0300] "GET /cormun/VisualizadorEventos-1129.xls HTTP/1.1" 200 10752
192.168.10.56 - - [09/Mar/2018:11:15:20 -0300] "POST /cormun/servlet/trautorizarot?a68c72c6df29d4286cbeadbda1a3a0c1,,gx-no-cache=1520604758364 HTTP/1.1" 200 116
192.168.10.56 - - [09/Mar/2018:11:15:20 -0300] "GET /cormun/servlet/solicitudotlog?INS,2018,10190,0,REC, HTTP/1.1" 200 5649
192.168.10.56 - - [09/Mar/2018:11:15:20 -0300] "GET /cormun/servlet/solicitudotlog?INS,2018,10190,0,REC, HTTP/1.1" 200 5648
192.168.10.56 - - [09/Mar/2018:11:15:21 -0300] "GET /cormun/servlet/solicitudotlog?a93a3b4b66be64fc11ff99aeb0324a827b542bc9a2025092c41d080826652d26ae930694a94cb24eda91a37b609e729cd8fc50ad0627071d560a72e1c8eade5f0261bd31bde1cb347721104ba7e280f8924f91eccb8f24ecf42f5afc174d0b1170988e4861876cc625073ffa252b5eb19aa07e8a01c5f6192906818eb816ea6888ccb5778699d612a814792d26bc5ccf813cf4730a5b60ddc3617c7844fb4857,gx-no-cache=1520604759261 HTTP/1.1" 200 94
192.168.10.56 - - [09/Mar/2018:11:15:30 -0300] "POST /cormun/servlet/solicitudotlog?a68c72c6df29d4286cbeadbda1a3a0c1,INS,2018,10190,0,REC,,gx-no-cache=1520604768275 HTTP/1.1" 200 93
192.168.10.56 - - [09/Mar/2018:11:15:30 -0300] "GET /cormun/servlet/hpexe_return? HTTP/1.1" 200 1025
192.168.10.56 - - [09/Mar/2018:11:15:30 -0300] "GET /cormun/servlet/trautorizarot? HTTP/1.1" 200 11792
192.168.10.56 - - [09/Mar/2018:11:15:30 -0300] "GET /cormun/servlet/trautorizarot? HTTP/1.1" 200 11787
186.103.156.166 - - [09/Mar/2018:11:15:30 -0300] "POST /cormun/servlet/solicitudotadjuntos?c569064d6f1225a316cd183517ec5db4,INS,2018,10353,,1, HTTP/1.1" 200 7062
186.67.172.234 - - [09/Mar/2018:11:15:39 -0300] "GET /cormun/servlet/trsolicitudot? HTTP/1.1" 200 7439
186.67.172.234 - - [09/Mar/2018:11:15:39 -0300] "GET /cormun/servlet/trsolicitudot? HTTP/1.1" 200 7439
186.67.172.234 - - [09/Mar/2018:11:15:41 -0300] "GET /cormun/servlet/solicitudot?INS,0,0, HTTP/1.1" 200 13663
186.67.172.234 - - [09/Mar/2018:11:15:42 -0300] "GET /cormun/servlet/solicitudot?INS,0,0, HTTP/1.1" 200 13668
192.168.10.56 - - [09/Mar/2018:11:15:52 -0300] "POST /cormun/servlet/trautorizarot?a68c72c6df29d4286cbeadbda1a3a0c1,,gx-no-cache=1520604790824 HTTP/1.1" 200 115
192.168.10.56 - - [09/Mar/2018:11:15:52 -0300] "GET /cormun/servlet/solicitudotlog?INS,2018,9394,0,REC, HTTP/1.1" 200 5647
192.168.10.56 - - [09/Mar/2018:11:15:53 -0300] "GET /cormun/servlet/solicitudotlog?INS,2018,9394,0,REC, HTTP/1.1" 200 5647
192.168.10.56 - - [09/Mar/2018:11:15:53 -0300] "GET /cormun/servlet/solicitudotlog?a93a3b4b66be64fc11ff99aeb0324a82bee613006ccbd5abbdbd346fe1d08e5caf63969218cf21223b83b64f0dec510f94d3630bb0178a2c4d686efeb1018d93efdca49f9a55c4bc47f681f21ba0d3e698a55ac70b8913d6a374d53c570a55fb1b0c7e342e7a13c36b7b83e18448b5ea9a031b422323bc753a36d5886e36a8a827ca38bd1f1eb0ab671e74b2747e55d19876e76205de453398f6c03c2d4e53f4,gx-no-cache=1520604791627 HTTP/1.1" 200 94
192.168.10.56 - - [09/Mar/2018:11:16:04 -0300] "POST /cormun/servlet/solicitudotlog?a68c72c6df29d4286cbeadbda1a3a0c1,INS,2018,9394,0,REC,,gx-no-cache=1520604802489 HTTP/1.1" 200 93
192.168.10.56 - - [09/Mar/2018:11:16:04 -0300] "GET /cormun/servlet/hpexe_return? HTTP/1.1" 200 1024
192.168.10.56 - - [09/Mar/2018:11:16:04 -0300] "GET /cormun/servlet/trautorizarot HTTP/1.1" 200 11410
192.168.10.56 - - [09/Mar/2018:11:16:05 -0300] "GET /cormun/servlet/trautorizarot HTTP/1.1" 200 11406
186.67.172.234 - - [09/Mar/2018:11:16:14 -0300] "POST /cormun/servlet/solicitudot?gx-no-cache=1520604923129 HTTP/1.1" 200 3370
186.67.172.234 - - [09/Mar/2018:11:16:15 -0300] "POST /cormun/servlet/solicitudot?c340b640f937ba6d577a86f89f7db436,INS,0,0,,gx-no-cache=1520604924107 HTTP/1.1" 200 10538
192.168.10.56 - - [09/Mar/2018:11:16:23 -0300] "POST /cormun/servlet/trautorizarot?a68c72c6df29d4286cbeadbda1a3a0c1,gx-no-cache=1520604821732 HTTP/1.1" 200 116
192.168.10.56 - - [09/Mar/2018:11:16:23 -0300] "GET /cormun/servlet/solicitudotlog?INS,2018,10194,0,APR, HTTP/1.1" 200 5650
192.168.10.56 - - [09/Mar/2018:11:16:23 -0300] "GET /cormun/servlet/solicitudotlog?INS,2018,10194,0,APR, HTTP/1.1" 200 5649
192.168.10.56 - - [09/Mar/2018:11:16:24 -0300] "GET /cormun/servlet/solicitudotlog?a93a3b4b66be64fc11ff99aeb0324a8298b67f8c3fa0590cce556cbba6f0e08eae930694a94cb24eda91a37b609e729cd8fc50ad0627071d560a72e1c8eade5f0261bd31bde1cb347721104ba7e280f8924f91eccb8f24ecf42f5afc174d0b1170988e4861876cc625073ffa252b5eb19aa07e8a01c5f6192906818eb816ea6888ccb5778699d612a814792d26bc5ccf813cf4730a5b60ddc3617c7844fb4857,gx-no-cache=1520604822534 HTTP/1.1" 200 94
192.168.10.56 - - [09/Mar/2018:11:16:36 -0300] "POST /cormun/servlet/solicitudotlog?a68c72c6df29d4286cbeadbda1a3a0c1,INS,2018,10194,0,APR,,gx-no-cache=1520604834886 HTTP/1.1" 200 93
192.168.10.56 - - [09/Mar/2018:11:16:36 -0300] "GET /cormun/servlet/hpexe_return? HTTP/1.1" 200 1025
192.168.10.56 - - [09/Mar/2018:11:16:37 -0300] "GET /cormun/servlet/trautorizarot HTTP/1.1" 200 11048
192.168.10.56 - - [09/Mar/2018:11:16:37 -0300] "GET /cormun/servlet/trautorizarot HTTP/1.1" 200 11044
186.103.159.189 - - [09/Mar/2018:11:16:42 -0300] "GET /cormun/servlet/trvisualizadoreventos? HTTP/1.1" 200 6709
192.168.10.96 - - [09/Mar/2018:11:16:44 -0300] "POST /cormun/servlet/trsolicitudgral?08d48f5bf22c3019facad26e01479a9c,,gx-no-cache=1520604842952 HTTP/1.1" 200 5937
192.168.10.96 - - [09/Mar/2018:11:16:48 -0300] "POST /cormun/servlet/trsolicitudgral?08d48f5bf22c3019facad26e01479a9c,,gx-no-cache=1520604846527 HTTP/1.1" 200 7359
186.103.159.189 - - [09/Mar/2018:11:16:50 -0300] "GET /cormun/servlet/trvisualizadoreventos? HTTP/1.1" 200 6709
192.168.10.56 - - [09/Mar/2018:11:16:57 -0300] "GET /cormun/servlet/hlogin HTTP/1.1" 200 1735
192.168.10.56 - - [09/Mar/2018:11:17:00 -0300] "POST /cormun/servlet/hlogin?a68c72c6df29d4286cbeadbda1a3a0c1,gx-no-cache=1520604858438 HTTP/1.1" 200 90
192.168.10.56 - - [09/Mar/2018:11:17:00 -0300] "GET /cormun/servlet/hpexe_link HTTP/1.1" 200 950
192.168.10.56 - - [09/Mar/2018:11:17:00 -0300] "GET /cormun/servlet/hhome HTTP/1.1" 200 4483
192.168.10.56 - - [09/Mar/2018:11:17:00 -0300] "GET /cormun/servlet/hhome HTTP/1.1" 200 4479
186.103.159.189 - - [09/Mar/2018:11:17:02 -0300] "POST /cormun/servlet/trvisualizadoreventos?47e32af93345601ae9eb0c92cf28735c,,gx-no-cache=1520604969858 HTTP/1.1" 200 4650
192.168.10.56 - - [09/Mar/2018:11:17:03 -0300] "GET /cormun/servlet/trsolicitudgral? HTTP/1.1" 200 10357
192.168.10.56 - - [09/Mar/2018:11:17:03 -0300] "GET /cormun/servlet/trsolicitudgral? HTTP/1.1" 200 10355
186.103.156.166 - - [09/Mar/2018:11:17:04 -0300] "POST /cormun/servlet/solicitudotadjuntos?c569064d6f1225a316cd183517ec5db4,INS,2018,10353,,1, HTTP/1.1" 200 116
186.103.156.166 - - [09/Mar/2018:11:17:04 -0300] "GET /cormun/servlet/hpexe_return? HTTP/1.1" 200 1028
186.103.156.166 - - [09/Mar/2018:11:17:05 -0300] "GET /cormun/servlet/trsolicitudadjuntos?2018,10353, HTTP/1.1" 200 9311
186.103.156.166 - - [09/Mar/2018:11:17:06 -0300] "GET /cormun/servlet/trsolicitudadjuntos?2018,10353, HTTP/1.1" 200 9309
192.168.10.56 - - [09/Mar/2018:11:17:10 -0300] "GET /cormun/servlet/solicitudgral?UPD,2018,10194, HTTP/1.1" 200 12924
192.168.10.56 - - [09/Mar/2018:11:17:10 -0300] "GET /cormun/servlet/solicitudgral?UPD,2018,10194, HTTP/1.1" 200 12933
192.168.10.56 - - [09/Mar/2018:11:17:11 -0300] "POST /cormun/servlet/solicitudgral?gx-no-cache=1520604869410 HTTP/1.1" 200 3891
192.168.10.56 - - [09/Mar/2018:11:17:11 -0300] "GET /cormun/servlet/solicitudgral?a93a3b4b66be64fc11ff99aeb0324a82f8b2b38f697bb0a08c7f2d2cfae59915f6cd7b7593f9ca1a078406bdbec3c9ce673e88d72217f961f1d0c4daaa0c725b1af4e286f4033eabf050f0da763375a1ae2f6da6b4792707409b011e096f0e33646730e9fcaebcb7fa9716a8e18a0d244b5c9ce2820c1b93767b0e5bb5ee62dad36f38864aa546799e16c409eaf9d89b028475fe14581020893c640395b1f8efcf40deabdcf139b9b0ff3c78f1e30d1e919a67f0050d4fb30bddeaecad417f182fd1fc1d707fe4295121f9be83ee306453d3481d4270d405ac5ea926150bfa6adbe6ee691afae199cbc99765d0fb791caf63969218cf21223b83b64f0dec510fe21eb751fb001d7acc6c17bae0656162b782e7fea123da416ef31c47aff2bb7ca852a0997d4ddc905bac06cf9904c8665430dab9530f6f1861f9711973f4655bb6e335cecf5bd6fa1fa17256c7f606cc,gx-no-cache=1520604869535 HTTP/1.1" 200 255
192.168.10.56 - - [09/Mar/2018:11:17:12 -0300] "GET /cormun/servlet/solicitudgral?a93a3b4b66be64fc11ff99aeb0324a82a6eefc8d05631aa61e227f28ba686ea690cca5c499a4c18203aaaeea1297a8efe698f833ae03b3d306adea205e0206ef46bdb5ea631d911f708c66ddd7a043500aec42181f00a6fb67ee709e34f59215a4ec0754d27f301c1044a9664a7f45430264f6760502f46a5fc495e9373dbca3fc42742facdb6f06394c279002a17b0434b262c06cf802de4fcd318aa3fa819a67c4d3352a974026094430a02c23ee56278534e7a5f594fe31a5fb013f851c7e846f0da0d04cbb2205d5ee48eac335192882310d144bd45814340d13173b5e829642068d7ec1c44799983b22bc291e0c56dd6b30df8f8c32b490f8c7ed51672ae89e504d1c776d6e112a84ebd249d846437575eb856ad9e9cd87f11fc11e7ef26bfdbc15201907f6e9e7c58cc646bf589a314ad0a2a41e36f12f4c3f7fcac7f2df8231c0086ad0afcd9826f3678ca1e047fabc930a832d38c5b771adbbf134469a836f731ca0dd3b16aacc4dece4c69dc0ac1f9e0111e3c6ee21dabe9173ee4862edee0a5f995b997d3e88332c41c905203e2e75d90b5207892b023575b5e306684314c3f560450fe0fcc11709aff4f9,gx-no-cache=1520604870215 HTTP/1.1" 200 48
192.168.10.56 - - [09/Mar/2018:11:17:17 -0300] "POST /cormun/servlet/solicitudgral?a68c72c6df29d4286cbeadbda1a3a0c1,UPD,2018,10194,,gx-no-cache=1520604875294 HTTP/1.1" 200 11778
192.168.10.56 - - [09/Mar/2018:11:17:17 -0300] "GET /cormun/servlet/solicitudgral?a93a3b4b66be64fc11ff99aeb0324a8257044220687a65a48e7469686660b783ae930694a94cb24eda91a37b609e729c96882b65932be1e9f2477577a1c1d47e69eb5177a4956433d916b75adac031f8abc01c4c8c90099cf6cbe1f9efcb8ba5aaf330feb9a2c6de1cfefd9ff2250d06249515899355645f7dc5cb157b98b6c5dda1d8c98ed3a027807a35e8a81ca91fe7d8073a95668d512c205ac6ad462783,gx-no-cache=1520604875466 HTTP/1.1" 200 29
192.168.10.56 - - [09/Mar/2018:11:17:17 -0300] "POST /cormun/servlet/solicitudgral?gx-no-cache=1520604875483 HTTP/1.1" 200 1295
192.168.10.56 - - [09/Mar/2018:11:17:17 -0300] "POST /cormun/servlet/solicitudgral?gx-no-cache=1520604875508 HTTP/1.1" 200 1218
192.168.10.56 - - [09/Mar/2018:11:17:17 -0300] "POST /cormun/servlet/solicitudgral?a68c72c6df29d4286cbeadbda1a3a0c1,UPD,2018,10194,,gx-no-cache=1520604875543 HTTP/1.1" 200 93
192.168.10.56 - - [09/Mar/2018:11:17:17 -0300] "GET /cormun/servlet/hpexe_return? HTTP/1.1" 200 1013
192.168.10.56 - - [09/Mar/2018:11:17:17 -0300] "GET /cormun/servlet/trsolicitudgral HTTP/1.1" 200 10359
192.168.10.56 - - [09/Mar/2018:11:17:18 -0300] "GET /cormun/servlet/trsolicitudgral HTTP/1.1" 200 10355
186.103.159.44 - - [09/Mar/2018:11:17:18 -0300] "GET /cormun/servlet/solicitudot?b94eb08952ab7f2ac0178fb18f52d73f3ba4f54275c86ef9ea04b0deee28ca5000c718fd51e78a48d494c61595df180e,gx-no-cache=1520604989568 HTTP/1.1" 200 30
192.168.10.56 - - [09/Mar/2018:11:17:21 -0300] "POST /cormun/servlet/trsolicitudgral?a68c72c6df29d4286cbeadbda1a3a0c1,gx-no-cache=1520604879856 HTTP/1.1" 200 7289
192.168.10.56 - - [09/Mar/2018:11:17:26 -0300] "POST /cormun/servlet/trsolicitudgral?a68c72c6df29d4286cbeadbda1a3a0c1,gx-no-cache=1520604884670 HTTP/1.1" 200 6133
192.168.10.56 - - [09/Mar/2018:11:17:26 -0300] "GET /cormun/static/Shared/jqueryui/images/ui-bg_highlight-soft_100_c6c2c8_1x100.png HTTP/1.1" 404 1117
192.168.10.56 - - [09/Mar/2018:11:17:26 -0300] "GET /cormun/static/Shared/jqueryui/images/ui-icons_82798d_256x240.png HTTP/1.1" 404 1089
192.168.10.56 - - [09/Mar/2018:11:17:26 -0300] "GET /cormun/static/Shared/jqueryui/images/ui-icons_8d78a5_256x240.png HTTP/1.1" 404 1089
192.168.10.56 - - [09/Mar/2018:11:17:26 -0300] "GET /cormun/static/Shared/jqueryui/images/ui-bg_flat_55_fafafa_40x100.png HTTP/1.1" 404 1097
186.103.156.166 - - [09/Mar/2018:11:17:30 -0300] "GET /cormun/servlet/solicitudotadjuntos?INS,2018,10353,,1, HTTP/1.1" 200 6220
186.103.156.166 - - [09/Mar/2018:11:17:30 -0300] "GET /cormun/static/about:blank HTTP/1.1" 404 1011
186.103.156.166 - - [09/Mar/2018:11:17:31 -0300] "GET /cormun/servlet/solicitudotadjuntos?INS,2018,10353,,1, HTTP/1.1" 200 6214
186.103.156.166 - - [09/Mar/2018:11:17:31 -0300] "GET /cormun/servlet/solicitudotadjuntos?ccbd04e35c8c81d6bd51d1d3944e1d1420f2205110857110193cc06a84f54b45d3a2e34f2442933fc2f16187cb6e8edf,gx-no-cache=1520605009323 HTTP/1.1" 200 30
186.103.156.166 - - [09/Mar/2018:11:17:33 -0300] "POST /cormun/servlet/solicitudotadjuntos?c569064d6f1225a316cd183517ec5db4,INS,2018,10353,,1,,gx-no-cache=1520605009425 HTTP/1.1" 200 3979
186.103.156.166 - - [09/Mar/2018:11:17:39 -0300] "POST /cormun/servlet/solicitudotadjuntos?gx-no-cache=1520605017140 HTTP/1.1" 200 26
186.103.196.84 - - [09/Mar/2018:11:17:40 -0300] "GET /cormun/servlet/hlogin HTTP/1.1" 200 1722
186.103.196.84 - - [09/Mar/2018:11:17:41 -0300] "POST /cormun/servlet/hlogin?02a88c073cf73cba9b5e34c694f3c51a,gx-no-cache=1520605011601 HTTP/1.1" 200 90
186.103.196.84 - - [09/Mar/2018:11:17:42 -0300] "GET /cormun/servlet/hpexe_link HTTP/1.1" 200 949
186.103.196.84 - - [09/Mar/2018:11:17:42 -0300] "GET /cormun/servlet/hhome HTTP/1.1" 200 4196
186.103.196.84 - - [09/Mar/2018:11:17:42 -0300] "GET /cormun/servlet/hhome HTTP/1.1" 200 4193
192.168.10.56 - - [09/Mar/2018:11:17:47 -0300] "GET /cormun/servlet/hlogin HTTP/1.1" 200 1736
192.168.10.56 - - [09/Mar/2018:11:17:50 -0300] "POST /cormun/servlet/hlogin?a68c72c6df29d4286cbeadbda1a3a0c1,gx-no-cache=1520604908862 HTTP/1.1" 200 90
192.168.10.56 - - [09/Mar/2018:11:17:50 -0300] "GET /cormun/servlet/hpexe_link HTTP/1.1" 200 950
192.168.10.56 - - [09/Mar/2018:11:17:50 -0300] "GET /cormun/servlet/hhome HTTP/1.1" 200 3831
192.168.10.56 - - [09/Mar/2018:11:17:51 -0300] "GET /cormun/servlet/hhome HTTP/1.1" 200 3828
186.103.156.166 - - [09/Mar/2018:11:17:51 -0300] "GET /cormun/servlet/solicitudotadjuntos?ccbd04e35c8c81d6bd51d1d3944e1d14b254cb223c64a1432970d0dc81e5b1ee,gx-no-cache=1520605029167 HTTP/1.1" 200 30
186.103.156.166 - - [09/Mar/2018:11:17:51 -0300] "GET /cormun/servlet/solicitudotadjuntos?ccbd04e35c8c81d6bd51d1d3944e1d14b254cb223c64a1432970d0dc81e5b1ee,gx-no-cache=1520605029301 HTTP/1.1" 200 30
192.168.10.56 - - [09/Mar/2018:11:17:54 -0300] "GET /cormun/servlet/trautorizarot? HTTP/1.1" 200 11408
192.168.10.56 - - [09/Mar/2018:11:17:55 -0300] "GET /cormun/servlet/trautorizarot? HTTP/1.1" 200 11405
192.168.10.56 - - [09/Mar/2018:11:18:06 -0300] "POST /cormun/servlet/trautorizarot?a68c72c6df29d4286cbeadbda1a3a0c1,,gx-no-cache=1520604925022 HTTP/1.1" 200 115
192.168.10.56 - - [09/Mar/2018:11:18:07 -0300] "GET /cormun/servlet/solicitudotlog?INS,2018,8439,0,APR, HTTP/1.1" 200 5649
192.168.10.56 - - [09/Mar/2018:11:18:07 -0300] "GET /cormun/servlet/solicitudotlog?INS,2018,8439,0,APR, HTTP/1.1" 200 5648
192.168.10.56 - - [09/Mar/2018:11:18:07 -0300] "GET /cormun/servlet/solicitudotlog?a93a3b4b66be64fc11ff99aeb0324a826f8ca16f16fb667be17f53805e9e4ae2af63969218cf21223b83b64f0dec510f94d3630bb0178a2c4d686efeb1018d93efdca49f9a55c4bc47f681f21ba0d3e698a55ac70b8913d6a374d53c570a55fb1b0c7e342e7a13c36b7b83e18448b5ea9a031b422323bc753a36d5886e36a8a827ca38bd1f1eb0ab671e74b2747e55d19876e76205de453398f6c03c2d4e53f4,gx-no-cache=1520604925819 HTTP/1.1" 200 94
192.168.10.56 - - [09/Mar/2018:11:18:17 -0300] "POST /cormun/servlet/solicitudotlog?a68c72c6df29d4286cbeadbda1a3a0c1,INS,2018,8439,0,APR,,gx-no-cache=1520604935190 HTTP/1.1" 200 93
192.168.10.56 - - [09/Mar/2018:11:18:17 -0300] "GET /cormun/servlet/hpexe_return? HTTP/1.1" 200 1024
192.168.10.56 - - [09/Mar/2018:11:18:17 -0300] "GET /cormun/servlet/trautorizarot HTTP/1.1" 200 11007
192.168.10.56 - - [09/Mar/2018:11:18:17 -0300] "GET /cormun/servlet/trautorizarot HTTP/1.1" 200 11002
192.168.10.56 - - [09/Mar/2018:11:18:18 -0300] "GET /cormun/servlet/hlogin HTTP/1.1" 200 1735
192.168.10.50 - - [09/Mar/2018:11:18:26 -0300] "POST /cormun/servlet/trsolicitudgral?ce049adf1501c0d489570ce6ebc8646f,gx-no-cache=1520604204234,gx-no-cache=1520604944229 HTTP/1.1" 200 7310
192.168.10.50 - - [09/Mar/2018:11:18:29 -0300] "GET /cormun/servlet/solicitudgral2?UPD,2018,8439, HTTP/1.1" 200 12905
192.168.10.50 - - [09/Mar/2018:11:18:29 -0300] "GET /cormun/servlet/solicitudgral2?UPD,2018,8439, HTTP/1.1" 200 12896
192.168.10.50 - - [09/Mar/2018:11:18:30 -0300] "POST /cormun/servlet/solicitudgral2?gx-no-cache=1520604948303 HTTP/1.1" 200 3907
192.168.10.50 - - [09/Mar/2018:11:18:30 -0300] "GET /cormun/servlet/solicitudgral2?07dc3efb3947497f40b9893edfe7c4a9d60fd0ef65eb531528929975dd999beb6ef9e20bbe1b77cbbe74500830c7eda27746990188953202acf366a301bb2cf9e9244702495902fe5c28b99945ab16085a4f0f0359bef62b46a8dff6e68a2a6a1a33d349c4447941014850b68a682e858969fd4d199eaa99e9218346514564772cbae416182ff0c4aa960149385cd22e92421a755383e73f506651664d9b9c31950da87a4c91968d9fddb24d8dbd03565f87b7ffeddde8ce45da5898d62d7c4f2545e1dcb1ca67edfea8bb622cf7e504e02904588d341d96b7df33539ab24ecc813e731b3b2ba538b3bdb0bd0c01cf12e97dca39bb9139ae05ed5b0c7bf6e06bcd80d6d6fb98fc9c4ae91e0a4c8a43919cdc87ef9d6c2d63f1d5952d3946ff82b56fc2684edd69765418ae39fd5def8002c9fb2b7109fafee57caa1b31b9bfb57dd5f5eb22d8eda9b01bf7660d314a8e,gx-no-cache=1520604948411 HTTP/1.1" 200 297
192.168.10.50 - - [09/Mar/2018:11:18:30 -0300] "POST /cormun/servlet/solicitudgral2?gx-no-cache=1520604948439 HTTP/1.1" 200 1398
192.168.10.50 - - [09/Mar/2018:11:18:30 -0300] "GET /cormun/servlet/solicitudgral2?07dc3efb3947497f40b9893edfe7c4a96e30ae03c4653524027f6431abeb0f65e6fbfd0814547560fb5e65c25791e01ce690fbb63d2ddd7b181cf634db525bf9cdab5aa27a2292bad1f9d60f3dc52c5a479e9cc396999e98fc8354bf3d01f885dc9f8deb4e8aa3ddcf8309f47f71368d,gx-no-cache=1520604948474 HTTP/1.1" 200 41
192.168.10.50 - - [09/Mar/2018:11:18:36 -0300] "POST /cormun/servlet/solicitudgral2?ce049adf1501c0d489570ce6ebc8646f,UPD,2018,8439,,gx-no-cache=1520604954196 HTTP/1.1" 200 11896
192.168.10.50 - - [09/Mar/2018:11:18:36 -0300] "GET /cormun/servlet/solicitudgral2?07dc3efb3947497f40b9893edfe7c4a936362bf410e5fad35c0f940282b6f064033518b4f63b9b69fde1236b3802f41b38355ee2f8c35b58c19f4b8d6b721a911605fcb80fcbd7a5b160236d402d8a762fee4db33775fce814ec1a2dd2e29f3644a4c5ca21dd136a056f37dae821acf9,gx-no-cache=1520604954356 HTTP/1.1" 200 29
192.168.10.50 - - [09/Mar/2018:11:18:36 -0300] "POST /cormun/servlet/solicitudgral2?gx-no-cache=1520604954379 HTTP/1.1" 200 1294
192.168.10.50 - - [09/Mar/2018:11:18:36 -0300] "POST /cormun/servlet/solicitudgral2?gx-no-cache=1520604954411 HTTP/1.1" 200 1217
192.168.10.50 - - [09/Mar/2018:11:18:36 -0300] "GET /cormun/servlet/solicitudgral2?07dc3efb3947497f40b9893edfe7c4a90461ced930cc671fde59f81ca3528a6219facf65216cbbdaa49794bfba89b21319c7309581612ee4d7379238ea30d8052549381c92513dc65d01c8d803e13915ca11f60d5f5aa946d35ebaf27f1a2c1b9d8ef0502f404a97d99422183504233e038f06846a41b53b900d3469deb41917,gx-no-cache=1520604954441 HTTP/1.1" 200 30
192.168.10.50 - - [09/Mar/2018:11:18:36 -0300] "POST /cormun/servlet/solicitudgral2?ce049adf1501c0d489570ce6ebc8646f,UPD,2018,8439,,gx-no-cache=1520604954461 HTTP/1.1" 200 93
192.168.10.50 - - [09/Mar/2018:11:18:36 -0300] "GET /cormun/servlet/hpexe_return? HTTP/1.1" 200 1035
192.168.10.50 - - [09/Mar/2018:11:18:36 -0300] "GET /cormun/servlet/trsolicitudgral?gx-no-cache=1520604204234 HTTP/1.1" 200 10362
192.168.10.50 - - [09/Mar/2018:11:18:36 -0300] "GET /cormun/servlet/trsolicitudgral?gx-no-cache=1520604204234 HTTP/1.1" 200 10379
186.103.159.44 - - [09/Mar/2018:11:18:40 -0300] "GET /cormun/servlet/prbanco?,MD,,gxPopupLevel%3D0%3B HTTP/1.1" 200 6583
186.103.159.44 - - [09/Mar/2018:11:18:40 -0300] "GET /cormun/static/prbanco.js?2018116101633 HTTP/1.1" 200 10693
192.168.10.50 - - [09/Mar/2018:11:18:40 -0300] "POST /cormun/servlet/trsolicitudgral?ce049adf1501c0d489570ce6ebc8646f,gx-no-cache=1520604204234,gx-no-cache=1520604958335 HTTP/1.1" 200 6136
192.168.10.50 - - [09/Mar/2018:11:18:40 -0300] "GET /cormun/static/Shared/jqueryui/images/ui-icons_82798d_256x240.png HTTP/1.1" 404 1089
192.168.10.50 - - [09/Mar/2018:11:18:40 -0300] "GET /cormun/static/Shared/jqueryui/images/ui-bg_highlight-soft_100_c6c2c8_1x100.png HTTP/1.1" 404 1117
192.168.10.50 - - [09/Mar/2018:11:18:40 -0300] "GET /cormun/static/Shared/jqueryui/images/ui-bg_flat_55_fafafa_40x100.png HTTP/1.1" 404 1097
192.168.10.50 - - [09/Mar/2018:11:18:40 -0300] "GET /cormun/static/Shared/jqueryui/images/ui-icons_8d78a5_256x240.png HTTP/1.1" 404 1089
186.103.159.44 - - [09/Mar/2018:11:18:41 -0300] "GET /cormun/static/gxcfg.js?20181161016094 HTTP/1.1" 200 953
200.54.18.125 - - [09/Mar/2018:11:18:44 -0300] "GET /cormun/servlet/trsolicitudot? HTTP/1.1" 200 8759
200.54.18.125 - - [09/Mar/2018:11:18:45 -0300] "GET /cormun/servlet/trsolicitudot? HTTP/1.1" 200 8757
190.151.124.170 - - [09/Mar/2018:11:18:48 -0300] "POST /cormun/servlet/trsolicitudot?02a88c073cf73cba9b5e34c694f3c51a,,gx-no-cache=1520605077750 HTTP/1.1" 200 107
190.151.124.170 - - [09/Mar/2018:11:18:49 -0300] "GET /cormun/servlet/trsolicitudadjuntos?2018,10349, HTTP/1.1" 200 8716
190.151.124.170 - - [09/Mar/2018:11:18:49 -0300] "GET /cormun/servlet/trsolicitudadjuntos?2018,10349, HTTP/1.1" 200 8713
186.103.159.44 - - [09/Mar/2018:11:18:51 -0300] "GET /cormun/servlet/solicitudot?b94eb08952ab7f2ac0178fb18f52d73f8b4020ee62c8c8b18471ebe756dfe236,gx-no-cache=1520605082641 HTTP/1.1" 200 94
186.103.159.44 - - [09/Mar/2018:11:18:51 -0300] "GET /cormun/static/Shared/jqueryui/images/ui-bg_highlight-soft_100_c6c2c8_1x100.png HTTP/1.1" 404 1117
186.103.159.44 - - [09/Mar/2018:11:18:51 -0300] "GET /cormun/static/Shared/jqueryui/images/ui-icons_82798d_256x240.png HTTP/1.1" 404 1089
186.103.159.44 - - [09/Mar/2018:11:18:51 -0300] "GET /cormun/static/Shared/jqueryui/images/ui-icons_ebccce_256x240.png HTTP/1.1" 404 1089
186.103.159.44 - - [09/Mar/2018:11:18:51 -0300] "GET /cormun/static/Shared/jqueryui/images/ui-bg_flat_55_994d53_40x100.png HTTP/1.1" 404 1097
190.151.124.170 - - [09/Mar/2018:11:18:52 -0300] "GET /cormun/servlet/solicitudotadjuntos?INS,2018,10349,,1, HTTP/1.1" 200 6242
190.151.124.170 - - [09/Mar/2018:11:18:52 -0300] "GET /cormun/static/about:blank HTTP/1.1" 404 1011
190.151.124.170 - - [09/Mar/2018:11:18:52 -0300] "GET /cormun/servlet/solicitudotadjuntos?INS,2018,10349,,1, HTTP/1.1" 200 6236
200.54.18.125 - - [09/Mar/2018:11:18:53 -0300] "GET /cormun/servlet/solicitudotadjuntos?a9964e3e40c2dc518aa990fcc8f8409ccdd0aee96d3950c29b69422180701654d5231b37b4e0943a05311be49dbcc8be,gx-no-cache=1520605083022 HTTP/1.1" 200 30
200.54.18.125 - - [09/Mar/2018:11:18:54 -0300] "POST /cormun/servlet/solicitudotadjuntos?02a88c073cf73cba9b5e34c694f3c51a,INS,2018,10349,,1,,gx-no-cache=1520605083484 HTTP/1.1" 200 4017
192.168.10.50 - - [09/Mar/2018:11:18:59 -0300] "POST /cormun/servlet/trsolicitudgral?ce049adf1501c0d489570ce6ebc8646f,gx-no-cache=1520604204234,gx-no-cache=1520604977484 HTTP/1.1" 200 9432
200.54.18.125 - - [09/Mar/2018:11:19:00 -0300] "POST /cormun/servlet/solicitudotadjuntos?gx-no-cache=1520605089967 HTTP/1.1" 200 26
186.103.159.44 - - [09/Mar/2018:11:19:24 -0300] "GET /cormun/servlet/solicitudot?b94eb08952ab7f2ac0178fb18f52d73f62fb4ecac3017b1b1b0ae27731577d62,gx-no-cache=1520605115626 HTTP/1.1" 200 70
186.103.159.44 - - [09/Mar/2018:11:19:25 -0300] "POST /cormun/servlet/solicitudot?gx-no-cache=1520605116852 HTTP/1.1" 200 255
186.103.159.44 - - [09/Mar/2018:11:19:29 -0300] "GET /cormun/servlet/solicitudot?b94eb08952ab7f2ac0178fb18f52d73fb2eb49aded2cce52aa3bf4fb8e62f82a0e8b647f9d2bb8849545a6035b9971e14f34220e3ef8b7c389820847db2f652c16c331a92d0ee619c88fd60590f08e4fbac015909dcc5452405c4585a63d5b3d0d099cbe02a79180bbd9071e99b850defc1c2be6840483d09760787335a78b9599857b030c9ba067a39b06d4099be209332f89d72b2992134c42e6aca4db7bdb343c660353209b52a468b27fcbdd807315c1ce8a59e923c762bef847daa585b081a81c86194d78906623bcb55c033a70c006a70bcac4c7187e9b4d511b575cf972f7055eb4b6c3a900539c01382e581fc80f6a5e056224e903196aa7f7b5f760cbb264d80def09ad72e04914ac9200a53e4cdc7e5d00ceb1a4a28b0d2e326b9f3a8c215aee9e1095b4bcc28dc51ea7e8d519d15b50340b5d68889b1fdee6aabad4b267bf326a131f047572324434c63aa889a6a50487ba4b3666774a082f78aa95033ef0853375b2abddff8b872eb3fea89490644a4fa1984de4d6785ecd365a,gx-no-cache=1520605120364 HTTP/1.1" 200 30
186.103.159.44 - - [09/Mar/2018:11:19:32 -0300] "POST /cormun/servlet/solicitudot?gx-no-cache=1520605123025 HTTP/1.1" 200 30
186.103.159.44 - - [09/Mar/2018:11:19:34 -0300] "GET /cormun/servlet/prcontratosol?13828691,,,,,MD,,gxPopupLevel%3D0%3B HTTP/1.1" 200 5638
186.103.156.166 - - [09/Mar/2018:11:19:48 -0300] "POST /cormun/servlet/solicitudotadjuntos?c569064d6f1225a316cd183517ec5db4,INS,2018,10353,,1, HTTP/1.1" 200 116
186.103.156.166 - - [09/Mar/2018:11:19:49 -0300] "GET /cormun/servlet/hpexe_return? HTTP/1.1" 200 1028
186.103.156.166 - - [09/Mar/2018:11:19:50 -0300] "GET /cormun/servlet/trsolicitudadjuntos?2018,10353, HTTP/1.1" 200 9547
186.103.156.166 - - [09/Mar/2018:11:19:51 -0300] "GET /cormun/servlet/trsolicitudadjuntos?2018,10353, HTTP/1.1" 200 9543
186.103.156.166 - - [09/Mar/2018:11:20:00 -0300] "GET /cormun/servlet/solicitudotadjuntos?INS,2018,10353,,1, HTTP/1.1" 200 6220
186.103.156.166 - - [09/Mar/2018:11:20:00 -0300] "GET /cormun/static/about:blank HTTP/1.1" 404 1011
186.103.156.166 - - [09/Mar/2018:11:20:00 -0300] "GET /cormun/servlet/solicitudotadjuntos?INS,2018,10353,,1, HTTP/1.1" 200 6214
186.103.156.166 - - [09/Mar/2018:11:20:01 -0300] "GET /cormun/servlet/solicitudotadjuntos?ccbd04e35c8c81d6bd51d1d3944e1d1420f2205110857110193cc06a84f54b45d3a2e34f2442933fc2f16187cb6e8edf,gx-no-cache=1520605158903 HTTP/1.1" 200 30
186.103.156.166 - - [09/Mar/2018:11:20:01 -0300] "POST /cormun/servlet/solicitudotadjuntos?c569064d6f1225a316cd183517ec5db4,INS,2018,10353,,1,,gx-no-cache=1520605159011 HTTP/1.1" 200 3979
186.103.159.44 - - [09/Mar/2018:11:20:06 -0300] "POST /cormun/servlet/solicitudot?gx-no-cache=1520605156524 HTTP/1.1" 200 1333
186.103.159.44 - - [09/Mar/2018:11:20:06 -0300] "POST /cormun/servlet/solicitudot?gx-no-cache=1520605157294 HTTP/1.1" 200 38
186.103.156.166 - - [09/Mar/2018:11:20:06 -0300] "POST /cormun/servlet/solicitudotadjuntos?gx-no-cache=1520605163677 HTTP/1.1" 200 26
186.103.159.44 - - [09/Mar/2018:11:20:06 -0300] "GET /cormun/servlet/solicitudot?b94eb08952ab7f2ac0178fb18f52d73f3080357600eb76dd53737eb8dc93960d4b5d6ce00419ec8a04e85bc13d43e1470676cb78c78da0ca069a04068d052e593e40fbc2385b9f4fb371c65f9343e43d1c83cd3e99d0faf7e00a3037fbe84eca0411534011e6710dd9b62a06e0440c94,gx-no-cache=1520605157385 HTTP/1.1" 200 29
186.103.159.44 - - [09/Mar/2018:11:20:08 -0300] "POST /cormun/servlet/solicitudot?gx-no-cache=1520605157864 HTTP/1.1" 200 1318
186.103.159.44 - - [09/Mar/2018:11:20:09 -0300] "POST /cormun/servlet/solicitudot?gx-no-cache=1520605159176 HTTP/1.1" 200 1215
186.103.159.44 - - [09/Mar/2018:11:20:09 -0300] "GET /cormun/servlet/solicitudot?b94eb08952ab7f2ac0178fb18f52d73f62bf2f42a5965c6fe882c9cb2475e518,gx-no-cache=1520605160292 HTTP/1.1" 200 30
186.103.156.166 - - [09/Mar/2018:11:20:14 -0300] "GET /cormun/servlet/solicitudotadjuntos?ccbd04e35c8c81d6bd51d1d3944e1d14b254cb223c64a1432970d0dc81e5b1ee,gx-no-cache=1520605171062 HTTP/1.1" 200 30
186.103.156.166 - - [09/Mar/2018:11:20:22 -0300] "GET /cormun/servlet/solicitudotadjuntos?ccbd04e35c8c81d6bd51d1d3944e1d14b254cb223c64a1432970d0dc81e5b1ee,gx-no-cache=1520605172041 HTTP/1.1" 200 30
