200.54.18.125 - - [09/Mar/2018:09:44:12 -0300] "GET /cormun/servlet/alicenciaprn?15105573,L,20180301000000,PU HTTP/1.1" 200 1525
190.100.93.40 - - [09/Mar/2018:09:44:15 -0300] "GET /cormun/servlet/solicitudotadjuntos?INS,2018,10341,,1, HTTP/1.1" 200 6354
190.100.93.40 - - [09/Mar/2018:09:44:16 -0300] "GET /cormun/static/about:blank HTTP/1.1" 404 1011
190.100.93.40 - - [09/Mar/2018:09:44:16 -0300] "GET /cormun/servlet/solicitudotadjuntos?INS,2018,10341,,1, HTTP/1.1" 200 6347
190.100.93.40 - - [09/Mar/2018:09:44:16 -0300] "GET /cormun/servlet/solicitudotadjuntos?0fc33ab8f93b046478ad5c01a6b97ac4daed553254f648fe84109cf98e348199f29261ecea902efc8114b9214c4f7fcf,gx-no-cache=1520599410756 HTTP/1.1" 200 30
190.100.93.40 - - [09/Mar/2018:09:44:16 -0300] "POST /cormun/servlet/solicitudotadjuntos?50eeaf17eb99e967a28e6a57335f3130,INS,2018,10341,,1,,gx-no-cache=1520599410855 HTTP/1.1" 200 3984
190.100.93.40 - - [09/Mar/2018:09:44:20 -0300] "POST /cormun/servlet/solicitudotadjuntos?gx-no-cache=1520599414346 HTTP/1.1" 200 26
186.79.5.199 - - [09/Mar/2018:09:44:26 -0300] "GET /cormun/static/Shared/jqueryui/images/ui-bg_highlight-soft_100_eae6ea_1x100.png HTTP/1.1" 404 1117
192.168.10.96 - - [09/Mar/2018:09:44:27 -0300] "POST /cormun/servlet/trsolicitudgral?08d48f5bf22c3019facad26e01479a9c,,gx-no-cache=1520599305327 HTTP/1.1" 200 5927
190.100.93.40 - - [09/Mar/2018:09:44:28 -0300] "GET /cormun/servlet/solicitudotadjuntos?0fc33ab8f93b046478ad5c01a6b97ac4ae790196b38acbfc8a7801be2576d97f,gx-no-cache=1520599422826 HTTP/1.1" 200 30
190.100.93.40 - - [09/Mar/2018:09:44:29 -0300] "GET /cormun/servlet/solicitudotadjuntos?0fc33ab8f93b046478ad5c01a6b97ac4ae790196b38acbfc8a7801be2576d97f,gx-no-cache=1520599423229 HTTP/1.1" 200 30
192.168.10.96 - - [09/Mar/2018:09:44:32 -0300] "POST /cormun/servlet/trsolicitudgral?08d48f5bf22c3019facad26e01479a9c,,gx-no-cache=1520599310979 HTTP/1.1" 200 7297
190.151.100.218 - - [09/Mar/2018:09:44:35 -0300] "POST /cormun/servlet/solicitudot?5d74235bd5be8486b7905dda05b6df01,INS,0,0,,gx-no-cache=1520599426761 HTTP/1.1" 200 11846
190.151.100.218 - - [09/Mar/2018:09:44:35 -0300] "GET /cormun/static/Shared/jqueryui/images/ui-bg_flat_55_fafafa_40x100.png HTTP/1.1" 404 1097
186.103.161.206 - - [09/Mar/2018:09:44:35 -0300] "GET /cormun/static/Shared/jqueryui/images/ui-icons_8d78a5_256x240.png HTTP/1.1" 404 1089
190.100.93.40 - - [09/Mar/2018:09:44:43 -0300] "POST /cormun/servlet/solicitudotadjuntos?50eeaf17eb99e967a28e6a57335f3130,INS,2018,10341,,1, HTTP/1.1" 200 116
186.103.161.206 - - [09/Mar/2018:09:44:50 -0300] "POST /cormun/servlet/solicitudot?gx-no-cache=1520599442348 HTTP/1.1" 200 3405
192.168.10.96 - - [09/Mar/2018:09:44:50 -0300] "POST /cormun/servlet/trsolicitudgral?08d48f5bf22c3019facad26e01479a9c,,gx-no-cache=1520599328587 HTTP/1.1" 200 7298
192.168.10.96 - - [09/Mar/2018:09:44:50 -0300] "POST /cormun/servlet/trsolicitudgral?08d48f5bf22c3019facad26e01479a9c,,gx-no-cache=1520599328804 HTTP/1.1" 200 7297
192.168.10.96 - - [09/Mar/2018:09:44:50 -0300] "POST /cormun/servlet/trsolicitudgral?08d48f5bf22c3019facad26e01479a9c,,gx-no-cache=1520599329016 HTTP/1.1" 200 7297
192.168.10.96 - - [09/Mar/2018:09:44:51 -0300] "POST /cormun/servlet/trsolicitudgral?08d48f5bf22c3019facad26e01479a9c,,gx-no-cache=1520599329220 HTTP/1.1" 200 7297
186.103.161.206 - - [09/Mar/2018:09:44:51 -0300] "POST /cormun/servlet/solicitudot?5d74235bd5be8486b7905dda05b6df01,INS,0,0,,gx-no-cache=1520599443027 HTTP/1.1" 200 11864
186.103.161.206 - - [09/Mar/2018:09:44:52 -0300] "GET /cormun/servlet/solicitudot?42002d03490e3cdc61249b50ab449e036ca15650fbeb69dbef86db240809e8bb0f90561794e0e6d0721167169836dc27,gx-no-cache=1520599444418 HTTP/1.1" 200 30
186.103.161.206 - - [09/Mar/2018:09:44:52 -0300] "GET /cormun/servlet/solicitudot?42002d03490e3cdc61249b50ab449e0391a35aa9c3d0acb9855716e1e9116f26eca8c434d6e780c715899b31e4b61638,gx-no-cache=1520599444806 HTTP/1.1" 200 30
186.103.161.206 - - [09/Mar/2018:09:44:52 -0300] "GET /cormun/servlet/solicitudot?42002d03490e3cdc61249b50ab449e03451f616838de3a9c822151feaa1fa0ad52f8437917929a45b471eb137951115f959a1c5d8fc9dcfbba0d24dc3e8fb4fc,gx-no-cache=1520599445185 HTTP/1.1" 200 53
186.103.161.206 - - [09/Mar/2018:09:44:53 -0300] "POST /cormun/servlet/solicitudot?gx-no-cache=1520599445277 HTTP/1.1" 200 256
186.103.161.206 - - [09/Mar/2018:09:44:53 -0300] "GET /cormun/servlet/solicitudot?42002d03490e3cdc61249b50ab449e03de2c2d99bde5d1248cba02bf751733df1b40e8f70ee0828becc9fe6f59ed7f4c794f6eb89c25c9720ca158edad5cf4e4e2e3c7723570339b8509fbcdb35efb560970ee8194be0df57e27a06e579add57bc28d77ce658e0c72a1c3b1e9e6fcebaca4c3a283b14b53f379ec596a06baba0a353ed8fbee9d21544077ab52cbddc9f47e872816b49f4e59e3c2b06d1a29152ba3b337357b516790641eb1857adf00ca99f31016c05b010eb1212da03a300365edbec9dd3fde14d644a3714eb678ce8c6bc1250e2886d563ddde27257f5ca3b940ab2572a948379adfa039c4938b1607c520d6e80489ca05c9607f02ea99668bc8e86521dc6328953a32ec7d54c2f321bbca7f9fe30599e3fde170d6196a1b3f124b2e45956ced3abbb3037a1938088502cb695254de5535dda80aa3b5be2c62f8345d4176c2d1a04b1e95750da4959c95f8dab481c58baa09a020e980cda643310b58e8b3dbbee54df04daf84e0d3b22ee21c6366e401c93afcd6e820f0b10,gx-no-cache=1520599446048 HTTP/1.1" 200 30
186.103.161.206 - - [09/Mar/2018:09:44:53 -0300] "POST /cormun/servlet/solicitudot?gx-no-cache=1520599446137 HTTP/1.1" 200 30
186.103.161.206 - - [09/Mar/2018:09:44:54 -0300] "POST /cormun/servlet/solicitudot?gx-no-cache=1520599446244 HTTP/1.1" 200 1336
186.103.161.206 - - [09/Mar/2018:09:44:54 -0300] "POST /cormun/servlet/solicitudot?gx-no-cache=1520599446957 HTTP/1.1" 200 41
186.103.161.206 - - [09/Mar/2018:09:44:54 -0300] "GET /cormun/servlet/solicitudot?42002d03490e3cdc61249b50ab449e03be3f7883b34c26c3ea4c202c5af59a9b2219cd222122875423599f42ad9220130fb70dc46bcc6baef80b64de3511cceba3b8c454ea87a4df1d2fdc9d94db2d0d01c89aae7453186a4be29452261394c7117e345341c1c3d38bb9bf2145185f8c733981acdda974097109cbad3df0690397311c72be23be0007e713e782c9c3cd3967232800a90fdfc414fb8e3476b1a5,gx-no-cache=1520599447046 HTTP/1.1" 200 29
186.103.161.206 - - [09/Mar/2018:09:44:55 -0300] "POST /cormun/servlet/solicitudot?gx-no-cache=1520599447430 HTTP/1.1" 200 1318
186.103.161.206 - - [09/Mar/2018:09:44:55 -0300] "POST /cormun/servlet/solicitudot?gx-no-cache=1520599448088 HTTP/1.1" 200 1219
186.103.161.206 - - [09/Mar/2018:09:44:55 -0300] "GET /cormun/servlet/solicitudot?42002d03490e3cdc61249b50ab449e03fb4e048c116918b9b09e1a93f78c1a427d320f35ee632bba646fe370df6c7004,gx-no-cache=1520599448249 HTTP/1.1" 200 30
186.103.161.206 - - [09/Mar/2018:09:44:55 -0300] "POST /cormun/servlet/solicitudot?gx-no-cache=1520599448330 HTTP/1.1" 200 33
192.168.10.96 - - [09/Mar/2018:09:44:56 -0300] "POST /cormun/servlet/trsolicitudgral?08d48f5bf22c3019facad26e01479a9c,,gx-no-cache=1520599334172 HTTP/1.1" 200 5927
186.103.159.182 - - [09/Mar/2018:09:44:57 -0300] "GET /cormun/servlet/trcontratosolicitud? HTTP/1.1" 200 7975
186.103.161.206 - - [09/Mar/2018:09:44:57 -0300] "POST /cormun/servlet/solicitudot?5d74235bd5be8486b7905dda05b6df01,INS,0,0,,gx-no-cache=1520599448447 HTTP/1.1" 200 93
186.103.161.206 - - [09/Mar/2018:09:44:57 -0300] "GET /cormun/servlet/hpexe_return? HTTP/1.1" 200 1007
186.103.161.206 - - [09/Mar/2018:09:44:58 -0300] "GET /cormun/servlet/trsolicitudot HTTP/1.1" 200 18124
186.103.159.182 - - [09/Mar/2018:09:44:59 -0300] "GET /cormun/servlet/trcontratosolicitud? HTTP/1.1" 200 7986
186.103.161.206 - - [09/Mar/2018:09:44:59 -0300] "GET /cormun/servlet/trsolicitudot HTTP/1.1" 200 18120
192.168.10.96 - - [09/Mar/2018:09:44:59 -0300] "POST /cormun/servlet/trsolicitudgral?08d48f5bf22c3019facad26e01479a9c,,gx-no-cache=1520599337787 HTTP/1.1" 200 7298
190.100.93.40 - - [09/Mar/2018:09:45:03 -0300] "GET /cormun/servlet/hpexe_return? HTTP/1.1" 200 1020
190.100.93.40 - - [09/Mar/2018:09:45:04 -0300] "GET /cormun/servlet/trsolicitudadjuntos?2018,10341, HTTP/1.1" 200 9519
190.100.93.40 - - [09/Mar/2018:09:45:05 -0300] "GET /cormun/servlet/trsolicitudadjuntos?2018,10341, HTTP/1.1" 200 9519
192.168.10.96 - - [09/Mar/2018:09:45:06 -0300] "POST /cormun/servlet/trsolicitudgral?08d48f5bf22c3019facad26e01479a9c,,gx-no-cache=1520599344980 HTTP/1.1" 200 5925
186.79.5.199 - - [09/Mar/2018:09:45:07 -0300] "POST /cormun/servlet/trautorizarsolicitud?d977483929e9ca601ba5c89272509592,,gx-no-cache=1520599455403 HTTP/1.1" 200 5749
190.151.100.218 - - [09/Mar/2018:09:45:08 -0300] "POST /cormun/servlet/trsolicitudot?5d74235bd5be8486b7905dda05b6df01,gx-no-cache=1520599455936 HTTP/1.1" 200 15554
186.103.132.155 - - [09/Mar/2018:09:45:09 -0300] "GET /cormun/static/Shared/jqueryui/images/ui-icons_82798d_256x240.png HTTP/1.1" 404 1089
190.151.100.218 - - [09/Mar/2018:09:45:09 -0300] "GET /cormun/static/Shared/jqueryui/images/ui-bg_highlight-soft_100_c6c2c8_1x100.png HTTP/1.1" 404 1117
190.151.100.218 - - [09/Mar/2018:09:45:09 -0300] "GET /cormun/static/Shared/jqueryui/images/ui-icons_8d78a5_256x240.png HTTP/1.1" 404 1089
186.103.132.155 - - [09/Mar/2018:09:45:09 -0300] "GET /cormun/static/Shared/jqueryui/images/ui-bg_flat_55_fafafa_40x100.png HTTP/1.1" 404 1097
192.168.10.96 - - [09/Mar/2018:09:45:09 -0300] "POST /cormun/servlet/trsolicitudgral?08d48f5bf22c3019facad26e01479a9c,,gx-no-cache=1520599347605 HTTP/1.1" 200 5926
190.151.100.218 - - [09/Mar/2018:09:45:11 -0300] "POST /cormun/servlet/trsolicitudot?5d74235bd5be8486b7905dda05b6df01,gx-no-cache=1520599462115 HTTP/1.1" 200 15494
192.168.10.96 - - [09/Mar/2018:09:45:11 -0300] "POST /cormun/servlet/trsolicitudgral?08d48f5bf22c3019facad26e01479a9c,,gx-no-cache=1520599349603 HTTP/1.1" 200 5927
192.168.10.96 - - [09/Mar/2018:09:45:11 -0300] "POST /cormun/servlet/trsolicitudgral?08d48f5bf22c3019facad26e01479a9c,,gx-no-cache=1520599349798 HTTP/1.1" 200 5927
192.168.10.96 - - [09/Mar/2018:09:45:11 -0300] "POST /cormun/servlet/trsolicitudgral?08d48f5bf22c3019facad26e01479a9c,,gx-no-cache=1520599349982 HTTP/1.1" 200 5926
192.168.10.96 - - [09/Mar/2018:09:45:15 -0300] "POST /cormun/servlet/trsolicitudgral?08d48f5bf22c3019facad26e01479a9c,,gx-no-cache=1520599353246 HTTP/1.1" 200 5927
192.168.10.96 - - [09/Mar/2018:09:45:15 -0300] "POST /cormun/servlet/trsolicitudgral?08d48f5bf22c3019facad26e01479a9c,,gx-no-cache=1520599353879 HTTP/1.1" 200 5926
190.151.100.218 - - [09/Mar/2018:09:45:16 -0300] "GET /cormun/servlet/trautorizarsolicitud? HTTP/1.1" 200 8554
190.151.100.218 - - [09/Mar/2018:09:45:16 -0300] "GET /cormun/servlet/trautorizarsolicitud? HTTP/1.1" 200 8553
192.168.10.96 - - [09/Mar/2018:09:45:19 -0300] "POST /cormun/servlet/trsolicitudgral?08d48f5bf22c3019facad26e01479a9c,,gx-no-cache=1520599357895 HTTP/1.1" 200 7285
186.103.132.155 - - [09/Mar/2018:09:45:20 -0300] "POST /cormun/servlet/trautorizarsolicitud?5d74235bd5be8486b7905dda05b6df01,,gx-no-cache=1520599472686 HTTP/1.1" 200 4619
186.103.161.206 - - [09/Mar/2018:09:45:20 -0300] "GET /cormun/static/Shared/jqueryui/images/ui-bg_flat_55_fafafa_40x100.png HTTP/1.1" 404 1097
186.103.132.155 - - [09/Mar/2018:09:45:20 -0300] "GET /cormun/static/Shared/jqueryui/images/ui-bg_highlight-soft_100_c6c2c8_1x100.png HTTP/1.1" 404 1117
186.103.161.206 - - [09/Mar/2018:09:45:20 -0300] "GET /cormun/static/Shared/jqueryui/images/ui-icons_82798d_256x240.png HTTP/1.1" 404 1089
186.103.161.206 - - [09/Mar/2018:09:45:20 -0300] "GET /cormun/static/Shared/jqueryui/images/ui-icons_8d78a5_256x240.png HTTP/1.1" 404 1089
186.67.203.186 - - [09/Mar/2018:09:45:22 -0300] "POST /cormun/servlet/trautorizarsolicitud?5d74235bd5be8486b7905dda05b6df01,,gx-no-cache=1520599473117 HTTP/1.1" 200 4395
186.67.203.186 - - [09/Mar/2018:09:45:28 -0300] "GET /cormun/servlet/trsolicitudot? HTTP/1.1" 200 18116
186.67.203.186 - - [09/Mar/2018:09:45:29 -0300] "GET /cormun/servlet/trsolicitudot? HTTP/1.1" 200 18116
186.103.161.206 - - [09/Mar/2018:09:45:32 -0300] "GET /cormun/servlet/solicitudot?INS,0,0, HTTP/1.1" 200 13512
192.168.10.96 - - [09/Mar/2018:09:45:32 -0300] "GET /cormun/servlet/vesolicitudgral?2018,9957,, HTTP/1.1" 200 9282
192.168.10.96 - - [09/Mar/2018:09:45:32 -0300] "GET /cormun/pexe_scrolldiv.js HTTP/1.1" 404 1009
192.168.10.96 - - [09/Mar/2018:09:45:32 -0300] "GET /cormun/static/tbsolicitudgral01.js?201813119422078 HTTP/1.1" 304 -
192.168.10.96 - - [09/Mar/2018:09:45:32 -0300] "GET /cormun/pexe_scrolldiv.js HTTP/1.1" 404 1009
186.103.161.206 - - [09/Mar/2018:09:45:32 -0300] "GET /cormun/servlet/solicitudot?INS,0,0, HTTP/1.1" 200 13517
192.168.10.96 - - [09/Mar/2018:09:45:32 -0300] "GET /cormun/servlet/vesolicitudgral?2018,9957,, HTTP/1.1" 200 9281
192.168.10.96 - - [09/Mar/2018:09:45:32 -0300] "GET /cormun/servlet/vesolicitudgral?2018,9957,, HTTP/1.1" 200 9281
192.168.10.96 - - [09/Mar/2018:09:45:33 -0300] "GET /cormun/pexe_scrolldiv.js HTTP/1.1" 404 1009
192.168.10.96 - - [09/Mar/2018:09:45:33 -0300] "GET /cormun/pexe_scrolldiv.js HTTP/1.1" 404 1009
192.168.10.96 - - [09/Mar/2018:09:45:33 -0300] "GET /cormun/servlet/vesolicitudgral?2018,9957,, HTTP/1.1" 200 9281
192.168.10.96 - - [09/Mar/2018:09:45:34 -0300] "GET /cormun/servlet/vesolicitudgral?2018,9957,,SolicitudOTLog HTTP/1.1" 200 9933
192.168.10.96 - - [09/Mar/2018:09:45:34 -0300] "GET /cormun/pexe_scrolldiv.js HTTP/1.1" 404 1009
192.168.10.96 - - [09/Mar/2018:09:45:34 -0300] "GET /cormun/static/tbsolicitudgral03.js?20177611585854 HTTP/1.1" 200 13342
192.168.10.96 - - [09/Mar/2018:09:45:34 -0300] "GET /cormun/static/Resources/PXToolsTabLastSelected.png HTTP/1.1" 200 1262
192.168.10.96 - - [09/Mar/2018:09:45:34 -0300] "GET /cormun/pexe_scrolldiv.js HTTP/1.1" 404 1009
192.168.10.96 - - [09/Mar/2018:09:45:35 -0300] "GET /cormun/servlet/vesolicitudgral?2018,9957,,SolicitudOTLog HTTP/1.1" 200 9934
192.168.10.96 - - [09/Mar/2018:09:45:36 -0300] "POST /cormun/servlet/acontrolpreferencessavestate?None,DZAMUDIO,true HTTP/1.1" 200 35
192.168.10.96 - - [09/Mar/2018:09:45:49 -0300] "GET /cormun/servlet/vesolicitudgral?2018,9957,,General HTTP/1.1" 200 9287
192.168.10.96 - - [09/Mar/2018:09:45:49 -0300] "GET /cormun/pexe_scrolldiv.js HTTP/1.1" 404 1009
192.168.10.96 - - [09/Mar/2018:09:45:49 -0300] "GET /cormun/pexe_scrolldiv.js HTTP/1.1" 404 1009
186.103.161.206 - - [09/Mar/2018:09:45:49 -0300] "POST /cormun/servlet/solicitudot?gx-no-cache=1520599500335 HTTP/1.1" 200 3352
192.168.10.96 - - [09/Mar/2018:09:45:49 -0300] "GET /cormun/servlet/vesolicitudgral?2018,9957,,General HTTP/1.1" 200 9286
186.103.161.206 - - [09/Mar/2018:09:45:50 -0300] "POST /cormun/servlet/solicitudot?5d74235bd5be8486b7905dda05b6df01,INS,0,0,,gx-no-cache=1520599501997 HTTP/1.1" 200 10513
186.103.161.206 - - [09/Mar/2018:09:45:54 -0300] "GET /cormun/servlet/solicitudot?42002d03490e3cdc61249b50ab449e0304b31c9ab07599463c87abbb27ce480bd0b4266129a6d651052ec86c0209739e,gx-no-cache=1520599506734 HTTP/1.1" 200 30
186.103.161.206 - - [09/Mar/2018:09:45:54 -0300] "GET /cormun/servlet/solicitudot?42002d03490e3cdc61249b50ab449e033ab2a6a54dc19179920c6b8622384f89,gx-no-cache=1520599506836 HTTP/1.1" 200 103
200.111.122.170 - - [09/Mar/2018:09:45:54 -0300] "GET /cormun/static/Shared/jqueryui/images/ui-icons_82798d_256x240.png HTTP/1.1" 404 1089
186.103.161.206 - - [09/Mar/2018:09:45:54 -0300] "GET /cormun/static/Shared/jqueryui/images/ui-bg_highlight-soft_100_c6c2c8_1x100.png HTTP/1.1" 404 1117
186.103.132.155 - - [09/Mar/2018:09:45:54 -0300] "GET /cormun/static/Shared/jqueryui/images/ui-bg_flat_55_994d53_40x100.png HTTP/1.1" 404 1097
200.111.122.170 - - [09/Mar/2018:09:45:54 -0300] "GET /cormun/servlet/solicitudot?42002d03490e3cdc61249b50ab449e030eb2b12af9d1e78c6703fc660b70df58,gx-no-cache=1520599506932 HTTP/1.1" 200 123
200.111.122.170 - - [09/Mar/2018:09:45:54 -0300] "POST /cormun/servlet/solicitudot?gx-no-cache=1520599507132 HTTP/1.1" 200 255
200.111.122.170 - - [09/Mar/2018:09:45:54 -0300] "GET /cormun/servlet/solicitudot?42002d03490e3cdc61249b50ab449e03de2c2d99bde5d1248cba02bf751733df6dacac116ea5609caa847ccf7100fca2794f6eb89c25c9720ca158edad5cf4e4e2e3c7723570339b8509fbcdb35efb560970ee8194be0df57e27a06e579add57bc28d77ce658e0c72a1c3b1e9e6fcebaca4c3a283b14b53f379ec596a06baba0a353ed8fbee9d21544077ab52cbddc9f47e872816b49f4e59e3c2b06d1a29152ba3b337357b516790641eb1857adf00ca99f31016c05b010eb1212da03a300365edbec9dd3fde14d644a3714eb678ce8c6bc1250e2886d563ddde27257f5ca3b940ab2572a948379adfa039c4938b1607c520d6e80489ca05c9607f02ea99668bc8e86521dc6328953a32ec7d54c2f321d741dd90ce462daaf04673afd79cf3054a0a7a8dab40c064929bf50709382a73ddc670223c48c90ee957f1f631330225bc2397b992e42ede924dd989107be14efc88762bc42fe052210e5d73614ad02229a851d7721f5ee2a8ec892283662ff15b1998b532e93f5cb4e55b82be28c75,gx-no-cache=1520599507240 HTTP/1.1" 200 30
186.103.161.206 - - [09/Mar/2018:09:45:54 -0300] "GET /cormun/static/Shared/jqueryui/images/ui-icons_ebccce_256x240.png HTTP/1.1" 404 1089
186.103.161.206 - - [09/Mar/2018:09:45:59 -0300] "POST /cormun/servlet/solicitudot?gx-no-cache=1520599510658 HTTP/1.1" 200 30
186.103.161.206 - - [09/Mar/2018:09:46:02 -0300] "GET /cormun/servlet/prcontratosol?9281012,,,,,MD,,gxPopupLevel%3D0%3B HTTP/1.1" 200 7971
200.111.122.170 - - [09/Mar/2018:09:46:02 -0300] "GET /cormun/static/gxcfg.js?201761413223964 HTTP/1.1" 200 953
186.103.161.206 - - [09/Mar/2018:09:46:02 -0300] "GET /cormun/static/prcontratosol.js?201761413224174 HTTP/1.1" 200 15806
186.103.161.206 - - [09/Mar/2018:09:46:03 -0300] "POST /cormun/servlet/acontrolpreferencessavestate?None,MSALGADO,true HTTP/1.1" 200 35
186.103.161.206 - - [09/Mar/2018:09:46:09 -0300] "POST /cormun/servlet/solicitudot?gx-no-cache=1520599521674 HTTP/1.1" 200 1337
186.103.161.206 - - [09/Mar/2018:09:46:10 -0300] "POST /cormun/servlet/solicitudot?gx-no-cache=1520599521790 HTTP/1.1" 200 38
186.103.161.206 - - [09/Mar/2018:09:46:12 -0300] "GET /cormun/servlet/solicitudot?42002d03490e3cdc61249b50ab449e03be3f7883b34c26c3ea4c202c5af59a9b2219cd222122875423599f42ad9220130fb70dc46bcc6baef80b64de3511cceba3b8c454ea87a4df1d2fdc9d94db2d0d01c89aae7453186a4be29452261394c7117e345341c1c3d38bb9bf2145185f8c733981acdda974097109cbad3df0690397311c72be23be0007e713e782c9c3cd3967232800a90fdfc414fb8e3476b1a5,gx-no-cache=1520599523095 HTTP/1.1" 200 29
186.103.161.206 - - [09/Mar/2018:09:46:13 -0300] "POST /cormun/servlet/solicitudot?gx-no-cache=1520599525582 HTTP/1.1" 200 1319
186.103.161.206 - - [09/Mar/2018:09:46:13 -0300] "POST /cormun/servlet/solicitudot?gx-no-cache=1520599525852 HTTP/1.1" 200 1219
186.103.161.206 - - [09/Mar/2018:09:46:15 -0300] "GET /cormun/servlet/solicitudot?42002d03490e3cdc61249b50ab449e030541fdcba9c768ae722fe6ee8f0426c5addfe9f63564bc7fc7f77494393e4369,gx-no-cache=1520599526450 HTTP/1.1" 200 134
186.103.161.206 - - [09/Mar/2018:09:46:19 -0300] "GET /cormun/static/menuarrow.gif HTTP/1.1" 404 1015
186.67.164.142 - - [09/Mar/2018:09:46:25 -0300] "POST /cormun/servlet/solicitudot?gx-no-cache=1520599535810 HTTP/1.1" 200 30
190.100.93.40 - - [09/Mar/2018:09:46:30 -0300] "GET /cormun/servlet/solicitudotadjuntos?INS,2018,10341,,1, HTTP/1.1" 200 6355
190.100.93.40 - - [09/Mar/2018:09:46:30 -0300] "GET /cormun/static/about:blank HTTP/1.1" 404 1011
190.100.93.40 - - [09/Mar/2018:09:46:30 -0300] "GET /cormun/servlet/solicitudotadjuntos?INS,2018,10341,,1, HTTP/1.1" 200 6348
186.79.5.199 - - [09/Mar/2018:09:46:30 -0300] "POST /cormun/servlet/trautorizarsolicitud?d977483929e9ca601ba5c89272509592,,gx-no-cache=1520599535733 HTTP/1.1" 200 4596
190.100.93.40 - - [09/Mar/2018:09:46:30 -0300] "GET /cormun/servlet/solicitudotadjuntos?0fc33ab8f93b046478ad5c01a6b97ac4daed553254f648fe84109cf98e348199f29261ecea902efc8114b9214c4f7fcf,gx-no-cache=1520599545113 HTTP/1.1" 200 30
186.79.5.199 - - [09/Mar/2018:09:46:31 -0300] "POST /cormun/servlet/trautorizarsolicitud?d977483929e9ca601ba5c89272509592,,gx-no-cache=1520599543003 HTTP/1.1" 200 4375
190.100.93.40 - - [09/Mar/2018:09:46:32 -0300] "POST /cormun/servlet/solicitudotadjuntos?50eeaf17eb99e967a28e6a57335f3130,INS,2018,10341,,1,,gx-no-cache=1520599545195 HTTP/1.1" 200 3986
190.100.93.40 - - [09/Mar/2018:09:46:35 -0300] "POST /cormun/servlet/solicitudotadjuntos?gx-no-cache=1520599549700 HTTP/1.1" 200 26
190.151.100.218 - - [09/Mar/2018:09:46:42 -0300] "GET /cormun/servlet/solicitudot?42002d03490e3cdc61249b50ab449e03818f6d775cc7ac0c59cb5ecb97feb539abb9f8b5559540fb7754501b39fe7e11,gx-no-cache=1520599554663 HTTP/1.1" 200 30
190.100.93.40 - - [09/Mar/2018:09:46:42 -0300] "GET /cormun/servlet/solicitudotadjuntos?0fc33ab8f93b046478ad5c01a6b97ac4ae790196b38acbfc8a7801be2576d97f,gx-no-cache=1520599556286 HTTP/1.1" 200 30
190.100.93.40 - - [09/Mar/2018:09:46:42 -0300] "GET /cormun/servlet/solicitudotadjuntos?0fc33ab8f93b046478ad5c01a6b97ac4ae790196b38acbfc8a7801be2576d97f,gx-no-cache=1520599556677 HTTP/1.1" 200 30
190.151.100.218 - - [09/Mar/2018:09:46:43 -0300] "POST /cormun/servlet/solicitudot?gx-no-cache=1520599554805 HTTP/1.1" 200 137
200.86.95.220 - - [09/Mar/2018:09:46:43 -0300] "GET /cormun/servlet/hlogin HTTP/1.1" 200 1716
190.100.93.40 - - [09/Mar/2018:09:47:07 -0300] "POST /cormun/servlet/solicitudotadjuntos?50eeaf17eb99e967a28e6a57335f3130,INS,2018,10341,,1, HTTP/1.1" 200 7274
186.67.164.142 - - [09/Mar/2018:09:47:08 -0300] "POST /cormun/servlet/solicitudot?e59afeb72c3559a79c1af23a940bcc61,INS,0,0,,gx-no-cache=1520599574108 HTTP/1.1" 200 93
186.67.164.142 - - [09/Mar/2018:09:47:08 -0300] "GET /cormun/servlet/hpexe_return? HTTP/1.1" 200 1011
186.67.164.142 - - [09/Mar/2018:09:47:08 -0300] "GET /cormun/static/gxcfg.js?2016101716175148 HTTP/1.1" 304 -
186.67.164.142 - - [09/Mar/2018:09:47:08 -0300] "GET /cormun/servlet/trsolicitudot HTTP/1.1" 200 9043
186.67.203.186 - - [09/Mar/2018:09:47:09 -0300] "POST /cormun/servlet/solicitudot?gx-no-cache=1520599580540 HTTP/1.1" 200 33
186.67.164.142 - - [09/Mar/2018:09:47:09 -0300] "GET /cormun/servlet/trsolicitudot HTTP/1.1" 200 9039
186.103.159.182 - - [09/Mar/2018:09:47:15 -0300] "POST /cormun/servlet/trcontratosolicitud?e25e6f784330fd7f31c804aa4e64915c,,gx-no-cache=1520599530824 HTTP/1.1" 200 12535
186.67.203.186 - - [09/Mar/2018:09:47:23 -0300] "POST /cormun/servlet/solicitudot?gx-no-cache=1520599595129 HTTP/1.1" 200 1318
186.67.203.186 - - [09/Mar/2018:09:47:23 -0300] "POST /cormun/servlet/solicitudot?gx-no-cache=1520599595764 HTTP/1.1" 200 1219
186.67.203.186 - - [09/Mar/2018:09:47:23 -0300] "GET /cormun/servlet/solicitudot?42002d03490e3cdc61249b50ab449e03818f6d775cc7ac0c59cb5ecb97feb539abb9f8b5559540fb7754501b39fe7e11,gx-no-cache=1520599596381 HTTP/1.1" 200 30
186.67.203.186 - - [09/Mar/2018:09:47:23 -0300] "POST /cormun/servlet/solicitudot?gx-no-cache=1520599596465 HTTP/1.1" 200 33
186.67.203.186 - - [09/Mar/2018:09:47:25 -0300] "POST /cormun/servlet/solicitudot?5d74235bd5be8486b7905dda05b6df01,INS,0,0,,gx-no-cache=1520599596577 HTTP/1.1" 200 11971
186.67.164.142 - - [09/Mar/2018:09:47:30 -0300] "POST /cormun/servlet/trsolicitudot?e59afeb72c3559a79c1af23a940bcc61,gx-no-cache=1520599600312 HTTP/1.1" 200 107
186.67.164.142 - - [09/Mar/2018:09:47:30 -0300] "GET /cormun/servlet/trsolicitudadjuntos?2018,10344, HTTP/1.1" 200 6074
186.67.164.142 - - [09/Mar/2018:09:47:30 -0300] "GET /cormun/static/gxcfg.js?20177612135366 HTTP/1.1" 200 953
186.67.164.142 - - [09/Mar/2018:09:47:31 -0300] "GET /cormun/static/trsolicitudadjuntos.js?20177612135632 HTTP/1.1" 200 17922
186.67.164.142 - - [09/Mar/2018:09:47:31 -0300] "GET /cormun/servlet/trsolicitudadjuntos?2018,10344, HTTP/1.1" 200 6074
186.67.164.142 - - [09/Mar/2018:09:47:33 -0300] "GET /cormun/servlet/solicitudotadjuntos?INS,2018,10344,,1, HTTP/1.1" 200 6018
186.67.164.142 - - [09/Mar/2018:09:47:33 -0300] "GET /cormun/static/gxcfg.js?2017761244068 HTTP/1.1" 304 -
186.67.164.142 - - [09/Mar/2018:09:47:34 -0300] "GET /cormun/static/about:blank HTTP/1.1" 404 1011
190.100.93.40 - - [09/Mar/2018:09:47:34 -0300] "POST /cormun/servlet/solicitudotadjuntos?50eeaf17eb99e967a28e6a57335f3130,INS,2018,10341,,1, HTTP/1.1" 200 116
190.100.93.40 - - [09/Mar/2018:09:47:34 -0300] "GET /cormun/servlet/hpexe_return? HTTP/1.1" 200 1020
186.67.164.142 - - [09/Mar/2018:09:47:34 -0300] "GET /cormun/servlet/solicitudotadjuntos?INS,2018,10344,,1, HTTP/1.1" 200 6011
190.100.93.40 - - [09/Mar/2018:09:47:34 -0300] "GET /cormun/servlet/trsolicitudadjuntos?2018,10341, HTTP/1.1" 200 9739
186.67.164.142 - - [09/Mar/2018:09:47:34 -0300] "GET /cormun/servlet/solicitudotadjuntos?187ddd1148b68d9426eac6443751a407e3d8e6511d9110aace7435fa82ce49f13f1dbc202e773154f0f77e2763112ef9,gx-no-cache=1520599605625 HTTP/1.1" 200 30
186.67.164.142 - - [09/Mar/2018:09:47:35 -0300] "POST /cormun/servlet/solicitudotadjuntos?e59afeb72c3559a79c1af23a940bcc61,INS,2018,10344,,1,,gx-no-cache=1520599605755 HTTP/1.1" 200 3812
190.100.93.40 - - [09/Mar/2018:09:47:35 -0300] "GET /cormun/servlet/trsolicitudadjuntos?2018,10341, HTTP/1.1" 200 9737
186.67.164.142 - - [09/Mar/2018:09:47:39 -0300] "POST /cormun/servlet/solicitudotadjuntos?gx-no-cache=1520599610238 HTTP/1.1" 200 26
192.168.10.96 - - [09/Mar/2018:09:48:06 -0300] "GET /cormun/servlet/trsolicitudgral? HTTP/1.1" 200 10561
192.168.10.96 - - [09/Mar/2018:09:48:06 -0300] "GET /cormun/static/gxcfg.js?201813119461163 HTTP/1.1" 304 -
192.168.10.96 - - [09/Mar/2018:09:48:06 -0300] "GET /cormun/servlet/trsolicitudgral? HTTP/1.1" 200 10559
186.67.164.142 - - [09/Mar/2018:09:48:07 -0300] "GET /cormun/servlet/solicitudotadjuntos?187ddd1148b68d9426eac6443751a407dae3f4334971fcc78ed2ac88d03b6a67,gx-no-cache=1520599638029 HTTP/1.1" 200 30
186.67.164.142 - - [09/Mar/2018:09:48:07 -0300] "GET /cormun/servlet/solicitudotadjuntos?187ddd1148b68d9426eac6443751a407dae3f4334971fcc78ed2ac88d03b6a67,gx-no-cache=1520599638180 HTTP/1.1" 200 30
192.168.10.96 - - [09/Mar/2018:09:48:13 -0300] "POST /cormun/servlet/trsolicitudgral?08d48f5bf22c3019facad26e01479a9c,,gx-no-cache=1520599531304 HTTP/1.1" 200 5934
192.168.10.96 - - [09/Mar/2018:09:48:15 -0300] "POST /cormun/servlet/trsolicitudgral?08d48f5bf22c3019facad26e01479a9c,,gx-no-cache=1520599533902 HTTP/1.1" 200 7312
186.67.164.142 - - [09/Mar/2018:09:48:18 -0300] "POST /cormun/servlet/solicitudotadjuntos?e59afeb72c3559a79c1af23a940bcc61,INS,2018,10344,,1, HTTP/1.1" 200 6297
186.67.164.142 - - [09/Mar/2018:09:48:18 -0300] "GET /cormun/static/Shared/jqueryui/images/ui-icons_82798d_256x240.png HTTP/1.1" 404 1089
186.67.164.142 - - [09/Mar/2018:09:48:18 -0300] "GET /cormun/static/Shared/jqueryui/images/ui-bg_flat_55_994d53_40x100.png HTTP/1.1" 404 1097
186.67.164.142 - - [09/Mar/2018:09:48:18 -0300] "GET /cormun/static/Shared/jqueryui/images/ui-icons_ebccce_256x240.png HTTP/1.1" 404 1089
192.168.10.96 - - [09/Mar/2018:09:48:19 -0300] "POST /cormun/servlet/trsolicitudgral?08d48f5bf22c3019facad26e01479a9c,,gx-no-cache=1520599537470 HTTP/1.1" 200 9187
186.67.164.142 - - [09/Mar/2018:09:48:21 -0300] "GET /cormun/static/Shared/jqueryui/images/ui-bg_highlight-soft_100_c6c2c8_1x100.png HTTP/1.1" 404 1117
186.67.164.142 - - [09/Mar/2018:09:48:22 -0300] "GET /cormun/PrivateTempStorage/upload_00007574.jpg HTTP/1.1" 200 224304
186.67.203.186 - - [09/Mar/2018:09:48:26 -0300] "POST /cormun/servlet/solicitudot?gx-no-cache=1520599657275 HTTP/1.1" 200 3390
186.67.203.186 - - [09/Mar/2018:09:48:29 -0300] "POST /cormun/servlet/solicitudot?5d74235bd5be8486b7905dda05b6df01,INS,0,0,,gx-no-cache=1520599659204 HTTP/1.1" 200 11791
192.168.10.96 - - [09/Mar/2018:09:48:36 -0300] "POST /cormun/servlet/trsolicitudgral?08d48f5bf22c3019facad26e01479a9c,,gx-no-cache=1520599554440 HTTP/1.1" 200 5949
186.67.164.142 - - [09/Mar/2018:09:48:38 -0300] "GET /cormun/servlet/solicitudotadjuntos?187ddd1148b68d9426eac6443751a40756c1b15bc342239ad9bdd2e0c9e2e917cfd69c26755dd1814340fba3adc2936c,gx-no-cache=1520599666779 HTTP/1.1" 200 30
186.67.203.186 - - [09/Mar/2018:09:48:41 -0300] "GET /cormun/servlet/solicitudot?42002d03490e3cdc61249b50ab449e0391aba103edcd9907f75b3845f1d58cef0f90561794e0e6d0721167169836dc27,gx-no-cache=1520599671133 HTTP/1.1" 200 30
192.168.10.96 - - [09/Mar/2018:09:48:42 -0300] "POST /cormun/servlet/trsolicitudgral?08d48f5bf22c3019facad26e01479a9c,,gx-no-cache=1520599560918 HTTP/1.1" 200 5950
192.168.10.96 - - [09/Mar/2018:09:48:45 -0300] "POST /cormun/servlet/trsolicitudgral?08d48f5bf22c3019facad26e01479a9c,,gx-no-cache=1520599563957 HTTP/1.1" 200 5949
186.67.203.186 - - [09/Mar/2018:09:48:49 -0300] "GET /cormun/servlet/solicitudot?42002d03490e3cdc61249b50ab449e03ee63abb4dce0bf4ad1a0f2c6718dac8db6e472c1a5fc18881013a82eeab1e64509d88a305b7c5335baaa1df0c69dd711,gx-no-cache=1520599673930 HTTP/1.1" 200 30
186.67.203.186 - - [09/Mar/2018:09:48:49 -0300] "GET /cormun/servlet/solicitudot?42002d03490e3cdc61249b50ab449e030eb2b12af9d1e78c6703fc660b70df58,gx-no-cache=1520599682113 HTTP/1.1" 200 123
192.168.10.96 - - [09/Mar/2018:09:48:52 -0300] "POST /cormun/servlet/trsolicitudgral?08d48f5bf22c3019facad26e01479a9c,,gx-no-cache=1520599570550 HTTP/1.1" 200 5946
192.168.10.96 - - [09/Mar/2018:09:48:55 -0300] "POST /cormun/servlet/trsolicitudgral?08d48f5bf22c3019facad26e01479a9c,,gx-no-cache=1520599573319 HTTP/1.1" 200 5948
186.67.164.142 - - [09/Mar/2018:09:49:14 -0300] "POST /cormun/servlet/solicitudotadjuntos?e59afeb72c3559a79c1af23a940bcc61,INS,2018,10344,,1, HTTP/1.1" 200 6745
192.168.10.96 - - [09/Mar/2018:09:49:16 -0300] "POST /cormun/servlet/trsolicitudgral?08d48f5bf22c3019facad26e01479a9c,,gx-no-cache=1520599594078 HTTP/1.1" 200 5933
186.67.164.142 - - [09/Mar/2018:09:49:18 -0300] "GET /cormun/static/Resources/blank.jpg HTTP/1.1" 200 631
186.103.132.155 - - [09/Mar/2018:09:50:04 -0300] "POST /cormun/servlet/solicitudot?gx-no-cache=1520599756496 HTTP/1.1" 200 3398
186.103.132.155 - - [09/Mar/2018:09:50:05 -0300] "POST /cormun/servlet/solicitudot?5d74235bd5be8486b7905dda05b6df01,INS,0,0,,gx-no-cache=1520599757214 HTTP/1.1" 200 11826
186.103.132.155 - - [09/Mar/2018:09:50:10 -0300] "GET /cormun/servlet/solicitudot?42002d03490e3cdc61249b50ab449e03cea6a847879d6d56847d390481f953560f90561794e0e6d0721167169836dc27,gx-no-cache=1520599762773 HTTP/1.1" 200 30
192.168.10.50 - - [09/Mar/2018:09:50:10 -0300] "POST /cormun/servlet/trsolicitudgral?ce049adf1501c0d489570ce6ebc8646f,,gx-no-cache=1520599648966 HTTP/1.1" 200 5918
186.103.132.155 - - [09/Mar/2018:09:50:10 -0300] "GET /cormun/servlet/solicitudot?42002d03490e3cdc61249b50ab449e03aa5d297d0ffe8e601fce29ac7cc24fe6817a26a59c40e342aeab74a74d9dfd7b,gx-no-cache=1520599763447 HTTP/1.1" 200 30
186.103.132.155 - - [09/Mar/2018:09:50:13 -0300] "GET /cormun/servlet/prbanco?,MD,,gxPopupLevel%3D0%3B HTTP/1.1" 200 6489
192.168.10.50 - - [09/Mar/2018:09:50:24 -0300] "POST /cormun/servlet/trsolicitudgral?ce049adf1501c0d489570ce6ebc8646f,,gx-no-cache=1520599662335 HTTP/1.1" 200 5920
192.168.10.50 - - [09/Mar/2018:09:50:26 -0300] "POST /cormun/servlet/trsolicitudgral?ce049adf1501c0d489570ce6ebc8646f,,gx-no-cache=1520599665046 HTTP/1.1" 200 5919
186.103.132.155 - - [09/Mar/2018:09:50:28 -0300] "GET /cormun/servlet/solicitudot?42002d03490e3cdc61249b50ab449e037c2f8c6ba62a7cce3b37be6f8bf08fda,gx-no-cache=1520599781293 HTTP/1.1" 200 51
186.79.5.199 - - [09/Mar/2018:09:50:31 -0300] "GET /cormun/PrivateTempStorage/upload_00007451.pdf HTTP/1.1" 200 16384
186.103.132.155 - - [09/Mar/2018:09:50:40 -0300] "POST /cormun/servlet/solicitudot?gx-no-cache=1520599792785 HTTP/1.1" 200 256
186.103.132.155 - - [09/Mar/2018:09:50:41 -0300] "GET /cormun/servlet/solicitudot?42002d03490e3cdc61249b50ab449e03de2c2d99bde5d1248cba02bf751733df1b40e8f70ee0828becc9fe6f59ed7f4c794f6eb89c25c9720ca158edad5cf4e4e2e3c7723570339b8509fbcdb35efb560970ee8194be0df57e27a06e579add57bc28d77ce658e0c72a1c3b1e9e6fcebaca4c3a283b14b53f379ec596a06baba0a353ed8fbee9d21544077ab52cbddc9f47e872816b49f4e59e3c2b06d1a29152ba3b337357b516790641eb1857adf00ca99f31016c05b010eb1212da03a300365edbec9dd3fde14d644a3714eb678ce8c6bc1250e2886d563ddde27257f5ca3b940ab2572a948379adfa039c4938b1607c520d6e80489ca05c9607f02ea99668bc8e86521dc6328953a32ec7d54c2f321bbca7f9fe30599e3fde170d6196a1b3f124b2e45956ced3abbb3037a1938088502cb695254de5535dda80aa3b5be2c62f8345d4176c2d1a04b1e95750da4959c95f8dab481c58baa09a020e980cda643310b58e8b3dbbee54df04daf84e0d3b22ee21c6366e401c93afcd6e820f0b10,gx-no-cache=1520599792872 HTTP/1.1" 200 30
186.67.164.142 - - [09/Mar/2018:09:50:57 -0300] "POST /cormun/servlet/solicitudotadjuntos?gx-no-cache=1520599808204 HTTP/1.1" 200 26
200.72.197.82 - - [09/Mar/2018:09:51:02 -0300] "POST /cormun/servlet/solicitudot?gx-no-cache=1520599814922 HTTP/1.1" 200 30
186.67.164.142 - - [09/Mar/2018:09:51:03 -0300] "GET /cormun/servlet/solicitudotadjuntos?187ddd1148b68d9426eac6443751a407dae3f4334971fcc78ed2ac88d03b6a67,gx-no-cache=1520599813993 HTTP/1.1" 200 30
186.67.164.142 - - [09/Mar/2018:09:51:03 -0300] "GET /cormun/servlet/solicitudotadjuntos?187ddd1148b68d9426eac6443751a407dae3f4334971fcc78ed2ac88d03b6a67,gx-no-cache=1520599814357 HTTP/1.1" 200 30
200.72.197.82 - - [09/Mar/2018:09:51:06 -0300] "POST /cormun/servlet/solicitudot?gx-no-cache=1520599818437 HTTP/1.1" 200 1335
200.72.197.82 - - [09/Mar/2018:09:51:06 -0300] "POST /cormun/servlet/solicitudot?gx-no-cache=1520599819155 HTTP/1.1" 200 41
186.67.164.142 - - [09/Mar/2018:09:51:06 -0300] "POST /cormun/servlet/solicitudotadjuntos?e59afeb72c3559a79c1af23a940bcc61,INS,2018,10344,,1, HTTP/1.1" 200 6564
192.168.10.50 - - [09/Mar/2018:09:51:08 -0300] "POST /cormun/servlet/trsolicitudgral?ce049adf1501c0d489570ce6ebc8646f,,gx-no-cache=1520599706086 HTTP/1.1" 200 5919
186.67.164.142 - - [09/Mar/2018:09:51:09 -0300] "GET /cormun/PrivateTempStorage/upload_00007593.jpg HTTP/1.1" 200 60634
186.67.164.142 - - [09/Mar/2018:09:51:23 -0300] "POST /cormun/servlet/solicitudotadjuntos?e59afeb72c3559a79c1af23a940bcc61,INS,2018,10344,,1, HTTP/1.1" 200 116
186.67.164.142 - - [09/Mar/2018:09:51:25 -0300] "GET /cormun/servlet/hpexe_return? HTTP/1.1" 200 1031
186.67.164.142 - - [09/Mar/2018:09:51:25 -0300] "GET /cormun/servlet/trsolicitudadjuntos?2018,10344, HTTP/1.1" 200 6077
186.67.164.142 - - [09/Mar/2018:09:51:27 -0300] "GET /cormun/servlet/trsolicitudadjuntos?2018,10344, HTTP/1.1" 200 6074
186.67.164.142 - - [09/Mar/2018:09:51:31 -0300] "GET /cormun/servlet/solicitudotadjuntos?INS,2018,10344,,1, HTTP/1.1" 200 6019
186.67.164.142 - - [09/Mar/2018:09:51:32 -0300] "GET /cormun/static/about:blank HTTP/1.1" 404 1011
186.67.164.142 - - [09/Mar/2018:09:51:32 -0300] "GET /cormun/servlet/solicitudotadjuntos?INS,2018,10344,,1, HTTP/1.1" 200 6013
186.67.164.142 - - [09/Mar/2018:09:51:33 -0300] "GET /cormun/servlet/solicitudotadjuntos?187ddd1148b68d9426eac6443751a407e3d8e6511d9110aace7435fa82ce49f13f1dbc202e773154f0f77e2763112ef9,gx-no-cache=1520599843516 HTTP/1.1" 200 30
186.67.164.142 - - [09/Mar/2018:09:51:33 -0300] "POST /cormun/servlet/solicitudotadjuntos?e59afeb72c3559a79c1af23a940bcc61,INS,2018,10344,,1,,gx-no-cache=1520599843908 HTTP/1.1" 200 3813
190.100.93.40 - - [09/Mar/2018:09:51:38 -0300] "GET /cormun/servlet/solicitudotadjuntos?INS,2018,10341,,1, HTTP/1.1" 200 6356
186.67.164.142 - - [09/Mar/2018:09:51:38 -0300] "POST /cormun/servlet/solicitudotadjuntos?e59afeb72c3559a79c1af23a940bcc61,INS,2018,10344,,1,,gx-no-cache=1520599849099 HTTP/1.1" 200 93
190.100.93.40 - - [09/Mar/2018:09:51:38 -0300] "GET /cormun/static/about:blank HTTP/1.1" 404 1011
186.67.164.142 - - [09/Mar/2018:09:51:39 -0300] "GET /cormun/servlet/hpexe_return? HTTP/1.1" 200 1031
190.100.93.40 - - [09/Mar/2018:09:51:39 -0300] "GET /cormun/servlet/solicitudotadjuntos?INS,2018,10341,,1, HTTP/1.1" 200 6349
186.67.164.142 - - [09/Mar/2018:09:51:39 -0300] "GET /cormun/servlet/trsolicitudadjuntos?2018,10344, HTTP/1.1" 200 6077
190.100.93.40 - - [09/Mar/2018:09:51:39 -0300] "GET /cormun/servlet/solicitudotadjuntos?0fc33ab8f93b046478ad5c01a6b97ac4daed553254f648fe84109cf98e348199f29261ecea902efc8114b9214c4f7fcf,gx-no-cache=1520599853896 HTTP/1.1" 200 30
186.67.164.142 - - [09/Mar/2018:09:51:39 -0300] "GET /cormun/servlet/trsolicitudadjuntos?2018,10344, HTTP/1.1" 200 6074
190.100.93.40 - - [09/Mar/2018:09:51:40 -0300] "POST /cormun/servlet/solicitudotadjuntos?50eeaf17eb99e967a28e6a57335f3130,INS,2018,10341,,1,,gx-no-cache=1520599853988 HTTP/1.1" 200 3985
190.100.93.40 - - [09/Mar/2018:09:51:43 -0300] "POST /cormun/servlet/solicitudotadjuntos?gx-no-cache=1520599857241 HTTP/1.1" 200 26
186.67.164.142 - - [09/Mar/2018:09:51:45 -0300] "POST /cormun/servlet/trsolicitudadjuntos?e59afeb72c3559a79c1af23a940bcc61,2018,10344,,gx-no-cache=1520599853403 HTTP/1.1" 200 90
186.67.164.142 - - [09/Mar/2018:09:51:45 -0300] "GET /cormun/servlet/hpexe_link HTTP/1.1" 200 973
186.67.164.142 - - [09/Mar/2018:09:51:45 -0300] "GET /cormun/servlet/trsolicitudot HTTP/1.1" 200 9041
186.67.164.142 - - [09/Mar/2018:09:51:46 -0300] "GET /cormun/servlet/trsolicitudot HTTP/1.1" 200 9039
190.100.93.40 - - [09/Mar/2018:09:51:49 -0300] "GET /cormun/servlet/solicitudotadjuntos?0fc33ab8f93b046478ad5c01a6b97ac4ae790196b38acbfc8a7801be2576d97f,gx-no-cache=1520599863170 HTTP/1.1" 200 30
190.100.93.40 - - [09/Mar/2018:09:51:50 -0300] "GET /cormun/servlet/solicitudotadjuntos?0fc33ab8f93b046478ad5c01a6b97ac4ae790196b38acbfc8a7801be2576d97f,gx-no-cache=1520599863551 HTTP/1.1" 200 30
190.100.93.40 - - [09/Mar/2018:09:51:54 -0300] "POST /cormun/servlet/solicitudotadjuntos?50eeaf17eb99e967a28e6a57335f3130,INS,2018,10341,,1, HTTP/1.1" 200 116
190.100.93.40 - - [09/Mar/2018:09:51:54 -0300] "GET /cormun/servlet/hpexe_return? HTTP/1.1" 200 1020
200.72.197.82 - - [09/Mar/2018:09:51:54 -0300] "POST /cormun/servlet/solicitudot?gx-no-cache=1520599866463 HTTP/1.1" 200 255
200.72.197.82 - - [09/Mar/2018:09:51:54 -0300] "GET /cormun/servlet/solicitudot?42002d03490e3cdc61249b50ab449e03de2c2d99bde5d1248cba02bf751733df1b40e8f70ee0828becc9fe6f59ed7f4c794f6eb89c25c9720ca158edad5cf4e4e2e3c7723570339b8509fbcdb35efb560970ee8194be0df57e27a06e579add57bc28d77ce658e0c72a1c3b1e9e6fcebaca4c3a283b14b53f379ec596a06baba0a353ed8fbee9d21544077ab52cbddc9f47e872816b49f4e59e3c2b06d1a29152ba3b337357b516790641eb1857adf00ca99f31016c05b010eb1212da03a300365edbec9dd3fde14d644a3714eb678ce8c6bc1250e2886d563ddde27257f5ca3b940ab2572a948379adfa039c4938b1607c520d6e80489ca05c9607f02ea99668bc8e86521dc6328953a32ec7d54c2f321bbca7f9fe30599e3fde170d6196a1b3f124b2e45956ced3abbb3037a1938088502cb695254de5535dda80aa3b5be2c62f8345d4176c2d1a04b1e95750da4959c95f8dab481c58baa09a020e980cda643310b58e8b3dbbee54df04daf84e0d3b22ee21c6366e401c93afcd6e820f0b10,gx-no-cache=1520599867071 HTTP/1.1" 200 30
200.72.197.82 - - [09/Mar/2018:09:51:54 -0300] "POST /cormun/servlet/solicitudot?gx-no-cache=1520599867388 HTTP/1.1" 200 30
190.100.93.40 - - [09/Mar/2018:09:51:54 -0300] "GET /cormun/servlet/trsolicitudadjuntos?2018,10341, HTTP/1.1" 200 10055
200.72.197.82 - - [09/Mar/2018:09:51:55 -0300] "POST /cormun/servlet/solicitudot?gx-no-cache=1520599867482 HTTP/1.1" 200 1336
190.100.93.40 - - [09/Mar/2018:09:51:55 -0300] "GET /cormun/servlet/trsolicitudadjuntos?2018,10341, HTTP/1.1" 200 10053
200.72.197.82 - - [09/Mar/2018:09:51:56 -0300] "POST /cormun/servlet/solicitudot?gx-no-cache=1520599868606 HTTP/1.1" 200 41
200.72.197.82 - - [09/Mar/2018:09:51:56 -0300] "POST /cormun/servlet/solicitudot?gx-no-cache=1520599868690 HTTP/1.1" 200 1318
200.72.197.82 - - [09/Mar/2018:09:51:56 -0300] "POST /cormun/servlet/solicitudot?gx-no-cache=1520599869340 HTTP/1.1" 200 1218
190.100.93.40 - - [09/Mar/2018:09:51:58 -0300] "GET /cormun/servlet/trsolicitudot? HTTP/1.1" 200 9447
190.100.93.40 - - [09/Mar/2018:09:51:59 -0300] "GET /cormun/servlet/trsolicitudot? HTTP/1.1" 200 9441
186.67.164.142 - - [09/Mar/2018:09:52:04 -0300] "POST /cormun/servlet/trsolicitudot?e59afeb72c3559a79c1af23a940bcc61,gx-no-cache=1520599874476 HTTP/1.1" 200 107
186.67.164.142 - - [09/Mar/2018:09:52:04 -0300] "GET /cormun/servlet/trsolicitudadjuntos?2018,10344, HTTP/1.1" 200 6074
186.67.164.142 - - [09/Mar/2018:09:52:04 -0300] "GET /cormun/servlet/trsolicitudadjuntos?2018,10344, HTTP/1.1" 200 6074
186.67.164.142 - - [09/Mar/2018:09:52:12 -0300] "GET /cormun/servlet/solicitudotadjuntos?INS,2018,10344,,1, HTTP/1.1" 200 6019
186.67.164.142 - - [09/Mar/2018:09:52:12 -0300] "GET /cormun/static/about:blank HTTP/1.1" 404 1011
186.67.164.142 - - [09/Mar/2018:09:52:13 -0300] "GET /cormun/servlet/solicitudotadjuntos?INS,2018,10344,,1, HTTP/1.1" 200 6013
186.67.164.142 - - [09/Mar/2018:09:52:13 -0300] "GET /cormun/servlet/solicitudotadjuntos?187ddd1148b68d9426eac6443751a407e3d8e6511d9110aace7435fa82ce49f13f1dbc202e773154f0f77e2763112ef9,gx-no-cache=1520599884355 HTTP/1.1" 200 30
186.67.164.142 - - [09/Mar/2018:09:52:14 -0300] "POST /cormun/servlet/solicitudotadjuntos?e59afeb72c3559a79c1af23a940bcc61,INS,2018,10344,,1,,gx-no-cache=1520599884746 HTTP/1.1" 200 3813
186.67.164.142 - - [09/Mar/2018:09:52:19 -0300] "POST /cormun/servlet/solicitudotadjuntos?gx-no-cache=1520599889974 HTTP/1.1" 200 26
186.67.164.142 - - [09/Mar/2018:09:52:30 -0300] "GET /cormun/servlet/solicitudotadjuntos?187ddd1148b68d9426eac6443751a407dae3f4334971fcc78ed2ac88d03b6a67,gx-no-cache=1520599898067 HTTP/1.1" 200 30
186.67.164.142 - - [09/Mar/2018:09:52:30 -0300] "GET /cormun/servlet/solicitudotadjuntos?187ddd1148b68d9426eac6443751a407dae3f4334971fcc78ed2ac88d03b6a67,gx-no-cache=1520599900842 HTTP/1.1" 200 30
186.67.164.142 - - [09/Mar/2018:09:52:36 -0300] "POST /cormun/servlet/solicitudotadjuntos?e59afeb72c3559a79c1af23a940bcc61,INS,2018,10344,,1, HTTP/1.1" 200 6296
186.67.164.142 - - [09/Mar/2018:09:52:36 -0300] "GET /cormun/static/Shared/jqueryui/images/ui-bg_highlight-soft_100_c6c2c8_1x100.png HTTP/1.1" 404 1117
186.67.164.142 - - [09/Mar/2018:09:52:36 -0300] "GET /cormun/static/Shared/jqueryui/images/ui-bg_flat_55_994d53_40x100.png HTTP/1.1" 404 1097
186.67.164.142 - - [09/Mar/2018:09:52:36 -0300] "GET /cormun/static/Shared/jqueryui/images/ui-icons_ebccce_256x240.png HTTP/1.1" 404 1089
186.67.164.142 - - [09/Mar/2018:09:52:36 -0300] "GET /cormun/static/Shared/jqueryui/images/ui-icons_82798d_256x240.png HTTP/1.1" 404 1089
186.67.164.142 - - [09/Mar/2018:09:52:37 -0300] "GET /cormun/PrivateTempStorage/upload_00007628.jpg HTTP/1.1" 200 224304
152.231.70.146 - - [09/Mar/2018:09:52:58 -0300] "GET /cormun/servlet/trlicenciaspermisosadjuntos?15105573,20180301000000,L, HTTP/1.1" 200 6967
152.231.70.146 - - [09/Mar/2018:09:52:58 -0300] "GET /cormun/servlet/trlicenciaspermisosadjuntos?15105573,20180301000000,L, HTTP/1.1" 200 6965
186.103.196.90 - - [09/Mar/2018:09:53:00 -0300] "GET /cormun/PublicTempStorage/img3894042187.jpg HTTP/1.1" 200 1767757
186.67.164.142 - - [09/Mar/2018:09:53:07 -0300] "POST /cormun/servlet/solicitudotadjuntos?e59afeb72c3559a79c1af23a940bcc61,INS,2018,10344,,1, HTTP/1.1" 200 116
186.67.164.142 - - [09/Mar/2018:09:53:07 -0300] "GET /cormun/servlet/hpexe_return? HTTP/1.1" 200 1031
186.67.164.142 - - [09/Mar/2018:09:53:07 -0300] "GET /cormun/servlet/trsolicitudadjuntos?2018,10344, HTTP/1.1" 200 6077
186.67.164.142 - - [09/Mar/2018:09:53:08 -0300] "GET /cormun/servlet/trsolicitudadjuntos?2018,10344, HTTP/1.1" 200 6074
186.67.164.142 - - [09/Mar/2018:09:53:13 -0300] "GET /cormun/servlet/solicitudotadjuntos?INS,2018,10344,,1, HTTP/1.1" 200 6019
186.67.164.142 - - [09/Mar/2018:09:53:13 -0300] "GET /cormun/static/about:blank HTTP/1.1" 404 1011
186.67.164.142 - - [09/Mar/2018:09:53:14 -0300] "GET /cormun/servlet/solicitudotadjuntos?INS,2018,10344,,1, HTTP/1.1" 200 6013
186.67.164.142 - - [09/Mar/2018:09:53:14 -0300] "GET /cormun/servlet/solicitudotadjuntos?187ddd1148b68d9426eac6443751a407e3d8e6511d9110aace7435fa82ce49f13f1dbc202e773154f0f77e2763112ef9,gx-no-cache=1520599945220 HTTP/1.1" 200 30
186.67.164.142 - - [09/Mar/2018:09:53:15 -0300] "POST /cormun/servlet/solicitudotadjuntos?e59afeb72c3559a79c1af23a940bcc61,INS,2018,10344,,1,,gx-no-cache=1520599945295 HTTP/1.1" 200 3813
190.100.93.40 - - [09/Mar/2018:09:53:21 -0300] "POST /cormun/servlet/trsolicitudot?50eeaf17eb99e967a28e6a57335f3130,,gx-no-cache=1520599954480 HTTP/1.1" 200 5911
190.100.93.40 - - [09/Mar/2018:09:53:21 -0300] "GET /cormun/static/Shared/jqueryui/images/ui-icons_82798d_256x240.png HTTP/1.1" 404 1089
190.100.93.40 - - [09/Mar/2018:09:53:21 -0300] "GET /cormun/static/Shared/jqueryui/images/ui-bg_flat_55_fafafa_40x100.png HTTP/1.1" 404 1097
190.100.93.40 - - [09/Mar/2018:09:53:21 -0300] "GET /cormun/static/Shared/jqueryui/images/ui-icons_8d78a5_256x240.png HTTP/1.1" 404 1089
190.100.93.40 - - [09/Mar/2018:09:53:22 -0300] "GET /cormun/static/Shared/jqueryui/images/ui-bg_highlight-soft_100_c6c2c8_1x100.png HTTP/1.1" 404 1117
190.100.93.40 - - [09/Mar/2018:09:53:22 -0300] "POST /cormun/servlet/trsolicitudot?50eeaf17eb99e967a28e6a57335f3130,,gx-no-cache=1520599955541 HTTP/1.1" 200 5855
190.100.93.40 - - [09/Mar/2018:09:53:25 -0300] "POST /cormun/servlet/trsolicitudot?50eeaf17eb99e967a28e6a57335f3130,,gx-no-cache=1520599958600 HTTP/1.1" 200 4701
190.100.93.40 - - [09/Mar/2018:09:53:25 -0300] "POST /cormun/servlet/trsolicitudot?50eeaf17eb99e967a28e6a57335f3130,,gx-no-cache=1520599959427 HTTP/1.1" 200 4469
186.67.164.142 - - [09/Mar/2018:09:53:26 -0300] "POST /cormun/servlet/solicitudotadjuntos?gx-no-cache=1520599956631 HTTP/1.1" 200 26
190.100.93.40 - - [09/Mar/2018:09:53:28 -0300] "GET /cormun/servlet/trautorizarsolicitud? HTTP/1.1" 200 9336
190.100.93.40 - - [09/Mar/2018:09:53:28 -0300] "GET /cormun/servlet/trautorizarsolicitud? HTTP/1.1" 200 9336
190.100.93.40 - - [09/Mar/2018:09:53:34 -0300] "POST /cormun/servlet/trautorizarsolicitud?50eeaf17eb99e967a28e6a57335f3130,,gx-no-cache=1520599965830 HTTP/1.1" 200 5826
190.100.93.40 - - [09/Mar/2018:09:53:34 -0300] "GET /cormun/static/Shared/jqueryui/images/ui-bg_highlight-soft_100_c6c2c8_1x100.png HTTP/1.1" 404 1117
190.100.93.40 - - [09/Mar/2018:09:53:34 -0300] "GET /cormun/static/Shared/jqueryui/images/ui-bg_flat_55_fafafa_40x100.png HTTP/1.1" 404 1097
186.67.164.142 - - [09/Mar/2018:09:53:35 -0300] "GET /cormun/servlet/solicitudotadjuntos?187ddd1148b68d9426eac6443751a407dae3f4334971fcc78ed2ac88d03b6a67,gx-no-cache=1520599965927 HTTP/1.1" 200 30
190.100.93.40 - - [09/Mar/2018:09:53:35 -0300] "GET /cormun/static/Shared/jqueryui/images/ui-icons_8d78a5_256x240.png HTTP/1.1" 404 1089
190.100.93.40 - - [09/Mar/2018:09:53:35 -0300] "POST /cormun/servlet/trautorizarsolicitud?50eeaf17eb99e967a28e6a57335f3130,,gx-no-cache=1520599968531 HTTP/1.1" 200 5772
190.100.93.40 - - [09/Mar/2018:09:53:36 -0300] "GET /cormun/static/Shared/jqueryui/images/ui-icons_82798d_256x240.png HTTP/1.1" 404 1089
186.67.164.142 - - [09/Mar/2018:09:53:37 -0300] "GET /cormun/servlet/solicitudotadjuntos?187ddd1148b68d9426eac6443751a407dae3f4334971fcc78ed2ac88d03b6a67,gx-no-cache=1520599965992 HTTP/1.1" 200 30
186.67.164.142 - - [09/Mar/2018:09:53:40 -0300] "POST /cormun/servlet/solicitudotadjuntos?e59afeb72c3559a79c1af23a940bcc61,INS,2018,10344,,1, HTTP/1.1" 200 6293
186.67.164.142 - - [09/Mar/2018:09:53:41 -0300] "GET /cormun/static/Shared/jqueryui/images/ui-bg_flat_55_994d53_40x100.png HTTP/1.1" 404 1097
186.67.164.142 - - [09/Mar/2018:09:53:41 -0300] "GET /cormun/static/Shared/jqueryui/images/ui-icons_ebccce_256x240.png HTTP/1.1" 404 1089
186.67.164.142 - - [09/Mar/2018:09:53:41 -0300] "GET /cormun/static/Shared/jqueryui/images/ui-icons_82798d_256x240.png HTTP/1.1" 404 1089
186.67.164.142 - - [09/Mar/2018:09:53:41 -0300] "GET /cormun/PrivateTempStorage/upload_00007652.jpg HTTP/1.1" 200 60634
186.67.164.142 - - [09/Mar/2018:09:53:41 -0300] "GET /cormun/static/Shared/jqueryui/images/ui-bg_highlight-soft_100_c6c2c8_1x100.png HTTP/1.1" 404 1117
190.100.93.40 - - [09/Mar/2018:09:53:44 -0300] "POST /cormun/servlet/trautorizarsolicitud?50eeaf17eb99e967a28e6a57335f3130,,gx-no-cache=1520599971991 HTTP/1.1" 200 4620
190.100.93.40 - - [09/Mar/2018:09:53:47 -0300] "POST /cormun/servlet/trautorizarsolicitud?50eeaf17eb99e967a28e6a57335f3130,,gx-no-cache=1520599978646 HTTP/1.1" 200 4389
186.67.164.142 - - [09/Mar/2018:09:53:48 -0300] "GET /cormun/servlet/solicitudotadjuntos?187ddd1148b68d9426eac6443751a40756c1b15bc342239ad9bdd2e0c9e2e917cfd69c26755dd1814340fba3adc2936c,gx-no-cache=1520599979084 HTTP/1.1" 200 30
186.67.164.142 - - [09/Mar/2018:09:53:52 -0300] "POST /cormun/servlet/solicitudotadjuntos?e59afeb72c3559a79c1af23a940bcc61,INS,2018,10344,,1, HTTP/1.1" 200 6294
186.67.164.142 - - [09/Mar/2018:09:53:52 -0300] "GET /cormun/PrivateTempStorage/upload_00007664.jpg HTTP/1.1" 200 60634
186.67.203.186 - - [09/Mar/2018:09:53:56 -0300] "GET /cormun/servlet/trautorizarsolicitud? HTTP/1.1" 200 7191
186.67.203.186 - - [09/Mar/2018:09:53:57 -0300] "GET /cormun/servlet/trautorizarsolicitud? HTTP/1.1" 200 7185
186.67.164.142 - - [09/Mar/2018:09:54:00 -0300] "GET /cormun/servlet/solicitudotadjuntos?187ddd1148b68d9426eac6443751a40756c1b15bc342239ad9bdd2e0c9e2e917cfd69c26755dd1814340fba3adc2936c,gx-no-cache=1520599991110 HTTP/1.1" 200 30
186.67.164.142 - - [09/Mar/2018:09:54:02 -0300] "POST /cormun/servlet/solicitudotadjuntos?e59afeb72c3559a79c1af23a940bcc61,INS,2018,10344,,1, HTTP/1.1" 200 6293
186.67.164.142 - - [09/Mar/2018:09:54:03 -0300] "GET /cormun/PrivateTempStorage/upload_00007676.jpg HTTP/1.1" 200 60634
186.67.203.186 - - [09/Mar/2018:09:54:03 -0300] "GET /cormun/static/menuarrow.gif HTTP/1.1" 404 1015
186.103.196.84 - - [09/Mar/2018:09:54:04 -0300] "GET /cormun/servlet/trlicencias? HTTP/1.1" 200 8676
186.103.196.84 - - [09/Mar/2018:09:54:05 -0300] "GET /cormun/servlet/trlicencias? HTTP/1.1" 200 8675
186.67.203.186 - - [09/Mar/2018:09:54:08 -0300] "POST /cormun/servlet/trautorizarsolicitud?5d74235bd5be8486b7905dda05b6df01,,gx-no-cache=1520600000654 HTTP/1.1" 200 4415
186.103.196.90 - - [09/Mar/2018:09:54:11 -0300] "GET /cormun/servlet/licenciaspermisos?DSP,15105573,L,20180301000000, HTTP/1.1" 200 7327
186.103.196.90 - - [09/Mar/2018:09:54:11 -0300] "GET /cormun/servlet/licenciaspermisos?DSP,15105573,L,20180301000000, HTTP/1.1" 200 7326
186.67.203.186 - - [09/Mar/2018:09:54:11 -0300] "GET /cormun/servlet/trsolicitudot? HTTP/1.1" 200 18124
186.67.203.186 - - [09/Mar/2018:09:54:12 -0300] "GET /cormun/servlet/trsolicitudot? HTTP/1.1" 200 18123
186.67.164.142 - - [09/Mar/2018:09:54:13 -0300] "POST /cormun/servlet/solicitudotadjuntos?e59afeb72c3559a79c1af23a940bcc61,INS,2018,10344,,1, HTTP/1.1" 200 114
186.67.164.142 - - [09/Mar/2018:09:54:13 -0300] "GET /cormun/servlet/hpexe_link HTTP/1.1" 200 985
