152.231.70.146 - - [09/Mar/2018:10:45:59 -0300] "GET /cormun/servlet/solicitudotadjuntos?bac20ea41d6e783602ccb1e09a8bdddfc4f4427591c4120cdb48f8463a2145a185703d7198a6a47069fd2c07fe469514,gx-no-cache=1520603109197 HTTP/1.1" 200 30
152.231.70.146 - - [09/Mar/2018:10:46:00 -0300] "POST /cormun/servlet/solicitudotadjuntos?a70dc856a18f0c164c4ad5f39e883014,INS,2018,10349,,1,,gx-no-cache=1520603109298 HTTP/1.1" 200 4006
186.67.172.234 - - [09/Mar/2018:10:46:00 -0300] "POST /cormun/servlet/solicitudot?c340b640f937ba6d577a86f89f7db436,INS,0,0,,gx-no-cache=1520603109831 HTTP/1.1" 200 93
186.67.172.234 - - [09/Mar/2018:10:46:00 -0300] "GET /cormun/servlet/hpexe_return? HTTP/1.1" 200 1005
186.67.172.234 - - [09/Mar/2018:10:46:00 -0300] "GET /cormun/servlet/trsolicitudot HTTP/1.1" 200 9618
186.67.172.234 - - [09/Mar/2018:10:46:01 -0300] "GET /cormun/servlet/trsolicitudot HTTP/1.1" 200 9614
152.231.70.146 - - [09/Mar/2018:10:46:03 -0300] "POST /cormun/servlet/solicitudotadjuntos?gx-no-cache=1520603112585 HTTP/1.1" 200 26
186.67.172.234 - - [09/Mar/2018:10:46:03 -0300] "GET /cormun/servlet/solicitudot?INS,0,0, HTTP/1.1" 200 13663
186.67.172.234 - - [09/Mar/2018:10:46:04 -0300] "GET /cormun/servlet/solicitudot?INS,0,0, HTTP/1.1" 200 13668
152.231.70.146 - - [09/Mar/2018:10:46:16 -0300] "GET /cormun/servlet/solicitudotadjuntos?bac20ea41d6e783602ccb1e09a8bdddf508e68cef39decf232c01f309fe5ff6b,gx-no-cache=1520603125210 HTTP/1.1" 200 30
152.231.70.146 - - [09/Mar/2018:10:46:16 -0300] "GET /cormun/servlet/solicitudotadjuntos?bac20ea41d6e783602ccb1e09a8bdddf508e68cef39decf232c01f309fe5ff6b,gx-no-cache=1520603126489 HTTP/1.1" 200 30
200.86.99.60 - - [09/Mar/2018:10:46:23 -0300] "POST /cormun/servlet/trvisualizadoreventos?ffcda1d7799a8a4b888092426804c5e4,,gx-no-cache=1520603133347 HTTP/1.1" 200 5069
152.231.70.146 - - [09/Mar/2018:10:46:28 -0300] "POST /cormun/servlet/solicitudotadjuntos?a70dc856a18f0c164c4ad5f39e883014,INS,2018,10349,,1, HTTP/1.1" 200 116
152.231.70.146 - - [09/Mar/2018:10:46:29 -0300] "GET /cormun/servlet/hpexe_return? HTTP/1.1" 200 1022
152.231.70.146 - - [09/Mar/2018:10:46:29 -0300] "GET /cormun/servlet/trsolicitudadjuntos?2018,10349, HTTP/1.1" 200 8717
152.231.70.146 - - [09/Mar/2018:10:46:30 -0300] "GET /cormun/servlet/trsolicitudadjuntos?2018,10349, HTTP/1.1" 200 8710
200.86.99.60 - - [09/Mar/2018:10:46:42 -0300] "GET /cormun/servlet/trvisualizadoreventos? HTTP/1.1" 200 7767
200.86.99.60 - - [09/Mar/2018:10:46:43 -0300] "GET /cormun/servlet/trvisualizadoreventos? HTTP/1.1" 200 7767
200.86.99.60 - - [09/Mar/2018:10:47:04 -0300] "POST /cormun/servlet/trvisualizadoreventos?ffcda1d7799a8a4b888092426804c5e4,,gx-no-cache=1520603174441 HTTP/1.1" 200 5174
186.103.159.182 - - [09/Mar/2018:10:47:14 -0300] "GET /cormun/servlet/hlogin HTTP/1.1" 200 1712
186.103.159.182 - - [09/Mar/2018:10:47:18 -0300] "POST /cormun/servlet/hlogin?cccc230fee2aa2cfa52370b99d13e2b2,gx-no-cache=1520603134643 HTTP/1.1" 200 90
186.103.159.182 - - [09/Mar/2018:10:47:19 -0300] "GET /cormun/servlet/hpexe_link HTTP/1.1" 200 944
186.103.159.182 - - [09/Mar/2018:10:47:19 -0300] "GET /cormun/servlet/hhome HTTP/1.1" 200 4251
186.103.159.182 - - [09/Mar/2018:10:47:20 -0300] "GET /cormun/servlet/hhome HTTP/1.1" 200 4247
192.168.10.50 - - [09/Mar/2018:10:47:32 -0300] "POST /cormun/servlet/trsolicitudgral?ce049adf1501c0d489570ce6ebc8646f,gx-no-cache=1520603090764 HTTP/1.1" 200 12751
192.168.10.50 - - [09/Mar/2018:10:47:34 -0300] "POST /cormun/servlet/trsolicitudgral?ce049adf1501c0d489570ce6ebc8646f,gx-no-cache=1520603092484 HTTP/1.1" 200 105
192.168.10.50 - - [09/Mar/2018:10:47:34 -0300] "POST /cormun/servlet/trsolicitudgral?ce049adf1501c0d489570ce6ebc8646f,gx-no-cache=1520603092644 HTTP/1.1" 200 12734
192.168.10.50 - - [09/Mar/2018:10:47:34 -0300] "GET /cormun/SolicitudGral-4461.xls HTTP/1.1" 200 11776
200.86.99.60 - - [09/Mar/2018:10:47:40 -0300] "POST /cormun/servlet/trvisualizadoreventos?ffcda1d7799a8a4b888092426804c5e4,,gx-no-cache=1520603209774 HTTP/1.1" 200 4507
186.67.172.234 - - [09/Mar/2018:10:47:40 -0300] "POST /cormun/servlet/solicitudot?gx-no-cache=1520603208272 HTTP/1.1" 200 3410
186.67.172.234 - - [09/Mar/2018:10:47:41 -0300] "POST /cormun/servlet/solicitudot?c340b640f937ba6d577a86f89f7db436,INS,0,0,,gx-no-cache=1520603210661 HTTP/1.1" 200 10579
200.86.99.60 - - [09/Mar/2018:10:47:46 -0300] "GET /cormun/servlet/trcontratosolicitud? HTTP/1.1" 200 11033
186.67.172.234 - - [09/Mar/2018:10:47:46 -0300] "GET /cormun/servlet/solicitudot?3abb2657770c52243adc589623df79a34b78cc2c6866ee6d3c156798e1a2d747cf0921535704d697dbf7b6daad32ac69,gx-no-cache=1520603216158 HTTP/1.1" 200 30
186.67.172.234 - - [09/Mar/2018:10:47:46 -0300] "GET /cormun/servlet/solicitudot?3abb2657770c52243adc589623df79a3abaff13cbd6f6fb8ecadfe7daccb2eebe234bf021dbdf260516015cd6bfe2ec0cf0921535704d697dbf7b6daad32ac69,gx-no-cache=1520603216503 HTTP/1.1" 200 30
186.67.172.234 - - [09/Mar/2018:10:47:46 -0300] "GET /cormun/servlet/solicitudot?3abb2657770c52243adc589623df79a3c84cd54d0fd4faf312ce5baa59505ab7,gx-no-cache=1520603216571 HTTP/1.1" 200 53
186.67.172.234 - - [09/Mar/2018:10:47:47 -0300] "POST /cormun/servlet/solicitudot?gx-no-cache=1520603216637 HTTP/1.1" 200 255
186.67.172.234 - - [09/Mar/2018:10:47:47 -0300] "GET /cormun/servlet/solicitudot?3abb2657770c52243adc589623df79a3d13330b85936ba231459ccacc312c37098500427c2f300d9dd2e44608794324d04048ca8900d35c2a752367d843cc7ccac7dc24f4a6bebfc1e1add263e1949d89ca9e293247783ee7ecaf9aaef10c6e5c85b0fdd78e4557ccd9c1680d6b8fe5c13ef49737a75b72071f96d4524d5351ba493f4cfb64e91a5e35273dac0f3cbffdfc31dbbe49dcdf7fb8fa2ae7827593e965c74c05749cacd6c6de59718698889aa0f474530a3dd7ed272e5ba0e82804ad2fe7a781619b30563f2d523ae29e1908432ce19765b8f5be3f99d35d817af272e300c2a93fabc8e63611672ac2d4ec40b4c3f69be14ddb4d66d29f31afce3283770466bd9c5c38a529595d96b524b1cac9afb72432e097fb2ded791c365888bd056b5b91f219cc520667eef88bd36c2b9e24c70da214d76f15a613b14ceace7da87ae3dd246563ab280cfdf799ceba5c4d0ff98f9c82038d4a893e327b6718dc9401234924e1e270a6f1d274a8af98755941eabf24371158dc9cc9c9ce14eef,gx-no-cache=1520603217290 HTTP/1.1" 200 30
200.86.99.60 - - [09/Mar/2018:10:47:47 -0300] "GET /cormun/servlet/trcontratosolicitud? HTTP/1.1" 200 11066
186.67.172.234 - - [09/Mar/2018:10:47:49 -0300] "POST /cormun/servlet/solicitudot?gx-no-cache=1520603219460 HTTP/1.1" 200 30
186.67.172.234 - - [09/Mar/2018:10:47:52 -0300] "GET /cormun/servlet/prcontratosol?15113366,,,,,MD,,gxPopupLevel%3D0%3B HTTP/1.1" 200 8634
186.67.172.234 - - [09/Mar/2018:10:48:00 -0300] "POST /cormun/servlet/solicitudot?gx-no-cache=1520603229693 HTTP/1.1" 200 1336
186.67.172.234 - - [09/Mar/2018:10:48:00 -0300] "POST /cormun/servlet/solicitudot?gx-no-cache=1520603230414 HTTP/1.1" 200 38
186.67.172.234 - - [09/Mar/2018:10:48:00 -0300] "GET /cormun/servlet/solicitudot?3abb2657770c52243adc589623df79a34d72e0d81c3ca657c7b6054679eccc60c51dfb1ebda5c76c6be160a810128aadacc0015362b352f3971d491355ad1d7680f31a367d4d4db1a2e374e6012d1167041619704f956c3e838923b58e25011c4ba4f301270bb90f330225cb805cefab23e9788bf542a6ebb1a9c460b0e6ce4dce5c1b19b812c386c25db813dedce3449ee5d0dfe7b725dfa7b69b3c0f379bc2fe156bb2c5d4743a70bbefa20d03d9af494b97763c41bf1bd5b4501edc24021e998b506faadf077f8b5969bc58d6f8f4,gx-no-cache=1520603230486 HTTP/1.1" 200 29
186.67.172.234 - - [09/Mar/2018:10:48:01 -0300] "POST /cormun/servlet/solicitudot?gx-no-cache=1520603230554 HTTP/1.1" 200 1318
186.67.172.234 - - [09/Mar/2018:10:48:01 -0300] "POST /cormun/servlet/solicitudot?gx-no-cache=1520603231096 HTTP/1.1" 200 1218
186.67.172.234 - - [09/Mar/2018:10:48:01 -0300] "GET /cormun/servlet/solicitudot?3abb2657770c52243adc589623df79a3472090600c8cb653d2eec6796060a2eb7ffc4848d1d9b30bf6425b3c8f39815f,gx-no-cache=1520603231221 HTTP/1.1" 200 30
186.103.159.182 - - [09/Mar/2018:10:48:07 -0300] "GET /cormun/servlet/trcontratosolicitud? HTTP/1.1" 200 14893
186.103.159.182 - - [09/Mar/2018:10:48:09 -0300] "GET /cormun/servlet/trcontratosolicitud? HTTP/1.1" 200 14890
186.67.172.234 - - [09/Mar/2018:10:48:13 -0300] "GET /cormun/servlet/solicitudot?3abb2657770c52243adc589623df79a34d72e0d81c3ca657c7b6054679eccc60c51dfb1ebda5c76c6be160a810128aade566566673af1b884245825ecc67d3c680f31a367d4d4db1a2e374e6012d1167041619704f956c3e838923b58e25011c4ba4f301270bb90f330225cb805cefab23e9788bf542a6ebb1a9c460b0e6ce4dce5c1b19b812c386c25db813dedce3449ee5d0dfe7b725dfa7b69b3c0f379bc2fe156bb2c5d4743a70bbefa20d03d9af494b97763c41bf1bd5b4501edc24021e998b506faadf077f8b5969bc58d6f8f4,gx-no-cache=1520603243733 HTTP/1.1" 200 29
186.103.159.182 - - [09/Mar/2018:10:48:14 -0300] "POST /cormun/servlet/acontrolpreferencessavestate?None,SGONGORA,true HTTP/1.1" 200 35
186.67.172.234 - - [09/Mar/2018:10:48:17 -0300] "POST /cormun/servlet/solicitudot?gx-no-cache=1520603246375 HTTP/1.1" 200 1319
186.67.172.234 - - [09/Mar/2018:10:48:17 -0300] "POST /cormun/servlet/solicitudot?gx-no-cache=1520603246965 HTTP/1.1" 200 1218
186.67.172.234 - - [09/Mar/2018:10:48:22 -0300] "POST /cormun/servlet/solicitudot?gx-no-cache=1520603247491 HTTP/1.1" 200 33
186.103.159.182 - - [09/Mar/2018:10:48:55 -0300] "GET /cormun/servlet/trcontratounov2? HTTP/1.1" 200 18053
200.86.99.60 - - [09/Mar/2018:10:48:57 -0300] "GET /cormun/servlet/trautorizarsolicitud? HTTP/1.1" 200 7253
186.103.159.182 - - [09/Mar/2018:10:48:57 -0300] "GET /cormun/servlet/trcontratounov2? HTTP/1.1" 200 18048
200.86.99.60 - - [09/Mar/2018:10:48:58 -0300] "GET /cormun/servlet/trautorizarsolicitud? HTTP/1.1" 200 7253
186.67.172.234 - - [09/Mar/2018:10:49:25 -0300] "POST /cormun/servlet/solicitudot?c340b640f937ba6d577a86f89f7db436,INS,0,0,,gx-no-cache=1520603307593 HTTP/1.1" 200 93
186.67.172.234 - - [09/Mar/2018:10:49:25 -0300] "GET /cormun/servlet/hpexe_return? HTTP/1.1" 200 1005
186.67.172.234 - - [09/Mar/2018:10:49:25 -0300] "GET /cormun/servlet/trsolicitudot HTTP/1.1" 200 9978
186.67.172.234 - - [09/Mar/2018:10:49:26 -0300] "GET /cormun/servlet/trsolicitudot HTTP/1.1" 200 9974
186.103.159.182 - - [09/Mar/2018:10:49:33 -0300] "GET /cormun/servlet/trcontratoobservaciondir? HTTP/1.1" 200 6444
186.103.159.182 - - [09/Mar/2018:10:49:34 -0300] "GET /cormun/servlet/trcontratoobservaciondir? HTTP/1.1" 200 6443
186.103.159.182 - - [09/Mar/2018:10:49:50 -0300] "POST /cormun/servlet/acontrolpreferencessavestate?None,SGONGORA,true HTTP/1.1" 200 35
186.103.159.182 - - [09/Mar/2018:10:49:55 -0300] "GET /cormun/servlet/trsolicitudot? HTTP/1.1" 200 9367
186.103.159.182 - - [09/Mar/2018:10:49:57 -0300] "GET /cormun/servlet/trsolicitudot? HTTP/1.1" 200 9367
186.67.172.234 - - [09/Mar/2018:10:50:23 -0300] "POST /cormun/servlet/trsolicitudot?c340b640f937ba6d577a86f89f7db436,gx-no-cache=1520603370994 HTTP/1.1" 200 6732
186.67.172.234 - - [09/Mar/2018:10:50:23 -0300] "GET /cormun/static/Shared/jqueryui/images/ui-bg_highlight-soft_100_c6c2c8_1x100.png HTTP/1.1" 404 1117
186.67.172.234 - - [09/Mar/2018:10:50:23 -0300] "GET /cormun/static/Shared/jqueryui/images/ui-bg_flat_55_fafafa_40x100.png HTTP/1.1" 404 1097
186.67.172.234 - - [09/Mar/2018:10:50:23 -0300] "GET /cormun/static/Shared/jqueryui/images/ui-icons_8d78a5_256x240.png HTTP/1.1" 404 1089
186.67.172.234 - - [09/Mar/2018:10:50:24 -0300] "POST /cormun/servlet/trsolicitudot?c340b640f937ba6d577a86f89f7db436,gx-no-cache=1520603373260 HTTP/1.1" 200 6675
186.67.172.234 - - [09/Mar/2018:10:50:24 -0300] "GET /cormun/static/Shared/jqueryui/images/ui-icons_82798d_256x240.png HTTP/1.1" 404 1089
186.103.159.182 - - [09/Mar/2018:10:50:25 -0300] "POST /cormun/servlet/trsolicitudot?cccc230fee2aa2cfa52370b99d13e2b2,,gx-no-cache=1520603321271 HTTP/1.1" 200 6115
186.67.172.234 - - [09/Mar/2018:10:50:26 -0300] "POST /cormun/servlet/trsolicitudot?c340b640f937ba6d577a86f89f7db436,gx-no-cache=1520603375463 HTTP/1.1" 200 6338
186.67.172.234 - - [09/Mar/2018:10:50:27 -0300] "POST /cormun/servlet/trsolicitudot?c340b640f937ba6d577a86f89f7db436,gx-no-cache=1520603376874 HTTP/1.1" 200 6280
186.103.159.182 - - [09/Mar/2018:10:50:27 -0300] "POST /cormun/servlet/trsolicitudot?cccc230fee2aa2cfa52370b99d13e2b2,,gx-no-cache=1520603322286 HTTP/1.1" 200 6096
186.67.172.234 - - [09/Mar/2018:10:50:30 -0300] "POST /cormun/servlet/trsolicitudot?c340b640f937ba6d577a86f89f7db436,gx-no-cache=1520603379470 HTTP/1.1" 200 5926
186.67.172.234 - - [09/Mar/2018:10:50:31 -0300] "POST /cormun/servlet/trsolicitudot?c340b640f937ba6d577a86f89f7db436,gx-no-cache=1520603380863 HTTP/1.1" 200 5871
186.103.159.182 - - [09/Mar/2018:10:50:33 -0300] "POST /cormun/servlet/trsolicitudot?cccc230fee2aa2cfa52370b99d13e2b2,,gx-no-cache=1520603329267 HTTP/1.1" 200 5862
186.103.159.182 - - [09/Mar/2018:10:50:33 -0300] "GET /cormun/static/Shared/jqueryui/images/ui-bg_highlight-soft_100_c6c2c8_1x100.png HTTP/1.1" 404 1117
186.103.159.182 - - [09/Mar/2018:10:50:33 -0300] "GET /cormun/static/Shared/jqueryui/images/ui-icons_82798d_256x240.png HTTP/1.1" 404 1089
186.103.159.182 - - [09/Mar/2018:10:50:33 -0300] "GET /cormun/static/Shared/jqueryui/images/ui-bg_flat_55_fafafa_40x100.png HTTP/1.1" 404 1097
186.103.159.182 - - [09/Mar/2018:10:50:33 -0300] "GET /cormun/static/Shared/jqueryui/images/ui-icons_8d78a5_256x240.png HTTP/1.1" 404 1089
186.103.159.182 - - [09/Mar/2018:10:50:34 -0300] "POST /cormun/servlet/trsolicitudot?cccc230fee2aa2cfa52370b99d13e2b2,,gx-no-cache=1520603330092 HTTP/1.1" 200 5804
186.67.172.234 - - [09/Mar/2018:10:50:35 -0300] "POST /cormun/servlet/trsolicitudot?c340b640f937ba6d577a86f89f7db436,gx-no-cache=1520603384222 HTTP/1.1" 200 4690
186.67.172.234 - - [09/Mar/2018:10:50:36 -0300] "POST /cormun/servlet/trsolicitudot?c340b640f937ba6d577a86f89f7db436,gx-no-cache=1520603384994 HTTP/1.1" 200 4452
186.103.159.182 - - [09/Mar/2018:10:50:37 -0300] "POST /cormun/servlet/trsolicitudot?cccc230fee2aa2cfa52370b99d13e2b2,,gx-no-cache=1520603333057 HTTP/1.1" 200 4656
186.103.159.182 - - [09/Mar/2018:10:50:37 -0300] "POST /cormun/servlet/trsolicitudot?cccc230fee2aa2cfa52370b99d13e2b2,,gx-no-cache=1520603334000 HTTP/1.1" 200 4448
186.67.172.234 - - [09/Mar/2018:10:50:41 -0300] "GET /cormun/servlet/trautorizarsolicitud? HTTP/1.1" 200 10678
186.67.172.234 - - [09/Mar/2018:10:50:41 -0300] "GET /cormun/servlet/trautorizarsolicitud? HTTP/1.1" 200 10678
186.67.172.234 - - [09/Mar/2018:10:50:48 -0300] "POST /cormun/servlet/trautorizarsolicitud?c340b640f937ba6d577a86f89f7db436,,gx-no-cache=1520603397339 HTTP/1.1" 200 7436
186.67.172.234 - - [09/Mar/2018:10:50:48 -0300] "GET /cormun/static/Shared/jqueryui/images/ui-bg_highlight-soft_100_c6c2c8_1x100.png HTTP/1.1" 404 1117
186.67.172.234 - - [09/Mar/2018:10:50:48 -0300] "GET /cormun/static/Shared/jqueryui/images/ui-bg_flat_55_fafafa_40x100.png HTTP/1.1" 404 1097
186.67.172.234 - - [09/Mar/2018:10:50:48 -0300] "GET /cormun/static/Shared/jqueryui/images/ui-icons_8d78a5_256x240.png HTTP/1.1" 404 1089
186.67.172.234 - - [09/Mar/2018:10:50:48 -0300] "GET /cormun/static/Shared/jqueryui/images/ui-icons_82798d_256x240.png HTTP/1.1" 404 1089
186.67.172.234 - - [09/Mar/2018:10:50:51 -0300] "POST /cormun/servlet/trautorizarsolicitud?c340b640f937ba6d577a86f89f7db436,,gx-no-cache=1520603398346 HTTP/1.1" 200 7381
186.67.172.234 - - [09/Mar/2018:10:50:53 -0300] "POST /cormun/servlet/trautorizarsolicitud?c340b640f937ba6d577a86f89f7db436,,gx-no-cache=1520603402720 HTTP/1.1" 200 7057
186.67.172.234 - - [09/Mar/2018:10:50:56 -0300] "POST /cormun/servlet/trautorizarsolicitud?c340b640f937ba6d577a86f89f7db436,,gx-no-cache=1520603403619 HTTP/1.1" 200 7002
186.67.172.234 - - [09/Mar/2018:10:51:01 -0300] "POST /cormun/servlet/trautorizarsolicitud?c340b640f937ba6d577a86f89f7db436,,gx-no-cache=1520603410983 HTTP/1.1" 200 6693
186.67.172.234 - - [09/Mar/2018:10:51:03 -0300] "POST /cormun/servlet/trautorizarsolicitud?c340b640f937ba6d577a86f89f7db436,,gx-no-cache=1520603411864 HTTP/1.1" 200 6638
186.67.172.234 - - [09/Mar/2018:10:51:07 -0300] "POST /cormun/servlet/trautorizarsolicitud?c340b640f937ba6d577a86f89f7db436,,gx-no-cache=1520603416927 HTTP/1.1" 200 6156
186.67.172.234 - - [09/Mar/2018:10:51:07 -0300] "POST /cormun/servlet/trautorizarsolicitud?c340b640f937ba6d577a86f89f7db436,,gx-no-cache=1520603417228 HTTP/1.1" 200 6099
186.103.159.182 - - [09/Mar/2018:10:51:08 -0300] "GET /cormun/static/menuarrow.gif HTTP/1.1" 404 1015
186.103.157.246 - - [09/Mar/2018:10:51:14 -0300] "GET /cormun/servlet/hlogin HTTP/1.1" 200 1708
186.103.157.246 - - [09/Mar/2018:10:51:15 -0300] "GET /cormun/static/gxtimezone.js?85251 HTTP/1.1" 304 -
186.103.157.246 - - [09/Mar/2018:10:51:15 -0300] "GET /cormun/static/gxgral.js?85251 HTTP/1.1" 304 -
186.103.157.246 - - [09/Mar/2018:10:51:15 -0300] "GET /cormun/static/messages.spa.js?85251 HTTP/1.1" 304 -
186.103.157.246 - - [09/Mar/2018:10:51:15 -0300] "GET /cormun/static/gxcfg.js?20175251213516 HTTP/1.1" 304 -
186.103.157.246 - - [09/Mar/2018:10:51:15 -0300] "GET /cormun/static/Resources/Spanish/PXTools.css?11423723 HTTP/1.1" 304 -
186.103.157.246 - - [09/Mar/2018:10:51:16 -0300] "GET /cormun/static/Resources/ComunLogin.png HTTP/1.1" 304 -
186.103.157.246 - - [09/Mar/2018:10:51:16 -0300] "GET /cormun/static/Resources/PXToolsButtonRight21.png HTTP/1.1" 304 -
186.103.157.246 - - [09/Mar/2018:10:51:16 -0300] "GET /cormun/static/Resources/PXToolsButtonBackground2.png HTTP/1.1" 304 -
186.103.157.246 - - [09/Mar/2018:10:51:16 -0300] "GET /cormun/static/Resources/PXToolsButtonLeft21.png HTTP/1.1" 304 -
186.103.157.246 - - [09/Mar/2018:10:51:16 -0300] "GET /cormun/static/Resources/PXToolsLoginTop.png HTTP/1.1" 304 -
186.103.157.246 - - [09/Mar/2018:10:51:16 -0300] "GET /cormun/static/Resources/PXToolsLoginBottom.png HTTP/1.1" 304 -
186.103.157.246 - - [09/Mar/2018:10:51:16 -0300] "GET /cormun/static/Resources/PXToolsLoginBackground.png HTTP/1.1" 304 -
186.103.157.246 - - [09/Mar/2018:10:51:18 -0300] "GET /cormun/static/hlogin.js?20175251213537 HTTP/1.1" 304 -
186.103.157.246 - - [09/Mar/2018:10:51:19 -0300] "GET /cormun/static/Resources/indicator.gif HTTP/1.1" 304 -
186.103.157.246 - - [09/Mar/2018:10:51:26 -0300] "GET /cormun/servlet/hlogin HTTP/1.1" 200 1723
186.103.157.246 - - [09/Mar/2018:10:51:26 -0300] "GET /cormun/static/Resources/Spanish/PXTools.css?11423723 HTTP/1.1" 200 89042
186.103.157.246 - - [09/Mar/2018:10:51:27 -0300] "GET /cormun/static/gxcfg.js?20175251213516 HTTP/1.1" 200 953
186.103.157.246 - - [09/Mar/2018:10:51:27 -0300] "GET /cormun/static/gxtimezone.js?85251 HTTP/1.1" 200 5781
186.103.157.246 - - [09/Mar/2018:10:51:28 -0300] "GET /cormun/static/messages.spa.js?85251 HTTP/1.1" 200 30736
186.103.157.246 - - [09/Mar/2018:10:51:28 -0300] "GET /cormun/static/hlogin.js?20175251213537 HTTP/1.1" 200 2136
186.103.157.246 - - [09/Mar/2018:10:51:28 -0300] "GET /cormun/static/Resources/ComunLogin.png HTTP/1.1" 200 17326
186.103.157.246 - - [09/Mar/2018:10:51:31 -0300] "GET /cormun/static/gxgral.js?85251 HTTP/1.1" 200 384558
186.103.157.246 - - [09/Mar/2018:10:51:32 -0300] "GET /cormun/static/Resources/PXToolsLoginBottom.png HTTP/1.1" 200 1389
186.103.157.246 - - [09/Mar/2018:10:51:32 -0300] "GET /cormun/static/Resources/PXToolsButtonLeft21.png HTTP/1.1" 200 1287
186.103.157.246 - - [09/Mar/2018:10:51:32 -0300] "GET /cormun/static/Resources/PXToolsButtonRight21.png HTTP/1.1" 200 1283
186.103.157.246 - - [09/Mar/2018:10:51:32 -0300] "GET /cormun/static/Resources/PXToolsButtonBackground2.png HTTP/1.1" 200 1181
186.103.157.246 - - [09/Mar/2018:10:51:32 -0300] "GET /cormun/static/Resources/PXToolsLoginTop.png HTTP/1.1" 200 1337
186.103.157.246 - - [09/Mar/2018:10:51:32 -0300] "GET /cormun/servlet/hlogin HTTP/1.1" 200 1733
186.103.157.246 - - [09/Mar/2018:10:51:33 -0300] "GET /cormun/static/Resources/PXToolsLoginBackground.png HTTP/1.1" 200 1164
186.103.157.246 - - [09/Mar/2018:10:51:33 -0300] "GET /cormun/static/Resources/indicator.gif HTTP/1.1" 200 1553
186.103.157.246 - - [09/Mar/2018:10:51:33 -0300] "GET /cormun/static/Resources/indicator.gif HTTP/1.1" 200 1553
186.103.157.246 - - [09/Mar/2018:10:51:34 -0300] "GET /favicon.ico HTTP/1.1" 200 21630
186.103.157.246 - - [09/Mar/2018:10:51:44 -0300] "POST /cormun/servlet/hlogin?76309b9df3bc4ea98e0fcd1c07abb1bb,gx-no-cache=1520603453485 HTTP/1.1" 200 90
186.103.157.246 - - [09/Mar/2018:10:51:44 -0300] "GET /cormun/servlet/hpexe_link HTTP/1.1" 200 953
186.103.157.246 - - [09/Mar/2018:10:51:44 -0300] "GET /cormun/static/hpexe_link.js?20177612121795 HTTP/1.1" 200 625
186.103.157.246 - - [09/Mar/2018:10:51:45 -0300] "GET /cormun/static/gxcfg.js?20177612121792 HTTP/1.1" 200 953
186.103.157.246 - - [09/Mar/2018:10:51:45 -0300] "GET /cormun/static/Resources/Spanish/PXTools.css?1155365 HTTP/1.1" 200 89042
186.103.157.246 - - [09/Mar/2018:10:51:45 -0300] "GET /cormun/servlet/hhome HTTP/1.1" 200 3883
186.103.157.246 - - [09/Mar/2018:10:51:46 -0300] "GET /cormun/static/SmoothNavMenu/resources/ddsmoothmenu-v.css?1012540 HTTP/1.1" 200 1188
186.103.157.246 - - [09/Mar/2018:10:51:46 -0300] "GET /cormun/static/SmoothNavMenu/resources/ddsmoothmenu.css?1012540 HTTP/1.1" 200 2223
186.103.157.246 - - [09/Mar/2018:10:51:46 -0300] "GET /cormun/static/gxcfg.js?20175251212442 HTTP/1.1" 200 953
186.103.157.246 - - [09/Mar/2018:10:51:46 -0300] "GET /cormun/static/PXToolsJavascripts/pexe_autoreload.js HTTP/1.1" 200 1762
186.103.157.246 - - [09/Mar/2018:10:51:46 -0300] "GET /cormun/static/PXToolsJavascripts/pexe_cookies.js HTTP/1.1" 200 792
186.103.157.246 - - [09/Mar/2018:10:51:46 -0300] "GET /cormun/static/Shared/jqueryui/jquery-ui.min.css?1245370 HTTP/1.1" 200 30288
186.103.157.246 - - [09/Mar/2018:10:51:46 -0300] "GET /cormun/static/PXToolsJavascripts/pexe_griddivfix.js HTTP/1.1" 200 6644
186.103.157.246 - - [09/Mar/2018:10:51:46 -0300] "GET /cormun/static/scaMessage/css/jquery.pnotify.default.css?1716380 HTTP/1.1" 200 1707
186.103.157.246 - - [09/Mar/2018:10:51:46 -0300] "GET /cormun/static/PXToolsJavascripts/pexe_grid.js HTTP/1.1" 200 7559
186.103.157.246 - - [09/Mar/2018:10:51:46 -0300] "GET /cormun/static/PXToolsJavascripts/pexe_menudivfix.js HTTP/1.1" 200 333
186.103.157.246 - - [09/Mar/2018:10:51:46 -0300] "GET /cormun/static/PXToolsJavascripts/pexe_link.js HTTP/1.1" 200 5671
186.103.157.246 - - [09/Mar/2018:10:51:46 -0300] "GET /cormun/static/PXToolsJavascripts/pexe_menus.js HTTP/1.1" 200 1286
186.103.157.246 - - [09/Mar/2018:10:51:46 -0300] "GET /cormun/static/PXToolsJavascripts/pexe_oavdivfix.js HTTP/1.1" 200 639
186.103.157.246 - - [09/Mar/2018:10:51:46 -0300] "GET /cormun/static/PXToolsJavascripts/pexe_picture.js HTTP/1.1" 200 689
186.103.157.246 - - [09/Mar/2018:10:51:47 -0300] "GET /cormun/static/PXToolsJavascripts/pexe_oav.js HTTP/1.1" 200 645
186.103.157.246 - - [09/Mar/2018:10:51:47 -0300] "GET /cormun/static/PXToolsJavascripts/pexe_windows.js HTTP/1.1" 200 15207
186.103.157.246 - - [09/Mar/2018:10:51:47 -0300] "GET /cormun/static/PXToolsJavascripts/pexe_scrolldiv.js HTTP/1.1" 200 4138
186.103.157.246 - - [09/Mar/2018:10:51:47 -0300] "GET /cormun/static/PXToolsJavascripts/pexe_tabdivfix.js HTTP/1.1" 200 876
186.103.157.246 - - [09/Mar/2018:10:51:47 -0300] "GET /cormun/static/PXToolsJavascripts/pexe_upload.js HTTP/1.1" 200 1423
186.103.157.246 - - [09/Mar/2018:10:51:47 -0300] "GET /cormun/static/PXToolsJavascripts/PXToolsJavascriptsRender.js HTTP/1.1" 200 367
186.103.157.246 - - [09/Mar/2018:10:51:47 -0300] "GET /cormun/static/PXToolsJavascripts/pexe_layers.js HTTP/1.1" 200 4114
186.103.157.246 - - [09/Mar/2018:10:51:47 -0300] "GET /cormun/static/PXToolsJavascripts/pexe_tabs.js HTTP/1.1" 200 3748
186.103.157.246 - - [09/Mar/2018:10:51:47 -0300] "GET /cormun/static/RunJS/RunJS.js HTTP/1.1" 200 288
186.103.157.246 - - [09/Mar/2018:10:51:47 -0300] "GET /cormun/static/PXToolsJavascripts/pexe_popup.js HTTP/1.1" 200 13458
186.103.157.246 - - [09/Mar/2018:10:51:48 -0300] "GET /cormun/static/hhome.js?20175251212450 HTTP/1.1" 200 777
186.103.157.246 - - [09/Mar/2018:10:51:48 -0300] "GET /cormun/static/Resources/PXToolsHeaderActionsLeft.png HTTP/1.1" 200 1118
186.103.157.246 - - [09/Mar/2018:10:51:49 -0300] "GET /cormun/static/hwchdr01.js?201752511465785 HTTP/1.1" 200 1183
186.103.157.246 - - [09/Mar/2018:10:51:49 -0300] "GET /cormun/static/Resources/PXToolsHeaderBackground2.png HTTP/1.1" 200 1174
186.103.157.246 - - [09/Mar/2018:10:51:49 -0300] "GET /cormun/static/Resources/PXToolsDataTitle.png HTTP/1.1" 200 1173
186.103.157.246 - - [09/Mar/2018:10:51:49 -0300] "GET /cormun/static/Resources/PXToolsHeaderActionsBackground.png HTTP/1.1" 200 484
186.103.157.246 - - [09/Mar/2018:10:51:49 -0300] "GET /cormun/static/Resources/PXToolsFooterBackground2.png HTTP/1.1" 200 1172
186.103.157.246 - - [09/Mar/2018:10:51:49 -0300] "GET /cormun/static/Resources/PXToolsHeaderSecurity.png HTTP/1.1" 200 4166
186.103.157.246 - - [09/Mar/2018:10:51:49 -0300] "GET /cormun/static/Resources/PXToolsHeaderActionsRight.png HTTP/1.1" 200 1201
186.103.157.246 - - [09/Mar/2018:10:51:49 -0300] "GET /cormun/static/Resources/PXToolsHeaderHome.png HTTP/1.1" 200 4147
186.103.157.246 - - [09/Mar/2018:10:51:50 -0300] "GET /cormun/static/Shared/ext/locale/ext-lang-en.js HTTP/1.1" 200 10940
186.103.157.246 - - [09/Mar/2018:10:51:50 -0300] "GET /cormun/static/Resources/PXToolsHeaderPreferences.png HTTP/1.1" 200 4189
186.103.157.246 - - [09/Mar/2018:10:51:50 -0300] "GET /cormun/static/gxui/gxui-all.js HTTP/1.1" 200 107772
186.103.157.246 - - [09/Mar/2018:10:51:51 -0300] "GET /cormun/static/Resources/PXToolsHeaderLogin.png HTTP/1.1" 200 4279
186.103.157.246 - - [09/Mar/2018:10:51:51 -0300] "GET /cormun/static/hpexe_scripts.js?201752511465715 HTTP/1.1" 200 1544
186.103.157.246 - - [09/Mar/2018:10:51:51 -0300] "GET /cormun/static/hpexe_messagecontroller.js?20177611595012 HTTP/1.1" 200 870
186.103.157.246 - - [09/Mar/2018:10:51:51 -0300] "GET /cormun/static/Resources/logo4.png HTTP/1.1" 200 6582
186.103.157.246 - - [09/Mar/2018:10:51:51 -0300] "GET /cormun/static/cmcontrolpreferences.js?201752511465670 HTTP/1.1" 200 1375
186.103.157.246 - - [09/Mar/2018:10:51:51 -0300] "GET /cormun/static/hpexe_messagepopupcomponent.js?20161017169425 HTTP/1.1" 200 605
186.103.157.246 - - [09/Mar/2018:10:51:52 -0300] "GET /cormun/static/Shared/jquery/jquery-1.4.2.min.js HTTP/1.1" 200 72174
186.103.157.246 - - [09/Mar/2018:10:51:52 -0300] "GET /cormun/static/hpexe_messagegenexuscomponent.js?201752511465344 HTTP/1.1" 200 587
186.103.157.246 - - [09/Mar/2018:10:51:52 -0300] "GET /cormun/static/hpexe_recentlink.js?20177611595044 HTTP/1.1" 200 2144
186.103.157.246 - - [09/Mar/2018:10:51:53 -0300] "GET /cormun/static/SmoothNavMenu/resources/ddsmoothmenu.js HTTP/1.1" 200 12712
186.103.157.246 - - [09/Mar/2018:10:51:53 -0300] "GET /cormun/static/SmoothNavMenu/resources/SmoothNavMenuRender.js HTTP/1.1" 200 5951
186.103.157.246 - - [09/Mar/2018:10:51:53 -0300] "GET /cormun/static/scaMessage/js/jquery.pnotify.min.js HTTP/1.1" 200 13038
186.103.157.246 - - [09/Mar/2018:10:51:54 -0300] "GET /cormun/static/hmpwkw03.js?20177612122668 HTTP/1.1" 200 3965
186.103.157.246 - - [09/Mar/2018:10:51:54 -0300] "GET /cormun/static/scaMessage/scaMessageRender.js HTTP/1.1" 200 11977
186.103.159.182 - - [09/Mar/2018:10:52:02 -0300] "POST /cormun/servlet/trsolicitudot?cccc230fee2aa2cfa52370b99d13e2b2,,gx-no-cache=1520603417528 HTTP/1.1" 200 4482
186.103.157.246 - - [09/Mar/2018:10:52:03 -0300] "GET /cormun/static/Shared/jquery/jquery-1.10.2.min.js HTTP/1.1" 200 273199
186.103.157.246 - - [09/Mar/2018:10:52:22 -0300] "GET /cormun/static/Shared/jqueryui/jquery-ui.min.js HTTP/1.1" 200 240427
186.103.159.182 - - [09/Mar/2018:10:52:35 -0300] "POST /cormun/servlet/trsolicitudot?cccc230fee2aa2cfa52370b99d13e2b2,,gx-no-cache=1520603451270 HTTP/1.1" 200 6136
192.168.10.50 - - [09/Mar/2018:10:52:35 -0300] "POST /cormun/servlet/trsolicitudgral?ce049adf1501c0d489570ce6ebc8646f,gx-no-cache=1520603393905 HTTP/1.1" 200 9970
186.103.157.246 - - [09/Mar/2018:10:52:42 -0300] "GET /cormun/static/Shared/ext/ext-all.js HTTP/1.1" 200 1289687
186.103.157.246 - - [09/Mar/2018:10:52:45 -0300] "GET /cormun/static/SmoothNavMenu/resources/images/down.gif HTTP/1.1" 200 854
186.103.157.246 - - [09/Mar/2018:10:52:46 -0300] "GET /cormun/servlet/hhome HTTP/1.1" 200 3879
186.103.157.246 - - [09/Mar/2018:10:52:55 -0300] "GET /cormun/servlet/trsolicitudot? HTTP/1.1" 200 7095
186.103.157.246 - - [09/Mar/2018:10:52:55 -0300] "GET /cormun/static/gxui/gxui-all.css?120300 HTTP/1.1" 200 2179
186.103.157.246 - - [09/Mar/2018:10:52:55 -0300] "GET /cormun/static/calendar.js?85251 HTTP/1.1" 200 26246
186.103.157.246 - - [09/Mar/2018:10:52:55 -0300] "GET /cormun/static/calendar-setup.js?85251 HTTP/1.1" 200 2588
186.103.157.246 - - [09/Mar/2018:10:52:55 -0300] "GET /cormun/static/calendar-es.js?85251 HTTP/1.1" 200 1901
186.103.157.246 - - [09/Mar/2018:10:52:55 -0300] "GET /cormun/static/gxcfg.js?2017111422585916 HTTP/1.1" 200 953
186.103.157.246 - - [09/Mar/2018:10:52:55 -0300] "GET /cormun/static/calendar-system.css?85620 HTTP/1.1" 200 5572
186.103.157.246 - - [09/Mar/2018:10:53:00 -0300] "GET /cormun/static/Resources/Spanish/PXTools.css?1255365 HTTP/1.1" 200 89042
186.103.157.246 - - [09/Mar/2018:10:53:00 -0300] "GET /cormun/static/gxdec.js?85251 HTTP/1.1" 200 19579
186.103.157.246 - - [09/Mar/2018:10:53:02 -0300] "GET /cormun/static/trsolicitudot.js?201711142259839 HTTP/1.1" 200 54041
186.103.157.246 - - [09/Mar/2018:10:53:02 -0300] "GET /cormun/static/Resources/PXTools/calendar.png HTTP/1.1" 200 1306
186.103.157.246 - - [09/Mar/2018:10:53:02 -0300] "GET /cormun/static/Resources/PXToolsDataSearch.png HTTP/1.1" 200 419
186.103.157.246 - - [09/Mar/2018:10:53:02 -0300] "GET /cormun/static/Resources/PXToolsGridFirstDisabled.gif HTTP/1.1" 200 100
186.103.157.246 - - [09/Mar/2018:10:53:02 -0300] "GET /cormun/static/Resources/PXToolsGridPreviousDisabled.gif HTTP/1.1" 200 90
186.103.157.246 - - [09/Mar/2018:10:53:03 -0300] "GET /cormun/static/Resources/PXToolsGridNextDisabled.gif HTTP/1.1" 200 90
186.103.157.246 - - [09/Mar/2018:10:53:04 -0300] "GET /cormun/static/Resources/PXToolsGridLastDisabled.gif HTTP/1.1" 200 98
186.103.157.246 - - [09/Mar/2018:10:53:05 -0300] "GET /cormun/static/Resources/PXToolsGridPage.gif HTTP/1.1" 200 725
186.103.157.246 - - [09/Mar/2018:10:53:05 -0300] "GET /cormun/static/Resources/PXToolsActionExcel.png HTTP/1.1" 200 3187
186.103.157.246 - - [09/Mar/2018:10:53:05 -0300] "GET /cormun/static/Resources/PXToolsGridNew.png HTTP/1.1" 200 2949
186.103.157.246 - - [09/Mar/2018:10:53:11 -0300] "GET /cormun/static/Shared/ext/resources/css/ext-all.css?215870 HTTP/1.1" 200 416045
186.103.157.246 - - [09/Mar/2018:10:53:13 -0300] "GET /cormun/static/Shared/ext/resources/themes/images/default/tools/tool-sprites.gif HTTP/1.1" 200 5434
186.103.157.246 - - [09/Mar/2018:10:53:13 -0300] "GET /cormun/static/Shared/ext/resources/themes/images/default/panel/bg-headersPanel.png HTTP/1.1" 200 255
186.103.157.246 - - [09/Mar/2018:10:53:14 -0300] "GET /cormun/servlet/trsolicitudot? HTTP/1.1" 200 7095
186.103.157.246 - - [09/Mar/2018:10:53:15 -0300] "GET /cormun/static/Resources/asc.gif HTTP/1.1" 200 67
186.103.157.246 - - [09/Mar/2018:10:53:16 -0300] "GET /cormun/static/Resources/desc.gif HTTP/1.1" 200 65
192.168.10.50 - - [09/Mar/2018:10:53:40 -0300] "POST /cormun/servlet/trsolicitudgral?ce049adf1501c0d489570ce6ebc8646f,gx-no-cache=1520603458667 HTTP/1.1" 200 8404
186.103.159.44 - - [09/Mar/2018:10:55:26 -0300] "GET /cormun/servlet/hlogin HTTP/1.1" 200 1721
186.103.159.44 - - [09/Mar/2018:10:55:26 -0300] "GET /cormun/static/messages.spa.js?85251 HTTP/1.1" 200 30736
186.103.159.182 - - [09/Mar/2018:10:55:27 -0300] "POST /cormun/servlet/trsolicitudot?cccc230fee2aa2cfa52370b99d13e2b2,,gx-no-cache=1520603623542 HTTP/1.1" 200 4490
186.103.159.182 - - [09/Mar/2018:10:55:35 -0300] "POST /cormun/servlet/trsolicitudot?cccc230fee2aa2cfa52370b99d13e2b2,,gx-no-cache=1520603631709 HTTP/1.1" 200 4490
186.103.159.182 - - [09/Mar/2018:10:55:42 -0300] "POST /cormun/servlet/trsolicitudot?cccc230fee2aa2cfa52370b99d13e2b2,,gx-no-cache=1520603639050 HTTP/1.1" 200 4491
186.103.159.182 - - [09/Mar/2018:10:55:49 -0300] "POST /cormun/servlet/trsolicitudot?cccc230fee2aa2cfa52370b99d13e2b2,,gx-no-cache=1520603644450 HTTP/1.1" 200 4490
186.103.159.44 - - [09/Mar/2018:10:55:53 -0300] "POST /cormun/servlet/hlogin?bf84d91d044434df6ab0f99c889d34bd,gx-no-cache=1520603704125 HTTP/1.1" 200 90
186.103.159.44 - - [09/Mar/2018:10:55:53 -0300] "GET /cormun/servlet/hpexe_link HTTP/1.1" 200 953
186.103.159.44 - - [09/Mar/2018:10:55:53 -0300] "GET /cormun/static/hpexe_link.js?20177612121795 HTTP/1.1" 200 625
186.103.159.44 - - [09/Mar/2018:10:55:53 -0300] "GET /cormun/static/gxcfg.js?20177612121792 HTTP/1.1" 200 953
186.103.159.44 - - [09/Mar/2018:10:55:53 -0300] "GET /cormun/static/Resources/Spanish/PXTools.css?1155365 HTTP/1.1" 200 89042
186.103.159.44 - - [09/Mar/2018:10:55:53 -0300] "GET /cormun/servlet/hhome HTTP/1.1" 200 4150
186.103.159.44 - - [09/Mar/2018:10:55:53 -0300] "GET /cormun/static/gxcfg.js?20175251212442 HTTP/1.1" 200 953
186.103.159.44 - - [09/Mar/2018:10:55:54 -0300] "GET /cormun/static/hhome.js?20175251212450 HTTP/1.1" 200 777
186.103.159.44 - - [09/Mar/2018:10:55:54 -0300] "GET /cormun/static/hwchdr01.js?201752511465785 HTTP/1.1" 200 1183
186.103.159.44 - - [09/Mar/2018:10:55:54 -0300] "GET /cormun/static/hpexe_recentlink.js?20177611595044 HTTP/1.1" 200 2144
186.103.159.44 - - [09/Mar/2018:10:55:54 -0300] "GET /cormun/static/hpexe_messagecontroller.js?20177611595012 HTTP/1.1" 200 870
186.103.159.44 - - [09/Mar/2018:10:55:54 -0300] "GET /cormun/static/hpexe_messagegenexuscomponent.js?201752511465344 HTTP/1.1" 200 587
186.103.159.44 - - [09/Mar/2018:10:55:54 -0300] "GET /cormun/static/hpexe_scripts.js?201752511465715 HTTP/1.1" 200 1544
186.103.159.44 - - [09/Mar/2018:10:55:54 -0300] "GET /cormun/static/cmcontrolpreferences.js?201752511465670 HTTP/1.1" 200 1375
186.103.159.44 - - [09/Mar/2018:10:55:54 -0300] "GET /cormun/static/hpexe_messagepopupcomponent.js?20161017169425 HTTP/1.1" 200 605
186.103.159.44 - - [09/Mar/2018:10:55:55 -0300] "GET /cormun/static/SmoothNavMenu/resources/images/down.gif HTTP/1.1" 200 854
186.103.159.44 - - [09/Mar/2018:10:55:55 -0300] "GET /cormun/static/SmoothNavMenu/resources/images/right.gif HTTP/1.1" 200 860
186.103.159.182 - - [09/Mar/2018:10:55:55 -0300] "POST /cormun/servlet/trsolicitudot?cccc230fee2aa2cfa52370b99d13e2b2,,gx-no-cache=1520603650612 HTTP/1.1" 200 5864
186.103.159.44 - - [09/Mar/2018:10:55:57 -0300] "GET /cormun/servlet/trsolicitudot? HTTP/1.1" 200 7365
186.103.159.44 - - [09/Mar/2018:10:55:57 -0300] "GET /cormun/static/gxdec.js?85251 HTTP/1.1" 200 19579
186.103.159.44 - - [09/Mar/2018:10:55:58 -0300] "GET /cormun/static/Shared/ext/resources/themes/images/default/panel/bg-headersPanel.png HTTP/1.1" 200 255
186.103.159.44 - - [09/Mar/2018:10:55:58 -0300] "GET /cormun/static/Shared/ext/resources/themes/images/default/tools/tool-sprites.gif HTTP/1.1" 200 5434
186.103.159.44 - - [09/Mar/2018:10:56:00 -0300] "GET /cormun/servlet/solicitudot?INS,0,0, HTTP/1.1" 200 13590
186.103.159.44 - - [09/Mar/2018:10:56:00 -0300] "GET /cormun/static/gxcfg.js?201812313224582 HTTP/1.1" 200 953
186.103.159.44 - - [09/Mar/2018:10:56:01 -0300] "GET /cormun/static/Resources/prompt.gif HTTP/1.1" 200 902
186.103.159.44 - - [09/Mar/2018:10:56:01 -0300] "GET /cormun/static/solicitudot.js?201812313224831 HTTP/1.1" 200 72336
186.103.159.44 - - [09/Mar/2018:10:56:17 -0300] "POST /cormun/servlet/solicitudot?gx-no-cache=1520603726957 HTTP/1.1" 200 3400
186.103.159.44 - - [09/Mar/2018:10:56:18 -0300] "POST /cormun/servlet/solicitudot?bf84d91d044434df6ab0f99c889d34bd,INS,0,0,,gx-no-cache=1520603728269 HTTP/1.1" 200 10573
186.103.159.44 - - [09/Mar/2018:10:56:27 -0300] "GET /cormun/servlet/solicitudot?b94eb08952ab7f2ac0178fb18f52d73fa7ba6a9aa88175ae6fd195cc6c426a0100c718fd51e78a48d494c61595df180e,gx-no-cache=1520603738137 HTTP/1.1" 200 30
186.103.159.44 - - [09/Mar/2018:10:56:27 -0300] "GET /cormun/servlet/solicitudot?b94eb08952ab7f2ac0178fb18f52d73fe73370b0124a6eb1336279e16acc52ccba6281a8dcc91660448c6567fbe1d63e24b8ae584f7340bf7a804e8af93ee185,gx-no-cache=1520603738242 HTTP/1.1" 200 30
186.103.159.44 - - [09/Mar/2018:10:56:27 -0300] "GET /cormun/servlet/solicitudot?b94eb08952ab7f2ac0178fb18f52d73fabeb9f9ae03b6d86e2f125d784639ab4,gx-no-cache=1520603738313 HTTP/1.1" 200 51
186.103.159.44 - - [09/Mar/2018:10:56:27 -0300] "POST /cormun/servlet/solicitudot?gx-no-cache=1520603738394 HTTP/1.1" 200 255
186.103.159.44 - - [09/Mar/2018:10:56:27 -0300] "GET /cormun/servlet/solicitudot?b94eb08952ab7f2ac0178fb18f52d73fb2eb49aded2cce52aa3bf4fb8e62f82a0e8b647f9d2bb8849545a6035b9971e14f34220e3ef8b7c389820847db2f652c16c331a92d0ee619c88fd60590f08e4fbac015909dcc5452405c4585a63d5b3d0d099cbe02a79180bbd9071e99b850defc1c2be6840483d09760787335a78b9599857b030c9ba067a39b06d4099be209332f89d72b2992134c42e6aca4db7bdb343c660353209b52a468b27fcbdd807315c1ce8a59e923c762bef847daa585b081a81c86194d78906623bcb55c033a70c006a70bcac4c7187e9b4d511b575cf972f7055eb4b6c3a900539c01382e581fc80f6a5e056224e903196aa7f7b5f760cbb264d80def09ad72e04914ac9200a53e4cdc7e5d00ceb1a4a28b0d2e326b9f3a8c215aee9e1095b4bcc28dc51ea7e8d519d15b50340b5d68889b1fdee6aabad4b267bf326a131f047572324434c63aa889a6a50487ba4b3666774a082f78aa95033ef0853375b2abddff8b872eb3fea89490644a4fa1984de4d6785ecd365a,gx-no-cache=1520603738534 HTTP/1.1" 200 30
186.103.159.44 - - [09/Mar/2018:10:56:31 -0300] "POST /cormun/servlet/solicitudot?gx-no-cache=1520603741567 HTTP/1.1" 200 30
186.103.159.44 - - [09/Mar/2018:10:56:33 -0300] "GET /cormun/static/Resources/resize.gif HTTP/1.1" 200 77
186.103.159.44 - - [09/Mar/2018:10:56:33 -0300] "GET /cormun/servlet/prcontratosol?17137390,,,,,MD,,gxPopupLevel%3D0%3B HTTP/1.1" 200 7439
186.103.159.44 - - [09/Mar/2018:10:56:33 -0300] "GET /cormun/static/gxui/gxui-all.css?110300 HTTP/1.1" 200 2179
186.103.159.44 - - [09/Mar/2018:10:56:33 -0300] "GET /cormun/static/calendar-system.css?75620 HTTP/1.1" 200 5572
186.103.159.44 - - [09/Mar/2018:10:56:33 -0300] "GET /cormun/static/gxcfg.js?201761413223964 HTTP/1.1" 200 953
186.103.159.44 - - [09/Mar/2018:10:56:33 -0300] "GET /cormun/static/Resources/PXToolsMenuSearch.png HTTP/1.1" 200 2914
186.103.159.44 - - [09/Mar/2018:10:56:33 -0300] "GET /cormun/static/Resources/PXToolsMenuSearchCancel.png HTTP/1.1" 200 2972
186.103.159.44 - - [09/Mar/2018:10:56:33 -0300] "GET /cormun/static/menusearch.js?201610171694467 HTTP/1.1" 200 1424
186.103.159.44 - - [09/Mar/2018:10:56:33 -0300] "GET /cormun/static/hmpwkw011.js?20177612121862 HTTP/1.1" 200 1968
186.103.159.44 - - [09/Mar/2018:10:56:33 -0300] "GET /cormun/static/prcontratosol.js?201761413224174 HTTP/1.1" 200 15806
186.103.159.44 - - [09/Mar/2018:10:56:34 -0300] "GET /cormun/static/Shared/ext/resources/css/ext-all.css?205870 HTTP/1.1" 200 416045
186.103.159.44 - - [09/Mar/2018:10:56:43 -0300] "POST /cormun/servlet/solicitudot?gx-no-cache=1520603753800 HTTP/1.1" 200 1337
186.103.159.44 - - [09/Mar/2018:10:56:43 -0300] "POST /cormun/servlet/solicitudot?gx-no-cache=1520603754612 HTTP/1.1" 200 38
186.103.159.44 - - [09/Mar/2018:10:56:44 -0300] "GET /cormun/servlet/solicitudot?b94eb08952ab7f2ac0178fb18f52d73f3080357600eb76dd53737eb8dc93960d4b5d6ce00419ec8a04e85bc13d43e1475f75c582c79d69bef05383d2306cc2d24413cb6bd9efcdcf4f99823937c35bf356b8eecaae4229ba1b03cdbd623d695cdb75490fe2eef166ce4047a0e9bde452943ef9ed5ef9d58d173b0e15114e4487e32c2a6856f0966b76b7b8e732b46c985c990d1f9f0b465bc3b67849cc3bd9ef,gx-no-cache=1520603754705 HTTP/1.1" 200 29
186.103.159.44 - - [09/Mar/2018:10:56:44 -0300] "POST /cormun/servlet/solicitudot?gx-no-cache=1520603755223 HTTP/1.1" 200 1319
186.103.159.44 - - [09/Mar/2018:10:56:44 -0300] "POST /cormun/servlet/solicitudot?gx-no-cache=1520603755569 HTTP/1.1" 200 1218
186.103.159.44 - - [09/Mar/2018:10:56:44 -0300] "GET /cormun/servlet/solicitudot?b94eb08952ab7f2ac0178fb18f52d73f62bf2f42a5965c6fe882c9cb2475e518,gx-no-cache=1520603755891 HTTP/1.1" 200 30
186.103.159.182 - - [09/Mar/2018:10:56:56 -0300] "POST /cormun/servlet/trsolicitudot?cccc230fee2aa2cfa52370b99d13e2b2,,gx-no-cache=1520603711993 HTTP/1.1" 200 4490
186.103.159.44 - - [09/Mar/2018:10:57:03 -0300] "POST /cormun/servlet/solicitudot?gx-no-cache=1520603772997 HTTP/1.1" 200 1337
186.103.159.44 - - [09/Mar/2018:10:57:03 -0300] "POST /cormun/servlet/solicitudot?gx-no-cache=1520603774309 HTTP/1.1" 200 38
186.103.159.182 - - [09/Mar/2018:10:57:04 -0300] "POST /cormun/servlet/trsolicitudot?cccc230fee2aa2cfa52370b99d13e2b2,,gx-no-cache=1520603718521 HTTP/1.1" 200 4488
186.103.159.182 - - [09/Mar/2018:10:57:13 -0300] "POST /cormun/servlet/trsolicitudot?cccc230fee2aa2cfa52370b99d13e2b2,,gx-no-cache=1520603728384 HTTP/1.1" 200 4489
192.168.10.50 - - [09/Mar/2018:10:57:14 -0300] "POST /cormun/servlet/trsolicitudgral?ce049adf1501c0d489570ce6ebc8646f,gx-no-cache=1520603672341 HTTP/1.1" 200 7707
186.103.159.182 - - [09/Mar/2018:10:57:20 -0300] "POST /cormun/servlet/trsolicitudot?cccc230fee2aa2cfa52370b99d13e2b2,,gx-no-cache=1520603736010 HTTP/1.1" 200 4488
186.103.159.182 - - [09/Mar/2018:10:57:27 -0300] "POST /cormun/servlet/trsolicitudot?cccc230fee2aa2cfa52370b99d13e2b2,,gx-no-cache=1520603742930 HTTP/1.1" 200 4490
186.103.159.182 - - [09/Mar/2018:10:57:34 -0300] "POST /cormun/servlet/trsolicitudot?cccc230fee2aa2cfa52370b99d13e2b2,,gx-no-cache=1520603748801 HTTP/1.1" 200 4489
186.103.157.246 - - [09/Mar/2018:10:57:35 -0300] "GET /cormun/servlet/solicitudot?INS,0,0, HTTP/1.1" 200 13336
186.103.157.246 - - [09/Mar/2018:10:57:36 -0300] "GET /cormun/static/Resources/prompt.gif HTTP/1.1" 200 902
186.103.157.246 - - [09/Mar/2018:10:57:37 -0300] "GET /cormun/static/gxcfg.js?201812313224582 HTTP/1.1" 200 953
186.103.159.182 - - [09/Mar/2018:10:57:41 -0300] "POST /cormun/servlet/trsolicitudot?cccc230fee2aa2cfa52370b99d13e2b2,,gx-no-cache=1520603757357 HTTP/1.1" 200 4490
186.103.157.246 - - [09/Mar/2018:10:57:46 -0300] "GET /cormun/static/solicitudot.js?201812313224831 HTTP/1.1" 200 72336
186.103.157.246 - - [09/Mar/2018:10:57:48 -0300] "GET /cormun/servlet/solicitudot?INS,0,0, HTTP/1.1" 200 13341
186.103.159.182 - - [09/Mar/2018:10:58:19 -0300] "GET /cormun/servlet/trsolicitudot? HTTP/1.1" 200 7482
186.103.157.246 - - [09/Mar/2018:10:58:19 -0300] "POST /cormun/servlet/solicitudot?gx-no-cache=1520603837330 HTTP/1.1" 200 3365
186.103.157.246 - - [09/Mar/2018:10:58:19 -0300] "GET /cormun/static/Shared/jqueryui/images/ui-bg_highlight-soft_100_c6c2c8_1x100.png HTTP/1.1" 404 1117
186.103.157.246 - - [09/Mar/2018:10:58:19 -0300] "GET /cormun/servlet/solicitudot?1f7cb9542915ddd3bcbfd2e9993e7d1cf7a110366f9d71b60d382051e32d0c8fb698081ddd1ad3ee612823c39e44c976,gx-no-cache=1520603849691 HTTP/1.1" 200 30
186.103.157.246 - - [09/Mar/2018:10:58:20 -0300] "GET /cormun/static/Shared/jqueryui/images/ui-icons_ebccce_256x240.png HTTP/1.1" 404 1089
186.103.157.246 - - [09/Mar/2018:10:58:20 -0300] "GET /cormun/static/Shared/jqueryui/images/ui-icons_82798d_256x240.png HTTP/1.1" 404 1089
186.103.157.246 - - [09/Mar/2018:10:58:21 -0300] "GET /cormun/static/Shared/jqueryui/images/ui-bg_flat_55_994d53_40x100.png HTTP/1.1" 404 1097
186.103.159.182 - - [09/Mar/2018:10:58:21 -0300] "GET /cormun/servlet/trsolicitudot? HTTP/1.1" 200 7482
186.103.159.182 - - [09/Mar/2018:10:58:21 -0300] "GET /cormun/servlet/trsolicitudot? HTTP/1.1" 200 7482
186.103.159.182 - - [09/Mar/2018:10:58:23 -0300] "GET /cormun/servlet/trsolicitudot? HTTP/1.1" 200 7482
186.103.159.182 - - [09/Mar/2018:10:58:26 -0300] "GET /cormun/servlet/solicitudot?INS,0,0, HTTP/1.1" 200 13688
186.103.159.182 - - [09/Mar/2018:10:58:27 -0300] "GET /cormun/servlet/solicitudot?INS,0,0, HTTP/1.1" 200 13693
186.103.159.182 - - [09/Mar/2018:10:58:31 -0300] "GET /cormun/servlet/prfichaempleado?,MD,,gxPopupLevel%3D0%3B HTTP/1.1" 200 9419
192.168.10.50 - - [09/Mar/2018:10:58:33 -0300] "POST /cormun/servlet/trsolicitudgral?ce049adf1501c0d489570ce6ebc8646f,gx-no-cache=1520603751613 HTTP/1.1" 200 6136
186.103.159.182 - - [09/Mar/2018:10:58:46 -0300] "POST /cormun/servlet/prfichaempleado?cccc230fee2aa2cfa52370b99d13e2b2,,MD,,gxPopupLevel%3D0%3B,gx-no-cache=1520603820654 HTTP/1.1" 200 3408
186.103.159.182 - - [09/Mar/2018:10:58:50 -0300] "POST /cormun/servlet/solicitudot?gx-no-cache=1520603826276 HTTP/1.1" 200 3399
186.103.159.182 - - [09/Mar/2018:10:58:52 -0300] "POST /cormun/servlet/solicitudot?cccc230fee2aa2cfa52370b99d13e2b2,INS,0,0,,gx-no-cache=1520603827631 HTTP/1.1" 200 10570
186.103.159.182 - - [09/Mar/2018:10:58:53 -0300] "GET /cormun/servlet/solicitudot?8f1812e50a459df106e6868d65086d6c7b7916543676e17d2fdc583ced6c2c9895b5d088abdfdb13be2e398c5a3212b2,gx-no-cache=1520603829751 HTTP/1.1" 200 30
186.103.159.182 - - [09/Mar/2018:10:58:56 -0300] "GET /cormun/servlet/solicitudot?8f1812e50a459df106e6868d65086d6c8649df6858d338b98615f4dd9a3e1b1125998a5515e3a0fd674356531ae01189e1239065a9f61ed7001b0e37da81980d,gx-no-cache=1520603832804 HTTP/1.1" 200 30
186.103.159.182 - - [09/Mar/2018:10:58:56 -0300] "GET /cormun/servlet/solicitudot?8f1812e50a459df106e6868d65086d6c2ef42cef9a887c5ea33c4eec11dacfa2,gx-no-cache=1520603833316 HTTP/1.1" 200 51
186.103.159.182 - - [09/Mar/2018:10:58:56 -0300] "POST /cormun/servlet/solicitudot?gx-no-cache=1520603833444 HTTP/1.1" 200 255
186.103.159.182 - - [09/Mar/2018:10:58:57 -0300] "GET /cormun/servlet/solicitudot?8f1812e50a459df106e6868d65086d6c1e1806954b2a625f405cc02f521b790f50d7967cfcc9e08165751847b16172334cc4d3ff9f3c025309b2f4ab93c5f7326d1c9dedc1709ae1e7942b301ecbd5fee4d6ace7995ada529ccdad650600b432ab5eeb702d2b62eef04967803df1cbeef79e5b37ff55641af49047937e22325bbee506b6a55b436643dffdb38c78fbfefe2913e935acfd8dc51719625a235d6258dc3fab790274cd57fe00130255cb830a48184bf8a2e5e704beef8372a377d85e9c532dadb79db47dd0ed3963a1c8970470a5624e00247867503a783034c43a5fbfc624ff895512e65cc59cb0c8a97bf9220501710be6819036548f524758a2626305c36915ac0c20d0392b6b8e43031594335bef5be3a297ec69be14871aaeca53bb6d18efd9c1a4e744195cca955535c43d217990c09a19366c2885d3f257fa91ea2cb9ba94e33cf32664605c4dbb55d753ceee97927bbd7a068e525a4e0db33112859766e136518e28609763b6c3139cafc336003f73413d71b6102ecb48,gx-no-cache=1520603833594 HTTP/1.1" 200 30
186.103.157.246 - - [09/Mar/2018:10:59:10 -0300] "GET /cormun/servlet/solicitudot?1f7cb9542915ddd3bcbfd2e9993e7d1cb1bef56b46ca954e5479fc0f5d4c361f,gx-no-cache=1520603900561 HTTP/1.1" 200 94
186.103.157.246 - - [09/Mar/2018:10:59:17 -0300] "GET /cormun/servlet/prbanco?,MD,,gxPopupLevel%3D0%3B HTTP/1.1" 200 6512
186.103.157.246 - - [09/Mar/2018:10:59:17 -0300] "GET /cormun/static/Resources/resize.gif HTTP/1.1" 200 77
186.103.157.246 - - [09/Mar/2018:10:59:18 -0300] "GET /cormun/static/prbanco.js?2018116101633 HTTP/1.1" 200 10693
186.103.157.246 - - [09/Mar/2018:10:59:18 -0300] "GET /cormun/static/hmpwkw011.js?20177612121862 HTTP/1.1" 200 1968
186.103.157.246 - - [09/Mar/2018:10:59:18 -0300] "GET /cormun/static/gxcfg.js?20181161016094 HTTP/1.1" 200 953
186.103.157.246 - - [09/Mar/2018:10:59:18 -0300] "GET /cormun/static/menusearch.js?201610171694467 HTTP/1.1" 200 1424
186.103.157.246 - - [09/Mar/2018:10:59:18 -0300] "GET /cormun/static/Resources/PXToolsMenuSearch.png HTTP/1.1" 200 2914
186.103.157.246 - - [09/Mar/2018:10:59:18 -0300] "GET /cormun/static/Resources/PXToolsMenuSearchCancel.png HTTP/1.1" 200 2972
186.103.159.182 - - [09/Mar/2018:10:59:21 -0300] "GET /cormun/servlet/trcontratosolicitud? HTTP/1.1" 200 14892
186.103.159.182 - - [09/Mar/2018:10:59:24 -0300] "GET /cormun/servlet/trcontratosolicitud? HTTP/1.1" 200 14884
186.103.157.246 - - [09/Mar/2018:10:59:24 -0300] "GET /cormun/servlet/solicitudot?1f7cb9542915ddd3bcbfd2e9993e7d1ce844d4834a6bab55cb32e89f995cac00,gx-no-cache=1520603914640 HTTP/1.1" 200 53
186.103.159.182 - - [09/Mar/2018:10:59:49 -0300] "GET /cormun/servlet/solicitudotcontratos?INS,2018,0,15730716,9,6,2018,1292,NADA,,9,B, HTTP/1.1" 200 9991
186.103.159.182 - - [09/Mar/2018:10:59:51 -0300] "GET /cormun/servlet/solicitudotcontratos?INS,2018,0,15730716,9,6,2018,1292,NADA,,9,B, HTTP/1.1" 200 10018
186.103.159.182 - - [09/Mar/2018:10:59:51 -0300] "GET /cormun/servlet/solicitudotcontratos?8f1812e50a459df106e6868d65086d6c513e1e201842ebb8290e5e2c3a4e714995b5d088abdfdb13be2e398c5a3212b2,gx-no-cache=1520603888107 HTTP/1.1" 200 30
186.103.157.246 - - [09/Mar/2018:10:59:51 -0300] "GET /cormun/servlet/solicitudot?1f7cb9542915ddd3bcbfd2e9993e7d1c5be0f74299b968879c9bdb0f4115e1a87877cc590e4ef5a3a76643d10581966e1c3a8649d8fe74d7b6149afcc0ee0aa1b89a4ab9ef5801e01a169eb66ca9deed9c33ba14978ec828c2e00ddb9c4681dea661e3880d6ceafbcb63aa41b8923f950f7c5fd77daf1be9aec1b7b3f385199e0038be8835f673f04a46285e09975cd12ff58c152d2dd19f4525358ea306081c70d721764ebf75ff5d3dacf2b7f3ee65e702670abc0c3ca4ad1e3c045e0c2f6e9a4719d76a48065cbb68a313a846b888d6e06e3ce4dd6339c6c1044078d75b01bb940c1098ee71e1a49e7715c4a357c98eb484ef976b4cb1cf7d4edb302b8ee278d439f8f92f7450fa8fa9aa2c6d42de176bf14da75d707c2612f33d6a975d488ad826bac1b0d710ed110c361d5af14e83fa11f768df32a755337498b17802c1186d2c9f8a3b6af92a14cc56ca9dec98,gx-no-cache=1520603935580 HTTP/1.1" 200 297
186.103.159.182 - - [09/Mar/2018:10:59:52 -0300] "GET /cormun/servlet/solicitudotcontratos?8f1812e50a459df106e6868d65086d6c3afd1116f3faf8389fc17606b11f7f397fd86927b13ce8993b23a21a01bfa731,gx-no-cache=1520603888557 HTTP/1.1" 200 30
186.103.159.182 - - [09/Mar/2018:10:59:52 -0300] "GET /cormun/servlet/solicitudotcontratos?8f1812e50a459df106e6868d65086d6ca46e402e86e9a61d86c37dd21c8ff38bc10a7141efcbb7a08e06bee927630d1956e97e5542ca7ce403386801f6b7a92cfca47e2f1ea34a2da2be5c406f56d9ca9d44c00670782a446bb795a4cded0eb5adf289c3236c4c4773536a1043f63d9d8832d179c3496ae7fdb5f5ae26331886,gx-no-cache=1520603888666 HTTP/1.1" 200 50
186.103.159.182 - - [09/Mar/2018:10:59:52 -0300] "GET /cormun/servlet/solicitudotcontratos?8f1812e50a459df106e6868d65086d6cddeef75c48449caea5716ea9d564fad838e32f779ebe7a00a665e821a63b9294,gx-no-cache=1520603888810 HTTP/1.1" 200 30
186.103.159.182 - - [09/Mar/2018:10:59:52 -0300] "GET /cormun/servlet/solicitudotcontratos?8f1812e50a459df106e6868d65086d6c4918fe11379107232e9d50fb9e749337ccef97579241dcc6b70a2b612746bbcc40eb6dcb0683a124398f004872ff8a2eaf7d398dfc1fdef6a173c41e9627e199e642e6db266ce5843555efed8131d6206dae84f891394eca0fcaeabdc24861b2,gx-no-cache=1520603888904 HTTP/1.1" 200 30
