192.168.10.56 - - [09/Mar/2018:08:24:59 -0300] "GET /cormun/servlet/solicitudgral2?b3ce022a31f8c71ccde95f6be9cdb7cf82d6ab2e2c86b6ac58f9e1ddfc7d1b87fa8f49f5da3c34209ab1285799ddbb2717055b52189b8300591f34b0445d73db84d69633ba5e01889aef02b74a934e490e253b89ef2799781dc5afa783e277549158dde329791f3fdc7127d342008a1eff543ff910dd1b11866a5b95850b64069bbfe1ef095172b9618a9c9ce32fc7521356cc90394ed2463380247488e8f403,gx-no-cache=1520594537969 HTTP/1.1" 200 29
192.168.10.56 - - [09/Mar/2018:08:24:59 -0300] "POST /cormun/servlet/solicitudgral2?gx-no-cache=1520594537984 HTTP/1.1" 200 1295
192.168.10.56 - - [09/Mar/2018:08:24:59 -0300] "POST /cormun/servlet/solicitudgral2?gx-no-cache=1520594538010 HTTP/1.1" 200 1218
192.168.10.56 - - [09/Mar/2018:08:24:59 -0300] "GET /cormun/servlet/solicitudgral2?b3ce022a31f8c71ccde95f6be9cdb7cf741c7cad0da564b6a85a88a3df61caff3c68c9c957d668da98ce4c14af07314ae05f86f85699c2012a0ff0128092c7b02b024b1252e1d91dae7f96a820332d3c1c40a3ad67c5a0510fe585c7dedf3c891cb7923de2d8ecd0185dd3e836b23e240fa735f949d20d1bf39ceb583a1d636f,gx-no-cache=1520594538036 HTTP/1.1" 200 30
192.168.10.56 - - [09/Mar/2018:08:25:00 -0300] "POST /cormun/servlet/solicitudgral2?11b9442431472047e4d7aecc8c7981a2,UPD,2018,10303,,gx-no-cache=1520594538051 HTTP/1.1" 200 93
192.168.10.56 - - [09/Mar/2018:08:25:00 -0300] "GET /cormun/servlet/hpexe_return? HTTP/1.1" 200 1016
192.168.10.56 - - [09/Mar/2018:08:25:00 -0300] "GET /cormun/servlet/trsolicitudgral? HTTP/1.1" 200 13688
192.168.10.56 - - [09/Mar/2018:08:25:00 -0300] "GET /cormun/servlet/trsolicitudgral? HTTP/1.1" 200 13683
186.103.159.187 - - [09/Mar/2018:08:25:01 -0300] "GET /cormun/servlet/hhome HTTP/1.1" 200 3914
186.103.159.187 - - [09/Mar/2018:08:25:03 -0300] "GET /cormun/servlet/hhome HTTP/1.1" 200 3922
192.168.10.89 - - [09/Mar/2018:08:25:03 -0300] "GET /cormun/servlet/hlogin HTTP/1.1" 200 1721
192.168.10.56 - - [09/Mar/2018:08:25:06 -0300] "POST /cormun/servlet/trsolicitudgral?11b9442431472047e4d7aecc8c7981a2,,gx-no-cache=1520594544556 HTTP/1.1" 200 10264
192.168.10.56 - - [09/Mar/2018:08:25:06 -0300] "GET /cormun/static/Shared/jqueryui/images/ui-bg_highlight-soft_100_c6c2c8_1x100.png HTTP/1.1" 404 1117
192.168.10.56 - - [09/Mar/2018:08:25:06 -0300] "GET /cormun/static/Shared/jqueryui/images/ui-icons_82798d_256x240.png HTTP/1.1" 404 1089
192.168.10.56 - - [09/Mar/2018:08:25:06 -0300] "GET /cormun/static/Shared/jqueryui/images/ui-icons_8d78a5_256x240.png HTTP/1.1" 404 1089
192.168.10.56 - - [09/Mar/2018:08:25:06 -0300] "GET /cormun/static/Shared/jqueryui/images/ui-bg_flat_55_fafafa_40x100.png HTTP/1.1" 404 1097
192.168.10.56 - - [09/Mar/2018:08:25:10 -0300] "POST /cormun/servlet/trsolicitudgral?11b9442431472047e4d7aecc8c7981a2,,gx-no-cache=1520594548640 HTTP/1.1" 200 10722
186.103.159.187 - - [09/Mar/2018:08:25:11 -0300] "GET /cormun/servlet/trcontratoobservacion? HTTP/1.1" 200 6088
186.103.159.187 - - [09/Mar/2018:08:25:12 -0300] "GET /cormun/servlet/trcontratoobservacion? HTTP/1.1" 200 6088
192.168.10.89 - - [09/Mar/2018:08:25:13 -0300] "POST /cormun/servlet/hlogin?b2c0c2d2bbe7a0a2e51b688c2943034b,gx-no-cache=1520594552596 HTTP/1.1" 200 90
192.168.10.89 - - [09/Mar/2018:08:25:13 -0300] "GET /cormun/servlet/hpexe_link HTTP/1.1" 200 953
192.168.10.89 - - [09/Mar/2018:08:25:14 -0300] "GET /cormun/servlet/hhome HTTP/1.1" 200 4923
192.168.10.89 - - [09/Mar/2018:08:25:14 -0300] "GET /cormun/static/gxcfg.js?20175251212442 HTTP/1.1" 200 953
192.168.10.89 - - [09/Mar/2018:08:25:14 -0300] "GET /cormun/static/hhome.js?20175251212450 HTTP/1.1" 200 777
192.168.10.89 - - [09/Mar/2018:08:25:19 -0300] "GET /cormun/servlet/trsolicitudgral? HTTP/1.1" 200 28166
192.168.10.89 - - [09/Mar/2018:08:25:31 -0300] "POST /cormun/servlet/trsolicitudgral?b2c0c2d2bbe7a0a2e51b688c2943034b,,gx-no-cache=1520594570172 HTTP/1.1" 200 24123
192.168.10.89 - - [09/Mar/2018:08:25:31 -0300] "GET /cormun/static/Resources/PXToolsGridNext.gif HTTP/1.1" 200 369
192.168.10.89 - - [09/Mar/2018:08:25:31 -0300] "GET /cormun/static/Resources/PXToolsGridLast.gif HTTP/1.1" 200 370
186.103.159.187 - - [09/Mar/2018:08:25:50 -0300] "GET /cormun/servlet/hlogin HTTP/1.1" 200 1737
186.103.159.187 - - [09/Mar/2018:08:26:01 -0300] "POST /cormun/servlet/hlogin?24350b14ad99398aa62c9f9b5b03e008,gx-no-cache=1520594807336 HTTP/1.1" 200 452
186.103.159.187 - - [09/Mar/2018:08:26:07 -0300] "POST /cormun/servlet/hlogin?24350b14ad99398aa62c9f9b5b03e008,gx-no-cache=1520594812943 HTTP/1.1" 200 452
186.103.159.187 - - [09/Mar/2018:08:26:15 -0300] "POST /cormun/servlet/hlogin?24350b14ad99398aa62c9f9b5b03e008,gx-no-cache=1520594821740 HTTP/1.1" 200 90
186.103.159.187 - - [09/Mar/2018:08:26:16 -0300] "GET /cormun/servlet/hpexe_link HTTP/1.1" 200 949
186.103.159.187 - - [09/Mar/2018:08:26:16 -0300] "GET /cormun/servlet/hhome HTTP/1.1" 200 4138
186.103.159.187 - - [09/Mar/2018:08:26:17 -0300] "GET /cormun/servlet/hhome HTTP/1.1" 200 4135
186.103.159.187 - - [09/Mar/2018:08:26:22 -0300] "GET /cormun/servlet/trautorizarsolicitud? HTTP/1.1" 200 7251
186.103.159.187 - - [09/Mar/2018:08:26:23 -0300] "GET /cormun/static/gxcfg.js?2017111423403364 HTTP/1.1" 304 -
186.103.159.187 - - [09/Mar/2018:08:26:24 -0300] "GET /cormun/servlet/trautorizarsolicitud? HTTP/1.1" 200 7251
186.103.159.187 - - [09/Mar/2018:08:26:45 -0300] "GET /cormun/servlet/hlogin HTTP/1.1" 200 1739
186.103.159.187 - - [09/Mar/2018:08:26:54 -0300] "POST /cormun/servlet/hlogin?24350b14ad99398aa62c9f9b5b03e008,gx-no-cache=1520594860987 HTTP/1.1" 200 454
186.103.159.187 - - [09/Mar/2018:08:27:00 -0300] "POST /cormun/servlet/hlogin?24350b14ad99398aa62c9f9b5b03e008,gx-no-cache=1520594865586 HTTP/1.1" 200 90
186.103.159.187 - - [09/Mar/2018:08:27:00 -0300] "GET /cormun/servlet/hpexe_link HTTP/1.1" 200 949
186.103.159.187 - - [09/Mar/2018:08:27:01 -0300] "GET /cormun/servlet/hhome HTTP/1.1" 200 3925
186.103.159.187 - - [09/Mar/2018:08:27:02 -0300] "GET /cormun/servlet/hhome HTTP/1.1" 200 3922
186.103.159.187 - - [09/Mar/2018:08:27:04 -0300] "GET /cormun/servlet/trsolicitudot? HTTP/1.1" 200 7136
186.103.159.187 - - [09/Mar/2018:08:27:06 -0300] "GET /cormun/servlet/trsolicitudot? HTTP/1.1" 200 7135
186.103.159.187 - - [09/Mar/2018:08:27:09 -0300] "GET /cormun/servlet/solicitudot?INS,0,0, HTTP/1.1" 200 13381
186.103.159.187 - - [09/Mar/2018:08:27:10 -0300] "GET /cormun/servlet/solicitudot?INS,0,0, HTTP/1.1" 200 13386
186.103.159.187 - - [09/Mar/2018:08:27:29 -0300] "POST /cormun/servlet/solicitudot?gx-no-cache=1520594894822 HTTP/1.1" 200 3394
186.103.159.187 - - [09/Mar/2018:08:27:30 -0300] "POST /cormun/servlet/solicitudot?24350b14ad99398aa62c9f9b5b03e008,INS,0,0,,gx-no-cache=1520594895653 HTTP/1.1" 200 10373
186.103.159.187 - - [09/Mar/2018:08:27:35 -0300] "GET /cormun/servlet/solicitudot?9269aea1c12f0942e63989b71251bafc91ba05ea3a33f638249fec6b4f127116c964a196ba16c8ce9b1637f275691264,gx-no-cache=1520594901545 HTTP/1.1" 200 30
186.103.159.187 - - [09/Mar/2018:08:27:35 -0300] "GET /cormun/servlet/solicitudot?9269aea1c12f0942e63989b71251bafc5f3290754a2ad965c5ccce3871734827d480a8f1655832a92474ce842f71bb89cfbbac22de6fc37d88981245045fe67a,gx-no-cache=1520594901652 HTTP/1.1" 200 30
186.103.159.187 - - [09/Mar/2018:08:27:35 -0300] "GET /cormun/servlet/solicitudot?9269aea1c12f0942e63989b71251bafc90f20aa8da15c60db873bad19ba5cf09,gx-no-cache=1520594901730 HTTP/1.1" 200 51
186.103.159.187 - - [09/Mar/2018:08:27:35 -0300] "POST /cormun/servlet/solicitudot?gx-no-cache=1520594901820 HTTP/1.1" 200 255
186.103.159.187 - - [09/Mar/2018:08:27:36 -0300] "GET /cormun/servlet/solicitudot?9269aea1c12f0942e63989b71251bafcabaeb2edbf124bb488c945d8422d849cf0b68ac15c068492ba6eab5d774c26bcd3067884fd656914ebf976cc7e325460476754a193a0e4a212a894c9abfe60b67a60fb73abea4c6136feffd3ae657d01c494f01eaa7422a88b95ba77f1d45bb28703bc01c9c9151f8b670ba3ccad7dc4ad5d10a7a8f8516328e327bfec77e962fb7a4d1e1ff9ac72b2288170276a530897ded09aa98e4f7218bf06e1b76555a97b89036243df8eaad05857d6cd06f3e9a6767a0fa64dce4b9e84f0c67821a01add131a78db3466f826f3805bd9f48f5a56ebe3e3be91e1c9921437fdcfe582aac2747d5dc6d0cb7270d3946187c927ec5398c28e366372d59931329b1065bdd3015c57894f9935670538cecd6a1ec00180a5f78b19cfdd16fd865c67dd858299cc8b8bd4fcf43812dfaf30eee1d61a02e9e5d2816d33dfff27acd8ce0f31be4c4caeb2e2f196fa1c84950eeb0b4eb9c030ebb53477d25ca75f83df0b18791c68446d1c25252bdaf9a5a5c0262edcba61,gx-no-cache=1520594901913 HTTP/1.1" 200 30
186.103.159.187 - - [09/Mar/2018:08:27:39 -0300] "POST /cormun/servlet/solicitudot?gx-no-cache=1520594905155 HTTP/1.1" 200 30
186.103.159.187 - - [09/Mar/2018:08:27:41 -0300] "POST /cormun/servlet/solicitudot?gx-no-cache=1520594907140 HTTP/1.1" 200 1337
186.103.159.187 - - [09/Mar/2018:08:27:41 -0300] "POST /cormun/servlet/solicitudot?gx-no-cache=1520594907266 HTTP/1.1" 200 38
186.103.159.187 - - [09/Mar/2018:08:27:49 -0300] "GET /cormun/servlet/solicitudot?9269aea1c12f0942e63989b71251bafc928f49a0f0cf923a9dd9b997959a215c0b3af0f8b8e13cbcc8097ec7c6de0e9b643b23469441387efa183ce720eba7c314b061dbb8d0bcfe42612d71020bd2aef0bc420e1f44bcb217e668d32de16a25326deb46ea98e02ab589653a0d68fb7284899f3c03164e19fcdd9aa60331ba7bf302d93ec620a661cf9ad3f8064b0d877c459a4cc6c631a39fb9cbea84cccfcd,gx-no-cache=1520594915439 HTTP/1.1" 200 29
186.103.159.187 - - [09/Mar/2018:08:27:49 -0300] "POST /cormun/servlet/solicitudot?gx-no-cache=1520594915512 HTTP/1.1" 200 1318
186.103.159.187 - - [09/Mar/2018:08:27:50 -0300] "POST /cormun/servlet/solicitudot?gx-no-cache=1520594916028 HTTP/1.1" 200 1218
186.103.159.187 - - [09/Mar/2018:08:27:51 -0300] "GET /cormun/static/menuarrow.gif HTTP/1.1" 404 1015
186.103.159.187 - - [09/Mar/2018:08:27:53 -0300] "POST /cormun/servlet/solicitudot?gx-no-cache=1520594918954 HTTP/1.1" 200 1318
186.103.159.187 - - [09/Mar/2018:08:27:53 -0300] "POST /cormun/servlet/solicitudot?gx-no-cache=1520594919470 HTTP/1.1" 200 1218
186.103.159.187 - - [09/Mar/2018:08:27:54 -0300] "GET /cormun/servlet/solicitudot?9269aea1c12f0942e63989b71251bafc37302e8de7a3332c696a4bece5419f20484d91bc4f06c88817729433e5c5bf33,gx-no-cache=1520594920937 HTTP/1.1" 200 30
186.103.159.187 - - [09/Mar/2018:08:28:02 -0300] "POST /cormun/servlet/solicitudot?gx-no-cache=1520594928490 HTTP/1.1" 200 30
186.103.159.187 - - [09/Mar/2018:08:28:12 -0300] "POST /cormun/servlet/solicitudot?24350b14ad99398aa62c9f9b5b03e008,INS,0,0,,gx-no-cache=1520594937349 HTTP/1.1" 200 93
186.103.159.187 - - [09/Mar/2018:08:28:12 -0300] "GET /cormun/servlet/hpexe_return? HTTP/1.1" 200 1005
186.103.159.187 - - [09/Mar/2018:08:28:14 -0300] "GET /cormun/servlet/trsolicitudot HTTP/1.1" 200 8508
186.103.159.187 - - [09/Mar/2018:08:28:16 -0300] "GET /cormun/servlet/trsolicitudot HTTP/1.1" 200 8504
186.103.159.187 - - [09/Mar/2018:08:28:23 -0300] "POST /cormun/servlet/trsolicitudot?24350b14ad99398aa62c9f9b5b03e008,gx-no-cache=1520594948327 HTTP/1.1" 200 4461
186.103.159.187 - - [09/Mar/2018:08:28:23 -0300] "GET /cormun/static/Shared/jqueryui/images/ui-bg_flat_55_fafafa_40x100.png HTTP/1.1" 404 1097
186.103.159.187 - - [09/Mar/2018:08:28:23 -0300] "GET /cormun/static/Shared/jqueryui/images/ui-icons_8d78a5_256x240.png HTTP/1.1" 404 1089
186.103.159.187 - - [09/Mar/2018:08:28:24 -0300] "GET /cormun/static/Shared/jqueryui/images/ui-icons_82798d_256x240.png HTTP/1.1" 404 1089
186.103.159.187 - - [09/Mar/2018:08:28:24 -0300] "POST /cormun/servlet/trsolicitudot?24350b14ad99398aa62c9f9b5b03e008,gx-no-cache=1520594950089 HTTP/1.1" 200 4254
186.103.159.187 - - [09/Mar/2018:08:28:25 -0300] "GET /cormun/static/Shared/jqueryui/images/ui-bg_highlight-soft_100_c6c2c8_1x100.png HTTP/1.1" 404 1117
186.103.159.187 - - [09/Mar/2018:08:28:48 -0300] "POST /cormun/servlet/trsolicitudot?24350b14ad99398aa62c9f9b5b03e008,gx-no-cache=1520594955887 HTTP/1.1" 200 90
186.103.159.187 - - [09/Mar/2018:08:28:48 -0300] "GET /cormun/servlet/hpexe_link HTTP/1.1" 200 953
186.103.159.187 - - [09/Mar/2018:08:28:49 -0300] "GET /cormun/servlet/hhome HTTP/1.1" 200 3925
186.103.159.187 - - [09/Mar/2018:08:28:50 -0300] "GET /cormun/servlet/hhome HTTP/1.1" 200 3922
192.168.10.50 - - [09/Mar/2018:08:28:53 -0300] "GET /cormun/servlet/hlogin HTTP/1.1" 200 1722
192.168.10.50 - - [09/Mar/2018:08:28:54 -0300] "POST /cormun/servlet/hlogin?ce049adf1501c0d489570ce6ebc8646f,gx-no-cache=1520594773733 HTTP/1.1" 200 90
192.168.10.50 - - [09/Mar/2018:08:28:54 -0300] "GET /cormun/servlet/hpexe_link HTTP/1.1" 200 950
192.168.10.50 - - [09/Mar/2018:08:28:54 -0300] "GET /cormun/servlet/hhome HTTP/1.1" 200 4459
192.168.10.50 - - [09/Mar/2018:08:28:55 -0300] "GET /cormun/servlet/hhome HTTP/1.1" 200 4457
192.168.10.50 - - [09/Mar/2018:08:28:59 -0300] "GET /cormun/servlet/trsolicitudgral? HTTP/1.1" 200 27678
192.168.10.50 - - [09/Mar/2018:08:29:01 -0300] "GET /cormun/servlet/trsolicitudgral? HTTP/1.1" 200 27676
192.168.10.50 - - [09/Mar/2018:08:29:07 -0300] "POST /cormun/servlet/trsolicitudgral?ce049adf1501c0d489570ce6ebc8646f,,gx-no-cache=1520594786352 HTTP/1.1" 200 5927
186.103.159.187 - - [09/Mar/2018:08:29:10 -0300] "GET /cormun/servlet/hlogin HTTP/1.1" 200 1731
192.168.10.50 - - [09/Mar/2018:08:29:18 -0300] "POST /cormun/servlet/trsolicitudgral?ce049adf1501c0d489570ce6ebc8646f,,gx-no-cache=1520594797521 HTTP/1.1" 200 5926
186.103.159.187 - - [09/Mar/2018:08:29:20 -0300] "POST /cormun/servlet/hlogin?24350b14ad99398aa62c9f9b5b03e008,gx-no-cache=1520595006032 HTTP/1.1" 200 440
186.103.159.187 - - [09/Mar/2018:08:29:26 -0300] "POST /cormun/servlet/hlogin?24350b14ad99398aa62c9f9b5b03e008,gx-no-cache=1520595012789 HTTP/1.1" 200 90
186.103.159.187 - - [09/Mar/2018:08:29:26 -0300] "GET /cormun/servlet/hpexe_link HTTP/1.1" 200 949
186.103.159.187 - - [09/Mar/2018:08:29:27 -0300] "GET /cormun/servlet/hhome HTTP/1.1" 200 4138
192.168.10.50 - - [09/Mar/2018:08:29:27 -0300] "POST /cormun/servlet/trsolicitudgral?ce049adf1501c0d489570ce6ebc8646f,,gx-no-cache=1520594806250 HTTP/1.1" 200 7717
186.103.159.187 - - [09/Mar/2018:08:29:28 -0300] "GET /cormun/servlet/hhome HTTP/1.1" 200 4135
186.103.159.187 - - [09/Mar/2018:08:29:32 -0300] "GET /cormun/servlet/trautorizarsolicitud? HTTP/1.1" 200 8600
186.103.159.187 - - [09/Mar/2018:08:29:33 -0300] "GET /cormun/servlet/trautorizarsolicitud? HTTP/1.1" 200 8600
186.103.159.187 - - [09/Mar/2018:08:29:41 -0300] "POST /cormun/servlet/trautorizarsolicitud?24350b14ad99398aa62c9f9b5b03e008,,gx-no-cache=1520595025385 HTTP/1.1" 200 4583
186.103.159.187 - - [09/Mar/2018:08:29:41 -0300] "GET /cormun/static/Shared/jqueryui/images/ui-icons_82798d_256x240.png HTTP/1.1" 404 1089
186.103.159.187 - - [09/Mar/2018:08:29:41 -0300] "GET /cormun/static/Shared/jqueryui/images/ui-icons_8d78a5_256x240.png HTTP/1.1" 404 1089
186.103.159.187 - - [09/Mar/2018:08:29:41 -0300] "GET /cormun/static/Shared/jqueryui/images/ui-bg_highlight-soft_100_c6c2c8_1x100.png HTTP/1.1" 404 1117
192.168.10.50 - - [09/Mar/2018:08:29:41 -0300] "POST /cormun/servlet/trsolicitudgral?ce049adf1501c0d489570ce6ebc8646f,,gx-no-cache=1520594820687 HTTP/1.1" 200 7302
192.168.10.50 - - [09/Mar/2018:08:29:41 -0300] "GET /cormun/static/Shared/jqueryui/images/ui-bg_highlight-soft_100_c6c2c8_1x100.png HTTP/1.1" 404 1117
192.168.10.50 - - [09/Mar/2018:08:29:41 -0300] "GET /cormun/static/Shared/jqueryui/images/ui-icons_82798d_256x240.png HTTP/1.1" 404 1089
192.168.10.50 - - [09/Mar/2018:08:29:41 -0300] "GET /cormun/static/Shared/jqueryui/images/ui-icons_8d78a5_256x240.png HTTP/1.1" 404 1089
192.168.10.50 - - [09/Mar/2018:08:29:41 -0300] "GET /cormun/static/Shared/jqueryui/images/ui-bg_flat_55_fafafa_40x100.png HTTP/1.1" 404 1097
186.103.159.187 - - [09/Mar/2018:08:29:42 -0300] "POST /cormun/servlet/trautorizarsolicitud?24350b14ad99398aa62c9f9b5b03e008,,gx-no-cache=1520595027693 HTTP/1.1" 200 4372
186.103.159.187 - - [09/Mar/2018:08:29:43 -0300] "GET /cormun/static/Shared/jqueryui/images/ui-bg_flat_55_fafafa_40x100.png HTTP/1.1" 404 1097
192.168.10.89 - - [09/Mar/2018:08:30:03 -0300] "GET /cormun/servlet/vesolicitudgral?2018,10106,, HTTP/1.1" 200 9471
192.168.10.89 - - [09/Mar/2018:08:30:03 -0300] "GET /cormun/pexe_scrolldiv.js HTTP/1.1" 404 1009
192.168.10.89 - - [09/Mar/2018:08:30:06 -0300] "GET /cormun/servlet/vesolicitudgral?2018,10106,,SolicitudOTLog HTTP/1.1" 200 10373
192.168.10.89 - - [09/Mar/2018:08:30:06 -0300] "GET /cormun/pexe_scrolldiv.js HTTP/1.1" 404 1009
192.168.10.89 - - [09/Mar/2018:08:30:06 -0300] "GET /cormun/static/Resources/PXToolsTabLastSelected.png HTTP/1.1" 200 1262
192.168.10.89 - - [09/Mar/2018:08:30:06 -0300] "GET /cormun/static/tbsolicitudgral03.js?20177611585854 HTTP/1.1" 200 13342
192.168.10.89 - - [09/Mar/2018:08:30:06 -0300] "GET /cormun/static/Resources/PXToolsTabFirstUnselected.png HTTP/1.1" 200 1264
192.168.10.89 - - [09/Mar/2018:08:30:06 -0300] "GET /cormun/static/Resources/PXToolsTabUnselectedSelected.png HTTP/1.1" 200 1444
192.168.10.89 - - [09/Mar/2018:08:30:07 -0300] "POST /cormun/servlet/acontrolpreferencessavestate?None,CDROGUETT,true HTTP/1.1" 200 35
192.168.10.50 - - [09/Mar/2018:08:30:11 -0300] "POST /cormun/servlet/trsolicitudgral?ce049adf1501c0d489570ce6ebc8646f,,gx-no-cache=1520594850179 HTTP/1.1" 200 6118
192.168.10.89 - - [09/Mar/2018:08:30:16 -0300] "POST /cormun/servlet/vesolicitudgral?b2c0c2d2bbe7a0a2e51b688c2943034b,2018,10106,,SolicitudOTLog,gx-no-cache=1520594854879 HTTP/1.1" 200 90
192.168.10.89 - - [09/Mar/2018:08:30:16 -0300] "GET /cormun/servlet/hpexe_link HTTP/1.1" 200 977
192.168.10.89 - - [09/Mar/2018:08:30:16 -0300] "GET /cormun/servlet/trsolicitudgral? HTTP/1.1" 200 27084
192.168.10.50 - - [09/Mar/2018:08:30:19 -0300] "POST /cormun/servlet/trsolicitudgral?ce049adf1501c0d489570ce6ebc8646f,,gx-no-cache=1520594857818 HTTP/1.1" 200 14235
192.168.10.89 - - [09/Mar/2018:08:30:24 -0300] "POST /cormun/servlet/trsolicitudgral?b2c0c2d2bbe7a0a2e51b688c2943034b,,gx-no-cache=1520594863002 HTTP/1.1" 200 7299
192.168.10.89 - - [09/Mar/2018:08:30:40 -0300] "POST /cormun/servlet/trsolicitudgral?b2c0c2d2bbe7a0a2e51b688c2943034b,,gx-no-cache=1520594878717 HTTP/1.1" 200 24119
192.168.10.89 - - [09/Mar/2018:08:30:46 -0300] "POST /cormun/servlet/trsolicitudgral?b2c0c2d2bbe7a0a2e51b688c2943034b,,gx-no-cache=1520594885418 HTTP/1.1" 200 9245
192.168.10.89 - - [09/Mar/2018:08:30:47 -0300] "POST /cormun/servlet/trsolicitudgral?b2c0c2d2bbe7a0a2e51b688c2943034b,,gx-no-cache=1520594886012 HTTP/1.1" 200 9247
186.103.159.182 - - [09/Mar/2018:08:31:01 -0300] "POST /cormun/servlet/solicitudotcontratos?e25e6f784330fd7f31c804aa4e64915c,INS,2018,0,15730716,9,6,2018,1292,NADA,,9,B,,gx-no-cache=1520594954326 HTTP/1.1" 200 10804
186.103.159.182 - - [09/Mar/2018:08:31:02 -0300] "POST /cormun/servlet/solicitudotcontratos?gx-no-cache=1520594957647 HTTP/1.1" 200 1321
186.103.159.182 - - [09/Mar/2018:08:31:02 -0300] "POST /cormun/servlet/solicitudotcontratos?gx-no-cache=1520594958364 HTTP/1.1" 200 1219
186.103.159.182 - - [09/Mar/2018:08:31:03 -0300] "GET /cormun/servlet/solicitudotcontratos?18f4e2cdbec6583f59f012187c841a538734c3668683190f174a3c265c06b04ebe5c2307064fd1fe969b5a101c2488a12e400deb597b907cfb23b8b594380ea1c1368386a8e8489bfdb2fe347baa7b7001407277596938b2012e65eeff877a11ed74a8085d9a7907b0af75ba831ca6cacf00737ad31aae34846e80e8cda509d3,gx-no-cache=1520594959079 HTTP/1.1" 200 30
186.103.159.182 - - [09/Mar/2018:08:31:04 -0300] "POST /cormun/servlet/solicitudotcontratos?e25e6f784330fd7f31c804aa4e64915c,INS,2018,0,15730716,9,6,2018,1292,NADA,,9,B,,gx-no-cache=1520594959572 HTTP/1.1" 200 93
186.103.159.182 - - [09/Mar/2018:08:31:04 -0300] "GET /cormun/servlet/hpexe_return? HTTP/1.1" 200 1041
186.103.159.182 - - [09/Mar/2018:08:31:05 -0300] "GET /cormun/servlet/trcontratosolicitud HTTP/1.1" 200 14908
186.103.159.182 - - [09/Mar/2018:08:31:07 -0300] "GET /cormun/servlet/trcontratosolicitud HTTP/1.1" 200 14899
186.103.159.182 - - [09/Mar/2018:08:34:02 -0300] "GET /cormun/servlet/solicitudotcontratos?INS,2018,0,7924150,4,2,2018,1293,NADA,,30,B, HTTP/1.1" 200 9976
186.103.159.182 - - [09/Mar/2018:08:34:04 -0300] "GET /cormun/servlet/solicitudotcontratos?INS,2018,0,7924150,4,2,2018,1293,NADA,,30,B, HTTP/1.1" 200 10005
186.103.159.182 - - [09/Mar/2018:08:34:04 -0300] "GET /cormun/servlet/solicitudotcontratos?18f4e2cdbec6583f59f012187c841a5380ebdfc060e9815005ad867cc37c8810c2d81a3dc34acacff5db5d16f7e2deb9,gx-no-cache=1520595141113 HTTP/1.1" 200 30
186.103.159.182 - - [09/Mar/2018:08:34:05 -0300] "GET /cormun/servlet/solicitudotcontratos?18f4e2cdbec6583f59f012187c841a53c1e959df613ebc3a341b3780c10f6d52c5cb29f23c96b7d7333600d5398c1880,gx-no-cache=1520595141241 HTTP/1.1" 200 30
186.103.159.182 - - [09/Mar/2018:08:34:06 -0300] "GET /cormun/servlet/solicitudotcontratos?18f4e2cdbec6583f59f012187c841a535b2b68ad973d3448d47945fc1fbf4950f4534f94a07bcf5187739ccec85534a2d1432f89acdf49990f14ddbf9ad1f8840d422fcbc94855a3fedef08bb2663d66cfee3bc10396c583b1ed27078ac251fe1272347f809ed410c7b61031e52be70f83525cc41243015a5e08ad0d08d6d906,gx-no-cache=1520595141752 HTTP/1.1" 200 48
186.103.159.182 - - [09/Mar/2018:08:34:06 -0300] "GET /cormun/servlet/solicitudotcontratos?18f4e2cdbec6583f59f012187c841a537ad0d8150c2d5f4d52e0597edd27a6b0b4f37c4902426d13956bf4fd8f80722a,gx-no-cache=1520595142343 HTTP/1.1" 200 30
186.103.159.182 - - [09/Mar/2018:08:34:06 -0300] "GET /cormun/servlet/solicitudotcontratos?18f4e2cdbec6583f59f012187c841a53a511aeadb5d104de1a7c30b7648962882d4923117647405707a9cb8835636b63213a2b37ad4cdc139626434484088d869036cc75c996a925b3bd6d1d2b9595693a9f3b6e6a8bb1a66fc5e1c606fb7e2d18a6e803fde5d89b2f509fba6dab402d,gx-no-cache=1520595142902 HTTP/1.1" 200 30
186.103.159.182 - - [09/Mar/2018:08:34:07 -0300] "GET /cormun/servlet/solicitudotcontratos?18f4e2cdbec6583f59f012187c841a53f62cce9495c083bdb1d66d5fb93434fc15a69b2738961994c32595b52400818cf1d072f934fa7061fad740d527f697291729ec6c10ec2a8687c904039e4f91873ba58dcea8676a5ccf4bf73ac01953606a508d8fa35d1e183907d410e18b004b5efba594a31939d6113d3bdcabbf4beb2197bb72a6dc9388f7317ab8a9a7292939f0f78452390d56dec46d9f3b3cb8bce63927f55c3833a3871e766d2494db15f6e28affb59d56a8b0b63a1afe95ab22b49ce401f0fbe8e6353fc159cc22969af0e2f910501a2e7088c7a7b4cff5a2bbd5702023606e60012e9294d79c6591cd0e7ed4a507198b8c6e5aa72d358bc50af25ad27ee51d96a4205519b91d4937ef8653d6e1573259705129650605ab014a9b1d61d7dbc61da4f9148b88326f05ffc7066b04b3f29a6d1cba6718d3aaf22926f8e5158d6302cfe8cd8d259af30648183939206449961327f6ec07df1dcd96971376a787f84d0aa2ffeeadcee160b24fa1444b3f147dd5fbbf1af1ef52f677591cd26f4d8861bd74e5402fad60fdf9f6414f232869bd9fa4d815cd412b0c16af7282ccfc30eb3f8766a0759e8bf064,gx-no-cache=1520595143042 HTTP/1.1" 200 72
192.168.10.56 - - [09/Mar/2018:08:35:01 -0300] "GET /cormun/servlet/hlogin HTTP/1.1" 200 1738
192.168.10.56 - - [09/Mar/2018:08:35:04 -0300] "POST /cormun/servlet/hlogin?11b9442431472047e4d7aecc8c7981a2,gx-no-cache=1520595142941 HTTP/1.1" 200 90
192.168.10.56 - - [09/Mar/2018:08:35:04 -0300] "GET /cormun/servlet/hpexe_link HTTP/1.1" 200 951
192.168.10.56 - - [09/Mar/2018:08:35:05 -0300] "GET /cormun/servlet/hhome HTTP/1.1" 200 3826
192.168.10.56 - - [09/Mar/2018:08:35:05 -0300] "GET /cormun/servlet/hhome HTTP/1.1" 200 3826
192.168.10.56 - - [09/Mar/2018:08:35:07 -0300] "GET /cormun/servlet/trautorizarot? HTTP/1.1" 200 22105
192.168.10.56 - - [09/Mar/2018:08:35:08 -0300] "GET /cormun/servlet/trautorizarot? HTTP/1.1" 200 22103
192.168.10.56 - - [09/Mar/2018:08:35:10 -0300] "GET /cormun/static/menuarrow.gif HTTP/1.1" 404 1015
186.103.159.182 - - [09/Mar/2018:08:35:15 -0300] "POST /cormun/servlet/solicitudotcontratos?e25e6f784330fd7f31c804aa4e64915c,INS,2018,0,7924150,4,2,2018,1293,NADA,,30,B,,gx-no-cache=1520595210536 HTTP/1.1" 200 10771
192.168.10.56 - - [09/Mar/2018:08:35:16 -0300] "POST /cormun/servlet/trautorizarot?11b9442431472047e4d7aecc8c7981a2,,gx-no-cache=1520595153788 HTTP/1.1" 200 19218
186.103.159.182 - - [09/Mar/2018:08:35:16 -0300] "POST /cormun/servlet/solicitudotcontratos?gx-no-cache=1520595212432 HTTP/1.1" 200 1321
186.103.159.182 - - [09/Mar/2018:08:35:18 -0300] "POST /cormun/servlet/solicitudotcontratos?gx-no-cache=1520595213126 HTTP/1.1" 200 1219
186.103.159.182 - - [09/Mar/2018:08:35:18 -0300] "GET /cormun/servlet/solicitudotcontratos?18f4e2cdbec6583f59f012187c841a538734c3668683190f174a3c265c06b04ebe5c2307064fd1fe969b5a101c2488a12e400deb597b907cfb23b8b594380ea1c1368386a8e8489bfdb2fe347baa7b7001407277596938b2012e65eeff877a11ed74a8085d9a7907b0af75ba831ca6cacf00737ad31aae34846e80e8cda509d3,gx-no-cache=1520595214799 HTTP/1.1" 200 30
186.103.159.182 - - [09/Mar/2018:08:35:20 -0300] "POST /cormun/servlet/solicitudotcontratos?e25e6f784330fd7f31c804aa4e64915c,INS,2018,0,7924150,4,2,2018,1293,NADA,,30,B,,gx-no-cache=1520595214917 HTTP/1.1" 200 93
186.103.159.182 - - [09/Mar/2018:08:35:20 -0300] "GET /cormun/servlet/hpexe_return? HTTP/1.1" 200 1043
186.103.159.182 - - [09/Mar/2018:08:35:21 -0300] "GET /cormun/servlet/trcontratosolicitud HTTP/1.1" 200 14905
186.103.159.182 - - [09/Mar/2018:08:35:22 -0300] "GET /cormun/servlet/trcontratosolicitud HTTP/1.1" 200 14900
192.168.10.56 - - [09/Mar/2018:08:35:25 -0300] "POST /cormun/servlet/trautorizarot?11b9442431472047e4d7aecc8c7981a2,,gx-no-cache=1520595163496 HTTP/1.1" 200 6584
192.168.10.56 - - [09/Mar/2018:08:35:28 -0300] "POST /cormun/servlet/trautorizarot?11b9442431472047e4d7aecc8c7981a2,,gx-no-cache=1520595166702 HTTP/1.1" 200 5364
192.168.10.56 - - [09/Mar/2018:08:35:32 -0300] "POST /cormun/servlet/trautorizarot?11b9442431472047e4d7aecc8c7981a2,,gx-no-cache=1520595170832 HTTP/1.1" 200 7364
192.168.10.56 - - [09/Mar/2018:08:35:40 -0300] "POST /cormun/servlet/trautorizarot?11b9442431472047e4d7aecc8c7981a2,,gx-no-cache=1520595178095 HTTP/1.1" 200 5345
192.168.10.56 - - [09/Mar/2018:08:35:44 -0300] "POST /cormun/servlet/trautorizarot?11b9442431472047e4d7aecc8c7981a2,,gx-no-cache=1520595182583 HTTP/1.1" 200 17234
186.103.159.182 - - [09/Mar/2018:08:35:57 -0300] "GET /cormun/servlet/solicitudotcontratos?INS,2018,0,7924150,4,6,2018,1294,NADA,,4,B, HTTP/1.1" 200 9981
186.103.159.182 - - [09/Mar/2018:08:35:58 -0300] "GET /cormun/servlet/solicitudotcontratos?INS,2018,0,7924150,4,6,2018,1294,NADA,,4,B, HTTP/1.1" 200 10007
186.103.159.182 - - [09/Mar/2018:08:35:59 -0300] "GET /cormun/servlet/solicitudotcontratos?18f4e2cdbec6583f59f012187c841a5380ebdfc060e9815005ad867cc37c8810c2d81a3dc34acacff5db5d16f7e2deb9,gx-no-cache=1520595255310 HTTP/1.1" 200 30
186.103.159.182 - - [09/Mar/2018:08:35:59 -0300] "GET /cormun/servlet/solicitudotcontratos?18f4e2cdbec6583f59f012187c841a53c1e959df613ebc3a341b3780c10f6d52c5cb29f23c96b7d7333600d5398c1880,gx-no-cache=1520595255777 HTTP/1.1" 200 30
186.103.159.182 - - [09/Mar/2018:08:35:59 -0300] "GET /cormun/servlet/solicitudotcontratos?18f4e2cdbec6583f59f012187c841a535b2b68ad973d3448d47945fc1fbf4950f4534f94a07bcf5187739ccec85534a2d1432f89acdf49990f14ddbf9ad1f8840d422fcbc94855a3fedef08bb2663d66157a25f4abad8ed4d79bb9af21dd3ab3ea9e5c8ec45e3514d696a6f894877da17454ecfa58696e384b01ab0acc331a62,gx-no-cache=1520595255886 HTTP/1.1" 200 50
186.103.159.182 - - [09/Mar/2018:08:36:00 -0300] "GET /cormun/servlet/solicitudotcontratos?18f4e2cdbec6583f59f012187c841a537ad0d8150c2d5f4d52e0597edd27a6b092d03dd07278c7be56e6f67cecda34b8,gx-no-cache=1520595256021 HTTP/1.1" 200 30
186.103.159.182 - - [09/Mar/2018:08:36:00 -0300] "GET /cormun/servlet/solicitudotcontratos?18f4e2cdbec6583f59f012187c841a53a511aeadb5d104de1a7c30b7648962882d4923117647405707a9cb8835636b63213a2b37ad4cdc139626434484088d869036cc75c996a925b3bd6d1d2b959569bff4e2ad472eec3c758ffc6ce2d7fcfe18a6e803fde5d89b2f509fba6dab402d,gx-no-cache=1520595256511 HTTP/1.1" 200 30
186.103.159.182 - - [09/Mar/2018:08:36:01 -0300] "GET /cormun/servlet/solicitudotcontratos?18f4e2cdbec6583f59f012187c841a53f62cce9495c083bdb1d66d5fb93434fc15a69b2738961994c32595b52400818cf1d072f934fa7061fad740d527f697291729ec6c10ec2a8687c904039e4f91873ba58dcea8676a5ccf4bf73ac01953606a508d8fa35d1e183907d410e18b004b5efba594a31939d6113d3bdcabbf4beb2197bb72a6dc9388f7317ab8a9a7292939f0f78452390d56dec46d9f3b3cb8bce63927f55c3833a3871e766d2494db15f6e28affb59d56a8b0b63a1afe95ab22b49ce401f0fbe8e6353fc159cc22969af0e2f910501a2e7088c7a7b4cff5a2bbd5702023606e60012e9294d79c6591cd0e7ed4a507198b8c6e5aa72d358bc50af25ad27ee51d96a4205519b91d4937ef8653d6e1573259705129650605ab014a9b1d61d7dbc61da4f9148b88326f05ffc7066b04b3f29a6d1cba6718d3aaf22926f8e5158d6302cfe8cd8d259af30648183939206449961327f6ec07df1dcd96971376a787f84d0aa2ffeeadcee160b24fa1444b3f147dd5fbbf1af1ef52f677591cd26f4d8861bd74e5402fad60fdf9f6414f232869bd9fa4d815cd412b0c16af7282ccfc30eb3f8766a0759e8bf064,gx-no-cache=1520595256629 HTTP/1.1" 200 72
186.103.157.246 - - [09/Mar/2018:08:36:09 -0300] "GET /cormun/servlet/solicitudot?INS,0,0, HTTP/1.1" 200 13334
186.103.157.246 - - [09/Mar/2018:08:36:10 -0300] "GET /cormun/static/gxcfg.js?201812313224582 HTTP/1.1" 200 953
186.103.157.246 - - [09/Mar/2018:08:36:10 -0300] "GET /cormun/static/Resources/prompt.gif HTTP/1.1" 200 902
200.86.95.220 - - [09/Mar/2018:08:37:06 -0300] "GET /cormun/servlet/solicitudotadjuntos?37f23dc6224e3854295a0f31488c0560906ea330d34d61f4b38b1eeb86e3e7aa,gx-no-cache=1520595376810 HTTP/1.1" 200 30
200.86.95.220 - - [09/Mar/2018:08:37:06 -0300] "GET /cormun/servlet/solicitudotadjuntos?37f23dc6224e3854295a0f31488c0560906ea330d34d61f4b38b1eeb86e3e7aa,gx-no-cache=1520595377264 HTTP/1.1" 200 30
192.168.10.56 - - [09/Mar/2018:08:37:11 -0300] "GET /cormun/servlet/veautorizarot?2018,10207,, HTTP/1.1" 200 8390
192.168.10.56 - - [09/Mar/2018:08:37:11 -0300] "GET /cormun/static/gxcfg.js?20171115129438 HTTP/1.1" 200 953
192.168.10.56 - - [09/Mar/2018:08:37:11 -0300] "GET /cormun/pexe_scrolldiv.js HTTP/1.1" 404 1009
192.168.10.56 - - [09/Mar/2018:08:37:11 -0300] "GET /cormun/pexe_scrolldiv.js HTTP/1.1" 404 1009
192.168.10.56 - - [09/Mar/2018:08:37:11 -0300] "GET /cormun/static/veautorizarot.js?201711151294398 HTTP/1.1" 200 6707
192.168.10.56 - - [09/Mar/2018:08:37:11 -0300] "GET /cormun/static/tbautorizarot01.js?20171115128578 HTTP/1.1" 200 31227
192.168.10.56 - - [09/Mar/2018:08:37:11 -0300] "GET /cormun/servlet/veautorizarot?2018,10207,, HTTP/1.1" 200 8390
192.168.10.56 - - [09/Mar/2018:08:37:13 -0300] "GET /cormun/servlet/veautorizarot?2018,10207,,SolicitudOTLog HTTP/1.1" 200 9045
192.168.10.56 - - [09/Mar/2018:08:37:13 -0300] "GET /cormun/pexe_scrolldiv.js HTTP/1.1" 404 1009
192.168.10.56 - - [09/Mar/2018:08:37:13 -0300] "GET /cormun/static/tbautorizarot03.js?20177611582528 HTTP/1.1" 200 13332
192.168.10.56 - - [09/Mar/2018:08:37:13 -0300] "GET /cormun/pexe_scrolldiv.js HTTP/1.1" 404 1009
192.168.10.56 - - [09/Mar/2018:08:37:14 -0300] "GET /cormun/servlet/veautorizarot?2018,10207,,SolicitudOTLog HTTP/1.1" 200 9046
192.168.10.56 - - [09/Mar/2018:08:37:14 -0300] "POST /cormun/servlet/acontrolpreferencessavestate?None,PESCOBAR,true HTTP/1.1" 200 35
192.168.10.56 - - [09/Mar/2018:08:37:20 -0300] "GET /cormun/servlet/veautorizarot?2018,10207,,General HTTP/1.1" 200 8400
192.168.10.56 - - [09/Mar/2018:08:37:20 -0300] "GET /cormun/pexe_scrolldiv.js HTTP/1.1" 404 1009
192.168.10.56 - - [09/Mar/2018:08:37:20 -0300] "GET /cormun/pexe_scrolldiv.js HTTP/1.1" 404 1009
186.103.159.182 - - [09/Mar/2018:08:37:20 -0300] "POST /cormun/servlet/solicitudotcontratos?e25e6f784330fd7f31c804aa4e64915c,INS,2018,0,7924150,4,6,2018,1294,NADA,,4,B,,gx-no-cache=1520595330831 HTTP/1.1" 200 10776
192.168.10.56 - - [09/Mar/2018:08:37:20 -0300] "GET /cormun/servlet/veautorizarot?2018,10207,,General HTTP/1.1" 200 8400
186.103.159.182 - - [09/Mar/2018:08:37:21 -0300] "POST /cormun/servlet/solicitudotcontratos?gx-no-cache=1520595336730 HTTP/1.1" 200 1321
192.168.10.56 - - [09/Mar/2018:08:37:21 -0300] "POST /cormun/servlet/veautorizarot?11b9442431472047e4d7aecc8c7981a2,2018,10207,,General,gx-no-cache=1520595279943 HTTP/1.1" 200 93
186.103.159.182 - - [09/Mar/2018:08:37:21 -0300] "POST /cormun/servlet/solicitudotcontratos?gx-no-cache=1520595337556 HTTP/1.1" 200 1219
192.168.10.56 - - [09/Mar/2018:08:37:21 -0300] "GET /cormun/servlet/hpexe_return? HTTP/1.1" 200 1017
192.168.10.56 - - [09/Mar/2018:08:37:22 -0300] "GET /cormun/servlet/trautorizarot? HTTP/1.1" 200 20096
186.103.159.182 - - [09/Mar/2018:08:37:22 -0300] "GET /cormun/servlet/solicitudotcontratos?18f4e2cdbec6583f59f012187c841a538734c3668683190f174a3c265c06b04ebe5c2307064fd1fe969b5a101c2488a12e400deb597b907cfb23b8b594380ea1c1368386a8e8489bfdb2fe347baa7b7001407277596938b2012e65eeff877a11ed74a8085d9a7907b0af75ba831ca6cacf00737ad31aae34846e80e8cda509d3,gx-no-cache=1520595338133 HTTP/1.1" 200 30
192.168.10.56 - - [09/Mar/2018:08:37:22 -0300] "GET /cormun/servlet/trautorizarot? HTTP/1.1" 200 20091
186.103.159.182 - - [09/Mar/2018:08:37:30 -0300] "POST /cormun/servlet/solicitudotcontratos?e25e6f784330fd7f31c804aa4e64915c,INS,2018,0,7924150,4,6,2018,1294,NADA,,4,B,,gx-no-cache=1520595338663 HTTP/1.1" 200 93
186.103.159.182 - - [09/Mar/2018:08:37:30 -0300] "GET /cormun/servlet/hpexe_return? HTTP/1.1" 200 1042
186.103.159.182 - - [09/Mar/2018:08:37:30 -0300] "GET /cormun/servlet/trcontratosolicitud HTTP/1.1" 200 14908
186.103.159.182 - - [09/Mar/2018:08:37:33 -0300] "GET /cormun/servlet/trcontratosolicitud HTTP/1.1" 200 14896
192.168.10.50 - - [09/Mar/2018:08:37:38 -0300] "POST /cormun/servlet/trsolicitudgral?ce049adf1501c0d489570ce6ebc8646f,,gx-no-cache=1520595296005 HTTP/1.1" 200 11047
200.86.95.220 - - [09/Mar/2018:08:38:12 -0300] "POST /cormun/servlet/solicitudotadjuntos?92a27c2db95808543fa581173fa0d235,INS,2018,10323,,1, HTTP/1.1" 200 116
200.86.95.220 - - [09/Mar/2018:08:38:12 -0300] "GET /cormun/servlet/hpexe_return? HTTP/1.1" 200 1023
200.86.95.220 - - [09/Mar/2018:08:38:13 -0300] "GET /cormun/servlet/trsolicitudadjuntos?2018,10323, HTTP/1.1" 200 8673
200.86.95.220 - - [09/Mar/2018:08:38:15 -0300] "GET /cormun/servlet/trsolicitudadjuntos?2018,10323, HTTP/1.1" 200 8672
200.86.95.220 - - [09/Mar/2018:08:38:18 -0300] "GET /cormun/servlet/solicitudotadjuntos?INS,2018,10323,,1, HTTP/1.1" 200 5992
186.103.159.182 - - [09/Mar/2018:08:38:18 -0300] "GET /cormun/servlet/solicitudotcontratos?INS,2018,0,17506712,4,2,2018,2356,NADA,,44,*, HTTP/1.1" 200 9993
200.86.95.220 - - [09/Mar/2018:08:38:19 -0300] "GET /cormun/static/about:blank HTTP/1.1" 404 1011
200.86.95.220 - - [09/Mar/2018:08:38:19 -0300] "GET /cormun/servlet/solicitudotadjuntos?INS,2018,10323,,1, HTTP/1.1" 200 5985
200.86.95.220 - - [09/Mar/2018:08:38:20 -0300] "GET /cormun/servlet/solicitudotadjuntos?37f23dc6224e3854295a0f31488c0560dcd1f28b077bacc02a0e360399dfa021b5c710c4eb44453c6de9e005da51e20f,gx-no-cache=1520595451532 HTTP/1.1" 200 30
186.103.159.182 - - [09/Mar/2018:08:38:20 -0300] "GET /cormun/servlet/solicitudotcontratos?INS,2018,0,17506712,4,2,2018,2356,NADA,,44,*, HTTP/1.1" 200 10022
186.103.159.182 - - [09/Mar/2018:08:38:20 -0300] "GET /cormun/servlet/solicitudotcontratos?18f4e2cdbec6583f59f012187c841a5319771f937f3b5c02fa41b7c6f659380710cf08d69c18b694ca3996fdb28d51b9,gx-no-cache=1520595397106 HTTP/1.1" 200 30
200.86.95.220 - - [09/Mar/2018:08:38:21 -0300] "POST /cormun/servlet/solicitudotadjuntos?92a27c2db95808543fa581173fa0d235,INS,2018,10323,,1,,gx-no-cache=1520595451638 HTTP/1.1" 200 3794
186.103.159.182 - - [09/Mar/2018:08:38:21 -0300] "GET /cormun/servlet/solicitudotcontratos?18f4e2cdbec6583f59f012187c841a5304f11c097694dc2d8ff0bbe8a3d2522ae05276d1512ca03f68262119675b509c,gx-no-cache=1520595397191 HTTP/1.1" 200 30
186.103.159.182 - - [09/Mar/2018:08:38:21 -0300] "GET /cormun/servlet/solicitudotcontratos?18f4e2cdbec6583f59f012187c841a535b2b68ad973d3448d47945fc1fbf4950f339849c068612979fe17eb25e7090e2d1432f89acdf49990f14ddbf9ad1f884a85a9be12eb4e9d350eb2a9a3e32c0f1cfee3bc10396c583b1ed27078ac251fe1272347f809ed410c7b61031e52be70f83525cc41243015a5e08ad0d08d6d906,gx-no-cache=1520595397679 HTTP/1.1" 200 48
186.103.159.182 - - [09/Mar/2018:08:38:22 -0300] "GET /cormun/servlet/solicitudotcontratos?18f4e2cdbec6583f59f012187c841a534fe386f800a958ae331dac660e59c2f28886d0e9eed071b652bf8d71da43aa7f,gx-no-cache=1520595398198 HTTP/1.1" 200 30
186.103.159.182 - - [09/Mar/2018:08:38:22 -0300] "GET /cormun/servlet/solicitudotcontratos?18f4e2cdbec6583f59f012187c841a53a511aeadb5d104de1a7c30b7648962882d4923117647405707a9cb8835636b63213a2b37ad4cdc139626434484088d869036cc75c996a925b3bd6d1d2b9595693a9f3b6e6a8bb1a66fc5e1c606fb7e2d18a6e803fde5d89b2f509fba6dab402d,gx-no-cache=1520595398293 HTTP/1.1" 200 30
186.103.159.182 - - [09/Mar/2018:08:38:23 -0300] "GET /cormun/servlet/solicitudotcontratos?18f4e2cdbec6583f59f012187c841a53f62cce9495c083bdb1d66d5fb93434fc15a69b2738961994c32595b52400818cf1d072f934fa7061fad740d527f697291729ec6c10ec2a8687c904039e4f91873ba58dcea8676a5ccf4bf73ac01953606a508d8fa35d1e183907d410e18b004b5efba594a31939d6113d3bdcabbf4beb2197bb72a6dc9388f7317ab8a9a7292939f0f78452390d56dec46d9f3b3cb8bce63927f55c3833a3871e766d2494db15f6e28affb59d56a8b0b63a1afe95ab22b49ce401f0fbe8e6353fc159cc22969af0e2f910501a2e7088c7a7b4cff5a2bbd5702023606e60012e9294d79c6591cd0e7ed4a507198b8c6e5aa72d358bc50af25ad27ee51d96a4205519b91d4937ef8653d6e1573259705129650605ab014a9b1d61d7dbc61da4f9148b88326f05ffc7066b04b3f29a6d1cba6718d3aaf22926f8e5158d6302cfe8cd8d259af30648183939206449961327f6ec07df1dcd96971376a787f84d0aa2ffeeadcee160b24fa1444b3f147dd5fbbf1af1ef52f677591cd26f4d8861bd74e5402fad60fdf9f6414f232869bd9fa4d815cd412b0c16af7282ccfc30eb3f8766a0759e8bf064,gx-no-cache=1520595398415 HTTP/1.1" 200 72
200.86.95.220 - - [09/Mar/2018:08:38:23 -0300] "POST /cormun/servlet/solicitudotadjuntos?gx-no-cache=1520595454931 HTTP/1.1" 200 26
200.86.95.220 - - [09/Mar/2018:08:38:31 -0300] "GET /cormun/servlet/solicitudotadjuntos?37f23dc6224e3854295a0f31488c0560906ea330d34d61f4b38b1eeb86e3e7aa,gx-no-cache=1520595462148 HTTP/1.1" 200 30
200.86.95.220 - - [09/Mar/2018:08:38:31 -0300] "GET /cormun/servlet/solicitudotadjuntos?37f23dc6224e3854295a0f31488c0560906ea330d34d61f4b38b1eeb86e3e7aa,gx-no-cache=1520595462526 HTTP/1.1" 200 30
200.86.95.220 - - [09/Mar/2018:08:38:41 -0300] "POST /cormun/servlet/solicitudotadjuntos?92a27c2db95808543fa581173fa0d235,INS,2018,10323,,1, HTTP/1.1" 200 116
200.86.95.220 - - [09/Mar/2018:08:38:41 -0300] "GET /cormun/servlet/hpexe_return? HTTP/1.1" 200 1023
200.86.95.220 - - [09/Mar/2018:08:38:41 -0300] "GET /cormun/servlet/trsolicitudadjuntos?2018,10323, HTTP/1.1" 200 8849
200.86.95.220 - - [09/Mar/2018:08:38:43 -0300] "GET /cormun/servlet/trsolicitudadjuntos?2018,10323, HTTP/1.1" 200 8848
200.86.95.220 - - [09/Mar/2018:08:38:47 -0300] "GET /cormun/servlet/solicitudotadjuntos?INS,2018,10323,,1, HTTP/1.1" 200 5993
200.86.95.220 - - [09/Mar/2018:08:38:48 -0300] "GET /cormun/static/about:blank HTTP/1.1" 404 1011
200.86.95.220 - - [09/Mar/2018:08:38:48 -0300] "GET /cormun/servlet/solicitudotadjuntos?INS,2018,10323,,1, HTTP/1.1" 200 5986
200.86.95.220 - - [09/Mar/2018:08:38:49 -0300] "GET /cormun/servlet/solicitudotadjuntos?37f23dc6224e3854295a0f31488c0560dcd1f28b077bacc02a0e360399dfa021b5c710c4eb44453c6de9e005da51e20f,gx-no-cache=1520595480559 HTTP/1.1" 200 30
200.86.95.220 - - [09/Mar/2018:08:38:50 -0300] "POST /cormun/servlet/solicitudotadjuntos?92a27c2db95808543fa581173fa0d235,INS,2018,10323,,1,,gx-no-cache=1520595480656 HTTP/1.1" 200 3794
200.86.95.220 - - [09/Mar/2018:08:38:54 -0300] "POST /cormun/servlet/solicitudotadjuntos?gx-no-cache=1520595485161 HTTP/1.1" 200 26
200.86.95.220 - - [09/Mar/2018:08:39:00 -0300] "GET /cormun/servlet/solicitudotadjuntos?37f23dc6224e3854295a0f31488c0560906ea330d34d61f4b38b1eeb86e3e7aa,gx-no-cache=1520595491171 HTTP/1.1" 200 30
200.86.95.220 - - [09/Mar/2018:08:39:00 -0300] "GET /cormun/servlet/solicitudotadjuntos?37f23dc6224e3854295a0f31488c0560906ea330d34d61f4b38b1eeb86e3e7aa,gx-no-cache=1520595491252 HTTP/1.1" 200 30
186.103.157.246 - - [09/Mar/2018:08:39:22 -0300] "GET /cormun/static/solicitudot.js?201812313224831 HTTP/1.1" 200 72336
186.103.157.246 - - [09/Mar/2018:08:39:23 -0300] "GET /cormun/servlet/solicitudot?INS,0,0, HTTP/1.1" 200 13340
200.86.95.220 - - [09/Mar/2018:08:39:40 -0300] "POST /cormun/servlet/solicitudotadjuntos?92a27c2db95808543fa581173fa0d235,INS,2018,10323,,1, HTTP/1.1" 200 116
200.86.95.220 - - [09/Mar/2018:08:39:40 -0300] "GET /cormun/servlet/hpexe_return? HTTP/1.1" 200 1023
200.86.95.220 - - [09/Mar/2018:08:39:41 -0300] "GET /cormun/servlet/trsolicitudadjuntos?2018,10323, HTTP/1.1" 200 9026
200.86.95.220 - - [09/Mar/2018:08:39:43 -0300] "GET /cormun/servlet/trsolicitudadjuntos?2018,10323, HTTP/1.1" 200 9020
200.86.95.220 - - [09/Mar/2018:08:39:55 -0300] "GET /cormun/servlet/solicitudotadjuntos?INS,2018,10323,,1, HTTP/1.1" 200 5993
200.86.95.220 - - [09/Mar/2018:08:39:56 -0300] "GET /cormun/static/about:blank HTTP/1.1" 404 1011
200.86.95.220 - - [09/Mar/2018:08:39:57 -0300] "GET /cormun/servlet/solicitudotadjuntos?37f23dc6224e3854295a0f31488c0560dcd1f28b077bacc02a0e360399dfa021b5c710c4eb44453c6de9e005da51e20f,gx-no-cache=1520595548031 HTTP/1.1" 200 30
200.86.95.220 - - [09/Mar/2018:08:39:57 -0300] "POST /cormun/servlet/solicitudotadjuntos?92a27c2db95808543fa581173fa0d235,INS,2018,10323,,1,,gx-no-cache=1520595548228 HTTP/1.1" 200 3794
200.86.95.220 - - [09/Mar/2018:08:40:00 -0300] "POST /cormun/servlet/solicitudotadjuntos?gx-no-cache=1520595551942 HTTP/1.1" 200 26
200.86.95.220 - - [09/Mar/2018:08:40:03 -0300] "GET /cormun/servlet/solicitudotadjuntos?INS,2018,10323,,1, HTTP/1.1" 200 5986
200.86.95.220 - - [09/Mar/2018:08:40:08 -0300] "GET /cormun/servlet/solicitudotadjuntos?37f23dc6224e3854295a0f31488c0560906ea330d34d61f4b38b1eeb86e3e7aa,gx-no-cache=1520595560047 HTTP/1.1" 200 30
200.86.95.220 - - [09/Mar/2018:08:40:09 -0300] "GET /cormun/servlet/solicitudotadjuntos?37f23dc6224e3854295a0f31488c0560906ea330d34d61f4b38b1eeb86e3e7aa,gx-no-cache=1520595560142 HTTP/1.1" 200 30
186.103.159.182 - - [09/Mar/2018:08:40:12 -0300] "POST /cormun/servlet/solicitudotcontratos?e25e6f784330fd7f31c804aa4e64915c,INS,2018,0,17506712,4,2,2018,2356,NADA,,44,*,,gx-no-cache=1520595507178 HTTP/1.1" 200 10779
186.103.159.182 - - [09/Mar/2018:08:40:12 -0300] "POST /cormun/servlet/solicitudotcontratos?gx-no-cache=1520595508878 HTTP/1.1" 200 1321
186.103.159.182 - - [09/Mar/2018:08:40:13 -0300] "POST /cormun/servlet/solicitudotcontratos?gx-no-cache=1520595509091 HTTP/1.1" 200 1218
186.103.159.182 - - [09/Mar/2018:08:40:13 -0300] "GET /cormun/servlet/solicitudotcontratos?18f4e2cdbec6583f59f012187c841a538734c3668683190f174a3c265c06b04ebe5c2307064fd1fe969b5a101c2488a12e400deb597b907cfb23b8b594380ea1c1368386a8e8489bfdb2fe347baa7b7001407277596938b2012e65eeff877a11ed74a8085d9a7907b0af75ba831ca6cacf00737ad31aae34846e80e8cda509d3,gx-no-cache=1520595509741 HTTP/1.1" 200 30
186.103.159.182 - - [09/Mar/2018:08:40:15 -0300] "POST /cormun/servlet/solicitudotcontratos?e25e6f784330fd7f31c804aa4e64915c,INS,2018,0,17506712,4,2,2018,2356,NADA,,44,*,,gx-no-cache=1520595509882 HTTP/1.1" 200 93
186.103.159.182 - - [09/Mar/2018:08:40:15 -0300] "GET /cormun/servlet/hpexe_return? HTTP/1.1" 200 1044
186.103.159.182 - - [09/Mar/2018:08:40:15 -0300] "GET /cormun/servlet/trcontratosolicitud HTTP/1.1" 200 14905
186.103.159.182 - - [09/Mar/2018:08:40:17 -0300] "GET /cormun/servlet/trcontratosolicitud HTTP/1.1" 200 14899
200.86.95.220 - - [09/Mar/2018:08:40:52 -0300] "POST /cormun/servlet/solicitudotadjuntos?92a27c2db95808543fa581173fa0d235,INS,2018,10323,,1, HTTP/1.1" 200 116
200.86.95.220 - - [09/Mar/2018:08:40:52 -0300] "GET /cormun/servlet/hpexe_return? HTTP/1.1" 200 1023
200.86.95.220 - - [09/Mar/2018:08:40:53 -0300] "GET /cormun/servlet/trsolicitudadjuntos?2018,10323, HTTP/1.1" 200 9288
200.86.95.220 - - [09/Mar/2018:08:40:55 -0300] "GET /cormun/servlet/trsolicitudadjuntos?2018,10323, HTTP/1.1" 200 9284
200.86.95.220 - - [09/Mar/2018:08:40:58 -0300] "GET /cormun/servlet/solicitudotadjuntos?INS,2018,10323,,1, HTTP/1.1" 200 5992
200.86.95.220 - - [09/Mar/2018:08:40:58 -0300] "GET /cormun/static/about:blank HTTP/1.1" 404 1011
200.86.95.220 - - [09/Mar/2018:08:40:59 -0300] "GET /cormun/servlet/solicitudotadjuntos?INS,2018,10323,,1, HTTP/1.1" 200 5985
200.86.95.220 - - [09/Mar/2018:08:41:03 -0300] "GET /cormun/servlet/solicitudotadjuntos?37f23dc6224e3854295a0f31488c0560dcd1f28b077bacc02a0e360399dfa021b5c710c4eb44453c6de9e005da51e20f,gx-no-cache=1520595611179 HTTP/1.1" 200 30
200.86.95.220 - - [09/Mar/2018:08:41:03 -0300] "POST /cormun/servlet/solicitudotadjuntos?92a27c2db95808543fa581173fa0d235,INS,2018,10323,,1,,gx-no-cache=1520595614355 HTTP/1.1" 200 3792
200.86.95.220 - - [09/Mar/2018:08:41:06 -0300] "POST /cormun/servlet/solicitudotadjuntos?gx-no-cache=1520595616833 HTTP/1.1" 200 26
186.103.159.182 - - [09/Mar/2018:08:41:25 -0300] "GET /cormun/servlet/solicitudotcontratos?INS,2018,0,16882376,2,2,2018,1295,LEY+SEP,,30,*, HTTP/1.1" 200 9983
186.103.159.182 - - [09/Mar/2018:08:41:26 -0300] "GET /cormun/servlet/solicitudotcontratos?INS,2018,0,16882376,2,2,2018,1295,LEY+SEP,,30,*, HTTP/1.1" 200 10015
186.103.159.182 - - [09/Mar/2018:08:41:27 -0300] "GET /cormun/servlet/solicitudotcontratos?18f4e2cdbec6583f59f012187c841a535d9cefef3d2b6f9e6ad0526d380d4aa010cf08d69c18b694ca3996fdb28d51b9,gx-no-cache=1520595583396 HTTP/1.1" 200 30
186.103.159.182 - - [09/Mar/2018:08:41:27 -0300] "GET /cormun/servlet/solicitudotcontratos?18f4e2cdbec6583f59f012187c841a53c1286e62ff3f5a376f1f5706484db3bde05276d1512ca03f68262119675b509c,gx-no-cache=1520595583479 HTTP/1.1" 200 30
186.103.159.182 - - [09/Mar/2018:08:41:27 -0300] "GET /cormun/servlet/solicitudotcontratos?18f4e2cdbec6583f59f012187c841a535b2b68ad973d3448d47945fc1fbf49508043d44f338df822440fa2db760bdd7bd1432f89acdf49990f14ddbf9ad1f88476f513ba8783b3770c5bc904f646fbf2cfee3bc10396c583b1ed27078ac251fe1272347f809ed410c7b61031e52be70f83525cc41243015a5e08ad0d08d6d906,gx-no-cache=1520595583556 HTTP/1.1" 200 48
186.103.159.182 - - [09/Mar/2018:08:41:27 -0300] "GET /cormun/servlet/solicitudotcontratos?18f4e2cdbec6583f59f012187c841a531d4285fdb2ad30752454ab6e1635a6891f9bf8ae855e194ff7bc1830bf18f8ad,gx-no-cache=1520595583674 HTTP/1.1" 200 30
186.103.159.182 - - [09/Mar/2018:08:41:27 -0300] "GET /cormun/servlet/solicitudotcontratos?18f4e2cdbec6583f59f012187c841a53a511aeadb5d104de1a7c30b7648962882d4923117647405707a9cb8835636b63213a2b37ad4cdc139626434484088d869036cc75c996a925b3bd6d1d2b9595693a9f3b6e6a8bb1a66fc5e1c606fb7e2d18a6e803fde5d89b2f509fba6dab402d,gx-no-cache=1520595583783 HTTP/1.1" 200 30
186.103.159.182 - - [09/Mar/2018:08:41:28 -0300] "GET /cormun/servlet/solicitudotcontratos?18f4e2cdbec6583f59f012187c841a53f62cce9495c083bdb1d66d5fb93434fc15a69b2738961994c32595b52400818cc235125932fbfaec056228e6ea53e16a213a2b37ad4cdc139626434484088d86959ed092384b49d10480ab662cb32d27517fa9625a0c2d239bc0e73ed4ac848f4671b0b9f3be11027e39862c1491a15fef07d61fe7c45b91902e18f26158cb98d9cd5116b04bf8d58bdcf43af6f1ab02c235125932fbfaec056228e6ea53e16aca3864efad2ab3f5729d8894d28173e17cc14b1d70923fb865e3d4db2011e3150562104ae3822ca50cf674e3dfb28623c08182899d178226bc3d6772d10414279edf5e15eed24c3b486c0d6cd4129ee1297b580b9de0f47e794cf1cfc8d37592eaf57b418aed0faa6f45c44cbfaf729fbeffce3031536dd4523b98c6535c7061c4f55b30fc5ef7a3df7668ef6f59145babe6cd51d72ad9f6893e6a6d32bf03215e7e32cb17a33fb1f7a0f2a327321b5a197d5621e1affceeff8ec92ff42d0b36d34da98d19dab962323a312419a27150548f5489a366463b02211e69c62b628094d793ee9382ef78bbd606949b8dba9ca2c655ec599df4306b0b35d6b05999d5,gx-no-cache=1520595583904 HTTP/1.1" 200 79
186.103.159.182 - - [09/Mar/2018:08:41:33 -0300] "POST /cormun/servlet/solicitudotcontratos?e25e6f784330fd7f31c804aa4e64915c,INS,2018,0,16882376,2,2,2018,1295,LEY+SEP,,30,*,,gx-no-cache=1520595588443 HTTP/1.1" 200 10769
186.103.159.182 - - [09/Mar/2018:08:41:36 -0300] "POST /cormun/servlet/solicitudotcontratos?gx-no-cache=1520595590016 HTTP/1.1" 200 1321
186.103.159.182 - - [09/Mar/2018:08:41:36 -0300] "POST /cormun/servlet/solicitudotcontratos?gx-no-cache=1520595592461 HTTP/1.1" 200 1218
186.103.159.182 - - [09/Mar/2018:08:41:37 -0300] "GET /cormun/servlet/solicitudotcontratos?18f4e2cdbec6583f59f012187c841a538734c3668683190f174a3c265c06b04ebe5c2307064fd1fe969b5a101c2488a12e400deb597b907cfb23b8b594380ea1c1368386a8e8489bfdb2fe347baa7b7001407277596938b2012e65eeff877a11ed74a8085d9a7907b0af75ba831ca6cacf00737ad31aae34846e80e8cda509d3,gx-no-cache=1520595593237 HTTP/1.1" 200 30
186.103.159.182 - - [09/Mar/2018:08:41:45 -0300] "POST /cormun/servlet/solicitudotcontratos?e25e6f784330fd7f31c804aa4e64915c,INS,2018,0,16882376,2,2,2018,1295,LEY+SEP,,30,*,,gx-no-cache=1520595593352 HTTP/1.1" 200 93
200.86.95.220 - - [09/Mar/2018:08:41:48 -0300] "GET /cormun/servlet/solicitudotadjuntos?37f23dc6224e3854295a0f31488c0560906ea330d34d61f4b38b1eeb86e3e7aa,gx-no-cache=1520595659746 HTTP/1.1" 200 30
200.86.95.220 - - [09/Mar/2018:08:41:48 -0300] "GET /cormun/servlet/solicitudotadjuntos?37f23dc6224e3854295a0f31488c0560906ea330d34d61f4b38b1eeb86e3e7aa,gx-no-cache=1520595659911 HTTP/1.1" 200 30
186.103.159.182 - - [09/Mar/2018:08:41:59 -0300] "GET /cormun/servlet/hpexe_return? HTTP/1.1" 200 1047
186.103.159.182 - - [09/Mar/2018:08:42:19 -0300] "GET /cormun/servlet/trcontratosolicitud HTTP/1.1" 200 14903
200.86.95.220 - - [09/Mar/2018:08:42:20 -0300] "POST /cormun/servlet/solicitudotadjuntos?92a27c2db95808543fa581173fa0d235,INS,2018,10323,,1, HTTP/1.1" 200 6702
186.103.159.182 - - [09/Mar/2018:08:42:21 -0300] "GET /cormun/servlet/trcontratosolicitud HTTP/1.1" 200 14899
186.103.159.182 - - [09/Mar/2018:08:43:57 -0300] "POST /cormun/servlet/trcontratosolicitud?e25e6f784330fd7f31c804aa4e64915c,gx-no-cache=1520595731567 HTTP/1.1" 200 12540
200.86.95.220 - - [09/Mar/2018:08:45:10 -0300] "POST /cormun/servlet/solicitudotadjuntos?92a27c2db95808543fa581173fa0d235,INS,2018,10323,,1, HTTP/1.1" 200 116
200.86.95.220 - - [09/Mar/2018:08:45:11 -0300] "GET /cormun/servlet/hpexe_return? HTTP/1.1" 200 1023
200.86.95.220 - - [09/Mar/2018:08:45:12 -0300] "GET /cormun/servlet/trsolicitudadjuntos?2018,10323, HTTP/1.1" 200 9556
200.86.95.220 - - [09/Mar/2018:08:45:14 -0300] "GET /cormun/servlet/trsolicitudadjuntos?2018,10323, HTTP/1.1" 200 9553
200.86.95.220 - - [09/Mar/2018:08:45:19 -0300] "POST /cormun/servlet/trsolicitudadjuntos?92a27c2db95808543fa581173fa0d235,2018,10323,,gx-no-cache=1520595869471 HTTP/1.1" 200 90
200.86.95.220 - - [09/Mar/2018:08:45:19 -0300] "GET /cormun/servlet/hpexe_link HTTP/1.1" 200 966
200.86.95.220 - - [09/Mar/2018:08:45:19 -0300] "GET /cormun/servlet/trsolicitudot HTTP/1.1" 200 8919
