186.67.172.234 - - [09/Mar/2018:09:26:52 -0300] "GET /cormun/servlet/licenciaspermisos?a4164b2522f0d63020fd524fac70b69a4979ae45891a39a28598be36ab77f405a9ba5b4b014e41e805d9eade1418a05b210e916a876020fe92ff486883923adb17562d81e33cbc7bdfcbd0242544d743fa7a6de4c208ba89e603764c367dfbf2348ae53cda1b9b66cbfdc2cb983536db716e91daf8fd78c71dedcd102b9820d8f8687fdf0cb24875b31d2905d4941ad0cf352e967d2222127b2003a580efeca36ea34b4aa0dcacbfc3702f9f3f490968,gx-no-cache=1520598362520 HTTP/1.1" 200 30
190.151.100.218 - - [09/Mar/2018:09:26:52 -0300] "POST /cormun/servlet/solicitudot?gx-no-cache=1520598364418 HTTP/1.1" 200 1318
186.67.172.234 - - [09/Mar/2018:09:26:52 -0300] "GET /cormun/servlet/licenciaspermisos?a4164b2522f0d63020fd524fac70b69ab5d1b0d97eab5f9c9a4dc549c389464295d0296484ed4be937705fcff90ae3cf7b333adacac87e60b26679f9394d88fbb20d7cc31180f416bfd9147eb50e0ece8fc148cb727aa8047e73a4ff67d75a0a9541060b253f0a480ee4d2e7cdfeb41fb0436a12111c6da0b52cf99aa596d6b87fa1c784884dce0005f8c3317aa6c21e0d2c74495a19e1bb463c49eb27c25249cdca70eabd502d2f535919d4f87992f7,gx-no-cache=1520598362637 HTTP/1.1" 200 29
190.151.100.218 - - [09/Mar/2018:09:26:53 -0300] "POST /cormun/servlet/solicitudot?gx-no-cache=1520598365239 HTTP/1.1" 200 1219
190.151.100.218 - - [09/Mar/2018:09:26:53 -0300] "GET /cormun/servlet/solicitudot?42002d03490e3cdc61249b50ab449e03818f6d775cc7ac0c59cb5ecb97feb539abb9f8b5559540fb7754501b39fe7e11,gx-no-cache=1520598366483 HTTP/1.1" 200 30
186.67.172.234 - - [09/Mar/2018:09:26:54 -0300] "POST /cormun/servlet/licenciaspermisos?28f5fa0af95a7ca3f46328b74600fc43,INS,0,,,,gx-no-cache=1520598363270 HTTP/1.1" 200 93
186.67.172.234 - - [09/Mar/2018:09:26:54 -0300] "GET /cormun/servlet/hpexe_return? HTTP/1.1" 200 1011
186.67.172.234 - - [09/Mar/2018:09:26:54 -0300] "GET /cormun/servlet/trlicencias HTTP/1.1" 200 10273
186.67.172.234 - - [09/Mar/2018:09:26:55 -0300] "GET /cormun/servlet/trlicencias HTTP/1.1" 200 10268
190.151.100.218 - - [09/Mar/2018:09:26:59 -0300] "POST /cormun/servlet/solicitudot?gx-no-cache=1520598371697 HTTP/1.1" 200 30
186.67.172.234 - - [09/Mar/2018:09:27:02 -0300] "GET /cormun/servlet/trlicenciaspermisosadjuntos?18039691,20180309000000,L, HTTP/1.1" 200 6294
186.67.172.234 - - [09/Mar/2018:09:27:02 -0300] "GET /cormun/static/gxcfg.js?20177612163414 HTTP/1.1" 200 953
186.67.172.234 - - [09/Mar/2018:09:27:03 -0300] "GET /cormun/servlet/trlicenciaspermisosadjuntos?18039691,20180309000000,L, HTTP/1.1" 200 6295
192.168.10.56 - - [09/Mar/2018:09:27:07 -0300] "POST /cormun/servlet/trsolicitudgral?11b9442431472047e4d7aecc8c7981a2,gx-no-cache=1520597068928,gx-no-cache=1520598265079 HTTP/1.1" 200 17427
192.168.10.56 - - [09/Mar/2018:09:27:07 -0300] "GET /cormun/static/Shared/jqueryui/images/ui-bg_highlight-soft_100_c6c2c8_1x100.png HTTP/1.1" 404 1117
192.168.10.56 - - [09/Mar/2018:09:27:07 -0300] "GET /cormun/static/Shared/jqueryui/images/ui-icons_82798d_256x240.png HTTP/1.1" 404 1089
192.168.10.56 - - [09/Mar/2018:09:27:07 -0300] "GET /cormun/static/Shared/jqueryui/images/ui-bg_flat_55_fafafa_40x100.png HTTP/1.1" 404 1097
192.168.10.56 - - [09/Mar/2018:09:27:07 -0300] "GET /cormun/static/Shared/jqueryui/images/ui-icons_8d78a5_256x240.png HTTP/1.1" 404 1089
186.67.172.234 - - [09/Mar/2018:09:27:08 -0300] "POST /cormun/servlet/trlicenciaspermisosadjuntos?28f5fa0af95a7ca3f46328b74600fc43,18039691,20180309000000,L,,gx-no-cache=1520598378640 HTTP/1.1" 200 90
186.67.172.234 - - [09/Mar/2018:09:27:08 -0300] "GET /cormun/servlet/hpexe_link HTTP/1.1" 200 982
186.67.172.234 - - [09/Mar/2018:09:27:09 -0300] "GET /cormun/servlet/trlicencias HTTP/1.1" 200 10270
186.67.172.234 - - [09/Mar/2018:09:27:09 -0300] "GET /cormun/servlet/trlicencias HTTP/1.1" 200 10268
186.103.159.182 - - [09/Mar/2018:09:27:19 -0300] "GET /cormun/servlet/fichaempleado?UPD,13718092, HTTP/1.1" 200 6194
186.103.159.182 - - [09/Mar/2018:09:27:19 -0300] "GET /cormun/static/gxcfg.js?20176282043676 HTTP/1.1" 200 953
186.103.159.182 - - [09/Mar/2018:09:27:19 -0300] "GET /cormun/static/fichaempleado.js?2017628204374 HTTP/1.1" 200 17534
186.103.159.182 - - [09/Mar/2018:09:27:19 -0300] "GET /cormun/static/Resources/Spanish/PXTools.css?17315867 HTTP/1.1" 200 89042
186.103.159.182 - - [09/Mar/2018:09:27:21 -0300] "GET /cormun/servlet/fichaempleado?UPD,13718092, HTTP/1.1" 200 6195
186.67.172.234 - - [09/Mar/2018:09:27:30 -0300] "GET /cormun/servlet/trlicenciaspermisosadjuntos?18039691,20180309000000,L, HTTP/1.1" 200 6294
186.67.172.234 - - [09/Mar/2018:09:27:30 -0300] "GET /cormun/servlet/trlicenciaspermisosadjuntos?18039691,20180309000000,L, HTTP/1.1" 200 6295
192.168.10.56 - - [09/Mar/2018:09:27:32 -0300] "POST /cormun/servlet/trsolicitudgral?11b9442431472047e4d7aecc8c7981a2,gx-no-cache=1520597068928,gx-no-cache=1520598289757 HTTP/1.1" 200 17133
186.67.172.234 - - [09/Mar/2018:09:27:33 -0300] "GET /cormun/servlet/licenciaspermisosadjuntos?INS,18039691,L,20180309000000,, HTTP/1.1" 200 5592
186.67.172.234 - - [09/Mar/2018:09:27:33 -0300] "GET /cormun/static/gxcfg.js?2017761263592 HTTP/1.1" 200 953
186.67.172.234 - - [09/Mar/2018:09:27:33 -0300] "GET /cormun/static/about:blank HTTP/1.1" 404 1011
186.67.172.234 - - [09/Mar/2018:09:27:34 -0300] "GET /cormun/servlet/licenciaspermisosadjuntos?INS,18039691,L,20180309000000,, HTTP/1.1" 200 5581
192.168.10.56 - - [09/Mar/2018:09:27:37 -0300] "POST /cormun/servlet/trsolicitudgral?11b9442431472047e4d7aecc8c7981a2,gx-no-cache=1520597068928,gx-no-cache=1520598294842 HTTP/1.1" 200 16847
200.120.230.197 - - [09/Mar/2018:09:27:43 -0300] "GET /cormun/servlet/prbanco?,MD,,gxPopupLevel%3D0%3B HTTP/1.1" 200 6674
192.168.10.56 - - [09/Mar/2018:09:27:46 -0300] "GET /cormun/servlet/solicitudgral2?UPD,2018,10014, HTTP/1.1" 200 13022
192.168.10.56 - - [09/Mar/2018:09:27:47 -0300] "GET /cormun/servlet/solicitudgral2?UPD,2018,10014, HTTP/1.1" 200 13010
200.120.230.197 - - [09/Mar/2018:09:27:47 -0300] "GET /cormun/servlet/solicitudot?60a4dcbb587529e8855b10ae7f2dc8b25fa3adcafcf081b82be2186104dc559485ca15b8925f54b16cc0cddbca1e371122e710a537c0e134b53f21a01bc470dc,gx-no-cache=1520598420460 HTTP/1.1" 200 30
192.168.10.56 - - [09/Mar/2018:09:27:47 -0300] "POST /cormun/servlet/solicitudgral2?gx-no-cache=1520598305618 HTTP/1.1" 200 3903
192.168.10.56 - - [09/Mar/2018:09:27:47 -0300] "GET /cormun/servlet/solicitudgral2?b3ce022a31f8c71ccde95f6be9cdb7cf123ed747e2315fabc7bacf75fcbc7ad68ba8ee7052408e57de750330d938bd05c84823b4e2593500ac9c14941171444744d5ec1625883714bd554285740d50dc34f0a79f2476bd9934f831a9affd637abc1f1eaf16f7cb775a2e1f2bfb2304d882924fcadc4bf9f149a9f25093794eb4e315c6259ffca448b6566c83411bbef873e2f29cdc905c06df4452d81ef898bcacfddc6c03ee702e0577e9da5e68dc202416a6987d83fd59384ac526af3bd1b98a1df5d49fd1b6c49d2b2ff57ce9b3638585edaad395c82d92fa7e9dec5939d11f01c30405a735ae1da9f61d6804c977c4963eb8e17fa972dcec144e041253aa6dbecc37c972bdaca1175d177f1db3ef07000578caa85313f13c7f2efe06231d9708159272b11075cdfee5d034e63066d97fc770b8cc0a3a2d4eee33fa11c7dffd0bce794169d118e55be264df9d4d89,gx-no-cache=1520598305775 HTTP/1.1" 200 256
192.168.10.56 - - [09/Mar/2018:09:27:47 -0300] "POST /cormun/servlet/solicitudgral2?gx-no-cache=1520598305801 HTTP/1.1" 200 1399
192.168.10.56 - - [09/Mar/2018:09:27:47 -0300] "GET /cormun/servlet/solicitudgral2?b3ce022a31f8c71ccde95f6be9cdb7cfbc1d7cfe361817bf3115dac8be6bccebce7a95037a55556fb0e55520193be898d30526bd8a396cd7f02d25edc2cd44b2c2966d1b446592900dc852e1c14e79af73314ee62ac7fbc0538be77a6264a8a80232e156385680ea92df51f49c31a6f1,gx-no-cache=1520598305855 HTTP/1.1" 200 41
200.120.230.197 - - [09/Mar/2018:09:27:48 -0300] "GET /cormun/servlet/solicitudot?60a4dcbb587529e8855b10ae7f2dc8b276c1e9c4b124a54ddfed0940ba8883f4,gx-no-cache=1520598421393 HTTP/1.1" 200 53
190.100.93.40 - - [09/Mar/2018:09:27:52 -0300] "GET /cormun/servlet/solicitudot?INS,0,0, HTTP/1.1" 200 13774
190.100.93.40 - - [09/Mar/2018:09:27:52 -0300] "GET /cormun/servlet/solicitudot?INS,0,0, HTTP/1.1" 200 13779
192.168.10.56 - - [09/Mar/2018:09:27:52 -0300] "POST /cormun/servlet/solicitudgral2?11b9442431472047e4d7aecc8c7981a2,UPD,2018,10014,,gx-no-cache=1520598310866 HTTP/1.1" 200 11890
192.168.10.56 - - [09/Mar/2018:09:27:52 -0300] "GET /cormun/servlet/solicitudgral2?b3ce022a31f8c71ccde95f6be9cdb7cf82d6ab2e2c86b6ac58f9e1ddfc7d1b87fa8f49f5da3c34209ab1285799ddbb2717055b52189b8300591f34b0445d73db84d69633ba5e01889aef02b74a934e490e253b89ef2799781dc5afa783e277549158dde329791f3fdc7127d342008a1eff543ff910dd1b11866a5b95850b6406bf8a957de711d18423fad759cf621973d95536aac1648a8d47916cced1c65eeb16e966859901dc9d97bd3dc3635f2eeb627720c8ba2e0dd66d2d76728f9d175ffab28a6a843e68d302ad4e0de52e9834,gx-no-cache=1520598311046 HTTP/1.1" 200 29
192.168.10.56 - - [09/Mar/2018:09:27:52 -0300] "POST /cormun/servlet/solicitudgral2?gx-no-cache=1520598311061 HTTP/1.1" 200 1296
192.168.10.56 - - [09/Mar/2018:09:27:52 -0300] "POST /cormun/servlet/solicitudgral2?gx-no-cache=1520598311087 HTTP/1.1" 200 1219
192.168.10.56 - - [09/Mar/2018:09:27:53 -0300] "GET /cormun/servlet/solicitudgral2?b3ce022a31f8c71ccde95f6be9cdb7cf741c7cad0da564b6a85a88a3df61caff3c68c9c957d668da98ce4c14af07314ae05f86f85699c2012a0ff0128092c7b02b024b1252e1d91dae7f96a820332d3c1c40a3ad67c5a0510fe585c7dedf3c891cb7923de2d8ecd0185dd3e836b23e240fa735f949d20d1bf39ceb583a1d636f,gx-no-cache=1520598311119 HTTP/1.1" 200 30
192.168.10.56 - - [09/Mar/2018:09:27:53 -0300] "POST /cormun/servlet/solicitudgral2?11b9442431472047e4d7aecc8c7981a2,UPD,2018,10014,,gx-no-cache=1520598311135 HTTP/1.1" 200 93
192.168.10.56 - - [09/Mar/2018:09:27:53 -0300] "GET /cormun/servlet/hpexe_return? HTTP/1.1" 200 1038
192.168.10.56 - - [09/Mar/2018:09:27:53 -0300] "GET /cormun/servlet/trsolicitudgral?gx-no-cache=1520597068928 HTTP/1.1" 200 19615
192.168.10.56 - - [09/Mar/2018:09:27:54 -0300] "GET /cormun/servlet/trsolicitudgral?gx-no-cache=1520597068928 HTTP/1.1" 200 19633
186.103.159.182 - - [09/Mar/2018:09:27:56 -0300] "POST /cormun/servlet/fichaempleado?e25e6f784330fd7f31c804aa4e64915c,UPD,13718092,,gx-no-cache=1520598371477 HTTP/1.1" 200 47
200.120.230.197 - - [09/Mar/2018:09:28:01 -0300] "POST /cormun/servlet/solicitudot?gx-no-cache=1520598434904 HTTP/1.1" 200 255
200.120.230.197 - - [09/Mar/2018:09:28:03 -0300] "GET /cormun/servlet/solicitudot?60a4dcbb587529e8855b10ae7f2dc8b21dc847302967aafdd8200d6f934d883a6cdb8e6891df7e53f7a0a69ffe7e9489067d7e6b6b9f9dabca015cab9994823b902e183c616032cb156c87d1411616eaaf65c145afca5a3ea82a12a99e697a87ca101ff81db58ee2e8d44ab62b16e59d3f73234d6f723a6f32d36e26b419c4f381b2afe6047326d43a3cc597b1f64e21e9c2f280d96c6b7c0747ed93faf3c66d9dda9bbee0b633358e279b0ddd2e816aa45cdf83f5ebff7ca4401c8fd0a922e73142dcf9559c0f8940386581958fad0274b10ac7372abad343a4ec04ed2207a5b8f694516904fb797e542275fd8cdb3cc738de14e82da1e9e0408aa4cda3cb2073bbd0ce177a18cdbcd76a82e470960e19b52e4474690af7aa790672add84affc79a854ae1d09782fad9fe1008ab146512ea67b5197d89fedd9e525922cef1d87919d930f68556a1c4977677d5abfc5fe229493af3e06705f965d268fe69245d1de2e9433aa887d7ebb12b078ebc7be80d0b39724659d67f9153b4227a9bb93e,gx-no-cache=1520598436915 HTTP/1.1" 200 30
192.168.10.56 - - [09/Mar/2018:09:28:06 -0300] "POST /cormun/servlet/trsolicitudgral?11b9442431472047e4d7aecc8c7981a2,gx-no-cache=1520597068928,gx-no-cache=1520598324706 HTTP/1.1" 200 16394
192.168.10.56 - - [09/Mar/2018:09:28:07 -0300] "GET /cormun/static/Shared/jqueryui/images/ui-bg_highlight-soft_100_c6c2c8_1x100.png HTTP/1.1" 404 1117
192.168.10.56 - - [09/Mar/2018:09:28:07 -0300] "GET /cormun/static/Shared/jqueryui/images/ui-icons_82798d_256x240.png HTTP/1.1" 404 1089
192.168.10.56 - - [09/Mar/2018:09:28:07 -0300] "GET /cormun/static/Shared/jqueryui/images/ui-icons_8d78a5_256x240.png HTTP/1.1" 404 1089
192.168.10.56 - - [09/Mar/2018:09:28:07 -0300] "GET /cormun/static/Shared/jqueryui/images/ui-bg_flat_55_fafafa_40x100.png HTTP/1.1" 404 1097
200.120.230.197 - - [09/Mar/2018:09:28:10 -0300] "POST /cormun/servlet/solicitudot?gx-no-cache=1520598443103 HTTP/1.1" 200 30
200.120.230.197 - - [09/Mar/2018:09:28:12 -0300] "POST /cormun/servlet/solicitudot?gx-no-cache=1520598446002 HTTP/1.1" 200 1337
200.120.230.197 - - [09/Mar/2018:09:28:13 -0300] "POST /cormun/servlet/solicitudot?gx-no-cache=1520598446201 HTTP/1.1" 200 38
192.168.10.56 - - [09/Mar/2018:09:28:14 -0300] "POST /cormun/servlet/trsolicitudgral?11b9442431472047e4d7aecc8c7981a2,gx-no-cache=1520597068928,gx-no-cache=1520598332070 HTTP/1.1" 200 16093
192.168.10.56 - - [09/Mar/2018:09:28:20 -0300] "POST /cormun/servlet/trsolicitudgral?11b9442431472047e4d7aecc8c7981a2,gx-no-cache=1520597068928,gx-no-cache=1520598337774 HTTP/1.1" 200 15824
192.168.10.56 - - [09/Mar/2018:09:28:24 -0300] "POST /cormun/servlet/trsolicitudgral?11b9442431472047e4d7aecc8c7981a2,gx-no-cache=1520597068928,gx-no-cache=1520598342549 HTTP/1.1" 200 15590
186.79.5.199 - - [09/Mar/2018:09:28:51 -0300] "GET /cormun/servlet/solicitudot?60a4dcbb587529e8855b10ae7f2dc8b2e5b83c344e9e173468e31e6951cb3a9238d665397270935b82cd452db6facf7b6d825044d2eab6e3dfb88c1c6abfc92469b591d16b6cd5573cc8fd49b7ffc78a866cc7739073595f43a2b38ba9f030c469c1fc0a04e59f6dca1bf63ee6c629de,gx-no-cache=1520598484557 HTTP/1.1" 200 29
186.79.5.199 - - [09/Mar/2018:09:28:52 -0300] "POST /cormun/servlet/solicitudot?gx-no-cache=1520598484975 HTTP/1.1" 200 1319
186.79.5.199 - - [09/Mar/2018:09:28:52 -0300] "POST /cormun/servlet/solicitudot?gx-no-cache=1520598485336 HTTP/1.1" 200 1219
186.79.5.199 - - [09/Mar/2018:09:28:52 -0300] "GET /cormun/static/menuarrow.gif HTTP/1.1" 404 1015
186.79.5.199 - - [09/Mar/2018:09:28:55 -0300] "POST /cormun/servlet/solicitudot?gx-no-cache=1520598487222 HTTP/1.1" 200 1319
186.79.5.199 - - [09/Mar/2018:09:28:57 -0300] "POST /cormun/servlet/solicitudot?gx-no-cache=1520598489042 HTTP/1.1" 200 1219
186.79.5.199 - - [09/Mar/2018:09:28:59 -0300] "GET /cormun/servlet/solicitudot?60a4dcbb587529e8855b10ae7f2dc8b26b0a9094bcac10101509c82928363fd2dcb6fbd14b5b3977621c113080fb275f,gx-no-cache=1520598492247 HTTP/1.1" 200 30
192.168.10.56 - - [09/Mar/2018:09:29:01 -0300] "POST /cormun/servlet/trsolicitudgral?11b9442431472047e4d7aecc8c7981a2,gx-no-cache=1520597068928,gx-no-cache=1520598379916 HTTP/1.1" 200 115
192.168.10.56 - - [09/Mar/2018:09:29:01 -0300] "GET /cormun/servlet/solicitudotlog?INS,2018,8111,0,REC, HTTP/1.1" 200 6309
192.168.10.56 - - [09/Mar/2018:09:29:02 -0300] "GET /cormun/servlet/solicitudotlog?INS,2018,8111,0,REC, HTTP/1.1" 200 6287
192.168.10.56 - - [09/Mar/2018:09:29:02 -0300] "GET /cormun/servlet/solicitudotlog?b3ce022a31f8c71ccde95f6be9cdb7cf49dd90280d3d5b322fb4e39b5a69cf15c4963eb8e17fa972dcec144e041253aa6fb76f91eab61d2a0ef6adc62fd502b25f2c6bdd17969b1bb128e7b1d89b5f22e8617c7f5b73a9f2f279cedee75b58cfd1b3f303af3f6d8a022ac58ccf5715f2edf5d32b2c79661e7b380decd0e9ead462c2912bbf1473e585f0a006bf37aeb878cd0ea275c6786d7dbc8e1437085e7c,gx-no-cache=1520598380864 HTTP/1.1" 200 94
186.79.5.199 - - [09/Mar/2018:09:29:03 -0300] "POST /cormun/servlet/solicitudot?gx-no-cache=1520598496623 HTTP/1.1" 200 30
186.67.172.234 - - [09/Mar/2018:09:29:08 -0300] "POST /cormun/servlet/licenciaspermisosadjuntos?28f5fa0af95a7ca3f46328b74600fc43,INS,18039691,L,20180309000000,, HTTP/1.1" 200 116
186.67.172.234 - - [09/Mar/2018:09:29:08 -0300] "GET /cormun/servlet/hpexe_return? HTTP/1.1" 200 1040
186.67.172.234 - - [09/Mar/2018:09:29:08 -0300] "GET /cormun/servlet/trlicenciaspermisosadjuntos?18039691,20180309000000,L, HTTP/1.1" 200 6776
186.67.172.234 - - [09/Mar/2018:09:29:09 -0300] "GET /cormun/servlet/trlicenciaspermisosadjuntos?18039691,20180309000000,L, HTTP/1.1" 200 6773
192.168.10.56 - - [09/Mar/2018:09:29:11 -0300] "POST /cormun/servlet/solicitudotlog?11b9442431472047e4d7aecc8c7981a2,INS,2018,8111,0,REC,,gx-no-cache=1520598389830 HTTP/1.1" 200 93
192.168.10.56 - - [09/Mar/2018:09:29:11 -0300] "GET /cormun/servlet/hpexe_return? HTTP/1.1" 200 1044
192.168.10.56 - - [09/Mar/2018:09:29:12 -0300] "GET /cormun/servlet/trsolicitudgral?gx-no-cache=1520597068928 HTTP/1.1" 200 18265
192.168.10.56 - - [09/Mar/2018:09:29:12 -0300] "GET /cormun/servlet/trsolicitudgral?gx-no-cache=1520597068928 HTTP/1.1" 200 18281
186.79.5.199 - - [09/Mar/2018:09:29:25 -0300] "POST /cormun/servlet/solicitudot?1b60448f3c2d72a6bbc5df5748ad8465,INS,0,0,,gx-no-cache=1520598515816 HTTP/1.1" 200 93
186.79.5.199 - - [09/Mar/2018:09:29:25 -0300] "GET /cormun/servlet/hpexe_return? HTTP/1.1" 200 1009
186.79.5.199 - - [09/Mar/2018:09:29:26 -0300] "GET /cormun/servlet/trsolicitudot HTTP/1.1" 200 9727
186.79.5.199 - - [09/Mar/2018:09:29:27 -0300] "GET /cormun/servlet/trsolicitudot HTTP/1.1" 200 9723
200.111.122.170 - - [09/Mar/2018:09:29:30 -0300] "POST /cormun/servlet/solicitudot?gx-no-cache=1520598522521 HTTP/1.1" 200 3402
186.79.5.199 - - [09/Mar/2018:09:29:31 -0300] "GET /cormun/servlet/vesolicitudot?2018,10340,, HTTP/1.1" 200 8605
200.111.122.170 - - [09/Mar/2018:09:29:32 -0300] "POST /cormun/servlet/solicitudot?5d74235bd5be8486b7905dda05b6df01,INS,0,0,,gx-no-cache=1520598523523 HTTP/1.1" 200 11735
186.79.5.199 - - [09/Mar/2018:09:29:32 -0300] "GET /cormun/pexe_scrolldiv.js HTTP/1.1" 404 1009
186.79.5.199 - - [09/Mar/2018:09:29:33 -0300] "GET /cormun/servlet/vesolicitudot?2018,10340,, HTTP/1.1" 200 8605
192.168.10.56 - - [09/Mar/2018:09:29:37 -0300] "GET /cormun/servlet/hlogin HTTP/1.1" 200 1760
192.168.10.56 - - [09/Mar/2018:09:29:37 -0300] "GET /cormun/static/gxcfg.js?20175251213516 HTTP/1.1" 304 -
192.168.10.62 - - [09/Mar/2018:09:29:37 -0300] "POST /cormun/servlet/trsolicitudgral?3ec639b3b2d30f75ee5dc68308b9fdb7,gx-no-cache=1520598415280 HTTP/1.1" 200 17532
200.111.122.170 - - [09/Mar/2018:09:29:37 -0300] "GET /cormun/servlet/solicitudot?42002d03490e3cdc61249b50ab449e036ca15650fbeb69dbef86db240809e8bb0f90561794e0e6d0721167169836dc27,gx-no-cache=1520598530454 HTTP/1.1" 200 30
200.111.122.170 - - [09/Mar/2018:09:29:38 -0300] "GET /cormun/servlet/solicitudot?42002d03490e3cdc61249b50ab449e0391a35aa9c3d0acb9855716e1e9116f26de684e92aa5345a910f131f7c30c443e,gx-no-cache=1520598530539 HTTP/1.1" 200 30
200.111.122.170 - - [09/Mar/2018:09:29:38 -0300] "GET /cormun/servlet/solicitudot?42002d03490e3cdc61249b50ab449e030eb2b12af9d1e78c6703fc660b70df58,gx-no-cache=1520598530623 HTTP/1.1" 200 123
200.111.122.170 - - [09/Mar/2018:09:29:38 -0300] "POST /cormun/servlet/solicitudot?gx-no-cache=1520598530708 HTTP/1.1" 200 256
200.111.122.170 - - [09/Mar/2018:09:29:38 -0300] "GET /cormun/servlet/solicitudot?42002d03490e3cdc61249b50ab449e03de2c2d99bde5d1248cba02bf751733df1b40e8f70ee0828becc9fe6f59ed7f4c794f6eb89c25c9720ca158edad5cf4e4e2e3c7723570339b8509fbcdb35efb560970ee8194be0df57e27a06e579add57bc28d77ce658e0c72a1c3b1e9e6fcebaca4c3a283b14b53f379ec596a06baba0a353ed8fbee9d21544077ab52cbddc9f47e872816b49f4e59e3c2b06d1a29152ba3b337357b516790641eb1857adf00ca99f31016c05b010eb1212da03a300365edbec9dd3fde14d644a3714eb678ce8c6bc1250e2886d563ddde27257f5ca3b940ab2572a948379adfa039c4938b1607c520d6e80489ca05c9607f02ea99668bc8e86521dc6328953a32ec7d54c2f321bbca7f9fe30599e3fde170d6196a1b3f124b2e45956ced3abbb3037a1938088502cb695254de5535dda80aa3b5be2c62f8345d4176c2d1a04b1e95750da4959c95f8dab481c58baa09a020e980cda643310b58e8b3dbbee54df04daf84e0d3b22ee21c6366e401c93afcd6e820f0b10,gx-no-cache=1520598530799 HTTP/1.1" 200 30
192.168.10.56 - - [09/Mar/2018:09:29:40 -0300] "POST /cormun/servlet/hlogin?11b9442431472047e4d7aecc8c7981a2,gx-no-cache=1520598418555 HTTP/1.1" 200 90
192.168.10.56 - - [09/Mar/2018:09:29:40 -0300] "GET /cormun/servlet/hpexe_link HTTP/1.1" 200 951
192.168.10.56 - - [09/Mar/2018:09:29:40 -0300] "GET /cormun/static/gxcfg.js?20177612121792 HTTP/1.1" 304 -
192.168.10.56 - - [09/Mar/2018:09:29:40 -0300] "GET /cormun/servlet/hhome HTTP/1.1" 200 3830
192.168.10.56 - - [09/Mar/2018:09:29:40 -0300] "GET /cormun/static/gxcfg.js?20175251212442 HTTP/1.1" 304 -
192.168.10.56 - - [09/Mar/2018:09:29:40 -0300] "GET /cormun/servlet/hhome HTTP/1.1" 200 3827
192.168.10.62 - - [09/Mar/2018:09:29:41 -0300] "POST /cormun/servlet/trsolicitudgral?3ec639b3b2d30f75ee5dc68308b9fdb7,gx-no-cache=1520598418923 HTTP/1.1" 200 105
192.168.10.62 - - [09/Mar/2018:09:29:41 -0300] "GET /cormun/SolicitudGral-6140.xls HTTP/1.1" 200 17920
192.168.10.56 - - [09/Mar/2018:09:29:44 -0300] "GET /cormun/servlet/trautorizarot? HTTP/1.1" 200 26797
192.168.10.56 - - [09/Mar/2018:09:29:44 -0300] "GET /cormun/static/gxcfg.js?201711151294486 HTTP/1.1" 304 -
192.168.10.56 - - [09/Mar/2018:09:29:45 -0300] "GET /cormun/servlet/trautorizarot? HTTP/1.1" 200 26796
192.168.10.56 - - [09/Mar/2018:09:29:52 -0300] "POST /cormun/servlet/trautorizarot?11b9442431472047e4d7aecc8c7981a2,,gx-no-cache=1520598430072 HTTP/1.1" 200 14649
186.67.172.234 - - [09/Mar/2018:09:29:55 -0300] "GET /cormun/servlet/licenciaspermisosadjuntos?INS,18039691,L,20180309000000,, HTTP/1.1" 200 5592
186.67.172.234 - - [09/Mar/2018:09:29:55 -0300] "GET /cormun/static/about:blank HTTP/1.1" 404 1011
186.67.172.234 - - [09/Mar/2018:09:29:56 -0300] "GET /cormun/servlet/licenciaspermisosadjuntos?INS,18039691,L,20180309000000,, HTTP/1.1" 200 5582
190.151.100.218 - - [09/Mar/2018:09:29:58 -0300] "POST /cormun/servlet/solicitudot?gx-no-cache=1520598551259 HTTP/1.1" 200 30
186.67.172.234 - - [09/Mar/2018:09:29:59 -0300] "POST /cormun/servlet/licenciaspermisosadjuntos?28f5fa0af95a7ca3f46328b74600fc43,INS,18039691,L,20180309000000,,,gx-no-cache=1520598549671 HTTP/1.1" 200 90
186.67.172.234 - - [09/Mar/2018:09:29:59 -0300] "GET /cormun/servlet/hpexe_link HTTP/1.1" 200 992
186.67.172.234 - - [09/Mar/2018:09:30:00 -0300] "GET /cormun/servlet/trlicenciaspermisosadjuntos?18039691,20180309000000,L, HTTP/1.1" 200 6774
186.67.172.234 - - [09/Mar/2018:09:30:00 -0300] "GET /cormun/servlet/trlicenciaspermisosadjuntos?18039691,20180309000000,L, HTTP/1.1" 200 6773
190.100.93.40 - - [09/Mar/2018:09:30:01 -0300] "POST /cormun/servlet/solicitudot?gx-no-cache=1520598554949 HTTP/1.1" 200 3284
190.100.93.40 - - [09/Mar/2018:09:30:02 -0300] "POST /cormun/servlet/solicitudot?50eeaf17eb99e967a28e6a57335f3130,INS,0,0,,gx-no-cache=1520598556031 HTTP/1.1" 200 10432
186.67.172.234 - - [09/Mar/2018:09:30:04 -0300] "POST /cormun/servlet/trlicenciaspermisosadjuntos?28f5fa0af95a7ca3f46328b74600fc43,18039691,20180309000000,L,,gx-no-cache=1520598554102 HTTP/1.1" 200 90
190.100.93.40 - - [09/Mar/2018:09:30:04 -0300] "GET /cormun/servlet/solicitudot?0fc33ab8f93b046478ad5c01a6b97ac45f41d4098362b5b00df125ab72e7c4bb1b7c1723709edadca356427c2e87fe57,gx-no-cache=1520598558794 HTTP/1.1" 200 30
186.67.172.234 - - [09/Mar/2018:09:30:05 -0300] "GET /cormun/servlet/hpexe_link HTTP/1.1" 200 982
186.67.172.234 - - [09/Mar/2018:09:30:06 -0300] "GET /cormun/servlet/trlicencias HTTP/1.1" 200 10270
186.67.172.234 - - [09/Mar/2018:09:30:07 -0300] "GET /cormun/servlet/trlicencias HTTP/1.1" 200 10268
200.120.230.197 - - [09/Mar/2018:09:30:11 -0300] "POST /cormun/servlet/vesolicitudot?1b60448f3c2d72a6bbc5df5748ad8465,2018,10340,,,gx-no-cache=1520598564192 HTTP/1.1" 200 90
200.120.230.197 - - [09/Mar/2018:09:30:11 -0300] "GET /cormun/servlet/hpexe_link HTTP/1.1" 200 968
200.120.230.197 - - [09/Mar/2018:09:30:12 -0300] "GET /cormun/servlet/trsolicitudot HTTP/1.1" 200 9724
200.120.230.197 - - [09/Mar/2018:09:30:13 -0300] "GET /cormun/servlet/trsolicitudot HTTP/1.1" 200 9723
186.67.172.234 - - [09/Mar/2018:09:30:15 -0300] "GET /cormun/servlet/alicenciaprn?18039691,L,20180309000000,PU HTTP/1.1" 200 1545
200.120.230.197 - - [09/Mar/2018:09:30:17 -0300] "POST /cormun/servlet/trsolicitudot?1b60448f3c2d72a6bbc5df5748ad8465,gx-no-cache=1520598569764 HTTP/1.1" 200 107
200.120.230.197 - - [09/Mar/2018:09:30:17 -0300] "GET /cormun/servlet/trsolicitudadjuntos?2018,10340, HTTP/1.1" 200 6328
200.120.230.197 - - [09/Mar/2018:09:30:18 -0300] "GET /cormun/servlet/trsolicitudadjuntos?2018,10340, HTTP/1.1" 200 6328
192.168.10.56 - - [09/Mar/2018:09:30:20 -0300] "POST /cormun/servlet/trautorizarot?11b9442431472047e4d7aecc8c7981a2,,gx-no-cache=1520598457891 HTTP/1.1" 200 5358
200.120.230.197 - - [09/Mar/2018:09:30:20 -0300] "GET /cormun/servlet/solicitudotadjuntos?INS,2018,10340,,1, HTTP/1.1" 200 6276
200.120.230.197 - - [09/Mar/2018:09:30:21 -0300] "GET /cormun/static/about:blank HTTP/1.1" 404 1011
200.120.230.197 - - [09/Mar/2018:09:30:21 -0300] "GET /cormun/servlet/solicitudotadjuntos?INS,2018,10340,,1, HTTP/1.1" 200 6269
200.120.230.197 - - [09/Mar/2018:09:30:22 -0300] "GET /cormun/servlet/solicitudotadjuntos?60a4dcbb587529e8855b10ae7f2dc8b2f378255d958d0a4ab49daa5f07d45dc16b1dc213cb447b624475cc8a6f329ea2,gx-no-cache=1520598575392 HTTP/1.1" 200 30
200.120.230.197 - - [09/Mar/2018:09:30:22 -0300] "POST /cormun/servlet/solicitudotadjuntos?1b60448f3c2d72a6bbc5df5748ad8465,INS,2018,10340,,1,,gx-no-cache=1520598575513 HTTP/1.1" 200 4027
192.168.10.56 - - [09/Mar/2018:09:30:23 -0300] "POST /cormun/servlet/trautorizarot?11b9442431472047e4d7aecc8c7981a2,,gx-no-cache=1520598461944 HTTP/1.1" 200 5169
200.120.230.197 - - [09/Mar/2018:09:30:26 -0300] "POST /cormun/servlet/solicitudotadjuntos?gx-no-cache=1520598579248 HTTP/1.1" 200 26
192.168.10.56 - - [09/Mar/2018:09:30:26 -0300] "GET /cormun/servlet/hlogin HTTP/1.1" 200 1737
192.168.10.56 - - [09/Mar/2018:09:30:30 -0300] "POST /cormun/servlet/hlogin?11b9442431472047e4d7aecc8c7981a2,gx-no-cache=1520598468665 HTTP/1.1" 200 90
192.168.10.56 - - [09/Mar/2018:09:30:30 -0300] "GET /cormun/servlet/hpexe_link HTTP/1.1" 200 951
192.168.10.56 - - [09/Mar/2018:09:30:30 -0300] "GET /cormun/servlet/hhome HTTP/1.1" 200 4483
192.168.10.56 - - [09/Mar/2018:09:30:31 -0300] "GET /cormun/servlet/hhome HTTP/1.1" 200 4479
192.168.10.56 - - [09/Mar/2018:09:30:34 -0300] "GET /cormun/servlet/trsolicitudgral? HTTP/1.1" 200 18262
192.168.10.56 - - [09/Mar/2018:09:30:35 -0300] "GET /cormun/servlet/trsolicitudgral? HTTP/1.1" 200 18260
200.120.230.197 - - [09/Mar/2018:09:30:35 -0300] "GET /cormun/servlet/solicitudotadjuntos?60a4dcbb587529e8855b10ae7f2dc8b2676d3b2f84175d332bd451649abf62e9,gx-no-cache=1520598588673 HTTP/1.1" 200 30
200.120.230.197 - - [09/Mar/2018:09:30:35 -0300] "GET /cormun/servlet/solicitudotadjuntos?60a4dcbb587529e8855b10ae7f2dc8b2676d3b2f84175d332bd451649abf62e9,gx-no-cache=1520598588767 HTTP/1.1" 200 30
192.168.10.96 - - [09/Mar/2018:09:30:36 -0300] "POST /cormun/servlet/trsolicitudgral?08d48f5bf22c3019facad26e01479a9c,,gx-no-cache=1520598475634 HTTP/1.1" 200 5929
192.168.10.96 - - [09/Mar/2018:09:30:37 -0300] "POST /cormun/servlet/trsolicitudgral?08d48f5bf22c3019facad26e01479a9c,,gx-no-cache=1520598476330 HTTP/1.1" 200 5929
192.168.10.96 - - [09/Mar/2018:09:30:37 -0300] "POST /cormun/servlet/trsolicitudgral?08d48f5bf22c3019facad26e01479a9c,,gx-no-cache=1520598476523 HTTP/1.1" 200 5929
192.168.10.96 - - [09/Mar/2018:09:30:38 -0300] "POST /cormun/servlet/trsolicitudgral?08d48f5bf22c3019facad26e01479a9c,,gx-no-cache=1520598476874 HTTP/1.1" 200 5930
192.168.10.96 - - [09/Mar/2018:09:30:41 -0300] "POST /cormun/servlet/trsolicitudgral?08d48f5bf22c3019facad26e01479a9c,,gx-no-cache=1520598480459 HTTP/1.1" 200 5931
192.168.10.96 - - [09/Mar/2018:09:30:42 -0300] "POST /cormun/servlet/trsolicitudgral?08d48f5bf22c3019facad26e01479a9c,,gx-no-cache=1520598481196 HTTP/1.1" 200 5931
192.168.10.56 - - [09/Mar/2018:09:30:45 -0300] "POST /cormun/servlet/trsolicitudgral?11b9442431472047e4d7aecc8c7981a2,,gx-no-cache=1520598483179 HTTP/1.1" 200 13378
192.168.10.96 - - [09/Mar/2018:09:30:45 -0300] "POST /cormun/servlet/trsolicitudgral?08d48f5bf22c3019facad26e01479a9c,,gx-no-cache=1520598484115 HTTP/1.1" 200 5931
192.168.10.96 - - [09/Mar/2018:09:30:45 -0300] "POST /cormun/servlet/trsolicitudgral?08d48f5bf22c3019facad26e01479a9c,,gx-no-cache=1520598484305 HTTP/1.1" 200 5932
192.168.10.96 - - [09/Mar/2018:09:30:45 -0300] "POST /cormun/servlet/trsolicitudgral?08d48f5bf22c3019facad26e01479a9c,,gx-no-cache=1520598484522 HTTP/1.1" 200 5934
192.168.10.96 - - [09/Mar/2018:09:30:46 -0300] "POST /cormun/servlet/trsolicitudgral?08d48f5bf22c3019facad26e01479a9c,,gx-no-cache=1520598484810 HTTP/1.1" 200 5930
192.168.10.96 - - [09/Mar/2018:09:30:46 -0300] "POST /cormun/servlet/trsolicitudgral?08d48f5bf22c3019facad26e01479a9c,,gx-no-cache=1520598485009 HTTP/1.1" 200 5932
192.168.10.62 - - [09/Mar/2018:09:30:50 -0300] "POST /cormun/servlet/trsolicitudgral?3ec639b3b2d30f75ee5dc68308b9fdb7,gx-no-cache=1520598487694 HTTP/1.1" 200 24512
192.168.10.96 - - [09/Mar/2018:09:30:50 -0300] "POST /cormun/servlet/trsolicitudgral?08d48f5bf22c3019facad26e01479a9c,,gx-no-cache=1520598488978 HTTP/1.1" 200 5930
192.168.10.96 - - [09/Mar/2018:09:30:50 -0300] "POST /cormun/servlet/trsolicitudgral?08d48f5bf22c3019facad26e01479a9c,,gx-no-cache=1520598489170 HTTP/1.1" 200 5930
192.168.10.96 - - [09/Mar/2018:09:30:50 -0300] "POST /cormun/servlet/trsolicitudgral?08d48f5bf22c3019facad26e01479a9c,,gx-no-cache=1520598489347 HTTP/1.1" 200 5930
192.168.10.62 - - [09/Mar/2018:09:30:53 -0300] "POST /cormun/servlet/trsolicitudgral?3ec639b3b2d30f75ee5dc68308b9fdb7,gx-no-cache=1520598491300 HTTP/1.1" 200 105
192.168.10.62 - - [09/Mar/2018:09:30:53 -0300] "GET /cormun/SolicitudGral-7722.xls HTTP/1.1" 200 29184
192.168.10.56 - - [09/Mar/2018:09:30:57 -0300] "POST /cormun/servlet/trsolicitudgral?11b9442431472047e4d7aecc8c7981a2,,gx-no-cache=1520598495232 HTTP/1.1" 200 12988
192.168.10.56 - - [09/Mar/2018:09:30:57 -0300] "GET /cormun/static/Shared/jqueryui/images/ui-bg_highlight-soft_100_c6c2c8_1x100.png HTTP/1.1" 404 1117
192.168.10.56 - - [09/Mar/2018:09:30:57 -0300] "GET /cormun/static/Shared/jqueryui/images/ui-icons_82798d_256x240.png HTTP/1.1" 404 1089
192.168.10.56 - - [09/Mar/2018:09:30:57 -0300] "GET /cormun/static/Shared/jqueryui/images/ui-icons_8d78a5_256x240.png HTTP/1.1" 404 1089
192.168.10.56 - - [09/Mar/2018:09:30:57 -0300] "GET /cormun/static/Shared/jqueryui/images/ui-bg_flat_55_fafafa_40x100.png HTTP/1.1" 404 1097
192.168.10.96 - - [09/Mar/2018:09:30:58 -0300] "POST /cormun/servlet/trsolicitudgral?08d48f5bf22c3019facad26e01479a9c,,gx-no-cache=1520598496962 HTTP/1.1" 200 5927
192.168.10.96 - - [09/Mar/2018:09:31:04 -0300] "POST /cormun/servlet/trsolicitudgral?08d48f5bf22c3019facad26e01479a9c,,gx-no-cache=1520598503594 HTTP/1.1" 200 5929
192.168.10.96 - - [09/Mar/2018:09:31:07 -0300] "POST /cormun/servlet/trsolicitudgral?08d48f5bf22c3019facad26e01479a9c,,gx-no-cache=1520598506362 HTTP/1.1" 200 7278
192.168.10.56 - - [09/Mar/2018:09:31:09 -0300] "GET /cormun/servlet/hlogin HTTP/1.1" 200 1738
192.168.10.61 - - [09/Mar/2018:09:31:12 -0300] "POST /cormun/servlet/trsolicitudgral?46cfa86e5ae1d0ae05f8a51de09f4516,,gx-no-cache=1520598510547 HTTP/1.1" 200 11592
186.67.172.234 - - [09/Mar/2018:09:31:15 -0300] "POST /cormun/servlet/trlicencias?28f5fa0af95a7ca3f46328b74600fc43,gx-no-cache=1520598625893 HTTP/1.1" 200 7633
186.67.172.234 - - [09/Mar/2018:09:31:16 -0300] "GET /cormun/static/Shared/jqueryui/images/ui-bg_highlight-soft_100_c6c2c8_1x100.png HTTP/1.1" 404 1117
186.67.172.234 - - [09/Mar/2018:09:31:16 -0300] "GET /cormun/static/Shared/jqueryui/images/ui-bg_flat_55_fafafa_40x100.png HTTP/1.1" 404 1097
186.67.172.234 - - [09/Mar/2018:09:31:16 -0300] "GET /cormun/static/Shared/jqueryui/images/ui-icons_8d78a5_256x240.png HTTP/1.1" 404 1089
186.67.172.234 - - [09/Mar/2018:09:31:17 -0300] "GET /cormun/static/Shared/jqueryui/images/ui-icons_82798d_256x240.png HTTP/1.1" 404 1089
186.103.159.182 - - [09/Mar/2018:09:31:31 -0300] "GET /cormun/servlet/trfichaempleado? HTTP/1.1" 200 14734
192.168.10.61 - - [09/Mar/2018:09:31:37 -0300] "GET /cormun/servlet/vesolicitudgral?2018,9173,, HTTP/1.1" 200 8937
192.168.10.61 - - [09/Mar/2018:09:31:37 -0300] "GET /cormun/pexe_scrolldiv.js HTTP/1.1" 404 1009
192.168.10.61 - - [09/Mar/2018:09:31:37 -0300] "GET /cormun/pexe_scrolldiv.js HTTP/1.1" 404 1009
192.168.10.61 - - [09/Mar/2018:09:31:37 -0300] "GET /cormun/servlet/vesolicitudgral?2018,9173,, HTTP/1.1" 200 8937
200.120.230.197 - - [09/Mar/2018:09:31:46 -0300] "POST /cormun/servlet/solicitudotadjuntos?1b60448f3c2d72a6bbc5df5748ad8465,INS,2018,10340,,1, HTTP/1.1" 200 7198
186.79.5.199 - - [09/Mar/2018:09:31:50 -0300] "POST /cormun/servlet/solicitudotadjuntos?1b60448f3c2d72a6bbc5df5748ad8465,INS,2018,10340,,1, HTTP/1.1" 200 116
186.79.5.199 - - [09/Mar/2018:09:31:50 -0300] "GET /cormun/servlet/hpexe_return? HTTP/1.1" 200 1029
186.79.5.199 - - [09/Mar/2018:09:31:50 -0300] "GET /cormun/servlet/trsolicitudadjuntos?2018,10340, HTTP/1.1" 200 8756
186.79.5.199 - - [09/Mar/2018:09:31:52 -0300] "GET /cormun/servlet/trsolicitudadjuntos?2018,10340, HTTP/1.1" 200 8753
186.79.5.199 - - [09/Mar/2018:09:31:54 -0300] "GET /cormun/servlet/solicitudotadjuntos?INS,2018,10340,,1, HTTP/1.1" 200 6276
186.79.5.199 - - [09/Mar/2018:09:31:55 -0300] "GET /cormun/static/about:blank HTTP/1.1" 404 1011
186.79.5.199 - - [09/Mar/2018:09:31:55 -0300] "GET /cormun/servlet/solicitudotadjuntos?INS,2018,10340,,1, HTTP/1.1" 200 6269
186.79.5.199 - - [09/Mar/2018:09:31:55 -0300] "GET /cormun/servlet/solicitudotadjuntos?60a4dcbb587529e8855b10ae7f2dc8b2f378255d958d0a4ab49daa5f07d45dc16b1dc213cb447b624475cc8a6f329ea2,gx-no-cache=1520598669131 HTTP/1.1" 200 30
186.79.5.199 - - [09/Mar/2018:09:31:57 -0300] "POST /cormun/servlet/solicitudotadjuntos?1b60448f3c2d72a6bbc5df5748ad8465,INS,2018,10340,,1,,gx-no-cache=1520598669310 HTTP/1.1" 200 4027
186.79.5.199 - - [09/Mar/2018:09:31:59 -0300] "POST /cormun/servlet/solicitudotadjuntos?gx-no-cache=1520598672544 HTTP/1.1" 200 26
186.79.5.199 - - [09/Mar/2018:09:32:07 -0300] "GET /cormun/servlet/solicitudotadjuntos?60a4dcbb587529e8855b10ae7f2dc8b2676d3b2f84175d332bd451649abf62e9,gx-no-cache=1520598679522 HTTP/1.1" 200 30
186.79.5.199 - - [09/Mar/2018:09:32:10 -0300] "GET /cormun/servlet/solicitudotadjuntos?60a4dcbb587529e8855b10ae7f2dc8b2676d3b2f84175d332bd451649abf62e9,gx-no-cache=1520598680528 HTTP/1.1" 200 30
186.67.203.186 - - [09/Mar/2018:09:32:33 -0300] "GET /cormun/servlet/prbanco?,MD,,gxPopupLevel%3D0%3B HTTP/1.1" 200 6483
186.67.203.186 - - [09/Mar/2018:09:32:33 -0300] "GET /cormun/static/gxcfg.js?20181161016094 HTTP/1.1" 200 953
186.79.5.199 - - [09/Mar/2018:09:32:36 -0300] "POST /cormun/servlet/solicitudotadjuntos?1b60448f3c2d72a6bbc5df5748ad8465,INS,2018,10340,,1, HTTP/1.1" 200 116
186.79.5.199 - - [09/Mar/2018:09:32:36 -0300] "GET /cormun/servlet/hpexe_return? HTTP/1.1" 200 1029
186.79.5.199 - - [09/Mar/2018:09:32:36 -0300] "GET /cormun/servlet/trsolicitudadjuntos?2018,10340, HTTP/1.1" 200 8964
186.103.159.182 - - [09/Mar/2018:09:32:37 -0300] "GET /cormun/servlet/trfichaempleado? HTTP/1.1" 200 14736
186.79.5.199 - - [09/Mar/2018:09:32:38 -0300] "GET /cormun/servlet/trsolicitudadjuntos?2018,10340, HTTP/1.1" 200 8963
186.67.203.186 - - [09/Mar/2018:09:32:39 -0300] "GET /cormun/servlet/solicitudot?42002d03490e3cdc61249b50ab449e03178ee7b70385ad6480494172cb1fd240,gx-no-cache=1520598711765 HTTP/1.1" 200 53
186.79.5.199 - - [09/Mar/2018:09:32:42 -0300] "GET /cormun/servlet/solicitudotadjuntos?INS,2018,10340,,1, HTTP/1.1" 200 6275
186.79.5.199 - - [09/Mar/2018:09:32:44 -0300] "GET /cormun/static/about:blank HTTP/1.1" 404 1011
186.79.5.199 - - [09/Mar/2018:09:32:44 -0300] "GET /cormun/servlet/solicitudotadjuntos?INS,2018,10340,,1, HTTP/1.1" 200 6268
186.79.5.199 - - [09/Mar/2018:09:32:44 -0300] "GET /cormun/servlet/solicitudotadjuntos?60a4dcbb587529e8855b10ae7f2dc8b2f378255d958d0a4ab49daa5f07d45dc16b1dc213cb447b624475cc8a6f329ea2,gx-no-cache=1520598717813 HTTP/1.1" 200 30
186.79.5.199 - - [09/Mar/2018:09:32:45 -0300] "POST /cormun/servlet/solicitudotadjuntos?1b60448f3c2d72a6bbc5df5748ad8465,INS,2018,10340,,1,,gx-no-cache=1520598718265 HTTP/1.1" 200 4026
190.100.93.40 - - [09/Mar/2018:09:32:47 -0300] "GET /cormun/servlet/prbanco?,MD,,gxPopupLevel%3D0%3B HTTP/1.1" 200 6783
186.79.5.199 - - [09/Mar/2018:09:32:48 -0300] "POST /cormun/servlet/solicitudotadjuntos?gx-no-cache=1520598721346 HTTP/1.1" 200 26
192.168.10.96 - - [09/Mar/2018:09:32:48 -0300] "POST /cormun/servlet/trsolicitudgral?08d48f5bf22c3019facad26e01479a9c,,gx-no-cache=1520598607358 HTTP/1.1" 200 7254
186.79.5.199 - - [09/Mar/2018:09:32:53 -0300] "GET /cormun/servlet/solicitudotadjuntos?60a4dcbb587529e8855b10ae7f2dc8b2676d3b2f84175d332bd451649abf62e9,gx-no-cache=1520598726507 HTTP/1.1" 200 30
186.79.5.199 - - [09/Mar/2018:09:32:53 -0300] "GET /cormun/servlet/solicitudotadjuntos?60a4dcbb587529e8855b10ae7f2dc8b2676d3b2f84175d332bd451649abf62e9,gx-no-cache=1520598726613 HTTP/1.1" 200 30
190.100.93.40 - - [09/Mar/2018:09:32:54 -0300] "GET /cormun/servlet/solicitudot?0fc33ab8f93b046478ad5c01a6b97ac48978ddfae6999b9f59ec0846bbda8581940ef042283b402f2344082862fc9300af8f30bb639a1e0ebccaa0e203e301ae,gx-no-cache=1520598728379 HTTP/1.1" 200 30
190.100.93.40 - - [09/Mar/2018:09:32:57 -0300] "GET /cormun/servlet/solicitudot?0fc33ab8f93b046478ad5c01a6b97ac41ff51030ea4769aa249032547ed6ee11,gx-no-cache=1520598731755 HTTP/1.1" 200 53
186.79.5.199 - - [09/Mar/2018:09:33:05 -0300] "POST /cormun/servlet/solicitudotadjuntos?1b60448f3c2d72a6bbc5df5748ad8465,INS,2018,10340,,1, HTTP/1.1" 200 116
186.79.5.199 - - [09/Mar/2018:09:33:05 -0300] "GET /cormun/servlet/hpexe_return? HTTP/1.1" 200 1029
186.79.5.199 - - [09/Mar/2018:09:33:05 -0300] "GET /cormun/servlet/trsolicitudadjuntos?2018,10340, HTTP/1.1" 200 9132
186.79.5.199 - - [09/Mar/2018:09:33:07 -0300] "GET /cormun/servlet/trsolicitudadjuntos?2018,10340, HTTP/1.1" 200 9130
190.100.93.40 - - [09/Mar/2018:09:33:09 -0300] "POST /cormun/servlet/solicitudot?gx-no-cache=1520598744132 HTTP/1.1" 200 297
190.100.93.40 - - [09/Mar/2018:09:33:10 -0300] "GET /cormun/servlet/solicitudot?0fc33ab8f93b046478ad5c01a6b97ac4f71859d0663a6c247bb36694fd8389de80c4410871debb937941d49b0972da8dcfcf1db83810b3d4df89b27cae6f849c19cda1372d5ae6723acc686f545db2832aee4ed90ec38b258ed06afdea20bb5465b77cf128554f960f2c1204bf50bf6eed5589d53e08515f35980f4f7f22f570396b2677b96cd8dd70ab87f0f4778ec65419fd5bda901c52332dca322c2c6e34391d4dac25aefd0f8e0ed9e54e47f4c441ab531388d6f2e6e860304aad07fabc73612d29abe9ea3532a67ab5079d7bd5b9905393b1b1ca1f68bce22c4f300bf5104771424f0f0a07ec3de7f970178903fa82c52ad8148700f0638bac7db541ffddef836ae9b1c0b637cdb58fb434ab19101cc93461cabb80b7944a892c7fa17eed9e7ad0855c9abbb137e0293fb8cc3151dee012595c076eab3ecace54febfb341dea592daa7adbb2eea937a855cd872a872b446b641ed38e4f4bcd58db2384ee92b0c5f0b7c1c001fd513bb360308af59ffeab5f026a5f2f3e9bdac061527abef0b3c5675c72669a0877312b64e5a71,gx-no-cache=1520598744266 HTTP/1.1" 200 30
186.79.5.199 - - [09/Mar/2018:09:33:10 -0300] "GET /cormun/servlet/solicitudotadjuntos?INS,2018,10340,,1, HTTP/1.1" 200 6275
186.79.5.199 - - [09/Mar/2018:09:33:11 -0300] "GET /cormun/servlet/solicitudotadjuntos?INS,2018,10340,,1, HTTP/1.1" 200 6268
186.79.5.199 - - [09/Mar/2018:09:33:11 -0300] "GET /cormun/static/about:blank HTTP/1.1" 404 1011
190.100.93.40 - - [09/Mar/2018:09:33:12 -0300] "POST /cormun/servlet/solicitudot?gx-no-cache=1520598746400 HTTP/1.1" 200 30
186.79.5.199 - - [09/Mar/2018:09:33:14 -0300] "GET /cormun/servlet/solicitudotadjuntos?60a4dcbb587529e8855b10ae7f2dc8b2f378255d958d0a4ab49daa5f07d45dc16b1dc213cb447b624475cc8a6f329ea2,gx-no-cache=1520598745162 HTTP/1.1" 200 30
190.100.93.40 - - [09/Mar/2018:09:33:15 -0300] "POST /cormun/servlet/solicitudot?gx-no-cache=1520598749419 HTTP/1.1" 200 1333
190.100.93.40 - - [09/Mar/2018:09:33:15 -0300] "POST /cormun/servlet/solicitudot?gx-no-cache=1520598749547 HTTP/1.1" 200 38
186.79.5.199 - - [09/Mar/2018:09:33:24 -0300] "POST /cormun/servlet/solicitudotadjuntos?1b60448f3c2d72a6bbc5df5748ad8465,INS,2018,10340,,1,,gx-no-cache=1520598747993 HTTP/1.1" 200 4026
186.79.5.199 - - [09/Mar/2018:09:33:30 -0300] "POST /cormun/servlet/solicitudotadjuntos?gx-no-cache=1520598764074 HTTP/1.1" 200 26
186.79.5.199 - - [09/Mar/2018:09:33:40 -0300] "GET /cormun/servlet/solicitudotadjuntos?60a4dcbb587529e8855b10ae7f2dc8b2676d3b2f84175d332bd451649abf62e9,gx-no-cache=1520598773273 HTTP/1.1" 200 30
186.79.5.199 - - [09/Mar/2018:09:33:40 -0300] "GET /cormun/servlet/solicitudotadjuntos?60a4dcbb587529e8855b10ae7f2dc8b2676d3b2f84175d332bd451649abf62e9,gx-no-cache=1520598773378 HTTP/1.1" 200 30
190.100.93.40 - - [09/Mar/2018:09:33:41 -0300] "GET /cormun/servlet/solicitudot?0fc33ab8f93b046478ad5c01a6b97ac44b979b98c3e7ea4b081fe985823e342b39102ca47c6ad89427aee34c673af150c3067bc1e5deb446dd081024a2b4bde9d868ce43f3c5e23f0868947b81c32ce31d4c2dadd1b42e4ae151079ee44faa0ef0aade551242051680d68ce1b21378c0,gx-no-cache=1520598775190 HTTP/1.1" 200 29
190.100.93.40 - - [09/Mar/2018:09:33:42 -0300] "POST /cormun/servlet/solicitudot?gx-no-cache=1520598775396 HTTP/1.1" 200 1319
190.100.93.40 - - [09/Mar/2018:09:33:43 -0300] "POST /cormun/servlet/solicitudot?gx-no-cache=1520598776973 HTTP/1.1" 200 1215
190.151.100.218 - - [09/Mar/2018:09:33:47 -0300] "GET /cormun/servlet/trcontratosolicitud? HTTP/1.1" 200 5734
190.151.100.218 - - [09/Mar/2018:09:33:50 -0300] "GET /cormun/servlet/trcontratosolicitud? HTTP/1.1" 200 5745
190.151.100.218 - - [09/Mar/2018:09:33:50 -0300] "GET /cormun/servlet/hlogin HTTP/1.1" 200 1740
190.100.93.40 - - [09/Mar/2018:09:33:50 -0300] "GET /cormun/static/menuarrow.gif HTTP/1.1" 404 1015
186.79.5.199 - - [09/Mar/2018:09:33:53 -0300] "POST /cormun/servlet/solicitudotadjuntos?1b60448f3c2d72a6bbc5df5748ad8465,INS,2018,10340,,1, HTTP/1.1" 200 6430
186.79.5.199 - - [09/Mar/2018:09:33:54 -0300] "GET /home/sistema/apache-tomcat-7.0.65/webapps/cormun/PrivateTempStorage/upload_00007451.pdf HTTP/1.1" 404 1135
200.120.230.197 - - [09/Mar/2018:09:33:54 -0300] "GET /home/sistema/apache-tomcat-7.0.65/webapps/cormun/PrivateTempStorage/upload_00007451.pdf HTTP/1.1" 404 1135
186.79.5.199 - - [09/Mar/2018:09:33:54 -0300] "GET /cormun/static/Shared/jqueryui/images/ui-icons_ebccce_256x240.png HTTP/1.1" 404 1089
186.79.5.199 - - [09/Mar/2018:09:33:54 -0300] "GET /cormun/static/Shared/jqueryui/images/ui-icons_82798d_256x240.png HTTP/1.1" 404 1089
186.79.5.199 - - [09/Mar/2018:09:33:54 -0300] "GET /cormun/static/Shared/jqueryui/images/ui-bg_flat_55_994d53_40x100.png HTTP/1.1" 404 1097
200.120.230.197 - - [09/Mar/2018:09:33:54 -0300] "GET /cormun/static/Shared/jqueryui/images/ui-bg_highlight-soft_100_c6c2c8_1x100.png HTTP/1.1" 404 1117
200.120.230.197 - - [09/Mar/2018:09:33:58 -0300] "GET /cormun/PrivateTempStorage/upload_00007451.pdf HTTP/1.1" 200 246003
190.100.93.40 - - [09/Mar/2018:09:33:59 -0300] "GET /cormun/servlet/solicitudot?0fc33ab8f93b046478ad5c01a6b97ac4a2fe7d5267c26649957dddab0689ebac9eb19425ba81684fab6c20d8ad2e708b,gx-no-cache=1520598793858 HTTP/1.1" 200 30
200.120.230.197 - - [09/Mar/2018:09:34:01 -0300] "POST /cormun/servlet/solicitudotadjuntos?gx-no-cache=1520598794447 HTTP/1.1" 200 26
190.100.93.40 - - [09/Mar/2018:09:34:05 -0300] "POST /cormun/servlet/solicitudot?gx-no-cache=1520598799389 HTTP/1.1" 200 30
200.111.122.170 - - [09/Mar/2018:09:34:05 -0300] "GET /cormun/servlet/hlogin HTTP/1.1" 200 1719
200.111.122.170 - - [09/Mar/2018:09:34:05 -0300] "GET /cormun/static/gxtimezone.js?85251 HTTP/1.1" 304 -
200.111.122.170 - - [09/Mar/2018:09:34:06 -0300] "GET /cormun/static/messages.spa.js?85251 HTTP/1.1" 304 -
200.111.122.170 - - [09/Mar/2018:09:34:06 -0300] "GET /cormun/servlet/hlogin HTTP/1.1" 200 1730
200.120.230.197 - - [09/Mar/2018:09:34:07 -0300] "GET /cormun/servlet/solicitudotadjuntos?60a4dcbb587529e8855b10ae7f2dc8b23200082ba4b2e76c3b645d26b48653a61795cccec7f8663079febcf56ebc0149,gx-no-cache=1520598801154 HTTP/1.1" 200 30
200.120.230.197 - - [09/Mar/2018:09:34:08 -0300] "GET /cormun/servlet/solicitudotadjuntos?60a4dcbb587529e8855b10ae7f2dc8b254eee8eed98b2c11af101273e94382d01795cccec7f8663079febcf56ebc0149,gx-no-cache=1520598801239 HTTP/1.1" 200 30
186.67.203.186 - - [09/Mar/2018:09:34:11 -0300] "POST /cormun/servlet/hlogin?8b43be35572493cc32255769c4e36bf6,gx-no-cache=1520598802697 HTTP/1.1" 200 456
200.111.122.170 - - [09/Mar/2018:09:34:18 -0300] "POST /cormun/servlet/hlogin?a0641b43dfb518357d5b1cf21d02d4e2,gx-no-cache=1520598808836 HTTP/1.1" 200 90
200.111.122.170 - - [09/Mar/2018:09:34:18 -0300] "GET /cormun/servlet/hpexe_link HTTP/1.1" 200 952
200.111.122.170 - - [09/Mar/2018:09:34:18 -0300] "GET /cormun/static/gxcfg.js?20177612121792 HTTP/1.1" 304 -
200.111.122.170 - - [09/Mar/2018:09:34:18 -0300] "GET /cormun/servlet/hhome HTTP/1.1" 200 4217
200.111.122.170 - - [09/Mar/2018:09:34:19 -0300] "GET /cormun/static/gxcfg.js?20175251212442 HTTP/1.1" 304 -
200.111.122.170 - - [09/Mar/2018:09:34:19 -0300] "GET /cormun/servlet/hhome HTTP/1.1" 200 4213
186.67.203.186 - - [09/Mar/2018:09:34:20 -0300] "POST /cormun/servlet/hlogin?8b43be35572493cc32255769c4e36bf6,gx-no-cache=1520598811168 HTTP/1.1" 200 90
186.67.203.186 - - [09/Mar/2018:09:34:20 -0300] "GET /cormun/servlet/hpexe_link HTTP/1.1" 200 961
186.67.203.186 - - [09/Mar/2018:09:34:21 -0300] "GET /cormun/static/gxcfg.js?20177612121792 HTTP/1.1" 304 -
186.67.203.186 - - [09/Mar/2018:09:34:23 -0300] "GET /cormun/servlet/trcontratosolicitud HTTP/1.1" 200 10320
186.67.203.186 - - [09/Mar/2018:09:34:25 -0300] "GET /cormun/servlet/trcontratosolicitud HTTP/1.1" 200 10314
200.111.122.170 - - [09/Mar/2018:09:34:25 -0300] "GET /cormun/servlet/trvisualizadoreventos? HTTP/1.1" 200 6974
200.111.122.170 - - [09/Mar/2018:09:34:26 -0300] "GET /cormun/static/gxcfg.js?20175251251426 HTTP/1.1" 304 -
200.111.122.170 - - [09/Mar/2018:09:34:26 -0300] "GET /cormun/servlet/trvisualizadoreventos? HTTP/1.1" 200 6979
200.111.122.170 - - [09/Mar/2018:09:34:30 -0300] "GET /cormun/servlet/trsolicitudot? HTTP/1.1" 200 8802
200.111.122.170 - - [09/Mar/2018:09:34:31 -0300] "GET /cormun/servlet/trsolicitudot? HTTP/1.1" 200 8802
200.111.122.170 - - [09/Mar/2018:09:34:34 -0300] "GET /cormun/static/menuarrow.gif HTTP/1.1" 404 1015
200.111.122.170 - - [09/Mar/2018:09:34:46 -0300] "POST /cormun/servlet/trsolicitudot?a0641b43dfb518357d5b1cf21d02d4e2,,gx-no-cache=1520598834313 HTTP/1.1" 200 18618
200.120.230.197 - - [09/Mar/2018:09:34:47 -0300] "POST /cormun/servlet/solicitudotadjuntos?1b60448f3c2d72a6bbc5df5748ad8465,INS,2018,10340,,1, HTTP/1.1" 200 116
200.120.230.197 - - [09/Mar/2018:09:34:48 -0300] "GET /cormun/servlet/hpexe_return? HTTP/1.1" 200 1029
200.120.230.197 - - [09/Mar/2018:09:34:48 -0300] "GET /cormun/servlet/trsolicitudadjuntos?2018,10340, HTTP/1.1" 200 9363
200.120.230.197 - - [09/Mar/2018:09:34:50 -0300] "GET /cormun/servlet/trsolicitudadjuntos?2018,10340, HTTP/1.1" 200 9361
200.111.122.170 - - [09/Mar/2018:09:34:52 -0300] "GET /cormun/servlet/treventos?2018,9991, HTTP/1.1" 200 8440
200.111.122.170 - - [09/Mar/2018:09:34:52 -0300] "GET /cormun/static/gxcfg.js?2016101716195975 HTTP/1.1" 304 -
200.111.122.170 - - [09/Mar/2018:09:34:53 -0300] "GET /cormun/servlet/treventos?2018,9991, HTTP/1.1" 200 8447
200.111.122.170 - - [09/Mar/2018:09:34:54 -0300] "GET /cormun/servlet/trvisualizadoreventos? HTTP/1.1" 200 6972
200.111.122.170 - - [09/Mar/2018:09:34:54 -0300] "GET /cormun/static/gxcfg.js?20175251251426 HTTP/1.1" 304 -
200.120.230.197 - - [09/Mar/2018:09:34:55 -0300] "GET /cormun/servlet/solicitudotadjuntos?INS,2018,10340,,1, HTTP/1.1" 200 6275
200.111.122.170 - - [09/Mar/2018:09:34:55 -0300] "GET /cormun/servlet/trvisualizadoreventos? HTTP/1.1" 200 6974
200.120.230.197 - - [09/Mar/2018:09:34:56 -0300] "GET /cormun/static/about:blank HTTP/1.1" 404 1011
200.120.230.197 - - [09/Mar/2018:09:34:57 -0300] "GET /cormun/servlet/solicitudotadjuntos?60a4dcbb587529e8855b10ae7f2dc8b2f378255d958d0a4ab49daa5f07d45dc16b1dc213cb447b624475cc8a6f329ea2,gx-no-cache=1520598850231 HTTP/1.1" 200 30
190.100.93.40 - - [09/Mar/2018:09:34:57 -0300] "POST /cormun/servlet/solicitudot?50eeaf17eb99e967a28e6a57335f3130,INS,0,0,,gx-no-cache=1520598845971 HTTP/1.1" 200 93
190.100.93.40 - - [09/Mar/2018:09:34:57 -0300] "GET /cormun/servlet/hpexe_return? HTTP/1.1" 200 1002
190.100.93.40 - - [09/Mar/2018:09:34:57 -0300] "GET /cormun/servlet/trsolicitudot HTTP/1.1" 200 9445
190.100.93.40 - - [09/Mar/2018:09:34:57 -0300] "GET /cormun/servlet/trsolicitudot HTTP/1.1" 200 9441
200.120.230.197 - - [09/Mar/2018:09:34:58 -0300] "GET /cormun/servlet/solicitudotadjuntos?INS,2018,10340,,1, HTTP/1.1" 200 6268
200.120.230.197 - - [09/Mar/2018:09:35:06 -0300] "POST /cormun/servlet/solicitudotadjuntos?1b60448f3c2d72a6bbc5df5748ad8465,INS,2018,10340,,1,,gx-no-cache=1520598850366 HTTP/1.1" 200 4026
200.111.122.170 - - [09/Mar/2018:09:35:09 -0300] "GET /cormun/servlet/trautorizarsolicitud? HTTP/1.1" 200 7326
200.111.122.170 - - [09/Mar/2018:09:35:10 -0300] "GET /cormun/static/gxcfg.js?2017111423403364 HTTP/1.1" 304 -
200.111.122.170 - - [09/Mar/2018:09:35:10 -0300] "GET /cormun/servlet/trautorizarsolicitud? HTTP/1.1" 200 7325
200.120.230.197 - - [09/Mar/2018:09:35:13 -0300] "POST /cormun/servlet/solicitudotadjuntos?gx-no-cache=1520598866793 HTTP/1.1" 200 26
200.120.230.197 - - [09/Mar/2018:09:35:18 -0300] "GET /cormun/servlet/solicitudotadjuntos?60a4dcbb587529e8855b10ae7f2dc8b2676d3b2f84175d332bd451649abf62e9,gx-no-cache=1520598871954 HTTP/1.1" 200 30
200.120.230.197 - - [09/Mar/2018:09:35:18 -0300] "GET /cormun/servlet/solicitudotadjuntos?60a4dcbb587529e8855b10ae7f2dc8b2676d3b2f84175d332bd451649abf62e9,gx-no-cache=1520598872036 HTTP/1.1" 200 30
200.111.122.170 - - [09/Mar/2018:09:35:23 -0300] "GET /cormun/servlet/trvisualizadoreventos? HTTP/1.1" 200 6975
200.111.122.170 - - [09/Mar/2018:09:35:24 -0300] "GET /cormun/servlet/trvisualizadoreventos? HTTP/1.1" 200 6974
200.111.122.170 - - [09/Mar/2018:09:35:28 -0300] "GET /cormun/servlet/trautorizarsolicitud? HTTP/1.1" 200 7326
200.111.122.170 - - [09/Mar/2018:09:35:28 -0300] "GET /cormun/servlet/trautorizarsolicitud? HTTP/1.1" 200 7325
192.168.10.96 - - [09/Mar/2018:09:35:47 -0300] "POST /cormun/servlet/trsolicitudgral?08d48f5bf22c3019facad26e01479a9c,,gx-no-cache=1520598785702 HTTP/1.1" 200 5928
192.168.10.96 - - [09/Mar/2018:09:35:48 -0300] "POST /cormun/servlet/trsolicitudgral?08d48f5bf22c3019facad26e01479a9c,,gx-no-cache=1520598786541 HTTP/1.1" 200 5927
192.168.10.96 - - [09/Mar/2018:09:35:48 -0300] "POST /cormun/servlet/trsolicitudgral?08d48f5bf22c3019facad26e01479a9c,,gx-no-cache=1520598786736 HTTP/1.1" 200 5928
192.168.10.96 - - [09/Mar/2018:09:35:48 -0300] "POST /cormun/servlet/trsolicitudgral?08d48f5bf22c3019facad26e01479a9c,,gx-no-cache=1520598786923 HTTP/1.1" 200 5928
