190.151.124.170 - - [09/Mar/2018:10:11:33 -0300] "GET /cormun/static/Shared/jqueryui/images/ui-bg_flat_55_994d53_40x100.png HTTP/1.1" 404 1097
190.151.124.170 - - [09/Mar/2018:10:11:44 -0300] "GET /cormun/static/menuarrow.gif HTTP/1.1" 404 1015
190.151.124.170 - - [09/Mar/2018:10:11:52 -0300] "POST /cormun/servlet/solicitudot?gx-no-cache=1520601062397 HTTP/1.1" 200 118
190.151.124.170 - - [09/Mar/2018:10:11:52 -0300] "GET /cormun/servlet/solicitudot?bac20ea41d6e783602ccb1e09a8bdddff0eafad4d2db6d7818b8f001655070665440f33c90fe1a5291630fe55349a26708f60c14e2215fe643d1c0f1cf94f48e23100ffae69ff03c2b90a2f02e2d616bab7e6c89d7cc0137185a382062ee57da60eff0dd1ed25b3d24d3e6d5d7df4ab8,gx-no-cache=1520601062495 HTTP/1.1" 200 29
190.151.124.170 - - [09/Mar/2018:10:11:53 -0300] "POST /cormun/servlet/solicitudot?gx-no-cache=1520601062887 HTTP/1.1" 200 1318
190.151.124.170 - - [09/Mar/2018:10:11:54 -0300] "POST /cormun/servlet/solicitudot?gx-no-cache=1520601063591 HTTP/1.1" 200 1218
190.151.124.170 - - [09/Mar/2018:10:12:13 -0300] "POST /cormun/servlet/solicitudot?gx-no-cache=1520601083516 HTTP/1.1" 200 118
190.151.124.170 - - [09/Mar/2018:10:12:13 -0300] "POST /cormun/servlet/solicitudot?gx-no-cache=1520601083611 HTTP/1.1" 200 1318
190.151.124.170 - - [09/Mar/2018:10:12:14 -0300] "POST /cormun/servlet/solicitudot?gx-no-cache=1520601083731 HTTP/1.1" 200 1218
190.151.124.170 - - [09/Mar/2018:10:12:23 -0300] "POST /cormun/servlet/solicitudot?gx-no-cache=1520601093485 HTTP/1.1" 200 118
190.151.124.170 - - [09/Mar/2018:10:12:23 -0300] "POST /cormun/servlet/solicitudot?gx-no-cache=1520601093578 HTTP/1.1" 200 1318
190.151.124.170 - - [09/Mar/2018:10:12:23 -0300] "POST /cormun/servlet/solicitudot?gx-no-cache=1520601093778 HTTP/1.1" 200 1218
190.151.124.170 - - [09/Mar/2018:10:12:31 -0300] "POST /cormun/servlet/solicitudot?gx-no-cache=1520601101724 HTTP/1.1" 200 118
190.151.124.170 - - [09/Mar/2018:10:12:31 -0300] "POST /cormun/servlet/solicitudot?gx-no-cache=1520601101821 HTTP/1.1" 200 1318
190.151.124.170 - - [09/Mar/2018:10:12:32 -0300] "POST /cormun/servlet/solicitudot?gx-no-cache=1520601101928 HTTP/1.1" 200 1218
186.67.164.142 - - [09/Mar/2018:10:12:40 -0300] "POST /cormun/servlet/solicitudotadjuntos?e59afeb72c3559a79c1af23a940bcc61,INS,2018,10344,,1, HTTP/1.1" 200 116
186.67.164.142 - - [09/Mar/2018:10:12:40 -0300] "GET /cormun/servlet/hpexe_return? HTTP/1.1" 200 1031
190.151.124.170 - - [09/Mar/2018:10:12:40 -0300] "POST /cormun/servlet/solicitudot?gx-no-cache=1520601110084 HTTP/1.1" 200 118
186.67.164.142 - - [09/Mar/2018:10:12:41 -0300] "GET /cormun/servlet/trsolicitudadjuntos?2018,10344, HTTP/1.1" 200 8526
190.151.124.170 - - [09/Mar/2018:10:12:42 -0300] "POST /cormun/servlet/solicitudot?gx-no-cache=1520601110908 HTTP/1.1" 200 1318
186.67.164.142 - - [09/Mar/2018:10:12:42 -0300] "GET /cormun/servlet/trsolicitudadjuntos?2018,10344, HTTP/1.1" 200 8521
190.151.124.170 - - [09/Mar/2018:10:12:42 -0300] "POST /cormun/servlet/solicitudot?gx-no-cache=1520601112158 HTTP/1.1" 200 1218
190.151.124.170 - - [09/Mar/2018:10:12:50 -0300] "GET /cormun/servlet/solicitudot?bac20ea41d6e783602ccb1e09a8bdddfec9b65195e99bf9db7d9936d360e04783946c8d15d67bf1541b9876273717838,gx-no-cache=1520601120564 HTTP/1.1" 200 30
186.67.172.234 - - [09/Mar/2018:10:12:55 -0300] "GET /cormun/servlet/hlogin HTTP/1.1" 200 1724
186.67.172.234 - - [09/Mar/2018:10:12:55 -0300] "GET /cormun/servlet/hlogin HTTP/1.1" 200 1727
190.100.93.40 - - [09/Mar/2018:10:13:09 -0300] "GET /cormun/servlet/solicitudot?0fc33ab8f93b046478ad5c01a6b97ac44b979b98c3e7ea4b081fe985823e342b39102ca47c6ad89427aee34c673af150c3067bc1e5deb446dd081024a2b4bde9d868ce43f3c5e23f0868947b81c32ce31d4c2dadd1b42e4ae151079ee44faa0ef0aade551242051680d68ce1b21378c0,gx-no-cache=1520601143286 HTTP/1.1" 200 29
190.100.93.40 - - [09/Mar/2018:10:13:11 -0300] "POST /cormun/servlet/solicitudot?gx-no-cache=1520601143519 HTTP/1.1" 200 1318
186.67.172.234 - - [09/Mar/2018:10:13:15 -0300] "POST /cormun/servlet/hlogin?c340b640f937ba6d577a86f89f7db436,gx-no-cache=1520601144876 HTTP/1.1" 200 90
186.67.172.234 - - [09/Mar/2018:10:13:15 -0300] "GET /cormun/servlet/hpexe_link HTTP/1.1" 200 950
186.67.172.234 - - [09/Mar/2018:10:13:15 -0300] "GET /cormun/servlet/hhome HTTP/1.1" 200 4226
186.67.172.234 - - [09/Mar/2018:10:13:15 -0300] "GET /cormun/servlet/hhome HTTP/1.1" 200 4223
190.100.93.40 - - [09/Mar/2018:10:13:16 -0300] "POST /cormun/servlet/solicitudot?gx-no-cache=1520601145881 HTTP/1.1" 200 1215
186.67.164.142 - - [09/Mar/2018:10:13:18 -0300] "GET /cormun/servlet/solicitudotadjuntos?INS,2018,10344,,1, HTTP/1.1" 200 6018
186.67.164.142 - - [09/Mar/2018:10:13:18 -0300] "GET /cormun/static/about:blank HTTP/1.1" 404 1011
190.151.124.170 - - [09/Mar/2018:10:13:19 -0300] "POST /cormun/servlet/solicitudot?gx-no-cache=1520601148292 HTTP/1.1" 200 122
186.67.164.142 - - [09/Mar/2018:10:13:19 -0300] "GET /cormun/servlet/solicitudotadjuntos?INS,2018,10344,,1, HTTP/1.1" 200 6012
190.151.124.170 - - [09/Mar/2018:10:13:19 -0300] "POST /cormun/servlet/solicitudot?gx-no-cache=1520601149127 HTTP/1.1" 200 1318
190.151.124.170 - - [09/Mar/2018:10:13:19 -0300] "POST /cormun/servlet/solicitudot?gx-no-cache=1520601149240 HTTP/1.1" 200 1218
186.67.164.142 - - [09/Mar/2018:10:13:20 -0300] "GET /cormun/servlet/solicitudotadjuntos?187ddd1148b68d9426eac6443751a407e3d8e6511d9110aace7435fa82ce49f13f1dbc202e773154f0f77e2763112ef9,gx-no-cache=1520601150464 HTTP/1.1" 200 30
186.67.164.142 - - [09/Mar/2018:10:13:20 -0300] "POST /cormun/servlet/solicitudotadjuntos?e59afeb72c3559a79c1af23a940bcc61,INS,2018,10344,,1,,gx-no-cache=1520601150851 HTTP/1.1" 200 3813
190.151.124.170 - - [09/Mar/2018:10:13:20 -0300] "POST /cormun/servlet/solicitudot?gx-no-cache=1520601149949 HTTP/1.1" 200 120
190.151.124.170 - - [09/Mar/2018:10:13:22 -0300] "POST /cormun/servlet/solicitudot?a70dc856a18f0c164c4ad5f39e883014,INS,0,0,,gx-no-cache=1520601150688 HTTP/1.1" 200 11995
186.67.164.142 - - [09/Mar/2018:10:13:23 -0300] "POST /cormun/servlet/solicitudotadjuntos?gx-no-cache=1520601154114 HTTP/1.1" 200 26
190.151.124.170 - - [09/Mar/2018:10:13:31 -0300] "POST /cormun/servlet/solicitudot?gx-no-cache=1520601161277 HTTP/1.1" 200 122
190.151.124.170 - - [09/Mar/2018:10:13:31 -0300] "POST /cormun/servlet/solicitudot?gx-no-cache=1520601161360 HTTP/1.1" 200 1318
190.151.124.170 - - [09/Mar/2018:10:13:32 -0300] "POST /cormun/servlet/solicitudot?gx-no-cache=1520601161840 HTTP/1.1" 200 1218
190.151.124.170 - - [09/Mar/2018:10:13:32 -0300] "POST /cormun/servlet/solicitudot?gx-no-cache=1520601162319 HTTP/1.1" 200 120
190.151.124.170 - - [09/Mar/2018:10:13:34 -0300] "POST /cormun/servlet/solicitudot?a70dc856a18f0c164c4ad5f39e883014,INS,0,0,,gx-no-cache=1520601162435 HTTP/1.1" 200 12051
190.100.93.40 - - [09/Mar/2018:10:13:38 -0300] "GET /cormun/static/menuarrow.gif HTTP/1.1" 404 1015
190.151.124.170 - - [09/Mar/2018:10:13:40 -0300] "POST /cormun/servlet/solicitudot?gx-no-cache=1520601170797 HTTP/1.1" 200 122
190.151.124.170 - - [09/Mar/2018:10:13:41 -0300] "POST /cormun/servlet/solicitudot?gx-no-cache=1520601170892 HTTP/1.1" 200 1318
190.151.124.170 - - [09/Mar/2018:10:13:41 -0300] "POST /cormun/servlet/solicitudot?gx-no-cache=1520601170999 HTTP/1.1" 200 1218
190.151.124.170 - - [09/Mar/2018:10:13:42 -0300] "POST /cormun/servlet/solicitudot?gx-no-cache=1520601171934 HTTP/1.1" 200 120
190.151.124.170 - - [09/Mar/2018:10:13:44 -0300] "POST /cormun/servlet/solicitudot?a70dc856a18f0c164c4ad5f39e883014,INS,0,0,,gx-no-cache=1520601172476 HTTP/1.1" 200 12099
190.100.93.40 - - [09/Mar/2018:10:13:45 -0300] "GET /cormun/servlet/solicitudot?0fc33ab8f93b046478ad5c01a6b97ac460340ee793ed971eefd13d6e8f77d7892e3dc71b96915b97c0d163bbf77505e1,gx-no-cache=1520601179895 HTTP/1.1" 200 30
190.100.93.40 - - [09/Mar/2018:10:13:53 -0300] "POST /cormun/servlet/solicitudot?gx-no-cache=1520601188049 HTTP/1.1" 200 30
190.151.124.170 - - [09/Mar/2018:10:13:56 -0300] "POST /cormun/servlet/solicitudot?gx-no-cache=1520601186421 HTTP/1.1" 200 122
190.151.124.170 - - [09/Mar/2018:10:13:57 -0300] "POST /cormun/servlet/solicitudot?gx-no-cache=1520601186509 HTTP/1.1" 200 1318
190.151.124.170 - - [09/Mar/2018:10:13:57 -0300] "POST /cormun/servlet/solicitudot?gx-no-cache=1520601187061 HTTP/1.1" 200 1218
190.151.124.170 - - [09/Mar/2018:10:14:06 -0300] "POST /cormun/servlet/solicitudot?gx-no-cache=1520601187848 HTTP/1.1" 200 120
190.151.124.170 - - [09/Mar/2018:10:14:09 -0300] "POST /cormun/servlet/solicitudot?a70dc856a18f0c164c4ad5f39e883014,INS,0,0,,gx-no-cache=1520601196347 HTTP/1.1" 200 12163
186.103.196.90 - - [09/Mar/2018:10:14:30 -0300] "POST /cormun/servlet/solicitudot?gx-no-cache=1520601219404 HTTP/1.1" 200 120
115.231.218.136 - - [09/Mar/2018:10:14:33 -0300] "GET /manager/html HTTP/1.1" 401 2474
115.231.218.136 - - [09/Mar/2018:10:14:34 -0300] "GET /manager/html HTTP/1.1" 401 2474
115.231.218.136 - - [09/Mar/2018:10:14:34 -0300] "GET /manager/html HTTP/1.1" 401 2474
115.231.218.136 - - [09/Mar/2018:10:14:34 -0300] "GET /manager/html HTTP/1.1" 401 2474
115.231.218.136 - - [09/Mar/2018:10:14:35 -0300] "GET /manager/html HTTP/1.1" 401 2474
115.231.218.136 - - [09/Mar/2018:10:14:35 -0300] "GET /manager/html HTTP/1.1" 401 2474
115.231.218.136 - - [09/Mar/2018:10:14:35 -0300] "GET /manager/html HTTP/1.1" 401 2474
115.231.218.136 - - [09/Mar/2018:10:14:35 -0300] "GET /manager/html HTTP/1.1" 401 2474
115.231.218.136 - - [09/Mar/2018:10:14:35 -0300] "GET /manager/html HTTP/1.1" 401 2474
115.231.218.136 - - [09/Mar/2018:10:14:35 -0300] "GET /manager/html HTTP/1.1" 401 2474
115.231.218.136 - - [09/Mar/2018:10:14:35 -0300] "GET /manager/html HTTP/1.1" 401 2474
115.231.218.136 - - [09/Mar/2018:10:14:35 -0300] "GET /manager/html HTTP/1.1" 401 2474
115.231.218.136 - - [09/Mar/2018:10:14:35 -0300] "GET /manager/html HTTP/1.1" 401 2474
115.231.218.136 - - [09/Mar/2018:10:14:35 -0300] "GET /manager/html HTTP/1.1" 401 2474
115.231.218.136 - - [09/Mar/2018:10:14:35 -0300] "GET /manager/html HTTP/1.1" 401 2474
115.231.218.136 - - [09/Mar/2018:10:14:35 -0300] "GET /manager/html HTTP/1.1" 401 2474
115.231.218.136 - - [09/Mar/2018:10:14:35 -0300] "GET /manager/html HTTP/1.1" 401 2474
115.231.218.136 - - [09/Mar/2018:10:14:35 -0300] "GET /manager/html HTTP/1.1" 401 2474
115.231.218.136 - - [09/Mar/2018:10:14:35 -0300] "GET /manager/html HTTP/1.1" 401 2474
115.231.218.136 - tomcat [09/Mar/2018:10:14:38 -0300] "GET /manager/html HTTP/1.1" 403 3196
115.231.218.136 - - [09/Mar/2018:10:14:38 -0300] "GET /manager/html HTTP/1.1" 401 2474
115.231.218.136 - - [09/Mar/2018:10:14:38 -0300] "GET /manager/html HTTP/1.1" 401 2474
115.231.218.136 - - [09/Mar/2018:10:14:38 -0300] "GET /manager/html HTTP/1.1" 401 2474
115.231.218.136 - - [09/Mar/2018:10:14:38 -0300] "GET /manager/html HTTP/1.1" 401 2474
186.103.196.90 - - [09/Mar/2018:10:14:39 -0300] "POST /cormun/servlet/solicitudot?a70dc856a18f0c164c4ad5f39e883014,INS,0,0,,gx-no-cache=1520601220744 HTTP/1.1" 200 12205
115.231.218.136 - - [09/Mar/2018:10:14:44 -0300] "GET /manager/html HTTP/1.1" 401 2474
186.103.196.90 - - [09/Mar/2018:10:14:51 -0300] "POST /cormun/servlet/solicitudot?gx-no-cache=1520601239084 HTTP/1.1" 200 122
186.103.196.90 - - [09/Mar/2018:10:14:51 -0300] "POST /cormun/servlet/solicitudot?gx-no-cache=1520601241448 HTTP/1.1" 200 1318
186.103.196.90 - - [09/Mar/2018:10:14:52 -0300] "POST /cormun/servlet/solicitudot?gx-no-cache=1520601241836 HTTP/1.1" 200 1218
186.103.196.90 - - [09/Mar/2018:10:14:52 -0300] "POST /cormun/servlet/solicitudot?gx-no-cache=1520601242626 HTTP/1.1" 200 120
186.67.164.142 - - [09/Mar/2018:10:14:53 -0300] "GET /cormun/servlet/solicitudotadjuntos?187ddd1148b68d9426eac6443751a407dae3f4334971fcc78ed2ac88d03b6a67,gx-no-cache=1520601243022 HTTP/1.1" 200 30
186.67.164.142 - - [09/Mar/2018:10:14:53 -0300] "GET /cormun/servlet/solicitudotadjuntos?187ddd1148b68d9426eac6443751a407dae3f4334971fcc78ed2ac88d03b6a67,gx-no-cache=1520601244141 HTTP/1.1" 200 30
192.168.10.61 - - [09/Mar/2018:10:14:55 -0300] "POST /cormun/servlet/trsolicitudgral?06ef8980e0cfeda73e64c94aa1ed2183,,gx-no-cache=1520601133144 HTTP/1.1" 200 5871
192.168.10.61 - - [09/Mar/2018:10:14:56 -0300] "POST /cormun/servlet/trsolicitudgral?06ef8980e0cfeda73e64c94aa1ed2183,,gx-no-cache=1520601134126 HTTP/1.1" 200 5870
192.168.10.61 - - [09/Mar/2018:10:15:05 -0300] "POST /cormun/servlet/trsolicitudgral?06ef8980e0cfeda73e64c94aa1ed2183,,gx-no-cache=1520601143511 HTTP/1.1" 200 5871
186.67.164.142 - - [09/Mar/2018:10:15:14 -0300] "POST /cormun/servlet/solicitudotadjuntos?e59afeb72c3559a79c1af23a940bcc61,INS,2018,10344,,1, HTTP/1.1" 200 116
186.67.164.142 - - [09/Mar/2018:10:15:14 -0300] "GET /cormun/servlet/hpexe_return? HTTP/1.1" 200 1031
186.67.164.142 - - [09/Mar/2018:10:15:14 -0300] "GET /cormun/servlet/trsolicitudadjuntos?2018,10344, HTTP/1.1" 200 8749
186.67.164.142 - - [09/Mar/2018:10:15:15 -0300] "GET /cormun/servlet/trsolicitudadjuntos?2018,10344, HTTP/1.1" 200 8747
186.103.196.90 - - [09/Mar/2018:10:15:18 -0300] "POST /cormun/servlet/solicitudot?a70dc856a18f0c164c4ad5f39e883014,INS,0,0,,gx-no-cache=1520601242727 HTTP/1.1" 500 10
192.168.10.61 - - [09/Mar/2018:10:15:19 -0300] "POST /cormun/servlet/trsolicitudgral?06ef8980e0cfeda73e64c94aa1ed2183,,gx-no-cache=1520601157430 HTTP/1.1" 200 5868
190.151.99.26 - - [09/Mar/2018:10:15:19 -0300] "POST /cormun/servlet/solicitudot?a70dc856a18f0c164c4ad5f39e883014,INS,0,0,,gx-no-cache=1520601242727 HTTP/1.1" 200 12281
186.67.164.142 - - [09/Mar/2018:10:15:20 -0300] "GET /cormun/servlet/solicitudotadjuntos?INS,2018,10344,,1, HTTP/1.1" 200 6019
186.67.164.142 - - [09/Mar/2018:10:15:21 -0300] "GET /cormun/servlet/solicitudotadjuntos?INS,2018,10344,,1, HTTP/1.1" 200 6013
186.67.164.142 - - [09/Mar/2018:10:15:21 -0300] "GET /cormun/static/about:blank HTTP/1.1" 404 1011
186.67.164.142 - - [09/Mar/2018:10:15:21 -0300] "GET /cormun/servlet/solicitudotadjuntos?187ddd1148b68d9426eac6443751a407e3d8e6511d9110aace7435fa82ce49f13f1dbc202e773154f0f77e2763112ef9,gx-no-cache=1520601272486 HTTP/1.1" 200 30
186.67.164.142 - - [09/Mar/2018:10:15:22 -0300] "POST /cormun/servlet/solicitudotadjuntos?e59afeb72c3559a79c1af23a940bcc61,INS,2018,10344,,1,,gx-no-cache=1520601272568 HTTP/1.1" 200 3813
186.67.164.142 - - [09/Mar/2018:10:15:24 -0300] "POST /cormun/servlet/solicitudotadjuntos?gx-no-cache=1520601274908 HTTP/1.1" 200 26
192.168.10.61 - - [09/Mar/2018:10:15:24 -0300] "POST /cormun/servlet/trsolicitudgral?06ef8980e0cfeda73e64c94aa1ed2183,,gx-no-cache=1520601162318 HTTP/1.1" 200 5870
192.168.10.89 - - [09/Mar/2018:10:15:27 -0300] "POST /cormun/servlet/trsolicitudgral?b2c0c2d2bbe7a0a2e51b688c2943034b,,gx-no-cache=1520601165224 HTTP/1.1" 440 972
192.168.10.89 - - [09/Mar/2018:10:15:28 -0300] "GET /cormun/servlet/trsolicitudgral? HTTP/1.1" 500 10
192.168.10.61 - - [09/Mar/2018:10:15:28 -0300] "POST /cormun/servlet/trsolicitudgral?06ef8980e0cfeda73e64c94aa1ed2183,,gx-no-cache=1520601166389 HTTP/1.1" 200 5871
192.168.10.61 - - [09/Mar/2018:10:15:29 -0300] "POST /cormun/servlet/trsolicitudgral?06ef8980e0cfeda73e64c94aa1ed2183,,gx-no-cache=1520601167188 HTTP/1.1" 200 5871
192.168.10.61 - - [09/Mar/2018:10:15:29 -0300] "POST /cormun/servlet/trsolicitudgral?06ef8980e0cfeda73e64c94aa1ed2183,,gx-no-cache=1520601167395 HTTP/1.1" 200 5871
190.151.99.26 - - [09/Mar/2018:10:15:29 -0300] "POST /cormun/servlet/solicitudot?gx-no-cache=1520601279523 HTTP/1.1" 200 122
190.151.99.26 - - [09/Mar/2018:10:15:30 -0300] "POST /cormun/servlet/solicitudot?gx-no-cache=1520601279994 HTTP/1.1" 200 1318
190.151.99.26 - - [09/Mar/2018:10:15:31 -0300] "POST /cormun/servlet/solicitudot?gx-no-cache=1520601280565 HTTP/1.1" 200 1218
186.67.164.142 - - [09/Mar/2018:10:15:32 -0300] "GET /cormun/servlet/solicitudotadjuntos?187ddd1148b68d9426eac6443751a407dae3f4334971fcc78ed2ac88d03b6a67,gx-no-cache=1520601282796 HTTP/1.1" 200 30
186.67.164.142 - - [09/Mar/2018:10:15:32 -0300] "GET /cormun/servlet/solicitudotadjuntos?187ddd1148b68d9426eac6443751a407dae3f4334971fcc78ed2ac88d03b6a67,gx-no-cache=1520601282862 HTTP/1.1" 200 30
190.151.99.26 - - [09/Mar/2018:10:15:33 -0300] "POST /cormun/servlet/solicitudot?gx-no-cache=1520601283802 HTTP/1.1" 200 122
190.151.99.26 - - [09/Mar/2018:10:15:34 -0300] "POST /cormun/servlet/solicitudot?gx-no-cache=1520601283900 HTTP/1.1" 200 1318
190.151.99.26 - - [09/Mar/2018:10:15:34 -0300] "POST /cormun/servlet/solicitudot?gx-no-cache=1520601284083 HTTP/1.1" 200 1218
192.168.10.89 - - [09/Mar/2018:10:15:36 -0300] "GET /cormun/servlet/hlogin HTTP/1.1" 200 1715
192.168.10.61 - - [09/Mar/2018:10:15:36 -0300] "POST /cormun/servlet/trsolicitudgral?06ef8980e0cfeda73e64c94aa1ed2183,,gx-no-cache=1520601174116 HTTP/1.1" 200 10579
190.151.99.26 - - [09/Mar/2018:10:15:40 -0300] "POST /cormun/servlet/solicitudot?gx-no-cache=1520601290468 HTTP/1.1" 200 120
190.151.99.26 - - [09/Mar/2018:10:15:41 -0300] "POST /cormun/servlet/solicitudot?a70dc856a18f0c164c4ad5f39e883014,INS,0,0,,gx-no-cache=1520601290589 HTTP/1.1" 200 12329
192.168.10.89 - - [09/Mar/2018:10:15:44 -0300] "POST /cormun/servlet/hlogin?20a15a22bd14813542f4d6bbc2cd0c5b,gx-no-cache=1520601182345 HTTP/1.1" 200 90
192.168.10.89 - - [09/Mar/2018:10:15:44 -0300] "GET /cormun/servlet/hpexe_link HTTP/1.1" 200 947
192.168.10.89 - - [09/Mar/2018:10:15:44 -0300] "GET /cormun/servlet/hhome HTTP/1.1" 200 4917
192.168.10.89 - - [09/Mar/2018:10:15:47 -0300] "GET /cormun/servlet/trsolicitudgral? HTTP/1.1" 200 28440
192.168.10.62 - - [09/Mar/2018:10:15:51 -0300] "GET /cormun/servlet/hlogin HTTP/1.1" 200 1734
186.67.164.142 - - [09/Mar/2018:10:15:55 -0300] "POST /cormun/servlet/solicitudotadjuntos?e59afeb72c3559a79c1af23a940bcc61,INS,2018,10344,,1, HTTP/1.1" 200 116
186.67.164.142 - - [09/Mar/2018:10:15:55 -0300] "GET /cormun/servlet/hpexe_return? HTTP/1.1" 200 1031
186.67.164.142 - - [09/Mar/2018:10:15:56 -0300] "GET /cormun/servlet/trsolicitudadjuntos?2018,10344, HTTP/1.1" 200 8941
186.67.164.142 - - [09/Mar/2018:10:15:57 -0300] "GET /cormun/servlet/trsolicitudadjuntos?2018,10344, HTTP/1.1" 200 8939
192.168.10.62 - - [09/Mar/2018:10:15:58 -0300] "POST /cormun/servlet/hlogin?514e9aaed6fd2b526ca9de3b6eb8016e,gx-no-cache=1520601196058 HTTP/1.1" 200 90
192.168.10.62 - - [09/Mar/2018:10:15:58 -0300] "GET /cormun/servlet/hpexe_link HTTP/1.1" 200 949
192.168.10.62 - - [09/Mar/2018:10:15:58 -0300] "GET /cormun/servlet/hhome HTTP/1.1" 200 3855
192.168.10.62 - - [09/Mar/2018:10:15:58 -0300] "GET /cormun/servlet/hhome HTTP/1.1" 200 3852
190.151.99.26 - - [09/Mar/2018:10:16:01 -0300] "POST /cormun/servlet/solicitudot?gx-no-cache=1520601311420 HTTP/1.1" 200 122
192.168.10.62 - - [09/Mar/2018:10:16:02 -0300] "GET /cormun/servlet/trsolicitudgral? HTTP/1.1" 200 27245
186.67.172.234 - - [09/Mar/2018:10:16:03 -0300] "GET /cormun/servlet/trsolicitudot? HTTP/1.1" 200 7440
192.168.10.62 - - [09/Mar/2018:10:16:03 -0300] "GET /cormun/servlet/trsolicitudgral? HTTP/1.1" 200 27244
186.67.172.234 - - [09/Mar/2018:10:16:03 -0300] "GET /cormun/servlet/trsolicitudot? HTTP/1.1" 200 7439
190.151.99.26 - - [09/Mar/2018:10:16:03 -0300] "POST /cormun/servlet/solicitudot?gx-no-cache=1520601311528 HTTP/1.1" 200 1318
190.151.99.26 - - [09/Mar/2018:10:16:04 -0300] "POST /cormun/servlet/solicitudot?gx-no-cache=1520601313890 HTTP/1.1" 200 1218
190.151.99.26 - - [09/Mar/2018:10:16:04 -0300] "POST /cormun/servlet/solicitudot?gx-no-cache=1520601314076 HTTP/1.1" 200 120
190.151.99.26 - - [09/Mar/2018:10:16:05 -0300] "POST /cormun/servlet/solicitudot?a70dc856a18f0c164c4ad5f39e883014,INS,0,0,,gx-no-cache=1520601314183 HTTP/1.1" 200 12380
192.168.10.89 - - [09/Mar/2018:10:16:08 -0300] "POST /cormun/servlet/trsolicitudgral?20a15a22bd14813542f4d6bbc2cd0c5b,,gx-no-cache=1520601206963 HTTP/1.1" 200 5921
190.151.99.26 - - [09/Mar/2018:10:16:11 -0300] "POST /cormun/servlet/solicitudot?gx-no-cache=1520601321196 HTTP/1.1" 200 122
190.151.99.26 - - [09/Mar/2018:10:16:12 -0300] "POST /cormun/servlet/solicitudot?gx-no-cache=1520601321293 HTTP/1.1" 200 1318
190.151.99.26 - - [09/Mar/2018:10:16:12 -0300] "POST /cormun/servlet/solicitudot?gx-no-cache=1520601322374 HTTP/1.1" 200 1218
190.151.99.26 - - [09/Mar/2018:10:16:12 -0300] "POST /cormun/servlet/solicitudot?gx-no-cache=1520601322560 HTTP/1.1" 200 120
190.151.99.26 - - [09/Mar/2018:10:16:14 -0300] "POST /cormun/servlet/solicitudot?a70dc856a18f0c164c4ad5f39e883014,INS,0,0,,gx-no-cache=1520601322668 HTTP/1.1" 200 12415
192.168.10.62 - - [09/Mar/2018:10:16:14 -0300] "POST /cormun/servlet/trsolicitudgral?514e9aaed6fd2b526ca9de3b6eb8016e,,gx-no-cache=1520601212142 HTTP/1.1" 200 8030
192.168.10.89 - - [09/Mar/2018:10:16:19 -0300] "POST /cormun/servlet/trsolicitudgral?20a15a22bd14813542f4d6bbc2cd0c5b,,gx-no-cache=1520601217077 HTTP/1.1" 200 9192
190.151.99.26 - - [09/Mar/2018:10:16:31 -0300] "POST /cormun/servlet/solicitudot?gx-no-cache=1520601339396 HTTP/1.1" 200 122
190.151.99.26 - - [09/Mar/2018:10:16:33 -0300] "POST /cormun/servlet/solicitudot?gx-no-cache=1520601341595 HTTP/1.1" 200 1318
190.151.99.26 - - [09/Mar/2018:10:16:34 -0300] "POST /cormun/servlet/solicitudot?gx-no-cache=1520601343197 HTTP/1.1" 200 1218
190.151.99.26 - - [09/Mar/2018:10:16:34 -0300] "POST /cormun/servlet/solicitudot?gx-no-cache=1520601344465 HTTP/1.1" 200 120
190.151.99.26 - - [09/Mar/2018:10:16:36 -0300] "POST /cormun/servlet/solicitudot?a70dc856a18f0c164c4ad5f39e883014,INS,0,0,,gx-no-cache=1520601344573 HTTP/1.1" 200 12542
186.67.164.142 - - [09/Mar/2018:10:16:40 -0300] "GET /cormun/servlet/solicitudotadjuntos?INS,2018,10344,,1, HTTP/1.1" 200 6019
186.67.164.142 - - [09/Mar/2018:10:16:41 -0300] "GET /cormun/static/about:blank HTTP/1.1" 404 1011
186.67.164.142 - - [09/Mar/2018:10:16:41 -0300] "GET /cormun/servlet/solicitudotadjuntos?INS,2018,10344,,1, HTTP/1.1" 200 6013
186.67.164.142 - - [09/Mar/2018:10:16:41 -0300] "GET /cormun/servlet/solicitudotadjuntos?187ddd1148b68d9426eac6443751a407e3d8e6511d9110aace7435fa82ce49f13f1dbc202e773154f0f77e2763112ef9,gx-no-cache=1520601352202 HTTP/1.1" 200 30
186.67.164.142 - - [09/Mar/2018:10:16:42 -0300] "POST /cormun/servlet/solicitudotadjuntos?e59afeb72c3559a79c1af23a940bcc61,INS,2018,10344,,1,,gx-no-cache=1520601352339 HTTP/1.1" 200 3813
186.67.164.142 - - [09/Mar/2018:10:16:45 -0300] "POST /cormun/servlet/solicitudotadjuntos?gx-no-cache=1520601356479 HTTP/1.1" 200 26
192.168.10.61 - - [09/Mar/2018:10:16:47 -0300] "POST /cormun/servlet/trsolicitudgral?06ef8980e0cfeda73e64c94aa1ed2183,,gx-no-cache=1520601245503 HTTP/1.1" 200 7269
192.168.10.62 - - [09/Mar/2018:10:16:50 -0300] "POST /cormun/servlet/trsolicitudgral?514e9aaed6fd2b526ca9de3b6eb8016e,,gx-no-cache=1520601247599 HTTP/1.1" 200 104
192.168.10.62 - - [09/Mar/2018:10:16:50 -0300] "POST /cormun/servlet/trsolicitudgral?514e9aaed6fd2b526ca9de3b6eb8016e,,gx-no-cache=1520601247698 HTTP/1.1" 200 8012
192.168.10.62 - - [09/Mar/2018:10:16:50 -0300] "GET /cormun/SolicitudGral-486.xls HTTP/1.1" 200 6656
190.151.99.26 - - [09/Mar/2018:10:16:52 -0300] "POST /cormun/servlet/solicitudot?gx-no-cache=1520601362652 HTTP/1.1" 200 121
190.151.99.26 - - [09/Mar/2018:10:16:53 -0300] "POST /cormun/servlet/solicitudot?gx-no-cache=1520601362750 HTTP/1.1" 200 1318
190.151.99.26 - - [09/Mar/2018:10:16:53 -0300] "POST /cormun/servlet/solicitudot?gx-no-cache=1520601363012 HTTP/1.1" 200 1218
190.151.99.26 - - [09/Mar/2018:10:16:53 -0300] "POST /cormun/servlet/solicitudot?gx-no-cache=1520601363122 HTTP/1.1" 200 120
192.168.10.61 - - [09/Mar/2018:10:16:55 -0300] "POST /cormun/servlet/trsolicitudgral?06ef8980e0cfeda73e64c94aa1ed2183,,gx-no-cache=1520601253597 HTTP/1.1" 200 8459
190.151.99.26 - - [09/Mar/2018:10:16:56 -0300] "POST /cormun/servlet/solicitudot?a70dc856a18f0c164c4ad5f39e883014,INS,0,0,,gx-no-cache=1520601363663 HTTP/1.1" 200 12625
186.67.164.142 - - [09/Mar/2018:10:16:57 -0300] "GET /cormun/servlet/solicitudotadjuntos?187ddd1148b68d9426eac6443751a407dae3f4334971fcc78ed2ac88d03b6a67,gx-no-cache=1520601368167 HTTP/1.1" 200 30
186.67.164.142 - - [09/Mar/2018:10:16:57 -0300] "GET /cormun/servlet/solicitudotadjuntos?187ddd1148b68d9426eac6443751a407dae3f4334971fcc78ed2ac88d03b6a67,gx-no-cache=1520601368234 HTTP/1.1" 200 30
186.67.164.142 - - [09/Mar/2018:10:17:22 -0300] "POST /cormun/servlet/solicitudotadjuntos?e59afeb72c3559a79c1af23a940bcc61,INS,2018,10344,,1, HTTP/1.1" 200 116
186.67.164.142 - - [09/Mar/2018:10:17:22 -0300] "GET /cormun/servlet/hpexe_return? HTTP/1.1" 200 1031
186.67.164.142 - - [09/Mar/2018:10:17:23 -0300] "GET /cormun/servlet/trsolicitudadjuntos?2018,10344, HTTP/1.1" 200 9128
186.67.164.142 - - [09/Mar/2018:10:17:25 -0300] "GET /cormun/servlet/trsolicitudadjuntos?2018,10344, HTTP/1.1" 200 9125
152.231.70.146 - - [09/Mar/2018:10:17:27 -0300] "POST /cormun/servlet/solicitudot?gx-no-cache=1520601396762 HTTP/1.1" 200 30
152.231.70.146 - - [09/Mar/2018:10:17:27 -0300] "POST /cormun/servlet/solicitudot?gx-no-cache=1520601397273 HTTP/1.1" 200 1336
152.231.70.146 - - [09/Mar/2018:10:17:46 -0300] "POST /cormun/servlet/solicitudot?gx-no-cache=1520601415939 HTTP/1.1" 200 30
152.231.70.146 - - [09/Mar/2018:10:17:46 -0300] "POST /cormun/servlet/solicitudot?gx-no-cache=1520601416048 HTTP/1.1" 200 1336
152.231.70.146 - - [09/Mar/2018:10:17:46 -0300] "POST /cormun/servlet/solicitudot?gx-no-cache=1520601416340 HTTP/1.1" 200 121
152.231.70.146 - - [09/Mar/2018:10:17:47 -0300] "POST /cormun/servlet/solicitudot?gx-no-cache=1520601416438 HTTP/1.1" 200 1318
152.231.70.146 - - [09/Mar/2018:10:17:47 -0300] "POST /cormun/servlet/solicitudot?gx-no-cache=1520601417576 HTTP/1.1" 200 1218
152.231.70.146 - - [09/Mar/2018:10:17:47 -0300] "POST /cormun/servlet/solicitudot?gx-no-cache=1520601417682 HTTP/1.1" 200 120
192.168.10.61 - - [09/Mar/2018:10:17:51 -0300] "GET /cormun/servlet/trsolicitudgral? HTTP/1.1" 200 11469
192.168.10.61 - - [09/Mar/2018:10:17:51 -0300] "GET /cormun/servlet/trsolicitudgral? HTTP/1.1" 200 11469
152.231.70.146 - - [09/Mar/2018:10:17:52 -0300] "POST /cormun/servlet/solicitudot?a70dc856a18f0c164c4ad5f39e883014,INS,0,0,,gx-no-cache=1520601417802 HTTP/1.1" 200 12665
152.231.70.146 - - [09/Mar/2018:10:17:56 -0300] "POST /cormun/servlet/solicitudot?a70dc856a18f0c164c4ad5f39e883014,INS,0,0,,gx-no-cache=1520601424005 HTTP/1.1" 200 93
152.231.70.146 - - [09/Mar/2018:10:17:56 -0300] "GET /cormun/servlet/hpexe_return? HTTP/1.1" 200 1003
152.231.70.146 - - [09/Mar/2018:10:17:56 -0300] "GET /cormun/servlet/trsolicitudot HTTP/1.1" 200 7410
152.231.70.146 - - [09/Mar/2018:10:17:56 -0300] "GET /cormun/servlet/trsolicitudot HTTP/1.1" 200 7407
186.67.84.236 - - [09/Mar/2018:10:17:59 -0300] "GET /cormun/servlet/solicitudot?INS,0,0, HTTP/1.1" 200 13645
186.67.84.236 - - [09/Mar/2018:10:18:00 -0300] "GET /cormun/servlet/solicitudot?INS,0,0, HTTP/1.1" 200 13650
192.168.10.50 - - [09/Mar/2018:10:18:18 -0300] "POST /cormun/servlet/trsolicitudgral?ce049adf1501c0d489570ce6ebc8646f,,gx-no-cache=1520601336804 HTTP/1.1" 200 12455
192.168.10.50 - - [09/Mar/2018:10:18:24 -0300] "POST /cormun/servlet/trsolicitudgral?ce049adf1501c0d489570ce6ebc8646f,,gx-no-cache=1520601342108 HTTP/1.1" 200 7280
190.100.93.40 - - [09/Mar/2018:10:18:26 -0300] "POST /cormun/servlet/solicitudot?50eeaf17eb99e967a28e6a57335f3130,INS,0,0,,gx-no-cache=1520601430931 HTTP/1.1" 200 93
190.100.93.40 - - [09/Mar/2018:10:18:26 -0300] "GET /cormun/servlet/hpexe_return? HTTP/1.1" 200 1002
190.100.93.40 - - [09/Mar/2018:10:18:27 -0300] "GET /cormun/servlet/trsolicitudot HTTP/1.1" 200 8923
190.100.93.40 - - [09/Mar/2018:10:18:27 -0300] "GET /cormun/servlet/trsolicitudot HTTP/1.1" 200 8919
192.168.10.50 - - [09/Mar/2018:10:18:29 -0300] "POST /cormun/servlet/trsolicitudgral?ce049adf1501c0d489570ce6ebc8646f,,gx-no-cache=1520601347235 HTTP/1.1" 200 11674
192.168.10.50 - - [09/Mar/2018:10:18:39 -0300] "POST /cormun/servlet/trsolicitudgral?ce049adf1501c0d489570ce6ebc8646f,,gx-no-cache=1520601357131 HTTP/1.1" 200 12719
192.168.10.50 - - [09/Mar/2018:10:18:41 -0300] "POST /cormun/servlet/trsolicitudgral?ce049adf1501c0d489570ce6ebc8646f,,gx-no-cache=1520601359315 HTTP/1.1" 200 105
192.168.10.50 - - [09/Mar/2018:10:18:41 -0300] "POST /cormun/servlet/trsolicitudgral?ce049adf1501c0d489570ce6ebc8646f,,gx-no-cache=1520601359476 HTTP/1.1" 200 12702
192.168.10.50 - - [09/Mar/2018:10:18:42 -0300] "GET /cormun/SolicitudGral-8367.xls HTTP/1.1" 200 11776
192.168.10.62 - - [09/Mar/2018:10:18:46 -0300] "POST /cormun/servlet/trsolicitudgral?514e9aaed6fd2b526ca9de3b6eb8016e,,gx-no-cache=1520601357994 HTTP/1.1" 200 6986
192.168.10.62 - - [09/Mar/2018:10:18:46 -0300] "GET /cormun/static/Shared/jqueryui/images/ui-bg_highlight-soft_100_c6c2c8_1x100.png HTTP/1.1" 404 1117
192.168.10.62 - - [09/Mar/2018:10:18:46 -0300] "GET /cormun/static/Shared/jqueryui/images/ui-icons_82798d_256x240.png HTTP/1.1" 404 1089
192.168.10.62 - - [09/Mar/2018:10:18:46 -0300] "GET /cormun/static/Shared/jqueryui/images/ui-bg_flat_55_fafafa_40x100.png HTTP/1.1" 404 1097
192.168.10.62 - - [09/Mar/2018:10:18:46 -0300] "GET /cormun/static/Shared/jqueryui/images/ui-icons_8d78a5_256x240.png HTTP/1.1" 404 1089
190.100.93.40 - - [09/Mar/2018:10:18:52 -0300] "GET /cormun/servlet/solicitudot?INS,0,0, HTTP/1.1" 200 13774
190.100.93.40 - - [09/Mar/2018:10:18:56 -0300] "GET /cormun/servlet/solicitudot?INS,0,0, HTTP/1.1" 200 13779
192.168.10.62 - - [09/Mar/2018:10:18:56 -0300] "POST /cormun/servlet/trsolicitudgral?514e9aaed6fd2b526ca9de3b6eb8016e,,gx-no-cache=1520601374067 HTTP/1.1" 200 12374
192.168.10.96 - - [09/Mar/2018:10:19:33 -0300] "POST /cormun/servlet/trsolicitudgral?08d48f5bf22c3019facad26e01479a9c,,gx-no-cache=1520601411885 HTTP/1.1" 200 7268
192.168.10.62 - - [09/Mar/2018:10:19:42 -0300] "POST /cormun/servlet/trsolicitudgral?514e9aaed6fd2b526ca9de3b6eb8016e,,gx-no-cache=1520601419533 HTTP/1.1" 200 6997
192.168.10.89 - - [09/Mar/2018:10:19:58 -0300] "POST /cormun/servlet/trsolicitudgral?20a15a22bd14813542f4d6bbc2cd0c5b,,gx-no-cache=1520601436700 HTTP/1.1" 200 5924
192.168.10.62 - - [09/Mar/2018:10:20:04 -0300] "POST /cormun/servlet/trsolicitudgral?514e9aaed6fd2b526ca9de3b6eb8016e,,gx-no-cache=1520601441834 HTTP/1.1" 200 17087
192.168.10.62 - - [09/Mar/2018:10:20:07 -0300] "POST /cormun/servlet/trsolicitudgral?514e9aaed6fd2b526ca9de3b6eb8016e,,gx-no-cache=1520601444618 HTTP/1.1" 200 105
192.168.10.62 - - [09/Mar/2018:10:20:07 -0300] "GET /cormun/SolicitudGral-4795.xls HTTP/1.1" 200 18432
192.168.10.62 - - [09/Mar/2018:10:20:42 -0300] "GET /cormun/servlet/vesolicitudgral?2018,9876,, HTTP/1.1" 200 8466
192.168.10.62 - - [09/Mar/2018:10:20:42 -0300] "GET /cormun/pexe_scrolldiv.js HTTP/1.1" 404 1009
192.168.10.62 - - [09/Mar/2018:10:20:42 -0300] "GET /cormun/pexe_scrolldiv.js HTTP/1.1" 404 1009
192.168.10.62 - - [09/Mar/2018:10:20:42 -0300] "GET /cormun/servlet/vesolicitudgral?2018,9876,, HTTP/1.1" 200 8466
190.100.93.40 - - [09/Mar/2018:10:20:43 -0300] "POST /cormun/servlet/solicitudot?gx-no-cache=1520601596831 HTTP/1.1" 200 3284
200.54.18.125 - - [09/Mar/2018:10:20:45 -0300] "POST /cormun/servlet/solicitudot?gx-no-cache=1520601594813 HTTP/1.1" 200 3284
200.54.18.125 - - [09/Mar/2018:10:20:45 -0300] "POST /cormun/servlet/solicitudot?a70dc856a18f0c164c4ad5f39e883014,INS,0,0,,gx-no-cache=1520601595182 HTTP/1.1" 200 10435
190.100.93.40 - - [09/Mar/2018:10:20:46 -0300] "POST /cormun/servlet/solicitudot?50eeaf17eb99e967a28e6a57335f3130,INS,0,0,,gx-no-cache=1520601597827 HTTP/1.1" 200 10431
200.54.18.125 - - [09/Mar/2018:10:20:49 -0300] "GET /cormun/servlet/solicitudot?bac20ea41d6e783602ccb1e09a8bdddf6a70cb94a2ee04981aa82807b8556e125cd98a676af117f2e83539dc15c65ae5,gx-no-cache=1520601599659 HTTP/1.1" 200 30
186.67.164.142 - - [09/Mar/2018:10:20:50 -0300] "GET /cormun/servlet/solicitudotadjuntos?INS,2018,10344,,1, HTTP/1.1" 200 6018
186.67.164.142 - - [09/Mar/2018:10:20:50 -0300] "GET /cormun/static/about:blank HTTP/1.1" 404 1011
192.168.10.62 - - [09/Mar/2018:10:20:50 -0300] "POST /cormun/servlet/vesolicitudgral?514e9aaed6fd2b526ca9de3b6eb8016e,2018,9876,,,gx-no-cache=1520601488333 HTTP/1.1" 200 115
186.67.164.142 - - [09/Mar/2018:10:20:50 -0300] "GET /cormun/servlet/solicitudotadjuntos?INS,2018,10344,,1, HTTP/1.1" 200 6012
192.168.10.62 - - [09/Mar/2018:10:20:50 -0300] "GET /cormun/servlet/solicitudotlog?INS,2018,9876,0,REC, HTTP/1.1" 200 5676
192.168.10.62 - - [09/Mar/2018:10:20:51 -0300] "GET /cormun/servlet/solicitudotlog?INS,2018,9876,0,REC, HTTP/1.1" 200 5670
186.67.164.142 - - [09/Mar/2018:10:20:51 -0300] "GET /cormun/servlet/solicitudotadjuntos?187ddd1148b68d9426eac6443751a407e3d8e6511d9110aace7435fa82ce49f13f1dbc202e773154f0f77e2763112ef9,gx-no-cache=1520601602132 HTTP/1.1" 200 30
190.100.93.40 - - [09/Mar/2018:10:20:51 -0300] "GET /cormun/servlet/solicitudot?0fc33ab8f93b046478ad5c01a6b97ac48a5dfda3eddacdb1102bf3202212c2591b7c1723709edadca356427c2e87fe57,gx-no-cache=1520601605686 HTTP/1.1" 200 30
192.168.10.62 - - [09/Mar/2018:10:20:51 -0300] "GET /cormun/servlet/solicitudotlog?166ed9ae23b2df64c5b3f0f69f986a124769463915cd642c01a30bac7ed5a60a678b9488213d18ab4632c5039ba354484d1cce7b087af4dff0b808e3046322ff9d3944c16484763449e82e92fdcfc34d4718d06d7e54043852c3246d02f797300b7fdaeea2e8ab6de240be1c65566c7a3f6eb4099314709fe137e8618b64124838c84be6be988c472716505db3ffc195f36a10e4e21c996460eb14881f5e0176,gx-no-cache=1520601489264 HTTP/1.1" 200 94
186.67.164.142 - - [09/Mar/2018:10:20:52 -0300] "POST /cormun/servlet/solicitudotadjuntos?e59afeb72c3559a79c1af23a940bcc61,INS,2018,10344,,1,,gx-no-cache=1520601602209 HTTP/1.1" 200 3812
186.67.164.142 - - [09/Mar/2018:10:20:55 -0300] "POST /cormun/servlet/solicitudotadjuntos?gx-no-cache=1520601606133 HTTP/1.1" 200 26
186.67.164.142 - - [09/Mar/2018:10:21:03 -0300] "GET /cormun/servlet/solicitudotadjuntos?187ddd1148b68d9426eac6443751a407dae3f4334971fcc78ed2ac88d03b6a67,gx-no-cache=1520601614301 HTTP/1.1" 200 30
186.67.164.142 - - [09/Mar/2018:10:21:03 -0300] "GET /cormun/servlet/solicitudotadjuntos?187ddd1148b68d9426eac6443751a407dae3f4334971fcc78ed2ac88d03b6a67,gx-no-cache=1520601614366 HTTP/1.1" 200 30
192.168.10.62 - - [09/Mar/2018:10:21:08 -0300] "POST /cormun/servlet/solicitudotlog?514e9aaed6fd2b526ca9de3b6eb8016e,INS,2018,9876,0,REC,,gx-no-cache=1520601505682 HTTP/1.1" 200 93
192.168.10.62 - - [09/Mar/2018:10:21:08 -0300] "GET /cormun/servlet/hpexe_return? HTTP/1.1" 200 1024
192.168.10.62 - - [09/Mar/2018:10:21:08 -0300] "GET /cormun/servlet/vesolicitudgral?2018,9876,, HTTP/1.1" 200 8480
192.168.10.62 - - [09/Mar/2018:10:21:08 -0300] "GET /cormun/pexe_scrolldiv.js HTTP/1.1" 404 1009
192.168.10.62 - - [09/Mar/2018:10:21:08 -0300] "GET /cormun/pexe_scrolldiv.js HTTP/1.1" 404 1009
192.168.10.62 - - [09/Mar/2018:10:21:08 -0300] "GET /cormun/servlet/vesolicitudgral?2018,9876,, HTTP/1.1" 200 8477
192.168.10.62 - - [09/Mar/2018:10:21:10 -0300] "POST /cormun/servlet/vesolicitudgral?514e9aaed6fd2b526ca9de3b6eb8016e,2018,9876,,,gx-no-cache=1520601507619 HTTP/1.1" 200 93
192.168.10.62 - - [09/Mar/2018:10:21:10 -0300] "GET /cormun/servlet/hpexe_return? HTTP/1.1" 200 1010
192.168.10.62 - - [09/Mar/2018:10:21:10 -0300] "GET /cormun/servlet/trsolicitudgral? HTTP/1.1" 200 20028
192.168.10.62 - - [09/Mar/2018:10:21:11 -0300] "GET /cormun/servlet/trsolicitudgral? HTTP/1.1" 200 20023
192.168.10.62 - - [09/Mar/2018:10:21:16 -0300] "POST /cormun/servlet/trsolicitudgral?514e9aaed6fd2b526ca9de3b6eb8016e,,gx-no-cache=1520601513480 HTTP/1.1" 200 6518
186.67.164.142 - - [09/Mar/2018:10:21:22 -0300] "POST /cormun/servlet/solicitudotadjuntos?e59afeb72c3559a79c1af23a940bcc61,INS,2018,10344,,1, HTTP/1.1" 200 6152
186.67.164.142 - - [09/Mar/2018:10:21:23 -0300] "GET /cormun/static/Shared/jqueryui/images/ui-icons_ebccce_256x240.png HTTP/1.1" 404 1089
186.67.164.142 - - [09/Mar/2018:10:21:23 -0300] "GET /cormun/static/Shared/jqueryui/images/ui-bg_highlight-soft_100_c6c2c8_1x100.png HTTP/1.1" 404 1117
186.67.164.142 - - [09/Mar/2018:10:21:23 -0300] "GET /cormun/static/Shared/jqueryui/images/ui-icons_82798d_256x240.png HTTP/1.1" 404 1089
186.67.164.142 - - [09/Mar/2018:10:21:23 -0300] "GET /cormun/static/Shared/jqueryui/images/ui-bg_flat_55_994d53_40x100.png HTTP/1.1" 404 1097
186.67.164.142 - - [09/Mar/2018:10:21:23 -0300] "GET /home/sistema/apache-tomcat-7.0.65/webapps/cormun/PrivateTempStorage/upload_00007784.pdf HTTP/1.1" 404 1135
186.67.164.142 - - [09/Mar/2018:10:21:24 -0300] "GET /cormun/PrivateTempStorage/upload_00007784.pdf HTTP/1.1" 200 532317
192.168.10.62 - - [09/Mar/2018:10:21:29 -0300] "GET /cormun/servlet/vesolicitudgral?2018,9997,, HTTP/1.1" 200 8423
192.168.10.62 - - [09/Mar/2018:10:21:29 -0300] "GET /cormun/pexe_scrolldiv.js HTTP/1.1" 404 1009
192.168.10.62 - - [09/Mar/2018:10:21:29 -0300] "GET /cormun/pexe_scrolldiv.js HTTP/1.1" 404 1009
192.168.10.62 - - [09/Mar/2018:10:21:29 -0300] "GET /cormun/servlet/vesolicitudgral?2018,9997,, HTTP/1.1" 200 8422
192.168.10.62 - - [09/Mar/2018:10:21:32 -0300] "GET /cormun/servlet/vesolicitudgral?2018,9997,,SolicitudOTAdjuntos HTTP/1.1" 200 10448
192.168.10.62 - - [09/Mar/2018:10:21:32 -0300] "GET /cormun/pexe_scrolldiv.js HTTP/1.1" 404 1009
192.168.10.62 - - [09/Mar/2018:10:21:32 -0300] "GET /cormun/pexe_scrolldiv.js HTTP/1.1" 404 1009
192.168.10.62 - - [09/Mar/2018:10:21:33 -0300] "GET /cormun/servlet/vesolicitudgral?2018,9997,,SolicitudOTAdjuntos HTTP/1.1" 200 10448
192.168.10.62 - - [09/Mar/2018:10:21:33 -0300] "POST /cormun/servlet/acontrolpreferencessavestate?None,FGONZALEZG,true HTTP/1.1" 200 35
186.67.164.142 - - [09/Mar/2018:10:21:38 -0300] "POST /cormun/servlet/solicitudotadjuntos?e59afeb72c3559a79c1af23a940bcc61,INS,2018,10344,,1, HTTP/1.1" 200 116
186.67.164.142 - - [09/Mar/2018:10:21:38 -0300] "GET /cormun/servlet/hpexe_return? HTTP/1.1" 200 1031
186.67.164.142 - - [09/Mar/2018:10:21:39 -0300] "GET /cormun/servlet/trsolicitudadjuntos?2018,10344, HTTP/1.1" 200 9127
186.67.164.142 - - [09/Mar/2018:10:21:40 -0300] "GET /cormun/servlet/trsolicitudadjuntos?2018,10344, HTTP/1.1" 200 9123
192.168.10.62 - - [09/Mar/2018:10:21:40 -0300] "GET /cormun/PublicTempStorage/c.vitae_sara_mora9761894.pdf HTTP/1.1" 200 1338268
186.67.164.142 - - [09/Mar/2018:10:21:47 -0300] "GET /cormun/servlet/solicitudotadjuntos?INS,2018,10344,,1, HTTP/1.1" 200 6019
186.67.164.142 - - [09/Mar/2018:10:21:48 -0300] "GET /cormun/static/about:blank HTTP/1.1" 404 1011
186.67.164.142 - - [09/Mar/2018:10:21:48 -0300] "GET /cormun/servlet/solicitudotadjuntos?INS,2018,10344,,1, HTTP/1.1" 200 6013
186.67.164.142 - - [09/Mar/2018:10:21:48 -0300] "GET /cormun/servlet/solicitudotadjuntos?187ddd1148b68d9426eac6443751a407e3d8e6511d9110aace7435fa82ce49f13f1dbc202e773154f0f77e2763112ef9,gx-no-cache=1520601659396 HTTP/1.1" 200 30
186.67.164.142 - - [09/Mar/2018:10:21:49 -0300] "POST /cormun/servlet/solicitudotadjuntos?e59afeb72c3559a79c1af23a940bcc61,INS,2018,10344,,1,,gx-no-cache=1520601659477 HTTP/1.1" 200 3813
186.67.164.142 - - [09/Mar/2018:10:21:52 -0300] "POST /cormun/servlet/solicitudotadjuntos?gx-no-cache=1520601663710 HTTP/1.1" 200 26
186.67.164.142 - - [09/Mar/2018:10:21:59 -0300] "GET /cormun/servlet/solicitudotadjuntos?187ddd1148b68d9426eac6443751a407dae3f4334971fcc78ed2ac88d03b6a67,gx-no-cache=1520601670376 HTTP/1.1" 200 30
186.67.164.142 - - [09/Mar/2018:10:21:59 -0300] "GET /cormun/servlet/solicitudotadjuntos?187ddd1148b68d9426eac6443751a407dae3f4334971fcc78ed2ac88d03b6a67,gx-no-cache=1520601670433 HTTP/1.1" 200 30
190.100.93.40 - - [09/Mar/2018:10:22:16 -0300] "GET /cormun/servlet/prbanco?,MD,,gxPopupLevel%3D0%3B HTTP/1.1" 200 6783
192.168.10.89 - - [09/Mar/2018:10:22:16 -0300] "POST /cormun/servlet/trsolicitudgral?20a15a22bd14813542f4d6bbc2cd0c5b,,gx-no-cache=1520601574466 HTTP/1.1" 200 9192
186.67.84.236 - - [09/Mar/2018:10:22:21 -0300] "GET /cormun/servlet/solicitudot?bac20ea41d6e783602ccb1e09a8bdddfe22951f3f787c63e670953b1f683653e83e08a45502beded88bac9b01f834a27,gx-no-cache=1520601690611 HTTP/1.1" 200 30
190.100.93.40 - - [09/Mar/2018:10:22:21 -0300] "GET /cormun/servlet/solicitudot?0fc33ab8f93b046478ad5c01a6b97ac4ac0065b4af597fbdc80851262a979521537bd7c23f79fff64341fa8cb6f4e9aaaf8f30bb639a1e0ebccaa0e203e301ae,gx-no-cache=1520601695781 HTTP/1.1" 200 30
186.67.164.142 - - [09/Mar/2018:10:22:22 -0300] "POST /cormun/servlet/solicitudotadjuntos?e59afeb72c3559a79c1af23a940bcc61,INS,2018,10344,,1, HTTP/1.1" 200 116
186.67.164.142 - - [09/Mar/2018:10:22:22 -0300] "GET /cormun/servlet/hpexe_return? HTTP/1.1" 200 1031
186.67.84.236 - - [09/Mar/2018:10:22:23 -0300] "GET /cormun/servlet/prbanco?,MD,,gxPopupLevel%3D0%3B HTTP/1.1" 200 6633
186.67.84.236 - - [09/Mar/2018:10:22:23 -0300] "GET /cormun/static/gxcfg.js?20181161016094 HTTP/1.1" 200 953
186.67.84.236 - - [09/Mar/2018:10:22:23 -0300] "GET /cormun/static/prbanco.js?2018116101633 HTTP/1.1" 200 10693
186.67.164.142 - - [09/Mar/2018:10:22:23 -0300] "GET /cormun/servlet/trsolicitudadjuntos?2018,10344, HTTP/1.1" 200 9390
190.100.93.40 - - [09/Mar/2018:10:22:23 -0300] "GET /cormun/servlet/solicitudot?0fc33ab8f93b046478ad5c01a6b97ac41ff51030ea4769aa249032547ed6ee11,gx-no-cache=1520601697708 HTTP/1.1" 200 53
186.67.164.142 - - [09/Mar/2018:10:22:24 -0300] "GET /cormun/servlet/trsolicitudadjuntos?2018,10344, HTTP/1.1" 200 9389
186.67.84.236 - - [09/Mar/2018:10:22:30 -0300] "GET /cormun/servlet/solicitudot?bac20ea41d6e783602ccb1e09a8bdddf15376417d6e9807f007e48a2d4a9ed1b,gx-no-cache=1520601700299 HTTP/1.1" 200 45
186.67.164.142 - - [09/Mar/2018:10:22:31 -0300] "GET /cormun/servlet/solicitudotadjuntos?INS,2018,10344,,1, HTTP/1.1" 200 6019
186.67.164.142 - - [09/Mar/2018:10:22:31 -0300] "GET /cormun/static/about:blank HTTP/1.1" 404 1011
186.67.164.142 - - [09/Mar/2018:10:22:31 -0300] "GET /cormun/servlet/solicitudotadjuntos?INS,2018,10344,,1, HTTP/1.1" 200 6013
186.67.164.142 - - [09/Mar/2018:10:22:32 -0300] "GET /cormun/servlet/solicitudotadjuntos?187ddd1148b68d9426eac6443751a407e3d8e6511d9110aace7435fa82ce49f13f1dbc202e773154f0f77e2763112ef9,gx-no-cache=1520601702897 HTTP/1.1" 200 30
186.67.164.142 - - [09/Mar/2018:10:22:33 -0300] "POST /cormun/servlet/solicitudotadjuntos?e59afeb72c3559a79c1af23a940bcc61,INS,2018,10344,,1,,gx-no-cache=1520601703279 HTTP/1.1" 200 3813
186.67.164.142 - - [09/Mar/2018:10:22:38 -0300] "POST /cormun/servlet/solicitudotadjuntos?gx-no-cache=1520601709438 HTTP/1.1" 200 26
190.100.93.40 - - [09/Mar/2018:10:22:45 -0300] "POST /cormun/servlet/solicitudot?gx-no-cache=1520601718635 HTTP/1.1" 200 255
186.67.164.142 - - [09/Mar/2018:10:22:45 -0300] "GET /cormun/servlet/solicitudotadjuntos?187ddd1148b68d9426eac6443751a407dae3f4334971fcc78ed2ac88d03b6a67,gx-no-cache=1520601715944 HTTP/1.1" 200 30
186.67.164.142 - - [09/Mar/2018:10:22:45 -0300] "GET /cormun/servlet/solicitudotadjuntos?187ddd1148b68d9426eac6443751a407dae3f4334971fcc78ed2ac88d03b6a67,gx-no-cache=1520601716026 HTTP/1.1" 200 30
190.100.93.40 - - [09/Mar/2018:10:22:47 -0300] "GET /cormun/servlet/solicitudot?0fc33ab8f93b046478ad5c01a6b97ac4f71859d0663a6c247bb36694fd8389de937e066e097d8814ff2f2024a5a30e74cfcf1db83810b3d4df89b27cae6f849c19cda1372d5ae6723acc686f545db2832aee4ed90ec38b258ed06afdea20bb5465b77cf128554f960f2c1204bf50bf6eed5589d53e08515f35980f4f7f22f570396b2677b96cd8dd70ab87f0f4778ec65419fd5bda901c52332dca322c2c6e34391d4dac25aefd0f8e0ed9e54e47f4c441ab531388d6f2e6e860304aad07fabc73612d29abe9ea3532a67ab5079d7bd5b9905393b1b1ca1f68bce22c4f300bf5104771424f0f0a07ec3de7f9701789032442096144f2a3bda8b852410d0eafe7ddef836ae9b1c0b637cdb58fb434ab191c67019d22d81d22d6e369a69169bb70ee91de807308ac501df449c21e9c6e280543e587623c5577104559bb29bc9a2b23bd97bf65358ce890915e7aa68322b68d1716d5b2ea798df21b820b5a1037abae6c6d34dd6b2a48a71cff02498ddcf36021fb7777c3f7dee8f20d82114287e6,gx-no-cache=1520601721261 HTTP/1.1" 200 30
190.100.93.40 - - [09/Mar/2018:10:22:52 -0300] "POST /cormun/servlet/solicitudot?gx-no-cache=1520601726235 HTTP/1.1" 200 30
190.100.93.40 - - [09/Mar/2018:10:23:03 -0300] "POST /cormun/servlet/solicitudot?gx-no-cache=1520601737739 HTTP/1.1" 200 1333
190.100.93.40 - - [09/Mar/2018:10:23:04 -0300] "POST /cormun/servlet/solicitudot?gx-no-cache=1520601737876 HTTP/1.1" 200 38
186.67.164.142 - - [09/Mar/2018:10:23:19 -0300] "POST /cormun/servlet/solicitudotadjuntos?e59afeb72c3559a79c1af23a940bcc61,INS,2018,10344,,1, HTTP/1.1" 200 116
186.67.164.142 - - [09/Mar/2018:10:23:19 -0300] "GET /cormun/servlet/hpexe_return? HTTP/1.1" 200 1031
186.67.164.142 - - [09/Mar/2018:10:23:20 -0300] "GET /cormun/servlet/trsolicitudadjuntos?2018,10344, HTTP/1.1" 200 9669
186.67.164.142 - - [09/Mar/2018:10:23:21 -0300] "GET /cormun/servlet/trsolicitudadjuntos?2018,10344, HTTP/1.1" 200 9668
190.100.93.40 - - [09/Mar/2018:10:23:53 -0300] "GET /cormun/servlet/solicitudot?0fc33ab8f93b046478ad5c01a6b97ac44b979b98c3e7ea4b081fe985823e342b39102ca47c6ad89427aee34c673af150c3067bc1e5deb446dd081024a2b4bde9d868ce43f3c5e23f0868947b81c32ce31d4c2dadd1b42e4ae151079ee44faa0ef0aade551242051680d68ce1b21378c0,gx-no-cache=1520601786875 HTTP/1.1" 200 29
190.100.93.40 - - [09/Mar/2018:10:23:53 -0300] "POST /cormun/servlet/solicitudot?gx-no-cache=1520601787414 HTTP/1.1" 200 1319
190.100.93.40 - - [09/Mar/2018:10:23:54 -0300] "POST /cormun/servlet/solicitudot?gx-no-cache=1520601787583 HTTP/1.1" 200 1215
200.54.18.125 - - [09/Mar/2018:10:23:58 -0300] "POST /cormun/servlet/solicitudot?gx-no-cache=1520601787312 HTTP/1.1" 200 297
200.54.18.125 - - [09/Mar/2018:10:24:01 -0300] "POST /cormun/servlet/solicitudot?gx-no-cache=1520601791291 HTTP/1.1" 200 255
200.54.18.125 - - [09/Mar/2018:10:24:03 -0300] "GET /cormun/servlet/solicitudot?bac20ea41d6e783602ccb1e09a8bdddfabcf24e301a56a68e89888172f3158e2bfc1981bef36ed35a108c3f4c3a0b6d7102d43ddfe710368ed6fb7996ff7614b6c126e25ae5abd3c4c22c7afb979c9a8c12a03ed67dc8446e71c82b587a10f832cd3820125e3cc3d96b372756a23e4e07dc26170ec76a9eb8886814ed82039836ac319a2be9f4fe0ba9cb96ab6699178a788a5d0e77ff177dd65eaf88e7a73be379e144ced48bdd79ab20906bbfab2730609338c3d55874db681787763a0e4e31f9f9b679afda8078fc60b3d72f9864a33d489aeb80067756199a232a1f7c79e71756bc1d8383a7895c172f8eb8a9b50635ae6bc24e1e2b6eb4cba9b8966972b49e874186aaf16fa52138a710a52426c3fc29b2fbdc34e09d0cab100fa82a50c9947efa193d482044126d0faf5f6f7743aab5c0b46a630cb7f5e39dde5a32cdc902e89bfdb8d030b48b47ed93dfcf0dd785a8fe1a9b89f03f24d3961ef4f70d7dc4dd48116d985e096d180de6e9ffcaa12b94dea25e9629bf05e00f66be280e8,gx-no-cache=1520601793630 HTTP/1.1" 200 30
200.54.18.125 - - [09/Mar/2018:10:24:09 -0300] "POST /cormun/servlet/solicitudot?gx-no-cache=1520601799467 HTTP/1.1" 200 30
200.54.18.125 - - [09/Mar/2018:10:24:11 -0300] "POST /cormun/servlet/solicitudot?gx-no-cache=1520601801430 HTTP/1.1" 200 1333
200.54.18.125 - - [09/Mar/2018:10:24:11 -0300] "POST /cormun/servlet/solicitudot?gx-no-cache=1520601801581 HTTP/1.1" 200 38
186.67.164.142 - - [09/Mar/2018:10:24:21 -0300] "GET /cormun/servlet/solicitudotadjuntos?INS,2018,10344,,2, HTTP/1.1" 200 6018
186.67.164.142 - - [09/Mar/2018:10:24:21 -0300] "GET /cormun/servlet/solicitudotadjuntos?INS,2018,10344,,2, HTTP/1.1" 200 6012
186.67.164.142 - - [09/Mar/2018:10:24:22 -0300] "GET /cormun/static/about:blank HTTP/1.1" 404 1011
186.67.164.142 - - [09/Mar/2018:10:24:23 -0300] "GET /cormun/servlet/solicitudotadjuntos?187ddd1148b68d9426eac6443751a407e3d8e6511d9110aace7435fa82ce49f13f1dbc202e773154f0f77e2763112ef9,gx-no-cache=1520601813024 HTTP/1.1" 200 30
186.67.164.142 - - [09/Mar/2018:10:24:26 -0300] "POST /cormun/servlet/solicitudotadjuntos?e59afeb72c3559a79c1af23a940bcc61,INS,2018,10344,,2,,gx-no-cache=1520601814038 HTTP/1.1" 200 4023
190.100.93.40 - - [09/Mar/2018:10:24:34 -0300] "GET /cormun/static/menuarrow.gif HTTP/1.1" 404 1015
190.100.93.40 - - [09/Mar/2018:10:24:37 -0300] "GET /cormun/servlet/solicitudot?0fc33ab8f93b046478ad5c01a6b97ac460340ee793ed971eefd13d6e8f77d7892e3dc71b96915b97c0d163bbf77505e1,gx-no-cache=1520601831586 HTTP/1.1" 200 30
190.100.93.40 - - [09/Mar/2018:10:24:43 -0300] "POST /cormun/servlet/solicitudot?gx-no-cache=1520601837608 HTTP/1.1" 200 33
186.67.164.142 - - [09/Mar/2018:10:24:45 -0300] "POST /cormun/servlet/solicitudotadjuntos?e59afeb72c3559a79c1af23a940bcc61,INS,2018,10344,,2,,gx-no-cache=1520601835014 HTTP/1.1" 200 93
186.67.164.142 - - [09/Mar/2018:10:24:45 -0300] "GET /cormun/servlet/hpexe_return? HTTP/1.1" 200 1031
190.151.124.170 - - [09/Mar/2018:10:24:46 -0300] "GET /cormun/servlet/solicitudot?bac20ea41d6e783602ccb1e09a8bdddff0eafad4d2db6d7818b8f001655070665440f33c90fe1a5291630fe55349a26708f60c14e2215fe643d1c0f1cf94f48e23100ffae69ff03c2b90a2f02e2d616bab7e6c89d7cc0137185a382062ee57da60eff0dd1ed25b3d24d3e6d5d7df4ab8,gx-no-cache=1520601835504 HTTP/1.1" 200 29
186.67.164.142 - - [09/Mar/2018:10:24:46 -0300] "GET /cormun/servlet/trsolicitudadjuntos?2018,10344, HTTP/1.1" 200 9665
190.151.124.170 - - [09/Mar/2018:10:24:46 -0300] "POST /cormun/servlet/solicitudot?gx-no-cache=1520601836002 HTTP/1.1" 200 1318
190.151.124.170 - - [09/Mar/2018:10:24:47 -0300] "POST /cormun/servlet/solicitudot?gx-no-cache=1520601836574 HTTP/1.1" 200 1215
186.67.164.142 - - [09/Mar/2018:10:24:47 -0300] "GET /cormun/servlet/trsolicitudadjuntos?2018,10344, HTTP/1.1" 200 9668
186.103.157.246 - - [09/Mar/2018:10:24:50 -0300] "GET /cormun/servlet/hlogin HTTP/1.1" 200 1707
186.103.157.246 - - [09/Mar/2018:10:24:50 -0300] "GET /cormun/static/Resources/Spanish/PXTools.css?11423723 HTTP/1.1" 304 -
186.103.157.246 - - [09/Mar/2018:10:24:50 -0300] "GET /cormun/static/gxtimezone.js?85251 HTTP/1.1" 304 -
186.103.157.246 - - [09/Mar/2018:10:24:50 -0300] "GET /cormun/static/gxcfg.js?20175251213516 HTTP/1.1" 304 -
186.103.157.246 - - [09/Mar/2018:10:24:50 -0300] "GET /cormun/static/gxgral.js?85251 HTTP/1.1" 304 -
186.103.157.246 - - [09/Mar/2018:10:24:50 -0300] "GET /cormun/static/hlogin.js?20175251213537 HTTP/1.1" 304 -
186.103.157.246 - - [09/Mar/2018:10:24:50 -0300] "GET /cormun/static/Resources/PXToolsButtonLeft21.png HTTP/1.1" 304 -
186.103.157.246 - - [09/Mar/2018:10:24:50 -0300] "GET /cormun/static/Resources/PXToolsLoginBackground.png HTTP/1.1" 304 -
186.103.157.246 - - [09/Mar/2018:10:24:50 -0300] "GET /cormun/static/Resources/PXToolsButtonBackground2.png HTTP/1.1" 304 -
186.103.157.246 - - [09/Mar/2018:10:24:50 -0300] "GET /cormun/static/Resources/PXToolsLoginBottom.png HTTP/1.1" 304 -
