186.103.156.166 - - [08/Mar/2018:10:41:57 -0300] "GET /cormun/servlet/licenciaspermisos?3d15de9d172da1f6f75b700ff0a3d4f48b7035db8fb021ceb6fc3d247a2db55d26bf1fe07ff4328e8d9e55d6774cb2258bea752509e33ae4132306391dafba9752f636629a0f6bd079981577f8e5d772667879228b14c797f3741f53f7d7817bb2b17a0eccba9547bbf058cf4c326c2520493b4709c71ba30683fb743a9b8b7302e3d1d3a71e1ab9fd89ece1fa8beebb719e8e240d789c4d8df703e3ff0971fe5476c8383f8775ce7040e5519e2e3dabc5e08ddf0abb4db987527492e01fd4f838d3b9ba48dbb7e8276a0ecadccb76ecdc3a2363ffbe00c5ff90805213ac8092,gx-no-cache=1520520058530 HTTP/1.1" 200 29
186.103.156.166 - - [08/Mar/2018:10:41:57 -0300] "POST /cormun/servlet/licenciaspermisos?6574cfc449be74cdfc6af2ed1b1d36ba,INS,0,,,,gx-no-cache=1520520058622 HTTP/1.1" 200 93
186.103.156.166 - - [08/Mar/2018:10:41:58 -0300] "GET /cormun/servlet/hpexe_return? HTTP/1.1" 200 1015
186.103.156.166 - - [08/Mar/2018:10:41:58 -0300] "GET /cormun/static/gxcfg.js?2016101716175148 HTTP/1.1" 304 -
186.103.156.166 - - [08/Mar/2018:10:41:58 -0300] "GET /cormun/servlet/trlicencias HTTP/1.1" 200 9387
186.103.156.166 - - [08/Mar/2018:10:41:59 -0300] "GET /cormun/servlet/trlicencias HTTP/1.1" 200 9382
186.103.156.166 - - [08/Mar/2018:10:42:08 -0300] "GET /cormun/servlet/alicenciaprn?14333462,L,20180308000000,PU HTTP/1.1" 200 1552
186.103.156.166 - - [08/Mar/2018:10:42:08 -0300] "GET /cormun/servlet/alicenciaprn?14333462,L,20180308000000,PU HTTP/1.1" 200 1553
186.103.156.166 - - [08/Mar/2018:10:42:08 -0300] "GET /cormun/servlet/alicenciaprn?14333462,L,20180308000000,PU HTTP/1.1" 200 1548
186.103.159.189 - - [08/Mar/2018:10:42:09 -0300] "GET /cormun/servlet/solicitudot?INS,0,0, HTTP/1.1" 200 13438
186.103.159.189 - - [08/Mar/2018:10:42:10 -0300] "GET /cormun/servlet/solicitudot?INS,0,0, HTTP/1.1" 200 13443
186.103.157.246 - - [08/Mar/2018:10:42:18 -0300] "POST /cormun/servlet/hlogin?0a5fec60850cf6fff720d0474d89f0e6,gx-no-cache=1520516487851 HTTP/1.1" 200 90
186.103.157.246 - - [08/Mar/2018:10:42:18 -0300] "GET /cormun/servlet/hpexe_link HTTP/1.1" 200 951
186.103.157.246 - - [08/Mar/2018:10:42:18 -0300] "GET /cormun/servlet/solicitudot?INS,0,0, HTTP/1.1" 200 13163
186.103.156.166 - - [08/Mar/2018:10:42:58 -0300] "GET /cormun/servlet/trlicenciaspermisosadjuntos?14333462,20180308000000,L, HTTP/1.1" 200 6244
186.103.156.166 - - [08/Mar/2018:10:42:58 -0300] "GET /cormun/servlet/trlicenciaspermisosadjuntos?14333462,20180308000000,L, HTTP/1.1" 200 6175
186.103.156.166 - - [08/Mar/2018:10:42:59 -0300] "GET /cormun/servlet/trlicenciaspermisosadjuntos?14333462,20180308000000,L, HTTP/1.1" 200 6239
186.103.156.166 - - [08/Mar/2018:10:42:59 -0300] "GET /cormun/static/gxcfg.js?20177612163414 HTTP/1.1" 304 -
186.103.156.166 - - [08/Mar/2018:10:42:59 -0300] "GET /cormun/servlet/trlicenciaspermisosadjuntos?14333462,20180308000000,L, HTTP/1.1" 200 6240
186.103.156.166 - - [08/Mar/2018:10:43:01 -0300] "GET /cormun/servlet/licenciaspermisosadjuntos?INS,14333462,L,20180308000000,, HTTP/1.1" 200 5538
186.103.156.166 - - [08/Mar/2018:10:43:02 -0300] "GET /cormun/static/gxcfg.js?2017761263592 HTTP/1.1" 304 -
186.103.156.166 - - [08/Mar/2018:10:43:02 -0300] "GET /cormun/static/about:blank HTTP/1.1" 404 1011
186.103.156.166 - - [08/Mar/2018:10:43:02 -0300] "GET /cormun/servlet/licenciaspermisosadjuntos?INS,14333462,L,20180308000000,, HTTP/1.1" 200 5528
186.103.159.189 - - [08/Mar/2018:10:43:08 -0300] "GET /cormun/servlet/prfichaempleado?,MD,,gxPopupLevel%3D0%3B HTTP/1.1" 200 9329
186.103.157.246 - - [08/Mar/2018:10:43:10 -0300] "POST /cormun/servlet/solicitudot?gx-no-cache=1520516519720 HTTP/1.1" 200 3373
186.103.157.246 - - [08/Mar/2018:10:43:13 -0300] "GET /cormun/static/Shared/jqueryui/images/ui-bg_highlight-soft_100_c6c2c8_1x100.png HTTP/1.1" 404 1117
186.103.157.246 - - [08/Mar/2018:10:43:13 -0300] "GET /cormun/static/Shared/jqueryui/images/ui-icons_82798d_256x240.png HTTP/1.1" 404 1089
186.103.157.246 - - [08/Mar/2018:10:43:13 -0300] "GET /cormun/static/Shared/jqueryui/images/ui-bg_flat_55_994d53_40x100.png HTTP/1.1" 404 1097
186.103.157.246 - - [08/Mar/2018:10:43:15 -0300] "GET /cormun/static/Shared/jqueryui/images/ui-icons_ebccce_256x240.png HTTP/1.1" 404 1089
186.103.159.189 - - [08/Mar/2018:10:43:19 -0300] "POST /cormun/servlet/prfichaempleado?0e8e4533ebad84f340d7534b9989ad53,,MD,,gxPopupLevel%3D0%3B,gx-no-cache=1520516551662 HTTP/1.1" 200 3427
186.103.156.166 - - [08/Mar/2018:10:43:22 -0300] "POST /cormun/servlet/licenciaspermisosadjuntos?6574cfc449be74cdfc6af2ed1b1d36ba,INS,14333462,L,20180308000000,, HTTP/1.1" 200 116
186.103.156.166 - - [08/Mar/2018:10:43:22 -0300] "GET /cormun/servlet/hpexe_return? HTTP/1.1" 200 1045
186.103.156.166 - - [08/Mar/2018:10:43:23 -0300] "GET /cormun/servlet/trlicenciaspermisosadjuntos?14333462,20180308000000,L, HTTP/1.1" 200 6709
186.103.159.189 - - [08/Mar/2018:10:43:23 -0300] "POST /cormun/servlet/solicitudot?gx-no-cache=1520516555488 HTTP/1.1" 200 3417
186.103.156.166 - - [08/Mar/2018:10:43:23 -0300] "GET /cormun/servlet/trlicenciaspermisosadjuntos?14333462,20180308000000,L, HTTP/1.1" 200 6706
186.103.159.189 - - [08/Mar/2018:10:43:23 -0300] "POST /cormun/servlet/solicitudot?0e8e4533ebad84f340d7534b9989ad53,INS,0,0,,gx-no-cache=1520516556287 HTTP/1.1" 200 10390
186.103.159.189 - - [08/Mar/2018:10:43:26 -0300] "GET /cormun/servlet/solicitudot?48f8aaae4c50bc21914fde6940975b5d1a007d2a48d394f4d704c3dfa91226147b1e83973efc8fbb98b4d157ca429292,gx-no-cache=1520516559152 HTTP/1.1" 200 30
186.103.159.189 - - [08/Mar/2018:10:43:26 -0300] "GET /cormun/servlet/solicitudot?48f8aaae4c50bc21914fde6940975b5d29e6d652e83d96f2dff6b1f0711588ac9b255142e4e153a60ea9ad6bf709d3c9cd699c850a819920287de3e0efa15891,gx-no-cache=1520516559254 HTTP/1.1" 200 30
186.103.159.189 - - [08/Mar/2018:10:43:26 -0300] "GET /cormun/servlet/solicitudot?48f8aaae4c50bc21914fde6940975b5dc579af23b41ca81bd3352492b183c516,gx-no-cache=1520516559306 HTTP/1.1" 200 53
186.103.159.189 - - [08/Mar/2018:10:43:26 -0300] "POST /cormun/servlet/solicitudot?gx-no-cache=1520516559387 HTTP/1.1" 200 255
186.103.159.189 - - [08/Mar/2018:10:43:26 -0300] "GET /cormun/servlet/solicitudot?48f8aaae4c50bc21914fde6940975b5d0c94165a1940af1ec0dd43ad31c7e0dadd2772265ff09e1041bc8dd63466bfedcc0bb3923036f0f306a212c07b5a585245b1e62a09031f7ff6b1d16fef3168ea33339123e2e858ab7efab3fc829c9bcbd499cf4ba8f004b676a63f8b3d76d025c2ac5bf9dc320e8bdd1cc17e59b2181fc7f3f44816b051adde9b4543642cef7a1bff958cb8609db8a13caebdf64204e56792d19c8a4948c6a77c521701349a64cb67ed6594086f605d35ff3d4c2bdb94d71d8263e9b59bf7f75ed38d445b603653112a18daa4ee55584f1c18fdbe741fc42d0745faffdcee3fa1913849fa7303ecebc1235b89b24657d377af20b9fd7869e448dab990e31ff161bd3d6135081a8b10f39e2de60ee5b2496aea96493dfa732254ced8aa1d43d87b9ac10f70141ed06530d9a7fc40da51cd9e3a80abbd4ce5998657a9eb81b0aa84d0ec815025a08498fc8970ee1c13ab4a3c30dfe76edb69d164625f3c8a9b9b3c1a7623fed9d9faac444cd302c6a101c4ef89a250326b,gx-no-cache=1520516559471 HTTP/1.1" 200 30
186.103.156.166 - - [08/Mar/2018:10:43:27 -0300] "POST /cormun/servlet/trlicenciaspermisosadjuntos?6574cfc449be74cdfc6af2ed1b1d36ba,14333462,20180308000000,L,,gx-no-cache=1520520148075 HTTP/1.1" 200 90
186.103.156.166 - - [08/Mar/2018:10:43:27 -0300] "GET /cormun/servlet/hpexe_link HTTP/1.1" 200 988
186.103.156.166 - - [08/Mar/2018:10:43:27 -0300] "GET /cormun/servlet/trlicencias HTTP/1.1" 200 9384
186.103.156.166 - - [08/Mar/2018:10:43:28 -0300] "GET /cormun/servlet/trlicencias HTTP/1.1" 200 9382
186.103.159.189 - - [08/Mar/2018:10:43:38 -0300] "POST /cormun/servlet/solicitudot?gx-no-cache=1520516570946 HTTP/1.1" 200 30
186.103.157.246 - - [08/Mar/2018:10:43:39 -0300] "GET /cormun/servlet/solicitudot?3e601064608d0244e89d5124e0786fbea9b6239dc96706648994695240fb5da000e79a2c5e5f4ef1bc6e94f9115e4aad,gx-no-cache=1520516556949 HTTP/1.1" 200 30
186.103.159.189 - - [08/Mar/2018:10:43:40 -0300] "POST /cormun/servlet/solicitudot?gx-no-cache=1520516573091 HTTP/1.1" 200 1337
186.103.159.189 - - [08/Mar/2018:10:43:40 -0300] "POST /cormun/servlet/solicitudot?gx-no-cache=1520516573237 HTTP/1.1" 200 38
186.103.156.166 - - [08/Mar/2018:10:43:48 -0300] "POST /cormun/servlet/trlicencias?6574cfc449be74cdfc6af2ed1b1d36ba,gx-no-cache=1520520169249 HTTP/1.1" 200 6769
186.103.156.166 - - [08/Mar/2018:10:43:48 -0300] "GET /cormun/static/Shared/jqueryui/images/ui-bg_highlight-soft_100_c6c2c8_1x100.png HTTP/1.1" 404 1117
186.103.156.166 - - [08/Mar/2018:10:43:48 -0300] "GET /cormun/static/Shared/jqueryui/images/ui-icons_82798d_256x240.png HTTP/1.1" 404 1089
186.103.156.166 - - [08/Mar/2018:10:43:48 -0300] "GET /cormun/static/Shared/jqueryui/images/ui-bg_flat_55_fafafa_40x100.png HTTP/1.1" 404 1097
186.103.156.166 - - [08/Mar/2018:10:43:48 -0300] "GET /cormun/static/Shared/jqueryui/images/ui-icons_8d78a5_256x240.png HTTP/1.1" 404 1089
186.103.159.189 - - [08/Mar/2018:10:43:56 -0300] "GET /cormun/servlet/solicitudot?48f8aaae4c50bc21914fde6940975b5d9bb64e4d1cfce5019b61e0c0644a4e8d0437a91cb96cfe01de1dfa3e05e7e57184035d97477d07bb6c4579ae9c892c7c043862273e272249840a91babecb757afe6b0ab25277f79eb58c498ec64292c3e74754ab4cd0b9606cf690401a704a9bd880fef69e5044d5aa89f17e17375e019bfb4db57ebef484d0bfd7a2133ce0b7441bef7c593a58911f5d05e0dfc23130,gx-no-cache=1520516588718 HTTP/1.1" 200 29
186.103.159.189 - - [08/Mar/2018:10:43:56 -0300] "POST /cormun/servlet/solicitudot?gx-no-cache=1520516588799 HTTP/1.1" 200 1318
186.103.158.250 - - [08/Mar/2018:10:43:56 -0300] "GET /cormun/servlet/hlogin HTTP/1.1" 200 1722
186.103.159.189 - - [08/Mar/2018:10:43:56 -0300] "POST /cormun/servlet/solicitudot?gx-no-cache=1520516589371 HTTP/1.1" 200 1218
186.103.159.189 - - [08/Mar/2018:10:43:56 -0300] "GET /cormun/static/menuarrow.gif HTTP/1.1" 404 1015
186.103.158.250 - - [08/Mar/2018:10:43:57 -0300] "GET /cormun/static/Resources/Spanish/PXTools.css?11423723 HTTP/1.1" 304 -
186.103.158.250 - - [08/Mar/2018:10:43:57 -0300] "GET /cormun/static/gxtimezone.js?85251 HTTP/1.1" 304 -
186.103.158.250 - - [08/Mar/2018:10:43:57 -0300] "GET /cormun/static/gxcfg.js?20175251213516 HTTP/1.1" 304 -
186.103.158.250 - - [08/Mar/2018:10:43:57 -0300] "GET /cormun/static/messages.spa.js?85251 HTTP/1.1" 304 -
186.103.158.250 - - [08/Mar/2018:10:43:57 -0300] "GET /cormun/static/hlogin.js?20175251213537 HTTP/1.1" 304 -
186.103.159.189 - - [08/Mar/2018:10:43:58 -0300] "POST /cormun/servlet/solicitudot?gx-no-cache=1520516590799 HTTP/1.1" 200 1318
186.103.158.250 - - [08/Mar/2018:10:43:58 -0300] "GET /cormun/servlet/hlogin HTTP/1.1" 200 1733
186.103.159.189 - - [08/Mar/2018:10:43:58 -0300] "POST /cormun/servlet/solicitudot?gx-no-cache=1520516590912 HTTP/1.1" 200 1218
186.103.159.189 - - [08/Mar/2018:10:43:59 -0300] "GET /cormun/servlet/solicitudot?48f8aaae4c50bc21914fde6940975b5d9c7793063535e9eab92f1c773a6eb7ccb772355d241d758fc533624357e64e5c,gx-no-cache=1520516592022 HTTP/1.1" 200 30
186.103.159.189 - - [08/Mar/2018:10:44:06 -0300] "POST /cormun/servlet/solicitudot?gx-no-cache=1520516598853 HTTP/1.1" 200 30
192.168.10.56 - - [08/Mar/2018:10:44:36 -0300] "POST /cormun/servlet/hlogin?1edc0c2f41647112f1c97e714ddd0447,gx-no-cache=1520516515027 HTTP/1.1" 200 90
192.168.10.56 - - [08/Mar/2018:10:44:36 -0300] "GET /cormun/servlet/hpexe_link HTTP/1.1" 200 949
192.168.10.56 - - [08/Mar/2018:10:44:36 -0300] "GET /cormun/servlet/hhome HTTP/1.1" 200 4484
192.168.10.56 - - [08/Mar/2018:10:44:37 -0300] "GET /cormun/servlet/hhome HTTP/1.1" 200 4480
192.168.10.56 - - [08/Mar/2018:10:44:40 -0300] "GET /cormun/servlet/trsolicitudgral? HTTP/1.1" 200 25599
192.168.10.56 - - [08/Mar/2018:10:44:41 -0300] "GET /cormun/servlet/trsolicitudgral? HTTP/1.1" 200 25597
200.111.122.170 - - [08/Mar/2018:10:44:49 -0300] "GET /cormun/servlet/hlogin HTTP/1.1" 200 1720
200.111.122.170 - - [08/Mar/2018:10:44:49 -0300] "GET /cormun/static/gxtimezone.js?85251 HTTP/1.1" 304 -
200.72.197.82 - - [08/Mar/2018:10:44:49 -0300] "GET /cormun/static/gxcfg.js?20175251213516 HTTP/1.1" 304 -
200.72.197.82 - - [08/Mar/2018:10:44:49 -0300] "GET /cormun/static/messages.spa.js?85251 HTTP/1.1" 304 -
200.72.197.82 - - [08/Mar/2018:10:44:50 -0300] "GET /cormun/servlet/hlogin HTTP/1.1" 200 1730
192.168.10.56 - - [08/Mar/2018:10:44:55 -0300] "POST /cormun/servlet/trsolicitudgral?1edc0c2f41647112f1c97e714ddd0447,,gx-no-cache=1520516533685 HTTP/1.1" 200 10689
192.168.10.56 - - [08/Mar/2018:10:45:02 -0300] "POST /cormun/servlet/trsolicitudgral?1edc0c2f41647112f1c97e714ddd0447,,gx-no-cache=1520516540328 HTTP/1.1" 200 10335
192.168.10.56 - - [08/Mar/2018:10:45:02 -0300] "GET /cormun/static/Shared/jqueryui/images/ui-bg_highlight-soft_100_c6c2c8_1x100.png HTTP/1.1" 404 1117
192.168.10.56 - - [08/Mar/2018:10:45:02 -0300] "GET /cormun/static/Shared/jqueryui/images/ui-icons_82798d_256x240.png HTTP/1.1" 404 1089
192.168.10.56 - - [08/Mar/2018:10:45:02 -0300] "GET /cormun/static/Shared/jqueryui/images/ui-icons_8d78a5_256x240.png HTTP/1.1" 404 1089
192.168.10.56 - - [08/Mar/2018:10:45:02 -0300] "GET /cormun/static/Shared/jqueryui/images/ui-bg_flat_55_fafafa_40x100.png HTTP/1.1" 404 1097
200.72.197.82 - - [08/Mar/2018:10:45:06 -0300] "POST /cormun/servlet/hlogin?11ae42162fb731ed5907b93c46c1b06b,gx-no-cache=1520516654703 HTTP/1.1" 200 90
200.72.197.82 - - [08/Mar/2018:10:45:06 -0300] "GET /cormun/servlet/hpexe_link HTTP/1.1" 200 951
200.72.197.82 - - [08/Mar/2018:10:45:06 -0300] "GET /cormun/static/gxcfg.js?20177612121792 HTTP/1.1" 304 -
200.72.197.82 - - [08/Mar/2018:10:45:06 -0300] "GET /cormun/servlet/hhome HTTP/1.1" 200 4216
200.72.197.82 - - [08/Mar/2018:10:45:06 -0300] "GET /cormun/static/gxcfg.js?20175251212442 HTTP/1.1" 304 -
200.72.197.82 - - [08/Mar/2018:10:45:07 -0300] "GET /cormun/servlet/hhome HTTP/1.1" 200 4212
200.72.197.82 - - [08/Mar/2018:10:45:14 -0300] "GET /cormun/servlet/trvisualizadoreventos? HTTP/1.1" 200 6973
200.72.197.82 - - [08/Mar/2018:10:45:14 -0300] "GET /cormun/static/gxcfg.js?20175251251426 HTTP/1.1" 304 -
186.103.132.155 - - [08/Mar/2018:10:45:14 -0300] "GET /cormun/static/calendar-setup.js?85251 HTTP/1.1" 304 -
186.103.161.206 - - [08/Mar/2018:10:45:14 -0300] "GET /cormun/static/calendar-es.js?85251 HTTP/1.1" 304 -
200.72.197.82 - - [08/Mar/2018:10:45:14 -0300] "GET /cormun/static/calendar.js?85251 HTTP/1.1" 304 -
186.103.132.155 - - [08/Mar/2018:10:45:14 -0300] "GET /cormun/static/gxdec.js?85251 HTTP/1.1" 304 -
186.103.132.155 - - [08/Mar/2018:10:45:14 -0300] "GET /cormun/servlet/trvisualizadoreventos? HTTP/1.1" 200 6977
200.72.197.82 - - [08/Mar/2018:10:45:21 -0300] "GET /cormun/servlet/trvisualizadoreventos? HTTP/1.1" 200 6977
200.72.197.82 - - [08/Mar/2018:10:45:21 -0300] "GET /cormun/servlet/trvisualizadoreventos? HTTP/1.1" 200 6977
200.72.197.82 - - [08/Mar/2018:10:45:29 -0300] "GET /cormun/servlet/trcontratounov2? HTTP/1.1" 200 15078
200.72.197.82 - - [08/Mar/2018:10:45:29 -0300] "GET /cormun/static/gxcfg.js?201752512124396 HTTP/1.1" 304 -
200.72.197.82 - - [08/Mar/2018:10:45:30 -0300] "GET /cormun/servlet/trcontratounov2? HTTP/1.1" 200 15082
192.168.10.56 - - [08/Mar/2018:10:45:44 -0300] "POST /cormun/servlet/trsolicitudgral?1edc0c2f41647112f1c97e714ddd0447,,gx-no-cache=1520516583001 HTTP/1.1" 200 9607
200.72.197.82 - - [08/Mar/2018:10:45:46 -0300] "GET /cormun/servlet/trcontratosolicitud? HTTP/1.1" 200 9845
200.72.197.82 - - [08/Mar/2018:10:45:47 -0300] "GET /cormun/static/gxcfg.js?20177612214014 HTTP/1.1" 304 -
200.72.197.82 - - [08/Mar/2018:10:45:47 -0300] "GET /cormun/servlet/trcontratosolicitud? HTTP/1.1" 200 9847
192.168.10.56 - - [08/Mar/2018:10:45:48 -0300] "POST /cormun/servlet/trsolicitudgral?1edc0c2f41647112f1c97e714ddd0447,,gx-no-cache=1520516587161 HTTP/1.1" 200 9268
192.168.10.56 - - [08/Mar/2018:10:45:55 -0300] "POST /cormun/servlet/trsolicitudgral?1edc0c2f41647112f1c97e714ddd0447,,gx-no-cache=1520516593987 HTTP/1.1" 200 8804
200.72.197.82 - - [08/Mar/2018:10:45:55 -0300] "GET /cormun/servlet/trcontratoobservaciondir? HTTP/1.1" 200 7022
200.72.197.82 - - [08/Mar/2018:10:45:56 -0300] "GET /cormun/static/gxcfg.js?20175251262281 HTTP/1.1" 200 953
190.151.100.218 - - [08/Mar/2018:10:45:56 -0300] "GET /cormun/static/trcontratoobservaciondir.js?20175251262715 HTTP/1.1" 200 27185
190.151.100.218 - - [08/Mar/2018:10:45:56 -0300] "GET /cormun/servlet/trcontratoobservaciondir? HTTP/1.1" 200 7022
192.168.10.56 - - [08/Mar/2018:10:46:01 -0300] "GET /cormun/servlet/solicitudgral?UPD,2018,8300, HTTP/1.1" 200 12809
192.168.10.56 - - [08/Mar/2018:10:46:02 -0300] "GET /cormun/servlet/solicitudgral?UPD,2018,8300, HTTP/1.1" 200 12819
192.168.10.56 - - [08/Mar/2018:10:46:02 -0300] "POST /cormun/servlet/solicitudgral?gx-no-cache=1520516601144 HTTP/1.1" 200 3943
192.168.10.56 - - [08/Mar/2018:10:46:02 -0300] "GET /cormun/servlet/solicitudgral?f967f2bdb1d01e314dceabaf1d2267b419f0642938f737aa912ceceaa56374cf1ab140b4da077c7f95836b818d057fab0d1d648e3ac2b84b09ee12af2290dc79e99622cab59289cfecaa9c97e791a7bc94d391170d6504ce4d89f7fb3e78c16ca14f222ce21c4c15740791c7b90307218c9db341cc72fa1dc15823f9e57f7fbd5f78193d2f3772a253c841e420e6a28de2d5cca2209d053a370aab846e5e78501a34a4618f0f0fda887b64f0ddca369d9c13c1754e99b5b30589bc89c66774161cacd613f9ef55355ddea6643164b4c5a2904a61f4f5eeff325f3804f99b46edbc92eb1a03c0718d58907fca0bd2743446ba06e387c1e37c977adfb9cbff2936968b63d0de1a4061a45e357f86e25296606a8ea845f04f3075c68e1418694a294569d3d4cfb27eda57dd46fcfef784ebea0f39a4332e68f8bb9e5ee410096670ed2ef78deb83e81a4d820edfd366bdf6,gx-no-cache=1520516601278 HTTP/1.1" 200 297
192.168.10.56 - - [08/Mar/2018:10:46:03 -0300] "GET /cormun/servlet/solicitudgral?f967f2bdb1d01e314dceabaf1d2267b42641e452cc8cf2245a07c4537208e97566ac216c94feef5a5b0c797b69ed79d1be6a9fdf5e8f2e5c4429ece8abf2b5fcc1aedce7a00d4e07d83d63c487d74ab20e578e20531862a6d5e395f833974973a1f4dcb09c0cebecb93b0fbcc8f6dd9b583919618a3e129eaa73df945016fe5e3bc68e1438f9c41293e9b463350823f6cc8b0a49d84228ebe5840922bedaa63253cb61a1b0fe66894e711144c5b3741bda9cce71777496b7743743ab84258565f645b6b59cde62a5b45592e950fee91c6b7559b266d888026f0ff7d150f105fceb97ac2b7be282fb112173fa9a6f2566b6f51bd68ed2d879f404c7f103107eefcadfc18aa5c8e4490b0d9245cd1fbc2336bf800a6df8e20803d97aa389f243041321c05ad005fdbd23b7dc181af3d5a170a1794ab17d81745b8adb1c7099e3897acbee995e3fce9ed8a5413255f1c88d652da8d9a97c52dc72e950f0d34176b4a219da6b61b550b98619e2caf73579a969c11b19aa04cd40bafb74c63eff4ecd9f4989f2d98c1289b9a7823c9fde49767781188b29dd98059c0a7d0770d987c9124690b127db1afa358a753ce682a279,gx-no-cache=1520516602025 HTTP/1.1" 200 48
192.168.10.56 - - [08/Mar/2018:10:46:03 -0300] "POST /cormun/servlet/solicitudgral?1edc0c2f41647112f1c97e714ddd0447,UPD,2018,8300,,gx-no-cache=1520516602056 HTTP/1.1" 200 11868
192.168.10.56 - - [08/Mar/2018:10:46:03 -0300] "GET /cormun/servlet/solicitudgral?f967f2bdb1d01e314dceabaf1d2267b436660bb5152e2ed8b29ced6bf85d537b35724c18f1a53a7849bface9b6857e1eeabadea513490221c8b500e8853622b0f53014f67d240627ae06e12dfb25af8001702715faa98b94cb84f9e5afd740afd0dfadb421ee7d977237b2f86d39e3df,gx-no-cache=1520516602195 HTTP/1.1" 200 29
192.168.10.56 - - [08/Mar/2018:10:46:03 -0300] "POST /cormun/servlet/solicitudgral?gx-no-cache=1520516602209 HTTP/1.1" 200 1296
192.168.10.56 - - [08/Mar/2018:10:46:03 -0300] "POST /cormun/servlet/solicitudgral?gx-no-cache=1520516602234 HTTP/1.1" 200 1218
190.151.100.218 - - [08/Mar/2018:10:46:06 -0300] "GET /cormun/servlet/trvisualizadoreventos? HTTP/1.1" 200 6978
190.151.100.218 - - [08/Mar/2018:10:46:08 -0300] "GET /cormun/servlet/trvisualizadoreventos? HTTP/1.1" 200 6977
192.168.10.96 - - [08/Mar/2018:10:46:12 -0300] "GET /cormun/servlet/trsolicitudgral? HTTP/1.1" 200 14807
192.168.10.96 - - [08/Mar/2018:10:46:12 -0300] "GET /cormun/servlet/trsolicitudgral? HTTP/1.1" 200 14807
192.168.10.96 - - [08/Mar/2018:10:46:19 -0300] "POST /cormun/servlet/trsolicitudgral?b1508ed847cc439bc1c40ff863d51b67,,gx-no-cache=1520516617101 HTTP/1.1" 200 25029
192.168.10.96 - - [08/Mar/2018:10:46:26 -0300] "POST /cormun/servlet/trsolicitudgral?b1508ed847cc439bc1c40ff863d51b67,,gx-no-cache=1520516624785 HTTP/1.1" 200 7678
192.168.10.96 - - [08/Mar/2018:10:46:35 -0300] "GET /cormun/servlet/solicitudgral?UPD,2018,7739, HTTP/1.1" 200 13137
192.168.10.96 - - [08/Mar/2018:10:46:35 -0300] "GET /cormun/static/gxcfg.js?20181911354237 HTTP/1.1" 304 -
192.168.10.96 - - [08/Mar/2018:10:46:35 -0300] "GET /cormun/servlet/solicitudgral?UPD,2018,7739, HTTP/1.1" 200 13146
192.168.10.96 - - [08/Mar/2018:10:46:36 -0300] "POST /cormun/servlet/solicitudgral?gx-no-cache=1520516634525 HTTP/1.1" 200 3896
192.168.10.96 - - [08/Mar/2018:10:46:36 -0300] "GET /cormun/servlet/solicitudgral?e6fd03a2b4a269cf20c8ae6318a6dd3090daab9302c5ff8c25e5a673fb25603c6e0c583a4e7b2f4962adf27fe55032692c585d62336c22ec41edf3db0c8f4efda2f414413ddaa121b90a2f56779b6f26cdebbbfe5b42b1539e27c4355f058024767cbe686d883710df5406a113250624fb829122558807baf7556e3fff2fd9752e1c8720f14335fbad53c0cd0dbedd5024f838047083ff0ff14042ecd680cabc62bf3d70f63982ce3d628417661e7f61ff7bb712cb6434471f53c4d4658a0c6d145dbb0a8f25a19b1e056c6c5418ab54d0c0d3da140220f1a1eb7f674c41565478bf7dd6960f1730a0dc3521b20072f2d6b7b35451f382870122a818ab5903812cbf8770e1c6afdeae9f07b7c75b5362f65733d2c3d5f4d1b84a3a1436b14a98da96d7073f3537b01ac3e4d2477c4d85bfec73035a3f99b714a860ba6233a2aec598a0879a01aaae81d519c56c17e254,gx-no-cache=1520516634660 HTTP/1.1" 200 255
192.168.10.96 - - [08/Mar/2018:10:46:36 -0300] "GET /cormun/servlet/solicitudgral?e6fd03a2b4a269cf20c8ae6318a6dd301057637a63b330a12b5e79ba47fd8ea7bbb00cdbaa5c4e57c434ced7c471042054a2ace78608a3ff06a0797dd4d95a5665545e0055bc49ee26c8d94d2d62329ce7ee10d97ccb9e4b9ac303d26b9742332196db1aaceecf3f54c939123adb664521e2046d6a4a1eb2c5bc3c196f0a9b48ac7f9ddac44abc605fb3ddf67e15a995033e3023585aa382668b40ecab9737fb2a5a534732d97a4dbd7710255755e1d52298165f2ba073ed165afedab8dbce0d0889e7ea1ef605d8f9a0c7b23cd6f3eae2bbf195d756c28037eb40c97341a62d634df0a7242ed315ce2e48c52aa71f7ee2551b15163d49ad15a4e95ee3f9f9a7ec5e804d30af0c2486448c662ea08376b821349df0ede12c2359e7b5beedfe3053be016a664b2b5dac9e738a0ce80acda086dcc0533c06db339cea6b0de30a4888e8b9ed2f14567b64106c1c261c59603f264c4fe8f714673db4c62e087df4047271c9ec8a8ad4c80b24a514975e9351ac8a547df27c786423922b9f5a5ebeb9ae5d5d069fedc57425a593ee0ca98fb0ea3ccf8581ffbe234c641f8c90168625252fc7c08c7ec07e91cd861d30d0ed03,gx-no-cache=1520516635406 HTTP/1.1" 200 48
200.73.230.197 - - [08/Mar/2018:10:46:37 -0300] "GET /cormun/servlet/hlogin HTTP/1.1" 200 1717
192.168.10.96 - - [08/Mar/2018:10:46:39 -0300] "POST /cormun/servlet/solicitudgral?b1508ed847cc439bc1c40ff863d51b67,UPD,2018,7739,,gx-no-cache=1520516638133 HTTP/1.1" 200 11835
192.168.10.96 - - [08/Mar/2018:10:46:39 -0300] "GET /cormun/servlet/solicitudgral?e6fd03a2b4a269cf20c8ae6318a6dd3081dd16ea1d6e687a35aca4962c889d85d6c76690e1f1d10840eab901417299dd745e675989ed018077fba38de730420739ed8e590abc83c3bd815faa2d4ba8f66efdd5ed9fb37050aebf7433d0876f124ecf48e3c9ffdd8fdff33bf5bc9238fd0efe5006dcde6c0f5e4b56ef9157ce0d1d5b05dd916bf35d7e94012a9ffa97042d87f4948e1fe5f2e898b19da3af4ef1ff01aaf11992a89a5fe280d39cc970c0ef33b37869ce0d853975f9d81b1b329809e37ec8ea96e5323cd52b5cb5c3af43,gx-no-cache=1520516638330 HTTP/1.1" 200 29
192.168.10.96 - - [08/Mar/2018:10:46:39 -0300] "POST /cormun/servlet/solicitudgral?gx-no-cache=1520516638344 HTTP/1.1" 200 1296
192.168.10.96 - - [08/Mar/2018:10:46:39 -0300] "POST /cormun/servlet/solicitudgral?gx-no-cache=1520516638377 HTTP/1.1" 200 1218
192.168.10.96 - - [08/Mar/2018:10:46:40 -0300] "POST /cormun/servlet/solicitudgral?b1508ed847cc439bc1c40ff863d51b67,UPD,2018,7739,,gx-no-cache=1520516638422 HTTP/1.1" 200 93
192.168.10.96 - - [08/Mar/2018:10:46:40 -0300] "GET /cormun/servlet/hpexe_return? HTTP/1.1" 200 1011
192.168.10.96 - - [08/Mar/2018:10:46:40 -0300] "GET /cormun/servlet/trsolicitudgral? HTTP/1.1" 200 10942
192.168.10.96 - - [08/Mar/2018:10:46:40 -0300] "GET /cormun/servlet/trsolicitudgral? HTTP/1.1" 200 10939
200.73.230.197 - - [08/Mar/2018:10:46:43 -0300] "POST /cormun/servlet/hlogin?1dfcba633561204c6acd9472f29e3535,gx-no-cache=1520516754397 HTTP/1.1" 200 90
200.73.230.197 - - [08/Mar/2018:10:46:43 -0300] "GET /cormun/servlet/hpexe_link HTTP/1.1" 200 947
200.73.230.197 - - [08/Mar/2018:10:46:44 -0300] "GET /cormun/servlet/hhome HTTP/1.1" 200 3915
200.73.230.197 - - [08/Mar/2018:10:46:45 -0300] "GET /cormun/servlet/hhome HTTP/1.1" 200 3912
200.73.230.197 - - [08/Mar/2018:10:46:53 -0300] "GET /cormun/servlet/trsolicitudot? HTTP/1.1" 200 7126
200.72.197.82 - - [08/Mar/2018:10:46:53 -0300] "GET /cormun/servlet/trvisualizadoreventos? HTTP/1.1" 200 6977
200.72.197.82 - - [08/Mar/2018:10:46:54 -0300] "GET /cormun/servlet/trvisualizadoreventos? HTTP/1.1" 200 6977
200.73.230.197 - - [08/Mar/2018:10:46:54 -0300] "GET /cormun/servlet/trsolicitudot? HTTP/1.1" 200 7125
192.168.10.56 - - [08/Mar/2018:10:47:16 -0300] "POST /cormun/servlet/solicitudgral?1edc0c2f41647112f1c97e714ddd0447,UPD,2018,8300,,gx-no-cache=1520516674958 HTTP/1.1" 200 93
192.168.10.56 - - [08/Mar/2018:10:47:16 -0300] "GET /cormun/servlet/hpexe_return? HTTP/1.1" 200 1013
192.168.10.56 - - [08/Mar/2018:10:47:16 -0300] "GET /cormun/servlet/trsolicitudgral? HTTP/1.1" 200 11820
192.168.10.56 - - [08/Mar/2018:10:47:17 -0300] "GET /cormun/servlet/trsolicitudgral? HTTP/1.1" 200 11816
192.168.10.56 - - [08/Mar/2018:10:47:22 -0300] "GET /cormun/servlet/solicitudgral2?UPD,2018,8299, HTTP/1.1" 200 12961
192.168.10.56 - - [08/Mar/2018:10:47:22 -0300] "GET /cormun/servlet/solicitudgral2?UPD,2018,8299, HTTP/1.1" 200 12971
192.168.10.56 - - [08/Mar/2018:10:47:23 -0300] "POST /cormun/servlet/solicitudgral2?gx-no-cache=1520516681817 HTTP/1.1" 200 3943
192.168.10.56 - - [08/Mar/2018:10:47:23 -0300] "GET /cormun/servlet/solicitudgral2?f967f2bdb1d01e314dceabaf1d2267b419f0642938f737aa912ceceaa56374cf1ab140b4da077c7f95836b818d057fab0d1d648e3ac2b84b09ee12af2290dc79e99622cab59289cfecaa9c97e791a7bc94d391170d6504ce4d89f7fb3e78c16ca14f222ce21c4c15740791c7b90307218c9db341cc72fa1dc15823f9e57f7fbd5f78193d2f3772a253c841e420e6a28de2d5cca2209d053a370aab846e5e78501a34a4618f0f0fda887b64f0ddca369d9c13c1754e99b5b30589bc89c66774161cacd613f9ef55355ddea6643164b4c5a2904a61f4f5eeff325f3804f99b46edbc92eb1a03c0718d58907fca0bd2743446ba06e387c1e37c977adfb9cbff2936968b63d0de1a4061a45e357f86e25296606a8ea845f04f3075c68e1418694a294569d3d4cfb27eda57dd46fcfef784ebea0f39a4332e68f8bb9e5ee410096670ed2ef78deb83e81a4d820edfd366bdf6,gx-no-cache=1520516681980 HTTP/1.1" 200 297
192.168.10.56 - - [08/Mar/2018:10:47:23 -0300] "POST /cormun/servlet/solicitudgral2?gx-no-cache=1520516682002 HTTP/1.1" 200 1398
192.168.10.56 - - [08/Mar/2018:10:47:23 -0300] "GET /cormun/servlet/solicitudgral2?f967f2bdb1d01e314dceabaf1d2267b42f95f2008253aeb914433a2c319ccfbd8c9fe8eaa08873c313d6820b404cb019bfc3ab431ce9a6bebb7ece44577a0f19c1f1d529f936791c94dd13a14c4b440110b31a4ca3f88a35f96d6e3cd987fe0df5fa734d3f4df1948e8b43e73b9f886c,gx-no-cache=1520516682060 HTTP/1.1" 200 41
192.168.10.56 - - [08/Mar/2018:10:47:23 -0300] "POST /cormun/servlet/solicitudgral2?1edc0c2f41647112f1c97e714ddd0447,UPD,2018,8299,,gx-no-cache=1520516682185 HTTP/1.1" 200 11914
192.168.10.56 - - [08/Mar/2018:10:47:23 -0300] "GET /cormun/servlet/solicitudgral2?f967f2bdb1d01e314dceabaf1d2267b436660bb5152e2ed8b29ced6bf85d537b35724c18f1a53a7849bface9b6857e1eeabadea513490221c8b500e8853622b0f53014f67d240627ae06e12dfb25af8001702715faa98b94cb84f9e5afd740afd0dfadb421ee7d977237b2f86d39e3df,gx-no-cache=1520516682337 HTTP/1.1" 200 29
192.168.10.56 - - [08/Mar/2018:10:47:23 -0300] "POST /cormun/servlet/solicitudgral2?gx-no-cache=1520516682363 HTTP/1.1" 200 1296
192.168.10.56 - - [08/Mar/2018:10:47:23 -0300] "POST /cormun/servlet/solicitudgral2?gx-no-cache=1520516682389 HTTP/1.1" 200 1218
186.103.161.206 - - [08/Mar/2018:10:47:24 -0300] "GET /cormun/servlet/trvisualizadoreventos? HTTP/1.1" 200 6977
186.103.161.206 - - [08/Mar/2018:10:47:25 -0300] "GET /cormun/servlet/trvisualizadoreventos? HTTP/1.1" 200 6977
192.168.10.56 - - [08/Mar/2018:10:47:27 -0300] "GET /cormun/servlet/solicitudgral2?f967f2bdb1d01e314dceabaf1d2267b44cbf4baa43a670b6681cc91a5248a594208f04e38f08ab08c2dce76dffcc30c5561e8c5a17401d3823f3b72b411422c5da0c92ecae78b5b85d5a7d106565495363c8b291a8739b9eb971f0ca4d6a29b150b858053f27f779c8b38113281cfdaf76f800374c183a389d53ee31246fcbbc,gx-no-cache=1520516685972 HTTP/1.1" 200 30
186.103.161.206 - - [08/Mar/2018:10:47:41 -0300] "GET /cormun/servlet/trvisualizadoreventos? HTTP/1.1" 200 6977
192.168.10.56 - - [08/Mar/2018:10:47:41 -0300] "POST /cormun/servlet/solicitudgral2?1edc0c2f41647112f1c97e714ddd0447,UPD,2018,8299,,gx-no-cache=1520516700294 HTTP/1.1" 200 93
192.168.10.56 - - [08/Mar/2018:10:47:41 -0300] "GET /cormun/servlet/hpexe_return? HTTP/1.1" 200 1014
192.168.10.56 - - [08/Mar/2018:10:47:42 -0300] "GET /cormun/servlet/trsolicitudgral HTTP/1.1" 200 11805
192.168.10.56 - - [08/Mar/2018:10:47:42 -0300] "GET /cormun/servlet/trsolicitudgral HTTP/1.1" 200 11801
186.103.161.206 - - [08/Mar/2018:10:47:42 -0300] "GET /cormun/servlet/trvisualizadoreventos? HTTP/1.1" 200 6977
192.168.10.56 - - [08/Mar/2018:10:47:47 -0300] "POST /cormun/servlet/trsolicitudgral?1edc0c2f41647112f1c97e714ddd0447,gx-no-cache=1520516706240 HTTP/1.1" 200 8099
192.168.10.56 - - [08/Mar/2018:10:47:48 -0300] "GET /cormun/static/Shared/jqueryui/images/ui-bg_highlight-soft_100_c6c2c8_1x100.png HTTP/1.1" 404 1117
192.168.10.56 - - [08/Mar/2018:10:47:48 -0300] "GET /cormun/static/Shared/jqueryui/images/ui-icons_82798d_256x240.png HTTP/1.1" 404 1089
192.168.10.56 - - [08/Mar/2018:10:47:48 -0300] "GET /cormun/static/Shared/jqueryui/images/ui-bg_flat_55_fafafa_40x100.png HTTP/1.1" 404 1097
192.168.10.56 - - [08/Mar/2018:10:47:48 -0300] "GET /cormun/static/Shared/jqueryui/images/ui-icons_8d78a5_256x240.png HTTP/1.1" 404 1089
200.73.230.197 - - [08/Mar/2018:10:47:52 -0300] "GET /cormun/servlet/solicitudot?INS,0,0, HTTP/1.1" 200 13361
200.73.230.197 - - [08/Mar/2018:10:47:54 -0300] "GET /cormun/servlet/solicitudot?INS,0,0, HTTP/1.1" 200 13365
186.103.159.189 - - [08/Mar/2018:10:47:56 -0300] "POST /cormun/servlet/solicitudot?0e8e4533ebad84f340d7534b9989ad53,INS,0,0,,gx-no-cache=1520516828514 HTTP/1.1" 200 93
186.103.159.189 - - [08/Mar/2018:10:47:56 -0300] "GET /cormun/servlet/hpexe_return? HTTP/1.1" 200 1010
186.103.159.189 - - [08/Mar/2018:10:47:56 -0300] "GET /cormun/servlet/trsolicitudot HTTP/1.1" 200 9400
186.103.132.155 - - [08/Mar/2018:10:47:57 -0300] "GET /cormun/servlet/trvisualizadoreventos? HTTP/1.1" 200 6977
186.103.132.155 - - [08/Mar/2018:10:47:57 -0300] "GET /cormun/servlet/trvisualizadoreventos? HTTP/1.1" 200 6977
186.103.159.189 - - [08/Mar/2018:10:47:58 -0300] "GET /cormun/servlet/trsolicitudot HTTP/1.1" 200 9396
192.168.10.56 - - [08/Mar/2018:10:48:02 -0300] "POST /cormun/servlet/trsolicitudgral?1edc0c2f41647112f1c97e714ddd0447,gx-no-cache=1520516720776 HTTP/1.1" 200 7750
186.103.132.155 - - [08/Mar/2018:10:48:03 -0300] "GET /cormun/servlet/trautorizarsolicitud? HTTP/1.1" 200 7327
186.103.132.155 - - [08/Mar/2018:10:48:03 -0300] "GET /cormun/static/gxcfg.js?2017111423403364 HTTP/1.1" 304 -
186.103.132.155 - - [08/Mar/2018:10:48:04 -0300] "GET /cormun/servlet/trautorizarsolicitud? HTTP/1.1" 200 7326
186.103.132.155 - - [08/Mar/2018:10:48:07 -0300] "GET /cormun/static/menuarrow.gif HTTP/1.1" 404 1015
192.168.10.56 - - [08/Mar/2018:10:48:09 -0300] "POST /cormun/servlet/trsolicitudgral?1edc0c2f41647112f1c97e714ddd0447,gx-no-cache=1520516727945 HTTP/1.1" 200 7344
200.73.230.197 - - [08/Mar/2018:10:48:11 -0300] "POST /cormun/servlet/solicitudot?gx-no-cache=1520516841970 HTTP/1.1" 200 3419
200.73.230.197 - - [08/Mar/2018:10:48:11 -0300] "POST /cormun/servlet/solicitudot?1dfcba633561204c6acd9472f29e3535,INS,0,0,,gx-no-cache=1520516842470 HTTP/1.1" 200 10396
200.73.230.197 - - [08/Mar/2018:10:48:19 -0300] "GET /cormun/servlet/solicitudot?a4a7fe7da35f80d8024a7f6fa23f4c4f5562a0a1725d4bf429b435a986fdc34c057f611dad516896eb4717d9c147e342,gx-no-cache=1520516849809 HTTP/1.1" 200 30
200.73.230.197 - - [08/Mar/2018:10:48:19 -0300] "GET /cormun/servlet/solicitudot?a4a7fe7da35f80d8024a7f6fa23f4c4fefcbd17f89fc846e11341b8df09a1a56ae67824dbc41bde73c85c447b4476343057f611dad516896eb4717d9c147e342,gx-no-cache=1520516849926 HTTP/1.1" 200 30
200.73.230.197 - - [08/Mar/2018:10:48:19 -0300] "GET /cormun/servlet/solicitudot?a4a7fe7da35f80d8024a7f6fa23f4c4fe709c979d316174358ee42a51f726083,gx-no-cache=1520516850021 HTTP/1.1" 200 53
200.73.230.197 - - [08/Mar/2018:10:48:19 -0300] "POST /cormun/servlet/solicitudot?gx-no-cache=1520516850116 HTTP/1.1" 200 297
200.73.230.197 - - [08/Mar/2018:10:48:19 -0300] "GET /cormun/servlet/solicitudot?a4a7fe7da35f80d8024a7f6fa23f4c4fd1dff7e7b9de9804d6fde40951ef4dc403aae10f864983bac5ead520d9f60b79358afa4d824b168b1bd69875dce0578b100909195adb30bb13ec061db82345e4c073d0bded6d886340e65138a1424e7d1aed1e0ce46277a885ebd9fc4d3785342f71bbb37fcff0900150f65cb7fb14f21a6cab991af79e1280c2fbf801c9d383c05e5643cbac20edd06e7baecc0a5ad85924744d8f60d0a5c107be7bd8a6ff164b3f8e20b7f0b608b72e0466ba0e4a1892b4641e16354502f0045fe822dde07fead5f6dd0fb9a1ee4e9a7746af1f61afe1314629b032f6401682f0c1fa2701b5497a47c987ac83576cff3d5c52d20b3dacaeca8f5270f34df7074f5a36944a0a63a149d6424d2c1e873a3652318322467a7ee7d706241efa05a966c23b1441be245aa5732b3427d0d81b7535c7be989f38d39038ffe8716024182f9023f1ee9adb1fbba3818ea12e9a38616032c14f3792b119fa6eaf90cb8335ec0e15cde5066a8571c9bc82ae8a5f89b65bddbb94b5df9a1e8f6ef00943dd627fa16dfdb3c1,gx-no-cache=1520516850253 HTTP/1.1" 200 30
186.103.132.155 - - [08/Mar/2018:10:48:22 -0300] "POST /cormun/servlet/trautorizarsolicitud?11ae42162fb731ed5907b93c46c1b06b,,gx-no-cache=1520516850477 HTTP/1.1" 200 4398
200.73.230.197 - - [08/Mar/2018:10:48:22 -0300] "POST /cormun/servlet/solicitudot?gx-no-cache=1520516853187 HTTP/1.1" 200 30
200.73.230.197 - - [08/Mar/2018:10:48:27 -0300] "POST /cormun/servlet/solicitudot?gx-no-cache=1520516858058 HTTP/1.1" 200 1337
186.103.132.155 - - [08/Mar/2018:10:48:27 -0300] "GET /cormun/servlet/trvisualizadoreventos? HTTP/1.1" 200 6978
200.73.230.197 - - [08/Mar/2018:10:48:27 -0300] "POST /cormun/servlet/solicitudot?gx-no-cache=1520516858262 HTTP/1.1" 200 38
186.103.132.155 - - [08/Mar/2018:10:48:28 -0300] "GET /cormun/servlet/trvisualizadoreventos? HTTP/1.1" 200 6977
186.103.159.189 - - [08/Mar/2018:10:48:41 -0300] "GET /cormun/servlet/solicitudot?INS,0,0, HTTP/1.1" 200 13438
186.103.159.189 - - [08/Mar/2018:10:48:43 -0300] "GET /cormun/servlet/solicitudot?INS,0,0, HTTP/1.1" 200 13443
192.168.10.56 - - [08/Mar/2018:10:48:43 -0300] "POST /cormun/servlet/trsolicitudgral?1edc0c2f41647112f1c97e714ddd0447,gx-no-cache=1520516761358 HTTP/1.1" 200 17471
200.73.230.197 - - [08/Mar/2018:10:48:44 -0300] "GET /cormun/servlet/solicitudot?a4a7fe7da35f80d8024a7f6fa23f4c4fe411cc1ac91d51f9e47b02042fedd1a058b72eb501f87378adaf20aa797f8d0d49909d77fc49f91a31ca51f657913b647c40aa491686f0c0b7220f9f95eaa8fed7fdea399764f900939a3498ba3b5fa046ebb18b0c0667693f44e88bf16175ac,gx-no-cache=1520516874259 HTTP/1.1" 200 29
200.73.230.197 - - [08/Mar/2018:10:48:44 -0300] "POST /cormun/servlet/solicitudot?gx-no-cache=1520516875283 HTTP/1.1" 200 1318
200.73.230.197 - - [08/Mar/2018:10:48:44 -0300] "POST /cormun/servlet/solicitudot?gx-no-cache=1520516875494 HTTP/1.1" 200 1218
200.73.230.197 - - [08/Mar/2018:10:48:44 -0300] "GET /cormun/static/menuarrow.gif HTTP/1.1" 404 1015
186.103.159.189 - - [08/Mar/2018:10:48:45 -0300] "GET /cormun/servlet/prfichaempleado?,MD,,gxPopupLevel%3D0%3B HTTP/1.1" 200 9329
200.73.230.197 - - [08/Mar/2018:10:48:47 -0300] "POST /cormun/servlet/solicitudot?gx-no-cache=1520516878472 HTTP/1.1" 200 1318
200.73.230.197 - - [08/Mar/2018:10:48:47 -0300] "POST /cormun/servlet/solicitudot?gx-no-cache=1520516878633 HTTP/1.1" 200 1218
200.73.230.197 - - [08/Mar/2018:10:48:49 -0300] "GET /cormun/servlet/solicitudot?a4a7fe7da35f80d8024a7f6fa23f4c4f84cf02eb2c01a52a1b3d3483dfd499c432c4d68c8f2eb96585297ad1b4b349b0,gx-no-cache=1520516880623 HTTP/1.1" 200 30
192.168.10.96 - - [08/Mar/2018:10:48:50 -0300] "POST /cormun/servlet/trsolicitudgral?b1508ed847cc439bc1c40ff863d51b67,,gx-no-cache=1520516768821 HTTP/1.1" 200 7312
186.103.159.189 - - [08/Mar/2018:10:48:56 -0300] "POST /cormun/servlet/prfichaempleado?0e8e4533ebad84f340d7534b9989ad53,,MD,,gxPopupLevel%3D0%3B,gx-no-cache=1520516889582 HTTP/1.1" 200 3180
200.73.230.197 - - [08/Mar/2018:10:48:59 -0300] "POST /cormun/servlet/solicitudot?gx-no-cache=1520516890477 HTTP/1.1" 200 30
186.103.159.189 - - [08/Mar/2018:10:49:09 -0300] "POST /cormun/servlet/prfichaempleado?0e8e4533ebad84f340d7534b9989ad53,,MD,,gxPopupLevel%3D0%3B,gx-no-cache=1520516901922 HTTP/1.1" 200 3421
186.103.159.189 - - [08/Mar/2018:10:49:11 -0300] "POST /cormun/servlet/solicitudot?gx-no-cache=1520516904626 HTTP/1.1" 200 3418
186.103.159.189 - - [08/Mar/2018:10:49:12 -0300] "POST /cormun/servlet/solicitudot?0e8e4533ebad84f340d7534b9989ad53,INS,0,0,,gx-no-cache=1520516904879 HTTP/1.1" 200 10393
186.103.159.189 - - [08/Mar/2018:10:49:14 -0300] "GET /cormun/servlet/solicitudot?48f8aaae4c50bc21914fde6940975b5d291cb8af39a160914f7096f259db83d77b1e83973efc8fbb98b4d157ca429292,gx-no-cache=1520516907184 HTTP/1.1" 200 30
186.103.159.189 - - [08/Mar/2018:10:49:14 -0300] "GET /cormun/servlet/solicitudot?48f8aaae4c50bc21914fde6940975b5ddfc83d98a28ea2e363817b9068210dbc61c4210ff6e3d08fe9de6ea57d367e5e1ffe68c949fa1cc5ccf99736e59e7628,gx-no-cache=1520516907254 HTTP/1.1" 200 30
186.103.159.189 - - [08/Mar/2018:10:49:14 -0300] "GET /cormun/servlet/solicitudot?48f8aaae4c50bc21914fde6940975b5d7de53d682845020224df9cbb385f8928,gx-no-cache=1520516907308 HTTP/1.1" 200 51
186.103.159.189 - - [08/Mar/2018:10:49:14 -0300] "POST /cormun/servlet/solicitudot?gx-no-cache=1520516907366 HTTP/1.1" 200 255
186.103.159.189 - - [08/Mar/2018:10:49:15 -0300] "GET /cormun/servlet/solicitudot?48f8aaae4c50bc21914fde6940975b5d0c94165a1940af1ec0dd43ad31c7e0dadd2772265ff09e1041bc8dd63466bfedcc0bb3923036f0f306a212c07b5a585245b1e62a09031f7ff6b1d16fef3168ea33339123e2e858ab7efab3fc829c9bcbd499cf4ba8f004b676a63f8b3d76d025c2ac5bf9dc320e8bdd1cc17e59b2181fc7f3f44816b051adde9b4543642cef7a1bff958cb8609db8a13caebdf64204e56792d19c8a4948c6a77c521701349a64cb67ed6594086f605d35ff3d4c2bdb94d71d8263e9b59bf7f75ed38d445b603653112a18daa4ee55584f1c18fdbe741fc42d0745faffdcee3fa1913849fa7303ecebc1235b89b24657d377af20b9fd7869e448dab990e31ff161bd3d6135081a8b10f39e2de60ee5b2496aea96493dfa732254ced8aa1d43d87b9ac10f70141ed06530d9a7fc40da51cd9e3a80abbd4ce5998657a9eb81b0aa84d0ec815025a08498fc8970ee1c13ab4a3c30dfe76edb69d164625f3c8a9b9b3c1a7623fed9d9faac444cd302c6a101c4ef89a250326b,gx-no-cache=1520516907471 HTTP/1.1" 200 30
186.103.159.189 - - [08/Mar/2018:10:49:15 -0300] "POST /cormun/servlet/solicitudot?gx-no-cache=1520516908513 HTTP/1.1" 200 30
186.103.159.189 - - [08/Mar/2018:10:49:15 -0300] "POST /cormun/servlet/solicitudot?gx-no-cache=1520516908626 HTTP/1.1" 200 1337
186.103.159.189 - - [08/Mar/2018:10:49:16 -0300] "POST /cormun/servlet/solicitudot?gx-no-cache=1520516908783 HTTP/1.1" 200 38
186.103.159.189 - - [08/Mar/2018:10:49:22 -0300] "POST /cormun/servlet/solicitudot?gx-no-cache=1520516915637 HTTP/1.1" 200 30
192.168.10.96 - - [08/Mar/2018:10:49:24 -0300] "POST /cormun/servlet/trsolicitudgral?b1508ed847cc439bc1c40ff863d51b67,,gx-no-cache=1520516801886 HTTP/1.1" 200 24196
192.168.10.56 - - [08/Mar/2018:10:49:25 -0300] "GET /cormun/servlet/hlogin HTTP/1.1" 200 1737
186.103.159.189 - - [08/Mar/2018:10:49:26 -0300] "GET /cormun/servlet/prcontratosol?12911771,,,,,MD,,gxPopupLevel%3D0%3B HTTP/1.1" 200 8970
192.168.10.56 - - [08/Mar/2018:10:49:28 -0300] "POST /cormun/servlet/hlogin?1edc0c2f41647112f1c97e714ddd0447,gx-no-cache=1520516806721 HTTP/1.1" 200 90
192.168.10.56 - - [08/Mar/2018:10:49:28 -0300] "GET /cormun/servlet/hpexe_link HTTP/1.1" 200 949
192.168.10.56 - - [08/Mar/2018:10:49:28 -0300] "GET /cormun/servlet/hhome HTTP/1.1" 200 3827
192.168.10.56 - - [08/Mar/2018:10:49:28 -0300] "GET /cormun/servlet/hhome HTTP/1.1" 200 3827
192.168.10.56 - - [08/Mar/2018:10:49:31 -0300] "GET /cormun/servlet/trautorizarot? HTTP/1.1" 200 8165
192.168.10.56 - - [08/Mar/2018:10:49:32 -0300] "GET /cormun/servlet/trautorizarot? HTTP/1.1" 200 8164
186.103.159.189 - - [08/Mar/2018:10:49:32 -0300] "POST /cormun/servlet/solicitudot?gx-no-cache=1520516925226 HTTP/1.1" 200 1337
186.103.159.189 - - [08/Mar/2018:10:49:32 -0300] "POST /cormun/servlet/solicitudot?gx-no-cache=1520516925347 HTTP/1.1" 200 38
192.168.10.96 - - [08/Mar/2018:10:49:32 -0300] "POST /cormun/servlet/trsolicitudgral?b1508ed847cc439bc1c40ff863d51b67,,gx-no-cache=1520516810065 HTTP/1.1" 200 105
186.103.159.189 - - [08/Mar/2018:10:49:32 -0300] "GET /cormun/servlet/solicitudot?48f8aaae4c50bc21914fde6940975b5d9bb64e4d1cfce5019b61e0c0644a4e8d0437a91cb96cfe01de1dfa3e05e7e57184035d97477d07bb6c4579ae9c892c7c043862273e272249840a91babecb757afe6b0ab25277f79eb58c498ec64292c3e74754ab4cd0b9606cf690401a704a9bd880fef69e5044d5aa89f17e17375e019bfb4db57ebef484d0bfd7a2133ce0b7441bef7c593a58911f5d05e0dfc23130,gx-no-cache=1520516925432 HTTP/1.1" 200 29
192.168.10.96 - - [08/Mar/2018:10:49:32 -0300] "GET /cormun/SolicitudGral-7269.xls HTTP/1.1" 200 71168
186.103.159.189 - - [08/Mar/2018:10:49:32 -0300] "POST /cormun/servlet/solicitudot?gx-no-cache=1520516925522 HTTP/1.1" 200 1319
186.103.159.189 - - [08/Mar/2018:10:49:33 -0300] "POST /cormun/servlet/solicitudot?gx-no-cache=1520516925653 HTTP/1.1" 200 1218
186.103.159.189 - - [08/Mar/2018:10:49:33 -0300] "GET /cormun/servlet/solicitudot?48f8aaae4c50bc21914fde6940975b5d9c7793063535e9eab92f1c773a6eb7ccb772355d241d758fc533624357e64e5c,gx-no-cache=1520516926249 HTTP/1.1" 200 30
192.168.10.56 - - [08/Mar/2018:10:49:38 -0300] "POST /cormun/servlet/trautorizarot?1edc0c2f41647112f1c97e714ddd0447,,gx-no-cache=1520516816641 HTTP/1.1" 200 9959
192.168.10.56 - - [08/Mar/2018:10:49:42 -0300] "POST /cormun/servlet/trautorizarot?1edc0c2f41647112f1c97e714ddd0447,,gx-no-cache=1520516820514 HTTP/1.1" 200 5351
200.73.230.197 - - [08/Mar/2018:10:49:42 -0300] "POST /cormun/servlet/solicitudot?1dfcba633561204c6acd9472f29e3535,INS,0,0,,gx-no-cache=1520516933192 HTTP/1.1" 200 93
200.73.230.197 - - [08/Mar/2018:10:49:42 -0300] "GET /cormun/servlet/hpexe_return? HTTP/1.1" 200 1004
200.73.230.197 - - [08/Mar/2018:10:49:43 -0300] "GET /cormun/servlet/trsolicitudot HTTP/1.1" 200 8490
200.73.230.197 - - [08/Mar/2018:10:49:44 -0300] "GET /cormun/servlet/trsolicitudot HTTP/1.1" 200 8486
186.103.157.246 - - [08/Mar/2018:10:49:51 -0300] "GET /cormun/servlet/hlogin HTTP/1.1" 200 1706
186.103.157.246 - - [08/Mar/2018:10:49:51 -0300] "GET /cormun/static/Resources/Spanish/PXTools.css?11423723 HTTP/1.1" 304 -
186.103.157.246 - - [08/Mar/2018:10:49:51 -0300] "GET /cormun/static/gxcfg.js?20175251213516 HTTP/1.1" 304 -
186.103.157.246 - - [08/Mar/2018:10:49:51 -0300] "GET /cormun/static/gxgral.js?85251 HTTP/1.1" 304 -
200.73.230.197 - - [08/Mar/2018:10:49:52 -0300] "POST /cormun/servlet/trsolicitudot?1dfcba633561204c6acd9472f29e3535,gx-no-cache=1520516943200 HTTP/1.1" 200 4466
186.103.157.246 - - [08/Mar/2018:10:49:52 -0300] "GET /cormun/static/hlogin.js?20175251213537 HTTP/1.1" 304 -
200.73.230.197 - - [08/Mar/2018:10:49:52 -0300] "GET /cormun/static/Shared/jqueryui/images/ui-bg_highlight-soft_100_c6c2c8_1x100.png HTTP/1.1" 404 1117
200.73.230.197 - - [08/Mar/2018:10:49:52 -0300] "GET /cormun/static/Shared/jqueryui/images/ui-bg_flat_55_fafafa_40x100.png HTTP/1.1" 404 1097
200.73.230.197 - - [08/Mar/2018:10:49:52 -0300] "GET /cormun/static/Shared/jqueryui/images/ui-icons_82798d_256x240.png HTTP/1.1" 404 1089
200.73.230.197 - - [08/Mar/2018:10:49:52 -0300] "GET /cormun/static/Shared/jqueryui/images/ui-icons_8d78a5_256x240.png HTTP/1.1" 404 1089
200.73.230.197 - - [08/Mar/2018:10:49:53 -0300] "POST /cormun/servlet/trsolicitudot?1dfcba633561204c6acd9472f29e3535,gx-no-cache=1520516943655 HTTP/1.1" 200 4251
186.103.157.246 - - [08/Mar/2018:10:49:54 -0300] "GET /cormun/static/messages.spa.js?85251 HTTP/1.1" 304 -
186.103.157.246 - - [08/Mar/2018:10:49:57 -0300] "GET /cormun/static/gxtimezone.js?85251 HTTP/1.1" 304 -
186.103.157.246 - - [08/Mar/2018:10:49:57 -0300] "GET /cormun/static/Resources/ComunLogin.png HTTP/1.1" 304 -
186.103.157.246 - - [08/Mar/2018:10:49:57 -0300] "GET /cormun/static/Resources/PXToolsLoginTop.png HTTP/1.1" 304 -
186.103.157.246 - - [08/Mar/2018:10:49:57 -0300] "GET /cormun/static/Resources/PXToolsLoginBackground.png HTTP/1.1" 304 -
186.103.157.246 - - [08/Mar/2018:10:49:57 -0300] "GET /cormun/static/Resources/PXToolsButtonRight21.png HTTP/1.1" 304 -
186.103.157.246 - - [08/Mar/2018:10:49:57 -0300] "GET /cormun/static/Resources/PXToolsButtonLeft21.png HTTP/1.1" 304 -
186.103.157.246 - - [08/Mar/2018:10:49:57 -0300] "GET /cormun/static/Resources/PXToolsLoginBottom.png HTTP/1.1" 304 -
186.103.157.246 - - [08/Mar/2018:10:50:00 -0300] "GET /cormun/static/Resources/PXToolsButtonBackground2.png HTTP/1.1" 304 -
186.103.157.246 - - [08/Mar/2018:10:50:04 -0300] "GET /cormun/static/Resources/indicator.gif HTTP/1.1" 304 -
200.73.230.197 - - [08/Mar/2018:10:50:08 -0300] "GET /cormun/servlet/hlogin HTTP/1.1" 200 1725
186.103.157.246 - - [08/Mar/2018:10:50:13 -0300] "POST /cormun/servlet/hlogin?1237303f5228bc72dd218a9f1f7ab957,gx-no-cache=1520516963231 HTTP/1.1" 200 90
186.103.157.246 - - [08/Mar/2018:10:50:14 -0300] "GET /cormun/servlet/hpexe_link HTTP/1.1" 200 939
186.103.157.246 - - [08/Mar/2018:10:50:14 -0300] "GET /cormun/static/Resources/Spanish/PXTools.css?1155365 HTTP/1.1" 304 -
186.103.157.246 - - [08/Mar/2018:10:50:14 -0300] "GET /cormun/static/hpexe_link.js?20177612121795 HTTP/1.1" 304 -
186.103.157.246 - - [08/Mar/2018:10:50:14 -0300] "GET /cormun/static/gxcfg.js?20177612121792 HTTP/1.1" 304 -
186.103.157.246 - - [08/Mar/2018:10:50:15 -0300] "GET /cormun/servlet/hhome HTTP/1.1" 200 3867
186.103.157.246 - - [08/Mar/2018:10:50:16 -0300] "GET /cormun/static/SmoothNavMenu/resources/ddsmoothmenu.css?1012540 HTTP/1.1" 304 -
186.103.157.246 - - [08/Mar/2018:10:50:16 -0300] "GET /cormun/static/gxcfg.js?20175251212442 HTTP/1.1" 304 -
186.103.157.246 - - [08/Mar/2018:10:50:16 -0300] "GET /cormun/static/PXToolsJavascripts/pexe_autoreload.js HTTP/1.1" 304 -
186.103.157.246 - - [08/Mar/2018:10:50:16 -0300] "GET /cormun/static/scaMessage/css/jquery.pnotify.default.css?1716380 HTTP/1.1" 304 -
186.103.157.246 - - [08/Mar/2018:10:50:16 -0300] "GET /cormun/static/PXToolsJavascripts/pexe_cookies.js HTTP/1.1" 304 -
186.103.157.246 - - [08/Mar/2018:10:50:16 -0300] "GET /cormun/static/PXToolsJavascripts/pexe_windows.js HTTP/1.1" 304 -
186.103.157.246 - - [08/Mar/2018:10:50:16 -0300] "GET /cormun/static/PXToolsJavascripts/pexe_grid.js HTTP/1.1" 304 -
186.103.157.246 - - [08/Mar/2018:10:50:17 -0300] "GET /cormun/static/PXToolsJavascripts/pexe_griddivfix.js HTTP/1.1" 304 -
186.103.157.246 - - [08/Mar/2018:10:50:17 -0300] "GET /cormun/static/PXToolsJavascripts/pexe_link.js HTTP/1.1" 304 -
186.103.157.246 - - [08/Mar/2018:10:50:17 -0300] "GET /cormun/static/PXToolsJavascripts/pexe_menudivfix.js HTTP/1.1" 304 -
186.103.157.246 - - [08/Mar/2018:10:50:17 -0300] "GET /cormun/static/PXToolsJavascripts/pexe_menus.js HTTP/1.1" 304 -
186.103.157.246 - - [08/Mar/2018:10:50:17 -0300] "GET /cormun/static/PXToolsJavascripts/pexe_layers.js HTTP/1.1" 304 -
186.103.157.246 - - [08/Mar/2018:10:50:17 -0300] "GET /cormun/static/PXToolsJavascripts/pexe_oav.js HTTP/1.1" 304 -
186.103.157.246 - - [08/Mar/2018:10:50:17 -0300] "GET /cormun/static/PXToolsJavascripts/pexe_oavdivfix.js HTTP/1.1" 304 -
186.103.157.246 - - [08/Mar/2018:10:50:17 -0300] "GET /cormun/static/PXToolsJavascripts/pexe_picture.js HTTP/1.1" 304 -
186.103.157.246 - - [08/Mar/2018:10:50:17 -0300] "GET /cormun/static/PXToolsJavascripts/pexe_popup.js HTTP/1.1" 304 -
186.103.157.246 - - [08/Mar/2018:10:50:17 -0300] "GET /cormun/static/PXToolsJavascripts/pexe_scrolldiv.js HTTP/1.1" 304 -
186.103.157.246 - - [08/Mar/2018:10:50:17 -0300] "GET /cormun/static/PXToolsJavascripts/pexe_tabdivfix.js HTTP/1.1" 304 -
186.103.157.246 - - [08/Mar/2018:10:50:17 -0300] "GET /cormun/static/PXToolsJavascripts/pexe_tabs.js HTTP/1.1" 304 -
186.103.157.246 - - [08/Mar/2018:10:50:17 -0300] "GET /cormun/static/PXToolsJavascripts/pexe_upload.js HTTP/1.1" 304 -
186.103.157.246 - - [08/Mar/2018:10:50:17 -0300] "GET /cormun/static/PXToolsJavascripts/PXToolsJavascriptsRender.js HTTP/1.1" 304 -
186.103.157.246 - - [08/Mar/2018:10:50:17 -0300] "GET /cormun/static/RunJS/RunJS.js HTTP/1.1" 304 -
186.103.157.246 - - [08/Mar/2018:10:50:17 -0300] "GET /cormun/static/Shared/ext/ext-all.js HTTP/1.1" 304 -
186.103.157.246 - - [08/Mar/2018:10:50:17 -0300] "GET /cormun/static/gxui/gxui-all.js HTTP/1.1" 304 -
186.103.157.246 - - [08/Mar/2018:10:50:18 -0300] "GET /cormun/static/Shared/ext/locale/ext-lang-en.js HTTP/1.1" 304 -
186.103.157.246 - - [08/Mar/2018:10:50:18 -0300] "GET /cormun/static/SmoothNavMenu/resources/ddsmoothmenu-v.css?1012540 HTTP/1.1" 304 -
186.103.157.246 - - [08/Mar/2018:10:50:19 -0300] "GET /cormun/static/Shared/jqueryui/jquery-ui.min.css?1245370 HTTP/1.1" 304 -
186.103.157.246 - - [08/Mar/2018:10:50:25 -0300] "GET /cormun/static/Resources/PXToolsHeaderActionsLeft.png HTTP/1.1" 304 -
186.103.157.246 - - [08/Mar/2018:10:50:25 -0300] "GET /cormun/static/Resources/PXToolsHeaderHome.png HTTP/1.1" 304 -
186.103.157.246 - - [08/Mar/2018:10:50:25 -0300] "GET /cormun/static/Resources/logo4.png HTTP/1.1" 304 -
186.103.157.246 - - [08/Mar/2018:10:50:25 -0300] "GET /cormun/static/Resources/PXToolsFooterBackground2.png HTTP/1.1" 304 -
186.103.157.246 - - [08/Mar/2018:10:50:25 -0300] "GET /cormun/static/Resources/PXToolsHeaderLogin.png HTTP/1.1" 304 -
186.103.157.246 - - [08/Mar/2018:10:50:25 -0300] "GET /cormun/static/Resources/PXToolsHeaderPreferences.png HTTP/1.1" 304 -
186.103.157.246 - - [08/Mar/2018:10:50:25 -0300] "GET /cormun/static/Resources/PXToolsHeaderSecurity.png HTTP/1.1" 304 -
186.103.157.246 - - [08/Mar/2018:10:50:25 -0300] "GET /cormun/static/Resources/PXToolsHeaderActionsRight.png HTTP/1.1" 304 -
186.103.157.246 - - [08/Mar/2018:10:50:25 -0300] "GET /cormun/static/Resources/PXToolsHeaderActionsBackground.png HTTP/1.1" 304 -
186.103.157.246 - - [08/Mar/2018:10:50:25 -0300] "GET /cormun/static/Resources/PXToolsDataTitle.png HTTP/1.1" 304 -
