200.120.230.197 - - [08/Mar/2018:11:46:53 -0300] "GET /cormun/static/Shared/jqueryui/images/ui-bg_flat_55_fafafa_40x100.png HTTP/1.1" 404 1097
186.79.103.20 - - [08/Mar/2018:11:46:53 -0300] "GET /cormun/static/Shared/jqueryui/images/ui-icons_8d78a5_256x240.png HTTP/1.1" 404 1089
186.103.159.187 - - [08/Mar/2018:11:46:57 -0300] "POST /cormun/servlet/hlogin?f1483026d7c85e31792e03542acc3d90,gx-no-cache=1520520464377 HTTP/1.1" 200 439
186.79.103.20 - - [08/Mar/2018:11:46:58 -0300] "POST /cormun/servlet/trsolicitudot?f9bf174c160b9dca92ed67fe4dbe6558,,gx-no-cache=1520520370739 HTTP/1.1" 200 107
186.79.103.20 - - [08/Mar/2018:11:46:58 -0300] "GET /cormun/servlet/trsolicitudadjuntos?2018,10139, HTTP/1.1" 200 6326
186.79.103.20 - - [08/Mar/2018:11:46:59 -0300] "GET /cormun/static/gxcfg.js?20177612135366 HTTP/1.1" 200 953
200.120.230.197 - - [08/Mar/2018:11:46:59 -0300] "GET /cormun/static/trsolicitudadjuntos.js?20177612135632 HTTP/1.1" 200 17922
186.79.103.20 - - [08/Mar/2018:11:47:01 -0300] "GET /cormun/servlet/trsolicitudadjuntos?2018,10139, HTTP/1.1" 200 6326
186.79.103.20 - - [08/Mar/2018:11:47:03 -0300] "GET /cormun/servlet/solicitudotadjuntos?INS,2018,10139,,1, HTTP/1.1" 200 6271
186.79.103.20 - - [08/Mar/2018:11:47:03 -0300] "GET /cormun/static/gxcfg.js?2017761244068 HTTP/1.1" 304 -
186.79.103.20 - - [08/Mar/2018:11:47:03 -0300] "GET /cormun/static/about:blank HTTP/1.1" 404 1011
186.79.103.20 - - [08/Mar/2018:11:47:04 -0300] "GET /cormun/servlet/solicitudotadjuntos?INS,2018,10139,,1, HTTP/1.1" 200 6265
186.79.103.20 - - [08/Mar/2018:11:47:05 -0300] "GET /cormun/servlet/solicitudotadjuntos?63d9a9840371a7be91da6b1098c2d243e67d30d3e7202533f20f2556264e0fb7c0567467a01ee81e31e69022a5c12cb9,gx-no-cache=1520520377572 HTTP/1.1" 200 30
186.103.159.187 - - [08/Mar/2018:11:47:05 -0300] "POST /cormun/servlet/hlogin?f1483026d7c85e31792e03542acc3d90,gx-no-cache=1520520472452 HTTP/1.1" 200 90
186.103.159.187 - - [08/Mar/2018:11:47:05 -0300] "GET /cormun/servlet/hpexe_link HTTP/1.1" 200 948
186.79.103.20 - - [08/Mar/2018:11:47:05 -0300] "POST /cormun/servlet/solicitudotadjuntos?f9bf174c160b9dca92ed67fe4dbe6558,INS,2018,10139,,1,,gx-no-cache=1520520377704 HTTP/1.1" 200 3988
186.103.159.187 - - [08/Mar/2018:11:47:05 -0300] "GET /cormun/servlet/hhome HTTP/1.1" 200 3929
186.103.159.187 - - [08/Mar/2018:11:47:06 -0300] "GET /cormun/servlet/hhome HTTP/1.1" 200 3925
186.79.103.20 - - [08/Mar/2018:11:47:06 -0300] "POST /cormun/servlet/solicitudotadjuntos?gx-no-cache=1520520379342 HTTP/1.1" 200 26
186.103.159.187 - - [08/Mar/2018:11:47:09 -0300] "GET /cormun/servlet/trsolicitudot? HTTP/1.1" 200 7134
186.103.159.187 - - [08/Mar/2018:11:47:10 -0300] "GET /cormun/servlet/trsolicitudot? HTTP/1.1" 200 7133
186.103.159.187 - - [08/Mar/2018:11:47:12 -0300] "GET /cormun/servlet/solicitudot?INS,0,0, HTTP/1.1" 200 13386
186.103.159.187 - - [08/Mar/2018:11:47:13 -0300] "GET /cormun/servlet/solicitudot?INS,0,0, HTTP/1.1" 200 13391
186.103.159.182 - - [08/Mar/2018:11:47:25 -0300] "GET /cormun/servlet/solicitudot?acd7307279a3c872a99112d8890a4b171592ee2b2269c7e358b493185690b37446f441392f46c3e8f37988503d673fbc,gx-no-cache=1520520343890 HTTP/1.1" 200 30
186.103.159.182 - - [08/Mar/2018:11:47:25 -0300] "GET /cormun/servlet/solicitudot?acd7307279a3c872a99112d8890a4b178ee97ecf8970340dbaeb76ce011f62056bf3ffbcc0be5d174c95dcc977283eb446f441392f46c3e8f37988503d673fbc,gx-no-cache=1520520344017 HTTP/1.1" 200 30
186.103.159.182 - - [08/Mar/2018:11:47:25 -0300] "GET /cormun/servlet/solicitudot?acd7307279a3c872a99112d8890a4b17a46dbd9f27e7f2916cf70fefa7cf4364,gx-no-cache=1520520344092 HTTP/1.1" 200 60
186.103.159.182 - - [08/Mar/2018:11:47:26 -0300] "POST /cormun/servlet/solicitudot?gx-no-cache=1520520344165 HTTP/1.1" 200 255
186.103.159.182 - - [08/Mar/2018:11:47:26 -0300] "GET /cormun/servlet/solicitudot?acd7307279a3c872a99112d8890a4b174ff404cdcd70298cbe3dbec93019f52198022502999d0c7645ad826dcbcd50d1c68f4902c7bf13facdfafcee479eb2d287bbaa15654fb995a285fa80f56dbdd29533464e0a17aa3a9bab4bc36e735069f0b08d5b0f6224d115421b9374d7d23416100dbad1d701a4ccc65fb8a1a107e8a070bb25d004b5a89def18dcb4084fa53e7151f2f19ec1171caf97aad2e285309f7eaf0d671fd0a594d1a8c1b49774e680434eaed7b58e94e0350ab49e26157b101ed7d2864f1cbe3ddf7482fed852a3264d3a4d23d4d0be2adfc035c68f4d7b4903caf054d4b9b749673b7b1ca8fada56fa985b441b1b4ff9c43be9cd6ecf77e14f0753bd36397bb99c503c23b73e31b6202cb590fc267ffb3f29e670e5e2047dfd2fed6f07984c448d02069fcffc86b395be75d8c53fc9b713e9c9dbba4d2c9c59fe76ab5faf4f57c33835495d9ae578c58996547674048b859328b280a0fc8c698e4bf59cc4ccc3e759b642c514ea8188cf62fa50ed4cb249e0803229a0e4,gx-no-cache=1520520344258 HTTP/1.1" 200 30
186.103.159.182 - - [08/Mar/2018:11:47:26 -0300] "POST /cormun/servlet/solicitudot?gx-no-cache=1520520344412 HTTP/1.1" 200 30
186.103.159.182 - - [08/Mar/2018:11:47:26 -0300] "POST /cormun/servlet/solicitudot?gx-no-cache=1520520344529 HTTP/1.1" 200 1337
186.103.159.182 - - [08/Mar/2018:11:47:26 -0300] "POST /cormun/servlet/solicitudot?gx-no-cache=1520520344654 HTTP/1.1" 200 38
186.103.159.182 - - [08/Mar/2018:11:47:26 -0300] "GET /cormun/servlet/solicitudot?acd7307279a3c872a99112d8890a4b17d1da0da731a138bcd2f75ac234a1e20aa9a35654196b7a098500a0ac4b97086554ed9badb130fb3327924180896ae9f93b0c9cddb6abcc37f25e29831c7a056d1a51ed498313501e41d3c46f333781578540b426891171c48114118908fb366a84119443f4db19a0396f7c5bda12f621b07c3403f2a26a0e612392f6f575a23a87080cf9994c8a11ab0fb44f5292f731,gx-no-cache=1520520344729 HTTP/1.1" 200 29
186.103.159.182 - - [08/Mar/2018:11:47:27 -0300] "POST /cormun/servlet/solicitudot?gx-no-cache=1520520344802 HTTP/1.1" 200 1319
186.103.159.182 - - [08/Mar/2018:11:47:27 -0300] "POST /cormun/servlet/solicitudot?gx-no-cache=1520520345330 HTTP/1.1" 200 1219
200.120.230.197 - - [08/Mar/2018:11:47:31 -0300] "GET /cormun/servlet/solicitudotadjuntos?63d9a9840371a7be91da6b1098c2d24370c7ae9e34b7866f27a15c86e11c7ff7,gx-no-cache=1520520404101 HTTP/1.1" 200 30
200.120.230.197 - - [08/Mar/2018:11:47:31 -0300] "GET /cormun/servlet/solicitudotadjuntos?63d9a9840371a7be91da6b1098c2d24370c7ae9e34b7866f27a15c86e11c7ff7,gx-no-cache=1520520404246 HTTP/1.1" 200 30
186.103.159.187 - - [08/Mar/2018:11:47:32 -0300] "POST /cormun/servlet/solicitudot?gx-no-cache=1520520499725 HTTP/1.1" 200 3383
200.120.230.197 - - [08/Mar/2018:11:47:32 -0300] "POST /cormun/servlet/solicitudotadjuntos?f9bf174c160b9dca92ed67fe4dbe6558,INS,2018,10139,,1, HTTP/1.1" 200 116
186.103.159.187 - - [08/Mar/2018:11:47:33 -0300] "POST /cormun/servlet/solicitudot?f1483026d7c85e31792e03542acc3d90,INS,0,0,,gx-no-cache=1520520500136 HTTP/1.1" 200 10357
200.120.230.197 - - [08/Mar/2018:11:47:33 -0300] "GET /cormun/servlet/hpexe_return? HTTP/1.1" 200 1025
200.120.230.197 - - [08/Mar/2018:11:47:33 -0300] "GET /cormun/servlet/trsolicitudadjuntos?2018,10139, HTTP/1.1" 200 8755
200.120.230.197 - - [08/Mar/2018:11:47:34 -0300] "GET /cormun/servlet/trsolicitudadjuntos?2018,10139, HTTP/1.1" 200 8754
186.79.103.20 - - [08/Mar/2018:11:47:37 -0300] "GET /cormun/servlet/solicitudotadjuntos?INS,2018,10139,,1, HTTP/1.1" 200 6271
186.103.159.187 - - [08/Mar/2018:11:47:38 -0300] "GET /cormun/servlet/solicitudot?4a12d68d340a1a46d1375cb939d38a81138163dbf02d60cd51c4b8aa58d74fe266a90206cfc25197d79998e64ab467ec,gx-no-cache=1520520505436 HTTP/1.1" 200 30
186.103.159.187 - - [08/Mar/2018:11:47:38 -0300] "GET /cormun/servlet/solicitudot?4a12d68d340a1a46d1375cb939d38a81965182d4e5618a12bfeb7e8bf1e2328020e50274f34ac1b2a20b1d7e39779410,gx-no-cache=1520520505526 HTTP/1.1" 200 103
186.79.103.20 - - [08/Mar/2018:11:47:38 -0300] "GET /cormun/static/about:blank HTTP/1.1" 404 1011
186.103.159.187 - - [08/Mar/2018:11:47:38 -0300] "GET /cormun/static/Shared/jqueryui/images/ui-bg_highlight-soft_100_c6c2c8_1x100.png HTTP/1.1" 404 1117
186.103.159.187 - - [08/Mar/2018:11:47:38 -0300] "GET /cormun/static/Shared/jqueryui/images/ui-icons_82798d_256x240.png HTTP/1.1" 404 1089
186.103.159.187 - - [08/Mar/2018:11:47:38 -0300] "GET /cormun/static/Shared/jqueryui/images/ui-bg_flat_55_994d53_40x100.png HTTP/1.1" 404 1097
186.103.159.187 - - [08/Mar/2018:11:47:38 -0300] "GET /cormun/static/Shared/jqueryui/images/ui-icons_ebccce_256x240.png HTTP/1.1" 404 1089
186.103.159.187 - - [08/Mar/2018:11:47:38 -0300] "GET /cormun/servlet/solicitudot?4a12d68d340a1a46d1375cb939d38a81610fe4d295a41b5e46e614d69e160e32,gx-no-cache=1520520505629 HTTP/1.1" 200 51
186.79.103.20 - - [08/Mar/2018:11:47:38 -0300] "GET /cormun/servlet/solicitudotadjuntos?INS,2018,10139,,1, HTTP/1.1" 200 6265
186.103.159.187 - - [08/Mar/2018:11:47:38 -0300] "POST /cormun/servlet/solicitudot?gx-no-cache=1520520505716 HTTP/1.1" 200 255
186.103.159.187 - - [08/Mar/2018:11:47:38 -0300] "GET /cormun/servlet/solicitudot?4a12d68d340a1a46d1375cb939d38a8153317c2c7fc7fb268c30e151861d5bc1e6c1a877faa6f8f23b32a6c9a83c9a6c32427d301b0272af63eecb742ba7550e7955cdbd69174696304e716a00158bdceef914ab2d578c77f278f0ffefa47613c6e6332649122030cdd66ac6a01bcfead0dee8a15c51c9cc64d1a6bd472e57a723c515f99b7ddad2f9ac08c9a9da4537744fb1897c9e7d3c55b13ab9f901b603676d35574e4e7411f11ac6a6cc2cff0a47d1cde6c785e7b68e180d6518e0cfe1be34f538b2bac9eb1e1a56c03da51c414db6c545e4e488ec69b36d0dc5e767da33d819fc119752adac7d88046c70afde8c315a81c4f6d55e2d0cf16461f64464f28c30c723953de243dd8b14a7b996e52ce376bc0b87954e8c958bc8d8b721c463ca08553efc345b8497840bd03bc34568291c8203f2769749dd50041ed5b701df16d888c698013ddb2ad1a5552e3ebd9b4fda65393d8da95bb2fa787825ee203e631841c6ad95f0b955ed36bbbebdd21a76e1ac96b55c956da39f77628dff15,gx-no-cache=1520520505827 HTTP/1.1" 200 30
186.79.103.20 - - [08/Mar/2018:11:47:39 -0300] "GET /cormun/servlet/solicitudotadjuntos?63d9a9840371a7be91da6b1098c2d243e67d30d3e7202533f20f2556264e0fb7c0567467a01ee81e31e69022a5c12cb9,gx-no-cache=1520520411467 HTTP/1.1" 200 30
186.79.103.20 - - [08/Mar/2018:11:47:39 -0300] "POST /cormun/servlet/solicitudotadjuntos?f9bf174c160b9dca92ed67fe4dbe6558,INS,2018,10139,,1,,gx-no-cache=1520520411595 HTTP/1.1" 200 3988
186.79.103.20 - - [08/Mar/2018:11:47:41 -0300] "POST /cormun/servlet/solicitudotadjuntos?gx-no-cache=1520520414218 HTTP/1.1" 200 26
186.103.159.187 - - [08/Mar/2018:11:47:44 -0300] "POST /cormun/servlet/solicitudot?gx-no-cache=1520520511301 HTTP/1.1" 200 30
186.103.159.187 - - [08/Mar/2018:11:47:46 -0300] "POST /cormun/servlet/solicitudot?gx-no-cache=1520520513672 HTTP/1.1" 200 1337
186.103.159.187 - - [08/Mar/2018:11:47:46 -0300] "POST /cormun/servlet/solicitudot?gx-no-cache=1520520513776 HTTP/1.1" 200 38
186.79.103.20 - - [08/Mar/2018:11:47:46 -0300] "GET /cormun/servlet/solicitudotadjuntos?63d9a9840371a7be91da6b1098c2d24370c7ae9e34b7866f27a15c86e11c7ff7,gx-no-cache=1520520419323 HTTP/1.1" 200 30
186.79.103.20 - - [08/Mar/2018:11:47:46 -0300] "GET /cormun/servlet/solicitudotadjuntos?63d9a9840371a7be91da6b1098c2d24370c7ae9e34b7866f27a15c86e11c7ff7,gx-no-cache=1520520419444 HTTP/1.1" 200 30
186.79.103.20 - - [08/Mar/2018:11:47:52 -0300] "POST /cormun/servlet/solicitudotadjuntos?f9bf174c160b9dca92ed67fe4dbe6558,INS,2018,10139,,1, HTTP/1.1" 200 116
186.79.103.20 - - [08/Mar/2018:11:47:52 -0300] "GET /cormun/servlet/hpexe_return? HTTP/1.1" 200 1025
186.79.103.20 - - [08/Mar/2018:11:47:52 -0300] "GET /cormun/servlet/trsolicitudadjuntos?2018,10139, HTTP/1.1" 200 8971
186.79.103.20 - - [08/Mar/2018:11:47:54 -0300] "GET /cormun/servlet/trsolicitudadjuntos?2018,10139, HTTP/1.1" 200 8969
186.103.159.187 - - [08/Mar/2018:11:47:55 -0300] "GET /cormun/servlet/solicitudot?4a12d68d340a1a46d1375cb939d38a81f0b38fba2b9e158056a61bb4d1b0d4795107ff3b4e25f90e2357ae07efc1fd9d8ac8b657df6a682d12d4a715df3af9c7386d4c7d7200eabc6819cd7fa19722867d3418f3ea551130dffc2a7a928f56aee9d47a9533606a4657784f0a42ee42a1c00087fbe972d01a881c9086a672890534138bad815071dd40f00db546bd253615e16913ec9317ddd5a91edfe09fa3fe,gx-no-cache=1520520522533 HTTP/1.1" 200 29
186.103.159.187 - - [08/Mar/2018:11:47:55 -0300] "POST /cormun/servlet/solicitudot?gx-no-cache=1520520522613 HTTP/1.1" 200 1318
186.103.159.187 - - [08/Mar/2018:11:47:55 -0300] "POST /cormun/servlet/solicitudot?gx-no-cache=1520520522760 HTTP/1.1" 200 1218
186.103.159.187 - - [08/Mar/2018:11:47:55 -0300] "GET /cormun/static/menuarrow.gif HTTP/1.1" 404 1015
186.79.103.20 - - [08/Mar/2018:11:47:56 -0300] "GET /cormun/servlet/solicitudotadjuntos?INS,2018,10139,,1, HTTP/1.1" 200 6271
186.79.103.20 - - [08/Mar/2018:11:47:56 -0300] "GET /cormun/static/about:blank HTTP/1.1" 404 1011
186.79.103.20 - - [08/Mar/2018:11:47:57 -0300] "GET /cormun/servlet/solicitudotadjuntos?INS,2018,10139,,1, HTTP/1.1" 200 6265
186.79.103.20 - - [08/Mar/2018:11:47:58 -0300] "GET /cormun/servlet/solicitudotadjuntos?63d9a9840371a7be91da6b1098c2d243e67d30d3e7202533f20f2556264e0fb7c0567467a01ee81e31e69022a5c12cb9,gx-no-cache=1520520430589 HTTP/1.1" 200 30
186.103.159.187 - - [08/Mar/2018:11:47:58 -0300] "POST /cormun/servlet/solicitudot?gx-no-cache=1520520525448 HTTP/1.1" 200 1318
186.103.159.187 - - [08/Mar/2018:11:47:58 -0300] "POST /cormun/servlet/solicitudot?gx-no-cache=1520520525542 HTTP/1.1" 200 1218
186.79.103.20 - - [08/Mar/2018:11:47:58 -0300] "POST /cormun/servlet/solicitudotadjuntos?f9bf174c160b9dca92ed67fe4dbe6558,INS,2018,10139,,1,,gx-no-cache=1520520430707 HTTP/1.1" 200 3988
186.103.159.187 - - [08/Mar/2018:11:47:59 -0300] "GET /cormun/servlet/solicitudot?4a12d68d340a1a46d1375cb939d38a8137fd5974145ed5f6608b7b496be2bd1a88384d7c2af6449bbf76e2c1970a5601,gx-no-cache=1520520526990 HTTP/1.1" 200 30
186.79.103.20 - - [08/Mar/2018:11:48:01 -0300] "POST /cormun/servlet/solicitudotadjuntos?gx-no-cache=1520520433897 HTTP/1.1" 200 26
186.79.103.20 - - [08/Mar/2018:11:48:06 -0300] "GET /cormun/servlet/solicitudotadjuntos?63d9a9840371a7be91da6b1098c2d24370c7ae9e34b7866f27a15c86e11c7ff7,gx-no-cache=1520520439027 HTTP/1.1" 200 30
186.79.103.20 - - [08/Mar/2018:11:48:06 -0300] "GET /cormun/servlet/solicitudotadjuntos?63d9a9840371a7be91da6b1098c2d24370c7ae9e34b7866f27a15c86e11c7ff7,gx-no-cache=1520520439100 HTTP/1.1" 200 30
186.79.103.20 - - [08/Mar/2018:11:48:10 -0300] "POST /cormun/servlet/solicitudotadjuntos?f9bf174c160b9dca92ed67fe4dbe6558,INS,2018,10139,,1, HTTP/1.1" 200 116
186.79.103.20 - - [08/Mar/2018:11:48:10 -0300] "GET /cormun/servlet/hpexe_return? HTTP/1.1" 200 1025
186.79.103.20 - - [08/Mar/2018:11:48:11 -0300] "GET /cormun/servlet/trsolicitudadjuntos?2018,10139, HTTP/1.1" 200 9132
186.79.103.20 - - [08/Mar/2018:11:48:12 -0300] "GET /cormun/servlet/trsolicitudadjuntos?2018,10139, HTTP/1.1" 200 9129
186.79.103.20 - - [08/Mar/2018:11:48:14 -0300] "GET /cormun/servlet/solicitudotadjuntos?INS,2018,10139,,1, HTTP/1.1" 200 6271
186.79.103.20 - - [08/Mar/2018:11:48:15 -0300] "GET /cormun/static/about:blank HTTP/1.1" 404 1011
186.79.103.20 - - [08/Mar/2018:11:48:15 -0300] "GET /cormun/servlet/solicitudotadjuntos?INS,2018,10139,,1, HTTP/1.1" 200 6265
186.103.159.187 - - [08/Mar/2018:11:48:15 -0300] "POST /cormun/servlet/solicitudot?gx-no-cache=1520520543135 HTTP/1.1" 200 30
186.79.103.20 - - [08/Mar/2018:11:48:16 -0300] "GET /cormun/servlet/solicitudotadjuntos?63d9a9840371a7be91da6b1098c2d243e67d30d3e7202533f20f2556264e0fb7c0567467a01ee81e31e69022a5c12cb9,gx-no-cache=1520520448847 HTTP/1.1" 200 30
186.79.103.20 - - [08/Mar/2018:11:48:16 -0300] "POST /cormun/servlet/solicitudotadjuntos?f9bf174c160b9dca92ed67fe4dbe6558,INS,2018,10139,,1,,gx-no-cache=1520520448946 HTTP/1.1" 200 3988
186.79.103.20 - - [08/Mar/2018:11:48:19 -0300] "POST /cormun/servlet/solicitudotadjuntos?gx-no-cache=1520520452048 HTTP/1.1" 200 26
186.79.103.20 - - [08/Mar/2018:11:48:24 -0300] "GET /cormun/servlet/solicitudotadjuntos?63d9a9840371a7be91da6b1098c2d24370c7ae9e34b7866f27a15c86e11c7ff7,gx-no-cache=1520520456914 HTTP/1.1" 200 30
186.79.103.20 - - [08/Mar/2018:11:48:24 -0300] "GET /cormun/servlet/solicitudotadjuntos?63d9a9840371a7be91da6b1098c2d24370c7ae9e34b7866f27a15c86e11c7ff7,gx-no-cache=1520520456999 HTTP/1.1" 200 30
186.103.159.187 - - [08/Mar/2018:11:48:26 -0300] "POST /cormun/servlet/solicitudot?f1483026d7c85e31792e03542acc3d90,INS,0,0,,gx-no-cache=1520520553391 HTTP/1.1" 200 11737
186.79.103.20 - - [08/Mar/2018:11:48:30 -0300] "POST /cormun/servlet/solicitudotadjuntos?f9bf174c160b9dca92ed67fe4dbe6558,INS,2018,10139,,1, HTTP/1.1" 200 116
186.79.103.20 - - [08/Mar/2018:11:48:30 -0300] "GET /cormun/servlet/hpexe_return? HTTP/1.1" 200 1025
186.79.103.20 - - [08/Mar/2018:11:48:31 -0300] "GET /cormun/servlet/trsolicitudadjuntos?2018,10139, HTTP/1.1" 200 9353
186.79.103.20 - - [08/Mar/2018:11:48:32 -0300] "GET /cormun/servlet/trsolicitudadjuntos?2018,10139, HTTP/1.1" 200 9351
186.79.103.20 - - [08/Mar/2018:11:48:34 -0300] "GET /cormun/servlet/solicitudotadjuntos?INS,2018,10139,,1, HTTP/1.1" 200 6271
186.79.103.20 - - [08/Mar/2018:11:48:35 -0300] "GET /cormun/static/about:blank HTTP/1.1" 404 1011
186.79.103.20 - - [08/Mar/2018:11:48:35 -0300] "GET /cormun/servlet/solicitudotadjuntos?INS,2018,10139,,1, HTTP/1.1" 200 6265
186.79.103.20 - - [08/Mar/2018:11:48:36 -0300] "GET /cormun/servlet/solicitudotadjuntos?63d9a9840371a7be91da6b1098c2d243e67d30d3e7202533f20f2556264e0fb7c0567467a01ee81e31e69022a5c12cb9,gx-no-cache=1520520468641 HTTP/1.1" 200 30
186.79.103.20 - - [08/Mar/2018:11:48:36 -0300] "POST /cormun/servlet/solicitudotadjuntos?f9bf174c160b9dca92ed67fe4dbe6558,INS,2018,10139,,1,,gx-no-cache=1520520468839 HTTP/1.1" 200 3988
186.79.103.20 - - [08/Mar/2018:11:48:39 -0300] "POST /cormun/servlet/solicitudotadjuntos?gx-no-cache=1520520472088 HTTP/1.1" 200 26
200.86.99.60 - - [08/Mar/2018:11:48:43 -0300] "GET /cormun/servlet/hlogin HTTP/1.1" 200 1720
186.79.103.20 - - [08/Mar/2018:11:48:44 -0300] "GET /cormun/servlet/solicitudotadjuntos?63d9a9840371a7be91da6b1098c2d24370c7ae9e34b7866f27a15c86e11c7ff7,gx-no-cache=1520520476715 HTTP/1.1" 200 30
186.79.103.20 - - [08/Mar/2018:11:48:44 -0300] "GET /cormun/servlet/solicitudotadjuntos?63d9a9840371a7be91da6b1098c2d24370c7ae9e34b7866f27a15c86e11c7ff7,gx-no-cache=1520520476886 HTTP/1.1" 200 30
200.86.99.60 - - [08/Mar/2018:11:48:50 -0300] "POST /cormun/servlet/hlogin?2a49631305fc7667a39c2c8ce95faee1,gx-no-cache=1520520481476 HTTP/1.1" 200 90
200.86.99.60 - - [08/Mar/2018:11:48:51 -0300] "GET /cormun/servlet/hpexe_link HTTP/1.1" 200 953
200.86.99.60 - - [08/Mar/2018:11:48:51 -0300] "GET /cormun/servlet/hhome HTTP/1.1" 200 4156
200.86.99.60 - - [08/Mar/2018:11:48:52 -0300] "GET /cormun/servlet/hhome HTTP/1.1" 200 4152
186.79.103.20 - - [08/Mar/2018:11:48:53 -0300] "POST /cormun/servlet/solicitudotadjuntos?f9bf174c160b9dca92ed67fe4dbe6558,INS,2018,10139,,1, HTTP/1.1" 200 116
186.79.103.20 - - [08/Mar/2018:11:48:53 -0300] "GET /cormun/servlet/hpexe_return? HTTP/1.1" 200 1025
186.79.103.20 - - [08/Mar/2018:11:48:54 -0300] "GET /cormun/servlet/trsolicitudadjuntos?2018,10139, HTTP/1.1" 200 9559
186.79.103.20 - - [08/Mar/2018:11:48:55 -0300] "GET /cormun/servlet/trsolicitudadjuntos?2018,10139, HTTP/1.1" 200 9559
186.79.103.20 - - [08/Mar/2018:11:48:57 -0300] "GET /cormun/servlet/solicitudotadjuntos?INS,2018,10139,,1, HTTP/1.1" 200 6272
186.79.103.20 - - [08/Mar/2018:11:48:58 -0300] "GET /cormun/static/about:blank HTTP/1.1" 404 1011
186.79.103.20 - - [08/Mar/2018:11:48:58 -0300] "GET /cormun/servlet/solicitudotadjuntos?INS,2018,10139,,1, HTTP/1.1" 200 6265
186.79.103.20 - - [08/Mar/2018:11:48:59 -0300] "GET /cormun/servlet/solicitudotadjuntos?63d9a9840371a7be91da6b1098c2d243e67d30d3e7202533f20f2556264e0fb7c0567467a01ee81e31e69022a5c12cb9,gx-no-cache=1520520491914 HTTP/1.1" 200 30
186.79.103.20 - - [08/Mar/2018:11:48:59 -0300] "POST /cormun/servlet/solicitudotadjuntos?f9bf174c160b9dca92ed67fe4dbe6558,INS,2018,10139,,1,,gx-no-cache=1520520492014 HTTP/1.1" 200 3989
186.79.103.20 - - [08/Mar/2018:11:49:02 -0300] "POST /cormun/servlet/solicitudotadjuntos?gx-no-cache=1520520495407 HTTP/1.1" 200 26
186.79.103.20 - - [08/Mar/2018:11:49:08 -0300] "GET /cormun/servlet/solicitudotadjuntos?63d9a9840371a7be91da6b1098c2d24370c7ae9e34b7866f27a15c86e11c7ff7,gx-no-cache=1520520501250 HTTP/1.1" 200 30
186.79.103.20 - - [08/Mar/2018:11:49:08 -0300] "GET /cormun/servlet/solicitudotadjuntos?63d9a9840371a7be91da6b1098c2d24370c7ae9e34b7866f27a15c86e11c7ff7,gx-no-cache=1520520501364 HTTP/1.1" 200 30
186.79.103.20 - - [08/Mar/2018:11:49:22 -0300] "POST /cormun/servlet/solicitudotadjuntos?f9bf174c160b9dca92ed67fe4dbe6558,INS,2018,10139,,1, HTTP/1.1" 200 116
186.79.103.20 - - [08/Mar/2018:11:49:23 -0300] "GET /cormun/servlet/hpexe_return? HTTP/1.1" 200 1025
186.79.103.20 - - [08/Mar/2018:11:49:24 -0300] "GET /cormun/servlet/trsolicitudadjuntos?2018,10139, HTTP/1.1" 200 9798
186.79.103.20 - - [08/Mar/2018:11:49:25 -0300] "GET /cormun/servlet/trsolicitudadjuntos?2018,10139, HTTP/1.1" 200 9793
186.103.159.187 - - [08/Mar/2018:11:49:26 -0300] "GET /cormun/servlet/solicitudot?4a12d68d340a1a46d1375cb939d38a818458f4154e19e9dbd0f008116698248a04c61a91981e59f777a3a31e9041f18d,gx-no-cache=1520520613552 HTTP/1.1" 200 30
186.103.159.187 - - [08/Mar/2018:11:49:26 -0300] "POST /cormun/servlet/solicitudot?gx-no-cache=1520520613965 HTTP/1.1" 200 254
186.103.159.187 - - [08/Mar/2018:11:49:27 -0300] "GET /cormun/servlet/solicitudot?4a12d68d340a1a46d1375cb939d38a8153317c2c7fc7fb268c30e151861d5bc1e6c1a877faa6f8f23b32a6c9a83c9a6c32427d301b0272af63eecb742ba7550e7955cdbd69174696304e716a00158bdceef914ab2d578c77f278f0ffefa47613c6e6332649122030cdd66ac6a01bcfead0dee8a15c51c9cc64d1a6bd472e57a723c515f99b7ddad2f9ac08c9a9da4537744fb1897c9e7d3c55b13ab9f901b603676d35574e4e7411f11ac6a6cc2cff0a47d1cde6c785e7b68e180d6518e0cfe1be34f538b2bac9eb1e1a56c03da51c414db6c545e4e488ec69b36d0dc5e767da33d819fc119752adac7d88046c70afde8c315a81c4f6d55e2d0cf16461f64464f28c30c723953de243dd8b14a7b996e52ce376bc0b87954e8c958bc8d8b721c463ca08553efc345b8497840bd03bc34568291c8203f2769749dd50041ed5b701df16d888c698013ddb2ad1a5552e3ebd9b4fda65393d8da95bb2fa787825ee203e631841c6ad95f0b955ed36bbbebdd2834ffe1480d70f5cbb513add4aa5f598,gx-no-cache=1520520614015 HTTP/1.1" 200 30
186.103.159.187 - - [08/Mar/2018:11:49:27 -0300] "POST /cormun/servlet/solicitudot?gx-no-cache=1520520614408 HTTP/1.1" 200 30
186.103.159.187 - - [08/Mar/2018:11:49:27 -0300] "POST /cormun/servlet/solicitudot?gx-no-cache=1520520614475 HTTP/1.1" 200 1336
186.103.159.187 - - [08/Mar/2018:11:49:27 -0300] "POST /cormun/servlet/solicitudot?gx-no-cache=1520520614611 HTTP/1.1" 200 41
186.103.159.187 - - [08/Mar/2018:11:49:27 -0300] "POST /cormun/servlet/solicitudot?gx-no-cache=1520520614668 HTTP/1.1" 200 1318
186.103.159.187 - - [08/Mar/2018:11:49:27 -0300] "POST /cormun/servlet/solicitudot?gx-no-cache=1520520614762 HTTP/1.1" 200 1218
186.103.159.187 - - [08/Mar/2018:11:49:27 -0300] "GET /cormun/servlet/solicitudot?4a12d68d340a1a46d1375cb939d38a8137fd5974145ed5f6608b7b496be2bd1a88384d7c2af6449bbf76e2c1970a5601,gx-no-cache=1520520614953 HTTP/1.1" 200 30
186.103.159.187 - - [08/Mar/2018:11:49:27 -0300] "POST /cormun/servlet/solicitudot?gx-no-cache=1520520615013 HTTP/1.1" 200 30
186.103.159.187 - - [08/Mar/2018:11:49:28 -0300] "POST /cormun/servlet/solicitudot?f1483026d7c85e31792e03542acc3d90,INS,0,0,,gx-no-cache=1520520615056 HTTP/1.1" 200 11791
186.79.103.20 - - [08/Mar/2018:11:49:30 -0300] "POST /cormun/servlet/trsolicitudadjuntos?f9bf174c160b9dca92ed67fe4dbe6558,2018,10139,,gx-no-cache=1520520522650 HTTP/1.1" 200 90
186.79.103.20 - - [08/Mar/2018:11:49:30 -0300] "GET /cormun/servlet/hpexe_link HTTP/1.1" 200 970
186.79.103.20 - - [08/Mar/2018:11:49:31 -0300] "GET /cormun/servlet/trsolicitudot? HTTP/1.1" 200 9227
186.79.103.20 - - [08/Mar/2018:11:49:32 -0300] "GET /cormun/servlet/trsolicitudot? HTTP/1.1" 200 9225
186.79.103.20 - - [08/Mar/2018:11:49:36 -0300] "POST /cormun/servlet/trsolicitudot?f9bf174c160b9dca92ed67fe4dbe6558,,gx-no-cache=1520520528521 HTTP/1.1" 200 5865
186.79.103.20 - - [08/Mar/2018:11:49:36 -0300] "GET /cormun/static/Shared/jqueryui/images/ui-bg_highlight-soft_100_c6c2c8_1x100.png HTTP/1.1" 404 1117
186.79.103.20 - - [08/Mar/2018:11:49:36 -0300] "GET /cormun/static/Shared/jqueryui/images/ui-icons_82798d_256x240.png HTTP/1.1" 404 1089
186.79.103.20 - - [08/Mar/2018:11:49:36 -0300] "GET /cormun/static/Shared/jqueryui/images/ui-icons_8d78a5_256x240.png HTTP/1.1" 404 1089
200.120.230.197 - - [08/Mar/2018:11:49:37 -0300] "POST /cormun/servlet/trsolicitudot?f9bf174c160b9dca92ed67fe4dbe6558,,gx-no-cache=1520520529445 HTTP/1.1" 200 5808
186.79.103.20 - - [08/Mar/2018:11:49:37 -0300] "GET /cormun/static/Shared/jqueryui/images/ui-bg_flat_55_fafafa_40x100.png HTTP/1.1" 404 1097
186.79.103.20 - - [08/Mar/2018:11:49:40 -0300] "GET /cormun/servlet/solicitudot?INS,0,0, HTTP/1.1" 200 13673
186.79.103.20 - - [08/Mar/2018:11:49:42 -0300] "GET /cormun/servlet/solicitudot?INS,0,0, HTTP/1.1" 200 13678
200.120.230.197 - - [08/Mar/2018:11:49:51 -0300] "POST /cormun/servlet/solicitudot?gx-no-cache=1520520543891 HTTP/1.1" 200 3409
200.120.230.197 - - [08/Mar/2018:11:49:51 -0300] "POST /cormun/servlet/solicitudot?f9bf174c160b9dca92ed67fe4dbe6558,INS,0,0,,gx-no-cache=1520520544207 HTTP/1.1" 200 10582
200.86.99.60 - - [08/Mar/2018:11:49:54 -0300] "GET /cormun/servlet/trsolicitudot? HTTP/1.1" 200 7369
200.86.99.60 - - [08/Mar/2018:11:49:55 -0300] "GET /cormun/servlet/trsolicitudot? HTTP/1.1" 200 7368
200.120.230.197 - - [08/Mar/2018:11:49:56 -0300] "GET /cormun/servlet/solicitudot?63d9a9840371a7be91da6b1098c2d243ba59a3babed3e38d214a7d8ae95b0ad0dcad49576177bf1395e472b29c0fa144,gx-no-cache=1520520548894 HTTP/1.1" 200 30
200.120.230.197 - - [08/Mar/2018:11:49:56 -0300] "GET /cormun/servlet/solicitudot?63d9a9840371a7be91da6b1098c2d243a73fe8da4078cb4ff768844a400f6891beb6ee62baa17abc74ea213270ab3f8d7bccc988e7613aea3ce96f7763714687,gx-no-cache=1520520549004 HTTP/1.1" 200 30
200.120.230.197 - - [08/Mar/2018:11:49:56 -0300] "GET /cormun/servlet/solicitudot?63d9a9840371a7be91da6b1098c2d2433f905a209b917dfa3d42174c3af47b55,gx-no-cache=1520520549080 HTTP/1.1" 200 53
200.120.230.197 - - [08/Mar/2018:11:49:56 -0300] "POST /cormun/servlet/solicitudot?gx-no-cache=1520520549164 HTTP/1.1" 200 255
200.120.230.197 - - [08/Mar/2018:11:49:56 -0300] "GET /cormun/servlet/solicitudot?63d9a9840371a7be91da6b1098c2d24303c62575e035e006864bbdffd0d9bac0cd3177464513ff978f8a315f61500ae8f7ac6953393a3621570861a99149e27bbd49bd2640f95de8def568c40b58e143666fced3d9e859e333b26c36dc91df26d89b69fc09da8d71f532a2a1c9effe5bed926bece99622be3d9b72f75688e7ec03fbcb76599e616da4fead3047d8477820bdb49af0429dc62788ac838ddebd97833ca513624c480dc215312a3fbd1b59a5eebf3d1d149a2b26518b963115f692c6f832f96cfa7e9e6411cc5d96dc288c97fdcaf7b4dec7435ab2d341e5b83bfca5eee7fe540e08b5cb0a7a4cfc2191f4f2d007efc456255c792bf8550e28752425b0c8947747c179155e87040b70f4db04340ae6b4ed8e9af6bc73d1ef72acf1511e3a03c3518ed61c6b109f5d66c7a10cfbdd8d3c8418de0ba75d7ab3ffe26b8cd5da77983ef0efcd52f27c1e2ca42dd2119862305b569110edeee4343d7c9a0d9982d7dfce7c94a87caef12ed32d4951db6e88bafc796e62d652f9a0681e7b,gx-no-cache=1520520549274 HTTP/1.1" 200 30
186.103.159.187 - - [08/Mar/2018:11:49:58 -0300] "GET /cormun/servlet/solicitudot?4a12d68d340a1a46d1375cb939d38a8126d15437566a07d6430dcb33d1154ba150d84b09780d8df6d2dd9618b42bfb5a,gx-no-cache=1520520645825 HTTP/1.1" 200 30
186.103.159.187 - - [08/Mar/2018:11:49:58 -0300] "POST /cormun/servlet/solicitudot?gx-no-cache=1520520645882 HTTP/1.1" 200 254
186.103.159.187 - - [08/Mar/2018:11:49:59 -0300] "GET /cormun/servlet/solicitudot?4a12d68d340a1a46d1375cb939d38a8153317c2c7fc7fb268c30e151861d5bc1e6c1a877faa6f8f23b32a6c9a83c9a6c32427d301b0272af63eecb742ba7550e7955cdbd69174696304e716a00158bdceef914ab2d578c77f278f0ffefa47613c6e6332649122030cdd66ac6a01bcfead0dee8a15c51c9cc64d1a6bd472e57a723c515f99b7ddad2f9ac08c9a9da4537744fb1897c9e7d3c55b13ab9f901b603676d35574e4e7411f11ac6a6cc2cff0a47d1cde6c785e7b68e180d6518e0cfe1be34f538b2bac9eb1e1a56c03da51c414db6c545e4e488ec69b36d0dc5e767da33d819fc119752adac7d88046c70afde8c315a81c4f6d55e2d0cf16461f64464f28c30c723953de243dd8b14a7b996e52ce376bc0b87954e8c958bc8d8b721c463ca08553efc345b8497840bd03bc34568291c8203f2769749dd50041ed5b701df16d888c698013ddb2ad1a5552e3ebd9b4fda65393d8da95bb2fa787825ee203e631841c6ad95f0b955ed36bbbebdd2834ffe1480d70f5cbb513add4aa5f598,gx-no-cache=1520520645961 HTTP/1.1" 200 30
186.103.159.187 - - [08/Mar/2018:11:49:59 -0300] "POST /cormun/servlet/solicitudot?gx-no-cache=1520520646305 HTTP/1.1" 200 30
186.103.159.187 - - [08/Mar/2018:11:49:59 -0300] "POST /cormun/servlet/solicitudot?gx-no-cache=1520520646361 HTTP/1.1" 200 1336
186.103.159.187 - - [08/Mar/2018:11:49:59 -0300] "POST /cormun/servlet/solicitudot?gx-no-cache=1520520646529 HTTP/1.1" 200 41
186.103.159.187 - - [08/Mar/2018:11:49:59 -0300] "POST /cormun/servlet/solicitudot?gx-no-cache=1520520646589 HTTP/1.1" 200 1318
186.103.159.187 - - [08/Mar/2018:11:49:59 -0300] "POST /cormun/servlet/solicitudot?gx-no-cache=1520520646678 HTTP/1.1" 200 1218
186.103.159.187 - - [08/Mar/2018:11:49:59 -0300] "GET /cormun/servlet/solicitudot?4a12d68d340a1a46d1375cb939d38a8137fd5974145ed5f6608b7b496be2bd1a88384d7c2af6449bbf76e2c1970a5601,gx-no-cache=1520520646783 HTTP/1.1" 200 30
186.103.159.187 - - [08/Mar/2018:11:49:59 -0300] "POST /cormun/servlet/solicitudot?gx-no-cache=1520520646842 HTTP/1.1" 200 30
186.103.159.187 - - [08/Mar/2018:11:50:00 -0300] "POST /cormun/servlet/solicitudot?f1483026d7c85e31792e03542acc3d90,INS,0,0,,gx-no-cache=1520520646907 HTTP/1.1" 200 11838
200.120.230.197 - - [08/Mar/2018:11:50:09 -0300] "POST /cormun/servlet/solicitudot?gx-no-cache=1520520562260 HTTP/1.1" 200 30
200.120.230.197 - - [08/Mar/2018:11:50:11 -0300] "GET /cormun/static/Resources/resize.gif HTTP/1.1" 200 77
200.120.230.197 - - [08/Mar/2018:11:50:11 -0300] "GET /cormun/servlet/prsolicitudot?17138656,,,,,MD,,gxPopupLevel%3D0%3B HTTP/1.1" 200 6429
200.120.230.197 - - [08/Mar/2018:11:50:12 -0300] "GET /cormun/static/gxcfg.js?2017111422591492 HTTP/1.1" 200 953
200.120.230.197 - - [08/Mar/2018:11:50:12 -0300] "GET /cormun/static/Resources/PXToolsMenuSearch.png HTTP/1.1" 200 2914
200.120.230.197 - - [08/Mar/2018:11:50:12 -0300] "GET /cormun/static/Resources/PXToolsMenuSearchCancel.png HTTP/1.1" 200 2972
200.120.230.197 - - [08/Mar/2018:11:50:18 -0300] "POST /cormun/servlet/solicitudot?gx-no-cache=1520520571244 HTTP/1.1" 200 1337
200.120.230.197 - - [08/Mar/2018:11:50:18 -0300] "POST /cormun/servlet/solicitudot?gx-no-cache=1520520571412 HTTP/1.1" 200 38
200.120.230.197 - - [08/Mar/2018:11:50:19 -0300] "GET /cormun/servlet/solicitudot?63d9a9840371a7be91da6b1098c2d24363432219c2da211c0da0b995aa2610f9d293ece36f614fcca3d4c24ac37d9d3767d17e84b7d70b1899b208cc6afeca4b64c3a6bf8078eb9bc3bceff62faa8ae7d26b63fb0b12943676d5de709e262c132a8583026176844ffed64a4fe75ba979a8c101c388a213265d19f9b3b3ce4e18132b077b1d7e1579db2846dd1baf0e7287c367e1558e10df81d426280891e483,gx-no-cache=1520520571525 HTTP/1.1" 200 29
200.120.230.197 - - [08/Mar/2018:11:50:19 -0300] "POST /cormun/servlet/solicitudot?gx-no-cache=1520520571603 HTTP/1.1" 200 1319
200.120.230.197 - - [08/Mar/2018:11:50:19 -0300] "POST /cormun/servlet/solicitudot?gx-no-cache=1520520571716 HTTP/1.1" 200 1219
200.120.230.197 - - [08/Mar/2018:11:50:19 -0300] "GET /cormun/servlet/solicitudot?63d9a9840371a7be91da6b1098c2d24308e205ed3db80c7e1b195b53616616bd2e07117073c3218833d809ee1c76a372,gx-no-cache=1520520571819 HTTP/1.1" 200 30
200.120.230.197 - - [08/Mar/2018:11:50:36 -0300] "GET /cormun/servlet/prsolicitudot?17138656,,,,,MD,,gxPopupLevel%3D0%3B HTTP/1.1" 200 6429
200.120.230.197 - - [08/Mar/2018:11:50:41 -0300] "POST /cormun/servlet/solicitudot?gx-no-cache=1520520594237 HTTP/1.1" 200 1337
200.120.230.197 - - [08/Mar/2018:11:50:41 -0300] "POST /cormun/servlet/solicitudot?gx-no-cache=1520520594371 HTTP/1.1" 200 41
200.120.230.197 - - [08/Mar/2018:11:50:42 -0300] "POST /cormun/servlet/solicitudot?gx-no-cache=1520520594463 HTTP/1.1" 200 1319
200.120.230.197 - - [08/Mar/2018:11:50:42 -0300] "POST /cormun/servlet/solicitudot?gx-no-cache=1520520594596 HTTP/1.1" 200 1219
200.120.230.197 - - [08/Mar/2018:11:50:42 -0300] "GET /cormun/servlet/solicitudot?63d9a9840371a7be91da6b1098c2d24308e205ed3db80c7e1b195b53616616bd2e07117073c3218833d809ee1c76a372,gx-no-cache=1520520594708 HTTP/1.1" 200 30
200.120.230.197 - - [08/Mar/2018:11:50:46 -0300] "GET /cormun/servlet/prcontratosol?17138656,,,,,MD,,gxPopupLevel%3D0%3B HTTP/1.1" 200 8184
200.120.230.197 - - [08/Mar/2018:11:50:46 -0300] "GET /cormun/static/gxcfg.js?201761413223964 HTTP/1.1" 200 953
200.120.230.197 - - [08/Mar/2018:11:50:46 -0300] "GET /cormun/static/prcontratosol.js?201761413224174 HTTP/1.1" 200 15806
192.168.10.56 - - [08/Mar/2018:11:51:36 -0300] "POST /cormun/servlet/trsolicitudgral?1edc0c2f41647112f1c97e714ddd0447,,gx-no-cache=1520520534387 HTTP/1.1" 200 24140
186.79.103.20 - - [08/Mar/2018:11:52:01 -0300] "POST /cormun/servlet/solicitudot?gx-no-cache=1520520673444 HTTP/1.1" 200 1319
186.79.103.20 - - [08/Mar/2018:11:52:01 -0300] "POST /cormun/servlet/solicitudot?gx-no-cache=1520520673752 HTTP/1.1" 200 1219
192.168.10.56 - - [08/Mar/2018:11:52:01 -0300] "POST /cormun/servlet/trsolicitudgral?1edc0c2f41647112f1c97e714ddd0447,,gx-no-cache=1520520559440 HTTP/1.1" 200 20817
186.79.103.20 - - [08/Mar/2018:11:52:01 -0300] "POST /cormun/servlet/solicitudot?gx-no-cache=1520520673978 HTTP/1.1" 200 33
200.86.99.60 - - [08/Mar/2018:11:52:02 -0300] "POST /cormun/servlet/trsolicitudot?2a49631305fc7667a39c2c8ce95faee1,,gx-no-cache=1520520672371 HTTP/1.1" 200 4501
200.86.99.60 - - [08/Mar/2018:11:52:03 -0300] "POST /cormun/servlet/trsolicitudot?2a49631305fc7667a39c2c8ce95faee1,,gx-no-cache=1520520674235 HTTP/1.1" 200 4502
186.79.103.20 - - [08/Mar/2018:11:52:12 -0300] "GET /cormun/servlet/prsolicitudot?17138656,,,,,MD,,gxPopupLevel%3D0%3B HTTP/1.1" 200 6429
200.86.99.60 - - [08/Mar/2018:11:52:15 -0300] "GET /cormun/servlet/solicitudot?INS,0,0, HTTP/1.1" 200 13605
200.86.99.60 - - [08/Mar/2018:11:52:16 -0300] "GET /cormun/servlet/solicitudot?INS,0,0, HTTP/1.1" 200 13610
186.79.103.20 - - [08/Mar/2018:11:52:22 -0300] "POST /cormun/servlet/solicitudot?f9bf174c160b9dca92ed67fe4dbe6558,INS,0,0,,gx-no-cache=1520520693930 HTTP/1.1" 200 93
186.79.103.20 - - [08/Mar/2018:11:52:22 -0300] "GET /cormun/servlet/hpexe_return? HTTP/1.1" 200 1006
200.72.197.82 - - [08/Mar/2018:11:52:22 -0300] "GET /cormun/servlet/solicitudot?26d8313ebf090bdd3d9483a5a982cdf5e0ce9d26a25c00c384d6cfc454f2014b69e98075929c5884b2d22c9bab2e6fb77f411917803385ad9e8d59a52cfc1718,gx-no-cache=1520520691126 HTTP/1.1" 200 30
192.168.10.56 - - [08/Mar/2018:11:52:22 -0300] "POST /cormun/servlet/trsolicitudgral?1edc0c2f41647112f1c97e714ddd0447,,gx-no-cache=1520520580840 HTTP/1.1" 200 7309
186.79.103.20 - - [08/Mar/2018:11:52:22 -0300] "GET /cormun/servlet/trsolicitudot? HTTP/1.1" 200 9330
200.72.197.82 - - [08/Mar/2018:11:52:22 -0300] "POST /cormun/servlet/solicitudot?gx-no-cache=1520520692014 HTTP/1.1" 200 297
200.72.197.82 - - [08/Mar/2018:11:52:22 -0300] "GET /cormun/servlet/solicitudot?26d8313ebf090bdd3d9483a5a982cdf5210a81e1427a20ec76416433144446c6a75289d160a9182215191fd6eec0412a988d113af5dfb5f978e809090c3305979e803dbeadab643b190bfb0b71892234eccfae3b8ae72f3142b3bb3b75c335703a12c4871f56e0ca8aa5b48a29d67c6df95100dd9aac172b96298411dc167863d08a1fa020da9d3f75e4f82677e5ea9cc49159af437b5aa42a981f570a8ea445d37471a2ce20d0f4b215e97179fbf7abcc2dafdb74bad6bb5afda8325666dc9a5675c95bc8519fd2e0241b9368dc68310537f2f7d4ec01698ff38970c333d55559e08e837dc2ebacb45547355a0865bae23e2fd9d4786b0b8f673eae270eb56eb09306d1f8b561175f3bcb5e404a33272edcd39a0137b5ad2b4424618417307fba33afe26af838f472a6ae670b4dac53199295f16e23bfacf1480f278f52316b0770368d07ea10bf789db7233db55e9121f9e1b1ff67b45c1e880db1f3b48ef3a90539cd6787a6c30c0a762154636a02b2ae160bdbed56e8c1d6ca0e93a93b443813923a395cc4a7037238b6cff41124,gx-no-cache=1520520692151 HTTP/1.1" 200 30
200.72.197.82 - - [08/Mar/2018:11:52:23 -0300] "POST /cormun/servlet/solicitudot?gx-no-cache=1520520692316 HTTP/1.1" 200 30
200.72.197.82 - - [08/Mar/2018:11:52:23 -0300] "POST /cormun/servlet/solicitudot?gx-no-cache=1520520692550 HTTP/1.1" 200 1337
200.72.197.82 - - [08/Mar/2018:11:52:23 -0300] "POST /cormun/servlet/solicitudot?gx-no-cache=1520520692693 HTTP/1.1" 200 41
186.79.103.20 - - [08/Mar/2018:11:52:23 -0300] "GET /cormun/servlet/trsolicitudot? HTTP/1.1" 200 9326
186.79.103.20 - - [08/Mar/2018:11:52:32 -0300] "GET /cormun/servlet/solicitudot?INS,0,0, HTTP/1.1" 200 13673
186.79.103.20 - - [08/Mar/2018:11:52:33 -0300] "GET /cormun/servlet/solicitudot?INS,0,0, HTTP/1.1" 200 13678
186.103.159.187 - - [08/Mar/2018:11:52:39 -0300] "POST /cormun/servlet/solicitudot?f1483026d7c85e31792e03542acc3d90,INS,0,0,,gx-no-cache=1520520805661 HTTP/1.1" 200 93
186.103.159.187 - - [08/Mar/2018:11:52:39 -0300] "GET /cormun/servlet/hpexe_return? HTTP/1.1" 200 1004
186.103.159.187 - - [08/Mar/2018:11:52:39 -0300] "GET /cormun/servlet/trsolicitudot HTTP/1.1" 200 7137
186.103.159.187 - - [08/Mar/2018:11:52:40 -0300] "GET /cormun/servlet/trsolicitudot HTTP/1.1" 200 7134
200.86.99.60 - - [08/Mar/2018:11:52:45 -0300] "POST /cormun/servlet/solicitudot?gx-no-cache=1520520716135 HTTP/1.1" 200 3293
200.86.99.60 - - [08/Mar/2018:11:52:45 -0300] "POST /cormun/servlet/solicitudot?2a49631305fc7667a39c2c8ce95faee1,INS,0,0,,gx-no-cache=1520520716419 HTTP/1.1" 200 10446
200.86.99.60 - - [08/Mar/2018:11:52:46 -0300] "GET /cormun/servlet/solicitudot?76d28c5fcb7957766d2380f15f2762551310bb6eaf6b0125a00206796fe54f418dcb779581dec5b72a4c0eb84be40ced,gx-no-cache=1520520716740 HTTP/1.1" 200 111
200.86.99.60 - - [08/Mar/2018:11:52:46 -0300] "GET /cormun/static/Shared/jqueryui/images/ui-bg_highlight-soft_100_c6c2c8_1x100.png HTTP/1.1" 404 1117
200.86.99.60 - - [08/Mar/2018:11:52:46 -0300] "GET /cormun/static/Shared/jqueryui/images/ui-icons_82798d_256x240.png HTTP/1.1" 404 1089
200.86.99.60 - - [08/Mar/2018:11:52:46 -0300] "GET /cormun/static/Shared/jqueryui/images/ui-bg_flat_55_994d53_40x100.png HTTP/1.1" 404 1097
200.86.99.60 - - [08/Mar/2018:11:52:46 -0300] "GET /cormun/static/Shared/jqueryui/images/ui-icons_ebccce_256x240.png HTTP/1.1" 404 1089
192.168.10.56 - - [08/Mar/2018:11:52:48 -0300] "GET /cormun/servlet/vesolicitudgral?2018,8726,, HTTP/1.1" 200 9058
192.168.10.56 - - [08/Mar/2018:11:52:48 -0300] "GET /cormun/pexe_scrolldiv.js HTTP/1.1" 404 1009
192.168.10.56 - - [08/Mar/2018:11:52:48 -0300] "GET /cormun/pexe_scrolldiv.js HTTP/1.1" 404 1009
192.168.10.56 - - [08/Mar/2018:11:52:48 -0300] "GET /cormun/servlet/vesolicitudgral?2018,8726,, HTTP/1.1" 200 9058
200.72.197.82 - - [08/Mar/2018:11:52:48 -0300] "POST /cormun/servlet/solicitudot?gx-no-cache=1520520718097 HTTP/1.1" 200 1319
200.72.197.82 - - [08/Mar/2018:11:52:49 -0300] "POST /cormun/servlet/solicitudot?gx-no-cache=1520520718326 HTTP/1.1" 200 1218
200.72.197.82 - - [08/Mar/2018:11:52:49 -0300] "GET /cormun/static/menuarrow.gif HTTP/1.1" 404 1015
192.168.10.56 - - [08/Mar/2018:11:52:50 -0300] "GET /cormun/servlet/vesolicitudgral?2018,8726,,SolicitudOTLog HTTP/1.1" 200 9742
192.168.10.56 - - [08/Mar/2018:11:52:50 -0300] "GET /cormun/pexe_scrolldiv.js HTTP/1.1" 404 1009
192.168.10.56 - - [08/Mar/2018:11:52:50 -0300] "GET /cormun/pexe_scrolldiv.js HTTP/1.1" 404 1009
192.168.10.56 - - [08/Mar/2018:11:52:50 -0300] "GET /cormun/servlet/vesolicitudgral?2018,8726,,SolicitudOTLog HTTP/1.1" 200 9742
200.72.197.82 - - [08/Mar/2018:11:52:51 -0300] "POST /cormun/servlet/solicitudot?gx-no-cache=1520520719747 HTTP/1.1" 200 1319
192.168.10.56 - - [08/Mar/2018:11:52:51 -0300] "POST /cormun/servlet/acontrolpreferencessavestate?None,OVARGAS,true HTTP/1.1" 200 35
200.72.197.82 - - [08/Mar/2018:11:52:51 -0300] "POST /cormun/servlet/solicitudot?gx-no-cache=1520520720540 HTTP/1.1" 200 1218
186.79.103.20 - - [08/Mar/2018:11:52:52 -0300] "POST /cormun/servlet/solicitudot?gx-no-cache=1520520723911 HTTP/1.1" 200 3417
186.79.103.20 - - [08/Mar/2018:11:52:52 -0300] "POST /cormun/servlet/solicitudot?f9bf174c160b9dca92ed67fe4dbe6558,INS,0,0,,gx-no-cache=1520520724935 HTTP/1.1" 200 10589
186.79.103.20 - - [08/Mar/2018:11:52:56 -0300] "GET /cormun/servlet/solicitudot?63d9a9840371a7be91da6b1098c2d243a71a31f1910c756f969355a8240674b5dcad49576177bf1395e472b29c0fa144,gx-no-cache=1520520729332 HTTP/1.1" 200 30
186.79.103.20 - - [08/Mar/2018:11:52:57 -0300] "GET /cormun/servlet/solicitudot?63d9a9840371a7be91da6b1098c2d2437052c19aadb88f8d823edff45ebcbe868549f5a9fed6a0039c43f31b81a26ec57bccc988e7613aea3ce96f7763714687,gx-no-cache=1520520729506 HTTP/1.1" 200 30
186.79.103.20 - - [08/Mar/2018:11:52:57 -0300] "GET /cormun/servlet/solicitudot?63d9a9840371a7be91da6b1098c2d2434cca3de7d82a4ab09c9cee64b9877918,gx-no-cache=1520520729640 HTTP/1.1" 200 45
186.79.103.20 - - [08/Mar/2018:11:52:57 -0300] "POST /cormun/servlet/solicitudot?gx-no-cache=1520520729834 HTTP/1.1" 200 255
186.79.103.20 - - [08/Mar/2018:11:52:57 -0300] "GET /cormun/servlet/solicitudot?63d9a9840371a7be91da6b1098c2d24303c62575e035e006864bbdffd0d9bac0cd3177464513ff978f8a315f61500ae8f7ac6953393a3621570861a99149e27bbd49bd2640f95de8def568c40b58e143666fced3d9e859e333b26c36dc91df26d89b69fc09da8d71f532a2a1c9effe5bed926bece99622be3d9b72f75688e7ec03fbcb76599e616da4fead3047d8477820bdb49af0429dc62788ac838ddebd97833ca513624c480dc215312a3fbd1b59a5eebf3d1d149a2b26518b963115f692c6f832f96cfa7e9e6411cc5d96dc288c97fdcaf7b4dec7435ab2d341e5b83bfca5eee7fe540e08b5cb0a7a4cfc2191f4f2d007efc456255c792bf8550e28752425b0c8947747c179155e87040b70f4db04340ae6b4ed8e9af6bc73d1ef72acf1511e3a03c3518ed61c6b109f5d66c7a10cfbdd8d3c8418de0ba75d7ab3ffe26b8cd5da77983ef0efcd52f27c1e2ca42dd2119862305b569110edeee4343d7c9a0d9982d7dfce7c94a87caef12ed32d4951db6e88bafc796e62d652f9a0681e7b,gx-no-cache=1520520729962 HTTP/1.1" 200 30
186.79.103.20 - - [08/Mar/2018:11:52:59 -0300] "POST /cormun/servlet/solicitudot?gx-no-cache=1520520731649 HTTP/1.1" 200 30
186.79.103.20 - - [08/Mar/2018:11:53:00 -0300] "GET /cormun/servlet/prsolicitudot?17399914,,,,,MD,,gxPopupLevel%3D0%3B HTTP/1.1" 200 6460
186.79.103.20 - - [08/Mar/2018:11:53:03 -0300] "POST /cormun/servlet/solicitudot?gx-no-cache=1520520736116 HTTP/1.1" 200 1337
186.79.103.20 - - [08/Mar/2018:11:53:03 -0300] "POST /cormun/servlet/solicitudot?gx-no-cache=1520520736313 HTTP/1.1" 200 38
186.79.103.20 - - [08/Mar/2018:11:53:04 -0300] "GET /cormun/servlet/solicitudot?63d9a9840371a7be91da6b1098c2d24363432219c2da211c0da0b995aa2610f9d293ece36f614fcca3d4c24ac37d9d3767d17e84b7d70b1899b208cc6afeca4b64c3a6bf8078eb9bc3bceff62faa8ae7d26b63fb0b12943676d5de709e262c132a8583026176844ffed64a4fe75ba979a8c101c388a213265d19f9b3b3ce4e18132b077b1d7e1579db2846dd1baf0e7287c367e1558e10df81d426280891e483,gx-no-cache=1520520736548 HTTP/1.1" 200 29
186.79.103.20 - - [08/Mar/2018:11:53:04 -0300] "POST /cormun/servlet/solicitudot?gx-no-cache=1520520736669 HTTP/1.1" 200 1319
186.79.103.20 - - [08/Mar/2018:11:53:04 -0300] "POST /cormun/servlet/solicitudot?gx-no-cache=1520520736904 HTTP/1.1" 200 1219
200.86.99.60 - - [08/Mar/2018:11:53:05 -0300] "GET /cormun/servlet/solicitudot?76d28c5fcb7957766d2380f15f276255090b4ee91f21a9f0cea7920bcf63ba1c90ef26a162a9d399f0cd48453123d42c,gx-no-cache=1520520735570 HTTP/1.1" 200 30
186.79.103.20 - - [08/Mar/2018:11:53:05 -0300] "GET /cormun/servlet/solicitudot?63d9a9840371a7be91da6b1098c2d24308e205ed3db80c7e1b195b53616616bd2e07117073c3218833d809ee1c76a372,gx-no-cache=1520520737572 HTTP/1.1" 200 30
200.72.197.82 - - [08/Mar/2018:11:53:08 -0300] "GET /cormun/servlet/solicitudot?26d8313ebf090bdd3d9483a5a982cdf501307b95163ae3b6d088769bad6c6d8e97818bd54941714c37ce9c08344c16da,gx-no-cache=1520520737853 HTTP/1.1" 200 30
186.79.103.20 - - [08/Mar/2018:11:53:11 -0300] "POST /cormun/servlet/solicitudot?gx-no-cache=1520520743793 HTTP/1.1" 200 1319
186.79.103.20 - - [08/Mar/2018:11:53:11 -0300] "POST /cormun/servlet/solicitudot?gx-no-cache=1520520744059 HTTP/1.1" 200 1219
186.79.103.20 - - [08/Mar/2018:11:53:11 -0300] "POST /cormun/servlet/solicitudot?gx-no-cache=1520520744295 HTTP/1.1" 200 33
192.168.10.56 - - [08/Mar/2018:11:53:13 -0300] "GET /cormun/servlet/vesolicitudgral?2018,8726,,General HTTP/1.1" 200 9062
192.168.10.56 - - [08/Mar/2018:11:53:13 -0300] "GET /cormun/pexe_scrolldiv.js HTTP/1.1" 404 1009
192.168.10.56 - - [08/Mar/2018:11:53:13 -0300] "GET /cormun/pexe_scrolldiv.js HTTP/1.1" 404 1009
192.168.10.56 - - [08/Mar/2018:11:53:13 -0300] "GET /cormun/servlet/vesolicitudgral?2018,8726,,General HTTP/1.1" 200 9062
192.168.10.56 - - [08/Mar/2018:11:53:15 -0300] "POST /cormun/servlet/vesolicitudgral?1edc0c2f41647112f1c97e714ddd0447,2018,8726,,General,gx-no-cache=1520520633695 HTTP/1.1" 200 93
192.168.10.56 - - [08/Mar/2018:11:53:15 -0300] "GET /cormun/servlet/hpexe_return? HTTP/1.1" 200 1016
192.168.10.56 - - [08/Mar/2018:11:53:15 -0300] "GET /cormun/servlet/trsolicitudgral? HTTP/1.1" 200 10384
192.168.10.56 - - [08/Mar/2018:11:53:15 -0300] "GET /cormun/servlet/trsolicitudgral? HTTP/1.1" 200 10380
186.79.103.20 - - [08/Mar/2018:11:53:24 -0300] "POST /cormun/servlet/solicitudot?f9bf174c160b9dca92ed67fe4dbe6558,INS,0,0,,gx-no-cache=1520520756413 HTTP/1.1" 200 93
186.79.103.20 - - [08/Mar/2018:11:53:24 -0300] "GET /cormun/servlet/hpexe_return? HTTP/1.1" 200 1006
186.79.103.20 - - [08/Mar/2018:11:53:25 -0300] "GET /cormun/servlet/trsolicitudot HTTP/1.1" 200 9676
186.79.103.20 - - [08/Mar/2018:11:53:26 -0300] "GET /cormun/servlet/trsolicitudot HTTP/1.1" 200 9672
192.168.10.56 - - [08/Mar/2018:11:53:28 -0300] "GET /cormun/servlet/vesolicitudgral?2018,8726,, HTTP/1.1" 200 9058
192.168.10.56 - - [08/Mar/2018:11:53:28 -0300] "GET /cormun/pexe_scrolldiv.js HTTP/1.1" 404 1009
192.168.10.56 - - [08/Mar/2018:11:53:28 -0300] "GET /cormun/pexe_scrolldiv.js HTTP/1.1" 404 1009
192.168.10.56 - - [08/Mar/2018:11:53:28 -0300] "GET /cormun/servlet/vesolicitudgral?2018,8726,, HTTP/1.1" 200 9058
186.79.103.20 - - [08/Mar/2018:11:53:31 -0300] "GET /cormun/servlet/solicitudot?INS,0,0, HTTP/1.1" 200 13671
186.103.132.155 - - [08/Mar/2018:11:53:31 -0300] "POST /cormun/servlet/solicitudot?gx-no-cache=1520520760921 HTTP/1.1" 200 33
186.79.103.20 - - [08/Mar/2018:11:53:32 -0300] "GET /cormun/servlet/solicitudot?INS,0,0, HTTP/1.1" 200 13676
192.168.10.56 - - [08/Mar/2018:11:53:34 -0300] "GET /cormun/servlet/vesolicitudgral?2018,8726,,SolicitudOTAdjuntos HTTP/1.1" 200 7733
192.168.10.56 - - [08/Mar/2018:11:53:34 -0300] "GET /cormun/pexe_scrolldiv.js HTTP/1.1" 404 1009
192.168.10.56 - - [08/Mar/2018:11:53:34 -0300] "GET /cormun/pexe_scrolldiv.js HTTP/1.1" 404 1009
192.168.10.56 - - [08/Mar/2018:11:53:35 -0300] "GET /cormun/servlet/vesolicitudgral?2018,8726,,SolicitudOTAdjuntos HTTP/1.1" 200 7734
192.168.10.56 - - [08/Mar/2018:11:53:35 -0300] "POST /cormun/servlet/acontrolpreferencessavestate?None,OVARGAS,true HTTP/1.1" 200 35
192.168.10.56 - - [08/Mar/2018:11:53:37 -0300] "GET /cormun/servlet/vesolicitudgral?2018,8726,,General HTTP/1.1" 200 9062
192.168.10.56 - - [08/Mar/2018:11:53:37 -0300] "GET /cormun/pexe_scrolldiv.js HTTP/1.1" 404 1009
192.168.10.56 - - [08/Mar/2018:11:53:37 -0300] "GET /cormun/pexe_scrolldiv.js HTTP/1.1" 404 1009
192.168.10.56 - - [08/Mar/2018:11:53:37 -0300] "GET /cormun/servlet/vesolicitudgral?2018,8726,,General HTTP/1.1" 200 9062
186.103.132.155 - - [08/Mar/2018:11:53:50 -0300] "POST /cormun/servlet/solicitudot?bdb75b6183035ae83a13bc79b35ac166,INS,0,0,,gx-no-cache=1520520779736 HTTP/1.1" 200 12048
186.79.103.20 - - [08/Mar/2018:11:53:51 -0300] "POST /cormun/servlet/solicitudot?gx-no-cache=1520520784012 HTTP/1.1" 200 3400
186.79.103.20 - - [08/Mar/2018:11:53:53 -0300] "POST /cormun/servlet/solicitudot?f9bf174c160b9dca92ed67fe4dbe6558,INS,0,0,,gx-no-cache=1520520785177 HTTP/1.1" 200 10563
192.168.10.56 - - [08/Mar/2018:11:53:54 -0300] "POST /cormun/servlet/vesolicitudgral?1edc0c2f41647112f1c97e714ddd0447,2018,8726,,General,gx-no-cache=1520520673142 HTTP/1.1" 200 93
192.168.10.56 - - [08/Mar/2018:11:53:54 -0300] "GET /cormun/servlet/hpexe_return? HTTP/1.1" 200 1015
192.168.10.56 - - [08/Mar/2018:11:53:54 -0300] "GET /cormun/servlet/trsolicitudgral HTTP/1.1" 200 10384
192.168.10.56 - - [08/Mar/2018:11:53:55 -0300] "GET /cormun/servlet/trsolicitudgral HTTP/1.1" 200 10380
186.79.103.20 - - [08/Mar/2018:11:53:55 -0300] "GET /cormun/servlet/solicitudot?63d9a9840371a7be91da6b1098c2d24341b57d0e1a4f7f515c727e91bcce26a5dcad49576177bf1395e472b29c0fa144,gx-no-cache=1520520787756 HTTP/1.1" 200 30
186.79.103.20 - - [08/Mar/2018:11:53:55 -0300] "GET /cormun/servlet/solicitudot?63d9a9840371a7be91da6b1098c2d2439942af7e98919043ad0ee9264038a0f05dc5af104bea4c65ed12d91cd610c473dcad49576177bf1395e472b29c0fa144,gx-no-cache=1520520787903 HTTP/1.1" 200 30
186.79.103.20 - - [08/Mar/2018:11:53:55 -0300] "GET /cormun/servlet/solicitudot?63d9a9840371a7be91da6b1098c2d243e4e45662b2b3b51f1756cb2716219ace,gx-no-cache=1520520788004 HTTP/1.1" 200 51
186.79.103.20 - - [08/Mar/2018:11:53:55 -0300] "POST /cormun/servlet/solicitudot?gx-no-cache=1520520788131 HTTP/1.1" 200 255
186.79.103.20 - - [08/Mar/2018:11:53:55 -0300] "GET /cormun/servlet/solicitudot?63d9a9840371a7be91da6b1098c2d24303c62575e035e006864bbdffd0d9bac0cd3177464513ff978f8a315f61500ae8f7ac6953393a3621570861a99149e27bbd49bd2640f95de8def568c40b58e143666fced3d9e859e333b26c36dc91df26d89b69fc09da8d71f532a2a1c9effe5bed926bece99622be3d9b72f75688e7ec03fbcb76599e616da4fead3047d8477820bdb49af0429dc62788ac838ddebd97833ca513624c480dc215312a3fbd1b59a5eebf3d1d149a2b26518b963115f692c6f832f96cfa7e9e6411cc5d96dc288c97fdcaf7b4dec7435ab2d341e5b83bfca5eee7fe540e08b5cb0a7a4cfc2191f4f2d007efc456255c792bf8550e28752425b0c8947747c179155e87040b70f4db04340ae6b4ed8e9af6bc73d1ef72acf1511e3a03c3518ed61c6b109f5d66c7a10cfbdd8d3c8418de0ba75d7ab3ffe26b8cd5da77983ef0efcd52f27c1e2ca42dd2119862305b569110edeee4343d7c9a0d9982d7dfce7c94a87caef12ed32d4951db6e88bafc796e62d652f9a0681e7b,gx-no-cache=1520520788296 HTTP/1.1" 200 30
186.79.103.20 - - [08/Mar/2018:11:53:57 -0300] "POST /cormun/servlet/solicitudot?gx-no-cache=1520520790117 HTTP/1.1" 200 30
186.79.103.20 - - [08/Mar/2018:11:53:58 -0300] "GET /cormun/servlet/prsolicitudot?17107585,,,,,MD,,gxPopupLevel%3D0%3B HTTP/1.1" 200 6468
186.79.103.20 - - [08/Mar/2018:11:54:02 -0300] "POST /cormun/servlet/solicitudot?gx-no-cache=1520520794588 HTTP/1.1" 200 1337
186.79.103.20 - - [08/Mar/2018:11:54:02 -0300] "POST /cormun/servlet/solicitudot?gx-no-cache=1520520794811 HTTP/1.1" 200 38
