186.103.157.246 - - [08/Mar/2018:16:49:29 -0300] "GET /cormun/static/calendar.js?85251 HTTP/1.1" 304 -
186.103.157.246 - - [08/Mar/2018:16:49:29 -0300] "GET /cormun/static/calendar-setup.js?85251 HTTP/1.1" 304 -
186.103.157.246 - - [08/Mar/2018:16:49:30 -0300] "GET /cormun/static/Resources/PXTools/calendar.png HTTP/1.1" 304 -
186.103.157.246 - - [08/Mar/2018:16:49:30 -0300] "GET /cormun/static/Resources/PXToolsDataSearch.png HTTP/1.1" 304 -
186.103.157.246 - - [08/Mar/2018:16:49:30 -0300] "GET /cormun/static/Resources/PXToolsGridFirstDisabled.gif HTTP/1.1" 304 -
186.103.157.246 - - [08/Mar/2018:16:49:30 -0300] "GET /cormun/static/Resources/PXToolsGridLastDisabled.gif HTTP/1.1" 304 -
186.103.157.246 - - [08/Mar/2018:16:49:30 -0300] "GET /cormun/static/Resources/PXToolsGridPreviousDisabled.gif HTTP/1.1" 304 -
186.103.157.246 - - [08/Mar/2018:16:49:30 -0300] "GET /cormun/static/Resources/PXToolsActionExcel.png HTTP/1.1" 304 -
186.103.157.246 - - [08/Mar/2018:16:49:30 -0300] "GET /cormun/static/Resources/PXToolsGridPage.gif HTTP/1.1" 304 -
186.103.157.246 - - [08/Mar/2018:16:49:30 -0300] "GET /cormun/static/Resources/PXToolsGridNew.png HTTP/1.1" 304 -
186.103.157.246 - - [08/Mar/2018:16:49:30 -0300] "GET /cormun/static/gxdec.js?85251 HTTP/1.1" 304 -
186.103.157.246 - - [08/Mar/2018:16:49:30 -0300] "GET /cormun/static/Resources/PXToolsGridNextDisabled.gif HTTP/1.1" 304 -
186.103.157.246 - - [08/Mar/2018:16:49:30 -0300] "GET /cormun/static/trsolicitudot.js?201711142259839 HTTP/1.1" 304 -
186.103.157.246 - - [08/Mar/2018:16:49:30 -0300] "GET /cormun/static/Resources/desc.gif HTTP/1.1" 304 -
186.103.157.246 - - [08/Mar/2018:16:49:30 -0300] "GET /cormun/static/Resources/asc.gif HTTP/1.1" 304 -
186.103.157.246 - - [08/Mar/2018:16:49:30 -0300] "GET /cormun//static/Resources/PXToolsGridDelete.png HTTP/1.1" 304 -
186.103.157.246 - - [08/Mar/2018:16:49:30 -0300] "GET /cormun//static/Resources/PXToolsGridUpdate.png HTTP/1.1" 304 -
186.103.157.246 - - [08/Mar/2018:16:49:30 -0300] "GET /cormun//static/Resources/PXToolsRemoveAllAction.png HTTP/1.1" 304 -
186.103.157.246 - - [08/Mar/2018:16:49:30 -0300] "GET /cormun//static/Resources/PXToolsActionView.png HTTP/1.1" 304 -
186.103.157.246 - - [08/Mar/2018:16:49:30 -0300] "GET /cormun//static/Resources/PXTools/ActionInsert.png HTTP/1.1" 304 -
186.103.157.246 - - [08/Mar/2018:16:49:30 -0300] "GET /cormun/static/Shared/ext/resources/themes/images/default/tools/tool-sprites.gif HTTP/1.1" 304 -
186.103.157.246 - - [08/Mar/2018:16:49:30 -0300] "GET /cormun/static/Shared/ext/resources/themes/images/default/tip/tip-sides.gif HTTP/1.1" 304 -
186.103.157.246 - - [08/Mar/2018:16:49:30 -0300] "GET /cormun/static/Shared/ext/resources/themes/images/default/tip/tip-corners.gif HTTP/1.1" 304 -
186.79.229.37 - - [08/Mar/2018:16:49:30 -0300] "POST /cormun/servlet/trsolicitudot?57990e6aef369e2affe97cad25cfd069,,gx-no-cache=1520538523165 HTTP/1.1" 200 106
186.79.229.37 - - [08/Mar/2018:16:49:30 -0300] "GET /cormun/servlet/trsolicitudadjuntos?2018,10310, HTTP/1.1" 200 6023
186.103.157.246 - - [08/Mar/2018:16:49:31 -0300] "GET /cormun/static/Shared/ext/resources/themes/images/default/panel/bg-headersPanel.png HTTP/1.1" 304 -
186.79.229.37 - - [08/Mar/2018:16:49:31 -0300] "GET /cormun/servlet/trsolicitudadjuntos?2018,10310, HTTP/1.1" 200 6023
186.79.229.37 - - [08/Mar/2018:16:49:37 -0300] "GET /cormun/servlet/solicitudotadjuntos?INS,2018,10310,,1, HTTP/1.1" 200 5972
186.79.229.37 - - [08/Mar/2018:16:49:37 -0300] "GET /cormun/static/about:blank HTTP/1.1" 404 1011
186.79.229.37 - - [08/Mar/2018:16:49:37 -0300] "GET /cormun/servlet/solicitudotadjuntos?INS,2018,10310,,1, HTTP/1.1" 200 5965
186.79.229.37 - - [08/Mar/2018:16:49:38 -0300] "GET /cormun/servlet/solicitudotadjuntos?a2e71c4e1a8ffa0db849af2ead24ece34fa29a8d9cbeb4c5a29c9ee44125204515213afe0677c60293a23248a77449b5,gx-no-cache=1520538531005 HTTP/1.1" 200 30
186.79.229.37 - - [08/Mar/2018:16:49:40 -0300] "POST /cormun/servlet/solicitudotadjuntos?57990e6aef369e2affe97cad25cfd069,INS,2018,10310,,1,,gx-no-cache=1520538531446 HTTP/1.1" 200 3824
186.79.229.37 - - [08/Mar/2018:16:49:42 -0300] "POST /cormun/servlet/solicitudotadjuntos?gx-no-cache=1520538535176 HTTP/1.1" 200 26
186.103.157.246 - - [08/Mar/2018:16:49:45 -0300] "GET /cormun/servlet/solicitudot?INS,0,0, HTTP/1.1" 200 13329
186.103.157.246 - - [08/Mar/2018:16:49:45 -0300] "GET /cormun/static/gxcfg.js?201812313224582 HTTP/1.1" 304 -
186.103.157.246 - - [08/Mar/2018:16:49:45 -0300] "GET /cormun/static/Resources/prompt.gif HTTP/1.1" 304 -
186.103.157.246 - - [08/Mar/2018:16:49:45 -0300] "GET /cormun/static/solicitudot.js?201812313224831 HTTP/1.1" 304 -
186.103.157.246 - - [08/Mar/2018:16:49:49 -0300] "GET /cormun/static/Resources/resize.gif HTTP/1.1" 304 -
186.103.157.246 - - [08/Mar/2018:16:49:50 -0300] "GET /cormun/servlet/prfichaempleado?,MD,,gxPopupLevel%3D0%3B HTTP/1.1" 200 9196
186.103.157.246 - - [08/Mar/2018:16:49:50 -0300] "GET /cormun/static/gxui/gxui-all.css?110300 HTTP/1.1" 304 -
186.103.157.246 - - [08/Mar/2018:16:49:50 -0300] "GET /cormun/static/gxcfg.js?20177612134814 HTTP/1.1" 304 -
186.103.157.246 - - [08/Mar/2018:16:49:50 -0300] "GET /cormun/static/Shared/ext/resources/css/ext-all.css?205870 HTTP/1.1" 304 -
186.103.157.246 - - [08/Mar/2018:16:49:51 -0300] "GET /cormun/static/Resources/PXToolsMenuSearchCancel.png HTTP/1.1" 304 -
186.103.157.246 - - [08/Mar/2018:16:49:51 -0300] "GET /cormun/static/Resources/PXToolsMenuSearch.png HTTP/1.1" 304 -
186.103.157.246 - - [08/Mar/2018:16:49:51 -0300] "GET /cormun/static/menusearch.js?201610171694467 HTTP/1.1" 304 -
186.103.157.246 - - [08/Mar/2018:16:49:51 -0300] "GET /cormun/static/hmpwkw011.js?20177612121862 HTTP/1.1" 304 -
186.103.157.246 - - [08/Mar/2018:16:49:51 -0300] "GET /cormun/static/prfichaempleado.js?20177612134999 HTTP/1.1" 304 -
186.103.157.246 - - [08/Mar/2018:16:50:07 -0300] "POST /cormun/servlet/prfichaempleado?fcbc8f8e118a50ef638018c5744288a6,,MD,,gxPopupLevel%3D0%3B,gx-no-cache=1520538556673 HTTP/1.1" 200 3386
186.103.157.246 - - [08/Mar/2018:16:50:10 -0300] "GET /cormun/servlet/solicitudot?85222a8333612d99fddf0dd68245698aeba75b928b37d4579e881efb43171036,gx-no-cache=1520538560050 HTTP/1.1" 200 20
186.103.157.246 - - [08/Mar/2018:16:50:13 -0300] "POST /cormun/servlet/solicitudot?gx-no-cache=1520538562100 HTTP/1.1" 200 3409
186.103.157.246 - - [08/Mar/2018:16:50:14 -0300] "POST /cormun/servlet/solicitudot?fcbc8f8e118a50ef638018c5744288a6,INS,0,0,,gx-no-cache=1520538563096 HTTP/1.1" 200 10378
186.103.157.246 - - [08/Mar/2018:16:50:14 -0300] "GET /cormun/servlet/solicitudot?cbe8921e100855d49693aaba0c944492de4af651f564f5a7d2edc6279f174f7caef6a40be18b024ff82be1dc7f63a2b4,gx-no-cache=1520538563902 HTTP/1.1" 200 30
186.103.159.182 - - [08/Mar/2018:16:50:15 -0300] "GET /cormun/servlet/solicitudotadjuntos?3f35e73da4e09f65eea9f6a7b6671572d94f32ccdce157884ed1d52260e50401,gx-no-cache=1520538514249 HTTP/1.1" 200 30
186.103.159.182 - - [08/Mar/2018:16:50:15 -0300] "GET /cormun/servlet/solicitudotadjuntos?3f35e73da4e09f65eea9f6a7b6671572d94f32ccdce157884ed1d52260e50401,gx-no-cache=1520538514283 HTTP/1.1" 200 30
186.103.159.182 - - [08/Mar/2018:16:50:17 -0300] "POST /cormun/servlet/solicitudotadjuntos?6d49dfe72b2b805448dedd11a6e0e1f9,INS,2018,10309,,1, HTTP/1.1" 200 116
186.103.159.182 - - [08/Mar/2018:16:50:17 -0300] "GET /cormun/servlet/hpexe_return? HTTP/1.1" 200 1028
186.103.159.182 - - [08/Mar/2018:16:50:17 -0300] "GET /cormun/servlet/trsolicitudadjuntos?2018,10309, HTTP/1.1" 200 8771
186.103.159.182 - - [08/Mar/2018:16:50:18 -0300] "GET /cormun/servlet/trsolicitudadjuntos?2018,10309, HTTP/1.1" 200 8769
186.103.159.182 - - [08/Mar/2018:16:50:21 -0300] "GET /cormun/servlet/solicitudotadjuntos?INS,2018,10309,,1, HTTP/1.1" 200 6301
186.103.157.246 - - [08/Mar/2018:16:50:22 -0300] "GET /cormun/servlet/solicitudot?cbe8921e100855d49693aaba0c944492872484c029504fbeb25d94f37f257a1d474f69b5cc249e402bab91bc7eaaa9d6af55912caaf4ee9ee13b3e1d1b5ccdce,gx-no-cache=1520538568786 HTTP/1.1" 200 30
186.103.157.246 - - [08/Mar/2018:16:50:22 -0300] "GET /cormun/servlet/solicitudot?cbe8921e100855d49693aaba0c944492f8beada8c390be107e9a0068198f3cf9,gx-no-cache=1520538571599 HTTP/1.1" 200 51
186.103.157.246 - - [08/Mar/2018:16:50:22 -0300] "POST /cormun/servlet/solicitudot?gx-no-cache=1520538571701 HTTP/1.1" 200 255
186.103.159.182 - - [08/Mar/2018:16:50:22 -0300] "GET /cormun/static/about:blank HTTP/1.1" 404 1011
186.103.157.246 - - [08/Mar/2018:16:50:22 -0300] "GET /cormun/servlet/solicitudot?cbe8921e100855d49693aaba0c944492fcd956eff0829a654b4626a9333c9ea4d62ae1893937637e3c12d0369f685b45a0f57329233afd6812d60db568f2da2a36fc3daef9cc246cf43d5b710cbf51fefa4ba941f8dd77773317eed28279e2aa4f298256af5ead69d4a9a7218e5c9e31f8432ac111ee1d28562089b20555cd1a593cbf7964b06f96f98dd8e336235b0e4a63ec8777cfd3b6a979600e500acbdcb0d4071eaff95d9694a7a8d2ad7521ea66cfd287febe594a6a65df941c6fbc28a0e8a2bcee2659f61f13eea7a51e5556178ea325f79ac9886984d522755d558d00c0ffba808d7c9b36c69d0731440863da26f036872ac0363dcf3badac0a5acdafeaefebf9a1a94dacc14365ab994ae9082371702ed2c653326bb55993efc69efee2859b5d180c23606781177ebf74d4d244af13fc854dfd3d6a940f70f3656e390976bf8b783346f12650782ced76f445baf6703af77584d3bde8b93837ae5dc73009348f9cded082a6d084c155a846ea25aee7f506f26ac3d9d6312599f635,gx-no-cache=1520538571858 HTTP/1.1" 200 30
186.103.159.182 - - [08/Mar/2018:16:50:23 -0300] "GET /cormun/servlet/solicitudotadjuntos?INS,2018,10309,,1, HTTP/1.1" 200 6294
186.103.159.182 - - [08/Mar/2018:16:50:23 -0300] "GET /cormun/servlet/solicitudotadjuntos?3f35e73da4e09f65eea9f6a7b6671572145089f138a56f80d1d8057bceccfd2d3bbf733f010ae96a89db2606e938ddd5,gx-no-cache=1520538521964 HTTP/1.1" 200 30
186.103.159.182 - - [08/Mar/2018:16:50:23 -0300] "POST /cormun/servlet/solicitudotadjuntos?6d49dfe72b2b805448dedd11a6e0e1f9,INS,2018,10309,,1,,gx-no-cache=1520538522019 HTTP/1.1" 200 3985
186.103.159.182 - - [08/Mar/2018:16:50:26 -0300] "POST /cormun/servlet/solicitudotadjuntos?gx-no-cache=1520538524976 HTTP/1.1" 200 26
186.103.159.182 - - [08/Mar/2018:16:50:35 -0300] "GET /cormun/servlet/solicitudotadjuntos?3f35e73da4e09f65eea9f6a7b6671572d94f32ccdce157884ed1d52260e50401,gx-no-cache=1520538533338 HTTP/1.1" 200 30
186.103.159.182 - - [08/Mar/2018:16:50:35 -0300] "GET /cormun/servlet/solicitudotadjuntos?3f35e73da4e09f65eea9f6a7b6671572d94f32ccdce157884ed1d52260e50401,gx-no-cache=1520538533399 HTTP/1.1" 200 30
186.103.159.182 - - [08/Mar/2018:16:50:36 -0300] "POST /cormun/servlet/solicitudotadjuntos?6d49dfe72b2b805448dedd11a6e0e1f9,INS,2018,10309,,1, HTTP/1.1" 200 116
186.103.159.182 - - [08/Mar/2018:16:50:36 -0300] "GET /cormun/servlet/hpexe_return? HTTP/1.1" 200 1028
186.103.159.182 - - [08/Mar/2018:16:50:36 -0300] "GET /cormun/servlet/trsolicitudadjuntos?2018,10309, HTTP/1.1" 200 8979
186.79.229.37 - - [08/Mar/2018:16:50:37 -0300] "GET /cormun/servlet/solicitudotadjuntos?a2e71c4e1a8ffa0db849af2ead24ece3b239f23c1e29d934eb637be2bc511359,gx-no-cache=1520538590498 HTTP/1.1" 200 30
186.79.229.37 - - [08/Mar/2018:16:50:37 -0300] "GET /cormun/servlet/solicitudotadjuntos?a2e71c4e1a8ffa0db849af2ead24ece3b239f23c1e29d934eb637be2bc511359,gx-no-cache=1520538590594 HTTP/1.1" 200 30
186.103.159.182 - - [08/Mar/2018:16:50:38 -0300] "GET /cormun/servlet/trsolicitudadjuntos?2018,10309, HTTP/1.1" 200 8976
186.103.159.182 - - [08/Mar/2018:16:50:40 -0300] "GET /cormun/servlet/solicitudotadjuntos?INS,2018,10309,,1, HTTP/1.1" 200 6301
186.103.159.182 - - [08/Mar/2018:16:50:41 -0300] "GET /cormun/static/about:blank HTTP/1.1" 404 1011
186.103.159.182 - - [08/Mar/2018:16:50:41 -0300] "GET /cormun/servlet/solicitudotadjuntos?INS,2018,10309,,1, HTTP/1.1" 200 6294
186.79.229.37 - - [08/Mar/2018:16:50:41 -0300] "POST /cormun/servlet/solicitudotadjuntos?57990e6aef369e2affe97cad25cfd069,INS,2018,10310,,1, HTTP/1.1" 200 116
186.79.229.37 - - [08/Mar/2018:16:50:42 -0300] "GET /cormun/servlet/hpexe_return? HTTP/1.1" 200 1023
186.103.159.182 - - [08/Mar/2018:16:50:42 -0300] "GET /cormun/servlet/solicitudotadjuntos?3f35e73da4e09f65eea9f6a7b6671572145089f138a56f80d1d8057bceccfd2d3bbf733f010ae96a89db2606e938ddd5,gx-no-cache=1520538540744 HTTP/1.1" 200 30
186.79.229.37 - - [08/Mar/2018:16:50:42 -0300] "GET /cormun/servlet/trsolicitudadjuntos?2018,10310, HTTP/1.1" 200 8421
186.103.159.182 - - [08/Mar/2018:16:50:42 -0300] "POST /cormun/servlet/solicitudotadjuntos?6d49dfe72b2b805448dedd11a6e0e1f9,INS,2018,10309,,1,,gx-no-cache=1520538540872 HTTP/1.1" 200 3985
186.79.229.37 - - [08/Mar/2018:16:50:43 -0300] "GET /cormun/servlet/trsolicitudadjuntos?2018,10310, HTTP/1.1" 200 8417
186.103.157.246 - - [08/Mar/2018:16:50:45 -0300] "POST /cormun/servlet/solicitudot?gx-no-cache=1520538594992 HTTP/1.1" 200 30
186.103.159.182 - - [08/Mar/2018:16:50:46 -0300] "POST /cormun/servlet/solicitudotadjuntos?gx-no-cache=1520538545279 HTTP/1.1" 200 26
186.79.229.37 - - [08/Mar/2018:16:50:46 -0300] "GET /cormun/servlet/solicitudotadjuntos?INS,2018,10310,,1, HTTP/1.1" 200 5972
186.79.229.37 - - [08/Mar/2018:16:50:47 -0300] "GET /cormun/static/about:blank HTTP/1.1" 404 1011
186.79.229.37 - - [08/Mar/2018:16:50:47 -0300] "GET /cormun/servlet/solicitudotadjuntos?INS,2018,10310,,1, HTTP/1.1" 200 5965
186.79.229.37 - - [08/Mar/2018:16:50:48 -0300] "GET /cormun/servlet/solicitudotadjuntos?a2e71c4e1a8ffa0db849af2ead24ece34fa29a8d9cbeb4c5a29c9ee44125204515213afe0677c60293a23248a77449b5,gx-no-cache=1520538600689 HTTP/1.1" 200 30
186.79.229.37 - - [08/Mar/2018:16:50:48 -0300] "POST /cormun/servlet/solicitudotadjuntos?57990e6aef369e2affe97cad25cfd069,INS,2018,10310,,1,,gx-no-cache=1520538600804 HTTP/1.1" 200 3823
186.79.229.37 - - [08/Mar/2018:16:50:52 -0300] "POST /cormun/servlet/solicitudotadjuntos?gx-no-cache=1520538604840 HTTP/1.1" 200 26
186.79.229.37 - - [08/Mar/2018:16:50:59 -0300] "GET /cormun/servlet/solicitudotadjuntos?a2e71c4e1a8ffa0db849af2ead24ece3b239f23c1e29d934eb637be2bc511359,gx-no-cache=1520538611592 HTTP/1.1" 200 30
186.79.229.37 - - [08/Mar/2018:16:50:59 -0300] "GET /cormun/servlet/solicitudotadjuntos?a2e71c4e1a8ffa0db849af2ead24ece3b239f23c1e29d934eb637be2bc511359,gx-no-cache=1520538611999 HTTP/1.1" 200 30
186.103.159.182 - - [08/Mar/2018:16:51:03 -0300] "GET /cormun/servlet/solicitudotadjuntos?3f35e73da4e09f65eea9f6a7b6671572d94f32ccdce157884ed1d52260e50401,gx-no-cache=1520538562218 HTTP/1.1" 200 30
186.103.159.182 - - [08/Mar/2018:16:51:03 -0300] "GET /cormun/servlet/solicitudotadjuntos?3f35e73da4e09f65eea9f6a7b6671572d94f32ccdce157884ed1d52260e50401,gx-no-cache=1520538562247 HTTP/1.1" 200 30
186.79.229.37 - - [08/Mar/2018:16:51:04 -0300] "POST /cormun/servlet/solicitudotadjuntos?57990e6aef369e2affe97cad25cfd069,INS,2018,10310,,1, HTTP/1.1" 200 116
186.79.229.37 - - [08/Mar/2018:16:51:04 -0300] "GET /cormun/servlet/hpexe_return? HTTP/1.1" 200 1023
186.103.159.182 - - [08/Mar/2018:16:51:04 -0300] "POST /cormun/servlet/solicitudotadjuntos?6d49dfe72b2b805448dedd11a6e0e1f9,INS,2018,10309,,1, HTTP/1.1" 200 116
186.103.159.182 - - [08/Mar/2018:16:51:05 -0300] "GET /cormun/servlet/hpexe_return? HTTP/1.1" 200 1028
186.79.229.37 - - [08/Mar/2018:16:51:05 -0300] "GET /cormun/servlet/trsolicitudadjuntos?2018,10310, HTTP/1.1" 200 8638
186.103.159.182 - - [08/Mar/2018:16:51:05 -0300] "GET /cormun/servlet/trsolicitudadjuntos?2018,10309, HTTP/1.1" 200 9144
186.79.229.37 - - [08/Mar/2018:16:51:05 -0300] "GET /cormun/servlet/trsolicitudadjuntos?2018,10310, HTTP/1.1" 200 8637
186.103.159.182 - - [08/Mar/2018:16:51:06 -0300] "GET /cormun/servlet/trsolicitudadjuntos?2018,10309, HTTP/1.1" 200 9141
186.79.229.37 - - [08/Mar/2018:16:51:10 -0300] "GET /cormun/servlet/solicitudotadjuntos?INS,2018,10310,,1, HTTP/1.1" 200 5972
186.79.229.37 - - [08/Mar/2018:16:51:10 -0300] "GET /cormun/static/about:blank HTTP/1.1" 404 1011
186.103.159.182 - - [08/Mar/2018:16:51:10 -0300] "GET /cormun/servlet/solicitudotadjuntos?INS,2018,10309,,1, HTTP/1.1" 200 6301
186.79.229.37 - - [08/Mar/2018:16:51:10 -0300] "GET /cormun/servlet/solicitudotadjuntos?INS,2018,10310,,1, HTTP/1.1" 200 5965
186.103.159.182 - - [08/Mar/2018:16:51:10 -0300] "GET /cormun/static/about:blank HTTP/1.1" 404 1011
186.79.229.37 - - [08/Mar/2018:16:51:11 -0300] "GET /cormun/servlet/solicitudotadjuntos?a2e71c4e1a8ffa0db849af2ead24ece34fa29a8d9cbeb4c5a29c9ee44125204515213afe0677c60293a23248a77449b5,gx-no-cache=1520538623841 HTTP/1.1" 200 30
186.103.159.182 - - [08/Mar/2018:16:51:11 -0300] "GET /cormun/servlet/solicitudotadjuntos?INS,2018,10309,,1, HTTP/1.1" 200 6294
186.79.229.37 - - [08/Mar/2018:16:51:11 -0300] "POST /cormun/servlet/solicitudotadjuntos?57990e6aef369e2affe97cad25cfd069,INS,2018,10310,,1,,gx-no-cache=1520538624010 HTTP/1.1" 200 3823
186.103.159.182 - - [08/Mar/2018:16:51:12 -0300] "GET /cormun/servlet/solicitudotadjuntos?3f35e73da4e09f65eea9f6a7b6671572145089f138a56f80d1d8057bceccfd2d3bbf733f010ae96a89db2606e938ddd5,gx-no-cache=1520538570452 HTTP/1.1" 200 30
186.103.159.182 - - [08/Mar/2018:16:51:13 -0300] "POST /cormun/servlet/solicitudotadjuntos?6d49dfe72b2b805448dedd11a6e0e1f9,INS,2018,10309,,1,,gx-no-cache=1520538570950 HTTP/1.1" 200 3982
186.79.229.37 - - [08/Mar/2018:16:51:14 -0300] "POST /cormun/servlet/solicitudotadjuntos?gx-no-cache=1520538626806 HTTP/1.1" 200 26
186.103.157.246 - - [08/Mar/2018:16:51:14 -0300] "POST /cormun/servlet/solicitudot?gx-no-cache=1520538622901 HTTP/1.1" 200 1337
186.103.157.246 - - [08/Mar/2018:16:51:14 -0300] "POST /cormun/servlet/solicitudot?gx-no-cache=1520538624277 HTTP/1.1" 200 38
186.103.159.182 - - [08/Mar/2018:16:51:17 -0300] "POST /cormun/servlet/solicitudotadjuntos?gx-no-cache=1520538576241 HTTP/1.1" 200 26
186.103.159.182 - - [08/Mar/2018:16:51:24 -0300] "GET /cormun/servlet/solicitudotadjuntos?3f35e73da4e09f65eea9f6a7b6671572d94f32ccdce157884ed1d52260e50401,gx-no-cache=1520538583074 HTTP/1.1" 200 30
186.103.159.182 - - [08/Mar/2018:16:51:25 -0300] "GET /cormun/servlet/solicitudotadjuntos?3f35e73da4e09f65eea9f6a7b6671572d94f32ccdce157884ed1d52260e50401,gx-no-cache=1520538583405 HTTP/1.1" 200 30
186.103.157.246 - - [08/Mar/2018:16:51:26 -0300] "GET /cormun/servlet/solicitudot?cbe8921e100855d49693aaba0c9444926a1cf578a8e7c3b186ad67cc4db97ab80ee16b8bb118dc4b580aed157defdc1ddf515767cbcae6bd435b8f5553e0275c86622e8356f46d619e18c497550b70a370e71af66cb3f586c798742f87521e96fb68df7453c1f00cd0ac5c9756ffcaea267a6649481d414c6d9381127495dc9c41945faa4a8aee2ffac5e2f11c3615f03ad0acedcf8cfde60f73c151968a782c,gx-no-cache=1520538635170 HTTP/1.1" 200 29
186.79.229.37 - - [08/Mar/2018:16:51:26 -0300] "POST /cormun/servlet/solicitudotadjuntos?gx-no-cache=1520538639372 HTTP/1.1" 200 26
186.103.157.246 - - [08/Mar/2018:16:51:27 -0300] "POST /cormun/servlet/solicitudot?gx-no-cache=1520538636207 HTTP/1.1" 200 1318
186.103.157.246 - - [08/Mar/2018:16:51:27 -0300] "POST /cormun/servlet/solicitudot?gx-no-cache=1520538636798 HTTP/1.1" 200 1219
186.103.157.246 - - [08/Mar/2018:16:51:27 -0300] "GET /cormun/static/menuarrow.gif HTTP/1.1" 404 1015
186.103.159.182 - - [08/Mar/2018:16:51:28 -0300] "POST /cormun/servlet/solicitudotadjuntos?6d49dfe72b2b805448dedd11a6e0e1f9,INS,2018,10309,,1, HTTP/1.1" 200 116
186.103.159.182 - - [08/Mar/2018:16:51:28 -0300] "GET /cormun/servlet/hpexe_return? HTTP/1.1" 200 1028
186.103.159.182 - - [08/Mar/2018:16:51:28 -0300] "GET /cormun/servlet/trsolicitudadjuntos?2018,10309, HTTP/1.1" 200 9365
186.103.159.182 - - [08/Mar/2018:16:51:30 -0300] "GET /cormun/servlet/trsolicitudadjuntos?2018,10309, HTTP/1.1" 200 9365
186.103.157.246 - - [08/Mar/2018:16:51:30 -0300] "POST /cormun/servlet/solicitudot?gx-no-cache=1520538640300 HTTP/1.1" 200 1318
186.103.157.246 - - [08/Mar/2018:16:51:31 -0300] "POST /cormun/servlet/solicitudot?gx-no-cache=1520538640567 HTTP/1.1" 200 1219
186.103.157.246 - - [08/Mar/2018:16:51:32 -0300] "GET /cormun/servlet/solicitudot?cbe8921e100855d49693aaba0c944492585ac0ae5ff0904bb6d68c55aee7498f0cdc42a005d21b440b5adaa1ca40d787,gx-no-cache=1520538642016 HTTP/1.1" 200 30
186.103.159.182 - - [08/Mar/2018:16:51:32 -0300] "GET /cormun/servlet/solicitudotadjuntos?INS,2018,10309,,1, HTTP/1.1" 200 6301
186.103.159.182 - - [08/Mar/2018:16:51:33 -0300] "GET /cormun/static/about:blank HTTP/1.1" 404 1011
186.79.229.37 - - [08/Mar/2018:16:51:33 -0300] "GET /cormun/servlet/solicitudotadjuntos?a2e71c4e1a8ffa0db849af2ead24ece3b239f23c1e29d934eb637be2bc511359,gx-no-cache=1520538645841 HTTP/1.1" 200 30
186.79.229.37 - - [08/Mar/2018:16:51:33 -0300] "GET /cormun/servlet/solicitudotadjuntos?a2e71c4e1a8ffa0db849af2ead24ece3b239f23c1e29d934eb637be2bc511359,gx-no-cache=1520538645948 HTTP/1.1" 200 30
186.103.159.182 - - [08/Mar/2018:16:51:34 -0300] "GET /cormun/servlet/solicitudotadjuntos?INS,2018,10309,,1, HTTP/1.1" 200 6294
186.103.159.182 - - [08/Mar/2018:16:51:34 -0300] "GET /cormun/servlet/solicitudotadjuntos?3f35e73da4e09f65eea9f6a7b6671572145089f138a56f80d1d8057bceccfd2d3bbf733f010ae96a89db2606e938ddd5,gx-no-cache=1520538592845 HTTP/1.1" 200 30
186.103.159.182 - - [08/Mar/2018:16:51:35 -0300] "POST /cormun/servlet/solicitudotadjuntos?6d49dfe72b2b805448dedd11a6e0e1f9,INS,2018,10309,,1,,gx-no-cache=1520538592943 HTTP/1.1" 200 3982
186.103.159.182 - - [08/Mar/2018:16:51:39 -0300] "POST /cormun/servlet/solicitudotadjuntos?gx-no-cache=1520538597328 HTTP/1.1" 200 26
186.103.159.182 - - [08/Mar/2018:16:51:44 -0300] "GET /cormun/servlet/solicitudotadjuntos?3f35e73da4e09f65eea9f6a7b6671572d94f32ccdce157884ed1d52260e50401,gx-no-cache=1520538603106 HTTP/1.1" 200 30
186.103.159.182 - - [08/Mar/2018:16:51:44 -0300] "GET /cormun/servlet/solicitudotadjuntos?3f35e73da4e09f65eea9f6a7b6671572d94f32ccdce157884ed1d52260e50401,gx-no-cache=1520538603175 HTTP/1.1" 200 30
186.103.157.246 - - [08/Mar/2018:16:51:45 -0300] "POST /cormun/servlet/solicitudot?gx-no-cache=1520538654539 HTTP/1.1" 200 33
186.79.229.37 - - [08/Mar/2018:16:51:50 -0300] "POST /cormun/servlet/solicitudotadjuntos?57990e6aef369e2affe97cad25cfd069,INS,2018,10310,,1, HTTP/1.1" 200 116
186.79.229.37 - - [08/Mar/2018:16:51:51 -0300] "GET /cormun/servlet/hpexe_return? HTTP/1.1" 200 1023
186.79.229.37 - - [08/Mar/2018:16:51:51 -0300] "GET /cormun/servlet/trsolicitudadjuntos?2018,10310, HTTP/1.1" 200 8828
186.79.229.37 - - [08/Mar/2018:16:51:52 -0300] "GET /cormun/servlet/trsolicitudadjuntos?2018,10310, HTTP/1.1" 200 8827
186.103.159.182 - - [08/Mar/2018:16:51:55 -0300] "POST /cormun/servlet/solicitudotadjuntos?6d49dfe72b2b805448dedd11a6e0e1f9,INS,2018,10309,,1, HTTP/1.1" 200 116
186.103.157.246 - - [08/Mar/2018:16:51:55 -0300] "POST /cormun/servlet/solicitudot?fcbc8f8e118a50ef638018c5744288a6,INS,0,0,,gx-no-cache=1520538664234 HTTP/1.1" 200 93
186.103.157.246 - - [08/Mar/2018:16:51:55 -0300] "GET /cormun/servlet/hpexe_return? HTTP/1.1" 200 1000
186.103.157.246 - - [08/Mar/2018:16:51:55 -0300] "GET /cormun/static/Resources/Spanish/PXTools.css?167811 HTTP/1.1" 304 -
186.103.157.246 - - [08/Mar/2018:16:51:55 -0300] "GET /cormun/static/gxcfg.js?2016101716175148 HTTP/1.1" 304 -
186.103.157.246 - - [08/Mar/2018:16:51:55 -0300] "GET /cormun/static/hpexe_return.js?2016101716175153 HTTP/1.1" 304 -
186.103.159.182 - - [08/Mar/2018:16:51:55 -0300] "GET /cormun/servlet/hpexe_return? HTTP/1.1" 200 1028
186.103.157.246 - - [08/Mar/2018:16:51:56 -0300] "GET /cormun/servlet/trsolicitudot HTTP/1.1" 200 8927
186.103.159.182 - - [08/Mar/2018:16:51:56 -0300] "GET /cormun/servlet/trsolicitudadjuntos?2018,10309, HTTP/1.1" 200 9575
186.79.229.37 - - [08/Mar/2018:16:51:56 -0300] "GET /cormun/servlet/solicitudotadjuntos?INS,2018,10310,,1, HTTP/1.1" 200 5972
186.79.229.37 - - [08/Mar/2018:16:51:56 -0300] "GET /cormun/static/about:blank HTTP/1.1" 404 1011
186.79.229.37 - - [08/Mar/2018:16:51:57 -0300] "GET /cormun/servlet/solicitudotadjuntos?INS,2018,10310,,1, HTTP/1.1" 200 5965
186.79.229.37 - - [08/Mar/2018:16:51:57 -0300] "GET /cormun/servlet/solicitudotadjuntos?a2e71c4e1a8ffa0db849af2ead24ece34fa29a8d9cbeb4c5a29c9ee44125204515213afe0677c60293a23248a77449b5,gx-no-cache=1520538670268 HTTP/1.1" 200 30
186.103.159.182 - - [08/Mar/2018:16:51:57 -0300] "GET /cormun/servlet/trsolicitudadjuntos?2018,10309, HTTP/1.1" 200 9573
186.79.229.37 - - [08/Mar/2018:16:51:58 -0300] "POST /cormun/servlet/solicitudotadjuntos?57990e6aef369e2affe97cad25cfd069,INS,2018,10310,,1,,gx-no-cache=1520538670402 HTTP/1.1" 200 3824
186.103.159.182 - - [08/Mar/2018:16:52:00 -0300] "GET /cormun/servlet/solicitudotadjuntos?INS,2018,10309,,1, HTTP/1.1" 200 6300
186.103.159.182 - - [08/Mar/2018:16:52:00 -0300] "GET /cormun/static/about:blank HTTP/1.1" 404 1011
186.103.159.182 - - [08/Mar/2018:16:52:01 -0300] "GET /cormun/servlet/solicitudotadjuntos?INS,2018,10309,,1, HTTP/1.1" 200 6293
186.103.159.182 - - [08/Mar/2018:16:52:02 -0300] "GET /cormun/servlet/solicitudotadjuntos?3f35e73da4e09f65eea9f6a7b6671572145089f138a56f80d1d8057bceccfd2d3bbf733f010ae96a89db2606e938ddd5,gx-no-cache=1520538620402 HTTP/1.1" 200 30
186.103.159.182 - - [08/Mar/2018:16:52:02 -0300] "POST /cormun/servlet/solicitudotadjuntos?6d49dfe72b2b805448dedd11a6e0e1f9,INS,2018,10309,,1,,gx-no-cache=1520538620497 HTTP/1.1" 200 3981
186.103.157.246 - - [08/Mar/2018:16:52:04 -0300] "POST /cormun/servlet/trsolicitudot?fcbc8f8e118a50ef638018c5744288a6,gx-no-cache=1520538673448 HTTP/1.1" 200 107
186.103.157.246 - - [08/Mar/2018:16:52:04 -0300] "GET /cormun/servlet/trsolicitudadjuntos?2018,10246, HTTP/1.1" 200 5981
186.103.157.246 - - [08/Mar/2018:16:52:04 -0300] "GET /cormun/static/calendar-system.css?75620 HTTP/1.1" 304 -
186.103.157.246 - - [08/Mar/2018:16:52:04 -0300] "GET /cormun/static/gxcfg.js?20177612135366 HTTP/1.1" 304 -
186.103.157.246 - - [08/Mar/2018:16:52:04 -0300] "GET /cormun/static/trsolicitudadjuntos.js?20177612135632 HTTP/1.1" 304 -
186.103.159.182 - - [08/Mar/2018:16:52:04 -0300] "POST /cormun/servlet/solicitudotadjuntos?gx-no-cache=1520538623186 HTTP/1.1" 200 26
186.103.157.235 - - [08/Mar/2018:16:52:04 -0300] "POST /cormun/servlet/hlogin?e821680d9c113cf0b33164ea11b80732,gx-no-cache=1520538672648 HTTP/1.1" 200 527
186.79.229.37 - - [08/Mar/2018:16:52:06 -0300] "POST /cormun/servlet/solicitudotadjuntos?gx-no-cache=1520538678759 HTTP/1.1" 200 26
186.103.157.246 - - [08/Mar/2018:16:52:08 -0300] "GET /cormun/servlet/solicitudotadjuntos?INS,2018,10246,,1, HTTP/1.1" 200 5924
186.103.157.246 - - [08/Mar/2018:16:52:08 -0300] "GET /cormun/static/gxcfg.js?2017761244068 HTTP/1.1" 304 -
186.103.157.246 - - [08/Mar/2018:16:52:08 -0300] "GET /cormun/static/about:blank HTTP/1.1" 404 1011
186.103.157.246 - - [08/Mar/2018:16:52:08 -0300] "GET /cormun/static/about:blank HTTP/1.1" 404 1011
186.103.157.246 - - [08/Mar/2018:16:52:08 -0300] "GET /cormun/static/solicitudotadjuntos.js?2017761244086 HTTP/1.1" 304 -
186.103.157.246 - - [08/Mar/2018:16:52:11 -0300] "GET /cormun/servlet/solicitudotadjuntos?cbe8921e100855d49693aaba0c9444924c9a5825974e2e76528f9c2ecefc5bcd0970183023cd6fed7c33283b2660debe,gx-no-cache=1520538679138 HTTP/1.1" 200 30
186.79.229.37 - - [08/Mar/2018:16:52:12 -0300] "GET /cormun/servlet/solicitudotadjuntos?a2e71c4e1a8ffa0db849af2ead24ece3b239f23c1e29d934eb637be2bc511359,gx-no-cache=1520538684656 HTTP/1.1" 200 30
186.79.229.37 - - [08/Mar/2018:16:52:12 -0300] "GET /cormun/servlet/solicitudotadjuntos?a2e71c4e1a8ffa0db849af2ead24ece3b239f23c1e29d934eb637be2bc511359,gx-no-cache=1520538684758 HTTP/1.1" 200 30
186.103.157.246 - - [08/Mar/2018:16:52:12 -0300] "POST /cormun/servlet/solicitudotadjuntos?fcbc8f8e118a50ef638018c5744288a6,INS,2018,10246,,1,,gx-no-cache=1520538681290 HTTP/1.1" 200 3819
186.103.159.182 - - [08/Mar/2018:16:52:12 -0300] "GET /cormun/servlet/solicitudotadjuntos?3f35e73da4e09f65eea9f6a7b6671572d94f32ccdce157884ed1d52260e50401,gx-no-cache=1520538630892 HTTP/1.1" 200 30
186.103.159.182 - - [08/Mar/2018:16:52:12 -0300] "GET /cormun/servlet/solicitudotadjuntos?3f35e73da4e09f65eea9f6a7b6671572d94f32ccdce157884ed1d52260e50401,gx-no-cache=1520538630967 HTTP/1.1" 200 30
186.103.157.246 - - [08/Mar/2018:16:52:14 -0300] "POST /cormun/servlet/solicitudotadjuntos?gx-no-cache=1520538684254 HTTP/1.1" 200 26
186.103.159.182 - - [08/Mar/2018:16:52:16 -0300] "POST /cormun/servlet/solicitudotadjuntos?6d49dfe72b2b805448dedd11a6e0e1f9,INS,2018,10309,,1, HTTP/1.1" 200 116
186.103.159.182 - - [08/Mar/2018:16:52:16 -0300] "GET /cormun/servlet/hpexe_return? HTTP/1.1" 200 1028
186.103.159.182 - - [08/Mar/2018:16:52:16 -0300] "GET /cormun/servlet/trsolicitudadjuntos?2018,10309, HTTP/1.1" 200 9813
186.103.159.182 - - [08/Mar/2018:16:52:18 -0300] "GET /cormun/servlet/trsolicitudadjuntos?2018,10309, HTTP/1.1" 200 9812
186.79.229.37 - - [08/Mar/2018:16:52:20 -0300] "POST /cormun/servlet/solicitudotadjuntos?57990e6aef369e2affe97cad25cfd069,INS,2018,10310,,1, HTTP/1.1" 200 116
186.79.229.37 - - [08/Mar/2018:16:52:20 -0300] "GET /cormun/servlet/hpexe_return? HTTP/1.1" 200 1023
186.79.229.37 - - [08/Mar/2018:16:52:20 -0300] "GET /cormun/servlet/trsolicitudadjuntos?2018,10310, HTTP/1.1" 200 8980
186.79.229.37 - - [08/Mar/2018:16:52:21 -0300] "GET /cormun/servlet/trsolicitudadjuntos?2018,10310, HTTP/1.1" 200 8977
186.103.159.182 - - [08/Mar/2018:16:52:21 -0300] "POST /cormun/servlet/trsolicitudadjuntos?6d49dfe72b2b805448dedd11a6e0e1f9,2018,10309,,gx-no-cache=1520538639760 HTTP/1.1" 200 90
186.103.159.182 - - [08/Mar/2018:16:52:21 -0300] "GET /cormun/servlet/hpexe_link HTTP/1.1" 200 991
186.103.159.182 - - [08/Mar/2018:16:52:22 -0300] "GET /cormun/servlet/trsolicitudot?gx-no-cache=1520538168841 HTTP/1.1" 200 9254
186.103.159.182 - - [08/Mar/2018:16:52:23 -0300] "GET /cormun/servlet/trsolicitudot?gx-no-cache=1520538168841 HTTP/1.1" 200 9274
186.79.229.37 - - [08/Mar/2018:16:52:24 -0300] "GET /cormun/servlet/solicitudotadjuntos?INS,2018,10310,,1, HTTP/1.1" 200 5972
186.79.229.37 - - [08/Mar/2018:16:52:25 -0300] "GET /cormun/static/about:blank HTTP/1.1" 404 1011
186.79.229.37 - - [08/Mar/2018:16:52:25 -0300] "GET /cormun/servlet/solicitudotadjuntos?INS,2018,10310,,1, HTTP/1.1" 200 5965
186.79.229.37 - - [08/Mar/2018:16:52:25 -0300] "GET /cormun/servlet/solicitudotadjuntos?a2e71c4e1a8ffa0db849af2ead24ece34fa29a8d9cbeb4c5a29c9ee44125204515213afe0677c60293a23248a77449b5,gx-no-cache=1520538698428 HTTP/1.1" 200 30
186.79.229.37 - - [08/Mar/2018:16:52:26 -0300] "POST /cormun/servlet/solicitudotadjuntos?57990e6aef369e2affe97cad25cfd069,INS,2018,10310,,1,,gx-no-cache=1520538698627 HTTP/1.1" 200 3824
186.103.159.182 - - [08/Mar/2018:16:52:28 -0300] "POST /cormun/servlet/trsolicitudot?6d49dfe72b2b805448dedd11a6e0e1f9,gx-no-cache=1520538168841,gx-no-cache=1520538645690 HTTP/1.1" 200 5891
186.103.159.182 - - [08/Mar/2018:16:52:28 -0300] "GET /cormun/static/Shared/jqueryui/images/ui-bg_highlight-soft_100_c6c2c8_1x100.png HTTP/1.1" 404 1117
186.103.159.182 - - [08/Mar/2018:16:52:28 -0300] "GET /cormun/static/Shared/jqueryui/images/ui-icons_82798d_256x240.png HTTP/1.1" 404 1089
186.103.159.182 - - [08/Mar/2018:16:52:28 -0300] "GET /cormun/static/Shared/jqueryui/images/ui-bg_flat_55_fafafa_40x100.png HTTP/1.1" 404 1097
186.103.159.182 - - [08/Mar/2018:16:52:28 -0300] "GET /cormun/static/Shared/jqueryui/images/ui-icons_8d78a5_256x240.png HTTP/1.1" 404 1089
186.103.159.182 - - [08/Mar/2018:16:52:29 -0300] "POST /cormun/servlet/trsolicitudot?6d49dfe72b2b805448dedd11a6e0e1f9,gx-no-cache=1520538168841,gx-no-cache=1520538646994 HTTP/1.1" 200 5834
186.79.229.37 - - [08/Mar/2018:16:52:30 -0300] "POST /cormun/servlet/solicitudotadjuntos?gx-no-cache=1520538703437 HTTP/1.1" 200 26
186.103.159.182 - - [08/Mar/2018:16:52:32 -0300] "POST /cormun/servlet/trsolicitudot?6d49dfe72b2b805448dedd11a6e0e1f9,gx-no-cache=1520538168841,gx-no-cache=1520538651096 HTTP/1.1" 200 106
186.103.159.182 - - [08/Mar/2018:16:52:33 -0300] "GET /cormun/servlet/trsolicitudadjuntos?2018,10308, HTTP/1.1" 200 6374
186.103.159.182 - - [08/Mar/2018:16:52:34 -0300] "GET /cormun/servlet/trsolicitudadjuntos?2018,10308, HTTP/1.1" 200 6353
186.103.159.182 - - [08/Mar/2018:16:52:36 -0300] "GET /cormun/servlet/solicitudotadjuntos?INS,2018,10308,,1, HTTP/1.1" 200 6301
186.103.159.182 - - [08/Mar/2018:16:52:37 -0300] "GET /cormun/static/about:blank HTTP/1.1" 404 1011
186.79.229.37 - - [08/Mar/2018:16:52:37 -0300] "GET /cormun/servlet/solicitudotadjuntos?a2e71c4e1a8ffa0db849af2ead24ece3b239f23c1e29d934eb637be2bc511359,gx-no-cache=1520538710193 HTTP/1.1" 200 30
186.79.229.37 - - [08/Mar/2018:16:52:37 -0300] "GET /cormun/servlet/solicitudotadjuntos?a2e71c4e1a8ffa0db849af2ead24ece3b239f23c1e29d934eb637be2bc511359,gx-no-cache=1520538710303 HTTP/1.1" 200 30
186.103.159.182 - - [08/Mar/2018:16:52:37 -0300] "GET /cormun/servlet/solicitudotadjuntos?INS,2018,10308,,1, HTTP/1.1" 200 6294
186.103.159.182 - - [08/Mar/2018:16:52:38 -0300] "GET /cormun/servlet/solicitudotadjuntos?3f35e73da4e09f65eea9f6a7b66715729a97b48ae02b6d68bb1ce011147b9d903bbf733f010ae96a89db2606e938ddd5,gx-no-cache=1520538656712 HTTP/1.1" 200 30
186.103.159.182 - - [08/Mar/2018:16:52:38 -0300] "POST /cormun/servlet/solicitudotadjuntos?6d49dfe72b2b805448dedd11a6e0e1f9,INS,2018,10308,,1,,gx-no-cache=1520538656813 HTTP/1.1" 200 3981
186.103.157.246 - - [08/Mar/2018:16:52:39 -0300] "GET /cormun/servlet/solicitudotadjuntos?cbe8921e100855d49693aaba0c944492766179cf7c89baf852e633e12e2d06f1,gx-no-cache=1520538709317 HTTP/1.1" 200 30
186.103.157.246 - - [08/Mar/2018:16:52:39 -0300] "GET /cormun/servlet/solicitudotadjuntos?cbe8921e100855d49693aaba0c944492766179cf7c89baf852e633e12e2d06f1,gx-no-cache=1520538709445 HTTP/1.1" 200 30
186.103.159.182 - - [08/Mar/2018:16:52:40 -0300] "POST /cormun/servlet/solicitudotadjuntos?gx-no-cache=1520538658633 HTTP/1.1" 200 26
186.79.229.37 - - [08/Mar/2018:16:52:50 -0300] "POST /cormun/servlet/solicitudotadjuntos?57990e6aef369e2affe97cad25cfd069,INS,2018,10310,,1, HTTP/1.1" 200 116
186.79.229.37 - - [08/Mar/2018:16:52:50 -0300] "GET /cormun/servlet/hpexe_return? HTTP/1.1" 200 1023
186.103.159.182 - - [08/Mar/2018:16:52:51 -0300] "GET /cormun/servlet/solicitudotadjuntos?3f35e73da4e09f65eea9f6a7b6671572d94f32ccdce157884ed1d52260e50401,gx-no-cache=1520538669399 HTTP/1.1" 200 30
186.103.159.182 - - [08/Mar/2018:16:52:51 -0300] "GET /cormun/servlet/solicitudotadjuntos?3f35e73da4e09f65eea9f6a7b6671572d94f32ccdce157884ed1d52260e50401,gx-no-cache=1520538669460 HTTP/1.1" 200 30
186.103.157.246 - - [08/Mar/2018:16:52:51 -0300] "POST /cormun/servlet/solicitudotadjuntos?fcbc8f8e118a50ef638018c5744288a6,INS,2018,10246,,1, HTTP/1.1" 200 116
186.79.229.37 - - [08/Mar/2018:16:52:51 -0300] "GET /cormun/servlet/trsolicitudadjuntos?2018,10310, HTTP/1.1" 200 9243
186.103.157.246 - - [08/Mar/2018:16:52:51 -0300] "GET /cormun/servlet/hpexe_return? HTTP/1.1" 200 1018
186.79.229.37 - - [08/Mar/2018:16:52:52 -0300] "GET /cormun/servlet/trsolicitudadjuntos?2018,10310, HTTP/1.1" 200 9244
186.103.157.246 - - [08/Mar/2018:16:52:52 -0300] "GET /cormun/servlet/trsolicitudadjuntos?2018,10246, HTTP/1.1" 200 8366
186.103.159.182 - - [08/Mar/2018:16:52:53 -0300] "POST /cormun/servlet/solicitudotadjuntos?6d49dfe72b2b805448dedd11a6e0e1f9,INS,2018,10308,,1, HTTP/1.1" 200 116
186.103.159.182 - - [08/Mar/2018:16:52:53 -0300] "GET /cormun/servlet/hpexe_return? HTTP/1.1" 200 1028
186.103.159.182 - - [08/Mar/2018:16:52:53 -0300] "GET /cormun/servlet/trsolicitudadjuntos?2018,10308, HTTP/1.1" 200 8770
186.103.159.182 - - [08/Mar/2018:16:52:54 -0300] "GET /cormun/servlet/trsolicitudadjuntos?2018,10308, HTTP/1.1" 200 8769
186.103.157.246 - - [08/Mar/2018:16:52:55 -0300] "GET /cormun/servlet/solicitudotadjuntos?INS,2018,10246,,1, HTTP/1.1" 200 5924
186.103.157.246 - - [08/Mar/2018:16:52:56 -0300] "GET /cormun/static/about:blank HTTP/1.1" 404 1011
186.103.157.246 - - [08/Mar/2018:16:52:56 -0300] "GET /cormun/static/about:blank HTTP/1.1" 404 1011
186.103.159.182 - - [08/Mar/2018:16:52:56 -0300] "GET /cormun/servlet/solicitudotadjuntos?INS,2018,10308,,1, HTTP/1.1" 200 6301
186.103.159.182 - - [08/Mar/2018:16:52:57 -0300] "GET /cormun/static/about:blank HTTP/1.1" 404 1011
186.103.157.246 - - [08/Mar/2018:16:52:57 -0300] "GET /cormun/servlet/solicitudotadjuntos?cbe8921e100855d49693aaba0c9444924c9a5825974e2e76528f9c2ecefc5bcd0970183023cd6fed7c33283b2660debe,gx-no-cache=1520538726673 HTTP/1.1" 200 30
186.103.157.246 - - [08/Mar/2018:16:52:57 -0300] "POST /cormun/servlet/solicitudotadjuntos?fcbc8f8e118a50ef638018c5744288a6,INS,2018,10246,,1,,gx-no-cache=1520538727014 HTTP/1.1" 200 3819
186.103.159.182 - - [08/Mar/2018:16:52:57 -0300] "GET /cormun/servlet/solicitudotadjuntos?INS,2018,10308,,1, HTTP/1.1" 200 6295
186.103.159.182 - - [08/Mar/2018:16:52:58 -0300] "GET /cormun/servlet/solicitudotadjuntos?3f35e73da4e09f65eea9f6a7b66715729a97b48ae02b6d68bb1ce011147b9d903bbf733f010ae96a89db2606e938ddd5,gx-no-cache=1520538676839 HTTP/1.1" 200 30
186.103.159.182 - - [08/Mar/2018:16:52:58 -0300] "POST /cormun/servlet/solicitudotadjuntos?6d49dfe72b2b805448dedd11a6e0e1f9,INS,2018,10308,,1,,gx-no-cache=1520538676884 HTTP/1.1" 200 3982
186.103.157.246 - - [08/Mar/2018:16:53:00 -0300] "POST /cormun/servlet/solicitudotadjuntos?gx-no-cache=1520538729912 HTTP/1.1" 200 26
186.103.159.182 - - [08/Mar/2018:16:53:01 -0300] "POST /cormun/servlet/solicitudotadjuntos?gx-no-cache=1520538679204 HTTP/1.1" 200 26
186.103.157.246 - - [08/Mar/2018:16:53:07 -0300] "GET /cormun/servlet/solicitudotadjuntos?cbe8921e100855d49693aaba0c944492766179cf7c89baf852e633e12e2d06f1,gx-no-cache=1520538736773 HTTP/1.1" 200 30
186.103.157.246 - - [08/Mar/2018:16:53:07 -0300] "GET /cormun/servlet/solicitudotadjuntos?cbe8921e100855d49693aaba0c944492766179cf7c89baf852e633e12e2d06f1,gx-no-cache=1520538736854 HTTP/1.1" 200 30
186.103.159.182 - - [08/Mar/2018:16:53:07 -0300] "GET /cormun/servlet/solicitudotadjuntos?3f35e73da4e09f65eea9f6a7b6671572d94f32ccdce157884ed1d52260e50401,gx-no-cache=1520538686038 HTTP/1.1" 200 30
186.103.159.182 - - [08/Mar/2018:16:53:07 -0300] "GET /cormun/servlet/solicitudotadjuntos?3f35e73da4e09f65eea9f6a7b6671572d94f32ccdce157884ed1d52260e50401,gx-no-cache=1520538686111 HTTP/1.1" 200 30
186.103.159.182 - - [08/Mar/2018:16:53:11 -0300] "POST /cormun/servlet/solicitudotadjuntos?6d49dfe72b2b805448dedd11a6e0e1f9,INS,2018,10308,,1, HTTP/1.1" 200 116
186.103.159.182 - - [08/Mar/2018:16:53:11 -0300] "GET /cormun/servlet/hpexe_return? HTTP/1.1" 200 1028
186.103.159.182 - - [08/Mar/2018:16:53:12 -0300] "GET /cormun/servlet/trsolicitudadjuntos?2018,10308, HTTP/1.1" 200 8974
186.103.159.182 - - [08/Mar/2018:16:53:13 -0300] "GET /cormun/servlet/trsolicitudadjuntos?2018,10308, HTTP/1.1" 200 8976
186.103.157.246 - - [08/Mar/2018:16:53:14 -0300] "POST /cormun/servlet/solicitudotadjuntos?fcbc8f8e118a50ef638018c5744288a6,INS,2018,10246,,1, HTTP/1.1" 200 116
186.103.157.246 - - [08/Mar/2018:16:53:14 -0300] "GET /cormun/servlet/hpexe_return? HTTP/1.1" 200 1018
186.103.157.246 - - [08/Mar/2018:16:53:15 -0300] "GET /cormun/servlet/trsolicitudadjuntos?2018,10246, HTTP/1.1" 200 8579
186.103.159.182 - - [08/Mar/2018:16:53:15 -0300] "GET /cormun/servlet/solicitudotadjuntos?INS,2018,10308,,1, HTTP/1.1" 200 6301
186.103.159.182 - - [08/Mar/2018:16:53:15 -0300] "GET /cormun/static/about:blank HTTP/1.1" 404 1011
186.103.159.182 - - [08/Mar/2018:16:53:16 -0300] "GET /cormun/servlet/solicitudotadjuntos?INS,2018,10308,,1, HTTP/1.1" 200 6295
186.103.159.182 - - [08/Mar/2018:16:53:16 -0300] "GET /cormun/servlet/solicitudotadjuntos?3f35e73da4e09f65eea9f6a7b66715729a97b48ae02b6d68bb1ce011147b9d903bbf733f010ae96a89db2606e938ddd5,gx-no-cache=1520538695075 HTTP/1.1" 200 30
186.103.159.182 - - [08/Mar/2018:16:53:16 -0300] "POST /cormun/servlet/solicitudotadjuntos?6d49dfe72b2b805448dedd11a6e0e1f9,INS,2018,10308,,1,,gx-no-cache=1520538695158 HTTP/1.1" 200 3982
186.103.157.246 - - [08/Mar/2018:16:53:18 -0300] "GET /cormun/servlet/solicitudotadjuntos?INS,2018,10246,,1, HTTP/1.1" 200 5924
186.103.157.246 - - [08/Mar/2018:16:53:19 -0300] "GET /cormun/static/about:blank HTTP/1.1" 404 1011
186.103.157.246 - - [08/Mar/2018:16:53:19 -0300] "GET /cormun/static/about:blank HTTP/1.1" 404 1011
186.103.159.182 - - [08/Mar/2018:16:53:19 -0300] "POST /cormun/servlet/solicitudotadjuntos?gx-no-cache=1520538698172 HTTP/1.1" 200 26
186.103.157.246 - - [08/Mar/2018:16:53:20 -0300] "GET /cormun/servlet/solicitudotadjuntos?cbe8921e100855d49693aaba0c9444924c9a5825974e2e76528f9c2ecefc5bcd0970183023cd6fed7c33283b2660debe,gx-no-cache=1520538749603 HTTP/1.1" 200 30
186.103.157.246 - - [08/Mar/2018:16:53:20 -0300] "POST /cormun/servlet/solicitudotadjuntos?fcbc8f8e118a50ef638018c5744288a6,INS,2018,10246,,1,,gx-no-cache=1520538749954 HTTP/1.1" 200 3819
186.103.157.246 - - [08/Mar/2018:16:53:24 -0300] "POST /cormun/servlet/solicitudotadjuntos?gx-no-cache=1520538754462 HTTP/1.1" 200 26
186.103.159.182 - - [08/Mar/2018:16:53:25 -0300] "GET /cormun/servlet/solicitudotadjuntos?3f35e73da4e09f65eea9f6a7b6671572d94f32ccdce157884ed1d52260e50401,gx-no-cache=1520538704070 HTTP/1.1" 200 30
186.103.159.182 - - [08/Mar/2018:16:53:25 -0300] "GET /cormun/servlet/solicitudotadjuntos?3f35e73da4e09f65eea9f6a7b6671572d94f32ccdce157884ed1d52260e50401,gx-no-cache=1520538704098 HTTP/1.1" 200 30
186.103.159.182 - - [08/Mar/2018:16:53:26 -0300] "POST /cormun/servlet/solicitudotadjuntos?6d49dfe72b2b805448dedd11a6e0e1f9,INS,2018,10308,,1, HTTP/1.1" 200 116
186.103.159.182 - - [08/Mar/2018:16:53:26 -0300] "GET /cormun/servlet/hpexe_return? HTTP/1.1" 200 1028
186.79.229.37 - - [08/Mar/2018:16:53:26 -0300] "GET /cormun/servlet/solicitudotadjuntos?INS,2018,10310,,1, HTTP/1.1" 200 5971
186.103.159.182 - - [08/Mar/2018:16:53:27 -0300] "GET /cormun/servlet/trsolicitudadjuntos?2018,10308, HTTP/1.1" 200 9134
186.79.229.37 - - [08/Mar/2018:16:53:27 -0300] "GET /cormun/static/about:blank HTTP/1.1" 404 1011
186.79.229.37 - - [08/Mar/2018:16:53:27 -0300] "GET /cormun/servlet/solicitudotadjuntos?INS,2018,10310,,1, HTTP/1.1" 200 5964
186.79.229.37 - - [08/Mar/2018:16:53:28 -0300] "GET /cormun/servlet/solicitudotadjuntos?a2e71c4e1a8ffa0db849af2ead24ece34fa29a8d9cbeb4c5a29c9ee44125204515213afe0677c60293a23248a77449b5,gx-no-cache=1520538760831 HTTP/1.1" 200 30
186.103.159.182 - - [08/Mar/2018:16:53:28 -0300] "GET /cormun/servlet/trsolicitudadjuntos?2018,10308, HTTP/1.1" 200 9132
186.79.229.37 - - [08/Mar/2018:16:53:28 -0300] "POST /cormun/servlet/solicitudotadjuntos?57990e6aef369e2affe97cad25cfd069,INS,2018,10310,,1,,gx-no-cache=1520538760957 HTTP/1.1" 200 3823
186.103.157.246 - - [08/Mar/2018:16:53:30 -0300] "GET /cormun/servlet/solicitudotadjuntos?cbe8921e100855d49693aaba0c944492766179cf7c89baf852e633e12e2d06f1,gx-no-cache=1520538759846 HTTP/1.1" 200 30
186.103.157.246 - - [08/Mar/2018:16:53:30 -0300] "GET /cormun/servlet/solicitudotadjuntos?cbe8921e100855d49693aaba0c944492766179cf7c89baf852e633e12e2d06f1,gx-no-cache=1520538759887 HTTP/1.1" 200 30
186.103.159.182 - - [08/Mar/2018:16:53:30 -0300] "GET /cormun/servlet/solicitudotadjuntos?INS,2018,10308,,1, HTTP/1.1" 200 6301
186.103.159.182 - - [08/Mar/2018:16:53:31 -0300] "GET /cormun/static/about:blank HTTP/1.1" 404 1011
186.79.229.37 - - [08/Mar/2018:16:53:31 -0300] "POST /cormun/servlet/solicitudotadjuntos?gx-no-cache=1520538764150 HTTP/1.1" 200 26
186.103.159.182 - - [08/Mar/2018:16:53:31 -0300] "GET /cormun/servlet/solicitudotadjuntos?INS,2018,10308,,1, HTTP/1.1" 200 6295
186.103.159.182 - - [08/Mar/2018:16:53:32 -0300] "GET /cormun/servlet/solicitudotadjuntos?3f35e73da4e09f65eea9f6a7b66715729a97b48ae02b6d68bb1ce011147b9d903bbf733f010ae96a89db2606e938ddd5,gx-no-cache=1520538710809 HTTP/1.1" 200 30
186.103.159.182 - - [08/Mar/2018:16:53:32 -0300] "POST /cormun/servlet/solicitudotadjuntos?6d49dfe72b2b805448dedd11a6e0e1f9,INS,2018,10308,,1,,gx-no-cache=1520538710913 HTTP/1.1" 200 3982
186.103.157.246 - - [08/Mar/2018:16:53:33 -0300] "POST /cormun/servlet/solicitudotadjuntos?fcbc8f8e118a50ef638018c5744288a6,INS,2018,10246,,1, HTTP/1.1" 200 116
186.103.157.246 - - [08/Mar/2018:16:53:33 -0300] "GET /cormun/servlet/hpexe_return? HTTP/1.1" 200 1018
186.103.157.246 - - [08/Mar/2018:16:53:33 -0300] "GET /cormun/servlet/trsolicitudadjuntos?2018,10246, HTTP/1.1" 200 8756
186.103.159.182 - - [08/Mar/2018:16:53:35 -0300] "POST /cormun/servlet/solicitudotadjuntos?gx-no-cache=1520538714356 HTTP/1.1" 200 26
186.79.229.37 - - [08/Mar/2018:16:53:37 -0300] "GET /cormun/servlet/solicitudotadjuntos?a2e71c4e1a8ffa0db849af2ead24ece3b239f23c1e29d934eb637be2bc511359,gx-no-cache=1520538770086 HTTP/1.1" 200 30
186.79.229.37 - - [08/Mar/2018:16:53:37 -0300] "GET /cormun/servlet/solicitudotadjuntos?a2e71c4e1a8ffa0db849af2ead24ece3b239f23c1e29d934eb637be2bc511359,gx-no-cache=1520538770197 HTTP/1.1" 200 30
186.103.159.182 - - [08/Mar/2018:16:53:43 -0300] "GET /cormun/servlet/solicitudotadjuntos?3f35e73da4e09f65eea9f6a7b6671572d94f32ccdce157884ed1d52260e50401,gx-no-cache=1520538721662 HTTP/1.1" 200 30
186.103.159.182 - - [08/Mar/2018:16:53:43 -0300] "GET /cormun/servlet/solicitudotadjuntos?3f35e73da4e09f65eea9f6a7b6671572d94f32ccdce157884ed1d52260e50401,gx-no-cache=1520538721720 HTTP/1.1" 200 30
186.79.229.37 - - [08/Mar/2018:16:53:43 -0300] "POST /cormun/servlet/solicitudotadjuntos?57990e6aef369e2affe97cad25cfd069,INS,2018,10310,,1, HTTP/1.1" 200 116
186.79.229.37 - - [08/Mar/2018:16:53:43 -0300] "GET /cormun/servlet/hpexe_return? HTTP/1.1" 200 1023
186.79.229.37 - - [08/Mar/2018:16:53:44 -0300] "GET /cormun/servlet/trsolicitudadjuntos?2018,10310, HTTP/1.1" 200 9485
186.103.159.182 - - [08/Mar/2018:16:53:44 -0300] "POST /cormun/servlet/solicitudotadjuntos?6d49dfe72b2b805448dedd11a6e0e1f9,INS,2018,10308,,1, HTTP/1.1" 200 116
186.103.159.182 - - [08/Mar/2018:16:53:44 -0300] "GET /cormun/servlet/hpexe_return? HTTP/1.1" 200 1028
186.103.159.182 - - [08/Mar/2018:16:53:45 -0300] "GET /cormun/servlet/trsolicitudadjuntos?2018,10308, HTTP/1.1" 200 9367
186.79.229.37 - - [08/Mar/2018:16:53:45 -0300] "GET /cormun/servlet/trsolicitudadjuntos?2018,10310, HTTP/1.1" 200 9483
186.103.159.182 - - [08/Mar/2018:16:53:46 -0300] "GET /cormun/servlet/trsolicitudadjuntos?2018,10308, HTTP/1.1" 200 9360
186.103.159.182 - - [08/Mar/2018:16:53:48 -0300] "GET /cormun/servlet/solicitudotadjuntos?INS,2018,10308,,1, HTTP/1.1" 200 6302
186.103.159.182 - - [08/Mar/2018:16:53:49 -0300] "GET /cormun/servlet/solicitudotadjuntos?INS,2018,10308,,1, HTTP/1.1" 200 6295
186.103.159.182 - - [08/Mar/2018:16:53:50 -0300] "GET /cormun/static/about:blank HTTP/1.1" 404 1011
186.103.159.182 - - [08/Mar/2018:16:53:50 -0300] "GET /cormun/servlet/solicitudotadjuntos?3f35e73da4e09f65eea9f6a7b66715729a97b48ae02b6d68bb1ce011147b9d903bbf733f010ae96a89db2606e938ddd5,gx-no-cache=1520538728712 HTTP/1.1" 200 30
186.103.159.182 - - [08/Mar/2018:16:53:50 -0300] "POST /cormun/servlet/solicitudotadjuntos?6d49dfe72b2b805448dedd11a6e0e1f9,INS,2018,10308,,1,,gx-no-cache=1520538728898 HTTP/1.1" 200 3981
186.103.157.246 - - [08/Mar/2018:16:53:53 -0300] "GET /cormun/servlet/solicitudotadjuntos?INS,2018,10246,,1, HTTP/1.1" 200 5924
186.103.159.182 - - [08/Mar/2018:16:53:53 -0300] "POST /cormun/servlet/solicitudotadjuntos?gx-no-cache=1520538732349 HTTP/1.1" 200 26
186.103.157.246 - - [08/Mar/2018:16:53:54 -0300] "GET /cormun/static/about:blank HTTP/1.1" 404 1011
186.103.157.246 - - [08/Mar/2018:16:53:54 -0300] "GET /cormun/static/about:blank HTTP/1.1" 404 1011
186.103.157.246 - - [08/Mar/2018:16:53:55 -0300] "GET /cormun/servlet/solicitudotadjuntos?cbe8921e100855d49693aaba0c9444924c9a5825974e2e76528f9c2ecefc5bcd0970183023cd6fed7c33283b2660debe,gx-no-cache=1520538784672 HTTP/1.1" 200 30
186.103.157.246 - - [08/Mar/2018:16:53:56 -0300] "POST /cormun/servlet/solicitudotadjuntos?fcbc8f8e118a50ef638018c5744288a6,INS,2018,10246,,1,,gx-no-cache=1520538784764 HTTP/1.1" 200 3818
186.103.157.246 - - [08/Mar/2018:16:53:59 -0300] "POST /cormun/servlet/solicitudotadjuntos?gx-no-cache=1520538788862 HTTP/1.1" 200 26
186.103.159.182 - - [08/Mar/2018:16:54:00 -0300] "GET /cormun/servlet/solicitudotadjuntos?3f35e73da4e09f65eea9f6a7b6671572d94f32ccdce157884ed1d52260e50401,gx-no-cache=1520538739064 HTTP/1.1" 200 30
186.103.159.182 - - [08/Mar/2018:16:54:00 -0300] "GET /cormun/servlet/solicitudotadjuntos?3f35e73da4e09f65eea9f6a7b6671572d94f32ccdce157884ed1d52260e50401,gx-no-cache=1520538739103 HTTP/1.1" 200 30
186.103.159.182 - - [08/Mar/2018:16:54:01 -0300] "POST /cormun/servlet/solicitudotadjuntos?6d49dfe72b2b805448dedd11a6e0e1f9,INS,2018,10308,,1, HTTP/1.1" 200 116
186.103.159.182 - - [08/Mar/2018:16:54:01 -0300] "GET /cormun/servlet/hpexe_return? HTTP/1.1" 200 1028
186.103.159.182 - - [08/Mar/2018:16:54:02 -0300] "GET /cormun/servlet/trsolicitudadjuntos?2018,10308, HTTP/1.1" 200 9569
186.79.229.37 - - [08/Mar/2018:16:54:02 -0300] "GET /cormun/servlet/hlogin HTTP/1.1" 200 1720
186.103.159.182 - - [08/Mar/2018:16:54:03 -0300] "GET /cormun/servlet/trsolicitudadjuntos?2018,10308, HTTP/1.1" 200 9566
186.103.157.246 - - [08/Mar/2018:16:54:04 -0300] "GET /cormun/servlet/solicitudotadjuntos?cbe8921e100855d49693aaba0c944492766179cf7c89baf852e633e12e2d06f1,gx-no-cache=1520538794342 HTTP/1.1" 200 30
186.103.157.246 - - [08/Mar/2018:16:54:05 -0300] "GET /cormun/servlet/solicitudotadjuntos?cbe8921e100855d49693aaba0c944492766179cf7c89baf852e633e12e2d06f1,gx-no-cache=1520538794432 HTTP/1.1" 200 30
186.79.229.37 - - [08/Mar/2018:16:54:05 -0300] "POST /cormun/servlet/hlogin?ab529cb4cd87179741a5f4064933b50d,gx-no-cache=1520538798317 HTTP/1.1" 200 90
186.79.229.37 - - [08/Mar/2018:16:54:05 -0300] "GET /cormun/servlet/hpexe_link HTTP/1.1" 200 951
186.103.159.182 - - [08/Mar/2018:16:54:06 -0300] "GET /cormun/servlet/solicitudotadjuntos?INS,2018,10308,,1, HTTP/1.1" 200 6302
186.103.159.182 - - [08/Mar/2018:16:54:06 -0300] "GET /cormun/static/about:blank HTTP/1.1" 404 1011
186.79.229.37 - - [08/Mar/2018:16:54:06 -0300] "GET /cormun/servlet/hhome HTTP/1.1" 200 3928
186.103.159.182 - - [08/Mar/2018:16:54:07 -0300] "GET /cormun/servlet/solicitudotadjuntos?INS,2018,10308,,1, HTTP/1.1" 200 6295
186.79.229.37 - - [08/Mar/2018:16:54:07 -0300] "GET /cormun/servlet/hhome HTTP/1.1" 200 3925
186.103.159.182 - - [08/Mar/2018:16:54:07 -0300] "GET /cormun/servlet/solicitudotadjuntos?3f35e73da4e09f65eea9f6a7b66715729a97b48ae02b6d68bb1ce011147b9d903bbf733f010ae96a89db2606e938ddd5,gx-no-cache=1520538746140 HTTP/1.1" 200 30
