190.100.93.40 - - [08/Mar/2018:09:18:29 -0300] "GET /cormun/servlet/solicitudot?1dbeab573094d2114bd629068c8b0807babf382b883e305119ae18f4142457b85a28ef6849b59682a4e96dbbb5767d97898897a951573c3faf7a18797768161596c094709585697337e9f404760d7fbdbfc16be2c1d87e5089e40c8db08f426e9333850b8b5f15108339771b48efd239469a14f284e21bd6f49eeefd5eafedbf00a91a8204e7d8a3b8a8760a727f58fc858aa7e09fe3a43adf9d72d35708d742c646d3c76cf94214445afe92880e284f2827fdf9c4cbd13b52f8cb28b1c8def1c9b9e936890c64a3b50bb3d64bbc2917a1bdc1a890b62982329d9a8335f71a4c86e9c0c52943c429282f120acdcd02e803c2445b53ca2d8d4b746fbb7366224d7ba9634f4a99f4216773cbba8aec9122a68e147d58f8f68781934a913640afdf7e2786be76946bf14f7201e78f134b4bce4b0d1e0f9fab8421259f9ce67fed72acd4fedbe388a76d9b4df0f045e066a32ce30ff919f0b209458b971fb5249f805ef345533a287ce3bc74dee5e5e887555612ae16ebf9f9db6847dc9c35a7d7a0,gx-no-cache=1520511463188 HTTP/1.1" 200 30
190.100.93.40 - - [08/Mar/2018:09:18:29 -0300] "POST /cormun/servlet/solicitudot?gx-no-cache=1520511463281 HTTP/1.1" 200 30
190.100.93.40 - - [08/Mar/2018:09:18:29 -0300] "POST /cormun/servlet/solicitudot?gx-no-cache=1520511463378 HTTP/1.1" 200 1336
190.100.93.40 - - [08/Mar/2018:09:18:29 -0300] "POST /cormun/servlet/solicitudot?gx-no-cache=1520511463532 HTTP/1.1" 200 41
190.100.93.40 - - [08/Mar/2018:09:18:31 -0300] "GET /cormun/servlet/solicitudot?1dbeab573094d2114bd629068c8b080777352b4add35dbeadc68dc51eab87b1126cc12a3c45103b32382add020687dd832e2446c579e5f3f7f391cd1205fbf1b0ab7ed68d6d221c9d4eafc761f341c9080f5d3b0b47c2bb7c02f47e097d8f625ac2837375e4b6eb710fc8407fdaaa588ef8e2abbfd929d96af2883dfc29768226e726fe2a19cab8c0b0db53578d870f4455400148d7041a5c40f3fbfdb92abfa,gx-no-cache=1520511465176 HTTP/1.1" 200 29
192.168.10.56 - - [08/Mar/2018:09:18:31 -0300] "POST /cormun/servlet/hlogin?1edc0c2f41647112f1c97e714ddd0447,gx-no-cache=1520511350172 HTTP/1.1" 200 90
192.168.10.56 - - [08/Mar/2018:09:18:31 -0300] "GET /cormun/servlet/hpexe_link HTTP/1.1" 200 958
192.168.10.56 - - [08/Mar/2018:09:18:31 -0300] "GET /cormun/servlet/trsolicitudgral? HTTP/1.1" 200 12344
190.100.93.40 - - [08/Mar/2018:09:18:32 -0300] "POST /cormun/servlet/solicitudot?gx-no-cache=1520511465277 HTTP/1.1" 200 1318
192.168.10.56 - - [08/Mar/2018:09:18:32 -0300] "GET /cormun/servlet/trsolicitudgral? HTTP/1.1" 200 12342
190.100.93.40 - - [08/Mar/2018:09:18:32 -0300] "POST /cormun/servlet/solicitudot?gx-no-cache=1520511465878 HTTP/1.1" 200 1218
192.168.10.56 - - [08/Mar/2018:09:18:43 -0300] "POST /cormun/servlet/trsolicitudgral?1edc0c2f41647112f1c97e714ddd0447,,gx-no-cache=1520511361846 HTTP/1.1" 200 8762
190.100.93.40 - - [08/Mar/2018:09:18:45 -0300] "GET /cormun/servlet/solicitudot?1dbeab573094d2114bd629068c8b08075b7d8586f66ffa706a825ec605a16831a6c38190fa6c3a696d164d4a454f5071,gx-no-cache=1520511479257 HTTP/1.1" 200 30
190.100.93.40 - - [08/Mar/2018:09:18:45 -0300] "POST /cormun/servlet/solicitudot?gx-no-cache=1520511479347 HTTP/1.1" 200 30
190.100.93.40 - - [08/Mar/2018:09:18:46 -0300] "POST /cormun/servlet/solicitudot?3d9912a6895187869be9ef393fbf3dea,UPD,2018,10245,,gx-no-cache=1520511479443 HTTP/1.1" 200 93
190.100.93.40 - - [08/Mar/2018:09:18:46 -0300] "GET /cormun/servlet/hpexe_return? HTTP/1.1" 200 1036
190.100.93.40 - - [08/Mar/2018:09:18:46 -0300] "GET /cormun/servlet/trsolicitudot?gx-no-cache=1520510913989 HTTP/1.1" 200 8899
190.100.93.40 - - [08/Mar/2018:09:18:47 -0300] "GET /cormun/servlet/trsolicitudot?gx-no-cache=1520510913989 HTTP/1.1" 200 8916
192.168.10.56 - - [08/Mar/2018:09:18:52 -0300] "POST /cormun/servlet/trsolicitudgral?1edc0c2f41647112f1c97e714ddd0447,,gx-no-cache=1520511370916 HTTP/1.1" 200 13886
190.100.93.40 - - [08/Mar/2018:09:18:54 -0300] "POST /cormun/servlet/trsolicitudot?3d9912a6895187869be9ef393fbf3dea,gx-no-cache=1520510913989,gx-no-cache=1520511487314 HTTP/1.1" 200 107
190.100.93.40 - - [08/Mar/2018:09:18:54 -0300] "GET /cormun/servlet/trsolicitudadjuntos?2018,10245, HTTP/1.1" 200 6445
190.100.93.40 - - [08/Mar/2018:09:18:54 -0300] "GET /cormun/servlet/trsolicitudadjuntos?2018,10245, HTTP/1.1" 200 6424
190.100.93.40 - - [08/Mar/2018:09:18:59 -0300] "GET /cormun/servlet/solicitudotadjuntos?INS,2018,10245,,1, HTTP/1.1" 200 6363
190.100.93.40 - - [08/Mar/2018:09:18:59 -0300] "GET /cormun/static/about:blank HTTP/1.1" 404 1011
190.100.93.40 - - [08/Mar/2018:09:19:00 -0300] "GET /cormun/servlet/solicitudotadjuntos?INS,2018,10245,,1, HTTP/1.1" 200 6356
190.100.93.40 - - [08/Mar/2018:09:19:00 -0300] "GET /cormun/servlet/solicitudotadjuntos?1dbeab573094d2114bd629068c8b08073c7f4d52350a0d24955399da522aae0754f28ac1781349fe8e5b8a9c0632b192,gx-no-cache=1520511493985 HTTP/1.1" 200 30
190.100.93.40 - - [08/Mar/2018:09:19:00 -0300] "POST /cormun/servlet/solicitudotadjuntos?3d9912a6895187869be9ef393fbf3dea,INS,2018,10245,,1,,gx-no-cache=1520511494056 HTTP/1.1" 200 4029
190.100.93.40 - - [08/Mar/2018:09:19:03 -0300] "POST /cormun/servlet/solicitudotadjuntos?gx-no-cache=1520511497007 HTTP/1.1" 200 26
192.168.10.56 - - [08/Mar/2018:09:19:12 -0300] "GET /cormun/servlet/vesolicitudgral?2018,10186,, HTTP/1.1" 200 9070
192.168.10.56 - - [08/Mar/2018:09:19:12 -0300] "GET /cormun/pexe_scrolldiv.js HTTP/1.1" 404 1009
192.168.10.56 - - [08/Mar/2018:09:19:12 -0300] "GET /cormun/pexe_scrolldiv.js HTTP/1.1" 404 1009
192.168.10.56 - - [08/Mar/2018:09:19:12 -0300] "GET /cormun/servlet/vesolicitudgral?2018,10186,, HTTP/1.1" 200 9068
192.168.10.56 - - [08/Mar/2018:09:19:14 -0300] "GET /cormun/servlet/vesolicitudgral?2018,10186,,SolicitudOTLog HTTP/1.1" 200 9416
192.168.10.56 - - [08/Mar/2018:09:19:14 -0300] "GET /cormun/pexe_scrolldiv.js HTTP/1.1" 404 1009
192.168.10.56 - - [08/Mar/2018:09:19:14 -0300] "GET /cormun/pexe_scrolldiv.js HTTP/1.1" 404 1009
192.168.10.56 - - [08/Mar/2018:09:19:14 -0300] "GET /cormun/servlet/vesolicitudgral?2018,10186,,SolicitudOTLog HTTP/1.1" 200 9416
192.168.10.56 - - [08/Mar/2018:09:19:15 -0300] "POST /cormun/servlet/acontrolpreferencessavestate?None,OVARGAS,true HTTP/1.1" 200 35
186.103.159.204 - - [08/Mar/2018:09:19:17 -0300] "GET /cormun/servlet/hlogin HTTP/1.1" 200 1724
186.103.159.44 - - [08/Mar/2018:09:19:23 -0300] "POST /cormun/servlet/hlogin?9ba0b15578f1badc3199097455b2d2b8,gx-no-cache=1520511516651 HTTP/1.1" 440 972
192.168.10.56 - - [08/Mar/2018:09:19:24 -0300] "GET /cormun/servlet/hlogin HTTP/1.1" 200 1753
186.103.159.44 - - [08/Mar/2018:09:19:26 -0300] "GET /cormun/servlet/hlogin HTTP/1.1" 200 1727
186.103.159.44 - - [08/Mar/2018:09:19:46 -0300] "POST /cormun/servlet/hlogin?c03a2fac912437fa4380bd7b2b104e12,gx-no-cache=1520511539213 HTTP/1.1" 200 90
186.103.159.44 - - [08/Mar/2018:09:19:46 -0300] "GET /cormun/servlet/hpexe_link HTTP/1.1" 200 947
186.103.159.44 - - [08/Mar/2018:09:19:46 -0300] "GET /cormun/servlet/hhome HTTP/1.1" 200 4143
186.103.159.44 - - [08/Mar/2018:09:19:46 -0300] "GET /cormun/static/gxcfg.js?20175251212442 HTTP/1.1" 200 953
186.103.159.187 - - [08/Mar/2018:09:19:46 -0300] "GET /cormun/servlet/hhome HTTP/1.1" 200 3395
186.103.159.44 - - [08/Mar/2018:09:19:46 -0300] "GET /cormun/static/hhome.js?20175251212450 HTTP/1.1" 200 777
186.103.159.187 - - [08/Mar/2018:09:19:50 -0300] "GET /cormun/servlet/hhome HTTP/1.1" 200 3395
186.103.159.187 - - [08/Mar/2018:09:19:51 -0300] "GET /cormun/servlet/hhome HTTP/1.1" 200 3405
186.103.159.187 - - [08/Mar/2018:09:19:51 -0300] "GET /cormun/servlet/hlogin HTTP/1.1" 200 1731
186.103.159.187 - - [08/Mar/2018:09:20:02 -0300] "POST /cormun/servlet/hlogin?371307482e910fd36627c30df2c590b1,gx-no-cache=1520511649173 HTTP/1.1" 200 443
186.103.159.187 - - [08/Mar/2018:09:20:09 -0300] "POST /cormun/servlet/hlogin?371307482e910fd36627c30df2c590b1,gx-no-cache=1520511656660 HTTP/1.1" 200 90
186.103.159.187 - - [08/Mar/2018:09:20:09 -0300] "GET /cormun/servlet/hpexe_link HTTP/1.1" 200 951
186.103.159.187 - - [08/Mar/2018:09:20:10 -0300] "GET /cormun/servlet/hhome HTTP/1.1" 200 3929
186.103.159.187 - - [08/Mar/2018:09:20:10 -0300] "GET /cormun/servlet/hhome HTTP/1.1" 200 3925
190.151.100.218 - - [08/Mar/2018:09:20:11 -0300] "GET /cormun/servlet/hlogin HTTP/1.1" 200 1720
186.103.159.187 - - [08/Mar/2018:09:20:14 -0300] "GET /cormun/servlet/trsolicitudot? HTTP/1.1" 200 7138
186.103.159.187 - - [08/Mar/2018:09:20:16 -0300] "GET /cormun/servlet/trsolicitudot? HTTP/1.1" 200 7137
186.103.159.187 - - [08/Mar/2018:09:20:19 -0300] "GET /cormun/servlet/solicitudot?INS,0,0, HTTP/1.1" 200 13388
186.103.159.187 - - [08/Mar/2018:09:20:20 -0300] "GET /cormun/servlet/solicitudot?INS,0,0, HTTP/1.1" 200 13393
190.151.100.218 - - [08/Mar/2018:09:20:24 -0300] "POST /cormun/servlet/hlogin?250f640001da63313cc1cba263fc32a0,gx-no-cache=1520511574178 HTTP/1.1" 200 90
190.151.100.218 - - [08/Mar/2018:09:20:24 -0300] "GET /cormun/servlet/hpexe_link HTTP/1.1" 200 952
190.151.100.218 - - [08/Mar/2018:09:20:24 -0300] "GET /cormun/servlet/hhome HTTP/1.1" 200 4193
190.151.100.218 - - [08/Mar/2018:09:20:26 -0300] "GET /cormun/servlet/hhome HTTP/1.1" 200 4189
186.103.132.155 - - [08/Mar/2018:09:20:30 -0300] "GET /cormun/servlet/trlicencias? HTTP/1.1" 200 8239
200.111.122.170 - - [08/Mar/2018:09:20:30 -0300] "GET /cormun/static/gxcfg.js?20176272054169 HTTP/1.1" 200 953
186.103.132.155 - - [08/Mar/2018:09:20:30 -0300] "GET /cormun/static/Resources/Spanish/PXTools.css?17315867 HTTP/1.1" 200 89042
200.111.122.170 - - [08/Mar/2018:09:20:31 -0300] "GET /cormun/static/trlicencias.js?20176272054837 HTTP/1.1" 200 41883
186.103.132.155 - - [08/Mar/2018:09:20:32 -0300] "GET /cormun//static/Resources/PXToolsActionDisabled.gif HTTP/1.1" 200 53
200.111.122.170 - - [08/Mar/2018:09:20:32 -0300] "GET /cormun/servlet/trlicencias? HTTP/1.1" 200 8237
190.151.100.218 - - [08/Mar/2018:09:20:32 -0300] "GET /cormun//static/Resources/PXToolsActionPrint.png HTTP/1.1" 200 3317
200.72.197.82 - - [08/Mar/2018:09:20:32 -0300] "GET /cormun//static/Resources/PXToolsHeaderHelp.png HTTP/1.1" 200 4055
190.151.100.218 - - [08/Mar/2018:09:20:32 -0300] "GET /cormun//static/Resources/PXToolsGridDisplay.png HTTP/1.1" 200 362
186.103.132.155 - - [08/Mar/2018:09:20:32 -0300] "GET /cormun//static/Resources/PXToolsHeaderFavorites.png HTTP/1.1" 200 2744
186.103.159.187 - - [08/Mar/2018:09:20:40 -0300] "POST /cormun/servlet/solicitudot?gx-no-cache=1520511687605 HTTP/1.1" 200 3383
186.103.159.187 - - [08/Mar/2018:09:20:41 -0300] "POST /cormun/servlet/solicitudot?371307482e910fd36627c30df2c590b1,INS,0,0,,gx-no-cache=1520511687952 HTTP/1.1" 200 10360
186.103.159.187 - - [08/Mar/2018:09:20:45 -0300] "GET /cormun/servlet/solicitudot?61d89d7cc7416a1b031f9e1d7dd4c673c7855e4bd0c303cbc78c2172cb6b8eece8f7f56ab38725079b455d783b0c7fcb,gx-no-cache=1520511692553 HTTP/1.1" 200 30
186.103.159.187 - - [08/Mar/2018:09:20:45 -0300] "GET /cormun/servlet/solicitudot?61d89d7cc7416a1b031f9e1d7dd4c673304b5be2cf896fa75347711bb87b2982a6943f4a1de7adae33b31d1a3a3e2217,gx-no-cache=1520511692674 HTTP/1.1" 200 103
186.103.159.187 - - [08/Mar/2018:09:20:45 -0300] "GET /cormun/static/Shared/jqueryui/images/ui-bg_highlight-soft_100_c6c2c8_1x100.png HTTP/1.1" 404 1117
186.103.159.187 - - [08/Mar/2018:09:20:45 -0300] "GET /cormun/static/Shared/jqueryui/images/ui-icons_ebccce_256x240.png HTTP/1.1" 404 1089
186.103.159.187 - - [08/Mar/2018:09:20:45 -0300] "GET /cormun/static/Shared/jqueryui/images/ui-bg_flat_55_994d53_40x100.png HTTP/1.1" 404 1097
186.103.159.187 - - [08/Mar/2018:09:20:45 -0300] "GET /cormun/static/Shared/jqueryui/images/ui-icons_82798d_256x240.png HTTP/1.1" 404 1089
186.103.159.187 - - [08/Mar/2018:09:20:45 -0300] "GET /cormun/servlet/solicitudot?61d89d7cc7416a1b031f9e1d7dd4c673dd51830b0f88c404d7137850c9c07c0a,gx-no-cache=1520511692808 HTTP/1.1" 200 51
186.103.159.187 - - [08/Mar/2018:09:20:46 -0300] "POST /cormun/servlet/solicitudot?gx-no-cache=1520511692946 HTTP/1.1" 200 255
186.103.159.187 - - [08/Mar/2018:09:20:46 -0300] "GET /cormun/servlet/solicitudot?61d89d7cc7416a1b031f9e1d7dd4c673fe2e50fa1e940219dbacf1072a515bc726b21fc41a99278585a834ff266f042358757885ce14cd99274ce972648c65b1049f315ceaa8fdf1e0f7d454bec7691a32b42f660e5106a8d19ba864b5a14ddced8d037913303f6f023792f291a7db4a1d2f57acab95367c8aa784ef047c3a5eebb3e3c3eb1c60c00910d901f9351dd53a5bac6015586714b9ee544b547aa46e837edc885a58ee348bf6e1b33532cf6fbfa495ca123ed6c8a24f712f07148df24aed94b875f417d0f0dcf450b8b5108b866dd83223d7579dc662c0d0367758f501f534df8cafe3a35889b4402edc821990a9c80bb5a321ecbe3e0ef6c2c1604261d84869b19c4ed8b0e48ff8b6077c72d3f32042081f6d26b8aa2e4f7d454bf2f63ab5c1228e3d9268a9fee8d43fb6b26657a5b5d65bf757cf9ff71c3f5b1b5f93de4c4569df48af35b4dfd8d3f7e5274bfb6c0866e55c772850f4f694785d7832ae5d668b795c7c87832066dcba93366b094754c703a1011b480c17659f77d8,gx-no-cache=1520511693065 HTTP/1.1" 200 30
186.103.159.44 - - [08/Mar/2018:09:20:49 -0300] "GET /cormun/servlet/trvisualizadoreventos? HTTP/1.1" 200 6897
186.103.159.44 - - [08/Mar/2018:09:20:49 -0300] "GET /cormun/static/gxcfg.js?20175251251426 HTTP/1.1" 200 953
186.103.159.44 - - [08/Mar/2018:09:20:49 -0300] "GET /cormun/static/Resources/PXToolsActionPrint.png HTTP/1.1" 200 3317
186.103.159.44 - - [08/Mar/2018:09:20:49 -0300] "GET /cormun/static/trvisualizadoreventos.js?20175251251768 HTTP/1.1" 200 19318
186.103.159.187 - - [08/Mar/2018:09:20:50 -0300] "POST /cormun/servlet/solicitudot?gx-no-cache=1520511697787 HTTP/1.1" 200 30
186.103.159.187 - - [08/Mar/2018:09:20:52 -0300] "GET /cormun/servlet/prcontratosol?6829535,,,,,MD,,gxPopupLevel%3D0%3B HTTP/1.1" 200 7774
186.103.159.44 - - [08/Mar/2018:09:20:53 -0300] "GET /cormun/static/menuarrow.gif HTTP/1.1" 404 1015
186.67.203.186 - - [08/Mar/2018:09:21:00 -0300] "GET /cormun/servlet/licenciaspermisos?INS,0,,, HTTP/1.1" 200 7727
186.67.203.186 - - [08/Mar/2018:09:21:00 -0300] "GET /cormun/static/gxcfg.js?201762917281167 HTTP/1.1" 200 953
186.67.203.186 - - [08/Mar/2018:09:21:01 -0300] "GET /cormun/static/licenciaspermisos.js?201762917281260 HTTP/1.1" 200 37491
186.67.203.186 - - [08/Mar/2018:09:21:02 -0300] "GET /cormun/servlet/licenciaspermisos?INS,0,,, HTTP/1.1" 200 7735
186.67.203.186 - - [08/Mar/2018:09:21:06 -0300] "GET /cormun/servlet/prfichaempleado?,MD,,gxPopupLevel%3D0%3B HTTP/1.1" 200 9355
186.103.159.187 - - [08/Mar/2018:09:21:06 -0300] "POST /cormun/servlet/solicitudot?gx-no-cache=1520511713319 HTTP/1.1" 200 1337
186.103.159.187 - - [08/Mar/2018:09:21:06 -0300] "POST /cormun/servlet/solicitudot?gx-no-cache=1520511713448 HTTP/1.1" 200 38
186.103.159.187 - - [08/Mar/2018:09:21:06 -0300] "GET /cormun/servlet/solicitudot?61d89d7cc7416a1b031f9e1d7dd4c67388d44c97caa12b2b317fc1aecc4bd5ffdb6b07a2afc53a4f52641ba12901828188cb686d7c61b6a97a0da49af1e257525c9280db0ff5116783d1b65963ab5a638fda97d933dbbcf9aae767e8ad8fd6a644865a9985e6d7699178d9f59e5461423d6cbbd6037b5b2f19fe8f2b843948c46df46132fbb1069c2d9a864f4a77fbd185f8e35941b325885f2ec71cc0432c52,gx-no-cache=1520511713525 HTTP/1.1" 200 29
186.103.159.187 - - [08/Mar/2018:09:21:06 -0300] "POST /cormun/servlet/solicitudot?gx-no-cache=1520511713605 HTTP/1.1" 200 1319
186.103.159.187 - - [08/Mar/2018:09:21:06 -0300] "POST /cormun/servlet/solicitudot?gx-no-cache=1520511713748 HTTP/1.1" 200 1218
186.103.159.187 - - [08/Mar/2018:09:21:06 -0300] "GET /cormun/servlet/solicitudot?61d89d7cc7416a1b031f9e1d7dd4c673513ff23381e6bc4543d3159e149ef9f8,gx-no-cache=1520511713865 HTTP/1.1" 200 30
186.103.159.187 - - [08/Mar/2018:09:21:07 -0300] "GET /cormun/servlet/prsolicitudot?6829535,,,,,MD,,gxPopupLevel%3D0%3B HTTP/1.1" 200 5910
186.103.159.187 - - [08/Mar/2018:09:21:07 -0300] "GET /cormun/static/gxcfg.js?2017111422591492 HTTP/1.1" 200 953
186.103.159.44 - - [08/Mar/2018:09:21:07 -0300] "POST /cormun/servlet/trvisualizadoreventos?c03a2fac912437fa4380bd7b2b104e12,,gx-no-cache=1520511620316 HTTP/1.1" 200 6372
186.103.159.187 - - [08/Mar/2018:09:21:08 -0300] "GET /cormun/static/prsolicitudot.js?2017111422591715 HTTP/1.1" 200 13680
186.103.159.187 - - [08/Mar/2018:09:21:17 -0300] "POST /cormun/servlet/solicitudot?gx-no-cache=1520511724560 HTTP/1.1" 200 1337
186.103.159.187 - - [08/Mar/2018:09:21:17 -0300] "POST /cormun/servlet/solicitudot?gx-no-cache=1520511724717 HTTP/1.1" 200 38
186.103.159.187 - - [08/Mar/2018:09:21:17 -0300] "POST /cormun/servlet/solicitudot?gx-no-cache=1520511724796 HTTP/1.1" 200 1319
186.103.159.187 - - [08/Mar/2018:09:21:17 -0300] "POST /cormun/servlet/solicitudot?gx-no-cache=1520511724879 HTTP/1.1" 200 1218
186.103.159.187 - - [08/Mar/2018:09:21:17 -0300] "GET /cormun/servlet/solicitudot?61d89d7cc7416a1b031f9e1d7dd4c673a4de685fa00570136d5d4dc17f0472551c8ddb5515e6309f7709f4f3cb43884f,gx-no-cache=1520511724958 HTTP/1.1" 200 134
186.67.203.186 - - [08/Mar/2018:09:21:19 -0300] "POST /cormun/servlet/prfichaempleado?250f640001da63313cc1cba263fc32a0,,MD,,gxPopupLevel%3D0%3B,gx-no-cache=1520511629475 HTTP/1.1" 200 3202
186.103.159.44 - - [08/Mar/2018:09:21:44 -0300] "GET /cormun/servlet/trsolicitudot? HTTP/1.1" 200 7358
200.72.197.82 - - [08/Mar/2018:09:21:50 -0300] "GET /cormun/servlet/licenciaspermisos?2ea3f1658f5174426829dcab496f7b68c2d94313348bca48fc588e0646c7a906b8fc080e30951eaf342f8e6ab60c158e,gx-no-cache=1520511659819 HTTP/1.1" 200 112
200.72.197.82 - - [08/Mar/2018:09:21:50 -0300] "POST /cormun/servlet/licenciaspermisos?250f640001da63313cc1cba263fc32a0,INS,0,,,,gx-no-cache=1520511660009 HTTP/1.1" 200 4893
186.103.159.187 - - [08/Mar/2018:09:22:22 -0300] "POST /cormun/servlet/solicitudot?gx-no-cache=1520511789684 HTTP/1.1" 200 1318
186.103.159.187 - - [08/Mar/2018:09:22:22 -0300] "POST /cormun/servlet/solicitudot?gx-no-cache=1520511789896 HTTP/1.1" 200 1218
186.103.159.187 - - [08/Mar/2018:09:22:23 -0300] "GET /cormun/static/menuarrow.gif HTTP/1.1" 404 1015
186.103.159.187 - - [08/Mar/2018:09:22:31 -0300] "POST /cormun/servlet/solicitudot?gx-no-cache=1520511797591 HTTP/1.1" 200 1318
186.103.159.187 - - [08/Mar/2018:09:22:31 -0300] "POST /cormun/servlet/solicitudot?gx-no-cache=1520511798656 HTTP/1.1" 200 1218
186.103.159.187 - - [08/Mar/2018:09:22:33 -0300] "GET /cormun/servlet/solicitudot?61d89d7cc7416a1b031f9e1d7dd4c673a4de685fa00570136d5d4dc17f0472559ddddf30728df4c9c72b3353c90175fd,gx-no-cache=1520511800601 HTTP/1.1" 200 134
186.103.159.187 - - [08/Mar/2018:09:22:33 -0300] "POST /cormun/servlet/solicitudot?gx-no-cache=1520511800685 HTTP/1.1" 200 125
192.168.10.89 - - [08/Mar/2018:09:22:37 -0300] "POST /cormun/servlet/hlogin?9d63f037f88ce91d5ba7bd5bc79c3683,gx-no-cache=1520511596423 HTTP/1.1" 440 972
192.168.10.89 - - [08/Mar/2018:09:22:40 -0300] "GET /cormun/servlet/hlogin HTTP/1.1" 200 1725
192.168.10.89 - - [08/Mar/2018:09:22:40 -0300] "GET /cormun/servlet/hlogin HTTP/1.1" 200 1725
186.67.203.186 - - [08/Mar/2018:09:22:42 -0300] "GET /cormun/static/menuarrow.gif HTTP/1.1" 404 1015
192.168.10.89 - - [08/Mar/2018:09:22:47 -0300] "POST /cormun/servlet/hlogin?21944911fe015ec0a36310f097f778d8,gx-no-cache=1520511606166 HTTP/1.1" 200 90
192.168.10.89 - - [08/Mar/2018:09:22:47 -0300] "GET /cormun/servlet/hpexe_link HTTP/1.1" 200 945
192.168.10.89 - - [08/Mar/2018:09:22:47 -0300] "GET /cormun/servlet/hhome HTTP/1.1" 200 4913
192.168.10.89 - - [08/Mar/2018:09:22:52 -0300] "GET /cormun/servlet/trsolicitudgral? HTTP/1.1" 200 28281
186.103.159.187 - - [08/Mar/2018:09:22:55 -0300] "POST /cormun/servlet/solicitudot?gx-no-cache=1520511821942 HTTP/1.1" 200 125
186.103.159.187 - - [08/Mar/2018:09:22:55 -0300] "POST /cormun/servlet/solicitudot?371307482e910fd36627c30df2c590b1,INS,0,0,,gx-no-cache=1520511822109 HTTP/1.1" 200 11842
186.103.159.187 - - [08/Mar/2018:09:23:21 -0300] "GET /cormun/servlet/solicitudot?61d89d7cc7416a1b031f9e1d7dd4c673fd13eb11d574ca99cd42f3cb7f8bd234e5d57f975a93fa4eb39096e4cc5d479dce7bc6752e253dab6504f08c03410925,gx-no-cache=1520511848551 HTTP/1.1" 200 30
186.103.159.187 - - [08/Mar/2018:09:23:21 -0300] "POST /cormun/servlet/solicitudot?gx-no-cache=1520511848676 HTTP/1.1" 200 256
186.103.159.187 - - [08/Mar/2018:09:23:22 -0300] "GET /cormun/servlet/solicitudot?61d89d7cc7416a1b031f9e1d7dd4c673fe2e50fa1e940219dbacf1072a515bc726b21fc41a99278585a834ff266f042358757885ce14cd99274ce972648c65b1049f315ceaa8fdf1e0f7d454bec7691a32b42f660e5106a8d19ba864b5a14ddced8d037913303f6f023792f291a7db4a1d2f57acab95367c8aa784ef047c3a5eebb3e3c3eb1c60c00910d901f9351dd53a5bac6015586714b9ee544b547aa46e837edc885a58ee348bf6e1b33532cf6fbfa495ca123ed6c8a24f712f07148df24aed94b875f417d0f0dcf450b8b5108b866dd83223d7579dc662c0d0367758f501f534df8cafe3a35889b4402edc821990a9c80bb5a321ecbe3e0ef6c2c1604261d84869b19c4ed8b0e48ff8b6077c72d3f32042081f6d26b8aa2e4f7d454bf2f63ab5c1228e3d9268a9fee8d43fb6b26657a5b5d65bf757cf9ff71c3f5b1b5f93de4c4569df48af35b4dfd8d3f7e5274bfb6c0866e55c772850f4f694785d7832ae5d668b795c7c87832066dcba933628aafa12f5bd8fda29481d629f0444c3,gx-no-cache=1520511848760 HTTP/1.1" 200 30
186.103.159.187 - - [08/Mar/2018:09:23:22 -0300] "POST /cormun/servlet/solicitudot?gx-no-cache=1520511849134 HTTP/1.1" 200 30
186.103.159.187 - - [08/Mar/2018:09:23:22 -0300] "POST /cormun/servlet/solicitudot?gx-no-cache=1520511849206 HTTP/1.1" 200 1336
186.103.159.187 - - [08/Mar/2018:09:23:22 -0300] "POST /cormun/servlet/solicitudot?gx-no-cache=1520511849496 HTTP/1.1" 200 41
186.103.159.187 - - [08/Mar/2018:09:23:22 -0300] "POST /cormun/servlet/solicitudot?gx-no-cache=1520511849612 HTTP/1.1" 200 1318
186.103.159.187 - - [08/Mar/2018:09:23:22 -0300] "POST /cormun/servlet/solicitudot?gx-no-cache=1520511849800 HTTP/1.1" 200 1218
186.103.159.187 - - [08/Mar/2018:09:23:23 -0300] "GET /cormun/servlet/solicitudot?61d89d7cc7416a1b031f9e1d7dd4c673a4de685fa00570136d5d4dc17f0472558ea0b891dab233b8186adb7f6418281e,gx-no-cache=1520511849930 HTTP/1.1" 200 134
186.103.159.187 - - [08/Mar/2018:09:23:23 -0300] "POST /cormun/servlet/solicitudot?gx-no-cache=1520511850407 HTTP/1.1" 200 125
186.103.159.187 - - [08/Mar/2018:09:23:24 -0300] "POST /cormun/servlet/solicitudot?371307482e910fd36627c30df2c590b1,INS,0,0,,gx-no-cache=1520511850944 HTTP/1.1" 200 11897
192.168.10.89 - - [08/Mar/2018:09:23:37 -0300] "POST /cormun/servlet/trsolicitudgral?21944911fe015ec0a36310f097f778d8,,gx-no-cache=1520511655127 HTTP/1.1" 200 24658
186.103.159.187 - - [08/Mar/2018:09:23:40 -0300] "GET /cormun/servlet/solicitudot?61d89d7cc7416a1b031f9e1d7dd4c673a4de685fa00570136d5d4dc17f047255a39cbad794b3b99d88ca4a7d3743693c,gx-no-cache=1520511867750 HTTP/1.1" 200 134
186.103.159.187 - - [08/Mar/2018:09:23:41 -0300] "POST /cormun/servlet/solicitudot?gx-no-cache=1520511867837 HTTP/1.1" 200 125
186.103.159.187 - - [08/Mar/2018:09:23:42 -0300] "POST /cormun/servlet/solicitudot?371307482e910fd36627c30df2c590b1,INS,0,0,,gx-no-cache=1520511868313 HTTP/1.1" 200 11948
192.168.10.89 - - [08/Mar/2018:09:23:52 -0300] "POST /cormun/servlet/trsolicitudgral?21944911fe015ec0a36310f097f778d8,,gx-no-cache=1520511671303 HTTP/1.1" 200 7270
190.100.93.40 - - [08/Mar/2018:09:23:56 -0300] "GET /cormun/servlet/solicitudotadjuntos?1dbeab573094d2114bd629068c8b0807099af5b16a7a8bb6c45b9438f71381ae,gx-no-cache=1520511789438 HTTP/1.1" 200 30
190.100.93.40 - - [08/Mar/2018:09:23:56 -0300] "GET /cormun/servlet/solicitudotadjuntos?1dbeab573094d2114bd629068c8b0807099af5b16a7a8bb6c45b9438f71381ae,gx-no-cache=1520511789760 HTTP/1.1" 200 30
186.103.159.187 - - [08/Mar/2018:09:23:57 -0300] "POST /cormun/servlet/solicitudot?371307482e910fd36627c30df2c590b1,INS,0,0,,gx-no-cache=1520511883676 HTTP/1.1" 200 11988
190.100.93.40 - - [08/Mar/2018:09:23:58 -0300] "POST /cormun/servlet/solicitudotadjuntos?3d9912a6895187869be9ef393fbf3dea,INS,2018,10245,,1, HTTP/1.1" 200 116
190.100.93.40 - - [08/Mar/2018:09:23:58 -0300] "GET /cormun/servlet/hpexe_return? HTTP/1.1" 200 1028
190.100.93.40 - - [08/Mar/2018:09:23:59 -0300] "GET /cormun/servlet/trsolicitudadjuntos?2018,10245, HTTP/1.1" 200 8862
190.100.93.40 - - [08/Mar/2018:09:23:59 -0300] "GET /cormun/servlet/trsolicitudadjuntos?2018,10245, HTTP/1.1" 200 8861
190.100.93.40 - - [08/Mar/2018:09:24:01 -0300] "GET /cormun/servlet/solicitudotadjuntos?INS,2018,10245,,1, HTTP/1.1" 200 6362
190.100.93.40 - - [08/Mar/2018:09:24:02 -0300] "GET /cormun/static/about:blank HTTP/1.1" 404 1011
190.100.93.40 - - [08/Mar/2018:09:24:02 -0300] "GET /cormun/servlet/solicitudotadjuntos?INS,2018,10245,,1, HTTP/1.1" 200 6356
190.100.93.40 - - [08/Mar/2018:09:24:02 -0300] "GET /cormun/servlet/solicitudotadjuntos?1dbeab573094d2114bd629068c8b08073c7f4d52350a0d24955399da522aae0754f28ac1781349fe8e5b8a9c0632b192,gx-no-cache=1520511796180 HTTP/1.1" 200 30
190.100.93.40 - - [08/Mar/2018:09:24:03 -0300] "POST /cormun/servlet/solicitudotadjuntos?3d9912a6895187869be9ef393fbf3dea,INS,2018,10245,,1,,gx-no-cache=1520511796236 HTTP/1.1" 200 4028
192.168.10.89 - - [08/Mar/2018:09:24:10 -0300] "POST /cormun/servlet/trsolicitudgral?21944911fe015ec0a36310f097f778d8,,gx-no-cache=1520511688621 HTTP/1.1" 200 7268
200.111.191.210 - - [08/Mar/2018:09:24:11 -0300] "GET /cormun/PublicTempStorage/0608181977885.PDF HTTP/1.1" 200 626730
190.100.93.40 - - [08/Mar/2018:09:24:16 -0300] "POST /cormun/servlet/solicitudotadjuntos?gx-no-cache=1520511809891 HTTP/1.1" 200 26
200.111.191.210 - - [08/Mar/2018:09:24:16 -0300] "GET /cormun/servlet/trlicenciaspermisosadjuntos?11287416,20180308000000,L, HTTP/1.1" 200 6652
200.111.191.210 - - [08/Mar/2018:09:24:17 -0300] "GET /cormun/servlet/trlicenciaspermisosadjuntos?11287416,20180308000000,L, HTTP/1.1" 200 6652
192.168.10.89 - - [08/Mar/2018:09:24:17 -0300] "POST /cormun/servlet/trsolicitudgral?21944911fe015ec0a36310f097f778d8,,gx-no-cache=1520511696355 HTTP/1.1" 200 7296
186.103.159.187 - - [08/Mar/2018:09:24:18 -0300] "POST /cormun/servlet/solicitudot?gx-no-cache=1520511904997 HTTP/1.1" 200 30
200.111.191.210 - - [08/Mar/2018:09:24:22 -0300] "GET /cormun/servlet/trlicencias? HTTP/1.1" 200 9426
186.103.159.187 - - [08/Mar/2018:09:24:22 -0300] "POST /cormun/servlet/solicitudot?gx-no-cache=1520511909648 HTTP/1.1" 200 1336
186.103.159.187 - - [08/Mar/2018:09:24:22 -0300] "POST /cormun/servlet/solicitudot?gx-no-cache=1520511909785 HTTP/1.1" 200 41
186.103.159.187 - - [08/Mar/2018:09:24:22 -0300] "POST /cormun/servlet/solicitudot?gx-no-cache=1520511909851 HTTP/1.1" 200 1318
200.111.191.210 - - [08/Mar/2018:09:24:22 -0300] "GET /cormun/servlet/trlicencias? HTTP/1.1" 200 9425
186.103.159.187 - - [08/Mar/2018:09:24:22 -0300] "POST /cormun/servlet/solicitudot?gx-no-cache=1520511909923 HTTP/1.1" 200 1218
186.103.159.187 - - [08/Mar/2018:09:24:22 -0300] "GET /cormun/servlet/solicitudot?61d89d7cc7416a1b031f9e1d7dd4c673a4de685fa00570136d5d4dc17f047255a39cbad794b3b99d88ca4a7d3743693c,gx-no-cache=1520511909984 HTTP/1.1" 200 134
186.103.159.187 - - [08/Mar/2018:09:24:23 -0300] "POST /cormun/servlet/solicitudot?gx-no-cache=1520511910053 HTTP/1.1" 200 34
186.103.159.187 - - [08/Mar/2018:09:24:23 -0300] "POST /cormun/servlet/solicitudot?371307482e910fd36627c30df2c590b1,INS,0,0,,gx-no-cache=1520511910121 HTTP/1.1" 200 12021
200.111.191.210 - - [08/Mar/2018:09:24:27 -0300] "POST /cormun/servlet/trlicencias?3c65192d1721e333a1538f52b30641cc,,gx-no-cache=1520511818501 HTTP/1.1" 200 6747
200.111.191.210 - - [08/Mar/2018:09:24:28 -0300] "GET /cormun/static/Shared/jqueryui/images/ui-bg_highlight-soft_100_c6c2c8_1x100.png HTTP/1.1" 404 1117
200.111.191.210 - - [08/Mar/2018:09:24:28 -0300] "GET /cormun/static/Shared/jqueryui/images/ui-icons_8d78a5_256x240.png HTTP/1.1" 404 1089
200.111.191.210 - - [08/Mar/2018:09:24:28 -0300] "GET /cormun/static/Shared/jqueryui/images/ui-icons_82798d_256x240.png HTTP/1.1" 404 1089
200.111.191.210 - - [08/Mar/2018:09:24:28 -0300] "GET /cormun/static/Shared/jqueryui/images/ui-bg_flat_55_fafafa_40x100.png HTTP/1.1" 404 1097
192.168.10.89 - - [08/Mar/2018:09:24:42 -0300] "POST /cormun/servlet/trsolicitudgral?21944911fe015ec0a36310f097f778d8,,gx-no-cache=1520511720827 HTTP/1.1" 200 7278
190.100.93.40 - - [08/Mar/2018:09:24:50 -0300] "GET /cormun/servlet/solicitudotadjuntos?1dbeab573094d2114bd629068c8b0807099af5b16a7a8bb6c45b9438f71381ae,gx-no-cache=1520511844370 HTTP/1.1" 200 30
190.100.93.40 - - [08/Mar/2018:09:24:50 -0300] "GET /cormun/servlet/solicitudotadjuntos?1dbeab573094d2114bd629068c8b0807099af5b16a7a8bb6c45b9438f71381ae,gx-no-cache=1520511844446 HTTP/1.1" 200 30
190.100.93.40 - - [08/Mar/2018:09:24:52 -0300] "POST /cormun/servlet/solicitudotadjuntos?3d9912a6895187869be9ef393fbf3dea,INS,2018,10245,,1, HTTP/1.1" 200 116
190.100.93.40 - - [08/Mar/2018:09:24:52 -0300] "GET /cormun/servlet/hpexe_return? HTTP/1.1" 200 1028
190.100.93.40 - - [08/Mar/2018:09:24:52 -0300] "GET /cormun/servlet/trsolicitudadjuntos?2018,10245, HTTP/1.1" 200 9084
190.100.93.40 - - [08/Mar/2018:09:24:53 -0300] "GET /cormun/servlet/trsolicitudadjuntos?2018,10245, HTTP/1.1" 200 9083
190.100.93.40 - - [08/Mar/2018:09:24:54 -0300] "GET /cormun/servlet/solicitudotadjuntos?INS,2018,10245,,1, HTTP/1.1" 200 6363
190.100.93.40 - - [08/Mar/2018:09:24:54 -0300] "GET /cormun/static/about:blank HTTP/1.1" 404 1011
190.100.93.40 - - [08/Mar/2018:09:24:54 -0300] "GET /cormun/servlet/solicitudotadjuntos?INS,2018,10245,,1, HTTP/1.1" 200 6356
190.100.93.40 - - [08/Mar/2018:09:24:55 -0300] "GET /cormun/servlet/solicitudotadjuntos?1dbeab573094d2114bd629068c8b08073c7f4d52350a0d24955399da522aae0754f28ac1781349fe8e5b8a9c0632b192,gx-no-cache=1520511849013 HTTP/1.1" 200 30
190.100.93.40 - - [08/Mar/2018:09:24:55 -0300] "POST /cormun/servlet/solicitudotadjuntos?3d9912a6895187869be9ef393fbf3dea,INS,2018,10245,,1,,gx-no-cache=1520511849094 HTTP/1.1" 200 4029
190.100.93.40 - - [08/Mar/2018:09:24:58 -0300] "POST /cormun/servlet/solicitudotadjuntos?gx-no-cache=1520511851712 HTTP/1.1" 200 26
190.100.93.40 - - [08/Mar/2018:09:25:06 -0300] "GET /cormun/servlet/solicitudotadjuntos?1dbeab573094d2114bd629068c8b0807099af5b16a7a8bb6c45b9438f71381ae,gx-no-cache=1520511860326 HTTP/1.1" 200 30
190.100.93.40 - - [08/Mar/2018:09:25:06 -0300] "GET /cormun/servlet/solicitudotadjuntos?1dbeab573094d2114bd629068c8b0807099af5b16a7a8bb6c45b9438f71381ae,gx-no-cache=1520511860414 HTTP/1.1" 200 30
190.100.93.40 - - [08/Mar/2018:09:25:07 -0300] "POST /cormun/servlet/solicitudotadjuntos?3d9912a6895187869be9ef393fbf3dea,INS,2018,10245,,1, HTTP/1.1" 200 116
190.100.93.40 - - [08/Mar/2018:09:25:07 -0300] "GET /cormun/servlet/hpexe_return? HTTP/1.1" 200 1028
190.100.93.40 - - [08/Mar/2018:09:25:08 -0300] "GET /cormun/servlet/trsolicitudadjuntos?2018,10245, HTTP/1.1" 200 9250
190.100.93.40 - - [08/Mar/2018:09:25:08 -0300] "GET /cormun/servlet/trsolicitudadjuntos?2018,10245, HTTP/1.1" 200 9247
190.100.93.40 - - [08/Mar/2018:09:25:13 -0300] "GET /cormun/servlet/solicitudotadjuntos?INS,2018,10245,,1, HTTP/1.1" 200 6363
190.100.93.40 - - [08/Mar/2018:09:25:14 -0300] "GET /cormun/static/about:blank HTTP/1.1" 404 1011
190.100.93.40 - - [08/Mar/2018:09:25:14 -0300] "GET /cormun/servlet/solicitudotadjuntos?INS,2018,10245,,1, HTTP/1.1" 200 6356
190.100.93.40 - - [08/Mar/2018:09:25:14 -0300] "GET /cormun/servlet/solicitudotadjuntos?1dbeab573094d2114bd629068c8b08073c7f4d52350a0d24955399da522aae0754f28ac1781349fe8e5b8a9c0632b192,gx-no-cache=1520511868301 HTTP/1.1" 200 30
190.100.93.40 - - [08/Mar/2018:09:25:14 -0300] "POST /cormun/servlet/solicitudotadjuntos?3d9912a6895187869be9ef393fbf3dea,INS,2018,10245,,1,,gx-no-cache=1520511868374 HTTP/1.1" 200 4029
190.100.93.40 - - [08/Mar/2018:09:25:18 -0300] "POST /cormun/servlet/solicitudotadjuntos?gx-no-cache=1520511872006 HTTP/1.1" 200 26
190.100.93.40 - - [08/Mar/2018:09:25:23 -0300] "GET /cormun/servlet/solicitudotadjuntos?1dbeab573094d2114bd629068c8b0807099af5b16a7a8bb6c45b9438f71381ae,gx-no-cache=1520511877512 HTTP/1.1" 200 30
190.100.93.40 - - [08/Mar/2018:09:25:24 -0300] "GET /cormun/servlet/solicitudotadjuntos?1dbeab573094d2114bd629068c8b0807099af5b16a7a8bb6c45b9438f71381ae,gx-no-cache=1520511877574 HTTP/1.1" 200 30
190.100.93.40 - - [08/Mar/2018:09:25:26 -0300] "POST /cormun/servlet/solicitudotadjuntos?3d9912a6895187869be9ef393fbf3dea,INS,2018,10245,,1, HTTP/1.1" 200 116
190.100.93.40 - - [08/Mar/2018:09:25:26 -0300] "GET /cormun/servlet/hpexe_return? HTTP/1.1" 200 1028
190.100.93.40 - - [08/Mar/2018:09:25:27 -0300] "GET /cormun/servlet/trsolicitudadjuntos?2018,10245, HTTP/1.1" 200 9488
190.100.93.40 - - [08/Mar/2018:09:25:27 -0300] "GET /cormun/servlet/trsolicitudadjuntos?2018,10245, HTTP/1.1" 200 9489
190.100.93.40 - - [08/Mar/2018:09:25:29 -0300] "GET /cormun/servlet/solicitudotadjuntos?INS,2018,10245,,1, HTTP/1.1" 200 6363
190.100.93.40 - - [08/Mar/2018:09:25:30 -0300] "GET /cormun/static/about:blank HTTP/1.1" 404 1011
190.100.93.40 - - [08/Mar/2018:09:25:30 -0300] "GET /cormun/servlet/solicitudotadjuntos?INS,2018,10245,,1, HTTP/1.1" 200 6356
190.100.93.40 - - [08/Mar/2018:09:25:30 -0300] "GET /cormun/servlet/solicitudotadjuntos?1dbeab573094d2114bd629068c8b08073c7f4d52350a0d24955399da522aae0754f28ac1781349fe8e5b8a9c0632b192,gx-no-cache=1520511884358 HTTP/1.1" 200 30
190.100.93.40 - - [08/Mar/2018:09:25:31 -0300] "POST /cormun/servlet/solicitudotadjuntos?3d9912a6895187869be9ef393fbf3dea,INS,2018,10245,,1,,gx-no-cache=1520511884443 HTTP/1.1" 200 4029
190.100.93.40 - - [08/Mar/2018:09:25:33 -0300] "POST /cormun/servlet/solicitudotadjuntos?gx-no-cache=1520511886975 HTTP/1.1" 200 26
190.100.93.40 - - [08/Mar/2018:09:25:38 -0300] "GET /cormun/servlet/solicitudotadjuntos?1dbeab573094d2114bd629068c8b0807099af5b16a7a8bb6c45b9438f71381ae,gx-no-cache=1520511892183 HTTP/1.1" 200 30
190.100.93.40 - - [08/Mar/2018:09:25:38 -0300] "GET /cormun/servlet/solicitudotadjuntos?1dbeab573094d2114bd629068c8b0807099af5b16a7a8bb6c45b9438f71381ae,gx-no-cache=1520511892246 HTTP/1.1" 200 30
190.100.93.40 - - [08/Mar/2018:09:25:41 -0300] "POST /cormun/servlet/solicitudotadjuntos?3d9912a6895187869be9ef393fbf3dea,INS,2018,10245,,1, HTTP/1.1" 200 116
190.100.93.40 - - [08/Mar/2018:09:25:44 -0300] "GET /cormun/servlet/hpexe_return? HTTP/1.1" 200 1028
190.100.93.40 - - [08/Mar/2018:09:25:45 -0300] "GET /cormun/servlet/trsolicitudadjuntos?2018,10245, HTTP/1.1" 200 9691
190.100.93.40 - - [08/Mar/2018:09:25:46 -0300] "GET /cormun/servlet/trsolicitudadjuntos?2018,10245, HTTP/1.1" 200 9689
190.100.93.40 - - [08/Mar/2018:09:25:48 -0300] "GET /cormun/servlet/solicitudotadjuntos?INS,2018,10245,,1, HTTP/1.1" 200 6363
190.100.93.40 - - [08/Mar/2018:09:25:48 -0300] "GET /cormun/static/about:blank HTTP/1.1" 404 1011
190.100.93.40 - - [08/Mar/2018:09:25:48 -0300] "GET /cormun/servlet/solicitudotadjuntos?INS,2018,10245,,1, HTTP/1.1" 200 6356
190.100.93.40 - - [08/Mar/2018:09:25:49 -0300] "GET /cormun/servlet/solicitudotadjuntos?1dbeab573094d2114bd629068c8b08073c7f4d52350a0d24955399da522aae0754f28ac1781349fe8e5b8a9c0632b192,gx-no-cache=1520511902714 HTTP/1.1" 200 30
190.100.93.40 - - [08/Mar/2018:09:25:49 -0300] "POST /cormun/servlet/solicitudotadjuntos?3d9912a6895187869be9ef393fbf3dea,INS,2018,10245,,1,,gx-no-cache=1520511902761 HTTP/1.1" 200 4029
190.100.93.40 - - [08/Mar/2018:09:25:51 -0300] "POST /cormun/servlet/solicitudotadjuntos?gx-no-cache=1520511905240 HTTP/1.1" 200 26
190.100.93.40 - - [08/Mar/2018:09:26:11 -0300] "GET /cormun/servlet/solicitudotadjuntos?1dbeab573094d2114bd629068c8b0807099af5b16a7a8bb6c45b9438f71381ae,gx-no-cache=1520511924927 HTTP/1.1" 200 30
190.100.93.40 - - [08/Mar/2018:09:26:11 -0300] "GET /cormun/servlet/solicitudotadjuntos?1dbeab573094d2114bd629068c8b0807099af5b16a7a8bb6c45b9438f71381ae,gx-no-cache=1520511924975 HTTP/1.1" 200 30
190.100.93.40 - - [08/Mar/2018:09:26:11 -0300] "POST /cormun/servlet/solicitudotadjuntos?3d9912a6895187869be9ef393fbf3dea,INS,2018,10245,,1,,gx-no-cache=1520511925040 HTTP/1.1" 200 93
190.100.93.40 - - [08/Mar/2018:09:26:11 -0300] "GET /cormun/servlet/hpexe_return? HTTP/1.1" 200 1028
190.100.93.40 - - [08/Mar/2018:09:26:12 -0300] "GET /cormun/servlet/trsolicitudadjuntos?2018,10245, HTTP/1.1" 200 9885
190.100.93.40 - - [08/Mar/2018:09:26:13 -0300] "GET /cormun/servlet/trsolicitudadjuntos?2018,10245, HTTP/1.1" 200 9887
190.100.93.40 - - [08/Mar/2018:09:26:18 -0300] "GET /cormun/servlet/solicitudotadjuntos?DLT,2018,10245,CARNET,0, HTTP/1.1" 200 6335
190.100.93.40 - - [08/Mar/2018:09:26:18 -0300] "GET /cormun/static/Shared/jqueryui/images/ui-bg_highlight-soft_100_c6c2c8_1x100.png HTTP/1.1" 404 1117
190.100.93.40 - - [08/Mar/2018:09:26:18 -0300] "GET /cormun/static/Shared/jqueryui/images/ui-bg_flat_55_fafafa_40x100.png HTTP/1.1" 404 1097
190.100.93.40 - - [08/Mar/2018:09:26:18 -0300] "GET /cormun/static/Shared/jqueryui/images/ui-icons_82798d_256x240.png HTTP/1.1" 404 1089
190.100.93.40 - - [08/Mar/2018:09:26:18 -0300] "GET /cormun/static/Shared/jqueryui/images/ui-icons_8d78a5_256x240.png HTTP/1.1" 404 1089
190.100.93.40 - - [08/Mar/2018:09:26:19 -0300] "GET /cormun/servlet/solicitudotadjuntos?DLT,2018,10245,CARNET,0, HTTP/1.1" 200 6329
190.100.93.40 - - [08/Mar/2018:09:26:19 -0300] "GET /cormun/PublicTempStorage/r.reyes_-_c.i.8036338.pdf HTTP/1.1" 200 321545
190.100.93.40 - - [08/Mar/2018:09:26:21 -0300] "POST /cormun/servlet/solicitudotadjuntos?3d9912a6895187869be9ef393fbf3dea,DLT,2018,10245,CARNET,0,,gx-no-cache=1520511934720 HTTP/1.1" 200 93
190.100.93.40 - - [08/Mar/2018:09:26:21 -0300] "GET /cormun/servlet/hpexe_return? HTTP/1.1" 200 1033
190.100.93.40 - - [08/Mar/2018:09:26:21 -0300] "GET /cormun/servlet/trsolicitudadjuntos?2018,10245, HTTP/1.1" 200 9625
190.100.93.40 - - [08/Mar/2018:09:26:22 -0300] "GET /cormun/servlet/trsolicitudadjuntos?2018,10245, HTTP/1.1" 200 9626
190.100.93.40 - - [08/Mar/2018:09:26:24 -0300] "GET /cormun/servlet/solicitudotadjuntos?DLT,2018,10245,CERTIF3,0, HTTP/1.1" 200 6336
190.100.93.40 - - [08/Mar/2018:09:26:25 -0300] "GET /cormun/static/Shared/jqueryui/images/ui-icons_8d78a5_256x240.png HTTP/1.1" 404 1089
190.100.93.40 - - [08/Mar/2018:09:26:25 -0300] "GET /cormun/static/Shared/jqueryui/images/ui-icons_82798d_256x240.png HTTP/1.1" 404 1089
190.100.93.40 - - [08/Mar/2018:09:26:25 -0300] "GET /cormun/static/Shared/jqueryui/images/ui-bg_flat_55_fafafa_40x100.png HTTP/1.1" 404 1097
190.100.93.40 - - [08/Mar/2018:09:26:25 -0300] "GET /cormun/static/Shared/jqueryui/images/ui-bg_highlight-soft_100_c6c2c8_1x100.png HTTP/1.1" 404 1117
190.100.93.40 - - [08/Mar/2018:09:26:25 -0300] "GET /cormun/servlet/solicitudotadjuntos?DLT,2018,10245,CERTIF3,0, HTTP/1.1" 200 6330
190.100.93.40 - - [08/Mar/2018:09:26:26 -0300] "GET /cormun/PublicTempStorage/r.reyes_-_afp9213440.pdf HTTP/1.1" 200 1123967
190.100.93.40 - - [08/Mar/2018:09:26:26 -0300] "POST /cormun/servlet/solicitudotadjuntos?3d9912a6895187869be9ef393fbf3dea,DLT,2018,10245,CERTIF3,0,,gx-no-cache=1520511939999 HTTP/1.1" 200 93
190.100.93.40 - - [08/Mar/2018:09:26:26 -0300] "GET /cormun/servlet/hpexe_return? HTTP/1.1" 200 1033
190.100.93.40 - - [08/Mar/2018:09:26:26 -0300] "GET /cormun/servlet/trsolicitudadjuntos?2018,10245, HTTP/1.1" 200 9430
190.100.93.40 - - [08/Mar/2018:09:26:27 -0300] "GET /cormun/servlet/trsolicitudadjuntos?2018,10245, HTTP/1.1" 200 9429
190.100.93.40 - - [08/Mar/2018:09:26:29 -0300] "GET /cormun/servlet/solicitudotadjuntos?DLT,2018,10245,CERTIF4,0, HTTP/1.1" 200 6341
190.100.93.40 - - [08/Mar/2018:09:26:29 -0300] "GET /cormun/static/Shared/jqueryui/images/ui-bg_highlight-soft_100_c6c2c8_1x100.png HTTP/1.1" 404 1117
190.100.93.40 - - [08/Mar/2018:09:26:29 -0300] "GET /cormun/static/Shared/jqueryui/images/ui-icons_82798d_256x240.png HTTP/1.1" 404 1089
190.100.93.40 - - [08/Mar/2018:09:26:29 -0300] "GET /cormun/static/Shared/jqueryui/images/ui-bg_flat_55_fafafa_40x100.png HTTP/1.1" 404 1097
190.100.93.40 - - [08/Mar/2018:09:26:29 -0300] "GET /cormun/static/Shared/jqueryui/images/ui-icons_8d78a5_256x240.png HTTP/1.1" 404 1089
190.100.93.40 - - [08/Mar/2018:09:26:29 -0300] "GET /cormun/servlet/solicitudotadjuntos?DLT,2018,10245,CERTIF4,0, HTTP/1.1" 200 6335
190.100.93.40 - - [08/Mar/2018:09:26:29 -0300] "GET /cormun/PublicTempStorage/r.reyes_-_fonasa7604082.pdf HTTP/1.1" 200 321610
190.100.93.40 - - [08/Mar/2018:09:26:30 -0300] "POST /cormun/servlet/solicitudotadjuntos?3d9912a6895187869be9ef393fbf3dea,DLT,2018,10245,CERTIF4,0,,gx-no-cache=1520511943982 HTTP/1.1" 200 93
190.100.93.40 - - [08/Mar/2018:09:26:30 -0300] "GET /cormun/servlet/hpexe_return? HTTP/1.1" 200 1034
190.100.93.40 - - [08/Mar/2018:09:26:31 -0300] "GET /cormun/servlet/trsolicitudadjuntos?2018,10245, HTTP/1.1" 200 9210
186.103.159.204 - - [08/Mar/2018:09:26:31 -0300] "POST /cormun/servlet/hlogin?a5f6c6a75309cc246293c97ef522fa3a,gx-no-cache=1520511941548 HTTP/1.1" 200 90
186.103.159.204 - - [08/Mar/2018:09:26:31 -0300] "GET /cormun/servlet/hpexe_link HTTP/1.1" 200 956
186.103.159.204 - - [08/Mar/2018:09:26:31 -0300] "GET /cormun/servlet/hhome HTTP/1.1" 200 4082
190.100.93.40 - - [08/Mar/2018:09:26:31 -0300] "GET /cormun/servlet/trsolicitudadjuntos?2018,10245, HTTP/1.1" 200 9207
186.103.159.204 - - [08/Mar/2018:09:26:32 -0300] "GET /cormun/servlet/hhome HTTP/1.1" 200 4079
190.100.93.40 - - [08/Mar/2018:09:26:33 -0300] "GET /cormun/servlet/solicitudotadjuntos?DLT,2018,10245,CERTIF5,0, HTTP/1.1" 200 6353
190.100.93.40 - - [08/Mar/2018:09:26:33 -0300] "GET /cormun/static/Shared/jqueryui/images/ui-bg_highlight-soft_100_c6c2c8_1x100.png HTTP/1.1" 404 1117
190.100.93.40 - - [08/Mar/2018:09:26:33 -0300] "GET /cormun/static/Shared/jqueryui/images/ui-bg_flat_55_fafafa_40x100.png HTTP/1.1" 404 1097
190.100.93.40 - - [08/Mar/2018:09:26:33 -0300] "GET /cormun/static/Shared/jqueryui/images/ui-icons_82798d_256x240.png HTTP/1.1" 404 1089
190.100.93.40 - - [08/Mar/2018:09:26:33 -0300] "GET /cormun/static/Shared/jqueryui/images/ui-icons_8d78a5_256x240.png HTTP/1.1" 404 1089
190.100.93.40 - - [08/Mar/2018:09:26:33 -0300] "GET /cormun/servlet/solicitudotadjuntos?DLT,2018,10245,CERTIF5,0, HTTP/1.1" 200 6348
186.103.159.187 - - [08/Mar/2018:09:26:33 -0300] "GET /cormun/servlet/hhome HTTP/1.1" 200 3396
186.103.159.187 - - [08/Mar/2018:09:26:34 -0300] "GET /cormun/servlet/hhome HTTP/1.1" 200 3396
190.100.93.40 - - [08/Mar/2018:09:26:34 -0300] "GET /cormun/PublicTempStorage/r.reyes_-_cert._antecedentes2278719.pdf HTTP/1.1" 200 518081
190.100.93.40 - - [08/Mar/2018:09:26:34 -0300] "POST /cormun/servlet/solicitudotadjuntos?3d9912a6895187869be9ef393fbf3dea,DLT,2018,10245,CERTIF5,0,,gx-no-cache=1520511948487 HTTP/1.1" 200 93
190.100.93.40 - - [08/Mar/2018:09:26:35 -0300] "GET /cormun/servlet/hpexe_return? HTTP/1.1" 200 1034
190.100.93.40 - - [08/Mar/2018:09:26:35 -0300] "GET /cormun/servlet/trsolicitudadjuntos?2018,10245, HTTP/1.1" 200 9016
190.100.93.40 - - [08/Mar/2018:09:26:35 -0300] "GET /cormun/servlet/trsolicitudadjuntos?2018,10245, HTTP/1.1" 200 9014
186.103.159.187 - - [08/Mar/2018:09:26:35 -0300] "GET /cormun/servlet/hhome HTTP/1.1" 200 3405
186.103.159.187 - - [08/Mar/2018:09:26:36 -0300] "GET /cormun/servlet/hlogin HTTP/1.1" 200 1731
190.100.93.40 - - [08/Mar/2018:09:26:37 -0300] "GET /cormun/servlet/solicitudotadjuntos?DLT,2018,10245,CV,0, HTTP/1.1" 200 6330
190.100.93.40 - - [08/Mar/2018:09:26:37 -0300] "GET /cormun/static/Shared/jqueryui/images/ui-icons_82798d_256x240.png HTTP/1.1" 404 1089
190.100.93.40 - - [08/Mar/2018:09:26:37 -0300] "GET /cormun/static/Shared/jqueryui/images/ui-bg_highlight-soft_100_c6c2c8_1x100.png HTTP/1.1" 404 1117
190.100.93.40 - - [08/Mar/2018:09:26:37 -0300] "GET /cormun/static/Shared/jqueryui/images/ui-bg_flat_55_fafafa_40x100.png HTTP/1.1" 404 1097
190.100.93.40 - - [08/Mar/2018:09:26:37 -0300] "GET /cormun/static/Shared/jqueryui/images/ui-icons_8d78a5_256x240.png HTTP/1.1" 404 1089
190.100.93.40 - - [08/Mar/2018:09:26:37 -0300] "GET /cormun/servlet/solicitudotadjuntos?DLT,2018,10245,CV,0, HTTP/1.1" 200 6322
190.100.93.40 - - [08/Mar/2018:09:26:38 -0300] "GET /cormun/PublicTempStorage/r.reyes_-_cv3166621.pdf HTTP/1.1" 200 382727
186.103.156.166 - - [08/Mar/2018:09:26:38 -0300] "GET /cormun/servlet/hhome HTTP/1.1" 200 3396
186.103.156.166 - - [08/Mar/2018:09:26:38 -0300] "GET /cormun/servlet/hhome HTTP/1.1" 200 3395
190.100.93.40 - - [08/Mar/2018:09:26:38 -0300] "POST /cormun/servlet/solicitudotadjuntos?3d9912a6895187869be9ef393fbf3dea,DLT,2018,10245,CV,0,,gx-no-cache=1520511952428 HTTP/1.1" 200 93
186.103.156.166 - - [08/Mar/2018:09:26:38 -0300] "GET /cormun/servlet/hhome HTTP/1.1" 200 3393
190.100.93.40 - - [08/Mar/2018:09:26:38 -0300] "GET /cormun/servlet/hpexe_return? HTTP/1.1" 200 1030
186.103.156.166 - - [08/Mar/2018:09:26:39 -0300] "GET /cormun/static/gxcfg.js?20175251212442 HTTP/1.1" 304 -
190.100.93.40 - - [08/Mar/2018:09:26:39 -0300] "GET /cormun/servlet/trsolicitudadjuntos?2018,10245, HTTP/1.1" 200 8735
190.100.93.40 - - [08/Mar/2018:09:26:39 -0300] "GET /cormun/servlet/trsolicitudadjuntos?2018,10245, HTTP/1.1" 200 8734
186.103.156.166 - - [08/Mar/2018:09:26:39 -0300] "GET /cormun/servlet/hhome HTTP/1.1" 200 3403
186.103.156.166 - - [08/Mar/2018:09:26:39 -0300] "GET /cormun/servlet/hlogin HTTP/1.1" 200 1729
186.103.156.166 - - [08/Mar/2018:09:26:39 -0300] "GET /cormun/static/gxcfg.js?20175251213516 HTTP/1.1" 304 -
190.100.93.40 - - [08/Mar/2018:09:26:41 -0300] "GET /cormun/servlet/solicitudotadjuntos?DLT,2018,10245,TITULO,0, HTTP/1.1" 200 6241
190.100.93.40 - - [08/Mar/2018:09:26:41 -0300] "GET /cormun/static/about:blank HTTP/1.1" 404 1011
190.100.93.40 - - [08/Mar/2018:09:26:41 -0300] "GET /cormun/servlet/solicitudotadjuntos?DLT,2018,10245,TITULO,0, HTTP/1.1" 200 6235
190.100.93.40 - - [08/Mar/2018:09:26:41 -0300] "GET /cormun/static/Shared/jqueryui/images/ui-bg_highlight-soft_100_c6c2c8_1x100.png HTTP/1.1" 404 1117
190.100.93.40 - - [08/Mar/2018:09:26:41 -0300] "GET /cormun/static/Shared/jqueryui/images/ui-icons_8d78a5_256x240.png HTTP/1.1" 404 1089
190.100.93.40 - - [08/Mar/2018:09:26:41 -0300] "GET /cormun/static/Shared/jqueryui/images/ui-icons_82798d_256x240.png HTTP/1.1" 404 1089
190.100.93.40 - - [08/Mar/2018:09:26:41 -0300] "GET /cormun/static/Shared/jqueryui/images/ui-bg_flat_55_fafafa_40x100.png HTTP/1.1" 404 1097
190.100.93.40 - - [08/Mar/2018:09:26:43 -0300] "POST /cormun/servlet/solicitudotadjuntos?3d9912a6895187869be9ef393fbf3dea,DLT,2018,10245,TITULO,0,,gx-no-cache=1520511956423 HTTP/1.1" 200 93
190.100.93.40 - - [08/Mar/2018:09:26:44 -0300] "GET /cormun/servlet/hpexe_return? HTTP/1.1" 200 1033
190.100.93.40 - - [08/Mar/2018:09:26:44 -0300] "GET /cormun/servlet/trsolicitudadjuntos?2018,10245, HTTP/1.1" 200 6427
190.100.93.40 - - [08/Mar/2018:09:26:44 -0300] "GET /cormun/servlet/trsolicitudadjuntos?2018,10245, HTTP/1.1" 200 6424
190.100.93.40 - - [08/Mar/2018:09:26:46 -0300] "GET /cormun/servlet/solicitudotadjuntos?INS,2018,10245,,1, HTTP/1.1" 200 6363
190.100.93.40 - - [08/Mar/2018:09:26:46 -0300] "GET /cormun/static/about:blank HTTP/1.1" 404 1011
190.100.93.40 - - [08/Mar/2018:09:26:46 -0300] "GET /cormun/servlet/solicitudotadjuntos?INS,2018,10245,,1, HTTP/1.1" 200 6356
186.103.159.187 - - [08/Mar/2018:09:26:46 -0300] "POST /cormun/servlet/hlogin?ae30fae66b97031c95cb49e4a65f9599,gx-no-cache=1520512053613 HTTP/1.1" 200 443
190.100.93.40 - - [08/Mar/2018:09:26:46 -0300] "GET /cormun/servlet/solicitudotadjuntos?1dbeab573094d2114bd629068c8b08073c7f4d52350a0d24955399da522aae0754f28ac1781349fe8e5b8a9c0632b192,gx-no-cache=1520511960455 HTTP/1.1" 200 30
190.100.93.40 - - [08/Mar/2018:09:26:47 -0300] "POST /cormun/servlet/solicitudotadjuntos?3d9912a6895187869be9ef393fbf3dea,INS,2018,10245,,1,,gx-no-cache=1520511960533 HTTP/1.1" 200 4029
190.100.93.40 - - [08/Mar/2018:09:26:49 -0300] "POST /cormun/servlet/solicitudotadjuntos?gx-no-cache=1520511963419 HTTP/1.1" 200 26
186.103.159.187 - - [08/Mar/2018:09:26:52 -0300] "POST /cormun/servlet/hlogin?ae30fae66b97031c95cb49e4a65f9599,gx-no-cache=1520512059167 HTTP/1.1" 200 90
186.103.159.187 - - [08/Mar/2018:09:26:52 -0300] "GET /cormun/servlet/hpexe_link HTTP/1.1" 200 951
186.103.159.187 - - [08/Mar/2018:09:26:52 -0300] "GET /cormun/servlet/hhome HTTP/1.1" 200 3932
186.103.159.187 - - [08/Mar/2018:09:26:53 -0300] "GET /cormun/servlet/hhome HTTP/1.1" 200 3928
186.103.156.166 - - [08/Mar/2018:09:26:54 -0300] "POST /cormun/servlet/hlogin?f919d74e24f2fbfc3856496c987d4151,gx-no-cache=1520515554914 HTTP/1.1" 200 90
186.103.156.166 - - [08/Mar/2018:09:26:54 -0300] "GET /cormun/servlet/hpexe_link HTTP/1.1" 200 948
186.103.156.166 - - [08/Mar/2018:09:26:54 -0300] "GET /cormun/static/gxcfg.js?20177612121792 HTTP/1.1" 304 -
186.103.156.166 - - [08/Mar/2018:09:26:54 -0300] "GET /cormun/servlet/hhome HTTP/1.1" 200 3884
186.103.156.166 - - [08/Mar/2018:09:26:54 -0300] "GET /cormun/servlet/hhome HTTP/1.1" 200 3881
186.103.159.183 - - [08/Mar/2018:09:26:57 -0300] "GET /cormun/servlet/hlogin HTTP/1.1" 200 1726
186.103.159.183 - - [08/Mar/2018:09:26:57 -0300] "GET /cormun/static/gxcfg.js?20175251213516 HTTP/1.1" 200 953
186.103.159.183 - - [08/Mar/2018:09:26:57 -0300] "GET /cormun/static/hlogin.js?20175251213537 HTTP/1.1" 200 2136
186.103.159.183 - - [08/Mar/2018:09:26:57 -0300] "GET /cormun/static/Resources/Spanish/PXTools.css?11423723 HTTP/1.1" 200 89042
186.103.159.183 - - [08/Mar/2018:09:26:57 -0300] "GET /cormun/static/messages.spa.js?85251 HTTP/1.1" 200 30736
186.103.159.183 - - [08/Mar/2018:09:26:57 -0300] "GET /cormun/static/gxtimezone.js?85251 HTTP/1.1" 200 5781
186.103.159.183 - - [08/Mar/2018:09:26:57 -0300] "GET /cormun/static/gxgral.js?85251 HTTP/1.1" 200 384558
186.103.159.183 - - [08/Mar/2018:09:26:57 -0300] "GET /cormun/static/Resources/ComunLogin.png HTTP/1.1" 200 17326
186.103.159.183 - - [08/Mar/2018:09:26:58 -0300] "GET /cormun/static/Resources/PXToolsLoginBackground.png HTTP/1.1" 200 1164
186.103.159.183 - - [08/Mar/2018:09:26:58 -0300] "GET /cormun/static/Resources/PXToolsButtonRight21.png HTTP/1.1" 200 1283
186.103.159.183 - - [08/Mar/2018:09:26:58 -0300] "GET /cormun/static/Resources/PXToolsLoginTop.png HTTP/1.1" 200 1337
186.103.159.183 - - [08/Mar/2018:09:26:58 -0300] "GET /cormun/static/Resources/PXToolsLoginBottom.png HTTP/1.1" 200 1389
186.103.159.183 - - [08/Mar/2018:09:26:58 -0300] "GET /cormun/static/Resources/PXToolsButtonLeft21.png HTTP/1.1" 200 1287
186.103.159.183 - - [08/Mar/2018:09:26:58 -0300] "GET /cormun/static/Resources/PXToolsButtonBackground2.png HTTP/1.1" 200 1181
186.103.159.183 - - [08/Mar/2018:09:26:58 -0300] "GET /favicon.ico HTTP/1.1" 200 21630
186.103.159.183 - - [08/Mar/2018:09:26:58 -0300] "GET /cormun/static/Resources/indicator.gif HTTP/1.1" 200 1553
186.103.159.183 - - [08/Mar/2018:09:26:58 -0300] "GET /cormun/servlet/hlogin HTTP/1.1" 200 1737
