186.103.159.187 - - [08/Mar/2018:12:24:27 -0300] "GET /cormun/servlet/solicitudot?fa9a5449ef88554d3e5359d9b3546993736ee4ba56c65f1d389e45d19307d006710a0d2ad0585031f182cd6dad190e226c306d4d508fdc032db97353a009d28380d9af177e51ca3da92abf64efb550ccd5ec66d3676ca73ea2017035d590c0709974250066bc81c6a54c8d49fc3e46d31de9f703192ce5b1786244e104a4097076fbf96cc725167481ac65144aca923807c55ebb67450902047d9da7420349cfd56aa607b3802fabebe555418a5c5ff81771f5d634223068a28b81e4b2a4aab85ccd9e1c47dc4e92f5a4e290d3729e09cde8733b2ac5767bf3bfbc945d3ce7556fa40559b27d511ed961f43f6ac518a415fe1885669c19e4f68383ffac90a65276b19a173a393fcfdad267321bbba4c538d0cf18f9e320f22051c511fa86980ae4fe44fbdf87f1750f27211fc9705f0d545e3d93e08e1714bf52f6a28c2b2a95b4072bf2f41acd023ae9ea125fc793f5c40941306684958aeb4d1bf6431ef5dda7288faa264509b6d56a8c83062a6a9952267abef650b51d4fce452dfd8c6d03,gx-no-cache=1520522714119 HTTP/1.1" 200 30
200.54.247.70 - - [08/Mar/2018:12:24:34 -0300] "GET /cormun/servlet/solicitudot?ff50f9aaf15f507585e74d4b5e532848e2f149fbc1a48289c4cc016716bebeb1211b4cb521ecd80605f82262d839bceb,gx-no-cache=1520522623705 HTTP/1.1" 200 30
200.54.247.70 - - [08/Mar/2018:12:24:34 -0300] "POST /cormun/servlet/solicitudot?gx-no-cache=1520522623772 HTTP/1.1" 200 297
200.54.247.70 - - [08/Mar/2018:12:24:34 -0300] "GET /cormun/servlet/solicitudot?ff50f9aaf15f507585e74d4b5e532848fc7d68ab328f835137f794b6aeb85c312f7a119e46cee0e81dab708874a401e5789589d8044a47bd7fb1b9e74e4cee98b0ceb4db98e49c169017d021921867d3ecd565886505a2f2146fec523a42f1f7b8349671988c675c80868748e5386e4eb6c6660f9f5b78cda38b99f599719568ee8bf2d6d4524391301e09ecda27128db60f68841f02edf41a0749d1e6de86de09785245842977a60fb11bc561de6819ee2c3f87971f99e7c8324b7876ba6208cec63f4d05321f416057748de0fd3696d8d479e85b6acf7cf1381b5c6ae9d3a069c4d2d01d454b899d7041a1a2910e8288c8b02033b1c017510be2fc41a23513ba11fff44321c1b567a2999d558b646e3eb915105b0fa100bf82e4e6b0d891148c7eedda5deadca1aa250d5d82f5661777e63fa7b93087f40f8bb52bacd5e88a67d5c2068fbe691241c90116d8000c1c9ee07ffd55f525a7d1ef71143df2c57a3212c0898f3e155279179cecb993cf782e0ed6b191bf784b321bcaa23b9626634e84bae9745ffb25c11163b8c45668a9,gx-no-cache=1520522623838 HTTP/1.1" 200 30
200.54.247.70 - - [08/Mar/2018:12:24:35 -0300] "POST /cormun/servlet/solicitudot?gx-no-cache=1520522623899 HTTP/1.1" 200 30
200.54.247.70 - - [08/Mar/2018:12:24:35 -0300] "POST /cormun/servlet/solicitudot?gx-no-cache=1520522623978 HTTP/1.1" 200 1337
200.54.247.70 - - [08/Mar/2018:12:24:35 -0300] "POST /cormun/servlet/solicitudot?gx-no-cache=1520522624058 HTTP/1.1" 200 41
200.54.247.70 - - [08/Mar/2018:12:24:35 -0300] "POST /cormun/servlet/solicitudot?gx-no-cache=1520522624123 HTTP/1.1" 200 1318
200.54.247.70 - - [08/Mar/2018:12:24:35 -0300] "POST /cormun/servlet/solicitudot?gx-no-cache=1520522624203 HTTP/1.1" 200 1217
200.54.247.70 - - [08/Mar/2018:12:24:35 -0300] "GET /cormun/servlet/solicitudot?ff50f9aaf15f507585e74d4b5e532848b4b1ca690d2a3c287ab6760ba0d9ef7168a547effa184a2e11ea64a4a4500762,gx-no-cache=1520522624276 HTTP/1.1" 200 30
200.54.247.70 - - [08/Mar/2018:12:24:35 -0300] "POST /cormun/servlet/solicitudot?gx-no-cache=1520522624330 HTTP/1.1" 200 30
200.54.247.70 - - [08/Mar/2018:12:24:35 -0300] "POST /cormun/servlet/solicitudot?13e9c88b220aa865ada07fc00aa2b33a,INS,0,0,,gx-no-cache=1520522624392 HTTP/1.1" 200 12154
186.103.159.187 - - [08/Mar/2018:12:24:38 -0300] "GET /cormun/servlet/solicitudot?fa9a5449ef88554d3e5359d9b354699332898b79847b1006e4c52824906c4b818d76930925572ae87afd4025f489c285,gx-no-cache=1520522725981 HTTP/1.1" 200 30
200.120.230.197 - - [08/Mar/2018:12:24:45 -0300] "POST /cormun/servlet/solicitudotlog?f9bf174c160b9dca92ed67fe4dbe6558,INS,2018,10139,0,REC,,gx-no-cache=1520522637937 HTTP/1.1" 200 93
200.120.230.197 - - [08/Mar/2018:12:24:46 -0300] "GET /cormun/servlet/hpexe_return? HTTP/1.1" 200 1028
186.103.159.187 - - [08/Mar/2018:12:24:46 -0300] "POST /cormun/servlet/solicitudot?gx-no-cache=1520522733490 HTTP/1.1" 200 255
200.120.230.197 - - [08/Mar/2018:12:24:46 -0300] "GET /cormun/servlet/trautorizarsolicitud HTTP/1.1" 200 11071
186.103.159.187 - - [08/Mar/2018:12:24:46 -0300] "GET /cormun/servlet/solicitudot?fa9a5449ef88554d3e5359d9b3546993736ee4ba56c65f1d389e45d19307d006710a0d2ad0585031f182cd6dad190e226c306d4d508fdc032db97353a009d28380d9af177e51ca3da92abf64efb550ccd5ec66d3676ca73ea2017035d590c0709974250066bc81c6a54c8d49fc3e46d31de9f703192ce5b1786244e104a4097076fbf96cc725167481ac65144aca923807c55ebb67450902047d9da7420349cfd56aa607b3802fabebe555418a5c5ff81771f5d634223068a28b81e4b2a4aab85ccd9e1c47dc4e92f5a4e290d3729e09cde8733b2ac5767bf3bfbc945d3ce7556fa40559b27d511ed961f43f6ac518a415fe1885669c19e4f68383ffac90a65276b19a173a393fcfdad267321bbba4c538d0cf18f9e320f22051c511fa86980ae4fe44fbdf87f1750f27211fc9705f0d545e3d93e08e1714bf52f6a28c2b2a95b4072bf2f41acd023ae9ea125fc793f5c40941306684958aeb4d1bf6431ef5dda7288faa264509b6d56a8c83062a6a9952267abef650b51d4fce452dfd8c6d03,gx-no-cache=1520522733578 HTTP/1.1" 200 30
200.120.230.197 - - [08/Mar/2018:12:24:48 -0300] "GET /cormun/servlet/trautorizarsolicitud HTTP/1.1" 200 11066
186.103.159.187 - - [08/Mar/2018:12:24:49 -0300] "POST /cormun/servlet/solicitudot?gx-no-cache=1520522736826 HTTP/1.1" 200 30
200.120.230.197 - - [08/Mar/2018:12:24:52 -0300] "GET /cormun/servlet/trsolicitudot? HTTP/1.1" 200 9247
186.103.159.187 - - [08/Mar/2018:12:24:52 -0300] "POST /cormun/servlet/solicitudot?gx-no-cache=1520522740000 HTTP/1.1" 200 1336
186.103.159.187 - - [08/Mar/2018:12:24:52 -0300] "POST /cormun/servlet/solicitudot?gx-no-cache=1520522740160 HTTP/1.1" 200 38
200.120.230.197 - - [08/Mar/2018:12:24:53 -0300] "GET /cormun/servlet/trsolicitudot? HTTP/1.1" 200 9246
200.120.230.197 - - [08/Mar/2018:12:24:58 -0300] "POST /cormun/servlet/trsolicitudot?f9bf174c160b9dca92ed67fe4dbe6558,,gx-no-cache=1520522650936 HTTP/1.1" 200 106
200.120.230.197 - - [08/Mar/2018:12:24:58 -0300] "GET /cormun/servlet/solicitudot?UPD,2018,10139, HTTP/1.1" 200 15506
200.120.230.197 - - [08/Mar/2018:12:25:00 -0300] "GET /cormun/servlet/solicitudot?UPD,2018,10139, HTTP/1.1" 200 15516
186.103.159.187 - - [08/Mar/2018:12:25:01 -0300] "GET /cormun/servlet/solicitudot?fa9a5449ef88554d3e5359d9b354699331e5776871fc40b470afe7be5403de599605a82060c5e29f068aeabdd40551f74e392b65752d353aa783bd70e03a62989c408070db03ca9ef2287d143a33e2c636e49def7353d1cc9558cc7a96f6d89b1ebf716e94c8777636b0e8b217d51f4b56f9551ce8600cd4fae8d74ed93608966fe47038671e4ea5dfd88a6aaae06b03ec51764ebb0ffbf50dcd7891d9478306,gx-no-cache=1520522748420 HTTP/1.1" 200 29
200.120.230.197 - - [08/Mar/2018:12:25:01 -0300] "POST /cormun/servlet/solicitudot?gx-no-cache=1520522653474 HTTP/1.1" 200 3427
186.103.159.187 - - [08/Mar/2018:12:25:01 -0300] "POST /cormun/servlet/solicitudot?gx-no-cache=1520522748499 HTTP/1.1" 200 1318
186.103.159.187 - - [08/Mar/2018:12:25:01 -0300] "POST /cormun/servlet/solicitudot?gx-no-cache=1520522748629 HTTP/1.1" 200 1218
186.103.159.187 - - [08/Mar/2018:12:25:01 -0300] "GET /cormun/static/menuarrow.gif HTTP/1.1" 404 1015
200.120.230.197 - - [08/Mar/2018:12:25:01 -0300] "POST /cormun/servlet/solicitudot?f9bf174c160b9dca92ed67fe4dbe6558,UPD,2018,10139,,gx-no-cache=1520522653981 HTTP/1.1" 200 11786
200.120.230.197 - - [08/Mar/2018:12:25:02 -0300] "GET /cormun/servlet/solicitudot?63d9a9840371a7be91da6b1098c2d2431b2b8e72c345a5e857087f92b910b32a7c28647db4f2952f86948ab849b0a4d1,gx-no-cache=1520522654880 HTTP/1.1" 200 30
200.120.230.197 - - [08/Mar/2018:12:25:02 -0300] "GET /cormun/servlet/solicitudot?63d9a9840371a7be91da6b1098c2d243bda489860c6d14121361d10ff505f5480052a72f52410d53b5f760f686751c2e7c28647db4f2952f86948ab849b0a4d1,gx-no-cache=1520522655019 HTTP/1.1" 200 30
200.120.230.197 - - [08/Mar/2018:12:25:02 -0300] "GET /cormun/servlet/solicitudot?63d9a9840371a7be91da6b1098c2d24369e4fe2b96468333df65cbb90a450d3f0faf50047624ba391af1a9818a3275b25bab3f9ae92b396cdb4a2e878b5ceb5c1210c1c50d29cfeca15b4387f32e4ba7c4c53996def8bfcd6ca276c6c85fa2e1,gx-no-cache=1520522655113 HTTP/1.1" 200 70
200.120.230.197 - - [08/Mar/2018:12:25:02 -0300] "POST /cormun/servlet/solicitudot?gx-no-cache=1520522655250 HTTP/1.1" 200 297
200.120.230.197 - - [08/Mar/2018:12:25:02 -0300] "GET /cormun/servlet/solicitudot?63d9a9840371a7be91da6b1098c2d24303c62575e035e006864bbdffd0d9bac053f086079c7aa72b8f66e0d4e7116e3cf7ac6953393a3621570861a99149e27bbd49bd2640f95de8def568c40b58e143666fced3d9e859e333b26c36dc91df26d89b69fc09da8d71f532a2a1c9effe5bed926bece99622be3d9b72f75688e7ec03fbcb76599e616da4fead3047d8477820bdb49af0429dc62788ac838ddebd97833ca513624c480dc215312a3fbd1b59a5eebf3d1d149a2b26518b963115f692c6f832f96cfa7e9e6411cc5d96dc288c97fdcaf7b4dec7435ab2d341e5b83bfca5eee7fe540e08b5cb0a7a4cfc2191f40563859166e0f888ca36645a9cdb9b7025b0c8947747c179155e87040b70f4dbe5eb39ae17c36059345cb35fc5e7de35fa074dd561abaf54288fcddf9e8dd917880b6caaff7a944805b6718655485f93a790ee4cc32c27946a797216015902685d674ae0aba63ec0d1f1946b9ee103718039221af6ba2f3b7a3b6617d4663b7e440638bfd4655c26f208928402737a899ca0bf7244cb46772d901197a933ffc3,gx-no-cache=1520522655372 HTTP/1.1" 200 30
200.120.230.197 - - [08/Mar/2018:12:25:02 -0300] "POST /cormun/servlet/solicitudot?gx-no-cache=1520522655458 HTTP/1.1" 200 30
200.120.230.197 - - [08/Mar/2018:12:25:03 -0300] "POST /cormun/servlet/solicitudot?gx-no-cache=1520522655579 HTTP/1.1" 200 1336
186.103.159.187 - - [08/Mar/2018:12:25:03 -0300] "POST /cormun/servlet/solicitudot?gx-no-cache=1520522750410 HTTP/1.1" 200 1318
186.103.159.187 - - [08/Mar/2018:12:25:03 -0300] "POST /cormun/servlet/solicitudot?gx-no-cache=1520522750504 HTTP/1.1" 200 1218
200.120.230.197 - - [08/Mar/2018:12:25:03 -0300] "POST /cormun/servlet/solicitudot?gx-no-cache=1520522656045 HTTP/1.1" 200 41
186.103.159.187 - - [08/Mar/2018:12:25:05 -0300] "GET /cormun/servlet/solicitudot?fa9a5449ef88554d3e5359d9b354699325a6a8d74796309a29a13f90340bacaf5767341aecd8c9b7ca7d01cc00d5d833,gx-no-cache=1520522752259 HTTP/1.1" 200 30
200.120.230.197 - - [08/Mar/2018:12:25:08 -0300] "POST /cormun/servlet/solicitudot?gx-no-cache=1520522660924 HTTP/1.1" 200 30
200.120.230.197 - - [08/Mar/2018:12:25:12 -0300] "POST /cormun/servlet/solicitudot?gx-no-cache=1520522665059 HTTP/1.1" 200 1336
200.120.230.197 - - [08/Mar/2018:12:25:12 -0300] "POST /cormun/servlet/solicitudot?gx-no-cache=1520522665199 HTTP/1.1" 200 41
200.120.230.197 - - [08/Mar/2018:12:25:12 -0300] "GET /cormun/servlet/solicitudot?63d9a9840371a7be91da6b1098c2d2432325c23a604ff1b7137d213c7058884f885fa99dfdaaf0d2ba9e22141379be14f89aeaa544a38b65641ddd3b05737d17346578867f1c5c96b7affd6b944008efe57742eae7f328f74cbf58daaae422d4870886919bf9174bcf1f49f3cfac39c5,gx-no-cache=1520522665329 HTTP/1.1" 200 29
200.120.230.197 - - [08/Mar/2018:12:25:12 -0300] "POST /cormun/servlet/solicitudot?gx-no-cache=1520522665427 HTTP/1.1" 200 1317
200.120.230.197 - - [08/Mar/2018:12:25:13 -0300] "POST /cormun/servlet/solicitudot?gx-no-cache=1520522665543 HTTP/1.1" 200 1217
200.120.230.197 - - [08/Mar/2018:12:25:13 -0300] "GET /cormun/servlet/solicitudot?63d9a9840371a7be91da6b1098c2d24308e205ed3db80c7e1b195b53616616bd2e07117073c3218833d809ee1c76a372,gx-no-cache=1520522665644 HTTP/1.1" 200 30
200.120.230.197 - - [08/Mar/2018:12:25:13 -0300] "POST /cormun/servlet/solicitudot?gx-no-cache=1520522665722 HTTP/1.1" 200 30
200.120.230.197 - - [08/Mar/2018:12:25:13 -0300] "POST /cormun/servlet/solicitudot?f9bf174c160b9dca92ed67fe4dbe6558,UPD,2018,10139,,gx-no-cache=1520522665822 HTTP/1.1" 200 93
200.120.230.197 - - [08/Mar/2018:12:25:13 -0300] "GET /cormun/servlet/hpexe_return? HTTP/1.1" 200 1013
200.120.230.197 - - [08/Mar/2018:12:25:13 -0300] "GET /cormun/servlet/trsolicitudot HTTP/1.1" 200 9197
186.103.159.187 - - [08/Mar/2018:12:25:14 -0300] "POST /cormun/servlet/solicitudot?gx-no-cache=1520522761313 HTTP/1.1" 200 30
200.120.230.197 - - [08/Mar/2018:12:25:15 -0300] "GET /cormun/servlet/trsolicitudot HTTP/1.1" 200 9193
186.79.103.20 - - [08/Mar/2018:12:25:23 -0300] "GET /cormun/servlet/vesolicitudot?2018,10139,, HTTP/1.1" 200 8606
186.79.103.20 - - [08/Mar/2018:12:25:23 -0300] "GET /cormun/pexe_scrolldiv.js HTTP/1.1" 404 1009
186.103.159.187 - - [08/Mar/2018:12:25:24 -0300] "POST /cormun/servlet/solicitudot?2d6390d688feb40844973824ffbec9f9,INS,0,0,,gx-no-cache=1520522771351 HTTP/1.1" 200 11779
186.79.103.20 - - [08/Mar/2018:12:25:25 -0300] "GET /cormun/servlet/vesolicitudot?2018,10139,, HTTP/1.1" 200 8606
186.103.159.187 - - [08/Mar/2018:12:25:30 -0300] "GET /cormun/servlet/solicitudot?fa9a5449ef88554d3e5359d9b35469932585447b4ca23d92a21c59839f2cd3aad99c96c324a990a57f0b7da8da8a75e2,gx-no-cache=1520522777394 HTTP/1.1" 200 103
186.103.159.187 - - [08/Mar/2018:12:25:30 -0300] "POST /cormun/servlet/solicitudot?gx-no-cache=1520522777476 HTTP/1.1" 200 254
186.103.159.187 - - [08/Mar/2018:12:25:30 -0300] "GET /cormun/servlet/solicitudot?fa9a5449ef88554d3e5359d9b3546993736ee4ba56c65f1d389e45d19307d006710a0d2ad0585031f182cd6dad190e226c306d4d508fdc032db97353a009d28380d9af177e51ca3da92abf64efb550ccd5ec66d3676ca73ea2017035d590c0709974250066bc81c6a54c8d49fc3e46d31de9f703192ce5b1786244e104a4097076fbf96cc725167481ac65144aca923807c55ebb67450902047d9da7420349cfd56aa607b3802fabebe555418a5c5ff81771f5d634223068a28b81e4b2a4aab85ccd9e1c47dc4e92f5a4e290d3729e09cde8733b2ac5767bf3bfbc945d3ce7556fa40559b27d511ed961f43f6ac518a415fe1885669c19e4f68383ffac90a65276b19a173a393fcfdad267321bbba4c538d0cf18f9e320f22051c511fa86980ae4fe44fbdf87f1750f27211fc9705f0d545e3d93e08e1714bf52f6a28c2b2a95b4072bf2f41acd023ae9ea125fc793f5c40941306684958aeb4d1bf6431ef5dda7288faa264509b6d56a8c83062a6a9952267abef650b51d4fce452dfd8c6d03,gx-no-cache=1520522777549 HTTP/1.1" 200 30
186.103.159.187 - - [08/Mar/2018:12:25:30 -0300] "POST /cormun/servlet/solicitudot?gx-no-cache=1520522777926 HTTP/1.1" 200 30
186.103.159.187 - - [08/Mar/2018:12:25:30 -0300] "POST /cormun/servlet/solicitudot?gx-no-cache=1520522778003 HTTP/1.1" 200 1336
186.103.159.187 - - [08/Mar/2018:12:25:30 -0300] "POST /cormun/servlet/solicitudot?gx-no-cache=1520522778119 HTTP/1.1" 200 41
186.103.159.187 - - [08/Mar/2018:12:25:31 -0300] "POST /cormun/servlet/solicitudot?gx-no-cache=1520522778191 HTTP/1.1" 200 1318
186.103.159.187 - - [08/Mar/2018:12:25:31 -0300] "POST /cormun/servlet/solicitudot?gx-no-cache=1520522778314 HTTP/1.1" 200 1218
186.103.159.187 - - [08/Mar/2018:12:25:31 -0300] "GET /cormun/servlet/solicitudot?fa9a5449ef88554d3e5359d9b354699325a6a8d74796309a29a13f90340bacaf5767341aecd8c9b7ca7d01cc00d5d833,gx-no-cache=1520522778438 HTTP/1.1" 200 30
186.103.159.187 - - [08/Mar/2018:12:25:31 -0300] "POST /cormun/servlet/solicitudot?gx-no-cache=1520522778504 HTTP/1.1" 200 30
186.103.159.187 - - [08/Mar/2018:12:25:31 -0300] "POST /cormun/servlet/solicitudot?2d6390d688feb40844973824ffbec9f9,INS,0,0,,gx-no-cache=1520522778575 HTTP/1.1" 200 11825
200.120.230.197 - - [08/Mar/2018:12:26:04 -0300] "POST /cormun/servlet/vesolicitudot?f9bf174c160b9dca92ed67fe4dbe6558,2018,10139,,,gx-no-cache=1520522716188 HTTP/1.1" 200 90
200.120.230.197 - - [08/Mar/2018:12:26:04 -0300] "GET /cormun/servlet/hpexe_link HTTP/1.1" 200 966
200.120.230.197 - - [08/Mar/2018:12:26:04 -0300] "GET /cormun/servlet/trsolicitudot HTTP/1.1" 200 9195
200.120.230.197 - - [08/Mar/2018:12:26:06 -0300] "GET /cormun/servlet/trsolicitudot HTTP/1.1" 200 9193
200.120.230.197 - - [08/Mar/2018:12:26:10 -0300] "GET /cormun/servlet/vesolicitudot?2018,10138,, HTTP/1.1" 200 8594
200.120.230.197 - - [08/Mar/2018:12:26:10 -0300] "GET /cormun/pexe_scrolldiv.js HTTP/1.1" 404 1009
200.120.230.197 - - [08/Mar/2018:12:26:11 -0300] "GET /cormun/pexe_scrolldiv.js HTTP/1.1" 404 1009
192.168.10.89 - - [08/Mar/2018:12:26:12 -0300] "GET /cormun/servlet/hlogin HTTP/1.1" 200 1743
200.120.230.197 - - [08/Mar/2018:12:26:14 -0300] "GET /cormun/servlet/vesolicitudot?2018,10138,, HTTP/1.1" 200 8594
186.79.103.20 - - [08/Mar/2018:12:26:39 -0300] "POST /cormun/servlet/vesolicitudot?f9bf174c160b9dca92ed67fe4dbe6558,2018,10138,,,gx-no-cache=1520522751321 HTTP/1.1" 200 90
186.79.103.20 - - [08/Mar/2018:12:26:39 -0300] "GET /cormun/servlet/hpexe_link HTTP/1.1" 200 966
186.79.103.20 - - [08/Mar/2018:12:26:40 -0300] "GET /cormun/servlet/trsolicitudot HTTP/1.1" 200 9195
186.79.103.20 - - [08/Mar/2018:12:26:41 -0300] "GET /cormun/servlet/trsolicitudot HTTP/1.1" 200 9193
186.79.103.20 - - [08/Mar/2018:12:26:46 -0300] "POST /cormun/servlet/trsolicitudot?f9bf174c160b9dca92ed67fe4dbe6558,gx-no-cache=1520522758823 HTTP/1.1" 200 5847
186.79.103.20 - - [08/Mar/2018:12:26:47 -0300] "GET /cormun/static/Shared/jqueryui/images/ui-bg_highlight-soft_100_c6c2c8_1x100.png HTTP/1.1" 404 1117
200.120.230.197 - - [08/Mar/2018:12:26:47 -0300] "GET /cormun/static/Shared/jqueryui/images/ui-icons_82798d_256x240.png HTTP/1.1" 404 1089
186.79.103.20 - - [08/Mar/2018:12:26:47 -0300] "GET /cormun/static/Shared/jqueryui/images/ui-bg_flat_55_fafafa_40x100.png HTTP/1.1" 404 1097
186.79.103.20 - - [08/Mar/2018:12:26:47 -0300] "GET /cormun/static/Shared/jqueryui/images/ui-icons_8d78a5_256x240.png HTTP/1.1" 404 1089
200.120.230.197 - - [08/Mar/2018:12:26:47 -0300] "POST /cormun/servlet/trsolicitudot?f9bf174c160b9dca92ed67fe4dbe6558,gx-no-cache=1520522759635 HTTP/1.1" 200 5789
200.54.247.70 - - [08/Mar/2018:12:26:47 -0300] "GET /cormun/servlet/hlogin HTTP/1.1" 200 1718
200.54.247.70 - - [08/Mar/2018:12:26:47 -0300] "GET /cormun/static/gxtimezone.js?85251 HTTP/1.1" 304 -
200.54.247.70 - - [08/Mar/2018:12:26:47 -0300] "GET /cormun/static/gxgral.js?85251 HTTP/1.1" 304 -
200.54.247.70 - - [08/Mar/2018:12:26:47 -0300] "GET /cormun/static/Resources/Spanish/PXTools.css?11423723 HTTP/1.1" 304 -
200.54.247.70 - - [08/Mar/2018:12:26:47 -0300] "GET /cormun/static/gxcfg.js?20175251213516 HTTP/1.1" 304 -
200.54.247.70 - - [08/Mar/2018:12:26:47 -0300] "GET /cormun/static/Resources/ComunLogin.png HTTP/1.1" 304 -
200.54.247.70 - - [08/Mar/2018:12:26:47 -0300] "GET /cormun/static/messages.spa.js?85251 HTTP/1.1" 304 -
200.54.247.70 - - [08/Mar/2018:12:26:47 -0300] "GET /cormun/static/hlogin.js?20175251213537 HTTP/1.1" 304 -
200.54.247.70 - - [08/Mar/2018:12:26:47 -0300] "GET /cormun/static/Resources/indicator.gif HTTP/1.1" 304 -
192.168.10.62 - - [08/Mar/2018:12:27:00 -0300] "POST /cormun/servlet/trsolicitudgral?d19e80de6f27e126b6a0ecdaef429f91,,gx-no-cache=1520522659123 HTTP/1.1" 440 972
192.168.10.62 - - [08/Mar/2018:12:27:02 -0300] "GET /cormun/servlet/trsolicitudgral? HTTP/1.1" 500 10
200.54.247.70 - - [08/Mar/2018:12:27:05 -0300] "POST /cormun/servlet/hlogin?c3dd8a84dfc325bae4bfdc2eda17434a,gx-no-cache=1520522773960 HTTP/1.1" 200 90
200.54.247.70 - - [08/Mar/2018:12:27:05 -0300] "GET /cormun/servlet/hpexe_link HTTP/1.1" 200 950
200.54.247.70 - - [08/Mar/2018:12:27:05 -0300] "GET /cormun/servlet/hhome HTTP/1.1" 200 4233
186.103.157.39 - - [08/Mar/2018:12:27:11 -0300] "GET /cormun/servlet/hlogin HTTP/1.1" 200 1716
186.103.157.39 - - [08/Mar/2018:12:27:11 -0300] "GET /cormun/static/gxcfg.js?20175251213516 HTTP/1.1" 304 -
186.103.157.39 - - [08/Mar/2018:12:27:12 -0300] "GET /cormun/servlet/hlogin HTTP/1.1" 200 1727
200.54.247.70 - - [08/Mar/2018:12:27:14 -0300] "GET /cormun/servlet/trsolicitudot? HTTP/1.1" 200 7447
200.54.247.70 - - [08/Mar/2018:12:27:17 -0300] "GET /cormun/servlet/solicitudot?INS,0,0, HTTP/1.1" 200 13682
200.54.247.70 - - [08/Mar/2018:12:27:31 -0300] "POST /cormun/servlet/solicitudot?gx-no-cache=1520522800189 HTTP/1.1" 200 3394
200.54.247.70 - - [08/Mar/2018:12:27:31 -0300] "POST /cormun/servlet/solicitudot?c3dd8a84dfc325bae4bfdc2eda17434a,INS,0,0,,gx-no-cache=1520522800436 HTTP/1.1" 200 10572
200.120.230.197 - - [08/Mar/2018:12:27:32 -0300] "GET /cormun/servlet/solicitudot?INS,0,0, HTTP/1.1" 200 13672
186.103.157.39 - - [08/Mar/2018:12:27:33 -0300] "POST /cormun/servlet/hlogin?c480ae894d2e8eae4f620fd53c2e3f59,gx-no-cache=1520522804346 HTTP/1.1" 200 90
186.103.157.39 - - [08/Mar/2018:12:27:33 -0300] "GET /cormun/servlet/hpexe_link HTTP/1.1" 200 949
186.103.157.39 - - [08/Mar/2018:12:27:33 -0300] "GET /cormun/static/gxcfg.js?20177612121792 HTTP/1.1" 304 -
186.103.157.39 - - [08/Mar/2018:12:27:33 -0300] "GET /cormun/servlet/hhome HTTP/1.1" 200 3939
186.103.157.39 - - [08/Mar/2018:12:27:33 -0300] "GET /cormun/static/gxcfg.js?20175251212442 HTTP/1.1" 304 -
200.120.230.197 - - [08/Mar/2018:12:27:34 -0300] "GET /cormun/servlet/solicitudot?INS,0,0, HTTP/1.1" 200 13677
186.103.157.39 - - [08/Mar/2018:12:27:34 -0300] "GET /cormun/servlet/hhome HTTP/1.1" 200 3936
200.54.247.70 - - [08/Mar/2018:12:27:37 -0300] "GET /cormun/servlet/solicitudot?6f36f3f7841f4ef847b0e180d3ca2663dd3c962b9f172dd5230973f44981c20bd53ce858c7f1b55c5bc313ac9ae20590,gx-no-cache=1520522806337 HTTP/1.1" 200 30
200.54.247.70 - - [08/Mar/2018:12:27:37 -0300] "GET /cormun/servlet/solicitudot?6f36f3f7841f4ef847b0e180d3ca2663963ebae637867e1f176578eb28434553f92c5fb6831f151615b742b9b809515e,gx-no-cache=1520522806425 HTTP/1.1" 200 103
200.54.247.70 - - [08/Mar/2018:12:27:37 -0300] "GET /cormun/servlet/solicitudot?6f36f3f7841f4ef847b0e180d3ca266313b037af3aa15c3952fb8359002b77eb,gx-no-cache=1520522806720 HTTP/1.1" 200 59
200.54.247.70 - - [08/Mar/2018:12:27:37 -0300] "POST /cormun/servlet/solicitudot?gx-no-cache=1520522806771 HTTP/1.1" 200 297
200.54.247.70 - - [08/Mar/2018:12:27:37 -0300] "GET /cormun/servlet/solicitudot?6f36f3f7841f4ef847b0e180d3ca2663329f21269f982d7d975246bb5fdf24e779c0e0267be2d906bc1974d1289dac6e3e4456e7523d8b27316c6f291b51b63f111e7bb73a7942f8f2894aac9c03d66920ac55e64ca58dd2c4e176baa1da7dcf08acf614623c2468fa256c6aaf2b28377d17a25a7fc92ec0b33b39265d085580d7fd75f996cd3643033c49d6b2afb7888883d2da3d2449590f346e350a79e42263b2ee624329090d4e72164a13c4a3b7e628ba684df43f123e6152092e3ac199e779c1b8cfe03ae682b9ba4b264302e435fa02078ff7e2491197f544dc3ec13bcca8b031f2eae19eea9eae9e5ed6fcbeb864a9b447c4574dac832dedb63cddc83dc4519d6580e5bcc66b949124affba6f9609046f4a8f02d5b8d292aa1fcef4123b58d3a7d84b64662aa303acb88f1b9656bf78df1194a5bcb72e35e8196819a50ac937aa390bfa2845c8fd16bab01bb80fac2017688ea32228ba1d5c0ad0eb0db3d92e1036b63ed008b709c8a7cd90bd4f085dcb5dba9e3798843b1574aa0bfe578e86b0607bb98cc173d3c6f5e0073,gx-no-cache=1520522806839 HTTP/1.1" 200 30
200.54.247.70 - - [08/Mar/2018:12:27:37 -0300] "GET /cormun/static/Shared/jqueryui/images/ui-bg_flat_55_994d53_40x100.png HTTP/1.1" 404 1097
200.54.247.70 - - [08/Mar/2018:12:27:38 -0300] "GET /cormun/static/Shared/jqueryui/images/ui-icons_82798d_256x240.png HTTP/1.1" 404 1089
200.54.247.70 - - [08/Mar/2018:12:27:38 -0300] "GET /cormun/static/Shared/jqueryui/images/ui-bg_highlight-soft_100_c6c2c8_1x100.png HTTP/1.1" 404 1117
200.54.247.70 - - [08/Mar/2018:12:27:38 -0300] "GET /cormun/static/Shared/jqueryui/images/ui-icons_ebccce_256x240.png HTTP/1.1" 404 1089
200.120.230.197 - - [08/Mar/2018:12:27:44 -0300] "POST /cormun/servlet/solicitudot?gx-no-cache=1520522816510 HTTP/1.1" 200 3293
200.120.230.197 - - [08/Mar/2018:12:27:44 -0300] "POST /cormun/servlet/solicitudot?f9bf174c160b9dca92ed67fe4dbe6558,INS,0,0,,gx-no-cache=1520522816838 HTTP/1.1" 200 10442
186.103.157.39 - - [08/Mar/2018:12:27:50 -0300] "GET /cormun/servlet/trsolicitudot? HTTP/1.1" 200 7151
186.103.157.39 - - [08/Mar/2018:12:27:50 -0300] "GET /cormun/static/gxcfg.js?2017111422585916 HTTP/1.1" 304 -
186.103.157.39 - - [08/Mar/2018:12:27:51 -0300] "GET /cormun/servlet/trsolicitudot? HTTP/1.1" 200 7150
200.54.247.70 - - [08/Mar/2018:12:27:53 -0300] "POST /cormun/servlet/solicitudot?gx-no-cache=1520522822062 HTTP/1.1" 200 30
186.103.157.39 - - [08/Mar/2018:12:27:54 -0300] "GET /cormun/servlet/solicitudot?INS,0,0, HTTP/1.1" 200 13385
186.103.157.39 - - [08/Mar/2018:12:27:54 -0300] "GET /cormun/static/gxcfg.js?201812313224582 HTTP/1.1" 304 -
186.103.157.39 - - [08/Mar/2018:12:27:55 -0300] "GET /cormun/servlet/solicitudot?INS,0,0, HTTP/1.1" 200 13390
200.54.247.70 - - [08/Mar/2018:12:27:56 -0300] "POST /cormun/servlet/solicitudot?gx-no-cache=1520522825800 HTTP/1.1" 200 1337
200.54.247.70 - - [08/Mar/2018:12:27:57 -0300] "POST /cormun/servlet/solicitudot?gx-no-cache=1520522825954 HTTP/1.1" 200 38
200.54.247.70 - - [08/Mar/2018:12:28:08 -0300] "GET /cormun/servlet/solicitudot?6f36f3f7841f4ef847b0e180d3ca26635276f6273eca3a70248b29307b2bdc1d6acd20c73f8753c46ee6e40aa5d0a1d64d79734c794be3c6dd5e0022a7ea6da1e50c5920e7d4f22531c6bbc4153d1ceb3a46a17fe1c486a083a036cc398a8e866b57c5468b0b2d6be8faff50721a00e0,gx-no-cache=1520522837478 HTTP/1.1" 200 29
200.54.247.70 - - [08/Mar/2018:12:28:08 -0300] "POST /cormun/servlet/solicitudot?gx-no-cache=1520522837550 HTTP/1.1" 200 1318
200.54.247.70 - - [08/Mar/2018:12:28:08 -0300] "POST /cormun/servlet/solicitudot?gx-no-cache=1520522837646 HTTP/1.1" 200 1217
200.54.247.70 - - [08/Mar/2018:12:28:08 -0300] "GET /cormun/static/menuarrow.gif HTTP/1.1" 404 1015
200.120.230.197 - - [08/Mar/2018:12:28:09 -0300] "GET /cormun/servlet/solicitudot?63d9a9840371a7be91da6b1098c2d2438b12d1366c79fbbb04065aa40c6a379bdcad49576177bf1395e472b29c0fa144,gx-no-cache=1520522841459 HTTP/1.1" 200 30
200.54.247.70 - - [08/Mar/2018:12:28:14 -0300] "POST /cormun/servlet/solicitudot?gx-no-cache=1520522843457 HTTP/1.1" 200 1317
200.54.247.70 - - [08/Mar/2018:12:28:14 -0300] "POST /cormun/servlet/solicitudot?gx-no-cache=1520522843510 HTTP/1.1" 200 1217
200.54.247.70 - - [08/Mar/2018:12:28:16 -0300] "POST /cormun/servlet/solicitudot?gx-no-cache=1520522845595 HTTP/1.1" 200 1317
200.54.247.70 - - [08/Mar/2018:12:28:16 -0300] "POST /cormun/servlet/solicitudot?gx-no-cache=1520522845662 HTTP/1.1" 200 1217
200.54.247.70 - - [08/Mar/2018:12:28:17 -0300] "GET /cormun/servlet/solicitudot?6f36f3f7841f4ef847b0e180d3ca26639e450352cd0a4a6279521e400851eb76c93308941ebe7714ecac0ead54762bc5,gx-no-cache=1520522846730 HTTP/1.1" 200 30
186.103.157.39 - - [08/Mar/2018:12:28:40 -0300] "POST /cormun/servlet/solicitudot?gx-no-cache=1520522871619 HTTP/1.1" 200 3293
186.103.157.39 - - [08/Mar/2018:12:28:40 -0300] "POST /cormun/servlet/solicitudot?c480ae894d2e8eae4f620fd53c2e3f59,INS,0,0,,gx-no-cache=1520522872031 HTTP/1.1" 200 10257
200.54.247.70 - - [08/Mar/2018:12:28:42 -0300] "GET /cormun/servlet/solicitudot?6f36f3f7841f4ef847b0e180d3ca26637e299b26904b5d4441f2aa072491e35d8be540e7808a694f0ed65b775c4d8ff9,gx-no-cache=1520522871243 HTTP/1.1" 200 30
200.54.247.70 - - [08/Mar/2018:12:28:42 -0300] "POST /cormun/servlet/solicitudot?gx-no-cache=1520522871310 HTTP/1.1" 200 297
200.54.247.70 - - [08/Mar/2018:12:28:42 -0300] "GET /cormun/servlet/solicitudot?6f36f3f7841f4ef847b0e180d3ca2663329f21269f982d7d975246bb5fdf24e779c0e0267be2d906bc1974d1289dac6e3e4456e7523d8b27316c6f291b51b63f111e7bb73a7942f8f2894aac9c03d66920ac55e64ca58dd2c4e176baa1da7dcf08acf614623c2468fa256c6aaf2b28377d17a25a7fc92ec0b33b39265d085580d7fd75f996cd3643033c49d6b2afb7888883d2da3d2449590f346e350a79e42263b2ee624329090d4e72164a13c4a3b7e628ba684df43f123e6152092e3ac199e779c1b8cfe03ae682b9ba4b264302e435fa02078ff7e2491197f544dc3ec13bcca8b031f2eae19eea9eae9e5ed6fcbeb864a9b447c4574dac832dedb63cddc83dc4519d6580e5bcc66b949124affba6f9609046f4a8f02d5b8d292aa1fcef4123b58d3a7d84b64662aa303acb88f1b9656bf78df1194a5bcb72e35e8196819a50ac937aa390bfa2845c8fd16bab01bb80fac2017688ea32228ba1d5c0ad0eb0db3d92e1036b63ed008b709c8a7cd90b0b732cd151427c66839c8fdc5db7b050e578e86b0607bb98cc173d3c6f5e0073,gx-no-cache=1520522871356 HTTP/1.1" 200 30
200.54.247.70 - - [08/Mar/2018:12:28:42 -0300] "POST /cormun/servlet/solicitudot?gx-no-cache=1520522871387 HTTP/1.1" 200 30
200.54.247.70 - - [08/Mar/2018:12:28:42 -0300] "POST /cormun/servlet/solicitudot?gx-no-cache=1520522871432 HTTP/1.1" 200 1336
200.54.247.70 - - [08/Mar/2018:12:28:42 -0300] "POST /cormun/servlet/solicitudot?gx-no-cache=1520522871483 HTTP/1.1" 200 41
200.54.247.70 - - [08/Mar/2018:12:28:42 -0300] "POST /cormun/servlet/solicitudot?gx-no-cache=1520522871520 HTTP/1.1" 200 1317
200.54.247.70 - - [08/Mar/2018:12:28:42 -0300] "POST /cormun/servlet/solicitudot?gx-no-cache=1520522871568 HTTP/1.1" 200 1217
200.54.247.70 - - [08/Mar/2018:12:28:42 -0300] "POST /cormun/servlet/solicitudot?gx-no-cache=1520522871611 HTTP/1.1" 200 30
200.54.247.70 - - [08/Mar/2018:12:28:42 -0300] "POST /cormun/servlet/solicitudot?c3dd8a84dfc325bae4bfdc2eda17434a,INS,0,0,,gx-no-cache=1520522871648 HTTP/1.1" 200 11986
186.103.157.39 - - [08/Mar/2018:12:28:50 -0300] "GET /cormun/servlet/solicitudot?83602cbe12e8b95153db344fa5ae1c02814721e5deb840de2b87760b4dc21ed07d3c2ac941eb24fb300e67bd4ef2eea9,gx-no-cache=1520522881730 HTTP/1.1" 200 30
200.54.247.70 - - [08/Mar/2018:12:29:02 -0300] "GET /cormun/servlet/solicitudot?6f36f3f7841f4ef847b0e180d3ca26635f14cc1ce1e6c5d6573af2a25e12aac9acb90238d3fb8a13db99ebb37410baa85b68ca7d91c312afdc09889c2bc156e1,gx-no-cache=1520522891901 HTTP/1.1" 200 30
200.54.247.70 - - [08/Mar/2018:12:29:03 -0300] "POST /cormun/servlet/solicitudot?gx-no-cache=1520522891939 HTTP/1.1" 200 297
200.54.247.70 - - [08/Mar/2018:12:29:03 -0300] "GET /cormun/servlet/solicitudot?6f36f3f7841f4ef847b0e180d3ca2663329f21269f982d7d975246bb5fdf24e779c0e0267be2d906bc1974d1289dac6e3e4456e7523d8b27316c6f291b51b63f111e7bb73a7942f8f2894aac9c03d66920ac55e64ca58dd2c4e176baa1da7dcf08acf614623c2468fa256c6aaf2b28377d17a25a7fc92ec0b33b39265d085580d7fd75f996cd3643033c49d6b2afb7888883d2da3d2449590f346e350a79e42263b2ee624329090d4e72164a13c4a3b7e628ba684df43f123e6152092e3ac199e779c1b8cfe03ae682b9ba4b264302e435fa02078ff7e2491197f544dc3ec13bcca8b031f2eae19eea9eae9e5ed6fcbeb864a9b447c4574dac832dedb63cddc83dc4519d6580e5bcc66b949124affba6f9609046f4a8f02d5b8d292aa1fcef4123b58d3a7d84b64662aa303acb88f1b9656bf78df1194a5bcb72e35e8196819a50ac937aa390bfa2845c8fd16bab01bb80fac2017688ea32228ba1d5c0ad0eb0db3d92e1036b63ed008b709c8a7cd90b0b732cd151427c66839c8fdc5db7b050e578e86b0607bb98cc173d3c6f5e0073,gx-no-cache=1520522891982 HTTP/1.1" 200 30
200.54.247.70 - - [08/Mar/2018:12:29:03 -0300] "POST /cormun/servlet/solicitudot?gx-no-cache=1520522892011 HTTP/1.1" 200 30
200.54.247.70 - - [08/Mar/2018:12:29:03 -0300] "POST /cormun/servlet/solicitudot?gx-no-cache=1520522892068 HTTP/1.1" 200 1336
200.54.247.70 - - [08/Mar/2018:12:29:03 -0300] "POST /cormun/servlet/solicitudot?gx-no-cache=1520522892119 HTTP/1.1" 200 41
200.54.247.70 - - [08/Mar/2018:12:29:03 -0300] "POST /cormun/servlet/solicitudot?gx-no-cache=1520522892157 HTTP/1.1" 200 1317
200.54.247.70 - - [08/Mar/2018:12:29:03 -0300] "POST /cormun/servlet/solicitudot?gx-no-cache=1520522892207 HTTP/1.1" 200 1217
200.54.247.70 - - [08/Mar/2018:12:29:03 -0300] "GET /cormun/servlet/solicitudot?6f36f3f7841f4ef847b0e180d3ca26639e450352cd0a4a6279521e400851eb76c93308941ebe7714ecac0ead54762bc5,gx-no-cache=1520522892249 HTTP/1.1" 200 30
200.54.247.70 - - [08/Mar/2018:12:29:03 -0300] "POST /cormun/servlet/solicitudot?gx-no-cache=1520522892279 HTTP/1.1" 200 30
200.54.247.70 - - [08/Mar/2018:12:29:03 -0300] "POST /cormun/servlet/solicitudot?c3dd8a84dfc325bae4bfdc2eda17434a,INS,0,0,,gx-no-cache=1520522892314 HTTP/1.1" 200 12041
200.54.247.70 - - [08/Mar/2018:12:29:21 -0300] "GET /cormun/servlet/solicitudot?6f36f3f7841f4ef847b0e180d3ca2663285a784a21412c683d41008ccd3e4c8e,gx-no-cache=1520522910866 HTTP/1.1" 200 94
200.54.247.70 - - [08/Mar/2018:12:29:21 -0300] "POST /cormun/servlet/solicitudot?gx-no-cache=1520522910912 HTTP/1.1" 200 297
200.54.247.70 - - [08/Mar/2018:12:29:22 -0300] "GET /cormun/servlet/solicitudot?6f36f3f7841f4ef847b0e180d3ca2663329f21269f982d7d975246bb5fdf24e779c0e0267be2d906bc1974d1289dac6e3e4456e7523d8b27316c6f291b51b63f111e7bb73a7942f8f2894aac9c03d66920ac55e64ca58dd2c4e176baa1da7dcf08acf614623c2468fa256c6aaf2b28377d17a25a7fc92ec0b33b39265d085580d7fd75f996cd3643033c49d6b2afb7888883d2da3d2449590f346e350a79e42263b2ee624329090d4e72164a13c4a3b7e628ba684df43f123e6152092e3ac199e779c1b8cfe03ae682b9ba4b264302e435fa02078ff7e2491197f544dc3ec13bcca8b031f2eae19eea9eae9e5ed6fcbeb864a9b447c4574dac832dedb63cddc83dc4519d6580e5bcc66b949124affba6f9609046f4a8f02d5b8d292aa1fcef4123b58d3a7d84b64662aa303acb88f1b9656bf78df1194a5bcb72e35e8196819a50ac937aa390bfa2845c8fd16bab01bb80fac2017688ea32228ba1d5c0ad0eb0db3d92e1036b63ed008b709c8a7cd90b0b732cd151427c66839c8fdc5db7b050e578e86b0607bb98cc173d3c6f5e0073,gx-no-cache=1520522910946 HTTP/1.1" 200 30
200.54.247.70 - - [08/Mar/2018:12:29:22 -0300] "POST /cormun/servlet/solicitudot?gx-no-cache=1520522910974 HTTP/1.1" 200 30
200.54.247.70 - - [08/Mar/2018:12:29:22 -0300] "POST /cormun/servlet/solicitudot?gx-no-cache=1520522911024 HTTP/1.1" 200 1336
200.54.247.70 - - [08/Mar/2018:12:29:22 -0300] "POST /cormun/servlet/solicitudot?gx-no-cache=1520522911075 HTTP/1.1" 200 41
200.54.247.70 - - [08/Mar/2018:12:29:22 -0300] "POST /cormun/servlet/solicitudot?gx-no-cache=1520522911111 HTTP/1.1" 200 1317
200.54.247.70 - - [08/Mar/2018:12:29:22 -0300] "POST /cormun/servlet/solicitudot?gx-no-cache=1520522911161 HTTP/1.1" 200 1217
200.54.247.70 - - [08/Mar/2018:12:29:22 -0300] "GET /cormun/servlet/solicitudot?6f36f3f7841f4ef847b0e180d3ca26639e450352cd0a4a6279521e400851eb76c93308941ebe7714ecac0ead54762bc5,gx-no-cache=1520522911202 HTTP/1.1" 200 30
200.54.247.70 - - [08/Mar/2018:12:29:22 -0300] "POST /cormun/servlet/solicitudot?gx-no-cache=1520522911230 HTTP/1.1" 200 30
200.54.247.70 - - [08/Mar/2018:12:29:22 -0300] "POST /cormun/servlet/solicitudot?c3dd8a84dfc325bae4bfdc2eda17434a,INS,0,0,,gx-no-cache=1520522911265 HTTP/1.1" 200 12086
200.54.247.70 - - [08/Mar/2018:12:29:51 -0300] "GET /cormun/servlet/solicitudot?6f36f3f7841f4ef847b0e180d3ca26637e299b26904b5d4441f2aa072491e35d8be540e7808a694f0ed65b775c4d8ff9,gx-no-cache=1520522940786 HTTP/1.1" 200 30
200.54.247.70 - - [08/Mar/2018:12:29:51 -0300] "POST /cormun/servlet/solicitudot?gx-no-cache=1520522940845 HTTP/1.1" 200 297
200.54.247.70 - - [08/Mar/2018:12:29:51 -0300] "GET /cormun/servlet/solicitudot?6f36f3f7841f4ef847b0e180d3ca2663329f21269f982d7d975246bb5fdf24e779c0e0267be2d906bc1974d1289dac6e3e4456e7523d8b27316c6f291b51b63f111e7bb73a7942f8f2894aac9c03d66920ac55e64ca58dd2c4e176baa1da7dcf08acf614623c2468fa256c6aaf2b28377d17a25a7fc92ec0b33b39265d085580d7fd75f996cd3643033c49d6b2afb7888883d2da3d2449590f346e350a79e42263b2ee624329090d4e72164a13c4a3b7e628ba684df43f123e6152092e3ac199e779c1b8cfe03ae682b9ba4b264302e435fa02078ff7e2491197f544dc3ec13bcca8b031f2eae19eea9eae9e5ed6fcbeb864a9b447c4574dac832dedb63cddc83dc4519d6580e5bcc66b949124affba6f9609046f4a8f02d5b8d292aa1fcef4123b58d3a7d84b64662aa303acb88f1b9656bf78df1194a5bcb72e35e8196819a50ac937aa390bfa2845c8fd16bab01bb80fac2017688ea32228ba1d5c0ad0eb0db3d92e1036b63ed008b709c8a7cd90b0b732cd151427c66839c8fdc5db7b050e578e86b0607bb98cc173d3c6f5e0073,gx-no-cache=1520522940884 HTTP/1.1" 200 30
200.54.247.70 - - [08/Mar/2018:12:29:51 -0300] "POST /cormun/servlet/solicitudot?gx-no-cache=1520522940919 HTTP/1.1" 200 30
200.54.247.70 - - [08/Mar/2018:12:29:52 -0300] "POST /cormun/servlet/solicitudot?gx-no-cache=1520522940975 HTTP/1.1" 200 1336
200.54.247.70 - - [08/Mar/2018:12:29:52 -0300] "POST /cormun/servlet/solicitudot?gx-no-cache=1520522941037 HTTP/1.1" 200 41
200.54.247.70 - - [08/Mar/2018:12:29:52 -0300] "POST /cormun/servlet/solicitudot?gx-no-cache=1520522941093 HTTP/1.1" 200 1317
200.54.247.70 - - [08/Mar/2018:12:29:52 -0300] "POST /cormun/servlet/solicitudot?gx-no-cache=1520522941142 HTTP/1.1" 200 1217
200.54.247.70 - - [08/Mar/2018:12:29:52 -0300] "GET /cormun/servlet/solicitudot?6f36f3f7841f4ef847b0e180d3ca26639e450352cd0a4a6279521e400851eb76c93308941ebe7714ecac0ead54762bc5,gx-no-cache=1520522941183 HTTP/1.1" 200 30
200.54.247.70 - - [08/Mar/2018:12:29:52 -0300] "POST /cormun/servlet/solicitudot?gx-no-cache=1520522941211 HTTP/1.1" 200 30
200.54.247.70 - - [08/Mar/2018:12:29:52 -0300] "POST /cormun/servlet/solicitudot?c3dd8a84dfc325bae4bfdc2eda17434a,INS,0,0,,gx-no-cache=1520522941245 HTTP/1.1" 200 12149
186.79.103.20 - - [08/Mar/2018:12:31:25 -0300] "GET /cormun/servlet/prbanco?,MD,,gxPopupLevel%3D0%3B HTTP/1.1" 200 6670
186.79.103.20 - - [08/Mar/2018:12:31:31 -0300] "GET /cormun/servlet/solicitudot?63d9a9840371a7be91da6b1098c2d243b7eb5331979071bccb11ed0bf5cc0041635bdaa5cafd596f0aa8605652660e99,gx-no-cache=1520523043562 HTTP/1.1" 200 30
186.79.103.20 - - [08/Mar/2018:12:31:32 -0300] "GET /cormun/servlet/solicitudot?63d9a9840371a7be91da6b1098c2d2433f905a209b917dfa3d42174c3af47b55,gx-no-cache=1520523045062 HTTP/1.1" 200 53
186.79.103.20 - - [08/Mar/2018:12:31:46 -0300] "POST /cormun/servlet/solicitudot?gx-no-cache=1520523058721 HTTP/1.1" 200 297
186.79.103.20 - - [08/Mar/2018:12:31:46 -0300] "GET /cormun/servlet/solicitudot?63d9a9840371a7be91da6b1098c2d24303c62575e035e006864bbdffd0d9bac053f086079c7aa72b8f66e0d4e7116e3cf7ac6953393a3621570861a99149e27bbd49bd2640f95de8def568c40b58e143666fced3d9e859e333b26c36dc91df26d89b69fc09da8d71f532a2a1c9effe5bed926bece99622be3d9b72f75688e7ec03fbcb76599e616da4fead3047d8477820bdb49af0429dc62788ac838ddebd97833ca513624c480dc215312a3fbd1b59a5eebf3d1d149a2b26518b963115f692c6f832f96cfa7e9e6411cc5d96dc288c97fdcaf7b4dec7435ab2d341e5b83bfca5eee7fe540e08b5cb0a7a4cfc2191f40563859166e0f888ca36645a9cdb9b7025b0c8947747c179155e87040b70f4dbe5eb39ae17c36059345cb35fc5e7de35fa074dd561abaf54288fcddf9e8dd917880b6caaff7a944805b6718655485f93a790ee4cc32c27946a797216015902685d674ae0aba63ec0d1f1946b9ee103718039221af6ba2f3b7a3b6617d4663b7eb97f2478812cd96b8ec6ef2703d65c859ca0bf7244cb46772d901197a933ffc3,gx-no-cache=1520523058832 HTTP/1.1" 200 30
186.79.103.20 - - [08/Mar/2018:12:31:49 -0300] "POST /cormun/servlet/solicitudot?gx-no-cache=1520523061894 HTTP/1.1" 200 30
186.79.103.20 - - [08/Mar/2018:12:31:51 -0300] "POST /cormun/servlet/solicitudot?gx-no-cache=1520523063974 HTTP/1.1" 200 1333
186.79.103.20 - - [08/Mar/2018:12:31:51 -0300] "POST /cormun/servlet/solicitudot?gx-no-cache=1520523064177 HTTP/1.1" 200 38
200.86.95.220 - - [08/Mar/2018:12:31:53 -0300] "GET /cormun/servlet/hlogin HTTP/1.1" 200 1717
200.54.247.70 - - [08/Mar/2018:12:31:57 -0300] "GET /cormun/servlet/solicitudot?6f36f3f7841f4ef847b0e180d3ca2663497961bc1dc3d5b72335112f235970c64caafa09ae4a166a5b6c717ae8d8f915195e55dad88320e6b4afb9a1a4258f2a,gx-no-cache=1520523066657 HTTP/1.1" 200 30
200.54.247.70 - - [08/Mar/2018:12:31:57 -0300] "POST /cormun/servlet/solicitudot?gx-no-cache=1520523066716 HTTP/1.1" 200 297
200.54.247.70 - - [08/Mar/2018:12:31:57 -0300] "GET /cormun/servlet/solicitudot?6f36f3f7841f4ef847b0e180d3ca2663329f21269f982d7d975246bb5fdf24e779c0e0267be2d906bc1974d1289dac6e3e4456e7523d8b27316c6f291b51b63f111e7bb73a7942f8f2894aac9c03d66920ac55e64ca58dd2c4e176baa1da7dcf08acf614623c2468fa256c6aaf2b28377d17a25a7fc92ec0b33b39265d085580d7fd75f996cd3643033c49d6b2afb7888883d2da3d2449590f346e350a79e42263b2ee624329090d4e72164a13c4a3b7e628ba684df43f123e6152092e3ac199e779c1b8cfe03ae682b9ba4b264302e435fa02078ff7e2491197f544dc3ec13bcca8b031f2eae19eea9eae9e5ed6fcbeb864a9b447c4574dac832dedb63cddc83dc4519d6580e5bcc66b949124affba6f9609046f4a8f02d5b8d292aa1fcef4123b58d3a7d84b64662aa303acb88f1b9656bf78df1194a5bcb72e35e8196819a50ac937aa390bfa2845c8fd16bab01bb80fac2017688ea32228ba1d5c0ad0eb0db3d92e1036b63ed008b709c8a7cd90b0b732cd151427c66839c8fdc5db7b050e578e86b0607bb98cc173d3c6f5e0073,gx-no-cache=1520523066755 HTTP/1.1" 200 30
200.54.247.70 - - [08/Mar/2018:12:31:57 -0300] "POST /cormun/servlet/solicitudot?gx-no-cache=1520523066784 HTTP/1.1" 200 30
200.54.247.70 - - [08/Mar/2018:12:31:57 -0300] "POST /cormun/servlet/solicitudot?gx-no-cache=1520523066846 HTTP/1.1" 200 1336
200.54.247.70 - - [08/Mar/2018:12:31:57 -0300] "POST /cormun/servlet/solicitudot?gx-no-cache=1520523066898 HTTP/1.1" 200 41
200.54.247.70 - - [08/Mar/2018:12:31:58 -0300] "POST /cormun/servlet/solicitudot?gx-no-cache=1520523066954 HTTP/1.1" 200 1317
200.54.247.70 - - [08/Mar/2018:12:31:58 -0300] "POST /cormun/servlet/solicitudot?gx-no-cache=1520523067004 HTTP/1.1" 200 1217
200.54.247.70 - - [08/Mar/2018:12:31:58 -0300] "GET /cormun/servlet/solicitudot?6f36f3f7841f4ef847b0e180d3ca26639e450352cd0a4a6279521e400851eb76c93308941ebe7714ecac0ead54762bc5,gx-no-cache=1520523067044 HTTP/1.1" 200 30
200.54.247.70 - - [08/Mar/2018:12:31:58 -0300] "POST /cormun/servlet/solicitudot?gx-no-cache=1520523067072 HTTP/1.1" 200 30
200.54.247.70 - - [08/Mar/2018:12:31:58 -0300] "POST /cormun/servlet/solicitudot?c3dd8a84dfc325bae4bfdc2eda17434a,INS,0,0,,gx-no-cache=1520523067124 HTTP/1.1" 200 12207
200.86.95.220 - - [08/Mar/2018:12:32:04 -0300] "POST /cormun/servlet/hlogin?450f923148004e443e258adce1270091,gx-no-cache=1520523075550 HTTP/1.1" 200 90
200.86.95.220 - - [08/Mar/2018:12:32:04 -0300] "GET /cormun/servlet/hpexe_link HTTP/1.1" 200 945
200.86.95.220 - - [08/Mar/2018:12:32:04 -0300] "GET /cormun/servlet/hhome HTTP/1.1" 200 3946
200.86.95.220 - - [08/Mar/2018:12:32:05 -0300] "GET /cormun/servlet/hhome HTTP/1.1" 200 3943
200.86.95.220 - - [08/Mar/2018:12:32:10 -0300] "GET /cormun/servlet/trsolicitudot? HTTP/1.1" 200 7157
200.86.95.220 - - [08/Mar/2018:12:32:10 -0300] "GET /cormun/static/gxcfg.js?2017111422585916 HTTP/1.1" 304 -
200.86.95.220 - - [08/Mar/2018:12:32:11 -0300] "GET /cormun/servlet/trsolicitudot? HTTP/1.1" 200 7156
186.103.157.39 - - [08/Mar/2018:12:32:12 -0300] "GET /cormun/servlet/solicitudot?83602cbe12e8b95153db344fa5ae1c021239282772b3539b6e4d9d6a8445ab6655aed8220c30850fc72cbd87352120c6201ff2d591672a9fd58e3ad3e58f1749,gx-no-cache=1520523082539 HTTP/1.1" 200 30
186.103.157.39 - - [08/Mar/2018:12:32:12 -0300] "GET /cormun/servlet/solicitudot?83602cbe12e8b95153db344fa5ae1c02e354e44d7de15b1e1f48d806cc9c072f,gx-no-cache=1520523083356 HTTP/1.1" 200 29
186.103.157.39 - - [08/Mar/2018:12:32:14 -0300] "POST /cormun/servlet/solicitudot?gx-no-cache=1520523086063 HTTP/1.1" 200 255
186.103.157.39 - - [08/Mar/2018:12:32:17 -0300] "GET /cormun/servlet/solicitudot?83602cbe12e8b95153db344fa5ae1c0260ac46464d28f961b51adcbee8f741e71a5109f0338afe6ed7b4ceaca56efebcaa65a8e7d7bd737929a8ad11a9155c21301802385a96362086df8f0185a0ec464fb8feabc5aef3d58652bcef573d5a0e253992903c2c03b351ba0df7cf9d45f3b04ba6f1421f51cbb30bc32a348e6109d2402d0034b45cf14c7243bfdf5520daddbe5275e0e76a0239e45976f25f253b91e940539873f7665095a2eefd36b4502dc85d3c2a1463b6d90281a1552614e51f767e87a630a29f27e50ce48a17866f2f7cbd0fecdcfb49923805f8fe25e687020e29ceb8d96405a0776da8506a35894bdb2ead17f85de81016d2fd3dbbf26936377590b1baf8ecf93ec92ba35149f022d4fd86c48e773e148b5e788a36789547969540de316f7e960b44d983bbaf29754b37785a28b30041470b70b2fd057e2680cd548fa940435e75056c0fe59642b7830654c835ced1de105ee7ed0aa95043af973ed1ac14dea7cb52fc3e4bdce5029510e3ca9a9b909c7f3a3b69e85c40,gx-no-cache=1520523089060 HTTP/1.1" 200 30
200.54.247.70 - - [08/Mar/2018:12:32:30 -0300] "GET /cormun/servlet/solicitudot?6f36f3f7841f4ef847b0e180d3ca266302e05c270452869d24c3c64be35527a7416fc4189e038af6a0648344b1ba628e5b68ca7d91c312afdc09889c2bc156e1,gx-no-cache=1520523099152 HTTP/1.1" 200 30
200.54.247.70 - - [08/Mar/2018:12:32:30 -0300] "POST /cormun/servlet/solicitudot?gx-no-cache=1520523099278 HTTP/1.1" 200 297
200.54.247.70 - - [08/Mar/2018:12:32:30 -0300] "GET /cormun/servlet/solicitudot?6f36f3f7841f4ef847b0e180d3ca2663329f21269f982d7d975246bb5fdf24e779c0e0267be2d906bc1974d1289dac6e3e4456e7523d8b27316c6f291b51b63f111e7bb73a7942f8f2894aac9c03d66920ac55e64ca58dd2c4e176baa1da7dcf08acf614623c2468fa256c6aaf2b28377d17a25a7fc92ec0b33b39265d085580d7fd75f996cd3643033c49d6b2afb7888883d2da3d2449590f346e350a79e42263b2ee624329090d4e72164a13c4a3b7e628ba684df43f123e6152092e3ac199e779c1b8cfe03ae682b9ba4b264302e435fa02078ff7e2491197f544dc3ec13bcca8b031f2eae19eea9eae9e5ed6fcbeb864a9b447c4574dac832dedb63cddc83dc4519d6580e5bcc66b949124affba6f9609046f4a8f02d5b8d292aa1fcef4123b58d3a7d84b64662aa303acb88f1b9656bf78df1194a5bcb72e35e8196819a50ac937aa390bfa2845c8fd16bab01bb80fac2017688ea32228ba1d5c0ad0eb0db3d92e1036b63ed008b709c8a7cd90b0b732cd151427c66839c8fdc5db7b050e578e86b0607bb98cc173d3c6f5e0073,gx-no-cache=1520523099363 HTTP/1.1" 200 30
200.54.247.70 - - [08/Mar/2018:12:32:30 -0300] "POST /cormun/servlet/solicitudot?gx-no-cache=1520523099429 HTTP/1.1" 200 30
200.54.247.70 - - [08/Mar/2018:12:32:30 -0300] "POST /cormun/servlet/solicitudot?gx-no-cache=1520523099533 HTTP/1.1" 200 1336
200.54.247.70 - - [08/Mar/2018:12:32:30 -0300] "POST /cormun/servlet/solicitudot?gx-no-cache=1520523099591 HTTP/1.1" 200 41
200.54.247.70 - - [08/Mar/2018:12:32:30 -0300] "POST /cormun/servlet/solicitudot?gx-no-cache=1520523099634 HTTP/1.1" 200 1317
200.54.247.70 - - [08/Mar/2018:12:32:30 -0300] "POST /cormun/servlet/solicitudot?gx-no-cache=1520523099703 HTTP/1.1" 200 1217
200.54.247.70 - - [08/Mar/2018:12:32:30 -0300] "GET /cormun/servlet/solicitudot?6f36f3f7841f4ef847b0e180d3ca26639e450352cd0a4a6279521e400851eb76c93308941ebe7714ecac0ead54762bc5,gx-no-cache=1520523099759 HTTP/1.1" 200 30
200.54.247.70 - - [08/Mar/2018:12:32:30 -0300] "POST /cormun/servlet/solicitudot?gx-no-cache=1520523099816 HTTP/1.1" 200 30
200.54.247.70 - - [08/Mar/2018:12:32:31 -0300] "POST /cormun/servlet/solicitudot?c3dd8a84dfc325bae4bfdc2eda17434a,INS,0,0,,gx-no-cache=1520523099898 HTTP/1.1" 200 12275
200.86.95.220 - - [08/Mar/2018:12:32:37 -0300] "GET /cormun/servlet/solicitudot?INS,0,0, HTTP/1.1" 200 13394
200.86.95.220 - - [08/Mar/2018:12:32:37 -0300] "GET /cormun/static/gxcfg.js?201812313224582 HTTP/1.1" 304 -
200.86.95.220 - - [08/Mar/2018:12:32:38 -0300] "GET /cormun/servlet/solicitudot?INS,0,0, HTTP/1.1" 200 13399
200.54.247.70 - - [08/Mar/2018:12:33:06 -0300] "GET /cormun/servlet/trsolicitudot? HTTP/1.1" 200 7447
200.86.95.220 - - [08/Mar/2018:12:33:07 -0300] "POST /cormun/servlet/solicitudot?gx-no-cache=1520523138121 HTTP/1.1" 200 3410
200.86.95.220 - - [08/Mar/2018:12:33:07 -0300] "POST /cormun/servlet/solicitudot?450f923148004e443e258adce1270091,INS,0,0,,gx-no-cache=1520523138492 HTTP/1.1" 200 10374
200.54.247.70 - - [08/Mar/2018:12:33:09 -0300] "GET /cormun/servlet/solicitudot?INS,0,0, HTTP/1.1" 200 13682
200.86.95.220 - - [08/Mar/2018:12:33:15 -0300] "GET /cormun/servlet/solicitudot?745e397d3ecdce9b0e6b70c8eab094ea31ea08b31f5e93d3401d85b0dd92612db2bcd529d5ade68570d31f54aa5ca758,gx-no-cache=1520523146374 HTTP/1.1" 200 30
200.86.95.220 - - [08/Mar/2018:12:33:15 -0300] "GET /cormun/servlet/solicitudot?745e397d3ecdce9b0e6b70c8eab094eacd6b9c32180fb1f23f49480473e1fc22d313a21634ba8b28d85cce7c282e8888ee736215cc22f33e8a859a271142cc7b,gx-no-cache=1520523146485 HTTP/1.1" 200 30
200.86.95.220 - - [08/Mar/2018:12:33:15 -0300] "GET /cormun/servlet/solicitudot?745e397d3ecdce9b0e6b70c8eab094ea75ae8acd550aea7d8728d56fdaf1f4d4,gx-no-cache=1520523146833 HTTP/1.1" 200 51
200.86.95.220 - - [08/Mar/2018:12:33:15 -0300] "POST /cormun/servlet/solicitudot?gx-no-cache=1520523146897 HTTP/1.1" 200 240
200.86.95.220 - - [08/Mar/2018:12:33:15 -0300] "GET /cormun/servlet/solicitudot?745e397d3ecdce9b0e6b70c8eab094eaf0b009d71fbfa212cbca57cf351b589477f1d1da5f93ba73b165f13556e13d30f1ada37d5521e22dbfe01a3c22c240e00dbd04d0faa219a2ed752371b86ca61d4f018ba3a812406591de549a30a54cce32c2e83a3144192465a67ed1f9a58063ff86ce75d54aff045b7ad06cf68cf48a325f49a8414c27792ce17ca7553c7cab9180ab8dcf6e52c85784581c2cf03806775a1a6fc1b69b6c9f0d75a8e499ce9039ab2b8f0093aabdfd73217da5515feff24a9cfd1274ca72ce667f0f3f14e8632a6f9855d893a2cf169fd1152074de40a741ab9e34d7bdd0faa65c8c69074c51d8c5e8513c3ea0e6a56958473e1286020400f65db6a962e62052925fe1558db5c3f92f3634e9808c9d3b3321ce231f76006915060151aac0da60f89966274705460ab5f8116f1fca6b5d4a75abc4a939767838f8d397733982386e7d7c8a142c24c5d4ac4c65527e7177e0f9b3da8b4e40b2c748186472cc1593225c9e162b08f57737b149c31ed26145bed2e6b8aa98,gx-no-cache=1520523146989 HTTP/1.1" 200 30
200.86.95.220 - - [08/Mar/2018:12:33:15 -0300] "POST /cormun/servlet/solicitudot?gx-no-cache=1520523147084 HTTP/1.1" 200 30
200.86.95.220 - - [08/Mar/2018:12:33:16 -0300] "POST /cormun/servlet/solicitudot?gx-no-cache=1520523147158 HTTP/1.1" 200 1337
200.86.95.220 - - [08/Mar/2018:12:33:16 -0300] "POST /cormun/servlet/solicitudot?gx-no-cache=1520523147318 HTTP/1.1" 200 38
200.54.247.70 - - [08/Mar/2018:12:33:26 -0300] "POST /cormun/servlet/solicitudot?gx-no-cache=1520523155017 HTTP/1.1" 200 3424
200.54.247.70 - - [08/Mar/2018:12:33:26 -0300] "POST /cormun/servlet/solicitudot?c3dd8a84dfc325bae4bfdc2eda17434a,INS,0,0,,gx-no-cache=1520523155329 HTTP/1.1" 200 10601
200.54.247.70 - - [08/Mar/2018:12:33:37 -0300] "GET /cormun/servlet/solicitudot?6f36f3f7841f4ef847b0e180d3ca2663155b2184240da1a557bd64695f63d7f0195e55dad88320e6b4afb9a1a4258f2a,gx-no-cache=1520523166618 HTTP/1.1" 200 30
200.54.247.70 - - [08/Mar/2018:12:33:37 -0300] "GET /cormun/servlet/solicitudot?6f36f3f7841f4ef847b0e180d3ca2663c2380f709a0e646716862e761f311172ce40e566dbfa07bcf7ecc349e80fc227654e3506cc5842d12e7edbe29b944391,gx-no-cache=1520523166705 HTTP/1.1" 200 30
200.54.247.70 - - [08/Mar/2018:12:33:37 -0300] "GET /cormun/servlet/solicitudot?6f36f3f7841f4ef847b0e180d3ca2663b5985feeb3337755969a43c813d6af72,gx-no-cache=1520523166773 HTTP/1.1" 200 60
200.54.247.70 - - [08/Mar/2018:12:33:38 -0300] "POST /cormun/servlet/solicitudot?gx-no-cache=1520523166850 HTTP/1.1" 200 297
200.54.247.70 - - [08/Mar/2018:12:33:38 -0300] "GET /cormun/servlet/solicitudot?6f36f3f7841f4ef847b0e180d3ca2663329f21269f982d7d975246bb5fdf24e779c0e0267be2d906bc1974d1289dac6e3e4456e7523d8b27316c6f291b51b63f111e7bb73a7942f8f2894aac9c03d66920ac55e64ca58dd2c4e176baa1da7dcf08acf614623c2468fa256c6aaf2b28377d17a25a7fc92ec0b33b39265d085580d7fd75f996cd3643033c49d6b2afb7888883d2da3d2449590f346e350a79e42263b2ee624329090d4e72164a13c4a3b7e628ba684df43f123e6152092e3ac199e779c1b8cfe03ae682b9ba4b264302e435fa02078ff7e2491197f544dc3ec13bcca8b031f2eae19eea9eae9e5ed6fcbeb864a9b447c4574dac832dedb63cddc83dc4519d6580e5bcc66b949124affba6f9609046f4a8f02d5b8d292aa1fcef4123b58d3a7d84b64662aa303acb88f1b9656bf78df1194a5bcb72e35e8196819a50ac937aa390bfa2845c8fd16bab01bb80fac2017688ea32228ba1d5c0ad0eb0db3d92e1036b63ed008b709c8a7cd90bd4f085dcb5dba9e3798843b1574aa0bfe578e86b0607bb98cc173d3c6f5e0073,gx-no-cache=1520523167231 HTTP/1.1" 200 30
200.54.247.70 - - [08/Mar/2018:12:33:40 -0300] "POST /cormun/servlet/solicitudot?gx-no-cache=1520523169665 HTTP/1.1" 200 30
200.54.247.70 - - [08/Mar/2018:12:33:43 -0300] "POST /cormun/servlet/solicitudot?gx-no-cache=1520523171957 HTTP/1.1" 200 1336
200.54.247.70 - - [08/Mar/2018:12:33:43 -0300] "POST /cormun/servlet/solicitudot?gx-no-cache=1520523172100 HTTP/1.1" 200 38
