186.79.229.37 - - [08/Mar/2018:12:17:17 -0300] "GET /cormun/static/hpexe_messagecontroller.js?20177611595012 HTTP/1.1" 200 870
186.79.229.37 - - [08/Mar/2018:12:17:17 -0300] "GET /cormun/static/hpexe_messagepopupcomponent.js?20161017169425 HTTP/1.1" 200 605
186.79.229.37 - - [08/Mar/2018:12:17:17 -0300] "GET /cormun/static/hpexe_messagegenexuscomponent.js?201752511465344 HTTP/1.1" 200 587
186.79.229.37 - - [08/Mar/2018:12:17:17 -0300] "GET /cormun/static/cmcontrolpreferences.js?201752511465670 HTTP/1.1" 200 1375
186.79.229.37 - - [08/Mar/2018:12:17:17 -0300] "GET /cormun/static/SmoothNavMenu/resources/ddsmoothmenu.js HTTP/1.1" 200 12712
186.79.229.37 - - [08/Mar/2018:12:17:17 -0300] "GET /cormun/static/SmoothNavMenu/resources/SmoothNavMenuRender.js HTTP/1.1" 200 5951
186.79.229.37 - - [08/Mar/2018:12:17:17 -0300] "GET /cormun/static/scaMessage/js/jquery.pnotify.min.js HTTP/1.1" 200 13038
186.79.229.37 - - [08/Mar/2018:12:17:17 -0300] "GET /cormun/static/scaMessage/scaMessageRender.js HTTP/1.1" 200 11977
200.120.230.197 - - [08/Mar/2018:12:17:17 -0300] "GET /cormun/servlet/trautorizarsolicitud? HTTP/1.1" 200 11530
186.79.229.37 - - [08/Mar/2018:12:17:18 -0300] "GET /cormun/static/Shared/jquery/jquery-1.4.2.min.js HTTP/1.1" 200 72174
200.120.230.197 - - [08/Mar/2018:12:17:18 -0300] "GET /cormun/static/gxcfg.js?2017111423403364 HTTP/1.1" 200 953
186.79.229.37 - - [08/Mar/2018:12:17:18 -0300] "GET /cormun/static/hmpwkw03.js?20177612122668 HTTP/1.1" 200 3965
200.120.230.197 - - [08/Mar/2018:12:17:18 -0300] "GET /cormun/static/trautorizarsolicitud.js?201711142340425 HTTP/1.1" 200 53910
200.120.230.197 - - [08/Mar/2018:12:17:19 -0300] "GET /cormun/servlet/trautorizarsolicitud? HTTP/1.1" 200 11530
186.79.229.37 - - [08/Mar/2018:12:17:19 -0300] "GET /cormun/static/Shared/jquery/jquery-1.10.2.min.js HTTP/1.1" 200 273199
186.79.229.37 - - [08/Mar/2018:12:17:20 -0300] "GET /cormun/static/Shared/jqueryui/jquery-ui.min.js HTTP/1.1" 200 240427
200.120.230.197 - - [08/Mar/2018:12:17:22 -0300] "GET /cormun/servlet/veautorizarsolicitud?2018,10279,, HTTP/1.1" 200 8612
200.120.230.197 - - [08/Mar/2018:12:17:22 -0300] "GET /cormun/static/gxcfg.js?2017111423404691 HTTP/1.1" 200 953
200.120.230.197 - - [08/Mar/2018:12:17:22 -0300] "GET /cormun/pexe_scrolldiv.js HTTP/1.1" 404 1009
200.120.230.197 - - [08/Mar/2018:12:17:22 -0300] "GET /cormun/static/veautorizarsolicitud.js?2017111423404756 HTTP/1.1" 200 6140
200.120.230.197 - - [08/Mar/2018:12:17:22 -0300] "GET /cormun/static/tbautorizarsolicitud01.js?2017111423392092 HTTP/1.1" 200 30580
186.79.103.20 - - [08/Mar/2018:12:17:22 -0300] "GET /cormun/pexe_scrolldiv.js HTTP/1.1" 404 1009
200.86.99.60 - - [08/Mar/2018:12:17:23 -0300] "POST /cormun/servlet/trvisualizadoreventos?2a49631305fc7667a39c2c8ce95faee1,,gx-no-cache=1520522190353 HTTP/1.1" 200 4502
186.79.103.20 - - [08/Mar/2018:12:17:23 -0300] "GET /cormun/servlet/veautorizarsolicitud?2018,10279,, HTTP/1.1" 200 8607
186.79.229.37 - - [08/Mar/2018:12:17:27 -0300] "GET /cormun/static/Shared/ext/ext-all.js HTTP/1.1" 200 1289687
186.79.229.37 - - [08/Mar/2018:12:17:28 -0300] "GET /cormun/servlet/hhome HTTP/1.1" 200 4161
186.79.229.37 - - [08/Mar/2018:12:17:28 -0300] "GET /cormun/static/SmoothNavMenu/resources/images/down.gif HTTP/1.1" 200 854
186.79.229.37 - - [08/Mar/2018:12:17:28 -0300] "GET /cormun/static/SmoothNavMenu/resources/images/right.gif HTTP/1.1" 200 860
186.79.229.37 - - [08/Mar/2018:12:17:41 -0300] "GET /cormun/servlet/trautorizarsolicitud? HTTP/1.1" 200 7277
186.79.229.37 - - [08/Mar/2018:12:17:41 -0300] "GET /cormun/static/gxui/gxui-all.css?120300 HTTP/1.1" 200 2179
186.79.229.37 - - [08/Mar/2018:12:17:41 -0300] "GET /cormun/static/gxcfg.js?2017111423403364 HTTP/1.1" 200 953
186.79.229.37 - - [08/Mar/2018:12:17:41 -0300] "GET /cormun/static/calendar-setup.js?85251 HTTP/1.1" 200 2588
186.79.229.37 - - [08/Mar/2018:12:17:41 -0300] "GET /cormun/static/calendar.js?85251 HTTP/1.1" 200 26246
186.79.229.37 - - [08/Mar/2018:12:17:41 -0300] "GET /cormun/static/calendar-system.css?85620 HTTP/1.1" 200 5572
186.79.229.37 - - [08/Mar/2018:12:17:42 -0300] "GET /cormun/static/calendar-es.js?85251 HTTP/1.1" 200 1901
186.79.229.37 - - [08/Mar/2018:12:17:42 -0300] "GET /cormun/static/Resources/Spanish/PXTools.css?1255365 HTTP/1.1" 200 89042
186.79.229.37 - - [08/Mar/2018:12:17:42 -0300] "GET /cormun/static/gxdec.js?85251 HTTP/1.1" 200 19579
186.79.229.37 - - [08/Mar/2018:12:17:43 -0300] "GET /cormun/static/trautorizarsolicitud.js?201711142340425 HTTP/1.1" 200 53910
186.79.229.37 - - [08/Mar/2018:12:17:43 -0300] "GET /cormun/static/Resources/PXTools/calendar.png HTTP/1.1" 200 1306
186.79.229.37 - - [08/Mar/2018:12:17:43 -0300] "GET /cormun/static/Resources/PXToolsDataSearch.png HTTP/1.1" 200 419
186.79.229.37 - - [08/Mar/2018:12:17:43 -0300] "GET /cormun/static/Resources/PXToolsGridFirstDisabled.gif HTTP/1.1" 200 100
186.79.229.37 - - [08/Mar/2018:12:17:43 -0300] "GET /cormun/static/Resources/PXToolsGridPreviousDisabled.gif HTTP/1.1" 200 90
186.79.229.37 - - [08/Mar/2018:12:17:43 -0300] "GET /cormun/static/Resources/PXToolsGridNextDisabled.gif HTTP/1.1" 200 90
186.79.229.37 - - [08/Mar/2018:12:17:44 -0300] "GET /cormun/static/Resources/PXToolsGridLastDisabled.gif HTTP/1.1" 200 98
186.79.229.37 - - [08/Mar/2018:12:17:44 -0300] "GET /cormun/static/Resources/PXToolsGridPage.gif HTTP/1.1" 200 725
186.79.229.37 - - [08/Mar/2018:12:17:44 -0300] "GET /cormun/static/Resources/PXToolsActionExcel.png HTTP/1.1" 200 3187
186.79.229.37 - - [08/Mar/2018:12:17:44 -0300] "GET /cormun/static/Shared/ext/resources/css/ext-all.css?215870 HTTP/1.1" 200 416045
186.79.229.37 - - [08/Mar/2018:12:17:45 -0300] "GET /cormun/static/Resources/asc.gif HTTP/1.1" 200 67
186.79.229.37 - - [08/Mar/2018:12:17:45 -0300] "GET /cormun/static/Resources/desc.gif HTTP/1.1" 200 65
186.79.229.37 - - [08/Mar/2018:12:17:45 -0300] "GET /cormun/servlet/trautorizarsolicitud? HTTP/1.1" 200 7276
186.79.229.37 - - [08/Mar/2018:12:17:45 -0300] "GET /cormun/static/Shared/ext/resources/themes/images/default/panel/bg-headersPanel.png HTTP/1.1" 200 255
186.79.229.37 - - [08/Mar/2018:12:17:45 -0300] "GET /cormun/static/Shared/ext/resources/themes/images/default/tools/tool-sprites.gif HTTP/1.1" 200 5434
186.103.159.182 - - [08/Mar/2018:12:17:49 -0300] "POST /cormun/servlet/solicitudotcontratos?66801812e806bc38704c58e34e8611db,INS,2018,0,7328366,3,2,2017,1551,NADA,201801,6,B,,gx-no-cache=1520522167420 HTTP/1.1" 200 10845
186.103.159.182 - - [08/Mar/2018:12:17:50 -0300] "POST /cormun/servlet/solicitudotcontratos?gx-no-cache=1520522167806 HTTP/1.1" 200 1321
186.103.159.182 - - [08/Mar/2018:12:17:51 -0300] "POST /cormun/servlet/solicitudotcontratos?gx-no-cache=1520522168769 HTTP/1.1" 200 1219
186.103.159.182 - - [08/Mar/2018:12:17:51 -0300] "GET /cormun/servlet/solicitudotcontratos?acd7307279a3c872a99112d8890a4b17fcb8da2ae3d619d2986d2ec15f1994b6863df269141f540ea4a898e381fd4fbed212ff4276c17a04dd9bf3f4da86527b09b3d82e968e9426fdc828e4fc272594464cd83a83523cd3510337e497dfe31f1620963abdc449baaab4432cbffb00b6e2b21f8f124f55b5cad26131900fd6d0,gx-no-cache=1520522169387 HTTP/1.1" 200 30
186.103.159.182 - - [08/Mar/2018:12:17:51 -0300] "POST /cormun/servlet/solicitudotcontratos?66801812e806bc38704c58e34e8611db,INS,2018,0,7328366,3,2,2017,1551,NADA,201801,6,B,,gx-no-cache=1520522169437 HTTP/1.1" 200 11059
186.103.159.182 - - [08/Mar/2018:12:17:54 -0300] "POST /cormun/servlet/solicitudotcontratos?66801812e806bc38704c58e34e8611db,INS,2018,0,7328366,3,2,2017,1551,NADA,201801,6,B,,gx-no-cache=1520522171918 HTTP/1.1" 200 93
186.103.159.182 - - [08/Mar/2018:12:17:54 -0300] "GET /cormun/servlet/hpexe_return? HTTP/1.1" 200 1065
186.103.159.182 - - [08/Mar/2018:12:17:54 -0300] "GET /cormun/servlet/trcontratosolicitud?gx-no-cache=1520521768107 HTTP/1.1" 200 14774
186.79.103.20 - - [08/Mar/2018:12:17:55 -0300] "POST /cormun/servlet/veautorizarsolicitud?f9bf174c160b9dca92ed67fe4dbe6558,2018,10279,,,gx-no-cache=1520522227549 HTTP/1.1" 200 90
186.79.103.20 - - [08/Mar/2018:12:17:55 -0300] "GET /cormun/servlet/hpexe_link HTTP/1.1" 200 971
186.79.103.20 - - [08/Mar/2018:12:17:56 -0300] "GET /cormun/servlet/trautorizarsolicitud HTTP/1.1" 200 11531
186.103.159.182 - - [08/Mar/2018:12:17:56 -0300] "GET /cormun/servlet/trcontratosolicitud?gx-no-cache=1520521768107 HTTP/1.1" 200 14792
186.79.229.37 - - [08/Mar/2018:12:17:57 -0300] "POST /cormun/servlet/trautorizarsolicitud?f38a736812f51d55e211669b473c36a4,,gx-no-cache=1520522228273 HTTP/1.1" 200 12753
186.79.103.20 - - [08/Mar/2018:12:17:57 -0300] "GET /cormun/servlet/trautorizarsolicitud HTTP/1.1" 200 11530
186.79.229.37 - - [08/Mar/2018:12:17:57 -0300] "GET /cormun//static/Resources/PXToolsActionView.png HTTP/1.1" 200 2995
186.79.229.37 - - [08/Mar/2018:12:17:57 -0300] "GET /cormun//static/Resources/PXToolsRemoveAllAction.png HTTP/1.1" 200 3558
186.79.229.37 - - [08/Mar/2018:12:17:57 -0300] "GET /cormun//static/Resources/PXToolsGridUpdate.png HTTP/1.1" 200 2984
186.79.229.37 - - [08/Mar/2018:12:17:57 -0300] "GET /cormun//static/Resources/PXTools/ActionInsert.png HTTP/1.1" 200 1482
186.79.229.37 - - [08/Mar/2018:12:17:57 -0300] "GET /cormun//static/Resources/PXToolsGridDelete.png HTTP/1.1" 200 357
186.79.103.20 - - [08/Mar/2018:12:18:00 -0300] "GET /cormun/servlet/veautorizarsolicitud?2018,10272,, HTTP/1.1" 200 8638
186.79.103.20 - - [08/Mar/2018:12:18:00 -0300] "GET /cormun/pexe_scrolldiv.js HTTP/1.1" 404 1009
186.79.103.20 - - [08/Mar/2018:12:18:01 -0300] "GET /cormun/servlet/veautorizarsolicitud?2018,10272,, HTTP/1.1" 200 8637
186.79.103.20 - - [08/Mar/2018:12:18:14 -0300] "POST /cormun/servlet/veautorizarsolicitud?f9bf174c160b9dca92ed67fe4dbe6558,2018,10272,,,gx-no-cache=1520522245602 HTTP/1.1" 200 90
186.79.103.20 - - [08/Mar/2018:12:18:14 -0300] "GET /cormun/servlet/hpexe_link HTTP/1.1" 200 971
186.79.103.20 - - [08/Mar/2018:12:18:15 -0300] "GET /cormun/servlet/trautorizarsolicitud HTTP/1.1" 200 11531
186.79.229.37 - - [08/Mar/2018:12:18:16 -0300] "POST /cormun/servlet/trautorizarsolicitud?f38a736812f51d55e211669b473c36a4,,gx-no-cache=1520522242898 HTTP/1.1" 200 110
186.79.229.37 - - [08/Mar/2018:12:18:16 -0300] "GET /cormun/AutorizarSolicitud-3440.xls HTTP/1.1" 200 13312
186.103.159.182 - - [08/Mar/2018:12:18:16 -0300] "GET /cormun/servlet/solicitudotcontratos?INS,2018,0,18040959,9,2,2017,2357,INTEGRACION,201801,44,B, HTTP/1.1" 200 10023
186.79.103.20 - - [08/Mar/2018:12:18:16 -0300] "GET /cormun/servlet/trautorizarsolicitud HTTP/1.1" 200 11530
186.103.159.182 - - [08/Mar/2018:12:18:17 -0300] "GET /cormun/servlet/solicitudotcontratos?INS,2018,0,18040959,9,2,2017,2357,INTEGRACION,201801,44,B, HTTP/1.1" 200 10035
186.103.159.182 - - [08/Mar/2018:12:18:18 -0300] "GET /cormun/servlet/solicitudotcontratos?acd7307279a3c872a99112d8890a4b17dab3707457155950f4b19582b4f2a2e4355c311d02d9084b6c89539e7ab5a17f,gx-no-cache=1520522196371 HTTP/1.1" 200 30
186.103.159.182 - - [08/Mar/2018:12:18:18 -0300] "GET /cormun/servlet/solicitudotcontratos?acd7307279a3c872a99112d8890a4b1716d54abd7f61d37fb6974268bc444c3f18c16426d5285e6d2a3a5b800fa661e2,gx-no-cache=1520522196782 HTTP/1.1" 200 30
186.103.159.182 - - [08/Mar/2018:12:18:18 -0300] "GET /cormun/servlet/solicitudotcontratos?acd7307279a3c872a99112d8890a4b171cc06ea9c1cf5e0aa5407036cacf6cde986fc5be91894d8a08687bb9790bf863605121236eee636d753c6e7578addfdb2399ec34b1c5a68c62a93a46b1d9fee425d3c469eb12047bc78c388279efd25467f06bdde7e42db2eb4ee2bdba734ae5e46a2a7efdeaed736dbb7cdf941a0758,gx-no-cache=1520522196853 HTTP/1.1" 200 48
186.103.159.182 - - [08/Mar/2018:12:18:18 -0300] "GET /cormun/servlet/solicitudotcontratos?acd7307279a3c872a99112d8890a4b1750cc9115143cc875de21ec4e0473ffc7a97e5d3279619caf41f3bdc4a9874672,gx-no-cache=1520522196927 HTTP/1.1" 200 30
186.103.159.182 - - [08/Mar/2018:12:18:18 -0300] "GET /cormun/servlet/solicitudotcontratos?acd7307279a3c872a99112d8890a4b170517f4078d69a84ce9db03869e8a0a704481c57ae477aab4a899780ff7dbea45d55dddbc179d818962c860e33eae93d30ef9444d4badb671e12f07d6a1f7cc848c0c3e0122fe6c42362d897f358a0d3246f441392f46c3e8f37988503d673fbc,gx-no-cache=1520522197077 HTTP/1.1" 200 30
186.103.159.182 - - [08/Mar/2018:12:18:19 -0300] "GET /cormun/servlet/solicitudotcontratos?acd7307279a3c872a99112d8890a4b170bba0abd29c4d579cb017ed40d2c257309c17a2661561ea6f9d3d589e8dcb4933dcde463f05143ff379a9add593c14e41c6c0c1bf2ebf971fa943b2a5f2e6d52debaa5b704f976a4370574ea7bb4f8b02b9916fe7cd7023ed73e754a272d36c247324f041efc1e3a7519f789f1dffcc692ddaff702616886bcfb3abd720a3237ce2a973c8838e624202a76cce7a0f9f1a6e95ab69e28028bac17f90b4dcb8fd99afec32c027a06b6b6714089e257feaab80c81a94705e3d7405ca413536d763fbe2e281c53a0e492b5fa9b9d458ae53f540f41c0307cced5f413005892761e8ef489fde0da575619df6f6ddfb468781e427f3cb6a473225f38d3182bccc7a0de5fac07b50f39add98e8d4dd04a90776d8017eab2e99ec29684a4585cbbe9968c28b5d7a3507692e2d30803468b7b392ab064103c8461f3a06cffddcdcd425cc01049fcb7b324cc95d7c41c09dab05d859e5a57851d68822d16dc391841245dbf5fac07b50f39add98e8d4dd04a90776d2ef7e55934d246ba719d594b3146afe57c7a4071a6fb83bd6a867686531785d9ac86ac359e4f81cbed83815db05a744c27e188e026010417786c8a8bf77fb017,gx-no-cache=1520522197156 HTTP/1.1" 200 83
186.79.103.20 - - [08/Mar/2018:12:18:19 -0300] "GET /cormun/servlet/veautorizarsolicitud?2018,10271,, HTTP/1.1" 200 8598
186.79.103.20 - - [08/Mar/2018:12:18:19 -0300] "GET /cormun/pexe_scrolldiv.js HTTP/1.1" 404 1009
186.79.103.20 - - [08/Mar/2018:12:18:20 -0300] "GET /cormun/pexe_scrolldiv.js HTTP/1.1" 404 1009
186.79.103.20 - - [08/Mar/2018:12:18:21 -0300] "GET /cormun/servlet/veautorizarsolicitud?2018,10271,, HTTP/1.1" 200 8598
186.103.159.182 - - [08/Mar/2018:12:18:27 -0300] "POST /cormun/servlet/solicitudotcontratos?66801812e806bc38704c58e34e8611db,INS,2018,0,18040959,9,2,2017,2357,INTEGRACION,201801,44,B,,gx-no-cache=1520522205364 HTTP/1.1" 200 10840
186.103.159.182 - - [08/Mar/2018:12:18:28 -0300] "POST /cormun/servlet/solicitudotcontratos?gx-no-cache=1520522206136 HTTP/1.1" 200 1320
186.103.159.182 - - [08/Mar/2018:12:18:28 -0300] "POST /cormun/servlet/solicitudotcontratos?gx-no-cache=1520522206335 HTTP/1.1" 200 1218
186.103.159.182 - - [08/Mar/2018:12:18:28 -0300] "GET /cormun/servlet/solicitudotcontratos?acd7307279a3c872a99112d8890a4b17fcb8da2ae3d619d2986d2ec15f1994b6863df269141f540ea4a898e381fd4fbed212ff4276c17a04dd9bf3f4da86527b09b3d82e968e9426fdc828e4fc272594464cd83a83523cd3510337e497dfe31f1620963abdc449baaab4432cbffb00b6e2b21f8f124f55b5cad26131900fd6d0,gx-no-cache=1520522206451 HTTP/1.1" 200 30
186.103.159.182 - - [08/Mar/2018:12:18:28 -0300] "POST /cormun/servlet/solicitudotcontratos?66801812e806bc38704c58e34e8611db,INS,2018,0,18040959,9,2,2017,2357,INTEGRACION,201801,44,B,,gx-no-cache=1520522206513 HTTP/1.1" 200 93
186.103.159.182 - - [08/Mar/2018:12:18:28 -0300] "GET /cormun/servlet/hpexe_return? HTTP/1.1" 200 1072
186.103.159.182 - - [08/Mar/2018:12:18:29 -0300] "GET /cormun/servlet/trcontratosolicitud?gx-no-cache=1520521768107 HTTP/1.1" 200 14605
186.103.159.182 - - [08/Mar/2018:12:18:31 -0300] "GET /cormun/servlet/trcontratosolicitud?gx-no-cache=1520521768107 HTTP/1.1" 200 14626
186.79.103.20 - - [08/Mar/2018:12:18:33 -0300] "POST /cormun/servlet/veautorizarsolicitud?f9bf174c160b9dca92ed67fe4dbe6558,2018,10271,,,gx-no-cache=1520522265264 HTTP/1.1" 200 90
186.79.103.20 - - [08/Mar/2018:12:18:33 -0300] "GET /cormun/servlet/hpexe_link HTTP/1.1" 200 971
186.79.103.20 - - [08/Mar/2018:12:18:33 -0300] "GET /cormun/servlet/trautorizarsolicitud HTTP/1.1" 200 11531
186.79.103.20 - - [08/Mar/2018:12:18:35 -0300] "GET /cormun/servlet/trautorizarsolicitud HTTP/1.1" 200 11530
186.79.103.20 - - [08/Mar/2018:12:18:38 -0300] "GET /cormun/servlet/veautorizarsolicitud?2018,10270,, HTTP/1.1" 200 8626
186.79.103.20 - - [08/Mar/2018:12:18:39 -0300] "GET /cormun/pexe_scrolldiv.js HTTP/1.1" 404 1009
186.79.103.20 - - [08/Mar/2018:12:18:40 -0300] "GET /cormun/servlet/veautorizarsolicitud?2018,10270,, HTTP/1.1" 200 8626
200.54.247.70 - - [08/Mar/2018:12:19:07 -0300] "GET /cormun/servlet/trsolicitudot? HTTP/1.1" 200 7456
200.54.247.70 - - [08/Mar/2018:12:19:11 -0300] "GET /cormun/servlet/solicitudot?INS,0,0, HTTP/1.1" 200 13690
186.103.159.182 - - [08/Mar/2018:12:19:13 -0300] "GET /cormun/servlet/solicitudotcontratos?INS,2018,0,8175791,7,2,2017,2485,NADA,201801,30,B, HTTP/1.1" 200 10016
186.103.159.182 - - [08/Mar/2018:12:19:15 -0300] "GET /cormun/servlet/solicitudotcontratos?INS,2018,0,8175791,7,2,2017,2485,NADA,201801,30,B, HTTP/1.1" 200 10027
186.103.159.182 - - [08/Mar/2018:12:19:15 -0300] "GET /cormun/servlet/solicitudotcontratos?acd7307279a3c872a99112d8890a4b17e850d8e1c41f05124aa5f50c9695c97a27e188e026010417786c8a8bf77fb017,gx-no-cache=1520522253853 HTTP/1.1" 200 30
186.103.159.182 - - [08/Mar/2018:12:19:15 -0300] "GET /cormun/servlet/solicitudotcontratos?acd7307279a3c872a99112d8890a4b170d9a453237f3214280b661f383fa4e79e0e099c808c7041e3181805bcc9da00d,gx-no-cache=1520522253912 HTTP/1.1" 200 30
186.103.159.182 - - [08/Mar/2018:12:19:15 -0300] "GET /cormun/servlet/solicitudotcontratos?acd7307279a3c872a99112d8890a4b171cc06ea9c1cf5e0aa5407036cacf6cde986fc5be91894d8a08687bb9790bf863605121236eee636d753c6e7578addfdb2399ec34b1c5a68c62a93a46b1d9fee425d3c469eb12047bc78c388279efd25467f06bdde7e42db2eb4ee2bdba734ae5e46a2a7efdeaed736dbb7cdf941a0758,gx-no-cache=1520522253969 HTTP/1.1" 200 48
186.103.159.182 - - [08/Mar/2018:12:19:15 -0300] "GET /cormun/servlet/solicitudotcontratos?acd7307279a3c872a99112d8890a4b17753b0b68d292fd6993f3ffa9d929ae2db0fff26ac07921465e340825c8c27cad,gx-no-cache=1520522254049 HTTP/1.1" 200 30
186.103.159.182 - - [08/Mar/2018:12:19:15 -0300] "GET /cormun/servlet/solicitudotcontratos?acd7307279a3c872a99112d8890a4b170517f4078d69a84ce9db03869e8a0a704481c57ae477aab4a899780ff7dbea45d55dddbc179d818962c860e33eae93d30ef9444d4badb671e12f07d6a1f7cc848c0c3e0122fe6c42362d897f358a0d3246f441392f46c3e8f37988503d673fbc,gx-no-cache=1520522254085 HTTP/1.1" 200 30
186.103.159.182 - - [08/Mar/2018:12:19:16 -0300] "GET /cormun/servlet/solicitudotcontratos?acd7307279a3c872a99112d8890a4b170bba0abd29c4d579cb017ed40d2c257309c17a2661561ea6f9d3d589e8dcb493897a2af5c40073d645b13ccecbc2769a39d0888937cd733187040d80bd821f91dda851acc67e8feb70bc52ae47ed6cf0c546e1c9386eea5b936a0eb53b1e141cf087b22f89d846d23469350a4613ff74449d782762682712dc2a19910d25c0d2550ac32186952b3712063168a37eed232a0a231eb850a2a9fbce3da3d25f306c435035e30d65fac6d5d2d3dfd4994947de8b61072e45032a23697dc7b89d558bcb16b228a5bb70384d50097cf54741ce9ab41d5eaf030d6c3b225174c48be328f2b77924af4fe76c0a4aecc32b1a45e74264874f400f005a500709c43488ae82467cb5109aba2fd0be9a9ab0dcbaf72285d8cc4ea386febc6d3c3de14d3464f78017eab2e99ec29684a4585cbbe9968c6620961f91d67582688902582e73ddef0124b25964425d125f2499898269d85341aefebc1e2f36678abd29ff6fe9f39c2db520d20468beaaa68afe0aeede5288787e1e394f08f52d70f5b3d7f3355e235a9689b67190c3348585efcedfc78936268edabe23d3a1cb68094f72030e1040,gx-no-cache=1520522254132 HTTP/1.1" 200 72
186.79.103.20 - - [08/Mar/2018:12:19:19 -0300] "POST /cormun/servlet/veautorizarsolicitud?f9bf174c160b9dca92ed67fe4dbe6558,2018,10270,,,gx-no-cache=1520522311112 HTTP/1.1" 200 90
186.79.103.20 - - [08/Mar/2018:12:19:19 -0300] "GET /cormun/servlet/hpexe_link HTTP/1.1" 200 971
186.79.103.20 - - [08/Mar/2018:12:19:20 -0300] "GET /cormun/servlet/trautorizarsolicitud HTTP/1.1" 200 11531
186.79.103.20 - - [08/Mar/2018:12:19:21 -0300] "GET /cormun/servlet/trautorizarsolicitud HTTP/1.1" 200 11530
186.79.103.20 - - [08/Mar/2018:12:19:25 -0300] "GET /cormun/servlet/veautorizarsolicitud?2018,10269,, HTTP/1.1" 200 8637
186.79.103.20 - - [08/Mar/2018:12:19:25 -0300] "GET /cormun/pexe_scrolldiv.js HTTP/1.1" 404 1009
186.103.159.182 - - [08/Mar/2018:12:19:25 -0300] "POST /cormun/servlet/solicitudotcontratos?66801812e806bc38704c58e34e8611db,INS,2018,0,8175791,7,2,2017,2485,NADA,201801,30,B,,gx-no-cache=1520522263769 HTTP/1.1" 200 10834
186.103.159.182 - - [08/Mar/2018:12:19:26 -0300] "POST /cormun/servlet/solicitudotcontratos?gx-no-cache=1520522264216 HTTP/1.1" 200 1321
186.103.159.182 - - [08/Mar/2018:12:19:26 -0300] "POST /cormun/servlet/solicitudotcontratos?gx-no-cache=1520522264367 HTTP/1.1" 200 1219
186.79.103.20 - - [08/Mar/2018:12:19:26 -0300] "GET /cormun/servlet/veautorizarsolicitud?2018,10269,, HTTP/1.1" 200 8636
200.120.230.197 - - [08/Mar/2018:12:19:40 -0300] "POST /cormun/servlet/veautorizarsolicitud?f9bf174c160b9dca92ed67fe4dbe6558,2018,10269,,,gx-no-cache=1520522332404 HTTP/1.1" 200 90
200.120.230.197 - - [08/Mar/2018:12:19:40 -0300] "GET /cormun/servlet/hpexe_link HTTP/1.1" 200 971
200.120.230.197 - - [08/Mar/2018:12:19:40 -0300] "GET /cormun/servlet/trautorizarsolicitud HTTP/1.1" 200 11531
200.120.230.197 - - [08/Mar/2018:12:19:42 -0300] "GET /cormun/servlet/trautorizarsolicitud HTTP/1.1" 200 11530
200.120.230.197 - - [08/Mar/2018:12:19:45 -0300] "GET /cormun/servlet/veautorizarsolicitud?2018,10268,, HTTP/1.1" 200 8638
200.120.230.197 - - [08/Mar/2018:12:19:45 -0300] "GET /cormun/pexe_scrolldiv.js HTTP/1.1" 404 1009
200.120.230.197 - - [08/Mar/2018:12:19:45 -0300] "GET /cormun/pexe_scrolldiv.js HTTP/1.1" 404 1009
200.120.230.197 - - [08/Mar/2018:12:19:46 -0300] "GET /cormun/servlet/veautorizarsolicitud?2018,10268,, HTTP/1.1" 200 8638
207.46.13.4 - - [08/Mar/2018:12:19:53 -0300] "GET /cormun/static/Resources/PXToolsButtonLeft21.png HTTP/1.1" 200 1287
207.46.13.4 - - [08/Mar/2018:12:19:54 -0300] "GET /cormun/static/gxfrmutlSD.js?85251 HTTP/1.1" 200 89044
207.46.13.4 - - [08/Mar/2018:12:19:55 -0300] "GET /cormun/static/gxhtmlSD.js?85251 HTTP/1.1" 200 50424
207.46.13.4 - - [08/Mar/2018:12:19:55 -0300] "GET /cormun/static/messages.spa.js?85251 HTTP/1.1" 200 30736
200.120.230.197 - - [08/Mar/2018:12:20:01 -0300] "POST /cormun/servlet/veautorizarsolicitud?f9bf174c160b9dca92ed67fe4dbe6558,2018,10268,,,gx-no-cache=1520522353763 HTTP/1.1" 200 90
200.120.230.197 - - [08/Mar/2018:12:20:01 -0300] "GET /cormun/servlet/hpexe_link HTTP/1.1" 200 971
200.120.230.197 - - [08/Mar/2018:12:20:02 -0300] "GET /cormun/servlet/trautorizarsolicitud HTTP/1.1" 200 11531
200.120.230.197 - - [08/Mar/2018:12:20:03 -0300] "GET /cormun/servlet/trautorizarsolicitud HTTP/1.1" 200 11530
200.120.230.197 - - [08/Mar/2018:12:20:06 -0300] "GET /cormun/servlet/veautorizarsolicitud?2018,10243,, HTTP/1.1" 200 8615
200.120.230.197 - - [08/Mar/2018:12:20:07 -0300] "GET /cormun/pexe_scrolldiv.js HTTP/1.1" 404 1009
200.120.230.197 - - [08/Mar/2018:12:20:08 -0300] "GET /cormun/servlet/veautorizarsolicitud?2018,10243,, HTTP/1.1" 200 8614
200.54.247.70 - - [08/Mar/2018:12:20:22 -0300] "POST /cormun/servlet/solicitudot?gx-no-cache=1520522371675 HTTP/1.1" 200 3413
200.120.230.197 - - [08/Mar/2018:12:20:23 -0300] "POST /cormun/servlet/veautorizarsolicitud?f9bf174c160b9dca92ed67fe4dbe6558,2018,10243,,,gx-no-cache=1520522373868 HTTP/1.1" 200 90
200.120.230.197 - - [08/Mar/2018:12:20:23 -0300] "GET /cormun/servlet/hpexe_link HTTP/1.1" 200 971
200.120.230.197 - - [08/Mar/2018:12:20:23 -0300] "GET /cormun/servlet/trautorizarsolicitud HTTP/1.1" 200 11531
200.54.247.70 - - [08/Mar/2018:12:20:23 -0300] "POST /cormun/servlet/solicitudot?13e9c88b220aa865ada07fc00aa2b33a,INS,0,0,,gx-no-cache=1520522372065 HTTP/1.1" 200 10597
200.120.230.197 - - [08/Mar/2018:12:20:25 -0300] "GET /cormun/servlet/trautorizarsolicitud HTTP/1.1" 200 11530
200.54.247.70 - - [08/Mar/2018:12:20:27 -0300] "GET /cormun/servlet/solicitudot?ff50f9aaf15f507585e74d4b5e53284827607e1aaa39697a9bd4c18e7e20a2f4251129e93964cfceb9c88ae16ad72f3c,gx-no-cache=1520522376729 HTTP/1.1" 200 30
200.54.247.70 - - [08/Mar/2018:12:20:27 -0300] "GET /cormun/servlet/solicitudot?ff50f9aaf15f507585e74d4b5e53284800d0d7c988715c73bfff426742d5433bc6d2ccb892b871b9a313ef25bafa053515c0db140897872a6277e8222cc8c349,gx-no-cache=1520522376808 HTTP/1.1" 200 30
200.54.247.70 - - [08/Mar/2018:12:20:28 -0300] "GET /cormun/servlet/solicitudot?ff50f9aaf15f507585e74d4b5e5328483690fef4e38fa1b86e9e5662e529d248,gx-no-cache=1520522376885 HTTP/1.1" 200 70
200.120.230.197 - - [08/Mar/2018:12:20:28 -0300] "GET /cormun/servlet/veautorizarsolicitud?2018,10139,, HTTP/1.1" 200 8641
200.54.247.70 - - [08/Mar/2018:12:20:28 -0300] "POST /cormun/servlet/solicitudot?gx-no-cache=1520522376971 HTTP/1.1" 200 297
200.54.247.70 - - [08/Mar/2018:12:20:28 -0300] "GET /cormun/servlet/solicitudot?ff50f9aaf15f507585e74d4b5e532848fc7d68ab328f835137f794b6aeb85c312f7a119e46cee0e81dab708874a401e5789589d8044a47bd7fb1b9e74e4cee98b0ceb4db98e49c169017d021921867d3ecd565886505a2f2146fec523a42f1f7b8349671988c675c80868748e5386e4eb6c6660f9f5b78cda38b99f599719568ee8bf2d6d4524391301e09ecda27128db60f68841f02edf41a0749d1e6de86de09785245842977a60fb11bc561de6819ee2c3f87971f99e7c8324b7876ba6208cec63f4d05321f416057748de0fd3696d8d479e85b6acf7cf1381b5c6ae9d3a069c4d2d01d454b899d7041a1a2910e8288c8b02033b1c017510be2fc41a23513ba11fff44321c1b567a2999d558b646e3eb915105b0fa100bf82e4e6b0d891148c7eedda5deadca1aa250d5d82f5661777e63fa7b93087f40f8bb52bacd5e88a67d5c2068fbe691241c90116d8000c1c9ee07ffd55f525a7d1ef71143df2c57a3212c0898f3e155279179cecb993cf785b71bcb92a805ccbb7a505248def89454e84bae9745ffb25c11163b8c45668a9,gx-no-cache=1520522377038 HTTP/1.1" 200 30
200.120.230.197 - - [08/Mar/2018:12:20:28 -0300] "GET /cormun/pexe_scrolldiv.js HTTP/1.1" 404 1009
200.120.230.197 - - [08/Mar/2018:12:20:28 -0300] "GET /cormun/pexe_scrolldiv.js HTTP/1.1" 404 1009
200.120.230.197 - - [08/Mar/2018:12:20:29 -0300] "GET /cormun/servlet/veautorizarsolicitud?2018,10139,, HTTP/1.1" 200 8641
200.54.247.70 - - [08/Mar/2018:12:20:30 -0300] "POST /cormun/servlet/solicitudot?gx-no-cache=1520522379377 HTTP/1.1" 200 30
200.54.247.70 - - [08/Mar/2018:12:20:36 -0300] "POST /cormun/servlet/solicitudot?gx-no-cache=1520522384978 HTTP/1.1" 200 1336
200.54.247.70 - - [08/Mar/2018:12:20:37 -0300] "POST /cormun/servlet/solicitudot?gx-no-cache=1520522385576 HTTP/1.1" 200 38
200.54.247.70 - - [08/Mar/2018:12:20:51 -0300] "GET /cormun/servlet/solicitudot?ff50f9aaf15f507585e74d4b5e532848de91f7c1bf3530066a8e2bd865ebb2d7fe7263ace0ff01db24917f26d7999784357e5b3435118ccc550db8ee6293740ead330f7d0d5f5c5e37b6da5cd184bac956dda21c9e61bbf5a03f6d75b95a8459ce00eb7d8b312e83bbb4edb37af627fd,gx-no-cache=1520522400412 HTTP/1.1" 200 29
200.54.247.70 - - [08/Mar/2018:12:20:51 -0300] "POST /cormun/servlet/solicitudot?gx-no-cache=1520522400483 HTTP/1.1" 200 1317
200.54.247.70 - - [08/Mar/2018:12:20:51 -0300] "POST /cormun/servlet/solicitudot?gx-no-cache=1520522400667 HTTP/1.1" 200 1218
200.54.247.70 - - [08/Mar/2018:12:20:51 -0300] "GET /cormun/static/menuarrow.gif HTTP/1.1" 404 1015
200.54.247.70 - - [08/Mar/2018:12:20:55 -0300] "POST /cormun/servlet/solicitudot?gx-no-cache=1520522404320 HTTP/1.1" 200 1317
200.54.247.70 - - [08/Mar/2018:12:20:55 -0300] "POST /cormun/servlet/solicitudot?gx-no-cache=1520522404392 HTTP/1.1" 200 1218
200.54.247.70 - - [08/Mar/2018:12:20:57 -0300] "GET /cormun/servlet/solicitudot?ff50f9aaf15f507585e74d4b5e532848b4b1ca690d2a3c287ab6760ba0d9ef7168a547effa184a2e11ea64a4a4500762,gx-no-cache=1520522405863 HTTP/1.1" 200 30
200.54.247.70 - - [08/Mar/2018:12:21:12 -0300] "POST /cormun/servlet/solicitudot?gx-no-cache=1520522421651 HTTP/1.1" 200 30
200.54.247.70 - - [08/Mar/2018:12:21:13 -0300] "POST /cormun/servlet/solicitudot?13e9c88b220aa865ada07fc00aa2b33a,INS,0,0,,gx-no-cache=1520522421723 HTTP/1.1" 200 93
200.54.247.70 - - [08/Mar/2018:12:21:13 -0300] "GET /cormun/servlet/hpexe_return? HTTP/1.1" 200 1011
200.54.247.70 - - [08/Mar/2018:12:21:13 -0300] "GET /cormun/servlet/trsolicitudot HTTP/1.1" 200 8796
200.54.247.70 - - [08/Mar/2018:12:21:19 -0300] "POST /cormun/servlet/trsolicitudot?13e9c88b220aa865ada07fc00aa2b33a,gx-no-cache=1520522428479 HTTP/1.1" 200 4676
200.54.247.70 - - [08/Mar/2018:12:21:19 -0300] "POST /cormun/servlet/trsolicitudot?13e9c88b220aa865ada07fc00aa2b33a,gx-no-cache=1520522428799 HTTP/1.1" 200 4456
200.54.247.70 - - [08/Mar/2018:12:21:20 -0300] "GET /cormun/static/Shared/jqueryui/images/ui-icons_82798d_256x240.png HTTP/1.1" 404 1089
200.54.247.70 - - [08/Mar/2018:12:21:20 -0300] "GET /cormun/static/Shared/jqueryui/images/ui-bg_flat_55_fafafa_40x100.png HTTP/1.1" 404 1097
200.54.247.70 - - [08/Mar/2018:12:21:20 -0300] "GET /cormun/static/Shared/jqueryui/images/ui-bg_highlight-soft_100_c6c2c8_1x100.png HTTP/1.1" 404 1117
200.54.247.70 - - [08/Mar/2018:12:21:20 -0300] "GET /cormun/static/Shared/jqueryui/images/ui-icons_8d78a5_256x240.png HTTP/1.1" 404 1089
200.54.247.70 - - [08/Mar/2018:12:21:23 -0300] "GET /cormun/servlet/trsolicitudot? HTTP/1.1" 200 7455
200.54.247.70 - - [08/Mar/2018:12:21:27 -0300] "GET /cormun/servlet/trautorizarsolicitud? HTTP/1.1" 200 8685
200.54.247.70 - - [08/Mar/2018:12:21:30 -0300] "POST /cormun/servlet/trautorizarsolicitud?13e9c88b220aa865ada07fc00aa2b33a,,gx-no-cache=1520522439296 HTTP/1.1" 200 4610
200.54.247.70 - - [08/Mar/2018:12:21:30 -0300] "POST /cormun/servlet/trautorizarsolicitud?13e9c88b220aa865ada07fc00aa2b33a,,gx-no-cache=1520522439743 HTTP/1.1" 200 4391
200.54.247.70 - - [08/Mar/2018:12:21:31 -0300] "GET /cormun/static/Shared/jqueryui/images/ui-icons_82798d_256x240.png HTTP/1.1" 404 1089
200.54.247.70 - - [08/Mar/2018:12:21:31 -0300] "GET /cormun/static/Shared/jqueryui/images/ui-bg_highlight-soft_100_c6c2c8_1x100.png HTTP/1.1" 404 1117
200.54.247.70 - - [08/Mar/2018:12:21:31 -0300] "GET /cormun/static/Shared/jqueryui/images/ui-icons_8d78a5_256x240.png HTTP/1.1" 404 1089
200.54.247.70 - - [08/Mar/2018:12:21:31 -0300] "GET /cormun/static/Shared/jqueryui/images/ui-bg_flat_55_fafafa_40x100.png HTTP/1.1" 404 1097
186.103.159.187 - - [08/Mar/2018:12:21:35 -0300] "GET /cormun/servlet/hhome HTTP/1.1" 200 3397
186.103.159.187 - - [08/Mar/2018:12:21:35 -0300] "GET /cormun/servlet/hhome HTTP/1.1" 200 3395
186.103.159.187 - - [08/Mar/2018:12:21:36 -0300] "GET /cormun/servlet/hhome HTTP/1.1" 200 3405
186.103.159.187 - - [08/Mar/2018:12:21:36 -0300] "GET /cormun/servlet/hlogin HTTP/1.1" 200 1734
200.54.247.70 - - [08/Mar/2018:12:21:44 -0300] "GET /cormun/servlet/trsolicitudot? HTTP/1.1" 200 7455
200.54.247.70 - - [08/Mar/2018:12:21:49 -0300] "GET /cormun/servlet/solicitudot?INS,0,0, HTTP/1.1" 200 13690
157.55.39.191 - - [08/Mar/2018:12:22:38 -0300] "GET /cormun/static/Resources/PXToolsButtonBackground2.png HTTP/1.1" 200 1181
157.55.39.191 - - [08/Mar/2018:12:22:38 -0300] "GET /cormun/servlet/trsolicitudot HTTP/1.1" 200 6367
157.55.39.191 - - [08/Mar/2018:12:22:43 -0300] "GET /cormun/static/gxapiSD.js?85251 HTTP/1.1" 200 78773
200.54.247.70 - - [08/Mar/2018:12:22:48 -0300] "POST /cormun/servlet/solicitudot?gx-no-cache=1520522516858 HTTP/1.1" 200 3394
200.54.247.70 - - [08/Mar/2018:12:22:48 -0300] "POST /cormun/servlet/solicitudot?13e9c88b220aa865ada07fc00aa2b33a,INS,0,0,,gx-no-cache=1520522517198 HTTP/1.1" 200 10579
200.120.230.197 - - [08/Mar/2018:12:22:52 -0300] "POST /cormun/servlet/veautorizarsolicitud?f9bf174c160b9dca92ed67fe4dbe6558,2018,10139,,,gx-no-cache=1520522524821 HTTP/1.1" 200 90
200.120.230.197 - - [08/Mar/2018:12:22:52 -0300] "GET /cormun/servlet/hpexe_link HTTP/1.1" 200 971
200.120.230.197 - - [08/Mar/2018:12:22:53 -0300] "GET /cormun/servlet/trautorizarsolicitud HTTP/1.1" 200 11531
200.54.247.70 - - [08/Mar/2018:12:22:53 -0300] "GET /cormun/servlet/solicitudot?ff50f9aaf15f507585e74d4b5e532848a78f21b302b6fcdbbc3d335fd594989b0934dade1c59e4b4d80526890ef7f9e7,gx-no-cache=1520522522821 HTTP/1.1" 200 30
200.120.230.197 - - [08/Mar/2018:12:22:54 -0300] "GET /cormun/servlet/trautorizarsolicitud HTTP/1.1" 200 11530
200.54.247.70 - - [08/Mar/2018:12:22:54 -0300] "GET /cormun/servlet/solicitudot?ff50f9aaf15f507585e74d4b5e53284812d1d7956b4ddfaae0e94990816afebcfd23d17d3e42f54f5a7f63676d1e31ad,gx-no-cache=1520522522900 HTTP/1.1" 200 103
200.54.247.70 - - [08/Mar/2018:12:22:54 -0300] "GET /cormun/servlet/solicitudot?ff50f9aaf15f507585e74d4b5e532848d3916058ea2b0863bd50ad3c6cb6381b,gx-no-cache=1520522523881 HTTP/1.1" 200 59
200.54.247.70 - - [08/Mar/2018:12:22:55 -0300] "POST /cormun/servlet/solicitudot?gx-no-cache=1520522523959 HTTP/1.1" 200 297
200.54.247.70 - - [08/Mar/2018:12:22:55 -0300] "GET /cormun/servlet/solicitudot?ff50f9aaf15f507585e74d4b5e532848fc7d68ab328f835137f794b6aeb85c312f7a119e46cee0e81dab708874a401e5789589d8044a47bd7fb1b9e74e4cee98b0ceb4db98e49c169017d021921867d3ecd565886505a2f2146fec523a42f1f7b8349671988c675c80868748e5386e4eb6c6660f9f5b78cda38b99f599719568ee8bf2d6d4524391301e09ecda27128db60f68841f02edf41a0749d1e6de86de09785245842977a60fb11bc561de6819ee2c3f87971f99e7c8324b7876ba6208cec63f4d05321f416057748de0fd3696d8d479e85b6acf7cf1381b5c6ae9d3a069c4d2d01d454b899d7041a1a2910e8288c8b02033b1c017510be2fc41a23513ba11fff44321c1b567a2999d558b646e3eb915105b0fa100bf82e4e6b0d891148c7eedda5deadca1aa250d5d82f5661777e63fa7b93087f40f8bb52bacd5e88a67d5c2068fbe691241c90116d8000c1c9ee07ffd55f525a7d1ef71143df2c57a3212c0898f3e155279179cecb993cf785b71bcb92a805ccbb7a505248def89454e84bae9745ffb25c11163b8c45668a9,gx-no-cache=1520522524041 HTTP/1.1" 200 30
200.54.247.70 - - [08/Mar/2018:12:22:55 -0300] "GET /cormun/static/Shared/jqueryui/images/ui-icons_ebccce_256x240.png HTTP/1.1" 404 1089
200.54.247.70 - - [08/Mar/2018:12:22:55 -0300] "GET /cormun/static/Shared/jqueryui/images/ui-icons_82798d_256x240.png HTTP/1.1" 404 1089
200.54.247.70 - - [08/Mar/2018:12:22:55 -0300] "GET /cormun/static/Shared/jqueryui/images/ui-bg_flat_55_994d53_40x100.png HTTP/1.1" 404 1097
200.54.247.70 - - [08/Mar/2018:12:22:55 -0300] "GET /cormun/static/Shared/jqueryui/images/ui-bg_highlight-soft_100_c6c2c8_1x100.png HTTP/1.1" 404 1117
200.54.247.70 - - [08/Mar/2018:12:22:57 -0300] "POST /cormun/servlet/solicitudot?gx-no-cache=1520522526044 HTTP/1.1" 200 30
200.54.247.70 - - [08/Mar/2018:12:23:01 -0300] "POST /cormun/servlet/solicitudot?gx-no-cache=1520522529973 HTTP/1.1" 200 1337
200.54.247.70 - - [08/Mar/2018:12:23:01 -0300] "POST /cormun/servlet/solicitudot?gx-no-cache=1520522530164 HTTP/1.1" 200 38
200.54.247.70 - - [08/Mar/2018:12:23:09 -0300] "GET /cormun/servlet/solicitudot?ff50f9aaf15f507585e74d4b5e532848de91f7c1bf3530066a8e2bd865ebb2d7fe7263ace0ff01db24917f26d7999784357e5b3435118ccc550db8ee6293740ead330f7d0d5f5c5e37b6da5cd184bac956dda21c9e61bbf5a03f6d75b95a8459ce00eb7d8b312e83bbb4edb37af627fd,gx-no-cache=1520522538221 HTTP/1.1" 200 29
200.54.247.70 - - [08/Mar/2018:12:23:09 -0300] "POST /cormun/servlet/solicitudot?gx-no-cache=1520522538305 HTTP/1.1" 200 1318
200.54.247.70 - - [08/Mar/2018:12:23:09 -0300] "POST /cormun/servlet/solicitudot?gx-no-cache=1520522538449 HTTP/1.1" 200 1217
200.54.247.70 - - [08/Mar/2018:12:23:09 -0300] "GET /cormun/static/menuarrow.gif HTTP/1.1" 404 1015
200.54.247.70 - - [08/Mar/2018:12:23:12 -0300] "POST /cormun/servlet/solicitudot?gx-no-cache=1520522541017 HTTP/1.1" 200 1318
200.54.247.70 - - [08/Mar/2018:12:23:12 -0300] "POST /cormun/servlet/solicitudot?gx-no-cache=1520522541103 HTTP/1.1" 200 1217
200.54.247.70 - - [08/Mar/2018:12:23:13 -0300] "GET /cormun/servlet/solicitudot?ff50f9aaf15f507585e74d4b5e532848b4b1ca690d2a3c287ab6760ba0d9ef7168a547effa184a2e11ea64a4a4500762,gx-no-cache=1520522542793 HTTP/1.1" 200 30
200.120.230.197 - - [08/Mar/2018:12:23:16 -0300] "GET /cormun/servlet/trsolicitudot? HTTP/1.1" 200 8810
200.120.230.197 - - [08/Mar/2018:12:23:17 -0300] "GET /cormun/servlet/trsolicitudot? HTTP/1.1" 200 8810
200.54.247.70 - - [08/Mar/2018:12:23:28 -0300] "POST /cormun/servlet/solicitudot?gx-no-cache=1520522557820 HTTP/1.1" 200 30
200.54.247.70 - - [08/Mar/2018:12:23:29 -0300] "POST /cormun/servlet/solicitudot?13e9c88b220aa865ada07fc00aa2b33a,INS,0,0,,gx-no-cache=1520522557894 HTTP/1.1" 200 11991
186.103.159.187 - - [08/Mar/2018:12:23:30 -0300] "POST /cormun/servlet/hlogin?2d6390d688feb40844973824ffbec9f9,gx-no-cache=1520522656686 HTTP/1.1" 200 443
200.120.230.197 - - [08/Mar/2018:12:23:33 -0300] "POST /cormun/servlet/trsolicitudot?f9bf174c160b9dca92ed67fe4dbe6558,,gx-no-cache=1520522565875 HTTP/1.1" 200 105
200.120.230.197 - - [08/Mar/2018:12:23:33 -0300] "GET /cormun/servlet/solicitudot?UPD,2018,10138, HTTP/1.1" 200 15491
200.120.230.197 - - [08/Mar/2018:12:23:35 -0300] "GET /cormun/servlet/solicitudot?UPD,2018,10138, HTTP/1.1" 200 15501
186.79.103.20 - - [08/Mar/2018:12:23:35 -0300] "POST /cormun/servlet/solicitudot?gx-no-cache=1520522568060 HTTP/1.1" 200 3442
186.79.103.20 - - [08/Mar/2018:12:23:36 -0300] "POST /cormun/servlet/solicitudot?f9bf174c160b9dca92ed67fe4dbe6558,UPD,2018,10138,,gx-no-cache=1520522568655 HTTP/1.1" 200 11759
186.79.103.20 - - [08/Mar/2018:12:23:36 -0300] "GET /cormun/servlet/solicitudot?63d9a9840371a7be91da6b1098c2d24389d2d757555f494d28ab59954a7a08e67c28647db4f2952f86948ab849b0a4d1,gx-no-cache=1520522569408 HTTP/1.1" 200 30
186.79.103.20 - - [08/Mar/2018:12:23:37 -0300] "GET /cormun/servlet/solicitudot?63d9a9840371a7be91da6b1098c2d243607eb883ede2e74e7131a2dc209de4543a51a196786cc8f5239cb9b7f036380bffd5cb948738046a092d1a5646a164ad,gx-no-cache=1520522569569 HTTP/1.1" 200 30
186.79.103.20 - - [08/Mar/2018:12:23:37 -0300] "GET /cormun/servlet/solicitudot?63d9a9840371a7be91da6b1098c2d243ea8a33d7262671a09f169eff738e092ea67eaa5a8dd5bb4611e9ac0e1e0877ab2fc22dbf682995237811e5ffb913caa8,gx-no-cache=1520522569689 HTTP/1.1" 200 53
186.79.103.20 - - [08/Mar/2018:12:23:37 -0300] "POST /cormun/servlet/solicitudot?gx-no-cache=1520522569818 HTTP/1.1" 200 297
186.79.103.20 - - [08/Mar/2018:12:23:37 -0300] "GET /cormun/servlet/solicitudot?63d9a9840371a7be91da6b1098c2d24303c62575e035e006864bbdffd0d9bac053f086079c7aa72b8f66e0d4e7116e3cf7ac6953393a3621570861a99149e27bbd49bd2640f95de8def568c40b58e143666fced3d9e859e333b26c36dc91df26d89b69fc09da8d71f532a2a1c9effe5bed926bece99622be3d9b72f75688e7ec03fbcb76599e616da4fead3047d8477820bdb49af0429dc62788ac838ddebd97833ca513624c480dc215312a3fbd1b59a5eebf3d1d149a2b26518b963115f692c6f832f96cfa7e9e6411cc5d96dc288c97fdcaf7b4dec7435ab2d341e5b83bfca5eee7fe540e08b5cb0a7a4cfc2191f40563859166e0f888ca36645a9cdb9b7025b0c8947747c179155e87040b70f4dbe5eb39ae17c36059345cb35fc5e7de35fa074dd561abaf54288fcddf9e8dd917880b6caaff7a944805b6718655485f93a790ee4cc32c27946a797216015902685d674ae0aba63ec0d1f1946b9ee103718039221af6ba2f3b7a3b6617d4663b7e440638bfd4655c26f208928402737a899ca0bf7244cb46772d901197a933ffc3,gx-no-cache=1520522569986 HTTP/1.1" 200 30
186.103.159.187 - - [08/Mar/2018:12:23:38 -0300] "POST /cormun/servlet/hlogin?2d6390d688feb40844973824ffbec9f9,gx-no-cache=1520522664801 HTTP/1.1" 200 90
186.103.159.187 - - [08/Mar/2018:12:23:38 -0300] "GET /cormun/servlet/hpexe_link HTTP/1.1" 200 950
186.79.103.20 - - [08/Mar/2018:12:23:38 -0300] "POST /cormun/servlet/solicitudot?gx-no-cache=1520522570510 HTTP/1.1" 200 30
186.79.103.20 - - [08/Mar/2018:12:23:38 -0300] "POST /cormun/servlet/solicitudot?gx-no-cache=1520522570671 HTTP/1.1" 200 1335
186.103.159.187 - - [08/Mar/2018:12:23:38 -0300] "GET /cormun/servlet/hhome HTTP/1.1" 200 3929
186.79.103.20 - - [08/Mar/2018:12:23:38 -0300] "POST /cormun/servlet/solicitudot?gx-no-cache=1520522570940 HTTP/1.1" 200 41
186.103.159.187 - - [08/Mar/2018:12:23:39 -0300] "GET /cormun/servlet/hhome HTTP/1.1" 200 3925
186.103.159.187 - - [08/Mar/2018:12:23:44 -0300] "GET /cormun/servlet/trsolicitudot? HTTP/1.1" 200 7137
186.79.103.20 - - [08/Mar/2018:12:23:44 -0300] "POST /cormun/servlet/solicitudot?gx-no-cache=1520522576660 HTTP/1.1" 200 30
186.103.159.187 - - [08/Mar/2018:12:23:44 -0300] "GET /cormun/servlet/trsolicitudot? HTTP/1.1" 200 7136
200.54.247.70 - - [08/Mar/2018:12:23:47 -0300] "GET /cormun/servlet/solicitudot?ff50f9aaf15f507585e74d4b5e53284880c7a603175bf62f574edb67a2aa8b5eb3c08c623e9b7c6d6dc2a8c65f59d90e0934dade1c59e4b4d80526890ef7f9e7,gx-no-cache=1520522576273 HTTP/1.1" 200 30
200.54.247.70 - - [08/Mar/2018:12:23:47 -0300] "POST /cormun/servlet/solicitudot?gx-no-cache=1520522576348 HTTP/1.1" 200 297
200.54.247.70 - - [08/Mar/2018:12:23:47 -0300] "GET /cormun/servlet/solicitudot?ff50f9aaf15f507585e74d4b5e532848fc7d68ab328f835137f794b6aeb85c312f7a119e46cee0e81dab708874a401e5789589d8044a47bd7fb1b9e74e4cee98b0ceb4db98e49c169017d021921867d3ecd565886505a2f2146fec523a42f1f7b8349671988c675c80868748e5386e4eb6c6660f9f5b78cda38b99f599719568ee8bf2d6d4524391301e09ecda27128db60f68841f02edf41a0749d1e6de86de09785245842977a60fb11bc561de6819ee2c3f87971f99e7c8324b7876ba6208cec63f4d05321f416057748de0fd3696d8d479e85b6acf7cf1381b5c6ae9d3a069c4d2d01d454b899d7041a1a2910e8288c8b02033b1c017510be2fc41a23513ba11fff44321c1b567a2999d558b646e3eb915105b0fa100bf82e4e6b0d891148c7eedda5deadca1aa250d5d82f5661777e63fa7b93087f40f8bb52bacd5e88a67d5c2068fbe691241c90116d8000c1c9ee07ffd55f525a7d1ef71143df2c57a3212c0898f3e155279179cecb993cf782e0ed6b191bf784b321bcaa23b9626634e84bae9745ffb25c11163b8c45668a9,gx-no-cache=1520522576408 HTTP/1.1" 200 30
186.79.103.20 - - [08/Mar/2018:12:23:47 -0300] "POST /cormun/servlet/solicitudot?gx-no-cache=1520522579891 HTTP/1.1" 200 1335
200.54.247.70 - - [08/Mar/2018:12:23:47 -0300] "POST /cormun/servlet/solicitudot?gx-no-cache=1520522576463 HTTP/1.1" 200 30
200.54.247.70 - - [08/Mar/2018:12:23:47 -0300] "POST /cormun/servlet/solicitudot?gx-no-cache=1520522576537 HTTP/1.1" 200 1337
186.79.103.20 - - [08/Mar/2018:12:23:47 -0300] "POST /cormun/servlet/solicitudot?gx-no-cache=1520522580144 HTTP/1.1" 200 41
200.54.247.70 - - [08/Mar/2018:12:23:47 -0300] "POST /cormun/servlet/solicitudot?gx-no-cache=1520522576620 HTTP/1.1" 200 41
200.54.247.70 - - [08/Mar/2018:12:23:47 -0300] "POST /cormun/servlet/solicitudot?gx-no-cache=1520522576691 HTTP/1.1" 200 1318
186.79.103.20 - - [08/Mar/2018:12:23:47 -0300] "GET /cormun/servlet/solicitudot?63d9a9840371a7be91da6b1098c2d2432325c23a604ff1b7137d213c7058884f885fa99dfdaaf0d2ba9e22141379be14f89aeaa544a38b65641ddd3b05737d17346578867f1c5c96b7affd6b944008efe57742eae7f328f74cbf58daaae422d4870886919bf9174bcf1f49f3cfac39c5,gx-no-cache=1520522580292 HTTP/1.1" 200 29
200.54.247.70 - - [08/Mar/2018:12:23:47 -0300] "POST /cormun/servlet/solicitudot?gx-no-cache=1520522576779 HTTP/1.1" 200 1217
200.54.247.70 - - [08/Mar/2018:12:23:47 -0300] "GET /cormun/servlet/solicitudot?ff50f9aaf15f507585e74d4b5e532848b4b1ca690d2a3c287ab6760ba0d9ef7168a547effa184a2e11ea64a4a4500762,gx-no-cache=1520522576833 HTTP/1.1" 200 30
200.54.247.70 - - [08/Mar/2018:12:23:47 -0300] "POST /cormun/servlet/solicitudot?gx-no-cache=1520522576883 HTTP/1.1" 200 30
186.79.103.20 - - [08/Mar/2018:12:23:48 -0300] "POST /cormun/servlet/solicitudot?gx-no-cache=1520522580386 HTTP/1.1" 200 1317
200.54.247.70 - - [08/Mar/2018:12:23:48 -0300] "POST /cormun/servlet/solicitudot?13e9c88b220aa865ada07fc00aa2b33a,INS,0,0,,gx-no-cache=1520522576952 HTTP/1.1" 200 12046
186.79.103.20 - - [08/Mar/2018:12:23:48 -0300] "POST /cormun/servlet/solicitudot?gx-no-cache=1520522580589 HTTP/1.1" 200 1218
186.79.103.20 - - [08/Mar/2018:12:23:48 -0300] "GET /cormun/servlet/solicitudot?63d9a9840371a7be91da6b1098c2d24308e205ed3db80c7e1b195b53616616bd2e07117073c3218833d809ee1c76a372,gx-no-cache=1520522580772 HTTP/1.1" 200 30
186.79.103.20 - - [08/Mar/2018:12:23:48 -0300] "POST /cormun/servlet/solicitudot?gx-no-cache=1520522580854 HTTP/1.1" 200 30
186.79.103.20 - - [08/Mar/2018:12:23:49 -0300] "POST /cormun/servlet/solicitudot?f9bf174c160b9dca92ed67fe4dbe6558,UPD,2018,10138,,gx-no-cache=1520522580957 HTTP/1.1" 200 93
186.79.103.20 - - [08/Mar/2018:12:23:49 -0300] "GET /cormun/servlet/hpexe_return? HTTP/1.1" 200 1013
186.79.103.20 - - [08/Mar/2018:12:23:49 -0300] "GET /cormun/servlet/trsolicitudot HTTP/1.1" 200 8789
186.103.159.187 - - [08/Mar/2018:12:23:50 -0300] "GET /cormun/servlet/solicitudot?INS,0,0, HTTP/1.1" 200 13388
186.79.103.20 - - [08/Mar/2018:12:23:50 -0300] "GET /cormun/servlet/trsolicitudot HTTP/1.1" 200 8785
186.103.159.187 - - [08/Mar/2018:12:23:51 -0300] "GET /cormun/servlet/solicitudot?INS,0,0, HTTP/1.1" 200 13393
186.79.103.20 - - [08/Mar/2018:12:23:57 -0300] "GET /cormun/servlet/trautorizarsolicitud? HTTP/1.1" 200 11530
186.79.103.20 - - [08/Mar/2018:12:23:58 -0300] "GET /cormun/servlet/trautorizarsolicitud? HTTP/1.1" 200 11530
186.103.159.187 - - [08/Mar/2018:12:24:13 -0300] "GET /cormun/servlet/prfichaempleado?,MD,,gxPopupLevel%3D0%3B HTTP/1.1" 200 9273
186.103.159.187 - - [08/Mar/2018:12:24:13 -0300] "GET /cormun/static/gxcfg.js?20177612134814 HTTP/1.1" 304 -
200.54.247.70 - - [08/Mar/2018:12:24:15 -0300] "GET /cormun/servlet/solicitudot?ff50f9aaf15f507585e74d4b5e53284880c7a603175bf62f574edb67a2aa8b5eb3c08c623e9b7c6d6dc2a8c65f59d90e0934dade1c59e4b4d80526890ef7f9e7,gx-no-cache=1520522604313 HTTP/1.1" 200 30
200.54.247.70 - - [08/Mar/2018:12:24:15 -0300] "POST /cormun/servlet/solicitudot?gx-no-cache=1520522604408 HTTP/1.1" 200 297
200.54.247.70 - - [08/Mar/2018:12:24:15 -0300] "GET /cormun/servlet/solicitudot?ff50f9aaf15f507585e74d4b5e532848fc7d68ab328f835137f794b6aeb85c312f7a119e46cee0e81dab708874a401e5789589d8044a47bd7fb1b9e74e4cee98b0ceb4db98e49c169017d021921867d3ecd565886505a2f2146fec523a42f1f7b8349671988c675c80868748e5386e4eb6c6660f9f5b78cda38b99f599719568ee8bf2d6d4524391301e09ecda27128db60f68841f02edf41a0749d1e6de86de09785245842977a60fb11bc561de6819ee2c3f87971f99e7c8324b7876ba6208cec63f4d05321f416057748de0fd3696d8d479e85b6acf7cf1381b5c6ae9d3a069c4d2d01d454b899d7041a1a2910e8288c8b02033b1c017510be2fc41a23513ba11fff44321c1b567a2999d558b646e3eb915105b0fa100bf82e4e6b0d891148c7eedda5deadca1aa250d5d82f5661777e63fa7b93087f40f8bb52bacd5e88a67d5c2068fbe691241c90116d8000c1c9ee07ffd55f525a7d1ef71143df2c57a3212c0898f3e155279179cecb993cf782e0ed6b191bf784b321bcaa23b9626634e84bae9745ffb25c11163b8c45668a9,gx-no-cache=1520522604472 HTTP/1.1" 200 30
200.54.247.70 - - [08/Mar/2018:12:24:15 -0300] "POST /cormun/servlet/solicitudot?gx-no-cache=1520522604526 HTTP/1.1" 200 30
200.54.247.70 - - [08/Mar/2018:12:24:15 -0300] "POST /cormun/servlet/solicitudot?gx-no-cache=1520522604602 HTTP/1.1" 200 1337
200.54.247.70 - - [08/Mar/2018:12:24:15 -0300] "POST /cormun/servlet/solicitudot?gx-no-cache=1520522604680 HTTP/1.1" 200 41
200.54.247.70 - - [08/Mar/2018:12:24:15 -0300] "POST /cormun/servlet/solicitudot?gx-no-cache=1520522604730 HTTP/1.1" 200 1318
200.54.247.70 - - [08/Mar/2018:12:24:15 -0300] "POST /cormun/servlet/solicitudot?gx-no-cache=1520522604819 HTTP/1.1" 200 1217
200.54.247.70 - - [08/Mar/2018:12:24:15 -0300] "GET /cormun/servlet/solicitudot?ff50f9aaf15f507585e74d4b5e532848b4b1ca690d2a3c287ab6760ba0d9ef7168a547effa184a2e11ea64a4a4500762,gx-no-cache=1520522604874 HTTP/1.1" 200 30
200.54.247.70 - - [08/Mar/2018:12:24:16 -0300] "POST /cormun/servlet/solicitudot?gx-no-cache=1520522604918 HTTP/1.1" 200 30
200.54.247.70 - - [08/Mar/2018:12:24:16 -0300] "POST /cormun/servlet/solicitudot?13e9c88b220aa865ada07fc00aa2b33a,INS,0,0,,gx-no-cache=1520522604977 HTTP/1.1" 200 12090
186.79.103.20 - - [08/Mar/2018:12:24:18 -0300] "POST /cormun/servlet/trautorizarsolicitud?f9bf174c160b9dca92ed67fe4dbe6558,,gx-no-cache=1520522610225 HTTP/1.1" 200 116
186.79.103.20 - - [08/Mar/2018:12:24:18 -0300] "GET /cormun/servlet/solicitudotlog?INS,2018,10139,0,REC, HTTP/1.1" 200 6033
186.79.103.20 - - [08/Mar/2018:12:24:18 -0300] "GET /cormun/static/gxcfg.js?2017761245646 HTTP/1.1" 200 953
186.79.103.20 - - [08/Mar/2018:12:24:18 -0300] "GET /cormun/static/solicitudotlog.js?2017761245655 HTTP/1.1" 200 8934
186.103.159.187 - - [08/Mar/2018:12:24:19 -0300] "POST /cormun/servlet/solicitudot?2d6390d688feb40844973824ffbec9f9,INS,0,0,,gx-no-cache=1520522706471 HTTP/1.1" 200 11640
186.79.103.20 - - [08/Mar/2018:12:24:19 -0300] "GET /cormun/servlet/solicitudotlog?INS,2018,10139,0,REC, HTTP/1.1" 200 6031
186.103.159.187 - - [08/Mar/2018:12:24:19 -0300] "GET /cormun/static/Shared/jqueryui/images/ui-bg_highlight-soft_100_c6c2c8_1x100.png HTTP/1.1" 404 1117
186.103.159.187 - - [08/Mar/2018:12:24:19 -0300] "GET /cormun/static/Shared/jqueryui/images/ui-bg_flat_55_994d53_40x100.png HTTP/1.1" 404 1097
186.103.159.187 - - [08/Mar/2018:12:24:19 -0300] "GET /cormun/static/Shared/jqueryui/images/ui-icons_82798d_256x240.png HTTP/1.1" 404 1089
186.103.159.187 - - [08/Mar/2018:12:24:19 -0300] "GET /cormun/static/Shared/jqueryui/images/ui-icons_ebccce_256x240.png HTTP/1.1" 404 1089
186.79.103.20 - - [08/Mar/2018:12:24:20 -0300] "GET /cormun/servlet/solicitudotlog?63d9a9840371a7be91da6b1098c2d243e67d30d3e7202533f20f2556264e0fb7885fa99dfdaaf0d2ba9e22141379be14070d0827dd675d8b2c898ff7306349470e9b4b0bc4772e0f54b18edc54bf5a3c1602b8d7d3a0fd0f91ef34269402b2638af354cce699a663391c2004d6f1d924add4381d0b370ca6aff12ff468e36be0874f41cd666daf048fe572113fbacb127652dfbc8171054e34c88d140d81e15d,gx-no-cache=1520522612518 HTTP/1.1" 200 94
186.103.159.187 - - [08/Mar/2018:12:24:23 -0300] "POST /cormun/servlet/solicitudot?gx-no-cache=1520522710687 HTTP/1.1" 200 3375
186.103.159.187 - - [08/Mar/2018:12:24:23 -0300] "POST /cormun/servlet/solicitudot?2d6390d688feb40844973824ffbec9f9,INS,0,0,,gx-no-cache=1520522710921 HTTP/1.1" 200 11497
186.103.159.187 - - [08/Mar/2018:12:24:24 -0300] "GET /cormun/servlet/solicitudot?fa9a5449ef88554d3e5359d9b3546993b840429da2edab5e76784c2eaf54598ef7aa2eb84d26eb17ab42e114b22f1df5,gx-no-cache=1520522711203 HTTP/1.1" 200 30
186.103.159.187 - - [08/Mar/2018:12:24:26 -0300] "GET /cormun/servlet/solicitudot?fa9a5449ef88554d3e5359d9b35469932585447b4ca23d92a21c59839f2cd3aad99c96c324a990a57f0b7da8da8a75e2,gx-no-cache=1520522713930 HTTP/1.1" 200 103
186.103.159.187 - - [08/Mar/2018:12:24:26 -0300] "GET /cormun/servlet/solicitudot?fa9a5449ef88554d3e5359d9b35469933379b205b2134932c5963f6f650ac85e,gx-no-cache=1520522714001 HTTP/1.1" 200 29
186.103.159.187 - - [08/Mar/2018:12:24:26 -0300] "POST /cormun/servlet/solicitudot?gx-no-cache=1520522714054 HTTP/1.1" 200 255
