186.103.158.250 - - [08/Mar/2018:16:41:10 -0300] "POST /cormun/servlet/solicitudot?gx-no-cache=1520538020259 HTTP/1.1" 200 1320
186.103.159.182 - - [08/Mar/2018:16:41:11 -0300] "GET /cormun/static/menuarrow.gif HTTP/1.1" 404 1015
186.103.158.250 - - [08/Mar/2018:16:41:11 -0300] "POST /cormun/servlet/solicitudot?gx-no-cache=1520538020477 HTTP/1.1" 200 1218
186.103.158.250 - - [08/Mar/2018:16:41:11 -0300] "GET /cormun/servlet/solicitudot?bc3b76daa3a3d96841d661f799b3f22d145b9183ac8b95875180d9e6218e2e754134886641885cd12ae32b3f3ff4c049,gx-no-cache=1520538020926 HTTP/1.1" 200 30
186.103.158.250 - - [08/Mar/2018:16:41:11 -0300] "POST /cormun/servlet/solicitudot?gx-no-cache=1520538021032 HTTP/1.1" 200 33
186.103.159.182 - - [08/Mar/2018:16:41:14 -0300] "GET /cormun/servlet/solicitudot?3f35e73da4e09f65eea9f6a7b66715729fff0ab2b11e10417b2bf6415e1c8f2b87f37c9fd08e60ad9d88de5b8647b25f,gx-no-cache=1520537972498 HTTP/1.1" 200 30
186.103.159.182 - - [08/Mar/2018:16:41:19 -0300] "POST /cormun/servlet/solicitudot?gx-no-cache=1520537977670 HTTP/1.1" 200 30
186.103.159.182 - - [08/Mar/2018:16:41:28 -0300] "POST /cormun/servlet/solicitudot?6d49dfe72b2b805448dedd11a6e0e1f9,INS,0,0,,gx-no-cache=1520537986083 HTTP/1.1" 200 93
186.103.159.182 - - [08/Mar/2018:16:41:28 -0300] "GET /cormun/servlet/hpexe_return? HTTP/1.1" 200 1008
186.103.159.182 - - [08/Mar/2018:16:41:28 -0300] "GET /cormun/servlet/trsolicitudot HTTP/1.1" 200 9586
186.103.159.182 - - [08/Mar/2018:16:41:30 -0300] "GET /cormun/servlet/trsolicitudot HTTP/1.1" 200 9581
200.86.95.220 - - [08/Mar/2018:16:41:35 -0300] "GET /cormun/servlet/solicitudotadjuntos?INS,2018,10305,,1, HTTP/1.1" 200 5999
200.86.95.220 - - [08/Mar/2018:16:41:36 -0300] "GET /cormun/static/about:blank HTTP/1.1" 404 1011
200.86.95.220 - - [08/Mar/2018:16:41:36 -0300] "GET /cormun/servlet/solicitudotadjuntos?INS,2018,10305,,1, HTTP/1.1" 200 5991
200.86.95.220 - - [08/Mar/2018:16:41:37 -0300] "GET /favicon.ico HTTP/1.1" 200 21630
200.86.95.220 - - [08/Mar/2018:16:41:37 -0300] "GET /cormun/servlet/solicitudotadjuntos?e0d4f0760bcf6c2603a8bfafbb3435543dea96e1699ea54b78fdd59fdb3d7851407a58e09115fef48745faae2b9ae868,gx-no-cache=1520538048962 HTTP/1.1" 200 30
200.86.95.220 - - [08/Mar/2018:16:41:37 -0300] "POST /cormun/servlet/solicitudotadjuntos?771e374e112f5c4020dd1736062ae396,INS,2018,10305,,1,,gx-no-cache=1520538049320 HTTP/1.1" 200 3797
200.86.95.220 - - [08/Mar/2018:16:41:41 -0300] "POST /cormun/servlet/solicitudotadjuntos?gx-no-cache=1520538053420 HTTP/1.1" 200 26
186.79.103.20 - - [08/Mar/2018:16:41:51 -0300] "POST /cormun/servlet/trautorizarsolicitud?1dec52d6eaf1b358c0debe0275dc87a1,,gx-no-cache=1520538061777 HTTP/1.1" 200 8316
186.103.158.250 - - [08/Mar/2018:16:41:52 -0300] "POST /cormun/servlet/solicitudot?55fdac57a1463f1467033d8239b40f48,INS,0,0,,gx-no-cache=1520538061833 HTTP/1.1" 200 93
186.103.158.250 - - [08/Mar/2018:16:41:53 -0300] "GET /cormun/servlet/hpexe_return? HTTP/1.1" 200 999
186.103.158.250 - - [08/Mar/2018:16:41:53 -0300] "GET /cormun/servlet/trsolicitudot HTTP/1.1" 200 9216
186.79.103.20 - - [08/Mar/2018:16:41:53 -0300] "POST /cormun/servlet/trautorizarsolicitud?1dec52d6eaf1b358c0debe0275dc87a1,,gx-no-cache=1520538063484 HTTP/1.1" 200 8259
186.103.158.250 - - [08/Mar/2018:16:41:55 -0300] "GET /cormun/servlet/trsolicitudot HTTP/1.1" 200 9212
186.103.159.182 - - [08/Mar/2018:16:41:55 -0300] "POST /cormun/servlet/trsolicitudot?6d49dfe72b2b805448dedd11a6e0e1f9,gx-no-cache=1520538013694 HTTP/1.1" 200 6813
186.103.159.182 - - [08/Mar/2018:16:41:55 -0300] "GET /cormun/static/Shared/jqueryui/images/ui-bg_highlight-soft_100_c6c2c8_1x100.png HTTP/1.1" 404 1117
186.103.159.182 - - [08/Mar/2018:16:41:55 -0300] "GET /cormun/static/Shared/jqueryui/images/ui-icons_82798d_256x240.png HTTP/1.1" 404 1089
186.103.159.182 - - [08/Mar/2018:16:41:55 -0300] "GET /cormun/static/Shared/jqueryui/images/ui-bg_flat_55_fafafa_40x100.png HTTP/1.1" 404 1097
186.103.159.182 - - [08/Mar/2018:16:41:55 -0300] "GET /cormun/static/Shared/jqueryui/images/ui-icons_8d78a5_256x240.png HTTP/1.1" 404 1089
200.86.95.220 - - [08/Mar/2018:16:41:59 -0300] "GET /cormun/servlet/solicitudotadjuntos?e0d4f0760bcf6c2603a8bfafbb343554fc279e9997abe2e640d0c3aaa4e117dd,gx-no-cache=1520538071058 HTTP/1.1" 200 30
200.86.95.220 - - [08/Mar/2018:16:41:59 -0300] "GET /cormun/servlet/solicitudotadjuntos?e0d4f0760bcf6c2603a8bfafbb343554fc279e9997abe2e640d0c3aaa4e117dd,gx-no-cache=1520538071138 HTTP/1.1" 200 30
186.103.159.182 - - [08/Mar/2018:16:42:00 -0300] "POST /cormun/servlet/trsolicitudot?6d49dfe72b2b805448dedd11a6e0e1f9,gx-no-cache=1520538018550 HTTP/1.1" 200 107
186.103.159.182 - - [08/Mar/2018:16:42:00 -0300] "GET /cormun/servlet/trsolicitudadjuntos?2018,10311, HTTP/1.1" 200 6354
186.103.159.182 - - [08/Mar/2018:16:42:00 -0300] "GET /cormun/static/gxcfg.js?20177612135366 HTTP/1.1" 200 953
186.103.159.182 - - [08/Mar/2018:16:42:00 -0300] "GET /cormun/static/trsolicitudadjuntos.js?20177612135632 HTTP/1.1" 200 17922
192.168.10.89 - - [08/Mar/2018:16:42:00 -0300] "POST /cormun/servlet/trsolicitudgral?1ebb3a240a19b91fd59ea655bc0951a6,,gx-no-cache=1520537959264 HTTP/1.1" 200 7304
200.86.95.220 - - [08/Mar/2018:16:42:01 -0300] "POST /cormun/servlet/solicitudotadjuntos?771e374e112f5c4020dd1736062ae396,INS,2018,10305,,1, HTTP/1.1" 200 6145
200.86.95.220 - - [08/Mar/2018:16:42:01 -0300] "GET /cormun/static/Shared/jqueryui/images/ui-bg_highlight-soft_100_c6c2c8_1x100.png HTTP/1.1" 404 1117
200.86.95.220 - - [08/Mar/2018:16:42:01 -0300] "GET /cormun/static/Shared/jqueryui/images/ui-icons_82798d_256x240.png HTTP/1.1" 404 1089
200.86.95.220 - - [08/Mar/2018:16:42:01 -0300] "GET /cormun/static/Shared/jqueryui/images/ui-bg_flat_55_994d53_40x100.png HTTP/1.1" 404 1097
200.86.95.220 - - [08/Mar/2018:16:42:01 -0300] "GET /cormun/static/Shared/jqueryui/images/ui-icons_ebccce_256x240.png HTTP/1.1" 404 1089
186.103.159.182 - - [08/Mar/2018:16:42:01 -0300] "GET /cormun/servlet/trsolicitudadjuntos?2018,10311, HTTP/1.1" 200 6354
186.103.158.250 - - [08/Mar/2018:16:42:02 -0300] "POST /cormun/servlet/trsolicitudot?55fdac57a1463f1467033d8239b40f48,gx-no-cache=1520538072084 HTTP/1.1" 200 5884
186.103.158.250 - - [08/Mar/2018:16:42:02 -0300] "GET /cormun/static/Shared/jqueryui/images/ui-bg_highlight-soft_100_c6c2c8_1x100.png HTTP/1.1" 404 1117
186.103.158.250 - - [08/Mar/2018:16:42:02 -0300] "GET /cormun/static/Shared/jqueryui/images/ui-icons_82798d_256x240.png HTTP/1.1" 404 1089
200.86.95.220 - - [08/Mar/2018:16:42:02 -0300] "GET /cormun/PrivateTempStorage/upload_00006638.jpg HTTP/1.1" 200 1161202
186.103.158.250 - - [08/Mar/2018:16:42:03 -0300] "GET /cormun/static/Shared/jqueryui/images/ui-bg_flat_55_fafafa_40x100.png HTTP/1.1" 404 1097
186.103.158.250 - - [08/Mar/2018:16:42:03 -0300] "GET /cormun/static/Shared/jqueryui/images/ui-icons_8d78a5_256x240.png HTTP/1.1" 404 1089
186.103.158.250 - - [08/Mar/2018:16:42:03 -0300] "POST /cormun/servlet/trsolicitudot?55fdac57a1463f1467033d8239b40f48,gx-no-cache=1520538072534 HTTP/1.1" 200 5829
186.79.103.20 - - [08/Mar/2018:16:42:04 -0300] "POST /cormun/servlet/trautorizarsolicitud?1dec52d6eaf1b358c0debe0275dc87a1,,gx-no-cache=1520538075727 HTTP/1.1" 200 7923
186.79.103.20 - - [08/Mar/2018:16:42:06 -0300] "POST /cormun/servlet/trautorizarsolicitud?1dec52d6eaf1b358c0debe0275dc87a1,,gx-no-cache=1520538077159 HTTP/1.1" 200 7867
186.103.158.250 - - [08/Mar/2018:16:42:06 -0300] "POST /cormun/servlet/trsolicitudot?55fdac57a1463f1467033d8239b40f48,gx-no-cache=1520538075883 HTTP/1.1" 200 4674
186.103.158.250 - - [08/Mar/2018:16:42:06 -0300] "POST /cormun/servlet/trsolicitudot?55fdac57a1463f1467033d8239b40f48,gx-no-cache=1520538076202 HTTP/1.1" 200 4444
186.103.159.182 - - [08/Mar/2018:16:42:07 -0300] "GET /cormun/servlet/trsolicitudot HTTP/1.1" 200 9586
186.103.159.182 - - [08/Mar/2018:16:42:08 -0300] "GET /cormun/servlet/trsolicitudot HTTP/1.1" 200 9581
186.103.158.250 - - [08/Mar/2018:16:42:10 -0300] "GET /cormun/servlet/trautorizarsolicitud? HTTP/1.1" 200 9108
186.103.158.250 - - [08/Mar/2018:16:42:11 -0300] "GET /cormun/servlet/trautorizarsolicitud? HTTP/1.1" 200 9108
186.103.159.182 - - [08/Mar/2018:16:42:13 -0300] "POST /cormun/servlet/trsolicitudot?6d49dfe72b2b805448dedd11a6e0e1f9,gx-no-cache=1520538032115 HTTP/1.1" 200 107
186.103.159.182 - - [08/Mar/2018:16:42:14 -0300] "GET /cormun/servlet/trsolicitudadjuntos?2018,10311, HTTP/1.1" 200 6354
186.103.159.182 - - [08/Mar/2018:16:42:15 -0300] "GET /cormun/servlet/trsolicitudadjuntos?2018,10311, HTTP/1.1" 200 6354
200.86.95.220 - - [08/Mar/2018:16:42:15 -0300] "GET /cormun/servlet/solicitudotadjuntos?INS,2018,10305,,1, HTTP/1.1" 200 5999
200.86.95.220 - - [08/Mar/2018:16:42:16 -0300] "GET /cormun/static/about:blank HTTP/1.1" 404 1011
200.86.95.220 - - [08/Mar/2018:16:42:17 -0300] "GET /cormun/servlet/solicitudotadjuntos?INS,2018,10305,,1, HTTP/1.1" 200 5992
200.86.95.220 - - [08/Mar/2018:16:42:17 -0300] "GET /favicon.ico HTTP/1.1" 200 21630
200.86.95.220 - - [08/Mar/2018:16:42:17 -0300] "GET /cormun/servlet/solicitudotadjuntos?e0d4f0760bcf6c2603a8bfafbb3435543dea96e1699ea54b78fdd59fdb3d7851407a58e09115fef48745faae2b9ae868,gx-no-cache=1520538089154 HTTP/1.1" 200 30
200.86.95.220 - - [08/Mar/2018:16:42:17 -0300] "POST /cormun/servlet/solicitudotadjuntos?771e374e112f5c4020dd1736062ae396,INS,2018,10305,,1,,gx-no-cache=1520538089237 HTTP/1.1" 200 3799
186.103.159.182 - - [08/Mar/2018:16:42:19 -0300] "GET /cormun/servlet/solicitudotadjuntos?INS,2018,10311,,1, HTTP/1.1" 200 6301
186.103.159.182 - - [08/Mar/2018:16:42:19 -0300] "GET /cormun/static/gxcfg.js?2017761244068 HTTP/1.1" 200 953
186.103.159.182 - - [08/Mar/2018:16:42:19 -0300] "GET /cormun/static/solicitudotadjuntos.js?2017761244086 HTTP/1.1" 200 11771
186.103.159.182 - - [08/Mar/2018:16:42:19 -0300] "GET /cormun/static/about:blank HTTP/1.1" 404 1011
186.103.158.250 - - [08/Mar/2018:16:42:20 -0300] "POST /cormun/servlet/trautorizarsolicitud?55fdac57a1463f1467033d8239b40f48,,gx-no-cache=1520538089456 HTTP/1.1" 200 5821
186.103.158.250 - - [08/Mar/2018:16:42:20 -0300] "GET /cormun/static/Shared/jqueryui/images/ui-bg_highlight-soft_100_c6c2c8_1x100.png HTTP/1.1" 404 1117
186.103.158.250 - - [08/Mar/2018:16:42:20 -0300] "GET /cormun/static/Shared/jqueryui/images/ui-icons_82798d_256x240.png HTTP/1.1" 404 1089
186.103.158.250 - - [08/Mar/2018:16:42:20 -0300] "GET /cormun/static/Shared/jqueryui/images/ui-bg_flat_55_fafafa_40x100.png HTTP/1.1" 404 1097
186.103.158.250 - - [08/Mar/2018:16:42:20 -0300] "GET /cormun/static/Shared/jqueryui/images/ui-icons_8d78a5_256x240.png HTTP/1.1" 404 1089
186.103.158.250 - - [08/Mar/2018:16:42:20 -0300] "POST /cormun/servlet/trautorizarsolicitud?55fdac57a1463f1467033d8239b40f48,,gx-no-cache=1520538089868 HTTP/1.1" 200 5767
186.103.159.182 - - [08/Mar/2018:16:42:20 -0300] "GET /cormun/servlet/solicitudotadjuntos?INS,2018,10311,,1, HTTP/1.1" 200 6294
186.103.159.182 - - [08/Mar/2018:16:42:21 -0300] "GET /cormun/servlet/solicitudotadjuntos?3f35e73da4e09f65eea9f6a7b6671572215feb5c44051a1e4e4b712536c8f95d3bbf733f010ae96a89db2606e938ddd5,gx-no-cache=1520538039658 HTTP/1.1" 200 30
186.103.159.182 - - [08/Mar/2018:16:42:21 -0300] "POST /cormun/servlet/solicitudotadjuntos?6d49dfe72b2b805448dedd11a6e0e1f9,INS,2018,10311,,1,,gx-no-cache=1520538039716 HTTP/1.1" 200 3982
186.103.158.250 - - [08/Mar/2018:16:42:22 -0300] "POST /cormun/servlet/trautorizarsolicitud?55fdac57a1463f1467033d8239b40f48,,gx-no-cache=1520538091852 HTTP/1.1" 200 4609
186.103.158.250 - - [08/Mar/2018:16:42:22 -0300] "POST /cormun/servlet/trautorizarsolicitud?55fdac57a1463f1467033d8239b40f48,,gx-no-cache=1520538092162 HTTP/1.1" 200 4377
186.103.159.182 - - [08/Mar/2018:16:42:23 -0300] "POST /cormun/servlet/solicitudotadjuntos?gx-no-cache=1520538041815 HTTP/1.1" 200 26
186.103.157.235 - - [08/Mar/2018:16:42:42 -0300] "GET /cormun/servlet/hlogin HTTP/1.1" 200 1806
186.103.159.182 - - [08/Mar/2018:16:42:44 -0300] "GET /cormun/servlet/solicitudotadjuntos?3f35e73da4e09f65eea9f6a7b6671572d94f32ccdce157884ed1d52260e50401,gx-no-cache=1520538062491 HTTP/1.1" 200 30
186.103.159.182 - - [08/Mar/2018:16:42:44 -0300] "GET /cormun/servlet/solicitudotadjuntos?3f35e73da4e09f65eea9f6a7b6671572d94f32ccdce157884ed1d52260e50401,gx-no-cache=1520538062593 HTTP/1.1" 200 30
186.103.159.182 - - [08/Mar/2018:16:42:45 -0300] "POST /cormun/servlet/solicitudotadjuntos?6d49dfe72b2b805448dedd11a6e0e1f9,INS,2018,10311,,1, HTTP/1.1" 200 116
186.103.159.182 - - [08/Mar/2018:16:42:45 -0300] "GET /cormun/servlet/hpexe_return? HTTP/1.1" 200 1027
186.103.159.182 - - [08/Mar/2018:16:42:46 -0300] "GET /cormun/servlet/trsolicitudadjuntos?2018,10311, HTTP/1.1" 200 8772
186.103.159.182 - - [08/Mar/2018:16:42:47 -0300] "GET /cormun/servlet/trsolicitudadjuntos?2018,10311, HTTP/1.1" 200 8768
186.103.159.182 - - [08/Mar/2018:16:42:51 -0300] "GET /cormun/servlet/solicitudotadjuntos?INS,2018,10311,,1, HTTP/1.1" 200 6302
186.103.159.182 - - [08/Mar/2018:16:42:52 -0300] "GET /cormun/static/about:blank HTTP/1.1" 404 1011
186.103.159.182 - - [08/Mar/2018:16:42:52 -0300] "GET /cormun/servlet/solicitudotadjuntos?INS,2018,10311,,1, HTTP/1.1" 200 6296
186.103.159.182 - - [08/Mar/2018:16:42:52 -0300] "GET /cormun/servlet/solicitudotadjuntos?3f35e73da4e09f65eea9f6a7b6671572215feb5c44051a1e4e4b712536c8f95d3bbf733f010ae96a89db2606e938ddd5,gx-no-cache=1520538071172 HTTP/1.1" 200 30
186.103.159.182 - - [08/Mar/2018:16:42:53 -0300] "POST /cormun/servlet/solicitudotadjuntos?6d49dfe72b2b805448dedd11a6e0e1f9,INS,2018,10311,,1,,gx-no-cache=1520538071295 HTTP/1.1" 200 3982
186.103.159.182 - - [08/Mar/2018:16:42:55 -0300] "POST /cormun/servlet/solicitudotadjuntos?gx-no-cache=1520538073744 HTTP/1.1" 200 26
186.79.103.20 - - [08/Mar/2018:16:42:58 -0300] "POST /cormun/servlet/trautorizarsolicitud?1dec52d6eaf1b358c0debe0275dc87a1,,gx-no-cache=1520538129582 HTTP/1.1" 200 7508
186.103.157.235 - - [08/Mar/2018:16:42:58 -0300] "POST /cormun/servlet/hlogin?e821680d9c113cf0b33164ea11b80732,gx-no-cache=1520538129493 HTTP/1.1" 200 527
186.79.103.20 - - [08/Mar/2018:16:43:00 -0300] "POST /cormun/servlet/trautorizarsolicitud?1dec52d6eaf1b358c0debe0275dc87a1,,gx-no-cache=1520538131143 HTTP/1.1" 200 7453
186.103.159.182 - - [08/Mar/2018:16:43:02 -0300] "GET /cormun/servlet/solicitudotadjuntos?3f35e73da4e09f65eea9f6a7b6671572d94f32ccdce157884ed1d52260e50401,gx-no-cache=1520538080435 HTTP/1.1" 200 30
186.103.159.182 - - [08/Mar/2018:16:43:02 -0300] "GET /cormun/servlet/solicitudotadjuntos?3f35e73da4e09f65eea9f6a7b6671572d94f32ccdce157884ed1d52260e50401,gx-no-cache=1520538080490 HTTP/1.1" 200 30
186.79.103.20 - - [08/Mar/2018:16:43:03 -0300] "POST /cormun/servlet/trautorizarsolicitud?1dec52d6eaf1b358c0debe0275dc87a1,,gx-no-cache=1520538134611 HTTP/1.1" 200 7141
186.103.159.182 - - [08/Mar/2018:16:43:04 -0300] "POST /cormun/servlet/solicitudotadjuntos?6d49dfe72b2b805448dedd11a6e0e1f9,INS,2018,10311,,1, HTTP/1.1" 200 116
186.103.159.182 - - [08/Mar/2018:16:43:04 -0300] "GET /cormun/servlet/hpexe_return? HTTP/1.1" 200 1027
186.79.103.20 - - [08/Mar/2018:16:43:04 -0300] "POST /cormun/servlet/trautorizarsolicitud?1dec52d6eaf1b358c0debe0275dc87a1,,gx-no-cache=1520538135992 HTTP/1.1" 200 7084
186.103.159.182 - - [08/Mar/2018:16:43:05 -0300] "GET /cormun/servlet/trsolicitudadjuntos?2018,10311, HTTP/1.1" 200 8978
186.103.159.182 - - [08/Mar/2018:16:43:06 -0300] "GET /cormun/servlet/trsolicitudadjuntos?2018,10311, HTTP/1.1" 200 8977
186.103.159.182 - - [08/Mar/2018:16:43:08 -0300] "GET /cormun/servlet/solicitudotadjuntos?INS,2018,10311,,1, HTTP/1.1" 200 6302
186.103.159.182 - - [08/Mar/2018:16:43:09 -0300] "GET /cormun/static/about:blank HTTP/1.1" 404 1011
186.103.159.182 - - [08/Mar/2018:16:43:09 -0300] "GET /cormun/servlet/solicitudotadjuntos?INS,2018,10311,,1, HTTP/1.1" 200 6296
186.79.103.20 - - [08/Mar/2018:16:43:09 -0300] "POST /cormun/servlet/trautorizarsolicitud?1dec52d6eaf1b358c0debe0275dc87a1,,gx-no-cache=1520538141075 HTTP/1.1" 200 6740
186.103.159.182 - - [08/Mar/2018:16:43:10 -0300] "GET /cormun/servlet/solicitudotadjuntos?3f35e73da4e09f65eea9f6a7b6671572215feb5c44051a1e4e4b712536c8f95d3bbf733f010ae96a89db2606e938ddd5,gx-no-cache=1520538088664 HTTP/1.1" 200 30
186.103.159.182 - - [08/Mar/2018:16:43:10 -0300] "POST /cormun/servlet/solicitudotadjuntos?6d49dfe72b2b805448dedd11a6e0e1f9,INS,2018,10311,,1,,gx-no-cache=1520538088743 HTTP/1.1" 200 3982
186.79.103.20 - - [08/Mar/2018:16:43:11 -0300] "POST /cormun/servlet/trautorizarsolicitud?1dec52d6eaf1b358c0debe0275dc87a1,,gx-no-cache=1520538142276 HTTP/1.1" 200 6684
186.103.159.182 - - [08/Mar/2018:16:43:13 -0300] "POST /cormun/servlet/solicitudotadjuntos?gx-no-cache=1520538091593 HTTP/1.1" 200 26
192.168.10.89 - - [08/Mar/2018:16:43:17 -0300] "GET /cormun/servlet/vesolicitudgral?2018,9449,, HTTP/1.1" 200 9501
192.168.10.89 - - [08/Mar/2018:16:43:17 -0300] "GET /cormun/pexe_scrolldiv.js HTTP/1.1" 404 1009
192.168.10.89 - - [08/Mar/2018:16:43:17 -0300] "GET /cormun/static/Resources/PXToolsTabFirstSelected.png HTTP/1.1" 200 1259
192.168.10.89 - - [08/Mar/2018:16:43:17 -0300] "GET /cormun/static/Resources/PXToolsTabPrevious.gif HTTP/1.1" 200 172
192.168.10.89 - - [08/Mar/2018:16:43:17 -0300] "GET /cormun/static/Resources/PXToolsTabLastUnselected.png HTTP/1.1" 200 1291
192.168.10.89 - - [08/Mar/2018:16:43:17 -0300] "GET /cormun/static/Resources/PXToolsTabNext.gif HTTP/1.1" 200 168
192.168.10.89 - - [08/Mar/2018:16:43:18 -0300] "GET /cormun/static/Resources/PXToolsTabSelectedUnselected.png HTTP/1.1" 200 1428
192.168.10.89 - - [08/Mar/2018:16:43:18 -0300] "GET /cormun/static/Resources/PXToolsTabUnselectedUnselected.png HTTP/1.1" 200 1459
192.168.10.89 - - [08/Mar/2018:16:43:18 -0300] "GET /cormun/static/Resources/PXToolsTabBackSelected.png HTTP/1.1" 200 1157
192.168.10.89 - - [08/Mar/2018:16:43:18 -0300] "GET /cormun/static/Resources/PXToolsTabBackUnselected.png HTTP/1.1" 200 1175
186.103.159.182 - - [08/Mar/2018:16:43:19 -0300] "GET /cormun/servlet/solicitudotadjuntos?3f35e73da4e09f65eea9f6a7b6671572d94f32ccdce157884ed1d52260e50401,gx-no-cache=1520538097748 HTTP/1.1" 200 30
186.103.159.182 - - [08/Mar/2018:16:43:19 -0300] "GET /cormun/servlet/solicitudotadjuntos?3f35e73da4e09f65eea9f6a7b6671572d94f32ccdce157884ed1d52260e50401,gx-no-cache=1520538097771 HTTP/1.1" 200 30
186.103.159.182 - - [08/Mar/2018:16:43:20 -0300] "POST /cormun/servlet/solicitudotadjuntos?6d49dfe72b2b805448dedd11a6e0e1f9,INS,2018,10311,,1, HTTP/1.1" 200 116
186.103.159.182 - - [08/Mar/2018:16:43:20 -0300] "GET /cormun/servlet/hpexe_return? HTTP/1.1" 200 1027
186.103.159.182 - - [08/Mar/2018:16:43:21 -0300] "GET /cormun/servlet/trsolicitudadjuntos?2018,10311, HTTP/1.1" 200 9135
186.103.159.182 - - [08/Mar/2018:16:43:23 -0300] "GET /cormun/servlet/trsolicitudadjuntos?2018,10311, HTTP/1.1" 200 9133
192.168.10.89 - - [08/Mar/2018:16:43:23 -0300] "POST /cormun/servlet/vesolicitudgral?1ebb3a240a19b91fd59ea655bc0951a6,2018,9449,,,gx-no-cache=1520538041552 HTTP/1.1" 200 93
192.168.10.89 - - [08/Mar/2018:16:43:23 -0300] "GET /cormun/servlet/hpexe_return? HTTP/1.1" 200 1015
192.168.10.89 - - [08/Mar/2018:16:43:23 -0300] "GET /cormun/servlet/trsolicitudgral? HTTP/1.1" 200 10801
186.103.159.182 - - [08/Mar/2018:16:43:25 -0300] "GET /cormun/servlet/solicitudotadjuntos?INS,2018,10311,,1, HTTP/1.1" 200 6302
186.103.159.182 - - [08/Mar/2018:16:43:25 -0300] "GET /cormun/static/about:blank HTTP/1.1" 404 1011
186.103.159.182 - - [08/Mar/2018:16:43:26 -0300] "GET /cormun/servlet/solicitudotadjuntos?INS,2018,10311,,1, HTTP/1.1" 200 6296
186.103.159.182 - - [08/Mar/2018:16:43:26 -0300] "GET /cormun/servlet/solicitudotadjuntos?3f35e73da4e09f65eea9f6a7b6671572215feb5c44051a1e4e4b712536c8f95d3bbf733f010ae96a89db2606e938ddd5,gx-no-cache=1520538104983 HTTP/1.1" 200 30
186.103.159.182 - - [08/Mar/2018:16:43:26 -0300] "POST /cormun/servlet/solicitudotadjuntos?6d49dfe72b2b805448dedd11a6e0e1f9,INS,2018,10311,,1,,gx-no-cache=1520538105056 HTTP/1.1" 200 3982
186.79.103.20 - - [08/Mar/2018:16:43:29 -0300] "POST /cormun/servlet/trautorizarsolicitud?1dec52d6eaf1b358c0debe0275dc87a1,,gx-no-cache=1520538160184 HTTP/1.1" 200 6268
186.79.103.20 - - [08/Mar/2018:16:43:30 -0300] "POST /cormun/servlet/trautorizarsolicitud?1dec52d6eaf1b358c0debe0275dc87a1,,gx-no-cache=1520538161323 HTTP/1.1" 200 6210
186.103.159.182 - - [08/Mar/2018:16:43:30 -0300] "POST /cormun/servlet/solicitudotadjuntos?gx-no-cache=1520538108738 HTTP/1.1" 200 26
186.103.159.182 - - [08/Mar/2018:16:43:37 -0300] "GET /cormun/servlet/solicitudotadjuntos?3f35e73da4e09f65eea9f6a7b6671572d94f32ccdce157884ed1d52260e50401,gx-no-cache=1520538115580 HTTP/1.1" 200 30
186.103.159.182 - - [08/Mar/2018:16:43:37 -0300] "GET /cormun/servlet/solicitudotadjuntos?3f35e73da4e09f65eea9f6a7b6671572d94f32ccdce157884ed1d52260e50401,gx-no-cache=1520538115608 HTTP/1.1" 200 30
186.103.159.182 - - [08/Mar/2018:16:43:38 -0300] "POST /cormun/servlet/solicitudotadjuntos?6d49dfe72b2b805448dedd11a6e0e1f9,INS,2018,10311,,1, HTTP/1.1" 200 116
186.103.159.182 - - [08/Mar/2018:16:43:39 -0300] "GET /cormun/servlet/hpexe_return? HTTP/1.1" 200 1027
186.103.159.182 - - [08/Mar/2018:16:43:39 -0300] "GET /cormun/servlet/trsolicitudadjuntos?2018,10311, HTTP/1.1" 200 9353
186.103.159.182 - - [08/Mar/2018:16:43:40 -0300] "GET /cormun/servlet/trsolicitudadjuntos?2018,10311, HTTP/1.1" 200 9352
186.103.159.182 - - [08/Mar/2018:16:43:43 -0300] "GET /cormun/servlet/solicitudotadjuntos?INS,2018,10311,,1, HTTP/1.1" 200 6301
186.103.159.182 - - [08/Mar/2018:16:43:43 -0300] "GET /cormun/static/about:blank HTTP/1.1" 404 1011
186.103.159.182 - - [08/Mar/2018:16:43:44 -0300] "GET /cormun/servlet/solicitudotadjuntos?INS,2018,10311,,1, HTTP/1.1" 200 6294
186.103.159.182 - - [08/Mar/2018:16:43:44 -0300] "GET /cormun/servlet/solicitudotadjuntos?3f35e73da4e09f65eea9f6a7b6671572215feb5c44051a1e4e4b712536c8f95d3bbf733f010ae96a89db2606e938ddd5,gx-no-cache=1520538123111 HTTP/1.1" 200 30
186.103.159.182 - - [08/Mar/2018:16:43:44 -0300] "POST /cormun/servlet/solicitudotadjuntos?6d49dfe72b2b805448dedd11a6e0e1f9,INS,2018,10311,,1,,gx-no-cache=1520538123164 HTTP/1.1" 200 3981
207.46.13.4 - - [08/Mar/2018:16:43:47 -0300] "GET /cormun/servlet/hlogin HTTP/1.1" 200 1709
186.79.103.20 - - [08/Mar/2018:16:43:47 -0300] "POST /cormun/servlet/trautorizarsolicitud?1dec52d6eaf1b358c0debe0275dc87a1,,gx-no-cache=1520538178815 HTTP/1.1" 200 5813
186.103.159.182 - - [08/Mar/2018:16:43:48 -0300] "POST /cormun/servlet/solicitudotadjuntos?gx-no-cache=1520538126417 HTTP/1.1" 200 26
186.79.103.20 - - [08/Mar/2018:16:43:48 -0300] "POST /cormun/servlet/trautorizarsolicitud?1dec52d6eaf1b358c0debe0275dc87a1,,gx-no-cache=1520538179783 HTTP/1.1" 200 5759
200.86.95.220 - - [08/Mar/2018:16:43:50 -0300] "GET /cormun/servlet/solicitudotadjuntos?INS,2018,10305,,1, HTTP/1.1" 200 5999
200.86.95.220 - - [08/Mar/2018:16:43:51 -0300] "GET /cormun/static/about:blank HTTP/1.1" 404 1011
200.86.95.220 - - [08/Mar/2018:16:43:51 -0300] "GET /cormun/servlet/solicitudotadjuntos?INS,2018,10305,,1, HTTP/1.1" 200 5992
200.86.95.220 - - [08/Mar/2018:16:43:52 -0300] "GET /favicon.ico HTTP/1.1" 200 21630
200.86.95.220 - - [08/Mar/2018:16:43:52 -0300] "GET /cormun/servlet/solicitudotadjuntos?e0d4f0760bcf6c2603a8bfafbb3435543dea96e1699ea54b78fdd59fdb3d7851407a58e09115fef48745faae2b9ae868,gx-no-cache=1520538183811 HTTP/1.1" 200 30
200.86.95.220 - - [08/Mar/2018:16:43:52 -0300] "POST /cormun/servlet/solicitudotadjuntos?771e374e112f5c4020dd1736062ae396,INS,2018,10305,,1,,gx-no-cache=1520538183869 HTTP/1.1" 200 3798
186.103.159.182 - - [08/Mar/2018:16:43:54 -0300] "GET /cormun/servlet/solicitudotadjuntos?3f35e73da4e09f65eea9f6a7b6671572d94f32ccdce157884ed1d52260e50401,gx-no-cache=1520538132535 HTTP/1.1" 200 30
186.103.159.182 - - [08/Mar/2018:16:43:54 -0300] "GET /cormun/servlet/solicitudotadjuntos?3f35e73da4e09f65eea9f6a7b6671572d94f32ccdce157884ed1d52260e50401,gx-no-cache=1520538132618 HTTP/1.1" 200 30
200.86.95.220 - - [08/Mar/2018:16:43:54 -0300] "POST /cormun/servlet/solicitudotadjuntos?gx-no-cache=1520538186134 HTTP/1.1" 200 26
186.103.159.182 - - [08/Mar/2018:16:43:56 -0300] "POST /cormun/servlet/solicitudotadjuntos?6d49dfe72b2b805448dedd11a6e0e1f9,INS,2018,10311,,1, HTTP/1.1" 200 116
186.103.159.182 - - [08/Mar/2018:16:43:56 -0300] "GET /cormun/servlet/hpexe_return? HTTP/1.1" 200 1027
186.103.159.182 - - [08/Mar/2018:16:43:57 -0300] "GET /cormun/servlet/trsolicitudadjuntos?2018,10311, HTTP/1.1" 200 9563
186.103.159.182 - - [08/Mar/2018:16:43:58 -0300] "GET /cormun/servlet/trsolicitudadjuntos?2018,10311, HTTP/1.1" 200 9561
192.168.10.89 - - [08/Mar/2018:16:43:58 -0300] "POST /cormun/servlet/trsolicitudgral?1ebb3a240a19b91fd59ea655bc0951a6,,gx-no-cache=1520538077114 HTTP/1.1" 200 7285
186.79.103.20 - - [08/Mar/2018:16:43:59 -0300] "POST /cormun/servlet/trautorizarsolicitud?1dec52d6eaf1b358c0debe0275dc87a1,,gx-no-cache=1520538190714 HTTP/1.1" 200 116
186.79.103.20 - - [08/Mar/2018:16:43:59 -0300] "GET /cormun/servlet/solicitudotlog?INS,2018,10243,0,REC, HTTP/1.1" 200 6024
186.79.103.20 - - [08/Mar/2018:16:43:59 -0300] "GET /cormun/static/gxcfg.js?2017761245646 HTTP/1.1" 200 953
186.79.103.20 - - [08/Mar/2018:16:43:59 -0300] "GET /cormun/static/solicitudotlog.js?2017761245655 HTTP/1.1" 200 8934
186.103.159.182 - - [08/Mar/2018:16:44:01 -0300] "GET /cormun/servlet/solicitudotadjuntos?INS,2018,10311,,1, HTTP/1.1" 200 6301
186.79.103.20 - - [08/Mar/2018:16:44:01 -0300] "GET /cormun/servlet/solicitudotlog?INS,2018,10243,0,REC, HTTP/1.1" 200 6023
186.79.103.20 - - [08/Mar/2018:16:44:01 -0300] "GET /cormun/servlet/solicitudotlog?051a0162a50ec0a31a53fe0e25cfe585b6b0199203a8051d5d6f7fb15630e410ebf280b3bf3d43c0a16d83cea558c89734d40910ac56b4e034f07d9894f918a3c7237454afcd2b4fe94dcd38c4d504171e539dbb47c239d0a570f820b1fffd25e4ac96af38383d506267419e9ed70f344339c32a5042d88c2c2cf77fcaae41fd41c2451a288e42e746056c7d0c135bdab4293891dbfb9b54d2c13a41c28fd119,gx-no-cache=1520538193267 HTTP/1.1" 200 94
186.103.159.182 - - [08/Mar/2018:16:44:01 -0300] "GET /cormun/static/about:blank HTTP/1.1" 404 1011
186.103.159.182 - - [08/Mar/2018:16:44:02 -0300] "GET /cormun/servlet/solicitudotadjuntos?INS,2018,10311,,1, HTTP/1.1" 200 6294
186.103.159.182 - - [08/Mar/2018:16:44:02 -0300] "GET /cormun/servlet/solicitudotadjuntos?3f35e73da4e09f65eea9f6a7b6671572215feb5c44051a1e4e4b712536c8f95d3bbf733f010ae96a89db2606e938ddd5,gx-no-cache=1520538140980 HTTP/1.1" 200 30
186.103.159.182 - - [08/Mar/2018:16:44:02 -0300] "POST /cormun/servlet/solicitudotadjuntos?6d49dfe72b2b805448dedd11a6e0e1f9,INS,2018,10311,,1,,gx-no-cache=1520538141080 HTTP/1.1" 200 3981
186.103.159.182 - - [08/Mar/2018:16:44:04 -0300] "POST /cormun/servlet/solicitudotadjuntos?gx-no-cache=1520538143266 HTTP/1.1" 200 26
200.86.95.220 - - [08/Mar/2018:16:44:07 -0300] "GET /cormun/servlet/solicitudotadjuntos?e0d4f0760bcf6c2603a8bfafbb343554fc279e9997abe2e640d0c3aaa4e117dd,gx-no-cache=1520538199166 HTTP/1.1" 200 30
200.86.95.220 - - [08/Mar/2018:16:44:07 -0300] "GET /cormun/servlet/solicitudotadjuntos?e0d4f0760bcf6c2603a8bfafbb343554fc279e9997abe2e640d0c3aaa4e117dd,gx-no-cache=1520538199256 HTTP/1.1" 200 30
200.86.95.220 - - [08/Mar/2018:16:44:09 -0300] "POST /cormun/servlet/solicitudotadjuntos?771e374e112f5c4020dd1736062ae396,INS,2018,10305,,1, HTTP/1.1" 200 116
200.86.95.220 - - [08/Mar/2018:16:44:09 -0300] "GET /cormun/servlet/hpexe_return? HTTP/1.1" 200 1028
200.86.95.220 - - [08/Mar/2018:16:44:09 -0300] "GET /cormun/servlet/trsolicitudadjuntos?2018,10305, HTTP/1.1" 200 8470
192.168.10.89 - - [08/Mar/2018:16:44:10 -0300] "GET /cormun/servlet/solicitudgral?UPD,2018,9616, HTTP/1.1" 200 13349
186.103.159.182 - - [08/Mar/2018:16:44:10 -0300] "GET /cormun/servlet/solicitudotadjuntos?3f35e73da4e09f65eea9f6a7b6671572d94f32ccdce157884ed1d52260e50401,gx-no-cache=1520538148645 HTTP/1.1" 200 30
186.103.159.182 - - [08/Mar/2018:16:44:10 -0300] "GET /cormun/servlet/solicitudotadjuntos?3f35e73da4e09f65eea9f6a7b6671572d94f32ccdce157884ed1d52260e50401,gx-no-cache=1520538148716 HTTP/1.1" 200 30
200.86.95.220 - - [08/Mar/2018:16:44:10 -0300] "GET /cormun/servlet/trsolicitudadjuntos?2018,10305, HTTP/1.1" 200 8465
192.168.10.89 - - [08/Mar/2018:16:44:11 -0300] "POST /cormun/servlet/solicitudgral?gx-no-cache=1520538089538 HTTP/1.1" 200 3877
192.168.10.89 - - [08/Mar/2018:16:44:11 -0300] "GET /cormun/servlet/solicitudgral?cd9728eed048079581349102ebbfccf6c499513bea2bb19ff912aaf138a2fbf2a19136620926a86c872e9a892681d3d921699fd9eca16c1f31f4b018a841d49f081049b2d32d2903d74cf2cdbb53015642233275ebd7e372d736812c8c87b5a6d03e51526208db6ce61f7550e87a4ab7592fddc7839a77c115478a3da1860f84726fc1490331712a88a2da36fdecb4c795f0758c9873ec91f81a977a3281249d1d38896484da016844635b35bbceec19e18dd3d5a79366eec41e804f34c6d0d37fa9c8b35f6248be250b64ef82a7821ae7eb6070a69192029a2f0b1fa9b336a3c5af1bdf9aab5c71b820424947c3262783118956bb25a827a174eb80fe004a5ccac3b5af0ebc8e978515a1c5427fb22a7d15ee73837d695aa816a5e6f917ffb74c707595291ebae44415ef1f1b1922019d0d87d66ce5422f0bb2439a27c8c889cd9a711a5b2ce09db8f39cec5d12dde6,gx-no-cache=1520538089743 HTTP/1.1" 200 255
186.103.159.182 - - [08/Mar/2018:16:44:14 -0300] "POST /cormun/servlet/solicitudotadjuntos?6d49dfe72b2b805448dedd11a6e0e1f9,INS,2018,10311,,1, HTTP/1.1" 200 116
186.103.159.182 - - [08/Mar/2018:16:44:14 -0300] "GET /cormun/servlet/hpexe_return? HTTP/1.1" 200 1027
186.103.159.182 - - [08/Mar/2018:16:44:15 -0300] "GET /cormun/servlet/trsolicitudadjuntos?2018,10311, HTTP/1.1" 200 9798
186.103.159.182 - - [08/Mar/2018:16:44:16 -0300] "GET /cormun/servlet/trsolicitudadjuntos?2018,10311, HTTP/1.1" 200 9799
192.168.10.89 - - [08/Mar/2018:16:44:21 -0300] "POST /cormun/servlet/solicitudgral?1ebb3a240a19b91fd59ea655bc0951a6,UPD,2018,9616,,gx-no-cache=1520538099666 HTTP/1.1" 200 93
192.168.10.89 - - [08/Mar/2018:16:44:21 -0300] "GET /cormun/servlet/hpexe_return? HTTP/1.1" 200 1015
192.168.10.89 - - [08/Mar/2018:16:44:21 -0300] "GET /cormun/servlet/trsolicitudgral? HTTP/1.1" 200 10780
186.103.159.182 - - [08/Mar/2018:16:44:22 -0300] "POST /cormun/servlet/trsolicitudadjuntos?6d49dfe72b2b805448dedd11a6e0e1f9,2018,10311,,gx-no-cache=1520538160732 HTTP/1.1" 200 90
186.103.159.182 - - [08/Mar/2018:16:44:22 -0300] "GET /cormun/servlet/hpexe_link HTTP/1.1" 200 970
186.103.159.182 - - [08/Mar/2018:16:44:22 -0300] "GET /cormun/servlet/trsolicitudot HTTP/1.1" 200 9583
186.103.159.182 - - [08/Mar/2018:16:44:24 -0300] "GET /cormun/servlet/trsolicitudot HTTP/1.1" 200 9581
200.86.95.220 - - [08/Mar/2018:16:44:25 -0300] "GET /cormun/servlet/solicitudotadjuntos?INS,2018,10305,,1, HTTP/1.1" 200 5999
200.86.95.220 - - [08/Mar/2018:16:44:26 -0300] "GET /cormun/static/about:blank HTTP/1.1" 404 1011
200.86.95.220 - - [08/Mar/2018:16:44:26 -0300] "GET /cormun/servlet/solicitudotadjuntos?INS,2018,10305,,1, HTTP/1.1" 200 5992
200.86.95.220 - - [08/Mar/2018:16:44:27 -0300] "GET /cormun/servlet/solicitudotadjuntos?e0d4f0760bcf6c2603a8bfafbb3435543dea96e1699ea54b78fdd59fdb3d7851407a58e09115fef48745faae2b9ae868,gx-no-cache=1520538218679 HTTP/1.1" 200 30
192.168.10.89 - - [08/Mar/2018:16:44:27 -0300] "GET /cormun/servlet/vesolicitudgral?2018,9616,, HTTP/1.1" 200 9503
192.168.10.89 - - [08/Mar/2018:16:44:27 -0300] "GET /cormun/pexe_scrolldiv.js HTTP/1.1" 404 1009
200.86.95.220 - - [08/Mar/2018:16:44:27 -0300] "POST /cormun/servlet/solicitudotadjuntos?771e374e112f5c4020dd1736062ae396,INS,2018,10305,,1,,gx-no-cache=1520538218777 HTTP/1.1" 200 3798
186.103.159.182 - - [08/Mar/2018:16:44:30 -0300] "POST /cormun/servlet/trsolicitudot?6d49dfe72b2b805448dedd11a6e0e1f9,gx-no-cache=1520538167901 HTTP/1.1" 200 6284
186.103.159.182 - - [08/Mar/2018:16:44:30 -0300] "GET /cormun/static/Shared/jqueryui/images/ui-bg_highlight-soft_100_c6c2c8_1x100.png HTTP/1.1" 404 1117
186.103.159.182 - - [08/Mar/2018:16:44:30 -0300] "GET /cormun/static/Shared/jqueryui/images/ui-icons_82798d_256x240.png HTTP/1.1" 404 1089
186.103.159.182 - - [08/Mar/2018:16:44:30 -0300] "GET /cormun/static/Shared/jqueryui/images/ui-bg_flat_55_fafafa_40x100.png HTTP/1.1" 404 1097
186.103.159.182 - - [08/Mar/2018:16:44:30 -0300] "GET /cormun/static/Shared/jqueryui/images/ui-icons_8d78a5_256x240.png HTTP/1.1" 404 1089
186.103.159.182 - - [08/Mar/2018:16:44:30 -0300] "POST /cormun/servlet/trsolicitudot?6d49dfe72b2b805448dedd11a6e0e1f9,gx-no-cache=1520538168841 HTTP/1.1" 200 6225
192.168.10.89 - - [08/Mar/2018:16:44:34 -0300] "POST /cormun/servlet/vesolicitudgral?1ebb3a240a19b91fd59ea655bc0951a6,2018,9616,,,gx-no-cache=1520538112600 HTTP/1.1" 200 93
192.168.10.89 - - [08/Mar/2018:16:44:34 -0300] "GET /cormun/servlet/hpexe_return? HTTP/1.1" 200 1013
192.168.10.89 - - [08/Mar/2018:16:44:34 -0300] "GET /cormun/servlet/trsolicitudgral HTTP/1.1" 200 10780
186.103.159.182 - - [08/Mar/2018:16:44:35 -0300] "POST /cormun/servlet/trsolicitudot?6d49dfe72b2b805448dedd11a6e0e1f9,gx-no-cache=1520538173271 HTTP/1.1" 200 107
186.103.159.182 - - [08/Mar/2018:16:44:35 -0300] "GET /cormun/servlet/trsolicitudadjuntos?2018,10309, HTTP/1.1" 200 6354
186.103.159.182 - - [08/Mar/2018:16:44:36 -0300] "GET /cormun/servlet/trsolicitudadjuntos?2018,10309, HTTP/1.1" 200 6354
186.103.159.182 - - [08/Mar/2018:16:44:38 -0300] "GET /cormun/servlet/solicitudotadjuntos?INS,2018,10309,,1, HTTP/1.1" 200 6301
186.103.159.182 - - [08/Mar/2018:16:44:38 -0300] "GET /cormun/static/about:blank HTTP/1.1" 404 1011
186.103.159.182 - - [08/Mar/2018:16:44:39 -0300] "GET /cormun/servlet/solicitudotadjuntos?INS,2018,10309,,1, HTTP/1.1" 200 6294
186.103.159.182 - - [08/Mar/2018:16:44:40 -0300] "GET /cormun/servlet/solicitudotadjuntos?3f35e73da4e09f65eea9f6a7b6671572145089f138a56f80d1d8057bceccfd2d3bbf733f010ae96a89db2606e938ddd5,gx-no-cache=1520538178525 HTTP/1.1" 200 30
186.103.159.182 - - [08/Mar/2018:16:44:40 -0300] "POST /cormun/servlet/solicitudotadjuntos?6d49dfe72b2b805448dedd11a6e0e1f9,INS,2018,10309,,1,,gx-no-cache=1520538178612 HTTP/1.1" 200 3982
186.103.159.182 - - [08/Mar/2018:16:44:42 -0300] "POST /cormun/servlet/solicitudotadjuntos?gx-no-cache=1520538180373 HTTP/1.1" 200 26
192.168.10.89 - - [08/Mar/2018:16:44:45 -0300] "POST /cormun/servlet/trsolicitudgral?1ebb3a240a19b91fd59ea655bc0951a6,gx-no-cache=1520538124088 HTTP/1.1" 200 7302
192.168.10.62 - - [08/Mar/2018:16:45:04 -0300] "POST /cormun/servlet/trsolicitudgral?6f6f519d6a482d0280771a3702ec085c,gx-no-cache=1520538142835 HTTP/1.1" 200 8235
192.168.10.89 - - [08/Mar/2018:16:45:08 -0300] "GET /cormun/servlet/trsolicitudgral? HTTP/1.1" 200 10797
192.168.10.89 - - [08/Mar/2018:16:45:14 -0300] "GET /cormun/servlet/trsolicitudgral? HTTP/1.1" 200 10797
200.86.95.220 - - [08/Mar/2018:16:45:48 -0300] "POST /cormun/servlet/solicitudotadjuntos?gx-no-cache=1520538299720 HTTP/1.1" 200 26
200.86.95.220 - - [08/Mar/2018:16:45:55 -0300] "GET /cormun/servlet/solicitudotadjuntos?e0d4f0760bcf6c2603a8bfafbb343554fc279e9997abe2e640d0c3aaa4e117dd,gx-no-cache=1520538306559 HTTP/1.1" 200 30
200.86.95.220 - - [08/Mar/2018:16:45:55 -0300] "GET /cormun/servlet/solicitudotadjuntos?e0d4f0760bcf6c2603a8bfafbb343554fc279e9997abe2e640d0c3aaa4e117dd,gx-no-cache=1520538306641 HTTP/1.1" 200 30
200.86.95.220 - - [08/Mar/2018:16:45:56 -0300] "POST /cormun/servlet/solicitudotadjuntos?771e374e112f5c4020dd1736062ae396,INS,2018,10305,,1, HTTP/1.1" 200 6183
200.86.95.220 - - [08/Mar/2018:16:45:56 -0300] "GET /home/sistema/apache-tomcat-7.0.65/webapps/cormun/PrivateTempStorage/upload_00006734.pdf HTTP/1.1" 404 1135
200.86.95.220 - - [08/Mar/2018:16:45:57 -0300] "GET /cormun/static/Shared/jqueryui/images/ui-icons_ebccce_256x240.png HTTP/1.1" 404 1089
200.86.95.220 - - [08/Mar/2018:16:45:57 -0300] "GET /home/sistema/apache-tomcat-7.0.65/webapps/cormun/PrivateTempStorage/upload_00006734.pdf HTTP/1.1" 404 1135
200.86.95.220 - - [08/Mar/2018:16:45:57 -0300] "GET /cormun/static/Shared/jqueryui/images/ui-bg_highlight-soft_100_c6c2c8_1x100.png HTTP/1.1" 404 1117
200.86.95.220 - - [08/Mar/2018:16:45:57 -0300] "GET /cormun/PrivateTempStorage/upload_00006734.pdf HTTP/1.1" 200 16384
200.86.95.220 - - [08/Mar/2018:16:45:57 -0300] "GET /cormun/static/Shared/jqueryui/images/ui-icons_82798d_256x240.png HTTP/1.1" 404 1089
200.86.95.220 - - [08/Mar/2018:16:45:57 -0300] "GET /cormun/static/Shared/jqueryui/images/ui-bg_flat_55_994d53_40x100.png HTTP/1.1" 404 1097
200.86.95.220 - - [08/Mar/2018:16:45:57 -0300] "GET /cormun/PrivateTempStorage/upload_00006734.pdf HTTP/1.1" 200 47108
186.79.103.20 - - [08/Mar/2018:16:46:41 -0300] "POST /cormun/servlet/solicitudotlog?1dec52d6eaf1b358c0debe0275dc87a1,INS,2018,10243,0,REC,,gx-no-cache=1520538350121 HTTP/1.1" 200 93
186.79.103.20 - - [08/Mar/2018:16:46:41 -0300] "GET /cormun/servlet/hpexe_return? HTTP/1.1" 200 1020
200.120.230.197 - - [08/Mar/2018:16:46:42 -0300] "GET /cormun/static/gxcfg.js?2016101716175148 HTTP/1.1" 200 953
200.120.230.197 - - [08/Mar/2018:16:46:42 -0300] "GET /cormun/static/hpexe_return.js?2016101716175153 HTTP/1.1" 200 1633
186.79.103.20 - - [08/Mar/2018:16:46:42 -0300] "GET /cormun/static/Resources/Spanish/PXTools.css?167811 HTTP/1.1" 200 89042
186.79.103.20 - - [08/Mar/2018:16:46:43 -0300] "GET /cormun/servlet/trautorizarsolicitud? HTTP/1.1" 200 7337
186.79.103.20 - - [08/Mar/2018:16:46:44 -0300] "GET /cormun/servlet/trautorizarsolicitud? HTTP/1.1" 200 7334
192.168.10.143 - - [08/Mar/2018:16:46:58 -0300] "GET /cormun/servlet/solicitudgral?UPD,2018,9952, HTTP/1.1" 200 13383
192.168.10.143 - - [08/Mar/2018:16:46:58 -0300] "GET /cormun/static/gxcfg.js?20181911354237 HTTP/1.1" 200 953
192.168.10.143 - - [08/Mar/2018:16:46:58 -0300] "GET /cormun/static/solicitudgral.js?20181911354326 HTTP/1.1" 200 41515
192.168.10.143 - - [08/Mar/2018:16:46:59 -0300] "GET /cormun/servlet/solicitudgral?UPD,2018,9952, HTTP/1.1" 200 13392
192.168.10.143 - - [08/Mar/2018:16:47:00 -0300] "POST /cormun/servlet/solicitudgral?gx-no-cache=1520538363467 HTTP/1.1" 200 3929
192.168.10.143 - - [08/Mar/2018:16:47:00 -0300] "GET /cormun/servlet/solicitudgral?b9aa856349aa1d508188f6a0d556bf252f46e9de0b63a019ae88c2cb7db9d6bf7abe24111bcf9e64a006be2cc7aa4c6901b51b5e6baa82a5e9e9e46eee3c1b5a96c39677be9863f34a5a8aae293bc5e1f3caba5b0d1961f0692b2e54f3e5e4ccd1e8f98a32911942297fb3e40575e174f6f293f588e71d88cb9f950be9d82abf5870dc2176426ec1131099f348a58a16d91af8f0539dc88624220d966da223c13498dc972813e02c6b0178538b25dcb7655428284b335b5e508084b09d8f4aaf923225f0ec0a974de476ae31f833ef058f72a51bd7a57334b190330e61c304e41a2302f288ab1d62be23280563e9624f550cc33ce932d766310f96a5bdd670f3d8039db9c74bba50dffc4ccaebb711ad088f8c7698a80157ee7ee94d0ce166a0bd23276a0d51cc11c42760c2388c2e6a35e8d30dc02428774a8b919e70ef79288fd9c8b4c9a1ee953fdc1a48e452c292,gx-no-cache=1520538363590 HTTP/1.1" 200 297
192.168.10.143 - - [08/Mar/2018:16:47:00 -0300] "POST /cormun/servlet/solicitudgral?bccc2747ba4d0d58d50b37f953ce76c3,UPD,2018,9952,,gx-no-cache=1520538364018 HTTP/1.1" 200 93
192.168.10.143 - - [08/Mar/2018:16:47:00 -0300] "GET /cormun/servlet/hpexe_return? HTTP/1.1" 200 1015
192.168.10.143 - - [08/Mar/2018:16:47:01 -0300] "GET /cormun/servlet/trsolicitudgral? HTTP/1.1" 200 10806
192.168.10.143 - - [08/Mar/2018:16:47:02 -0300] "GET /cormun/servlet/trsolicitudgral? HTTP/1.1" 200 10802
192.168.10.143 - - [08/Mar/2018:16:47:12 -0300] "POST /cormun/servlet/trsolicitudgral?bccc2747ba4d0d58d50b37f953ce76c3,,gx-no-cache=1520538375864 HTTP/1.1" 200 7301
200.86.95.220 - - [08/Mar/2018:16:47:54 -0300] "POST /cormun/servlet/solicitudotadjuntos?gx-no-cache=1520538426321 HTTP/1.1" 200 26
186.79.229.37 - - [08/Mar/2018:16:48:22 -0300] "GET /cormun/servlet/hlogin HTTP/1.1" 200 1716
186.79.229.37 - - [08/Mar/2018:16:48:24 -0300] "POST /cormun/servlet/hlogin?57990e6aef369e2affe97cad25cfd069,gx-no-cache=1520538457453 HTTP/1.1" 200 90
186.79.229.37 - - [08/Mar/2018:16:48:24 -0300] "GET /cormun/servlet/hpexe_link HTTP/1.1" 200 949
186.79.229.37 - - [08/Mar/2018:16:48:25 -0300] "GET /cormun/servlet/hhome HTTP/1.1" 200 3927
186.79.229.37 - - [08/Mar/2018:16:48:26 -0300] "GET /cormun/servlet/hhome HTTP/1.1" 200 3923
186.79.229.37 - - [08/Mar/2018:16:48:28 -0300] "GET /cormun/servlet/trsolicitudot? HTTP/1.1" 200 8533
186.79.229.37 - - [08/Mar/2018:16:48:29 -0300] "GET /cormun/servlet/trsolicitudot? HTTP/1.1" 200 8531
186.103.157.246 - - [08/Mar/2018:16:49:10 -0300] "GET /cormun/servlet/hlogin HTTP/1.1" 200 1711
186.103.157.246 - - [08/Mar/2018:16:49:10 -0300] "GET /cormun/static/Resources/Spanish/PXTools.css?11423723 HTTP/1.1" 304 -
186.103.157.246 - - [08/Mar/2018:16:49:11 -0300] "GET /cormun/static/gxtimezone.js?85251 HTTP/1.1" 304 -
186.103.157.246 - - [08/Mar/2018:16:49:11 -0300] "GET /cormun/static/gxcfg.js?20175251213516 HTTP/1.1" 304 -
186.103.157.246 - - [08/Mar/2018:16:49:11 -0300] "GET /cormun/static/gxgral.js?85251 HTTP/1.1" 304 -
186.103.157.246 - - [08/Mar/2018:16:49:11 -0300] "GET /cormun/static/hlogin.js?20175251213537 HTTP/1.1" 304 -
186.103.157.246 - - [08/Mar/2018:16:49:11 -0300] "GET /cormun/static/messages.spa.js?85251 HTTP/1.1" 304 -
186.103.157.246 - - [08/Mar/2018:16:49:11 -0300] "GET /cormun/static/Resources/PXToolsLoginTop.png HTTP/1.1" 304 -
186.103.157.246 - - [08/Mar/2018:16:49:11 -0300] "GET /cormun/static/Resources/PXToolsLoginBackground.png HTTP/1.1" 304 -
186.103.157.246 - - [08/Mar/2018:16:49:11 -0300] "GET /cormun/static/Resources/PXToolsButtonLeft21.png HTTP/1.1" 304 -
186.103.157.246 - - [08/Mar/2018:16:49:11 -0300] "GET /cormun/static/Resources/PXToolsButtonRight21.png HTTP/1.1" 304 -
186.103.157.246 - - [08/Mar/2018:16:49:11 -0300] "GET /cormun/static/Resources/PXToolsButtonBackground2.png HTTP/1.1" 304 -
186.103.157.246 - - [08/Mar/2018:16:49:11 -0300] "GET /cormun/static/Resources/PXToolsLoginBottom.png HTTP/1.1" 304 -
186.103.157.246 - - [08/Mar/2018:16:49:12 -0300] "GET /cormun/static/Resources/ComunLogin.png HTTP/1.1" 304 -
186.103.157.246 - - [08/Mar/2018:16:49:12 -0300] "GET /cormun/static/Resources/indicator.gif HTTP/1.1" 304 -
186.103.157.246 - - [08/Mar/2018:16:49:12 -0300] "GET /cormun/servlet/hlogin HTTP/1.1" 200 1711
186.103.157.246 - - [08/Mar/2018:16:49:23 -0300] "POST /cormun/servlet/hlogin?fcbc8f8e118a50ef638018c5744288a6,gx-no-cache=1520538512530 HTTP/1.1" 200 90
186.103.157.246 - - [08/Mar/2018:16:49:23 -0300] "GET /cormun/servlet/hpexe_link HTTP/1.1" 200 944
186.103.157.246 - - [08/Mar/2018:16:49:23 -0300] "GET /cormun/static/gxcfg.js?20177612121792 HTTP/1.1" 304 -
186.103.157.246 - - [08/Mar/2018:16:49:23 -0300] "GET /cormun/static/hpexe_link.js?20177612121795 HTTP/1.1" 304 -
186.103.157.246 - - [08/Mar/2018:16:49:23 -0300] "GET /cormun/static/Resources/Spanish/PXTools.css?1155365 HTTP/1.1" 304 -
186.103.157.246 - - [08/Mar/2018:16:49:23 -0300] "GET /cormun/servlet/hhome HTTP/1.1" 200 3875
186.103.157.246 - - [08/Mar/2018:16:49:23 -0300] "GET /cormun/static/SmoothNavMenu/resources/ddsmoothmenu.css?1012540 HTTP/1.1" 304 -
186.103.157.246 - - [08/Mar/2018:16:49:23 -0300] "GET /cormun/static/SmoothNavMenu/resources/ddsmoothmenu-v.css?1012540 HTTP/1.1" 304 -
186.103.157.246 - - [08/Mar/2018:16:49:23 -0300] "GET /cormun/static/Shared/jqueryui/jquery-ui.min.css?1245370 HTTP/1.1" 304 -
186.103.157.246 - - [08/Mar/2018:16:49:23 -0300] "GET /cormun/static/gxcfg.js?20175251212442 HTTP/1.1" 304 -
186.103.157.246 - - [08/Mar/2018:16:49:23 -0300] "GET /cormun/static/scaMessage/css/jquery.pnotify.default.css?1716380 HTTP/1.1" 304 -
186.103.157.246 - - [08/Mar/2018:16:49:23 -0300] "GET /cormun/static/PXToolsJavascripts/pexe_autoreload.js HTTP/1.1" 304 -
186.103.157.246 - - [08/Mar/2018:16:49:23 -0300] "GET /cormun/static/PXToolsJavascripts/pexe_cookies.js HTTP/1.1" 304 -
186.103.157.246 - - [08/Mar/2018:16:49:23 -0300] "GET /cormun/static/PXToolsJavascripts/pexe_windows.js HTTP/1.1" 304 -
186.103.157.246 - - [08/Mar/2018:16:49:23 -0300] "GET /cormun/static/PXToolsJavascripts/pexe_grid.js HTTP/1.1" 304 -
186.103.157.246 - - [08/Mar/2018:16:49:23 -0300] "GET /cormun/static/PXToolsJavascripts/pexe_griddivfix.js HTTP/1.1" 304 -
186.103.157.246 - - [08/Mar/2018:16:49:23 -0300] "GET /cormun/static/PXToolsJavascripts/pexe_link.js HTTP/1.1" 304 -
186.103.157.246 - - [08/Mar/2018:16:49:23 -0300] "GET /cormun/static/PXToolsJavascripts/pexe_menudivfix.js HTTP/1.1" 304 -
186.103.157.246 - - [08/Mar/2018:16:49:23 -0300] "GET /cormun/static/PXToolsJavascripts/pexe_menus.js HTTP/1.1" 304 -
186.103.157.246 - - [08/Mar/2018:16:49:23 -0300] "GET /cormun/static/PXToolsJavascripts/pexe_layers.js HTTP/1.1" 304 -
186.103.157.246 - - [08/Mar/2018:16:49:23 -0300] "GET /cormun/static/PXToolsJavascripts/pexe_oav.js HTTP/1.1" 304 -
186.103.157.246 - - [08/Mar/2018:16:49:23 -0300] "GET /cormun/static/PXToolsJavascripts/pexe_oavdivfix.js HTTP/1.1" 304 -
186.103.157.246 - - [08/Mar/2018:16:49:23 -0300] "GET /cormun/static/PXToolsJavascripts/pexe_scrolldiv.js HTTP/1.1" 304 -
186.103.157.246 - - [08/Mar/2018:16:49:23 -0300] "GET /cormun/static/PXToolsJavascripts/pexe_tabdivfix.js HTTP/1.1" 304 -
186.103.157.246 - - [08/Mar/2018:16:49:23 -0300] "GET /cormun/static/PXToolsJavascripts/pexe_picture.js HTTP/1.1" 304 -
186.103.157.246 - - [08/Mar/2018:16:49:23 -0300] "GET /cormun/static/PXToolsJavascripts/pexe_popup.js HTTP/1.1" 304 -
186.103.157.246 - - [08/Mar/2018:16:49:23 -0300] "GET /cormun/static/PXToolsJavascripts/pexe_upload.js HTTP/1.1" 304 -
186.103.157.246 - - [08/Mar/2018:16:49:23 -0300] "GET /cormun/static/PXToolsJavascripts/PXToolsJavascriptsRender.js HTTP/1.1" 304 -
186.103.157.246 - - [08/Mar/2018:16:49:23 -0300] "GET /cormun/static/PXToolsJavascripts/pexe_tabs.js HTTP/1.1" 304 -
186.103.157.246 - - [08/Mar/2018:16:49:23 -0300] "GET /cormun/static/RunJS/RunJS.js HTTP/1.1" 304 -
186.103.157.246 - - [08/Mar/2018:16:49:24 -0300] "GET /cormun/static/Shared/ext/ext-all.js HTTP/1.1" 304 -
186.103.157.246 - - [08/Mar/2018:16:49:24 -0300] "GET /cormun/static/gxui/gxui-all.js HTTP/1.1" 304 -
186.103.157.246 - - [08/Mar/2018:16:49:24 -0300] "GET /cormun/static/Shared/ext/locale/ext-lang-en.js HTTP/1.1" 304 -
186.103.157.246 - - [08/Mar/2018:16:49:24 -0300] "GET /cormun/static/hhome.js?20175251212450 HTTP/1.1" 304 -
186.103.157.246 - - [08/Mar/2018:16:49:24 -0300] "GET /cormun/static/hwchdr01.js?201752511465785 HTTP/1.1" 304 -
186.103.157.246 - - [08/Mar/2018:16:49:24 -0300] "GET /cormun/static/hpexe_recentlink.js?20177611595044 HTTP/1.1" 304 -
186.103.157.246 - - [08/Mar/2018:16:49:24 -0300] "GET /cormun/static/hpexe_scripts.js?201752511465715 HTTP/1.1" 304 -
186.103.157.246 - - [08/Mar/2018:16:49:24 -0300] "GET /cormun/static/hpexe_messagecontroller.js?20177611595012 HTTP/1.1" 304 -
186.103.157.246 - - [08/Mar/2018:16:49:24 -0300] "GET /cormun/static/hpexe_messagegenexuscomponent.js?201752511465344 HTTP/1.1" 304 -
186.103.157.246 - - [08/Mar/2018:16:49:24 -0300] "GET /cormun/static/cmcontrolpreferences.js?201752511465670 HTTP/1.1" 304 -
186.103.157.246 - - [08/Mar/2018:16:49:24 -0300] "GET /cormun/static/hpexe_messagepopupcomponent.js?20161017169425 HTTP/1.1" 304 -
186.103.157.246 - - [08/Mar/2018:16:49:24 -0300] "GET /cormun/static/Shared/jquery/jquery-1.4.2.min.js HTTP/1.1" 304 -
186.103.157.246 - - [08/Mar/2018:16:49:24 -0300] "GET /cormun/static/Shared/jquery/jquery-1.10.2.min.js HTTP/1.1" 304 -
186.103.157.246 - - [08/Mar/2018:16:49:24 -0300] "GET /cormun/static/Shared/jqueryui/jquery-ui.min.js HTTP/1.1" 304 -
186.103.157.246 - - [08/Mar/2018:16:49:24 -0300] "GET /cormun/static/SmoothNavMenu/resources/ddsmoothmenu.js HTTP/1.1" 304 -
186.103.157.246 - - [08/Mar/2018:16:49:24 -0300] "GET /cormun/static/SmoothNavMenu/resources/SmoothNavMenuRender.js HTTP/1.1" 304 -
186.103.157.246 - - [08/Mar/2018:16:49:24 -0300] "GET /cormun/static/scaMessage/js/jquery.pnotify.min.js HTTP/1.1" 304 -
186.103.157.246 - - [08/Mar/2018:16:49:24 -0300] "GET /cormun/static/scaMessage/scaMessageRender.js HTTP/1.1" 304 -
186.103.157.246 - - [08/Mar/2018:16:49:24 -0300] "GET /cormun/static/hmpwkw03.js?20177612122668 HTTP/1.1" 304 -
186.103.157.246 - - [08/Mar/2018:16:49:24 -0300] "GET /cormun/static/Resources/logo4.png HTTP/1.1" 304 -
186.103.157.246 - - [08/Mar/2018:16:49:24 -0300] "GET /cormun/static/Resources/PXToolsHeaderActionsLeft.png HTTP/1.1" 304 -
186.103.157.246 - - [08/Mar/2018:16:49:24 -0300] "GET /cormun/static/Resources/PXToolsFooterBackground2.png HTTP/1.1" 304 -
186.103.157.246 - - [08/Mar/2018:16:49:24 -0300] "GET /cormun/static/Resources/PXToolsHeaderLogin.png HTTP/1.1" 304 -
186.103.157.246 - - [08/Mar/2018:16:49:24 -0300] "GET /cormun/static/Resources/PXToolsHeaderHome.png HTTP/1.1" 304 -
186.103.157.246 - - [08/Mar/2018:16:49:24 -0300] "GET /cormun/static/Resources/PXToolsHeaderActionsBackground.png HTTP/1.1" 304 -
186.103.157.246 - - [08/Mar/2018:16:49:24 -0300] "GET /cormun/static/Resources/PXToolsHeaderActionsRight.png HTTP/1.1" 304 -
186.103.157.246 - - [08/Mar/2018:16:49:24 -0300] "GET /cormun/static/Resources/PXToolsHeaderPreferences.png HTTP/1.1" 304 -
186.103.157.246 - - [08/Mar/2018:16:49:24 -0300] "GET /cormun/static/Resources/PXToolsHeaderSecurity.png HTTP/1.1" 304 -
186.103.157.246 - - [08/Mar/2018:16:49:24 -0300] "GET /cormun/static/Resources/PXToolsDataTitle.png HTTP/1.1" 304 -
186.103.157.246 - - [08/Mar/2018:16:49:24 -0300] "GET /cormun/static/Resources/PXToolsHeaderBackground2.png HTTP/1.1" 304 -
186.103.157.246 - - [08/Mar/2018:16:49:25 -0300] "GET /cormun/static/SmoothNavMenu/resources/images/down.gif HTTP/1.1" 304 -
186.103.157.246 - - [08/Mar/2018:16:49:29 -0300] "GET /cormun/servlet/trsolicitudot? HTTP/1.1" 200 8464
186.103.157.246 - - [08/Mar/2018:16:49:29 -0300] "GET /cormun/static/Shared/ext/resources/css/ext-all.css?215870 HTTP/1.1" 304 -
186.103.157.246 - - [08/Mar/2018:16:49:29 -0300] "GET /cormun/static/gxui/gxui-all.css?120300 HTTP/1.1" 304 -
186.103.157.246 - - [08/Mar/2018:16:49:29 -0300] "GET /cormun/static/calendar-system.css?85620 HTTP/1.1" 304 -
186.103.157.246 - - [08/Mar/2018:16:49:29 -0300] "GET /cormun/static/Resources/Spanish/PXTools.css?1255365 HTTP/1.1" 304 -
186.103.157.246 - - [08/Mar/2018:16:49:29 -0300] "GET /cormun/static/gxcfg.js?2017111422585916 HTTP/1.1" 304 -
186.103.157.246 - - [08/Mar/2018:16:49:29 -0300] "GET /cormun/static/calendar-es.js?85251 HTTP/1.1" 304 -
