186.103.159.189 - - [08/Mar/2018:11:03:20 -0300] "POST /cormun/servlet/trsolicitudot?0e8e4533ebad84f340d7534b9989ad53,gx-no-cache=1520517752827 HTTP/1.1" 200 5653
186.103.159.189 - - [08/Mar/2018:11:03:21 -0300] "POST /cormun/servlet/trsolicitudot?0e8e4533ebad84f340d7534b9989ad53,gx-no-cache=1520517753930 HTTP/1.1" 200 4488
186.103.159.189 - - [08/Mar/2018:11:03:21 -0300] "POST /cormun/servlet/trsolicitudot?0e8e4533ebad84f340d7534b9989ad53,gx-no-cache=1520517754239 HTTP/1.1" 200 4249
186.103.159.182 - - [08/Mar/2018:11:03:47 -0300] "POST /cormun/servlet/solicitudotcontratos?66801812e806bc38704c58e34e8611db,INS,2018,0,10910955,k,6,2017,2265,INTEGRACION,201801,3,B,,gx-no-cache=1520517725763 HTTP/1.1" 200 10870
186.103.159.182 - - [08/Mar/2018:11:03:48 -0300] "POST /cormun/servlet/solicitudotcontratos?gx-no-cache=1520517726263 HTTP/1.1" 200 1320
186.103.159.182 - - [08/Mar/2018:11:03:48 -0300] "POST /cormun/servlet/solicitudotcontratos?gx-no-cache=1520517726356 HTTP/1.1" 200 1219
186.103.159.182 - - [08/Mar/2018:11:03:48 -0300] "GET /cormun/servlet/solicitudotcontratos?acd7307279a3c872a99112d8890a4b17fcb8da2ae3d619d2986d2ec15f1994b6863df269141f540ea4a898e381fd4fbed212ff4276c17a04dd9bf3f4da86527b09b3d82e968e9426fdc828e4fc272594464cd83a83523cd3510337e497dfe31f1620963abdc449baaab4432cbffb00b6e2b21f8f124f55b5cad26131900fd6d0,gx-no-cache=1520517726448 HTTP/1.1" 200 30
186.103.159.182 - - [08/Mar/2018:11:03:48 -0300] "POST /cormun/servlet/solicitudotcontratos?66801812e806bc38704c58e34e8611db,INS,2018,0,10910955,k,6,2017,2265,INTEGRACION,201801,3,B,,gx-no-cache=1520517726518 HTTP/1.1" 200 93
186.103.159.182 - - [08/Mar/2018:11:03:48 -0300] "GET /cormun/servlet/hpexe_return? HTTP/1.1" 200 1071
186.103.159.182 - - [08/Mar/2018:11:03:49 -0300] "GET /cormun/servlet/trcontratosolicitud?gx-no-cache=1520517452898 HTTP/1.1" 200 14904
186.103.159.182 - - [08/Mar/2018:11:03:50 -0300] "GET /cormun/servlet/trcontratosolicitud?gx-no-cache=1520517452898 HTTP/1.1" 200 14909
186.103.159.182 - - [08/Mar/2018:11:04:28 -0300] "GET /cormun/servlet/solicitudotcontratos?INS,2018,0,14149898,3,6,2017,2309,INTEGRACION,201801,3,B, HTTP/1.1" 200 10003
186.103.159.182 - - [08/Mar/2018:11:04:30 -0300] "GET /cormun/servlet/solicitudotcontratos?INS,2018,0,14149898,3,6,2017,2309,INTEGRACION,201801,3,B, HTTP/1.1" 200 10013
186.103.159.182 - - [08/Mar/2018:11:04:30 -0300] "GET /cormun/servlet/solicitudotcontratos?acd7307279a3c872a99112d8890a4b17dbb0bb9ea189e82783810da6e20f959d355c311d02d9084b6c89539e7ab5a17f,gx-no-cache=1520517768792 HTTP/1.1" 200 30
186.103.159.182 - - [08/Mar/2018:11:04:30 -0300] "GET /cormun/servlet/solicitudotcontratos?acd7307279a3c872a99112d8890a4b172fb0c4dd9cde05e32ef90e64eac624f118c16426d5285e6d2a3a5b800fa661e2,gx-no-cache=1520517768856 HTTP/1.1" 200 30
186.103.159.182 - - [08/Mar/2018:11:04:30 -0300] "GET /cormun/servlet/solicitudotcontratos?acd7307279a3c872a99112d8890a4b171cc06ea9c1cf5e0aa5407036cacf6cde986fc5be91894d8a08687bb9790bf863605121236eee636d753c6e7578addfdb2399ec34b1c5a68c62a93a46b1d9fee41bf4e2c3da91097850922bd4b50082d57175c10478fa116843e239b8b05524f554166c6dc2f12d65929b06c5f743e73e,gx-no-cache=1520517768918 HTTP/1.1" 200 50
186.103.159.182 - - [08/Mar/2018:11:04:30 -0300] "GET /cormun/servlet/solicitudotcontratos?acd7307279a3c872a99112d8890a4b175a26c6dc0340fa2c9253a3d0aba70532647d194d94f696ffb2e750dbb1c95831,gx-no-cache=1520517768988 HTTP/1.1" 200 30
186.103.159.182 - - [08/Mar/2018:11:04:31 -0300] "GET /cormun/servlet/solicitudotcontratos?acd7307279a3c872a99112d8890a4b170517f4078d69a84ce9db03869e8a0a704481c57ae477aab4a899780ff7dbea45d55dddbc179d818962c860e33eae93d30ef9444d4badb671e12f07d6a1f7cc84f6997329b2282b7e91db989ede6a938946f441392f46c3e8f37988503d673fbc,gx-no-cache=1520517769085 HTTP/1.1" 200 30
186.103.159.182 - - [08/Mar/2018:11:04:31 -0300] "GET /cormun/servlet/solicitudotcontratos?acd7307279a3c872a99112d8890a4b170bba0abd29c4d579cb017ed40d2c257309c17a2661561ea6f9d3d589e8dcb4933dcde463f05143ff379a9add593c14e41c6c0c1bf2ebf971fa943b2a5f2e6d52debaa5b704f976a4370574ea7bb4f8b02b9916fe7cd7023ed73e754a272d36c247324f041efc1e3a7519f789f1dffcc692ddaff702616886bcfb3abd720a3237ce2a973c8838e624202a76cce7a0f9f1a6e95ab69e28028bac17f90b4dcb8fd99afec32c027a06b6b6714089e257feaab80c81a94705e3d7405ca413536d763fbe2e281c53a0e492b5fa9b9d458ae53f540f41c0307cced5f413005892761e8ef489fde0da575619df6f6ddfb468781e427f3cb6a473225f38d3182bccc7a0de5fac07b50f39add98e8d4dd04a90776d8017eab2e99ec29684a4585cbbe9968c28b5d7a3507692e2d30803468b7b392ab064103c8461f3a06cffddcdcd425cc01049fcb7b324cc95d7c41c09dab05d859e5a57851d68822d16dc391841245dbf5fac07b50f39add98e8d4dd04a90776d2ef7e55934d246ba719d594b3146afe57c7a4071a6fb83bd6a867686531785d9ac86ac359e4f81cbed83815db05a744c27e188e026010417786c8a8bf77fb017,gx-no-cache=1520517769157 HTTP/1.1" 200 83
186.103.159.182 - - [08/Mar/2018:11:05:00 -0300] "POST /cormun/servlet/solicitudotcontratos?66801812e806bc38704c58e34e8611db,INS,2018,0,14149898,3,6,2017,2309,INTEGRACION,201801,3,B,,gx-no-cache=1520517798015 HTTP/1.1" 200 10821
186.103.159.182 - - [08/Mar/2018:11:05:01 -0300] "POST /cormun/servlet/solicitudotcontratos?gx-no-cache=1520517799019 HTTP/1.1" 200 1320
186.103.159.182 - - [08/Mar/2018:11:05:01 -0300] "POST /cormun/servlet/solicitudotcontratos?gx-no-cache=1520517799207 HTTP/1.1" 200 1219
186.103.159.182 - - [08/Mar/2018:11:05:01 -0300] "GET /cormun/servlet/solicitudotcontratos?acd7307279a3c872a99112d8890a4b17fcb8da2ae3d619d2986d2ec15f1994b6863df269141f540ea4a898e381fd4fbed212ff4276c17a04dd9bf3f4da86527b09b3d82e968e9426fdc828e4fc272594464cd83a83523cd3510337e497dfe31f1620963abdc449baaab4432cbffb00b6e2b21f8f124f55b5cad26131900fd6d0,gx-no-cache=1520517799328 HTTP/1.1" 200 30
186.103.159.182 - - [08/Mar/2018:11:05:01 -0300] "POST /cormun/servlet/solicitudotcontratos?66801812e806bc38704c58e34e8611db,INS,2018,0,14149898,3,6,2017,2309,INTEGRACION,201801,3,B,,gx-no-cache=1520517799373 HTTP/1.1" 200 93
186.103.159.182 - - [08/Mar/2018:11:05:01 -0300] "GET /cormun/servlet/hpexe_return? HTTP/1.1" 200 1071
186.103.159.182 - - [08/Mar/2018:11:05:01 -0300] "GET /cormun/servlet/trcontratosolicitud?gx-no-cache=1520517452898 HTTP/1.1" 200 14934
186.103.159.182 - - [08/Mar/2018:11:05:03 -0300] "GET /cormun/servlet/trcontratosolicitud?gx-no-cache=1520517452898 HTTP/1.1" 200 14952
186.103.159.182 - - [08/Mar/2018:11:05:30 -0300] "GET /cormun/servlet/solicitudotcontratos?INS,2018,0,7571339,8,6,2017,2208,INTEGRACION,201801,3,B, HTTP/1.1" 200 10021
186.103.159.182 - - [08/Mar/2018:11:05:32 -0300] "GET /cormun/servlet/solicitudotcontratos?INS,2018,0,7571339,8,6,2017,2208,INTEGRACION,201801,3,B, HTTP/1.1" 200 10031
186.103.159.182 - - [08/Mar/2018:11:05:32 -0300] "GET /cormun/servlet/solicitudotcontratos?acd7307279a3c872a99112d8890a4b17d44bb661aec7d16237ad42a12f01d05b27e188e026010417786c8a8bf77fb017,gx-no-cache=1520517830629 HTTP/1.1" 200 30
186.103.159.182 - - [08/Mar/2018:11:05:32 -0300] "GET /cormun/servlet/solicitudotcontratos?acd7307279a3c872a99112d8890a4b17e65984563673c5fa24b6610988a7e974e0e099c808c7041e3181805bcc9da00d,gx-no-cache=1520517830707 HTTP/1.1" 200 30
186.103.159.182 - - [08/Mar/2018:11:05:32 -0300] "GET /cormun/servlet/solicitudotcontratos?acd7307279a3c872a99112d8890a4b171cc06ea9c1cf5e0aa5407036cacf6cde986fc5be91894d8a08687bb9790bf863605121236eee636d753c6e7578addfdb2399ec34b1c5a68c62a93a46b1d9fee41bf4e2c3da91097850922bd4b50082d57175c10478fa116843e239b8b05524f554166c6dc2f12d65929b06c5f743e73e,gx-no-cache=1520517830779 HTTP/1.1" 200 50
186.103.159.182 - - [08/Mar/2018:11:05:32 -0300] "GET /cormun/servlet/solicitudotcontratos?acd7307279a3c872a99112d8890a4b1732ad42caefb65363859aad1e10aa24ea13371d4be52abb2a2b4d7bb7d9324280,gx-no-cache=1520517830864 HTTP/1.1" 200 30
186.103.159.182 - - [08/Mar/2018:11:05:32 -0300] "GET /cormun/servlet/solicitudotcontratos?acd7307279a3c872a99112d8890a4b170517f4078d69a84ce9db03869e8a0a704481c57ae477aab4a899780ff7dbea45d55dddbc179d818962c860e33eae93d30ef9444d4badb671e12f07d6a1f7cc84f6997329b2282b7e91db989ede6a938946f441392f46c3e8f37988503d673fbc,gx-no-cache=1520517830930 HTTP/1.1" 200 30
186.103.159.182 - - [08/Mar/2018:11:05:33 -0300] "GET /cormun/servlet/solicitudotcontratos?acd7307279a3c872a99112d8890a4b170bba0abd29c4d579cb017ed40d2c257309c17a2661561ea6f9d3d589e8dcb4933dcde463f05143ff379a9add593c14e41c6c0c1bf2ebf971fa943b2a5f2e6d52debaa5b704f976a4370574ea7bb4f8b02b9916fe7cd7023ed73e754a272d36c247324f041efc1e3a7519f789f1dffcc692ddaff702616886bcfb3abd720a3237ce2a973c8838e624202a76cce7a0f9f1a6e95ab69e28028bac17f90b4dcb8fd99afec32c027a06b6b6714089e257feaab80c81a94705e3d7405ca413536d763fbe2e281c53a0e492b5fa9b9d458ae53f540f41c0307cced5f413005892761e8ef489fde0da575619df6f6ddfb468781e427f3cb6a473225f38d3182bccc7a0de5fac07b50f39add98e8d4dd04a90776d8017eab2e99ec29684a4585cbbe9968c28b5d7a3507692e2d30803468b7b392ab064103c8461f3a06cffddcdcd425cc01049fcb7b324cc95d7c41c09dab05d859e5a57851d68822d16dc391841245dbf5fac07b50f39add98e8d4dd04a90776d2ef7e55934d246ba719d594b3146afe57c7a4071a6fb83bd6a867686531785d9ac86ac359e4f81cbed83815db05a744c27e188e026010417786c8a8bf77fb017,gx-no-cache=1520517831005 HTTP/1.1" 200 83
186.103.159.182 - - [08/Mar/2018:11:05:48 -0300] "POST /cormun/servlet/solicitudotcontratos?66801812e806bc38704c58e34e8611db,INS,2018,0,7571339,8,6,2017,2208,INTEGRACION,201801,3,B,,gx-no-cache=1520517845870 HTTP/1.1" 200 10837
186.103.159.182 - - [08/Mar/2018:11:05:48 -0300] "POST /cormun/servlet/solicitudotcontratos?gx-no-cache=1520517846786 HTTP/1.1" 200 1320
186.103.159.182 - - [08/Mar/2018:11:05:48 -0300] "POST /cormun/servlet/solicitudotcontratos?gx-no-cache=1520517846898 HTTP/1.1" 200 1219
186.103.159.182 - - [08/Mar/2018:11:05:48 -0300] "GET /cormun/servlet/solicitudotcontratos?acd7307279a3c872a99112d8890a4b17fcb8da2ae3d619d2986d2ec15f1994b6863df269141f540ea4a898e381fd4fbed212ff4276c17a04dd9bf3f4da86527b09b3d82e968e9426fdc828e4fc272594464cd83a83523cd3510337e497dfe31f1620963abdc449baaab4432cbffb00b6e2b21f8f124f55b5cad26131900fd6d0,gx-no-cache=1520517846985 HTTP/1.1" 200 30
186.103.159.182 - - [08/Mar/2018:11:05:49 -0300] "POST /cormun/servlet/solicitudotcontratos?66801812e806bc38704c58e34e8611db,INS,2018,0,7571339,8,6,2017,2208,INTEGRACION,201801,3,B,,gx-no-cache=1520517847033 HTTP/1.1" 200 93
186.103.159.182 - - [08/Mar/2018:11:05:49 -0300] "GET /cormun/servlet/hpexe_return? HTTP/1.1" 200 1071
186.103.159.182 - - [08/Mar/2018:11:05:49 -0300] "GET /cormun/servlet/trcontratosolicitud?gx-no-cache=1520517452898 HTTP/1.1" 200 14969
186.103.159.182 - - [08/Mar/2018:11:05:51 -0300] "GET /cormun/servlet/trcontratosolicitud?gx-no-cache=1520517452898 HTTP/1.1" 200 14983
186.103.159.182 - - [08/Mar/2018:11:06:00 -0300] "GET /cormun/servlet/solicitudotcontratos?INS,2018,0,8915356,5,6,2017,2237,INTEGRACION,201801,3,B, HTTP/1.1" 200 10032
186.103.159.182 - - [08/Mar/2018:11:06:01 -0300] "GET /cormun/servlet/solicitudotcontratos?INS,2018,0,8915356,5,6,2017,2237,INTEGRACION,201801,3,B, HTTP/1.1" 200 10043
186.103.159.182 - - [08/Mar/2018:11:06:02 -0300] "GET /cormun/servlet/solicitudotcontratos?acd7307279a3c872a99112d8890a4b173f055ecd779fca0ae6e347b3b91bf26e27e188e026010417786c8a8bf77fb017,gx-no-cache=1520517860466 HTTP/1.1" 200 30
186.103.159.182 - - [08/Mar/2018:11:06:02 -0300] "GET /cormun/servlet/solicitudotcontratos?acd7307279a3c872a99112d8890a4b175825bc118d1930e868f82dcd685a5405e0e099c808c7041e3181805bcc9da00d,gx-no-cache=1520517860527 HTTP/1.1" 200 30
186.103.159.182 - - [08/Mar/2018:11:06:02 -0300] "GET /cormun/servlet/solicitudotcontratos?acd7307279a3c872a99112d8890a4b171cc06ea9c1cf5e0aa5407036cacf6cde986fc5be91894d8a08687bb9790bf863605121236eee636d753c6e7578addfdb2399ec34b1c5a68c62a93a46b1d9fee41bf4e2c3da91097850922bd4b50082d57175c10478fa116843e239b8b05524f554166c6dc2f12d65929b06c5f743e73e,gx-no-cache=1520517860596 HTTP/1.1" 200 50
186.103.159.182 - - [08/Mar/2018:11:06:02 -0300] "GET /cormun/servlet/solicitudotcontratos?acd7307279a3c872a99112d8890a4b17f7f49ee422cbb54e797990d322feecc62529689c7d6e32a546f29530761eccd0,gx-no-cache=1520517860754 HTTP/1.1" 200 30
186.103.159.182 - - [08/Mar/2018:11:06:02 -0300] "GET /cormun/servlet/solicitudotcontratos?acd7307279a3c872a99112d8890a4b170517f4078d69a84ce9db03869e8a0a704481c57ae477aab4a899780ff7dbea45d55dddbc179d818962c860e33eae93d30ef9444d4badb671e12f07d6a1f7cc84f6997329b2282b7e91db989ede6a938946f441392f46c3e8f37988503d673fbc,gx-no-cache=1520517860833 HTTP/1.1" 200 30
186.103.159.182 - - [08/Mar/2018:11:06:03 -0300] "GET /cormun/servlet/solicitudotcontratos?acd7307279a3c872a99112d8890a4b170bba0abd29c4d579cb017ed40d2c257309c17a2661561ea6f9d3d589e8dcb4933dcde463f05143ff379a9add593c14e41c6c0c1bf2ebf971fa943b2a5f2e6d52debaa5b704f976a4370574ea7bb4f8b02b9916fe7cd7023ed73e754a272d36c247324f041efc1e3a7519f789f1dffcc692ddaff702616886bcfb3abd720a3237ce2a973c8838e624202a76cce7a0f9f1a6e95ab69e28028bac17f90b4dcb8fd99afec32c027a06b6b6714089e257feaab80c81a94705e3d7405ca413536d763fbe2e281c53a0e492b5fa9b9d458ae53f540f41c0307cced5f413005892761e8ef489fde0da575619df6f6ddfb468781e427f3cb6a473225f38d3182bccc7a0de5fac07b50f39add98e8d4dd04a90776d8017eab2e99ec29684a4585cbbe9968c28b5d7a3507692e2d30803468b7b392ab064103c8461f3a06cffddcdcd425cc01049fcb7b324cc95d7c41c09dab05d859e5a57851d68822d16dc391841245dbf5fac07b50f39add98e8d4dd04a90776d2ef7e55934d246ba719d594b3146afe57c7a4071a6fb83bd6a867686531785d9ac86ac359e4f81cbed83815db05a744c27e188e026010417786c8a8bf77fb017,gx-no-cache=1520517860932 HTTP/1.1" 200 83
186.103.159.182 - - [08/Mar/2018:11:06:18 -0300] "POST /cormun/servlet/solicitudotcontratos?66801812e806bc38704c58e34e8611db,INS,2018,0,8915356,5,6,2017,2237,INTEGRACION,201801,3,B,,gx-no-cache=1520517875962 HTTP/1.1" 200 10853
186.103.159.182 - - [08/Mar/2018:11:06:18 -0300] "POST /cormun/servlet/solicitudotcontratos?gx-no-cache=1520517876388 HTTP/1.1" 200 1320
186.103.159.182 - - [08/Mar/2018:11:06:18 -0300] "POST /cormun/servlet/solicitudotcontratos?gx-no-cache=1520517876892 HTTP/1.1" 200 1219
186.103.159.182 - - [08/Mar/2018:11:06:19 -0300] "GET /cormun/servlet/solicitudotcontratos?acd7307279a3c872a99112d8890a4b17fcb8da2ae3d619d2986d2ec15f1994b6863df269141f540ea4a898e381fd4fbed212ff4276c17a04dd9bf3f4da86527b09b3d82e968e9426fdc828e4fc272594464cd83a83523cd3510337e497dfe31f1620963abdc449baaab4432cbffb00b6e2b21f8f124f55b5cad26131900fd6d0,gx-no-cache=1520517877091 HTTP/1.1" 200 30
186.103.159.182 - - [08/Mar/2018:11:06:19 -0300] "POST /cormun/servlet/solicitudotcontratos?66801812e806bc38704c58e34e8611db,INS,2018,0,8915356,5,6,2017,2237,INTEGRACION,201801,3,B,,gx-no-cache=1520517877160 HTTP/1.1" 200 93
186.103.159.182 - - [08/Mar/2018:11:06:19 -0300] "GET /cormun/servlet/hpexe_return? HTTP/1.1" 200 1071
186.103.159.182 - - [08/Mar/2018:11:06:19 -0300] "GET /cormun/servlet/trcontratosolicitud?gx-no-cache=1520517452898 HTTP/1.1" 200 14934
186.103.159.182 - - [08/Mar/2018:11:06:21 -0300] "GET /cormun/servlet/trcontratosolicitud?gx-no-cache=1520517452898 HTTP/1.1" 200 14959
186.103.159.182 - - [08/Mar/2018:11:06:40 -0300] "GET /cormun/servlet/solicitudotcontratos?INS,2018,0,9651124,8,6,2017,3321,INTEGRACION,201801,3,B, HTTP/1.1" 200 10015
186.103.159.182 - - [08/Mar/2018:11:06:42 -0300] "GET /cormun/servlet/solicitudotcontratos?INS,2018,0,9651124,8,6,2017,3321,INTEGRACION,201801,3,B, HTTP/1.1" 200 10026
186.103.159.182 - - [08/Mar/2018:11:06:42 -0300] "GET /cormun/servlet/solicitudotcontratos?acd7307279a3c872a99112d8890a4b17818b7b523612766a98ce55cddda5f02527e188e026010417786c8a8bf77fb017,gx-no-cache=1520517900748 HTTP/1.1" 200 30
186.103.159.182 - - [08/Mar/2018:11:06:42 -0300] "GET /cormun/servlet/solicitudotcontratos?acd7307279a3c872a99112d8890a4b171e613225f1c0d3ae05060465d095a8f4e0e099c808c7041e3181805bcc9da00d,gx-no-cache=1520517900810 HTTP/1.1" 200 30
186.103.159.182 - - [08/Mar/2018:11:06:42 -0300] "GET /cormun/servlet/solicitudotcontratos?acd7307279a3c872a99112d8890a4b171cc06ea9c1cf5e0aa5407036cacf6cde986fc5be91894d8a08687bb9790bf863605121236eee636d753c6e7578addfdb2399ec34b1c5a68c62a93a46b1d9fee41bf4e2c3da91097850922bd4b50082d57175c10478fa116843e239b8b05524f554166c6dc2f12d65929b06c5f743e73e,gx-no-cache=1520517900872 HTTP/1.1" 200 50
186.103.159.182 - - [08/Mar/2018:11:06:42 -0300] "GET /cormun/servlet/solicitudotcontratos?acd7307279a3c872a99112d8890a4b17b0a6e0c01e1790e6d329d5dc76cd5885997e10a9b36bcbe0eab5ef40f6093388,gx-no-cache=1520517900945 HTTP/1.1" 200 30
186.103.159.182 - - [08/Mar/2018:11:06:42 -0300] "GET /cormun/servlet/solicitudotcontratos?acd7307279a3c872a99112d8890a4b170517f4078d69a84ce9db03869e8a0a704481c57ae477aab4a899780ff7dbea45d55dddbc179d818962c860e33eae93d30ef9444d4badb671e12f07d6a1f7cc84f6997329b2282b7e91db989ede6a938946f441392f46c3e8f37988503d673fbc,gx-no-cache=1520517901009 HTTP/1.1" 200 30
186.103.159.182 - - [08/Mar/2018:11:06:43 -0300] "GET /cormun/servlet/solicitudotcontratos?acd7307279a3c872a99112d8890a4b170bba0abd29c4d579cb017ed40d2c257309c17a2661561ea6f9d3d589e8dcb4933dcde463f05143ff379a9add593c14e41c6c0c1bf2ebf971fa943b2a5f2e6d52debaa5b704f976a4370574ea7bb4f8b02b9916fe7cd7023ed73e754a272d36c247324f041efc1e3a7519f789f1dffcc692ddaff702616886bcfb3abd720a3237ce2a973c8838e624202a76cce7a0f9f1a6e95ab69e28028bac17f90b4dcb8fd99afec32c027a06b6b6714089e257feaab80c81a94705e3d7405ca413536d763fbe2e281c53a0e492b5fa9b9d458ae53f540f41c0307cced5f413005892761e8ef489fde0da575619df6f6ddfb468781e427f3cb6a473225f38d3182bccc7a0de5fac07b50f39add98e8d4dd04a90776d8017eab2e99ec29684a4585cbbe9968c28b5d7a3507692e2d30803468b7b392ab064103c8461f3a06cffddcdcd425cc01049fcb7b324cc95d7c41c09dab05d859e5a57851d68822d16dc391841245dbf5fac07b50f39add98e8d4dd04a90776d2ef7e55934d246ba719d594b3146afe57c7a4071a6fb83bd6a867686531785d9ac86ac359e4f81cbed83815db05a744c27e188e026010417786c8a8bf77fb017,gx-no-cache=1520517901080 HTTP/1.1" 200 83
192.168.10.96 - - [08/Mar/2018:11:06:56 -0300] "POST /cormun/servlet/trsolicitudgral?b1508ed847cc439bc1c40ff863d51b67,,gx-no-cache=1520517855156 HTTP/1.1" 200 7279
192.168.10.96 - - [08/Mar/2018:11:07:03 -0300] "POST /cormun/servlet/trsolicitudgral?b1508ed847cc439bc1c40ff863d51b67,,gx-no-cache=1520517861813 HTTP/1.1" 200 7284
186.103.159.189 - - [08/Mar/2018:11:07:08 -0300] "GET /cormun/servlet/hlogin HTTP/1.1" 200 1720
186.103.159.182 - - [08/Mar/2018:11:07:16 -0300] "POST /cormun/servlet/solicitudotcontratos?66801812e806bc38704c58e34e8611db,INS,2018,0,9651124,8,6,2017,3321,INTEGRACION,201801,3,B,,gx-no-cache=1520517934561 HTTP/1.1" 200 10827
186.103.159.182 - - [08/Mar/2018:11:07:17 -0300] "POST /cormun/servlet/solicitudotcontratos?gx-no-cache=1520517935289 HTTP/1.1" 200 1320
186.103.159.182 - - [08/Mar/2018:11:07:17 -0300] "POST /cormun/servlet/solicitudotcontratos?gx-no-cache=1520517935410 HTTP/1.1" 200 1219
186.103.159.182 - - [08/Mar/2018:11:07:17 -0300] "GET /cormun/servlet/solicitudotcontratos?acd7307279a3c872a99112d8890a4b17fcb8da2ae3d619d2986d2ec15f1994b6863df269141f540ea4a898e381fd4fbed212ff4276c17a04dd9bf3f4da86527b09b3d82e968e9426fdc828e4fc272594464cd83a83523cd3510337e497dfe31f1620963abdc449baaab4432cbffb00b6e2b21f8f124f55b5cad26131900fd6d0,gx-no-cache=1520517935847 HTTP/1.1" 200 30
186.103.159.182 - - [08/Mar/2018:11:07:18 -0300] "POST /cormun/servlet/solicitudotcontratos?66801812e806bc38704c58e34e8611db,INS,2018,0,9651124,8,6,2017,3321,INTEGRACION,201801,3,B,,gx-no-cache=1520517935897 HTTP/1.1" 200 93
186.103.159.182 - - [08/Mar/2018:11:07:18 -0300] "GET /cormun/servlet/hpexe_return? HTTP/1.1" 200 1071
186.103.159.182 - - [08/Mar/2018:11:07:18 -0300] "GET /cormun/servlet/trcontratosolicitud?gx-no-cache=1520517452898 HTTP/1.1" 200 14906
186.103.159.182 - - [08/Mar/2018:11:07:20 -0300] "GET /cormun/servlet/trcontratosolicitud?gx-no-cache=1520517452898 HTTP/1.1" 200 14928
186.103.159.189 - - [08/Mar/2018:11:07:22 -0300] "POST /cormun/servlet/hlogin?0e8e4533ebad84f340d7534b9989ad53,gx-no-cache=1520517994843 HTTP/1.1" 200 431
192.168.10.96 - - [08/Mar/2018:11:07:40 -0300] "POST /cormun/servlet/trsolicitudgral?b1508ed847cc439bc1c40ff863d51b67,,gx-no-cache=1520517898243 HTTP/1.1" 200 24194
186.103.159.189 - - [08/Mar/2018:11:07:45 -0300] "POST /cormun/servlet/hlogin?0e8e4533ebad84f340d7534b9989ad53,gx-no-cache=1520518017775 HTTP/1.1" 200 90
186.103.159.189 - - [08/Mar/2018:11:07:45 -0300] "GET /cormun/servlet/hpexe_link HTTP/1.1" 200 954
186.103.159.189 - - [08/Mar/2018:11:07:45 -0300] "GET /cormun/servlet/hhome HTTP/1.1" 200 4176
192.168.10.96 - - [08/Mar/2018:11:07:46 -0300] "POST /cormun/servlet/trsolicitudgral?b1508ed847cc439bc1c40ff863d51b67,,gx-no-cache=1520517904215 HTTP/1.1" 200 105
192.168.10.96 - - [08/Mar/2018:11:07:46 -0300] "GET /cormun/SolicitudGral-9712.xls HTTP/1.1" 200 71168
186.103.159.189 - - [08/Mar/2018:11:07:47 -0300] "GET /cormun/servlet/hhome HTTP/1.1" 200 4173
186.103.159.182 - - [08/Mar/2018:11:08:01 -0300] "GET /cormun/servlet/solicitudotcontratos?INS,2018,0,9521772,9,6,2017,2251,INTEGRACION,201801,3,B, HTTP/1.1" 200 9970
186.103.159.189 - - [08/Mar/2018:11:08:02 -0300] "GET /cormun/servlet/trautorizarsolicitud? HTTP/1.1" 200 10701
186.103.159.189 - - [08/Mar/2018:11:08:03 -0300] "GET /cormun/static/gxcfg.js?2017111423403364 HTTP/1.1" 304 -
186.103.159.182 - - [08/Mar/2018:11:08:03 -0300] "GET /cormun/servlet/solicitudotcontratos?INS,2018,0,9521772,9,6,2017,2251,INTEGRACION,201801,3,B, HTTP/1.1" 200 9981
186.103.159.182 - - [08/Mar/2018:11:08:04 -0300] "GET /cormun/servlet/solicitudotcontratos?acd7307279a3c872a99112d8890a4b17575366f4c3b8c5c90523d2976f23799d27e188e026010417786c8a8bf77fb017,gx-no-cache=1520517982189 HTTP/1.1" 200 30
186.103.159.182 - - [08/Mar/2018:11:08:04 -0300] "GET /cormun/servlet/solicitudotcontratos?acd7307279a3c872a99112d8890a4b17428f28a9d98f9b0074088c8b1834826de0e099c808c7041e3181805bcc9da00d,gx-no-cache=1520517982285 HTTP/1.1" 200 30
186.103.159.182 - - [08/Mar/2018:11:08:04 -0300] "GET /cormun/servlet/solicitudotcontratos?acd7307279a3c872a99112d8890a4b171cc06ea9c1cf5e0aa5407036cacf6cde986fc5be91894d8a08687bb9790bf863605121236eee636d753c6e7578addfdb2399ec34b1c5a68c62a93a46b1d9fee41bf4e2c3da91097850922bd4b50082d57175c10478fa116843e239b8b05524f554166c6dc2f12d65929b06c5f743e73e,gx-no-cache=1520517982376 HTTP/1.1" 200 50
186.103.159.182 - - [08/Mar/2018:11:08:04 -0300] "GET /cormun/servlet/solicitudotcontratos?acd7307279a3c872a99112d8890a4b17a31db6a9a4b77e30447fb21a0aaca98f5342264017e74966c9e8d0718c6fdeec,gx-no-cache=1520517982497 HTTP/1.1" 200 30
186.103.159.189 - - [08/Mar/2018:11:08:04 -0300] "GET /cormun/servlet/trautorizarsolicitud? HTTP/1.1" 200 10700
186.103.159.182 - - [08/Mar/2018:11:08:04 -0300] "GET /cormun/servlet/solicitudotcontratos?acd7307279a3c872a99112d8890a4b170517f4078d69a84ce9db03869e8a0a704481c57ae477aab4a899780ff7dbea45d55dddbc179d818962c860e33eae93d30ef9444d4badb671e12f07d6a1f7cc84f6997329b2282b7e91db989ede6a938946f441392f46c3e8f37988503d673fbc,gx-no-cache=1520517982582 HTTP/1.1" 200 30
186.103.159.182 - - [08/Mar/2018:11:08:04 -0300] "GET /cormun/servlet/solicitudotcontratos?acd7307279a3c872a99112d8890a4b170bba0abd29c4d579cb017ed40d2c257309c17a2661561ea6f9d3d589e8dcb4933dcde463f05143ff379a9add593c14e41c6c0c1bf2ebf971fa943b2a5f2e6d52debaa5b704f976a4370574ea7bb4f8b02b9916fe7cd7023ed73e754a272d36c247324f041efc1e3a7519f789f1dffcc692ddaff702616886bcfb3abd720a3237ce2a973c8838e624202a76cce7a0f9f1a6e95ab69e28028bac17f90b4dcb8fd99afec32c027a06b6b6714089e257feaab80c81a94705e3d7405ca413536d763fbe2e281c53a0e492b5fa9b9d458ae53f540f41c0307cced5f413005892761e8ef489fde0da575619df6f6ddfb468781e427f3cb6a473225f38d3182bccc7a0de5fac07b50f39add98e8d4dd04a90776d8017eab2e99ec29684a4585cbbe9968c28b5d7a3507692e2d30803468b7b392ab064103c8461f3a06cffddcdcd425cc01049fcb7b324cc95d7c41c09dab05d859e5a57851d68822d16dc391841245dbf5fac07b50f39add98e8d4dd04a90776d2ef7e55934d246ba719d594b3146afe57c7a4071a6fb83bd6a867686531785d9ac86ac359e4f81cbed83815db05a744c27e188e026010417786c8a8bf77fb017,gx-no-cache=1520517982645 HTTP/1.1" 200 83
186.103.159.182 - - [08/Mar/2018:11:08:16 -0300] "POST /cormun/servlet/solicitudotcontratos?66801812e806bc38704c58e34e8611db,INS,2018,0,9521772,9,6,2017,2251,INTEGRACION,201801,3,B,,gx-no-cache=1520517994177 HTTP/1.1" 200 10798
186.103.159.182 - - [08/Mar/2018:11:08:16 -0300] "POST /cormun/servlet/solicitudotcontratos?gx-no-cache=1520517994695 HTTP/1.1" 200 1320
186.103.159.182 - - [08/Mar/2018:11:08:16 -0300] "POST /cormun/servlet/solicitudotcontratos?gx-no-cache=1520517994850 HTTP/1.1" 200 1219
186.103.159.189 - - [08/Mar/2018:11:08:20 -0300] "POST /cormun/servlet/trautorizarsolicitud?0e8e4533ebad84f340d7534b9989ad53,,gx-no-cache=1520518052956 HTTP/1.1" 200 7475
186.103.159.189 - - [08/Mar/2018:11:08:21 -0300] "GET /cormun/static/Shared/jqueryui/images/ui-bg_highlight-soft_100_c6c2c8_1x100.png HTTP/1.1" 404 1117
186.103.159.189 - - [08/Mar/2018:11:08:21 -0300] "GET /cormun/static/Shared/jqueryui/images/ui-icons_82798d_256x240.png HTTP/1.1" 404 1089
186.103.159.189 - - [08/Mar/2018:11:08:21 -0300] "GET /cormun/static/Shared/jqueryui/images/ui-bg_flat_55_fafafa_40x100.png HTTP/1.1" 404 1097
186.103.159.189 - - [08/Mar/2018:11:08:21 -0300] "GET /cormun/static/Shared/jqueryui/images/ui-icons_8d78a5_256x240.png HTTP/1.1" 404 1089
186.103.159.189 - - [08/Mar/2018:11:08:21 -0300] "POST /cormun/servlet/trautorizarsolicitud?0e8e4533ebad84f340d7534b9989ad53,,gx-no-cache=1520518054099 HTTP/1.1" 200 7419
186.103.159.189 - - [08/Mar/2018:11:08:24 -0300] "POST /cormun/servlet/trautorizarsolicitud?0e8e4533ebad84f340d7534b9989ad53,,gx-no-cache=1520518056590 HTTP/1.1" 200 7029
186.103.159.189 - - [08/Mar/2018:11:08:24 -0300] "POST /cormun/servlet/trautorizarsolicitud?0e8e4533ebad84f340d7534b9989ad53,,gx-no-cache=1520518057230 HTTP/1.1" 200 6974
186.103.159.189 - - [08/Mar/2018:11:08:26 -0300] "POST /cormun/servlet/trautorizarsolicitud?0e8e4533ebad84f340d7534b9989ad53,,gx-no-cache=1520518059414 HTTP/1.1" 200 6678
186.103.159.189 - - [08/Mar/2018:11:08:27 -0300] "POST /cormun/servlet/trautorizarsolicitud?0e8e4533ebad84f340d7534b9989ad53,,gx-no-cache=1520518059990 HTTP/1.1" 200 6623
186.103.159.189 - - [08/Mar/2018:11:08:29 -0300] "POST /cormun/servlet/trautorizarsolicitud?0e8e4533ebad84f340d7534b9989ad53,,gx-no-cache=1520518062137 HTTP/1.1" 200 6259
186.103.159.189 - - [08/Mar/2018:11:08:29 -0300] "POST /cormun/servlet/trautorizarsolicitud?0e8e4533ebad84f340d7534b9989ad53,,gx-no-cache=1520518062635 HTTP/1.1" 200 6202
186.103.159.189 - - [08/Mar/2018:11:08:32 -0300] "POST /cormun/servlet/trautorizarsolicitud?0e8e4533ebad84f340d7534b9989ad53,,gx-no-cache=1520518065105 HTTP/1.1" 200 5824
186.103.159.189 - - [08/Mar/2018:11:08:32 -0300] "POST /cormun/servlet/trautorizarsolicitud?0e8e4533ebad84f340d7534b9989ad53,,gx-no-cache=1520518065562 HTTP/1.1" 200 5772
186.103.159.189 - - [08/Mar/2018:11:08:34 -0300] "POST /cormun/servlet/trautorizarsolicitud?0e8e4533ebad84f340d7534b9989ad53,,gx-no-cache=1520518067560 HTTP/1.1" 200 4617
186.103.159.189 - - [08/Mar/2018:11:08:35 -0300] "POST /cormun/servlet/trautorizarsolicitud?0e8e4533ebad84f340d7534b9989ad53,,gx-no-cache=1520518068015 HTTP/1.1" 200 4378
186.103.159.182 - - [08/Mar/2018:11:08:42 -0300] "GET /cormun/servlet/solicitudotcontratos?acd7307279a3c872a99112d8890a4b17fcb8da2ae3d619d2986d2ec15f1994b6863df269141f540ea4a898e381fd4fbed212ff4276c17a04dd9bf3f4da86527b09b3d82e968e9426fdc828e4fc272594464cd83a83523cd3510337e497dfe31f1620963abdc449baaab4432cbffb00b6e2b21f8f124f55b5cad26131900fd6d0,gx-no-cache=1520518020020 HTTP/1.1" 200 30
186.103.159.182 - - [08/Mar/2018:11:08:42 -0300] "POST /cormun/servlet/solicitudotcontratos?66801812e806bc38704c58e34e8611db,INS,2018,0,9521772,9,6,2017,2251,INTEGRACION,201801,3,B,,gx-no-cache=1520518020174 HTTP/1.1" 200 93
186.103.159.182 - - [08/Mar/2018:11:08:42 -0300] "GET /cormun/servlet/hpexe_return? HTTP/1.1" 200 1071
186.103.159.182 - - [08/Mar/2018:11:08:43 -0300] "GET /cormun/servlet/trcontratosolicitud?gx-no-cache=1520517452898 HTTP/1.1" 200 14914
186.103.159.182 - - [08/Mar/2018:11:08:45 -0300] "GET /cormun/servlet/trcontratosolicitud?gx-no-cache=1520517452898 HTTP/1.1" 200 14930
186.103.159.189 - - [08/Mar/2018:11:08:49 -0300] "POST /cormun/servlet/trautorizarsolicitud?0e8e4533ebad84f340d7534b9989ad53,,gx-no-cache=1520518081622 HTTP/1.1" 200 10752
192.168.10.61 - - [08/Mar/2018:11:08:51 -0300] "POST /cormun/servlet/trsolicitudgral?5a9813cc1eb98f2ec6306b5a7c04d01f,,gx-no-cache=1520517969933 HTTP/1.1" 440 972
192.168.10.61 - - [08/Mar/2018:11:08:52 -0300] "GET /cormun/servlet/trsolicitudgral? HTTP/1.1" 500 10
192.168.10.61 - - [08/Mar/2018:11:08:54 -0300] "GET /cormun/servlet/hhome HTTP/1.1" 200 3403
192.168.10.61 - - [08/Mar/2018:11:08:55 -0300] "GET /cormun/servlet/hlogin HTTP/1.1" 200 1727
192.168.10.61 - - [08/Mar/2018:11:08:55 -0300] "GET /cormun/servlet/hhome HTTP/1.1" 200 3401
192.168.10.61 - - [08/Mar/2018:11:09:03 -0300] "POST /cormun/servlet/hlogin?48f9a74e607e9e9fba15352804348196,gx-no-cache=1520517981735 HTTP/1.1" 200 90
192.168.10.61 - - [08/Mar/2018:11:09:03 -0300] "GET /cormun/servlet/hpexe_link HTTP/1.1" 200 946
192.168.10.61 - - [08/Mar/2018:11:09:03 -0300] "GET /cormun/servlet/hhome HTTP/1.1" 200 4457
192.168.10.61 - - [08/Mar/2018:11:09:03 -0300] "GET /cormun/servlet/hhome HTTP/1.1" 200 4453
186.103.159.182 - - [08/Mar/2018:11:09:05 -0300] "GET /cormun/servlet/solicitudotcontratos?INS,2018,0,10633133,2,6,2017,2263,INTEGRACION,201801,3,B, HTTP/1.1" 200 10001
192.168.10.61 - - [08/Mar/2018:11:09:06 -0300] "GET /cormun/servlet/trsolicitudgral? HTTP/1.1" 200 27418
186.103.159.182 - - [08/Mar/2018:11:09:06 -0300] "GET /cormun/servlet/solicitudotcontratos?INS,2018,0,10633133,2,6,2017,2263,INTEGRACION,201801,3,B, HTTP/1.1" 200 10012
186.103.159.182 - - [08/Mar/2018:11:09:06 -0300] "GET /cormun/servlet/solicitudotcontratos?acd7307279a3c872a99112d8890a4b17e92191e449029076cb70e942d73fb511355c311d02d9084b6c89539e7ab5a17f,gx-no-cache=1520518045047 HTTP/1.1" 200 30
186.103.159.182 - - [08/Mar/2018:11:09:07 -0300] "GET /cormun/servlet/solicitudotcontratos?acd7307279a3c872a99112d8890a4b17a418f7f1c2795be9afb0d67362c6c76818c16426d5285e6d2a3a5b800fa661e2,gx-no-cache=1520518045134 HTTP/1.1" 200 30
186.103.159.182 - - [08/Mar/2018:11:09:07 -0300] "GET /cormun/servlet/solicitudotcontratos?acd7307279a3c872a99112d8890a4b171cc06ea9c1cf5e0aa5407036cacf6cde986fc5be91894d8a08687bb9790bf863605121236eee636d753c6e7578addfdb2399ec34b1c5a68c62a93a46b1d9fee41bf4e2c3da91097850922bd4b50082d57175c10478fa116843e239b8b05524f554166c6dc2f12d65929b06c5f743e73e,gx-no-cache=1520518045188 HTTP/1.1" 200 50
186.103.159.182 - - [08/Mar/2018:11:09:07 -0300] "GET /cormun/servlet/solicitudotcontratos?acd7307279a3c872a99112d8890a4b175f4e9c3ac6e718e6c963f42565d6060bb25dd56f1a66ebd60588122d6ab3c156,gx-no-cache=1520518045281 HTTP/1.1" 200 30
186.103.159.182 - - [08/Mar/2018:11:09:07 -0300] "GET /cormun/servlet/solicitudotcontratos?acd7307279a3c872a99112d8890a4b170517f4078d69a84ce9db03869e8a0a704481c57ae477aab4a899780ff7dbea45d55dddbc179d818962c860e33eae93d30ef9444d4badb671e12f07d6a1f7cc84f6997329b2282b7e91db989ede6a938946f441392f46c3e8f37988503d673fbc,gx-no-cache=1520518045344 HTTP/1.1" 200 30
186.103.159.182 - - [08/Mar/2018:11:09:07 -0300] "GET /cormun/servlet/solicitudotcontratos?acd7307279a3c872a99112d8890a4b170bba0abd29c4d579cb017ed40d2c257309c17a2661561ea6f9d3d589e8dcb4933dcde463f05143ff379a9add593c14e41c6c0c1bf2ebf971fa943b2a5f2e6d52debaa5b704f976a4370574ea7bb4f8b02b9916fe7cd7023ed73e754a272d36c247324f041efc1e3a7519f789f1dffcc692ddaff702616886bcfb3abd720a3237ce2a973c8838e624202a76cce7a0f9f1a6e95ab69e28028bac17f90b4dcb8fd99afec32c027a06b6b6714089e257feaab80c81a94705e3d7405ca413536d763fbe2e281c53a0e492b5fa9b9d458ae53f540f41c0307cced5f413005892761e8ef489fde0da575619df6f6ddfb468781e427f3cb6a473225f38d3182bccc7a0de5fac07b50f39add98e8d4dd04a90776d8017eab2e99ec29684a4585cbbe9968c28b5d7a3507692e2d30803468b7b392ab064103c8461f3a06cffddcdcd425cc01049fcb7b324cc95d7c41c09dab05d859e5a57851d68822d16dc391841245dbf5fac07b50f39add98e8d4dd04a90776d2ef7e55934d246ba719d594b3146afe57c7a4071a6fb83bd6a867686531785d9ac86ac359e4f81cbed83815db05a744c27e188e026010417786c8a8bf77fb017,gx-no-cache=1520518045428 HTTP/1.1" 200 83
192.168.10.61 - - [08/Mar/2018:11:09:07 -0300] "GET /cormun/servlet/trsolicitudgral? HTTP/1.1" 200 27416
192.168.10.61 - - [08/Mar/2018:11:09:16 -0300] "POST /cormun/servlet/trsolicitudgral?48f9a74e607e9e9fba15352804348196,,gx-no-cache=1520517995268 HTTP/1.1" 200 8074
186.103.159.182 - - [08/Mar/2018:11:09:20 -0300] "POST /cormun/servlet/solicitudotcontratos?66801812e806bc38704c58e34e8611db,INS,2018,0,10633133,2,6,2017,2263,INTEGRACION,201801,3,B,,gx-no-cache=1520518058793 HTTP/1.1" 200 10822
186.103.159.182 - - [08/Mar/2018:11:09:21 -0300] "POST /cormun/servlet/solicitudotcontratos?gx-no-cache=1520518059256 HTTP/1.1" 200 1320
186.103.159.182 - - [08/Mar/2018:11:09:21 -0300] "POST /cormun/servlet/solicitudotcontratos?gx-no-cache=1520518059389 HTTP/1.1" 200 1219
186.103.159.182 - - [08/Mar/2018:11:09:21 -0300] "GET /cormun/servlet/solicitudotcontratos?acd7307279a3c872a99112d8890a4b17fcb8da2ae3d619d2986d2ec15f1994b6863df269141f540ea4a898e381fd4fbed212ff4276c17a04dd9bf3f4da86527b09b3d82e968e9426fdc828e4fc272594464cd83a83523cd3510337e497dfe31f1620963abdc449baaab4432cbffb00b6e2b21f8f124f55b5cad26131900fd6d0,gx-no-cache=1520518059479 HTTP/1.1" 200 30
186.103.159.182 - - [08/Mar/2018:11:09:21 -0300] "POST /cormun/servlet/solicitudotcontratos?66801812e806bc38704c58e34e8611db,INS,2018,0,10633133,2,6,2017,2263,INTEGRACION,201801,3,B,,gx-no-cache=1520518059535 HTTP/1.1" 200 93
186.103.159.182 - - [08/Mar/2018:11:09:21 -0300] "GET /cormun/servlet/hpexe_return? HTTP/1.1" 200 1072
186.103.159.182 - - [08/Mar/2018:11:09:22 -0300] "GET /cormun/servlet/trcontratosolicitud?gx-no-cache=1520517452898 HTTP/1.1" 200 14967
186.103.159.182 - - [08/Mar/2018:11:09:23 -0300] "GET /cormun/servlet/trcontratosolicitud?gx-no-cache=1520517452898 HTTP/1.1" 200 14972
186.103.159.182 - - [08/Mar/2018:11:10:00 -0300] "GET /cormun/servlet/solicitudotcontratos?INS,2018,0,16253381,9,6,2017,2355,INTEGRACION,201801,3,B, HTTP/1.1" 200 10036
186.103.159.182 - - [08/Mar/2018:11:10:01 -0300] "GET /cormun/servlet/solicitudotcontratos?INS,2018,0,16253381,9,6,2017,2355,INTEGRACION,201801,3,B, HTTP/1.1" 200 10047
186.103.159.182 - - [08/Mar/2018:11:10:02 -0300] "GET /cormun/servlet/solicitudotcontratos?acd7307279a3c872a99112d8890a4b1714c66b29e866e2950bbfcea8e711fd1f355c311d02d9084b6c89539e7ab5a17f,gx-no-cache=1520518100436 HTTP/1.1" 200 30
186.103.159.182 - - [08/Mar/2018:11:10:02 -0300] "GET /cormun/servlet/solicitudotcontratos?acd7307279a3c872a99112d8890a4b173f484dc6033c04f0c8f1acf0f144364218c16426d5285e6d2a3a5b800fa661e2,gx-no-cache=1520518100499 HTTP/1.1" 200 30
186.103.159.182 - - [08/Mar/2018:11:10:02 -0300] "GET /cormun/servlet/solicitudotcontratos?acd7307279a3c872a99112d8890a4b171cc06ea9c1cf5e0aa5407036cacf6cde986fc5be91894d8a08687bb9790bf863605121236eee636d753c6e7578addfdb2399ec34b1c5a68c62a93a46b1d9fee41bf4e2c3da91097850922bd4b50082d57175c10478fa116843e239b8b05524f554166c6dc2f12d65929b06c5f743e73e,gx-no-cache=1520518100539 HTTP/1.1" 200 50
186.103.159.182 - - [08/Mar/2018:11:10:02 -0300] "GET /cormun/servlet/solicitudotcontratos?acd7307279a3c872a99112d8890a4b179378580fb27a6f8ef6c600a522d4261d24f39a9de922215442e4233e868e0f25,gx-no-cache=1520518100599 HTTP/1.1" 200 30
186.103.159.182 - - [08/Mar/2018:11:10:02 -0300] "GET /cormun/servlet/solicitudotcontratos?acd7307279a3c872a99112d8890a4b170517f4078d69a84ce9db03869e8a0a704481c57ae477aab4a899780ff7dbea45d55dddbc179d818962c860e33eae93d30ef9444d4badb671e12f07d6a1f7cc84f6997329b2282b7e91db989ede6a938946f441392f46c3e8f37988503d673fbc,gx-no-cache=1520518100633 HTTP/1.1" 200 30
186.103.159.182 - - [08/Mar/2018:11:10:02 -0300] "GET /cormun/servlet/solicitudotcontratos?acd7307279a3c872a99112d8890a4b170bba0abd29c4d579cb017ed40d2c257309c17a2661561ea6f9d3d589e8dcb4933dcde463f05143ff379a9add593c14e41c6c0c1bf2ebf971fa943b2a5f2e6d52debaa5b704f976a4370574ea7bb4f8b02b9916fe7cd7023ed73e754a272d36c247324f041efc1e3a7519f789f1dffcc692ddaff702616886bcfb3abd720a3237ce2a973c8838e624202a76cce7a0f9f1a6e95ab69e28028bac17f90b4dcb8fd99afec32c027a06b6b6714089e257feaab80c81a94705e3d7405ca413536d763fbe2e281c53a0e492b5fa9b9d458ae53f540f41c0307cced5f413005892761e8ef489fde0da575619df6f6ddfb468781e427f3cb6a473225f38d3182bccc7a0de5fac07b50f39add98e8d4dd04a90776d8017eab2e99ec29684a4585cbbe9968c28b5d7a3507692e2d30803468b7b392ab064103c8461f3a06cffddcdcd425cc01049fcb7b324cc95d7c41c09dab05d859e5a57851d68822d16dc391841245dbf5fac07b50f39add98e8d4dd04a90776d2ef7e55934d246ba719d594b3146afe57c7a4071a6fb83bd6a867686531785d9ac86ac359e4f81cbed83815db05a744c27e188e026010417786c8a8bf77fb017,gx-no-cache=1520518100671 HTTP/1.1" 200 83
186.103.159.182 - - [08/Mar/2018:11:10:14 -0300] "POST /cormun/servlet/solicitudotcontratos?66801812e806bc38704c58e34e8611db,INS,2018,0,16253381,9,6,2017,2355,INTEGRACION,201801,3,B,,gx-no-cache=1520518112387 HTTP/1.1" 200 10840
186.103.159.182 - - [08/Mar/2018:11:10:14 -0300] "POST /cormun/servlet/solicitudotcontratos?gx-no-cache=1520518112757 HTTP/1.1" 200 1320
186.103.159.182 - - [08/Mar/2018:11:10:14 -0300] "POST /cormun/servlet/solicitudotcontratos?gx-no-cache=1520518112821 HTTP/1.1" 200 1219
186.103.159.182 - - [08/Mar/2018:11:10:14 -0300] "GET /cormun/servlet/solicitudotcontratos?acd7307279a3c872a99112d8890a4b17fcb8da2ae3d619d2986d2ec15f1994b6863df269141f540ea4a898e381fd4fbed212ff4276c17a04dd9bf3f4da86527b09b3d82e968e9426fdc828e4fc272594464cd83a83523cd3510337e497dfe31f1620963abdc449baaab4432cbffb00b6e2b21f8f124f55b5cad26131900fd6d0,gx-no-cache=1520518112875 HTTP/1.1" 200 30
186.103.159.182 - - [08/Mar/2018:11:10:15 -0300] "POST /cormun/servlet/solicitudotcontratos?66801812e806bc38704c58e34e8611db,INS,2018,0,16253381,9,6,2017,2355,INTEGRACION,201801,3,B,,gx-no-cache=1520518112910 HTTP/1.1" 200 93
186.103.159.182 - - [08/Mar/2018:11:10:15 -0300] "GET /cormun/servlet/hpexe_return? HTTP/1.1" 200 1072
186.103.159.182 - - [08/Mar/2018:11:10:15 -0300] "GET /cormun/servlet/trcontratosolicitud?gx-no-cache=1520517452898 HTTP/1.1" 200 14978
186.103.159.182 - - [08/Mar/2018:11:10:16 -0300] "GET /cormun/servlet/trcontratosolicitud?gx-no-cache=1520517452898 HTTP/1.1" 200 14988
186.103.159.182 - - [08/Mar/2018:11:10:31 -0300] "GET /cormun/servlet/solicitudotcontratos?INS,2018,0,9178798,9,6,2017,2246,INTEGRACION,201801,3,B, HTTP/1.1" 200 10023
186.103.159.182 - - [08/Mar/2018:11:10:33 -0300] "GET /cormun/servlet/solicitudotcontratos?INS,2018,0,9178798,9,6,2017,2246,INTEGRACION,201801,3,B, HTTP/1.1" 200 10034
186.103.159.182 - - [08/Mar/2018:11:10:33 -0300] "GET /cormun/servlet/solicitudotcontratos?acd7307279a3c872a99112d8890a4b1748771163a37201a5d0178a2af1550df327e188e026010417786c8a8bf77fb017,gx-no-cache=1520518131654 HTTP/1.1" 200 30
186.103.159.182 - - [08/Mar/2018:11:10:33 -0300] "GET /cormun/servlet/solicitudotcontratos?acd7307279a3c872a99112d8890a4b1722c54e45cbc197616e87c6296cfdfcafe0e099c808c7041e3181805bcc9da00d,gx-no-cache=1520518131684 HTTP/1.1" 200 30
186.103.159.182 - - [08/Mar/2018:11:10:33 -0300] "GET /cormun/servlet/solicitudotcontratos?acd7307279a3c872a99112d8890a4b171cc06ea9c1cf5e0aa5407036cacf6cde986fc5be91894d8a08687bb9790bf863605121236eee636d753c6e7578addfdb2399ec34b1c5a68c62a93a46b1d9fee41bf4e2c3da91097850922bd4b50082d57175c10478fa116843e239b8b05524f554166c6dc2f12d65929b06c5f743e73e,gx-no-cache=1520518131714 HTTP/1.1" 200 50
186.103.159.182 - - [08/Mar/2018:11:10:33 -0300] "GET /cormun/servlet/solicitudotcontratos?acd7307279a3c872a99112d8890a4b17cb58731985ad2eb018adb88b45fb2afc351364a96167cea4674e9481c0ffb00b,gx-no-cache=1520518131750 HTTP/1.1" 200 30
186.103.159.182 - - [08/Mar/2018:11:10:33 -0300] "GET /cormun/servlet/solicitudotcontratos?acd7307279a3c872a99112d8890a4b170517f4078d69a84ce9db03869e8a0a704481c57ae477aab4a899780ff7dbea45d55dddbc179d818962c860e33eae93d30ef9444d4badb671e12f07d6a1f7cc84f6997329b2282b7e91db989ede6a938946f441392f46c3e8f37988503d673fbc,gx-no-cache=1520518131783 HTTP/1.1" 200 30
186.103.159.182 - - [08/Mar/2018:11:10:34 -0300] "GET /cormun/servlet/solicitudotcontratos?acd7307279a3c872a99112d8890a4b170bba0abd29c4d579cb017ed40d2c257309c17a2661561ea6f9d3d589e8dcb4933dcde463f05143ff379a9add593c14e41c6c0c1bf2ebf971fa943b2a5f2e6d52debaa5b704f976a4370574ea7bb4f8b02b9916fe7cd7023ed73e754a272d36c247324f041efc1e3a7519f789f1dffcc692ddaff702616886bcfb3abd720a3237ce2a973c8838e624202a76cce7a0f9f1a6e95ab69e28028bac17f90b4dcb8fd99afec32c027a06b6b6714089e257feaab80c81a94705e3d7405ca413536d763fbe2e281c53a0e492b5fa9b9d458ae53f540f41c0307cced5f413005892761e8ef489fde0da575619df6f6ddfb468781e427f3cb6a473225f38d3182bccc7a0de5fac07b50f39add98e8d4dd04a90776d8017eab2e99ec29684a4585cbbe9968c28b5d7a3507692e2d30803468b7b392ab064103c8461f3a06cffddcdcd425cc01049fcb7b324cc95d7c41c09dab05d859e5a57851d68822d16dc391841245dbf5fac07b50f39add98e8d4dd04a90776d2ef7e55934d246ba719d594b3146afe57c7a4071a6fb83bd6a867686531785d9ac86ac359e4f81cbed83815db05a744c27e188e026010417786c8a8bf77fb017,gx-no-cache=1520518131824 HTTP/1.1" 200 83
186.103.159.182 - - [08/Mar/2018:11:10:49 -0300] "POST /cormun/servlet/solicitudotcontratos?66801812e806bc38704c58e34e8611db,INS,2018,0,9178798,9,6,2017,2246,INTEGRACION,201801,3,B,,gx-no-cache=1520518147805 HTTP/1.1" 200 10846
186.103.159.182 - - [08/Mar/2018:11:10:50 -0300] "POST /cormun/servlet/solicitudotcontratos?gx-no-cache=1520518148168 HTTP/1.1" 200 1320
186.103.159.182 - - [08/Mar/2018:11:10:50 -0300] "POST /cormun/servlet/solicitudotcontratos?gx-no-cache=1520518148607 HTTP/1.1" 200 1219
186.103.159.182 - - [08/Mar/2018:11:10:50 -0300] "GET /cormun/servlet/solicitudotcontratos?acd7307279a3c872a99112d8890a4b17fcb8da2ae3d619d2986d2ec15f1994b6863df269141f540ea4a898e381fd4fbed212ff4276c17a04dd9bf3f4da86527b09b3d82e968e9426fdc828e4fc272594464cd83a83523cd3510337e497dfe31f1620963abdc449baaab4432cbffb00b6e2b21f8f124f55b5cad26131900fd6d0,gx-no-cache=1520518148715 HTTP/1.1" 200 30
186.103.159.182 - - [08/Mar/2018:11:10:50 -0300] "POST /cormun/servlet/solicitudotcontratos?66801812e806bc38704c58e34e8611db,INS,2018,0,9178798,9,6,2017,2246,INTEGRACION,201801,3,B,,gx-no-cache=1520518148754 HTTP/1.1" 200 93
186.103.159.182 - - [08/Mar/2018:11:10:51 -0300] "GET /cormun/servlet/hpexe_return? HTTP/1.1" 200 1072
186.103.159.182 - - [08/Mar/2018:11:10:51 -0300] "GET /cormun/servlet/trcontratosolicitud?gx-no-cache=1520517452898 HTTP/1.1" 200 14991
186.103.159.182 - - [08/Mar/2018:11:10:53 -0300] "GET /cormun/servlet/trcontratosolicitud?gx-no-cache=1520517452898 HTTP/1.1" 200 15008
186.103.159.46 - - [08/Mar/2018:11:10:54 -0300] "GET /cormun/servlet/hlogin HTTP/1.1" 200 1722
186.103.159.182 - - [08/Mar/2018:11:11:20 -0300] "POST /cormun/servlet/trcontratosolicitud?66801812e806bc38704c58e34e8611db,gx-no-cache=1520517452898,gx-no-cache=1520518178098 HTTP/1.1" 200 12647
186.103.159.182 - - [08/Mar/2018:11:11:30 -0300] "POST /cormun/servlet/trcontratosolicitud?66801812e806bc38704c58e34e8611db,gx-no-cache=1520517452898,gx-no-cache=1520518188166 HTTP/1.1" 200 5765
186.103.159.182 - - [08/Mar/2018:11:11:30 -0300] "GET /cormun/static/Resources/PXToolsGridPrevious.gif HTTP/1.1" 200 369
186.103.159.182 - - [08/Mar/2018:11:11:30 -0300] "GET /cormun/static/Resources/PXToolsGridFirst.gif HTTP/1.1" 200 379
192.168.10.61 - - [08/Mar/2018:11:11:32 -0300] "POST /cormun/servlet/trsolicitudgral?48f9a74e607e9e9fba15352804348196,,gx-no-cache=1520518131078 HTTP/1.1" 200 7206
192.168.10.96 - - [08/Mar/2018:11:11:41 -0300] "POST /cormun/servlet/trsolicitudgral?b1508ed847cc439bc1c40ff863d51b67,,gx-no-cache=1520518139872 HTTP/1.1" 200 7920
186.103.159.46 - - [08/Mar/2018:11:11:42 -0300] "POST /cormun/servlet/hlogin?f2a73c1c54c7462775347fdd655c201b,gx-no-cache=1520518253319 HTTP/1.1" 200 90
186.103.159.46 - - [08/Mar/2018:11:11:42 -0300] "GET /cormun/servlet/hpexe_link HTTP/1.1" 200 949
186.103.159.46 - - [08/Mar/2018:11:11:43 -0300] "GET /cormun/servlet/hhome HTTP/1.1" 200 4192
186.103.159.46 - - [08/Mar/2018:11:11:44 -0300] "GET /cormun/servlet/hhome HTTP/1.1" 200 4188
186.103.159.46 - - [08/Mar/2018:11:12:08 -0300] "GET /cormun/servlet/trautorizarsolicitud? HTTP/1.1" 200 8637
186.103.159.46 - - [08/Mar/2018:11:12:09 -0300] "GET /cormun/servlet/trautorizarsolicitud? HTTP/1.1" 200 8637
186.103.159.182 - - [08/Mar/2018:11:12:09 -0300] "POST /cormun/servlet/trcontratosolicitud?66801812e806bc38704c58e34e8611db,gx-no-cache=1520517452898,gx-no-cache=1520518227327 HTTP/1.1" 200 12639
186.103.159.182 - - [08/Mar/2018:11:12:31 -0300] "POST /cormun/servlet/trcontratosolicitud?66801812e806bc38704c58e34e8611db,gx-no-cache=1520517452898,gx-no-cache=1520518249153 HTTP/1.1" 200 5766
192.168.10.61 - - [08/Mar/2018:11:12:53 -0300] "POST /cormun/servlet/trsolicitudgral?48f9a74e607e9e9fba15352804348196,,gx-no-cache=1520518211622 HTTP/1.1" 200 5851
192.168.10.61 - - [08/Mar/2018:11:12:54 -0300] "POST /cormun/servlet/trsolicitudgral?48f9a74e607e9e9fba15352804348196,,gx-no-cache=1520518212715 HTTP/1.1" 200 5849
186.103.159.182 - - [08/Mar/2018:11:12:54 -0300] "GET /cormun/servlet/solicitudotcontratos?INS,2018,0,12658701,5,6,2017,2286,INTEGRACION,201801,3,B, HTTP/1.1" 200 9999
186.103.159.182 - - [08/Mar/2018:11:12:56 -0300] "GET /cormun/servlet/solicitudotcontratos?INS,2018,0,12658701,5,6,2017,2286,INTEGRACION,201801,3,B, HTTP/1.1" 200 10009
186.103.159.182 - - [08/Mar/2018:11:12:56 -0300] "GET /cormun/servlet/solicitudotcontratos?acd7307279a3c872a99112d8890a4b174bf00ab2fb40b4c63db74668c84140b0355c311d02d9084b6c89539e7ab5a17f,gx-no-cache=1520518274819 HTTP/1.1" 200 30
186.103.159.182 - - [08/Mar/2018:11:12:56 -0300] "GET /cormun/servlet/solicitudotcontratos?acd7307279a3c872a99112d8890a4b17ba56341ea9a7ecd1df1b43f76761744a18c16426d5285e6d2a3a5b800fa661e2,gx-no-cache=1520518274914 HTTP/1.1" 200 30
186.103.159.182 - - [08/Mar/2018:11:12:56 -0300] "GET /cormun/servlet/solicitudotcontratos?acd7307279a3c872a99112d8890a4b171cc06ea9c1cf5e0aa5407036cacf6cde986fc5be91894d8a08687bb9790bf863605121236eee636d753c6e7578addfdb2399ec34b1c5a68c62a93a46b1d9fee41bf4e2c3da91097850922bd4b50082d57175c10478fa116843e239b8b05524f554166c6dc2f12d65929b06c5f743e73e,gx-no-cache=1520518274980 HTTP/1.1" 200 50
186.103.159.182 - - [08/Mar/2018:11:12:57 -0300] "GET /cormun/servlet/solicitudotcontratos?acd7307279a3c872a99112d8890a4b173284f1a20bf68ad1622e6679a62347ed08681b0a8f8355466371ce641a93febf,gx-no-cache=1520518275094 HTTP/1.1" 200 30
186.103.159.182 - - [08/Mar/2018:11:12:57 -0300] "GET /cormun/servlet/solicitudotcontratos?acd7307279a3c872a99112d8890a4b170517f4078d69a84ce9db03869e8a0a704481c57ae477aab4a899780ff7dbea45d55dddbc179d818962c860e33eae93d30ef9444d4badb671e12f07d6a1f7cc84f6997329b2282b7e91db989ede6a938946f441392f46c3e8f37988503d673fbc,gx-no-cache=1520518275155 HTTP/1.1" 200 30
186.103.159.182 - - [08/Mar/2018:11:12:57 -0300] "GET /cormun/servlet/solicitudotcontratos?acd7307279a3c872a99112d8890a4b170bba0abd29c4d579cb017ed40d2c257309c17a2661561ea6f9d3d589e8dcb4933dcde463f05143ff379a9add593c14e41c6c0c1bf2ebf971fa943b2a5f2e6d52debaa5b704f976a4370574ea7bb4f8b02b9916fe7cd7023ed73e754a272d36c247324f041efc1e3a7519f789f1dffcc692ddaff702616886bcfb3abd720a3237ce2a973c8838e624202a76cce7a0f9f1a6e95ab69e28028bac17f90b4dcb8fd99afec32c027a06b6b6714089e257feaab80c81a94705e3d7405ca413536d763fbe2e281c53a0e492b5fa9b9d458ae53f540f41c0307cced5f413005892761e8ef489fde0da575619df6f6ddfb468781e427f3cb6a473225f38d3182bccc7a0de5fac07b50f39add98e8d4dd04a90776d8017eab2e99ec29684a4585cbbe9968c28b5d7a3507692e2d30803468b7b392ab064103c8461f3a06cffddcdcd425cc01049fcb7b324cc95d7c41c09dab05d859e5a57851d68822d16dc391841245dbf5fac07b50f39add98e8d4dd04a90776d2ef7e55934d246ba719d594b3146afe57c7a4071a6fb83bd6a867686531785d9ac86ac359e4f81cbed83815db05a744c27e188e026010417786c8a8bf77fb017,gx-no-cache=1520518275223 HTTP/1.1" 200 83
186.103.159.182 - - [08/Mar/2018:11:13:02 -0300] "POST /cormun/servlet/solicitudotcontratos?66801812e806bc38704c58e34e8611db,INS,2018,0,12658701,5,6,2017,2286,INTEGRACION,201801,3,B,,gx-no-cache=1520518279386 HTTP/1.1" 200 10813
186.103.159.182 - - [08/Mar/2018:11:13:02 -0300] "POST /cormun/servlet/solicitudotcontratos?gx-no-cache=1520518280512 HTTP/1.1" 200 1320
186.103.159.182 - - [08/Mar/2018:11:13:02 -0300] "POST /cormun/servlet/solicitudotcontratos?gx-no-cache=1520518280683 HTTP/1.1" 200 1219
186.103.159.182 - - [08/Mar/2018:11:13:02 -0300] "GET /cormun/servlet/solicitudotcontratos?acd7307279a3c872a99112d8890a4b17fcb8da2ae3d619d2986d2ec15f1994b6863df269141f540ea4a898e381fd4fbed212ff4276c17a04dd9bf3f4da86527b09b3d82e968e9426fdc828e4fc272594464cd83a83523cd3510337e497dfe31f1620963abdc449baaab4432cbffb00b6e2b21f8f124f55b5cad26131900fd6d0,gx-no-cache=1520518280851 HTTP/1.1" 200 30
186.103.159.182 - - [08/Mar/2018:11:13:03 -0300] "POST /cormun/servlet/solicitudotcontratos?66801812e806bc38704c58e34e8611db,INS,2018,0,12658701,5,6,2017,2286,INTEGRACION,201801,3,B,,gx-no-cache=1520518280940 HTTP/1.1" 200 93
186.103.159.182 - - [08/Mar/2018:11:13:03 -0300] "GET /cormun/servlet/hpexe_return? HTTP/1.1" 200 1071
186.103.159.182 - - [08/Mar/2018:11:13:03 -0300] "GET /cormun/servlet/trcontratosolicitud?gx-no-cache=1520517452898 HTTP/1.1" 200 8286
186.103.159.182 - - [08/Mar/2018:11:13:04 -0300] "GET /cormun/servlet/trcontratosolicitud?gx-no-cache=1520517452898 HTTP/1.1" 200 8304
186.103.159.182 - - [08/Mar/2018:11:13:09 -0300] "GET /cormun/servlet/solicitudotcontratos?INS,2018,0,15125556,6,6,2017,2353,INTEGRACION,201801,3,B, HTTP/1.1" 200 9987
186.103.159.182 - - [08/Mar/2018:11:13:10 -0300] "GET /cormun/servlet/solicitudotcontratos?INS,2018,0,15125556,6,6,2017,2353,INTEGRACION,201801,3,B, HTTP/1.1" 200 9996
186.103.159.182 - - [08/Mar/2018:11:13:11 -0300] "GET /cormun/servlet/solicitudotcontratos?acd7307279a3c872a99112d8890a4b17987b7790ce668ad7dc53a61757acb79b355c311d02d9084b6c89539e7ab5a17f,gx-no-cache=1520518289270 HTTP/1.1" 200 30
186.103.159.182 - - [08/Mar/2018:11:13:11 -0300] "GET /cormun/servlet/solicitudotcontratos?acd7307279a3c872a99112d8890a4b1768071ce3a91f1990633bbec9577dd8ee18c16426d5285e6d2a3a5b800fa661e2,gx-no-cache=1520518289315 HTTP/1.1" 200 30
