186.103.159.182 - - [08/Mar/2018:16:54:08 -0300] "POST /cormun/servlet/solicitudotadjuntos?6d49dfe72b2b805448dedd11a6e0e1f9,INS,2018,10308,,1,,gx-no-cache=1520538746247 HTTP/1.1" 200 3981
186.79.229.37 - - [08/Mar/2018:16:54:10 -0300] "GET /cormun/servlet/trsolicitudot? HTTP/1.1" 200 8535
186.79.229.37 - - [08/Mar/2018:16:54:10 -0300] "GET /cormun/servlet/trsolicitudot? HTTP/1.1" 200 8533
186.103.159.182 - - [08/Mar/2018:16:54:11 -0300] "POST /cormun/servlet/solicitudotadjuntos?gx-no-cache=1520538749373 HTTP/1.1" 200 26
186.103.157.246 - - [08/Mar/2018:16:54:15 -0300] "POST /cormun/servlet/solicitudotadjuntos?fcbc8f8e118a50ef638018c5744288a6,INS,2018,10246,,1, HTTP/1.1" 200 116
186.103.157.246 - - [08/Mar/2018:16:54:15 -0300] "GET /cormun/servlet/hpexe_return? HTTP/1.1" 200 1018
186.103.157.246 - - [08/Mar/2018:16:54:16 -0300] "GET /cormun/servlet/trsolicitudadjuntos?2018,10246, HTTP/1.1" 200 8908
186.103.159.182 - - [08/Mar/2018:16:54:18 -0300] "GET /cormun/servlet/solicitudotadjuntos?3f35e73da4e09f65eea9f6a7b6671572d94f32ccdce157884ed1d52260e50401,gx-no-cache=1520538756728 HTTP/1.1" 200 30
186.103.159.182 - - [08/Mar/2018:16:54:18 -0300] "GET /cormun/servlet/solicitudotadjuntos?3f35e73da4e09f65eea9f6a7b6671572d94f32ccdce157884ed1d52260e50401,gx-no-cache=1520538756797 HTTP/1.1" 200 30
186.103.157.246 - - [08/Mar/2018:16:54:19 -0300] "GET /cormun/servlet/solicitudotadjuntos?INS,2018,10246,,1, HTTP/1.1" 200 5924
186.103.157.246 - - [08/Mar/2018:16:54:19 -0300] "GET /cormun/static/about:blank HTTP/1.1" 404 1011
186.103.157.246 - - [08/Mar/2018:16:54:19 -0300] "GET /cormun/static/about:blank HTTP/1.1" 404 1011
186.103.159.182 - - [08/Mar/2018:16:54:20 -0300] "POST /cormun/servlet/solicitudotadjuntos?6d49dfe72b2b805448dedd11a6e0e1f9,INS,2018,10308,,1, HTTP/1.1" 200 116
186.103.159.182 - - [08/Mar/2018:16:54:20 -0300] "GET /cormun/servlet/hpexe_return? HTTP/1.1" 200 1028
186.103.159.182 - - [08/Mar/2018:16:54:20 -0300] "GET /cormun/servlet/trsolicitudadjuntos?2018,10308, HTTP/1.1" 200 9806
186.103.157.246 - - [08/Mar/2018:16:54:21 -0300] "GET /cormun/servlet/solicitudotadjuntos?cbe8921e100855d49693aaba0c9444924c9a5825974e2e76528f9c2ecefc5bcd0970183023cd6fed7c33283b2660debe,gx-no-cache=1520538810482 HTTP/1.1" 200 30
186.103.157.246 - - [08/Mar/2018:16:54:22 -0300] "POST /cormun/servlet/solicitudotadjuntos?fcbc8f8e118a50ef638018c5744288a6,INS,2018,10246,,1,,gx-no-cache=1520538810873 HTTP/1.1" 200 3818
186.103.159.182 - - [08/Mar/2018:16:54:22 -0300] "GET /cormun/servlet/trsolicitudadjuntos?2018,10308, HTTP/1.1" 200 9803
186.79.229.37 - - [08/Mar/2018:16:54:24 -0300] "POST /cormun/servlet/trsolicitudot?ab529cb4cd87179741a5f4064933b50d,,gx-no-cache=1520538816491 HTTP/1.1" 200 4490
186.79.229.37 - - [08/Mar/2018:16:54:24 -0300] "GET /cormun/static/Shared/jqueryui/images/ui-bg_highlight-soft_100_c6c2c8_1x100.png HTTP/1.1" 404 1117
186.79.229.37 - - [08/Mar/2018:16:54:24 -0300] "GET /cormun/static/Shared/jqueryui/images/ui-bg_flat_55_fafafa_40x100.png HTTP/1.1" 404 1097
186.79.229.37 - - [08/Mar/2018:16:54:24 -0300] "GET /cormun/static/Shared/jqueryui/images/ui-icons_8d78a5_256x240.png HTTP/1.1" 404 1089
186.79.229.37 - - [08/Mar/2018:16:54:24 -0300] "GET /cormun/static/Shared/jqueryui/images/ui-icons_82798d_256x240.png HTTP/1.1" 404 1089
186.79.229.37 - - [08/Mar/2018:16:54:25 -0300] "POST /cormun/servlet/trsolicitudot?ab529cb4cd87179741a5f4064933b50d,,gx-no-cache=1520538817358 HTTP/1.1" 200 4254
186.103.159.182 - - [08/Mar/2018:16:54:25 -0300] "POST /cormun/servlet/trsolicitudadjuntos?6d49dfe72b2b805448dedd11a6e0e1f9,2018,10308,,gx-no-cache=1520538763093 HTTP/1.1" 200 90
186.103.159.182 - - [08/Mar/2018:16:54:25 -0300] "GET /cormun/servlet/hpexe_link HTTP/1.1" 200 991
186.103.159.182 - - [08/Mar/2018:16:54:25 -0300] "GET /cormun/servlet/trsolicitudot?gx-no-cache=1520538168841 HTTP/1.1" 200 8867
186.103.157.246 - - [08/Mar/2018:16:54:25 -0300] "POST /cormun/servlet/solicitudotadjuntos?gx-no-cache=1520538815118 HTTP/1.1" 200 26
186.103.159.182 - - [08/Mar/2018:16:54:26 -0300] "GET /cormun/servlet/trsolicitudot?gx-no-cache=1520538168841 HTTP/1.1" 200 8886
186.103.159.182 - - [08/Mar/2018:16:54:30 -0300] "POST /cormun/servlet/trsolicitudot?6d49dfe72b2b805448dedd11a6e0e1f9,gx-no-cache=1520538168841,gx-no-cache=1520538768606 HTTP/1.1" 200 4703
186.103.159.182 - - [08/Mar/2018:16:54:30 -0300] "GET /cormun/static/Shared/jqueryui/images/ui-bg_highlight-soft_100_c6c2c8_1x100.png HTTP/1.1" 404 1117
186.103.159.182 - - [08/Mar/2018:16:54:30 -0300] "GET /cormun/static/Shared/jqueryui/images/ui-icons_82798d_256x240.png HTTP/1.1" 404 1089
186.103.159.182 - - [08/Mar/2018:16:54:30 -0300] "GET /cormun/static/Shared/jqueryui/images/ui-bg_flat_55_fafafa_40x100.png HTTP/1.1" 404 1097
186.103.159.182 - - [08/Mar/2018:16:54:30 -0300] "GET /cormun/static/Shared/jqueryui/images/ui-icons_8d78a5_256x240.png HTTP/1.1" 404 1089
186.103.157.246 - - [08/Mar/2018:16:54:31 -0300] "GET /cormun/servlet/solicitudotadjuntos?cbe8921e100855d49693aaba0c944492766179cf7c89baf852e633e12e2d06f1,gx-no-cache=1520538820406 HTTP/1.1" 200 30
186.103.159.182 - - [08/Mar/2018:16:54:31 -0300] "POST /cormun/servlet/trsolicitudot?6d49dfe72b2b805448dedd11a6e0e1f9,gx-no-cache=1520538168841,gx-no-cache=1520538769288 HTTP/1.1" 200 4446
186.103.157.246 - - [08/Mar/2018:16:54:32 -0300] "GET /cormun/servlet/solicitudotadjuntos?cbe8921e100855d49693aaba0c944492766179cf7c89baf852e633e12e2d06f1,gx-no-cache=1520538820875 HTTP/1.1" 200 30
186.103.159.182 - - [08/Mar/2018:16:54:35 -0300] "GET /cormun/servlet/trautorizarsolicitud? HTTP/1.1" 200 9499
186.103.159.182 - - [08/Mar/2018:16:54:35 -0300] "GET /cormun/static/gxcfg.js?2017111423403364 HTTP/1.1" 200 953
186.103.159.182 - - [08/Mar/2018:16:54:37 -0300] "GET /cormun/servlet/trautorizarsolicitud? HTTP/1.1" 200 9478
186.103.157.246 - - [08/Mar/2018:16:54:38 -0300] "POST /cormun/servlet/solicitudotadjuntos?fcbc8f8e118a50ef638018c5744288a6,INS,2018,10246,,1, HTTP/1.1" 200 116
186.103.157.246 - - [08/Mar/2018:16:54:39 -0300] "GET /cormun/servlet/hpexe_return? HTTP/1.1" 200 1018
186.103.157.246 - - [08/Mar/2018:16:54:39 -0300] "GET /cormun/servlet/trsolicitudadjuntos?2018,10246, HTTP/1.1" 200 9169
186.103.159.182 - - [08/Mar/2018:16:54:40 -0300] "POST /cormun/servlet/trautorizarsolicitud?6d49dfe72b2b805448dedd11a6e0e1f9,,gx-no-cache=1520538778244 HTTP/1.1" 200 6223
186.103.159.182 - - [08/Mar/2018:16:54:40 -0300] "GET /cormun/static/Shared/jqueryui/images/ui-bg_highlight-soft_100_c6c2c8_1x100.png HTTP/1.1" 404 1117
186.103.159.182 - - [08/Mar/2018:16:54:40 -0300] "GET /cormun/static/Shared/jqueryui/images/ui-icons_82798d_256x240.png HTTP/1.1" 404 1089
186.103.159.182 - - [08/Mar/2018:16:54:40 -0300] "GET /cormun/static/Shared/jqueryui/images/ui-bg_flat_55_fafafa_40x100.png HTTP/1.1" 404 1097
186.103.159.182 - - [08/Mar/2018:16:54:40 -0300] "GET /cormun/static/Shared/jqueryui/images/ui-icons_8d78a5_256x240.png HTTP/1.1" 404 1089
186.103.159.182 - - [08/Mar/2018:16:54:40 -0300] "POST /cormun/servlet/trautorizarsolicitud?6d49dfe72b2b805448dedd11a6e0e1f9,,gx-no-cache=1520538778754 HTTP/1.1" 200 6167
186.103.159.182 - - [08/Mar/2018:16:54:42 -0300] "POST /cormun/servlet/trautorizarsolicitud?6d49dfe72b2b805448dedd11a6e0e1f9,,gx-no-cache=1520538780537 HTTP/1.1" 200 5827
186.103.159.182 - - [08/Mar/2018:16:54:42 -0300] "POST /cormun/servlet/trautorizarsolicitud?6d49dfe72b2b805448dedd11a6e0e1f9,,gx-no-cache=1520538780942 HTTP/1.1" 200 5774
186.103.159.182 - - [08/Mar/2018:16:54:44 -0300] "POST /cormun/servlet/trautorizarsolicitud?6d49dfe72b2b805448dedd11a6e0e1f9,,gx-no-cache=1520538782140 HTTP/1.1" 200 4650
186.103.159.182 - - [08/Mar/2018:16:54:44 -0300] "POST /cormun/servlet/trautorizarsolicitud?6d49dfe72b2b805448dedd11a6e0e1f9,,gx-no-cache=1520538782597 HTTP/1.1" 200 4395
186.103.157.246 - - [08/Mar/2018:16:54:44 -0300] "GET /cormun/servlet/solicitudotadjuntos?INS,2018,10246,,1, HTTP/1.1" 200 5924
186.103.157.246 - - [08/Mar/2018:16:54:44 -0300] "GET /cormun/static/about:blank HTTP/1.1" 404 1011
186.103.157.246 - - [08/Mar/2018:16:54:44 -0300] "GET /cormun/static/about:blank HTTP/1.1" 404 1011
186.103.157.246 - - [08/Mar/2018:16:54:46 -0300] "GET /cormun/servlet/solicitudotadjuntos?cbe8921e100855d49693aaba0c9444924c9a5825974e2e76528f9c2ecefc5bcd0970183023cd6fed7c33283b2660debe,gx-no-cache=1520538835484 HTTP/1.1" 200 30
186.103.157.246 - - [08/Mar/2018:16:54:46 -0300] "POST /cormun/servlet/solicitudotadjuntos?fcbc8f8e118a50ef638018c5744288a6,INS,2018,10246,,1,,gx-no-cache=1520538835865 HTTP/1.1" 200 3819
186.103.159.182 - - [08/Mar/2018:16:54:48 -0300] "GET /cormun/servlet/trsolicitudot? HTTP/1.1" 200 7466
186.103.159.182 - - [08/Mar/2018:16:54:49 -0300] "GET /cormun/servlet/trsolicitudot? HTTP/1.1" 200 7466
186.103.157.246 - - [08/Mar/2018:16:54:50 -0300] "POST /cormun/servlet/solicitudotadjuntos?gx-no-cache=1520538839902 HTTP/1.1" 200 26
186.103.157.246 - - [08/Mar/2018:16:54:55 -0300] "GET /cormun/servlet/solicitudotadjuntos?cbe8921e100855d49693aaba0c944492766179cf7c89baf852e633e12e2d06f1,gx-no-cache=1520538845101 HTTP/1.1" 200 30
186.103.157.246 - - [08/Mar/2018:16:54:55 -0300] "GET /cormun/servlet/solicitudotadjuntos?cbe8921e100855d49693aaba0c944492766179cf7c89baf852e633e12e2d06f1,gx-no-cache=1520538845174 HTTP/1.1" 200 30
186.103.157.246 - - [08/Mar/2018:16:55:01 -0300] "POST /cormun/servlet/solicitudotadjuntos?fcbc8f8e118a50ef638018c5744288a6,INS,2018,10246,,1, HTTP/1.1" 200 116
186.103.157.246 - - [08/Mar/2018:16:55:01 -0300] "GET /cormun/servlet/hpexe_return? HTTP/1.1" 200 1018
186.103.157.246 - - [08/Mar/2018:16:55:02 -0300] "GET /cormun/servlet/trsolicitudadjuntos?2018,10246, HTTP/1.1" 200 9396
186.103.157.246 - - [08/Mar/2018:16:55:05 -0300] "POST /cormun/servlet/trsolicitudadjuntos?fcbc8f8e118a50ef638018c5744288a6,2018,10246,,gx-no-cache=1520538855310 HTTP/1.1" 200 90
186.103.157.246 - - [08/Mar/2018:16:55:05 -0300] "GET /cormun/servlet/hpexe_link HTTP/1.1" 200 961
186.103.157.246 - - [08/Mar/2018:16:55:06 -0300] "GET /cormun/servlet/trsolicitudot HTTP/1.1" 200 8925
186.79.229.37 - - [08/Mar/2018:16:55:08 -0300] "GET /cormun/servlet/hlogin HTTP/1.1" 200 1727
186.79.229.37 - - [08/Mar/2018:16:55:09 -0300] "GET /favicon.ico HTTP/1.1" 200 21630
186.79.229.37 - - [08/Mar/2018:16:55:11 -0300] "POST /cormun/servlet/hlogin?5215fd284803c0b479bc92614b755a69,gx-no-cache=1520538864159 HTTP/1.1" 200 90
186.79.229.37 - - [08/Mar/2018:16:55:11 -0300] "GET /cormun/servlet/hpexe_link HTTP/1.1" 200 954
186.79.229.37 - - [08/Mar/2018:16:55:12 -0300] "GET /cormun/servlet/hhome HTTP/1.1" 200 4163
186.103.157.246 - - [08/Mar/2018:16:55:12 -0300] "POST /cormun/servlet/trsolicitudot?fcbc8f8e118a50ef638018c5744288a6,gx-no-cache=1520538861578 HTTP/1.1" 200 5710
186.103.157.246 - - [08/Mar/2018:16:55:12 -0300] "GET /cormun/static/Shared/jqueryui/images/ui-bg_highlight-soft_100_c6c2c8_1x100.png HTTP/1.1" 404 1117
186.103.157.246 - - [08/Mar/2018:16:55:12 -0300] "GET /cormun/static/Shared/jqueryui/images/ui-icons_82798d_256x240.png HTTP/1.1" 404 1089
186.103.157.246 - - [08/Mar/2018:16:55:12 -0300] "GET /cormun/static/Shared/jqueryui/images/ui-icons_8d78a5_256x240.png HTTP/1.1" 404 1089
186.103.157.246 - - [08/Mar/2018:16:55:12 -0300] "GET /cormun/static/Shared/jqueryui/images/ui-bg_flat_55_fafafa_40x100.png HTTP/1.1" 404 1097
186.103.157.246 - - [08/Mar/2018:16:55:12 -0300] "POST /cormun/servlet/trsolicitudot?fcbc8f8e118a50ef638018c5744288a6,gx-no-cache=1520538861970 HTTP/1.1" 200 5653
186.79.229.37 - - [08/Mar/2018:16:55:12 -0300] "GET /cormun/servlet/hhome HTTP/1.1" 200 4160
186.103.157.246 - - [08/Mar/2018:16:55:14 -0300] "POST /cormun/servlet/trsolicitudot?fcbc8f8e118a50ef638018c5744288a6,gx-no-cache=1520538863914 HTTP/1.1" 200 4488
186.103.157.246 - - [08/Mar/2018:16:55:15 -0300] "POST /cormun/servlet/trsolicitudot?fcbc8f8e118a50ef638018c5744288a6,gx-no-cache=1520538864540 HTTP/1.1" 200 4247
186.79.229.37 - - [08/Mar/2018:16:55:16 -0300] "GET /cormun/servlet/trautorizarsolicitud? HTTP/1.1" 200 8652
186.79.229.37 - - [08/Mar/2018:16:55:17 -0300] "GET /cormun/servlet/trautorizarsolicitud? HTTP/1.1" 200 8650
186.79.229.37 - - [08/Mar/2018:16:55:24 -0300] "POST /cormun/servlet/trautorizarsolicitud?5215fd284803c0b479bc92614b755a69,,gx-no-cache=1520538876209 HTTP/1.1" 200 4623
186.79.229.37 - - [08/Mar/2018:16:55:24 -0300] "GET /cormun/static/Shared/jqueryui/images/ui-bg_highlight-soft_100_c6c2c8_1x100.png HTTP/1.1" 404 1117
186.79.229.37 - - [08/Mar/2018:16:55:24 -0300] "GET /cormun/static/Shared/jqueryui/images/ui-icons_82798d_256x240.png HTTP/1.1" 404 1089
186.79.229.37 - - [08/Mar/2018:16:55:24 -0300] "GET /cormun/static/Shared/jqueryui/images/ui-icons_8d78a5_256x240.png HTTP/1.1" 404 1089
186.79.229.37 - - [08/Mar/2018:16:55:24 -0300] "GET /cormun/static/Shared/jqueryui/images/ui-bg_flat_55_fafafa_40x100.png HTTP/1.1" 404 1097
186.79.229.37 - - [08/Mar/2018:16:55:25 -0300] "POST /cormun/servlet/trautorizarsolicitud?5215fd284803c0b479bc92614b755a69,,gx-no-cache=1520538876959 HTTP/1.1" 200 4383
186.103.159.182 - - [08/Mar/2018:16:55:28 -0300] "GET /cormun/servlet/trcontratosolicitud? HTTP/1.1" 200 14603
186.103.159.182 - - [08/Mar/2018:16:55:30 -0300] "GET /cormun/servlet/trcontratosolicitud? HTTP/1.1" 200 14604
200.111.122.170 - - [08/Mar/2018:16:55:51 -0300] "POST /cormun/servlet/hlogin?bdb75b6183035ae83a13bc79b35ac166,gx-no-cache=1520538900573 HTTP/1.1" 440 972
186.103.159.182 - - [08/Mar/2018:16:55:53 -0300] "GET /cormun/servlet/trcontratounov2? HTTP/1.1" 200 17260
200.111.122.170 - - [08/Mar/2018:16:55:53 -0300] "GET /cormun/servlet/hlogin HTTP/1.1" 200 1727
200.111.122.170 - - [08/Mar/2018:16:55:54 -0300] "GET /cormun/servlet/hlogin HTTP/1.1" 200 1727
186.103.159.182 - - [08/Mar/2018:16:55:55 -0300] "GET /cormun/servlet/trcontratounov2? HTTP/1.1" 200 17257
186.103.157.246 - - [08/Mar/2018:16:56:01 -0300] "GET /cormun/servlet/hlogin HTTP/1.1" 200 1719
200.86.95.220 - - [08/Mar/2018:16:56:03 -0300] "GET /cormun/servlet/hlogin HTTP/1.1" 200 1721
200.111.122.170 - - [08/Mar/2018:16:56:04 -0300] "POST /cormun/servlet/hlogin?6e91eefb75fe3b249bc00f3e379e3776,gx-no-cache=1520538913865 HTTP/1.1" 200 90
200.111.122.170 - - [08/Mar/2018:16:56:04 -0300] "GET /cormun/servlet/hpexe_link HTTP/1.1" 200 948
186.103.159.182 - - [08/Mar/2018:16:56:04 -0300] "GET /cormun/servlet/trsolicitudot? HTTP/1.1" 200 7466
200.111.122.170 - - [08/Mar/2018:16:56:04 -0300] "GET /cormun/servlet/hhome HTTP/1.1" 200 4198
186.103.159.182 - - [08/Mar/2018:16:56:06 -0300] "GET /cormun/servlet/trsolicitudot? HTTP/1.1" 200 7466
200.111.122.170 - - [08/Mar/2018:16:56:06 -0300] "GET /cormun/servlet/hhome HTTP/1.1" 200 4194
200.111.122.170 - - [08/Mar/2018:16:56:10 -0300] "GET /cormun/servlet/trsolicitudot? HTTP/1.1" 200 7411
200.111.122.170 - - [08/Mar/2018:16:56:11 -0300] "GET /cormun/servlet/trsolicitudot? HTTP/1.1" 200 7410
200.86.95.220 - - [08/Mar/2018:16:56:12 -0300] "POST /cormun/servlet/hlogin?771e374e112f5c4020dd1736062ae396,gx-no-cache=1520538924269 HTTP/1.1" 200 90
200.86.95.220 - - [08/Mar/2018:16:56:12 -0300] "GET /cormun/servlet/hpexe_link HTTP/1.1" 200 980
200.86.95.220 - - [08/Mar/2018:16:56:13 -0300] "GET /cormun/servlet/solicitudotadjuntos?INS,2018,10305,,1, HTTP/1.1" 200 5994
200.86.95.220 - - [08/Mar/2018:16:56:13 -0300] "GET /cormun/static/about:blank HTTP/1.1" 404 1011
200.86.95.220 - - [08/Mar/2018:16:56:14 -0300] "GET /cormun/servlet/solicitudotadjuntos?INS,2018,10305,,1, HTTP/1.1" 200 5992
200.111.122.170 - - [08/Mar/2018:16:56:14 -0300] "GET /cormun/servlet/solicitudot?INS,0,0, HTTP/1.1" 200 13643
200.86.95.220 - - [08/Mar/2018:16:56:15 -0300] "GET /cormun/servlet/solicitudotadjuntos?e0d4f0760bcf6c2603a8bfafbb3435543dea96e1699ea54b78fdd59fdb3d7851407a58e09115fef48745faae2b9ae868,gx-no-cache=1520538926647 HTTP/1.1" 200 30
200.86.95.220 - - [08/Mar/2018:16:56:15 -0300] "POST /cormun/servlet/solicitudotadjuntos?771e374e112f5c4020dd1736062ae396,INS,2018,10305,,1,,gx-no-cache=1520538926695 HTTP/1.1" 200 3786
200.111.122.170 - - [08/Mar/2018:16:56:16 -0300] "GET /cormun/servlet/solicitudot?INS,0,0, HTTP/1.1" 200 13648
186.103.157.246 - - [08/Mar/2018:16:56:20 -0300] "POST /cormun/servlet/hlogin?cd9c34b39f9f9d95a964da41379008ec,gx-no-cache=1520538933539 HTTP/1.1" 200 90
186.103.157.246 - - [08/Mar/2018:16:56:20 -0300] "GET /cormun/servlet/hpexe_link HTTP/1.1" 200 948
186.103.157.246 - - [08/Mar/2018:16:56:20 -0300] "GET /cormun/servlet/hhome HTTP/1.1" 200 4104
186.103.157.246 - - [08/Mar/2018:16:56:20 -0300] "GET /cormun/static/gxcfg.js?20175251212442 HTTP/1.1" 304 -
200.86.95.220 - - [08/Mar/2018:16:56:20 -0300] "POST /cormun/servlet/solicitudotadjuntos?gx-no-cache=1520538932067 HTTP/1.1" 200 26
186.103.157.246 - - [08/Mar/2018:16:56:21 -0300] "GET /cormun/servlet/hhome HTTP/1.1" 200 4100
186.103.159.182 - - [08/Mar/2018:16:56:28 -0300] "GET /cormun/servlet/trsolicitudot? HTTP/1.1" 200 7466
186.103.159.182 - - [08/Mar/2018:16:56:30 -0300] "GET /cormun/servlet/trsolicitudot? HTTP/1.1" 200 7466
186.103.159.182 - - [08/Mar/2018:16:56:32 -0300] "GET /cormun/servlet/solicitudot?INS,0,0, HTTP/1.1" 200 13699
186.103.159.182 - - [08/Mar/2018:16:56:33 -0300] "GET /cormun/servlet/solicitudot?INS,0,0, HTTP/1.1" 200 13704
186.103.157.246 - - [08/Mar/2018:16:56:35 -0300] "GET /cormun/servlet/trautorizarsolicitud? HTTP/1.1" 200 9459
186.103.157.246 - - [08/Mar/2018:16:56:36 -0300] "GET /cormun/servlet/trautorizarsolicitud? HTTP/1.1" 200 9457
186.103.159.182 - - [08/Mar/2018:16:56:37 -0300] "GET /cormun/static/Resources/resize.gif HTTP/1.1" 200 77
186.103.159.182 - - [08/Mar/2018:16:56:37 -0300] "GET /cormun/servlet/prfichaempleado?,MD,,gxPopupLevel%3D0%3B HTTP/1.1" 200 9426
186.103.159.182 - - [08/Mar/2018:16:56:38 -0300] "GET /cormun/static/gxcfg.js?20177612134814 HTTP/1.1" 200 953
186.103.159.182 - - [08/Mar/2018:16:56:38 -0300] "GET /cormun/static/Resources/PXToolsMenuSearch.png HTTP/1.1" 200 2914
186.103.159.182 - - [08/Mar/2018:16:56:38 -0300] "GET /cormun/static/Resources/PXToolsMenuSearchCancel.png HTTP/1.1" 200 2972
186.103.159.182 - - [08/Mar/2018:16:56:38 -0300] "GET /cormun/static/menusearch.js?201610171694467 HTTP/1.1" 200 1424
186.103.159.182 - - [08/Mar/2018:16:56:38 -0300] "GET /cormun/static/hmpwkw011.js?20177612121862 HTTP/1.1" 200 1968
186.103.159.182 - - [08/Mar/2018:16:56:38 -0300] "GET /cormun/static/prfichaempleado.js?20177612134999 HTTP/1.1" 200 16006
200.86.95.220 - - [08/Mar/2018:16:56:38 -0300] "GET /cormun/servlet/solicitudotadjuntos?e0d4f0760bcf6c2603a8bfafbb343554fc279e9997abe2e640d0c3aaa4e117dd,gx-no-cache=1520538949956 HTTP/1.1" 200 30
200.86.95.220 - - [08/Mar/2018:16:56:38 -0300] "GET /cormun/servlet/solicitudotadjuntos?e0d4f0760bcf6c2603a8bfafbb343554fc279e9997abe2e640d0c3aaa4e117dd,gx-no-cache=1520538949998 HTTP/1.1" 200 30
200.86.95.220 - - [08/Mar/2018:16:56:39 -0300] "POST /cormun/servlet/solicitudotadjuntos?771e374e112f5c4020dd1736062ae396,INS,2018,10305,,1, HTTP/1.1" 200 116
200.86.95.220 - - [08/Mar/2018:16:56:39 -0300] "GET /cormun/servlet/hpexe_return? HTTP/1.1" 200 1028
200.86.95.220 - - [08/Mar/2018:16:56:40 -0300] "GET /cormun/servlet/trsolicitudadjuntos?2018,10305, HTTP/1.1" 200 8684
200.86.95.220 - - [08/Mar/2018:16:56:41 -0300] "GET /cormun/servlet/trsolicitudadjuntos?2018,10305, HTTP/1.1" 200 8685
192.168.10.62 - - [08/Mar/2018:16:56:42 -0300] "POST /cormun/servlet/trsolicitudgral?6f6f519d6a482d0280771a3702ec085c,gx-no-cache=1520538840491 HTTP/1.1" 200 23338
186.103.157.246 - - [08/Mar/2018:16:56:48 -0300] "POST /cormun/servlet/trautorizarsolicitud?cd9c34b39f9f9d95a964da41379008ec,,gx-no-cache=1520538962059 HTTP/1.1" 200 6322
186.103.157.246 - - [08/Mar/2018:16:56:48 -0300] "GET /cormun/static/Shared/jqueryui/images/ui-bg_highlight-soft_100_c6c2c8_1x100.png HTTP/1.1" 404 1117
186.103.157.246 - - [08/Mar/2018:16:56:48 -0300] "GET /cormun/static/Shared/jqueryui/images/ui-bg_flat_55_fafafa_40x100.png HTTP/1.1" 404 1097
186.103.157.246 - - [08/Mar/2018:16:56:48 -0300] "GET /cormun/static/Shared/jqueryui/images/ui-icons_82798d_256x240.png HTTP/1.1" 404 1089
186.103.157.246 - - [08/Mar/2018:16:56:48 -0300] "GET /cormun/static/Shared/jqueryui/images/ui-icons_8d78a5_256x240.png HTTP/1.1" 404 1089
186.103.157.246 - - [08/Mar/2018:16:56:49 -0300] "POST /cormun/servlet/trautorizarsolicitud?cd9c34b39f9f9d95a964da41379008ec,,gx-no-cache=1520538962498 HTTP/1.1" 200 6266
186.103.157.246 - - [08/Mar/2018:16:56:52 -0300] "POST /cormun/servlet/trautorizarsolicitud?cd9c34b39f9f9d95a964da41379008ec,,gx-no-cache=1520538965539 HTTP/1.1" 200 5826
186.103.157.246 - - [08/Mar/2018:16:56:53 -0300] "POST /cormun/servlet/trautorizarsolicitud?cd9c34b39f9f9d95a964da41379008ec,,gx-no-cache=1520538966413 HTTP/1.1" 200 5772
186.103.159.182 - - [08/Mar/2018:16:56:55 -0300] "POST /cormun/servlet/prfichaempleado?6d49dfe72b2b805448dedd11a6e0e1f9,,MD,,gxPopupLevel%3D0%3B,gx-no-cache=1520538913414 HTTP/1.1" 200 3473
200.86.95.220 - - [08/Mar/2018:16:56:55 -0300] "GET /cormun/servlet/solicitudotadjuntos?DLT,2018,10305,CARNET,0, HTTP/1.1" 200 5981
200.86.95.220 - - [08/Mar/2018:16:56:56 -0300] "GET /cormun/static/Shared/jqueryui/images/ui-bg_highlight-soft_100_c6c2c8_1x100.png HTTP/1.1" 404 1117
200.86.95.220 - - [08/Mar/2018:16:56:56 -0300] "GET /cormun/static/Shared/jqueryui/images/ui-icons_82798d_256x240.png HTTP/1.1" 404 1089
200.86.95.220 - - [08/Mar/2018:16:56:56 -0300] "GET /cormun/static/Shared/jqueryui/images/ui-icons_8d78a5_256x240.png HTTP/1.1" 404 1089
200.86.95.220 - - [08/Mar/2018:16:56:57 -0300] "GET /cormun/static/Shared/jqueryui/images/ui-bg_flat_55_fafafa_40x100.png HTTP/1.1" 404 1097
200.86.95.220 - - [08/Mar/2018:16:56:57 -0300] "GET /cormun/servlet/solicitudotadjuntos?DLT,2018,10305,CARNET,0, HTTP/1.1" 200 5975
186.103.157.246 - - [08/Mar/2018:16:56:57 -0300] "POST /cormun/servlet/trautorizarsolicitud?cd9c34b39f9f9d95a964da41379008ec,,gx-no-cache=1520538970567 HTTP/1.1" 200 4615
200.86.95.220 - - [08/Mar/2018:16:56:57 -0300] "GET /cormun/PublicTempStorage/contrato_de_arriendo6311239.pdf HTTP/1.1" 200 1111260
192.168.10.62 - - [08/Mar/2018:16:56:58 -0300] "POST /cormun/servlet/trsolicitudgral?6f6f519d6a482d0280771a3702ec085c,gx-no-cache=1520538856644 HTTP/1.1" 200 10946
186.103.157.246 - - [08/Mar/2018:16:56:59 -0300] "POST /cormun/servlet/trautorizarsolicitud?cd9c34b39f9f9d95a964da41379008ec,,gx-no-cache=1520538971318 HTTP/1.1" 200 4374
186.103.159.182 - - [08/Mar/2018:16:57:06 -0300] "POST /cormun/servlet/solicitudot?gx-no-cache=1520538924394 HTTP/1.1" 200 3399
186.103.159.182 - - [08/Mar/2018:16:57:08 -0300] "POST /cormun/servlet/solicitudot?6d49dfe72b2b805448dedd11a6e0e1f9,INS,0,0,,gx-no-cache=1520538925217 HTTP/1.1" 200 10568
186.103.159.182 - - [08/Mar/2018:16:57:08 -0300] "GET /cormun/servlet/solicitudot?3f35e73da4e09f65eea9f6a7b6671572fa6434ad94dedafbe2b1a63658760a165bdca239f53a50fdf9b77b7e93c15963,gx-no-cache=1520538926766 HTTP/1.1" 200 30
186.103.159.182 - - [08/Mar/2018:16:57:14 -0300] "GET /cormun/servlet/solicitudot?3f35e73da4e09f65eea9f6a7b66715725760c987c3d8b33c5afd73c2f4a6929bf290e7015d41e5a74739383f2c81ac32ba7218de4eb6a2b02acb96f61855515e,gx-no-cache=1520538932895 HTTP/1.1" 200 30
186.103.159.182 - - [08/Mar/2018:16:57:14 -0300] "GET /cormun/servlet/solicitudot?3f35e73da4e09f65eea9f6a7b6671572cdf87e6e33b09e69fbd7405a0e592242,gx-no-cache=1520538933025 HTTP/1.1" 200 53
186.103.159.182 - - [08/Mar/2018:16:57:14 -0300] "POST /cormun/servlet/solicitudot?gx-no-cache=1520538933137 HTTP/1.1" 200 255
186.103.159.182 - - [08/Mar/2018:16:57:15 -0300] "GET /cormun/servlet/solicitudot?3f35e73da4e09f65eea9f6a7b6671572b4dfac1d35496f6ca83c05fd878fa72c1b0137f2d82143a781ebd061c9f56ae0484246510cfa4960e2a2fb9928b836729c16ed63971032f11dcac7610f417b3dc41b1535ac2d51b08952f98cd6c38df410b597754a83f1aebdee56f75154e2804f95d40589224a5dd41db69cc13a97186e4de8a7c4ad84675e8018cad06926af7d8da717e85cc9fb221d66189af4bf741768a57067c1bd6057737ca2c63c307049054892efa1b337d5cb8faf236d23649340e4ca740acab282c8a58263713113e5f0e564e2504ffbb1e4482e495ee61344a6fa1d4bf0aa7c1a2d5e145f4c853157cafacfc01035f06b37611985db58c7f75fbd7798decdb6b9d6d9c85594f0db8b3e3253d7d55daac13374b140e1a784bfb339153d9eace3d62434eaba120ecd7b9f4c724511ae801f9382eec4e14330cf0b4423ec126b398ab821d0ee1f70299017f449dc0692da5f05b1e45502ef2ad1d07262b291169a918c62e551595c724065ef018e232bde176acae7095f752b,gx-no-cache=1520538933331 HTTP/1.1" 200 30
186.103.159.182 - - [08/Mar/2018:16:57:17 -0300] "POST /cormun/servlet/solicitudot?gx-no-cache=1520538934997 HTTP/1.1" 200 30
186.103.157.246 - - [08/Mar/2018:16:57:21 -0300] "GET /cormun/servlet/trsolicitudot? HTTP/1.1" 200 7090
200.86.95.220 - - [08/Mar/2018:16:57:21 -0300] "GET /cormun/servlet/solicitudotadjuntos?DLT,2018,10305,CARNET,0, HTTP/1.1" 200 5981
200.86.95.220 - - [08/Mar/2018:16:57:22 -0300] "GET /cormun/static/Shared/jqueryui/images/ui-bg_highlight-soft_100_c6c2c8_1x100.png HTTP/1.1" 404 1117
200.86.95.220 - - [08/Mar/2018:16:57:22 -0300] "GET /cormun/static/Shared/jqueryui/images/ui-icons_82798d_256x240.png HTTP/1.1" 404 1089
200.86.95.220 - - [08/Mar/2018:16:57:22 -0300] "GET /cormun/static/Shared/jqueryui/images/ui-icons_8d78a5_256x240.png HTTP/1.1" 404 1089
200.86.95.220 - - [08/Mar/2018:16:57:22 -0300] "GET /cormun/static/Shared/jqueryui/images/ui-bg_flat_55_fafafa_40x100.png HTTP/1.1" 404 1097
200.86.95.220 - - [08/Mar/2018:16:57:23 -0300] "GET /cormun/servlet/solicitudotadjuntos?DLT,2018,10305,CARNET,0, HTTP/1.1" 200 5976
200.86.95.220 - - [08/Mar/2018:16:57:23 -0300] "GET /favicon.ico HTTP/1.1" 200 21630
200.86.95.220 - - [08/Mar/2018:16:57:24 -0300] "GET /cormun/PublicTempStorage/contrato_de_arriendo3900316.pdf HTTP/1.1" 200 1111260
186.103.159.182 - - [08/Mar/2018:16:57:24 -0300] "POST /cormun/servlet/solicitudot?gx-no-cache=1520538942792 HTTP/1.1" 200 1336
186.103.159.182 - - [08/Mar/2018:16:57:24 -0300] "POST /cormun/servlet/solicitudot?gx-no-cache=1520538942997 HTTP/1.1" 200 38
200.86.95.220 - - [08/Mar/2018:16:57:28 -0300] "POST /cormun/servlet/solicitudotadjuntos?771e374e112f5c4020dd1736062ae396,DLT,2018,10305,CARNET,0,,gx-no-cache=1520538999202 HTTP/1.1" 200 93
200.86.95.220 - - [08/Mar/2018:16:57:28 -0300] "GET /cormun/servlet/hpexe_return? HTTP/1.1" 200 1033
200.86.95.220 - - [08/Mar/2018:16:57:28 -0300] "GET /cormun/servlet/trsolicitudadjuntos?2018,10305, HTTP/1.1" 200 8451
200.86.95.220 - - [08/Mar/2018:16:57:30 -0300] "GET /cormun/servlet/trsolicitudadjuntos?2018,10305, HTTP/1.1" 200 8450
186.103.157.246 - - [08/Mar/2018:16:57:37 -0300] "GET /cormun/servlet/solicitudot?INS,0,0, HTTP/1.1" 200 13329
192.168.10.62 - - [08/Mar/2018:16:57:39 -0300] "POST /cormun/servlet/trsolicitudgral?6f6f519d6a482d0280771a3702ec085c,gx-no-cache=1520538898164 HTTP/1.1" 200 8185
200.86.95.220 - - [08/Mar/2018:16:57:42 -0300] "GET /cormun/servlet/solicitudotadjuntos?INS,2018,10305,,1, HTTP/1.1" 200 5998
200.86.95.220 - - [08/Mar/2018:16:57:42 -0300] "GET /cormun/static/about:blank HTTP/1.1" 404 1011
200.86.95.220 - - [08/Mar/2018:16:57:43 -0300] "GET /cormun/servlet/solicitudotadjuntos?INS,2018,10305,,1, HTTP/1.1" 200 5991
200.86.95.220 - - [08/Mar/2018:16:57:43 -0300] "GET /cormun/servlet/solicitudotadjuntos?e0d4f0760bcf6c2603a8bfafbb3435543dea96e1699ea54b78fdd59fdb3d7851407a58e09115fef48745faae2b9ae868,gx-no-cache=1520539015102 HTTP/1.1" 200 30
200.86.95.220 - - [08/Mar/2018:16:57:43 -0300] "POST /cormun/servlet/solicitudotadjuntos?771e374e112f5c4020dd1736062ae396,INS,2018,10305,,1,,gx-no-cache=1520539015190 HTTP/1.1" 200 3798
200.86.95.220 - - [08/Mar/2018:16:57:45 -0300] "POST /cormun/servlet/solicitudotadjuntos?gx-no-cache=1520539017543 HTTP/1.1" 200 26
190.151.100.218 - - [08/Mar/2018:16:57:50 -0300] "POST /cormun/servlet/solicitudot?gx-no-cache=1520539019534 HTTP/1.1" 200 3405
200.86.95.220 - - [08/Mar/2018:16:57:52 -0300] "GET /cormun/servlet/solicitudotadjuntos?e0d4f0760bcf6c2603a8bfafbb343554fc279e9997abe2e640d0c3aaa4e117dd,gx-no-cache=1520539023639 HTTP/1.1" 200 30
200.86.95.220 - - [08/Mar/2018:16:57:52 -0300] "GET /cormun/servlet/solicitudotadjuntos?e0d4f0760bcf6c2603a8bfafbb343554fc279e9997abe2e640d0c3aaa4e117dd,gx-no-cache=1520539023710 HTTP/1.1" 200 30
190.151.100.218 - - [08/Mar/2018:16:57:52 -0300] "POST /cormun/servlet/solicitudot?6e91eefb75fe3b249bc00f3e379e3776,INS,0,0,,gx-no-cache=1520539020645 HTTP/1.1" 200 10579
200.86.95.220 - - [08/Mar/2018:16:57:52 -0300] "POST /cormun/servlet/solicitudotadjuntos?771e374e112f5c4020dd1736062ae396,INS,2018,10305,,1, HTTP/1.1" 200 116
200.86.95.220 - - [08/Mar/2018:16:57:52 -0300] "GET /cormun/servlet/hpexe_return? HTTP/1.1" 200 1028
200.86.95.220 - - [08/Mar/2018:16:57:53 -0300] "GET /cormun/servlet/trsolicitudadjuntos?2018,10305, HTTP/1.1" 200 8678
200.86.95.220 - - [08/Mar/2018:16:57:54 -0300] "GET /cormun/servlet/trsolicitudadjuntos?2018,10305, HTTP/1.1" 200 8677
200.86.95.220 - - [08/Mar/2018:16:57:57 -0300] "GET /cormun/servlet/solicitudotadjuntos?INS,2018,10305,,1, HTTP/1.1" 200 5998
190.151.100.218 - - [08/Mar/2018:16:57:58 -0300] "GET /cormun/servlet/solicitudot?481a2208ca1c1781a7572eee9dd93ef15d9d2f85d0c9644622ce2aa31a67f0f5d3b4e0fb7bbc31c5e16d96757bab002d,gx-no-cache=1520539028039 HTTP/1.1" 200 30
190.151.100.218 - - [08/Mar/2018:16:57:58 -0300] "GET /cormun/servlet/solicitudot?481a2208ca1c1781a7572eee9dd93ef1176813de10176fc30090832c47c74edd0f7b2424556306a33c9655e8d19444e8,gx-no-cache=1520539028202 HTTP/1.1" 200 30
200.86.95.220 - - [08/Mar/2018:16:57:58 -0300] "GET /cormun/static/about:blank HTTP/1.1" 404 1011
200.86.95.220 - - [08/Mar/2018:16:57:58 -0300] "GET /cormun/servlet/solicitudotadjuntos?INS,2018,10305,,1, HTTP/1.1" 200 5991
190.151.100.218 - - [08/Mar/2018:16:57:58 -0300] "GET /cormun/servlet/solicitudot?481a2208ca1c1781a7572eee9dd93ef1a5a752a2cf562151fa11dc637dcff52e,gx-no-cache=1520539028340 HTTP/1.1" 200 53
190.151.100.218 - - [08/Mar/2018:16:57:59 -0300] "POST /cormun/servlet/solicitudot?gx-no-cache=1520539028548 HTTP/1.1" 200 255
200.86.95.220 - - [08/Mar/2018:16:57:59 -0300] "GET /cormun/servlet/solicitudotadjuntos?e0d4f0760bcf6c2603a8bfafbb3435543dea96e1699ea54b78fdd59fdb3d7851407a58e09115fef48745faae2b9ae868,gx-no-cache=1520539030895 HTTP/1.1" 200 30
200.86.95.220 - - [08/Mar/2018:16:57:59 -0300] "POST /cormun/servlet/solicitudotadjuntos?771e374e112f5c4020dd1736062ae396,INS,2018,10305,,1,,gx-no-cache=1520539030982 HTTP/1.1" 200 3798
190.151.100.218 - - [08/Mar/2018:16:57:59 -0300] "GET /cormun/servlet/solicitudot?481a2208ca1c1781a7572eee9dd93ef11264ad905058ef017c4e196756cb1d031db57ea7fd5f82961aac0143e8992a011dff9ac353239f0c5504c339b0944ab4861354161e382a03540ff9f2061a3ab61374c5ff939888929f4ecdb59696d6a7d2e11dfeb3e732966a18815b260fd275d1fcfd7f7841289951a409493950660e1343a6fe2169ae07f12ba155dbe862f734045174b7a43d64b24efb8c23d25ec07eef7552f33c06186d77d72f979168074111432efc7c744590975ad63753bde8aa88f92a89f56b98d1594a41ceff3779568724d197e3c061fe6ab92c45312b6f58b2ea713a3c0b77121b3e4232e37d476f1babaa2ec3793f7e06c0de7a98a6a92610611d05167e70677cebcaa52498a9bf6f1bb1baab968833a27997fb3e7f1e81b892c688c7127fe8d06ec06f18bce9714204704172df721ef03f62ef463f42e7298dc16f16314ffdf45738f2a35f687a487039c190e1fdd89e3cf29af4ff8ba11752b9e9de59583b3fc5679236e34832cdf9ad4fd68a35fa5d698ec7723ff2,gx-no-cache=1520539029034 HTTP/1.1" 200 30
186.103.157.246 - - [08/Mar/2018:16:58:01 -0300] "POST /cormun/servlet/solicitudot?gx-no-cache=1520539030826 HTTP/1.1" 200 3284
186.103.157.246 - - [08/Mar/2018:16:58:02 -0300] "POST /cormun/servlet/solicitudot?fcbc8f8e118a50ef638018c5744288a6,INS,0,0,,gx-no-cache=1520539031323 HTTP/1.1" 200 10244
200.86.95.220 - - [08/Mar/2018:16:58:04 -0300] "POST /cormun/servlet/solicitudotadjuntos?gx-no-cache=1520539035843 HTTP/1.1" 200 26
186.103.157.246 - - [08/Mar/2018:16:58:05 -0300] "GET /cormun/servlet/solicitudot?cbe8921e100855d49693aaba0c944492a1440f0efe365fc26671c8e2479e0f31aef6a40be18b024ff82be1dc7f63a2b4,gx-no-cache=1520539034256 HTTP/1.1" 200 30
200.86.95.220 - - [08/Mar/2018:16:58:10 -0300] "GET /cormun/servlet/solicitudotadjuntos?e0d4f0760bcf6c2603a8bfafbb343554fc279e9997abe2e640d0c3aaa4e117dd,gx-no-cache=1520539042512 HTTP/1.1" 200 30
200.86.95.220 - - [08/Mar/2018:16:58:11 -0300] "GET /cormun/servlet/solicitudotadjuntos?e0d4f0760bcf6c2603a8bfafbb343554fc279e9997abe2e640d0c3aaa4e117dd,gx-no-cache=1520539042597 HTTP/1.1" 200 30
200.86.95.220 - - [08/Mar/2018:16:58:15 -0300] "POST /cormun/servlet/solicitudotadjuntos?771e374e112f5c4020dd1736062ae396,INS,2018,10305,,1, HTTP/1.1" 200 116
200.86.95.220 - - [08/Mar/2018:16:58:15 -0300] "GET /cormun/servlet/hpexe_return? HTTP/1.1" 200 1028
200.86.95.220 - - [08/Mar/2018:16:58:16 -0300] "GET /cormun/servlet/trsolicitudadjuntos?2018,10305, HTTP/1.1" 200 8852
200.86.95.220 - - [08/Mar/2018:16:58:17 -0300] "GET /cormun/servlet/trsolicitudadjuntos?2018,10305, HTTP/1.1" 200 8850
200.86.95.220 - - [08/Mar/2018:16:58:21 -0300] "GET /cormun/servlet/solicitudotadjuntos?INS,2018,10305,,1, HTTP/1.1" 200 5998
200.86.95.220 - - [08/Mar/2018:16:58:22 -0300] "GET /cormun/static/about:blank HTTP/1.1" 404 1011
200.86.95.220 - - [08/Mar/2018:16:58:23 -0300] "GET /cormun/servlet/solicitudotadjuntos?INS,2018,10305,,1, HTTP/1.1" 200 5991
200.86.95.220 - - [08/Mar/2018:16:58:23 -0300] "GET /cormun/servlet/solicitudotadjuntos?e0d4f0760bcf6c2603a8bfafbb3435543dea96e1699ea54b78fdd59fdb3d7851407a58e09115fef48745faae2b9ae868,gx-no-cache=1520539055150 HTTP/1.1" 200 30
200.86.95.220 - - [08/Mar/2018:16:58:24 -0300] "POST /cormun/servlet/solicitudotadjuntos?771e374e112f5c4020dd1736062ae396,INS,2018,10305,,1,,gx-no-cache=1520539055237 HTTP/1.1" 200 3798
200.86.95.220 - - [08/Mar/2018:16:58:30 -0300] "POST /cormun/servlet/solicitudotadjuntos?gx-no-cache=1520539062496 HTTP/1.1" 200 26
200.86.95.220 - - [08/Mar/2018:16:58:36 -0300] "GET /cormun/servlet/solicitudotadjuntos?e0d4f0760bcf6c2603a8bfafbb343554fc279e9997abe2e640d0c3aaa4e117dd,gx-no-cache=1520539067952 HTTP/1.1" 200 30
200.86.95.220 - - [08/Mar/2018:16:58:36 -0300] "GET /cormun/servlet/solicitudotadjuntos?e0d4f0760bcf6c2603a8bfafbb343554fc279e9997abe2e640d0c3aaa4e117dd,gx-no-cache=1520539068025 HTTP/1.1" 200 30
200.86.95.220 - - [08/Mar/2018:16:58:49 -0300] "POST /cormun/servlet/solicitudotadjuntos?771e374e112f5c4020dd1736062ae396,INS,2018,10305,,1, HTTP/1.1" 200 116
200.86.95.220 - - [08/Mar/2018:16:58:50 -0300] "GET /cormun/servlet/hpexe_return? HTTP/1.1" 200 1028
200.86.95.220 - - [08/Mar/2018:16:58:50 -0300] "GET /cormun/servlet/trsolicitudadjuntos?2018,10305, HTTP/1.1" 200 9025
200.86.95.220 - - [08/Mar/2018:16:58:51 -0300] "GET /cormun/servlet/trsolicitudadjuntos?2018,10305, HTTP/1.1" 200 9022
200.86.95.220 - - [08/Mar/2018:16:58:59 -0300] "GET /cormun/servlet/solicitudotadjuntos?INS,2018,10305,,1, HTTP/1.1" 200 5999
200.86.95.220 - - [08/Mar/2018:16:58:59 -0300] "GET /cormun/static/about:blank HTTP/1.1" 404 1011
200.86.95.220 - - [08/Mar/2018:16:59:00 -0300] "GET /cormun/servlet/solicitudotadjuntos?INS,2018,10305,,1, HTTP/1.1" 200 5992
200.86.95.220 - - [08/Mar/2018:16:59:00 -0300] "GET /cormun/servlet/solicitudotadjuntos?e0d4f0760bcf6c2603a8bfafbb3435543dea96e1699ea54b78fdd59fdb3d7851407a58e09115fef48745faae2b9ae868,gx-no-cache=1520539092490 HTTP/1.1" 200 30
200.86.95.220 - - [08/Mar/2018:16:59:01 -0300] "POST /cormun/servlet/solicitudotadjuntos?771e374e112f5c4020dd1736062ae396,INS,2018,10305,,1,,gx-no-cache=1520539092577 HTTP/1.1" 200 3799
186.103.161.206 - - [08/Mar/2018:16:59:02 -0300] "POST /cormun/servlet/solicitudot?6e91eefb75fe3b249bc00f3e379e3776,INS,0,0,,gx-no-cache=1520539090888 HTTP/1.1" 200 93
186.103.161.206 - - [08/Mar/2018:16:59:02 -0300] "GET /cormun/servlet/hpexe_return? HTTP/1.1" 200 1004
186.103.161.206 - - [08/Mar/2018:16:59:02 -0300] "GET /cormun/servlet/trsolicitudot HTTP/1.1" 200 7414
186.103.161.206 - - [08/Mar/2018:16:59:04 -0300] "GET /cormun/servlet/trsolicitudot HTTP/1.1" 200 7410
186.103.161.206 - - [08/Mar/2018:16:59:08 -0300] "GET /cormun/servlet/hlogin HTTP/1.1" 200 1733
200.86.95.220 - - [08/Mar/2018:16:59:14 -0300] "POST /cormun/servlet/solicitudotadjuntos?gx-no-cache=1520539105719 HTTP/1.1" 200 26
200.86.95.220 - - [08/Mar/2018:16:59:22 -0300] "GET /cormun/servlet/solicitudotadjuntos?e0d4f0760bcf6c2603a8bfafbb343554fc279e9997abe2e640d0c3aaa4e117dd,gx-no-cache=1520539114241 HTTP/1.1" 200 30
200.86.95.220 - - [08/Mar/2018:16:59:22 -0300] "GET /cormun/servlet/solicitudotadjuntos?e0d4f0760bcf6c2603a8bfafbb343554fc279e9997abe2e640d0c3aaa4e117dd,gx-no-cache=1520539114314 HTTP/1.1" 200 30
200.86.95.220 - - [08/Mar/2018:16:59:25 -0300] "POST /cormun/servlet/solicitudotadjuntos?771e374e112f5c4020dd1736062ae396,INS,2018,10305,,1, HTTP/1.1" 200 116
200.86.95.220 - - [08/Mar/2018:16:59:25 -0300] "GET /cormun/servlet/hpexe_return? HTTP/1.1" 200 1028
200.86.95.220 - - [08/Mar/2018:16:59:25 -0300] "GET /cormun/servlet/trsolicitudadjuntos?2018,10305, HTTP/1.1" 200 9283
200.86.95.220 - - [08/Mar/2018:16:59:27 -0300] "GET /cormun/servlet/trsolicitudadjuntos?2018,10305, HTTP/1.1" 200 9282
200.86.95.220 - - [08/Mar/2018:16:59:30 -0300] "GET /cormun/servlet/solicitudotadjuntos?INS,2018,10305,,1, HTTP/1.1" 200 5999
200.86.95.220 - - [08/Mar/2018:16:59:31 -0300] "GET /cormun/static/about:blank HTTP/1.1" 404 1011
200.86.95.220 - - [08/Mar/2018:16:59:31 -0300] "GET /cormun/servlet/solicitudotadjuntos?INS,2018,10305,,1, HTTP/1.1" 200 5992
200.86.95.220 - - [08/Mar/2018:16:59:31 -0300] "GET /cormun/servlet/solicitudotadjuntos?e0d4f0760bcf6c2603a8bfafbb3435543dea96e1699ea54b78fdd59fdb3d7851407a58e09115fef48745faae2b9ae868,gx-no-cache=1520539123382 HTTP/1.1" 200 30
200.86.95.220 - - [08/Mar/2018:16:59:31 -0300] "POST /cormun/servlet/solicitudotadjuntos?771e374e112f5c4020dd1736062ae396,INS,2018,10305,,1,,gx-no-cache=1520539123456 HTTP/1.1" 200 3799
200.86.95.220 - - [08/Mar/2018:16:59:33 -0300] "POST /cormun/servlet/solicitudotadjuntos?gx-no-cache=1520539124617 HTTP/1.1" 200 26
200.86.95.220 - - [08/Mar/2018:16:59:37 -0300] "POST /cormun/servlet/solicitudotadjuntos?gx-no-cache=1520539128983 HTTP/1.1" 200 26
200.86.95.220 - - [08/Mar/2018:16:59:45 -0300] "GET /cormun/servlet/solicitudotadjuntos?e0d4f0760bcf6c2603a8bfafbb343554fc279e9997abe2e640d0c3aaa4e117dd,gx-no-cache=1520539137050 HTTP/1.1" 200 30
200.86.95.220 - - [08/Mar/2018:16:59:45 -0300] "GET /cormun/servlet/solicitudotadjuntos?e0d4f0760bcf6c2603a8bfafbb343554fc279e9997abe2e640d0c3aaa4e117dd,gx-no-cache=1520539137115 HTTP/1.1" 200 30
200.86.95.220 - - [08/Mar/2018:16:59:51 -0300] "POST /cormun/servlet/solicitudotadjuntos?771e374e112f5c4020dd1736062ae396,INS,2018,10305,,1, HTTP/1.1" 200 116
200.86.95.220 - - [08/Mar/2018:16:59:51 -0300] "GET /cormun/servlet/hpexe_return? HTTP/1.1" 200 1028
200.86.95.220 - - [08/Mar/2018:16:59:52 -0300] "GET /cormun/servlet/trsolicitudadjuntos?2018,10305, HTTP/1.1" 200 9542
200.86.95.220 - - [08/Mar/2018:16:59:54 -0300] "GET /cormun/servlet/trsolicitudadjuntos?2018,10305, HTTP/1.1" 200 9544
200.86.95.220 - - [08/Mar/2018:17:00:00 -0300] "POST /cormun/servlet/trsolicitudadjuntos?771e374e112f5c4020dd1736062ae396,2018,10305,,gx-no-cache=1520539151547 HTTP/1.1" 200 90
200.86.95.220 - - [08/Mar/2018:17:00:00 -0300] "GET /cormun/servlet/hpexe_link HTTP/1.1" 200 970
200.86.95.220 - - [08/Mar/2018:17:00:00 -0300] "GET /cormun/servlet/trsolicitudot HTTP/1.1" 200 8516
200.86.95.220 - - [08/Mar/2018:17:00:01 -0300] "GET /cormun/servlet/trsolicitudot HTTP/1.1" 200 8515
186.103.157.246 - - [08/Mar/2018:17:01:20 -0300] "GET /cormun/servlet/prbanco?,MD,,gxPopupLevel%3D0%3B HTTP/1.1" 200 6486
186.103.157.246 - - [08/Mar/2018:17:01:20 -0300] "GET /cormun/static/gxcfg.js?20181161016094 HTTP/1.1" 304 -
186.103.157.246 - - [08/Mar/2018:17:01:21 -0300] "GET /cormun/static/prbanco.js?2018116101633 HTTP/1.1" 304 -
186.103.157.246 - - [08/Mar/2018:17:01:25 -0300] "GET /cormun/servlet/solicitudot?85222a8333612d99fddf0dd68245698aeba75b928b37d4579e881efb43171036,gx-no-cache=1520539235019 HTTP/1.1" 200 20
186.103.157.246 - - [08/Mar/2018:17:01:26 -0300] "GET /cormun/servlet/solicitudot?cbe8921e100855d49693aaba0c944492a848b5b9b4604aef8c2fbd9f668a601c7818abc55458550830c16f5d12d66d8faf55912caaf4ee9ee13b3e1d1b5ccdce,gx-no-cache=1520539235431 HTTP/1.1" 200 30
186.103.157.246 - - [08/Mar/2018:17:01:30 -0300] "GET /cormun/servlet/solicitudot?cbe8921e100855d49693aaba0c944492afbc5987a34ad2fe40ca80952f83efee,gx-no-cache=1520539240091 HTTP/1.1" 200 53
192.168.10.50 - - [08/Mar/2018:17:02:26 -0300] "POST /cormun/servlet/trsolicitudgral?d6583be25d14686ecc3ebf87c918bf62,gx-no-cache=1520535661363,gx-no-cache=1520539184681 HTTP/1.1" 200 10654
186.103.157.246 - - [08/Mar/2018:17:03:19 -0300] "POST /cormun/servlet/solicitudot?gx-no-cache=1520539349032 HTTP/1.1" 200 255
186.103.157.246 - - [08/Mar/2018:17:03:23 -0300] "GET /cormun/servlet/solicitudot?cbe8921e100855d49693aaba0c944492fcd956eff0829a654b4626a9333c9ea4d62ae1893937637e3c12d0369f685b45a0f57329233afd6812d60db568f2da2a36fc3daef9cc246cf43d5b710cbf51fefa4ba941f8dd77773317eed28279e2aa4f298256af5ead69d4a9a7218e5c9e31f8432ac111ee1d28562089b20555cd1a593cbf7964b06f96f98dd8e336235b0e4a63ec8777cfd3b6a979600e500acbdcb0d4071eaff95d9694a7a8d2ad7521ea66cfd287febe594a6a65df941c6fbc28a0e8a2bcee2659f61f13eea7a51e5556178ea325f79ac9886984d522755d558d00c0ffba808d7c9b36c69d0731440863da26f036872ac0363dcf3badac0a5acdafeaefebf9a1a94dacc14365ab994ae9082371702ed2c653326bb55993efc69efee2859b5d180c23606781177ebf74d4d244af13fc854dfd3d6a940f70f3656e390976bf8b783346f12650782ced76f445baf6703af77584d3bde8b93837ae5dc73009348f9cded082a6d084c155a846ea25aee7f506f26ac3d9d6312599f635,gx-no-cache=1520539352369 HTTP/1.1" 200 30
186.103.157.246 - - [08/Mar/2018:17:03:41 -0300] "POST /cormun/servlet/solicitudot?gx-no-cache=1520539370301 HTTP/1.1" 200 30
192.168.10.50 - - [08/Mar/2018:17:03:49 -0300] "POST /cormun/servlet/trsolicitudgral?d6583be25d14686ecc3ebf87c918bf62,gx-no-cache=1520535661363,gx-no-cache=1520539268200 HTTP/1.1" 200 10232
192.168.10.50 - - [08/Mar/2018:17:03:50 -0300] "GET /cormun/static/Shared/jqueryui/images/ui-bg_highlight-soft_100_c6c2c8_1x100.png HTTP/1.1" 404 1117
192.168.10.50 - - [08/Mar/2018:17:03:50 -0300] "GET /cormun/static/Shared/jqueryui/images/ui-icons_82798d_256x240.png HTTP/1.1" 404 1089
192.168.10.50 - - [08/Mar/2018:17:03:50 -0300] "GET /cormun/static/Shared/jqueryui/images/ui-icons_8d78a5_256x240.png HTTP/1.1" 404 1089
192.168.10.50 - - [08/Mar/2018:17:03:50 -0300] "GET /cormun/static/Shared/jqueryui/images/ui-bg_flat_55_fafafa_40x100.png HTTP/1.1" 404 1097
186.103.161.206 - - [08/Mar/2018:17:04:07 -0300] "GET /cormun/servlet/hlogin HTTP/1.1" 200 1717
186.103.157.246 - - [08/Mar/2018:17:04:11 -0300] "POST /cormun/servlet/solicitudot?gx-no-cache=1520539400519 HTTP/1.1" 200 1333
186.103.157.246 - - [08/Mar/2018:17:04:11 -0300] "POST /cormun/servlet/solicitudot?gx-no-cache=1520539401284 HTTP/1.1" 200 38
186.103.161.206 - - [08/Mar/2018:17:04:22 -0300] "POST /cormun/servlet/hlogin?6e91eefb75fe3b249bc00f3e379e3776,gx-no-cache=1520539412140 HTTP/1.1" 200 90
186.103.161.206 - - [08/Mar/2018:17:04:22 -0300] "GET /cormun/servlet/hpexe_link HTTP/1.1" 200 954
186.103.161.206 - - [08/Mar/2018:17:04:23 -0300] "GET /cormun/servlet/trsolicitudot HTTP/1.1" 200 7411
186.103.161.206 - - [08/Mar/2018:17:04:25 -0300] "GET /cormun/servlet/trsolicitudot HTTP/1.1" 200 7410
186.103.157.246 - - [08/Mar/2018:17:04:27 -0300] "POST /cormun/servlet/solicitudot?gx-no-cache=1520539417136 HTTP/1.1" 200 30
192.168.10.96 - - [08/Mar/2018:17:04:28 -0300] "GET /cormun/servlet/trfuncionariobloqueados? HTTP/1.1" 200 8949
192.168.10.96 - - [08/Mar/2018:17:04:28 -0300] "GET /cormun/static/gxcfg.js?201812320593311 HTTP/1.1" 304 -
192.168.10.96 - - [08/Mar/2018:17:04:29 -0300] "GET /cormun/servlet/hlogin HTTP/1.1" 200 1740
192.168.10.96 - - [08/Mar/2018:17:04:29 -0300] "GET /cormun/servlet/trfuncionariobloqueados? HTTP/1.1" 200 8947
186.103.161.206 - - [08/Mar/2018:17:04:31 -0300] "GET /cormun/servlet/trsolicitudot? HTTP/1.1" 200 7410
186.103.161.206 - - [08/Mar/2018:17:04:32 -0300] "GET /cormun/servlet/trsolicitudot? HTTP/1.1" 200 7410
186.103.157.246 - - [08/Mar/2018:17:04:34 -0300] "POST /cormun/servlet/solicitudot?gx-no-cache=1520539423569 HTTP/1.1" 200 1333
186.103.157.246 - - [08/Mar/2018:17:04:34 -0300] "POST /cormun/servlet/solicitudot?gx-no-cache=1520539423747 HTTP/1.1" 200 38
186.103.161.206 - - [08/Mar/2018:17:04:35 -0300] "GET /cormun/servlet/solicitudot?INS,0,0, HTTP/1.1" 200 13643
186.103.161.206 - - [08/Mar/2018:17:04:37 -0300] "GET /cormun/servlet/solicitudot?INS,0,0, HTTP/1.1" 200 13648
192.168.10.96 - - [08/Mar/2018:17:04:38 -0300] "POST /cormun/servlet/hlogin?0f5366ab3714cef62e04a2a456a5da01,gx-no-cache=1520539316498 HTTP/1.1" 200 90
192.168.10.96 - - [08/Mar/2018:17:04:38 -0300] "GET /cormun/servlet/hpexe_link HTTP/1.1" 200 959
192.168.10.96 - - [08/Mar/2018:17:04:38 -0300] "GET /cormun/servlet/trfuncionariobloqueados HTTP/1.1" 200 10263
192.168.10.96 - - [08/Mar/2018:17:04:38 -0300] "GET /cormun/servlet/trfuncionariobloqueados HTTP/1.1" 200 10262
192.168.10.96 - - [08/Mar/2018:17:04:41 -0300] "GET /cormun/servlet/trfuncionariobloqueados? HTTP/1.1" 200 10262
192.168.10.96 - - [08/Mar/2018:17:04:41 -0300] "GET /cormun/servlet/trfuncionariobloqueados? HTTP/1.1" 200 10262
192.168.10.96 - - [08/Mar/2018:17:04:54 -0300] "POST /cormun/servlet/trfuncionariobloqueados?0f5366ab3714cef62e04a2a456a5da01,,gx-no-cache=1520539332978 HTTP/1.1" 200 7578
200.111.122.170 - - [08/Mar/2018:17:04:55 -0300] "POST /cormun/servlet/solicitudot?gx-no-cache=1520539445263 HTTP/1.1" 200 3405
200.111.122.170 - - [08/Mar/2018:17:04:56 -0300] "POST /cormun/servlet/solicitudot?6e91eefb75fe3b249bc00f3e379e3776,INS,0,0,,gx-no-cache=1520539445646 HTTP/1.1" 200 10579
192.168.10.96 - - [08/Mar/2018:17:04:56 -0300] "POST /cormun/servlet/trfuncionariobloqueados?0f5366ab3714cef62e04a2a456a5da01,,gx-no-cache=1520539334896 HTTP/1.1" 200 6410
192.168.10.96 - - [08/Mar/2018:17:04:59 -0300] "GET /cormun/servlet/funcionariobloqueados?DLT,13531148, HTTP/1.1" 200 6020
192.168.10.96 - - [08/Mar/2018:17:04:59 -0300] "GET /cormun/static/gxcfg.js?2018123205875 HTTP/1.1" 304 -
192.168.10.96 - - [08/Mar/2018:17:04:59 -0300] "GET /cormun/static/funcionariobloqueados.js?20181232058712 HTTP/1.1" 304 -
192.168.10.96 - - [08/Mar/2018:17:04:59 -0300] "GET /cormun/static/Shared/jqueryui/images/ui-bg_highlight-soft_100_c6c2c8_1x100.png HTTP/1.1" 404 1117
192.168.10.96 - - [08/Mar/2018:17:04:59 -0300] "GET /cormun/static/Shared/jqueryui/images/ui-icons_82798d_256x240.png HTTP/1.1" 404 1089
192.168.10.96 - - [08/Mar/2018:17:04:59 -0300] "GET /cormun/static/Shared/jqueryui/images/ui-bg_flat_55_fafafa_40x100.png HTTP/1.1" 404 1097
192.168.10.96 - - [08/Mar/2018:17:04:59 -0300] "GET /cormun/static/Shared/jqueryui/images/ui-icons_8d78a5_256x240.png HTTP/1.1" 404 1089
192.168.10.96 - - [08/Mar/2018:17:04:59 -0300] "GET /cormun/servlet/funcionariobloqueados?DLT,13531148, HTTP/1.1" 200 6021
192.168.10.96 - - [08/Mar/2018:17:05:00 -0300] "POST /cormun/servlet/funcionariobloqueados?0f5366ab3714cef62e04a2a456a5da01,DLT,13531148,,gx-no-cache=1520539339028 HTTP/1.1" 200 93
192.168.10.96 - - [08/Mar/2018:17:05:00 -0300] "GET /cormun/servlet/hpexe_return? HTTP/1.1" 200 1015
192.168.10.96 - - [08/Mar/2018:17:05:00 -0300] "GET /cormun/servlet/trfuncionariobloqueados? HTTP/1.1" 200 8998
192.168.10.96 - - [08/Mar/2018:17:05:01 -0300] "GET /cormun/servlet/trfuncionariobloqueados? HTTP/1.1" 200 8994
200.111.122.170 - - [08/Mar/2018:17:05:03 -0300] "GET /cormun/servlet/solicitudot?481a2208ca1c1781a7572eee9dd93ef15d9d2f85d0c9644622ce2aa31a67f0f5d3b4e0fb7bbc31c5e16d96757bab002d,gx-no-cache=1520539453051 HTTP/1.1" 200 30
200.111.122.170 - - [08/Mar/2018:17:05:03 -0300] "GET /cormun/servlet/solicitudot?481a2208ca1c1781a7572eee9dd93ef1176813de10176fc30090832c47c74edd0f7b2424556306a33c9655e8d19444e8,gx-no-cache=1520539453212 HTTP/1.1" 200 30
200.111.122.170 - - [08/Mar/2018:17:05:04 -0300] "GET /cormun/servlet/solicitudot?481a2208ca1c1781a7572eee9dd93ef1a5a752a2cf562151fa11dc637dcff52e,gx-no-cache=1520539453316 HTTP/1.1" 200 53
200.111.122.170 - - [08/Mar/2018:17:05:04 -0300] "POST /cormun/servlet/solicitudot?gx-no-cache=1520539453716 HTTP/1.1" 200 255
200.111.122.170 - - [08/Mar/2018:17:05:04 -0300] "GET /cormun/servlet/solicitudot?481a2208ca1c1781a7572eee9dd93ef11264ad905058ef017c4e196756cb1d031db57ea7fd5f82961aac0143e8992a011dff9ac353239f0c5504c339b0944ab4861354161e382a03540ff9f2061a3ab61374c5ff939888929f4ecdb59696d6a7d2e11dfeb3e732966a18815b260fd275d1fcfd7f7841289951a409493950660e1343a6fe2169ae07f12ba155dbe862f734045174b7a43d64b24efb8c23d25ec07eef7552f33c06186d77d72f979168074111432efc7c744590975ad63753bde8aa88f92a89f56b98d1594a41ceff3779568724d197e3c061fe6ab92c45312b6f58b2ea713a3c0b77121b3e4232e37d476f1babaa2ec3793f7e06c0de7a98a6a92610611d05167e70677cebcaa52498a9bf6f1bb1baab968833a27997fb3e7f1e81b892c688c7127fe8d06ec06f18bce9714204704172df721ef03f62ef463f42e7298dc16f16314ffdf45738f2a35f687a487039c190e1fdd89e3cf29af4ff8ba11752b9e9de59583b3fc5679236e34832cdf9ad4fd68a35fa5d698ec7723ff2,gx-no-cache=1520539453864 HTTP/1.1" 200 30
200.111.122.170 - - [08/Mar/2018:17:05:07 -0300] "POST /cormun/servlet/solicitudot?gx-no-cache=1520539457329 HTTP/1.1" 200 30
186.103.157.246 - - [08/Mar/2018:17:05:12 -0300] "GET /cormun/servlet/solicitudot?cbe8921e100855d49693aaba0c9444926a1cf578a8e7c3b186ad67cc4db97ab80ee16b8bb118dc4b580aed157defdc1d26e2c33aa328492c13a7024fddd1bf7a0ffc3b6176ad1326210d9fe39bae0f706f15ce9486148f07c4050adc49b2dfc1cb3bf53a34b9c3aeecc7febabf5d7729,gx-no-cache=1520539456468 HTTP/1.1" 200 29
200.111.122.170 - - [08/Mar/2018:17:05:12 -0300] "GET /cormun/servlet/prsolicitudot?12912178,,,,,MD,,gxPopupLevel%3D0%3B HTTP/1.1" 200 5997
192.168.10.96 - - [08/Mar/2018:17:05:13 -0300] "GET /cormun/servlet/trsolicitudgral? HTTP/1.1" 200 28335
192.168.10.96 - - [08/Mar/2018:17:05:13 -0300] "GET /cormun/static/trsolicitudgral.js?201813119462015 HTTP/1.1" 304 -
192.168.10.96 - - [08/Mar/2018:17:05:15 -0300] "GET /cormun/servlet/trsolicitudgral? HTTP/1.1" 200 28337
200.111.122.170 - - [08/Mar/2018:17:05:19 -0300] "POST /cormun/servlet/solicitudot?gx-no-cache=1520539468527 HTTP/1.1" 200 1337
