200.120.230.197 - - [08/Mar/2018:12:13:06 -0300] "GET /cormun/servlet/solicitudot?63d9a9840371a7be91da6b1098c2d24303c62575e035e006864bbdffd0d9bac0cd3177464513ff978f8a315f61500ae8f7ac6953393a3621570861a99149e27bbd49bd2640f95de8def568c40b58e143666fced3d9e859e333b26c36dc91df26d89b69fc09da8d71f532a2a1c9effe5bed926bece99622be3d9b72f75688e7ec03fbcb76599e616da4fead3047d8477820bdb49af0429dc62788ac838ddebd97833ca513624c480dc215312a3fbd1b59a5eebf3d1d149a2b26518b963115f692c6f832f96cfa7e9e6411cc5d96dc288c97fdcaf7b4dec7435ab2d341e5b83bfca5eee7fe540e08b5cb0a7a4cfc2191f4f2d007efc456255c792bf8550e28752425b0c8947747c179155e87040b70f4db04340ae6b4ed8e9af6bc73d1ef72acf1511e3a03c3518ed61c6b109f5d66c7a10cfbdd8d3c8418de0ba75d7ab3ffe26b8cd5da77983ef0efcd52f27c1e2ca42dd2119862305b569110edeee4343d7c9a0d9982d7dfce7c94a87caef12ed32d494db29775ae838cd0c70e0b70a8d9574b,gx-no-cache=1520521939333 HTTP/1.1" 200 30
200.86.99.60 - - [08/Mar/2018:12:13:06 -0300] "GET /cormun/servlet/solicitudot?76d28c5fcb7957766d2380f15f27625568137fc23d0efc64a32b38d26404f306df4ef03818c17ec22e211bbf767026c6,gx-no-cache=1520521937464 HTTP/1.1" 200 30
200.86.99.60 - - [08/Mar/2018:12:13:06 -0300] "POST /cormun/servlet/solicitudot?gx-no-cache=1520521937533 HTTP/1.1" 200 30
200.120.230.197 - - [08/Mar/2018:12:13:06 -0300] "POST /cormun/servlet/solicitudot?gx-no-cache=1520521939409 HTTP/1.1" 200 30
200.120.230.197 - - [08/Mar/2018:12:13:07 -0300] "POST /cormun/servlet/solicitudot?gx-no-cache=1520521939540 HTTP/1.1" 200 1337
200.86.99.60 - - [08/Mar/2018:12:13:07 -0300] "POST /cormun/servlet/solicitudot?2a49631305fc7667a39c2c8ce95faee1,INS,0,0,,gx-no-cache=1520521937644 HTTP/1.1" 200 93
200.120.230.197 - - [08/Mar/2018:12:13:07 -0300] "POST /cormun/servlet/solicitudot?gx-no-cache=1520521939780 HTTP/1.1" 200 38
200.86.99.60 - - [08/Mar/2018:12:13:07 -0300] "GET /cormun/servlet/hpexe_return? HTTP/1.1" 200 1008
200.120.230.197 - - [08/Mar/2018:12:13:07 -0300] "POST /cormun/servlet/solicitudot?gx-no-cache=1520521939874 HTTP/1.1" 200 1319
200.120.230.197 - - [08/Mar/2018:12:13:07 -0300] "POST /cormun/servlet/solicitudot?gx-no-cache=1520521939989 HTTP/1.1" 200 1218
200.86.99.60 - - [08/Mar/2018:12:13:07 -0300] "GET /cormun/servlet/trsolicitudot? HTTP/1.1" 200 7415
200.120.230.197 - - [08/Mar/2018:12:13:07 -0300] "GET /cormun/static/menuarrow.gif HTTP/1.1" 404 1015
200.86.99.60 - - [08/Mar/2018:12:13:09 -0300] "GET /cormun/servlet/trsolicitudot? HTTP/1.1" 200 7412
200.120.230.197 - - [08/Mar/2018:12:13:09 -0300] "POST /cormun/servlet/solicitudot?gx-no-cache=1520521941804 HTTP/1.1" 200 255
200.120.230.197 - - [08/Mar/2018:12:13:09 -0300] "GET /cormun/servlet/solicitudot?63d9a9840371a7be91da6b1098c2d24303c62575e035e006864bbdffd0d9bac0cd3177464513ff978f8a315f61500ae8f7ac6953393a3621570861a99149e27bbd49bd2640f95de8def568c40b58e143666fced3d9e859e333b26c36dc91df26d89b69fc09da8d71f532a2a1c9effe5bed926bece99622be3d9b72f75688e7ec03fbcb76599e616da4fead3047d8477820bdb49af0429dc62788ac838ddebd97833ca513624c480dc215312a3fbd1b59a5eebf3d1d149a2b26518b963115f692c6f832f96cfa7e9e6411cc5d96dc288c97fdcaf7b4dec7435ab2d341e5b83bfca5eee7fe540e08b5cb0a7a4cfc2191f4f2d007efc456255c792bf8550e28752425b0c8947747c179155e87040b70f4db04340ae6b4ed8e9af6bc73d1ef72acf1511e3a03c3518ed61c6b109f5d66c7a10cfbdd8d3c8418de0ba75d7ab3ffe26b8cd5da77983ef0efcd52f27c1e2ca42dd2119862305b569110edeee4343d7c9a0d9982d7dfce7c94a87caef12ed32d494db29775ae838cd0c70e0b70a8d9574b,gx-no-cache=1520521941896 HTTP/1.1" 200 30
200.120.230.197 - - [08/Mar/2018:12:13:09 -0300] "POST /cormun/servlet/solicitudot?gx-no-cache=1520521942393 HTTP/1.1" 200 30
200.120.230.197 - - [08/Mar/2018:12:13:10 -0300] "POST /cormun/servlet/solicitudot?gx-no-cache=1520521942470 HTTP/1.1" 200 1337
200.120.230.197 - - [08/Mar/2018:12:13:10 -0300] "POST /cormun/servlet/solicitudot?gx-no-cache=1520521942600 HTTP/1.1" 200 38
200.120.230.197 - - [08/Mar/2018:12:13:10 -0300] "POST /cormun/servlet/solicitudot?gx-no-cache=1520521942704 HTTP/1.1" 200 1319
200.120.230.197 - - [08/Mar/2018:12:13:10 -0300] "POST /cormun/servlet/solicitudot?gx-no-cache=1520521942835 HTTP/1.1" 200 1218
200.120.230.197 - - [08/Mar/2018:12:13:12 -0300] "GET /cormun/servlet/solicitudot?63d9a9840371a7be91da6b1098c2d24308e205ed3db80c7e1b195b53616616bd2e07117073c3218833d809ee1c76a372,gx-no-cache=1520521944649 HTTP/1.1" 200 30
200.86.99.60 - - [08/Mar/2018:12:13:14 -0300] "GET /cormun/servlet/trautorizarsolicitud? HTTP/1.1" 200 7271
200.86.99.60 - - [08/Mar/2018:12:13:15 -0300] "GET /cormun/servlet/trautorizarsolicitud? HTTP/1.1" 200 7270
200.120.230.197 - - [08/Mar/2018:12:13:17 -0300] "POST /cormun/servlet/solicitudot?gx-no-cache=1520521949914 HTTP/1.1" 200 30
200.86.99.60 - - [08/Mar/2018:12:13:22 -0300] "POST /cormun/servlet/trautorizarsolicitud?2a49631305fc7667a39c2c8ce95faee1,,gx-no-cache=1520521952484 HTTP/1.1" 200 4411
200.86.99.60 - - [08/Mar/2018:12:13:27 -0300] "GET /cormun/servlet/trvisualizadoreventos? HTTP/1.1" 200 6902
200.86.99.60 - - [08/Mar/2018:12:13:28 -0300] "GET /cormun/servlet/trvisualizadoreventos? HTTP/1.1" 200 6901
200.86.99.60 - - [08/Mar/2018:12:13:34 -0300] "GET /cormun/servlet/trsolicitudot? HTTP/1.1" 200 7412
200.86.99.60 - - [08/Mar/2018:12:13:35 -0300] "GET /cormun/servlet/trsolicitudot? HTTP/1.1" 200 7412
200.86.99.60 - - [08/Mar/2018:12:13:39 -0300] "POST /cormun/servlet/trsolicitudot?2a49631305fc7667a39c2c8ce95faee1,,gx-no-cache=1520521970371 HTTP/1.1" 200 4508
200.120.230.197 - - [08/Mar/2018:12:13:42 -0300] "POST /cormun/servlet/solicitudot?f9bf174c160b9dca92ed67fe4dbe6558,INS,0,0,,gx-no-cache=1520521974483 HTTP/1.1" 200 11930
200.86.99.60 - - [08/Mar/2018:12:13:50 -0300] "POST /cormun/servlet/trsolicitudot?2a49631305fc7667a39c2c8ce95faee1,,gx-no-cache=1520521980637 HTTP/1.1" 200 4512
186.103.159.182 - - [08/Mar/2018:12:13:51 -0300] "GET /cormun/servlet/solicitudotcontratos?INS,2018,0,17811729,7,2,2017,2356,INTEGRACION,201801,30,*, HTTP/1.1" 200 10019
200.86.99.60 - - [08/Mar/2018:12:13:52 -0300] "GET /cormun/servlet/solicitudot?INS,0,0, HTTP/1.1" 200 13605
186.103.159.182 - - [08/Mar/2018:12:13:53 -0300] "GET /cormun/servlet/solicitudotcontratos?INS,2018,0,17811729,7,2,2017,2356,INTEGRACION,201801,30,*, HTTP/1.1" 200 10030
200.86.99.60 - - [08/Mar/2018:12:13:53 -0300] "GET /cormun/servlet/solicitudot?INS,0,0, HTTP/1.1" 200 13610
186.103.159.182 - - [08/Mar/2018:12:13:53 -0300] "GET /cormun/servlet/solicitudotcontratos?acd7307279a3c872a99112d8890a4b1718e44f5fb04566446d4d867c2a0aef46355c311d02d9084b6c89539e7ab5a17f,gx-no-cache=1520521931759 HTTP/1.1" 200 30
186.103.159.182 - - [08/Mar/2018:12:13:53 -0300] "GET /cormun/servlet/solicitudotcontratos?acd7307279a3c872a99112d8890a4b172f0cd9b1faf4b63a09aca3de0909b46718c16426d5285e6d2a3a5b800fa661e2,gx-no-cache=1520521931847 HTTP/1.1" 200 30
186.103.159.182 - - [08/Mar/2018:12:13:53 -0300] "GET /cormun/servlet/solicitudotcontratos?acd7307279a3c872a99112d8890a4b171cc06ea9c1cf5e0aa5407036cacf6cdeab6e310ff24cd09de3de55926a91f0dc605121236eee636d753c6e7578addfdba4b5c58492752df9b4c446f398c35a8825d3c469eb12047bc78c388279efd25467f06bdde7e42db2eb4ee2bdba734ae5e46a2a7efdeaed736dbb7cdf941a0758,gx-no-cache=1520521931901 HTTP/1.1" 200 48
186.103.159.182 - - [08/Mar/2018:12:13:53 -0300] "GET /cormun/servlet/solicitudotcontratos?acd7307279a3c872a99112d8890a4b17f786c97c858a77d58ad379093199ca62d1b618f6dfc638de324d4e924cd6e6ad,gx-no-cache=1520521931950 HTTP/1.1" 200 30
186.103.159.182 - - [08/Mar/2018:12:13:53 -0300] "GET /cormun/servlet/solicitudotcontratos?acd7307279a3c872a99112d8890a4b170517f4078d69a84ce9db03869e8a0a704481c57ae477aab4a899780ff7dbea45d55dddbc179d818962c860e33eae93d30ef9444d4badb671e12f07d6a1f7cc848c0c3e0122fe6c42362d897f358a0d3246f441392f46c3e8f37988503d673fbc,gx-no-cache=1520521931995 HTTP/1.1" 200 30
186.103.159.182 - - [08/Mar/2018:12:13:54 -0300] "GET /cormun/servlet/solicitudotcontratos?acd7307279a3c872a99112d8890a4b170bba0abd29c4d579cb017ed40d2c257309c17a2661561ea6f9d3d589e8dcb4933dcde463f05143ff379a9add593c14e41c6c0c1bf2ebf971fa943b2a5f2e6d52debaa5b704f976a4370574ea7bb4f8b02b9916fe7cd7023ed73e754a272d36c247324f041efc1e3a7519f789f1dffcc692ddaff702616886bcfb3abd720a3237ce2a973c8838e624202a76cce7a0f9f1a6e95ab69e28028bac17f90b4dcb8fd99afec32c027a06b6b6714089e257feaab80c81a94705e3d7405ca413536d763fbe2e281c53a0e492b5fa9b9d458ae53f540f41c0307cced5f413005892761e8ef489fde0da575619df6f6ddfb468781e427f3cb6a473225f38d3182bccc7a0de5fac07b50f39add98e8d4dd04a90776d8017eab2e99ec29684a4585cbbe9968c28b5d7a3507692e2d30803468b7b392ab064103c8461f3a06cffddcdcd425cc01049fcb7b324cc95d7c41c09dab05d859e5a57851d68822d16dc391841245dbf5fac07b50f39add98e8d4dd04a90776d2ef7e55934d246ba719d594b3146afe57c7a4071a6fb83bd6a867686531785d9ac86ac359e4f81cbed83815db05a744c27e188e026010417786c8a8bf77fb017,gx-no-cache=1520521932047 HTTP/1.1" 200 83
200.86.99.60 - - [08/Mar/2018:12:13:56 -0300] "POST /cormun/servlet/solicitudot?2a49631305fc7667a39c2c8ce95faee1,INS,0,0,,gx-no-cache=1520521987503 HTTP/1.1" 200 93
200.86.99.60 - - [08/Mar/2018:12:13:57 -0300] "GET /cormun/servlet/hpexe_return? HTTP/1.1" 200 1008
200.86.99.60 - - [08/Mar/2018:12:13:57 -0300] "GET /cormun/servlet/trsolicitudot? HTTP/1.1" 200 7418
200.86.99.60 - - [08/Mar/2018:12:13:58 -0300] "GET /cormun/servlet/trsolicitudot? HTTP/1.1" 200 7414
200.86.99.60 - - [08/Mar/2018:12:14:03 -0300] "GET /cormun/servlet/trsolicitudot? HTTP/1.1" 200 7414
200.86.99.60 - - [08/Mar/2018:12:14:04 -0300] "GET /cormun/servlet/trsolicitudot? HTTP/1.1" 200 7414
200.86.99.60 - - [08/Mar/2018:12:14:08 -0300] "GET /cormun/servlet/trautorizarsolicitud? HTTP/1.1" 200 7272
200.86.99.60 - - [08/Mar/2018:12:14:09 -0300] "GET /cormun/servlet/trautorizarsolicitud? HTTP/1.1" 200 7272
186.103.159.182 - - [08/Mar/2018:12:14:09 -0300] "POST /cormun/servlet/solicitudotcontratos?66801812e806bc38704c58e34e8611db,INS,2018,0,17811729,7,2,2017,2356,INTEGRACION,201801,30,*,,gx-no-cache=1520521947749 HTTP/1.1" 200 10820
186.103.159.182 - - [08/Mar/2018:12:14:10 -0300] "POST /cormun/servlet/solicitudotcontratos?gx-no-cache=1520521948172 HTTP/1.1" 200 1320
186.103.159.182 - - [08/Mar/2018:12:14:10 -0300] "POST /cormun/servlet/solicitudotcontratos?gx-no-cache=1520521948276 HTTP/1.1" 200 1218
186.103.159.182 - - [08/Mar/2018:12:14:10 -0300] "GET /cormun/servlet/solicitudotcontratos?acd7307279a3c872a99112d8890a4b17fcb8da2ae3d619d2986d2ec15f1994b6863df269141f540ea4a898e381fd4fbed212ff4276c17a04dd9bf3f4da86527b09b3d82e968e9426fdc828e4fc272594464cd83a83523cd3510337e497dfe31f1620963abdc449baaab4432cbffb00b6e2b21f8f124f55b5cad26131900fd6d0,gx-no-cache=1520521948938 HTTP/1.1" 200 30
186.103.159.182 - - [08/Mar/2018:12:14:11 -0300] "POST /cormun/servlet/solicitudotcontratos?66801812e806bc38704c58e34e8611db,INS,2018,0,17811729,7,2,2017,2356,INTEGRACION,201801,30,*,,gx-no-cache=1520521948987 HTTP/1.1" 200 93
186.103.159.182 - - [08/Mar/2018:12:14:11 -0300] "GET /cormun/servlet/hpexe_return? HTTP/1.1" 200 1071
186.103.159.182 - - [08/Mar/2018:12:14:11 -0300] "GET /cormun/servlet/trcontratosolicitud?gx-no-cache=1520521768107 HTTP/1.1" 200 14906
200.86.99.60 - - [08/Mar/2018:12:14:12 -0300] "POST /cormun/servlet/trautorizarsolicitud?2a49631305fc7667a39c2c8ce95faee1,,gx-no-cache=1520522002563 HTTP/1.1" 200 4411
186.103.159.182 - - [08/Mar/2018:12:14:13 -0300] "GET /cormun/servlet/trcontratosolicitud?gx-no-cache=1520521768107 HTTP/1.1" 200 14918
200.86.99.60 - - [08/Mar/2018:12:14:20 -0300] "POST /cormun/servlet/trautorizarsolicitud?2a49631305fc7667a39c2c8ce95faee1,,gx-no-cache=1520522011078 HTTP/1.1" 200 7296
186.79.103.20 - - [08/Mar/2018:12:14:27 -0300] "GET /cormun/servlet/solicitudot?63d9a9840371a7be91da6b1098c2d2438b1869de709ea99032eef636483761339718363edc4492b741185fb1c58bca5bc8ed8056d6d29453d256b12766a9ac30,gx-no-cache=1520522019741 HTTP/1.1" 200 30
186.79.103.20 - - [08/Mar/2018:12:14:27 -0300] "POST /cormun/servlet/solicitudot?gx-no-cache=1520522020107 HTTP/1.1" 200 255
186.79.103.20 - - [08/Mar/2018:12:14:27 -0300] "GET /cormun/servlet/solicitudot?63d9a9840371a7be91da6b1098c2d24303c62575e035e006864bbdffd0d9bac0cd3177464513ff978f8a315f61500ae8f7ac6953393a3621570861a99149e27bbd49bd2640f95de8def568c40b58e143666fced3d9e859e333b26c36dc91df26d89b69fc09da8d71f532a2a1c9effe5bed926bece99622be3d9b72f75688e7ec03fbcb76599e616da4fead3047d8477820bdb49af0429dc62788ac838ddebd97833ca513624c480dc215312a3fbd1b59a5eebf3d1d149a2b26518b963115f692c6f832f96cfa7e9e6411cc5d96dc288c97fdcaf7b4dec7435ab2d341e5b83bfca5eee7fe540e08b5cb0a7a4cfc2191f4f2d007efc456255c792bf8550e28752425b0c8947747c179155e87040b70f4db04340ae6b4ed8e9af6bc73d1ef72acf1511e3a03c3518ed61c6b109f5d66c7a10cfbdd8d3c8418de0ba75d7ab3ffe26b8cd5da77983ef0efcd52f27c1e2ca42dd2119862305b569110edeee4343d7c9a0d9982d7dfce7c94a87caef12ed32d494db29775ae838cd0c70e0b70a8d9574b,gx-no-cache=1520522020251 HTTP/1.1" 200 30
186.79.103.20 - - [08/Mar/2018:12:14:27 -0300] "POST /cormun/servlet/solicitudot?gx-no-cache=1520522020369 HTTP/1.1" 200 30
186.79.103.20 - - [08/Mar/2018:12:14:28 -0300] "POST /cormun/servlet/solicitudot?gx-no-cache=1520522020499 HTTP/1.1" 200 1337
186.79.103.20 - - [08/Mar/2018:12:14:28 -0300] "POST /cormun/servlet/solicitudot?gx-no-cache=1520522020760 HTTP/1.1" 200 41
186.79.103.20 - - [08/Mar/2018:12:14:28 -0300] "POST /cormun/servlet/solicitudot?gx-no-cache=1520522020881 HTTP/1.1" 200 1319
186.79.103.20 - - [08/Mar/2018:12:14:28 -0300] "POST /cormun/servlet/solicitudot?gx-no-cache=1520522021109 HTTP/1.1" 200 1218
186.79.103.20 - - [08/Mar/2018:12:14:28 -0300] "GET /cormun/servlet/solicitudot?63d9a9840371a7be91da6b1098c2d24308e205ed3db80c7e1b195b53616616bd2e07117073c3218833d809ee1c76a372,gx-no-cache=1520522021287 HTTP/1.1" 200 30
186.79.103.20 - - [08/Mar/2018:12:14:28 -0300] "POST /cormun/servlet/solicitudot?gx-no-cache=1520522021412 HTTP/1.1" 200 30
186.79.103.20 - - [08/Mar/2018:12:14:29 -0300] "POST /cormun/servlet/solicitudot?f9bf174c160b9dca92ed67fe4dbe6558,INS,0,0,,gx-no-cache=1520522021557 HTTP/1.1" 200 11987
186.103.159.182 - - [08/Mar/2018:12:14:33 -0300] "GET /cormun/servlet/solicitudotcontratos?INS,2018,0,18798473,4,2,2017,4936,INTEGRACION,201801,23,*, HTTP/1.1" 200 10035
200.86.99.60 - - [08/Mar/2018:12:14:34 -0300] "POST /cormun/servlet/trautorizarsolicitud?2a49631305fc7667a39c2c8ce95faee1,,gx-no-cache=1520522024517 HTTP/1.1" 200 7309
200.86.99.60 - - [08/Mar/2018:12:14:34 -0300] "GET /cormun/static/Shared/jqueryui/images/ui-bg_highlight-soft_100_c6c2c8_1x100.png HTTP/1.1" 404 1117
200.86.99.60 - - [08/Mar/2018:12:14:34 -0300] "GET /cormun/static/Shared/jqueryui/images/ui-icons_82798d_256x240.png HTTP/1.1" 404 1089
200.86.99.60 - - [08/Mar/2018:12:14:34 -0300] "GET /cormun/static/Shared/jqueryui/images/ui-bg_flat_55_fafafa_40x100.png HTTP/1.1" 404 1097
200.86.99.60 - - [08/Mar/2018:12:14:34 -0300] "GET /cormun/static/Shared/jqueryui/images/ui-icons_8d78a5_256x240.png HTTP/1.1" 404 1089
186.103.159.182 - - [08/Mar/2018:12:14:35 -0300] "GET /cormun/servlet/solicitudotcontratos?INS,2018,0,18798473,4,2,2017,4936,INTEGRACION,201801,23,*, HTTP/1.1" 200 10047
186.103.159.182 - - [08/Mar/2018:12:14:36 -0300] "GET /cormun/servlet/solicitudotcontratos?acd7307279a3c872a99112d8890a4b1763db7a8b094a951fa138a807fe1f2913355c311d02d9084b6c89539e7ab5a17f,gx-no-cache=1520521974074 HTTP/1.1" 200 30
186.103.159.182 - - [08/Mar/2018:12:14:36 -0300] "GET /cormun/servlet/solicitudotcontratos?acd7307279a3c872a99112d8890a4b170f0b2fdfdcd0ec97ec7f8b83e4d34a1318c16426d5285e6d2a3a5b800fa661e2,gx-no-cache=1520521974233 HTTP/1.1" 200 30
186.103.159.182 - - [08/Mar/2018:12:14:36 -0300] "GET /cormun/servlet/solicitudotcontratos?acd7307279a3c872a99112d8890a4b171cc06ea9c1cf5e0aa5407036cacf6cdeab6e310ff24cd09de3de55926a91f0dc605121236eee636d753c6e7578addfdba4b5c58492752df9b4c446f398c35a8825d3c469eb12047bc78c388279efd25467f06bdde7e42db2eb4ee2bdba734ae5e46a2a7efdeaed736dbb7cdf941a0758,gx-no-cache=1520521974300 HTTP/1.1" 200 48
186.103.159.182 - - [08/Mar/2018:12:14:36 -0300] "GET /cormun/servlet/solicitudotcontratos?acd7307279a3c872a99112d8890a4b178af26200a6deb54aa9384e3bc434c481fd6f25c1db14f4468e1ad3959c352662,gx-no-cache=1520521974379 HTTP/1.1" 200 30
186.103.159.182 - - [08/Mar/2018:12:14:36 -0300] "GET /cormun/servlet/solicitudotcontratos?acd7307279a3c872a99112d8890a4b170517f4078d69a84ce9db03869e8a0a704481c57ae477aab4a899780ff7dbea45d55dddbc179d818962c860e33eae93d30ef9444d4badb671e12f07d6a1f7cc848c0c3e0122fe6c42362d897f358a0d3246f441392f46c3e8f37988503d673fbc,gx-no-cache=1520521974451 HTTP/1.1" 200 30
186.103.159.182 - - [08/Mar/2018:12:14:36 -0300] "GET /cormun/servlet/solicitudotcontratos?acd7307279a3c872a99112d8890a4b170bba0abd29c4d579cb017ed40d2c257309c17a2661561ea6f9d3d589e8dcb4933dcde463f05143ff379a9add593c14e41c6c0c1bf2ebf971fa943b2a5f2e6d52debaa5b704f976a4370574ea7bb4f8b02b9916fe7cd7023ed73e754a272d36c247324f041efc1e3a7519f789f1dffcc692ddaff702616886bcfb3abd720a3237ce2a973c8838e624202a76cce7a0f9f1a6e95ab69e28028bac17f90b4dcb8fd99afec32c027a06b6b6714089e257feaab80c81a94705e3d7405ca413536d763fbe2e281c53a0e492b5fa9b9d458ae53f540f41c0307cced5f413005892761e8ef489fde0da575619df6f6ddfb468781e427f3cb6a473225f38d3182bccc7a0de5fac07b50f39add98e8d4dd04a90776d8017eab2e99ec29684a4585cbbe9968c28b5d7a3507692e2d30803468b7b392ab064103c8461f3a06cffddcdcd425cc01049fcb7b324cc95d7c41c09dab05d859e5a57851d68822d16dc391841245dbf5fac07b50f39add98e8d4dd04a90776d2ef7e55934d246ba719d594b3146afe57c7a4071a6fb83bd6a867686531785d9ac86ac359e4f81cbed83815db05a744c27e188e026010417786c8a8bf77fb017,gx-no-cache=1520521974554 HTTP/1.1" 200 83
200.86.99.60 - - [08/Mar/2018:12:14:40 -0300] "POST /cormun/servlet/trautorizarsolicitud?2a49631305fc7667a39c2c8ce95faee1,,gx-no-cache=1520522030523 HTTP/1.1" 200 7309
186.103.159.182 - - [08/Mar/2018:12:14:41 -0300] "POST /cormun/servlet/solicitudotcontratos?66801812e806bc38704c58e34e8611db,INS,2018,0,18798473,4,2,2017,4936,INTEGRACION,201801,23,*,,gx-no-cache=1520521979750 HTTP/1.1" 200 10830
200.86.99.60 - - [08/Mar/2018:12:14:42 -0300] "POST /cormun/servlet/trautorizarsolicitud?2a49631305fc7667a39c2c8ce95faee1,,gx-no-cache=1520522032676 HTTP/1.1" 200 7310
200.86.99.60 - - [08/Mar/2018:12:14:43 -0300] "POST /cormun/servlet/trautorizarsolicitud?2a49631305fc7667a39c2c8ce95faee1,,gx-no-cache=1520522034343 HTTP/1.1" 200 7308
200.86.99.60 - - [08/Mar/2018:12:14:45 -0300] "POST /cormun/servlet/trautorizarsolicitud?2a49631305fc7667a39c2c8ce95faee1,,gx-no-cache=1520522036303 HTTP/1.1" 200 7309
200.86.99.60 - - [08/Mar/2018:12:14:53 -0300] "GET /cormun/servlet/trsolicitudot? HTTP/1.1" 200 7415
200.86.99.60 - - [08/Mar/2018:12:14:54 -0300] "GET /cormun/servlet/trsolicitudot? HTTP/1.1" 200 7414
200.120.230.197 - - [08/Mar/2018:12:14:57 -0300] "GET /cormun/servlet/solicitudot?63d9a9840371a7be91da6b1098c2d2438b1869de709ea99032eef636483761339718363edc4492b741185fb1c58bca5bc8ed8056d6d29453d256b12766a9ac30,gx-no-cache=1520522049626 HTTP/1.1" 200 30
200.120.230.197 - - [08/Mar/2018:12:14:57 -0300] "POST /cormun/servlet/solicitudot?gx-no-cache=1520522049762 HTTP/1.1" 200 255
200.120.230.197 - - [08/Mar/2018:12:14:57 -0300] "GET /cormun/servlet/solicitudot?63d9a9840371a7be91da6b1098c2d24303c62575e035e006864bbdffd0d9bac0cd3177464513ff978f8a315f61500ae8f7ac6953393a3621570861a99149e27bbd49bd2640f95de8def568c40b58e143666fced3d9e859e333b26c36dc91df26d89b69fc09da8d71f532a2a1c9effe5bed926bece99622be3d9b72f75688e7ec03fbcb76599e616da4fead3047d8477820bdb49af0429dc62788ac838ddebd97833ca513624c480dc215312a3fbd1b59a5eebf3d1d149a2b26518b963115f692c6f832f96cfa7e9e6411cc5d96dc288c97fdcaf7b4dec7435ab2d341e5b83bfca5eee7fe540e08b5cb0a7a4cfc2191f4f2d007efc456255c792bf8550e28752425b0c8947747c179155e87040b70f4db04340ae6b4ed8e9af6bc73d1ef72acf1511e3a03c3518ed61c6b109f5d66c7a10cfbdd8d3c8418de0ba75d7ab3ffe26b8cd5da77983ef0efcd52f27c1e2ca42dd2119862305b569110edeee4343d7c9a0d9982d7dfce7c94a87caef12ed32d494db29775ae838cd0c70e0b70a8d9574b,gx-no-cache=1520522049854 HTTP/1.1" 200 30
200.120.230.197 - - [08/Mar/2018:12:14:57 -0300] "POST /cormun/servlet/solicitudot?gx-no-cache=1520522049913 HTTP/1.1" 200 30
200.120.230.197 - - [08/Mar/2018:12:14:57 -0300] "POST /cormun/servlet/solicitudot?gx-no-cache=1520522050010 HTTP/1.1" 200 1337
200.120.230.197 - - [08/Mar/2018:12:14:57 -0300] "POST /cormun/servlet/solicitudot?gx-no-cache=1520522050175 HTTP/1.1" 200 41
200.120.230.197 - - [08/Mar/2018:12:14:57 -0300] "POST /cormun/servlet/solicitudot?gx-no-cache=1520522050279 HTTP/1.1" 200 1319
200.120.230.197 - - [08/Mar/2018:12:14:57 -0300] "POST /cormun/servlet/solicitudot?gx-no-cache=1520522050415 HTTP/1.1" 200 1218
200.120.230.197 - - [08/Mar/2018:12:14:58 -0300] "GET /cormun/servlet/solicitudot?63d9a9840371a7be91da6b1098c2d24308e205ed3db80c7e1b195b53616616bd2e07117073c3218833d809ee1c76a372,gx-no-cache=1520522050524 HTTP/1.1" 200 30
200.120.230.197 - - [08/Mar/2018:12:14:58 -0300] "POST /cormun/servlet/solicitudot?gx-no-cache=1520522050630 HTTP/1.1" 200 30
200.120.230.197 - - [08/Mar/2018:12:14:58 -0300] "POST /cormun/servlet/solicitudot?f9bf174c160b9dca92ed67fe4dbe6558,INS,0,0,,gx-no-cache=1520522050730 HTTP/1.1" 200 12033
200.86.99.60 - - [08/Mar/2018:12:14:58 -0300] "GET /cormun/servlet/trautorizarsolicitud? HTTP/1.1" 200 10122
200.86.99.60 - - [08/Mar/2018:12:14:59 -0300] "GET /cormun/servlet/trautorizarsolicitud? HTTP/1.1" 200 10122
186.103.159.182 - - [08/Mar/2018:12:15:03 -0300] "POST /cormun/servlet/solicitudotcontratos?66801812e806bc38704c58e34e8611db,INS,2018,0,18798473,4,2,2017,4936,INTEGRACION,201801,23,*,,gx-no-cache=1520522001421 HTTP/1.1" 200 10828
186.103.159.182 - - [08/Mar/2018:12:15:03 -0300] "POST /cormun/servlet/solicitudotcontratos?gx-no-cache=1520522001974 HTTP/1.1" 200 1320
186.103.159.182 - - [08/Mar/2018:12:15:03 -0300] "POST /cormun/servlet/solicitudotcontratos?gx-no-cache=1520522002108 HTTP/1.1" 200 1218
186.103.159.182 - - [08/Mar/2018:12:15:04 -0300] "GET /cormun/servlet/solicitudotcontratos?acd7307279a3c872a99112d8890a4b17fcb8da2ae3d619d2986d2ec15f1994b6863df269141f540ea4a898e381fd4fbed212ff4276c17a04dd9bf3f4da86527b09b3d82e968e9426fdc828e4fc272594464cd83a83523cd3510337e497dfe31f1620963abdc449baaab4432cbffb00b6e2b21f8f124f55b5cad26131900fd6d0,gx-no-cache=1520522002173 HTTP/1.1" 200 30
186.103.159.182 - - [08/Mar/2018:12:15:04 -0300] "POST /cormun/servlet/solicitudotcontratos?66801812e806bc38704c58e34e8611db,INS,2018,0,18798473,4,2,2017,4936,INTEGRACION,201801,23,*,,gx-no-cache=1520522002222 HTTP/1.1" 200 93
186.103.159.182 - - [08/Mar/2018:12:15:04 -0300] "GET /cormun/servlet/hpexe_return? HTTP/1.1" 200 1074
186.103.159.182 - - [08/Mar/2018:12:15:04 -0300] "GET /cormun/servlet/trcontratosolicitud?gx-no-cache=1520521768107 HTTP/1.1" 200 14891
186.103.159.182 - - [08/Mar/2018:12:15:06 -0300] "GET /cormun/servlet/trcontratosolicitud?gx-no-cache=1520521768107 HTTP/1.1" 200 14907
200.86.99.60 - - [08/Mar/2018:12:15:14 -0300] "GET /cormun/servlet/trvisualizadoreventos? HTTP/1.1" 200 6902
200.86.99.60 - - [08/Mar/2018:12:15:15 -0300] "GET /cormun/servlet/trvisualizadoreventos? HTTP/1.1" 200 6901
200.86.99.60 - - [08/Mar/2018:12:15:20 -0300] "POST /cormun/servlet/trvisualizadoreventos?2a49631305fc7667a39c2c8ce95faee1,,gx-no-cache=1520522070558 HTTP/1.1" 200 4129
200.120.230.197 - - [08/Mar/2018:12:15:20 -0300] "POST /cormun/servlet/solicitudot?f9bf174c160b9dca92ed67fe4dbe6558,INS,0,0,,gx-no-cache=1520522072538 HTTP/1.1" 200 93
200.120.230.197 - - [08/Mar/2018:12:15:20 -0300] "GET /cormun/servlet/hpexe_return? HTTP/1.1" 200 1006
200.120.230.197 - - [08/Mar/2018:12:15:20 -0300] "GET /cormun/servlet/trsolicitudot HTTP/1.1" 200 10895
200.120.230.197 - - [08/Mar/2018:12:15:22 -0300] "GET /cormun/servlet/trsolicitudot HTTP/1.1" 200 10891
200.86.99.60 - - [08/Mar/2018:12:15:24 -0300] "POST /cormun/servlet/trvisualizadoreventos?2a49631305fc7667a39c2c8ce95faee1,,gx-no-cache=1520522074606 HTTP/1.1" 200 4131
200.120.230.197 - - [08/Mar/2018:12:15:25 -0300] "GET /cormun/servlet/solicitudot?INS,0,0, HTTP/1.1" 200 13672
200.120.230.197 - - [08/Mar/2018:12:15:27 -0300] "GET /cormun/servlet/solicitudot?INS,0,0, HTTP/1.1" 200 13677
200.86.99.60 - - [08/Mar/2018:12:15:29 -0300] "POST /cormun/servlet/trvisualizadoreventos?2a49631305fc7667a39c2c8ce95faee1,,gx-no-cache=1520522080397 HTTP/1.1" 200 4492
186.103.159.182 - - [08/Mar/2018:12:15:34 -0300] "GET /cormun/servlet/solicitudotcontratos?INS,2018,0,10264506,5,6,2017,2262,INTEGRACION,201801,14,B, HTTP/1.1" 200 10023
186.103.159.182 - - [08/Mar/2018:12:15:35 -0300] "GET /cormun/servlet/solicitudotcontratos?INS,2018,0,10264506,5,6,2017,2262,INTEGRACION,201801,14,B, HTTP/1.1" 200 10034
186.103.159.182 - - [08/Mar/2018:12:15:36 -0300] "GET /cormun/servlet/solicitudotcontratos?acd7307279a3c872a99112d8890a4b171762e910b4f91ab5aa065f59a75441f2355c311d02d9084b6c89539e7ab5a17f,gx-no-cache=1520522034548 HTTP/1.1" 200 30
186.103.159.182 - - [08/Mar/2018:12:15:36 -0300] "GET /cormun/servlet/solicitudotcontratos?acd7307279a3c872a99112d8890a4b17a52c6df80548d32472b7d4e05749ad4d18c16426d5285e6d2a3a5b800fa661e2,gx-no-cache=1520522034612 HTTP/1.1" 200 30
186.103.159.182 - - [08/Mar/2018:12:15:36 -0300] "GET /cormun/servlet/solicitudotcontratos?acd7307279a3c872a99112d8890a4b171cc06ea9c1cf5e0aa5407036cacf6cde986fc5be91894d8a08687bb9790bf863605121236eee636d753c6e7578addfdb2399ec34b1c5a68c62a93a46b1d9fee41bf4e2c3da91097850922bd4b50082d57175c10478fa116843e239b8b05524f554166c6dc2f12d65929b06c5f743e73e,gx-no-cache=1520522034668 HTTP/1.1" 200 50
186.103.159.182 - - [08/Mar/2018:12:15:36 -0300] "GET /cormun/servlet/solicitudotcontratos?acd7307279a3c872a99112d8890a4b1790fac09052b35fdc20751b8ed5acdf9887ee9ec221b3e9ac9521dba5f67b691d,gx-no-cache=1520522034735 HTTP/1.1" 200 30
186.103.159.182 - - [08/Mar/2018:12:15:36 -0300] "GET /cormun/servlet/solicitudotcontratos?acd7307279a3c872a99112d8890a4b170517f4078d69a84ce9db03869e8a0a704481c57ae477aab4a899780ff7dbea45d55dddbc179d818962c860e33eae93d30ef9444d4badb671e12f07d6a1f7cc84f6997329b2282b7e91db989ede6a938946f441392f46c3e8f37988503d673fbc,gx-no-cache=1520522034810 HTTP/1.1" 200 30
186.103.159.182 - - [08/Mar/2018:12:15:36 -0300] "GET /cormun/servlet/solicitudotcontratos?acd7307279a3c872a99112d8890a4b170bba0abd29c4d579cb017ed40d2c257309c17a2661561ea6f9d3d589e8dcb4933dcde463f05143ff379a9add593c14e41c6c0c1bf2ebf971fa943b2a5f2e6d52debaa5b704f976a4370574ea7bb4f8b02b9916fe7cd7023ed73e754a272d36c247324f041efc1e3a7519f789f1dffcc692ddaff702616886bcfb3abd720a3237ce2a973c8838e624202a76cce7a0f9f1a6e95ab69e28028bac17f90b4dcb8fd99afec32c027a06b6b6714089e257feaab80c81a94705e3d7405ca413536d763fbe2e281c53a0e492b5fa9b9d458ae53f540f41c0307cced5f413005892761e8ef489fde0da575619df6f6ddfb468781e427f3cb6a473225f38d3182bccc7a0de5fac07b50f39add98e8d4dd04a90776d8017eab2e99ec29684a4585cbbe9968c28b5d7a3507692e2d30803468b7b392ab064103c8461f3a06cffddcdcd425cc01049fcb7b324cc95d7c41c09dab05d859e5a57851d68822d16dc391841245dbf5fac07b50f39add98e8d4dd04a90776d2ef7e55934d246ba719d594b3146afe57c7a4071a6fb83bd6a867686531785d9ac86ac359e4f81cbed83815db05a744c27e188e026010417786c8a8bf77fb017,gx-no-cache=1520522034882 HTTP/1.1" 200 83
200.120.230.197 - - [08/Mar/2018:12:15:37 -0300] "POST /cormun/servlet/solicitudot?gx-no-cache=1520522089498 HTTP/1.1" 200 3395
200.120.230.197 - - [08/Mar/2018:12:15:37 -0300] "POST /cormun/servlet/solicitudot?f9bf174c160b9dca92ed67fe4dbe6558,INS,0,0,,gx-no-cache=1520522089877 HTTP/1.1" 200 10549
200.120.230.197 - - [08/Mar/2018:12:15:43 -0300] "GET /cormun/servlet/solicitudot?63d9a9840371a7be91da6b1098c2d243f356049ed83559ce13a0e92a92ebb6ce7bccc988e7613aea3ce96f7763714687,gx-no-cache=1520522095812 HTTP/1.1" 200 30
200.120.230.197 - - [08/Mar/2018:12:15:43 -0300] "GET /cormun/servlet/solicitudot?63d9a9840371a7be91da6b1098c2d24376627e8df64bbcb8ac3c96b6bbf42063d9b4567341e00abefaeec4038a345bca7bccc988e7613aea3ce96f7763714687,gx-no-cache=1520522095927 HTTP/1.1" 200 30
200.120.230.197 - - [08/Mar/2018:12:15:45 -0300] "GET /cormun/servlet/solicitudot?63d9a9840371a7be91da6b1098c2d24363f75382f66fbeb035166a12b142c0b5,gx-no-cache=1520522097889 HTTP/1.1" 200 29
200.86.99.60 - - [08/Mar/2018:12:15:47 -0300] "POST /cormun/servlet/trvisualizadoreventos?2a49631305fc7667a39c2c8ce95faee1,,gx-no-cache=1520522097528 HTTP/1.1" 200 4502
200.120.230.197 - - [08/Mar/2018:12:15:47 -0300] "POST /cormun/servlet/solicitudot?gx-no-cache=1520522100120 HTTP/1.1" 200 255
200.120.230.197 - - [08/Mar/2018:12:15:47 -0300] "GET /cormun/servlet/solicitudot?63d9a9840371a7be91da6b1098c2d24303c62575e035e006864bbdffd0d9bac0cd3177464513ff978f8a315f61500ae8f7ac6953393a3621570861a99149e27bbd49bd2640f95de8def568c40b58e143666fced3d9e859e333b26c36dc91df26d89b69fc09da8d71f532a2a1c9effe5bed926bece99622be3d9b72f75688e7ec03fbcb76599e616da4fead3047d8477820bdb49af0429dc62788ac838ddebd97833ca513624c480dc215312a3fbd1b59a5eebf3d1d149a2b26518b963115f692c6f832f96cfa7e9e6411cc5d96dc288c97fdcaf7b4dec7435ab2d341e5b83bfca5eee7fe540e08b5cb0a7a4cfc2191f4f2d007efc456255c792bf8550e28752425b0c8947747c179155e87040b70f4db04340ae6b4ed8e9af6bc73d1ef72acf1511e3a03c3518ed61c6b109f5d66c7a10cfbdd8d3c8418de0ba75d7ab3ffe26b8cd5da77983ef0efcd52f27c1e2ca42dd2119862305b569110edeee4343d7c9a0d9982d7dfce7c94a87caef12ed32d4951db6e88bafc796e62d652f9a0681e7b,gx-no-cache=1520522100283 HTTP/1.1" 200 30
200.120.230.197 - - [08/Mar/2018:12:15:49 -0300] "POST /cormun/servlet/solicitudot?gx-no-cache=1520522101884 HTTP/1.1" 200 30
200.120.230.197 - - [08/Mar/2018:12:15:55 -0300] "POST /cormun/servlet/solicitudot?gx-no-cache=1520522107659 HTTP/1.1" 200 1336
200.120.230.197 - - [08/Mar/2018:12:15:55 -0300] "POST /cormun/servlet/solicitudot?gx-no-cache=1520522107788 HTTP/1.1" 200 38
200.120.230.197 - - [08/Mar/2018:12:16:00 -0300] "GET /cormun/servlet/solicitudot?63d9a9840371a7be91da6b1098c2d24363432219c2da211c0da0b995aa2610f9d293ece36f614fcca3d4c24ac37d9d3767d17e84b7d70b1899b208cc6afeca4b64c3a6bf8078eb9bc3bceff62faa8ae7d26b63fb0b12943676d5de709e262c132a8583026176844ffed64a4fe75ba979a8c101c388a213265d19f9b3b3ce4e18132b077b1d7e1579db2846dd1baf0e7287c367e1558e10df81d426280891e483,gx-no-cache=1520522112963 HTTP/1.1" 200 29
200.120.230.197 - - [08/Mar/2018:12:16:00 -0300] "POST /cormun/servlet/solicitudot?gx-no-cache=1520522113087 HTTP/1.1" 200 1319
200.120.230.197 - - [08/Mar/2018:12:16:01 -0300] "POST /cormun/servlet/solicitudot?gx-no-cache=1520522113223 HTTP/1.1" 200 1218
200.120.230.197 - - [08/Mar/2018:12:16:01 -0300] "GET /cormun/static/menuarrow.gif HTTP/1.1" 404 1015
200.86.99.60 - - [08/Mar/2018:12:16:02 -0300] "POST /cormun/servlet/trvisualizadoreventos?2a49631305fc7667a39c2c8ce95faee1,,gx-no-cache=1520522112657 HTTP/1.1" 200 4133
200.120.230.197 - - [08/Mar/2018:12:16:02 -0300] "POST /cormun/servlet/solicitudot?gx-no-cache=1520522115277 HTTP/1.1" 200 1319
200.120.230.197 - - [08/Mar/2018:12:16:02 -0300] "POST /cormun/servlet/solicitudot?gx-no-cache=1520522115436 HTTP/1.1" 200 1218
200.120.230.197 - - [08/Mar/2018:12:16:04 -0300] "GET /cormun/servlet/solicitudot?63d9a9840371a7be91da6b1098c2d24308e205ed3db80c7e1b195b53616616bd2e07117073c3218833d809ee1c76a372,gx-no-cache=1520522116585 HTTP/1.1" 200 30
200.120.230.197 - - [08/Mar/2018:12:16:08 -0300] "POST /cormun/servlet/solicitudot?gx-no-cache=1520522121194 HTTP/1.1" 200 30
200.86.99.60 - - [08/Mar/2018:12:16:10 -0300] "POST /cormun/servlet/trvisualizadoreventos?2a49631305fc7667a39c2c8ce95faee1,,gx-no-cache=1520522120582 HTTP/1.1" 200 4502
200.86.99.60 - - [08/Mar/2018:12:16:17 -0300] "POST /cormun/servlet/trvisualizadoreventos?2a49631305fc7667a39c2c8ce95faee1,,gx-no-cache=1520522128348 HTTP/1.1" 200 4132
200.86.99.60 - - [08/Mar/2018:12:16:23 -0300] "POST /cormun/servlet/trvisualizadoreventos?2a49631305fc7667a39c2c8ce95faee1,,gx-no-cache=1520522134061 HTTP/1.1" 200 4132
200.86.99.60 - - [08/Mar/2018:12:16:27 -0300] "POST /cormun/servlet/trvisualizadoreventos?2a49631305fc7667a39c2c8ce95faee1,,gx-no-cache=1520522138251 HTTP/1.1" 200 90
186.103.159.182 - - [08/Mar/2018:12:16:27 -0300] "POST /cormun/servlet/solicitudotcontratos?66801812e806bc38704c58e34e8611db,INS,2018,0,10264506,5,6,2017,2262,INTEGRACION,201801,14,B,,gx-no-cache=1520522085736 HTTP/1.1" 200 10837
200.86.99.60 - - [08/Mar/2018:12:16:27 -0300] "GET /cormun/servlet/hpexe_link HTTP/1.1" 200 974
186.103.159.182 - - [08/Mar/2018:12:16:28 -0300] "POST /cormun/servlet/solicitudotcontratos?gx-no-cache=1520522086254 HTTP/1.1" 200 1320
200.86.99.60 - - [08/Mar/2018:12:16:28 -0300] "GET /cormun/servlet/trautorizarsolicitud HTTP/1.1" 200 10123
186.103.159.182 - - [08/Mar/2018:12:16:28 -0300] "POST /cormun/servlet/solicitudotcontratos?gx-no-cache=1520522086361 HTTP/1.1" 200 1218
186.103.159.182 - - [08/Mar/2018:12:16:28 -0300] "GET /cormun/servlet/solicitudotcontratos?acd7307279a3c872a99112d8890a4b17fcb8da2ae3d619d2986d2ec15f1994b6863df269141f540ea4a898e381fd4fbed212ff4276c17a04dd9bf3f4da86527b09b3d82e968e9426fdc828e4fc272594464cd83a83523cd3510337e497dfe31f1620963abdc449baaab4432cbffb00b6e2b21f8f124f55b5cad26131900fd6d0,gx-no-cache=1520522086423 HTTP/1.1" 200 30
186.103.159.182 - - [08/Mar/2018:12:16:28 -0300] "POST /cormun/servlet/solicitudotcontratos?66801812e806bc38704c58e34e8611db,INS,2018,0,10264506,5,6,2017,2262,INTEGRACION,201801,14,B,,gx-no-cache=1520522086464 HTTP/1.1" 200 93
186.103.159.182 - - [08/Mar/2018:12:16:28 -0300] "GET /cormun/servlet/hpexe_return? HTTP/1.1" 200 1072
186.103.159.182 - - [08/Mar/2018:12:16:29 -0300] "GET /cormun/servlet/trcontratosolicitud?gx-no-cache=1520521768107 HTTP/1.1" 200 14774
200.86.99.60 - - [08/Mar/2018:12:16:29 -0300] "GET /cormun/servlet/trautorizarsolicitud HTTP/1.1" 200 10122
200.120.230.197 - - [08/Mar/2018:12:16:30 -0300] "POST /cormun/servlet/solicitudot?f9bf174c160b9dca92ed67fe4dbe6558,INS,0,0,,gx-no-cache=1520522142920 HTTP/1.1" 200 93
200.120.230.197 - - [08/Mar/2018:12:16:30 -0300] "GET /cormun/servlet/hpexe_return? HTTP/1.1" 200 1006
186.103.159.182 - - [08/Mar/2018:12:16:31 -0300] "GET /cormun/servlet/trcontratosolicitud?gx-no-cache=1520521768107 HTTP/1.1" 200 14793
200.120.230.197 - - [08/Mar/2018:12:16:31 -0300] "GET /cormun/servlet/trsolicitudot HTTP/1.1" 200 11269
200.120.230.197 - - [08/Mar/2018:12:16:33 -0300] "GET /cormun/servlet/trsolicitudot HTTP/1.1" 200 11265
200.86.99.60 - - [08/Mar/2018:12:16:37 -0300] "GET /cormun/servlet/trvisualizadoreventos? HTTP/1.1" 200 6903
200.86.99.60 - - [08/Mar/2018:12:16:38 -0300] "GET /cormun/servlet/trvisualizadoreventos? HTTP/1.1" 200 6902
200.86.99.60 - - [08/Mar/2018:12:16:44 -0300] "POST /cormun/servlet/trvisualizadoreventos?2a49631305fc7667a39c2c8ce95faee1,,gx-no-cache=1520522155099 HTTP/1.1" 200 4128
200.86.99.60 - - [08/Mar/2018:12:16:49 -0300] "POST /cormun/servlet/trvisualizadoreventos?2a49631305fc7667a39c2c8ce95faee1,,gx-no-cache=1520522160405 HTTP/1.1" 200 4128
186.103.159.182 - - [08/Mar/2018:12:16:51 -0300] "GET /cormun/servlet/solicitudotcontratos?INS,2018,0,7328366,3,2,2017,1551,NADA,201801,6,B, HTTP/1.1" 200 10027
186.103.159.182 - - [08/Mar/2018:12:16:52 -0300] "GET /cormun/servlet/solicitudotcontratos?INS,2018,0,7328366,3,2,2017,1551,NADA,201801,6,B, HTTP/1.1" 200 10037
186.103.159.182 - - [08/Mar/2018:12:16:52 -0300] "GET /cormun/servlet/solicitudotcontratos?acd7307279a3c872a99112d8890a4b178b2c055694dca2db2f004e578b7358c227e188e026010417786c8a8bf77fb017,gx-no-cache=1520522111005 HTTP/1.1" 200 133
186.103.159.182 - - [08/Mar/2018:12:16:52 -0300] "GET /cormun/static/Shared/jqueryui/images/ui-icons_82798d_256x240.png HTTP/1.1" 404 1089
186.103.159.182 - - [08/Mar/2018:12:16:52 -0300] "GET /cormun/static/Shared/jqueryui/images/ui-bg_highlight-soft_100_c6c2c8_1x100.png HTTP/1.1" 404 1117
186.103.159.182 - - [08/Mar/2018:12:16:52 -0300] "GET /cormun/static/Shared/jqueryui/images/ui-bg_flat_55_994d53_40x100.png HTTP/1.1" 404 1097
186.103.159.182 - - [08/Mar/2018:12:16:52 -0300] "GET /cormun/static/Shared/jqueryui/images/ui-icons_ebccce_256x240.png HTTP/1.1" 404 1089
186.103.159.182 - - [08/Mar/2018:12:16:53 -0300] "GET /cormun/servlet/solicitudotcontratos?acd7307279a3c872a99112d8890a4b1763cacf868c5737b6b5ef9923ed4c5ceae0e099c808c7041e3181805bcc9da00d,gx-no-cache=1520522111204 HTTP/1.1" 200 30
186.103.159.182 - - [08/Mar/2018:12:16:53 -0300] "GET /cormun/servlet/solicitudotcontratos?acd7307279a3c872a99112d8890a4b171cc06ea9c1cf5e0aa5407036cacf6cde986fc5be91894d8a08687bb9790bf863605121236eee636d753c6e7578addfdb2399ec34b1c5a68c62a93a46b1d9fee425d3c469eb12047bc78c388279efd25467f06bdde7e42db2eb4ee2bdba734ae5e46a2a7efdeaed736dbb7cdf941a0758,gx-no-cache=1520522111236 HTTP/1.1" 200 48
186.103.159.182 - - [08/Mar/2018:12:16:53 -0300] "GET /cormun/servlet/solicitudotcontratos?acd7307279a3c872a99112d8890a4b17bfb0f4ea6e10084871f6d321bbc2cf83ea7dbcfe563af9f7cd442ac794bf5ae7,gx-no-cache=1520522111291 HTTP/1.1" 200 30
186.103.159.182 - - [08/Mar/2018:12:16:53 -0300] "GET /cormun/servlet/solicitudotcontratos?acd7307279a3c872a99112d8890a4b170517f4078d69a84ce9db03869e8a0a704481c57ae477aab4a899780ff7dbea45d55dddbc179d818962c860e33eae93d30ef9444d4badb671e12f07d6a1f7cc848c0c3e0122fe6c42362d897f358a0d3246f441392f46c3e8f37988503d673fbc,gx-no-cache=1520522111353 HTTP/1.1" 200 30
186.103.159.182 - - [08/Mar/2018:12:16:53 -0300] "GET /cormun/servlet/solicitudotcontratos?acd7307279a3c872a99112d8890a4b170bba0abd29c4d579cb017ed40d2c257309c17a2661561ea6f9d3d589e8dcb493897a2af5c40073d645b13ccecbc2769a39d0888937cd733187040d80bd821f91dda851acc67e8feb70bc52ae47ed6cf0c546e1c9386eea5b936a0eb53b1e141cf087b22f89d846d23469350a4613ff74449d782762682712dc2a19910d25c0d2550ac32186952b3712063168a37eed232a0a231eb850a2a9fbce3da3d25f306c435035e30d65fac6d5d2d3dfd4994947de8b61072e45032a23697dc7b89d558bcb16b228a5bb70384d50097cf54741ce9ab41d5eaf030d6c3b225174c48be328f2b77924af4fe76c0a4aecc32b1a45e74264874f400f005a500709c43488ae82467cb5109aba2fd0be9a9ab0dcbaf72285d8cc4ea386febc6d3c3de14d3464f78017eab2e99ec29684a4585cbbe9968c6620961f91d67582688902582e73ddef0124b25964425d125f2499898269d85341aefebc1e2f36678abd29ff6fe9f39c2db520d20468beaaa68afe0aeede5288787e1e394f08f52d70f5b3d7f3355e235a9689b67190c3348585efcedfc78936268edabe23d3a1cb68094f72030e1040,gx-no-cache=1520522111425 HTTP/1.1" 200 72
200.120.230.197 - - [08/Mar/2018:12:16:55 -0300] "POST /cormun/servlet/trsolicitudot?f9bf174c160b9dca92ed67fe4dbe6558,gx-no-cache=1520522167367 HTTP/1.1" 200 7985
200.120.230.197 - - [08/Mar/2018:12:16:55 -0300] "GET /cormun/static/Shared/jqueryui/images/ui-bg_highlight-soft_100_c6c2c8_1x100.png HTTP/1.1" 404 1117
200.120.230.197 - - [08/Mar/2018:12:16:55 -0300] "GET /cormun/static/Shared/jqueryui/images/ui-icons_82798d_256x240.png HTTP/1.1" 404 1089
200.120.230.197 - - [08/Mar/2018:12:16:55 -0300] "GET /cormun/static/Shared/jqueryui/images/ui-bg_flat_55_fafafa_40x100.png HTTP/1.1" 404 1097
200.120.230.197 - - [08/Mar/2018:12:16:55 -0300] "GET /cormun/static/Shared/jqueryui/images/ui-icons_8d78a5_256x240.png HTTP/1.1" 404 1089
200.120.230.197 - - [08/Mar/2018:12:16:55 -0300] "POST /cormun/servlet/trsolicitudot?f9bf174c160b9dca92ed67fe4dbe6558,gx-no-cache=1520522168191 HTTP/1.1" 200 7926
200.120.230.197 - - [08/Mar/2018:12:16:57 -0300] "POST /cormun/servlet/trsolicitudot?f9bf174c160b9dca92ed67fe4dbe6558,gx-no-cache=1520522169971 HTTP/1.1" 200 7573
200.120.230.197 - - [08/Mar/2018:12:16:58 -0300] "POST /cormun/servlet/trsolicitudot?f9bf174c160b9dca92ed67fe4dbe6558,gx-no-cache=1520522170616 HTTP/1.1" 200 7515
200.54.247.70 - - [08/Mar/2018:12:16:59 -0300] "GET /cormun/servlet/hlogin HTTP/1.1" 200 1724
200.54.247.70 - - [08/Mar/2018:12:16:59 -0300] "GET /cormun/static/gxtimezone.js?85251 HTTP/1.1" 304 -
200.54.247.70 - - [08/Mar/2018:12:16:59 -0300] "GET /cormun/static/gxcfg.js?20175251213516 HTTP/1.1" 304 -
200.54.247.70 - - [08/Mar/2018:12:16:59 -0300] "GET /cormun/static/gxgral.js?85251 HTTP/1.1" 304 -
200.54.247.70 - - [08/Mar/2018:12:16:59 -0300] "GET /cormun/static/Resources/Spanish/PXTools.css?11423723 HTTP/1.1" 304 -
200.54.247.70 - - [08/Mar/2018:12:16:59 -0300] "GET /cormun/static/Resources/ComunLogin.png HTTP/1.1" 304 -
200.54.247.70 - - [08/Mar/2018:12:16:59 -0300] "GET /cormun/static/messages.spa.js?85251 HTTP/1.1" 304 -
200.54.247.70 - - [08/Mar/2018:12:16:59 -0300] "GET /cormun/static/hlogin.js?20175251213537 HTTP/1.1" 304 -
200.54.247.70 - - [08/Mar/2018:12:16:59 -0300] "GET /cormun/static/Resources/indicator.gif HTTP/1.1" 304 -
200.120.230.197 - - [08/Mar/2018:12:16:59 -0300] "POST /cormun/servlet/trsolicitudot?f9bf174c160b9dca92ed67fe4dbe6558,gx-no-cache=1520522171838 HTTP/1.1" 200 7155
200.86.99.60 - - [08/Mar/2018:12:17:00 -0300] "POST /cormun/servlet/trvisualizadoreventos?2a49631305fc7667a39c2c8ce95faee1,,gx-no-cache=1520522166195 HTTP/1.1" 200 4491
200.120.230.197 - - [08/Mar/2018:12:17:00 -0300] "POST /cormun/servlet/trsolicitudot?f9bf174c160b9dca92ed67fe4dbe6558,gx-no-cache=1520522172470 HTTP/1.1" 200 7097
200.120.230.197 - - [08/Mar/2018:12:17:01 -0300] "POST /cormun/servlet/trsolicitudot?f9bf174c160b9dca92ed67fe4dbe6558,gx-no-cache=1520522173901 HTTP/1.1" 200 6752
200.120.230.197 - - [08/Mar/2018:12:17:02 -0300] "POST /cormun/servlet/trsolicitudot?f9bf174c160b9dca92ed67fe4dbe6558,gx-no-cache=1520522174896 HTTP/1.1" 200 6697
200.120.230.197 - - [08/Mar/2018:12:17:04 -0300] "POST /cormun/servlet/trsolicitudot?f9bf174c160b9dca92ed67fe4dbe6558,gx-no-cache=1520522176452 HTTP/1.1" 200 6402
200.120.230.197 - - [08/Mar/2018:12:17:05 -0300] "POST /cormun/servlet/trsolicitudot?f9bf174c160b9dca92ed67fe4dbe6558,gx-no-cache=1520522177107 HTTP/1.1" 200 6345
200.120.230.197 - - [08/Mar/2018:12:17:06 -0300] "POST /cormun/servlet/trsolicitudot?f9bf174c160b9dca92ed67fe4dbe6558,gx-no-cache=1520522178815 HTTP/1.1" 200 5871
200.120.230.197 - - [08/Mar/2018:12:17:07 -0300] "POST /cormun/servlet/trsolicitudot?f9bf174c160b9dca92ed67fe4dbe6558,gx-no-cache=1520522179460 HTTP/1.1" 200 5811
157.55.39.4 - - [08/Mar/2018:12:17:08 -0300] "GET /cormun/static/Resources/PXToolsLoginBackground.png HTTP/1.1" 200 1164
200.54.247.70 - - [08/Mar/2018:12:17:08 -0300] "POST /cormun/servlet/hlogin?13e9c88b220aa865ada07fc00aa2b33a,gx-no-cache=1520522177276 HTTP/1.1" 200 90
200.54.247.70 - - [08/Mar/2018:12:17:08 -0300] "GET /cormun/servlet/hpexe_link HTTP/1.1" 200 954
200.54.247.70 - - [08/Mar/2018:12:17:08 -0300] "GET /cormun/servlet/hhome HTTP/1.1" 200 4237
157.55.39.4 - - [08/Mar/2018:12:17:08 -0300] "GET /cormun/static/gxfxSD.js?85251 HTTP/1.1" 200 15384
186.79.229.37 - - [08/Mar/2018:12:17:09 -0300] "GET /cormun/servlet/hlogin HTTP/1.1" 200 1732
186.79.229.37 - - [08/Mar/2018:12:17:09 -0300] "GET /cormun/static/gxtimezone.js?85251 HTTP/1.1" 200 5781
200.86.99.60 - - [08/Mar/2018:12:17:09 -0300] "POST /cormun/servlet/trvisualizadoreventos?2a49631305fc7667a39c2c8ce95faee1,,gx-no-cache=1520522180462 HTTP/1.1" 200 4128
186.79.229.37 - - [08/Mar/2018:12:17:10 -0300] "GET /cormun/static/Resources/Spanish/PXTools.css?11423723 HTTP/1.1" 200 89042
186.79.229.37 - - [08/Mar/2018:12:17:10 -0300] "GET /cormun/static/gxcfg.js?20175251213516 HTTP/1.1" 200 953
186.79.229.37 - - [08/Mar/2018:12:17:10 -0300] "GET /cormun/static/messages.spa.js?85251 HTTP/1.1" 200 30736
186.79.229.37 - - [08/Mar/2018:12:17:11 -0300] "GET /cormun/static/hlogin.js?20175251213537 HTTP/1.1" 200 2136
186.79.229.37 - - [08/Mar/2018:12:17:11 -0300] "GET /cormun/static/Resources/ComunLogin.png HTTP/1.1" 200 17326
186.79.229.37 - - [08/Mar/2018:12:17:12 -0300] "GET /cormun/static/gxgral.js?85251 HTTP/1.1" 200 384558
186.79.229.37 - - [08/Mar/2018:12:17:12 -0300] "GET /cormun/static/Resources/PXToolsLoginTop.png HTTP/1.1" 200 1337
186.79.229.37 - - [08/Mar/2018:12:17:12 -0300] "GET /cormun/static/Resources/PXToolsLoginBackground.png HTTP/1.1" 200 1164
186.79.229.37 - - [08/Mar/2018:12:17:12 -0300] "GET /cormun/static/Resources/PXToolsButtonLeft21.png HTTP/1.1" 200 1287
186.79.229.37 - - [08/Mar/2018:12:17:12 -0300] "GET /cormun/static/Resources/PXToolsButtonRight21.png HTTP/1.1" 200 1283
186.79.229.37 - - [08/Mar/2018:12:17:12 -0300] "GET /cormun/static/Resources/PXToolsButtonBackground2.png HTTP/1.1" 200 1181
186.79.229.37 - - [08/Mar/2018:12:17:12 -0300] "GET /cormun/static/Resources/PXToolsLoginBottom.png HTTP/1.1" 200 1389
186.79.229.37 - - [08/Mar/2018:12:17:12 -0300] "GET /cormun/static/Resources/indicator.gif HTTP/1.1" 200 1553
186.79.229.37 - - [08/Mar/2018:12:17:12 -0300] "GET /cormun/servlet/hlogin HTTP/1.1" 200 1735
186.79.229.37 - - [08/Mar/2018:12:17:15 -0300] "POST /cormun/servlet/hlogin?f38a736812f51d55e211669b473c36a4,gx-no-cache=1520522187448 HTTP/1.1" 200 90
186.79.229.37 - - [08/Mar/2018:12:17:15 -0300] "GET /cormun/servlet/hpexe_link HTTP/1.1" 200 955
200.86.99.60 - - [08/Mar/2018:12:17:15 -0300] "POST /cormun/servlet/trvisualizadoreventos?2a49631305fc7667a39c2c8ce95faee1,,gx-no-cache=1520522185829 HTTP/1.1" 200 4130
186.79.229.37 - - [08/Mar/2018:12:17:15 -0300] "GET /cormun/static/hpexe_link.js?20177612121795 HTTP/1.1" 200 625
186.79.229.37 - - [08/Mar/2018:12:17:15 -0300] "GET /cormun/static/gxcfg.js?20177612121792 HTTP/1.1" 200 953
186.79.229.37 - - [08/Mar/2018:12:17:15 -0300] "GET /cormun/static/Resources/Spanish/PXTools.css?1155365 HTTP/1.1" 200 89042
186.79.229.37 - - [08/Mar/2018:12:17:16 -0300] "GET /cormun/servlet/hhome HTTP/1.1" 200 4165
186.79.229.37 - - [08/Mar/2018:12:17:16 -0300] "GET /cormun/static/Shared/jqueryui/jquery-ui.min.css?1245370 HTTP/1.1" 200 30288
186.79.229.37 - - [08/Mar/2018:12:17:16 -0300] "GET /cormun/static/gxcfg.js?20175251212442 HTTP/1.1" 200 953
186.79.229.37 - - [08/Mar/2018:12:17:16 -0300] "GET /cormun/static/SmoothNavMenu/resources/ddsmoothmenu-v.css?1012540 HTTP/1.1" 200 1188
186.79.229.37 - - [08/Mar/2018:12:17:16 -0300] "GET /cormun/static/SmoothNavMenu/resources/ddsmoothmenu.css?1012540 HTTP/1.1" 200 2223
186.79.229.37 - - [08/Mar/2018:12:17:16 -0300] "GET /cormun/static/scaMessage/css/jquery.pnotify.default.css?1716380 HTTP/1.1" 200 1707
186.79.229.37 - - [08/Mar/2018:12:17:16 -0300] "GET /cormun/static/PXToolsJavascripts/pexe_autoreload.js HTTP/1.1" 200 1762
186.79.229.37 - - [08/Mar/2018:12:17:16 -0300] "GET /cormun/static/PXToolsJavascripts/pexe_cookies.js HTTP/1.1" 200 792
186.79.229.37 - - [08/Mar/2018:12:17:16 -0300] "GET /cormun/static/PXToolsJavascripts/pexe_windows.js HTTP/1.1" 200 15207
186.79.229.37 - - [08/Mar/2018:12:17:16 -0300] "GET /cormun/static/PXToolsJavascripts/pexe_grid.js HTTP/1.1" 200 7559
186.79.229.37 - - [08/Mar/2018:12:17:16 -0300] "GET /cormun/static/PXToolsJavascripts/pexe_griddivfix.js HTTP/1.1" 200 6644
186.79.229.37 - - [08/Mar/2018:12:17:16 -0300] "GET /cormun/static/PXToolsJavascripts/pexe_link.js HTTP/1.1" 200 5671
186.79.229.37 - - [08/Mar/2018:12:17:16 -0300] "GET /cormun/static/PXToolsJavascripts/pexe_menudivfix.js HTTP/1.1" 200 333
186.79.229.37 - - [08/Mar/2018:12:17:16 -0300] "GET /cormun/static/PXToolsJavascripts/pexe_menus.js HTTP/1.1" 200 1286
186.79.229.37 - - [08/Mar/2018:12:17:16 -0300] "GET /cormun/static/PXToolsJavascripts/pexe_layers.js HTTP/1.1" 200 4114
186.79.229.37 - - [08/Mar/2018:12:17:16 -0300] "GET /cormun/static/PXToolsJavascripts/pexe_oav.js HTTP/1.1" 200 645
186.79.229.37 - - [08/Mar/2018:12:17:16 -0300] "GET /cormun/static/PXToolsJavascripts/pexe_oavdivfix.js HTTP/1.1" 200 639
186.79.229.37 - - [08/Mar/2018:12:17:16 -0300] "GET /cormun/static/PXToolsJavascripts/pexe_picture.js HTTP/1.1" 200 689
186.79.229.37 - - [08/Mar/2018:12:17:16 -0300] "GET /cormun/static/PXToolsJavascripts/pexe_popup.js HTTP/1.1" 200 13458
186.79.229.37 - - [08/Mar/2018:12:17:16 -0300] "GET /cormun/static/PXToolsJavascripts/pexe_scrolldiv.js HTTP/1.1" 200 4138
186.79.229.37 - - [08/Mar/2018:12:17:16 -0300] "GET /cormun/static/PXToolsJavascripts/pexe_tabdivfix.js HTTP/1.1" 200 876
186.79.229.37 - - [08/Mar/2018:12:17:16 -0300] "GET /cormun/static/PXToolsJavascripts/pexe_tabs.js HTTP/1.1" 200 3748
186.79.229.37 - - [08/Mar/2018:12:17:16 -0300] "GET /cormun/static/PXToolsJavascripts/pexe_upload.js HTTP/1.1" 200 1423
186.79.229.37 - - [08/Mar/2018:12:17:16 -0300] "GET /cormun/static/PXToolsJavascripts/PXToolsJavascriptsRender.js HTTP/1.1" 200 367
186.79.229.37 - - [08/Mar/2018:12:17:16 -0300] "GET /cormun/static/RunJS/RunJS.js HTTP/1.1" 200 288
186.79.229.37 - - [08/Mar/2018:12:17:16 -0300] "GET /cormun/static/Shared/ext/locale/ext-lang-en.js HTTP/1.1" 200 10940
186.79.229.37 - - [08/Mar/2018:12:17:16 -0300] "GET /cormun/static/hhome.js?20175251212450 HTTP/1.1" 200 777
186.79.229.37 - - [08/Mar/2018:12:17:16 -0300] "GET /cormun/static/Resources/PXToolsHeaderActionsBackground.png HTTP/1.1" 200 484
186.79.229.37 - - [08/Mar/2018:12:17:16 -0300] "GET /cormun/static/Resources/PXToolsFooterBackground2.png HTTP/1.1" 200 1172
186.79.229.37 - - [08/Mar/2018:12:17:16 -0300] "GET /cormun/static/Resources/PXToolsHeaderBackground2.png HTTP/1.1" 200 1174
186.79.229.37 - - [08/Mar/2018:12:17:16 -0300] "GET /cormun/static/Resources/PXToolsDataTitle.png HTTP/1.1" 200 1173
186.79.229.37 - - [08/Mar/2018:12:17:17 -0300] "GET /cormun/static/hwchdr01.js?201752511465785 HTTP/1.1" 200 1183
186.79.229.37 - - [08/Mar/2018:12:17:17 -0300] "GET /cormun/static/Resources/PXToolsHeaderPreferences.png HTTP/1.1" 200 4189
186.79.229.37 - - [08/Mar/2018:12:17:17 -0300] "GET /cormun/static/Resources/PXToolsHeaderLogin.png HTTP/1.1" 200 4279
186.79.229.37 - - [08/Mar/2018:12:17:17 -0300] "GET /cormun/static/Resources/PXToolsHeaderActionsLeft.png HTTP/1.1" 200 1118
186.79.229.37 - - [08/Mar/2018:12:17:17 -0300] "GET /cormun/static/gxui/gxui-all.js HTTP/1.1" 200 107772
186.79.229.37 - - [08/Mar/2018:12:17:17 -0300] "GET /cormun/static/Resources/PXToolsHeaderActionsRight.png HTTP/1.1" 200 1201
186.79.229.37 - - [08/Mar/2018:12:17:17 -0300] "GET /cormun/static/Resources/PXToolsHeaderSecurity.png HTTP/1.1" 200 4166
186.79.229.37 - - [08/Mar/2018:12:17:17 -0300] "GET /cormun/static/Resources/PXToolsHeaderHome.png HTTP/1.1" 200 4147
186.79.229.37 - - [08/Mar/2018:12:17:17 -0300] "GET /cormun/static/Resources/logo4.png HTTP/1.1" 200 6582
186.79.229.37 - - [08/Mar/2018:12:17:17 -0300] "GET /cormun/static/hpexe_recentlink.js?20177611595044 HTTP/1.1" 200 2144
186.79.229.37 - - [08/Mar/2018:12:17:17 -0300] "GET /cormun/static/hpexe_scripts.js?201752511465715 HTTP/1.1" 200 1544
