186.103.159.230 - - [08/Mar/2018:16:21:05 -0300] "GET /cormun/servlet/solicitudot?e2fd329b661cf9c13879fddf2d0818653456630cbaf0153eceb63b02891f5115c3a1f462fe512977cb72fa4764048ce6,gx-no-cache=1520536813283 HTTP/1.1" 200 30
186.103.159.230 - - [08/Mar/2018:16:21:05 -0300] "GET /cormun/servlet/solicitudot?e2fd329b661cf9c13879fddf2d081865525ad4b6b730aaed4516d924b3fb7cfc,gx-no-cache=1520536813345 HTTP/1.1" 200 53
186.103.159.230 - - [08/Mar/2018:16:21:05 -0300] "POST /cormun/servlet/solicitudot?gx-no-cache=1520536813410 HTTP/1.1" 200 297
186.103.159.230 - - [08/Mar/2018:16:21:05 -0300] "GET /cormun/servlet/solicitudot?e2fd329b661cf9c13879fddf2d08186520fa0a498d4fbe9fb1cca1232ad0dff551dfaf51ba5a00c09f555bdf61a7b85dc5950100e13dd55e2518cb8045e50ca419e8b3c92a7a4ad1d2ff954e83a1e8e1c3ad5a40eb9173a68b8234fbaa551b5938e7006c6872285a0a61f174093726fccef364f5a6ee3966c50f93c4eabb3fbf4cf25bd345e3893fe72255f840d805519e327c9b75a10f08f5fec61539c8c57613a300e243e10077331c15666e922bb4b8b3b8a6c0a584c1071a6a66b3f104f05f7abcf7087d2b7ad4d8a04d65cb525a10e36522235e73223816f19b59326b78bbfdc2fedcdaee6c9c3d26d48e99e4c166a172aef19a736b868343da7b9b94e594a05b272feeebc8535d4b10bdb479bc290f8040b06c55eb8fa2712f395275b8ec0c0647c765c6c6d0c961057bec010a5ac7da0ccd469711247a9e84a7602e343e8ce0f7a596ac094f3489f98d78a8324a3a9bd652439167971f255a57a3793ef4eb7f5c1cebb8e77d98872c99f5d957781c125f344cd1d8f16377a323b2ce04d2d889da1cbde4b4c1de4f28644fbeed,gx-no-cache=1520536813480 HTTP/1.1" 200 30
186.79.103.20 - - [08/Mar/2018:16:21:07 -0300] "GET /cormun/servlet/hlogin HTTP/1.1" 200 1729
186.103.159.230 - - [08/Mar/2018:16:21:08 -0300] "POST /cormun/servlet/solicitudot?gx-no-cache=1520536816835 HTTP/1.1" 200 30
192.168.10.50 - - [08/Mar/2018:16:21:11 -0300] "POST /cormun/servlet/trsolicitudgral?d6583be25d14686ecc3ebf87c918bf62,gx-no-cache=1520535661363,gx-no-cache=1520536709555 HTTP/1.1" 200 9744
200.86.95.220 - - [08/Mar/2018:16:21:15 -0300] "GET /cormun/servlet/solicitudot?e0d4f0760bcf6c2603a8bfafbb343554c49afa8fe00124aeca957116f176b006821433af27c7d5b4f43ebba4a019210b34ac435de950ca129b6b9bdf93b310c8d4d0c92cabd71a23fad228ed46b12e18792b78b55282083b70949273c8bafc51404c703d9425f56e0a79bed26760463e94eaf30dd260d10dd71c519d4f37113607564798f025dc540261a74ef1ff567a8460d765c8458841953151c6c969d344261372da22fd52eb1bfd518532804a955834964d42bee4629abc057f56e997bf6e7e26ea1dff0c26deab5961b01b785dbcdfb057e58e3653b2c4fc97eb2f061ade26d4d532c440aad3996dc09fee1d6d83b8bc62a21af46a9ad3fde197832da30313d52e364f0969cd6bcef2ba5ea859ba0833e9719c4de52ed99c5ec00988a88bd945e3b2abc5e830c518e2bf810fde2895c2b87e8ac23ec1d42dcf594610ec0405069bb4a42d5bc21c1dd1a9fa9fe75eeb43e6dbfeb5e9a344b53be279fb704d7ac112fe3f97e70e50ab6e35cf118bc0c4fda0b96ddd0f1251a97e74993701344e1fb05c9b93117445e6c5494081ef,gx-no-cache=1520536826508 HTTP/1.1" 200 30
186.103.158.250 - - [08/Mar/2018:16:21:15 -0300] "POST /cormun/servlet/hlogin?55fdac57a1463f1467033d8239b40f48,gx-no-cache=1520536825102 HTTP/1.1" 200 90
186.103.158.250 - - [08/Mar/2018:16:21:15 -0300] "GET /cormun/servlet/hpexe_link HTTP/1.1" 200 944
186.103.158.250 - - [08/Mar/2018:16:21:16 -0300] "GET /cormun/static/Resources/Spanish/PXTools.css?1155365 HTTP/1.1" 304 -
186.103.158.250 - - [08/Mar/2018:16:21:16 -0300] "GET /cormun/static/gxcfg.js?20177612121792 HTTP/1.1" 304 -
186.103.158.250 - - [08/Mar/2018:16:21:16 -0300] "GET /cormun/static/hpexe_link.js?20177612121795 HTTP/1.1" 304 -
186.103.158.250 - - [08/Mar/2018:16:21:16 -0300] "GET /cormun/servlet/hhome HTTP/1.1" 200 4184
186.103.158.250 - - [08/Mar/2018:16:21:16 -0300] "GET /cormun/static/gxcfg.js?20175251212442 HTTP/1.1" 304 -
186.103.158.250 - - [08/Mar/2018:16:21:17 -0300] "GET /cormun/static/hwchdr01.js?201752511465785 HTTP/1.1" 304 -
186.103.158.250 - - [08/Mar/2018:16:21:17 -0300] "GET /cormun/static/hpexe_recentlink.js?20177611595044 HTTP/1.1" 304 -
186.103.158.250 - - [08/Mar/2018:16:21:18 -0300] "GET /cormun/static/hpexe_scripts.js?201752511465715 HTTP/1.1" 304 -
186.103.158.250 - - [08/Mar/2018:16:21:18 -0300] "GET /cormun/static/hpexe_messagecontroller.js?20177611595012 HTTP/1.1" 304 -
186.103.158.250 - - [08/Mar/2018:16:21:18 -0300] "GET /cormun/static/hhome.js?20175251212450 HTTP/1.1" 304 -
186.103.158.250 - - [08/Mar/2018:16:21:18 -0300] "GET /cormun/static/hpexe_messagepopupcomponent.js?20161017169425 HTTP/1.1" 304 -
186.103.158.250 - - [08/Mar/2018:16:21:18 -0300] "GET /cormun/static/hpexe_messagegenexuscomponent.js?201752511465344 HTTP/1.1" 304 -
186.103.158.250 - - [08/Mar/2018:16:21:18 -0300] "GET /cormun/static/cmcontrolpreferences.js?201752511465670 HTTP/1.1" 304 -
186.103.158.250 - - [08/Mar/2018:16:21:18 -0300] "GET /cormun/static/hmpwkw03.js?20177612122668 HTTP/1.1" 304 -
200.86.95.220 - - [08/Mar/2018:16:21:19 -0300] "GET /cormun/servlet/solicitudot?e0d4f0760bcf6c2603a8bfafbb343554c49afa8fe00124aeca957116f176b006821433af27c7d5b4f43ebba4a019210b34ac435de950ca129b6b9bdf93b310c8d4d0c92cabd71a23fad228ed46b12e18792b78b55282083b70949273c8bafc51404c703d9425f56e0a79bed26760463e94eaf30dd260d10dd71c519d4f37113607564798f025dc540261a74ef1ff567a8460d765c8458841953151c6c969d344261372da22fd52eb1bfd518532804a955834964d42bee4629abc057f56e997bf6e7e26ea1dff0c26deab5961b01b785dbcdfb057e58e3653b2c4fc97eb2f061ade26d4d532c440aad3996dc09fee1d6dc50a9614b9e21033f70bd5f465b2bf360313d52e364f0969cd6bcef2ba5ea859ba0833e9719c4de52ed99c5ec00988a88bd945e3b2abc5e830c518e2bf810fde2895c2b87e8ac23ec1d42dcf594610ec0405069bb4a42d5bc21c1dd1a9fa9fe75eeb43e6dbfeb5e9a344b53be279fb704d7ac112fe3f97e70e50ab6e35cf118bf53f64ec551657be1ed7835d15d97dee344e1fb05c9b93117445e6c5494081ef,gx-no-cache=1520536830952 HTTP/1.1" 200 30
186.103.158.250 - - [08/Mar/2018:16:21:19 -0300] "GET /cormun/servlet/hhome HTTP/1.1" 200 4180
186.103.157.235 - - [08/Mar/2018:16:21:22 -0300] "POST /cormun/servlet/solicitudot?gx-no-cache=1520536831945 HTTP/1.1" 200 1318
186.103.158.250 - - [08/Mar/2018:16:21:22 -0300] "GET /cormun/servlet/trsolicitudot? HTTP/1.1" 200 8751
186.103.157.235 - - [08/Mar/2018:16:21:22 -0300] "POST /cormun/servlet/solicitudot?gx-no-cache=1520536832992 HTTP/1.1" 200 1218
186.103.158.250 - - [08/Mar/2018:16:21:22 -0300] "GET /cormun/static/Resources/Spanish/PXTools.css?1255365 HTTP/1.1" 304 -
186.103.158.250 - - [08/Mar/2018:16:21:22 -0300] "GET /cormun/static/gxcfg.js?2017111422585916 HTTP/1.1" 304 -
186.103.158.250 - - [08/Mar/2018:16:21:22 -0300] "GET /cormun/static/calendar.js?85251 HTTP/1.1" 304 -
186.103.158.250 - - [08/Mar/2018:16:21:22 -0300] "GET /cormun/static/calendar-setup.js?85251 HTTP/1.1" 304 -
186.103.158.250 - - [08/Mar/2018:16:21:22 -0300] "GET /cormun/static/calendar-es.js?85251 HTTP/1.1" 304 -
186.103.157.235 - - [08/Mar/2018:16:21:22 -0300] "POST /cormun/servlet/solicitudot?gx-no-cache=1520536833414 HTTP/1.1" 200 33
186.103.158.250 - - [08/Mar/2018:16:21:23 -0300] "GET /cormun/static/gxdec.js?85251 HTTP/1.1" 304 -
186.103.158.250 - - [08/Mar/2018:16:21:24 -0300] "GET /cormun/servlet/trsolicitudot? HTTP/1.1" 200 8749
200.86.95.220 - - [08/Mar/2018:16:21:25 -0300] "POST /cormun/servlet/solicitudot?gx-no-cache=1520536836921 HTTP/1.1" 200 30
200.86.95.220 - - [08/Mar/2018:16:21:28 -0300] "POST /cormun/servlet/solicitudot?gx-no-cache=1520536840055 HTTP/1.1" 200 1333
200.86.95.220 - - [08/Mar/2018:16:21:28 -0300] "POST /cormun/servlet/solicitudot?gx-no-cache=1520536840232 HTTP/1.1" 200 38
186.103.158.250 - - [08/Mar/2018:16:21:28 -0300] "GET /cormun/servlet/solicitudot?INS,0,0, HTTP/1.1" 200 13639
186.103.158.250 - - [08/Mar/2018:16:21:28 -0300] "GET /cormun/static/gxcfg.js?201812313224582 HTTP/1.1" 304 -
186.103.158.250 - - [08/Mar/2018:16:21:30 -0300] "GET /cormun/servlet/solicitudot?INS,0,0, HTTP/1.1" 200 13644
186.103.159.230 - - [08/Mar/2018:16:21:40 -0300] "POST /cormun/servlet/solicitudot?gx-no-cache=1520536848098 HTTP/1.1" 200 1337
186.103.159.230 - - [08/Mar/2018:16:21:40 -0300] "POST /cormun/servlet/solicitudot?gx-no-cache=1520536848284 HTTP/1.1" 200 38
186.103.159.230 - - [08/Mar/2018:16:21:52 -0300] "GET /cormun/servlet/solicitudot?e2fd329b661cf9c13879fddf2d0818653dd2ac317a3ec720fc69e80bd734a8160f8551dfa2de44280a030b0a6ae14aadbb9407d400c08648663cbf2b249543a5aa68d50ad1261861d0a2e1a899a029c60733eef1e2491c8b44dff25ed65f868cafdc9498a4e0d5a0196ef488c17d2549,gx-no-cache=1520536860453 HTTP/1.1" 200 29
186.103.159.230 - - [08/Mar/2018:16:21:52 -0300] "POST /cormun/servlet/solicitudot?gx-no-cache=1520536860518 HTTP/1.1" 200 1319
186.103.159.230 - - [08/Mar/2018:16:21:52 -0300] "POST /cormun/servlet/solicitudot?gx-no-cache=1520536860635 HTTP/1.1" 200 1218
186.103.159.230 - - [08/Mar/2018:16:21:52 -0300] "GET /cormun/static/menuarrow.gif HTTP/1.1" 404 1015
186.103.159.230 - - [08/Mar/2018:16:21:55 -0300] "POST /cormun/servlet/solicitudot?gx-no-cache=1520536864080 HTTP/1.1" 200 1319
186.103.159.230 - - [08/Mar/2018:16:21:55 -0300] "POST /cormun/servlet/solicitudot?gx-no-cache=1520536864145 HTTP/1.1" 200 1218
186.103.157.235 - - [08/Mar/2018:16:21:58 -0300] "POST /cormun/servlet/solicitudot?5f26775453bd26a221b6b21b0ad47f97,INS,0,0,,gx-no-cache=1520536867459 HTTP/1.1" 200 93
186.103.159.230 - - [08/Mar/2018:16:21:58 -0300] "GET /cormun/servlet/solicitudot?e2fd329b661cf9c13879fddf2d081865694b00c752d024b49af77acc62f7c87827598b2c1a9e69772784fbf6a0bb6b80,gx-no-cache=1520536867161 HTTP/1.1" 200 30
186.103.157.235 - - [08/Mar/2018:16:21:59 -0300] "GET /cormun/servlet/hpexe_return? HTTP/1.1" 200 1007
186.103.157.235 - - [08/Mar/2018:16:21:59 -0300] "GET /cormun/servlet/trsolicitudot HTTP/1.1" 200 8838
186.103.157.235 - - [08/Mar/2018:16:22:00 -0300] "GET /cormun/servlet/trsolicitudot HTTP/1.1" 200 8834
200.86.95.220 - - [08/Mar/2018:16:22:00 -0300] "GET /cormun/servlet/solicitudot?e0d4f0760bcf6c2603a8bfafbb343554a3bbc56bc975de802f2346fd44a7a5644efe1a9cd8cb58f694c3ad48ca0b74b5f17e121849a80a0a7663e9592ef2b50266a8492ed7fa2d2387f1e523852e31380870e7f67e921cf16b043801b20164be70f7bc53ddfaea3b6126173b4117b993,gx-no-cache=1520536872246 HTTP/1.1" 200 29
200.86.95.220 - - [08/Mar/2018:16:22:01 -0300] "POST /cormun/servlet/solicitudot?gx-no-cache=1520536872508 HTTP/1.1" 200 1318
200.86.95.220 - - [08/Mar/2018:16:22:01 -0300] "POST /cormun/servlet/solicitudot?gx-no-cache=1520536872618 HTTP/1.1" 200 1215
186.103.159.230 - - [08/Mar/2018:16:22:09 -0300] "POST /cormun/servlet/solicitudot?gx-no-cache=1520536877828 HTTP/1.1" 200 30
200.86.95.220 - - [08/Mar/2018:16:22:17 -0300] "GET /cormun/static/menuarrow.gif HTTP/1.1" 404 1015
200.86.95.220 - - [08/Mar/2018:16:22:20 -0300] "GET /cormun/servlet/solicitudot?e0d4f0760bcf6c2603a8bfafbb34355440529c1ed00e947bbabf8c392e7f57bc0846b84f4c23dcfcc4c5bdb26bdb6bc4,gx-no-cache=1520536891837 HTTP/1.1" 200 30
186.103.157.235 - - [08/Mar/2018:16:22:25 -0300] "POST /cormun/servlet/trsolicitudot?5f26775453bd26a221b6b21b0ad47f97,gx-no-cache=1520536894678 HTTP/1.1" 200 4683
186.103.157.235 - - [08/Mar/2018:16:22:26 -0300] "GET /cormun/static/Shared/jqueryui/images/ui-bg_highlight-soft_100_c6c2c8_1x100.png HTTP/1.1" 404 1117
186.103.157.235 - - [08/Mar/2018:16:22:26 -0300] "GET /cormun/static/Shared/jqueryui/images/ui-bg_flat_55_fafafa_40x100.png HTTP/1.1" 404 1097
186.103.157.235 - - [08/Mar/2018:16:22:26 -0300] "GET /cormun/static/Shared/jqueryui/images/ui-icons_8d78a5_256x240.png HTTP/1.1" 404 1089
186.103.157.235 - - [08/Mar/2018:16:22:27 -0300] "GET /cormun/static/Shared/jqueryui/images/ui-icons_82798d_256x240.png HTTP/1.1" 404 1089
186.103.157.235 - - [08/Mar/2018:16:22:27 -0300] "POST /cormun/servlet/trsolicitudot?5f26775453bd26a221b6b21b0ad47f97,gx-no-cache=1520536896146 HTTP/1.1" 200 4452
200.86.95.220 - - [08/Mar/2018:16:22:28 -0300] "POST /cormun/servlet/solicitudot?gx-no-cache=1520536899270 HTTP/1.1" 200 30
192.168.10.89 - - [08/Mar/2018:16:22:31 -0300] "POST /cormun/servlet/vesolicitudgral?1ebb3a240a19b91fd59ea655bc0951a6,2018,9536,,SolicitudOTAdjuntos,gx-no-cache=1520536789804 HTTP/1.1" 200 90
192.168.10.89 - - [08/Mar/2018:16:22:31 -0300] "GET /cormun/servlet/hpexe_link HTTP/1.1" 200 979
192.168.10.89 - - [08/Mar/2018:16:22:31 -0300] "GET /cormun/static/gxcfg.js?20177612121792 HTTP/1.1" 200 953
192.168.10.89 - - [08/Mar/2018:16:22:31 -0300] "GET /cormun/static/Resources/Spanish/PXTools.css?1155365 HTTP/1.1" 200 89042
192.168.10.89 - - [08/Mar/2018:16:22:31 -0300] "GET /cormun/static/hpexe_link.js?20177612121795 HTTP/1.1" 200 625
192.168.10.89 - - [08/Mar/2018:16:22:31 -0300] "GET /cormun/servlet/trsolicitudgral? HTTP/1.1" 200 10827
192.168.10.89 - - [08/Mar/2018:16:22:31 -0300] "GET /cormun/static/gxcfg.js?201813119461163 HTTP/1.1" 200 953
192.168.10.89 - - [08/Mar/2018:16:22:31 -0300] "GET /cormun/static/calendar-system.css?85620 HTTP/1.1" 200 5572
192.168.10.89 - - [08/Mar/2018:16:22:31 -0300] "GET /cormun/static/gxui/gxui-all.css?120300 HTTP/1.1" 200 2179
192.168.10.89 - - [08/Mar/2018:16:22:31 -0300] "GET /cormun/static/trsolicitudgral.js?201813119462015 HTTP/1.1" 200 55173
192.168.10.89 - - [08/Mar/2018:16:22:31 -0300] "GET /cormun/static/Resources/logo4.png HTTP/1.1" 200 6582
192.168.10.89 - - [08/Mar/2018:16:22:31 -0300] "GET /cormun/static/Resources/PXToolsHeaderActionsLeft.png HTTP/1.1" 200 1118
192.168.10.89 - - [08/Mar/2018:16:22:31 -0300] "GET /cormun/static/Resources/PXToolsHeaderHome.png HTTP/1.1" 200 4147
192.168.10.89 - - [08/Mar/2018:16:22:31 -0300] "GET /cormun/static/Resources/PXToolsHeaderLogin.png HTTP/1.1" 200 4279
192.168.10.89 - - [08/Mar/2018:16:22:31 -0300] "GET /cormun/static/Resources/PXToolsHeaderSecurity.png HTTP/1.1" 200 4166
192.168.10.89 - - [08/Mar/2018:16:22:31 -0300] "GET /cormun/static/Resources/PXToolsHeaderPreferences.png HTTP/1.1" 200 4189
192.168.10.89 - - [08/Mar/2018:16:22:31 -0300] "GET /cormun/static/Shared/ext/resources/css/ext-all.css?215870 HTTP/1.1" 200 416045
192.168.10.89 - - [08/Mar/2018:16:22:31 -0300] "GET /cormun/static/Resources/PXToolsHeaderActionsRight.png HTTP/1.1" 200 1201
192.168.10.89 - - [08/Mar/2018:16:22:32 -0300] "GET /cormun/static/Resources/PXToolsDataSearch.png HTTP/1.1" 200 419
192.168.10.89 - - [08/Mar/2018:16:22:32 -0300] "GET /cormun/static/Resources/PXToolsGridFirstDisabled.gif HTTP/1.1" 200 100
192.168.10.89 - - [08/Mar/2018:16:22:32 -0300] "GET /cormun/static/Resources/PXToolsGridPreviousDisabled.gif HTTP/1.1" 200 90
192.168.10.89 - - [08/Mar/2018:16:22:32 -0300] "GET /cormun/static/Resources/PXTools/calendar.png HTTP/1.1" 200 1306
192.168.10.89 - - [08/Mar/2018:16:22:32 -0300] "GET /cormun/static/Resources/PXToolsGridLastDisabled.gif HTTP/1.1" 200 98
192.168.10.89 - - [08/Mar/2018:16:22:32 -0300] "GET /cormun/static/Resources/PXToolsActionExcel.png HTTP/1.1" 200 3187
192.168.10.89 - - [08/Mar/2018:16:22:32 -0300] "GET /cormun/static/Resources/PXToolsAddAllStandardAction.png HTTP/1.1" 200 628
192.168.10.89 - - [08/Mar/2018:16:22:32 -0300] "GET /cormun/static/Resources/PXToolsRemoveAllStandardAction.png HTTP/1.1" 200 495
192.168.10.89 - - [08/Mar/2018:16:22:32 -0300] "GET /cormun/static/Resources/PXToolsGridNextDisabled.gif HTTP/1.1" 200 90
192.168.10.89 - - [08/Mar/2018:16:22:32 -0300] "GET /cormun/static/Resources/PXToolsGridPage.gif HTTP/1.1" 200 725
192.168.10.89 - - [08/Mar/2018:16:22:32 -0300] "GET /cormun/static/Resources/PXToolsFooterBackground2.png HTTP/1.1" 200 1172
192.168.10.89 - - [08/Mar/2018:16:22:32 -0300] "GET /cormun/static/Resources/PXToolsButtonLeft21.png HTTP/1.1" 200 1287
192.168.10.89 - - [08/Mar/2018:16:22:32 -0300] "GET /cormun/static/Resources/PXToolsHeaderActionsBackground.png HTTP/1.1" 200 484
192.168.10.89 - - [08/Mar/2018:16:22:32 -0300] "GET /cormun/static/Resources/PXToolsButtonRight21.png HTTP/1.1" 200 1283
192.168.10.89 - - [08/Mar/2018:16:22:32 -0300] "GET /cormun/static/Resources/PXToolsHeaderBackground2.png HTTP/1.1" 200 1174
192.168.10.89 - - [08/Mar/2018:16:22:32 -0300] "GET /cormun/static/Resources/PXToolsButtonBackground2.png HTTP/1.1" 200 1181
192.168.10.89 - - [08/Mar/2018:16:22:32 -0300] "GET /cormun/static/Resources/PXToolsDataTitle.png HTTP/1.1" 200 1173
192.168.10.89 - - [08/Mar/2018:16:22:32 -0300] "GET /cormun/static/Resources/indicator.gif HTTP/1.1" 200 1553
192.168.10.89 - - [08/Mar/2018:16:22:32 -0300] "GET /cormun/static/Resources/desc.gif HTTP/1.1" 200 65
192.168.10.89 - - [08/Mar/2018:16:22:32 -0300] "GET /cormun/static/Resources/asc.gif HTTP/1.1" 200 67
192.168.10.89 - - [08/Mar/2018:16:22:32 -0300] "GET /cormun//static/Resources/PXToolsGridUpdate.png HTTP/1.1" 200 2984
192.168.10.89 - - [08/Mar/2018:16:22:32 -0300] "GET /cormun//static/Resources/PXToolsGridDelete.png HTTP/1.1" 200 357
192.168.10.89 - - [08/Mar/2018:16:22:32 -0300] "GET /cormun/static/SmoothNavMenu/resources/images/down.gif HTTP/1.1" 200 854
192.168.10.89 - - [08/Mar/2018:16:22:32 -0300] "GET /cormun/static/SmoothNavMenu/resources/images/right.gif HTTP/1.1" 200 860
192.168.10.89 - - [08/Mar/2018:16:22:32 -0300] "GET /cormun/static/Shared/ext/resources/themes/images/default/tools/tool-sprites.gif HTTP/1.1" 200 5434
192.168.10.89 - - [08/Mar/2018:16:22:32 -0300] "GET /cormun/static/Shared/ext/resources/themes/images/default/panel/bg-headersPanel.png HTTP/1.1" 200 255
186.103.157.235 - - [08/Mar/2018:16:22:33 -0300] "GET /cormun/servlet/trautorizarsolicitud? HTTP/1.1" 200 8728
192.168.10.50 - - [08/Mar/2018:16:22:36 -0300] "POST /cormun/servlet/trsolicitudgral?d6583be25d14686ecc3ebf87c918bf62,gx-no-cache=1520535661363,gx-no-cache=1520536795076 HTTP/1.1" 200 7288
186.103.157.235 - - [08/Mar/2018:16:22:39 -0300] "GET /cormun/servlet/trautorizarsolicitud? HTTP/1.1" 200 8727
192.168.10.89 - - [08/Mar/2018:16:22:40 -0300] "POST /cormun/servlet/trsolicitudgral?1ebb3a240a19b91fd59ea655bc0951a6,,gx-no-cache=1520536799056 HTTP/1.1" 200 5939
186.103.158.250 - - [08/Mar/2018:16:22:41 -0300] "POST /cormun/servlet/solicitudot?gx-no-cache=1520536910667 HTTP/1.1" 200 3293
186.103.158.250 - - [08/Mar/2018:16:22:41 -0300] "POST /cormun/servlet/solicitudot?55fdac57a1463f1467033d8239b40f48,INS,0,0,,gx-no-cache=1520536910990 HTTP/1.1" 200 10437
186.103.158.250 - - [08/Mar/2018:16:22:44 -0300] "GET /cormun/servlet/solicitudot?bc3b76daa3a3d96841d661f799b3f22de7c956bffec92493cb9f820b2530894648047c65282e4baec5f1ff54db33a49c,gx-no-cache=1520536914427 HTTP/1.1" 200 111
186.103.158.250 - - [08/Mar/2018:16:22:45 -0300] "GET /cormun/static/Shared/jqueryui/images/ui-bg_highlight-soft_100_c6c2c8_1x100.png HTTP/1.1" 404 1117
186.103.158.250 - - [08/Mar/2018:16:22:45 -0300] "GET /cormun/static/Shared/jqueryui/images/ui-icons_82798d_256x240.png HTTP/1.1" 404 1089
186.103.158.250 - - [08/Mar/2018:16:22:45 -0300] "GET /cormun/static/Shared/jqueryui/images/ui-bg_flat_55_994d53_40x100.png HTTP/1.1" 404 1097
186.103.158.250 - - [08/Mar/2018:16:22:45 -0300] "GET /cormun/static/Shared/jqueryui/images/ui-icons_ebccce_256x240.png HTTP/1.1" 404 1089
192.168.10.50 - - [08/Mar/2018:16:22:45 -0300] "POST /cormun/servlet/trsolicitudgral?d6583be25d14686ecc3ebf87c918bf62,gx-no-cache=1520535661363,gx-no-cache=1520536804042 HTTP/1.1" 200 15724
192.168.10.89 - - [08/Mar/2018:16:22:46 -0300] "POST /cormun/servlet/trsolicitudgral?1ebb3a240a19b91fd59ea655bc0951a6,,gx-no-cache=1520536805029 HTTP/1.1" 200 7602
186.103.157.235 - - [08/Mar/2018:16:22:47 -0300] "POST /cormun/servlet/trautorizarsolicitud?5f26775453bd26a221b6b21b0ad47f97,,gx-no-cache=1520536917115 HTTP/1.1" 200 4616
186.103.157.235 - - [08/Mar/2018:16:22:48 -0300] "POST /cormun/servlet/trautorizarsolicitud?5f26775453bd26a221b6b21b0ad47f97,,gx-no-cache=1520536918990 HTTP/1.1" 200 4385
192.168.10.89 - - [08/Mar/2018:16:22:49 -0300] "GET /cormun/servlet/solicitudgral?UPD,2018,9318, HTTP/1.1" 200 13321
192.168.10.89 - - [08/Mar/2018:16:22:49 -0300] "GET /cormun/static/gxcfg.js?20181911354237 HTTP/1.1" 200 953
192.168.10.89 - - [08/Mar/2018:16:22:50 -0300] "GET /cormun/static/solicitudgral.js?20181911354326 HTTP/1.1" 200 41515
192.168.10.89 - - [08/Mar/2018:16:22:51 -0300] "POST /cormun/servlet/solicitudgral?gx-no-cache=1520536809475 HTTP/1.1" 200 3892
192.168.10.89 - - [08/Mar/2018:16:22:51 -0300] "GET /cormun/servlet/solicitudgral?cd9728eed048079581349102ebbfccf6c499513bea2bb19ff912aaf138a2fbf2608b3b06dcc9858580e40e7fa0d79ca821699fd9eca16c1f31f4b018a841d49f081049b2d32d2903d74cf2cdbb53015642233275ebd7e372d736812c8c87b5a6d03e51526208db6ce61f7550e87a4ab7592fddc7839a77c115478a3da1860f84726fc1490331712a88a2da36fdecb4c795f0758c9873ec91f81a977a3281249d1d38896484da016844635b35bbceec19e18dd3d5a79366eec41e804f34c6d0d37fa9c8b35f6248be250b64ef82a7821ae7eb6070a69192029a2f0b1fa9b336a3c5af1bdf9aab5c71b820424947c3262783118956bb25a827a174eb80fe004a5ccac3b5af0ebc8e978515a1c5427fb22a7d15ee73837d695aa816a5e6f917ffb74c707595291ebae44415ef1f1b1922019d0d87d66ce5422f0bb2439a27c8c889cd9a711a5b2ce09db8f39cec5d12dde6,gx-no-cache=1520536809730 HTTP/1.1" 200 240
192.168.10.89 - - [08/Mar/2018:16:22:52 -0300] "GET /cormun/servlet/solicitudgral?cd9728eed048079581349102ebbfccf6db427a17eb261184eb66fac5fc9556a9e3129b4d187ecd5914f41c6b4c2fdad1cac3b5af0ebc8e978515a1c5427fb22a55d25ac235781d201b23541c40e853d32e117d785c20dbb3bdfb2d5cbfbb39cce73e31789039ea21ca5206d3ef5f003740662c74cd77e470ae4a6a6311d488d30eb9b34a1a1375b37201708ffa31035e9a625b0ff2d293eff6a3408dc41b2f9f47e7f612d2aa86b262471799b72abc76dd2fca0462c4124ea085bdc15e84b4fe04fdc602e4a30d4737d6236c546f57e205d124fc10c1344309e4f213a7cfde7e26333d9accf878db706923093a10ef1ba0b57406a6439c07e0b4f0bdcadb5f07c586288bf97f4640687a6fdb865c56cb5099031038b8bd2369f8d0aa7331a78aa065e70c57b28be1b74386fdf1194acbb1644704dfc184bceeddefc2c6681083c8d97164671c2c74a5e4a86093c22fa9754fbbb285fabe9a004205296ba2cb6bc586288bf97f4640687a6fdb865c56cb485973d9e4c01eb83f531da3b84099d5ac4beacf170aa4918d083664c23c41121c57ce68ab39f1cd1e76905147c532f58ae7acac9878215d35bf37363ff40f0c,gx-no-cache=1520536810504 HTTP/1.1" 200 48
192.168.10.89 - - [08/Mar/2018:16:22:52 -0300] "POST /cormun/servlet/solicitudgral?1ebb3a240a19b91fd59ea655bc0951a6,UPD,2018,9318,,gx-no-cache=1520536810542 HTTP/1.1" 200 11772
192.168.10.89 - - [08/Mar/2018:16:22:52 -0300] "GET /cormun/servlet/solicitudgral?cd9728eed048079581349102ebbfccf6c3a8f82d10002df9e87ff4b9611a8bc443a06fe76675b92bf3a662cb23de5e9361b2b4b18e0cdb5143a760d10a165788fdfccb5fb5f55ff09d53d92715493a299357e84920a19dede8822fb32d101eaf58335bff52c2231dfd8277e9575c6a903278a37c849788471e004b1e9b60fe8e05e09b88c218c88c6dd4cd256ca4b572d6d31333edc25ac2a349e8a6bb7e65e6,gx-no-cache=1520536810756 HTTP/1.1" 200 29
192.168.10.89 - - [08/Mar/2018:16:22:52 -0300] "POST /cormun/servlet/solicitudgral?gx-no-cache=1520536810774 HTTP/1.1" 200 1296
192.168.10.50 - - [08/Mar/2018:16:22:52 -0300] "POST /cormun/servlet/trsolicitudgral?d6583be25d14686ecc3ebf87c918bf62,gx-no-cache=1520535661363,gx-no-cache=1520536810742 HTTP/1.1" 200 5938
192.168.10.89 - - [08/Mar/2018:16:22:52 -0300] "POST /cormun/servlet/solicitudgral?gx-no-cache=1520536810877 HTTP/1.1" 200 1219
192.168.10.89 - - [08/Mar/2018:16:22:56 -0300] "POST /cormun/servlet/solicitudgral?1ebb3a240a19b91fd59ea655bc0951a6,UPD,2018,9318,,gx-no-cache=1520536814978 HTTP/1.1" 200 93
192.168.10.89 - - [08/Mar/2018:16:22:56 -0300] "GET /cormun/servlet/hpexe_return? HTTP/1.1" 200 1015
192.168.10.89 - - [08/Mar/2018:16:22:56 -0300] "GET /cormun/static/Resources/Spanish/PXTools.css?167811 HTTP/1.1" 200 89042
192.168.10.89 - - [08/Mar/2018:16:22:56 -0300] "GET /cormun/static/gxcfg.js?2016101716175148 HTTP/1.1" 200 953
192.168.10.89 - - [08/Mar/2018:16:22:56 -0300] "GET /cormun/static/hpexe_return.js?2016101716175153 HTTP/1.1" 200 1633
192.168.10.89 - - [08/Mar/2018:16:22:57 -0300] "GET /cormun/servlet/trsolicitudgral? HTTP/1.1" 200 11104
186.103.158.250 - - [08/Mar/2018:16:23:07 -0300] "GET /cormun/servlet/solicitudot?bc3b76daa3a3d96841d661f799b3f22de7c956bffec92493cb9f820b2530894648047c65282e4baec5f1ff54db33a49c,gx-no-cache=1520536937319 HTTP/1.1" 200 111
186.103.158.250 - - [08/Mar/2018:16:23:21 -0300] "POST /cormun/servlet/solicitudot?gx-no-cache=1520536951137 HTTP/1.1" 200 3353
186.103.158.250 - - [08/Mar/2018:16:23:36 -0300] "POST /cormun/servlet/solicitudot?gx-no-cache=1520536965667 HTTP/1.1" 200 3410
186.103.158.250 - - [08/Mar/2018:16:23:36 -0300] "POST /cormun/servlet/solicitudot?55fdac57a1463f1467033d8239b40f48,INS,0,0,,gx-no-cache=1520536966037 HTTP/1.1" 200 10632
186.103.158.250 - - [08/Mar/2018:16:23:37 -0300] "GET /cormun/servlet/solicitudot?bc3b76daa3a3d96841d661f799b3f22d09eabb57d50613f57d1c10b7a5e5f97148047c65282e4baec5f1ff54db33a49c,gx-no-cache=1520536966550 HTTP/1.1" 200 30
66.63.181.68 - - [08/Mar/2018:16:23:39 -0300] "HEAD /manager/html HTTP/1.1" 401 -
186.103.158.250 - - [08/Mar/2018:16:23:44 -0300] "GET /cormun/servlet/solicitudot?bc3b76daa3a3d96841d661f799b3f22d5da5e74ca7bd4dbc5d605fd91f621c99867ad428b2dcf429a71fb38a46e2218e48047c65282e4baec5f1ff54db33a49c,gx-no-cache=1520536974177 HTTP/1.1" 200 30
186.103.158.250 - - [08/Mar/2018:16:23:44 -0300] "GET /cormun/servlet/solicitudot?bc3b76daa3a3d96841d661f799b3f22d35092c08578934049f98d6570dea51be,gx-no-cache=1520536974256 HTTP/1.1" 200 45
186.103.158.250 - - [08/Mar/2018:16:23:44 -0300] "POST /cormun/servlet/solicitudot?gx-no-cache=1520536974344 HTTP/1.1" 200 255
186.103.158.250 - - [08/Mar/2018:16:23:45 -0300] "GET /cormun/servlet/solicitudot?bc3b76daa3a3d96841d661f799b3f22d5b3115801c109fceaca21ac3cd1952824a6ccd08b641e582b5d1a7330c0921710570b7d9976aa8c5eb5e839e2aa3062924253166fee0d3107fe93c20ce427385864370ca9907a560528abb95e7bdd331d7a09eb6b57378e80b91f8049c7c7793e45e031b4fc6e4b72b76cb4d8ba0f7e6a0ced2bf4540fac6a2cf18727a9d458738a83585d0fedd39346eba5683e86775feee8a49252cbb2d5ca67e7930ee8909b5d0ebc93ed04a07beb526710da01bf8a9290b1140e2d032ce91df9ba6577c7f259e1154467de6f3ae2d22b4542663f866238c3bec64f89b1912dce6fa9ce4d8ef1a2de9cc0029a1a20e4f0eb0426ffa73b28219fbf2b4d2aefd21feecbdd4bd6fc11d58400068a11900d7fea1e220a0fcbf0ddebce4981720d58499400dd93bfe358700e4ba745d6a5182c6d35b8110fc6115024803275bb201c49a8714d6476ae9d3742e0bfa7a8a95f3b0271727349c39591c55176ff3d7fffad4642b721b42e27cbf999c71a6233caafee864ae2d,gx-no-cache=1520536974447 HTTP/1.1" 200 30
186.103.158.250 - - [08/Mar/2018:16:23:45 -0300] "POST /cormun/servlet/solicitudot?gx-no-cache=1520536974818 HTTP/1.1" 200 30
186.103.158.250 - - [08/Mar/2018:16:23:45 -0300] "POST /cormun/servlet/solicitudot?gx-no-cache=1520536974925 HTTP/1.1" 200 1335
186.103.158.250 - - [08/Mar/2018:16:23:45 -0300] "POST /cormun/servlet/solicitudot?gx-no-cache=1520536975065 HTTP/1.1" 200 38
186.103.157.235 - - [08/Mar/2018:16:24:04 -0300] "GET /cormun/servlet/trsolicitudot? HTTP/1.1" 200 7440
186.103.157.235 - - [08/Mar/2018:16:24:04 -0300] "GET /cormun/servlet/trsolicitudot? HTTP/1.1" 200 7439
186.103.158.250 - - [08/Mar/2018:16:24:08 -0300] "POST /cormun/servlet/solicitudot?gx-no-cache=1520536997652 HTTP/1.1" 200 30
186.103.157.235 - - [08/Mar/2018:16:24:09 -0300] "GET /cormun/servlet/solicitudot?INS,0,0, HTTP/1.1" 200 13676
186.103.158.250 - - [08/Mar/2018:16:24:09 -0300] "GET /cormun/servlet/prcontratosol?10353036,,,,,MD,,gxPopupLevel%3D0%3B HTTP/1.1" 200 7999
186.103.157.235 - - [08/Mar/2018:16:24:10 -0300] "GET /cormun/servlet/solicitudot?INS,0,0, HTTP/1.1" 200 13681
186.103.158.250 - - [08/Mar/2018:16:24:10 -0300] "GET /cormun/static/gxcfg.js?201761413223964 HTTP/1.1" 304 -
186.103.158.250 - - [08/Mar/2018:16:24:18 -0300] "POST /cormun/servlet/solicitudot?gx-no-cache=1520537008003 HTTP/1.1" 200 1336
186.103.158.250 - - [08/Mar/2018:16:24:18 -0300] "POST /cormun/servlet/solicitudot?gx-no-cache=1520537008137 HTTP/1.1" 200 38
186.103.158.250 - - [08/Mar/2018:16:24:18 -0300] "GET /cormun/servlet/solicitudot?bc3b76daa3a3d96841d661f799b3f22d5aac9c1a7e215f50041e7fcae2a4d1e7d439cfe36d8dd31b1f8d3884163905889d7be5efd33bec39d12f2c71a052565570eeeeb16259377179f405dc034f25f66d4787ad6abc99b4fd9eb21213c412cc8324aa421b65c4a9a8e11c8846dee3faeeff9b0c0a289cee3f6ba0478ae469a5834c3cf1b31159e8b001a97bda03b260ed315a462ad263186cda228df83cb1f1,gx-no-cache=1520537008206 HTTP/1.1" 200 29
186.103.158.250 - - [08/Mar/2018:16:24:18 -0300] "POST /cormun/servlet/solicitudot?gx-no-cache=1520537008281 HTTP/1.1" 200 1318
186.103.158.250 - - [08/Mar/2018:16:24:18 -0300] "POST /cormun/servlet/solicitudot?gx-no-cache=1520537008365 HTTP/1.1" 200 1218
186.103.158.250 - - [08/Mar/2018:16:24:19 -0300] "GET /cormun/servlet/solicitudot?bc3b76daa3a3d96841d661f799b3f22dc14971ad1357cd56d97a53bab5a2bb314134886641885cd12ae32b3f3ff4c049,gx-no-cache=1520537008465 HTTP/1.1" 200 134
186.103.158.250 - - [08/Mar/2018:16:24:25 -0300] "GET /cormun/static/menuarrow.gif HTTP/1.1" 404 1015
200.86.95.220 - - [08/Mar/2018:16:24:43 -0300] "GET /cormun/servlet/solicitudot?e0d4f0760bcf6c2603a8bfafbb343554c49afa8fe00124aeca957116f176b006821433af27c7d5b4f43ebba4a019210b34ac435de950ca129b6b9bdf93b310c8d4d0c92cabd71a23fad228ed46b12e18792b78b55282083b70949273c8bafc51404c703d9425f56e0a79bed26760463e94eaf30dd260d10dd71c519d4f37113607564798f025dc540261a74ef1ff567a8460d765c8458841953151c6c969d344261372da22fd52eb1bfd518532804a955834964d42bee4629abc057f56e997bf6e7e26ea1dff0c26deab5961b01b785dbcdfb057e58e3653b2c4fc97eb2f061ade26d4d532c440aad3996dc09fee1d6dc50a9614b9e21033f70bd5f465b2bf360313d52e364f0969cd6bcef2ba5ea859ba0833e9719c4de52ed99c5ec00988a88bd945e3b2abc5e830c518e2bf810fde2895c2b87e8ac23ec1d42dcf594610ec0405069bb4a42d5bc21c1dd1a9fa9fe75eeb43e6dbfeb5e9a344b53be279fb704d7ac112fe3f97e70e50ab6e35cf118bf53f64ec551657be1ed7835d15d97dee344e1fb05c9b93117445e6c5494081ef,gx-no-cache=1520537035114 HTTP/1.1" 200 30
200.86.95.220 - - [08/Mar/2018:16:24:43 -0300] "POST /cormun/servlet/solicitudot?gx-no-cache=1520537035234 HTTP/1.1" 200 30
200.86.95.220 - - [08/Mar/2018:16:24:43 -0300] "POST /cormun/servlet/solicitudot?gx-no-cache=1520537035331 HTTP/1.1" 200 1334
200.86.95.220 - - [08/Mar/2018:16:24:43 -0300] "POST /cormun/servlet/solicitudot?gx-no-cache=1520537035454 HTTP/1.1" 200 41
200.86.95.220 - - [08/Mar/2018:16:24:44 -0300] "POST /cormun/servlet/solicitudot?gx-no-cache=1520537035532 HTTP/1.1" 200 1319
200.86.95.220 - - [08/Mar/2018:16:24:44 -0300] "POST /cormun/servlet/solicitudot?gx-no-cache=1520537035621 HTTP/1.1" 200 1218
200.86.95.220 - - [08/Mar/2018:16:24:44 -0300] "GET /cormun/servlet/solicitudot?e0d4f0760bcf6c2603a8bfafbb34355440529c1ed00e947bbabf8c392e7f57bc0846b84f4c23dcfcc4c5bdb26bdb6bc4,gx-no-cache=1520537035727 HTTP/1.1" 200 30
200.86.95.220 - - [08/Mar/2018:16:24:44 -0300] "POST /cormun/servlet/solicitudot?gx-no-cache=1520537035827 HTTP/1.1" 200 30
186.103.159.230 - - [08/Mar/2018:16:24:46 -0300] "POST /cormun/servlet/solicitudot?e2a66186af2957b9f680c084fbbd72d2,INS,0,0,,gx-no-cache=1520537034821 HTTP/1.1" 200 93
186.103.159.230 - - [08/Mar/2018:16:24:46 -0300] "GET /cormun/servlet/hpexe_return? HTTP/1.1" 200 1005
186.103.159.230 - - [08/Mar/2018:16:24:47 -0300] "GET /cormun/servlet/trsolicitudot HTTP/1.1" 200 9241
186.103.159.230 - - [08/Mar/2018:16:24:48 -0300] "GET /cormun/servlet/trsolicitudot HTTP/1.1" 200 9238
200.86.95.220 - - [08/Mar/2018:16:24:57 -0300] "POST /cormun/servlet/solicitudot?771e374e112f5c4020dd1736062ae396,INS,0,0,,gx-no-cache=1520537049075 HTTP/1.1" 200 93
200.86.95.220 - - [08/Mar/2018:16:24:57 -0300] "GET /cormun/servlet/hpexe_return? HTTP/1.1" 200 1009
200.86.95.220 - - [08/Mar/2018:16:24:58 -0300] "GET /cormun/servlet/trsolicitudot HTTP/1.1" 200 8519
200.86.95.220 - - [08/Mar/2018:16:24:59 -0300] "GET /cormun/servlet/trsolicitudot HTTP/1.1" 200 8515
200.86.95.220 - - [08/Mar/2018:16:25:11 -0300] "POST /cormun/servlet/trsolicitudot?771e374e112f5c4020dd1736062ae396,gx-no-cache=1520537063199 HTTP/1.1" 200 107
200.86.95.220 - - [08/Mar/2018:16:25:12 -0300] "GET /cormun/servlet/trsolicitudadjuntos?2018,10305, HTTP/1.1" 200 6049
200.86.95.220 - - [08/Mar/2018:16:25:12 -0300] "GET /cormun/static/gxcfg.js?20177612135366 HTTP/1.1" 200 953
200.86.95.220 - - [08/Mar/2018:16:25:13 -0300] "GET /cormun/servlet/trsolicitudadjuntos?2018,10305, HTTP/1.1" 200 6049
200.86.95.220 - - [08/Mar/2018:16:25:14 -0300] "GET /cormun/servlet/solicitudotadjuntos?INS,2018,10305,,1, HTTP/1.1" 200 6000
200.86.95.220 - - [08/Mar/2018:16:25:15 -0300] "GET /cormun/static/gxcfg.js?2017761244068 HTTP/1.1" 304 -
200.86.95.220 - - [08/Mar/2018:16:25:15 -0300] "GET /cormun/static/about:blank HTTP/1.1" 404 1011
200.86.95.220 - - [08/Mar/2018:16:25:15 -0300] "GET /cormun/servlet/solicitudotadjuntos?INS,2018,10305,,1, HTTP/1.1" 200 5993
200.86.95.220 - - [08/Mar/2018:16:25:16 -0300] "GET /cormun/servlet/solicitudotadjuntos?e0d4f0760bcf6c2603a8bfafbb3435543dea96e1699ea54b78fdd59fdb3d7851407a58e09115fef48745faae2b9ae868,gx-no-cache=1520537067971 HTTP/1.1" 200 30
200.86.95.220 - - [08/Mar/2018:16:25:16 -0300] "POST /cormun/servlet/solicitudotadjuntos?771e374e112f5c4020dd1736062ae396,INS,2018,10305,,1,,gx-no-cache=1520537068051 HTTP/1.1" 200 3798
186.103.158.250 - - [08/Mar/2018:16:25:18 -0300] "GET /cormun/servlet/solicitudot?bc3b76daa3a3d96841d661f799b3f22d145b9183ac8b95875180d9e6218e2e754134886641885cd12ae32b3f3ff4c049,gx-no-cache=1520537067914 HTTP/1.1" 200 30
186.103.158.250 - - [08/Mar/2018:16:25:18 -0300] "POST /cormun/servlet/solicitudot?gx-no-cache=1520537068018 HTTP/1.1" 200 137
200.86.95.220 - - [08/Mar/2018:16:25:20 -0300] "POST /cormun/servlet/solicitudotadjuntos?gx-no-cache=1520537072148 HTTP/1.1" 200 26
186.103.158.250 - - [08/Mar/2018:16:25:28 -0300] "POST /cormun/servlet/solicitudot?gx-no-cache=1520537078244 HTTP/1.1" 200 30
200.86.95.220 - - [08/Mar/2018:16:25:31 -0300] "GET /cormun/servlet/solicitudotadjuntos?e0d4f0760bcf6c2603a8bfafbb343554fc279e9997abe2e640d0c3aaa4e117dd,gx-no-cache=1520537082827 HTTP/1.1" 200 30
200.86.95.220 - - [08/Mar/2018:16:25:31 -0300] "GET /cormun/servlet/solicitudotadjuntos?e0d4f0760bcf6c2603a8bfafbb343554fc279e9997abe2e640d0c3aaa4e117dd,gx-no-cache=1520537082904 HTTP/1.1" 200 30
200.86.95.220 - - [08/Mar/2018:16:25:33 -0300] "POST /cormun/servlet/solicitudotadjuntos?771e374e112f5c4020dd1736062ae396,INS,2018,10305,,1, HTTP/1.1" 200 6145
200.86.95.220 - - [08/Mar/2018:16:25:34 -0300] "GET /cormun/static/Shared/jqueryui/images/ui-bg_highlight-soft_100_c6c2c8_1x100.png HTTP/1.1" 404 1117
200.86.95.220 - - [08/Mar/2018:16:25:34 -0300] "GET /cormun/static/Shared/jqueryui/images/ui-icons_82798d_256x240.png HTTP/1.1" 404 1089
200.86.95.220 - - [08/Mar/2018:16:25:34 -0300] "GET /cormun/static/Shared/jqueryui/images/ui-bg_flat_55_994d53_40x100.png HTTP/1.1" 404 1097
200.86.95.220 - - [08/Mar/2018:16:25:34 -0300] "GET /cormun/static/Shared/jqueryui/images/ui-icons_ebccce_256x240.png HTTP/1.1" 404 1089
200.86.95.220 - - [08/Mar/2018:16:25:34 -0300] "GET /cormun/PrivateTempStorage/upload_00006482.jpg HTTP/1.1" 200 483774
186.103.159.230 - - [08/Mar/2018:16:25:39 -0300] "POST /cormun/servlet/trsolicitudot?e2a66186af2957b9f680c084fbbd72d2,gx-no-cache=1520537087579 HTTP/1.1" 200 5896
186.103.159.230 - - [08/Mar/2018:16:25:39 -0300] "GET /cormun/static/Shared/jqueryui/images/ui-bg_highlight-soft_100_c6c2c8_1x100.png HTTP/1.1" 404 1117
186.103.159.230 - - [08/Mar/2018:16:25:39 -0300] "GET /cormun/static/Shared/jqueryui/images/ui-icons_82798d_256x240.png HTTP/1.1" 404 1089
186.103.159.230 - - [08/Mar/2018:16:25:39 -0300] "GET /cormun/static/Shared/jqueryui/images/ui-icons_8d78a5_256x240.png HTTP/1.1" 404 1089
186.103.159.230 - - [08/Mar/2018:16:25:40 -0300] "GET /cormun/static/Shared/jqueryui/images/ui-bg_flat_55_fafafa_40x100.png HTTP/1.1" 404 1097
186.103.159.230 - - [08/Mar/2018:16:25:40 -0300] "POST /cormun/servlet/trsolicitudot?e2a66186af2957b9f680c084fbbd72d2,gx-no-cache=1520537087979 HTTP/1.1" 200 5840
186.103.157.235 - - [08/Mar/2018:16:25:47 -0300] "POST /cormun/servlet/solicitudot?gx-no-cache=1520537094833 HTTP/1.1" 200 3375
186.103.157.235 - - [08/Mar/2018:16:25:51 -0300] "POST /cormun/servlet/solicitudot?5f26775453bd26a221b6b21b0ad47f97,INS,0,0,,gx-no-cache=1520537098286 HTTP/1.1" 200 10545
200.86.95.220 - - [08/Mar/2018:16:25:51 -0300] "GET /cormun/servlet/solicitudotadjuntos?e0d4f0760bcf6c2603a8bfafbb343554ed1cf8536acfdaacedbebcc9c3232349344e1fb05c9b93117445e6c5494081ef,gx-no-cache=1520537103225 HTTP/1.1" 200 30
186.103.159.46 - - [08/Mar/2018:16:25:52 -0300] "GET /cormun/servlet/hlogin HTTP/1.1" 200 1721
186.103.157.235 - - [08/Mar/2018:16:25:54 -0300] "GET /cormun/servlet/prfichaempleado?,MD,,gxPopupLevel%3D0%3B HTTP/1.1" 200 9387
200.86.95.220 - - [08/Mar/2018:16:25:54 -0300] "POST /cormun/servlet/solicitudotadjuntos?771e374e112f5c4020dd1736062ae396,INS,2018,10305,,1, HTTP/1.1" 200 6144
200.86.95.220 - - [08/Mar/2018:16:25:55 -0300] "GET /cormun/PrivateTempStorage/upload_00006494.jpg HTTP/1.1" 200 483774
186.103.159.230 - - [08/Mar/2018:16:25:56 -0300] "GET /cormun/servlet/trautorizarsolicitud? HTTP/1.1" 200 8598
186.103.159.230 - - [08/Mar/2018:16:25:57 -0300] "GET /cormun/servlet/trautorizarsolicitud? HTTP/1.1" 200 8598
200.86.95.220 - - [08/Mar/2018:16:26:06 -0300] "POST /cormun/servlet/solicitudotadjuntos?771e374e112f5c4020dd1736062ae396,INS,2018,10305,,1, HTTP/1.1" 200 116
200.86.95.220 - - [08/Mar/2018:16:26:06 -0300] "GET /cormun/servlet/hpexe_return? HTTP/1.1" 200 1028
200.86.95.220 - - [08/Mar/2018:16:26:06 -0300] "GET /cormun/servlet/trsolicitudadjuntos?2018,10305, HTTP/1.1" 200 6053
200.86.95.220 - - [08/Mar/2018:16:26:08 -0300] "GET /cormun/servlet/trsolicitudadjuntos?2018,10305, HTTP/1.1" 200 6049
186.103.157.235 - - [08/Mar/2018:16:26:19 -0300] "POST /cormun/servlet/prfichaempleado?5f26775453bd26a221b6b21b0ad47f97,,MD,,gxPopupLevel%3D0%3B,gx-no-cache=1520537121442 HTTP/1.1" 200 3420
186.103.158.250 - - [08/Mar/2018:16:26:20 -0300] "POST /cormun/servlet/solicitudot?55fdac57a1463f1467033d8239b40f48,INS,0,0,,gx-no-cache=1520537129835 HTTP/1.1" 200 93
186.103.158.250 - - [08/Mar/2018:16:26:21 -0300] "GET /cormun/servlet/hpexe_return? HTTP/1.1" 200 999
186.103.158.250 - - [08/Mar/2018:16:26:21 -0300] "GET /cormun/static/gxcfg.js?2016101716175148 HTTP/1.1" 304 -
186.103.158.250 - - [08/Mar/2018:16:26:21 -0300] "GET /cormun/servlet/trsolicitudot HTTP/1.1" 200 9295
186.103.158.250 - - [08/Mar/2018:16:26:23 -0300] "GET /cormun/servlet/trsolicitudot HTTP/1.1" 200 9292
186.103.158.250 - - [08/Mar/2018:16:26:31 -0300] "POST /cormun/servlet/trsolicitudot?55fdac57a1463f1467033d8239b40f48,gx-no-cache=1520537140664 HTTP/1.1" 200 5836
186.103.158.250 - - [08/Mar/2018:16:26:31 -0300] "GET /cormun/static/Shared/jqueryui/images/ui-icons_82798d_256x240.png HTTP/1.1" 404 1089
186.103.158.250 - - [08/Mar/2018:16:26:31 -0300] "GET /cormun/static/Shared/jqueryui/images/ui-bg_flat_55_fafafa_40x100.png HTTP/1.1" 404 1097
186.103.158.250 - - [08/Mar/2018:16:26:31 -0300] "GET /cormun/static/Shared/jqueryui/images/ui-icons_8d78a5_256x240.png HTTP/1.1" 404 1089
186.103.158.250 - - [08/Mar/2018:16:26:31 -0300] "GET /cormun/static/Shared/jqueryui/images/ui-bg_highlight-soft_100_c6c2c8_1x100.png HTTP/1.1" 404 1117
186.103.158.250 - - [08/Mar/2018:16:26:32 -0300] "POST /cormun/servlet/trsolicitudot?55fdac57a1463f1467033d8239b40f48,gx-no-cache=1520537141224 HTTP/1.1" 200 5779
186.103.159.46 - - [08/Mar/2018:16:26:38 -0300] "POST /cormun/servlet/hlogin?c230133639d25fe707e10dacbda00000,gx-no-cache=1520537149185 HTTP/1.1" 200 434
186.103.159.230 - - [08/Mar/2018:16:26:38 -0300] "POST /cormun/servlet/trautorizarsolicitud?e2a66186af2957b9f680c084fbbd72d2,,gx-no-cache=1520537146373 HTTP/1.1" 200 4597
186.103.159.230 - - [08/Mar/2018:16:26:38 -0300] "GET /cormun/static/Shared/jqueryui/images/ui-bg_highlight-soft_100_c6c2c8_1x100.png HTTP/1.1" 404 1117
186.103.159.230 - - [08/Mar/2018:16:26:38 -0300] "GET /cormun/static/Shared/jqueryui/images/ui-icons_8d78a5_256x240.png HTTP/1.1" 404 1089
186.103.159.230 - - [08/Mar/2018:16:26:38 -0300] "GET /cormun/static/Shared/jqueryui/images/ui-icons_82798d_256x240.png HTTP/1.1" 404 1089
186.103.159.230 - - [08/Mar/2018:16:26:38 -0300] "GET /cormun/static/Shared/jqueryui/images/ui-bg_flat_55_fafafa_40x100.png HTTP/1.1" 404 1097
186.103.158.250 - - [08/Mar/2018:16:26:38 -0300] "GET /cormun/servlet/trautorizarsolicitud? HTTP/1.1" 200 11095
186.103.159.230 - - [08/Mar/2018:16:26:38 -0300] "POST /cormun/servlet/trautorizarsolicitud?e2a66186af2957b9f680c084fbbd72d2,,gx-no-cache=1520537146757 HTTP/1.1" 200 4385
186.103.158.250 - - [08/Mar/2018:16:26:38 -0300] "GET /cormun/static/gxcfg.js?2017111423403364 HTTP/1.1" 304 -
186.103.158.250 - - [08/Mar/2018:16:26:40 -0300] "GET /cormun/servlet/trautorizarsolicitud? HTTP/1.1" 200 11095
186.103.159.46 - - [08/Mar/2018:16:26:44 -0300] "POST /cormun/servlet/hlogin?c230133639d25fe707e10dacbda00000,gx-no-cache=1520537155459 HTTP/1.1" 200 434
186.103.158.250 - - [08/Mar/2018:16:26:49 -0300] "POST /cormun/servlet/trautorizarsolicitud?55fdac57a1463f1467033d8239b40f48,,gx-no-cache=1520537158261 HTTP/1.1" 200 7828
186.103.158.250 - - [08/Mar/2018:16:26:49 -0300] "GET /cormun/static/Shared/jqueryui/images/ui-bg_highlight-soft_100_c6c2c8_1x100.png HTTP/1.1" 404 1117
186.103.158.250 - - [08/Mar/2018:16:26:49 -0300] "GET /cormun/static/Shared/jqueryui/images/ui-icons_82798d_256x240.png HTTP/1.1" 404 1089
186.103.158.250 - - [08/Mar/2018:16:26:49 -0300] "GET /cormun/static/Shared/jqueryui/images/ui-bg_flat_55_fafafa_40x100.png HTTP/1.1" 404 1097
186.103.158.250 - - [08/Mar/2018:16:26:49 -0300] "GET /cormun/static/Shared/jqueryui/images/ui-icons_8d78a5_256x240.png HTTP/1.1" 404 1089
186.103.158.250 - - [08/Mar/2018:16:26:50 -0300] "POST /cormun/servlet/trautorizarsolicitud?55fdac57a1463f1467033d8239b40f48,,gx-no-cache=1520537159402 HTTP/1.1" 200 7772
200.86.95.220 - - [08/Mar/2018:16:26:52 -0300] "GET /cormun/servlet/solicitudotadjuntos?INS,2018,10305,,1, HTTP/1.1" 200 5999
200.86.95.220 - - [08/Mar/2018:16:26:53 -0300] "GET /cormun/static/about:blank HTTP/1.1" 404 1011
200.86.95.220 - - [08/Mar/2018:16:26:53 -0300] "GET /cormun/servlet/solicitudotadjuntos?INS,2018,10305,,1, HTTP/1.1" 200 5992
186.103.157.235 - - [08/Mar/2018:16:26:53 -0300] "POST /cormun/servlet/solicitudot?gx-no-cache=1520537163484 HTTP/1.1" 200 3375
200.86.95.220 - - [08/Mar/2018:16:26:53 -0300] "GET /cormun/servlet/solicitudotadjuntos?e0d4f0760bcf6c2603a8bfafbb3435543dea96e1699ea54b78fdd59fdb3d7851407a58e09115fef48745faae2b9ae868,gx-no-cache=1520537165418 HTTP/1.1" 200 30
200.86.95.220 - - [08/Mar/2018:16:26:53 -0300] "POST /cormun/servlet/solicitudotadjuntos?771e374e112f5c4020dd1736062ae396,INS,2018,10305,,1,,gx-no-cache=1520537165488 HTTP/1.1" 200 3798
186.103.157.235 - - [08/Mar/2018:16:26:54 -0300] "POST /cormun/servlet/solicitudot?5f26775453bd26a221b6b21b0ad47f97,INS,0,0,,gx-no-cache=1520537164343 HTTP/1.1" 200 10598
186.103.157.235 - - [08/Mar/2018:16:26:54 -0300] "GET /cormun/servlet/solicitudot?e70c2501e57e9c0b8f215b9f61a32741d0bc3b00d09027b0422ba17a1339f81668e9cbc6e28474dd747d03994858299c,gx-no-cache=1520537165265 HTTP/1.1" 200 30
200.86.95.220 - - [08/Mar/2018:16:26:55 -0300] "POST /cormun/servlet/solicitudotadjuntos?gx-no-cache=1520537167142 HTTP/1.1" 200 26
186.103.158.250 - - [08/Mar/2018:16:26:59 -0300] "POST /cormun/servlet/trautorizarsolicitud?55fdac57a1463f1467033d8239b40f48,,gx-no-cache=1520537168412 HTTP/1.1" 200 7439
186.103.158.250 - - [08/Mar/2018:16:26:59 -0300] "POST /cormun/servlet/trautorizarsolicitud?55fdac57a1463f1467033d8239b40f48,,gx-no-cache=1520537169147 HTTP/1.1" 200 7382
186.103.158.250 - - [08/Mar/2018:16:27:03 -0300] "POST /cormun/servlet/trautorizarsolicitud?55fdac57a1463f1467033d8239b40f48,,gx-no-cache=1520537172494 HTTP/1.1" 200 7047
186.103.158.250 - - [08/Mar/2018:16:27:03 -0300] "POST /cormun/servlet/trautorizarsolicitud?55fdac57a1463f1467033d8239b40f48,,gx-no-cache=1520537173256 HTTP/1.1" 200 6992
200.86.95.220 - - [08/Mar/2018:16:27:05 -0300] "GET /cormun/servlet/solicitudotadjuntos?e0d4f0760bcf6c2603a8bfafbb343554fc279e9997abe2e640d0c3aaa4e117dd,gx-no-cache=1520537176819 HTTP/1.1" 200 30
200.86.95.220 - - [08/Mar/2018:16:27:05 -0300] "GET /cormun/servlet/solicitudotadjuntos?e0d4f0760bcf6c2603a8bfafbb343554fc279e9997abe2e640d0c3aaa4e117dd,gx-no-cache=1520537176889 HTTP/1.1" 200 30
186.103.159.46 - - [08/Mar/2018:16:27:05 -0300] "POST /cormun/servlet/hlogin?c230133639d25fe707e10dacbda00000,gx-no-cache=1520537176371 HTTP/1.1" 200 90
186.103.159.46 - - [08/Mar/2018:16:27:05 -0300] "GET /cormun/servlet/hpexe_link HTTP/1.1" 200 947
186.103.159.46 - - [08/Mar/2018:16:27:05 -0300] "GET /cormun/servlet/hhome HTTP/1.1" 200 4193
186.103.159.46 - - [08/Mar/2018:16:27:06 -0300] "GET /cormun/servlet/hhome HTTP/1.1" 200 4189
186.103.158.250 - - [08/Mar/2018:16:27:07 -0300] "POST /cormun/servlet/trautorizarsolicitud?55fdac57a1463f1467033d8239b40f48,,gx-no-cache=1520537176012 HTTP/1.1" 200 6674
200.86.95.220 - - [08/Mar/2018:16:27:07 -0300] "POST /cormun/servlet/solicitudotadjuntos?771e374e112f5c4020dd1736062ae396,INS,2018,10305,,1, HTTP/1.1" 200 6142
200.86.95.220 - - [08/Mar/2018:16:27:07 -0300] "GET /cormun/static/Shared/jqueryui/images/ui-bg_highlight-soft_100_c6c2c8_1x100.png HTTP/1.1" 404 1117
200.86.95.220 - - [08/Mar/2018:16:27:07 -0300] "GET /cormun/static/Shared/jqueryui/images/ui-icons_82798d_256x240.png HTTP/1.1" 404 1089
200.86.95.220 - - [08/Mar/2018:16:27:07 -0300] "GET /cormun/static/Shared/jqueryui/images/ui-bg_flat_55_994d53_40x100.png HTTP/1.1" 404 1097
200.86.95.220 - - [08/Mar/2018:16:27:07 -0300] "GET /cormun/static/Shared/jqueryui/images/ui-icons_ebccce_256x240.png HTTP/1.1" 404 1089
186.103.158.250 - - [08/Mar/2018:16:27:08 -0300] "POST /cormun/servlet/trautorizarsolicitud?55fdac57a1463f1467033d8239b40f48,,gx-no-cache=1520537177067 HTTP/1.1" 200 6619
200.86.95.220 - - [08/Mar/2018:16:27:08 -0300] "GET /cormun/PrivateTempStorage/upload_00006518.jpg HTTP/1.1" 200 483774
186.103.158.250 - - [08/Mar/2018:16:27:10 -0300] "POST /cormun/servlet/trautorizarsolicitud?55fdac57a1463f1467033d8239b40f48,,gx-no-cache=1520537179642 HTTP/1.1" 200 6278
186.103.158.250 - - [08/Mar/2018:16:27:11 -0300] "POST /cormun/servlet/trautorizarsolicitud?55fdac57a1463f1467033d8239b40f48,,gx-no-cache=1520537180416 HTTP/1.1" 200 6221
186.103.158.250 - - [08/Mar/2018:16:27:22 -0300] "POST /cormun/servlet/trautorizarsolicitud?55fdac57a1463f1467033d8239b40f48,,gx-no-cache=1520537191102 HTTP/1.1" 200 5795
186.103.158.250 - - [08/Mar/2018:16:27:23 -0300] "POST /cormun/servlet/trautorizarsolicitud?55fdac57a1463f1467033d8239b40f48,,gx-no-cache=1520537192323 HTTP/1.1" 200 5740
186.103.158.250 - - [08/Mar/2018:16:27:32 -0300] "GET /cormun/servlet/treventos?2018,9764, HTTP/1.1" 200 9078
186.103.158.250 - - [08/Mar/2018:16:27:32 -0300] "GET /cormun/static/gxcfg.js?2016101716195975 HTTP/1.1" 200 953
186.103.158.250 - - [08/Mar/2018:16:27:34 -0300] "GET /cormun/servlet/treventos?2018,9764, HTTP/1.1" 200 9085
186.103.157.235 - - [08/Mar/2018:16:27:40 -0300] "GET /cormun/servlet/solicitudot?e70c2501e57e9c0b8f215b9f61a32741391e00ef266ed1564b6e5f6d0a29631cb74998120e916df40d16948f71339ed4,gx-no-cache=1520537211156 HTTP/1.1" 200 30
186.103.157.235 - - [08/Mar/2018:16:27:40 -0300] "GET /cormun/servlet/solicitudot?e70c2501e57e9c0b8f215b9f61a32741ae72f5d6b0b6db33106d74c4e1708ef7,gx-no-cache=1520537211312 HTTP/1.1" 200 51
186.103.157.235 - - [08/Mar/2018:16:27:40 -0300] "POST /cormun/servlet/solicitudot?gx-no-cache=1520537211390 HTTP/1.1" 200 255
186.103.157.235 - - [08/Mar/2018:16:27:41 -0300] "GET /cormun/servlet/solicitudot?e70c2501e57e9c0b8f215b9f61a32741630178cbd42de12e15d266144ac1629a0004af9d1aa5715c864b9c6e8f22c806eefcd1268bf9357d1e6a7c3c095b63cb83f32837b6a126c0fef3c0ee431c51ba72708c1ce4657673397f007204d1232bd89342dfb8b7801754f0f3b9ad62134187c5aad9d04bcbcdb6156484d70c24ae14a96268cda9a99142e0ea190a2cfb610271206452cf1302b121805eeed3e74762ccf2a640e81c043cae048243ceff3153b981540ed0744f8c2d7da6d056c31f5b8a704a09024c5eab6d0134b9eeff24705818e7e88895f88eb6b0bd69576a78c4142fca25dd09b846b185620eb7aac660611a49557e2826c6f89a1f068657bde29f0d6c6556d6ee637c9ccfe68856abc6ca7be6722f89028a9eb15a72efedc0ee1c7a991dc93aa9407ab39d8ab7298ecbe88252f3f53c380e5a816399dce33fd8950727e08768f7fe9fbe7d149392ed0708839c39bb384427db055f51ab650a8a2f050e2a53da41387c8a8a45e0c97899261e79475321107a21594fdadbaa09,gx-no-cache=1520537211500 HTTP/1.1" 200 30
186.103.157.235 - - [08/Mar/2018:16:27:45 -0300] "POST /cormun/servlet/solicitudot?gx-no-cache=1520537215687 HTTP/1.1" 200 30
186.103.157.235 - - [08/Mar/2018:16:27:48 -0300] "GET /cormun/servlet/prcontratosol?12693069,,,,,MD,,gxPopupLevel%3D0%3B HTTP/1.1" 200 8180
186.103.158.250 - - [08/Mar/2018:16:27:50 -0300] "GET /cormun/servlet/trautorizarsolicitud? HTTP/1.1" 200 8662
186.103.159.46 - - [08/Mar/2018:16:27:50 -0300] "GET /cormun/servlet/trsolicitudot? HTTP/1.1" 200 7410
186.103.159.46 - - [08/Mar/2018:16:27:51 -0300] "GET /cormun/servlet/trsolicitudot? HTTP/1.1" 200 7409
186.103.158.250 - - [08/Mar/2018:16:27:51 -0300] "GET /cormun/servlet/trautorizarsolicitud? HTTP/1.1" 200 8662
186.103.157.235 - - [08/Mar/2018:16:27:52 -0300] "POST /cormun/servlet/solicitudot?gx-no-cache=1520537222600 HTTP/1.1" 200 1337
186.103.157.235 - - [08/Mar/2018:16:27:52 -0300] "POST /cormun/servlet/solicitudot?gx-no-cache=1520537223319 HTTP/1.1" 200 38
186.103.157.235 - - [08/Mar/2018:16:27:53 -0300] "GET /cormun/servlet/solicitudot?e70c2501e57e9c0b8f215b9f61a327414c87196d5d43b72354a59e7c15b7567eb8863c52aa70121263ae9400b11188280ca21622718f3aa1e19434566fdb66b745d849e02390f3e6927eb18c045c9e78ecab0c2c717699806ee475b0656a92e3b8c730f1077f6f6ab44c8fc2b570058f31e1d3ffb1b46fea4ef4d8a3543bb6cf04657b969e201f4a175438e3f744a20e69735599c152b18d41787473f8ff1319,gx-no-cache=1520537223569 HTTP/1.1" 200 29
186.103.157.235 - - [08/Mar/2018:16:27:53 -0300] "POST /cormun/servlet/solicitudot?gx-no-cache=1520537223694 HTTP/1.1" 200 1319
186.103.157.235 - - [08/Mar/2018:16:27:54 -0300] "POST /cormun/servlet/solicitudot?gx-no-cache=1520537224054 HTTP/1.1" 200 1218
186.103.157.235 - - [08/Mar/2018:16:27:54 -0300] "GET /cormun/servlet/solicitudot?e70c2501e57e9c0b8f215b9f61a32741c29892416e017a89bd388ad517636149036f023ab9387420603777fd923d8147,gx-no-cache=1520537225022 HTTP/1.1" 200 134
186.103.157.235 - - [08/Mar/2018:16:27:54 -0300] "GET /cormun/static/Shared/jqueryui/images/ui-bg_flat_55_994d53_40x100.png HTTP/1.1" 404 1097
186.103.157.235 - - [08/Mar/2018:16:27:54 -0300] "GET /cormun/static/Shared/jqueryui/images/ui-icons_ebccce_256x240.png HTTP/1.1" 404 1089
