200.112.1.133 - - [08/Mar/2018:12:55:37 -0300] "GET /cormun/servlet/vesolicitudot?2018,9677,,General HTTP/1.1" 200 8560
200.54.247.70 - - [08/Mar/2018:12:55:37 -0300] "GET /cormun/servlet/solicitudot?INS,0,0, HTTP/1.1" 200 13682
200.112.1.133 - - [08/Mar/2018:12:55:39 -0300] "POST /cormun/servlet/vesolicitudot?19be897b8ebbd19906d9c745b6c04f7d,2018,9677,,General,gx-no-cache=1520524490704 HTTP/1.1" 200 93
200.112.1.133 - - [08/Mar/2018:12:55:39 -0300] "GET /cormun/servlet/hpexe_return? HTTP/1.1" 200 1009
200.112.1.133 - - [08/Mar/2018:12:55:39 -0300] "GET /cormun/servlet/trsolicitudot? HTTP/1.1" 200 9121
200.112.1.133 - - [08/Mar/2018:12:55:40 -0300] "GET /cormun/servlet/trsolicitudot? HTTP/1.1" 200 9117
200.112.1.133 - - [08/Mar/2018:12:55:43 -0300] "POST /cormun/servlet/trsolicitudot?19be897b8ebbd19906d9c745b6c04f7d,,gx-no-cache=1520524494644 HTTP/1.1" 200 103
200.112.1.133 - - [08/Mar/2018:12:55:43 -0300] "GET /cormun/SolicitudOT-4348.xls HTTP/1.1" 200 5632
200.86.99.60 - - [08/Mar/2018:12:55:43 -0300] "POST /cormun/servlet/trlicenciaspermisosadjuntos?dda1761d76e919a6ca82501308ca535f,8741933,20180308000000,L,,gx-no-cache=1520524494599 HTTP/1.1" 200 90
200.86.99.60 - - [08/Mar/2018:12:55:43 -0300] "GET /cormun/servlet/hpexe_link HTTP/1.1" 200 984
200.86.99.60 - - [08/Mar/2018:12:55:46 -0300] "GET /cormun/servlet/trlicencias HTTP/1.1" 200 8742
200.86.99.60 - - [08/Mar/2018:12:55:48 -0300] "GET /cormun/servlet/trlicencias HTTP/1.1" 200 8740
200.86.99.60 - - [08/Mar/2018:12:55:53 -0300] "GET /cormun/servlet/alicenciaprn?8741933,L,20180308000000,PU HTTP/1.1" 200 1528
200.54.247.70 - - [08/Mar/2018:12:55:54 -0300] "POST /cormun/servlet/solicitudot?gx-no-cache=1520524503038 HTTP/1.1" 200 3394
200.54.247.70 - - [08/Mar/2018:12:55:54 -0300] "POST /cormun/servlet/solicitudot?c3dd8a84dfc325bae4bfdc2eda17434a,INS,0,0,,gx-no-cache=1520524503285 HTTP/1.1" 200 10572
200.54.247.70 - - [08/Mar/2018:12:56:03 -0300] "GET /cormun/servlet/solicitudot?6f36f3f7841f4ef847b0e180d3ca2663b4848df34cfbefefb3eead9fb596ea19195e55dad88320e6b4afb9a1a4258f2a,gx-no-cache=1520524512072 HTTP/1.1" 200 30
200.54.247.70 - - [08/Mar/2018:12:56:03 -0300] "GET /cormun/servlet/solicitudot?6f36f3f7841f4ef847b0e180d3ca2663dbb03c4217408b39d2f207881afd9011771617a675e089586782080dbc2e1641d3fa4a3f6a892da9b4cb873ddf7c9f25,gx-no-cache=1520524512152 HTTP/1.1" 200 30
200.54.247.70 - - [08/Mar/2018:12:56:03 -0300] "GET /cormun/servlet/solicitudot?6f36f3f7841f4ef847b0e180d3ca266313b037af3aa15c3952fb8359002b77eb,gx-no-cache=1520524512197 HTTP/1.1" 200 59
200.54.247.70 - - [08/Mar/2018:12:56:03 -0300] "POST /cormun/servlet/solicitudot?gx-no-cache=1520524512254 HTTP/1.1" 200 255
200.54.247.70 - - [08/Mar/2018:12:56:03 -0300] "GET /cormun/servlet/solicitudot?6f36f3f7841f4ef847b0e180d3ca2663329f21269f982d7d975246bb5fdf24e775a5badfda183219641211cd959b32c63e4456e7523d8b27316c6f291b51b63f111e7bb73a7942f8f2894aac9c03d66920ac55e64ca58dd2c4e176baa1da7dcf08acf614623c2468fa256c6aaf2b28377d17a25a7fc92ec0b33b39265d085580d7fd75f996cd3643033c49d6b2afb7888883d2da3d2449590f346e350a79e42263b2ee624329090d4e72164a13c4a3b7e628ba684df43f123e6152092e3ac199e779c1b8cfe03ae682b9ba4b264302e435fa02078ff7e2491197f544dc3ec13bcca8b031f2eae19eea9eae9e5ed6fcbe344c7b022b2e6304e0cde9134eeca2533dc4519d6580e5bcc66b949124affba6e08f4a72ffc100b8ec202bf78f14e433328a8053513976064035e6094faa3161e945f9a233b9c0e423e8d6af9329ceeb89b1043b37ab5a1995c7f352d3cd0ab2f8354dfd10e9fb519616a80943d235a027a22f953f4948d91b434d54ee0ef1ec28d346c4d2dba66c9827d6aeaa3eee70,gx-no-cache=1520524512315 HTTP/1.1" 200 30
200.54.247.70 - - [08/Mar/2018:12:56:05 -0300] "POST /cormun/servlet/solicitudot?gx-no-cache=1520524514042 HTTP/1.1" 200 30
200.54.247.70 - - [08/Mar/2018:12:56:09 -0300] "POST /cormun/servlet/solicitudot?gx-no-cache=1520524518326 HTTP/1.1" 200 1337
200.54.247.70 - - [08/Mar/2018:12:56:10 -0300] "POST /cormun/servlet/solicitudot?gx-no-cache=1520524518524 HTTP/1.1" 200 38
200.54.247.70 - - [08/Mar/2018:12:56:13 -0300] "GET /cormun/servlet/solicitudot?6f36f3f7841f4ef847b0e180d3ca26635276f6273eca3a70248b29307b2bdc1d6acd20c73f8753c46ee6e40aa5d0a1d6faa5692434cdf5311f18c9af39ff6da8f957a32719d286f5fdde17039cfe4fbbe6a45262ce22d319a43635203407465ea1107053d9711d654ffdec1e919e547580f270bfab528026f2329dacb2bfcf38874c98a573551377746ea484f4d76b9cfa9ea8787162f961b14d73745c5ee7a8,gx-no-cache=1520524522251 HTTP/1.1" 200 29
200.54.247.70 - - [08/Mar/2018:12:56:13 -0300] "POST /cormun/servlet/solicitudot?gx-no-cache=1520524522290 HTTP/1.1" 200 1319
200.54.247.70 - - [08/Mar/2018:12:56:13 -0300] "POST /cormun/servlet/solicitudot?gx-no-cache=1520524522404 HTTP/1.1" 200 1218
200.54.247.70 - - [08/Mar/2018:12:56:13 -0300] "GET /cormun/static/menuarrow.gif HTTP/1.1" 404 1015
200.54.247.70 - - [08/Mar/2018:12:56:16 -0300] "POST /cormun/servlet/solicitudot?gx-no-cache=1520524524910 HTTP/1.1" 200 1319
200.54.247.70 - - [08/Mar/2018:12:56:16 -0300] "POST /cormun/servlet/solicitudot?gx-no-cache=1520524524993 HTTP/1.1" 200 1218
200.54.247.70 - - [08/Mar/2018:12:56:17 -0300] "GET /cormun/servlet/solicitudot?6f36f3f7841f4ef847b0e180d3ca26639e450352cd0a4a6279521e400851eb76c93308941ebe7714ecac0ead54762bc5,gx-no-cache=1520524526248 HTTP/1.1" 200 30
200.112.1.133 - - [08/Mar/2018:12:56:28 -0300] "POST /cormun/servlet/trsolicitudot?19be897b8ebbd19906d9c745b6c04f7d,,gx-no-cache=1520524539877 HTTP/1.1" 200 18618
200.112.1.133 - - [08/Mar/2018:12:56:33 -0300] "POST /cormun/servlet/trsolicitudot?19be897b8ebbd19906d9c745b6c04f7d,,gx-no-cache=1520524543386 HTTP/1.1" 200 103
200.112.1.133 - - [08/Mar/2018:12:56:33 -0300] "GET /cormun/SolicitudOT-4861.xls HTTP/1.1" 200 21504
200.54.247.70 - - [08/Mar/2018:12:56:41 -0300] "POST /cormun/servlet/solicitudot?gx-no-cache=1520524550727 HTTP/1.1" 200 1318
200.54.247.70 - - [08/Mar/2018:12:56:41 -0300] "POST /cormun/servlet/solicitudot?gx-no-cache=1520524550802 HTTP/1.1" 200 1218
200.54.247.70 - - [08/Mar/2018:12:56:41 -0300] "POST /cormun/servlet/solicitudot?gx-no-cache=1520524550847 HTTP/1.1" 200 30
200.54.247.70 - - [08/Mar/2018:12:56:42 -0300] "POST /cormun/servlet/solicitudot?c3dd8a84dfc325bae4bfdc2eda17434a,INS,0,0,,gx-no-cache=1520524550887 HTTP/1.1" 200 93
200.54.247.70 - - [08/Mar/2018:12:56:42 -0300] "GET /cormun/servlet/hpexe_return? HTTP/1.1" 200 1005
200.54.247.70 - - [08/Mar/2018:12:56:42 -0300] "GET /cormun/servlet/trsolicitudot HTTP/1.1" 200 8806
200.54.247.70 - - [08/Mar/2018:12:56:50 -0300] "POST /cormun/servlet/trsolicitudot?c3dd8a84dfc325bae4bfdc2eda17434a,gx-no-cache=1520524559254 HTTP/1.1" 200 4657
200.54.247.70 - - [08/Mar/2018:12:56:50 -0300] "POST /cormun/servlet/trsolicitudot?c3dd8a84dfc325bae4bfdc2eda17434a,gx-no-cache=1520524559547 HTTP/1.1" 200 4450
200.54.247.70 - - [08/Mar/2018:12:56:50 -0300] "GET /cormun/static/Shared/jqueryui/images/ui-bg_flat_55_fafafa_40x100.png HTTP/1.1" 404 1097
200.54.247.70 - - [08/Mar/2018:12:56:50 -0300] "GET /cormun/static/Shared/jqueryui/images/ui-bg_highlight-soft_100_c6c2c8_1x100.png HTTP/1.1" 404 1117
200.54.247.70 - - [08/Mar/2018:12:56:50 -0300] "GET /cormun/static/Shared/jqueryui/images/ui-icons_8d78a5_256x240.png HTTP/1.1" 404 1089
200.54.247.70 - - [08/Mar/2018:12:56:50 -0300] "GET /cormun/static/Shared/jqueryui/images/ui-icons_82798d_256x240.png HTTP/1.1" 404 1089
200.54.247.70 - - [08/Mar/2018:12:56:54 -0300] "GET /cormun/servlet/trvisualizadoreventos? HTTP/1.1" 200 6998
200.54.247.70 - - [08/Mar/2018:12:56:54 -0300] "GET /cormun/static/gxcfg.js?20175251251426 HTTP/1.1" 304 -
192.168.10.50 - - [08/Mar/2018:12:56:57 -0300] "POST /cormun/servlet/trsolicitudgral?0432cfaaa15f4d5b1bbc87aef8b3f25c,,gx-no-cache=1520524456735 HTTP/1.1" 200 9660
200.54.247.70 - - [08/Mar/2018:12:56:58 -0300] "GET /cormun/servlet/trautorizarsolicitud? HTTP/1.1" 200 8691
200.54.247.70 - - [08/Mar/2018:12:57:01 -0300] "POST /cormun/servlet/trautorizarsolicitud?c3dd8a84dfc325bae4bfdc2eda17434a,,gx-no-cache=1520524570173 HTTP/1.1" 200 4585
200.54.247.70 - - [08/Mar/2018:12:57:01 -0300] "POST /cormun/servlet/trautorizarsolicitud?c3dd8a84dfc325bae4bfdc2eda17434a,,gx-no-cache=1520524570501 HTTP/1.1" 200 4378
200.54.247.70 - - [08/Mar/2018:12:57:01 -0300] "GET /cormun/static/Shared/jqueryui/images/ui-icons_82798d_256x240.png HTTP/1.1" 404 1089
200.54.247.70 - - [08/Mar/2018:12:57:01 -0300] "GET /cormun/static/Shared/jqueryui/images/ui-icons_8d78a5_256x240.png HTTP/1.1" 404 1089
200.54.247.70 - - [08/Mar/2018:12:57:01 -0300] "GET /cormun/static/Shared/jqueryui/images/ui-bg_flat_55_fafafa_40x100.png HTTP/1.1" 404 1097
200.54.247.70 - - [08/Mar/2018:12:57:01 -0300] "GET /cormun/static/Shared/jqueryui/images/ui-bg_highlight-soft_100_c6c2c8_1x100.png HTTP/1.1" 404 1117
192.168.10.50 - - [08/Mar/2018:12:57:02 -0300] "POST /cormun/servlet/trsolicitudgral?0432cfaaa15f4d5b1bbc87aef8b3f25c,,gx-no-cache=1520524461873 HTTP/1.1" 200 5925
192.168.10.89 - - [08/Mar/2018:12:57:25 -0300] "GET /cormun/servlet/hlogin HTTP/1.1" 200 1730
192.168.10.89 - - [08/Mar/2018:12:57:31 -0300] "POST /cormun/servlet/hlogin?9f5b1ba901a7a31de4512d52250894e1,gx-no-cache=1520524490209 HTTP/1.1" 200 90
192.168.10.89 - - [08/Mar/2018:12:57:31 -0300] "GET /cormun/servlet/hpexe_link HTTP/1.1" 200 945
192.168.10.89 - - [08/Mar/2018:12:57:31 -0300] "GET /cormun/servlet/hhome HTTP/1.1" 200 4914
200.54.247.70 - - [08/Mar/2018:12:57:32 -0300] "GET /cormun/servlet/trsolicitudot? HTTP/1.1" 200 7447
200.54.247.70 - - [08/Mar/2018:12:57:34 -0300] "GET /cormun/servlet/solicitudot?INS,0,0, HTTP/1.1" 200 13683
192.168.10.89 - - [08/Mar/2018:12:57:35 -0300] "GET /cormun/servlet/trsolicitudgral? HTTP/1.1" 200 10732
200.86.99.60 - - [08/Mar/2018:12:57:40 -0300] "POST /cormun/servlet/trlicencias?dda1761d76e919a6ca82501308ca535f,gx-no-cache=1520524610533 HTTP/1.1" 200 6011
200.86.99.60 - - [08/Mar/2018:12:57:40 -0300] "GET /cormun/static/Shared/jqueryui/images/ui-bg_highlight-soft_100_c6c2c8_1x100.png HTTP/1.1" 404 1117
200.86.99.60 - - [08/Mar/2018:12:57:40 -0300] "GET /cormun/static/Shared/jqueryui/images/ui-icons_82798d_256x240.png HTTP/1.1" 404 1089
200.86.99.60 - - [08/Mar/2018:12:57:40 -0300] "GET /cormun/static/Shared/jqueryui/images/ui-bg_flat_55_fafafa_40x100.png HTTP/1.1" 404 1097
200.86.99.60 - - [08/Mar/2018:12:57:40 -0300] "GET /cormun/static/Shared/jqueryui/images/ui-icons_8d78a5_256x240.png HTTP/1.1" 404 1089
192.168.10.50 - - [08/Mar/2018:12:57:42 -0300] "GET /cormun/static/menuarrow.gif HTTP/1.1" 404 1015
192.168.10.89 - - [08/Mar/2018:12:57:44 -0300] "POST /cormun/servlet/trsolicitudgral?9f5b1ba901a7a31de4512d52250894e1,,gx-no-cache=1520524502663 HTTP/1.1" 200 5923
200.86.99.60 - - [08/Mar/2018:12:57:45 -0300] "GET /cormun/servlet/trsolicitudot? HTTP/1.1" 200 8562
200.86.99.60 - - [08/Mar/2018:12:57:47 -0300] "GET /cormun/servlet/trsolicitudot? HTTP/1.1" 200 8561
200.54.247.70 - - [08/Mar/2018:12:57:47 -0300] "POST /cormun/servlet/solicitudot?gx-no-cache=1520524616660 HTTP/1.1" 200 3412
200.54.247.70 - - [08/Mar/2018:12:57:48 -0300] "POST /cormun/servlet/solicitudot?c3dd8a84dfc325bae4bfdc2eda17434a,INS,0,0,,gx-no-cache=1520524617040 HTTP/1.1" 200 10594
200.54.247.70 - - [08/Mar/2018:12:57:55 -0300] "GET /cormun/servlet/solicitudot?6f36f3f7841f4ef847b0e180d3ca26631ce72bbeb9d1732ca174475e1a4502bd195e55dad88320e6b4afb9a1a4258f2a,gx-no-cache=1520524624304 HTTP/1.1" 200 30
200.54.247.70 - - [08/Mar/2018:12:57:55 -0300] "GET /cormun/servlet/solicitudot?6f36f3f7841f4ef847b0e180d3ca2663116c0104592ed2f59bee8e2c1dbeede6bec08e7b06183595c6c29e3cfbc2d0cee578e86b0607bb98cc173d3c6f5e0073,gx-no-cache=1520524624379 HTTP/1.1" 200 30
200.54.247.70 - - [08/Mar/2018:12:57:55 -0300] "GET /cormun/servlet/solicitudot?6f36f3f7841f4ef847b0e180d3ca2663b5985feeb3337755969a43c813d6af72,gx-no-cache=1520524624442 HTTP/1.1" 200 60
200.54.247.70 - - [08/Mar/2018:12:57:55 -0300] "POST /cormun/servlet/solicitudot?gx-no-cache=1520524624519 HTTP/1.1" 200 297
200.54.247.70 - - [08/Mar/2018:12:57:55 -0300] "GET /cormun/servlet/solicitudot?6f36f3f7841f4ef847b0e180d3ca2663329f21269f982d7d975246bb5fdf24e779c0e0267be2d906bc1974d1289dac6e3e4456e7523d8b27316c6f291b51b63f111e7bb73a7942f8f2894aac9c03d66920ac55e64ca58dd2c4e176baa1da7dcf08acf614623c2468fa256c6aaf2b28377d17a25a7fc92ec0b33b39265d085580d7fd75f996cd3643033c49d6b2afb7888883d2da3d2449590f346e350a79e42263b2ee624329090d4e72164a13c4a3b7e628ba684df43f123e6152092e3ac199e779c1b8cfe03ae682b9ba4b264302e435fa02078ff7e2491197f544dc3ec13bcca8b031f2eae19eea9eae9e5ed6fcbeb864a9b447c4574dac832dedb63cddc83dc4519d6580e5bcc66b949124affba6f9609046f4a8f02d5b8d292aa1fcef4123b58d3a7d84b64662aa303acb88f1b9656bf78df1194a5bcb72e35e8196819a50ac937aa390bfa2845c8fd16bab01bb80fac2017688ea32228ba1d5c0ad0eb0db3d92e1036b63ed008b709c8a7cd90bd4f085dcb5dba9e3798843b1574aa0bfe578e86b0607bb98cc173d3c6f5e0073,gx-no-cache=1520524624596 HTTP/1.1" 200 30
200.54.247.70 - - [08/Mar/2018:12:57:57 -0300] "POST /cormun/servlet/solicitudot?gx-no-cache=1520524626512 HTTP/1.1" 200 30
192.168.10.50 - - [08/Mar/2018:12:58:00 -0300] "POST /cormun/servlet/trsolicitudgral?0432cfaaa15f4d5b1bbc87aef8b3f25c,,gx-no-cache=1520524519795 HTTP/1.1" 200 5929
200.54.247.70 - - [08/Mar/2018:12:58:01 -0300] "POST /cormun/servlet/solicitudot?gx-no-cache=1520524630035 HTTP/1.1" 200 1336
200.54.247.70 - - [08/Mar/2018:12:58:01 -0300] "POST /cormun/servlet/solicitudot?gx-no-cache=1520524630232 HTTP/1.1" 200 38
200.54.247.70 - - [08/Mar/2018:12:58:13 -0300] "GET /cormun/servlet/solicitudot?6f36f3f7841f4ef847b0e180d3ca26635276f6273eca3a70248b29307b2bdc1d6acd20c73f8753c46ee6e40aa5d0a1d64d79734c794be3c6dd5e0022a7ea6da1e50c5920e7d4f22531c6bbc4153d1ceb3a46a17fe1c486a083a036cc398a8e866b57c5468b0b2d6be8faff50721a00e0,gx-no-cache=1520524642562 HTTP/1.1" 200 29
200.54.247.70 - - [08/Mar/2018:12:58:13 -0300] "POST /cormun/servlet/solicitudot?gx-no-cache=1520524642641 HTTP/1.1" 200 1318
200.54.247.70 - - [08/Mar/2018:12:58:13 -0300] "POST /cormun/servlet/solicitudot?gx-no-cache=1520524642724 HTTP/1.1" 200 1218
200.112.1.133 - - [08/Mar/2018:12:58:35 -0300] "POST /cormun/servlet/trsolicitudot?19be897b8ebbd19906d9c745b6c04f7d,,gx-no-cache=1520524665311 HTTP/1.1" 200 4473
200.54.247.70 - - [08/Mar/2018:12:58:44 -0300] "POST /cormun/servlet/solicitudot?gx-no-cache=1520524673253 HTTP/1.1" 200 1318
200.54.247.70 - - [08/Mar/2018:12:58:44 -0300] "POST /cormun/servlet/solicitudot?gx-no-cache=1520524673379 HTTP/1.1" 200 1218
200.54.247.70 - - [08/Mar/2018:12:58:44 -0300] "GET /cormun/static/menuarrow.gif HTTP/1.1" 404 1015
200.54.247.70 - - [08/Mar/2018:12:58:45 -0300] "POST /cormun/servlet/solicitudot?gx-no-cache=1520524674805 HTTP/1.1" 200 1318
200.54.247.70 - - [08/Mar/2018:12:58:45 -0300] "POST /cormun/servlet/solicitudot?gx-no-cache=1520524674888 HTTP/1.1" 200 1218
200.54.247.70 - - [08/Mar/2018:12:58:47 -0300] "GET /cormun/servlet/solicitudot?6f36f3f7841f4ef847b0e180d3ca26639e450352cd0a4a6279521e400851eb76c93308941ebe7714ecac0ead54762bc5,gx-no-cache=1520524676469 HTTP/1.1" 200 30
200.54.247.70 - - [08/Mar/2018:12:58:59 -0300] "POST /cormun/servlet/solicitudot?gx-no-cache=1520524688456 HTTP/1.1" 200 30
200.54.247.70 - - [08/Mar/2018:12:58:59 -0300] "POST /cormun/servlet/solicitudot?c3dd8a84dfc325bae4bfdc2eda17434a,INS,0,0,,gx-no-cache=1520524688533 HTTP/1.1" 200 93
200.54.247.70 - - [08/Mar/2018:12:58:59 -0300] "GET /cormun/servlet/hpexe_return? HTTP/1.1" 200 1005
200.54.247.70 - - [08/Mar/2018:12:59:00 -0300] "GET /cormun/servlet/trsolicitudot HTTP/1.1" 200 8798
200.54.247.70 - - [08/Mar/2018:12:59:02 -0300] "POST /cormun/servlet/trsolicitudot?c3dd8a84dfc325bae4bfdc2eda17434a,gx-no-cache=1520524691776 HTTP/1.1" 200 4666
200.54.247.70 - - [08/Mar/2018:12:59:03 -0300] "POST /cormun/servlet/trsolicitudot?c3dd8a84dfc325bae4bfdc2eda17434a,gx-no-cache=1520524692090 HTTP/1.1" 200 4449
200.54.247.70 - - [08/Mar/2018:12:59:03 -0300] "GET /cormun/static/Shared/jqueryui/images/ui-icons_8d78a5_256x240.png HTTP/1.1" 404 1089
200.54.247.70 - - [08/Mar/2018:12:59:03 -0300] "GET /cormun/static/Shared/jqueryui/images/ui-bg_highlight-soft_100_c6c2c8_1x100.png HTTP/1.1" 404 1117
200.54.247.70 - - [08/Mar/2018:12:59:03 -0300] "GET /cormun/static/Shared/jqueryui/images/ui-icons_82798d_256x240.png HTTP/1.1" 404 1089
200.54.247.70 - - [08/Mar/2018:12:59:03 -0300] "GET /cormun/static/Shared/jqueryui/images/ui-bg_flat_55_fafafa_40x100.png HTTP/1.1" 404 1097
200.54.247.70 - - [08/Mar/2018:12:59:06 -0300] "GET /cormun/servlet/trautorizarsolicitud? HTTP/1.1" 200 8685
200.54.247.70 - - [08/Mar/2018:12:59:09 -0300] "POST /cormun/servlet/trautorizarsolicitud?c3dd8a84dfc325bae4bfdc2eda17434a,,gx-no-cache=1520524697634 HTTP/1.1" 200 4599
200.112.1.133 - - [08/Mar/2018:12:59:09 -0300] "POST /cormun/servlet/trsolicitudot?19be897b8ebbd19906d9c745b6c04f7d,,gx-no-cache=1520524700826 HTTP/1.1" 200 4473
200.54.247.70 - - [08/Mar/2018:12:59:09 -0300] "POST /cormun/servlet/trautorizarsolicitud?c3dd8a84dfc325bae4bfdc2eda17434a,,gx-no-cache=1520524698595 HTTP/1.1" 200 4384
200.54.247.70 - - [08/Mar/2018:12:59:10 -0300] "GET /cormun/static/Shared/jqueryui/images/ui-bg_highlight-soft_100_c6c2c8_1x100.png HTTP/1.1" 404 1117
200.54.247.70 - - [08/Mar/2018:12:59:10 -0300] "GET /cormun/static/Shared/jqueryui/images/ui-bg_flat_55_fafafa_40x100.png HTTP/1.1" 404 1097
200.54.247.70 - - [08/Mar/2018:12:59:10 -0300] "GET /cormun/static/Shared/jqueryui/images/ui-icons_82798d_256x240.png HTTP/1.1" 404 1089
200.54.247.70 - - [08/Mar/2018:12:59:10 -0300] "GET /cormun/static/Shared/jqueryui/images/ui-icons_8d78a5_256x240.png HTTP/1.1" 404 1089
200.112.1.133 - - [08/Mar/2018:12:59:13 -0300] "POST /cormun/servlet/trsolicitudot?19be897b8ebbd19906d9c745b6c04f7d,,gx-no-cache=1520524704617 HTTP/1.1" 200 4473
200.54.247.70 - - [08/Mar/2018:12:59:15 -0300] "GET /cormun/servlet/trsolicitudot? HTTP/1.1" 200 7447
200.112.1.133 - - [08/Mar/2018:12:59:19 -0300] "POST /cormun/servlet/trsolicitudot?19be897b8ebbd19906d9c745b6c04f7d,,gx-no-cache=1520524711273 HTTP/1.1" 200 4474
200.112.1.133 - - [08/Mar/2018:12:59:25 -0300] "POST /cormun/servlet/trsolicitudot?19be897b8ebbd19906d9c745b6c04f7d,,gx-no-cache=1520524716474 HTTP/1.1" 200 4473
200.54.247.70 - - [08/Mar/2018:12:59:26 -0300] "GET /cormun/servlet/solicitudot?INS,0,0, HTTP/1.1" 200 13683
200.112.1.133 - - [08/Mar/2018:12:59:33 -0300] "POST /cormun/servlet/trsolicitudot?19be897b8ebbd19906d9c745b6c04f7d,,gx-no-cache=1520524724386 HTTP/1.1" 200 4472
200.112.1.133 - - [08/Mar/2018:12:59:35 -0300] "GET /cormun/servlet/trvisualizadoreventos? HTTP/1.1" 200 6961
200.112.1.133 - - [08/Mar/2018:12:59:35 -0300] "GET /cormun/static/gxcfg.js?20175251251426 HTTP/1.1" 200 953
200.112.1.133 - - [08/Mar/2018:12:59:35 -0300] "GET /cormun/static/trvisualizadoreventos.js?20175251251768 HTTP/1.1" 200 19318
200.112.1.133 - - [08/Mar/2018:12:59:35 -0300] "GET /cormun/static/Resources/PXToolsActionPrint.png HTTP/1.1" 200 3317
200.112.1.133 - - [08/Mar/2018:12:59:36 -0300] "GET /cormun/servlet/trvisualizadoreventos? HTTP/1.1" 200 6960
200.54.247.70 - - [08/Mar/2018:12:59:38 -0300] "POST /cormun/servlet/solicitudot?gx-no-cache=1520524726836 HTTP/1.1" 200 3422
200.54.247.70 - - [08/Mar/2018:12:59:38 -0300] "POST /cormun/servlet/solicitudot?c3dd8a84dfc325bae4bfdc2eda17434a,INS,0,0,,gx-no-cache=1520524727124 HTTP/1.1" 200 10592
200.112.1.133 - - [08/Mar/2018:12:59:40 -0300] "POST /cormun/servlet/trvisualizadoreventos?19be897b8ebbd19906d9c745b6c04f7d,,gx-no-cache=1520524732024 HTTP/1.1" 200 4140
200.54.247.70 - - [08/Mar/2018:12:59:41 -0300] "GET /cormun/servlet/solicitudot?6f36f3f7841f4ef847b0e180d3ca2663767784f60cea1df980855a3491d6c841195e55dad88320e6b4afb9a1a4258f2a,gx-no-cache=1520524729957 HTTP/1.1" 200 30
200.54.247.70 - - [08/Mar/2018:12:59:41 -0300] "GET /cormun/servlet/solicitudot?6f36f3f7841f4ef847b0e180d3ca2663a704f954b32b4ff4e9e200fe3429fc7c0c966b4a3d8f68fbbdbac224e1836e00d53ce858c7f1b55c5bc313ac9ae20590,gx-no-cache=1520524730024 HTTP/1.1" 200 30
200.54.247.70 - - [08/Mar/2018:12:59:41 -0300] "GET /cormun/servlet/solicitudot?6f36f3f7841f4ef847b0e180d3ca2663c835322664f592d817348d5c16c229ff,gx-no-cache=1520524730073 HTTP/1.1" 200 61
200.54.247.70 - - [08/Mar/2018:12:59:41 -0300] "POST /cormun/servlet/solicitudot?gx-no-cache=1520524730162 HTTP/1.1" 200 297
200.54.247.70 - - [08/Mar/2018:12:59:41 -0300] "GET /cormun/servlet/solicitudot?6f36f3f7841f4ef847b0e180d3ca2663329f21269f982d7d975246bb5fdf24e779c0e0267be2d906bc1974d1289dac6e3e4456e7523d8b27316c6f291b51b63f111e7bb73a7942f8f2894aac9c03d66920ac55e64ca58dd2c4e176baa1da7dcf08acf614623c2468fa256c6aaf2b28377d17a25a7fc92ec0b33b39265d085580d7fd75f996cd3643033c49d6b2afb7888883d2da3d2449590f346e350a79e42263b2ee624329090d4e72164a13c4a3b7e628ba684df43f123e6152092e3ac199e779c1b8cfe03ae682b9ba4b264302e435fa02078ff7e2491197f544dc3ec13bcca8b031f2eae19eea9eae9e5ed6fcbeb864a9b447c4574dac832dedb63cddc83dc4519d6580e5bcc66b949124affba6f9609046f4a8f02d5b8d292aa1fcef4123b58d3a7d84b64662aa303acb88f1b9656bf78df1194a5bcb72e35e8196819a50ac937aa390bfa2845c8fd16bab01bb80fac2017688ea32228ba1d5c0ad0eb0db3d92e1036b63ed008b709c8a7cd90bd4f085dcb5dba9e3798843b1574aa0bfe578e86b0607bb98cc173d3c6f5e0073,gx-no-cache=1520524730634 HTTP/1.1" 200 30
200.54.247.70 - - [08/Mar/2018:12:59:43 -0300] "POST /cormun/servlet/solicitudot?gx-no-cache=1520524732830 HTTP/1.1" 200 30
200.112.1.133 - - [08/Mar/2018:12:59:45 -0300] "GET /cormun/static/menuarrow.gif HTTP/1.1" 404 1015
200.54.247.70 - - [08/Mar/2018:12:59:46 -0300] "POST /cormun/servlet/solicitudot?gx-no-cache=1520524735297 HTTP/1.1" 200 1337
200.54.247.70 - - [08/Mar/2018:12:59:46 -0300] "POST /cormun/servlet/solicitudot?gx-no-cache=1520524735459 HTTP/1.1" 200 38
186.103.159.46 - - [08/Mar/2018:12:59:47 -0300] "POST /cormun/servlet/solicitudot?gx-no-cache=1520524738532 HTTP/1.1" 200 3418
186.103.159.46 - - [08/Mar/2018:12:59:47 -0300] "POST /cormun/servlet/solicitudot?f6cd38cbbce6e9d151f0630207f8cb1a,INS,0,0,,gx-no-cache=1520524738757 HTTP/1.1" 200 10379
200.112.1.133 - - [08/Mar/2018:12:59:50 -0300] "POST /cormun/servlet/trvisualizadoreventos?19be897b8ebbd19906d9c745b6c04f7d,,gx-no-cache=1520524741459 HTTP/1.1" 200 7120
200.54.247.70 - - [08/Mar/2018:12:59:52 -0300] "GET /cormun/servlet/solicitudot?6f36f3f7841f4ef847b0e180d3ca26635276f6273eca3a70248b29307b2bdc1d6acd20c73f8753c46ee6e40aa5d0a1d64d79734c794be3c6dd5e0022a7ea6da1e50c5920e7d4f22531c6bbc4153d1ceb3a46a17fe1c486a083a036cc398a8e866b57c5468b0b2d6be8faff50721a00e0,gx-no-cache=1520524741720 HTTP/1.1" 200 29
200.54.247.70 - - [08/Mar/2018:12:59:52 -0300] "POST /cormun/servlet/solicitudot?gx-no-cache=1520524741757 HTTP/1.1" 200 1320
200.54.247.70 - - [08/Mar/2018:12:59:52 -0300] "POST /cormun/servlet/solicitudot?gx-no-cache=1520524741817 HTTP/1.1" 200 1220
200.54.247.70 - - [08/Mar/2018:12:59:52 -0300] "GET /cormun/static/menuarrow.gif HTTP/1.1" 404 1015
200.54.247.70 - - [08/Mar/2018:12:59:54 -0300] "POST /cormun/servlet/solicitudot?gx-no-cache=1520524743701 HTTP/1.1" 200 1320
200.54.247.70 - - [08/Mar/2018:12:59:54 -0300] "POST /cormun/servlet/solicitudot?gx-no-cache=1520524743784 HTTP/1.1" 200 1220
200.54.247.70 - - [08/Mar/2018:12:59:56 -0300] "GET /cormun/servlet/solicitudot?6f36f3f7841f4ef847b0e180d3ca26639e450352cd0a4a6279521e400851eb76c93308941ebe7714ecac0ead54762bc5,gx-no-cache=1520524745133 HTTP/1.1" 200 30
192.168.10.50 - - [08/Mar/2018:13:00:01 -0300] "POST /cormun/servlet/trsolicitudgral?0432cfaaa15f4d5b1bbc87aef8b3f25c,,gx-no-cache=1520524640144 HTTP/1.1" 200 8795
200.112.1.133 - - [08/Mar/2018:13:00:03 -0300] "GET /cormun/servlet/avisualizareventos?0,0,APR,20180101,20180308,PU HTTP/1.1" 200 2737
186.103.159.46 - - [08/Mar/2018:13:00:05 -0300] "GET /cormun/servlet/solicitudot?5455e0d7aa0efa879f8fe29c610d744d28ca5f4cabbbc2422916c49bbd19e72dfe54baf0f587b3b7c4f9d63b93129ffb,gx-no-cache=1520524756313 HTTP/1.1" 200 30
186.103.159.46 - - [08/Mar/2018:13:00:05 -0300] "GET /cormun/servlet/solicitudot?5455e0d7aa0efa879f8fe29c610d744d7ea021ae47a5cb30fb33ece9b99c2d6534f811439132e6f605433797f24424c293b7b4bb8d46cfb150325d62a813e836,gx-no-cache=1520524756628 HTTP/1.1" 200 30
186.103.159.46 - - [08/Mar/2018:13:00:05 -0300] "GET /cormun/servlet/solicitudot?5455e0d7aa0efa879f8fe29c610d744db3d8a578c62b512f45fe6eedd3b165d2,gx-no-cache=1520524756713 HTTP/1.1" 200 51
186.103.159.46 - - [08/Mar/2018:13:00:05 -0300] "POST /cormun/servlet/solicitudot?gx-no-cache=1520524756795 HTTP/1.1" 200 255
186.103.159.46 - - [08/Mar/2018:13:00:06 -0300] "GET /cormun/servlet/solicitudot?5455e0d7aa0efa879f8fe29c610d744d6f71b7cf4704f42b4125363a3f884a62e9012d0015dfedad4716323df20df50ed34a406e03820a38d3a22ee22bb040d3781305842570d57995f1eae36b91c1b755168a169f473bc4b6e5f6ab42567bdb44da1a13400518e9f2f21e64b37158c50f28cd9978ddd98560378b92afc853ee11a6cb35f5f3fd0704534019e4d469f30d9c2e7c4c9055dc3b96e7bc9741f083d24ad0e5e75b0e615e8e083f5327360100a40b49931d585eeeb30d3076826c9561935cc9b3965817c4be598872867218d0026d2bfecf324439ecc8cb02d7888de6aa8e12ae899bc01b4f9ed9635522aa378a48904d2ba7982588f6046f6a8655e532d9f47bae8c556df97e2085ee245a14b373b2d75bd98443d5b0187d748d0c8bb642bc465e69091b3f24419652afc1ac035f1a1a1ef007505350162d56cdf8dedbe21b0056686a857002ce285f2d4a8f1618a8dd823234ef4218c445ab0b9aeef09663c2dd1f411971eb1f9582c44a813d9d0bef48f0ca909cdc752736886e,gx-no-cache=1520524757129 HTTP/1.1" 200 30
186.103.159.46 - - [08/Mar/2018:13:00:11 -0300] "POST /cormun/servlet/solicitudot?gx-no-cache=1520524762060 HTTP/1.1" 200 30
200.54.247.70 - - [08/Mar/2018:13:00:15 -0300] "POST /cormun/servlet/solicitudot?gx-no-cache=1520524764255 HTTP/1.1" 200 30
200.54.247.70 - - [08/Mar/2018:13:00:15 -0300] "POST /cormun/servlet/solicitudot?c3dd8a84dfc325bae4bfdc2eda17434a,INS,0,0,,gx-no-cache=1520524764336 HTTP/1.1" 200 93
200.54.247.70 - - [08/Mar/2018:13:00:15 -0300] "GET /cormun/servlet/hpexe_return? HTTP/1.1" 200 1005
200.54.247.70 - - [08/Mar/2018:13:00:16 -0300] "GET /cormun/servlet/trsolicitudot HTTP/1.1" 200 8798
186.103.159.46 - - [08/Mar/2018:13:00:18 -0300] "POST /cormun/servlet/solicitudot?gx-no-cache=1520524769412 HTTP/1.1" 200 1337
186.103.159.46 - - [08/Mar/2018:13:00:18 -0300] "POST /cormun/servlet/solicitudot?gx-no-cache=1520524769537 HTTP/1.1" 200 38
200.54.247.70 - - [08/Mar/2018:13:00:19 -0300] "POST /cormun/servlet/trsolicitudot?c3dd8a84dfc325bae4bfdc2eda17434a,gx-no-cache=1520524768080 HTTP/1.1" 200 4673
200.54.247.70 - - [08/Mar/2018:13:00:19 -0300] "POST /cormun/servlet/trsolicitudot?c3dd8a84dfc325bae4bfdc2eda17434a,gx-no-cache=1520524768780 HTTP/1.1" 200 4449
200.54.247.70 - - [08/Mar/2018:13:00:20 -0300] "GET /cormun/static/Shared/jqueryui/images/ui-icons_82798d_256x240.png HTTP/1.1" 404 1089
200.54.247.70 - - [08/Mar/2018:13:00:20 -0300] "GET /cormun/static/Shared/jqueryui/images/ui-bg_flat_55_fafafa_40x100.png HTTP/1.1" 404 1097
200.54.247.70 - - [08/Mar/2018:13:00:20 -0300] "GET /cormun/static/Shared/jqueryui/images/ui-bg_highlight-soft_100_c6c2c8_1x100.png HTTP/1.1" 404 1117
200.54.247.70 - - [08/Mar/2018:13:00:20 -0300] "GET /cormun/static/Shared/jqueryui/images/ui-icons_8d78a5_256x240.png HTTP/1.1" 404 1089
192.168.10.89 - - [08/Mar/2018:13:00:21 -0300] "POST /cormun/servlet/trsolicitudgral?9f5b1ba901a7a31de4512d52250894e1,,gx-no-cache=1520524659837 HTTP/1.1" 200 7266
200.54.247.70 - - [08/Mar/2018:13:00:22 -0300] "GET /cormun/servlet/trautorizarsolicitud? HTTP/1.1" 200 8691
186.103.159.46 - - [08/Mar/2018:13:00:24 -0300] "GET /cormun/servlet/solicitudot?5455e0d7aa0efa879f8fe29c610d744d9a6e41e2650067cae6df21186cef921ce2f2a74219ac202760ee3244272741bc7c32d712590f2932038d38a4df42f8b321181cd422eff93d8740139e8a021f5698bf09a79c9a0df8db08a18758e0df4130071843f5332df0222f1fb4b2f2796320cf630991081350b9286e13c4f6cd7d1ef84f58d32ee593fc70b4f6f6f44bac13e80fc649237bfc21b0e8ca5ccee2cd,gx-no-cache=1520524775379 HTTP/1.1" 200 29
186.103.159.46 - - [08/Mar/2018:13:00:24 -0300] "POST /cormun/servlet/solicitudot?gx-no-cache=1520524775427 HTTP/1.1" 200 1319
186.103.159.46 - - [08/Mar/2018:13:00:24 -0300] "POST /cormun/servlet/solicitudot?gx-no-cache=1520524775507 HTTP/1.1" 200 1218
186.103.159.46 - - [08/Mar/2018:13:00:24 -0300] "GET /cormun/static/menuarrow.gif HTTP/1.1" 404 1015
200.54.247.70 - - [08/Mar/2018:13:00:26 -0300] "POST /cormun/servlet/trautorizarsolicitud?c3dd8a84dfc325bae4bfdc2eda17434a,,gx-no-cache=1520524775322 HTTP/1.1" 200 4604
200.54.247.70 - - [08/Mar/2018:13:00:27 -0300] "POST /cormun/servlet/trautorizarsolicitud?c3dd8a84dfc325bae4bfdc2eda17434a,,gx-no-cache=1520524775902 HTTP/1.1" 200 4383
200.54.247.70 - - [08/Mar/2018:13:00:27 -0300] "GET /cormun/static/Shared/jqueryui/images/ui-icons_8d78a5_256x240.png HTTP/1.1" 404 1089
200.54.247.70 - - [08/Mar/2018:13:00:27 -0300] "GET /cormun/static/Shared/jqueryui/images/ui-bg_highlight-soft_100_c6c2c8_1x100.png HTTP/1.1" 404 1117
200.54.247.70 - - [08/Mar/2018:13:00:27 -0300] "GET /cormun/static/Shared/jqueryui/images/ui-bg_flat_55_fafafa_40x100.png HTTP/1.1" 404 1097
200.54.247.70 - - [08/Mar/2018:13:00:27 -0300] "GET /cormun/static/Shared/jqueryui/images/ui-icons_82798d_256x240.png HTTP/1.1" 404 1089
186.103.159.46 - - [08/Mar/2018:13:00:27 -0300] "POST /cormun/servlet/solicitudot?gx-no-cache=1520524778643 HTTP/1.1" 200 1319
186.103.159.46 - - [08/Mar/2018:13:00:27 -0300] "POST /cormun/servlet/solicitudot?gx-no-cache=1520524778727 HTTP/1.1" 200 1218
186.103.159.46 - - [08/Mar/2018:13:00:34 -0300] "GET /cormun/servlet/solicitudot?5455e0d7aa0efa879f8fe29c610d744d7187dc07e0b1b1f35956cb2da87bcf3993a238d18cbc6efaa77e4b4466490cf2,gx-no-cache=1520524784978 HTTP/1.1" 200 30
200.54.247.70 - - [08/Mar/2018:13:00:46 -0300] "GET /cormun/servlet/hlogin HTTP/1.1" 200 1716
186.103.159.46 - - [08/Mar/2018:13:00:51 -0300] "POST /cormun/servlet/solicitudot?gx-no-cache=1520524802304 HTTP/1.1" 200 30
200.54.247.70 - - [08/Mar/2018:13:00:51 -0300] "GET /cormun/servlet/trautorizarsolicitud? HTTP/1.1" 200 7352
200.54.247.70 - - [08/Mar/2018:13:00:54 -0300] "GET /cormun/servlet/trsolicitudot? HTTP/1.1" 200 7447
200.54.247.70 - - [08/Mar/2018:13:00:56 -0300] "GET /cormun/servlet/solicitudot?INS,0,0, HTTP/1.1" 200 13681
186.103.159.46 - - [08/Mar/2018:13:01:04 -0300] "POST /cormun/servlet/solicitudot?f6cd38cbbce6e9d151f0630207f8cb1a,INS,0,0,,gx-no-cache=1520524815147 HTTP/1.1" 200 93
186.103.159.46 - - [08/Mar/2018:13:01:04 -0300] "GET /cormun/servlet/hpexe_return? HTTP/1.1" 200 1003
186.103.159.46 - - [08/Mar/2018:13:01:04 -0300] "GET /cormun/servlet/trsolicitudot HTTP/1.1" 200 9030
186.103.159.46 - - [08/Mar/2018:13:01:05 -0300] "GET /cormun/servlet/trsolicitudot HTTP/1.1" 200 9027
200.54.247.70 - - [08/Mar/2018:13:01:08 -0300] "POST /cormun/servlet/solicitudot?gx-no-cache=1520524817166 HTTP/1.1" 200 3394
200.54.247.70 - - [08/Mar/2018:13:01:08 -0300] "POST /cormun/servlet/solicitudot?c3dd8a84dfc325bae4bfdc2eda17434a,INS,0,0,,gx-no-cache=1520524817433 HTTP/1.1" 200 10571
200.54.247.70 - - [08/Mar/2018:13:01:11 -0300] "GET /cormun/servlet/solicitudot?6f36f3f7841f4ef847b0e180d3ca2663dd3c962b9f172dd5230973f44981c20bd53ce858c7f1b55c5bc313ac9ae20590,gx-no-cache=1520524820011 HTTP/1.1" 200 30
200.112.1.133 - - [08/Mar/2018:13:01:14 -0300] "POST /cormun/servlet/trvisualizadoreventos?19be897b8ebbd19906d9c745b6c04f7d,,gx-no-cache=1520524825698 HTTP/1.1" 200 4941
186.103.159.46 - - [08/Mar/2018:13:01:30 -0300] "POST /cormun/servlet/trsolicitudot?f6cd38cbbce6e9d151f0630207f8cb1a,gx-no-cache=1520524841437 HTTP/1.1" 200 5643
186.103.159.46 - - [08/Mar/2018:13:01:30 -0300] "GET /cormun/static/Shared/jqueryui/images/ui-bg_highlight-soft_100_c6c2c8_1x100.png HTTP/1.1" 404 1117
186.103.159.46 - - [08/Mar/2018:13:01:30 -0300] "GET /cormun/static/Shared/jqueryui/images/ui-icons_82798d_256x240.png HTTP/1.1" 404 1089
186.103.159.46 - - [08/Mar/2018:13:01:30 -0300] "GET /cormun/static/Shared/jqueryui/images/ui-bg_flat_55_fafafa_40x100.png HTTP/1.1" 404 1097
186.103.159.46 - - [08/Mar/2018:13:01:30 -0300] "GET /cormun/static/Shared/jqueryui/images/ui-icons_8d78a5_256x240.png HTTP/1.1" 404 1089
186.103.159.46 - - [08/Mar/2018:13:01:30 -0300] "POST /cormun/servlet/trsolicitudot?f6cd38cbbce6e9d151f0630207f8cb1a,gx-no-cache=1520524841734 HTTP/1.1" 200 5585
186.103.159.46 - - [08/Mar/2018:13:01:34 -0300] "POST /cormun/servlet/trsolicitudot?f6cd38cbbce6e9d151f0630207f8cb1a,gx-no-cache=1520524845166 HTTP/1.1" 200 4468
186.103.159.46 - - [08/Mar/2018:13:01:34 -0300] "POST /cormun/servlet/trsolicitudot?f6cd38cbbce6e9d151f0630207f8cb1a,gx-no-cache=1520524845617 HTTP/1.1" 200 4251
200.112.1.133 - - [08/Mar/2018:13:01:35 -0300] "POST /cormun/servlet/trvisualizadoreventos?19be897b8ebbd19906d9c745b6c04f7d,,gx-no-cache=1520524846411 HTTP/1.1" 200 4604
200.112.1.133 - - [08/Mar/2018:13:01:49 -0300] "GET /cormun/servlet/trsolicitudot? HTTP/1.1" 200 7410
200.112.1.133 - - [08/Mar/2018:13:01:50 -0300] "GET /cormun/servlet/trsolicitudot? HTTP/1.1" 200 7410
186.103.159.46 - - [08/Mar/2018:13:01:51 -0300] "GET /cormun/servlet/hlogin HTTP/1.1" 200 1719
200.54.247.70 - - [08/Mar/2018:13:01:56 -0300] "GET /cormun/servlet/solicitudot?6f36f3f7841f4ef847b0e180d3ca2663497961bc1dc3d5b72335112f235970c64caafa09ae4a166a5b6c717ae8d8f915195e55dad88320e6b4afb9a1a4258f2a,gx-no-cache=1520524865074 HTTP/1.1" 200 30
200.54.247.70 - - [08/Mar/2018:13:01:56 -0300] "GET /cormun/servlet/solicitudot?6f36f3f7841f4ef847b0e180d3ca266313b037af3aa15c3952fb8359002b77eb,gx-no-cache=1520524865201 HTTP/1.1" 200 59
200.54.247.70 - - [08/Mar/2018:13:01:56 -0300] "POST /cormun/servlet/solicitudot?gx-no-cache=1520524865261 HTTP/1.1" 200 297
200.54.247.70 - - [08/Mar/2018:13:01:56 -0300] "GET /cormun/servlet/solicitudot?6f36f3f7841f4ef847b0e180d3ca2663329f21269f982d7d975246bb5fdf24e779c0e0267be2d906bc1974d1289dac6e3e4456e7523d8b27316c6f291b51b63f111e7bb73a7942f8f2894aac9c03d66920ac55e64ca58dd2c4e176baa1da7dcf08acf614623c2468fa256c6aaf2b28377d17a25a7fc92ec0b33b39265d085580d7fd75f996cd3643033c49d6b2afb7888883d2da3d2449590f346e350a79e42263b2ee624329090d4e72164a13c4a3b7e628ba684df43f123e6152092e3ac199e779c1b8cfe03ae682b9ba4b264302e435fa02078ff7e2491197f544dc3ec13bcca8b031f2eae19eea9eae9e5ed6fcbeb864a9b447c4574dac832dedb63cddc83dc4519d6580e5bcc66b949124affba6f9609046f4a8f02d5b8d292aa1fcef4123b58d3a7d84b64662aa303acb88f1b9656bf78df1194a5bcb72e35e8196819a50ac937aa390bfa2845c8fd16bab01bb80fac2017688ea32228ba1d5c0ad0eb0db3d92e1036b63ed008b709c8a7cd90bd4f085dcb5dba9e3798843b1574aa0bfe578e86b0607bb98cc173d3c6f5e0073,gx-no-cache=1520524865331 HTTP/1.1" 200 30
200.54.247.70 - - [08/Mar/2018:13:01:56 -0300] "POST /cormun/servlet/solicitudot?gx-no-cache=1520524865401 HTTP/1.1" 200 30
200.54.247.70 - - [08/Mar/2018:13:01:56 -0300] "POST /cormun/servlet/solicitudot?gx-no-cache=1520524865484 HTTP/1.1" 200 1337
200.54.247.70 - - [08/Mar/2018:13:01:57 -0300] "POST /cormun/servlet/solicitudot?gx-no-cache=1520524865979 HTTP/1.1" 200 38
186.103.157.246 - - [08/Mar/2018:13:02:00 -0300] "GET /cormun/servlet/solicitudotadjuntos?05f3cd1bf28e38392a145e07f4d30f11f529cd789c8871d65cdbebf178969151,gx-no-cache=1520524869369 HTTP/1.1" 200 30
200.54.247.70 - - [08/Mar/2018:13:02:01 -0300] "GET /cormun/servlet/solicitudot?6f36f3f7841f4ef847b0e180d3ca26635276f6273eca3a70248b29307b2bdc1d6acd20c73f8753c46ee6e40aa5d0a1d64d79734c794be3c6dd5e0022a7ea6da1e50c5920e7d4f22531c6bbc4153d1ceb3a46a17fe1c486a083a036cc398a8e866b57c5468b0b2d6be8faff50721a00e0,gx-no-cache=1520524870733 HTTP/1.1" 200 29
200.54.247.70 - - [08/Mar/2018:13:02:01 -0300] "POST /cormun/servlet/solicitudot?gx-no-cache=1520524870781 HTTP/1.1" 200 1318
200.54.247.70 - - [08/Mar/2018:13:02:02 -0300] "POST /cormun/servlet/solicitudot?gx-no-cache=1520524870894 HTTP/1.1" 200 1217
200.54.247.70 - - [08/Mar/2018:13:02:02 -0300] "GET /cormun/static/menuarrow.gif HTTP/1.1" 404 1015
186.103.157.246 - - [08/Mar/2018:13:02:03 -0300] "GET /cormun/servlet/solicitudotadjuntos?05f3cd1bf28e38392a145e07f4d30f11f529cd789c8871d65cdbebf178969151,gx-no-cache=1520524873495 HTTP/1.1" 200 30
200.54.247.70 - - [08/Mar/2018:13:02:04 -0300] "POST /cormun/servlet/solicitudot?gx-no-cache=1520524873411 HTTP/1.1" 200 1318
200.54.247.70 - - [08/Mar/2018:13:02:04 -0300] "POST /cormun/servlet/solicitudot?gx-no-cache=1520524873478 HTTP/1.1" 200 1217
200.112.1.133 - - [08/Mar/2018:13:02:05 -0300] "POST /cormun/servlet/trsolicitudot?19be897b8ebbd19906d9c745b6c04f7d,,gx-no-cache=1520524877190 HTTP/1.1" 200 4480
186.103.159.46 - - [08/Mar/2018:13:02:08 -0300] "POST /cormun/servlet/hlogin?f6cd38cbbce6e9d151f0630207f8cb1a,gx-no-cache=1520524879800 HTTP/1.1" 200 90
186.103.159.46 - - [08/Mar/2018:13:02:09 -0300] "GET /cormun/servlet/hpexe_link HTTP/1.1" 200 947
186.103.159.46 - - [08/Mar/2018:13:02:10 -0300] "GET /cormun/servlet/hhome HTTP/1.1" 200 4192
186.103.159.46 - - [08/Mar/2018:13:02:11 -0300] "GET /cormun/servlet/hhome HTTP/1.1" 200 4188
200.112.1.133 - - [08/Mar/2018:13:02:11 -0300] "POST /cormun/servlet/trsolicitudot?19be897b8ebbd19906d9c745b6c04f7d,,gx-no-cache=1520524883003 HTTP/1.1" 200 4479
200.112.1.133 - - [08/Mar/2018:13:02:19 -0300] "POST /cormun/servlet/trsolicitudot?19be897b8ebbd19906d9c745b6c04f7d,,gx-no-cache=1520524891132 HTTP/1.1" 200 4484
186.103.157.246 - - [08/Mar/2018:13:02:23 -0300] "POST /cormun/servlet/solicitudotadjuntos?bcb76509ddb0666ae35e4ebd1f3178da,INS,2018,10286,,1, HTTP/1.1" 200 116
186.103.157.246 - - [08/Mar/2018:13:02:24 -0300] "GET /cormun/servlet/hpexe_return? HTTP/1.1" 200 1012
186.103.157.246 - - [08/Mar/2018:13:02:24 -0300] "GET /cormun/servlet/trsolicitudadjuntos?2018,10286, HTTP/1.1" 200 8366
186.103.157.246 - - [08/Mar/2018:13:02:31 -0300] "GET /cormun/servlet/solicitudotadjuntos?INS,2018,10286,,1, HTTP/1.1" 200 5921
186.103.157.246 - - [08/Mar/2018:13:02:31 -0300] "GET /cormun/static/about:blank HTTP/1.1" 404 1011
186.103.157.246 - - [08/Mar/2018:13:02:34 -0300] "GET /cormun/static/about:blank HTTP/1.1" 404 1011
186.103.159.46 - - [08/Mar/2018:13:02:34 -0300] "GET /cormun/servlet/trautorizarsolicitud? HTTP/1.1" 200 9155
186.103.157.246 - - [08/Mar/2018:13:02:35 -0300] "GET /cormun/servlet/solicitudotadjuntos?05f3cd1bf28e38392a145e07f4d30f11b16bc677a99e72dfe277176027f67aa0baba490ce0c106dcba8479592d21458d,gx-no-cache=1520524904890 HTTP/1.1" 200 30
186.103.159.46 - - [08/Mar/2018:13:02:35 -0300] "GET /cormun/servlet/trautorizarsolicitud? HTTP/1.1" 200 9155
186.103.157.246 - - [08/Mar/2018:13:02:38 -0300] "POST /cormun/servlet/solicitudotadjuntos?bcb76509ddb0666ae35e4ebd1f3178da,INS,2018,10286,,1,,gx-no-cache=1520524905233 HTTP/1.1" 200 3782
186.103.159.46 - - [08/Mar/2018:13:02:45 -0300] "POST /cormun/servlet/trautorizarsolicitud?f6cd38cbbce6e9d151f0630207f8cb1a,,gx-no-cache=1520524916743 HTTP/1.1" 200 5757
186.103.159.46 - - [08/Mar/2018:13:02:46 -0300] "GET /cormun/static/Shared/jqueryui/images/ui-bg_highlight-soft_100_c6c2c8_1x100.png HTTP/1.1" 404 1117
186.103.159.46 - - [08/Mar/2018:13:02:46 -0300] "GET /cormun/static/Shared/jqueryui/images/ui-icons_82798d_256x240.png HTTP/1.1" 404 1089
186.103.159.46 - - [08/Mar/2018:13:02:46 -0300] "GET /cormun/static/Shared/jqueryui/images/ui-bg_flat_55_fafafa_40x100.png HTTP/1.1" 404 1097
186.103.159.46 - - [08/Mar/2018:13:02:46 -0300] "GET /cormun/static/Shared/jqueryui/images/ui-icons_8d78a5_256x240.png HTTP/1.1" 404 1089
186.103.159.46 - - [08/Mar/2018:13:02:46 -0300] "POST /cormun/servlet/trautorizarsolicitud?f6cd38cbbce6e9d151f0630207f8cb1a,,gx-no-cache=1520524917053 HTTP/1.1" 200 5702
186.103.157.246 - - [08/Mar/2018:13:02:46 -0300] "POST /cormun/servlet/solicitudotadjuntos?gx-no-cache=1520524916227 HTTP/1.1" 200 26
186.103.157.246 - - [08/Mar/2018:13:02:58 -0300] "GET /cormun/servlet/solicitudotadjuntos?05f3cd1bf28e38392a145e07f4d30f11f529cd789c8871d65cdbebf178969151,gx-no-cache=1520524922042 HTTP/1.1" 200 30
186.103.157.246 - - [08/Mar/2018:13:03:00 -0300] "GET /cormun/servlet/solicitudotadjuntos?05f3cd1bf28e38392a145e07f4d30f11f529cd789c8871d65cdbebf178969151,gx-no-cache=1520524930612 HTTP/1.1" 200 30
186.103.157.246 - - [08/Mar/2018:13:03:22 -0300] "POST /cormun/servlet/solicitudotadjuntos?bcb76509ddb0666ae35e4ebd1f3178da,INS,2018,10286,,1, HTTP/1.1" 200 6622
186.103.159.46 - - [08/Mar/2018:13:03:24 -0300] "POST /cormun/servlet/trautorizarsolicitud?f6cd38cbbce6e9d151f0630207f8cb1a,,gx-no-cache=1520524954942 HTTP/1.1" 200 4595
186.103.159.46 - - [08/Mar/2018:13:03:25 -0300] "POST /cormun/servlet/trautorizarsolicitud?f6cd38cbbce6e9d151f0630207f8cb1a,,gx-no-cache=1520524955357 HTTP/1.1" 200 4375
200.112.1.133 - - [08/Mar/2018:13:03:33 -0300] "GET /cormun/servlet/hlogin HTTP/1.1" 200 1731
186.103.157.39 - - [08/Mar/2018:13:03:37 -0300] "POST /cormun/servlet/solicitudot?gx-no-cache=1520524967716 HTTP/1.1" 200 30
186.103.157.246 - - [08/Mar/2018:13:03:41 -0300] "POST /cormun/servlet/solicitudotadjuntos?bcb76509ddb0666ae35e4ebd1f3178da,INS,2018,10286,,1, HTTP/1.1" 200 6622
200.54.247.70 - - [08/Mar/2018:13:04:09 -0300] "GET /cormun/servlet/solicitudot?6f36f3f7841f4ef847b0e180d3ca2663224d7f8ab4e9cf41d6457ffaabe91407340474ca47b1a49cd7498dd8ba29bbbd,gx-no-cache=1520524998001 HTTP/1.1" 200 30
200.54.247.70 - - [08/Mar/2018:13:04:22 -0300] "GET /cormun/servlet/solicitudot?6f36f3f7841f4ef847b0e180d3ca26639e450352cd0a4a6279521e400851eb76c93308941ebe7714ecac0ead54762bc5,gx-no-cache=1520525011057 HTTP/1.1" 200 30
186.103.157.246 - - [08/Mar/2018:13:04:30 -0300] "POST /cormun/servlet/solicitudotadjuntos?gx-no-cache=1520524979274 HTTP/1.1" 500 4102
186.103.157.39 - - [08/Mar/2018:13:04:31 -0300] "GET /cormun/servlet/prfichaempleado?,MD,,gxPopupLevel%3D0%3B HTTP/1.1" 200 9290
200.54.247.70 - - [08/Mar/2018:13:04:31 -0300] "POST /cormun/servlet/solicitudot?gx-no-cache=1520525020668 HTTP/1.1" 200 30
200.54.247.70 - - [08/Mar/2018:13:04:31 -0300] "POST /cormun/servlet/solicitudot?c3dd8a84dfc325bae4bfdc2eda17434a,INS,0,0,,gx-no-cache=1520525020715 HTTP/1.1" 200 11983
200.54.247.70 - - [08/Mar/2018:13:04:32 -0300] "GET /cormun/static/Shared/jqueryui/images/ui-icons_82798d_256x240.png HTTP/1.1" 404 1089
200.54.247.70 - - [08/Mar/2018:13:04:32 -0300] "GET /cormun/static/Shared/jqueryui/images/ui-icons_ebccce_256x240.png HTTP/1.1" 404 1089
200.54.247.70 - - [08/Mar/2018:13:04:32 -0300] "GET /cormun/static/Shared/jqueryui/images/ui-bg_flat_55_994d53_40x100.png HTTP/1.1" 404 1097
200.54.247.70 - - [08/Mar/2018:13:04:32 -0300] "GET /cormun/static/Shared/jqueryui/images/ui-bg_highlight-soft_100_c6c2c8_1x100.png HTTP/1.1" 404 1117
186.103.157.39 - - [08/Mar/2018:13:04:59 -0300] "POST /cormun/servlet/prfichaempleado?c480ae894d2e8eae4f620fd53c2e3f59,,MD,,gxPopupLevel%3D0%3B,gx-no-cache=1520525050259 HTTP/1.1" 200 3419
186.103.157.39 - - [08/Mar/2018:13:05:23 -0300] "GET /cormun/servlet/prlicenciaspermisos?6905939,L,,MD,,gxPopupLevel%3D0%3B HTTP/1.1" 200 7777
186.103.157.39 - - [08/Mar/2018:13:05:41 -0300] "POST /cormun/servlet/solicitudot?gx-no-cache=1520525093182 HTTP/1.1" 200 1337
200.54.247.70 - - [08/Mar/2018:13:05:48 -0300] "GET /cormun/servlet/solicitudot?6f36f3f7841f4ef847b0e180d3ca26635f14cc1ce1e6c5d6573af2a25e12aac9e6f2f8d1be1005aa98423468f0dd326dd53ce858c7f1b55c5bc313ac9ae20590,gx-no-cache=1520525097537 HTTP/1.1" 200 30
200.54.247.70 - - [08/Mar/2018:13:05:48 -0300] "POST /cormun/servlet/solicitudot?gx-no-cache=1520525097587 HTTP/1.1" 200 297
200.54.247.70 - - [08/Mar/2018:13:05:48 -0300] "GET /cormun/servlet/solicitudot?6f36f3f7841f4ef847b0e180d3ca2663329f21269f982d7d975246bb5fdf24e779c0e0267be2d906bc1974d1289dac6e3e4456e7523d8b27316c6f291b51b63f111e7bb73a7942f8f2894aac9c03d66920ac55e64ca58dd2c4e176baa1da7dcf08acf614623c2468fa256c6aaf2b28377d17a25a7fc92ec0b33b39265d085580d7fd75f996cd3643033c49d6b2afb7888883d2da3d2449590f346e350a79e42263b2ee624329090d4e72164a13c4a3b7e628ba684df43f123e6152092e3ac199e779c1b8cfe03ae682b9ba4b264302e435fa02078ff7e2491197f544dc3ec13bcca8b031f2eae19eea9eae9e5ed6fcbeb864a9b447c4574dac832dedb63cddc83dc4519d6580e5bcc66b949124affba6f9609046f4a8f02d5b8d292aa1fcef4123b58d3a7d84b64662aa303acb88f1b9656bf78df1194a5bcb72e35e8196819a50ac937aa390bfa2845c8fd16bab01bb80fac2017688ea32228ba1d5c0ad0eb0db3d92e1036b63ed008b709c8a7cd90b0b732cd151427c66839c8fdc5db7b050e578e86b0607bb98cc173d3c6f5e0073,gx-no-cache=1520525097621 HTTP/1.1" 200 30
200.54.247.70 - - [08/Mar/2018:13:05:48 -0300] "POST /cormun/servlet/solicitudot?gx-no-cache=1520525097669 HTTP/1.1" 200 30
200.54.247.70 - - [08/Mar/2018:13:05:48 -0300] "POST /cormun/servlet/solicitudot?gx-no-cache=1520525097716 HTTP/1.1" 200 1337
200.54.247.70 - - [08/Mar/2018:13:05:48 -0300] "POST /cormun/servlet/solicitudot?gx-no-cache=1520525097769 HTTP/1.1" 200 41
200.54.247.70 - - [08/Mar/2018:13:05:48 -0300] "POST /cormun/servlet/solicitudot?gx-no-cache=1520525097805 HTTP/1.1" 200 1318
200.54.247.70 - - [08/Mar/2018:13:05:48 -0300] "POST /cormun/servlet/solicitudot?gx-no-cache=1520525097860 HTTP/1.1" 200 1217
200.54.247.70 - - [08/Mar/2018:13:05:49 -0300] "GET /cormun/servlet/solicitudot?6f36f3f7841f4ef847b0e180d3ca26639e450352cd0a4a6279521e400851eb76c93308941ebe7714ecac0ead54762bc5,gx-no-cache=1520525097902 HTTP/1.1" 200 30
200.54.247.70 - - [08/Mar/2018:13:05:49 -0300] "POST /cormun/servlet/solicitudot?gx-no-cache=1520525097936 HTTP/1.1" 200 30
200.54.247.70 - - [08/Mar/2018:13:05:49 -0300] "POST /cormun/servlet/solicitudot?c3dd8a84dfc325bae4bfdc2eda17434a,INS,0,0,,gx-no-cache=1520525097980 HTTP/1.1" 200 12038
186.103.157.39 - - [08/Mar/2018:13:05:49 -0300] "POST /cormun/servlet/solicitudot?gx-no-cache=1520525100958 HTTP/1.1" 200 41
186.103.157.246 - - [08/Mar/2018:13:05:56 -0300] "GET /cormun/servlet/solicitudotadjuntos?05f3cd1bf28e38392a145e07f4d30f11f529cd789c8871d65cdbebf178969151,gx-no-cache=1520525104808 HTTP/1.1" 200 30
186.103.157.246 - - [08/Mar/2018:13:05:56 -0300] "GET /cormun/servlet/solicitudotadjuntos?05f3cd1bf28e38392a145e07f4d30f11f529cd789c8871d65cdbebf178969151,gx-no-cache=1520525105853 HTTP/1.1" 200 30
186.103.157.246 - - [08/Mar/2018:13:06:10 -0300] "POST /cormun/servlet/solicitudotadjuntos?bcb76509ddb0666ae35e4ebd1f3178da,INS,2018,10286,,1,,gx-no-cache=1520525105894 HTTP/1.1" 200 93
186.103.157.246 - - [08/Mar/2018:13:06:10 -0300] "GET /cormun/servlet/hpexe_return? HTTP/1.1" 200 1012
186.103.157.246 - - [08/Mar/2018:13:06:10 -0300] "GET /cormun/servlet/trsolicitudadjuntos?2018,10286, HTTP/1.1" 200 8532
200.54.247.70 - - [08/Mar/2018:13:06:16 -0300] "GET /cormun/servlet/solicitudot?6f36f3f7841f4ef847b0e180d3ca2663497961bc1dc3d5b72335112f235970c61e485aadce0eaea0af8c6435c3a85d18,gx-no-cache=1520525124945 HTTP/1.1" 200 30
200.54.247.70 - - [08/Mar/2018:13:06:16 -0300] "POST /cormun/servlet/solicitudot?gx-no-cache=1520525125008 HTTP/1.1" 200 297
200.54.247.70 - - [08/Mar/2018:13:06:16 -0300] "GET /cormun/servlet/solicitudot?6f36f3f7841f4ef847b0e180d3ca2663329f21269f982d7d975246bb5fdf24e779c0e0267be2d906bc1974d1289dac6e3e4456e7523d8b27316c6f291b51b63f111e7bb73a7942f8f2894aac9c03d66920ac55e64ca58dd2c4e176baa1da7dcf08acf614623c2468fa256c6aaf2b28377d17a25a7fc92ec0b33b39265d085580d7fd75f996cd3643033c49d6b2afb7888883d2da3d2449590f346e350a79e42263b2ee624329090d4e72164a13c4a3b7e628ba684df43f123e6152092e3ac199e779c1b8cfe03ae682b9ba4b264302e435fa02078ff7e2491197f544dc3ec13bcca8b031f2eae19eea9eae9e5ed6fcbeb864a9b447c4574dac832dedb63cddc83dc4519d6580e5bcc66b949124affba6f9609046f4a8f02d5b8d292aa1fcef4123b58d3a7d84b64662aa303acb88f1b9656bf78df1194a5bcb72e35e8196819a50ac937aa390bfa2845c8fd16bab01bb80fac2017688ea32228ba1d5c0ad0eb0db3d92e1036b63ed008b709c8a7cd90b0b732cd151427c66839c8fdc5db7b050e578e86b0607bb98cc173d3c6f5e0073,gx-no-cache=1520525125059 HTTP/1.1" 200 30
200.54.247.70 - - [08/Mar/2018:13:06:16 -0300] "POST /cormun/servlet/solicitudot?gx-no-cache=1520525125094 HTTP/1.1" 200 30
200.54.247.70 - - [08/Mar/2018:13:06:16 -0300] "POST /cormun/servlet/solicitudot?gx-no-cache=1520525125153 HTTP/1.1" 200 1336
200.54.247.70 - - [08/Mar/2018:13:06:16 -0300] "POST /cormun/servlet/solicitudot?gx-no-cache=1520525125211 HTTP/1.1" 200 41
200.54.247.70 - - [08/Mar/2018:13:06:16 -0300] "POST /cormun/servlet/solicitudot?gx-no-cache=1520525125251 HTTP/1.1" 200 1317
200.54.247.70 - - [08/Mar/2018:13:06:16 -0300] "POST /cormun/servlet/solicitudot?gx-no-cache=1520525125307 HTTP/1.1" 200 1217
200.54.247.70 - - [08/Mar/2018:13:06:16 -0300] "GET /cormun/servlet/solicitudot?6f36f3f7841f4ef847b0e180d3ca26639e450352cd0a4a6279521e400851eb76c93308941ebe7714ecac0ead54762bc5,gx-no-cache=1520525125354 HTTP/1.1" 200 30
200.54.247.70 - - [08/Mar/2018:13:06:16 -0300] "POST /cormun/servlet/solicitudot?gx-no-cache=1520525125391 HTTP/1.1" 200 30
200.54.247.70 - - [08/Mar/2018:13:06:16 -0300] "POST /cormun/servlet/solicitudot?c3dd8a84dfc325bae4bfdc2eda17434a,INS,0,0,,gx-no-cache=1520525125434 HTTP/1.1" 200 12085
186.103.157.246 - - [08/Mar/2018:13:06:28 -0300] "GET /cormun/servlet/solicitudotadjuntos?DLT,2018,10286,CERTIF3,0, HTTP/1.1" 200 5792
186.103.157.246 - - [08/Mar/2018:13:06:28 -0300] "GET /cormun/static/about:blank HTTP/1.1" 404 1011
186.103.157.246 - - [08/Mar/2018:13:06:29 -0300] "GET /cormun/static/about:blank HTTP/1.1" 404 1011
186.103.157.246 - - [08/Mar/2018:13:06:29 -0300] "GET /cormun/static/Shared/jqueryui/images/ui-bg_highlight-soft_100_c6c2c8_1x100.png HTTP/1.1" 404 1117
186.103.157.246 - - [08/Mar/2018:13:06:29 -0300] "GET /cormun/static/Shared/jqueryui/images/ui-icons_8d78a5_256x240.png HTTP/1.1" 404 1089
186.103.157.246 - - [08/Mar/2018:13:06:29 -0300] "GET /cormun/static/Shared/jqueryui/images/ui-bg_flat_55_fafafa_40x100.png HTTP/1.1" 404 1097
186.103.157.246 - - [08/Mar/2018:13:06:32 -0300] "GET /cormun/static/Shared/jqueryui/images/ui-icons_82798d_256x240.png HTTP/1.1" 404 1089
200.112.1.133 - - [08/Mar/2018:13:06:41 -0300] "GET /cormun/servlet/trfichaempleado? HTTP/1.1" 200 7942
186.103.157.246 - - [08/Mar/2018:13:06:42 -0300] "POST /cormun/servlet/solicitudotadjuntos?bcb76509ddb0666ae35e4ebd1f3178da,DLT,2018,10286,CERTIF3,0,,gx-no-cache=1520525150452 HTTP/1.1" 200 93
186.103.157.246 - - [08/Mar/2018:13:06:42 -0300] "GET /cormun/servlet/hpexe_return? HTTP/1.1" 200 1020
186.103.157.246 - - [08/Mar/2018:13:06:43 -0300] "GET /cormun/servlet/trsolicitudadjuntos?2018,10286, HTTP/1.1" 200 8365
186.103.157.246 - - [08/Mar/2018:13:06:47 -0300] "GET /cormun/servlet/solicitudotadjuntos?INS,2018,10286,,1, HTTP/1.1" 200 5920
