186.103.159.188 - - [08/Mar/2018:08:23:45 -0300] "GET /cormun/servlet/solicitudot?d2865994f9bce157c6c9a4bd3c429aa974f0a513b6a65521b70e0ff7922215ffc92ed424cbc318358946dd508468b678396f2f618ccca7810b980004c373ef5b46faac969ec886a3756aa2f9f83f37e569b8348fc8a263d2bf43152425ef676d14bad75562a370c8db983722466fc1d5371c9f41a660ea90318362594851af9e84ba0843af0f0bb8b3897b0976b4977a98206c6c5f11e46d383535587763e1cc03a0d390976986c64a3097789445926a6dfdc705b54a6c617a2d795f643afd89df1ab146ea9aea1fa78e71ef0204d716f62334dd4c2e18113e7b1c9f658f4b6e73a376d419d29d8475b82f28bd4b21086166b37d6ccbd324ae08094b5a9e1ba42cf35e326267792576c48aa55609dd87de60f5911e0ea22d282f1d28ccee58368ed0e4a0f4a0188ec899ba1324e929b41ce9aecc52896e114224e87bad88445b91e4d28bf15bd0622c03bfbb327d427b3829f0f7de1216a531276d5f4dca1c0fa2424c1e42fad9b6c1ec22b4ecb7206fbfcb4a241bd817f825e076c9142459e1,gx-no-cache=1520508177166 HTTP/1.1" 200 30
192.168.10.89 - - [08/Mar/2018:08:23:47 -0300] "POST /cormun/servlet/solicitudot?9d63f037f88ce91d5ba7bd5bc79c3683,INS,0,0,,gx-no-cache=1520508066082 HTTP/1.1" 200 10622
192.168.10.89 - - [08/Mar/2018:08:23:47 -0300] "GET /cormun/static/Shared/jqueryui/images/ui-icons_8d78a5_256x240.png HTTP/1.1" 404 1089
192.168.10.89 - - [08/Mar/2018:08:23:47 -0300] "GET /cormun/static/Shared/jqueryui/images/ui-bg_highlight-soft_100_c6c2c8_1x100.png HTTP/1.1" 404 1117
192.168.10.89 - - [08/Mar/2018:08:23:47 -0300] "GET /cormun/static/Shared/jqueryui/images/ui-icons_82798d_256x240.png HTTP/1.1" 404 1089
192.168.10.89 - - [08/Mar/2018:08:23:47 -0300] "GET /cormun/static/Shared/jqueryui/images/ui-bg_flat_55_fafafa_40x100.png HTTP/1.1" 404 1097
192.168.10.89 - - [08/Mar/2018:08:23:51 -0300] "GET /cormun/servlet/solicitudot?39816ad0ba923ce347c1d98e5aad705172b0c2fcb9159a3c00ff2b41cf2f77f2709d43edd730184aca99ef75841c36d4368e78ff35d505ded8e79b15c0d1468f,gx-no-cache=1520508070272 HTTP/1.1" 200 30
192.168.10.89 - - [08/Mar/2018:08:23:51 -0300] "GET /cormun/servlet/solicitudot?39816ad0ba923ce347c1d98e5aad7051150b444fc7c8075c765fc80a3dd60afe,gx-no-cache=1520508070298 HTTP/1.1" 200 29
192.168.10.89 - - [08/Mar/2018:08:23:51 -0300] "POST /cormun/servlet/solicitudot?gx-no-cache=1520508070329 HTTP/1.1" 200 297
192.168.10.89 - - [08/Mar/2018:08:23:51 -0300] "GET /cormun/servlet/solicitudot?39816ad0ba923ce347c1d98e5aad7051733888441692830f500aac19d2ecf0a03a2f37954a6d3df0d647aba73d5998e9141b88c4d61c0125e74c65f2c38648316834af3540485ac2ca2119d2eee89be3e9225efc82d7da6e45816a04487a6c79e73ceca40e3a3a2ae9eb0b24a36af7e71219ffe4e684407c9c9278d1653be857ddc061725108a223e48153e287f6919fd8966098bfc9eb2de5598d287a7a9a9d2c43379453c5b85046c2fde974ffa0eee44629b4c3a28d43f38dbbf0f038d0395efe2df81792bf11a0cb94bb424b2c53bcc687cb6438fbfd53720305a180ca6d5006974e31d34bd66cefd7877d3c425b38012695ffd0616d159bc28193283e072ac9aca0c7514b3a4e5e583f9bcaf2ddbb8d50b7dd7f8826ea6dfb7659e0868398a23b0150b563cb48fce76f211de5ae1d655bc838bad4879f9030fb35c87c7b67c3f6d859b3068fb07ceb35214c0c9b0330089aef6c0f9a4a5e0c7e63886f9cca62bf14bb95ba0b91ca26b52d6cefda8a8f4593987f8b83aeea34a2338b1ae2bcc711def5bc3c26aea138fd127e990a,gx-no-cache=1520508070365 HTTP/1.1" 200 30
192.168.10.89 - - [08/Mar/2018:08:23:53 -0300] "POST /cormun/servlet/solicitudot?gx-no-cache=1520508071740 HTTP/1.1" 200 30
192.168.10.89 - - [08/Mar/2018:08:23:55 -0300] "POST /cormun/servlet/solicitudot?gx-no-cache=1520508073656 HTTP/1.1" 200 1333
192.168.10.89 - - [08/Mar/2018:08:23:55 -0300] "POST /cormun/servlet/solicitudot?gx-no-cache=1520508073764 HTTP/1.1" 200 38
186.103.161.206 - - [08/Mar/2018:08:24:00 -0300] "POST /cormun/servlet/solicitudot?120b84bab58a2793e0967c197fc729b7,INS,0,0,,gx-no-cache=1520508190010 HTTP/1.1" 200 93
186.103.161.206 - - [08/Mar/2018:08:24:00 -0300] "GET /cormun/servlet/hpexe_return? HTTP/1.1" 200 1007
186.103.161.206 - - [08/Mar/2018:08:24:01 -0300] "GET /cormun/servlet/trsolicitudot HTTP/1.1" 200 8808
186.103.161.206 - - [08/Mar/2018:08:24:03 -0300] "GET /cormun/servlet/trsolicitudot HTTP/1.1" 200 8804
190.161.236.41 - - [08/Mar/2018:08:24:07 -0300] "POST /cormun/servlet/solicitudot?gx-no-cache=1520508198340 HTTP/1.1" 200 30
192.168.10.89 - - [08/Mar/2018:08:24:10 -0300] "GET /cormun/servlet/solicitudot?39816ad0ba923ce347c1d98e5aad7051df6f0c1b449f5b2ed38aac9f868297acd1f37fcdbb6e0b7fdd43bfff5e6f6eb8ebe781678d8a39a1cbd24a2c05c31f5e9058d53f2b3718a5206da545aa3d133827270edd4c083abc4edb8cd914d0f24307ddc5bbe38bcf2ff479b692eaa5b2c7,gx-no-cache=1520508088672 HTTP/1.1" 200 29
192.168.10.89 - - [08/Mar/2018:08:24:10 -0300] "POST /cormun/servlet/solicitudot?gx-no-cache=1520508088705 HTTP/1.1" 200 1318
192.168.10.89 - - [08/Mar/2018:08:24:10 -0300] "POST /cormun/servlet/solicitudot?gx-no-cache=1520508088748 HTTP/1.1" 200 1215
186.103.159.46 - - [08/Mar/2018:08:24:10 -0300] "GET /cormun/Manuales/ManualSolicitud.pdf HTTP/1.1" 200 850295
190.161.236.41 - - [08/Mar/2018:08:24:11 -0300] "POST /cormun/servlet/solicitudot?gx-no-cache=1520508202689 HTTP/1.1" 200 1337
190.161.236.41 - - [08/Mar/2018:08:24:11 -0300] "POST /cormun/servlet/solicitudot?gx-no-cache=1520508202820 HTTP/1.1" 200 38
186.103.161.206 - - [08/Mar/2018:08:24:17 -0300] "POST /cormun/servlet/trsolicitudot?120b84bab58a2793e0967c197fc729b7,gx-no-cache=1520508205722 HTTP/1.1" 200 4695
186.103.161.206 - - [08/Mar/2018:08:24:17 -0300] "GET /cormun/static/Shared/jqueryui/images/ui-bg_highlight-soft_100_c6c2c8_1x100.png HTTP/1.1" 404 1117
190.161.236.41 - - [08/Mar/2018:08:24:17 -0300] "GET /cormun/servlet/solicitudot?d2865994f9bce157c6c9a4bd3c429aa9819493f0aa6fd70d7f9a8f5fd9dd6e6ec706752c8162872edb1a6e15cd4f2a2f4c23091db211bfa179239daa0221a91a77e0eee53fc42c4477137fee1456e14450d91501f623bc860c4c49af60ae07eba41cc7a11d1461fd0bfb30afd696db14febfdb4cba338c8ede6736283d3eede37ef87206180f13318f1614aa12cf2e153df1219e2dd1d9acba441695335e9771,gx-no-cache=1520508208717 HTTP/1.1" 200 29
186.67.203.186 - - [08/Mar/2018:08:24:17 -0300] "GET /cormun/static/Shared/jqueryui/images/ui-icons_82798d_256x240.png HTTP/1.1" 404 1089
190.151.100.218 - - [08/Mar/2018:08:24:17 -0300] "GET /cormun/static/Shared/jqueryui/images/ui-bg_flat_55_fafafa_40x100.png HTTP/1.1" 404 1097
200.72.197.82 - - [08/Mar/2018:08:24:17 -0300] "GET /cormun/static/Shared/jqueryui/images/ui-icons_8d78a5_256x240.png HTTP/1.1" 404 1089
190.161.236.41 - - [08/Mar/2018:08:24:17 -0300] "POST /cormun/servlet/solicitudot?gx-no-cache=1520508208777 HTTP/1.1" 200 1319
190.161.236.41 - - [08/Mar/2018:08:24:17 -0300] "POST /cormun/servlet/solicitudot?gx-no-cache=1520508208881 HTTP/1.1" 200 1219
190.161.236.41 - - [08/Mar/2018:08:24:17 -0300] "GET /cormun/static/menuarrow.gif HTTP/1.1" 404 1015
186.103.161.206 - - [08/Mar/2018:08:24:17 -0300] "POST /cormun/servlet/trsolicitudot?120b84bab58a2793e0967c197fc729b7,gx-no-cache=1520508207224 HTTP/1.1" 200 4460
190.161.236.41 - - [08/Mar/2018:08:24:19 -0300] "POST /cormun/servlet/solicitudot?gx-no-cache=1520508210931 HTTP/1.1" 200 1319
190.161.236.41 - - [08/Mar/2018:08:24:19 -0300] "POST /cormun/servlet/solicitudot?gx-no-cache=1520508211007 HTTP/1.1" 200 1219
190.161.236.41 - - [08/Mar/2018:08:24:22 -0300] "GET /cormun/servlet/solicitudot?d2865994f9bce157c6c9a4bd3c429aa90ef8f79d6bc650d942e4b60148cb0ff295932d74fb10b89110beefbbc78e9e29,gx-no-cache=1520508214203 HTTP/1.1" 200 30
186.103.161.206 - - [08/Mar/2018:08:24:24 -0300] "GET /cormun/servlet/trautorizarsolicitud? HTTP/1.1" 200 8697
192.168.10.89 - - [08/Mar/2018:08:24:24 -0300] "GET /cormun/servlet/solicitudot?39816ad0ba923ce347c1d98e5aad7051dd1c657e73aa6ecda18fea442dd3820d06a01f8e0a72cf3b073255864f4cb0d5,gx-no-cache=1520508102972 HTTP/1.1" 200 30
186.103.161.206 - - [08/Mar/2018:08:24:25 -0300] "GET /cormun/servlet/trautorizarsolicitud? HTTP/1.1" 200 8697
192.168.10.89 - - [08/Mar/2018:08:24:32 -0300] "POST /cormun/servlet/solicitudot?gx-no-cache=1520508110637 HTTP/1.1" 200 30
190.161.236.41 - - [08/Mar/2018:08:24:37 -0300] "POST /cormun/servlet/solicitudot?gx-no-cache=1520508228468 HTTP/1.1" 200 30
190.161.236.41 - - [08/Mar/2018:08:24:37 -0300] "POST /cormun/servlet/solicitudot?adcdb15d60b21065f66658480b993394,INS,0,0,,gx-no-cache=1520508228563 HTTP/1.1" 200 93
190.161.236.41 - - [08/Mar/2018:08:24:37 -0300] "GET /cormun/servlet/hpexe_return? HTTP/1.1" 200 1001
190.161.236.41 - - [08/Mar/2018:08:24:37 -0300] "GET /cormun/servlet/trsolicitudot HTTP/1.1" 200 8728
190.161.236.41 - - [08/Mar/2018:08:24:38 -0300] "GET /cormun/servlet/trsolicitudot HTTP/1.1" 200 8724
192.168.10.89 - - [08/Mar/2018:08:24:42 -0300] "POST /cormun/servlet/solicitudot?9d63f037f88ce91d5ba7bd5bc79c3683,INS,0,0,,gx-no-cache=1520508121158 HTTP/1.1" 200 93
192.168.10.89 - - [08/Mar/2018:08:24:42 -0300] "GET /cormun/servlet/hpexe_return? HTTP/1.1" 200 1004
192.168.10.89 - - [08/Mar/2018:08:24:43 -0300] "GET /cormun/servlet/trsolicitudot? HTTP/1.1" 200 8759
192.168.10.56 - - [08/Mar/2018:08:24:56 -0300] "POST /cormun/servlet/hlogin?1edc0c2f41647112f1c97e714ddd0447,gx-no-cache=1520508135195 HTTP/1.1" 200 90
192.168.10.56 - - [08/Mar/2018:08:24:56 -0300] "GET /cormun/servlet/hpexe_link HTTP/1.1" 200 949
192.168.10.56 - - [08/Mar/2018:08:24:56 -0300] "GET /cormun/servlet/hhome HTTP/1.1" 200 4484
186.103.159.230 - - [08/Mar/2018:08:24:57 -0300] "POST /cormun/servlet/solicitudot?gx-no-cache=1520508245369 HTTP/1.1" 200 30
192.168.10.56 - - [08/Mar/2018:08:24:57 -0300] "GET /cormun/servlet/hhome HTTP/1.1" 200 4480
192.168.10.89 - - [08/Mar/2018:08:24:58 -0300] "GET /cormun/servlet/hlogin HTTP/1.1" 200 1736
186.103.132.155 - - [08/Mar/2018:08:24:58 -0300] "POST /cormun/servlet/trautorizarsolicitud?120b84bab58a2793e0967c197fc729b7,,gx-no-cache=1520508248047 HTTP/1.1" 200 9429
186.103.132.155 - - [08/Mar/2018:08:24:58 -0300] "GET /cormun/static/Shared/jqueryui/images/ui-bg_highlight-soft_100_c6c2c8_1x100.png HTTP/1.1" 404 1117
186.103.132.155 - - [08/Mar/2018:08:24:58 -0300] "GET /cormun/static/Shared/jqueryui/images/ui-icons_82798d_256x240.png HTTP/1.1" 404 1089
186.103.132.155 - - [08/Mar/2018:08:24:59 -0300] "GET /cormun/static/Shared/jqueryui/images/ui-bg_flat_55_fafafa_40x100.png HTTP/1.1" 404 1097
186.103.132.155 - - [08/Mar/2018:08:24:59 -0300] "GET /cormun/static/Shared/jqueryui/images/ui-icons_8d78a5_256x240.png HTTP/1.1" 404 1089
186.103.132.155 - - [08/Mar/2018:08:24:59 -0300] "POST /cormun/servlet/trautorizarsolicitud?120b84bab58a2793e0967c197fc729b7,,gx-no-cache=1520508249179 HTTP/1.1" 200 9374
192.168.10.56 - - [08/Mar/2018:08:25:00 -0300] "GET /cormun/servlet/trsolicitudgral? HTTP/1.1" 200 11949
192.168.10.56 - - [08/Mar/2018:08:25:01 -0300] "GET /cormun/servlet/trsolicitudgral? HTTP/1.1" 200 11947
186.103.159.188 - - [08/Mar/2018:08:25:10 -0300] "GET /cormun/servlet/solicitudot?INS,0,0, HTTP/1.1" 200 13591
192.168.10.56 - - [08/Mar/2018:08:25:10 -0300] "POST /cormun/servlet/trsolicitudgral?1edc0c2f41647112f1c97e714ddd0447,,gx-no-cache=1520508148965 HTTP/1.1" 200 7275
186.103.159.188 - - [08/Mar/2018:08:25:10 -0300] "GET /cormun/servlet/solicitudot?INS,0,0, HTTP/1.1" 200 13596
192.168.10.96 - - [08/Mar/2018:08:25:11 -0300] "GET /cormun/servlet/hlogin HTTP/1.1" 200 1725
192.168.10.96 - - [08/Mar/2018:08:25:11 -0300] "GET /cormun/static/gxtimezone.js?85251 HTTP/1.1" 304 -
192.168.10.96 - - [08/Mar/2018:08:25:11 -0300] "GET /cormun/servlet/hlogin HTTP/1.1" 200 1725
186.103.132.155 - - [08/Mar/2018:08:25:11 -0300] "GET /cormun/servlet/veautorizarsolicitud?2018,10233,, HTTP/1.1" 200 8578
186.103.132.155 - - [08/Mar/2018:08:25:12 -0300] "GET /cormun/pexe_scrolldiv.js HTTP/1.1" 404 1009
186.103.132.155 - - [08/Mar/2018:08:25:12 -0300] "GET /cormun/pexe_scrolldiv.js HTTP/1.1" 404 1009
186.103.132.155 - - [08/Mar/2018:08:25:14 -0300] "GET /cormun/servlet/veautorizarsolicitud?2018,10233,, HTTP/1.1" 200 8577
192.168.10.96 - - [08/Mar/2018:08:25:17 -0300] "POST /cormun/servlet/hlogin?af374a0d3982b7f9d4be6ecdfa5b83bb,gx-no-cache=1520508156334 HTTP/1.1" 200 90
192.168.10.96 - - [08/Mar/2018:08:25:17 -0300] "GET /cormun/servlet/hpexe_link HTTP/1.1" 200 955
192.168.10.96 - - [08/Mar/2018:08:25:18 -0300] "GET /cormun/servlet/hhome HTTP/1.1" 200 4713
192.168.10.96 - - [08/Mar/2018:08:25:18 -0300] "GET /cormun/servlet/hhome HTTP/1.1" 200 4709
186.103.159.188 - - [08/Mar/2018:08:25:20 -0300] "POST /cormun/servlet/solicitudot?gx-no-cache=1520508271568 HTTP/1.1" 200 3389
186.103.159.188 - - [08/Mar/2018:08:25:20 -0300] "POST /cormun/servlet/solicitudot?adcdb15d60b21065f66658480b993394,INS,0,0,,gx-no-cache=1520508271801 HTTP/1.1" 200 10545
192.168.10.56 - - [08/Mar/2018:08:25:22 -0300] "POST /cormun/servlet/trsolicitudgral?1edc0c2f41647112f1c97e714ddd0447,,gx-no-cache=1520508161245 HTTP/1.1" 200 8072
192.168.10.96 - - [08/Mar/2018:08:25:23 -0300] "GET /cormun/servlet/trsolicitudgral? HTTP/1.1" 200 28153
192.168.10.96 - - [08/Mar/2018:08:25:23 -0300] "GET /cormun/static/calendar-setup.js?85251 HTTP/1.1" 304 -
192.168.10.96 - - [08/Mar/2018:08:25:23 -0300] "GET /cormun/static/calendar-es.js?85251 HTTP/1.1" 304 -
192.168.10.96 - - [08/Mar/2018:08:25:23 -0300] "GET /cormun/static/calendar.js?85251 HTTP/1.1" 304 -
192.168.10.96 - - [08/Mar/2018:08:25:23 -0300] "GET /cormun/static/gxdec.js?85251 HTTP/1.1" 304 -
186.103.159.188 - - [08/Mar/2018:08:25:25 -0300] "GET /cormun/servlet/solicitudot?d2865994f9bce157c6c9a4bd3c429aa9e1f7c0980c269fcba8d5928c5487cd6fc578c2616b9ff8465084fc26d9882488,gx-no-cache=1520508276413 HTTP/1.1" 200 30
186.103.159.188 - - [08/Mar/2018:08:25:25 -0300] "GET /cormun/servlet/solicitudot?d2865994f9bce157c6c9a4bd3c429aa91b7c850c248680388ad14dffec112cd2f9e2595b2d4ad36f4bc4ae8ff4e7b26f352ea2457530205317a9c7f3276945ae,gx-no-cache=1520508276498 HTTP/1.1" 200 30
186.103.159.188 - - [08/Mar/2018:08:25:25 -0300] "GET /cormun/servlet/solicitudot?d2865994f9bce157c6c9a4bd3c429aa9f4146445c30fc58aa6e8a291a98fb89e,gx-no-cache=1520508276569 HTTP/1.1" 200 51
186.103.159.188 - - [08/Mar/2018:08:25:25 -0300] "POST /cormun/servlet/solicitudot?gx-no-cache=1520508276658 HTTP/1.1" 200 255
186.103.159.188 - - [08/Mar/2018:08:25:25 -0300] "GET /cormun/servlet/solicitudot?d2865994f9bce157c6c9a4bd3c429aa974f0a513b6a65521b70e0ff7922215ffc92ed424cbc318358946dd508468b678396f2f618ccca7810b980004c373ef5b46faac969ec886a3756aa2f9f83f37e569b8348fc8a263d2bf43152425ef676d14bad75562a370c8db983722466fc1d5371c9f41a660ea90318362594851af9e84ba0843af0f0bb8b3897b0976b4977a98206c6c5f11e46d383535587763e1cc03a0d390976986c64a3097789445926a6dfdc705b54a6c617a2d795f643afd89df1ab146ea9aea1fa78e71ef0204d716f62334dd4c2e18113e7b1c9f658f4b6e73a376d419d29d8475b82f28bd4b21086166b37d6ccbd324ae08094b5a9e1ba42cf35e326267792576c48aa55609dd87de60f5911e0ea22d282f1d28ccee58368ed0e4a0f4a0188ec899ba1324e929b41ce9aecc52896e114224e87bad88445b91e4d28bf15bd0622c03bfbb327d427b3829f0f7de1216a531276d5f4dca1c0fa2424c1e42fad9b6c1ec22b4ecb7206fbfcb4a241bd817f825e076c9142459e1,gx-no-cache=1520508276750 HTTP/1.1" 200 30
192.168.10.96 - - [08/Mar/2018:08:25:25 -0300] "GET /cormun/servlet/trsolicitudgral? HTTP/1.1" 200 28151
186.103.159.188 - - [08/Mar/2018:08:25:27 -0300] "POST /cormun/servlet/solicitudot?gx-no-cache=1520508279170 HTTP/1.1" 200 30
186.103.159.188 - - [08/Mar/2018:08:25:32 -0300] "POST /cormun/servlet/solicitudot?gx-no-cache=1520508283384 HTTP/1.1" 200 1337
186.103.159.188 - - [08/Mar/2018:08:25:32 -0300] "POST /cormun/servlet/solicitudot?gx-no-cache=1520508283478 HTTP/1.1" 200 38
192.168.10.96 - - [08/Mar/2018:08:25:33 -0300] "POST /cormun/servlet/trsolicitudgral?af374a0d3982b7f9d4be6ecdfa5b83bb,,gx-no-cache=1520508171372 HTTP/1.1" 200 10690
186.103.159.188 - - [08/Mar/2018:08:25:38 -0300] "GET /cormun/servlet/solicitudot?d2865994f9bce157c6c9a4bd3c429aa9819493f0aa6fd70d7f9a8f5fd9dd6e6ec706752c8162872edb1a6e15cd4f2a2f4c23091db211bfa179239daa0221a91a77e0eee53fc42c4477137fee1456e14450d91501f623bc860c4c49af60ae07eba41cc7a11d1461fd0bfb30afd696db14febfdb4cba338c8ede6736283d3eede37ef87206180f13318f1614aa12cf2e153df1219e2dd1d9acba441695335e9771,gx-no-cache=1520508290051 HTTP/1.1" 200 29
186.103.159.188 - - [08/Mar/2018:08:25:38 -0300] "POST /cormun/servlet/solicitudot?gx-no-cache=1520508290108 HTTP/1.1" 200 1319
186.103.159.188 - - [08/Mar/2018:08:25:38 -0300] "POST /cormun/servlet/solicitudot?gx-no-cache=1520508290186 HTTP/1.1" 200 1219
186.103.159.188 - - [08/Mar/2018:08:25:39 -0300] "GET /cormun/static/menuarrow.gif HTTP/1.1" 404 1015
186.103.159.188 - - [08/Mar/2018:08:25:40 -0300] "POST /cormun/servlet/solicitudot?gx-no-cache=1520508291890 HTTP/1.1" 200 1319
186.103.159.188 - - [08/Mar/2018:08:25:40 -0300] "POST /cormun/servlet/solicitudot?gx-no-cache=1520508291975 HTTP/1.1" 200 1219
186.103.159.188 - - [08/Mar/2018:08:25:43 -0300] "GET /cormun/servlet/solicitudot?d2865994f9bce157c6c9a4bd3c429aa90ef8f79d6bc650d942e4b60148cb0ff295932d74fb10b89110beefbbc78e9e29,gx-no-cache=1520508294385 HTTP/1.1" 200 30
192.168.10.96 - - [08/Mar/2018:08:25:49 -0300] "POST /cormun/servlet/trsolicitudgral?af374a0d3982b7f9d4be6ecdfa5b83bb,,gx-no-cache=1520508187751 HTTP/1.1" 200 13140
200.111.122.170 - - [08/Mar/2018:08:25:51 -0300] "GET /cormun/servlet/trautorizarsolicitud? HTTP/1.1" 200 7310
200.111.122.170 - - [08/Mar/2018:08:25:53 -0300] "GET /cormun/servlet/trautorizarsolicitud? HTTP/1.1" 200 7309
186.103.159.230 - - [08/Mar/2018:08:25:56 -0300] "POST /cormun/servlet/solicitudot?845388206277aec3255f14687d736655,INS,0,0,,gx-no-cache=1520508304626 HTTP/1.1" 200 93
186.103.159.230 - - [08/Mar/2018:08:25:56 -0300] "GET /cormun/servlet/hpexe_return? HTTP/1.1" 200 1004
186.103.159.230 - - [08/Mar/2018:08:25:56 -0300] "GET /cormun/servlet/trsolicitudot HTTP/1.1" 200 9231
186.103.159.230 - - [08/Mar/2018:08:25:57 -0300] "GET /cormun/servlet/trsolicitudot HTTP/1.1" 200 9227
200.111.122.170 - - [08/Mar/2018:08:25:59 -0300] "GET /cormun/servlet/trsolicitudot? HTTP/1.1" 200 7408
186.103.159.188 - - [08/Mar/2018:08:26:00 -0300] "POST /cormun/servlet/solicitudot?gx-no-cache=1520508311541 HTTP/1.1" 200 30
186.103.159.188 - - [08/Mar/2018:08:26:00 -0300] "POST /cormun/servlet/solicitudot?adcdb15d60b21065f66658480b993394,INS,0,0,,gx-no-cache=1520508311611 HTTP/1.1" 200 93
186.103.159.188 - - [08/Mar/2018:08:26:00 -0300] "GET /cormun/servlet/hpexe_return? HTTP/1.1" 200 1001
200.111.122.170 - - [08/Mar/2018:08:26:00 -0300] "GET /cormun/servlet/trsolicitudot? HTTP/1.1" 200 7407
186.103.159.188 - - [08/Mar/2018:08:26:00 -0300] "GET /cormun/servlet/trsolicitudot HTTP/1.1" 200 9095
186.103.159.188 - - [08/Mar/2018:08:26:01 -0300] "GET /cormun/servlet/trsolicitudot HTTP/1.1" 200 9091
200.111.122.170 - - [08/Mar/2018:08:26:06 -0300] "GET /cormun/servlet/solicitudot?INS,0,0, HTTP/1.1" 200 13647
200.111.122.170 - - [08/Mar/2018:08:26:08 -0300] "GET /cormun/servlet/solicitudot?INS,0,0, HTTP/1.1" 200 13651
192.168.10.96 - - [08/Mar/2018:08:26:09 -0300] "POST /cormun/servlet/trsolicitudgral?af374a0d3982b7f9d4be6ecdfa5b83bb,,gx-no-cache=1520508207840 HTTP/1.1" 200 10690
200.111.122.170 - - [08/Mar/2018:08:26:11 -0300] "GET /cormun/servlet/prfichaempleado?,MD,,gxPopupLevel%3D0%3B HTTP/1.1" 200 9350
186.67.203.186 - - [08/Mar/2018:08:26:23 -0300] "GET /cormun/servlet/trautorizarsolicitud? HTTP/1.1" 200 6302
186.67.203.186 - - [08/Mar/2018:08:26:23 -0300] "GET /cormun/servlet/solicitudot?INS,0,0, HTTP/1.1" 200 12661
186.103.161.206 - - [08/Mar/2018:08:26:24 -0300] "GET /cormun/static/gxtimezone.js?85251 HTTP/1.1" 304 -
186.103.161.206 - - [08/Mar/2018:08:26:24 -0300] "GET /cormun/static/calendar.js?85251 HTTP/1.1" 304 -
186.103.132.155 - - [08/Mar/2018:08:26:24 -0300] "GET /cormun/static/calendar-setup.js?85251 HTTP/1.1" 304 -
186.103.132.155 - - [08/Mar/2018:08:26:24 -0300] "GET /cormun/static/calendar-es.js?85251 HTTP/1.1" 304 -
200.111.122.170 - - [08/Mar/2018:08:26:25 -0300] "POST /cormun/servlet/prfichaempleado?120b84bab58a2793e0967c197fc729b7,,MD,,gxPopupLevel%3D0%3B,gx-no-cache=1520508333980 HTTP/1.1" 200 3491
186.103.159.230 - - [08/Mar/2018:08:26:27 -0300] "POST /cormun/servlet/trsolicitudot?845388206277aec3255f14687d736655,gx-no-cache=1520508334441 HTTP/1.1" 200 5895
186.103.159.230 - - [08/Mar/2018:08:26:27 -0300] "GET /cormun/static/Shared/jqueryui/images/ui-bg_highlight-soft_100_c6c2c8_1x100.png HTTP/1.1" 404 1117
186.103.159.230 - - [08/Mar/2018:08:26:27 -0300] "GET /cormun/static/Shared/jqueryui/images/ui-icons_82798d_256x240.png HTTP/1.1" 404 1089
186.103.159.230 - - [08/Mar/2018:08:26:27 -0300] "GET /cormun/static/Shared/jqueryui/images/ui-bg_flat_55_fafafa_40x100.png HTTP/1.1" 404 1097
186.103.159.230 - - [08/Mar/2018:08:26:27 -0300] "GET /cormun/static/Shared/jqueryui/images/ui-icons_8d78a5_256x240.png HTTP/1.1" 404 1089
186.103.159.230 - - [08/Mar/2018:08:26:27 -0300] "POST /cormun/servlet/trsolicitudot?845388206277aec3255f14687d736655,gx-no-cache=1520508335768 HTTP/1.1" 200 5838
186.103.132.155 - - [08/Mar/2018:08:26:28 -0300] "GET /cormun/static/messages.spa.js?85251 HTTP/1.1" 304 -
186.103.132.155 - - [08/Mar/2018:08:26:29 -0300] "GET /cormun/static/gxdec.js?85251 HTTP/1.1" 304 -
190.161.236.41 - - [08/Mar/2018:08:26:30 -0300] "POST /cormun/servlet/trsolicitudot?adcdb15d60b21065f66658480b993394,gx-no-cache=1520508341858 HTTP/1.1" 200 5875
190.161.236.41 - - [08/Mar/2018:08:26:30 -0300] "GET /cormun/static/Shared/jqueryui/images/ui-bg_highlight-soft_100_c6c2c8_1x100.png HTTP/1.1" 404 1117
186.103.159.188 - - [08/Mar/2018:08:26:30 -0300] "GET /cormun/static/Shared/jqueryui/images/ui-icons_82798d_256x240.png HTTP/1.1" 404 1089
186.103.159.188 - - [08/Mar/2018:08:26:30 -0300] "GET /cormun/static/Shared/jqueryui/images/ui-bg_flat_55_fafafa_40x100.png HTTP/1.1" 404 1097
190.161.236.41 - - [08/Mar/2018:08:26:30 -0300] "GET /cormun/static/Shared/jqueryui/images/ui-icons_8d78a5_256x240.png HTTP/1.1" 404 1089
190.161.236.41 - - [08/Mar/2018:08:26:31 -0300] "POST /cormun/servlet/trsolicitudot?adcdb15d60b21065f66658480b993394,gx-no-cache=1520508342241 HTTP/1.1" 200 5819
200.111.122.170 - - [08/Mar/2018:08:26:32 -0300] "POST /cormun/servlet/solicitudot?gx-no-cache=1520508342184 HTTP/1.1" 200 3407
200.111.122.170 - - [08/Mar/2018:08:26:33 -0300] "POST /cormun/servlet/solicitudot?120b84bab58a2793e0967c197fc729b7,INS,0,0,,gx-no-cache=1520508342660 HTTP/1.1" 200 10594
186.103.132.155 - - [08/Mar/2018:08:26:38 -0300] "GET /cormun/servlet/trautorizarsolicitud? HTTP/1.1" 200 6469
186.103.132.155 - - [08/Mar/2018:08:26:39 -0300] "GET /cormun/servlet/hlogin HTTP/1.1" 200 1745
186.103.132.155 - - [08/Mar/2018:08:26:40 -0300] "GET /cormun/servlet/hlogin HTTP/1.1" 200 1745
186.103.132.155 - - [08/Mar/2018:08:26:40 -0300] "GET /cormun/servlet/solicitudot?INS,0,0, HTTP/1.1" 200 12666
190.161.236.41 - - [08/Mar/2018:08:26:40 -0300] "POST /cormun/servlet/trsolicitudot?adcdb15d60b21065f66658480b993394,gx-no-cache=1520508351325 HTTP/1.1" 200 4671
200.111.122.170 - - [08/Mar/2018:08:26:40 -0300] "GET /cormun/servlet/solicitudot?9c0cbaad7322b922316022439fca90dc83c688d63502ea569b9c2e335fcf4bd939565081febf462d9e4fab72af9bdfa0,gx-no-cache=1520508350054 HTTP/1.1" 200 30
190.161.236.41 - - [08/Mar/2018:08:26:40 -0300] "POST /cormun/servlet/trsolicitudot?adcdb15d60b21065f66658480b993394,gx-no-cache=1520508351555 HTTP/1.1" 200 4451
200.111.122.170 - - [08/Mar/2018:08:26:40 -0300] "GET /cormun/servlet/solicitudot?9c0cbaad7322b922316022439fca90dc0a0f161061f07611fcf2597552ec6468ffa3e60f17db9d4419b6663221cbed711894b0aca8c9970f140327b62411405a,gx-no-cache=1520508350283 HTTP/1.1" 200 30
200.111.122.170 - - [08/Mar/2018:08:26:40 -0300] "GET /cormun/servlet/solicitudot?9c0cbaad7322b922316022439fca90dc7e99e906f5ef99622e3264e197bf2d75,gx-no-cache=1520508350398 HTTP/1.1" 200 60
200.111.122.170 - - [08/Mar/2018:08:26:40 -0300] "POST /cormun/servlet/solicitudot?gx-no-cache=1520508350545 HTTP/1.1" 200 255
200.111.122.170 - - [08/Mar/2018:08:26:40 -0300] "GET /cormun/servlet/solicitudot?9c0cbaad7322b922316022439fca90dcd21d0b0594d4da52149161ad8f25089268e03e75dc2d201a82b182947208fcf4e28e59b6c19be28660aeff88c449a6168e5092bd37455936e5b7f2aefe4888c99ef9953ab9ff18ce1629f376d299619a2bdd905ad72ab340f1c75faee9921ba88777c3faa7cd6817715f523d81271e6a93d8b529ee825a8a8e5cd69cb9253fcecb2ce4a6a18addc585c8e7ba1ed75bcf969d3157f1789f8faf0aab45f10f159d9437f744bfd85271ae98e4f4dd822ab2105203ce9ff4780c7e6e80ec97cacfd2146d07be2ecfe8ee0f5bef68b2217bc9b1f4e0426b35bf74347bfff8e9b0369d8f5a093cbd6e67f3169374be2b0bc88ed6973fd5c67bb7b07b2188f8fc71a3bbafda3277af7cb4b1d4739a2ec9e56765993b0955220bf9b123bfaf4fff725509eff8d1f0ccc21013c5b440bd9d728bacf1d0dcbe7a38b881b31623bf2149ddf395ef7185d404782debbbbc3dce1a6c49b2722ec1930cdec3745bc9964ee0ecab31fbb6f041afc54fcb2eb467bc81ca17,gx-no-cache=1520508350676 HTTP/1.1" 200 30
186.103.159.230 - - [08/Mar/2018:08:26:44 -0300] "GET /cormun/servlet/solicitudot?INS,0,0, HTTP/1.1" 200 13601
186.103.159.230 - - [08/Mar/2018:08:26:45 -0300] "GET /cormun/servlet/solicitudot?INS,0,0, HTTP/1.1" 200 13606
200.111.122.170 - - [08/Mar/2018:08:26:45 -0300] "POST /cormun/servlet/solicitudot?gx-no-cache=1520508354931 HTTP/1.1" 200 30
192.168.10.96 - - [08/Mar/2018:08:26:45 -0300] "POST /cormun/servlet/trsolicitudgral?af374a0d3982b7f9d4be6ecdfa5b83bb,,gx-no-cache=1520508243650 HTTP/1.1" 200 13139
200.111.122.170 - - [08/Mar/2018:08:26:48 -0300] "GET /cormun/servlet/prcontratosol?15122749,,,,,MD,,gxPopupLevel%3D0%3B HTTP/1.1" 200 8993
192.168.10.96 - - [08/Mar/2018:08:26:54 -0300] "POST /cormun/servlet/trsolicitudgral?af374a0d3982b7f9d4be6ecdfa5b83bb,,gx-no-cache=1520508252753 HTTP/1.1" 200 10690
192.168.10.56 - - [08/Mar/2018:08:26:59 -0300] "POST /cormun/servlet/trsolicitudgral?1edc0c2f41647112f1c97e714ddd0447,,gx-no-cache=1520508258390 HTTP/1.1" 200 5927
200.111.122.170 - - [08/Mar/2018:08:27:00 -0300] "POST /cormun/servlet/solicitudot?gx-no-cache=1520508369443 HTTP/1.1" 200 1337
200.111.122.170 - - [08/Mar/2018:08:27:00 -0300] "POST /cormun/servlet/solicitudot?gx-no-cache=1520508370109 HTTP/1.1" 200 38
200.111.122.170 - - [08/Mar/2018:08:27:00 -0300] "GET /cormun/servlet/solicitudot?9c0cbaad7322b922316022439fca90dc344faa7156c44366034964f1a0348cdb782b0523fd51f309a9ab6c8207464bad1deba2c0e09b9af0296d17c0e64bfdf33545d69fcd79617b0aeba88c8deb428c9dd09c7789a8361ab6629119cbfee44098b133d53b5bbd50f8123faa81ac24846f5257b634b6a2ee8cde8a21c07e69d5d03b16b9282f4083d062cfb6e55adb89453e8b02823eaad18124a8d96f08d8b1,gx-no-cache=1520508370406 HTTP/1.1" 200 29
200.111.122.170 - - [08/Mar/2018:08:27:00 -0300] "POST /cormun/servlet/solicitudot?gx-no-cache=1520508370585 HTTP/1.1" 200 1319
200.111.122.170 - - [08/Mar/2018:08:27:01 -0300] "POST /cormun/servlet/solicitudot?gx-no-cache=1520508370892 HTTP/1.1" 200 1219
200.111.122.170 - - [08/Mar/2018:08:27:01 -0300] "GET /cormun/servlet/solicitudot?9c0cbaad7322b922316022439fca90dc636519d399cfa1dd5b434e5ee903947daf2a7f0d36ae7e095d30cd89bd472d92,gx-no-cache=1520508371123 HTTP/1.1" 200 30
190.151.100.218 - - [08/Mar/2018:08:27:22 -0300] "POST /cormun/servlet/solicitudot?gx-no-cache=1520508392192 HTTP/1.1" 200 1318
190.151.100.218 - - [08/Mar/2018:08:27:23 -0300] "POST /cormun/servlet/solicitudot?gx-no-cache=1520508392741 HTTP/1.1" 200 1219
190.151.100.218 - - [08/Mar/2018:08:27:23 -0300] "POST /cormun/servlet/solicitudot?gx-no-cache=1520508393103 HTTP/1.1" 200 33
186.103.159.230 - - [08/Mar/2018:08:27:39 -0300] "POST /cormun/servlet/solicitudot?gx-no-cache=1520508402820 HTTP/1.1" 200 3420
190.151.100.218 - - [08/Mar/2018:08:27:39 -0300] "POST /cormun/servlet/solicitudot?120b84bab58a2793e0967c197fc729b7,INS,0,0,,gx-no-cache=1520508408846 HTTP/1.1" 200 93
190.151.100.218 - - [08/Mar/2018:08:27:40 -0300] "GET /cormun/servlet/hpexe_return? HTTP/1.1" 200 1007
190.151.100.218 - - [08/Mar/2018:08:27:40 -0300] "GET /cormun/servlet/trsolicitudot HTTP/1.1" 200 8805
186.103.159.230 - - [08/Mar/2018:08:27:40 -0300] "POST /cormun/servlet/solicitudot?845388206277aec3255f14687d736655,INS,0,0,,gx-no-cache=1520508408140 HTTP/1.1" 200 10541
190.151.100.218 - - [08/Mar/2018:08:27:42 -0300] "GET /cormun/servlet/trsolicitudot HTTP/1.1" 200 8802
186.103.159.230 - - [08/Mar/2018:08:27:47 -0300] "GET /cormun/servlet/solicitudot?702cc7ddf33c97fe275162c9f2334eb06b92be7343ede6ccfea34a6f2b31f4ebc16535fed7ce5d0861dd8e9cdaffaabd,gx-no-cache=1520508416121 HTTP/1.1" 200 30
186.103.159.230 - - [08/Mar/2018:08:27:47 -0300] "GET /cormun/servlet/solicitudot?702cc7ddf33c97fe275162c9f2334eb0e1a0e1f5709e7e36381b0a042f76b70a2a11cad868679fc0196e971bb42ff3de12dd4f7b8b250653e13f750441598f1f,gx-no-cache=1520508416209 HTTP/1.1" 200 30
186.103.159.230 - - [08/Mar/2018:08:27:48 -0300] "GET /cormun/servlet/solicitudot?702cc7ddf33c97fe275162c9f2334eb0716dacafad718a77b9483c217f28d8d4,gx-no-cache=1520508416286 HTTP/1.1" 200 53
186.103.159.230 - - [08/Mar/2018:08:27:48 -0300] "POST /cormun/servlet/solicitudot?gx-no-cache=1520508416672 HTTP/1.1" 200 240
186.103.159.230 - - [08/Mar/2018:08:27:48 -0300] "GET /cormun/servlet/solicitudot?702cc7ddf33c97fe275162c9f2334eb0eb556a2c51ec516cdd6aef706396d90a2cf60c32156c43b736ceb9b1802ba2a35dd87ca06e54afe408a59a3fae5bf60cde0f21812b54106eefa8bc1917cfc27c73d7d9fbdff0ac156d941f2a39653214d82b08140c15a83d0fe5f172678d580a74df009ad10a0ff3f84af92fd491e37b53541e709f52a8b749386116565c4e2f4c35b1623df773190bea0b2214774619fa204ce831584126fecfc31acbc73eedba38cce4de38a44c15b339d0f75ddec8428da38a4c9f035e8620d4d6432bd8e13de8c176c6dfe85815138a7df5de7a6232796fb008cc7ba2ba9f6e4fc96ff63617f3f77031a9b9c2a570370a74fbedebe6048d348dd2cccab7e8cc8f7f7ea4800988e8d49a91e8da60b1812f35a19b521074f7637648ec299aa4662ee265e4fe08426406f2875505c4daf9192886438551d33af04c441a8e77f4f680c8818db46aa95aa4cbea480deba7c4249fcdfb713328bd9fe93907c54d06f7d53f127760819272a3fdd4bfa199e8f926e19dca4b,gx-no-cache=1520508416818 HTTP/1.1" 200 30
186.103.159.230 - - [08/Mar/2018:08:27:51 -0300] "POST /cormun/servlet/solicitudot?gx-no-cache=1520508419965 HTTP/1.1" 200 30
186.103.159.230 - - [08/Mar/2018:08:27:54 -0300] "POST /cormun/servlet/solicitudot?gx-no-cache=1520508423245 HTTP/1.1" 200 1337
186.103.159.230 - - [08/Mar/2018:08:27:55 -0300] "POST /cormun/servlet/solicitudot?gx-no-cache=1520508423351 HTTP/1.1" 200 38
186.103.161.206 - - [08/Mar/2018:08:27:56 -0300] "POST /cormun/servlet/trsolicitudot?120b84bab58a2793e0967c197fc729b7,gx-no-cache=1520508424134 HTTP/1.1" 200 4700
186.103.161.206 - - [08/Mar/2018:08:27:56 -0300] "GET /cormun/static/Shared/jqueryui/images/ui-bg_highlight-soft_100_c6c2c8_1x100.png HTTP/1.1" 404 1117
190.151.100.218 - - [08/Mar/2018:08:27:57 -0300] "GET /cormun/static/Shared/jqueryui/images/ui-bg_flat_55_fafafa_40x100.png HTTP/1.1" 404 1097
186.103.161.206 - - [08/Mar/2018:08:27:57 -0300] "GET /cormun/static/Shared/jqueryui/images/ui-icons_82798d_256x240.png HTTP/1.1" 404 1089
186.67.203.186 - - [08/Mar/2018:08:27:57 -0300] "POST /cormun/servlet/trsolicitudot?120b84bab58a2793e0967c197fc729b7,gx-no-cache=1520508426561 HTTP/1.1" 200 4459
186.103.132.155 - - [08/Mar/2018:08:27:57 -0300] "GET /cormun/static/Shared/jqueryui/images/ui-icons_8d78a5_256x240.png HTTP/1.1" 404 1089
186.103.132.155 - - [08/Mar/2018:08:28:01 -0300] "GET /cormun/servlet/trautorizarsolicitud? HTTP/1.1" 200 8698
186.103.132.155 - - [08/Mar/2018:08:28:03 -0300] "GET /cormun/servlet/trautorizarsolicitud? HTTP/1.1" 200 8697
186.103.159.230 - - [08/Mar/2018:08:28:08 -0300] "GET /cormun/servlet/solicitudot?702cc7ddf33c97fe275162c9f2334eb0776367556680facb7d86d0d58cd2711ec5452781fcefcfa2f9da0c5126b393e2c94f1781fd6fcb92b30da68524cba0848b8a7efd4511a769330623a475fb7a5229f70bf441e55a5561c2460a7a9c67ff412ab840030cf37ed4be02115110a6d6,gx-no-cache=1520508436648 HTTP/1.1" 200 29
186.103.159.230 - - [08/Mar/2018:08:28:08 -0300] "POST /cormun/servlet/solicitudot?gx-no-cache=1520508436705 HTTP/1.1" 200 1319
186.103.159.230 - - [08/Mar/2018:08:28:08 -0300] "POST /cormun/servlet/solicitudot?gx-no-cache=1520508436827 HTTP/1.1" 200 1218
186.103.159.230 - - [08/Mar/2018:08:28:08 -0300] "GET /cormun/static/menuarrow.gif HTTP/1.1" 404 1015
186.103.159.230 - - [08/Mar/2018:08:28:10 -0300] "POST /cormun/servlet/solicitudot?gx-no-cache=1520508439228 HTTP/1.1" 200 1319
186.103.159.230 - - [08/Mar/2018:08:28:11 -0300] "POST /cormun/servlet/solicitudot?gx-no-cache=1520508439339 HTTP/1.1" 200 1218
192.168.10.56 - - [08/Mar/2018:08:28:13 -0300] "POST /cormun/servlet/trsolicitudgral?1edc0c2f41647112f1c97e714ddd0447,,gx-no-cache=1520508327961 HTTP/1.1" 200 26229
186.103.159.230 - - [08/Mar/2018:08:28:13 -0300] "GET /cormun/servlet/solicitudot?702cc7ddf33c97fe275162c9f2334eb07add66357e54bd1ea5e3b15850e540da223ae624202022b46fab457cc125b1ff,gx-no-cache=1520508442116 HTTP/1.1" 200 30
186.103.132.155 - - [08/Mar/2018:08:28:18 -0300] "POST /cormun/servlet/trautorizarsolicitud?120b84bab58a2793e0967c197fc729b7,,gx-no-cache=1520508448403 HTTP/1.1" 200 9807
186.103.159.230 - - [08/Mar/2018:08:28:19 -0300] "POST /cormun/servlet/solicitudot?gx-no-cache=1520508447648 HTTP/1.1" 200 30
186.103.132.155 - - [08/Mar/2018:08:28:19 -0300] "GET /cormun/static/Shared/jqueryui/images/ui-bg_highlight-soft_100_c6c2c8_1x100.png HTTP/1.1" 404 1117
190.151.100.218 - - [08/Mar/2018:08:28:19 -0300] "GET /cormun/static/Shared/jqueryui/images/ui-icons_82798d_256x240.png HTTP/1.1" 404 1089
186.103.132.155 - - [08/Mar/2018:08:28:19 -0300] "GET /cormun/static/Shared/jqueryui/images/ui-icons_8d78a5_256x240.png HTTP/1.1" 404 1089
190.151.100.218 - - [08/Mar/2018:08:28:19 -0300] "GET /cormun/static/Shared/jqueryui/images/ui-bg_flat_55_fafafa_40x100.png HTTP/1.1" 404 1097
186.103.132.155 - - [08/Mar/2018:08:28:21 -0300] "POST /cormun/servlet/trautorizarsolicitud?120b84bab58a2793e0967c197fc729b7,,gx-no-cache=1520508449642 HTTP/1.1" 200 9755
192.168.10.56 - - [08/Mar/2018:08:28:50 -0300] "POST /cormun/servlet/trsolicitudgral?1edc0c2f41647112f1c97e714ddd0447,,gx-no-cache=1520508365764 HTTP/1.1" 200 25305
200.111.191.210 - - [08/Mar/2018:08:28:50 -0300] "GET /cormun/servlet/trlicencias? HTTP/1.1" 200 6109
200.111.191.210 - - [08/Mar/2018:08:28:50 -0300] "GET /cormun/static/calendar.js?85251 HTTP/1.1" 304 -
200.111.191.210 - - [08/Mar/2018:08:28:50 -0300] "GET /cormun/static/calendar-setup.js?85251 HTTP/1.1" 304 -
200.111.191.210 - - [08/Mar/2018:08:28:50 -0300] "GET /cormun/static/calendar-es.js?85251 HTTP/1.1" 304 -
200.111.191.210 - - [08/Mar/2018:08:28:50 -0300] "GET /cormun/static/gxtimezone.js?85251 HTTP/1.1" 304 -
200.111.191.210 - - [08/Mar/2018:08:28:51 -0300] "GET /cormun/static/gxcfg.js?20176272054169 HTTP/1.1" 304 -
200.111.191.210 - - [08/Mar/2018:08:28:51 -0300] "GET /cormun/static/messages.spa.js?85251 HTTP/1.1" 304 -
200.111.191.210 - - [08/Mar/2018:08:28:51 -0300] "GET /cormun/static/gxdec.js?85251 HTTP/1.1" 304 -
200.111.191.210 - - [08/Mar/2018:08:28:51 -0300] "GET /cormun/static/Shared/jquery/jquery-1.10.2.min.js HTTP/1.1" 200 273199
200.111.191.210 - - [08/Mar/2018:08:28:51 -0300] "GET /cormun/static/Shared/jqueryui/jquery-ui.min.js HTTP/1.1" 200 240427
200.111.191.210 - - [08/Mar/2018:08:28:51 -0300] "GET /cormun/servlet/hlogin HTTP/1.1" 200 1729
200.111.191.210 - - [08/Mar/2018:08:28:51 -0300] "GET /cormun/servlet/trlicencias? HTTP/1.1" 200 6102
200.111.191.210 - - [08/Mar/2018:08:28:57 -0300] "POST /cormun/servlet/hlogin?63b333998c2b90a674647e5398530b73,gx-no-cache=1520508488266 HTTP/1.1" 200 90
200.111.191.210 - - [08/Mar/2018:08:28:57 -0300] "GET /cormun/servlet/hpexe_link HTTP/1.1" 200 944
200.111.191.210 - - [08/Mar/2018:08:28:57 -0300] "GET /cormun/servlet/hhome HTTP/1.1" 200 3951
200.111.191.210 - - [08/Mar/2018:08:28:57 -0300] "GET /cormun/servlet/hhome HTTP/1.1" 200 3947
200.111.191.210 - - [08/Mar/2018:08:29:10 -0300] "GET /cormun/servlet/trlicencias? HTTP/1.1" 200 9018
200.111.191.210 - - [08/Mar/2018:08:29:11 -0300] "GET /cormun/servlet/trlicencias? HTTP/1.1" 200 9015
200.111.191.210 - - [08/Mar/2018:08:29:16 -0300] "GET /cormun/servlet/licenciaspermisos?INS,0,,, HTTP/1.1" 200 7481
200.111.191.210 - - [08/Mar/2018:08:29:16 -0300] "GET /cormun/static/gxcfg.js?201762917281167 HTTP/1.1" 304 -
200.111.191.210 - - [08/Mar/2018:08:29:16 -0300] "GET /cormun/servlet/licenciaspermisos?INS,0,,, HTTP/1.1" 200 7479
192.168.10.56 - - [08/Mar/2018:08:29:17 -0300] "POST /cormun/servlet/trsolicitudgral?1edc0c2f41647112f1c97e714ddd0447,,gx-no-cache=1520508396359 HTTP/1.1" 200 8071
186.103.159.230 - - [08/Mar/2018:08:29:21 -0300] "POST /cormun/servlet/solicitudot?845388206277aec3255f14687d736655,INS,0,0,,gx-no-cache=1520508508829 HTTP/1.1" 200 93
186.103.159.230 - - [08/Mar/2018:08:29:21 -0300] "GET /cormun/servlet/hpexe_return? HTTP/1.1" 200 1026
186.103.159.230 - - [08/Mar/2018:08:29:21 -0300] "GET /cormun/servlet/trsolicitudot?gx-no-cache=1520508335768 HTTP/1.1" 200 9233
186.103.159.230 - - [08/Mar/2018:08:29:21 -0300] "GET /cormun/servlet/trsolicitudot?gx-no-cache=1520508335768 HTTP/1.1" 200 9252
200.111.191.210 - - [08/Mar/2018:08:29:21 -0300] "GET /cormun/servlet/licenciaspermisos?1f94be57de0168464d8848912cadb091eebeb3be71b904dc6937582c09c1548610df1ab9dc2558a7b6c02763a38b7dcc,gx-no-cache=1520508513141 HTTP/1.1" 200 90
200.111.191.210 - - [08/Mar/2018:08:29:21 -0300] "POST /cormun/servlet/licenciaspermisos?63b333998c2b90a674647e5398530b73,INS,0,,,,gx-no-cache=1520508513188 HTTP/1.1" 200 4666
190.151.100.218 - - [08/Mar/2018:08:29:22 -0300] "GET /cormun/servlet/veautorizarsolicitud?2018,10238,, HTTP/1.1" 200 8612
190.151.100.218 - - [08/Mar/2018:08:29:23 -0300] "GET /cormun/pexe_scrolldiv.js HTTP/1.1" 404 1009
190.151.100.218 - - [08/Mar/2018:08:29:23 -0300] "GET /cormun/pexe_scrolldiv.js HTTP/1.1" 404 1009
190.151.100.218 - - [08/Mar/2018:08:29:25 -0300] "GET /cormun/servlet/veautorizarsolicitud?2018,10238,, HTTP/1.1" 200 8610
192.168.10.56 - - [08/Mar/2018:08:29:43 -0300] "POST /cormun/servlet/trsolicitudgral?1edc0c2f41647112f1c97e714ddd0447,,gx-no-cache=1520508421883 HTTP/1.1" 200 115
192.168.10.56 - - [08/Mar/2018:08:29:43 -0300] "GET /cormun/servlet/solicitudotlog?INS,2018,9308,0,REC, HTTP/1.1" 200 6288
192.168.10.56 - - [08/Mar/2018:08:29:43 -0300] "GET /cormun/static/gxcfg.js?2017761245646 HTTP/1.1" 304 -
192.168.10.56 - - [08/Mar/2018:08:29:43 -0300] "GET /cormun/servlet/solicitudotlog?INS,2018,9308,0,REC, HTTP/1.1" 200 6289
192.168.10.56 - - [08/Mar/2018:08:29:44 -0300] "GET /cormun/servlet/solicitudotlog?f967f2bdb1d01e314dceabaf1d2267b40ad4d573d37cd18f432850f760cb315546ba06e387c1e37c977adfb9cbff2936deec198b57fbb33420c4e847c48435381849b3515fecc641fa5aa9c793d3d1b95046f97360635c6566cf37d123e9d09ef0dca639916250711f75344eac82ac0cf5fdf9af7713998578fbad9e03b0ffa65bbd3c128b563b049b449f9ee4212a6e21e3e795ec2600a36defc33c0e80441d,gx-no-cache=1520508422926 HTTP/1.1" 200 94
186.103.159.230 - - [08/Mar/2018:08:29:50 -0300] "POST /cormun/servlet/trsolicitudot?845388206277aec3255f14687d736655,gx-no-cache=1520508335768,gx-no-cache=1520508539055 HTTP/1.1" 200 5895
186.103.159.230 - - [08/Mar/2018:08:29:51 -0300] "GET /cormun/static/Shared/jqueryui/images/ui-bg_highlight-soft_100_c6c2c8_1x100.png HTTP/1.1" 404 1117
186.103.159.230 - - [08/Mar/2018:08:29:51 -0300] "GET /cormun/static/Shared/jqueryui/images/ui-icons_82798d_256x240.png HTTP/1.1" 404 1089
186.103.159.230 - - [08/Mar/2018:08:29:51 -0300] "GET /cormun/static/Shared/jqueryui/images/ui-bg_flat_55_fafafa_40x100.png HTTP/1.1" 404 1097
186.103.159.230 - - [08/Mar/2018:08:29:51 -0300] "GET /cormun/static/Shared/jqueryui/images/ui-icons_8d78a5_256x240.png HTTP/1.1" 404 1089
186.103.159.230 - - [08/Mar/2018:08:29:51 -0300] "POST /cormun/servlet/trsolicitudot?845388206277aec3255f14687d736655,gx-no-cache=1520508335768,gx-no-cache=1520508539421 HTTP/1.1" 200 5838
186.103.159.230 - - [08/Mar/2018:08:29:55 -0300] "GET /cormun/servlet/trautorizarsolicitud? HTTP/1.1" 200 8894
186.103.159.230 - - [08/Mar/2018:08:29:56 -0300] "GET /cormun/servlet/trautorizarsolicitud? HTTP/1.1" 200 8871
186.67.203.186 - - [08/Mar/2018:08:30:03 -0300] "GET /cormun/servlet/trautorizarsolicitud? HTTP/1.1" 200 7310
186.67.203.186 - - [08/Mar/2018:08:30:05 -0300] "GET /cormun/servlet/trautorizarsolicitud? HTTP/1.1" 200 7309
192.168.10.56 - - [08/Mar/2018:08:30:08 -0300] "POST /cormun/servlet/solicitudotlog?1edc0c2f41647112f1c97e714ddd0447,INS,2018,9308,0,REC,,gx-no-cache=1520508446532 HTTP/1.1" 200 93
192.168.10.56 - - [08/Mar/2018:08:30:08 -0300] "GET /cormun/servlet/hpexe_return? HTTP/1.1" 200 1023
192.168.10.56 - - [08/Mar/2018:08:30:08 -0300] "GET /cormun/servlet/trsolicitudgral? HTTP/1.1" 200 11112
192.168.10.56 - - [08/Mar/2018:08:30:08 -0300] "GET /cormun/servlet/trsolicitudgral? HTTP/1.1" 200 11107
186.67.203.186 - - [08/Mar/2018:08:30:10 -0300] "GET /cormun/servlet/trsolicitudot? HTTP/1.1" 200 7408
186.67.203.186 - - [08/Mar/2018:08:30:11 -0300] "GET /cormun/servlet/trsolicitudot? HTTP/1.1" 200 7407
186.67.203.186 - - [08/Mar/2018:08:30:15 -0300] "GET /cormun/servlet/solicitudot?INS,0,0, HTTP/1.1" 200 13647
192.168.10.56 - - [08/Mar/2018:08:30:16 -0300] "GET /cormun/servlet/hlogin HTTP/1.1" 200 1738
186.67.203.186 - - [08/Mar/2018:08:30:17 -0300] "GET /cormun/servlet/solicitudot?INS,0,0, HTTP/1.1" 200 13652
200.54.18.125 - - [08/Mar/2018:08:30:20 -0300] "GET /cormun/servlet/hlogin HTTP/1.1" 200 1722
200.54.18.125 - - [08/Mar/2018:08:30:20 -0300] "GET /cormun/static/gxcfg.js?20175251213516 HTTP/1.1" 304 -
200.54.18.125 - - [08/Mar/2018:08:30:20 -0300] "GET /cormun/static/messages.spa.js?85251 HTTP/1.1" 304 -
200.54.18.125 - - [08/Mar/2018:08:30:20 -0300] "GET /cormun/servlet/hlogin HTTP/1.1" 200 1732
200.72.197.82 - - [08/Mar/2018:08:30:24 -0300] "GET /cormun/servlet/prfichaempleado?,MD,,gxPopupLevel%3D0%3B HTTP/1.1" 200 9350
200.54.18.125 - - [08/Mar/2018:08:30:25 -0300] "POST /cormun/servlet/hlogin?243393d16b6b2c6cda86f5ac83729157,gx-no-cache=1520508572469 HTTP/1.1" 200 90
200.54.18.125 - - [08/Mar/2018:08:30:25 -0300] "GET /cormun/servlet/hpexe_link HTTP/1.1" 200 952
200.54.18.125 - - [08/Mar/2018:08:30:25 -0300] "GET /cormun/static/gxcfg.js?20177612121792 HTTP/1.1" 304 -
200.54.18.125 - - [08/Mar/2018:08:30:25 -0300] "GET /cormun/servlet/hhome HTTP/1.1" 200 4195
200.54.18.125 - - [08/Mar/2018:08:30:25 -0300] "GET /cormun/static/gxcfg.js?20175251212442 HTTP/1.1" 304 -
200.54.18.125 - - [08/Mar/2018:08:30:25 -0300] "GET /cormun/servlet/hhome HTTP/1.1" 200 4191
200.111.191.210 - - [08/Mar/2018:08:30:40 -0300] "GET /cormun/servlet/licenciaspermisos?1f94be57de0168464d8848912cadb091184f9b07a5c862b0ec985c1193f86beccffedfd9c06f62eae7677a28e52c0bab17e9dab200e1284a5ef5ab9ec8037e34cf3bbb0f71e9917b695352cf4e11cc6831a6e1ff0c75839a9b131563d4cb36385f228ad1a6b18ce64bb0e92df24acee3550c58b2c59df008d563fb3d4f98b1e5b47094eb6ef80c0e773d07d556214a7d780d669205e1c6509d662162e0c1318cfac66195f36aee34c2a807b8e313b296,gx-no-cache=1520508589039 HTTP/1.1" 200 30
200.111.191.210 - - [08/Mar/2018:08:30:40 -0300] "GET /cormun/servlet/licenciaspermisos?1f94be57de0168464d8848912cadb0918c8b494aa9a5953f7d2eadd1f5ea3c3a88514b7258f884afe0e643baccdd67c3b25ca305df5d9e4cfe35c1f4183f13631d6d9534fd384f6c9c2e1fa034409051c8a96b36f27a9061ca1a93ce31e2c1563ee62db8e2918b8858521ab90e1fbd129afe76652111f679374a4e8285c364c9c5d88d5af3bc4fe956727edfdfabfd6af72884ca78e538b360391b754250dec7687aea327792295bfef7990833bff77b,gx-no-cache=1520508592144 HTTP/1.1" 200 29
200.111.191.210 - - [08/Mar/2018:08:30:41 -0300] "POST /cormun/servlet/licenciaspermisos?63b333998c2b90a674647e5398530b73,INS,0,,,,gx-no-cache=1520508592203 HTTP/1.1" 200 93
200.72.197.82 - - [08/Mar/2018:08:30:41 -0300] "POST /cormun/servlet/prfichaempleado?120b84bab58a2793e0967c197fc729b7,,MD,,gxPopupLevel%3D0%3B,gx-no-cache=1520508590751 HTTP/1.1" 200 3489
200.111.191.210 - - [08/Mar/2018:08:30:41 -0300] "GET /cormun/servlet/hpexe_return? HTTP/1.1" 200 1004
200.111.191.210 - - [08/Mar/2018:08:30:41 -0300] "GET /cormun/servlet/trlicencias HTTP/1.1" 200 9429
200.111.191.210 - - [08/Mar/2018:08:30:41 -0300] "GET /cormun/servlet/trlicencias HTTP/1.1" 200 9424
200.72.197.82 - - [08/Mar/2018:08:30:48 -0300] "POST /cormun/servlet/solicitudot?gx-no-cache=1520508597789 HTTP/1.1" 200 3398
200.111.191.210 - - [08/Mar/2018:08:30:48 -0300] "GET /cormun/servlet/alicenciaprn?11287416,L,20180308000000,PU HTTP/1.1" 200 1530
200.72.197.82 - - [08/Mar/2018:08:30:48 -0300] "POST /cormun/servlet/solicitudot?120b84bab58a2793e0967c197fc729b7,INS,0,0,,gx-no-cache=1520508598179 HTTP/1.1" 200 10556
200.72.197.82 - - [08/Mar/2018:08:30:49 -0300] "GET /cormun/servlet/solicitudot?9c0cbaad7322b922316022439fca90dcb95e3719da95110bd0ae69ed3f1b224739565081febf462d9e4fab72af9bdfa0,gx-no-cache=1520508598846 HTTP/1.1" 200 30
186.103.159.230 - - [08/Mar/2018:08:30:52 -0300] "POST /cormun/servlet/trautorizarsolicitud?845388206277aec3255f14687d736655,,gx-no-cache=1520508600796 HTTP/1.1" 200 116
186.103.159.230 - - [08/Mar/2018:08:30:52 -0300] "GET /cormun/servlet/solicitudotlog?INS,2018,10239,0,ANU, HTTP/1.1" 200 5956
186.103.159.230 - - [08/Mar/2018:08:30:53 -0300] "GET /cormun/static/gxcfg.js?2017761245646 HTTP/1.1" 200 953
186.103.159.230 - - [08/Mar/2018:08:30:53 -0300] "GET /cormun/static/solicitudotlog.js?2017761245655 HTTP/1.1" 200 8934
186.103.159.230 - - [08/Mar/2018:08:30:53 -0300] "GET /cormun/servlet/solicitudotlog?INS,2018,10239,0,ANU, HTTP/1.1" 200 5956
186.103.159.230 - - [08/Mar/2018:08:30:53 -0300] "GET /cormun/servlet/solicitudotlog?702cc7ddf33c97fe275162c9f2334eb09c60dbdd90e14971c5fd1ccee00fb486a8335e9f56faf9dd5b027ffce83082eac5b1070af7ef13802300ac7faed3d8a0f83ddcd12547552ed7ab284f78e306981444cca51b3b142f171fcc248bbcf90f7be708395121e81ded2969d56d3ee426ba508801aafb06b0c50d9a67a85de39e309ae2c99de6179df3da2366aea7cac020942a64b8d1385f7d9a1f76d85ae3ef,gx-no-cache=1520508602287 HTTP/1.1" 200 94
200.72.197.82 - - [08/Mar/2018:08:30:56 -0300] "GET /cormun/servlet/solicitudot?9c0cbaad7322b922316022439fca90dc01c36feb8caa19604ad4ffdd8b8014447ba857fff88253a8d8c62455606d88177deb51be880e733228d130830e10674b,gx-no-cache=1520508605977 HTTP/1.1" 200 30
200.72.197.82 - - [08/Mar/2018:08:30:56 -0300] "GET /cormun/servlet/solicitudot?9c0cbaad7322b922316022439fca90dc85423453a651fb06d46aa07464da03a2,gx-no-cache=1520508606107 HTTP/1.1" 200 53
200.72.197.82 - - [08/Mar/2018:08:30:56 -0300] "POST /cormun/servlet/solicitudot?gx-no-cache=1520508606330 HTTP/1.1" 200 255
200.72.197.82 - - [08/Mar/2018:08:30:56 -0300] "GET /cormun/servlet/solicitudot?9c0cbaad7322b922316022439fca90dcd21d0b0594d4da52149161ad8f25089268e03e75dc2d201a82b182947208fcf4e28e59b6c19be28660aeff88c449a6168e5092bd37455936e5b7f2aefe4888c99ef9953ab9ff18ce1629f376d299619a2bdd905ad72ab340f1c75faee9921ba88777c3faa7cd6817715f523d81271e6a93d8b529ee825a8a8e5cd69cb9253fcecb2ce4a6a18addc585c8e7ba1ed75bcf969d3157f1789f8faf0aab45f10f159d9437f744bfd85271ae98e4f4dd822ab2105203ce9ff4780c7e6e80ec97cacfd2146d07be2ecfe8ee0f5bef68b2217bc9b1f4e0426b35bf74347bfff8e9b0369d8f5a093cbd6e67f3169374be2b0bc88ed6973fd5c67bb7b07b2188f8fc71a3bbafda3277af7cb4b1d4739a2ec9e56765993b0955220bf9b123bfaf4fff725509eff8d1f0ccc21013c5b440bd9d728bacf1d0dcbe7a38b881b31623bf2149ddf395ef7185d404782debbbbc3dce1a6c49b2722ec1930cdec3745bc9964ee0ecab31fbb6f041afc54fcb2eb467bc81ca17,gx-no-cache=1520508606539 HTTP/1.1" 200 30
200.72.197.82 - - [08/Mar/2018:08:30:59 -0300] "POST /cormun/servlet/solicitudot?gx-no-cache=1520508608925 HTTP/1.1" 200 30
200.72.197.82 - - [08/Mar/2018:08:31:01 -0300] "GET /cormun/servlet/prcontratosol?17909060,,,,,MD,,gxPopupLevel%3D0%3B HTTP/1.1" 200 8012
186.103.157.42 - - [08/Mar/2018:08:31:04 -0300] "GET /cormun/servlet/hlogin HTTP/1.1" 200 1724
186.103.157.42 - - [08/Mar/2018:08:31:04 -0300] "GET /cormun/static/gxcfg.js?20175251213516 HTTP/1.1" 304 -
186.103.157.42 - - [08/Mar/2018:08:31:04 -0300] "GET /cormun/static/gxtimezone.js?85251 HTTP/1.1" 304 -
186.103.157.42 - - [08/Mar/2018:08:31:04 -0300] "GET /cormun/static/messages.spa.js?85251 HTTP/1.1" 304 -
186.103.157.42 - - [08/Mar/2018:08:31:04 -0300] "GET /cormun/servlet/hlogin HTTP/1.1" 200 1730
186.103.159.230 - - [08/Mar/2018:08:31:07 -0300] "POST /cormun/servlet/solicitudotlog?845388206277aec3255f14687d736655,INS,2018,10239,0,ANU,,gx-no-cache=1520508615221 HTTP/1.1" 200 93
186.103.159.230 - - [08/Mar/2018:08:31:07 -0300] "GET /cormun/servlet/hpexe_return? HTTP/1.1" 200 1026
186.103.159.230 - - [08/Mar/2018:08:31:07 -0300] "GET /cormun/servlet/trautorizarsolicitud HTTP/1.1" 200 8589
186.103.159.230 - - [08/Mar/2018:08:31:08 -0300] "GET /cormun/servlet/trautorizarsolicitud HTTP/1.1" 200 8585
200.72.197.82 - - [08/Mar/2018:08:31:09 -0300] "POST /cormun/servlet/solicitudot?gx-no-cache=1520508619524 HTTP/1.1" 200 1337
200.72.197.82 - - [08/Mar/2018:08:31:09 -0300] "POST /cormun/servlet/solicitudot?gx-no-cache=1520508619720 HTTP/1.1" 200 38
200.72.197.82 - - [08/Mar/2018:08:31:10 -0300] "GET /cormun/servlet/solicitudot?9c0cbaad7322b922316022439fca90dc344faa7156c44366034964f1a0348cdb782b0523fd51f309a9ab6c8207464bad1deba2c0e09b9af0296d17c0e64bfdf33545d69fcd79617b0aeba88c8deb428c9dd09c7789a8361ab6629119cbfee44098b133d53b5bbd50f8123faa81ac24846f5257b634b6a2ee8cde8a21c07e69d5d03b16b9282f4083d062cfb6e55adb89453e8b02823eaad18124a8d96f08d8b1,gx-no-cache=1520508619869 HTTP/1.1" 200 29
200.72.197.82 - - [08/Mar/2018:08:31:10 -0300] "POST /cormun/servlet/solicitudot?gx-no-cache=1520508619989 HTTP/1.1" 200 1319
200.72.197.82 - - [08/Mar/2018:08:31:10 -0300] "POST /cormun/servlet/solicitudot?gx-no-cache=1520508620161 HTTP/1.1" 200 1219
200.72.197.82 - - [08/Mar/2018:08:31:10 -0300] "GET /cormun/servlet/solicitudot?9c0cbaad7322b922316022439fca90dc636519d399cfa1dd5b434e5ee903947daf2a7f0d36ae7e095d30cd89bd472d92,gx-no-cache=1520508620303 HTTP/1.1" 200 30
186.103.157.42 - - [08/Mar/2018:08:31:15 -0300] "POST /cormun/servlet/hlogin?9e2c064c37a1caf7e7fdb37114ecdf16,gx-no-cache=1520508631376 HTTP/1.1" 200 90
186.103.157.42 - - [08/Mar/2018:08:31:15 -0300] "GET /cormun/servlet/hpexe_link HTTP/1.1" 200 951
186.103.157.42 - - [08/Mar/2018:08:31:15 -0300] "GET /cormun/static/gxcfg.js?20177612121792 HTTP/1.1" 304 -
186.103.157.42 - - [08/Mar/2018:08:31:15 -0300] "GET /cormun/servlet/hhome HTTP/1.1" 200 4256
186.103.157.42 - - [08/Mar/2018:08:31:16 -0300] "GET /cormun/static/gxcfg.js?20175251212442 HTTP/1.1" 304 -
186.103.157.42 - - [08/Mar/2018:08:31:16 -0300] "GET /cormun/static/PXToolsJavascripts/pexe_grid.js HTTP/1.1" 200 7559
192.168.10.61 - - [08/Mar/2018:08:31:16 -0300] "POST /cormun/servlet/trsolicitudgral?5a9813cc1eb98f2ec6306b5a7c04d01f,,gx-no-cache=1520508514723 HTTP/1.1" 200 5843
