186.103.157.246 - - [08/Mar/2018:13:35:14 -0300] "GET /cormun/static/Resources/PXToolsHeaderActionsRight.png HTTP/1.1" 304 -
186.103.157.246 - - [08/Mar/2018:13:35:14 -0300] "GET /cormun/static/Resources/PXToolsDataTitle.png HTTP/1.1" 304 -
186.103.157.246 - - [08/Mar/2018:13:35:14 -0300] "GET /cormun/static/Shared/jqueryui/jquery-ui.min.js HTTP/1.1" 304 -
186.103.157.246 - - [08/Mar/2018:13:35:14 -0300] "GET /cormun/static/Resources/PXToolsHeaderBackground2.png HTTP/1.1" 304 -
186.103.157.246 - - [08/Mar/2018:13:35:14 -0300] "GET /cormun/static/SmoothNavMenu/resources/images/down.gif HTTP/1.1" 304 -
186.103.159.204 - - [08/Mar/2018:13:35:17 -0300] "GET /cormun/servlet/vesolicitudot?2018,9403,, HTTP/1.1" 200 8472
186.103.157.246 - - [08/Mar/2018:13:35:17 -0300] "GET /cormun/servlet/trsolicitudot? HTTP/1.1" 200 8911
186.103.157.246 - - [08/Mar/2018:13:35:17 -0300] "GET /cormun/static/Shared/ext/resources/css/ext-all.css?215870 HTTP/1.1" 304 -
186.103.157.246 - - [08/Mar/2018:13:35:18 -0300] "GET /cormun/static/gxui/gxui-all.css?120300 HTTP/1.1" 304 -
186.103.157.246 - - [08/Mar/2018:13:35:18 -0300] "GET /cormun/static/Resources/Spanish/PXTools.css?1255365 HTTP/1.1" 304 -
186.103.157.246 - - [08/Mar/2018:13:35:18 -0300] "GET /cormun/static/calendar-system.css?85620 HTTP/1.1" 304 -
186.103.157.246 - - [08/Mar/2018:13:35:18 -0300] "GET /cormun/static/gxcfg.js?2017111422585916 HTTP/1.1" 304 -
186.103.157.246 - - [08/Mar/2018:13:35:18 -0300] "GET /cormun/static/calendar.js?85251 HTTP/1.1" 304 -
186.103.157.246 - - [08/Mar/2018:13:35:18 -0300] "GET /cormun/static/calendar-setup.js?85251 HTTP/1.1" 304 -
186.103.157.246 - - [08/Mar/2018:13:35:18 -0300] "GET /cormun/static/calendar-es.js?85251 HTTP/1.1" 304 -
186.103.159.204 - - [08/Mar/2018:13:35:18 -0300] "GET /cormun/pexe_scrolldiv.js HTTP/1.1" 404 1009
186.103.157.246 - - [08/Mar/2018:13:35:18 -0300] "GET /cormun/static/Resources/PXTools/calendar.png HTTP/1.1" 304 -
186.103.157.246 - - [08/Mar/2018:13:35:18 -0300] "GET /cormun/static/Resources/PXToolsGridFirstDisabled.gif HTTP/1.1" 304 -
186.103.157.246 - - [08/Mar/2018:13:35:18 -0300] "GET /cormun/static/Resources/PXToolsGridNextDisabled.gif HTTP/1.1" 304 -
186.103.157.246 - - [08/Mar/2018:13:35:18 -0300] "GET /cormun/static/Resources/PXToolsGridLastDisabled.gif HTTP/1.1" 304 -
186.103.157.246 - - [08/Mar/2018:13:35:18 -0300] "GET /cormun/static/Resources/PXToolsDataSearch.png HTTP/1.1" 304 -
186.103.157.246 - - [08/Mar/2018:13:35:18 -0300] "GET /cormun/static/Resources/PXToolsGridPreviousDisabled.gif HTTP/1.1" 304 -
186.103.157.246 - - [08/Mar/2018:13:35:18 -0300] "GET /cormun/static/Resources/PXToolsActionExcel.png HTTP/1.1" 304 -
186.103.157.246 - - [08/Mar/2018:13:35:18 -0300] "GET /cormun/static/Resources/PXToolsGridPage.gif HTTP/1.1" 304 -
186.103.157.246 - - [08/Mar/2018:13:35:18 -0300] "GET /cormun/static/gxdec.js?85251 HTTP/1.1" 304 -
186.103.157.246 - - [08/Mar/2018:13:35:18 -0300] "GET /cormun/static/trsolicitudot.js?201711142259839 HTTP/1.1" 304 -
186.103.157.246 - - [08/Mar/2018:13:35:18 -0300] "GET /cormun/static/Resources/PXToolsGridNew.png HTTP/1.1" 304 -
186.103.159.204 - - [08/Mar/2018:13:35:18 -0300] "GET /cormun/servlet/vesolicitudot?2018,9403,, HTTP/1.1" 200 8471
186.103.157.246 - - [08/Mar/2018:13:35:18 -0300] "GET /cormun/static/Resources/asc.gif HTTP/1.1" 304 -
186.103.157.246 - - [08/Mar/2018:13:35:18 -0300] "GET /cormun/static/Resources/desc.gif HTTP/1.1" 304 -
186.103.157.246 - - [08/Mar/2018:13:35:18 -0300] "GET /cormun//static/Resources/PXToolsGridUpdate.png HTTP/1.1" 304 -
186.103.157.246 - - [08/Mar/2018:13:35:18 -0300] "GET /cormun//static/Resources/PXToolsGridDelete.png HTTP/1.1" 304 -
186.103.157.246 - - [08/Mar/2018:13:35:18 -0300] "GET /cormun//static/Resources/PXToolsRemoveAllAction.png HTTP/1.1" 304 -
186.103.157.246 - - [08/Mar/2018:13:35:18 -0300] "GET /cormun//static/Resources/PXToolsActionView.png HTTP/1.1" 304 -
186.103.157.246 - - [08/Mar/2018:13:35:18 -0300] "GET /cormun//static/Resources/PXTools/ActionInsert.png HTTP/1.1" 304 -
186.103.157.246 - - [08/Mar/2018:13:35:18 -0300] "GET /cormun/static/Shared/ext/resources/themes/images/default/tools/tool-sprites.gif HTTP/1.1" 304 -
186.103.157.246 - - [08/Mar/2018:13:35:18 -0300] "GET /cormun/static/Shared/ext/resources/themes/images/default/tip/tip-corners.gif HTTP/1.1" 304 -
186.103.157.246 - - [08/Mar/2018:13:35:18 -0300] "GET /cormun/static/Shared/ext/resources/themes/images/default/tip/tip-sides.gif HTTP/1.1" 304 -
186.103.159.204 - - [08/Mar/2018:13:35:22 -0300] "GET /cormun/servlet/trsolicitudot? HTTP/1.1" 200 8674
186.103.159.204 - - [08/Mar/2018:13:35:23 -0300] "GET /cormun/servlet/trsolicitudot? HTTP/1.1" 200 8672
186.103.157.246 - - [08/Mar/2018:13:35:26 -0300] "POST /cormun/servlet/trsolicitudot?e110f30467ca5b37b4d82e75b90b3ade,,gx-no-cache=1520526876228 HTTP/1.1" 200 107
186.103.157.246 - - [08/Mar/2018:13:35:26 -0300] "GET /cormun/servlet/trsolicitudadjuntos?2018,10286, HTTP/1.1" 200 8360
186.103.157.246 - - [08/Mar/2018:13:35:26 -0300] "GET /cormun/static/Shared/ext/resources/css/ext-all.css?205870 HTTP/1.1" 304 -
186.103.157.246 - - [08/Mar/2018:13:35:26 -0300] "GET /cormun/static/gxui/gxui-all.css?110300 HTTP/1.1" 304 -
186.103.157.246 - - [08/Mar/2018:13:35:26 -0300] "GET /cormun/static/calendar-system.css?75620 HTTP/1.1" 304 -
186.103.157.246 - - [08/Mar/2018:13:35:26 -0300] "GET /cormun/static/gxcfg.js?20177612135366 HTTP/1.1" 304 -
186.103.157.246 - - [08/Mar/2018:13:35:27 -0300] "GET /cormun/static/trsolicitudadjuntos.js?20177612135632 HTTP/1.1" 304 -
186.103.157.246 - - [08/Mar/2018:13:35:27 -0300] "GET /cormun/static/Shared/ext/resources/themes/images/default/panel/bg-headersPanel.png HTTP/1.1" 304 -
186.103.157.246 - - [08/Mar/2018:13:35:30 -0300] "GET /cormun/servlet/solicitudotadjuntos?INS,2018,10286,,1, HTTP/1.1" 200 5916
186.103.157.246 - - [08/Mar/2018:13:35:30 -0300] "GET /cormun/static/gxcfg.js?2017761244068 HTTP/1.1" 304 -
186.103.157.246 - - [08/Mar/2018:13:35:30 -0300] "GET /cormun/static/about:blank HTTP/1.1" 404 1011
186.103.157.246 - - [08/Mar/2018:13:35:30 -0300] "GET /cormun/static/about:blank HTTP/1.1" 404 1011
192.168.10.143 - - [08/Mar/2018:13:35:31 -0300] "GET /cormun/servlet/trsolicitudot? HTTP/1.1" 200 8159
186.103.157.246 - - [08/Mar/2018:13:35:31 -0300] "GET /cormun/static/solicitudotadjuntos.js?2017761244086 HTTP/1.1" 304 -
192.168.10.143 - - [08/Mar/2018:13:35:31 -0300] "GET /cormun/servlet/trsolicitudot? HTTP/1.1" 200 8160
186.103.157.246 - - [08/Mar/2018:13:35:32 -0300] "GET /cormun/servlet/solicitudotadjuntos?d84c13d4c69c4f46e7f82db9b7f046c08e508cfaf2d30b3ed106630f366788b973fc95c502732962217cc43ab0f9fdf5,gx-no-cache=1520526881563 HTTP/1.1" 200 30
186.103.157.246 - - [08/Mar/2018:13:35:32 -0300] "POST /cormun/servlet/solicitudotadjuntos?e110f30467ca5b37b4d82e75b90b3ade,INS,2018,10286,,1,,gx-no-cache=1520526881938 HTTP/1.1" 200 3779
186.103.159.204 - - [08/Mar/2018:13:35:33 -0300] "GET /cormun/servlet/trsolicitudot? HTTP/1.1" 200 8672
186.103.159.204 - - [08/Mar/2018:13:35:34 -0300] "GET /cormun/servlet/trsolicitudot? HTTP/1.1" 200 8672
186.103.157.246 - - [08/Mar/2018:13:35:36 -0300] "POST /cormun/servlet/solicitudotadjuntos?gx-no-cache=1520526885771 HTTP/1.1" 200 26
192.168.10.143 - - [08/Mar/2018:13:35:37 -0300] "POST /cormun/servlet/trsolicitudot?66dbeac0f3783ca69154b6847cbc70fe,,gx-no-cache=1520526880523 HTTP/1.1" 200 8994
192.168.10.143 - - [08/Mar/2018:13:35:37 -0300] "GET /cormun//static/Resources/PXToolsActionView.png HTTP/1.1" 200 2995
192.168.10.143 - - [08/Mar/2018:13:35:37 -0300] "GET /cormun//static/Resources/PXToolsRemoveAllAction.png HTTP/1.1" 200 3558
192.168.10.143 - - [08/Mar/2018:13:35:39 -0300] "POST /cormun/servlet/trsolicitudot?66dbeac0f3783ca69154b6847cbc70fe,,gx-no-cache=1520526882224 HTTP/1.1" 200 9011
192.168.10.143 - - [08/Mar/2018:13:35:39 -0300] "GET /cormun/static/Shared/jqueryui/images/ui-bg_highlight-soft_100_c6c2c8_1x100.png HTTP/1.1" 404 1117
192.168.10.143 - - [08/Mar/2018:13:35:39 -0300] "GET /cormun/static/Shared/jqueryui/images/ui-icons_82798d_256x240.png HTTP/1.1" 404 1089
192.168.10.143 - - [08/Mar/2018:13:35:39 -0300] "GET /cormun/static/Shared/jqueryui/images/ui-bg_flat_55_fafafa_40x100.png HTTP/1.1" 404 1097
192.168.10.143 - - [08/Mar/2018:13:35:39 -0300] "GET /cormun/static/Shared/jqueryui/images/ui-icons_8d78a5_256x240.png HTTP/1.1" 404 1089
192.168.10.143 - - [08/Mar/2018:13:35:42 -0300] "POST /cormun/servlet/trsolicitudot?66dbeac0f3783ca69154b6847cbc70fe,,gx-no-cache=1520526885562 HTTP/1.1" 200 106
192.168.10.143 - - [08/Mar/2018:13:35:43 -0300] "GET /cormun/servlet/trsolicitudadjuntos?2017,7355, HTTP/1.1" 200 10504
192.168.10.143 - - [08/Mar/2018:13:35:43 -0300] "GET /cormun/static/gxcfg.js?20177612135366 HTTP/1.1" 200 953
192.168.10.143 - - [08/Mar/2018:13:35:43 -0300] "GET /cormun/static/calendar-system.css?75620 HTTP/1.1" 200 5572
192.168.10.143 - - [08/Mar/2018:13:35:43 -0300] "GET /cormun/static/trsolicitudadjuntos.js?20177612135632 HTTP/1.1" 200 17922
192.168.10.143 - - [08/Mar/2018:13:35:44 -0300] "GET /cormun/servlet/trsolicitudadjuntos?2017,7355, HTTP/1.1" 200 10508
186.103.159.204 - - [08/Mar/2018:13:35:44 -0300] "GET /cormun/servlet/vesolicitudot?2018,9403,, HTTP/1.1" 200 8472
186.103.159.204 - - [08/Mar/2018:13:35:44 -0300] "GET /cormun/pexe_scrolldiv.js HTTP/1.1" 404 1009
186.103.159.204 - - [08/Mar/2018:13:35:45 -0300] "GET /cormun/servlet/vesolicitudot?2018,9403,, HTTP/1.1" 200 8471
192.168.10.143 - - [08/Mar/2018:13:35:47 -0300] "GET /cormun/servlet/solicitudotadjuntos?INS,2017,7355,,1, HTTP/1.1" 200 6981
192.168.10.143 - - [08/Mar/2018:13:35:47 -0300] "GET /cormun/static/gxcfg.js?2017761244068 HTTP/1.1" 200 953
192.168.10.143 - - [08/Mar/2018:13:35:47 -0300] "GET /cormun/static/solicitudotadjuntos.js?2017761244086 HTTP/1.1" 200 11771
192.168.10.143 - - [08/Mar/2018:13:35:48 -0300] "GET /cormun/static/about:blank HTTP/1.1" 404 1011
192.168.10.143 - - [08/Mar/2018:13:35:48 -0300] "GET /cormun/servlet/solicitudotadjuntos?INS,2017,7355,,1, HTTP/1.1" 200 6975
186.103.159.204 - - [08/Mar/2018:13:35:48 -0300] "GET /cormun/servlet/trsolicitudot? HTTP/1.1" 200 8672
192.168.10.143 - - [08/Mar/2018:13:35:48 -0300] "GET /cormun/servlet/solicitudotadjuntos?6319e6bc10469b8f5695ac67d6e6767b8cbcc47b37a5a3eea8961d9a13a017585fb749391135b81d6a8a781c47a6956b,gx-no-cache=1520526891875 HTTP/1.1" 200 30
192.168.10.143 - - [08/Mar/2018:13:35:48 -0300] "POST /cormun/servlet/solicitudotadjuntos?66dbeac0f3783ca69154b6847cbc70fe,INS,2017,7355,,1,,gx-no-cache=1520526891894 HTTP/1.1" 200 4444
186.103.159.204 - - [08/Mar/2018:13:35:48 -0300] "GET /cormun/servlet/trsolicitudot? HTTP/1.1" 200 8672
186.103.157.246 - - [08/Mar/2018:13:35:49 -0300] "GET /cormun/servlet/solicitudotadjuntos?d84c13d4c69c4f46e7f82db9b7f046c0c85b57d956641798b6e1304cc080cd82,gx-no-cache=1520526898666 HTTP/1.1" 200 30
186.103.157.246 - - [08/Mar/2018:13:35:49 -0300] "GET /cormun/servlet/solicitudotadjuntos?d84c13d4c69c4f46e7f82db9b7f046c0c85b57d956641798b6e1304cc080cd82,gx-no-cache=1520526898731 HTTP/1.1" 200 30
186.103.157.246 - - [08/Mar/2018:13:35:51 -0300] "POST /cormun/servlet/solicitudotadjuntos?e110f30467ca5b37b4d82e75b90b3ade,INS,2018,10286,,1, HTTP/1.1" 200 116
186.103.157.246 - - [08/Mar/2018:13:35:51 -0300] "GET /cormun/servlet/hpexe_return? HTTP/1.1" 200 1010
186.103.157.246 - - [08/Mar/2018:13:35:52 -0300] "GET /cormun/static/Resources/Spanish/PXTools.css?167811 HTTP/1.1" 304 -
186.103.157.246 - - [08/Mar/2018:13:35:52 -0300] "GET /cormun/static/gxcfg.js?2016101716175148 HTTP/1.1" 304 -
186.103.159.204 - - [08/Mar/2018:13:35:52 -0300] "GET /cormun/servlet/trsolicitudot? HTTP/1.1" 200 8672
186.103.157.246 - - [08/Mar/2018:13:35:52 -0300] "GET /cormun/static/hpexe_return.js?2016101716175153 HTTP/1.1" 304 -
186.103.157.246 - - [08/Mar/2018:13:35:52 -0300] "GET /cormun/servlet/trsolicitudadjuntos?2018,10286, HTTP/1.1" 200 8588
186.103.159.204 - - [08/Mar/2018:13:35:52 -0300] "GET /cormun/servlet/trsolicitudot? HTTP/1.1" 200 8672
186.103.157.246 - - [08/Mar/2018:13:35:56 -0300] "GET /cormun/servlet/solicitudotadjuntos?INS,2018,10286,,1, HTTP/1.1" 200 5915
186.103.157.246 - - [08/Mar/2018:13:35:56 -0300] "GET /cormun/static/about:blank HTTP/1.1" 404 1011
186.103.157.246 - - [08/Mar/2018:13:35:56 -0300] "GET /cormun/static/about:blank HTTP/1.1" 404 1011
186.103.157.246 - - [08/Mar/2018:13:35:57 -0300] "GET /cormun/servlet/solicitudotadjuntos?d84c13d4c69c4f46e7f82db9b7f046c08e508cfaf2d30b3ed106630f366788b973fc95c502732962217cc43ab0f9fdf5,gx-no-cache=1520526906914 HTTP/1.1" 200 30
192.168.10.143 - - [08/Mar/2018:13:35:57 -0300] "GET /cormun/servlet/trtipocalculo? HTTP/1.1" 200 7252
186.103.157.246 - - [08/Mar/2018:13:35:57 -0300] "POST /cormun/servlet/solicitudotadjuntos?e110f30467ca5b37b4d82e75b90b3ade,INS,2018,10286,,1,,gx-no-cache=1520526907283 HTTP/1.1" 200 3779
192.168.10.143 - - [08/Mar/2018:13:35:58 -0300] "GET /cormun/servlet/trtipocalculo? HTTP/1.1" 200 7234
192.168.10.143 - - [08/Mar/2018:13:36:00 -0300] "GET /cormun/servlet/trtipodocumento?3, HTTP/1.1" 200 7695
192.168.10.143 - - [08/Mar/2018:13:36:01 -0300] "GET /cormun/servlet/trtipodocumento?3, HTTP/1.1" 200 7697
186.103.157.246 - - [08/Mar/2018:13:36:01 -0300] "POST /cormun/servlet/solicitudotadjuntos?gx-no-cache=1520526911116 HTTP/1.1" 200 26
186.103.159.204 - - [08/Mar/2018:13:36:02 -0300] "GET /cormun/servlet/vesolicitudot?2018,9403,, HTTP/1.1" 200 8472
186.103.159.204 - - [08/Mar/2018:13:36:03 -0300] "GET /cormun/pexe_scrolldiv.js HTTP/1.1" 404 1009
186.103.159.204 - - [08/Mar/2018:13:36:03 -0300] "GET /cormun/servlet/vesolicitudot?2018,9403,, HTTP/1.1" 200 8471
192.168.10.143 - - [08/Mar/2018:13:36:05 -0300] "GET /cormun/servlet/tipocalculodocumento?UPD,3,CERTIF2, HTTP/1.1" 200 6776
192.168.10.143 - - [08/Mar/2018:13:36:06 -0300] "GET /cormun/servlet/tipocalculodocumento?UPD,3,CERTIF2, HTTP/1.1" 200 6773
186.103.157.235 - - [08/Mar/2018:13:36:07 -0300] "POST /cormun/servlet/hlogin?d5b2a05b61ea02a6d6eefb099bdb4872,gx-no-cache=1520526916860 HTTP/1.1" 200 90
186.103.159.204 - - [08/Mar/2018:13:36:08 -0300] "GET /cormun/servlet/trsolicitudot? HTTP/1.1" 200 8672
186.103.159.204 - - [08/Mar/2018:13:36:08 -0300] "GET /cormun/servlet/trsolicitudot? HTTP/1.1" 200 8672
186.103.157.246 - - [08/Mar/2018:13:36:09 -0300] "GET /cormun/servlet/solicitudotadjuntos?d84c13d4c69c4f46e7f82db9b7f046c0c85b57d956641798b6e1304cc080cd82,gx-no-cache=1520526918842 HTTP/1.1" 200 30
192.168.10.143 - - [08/Mar/2018:13:36:09 -0300] "POST /cormun/servlet/tipocalculodocumento?66dbeac0f3783ca69154b6847cbc70fe,UPD,3,CERTIF2,,gx-no-cache=1520526913160 HTTP/1.1" 200 93
192.168.10.143 - - [08/Mar/2018:13:36:09 -0300] "GET /cormun/servlet/hpexe_return? HTTP/1.1" 200 1021
186.103.157.246 - - [08/Mar/2018:13:36:09 -0300] "GET /cormun/servlet/solicitudotadjuntos?d84c13d4c69c4f46e7f82db9b7f046c0c85b57d956641798b6e1304cc080cd82,gx-no-cache=1520526919492 HTTP/1.1" 200 30
192.168.10.143 - - [08/Mar/2018:13:36:09 -0300] "GET /cormun/servlet/trtipodocumento?3, HTTP/1.1" 200 7698
192.168.10.143 - - [08/Mar/2018:13:36:10 -0300] "GET /cormun/servlet/trtipodocumento?3, HTTP/1.1" 200 7697
186.103.157.235 - - [08/Mar/2018:13:36:10 -0300] "GET /cormun/servlet/hpexe_link HTTP/1.1" 200 951
186.103.157.235 - - [08/Mar/2018:13:36:11 -0300] "GET /cormun/servlet/hhome HTTP/1.1" 200 4226
186.103.157.235 - - [08/Mar/2018:13:36:11 -0300] "GET /cormun/servlet/hhome HTTP/1.1" 200 4222
186.103.157.246 - - [08/Mar/2018:13:36:12 -0300] "POST /cormun/servlet/solicitudotadjuntos?e110f30467ca5b37b4d82e75b90b3ade,INS,2018,10286,,1, HTTP/1.1" 200 116
186.103.157.246 - - [08/Mar/2018:13:36:12 -0300] "GET /cormun/servlet/hpexe_return? HTTP/1.1" 200 1010
186.103.157.246 - - [08/Mar/2018:13:36:12 -0300] "GET /cormun/servlet/trsolicitudadjuntos?2018,10286, HTTP/1.1" 200 8764
192.168.10.143 - - [08/Mar/2018:13:36:14 -0300] "GET /cormun/servlet/trtipodocumentosadjuntos? HTTP/1.1" 200 8887
192.168.10.143 - - [08/Mar/2018:13:36:15 -0300] "GET /cormun/servlet/trtipodocumentosadjuntos? HTTP/1.1" 200 8883
186.103.157.246 - - [08/Mar/2018:13:36:16 -0300] "GET /cormun/servlet/solicitudotadjuntos?INS,2018,10286,,1, HTTP/1.1" 200 5915
186.103.157.246 - - [08/Mar/2018:13:36:16 -0300] "GET /cormun/static/about:blank HTTP/1.1" 404 1011
186.103.157.246 - - [08/Mar/2018:13:36:16 -0300] "GET /cormun/static/about:blank HTTP/1.1" 404 1011
192.168.10.143 - - [08/Mar/2018:13:36:18 -0300] "GET /cormun/servlet/tipodocumentosadjuntos?UPD,CERTIF8, HTTP/1.1" 200 6294
186.103.157.246 - - [08/Mar/2018:13:36:18 -0300] "GET /cormun/servlet/solicitudotadjuntos?d84c13d4c69c4f46e7f82db9b7f046c08e508cfaf2d30b3ed106630f366788b973fc95c502732962217cc43ab0f9fdf5,gx-no-cache=1520526927569 HTTP/1.1" 200 30
192.168.10.143 - - [08/Mar/2018:13:36:18 -0300] "GET /cormun/servlet/tipodocumentosadjuntos?UPD,CERTIF8, HTTP/1.1" 200 6295
186.103.157.246 - - [08/Mar/2018:13:36:18 -0300] "POST /cormun/servlet/solicitudotadjuntos?e110f30467ca5b37b4d82e75b90b3ade,INS,2018,10286,,1,,gx-no-cache=1520526927924 HTTP/1.1" 200 3779
186.103.159.204 - - [08/Mar/2018:13:36:19 -0300] "GET /cormun/servlet/trsolicitudot? HTTP/1.1" 200 8672
186.103.159.204 - - [08/Mar/2018:13:36:19 -0300] "GET /cormun/servlet/trsolicitudot? HTTP/1.1" 200 8672
186.103.157.246 - - [08/Mar/2018:13:36:22 -0300] "POST /cormun/servlet/solicitudotadjuntos?gx-no-cache=1520526931931 HTTP/1.1" 200 26
186.103.157.246 - - [08/Mar/2018:13:36:27 -0300] "GET /cormun/servlet/solicitudotadjuntos?d84c13d4c69c4f46e7f82db9b7f046c0c85b57d956641798b6e1304cc080cd82,gx-no-cache=1520526937290 HTTP/1.1" 200 30
186.103.157.246 - - [08/Mar/2018:13:36:27 -0300] "GET /cormun/servlet/solicitudotadjuntos?d84c13d4c69c4f46e7f82db9b7f046c0c85b57d956641798b6e1304cc080cd82,gx-no-cache=1520526937339 HTTP/1.1" 200 30
186.103.157.246 - - [08/Mar/2018:13:36:29 -0300] "POST /cormun/servlet/solicitudotadjuntos?e110f30467ca5b37b4d82e75b90b3ade,INS,2018,10286,,1, HTTP/1.1" 200 116
186.103.157.246 - - [08/Mar/2018:13:36:29 -0300] "GET /cormun/servlet/hpexe_return? HTTP/1.1" 200 1010
186.103.157.246 - - [08/Mar/2018:13:36:29 -0300] "GET /cormun/servlet/trsolicitudadjuntos?2018,10286, HTTP/1.1" 200 8901
186.103.159.204 - - [08/Mar/2018:13:36:29 -0300] "POST /cormun/servlet/trsolicitudot?a2cc0ed564e081a15fa12b7790ddefb1,,gx-no-cache=1520526941003 HTTP/1.1" 200 4480
192.168.10.143 - - [08/Mar/2018:13:36:32 -0300] "GET /cormunbeta/servlet/trformatos? HTTP/1.1" 200 7321
192.168.10.143 - - [08/Mar/2018:13:36:32 -0300] "GET /cormunbeta/static/gxcfg.js?201731711513518 HTTP/1.1" 200 953
192.168.10.143 - - [08/Mar/2018:13:36:32 -0300] "GET /cormunbeta/static/Resources/Spanish/PXTools.css?11294912 HTTP/1.1" 200 89042
192.168.10.143 - - [08/Mar/2018:13:36:32 -0300] "GET /cormunbeta/static/trformatos.js?201731711513791 HTTP/1.1" 200 13292
192.168.10.143 - - [08/Mar/2018:13:36:32 -0300] "GET /cormunbeta/servlet/trformatos? HTTP/1.1" 200 7309
186.103.157.246 - - [08/Mar/2018:13:36:33 -0300] "GET /cormun/servlet/solicitudotadjuntos?INS,2018,10286,,1, HTTP/1.1" 200 5915
186.103.157.246 - - [08/Mar/2018:13:36:33 -0300] "GET /cormun/static/about:blank HTTP/1.1" 404 1011
186.103.157.246 - - [08/Mar/2018:13:36:33 -0300] "GET /cormun/static/about:blank HTTP/1.1" 404 1011
186.103.157.246 - - [08/Mar/2018:13:36:35 -0300] "GET /cormun/servlet/solicitudotadjuntos?d84c13d4c69c4f46e7f82db9b7f046c08e508cfaf2d30b3ed106630f366788b973fc95c502732962217cc43ab0f9fdf5,gx-no-cache=1520526944496 HTTP/1.1" 200 30
192.168.10.143 - - [08/Mar/2018:13:36:35 -0300] "GET /cormunbeta/servlet/formatos?DLT,BMP, HTTP/1.1" 200 5974
192.168.10.143 - - [08/Mar/2018:13:36:35 -0300] "GET /cormunbeta/static/gxcfg.js?201752511532447 HTTP/1.1" 200 953
192.168.10.143 - - [08/Mar/2018:13:36:35 -0300] "GET /cormunbeta/static/formatos.js?201752511532464 HTTP/1.1" 200 7022
192.168.10.143 - - [08/Mar/2018:13:36:35 -0300] "GET /cormunbeta/static/Shared/jqueryui/images/ui-bg_highlight-soft_100_c6c2c8_1x100.png HTTP/1.1" 404 1125
192.168.10.143 - - [08/Mar/2018:13:36:35 -0300] "GET /cormunbeta/static/Shared/jqueryui/images/ui-icons_82798d_256x240.png HTTP/1.1" 404 1097
192.168.10.143 - - [08/Mar/2018:13:36:35 -0300] "GET /cormunbeta/static/Shared/jqueryui/images/ui-bg_flat_55_fafafa_40x100.png HTTP/1.1" 404 1105
192.168.10.143 - - [08/Mar/2018:13:36:35 -0300] "GET /cormunbeta/static/Shared/jqueryui/images/ui-icons_8d78a5_256x240.png HTTP/1.1" 404 1097
192.168.10.143 - - [08/Mar/2018:13:36:35 -0300] "GET /cormunbeta/servlet/formatos?DLT,BMP, HTTP/1.1" 200 5972
186.103.157.246 - - [08/Mar/2018:13:36:35 -0300] "POST /cormun/servlet/solicitudotadjuntos?e110f30467ca5b37b4d82e75b90b3ade,INS,2018,10286,,1,,gx-no-cache=1520526944871 HTTP/1.1" 200 3779
192.168.10.143 - - [08/Mar/2018:13:36:36 -0300] "POST /cormunbeta/servlet/formatos?2374615e69da3bec50844c6bc3469c23,DLT,BMP,,gx-no-cache=1520526939818 HTTP/1.1" 200 93
192.168.10.143 - - [08/Mar/2018:13:36:36 -0300] "GET /cormunbeta/servlet/hpexe_return? HTTP/1.1" 200 1004
192.168.10.143 - - [08/Mar/2018:13:36:36 -0300] "GET /cormunbeta/servlet/trformatos HTTP/1.1" 200 7269
192.168.10.143 - - [08/Mar/2018:13:36:37 -0300] "GET /cormunbeta/servlet/trformatos HTTP/1.1" 200 7264
192.168.10.143 - - [08/Mar/2018:13:36:40 -0300] "GET /cormunbeta/servlet/formatos?DLT,JPEG, HTTP/1.1" 200 5975
186.103.157.246 - - [08/Mar/2018:13:36:40 -0300] "POST /cormun/servlet/solicitudotadjuntos?gx-no-cache=1520526949771 HTTP/1.1" 200 26
192.168.10.143 - - [08/Mar/2018:13:36:40 -0300] "GET /cormunbeta/static/Shared/jqueryui/images/ui-bg_highlight-soft_100_c6c2c8_1x100.png HTTP/1.1" 404 1125
192.168.10.143 - - [08/Mar/2018:13:36:40 -0300] "GET /cormunbeta/static/Shared/jqueryui/images/ui-icons_82798d_256x240.png HTTP/1.1" 404 1097
192.168.10.143 - - [08/Mar/2018:13:36:40 -0300] "GET /cormunbeta/static/Shared/jqueryui/images/ui-bg_flat_55_fafafa_40x100.png HTTP/1.1" 404 1105
192.168.10.143 - - [08/Mar/2018:13:36:40 -0300] "GET /cormunbeta/static/Shared/jqueryui/images/ui-icons_8d78a5_256x240.png HTTP/1.1" 404 1097
192.168.10.143 - - [08/Mar/2018:13:36:40 -0300] "GET /cormunbeta/servlet/formatos?DLT,JPEG, HTTP/1.1" 200 5974
186.103.157.235 - - [08/Mar/2018:13:36:41 -0300] "GET /cormun/servlet/trsolicitudot? HTTP/1.1" 200 7441
192.168.10.143 - - [08/Mar/2018:13:36:41 -0300] "POST /cormunbeta/servlet/formatos?2374615e69da3bec50844c6bc3469c23,DLT,JPEG,,gx-no-cache=1520526944417 HTTP/1.1" 200 93
186.103.157.235 - - [08/Mar/2018:13:36:41 -0300] "GET /cormun/static/calendar.js?85251 HTTP/1.1" 304 -
186.103.157.235 - - [08/Mar/2018:13:36:41 -0300] "GET /cormun/static/calendar-es.js?85251 HTTP/1.1" 304 -
192.168.10.143 - - [08/Mar/2018:13:36:41 -0300] "GET /cormunbeta/servlet/hpexe_return? HTTP/1.1" 200 1004
186.103.157.235 - - [08/Mar/2018:13:36:41 -0300] "GET /cormun/static/calendar-setup.js?85251 HTTP/1.1" 304 -
192.168.10.143 - - [08/Mar/2018:13:36:41 -0300] "GET /cormunbeta/servlet/trformatos HTTP/1.1" 200 7230
192.168.10.143 - - [08/Mar/2018:13:36:42 -0300] "GET /cormunbeta/servlet/trformatos HTTP/1.1" 200 7225
186.103.157.235 - - [08/Mar/2018:13:36:42 -0300] "GET /cormun/static/gxdec.js?85251 HTTP/1.1" 304 -
186.103.157.235 - - [08/Mar/2018:13:36:43 -0300] "GET /cormun/servlet/trsolicitudot? HTTP/1.1" 200 7440
192.168.10.143 - - [08/Mar/2018:13:36:44 -0300] "GET /cormunbeta/servlet/formatos?DLT,JPG, HTTP/1.1" 200 5978
192.168.10.143 - - [08/Mar/2018:13:36:45 -0300] "GET /cormunbeta/static/Shared/jqueryui/images/ui-icons_82798d_256x240.png HTTP/1.1" 404 1097
192.168.10.143 - - [08/Mar/2018:13:36:45 -0300] "GET /cormunbeta/static/Shared/jqueryui/images/ui-bg_highlight-soft_100_c6c2c8_1x100.png HTTP/1.1" 404 1125
192.168.10.143 - - [08/Mar/2018:13:36:45 -0300] "GET /cormunbeta/static/Shared/jqueryui/images/ui-bg_flat_55_fafafa_40x100.png HTTP/1.1" 404 1105
192.168.10.143 - - [08/Mar/2018:13:36:45 -0300] "GET /cormunbeta/static/Shared/jqueryui/images/ui-icons_8d78a5_256x240.png HTTP/1.1" 404 1097
192.168.10.143 - - [08/Mar/2018:13:36:45 -0300] "GET /cormunbeta/servlet/formatos?DLT,JPG, HTTP/1.1" 200 5976
186.103.157.246 - - [08/Mar/2018:13:36:45 -0300] "GET /cormun/servlet/solicitudotadjuntos?d84c13d4c69c4f46e7f82db9b7f046c0c85b57d956641798b6e1304cc080cd82,gx-no-cache=1520526955010 HTTP/1.1" 200 30
186.103.157.246 - - [08/Mar/2018:13:36:45 -0300] "GET /cormun/servlet/solicitudotadjuntos?d84c13d4c69c4f46e7f82db9b7f046c0c85b57d956641798b6e1304cc080cd82,gx-no-cache=1520526955058 HTTP/1.1" 200 30
192.168.10.143 - - [08/Mar/2018:13:36:46 -0300] "POST /cormunbeta/servlet/formatos?2374615e69da3bec50844c6bc3469c23,DLT,JPG,,gx-no-cache=1520526949258 HTTP/1.1" 200 93
192.168.10.143 - - [08/Mar/2018:13:36:46 -0300] "GET /cormunbeta/servlet/hpexe_return? HTTP/1.1" 200 1003
192.168.10.143 - - [08/Mar/2018:13:36:46 -0300] "GET /cormunbeta/servlet/trformatos HTTP/1.1" 200 7186
192.168.10.143 - - [08/Mar/2018:13:36:46 -0300] "GET /cormunbeta/servlet/trformatos HTTP/1.1" 200 7182
186.103.159.204 - - [08/Mar/2018:13:36:47 -0300] "GET /cormun/servlet/trsolicitudot? HTTP/1.1" 200 7295
186.103.157.246 - - [08/Mar/2018:13:36:47 -0300] "POST /cormun/servlet/solicitudotadjuntos?e110f30467ca5b37b4d82e75b90b3ade,INS,2018,10286,,1, HTTP/1.1" 200 116
186.103.157.246 - - [08/Mar/2018:13:36:47 -0300] "GET /cormun/servlet/hpexe_return? HTTP/1.1" 200 1010
186.103.157.246 - - [08/Mar/2018:13:36:47 -0300] "GET /cormun/servlet/trsolicitudadjuntos?2018,10286, HTTP/1.1" 200 9176
186.103.159.204 - - [08/Mar/2018:13:36:47 -0300] "GET /cormun/servlet/trsolicitudot? HTTP/1.1" 200 7295
186.103.157.246 - - [08/Mar/2018:13:36:51 -0300] "GET /cormun/servlet/solicitudotadjuntos?INS,2018,10286,,1, HTTP/1.1" 200 5916
186.103.157.246 - - [08/Mar/2018:13:36:52 -0300] "GET /cormun/static/about:blank HTTP/1.1" 404 1011
186.103.157.246 - - [08/Mar/2018:13:36:52 -0300] "GET /cormun/static/about:blank HTTP/1.1" 404 1011
192.168.10.143 - - [08/Mar/2018:13:36:52 -0300] "GET /cormunbeta/servlet/trsolicitudot? HTTP/1.1" 200 9362
192.168.10.143 - - [08/Mar/2018:13:36:53 -0300] "GET /cormunbeta/servlet/trsolicitudot? HTTP/1.1" 200 9362
186.103.157.246 - - [08/Mar/2018:13:36:53 -0300] "GET /cormun/servlet/solicitudotadjuntos?d84c13d4c69c4f46e7f82db9b7f046c08e508cfaf2d30b3ed106630f366788b973fc95c502732962217cc43ab0f9fdf5,gx-no-cache=1520526962683 HTTP/1.1" 200 30
186.103.157.246 - - [08/Mar/2018:13:36:54 -0300] "POST /cormun/servlet/solicitudotadjuntos?e110f30467ca5b37b4d82e75b90b3ade,INS,2018,10286,,1,,gx-no-cache=1520526963078 HTTP/1.1" 200 3779
192.168.10.143 - - [08/Mar/2018:13:36:55 -0300] "POST /cormunbeta/servlet/trsolicitudot?2374615e69da3bec50844c6bc3469c23,,gx-no-cache=1520526958452 HTTP/1.1" 200 107
192.168.10.143 - - [08/Mar/2018:13:36:55 -0300] "GET /cormunbeta/servlet/trsolicitudadjuntos?2018,2957, HTTP/1.1" 200 6894
192.168.10.143 - - [08/Mar/2018:13:36:55 -0300] "GET /cormunbeta/static/calendar-system.css?75620 HTTP/1.1" 200 5572
192.168.10.143 - - [08/Mar/2018:13:36:55 -0300] "GET /cormunbeta/static/gxcfg.js?20177612135366 HTTP/1.1" 200 953
192.168.10.143 - - [08/Mar/2018:13:36:55 -0300] "GET /cormunbeta/static/trsolicitudadjuntos.js?20177612135632 HTTP/1.1" 200 17922
192.168.10.143 - - [08/Mar/2018:13:36:55 -0300] "GET /cormunbeta/servlet/trsolicitudadjuntos?2018,2957, HTTP/1.1" 200 6894
186.103.157.246 - - [08/Mar/2018:13:36:57 -0300] "POST /cormun/servlet/solicitudotadjuntos?gx-no-cache=1520526966803 HTTP/1.1" 200 26
192.168.10.143 - - [08/Mar/2018:13:36:57 -0300] "GET /cormunbeta/servlet/solicitudotadjuntos?INS,2018,2957,,1, HTTP/1.1" 200 6812
192.168.10.143 - - [08/Mar/2018:13:36:57 -0300] "GET /cormunbeta/static/gxcfg.js?2017761244068 HTTP/1.1" 200 953
192.168.10.143 - - [08/Mar/2018:13:36:57 -0300] "GET /cormunbeta/static/solicitudotadjuntos.js?2017761244086 HTTP/1.1" 200 11771
192.168.10.143 - - [08/Mar/2018:13:36:57 -0300] "GET /cormunbeta/static/about:blank HTTP/1.1" 404 1019
192.168.10.143 - - [08/Mar/2018:13:36:57 -0300] "GET /cormunbeta/servlet/solicitudotadjuntos?INS,2018,2957,,1, HTTP/1.1" 200 6806
192.168.10.143 - - [08/Mar/2018:13:36:58 -0300] "GET /cormunbeta/servlet/solicitudotadjuntos?e30c7df6cc85cb34043498267c909b354bd40c84a2b3e9a4629221c1e8015ce62fea4ab53fb9e90f4094fca9dc09ac34,gx-no-cache=1520526961718 HTTP/1.1" 200 30
192.168.10.143 - - [08/Mar/2018:13:36:58 -0300] "POST /cormunbeta/servlet/solicitudotadjuntos?2374615e69da3bec50844c6bc3469c23,INS,2018,2957,,1,,gx-no-cache=1520526961739 HTTP/1.1" 200 4350
192.168.10.143 - - [08/Mar/2018:13:37:02 -0300] "POST /cormunbeta/servlet/solicitudotadjuntos?gx-no-cache=1520526965431 HTTP/1.1" 200 26
186.103.157.246 - - [08/Mar/2018:13:37:03 -0300] "GET /cormun/servlet/solicitudotadjuntos?d84c13d4c69c4f46e7f82db9b7f046c0c85b57d956641798b6e1304cc080cd82,gx-no-cache=1520526973241 HTTP/1.1" 200 30
186.103.157.246 - - [08/Mar/2018:13:37:03 -0300] "GET /cormun/servlet/solicitudotadjuntos?d84c13d4c69c4f46e7f82db9b7f046c0c85b57d956641798b6e1304cc080cd82,gx-no-cache=1520526973301 HTTP/1.1" 200 30
186.103.157.246 - - [08/Mar/2018:13:37:05 -0300] "POST /cormun/servlet/solicitudotadjuntos?e110f30467ca5b37b4d82e75b90b3ade,INS,2018,10286,,1, HTTP/1.1" 200 116
186.103.157.246 - - [08/Mar/2018:13:37:05 -0300] "GET /cormun/servlet/hpexe_return? HTTP/1.1" 200 1010
186.103.157.246 - - [08/Mar/2018:13:37:05 -0300] "GET /cormun/servlet/trsolicitudadjuntos?2018,10286, HTTP/1.1" 200 9407
186.103.157.246 - - [08/Mar/2018:13:37:10 -0300] "POST /cormun/servlet/trsolicitudadjuntos?e110f30467ca5b37b4d82e75b90b3ade,2018,10286,,gx-no-cache=1520526979387 HTTP/1.1" 200 90
186.103.157.246 - - [08/Mar/2018:13:37:10 -0300] "GET /cormun/servlet/hpexe_link HTTP/1.1" 200 955
186.103.157.246 - - [08/Mar/2018:13:37:10 -0300] "GET /cormun/servlet/trsolicitudot HTTP/1.1" 200 8911
192.168.10.143 - - [08/Mar/2018:13:37:14 -0300] "GET /cormunbeta/servlet/solicitudotadjuntos?e30c7df6cc85cb34043498267c909b35c920a8c219fb7c4ccfce78d32c64624f,gx-no-cache=1520526977750 HTTP/1.1" 200 30
192.168.10.143 - - [08/Mar/2018:13:37:14 -0300] "GET /cormunbeta/servlet/solicitudotadjuntos?e30c7df6cc85cb34043498267c909b35c920a8c219fb7c4ccfce78d32c64624f,gx-no-cache=1520526977763 HTTP/1.1" 200 30
192.168.10.143 - - [08/Mar/2018:13:37:14 -0300] "POST /cormunbeta/servlet/solicitudotadjuntos?2374615e69da3bec50844c6bc3469c23,INS,2018,2957,,1, HTTP/1.1" 200 7065
186.103.159.204 - - [08/Mar/2018:13:37:15 -0300] "POST /cormun/servlet/trsolicitudot?a2cc0ed564e081a15fa12b7790ddefb1,,gx-no-cache=1520526986273 HTTP/1.1" 200 4493
192.168.10.143 - - [08/Mar/2018:13:37:15 -0300] "GET /cormunbeta/static/Shared/jqueryui/images/ui-icons_82798d_256x240.png HTTP/1.1" 404 1097
192.168.10.143 - - [08/Mar/2018:13:37:15 -0300] "GET /cormunbeta/static/Shared/jqueryui/images/ui-bg_highlight-soft_100_c6c2c8_1x100.png HTTP/1.1" 404 1125
192.168.10.143 - - [08/Mar/2018:13:37:15 -0300] "GET /cormunbeta/static/Shared/jqueryui/images/ui-bg_flat_55_994d53_40x100.png HTTP/1.1" 404 1105
192.168.10.143 - - [08/Mar/2018:13:37:15 -0300] "GET /cormunbeta/static/Shared/jqueryui/images/ui-icons_ebccce_256x240.png HTTP/1.1" 404 1097
192.168.10.143 - - [08/Mar/2018:13:37:15 -0300] "GET /cormunbeta/PrivateTempStorage/upload_00000007.jpg HTTP/1.1" 200 845128
186.103.159.204 - - [08/Mar/2018:13:37:16 -0300] "POST /cormun/servlet/trsolicitudot?a2cc0ed564e081a15fa12b7790ddefb1,,gx-no-cache=1520526987984 HTTP/1.1" 200 4495
186.103.157.246 - - [08/Mar/2018:13:37:18 -0300] "POST /cormun/servlet/trsolicitudot?e110f30467ca5b37b4d82e75b90b3ade,gx-no-cache=1520526987606 HTTP/1.1" 200 5666
186.103.157.246 - - [08/Mar/2018:13:37:18 -0300] "GET /cormun/static/Shared/jqueryui/images/ui-bg_highlight-soft_100_c6c2c8_1x100.png HTTP/1.1" 404 1117
186.103.157.246 - - [08/Mar/2018:13:37:18 -0300] "POST /cormun/servlet/trsolicitudot?e110f30467ca5b37b4d82e75b90b3ade,gx-no-cache=1520526988056 HTTP/1.1" 200 5608
186.103.157.246 - - [08/Mar/2018:13:37:21 -0300] "GET /cormun/static/Shared/jqueryui/images/ui-icons_82798d_256x240.png HTTP/1.1" 404 1089
186.103.157.246 - - [08/Mar/2018:13:37:21 -0300] "GET /cormun/static/Shared/jqueryui/images/ui-bg_flat_55_fafafa_40x100.png HTTP/1.1" 404 1097
186.103.157.246 - - [08/Mar/2018:13:37:21 -0300] "GET /cormun/static/Shared/jqueryui/images/ui-icons_8d78a5_256x240.png HTTP/1.1" 404 1089
186.103.159.204 - - [08/Mar/2018:13:37:30 -0300] "POST /cormun/servlet/trsolicitudot?a2cc0ed564e081a15fa12b7790ddefb1,,gx-no-cache=1520527001730 HTTP/1.1" 200 4503
186.103.159.204 - - [08/Mar/2018:13:37:31 -0300] "POST /cormun/servlet/trsolicitudot?a2cc0ed564e081a15fa12b7790ddefb1,,gx-no-cache=1520527002982 HTTP/1.1" 200 4502
186.103.159.204 - - [08/Mar/2018:13:37:31 -0300] "POST /cormun/servlet/trsolicitudot?a2cc0ed564e081a15fa12b7790ddefb1,,gx-no-cache=1520527003287 HTTP/1.1" 200 4503
186.103.159.204 - - [08/Mar/2018:13:37:32 -0300] "POST /cormun/servlet/trsolicitudot?a2cc0ed564e081a15fa12b7790ddefb1,,gx-no-cache=1520527003606 HTTP/1.1" 200 4503
192.168.10.143 - - [08/Mar/2018:13:37:39 -0300] "GET /cormun/servlet/trformatos? HTTP/1.1" 200 7464
192.168.10.143 - - [08/Mar/2018:13:37:39 -0300] "GET /cormun/servlet/trformatos? HTTP/1.1" 200 7451
192.168.10.143 - - [08/Mar/2018:13:37:42 -0300] "GET /cormun/servlet/formatos?DLT,BMP, HTTP/1.1" 200 6121
192.168.10.143 - - [08/Mar/2018:13:37:42 -0300] "GET /cormun/static/gxcfg.js?201752511532447 HTTP/1.1" 200 953
192.168.10.143 - - [08/Mar/2018:13:37:42 -0300] "GET /cormun/static/formatos.js?201752511532464 HTTP/1.1" 200 7022
192.168.10.143 - - [08/Mar/2018:13:37:42 -0300] "GET /cormun/static/Shared/jqueryui/images/ui-bg_highlight-soft_100_c6c2c8_1x100.png HTTP/1.1" 404 1117
192.168.10.143 - - [08/Mar/2018:13:37:42 -0300] "GET /cormun/static/Shared/jqueryui/images/ui-icons_82798d_256x240.png HTTP/1.1" 404 1089
192.168.10.143 - - [08/Mar/2018:13:37:42 -0300] "GET /cormun/static/Shared/jqueryui/images/ui-bg_flat_55_fafafa_40x100.png HTTP/1.1" 404 1097
192.168.10.143 - - [08/Mar/2018:13:37:42 -0300] "GET /cormun/static/Shared/jqueryui/images/ui-icons_8d78a5_256x240.png HTTP/1.1" 404 1089
192.168.10.143 - - [08/Mar/2018:13:37:42 -0300] "GET /cormun/servlet/formatos?DLT,BMP, HTTP/1.1" 200 6120
192.168.10.143 - - [08/Mar/2018:13:37:43 -0300] "POST /cormun/servlet/formatos?66dbeac0f3783ca69154b6847cbc70fe,DLT,BMP,,gx-no-cache=1520527006543 HTTP/1.1" 200 93
192.168.10.143 - - [08/Mar/2018:13:37:43 -0300] "GET /cormun/servlet/hpexe_return? HTTP/1.1" 200 1004
192.168.10.143 - - [08/Mar/2018:13:37:43 -0300] "GET /cormun/servlet/trformatos HTTP/1.1" 200 7416
192.168.10.143 - - [08/Mar/2018:13:37:43 -0300] "GET /cormun/servlet/trformatos HTTP/1.1" 200 7411
192.168.10.143 - - [08/Mar/2018:13:37:46 -0300] "GET /cormun/servlet/formatos?DLT,JPEG, HTTP/1.1" 200 6122
192.168.10.143 - - [08/Mar/2018:13:37:46 -0300] "GET /cormun/static/Shared/jqueryui/images/ui-icons_82798d_256x240.png HTTP/1.1" 404 1089
192.168.10.143 - - [08/Mar/2018:13:37:46 -0300] "GET /cormun/static/Shared/jqueryui/images/ui-bg_highlight-soft_100_c6c2c8_1x100.png HTTP/1.1" 404 1117
192.168.10.143 - - [08/Mar/2018:13:37:46 -0300] "GET /cormun/static/Shared/jqueryui/images/ui-bg_flat_55_fafafa_40x100.png HTTP/1.1" 404 1097
192.168.10.143 - - [08/Mar/2018:13:37:46 -0300] "GET /cormun/static/Shared/jqueryui/images/ui-icons_8d78a5_256x240.png HTTP/1.1" 404 1089
192.168.10.143 - - [08/Mar/2018:13:37:46 -0300] "GET /cormun/servlet/formatos?DLT,JPEG, HTTP/1.1" 200 6121
186.103.159.204 - - [08/Mar/2018:13:37:46 -0300] "GET /cormun/servlet/trcontratounov2? HTTP/1.1" 200 6898
192.168.10.143 - - [08/Mar/2018:13:37:47 -0300] "POST /cormun/servlet/formatos?66dbeac0f3783ca69154b6847cbc70fe,DLT,JPEG,,gx-no-cache=1520527010729 HTTP/1.1" 200 93
192.168.10.143 - - [08/Mar/2018:13:37:47 -0300] "GET /cormun/servlet/hpexe_return? HTTP/1.1" 200 1004
186.103.159.204 - - [08/Mar/2018:13:37:47 -0300] "GET /cormun/servlet/trcontratounov2? HTTP/1.1" 200 6897
192.168.10.143 - - [08/Mar/2018:13:37:47 -0300] "GET /cormun/servlet/trformatos HTTP/1.1" 200 7379
192.168.10.143 - - [08/Mar/2018:13:37:47 -0300] "GET /cormun/servlet/trformatos HTTP/1.1" 200 7374
192.168.10.143 - - [08/Mar/2018:13:37:50 -0300] "GET /cormun/servlet/formatos?DLT,JPG, HTTP/1.1" 200 6125
192.168.10.143 - - [08/Mar/2018:13:37:50 -0300] "GET /cormun/static/Shared/jqueryui/images/ui-icons_82798d_256x240.png HTTP/1.1" 404 1089
192.168.10.143 - - [08/Mar/2018:13:37:50 -0300] "GET /cormun/static/Shared/jqueryui/images/ui-bg_highlight-soft_100_c6c2c8_1x100.png HTTP/1.1" 404 1117
192.168.10.143 - - [08/Mar/2018:13:37:50 -0300] "GET /cormun/static/Shared/jqueryui/images/ui-icons_8d78a5_256x240.png HTTP/1.1" 404 1089
192.168.10.143 - - [08/Mar/2018:13:37:50 -0300] "GET /cormun/static/Shared/jqueryui/images/ui-bg_flat_55_fafafa_40x100.png HTTP/1.1" 404 1097
192.168.10.143 - - [08/Mar/2018:13:37:50 -0300] "GET /cormun/servlet/formatos?DLT,JPG, HTTP/1.1" 200 6124
186.103.159.204 - - [08/Mar/2018:13:37:51 -0300] "POST /cormun/servlet/trcontratounov2?a2cc0ed564e081a15fa12b7790ddefb1,,gx-no-cache=1520527022245 HTTP/1.1" 200 4218
192.168.10.143 - - [08/Mar/2018:13:37:51 -0300] "POST /cormun/servlet/formatos?66dbeac0f3783ca69154b6847cbc70fe,DLT,JPG,,gx-no-cache=1520527015011 HTTP/1.1" 200 93
192.168.10.143 - - [08/Mar/2018:13:37:51 -0300] "GET /cormun/servlet/hpexe_return? HTTP/1.1" 200 1004
186.103.159.204 - - [08/Mar/2018:13:37:51 -0300] "POST /cormun/servlet/trcontratounov2?a2cc0ed564e081a15fa12b7790ddefb1,,gx-no-cache=1520527023111 HTTP/1.1" 200 4218
192.168.10.143 - - [08/Mar/2018:13:37:51 -0300] "GET /cormun/servlet/trformatos HTTP/1.1" 200 7336
186.103.159.204 - - [08/Mar/2018:13:37:52 -0300] "POST /cormun/servlet/trcontratounov2?a2cc0ed564e081a15fa12b7790ddefb1,,gx-no-cache=1520527023350 HTTP/1.1" 200 4218
192.168.10.143 - - [08/Mar/2018:13:37:52 -0300] "GET /cormun/servlet/trformatos HTTP/1.1" 200 7331
186.103.159.204 - - [08/Mar/2018:13:37:58 -0300] "GET /cormun/servlet/trsolicitudot? HTTP/1.1" 200 7321
186.103.159.204 - - [08/Mar/2018:13:37:58 -0300] "GET /cormun/servlet/trsolicitudot? HTTP/1.1" 200 7331
186.103.159.204 - - [08/Mar/2018:13:38:01 -0300] "GET /cormun/servlet/trsolicitudot? HTTP/1.1" 200 7321
186.103.159.204 - - [08/Mar/2018:13:38:02 -0300] "GET /cormun/servlet/trsolicitudot? HTTP/1.1" 200 7331
186.103.159.204 - - [08/Mar/2018:13:38:05 -0300] "GET /cormun/servlet/trsolicitudot? HTTP/1.1" 200 7321
186.103.159.204 - - [08/Mar/2018:13:38:06 -0300] "GET /cormun/servlet/trsolicitudot? HTTP/1.1" 200 7331
186.103.159.204 - - [08/Mar/2018:13:38:09 -0300] "GET /cormun/servlet/trsolicitudot? HTTP/1.1" 200 7331
192.168.10.62 - - [08/Mar/2018:13:38:10 -0300] "GET /cormun/servlet/hlogin HTTP/1.1" 200 1723
186.103.159.204 - - [08/Mar/2018:13:38:10 -0300] "GET /cormun/servlet/trsolicitudot? HTTP/1.1" 200 7331
192.168.10.62 - - [08/Mar/2018:13:38:21 -0300] "POST /cormun/servlet/hlogin?c965a2b7617e6e12117944ccf9171e95,gx-no-cache=1520526940025 HTTP/1.1" 200 90
192.168.10.62 - - [08/Mar/2018:13:38:21 -0300] "GET /cormun/servlet/hpexe_link HTTP/1.1" 200 953
192.168.10.62 - - [08/Mar/2018:13:38:21 -0300] "GET /cormun/servlet/hhome HTTP/1.1" 200 4450
192.168.10.62 - - [08/Mar/2018:13:38:22 -0300] "GET /cormun/servlet/hhome HTTP/1.1" 200 4446
186.103.159.204 - - [08/Mar/2018:13:38:24 -0300] "POST /cormun/servlet/trsolicitudot?a2cc0ed564e081a15fa12b7790ddefb1,,gx-no-cache=1520527055410 HTTP/1.1" 200 5868
192.168.10.62 - - [08/Mar/2018:13:38:25 -0300] "GET /cormun/servlet/trsolicitudgral? HTTP/1.1" 200 27493
192.168.10.62 - - [08/Mar/2018:13:38:27 -0300] "GET /cormun/servlet/trsolicitudgral? HTTP/1.1" 200 27492
186.103.159.204 - - [08/Mar/2018:13:38:37 -0300] "POST /cormun/servlet/trsolicitudot?a2cc0ed564e081a15fa12b7790ddefb1,,gx-no-cache=1520527068435 HTTP/1.1" 200 5847
186.103.159.204 - - [08/Mar/2018:13:38:42 -0300] "GET /cormun/servlet/vesolicitudot?2018,9403,, HTTP/1.1" 200 8472
186.103.159.204 - - [08/Mar/2018:13:38:42 -0300] "GET /cormun/pexe_scrolldiv.js HTTP/1.1" 404 1009
186.103.159.204 - - [08/Mar/2018:13:38:43 -0300] "GET /cormun/servlet/vesolicitudot?2018,9403,, HTTP/1.1" 200 8471
192.168.10.62 - - [08/Mar/2018:13:38:46 -0300] "POST /cormun/servlet/trsolicitudgral?c965a2b7617e6e12117944ccf9171e95,,gx-no-cache=1520526964541 HTTP/1.1" 200 17527
186.103.159.204 - - [08/Mar/2018:13:38:46 -0300] "GET /cormun/servlet/vesolicitudot?2018,9403,,SolicitudOTAdjuntos HTTP/1.1" 200 11283
186.103.159.204 - - [08/Mar/2018:13:38:47 -0300] "GET /cormun/pexe_scrolldiv.js HTTP/1.1" 404 1009
186.103.159.204 - - [08/Mar/2018:13:38:47 -0300] "GET /cormun/static/tbsolicitudot02.js?201711142258496 HTTP/1.1" 200 15626
186.103.159.204 - - [08/Mar/2018:13:38:47 -0300] "GET /cormun/static/gxui/gxui-all.css HTTP/1.1" 200 2179
186.103.159.204 - - [08/Mar/2018:13:38:47 -0300] "GET /cormun/static/Shared/ext/resources/css/ext-all.css HTTP/1.1" 200 416045
186.103.159.204 - - [08/Mar/2018:13:38:47 -0300] "GET /cormun/static/Resources/PXToolsTabFirstUnselected.png HTTP/1.1" 200 1264
186.103.159.204 - - [08/Mar/2018:13:38:47 -0300] "GET /cormun/static/Resources/PXToolsTabUnselectedSelected.png HTTP/1.1" 200 1444
192.168.10.62 - - [08/Mar/2018:13:38:48 -0300] "POST /cormun/servlet/trsolicitudgral?c965a2b7617e6e12117944ccf9171e95,,gx-no-cache=1520526966177 HTTP/1.1" 200 105
192.168.10.62 - - [08/Mar/2018:13:38:48 -0300] "GET /cormun/SolicitudGral-3649.xls HTTP/1.1" 200 17920
186.103.159.204 - - [08/Mar/2018:13:38:48 -0300] "GET /cormun/servlet/vesolicitudot?2018,9403,,SolicitudOTAdjuntos HTTP/1.1" 200 11284
186.103.159.204 - - [08/Mar/2018:13:38:48 -0300] "POST /cormun/servlet/acontrolpreferencessavestate?None,DALLENDE,true HTTP/1.1" 200 35
186.103.159.204 - - [08/Mar/2018:13:38:51 -0300] "GET /cormun/servlet/vesolicitudot?2018,9403,,SolicitudOTLog HTTP/1.1" 200 9430
186.103.159.204 - - [08/Mar/2018:13:38:51 -0300] "GET /cormun/pexe_scrolldiv.js HTTP/1.1" 404 1009
186.103.159.204 - - [08/Mar/2018:13:38:51 -0300] "GET /cormun/static/Resources/PXToolsTabLastSelected.png HTTP/1.1" 200 1262
186.103.159.204 - - [08/Mar/2018:13:38:51 -0300] "GET /cormun/static/tbsolicitudot03.js?20177611592012 HTTP/1.1" 200 13332
186.103.159.204 - - [08/Mar/2018:13:38:52 -0300] "GET /cormun/servlet/vesolicitudot?2018,9403,,SolicitudOTLog HTTP/1.1" 200 9430
186.103.159.204 - - [08/Mar/2018:13:38:53 -0300] "POST /cormun/servlet/acontrolpreferencessavestate?None,DALLENDE,true HTTP/1.1" 200 35
186.103.159.189 - - [08/Mar/2018:13:38:56 -0300] "GET /cormun/servlet/hlogin HTTP/1.1" 200 1722
186.103.159.204 - - [08/Mar/2018:13:38:57 -0300] "GET /cormun/servlet/vesolicitudot?2018,9403,,SolicitudOTAdjuntos HTTP/1.1" 200 11287
186.103.159.204 - - [08/Mar/2018:13:38:58 -0300] "GET /cormun/servlet/vesolicitudot?2018,9403,,SolicitudOTAdjuntos HTTP/1.1" 200 11290
186.103.159.204 - - [08/Mar/2018:13:38:59 -0300] "POST /cormun/servlet/acontrolpreferencessavestate?None,DALLENDE,true HTTP/1.1" 200 35
186.103.159.204 - - [08/Mar/2018:13:38:59 -0300] "GET /cormun/servlet/vesolicitudot?2018,9403,, HTTP/1.1" 200 8480
186.103.159.204 - - [08/Mar/2018:13:39:00 -0300] "GET /cormun/servlet/vesolicitudot?2018,9403,, HTTP/1.1" 200 8480
186.103.159.204 - - [08/Mar/2018:13:39:01 -0300] "GET /cormun/servlet/trsolicitudot? HTTP/1.1" 200 8701
186.103.159.204 - - [08/Mar/2018:13:39:02 -0300] "GET /cormun/servlet/trsolicitudot? HTTP/1.1" 200 8701
186.103.159.189 - - [08/Mar/2018:13:39:08 -0300] "POST /cormun/servlet/hlogin?c39d7509ae52ef47bbbc0d90d92bd537,gx-no-cache=1520530697631 HTTP/1.1" 200 90
186.103.159.189 - - [08/Mar/2018:13:39:08 -0300] "GET /cormun/servlet/hpexe_link HTTP/1.1" 200 955
186.103.159.189 - - [08/Mar/2018:13:39:08 -0300] "GET /cormun/servlet/hhome HTTP/1.1" 200 3985
186.103.159.189 - - [08/Mar/2018:13:39:11 -0300] "GET /cormun/servlet/hhome HTTP/1.1" 200 3981
186.103.159.189 - - [08/Mar/2018:13:39:19 -0300] "GET /cormun/servlet/trlicencias? HTTP/1.1" 200 8753
186.103.159.189 - - [08/Mar/2018:13:39:21 -0300] "GET /cormun/servlet/trlicencias? HTTP/1.1" 200 8750
186.103.159.204 - - [08/Mar/2018:13:39:31 -0300] "GET /cormun/servlet/solicitudot?INS,0,0, HTTP/1.1" 200 13541
186.103.159.204 - - [08/Mar/2018:13:39:32 -0300] "GET /cormun/servlet/solicitudot?INS,0,0, HTTP/1.1" 200 13545
186.103.159.189 - - [08/Mar/2018:13:39:44 -0300] "GET /cormun/servlet/licenciaspermisos?DSP,18952078,L,20180308000000, HTTP/1.1" 200 7116
186.103.159.189 - - [08/Mar/2018:13:39:45 -0300] "GET /cormun/static/gxcfg.js?201762917281167 HTTP/1.1" 200 953
186.103.159.189 - - [08/Mar/2018:13:39:45 -0300] "GET /cormun/static/licenciaspermisos.js?201762917281260 HTTP/1.1" 200 37491
190.151.100.218 - - [08/Mar/2018:13:39:46 -0300] "GET /cormun/servlet/hlogin HTTP/1.1" 200 1721
186.103.159.189 - - [08/Mar/2018:13:39:47 -0300] "GET /cormun/servlet/licenciaspermisos?DSP,18952078,L,20180308000000, HTTP/1.1" 200 7116
190.151.100.218 - - [08/Mar/2018:13:39:50 -0300] "POST /cormun/servlet/hlogin?983c11ca89af130ba74680e21710cbef,gx-no-cache=1520527142791 HTTP/1.1" 200 433
190.151.100.218 - - [08/Mar/2018:13:39:54 -0300] "POST /cormun/servlet/hlogin?983c11ca89af130ba74680e21710cbef,gx-no-cache=1520527146580 HTTP/1.1" 200 90
190.151.100.218 - - [08/Mar/2018:13:39:54 -0300] "GET /cormun/servlet/hpexe_link HTTP/1.1" 200 959
190.151.100.218 - - [08/Mar/2018:13:39:54 -0300] "GET /cormun/servlet/solicitudot?INS,0,0, HTTP/1.1" 200 13513
190.151.100.218 - - [08/Mar/2018:13:39:55 -0300] "GET /cormun/servlet/solicitudot?INS,0,0, HTTP/1.1" 200 13517
186.103.159.204 - - [08/Mar/2018:13:39:57 -0300] "POST /cormun/servlet/solicitudot?gx-no-cache=1520527148713 HTTP/1.1" 200 3406
186.103.159.204 - - [08/Mar/2018:13:39:57 -0300] "POST /cormun/servlet/solicitudot?a2cc0ed564e081a15fa12b7790ddefb1,INS,0,0,,gx-no-cache=1520527149032 HTTP/1.1" 200 10574
186.103.159.204 - - [08/Mar/2018:13:40:02 -0300] "GET /cormun/servlet/prfichaempleado?,MD,,gxPopupLevel%3D0%3B HTTP/1.1" 200 9217
186.103.159.204 - - [08/Mar/2018:13:40:24 -0300] "POST /cormun/servlet/prfichaempleado?a2cc0ed564e081a15fa12b7790ddefb1,,MD,,gxPopupLevel%3D0%3B,gx-no-cache=1520527175775 HTTP/1.1" 200 3422
186.103.159.189 - - [08/Mar/2018:13:40:34 -0300] "POST /cormun/servlet/licenciaspermisos?c39d7509ae52ef47bbbc0d90d92bd537,DSP,18952078,L,20180308000000,,gx-no-cache=1520530783556 HTTP/1.1" 200 90
186.103.159.189 - - [08/Mar/2018:13:40:34 -0300] "GET /cormun/servlet/hpexe_link HTTP/1.1" 200 988
186.103.159.189 - - [08/Mar/2018:13:40:35 -0300] "GET /cormun/servlet/trlicencias HTTP/1.1" 200 8752
186.103.159.204 - - [08/Mar/2018:13:40:37 -0300] "POST /cormun/servlet/solicitudot?gx-no-cache=1520527189121 HTTP/1.1" 200 3406
186.103.159.189 - - [08/Mar/2018:13:40:37 -0300] "GET /cormun/servlet/trlicencias HTTP/1.1" 200 8750
186.103.159.204 - - [08/Mar/2018:13:40:38 -0300] "POST /cormun/servlet/solicitudot?a2cc0ed564e081a15fa12b7790ddefb1,INS,0,0,,gx-no-cache=1520527189336 HTTP/1.1" 200 10627
186.103.159.204 - - [08/Mar/2018:13:40:38 -0300] "GET /cormun/servlet/solicitudot?5f190e3ad0e7dc11a9cd41f309bc8f21042a2c5bcf72b1417f33f1b412da30b2c280c5639305864222e03f40acbb0db5,gx-no-cache=1520527189562 HTTP/1.1" 200 30
186.103.159.204 - - [08/Mar/2018:13:40:38 -0300] "GET /cormun/servlet/solicitudot?5f190e3ad0e7dc11a9cd41f309bc8f21ba828c2f5103751949ad90041ff540d5d9118bec2afdba1ae378270bd620d0a20a5627dba41e22481858a8c0478045e0,gx-no-cache=1520527189603 HTTP/1.1" 200 30
186.103.159.204 - - [08/Mar/2018:13:40:38 -0300] "GET /cormun/servlet/solicitudot?5f190e3ad0e7dc11a9cd41f309bc8f21e9461234384c583dd4c9aa693fba11f2,gx-no-cache=1520527189633 HTTP/1.1" 200 53
186.103.159.204 - - [08/Mar/2018:13:40:49 -0300] "GET /cormun/servlet/prbanco?,MD,,gxPopupLevel%3D0%3B HTTP/1.1" 200 6515
186.103.159.204 - - [08/Mar/2018:13:40:51 -0300] "POST /cormun/servlet/acontrolpreferencessavestate?None,DALLENDE,true HTTP/1.1" 200 35
186.103.159.189 - - [08/Mar/2018:13:40:57 -0300] "GET /cormun/servlet/trlicenciaspermisoslog?18952078,L,20180308000000, HTTP/1.1" 200 6636
186.103.159.189 - - [08/Mar/2018:13:40:57 -0300] "GET /cormun/static/gxcfg.js?20176271755511 HTTP/1.1" 200 953
186.103.159.189 - - [08/Mar/2018:13:40:57 -0300] "GET /cormun/static/trlicenciaspermisoslog.js?201762717555393 HTTP/1.1" 200 20074
186.103.159.189 - - [08/Mar/2018:13:40:58 -0300] "GET /cormun/servlet/trlicenciaspermisoslog?18952078,L,20180308000000, HTTP/1.1" 200 6636
200.72.197.82 - - [08/Mar/2018:13:41:17 -0300] "GET /cormun/servlet/trcontratosolicitud? HTTP/1.1" 200 13422
200.72.197.82 - - [08/Mar/2018:13:41:18 -0300] "GET /cormun/servlet/trcontratosolicitud? HTTP/1.1" 200 13434
186.103.132.155 - - [08/Mar/2018:13:41:32 -0300] "POST /cormun/servlet/trcontratosolicitud?983c11ca89af130ba74680e21710cbef,,gx-no-cache=1520527244043 HTTP/1.1" 200 6012
186.103.132.155 - - [08/Mar/2018:13:41:43 -0300] "GET /cormun/servlet/trcontratounov2? HTTP/1.1" 200 16985
186.103.132.155 - - [08/Mar/2018:13:41:43 -0300] "GET /cormun/static/gxcfg.js?201752512124396 HTTP/1.1" 200 953
186.103.132.155 - - [08/Mar/2018:13:41:43 -0300] "GET /cormun/static/Resources/PXToolsAddSelectedAction.png HTTP/1.1" 200 3660
186.103.132.155 - - [08/Mar/2018:13:41:43 -0300] "GET /cormun/servlet/trcontratounov2? HTTP/1.1" 200 16968
207.46.13.4 - - [08/Mar/2018:13:41:49 -0300] "GET /cormun/servlet/hlogin HTTP/1.1" 200 1709
186.103.159.204 - - [08/Mar/2018:13:41:56 -0300] "POST /cormun/servlet/solicitudot?gx-no-cache=1520527267522 HTTP/1.1" 200 255
