200.111.122.170 - - [08/Mar/2018:17:05:19 -0300] "POST /cormun/servlet/solicitudot?gx-no-cache=1520539468696 HTTP/1.1" 200 38
200.111.122.170 - - [08/Mar/2018:17:05:19 -0300] "GET /cormun/servlet/solicitudot?481a2208ca1c1781a7572eee9dd93ef1ca6f3404584b8e076e963d690ef5f3ecdf372f100519dad0dc8eed48800c6173076b42508a683f4916de9dfe8ffd473a2b4c20525cd054dd8b945b57a64362c72e34cef07dbad24e90a6ca3e4a0464f5093f01713ab86fca5ce9d4d47d0345df887f1e8868f74da8605aa4a08cb9e3d345df9a7dde8c7089410f4b3fa8f8b07680f1a87df8248ac57e37edeef8b5ae56,gx-no-cache=1520539468837 HTTP/1.1" 200 29
200.111.122.170 - - [08/Mar/2018:17:05:19 -0300] "POST /cormun/servlet/solicitudot?gx-no-cache=1520539469103 HTTP/1.1" 200 1319
200.111.122.170 - - [08/Mar/2018:17:05:20 -0300] "POST /cormun/servlet/solicitudot?gx-no-cache=1520539469308 HTTP/1.1" 200 1219
200.111.122.170 - - [08/Mar/2018:17:05:20 -0300] "GET /cormun/servlet/solicitudot?481a2208ca1c1781a7572eee9dd93ef146cf5d1abbcdf7e1852e5367683a959cc85a269e57c7baaa113b6509f1dbb2a5,gx-no-cache=1520539469971 HTTP/1.1" 200 30
186.103.157.246 - - [08/Mar/2018:17:05:27 -0300] "POST /cormun/servlet/solicitudot?gx-no-cache=1520539462322 HTTP/1.1" 200 1317
186.103.157.246 - - [08/Mar/2018:17:05:32 -0300] "POST /cormun/servlet/solicitudot?gx-no-cache=1520539477208 HTTP/1.1" 200 1215
200.111.122.170 - - [08/Mar/2018:17:05:38 -0300] "POST /cormun/servlet/solicitudot?gx-no-cache=1520539488261 HTTP/1.1" 200 1318
200.111.122.170 - - [08/Mar/2018:17:05:39 -0300] "POST /cormun/servlet/solicitudot?gx-no-cache=1520539488546 HTTP/1.1" 200 1219
200.111.122.170 - - [08/Mar/2018:17:05:39 -0300] "POST /cormun/servlet/solicitudot?gx-no-cache=1520539488746 HTTP/1.1" 200 33
190.100.93.40 - - [08/Mar/2018:17:05:49 -0300] "GET /cormun/servlet/trsolicitudot? HTTP/1.1" 200 6395
190.100.93.40 - - [08/Mar/2018:17:05:50 -0300] "GET /cormun/servlet/trsolicitudot? HTTP/1.1" 200 6389
190.100.93.40 - - [08/Mar/2018:17:05:50 -0300] "GET /cormun/servlet/hlogin HTTP/1.1" 200 1735
200.111.122.170 - - [08/Mar/2018:17:05:54 -0300] "POST /cormun/servlet/solicitudot?6e91eefb75fe3b249bc00f3e379e3776,INS,0,0,,gx-no-cache=1520539502860 HTTP/1.1" 200 93
200.111.122.170 - - [08/Mar/2018:17:05:54 -0300] "GET /cormun/servlet/hpexe_return? HTTP/1.1" 200 1004
200.111.122.170 - - [08/Mar/2018:17:05:54 -0300] "GET /cormun/servlet/trsolicitudot HTTP/1.1" 200 8819
200.111.122.170 - - [08/Mar/2018:17:05:56 -0300] "GET /cormun/servlet/trsolicitudot HTTP/1.1" 200 8815
186.103.157.246 - - [08/Mar/2018:17:06:04 -0300] "GET /cormun/static/menuarrow.gif HTTP/1.1" 404 1015
190.100.93.40 - - [08/Mar/2018:17:06:08 -0300] "POST /cormun/servlet/hlogin?1b9130ed9be976fbacee3f1a8dee6a09,gx-no-cache=1520539522240 HTTP/1.1" 200 453
186.103.157.246 - - [08/Mar/2018:17:06:09 -0300] "GET /cormun/servlet/solicitudot?cbe8921e100855d49693aaba0c944492585ac0ae5ff0904bb6d68c55aee7498f09248a672c2b98f68cfa3940945275c5,gx-no-cache=1520539518464 HTTP/1.1" 200 30
186.103.157.246 - - [08/Mar/2018:17:06:20 -0300] "POST /cormun/servlet/solicitudot?gx-no-cache=1520539529789 HTTP/1.1" 200 30
190.100.93.40 - - [08/Mar/2018:17:06:26 -0300] "POST /cormun/servlet/hlogin?1b9130ed9be976fbacee3f1a8dee6a09,gx-no-cache=1520539539966 HTTP/1.1" 200 90
190.100.93.40 - - [08/Mar/2018:17:06:26 -0300] "GET /cormun/servlet/hpexe_link HTTP/1.1" 200 954
190.100.93.40 - - [08/Mar/2018:17:06:26 -0300] "GET /cormun/servlet/trsolicitudot HTTP/1.1" 200 8780
190.100.93.40 - - [08/Mar/2018:17:06:27 -0300] "GET /cormun/servlet/trsolicitudot HTTP/1.1" 200 8779
186.103.157.246 - - [08/Mar/2018:17:06:30 -0300] "POST /cormun/servlet/solicitudot?fcbc8f8e118a50ef638018c5744288a6,INS,0,0,,gx-no-cache=1520539539407 HTTP/1.1" 200 93
186.103.157.246 - - [08/Mar/2018:17:06:30 -0300] "GET /cormun/servlet/hpexe_return? HTTP/1.1" 200 1000
186.103.157.246 - - [08/Mar/2018:17:06:30 -0300] "GET /cormun/servlet/trsolicitudot HTTP/1.1" 200 8456
186.103.161.206 - - [08/Mar/2018:17:06:37 -0300] "POST /cormun/servlet/trsolicitudot?6e91eefb75fe3b249bc00f3e379e3776,gx-no-cache=1520539546716 HTTP/1.1" 200 4698
186.103.161.206 - - [08/Mar/2018:17:06:37 -0300] "GET /cormun/static/Shared/jqueryui/images/ui-bg_highlight-soft_100_c6c2c8_1x100.png HTTP/1.1" 404 1117
186.103.132.155 - - [08/Mar/2018:17:06:37 -0300] "GET /cormun/static/Shared/jqueryui/images/ui-icons_82798d_256x240.png HTTP/1.1" 404 1089
186.103.132.155 - - [08/Mar/2018:17:06:37 -0300] "GET /cormun/static/Shared/jqueryui/images/ui-icons_8d78a5_256x240.png HTTP/1.1" 404 1089
186.103.161.206 - - [08/Mar/2018:17:06:37 -0300] "GET /cormun/static/Shared/jqueryui/images/ui-bg_flat_55_fafafa_40x100.png HTTP/1.1" 404 1097
186.103.132.155 - - [08/Mar/2018:17:06:38 -0300] "POST /cormun/servlet/trsolicitudot?6e91eefb75fe3b249bc00f3e379e3776,gx-no-cache=1520539547357 HTTP/1.1" 200 4455
186.103.157.246 - - [08/Mar/2018:17:06:41 -0300] "POST /cormun/servlet/trsolicitudot?fcbc8f8e118a50ef638018c5744288a6,gx-no-cache=1520539550098 HTTP/1.1" 200 4452
186.103.157.246 - - [08/Mar/2018:17:06:41 -0300] "GET /cormun/static/Shared/jqueryui/images/ui-bg_highlight-soft_100_c6c2c8_1x100.png HTTP/1.1" 404 1117
186.103.157.246 - - [08/Mar/2018:17:06:41 -0300] "GET /cormun/static/Shared/jqueryui/images/ui-icons_82798d_256x240.png HTTP/1.1" 404 1089
186.103.157.246 - - [08/Mar/2018:17:06:41 -0300] "GET /cormun/static/Shared/jqueryui/images/ui-bg_flat_55_fafafa_40x100.png HTTP/1.1" 404 1097
186.103.132.155 - - [08/Mar/2018:17:06:41 -0300] "GET /cormun/servlet/trautorizarsolicitud? HTTP/1.1" 200 8710
186.103.157.246 - - [08/Mar/2018:17:06:41 -0300] "GET /cormun/static/Shared/jqueryui/images/ui-icons_8d78a5_256x240.png HTTP/1.1" 404 1089
186.103.157.246 - - [08/Mar/2018:17:06:42 -0300] "POST /cormun/servlet/trsolicitudot?fcbc8f8e118a50ef638018c5744288a6,gx-no-cache=1520539551144 HTTP/1.1" 200 4251
186.103.132.155 - - [08/Mar/2018:17:06:43 -0300] "GET /cormun/servlet/trautorizarsolicitud? HTTP/1.1" 200 8709
186.103.132.155 - - [08/Mar/2018:17:07:15 -0300] "POST /cormun/servlet/trautorizarsolicitud?6e91eefb75fe3b249bc00f3e379e3776,,gx-no-cache=1520539584540 HTTP/1.1" 200 11400
186.103.132.155 - - [08/Mar/2018:17:07:15 -0300] "GET /cormun/static/Shared/jqueryui/images/ui-bg_highlight-soft_100_c6c2c8_1x100.png HTTP/1.1" 404 1117
186.67.203.186 - - [08/Mar/2018:17:07:15 -0300] "GET /cormun/static/Shared/jqueryui/images/ui-icons_82798d_256x240.png HTTP/1.1" 404 1089
186.67.203.186 - - [08/Mar/2018:17:07:16 -0300] "GET /cormun/static/Shared/jqueryui/images/ui-bg_flat_55_fafafa_40x100.png HTTP/1.1" 404 1097
186.103.132.155 - - [08/Mar/2018:17:07:16 -0300] "GET /cormun/static/Shared/jqueryui/images/ui-icons_8d78a5_256x240.png HTTP/1.1" 404 1089
186.103.132.155 - - [08/Mar/2018:17:07:16 -0300] "POST /cormun/servlet/trautorizarsolicitud?6e91eefb75fe3b249bc00f3e379e3776,,gx-no-cache=1520539585806 HTTP/1.1" 200 11342
186.103.132.155 - - [08/Mar/2018:17:07:22 -0300] "GET /cormun/servlet/veautorizarsolicitud?2018,10314,, HTTP/1.1" 200 8608
186.103.132.155 - - [08/Mar/2018:17:07:23 -0300] "GET /cormun/pexe_scrolldiv.js HTTP/1.1" 404 1009
186.103.132.155 - - [08/Mar/2018:17:07:23 -0300] "GET /cormun/pexe_scrolldiv.js HTTP/1.1" 404 1009
186.103.132.155 - - [08/Mar/2018:17:07:24 -0300] "GET /cormun/servlet/veautorizarsolicitud?2018,10314,, HTTP/1.1" 200 8607
190.100.93.40 - - [08/Mar/2018:17:07:30 -0300] "POST /cormun/servlet/trsolicitudot?1b9130ed9be976fbacee3f1a8dee6a09,gx-no-cache=1520539602922 HTTP/1.1" 200 4376
190.100.93.40 - - [08/Mar/2018:17:07:30 -0300] "POST /cormun/servlet/trsolicitudot?1b9130ed9be976fbacee3f1a8dee6a09,gx-no-cache=1520539603742 HTTP/1.1" 200 4188
192.168.10.89 - - [08/Mar/2018:17:07:31 -0300] "POST /cormun/servlet/trsolicitudgral?1ebb3a240a19b91fd59ea655bc0951a6,,gx-no-cache=1520539490237 HTTP/1.1" 200 5932
192.168.10.89 - - [08/Mar/2018:17:07:37 -0300] "POST /cormun/servlet/trsolicitudgral?1ebb3a240a19b91fd59ea655bc0951a6,,gx-no-cache=1520539495784 HTTP/1.1" 200 7589
190.100.93.40 - - [08/Mar/2018:17:07:37 -0300] "GET /cormun/servlet/trsolicitudot? HTTP/1.1" 200 7359
190.100.93.40 - - [08/Mar/2018:17:07:38 -0300] "GET /cormun/servlet/trsolicitudot? HTTP/1.1" 200 7359
190.100.93.40 - - [08/Mar/2018:17:07:40 -0300] "GET /cormun/servlet/solicitudot?INS,0,0, HTTP/1.1" 200 13778
190.100.93.40 - - [08/Mar/2018:17:07:40 -0300] "GET /cormun/servlet/solicitudot?INS,0,0, HTTP/1.1" 200 13783
200.72.197.82 - - [08/Mar/2018:17:08:04 -0300] "GET /cormun/servlet/trautorizarsolicitud? HTTP/1.1" 200 7315
200.72.197.82 - - [08/Mar/2018:17:08:06 -0300] "GET /cormun/servlet/trautorizarsolicitud? HTTP/1.1" 200 7314
186.103.159.204 - - [08/Mar/2018:17:09:40 -0300] "POST /cormun/servlet/trautorizarsolicitud?a2cc0ed564e081a15fa12b7790ddefb1,,gx-no-cache=1520539732155 HTTP/1.1" 440 972
186.103.159.204 - - [08/Mar/2018:17:09:44 -0300] "GET /cormun/servlet/trautorizarsolicitud? HTTP/1.1" 200 6291
186.103.159.204 - - [08/Mar/2018:17:09:44 -0300] "GET /cormun/servlet/hlogin HTTP/1.1" 200 1744
186.103.159.204 - - [08/Mar/2018:17:09:44 -0300] "GET /cormun/servlet/trautorizarsolicitud? HTTP/1.1" 200 6291
186.103.159.204 - - [08/Mar/2018:17:10:07 -0300] "POST /cormun/servlet/hlogin?50208ce3bdf9a9d7dbc03a0a4b2bfbc7,gx-no-cache=1520539759002 HTTP/1.1" 200 90
186.103.159.204 - - [08/Mar/2018:17:10:07 -0300] "GET /cormun/servlet/hpexe_link HTTP/1.1" 200 963
186.103.159.204 - - [08/Mar/2018:17:10:07 -0300] "GET /cormun/servlet/trautorizarsolicitud HTTP/1.1" 200 7028
186.103.159.204 - - [08/Mar/2018:17:10:08 -0300] "GET /cormun/servlet/trautorizarsolicitud HTTP/1.1" 200 7025
186.103.159.204 - - [08/Mar/2018:17:10:19 -0300] "GET /cormun/servlet/trvisualizadoreventos? HTTP/1.1" 200 6837
186.103.159.204 - - [08/Mar/2018:17:10:20 -0300] "GET /cormun/servlet/trvisualizadoreventos? HTTP/1.1" 200 6837
186.103.159.204 - - [08/Mar/2018:17:10:29 -0300] "POST /cormun/servlet/trvisualizadoreventos?50208ce3bdf9a9d7dbc03a0a4b2bfbc7,,gx-no-cache=1520539781227 HTTP/1.1" 200 4143
186.103.159.204 - - [08/Mar/2018:17:10:32 -0300] "POST /cormun/servlet/trvisualizadoreventos?50208ce3bdf9a9d7dbc03a0a4b2bfbc7,,gx-no-cache=1520539783380 HTTP/1.1" 200 4143
186.103.159.204 - - [08/Mar/2018:17:10:32 -0300] "POST /cormun/servlet/trvisualizadoreventos?50208ce3bdf9a9d7dbc03a0a4b2bfbc7,,gx-no-cache=1520539783610 HTTP/1.1" 200 4143
186.103.159.204 - - [08/Mar/2018:17:10:44 -0300] "POST /cormun/servlet/trvisualizadoreventos?50208ce3bdf9a9d7dbc03a0a4b2bfbc7,,gx-no-cache=1520539796101 HTTP/1.1" 200 6199
186.103.159.204 - - [08/Mar/2018:17:11:17 -0300] "GET /cormun/servlet/trcontratounov2? HTTP/1.1" 200 17626
186.103.159.204 - - [08/Mar/2018:17:11:18 -0300] "GET /cormun/servlet/trcontratounov2? HTTP/1.1" 200 17653
186.103.159.204 - - [08/Mar/2018:17:11:49 -0300] "POST /cormun/servlet/trcontratounov2?50208ce3bdf9a9d7dbc03a0a4b2bfbc7,,gx-no-cache=1520539860507 HTTP/1.1" 200 6179
186.103.159.204 - - [08/Mar/2018:17:11:52 -0300] "POST /cormun/servlet/trcontratounov2?50208ce3bdf9a9d7dbc03a0a4b2bfbc7,,gx-no-cache=1520539864046 HTTP/1.1" 200 4217
186.103.159.204 - - [08/Mar/2018:17:11:52 -0300] "POST /cormun/servlet/trcontratounov2?50208ce3bdf9a9d7dbc03a0a4b2bfbc7,,gx-no-cache=1520539864327 HTTP/1.1" 200 4217
186.103.159.204 - - [08/Mar/2018:17:11:53 -0300] "POST /cormun/servlet/trcontratounov2?50208ce3bdf9a9d7dbc03a0a4b2bfbc7,,gx-no-cache=1520539864548 HTTP/1.1" 200 4217
200.54.247.70 - - [08/Mar/2018:17:12:01 -0300] "GET /cormun/servlet/solicitudot?6f36f3f7841f4ef847b0e180d3ca2663497961bc1dc3d5b72335112f235970c61e485aadce0eaea0af8c6435c3a85d18,gx-no-cache=1520539870285 HTTP/1.1" 440 972
186.103.159.204 - - [08/Mar/2018:17:12:01 -0300] "GET /cormun/servlet/trcontratosolicitud? HTTP/1.1" 200 11788
200.54.247.70 - - [08/Mar/2018:17:12:02 -0300] "POST /cormun/servlet/solicitudot?gx-no-cache=1520539871191 HTTP/1.1" 440 972
200.54.247.70 - - [08/Mar/2018:17:12:02 -0300] "GET /cormun/servlet/solicitudot?6f36f3f7841f4ef847b0e180d3ca2663329f21269f982d7d975246bb5fdf24e779c0e0267be2d906bc1974d1289dac6e3e4456e7523d8b27316c6f291b51b63f111e7bb73a7942f8f2894aac9c03d66920ac55e64ca58dd2c4e176baa1da7dcf08acf614623c2468fa256c6aaf2b28377d17a25a7fc92ec0b33b39265d085580d7fd75f996cd3643033c49d6b2afb7888883d2da3d2449590f346e350a79e42263b2ee624329090d4e72164a13c4a3b7e628ba684df43f123e6152092e3ac199e779c1b8cfe03ae682b9ba4b264302e435fa02078ff7e2491197f544dc3ec13bcca8b031f2eae19eea9eae9e5ed6fcbeb864a9b447c4574dac832dedb63cddc83dc4519d6580e5bcc66b949124affba6f9609046f4a8f02d5b8d292aa1fcef4123b58d3a7d84b64662aa303acb88f1b9656bf78df1194a5bcb72e35e8196819a50ac937aa390bfa2845c8fd16bab01bb80fac2017688ea32228ba1d5c0ad0eb0db3d92e1036b63ed008b709c8a7cd90b0b732cd151427c66839c8fdc5db7b050e578e86b0607bb98cc173d3c6f5e0073,gx-no-cache=1520539871295 HTTP/1.1" 500 10
200.54.247.70 - - [08/Mar/2018:17:12:02 -0300] "POST /cormun/servlet/solicitudot?gx-no-cache=1520539871377 HTTP/1.1" 440 972
186.103.159.204 - - [08/Mar/2018:17:12:02 -0300] "GET /cormun/servlet/trcontratosolicitud? HTTP/1.1" 200 11777
200.54.247.70 - - [08/Mar/2018:17:12:02 -0300] "POST /cormun/servlet/solicitudot?gx-no-cache=1520539871414 HTTP/1.1" 440 972
200.54.247.70 - - [08/Mar/2018:17:12:02 -0300] "POST /cormun/servlet/solicitudot?gx-no-cache=1520539871487 HTTP/1.1" 440 972
200.54.247.70 - - [08/Mar/2018:17:12:02 -0300] "POST /cormun/servlet/solicitudot?gx-no-cache=1520539871523 HTTP/1.1" 440 972
200.54.247.70 - - [08/Mar/2018:17:12:02 -0300] "POST /cormun/servlet/solicitudot?gx-no-cache=1520539871571 HTTP/1.1" 440 972
200.54.247.70 - - [08/Mar/2018:17:12:02 -0300] "GET /cormun/servlet/solicitudot?6f36f3f7841f4ef847b0e180d3ca26639e450352cd0a4a6279521e400851eb76c93308941ebe7714ecac0ead54762bc5,gx-no-cache=1520539871602 HTTP/1.1" 440 972
200.54.247.70 - - [08/Mar/2018:17:12:02 -0300] "POST /cormun/servlet/solicitudot?gx-no-cache=1520539871637 HTTP/1.1" 440 972
200.54.247.70 - - [08/Mar/2018:17:12:02 -0300] "POST /cormun/servlet/solicitudot?c3dd8a84dfc325bae4bfdc2eda17434a,INS,0,0,,gx-no-cache=1520539871673 HTTP/1.1" 440 972
200.54.247.70 - - [08/Mar/2018:17:12:04 -0300] "POST /cormun/servlet/solicitudot?c3dd8a84dfc325bae4bfdc2eda17434a,INS,0,0,,gx-no-cache=1520539873282 HTTP/1.1" 440 972
200.54.247.70 - - [08/Mar/2018:17:12:09 -0300] "POST /cormun/servlet/solicitudot?c3dd8a84dfc325bae4bfdc2eda17434a,INS,0,0,,gx-no-cache=1520539877932 HTTP/1.1" 440 972
200.54.247.70 - - [08/Mar/2018:17:12:10 -0300] "POST /cormun/servlet/solicitudot?c3dd8a84dfc325bae4bfdc2eda17434a,INS,0,0,,gx-no-cache=1520539879243 HTTP/1.1" 440 972
200.54.247.70 - - [08/Mar/2018:17:12:16 -0300] "GET /cormun/servlet/trsolicitudot? HTTP/1.1" 200 6395
200.54.247.70 - - [08/Mar/2018:17:12:16 -0300] "GET /cormun/servlet/hlogin HTTP/1.1" 200 1743
200.54.247.70 - - [08/Mar/2018:17:12:16 -0300] "GET /cormun/servlet/trsolicitudot? HTTP/1.1" 200 6395
186.103.159.204 - - [08/Mar/2018:17:12:21 -0300] "GET /cormun/servlet/trsolicitudot? HTTP/1.1" 200 8703
186.103.159.204 - - [08/Mar/2018:17:12:22 -0300] "GET /cormun/servlet/trsolicitudot? HTTP/1.1" 200 8703
200.54.247.70 - - [08/Mar/2018:17:12:26 -0300] "POST /cormun/servlet/hlogin?e74d4f76194e4434dcfb69f2c72b29b9,gx-no-cache=1520539895190 HTTP/1.1" 200 90
200.54.247.70 - - [08/Mar/2018:17:12:26 -0300] "GET /cormun/servlet/hpexe_link HTTP/1.1" 200 960
200.54.247.70 - - [08/Mar/2018:17:12:26 -0300] "GET /cormun/servlet/trsolicitudot HTTP/1.1" 200 7279
186.103.159.204 - - [08/Mar/2018:17:12:30 -0300] "POST /cormun/servlet/trsolicitudot?50208ce3bdf9a9d7dbc03a0a4b2bfbc7,,gx-no-cache=1520539901909 HTTP/1.1" 200 6279
200.54.247.70 - - [08/Mar/2018:17:12:32 -0300] "GET /cormun/servlet/trautorizarsolicitud? HTTP/1.1" 200 7356
200.54.247.70 - - [08/Mar/2018:17:12:37 -0300] "GET /cormun/servlet/trvisualizadoreventos? HTTP/1.1" 200 6998
200.54.247.70 - - [08/Mar/2018:17:12:41 -0300] "GET /cormun/servlet/trsolicitudot? HTTP/1.1" 200 7278
200.72.197.82 - - [08/Mar/2018:17:12:42 -0300] "GET /cormun/servlet/hlogin HTTP/1.1" 200 1739
186.103.159.204 - - [08/Mar/2018:17:12:43 -0300] "POST /cormun/servlet/trsolicitudot?50208ce3bdf9a9d7dbc03a0a4b2bfbc7,,gx-no-cache=1520539915319 HTTP/1.1" 200 4480
200.54.247.70 - - [08/Mar/2018:17:12:44 -0300] "GET /cormun/servlet/solicitudot?INS,0,0, HTTP/1.1" 200 13680
186.103.159.204 - - [08/Mar/2018:17:12:45 -0300] "POST /cormun/servlet/trsolicitudot?50208ce3bdf9a9d7dbc03a0a4b2bfbc7,,gx-no-cache=1520539916441 HTTP/1.1" 200 4480
186.103.159.204 - - [08/Mar/2018:17:12:58 -0300] "POST /cormun/servlet/trsolicitudot?50208ce3bdf9a9d7dbc03a0a4b2bfbc7,,gx-no-cache=1520539929390 HTTP/1.1" 200 4479
186.103.159.204 - - [08/Mar/2018:17:12:58 -0300] "POST /cormun/servlet/trsolicitudot?50208ce3bdf9a9d7dbc03a0a4b2bfbc7,,gx-no-cache=1520539930290 HTTP/1.1" 200 4479
186.103.159.204 - - [08/Mar/2018:17:12:59 -0300] "POST /cormun/servlet/trsolicitudot?50208ce3bdf9a9d7dbc03a0a4b2bfbc7,,gx-no-cache=1520539930613 HTTP/1.1" 200 4479
200.54.247.70 - - [08/Mar/2018:17:13:00 -0300] "POST /cormun/servlet/solicitudot?gx-no-cache=1520539929096 HTTP/1.1" 200 3409
200.54.247.70 - - [08/Mar/2018:17:13:00 -0300] "POST /cormun/servlet/solicitudot?e74d4f76194e4434dcfb69f2c72b29b9,INS,0,0,,gx-no-cache=1520539929337 HTTP/1.1" 200 10595
200.54.247.70 - - [08/Mar/2018:17:13:04 -0300] "GET /cormun/servlet/solicitudot?4e2f8c95f71b923cbf69c7e9e901ca26cf1de12ea380c19505b041f0608595060dd8ec25ca113cd665554dba5a70090a,gx-no-cache=1520539933707 HTTP/1.1" 200 30
200.54.247.70 - - [08/Mar/2018:17:13:05 -0300] "GET /cormun/servlet/solicitudot?4e2f8c95f71b923cbf69c7e9e901ca267da4d4604bb2a274fbc3b3e6addb70c9a8490a04392474c764685dcc7cacb53b,gx-no-cache=1520539933744 HTTP/1.1" 200 30
200.54.247.70 - - [08/Mar/2018:17:13:05 -0300] "GET /cormun/servlet/solicitudot?4e2f8c95f71b923cbf69c7e9e901ca26cc4308e05d9dd8c84c13c7008d40dfc1,gx-no-cache=1520539933780 HTTP/1.1" 200 59
200.54.247.70 - - [08/Mar/2018:17:13:05 -0300] "POST /cormun/servlet/solicitudot?gx-no-cache=1520539933834 HTTP/1.1" 200 297
200.54.247.70 - - [08/Mar/2018:17:13:05 -0300] "GET /cormun/servlet/solicitudot?4e2f8c95f71b923cbf69c7e9e901ca261f88ad106bc56225e2200a1a25107f2584980c16641f951b568a9e7637d99b7cc823eeca023a88517b52e6a44e542e973a5dcbfa259ff4317bd160d7a9ad94dc5c7a91928c081ff21d4fc6dbdefbfb623bc48e49655573f1f64268efbf82db411ec8f35712816ecddec9d7487096e65530d9f224008b607020635ebefdfc54718ff46a67ce5b30d038c70eafdc5414af13c6d596b6aa9507e3f53289cd21acd1a6e72dc5dd288cb1e2076ddb01dfc0efa53294c952c5311373f2d62a9d602e118fa7081c23043071d3384fdd238c5fd9616f4aafc1ea7f92baa17eecd44cfe740c460979d8e4c14333436fcde1bc0a08ab89c26ce2da424ef7fe5f7d6960557444f5f67a0585ef8d0f4ac93728934c47b9f58851cf3b0e508f127ef3463d5d024ce9d0515f8f5d7764863ee23162824f9226d70a6d426c2b4f6c1d756c86ec5a0ec8768e42a00e748a93f94a2f1c6e7d8cb1bebd71f01f80a8490b4b679f4b81ffaf77d1503c001cf260bf8888c78b680d44c9b181ff303d8996b4c6ab3f8f4a,gx-no-cache=1520539933872 HTTP/1.1" 200 30
200.54.247.70 - - [08/Mar/2018:17:13:07 -0300] "POST /cormun/servlet/solicitudot?gx-no-cache=1520539936024 HTTP/1.1" 200 30
186.103.159.204 - - [08/Mar/2018:17:13:07 -0300] "POST /cormun/servlet/trsolicitudot?50208ce3bdf9a9d7dbc03a0a4b2bfbc7,,gx-no-cache=1520539938860 HTTP/1.1" 200 12692
200.54.247.70 - - [08/Mar/2018:17:13:16 -0300] "POST /cormun/servlet/solicitudot?gx-no-cache=1520539945365 HTTP/1.1" 200 297
200.54.247.70 - - [08/Mar/2018:17:13:16 -0300] "GET /cormun/servlet/solicitudot?4e2f8c95f71b923cbf69c7e9e901ca261f88ad106bc56225e2200a1a25107f2584980c16641f951b568a9e7637d99b7cc823eeca023a88517b52e6a44e542e973a5dcbfa259ff4317bd160d7a9ad94dc5c7a91928c081ff21d4fc6dbdefbfb623bc48e49655573f1f64268efbf82db411ec8f35712816ecddec9d7487096e65530d9f224008b607020635ebefdfc54718ff46a67ce5b30d038c70eafdc5414af13c6d596b6aa9507e3f53289cd21acd1a6e72dc5dd288cb1e2076ddb01dfc0efa53294c952c5311373f2d62a9d602e118fa7081c23043071d3384fdd238c5fd9616f4aafc1ea7f92baa17eecd44cfe740c460979d8e4c14333436fcde1bc0a08ab89c26ce2da424ef7fe5f7d6960557444f5f67a0585ef8d0f4ac93728934c47b9f58851cf3b0e508f127ef3463d5d024ce9d0515f8f5d7764863ee23162824f9226d70a6d426c2b4f6c1d756c86ec5a0ec8768e42a00e748a93f94a2f1c6e7d8cb1bebd71f01f80a8490b4b679f4b81098aaae08d42f9b12866a223fc50b7ee0d44c9b181ff303d8996b4c6ab3f8f4a,gx-no-cache=1520539945441 HTTP/1.1" 200 30
200.54.247.70 - - [08/Mar/2018:17:13:16 -0300] "POST /cormun/servlet/solicitudot?gx-no-cache=1520539945487 HTTP/1.1" 200 30
200.54.247.70 - - [08/Mar/2018:17:13:16 -0300] "POST /cormun/servlet/solicitudot?gx-no-cache=1520539945542 HTTP/1.1" 200 1337
200.54.247.70 - - [08/Mar/2018:17:13:16 -0300] "POST /cormun/servlet/solicitudot?gx-no-cache=1520539945686 HTTP/1.1" 200 38
200.54.247.70 - - [08/Mar/2018:17:13:30 -0300] "GET /cormun/servlet/solicitudot?4e2f8c95f71b923cbf69c7e9e901ca261119c76b62f2a0e077f26fd7c1b8f2b0030c19d997620e38583a7d3c25e6abf0799ae9c43d063e604e06765072bff2499f2e84bd489b8667cc60ee12b182b3e3d293a924683ed9602fa43d00c6030d73dbaa26a48f64ae653df2f3c1f85db3c5,gx-no-cache=1520539958926 HTTP/1.1" 200 29
200.54.247.70 - - [08/Mar/2018:17:13:30 -0300] "POST /cormun/servlet/solicitudot?gx-no-cache=1520539958965 HTTP/1.1" 200 1317
200.54.247.70 - - [08/Mar/2018:17:13:30 -0300] "POST /cormun/servlet/solicitudot?gx-no-cache=1520539959014 HTTP/1.1" 200 1217
200.54.247.70 - - [08/Mar/2018:17:13:30 -0300] "GET /cormun/static/menuarrow.gif HTTP/1.1" 404 1015
200.54.247.70 - - [08/Mar/2018:17:13:33 -0300] "POST /cormun/servlet/solicitudot?gx-no-cache=1520539962347 HTTP/1.1" 200 1317
200.54.247.70 - - [08/Mar/2018:17:13:33 -0300] "POST /cormun/servlet/solicitudot?gx-no-cache=1520539962400 HTTP/1.1" 200 1217
200.54.247.70 - - [08/Mar/2018:17:13:34 -0300] "GET /cormun/servlet/solicitudot?4e2f8c95f71b923cbf69c7e9e901ca26740f4562510509917a28b8b1c8209a73665e697bf2fdd55c7fb2ec33ae3e91b3,gx-no-cache=1520539963627 HTTP/1.1" 200 30
200.54.247.70 - - [08/Mar/2018:17:13:46 -0300] "POST /cormun/servlet/solicitudot?gx-no-cache=1520539974926 HTTP/1.1" 200 30
200.54.247.70 - - [08/Mar/2018:17:13:46 -0300] "POST /cormun/servlet/solicitudot?e74d4f76194e4434dcfb69f2c72b29b9,INS,0,0,,gx-no-cache=1520539974969 HTTP/1.1" 200 93
200.54.247.70 - - [08/Mar/2018:17:13:46 -0300] "GET /cormun/servlet/hpexe_return? HTTP/1.1" 200 1011
200.54.247.70 - - [08/Mar/2018:17:13:46 -0300] "GET /cormun/servlet/trsolicitudot HTTP/1.1" 200 8677
200.54.247.70 - - [08/Mar/2018:17:13:50 -0300] "POST /cormun/servlet/trsolicitudot?e74d4f76194e4434dcfb69f2c72b29b9,gx-no-cache=1520539978708 HTTP/1.1" 200 4408
200.54.247.70 - - [08/Mar/2018:17:13:50 -0300] "POST /cormun/servlet/trsolicitudot?e74d4f76194e4434dcfb69f2c72b29b9,gx-no-cache=1520539978995 HTTP/1.1" 200 4191
200.54.247.70 - - [08/Mar/2018:17:13:50 -0300] "GET /cormun/static/Shared/jqueryui/images/ui-bg_flat_55_fafafa_40x100.png HTTP/1.1" 404 1097
200.54.247.70 - - [08/Mar/2018:17:13:50 -0300] "GET /cormun/static/Shared/jqueryui/images/ui-icons_82798d_256x240.png HTTP/1.1" 404 1089
200.54.247.70 - - [08/Mar/2018:17:13:50 -0300] "GET /cormun/static/Shared/jqueryui/images/ui-icons_8d78a5_256x240.png HTTP/1.1" 404 1089
200.54.247.70 - - [08/Mar/2018:17:13:50 -0300] "GET /cormun/static/Shared/jqueryui/images/ui-bg_highlight-soft_100_c6c2c8_1x100.png HTTP/1.1" 404 1117
186.103.159.204 - - [08/Mar/2018:17:13:54 -0300] "POST /cormun/servlet/trsolicitudot?50208ce3bdf9a9d7dbc03a0a4b2bfbc7,,gx-no-cache=1520539985249 HTTP/1.1" 200 11271
200.54.247.70 - - [08/Mar/2018:17:13:56 -0300] "GET /cormun/servlet/trautorizarsolicitud? HTTP/1.1" 200 8697
200.54.247.70 - - [08/Mar/2018:17:13:59 -0300] "POST /cormun/servlet/trautorizarsolicitud?e74d4f76194e4434dcfb69f2c72b29b9,,gx-no-cache=1520539987928 HTTP/1.1" 200 4608
200.54.247.70 - - [08/Mar/2018:17:13:59 -0300] "POST /cormun/servlet/trautorizarsolicitud?e74d4f76194e4434dcfb69f2c72b29b9,,gx-no-cache=1520539988197 HTTP/1.1" 200 4388
200.54.247.70 - - [08/Mar/2018:17:13:59 -0300] "GET /cormun/static/Shared/jqueryui/images/ui-bg_flat_55_fafafa_40x100.png HTTP/1.1" 404 1097
200.54.247.70 - - [08/Mar/2018:17:13:59 -0300] "GET /cormun/static/Shared/jqueryui/images/ui-icons_8d78a5_256x240.png HTTP/1.1" 404 1089
200.54.247.70 - - [08/Mar/2018:17:13:59 -0300] "GET /cormun/static/Shared/jqueryui/images/ui-bg_highlight-soft_100_c6c2c8_1x100.png HTTP/1.1" 404 1117
200.54.247.70 - - [08/Mar/2018:17:13:59 -0300] "GET /cormun/static/Shared/jqueryui/images/ui-icons_82798d_256x240.png HTTP/1.1" 404 1089
186.103.159.204 - - [08/Mar/2018:17:14:41 -0300] "POST /cormun/servlet/trsolicitudot?50208ce3bdf9a9d7dbc03a0a4b2bfbc7,,gx-no-cache=1520540031860 HTTP/1.1" 200 11246
192.168.10.89 - - [08/Mar/2018:17:15:16 -0300] "POST /cormun/servlet/trsolicitudgral?1ebb3a240a19b91fd59ea655bc0951a6,,gx-no-cache=1520539955010 HTTP/1.1" 200 7628
192.168.10.89 - - [08/Mar/2018:17:15:26 -0300] "POST /cormun/servlet/trsolicitudgral?1ebb3a240a19b91fd59ea655bc0951a6,,gx-no-cache=1520539964791 HTTP/1.1" 200 115
192.168.10.89 - - [08/Mar/2018:17:15:26 -0300] "GET /cormun/servlet/solicitudotlog?INS,2018,9945,0,REC, HTTP/1.1" 200 6722
192.168.10.89 - - [08/Mar/2018:17:15:26 -0300] "GET /cormun/static/calendar-system.css?75620 HTTP/1.1" 200 5572
192.168.10.89 - - [08/Mar/2018:17:15:26 -0300] "GET /cormun/static/gxcfg.js?2017761245646 HTTP/1.1" 200 953
192.168.10.89 - - [08/Mar/2018:17:15:26 -0300] "GET /cormun/static/solicitudotlog.js?2017761245655 HTTP/1.1" 200 8934
192.168.10.89 - - [08/Mar/2018:17:15:27 -0300] "GET /cormun/servlet/solicitudotlog?cd9728eed048079581349102ebbfccf6e1b014c6b8e69b1134f2c0a39a53e3a383118956bb25a827a174eb80fe004a5c0811f2c86fdc329340d2a5833d9a301b255925c7d75c3d72c385efd00afe9ba0842c537b3335d1ba89f2572d8ac4e1846408f61192aefcf115cafb89b91c07819c13ab03a215c7f8ad7c3ca570ec19405d3deeb4bb722c96bbdf0eec1ec778f25e21daf1cc79fdec21a79ba47289ef02,gx-no-cache=1520539965962 HTTP/1.1" 200 94
192.168.10.89 - - [08/Mar/2018:17:15:31 -0300] "POST /cormun/servlet/solicitudotlog?1ebb3a240a19b91fd59ea655bc0951a6,INS,2018,9945,0,REC,,gx-no-cache=1520539969385 HTTP/1.1" 200 93
192.168.10.89 - - [08/Mar/2018:17:15:31 -0300] "GET /cormun/servlet/hpexe_return? HTTP/1.1" 200 1026
192.168.10.89 - - [08/Mar/2018:17:15:31 -0300] "GET /cormun/servlet/trsolicitudgral? HTTP/1.1" 200 11128
192.168.10.96 - - [08/Mar/2018:17:15:42 -0300] "POST /cormun/servlet/trsolicitudgral?0f5366ab3714cef62e04a2a456a5da01,,gx-no-cache=1520539981101 HTTP/1.1" 200 15786
192.168.10.96 - - [08/Mar/2018:17:15:48 -0300] "POST /cormun/servlet/trsolicitudgral?0f5366ab3714cef62e04a2a456a5da01,,gx-no-cache=1520539986660 HTTP/1.1" 200 5926
192.168.10.96 - - [08/Mar/2018:17:15:50 -0300] "POST /cormun/servlet/trsolicitudgral?0f5366ab3714cef62e04a2a456a5da01,,gx-no-cache=1520539988352 HTTP/1.1" 200 5926
192.168.10.96 - - [08/Mar/2018:17:15:50 -0300] "POST /cormun/servlet/trsolicitudgral?0f5366ab3714cef62e04a2a456a5da01,,gx-no-cache=1520539988680 HTTP/1.1" 200 5926
192.168.10.96 - - [08/Mar/2018:17:15:53 -0300] "POST /cormun/servlet/trsolicitudgral?0f5366ab3714cef62e04a2a456a5da01,,gx-no-cache=1520539991681 HTTP/1.1" 200 11543
192.168.10.89 - - [08/Mar/2018:17:15:57 -0300] "POST /cormun/servlet/trsolicitudgral?1ebb3a240a19b91fd59ea655bc0951a6,,gx-no-cache=1520539995866 HTTP/1.1" 200 7617
186.103.157.246 - - [08/Mar/2018:17:16:07 -0300] "GET /cormun/servlet/trsolicitudot? HTTP/1.1" 200 7090
192.168.10.96 - - [08/Mar/2018:17:16:08 -0300] "GET /cormun/servlet/vesolicitudgral?2018,9975,, HTTP/1.1" 200 9298
192.168.10.96 - - [08/Mar/2018:17:16:08 -0300] "GET /cormun/pexe_scrolldiv.js HTTP/1.1" 404 1009
192.168.10.96 - - [08/Mar/2018:17:16:08 -0300] "GET /cormun/pexe_scrolldiv.js HTTP/1.1" 404 1009
192.168.10.96 - - [08/Mar/2018:17:16:08 -0300] "GET /cormun/servlet/vesolicitudgral?2018,9975,, HTTP/1.1" 200 9297
192.168.10.96 - - [08/Mar/2018:17:16:16 -0300] "GET /cormun/servlet/vesolicitudgral?2018,9975,,SolicitudOTAdjuntos HTTP/1.1" 200 11249
192.168.10.96 - - [08/Mar/2018:17:16:16 -0300] "GET /cormun/pexe_scrolldiv.js HTTP/1.1" 404 1009
192.168.10.96 - - [08/Mar/2018:17:16:16 -0300] "GET /cormun/pexe_scrolldiv.js HTTP/1.1" 404 1009
192.168.10.96 - - [08/Mar/2018:17:16:17 -0300] "GET /cormun/servlet/vesolicitudgral?2018,9975,,SolicitudOTAdjuntos HTTP/1.1" 200 11251
192.168.10.96 - - [08/Mar/2018:17:16:17 -0300] "POST /cormun/servlet/acontrolpreferencessavestate?None,DZAMUDIO,true HTTP/1.1" 200 35
186.103.157.246 - - [08/Mar/2018:17:16:26 -0300] "GET /cormun/servlet/solicitudot?INS,0,0, HTTP/1.1" 200 13329
192.168.10.89 - - [08/Mar/2018:17:16:30 -0300] "POST /cormun/servlet/trsolicitudgral?1ebb3a240a19b91fd59ea655bc0951a6,,gx-no-cache=1520540028963 HTTP/1.1" 200 115
192.168.10.89 - - [08/Mar/2018:17:16:30 -0300] "GET /cormun/servlet/solicitudotlog?INS,2018,9495,0,REC, HTTP/1.1" 200 6722
192.168.10.89 - - [08/Mar/2018:17:16:31 -0300] "GET /cormun/servlet/solicitudotlog?cd9728eed048079581349102ebbfccf68cff3936d8b28b755880eeff23dba8ba83118956bb25a827a174eb80fe004a5c0811f2c86fdc329340d2a5833d9a301b255925c7d75c3d72c385efd00afe9ba0842c537b3335d1ba89f2572d8ac4e1846408f61192aefcf115cafb89b91c07819c13ab03a215c7f8ad7c3ca570ec19405d3deeb4bb722c96bbdf0eec1ec778f25e21daf1cc79fdec21a79ba47289ef02,gx-no-cache=1520540030113 HTTP/1.1" 200 94
192.168.10.89 - - [08/Mar/2018:17:16:35 -0300] "POST /cormun/servlet/solicitudotlog?1ebb3a240a19b91fd59ea655bc0951a6,INS,2018,9495,0,REC,,gx-no-cache=1520540033540 HTTP/1.1" 200 93
192.168.10.89 - - [08/Mar/2018:17:16:35 -0300] "GET /cormun/servlet/hpexe_return? HTTP/1.1" 200 1026
192.168.10.89 - - [08/Mar/2018:17:16:35 -0300] "GET /cormun/servlet/trsolicitudgral? HTTP/1.1" 200 11108
192.168.10.62 - - [08/Mar/2018:17:16:35 -0300] "POST /cormun/servlet/trsolicitudgral?6f6f519d6a482d0280771a3702ec085c,gx-no-cache=1520540033907 HTTP/1.1" 200 7822
192.168.10.89 - - [08/Mar/2018:17:16:47 -0300] "POST /cormun/servlet/trsolicitudgral?1ebb3a240a19b91fd59ea655bc0951a6,,gx-no-cache=1520540045950 HTTP/1.1" 200 16055
186.103.157.246 - - [08/Mar/2018:17:16:53 -0300] "POST /cormun/servlet/solicitudot?gx-no-cache=1520540163241 HTTP/1.1" 200 3365
186.103.157.246 - - [08/Mar/2018:17:16:53 -0300] "GET /cormun/static/Shared/jqueryui/images/ui-bg_highlight-soft_100_c6c2c8_1x100.png HTTP/1.1" 404 1117
186.103.157.246 - - [08/Mar/2018:17:16:53 -0300] "GET /cormun/static/Shared/jqueryui/images/ui-icons_82798d_256x240.png HTTP/1.1" 404 1089
186.103.157.246 - - [08/Mar/2018:17:16:53 -0300] "GET /cormun/static/Shared/jqueryui/images/ui-bg_flat_55_994d53_40x100.png HTTP/1.1" 404 1097
186.103.157.246 - - [08/Mar/2018:17:16:53 -0300] "GET /cormun/static/Shared/jqueryui/images/ui-icons_ebccce_256x240.png HTTP/1.1" 404 1089
186.103.157.246 - - [08/Mar/2018:17:16:58 -0300] "GET /cormun/servlet/solicitudot?cbe8921e100855d49693aaba0c94449242da75987bfff44b32405551bd8ba666aef6a40be18b024ff82be1dc7f63a2b4,gx-no-cache=1520540167619 HTTP/1.1" 200 30
192.168.10.96 - - [08/Mar/2018:17:16:59 -0300] "GET /cormun/PublicTempStorage/carnet5364197.pdf HTTP/1.1" 200 419992
192.168.10.96 - - [08/Mar/2018:17:17:06 -0300] "GET /cormun/servlet/vesolicitudgral?2018,9975,,SolicitudOTAdjuntos HTTP/1.1" 200 11248
192.168.10.96 - - [08/Mar/2018:17:17:07 -0300] "GET /cormun/servlet/vesolicitudgral?2018,9975,,SolicitudOTAdjuntos HTTP/1.1" 200 11251
192.168.10.96 - - [08/Mar/2018:17:17:08 -0300] "POST /cormun/servlet/acontrolpreferencessavestate?None,DZAMUDIO,true HTTP/1.1" 200 35
192.168.10.96 - - [08/Mar/2018:17:17:09 -0300] "GET /cormun/PublicTempStorage/afp5874084.pdf HTTP/1.1" 200 174522
190.100.93.40 - - [08/Mar/2018:17:17:14 -0300] "POST /cormun/servlet/solicitudot?gx-no-cache=1520540186969 HTTP/1.1" 200 3417
192.168.10.96 - - [08/Mar/2018:17:17:14 -0300] "GET /cormun/servlet/vesolicitudgral?2018,9975,,SolicitudOTAdjuntos HTTP/1.1" 200 11245
190.100.93.40 - - [08/Mar/2018:17:17:14 -0300] "POST /cormun/servlet/solicitudot?1b9130ed9be976fbacee3f1a8dee6a09,INS,0,0,,gx-no-cache=1520540187850 HTTP/1.1" 200 10585
190.100.93.40 - - [08/Mar/2018:17:17:14 -0300] "GET /cormun/servlet/solicitudot?29baff43c97330f8b835b6ab391248b6e500201f6222a9ee6eab9425cd7bf1f6a606f8ecf66c99590279dbb3b0282a6e,gx-no-cache=1520540188056 HTTP/1.1" 200 30
192.168.10.96 - - [08/Mar/2018:17:17:15 -0300] "GET /cormun/servlet/vesolicitudgral?2018,9975,,SolicitudOTAdjuntos HTTP/1.1" 200 11250
192.168.10.96 - - [08/Mar/2018:17:17:15 -0300] "POST /cormun/servlet/acontrolpreferencessavestate?None,DZAMUDIO,true HTTP/1.1" 200 35
192.168.10.96 - - [08/Mar/2018:17:17:16 -0300] "GET /cormun/PublicTempStorage/isapre354663.pdf HTTP/1.1" 200 179154
192.168.10.96 - - [08/Mar/2018:17:17:24 -0300] "GET /cormun/servlet/vesolicitudgral?2018,9975,,SolicitudOTAdjuntos HTTP/1.1" 200 11249
192.168.10.96 - - [08/Mar/2018:17:17:24 -0300] "GET /cormun/servlet/vesolicitudgral?2018,9975,,SolicitudOTAdjuntos HTTP/1.1" 200 11251
192.168.10.96 - - [08/Mar/2018:17:17:25 -0300] "POST /cormun/servlet/acontrolpreferencessavestate?None,DZAMUDIO,true HTTP/1.1" 200 35
190.100.93.40 - - [08/Mar/2018:17:17:25 -0300] "GET /cormun/servlet/trcontratosolicitud? HTTP/1.1" 200 14641
190.100.93.40 - - [08/Mar/2018:17:17:25 -0300] "GET /cormun/static/gxcfg.js?20177612214014 HTTP/1.1" 304 -
190.100.93.40 - - [08/Mar/2018:17:17:26 -0300] "GET /cormun/servlet/trcontratosolicitud? HTTP/1.1" 200 14629
192.168.10.96 - - [08/Mar/2018:17:17:28 -0300] "GET /cormun/PublicTempStorage/antecedentes712291.pdf HTTP/1.1" 200 531883
186.67.203.186 - - [08/Mar/2018:17:17:28 -0300] "POST /cormun/servlet/trsolicitudot?5d8a29561bfce75262ef3782187279cc,,gx-no-cache=1520540200710 HTTP/1.1" 440 972
186.67.203.186 - - [08/Mar/2018:17:17:30 -0300] "GET /cormun/servlet/trsolicitudot? HTTP/1.1" 200 6391
200.111.122.170 - - [08/Mar/2018:17:17:30 -0300] "GET /cormun/servlet/hlogin HTTP/1.1" 200 1734
186.67.203.186 - - [08/Mar/2018:17:17:30 -0300] "GET /cormun/servlet/trsolicitudot? HTTP/1.1" 200 6391
192.168.10.96 - - [08/Mar/2018:17:17:33 -0300] "GET /cormun/servlet/vesolicitudgral?2018,9975,,SolicitudOTAdjuntos HTTP/1.1" 200 11248
192.168.10.96 - - [08/Mar/2018:17:17:34 -0300] "GET /cormun/servlet/vesolicitudgral?2018,9975,,SolicitudOTAdjuntos HTTP/1.1" 200 11251
192.168.10.96 - - [08/Mar/2018:17:17:34 -0300] "POST /cormun/servlet/acontrolpreferencessavestate?None,DZAMUDIO,true HTTP/1.1" 200 35
190.100.93.40 - - [08/Mar/2018:17:17:36 -0300] "POST /cormun/servlet/trcontratosolicitud?1b9130ed9be976fbacee3f1a8dee6a09,,gx-no-cache=1520540209961 HTTP/1.1" 200 12300
192.168.10.96 - - [08/Mar/2018:17:17:37 -0300] "GET /cormun/PublicTempStorage/curriculum249827.pdf HTTP/1.1" 200 603074
192.168.10.96 - - [08/Mar/2018:17:17:42 -0300] "GET /cormun/servlet/vesolicitudgral?2018,9975,,SolicitudOTAdjuntos HTTP/1.1" 200 11250
192.168.10.96 - - [08/Mar/2018:17:17:43 -0300] "GET /cormun/servlet/vesolicitudgral?2018,9975,,SolicitudOTAdjuntos HTTP/1.1" 200 11249
190.100.93.40 - - [08/Mar/2018:17:17:43 -0300] "POST /cormun/servlet/trcontratosolicitud?1b9130ed9be976fbacee3f1a8dee6a09,,gx-no-cache=1520540217145 HTTP/1.1" 200 7521
192.168.10.96 - - [08/Mar/2018:17:17:44 -0300] "POST /cormun/servlet/acontrolpreferencessavestate?None,DZAMUDIO,true HTTP/1.1" 200 35
192.168.10.96 - - [08/Mar/2018:17:17:45 -0300] "GET /cormun/PublicTempStorage/titulo1581365.pdf HTTP/1.1" 200 831042
190.100.93.40 - - [08/Mar/2018:17:17:58 -0300] "GET /cormun/servlet/trsolicitudot? HTTP/1.1" 200 7360
190.100.93.40 - - [08/Mar/2018:17:17:59 -0300] "GET /cormun/servlet/trsolicitudot? HTTP/1.1" 200 7359
190.100.93.40 - - [08/Mar/2018:17:18:02 -0300] "GET /cormun/servlet/solicitudot?INS,0,0, HTTP/1.1" 200 13777
190.100.93.40 - - [08/Mar/2018:17:18:03 -0300] "GET /cormun/servlet/solicitudot?INS,0,0, HTTP/1.1" 200 13782
190.100.93.40 - - [08/Mar/2018:17:18:13 -0300] "POST /cormun/servlet/solicitudot?gx-no-cache=1520540246546 HTTP/1.1" 200 3417
190.100.93.40 - - [08/Mar/2018:17:18:13 -0300] "POST /cormun/servlet/solicitudot?1b9130ed9be976fbacee3f1a8dee6a09,INS,0,0,,gx-no-cache=1520540246754 HTTP/1.1" 200 10584
190.100.93.40 - - [08/Mar/2018:17:18:16 -0300] "GET /cormun/servlet/solicitudot?29baff43c97330f8b835b6ab391248b6e500201f6222a9ee6eab9425cd7bf1f6a606f8ecf66c99590279dbb3b0282a6e,gx-no-cache=1520540250351 HTTP/1.1" 200 30
190.100.93.40 - - [08/Mar/2018:17:18:17 -0300] "GET /cormun/servlet/solicitudot?29baff43c97330f8b835b6ab391248b6178cbf686eeb2c62d51445b22afb3712db4cdde1d8868331f6988185595c894d65e196a10f4869dc6d8b66cde9d20f30,gx-no-cache=1520540250416 HTTP/1.1" 200 30
190.100.93.40 - - [08/Mar/2018:17:18:17 -0300] "GET /cormun/servlet/solicitudot?29baff43c97330f8b835b6ab391248b696a3a67232e8d553b334fc565feea485,gx-no-cache=1520540250486 HTTP/1.1" 200 51
190.100.93.40 - - [08/Mar/2018:17:18:17 -0300] "POST /cormun/servlet/solicitudot?gx-no-cache=1520540250541 HTTP/1.1" 200 255
190.100.93.40 - - [08/Mar/2018:17:18:17 -0300] "GET /cormun/servlet/solicitudot?29baff43c97330f8b835b6ab391248b60f2ecd474805c7989f22ce676666b1e59510c666a4df75342383c09a9953a7e2c8bf0e60607ba58b3d505b9597736bdf5ee84bb6e26ddeeb4557abde64f5715dea2ec8c1aaaef14052db594565806bc8fbdacd79b3a030c9f7dfa95fb3a8be848346150ac756ee1623d3e57d591f286ef2ba135d01d7fd280ca682665f61793b4893fc3eff19f014d0d9bf4db93590baa619363a4939a7778f609cee083389b71dc18e026fbfcf2d14993378faca2c22ac39fdf985c75cd48313e713ae51cf6a2386ce34abbe4e44d810cddc9d7459550ad24cec2bfdec2103ce03424a8e4388171d14eec802160b2f05950dcc050c47f84c2cd78035b843917cef1dddf2261b49ab6ac0c5eccd19f30169d75ea559adc2d00c273baf635e04d45a981ad1bc7239eb1e82fdbd818ef66a475a63a10d15e829aa84bcdc3e1da784eea44b3ed9751486053da84e338f469cbc7d9769626de245aeb52e9ed17538d27bbd56b777f76057d7fbcb8ac96da20f53d57824ccf3,gx-no-cache=1520540250607 HTTP/1.1" 200 30
190.100.93.40 - - [08/Mar/2018:17:18:19 -0300] "POST /cormun/servlet/solicitudot?gx-no-cache=1520540252420 HTTP/1.1" 200 30
190.100.93.40 - - [08/Mar/2018:17:18:31 -0300] "POST /cormun/servlet/solicitudot?gx-no-cache=1520540264524 HTTP/1.1" 200 1337
190.100.93.40 - - [08/Mar/2018:17:18:31 -0300] "POST /cormun/servlet/solicitudot?gx-no-cache=1520540264599 HTTP/1.1" 200 38
192.168.10.62 - - [08/Mar/2018:17:18:41 -0300] "GET /cormun/servlet/vesolicitudgral?2018,8462,, HTTP/1.1" 200 9068
192.168.10.62 - - [08/Mar/2018:17:18:41 -0300] "GET /cormun/pexe_scrolldiv.js HTTP/1.1" 404 1009
192.168.10.62 - - [08/Mar/2018:17:18:41 -0300] "GET /cormun/pexe_scrolldiv.js HTTP/1.1" 404 1009
190.100.93.40 - - [08/Mar/2018:17:18:41 -0300] "GET /cormun/servlet/solicitudot?29baff43c97330f8b835b6ab391248b66e37853679bb520196e2708e6771db370d33f351cc3ddb3ac1c04aeb57edec895b2068e90520c9039562c9108cec97fb9df34908f1cfffc170c40482c0deaa88bd32d5e6a746cad91e6ad0974b44e81cfb2d635e22ed4ac4db87d4d111b8d76bf8c33f242f4c54b5588b13a938423624d909f5ef2a2decf8ce70ddc6a9d56bbdbd3d20355a0caf76bfcaa0fbfa9d22ea,gx-no-cache=1520540275183 HTTP/1.1" 200 29
190.100.93.40 - - [08/Mar/2018:17:18:41 -0300] "POST /cormun/servlet/solicitudot?gx-no-cache=1520540275249 HTTP/1.1" 200 1318
190.100.93.40 - - [08/Mar/2018:17:18:41 -0300] "POST /cormun/servlet/solicitudot?gx-no-cache=1520540275320 HTTP/1.1" 200 1219
190.100.93.40 - - [08/Mar/2018:17:18:42 -0300] "GET /cormun/static/menuarrow.gif HTTP/1.1" 404 1015
192.168.10.62 - - [08/Mar/2018:17:18:42 -0300] "GET /cormun/servlet/vesolicitudgral?2018,8462,, HTTP/1.1" 200 9068
192.168.10.62 - - [08/Mar/2018:17:18:45 -0300] "POST /cormun/servlet/vesolicitudgral?6f6f519d6a482d0280771a3702ec085c,2018,8462,,,gx-no-cache=1520540164052 HTTP/1.1" 200 107
192.168.10.62 - - [08/Mar/2018:17:18:45 -0300] "GET /cormun/servlet/solicitudgral?UPD,2018,8462, HTTP/1.1" 200 12888
190.100.93.40 - - [08/Mar/2018:17:18:46 -0300] "POST /cormun/servlet/solicitudot?gx-no-cache=1520540279344 HTTP/1.1" 200 1318
190.100.93.40 - - [08/Mar/2018:17:18:46 -0300] "POST /cormun/servlet/solicitudot?gx-no-cache=1520540279443 HTTP/1.1" 200 1219
192.168.10.62 - - [08/Mar/2018:17:18:46 -0300] "GET /cormun/servlet/solicitudgral?UPD,2018,8462, HTTP/1.1" 200 12888
192.168.10.62 - - [08/Mar/2018:17:18:46 -0300] "POST /cormun/servlet/solicitudgral?gx-no-cache=1520540165123 HTTP/1.1" 200 3885
192.168.10.62 - - [08/Mar/2018:17:18:46 -0300] "GET /cormun/servlet/solicitudgral?1154eefe45a93371badc59970e0afb13142edb640b9dd846eb6bf6dad41dc2e09750f7b200f21df035025dc782e493fb691d363144a872c665d691cd195686ba8c53e813992bf57a0a8cd5c1f507e4f05896b287d467ba0e2a15d9a8b56cec1012fa1f8f8affd655d702b86768554560f82dadf6107bd48c2599f896f0873207a4f291cd105a27fe301a09ee38f8e886acacfcc9f6963ba6a4b5bac459264fb9af457382b385a8924cee1cf7688cff19a151cc93e0a48e51ec47411ee58d985cda96b060f2e782b19fdc047393331b0ed1880689fd06925d174f1bb1ecdbd6b5d16af36d765c9e10378d46249b6a40ee168a02242e5e50e8db572364babe47eea346c6830a70405b76023e1065db625b33f548757c08b90cfd3d169fd18be84298ffe605d3616a1d8b2c12c1a4bdd325d45cba8c5cf0a8350dbf3f247df92386c96dc12902575a8fe2822738f9f11c94,gx-no-cache=1520540165285 HTTP/1.1" 200 255
192.168.10.62 - - [08/Mar/2018:17:18:47 -0300] "GET /cormun/servlet/solicitudgral?1154eefe45a93371badc59970e0afb132b5587c52e22c8dc210e180ae7fdbb54fe89c1fa24f2817e0ceafd73e152c98760cbdee574e4d0408043e7d2d5c7a930a6b3329fb38c6fbd144085f9f6f38d94d390391365c03ffdf66d1f04c18971d4e42301df2ab0090aa3ba2adbe873b6fcf90eb93e3cce6a0d7b234eee15c928781dadff6f426e47951ec7e52ec9f407bf8b8beff40987c7035be9ab7fa9af12097cb6e50c77e39a3193aed4670e088aec5ed30230d4000aed0395aeca001b1b571d679eedb8df604caf5a431387f8316482d1eba0fe9cc1a1effab9a252d5c55323f4b45b2f07778ed73f1f3c040da68cc0164a4c5987b393016093a363c7e19d521914f974345dd8fa96a0b171fc132ccdffb7355848c664b4d4e85c24d8aee41fed1c75fed17de5aeffc5dfe84e5553495a1e20bbe40b5e97554c54a22d1c6cacbe829b3b8cd08adfdfd1e54b076d1a724539a021e7e19611e6b488d1f2d235d211d8f054d18636217071af4901b7844142637432502f676dfc24156148de82c6599360fd57824e506acc36946278be60fa0684169714a833bd939c0aa1e689e259a79248028a4a71a4c6aef845a43c,gx-no-cache=1520540165946 HTTP/1.1" 200 48
190.100.93.40 - - [08/Mar/2018:17:18:47 -0300] "GET /cormun/servlet/solicitudot?29baff43c97330f8b835b6ab391248b6da3860d61ab84b92e1bad30be74c3a097404ae45c4ab7412b0aeb76c6fffd359,gx-no-cache=1520540280985 HTTP/1.1" 200 30
192.168.10.62 - - [08/Mar/2018:17:18:49 -0300] "POST /cormun/servlet/solicitudgral?6f6f519d6a482d0280771a3702ec085c,UPD,2018,8462,,gx-no-cache=1520540168156 HTTP/1.1" 200 11815
192.168.10.62 - - [08/Mar/2018:17:18:49 -0300] "GET /cormun/servlet/solicitudgral?1154eefe45a93371badc59970e0afb13ea166f66dfa9f8c60fa1f7307b54789185d3e620c5d58db601053fff3fefcf807088177100cbe8f1bee789a22c0827ae0e3674d30f84b789cc251c8c42ec9aea22df417cd7879ecea2929ff5c2e43b7594fef92dfc54a1f2e08a53881af9be65e3834f6a0e7ec602a2a877c72ce5225617663063853285b745dbc5e256383299f466eb3b0912eff4a1b78fa556b7a68d,gx-no-cache=1520540168362 HTTP/1.1" 200 29
192.168.10.62 - - [08/Mar/2018:17:18:50 -0300] "POST /cormun/servlet/solicitudgral?gx-no-cache=1520540168387 HTTP/1.1" 200 1297
192.168.10.62 - - [08/Mar/2018:17:18:50 -0300] "POST /cormun/servlet/solicitudgral?gx-no-cache=1520540168438 HTTP/1.1" 200 1219
192.168.10.62 - - [08/Mar/2018:17:18:50 -0300] "POST /cormun/servlet/solicitudgral?6f6f519d6a482d0280771a3702ec085c,UPD,2018,8462,,gx-no-cache=1520540168483 HTTP/1.1" 200 93
192.168.10.62 - - [08/Mar/2018:17:18:50 -0300] "GET /cormun/servlet/hpexe_return? HTTP/1.1" 200 1018
192.168.10.62 - - [08/Mar/2018:17:18:50 -0300] "GET /cormun/servlet/vesolicitudgral?2018,8462,, HTTP/1.1" 200 9071
192.168.10.62 - - [08/Mar/2018:17:18:50 -0300] "GET /cormun/pexe_scrolldiv.js HTTP/1.1" 404 1009
192.168.10.62 - - [08/Mar/2018:17:18:50 -0300] "GET /cormun/pexe_scrolldiv.js HTTP/1.1" 404 1009
192.168.10.62 - - [08/Mar/2018:17:18:50 -0300] "GET /cormun/servlet/vesolicitudgral?2018,8462,, HTTP/1.1" 200 9067
192.168.10.62 - - [08/Mar/2018:17:18:53 -0300] "POST /cormun/servlet/vesolicitudgral?6f6f519d6a482d0280771a3702ec085c,2018,8462,,,gx-no-cache=1520540171880 HTTP/1.1" 200 12010
192.168.10.62 - - [08/Mar/2018:17:18:53 -0300] "GET /cormun/static/Shared/jqueryui/images/ui-bg_highlight-soft_100_c6c2c8_1x100.png HTTP/1.1" 404 1117
192.168.10.62 - - [08/Mar/2018:17:18:53 -0300] "GET /cormun/static/Shared/jqueryui/images/ui-icons_82798d_256x240.png HTTP/1.1" 404 1089
192.168.10.62 - - [08/Mar/2018:17:18:53 -0300] "GET /cormun/static/Shared/jqueryui/images/ui-icons_8d78a5_256x240.png HTTP/1.1" 404 1089
192.168.10.62 - - [08/Mar/2018:17:18:53 -0300] "GET /cormun/static/Shared/jqueryui/images/ui-bg_flat_55_fafafa_40x100.png HTTP/1.1" 404 1097
192.168.10.62 - - [08/Mar/2018:17:18:53 -0300] "POST /cormun/servlet/vesolicitudgral?6f6f519d6a482d0280771a3702ec085c,2018,8462,,,gx-no-cache=1520540172121 HTTP/1.1" 200 11945
192.168.10.62 - - [08/Mar/2018:17:18:55 -0300] "POST /cormun/servlet/vesolicitudgral?6f6f519d6a482d0280771a3702ec085c,2018,8462,,,gx-no-cache=1520540173690 HTTP/1.1" 200 90
192.168.10.62 - - [08/Mar/2018:17:18:55 -0300] "GET /cormun/servlet/hpexe_link HTTP/1.1" 200 989
192.168.10.62 - - [08/Mar/2018:17:18:55 -0300] "GET /cormun/servlet/trsolicitudgral?gx-no-cache=1520540033907 HTTP/1.1" 200 10354
192.168.10.62 - - [08/Mar/2018:17:18:55 -0300] "GET /cormun/servlet/trsolicitudgral?gx-no-cache=1520540033907 HTTP/1.1" 200 10375
192.168.10.62 - - [08/Mar/2018:17:19:10 -0300] "POST /cormun/servlet/trsolicitudgral?6f6f519d6a482d0280771a3702ec085c,gx-no-cache=1520540033907,gx-no-cache=1520540189163 HTTP/1.1" 200 7949
186.103.157.246 - - [08/Mar/2018:17:19:39 -0300] "GET /cormun/servlet/prbanco?,MD,,gxPopupLevel%3D0%3B HTTP/1.1" 200 6486
190.100.93.40 - - [08/Mar/2018:17:19:40 -0300] "POST /cormun/servlet/solicitudot?gx-no-cache=1520540333496 HTTP/1.1" 200 33
186.103.157.246 - - [08/Mar/2018:17:19:44 -0300] "GET /cormun/servlet/solicitudot?85222a8333612d99fddf0dd68245698aeba75b928b37d4579e881efb43171036,gx-no-cache=1520540334163 HTTP/1.1" 200 20
186.103.157.246 - - [08/Mar/2018:17:19:45 -0300] "GET /cormun/servlet/solicitudot?cbe8921e100855d49693aaba0c9444924f64ac1d7a270834a3a73d649664938c51558b1840fdb8ad2a413b61bac19b185bbc472909a6e505fdd934f7dd284076,gx-no-cache=1520540334240 HTTP/1.1" 200 30
186.103.157.246 - - [08/Mar/2018:17:19:47 -0300] "GET /cormun/servlet/solicitudot?cbe8921e100855d49693aaba0c944492afbc5987a34ad2fe40ca80952f83efee,gx-no-cache=1520540336662 HTTP/1.1" 200 53
190.100.93.40 - - [08/Mar/2018:17:20:04 -0300] "POST /cormun/servlet/solicitudot?1b9130ed9be976fbacee3f1a8dee6a09,INS,0,0,,gx-no-cache=1520540357921 HTTP/1.1" 200 93
190.100.93.40 - - [08/Mar/2018:17:20:04 -0300] "GET /cormun/servlet/hpexe_return? HTTP/1.1" 200 1004
190.100.93.40 - - [08/Mar/2018:17:20:05 -0300] "GET /cormun/servlet/trsolicitudot HTTP/1.1" 200 8814
190.100.93.40 - - [08/Mar/2018:17:20:05 -0300] "GET /cormun/servlet/trsolicitudot HTTP/1.1" 200 8809
186.103.157.246 - - [08/Mar/2018:17:21:50 -0300] "GET /cormun/servlet/hlogin HTTP/1.1" 200 1703
186.103.157.246 - - [08/Mar/2018:17:21:50 -0300] "GET /cormun/static/gxcfg.js?20175251213516 HTTP/1.1" 304 -
186.103.157.246 - - [08/Mar/2018:17:21:50 -0300] "GET /cormun/static/gxgral.js?85251 HTTP/1.1" 304 -
186.103.157.246 - - [08/Mar/2018:17:21:50 -0300] "GET /cormun/static/messages.spa.js?85251 HTTP/1.1" 304 -
186.103.157.246 - - [08/Mar/2018:17:21:50 -0300] "GET /cormun/static/hlogin.js?20175251213537 HTTP/1.1" 304 -
186.103.157.246 - - [08/Mar/2018:17:21:50 -0300] "GET /cormun/static/Resources/Spanish/PXTools.css?11423723 HTTP/1.1" 304 -
186.103.157.246 - - [08/Mar/2018:17:21:51 -0300] "GET /cormun/static/gxtimezone.js?85251 HTTP/1.1" 304 -
186.103.157.246 - - [08/Mar/2018:17:21:51 -0300] "GET /cormun/static/Resources/ComunLogin.png HTTP/1.1" 304 -
186.103.157.246 - - [08/Mar/2018:17:21:51 -0300] "GET /cormun/static/Resources/PXToolsButtonLeft21.png HTTP/1.1" 304 -
186.103.157.246 - - [08/Mar/2018:17:21:51 -0300] "GET /cormun/static/Resources/PXToolsButtonRight21.png HTTP/1.1" 304 -
186.103.157.246 - - [08/Mar/2018:17:21:51 -0300] "GET /cormun/static/Resources/PXToolsLoginBackground.png HTTP/1.1" 304 -
186.103.157.246 - - [08/Mar/2018:17:21:51 -0300] "GET /cormun/static/Resources/PXToolsButtonBackground2.png HTTP/1.1" 304 -
186.103.157.246 - - [08/Mar/2018:17:21:51 -0300] "GET /cormun/static/Resources/PXToolsLoginBottom.png HTTP/1.1" 304 -
186.103.157.246 - - [08/Mar/2018:17:21:51 -0300] "GET /cormun/static/Resources/PXToolsLoginTop.png HTTP/1.1" 304 -
186.103.157.246 - - [08/Mar/2018:17:21:51 -0300] "GET /cormun/static/Resources/indicator.gif HTTP/1.1" 304 -
186.103.157.246 - - [08/Mar/2018:17:22:00 -0300] "POST /cormun/servlet/hlogin?f9c5e7a0910a4cc5aa9fd8665c0b05b6,gx-no-cache=1520540469631 HTTP/1.1" 200 90
186.103.157.246 - - [08/Mar/2018:17:22:00 -0300] "GET /cormun/servlet/hpexe_link HTTP/1.1" 200 937
186.103.157.246 - - [08/Mar/2018:17:22:00 -0300] "GET /cormun/static/Resources/Spanish/PXTools.css?1155365 HTTP/1.1" 304 -
186.103.157.246 - - [08/Mar/2018:17:22:00 -0300] "GET /cormun/static/gxcfg.js?20177612121792 HTTP/1.1" 304 -
186.103.157.246 - - [08/Mar/2018:17:22:00 -0300] "GET /cormun/static/hpexe_link.js?20177612121795 HTTP/1.1" 304 -
186.103.157.246 - - [08/Mar/2018:17:22:00 -0300] "GET /cormun/servlet/hhome HTTP/1.1" 200 3868
186.103.157.246 - - [08/Mar/2018:17:22:00 -0300] "GET /cormun/static/Shared/jqueryui/jquery-ui.min.css?1245370 HTTP/1.1" 304 -
186.103.157.246 - - [08/Mar/2018:17:22:00 -0300] "GET /cormun/static/SmoothNavMenu/resources/ddsmoothmenu-v.css?1012540 HTTP/1.1" 304 -
186.103.157.246 - - [08/Mar/2018:17:22:00 -0300] "GET /cormun/static/SmoothNavMenu/resources/ddsmoothmenu.css?1012540 HTTP/1.1" 304 -
186.103.157.246 - - [08/Mar/2018:17:22:00 -0300] "GET /cormun/static/scaMessage/css/jquery.pnotify.default.css?1716380 HTTP/1.1" 304 -
186.103.157.246 - - [08/Mar/2018:17:22:00 -0300] "GET /cormun/static/PXToolsJavascripts/pexe_windows.js HTTP/1.1" 304 -
186.103.157.246 - - [08/Mar/2018:17:22:00 -0300] "GET /cormun/static/PXToolsJavascripts/pexe_grid.js HTTP/1.1" 304 -
186.103.157.246 - - [08/Mar/2018:17:22:00 -0300] "GET /cormun/static/gxcfg.js?20175251212442 HTTP/1.1" 304 -
186.103.157.246 - - [08/Mar/2018:17:22:00 -0300] "GET /cormun/static/PXToolsJavascripts/pexe_autoreload.js HTTP/1.1" 304 -
186.103.157.246 - - [08/Mar/2018:17:22:00 -0300] "GET /cormun/static/PXToolsJavascripts/pexe_link.js HTTP/1.1" 304 -
186.103.157.246 - - [08/Mar/2018:17:22:00 -0300] "GET /cormun/static/PXToolsJavascripts/pexe_cookies.js HTTP/1.1" 304 -
