186.103.159.182 - - [08/Mar/2018:11:13:11 -0300] "GET /cormun/servlet/solicitudotcontratos?acd7307279a3c872a99112d8890a4b171cc06ea9c1cf5e0aa5407036cacf6cde986fc5be91894d8a08687bb9790bf863605121236eee636d753c6e7578addfdb2399ec34b1c5a68c62a93a46b1d9fee41bf4e2c3da91097850922bd4b50082d57175c10478fa116843e239b8b05524f554166c6dc2f12d65929b06c5f743e73e,gx-no-cache=1520518289357 HTTP/1.1" 200 50
186.103.159.182 - - [08/Mar/2018:11:13:11 -0300] "GET /cormun/servlet/solicitudotcontratos?acd7307279a3c872a99112d8890a4b1774751415d1e1eb72bc4a3b7d2e3649f173a1cb87ef804fe755897c074106c128,gx-no-cache=1520518289404 HTTP/1.1" 200 30
186.103.159.182 - - [08/Mar/2018:11:13:11 -0300] "GET /cormun/servlet/solicitudotcontratos?acd7307279a3c872a99112d8890a4b170517f4078d69a84ce9db03869e8a0a704481c57ae477aab4a899780ff7dbea45d55dddbc179d818962c860e33eae93d30ef9444d4badb671e12f07d6a1f7cc84f6997329b2282b7e91db989ede6a938946f441392f46c3e8f37988503d673fbc,gx-no-cache=1520518289445 HTTP/1.1" 200 30
186.103.159.182 - - [08/Mar/2018:11:13:11 -0300] "GET /cormun/servlet/solicitudotcontratos?acd7307279a3c872a99112d8890a4b170bba0abd29c4d579cb017ed40d2c257309c17a2661561ea6f9d3d589e8dcb4933dcde463f05143ff379a9add593c14e41c6c0c1bf2ebf971fa943b2a5f2e6d52debaa5b704f976a4370574ea7bb4f8b02b9916fe7cd7023ed73e754a272d36c247324f041efc1e3a7519f789f1dffcc692ddaff702616886bcfb3abd720a3237ce2a973c8838e624202a76cce7a0f9f1a6e95ab69e28028bac17f90b4dcb8fd99afec32c027a06b6b6714089e257feaab80c81a94705e3d7405ca413536d763fbe2e281c53a0e492b5fa9b9d458ae53f540f41c0307cced5f413005892761e8ef489fde0da575619df6f6ddfb468781e427f3cb6a473225f38d3182bccc7a0de5fac07b50f39add98e8d4dd04a90776d8017eab2e99ec29684a4585cbbe9968c28b5d7a3507692e2d30803468b7b392ab064103c8461f3a06cffddcdcd425cc01049fcb7b324cc95d7c41c09dab05d859e5a57851d68822d16dc391841245dbf5fac07b50f39add98e8d4dd04a90776d2ef7e55934d246ba719d594b3146afe57c7a4071a6fb83bd6a867686531785d9ac86ac359e4f81cbed83815db05a744c27e188e026010417786c8a8bf77fb017,gx-no-cache=1520518289520 HTTP/1.1" 200 83
186.103.159.182 - - [08/Mar/2018:11:13:29 -0300] "POST /cormun/servlet/solicitudotcontratos?66801812e806bc38704c58e34e8611db,INS,2018,0,15125556,6,6,2017,2353,INTEGRACION,201801,3,B,,gx-no-cache=1520518307249 HTTP/1.1" 200 10805
186.103.159.182 - - [08/Mar/2018:11:13:29 -0300] "POST /cormun/servlet/solicitudotcontratos?gx-no-cache=1520518307671 HTTP/1.1" 200 1320
186.103.159.182 - - [08/Mar/2018:11:13:29 -0300] "POST /cormun/servlet/solicitudotcontratos?gx-no-cache=1520518307779 HTTP/1.1" 200 1219
186.103.159.182 - - [08/Mar/2018:11:13:29 -0300] "GET /cormun/servlet/solicitudotcontratos?acd7307279a3c872a99112d8890a4b17fcb8da2ae3d619d2986d2ec15f1994b6863df269141f540ea4a898e381fd4fbed212ff4276c17a04dd9bf3f4da86527b09b3d82e968e9426fdc828e4fc272594464cd83a83523cd3510337e497dfe31f1620963abdc449baaab4432cbffb00b6e2b21f8f124f55b5cad26131900fd6d0,gx-no-cache=1520518307893 HTTP/1.1" 200 30
186.103.159.182 - - [08/Mar/2018:11:13:30 -0300] "POST /cormun/servlet/solicitudotcontratos?66801812e806bc38704c58e34e8611db,INS,2018,0,15125556,6,6,2017,2353,INTEGRACION,201801,3,B,,gx-no-cache=1520518307964 HTTP/1.1" 200 93
186.103.159.182 - - [08/Mar/2018:11:13:30 -0300] "GET /cormun/servlet/hpexe_return? HTTP/1.1" 200 1071
186.103.159.182 - - [08/Mar/2018:11:13:30 -0300] "GET /cormun/servlet/trcontratosolicitud?gx-no-cache=1520517452898 HTTP/1.1" 200 8148
186.103.159.182 - - [08/Mar/2018:11:13:31 -0300] "GET /cormun/servlet/trcontratosolicitud?gx-no-cache=1520517452898 HTTP/1.1" 200 8166
192.168.10.61 - - [08/Mar/2018:11:13:35 -0300] "GET /cormun/static/menuarrow.gif HTTP/1.1" 404 1015
192.168.10.61 - - [08/Mar/2018:11:13:43 -0300] "POST /cormun/servlet/trsolicitudgral?48f9a74e607e9e9fba15352804348196,,gx-no-cache=1520518261509 HTTP/1.1" 200 10145
186.103.159.182 - - [08/Mar/2018:11:14:01 -0300] "GET /cormun/servlet/trcontratounov2? HTTP/1.1" 200 17285
186.103.159.182 - - [08/Mar/2018:11:14:01 -0300] "GET /cormun/static/gxcfg.js?201752512124396 HTTP/1.1" 200 953
186.103.159.182 - - [08/Mar/2018:11:14:01 -0300] "GET /cormun/static/Resources/PXToolsActionExcel.png HTTP/1.1" 200 3187
186.103.159.182 - - [08/Mar/2018:11:14:01 -0300] "GET /cormun/static/trcontratounov2.js?201752512125146 HTTP/1.1" 200 38486
186.103.159.182 - - [08/Mar/2018:11:14:01 -0300] "GET /cormun/static/Resources/PXToolsGridNew.png HTTP/1.1" 200 2949
186.103.159.182 - - [08/Mar/2018:11:14:01 -0300] "GET /cormun/static/Resources/PXToolsAddSelectedAction.png HTTP/1.1" 200 3660
186.103.159.182 - - [08/Mar/2018:11:14:03 -0300] "GET /cormun/servlet/trcontratounov2? HTTP/1.1" 200 17253
207.46.13.136 - - [08/Mar/2018:11:16:12 -0300] "GET /cormun/servlet/hlogin HTTP/1.1" 200 1762
200.86.99.60 - - [08/Mar/2018:11:17:44 -0300] "POST /cormun/servlet/licenciaspermisos?db37a8a92aa589c8d18a8ad05044bcf2,INS,0,,,,gx-no-cache=1520518615083 HTTP/1.1" 440 972
200.86.99.60 - - [08/Mar/2018:11:17:46 -0300] "GET /cormun/servlet/licenciaspermisos?INS,0,,, HTTP/1.1" 200 6763
200.86.99.60 - - [08/Mar/2018:11:17:48 -0300] "GET /cormun/servlet/licenciaspermisos?INS,0,,, HTTP/1.1" 200 6763
200.86.99.60 - - [08/Mar/2018:11:17:48 -0300] "GET /cormun/servlet/hlogin HTTP/1.1" 200 1746
200.86.99.60 - - [08/Mar/2018:11:17:48 -0300] "GET /cormun/static/Resources/indicator.gif HTTP/1.1" 200 1553
93.158.161.6 - - [08/Mar/2018:11:18:14 -0300] "GET /docs/cluster-howto.html HTTP/1.1" 200 48317
192.168.10.56 - - [08/Mar/2018:11:19:29 -0300] "GET /cormun/servlet/hlogin HTTP/1.1" 200 1737
192.168.10.56 - - [08/Mar/2018:11:19:36 -0300] "POST /cormun/servlet/hlogin?1edc0c2f41647112f1c97e714ddd0447,gx-no-cache=1520518614851 HTTP/1.1" 200 90
192.168.10.56 - - [08/Mar/2018:11:19:36 -0300] "GET /cormun/servlet/hpexe_link HTTP/1.1" 200 949
192.168.10.56 - - [08/Mar/2018:11:19:36 -0300] "GET /cormun/servlet/hhome HTTP/1.1" 200 4484
192.168.10.56 - - [08/Mar/2018:11:19:36 -0300] "GET /cormun/servlet/hhome HTTP/1.1" 200 4480
192.168.10.56 - - [08/Mar/2018:11:19:41 -0300] "GET /cormun/servlet/trsolicitudgral? HTTP/1.1" 200 20354
192.168.10.56 - - [08/Mar/2018:11:19:42 -0300] "GET /cormun/servlet/trsolicitudgral? HTTP/1.1" 200 20352
200.111.191.210 - - [08/Mar/2018:11:19:53 -0300] "GET /cormun/servlet/trpermisosgoce? HTTP/1.1" 200 6102
200.111.191.210 - - [08/Mar/2018:11:19:53 -0300] "GET /cormun/static/gxcfg.js?20177612163875 HTTP/1.1" 200 953
200.111.191.210 - - [08/Mar/2018:11:19:53 -0300] "GET /cormun/static/trpermisosgoce.js?20177612164335 HTTP/1.1" 200 35904
200.111.191.210 - - [08/Mar/2018:11:19:53 -0300] "GET /cormun/servlet/trpermisosgoce? HTTP/1.1" 200 6099
200.111.191.210 - - [08/Mar/2018:11:19:53 -0300] "GET /cormun/servlet/hlogin HTTP/1.1" 200 1743
192.168.10.56 - - [08/Mar/2018:11:19:56 -0300] "POST /cormun/servlet/trsolicitudgral?1edc0c2f41647112f1c97e714ddd0447,,gx-no-cache=1520518634814 HTTP/1.1" 200 8031
200.111.191.210 - - [08/Mar/2018:11:19:57 -0300] "POST /cormun/servlet/hlogin?b500b7655f81cb930d413e1d24a4b835,gx-no-cache=1520518748486 HTTP/1.1" 200 90
200.111.191.210 - - [08/Mar/2018:11:19:58 -0300] "GET /cormun/servlet/hpexe_link HTTP/1.1" 200 961
200.111.191.210 - - [08/Mar/2018:11:19:58 -0300] "GET /cormun/servlet/trpermisosgoce HTTP/1.1" 200 6672
200.111.191.210 - - [08/Mar/2018:11:19:58 -0300] "GET /cormun/servlet/trpermisosgoce HTTP/1.1" 200 6670
200.111.191.210 - - [08/Mar/2018:11:20:00 -0300] "GET /cormun/servlet/trpermisosgoce? HTTP/1.1" 200 6670
200.111.191.210 - - [08/Mar/2018:11:20:00 -0300] "GET /cormun/servlet/trpermisosgoce? HTTP/1.1" 200 6670
200.111.191.210 - - [08/Mar/2018:11:20:02 -0300] "GET /cormun/servlet/permisogoce?INS,0,,, HTTP/1.1" 200 6796
200.111.191.210 - - [08/Mar/2018:11:20:02 -0300] "GET /cormun/static/gxcfg.js?201776126440 HTTP/1.1" 200 953
200.111.191.210 - - [08/Mar/2018:11:20:02 -0300] "GET /cormun/static/permisogoce.js?2017761264459 HTTP/1.1" 200 27897
200.111.191.210 - - [08/Mar/2018:11:20:02 -0300] "GET /cormun/servlet/permisogoce?INS,0,,, HTTP/1.1" 200 6796
200.111.191.210 - - [08/Mar/2018:11:20:08 -0300] "GET /cormun/servlet/permisogoce?85f9c7bc24eb0bdf33fcb6f17fc7cdec9f3ba2d8746be8c9edff5f41b2c0bb7c40f85e44e1a8890264f60d64657aff8b,gx-no-cache=1520518759315 HTTP/1.1" 200 84
200.111.191.210 - - [08/Mar/2018:11:20:14 -0300] "GET /cormun/servlet/permisogoce?85f9c7bc24eb0bdf33fcb6f17fc7cdecd8ac144ff1adab1c1b293414fffeadb11f83738e3646a69a29f78afac1b3a825ab87e64af1ee911ab143dc761f501b7e,gx-no-cache=1520518765274 HTTP/1.1" 200 46
200.111.191.210 - - [08/Mar/2018:11:20:38 -0300] "POST /cormun/servlet/permisogoce?b500b7655f81cb930d413e1d24a4b835,INS,0,,,,gx-no-cache=1520518789304 HTTP/1.1" 200 93
200.111.191.210 - - [08/Mar/2018:11:20:38 -0300] "GET /cormun/servlet/hpexe_return? HTTP/1.1" 200 1015
200.111.191.210 - - [08/Mar/2018:11:20:38 -0300] "GET /cormun/servlet/trpermisosgoce HTTP/1.1" 200 7669
200.111.191.210 - - [08/Mar/2018:11:20:39 -0300] "GET /cormun/servlet/trpermisosgoce HTTP/1.1" 200 7666
200.111.191.210 - - [08/Mar/2018:11:21:03 -0300] "GET /cormun/servlet/apermisogoceprn?7907301,P,20180308111721,PU HTTP/1.1" 200 1690
192.168.10.61 - - [08/Mar/2018:11:21:10 -0300] "POST /cormun/servlet/trsolicitudgral?48f9a74e607e9e9fba15352804348196,,gx-no-cache=1520518709043 HTTP/1.1" 200 10395
192.168.10.61 - - [08/Mar/2018:11:21:12 -0300] "POST /cormun/servlet/trsolicitudgral?48f9a74e607e9e9fba15352804348196,,gx-no-cache=1520518710504 HTTP/1.1" 200 10395
200.120.230.197 - - [08/Mar/2018:11:21:14 -0300] "GET /cormun/servlet/trcontratosolicitud? HTTP/1.1" 200 5752
200.120.230.197 - - [08/Mar/2018:11:21:16 -0300] "GET /cormun/servlet/trcontratosolicitud? HTTP/1.1" 200 5747
186.79.103.20 - - [08/Mar/2018:11:21:16 -0300] "GET /cormun/servlet/hlogin HTTP/1.1" 200 1744
186.79.103.20 - - [08/Mar/2018:11:21:33 -0300] "POST /cormun/servlet/hlogin?625226eb36ab888259769c7823b4ef9f,gx-no-cache=1520518844699 HTTP/1.1" 200 90
186.79.103.20 - - [08/Mar/2018:11:21:35 -0300] "GET /cormun/servlet/hpexe_link HTTP/1.1" 200 963
186.79.103.20 - - [08/Mar/2018:11:21:35 -0300] "GET /cormun/servlet/trcontratosolicitud HTTP/1.1" 200 14642
186.79.103.20 - - [08/Mar/2018:11:21:37 -0300] "GET /cormun/servlet/trcontratosolicitud HTTP/1.1" 200 14642
186.79.103.20 - - [08/Mar/2018:11:21:48 -0300] "GET /cormun/servlet/trautorizarsolicitud? HTTP/1.1" 200 7339
186.79.103.20 - - [08/Mar/2018:11:21:49 -0300] "GET /cormun/servlet/trautorizarsolicitud? HTTP/1.1" 200 7338
186.79.103.20 - - [08/Mar/2018:11:22:02 -0300] "GET /cormun/servlet/trsolicitudot? HTTP/1.1" 200 9726
186.79.103.20 - - [08/Mar/2018:11:22:03 -0300] "GET /cormun/servlet/trsolicitudot? HTTP/1.1" 200 9725
186.79.103.20 - - [08/Mar/2018:11:22:45 -0300] "POST /cormun/servlet/trsolicitudot?625226eb36ab888259769c7823b4ef9f,,gx-no-cache=1520518915693 HTTP/1.1" 200 6291
186.79.103.20 - - [08/Mar/2018:11:22:46 -0300] "GET /cormun/static/Shared/jqueryui/images/ui-bg_highlight-soft_100_c6c2c8_1x100.png HTTP/1.1" 404 1117
186.79.103.20 - - [08/Mar/2018:11:22:46 -0300] "GET /cormun/static/Shared/jqueryui/images/ui-icons_82798d_256x240.png HTTP/1.1" 404 1089
200.120.230.197 - - [08/Mar/2018:11:22:46 -0300] "GET /cormun/static/Shared/jqueryui/images/ui-bg_flat_55_fafafa_40x100.png HTTP/1.1" 404 1097
186.79.103.20 - - [08/Mar/2018:11:22:46 -0300] "GET /cormun/static/Shared/jqueryui/images/ui-icons_8d78a5_256x240.png HTTP/1.1" 404 1089
186.79.103.20 - - [08/Mar/2018:11:22:49 -0300] "POST /cormun/servlet/trsolicitudot?625226eb36ab888259769c7823b4ef9f,,gx-no-cache=1520518918172 HTTP/1.1" 200 6231
192.168.10.61 - - [08/Mar/2018:11:22:55 -0300] "GET /cormun/servlet/vesolicitudgral?2018,10198,, HTTP/1.1" 200 9000
192.168.10.61 - - [08/Mar/2018:11:22:56 -0300] "GET /cormun/pexe_scrolldiv.js HTTP/1.1" 404 1009
192.168.10.61 - - [08/Mar/2018:11:22:56 -0300] "GET /cormun/pexe_scrolldiv.js HTTP/1.1" 404 1009
192.168.10.61 - - [08/Mar/2018:11:22:56 -0300] "GET /cormun/servlet/vesolicitudgral?2018,10198,, HTTP/1.1" 200 8999
186.79.103.20 - - [08/Mar/2018:11:22:57 -0300] "POST /cormun/servlet/trsolicitudot?625226eb36ab888259769c7823b4ef9f,,gx-no-cache=1520518928606 HTTP/1.1" 200 6476
192.168.10.61 - - [08/Mar/2018:11:23:08 -0300] "POST /cormun/servlet/vesolicitudgral?48f9a74e607e9e9fba15352804348196,2018,10198,,,gx-no-cache=1520518826430 HTTP/1.1" 200 11955
192.168.10.61 - - [08/Mar/2018:11:23:08 -0300] "GET /cormun/static/Shared/jqueryui/images/ui-icons_82798d_256x240.png HTTP/1.1" 404 1089
192.168.10.61 - - [08/Mar/2018:11:23:08 -0300] "GET /cormun/static/Shared/jqueryui/images/ui-bg_highlight-soft_100_c6c2c8_1x100.png HTTP/1.1" 404 1117
192.168.10.61 - - [08/Mar/2018:11:23:08 -0300] "GET /cormun/static/Shared/jqueryui/images/ui-icons_8d78a5_256x240.png HTTP/1.1" 404 1089
192.168.10.61 - - [08/Mar/2018:11:23:08 -0300] "GET /cormun/static/Shared/jqueryui/images/ui-bg_flat_55_fafafa_40x100.png HTTP/1.1" 404 1097
192.168.10.61 - - [08/Mar/2018:11:23:08 -0300] "POST /cormun/servlet/vesolicitudgral?48f9a74e607e9e9fba15352804348196,2018,10198,,,gx-no-cache=1520518826981 HTTP/1.1" 200 11890
192.168.10.61 - - [08/Mar/2018:11:23:20 -0300] "POST /cormun/servlet/vesolicitudgral?48f9a74e607e9e9fba15352804348196,2018,10198,,,gx-no-cache=1520518839003 HTTP/1.1" 200 93
192.168.10.61 - - [08/Mar/2018:11:23:20 -0300] "GET /cormun/servlet/hpexe_return? HTTP/1.1" 200 1008
192.168.10.61 - - [08/Mar/2018:11:23:20 -0300] "GET /cormun/servlet/trsolicitudgral? HTTP/1.1" 200 12838
192.168.10.61 - - [08/Mar/2018:11:23:21 -0300] "GET /cormun/servlet/trsolicitudgral? HTTP/1.1" 200 12833
186.103.159.182 - - [08/Mar/2018:11:23:54 -0300] "GET /cormun/servlet/trcontratoobservaciondir? HTTP/1.1" 200 6454
186.103.159.182 - - [08/Mar/2018:11:23:54 -0300] "GET /cormun/static/gxcfg.js?20175251262281 HTTP/1.1" 200 953
186.103.159.182 - - [08/Mar/2018:11:23:54 -0300] "GET /cormun/static/trcontratoobservaciondir.js?20175251262715 HTTP/1.1" 200 27185
186.103.159.182 - - [08/Mar/2018:11:23:55 -0300] "GET /cormun/servlet/trcontratoobservaciondir? HTTP/1.1" 200 6454
186.103.159.182 - - [08/Mar/2018:11:24:02 -0300] "POST /cormun/servlet/trcontratoobservaciondir?66801812e806bc38704c58e34e8611db,,gx-no-cache=1520518939993 HTTP/1.1" 200 3947
186.103.159.182 - - [08/Mar/2018:11:24:09 -0300] "GET /cormun/servlet/trvisualizadoreventos? HTTP/1.1" 200 7019
186.103.159.182 - - [08/Mar/2018:11:24:09 -0300] "GET /cormun/static/gxcfg.js?20175251251426 HTTP/1.1" 200 953
186.103.159.182 - - [08/Mar/2018:11:24:09 -0300] "GET /cormun/static/trvisualizadoreventos.js?20175251251768 HTTP/1.1" 200 19318
186.103.159.182 - - [08/Mar/2018:11:24:09 -0300] "GET /cormun/static/Resources/PXToolsActionPrint.png HTTP/1.1" 200 3317
186.103.159.182 - - [08/Mar/2018:11:24:10 -0300] "GET /cormun/servlet/trvisualizadoreventos? HTTP/1.1" 200 7018
192.168.10.61 - - [08/Mar/2018:11:24:17 -0300] "POST /cormun/servlet/trsolicitudgral?48f9a74e607e9e9fba15352804348196,,gx-no-cache=1520518896295 HTTP/1.1" 200 5852
192.168.10.61 - - [08/Mar/2018:11:24:19 -0300] "POST /cormun/servlet/trsolicitudgral?48f9a74e607e9e9fba15352804348196,,gx-no-cache=1520518897409 HTTP/1.1" 200 5851
192.168.10.61 - - [08/Mar/2018:11:24:25 -0300] "POST /cormun/servlet/trsolicitudgral?48f9a74e607e9e9fba15352804348196,,gx-no-cache=1520518904218 HTTP/1.1" 200 8052
192.168.10.56 - - [08/Mar/2018:11:24:35 -0300] "POST /cormun/servlet/trsolicitudgral?1edc0c2f41647112f1c97e714ddd0447,,gx-no-cache=1520518913551 HTTP/1.1" 200 7316
186.103.159.182 - - [08/Mar/2018:11:24:39 -0300] "GET /cormun/static/menuarrow.gif HTTP/1.1" 404 1015
186.103.159.182 - - [08/Mar/2018:11:24:53 -0300] "GET /cormun/Manuales/ManualContratos.pdf HTTP/1.1" 200 629147
192.168.10.61 - - [08/Mar/2018:11:25:27 -0300] "POST /cormun/servlet/trsolicitudgral?48f9a74e607e9e9fba15352804348196,,gx-no-cache=1520518965683 HTTP/1.1" 200 5849
192.168.10.61 - - [08/Mar/2018:11:25:32 -0300] "POST /cormun/servlet/trsolicitudgral?48f9a74e607e9e9fba15352804348196,,gx-no-cache=1520518970362 HTTP/1.1" 200 9874
192.168.10.61 - - [08/Mar/2018:11:25:52 -0300] "GET /cormun/servlet/vesolicitudgral?2018,9991,, HTTP/1.1" 200 9042
192.168.10.61 - - [08/Mar/2018:11:25:52 -0300] "GET /cormun/pexe_scrolldiv.js HTTP/1.1" 404 1009
192.168.10.61 - - [08/Mar/2018:11:25:52 -0300] "GET /cormun/pexe_scrolldiv.js HTTP/1.1" 404 1009
192.168.10.61 - - [08/Mar/2018:11:25:53 -0300] "GET /cormun/servlet/vesolicitudgral?2018,9991,, HTTP/1.1" 200 9040
192.168.10.61 - - [08/Mar/2018:11:25:55 -0300] "POST /cormun/servlet/vesolicitudgral?48f9a74e607e9e9fba15352804348196,2018,9991,,,gx-no-cache=1520518994384 HTTP/1.1" 200 115
192.168.10.61 - - [08/Mar/2018:11:25:56 -0300] "GET /cormun/servlet/solicitudotlog?INS,2018,9991,0,REC, HTTP/1.1" 200 6294
192.168.10.61 - - [08/Mar/2018:11:25:56 -0300] "GET /cormun/static/calendar-system.css?75620 HTTP/1.1" 200 5572
192.168.10.61 - - [08/Mar/2018:11:25:56 -0300] "GET /cormun/static/gxcfg.js?2017761245646 HTTP/1.1" 200 953
192.168.10.61 - - [08/Mar/2018:11:25:56 -0300] "GET /cormun/static/solicitudotlog.js?2017761245655 HTTP/1.1" 200 8934
192.168.10.61 - - [08/Mar/2018:11:25:56 -0300] "GET /cormun/servlet/solicitudotlog?INS,2018,9991,0,REC, HTTP/1.1" 200 6290
192.168.10.61 - - [08/Mar/2018:11:25:56 -0300] "GET /cormun/servlet/solicitudotlog?6e2bf1fc80f5aef3e505f9e3f7b281349aba405b160f441cf8b46bd93655350b8b1e86b77b66a138d45a02bd9af1e0a4c4c24002448afedf17b19bfd484fb36eb1920a3c09002241fd6ffd8e1c6385c38fb20cd46f2b0839a789f3e7b318064ddc9d63a5580e7e41ab9aa921a924cd605d691d566e6ca34afd4fdb11eeecf1eecd298aa4f7e9eb191b2c3293f0bbcb96c8983cfdc846af200525b422d2ab3206,gx-no-cache=1520518995351 HTTP/1.1" 200 94
192.168.10.61 - - [08/Mar/2018:11:26:34 -0300] "POST /cormun/servlet/solicitudotlog?48f9a74e607e9e9fba15352804348196,INS,2018,9991,0,REC,,gx-no-cache=1520519032921 HTTP/1.1" 200 93
192.168.10.61 - - [08/Mar/2018:11:26:34 -0300] "GET /cormun/servlet/hpexe_return? HTTP/1.1" 200 1022
192.168.10.61 - - [08/Mar/2018:11:26:34 -0300] "GET /cormun/servlet/vesolicitudgral?2018,9991,, HTTP/1.1" 200 9051
192.168.10.61 - - [08/Mar/2018:11:26:34 -0300] "GET /cormun/pexe_scrolldiv.js HTTP/1.1" 404 1009
192.168.10.61 - - [08/Mar/2018:11:26:34 -0300] "GET /cormun/pexe_scrolldiv.js HTTP/1.1" 404 1009
192.168.10.61 - - [08/Mar/2018:11:26:35 -0300] "GET /cormun/servlet/vesolicitudgral?2018,9991,, HTTP/1.1" 200 9047
186.103.157.98 - - [08/Mar/2018:11:26:41 -0300] "GET /cormun/servlet/hlogin HTTP/1.1" 200 1718
186.103.157.98 - - [08/Mar/2018:11:26:41 -0300] "GET /cormun/static/gxtimezone.js?85251 HTTP/1.1" 304 -
186.103.157.98 - - [08/Mar/2018:11:26:41 -0300] "GET /cormun/static/gxcfg.js?20175251213516 HTTP/1.1" 304 -
192.168.10.61 - - [08/Mar/2018:11:26:41 -0300] "POST /cormun/servlet/vesolicitudgral?48f9a74e607e9e9fba15352804348196,2018,9991,,,gx-no-cache=1520519039944 HTTP/1.1" 200 93
186.103.157.98 - - [08/Mar/2018:11:26:41 -0300] "GET /cormun/static/messages.spa.js?85251 HTTP/1.1" 304 -
192.168.10.61 - - [08/Mar/2018:11:26:41 -0300] "GET /cormun/servlet/hpexe_return? HTTP/1.1" 200 1008
186.103.157.98 - - [08/Mar/2018:11:26:41 -0300] "GET /cormun/servlet/hlogin HTTP/1.1" 200 1724
192.168.10.61 - - [08/Mar/2018:11:26:41 -0300] "GET /cormun/servlet/trsolicitudgral? HTTP/1.1" 200 12476
192.168.10.61 - - [08/Mar/2018:11:26:42 -0300] "GET /cormun/servlet/trsolicitudgral? HTTP/1.1" 200 12471
186.103.157.98 - - [08/Mar/2018:11:26:43 -0300] "POST /cormun/servlet/hlogin?9bf9acb8c5b58c6fe21f5ac7683e5d09,gx-no-cache=1520519155922 HTTP/1.1" 200 90
186.103.157.98 - - [08/Mar/2018:11:26:43 -0300] "GET /cormun/servlet/hpexe_link HTTP/1.1" 200 946
186.103.157.98 - - [08/Mar/2018:11:26:43 -0300] "GET /cormun/static/gxcfg.js?20177612121792 HTTP/1.1" 304 -
186.103.157.98 - - [08/Mar/2018:11:26:43 -0300] "GET /cormun/servlet/hhome HTTP/1.1" 200 4245
186.103.157.98 - - [08/Mar/2018:11:26:43 -0300] "GET /cormun/static/gxcfg.js?20175251212442 HTTP/1.1" 304 -
186.103.157.98 - - [08/Mar/2018:11:26:44 -0300] "GET /cormun/servlet/hhome HTTP/1.1" 200 4241
186.103.159.204 - - [08/Mar/2018:11:27:32 -0300] "POST /cormun/servlet/hlogin?a5f6c6a75309cc246293c97ef522fa3a,gx-no-cache=1520519203676 HTTP/1.1" 440 972
186.103.159.182 - - [08/Mar/2018:11:28:25 -0300] "GET /cormun/servlet/trvisualizadoreventos? HTTP/1.1" 200 7019
186.103.159.182 - - [08/Mar/2018:11:28:28 -0300] "GET /cormun/servlet/trvisualizadoreventos? HTTP/1.1" 200 7018
186.103.159.182 - - [08/Mar/2018:11:28:31 -0300] "GET /cormun/servlet/trcontratounov2? HTTP/1.1" 200 17254
192.168.10.61 - - [08/Mar/2018:11:28:31 -0300] "POST /cormun/servlet/trsolicitudgral?48f9a74e607e9e9fba15352804348196,,gx-no-cache=1520519149667 HTTP/1.1" 200 8443
186.103.159.182 - - [08/Mar/2018:11:28:33 -0300] "GET /cormun/servlet/trcontratounov2? HTTP/1.1" 200 17252
192.168.10.61 - - [08/Mar/2018:11:28:51 -0300] "POST /cormun/servlet/trsolicitudgral?48f9a74e607e9e9fba15352804348196,,gx-no-cache=1520519169540 HTTP/1.1" 200 7253
186.103.159.204 - - [08/Mar/2018:11:29:22 -0300] "POST /cormun/servlet/hlogin?a5f6c6a75309cc246293c97ef522fa3a,gx-no-cache=1520519313947 HTTP/1.1" 440 972
186.103.159.204 - - [08/Mar/2018:11:29:25 -0300] "GET /cormun/servlet/hlogin HTTP/1.1" 200 1731
186.103.159.204 - - [08/Mar/2018:11:29:25 -0300] "GET /cormun/servlet/hlogin HTTP/1.1" 200 1731
186.103.159.182 - - [08/Mar/2018:11:29:34 -0300] "POST /cormun/servlet/trcontratounov2?66801812e806bc38704c58e34e8611db,,gx-no-cache=1520519259080 HTTP/1.1" 200 16561
186.103.159.204 - - [08/Mar/2018:11:29:39 -0300] "POST /cormun/servlet/hlogin?88fb3f71b7ac0f74cff8d834cc94dcc4,gx-no-cache=1520519331099 HTTP/1.1" 200 90
186.103.159.204 - - [08/Mar/2018:11:29:39 -0300] "GET /cormun/servlet/hpexe_link HTTP/1.1" 200 952
186.103.159.204 - - [08/Mar/2018:11:29:40 -0300] "GET /cormun/servlet/hhome HTTP/1.1" 200 4078
186.103.159.204 - - [08/Mar/2018:11:29:40 -0300] "GET /cormun/servlet/hhome HTTP/1.1" 200 4074
186.103.159.182 - - [08/Mar/2018:11:29:49 -0300] "POST /cormun/servlet/trcontratounov2?66801812e806bc38704c58e34e8611db,,gx-no-cache=1520519281321 HTTP/1.1" 200 16540
186.103.159.182 - - [08/Mar/2018:11:30:04 -0300] "POST /cormun/servlet/trcontratounov2?66801812e806bc38704c58e34e8611db,,gx-no-cache=1520519298772 HTTP/1.1" 200 16534
186.103.159.182 - - [08/Mar/2018:11:30:56 -0300] "POST /cormun/servlet/trcontratounov2?66801812e806bc38704c58e34e8611db,,gx-no-cache=1520519349109 HTTP/1.1" 200 16536
186.103.159.182 - - [08/Mar/2018:11:31:03 -0300] "GET /cormun/servlet/trlicencias? HTTP/1.1" 200 9160
186.103.159.182 - - [08/Mar/2018:11:31:03 -0300] "GET /cormun/static/gxcfg.js?20176272054169 HTTP/1.1" 200 953
186.103.159.182 - - [08/Mar/2018:11:31:07 -0300] "GET /cormun/static/trlicencias.js?20176272054837 HTTP/1.1" 200 41883
186.103.159.182 - - [08/Mar/2018:11:31:07 -0300] "GET /cormun/static/Resources/Spanish/PXTools.css?17315867 HTTP/1.1" 200 89042
186.103.159.182 - - [08/Mar/2018:11:31:09 -0300] "GET /cormun//static/Resources/PXToolsGridDisplay.png HTTP/1.1" 200 362
186.103.159.182 - - [08/Mar/2018:11:31:09 -0300] "GET /cormun//static/Resources/PXTools/ActionInsert.png HTTP/1.1" 200 1482
186.103.159.182 - - [08/Mar/2018:11:31:09 -0300] "GET /cormun//static/Resources/PXToolsActionPrint.png HTTP/1.1" 200 3317
186.103.159.182 - - [08/Mar/2018:11:31:09 -0300] "GET /cormun/servlet/trlicencias? HTTP/1.1" 200 9159
186.103.159.182 - - [08/Mar/2018:11:31:10 -0300] "GET /cormun//static/Resources/PXToolsHeaderFavorites.png HTTP/1.1" 200 2744
186.103.159.182 - - [08/Mar/2018:11:31:10 -0300] "GET /cormun//static/Resources/PXToolsHeaderHelp.png HTTP/1.1" 200 4055
186.103.159.182 - - [08/Mar/2018:11:31:19 -0300] "GET /cormun/servlet/trcontratosolicitud? HTTP/1.1" 200 8145
186.103.159.182 - - [08/Mar/2018:11:31:23 -0300] "GET /cormun/servlet/trcontratosolicitud? HTTP/1.1" 200 8145
186.103.159.182 - - [08/Mar/2018:11:31:39 -0300] "GET /cormun/servlet/trcontratoobservaciondir? HTTP/1.1" 200 6452
186.103.159.182 - - [08/Mar/2018:11:31:40 -0300] "GET /cormun/servlet/trcontratoobservaciondir? HTTP/1.1" 200 6452
186.103.159.182 - - [08/Mar/2018:11:32:06 -0300] "POST /cormun/servlet/trcontratoobservaciondir?66801812e806bc38704c58e34e8611db,,gx-no-cache=1520519423604 HTTP/1.1" 200 3967
186.103.159.182 - - [08/Mar/2018:11:32:18 -0300] "POST /cormun/servlet/trcontratoobservaciondir?66801812e806bc38704c58e34e8611db,,gx-no-cache=1520519436232 HTTP/1.1" 200 3972
186.103.159.182 - - [08/Mar/2018:11:32:24 -0300] "POST /cormun/servlet/trcontratoobservaciondir?66801812e806bc38704c58e34e8611db,,gx-no-cache=1520519440266 HTTP/1.1" 200 113
186.103.159.182 - - [08/Mar/2018:11:32:24 -0300] "GET /cormun/ContratoObservacionDir-459.xls HTTP/1.1" 200 4608
192.168.10.61 - - [08/Mar/2018:11:32:26 -0300] "POST /cormun/servlet/trsolicitudgral?48f9a74e607e9e9fba15352804348196,,gx-no-cache=1520519384453 HTTP/1.1" 200 5850
192.168.10.61 - - [08/Mar/2018:11:32:31 -0300] "POST /cormun/servlet/trsolicitudgral?48f9a74e607e9e9fba15352804348196,,gx-no-cache=1520519389602 HTTP/1.1" 200 10147
186.103.159.182 - - [08/Mar/2018:11:32:57 -0300] "POST /cormun/servlet/trcontratoobservaciondir?66801812e806bc38704c58e34e8611db,,gx-no-cache=1520519475260 HTTP/1.1" 200 3972
186.103.159.182 - - [08/Mar/2018:11:33:06 -0300] "GET /cormun/servlet/trvisualizadoreventos? HTTP/1.1" 200 7019
186.103.159.182 - - [08/Mar/2018:11:33:08 -0300] "GET /cormun/servlet/trvisualizadoreventos? HTTP/1.1" 200 7018
186.103.159.182 - - [08/Mar/2018:11:33:32 -0300] "GET /cormun/static/menuarrow.gif HTTP/1.1" 404 1015
186.103.159.182 - - [08/Mar/2018:11:33:41 -0300] "POST /cormun/servlet/trvisualizadoreventos?66801812e806bc38704c58e34e8611db,,gx-no-cache=1520519519759 HTTP/1.1" 200 4145
186.103.159.182 - - [08/Mar/2018:11:33:49 -0300] "POST /cormun/servlet/trvisualizadoreventos?66801812e806bc38704c58e34e8611db,,gx-no-cache=1520519526568 HTTP/1.1" 200 4146
93.158.161.6 - - [08/Mar/2018:11:33:53 -0300] "GET /docs/introduction.html HTTP/1.1" 200 15188
186.103.159.182 - - [08/Mar/2018:11:33:55 -0300] "POST /cormun/servlet/trvisualizadoreventos?66801812e806bc38704c58e34e8611db,,gx-no-cache=1520519533334 HTTP/1.1" 200 4150
186.103.159.182 - - [08/Mar/2018:11:34:01 -0300] "POST /cormun/servlet/trvisualizadoreventos?66801812e806bc38704c58e34e8611db,,gx-no-cache=1520519538619 HTTP/1.1" 200 4150
186.103.159.182 - - [08/Mar/2018:11:34:06 -0300] "POST /cormun/servlet/trvisualizadoreventos?66801812e806bc38704c58e34e8611db,,gx-no-cache=1520519544964 HTTP/1.1" 200 4152
186.103.159.182 - - [08/Mar/2018:11:34:11 -0300] "POST /cormun/servlet/trvisualizadoreventos?66801812e806bc38704c58e34e8611db,,gx-no-cache=1520519548947 HTTP/1.1" 200 4151
186.103.159.182 - - [08/Mar/2018:11:34:16 -0300] "POST /cormun/servlet/trvisualizadoreventos?66801812e806bc38704c58e34e8611db,,gx-no-cache=1520519553722 HTTP/1.1" 200 4152
186.103.156.166 - - [08/Mar/2018:11:35:50 -0300] "GET /cormun/servlet/hlogin HTTP/1.1" 200 1731
200.86.99.60 - - [08/Mar/2018:11:38:22 -0300] "GET /cormun/servlet/hlogin HTTP/1.1" 200 1717
200.86.99.60 - - [08/Mar/2018:11:38:23 -0300] "GET /cormun/static/gxcfg.js?20175251213516 HTTP/1.1" 200 953
200.86.99.60 - - [08/Mar/2018:11:38:23 -0300] "GET /cormun/static/Resources/ComunLogin.png HTTP/1.1" 200 17326
200.86.99.60 - - [08/Mar/2018:11:38:23 -0300] "GET /cormun/static/Resources/PXToolsLoginTop.png HTTP/1.1" 200 1337
200.86.99.60 - - [08/Mar/2018:11:38:23 -0300] "GET /cormun/static/Resources/PXToolsLoginBackground.png HTTP/1.1" 200 1164
200.86.99.60 - - [08/Mar/2018:11:38:23 -0300] "GET /cormun/static/Resources/PXToolsButtonRight21.png HTTP/1.1" 200 1283
200.86.99.60 - - [08/Mar/2018:11:38:23 -0300] "GET /cormun/static/Resources/PXToolsButtonLeft21.png HTTP/1.1" 200 1287
200.86.99.60 - - [08/Mar/2018:11:38:23 -0300] "GET /cormun/static/Resources/PXToolsButtonBackground2.png HTTP/1.1" 200 1181
200.86.99.60 - - [08/Mar/2018:11:38:23 -0300] "GET /cormun/static/Resources/PXToolsLoginBottom.png HTTP/1.1" 200 1389
200.86.99.60 - - [08/Mar/2018:11:38:25 -0300] "POST /cormun/servlet/hlogin?9b81dd9dfcbc49d6b9079abde8eeb5c0,gx-no-cache=1520519856578 HTTP/1.1" 200 90
200.86.99.60 - - [08/Mar/2018:11:38:25 -0300] "GET /cormun/servlet/hpexe_link HTTP/1.1" 200 966
200.86.99.60 - - [08/Mar/2018:11:38:25 -0300] "GET /cormun/static/gxcfg.js?20177612121792 HTTP/1.1" 200 953
200.86.99.60 - - [08/Mar/2018:11:38:25 -0300] "GET /cormun/static/hpexe_link.js?20177612121795 HTTP/1.1" 200 625
200.86.99.60 - - [08/Mar/2018:11:38:26 -0300] "GET /cormun/servlet/licenciaspermisos?INS,0,,, HTTP/1.1" 200 7514
200.86.99.60 - - [08/Mar/2018:11:38:26 -0300] "GET /cormun/static/gxcfg.js?201762917281167 HTTP/1.1" 200 953
200.86.99.60 - - [08/Mar/2018:11:38:26 -0300] "GET /cormun/static/PXToolsJavascripts/pexe_cookies.js HTTP/1.1" 200 792
200.86.99.60 - - [08/Mar/2018:11:38:26 -0300] "GET /cormun/static/RunJS/RunJS.js HTTP/1.1" 200 288
200.86.99.60 - - [08/Mar/2018:11:38:26 -0300] "GET /cormun/static/PXToolsJavascripts/pexe_menudivfix.js HTTP/1.1" 200 333
200.86.99.60 - - [08/Mar/2018:11:38:26 -0300] "GET /cormun/static/PXToolsJavascripts/pexe_oav.js HTTP/1.1" 200 645
200.86.99.60 - - [08/Mar/2018:11:38:26 -0300] "GET /cormun/static/PXToolsJavascripts/pexe_oavdivfix.js HTTP/1.1" 200 639
200.86.99.60 - - [08/Mar/2018:11:38:26 -0300] "GET /cormun/static/PXToolsJavascripts/pexe_picture.js HTTP/1.1" 200 689
200.86.99.60 - - [08/Mar/2018:11:38:26 -0300] "GET /cormun/static/PXToolsJavascripts/pexe_tabdivfix.js HTTP/1.1" 200 876
200.86.99.60 - - [08/Mar/2018:11:38:26 -0300] "GET /cormun/static/PXToolsJavascripts/PXToolsJavascriptsRender.js HTTP/1.1" 200 367
200.86.99.60 - - [08/Mar/2018:11:38:26 -0300] "GET /cormun/static/hpexe_messagecontroller.js?20177611595012 HTTP/1.1" 200 870
200.86.99.60 - - [08/Mar/2018:11:38:26 -0300] "GET /cormun/static/hpexe_messagepopupcomponent.js?20161017169425 HTTP/1.1" 200 605
200.86.99.60 - - [08/Mar/2018:11:38:26 -0300] "GET /cormun/static/hpexe_messagegenexuscomponent.js?201752511465344 HTTP/1.1" 200 587
200.86.99.60 - - [08/Mar/2018:11:38:26 -0300] "GET /cormun/static/Resources/PXToolsFooterBackground2.png HTTP/1.1" 200 1172
200.86.99.60 - - [08/Mar/2018:11:38:26 -0300] "GET /cormun/static/Resources/PXToolsHeaderHome.png HTTP/1.1" 200 4147
200.86.99.60 - - [08/Mar/2018:11:38:26 -0300] "GET /cormun/static/Resources/PXToolsHeaderLogin.png HTTP/1.1" 200 4279
200.86.99.60 - - [08/Mar/2018:11:38:26 -0300] "GET /cormun/static/Resources/PXToolsHeaderBackground2.png HTTP/1.1" 200 1174
200.86.99.60 - - [08/Mar/2018:11:38:26 -0300] "GET /cormun/static/Resources/logo4.png HTTP/1.1" 200 6582
200.86.99.60 - - [08/Mar/2018:11:38:26 -0300] "GET /cormun/static/Resources/prompt.gif HTTP/1.1" 200 902
200.86.99.60 - - [08/Mar/2018:11:38:26 -0300] "GET /cormun/static/Resources/PXToolsHeaderPreferences.png HTTP/1.1" 200 4189
200.86.99.60 - - [08/Mar/2018:11:38:26 -0300] "GET /cormun/static/Resources/PXToolsHeaderSecurity.png HTTP/1.1" 200 4166
200.86.99.60 - - [08/Mar/2018:11:38:26 -0300] "GET /cormun/static/Resources/PXToolsHeaderActionsRight.png HTTP/1.1" 200 1201
200.86.99.60 - - [08/Mar/2018:11:38:26 -0300] "GET /cormun/static/Resources/PXToolsHeaderActionsLeft.png HTTP/1.1" 200 1118
200.86.99.60 - - [08/Mar/2018:11:38:26 -0300] "GET /cormun/static/Resources/PXTools/calendar.png HTTP/1.1" 200 1306
200.86.99.60 - - [08/Mar/2018:11:38:26 -0300] "GET /cormun/static/Resources/PXToolsHeaderActionsBackground.png HTTP/1.1" 200 484
200.86.99.60 - - [08/Mar/2018:11:38:27 -0300] "GET /cormun/static/Resources/PXToolsDataTitle.png HTTP/1.1" 200 1173
200.86.99.60 - - [08/Mar/2018:11:38:28 -0300] "GET /cormun/servlet/licenciaspermisos?INS,0,,, HTTP/1.1" 200 7521
200.86.99.60 - - [08/Mar/2018:11:38:28 -0300] "GET /cormun/static/SmoothNavMenu/resources/images/right.gif HTTP/1.1" 200 860
200.86.99.60 - - [08/Mar/2018:11:38:28 -0300] "GET /cormun/static/SmoothNavMenu/resources/images/down.gif HTTP/1.1" 200 854
200.86.99.60 - - [08/Mar/2018:11:38:36 -0300] "GET /cormun/static/Resources/resize.gif HTTP/1.1" 200 77
200.86.99.60 - - [08/Mar/2018:11:38:36 -0300] "GET /cormun/servlet/prfichaempleado?,MD,,gxPopupLevel%3D0%3B HTTP/1.1" 200 9299
200.86.99.60 - - [08/Mar/2018:11:38:56 -0300] "POST /cormun/servlet/prfichaempleado?9b81dd9dfcbc49d6b9079abde8eeb5c0,,MD,,gxPopupLevel%3D0%3B,gx-no-cache=1520519887687 HTTP/1.1" 200 3417
200.86.99.60 - - [08/Mar/2018:11:39:01 -0300] "GET /cormun/servlet/licenciaspermisos?83baeb9e29dee628a691388c789e64c603c667d12f971611c32cfad2e98a9232d42f21b56c69e4d1a7df3177c2e0f644,gx-no-cache=1520519892232 HTTP/1.1" 200 91
200.86.99.60 - - [08/Mar/2018:11:39:01 -0300] "POST /cormun/servlet/licenciaspermisos?9b81dd9dfcbc49d6b9079abde8eeb5c0,INS,0,,,,gx-no-cache=1520519892330 HTTP/1.1" 200 4601
186.103.159.182 - - [08/Mar/2018:11:39:07 -0300] "POST /cormun/servlet/trvisualizadoreventos?66801812e806bc38704c58e34e8611db,,gx-no-cache=1520519844488 HTTP/1.1" 200 4151
186.103.159.182 - - [08/Mar/2018:11:39:29 -0300] "POST /cormun/servlet/trvisualizadoreventos?66801812e806bc38704c58e34e8611db,,gx-no-cache=1520519867570 HTTP/1.1" 200 4150
186.103.159.182 - - [08/Mar/2018:11:39:31 -0300] "POST /cormun/servlet/trvisualizadoreventos?66801812e806bc38704c58e34e8611db,,gx-no-cache=1520519869666 HTTP/1.1" 200 4150
200.86.99.60 - - [08/Mar/2018:11:39:35 -0300] "GET /cormun/static/menuarrow.gif HTTP/1.1" 404 1015
186.103.159.182 - - [08/Mar/2018:11:39:36 -0300] "POST /cormun/servlet/trvisualizadoreventos?66801812e806bc38704c58e34e8611db,,gx-no-cache=1520519873909 HTTP/1.1" 200 4151
186.103.159.182 - - [08/Mar/2018:11:39:42 -0300] "GET /cormun/servlet/trsolicitudot? HTTP/1.1" 200 7469
186.103.159.182 - - [08/Mar/2018:11:39:43 -0300] "GET /cormun/static/gxui/gxui-all.css?120300 HTTP/1.1" 200 2179
186.103.159.182 - - [08/Mar/2018:11:39:43 -0300] "GET /cormun/static/gxcfg.js?2017111422585916 HTTP/1.1" 200 953
186.103.159.182 - - [08/Mar/2018:11:39:44 -0300] "GET /cormun/static/trsolicitudot.js?201711142259839 HTTP/1.1" 200 54041
186.103.159.182 - - [08/Mar/2018:11:40:20 -0300] "GET /cormun/servlet/hlogin HTTP/1.1" 200 1720
186.103.159.182 - - [08/Mar/2018:11:40:21 -0300] "GET /cormun/static/Shared/ext/resources/css/ext-all.css?215870 HTTP/1.1" 200 147456
186.103.159.182 - - [08/Mar/2018:11:40:23 -0300] "POST /cormun/servlet/hlogin?66801812e806bc38704c58e34e8611db,gx-no-cache=1520519921513 HTTP/1.1" 200 90
186.103.159.182 - - [08/Mar/2018:11:40:23 -0300] "GET /cormun/servlet/hpexe_link HTTP/1.1" 200 954
186.103.159.182 - - [08/Mar/2018:11:40:23 -0300] "GET /cormun/servlet/trsolicitudot HTTP/1.1" 200 7469
186.103.159.182 - - [08/Mar/2018:11:40:23 -0300] "GET /cormun/static/Shared/ext/resources/css/ext-all.css?215870 HTTP/1.1" 206 1
186.103.159.182 - - [08/Mar/2018:11:41:00 -0300] "GET /cormun/static/Shared/ext/resources/css/ext-all.css?215870 HTTP/1.1" 206 299076
186.103.159.182 - - [08/Mar/2018:11:41:03 -0300] "GET /cormun/servlet/trsolicitudot HTTP/1.1" 200 7468
200.86.99.60 - - [08/Mar/2018:11:41:12 -0300] "GET /cormun/servlet/licenciaspermisos?83baeb9e29dee628a691388c789e64c6d62c63636e1c82dec8270493f26be61e5da4a0e0ffea3c914a8fdd74ceb1f4fa9da2388c98a4f4405a25a5d10e9e65cd0eb7bc5503b2e8c6981baeae9e5fba5077836ca7cd3ed2c3f245bfe94e13015cb7db4a965f082d536991a997ff279d36b1892794152a7789d2b5399277468dfb1f4465f0f6cf9b6e0b7082754835592c4e5a20f6f94cbf39d47e7b4832f0a71aaa478eaa44b2a0070a11174b18ce2db8,gx-no-cache=1520520023152 HTTP/1.1" 200 30
200.86.99.60 - - [08/Mar/2018:11:41:12 -0300] "POST /cormun/servlet/licenciaspermisos?9b81dd9dfcbc49d6b9079abde8eeb5c0,INS,0,,,,gx-no-cache=1520520023293 HTTP/1.1" 200 4698
200.86.99.60 - - [08/Mar/2018:11:41:14 -0300] "GET /cormun/servlet/licenciaspermisos?83baeb9e29dee628a691388c789e64c603c667d12f971611c32cfad2e98a92328e522bbcaf59eefe6326c1cd61b35504604781442b57334e3ce2a11bc0448e52e544d6cd79b581fc34b1128bb6f3c379e264b2d84fb4ab2616d94503d4db969e5781dc4dc8f20c549c8b648ed4e12702,gx-no-cache=1520520025520 HTTP/1.1" 200 85
200.86.99.60 - - [08/Mar/2018:11:41:15 -0300] "POST /cormun/servlet/licenciaspermisos?9b81dd9dfcbc49d6b9079abde8eeb5c0,INS,0,,,,gx-no-cache=1520520025618 HTTP/1.1" 200 4687
186.103.159.182 - - [08/Mar/2018:11:41:19 -0300] "GET /cormun/servlet/trautorizarsolicitud? HTTP/1.1" 200 7373
186.103.159.182 - - [08/Mar/2018:11:41:20 -0300] "GET /cormun/static/gxcfg.js?2017111423403364 HTTP/1.1" 200 953
186.103.159.182 - - [08/Mar/2018:11:41:21 -0300] "GET /cormun/static/trautorizarsolicitud.js?201711142340425 HTTP/1.1" 200 53910
186.103.159.182 - - [08/Mar/2018:11:41:23 -0300] "GET /cormun/servlet/trautorizarsolicitud? HTTP/1.1" 200 7373
186.103.159.182 - - [08/Mar/2018:11:41:27 -0300] "GET /cormun/servlet/trvisualizadoreventos? HTTP/1.1" 200 7035
186.103.159.182 - - [08/Mar/2018:11:41:28 -0300] "GET /cormun/servlet/trvisualizadoreventos? HTTP/1.1" 200 7034
200.86.99.60 - - [08/Mar/2018:11:41:34 -0300] "GET /cormun/servlet/licenciaspermisos?83baeb9e29dee628a691388c789e64c64d01b6edf8f41d6cd23f276244d9709c8827eaa6c9196aab5422d8e64e1a51580234254edc1bbf0b11808ef5c4eb7ea358951499ee04b5c101461bf5b23a515323b6c2af9298f4d4122ba19779715fb7b215deb187754357d0d1ebddd0eadd4d5603a0e8a74d169e5ac3f9d68599f27faebc5bae7dae1f10680b99878f67e8a1b1dba3c8c3b96a9729dec3eaa310f49d3430856f360e4786be284301b070f6aa,gx-no-cache=1520520045860 HTTP/1.1" 200 29
186.103.159.182 - - [08/Mar/2018:11:41:36 -0300] "GET /cormun/servlet/trsolicitudot? HTTP/1.1" 200 7469
186.103.159.182 - - [08/Mar/2018:11:41:37 -0300] "GET /cormun/servlet/trsolicitudot? HTTP/1.1" 200 7468
200.86.99.60 - - [08/Mar/2018:11:41:49 -0300] "GET /cormun/servlet/prfichaempleado?,MD,,gxPopupLevel%3D0%3B HTTP/1.1" 200 9299
200.86.99.60 - - [08/Mar/2018:11:41:59 -0300] "GET /cormun/servlet/licenciaspermisos?83baeb9e29dee628a691388c789e64c6d62c63636e1c82dec8270493f26be61e5da4a0e0ffea3c914a8fdd74ceb1f4fa9da2388c98a4f4405a25a5d10e9e65cd0eb7bc5503b2e8c6981baeae9e5fba5077836ca7cd3ed2c3f245bfe94e13015cb7db4a965f082d536991a997ff279d36b1892794152a7789d2b5399277468dfb1f4465f0f6cf9b6e0b7082754835592c4e5a20f6f94cbf39d47e7b4832f0a71aaa478eaa44b2a0070a11174b18ce2db8,gx-no-cache=1520520070890 HTTP/1.1" 200 30
200.86.99.60 - - [08/Mar/2018:11:42:02 -0300] "GET /cormun/servlet/licenciaspermisos?83baeb9e29dee628a691388c789e64c64d01b6edf8f41d6cd23f276244d9709c8827eaa6c9196aab5422d8e64e1a51580234254edc1bbf0b11808ef5c4eb7ea358951499ee04b5c101461bf5b23a515323b6c2af9298f4d4122ba19779715fb7b215deb187754357d0d1ebddd0eadd4d5603a0e8a74d169e5ac3f9d68599f27faebc5bae7dae1f10680b99878f67e8a1b1dba3c8c3b96a9729dec3eaa310f49d3430856f360e4786be284301b070f6aa,gx-no-cache=1520520073155 HTTP/1.1" 200 29
186.67.203.186 - - [08/Mar/2018:11:42:36 -0300] "POST /cormun/servlet/hlogin?db7214ef4fa6052cb9294e4519b0056c,gx-no-cache=1520520105158 HTTP/1.1" 440 972
186.67.203.186 - - [08/Mar/2018:11:42:38 -0300] "GET /cormun/servlet/hlogin HTTP/1.1" 200 1727
186.67.203.186 - - [08/Mar/2018:11:42:54 -0300] "POST /cormun/servlet/hlogin?bdb75b6183035ae83a13bc79b35ac166,gx-no-cache=1520520123440 HTTP/1.1" 200 90
186.67.203.186 - - [08/Mar/2018:11:42:54 -0300] "GET /cormun/servlet/hpexe_link HTTP/1.1" 200 947
186.67.203.186 - - [08/Mar/2018:11:42:54 -0300] "GET /cormun/servlet/hhome HTTP/1.1" 200 4191
186.67.203.186 - - [08/Mar/2018:11:42:56 -0300] "GET /cormun/servlet/hhome HTTP/1.1" 200 4187
186.67.203.186 - - [08/Mar/2018:11:43:02 -0300] "GET /cormun/servlet/trsolicitudot? HTTP/1.1" 200 7404
186.67.203.186 - - [08/Mar/2018:11:43:03 -0300] "GET /cormun/servlet/trsolicitudot? HTTP/1.1" 200 7403
200.86.99.60 - - [08/Mar/2018:11:43:04 -0300] "GET /cormun/servlet/prfichaempleado?,MD,,gxPopupLevel%3D0%3B HTTP/1.1" 200 9299
186.67.203.186 - - [08/Mar/2018:11:43:07 -0300] "GET /cormun/servlet/solicitudot?INS,0,0, HTTP/1.1" 200 13642
186.67.203.186 - - [08/Mar/2018:11:43:09 -0300] "GET /cormun/servlet/solicitudot?INS,0,0, HTTP/1.1" 200 13647
200.111.122.170 - - [08/Mar/2018:11:43:11 -0300] "GET /cormun/servlet/prfichaempleado?,MD,,gxPopupLevel%3D0%3B HTTP/1.1" 200 9349
200.86.99.60 - - [08/Mar/2018:11:43:39 -0300] "POST /cormun/servlet/prfichaempleado?9b81dd9dfcbc49d6b9079abde8eeb5c0,,MD,,gxPopupLevel%3D0%3B,gx-no-cache=1520520170782 HTTP/1.1" 200 3194
186.103.159.182 - - [08/Mar/2018:11:44:28 -0300] "GET /cormun/servlet/trsolicitudot? HTTP/1.1" 200 7468
186.103.159.182 - - [08/Mar/2018:11:44:31 -0300] "GET /cormun/servlet/trsolicitudot? HTTP/1.1" 200 7468
186.103.159.182 - - [08/Mar/2018:11:44:38 -0300] "GET /cormun/servlet/solicitudot?INS,0,0, HTTP/1.1" 200 13704
186.103.159.182 - - [08/Mar/2018:11:44:38 -0300] "GET /cormun/static/gxcfg.js?201812313224582 HTTP/1.1" 200 953
186.103.159.182 - - [08/Mar/2018:11:44:39 -0300] "GET /cormun/static/solicitudot.js?201812313224831 HTTP/1.1" 200 72336
186.103.159.182 - - [08/Mar/2018:11:44:40 -0300] "GET /cormun/servlet/solicitudot?INS,0,0, HTTP/1.1" 200 13709
186.103.159.182 - - [08/Mar/2018:11:44:44 -0300] "GET /cormun/servlet/trsolicitudot? HTTP/1.1" 200 7468
186.103.159.182 - - [08/Mar/2018:11:44:45 -0300] "GET /cormun/servlet/trsolicitudot? HTTP/1.1" 200 7468
186.103.159.182 - - [08/Mar/2018:11:44:48 -0300] "GET /cormun/static/menuarrow.gif HTTP/1.1" 404 1015
200.111.122.170 - - [08/Mar/2018:11:45:00 -0300] "POST /cormun/servlet/prfichaempleado?bdb75b6183035ae83a13bc79b35ac166,,MD,,gxPopupLevel%3D0%3B,gx-no-cache=1520520249820 HTTP/1.1" 200 3478
200.111.122.170 - - [08/Mar/2018:11:45:07 -0300] "GET /cormun/servlet/prfichaempleado?,MD,,gxPopupLevel%3D0%3B HTTP/1.1" 200 9349
186.103.159.182 - - [08/Mar/2018:11:45:51 -0300] "POST /cormun/servlet/trsolicitudot?66801812e806bc38704c58e34e8611db,,gx-no-cache=1520520249124 HTTP/1.1" 200 4492
186.103.159.182 - - [08/Mar/2018:11:46:07 -0300] "POST /cormun/servlet/trsolicitudot?66801812e806bc38704c58e34e8611db,,gx-no-cache=1520520265043 HTTP/1.1" 200 4489
186.103.159.182 - - [08/Mar/2018:11:46:15 -0300] "POST /cormun/servlet/trsolicitudot?66801812e806bc38704c58e34e8611db,,gx-no-cache=1520520273558 HTTP/1.1" 200 4497
186.103.159.182 - - [08/Mar/2018:11:46:18 -0300] "GET /cormun/servlet/solicitudot?INS,0,0, HTTP/1.1" 200 13705
200.120.230.197 - - [08/Mar/2018:11:46:19 -0300] "GET /cormun/servlet/hlogin HTTP/1.1" 200 1721
186.103.159.182 - - [08/Mar/2018:11:46:21 -0300] "GET /cormun/servlet/solicitudot?INS,0,0, HTTP/1.1" 200 13709
186.67.203.186 - - [08/Mar/2018:11:46:23 -0300] "POST /cormun/servlet/solicitudot?gx-no-cache=1520520332137 HTTP/1.1" 200 3414
186.67.203.186 - - [08/Mar/2018:11:46:24 -0300] "POST /cormun/servlet/solicitudot?bdb75b6183035ae83a13bc79b35ac166,INS,0,0,,gx-no-cache=1520520332847 HTTP/1.1" 200 10597
186.67.203.186 - - [08/Mar/2018:11:46:24 -0300] "GET /cormun/servlet/solicitudot?26d8313ebf090bdd3d9483a5a982cdf504dc265ad475f40f45ee21fc7b6338077a27b87604504c0bf3ef749e06a0f730,gx-no-cache=1520520333695 HTTP/1.1" 200 30
200.120.230.197 - - [08/Mar/2018:11:46:28 -0300] "POST /cormun/servlet/hlogin?f9bf174c160b9dca92ed67fe4dbe6558,gx-no-cache=1520520340544 HTTP/1.1" 200 90
200.120.230.197 - - [08/Mar/2018:11:46:28 -0300] "GET /cormun/servlet/hpexe_link HTTP/1.1" 200 950
200.120.230.197 - - [08/Mar/2018:11:46:28 -0300] "GET /cormun/servlet/hhome HTTP/1.1" 200 4230
186.103.159.182 - - [08/Mar/2018:11:46:29 -0300] "POST /cormun/servlet/solicitudot?gx-no-cache=1520520287908 HTTP/1.1" 200 3395
186.103.159.182 - - [08/Mar/2018:11:46:30 -0300] "POST /cormun/servlet/solicitudot?66801812e806bc38704c58e34e8611db,INS,0,0,,gx-no-cache=1520520288336 HTTP/1.1" 200 10552
200.120.230.197 - - [08/Mar/2018:11:46:30 -0300] "GET /cormun/servlet/hhome HTTP/1.1" 200 4226
186.67.203.186 - - [08/Mar/2018:11:46:32 -0300] "GET /cormun/servlet/solicitudot?26d8313ebf090bdd3d9483a5a982cdf584fc6c3bcb58b149f9f56472c1bbd767db13761b0c2dcf2c2dc1b698dd5823e3,gx-no-cache=1520520342196 HTTP/1.1" 200 103
186.67.203.186 - - [08/Mar/2018:11:46:33 -0300] "GET /cormun/static/Shared/jqueryui/images/ui-bg_highlight-soft_100_c6c2c8_1x100.png HTTP/1.1" 404 1117
200.111.122.170 - - [08/Mar/2018:11:46:33 -0300] "GET /cormun/static/Shared/jqueryui/images/ui-icons_82798d_256x240.png HTTP/1.1" 404 1089
190.151.100.218 - - [08/Mar/2018:11:46:33 -0300] "GET /cormun/static/Shared/jqueryui/images/ui-icons_ebccce_256x240.png HTTP/1.1" 404 1089
186.67.203.186 - - [08/Mar/2018:11:46:33 -0300] "GET /cormun/static/Shared/jqueryui/images/ui-bg_flat_55_994d53_40x100.png HTTP/1.1" 404 1097
200.72.197.82 - - [08/Mar/2018:11:46:33 -0300] "GET /cormun/servlet/solicitudot?26d8313ebf090bdd3d9483a5a982cdf51108520e59157bc7ae98de0f4222709c,gx-no-cache=1520520342431 HTTP/1.1" 200 51
200.72.197.82 - - [08/Mar/2018:11:46:33 -0300] "POST /cormun/servlet/solicitudot?gx-no-cache=1520520342550 HTTP/1.1" 200 297
200.72.197.82 - - [08/Mar/2018:11:46:33 -0300] "GET /cormun/servlet/solicitudot?26d8313ebf090bdd3d9483a5a982cdf5210a81e1427a20ec76416433144446c6a75289d160a9182215191fd6eec0412a988d113af5dfb5f978e809090c3305979e803dbeadab643b190bfb0b71892234eccfae3b8ae72f3142b3bb3b75c335703a12c4871f56e0ca8aa5b48a29d67c6df95100dd9aac172b96298411dc167863d08a1fa020da9d3f75e4f82677e5ea9cc49159af437b5aa42a981f570a8ea445d37471a2ce20d0f4b215e97179fbf7abcc2dafdb74bad6bb5afda8325666dc9a5675c95bc8519fd2e0241b9368dc68310537f2f7d4ec01698ff38970c333d55559e08e837dc2ebacb45547355a0865bae23e2fd9d4786b0b8f673eae270eb56eb09306d1f8b561175f3bcb5e404a33272edcd39a0137b5ad2b4424618417307fba33afe26af838f472a6ae670b4dac53199295f16e23bfacf1480f278f52316b0770368d07ea10bf789db7233db55e9121f9e1b1ff67b45c1e880db1f3b48ef3a90539cd6787a6c30c0a762154636a02db374a414c8bc8fbc9eff78e936f824b3813923a395cc4a7037238b6cff41124,gx-no-cache=1520520342728 HTTP/1.1" 200 30
200.72.197.82 - - [08/Mar/2018:11:46:39 -0300] "POST /cormun/servlet/solicitudot?gx-no-cache=1520520349193 HTTP/1.1" 200 30
200.120.230.197 - - [08/Mar/2018:11:46:40 -0300] "GET /cormun/servlet/trsolicitudot? HTTP/1.1" 200 9227
200.120.230.197 - - [08/Mar/2018:11:46:41 -0300] "GET /cormun/servlet/trsolicitudot? HTTP/1.1" 200 9225
186.103.159.187 - - [08/Mar/2018:11:46:42 -0300] "GET /cormun/servlet/hhome HTTP/1.1" 200 3398
186.103.159.187 - - [08/Mar/2018:11:46:42 -0300] "GET /cormun/servlet/hhome HTTP/1.1" 200 3393
200.72.197.82 - - [08/Mar/2018:11:46:43 -0300] "GET /cormun/servlet/prcontratosol?14337438,,,,,MD,,gxPopupLevel%3D0%3B HTTP/1.1" 200 8617
186.103.159.187 - - [08/Mar/2018:11:46:44 -0300] "GET /cormun/servlet/hhome HTTP/1.1" 200 3402
186.103.159.187 - - [08/Mar/2018:11:46:44 -0300] "GET /cormun/servlet/hlogin HTTP/1.1" 200 1729
200.72.197.82 - - [08/Mar/2018:11:46:48 -0300] "POST /cormun/servlet/solicitudot?gx-no-cache=1520520358081 HTTP/1.1" 200 1337
200.72.197.82 - - [08/Mar/2018:11:46:49 -0300] "POST /cormun/servlet/solicitudot?gx-no-cache=1520520358315 HTTP/1.1" 200 38
200.72.197.82 - - [08/Mar/2018:11:46:49 -0300] "GET /cormun/servlet/solicitudot?26d8313ebf090bdd3d9483a5a982cdf54b5a58a7e1bb58410dabb02f5330024fe2e1e3042ef993b564aaf857268ae7e1c9ba409b8b366db462024c3eefc6ce44ad59c35d5437446a63f4aded22e3b57a4e556388597899ba31054e2811e49731875662789b53f3f87e581fa0113a656c,gx-no-cache=1520520358449 HTTP/1.1" 200 29
200.72.197.82 - - [08/Mar/2018:11:46:49 -0300] "POST /cormun/servlet/solicitudot?gx-no-cache=1520520358560 HTTP/1.1" 200 1318
200.72.197.82 - - [08/Mar/2018:11:46:49 -0300] "POST /cormun/servlet/solicitudot?gx-no-cache=1520520358828 HTTP/1.1" 200 1218
200.72.197.82 - - [08/Mar/2018:11:46:49 -0300] "GET /cormun/servlet/solicitudot?26d8313ebf090bdd3d9483a5a982cdf5af9fb724998ee39406322022b9e19f0497818bd54941714c37ce9c08344c16da,gx-no-cache=1520520359030 HTTP/1.1" 200 134
200.72.197.82 - - [08/Mar/2018:11:46:49 -0300] "GET /cormun/servlet/solicitudot?26d8313ebf090bdd3d9483a5a982cdf584fc6c3bcb58b149f9f56472c1bbd767db13761b0c2dcf2c2dc1b698dd5823e3,gx-no-cache=1520520359256 HTTP/1.1" 200 103
200.72.197.82 - - [08/Mar/2018:11:46:50 -0300] "POST /cormun/servlet/solicitudot?gx-no-cache=1520520359455 HTTP/1.1" 200 297
200.72.197.82 - - [08/Mar/2018:11:46:50 -0300] "GET /cormun/servlet/solicitudot?26d8313ebf090bdd3d9483a5a982cdf5210a81e1427a20ec76416433144446c6a75289d160a9182215191fd6eec0412a988d113af5dfb5f978e809090c3305979e803dbeadab643b190bfb0b71892234eccfae3b8ae72f3142b3bb3b75c335703a12c4871f56e0ca8aa5b48a29d67c6df95100dd9aac172b96298411dc167863d08a1fa020da9d3f75e4f82677e5ea9cc49159af437b5aa42a981f570a8ea445d37471a2ce20d0f4b215e97179fbf7abcc2dafdb74bad6bb5afda8325666dc9a5675c95bc8519fd2e0241b9368dc68310537f2f7d4ec01698ff38970c333d55559e08e837dc2ebacb45547355a0865bae23e2fd9d4786b0b8f673eae270eb56eb09306d1f8b561175f3bcb5e404a33272edcd39a0137b5ad2b4424618417307fba33afe26af838f472a6ae670b4dac53199295f16e23bfacf1480f278f52316b0770368d07ea10bf789db7233db55e9121f9e1b1ff67b45c1e880db1f3b48ef3a90539cd6787a6c30c0a762154636a02b2ae160bdbed56e8c1d6ca0e93a93b443813923a395cc4a7037238b6cff41124,gx-no-cache=1520520359590 HTTP/1.1" 200 30
200.72.197.82 - - [08/Mar/2018:11:46:50 -0300] "POST /cormun/servlet/solicitudot?gx-no-cache=1520520359741 HTTP/1.1" 200 30
200.72.197.82 - - [08/Mar/2018:11:46:51 -0300] "POST /cormun/servlet/solicitudot?gx-no-cache=1520520359976 HTTP/1.1" 200 1337
200.72.197.82 - - [08/Mar/2018:11:46:51 -0300] "POST /cormun/servlet/solicitudot?gx-no-cache=1520520360820 HTTP/1.1" 200 41
200.72.197.82 - - [08/Mar/2018:11:46:51 -0300] "POST /cormun/servlet/solicitudot?gx-no-cache=1520520361013 HTTP/1.1" 200 1318
200.72.197.82 - - [08/Mar/2018:11:46:51 -0300] "POST /cormun/servlet/solicitudot?gx-no-cache=1520520361182 HTTP/1.1" 200 1218
200.72.197.82 - - [08/Mar/2018:11:46:52 -0300] "GET /cormun/servlet/solicitudot?26d8313ebf090bdd3d9483a5a982cdf5af9fb724998ee39406322022b9e19f0497818bd54941714c37ce9c08344c16da,gx-no-cache=1520520361345 HTTP/1.1" 200 134
186.103.159.187 - - [08/Mar/2018:11:46:52 -0300] "POST /cormun/servlet/hlogin?f1483026d7c85e31792e03542acc3d90,gx-no-cache=1520520459525 HTTP/1.1" 200 439
200.120.230.197 - - [08/Mar/2018:11:46:53 -0300] "POST /cormun/servlet/trsolicitudot?f9bf174c160b9dca92ed67fe4dbe6558,,gx-no-cache=1520520366005 HTTP/1.1" 200 6468
200.120.230.197 - - [08/Mar/2018:11:46:53 -0300] "GET /cormun/static/Shared/jqueryui/images/ui-bg_highlight-soft_100_c6c2c8_1x100.png HTTP/1.1" 404 1117
200.120.230.197 - - [08/Mar/2018:11:46:53 -0300] "GET /cormun/static/Shared/jqueryui/images/ui-icons_82798d_256x240.png HTTP/1.1" 404 1089
