186.79.229.37 - - [08/Mar/2018:16:34:29 -0300] "GET /cormun/servlet/solicitudot?1e62ee6d0e3347c81cfbc7cadc74f039e2593bc18534e8b4d73a3353260d41afa2dcc4ad18c3619ed371de76436b7b75,gx-no-cache=1520537622363 HTTP/1.1" 200 30
200.86.95.220 - - [08/Mar/2018:16:34:30 -0300] "POST /cormun/servlet/solicitudotadjuntos?gx-no-cache=1520537621083 HTTP/1.1" 200 26
200.86.95.220 - - [08/Mar/2018:16:34:37 -0300] "GET /cormun/servlet/solicitudotadjuntos?e0d4f0760bcf6c2603a8bfafbb343554fc279e9997abe2e640d0c3aaa4e117dd,gx-no-cache=1520537629199 HTTP/1.1" 200 30
200.86.95.220 - - [08/Mar/2018:16:34:37 -0300] "GET /cormun/servlet/solicitudotadjuntos?e0d4f0760bcf6c2603a8bfafbb343554fc279e9997abe2e640d0c3aaa4e117dd,gx-no-cache=1520537629273 HTTP/1.1" 200 30
200.86.95.220 - - [08/Mar/2018:16:34:38 -0300] "POST /cormun/servlet/solicitudotadjuntos?771e374e112f5c4020dd1736062ae396,INS,2018,10305,,1, HTTP/1.1" 200 6144
200.86.95.220 - - [08/Mar/2018:16:34:39 -0300] "GET /cormun/static/Shared/jqueryui/images/ui-bg_highlight-soft_100_c6c2c8_1x100.png HTTP/1.1" 404 1117
200.86.95.220 - - [08/Mar/2018:16:34:39 -0300] "GET /cormun/static/Shared/jqueryui/images/ui-icons_82798d_256x240.png HTTP/1.1" 404 1089
200.86.95.220 - - [08/Mar/2018:16:34:39 -0300] "GET /cormun/static/Shared/jqueryui/images/ui-bg_flat_55_994d53_40x100.png HTTP/1.1" 404 1097
200.86.95.220 - - [08/Mar/2018:16:34:39 -0300] "GET /cormun/static/Shared/jqueryui/images/ui-icons_ebccce_256x240.png HTTP/1.1" 404 1089
200.86.95.220 - - [08/Mar/2018:16:34:39 -0300] "GET /cormun/PrivateTempStorage/upload_00006590.jpg HTTP/1.1" 200 483774
186.103.159.182 - - [08/Mar/2018:16:34:39 -0300] "GET /cormun/static/menuarrow.gif HTTP/1.1" 404 1015
186.79.229.37 - - [08/Mar/2018:16:34:40 -0300] "POST /cormun/servlet/solicitudot?gx-no-cache=1520537632994 HTTP/1.1" 200 30
186.103.159.182 - - [08/Mar/2018:16:34:43 -0300] "GET /cormun/servlet/solicitudot?3f35e73da4e09f65eea9f6a7b66715729fff0ab2b11e10417b2bf6415e1c8f2b87f37c9fd08e60ad9d88de5b8647b25f,gx-no-cache=1520537581407 HTTP/1.1" 200 30
192.168.10.143 - - [08/Mar/2018:16:34:50 -0300] "POST /cormun/servlet/trsolicitudgral?bccc2747ba4d0d58d50b37f953ce76c3,,gx-no-cache=1520537634185 HTTP/1.1" 200 7260
186.103.159.182 - - [08/Mar/2018:16:34:53 -0300] "POST /cormun/servlet/solicitudot?gx-no-cache=1520537591820 HTTP/1.1" 200 30
192.168.10.143 - - [08/Mar/2018:16:35:06 -0300] "POST /cormun/servlet/trsolicitudgral?bccc2747ba4d0d58d50b37f953ce76c3,,gx-no-cache=1520537650121 HTTP/1.1" 200 7278
186.103.159.182 - - [08/Mar/2018:16:35:19 -0300] "POST /cormun/servlet/solicitudot?6d49dfe72b2b805448dedd11a6e0e1f9,INS,0,0,,gx-no-cache=1520537617144 HTTP/1.1" 200 93
186.103.159.182 - - [08/Mar/2018:16:35:19 -0300] "GET /cormun/servlet/hpexe_return? HTTP/1.1" 200 1008
186.103.159.182 - - [08/Mar/2018:16:35:20 -0300] "GET /cormun/servlet/trsolicitudot HTTP/1.1" 200 8870
186.103.159.182 - - [08/Mar/2018:16:35:21 -0300] "GET /cormun//static/Resources/PXToolsActionView.png HTTP/1.1" 200 2995
186.103.159.182 - - [08/Mar/2018:16:35:21 -0300] "GET /cormun//static/Resources/PXTools/ActionInsert.png HTTP/1.1" 200 1482
186.103.159.182 - - [08/Mar/2018:16:35:21 -0300] "GET /cormun/servlet/trsolicitudot HTTP/1.1" 200 8866
186.103.159.182 - - [08/Mar/2018:16:35:21 -0300] "GET /cormun//static/Resources/PXToolsGridDelete.png HTTP/1.1" 200 357
186.103.159.182 - - [08/Mar/2018:16:35:21 -0300] "GET /cormun//static/Resources/PXToolsGridUpdate.png HTTP/1.1" 200 2984
186.103.159.182 - - [08/Mar/2018:16:35:21 -0300] "GET /cormun//static/Resources/PXToolsRemoveAllAction.png HTTP/1.1" 200 3558
186.103.159.182 - - [08/Mar/2018:16:35:33 -0300] "GET /cormun/servlet/solicitudot?INS,0,0, HTTP/1.1" 200 13698
186.103.159.182 - - [08/Mar/2018:16:35:34 -0300] "GET /cormun/servlet/solicitudot?INS,0,0, HTTP/1.1" 200 13703
192.168.10.143 - - [08/Mar/2018:16:35:37 -0300] "GET /cormun/servlet/hlogin HTTP/1.1" 200 1720
192.168.10.143 - - [08/Mar/2018:16:35:46 -0300] "POST /cormun/servlet/hlogin?bccc2747ba4d0d58d50b37f953ce76c3,gx-no-cache=1520537689228 HTTP/1.1" 200 90
192.168.10.143 - - [08/Mar/2018:16:35:46 -0300] "GET /cormun/servlet/hpexe_link HTTP/1.1" 200 960
192.168.10.143 - - [08/Mar/2018:16:35:46 -0300] "GET /cormun/servlet/trsolicitudgral? HTTP/1.1" 200 10771
192.168.10.143 - - [08/Mar/2018:16:35:46 -0300] "GET /cormun/servlet/trsolicitudgral? HTTP/1.1" 200 10770
192.168.10.143 - - [08/Mar/2018:16:35:53 -0300] "POST /cormun/servlet/trsolicitudgral?bccc2747ba4d0d58d50b37f953ce76c3,,gx-no-cache=1520537696858 HTTP/1.1" 200 7280
186.103.159.182 - - [08/Mar/2018:16:35:56 -0300] "POST /cormun/servlet/solicitudot?gx-no-cache=1520537654892 HTTP/1.1" 200 3284
186.103.159.182 - - [08/Mar/2018:16:35:57 -0300] "POST /cormun/servlet/solicitudot?6d49dfe72b2b805448dedd11a6e0e1f9,INS,0,0,,gx-no-cache=1520537655120 HTTP/1.1" 200 10438
186.103.159.182 - - [08/Mar/2018:16:35:57 -0300] "GET /cormun/servlet/solicitudot?3f35e73da4e09f65eea9f6a7b66715723c19d13ccb7112ab68ef75586814c48c878b855c8b606273fd2d7dde79575f8f,gx-no-cache=1520537655873 HTTP/1.1" 200 30
192.168.10.143 - - [08/Mar/2018:16:36:22 -0300] "POST /cormun/servlet/trsolicitudgral?bccc2747ba4d0d58d50b37f953ce76c3,,gx-no-cache=1520537726146 HTTP/1.1" 200 7282
192.168.10.50 - - [08/Mar/2018:16:36:38 -0300] "GET /cormun/servlet/solicitudgral2?UPD,2018,7765, HTTP/1.1" 200 12892
192.168.10.50 - - [08/Mar/2018:16:36:38 -0300] "GET /cormun/static/gxcfg.js?20181911361990 HTTP/1.1" 304 -
192.168.10.50 - - [08/Mar/2018:16:36:39 -0300] "GET /cormun/servlet/solicitudgral2?UPD,2018,7765, HTTP/1.1" 200 12882
192.168.10.50 - - [08/Mar/2018:16:36:39 -0300] "POST /cormun/servlet/solicitudgral2?gx-no-cache=1520537637783 HTTP/1.1" 200 3872
192.168.10.50 - - [08/Mar/2018:16:36:39 -0300] "GET /cormun/servlet/solicitudgral2?ffa22b3632f1e15c203c777505bcbabbec9a510889ba948662983a8c606046407ae5888e1c2e6b017039091eb0d19280f8bf1861a3506323e98825bb6a88e7215136ff1647931f030b0efad99737f593edde1bbfa77cdd977506a64c8cd3146e77b5b6858ef6642aeeec92e0eec8f89df01f1e25a685c17164cda74e0917122502ec87d30e248d997ff1c08c0fa23928241da6466467f8a70533db1d01dcc9e40c746705d996ee59ef5a28057ce9ae3cc8424cb7add3a26656ee69eeb4b936a47814f54dc24b9dfb2cc1003f4d04f1386d2f07bf129574bbfa2a2191994b08bead9f508cf6a2149f93bd96efceaa9ceb22d318de95cefea725924509c4b83f5ace0444fa9ebb1f1ed342a67132c94a923405775e10b1ab91f71f867814a71f22ccbd23baa6466cad0c4b60e63ecf58d09f4b4aa393c12e9e1039681e74f2930e8072d3e8790e5d8b50768ae088456c68,gx-no-cache=1520537637936 HTTP/1.1" 200 255
192.168.10.50 - - [08/Mar/2018:16:36:39 -0300] "POST /cormun/servlet/solicitudgral2?gx-no-cache=1520537637965 HTTP/1.1" 200 1398
192.168.10.50 - - [08/Mar/2018:16:36:39 -0300] "GET /cormun/servlet/solicitudgral2?ffa22b3632f1e15c203c777505bcbabb45a2278d6c1a08fe2b904b989afecb7abd74f5dd9ec5fdb81c800d9f3e3c6df3b19d1eb7ecb31dfb4d0d9879c213262be90ea18624e5b6725acbdb4ff2552a696bdc3af0a46ba99c8797c0c639e347ee6c16196ce1b6cbb1481b50110076b7c3,gx-no-cache=1520537638003 HTTP/1.1" 200 41
186.103.157.235 - - [08/Mar/2018:16:36:40 -0300] "POST /cormun/servlet/solicitudot?gx-no-cache=1520537750056 HTTP/1.1" 200 30
192.168.10.50 - - [08/Mar/2018:16:36:44 -0300] "POST /cormun/servlet/solicitudgral2?d6583be25d14686ecc3ebf87c918bf62,UPD,2018,7765,,gx-no-cache=1520537642901 HTTP/1.1" 200 11848
192.168.10.50 - - [08/Mar/2018:16:36:44 -0300] "GET /cormun/servlet/solicitudgral2?ffa22b3632f1e15c203c777505bcbabb49d25df374582f65b5a653d3235b50cf7a1418f41e3680c77fd03fa238b56633632d63b5131afad671932af149b88a8ff4f1d711d38ec155a9c6757caecce81e0acd354e15e33cc4806e865057deea20380c7854023c6db9aba5b194e29b55e7161054935ca4ea0a1667df012d70e2f37d41ddb4064215e882474e87395fc37524717fb22f535e0a0cb704b6fa63c4ed,gx-no-cache=1520537643078 HTTP/1.1" 200 29
192.168.10.50 - - [08/Mar/2018:16:36:44 -0300] "POST /cormun/servlet/solicitudgral2?gx-no-cache=1520537643099 HTTP/1.1" 200 1295
192.168.10.50 - - [08/Mar/2018:16:36:44 -0300] "POST /cormun/servlet/solicitudgral2?gx-no-cache=1520537643133 HTTP/1.1" 200 1219
192.168.10.50 - - [08/Mar/2018:16:36:44 -0300] "GET /cormun/servlet/solicitudgral2?ffa22b3632f1e15c203c777505bcbabbca4606de681ef545d0172278f21ac5b8a76b175db531cb413dd451030add0948f10d4fd0be9d7480a66a4ba4429856c3ff5f51096f802238ded4c5f8c05e0bd88ec4959016cd255238f621ad77ab07518119e5e5b542338035c260f6cdbe6c4fd794e55e9c42667d548873bda22e4c07,gx-no-cache=1520537643167 HTTP/1.1" 200 30
192.168.10.50 - - [08/Mar/2018:16:36:44 -0300] "POST /cormun/servlet/solicitudgral2?d6583be25d14686ecc3ebf87c918bf62,UPD,2018,7765,,gx-no-cache=1520537643185 HTTP/1.1" 200 93
192.168.10.50 - - [08/Mar/2018:16:36:44 -0300] "GET /cormun/servlet/hpexe_return? HTTP/1.1" 200 1036
192.168.10.50 - - [08/Mar/2018:16:36:45 -0300] "GET /cormun/servlet/trsolicitudgral?gx-no-cache=1520535661363 HTTP/1.1" 200 12726
192.168.10.50 - - [08/Mar/2018:16:36:45 -0300] "GET /cormun/servlet/trsolicitudgral?gx-no-cache=1520535661363 HTTP/1.1" 200 12743
192.168.10.50 - - [08/Mar/2018:16:36:51 -0300] "POST /cormun/servlet/trsolicitudgral?d6583be25d14686ecc3ebf87c918bf62,gx-no-cache=1520535661363,gx-no-cache=1520537649914 HTTP/1.1" 200 115
192.168.10.50 - - [08/Mar/2018:16:36:51 -0300] "GET /cormun/servlet/solicitudotlog?INS,2018,9022,0,REC, HTTP/1.1" 200 6291
192.168.10.50 - - [08/Mar/2018:16:36:51 -0300] "GET /cormun/servlet/solicitudotlog?INS,2018,9022,0,REC, HTTP/1.1" 200 6269
192.168.10.50 - - [08/Mar/2018:16:36:52 -0300] "GET /cormun/servlet/solicitudotlog?ffa22b3632f1e15c203c777505bcbabbc1c5e01f29eec545a0e14bc7bd39930122d318de95cefea725924509c4b83f5acf921141bdf61472248bb358392dfbab8b56501a989fdfce71c5f4907663fcc8f1c0e301fcae98a7759ab04ce15eb36e9ee5cdc8a71b5e2e0d37077eff09ae58b9accb1925d2c40fbadefbea01972dbaaf7a022f412bc5512a7bcf8a4f07c5c0dcfb08e6a0c826a106fec8041503bf3c,gx-no-cache=1520537650759 HTTP/1.1" 200 94
192.168.10.143 - - [08/Mar/2018:16:36:52 -0300] "POST /cormun/servlet/trsolicitudgral?bccc2747ba4d0d58d50b37f953ce76c3,,gx-no-cache=1520537756099 HTTP/1.1" 200 7302
186.103.157.235 - - [08/Mar/2018:16:37:00 -0300] "POST /cormun/servlet/solicitudot?5f26775453bd26a221b6b21b0ad47f97,INS,0,0,,gx-no-cache=1520537766915 HTTP/1.1" 200 93
186.103.157.235 - - [08/Mar/2018:16:37:00 -0300] "GET /cormun/servlet/hpexe_return? HTTP/1.1" 200 1007
186.103.157.235 - - [08/Mar/2018:16:37:00 -0300] "GET /cormun/servlet/trsolicitudot HTTP/1.1" 200 7443
186.103.157.235 - - [08/Mar/2018:16:37:03 -0300] "GET /cormun/servlet/trsolicitudot HTTP/1.1" 200 7440
192.168.10.143 - - [08/Mar/2018:16:37:04 -0300] "POST /cormun/servlet/trsolicitudgral?bccc2747ba4d0d58d50b37f953ce76c3,,gx-no-cache=1520537768137 HTTP/1.1" 200 7309
200.86.95.220 - - [08/Mar/2018:16:37:11 -0300] "GET /cormun/servlet/trsolicitudadjuntos?2018,10305, HTTP/1.1" 200 6049
200.86.95.220 - - [08/Mar/2018:16:37:12 -0300] "GET /cormun/servlet/trsolicitudadjuntos?2018,10305, HTTP/1.1" 200 6049
200.86.95.220 - - [08/Mar/2018:16:37:14 -0300] "GET /cormun/servlet/solicitudotadjuntos?INS,2018,10305,,1, HTTP/1.1" 200 5999
200.86.95.220 - - [08/Mar/2018:16:37:14 -0300] "GET /cormun/static/about:blank HTTP/1.1" 404 1011
200.86.95.220 - - [08/Mar/2018:16:37:15 -0300] "GET /cormun/servlet/solicitudotadjuntos?INS,2018,10305,,1, HTTP/1.1" 200 5992
200.86.95.220 - - [08/Mar/2018:16:37:16 -0300] "GET /cormun/servlet/solicitudotadjuntos?e0d4f0760bcf6c2603a8bfafbb3435543dea96e1699ea54b78fdd59fdb3d7851407a58e09115fef48745faae2b9ae868,gx-no-cache=1520537787645 HTTP/1.1" 200 30
200.86.95.220 - - [08/Mar/2018:16:37:16 -0300] "POST /cormun/servlet/solicitudotadjuntos?771e374e112f5c4020dd1736062ae396,INS,2018,10305,,1,,gx-no-cache=1520537787730 HTTP/1.1" 200 3798
200.86.95.220 - - [08/Mar/2018:16:37:17 -0300] "POST /cormun/servlet/solicitudotadjuntos?gx-no-cache=1520537789064 HTTP/1.1" 200 26
200.86.95.220 - - [08/Mar/2018:16:37:22 -0300] "GET /cormun/servlet/solicitudotadjuntos?e0d4f0760bcf6c2603a8bfafbb343554fc279e9997abe2e640d0c3aaa4e117dd,gx-no-cache=1520537794239 HTTP/1.1" 200 30
200.86.95.220 - - [08/Mar/2018:16:37:22 -0300] "GET /cormun/servlet/solicitudotadjuntos?e0d4f0760bcf6c2603a8bfafbb343554fc279e9997abe2e640d0c3aaa4e117dd,gx-no-cache=1520537794327 HTTP/1.1" 200 30
200.86.95.220 - - [08/Mar/2018:16:37:26 -0300] "POST /cormun/servlet/solicitudotadjuntos?771e374e112f5c4020dd1736062ae396,INS,2018,10305,,1, HTTP/1.1" 200 6142
200.86.95.220 - - [08/Mar/2018:16:37:26 -0300] "GET /cormun/static/Shared/jqueryui/images/ui-bg_highlight-soft_100_c6c2c8_1x100.png HTTP/1.1" 404 1117
200.86.95.220 - - [08/Mar/2018:16:37:26 -0300] "GET /cormun/static/Shared/jqueryui/images/ui-icons_82798d_256x240.png HTTP/1.1" 404 1089
200.86.95.220 - - [08/Mar/2018:16:37:26 -0300] "GET /cormun/static/Shared/jqueryui/images/ui-bg_flat_55_994d53_40x100.png HTTP/1.1" 404 1097
200.86.95.220 - - [08/Mar/2018:16:37:26 -0300] "GET /cormun/static/Shared/jqueryui/images/ui-icons_ebccce_256x240.png HTTP/1.1" 404 1089
200.86.95.220 - - [08/Mar/2018:16:37:27 -0300] "GET /cormun/PrivateTempStorage/upload_00006602.jpg HTTP/1.1" 200 486260
186.103.158.250 - - [08/Mar/2018:16:37:31 -0300] "POST /cormun/servlet/solicitudot?gx-no-cache=1520537800353 HTTP/1.1" 200 3402
186.103.158.250 - - [08/Mar/2018:16:37:31 -0300] "POST /cormun/servlet/solicitudot?55fdac57a1463f1467033d8239b40f48,INS,0,0,,gx-no-cache=1520537800915 HTTP/1.1" 200 10563
186.103.159.182 - - [08/Mar/2018:16:37:33 -0300] "GET /cormun/servlet/solicitudot?3f35e73da4e09f65eea9f6a7b6671572dd8a25aff9464c1f67eac74bbe8f8a643d7c5d6f280e71092789d84173749c385ea8ea6fb5564ffb81830fefd21433e8,gx-no-cache=1520537751273 HTTP/1.1" 200 30
200.86.95.220 - - [08/Mar/2018:16:37:33 -0300] "GET /cormun/servlet/trsolicitudadjuntos?2018,10305, HTTP/1.1" 200 6050
186.103.159.182 - - [08/Mar/2018:16:37:33 -0300] "GET /cormun/servlet/solicitudot?3f35e73da4e09f65eea9f6a7b6671572a34cb01a489a07f9fb14dd2487e5dd52,gx-no-cache=1520537751424 HTTP/1.1" 200 29
186.103.159.182 - - [08/Mar/2018:16:37:33 -0300] "POST /cormun/servlet/solicitudot?gx-no-cache=1520537751529 HTTP/1.1" 200 297
186.103.159.182 - - [08/Mar/2018:16:37:33 -0300] "GET /cormun/servlet/solicitudot?3f35e73da4e09f65eea9f6a7b6671572b4dfac1d35496f6ca83c05fd878fa72c8a455682eb0fc48e706f468ea4295985484246510cfa4960e2a2fb9928b836729c16ed63971032f11dcac7610f417b3dc41b1535ac2d51b08952f98cd6c38df410b597754a83f1aebdee56f75154e2804f95d40589224a5dd41db69cc13a97186e4de8a7c4ad84675e8018cad06926af7d8da717e85cc9fb221d66189af4bf741768a57067c1bd6057737ca2c63c307049054892efa1b337d5cb8faf236d23649340e4ca740acab282c8a58263713113e5f0e564e2504ffbb1e4482e495ee61344a6fa1d4bf0aa7c1a2d5e145f4c85317c651755175927b18c9407fc1f49d201f75fbd7798decdb6b9d6d9c85594f0db05285461decc7b87eab4df8bc018399daf4addde8dc25cc93e1780ed99ad36864486d92be77a57a8e2d569a1f1a35161537fef0abd587934eaa462075769918b56f395c71d00410b3023e665ceace672cf23c08d60a4d596ab57d03fe9f7b710cb6fdd0279ee44e06eb2516d74af31ce625218cceeb7d7e2b8c39ec63e91b99d,gx-no-cache=1520537751665 HTTP/1.1" 200 30
200.86.95.220 - - [08/Mar/2018:16:37:34 -0300] "GET /cormun/servlet/trsolicitudadjuntos?2018,10305, HTTP/1.1" 200 6049
186.103.159.182 - - [08/Mar/2018:16:37:35 -0300] "POST /cormun/servlet/solicitudot?gx-no-cache=1520537754199 HTTP/1.1" 200 30
186.103.159.182 - - [08/Mar/2018:16:37:37 -0300] "POST /cormun/servlet/solicitudot?gx-no-cache=1520537755917 HTTP/1.1" 200 1333
186.103.159.182 - - [08/Mar/2018:16:37:37 -0300] "POST /cormun/servlet/solicitudot?gx-no-cache=1520537756077 HTTP/1.1" 200 38
207.46.13.4 - - [08/Mar/2018:16:37:55 -0300] "GET /cormun/servlet/hhome HTTP/1.1" 200 3388
192.168.10.62 - - [08/Mar/2018:16:37:57 -0300] "POST /cormun/servlet/trsolicitudgral?6f6f519d6a482d0280771a3702ec085c,gx-no-cache=1520537715636 HTTP/1.1" 200 9245
192.168.10.62 - - [08/Mar/2018:16:37:57 -0300] "GET /cormun/static/Shared/jqueryui/images/ui-bg_highlight-soft_100_c6c2c8_1x100.png HTTP/1.1" 404 1117
192.168.10.62 - - [08/Mar/2018:16:37:57 -0300] "GET /cormun/static/Shared/jqueryui/images/ui-icons_82798d_256x240.png HTTP/1.1" 404 1089
192.168.10.62 - - [08/Mar/2018:16:37:57 -0300] "GET /cormun/static/Shared/jqueryui/images/ui-bg_flat_55_fafafa_40x100.png HTTP/1.1" 404 1097
192.168.10.62 - - [08/Mar/2018:16:37:57 -0300] "GET /cormun/static/Shared/jqueryui/images/ui-icons_8d78a5_256x240.png HTTP/1.1" 404 1089
200.120.230.197 - - [08/Mar/2018:16:37:58 -0300] "GET /cormun/servlet/trsolicitudot? HTTP/1.1" 200 6386
200.120.230.197 - - [08/Mar/2018:16:38:01 -0300] "GET /cormun/servlet/trsolicitudot? HTTP/1.1" 200 6380
200.120.230.197 - - [08/Mar/2018:16:38:01 -0300] "GET /cormun/servlet/hlogin HTTP/1.1" 200 1726
192.168.10.62 - - [08/Mar/2018:16:38:05 -0300] "POST /cormun/servlet/trsolicitudgral?6f6f519d6a482d0280771a3702ec085c,gx-no-cache=1520537723914 HTTP/1.1" 200 5933
186.103.159.182 - - [08/Mar/2018:16:38:05 -0300] "GET /cormun/servlet/solicitudot?3f35e73da4e09f65eea9f6a7b667157279b55cbcb1860147008bbc0c2a2763da412801908a153f3602fa246d3c846993d2a7fe17bff1962e4730c2bbfbeda33c807951fdab799ae43af3052fb336633c15ce4880054399c2d14f3f974f736e42caf7882036bd25c8401412b21a52bcf8,gx-no-cache=1520537783985 HTTP/1.1" 200 29
186.103.159.182 - - [08/Mar/2018:16:38:05 -0300] "POST /cormun/servlet/solicitudot?gx-no-cache=1520537784143 HTTP/1.1" 200 1319
186.103.159.182 - - [08/Mar/2018:16:38:05 -0300] "POST /cormun/servlet/solicitudot?gx-no-cache=1520537784310 HTTP/1.1" 200 1215
192.168.10.89 - - [08/Mar/2018:16:38:08 -0300] "POST /cormun/servlet/trsolicitudgral?1ebb3a240a19b91fd59ea655bc0951a6,,gx-no-cache=1520537726610 HTTP/1.1" 200 7282
186.103.159.182 - - [08/Mar/2018:16:38:09 -0300] "GET /cormun/static/menuarrow.gif HTTP/1.1" 404 1015
186.103.159.182 - - [08/Mar/2018:16:38:12 -0300] "GET /cormun/servlet/solicitudot?3f35e73da4e09f65eea9f6a7b66715729fff0ab2b11e10417b2bf6415e1c8f2b87f37c9fd08e60ad9d88de5b8647b25f,gx-no-cache=1520537790701 HTTP/1.1" 200 30
186.103.159.182 - - [08/Mar/2018:16:38:18 -0300] "POST /cormun/servlet/solicitudot?gx-no-cache=1520537796204 HTTP/1.1" 200 30
200.120.230.197 - - [08/Mar/2018:16:38:21 -0300] "POST /cormun/servlet/hlogin?1dec52d6eaf1b358c0debe0275dc87a1,gx-no-cache=1520537852614 HTTP/1.1" 200 90
192.168.10.50 - - [08/Mar/2018:16:38:21 -0300] "POST /cormun/servlet/solicitudotlog?d6583be25d14686ecc3ebf87c918bf62,INS,2018,9022,0,REC,,gx-no-cache=1520537739731 HTTP/1.1" 200 93
192.168.10.50 - - [08/Mar/2018:16:38:21 -0300] "GET /cormun/servlet/hpexe_return? HTTP/1.1" 200 1044
192.168.10.50 - - [08/Mar/2018:16:38:21 -0300] "GET /cormun/servlet/trsolicitudgral?gx-no-cache=1520535661363 HTTP/1.1" 200 12457
192.168.10.50 - - [08/Mar/2018:16:38:22 -0300] "GET /cormun/servlet/trsolicitudgral?gx-no-cache=1520535661363 HTTP/1.1" 200 12474
200.120.230.197 - - [08/Mar/2018:16:38:23 -0300] "GET /cormun/servlet/hpexe_link HTTP/1.1" 200 947
200.120.230.197 - - [08/Mar/2018:16:38:23 -0300] "GET /cormun/servlet/trsolicitudot HTTP/1.1" 200 8647
200.120.230.197 - - [08/Mar/2018:16:38:24 -0300] "GET /cormun/servlet/trsolicitudot HTTP/1.1" 200 8645
186.103.159.182 - - [08/Mar/2018:16:38:26 -0300] "POST /cormun/servlet/solicitudot?6d49dfe72b2b805448dedd11a6e0e1f9,INS,0,0,,gx-no-cache=1520537804883 HTTP/1.1" 200 93
186.103.159.182 - - [08/Mar/2018:16:38:26 -0300] "GET /cormun/servlet/hpexe_return? HTTP/1.1" 200 1008
186.103.159.182 - - [08/Mar/2018:16:38:27 -0300] "GET /cormun/servlet/trsolicitudot HTTP/1.1" 200 9257
186.103.159.182 - - [08/Mar/2018:16:38:28 -0300] "GET /cormun/servlet/trsolicitudot HTTP/1.1" 200 9253
192.168.10.89 - - [08/Mar/2018:16:38:35 -0300] "GET /cormun/servlet/solicitudgral?UPD,2018,9616, HTTP/1.1" 200 13339
192.168.10.89 - - [08/Mar/2018:16:38:36 -0300] "POST /cormun/servlet/solicitudgral?gx-no-cache=1520537754769 HTTP/1.1" 200 3877
192.168.10.89 - - [08/Mar/2018:16:38:36 -0300] "GET /cormun/servlet/solicitudgral?cd9728eed048079581349102ebbfccf6c499513bea2bb19ff912aaf138a2fbf2a19136620926a86c872e9a892681d3d921699fd9eca16c1f31f4b018a841d49f081049b2d32d2903d74cf2cdbb53015642233275ebd7e372d736812c8c87b5a6d03e51526208db6ce61f7550e87a4ab7592fddc7839a77c115478a3da1860f84726fc1490331712a88a2da36fdecb4c795f0758c9873ec91f81a977a3281249d1d38896484da016844635b35bbceec19e18dd3d5a79366eec41e804f34c6d0d37fa9c8b35f6248be250b64ef82a7821ae7eb6070a69192029a2f0b1fa9b336a3c5af1bdf9aab5c71b820424947c3262783118956bb25a827a174eb80fe004a5ccac3b5af0ebc8e978515a1c5427fb22a7d15ee73837d695aa816a5e6f917ffb74c707595291ebae44415ef1f1b1922019d0d87d66ce5422f0bb2439a27c8c889cd9a711a5b2ce09db8f39cec5d12dde6,gx-no-cache=1520537754940 HTTP/1.1" 200 255
192.168.10.89 - - [08/Mar/2018:16:38:37 -0300] "GET /cormun/servlet/solicitudgral?cd9728eed048079581349102ebbfccf6db427a17eb261184eb66fac5fc9556a9e3129b4d187ecd5914f41c6b4c2fdad1cac3b5af0ebc8e978515a1c5427fb22a55d25ac235781d201b23541c40e853d32e117d785c20dbb3bdfb2d5cbfbb39cce73e31789039ea21ca5206d3ef5f003740662c74cd77e470ae4a6a6311d488d30eb9b34a1a1375b37201708ffa31035e9a625b0ff2d293eff6a3408dc41b2f9f47e7f612d2aa86b262471799b72abc76dd2fca0462c4124ea085bdc15e84b4fe04fdc602e4a30d4737d6236c546f57e205d124fc10c1344309e4f213a7cfde7e26333d9accf878db706923093a10ef1ba0b57406a6439c07e0b4f0bdcadb5f07c586288bf97f4640687a6fdb865c56cb5099031038b8bd2369f8d0aa7331a78aa065e70c57b28be1b74386fdf1194acbb1644704dfc184bceeddefc2c6681083c8d97164671c2c74a5e4a86093c22fa9754fbbb285fabe9a004205296ba2cb6bc586288bf97f4640687a6fdb865c56cb485973d9e4c01eb83f531da3b84099d5ac4beacf170aa4918d083664c23c41121c57ce68ab39f1cd1e76905147c532f58ae7acac9878215d35bf37363ff40f0c,gx-no-cache=1520537756111 HTTP/1.1" 200 48
192.168.10.89 - - [08/Mar/2018:16:38:37 -0300] "POST /cormun/servlet/solicitudgral?1ebb3a240a19b91fd59ea655bc0951a6,UPD,2018,9616,,gx-no-cache=1520537756143 HTTP/1.1" 200 11778
192.168.10.89 - - [08/Mar/2018:16:38:37 -0300] "GET /cormun/servlet/solicitudgral?cd9728eed048079581349102ebbfccf6c3a8f82d10002df9e87ff4b9611a8bc443a06fe76675b92bf3a662cb23de5e9361b2b4b18e0cdb5143a760d10a165788fdfccb5fb5f55ff09d53d92715493a299357e84920a19dede8822fb32d101eaf58335bff52c2231dfd8277e9575c6a903278a37c849788471e004b1e9b60fe8e05e09b88c218c88c6dd4cd256ca4b572d6d31333edc25ac2a349e8a6bb7e65e6,gx-no-cache=1520537756341 HTTP/1.1" 200 29
192.168.10.89 - - [08/Mar/2018:16:38:37 -0300] "POST /cormun/servlet/solicitudgral?gx-no-cache=1520537756357 HTTP/1.1" 200 1296
192.168.10.89 - - [08/Mar/2018:16:38:38 -0300] "POST /cormun/servlet/solicitudgral?gx-no-cache=1520537756390 HTTP/1.1" 200 1219
192.168.10.89 - - [08/Mar/2018:16:38:41 -0300] "POST /cormun/servlet/solicitudgral?1ebb3a240a19b91fd59ea655bc0951a6,UPD,2018,9616,,gx-no-cache=1520537760050 HTTP/1.1" 200 93
192.168.10.89 - - [08/Mar/2018:16:38:41 -0300] "GET /cormun/servlet/hpexe_return? HTTP/1.1" 200 1015
192.168.10.89 - - [08/Mar/2018:16:38:42 -0300] "GET /cormun/servlet/trsolicitudgral? HTTP/1.1" 200 10780
186.103.158.250 - - [08/Mar/2018:16:38:44 -0300] "GET /cormun/servlet/solicitudot?bc3b76daa3a3d96841d661f799b3f22d8e3f265c226830189ebffd48a8971a3748047c65282e4baec5f1ff54db33a49c,gx-no-cache=1520537874363 HTTP/1.1" 200 30
186.103.158.250 - - [08/Mar/2018:16:38:45 -0300] "GET /cormun/servlet/solicitudot?bc3b76daa3a3d96841d661f799b3f22d217ee27b1e72113b6067a71d78f888c4331be362d99339700debfd41a250033c4ade1b8543f8ab0af46f097ad185d9bd,gx-no-cache=1520537874496 HTTP/1.1" 200 30
186.103.158.250 - - [08/Mar/2018:16:38:45 -0300] "GET /cormun/servlet/solicitudot?bc3b76daa3a3d96841d661f799b3f22d930485ff3c8541e832053794446c7d17,gx-no-cache=1520537874574 HTTP/1.1" 200 53
186.103.158.250 - - [08/Mar/2018:16:38:45 -0300] "POST /cormun/servlet/solicitudot?gx-no-cache=1520537874657 HTTP/1.1" 200 255
186.103.158.250 - - [08/Mar/2018:16:38:45 -0300] "GET /cormun/servlet/solicitudot?bc3b76daa3a3d96841d661f799b3f22d5b3115801c109fceaca21ac3cd1952824a6ccd08b641e582b5d1a7330c0921710570b7d9976aa8c5eb5e839e2aa3062924253166fee0d3107fe93c20ce427385864370ca9907a560528abb95e7bdd331d7a09eb6b57378e80b91f8049c7c7793e45e031b4fc6e4b72b76cb4d8ba0f7e6a0ced2bf4540fac6a2cf18727a9d458738a83585d0fedd39346eba5683e86775feee8a49252cbb2d5ca67e7930ee8909b5d0ebc93ed04a07beb526710da01bf8a9290b1140e2d032ce91df9ba6577c7f259e1154467de6f3ae2d22b4542663f866238c3bec64f89b1912dce6fa9ce4d8ef1a2de9cc0029a1a20e4f0eb0426ffa73b28219fbf2b4d2aefd21feecbdd4bd6fc11d58400068a11900d7fea1e220a0fcbf0ddebce4981720d58499400dd93bfe358700e4ba745d6a5182c6d35b8110fc6115024803275bb201c49a8714d6476ae9d3742e0bfa7a8a95f3b0271727349c39591c55176ff3d7fffad4642b721b42e27cbf999c71a6233caafee864ae2d,gx-no-cache=1520537874763 HTTP/1.1" 200 30
192.168.10.89 - - [08/Mar/2018:16:38:48 -0300] "POST /cormun/servlet/trsolicitudgral?1ebb3a240a19b91fd59ea655bc0951a6,,gx-no-cache=1520537766986 HTTP/1.1" 200 7316
186.103.158.250 - - [08/Mar/2018:16:38:49 -0300] "POST /cormun/servlet/solicitudot?gx-no-cache=1520537879039 HTTP/1.1" 200 30
186.103.159.182 - - [08/Mar/2018:16:38:50 -0300] "GET /cormun/servlet/solicitudot?INS,0,0, HTTP/1.1" 200 13699
192.168.10.89 - - [08/Mar/2018:16:38:51 -0300] "GET /cormun/servlet/solicitudgral?UPD,2018,9952, HTTP/1.1" 200 13379
186.103.158.250 - - [08/Mar/2018:16:38:52 -0300] "GET /cormun/servlet/prcontratosol?16882955,,,,,MD,,gxPopupLevel%3D0%3B HTTP/1.1" 200 7964
186.103.159.182 - - [08/Mar/2018:16:38:52 -0300] "GET /cormun/servlet/solicitudot?INS,0,0, HTTP/1.1" 200 13704
192.168.10.89 - - [08/Mar/2018:16:38:52 -0300] "POST /cormun/servlet/solicitudgral?gx-no-cache=1520537770986 HTTP/1.1" 200 3929
192.168.10.89 - - [08/Mar/2018:16:38:52 -0300] "GET /cormun/servlet/solicitudgral?cd9728eed048079581349102ebbfccf6c499513bea2bb19ff912aaf138a2fbf2a2653384ba5a5a1413f4f453e1af141621699fd9eca16c1f31f4b018a841d49f081049b2d32d2903d74cf2cdbb53015642233275ebd7e372d736812c8c87b5a6d03e51526208db6ce61f7550e87a4ab7592fddc7839a77c115478a3da1860f84726fc1490331712a88a2da36fdecb4c795f0758c9873ec91f81a977a3281249d1d38896484da016844635b35bbceec19e18dd3d5a79366eec41e804f34c6d0d37fa9c8b35f6248be250b64ef82a7821ae7eb6070a69192029a2f0b1fa9b336a3c5af1bdf9aab5c71b820424947c3262783118956bb25a827a174eb80fe004a5ccac3b5af0ebc8e978515a1c5427fb22a7d15ee73837d695aa816a5e6f917ffb74c707595291ebae44415ef1f1b1922019d0d87d66ce5422f0bb2439a27c8c889cd9a711a5b2ce09db8f39cec5d12dde6,gx-no-cache=1520537771170 HTTP/1.1" 200 297
200.86.95.220 - - [08/Mar/2018:16:38:52 -0300] "GET /cormun/servlet/solicitudotadjuntos?INS,2018,10305,,1, HTTP/1.1" 200 5999
192.168.10.89 - - [08/Mar/2018:16:38:53 -0300] "GET /cormun/servlet/solicitudgral?cd9728eed048079581349102ebbfccf6db427a17eb261184eb66fac5fc9556a9e3129b4d187ecd5914f41c6b4c2fdad1cac3b5af0ebc8e978515a1c5427fb22a55d25ac235781d201b23541c40e853d32e117d785c20dbb3bdfb2d5cbfbb39cce73e31789039ea21ca5206d3ef5f003740662c74cd77e470ae4a6a6311d488d30eb9b34a1a1375b37201708ffa31035e9a625b0ff2d293eff6a3408dc41b2f9f47e7f612d2aa86b262471799b72abc76dd2fca0462c4124ea085bdc15e84b4fe04fdc602e4a30d4737d6236c546f57e205d124fc10c1344309e4f213a7cfde7e26333d9accf878db706923093a10ef1ba0b57406a6439c07e0b4f0bdcadb5f07c586288bf97f4640687a6fdb865c56cb5099031038b8bd2369f8d0aa7331a78aa065e70c57b28be1b74386fdf1194acbb1644704dfc184bceeddefc2c6681083c8d97164671c2c74a5e4a86093c22fa9754fbbb285fabe9a004205296ba2cb6bc586288bf97f4640687a6fdb865c56cb485973d9e4c01eb83f531da3b84099d5ac4beacf170aa4918d083664c23c41121c57ce68ab39f1cd1e76905147c532f58ae7acac9878215d35bf37363ff40f0c,gx-no-cache=1520537772272 HTTP/1.1" 200 48
200.86.95.220 - - [08/Mar/2018:16:38:54 -0300] "GET /cormun/static/about:blank HTTP/1.1" 404 1011
192.168.10.89 - - [08/Mar/2018:16:38:54 -0300] "POST /cormun/servlet/solicitudgral?1ebb3a240a19b91fd59ea655bc0951a6,UPD,2018,9952,,gx-no-cache=1520537772298 HTTP/1.1" 200 11850
200.86.95.220 - - [08/Mar/2018:16:38:54 -0300] "GET /cormun/servlet/solicitudotadjuntos?INS,2018,10305,,1, HTTP/1.1" 200 5992
192.168.10.89 - - [08/Mar/2018:16:38:54 -0300] "GET /cormun/servlet/solicitudgral?cd9728eed048079581349102ebbfccf652c271257f3121a1765615b6610a12f843a06fe76675b92bf3a662cb23de5e938c9b92344cc216c7fb8b813d6e33a6b83150b64bebad7c0c9b3f9af7438d672cda09cf75e4d61b2bc2cd45109a5ce765683aa69bdc61ff7b20c2369dd2949ce3,gx-no-cache=1520537772596 HTTP/1.1" 200 29
192.168.10.89 - - [08/Mar/2018:16:38:54 -0300] "POST /cormun/servlet/solicitudgral?gx-no-cache=1520537772612 HTTP/1.1" 200 1295
192.168.10.89 - - [08/Mar/2018:16:38:54 -0300] "POST /cormun/servlet/solicitudgral?gx-no-cache=1520537772660 HTTP/1.1" 200 1218
200.86.95.220 - - [08/Mar/2018:16:38:54 -0300] "GET /cormun/servlet/solicitudotadjuntos?e0d4f0760bcf6c2603a8bfafbb3435543dea96e1699ea54b78fdd59fdb3d7851407a58e09115fef48745faae2b9ae868,gx-no-cache=1520537886198 HTTP/1.1" 200 30
200.86.95.220 - - [08/Mar/2018:16:38:54 -0300] "POST /cormun/servlet/solicitudotadjuntos?771e374e112f5c4020dd1736062ae396,INS,2018,10305,,1,,gx-no-cache=1520537886288 HTTP/1.1" 200 3799
192.168.10.89 - - [08/Mar/2018:16:38:57 -0300] "POST /cormun/servlet/solicitudgral?1ebb3a240a19b91fd59ea655bc0951a6,UPD,2018,9952,,gx-no-cache=1520537775801 HTTP/1.1" 200 93
192.168.10.89 - - [08/Mar/2018:16:38:57 -0300] "GET /cormun/servlet/hpexe_return? HTTP/1.1" 200 1016
192.168.10.89 - - [08/Mar/2018:16:38:57 -0300] "GET /cormun/servlet/trsolicitudgral? HTTP/1.1" 200 10805
192.168.10.89 - - [08/Mar/2018:16:39:03 -0300] "POST /cormun/servlet/trsolicitudgral?1ebb3a240a19b91fd59ea655bc0951a6,,gx-no-cache=1520537781387 HTTP/1.1" 200 7284
192.168.10.89 - - [08/Mar/2018:16:39:05 -0300] "GET /cormun/servlet/solicitudgral?UPD,2018,8362, HTTP/1.1" 200 13380
192.168.10.89 - - [08/Mar/2018:16:39:07 -0300] "POST /cormun/servlet/solicitudgral?gx-no-cache=1520537785324 HTTP/1.1" 200 3905
192.168.10.89 - - [08/Mar/2018:16:39:07 -0300] "GET /cormun/servlet/solicitudgral?cd9728eed048079581349102ebbfccf6c499513bea2bb19ff912aaf138a2fbf2a19136620926a86c872e9a892681d3d921699fd9eca16c1f31f4b018a841d49f081049b2d32d2903d74cf2cdbb53015642233275ebd7e372d736812c8c87b5a6d03e51526208db6ce61f7550e87a4ab7592fddc7839a77c115478a3da1860f84726fc1490331712a88a2da36fdecb4c795f0758c9873ec91f81a977a3281249d1d38896484da016844635b35bbceec19e18dd3d5a79366eec41e804f34c6d0d37fa9c8b35f6248be250b64ef82a7821ae7eb6070a69192029a2f0b1fa9b336a3c5af1bdf9aab5c71b820424947c3262783118956bb25a827a174eb80fe004a5ccac3b5af0ebc8e978515a1c5427fb22a7d15ee73837d695aa816a5e6f917ffb74c707595291ebae44415ef1f1b1922019d0d87d66ce5422f0bb2439a27c8c889cd9a711a5b2ce09db8f39cec5d12dde6,gx-no-cache=1520537785526 HTTP/1.1" 200 255
192.168.10.50 - - [08/Mar/2018:16:39:07 -0300] "GET /cormun/servlet/solicitudgral2?UPD,2018,7794, HTTP/1.1" 200 12940
186.103.159.182 - - [08/Mar/2018:16:39:08 -0300] "POST /cormun/servlet/solicitudot?gx-no-cache=1520537846038 HTTP/1.1" 200 3284
192.168.10.89 - - [08/Mar/2018:16:39:08 -0300] "GET /cormun/servlet/solicitudgral?cd9728eed048079581349102ebbfccf6db427a17eb261184eb66fac5fc9556a9f7eca458239d05a9fb49178d2581dbc365cd9d4f9877dc0b740abe086c1ccc3bef87326efac37313c09eadfc99ec9d5a301ae80ca0176e8b0d1ed97a38693919d33f266bb7008220ee1f35dcfc557602c79e4ace4657a6747f2445a8e583057f48e51672ecbb722b48914af43a0d498ea44462729b88c96f55600eab03b04f9b0b27821bc4221f9cfec44f4b9b314aba898fc445ace19b6f894b1810c52bc16dc1f6e0ee439a5deb2309cfaf0fb46af13eee5371778f7d5fdb968a4e1ea94c4fa060a1c9816a4f92cbfd316e0a0011d0635c8ff41f92ecb98091933cf77f46d8ec2413219e87754340bec3d5e6494dedb3c5500e574058ca574804ae7ffa1dd0d84e710be0949b65da6bd0c0e47368631a8d39873e72a7b0fc2f60f761c8f03ca427c0fba74856c011276378ac6389e20eccce5a6468fdec0899a6a102ce6685ff2cfd4762a732fbba05790a881ef01d1a748bfbec081f5868a7c8a521b3176f7b78c1ddcba84e1b2a6e22787ff52fb9c1cd7a416ffb1afd6ce8d6b57373105bb366ddabaddc9531dcc4ab159753c64e,gx-no-cache=1520537786547 HTTP/1.1" 200 48
192.168.10.50 - - [08/Mar/2018:16:39:08 -0300] "GET /cormun/servlet/solicitudgral2?UPD,2018,7794, HTTP/1.1" 200 12928
192.168.10.89 - - [08/Mar/2018:16:39:08 -0300] "POST /cormun/servlet/solicitudgral?1ebb3a240a19b91fd59ea655bc0951a6,UPD,2018,8362,,gx-no-cache=1520537786587 HTTP/1.1" 200 11835
192.168.10.89 - - [08/Mar/2018:16:39:08 -0300] "GET /cormun/servlet/solicitudgral?cd9728eed048079581349102ebbfccf67078117afbcd88916c519f30bcb22a1643a06fe76675b92bf3a662cb23de5e933a629444d97f0c51750e5ed8bbea0d4efdfccb5fb5f55ff09d53d92715493a299357e84920a19dede8822fb32d101eaf58335bff52c2231dfd8277e9575c6a903278a37c849788471e004b1e9b60fe8ee24275a9b42dc8c431685626c1fe534c10cfb161ff7eb98e94ac78d589e9d8f57e96479373448f64cc626281e0135e0576f725ca4d29582f01b0aeaf19d12747ad73bc37a7f0d0d28800f276a6153326,gx-no-cache=1520537786787 HTTP/1.1" 200 29
192.168.10.89 - - [08/Mar/2018:16:39:08 -0300] "POST /cormun/servlet/solicitudgral?gx-no-cache=1520537786805 HTTP/1.1" 200 1297
192.168.10.89 - - [08/Mar/2018:16:39:08 -0300] "POST /cormun/servlet/solicitudgral?gx-no-cache=1520537786838 HTTP/1.1" 200 1219
186.103.159.182 - - [08/Mar/2018:16:39:08 -0300] "POST /cormun/servlet/solicitudot?6d49dfe72b2b805448dedd11a6e0e1f9,INS,0,0,,gx-no-cache=1520537846659 HTTP/1.1" 200 10437
192.168.10.50 - - [08/Mar/2018:16:39:08 -0300] "POST /cormun/servlet/solicitudgral2?gx-no-cache=1520537787003 HTTP/1.1" 200 3912
192.168.10.50 - - [08/Mar/2018:16:39:08 -0300] "GET /cormun/servlet/solicitudgral2?ffa22b3632f1e15c203c777505bcbabbec9a510889ba948662983a8c606046407ae5888e1c2e6b017039091eb0d19280f8bf1861a3506323e98825bb6a88e7215136ff1647931f030b0efad99737f593edde1bbfa77cdd977506a64c8cd3146e77b5b6858ef6642aeeec92e0eec8f89df01f1e25a685c17164cda74e0917122502ec87d30e248d997ff1c08c0fa23928241da6466467f8a70533db1d01dcc9e40c746705d996ee59ef5a28057ce9ae3cc8424cb7add3a26656ee69eeb4b936a47814f54dc24b9dfb2cc1003f4d04f1386d2f07bf129574bbfa2a2191994b08bead9f508cf6a2149f93bd96efceaa9ceb22d318de95cefea725924509c4b83f5ace0444fa9ebb1f1ed342a67132c94a923405775e10b1ab91f71f867814a71f22ccbd23baa6466cad0c4b60e63ecf58d09f4b4aa393c12e9e1039681e74f2930e8072d3e8790e5d8b50768ae088456c68,gx-no-cache=1520537787144 HTTP/1.1" 200 255
192.168.10.50 - - [08/Mar/2018:16:39:08 -0300] "POST /cormun/servlet/solicitudgral2?gx-no-cache=1520537787171 HTTP/1.1" 200 1398
192.168.10.50 - - [08/Mar/2018:16:39:08 -0300] "GET /cormun/servlet/solicitudgral2?ffa22b3632f1e15c203c777505bcbabb45a2278d6c1a08fe2b904b989afecb7abd74f5dd9ec5fdb81c800d9f3e3c6df3b19d1eb7ecb31dfb4d0d9879c213262be90ea18624e5b6725acbdb4ff2552a696bdc3af0a46ba99c8797c0c639e347ee6c16196ce1b6cbb1481b50110076b7c3,gx-no-cache=1520537787209 HTTP/1.1" 200 41
186.103.159.182 - - [08/Mar/2018:16:39:08 -0300] "GET /cormun/servlet/solicitudot?3f35e73da4e09f65eea9f6a7b667157269a701d6f4d7921007abc479c8161f4e878b855c8b606273fd2d7dde79575f8f,gx-no-cache=1520537847209 HTTP/1.1" 200 30
192.168.10.89 - - [08/Mar/2018:16:39:11 -0300] "POST /cormun/servlet/solicitudgral?1ebb3a240a19b91fd59ea655bc0951a6,UPD,2018,8362,,gx-no-cache=1520537789426 HTTP/1.1" 200 93
192.168.10.89 - - [08/Mar/2018:16:39:11 -0300] "GET /cormun/servlet/hpexe_return? HTTP/1.1" 200 1017
192.168.10.89 - - [08/Mar/2018:16:39:11 -0300] "GET /cormun/servlet/trsolicitudgral? HTTP/1.1" 200 10770
192.168.10.50 - - [08/Mar/2018:16:39:14 -0300] "POST /cormun/servlet/solicitudgral2?d6583be25d14686ecc3ebf87c918bf62,UPD,2018,7794,,gx-no-cache=1520537792667 HTTP/1.1" 200 11901
192.168.10.50 - - [08/Mar/2018:16:39:14 -0300] "GET /cormun/servlet/solicitudgral2?ffa22b3632f1e15c203c777505bcbabb49d25df374582f65b5a653d3235b50cf7a1418f41e3680c77fd03fa238b56633632d63b5131afad671932af149b88a8ff4f1d711d38ec155a9c6757caecce81e0acd354e15e33cc4806e865057deea20380c7854023c6db9aba5b194e29b55e7161054935ca4ea0a1667df012d70e2f37d41ddb4064215e882474e87395fc37524717fb22f535e0a0cb704b6fa63c4ed,gx-no-cache=1520537792824 HTTP/1.1" 200 29
192.168.10.50 - - [08/Mar/2018:16:39:14 -0300] "POST /cormun/servlet/solicitudgral2?gx-no-cache=1520537792844 HTTP/1.1" 200 1295
192.168.10.50 - - [08/Mar/2018:16:39:14 -0300] "POST /cormun/servlet/solicitudgral2?gx-no-cache=1520537792879 HTTP/1.1" 200 1219
192.168.10.50 - - [08/Mar/2018:16:39:14 -0300] "GET /cormun/servlet/solicitudgral2?ffa22b3632f1e15c203c777505bcbabbca4606de681ef545d0172278f21ac5b8a76b175db531cb413dd451030add0948f10d4fd0be9d7480a66a4ba4429856c3ff5f51096f802238ded4c5f8c05e0bd88ec4959016cd255238f621ad77ab07518119e5e5b542338035c260f6cdbe6c4fd794e55e9c42667d548873bda22e4c07,gx-no-cache=1520537792910 HTTP/1.1" 200 30
192.168.10.50 - - [08/Mar/2018:16:39:14 -0300] "POST /cormun/servlet/solicitudgral2?d6583be25d14686ecc3ebf87c918bf62,UPD,2018,7794,,gx-no-cache=1520537792929 HTTP/1.1" 200 93
192.168.10.50 - - [08/Mar/2018:16:39:14 -0300] "GET /cormun/servlet/hpexe_return? HTTP/1.1" 200 1036
192.168.10.50 - - [08/Mar/2018:16:39:14 -0300] "GET /cormun/servlet/trsolicitudgral?gx-no-cache=1520535661363 HTTP/1.1" 200 12448
192.168.10.50 - - [08/Mar/2018:16:39:15 -0300] "GET /cormun/servlet/trsolicitudgral?gx-no-cache=1520535661363 HTTP/1.1" 200 12465
192.168.10.89 - - [08/Mar/2018:16:39:16 -0300] "POST /cormun/servlet/trsolicitudgral?1ebb3a240a19b91fd59ea655bc0951a6,,gx-no-cache=1520537795051 HTTP/1.1" 200 7249
192.168.10.89 - - [08/Mar/2018:16:39:19 -0300] "GET /cormun/servlet/solicitudgral?UPD,2018,9796, HTTP/1.1" 200 13362
192.168.10.89 - - [08/Mar/2018:16:39:20 -0300] "POST /cormun/servlet/solicitudgral?gx-no-cache=1520537798966 HTTP/1.1" 200 3898
192.168.10.89 - - [08/Mar/2018:16:39:20 -0300] "GET /cormun/servlet/solicitudgral?cd9728eed048079581349102ebbfccf6c499513bea2bb19ff912aaf138a2fbf2a19136620926a86c872e9a892681d3d921699fd9eca16c1f31f4b018a841d49f081049b2d32d2903d74cf2cdbb53015642233275ebd7e372d736812c8c87b5a6d03e51526208db6ce61f7550e87a4ab7592fddc7839a77c115478a3da1860f84726fc1490331712a88a2da36fdecb4c795f0758c9873ec91f81a977a3281249d1d38896484da016844635b35bbceec19e18dd3d5a79366eec41e804f34c6d0d37fa9c8b35f6248be250b64ef82a7821ae7eb6070a69192029a2f0b1fa9b336a3c5af1bdf9aab5c71b820424947c3262783118956bb25a827a174eb80fe004a5ccac3b5af0ebc8e978515a1c5427fb22a7d15ee73837d695aa816a5e6f917ffb74c707595291ebae44415ef1f1b1922019d0d87d66ce5422f0bb2439a27c8c889cd9a711a5b2ce09db8f39cec5d12dde6,gx-no-cache=1520537799157 HTTP/1.1" 200 255
192.168.10.89 - - [08/Mar/2018:16:39:22 -0300] "GET /cormun/servlet/solicitudgral?cd9728eed048079581349102ebbfccf6db427a17eb261184eb66fac5fc9556a9e3129b4d187ecd5914f41c6b4c2fdad1cac3b5af0ebc8e978515a1c5427fb22a55d25ac235781d201b23541c40e853d32e117d785c20dbb3bdfb2d5cbfbb39cce73e31789039ea21ca5206d3ef5f003740662c74cd77e470ae4a6a6311d488d30eb9b34a1a1375b37201708ffa31035e9a625b0ff2d293eff6a3408dc41b2f9f47e7f612d2aa86b262471799b72abc76dd2fca0462c4124ea085bdc15e84b4fe04fdc602e4a30d4737d6236c546f57e205d124fc10c1344309e4f213a7cfde7e26333d9accf878db706923093a10ef1ba0b57406a6439c07e0b4f0bdcadb5f07c586288bf97f4640687a6fdb865c56cb5099031038b8bd2369f8d0aa7331a78aa065e70c57b28be1b74386fdf1194acbb1644704dfc184bceeddefc2c6681083c8d97164671c2c74a5e4a86093c22fa9754fbbb285fabe9a004205296ba2cb6bc586288bf97f4640687a6fdb865c56cb485973d9e4c01eb83f531da3b84099d5ac4beacf170aa4918d083664c23c41121c57ce68ab39f1cd1e76905147c532f58ae7acac9878215d35bf37363ff40f0c,gx-no-cache=1520537800570 HTTP/1.1" 200 48
192.168.10.89 - - [08/Mar/2018:16:39:22 -0300] "POST /cormun/servlet/solicitudgral?1ebb3a240a19b91fd59ea655bc0951a6,UPD,2018,9796,,gx-no-cache=1520537800604 HTTP/1.1" 200 11814
192.168.10.89 - - [08/Mar/2018:16:39:22 -0300] "GET /cormun/servlet/solicitudgral?cd9728eed048079581349102ebbfccf6c3a8f82d10002df9e87ff4b9611a8bc443a06fe76675b92bf3a662cb23de5e9361b2b4b18e0cdb5143a760d10a165788fdfccb5fb5f55ff09d53d92715493a299357e84920a19dede8822fb32d101eaf58335bff52c2231dfd8277e9575c6a903278a37c849788471e004b1e9b60fe8ee24275a9b42dc8c431685626c1fe534c10cfb161ff7eb98e94ac78d589e9d8f57e96479373448f64cc626281e0135e0576f725ca4d29582f01b0aeaf19d12747ad73bc37a7f0d0d28800f276a6153326,gx-no-cache=1520537800870 HTTP/1.1" 200 29
192.168.10.89 - - [08/Mar/2018:16:39:22 -0300] "POST /cormun/servlet/solicitudgral?gx-no-cache=1520537800906 HTTP/1.1" 200 1295
192.168.10.89 - - [08/Mar/2018:16:39:22 -0300] "POST /cormun/servlet/solicitudgral?gx-no-cache=1520537800937 HTTP/1.1" 200 1218
192.168.10.89 - - [08/Mar/2018:16:39:28 -0300] "POST /cormun/servlet/solicitudgral?1ebb3a240a19b91fd59ea655bc0951a6,UPD,2018,9796,,gx-no-cache=1520537806687 HTTP/1.1" 200 12013
192.168.10.89 - - [08/Mar/2018:16:39:28 -0300] "GET /cormun/static/Shared/jqueryui/images/ui-icons_ebccce_256x240.png HTTP/1.1" 404 1089
192.168.10.89 - - [08/Mar/2018:16:39:28 -0300] "GET /cormun/static/Shared/jqueryui/images/ui-bg_flat_55_994d53_40x100.png HTTP/1.1" 404 1097
192.168.10.89 - - [08/Mar/2018:16:39:28 -0300] "GET /cormun/static/Shared/jqueryui/images/ui-icons_82798d_256x240.png HTTP/1.1" 404 1089
192.168.10.89 - - [08/Mar/2018:16:39:28 -0300] "GET /cormun/static/Shared/jqueryui/images/ui-bg_highlight-soft_100_c6c2c8_1x100.png HTTP/1.1" 404 1117
192.168.10.89 - - [08/Mar/2018:16:39:43 -0300] "POST /cormun/servlet/solicitudgral?1ebb3a240a19b91fd59ea655bc0951a6,UPD,2018,9796,,gx-no-cache=1520537821502 HTTP/1.1" 200 12013
200.86.95.220 - - [08/Mar/2018:16:39:45 -0300] "POST /cormun/servlet/solicitudotadjuntos?gx-no-cache=1520537937212 HTTP/1.1" 200 26
186.79.229.37 - - [08/Mar/2018:16:39:48 -0300] "POST /cormun/servlet/solicitudot?gx-no-cache=1520537940201 HTTP/1.1" 200 30
186.79.229.37 - - [08/Mar/2018:16:39:49 -0300] "POST /cormun/servlet/solicitudot?8b9986e1edf72a4fb87a2ba2f39e9d6f,INS,0,0,,gx-no-cache=1520537940830 HTTP/1.1" 200 93
186.79.229.37 - - [08/Mar/2018:16:39:49 -0300] "GET /cormun/servlet/hpexe_return? HTTP/1.1" 200 1008
192.168.10.89 - - [08/Mar/2018:16:39:49 -0300] "GET /cormun/static/menuarrow.gif HTTP/1.1" 404 1015
186.79.229.37 - - [08/Mar/2018:16:39:49 -0300] "GET /cormun/servlet/trsolicitudot HTTP/1.1" 200 8541
186.79.229.37 - - [08/Mar/2018:16:39:50 -0300] "GET /cormun/servlet/trsolicitudot HTTP/1.1" 200 8537
192.168.10.50 - - [08/Mar/2018:16:39:51 -0300] "POST /cormun/servlet/trsolicitudgral?d6583be25d14686ecc3ebf87c918bf62,gx-no-cache=1520535661363,gx-no-cache=1520537829517 HTTP/1.1" 200 11681
200.86.95.220 - - [08/Mar/2018:16:39:51 -0300] "GET /cormun/servlet/solicitudotadjuntos?e0d4f0760bcf6c2603a8bfafbb343554fc279e9997abe2e640d0c3aaa4e117dd,gx-no-cache=1520537942908 HTTP/1.1" 200 30
200.86.95.220 - - [08/Mar/2018:16:39:51 -0300] "GET /cormun/servlet/solicitudotadjuntos?e0d4f0760bcf6c2603a8bfafbb343554fc279e9997abe2e640d0c3aaa4e117dd,gx-no-cache=1520537942982 HTTP/1.1" 200 30
200.86.95.220 - - [08/Mar/2018:16:39:51 -0300] "POST /cormun/servlet/solicitudotadjuntos?771e374e112f5c4020dd1736062ae396,INS,2018,10305,,1, HTTP/1.1" 200 6144
200.86.95.220 - - [08/Mar/2018:16:39:52 -0300] "GET /cormun/static/Shared/jqueryui/images/ui-bg_highlight-soft_100_c6c2c8_1x100.png HTTP/1.1" 404 1117
200.86.95.220 - - [08/Mar/2018:16:39:52 -0300] "GET /cormun/static/Shared/jqueryui/images/ui-icons_82798d_256x240.png HTTP/1.1" 404 1089
200.86.95.220 - - [08/Mar/2018:16:39:52 -0300] "GET /cormun/static/Shared/jqueryui/images/ui-bg_flat_55_994d53_40x100.png HTTP/1.1" 404 1097
200.86.95.220 - - [08/Mar/2018:16:39:52 -0300] "GET /cormun/static/Shared/jqueryui/images/ui-icons_ebccce_256x240.png HTTP/1.1" 404 1089
200.86.95.220 - - [08/Mar/2018:16:39:52 -0300] "GET /cormun/PrivateTempStorage/upload_00006614.jpg HTTP/1.1" 200 49435
186.79.103.20 - - [08/Mar/2018:16:39:57 -0300] "GET /cormun/servlet/trautorizarsolicitud? HTTP/1.1" 200 12458
192.168.10.89 - - [08/Mar/2018:16:39:57 -0300] "POST /cormun/servlet/solicitudgral?1ebb3a240a19b91fd59ea655bc0951a6,UPD,2018,9796,,gx-no-cache=1520537836150 HTTP/1.1" 200 12013
186.79.103.20 - - [08/Mar/2018:16:39:58 -0300] "GET /cormun/servlet/trautorizarsolicitud? HTTP/1.1" 200 12458
186.103.158.250 - - [08/Mar/2018:16:40:00 -0300] "POST /cormun/servlet/solicitudot?gx-no-cache=1520537949940 HTTP/1.1" 200 1337
186.103.158.250 - - [08/Mar/2018:16:40:01 -0300] "POST /cormun/servlet/solicitudot?gx-no-cache=1520537950488 HTTP/1.1" 200 38
186.103.158.250 - - [08/Mar/2018:16:40:01 -0300] "GET /cormun/servlet/solicitudot?bc3b76daa3a3d96841d661f799b3f22d5aac9c1a7e215f50041e7fcae2a4d1e7d439cfe36d8dd31b1f8d388416390588c8589481cf6043192ec7e9e83ec2fe7b70eeeeb16259377179f405dc034f25f66d4787ad6abc99b4fd9eb21213c412cc8324aa421b65c4a9a8e11c8846dee3faeeff9b0c0a289cee3f6ba0478ae469a5834c3cf1b31159e8b001a97bda03b260ed315a462ad263186cda228df83cb1f1,gx-no-cache=1520537950621 HTTP/1.1" 200 29
186.103.158.250 - - [08/Mar/2018:16:40:01 -0300] "POST /cormun/servlet/solicitudot?gx-no-cache=1520537950735 HTTP/1.1" 200 1321
186.103.158.250 - - [08/Mar/2018:16:40:01 -0300] "POST /cormun/servlet/solicitudot?gx-no-cache=1520537950951 HTTP/1.1" 200 1218
186.103.158.250 - - [08/Mar/2018:16:40:01 -0300] "GET /cormun/servlet/solicitudot?bc3b76daa3a3d96841d661f799b3f22d145b9183ac8b95875180d9e6218e2e754134886641885cd12ae32b3f3ff4c049,gx-no-cache=1520537951069 HTTP/1.1" 200 30
192.168.10.62 - - [08/Mar/2018:16:40:13 -0300] "POST /cormun/servlet/trsolicitudgral?6f6f519d6a482d0280771a3702ec085c,gx-no-cache=1520537852087 HTTP/1.1" 200 8586
186.103.158.250 - - [08/Mar/2018:16:40:17 -0300] "POST /cormun/servlet/solicitudot?gx-no-cache=1520537966480 HTTP/1.1" 200 1321
186.103.158.250 - - [08/Mar/2018:16:40:17 -0300] "POST /cormun/servlet/solicitudot?gx-no-cache=1520537966632 HTTP/1.1" 200 1218
186.103.159.182 - - [08/Mar/2018:16:40:19 -0300] "GET /cormun/servlet/solicitudot?3f35e73da4e09f65eea9f6a7b6671572679937fb39bcbbb0fe3de84682b4c09492bbd943fe20420fb40935c7ea32450faf5344da5ad122b3fbbb6234d782c715,gx-no-cache=1520537917749 HTTP/1.1" 200 30
186.103.159.182 - - [08/Mar/2018:16:40:19 -0300] "GET /cormun/servlet/solicitudot?3f35e73da4e09f65eea9f6a7b6671572a34cb01a489a07f9fb14dd2487e5dd52,gx-no-cache=1520537917897 HTTP/1.1" 200 29
186.103.159.182 - - [08/Mar/2018:16:40:19 -0300] "POST /cormun/servlet/solicitudot?gx-no-cache=1520537917972 HTTP/1.1" 200 297
186.103.159.182 - - [08/Mar/2018:16:40:19 -0300] "GET /cormun/servlet/solicitudot?3f35e73da4e09f65eea9f6a7b6671572b4dfac1d35496f6ca83c05fd878fa72c8a455682eb0fc48e706f468ea4295985484246510cfa4960e2a2fb9928b836729c16ed63971032f11dcac7610f417b3dc41b1535ac2d51b08952f98cd6c38df410b597754a83f1aebdee56f75154e2804f95d40589224a5dd41db69cc13a97186e4de8a7c4ad84675e8018cad06926af7d8da717e85cc9fb221d66189af4bf741768a57067c1bd6057737ca2c63c307049054892efa1b337d5cb8faf236d23649340e4ca740acab282c8a58263713113e5f0e564e2504ffbb1e4482e495ee61344a6fa1d4bf0aa7c1a2d5e145f4c85317c651755175927b18c9407fc1f49d201f75fbd7798decdb6b9d6d9c85594f0db05285461decc7b87eab4df8bc018399daf4addde8dc25cc93e1780ed99ad36864486d92be77a57a8e2d569a1f1a35161537fef0abd587934eaa462075769918b56f395c71d00410b3023e665ceace672cf23c08d60a4d596ab57d03fe9f7b710cb6fdd0279ee44e06eb2516d74af31ce625218cceeb7d7e2b8c39ec63e91b99d,gx-no-cache=1520537918106 HTTP/1.1" 200 30
186.103.159.182 - - [08/Mar/2018:16:40:22 -0300] "POST /cormun/servlet/solicitudot?gx-no-cache=1520537920423 HTTP/1.1" 200 30
200.120.230.197 - - [08/Mar/2018:16:40:29 -0300] "POST /cormun/servlet/trautorizarsolicitud?1dec52d6eaf1b358c0debe0275dc87a1,,gx-no-cache=1520537980638 HTTP/1.1" 200 9114
200.120.230.197 - - [08/Mar/2018:16:40:29 -0300] "GET /cormun/static/Shared/jqueryui/images/ui-bg_highlight-soft_100_c6c2c8_1x100.png HTTP/1.1" 404 1117
186.79.103.20 - - [08/Mar/2018:16:40:30 -0300] "GET /cormun/static/Shared/jqueryui/images/ui-icons_82798d_256x240.png HTTP/1.1" 404 1089
200.120.230.197 - - [08/Mar/2018:16:40:30 -0300] "GET /cormun/static/Shared/jqueryui/images/ui-bg_flat_55_fafafa_40x100.png HTTP/1.1" 404 1097
200.120.230.197 - - [08/Mar/2018:16:40:30 -0300] "GET /cormun/static/Shared/jqueryui/images/ui-icons_8d78a5_256x240.png HTTP/1.1" 404 1089
200.120.230.197 - - [08/Mar/2018:16:40:30 -0300] "POST /cormun/servlet/trautorizarsolicitud?1dec52d6eaf1b358c0debe0275dc87a1,,gx-no-cache=1520537981827 HTTP/1.1" 200 9057
186.103.159.182 - - [08/Mar/2018:16:40:35 -0300] "POST /cormun/servlet/solicitudot?gx-no-cache=1520537934031 HTTP/1.1" 200 1333
186.103.159.182 - - [08/Mar/2018:16:40:35 -0300] "POST /cormun/servlet/solicitudot?gx-no-cache=1520537934191 HTTP/1.1" 200 38
192.168.10.89 - - [08/Mar/2018:16:40:51 -0300] "POST /cormun/servlet/solicitudgral?1ebb3a240a19b91fd59ea655bc0951a6,UPD,2018,9796,,gx-no-cache=1520537889670 HTTP/1.1" 200 12013
200.120.230.197 - - [08/Mar/2018:16:40:55 -0300] "POST /cormun/servlet/trautorizarsolicitud?1dec52d6eaf1b358c0debe0275dc87a1,,gx-no-cache=1520538006510 HTTP/1.1" 200 8727
186.103.159.182 - - [08/Mar/2018:16:40:57 -0300] "GET /cormun/servlet/solicitudot?3f35e73da4e09f65eea9f6a7b667157279b55cbcb1860147008bbc0c2a2763da412801908a153f3602fa246d3c846993d2a7fe17bff1962e4730c2bbfbeda33c807951fdab799ae43af3052fb336633c15ce4880054399c2d14f3f974f736e42caf7882036bd25c8401412b21a52bcf8,gx-no-cache=1520537955631 HTTP/1.1" 200 29
186.103.159.182 - - [08/Mar/2018:16:40:57 -0300] "POST /cormun/servlet/solicitudot?gx-no-cache=1520537955744 HTTP/1.1" 200 1319
200.120.230.197 - - [08/Mar/2018:16:40:57 -0300] "POST /cormun/servlet/trautorizarsolicitud?1dec52d6eaf1b358c0debe0275dc87a1,,gx-no-cache=1520538007655 HTTP/1.1" 200 8659
186.103.159.182 - - [08/Mar/2018:16:40:57 -0300] "POST /cormun/servlet/solicitudot?gx-no-cache=1520537955835 HTTP/1.1" 200 1215
192.168.10.89 - - [08/Mar/2018:16:41:03 -0300] "POST /cormun/servlet/solicitudgral?1ebb3a240a19b91fd59ea655bc0951a6,UPD,2018,9796,,gx-no-cache=1520537901797 HTTP/1.1" 200 93
192.168.10.89 - - [08/Mar/2018:16:41:03 -0300] "GET /cormun/servlet/hpexe_return? HTTP/1.1" 200 1015
192.168.10.89 - - [08/Mar/2018:16:41:03 -0300] "GET /cormun/servlet/trsolicitudgral? HTTP/1.1" 200 10729
186.103.158.250 - - [08/Mar/2018:16:41:04 -0300] "POST /cormun/servlet/solicitudot?gx-no-cache=1520538013308 HTTP/1.1" 200 33
200.86.95.220 - - [08/Mar/2018:16:41:07 -0300] "GET /cormun/servlet/solicitudotadjuntos?e0d4f0760bcf6c2603a8bfafbb343554ed1cf8536acfdaacedbebcc9c3232349344e1fb05c9b93117445e6c5494081ef,gx-no-cache=1520538018606 HTTP/1.1" 200 30
200.86.95.220 - - [08/Mar/2018:16:41:07 -0300] "GET /cormun/servlet/solicitudotadjuntos?e0d4f0760bcf6c2603a8bfafbb343554ed1cf8536acfdaacedbebcc9c3232349344e1fb05c9b93117445e6c5494081ef,gx-no-cache=1520538018735 HTTP/1.1" 200 30
200.86.95.220 - - [08/Mar/2018:16:41:07 -0300] "POST /cormun/servlet/solicitudotadjuntos?771e374e112f5c4020dd1736062ae396,INS,2018,10305,,1, HTTP/1.1" 200 6144
200.86.95.220 - - [08/Mar/2018:16:41:07 -0300] "GET /cormun/PrivateTempStorage/upload_00006626.jpg HTTP/1.1" 200 49435
