192.168.10.89 - - [08/Mar/2018:12:49:53 -0300] "POST /cormun/servlet/solicitudot?9f5b1ba901a7a31de4512d52250894e1,UPD,2018,10275,,gx-no-cache=1520524031514 HTTP/1.1" 200 11681
192.168.10.89 - - [08/Mar/2018:12:49:53 -0300] "GET /cormun/servlet/solicitudot?be1f3767669be07277bc0ee37e074f475aa10592cbd53de029037ca14efe678b89a9a84672d416ab8d6fa3e35bd149f4,gx-no-cache=1520524031726 HTTP/1.1" 200 30
192.168.10.89 - - [08/Mar/2018:12:49:53 -0300] "GET /cormun/servlet/solicitudot?be1f3767669be07277bc0ee37e074f47926eff521b9603f6d47006c3a23e082149640126ab254889140100538a682e561ac8c31ed2d0e079f1156cdd4c58266a,gx-no-cache=1520524031776 HTTP/1.1" 200 30
192.168.10.89 - - [08/Mar/2018:12:49:53 -0300] "GET /cormun/servlet/solicitudot?be1f3767669be07277bc0ee37e074f4724ce35f846a1c4ab430984d4dd4f894c77cf35f9206227340e30161e1407e0018cccf799735f87ebf42330b9fd1adc62,gx-no-cache=1520524031793 HTTP/1.1" 200 53
192.168.10.89 - - [08/Mar/2018:12:49:53 -0300] "POST /cormun/servlet/solicitudot?gx-no-cache=1520524031814 HTTP/1.1" 200 254
192.168.10.89 - - [08/Mar/2018:12:49:53 -0300] "GET /cormun/servlet/solicitudot?be1f3767669be07277bc0ee37e074f479a96c62ca193e2bddc6a66973553d96e6537021613f086f1c95a678520ac4ef16b6047ab308510f2f97df5dc691bf4abaa9c1ad277805daad629c89e3f26e933a7bce916153e3144d5926fa350aaf0966e26a3456190cd91369deb6fa002ccbcd89513a9153a4aa4a160f9ac47e22a0dba5e52f2249f6f338e21e3cdb11c69470ba6ed87ab5094dabd92584a104bd707b67a22bb0cf112c44d3b1269f4f074f837232c1a0568354af194f1c56be806e6ca56ebe56a2ceb160d854e5648670d14d79a7ebafabb0aae380d2b59fec14f656d894e8c9dcfb92d01d1bda2f6273c71354b48f1a81a857170b3f370c24010d608f004c2cee443e2e90119b849e38622ba48f9e156e4307ae4608d8efbc21ec97128bacfb629047811aa77985a2f3534aeb390ea97f5cc6746146bf608b38cc904bbcd7093a143233502ccf5ae4feccf99c85993eda741061a16b1a146e623ac81c4d3dcfe1f36c7eb64838fc7f64da33a06c94fbb8a65ab8042d0632e6e3f37,gx-no-cache=1520524031842 HTTP/1.1" 200 30
192.168.10.89 - - [08/Mar/2018:12:49:53 -0300] "POST /cormun/servlet/solicitudot?gx-no-cache=1520524031868 HTTP/1.1" 200 30
192.168.10.89 - - [08/Mar/2018:12:49:53 -0300] "POST /cormun/servlet/solicitudot?gx-no-cache=1520524031919 HTTP/1.1" 200 1335
192.168.10.89 - - [08/Mar/2018:12:49:53 -0300] "POST /cormun/servlet/solicitudot?gx-no-cache=1520524031957 HTTP/1.1" 200 41
186.103.157.246 - - [08/Mar/2018:12:50:01 -0300] "POST /cormun/servlet/solicitudot?gx-no-cache=1520524150701 HTTP/1.1" 200 30
192.168.10.89 - - [08/Mar/2018:12:50:01 -0300] "POST /cormun/servlet/solicitudot?gx-no-cache=1520524040079 HTTP/1.1" 200 238
192.168.10.89 - - [08/Mar/2018:12:50:03 -0300] "GET /cormun/servlet/solicitudot?be1f3767669be07277bc0ee37e074f479a96c62ca193e2bddc6a66973553d96e26f0c72a7b34ba0089833d5b2fb9c7836b6047ab308510f2f97df5dc691bf4abaa9c1ad277805daad629c89e3f26e933a7bce916153e3144d5926fa350aaf0966e26a3456190cd91369deb6fa002ccbcd89513a9153a4aa4a160f9ac47e22a0dba5e52f2249f6f338e21e3cdb11c69470ba6ed87ab5094dabd92584a104bd707b67a22bb0cf112c44d3b1269f4f074f837232c1a0568354af194f1c56be806e6ca56ebe56a2ceb160d854e5648670d14d79a7ebafabb0aae380d2b59fec14f656d894e8c9dcfb92d01d1bda2f6273c71354b48f1a81a857170b3f370c24010d608f004c2cee443e2e90119b849e38622230ba77603cec1cc20a0bcf313864ead0cf42a1e9a6815fc70fd9a65b1999df878b7ff1a08df4657598e2ea47b83c5b2ebb6a4d3516624cf18f0573c17e3c103c06910fbdbf9a95de35f188ec4fa144ebf769eab3d0ed7cc0a4c623e16607e2215d80fe4269f7099000bde6e22b7b4ea,gx-no-cache=1520524042069 HTTP/1.1" 200 30
192.168.10.89 - - [08/Mar/2018:12:50:04 -0300] "POST /cormun/servlet/solicitudot?gx-no-cache=1520524043256 HTTP/1.1" 200 30
200.86.95.220 - - [08/Mar/2018:12:50:11 -0300] "GET /cormun/servlet/prlicenciaspermisos?15106697,L,,MD,,gxPopupLevel%3D0%3B HTTP/1.1" 200 7757
186.103.157.246 - - [08/Mar/2018:12:50:11 -0300] "POST /cormun/servlet/solicitudot?gx-no-cache=1520524161432 HTTP/1.1" 200 1336
186.103.157.246 - - [08/Mar/2018:12:50:11 -0300] "POST /cormun/servlet/solicitudot?gx-no-cache=1520524161591 HTTP/1.1" 200 38
200.86.95.220 - - [08/Mar/2018:12:50:15 -0300] "POST /cormun/servlet/solicitudot?gx-no-cache=1520524166644 HTTP/1.1" 200 1337
139.162.79.87 - - [08/Mar/2018:12:50:19 -0300] "GET / HTTP/1.1" 200 11217
200.86.95.220 - - [08/Mar/2018:12:50:20 -0300] "POST /cormun/servlet/solicitudot?gx-no-cache=1520524171949 HTTP/1.1" 200 40
192.168.10.89 - - [08/Mar/2018:12:50:21 -0300] "POST /cormun/servlet/solicitudot?gx-no-cache=1520524060235 HTTP/1.1" 200 1337
192.168.10.89 - - [08/Mar/2018:12:50:23 -0300] "GET /cormun/servlet/prlicenciaspermisos?8741933,L,,MD,,gxPopupLevel%3D0%3B HTTP/1.1" 200 6884
192.168.10.89 - - [08/Mar/2018:12:50:23 -0300] "GET /cormun/static/gxcfg.js?20176272053834 HTTP/1.1" 304 -
186.103.157.246 - - [08/Mar/2018:12:50:25 -0300] "GET /cormun/servlet/solicitudot?05f3cd1bf28e38392a145e07f4d30f110232c9363f299092331261c80920447e1cd903bf1e76bc3487979a2d4d75d388c3c42f72ffb68fe3060bf618a63c3bf366f970b11bfee46f0ad3764af9c32a105e099c639e02a0c6505331f3db9266a84aff189f8bc1e64e8d95325c116479dd,gx-no-cache=1520524174942 HTTP/1.1" 200 29
186.103.157.246 - - [08/Mar/2018:12:50:26 -0300] "POST /cormun/servlet/solicitudot?gx-no-cache=1520524175340 HTTP/1.1" 200 1318
186.103.157.246 - - [08/Mar/2018:12:50:26 -0300] "POST /cormun/servlet/solicitudot?gx-no-cache=1520524175794 HTTP/1.1" 200 1218
186.103.157.246 - - [08/Mar/2018:12:50:26 -0300] "GET /cormun/static/menuarrow.gif HTTP/1.1" 404 1015
200.86.95.220 - - [08/Mar/2018:12:50:29 -0300] "POST /cormun/servlet/solicitudot?gx-no-cache=1520524180358 HTTP/1.1" 200 1321
200.86.95.220 - - [08/Mar/2018:12:50:29 -0300] "POST /cormun/servlet/solicitudot?gx-no-cache=1520524180443 HTTP/1.1" 200 1219
200.86.95.220 - - [08/Mar/2018:12:50:29 -0300] "POST /cormun/servlet/solicitudot?gx-no-cache=1520524180506 HTTP/1.1" 200 32
186.103.157.246 - - [08/Mar/2018:12:50:30 -0300] "POST /cormun/servlet/solicitudot?gx-no-cache=1520524179400 HTTP/1.1" 200 1318
186.103.157.246 - - [08/Mar/2018:12:50:30 -0300] "POST /cormun/servlet/solicitudot?gx-no-cache=1520524180005 HTTP/1.1" 200 1218
186.103.157.246 - - [08/Mar/2018:12:50:33 -0300] "GET /cormun/servlet/solicitudot?05f3cd1bf28e38392a145e07f4d30f1112d88e229614591b90cbe37f3a4b85e2682405697efa62495d6afd74eb02571a,gx-no-cache=1520524182380 HTTP/1.1" 200 30
200.86.99.60 - - [08/Mar/2018:12:50:41 -0300] "GET /cormun/servlet/trlicencias? HTTP/1.1" 200 8279
200.86.99.60 - - [08/Mar/2018:12:50:41 -0300] "GET /cormun/static/gxcfg.js?20176272054169 HTTP/1.1" 200 953
186.103.157.246 - - [08/Mar/2018:12:50:42 -0300] "POST /cormun/servlet/solicitudot?gx-no-cache=1520524191800 HTTP/1.1" 200 30
200.86.99.60 - - [08/Mar/2018:12:50:43 -0300] "GET /cormun//static/Resources/PXToolsGridDisplay.png HTTP/1.1" 200 362
200.86.99.60 - - [08/Mar/2018:12:50:43 -0300] "GET /cormun//static/Resources/PXToolsActionDisabled.gif HTTP/1.1" 200 53
200.86.99.60 - - [08/Mar/2018:12:50:43 -0300] "GET /cormun//static/Resources/PXToolsHeaderFavorites.png HTTP/1.1" 200 2744
200.86.99.60 - - [08/Mar/2018:12:50:43 -0300] "GET /cormun//static/Resources/PXToolsActionPrint.png HTTP/1.1" 200 3317
200.86.99.60 - - [08/Mar/2018:12:50:43 -0300] "GET /cormun//static/Resources/PXToolsHeaderHelp.png HTTP/1.1" 200 4055
200.86.99.60 - - [08/Mar/2018:12:50:43 -0300] "GET /cormun/servlet/trlicencias? HTTP/1.1" 200 8278
200.86.95.220 - - [08/Mar/2018:12:50:49 -0300] "POST /cormun/servlet/solicitudot?450f923148004e443e258adce1270091,INS,0,0,,gx-no-cache=1520524200245 HTTP/1.1" 200 93
200.86.95.220 - - [08/Mar/2018:12:50:49 -0300] "GET /cormun/servlet/hpexe_return? HTTP/1.1" 200 1002
200.86.95.220 - - [08/Mar/2018:12:50:49 -0300] "GET /cormun/servlet/trsolicitudot HTTP/1.1" 200 8628
186.103.157.39 - - [08/Mar/2018:12:50:50 -0300] "GET /cormun/servlet/prbanco?,MD,,gxPopupLevel%3D0%3B HTTP/1.1" 200 6569
200.86.95.220 - - [08/Mar/2018:12:50:50 -0300] "GET /cormun/servlet/trsolicitudot HTTP/1.1" 200 8624
186.103.157.39 - - [08/Mar/2018:12:50:50 -0300] "GET /cormun/static/gxcfg.js?20181161016094 HTTP/1.1" 304 -
186.103.157.246 - - [08/Mar/2018:12:50:51 -0300] "POST /cormun/servlet/solicitudot?bcb76509ddb0666ae35e4ebd1f3178da,INS,0,0,,gx-no-cache=1520524200658 HTTP/1.1" 200 93
186.103.157.246 - - [08/Mar/2018:12:50:51 -0300] "GET /cormun/servlet/hpexe_return? HTTP/1.1" 200 994
186.103.157.246 - - [08/Mar/2018:12:50:51 -0300] "GET /cormun/static/Resources/Spanish/PXTools.css?167811 HTTP/1.1" 304 -
186.103.157.246 - - [08/Mar/2018:12:50:51 -0300] "GET /cormun/static/gxcfg.js?2016101716175148 HTTP/1.1" 304 -
186.103.157.246 - - [08/Mar/2018:12:50:51 -0300] "GET /cormun/static/hpexe_return.js?2016101716175153 HTTP/1.1" 304 -
186.103.157.246 - - [08/Mar/2018:12:50:51 -0300] "GET /cormun/servlet/trsolicitudot HTTP/1.1" 200 8781
186.103.157.39 - - [08/Mar/2018:12:50:55 -0300] "GET /cormun/servlet/solicitudot?83602cbe12e8b95153db344fa5ae1c021239282772b3539b6e4d9d6a8445ab6655aed8220c30850fc72cbd87352120c6201ff2d591672a9fd58e3ad3e58f1749,gx-no-cache=1520524206519 HTTP/1.1" 200 30
200.86.95.220 - - [08/Mar/2018:12:50:55 -0300] "GET /cormun/servlet/solicitudot?INS,0,0, HTTP/1.1" 200 13393
200.86.95.220 - - [08/Mar/2018:12:50:56 -0300] "GET /cormun/servlet/solicitudot?INS,0,0, HTTP/1.1" 200 13398
200.112.1.133 - - [08/Mar/2018:12:50:58 -0300] "POST /cormun/servlet/hlogin?19be897b8ebbd19906d9c745b6c04f7d,gx-no-cache=1520524209684 HTTP/1.1" 200 90
200.112.1.133 - - [08/Mar/2018:12:50:58 -0300] "GET /cormun/servlet/hpexe_link HTTP/1.1" 200 945
200.112.1.133 - - [08/Mar/2018:12:50:58 -0300] "GET /cormun/static/gxcfg.js?20177612121792 HTTP/1.1" 304 -
200.112.1.133 - - [08/Mar/2018:12:50:58 -0300] "GET /cormun/servlet/hhome HTTP/1.1" 200 4198
200.112.1.133 - - [08/Mar/2018:12:50:58 -0300] "GET /cormun/static/gxcfg.js?20175251212442 HTTP/1.1" 304 -
186.103.157.246 - - [08/Mar/2018:12:50:58 -0300] "POST /cormun/servlet/trsolicitudot?bcb76509ddb0666ae35e4ebd1f3178da,gx-no-cache=1520524208200 HTTP/1.1" 200 107
186.103.157.246 - - [08/Mar/2018:12:50:58 -0300] "GET /cormun/servlet/trsolicitudadjuntos?2018,10286, HTTP/1.1" 200 5974
186.103.157.246 - - [08/Mar/2018:12:50:58 -0300] "GET /cormun/static/Shared/ext/resources/css/ext-all.css?205870 HTTP/1.1" 304 -
186.103.157.246 - - [08/Mar/2018:12:50:58 -0300] "GET /cormun/static/calendar-system.css?75620 HTTP/1.1" 304 -
186.103.157.246 - - [08/Mar/2018:12:50:58 -0300] "GET /cormun/static/gxui/gxui-all.css?110300 HTTP/1.1" 304 -
186.103.157.246 - - [08/Mar/2018:12:50:58 -0300] "GET /cormun/static/gxcfg.js?20177612135366 HTTP/1.1" 304 -
186.103.157.39 - - [08/Mar/2018:12:50:59 -0300] "GET /cormun/servlet/solicitudot?83602cbe12e8b95153db344fa5ae1c02174f2c6761824638ac1b6d1048b21edb,gx-no-cache=1520524210305 HTTP/1.1" 200 53
200.112.1.133 - - [08/Mar/2018:12:50:59 -0300] "GET /cormun/servlet/hhome HTTP/1.1" 200 4194
186.103.157.246 - - [08/Mar/2018:12:50:59 -0300] "GET /cormun/static/trsolicitudadjuntos.js?20177612135632 HTTP/1.1" 304 -
200.86.95.220 - - [08/Mar/2018:12:51:05 -0300] "POST /cormun/servlet/solicitudot?gx-no-cache=1520524216542 HTTP/1.1" 200 3410
186.103.157.246 - - [08/Mar/2018:12:51:05 -0300] "GET /cormun/servlet/solicitudotadjuntos?INS,2018,10286,,1, HTTP/1.1" 200 5921
186.103.157.246 - - [08/Mar/2018:12:51:05 -0300] "GET /cormun/static/gxcfg.js?2017761244068 HTTP/1.1" 304 -
200.86.95.220 - - [08/Mar/2018:12:51:05 -0300] "POST /cormun/servlet/solicitudot?450f923148004e443e258adce1270091,INS,0,0,,gx-no-cache=1520524216785 HTTP/1.1" 200 10371
186.103.157.246 - - [08/Mar/2018:12:51:05 -0300] "GET /cormun/static/about:blank HTTP/1.1" 404 1011
186.103.157.246 - - [08/Mar/2018:12:51:05 -0300] "GET /cormun/static/about:blank HTTP/1.1" 404 1011
186.103.157.246 - - [08/Mar/2018:12:51:06 -0300] "GET /cormun/static/solicitudotadjuntos.js?2017761244086 HTTP/1.1" 304 -
186.103.157.246 - - [08/Mar/2018:12:51:07 -0300] "GET /cormun/servlet/solicitudotadjuntos?05f3cd1bf28e38392a145e07f4d30f11b16bc677a99e72dfe277176027f67aa0baba490ce0c106dcba8479592d21458d,gx-no-cache=1520524216567 HTTP/1.1" 200 30
200.86.95.220 - - [08/Mar/2018:12:51:07 -0300] "GET /cormun/servlet/solicitudot?745e397d3ecdce9b0e6b70c8eab094ea31ea08b31f5e93d3401d85b0dd92612db2bcd529d5ade68570d31f54aa5ca758,gx-no-cache=1520524218623 HTTP/1.1" 200 30
186.103.157.246 - - [08/Mar/2018:12:51:07 -0300] "POST /cormun/servlet/solicitudotadjuntos?bcb76509ddb0666ae35e4ebd1f3178da,INS,2018,10286,,1,,gx-no-cache=1520524216918 HTTP/1.1" 200 3782
200.86.95.220 - - [08/Mar/2018:12:51:07 -0300] "GET /cormun/servlet/solicitudot?745e397d3ecdce9b0e6b70c8eab094eacd6b9c32180fb1f23f49480473e1fc22d313a21634ba8b28d85cce7c282e8888ee736215cc22f33e8a859a271142cc7b,gx-no-cache=1520524218718 HTTP/1.1" 200 30
200.86.95.220 - - [08/Mar/2018:12:51:07 -0300] "GET /cormun/servlet/solicitudot?745e397d3ecdce9b0e6b70c8eab094ea75ae8acd550aea7d8728d56fdaf1f4d4,gx-no-cache=1520524218788 HTTP/1.1" 200 51
200.86.95.220 - - [08/Mar/2018:12:51:07 -0300] "POST /cormun/servlet/solicitudot?gx-no-cache=1520524218836 HTTP/1.1" 200 240
200.86.95.220 - - [08/Mar/2018:12:51:07 -0300] "GET /cormun/servlet/solicitudot?745e397d3ecdce9b0e6b70c8eab094eaf0b009d71fbfa212cbca57cf351b589477f1d1da5f93ba73b165f13556e13d30f1ada37d5521e22dbfe01a3c22c240e00dbd04d0faa219a2ed752371b86ca61d4f018ba3a812406591de549a30a54cce32c2e83a3144192465a67ed1f9a58063ff86ce75d54aff045b7ad06cf68cf48a325f49a8414c27792ce17ca7553c7cab9180ab8dcf6e52c85784581c2cf03806775a1a6fc1b69b6c9f0d75a8e499ce9039ab2b8f0093aabdfd73217da5515feff24a9cfd1274ca72ce667f0f3f14e8632a6f9855d893a2cf169fd1152074de40a741ab9e34d7bdd0faa65c8c69074c51d8c5e8513c3ea0e6a56958473e1286020400f65db6a962e62052925fe1558db5c3f92f3634e9808c9d3b3321ce231f76006915060151aac0da60f89966274705460ab5f8116f1fca6b5d4a75abc4a939767838f8d397733982386e7d7c8a142c24c5d4ac4c65527e7177e0f9b3da8b4e40b2c748186472cc1593225c9e162b08f57737b149c31ed26145bed2e6b8aa98,gx-no-cache=1520524218894 HTTP/1.1" 200 30
200.86.95.220 - - [08/Mar/2018:12:51:09 -0300] "POST /cormun/servlet/solicitudot?gx-no-cache=1520524220546 HTTP/1.1" 200 30
186.103.157.246 - - [08/Mar/2018:12:51:10 -0300] "POST /cormun/servlet/solicitudotadjuntos?gx-no-cache=1520524219979 HTTP/1.1" 200 26
186.103.159.46 - - [08/Mar/2018:12:51:10 -0300] "GET /cormun/static/Resources/resize.gif HTTP/1.1" 200 77
186.103.159.46 - - [08/Mar/2018:12:51:10 -0300] "GET /cormun/servlet/prfichaempleado?,MD,,gxPopupLevel%3D0%3B HTTP/1.1" 200 9296
186.103.159.46 - - [08/Mar/2018:12:51:10 -0300] "GET /cormun/static/gxcfg.js?20177612134814 HTTP/1.1" 200 953
200.86.95.220 - - [08/Mar/2018:12:51:11 -0300] "GET /cormun/servlet/prsolicitudot?20340793,,,,,MD,,gxPopupLevel%3D0%3B HTTP/1.1" 200 6375
186.103.157.39 - - [08/Mar/2018:12:51:14 -0300] "POST /cormun/servlet/solicitudot?c480ae894d2e8eae4f620fd53c2e3f59,INS,0,0,,gx-no-cache=1520524225792 HTTP/1.1" 200 10447
186.103.157.39 - - [08/Mar/2018:12:51:14 -0300] "GET /cormun/static/Shared/jqueryui/images/ui-bg_highlight-soft_100_c6c2c8_1x100.png HTTP/1.1" 404 1117
186.103.157.39 - - [08/Mar/2018:12:51:14 -0300] "GET /cormun/static/Shared/jqueryui/images/ui-icons_82798d_256x240.png HTTP/1.1" 404 1089
186.103.157.39 - - [08/Mar/2018:12:51:14 -0300] "GET /cormun/static/Shared/jqueryui/images/ui-bg_flat_55_fafafa_40x100.png HTTP/1.1" 404 1097
186.103.157.39 - - [08/Mar/2018:12:51:14 -0300] "GET /cormun/static/Shared/jqueryui/images/ui-icons_8d78a5_256x240.png HTTP/1.1" 404 1089
192.168.10.89 - - [08/Mar/2018:12:51:15 -0300] "POST /cormun/servlet/solicitudot?9f5b1ba901a7a31de4512d52250894e1,UPD,2018,10275,,gx-no-cache=1520524113964 HTTP/1.1" 200 93
192.168.10.89 - - [08/Mar/2018:12:51:15 -0300] "GET /cormun/servlet/hpexe_return? HTTP/1.1" 200 1007
192.168.10.89 - - [08/Mar/2018:12:51:15 -0300] "GET /cormun/servlet/trsolicitudot HTTP/1.1" 200 8679
186.103.157.39 - - [08/Mar/2018:12:51:17 -0300] "GET /cormun/servlet/solicitudot?83602cbe12e8b95153db344fa5ae1c021239282772b3539b6e4d9d6a8445ab6655aed8220c30850fc72cbd87352120c6a93f74f6c5358e6e5afaaa7e33419a54,gx-no-cache=1520524228274 HTTP/1.1" 200 30
186.103.157.39 - - [08/Mar/2018:12:51:17 -0300] "GET /cormun/servlet/solicitudot?83602cbe12e8b95153db344fa5ae1c0200ed59c6b789661473a8148f2f1504849a5ccfa62f52084a7f1e026fbf8fefe63a99173c692116a67220d3f0b8bd13d7,gx-no-cache=1520524228376 HTTP/1.1" 200 53
186.103.157.39 - - [08/Mar/2018:12:51:18 -0300] "POST /cormun/servlet/solicitudot?gx-no-cache=1520524230109 HTTP/1.1" 200 240
186.103.159.46 - - [08/Mar/2018:12:51:19 -0300] "POST /cormun/servlet/solicitudot?gx-no-cache=1520524230026 HTTP/1.1" 200 3424
186.103.159.46 - - [08/Mar/2018:12:51:19 -0300] "POST /cormun/servlet/solicitudot?f6cd38cbbce6e9d151f0630207f8cb1a,INS,0,0,,gx-no-cache=1520524230248 HTTP/1.1" 200 10406
200.86.95.220 - - [08/Mar/2018:12:51:19 -0300] "POST /cormun/servlet/solicitudot?gx-no-cache=1520524230652 HTTP/1.1" 200 1418
200.86.95.220 - - [08/Mar/2018:12:51:19 -0300] "GET /cormun/static/Shared/jqueryui/images/ui-bg_highlight-soft_100_c6c2c8_1x100.png HTTP/1.1" 404 1117
200.86.95.220 - - [08/Mar/2018:12:51:19 -0300] "GET /cormun/static/Shared/jqueryui/images/ui-icons_82798d_256x240.png HTTP/1.1" 404 1089
200.86.95.220 - - [08/Mar/2018:12:51:19 -0300] "GET /cormun/static/Shared/jqueryui/images/ui-bg_flat_55_994d53_40x100.png HTTP/1.1" 404 1097
200.86.95.220 - - [08/Mar/2018:12:51:19 -0300] "POST /cormun/servlet/solicitudot?gx-no-cache=1520524230785 HTTP/1.1" 200 117
200.86.95.220 - - [08/Mar/2018:12:51:19 -0300] "GET /cormun/static/Shared/jqueryui/images/ui-icons_ebccce_256x240.png HTTP/1.1" 404 1089
200.86.95.220 - - [08/Mar/2018:12:51:19 -0300] "GET /cormun/servlet/solicitudot?745e397d3ecdce9b0e6b70c8eab094ea914d9db17722e7d1b75ddae49c75c95ff8f31ead8309417e9dc14e5b3fcf4dbb26dab7dce5b8e24253225de0c7c2c6016cd68323b26ce8534e371651d6a87ab87b546e744396f6b188eb92cf1ec214d20f41a21ceca165501f17843451ad22911fcc4b5724f2651892aa377a2b13abbed79df1fc6e93f2c7c2ae5c624ff3599752e66475ef867b74a3af3357d6203ffe184397872b568288acf68ce21ae7fefa51af0b22de6b5e3c8af2119974857239f8d89853d70ef79548e8543f6daf701b,gx-no-cache=1520524230876 HTTP/1.1" 200 29
200.86.95.220 - - [08/Mar/2018:12:51:19 -0300] "GET /cormun/servlet/solicitudot?745e397d3ecdce9b0e6b70c8eab094ea65686a29c789556b9b98bbedece455a3de4ea1125db8d954511d9aff7ca82b7f5b657dafd014ddd59d11d290a19f0855ff262e08ff10178e78fbd2081b2a5f9df891d4ea9cf77857cde805de66c0f0fbb9f39b14108ea7571271fb17fb40b7e7dfd7ec48e5b9310fbdf39e9c3e7173ffeb0453279c58ac8fa7060c375de5031837e8599ec82d34d1c0ec2375f771530c9cacfcc48b3244cf81644b71e25967a3cfc6c42f10a92c9f5002db9657aa3a0d,gx-no-cache=1520524230940 HTTP/1.1" 200 62
200.86.95.220 - - [08/Mar/2018:12:51:19 -0300] "GET /cormun/servlet/solicitudot?bb0df6d229dc341d4a9cc6463fd536d733a8c1f777df4d5b8f5e39767809c0823953746edccd9a5100d9f3f5d26891d5e38b4c59ccd85f833386fd313a8c3e06ee736215cc22f33e8a859a271142cc7b,gx-no-cache=1520524230996 HTTP/1.1" 200 55
200.86.95.220 - - [08/Mar/2018:12:51:19 -0300] "GET /cormun/servlet/solicitudot?745e397d3ecdce9b0e6b70c8eab094eac3a565a588c63f7f3ccee1d673be81f52bd2ee9e33b69046ff1e1d7d2d8c6822,gx-no-cache=1520524231041 HTTP/1.1" 200 30
200.112.1.133 - - [08/Mar/2018:12:51:21 -0300] "GET /cormun/servlet/trautorizarsolicitud? HTTP/1.1" 200 10531
186.103.157.39 - - [08/Mar/2018:12:51:22 -0300] "GET /cormun/servlet/solicitudot?83602cbe12e8b95153db344fa5ae1c0260ac46464d28f961b51adcbee8f741e77397ec279be9a404f728c6ee10b170d1aa65a8e7d7bd737929a8ad11a9155c21301802385a96362086df8f0185a0ec464fb8feabc5aef3d58652bcef573d5a0e253992903c2c03b351ba0df7cf9d45f3b04ba6f1421f51cbb30bc32a348e6109d2402d0034b45cf14c7243bfdf5520daddbe5275e0e76a0239e45976f25f253b91e940539873f7665095a2eefd36b4502dc85d3c2a1463b6d90281a1552614e51f767e87a630a29f27e50ce48a17866f2f7cbd0fecdcfb49923805f8fe25e687020e29ceb8d96405a0776da8506a35894bdb2ead17f85de81016d2fd3dbbf26936377590b1baf8ecf93ec92ba35149f0073df6de4c166329812ddb8fce1c4f818d2bef3472414c4a06501e603e47b4f7205710d386020a661effd698c8041c5e701b4520f939c5cae86900ac57fecdf4b185391f151fd15e876d08ae93e2a5e1933bb421decb2ac503d61791252c4840b2f6773f2365118b20a795a327e6782c,gx-no-cache=1520524233226 HTTP/1.1" 200 30
200.112.1.133 - - [08/Mar/2018:12:51:22 -0300] "GET /cormun/servlet/trautorizarsolicitud? HTTP/1.1" 200 10529
200.86.95.220 - - [08/Mar/2018:12:51:25 -0300] "GET /cormun/servlet/prfichaempleado?,MD,,gxPopupLevel%3D0%3B HTTP/1.1" 200 9294
200.112.1.133 - - [08/Mar/2018:12:51:28 -0300] "GET /cormun/servlet/veautorizarsolicitud?2018,10215,, HTTP/1.1" 200 8577
200.112.1.133 - - [08/Mar/2018:12:51:28 -0300] "GET /cormun/static/gxcfg.js?2017111423404691 HTTP/1.1" 200 953
200.112.1.133 - - [08/Mar/2018:12:51:28 -0300] "GET /cormun/pexe_scrolldiv.js HTTP/1.1" 404 1009
200.112.1.133 - - [08/Mar/2018:12:51:28 -0300] "GET /cormun/static/veautorizarsolicitud.js?2017111423404756 HTTP/1.1" 200 6140
200.112.1.133 - - [08/Mar/2018:12:51:28 -0300] "GET /cormun/static/tbautorizarsolicitud01.js?2017111423392092 HTTP/1.1" 200 30580
200.112.1.133 - - [08/Mar/2018:12:51:28 -0300] "GET /cormun/servlet/veautorizarsolicitud?2018,10215,, HTTP/1.1" 200 8576
200.86.95.220 - - [08/Mar/2018:12:51:34 -0300] "POST /cormun/servlet/prfichaempleado?450f923148004e443e258adce1270091,,MD,,gxPopupLevel%3D0%3B,gx-no-cache=1520524245868 HTTP/1.1" 200 3411
200.86.99.60 - - [08/Mar/2018:12:51:35 -0300] "GET /cormun/servlet/trlicencias? HTTP/1.1" 200 8278
186.103.159.46 - - [08/Mar/2018:12:51:36 -0300] "GET /cormun/servlet/solicitudot?5455e0d7aa0efa879f8fe29c610d744d61d543b4209cb629994a228de4528ab7133e9fb9d5b36e7e508f002dd7a9efc8,gx-no-cache=1520524247641 HTTP/1.1" 200 30
186.103.159.46 - - [08/Mar/2018:12:51:36 -0300] "GET /cormun/servlet/solicitudot?5455e0d7aa0efa879f8fe29c610d744d75e9737482f6586347335309c8e0c6718369664c38f474cb7b3714cf64070a86a7ee250b075dee2dfb6fecef1f8bd144,gx-no-cache=1520524247703 HTTP/1.1" 200 30
186.103.159.46 - - [08/Mar/2018:12:51:36 -0300] "GET /cormun/servlet/solicitudot?5455e0d7aa0efa879f8fe29c610d744d0f8899b24f78e0ff451bd09d5680b8da,gx-no-cache=1520524247787 HTTP/1.1" 200 60
186.103.159.46 - - [08/Mar/2018:12:51:37 -0300] "POST /cormun/servlet/solicitudot?gx-no-cache=1520524247866 HTTP/1.1" 200 297
186.103.159.46 - - [08/Mar/2018:12:51:37 -0300] "GET /cormun/servlet/solicitudot?5455e0d7aa0efa879f8fe29c610d744d6f71b7cf4704f42b4125363a3f884a6260f7020bf5585b45e67df3f0706be062d34a406e03820a38d3a22ee22bb040d3781305842570d57995f1eae36b91c1b755168a169f473bc4b6e5f6ab42567bdb44da1a13400518e9f2f21e64b37158c50f28cd9978ddd98560378b92afc853ee11a6cb35f5f3fd0704534019e4d469f30d9c2e7c4c9055dc3b96e7bc9741f083d24ad0e5e75b0e615e8e083f5327360100a40b49931d585eeeb30d3076826c9561935cc9b3965817c4be598872867218d0026d2bfecf324439ecc8cb02d7888de6aa8e12ae899bc01b4f9ed9635522aa35436681258f6ccd6bbe372a01e56d68e532d9f47bae8c556df97e2085ee245aa85c2408401f1c7f7ae493263c72994e38f5d53577d2846ef5c43ab8a6028f32bda3b06983a8884ff8c202b122a71750d2af275864b9f1e2d9a3578989eb82d2680be59ba79c84e5e0a9fb146a15b2f4babc662fd1cb144682e85da40e14c255ad1e42cfe932f28b1e4a23ad2286e65e88ebe9c4ef8bd22058d3d681fd25ad29,gx-no-cache=1520524247959 HTTP/1.1" 200 30
200.86.99.60 - - [08/Mar/2018:12:51:37 -0300] "GET /cormun/servlet/trlicencias? HTTP/1.1" 200 8278
200.86.95.220 - - [08/Mar/2018:12:51:38 -0300] "GET /cormun/servlet/prlicenciaspermisos?15106697,L,,MD,,gxPopupLevel%3D0%3B HTTP/1.1" 200 7757
192.168.10.50 - - [08/Mar/2018:12:51:40 -0300] "GET /cormun/servlet/hlogin HTTP/1.1" 200 1726
192.168.10.50 - - [08/Mar/2018:12:51:40 -0300] "GET /cormun/servlet/hlogin HTTP/1.1" 200 1729
200.86.95.220 - - [08/Mar/2018:12:51:41 -0300] "POST /cormun/servlet/solicitudot?gx-no-cache=1520524252548 HTTP/1.1" 200 1337
192.168.10.50 - - [08/Mar/2018:12:51:42 -0300] "POST /cormun/servlet/hlogin?0432cfaaa15f4d5b1bbc87aef8b3f25c,gx-no-cache=1520524141176 HTTP/1.1" 200 90
192.168.10.50 - - [08/Mar/2018:12:51:42 -0300] "GET /cormun/servlet/hpexe_link HTTP/1.1" 200 952
192.168.10.50 - - [08/Mar/2018:12:51:42 -0300] "GET /cormun/servlet/hhome HTTP/1.1" 200 4461
192.168.10.50 - - [08/Mar/2018:12:51:42 -0300] "GET /cormun/servlet/hhome HTTP/1.1" 200 4458
200.86.95.220 - - [08/Mar/2018:12:51:43 -0300] "POST /cormun/servlet/solicitudot?gx-no-cache=1520524254630 HTTP/1.1" 200 40
200.86.99.60 - - [08/Mar/2018:12:51:44 -0300] "GET /cormun/servlet/licenciaspermisos?INS,0,,, HTTP/1.1" 200 7677
186.103.159.46 - - [08/Mar/2018:12:51:44 -0300] "POST /cormun/servlet/solicitudot?gx-no-cache=1520524255420 HTTP/1.1" 200 30
200.86.99.60 - - [08/Mar/2018:12:51:45 -0300] "GET /cormun/servlet/licenciaspermisos?INS,0,,, HTTP/1.1" 200 7685
200.112.1.133 - - [08/Mar/2018:12:51:47 -0300] "POST /cormun/servlet/veautorizarsolicitud?19be897b8ebbd19906d9c745b6c04f7d,2018,10215,,,gx-no-cache=1520524259143 HTTP/1.1" 200 93
186.103.159.46 - - [08/Mar/2018:12:51:47 -0300] "POST /cormun/servlet/solicitudot?gx-no-cache=1520524258754 HTTP/1.1" 200 1336
200.112.1.133 - - [08/Mar/2018:12:51:47 -0300] "GET /cormun/servlet/hpexe_return? HTTP/1.1" 200 1012
186.103.159.46 - - [08/Mar/2018:12:51:47 -0300] "POST /cormun/servlet/solicitudot?gx-no-cache=1520524258860 HTTP/1.1" 200 38
200.112.1.133 - - [08/Mar/2018:12:51:48 -0300] "GET /cormun/static/gxcfg.js?2016101716175148 HTTP/1.1" 304 -
200.112.1.133 - - [08/Mar/2018:12:51:48 -0300] "GET /cormun/servlet/trautorizarsolicitud HTTP/1.1" 200 10534
200.112.1.133 - - [08/Mar/2018:12:51:48 -0300] "GET /cormun/servlet/trautorizarsolicitud HTTP/1.1" 200 10529
200.86.99.60 - - [08/Mar/2018:12:51:48 -0300] "GET /cormun/servlet/prfichaempleado?,MD,,gxPopupLevel%3D0%3B HTTP/1.1" 200 9302
200.86.95.220 - - [08/Mar/2018:12:51:52 -0300] "POST /cormun/servlet/solicitudot?gx-no-cache=1520524263225 HTTP/1.1" 200 1319
200.86.95.220 - - [08/Mar/2018:12:51:52 -0300] "POST /cormun/servlet/solicitudot?gx-no-cache=1520524263344 HTTP/1.1" 200 1219
200.86.95.220 - - [08/Mar/2018:12:51:52 -0300] "POST /cormun/servlet/solicitudot?gx-no-cache=1520524263452 HTTP/1.1" 200 32
200.86.95.220 - - [08/Mar/2018:12:52:03 -0300] "POST /cormun/servlet/solicitudot?450f923148004e443e258adce1270091,INS,0,0,,gx-no-cache=1520524274232 HTTP/1.1" 200 93
200.86.95.220 - - [08/Mar/2018:12:52:03 -0300] "GET /cormun/servlet/hpexe_return? HTTP/1.1" 200 1002
200.86.95.220 - - [08/Mar/2018:12:52:03 -0300] "GET /cormun/servlet/trsolicitudot HTTP/1.1" 200 8920
200.86.95.220 - - [08/Mar/2018:12:52:04 -0300] "GET /cormun/servlet/trsolicitudot HTTP/1.1" 200 8916
200.86.99.60 - - [08/Mar/2018:12:52:06 -0300] "POST /cormun/servlet/prfichaempleado?dda1761d76e919a6ca82501308ca535f,,MD,,gxPopupLevel%3D0%3B,gx-no-cache=1520524277028 HTTP/1.1" 200 3419
200.112.1.133 - - [08/Mar/2018:12:52:08 -0300] "POST /cormun/servlet/trautorizarsolicitud?19be897b8ebbd19906d9c745b6c04f7d,gx-no-cache=1520524279306 HTTP/1.1" 200 7211
200.112.1.133 - - [08/Mar/2018:12:52:08 -0300] "GET /cormun/static/Shared/jqueryui/images/ui-bg_highlight-soft_100_c6c2c8_1x100.png HTTP/1.1" 404 1117
200.112.1.133 - - [08/Mar/2018:12:52:08 -0300] "GET /cormun/static/Shared/jqueryui/images/ui-icons_82798d_256x240.png HTTP/1.1" 404 1089
200.112.1.133 - - [08/Mar/2018:12:52:08 -0300] "GET /cormun/static/Shared/jqueryui/images/ui-bg_flat_55_fafafa_40x100.png HTTP/1.1" 404 1097
200.112.1.133 - - [08/Mar/2018:12:52:08 -0300] "GET /cormun/static/Shared/jqueryui/images/ui-icons_8d78a5_256x240.png HTTP/1.1" 404 1089
200.112.1.133 - - [08/Mar/2018:12:52:09 -0300] "POST /cormun/servlet/trautorizarsolicitud?19be897b8ebbd19906d9c745b6c04f7d,gx-no-cache=1520524280166 HTTP/1.1" 200 7155
200.86.99.60 - - [08/Mar/2018:12:52:11 -0300] "GET /cormun/servlet/licenciaspermisos?bc136afc752fa79479b877a56dc50cc0151dfe1381c75ccb9eb2618fb89c1e1c9f3c64f865351200354d2e6f4bae8c2e,gx-no-cache=1520524282598 HTTP/1.1" 200 91
200.86.99.60 - - [08/Mar/2018:12:52:11 -0300] "POST /cormun/servlet/licenciaspermisos?dda1761d76e919a6ca82501308ca535f,INS,0,,,,gx-no-cache=1520524282685 HTTP/1.1" 200 4869
200.112.1.133 - - [08/Mar/2018:12:52:14 -0300] "POST /cormun/servlet/trautorizarsolicitud?19be897b8ebbd19906d9c745b6c04f7d,gx-no-cache=1520524285531 HTTP/1.1" 200 6870
200.112.1.133 - - [08/Mar/2018:12:52:15 -0300] "POST /cormun/servlet/trautorizarsolicitud?19be897b8ebbd19906d9c745b6c04f7d,gx-no-cache=1520524286252 HTTP/1.1" 200 6816
200.112.1.133 - - [08/Mar/2018:12:52:18 -0300] "POST /cormun/servlet/trautorizarsolicitud?19be897b8ebbd19906d9c745b6c04f7d,gx-no-cache=1520524289698 HTTP/1.1" 200 6564
200.112.1.133 - - [08/Mar/2018:12:52:19 -0300] "POST /cormun/servlet/trautorizarsolicitud?19be897b8ebbd19906d9c745b6c04f7d,gx-no-cache=1520524290450 HTTP/1.1" 200 6509
192.168.10.50 - - [08/Mar/2018:12:52:20 -0300] "GET /cormun/servlet/trsolicitudgral? HTTP/1.1" 200 28033
192.168.10.50 - - [08/Mar/2018:12:52:22 -0300] "GET /cormun/servlet/trsolicitudgral? HTTP/1.1" 200 28031
200.86.95.220 - - [08/Mar/2018:12:52:24 -0300] "POST /cormun/servlet/trsolicitudot?450f923148004e443e258adce1270091,gx-no-cache=1520524295380 HTTP/1.1" 200 5769
200.86.95.220 - - [08/Mar/2018:12:52:24 -0300] "GET /cormun/static/Shared/jqueryui/images/ui-bg_highlight-soft_100_c6c2c8_1x100.png HTTP/1.1" 404 1117
200.86.95.220 - - [08/Mar/2018:12:52:24 -0300] "GET /cormun/static/Shared/jqueryui/images/ui-bg_flat_55_fafafa_40x100.png HTTP/1.1" 404 1097
200.86.95.220 - - [08/Mar/2018:12:52:24 -0300] "GET /cormun/static/Shared/jqueryui/images/ui-icons_8d78a5_256x240.png HTTP/1.1" 404 1089
200.86.95.220 - - [08/Mar/2018:12:52:24 -0300] "POST /cormun/servlet/trsolicitudot?450f923148004e443e258adce1270091,gx-no-cache=1520524295732 HTTP/1.1" 200 5712
200.86.95.220 - - [08/Mar/2018:12:52:24 -0300] "GET /cormun/static/Shared/jqueryui/images/ui-icons_82798d_256x240.png HTTP/1.1" 404 1089
200.86.95.220 - - [08/Mar/2018:12:52:25 -0300] "POST /cormun/servlet/trsolicitudot?450f923148004e443e258adce1270091,gx-no-cache=1520524296864 HTTP/1.1" 200 4519
200.86.95.220 - - [08/Mar/2018:12:52:26 -0300] "POST /cormun/servlet/trsolicitudot?450f923148004e443e258adce1270091,gx-no-cache=1520524297181 HTTP/1.1" 200 4254
200.112.1.133 - - [08/Mar/2018:12:52:28 -0300] "GET /cormun/servlet/veautorizarsolicitud?2018,10209,, HTTP/1.1" 200 8586
200.112.1.133 - - [08/Mar/2018:12:52:28 -0300] "GET /cormun/pexe_scrolldiv.js HTTP/1.1" 404 1009
200.112.1.133 - - [08/Mar/2018:12:52:28 -0300] "GET /cormun/servlet/veautorizarsolicitud?2018,10209,, HTTP/1.1" 200 8584
186.103.159.46 - - [08/Mar/2018:12:52:29 -0300] "GET /cormun/servlet/solicitudot?5455e0d7aa0efa879f8fe29c610d744d9a6e41e2650067cae6df21186cef921ce2f2a74219ac202760ee3244272741bc5e10423d1fd53d5dae59c214dd812627267777ca5cba84dc77a76b4f753aced65d6962b4d08980f29cc3de065fc51de53393805402756677f03f539660fd8510,gx-no-cache=1520524300296 HTTP/1.1" 200 29
186.103.159.46 - - [08/Mar/2018:12:52:29 -0300] "POST /cormun/servlet/solicitudot?gx-no-cache=1520524300353 HTTP/1.1" 200 1317
186.103.159.46 - - [08/Mar/2018:12:52:29 -0300] "POST /cormun/servlet/solicitudot?gx-no-cache=1520524300431 HTTP/1.1" 200 1218
186.103.159.46 - - [08/Mar/2018:12:52:30 -0300] "GET /cormun/static/menuarrow.gif HTTP/1.1" 404 1015
200.112.1.133 - - [08/Mar/2018:12:52:33 -0300] "POST /cormun/servlet/veautorizarsolicitud?19be897b8ebbd19906d9c745b6c04f7d,2018,10209,,,gx-no-cache=1520524304485 HTTP/1.1" 200 93
200.112.1.133 - - [08/Mar/2018:12:52:33 -0300] "GET /cormun/servlet/hpexe_return? HTTP/1.1" 200 1032
200.86.95.220 - - [08/Mar/2018:12:52:33 -0300] "GET /cormun/servlet/hlogin HTTP/1.1" 200 1717
200.112.1.133 - - [08/Mar/2018:12:52:33 -0300] "GET /cormun/servlet/trautorizarsolicitud?gx-no-cache=1520524290450 HTTP/1.1" 200 9421
200.112.1.133 - - [08/Mar/2018:12:52:33 -0300] "GET /cormun/servlet/trautorizarsolicitud?gx-no-cache=1520524290450 HTTP/1.1" 200 9438
200.112.1.133 - - [08/Mar/2018:12:52:37 -0300] "POST /cormun/servlet/trautorizarsolicitud?19be897b8ebbd19906d9c745b6c04f7d,gx-no-cache=1520524290450,gx-no-cache=1520524308253 HTTP/1.1" 200 6203
200.112.1.133 - - [08/Mar/2018:12:52:37 -0300] "GET /cormun/static/Shared/jqueryui/images/ui-bg_highlight-soft_100_c6c2c8_1x100.png HTTP/1.1" 404 1117
200.112.1.133 - - [08/Mar/2018:12:52:37 -0300] "GET /cormun/static/Shared/jqueryui/images/ui-icons_8d78a5_256x240.png HTTP/1.1" 404 1089
200.112.1.133 - - [08/Mar/2018:12:52:37 -0300] "GET /cormun/static/Shared/jqueryui/images/ui-icons_82798d_256x240.png HTTP/1.1" 404 1089
200.112.1.133 - - [08/Mar/2018:12:52:37 -0300] "GET /cormun/static/Shared/jqueryui/images/ui-bg_flat_55_fafafa_40x100.png HTTP/1.1" 404 1097
200.112.1.133 - - [08/Mar/2018:12:52:37 -0300] "POST /cormun/servlet/trautorizarsolicitud?19be897b8ebbd19906d9c745b6c04f7d,gx-no-cache=1520524290450,gx-no-cache=1520524308898 HTTP/1.1" 200 6147
200.112.1.133 - - [08/Mar/2018:12:52:40 -0300] "POST /cormun/servlet/trautorizarsolicitud?19be897b8ebbd19906d9c745b6c04f7d,gx-no-cache=1520524290450,gx-no-cache=1520524311357 HTTP/1.1" 200 5783
200.112.1.133 - - [08/Mar/2018:12:52:40 -0300] "POST /cormun/servlet/trautorizarsolicitud?19be897b8ebbd19906d9c745b6c04f7d,gx-no-cache=1520524290450,gx-no-cache=1520524311929 HTTP/1.1" 200 5728
186.103.159.46 - - [08/Mar/2018:12:52:43 -0300] "GET /cormun/servlet/solicitudot?5455e0d7aa0efa879f8fe29c610d744d7187dc07e0b1b1f35956cb2da87bcf3993a238d18cbc6efaa77e4b4466490cf2,gx-no-cache=1520524314114 HTTP/1.1" 200 30
200.112.1.133 - - [08/Mar/2018:12:52:45 -0300] "GET /cormun/servlet/veautorizarsolicitud?2018,10206,, HTTP/1.1" 200 8593
200.112.1.133 - - [08/Mar/2018:12:52:46 -0300] "GET /cormun/pexe_scrolldiv.js HTTP/1.1" 404 1009
200.112.1.133 - - [08/Mar/2018:12:52:46 -0300] "GET /cormun/servlet/veautorizarsolicitud?2018,10206,, HTTP/1.1" 200 8570
200.86.95.220 - - [08/Mar/2018:12:52:46 -0300] "POST /cormun/servlet/hlogin?450f923148004e443e258adce1270091,gx-no-cache=1520524317854 HTTP/1.1" 200 90
200.86.95.220 - - [08/Mar/2018:12:52:46 -0300] "GET /cormun/servlet/hpexe_link HTTP/1.1" 200 945
200.86.95.220 - - [08/Mar/2018:12:52:46 -0300] "GET /cormun/servlet/hhome HTTP/1.1" 200 4114
200.86.95.220 - - [08/Mar/2018:12:52:48 -0300] "GET /cormun/servlet/hhome HTTP/1.1" 200 4110
200.112.1.133 - - [08/Mar/2018:12:52:49 -0300] "POST /cormun/servlet/veautorizarsolicitud?19be897b8ebbd19906d9c745b6c04f7d,2018,10206,,,gx-no-cache=1520524321318 HTTP/1.1" 200 93
200.112.1.133 - - [08/Mar/2018:12:52:50 -0300] "GET /cormun/servlet/hpexe_return? HTTP/1.1" 200 1033
200.112.1.133 - - [08/Mar/2018:12:52:50 -0300] "GET /cormun/servlet/trautorizarsolicitud?gx-no-cache=1520524290450 HTTP/1.1" 200 8655
200.112.1.133 - - [08/Mar/2018:12:52:50 -0300] "GET /cormun/servlet/trautorizarsolicitud?gx-no-cache=1520524290450 HTTP/1.1" 200 8672
200.86.95.220 - - [08/Mar/2018:12:52:51 -0300] "GET /cormun/servlet/trautorizarsolicitud? HTTP/1.1" 200 8974
200.112.1.133 - - [08/Mar/2018:12:52:52 -0300] "POST /cormun/servlet/trautorizarsolicitud?19be897b8ebbd19906d9c745b6c04f7d,gx-no-cache=1520524290450,gx-no-cache=1520524323767 HTTP/1.1" 200 4590
200.112.1.133 - - [08/Mar/2018:12:52:53 -0300] "GET /cormun/static/Shared/jqueryui/images/ui-bg_highlight-soft_100_c6c2c8_1x100.png HTTP/1.1" 404 1117
200.112.1.133 - - [08/Mar/2018:12:52:53 -0300] "GET /cormun/static/Shared/jqueryui/images/ui-icons_82798d_256x240.png HTTP/1.1" 404 1089
200.86.95.220 - - [08/Mar/2018:12:52:53 -0300] "GET /cormun/servlet/trautorizarsolicitud? HTTP/1.1" 200 8972
200.112.1.133 - - [08/Mar/2018:12:52:53 -0300] "GET /cormun/static/Shared/jqueryui/images/ui-bg_flat_55_fafafa_40x100.png HTTP/1.1" 404 1097
200.112.1.133 - - [08/Mar/2018:12:52:53 -0300] "GET /cormun/static/Shared/jqueryui/images/ui-icons_8d78a5_256x240.png HTTP/1.1" 404 1089
200.112.1.133 - - [08/Mar/2018:12:52:53 -0300] "POST /cormun/servlet/trautorizarsolicitud?19be897b8ebbd19906d9c745b6c04f7d,gx-no-cache=1520524290450,gx-no-cache=1520524324728 HTTP/1.1" 200 4379
200.112.1.133 - - [08/Mar/2018:12:52:55 -0300] "GET /cormun/static/menuarrow.gif HTTP/1.1" 404 1015
200.86.95.220 - - [08/Mar/2018:12:52:57 -0300] "POST /cormun/servlet/trautorizarsolicitud?450f923148004e443e258adce1270091,,gx-no-cache=1520524328566 HTTP/1.1" 200 5877
200.86.95.220 - - [08/Mar/2018:12:52:57 -0300] "GET /cormun/static/Shared/jqueryui/images/ui-bg_highlight-soft_100_c6c2c8_1x100.png HTTP/1.1" 404 1117
200.86.95.220 - - [08/Mar/2018:12:52:57 -0300] "GET /cormun/static/Shared/jqueryui/images/ui-icons_82798d_256x240.png HTTP/1.1" 404 1089
200.86.95.220 - - [08/Mar/2018:12:52:57 -0300] "GET /cormun/static/Shared/jqueryui/images/ui-bg_flat_55_fafafa_40x100.png HTTP/1.1" 404 1097
200.86.95.220 - - [08/Mar/2018:12:52:57 -0300] "GET /cormun/static/Shared/jqueryui/images/ui-icons_8d78a5_256x240.png HTTP/1.1" 404 1089
200.86.95.220 - - [08/Mar/2018:12:52:57 -0300] "POST /cormun/servlet/trautorizarsolicitud?450f923148004e443e258adce1270091,,gx-no-cache=1520524328978 HTTP/1.1" 200 5824
200.86.95.220 - - [08/Mar/2018:12:52:58 -0300] "POST /cormun/servlet/trautorizarsolicitud?450f923148004e443e258adce1270091,,gx-no-cache=1520524329948 HTTP/1.1" 200 4643
200.86.95.220 - - [08/Mar/2018:12:52:59 -0300] "POST /cormun/servlet/trautorizarsolicitud?450f923148004e443e258adce1270091,,gx-no-cache=1520524330221 HTTP/1.1" 200 4374
200.112.1.133 - - [08/Mar/2018:12:53:00 -0300] "POST /cormun/servlet/trautorizarsolicitud?19be897b8ebbd19906d9c745b6c04f7d,gx-no-cache=1520524290450,gx-no-cache=1520524331602 HTTP/1.1" 200 5770
186.103.159.46 - - [08/Mar/2018:12:53:00 -0300] "POST /cormun/servlet/solicitudot?gx-no-cache=1520524331612 HTTP/1.1" 200 30
200.86.99.60 - - [08/Mar/2018:12:53:04 -0300] "GET /cormun/static/menuarrow.gif HTTP/1.1" 404 1015
200.112.1.133 - - [08/Mar/2018:12:53:08 -0300] "GET /cormun/servlet/veautorizarsolicitud?2018,8516,, HTTP/1.1" 200 8601
200.112.1.133 - - [08/Mar/2018:12:53:08 -0300] "GET /cormun/pexe_scrolldiv.js HTTP/1.1" 404 1009
200.112.1.133 - - [08/Mar/2018:12:53:08 -0300] "GET /cormun/servlet/veautorizarsolicitud?2018,8516,, HTTP/1.1" 200 8578
200.112.1.133 - - [08/Mar/2018:12:53:11 -0300] "POST /cormun/servlet/veautorizarsolicitud?19be897b8ebbd19906d9c745b6c04f7d,2018,8516,,,gx-no-cache=1520524343145 HTTP/1.1" 200 93
200.112.1.133 - - [08/Mar/2018:12:53:11 -0300] "GET /cormun/servlet/hpexe_return? HTTP/1.1" 200 1032
200.112.1.133 - - [08/Mar/2018:12:53:12 -0300] "GET /cormun/servlet/trautorizarsolicitud?gx-no-cache=1520524290450 HTTP/1.1" 200 8681
200.112.1.133 - - [08/Mar/2018:12:53:12 -0300] "GET /cormun/servlet/trautorizarsolicitud?gx-no-cache=1520524290450 HTTP/1.1" 200 8699
200.112.1.133 - - [08/Mar/2018:12:53:15 -0300] "POST /cormun/servlet/trautorizarsolicitud?19be897b8ebbd19906d9c745b6c04f7d,gx-no-cache=1520524290450,gx-no-cache=1520524346336 HTTP/1.1" 200 4605
200.112.1.133 - - [08/Mar/2018:12:53:15 -0300] "GET /cormun/static/Shared/jqueryui/images/ui-bg_highlight-soft_100_c6c2c8_1x100.png HTTP/1.1" 404 1117
200.112.1.133 - - [08/Mar/2018:12:53:15 -0300] "GET /cormun/static/Shared/jqueryui/images/ui-bg_flat_55_fafafa_40x100.png HTTP/1.1" 404 1097
200.112.1.133 - - [08/Mar/2018:12:53:15 -0300] "GET /cormun/static/Shared/jqueryui/images/ui-icons_8d78a5_256x240.png HTTP/1.1" 404 1089
200.112.1.133 - - [08/Mar/2018:12:53:15 -0300] "GET /cormun/static/Shared/jqueryui/images/ui-icons_82798d_256x240.png HTTP/1.1" 404 1089
200.112.1.133 - - [08/Mar/2018:12:53:15 -0300] "POST /cormun/servlet/trautorizarsolicitud?19be897b8ebbd19906d9c745b6c04f7d,gx-no-cache=1520524290450,gx-no-cache=1520524346890 HTTP/1.1" 200 4378
200.112.1.133 - - [08/Mar/2018:12:53:23 -0300] "POST /cormun/servlet/trautorizarsolicitud?19be897b8ebbd19906d9c745b6c04f7d,gx-no-cache=1520524290450,gx-no-cache=1520524355356 HTTP/1.1" 200 4397
200.112.1.133 - - [08/Mar/2018:12:53:31 -0300] "POST /cormun/servlet/trautorizarsolicitud?19be897b8ebbd19906d9c745b6c04f7d,gx-no-cache=1520524290450,gx-no-cache=1520524361301 HTTP/1.1" 200 8049
200.112.1.133 - - [08/Mar/2018:12:53:47 -0300] "POST /cormun/servlet/trautorizarsolicitud?19be897b8ebbd19906d9c745b6c04f7d,gx-no-cache=1520524290450,gx-no-cache=1520524378821 HTTP/1.1" 200 4397
200.112.1.133 - - [08/Mar/2018:12:53:49 -0300] "GET /cormun/servlet/trsolicitudot? HTTP/1.1" 200 7432
200.112.1.133 - - [08/Mar/2018:12:53:50 -0300] "GET /cormun/servlet/trsolicitudot? HTTP/1.1" 200 7410
200.112.1.133 - - [08/Mar/2018:12:53:55 -0300] "GET /cormun/static/menuarrow.gif HTTP/1.1" 404 1015
200.112.1.133 - - [08/Mar/2018:12:53:59 -0300] "POST /cormun/servlet/trsolicitudot?19be897b8ebbd19906d9c745b6c04f7d,,gx-no-cache=1520524390489 HTTP/1.1" 200 4479
200.112.1.133 - - [08/Mar/2018:12:54:02 -0300] "GET /cormun/servlet/solicitudot?INS,0,0, HTTP/1.1" 200 13653
200.112.1.133 - - [08/Mar/2018:12:54:03 -0300] "GET /cormun/servlet/solicitudot?INS,0,0, HTTP/1.1" 200 13658
200.86.99.60 - - [08/Mar/2018:12:54:31 -0300] "GET /cormun/servlet/licenciaspermisos?bc136afc752fa79479b877a56dc50cc08668ea1132a4550afccb3807e1cb667fc0aaa0f3c78cfe0d257751298028b58fb504c4476b57b33b961c897cf17a0ac25e73c3fbeae66a36bd5410b1cddb6ee70ae690daf3315fc0f0a43f6c40daed1ed491bbcaea74e772b39cddb1d7756ea9ace8a51a7c8c66f75f0ed1db2fa0e047d5d64f679a0494c9d7c3d36313dc09a8accc9514a39d39fe711dd2a40c09044dbec30c1991d6e9db343667c1f58dc3d3,gx-no-cache=1520524422516 HTTP/1.1" 200 30
200.86.99.60 - - [08/Mar/2018:12:54:32 -0300] "GET /cormun/servlet/licenciaspermisos?bc136afc752fa79479b877a56dc50cc098a3ab110d9d14e9ba56055a631c807cd96772a511f8ee8243d7a5ed4ff835e5158993a0336abe2bb09a3a14fd73365d58828abb83a26682ccf494a86d0c5c59b1d44253fe1e0749516180b0adc26e09602e4020cf3bd487d3ae6e449b6630ecf643c4166e7ba5637809ff92c4f905ce38e3f705dee1abdd5c24ef8df3c1b916f307d5abb4f644dec25ebc3cd8f7352c2ec509e5e0b7bcfaf35c703ec926e62f,gx-no-cache=1520524422951 HTTP/1.1" 200 29
200.86.99.60 - - [08/Mar/2018:12:54:32 -0300] "POST /cormun/servlet/licenciaspermisos?dda1761d76e919a6ca82501308ca535f,INS,0,,,,gx-no-cache=1520524423106 HTTP/1.1" 200 93
200.86.99.60 - - [08/Mar/2018:12:54:32 -0300] "GET /cormun/servlet/hpexe_return? HTTP/1.1" 200 1012
200.86.99.60 - - [08/Mar/2018:12:54:32 -0300] "GET /cormun/static/hpexe_return.js?2016101716175153 HTTP/1.1" 200 1633
200.86.99.60 - - [08/Mar/2018:12:54:32 -0300] "GET /cormun/static/gxcfg.js?2016101716175148 HTTP/1.1" 200 953
200.86.99.60 - - [08/Mar/2018:12:54:32 -0300] "GET /cormun/static/Resources/Spanish/PXTools.css?167811 HTTP/1.1" 200 89042
200.86.99.60 - - [08/Mar/2018:12:54:33 -0300] "GET /cormun/servlet/trlicencias HTTP/1.1" 200 8744
200.86.99.60 - - [08/Mar/2018:12:54:34 -0300] "GET /cormun/servlet/trlicencias HTTP/1.1" 200 8740
186.103.159.46 - - [08/Mar/2018:12:54:36 -0300] "POST /cormun/servlet/solicitudot?f6cd38cbbce6e9d151f0630207f8cb1a,INS,0,0,,gx-no-cache=1520524426511 HTTP/1.1" 200 93
186.103.159.46 - - [08/Mar/2018:12:54:37 -0300] "GET /cormun/servlet/hpexe_return? HTTP/1.1" 200 1003
186.103.159.46 - - [08/Mar/2018:12:54:37 -0300] "GET /cormun/static/gxcfg.js?2016101716175148 HTTP/1.1" 200 953
186.103.159.46 - - [08/Mar/2018:12:54:37 -0300] "GET /cormun/static/Resources/Spanish/PXTools.css?167811 HTTP/1.1" 200 89042
186.103.159.46 - - [08/Mar/2018:12:54:37 -0300] "GET /cormun/servlet/trsolicitudot HTTP/1.1" 200 8512
186.103.159.46 - - [08/Mar/2018:12:54:39 -0300] "GET /cormun/servlet/trsolicitudot HTTP/1.1" 200 8508
200.112.1.133 - - [08/Mar/2018:12:54:39 -0300] "POST /cormun/servlet/solicitudot?19be897b8ebbd19906d9c745b6c04f7d,INS,0,0,,gx-no-cache=1520524430501 HTTP/1.1" 200 11836
200.112.1.133 - - [08/Mar/2018:12:54:39 -0300] "GET /cormun/static/Shared/jqueryui/images/ui-bg_highlight-soft_100_c6c2c8_1x100.png HTTP/1.1" 404 1117
200.112.1.133 - - [08/Mar/2018:12:54:39 -0300] "GET /cormun/static/Shared/jqueryui/images/ui-bg_flat_55_994d53_40x100.png HTTP/1.1" 404 1097
200.112.1.133 - - [08/Mar/2018:12:54:39 -0300] "GET /cormun/static/Shared/jqueryui/images/ui-icons_ebccce_256x240.png HTTP/1.1" 404 1089
200.112.1.133 - - [08/Mar/2018:12:54:39 -0300] "GET /cormun/static/Shared/jqueryui/images/ui-icons_82798d_256x240.png HTTP/1.1" 404 1089
200.86.99.60 - - [08/Mar/2018:12:54:43 -0300] "GET /cormun/servlet/trlicenciaspermisosadjuntos?8741933,20180308000000,L, HTTP/1.1" 200 6487
200.86.99.60 - - [08/Mar/2018:12:54:43 -0300] "GET /cormun/static/gxcfg.js?20177612163414 HTTP/1.1" 200 953
200.86.99.60 - - [08/Mar/2018:12:54:43 -0300] "GET /cormun/static/trlicenciaspermisosadjuntos.js?20177612163719 HTTP/1.1" 200 21036
200.86.99.60 - - [08/Mar/2018:12:54:44 -0300] "GET /cormun/servlet/trlicenciaspermisosadjuntos?8741933,20180308000000,L, HTTP/1.1" 200 6488
200.112.1.133 - - [08/Mar/2018:12:54:48 -0300] "POST /cormun/servlet/solicitudot?19be897b8ebbd19906d9c745b6c04f7d,INS,0,0,,gx-no-cache=1520524437229 HTTP/1.1" 200 93
200.112.1.133 - - [08/Mar/2018:12:54:48 -0300] "GET /cormun/servlet/hpexe_return? HTTP/1.1" 200 1001
200.112.1.133 - - [08/Mar/2018:12:54:48 -0300] "GET /cormun/servlet/trsolicitudot? HTTP/1.1" 200 7414
200.112.1.133 - - [08/Mar/2018:12:54:49 -0300] "GET /cormun/servlet/trsolicitudot? HTTP/1.1" 200 7410
200.86.99.60 - - [08/Mar/2018:12:54:56 -0300] "GET /cormun/servlet/licenciaspermisosadjuntos?INS,8741933,L,20180308000000,, HTTP/1.1" 200 5791
200.86.99.60 - - [08/Mar/2018:12:54:56 -0300] "GET /cormun/static/gxcfg.js?2017761263592 HTTP/1.1" 200 953
200.86.99.60 - - [08/Mar/2018:12:54:56 -0300] "GET /cormun/static/licenciaspermisosadjuntos.js?201776126362 HTTP/1.1" 200 8760
200.86.99.60 - - [08/Mar/2018:12:54:56 -0300] "GET /cormun/static/about:blank HTTP/1.1" 404 1011
200.86.99.60 - - [08/Mar/2018:12:54:57 -0300] "GET /cormun/servlet/licenciaspermisosadjuntos?INS,8741933,L,20180308000000,, HTTP/1.1" 200 5779
186.103.159.46 - - [08/Mar/2018:12:54:58 -0300] "GET /cormun/servlet/solicitudot?INS,0,0, HTTP/1.1" 200 13397
186.103.159.46 - - [08/Mar/2018:12:54:59 -0300] "GET /cormun/servlet/solicitudot?INS,0,0, HTTP/1.1" 200 13402
200.54.247.70 - - [08/Mar/2018:12:55:07 -0300] "GET /cormun/servlet/hlogin HTTP/1.1" 200 1718
200.54.247.70 - - [08/Mar/2018:12:55:08 -0300] "GET /cormun/static/gxtimezone.js?85251 HTTP/1.1" 304 -
200.54.247.70 - - [08/Mar/2018:12:55:08 -0300] "GET /cormun/static/gxgral.js?85251 HTTP/1.1" 304 -
200.54.247.70 - - [08/Mar/2018:12:55:08 -0300] "GET /cormun/static/gxcfg.js?20175251213516 HTTP/1.1" 304 -
200.54.247.70 - - [08/Mar/2018:12:55:08 -0300] "GET /cormun/static/Resources/Spanish/PXTools.css?11423723 HTTP/1.1" 304 -
200.54.247.70 - - [08/Mar/2018:12:55:08 -0300] "GET /cormun/static/Resources/ComunLogin.png HTTP/1.1" 304 -
200.54.247.70 - - [08/Mar/2018:12:55:08 -0300] "GET /cormun/static/messages.spa.js?85251 HTTP/1.1" 304 -
200.54.247.70 - - [08/Mar/2018:12:55:08 -0300] "GET /cormun/static/hlogin.js?20175251213537 HTTP/1.1" 304 -
200.54.247.70 - - [08/Mar/2018:12:55:08 -0300] "GET /cormun/static/Resources/PXToolsLoginBackground.png HTTP/1.1" 304 -
200.54.247.70 - - [08/Mar/2018:12:55:08 -0300] "GET /cormun/static/Resources/PXToolsLoginBottom.png HTTP/1.1" 304 -
200.54.247.70 - - [08/Mar/2018:12:55:08 -0300] "GET /cormun/static/Resources/PXToolsLoginTop.png HTTP/1.1" 304 -
200.54.247.70 - - [08/Mar/2018:12:55:08 -0300] "GET /cormun/static/Resources/PXToolsButtonRight21.png HTTP/1.1" 304 -
200.54.247.70 - - [08/Mar/2018:12:55:08 -0300] "GET /cormun/static/Resources/PXToolsButtonLeft21.png HTTP/1.1" 304 -
200.54.247.70 - - [08/Mar/2018:12:55:08 -0300] "GET /cormun/static/Resources/PXToolsButtonBackground2.png HTTP/1.1" 304 -
200.54.247.70 - - [08/Mar/2018:12:55:08 -0300] "GET /cormun/static/Resources/indicator.gif HTTP/1.1" 304 -
200.112.1.133 - - [08/Mar/2018:12:55:10 -0300] "POST /cormun/servlet/trsolicitudot?19be897b8ebbd19906d9c745b6c04f7d,,gx-no-cache=1520524461359 HTTP/1.1" 200 6184
200.112.1.133 - - [08/Mar/2018:12:55:20 -0300] "GET /cormun/servlet/vesolicitudot?2018,9677,, HTTP/1.1" 200 8554
200.112.1.133 - - [08/Mar/2018:12:55:20 -0300] "GET /cormun/pexe_scrolldiv.js HTTP/1.1" 404 1009
200.112.1.133 - - [08/Mar/2018:12:55:21 -0300] "GET /cormun/servlet/vesolicitudot?2018,9677,, HTTP/1.1" 200 8554
200.86.99.60 - - [08/Mar/2018:12:55:25 -0300] "POST /cormun/servlet/licenciaspermisosadjuntos?dda1761d76e919a6ca82501308ca535f,INS,8741933,L,20180308000000,, HTTP/1.1" 200 116
200.86.99.60 - - [08/Mar/2018:12:55:25 -0300] "GET /cormun/servlet/hpexe_return? HTTP/1.1" 200 1042
200.86.99.60 - - [08/Mar/2018:12:55:25 -0300] "GET /cormun/servlet/trlicenciaspermisosadjuntos?8741933,20180308000000,L, HTTP/1.1" 200 7007
200.86.99.60 - - [08/Mar/2018:12:55:26 -0300] "GET /cormun/servlet/trlicenciaspermisosadjuntos?8741933,20180308000000,L, HTTP/1.1" 200 7003
200.112.1.133 - - [08/Mar/2018:12:55:28 -0300] "GET /cormun/servlet/vesolicitudot?2018,9677,,SolicitudOTAdjuntos HTTP/1.1" 200 11104
200.112.1.133 - - [08/Mar/2018:12:55:29 -0300] "GET /cormun/pexe_scrolldiv.js HTTP/1.1" 404 1009
200.112.1.133 - - [08/Mar/2018:12:55:29 -0300] "GET /cormun/static/tbsolicitudot02.js?201711142258496 HTTP/1.1" 200 15626
200.112.1.133 - - [08/Mar/2018:12:55:29 -0300] "GET /cormun/static/gxui/gxui-all.css HTTP/1.1" 200 2179
200.112.1.133 - - [08/Mar/2018:12:55:29 -0300] "GET /cormun/static/Resources/PXToolsTabUnselectedSelected.png HTTP/1.1" 200 1444
200.112.1.133 - - [08/Mar/2018:12:55:29 -0300] "GET /cormun/static/Resources/PXToolsTabFirstUnselected.png HTTP/1.1" 200 1264
200.112.1.133 - - [08/Mar/2018:12:55:29 -0300] "GET /cormun/servlet/vesolicitudot?2018,9677,,SolicitudOTAdjuntos HTTP/1.1" 200 11106
200.112.1.133 - - [08/Mar/2018:12:55:30 -0300] "GET /cormun/static/Shared/ext/resources/css/ext-all.css HTTP/1.1" 200 416045
200.112.1.133 - - [08/Mar/2018:12:55:30 -0300] "POST /cormun/servlet/acontrolpreferencessavestate?None,CKARLABS,true HTTP/1.1" 200 35
200.54.247.70 - - [08/Mar/2018:12:55:30 -0300] "POST /cormun/servlet/hlogin?c3dd8a84dfc325bae4bfdc2eda17434a,gx-no-cache=1520524479675 HTTP/1.1" 200 90
200.54.247.70 - - [08/Mar/2018:12:55:30 -0300] "GET /cormun/servlet/hpexe_link HTTP/1.1" 200 962
200.54.247.70 - - [08/Mar/2018:12:55:31 -0300] "GET /cormun/servlet/trautorizarsolicitud? HTTP/1.1" 200 7353
200.54.247.70 - - [08/Mar/2018:12:55:35 -0300] "GET /cormun/servlet/trsolicitudot? HTTP/1.1" 200 7447
200.112.1.133 - - [08/Mar/2018:12:55:36 -0300] "GET /cormun/servlet/vesolicitudot?2018,9677,,General HTTP/1.1" 200 8560
200.112.1.133 - - [08/Mar/2018:12:55:36 -0300] "GET /cormun/pexe_scrolldiv.js HTTP/1.1" 404 1009
