186.103.159.46 - - [08/Mar/2018:09:53:05 -0300] "GET /cormun/servlet/licenciaspermisos?75e0f26cf777cf127b2af0abf86be232d434ef4e01bf88e661d445ede5eed9ef7b86ae716eba8c2294f1b44567adb151,gx-no-cache=1520513536137 HTTP/1.1" 200 102
186.103.159.46 - - [08/Mar/2018:09:53:05 -0300] "POST /cormun/servlet/licenciaspermisos?2e292b774e4bfb5981227aae1bad5d36,INS,0,,,,gx-no-cache=1520513536218 HTTP/1.1" 200 4697
186.103.159.204 - - [08/Mar/2018:09:53:28 -0300] "GET /cormun/servlet/trautorizarsolicitud? HTTP/1.1" 200 14190
186.103.159.204 - - [08/Mar/2018:09:53:29 -0300] "GET /cormun/servlet/trautorizarsolicitud? HTTP/1.1" 200 14189
186.67.164.142 - - [08/Mar/2018:09:53:57 -0300] "GET /cormun/servlet/hlogin HTTP/1.1" 200 1713
186.67.164.142 - - [08/Mar/2018:09:53:57 -0300] "GET /cormun/static/gxtimezone.js?85251 HTTP/1.1" 304 -
186.67.164.142 - - [08/Mar/2018:09:53:57 -0300] "GET /cormun/static/messages.spa.js?85251 HTTP/1.1" 304 -
186.67.164.142 - - [08/Mar/2018:09:54:03 -0300] "POST /cormun/servlet/hlogin?06a31ff66c753d511822de99874656c6,gx-no-cache=1520513594010 HTTP/1.1" 200 90
186.67.164.142 - - [08/Mar/2018:09:54:03 -0300] "GET /cormun/servlet/hpexe_link HTTP/1.1" 200 942
186.67.164.142 - - [08/Mar/2018:09:54:03 -0300] "GET /cormun/servlet/hhome HTTP/1.1" 200 3965
186.67.164.142 - - [08/Mar/2018:09:54:04 -0300] "GET /cormun/servlet/hhome HTTP/1.1" 200 3962
186.103.159.46 - - [08/Mar/2018:09:54:06 -0300] "GET /cormun/servlet/trlicencias? HTTP/1.1" 200 9639
186.67.164.142 - - [08/Mar/2018:09:54:06 -0300] "GET /cormun/servlet/trlicencias? HTTP/1.1" 200 9563
186.67.164.142 - - [08/Mar/2018:09:54:06 -0300] "GET /cormun/static/calendar.js?85251 HTTP/1.1" 304 -
186.67.164.142 - - [08/Mar/2018:09:54:06 -0300] "GET /cormun/static/calendar-es.js?85251 HTTP/1.1" 304 -
186.67.164.142 - - [08/Mar/2018:09:54:06 -0300] "GET /cormun/static/gxdec.js?85251 HTTP/1.1" 304 -
186.67.164.142 - - [08/Mar/2018:09:54:07 -0300] "GET /cormun/static/calendar-setup.js?85251 HTTP/1.1" 304 -
186.67.164.142 - - [08/Mar/2018:09:54:07 -0300] "GET /cormun/servlet/trlicencias? HTTP/1.1" 200 9561
186.103.159.46 - - [08/Mar/2018:09:54:08 -0300] "GET /cormun/servlet/trlicencias? HTTP/1.1" 200 9633
186.103.159.204 - - [08/Mar/2018:09:54:27 -0300] "POST /cormun/servlet/trautorizarsolicitud?a5f6c6a75309cc246293c97ef522fa3a,,gx-no-cache=1520513618389 HTTP/1.1" 200 4409
186.103.159.204 - - [08/Mar/2018:09:54:28 -0300] "POST /cormun/servlet/trautorizarsolicitud?a5f6c6a75309cc246293c97ef522fa3a,,gx-no-cache=1520513620024 HTTP/1.1" 200 4409
186.103.159.204 - - [08/Mar/2018:09:54:41 -0300] "POST /cormun/servlet/trautorizarsolicitud?a5f6c6a75309cc246293c97ef522fa3a,,gx-no-cache=1520513631152 HTTP/1.1" 200 21850
186.103.159.46 - - [08/Mar/2018:09:54:44 -0300] "GET /cormun/servlet/licenciaspermisos?INS,0,,, HTTP/1.1" 200 7478
186.103.159.46 - - [08/Mar/2018:09:54:46 -0300] "GET /cormun/servlet/licenciaspermisos?INS,0,,, HTTP/1.1" 200 7478
200.120.230.197 - - [08/Mar/2018:09:54:56 -0300] "POST /cormun/servlet/vesolicitudot?f16b5d66c283ab06b74f41ed0035523c,2018,10138,,,gx-no-cache=1520513648830 HTTP/1.1" 200 93
200.120.230.197 - - [08/Mar/2018:09:54:56 -0300] "GET /cormun/servlet/hpexe_return? HTTP/1.1" 200 1015
200.120.230.197 - - [08/Mar/2018:09:54:57 -0300] "GET /cormun/servlet/hhome HTTP/1.1" 200 4239
200.120.230.197 - - [08/Mar/2018:09:54:58 -0300] "GET /cormun/servlet/hhome HTTP/1.1" 200 4233
186.103.159.46 - - [08/Mar/2018:09:54:59 -0300] "GET /cormun/servlet/prfichaempleado?,MD,,gxPopupLevel%3D0%3B HTTP/1.1" 200 9305
200.120.230.197 - - [08/Mar/2018:09:55:04 -0300] "GET /cormun/servlet/hlogin HTTP/1.1" 200 1737
186.103.159.46 - - [08/Mar/2018:09:55:25 -0300] "POST /cormun/servlet/prfichaempleado?2e292b774e4bfb5981227aae1bad5d36,,MD,,gxPopupLevel%3D0%3B,gx-no-cache=1520513675654 HTTP/1.1" 200 3485
186.103.159.46 - - [08/Mar/2018:09:55:36 -0300] "GET /cormun/servlet/licenciaspermisos?75e0f26cf777cf127b2af0abf86be232d434ef4e01bf88e661d445ede5eed9ef7b86ae716eba8c2294f1b44567adb151,gx-no-cache=1520513687408 HTTP/1.1" 200 102
186.103.159.46 - - [08/Mar/2018:09:55:37 -0300] "POST /cormun/servlet/licenciaspermisos?2e292b774e4bfb5981227aae1bad5d36,INS,0,,,,gx-no-cache=1520513687530 HTTP/1.1" 200 4697
186.103.159.46 - - [08/Mar/2018:09:55:50 -0300] "GET /cormun/static/menuarrow.gif HTTP/1.1" 404 1015
192.168.10.96 - - [08/Mar/2018:09:56:50 -0300] "GET /cormun/servlet/trsolicitudgral? HTTP/1.1" 200 26920
192.168.10.96 - - [08/Mar/2018:09:56:51 -0300] "GET /cormun/servlet/trsolicitudgral? HTTP/1.1" 200 26920
192.168.10.96 - - [08/Mar/2018:09:56:59 -0300] "POST /cormun/servlet/trsolicitudgral?b1508ed847cc439bc1c40ff863d51b67,,gx-no-cache=1520513657320 HTTP/1.1" 200 25169
192.168.10.96 - - [08/Mar/2018:09:57:17 -0300] "POST /cormun/servlet/trsolicitudgral?b1508ed847cc439bc1c40ff863d51b67,,gx-no-cache=1520513675263 HTTP/1.1" 200 25169
186.103.159.46 - - [08/Mar/2018:09:57:29 -0300] "GET /cormun/servlet/licenciaspermisos?75e0f26cf777cf127b2af0abf86be23286436839cd8278194a649c75b778cdf442b705530370dc37bddd001d398f62ffec8c547b7b6693274f7cc6daeced686b0e0c58ffeda6f69ffc577e5c37529d5f417a8303e8b26d9f870fd3072dd6eee0826fde71092b0c8dfa5950aa6ffbab2dd177455c11a17a2429b6153f8f5bf6f25ed49b59c00ec1e655e3f3928e7a697014d3e3eb10542f71ce3d02ce3a4932a268366e37c3fd574a87f0644c206965376987f1d9ed9d2b3e92e8fbf989e960092be59821aed8bc62f7088ba5acb66adaadf55b575e84933c23fe492bde93193e,gx-no-cache=1520513799491 HTTP/1.1" 200 30
186.103.159.46 - - [08/Mar/2018:09:57:29 -0300] "POST /cormun/servlet/licenciaspermisos?2e292b774e4bfb5981227aae1bad5d36,INS,0,,,,gx-no-cache=1520513799715 HTTP/1.1" 200 4736
186.103.159.46 - - [08/Mar/2018:09:57:51 -0300] "GET /cormun/servlet/licenciaspermisos?75e0f26cf777cf127b2af0abf86be2320b7bc23073dd28ee648720a8fa29588a110ffe2a6166489013b008bfdd3615616f6d44a1ae037ac53a284fbdea78c525afcfbc025093bfe49a5db5b672d0c324174d2ebcc1a681133a25aa564762189f10fb125125bc1c08eac8807178c5e55f845ace7406c8cd04d2941c94734e68acc7b0a2d2b71c272470e016bafe52e5622908937bba8e2c6c179021664bca7f067d57953daec63d9c5a46b0026a8a4c12bd7975f6a9b58e920ae26d593e0c391b4a9fbc346e7aa932448a4d8fe98efab02b42343e5d34287bf974747b690f8859,gx-no-cache=1520513822355 HTTP/1.1" 200 108
186.103.159.46 - - [08/Mar/2018:09:57:51 -0300] "GET /cormun/static/Shared/jqueryui/images/ui-bg_highlight-soft_100_c6c2c8_1x100.png HTTP/1.1" 404 1117
186.103.159.46 - - [08/Mar/2018:09:57:51 -0300] "GET /cormun/static/Shared/jqueryui/images/ui-icons_82798d_256x240.png HTTP/1.1" 404 1089
186.103.159.46 - - [08/Mar/2018:09:57:51 -0300] "GET /cormun/static/Shared/jqueryui/images/ui-bg_flat_55_994d53_40x100.png HTTP/1.1" 404 1097
186.103.159.46 - - [08/Mar/2018:09:57:51 -0300] "GET /cormun/static/Shared/jqueryui/images/ui-icons_ebccce_256x240.png HTTP/1.1" 404 1089
186.103.159.46 - - [08/Mar/2018:09:57:52 -0300] "POST /cormun/servlet/licenciaspermisos?2e292b774e4bfb5981227aae1bad5d36,INS,0,,,,gx-no-cache=1520513822534 HTTP/1.1" 200 4871
186.103.159.46 - - [08/Mar/2018:09:58:21 -0300] "GET /cormun/servlet/trlicencias? HTTP/1.1" 200 9642
186.103.159.46 - - [08/Mar/2018:09:58:23 -0300] "GET /cormun/servlet/trlicencias? HTTP/1.1" 200 9630
186.103.159.46 - - [08/Mar/2018:09:58:37 -0300] "GET /cormun/servlet/trlicenciaspermisosadjuntos?11142601,20180207000000,L, HTTP/1.1" 200 6276
186.103.159.46 - - [08/Mar/2018:09:58:37 -0300] "GET /cormun/static/gxcfg.js?20177612163414 HTTP/1.1" 200 953
186.103.159.46 - - [08/Mar/2018:09:58:38 -0300] "GET /cormun/static/trlicenciaspermisosadjuntos.js?20177612163719 HTTP/1.1" 200 21036
186.103.159.46 - - [08/Mar/2018:09:58:39 -0300] "GET /cormun/servlet/trlicenciaspermisosadjuntos?11142601,20180207000000,L, HTTP/1.1" 200 6277
186.103.159.46 - - [08/Mar/2018:09:58:59 -0300] "GET /cormun/servlet/trlicencias? HTTP/1.1" 200 9632
186.103.159.46 - - [08/Mar/2018:09:59:00 -0300] "GET /cormun/servlet/trlicencias? HTTP/1.1" 200 9633
186.103.159.46 - - [08/Mar/2018:09:59:10 -0300] "GET /cormun/servlet/trlicenciaspermisosadjuntos?11142601,20180207000000,L, HTTP/1.1" 200 6276
186.103.159.46 - - [08/Mar/2018:09:59:11 -0300] "GET /cormun/servlet/trlicenciaspermisosadjuntos?11142601,20180207000000,L, HTTP/1.1" 200 6277
186.103.159.46 - - [08/Mar/2018:09:59:26 -0300] "POST /cormun/servlet/trlicenciaspermisosadjuntos?2e292b774e4bfb5981227aae1bad5d36,11142601,20180207000000,L,,gx-no-cache=1520513916978 HTTP/1.1" 200 4004
186.103.159.46 - - [08/Mar/2018:10:00:04 -0300] "GET /cormun/servlet/trlicencias? HTTP/1.1" 200 9635
186.103.159.46 - - [08/Mar/2018:10:00:06 -0300] "GET /cormun/servlet/trlicencias? HTTP/1.1" 200 9630
186.103.159.46 - - [08/Mar/2018:10:00:19 -0300] "GET /cormun/servlet/licenciaspermisos?DSP,11142601,L,20180207000000, HTTP/1.1" 200 7027
186.103.159.46 - - [08/Mar/2018:10:00:21 -0300] "GET /cormun/servlet/licenciaspermisos?DSP,11142601,L,20180207000000, HTTP/1.1" 200 7029
186.103.159.46 - - [08/Mar/2018:10:00:36 -0300] "POST /cormun/servlet/licenciaspermisos?2e292b774e4bfb5981227aae1bad5d36,DSP,11142601,L,20180207000000,,gx-no-cache=1520513987091 HTTP/1.1" 200 93
186.103.159.46 - - [08/Mar/2018:10:00:36 -0300] "GET /cormun/servlet/hpexe_return? HTTP/1.1" 200 1031
186.103.159.46 - - [08/Mar/2018:10:00:37 -0300] "GET /cormun/servlet/trlicencias HTTP/1.1" 200 9636
186.103.159.46 - - [08/Mar/2018:10:00:39 -0300] "GET /cormun/servlet/trlicencias HTTP/1.1" 200 9633
192.168.10.96 - - [08/Mar/2018:10:00:46 -0300] "POST /cormun/servlet/trsolicitudgral?b1508ed847cc439bc1c40ff863d51b67,,gx-no-cache=1520513884467 HTTP/1.1" 200 115
192.168.10.96 - - [08/Mar/2018:10:00:46 -0300] "GET /cormun/servlet/solicitudotlog?INS,2018,8752,0,REC, HTTP/1.1" 200 6501
192.168.10.96 - - [08/Mar/2018:10:00:46 -0300] "GET /cormun/static/gxcfg.js?2017761245646 HTTP/1.1" 304 -
192.168.10.96 - - [08/Mar/2018:10:00:46 -0300] "GET /cormun/servlet/solicitudotlog?INS,2018,8752,0,REC, HTTP/1.1" 200 6501
186.103.159.204 - - [08/Mar/2018:10:00:46 -0300] "POST /cormun/servlet/trautorizarsolicitud?a5f6c6a75309cc246293c97ef522fa3a,,gx-no-cache=1520513997622 HTTP/1.1" 200 5787
186.103.159.46 - - [08/Mar/2018:10:00:46 -0300] "GET /cormun/servlet/licenciaspermisos?INS,0,,, HTTP/1.1" 200 7478
192.168.10.96 - - [08/Mar/2018:10:00:47 -0300] "GET /cormun/servlet/solicitudotlog?e6fd03a2b4a269cf20c8ae6318a6dd30b6efb662c54e7a3aa36bf30e5ce35de4d6b7b35451f382870122a818ab5903819e8999e27f60a21901564d6894b988f27dadda1633f36473a79c4a78d685d3a831fe3d464ec290a3fa931fce1630cc296685a3af0545c7843102f182c88ed574b794eee30a586a9d25e8ce0b14df420964b465c210d075172be944e88a63dc7fb24fb102b834c46783b15b271d2a290a,gx-no-cache=1520513885508 HTTP/1.1" 200 94
186.103.159.46 - - [08/Mar/2018:10:00:48 -0300] "GET /cormun/servlet/licenciaspermisos?INS,0,,, HTTP/1.1" 200 7478
186.103.159.46 - - [08/Mar/2018:10:00:52 -0300] "POST /cormun/servlet/licenciaspermisos?2e292b774e4bfb5981227aae1bad5d36,INS,0,,,,gx-no-cache=1520514002794 HTTP/1.1" 200 93
186.103.159.46 - - [08/Mar/2018:10:00:52 -0300] "GET /cormun/servlet/hpexe_return? HTTP/1.1" 200 1015
186.103.159.46 - - [08/Mar/2018:10:00:52 -0300] "GET /cormun/servlet/trlicencias HTTP/1.1" 200 9639
186.103.159.46 - - [08/Mar/2018:10:00:54 -0300] "GET /cormun/servlet/trlicencias HTTP/1.1" 200 9633
192.168.10.96 - - [08/Mar/2018:10:00:56 -0300] "POST /cormun/servlet/solicitudotlog?b1508ed847cc439bc1c40ff863d51b67,INS,2018,8752,0,REC,,gx-no-cache=1520513894854 HTTP/1.1" 200 93
192.168.10.96 - - [08/Mar/2018:10:00:56 -0300] "GET /cormun/servlet/hpexe_return? HTTP/1.1" 200 1020
192.168.10.96 - - [08/Mar/2018:10:00:56 -0300] "GET /cormun/static/gxcfg.js?2016101716175148 HTTP/1.1" 304 -
192.168.10.96 - - [08/Mar/2018:10:00:57 -0300] "GET /cormun/servlet/trsolicitudgral? HTTP/1.1" 200 27902
192.168.10.96 - - [08/Mar/2018:10:00:57 -0300] "GET /cormun/servlet/trsolicitudgral? HTTP/1.1" 200 27896
186.103.159.46 - - [08/Mar/2018:10:00:59 -0300] "POST /cormun/servlet/trlicencias?2e292b774e4bfb5981227aae1bad5d36,gx-no-cache=1520514008987 HTTP/1.1" 200 101
186.103.159.46 - - [08/Mar/2018:10:00:59 -0300] "GET /cormun/Licencias-6554.xls HTTP/1.1" 200 6656
186.103.159.204 - - [08/Mar/2018:10:01:12 -0300] "GET /cormun/servlet/veautorizarsolicitud?2018,10190,, HTTP/1.1" 200 8469
186.103.159.204 - - [08/Mar/2018:10:01:12 -0300] "GET /cormun/static/gxcfg.js?2017111423404691 HTTP/1.1" 200 953
186.103.159.204 - - [08/Mar/2018:10:01:12 -0300] "GET /cormun/pexe_scrolldiv.js HTTP/1.1" 404 1009
186.103.159.204 - - [08/Mar/2018:10:01:12 -0300] "GET /cormun/static/veautorizarsolicitud.js?2017111423404756 HTTP/1.1" 200 6140
186.103.159.204 - - [08/Mar/2018:10:01:12 -0300] "GET /cormun/static/tbautorizarsolicitud01.js?2017111423392092 HTTP/1.1" 200 30580
186.103.159.204 - - [08/Mar/2018:10:01:13 -0300] "GET /cormun/servlet/veautorizarsolicitud?2018,10190,, HTTP/1.1" 200 8468
186.103.159.46 - - [08/Mar/2018:10:01:42 -0300] "GET /cormun/servlet/licenciaspermisos?DSP,9517647,L,20180301000000, HTTP/1.1" 200 6990
186.103.159.46 - - [08/Mar/2018:10:01:44 -0300] "GET /cormun/servlet/licenciaspermisos?DSP,9517647,L,20180301000000, HTTP/1.1" 200 6990
186.103.159.46 - - [08/Mar/2018:10:01:49 -0300] "GET /cormun/servlet/trlicencias? HTTP/1.1" 200 9633
186.103.159.46 - - [08/Mar/2018:10:01:51 -0300] "GET /cormun/servlet/trlicencias? HTTP/1.1" 200 9633
186.103.159.46 - - [08/Mar/2018:10:02:00 -0300] "GET /cormun/servlet/licenciaspermisos?DSP,11142601,L,20180207000000, HTTP/1.1" 200 7027
186.103.159.46 - - [08/Mar/2018:10:02:02 -0300] "GET /cormun/servlet/licenciaspermisos?DSP,11142601,L,20180207000000, HTTP/1.1" 200 7029
186.103.159.46 - - [08/Mar/2018:10:02:21 -0300] "GET /cormun/servlet/trlicencias? HTTP/1.1" 200 9636
186.103.159.46 - - [08/Mar/2018:10:02:23 -0300] "GET /cormun/servlet/trlicencias? HTTP/1.1" 200 9633
186.103.159.46 - - [08/Mar/2018:10:02:35 -0300] "POST /cormun/servlet/trlicencias?2e292b774e4bfb5981227aae1bad5d36,,gx-no-cache=1520514105098 HTTP/1.1" 200 4109
186.103.159.46 - - [08/Mar/2018:10:02:47 -0300] "POST /cormun/servlet/trlicencias?2e292b774e4bfb5981227aae1bad5d36,,gx-no-cache=1520514117469 HTTP/1.1" 200 4111
186.103.159.46 - - [08/Mar/2018:10:02:54 -0300] "GET /cormun/servlet/trlicencias? HTTP/1.1" 200 6880
186.103.159.46 - - [08/Mar/2018:10:02:56 -0300] "GET /cormun/servlet/trlicencias? HTTP/1.1" 200 6880
186.103.159.46 - - [08/Mar/2018:10:03:00 -0300] "GET /cormun/servlet/trlicencias? HTTP/1.1" 200 6880
186.103.159.46 - - [08/Mar/2018:10:03:02 -0300] "GET /cormun/servlet/trlicencias? HTTP/1.1" 200 6880
200.112.1.133 - - [08/Mar/2018:10:03:04 -0300] "GET /cormun/servlet/hlogin HTTP/1.1" 200 1722
200.112.1.133 - - [08/Mar/2018:10:03:06 -0300] "POST /cormun/servlet/hlogin?5df179d5bd9f0a815b40a1ad2bd04620,gx-no-cache=1520514137092 HTTP/1.1" 200 90
200.112.1.133 - - [08/Mar/2018:10:03:06 -0300] "GET /cormun/servlet/hpexe_link HTTP/1.1" 200 952
200.112.1.133 - - [08/Mar/2018:10:03:06 -0300] "GET /cormun/servlet/hhome HTTP/1.1" 200 3998
200.112.1.133 - - [08/Mar/2018:10:03:07 -0300] "GET /cormun/servlet/hhome HTTP/1.1" 200 3994
186.103.159.46 - - [08/Mar/2018:10:03:09 -0300] "POST /cormun/servlet/acontrolpreferencessavestate?None,CA-JAR,true HTTP/1.1" 200 35
186.103.159.46 - - [08/Mar/2018:10:03:11 -0300] "POST /cormun/servlet/acontrolpreferencessavestate?None,CA-JAR,true HTTP/1.1" 200 35
200.112.1.133 - - [08/Mar/2018:10:03:13 -0300] "GET /cormun/servlet/trsolicitudot? HTTP/1.1" 200 7211
200.112.1.133 - - [08/Mar/2018:10:03:14 -0300] "GET /cormun/servlet/trsolicitudot? HTTP/1.1" 200 7211
186.103.159.46 - - [08/Mar/2018:10:03:16 -0300] "GET /cormun/servlet/trlicencias? HTTP/1.1" 200 6880
186.103.159.46 - - [08/Mar/2018:10:03:18 -0300] "GET /cormun/servlet/trlicencias? HTTP/1.1" 200 6880
186.103.159.46 - - [08/Mar/2018:10:03:31 -0300] "POST /cormun/servlet/trlicencias?2e292b774e4bfb5981227aae1bad5d36,,gx-no-cache=1520514161309 HTTP/1.1" 200 7071
186.103.159.46 - - [08/Mar/2018:10:03:47 -0300] "GET /cormun/servlet/trlicenciaspermisosadjuntos?11142601,20180207000000,L, HTTP/1.1" 200 6276
186.103.159.46 - - [08/Mar/2018:10:03:50 -0300] "GET /cormun/servlet/trlicenciaspermisosadjuntos?11142601,20180207000000,L, HTTP/1.1" 200 6277
186.103.159.46 - - [08/Mar/2018:10:04:13 -0300] "GET /cormun/servlet/trlicencias? HTTP/1.1" 200 9632
186.103.159.46 - - [08/Mar/2018:10:04:15 -0300] "GET /cormun/servlet/trlicencias? HTTP/1.1" 200 9630
186.103.159.46 - - [08/Mar/2018:10:04:19 -0300] "GET /cormun/servlet/alicenciaprn?11142601,L,20180207000000,PU HTTP/1.1" 200 1561
186.103.159.204 - - [08/Mar/2018:10:04:24 -0300] "POST /cormun/servlet/veautorizarsolicitud?a5f6c6a75309cc246293c97ef522fa3a,2018,10190,,,gx-no-cache=1520514215834 HTTP/1.1" 200 93
186.103.159.204 - - [08/Mar/2018:10:04:24 -0300] "GET /cormun/servlet/hpexe_return? HTTP/1.1" 200 1022
186.103.159.204 - - [08/Mar/2018:10:04:24 -0300] "GET /cormun/servlet/trautorizarsolicitud? HTTP/1.1" 200 8563
186.103.159.204 - - [08/Mar/2018:10:04:25 -0300] "GET /cormun/servlet/trautorizarsolicitud? HTTP/1.1" 200 8559
186.103.159.46 - - [08/Mar/2018:10:05:48 -0300] "GET /cormun/servlet/licenciaspermisos?DSP,11142601,L,20180207000000, HTTP/1.1" 200 7027
186.103.159.46 - - [08/Mar/2018:10:05:50 -0300] "GET /cormun/servlet/licenciaspermisos?DSP,11142601,L,20180207000000, HTTP/1.1" 200 7029
186.103.159.46 - - [08/Mar/2018:10:06:21 -0300] "POST /cormun/servlet/licenciaspermisos?2e292b774e4bfb5981227aae1bad5d36,DSP,11142601,L,20180207000000,,gx-no-cache=1520514332130 HTTP/1.1" 200 93
186.103.159.46 - - [08/Mar/2018:10:06:21 -0300] "GET /cormun/servlet/hpexe_return? HTTP/1.1" 200 1031
186.103.159.46 - - [08/Mar/2018:10:06:22 -0300] "GET /cormun/servlet/trlicencias HTTP/1.1" 200 9636
186.103.159.46 - - [08/Mar/2018:10:06:24 -0300] "GET /cormun/servlet/trlicencias HTTP/1.1" 200 9633
186.103.159.46 - - [08/Mar/2018:10:06:30 -0300] "GET /cormun/servlet/trlicenciaspermisoslog?11142601,L,20180207000000, HTTP/1.1" 200 6172
186.103.159.46 - - [08/Mar/2018:10:06:31 -0300] "GET /cormun/static/gxcfg.js?20176271755511 HTTP/1.1" 200 953
186.103.159.46 - - [08/Mar/2018:10:06:31 -0300] "GET /cormun/static/trlicenciaspermisoslog.js?201762717555393 HTTP/1.1" 200 20074
186.103.159.46 - - [08/Mar/2018:10:06:32 -0300] "GET /cormun/servlet/trlicenciaspermisoslog?11142601,L,20180207000000, HTTP/1.1" 200 6172
186.103.159.46 - - [08/Mar/2018:10:06:41 -0300] "GET /cormun/servlet/trlicencias? HTTP/1.1" 200 9635
186.103.159.46 - - [08/Mar/2018:10:06:43 -0300] "GET /cormun/servlet/trlicencias? HTTP/1.1" 200 9630
186.103.159.46 - - [08/Mar/2018:10:07:27 -0300] "POST /cormun/servlet/trlicencias?2e292b774e4bfb5981227aae1bad5d36,,gx-no-cache=1520514397804 HTTP/1.1" 200 7076
186.103.159.46 - - [08/Mar/2018:10:07:40 -0300] "GET /cormun/servlet/licenciaspermisos?INS,0,,, HTTP/1.1" 200 7478
186.103.159.46 - - [08/Mar/2018:10:07:42 -0300] "GET /cormun/servlet/licenciaspermisos?INS,0,,, HTTP/1.1" 200 7478
186.103.159.46 - - [08/Mar/2018:10:07:55 -0300] "GET /cormun/servlet/prfichaempleado?,MD,,gxPopupLevel%3D0%3B HTTP/1.1" 200 9305
186.103.159.46 - - [08/Mar/2018:10:08:12 -0300] "POST /cormun/servlet/prfichaempleado?2e292b774e4bfb5981227aae1bad5d36,,MD,,gxPopupLevel%3D0%3B,gx-no-cache=1520514442492 HTTP/1.1" 200 3485
186.103.159.46 - - [08/Mar/2018:10:08:19 -0300] "GET /cormun/servlet/licenciaspermisos?75e0f26cf777cf127b2af0abf86be232d434ef4e01bf88e661d445ede5eed9ef7b86ae716eba8c2294f1b44567adb151,gx-no-cache=1520514449618 HTTP/1.1" 200 102
186.103.159.46 - - [08/Mar/2018:10:08:19 -0300] "POST /cormun/servlet/licenciaspermisos?2e292b774e4bfb5981227aae1bad5d36,INS,0,,,,gx-no-cache=1520514449744 HTTP/1.1" 200 4697
192.168.10.96 - - [08/Mar/2018:10:08:35 -0300] "POST /cormun/servlet/trsolicitudgral?b1508ed847cc439bc1c40ff863d51b67,,gx-no-cache=1520514353963 HTTP/1.1" 200 7302
200.120.230.197 - - [08/Mar/2018:10:08:36 -0300] "POST /cormun/servlet/hlogin?f16b5d66c283ab06b74f41ed0035523c,gx-no-cache=1520514468800 HTTP/1.1" 200 90
200.120.230.197 - - [08/Mar/2018:10:08:36 -0300] "GET /cormun/servlet/hpexe_link HTTP/1.1" 200 955
200.120.230.197 - - [08/Mar/2018:10:08:36 -0300] "GET /cormun/servlet/hhome HTTP/1.1" 200 4237
200.120.230.197 - - [08/Mar/2018:10:08:38 -0300] "GET /cormun/servlet/hhome HTTP/1.1" 200 4233
200.120.230.197 - - [08/Mar/2018:10:08:42 -0300] "GET /cormun/servlet/trsolicitudot? HTTP/1.1" 200 9734
192.168.10.96 - - [08/Mar/2018:10:08:43 -0300] "POST /cormun/servlet/trsolicitudgral?b1508ed847cc439bc1c40ff863d51b67,,gx-no-cache=1520514361427 HTTP/1.1" 200 7307
200.120.230.197 - - [08/Mar/2018:10:08:44 -0300] "GET /cormun/servlet/trsolicitudot? HTTP/1.1" 200 9731
186.103.159.46 - - [08/Mar/2018:10:08:44 -0300] "GET /cormun/static/menuarrow.gif HTTP/1.1" 404 1015
186.79.103.20 - - [08/Mar/2018:10:08:46 -0300] "GET /cormun/servlet/vesolicitudot?2018,10243,, HTTP/1.1" 200 8621
186.79.103.20 - - [08/Mar/2018:10:08:46 -0300] "GET /cormun/pexe_scrolldiv.js HTTP/1.1" 404 1009
186.79.103.20 - - [08/Mar/2018:10:08:47 -0300] "GET /cormun/servlet/vesolicitudot?2018,10243,, HTTP/1.1" 200 8620
192.168.10.96 - - [08/Mar/2018:10:08:48 -0300] "POST /cormun/servlet/trsolicitudgral?b1508ed847cc439bc1c40ff863d51b67,,gx-no-cache=1520514366707 HTTP/1.1" 200 7288
186.79.100.142 - - [08/Mar/2018:10:08:57 -0300] "GET /cormun/servlet/hlogin HTTP/1.1" 200 1721
186.79.100.142 - - [08/Mar/2018:10:08:57 -0300] "GET /cormun/static/gxtimezone.js?85251 HTTP/1.1" 304 -
186.79.100.142 - - [08/Mar/2018:10:08:57 -0300] "GET /cormun/static/messages.spa.js?85251 HTTP/1.1" 304 -
186.79.100.142 - - [08/Mar/2018:10:08:58 -0300] "GET /cormun/servlet/hlogin HTTP/1.1" 200 1732
192.168.10.96 - - [08/Mar/2018:10:09:17 -0300] "POST /cormun/servlet/trsolicitudgral?b1508ed847cc439bc1c40ff863d51b67,,gx-no-cache=1520514396340 HTTP/1.1" 200 7307
192.168.10.96 - - [08/Mar/2018:10:09:24 -0300] "POST /cormun/servlet/trsolicitudgral?b1508ed847cc439bc1c40ff863d51b67,,gx-no-cache=1520514402419 HTTP/1.1" 200 7302
200.120.230.197 - - [08/Mar/2018:10:09:38 -0300] "POST /cormun/servlet/vesolicitudot?f16b5d66c283ab06b74f41ed0035523c,2018,10243,,,gx-no-cache=1520514531205 HTTP/1.1" 200 90
200.120.230.197 - - [08/Mar/2018:10:09:39 -0300] "GET /cormun/servlet/hpexe_link HTTP/1.1" 200 970
200.120.230.197 - - [08/Mar/2018:10:09:39 -0300] "GET /cormun/servlet/trsolicitudot HTTP/1.1" 200 9732
200.120.230.197 - - [08/Mar/2018:10:09:41 -0300] "GET /cormun/servlet/trsolicitudot HTTP/1.1" 200 9731
200.120.230.197 - - [08/Mar/2018:10:09:53 -0300] "GET /cormun/servlet/vesolicitudot?2018,10139,, HTTP/1.1" 200 8646
200.120.230.197 - - [08/Mar/2018:10:09:53 -0300] "GET /cormun/pexe_scrolldiv.js HTTP/1.1" 404 1009
200.120.230.197 - - [08/Mar/2018:10:09:53 -0300] "GET /cormun/pexe_scrolldiv.js HTTP/1.1" 404 1009
200.120.230.197 - - [08/Mar/2018:10:09:54 -0300] "GET /cormun/servlet/vesolicitudot?2018,10139,, HTTP/1.1" 200 8646
186.103.159.46 - - [08/Mar/2018:10:10:04 -0300] "GET /cormun/servlet/licenciaspermisos?75e0f26cf777cf127b2af0abf86be23286436839cd8278194a649c75b778cdf442b705530370dc37bddd001d398f62ffec8c547b7b6693274f7cc6daeced686b0e0c58ffeda6f69ffc577e5c37529d5f417a8303e8b26d9f870fd3072dd6eee0826fde71092b0c8dfa5950aa6ffbab2dd177455c11a17a2429b6153f8f5bf6f25ed49b59c00ec1e655e3f3928e7a697014d3e3eb10542f71ce3d02ce3a4932a268366e37c3fd574a87f0644c206965376987f1d9ed9d2b3e92e8fbf989e960092be59821aed8bc62f7088ba5acb66adaadf55b575e84933c23fe492bde93193e,gx-no-cache=1520514555065 HTTP/1.1" 200 30
186.103.159.46 - - [08/Mar/2018:10:10:04 -0300] "POST /cormun/servlet/licenciaspermisos?2e292b774e4bfb5981227aae1bad5d36,INS,0,,,,gx-no-cache=1520514555167 HTTP/1.1" 200 4752
186.103.159.46 - - [08/Mar/2018:10:10:17 -0300] "GET /cormun/servlet/licenciaspermisos?75e0f26cf777cf127b2af0abf86be23286436839cd8278194a649c75b778cdf4e70c9d285f6f1d189a3256c1dab48831ec8c547b7b6693274f7cc6daeced686b0e0c58ffeda6f69ffc577e5c37529d5f417a8303e8b26d9f870fd3072dd6eee0826fde71092b0c8dfa5950aa6ffbab2dd177455c11a17a2429b6153f8f5bf6f25ed49b59c00ec1e655e3f3928e7a697014d3e3eb10542f71ce3d02ce3a4932a268366e37c3fd574a87f0644c206965376987f1d9ed9d2b3e92e8fbf989e960092be59821aed8bc62f7088ba5acb66adaadf55b575e84933c23fe492bde93193e,gx-no-cache=1520514568142 HTTP/1.1" 200 30
186.103.159.46 - - [08/Mar/2018:10:10:17 -0300] "POST /cormun/servlet/licenciaspermisos?2e292b774e4bfb5981227aae1bad5d36,INS,0,,,,gx-no-cache=1520514568227 HTTP/1.1" 200 4749
192.168.10.56 - - [08/Mar/2018:10:10:17 -0300] "POST /cormun/servlet/hlogin?1edc0c2f41647112f1c97e714ddd0447,gx-no-cache=1520514456378 HTTP/1.1" 200 90
192.168.10.56 - - [08/Mar/2018:10:10:17 -0300] "GET /cormun/servlet/hpexe_link HTTP/1.1" 200 949
192.168.10.56 - - [08/Mar/2018:10:10:18 -0300] "GET /cormun/servlet/hhome HTTP/1.1" 200 4484
192.168.10.56 - - [08/Mar/2018:10:10:18 -0300] "GET /cormun/servlet/hhome HTTP/1.1" 200 4480
192.168.10.96 - - [08/Mar/2018:10:10:21 -0300] "POST /cormun/servlet/trsolicitudgral?b1508ed847cc439bc1c40ff863d51b67,,gx-no-cache=1520514459612 HTTP/1.1" 200 7307
192.168.10.56 - - [08/Mar/2018:10:10:23 -0300] "GET /cormun/servlet/trsolicitudgral? HTTP/1.1" 200 21233
192.168.10.56 - - [08/Mar/2018:10:10:23 -0300] "GET /cormun/servlet/trsolicitudgral? HTTP/1.1" 200 21231
192.168.10.56 - - [08/Mar/2018:10:10:32 -0300] "POST /cormun/servlet/trsolicitudgral?1edc0c2f41647112f1c97e714ddd0447,,gx-no-cache=1520514470759 HTTP/1.1" 200 5926
186.103.159.46 - - [08/Mar/2018:10:10:34 -0300] "GET /cormun/servlet/licenciaspermisos?75e0f26cf777cf127b2af0abf86be2320b7bc23073dd28ee648720a8fa29588a6a2c12d8a4a5ec245b20d98304f3f53d6f6d44a1ae037ac53a284fbdea78c525afcfbc025093bfe49a5db5b672d0c324174d2ebcc1a681133a25aa564762189f10fb125125bc1c08eac8807178c5e55f845ace7406c8cd04d2941c94734e68acc7b0a2d2b71c272470e016bafe52e5622908937bba8e2c6c179021664bca7f067d57953daec63d9c5a46b0026a8a4c12bd7975f6a9b58e920ae26d593e0c391b4a9fbc346e7aa932448a4d8fe98efab02b42343e5d34287bf974747b690f8859,gx-no-cache=1520514585269 HTTP/1.1" 200 29
186.103.159.46 - - [08/Mar/2018:10:10:34 -0300] "POST /cormun/servlet/licenciaspermisos?2e292b774e4bfb5981227aae1bad5d36,INS,0,,,,gx-no-cache=1520514585371 HTTP/1.1" 200 4860
186.103.159.46 - - [08/Mar/2018:10:10:35 -0300] "GET /cormun/static/Shared/jqueryui/images/ui-bg_highlight-soft_100_c6c2c8_1x100.png HTTP/1.1" 404 1117
186.103.159.46 - - [08/Mar/2018:10:10:35 -0300] "GET /cormun/static/Shared/jqueryui/images/ui-icons_ebccce_256x240.png HTTP/1.1" 404 1089
186.103.159.46 - - [08/Mar/2018:10:10:35 -0300] "GET /cormun/static/Shared/jqueryui/images/ui-icons_82798d_256x240.png HTTP/1.1" 404 1089
186.103.159.46 - - [08/Mar/2018:10:10:35 -0300] "GET /cormun/static/Shared/jqueryui/images/ui-bg_flat_55_994d53_40x100.png HTTP/1.1" 404 1097
200.120.230.197 - - [08/Mar/2018:10:10:37 -0300] "POST /cormun/servlet/vesolicitudot?f16b5d66c283ab06b74f41ed0035523c,2018,10139,,,gx-no-cache=1520514589843 HTTP/1.1" 200 90
200.120.230.197 - - [08/Mar/2018:10:10:37 -0300] "GET /cormun/servlet/hpexe_link HTTP/1.1" 200 970
200.120.230.197 - - [08/Mar/2018:10:10:38 -0300] "GET /cormun/servlet/trsolicitudot HTTP/1.1" 200 9732
200.120.230.197 - - [08/Mar/2018:10:10:39 -0300] "GET /cormun/servlet/trsolicitudot HTTP/1.1" 200 9731
192.168.10.56 - - [08/Mar/2018:10:10:43 -0300] "POST /cormun/servlet/trsolicitudgral?1edc0c2f41647112f1c97e714ddd0447,,gx-no-cache=1520514482244 HTTP/1.1" 200 5926
200.120.230.197 - - [08/Mar/2018:10:10:43 -0300] "GET /cormun/servlet/vesolicitudot?2018,10138,, HTTP/1.1" 200 8640
200.120.230.197 - - [08/Mar/2018:10:10:44 -0300] "GET /cormun/pexe_scrolldiv.js HTTP/1.1" 404 1009
200.120.230.197 - - [08/Mar/2018:10:10:44 -0300] "GET /cormun/pexe_scrolldiv.js HTTP/1.1" 404 1009
200.120.230.197 - - [08/Mar/2018:10:10:45 -0300] "GET /cormun/servlet/vesolicitudot?2018,10138,, HTTP/1.1" 200 8639
192.168.10.56 - - [08/Mar/2018:10:10:50 -0300] "GET /cormun/servlet/hlogin HTTP/1.1" 200 1738
192.168.10.96 - - [08/Mar/2018:10:10:57 -0300] "GET /cormun/servlet/vesolicitudgral?2018,9922,, HTTP/1.1" 200 9252
192.168.10.96 - - [08/Mar/2018:10:10:57 -0300] "GET /cormun/pexe_scrolldiv.js HTTP/1.1" 404 1009
192.168.10.96 - - [08/Mar/2018:10:10:57 -0300] "GET /cormun/pexe_scrolldiv.js HTTP/1.1" 404 1009
192.168.10.96 - - [08/Mar/2018:10:10:57 -0300] "GET /cormun/servlet/vesolicitudgral?2018,9922,, HTTP/1.1" 200 9251
192.168.10.96 - - [08/Mar/2018:10:10:59 -0300] "GET /cormun/servlet/vesolicitudgral?2018,9922,,SolicitudOTAdjuntos HTTP/1.1" 200 7958
192.168.10.96 - - [08/Mar/2018:10:10:59 -0300] "GET /cormun/pexe_scrolldiv.js HTTP/1.1" 404 1009
192.168.10.96 - - [08/Mar/2018:10:10:59 -0300] "GET /cormun/pexe_scrolldiv.js HTTP/1.1" 404 1009
192.168.10.96 - - [08/Mar/2018:10:10:59 -0300] "GET /cormun/servlet/vesolicitudgral?2018,9922,,SolicitudOTAdjuntos HTTP/1.1" 200 7959
192.168.10.96 - - [08/Mar/2018:10:11:00 -0300] "POST /cormun/servlet/acontrolpreferencessavestate?None,DZAMUDIO,true HTTP/1.1" 200 35
192.168.10.96 - - [08/Mar/2018:10:11:01 -0300] "POST /cormun/servlet/vesolicitudgral?b1508ed847cc439bc1c40ff863d51b67,2018,9922,,SolicitudOTAdjuntos,gx-no-cache=1520514499695 HTTP/1.1" 200 90
192.168.10.96 - - [08/Mar/2018:10:11:01 -0300] "GET /cormun/servlet/hpexe_link HTTP/1.1" 200 976
192.168.10.96 - - [08/Mar/2018:10:11:01 -0300] "GET /cormun/servlet/trsolicitudgral? HTTP/1.1" 200 10590
192.168.10.96 - - [08/Mar/2018:10:11:01 -0300] "GET /cormun/servlet/trsolicitudgral? HTTP/1.1" 200 10589
192.168.10.56 - - [08/Mar/2018:10:11:02 -0300] "POST /cormun/servlet/hlogin?1edc0c2f41647112f1c97e714ddd0447,gx-no-cache=1520514501361 HTTP/1.1" 200 90
192.168.10.56 - - [08/Mar/2018:10:11:02 -0300] "GET /cormun/servlet/hpexe_link HTTP/1.1" 200 958
192.168.10.56 - - [08/Mar/2018:10:11:03 -0300] "GET /cormun/servlet/trsolicitudgral? HTTP/1.1" 200 8998
192.168.10.56 - - [08/Mar/2018:10:11:03 -0300] "GET /cormun/servlet/trsolicitudgral? HTTP/1.1" 200 8997
192.168.10.96 - - [08/Mar/2018:10:11:09 -0300] "POST /cormun/servlet/trsolicitudgral?b1508ed847cc439bc1c40ff863d51b67,,gx-no-cache=1520514508132 HTTP/1.1" 200 7285
192.168.10.56 - - [08/Mar/2018:10:11:10 -0300] "POST /cormun/servlet/trsolicitudgral?1edc0c2f41647112f1c97e714ddd0447,,gx-no-cache=1520514508586 HTTP/1.1" 200 19964
192.168.10.96 - - [08/Mar/2018:10:11:11 -0300] "GET /cormun/servlet/vesolicitudgral?2018,9047,, HTTP/1.1" 200 9278
192.168.10.96 - - [08/Mar/2018:10:11:11 -0300] "GET /cormun/pexe_scrolldiv.js HTTP/1.1" 404 1009
192.168.10.96 - - [08/Mar/2018:10:11:11 -0300] "GET /cormun/pexe_scrolldiv.js HTTP/1.1" 404 1009
192.168.10.96 - - [08/Mar/2018:10:11:11 -0300] "GET /cormun/servlet/vesolicitudgral?2018,9047,, HTTP/1.1" 200 9278
186.103.159.46 - - [08/Mar/2018:10:11:15 -0300] "GET /cormun/servlet/licenciaspermisos?75e0f26cf777cf127b2af0abf86be23286436839cd8278194a649c75b778cdf4e70c9d285f6f1d189a3256c1dab48831ec8c547b7b6693274f7cc6daeced686b0e0c58ffeda6f69ffc577e5c37529d5f417a8303e8b26d9f870fd3072dd6eee0826fde71092b0c8dfa5950aa6ffbab2dd177455c11a17a2429b6153f8f5bf6f25ed49b59c00ec1e655e3f3928e7a697014d3e3eb10542f71ce3d02ce3a4932a268366e37c3fd574a87f0644c206965376987f1d9ed9d2b3e92e8fbf989e960092be59821aed8bc62f7088ba5acb66adaadf55b575e84933c23fe492bde93193e,gx-no-cache=1520514625748 HTTP/1.1" 200 30
186.103.159.46 - - [08/Mar/2018:10:11:15 -0300] "GET /cormun/servlet/licenciaspermisos?75e0f26cf777cf127b2af0abf86be2320b7bc23073dd28ee648720a8fa29588a6a2c12d8a4a5ec245b20d98304f3f53d6f6d44a1ae037ac53a284fbdea78c525afcfbc025093bfe49a5db5b672d0c324174d2ebcc1a681133a25aa564762189f10fb125125bc1c08eac8807178c5e55f845ace7406c8cd04d2941c94734e68acc7b0a2d2b71c272470e016bafe52e5622908937bba8e2c6c179021664bca7f067d57953daec63d9c5a46b0026a8a4c12bd7975f6a9b58e920ae26d593e0c391b4a9fbc346e7aa932448a4d8fe98efab02b42343e5d34287bf974747b690f8859,gx-no-cache=1520514625974 HTTP/1.1" 200 29
192.168.10.96 - - [08/Mar/2018:10:11:15 -0300] "GET /cormun/servlet/vesolicitudgral?2018,9047,,SolicitudOTAdjuntos HTTP/1.1" 200 11684
192.168.10.96 - - [08/Mar/2018:10:11:15 -0300] "GET /cormun/pexe_scrolldiv.js HTTP/1.1" 404 1009
192.168.10.96 - - [08/Mar/2018:10:11:15 -0300] "GET /cormun/pexe_scrolldiv.js HTTP/1.1" 404 1009
186.103.159.46 - - [08/Mar/2018:10:11:15 -0300] "POST /cormun/servlet/licenciaspermisos?2e292b774e4bfb5981227aae1bad5d36,INS,0,,,,gx-no-cache=1520514626085 HTTP/1.1" 200 93
186.103.159.46 - - [08/Mar/2018:10:11:15 -0300] "GET /cormun/servlet/hpexe_return? HTTP/1.1" 200 1016
186.103.159.46 - - [08/Mar/2018:10:11:16 -0300] "GET /cormun/servlet/trlicencias? HTTP/1.1" 200 10088
192.168.10.96 - - [08/Mar/2018:10:11:16 -0300] "GET /cormun/servlet/vesolicitudgral?2018,9047,,SolicitudOTAdjuntos HTTP/1.1" 200 11687
192.168.10.96 - - [08/Mar/2018:10:11:16 -0300] "POST /cormun/servlet/acontrolpreferencessavestate?None,DZAMUDIO,true HTTP/1.1" 200 35
186.103.159.46 - - [08/Mar/2018:10:11:18 -0300] "GET /cormun/servlet/trlicencias? HTTP/1.1" 200 10085
192.168.10.96 - - [08/Mar/2018:10:11:22 -0300] "GET /cormun/PublicTempStorage/certificado_de_titulo9300711.pdf HTTP/1.1" 200 334222
192.168.10.96 - - [08/Mar/2018:10:11:26 -0300] "GET /cormun/servlet/vesolicitudgral?2018,9047,,SolicitudOTAdjuntos HTTP/1.1" 200 11683
192.168.10.96 - - [08/Mar/2018:10:11:26 -0300] "GET /cormun/pexe_scrolldiv.js HTTP/1.1" 404 1009
192.168.10.96 - - [08/Mar/2018:10:11:27 -0300] "GET /cormun/servlet/vesolicitudgral?2018,9047,,SolicitudOTAdjuntos HTTP/1.1" 200 11684
192.168.10.96 - - [08/Mar/2018:10:11:27 -0300] "POST /cormun/servlet/acontrolpreferencessavestate?None,DZAMUDIO,true HTTP/1.1" 200 35
192.168.10.96 - - [08/Mar/2018:10:11:31 -0300] "GET /cormun/PublicTempStorage/certificados_de_experiencia6193484.pdf HTTP/1.1" 200 530236
186.103.159.46 - - [08/Mar/2018:10:11:41 -0300] "GET /cormun/servlet/alicenciaprn?11142601,L,20180308000000,PU HTTP/1.1" 200 1562
192.168.10.96 - - [08/Mar/2018:10:11:55 -0300] "GET /cormun/servlet/vesolicitudgral?2018,9047,,SolicitudOTAdjuntos HTTP/1.1" 200 11685
192.168.10.96 - - [08/Mar/2018:10:11:56 -0300] "GET /cormun/servlet/vesolicitudgral?2018,9047,,SolicitudOTAdjuntos HTTP/1.1" 200 11685
192.168.10.96 - - [08/Mar/2018:10:11:56 -0300] "POST /cormun/servlet/acontrolpreferencessavestate?None,DZAMUDIO,true HTTP/1.1" 200 35
192.168.10.96 - - [08/Mar/2018:10:11:57 -0300] "GET /cormun/PublicTempStorage/certificado_grado7440044.pdf HTTP/1.1" 200 331365
192.168.10.96 - - [08/Mar/2018:10:12:05 -0300] "GET /cormun/servlet/vesolicitudgral?2018,9047,,SolicitudOTAdjuntos HTTP/1.1" 200 11681
192.168.10.96 - - [08/Mar/2018:10:12:05 -0300] "GET /cormun/servlet/vesolicitudgral?2018,9047,,SolicitudOTAdjuntos HTTP/1.1" 200 11689
186.79.103.20 - - [08/Mar/2018:10:12:06 -0300] "POST /cormun/servlet/vesolicitudot?f16b5d66c283ab06b74f41ed0035523c,2018,10138,,,gx-no-cache=1520514678164 HTTP/1.1" 200 90
192.168.10.96 - - [08/Mar/2018:10:12:06 -0300] "POST /cormun/servlet/acontrolpreferencessavestate?None,DZAMUDIO,true HTTP/1.1" 200 35
186.79.103.20 - - [08/Mar/2018:10:12:06 -0300] "GET /cormun/servlet/hpexe_link HTTP/1.1" 200 970
186.79.103.20 - - [08/Mar/2018:10:12:07 -0300] "GET /cormun/servlet/trsolicitudot HTTP/1.1" 200 9732
186.79.103.20 - - [08/Mar/2018:10:12:08 -0300] "GET /cormun/servlet/trsolicitudot HTTP/1.1" 200 9731
192.168.10.96 - - [08/Mar/2018:10:12:09 -0300] "GET /cormun/PublicTempStorage/certificado_de_titulo8085814.pdf HTTP/1.1" 200 334222
186.79.103.20 - - [08/Mar/2018:10:12:11 -0300] "GET /cormun/servlet/hlogin HTTP/1.1" 200 1742
192.168.10.96 - - [08/Mar/2018:10:12:16 -0300] "GET /cormun/servlet/vesolicitudgral?2018,9047,,SolicitudOTAdjuntos HTTP/1.1" 200 11685
192.168.10.96 - - [08/Mar/2018:10:12:17 -0300] "GET /cormun/servlet/vesolicitudgral?2018,9047,,SolicitudOTAdjuntos HTTP/1.1" 200 11684
192.168.10.96 - - [08/Mar/2018:10:12:18 -0300] "POST /cormun/servlet/acontrolpreferencessavestate?None,DZAMUDIO,true HTTP/1.1" 200 35
192.168.10.56 - - [08/Mar/2018:10:13:06 -0300] "POST /cormun/servlet/trsolicitudgral?1edc0c2f41647112f1c97e714ddd0447,,gx-no-cache=1520514624092 HTTP/1.1" 200 24129
192.168.10.56 - - [08/Mar/2018:10:13:32 -0300] "POST /cormun/servlet/trsolicitudgral?1edc0c2f41647112f1c97e714ddd0447,,gx-no-cache=1520514650883 HTTP/1.1" 200 24081
192.168.10.56 - - [08/Mar/2018:10:13:33 -0300] "GET /cormun/static/Shared/jqueryui/images/ui-bg_highlight-soft_100_c6c2c8_1x100.png HTTP/1.1" 404 1117
192.168.10.56 - - [08/Mar/2018:10:13:33 -0300] "GET /cormun/static/Shared/jqueryui/images/ui-icons_82798d_256x240.png HTTP/1.1" 404 1089
192.168.10.56 - - [08/Mar/2018:10:13:33 -0300] "GET /cormun/static/Shared/jqueryui/images/ui-bg_flat_55_fafafa_40x100.png HTTP/1.1" 404 1097
192.168.10.56 - - [08/Mar/2018:10:13:33 -0300] "GET /cormun/static/Shared/jqueryui/images/ui-icons_8d78a5_256x240.png HTTP/1.1" 404 1089
192.168.10.56 - - [08/Mar/2018:10:13:46 -0300] "POST /cormun/servlet/trsolicitudgral?1edc0c2f41647112f1c97e714ddd0447,,gx-no-cache=1520514664621 HTTP/1.1" 200 24023
186.103.159.204 - - [08/Mar/2018:10:14:35 -0300] "GET /cormun/servlet/hlogin HTTP/1.1" 200 1720
186.103.159.204 - - [08/Mar/2018:10:14:36 -0300] "GET /cormun/servlet/hlogin HTTP/1.1" 200 1731
192.168.10.56 - - [08/Mar/2018:10:14:40 -0300] "POST /cormun/servlet/trsolicitudgral?1edc0c2f41647112f1c97e714ddd0447,,gx-no-cache=1520514718094 HTTP/1.1" 200 23517
186.103.159.204 - - [08/Mar/2018:10:14:47 -0300] "POST /cormun/servlet/hlogin?25e0b3253e7b68f3c514af9879ac28ae,gx-no-cache=1520514832667 HTTP/1.1" 200 90
186.103.159.204 - - [08/Mar/2018:10:14:47 -0300] "GET /cormun/servlet/hpexe_link HTTP/1.1" 200 950
186.103.159.204 - - [08/Mar/2018:10:14:48 -0300] "GET /cormun/servlet/hhome HTTP/1.1" 200 3857
186.103.159.204 - - [08/Mar/2018:10:14:48 -0300] "GET /cormun/servlet/hhome HTTP/1.1" 200 3854
186.103.159.204 - - [08/Mar/2018:10:14:53 -0300] "GET /cormun/servlet/trsolicitudot? HTTP/1.1" 200 7063
186.103.159.204 - - [08/Mar/2018:10:14:54 -0300] "GET /cormun/servlet/trsolicitudot? HTTP/1.1" 200 7063
192.168.10.56 - - [08/Mar/2018:10:14:57 -0300] "POST /cormun/servlet/trsolicitudgral?1edc0c2f41647112f1c97e714ddd0447,,gx-no-cache=1520514735712 HTTP/1.1" 200 23025
192.168.10.56 - - [08/Mar/2018:10:15:08 -0300] "GET /cormun/servlet/hlogin HTTP/1.1" 200 1738
192.168.10.56 - - [08/Mar/2018:10:15:11 -0300] "POST /cormun/servlet/hlogin?1edc0c2f41647112f1c97e714ddd0447,gx-no-cache=1520514749935 HTTP/1.1" 200 90
192.168.10.56 - - [08/Mar/2018:10:15:11 -0300] "GET /cormun/servlet/hpexe_link HTTP/1.1" 200 949
192.168.10.56 - - [08/Mar/2018:10:15:11 -0300] "GET /cormun/servlet/hhome HTTP/1.1" 200 3827
192.168.10.56 - - [08/Mar/2018:10:15:11 -0300] "GET /cormun/servlet/hhome HTTP/1.1" 200 3827
192.168.10.56 - - [08/Mar/2018:10:15:15 -0300] "GET /cormun/servlet/trautorizarot? HTTP/1.1" 200 11073
192.168.10.56 - - [08/Mar/2018:10:15:15 -0300] "GET /cormun/servlet/trautorizarot? HTTP/1.1" 200 11071
192.168.10.56 - - [08/Mar/2018:10:15:19 -0300] "POST /cormun/servlet/trautorizarot?1edc0c2f41647112f1c97e714ddd0447,,gx-no-cache=1520514757968 HTTP/1.1" 200 5325
192.168.10.56 - - [08/Mar/2018:10:15:21 -0300] "GET /cormun/servlet/hlogin HTTP/1.1" 200 1737
186.103.159.204 - - [08/Mar/2018:10:15:36 -0300] "GET /cormun/static/menuarrow.gif HTTP/1.1" 404 1015
186.103.159.204 - - [08/Mar/2018:10:15:49 -0300] "POST /cormun/servlet/trsolicitudot?25e0b3253e7b68f3c514af9879ac28ae,,gx-no-cache=1520514894152 HTTP/1.1" 200 4276
186.103.159.204 - - [08/Mar/2018:10:15:53 -0300] "POST /cormun/servlet/trsolicitudot?25e0b3253e7b68f3c514af9879ac28ae,,gx-no-cache=1520514898458 HTTP/1.1" 200 4277
186.103.159.204 - - [08/Mar/2018:10:15:56 -0300] "GET /cormun/servlet/solicitudot?INS,0,0, HTTP/1.1" 200 13322
186.103.159.204 - - [08/Mar/2018:10:15:56 -0300] "GET /cormun/servlet/solicitudot?INS,0,0, HTTP/1.1" 200 13327
186.103.159.204 - - [08/Mar/2018:10:16:01 -0300] "GET /cormun/servlet/trsolicitudot? HTTP/1.1" 200 7062
186.103.159.204 - - [08/Mar/2018:10:16:01 -0300] "GET /cormun/servlet/trsolicitudot? HTTP/1.1" 200 7061
192.168.10.96 - - [08/Mar/2018:10:16:09 -0300] "GET /cormun/servlet/trsolicitudgral? HTTP/1.1" 200 10570
192.168.10.96 - - [08/Mar/2018:10:16:09 -0300] "GET /cormun/servlet/trsolicitudgral? HTTP/1.1" 200 10564
186.103.159.204 - - [08/Mar/2018:10:16:24 -0300] "GET /cormun/servlet/hlogin HTTP/1.1" 200 1728
186.103.159.204 - - [08/Mar/2018:10:16:25 -0300] "GET /cormun/servlet/hlogin HTTP/1.1" 200 1734
186.103.159.204 - - [08/Mar/2018:10:16:46 -0300] "POST /cormun/servlet/hlogin?afb623134c5ff1a57663dd93a503b009,gx-no-cache=1520514958029 HTTP/1.1" 200 90
186.103.159.204 - - [08/Mar/2018:10:16:46 -0300] "GET /cormun/servlet/hpexe_link HTTP/1.1" 200 952
186.103.159.204 - - [08/Mar/2018:10:16:46 -0300] "GET /cormun/servlet/hhome HTTP/1.1" 200 3860
186.103.159.204 - - [08/Mar/2018:10:16:47 -0300] "GET /cormun/servlet/hhome HTTP/1.1" 200 3857
186.103.159.204 - - [08/Mar/2018:10:16:53 -0300] "GET /cormun/servlet/trsolicitudot? HTTP/1.1" 200 7067
186.103.159.204 - - [08/Mar/2018:10:16:54 -0300] "GET /cormun/servlet/trsolicitudot? HTTP/1.1" 200 7066
186.103.159.204 - - [08/Mar/2018:10:18:20 -0300] "GET /cormun/servlet/hlogin HTTP/1.1" 200 1722
186.103.159.204 - - [08/Mar/2018:10:18:21 -0300] "GET /cormun/static/gxtimezone.js?85251 HTTP/1.1" 304 -
186.103.159.204 - - [08/Mar/2018:10:18:21 -0300] "GET /cormun/static/gxcfg.js?20175251213516 HTTP/1.1" 304 -
186.103.159.204 - - [08/Mar/2018:10:18:21 -0300] "GET /cormun/static/messages.spa.js?85251 HTTP/1.1" 304 -
186.103.159.204 - - [08/Mar/2018:10:19:00 -0300] "POST /cormun/servlet/hlogin?bd66453199f43f243816d47a13bc3ca3,gx-no-cache=1520515092581 HTTP/1.1" 200 90
186.103.159.204 - - [08/Mar/2018:10:19:00 -0300] "GET /cormun/servlet/hpexe_link HTTP/1.1" 200 953
186.103.159.204 - - [08/Mar/2018:10:19:00 -0300] "GET /cormun/static/gxcfg.js?20177612121792 HTTP/1.1" 304 -
186.103.159.204 - - [08/Mar/2018:10:19:00 -0300] "GET /cormun/servlet/hhome HTTP/1.1" 200 3860
186.103.159.204 - - [08/Mar/2018:10:19:01 -0300] "GET /cormun/static/gxcfg.js?20175251212442 HTTP/1.1" 304 -
186.103.159.204 - - [08/Mar/2018:10:19:02 -0300] "GET /cormun/servlet/hhome HTTP/1.1" 200 3856
139.162.111.98 - - [08/Mar/2018:10:19:02 -0300] "GET / HTTP/1.1" 200 11217
186.103.159.204 - - [08/Mar/2018:10:19:07 -0300] "GET /cormun/servlet/trsolicitudot? HTTP/1.1" 200 7067
186.103.159.204 - - [08/Mar/2018:10:19:07 -0300] "GET /cormun/static/gxcfg.js?2017111422585916 HTTP/1.1" 304 -
186.103.159.204 - - [08/Mar/2018:10:19:07 -0300] "GET /cormun/static/calendar.js?85251 HTTP/1.1" 304 -
186.103.159.204 - - [08/Mar/2018:10:19:07 -0300] "GET /cormun/static/calendar-setup.js?85251 HTTP/1.1" 304 -
186.103.159.204 - - [08/Mar/2018:10:19:07 -0300] "GET /cormun/static/calendar-es.js?85251 HTTP/1.1" 304 -
186.103.159.204 - - [08/Mar/2018:10:19:07 -0300] "GET /cormun/static/gxdec.js?85251 HTTP/1.1" 304 -
186.103.159.204 - - [08/Mar/2018:10:19:08 -0300] "GET /cormun/servlet/trsolicitudot? HTTP/1.1" 200 7066
186.103.159.204 - - [08/Mar/2018:10:19:32 -0300] "POST /cormun/servlet/trsolicitudot?bd66453199f43f243816d47a13bc3ca3,,gx-no-cache=1520515124200 HTTP/1.1" 200 4278
186.103.159.204 - - [08/Mar/2018:10:19:49 -0300] "POST /cormun/servlet/trautorizarsolicitud?a5f6c6a75309cc246293c97ef522fa3a,,gx-no-cache=1520515139722 HTTP/1.1" 200 5785
186.103.159.204 - - [08/Mar/2018:10:20:14 -0300] "GET /cormun/servlet/hlogin HTTP/1.1" 200 1748
186.103.159.46 - - [08/Mar/2018:10:20:16 -0300] "GET /cormun/servlet/trlicenciaspermisosadjuntos?11142601,20180308000000,L, HTTP/1.1" 200 6300
186.103.159.46 - - [08/Mar/2018:10:20:18 -0300] "GET /cormun/servlet/trlicenciaspermisosadjuntos?11142601,20180308000000,L, HTTP/1.1" 200 6300
186.103.159.46 - - [08/Mar/2018:10:20:20 -0300] "GET /cormun/servlet/licenciaspermisosadjuntos?INS,11142601,L,20180308000000,, HTTP/1.1" 200 5597
186.103.159.46 - - [08/Mar/2018:10:20:21 -0300] "GET /cormun/static/gxcfg.js?2017761263592 HTTP/1.1" 200 953
186.103.159.46 - - [08/Mar/2018:10:20:21 -0300] "GET /cormun/static/licenciaspermisosadjuntos.js?201776126362 HTTP/1.1" 200 8760
186.103.159.46 - - [08/Mar/2018:10:20:21 -0300] "GET /cormun/static/about:blank HTTP/1.1" 404 1011
186.103.159.46 - - [08/Mar/2018:10:20:22 -0300] "GET /cormun/servlet/licenciaspermisosadjuntos?INS,11142601,L,20180308000000,, HTTP/1.1" 200 5587
186.103.159.204 - - [08/Mar/2018:10:20:26 -0300] "POST /cormun/servlet/hlogin?a5f6c6a75309cc246293c97ef522fa3a,gx-no-cache=1520515177407 HTTP/1.1" 200 90
186.103.159.204 - - [08/Mar/2018:10:20:26 -0300] "GET /cormun/servlet/hpexe_link HTTP/1.1" 200 956
186.103.159.204 - - [08/Mar/2018:10:20:26 -0300] "GET /cormun/servlet/hhome HTTP/1.1" 200 4467
186.103.159.204 - - [08/Mar/2018:10:20:27 -0300] "GET /cormun/servlet/hhome HTTP/1.1" 200 4463
186.103.159.204 - - [08/Mar/2018:10:20:31 -0300] "GET /cormun/servlet/trsolicitudgral? HTTP/1.1" 200 27708
186.103.159.204 - - [08/Mar/2018:10:20:31 -0300] "GET /cormun/static/gxcfg.js?201813119461163 HTTP/1.1" 200 953
186.103.159.204 - - [08/Mar/2018:10:20:31 -0300] "GET /cormun/static/trsolicitudgral.js?201813119462015 HTTP/1.1" 200 55173
186.103.159.46 - - [08/Mar/2018:10:20:31 -0300] "POST /cormun/servlet/licenciaspermisosadjuntos?2e292b774e4bfb5981227aae1bad5d36,INS,11142601,L,20180308000000,, HTTP/1.1" 200 116
186.103.159.204 - - [08/Mar/2018:10:20:31 -0300] "GET /cormun/static/Resources/PXToolsAddAllStandardAction.png HTTP/1.1" 200 628
186.103.159.204 - - [08/Mar/2018:10:20:31 -0300] "GET /cormun/static/Resources/PXToolsRemoveAllStandardAction.png HTTP/1.1" 200 495
186.103.159.46 - - [08/Mar/2018:10:20:31 -0300] "GET /cormun/servlet/hpexe_return? HTTP/1.1" 200 1045
186.103.159.46 - - [08/Mar/2018:10:20:32 -0300] "GET /cormun/servlet/trlicenciaspermisosadjuntos?11142601,20180308000000,L, HTTP/1.1" 200 6778
186.103.159.204 - - [08/Mar/2018:10:20:33 -0300] "GET /cormun/servlet/trsolicitudgral? HTTP/1.1" 200 27706
186.103.159.46 - - [08/Mar/2018:10:20:33 -0300] "GET /cormun/servlet/trlicenciaspermisosadjuntos?11142601,20180308000000,L, HTTP/1.1" 200 6775
186.103.159.46 - - [08/Mar/2018:10:20:40 -0300] "GET /cormun/servlet/trlicencias? HTTP/1.1" 200 10087
186.103.159.46 - - [08/Mar/2018:10:20:42 -0300] "GET /cormun/servlet/trlicencias? HTTP/1.1" 200 10085
186.103.159.46 - - [08/Mar/2018:10:21:22 -0300] "POST /cormun/servlet/trlicencias?2e292b774e4bfb5981227aae1bad5d36,,gx-no-cache=1520515232210 HTTP/1.1" 200 7458
186.103.159.46 - - [08/Mar/2018:10:21:22 -0300] "GET /cormun/static/Shared/jqueryui/images/ui-bg_highlight-soft_100_c6c2c8_1x100.png HTTP/1.1" 404 1117
186.103.159.46 - - [08/Mar/2018:10:21:22 -0300] "GET /cormun/static/Shared/jqueryui/images/ui-icons_82798d_256x240.png HTTP/1.1" 404 1089
186.103.159.46 - - [08/Mar/2018:10:21:22 -0300] "GET /cormun/static/Shared/jqueryui/images/ui-bg_flat_55_fafafa_40x100.png HTTP/1.1" 404 1097
186.103.159.46 - - [08/Mar/2018:10:21:22 -0300] "GET /cormun/static/Shared/jqueryui/images/ui-icons_8d78a5_256x240.png HTTP/1.1" 404 1089
186.103.159.204 - - [08/Mar/2018:10:21:34 -0300] "POST /cormun/servlet/trsolicitudgral?a5f6c6a75309cc246293c97ef522fa3a,,gx-no-cache=1520515242128 HTTP/1.1" 200 7685
186.103.159.46 - - [08/Mar/2018:10:21:45 -0300] "GET /cormun/servlet/hlogin HTTP/1.1" 200 1739
186.103.159.204 - - [08/Mar/2018:10:22:08 -0300] "GET /cormun/servlet/solicitudgral?UPD,2018,10190, HTTP/1.1" 200 12904
186.103.159.204 - - [08/Mar/2018:10:22:09 -0300] "GET /cormun/static/gxcfg.js?20181911354237 HTTP/1.1" 200 953
186.103.159.204 - - [08/Mar/2018:10:22:09 -0300] "GET /cormun/static/solicitudgral.js?20181911354326 HTTP/1.1" 200 41515
186.103.159.204 - - [08/Mar/2018:10:22:09 -0300] "GET /cormun/servlet/solicitudgral?UPD,2018,10190, HTTP/1.1" 200 12913
186.103.159.204 - - [08/Mar/2018:10:22:10 -0300] "POST /cormun/servlet/solicitudgral?gx-no-cache=1520515281407 HTTP/1.1" 200 3907
186.103.159.204 - - [08/Mar/2018:10:22:10 -0300] "GET /cormun/servlet/solicitudgral?a00b307ccc86ee9b6d6670f676291ce3746491b78f1a52a77dc30d55ae8438c5baacea27f6ab453b1cbac4343a2ab5e3f6e0f30324d84637e85632db8e82275d27382df419990e6dc316612c712e99800a114ec72e75b8d1e1ccf5462da641ed26a31f92da37f6732a8f9efc1bfe105be5ffee00de23a7d90f874762993c75a3ccd873cd5b2dc61658cc713c5ffffbf3cf468c3ed515460d1a4cd291ab6ce4d2c6979c2856a2166a3a4cb366ba174fb631c324e70eb40fc163d2c0e1764b4ee1de5b8b094f554c2a2bf42caa31ceb09d49e48b5ee4657602b21be2a0eb42fcd1780ba2aa5f32dd0f382f98b0fb6eace657f641fc2a96189782ec501857f1b3c24c6db16688468247c2e620a9e7238d9b44cb2792968257d7700bcfe805f03d465dfc8733dd69da2d6d2520107d5d4bf1558d91cb39316b44efe13bf18d29c568657ee6004125e07541acbb01b9a56ede,gx-no-cache=1520515281704 HTTP/1.1" 200 240
186.103.159.204 - - [08/Mar/2018:10:22:30 -0300] "POST /cormun/servlet/solicitudgral?a5f6c6a75309cc246293c97ef522fa3a,UPD,2018,10190,,gx-no-cache=1520515302008 HTTP/1.1" 200 93
186.103.159.204 - - [08/Mar/2018:10:22:30 -0300] "GET /cormun/servlet/hpexe_return? HTTP/1.1" 200 1018
186.103.159.204 - - [08/Mar/2018:10:22:31 -0300] "GET /cormun/servlet/trsolicitudgral? HTTP/1.1" 200 10728
186.103.159.204 - - [08/Mar/2018:10:22:31 -0300] "GET /cormun/servlet/trsolicitudgral? HTTP/1.1" 200 10724
186.103.159.204 - - [08/Mar/2018:10:22:46 -0300] "GET /cormun/static/menuarrow.gif HTTP/1.1" 404 1015
186.103.159.204 - - [08/Mar/2018:10:22:52 -0300] "POST /cormun/servlet/trsolicitudgral?a5f6c6a75309cc246293c97ef522fa3a,,gx-no-cache=1520515323309 HTTP/1.1" 200 12837
186.103.159.204 - - [08/Mar/2018:10:23:02 -0300] "POST /cormun/servlet/trsolicitudgral?a5f6c6a75309cc246293c97ef522fa3a,,gx-no-cache=1520515332933 HTTP/1.1" 200 12146
186.103.159.204 - - [08/Mar/2018:10:23:25 -0300] "POST /cormun/servlet/trsolicitudgral?a5f6c6a75309cc246293c97ef522fa3a,,gx-no-cache=1520515355022 HTTP/1.1" 200 11719
186.103.159.204 - - [08/Mar/2018:10:23:25 -0300] "GET /cormun/static/Shared/jqueryui/images/ui-icons_82798d_256x240.png HTTP/1.1" 404 1089
186.103.159.204 - - [08/Mar/2018:10:23:25 -0300] "GET /cormun/static/Shared/jqueryui/images/ui-bg_highlight-soft_100_c6c2c8_1x100.png HTTP/1.1" 404 1117
186.103.159.204 - - [08/Mar/2018:10:23:25 -0300] "GET /cormun/static/Shared/jqueryui/images/ui-bg_flat_55_fafafa_40x100.png HTTP/1.1" 404 1097
186.103.159.204 - - [08/Mar/2018:10:23:25 -0300] "GET /cormun/static/Shared/jqueryui/images/ui-icons_8d78a5_256x240.png HTTP/1.1" 404 1089
