152.231.70.146 - - [08/Mar/2018:09:35:17 -0300] "GET /cormun/servlet/solicitudot?4305d0889ea9f9898665e8f355004f8e4092d9bfb9fac391517e1ecbed2c4c748bb2a93935b50428a735d8d56a58bca0f3697d2809b77e5fe1e8f0df3efdd806c00fd0d9b9784f51b02ed0ef678b1d1ec76e31e32b1ff375b7747100af5ce361ede4644e07ea089c294de21eaada57f759c97e24a6778f95b30962b3492b5299798a43603839a4a1fbdab08118973ecd429b935c53f1891c7c94eb8d25965984a6e369138e125b0744ec186310fd71d9847fdf805a564a33dcbf1d5ae976b7cd32b678309984e452a272b063bdf280de7d54a55d32201fbf56bf6a72ede062954c500064515237de713d6bad2042568fca0405c1c72143de9740f404a0642bc9d6598402f150eb6155386b3aeec64d85187abe9f910ac300ec6dc701a7a92bcae8c7f2b7e888e576103bb3627aee47a35119b9c8ba43189990c61cf3e9d22de3084afa6b3129cabc3ed64799350a87748775a5cf23c3c62b5a4e1663044daecd0bac8af151af34efb7d280860e43732be8ed042b9cf0dd120442756df85a6f26,gx-no-cache=1520512465062 HTTP/1.1" 200 30
152.231.70.146 - - [08/Mar/2018:09:35:20 -0300] "POST /cormun/servlet/solicitudot?gx-no-cache=1520512467742 HTTP/1.1" 200 30
152.231.70.146 - - [08/Mar/2018:09:35:23 -0300] "GET /cormun/servlet/prfichaempleado?,MD,,gxPopupLevel%3D0%3B HTTP/1.1" 200 9347
152.231.70.146 - - [08/Mar/2018:09:35:40 -0300] "POST /cormun/servlet/prfichaempleado?49b48b18d057fbef73f5aba188e0b8b7,,MD,,gxPopupLevel%3D0%3B,gx-no-cache=1520512487564 HTTP/1.1" 200 3419
152.231.70.146 - - [08/Mar/2018:09:35:43 -0300] "POST /cormun/servlet/solicitudot?gx-no-cache=1520512490755 HTTP/1.1" 200 1336
152.231.70.146 - - [08/Mar/2018:09:35:51 -0300] "GET /cormun/servlet/prlicenciaspermisos?11171677,P,,MD,,gxPopupLevel%3D0%3B HTTP/1.1" 200 5534
152.231.70.146 - - [08/Mar/2018:09:36:07 -0300] "GET /cormun/static/menuarrow.gif HTTP/1.1" 404 1015
152.231.70.146 - - [08/Mar/2018:09:36:15 -0300] "POST /cormun/servlet/solicitudot?gx-no-cache=1520512522490 HTTP/1.1" 200 118
152.231.70.146 - - [08/Mar/2018:09:36:15 -0300] "GET /cormun/static/Shared/jqueryui/images/ui-bg_highlight-soft_100_c6c2c8_1x100.png HTTP/1.1" 404 1117
152.231.70.146 - - [08/Mar/2018:09:36:15 -0300] "GET /cormun/static/Shared/jqueryui/images/ui-icons_82798d_256x240.png HTTP/1.1" 404 1089
200.54.18.125 - - [08/Mar/2018:09:36:15 -0300] "GET /cormun/static/Shared/jqueryui/images/ui-icons_ebccce_256x240.png HTTP/1.1" 404 1089
186.103.196.84 - - [08/Mar/2018:09:36:15 -0300] "GET /cormun/static/Shared/jqueryui/images/ui-bg_flat_55_994d53_40x100.png HTTP/1.1" 404 1097
186.103.196.84 - - [08/Mar/2018:09:36:20 -0300] "GET /cormun/servlet/solicitudot?4305d0889ea9f9898665e8f355004f8e97a85018dbda7112e81a6f0def8a560ac26e53ebb8c93bc5fd9237d17a883d59e5695536da31864c686319e06c57c4d677599084e52d5fdbfd1a4e369d9af1f706b9f41e1fd95248f276e235bccf24b9bbf4b50bce247b845109c3eee6eab0de,gx-no-cache=1520512527472 HTTP/1.1" 200 29
186.103.196.84 - - [08/Mar/2018:09:36:20 -0300] "POST /cormun/servlet/solicitudot?gx-no-cache=1520512527512 HTTP/1.1" 200 1318
186.103.196.84 - - [08/Mar/2018:09:36:20 -0300] "POST /cormun/servlet/solicitudot?gx-no-cache=1520512527591 HTTP/1.1" 200 1218
186.103.196.84 - - [08/Mar/2018:09:36:26 -0300] "POST /cormun/servlet/solicitudot?gx-no-cache=1520512534386 HTTP/1.1" 200 1318
186.103.196.84 - - [08/Mar/2018:09:36:27 -0300] "POST /cormun/servlet/solicitudot?gx-no-cache=1520512534457 HTTP/1.1" 200 1218
186.103.196.84 - - [08/Mar/2018:09:36:28 -0300] "GET /cormun/servlet/solicitudot?4305d0889ea9f9898665e8f355004f8ecdc1f760b3237722816838e7a8931cc2ea6c6a5686ec122280a8a822c87e1645,gx-no-cache=1520512536191 HTTP/1.1" 200 30
186.103.196.84 - - [08/Mar/2018:09:36:35 -0300] "POST /cormun/servlet/solicitudot?gx-no-cache=1520512543253 HTTP/1.1" 200 120
186.103.196.84 - - [08/Mar/2018:09:36:47 -0300] "POST /cormun/servlet/solicitudot?gx-no-cache=1520512555202 HTTP/1.1" 200 120
186.103.196.84 - - [08/Mar/2018:09:36:53 -0300] "POST /cormun/servlet/solicitudot?gx-no-cache=1520512561225 HTTP/1.1" 200 120
192.168.10.89 - - [08/Mar/2018:09:37:03 -0300] "GET /cormun/servlet/hlogin HTTP/1.1" 200 1737
186.103.196.84 - - [08/Mar/2018:09:37:05 -0300] "POST /cormun/servlet/solicitudot?gx-no-cache=1520512572776 HTTP/1.1" 200 120
207.46.13.136 - - [08/Mar/2018:09:37:22 -0300] "GET /cormun/servlet/trcontratounov2 HTTP/1.1" 200 6022
186.67.84.236 - - [08/Mar/2018:09:37:40 -0300] "POST /cormun/servlet/solicitudot?49b48b18d057fbef73f5aba188e0b8b7,INS,0,0,,gx-no-cache=1520512607372 HTTP/1.1" 200 11750
192.168.10.62 - - [08/Mar/2018:09:38:30 -0300] "GET /cormun/servlet/hlogin HTTP/1.1" 200 1719
192.168.10.62 - - [08/Mar/2018:09:38:30 -0300] "GET /cormun/static/gxtimezone.js?85251 HTTP/1.1" 304 -
192.168.10.62 - - [08/Mar/2018:09:38:30 -0300] "GET /cormun/static/messages.spa.js?85251 HTTP/1.1" 304 -
192.168.10.62 - - [08/Mar/2018:09:38:42 -0300] "POST /cormun/servlet/hlogin?d19e80de6f27e126b6a0ecdaef429f91,gx-no-cache=1520512561071 HTTP/1.1" 200 90
192.168.10.62 - - [08/Mar/2018:09:38:42 -0300] "GET /cormun/servlet/hpexe_link HTTP/1.1" 200 947
192.168.10.62 - - [08/Mar/2018:09:38:42 -0300] "GET /cormun/servlet/hhome HTTP/1.1" 200 4445
192.168.10.62 - - [08/Mar/2018:09:38:43 -0300] "GET /cormun/servlet/hhome HTTP/1.1" 200 4442
192.168.10.62 - - [08/Mar/2018:09:38:46 -0300] "GET /cormun/servlet/trsolicitudgral? HTTP/1.1" 200 27806
192.168.10.62 - - [08/Mar/2018:09:38:46 -0300] "GET /cormun/static/calendar.js?85251 HTTP/1.1" 304 -
192.168.10.62 - - [08/Mar/2018:09:38:46 -0300] "GET /cormun/static/calendar-es.js?85251 HTTP/1.1" 304 -
192.168.10.62 - - [08/Mar/2018:09:38:46 -0300] "GET /cormun/static/calendar-setup.js?85251 HTTP/1.1" 304 -
192.168.10.62 - - [08/Mar/2018:09:38:47 -0300] "GET /cormun/static/gxdec.js?85251 HTTP/1.1" 304 -
192.168.10.62 - - [08/Mar/2018:09:38:48 -0300] "GET /cormun/servlet/trsolicitudgral? HTTP/1.1" 200 27805
192.168.10.62 - - [08/Mar/2018:09:39:05 -0300] "POST /cormun/servlet/trsolicitudgral?d19e80de6f27e126b6a0ecdaef429f91,,gx-no-cache=1520512583643 HTTP/1.1" 200 23364
192.168.10.62 - - [08/Mar/2018:09:39:08 -0300] "POST /cormun/servlet/trsolicitudgral?d19e80de6f27e126b6a0ecdaef429f91,,gx-no-cache=1520512585939 HTTP/1.1" 200 103
192.168.10.62 - - [08/Mar/2018:09:39:08 -0300] "GET /cormun/SolicitudGral-48.xls HTTP/1.1" 200 37888
186.103.159.46 - - [08/Mar/2018:09:41:11 -0300] "POST /cormun/servlet/hlogin?44b1b66375a60331dd86f83cee70088c,gx-no-cache=1520512821477 HTTP/1.1" 440 972
186.103.159.46 - - [08/Mar/2018:09:41:14 -0300] "GET /cormun/servlet/hlogin HTTP/1.1" 200 1735
186.103.159.46 - - [08/Mar/2018:09:41:22 -0300] "POST /cormun/servlet/hlogin?2e292b774e4bfb5981227aae1bad5d36,gx-no-cache=1520512832769 HTTP/1.1" 200 90
186.103.159.46 - - [08/Mar/2018:09:41:22 -0300] "GET /cormun/servlet/hpexe_link HTTP/1.1" 200 954
186.103.159.46 - - [08/Mar/2018:09:41:22 -0300] "GET /cormun/servlet/hhome HTTP/1.1" 200 3957
186.103.159.46 - - [08/Mar/2018:09:41:25 -0300] "GET /cormun/servlet/hhome HTTP/1.1" 200 3954
186.103.159.46 - - [08/Mar/2018:09:42:31 -0300] "GET /cormun/servlet/trsolicitudot? HTTP/1.1" 200 8526
186.103.159.46 - - [08/Mar/2018:09:42:33 -0300] "GET /cormun/servlet/trsolicitudot? HTTP/1.1" 200 8524
186.103.159.46 - - [08/Mar/2018:09:42:38 -0300] "POST /cormun/servlet/trsolicitudot?2e292b774e4bfb5981227aae1bad5d36,,gx-no-cache=1520512909302 HTTP/1.1" 200 106
186.103.159.46 - - [08/Mar/2018:09:42:39 -0300] "GET /cormun/servlet/solicitudot?UPD,2018,10225, HTTP/1.1" 200 15205
186.103.159.46 - - [08/Mar/2018:09:42:41 -0300] "GET /cormun/servlet/solicitudot?UPD,2018,10225, HTTP/1.1" 200 15214
186.103.156.166 - - [08/Mar/2018:09:42:42 -0300] "GET /cormun/servlet/hlogin HTTP/1.1" 200 1735
186.103.159.46 - - [08/Mar/2018:09:42:42 -0300] "POST /cormun/servlet/solicitudot?gx-no-cache=1520512912215 HTTP/1.1" 200 3399
186.103.159.46 - - [08/Mar/2018:09:42:42 -0300] "POST /cormun/servlet/solicitudot?2e292b774e4bfb5981227aae1bad5d36,UPD,2018,10225,,gx-no-cache=1520512913100 HTTP/1.1" 200 11522
186.103.159.46 - - [08/Mar/2018:09:42:43 -0300] "GET /cormun/servlet/solicitudot?d2b4d1a94a7e226c1ece8506e8a43c6a56dbab5ae20f90646b8d273526225427f53a2c560cd0f84bf04a038b10648e4f,gx-no-cache=1520512913670 HTTP/1.1" 200 30
186.103.159.46 - - [08/Mar/2018:09:42:43 -0300] "GET /cormun/servlet/solicitudot?d2b4d1a94a7e226c1ece8506e8a43c6a1ddfe6387bbaf27f9b462a074a7713bc86d08d7fc937c795af7c5b2265274a809088a8fc9d64f98008d1ced564f22b7d,gx-no-cache=1520512913808 HTTP/1.1" 200 30
186.103.159.46 - - [08/Mar/2018:09:42:43 -0300] "GET /cormun/servlet/solicitudot?d2b4d1a94a7e226c1ece8506e8a43c6a8e21c3370ab587bbb38a2f8af3f2c479f004e768b44a09910f41da7612a6400d7d57e087b30d4172e93a91d4c39b9e96,gx-no-cache=1520512913946 HTTP/1.1" 200 51
186.103.159.46 - - [08/Mar/2018:09:42:43 -0300] "POST /cormun/servlet/solicitudot?gx-no-cache=1520512914055 HTTP/1.1" 200 297
186.103.159.46 - - [08/Mar/2018:09:42:43 -0300] "GET /cormun/servlet/solicitudot?d2b4d1a94a7e226c1ece8506e8a43c6a4943ea69a945d56e24ee0d85ec381ac36686a6e623c5125c415f9298a6a15c4ab851f1abaff0e52de4032132b446e92a3e4011fa574bb191c1313910e21db3d3a9183d685714cffaea77061ba8fae9e26fc43dba1ba0a8fa94befdced22cdb1c3d69d88177eac58773f2c02d062d60ebd1c27d3931a5282867f38c098be9e75974d50eff74abca78df3c41836a9a5f699e9e488a2c96ee1dffe7f8ed41b411b411d4a5f7add120d6a91412904f2539aa12f0152e9e6248aaf91b831cf32c968a21187a5e8f9514cf63cfc74b41d90b66c6e4861b68ca59e1a828772c9433008442b705530370dc37bddd001d398f62ffec8c547b7b6693274f7cc6daeced686b7fa5bca86ad899fc3b581713037738a4fb7c999f57f9a20a1c5113ba824fc86838db0d82c6864dbb252a353bdb61ab1fa33fbf9c9b8e07bcf57985aa2edb14a5d499ff7c35857134ba99c05ce86d31491f7d84356271ddb067410ec5b47b7ecc7045fc30c78ddd0fe7f74fcabfefc22bd783f71352df985c66b3ea1a2e70cbd0,gx-no-cache=1520512914175 HTTP/1.1" 200 30
186.103.159.46 - - [08/Mar/2018:09:42:44 -0300] "POST /cormun/servlet/solicitudot?gx-no-cache=1520512914558 HTTP/1.1" 200 30
186.103.159.46 - - [08/Mar/2018:09:42:44 -0300] "POST /cormun/servlet/solicitudot?gx-no-cache=1520512914690 HTTP/1.1" 200 1335
186.103.159.46 - - [08/Mar/2018:09:42:44 -0300] "POST /cormun/servlet/solicitudot?gx-no-cache=1520512914885 HTTP/1.1" 200 41
192.168.10.96 - - [08/Mar/2018:09:42:52 -0300] "GET /cormun/servlet/trsolicitudgral? HTTP/1.1" 500 10
192.168.10.96 - - [08/Mar/2018:09:42:55 -0300] "GET /cormun/servlet/hlogin HTTP/1.1" 200 1716
192.168.10.96 - - [08/Mar/2018:09:42:55 -0300] "GET /cormun/servlet/hlogin HTTP/1.1" 200 1716
192.168.10.96 - - [08/Mar/2018:09:42:55 -0300] "GET /cormun/servlet/hlogin HTTP/1.1" 200 1727
192.168.10.96 - - [08/Mar/2018:09:43:02 -0300] "POST /cormun/servlet/hlogin?b1508ed847cc439bc1c40ff863d51b67,gx-no-cache=1520512821087 HTTP/1.1" 200 90
192.168.10.96 - - [08/Mar/2018:09:43:02 -0300] "GET /cormun/servlet/hpexe_link HTTP/1.1" 200 948
192.168.10.96 - - [08/Mar/2018:09:43:02 -0300] "GET /cormun/servlet/hhome HTTP/1.1" 200 4701
192.168.10.96 - - [08/Mar/2018:09:43:03 -0300] "GET /cormun/servlet/hhome HTTP/1.1" 200 4700
192.168.10.96 - - [08/Mar/2018:09:43:06 -0300] "GET /cormun/servlet/trsolicitudgral? HTTP/1.1" 200 28094
192.168.10.96 - - [08/Mar/2018:09:43:08 -0300] "GET /cormun/servlet/trsolicitudgral? HTTP/1.1" 200 28091
192.168.10.96 - - [08/Mar/2018:09:43:28 -0300] "POST /cormun/servlet/trsolicitudgral?b1508ed847cc439bc1c40ff863d51b67,,gx-no-cache=1520512846664 HTTP/1.1" 200 24636
186.103.159.204 - - [08/Mar/2018:09:45:55 -0300] "GET /cormun/servlet/trcontratounov2? HTTP/1.1" 200 17630
186.103.159.204 - - [08/Mar/2018:09:45:55 -0300] "GET /cormun/static/gxcfg.js?201752512124396 HTTP/1.1" 200 953
186.103.159.204 - - [08/Mar/2018:09:45:55 -0300] "GET /cormun/static/trcontratounov2.js?201752512125146 HTTP/1.1" 200 38486
186.103.159.204 - - [08/Mar/2018:09:45:55 -0300] "GET /cormun/static/Resources/PXToolsAddSelectedAction.png HTTP/1.1" 200 3660
186.103.159.204 - - [08/Mar/2018:09:45:55 -0300] "GET /cormun//static/Resources/PXToolsActionDisabled.gif HTTP/1.1" 304 -
186.103.159.204 - - [08/Mar/2018:09:45:56 -0300] "GET /cormun/servlet/trcontratounov2? HTTP/1.1" 200 17628
192.168.10.56 - - [08/Mar/2018:09:46:16 -0300] "POST /cormun/servlet/hlogin?1edc0c2f41647112f1c97e714ddd0447,gx-no-cache=1520513015051 HTTP/1.1" 200 90
192.168.10.56 - - [08/Mar/2018:09:46:16 -0300] "GET /cormun/servlet/hpexe_link HTTP/1.1" 200 949
192.168.10.56 - - [08/Mar/2018:09:46:16 -0300] "GET /cormun/servlet/hhome HTTP/1.1" 200 4484
192.168.10.56 - - [08/Mar/2018:09:46:17 -0300] "GET /cormun/servlet/hhome HTTP/1.1" 200 4480
192.168.10.56 - - [08/Mar/2018:09:46:19 -0300] "GET /cormun/servlet/trsolicitudgral? HTTP/1.1" 200 14188
186.103.159.204 - - [08/Mar/2018:09:46:19 -0300] "GET /cormun/servlet/trcontratosolicitud? HTTP/1.1" 200 11771
192.168.10.56 - - [08/Mar/2018:09:46:19 -0300] "GET /cormun/servlet/trsolicitudgral? HTTP/1.1" 200 14186
186.103.159.204 - - [08/Mar/2018:09:46:19 -0300] "GET /cormun/static/gxcfg.js?20177612214014 HTTP/1.1" 200 953
186.103.159.204 - - [08/Mar/2018:09:46:19 -0300] "GET /cormun/static/trcontratosolicitud.js?20177612214349 HTTP/1.1" 304 -
186.103.159.204 - - [08/Mar/2018:09:46:20 -0300] "GET /cormun//static/Resources/PXToolsGridNew.png HTTP/1.1" 304 -
186.103.159.204 - - [08/Mar/2018:09:46:20 -0300] "GET /cormun/servlet/trcontratosolicitud? HTTP/1.1" 200 11771
192.168.10.56 - - [08/Mar/2018:09:46:28 -0300] "POST /cormun/servlet/trsolicitudgral?1edc0c2f41647112f1c97e714ddd0447,,gx-no-cache=1520513026964 HTTP/1.1" 200 19888
192.168.10.56 - - [08/Mar/2018:09:46:36 -0300] "POST /cormun/servlet/trsolicitudgral?1edc0c2f41647112f1c97e714ddd0447,,gx-no-cache=1520513034771 HTTP/1.1" 200 19553
192.168.10.56 - - [08/Mar/2018:09:46:36 -0300] "GET /cormun/static/Shared/jqueryui/images/ui-bg_highlight-soft_100_c6c2c8_1x100.png HTTP/1.1" 404 1117
192.168.10.56 - - [08/Mar/2018:09:46:36 -0300] "GET /cormun/static/Shared/jqueryui/images/ui-icons_82798d_256x240.png HTTP/1.1" 404 1089
192.168.10.56 - - [08/Mar/2018:09:46:36 -0300] "GET /cormun/static/Shared/jqueryui/images/ui-bg_flat_55_fafafa_40x100.png HTTP/1.1" 404 1097
192.168.10.56 - - [08/Mar/2018:09:46:36 -0300] "GET /cormun/static/Shared/jqueryui/images/ui-icons_8d78a5_256x240.png HTTP/1.1" 404 1089
186.103.159.204 - - [08/Mar/2018:09:46:38 -0300] "GET /cormun/servlet/trautorizarsolicitud? HTTP/1.1" 200 7179
186.103.159.204 - - [08/Mar/2018:09:46:39 -0300] "GET /cormun/servlet/trautorizarsolicitud? HTTP/1.1" 200 7178
200.54.247.70 - - [08/Mar/2018:09:46:44 -0300] "GET /cormun/servlet/hlogin HTTP/1.1" 200 1723
200.54.247.70 - - [08/Mar/2018:09:46:44 -0300] "GET /cormun/static/gxtimezone.js?85251 HTTP/1.1" 200 5781
200.54.247.70 - - [08/Mar/2018:09:46:44 -0300] "GET /cormun/static/gxcfg.js?20175251213516 HTTP/1.1" 200 953
200.54.247.70 - - [08/Mar/2018:09:46:44 -0300] "GET /cormun/static/Resources/Spanish/PXTools.css?11423723 HTTP/1.1" 200 89042
200.54.247.70 - - [08/Mar/2018:09:46:45 -0300] "GET /cormun/static/messages.spa.js?85251 HTTP/1.1" 200 30736
200.54.247.70 - - [08/Mar/2018:09:46:45 -0300] "GET /cormun/static/hlogin.js?20175251213537 HTTP/1.1" 200 2136
200.54.247.70 - - [08/Mar/2018:09:46:45 -0300] "GET /cormun/static/Resources/ComunLogin.png HTTP/1.1" 200 17326
200.54.247.70 - - [08/Mar/2018:09:46:45 -0300] "GET /cormun/static/gxgral.js?85251 HTTP/1.1" 200 384558
200.54.247.70 - - [08/Mar/2018:09:46:45 -0300] "GET /cormun/static/Resources/PXToolsLoginTop.png HTTP/1.1" 200 1337
200.54.247.70 - - [08/Mar/2018:09:46:45 -0300] "GET /cormun/static/Resources/PXToolsLoginBackground.png HTTP/1.1" 200 1164
200.54.247.70 - - [08/Mar/2018:09:46:45 -0300] "GET /cormun/static/Resources/PXToolsButtonLeft21.png HTTP/1.1" 200 1287
200.54.247.70 - - [08/Mar/2018:09:46:45 -0300] "GET /cormun/static/Resources/PXToolsButtonRight21.png HTTP/1.1" 200 1283
200.54.247.70 - - [08/Mar/2018:09:46:45 -0300] "GET /cormun/static/Resources/PXToolsLoginBottom.png HTTP/1.1" 200 1389
200.54.247.70 - - [08/Mar/2018:09:46:45 -0300] "GET /cormun/static/Resources/PXToolsButtonBackground2.png HTTP/1.1" 200 1181
200.54.247.70 - - [08/Mar/2018:09:46:45 -0300] "GET /cormun/static/Resources/indicator.gif HTTP/1.1" 200 1553
200.54.247.70 - - [08/Mar/2018:09:46:45 -0300] "GET /cormun/servlet/hlogin HTTP/1.1" 200 1729
200.54.247.70 - - [08/Mar/2018:09:46:46 -0300] "GET /favicon.ico HTTP/1.1" 200 21630
186.103.159.204 - - [08/Mar/2018:09:46:47 -0300] "POST /cormun/servlet/trautorizarsolicitud?a5f6c6a75309cc246293c97ef522fa3a,,gx-no-cache=1520513158606 HTTP/1.1" 200 4404
192.168.10.56 - - [08/Mar/2018:09:46:47 -0300] "POST /cormun/servlet/trsolicitudgral?1edc0c2f41647112f1c97e714ddd0447,,gx-no-cache=1520513045748 HTTP/1.1" 200 19206
186.103.159.204 - - [08/Mar/2018:09:46:49 -0300] "POST /cormun/servlet/trautorizarsolicitud?a5f6c6a75309cc246293c97ef522fa3a,,gx-no-cache=1520513160180 HTTP/1.1" 200 4403
186.103.159.204 - - [08/Mar/2018:09:46:49 -0300] "POST /cormun/servlet/trautorizarsolicitud?a5f6c6a75309cc246293c97ef522fa3a,,gx-no-cache=1520513160477 HTTP/1.1" 200 4404
186.103.159.204 - - [08/Mar/2018:09:46:50 -0300] "POST /cormun/servlet/trautorizarsolicitud?a5f6c6a75309cc246293c97ef522fa3a,,gx-no-cache=1520513160802 HTTP/1.1" 200 4403
186.103.159.204 - - [08/Mar/2018:09:47:02 -0300] "POST /cormun/servlet/trautorizarsolicitud?a5f6c6a75309cc246293c97ef522fa3a,,gx-no-cache=1520513173781 HTTP/1.1" 200 4402
186.103.159.204 - - [08/Mar/2018:09:47:04 -0300] "POST /cormun/servlet/trautorizarsolicitud?a5f6c6a75309cc246293c97ef522fa3a,,gx-no-cache=1520513175268 HTTP/1.1" 200 4402
200.54.247.70 - - [08/Mar/2018:09:47:11 -0300] "POST /cormun/servlet/hlogin?74d1c5066a62a938d51d9501b60c470e,gx-no-cache=1520513181256 HTTP/1.1" 200 445
186.103.159.204 - - [08/Mar/2018:09:47:16 -0300] "GET /cormun/servlet/trvisualizadoreventos? HTTP/1.1" 200 6802
186.103.159.204 - - [08/Mar/2018:09:47:16 -0300] "GET /cormun/servlet/trvisualizadoreventos? HTTP/1.1" 200 6801
186.103.159.204 - - [08/Mar/2018:09:47:20 -0300] "POST /cormun/servlet/trvisualizadoreventos?a5f6c6a75309cc246293c97ef522fa3a,,gx-no-cache=1520513191520 HTTP/1.1" 200 4138
186.103.159.204 - - [08/Mar/2018:09:47:27 -0300] "POST /cormun/servlet/trvisualizadoreventos?a5f6c6a75309cc246293c97ef522fa3a,,gx-no-cache=1520513199110 HTTP/1.1" 200 4140
186.103.159.204 - - [08/Mar/2018:09:47:29 -0300] "POST /cormun/servlet/trvisualizadoreventos?a5f6c6a75309cc246293c97ef522fa3a,,gx-no-cache=1520513200300 HTTP/1.1" 200 4140
186.103.159.204 - - [08/Mar/2018:09:47:29 -0300] "POST /cormun/servlet/trvisualizadoreventos?a5f6c6a75309cc246293c97ef522fa3a,,gx-no-cache=1520513200650 HTTP/1.1" 200 4140
200.54.247.70 - - [08/Mar/2018:09:47:36 -0300] "POST /cormun/servlet/hlogin?74d1c5066a62a938d51d9501b60c470e,gx-no-cache=1520513205759 HTTP/1.1" 200 449
186.103.159.204 - - [08/Mar/2018:09:47:42 -0300] "POST /cormun/servlet/trvisualizadoreventos?a5f6c6a75309cc246293c97ef522fa3a,,gx-no-cache=1520513214084 HTTP/1.1" 200 6097
192.168.10.56 - - [08/Mar/2018:09:47:46 -0300] "GET /cormun/servlet/solicitudgral2?UPD,2018,10221, HTTP/1.1" 200 13011
192.168.10.56 - - [08/Mar/2018:09:47:46 -0300] "GET /cormun/servlet/solicitudgral2?UPD,2018,10221, HTTP/1.1" 200 13021
192.168.10.56 - - [08/Mar/2018:09:47:47 -0300] "POST /cormun/servlet/solicitudgral2?gx-no-cache=1520513105878 HTTP/1.1" 200 3911
192.168.10.56 - - [08/Mar/2018:09:47:47 -0300] "GET /cormun/servlet/solicitudgral2?f967f2bdb1d01e314dceabaf1d2267b419f0642938f737aa912ceceaa56374cf7ce208913533b4778a7ff1e4fd6100700d1d648e3ac2b84b09ee12af2290dc79e99622cab59289cfecaa9c97e791a7bc94d391170d6504ce4d89f7fb3e78c16ca14f222ce21c4c15740791c7b90307218c9db341cc72fa1dc15823f9e57f7fbd5f78193d2f3772a253c841e420e6a28de2d5cca2209d053a370aab846e5e78501a34a4618f0f0fda887b64f0ddca369d9c13c1754e99b5b30589bc89c66774161cacd613f9ef55355ddea6643164b4c5a2904a61f4f5eeff325f3804f99b46edbc92eb1a03c0718d58907fca0bd2743446ba06e387c1e37c977adfb9cbff2936968b63d0de1a4061a45e357f86e25296606a8ea845f04f3075c68e1418694a294569d3d4cfb27eda57dd46fcfef784ebea0f39a4332e68f8bb9e5ee410096670ed2ef78deb83e81a4d820edfd366bdf6,gx-no-cache=1520513106011 HTTP/1.1" 200 255
192.168.10.56 - - [08/Mar/2018:09:47:47 -0300] "POST /cormun/servlet/solicitudgral2?gx-no-cache=1520513106034 HTTP/1.1" 200 1398
192.168.10.56 - - [08/Mar/2018:09:47:47 -0300] "GET /cormun/servlet/solicitudgral2?f967f2bdb1d01e314dceabaf1d2267b42f95f2008253aeb914433a2c319ccfbd8c9fe8eaa08873c313d6820b404cb019bfc3ab431ce9a6bebb7ece44577a0f19c1f1d529f936791c94dd13a14c4b440110b31a4ca3f88a35f96d6e3cd987fe0df5fa734d3f4df1948e8b43e73b9f886c,gx-no-cache=1520513106070 HTTP/1.1" 200 41
200.54.247.70 - - [08/Mar/2018:09:47:49 -0300] "POST /cormun/servlet/hlogin?74d1c5066a62a938d51d9501b60c470e,gx-no-cache=1520513218648 HTTP/1.1" 200 449
192.168.10.56 - - [08/Mar/2018:09:47:52 -0300] "POST /cormun/servlet/solicitudgral2?1edc0c2f41647112f1c97e714ddd0447,UPD,2018,10221,,gx-no-cache=1520513110864 HTTP/1.1" 200 11875
192.168.10.56 - - [08/Mar/2018:09:47:52 -0300] "GET /cormun/servlet/solicitudgral2?f967f2bdb1d01e314dceabaf1d2267b49b953271537ef0b98a290ecfc642f06335724c18f1a53a7849bface9b6857e1e3f6684d8b22ef62916d6870d80139cd154627b6d8e7f2a6e6df3edc21475f9116172f8337c482f3829a73518bcf3730786c95cf7d0c25f4adbbb5bd1b6b536ced2d32f242e0fb59ec97f722efa95ef4d361f2a7111349ca8048930650f0e4f11be32bf1ff2ec7fd3a1bd35190af4e8cb,gx-no-cache=1520513111046 HTTP/1.1" 200 29
192.168.10.56 - - [08/Mar/2018:09:47:52 -0300] "POST /cormun/servlet/solicitudgral2?gx-no-cache=1520513111060 HTTP/1.1" 200 1295
192.168.10.56 - - [08/Mar/2018:09:47:52 -0300] "POST /cormun/servlet/solicitudgral2?gx-no-cache=1520513111086 HTTP/1.1" 200 1218
192.168.10.56 - - [08/Mar/2018:09:47:52 -0300] "GET /cormun/servlet/solicitudgral2?f967f2bdb1d01e314dceabaf1d2267b44cbf4baa43a670b6681cc91a5248a594208f04e38f08ab08c2dce76dffcc30c5561e8c5a17401d3823f3b72b411422c5da0c92ecae78b5b85d5a7d106565495363c8b291a8739b9eb971f0ca4d6a29b150b858053f27f779c8b38113281cfdaf76f800374c183a389d53ee31246fcbbc,gx-no-cache=1520513111117 HTTP/1.1" 200 30
192.168.10.56 - - [08/Mar/2018:09:47:52 -0300] "POST /cormun/servlet/solicitudgral2?1edc0c2f41647112f1c97e714ddd0447,UPD,2018,10221,,gx-no-cache=1520513111185 HTTP/1.1" 200 93
192.168.10.56 - - [08/Mar/2018:09:47:52 -0300] "GET /cormun/servlet/hpexe_return? HTTP/1.1" 200 1015
192.168.10.56 - - [08/Mar/2018:09:47:53 -0300] "GET /cormun/servlet/trsolicitudgral? HTTP/1.1" 200 21682
192.168.10.56 - - [08/Mar/2018:09:47:53 -0300] "GET /cormun/servlet/trsolicitudgral? HTTP/1.1" 200 21677
186.103.159.46 - - [08/Mar/2018:09:48:01 -0300] "POST /cormun/servlet/solicitudot?gx-no-cache=1520513232204 HTTP/1.1" 200 297
186.103.159.46 - - [08/Mar/2018:09:48:02 -0300] "GET /cormun/servlet/solicitudot?d2b4d1a94a7e226c1ece8506e8a43c6a4943ea69a945d56e24ee0d85ec381ac36686a6e623c5125c415f9298a6a15c4ab851f1abaff0e52de4032132b446e92a3e4011fa574bb191c1313910e21db3d3a9183d685714cffaea77061ba8fae9e26fc43dba1ba0a8fa94befdced22cdb1c3d69d88177eac58773f2c02d062d60ebd1c27d3931a5282867f38c098be9e75974d50eff74abca78df3c41836a9a5f699e9e488a2c96ee1dffe7f8ed41b411b411d4a5f7add120d6a91412904f2539aa12f0152e9e6248aaf91b831cf32c968a21187a5e8f9514cf63cfc74b41d90b66c6e4861b68ca59e1a828772c9433008442b705530370dc37bddd001d398f62ffec8c547b7b6693274f7cc6daeced686b7fa5bca86ad899fc3b581713037738a4fb7c999f57f9a20a1c5113ba824fc86838db0d82c6864dbb252a353bdb61ab1fa33fbf9c9b8e07bcf57985aa2edb14a5d499ff7c35857134ba99c05ce86d31491f7d84356271ddb067410ec5b47b7ecc7045fc30c78ddd0fe7f74fcabfefc22bd783f71352df985c66b3ea1a2e70cbd0,gx-no-cache=1520513232510 HTTP/1.1" 200 30
186.103.159.46 - - [08/Mar/2018:09:48:03 -0300] "POST /cormun/servlet/solicitudot?gx-no-cache=1520513233537 HTTP/1.1" 200 30
186.103.159.46 - - [08/Mar/2018:09:48:03 -0300] "POST /cormun/servlet/solicitudot?gx-no-cache=1520513233643 HTTP/1.1" 200 1335
186.103.159.46 - - [08/Mar/2018:09:48:03 -0300] "POST /cormun/servlet/solicitudot?gx-no-cache=1520513233854 HTTP/1.1" 200 41
186.103.159.46 - - [08/Mar/2018:09:48:03 -0300] "GET /cormun/servlet/solicitudot?d2b4d1a94a7e226c1ece8506e8a43c6a44fcedac03b7baa0a1ebb0a9d1657b755ac6b8a5c022867e9e0f6274efcd985049782fc04f04391f61703efd0cdaa124661abe110aa89966d1621fa1e21ce4c26382730578cecddca456a1054d3713b95e1205fcd6476c4b26ea6471a75737aa,gx-no-cache=1520513233947 HTTP/1.1" 200 29
186.103.159.46 - - [08/Mar/2018:09:48:03 -0300] "POST /cormun/servlet/solicitudot?gx-no-cache=1520513234030 HTTP/1.1" 200 1318
186.103.159.46 - - [08/Mar/2018:09:48:03 -0300] "POST /cormun/servlet/solicitudot?gx-no-cache=1520513234162 HTTP/1.1" 200 1218
186.103.159.46 - - [08/Mar/2018:09:48:03 -0300] "GET /cormun/servlet/solicitudot?d2b4d1a94a7e226c1ece8506e8a43c6a7c6ddc406f925ff468118a5895f4480c09ad842150feb9e2608b4d9aeef3f07a,gx-no-cache=1520513234307 HTTP/1.1" 200 30
186.103.159.46 - - [08/Mar/2018:09:48:03 -0300] "POST /cormun/servlet/solicitudot?gx-no-cache=1520513234397 HTTP/1.1" 200 30
186.103.159.46 - - [08/Mar/2018:09:48:04 -0300] "POST /cormun/servlet/solicitudot?2e292b774e4bfb5981227aae1bad5d36,UPD,2018,10225,,gx-no-cache=1520513234497 HTTP/1.1" 200 93
186.103.159.46 - - [08/Mar/2018:09:48:04 -0300] "GET /cormun/servlet/hpexe_return? HTTP/1.1" 200 1017
186.103.159.46 - - [08/Mar/2018:09:48:04 -0300] "GET /cormun/servlet/trsolicitudot HTTP/1.1" 200 8528
186.103.159.46 - - [08/Mar/2018:09:48:07 -0300] "GET /cormun/servlet/trsolicitudot HTTP/1.1" 200 8524
192.168.10.56 - - [08/Mar/2018:09:48:10 -0300] "POST /cormun/servlet/trsolicitudgral?1edc0c2f41647112f1c97e714ddd0447,,gx-no-cache=1520513128248 HTTP/1.1" 200 18346
192.168.10.56 - - [08/Mar/2018:09:48:10 -0300] "GET /cormun/static/Shared/jqueryui/images/ui-bg_highlight-soft_100_c6c2c8_1x100.png HTTP/1.1" 404 1117
192.168.10.56 - - [08/Mar/2018:09:48:10 -0300] "GET /cormun/static/Shared/jqueryui/images/ui-icons_82798d_256x240.png HTTP/1.1" 404 1089
192.168.10.56 - - [08/Mar/2018:09:48:10 -0300] "GET /cormun/static/Shared/jqueryui/images/ui-bg_flat_55_fafafa_40x100.png HTTP/1.1" 404 1097
192.168.10.56 - - [08/Mar/2018:09:48:10 -0300] "GET /cormun/static/Shared/jqueryui/images/ui-icons_8d78a5_256x240.png HTTP/1.1" 404 1089
186.103.159.46 - - [08/Mar/2018:09:48:20 -0300] "POST /cormun/servlet/trsolicitudot?2e292b774e4bfb5981227aae1bad5d36,gx-no-cache=1520513250825 HTTP/1.1" 200 107
186.103.159.46 - - [08/Mar/2018:09:48:20 -0300] "GET /cormun/servlet/trsolicitudadjuntos?2018,10225, HTTP/1.1" 200 6056
186.103.159.46 - - [08/Mar/2018:09:48:20 -0300] "GET /cormun/static/gxcfg.js?20177612135366 HTTP/1.1" 304 -
186.103.159.46 - - [08/Mar/2018:09:48:22 -0300] "GET /cormun/servlet/trsolicitudadjuntos?2018,10225, HTTP/1.1" 200 6056
186.103.159.46 - - [08/Mar/2018:09:48:23 -0300] "GET /cormun/servlet/solicitudotadjuntos?INS,2018,10225,,1, HTTP/1.1" 200 6001
186.103.159.46 - - [08/Mar/2018:09:48:24 -0300] "GET /cormun/static/gxcfg.js?2017761244068 HTTP/1.1" 304 -
186.103.159.46 - - [08/Mar/2018:09:48:24 -0300] "GET /cormun/static/about:blank HTTP/1.1" 404 1011
186.103.159.46 - - [08/Mar/2018:09:48:25 -0300] "GET /cormun/servlet/solicitudotadjuntos?INS,2018,10225,,1, HTTP/1.1" 200 5994
186.103.159.46 - - [08/Mar/2018:09:48:25 -0300] "GET /cormun/servlet/solicitudotadjuntos?d2b4d1a94a7e226c1ece8506e8a43c6ab42a352d7174ac2535641af9dd04dcda445abef9cea7123c9ed9b912f3ce20cf,gx-no-cache=1520513256290 HTTP/1.1" 200 30
186.103.159.46 - - [08/Mar/2018:09:48:25 -0300] "POST /cormun/servlet/solicitudotadjuntos?2e292b774e4bfb5981227aae1bad5d36,INS,2018,10225,,1,,gx-no-cache=1520513256399 HTTP/1.1" 200 3794
186.103.157.246 - - [08/Mar/2018:09:48:26 -0300] "GET /cormun/servlet/trsolicitudot? HTTP/1.1" 200 6368
186.103.157.246 - - [08/Mar/2018:09:48:26 -0300] "GET /cormun/servlet/hlogin HTTP/1.1" 200 1720
200.54.247.70 - - [08/Mar/2018:09:48:31 -0300] "POST /cormun/servlet/hlogin?74d1c5066a62a938d51d9501b60c470e,gx-no-cache=1520513261319 HTTP/1.1" 200 444
200.54.247.70 - - [08/Mar/2018:09:48:41 -0300] "POST /cormun/servlet/hlogin?74d1c5066a62a938d51d9501b60c470e,gx-no-cache=1520513271289 HTTP/1.1" 200 444
186.103.157.246 - - [08/Mar/2018:09:48:44 -0300] "POST /cormun/servlet/hlogin?6fbe4950b595854ed44acfa3449254d0,gx-no-cache=1520513273800 HTTP/1.1" 200 90
186.103.157.246 - - [08/Mar/2018:09:48:44 -0300] "GET /cormun/servlet/hpexe_link HTTP/1.1" 200 940
186.103.157.246 - - [08/Mar/2018:09:48:44 -0300] "GET /cormun/servlet/trsolicitudot HTTP/1.1" 200 8324
192.168.10.56 - - [08/Mar/2018:09:48:52 -0300] "POST /cormun/servlet/trsolicitudgral?1edc0c2f41647112f1c97e714ddd0447,,gx-no-cache=1520513170483 HTTP/1.1" 200 7315
186.103.159.204 - - [08/Mar/2018:09:48:56 -0300] "POST /cormun/servlet/trvisualizadoreventos?a5f6c6a75309cc246293c97ef522fa3a,,gx-no-cache=1520513287498 HTTP/1.1" 200 5545
192.168.10.56 - - [08/Mar/2018:09:48:58 -0300] "POST /cormun/servlet/trsolicitudgral?1edc0c2f41647112f1c97e714ddd0447,,gx-no-cache=1520513176649 HTTP/1.1" 200 6147
192.168.10.56 - - [08/Mar/2018:09:49:02 -0300] "POST /cormun/servlet/trsolicitudgral?1edc0c2f41647112f1c97e714ddd0447,,gx-no-cache=1520513180525 HTTP/1.1" 200 16125
186.103.159.46 - - [08/Mar/2018:09:49:03 -0300] "POST /cormun/servlet/solicitudotadjuntos?gx-no-cache=1520513293870 HTTP/1.1" 200 26
186.103.159.46 - - [08/Mar/2018:09:49:17 -0300] "GET /cormun/servlet/solicitudotadjuntos?d2b4d1a94a7e226c1ece8506e8a43c6af59d96ff847eb1d09111cfcfc7b8ae2e,gx-no-cache=1520513307640 HTTP/1.1" 200 30
186.103.159.46 - - [08/Mar/2018:09:49:17 -0300] "GET /cormun/servlet/solicitudotadjuntos?d2b4d1a94a7e226c1ece8506e8a43c6af59d96ff847eb1d09111cfcfc7b8ae2e,gx-no-cache=1520513307721 HTTP/1.1" 200 30
186.103.159.46 - - [08/Mar/2018:09:49:19 -0300] "POST /cormun/servlet/solicitudotadjuntos?2e292b774e4bfb5981227aae1bad5d36,INS,2018,10225,,1, HTTP/1.1" 200 116
186.103.159.46 - - [08/Mar/2018:09:49:20 -0300] "GET /cormun/servlet/hpexe_return? HTTP/1.1" 200 1030
186.103.157.246 - - [08/Mar/2018:09:49:20 -0300] "POST /cormun/servlet/trsolicitudot?6fbe4950b595854ed44acfa3449254d0,gx-no-cache=1520513306701 HTTP/1.1" 200 5660
186.103.159.46 - - [08/Mar/2018:09:49:20 -0300] "GET /cormun/servlet/trsolicitudadjuntos?2018,10225, HTTP/1.1" 200 8476
186.103.157.246 - - [08/Mar/2018:09:49:20 -0300] "GET /cormun/static/Shared/jqueryui/images/ui-bg_highlight-soft_100_c6c2c8_1x100.png HTTP/1.1" 404 1117
186.103.157.246 - - [08/Mar/2018:09:49:20 -0300] "GET /cormun/static/Shared/jqueryui/images/ui-icons_82798d_256x240.png HTTP/1.1" 404 1089
186.103.157.246 - - [08/Mar/2018:09:49:20 -0300] "GET /cormun/static/Shared/jqueryui/images/ui-bg_flat_55_fafafa_40x100.png HTTP/1.1" 404 1097
186.103.157.246 - - [08/Mar/2018:09:49:20 -0300] "GET /cormun/static/Shared/jqueryui/images/ui-icons_8d78a5_256x240.png HTTP/1.1" 404 1089
186.103.159.46 - - [08/Mar/2018:09:49:22 -0300] "GET /cormun/servlet/trsolicitudadjuntos?2018,10225, HTTP/1.1" 200 8481
186.103.159.46 - - [08/Mar/2018:09:49:25 -0300] "GET /cormun/servlet/solicitudotadjuntos?INS,2018,10225,,1, HTTP/1.1" 200 6002
186.103.159.46 - - [08/Mar/2018:09:49:26 -0300] "GET /cormun/static/about:blank HTTP/1.1" 404 1011
186.103.159.46 - - [08/Mar/2018:09:49:26 -0300] "GET /cormun/servlet/solicitudotadjuntos?INS,2018,10225,,1, HTTP/1.1" 200 5995
186.103.159.46 - - [08/Mar/2018:09:49:27 -0300] "GET /cormun/servlet/solicitudotadjuntos?d2b4d1a94a7e226c1ece8506e8a43c6ab42a352d7174ac2535641af9dd04dcda445abef9cea7123c9ed9b912f3ce20cf,gx-no-cache=1520513317632 HTTP/1.1" 200 30
186.103.159.46 - - [08/Mar/2018:09:49:27 -0300] "POST /cormun/servlet/solicitudotadjuntos?2e292b774e4bfb5981227aae1bad5d36,INS,2018,10225,,1,,gx-no-cache=1520513317732 HTTP/1.1" 200 3795
186.103.159.46 - - [08/Mar/2018:09:49:30 -0300] "POST /cormun/servlet/solicitudotadjuntos?gx-no-cache=1520513321311 HTTP/1.1" 200 26
186.103.159.204 - - [08/Mar/2018:09:49:32 -0300] "POST /cormun/servlet/trvisualizadoreventos?a5f6c6a75309cc246293c97ef522fa3a,,gx-no-cache=1520513323361 HTTP/1.1" 200 4146
186.103.159.204 - - [08/Mar/2018:09:49:33 -0300] "POST /cormun/servlet/trvisualizadoreventos?a5f6c6a75309cc246293c97ef522fa3a,,gx-no-cache=1520513325098 HTTP/1.1" 200 4146
186.103.159.204 - - [08/Mar/2018:09:49:39 -0300] "POST /cormun/servlet/trvisualizadoreventos?a5f6c6a75309cc246293c97ef522fa3a,,gx-no-cache=1520513330424 HTTP/1.1" 200 5502
186.103.159.46 - - [08/Mar/2018:09:49:40 -0300] "GET /cormun/servlet/solicitudotadjuntos?d2b4d1a94a7e226c1ece8506e8a43c6af59d96ff847eb1d09111cfcfc7b8ae2e,gx-no-cache=1520513331134 HTTP/1.1" 200 30
186.103.159.46 - - [08/Mar/2018:09:49:40 -0300] "GET /cormun/servlet/solicitudotadjuntos?d2b4d1a94a7e226c1ece8506e8a43c6af59d96ff847eb1d09111cfcfc7b8ae2e,gx-no-cache=1520513331208 HTTP/1.1" 200 30
186.103.159.46 - - [08/Mar/2018:09:49:41 -0300] "POST /cormun/servlet/solicitudotadjuntos?2e292b774e4bfb5981227aae1bad5d36,INS,2018,10225,,1, HTTP/1.1" 200 116
186.103.159.46 - - [08/Mar/2018:09:49:41 -0300] "GET /cormun/servlet/hpexe_return? HTTP/1.1" 200 1030
186.103.159.46 - - [08/Mar/2018:09:49:41 -0300] "GET /cormun/servlet/trsolicitudadjuntos?2018,10225, HTTP/1.1" 200 8705
186.103.159.46 - - [08/Mar/2018:09:49:43 -0300] "GET /cormun/servlet/trsolicitudadjuntos?2018,10225, HTTP/1.1" 200 8702
186.103.159.46 - - [08/Mar/2018:09:49:45 -0300] "GET /cormun/servlet/solicitudotadjuntos?INS,2018,10225,,1, HTTP/1.1" 200 6000
186.103.159.46 - - [08/Mar/2018:09:49:45 -0300] "GET /cormun/static/about:blank HTTP/1.1" 404 1011
186.103.159.46 - - [08/Mar/2018:09:49:46 -0300] "GET /cormun/servlet/solicitudotadjuntos?INS,2018,10225,,1, HTTP/1.1" 200 5993
186.103.159.46 - - [08/Mar/2018:09:49:47 -0300] "GET /cormun/servlet/solicitudotadjuntos?d2b4d1a94a7e226c1ece8506e8a43c6ab42a352d7174ac2535641af9dd04dcda445abef9cea7123c9ed9b912f3ce20cf,gx-no-cache=1520513337917 HTTP/1.1" 200 30
186.103.159.46 - - [08/Mar/2018:09:49:47 -0300] "POST /cormun/servlet/solicitudotadjuntos?2e292b774e4bfb5981227aae1bad5d36,INS,2018,10225,,1,,gx-no-cache=1520513337988 HTTP/1.1" 200 3793
186.103.159.46 - - [08/Mar/2018:09:49:51 -0300] "POST /cormun/servlet/solicitudotadjuntos?gx-no-cache=1520513342300 HTTP/1.1" 200 26
192.168.10.56 - - [08/Mar/2018:09:49:51 -0300] "POST /cormun/servlet/trsolicitudgral?1edc0c2f41647112f1c97e714ddd0447,,gx-no-cache=1520513230226 HTTP/1.1" 200 116
192.168.10.56 - - [08/Mar/2018:09:49:51 -0300] "GET /cormun/servlet/solicitudotlog?INS,2018,10062,0,REC, HTTP/1.1" 200 6290
192.168.10.56 - - [08/Mar/2018:09:49:52 -0300] "GET /cormun/servlet/solicitudotlog?INS,2018,10062,0,REC, HTTP/1.1" 200 6290
192.168.10.56 - - [08/Mar/2018:09:49:52 -0300] "GET /cormun/servlet/solicitudotlog?f967f2bdb1d01e314dceabaf1d2267b455bfdd5e00a576906033e6d7718779ff35724c18f1a53a7849bface9b6857e1e7f2efa7ebbceefa8c4d1e52889f42462f3455c5cf405a093a29795005cb21d899c07cad66f1bcaf08c9b0508a231021137e1c8e1cf825c66c41efb1856d8dcaf44d540d0e86a821955cc526785717e1094966e02f44515a2b3322850a808fd158a9f93d6d0f160d08d18e592fe790273,gx-no-cache=1520513231172 HTTP/1.1" 200 94
186.103.159.204 - - [08/Mar/2018:09:49:54 -0300] "POST /cormun/servlet/trvisualizadoreventos?a5f6c6a75309cc246293c97ef522fa3a,,gx-no-cache=1520513345144 HTTP/1.1" 200 5502
186.103.159.46 - - [08/Mar/2018:09:50:00 -0300] "GET /cormun/servlet/solicitudotadjuntos?d2b4d1a94a7e226c1ece8506e8a43c6af59d96ff847eb1d09111cfcfc7b8ae2e,gx-no-cache=1520513350546 HTTP/1.1" 200 30
186.103.159.46 - - [08/Mar/2018:09:50:00 -0300] "GET /cormun/servlet/solicitudotadjuntos?d2b4d1a94a7e226c1ece8506e8a43c6af59d96ff847eb1d09111cfcfc7b8ae2e,gx-no-cache=1520513350626 HTTP/1.1" 200 30
186.103.159.46 - - [08/Mar/2018:09:50:00 -0300] "POST /cormun/servlet/solicitudotadjuntos?2e292b774e4bfb5981227aae1bad5d36,INS,2018,10225,,1, HTTP/1.1" 200 116
186.103.159.46 - - [08/Mar/2018:09:50:00 -0300] "GET /cormun/servlet/hpexe_return? HTTP/1.1" 200 1030
186.103.159.46 - - [08/Mar/2018:09:50:01 -0300] "GET /cormun/servlet/trsolicitudadjuntos?2018,10225, HTTP/1.1" 200 8895
186.103.159.46 - - [08/Mar/2018:09:50:02 -0300] "GET /cormun/servlet/trsolicitudadjuntos?2018,10225, HTTP/1.1" 200 8893
186.103.159.46 - - [08/Mar/2018:09:50:08 -0300] "GET /cormun/servlet/solicitudotadjuntos?INS,2018,10225,,1, HTTP/1.1" 200 6000
186.103.159.204 - - [08/Mar/2018:09:50:08 -0300] "POST /cormun/servlet/trvisualizadoreventos?a5f6c6a75309cc246293c97ef522fa3a,,gx-no-cache=1520513359794 HTTP/1.1" 200 6172
186.103.159.46 - - [08/Mar/2018:09:50:09 -0300] "GET /cormun/static/about:blank HTTP/1.1" 404 1011
186.103.159.46 - - [08/Mar/2018:09:50:09 -0300] "GET /cormun/servlet/solicitudotadjuntos?INS,2018,10225,,1, HTTP/1.1" 200 5993
186.103.159.46 - - [08/Mar/2018:09:50:10 -0300] "GET /cormun/servlet/solicitudotadjuntos?d2b4d1a94a7e226c1ece8506e8a43c6ab42a352d7174ac2535641af9dd04dcda445abef9cea7123c9ed9b912f3ce20cf,gx-no-cache=1520513360845 HTTP/1.1" 200 30
186.103.159.46 - - [08/Mar/2018:09:50:10 -0300] "POST /cormun/servlet/solicitudotadjuntos?2e292b774e4bfb5981227aae1bad5d36,INS,2018,10225,,1,,gx-no-cache=1520513360934 HTTP/1.1" 200 3793
186.103.159.46 - - [08/Mar/2018:09:50:14 -0300] "POST /cormun/servlet/solicitudotadjuntos?gx-no-cache=1520513365346 HTTP/1.1" 200 26
192.168.10.56 - - [08/Mar/2018:09:50:19 -0300] "POST /cormun/servlet/solicitudotlog?1edc0c2f41647112f1c97e714ddd0447,INS,2018,10062,0,REC,,gx-no-cache=1520513257593 HTTP/1.1" 200 93
192.168.10.56 - - [08/Mar/2018:09:50:19 -0300] "GET /cormun/servlet/hpexe_return? HTTP/1.1" 200 1023
192.168.10.56 - - [08/Mar/2018:09:50:19 -0300] "GET /cormun/servlet/trsolicitudgral? HTTP/1.1" 200 19042
192.168.10.56 - - [08/Mar/2018:09:50:20 -0300] "GET /cormun/servlet/trsolicitudgral? HTTP/1.1" 200 19037
186.103.159.46 - - [08/Mar/2018:09:50:22 -0300] "GET /cormun/servlet/solicitudotadjuntos?d2b4d1a94a7e226c1ece8506e8a43c6af59d96ff847eb1d09111cfcfc7b8ae2e,gx-no-cache=1520513372964 HTTP/1.1" 200 30
186.103.159.46 - - [08/Mar/2018:09:50:22 -0300] "GET /cormun/servlet/solicitudotadjuntos?d2b4d1a94a7e226c1ece8506e8a43c6af59d96ff847eb1d09111cfcfc7b8ae2e,gx-no-cache=1520513373009 HTTP/1.1" 200 30
186.103.159.46 - - [08/Mar/2018:09:50:22 -0300] "POST /cormun/servlet/solicitudotadjuntos?2e292b774e4bfb5981227aae1bad5d36,INS,2018,10225,,1, HTTP/1.1" 200 116
186.103.159.46 - - [08/Mar/2018:09:50:22 -0300] "GET /cormun/servlet/hpexe_return? HTTP/1.1" 200 1030
186.103.159.46 - - [08/Mar/2018:09:50:23 -0300] "GET /cormun/servlet/trsolicitudadjuntos?2018,10225, HTTP/1.1" 200 9078
186.103.159.46 - - [08/Mar/2018:09:50:25 -0300] "GET /cormun/servlet/trsolicitudadjuntos?2018,10225, HTTP/1.1" 200 9075
186.103.159.46 - - [08/Mar/2018:09:50:27 -0300] "GET /cormun/servlet/solicitudotadjuntos?INS,2018,10225,,2, HTTP/1.1" 200 5999
186.103.159.46 - - [08/Mar/2018:09:50:28 -0300] "GET /cormun/static/about:blank HTTP/1.1" 404 1011
186.103.159.46 - - [08/Mar/2018:09:50:28 -0300] "GET /cormun/servlet/solicitudotadjuntos?INS,2018,10225,,2, HTTP/1.1" 200 5992
186.103.159.46 - - [08/Mar/2018:09:50:29 -0300] "GET /cormun/servlet/solicitudotadjuntos?d2b4d1a94a7e226c1ece8506e8a43c6ab42a352d7174ac2535641af9dd04dcda445abef9cea7123c9ed9b912f3ce20cf,gx-no-cache=1520513379803 HTTP/1.1" 200 30
186.103.159.46 - - [08/Mar/2018:09:50:29 -0300] "POST /cormun/servlet/solicitudotadjuntos?2e292b774e4bfb5981227aae1bad5d36,INS,2018,10225,,2,,gx-no-cache=1520513380011 HTTP/1.1" 200 4003
192.168.10.56 - - [08/Mar/2018:09:50:36 -0300] "POST /cormun/servlet/trsolicitudgral?1edc0c2f41647112f1c97e714ddd0447,,gx-no-cache=1520513275166 HTTP/1.1" 200 116
192.168.10.56 - - [08/Mar/2018:09:50:36 -0300] "GET /cormun/servlet/solicitudotlog?INS,2018,10062,0,REC, HTTP/1.1" 200 6290
192.168.10.56 - - [08/Mar/2018:09:50:37 -0300] "GET /cormun/servlet/solicitudotlog?INS,2018,10062,0,REC, HTTP/1.1" 200 6290
192.168.10.56 - - [08/Mar/2018:09:50:37 -0300] "GET /cormun/servlet/solicitudotlog?f967f2bdb1d01e314dceabaf1d2267b455bfdd5e00a576906033e6d7718779ff35724c18f1a53a7849bface9b6857e1e7f2efa7ebbceefa8c4d1e52889f42462f3455c5cf405a093a29795005cb21d899c07cad66f1bcaf08c9b0508a231021137e1c8e1cf825c66c41efb1856d8dcaf44d540d0e86a821955cc526785717e1094966e02f44515a2b3322850a808fd158a9f93d6d0f160d08d18e592fe790273,gx-no-cache=1520513276110 HTTP/1.1" 200 94
186.103.159.204 - - [08/Mar/2018:09:50:42 -0300] "POST /cormun/servlet/trvisualizadoreventos?a5f6c6a75309cc246293c97ef522fa3a,,gx-no-cache=1520513393080 HTTP/1.1" 200 5575
192.168.10.56 - - [08/Mar/2018:09:50:52 -0300] "POST /cormun/servlet/solicitudotlog?1edc0c2f41647112f1c97e714ddd0447,INS,2018,10062,0,REC,,gx-no-cache=1520513290719 HTTP/1.1" 200 93
192.168.10.56 - - [08/Mar/2018:09:50:52 -0300] "GET /cormun/servlet/hpexe_return? HTTP/1.1" 200 1022
192.168.10.56 - - [08/Mar/2018:09:50:52 -0300] "GET /cormun/servlet/trsolicitudgral HTTP/1.1" 200 18604
192.168.10.56 - - [08/Mar/2018:09:50:53 -0300] "GET /cormun/servlet/trsolicitudgral HTTP/1.1" 200 18599
186.103.159.46 - - [08/Mar/2018:09:50:58 -0300] "POST /cormun/servlet/solicitudotadjuntos?gx-no-cache=1520513409497 HTTP/1.1" 200 26
186.103.159.204 - - [08/Mar/2018:09:51:00 -0300] "POST /cormun/servlet/trvisualizadoreventos?a5f6c6a75309cc246293c97ef522fa3a,,gx-no-cache=1520513411848 HTTP/1.1" 200 4148
186.103.159.204 - - [08/Mar/2018:09:51:02 -0300] "POST /cormun/servlet/trvisualizadoreventos?a5f6c6a75309cc246293c97ef522fa3a,,gx-no-cache=1520513413406 HTTP/1.1" 200 4148
186.79.103.20 - - [08/Mar/2018:09:51:06 -0300] "GET /cormun/servlet/vesolicitudot?2018,10138,, HTTP/1.1" 200 7680
186.103.159.46 - - [08/Mar/2018:09:51:06 -0300] "GET /cormun/servlet/solicitudotadjuntos?d2b4d1a94a7e226c1ece8506e8a43c6af59d96ff847eb1d09111cfcfc7b8ae2e,gx-no-cache=1520513416764 HTTP/1.1" 200 30
186.103.159.46 - - [08/Mar/2018:09:51:06 -0300] "GET /cormun/servlet/solicitudotadjuntos?d2b4d1a94a7e226c1ece8506e8a43c6af59d96ff847eb1d09111cfcfc7b8ae2e,gx-no-cache=1520513416810 HTTP/1.1" 200 30
186.103.159.46 - - [08/Mar/2018:09:51:06 -0300] "POST /cormun/servlet/solicitudotadjuntos?2e292b774e4bfb5981227aae1bad5d36,INS,2018,10225,,2, HTTP/1.1" 200 116
186.103.159.46 - - [08/Mar/2018:09:51:06 -0300] "GET /cormun/servlet/hpexe_return? HTTP/1.1" 200 1030
186.79.103.20 - - [08/Mar/2018:09:51:07 -0300] "GET /cormun/pexe_scrolldiv.js HTTP/1.1" 404 1009
186.103.159.204 - - [08/Mar/2018:09:51:07 -0300] "POST /cormun/servlet/trvisualizadoreventos?a5f6c6a75309cc246293c97ef522fa3a,,gx-no-cache=1520513418425 HTTP/1.1" 200 4149
186.103.159.46 - - [08/Mar/2018:09:51:07 -0300] "GET /cormun/servlet/trsolicitudadjuntos?2018,10225, HTTP/1.1" 200 9352
186.79.103.20 - - [08/Mar/2018:09:51:08 -0300] "GET /cormun/servlet/vesolicitudot?2018,10138,, HTTP/1.1" 200 7679
200.120.230.197 - - [08/Mar/2018:09:51:08 -0300] "GET /cormun/servlet/hlogin HTTP/1.1" 200 1751
186.103.159.204 - - [08/Mar/2018:09:51:08 -0300] "POST /cormun/servlet/trvisualizadoreventos?a5f6c6a75309cc246293c97ef522fa3a,,gx-no-cache=1520513419726 HTTP/1.1" 200 4149
186.103.159.46 - - [08/Mar/2018:09:51:09 -0300] "GET /cormun/servlet/trsolicitudadjuntos?2018,10225, HTTP/1.1" 200 9348
192.168.10.56 - - [08/Mar/2018:09:51:13 -0300] "POST /cormun/servlet/trsolicitudgral?1edc0c2f41647112f1c97e714ddd0447,gx-no-cache=1520513311556 HTTP/1.1" 200 15352
192.168.10.56 - - [08/Mar/2018:09:51:13 -0300] "GET /cormun/static/Shared/jqueryui/images/ui-bg_highlight-soft_100_c6c2c8_1x100.png HTTP/1.1" 404 1117
192.168.10.56 - - [08/Mar/2018:09:51:13 -0300] "GET /cormun/static/Shared/jqueryui/images/ui-icons_82798d_256x240.png HTTP/1.1" 404 1089
192.168.10.56 - - [08/Mar/2018:09:51:13 -0300] "GET /cormun/static/Shared/jqueryui/images/ui-bg_flat_55_fafafa_40x100.png HTTP/1.1" 404 1097
192.168.10.56 - - [08/Mar/2018:09:51:13 -0300] "GET /cormun/static/Shared/jqueryui/images/ui-icons_8d78a5_256x240.png HTTP/1.1" 404 1089
186.103.159.46 - - [08/Mar/2018:09:51:14 -0300] "GET /cormun/servlet/trsolicitudot? HTTP/1.1" 200 8530
186.103.159.204 - - [08/Mar/2018:09:51:15 -0300] "POST /cormun/servlet/trvisualizadoreventos?a5f6c6a75309cc246293c97ef522fa3a,,gx-no-cache=1520513427123 HTTP/1.1" 200 4770
186.103.159.46 - - [08/Mar/2018:09:51:16 -0300] "GET /cormun/servlet/trsolicitudot? HTTP/1.1" 200 8524
200.120.230.197 - - [08/Mar/2018:09:51:18 -0300] "POST /cormun/servlet/hlogin?f16b5d66c283ab06b74f41ed0035523c,gx-no-cache=1520513430759 HTTP/1.1" 200 90
200.120.230.197 - - [08/Mar/2018:09:51:18 -0300] "GET /cormun/servlet/hpexe_link HTTP/1.1" 200 971
200.120.230.197 - - [08/Mar/2018:09:51:18 -0300] "GET /cormun/servlet/vesolicitudot?2018,10138,, HTTP/1.1" 200 8519
200.120.230.197 - - [08/Mar/2018:09:51:18 -0300] "GET /cormun/pexe_scrolldiv.js HTTP/1.1" 404 1009
200.120.230.197 - - [08/Mar/2018:09:51:18 -0300] "GET /cormun/pexe_scrolldiv.js HTTP/1.1" 404 1009
200.120.230.197 - - [08/Mar/2018:09:51:20 -0300] "GET /cormun/servlet/vesolicitudot?2018,10138,, HTTP/1.1" 200 8518
186.103.159.46 - - [08/Mar/2018:09:51:21 -0300] "POST /cormun/servlet/trsolicitudot?2e292b774e4bfb5981227aae1bad5d36,,gx-no-cache=1520513431973 HTTP/1.1" 200 4485
186.103.159.46 - - [08/Mar/2018:09:51:21 -0300] "GET /cormun/static/Shared/jqueryui/images/ui-bg_highlight-soft_100_c6c2c8_1x100.png HTTP/1.1" 404 1117
186.103.159.46 - - [08/Mar/2018:09:51:21 -0300] "GET /cormun/static/Shared/jqueryui/images/ui-icons_82798d_256x240.png HTTP/1.1" 404 1089
186.103.159.46 - - [08/Mar/2018:09:51:21 -0300] "GET /cormun/static/Shared/jqueryui/images/ui-bg_flat_55_fafafa_40x100.png HTTP/1.1" 404 1097
186.103.159.46 - - [08/Mar/2018:09:51:21 -0300] "GET /cormun/static/Shared/jqueryui/images/ui-icons_8d78a5_256x240.png HTTP/1.1" 404 1089
186.103.159.46 - - [08/Mar/2018:09:51:22 -0300] "POST /cormun/servlet/trsolicitudot?2e292b774e4bfb5981227aae1bad5d36,,gx-no-cache=1520513432525 HTTP/1.1" 200 4270
186.103.159.46 - - [08/Mar/2018:09:51:27 -0300] "GET /cormun/servlet/trlicencias? HTTP/1.1" 200 9636
186.103.159.46 - - [08/Mar/2018:09:51:27 -0300] "GET /cormun/static/gxcfg.js?20176272054169 HTTP/1.1" 200 953
186.103.159.46 - - [08/Mar/2018:09:51:28 -0300] "GET /cormun/static/Resources/Spanish/PXTools.css?17315867 HTTP/1.1" 200 89042
186.103.159.46 - - [08/Mar/2018:09:51:29 -0300] "GET /cormun/static/trlicencias.js?20176272054837 HTTP/1.1" 200 41883
186.103.159.46 - - [08/Mar/2018:09:51:30 -0300] "GET /cormun//static/Resources/PXToolsActionDisabled.gif HTTP/1.1" 200 53
186.103.159.46 - - [08/Mar/2018:09:51:30 -0300] "GET /cormun//static/Resources/PXToolsGridDisplay.png HTTP/1.1" 200 362
186.103.159.46 - - [08/Mar/2018:09:51:30 -0300] "GET /cormun//static/Resources/PXToolsActionPrint.png HTTP/1.1" 200 3317
186.103.159.46 - - [08/Mar/2018:09:51:30 -0300] "GET /cormun//static/Resources/PXToolsHeaderHelp.png HTTP/1.1" 200 4055
186.103.159.46 - - [08/Mar/2018:09:51:30 -0300] "GET /cormun//static/Resources/PXToolsHeaderFavorites.png HTTP/1.1" 200 2744
186.103.159.46 - - [08/Mar/2018:09:51:30 -0300] "GET /cormun/servlet/trlicencias? HTTP/1.1" 200 9635
192.168.10.56 - - [08/Mar/2018:09:51:30 -0300] "POST /cormun/servlet/trsolicitudgral?1edc0c2f41647112f1c97e714ddd0447,gx-no-cache=1520513329152 HTTP/1.1" 200 14957
192.168.10.56 - - [08/Mar/2018:09:51:37 -0300] "POST /cormun/servlet/trsolicitudgral?1edc0c2f41647112f1c97e714ddd0447,gx-no-cache=1520513335687 HTTP/1.1" 200 18309
186.103.159.204 - - [08/Mar/2018:09:51:38 -0300] "GET /cormun/servlet/trcontratounov2? HTTP/1.1" 200 17638
186.103.159.204 - - [08/Mar/2018:09:51:39 -0300] "GET /cormun/servlet/trcontratounov2? HTTP/1.1" 200 17634
186.103.159.46 - - [08/Mar/2018:09:51:43 -0300] "GET /cormun/servlet/licenciaspermisos?INS,0,,, HTTP/1.1" 200 7483
192.168.10.56 - - [08/Mar/2018:09:51:43 -0300] "GET /cormun/servlet/hlogin HTTP/1.1" 200 1737
186.103.159.46 - - [08/Mar/2018:09:51:43 -0300] "GET /cormun/static/gxcfg.js?201762917281167 HTTP/1.1" 200 953
186.103.159.46 - - [08/Mar/2018:09:51:43 -0300] "GET /cormun/static/licenciaspermisos.js?201762917281260 HTTP/1.1" 200 37491
186.103.159.46 - - [08/Mar/2018:09:51:44 -0300] "GET /cormun/servlet/licenciaspermisos?INS,0,,, HTTP/1.1" 200 7482
192.168.10.56 - - [08/Mar/2018:09:51:46 -0300] "POST /cormun/servlet/hlogin?1edc0c2f41647112f1c97e714ddd0447,gx-no-cache=1520513344691 HTTP/1.1" 200 90
192.168.10.56 - - [08/Mar/2018:09:51:46 -0300] "GET /cormun/servlet/hpexe_link HTTP/1.1" 200 949
192.168.10.56 - - [08/Mar/2018:09:51:46 -0300] "GET /cormun/servlet/hhome HTTP/1.1" 200 3827
192.168.10.56 - - [08/Mar/2018:09:51:46 -0300] "GET /cormun/servlet/hhome HTTP/1.1" 200 3827
192.168.10.56 - - [08/Mar/2018:09:51:48 -0300] "GET /cormun/servlet/trautorizarot? HTTP/1.1" 200 11468
192.168.10.56 - - [08/Mar/2018:09:51:49 -0300] "GET /cormun/servlet/trautorizarot? HTTP/1.1" 200 11466
186.103.159.46 - - [08/Mar/2018:09:51:56 -0300] "GET /cormun/servlet/prfichaempleado?,MD,,gxPopupLevel%3D0%3B HTTP/1.1" 200 9309
186.103.159.46 - - [08/Mar/2018:09:51:56 -0300] "GET /cormun/static/gxcfg.js?20177612134814 HTTP/1.1" 304 -
192.168.10.56 - - [08/Mar/2018:09:51:57 -0300] "POST /cormun/servlet/trautorizarot?1edc0c2f41647112f1c97e714ddd0447,,gx-no-cache=1520513356293 HTTP/1.1" 200 8502
192.168.10.56 - - [08/Mar/2018:09:52:08 -0300] "POST /cormun/servlet/trautorizarot?1edc0c2f41647112f1c97e714ddd0447,,gx-no-cache=1520513367324 HTTP/1.1" 200 5322
186.103.159.204 - - [08/Mar/2018:09:52:12 -0300] "GET /cormun/servlet/trautorizarsolicitud? HTTP/1.1" 200 7176
186.103.159.204 - - [08/Mar/2018:09:52:12 -0300] "GET /cormun/servlet/trautorizarsolicitud? HTTP/1.1" 200 7176
192.168.10.56 - - [08/Mar/2018:09:52:13 -0300] "GET /cormun/servlet/hlogin HTTP/1.1" 200 1737
186.103.159.204 - - [08/Mar/2018:09:52:25 -0300] "POST /cormun/servlet/trautorizarsolicitud?a5f6c6a75309cc246293c97ef522fa3a,,gx-no-cache=1520513496530 HTTP/1.1" 200 11500
186.103.159.46 - - [08/Mar/2018:09:52:40 -0300] "POST /cormun/servlet/acontrolpreferencessavestate?None,CA-JAR,true HTTP/1.1" 200 35
186.103.159.204 - - [08/Mar/2018:09:52:55 -0300] "GET /cormun/servlet/treventos?2018,8433, HTTP/1.1" 200 8233
186.103.159.204 - - [08/Mar/2018:09:52:55 -0300] "GET /cormun/static/gxcfg.js?2016101716195975 HTTP/1.1" 200 953
186.103.159.204 - - [08/Mar/2018:09:52:55 -0300] "GET /cormun/static/treventos.js?201610171620222 HTTP/1.1" 200 16064
186.103.159.204 - - [08/Mar/2018:09:52:55 -0300] "GET /cormun/servlet/treventos?2018,8433, HTTP/1.1" 200 8238
186.103.159.46 - - [08/Mar/2018:09:52:56 -0300] "POST /cormun/servlet/prfichaempleado?2e292b774e4bfb5981227aae1bad5d36,,MD,,gxPopupLevel%3D0%3B,gx-no-cache=1520513527335 HTTP/1.1" 200 3485
