192.168.4.251 - - [07/Mar/2018:08:42:16 -0300] "GET /cormun/servlet/solicitudot?1ce3e6aa9f1bb70268b60e61b4145f84bfca472699baa6c3158b125e9e23029d08fc81970986e5a337a1fcd2e804e22f72f0ec520fe9611797564d45fc34c0521a57dd80348428e5b481e2b8593e0169e4536d64238f2700b8c58fe7d931c320a3335ddb2b8da34bfc100455bfc25cb28cc1d7b7ab252fda5b17a3992a725cf978251654be5472ed0a728cd5e9577c1279b74d7dda1a7193e7342da6955e7a9f976809951d22bf278f50dda29a2432c049c3bceb91784d1b6c84e62729a440a6a596786812678d685d342d607bbbe316c4d5d4b8210da30436b0e5adf4cfbc57795e2b52ae44cb5e51c295ee4d38f8a0aacf46ec4c61350b9002083d173ff5986caaa88a94db1dd408ae8bab2f171eef3d6198ebb8173cc7d31b7ec69603cbd0877bd6176eed152e66932862cfca81e474c5cb009e95930eff99cc429c981017871e8c9e01a63d0b1f5165a04c11b6d43c4e93ef44011b45617a36febf2bf71340489374f992e96326a5e92da914eb34e1b078b1f486df01ee8c95d998919f14,gx-no-cache=1520422887821 HTTP/1.1" 200 30
192.168.4.251 - - [07/Mar/2018:08:42:16 -0300] "POST /cormun/servlet/solicitudot?gx-no-cache=1520422887854 HTTP/1.1" 200 30
192.168.4.251 - - [07/Mar/2018:08:42:16 -0300] "POST /cormun/servlet/solicitudot?gx-no-cache=1520422887888 HTTP/1.1" 200 1337
192.168.4.251 - - [07/Mar/2018:08:42:16 -0300] "POST /cormun/servlet/solicitudot?gx-no-cache=1520422887950 HTTP/1.1" 200 41
192.168.4.251 - - [07/Mar/2018:08:42:17 -0300] "POST /cormun/servlet/solicitudot?gx-no-cache=1520422888032 HTTP/1.1" 200 1319
192.168.4.251 - - [07/Mar/2018:08:42:17 -0300] "POST /cormun/servlet/solicitudot?gx-no-cache=1520422888081 HTTP/1.1" 200 1219
192.168.4.251 - - [07/Mar/2018:08:42:17 -0300] "GET /cormun/servlet/solicitudot?1ce3e6aa9f1bb70268b60e61b4145f84cb99799f27707977679f13706a3a7d970a33789b37c625bfd713cb159d55a824,gx-no-cache=1520422888131 HTTP/1.1" 200 30
192.168.4.251 - - [07/Mar/2018:08:42:17 -0300] "POST /cormun/servlet/solicitudot?gx-no-cache=1520422888175 HTTP/1.1" 200 30
192.168.4.251 - - [07/Mar/2018:08:42:17 -0300] "POST /cormun/servlet/solicitudot?ea4d8bfe37876c0bb45a79a0c834d6b3,UPD,2018,8506,,gx-no-cache=1520422888234 HTTP/1.1" 200 93
192.168.4.251 - - [07/Mar/2018:08:42:17 -0300] "GET /cormun/servlet/hpexe_return? HTTP/1.1" 200 1018
192.168.4.251 - - [07/Mar/2018:08:42:17 -0300] "GET /cormun/static/Resources/Spanish/PXTools.css?167811 HTTP/1.1" 304 -
192.168.4.251 - - [07/Mar/2018:08:42:17 -0300] "GET /cormun/static/hpexe_return.js?2016101716175153 HTTP/1.1" 304 -
192.168.4.251 - - [07/Mar/2018:08:42:17 -0300] "GET /cormun/static/gxcfg.js?2016101716175148 HTTP/1.1" 200 953
192.168.4.251 - - [07/Mar/2018:08:42:17 -0300] "GET /cormun/servlet/trsolicitudot? HTTP/1.1" 200 13158
192.168.4.251 - - [07/Mar/2018:08:42:18 -0300] "GET /cormun/servlet/trsolicitudot? HTTP/1.1" 200 13154
192.168.4.251 - - [07/Mar/2018:08:42:26 -0300] "POST /cormun/servlet/trsolicitudot?ea4d8bfe37876c0bb45a79a0c834d6b3,,gx-no-cache=1520422897170 HTTP/1.1" 200 9781
192.168.4.251 - - [07/Mar/2018:08:42:26 -0300] "GET /cormun/static/Shared/jqueryui/images/ui-bg_highlight-soft_100_c6c2c8_1x100.png HTTP/1.1" 404 1117
192.168.4.251 - - [07/Mar/2018:08:42:26 -0300] "GET /cormun/static/Shared/jqueryui/images/ui-icons_82798d_256x240.png HTTP/1.1" 404 1089
192.168.4.251 - - [07/Mar/2018:08:42:26 -0300] "GET /cormun/static/Shared/jqueryui/images/ui-icons_8d78a5_256x240.png HTTP/1.1" 404 1089
192.168.4.251 - - [07/Mar/2018:08:42:26 -0300] "GET /cormun/static/Shared/jqueryui/images/ui-bg_flat_55_fafafa_40x100.png HTTP/1.1" 404 1097
192.168.4.251 - - [07/Mar/2018:08:42:26 -0300] "POST /cormun/servlet/trsolicitudot?ea4d8bfe37876c0bb45a79a0c834d6b3,,gx-no-cache=1520422897551 HTTP/1.1" 200 9725
186.103.159.204 - - [07/Mar/2018:08:42:30 -0300] "GET /cormun/servlet/trsolicitudot? HTTP/1.1" 200 8438
186.103.159.204 - - [07/Mar/2018:08:42:30 -0300] "GET /cormun/static/gxui/gxui-all.css?120300 HTTP/1.1" 200 2179
186.103.159.204 - - [07/Mar/2018:08:42:30 -0300] "GET /cormun/static/calendar-system.css?85620 HTTP/1.1" 200 5572
186.103.159.204 - - [07/Mar/2018:08:42:30 -0300] "GET /cormun/static/gxcfg.js?2017111422585916 HTTP/1.1" 200 953
186.103.159.204 - - [07/Mar/2018:08:42:30 -0300] "GET /cormun/static/calendar-setup.js?85251 HTTP/1.1" 200 2588
186.103.159.204 - - [07/Mar/2018:08:42:30 -0300] "GET /cormun/static/calendar-es.js?85251 HTTP/1.1" 200 1901
186.103.159.204 - - [07/Mar/2018:08:42:30 -0300] "GET /cormun/static/calendar.js?85251 HTTP/1.1" 200 26246
186.103.159.204 - - [07/Mar/2018:08:42:30 -0300] "GET /cormun/static/Resources/Spanish/PXTools.css?1255365 HTTP/1.1" 200 89042
186.103.159.204 - - [07/Mar/2018:08:42:30 -0300] "GET /cormun/static/gxdec.js?85251 HTTP/1.1" 200 19579
186.103.159.204 - - [07/Mar/2018:08:42:30 -0300] "GET /cormun/static/Shared/ext/resources/css/ext-all.css?215870 HTTP/1.1" 200 416045
186.103.159.204 - - [07/Mar/2018:08:42:30 -0300] "GET /cormun/static/trsolicitudot.js?201711142259839 HTTP/1.1" 200 54041
186.103.159.204 - - [07/Mar/2018:08:42:30 -0300] "GET /cormun/static/Resources/PXTools/calendar.png HTTP/1.1" 200 1306
186.103.159.204 - - [07/Mar/2018:08:42:30 -0300] "GET /cormun/static/Resources/PXToolsDataSearch.png HTTP/1.1" 200 419
186.103.159.204 - - [07/Mar/2018:08:42:30 -0300] "GET /cormun/static/Resources/PXToolsGridFirstDisabled.gif HTTP/1.1" 200 100
186.103.159.204 - - [07/Mar/2018:08:42:30 -0300] "GET /cormun/static/Resources/PXToolsGridPreviousDisabled.gif HTTP/1.1" 200 90
186.103.159.204 - - [07/Mar/2018:08:42:30 -0300] "GET /cormun/static/Resources/PXToolsGridNextDisabled.gif HTTP/1.1" 200 90
186.103.159.204 - - [07/Mar/2018:08:42:30 -0300] "GET /cormun/static/Resources/PXToolsGridLastDisabled.gif HTTP/1.1" 200 98
186.103.159.204 - - [07/Mar/2018:08:42:31 -0300] "GET /cormun/static/Resources/PXToolsGridPage.gif HTTP/1.1" 200 725
186.103.159.204 - - [07/Mar/2018:08:42:31 -0300] "GET /cormun/static/Resources/PXToolsActionExcel.png HTTP/1.1" 200 3187
186.103.159.204 - - [07/Mar/2018:08:42:31 -0300] "GET /cormun/static/Resources/PXToolsGridNew.png HTTP/1.1" 200 2949
186.103.159.204 - - [07/Mar/2018:08:42:31 -0300] "GET /cormun/static/Resources/asc.gif HTTP/1.1" 200 67
186.103.159.204 - - [07/Mar/2018:08:42:31 -0300] "GET /cormun//static/Resources/PXToolsGridUpdate.png HTTP/1.1" 200 2984
186.103.159.204 - - [07/Mar/2018:08:42:31 -0300] "GET /cormun/static/Resources/desc.gif HTTP/1.1" 200 65
186.103.159.204 - - [07/Mar/2018:08:42:31 -0300] "GET /cormun//static/Resources/PXToolsGridDelete.png HTTP/1.1" 200 357
186.103.159.204 - - [07/Mar/2018:08:42:31 -0300] "GET /cormun//static/Resources/PXToolsActionView.png HTTP/1.1" 200 2995
186.103.159.204 - - [07/Mar/2018:08:42:31 -0300] "GET /cormun//static/Resources/PXToolsRemoveAllAction.png HTTP/1.1" 200 3558
186.103.159.204 - - [07/Mar/2018:08:42:31 -0300] "GET /cormun//static/Resources/PXTools/ActionInsert.png HTTP/1.1" 200 1482
186.103.159.204 - - [07/Mar/2018:08:42:31 -0300] "GET /cormun/servlet/trsolicitudot? HTTP/1.1" 200 8436
186.103.159.204 - - [07/Mar/2018:08:42:31 -0300] "GET /cormun/static/Shared/ext/resources/themes/images/default/tools/tool-sprites.gif HTTP/1.1" 200 5434
186.103.159.204 - - [07/Mar/2018:08:42:31 -0300] "GET /cormun/static/Shared/ext/resources/themes/images/default/panel/bg-headersPanel.png HTTP/1.1" 200 255
192.168.4.251 - - [07/Mar/2018:08:42:31 -0300] "GET /cormun/servlet/trautorizarsolicitud? HTTP/1.1" 200 12609
192.168.4.251 - - [07/Mar/2018:08:42:32 -0300] "GET /cormun/servlet/trautorizarsolicitud? HTTP/1.1" 200 12608
192.168.4.251 - - [07/Mar/2018:08:42:39 -0300] "POST /cormun/servlet/trautorizarsolicitud?ea4d8bfe37876c0bb45a79a0c834d6b3,,gx-no-cache=1520422909962 HTTP/1.1" 200 5797
192.168.4.251 - - [07/Mar/2018:08:42:43 -0300] "POST /cormun/servlet/trautorizarsolicitud?ea4d8bfe37876c0bb45a79a0c834d6b3,,gx-no-cache=1520422914300 HTTP/1.1" 200 4628
192.168.4.251 - - [07/Mar/2018:08:42:43 -0300] "GET /cormun/static/Shared/jqueryui/images/ui-bg_highlight-soft_100_c6c2c8_1x100.png HTTP/1.1" 404 1117
192.168.4.251 - - [07/Mar/2018:08:42:43 -0300] "GET /cormun/static/Shared/jqueryui/images/ui-icons_82798d_256x240.png HTTP/1.1" 404 1089
192.168.4.251 - - [07/Mar/2018:08:42:43 -0300] "GET /cormun/static/Shared/jqueryui/images/ui-bg_flat_55_fafafa_40x100.png HTTP/1.1" 404 1097
192.168.4.251 - - [07/Mar/2018:08:42:43 -0300] "GET /cormun/static/Shared/jqueryui/images/ui-icons_8d78a5_256x240.png HTTP/1.1" 404 1089
192.168.4.251 - - [07/Mar/2018:08:42:43 -0300] "POST /cormun/servlet/trautorizarsolicitud?ea4d8bfe37876c0bb45a79a0c834d6b3,,gx-no-cache=1520422914482 HTTP/1.1" 200 4396
192.168.4.251 - - [07/Mar/2018:08:42:59 -0300] "GET /cormun/servlet/trsolicitudot? HTTP/1.1" 200 12728
192.168.4.251 - - [07/Mar/2018:08:43:00 -0300] "GET /cormun/servlet/trsolicitudot? HTTP/1.1" 200 12728
192.168.10.50 - - [07/Mar/2018:08:43:13 -0300] "POST /cormun/servlet/trsolicitudgral?bc08c96859ef4542f3f02b23fefc2162,,gx-no-cache=1520422832792 HTTP/1.1" 200 6138
192.168.10.50 - - [07/Mar/2018:08:43:19 -0300] "POST /cormun/servlet/trsolicitudgral?bc08c96859ef4542f3f02b23fefc2162,,gx-no-cache=1520422837983 HTTP/1.1" 200 105
192.168.10.50 - - [07/Mar/2018:08:43:19 -0300] "POST /cormun/servlet/trsolicitudgral?bc08c96859ef4542f3f02b23fefc2162,,gx-no-cache=1520422838071 HTTP/1.1" 200 5919
192.168.10.50 - - [07/Mar/2018:08:43:19 -0300] "GET /cormun/SolicitudGral-9452.xls HTTP/1.1" 200 6144
192.168.10.50 - - [07/Mar/2018:08:43:21 -0300] "POST /cormun/servlet/trsolicitudgral?bc08c96859ef4542f3f02b23fefc2162,,gx-no-cache=1520422839886 HTTP/1.1" 200 5935
192.168.10.50 - - [07/Mar/2018:08:43:24 -0300] "POST /cormun/servlet/trsolicitudgral?bc08c96859ef4542f3f02b23fefc2162,,gx-no-cache=1520422843254 HTTP/1.1" 200 5936
192.168.10.50 - - [07/Mar/2018:08:43:28 -0300] "GET /cormun/static/menuarrow.gif HTTP/1.1" 404 1015
192.168.10.50 - - [07/Mar/2018:08:43:33 -0300] "POST /cormun/servlet/trsolicitudgral?bc08c96859ef4542f3f02b23fefc2162,,gx-no-cache=1520422852663 HTTP/1.1" 200 8415
192.168.10.50 - - [07/Mar/2018:08:44:10 -0300] "POST /cormun/servlet/trsolicitudgral?bc08c96859ef4542f3f02b23fefc2162,,gx-no-cache=1520422889491 HTTP/1.1" 200 5937
192.168.10.50 - - [07/Mar/2018:08:44:16 -0300] "POST /cormun/servlet/trsolicitudgral?bc08c96859ef4542f3f02b23fefc2162,,gx-no-cache=1520422895195 HTTP/1.1" 200 7663
192.168.10.50 - - [07/Mar/2018:08:44:21 -0300] "POST /cormun/servlet/trsolicitudgral?bc08c96859ef4542f3f02b23fefc2162,,gx-no-cache=1520422900757 HTTP/1.1" 200 5936
192.168.10.50 - - [07/Mar/2018:08:44:26 -0300] "POST /cormun/servlet/trsolicitudgral?bc08c96859ef4542f3f02b23fefc2162,,gx-no-cache=1520422904924 HTTP/1.1" 200 9208
186.103.159.204 - - [07/Mar/2018:08:44:34 -0300] "GET /cormun/servlet/hlogin HTTP/1.1" 200 1726
192.168.10.50 - - [07/Mar/2018:08:44:39 -0300] "GET /cormun/servlet/vesolicitudgral?2018,10042,, HTTP/1.1" 200 9040
192.168.10.50 - - [07/Mar/2018:08:44:39 -0300] "GET /cormun/pexe_scrolldiv.js HTTP/1.1" 404 1009
192.168.10.50 - - [07/Mar/2018:08:44:40 -0300] "GET /cormun/servlet/vesolicitudgral?2018,10042,, HTTP/1.1" 200 9039
192.168.10.50 - - [07/Mar/2018:08:44:40 -0300] "GET /cormun/servlet/vesolicitudgral?2018,10042,, HTTP/1.1" 200 9039
192.168.10.50 - - [07/Mar/2018:08:44:40 -0300] "GET /cormun/pexe_scrolldiv.js HTTP/1.1" 404 1009
192.168.10.50 - - [07/Mar/2018:08:44:40 -0300] "GET /cormun/pexe_scrolldiv.js HTTP/1.1" 404 1009
192.168.10.50 - - [07/Mar/2018:08:44:40 -0300] "GET /cormun/servlet/vesolicitudgral?2018,10042,, HTTP/1.1" 200 9039
192.168.4.251 - - [07/Mar/2018:08:44:42 -0300] "POST /cormun/servlet/trsolicitudot?ea4d8bfe37876c0bb45a79a0c834d6b3,,gx-no-cache=1520423033245 HTTP/1.1" 200 9383
186.103.159.204 - - [07/Mar/2018:08:44:52 -0300] "POST /cormun/servlet/hlogin?133d08d9f3c0c9e50c3b34b847e311a1,gx-no-cache=1520423039996 HTTP/1.1" 200 90
186.103.159.204 - - [07/Mar/2018:08:44:52 -0300] "GET /cormun/servlet/hpexe_link HTTP/1.1" 200 955
186.103.159.204 - - [07/Mar/2018:08:44:52 -0300] "GET /cormun/servlet/trsolicitudot HTTP/1.1" 200 8437
186.103.159.204 - - [07/Mar/2018:08:44:53 -0300] "GET /cormun/servlet/trsolicitudot HTTP/1.1" 200 8436
192.168.10.50 - - [07/Mar/2018:08:44:53 -0300] "GET /cormun/servlet/vesolicitudgral?2018,10042,,SolicitudOTLog HTTP/1.1" 200 9697
192.168.10.50 - - [07/Mar/2018:08:44:53 -0300] "GET /cormun/pexe_scrolldiv.js HTTP/1.1" 404 1009
192.168.10.50 - - [07/Mar/2018:08:44:53 -0300] "GET /cormun/pexe_scrolldiv.js HTTP/1.1" 404 1009
192.168.10.50 - - [07/Mar/2018:08:44:53 -0300] "GET /cormun/servlet/vesolicitudgral?2018,10042,,SolicitudOTLog HTTP/1.1" 200 9697
192.168.10.50 - - [07/Mar/2018:08:44:54 -0300] "POST /cormun/servlet/acontrolpreferencessavestate?None,MRAMOS,true HTTP/1.1" 200 35
192.168.10.50 - - [07/Mar/2018:08:44:59 -0300] "GET /cormun/servlet/vesolicitudgral?2018,10042,,General HTTP/1.1" 200 9044
192.168.10.50 - - [07/Mar/2018:08:44:59 -0300] "GET /cormun/pexe_scrolldiv.js HTTP/1.1" 404 1009
192.168.10.50 - - [07/Mar/2018:08:44:59 -0300] "GET /cormun/pexe_scrolldiv.js HTTP/1.1" 404 1009
192.168.10.50 - - [07/Mar/2018:08:45:00 -0300] "GET /cormun/servlet/vesolicitudgral?2018,10042,,General HTTP/1.1" 200 9043
186.103.159.204 - - [07/Mar/2018:08:45:03 -0300] "GET /cormun/servlet/trsolicitudot? HTTP/1.1" 200 8436
186.103.159.204 - - [07/Mar/2018:08:45:03 -0300] "GET /cormun/servlet/trsolicitudot? HTTP/1.1" 200 8436
192.168.10.50 - - [07/Mar/2018:08:45:05 -0300] "POST /cormun/servlet/vesolicitudgral?bc08c96859ef4542f3f02b23fefc2162,2018,10042,,General,gx-no-cache=1520422943995 HTTP/1.1" 200 93
192.168.10.50 - - [07/Mar/2018:08:45:05 -0300] "GET /cormun/servlet/hpexe_return? HTTP/1.1" 200 1020
192.168.10.50 - - [07/Mar/2018:08:45:05 -0300] "GET /cormun/servlet/trsolicitudgral? HTTP/1.1" 200 12176
192.168.10.50 - - [07/Mar/2018:08:45:05 -0300] "GET /cormun/servlet/trsolicitudgral? HTTP/1.1" 200 12172
186.103.159.204 - - [07/Mar/2018:08:45:17 -0300] "GET /cormun/static/menuarrow.gif HTTP/1.1" 404 1015
190.100.93.40 - - [07/Mar/2018:08:45:20 -0300] "GET /cormun/servlet/solicitudot?INS,0,0, HTTP/1.1" 200 13793
190.100.93.40 - - [07/Mar/2018:08:45:21 -0300] "GET /cormun/servlet/solicitudot?INS,0,0, HTTP/1.1" 200 13798
190.100.93.40 - - [07/Mar/2018:08:45:30 -0300] "POST /cormun/servlet/solicitudot?gx-no-cache=1520423082131 HTTP/1.1" 200 3412
190.100.93.40 - - [07/Mar/2018:08:45:30 -0300] "POST /cormun/servlet/solicitudot?f3e7e32bf83ae012c7e652d4f5fd3086,INS,0,0,,gx-no-cache=1520423082334 HTTP/1.1" 200 10586
190.100.93.40 - - [07/Mar/2018:08:45:30 -0300] "GET /cormun/servlet/solicitudot?e0c7ba328d0e30016209d87e4c6852adf14ca24ae0a02574155ee9ea28f05b921770d124d73b4883229ad1715cbb64e4,gx-no-cache=1520423082621 HTTP/1.1" 200 30
190.100.93.40 - - [07/Mar/2018:08:45:35 -0300] "GET /cormun/servlet/solicitudot?e0c7ba328d0e30016209d87e4c6852ad815782e6bb6b143bce94ca36d54e47c3323e2f6a5a5d03313041eba212435275522b792520515e9a1e5aa6f632e372f5,gx-no-cache=1520423087245 HTTP/1.1" 200 30
190.100.93.40 - - [07/Mar/2018:08:45:35 -0300] "GET /cormun/servlet/solicitudot?e0c7ba328d0e30016209d87e4c6852adc2d49c1c7aaede422ba97e7a7c536b4f,gx-no-cache=1520423087302 HTTP/1.1" 200 51
190.100.93.40 - - [07/Mar/2018:08:45:35 -0300] "POST /cormun/servlet/solicitudot?gx-no-cache=1520423087383 HTTP/1.1" 200 255
190.100.93.40 - - [07/Mar/2018:08:45:35 -0300] "GET /cormun/servlet/solicitudot?e0c7ba328d0e30016209d87e4c6852ad2430aad9f03a2a22e211478f957c863e3de11949e2863c137590f9ef3c05d831f67523ee81396bb9570a25bdc0314d75045fd09e9a708ba5deb4e4ced09162c3a1d9ac0e3571bf62b0713a0223c000904ded48f9df654bc9bfee66280defe0999316f7d9a9f3be7b4cd142a66492792ef6cf0e4da5b39874ac423ea80fa929cd22814c23f1dccdb4925d6949cbe217a7bda5c43e502ae86dd252d1896d0c3c5a8514b836c6402dfa290e28988929a65744d456ea04b0755c5ef13c76bdebbf630eac064bb932639f39b21c9f5a262fd60a0ca244343c1d95d1be88ef3e6079d5a0e7725f764e2f2d6497b371a52b29ba7d658369e75b1da34f26a136371eb1e67e41f8e23f1ce86cbcda07d5739ffa03f54f642af0088b08452c4dbeb1f40bc63fc39f4e559345c8d1c8634e33b7a6ca109adaea9122ef905a446b95c2a663a5a7bc569982f5786758f7f7e9a356d704d5a9e4eaf54dec94d970ba992591ad6c4299adca63c140e675da50488e7afb76,gx-no-cache=1520423087442 HTTP/1.1" 200 30
190.100.93.40 - - [07/Mar/2018:08:45:37 -0300] "POST /cormun/servlet/solicitudot?gx-no-cache=1520423089646 HTTP/1.1" 200 30
190.100.93.40 - - [07/Mar/2018:08:46:01 -0300] "POST /cormun/servlet/solicitudot?gx-no-cache=1520423113441 HTTP/1.1" 200 1337
190.100.93.40 - - [07/Mar/2018:08:46:01 -0300] "POST /cormun/servlet/solicitudot?gx-no-cache=1520423113565 HTTP/1.1" 200 38
190.100.93.40 - - [07/Mar/2018:08:46:07 -0300] "GET /cormun/servlet/solicitudot?e0c7ba328d0e30016209d87e4c6852ade309e77b75d2a8d7bb2db6981561bdc9115cd28a59f422a12ede3147ad7662ff27a7747150feb821ed45882c0a9522cf2eb7c9e1cc7fcf352b714e696bba9feed58c2577e1d3647b6dfd66eb6d4247d75be47b51ff7bd3ae229494c083e05858a63fdf4818236068f8b4ee72ddc05b09254a3560520251516d19b33c5ef899ab65a2da86ade33968557ac91268fbf675,gx-no-cache=1520423119756 HTTP/1.1" 200 29
190.100.93.40 - - [07/Mar/2018:08:46:07 -0300] "POST /cormun/servlet/solicitudot?gx-no-cache=1520423119815 HTTP/1.1" 200 1318
190.100.93.40 - - [07/Mar/2018:08:46:07 -0300] "POST /cormun/servlet/solicitudot?gx-no-cache=1520423119888 HTTP/1.1" 200 1219
190.100.93.40 - - [07/Mar/2018:08:46:07 -0300] "GET /cormun/static/menuarrow.gif HTTP/1.1" 404 1015
190.100.93.40 - - [07/Mar/2018:08:46:09 -0300] "POST /cormun/servlet/solicitudot?gx-no-cache=1520423121538 HTTP/1.1" 200 1318
190.100.93.40 - - [07/Mar/2018:08:46:09 -0300] "POST /cormun/servlet/solicitudot?gx-no-cache=1520423121611 HTTP/1.1" 200 1219
190.100.93.40 - - [07/Mar/2018:08:46:11 -0300] "GET /cormun/servlet/solicitudot?e0c7ba328d0e30016209d87e4c6852ade4374e388feba220eb40724ed3ae04fba588854d08fd9d5dc5dc03affeebb358,gx-no-cache=1520423123289 HTTP/1.1" 200 30
190.100.93.40 - - [07/Mar/2018:08:46:18 -0300] "POST /cormun/servlet/solicitudot?gx-no-cache=1520423130381 HTTP/1.1" 200 30
192.168.10.61 - - [07/Mar/2018:08:46:29 -0300] "POST /cormun/servlet/trsolicitudgral?8e854c1496cf17b4ec09cd5c706222aa,,gx-no-cache=1520423028377 HTTP/1.1" 200 9406
186.103.159.204 - - [07/Mar/2018:08:46:45 -0300] "GET /cormun/servlet/trsolicitudot? HTTP/1.1" 200 8436
186.103.159.204 - - [07/Mar/2018:08:46:45 -0300] "GET /cormun/servlet/trsolicitudot? HTTP/1.1" 200 8436
186.103.159.204 - - [07/Mar/2018:08:47:36 -0300] "POST /cormun/servlet/trsolicitudot?133d08d9f3c0c9e50c3b34b847e311a1,,gx-no-cache=1520423204378 HTTP/1.1" 200 4459
186.103.159.204 - - [07/Mar/2018:08:47:37 -0300] "POST /cormun/servlet/trsolicitudot?133d08d9f3c0c9e50c3b34b847e311a1,,gx-no-cache=1520423204559 HTTP/1.1" 200 4258
186.103.159.204 - - [07/Mar/2018:08:47:41 -0300] "GET /cormun/servlet/trsolicitudot? HTTP/1.1" 200 7015
186.103.159.204 - - [07/Mar/2018:08:47:42 -0300] "GET /cormun/servlet/trsolicitudot? HTTP/1.1" 200 7015
192.168.10.50 - - [07/Mar/2018:08:47:43 -0300] "POST /cormun/servlet/trsolicitudgral?bc08c96859ef4542f3f02b23fefc2162,,gx-no-cache=1520423102395 HTTP/1.1" 200 14363
192.168.10.50 - - [07/Mar/2018:08:47:53 -0300] "POST /cormun/servlet/trsolicitudgral?bc08c96859ef4542f3f02b23fefc2162,,gx-no-cache=1520423112466 HTTP/1.1" 200 9582
186.103.159.204 - - [07/Mar/2018:08:48:36 -0300] "GET /cormun/servlet/trsolicitudot? HTTP/1.1" 200 7015
186.103.159.204 - - [07/Mar/2018:08:48:37 -0300] "GET /cormun/servlet/trsolicitudot? HTTP/1.1" 200 7015
192.168.10.50 - - [07/Mar/2018:08:48:49 -0300] "GET /cormun/servlet/solicitudgral?UPD,2018,10125, HTTP/1.1" 200 12869
192.168.10.50 - - [07/Mar/2018:08:48:49 -0300] "GET /cormun/static/gxcfg.js?20181911354237 HTTP/1.1" 304 -
192.168.10.50 - - [07/Mar/2018:08:48:50 -0300] "GET /cormun/servlet/solicitudgral?UPD,2018,10125, HTTP/1.1" 200 12878
192.168.10.50 - - [07/Mar/2018:08:48:50 -0300] "POST /cormun/servlet/solicitudgral?gx-no-cache=1520423169384 HTTP/1.1" 200 3855
192.168.10.50 - - [07/Mar/2018:08:48:50 -0300] "GET /cormun/servlet/solicitudgral?8c50bb957d16a8483464cdfb652f0d4dabee07b68da59dbec65bac4328290f0bdbf3ae0a2e6556284cb350d2bc438057f09f0a9f26d397335e10b4bb6f43b0759e6cc12245708fc2854f80f9e167f5f20ac73bcce4f89c1a69d0a11ab0a82dd76a93a253366b2398ab29a40cb1095221327f896040bd6ddf4259a76d76f241cbddf4fb9ca462e744841d5bef99c04f18cbe24bc27112c6de5d4be88370daa262be44518065e77a455b737666fee6f20a19a945215756088e5c0c0d81d3e2f9248ab116c423ca927413f64cfa50c23fd9189b61edc323081b0bea94f71187b73b64ba5f039ca0f64209ada632974deedf8b935e2d784f79e80f0b3a776a56e1fd918b310271f65fbfb4a34aaff210b939de937155501115b43850c9c240a821b6ce91581516b4f5b94d814e4d97287cb3fa4cdfafeb639e5ad4ccf24b8f5feaa9fe3a6689ee59350e0d1f29183866de93,gx-no-cache=1520423169487 HTTP/1.1" 200 255
192.168.10.50 - - [07/Mar/2018:08:48:51 -0300] "GET /cormun/servlet/solicitudgral?8c50bb957d16a8483464cdfb652f0d4dba814716ff1a704673875627a002216240c7691187dbdcbf4c89972cfa06d102a4a973417dd117fbce00c85d6bd469008e018602e9a976a2c883e6bdbf7b42a0cec8288b56fc02bc97029e20f19d8fcb9ce7f30ee1a91aed9fd7ed455908be68c8dc291c694e7f0f3c29291ee326bf368c8e05bd3c3db2f262a7fd592fba327f2835f2b9a61402c64cfd9663876e3bda9064e8ce79b1b460dbd795d2d267d948a0c073f429c5abd7033ee719d860db7db6395861546842f517900be9b24e549a65f577c39944dda28ecc0f5d1fe9c1f657353de53e7c9b3ba7885232f5e3fb8588d1075598e6356fad69d8e2812e18a07865ccc785b1096f6398969db107e91efcc41cab9c44cd7d743908938e3f9d53822670f4d9df1a83fe06a87fd5f096d2ec06582c2a564d7009fdacd6683a5dffb30992488a03a3aacf21479bd3e8f87c7db8817848c085bd2b6bfdab9744d557d9813a2136213f38f354df0935763cf4fd01bd4832db82178119c11ae971d6d61950e55473b5258d1d0bf997a292cf24b54bd42eada24472986d112aab8735ad65021e0bae39227112bbb5f2ba7a2d81,gx-no-cache=1520423169910 HTTP/1.1" 200 48
190.100.93.40 - - [07/Mar/2018:08:48:52 -0300] "POST /cormun/servlet/solicitudot?f3e7e32bf83ae012c7e652d4f5fd3086,INS,0,0,,gx-no-cache=1520423284098 HTTP/1.1" 200 93
190.100.93.40 - - [07/Mar/2018:08:48:52 -0300] "GET /cormun/servlet/hpexe_return? HTTP/1.1" 200 1011
190.100.93.40 - - [07/Mar/2018:08:48:52 -0300] "GET /cormun/servlet/trsolicitudot HTTP/1.1" 200 10014
190.100.93.40 - - [07/Mar/2018:08:48:53 -0300] "GET /cormun/servlet/trsolicitudot HTTP/1.1" 200 10010
192.168.10.50 - - [07/Mar/2018:08:48:55 -0300] "POST /cormun/servlet/solicitudgral?bc08c96859ef4542f3f02b23fefc2162,UPD,2018,10125,,gx-no-cache=1520423173969 HTTP/1.1" 200 11786
192.168.10.50 - - [07/Mar/2018:08:48:55 -0300] "GET /cormun/servlet/solicitudgral?8c50bb957d16a8483464cdfb652f0d4dc35c52f90a4f94ddf3aa53822b89ccf9cc20a0bd07e793e51337413420ed6ce5231b453c3d0592b13aa8a3e6fb1fb7eb9344d763234fba1fbc6c050153d6e725dbbb4017f936870d6e75b9f191c731d8a3afb4f2bc7cde8b85d9207fc75fa4719575bfe6586302fd8540cfc18e8835d053b9a2b89e98665dd8035b58804167701dbe12100917b583b53e11ee92442a05,gx-no-cache=1520423174131 HTTP/1.1" 200 29
192.168.10.50 - - [07/Mar/2018:08:48:55 -0300] "POST /cormun/servlet/solicitudgral?gx-no-cache=1520423174153 HTTP/1.1" 200 1295
192.168.10.50 - - [07/Mar/2018:08:48:55 -0300] "POST /cormun/servlet/solicitudgral?gx-no-cache=1520423174187 HTTP/1.1" 200 1219
192.168.10.50 - - [07/Mar/2018:08:48:55 -0300] "POST /cormun/servlet/solicitudgral?bc08c96859ef4542f3f02b23fefc2162,UPD,2018,10125,,gx-no-cache=1520423174219 HTTP/1.1" 200 93
192.168.10.50 - - [07/Mar/2018:08:48:55 -0300] "GET /cormun/servlet/hpexe_return? HTTP/1.1" 200 1016
192.168.10.50 - - [07/Mar/2018:08:48:55 -0300] "GET /cormun/servlet/trsolicitudgral? HTTP/1.1" 200 12567
192.168.10.50 - - [07/Mar/2018:08:48:55 -0300] "GET /cormun/servlet/trsolicitudgral? HTTP/1.1" 200 12562
190.100.93.40 - - [07/Mar/2018:08:48:56 -0300] "GET /cormun/servlet/solicitudot?INS,0,0, HTTP/1.1" 200 13793
190.100.93.40 - - [07/Mar/2018:08:48:56 -0300] "GET /cormun/servlet/solicitudot?INS,0,0, HTTP/1.1" 200 13798
192.168.4.251 - - [07/Mar/2018:08:49:06 -0300] "GET /cormun/servlet/trsolicitudot? HTTP/1.1" 200 12318
190.100.93.40 - - [07/Mar/2018:08:49:06 -0300] "POST /cormun/servlet/solicitudot?gx-no-cache=1520423298174 HTTP/1.1" 200 3404
190.100.93.40 - - [07/Mar/2018:08:49:06 -0300] "POST /cormun/servlet/solicitudot?f3e7e32bf83ae012c7e652d4f5fd3086,INS,0,0,,gx-no-cache=1520423298480 HTTP/1.1" 200 10567
192.168.4.251 - - [07/Mar/2018:08:49:06 -0300] "GET /cormun/servlet/trsolicitudot? HTTP/1.1" 200 12318
192.168.4.251 - - [07/Mar/2018:08:49:06 -0300] "GET /favicon.ico HTTP/1.1" 200 21630
190.100.93.40 - - [07/Mar/2018:08:49:09 -0300] "GET /cormun/servlet/solicitudot?e0c7ba328d0e30016209d87e4c6852ad05bbfa4a9e7506f1ac40fa82999ab92d4f3e0347e43baf03a28b21e51d655143,gx-no-cache=1520423301252 HTTP/1.1" 200 30
190.100.93.40 - - [07/Mar/2018:08:49:09 -0300] "GET /cormun/servlet/solicitudot?e0c7ba328d0e30016209d87e4c6852adede670490b691c6f3f6d89c13e6ec3294a6707885e729294a02e5f3ef1f9ce34,gx-no-cache=1520423301343 HTTP/1.1" 200 30
190.100.93.40 - - [07/Mar/2018:08:49:09 -0300] "GET /cormun/servlet/solicitudot?e0c7ba328d0e30016209d87e4c6852adc2d49c1c7aaede422ba97e7a7c536b4f,gx-no-cache=1520423301394 HTTP/1.1" 200 51
190.100.93.40 - - [07/Mar/2018:08:49:09 -0300] "POST /cormun/servlet/solicitudot?gx-no-cache=1520423301437 HTTP/1.1" 200 255
190.100.93.40 - - [07/Mar/2018:08:49:09 -0300] "GET /cormun/servlet/solicitudot?e0c7ba328d0e30016209d87e4c6852ad2430aad9f03a2a22e211478f957c863e3de11949e2863c137590f9ef3c05d831f67523ee81396bb9570a25bdc0314d75045fd09e9a708ba5deb4e4ced09162c3a1d9ac0e3571bf62b0713a0223c000904ded48f9df654bc9bfee66280defe0999316f7d9a9f3be7b4cd142a66492792ef6cf0e4da5b39874ac423ea80fa929cd22814c23f1dccdb4925d6949cbe217a7bda5c43e502ae86dd252d1896d0c3c5a8514b836c6402dfa290e28988929a65744d456ea04b0755c5ef13c76bdebbf630eac064bb932639f39b21c9f5a262fd60a0ca244343c1d95d1be88ef3e6079d5a0e7725f764e2f2d6497b371a52b29ba7d658369e75b1da34f26a136371eb1e67e41f8e23f1ce86cbcda07d5739ffa03f54f642af0088b08452c4dbeb1f40bc63fc39f4e559345c8d1c8634e33b7a6ca109adaea9122ef905a446b95c2a663a5a7bc569982f5786758f7f7e9a356d704d5a9e4eaf54dec94d970ba992591ad6c4299adca63c140e675da50488e7afb76,gx-no-cache=1520423301512 HTTP/1.1" 200 30
190.100.93.40 - - [07/Mar/2018:08:49:12 -0300] "POST /cormun/servlet/solicitudot?gx-no-cache=1520423304247 HTTP/1.1" 200 30
190.100.93.40 - - [07/Mar/2018:08:49:25 -0300] "POST /cormun/servlet/solicitudot?gx-no-cache=1520423317800 HTTP/1.1" 200 1336
190.100.93.40 - - [07/Mar/2018:08:49:25 -0300] "POST /cormun/servlet/solicitudot?gx-no-cache=1520423317907 HTTP/1.1" 200 38
190.100.93.40 - - [07/Mar/2018:08:49:33 -0300] "GET /cormun/servlet/solicitudot?e0c7ba328d0e30016209d87e4c6852ade309e77b75d2a8d7bb2db6981561bdc9115cd28a59f422a12ede3147ad7662ff27a7747150feb821ed45882c0a9522cf2eb7c9e1cc7fcf352b714e696bba9feed58c2577e1d3647b6dfd66eb6d4247d75be47b51ff7bd3ae229494c083e05858a63fdf4818236068f8b4ee72ddc05b09254a3560520251516d19b33c5ef899ab65a2da86ade33968557ac91268fbf675,gx-no-cache=1520423325847 HTTP/1.1" 200 29
190.100.93.40 - - [07/Mar/2018:08:49:33 -0300] "POST /cormun/servlet/solicitudot?gx-no-cache=1520423325927 HTTP/1.1" 200 1317
190.100.93.40 - - [07/Mar/2018:08:49:33 -0300] "POST /cormun/servlet/solicitudot?gx-no-cache=1520423326010 HTTP/1.1" 200 1218
186.103.159.204 - - [07/Mar/2018:08:49:34 -0300] "GET /cormun/servlet/solicitudot?INS,0,0, HTTP/1.1" 200 13281
186.103.159.204 - - [07/Mar/2018:08:49:35 -0300] "GET /cormun/static/gxcfg.js?201812313224582 HTTP/1.1" 200 953
186.103.159.204 - - [07/Mar/2018:08:49:35 -0300] "GET /cormun/static/Resources/prompt.gif HTTP/1.1" 200 902
186.103.159.204 - - [07/Mar/2018:08:49:35 -0300] "GET /cormun/static/solicitudot.js?201812313224831 HTTP/1.1" 200 72336
186.103.159.204 - - [07/Mar/2018:08:49:35 -0300] "GET /cormun/servlet/solicitudot?INS,0,0, HTTP/1.1" 200 13286
190.100.93.40 - - [07/Mar/2018:08:49:46 -0300] "GET /cormun/static/menuarrow.gif HTTP/1.1" 404 1015
186.103.159.204 - - [07/Mar/2018:08:49:46 -0300] "GET /cormun/servlet/trsolicitudot? HTTP/1.1" 200 7015
186.103.159.204 - - [07/Mar/2018:08:49:47 -0300] "GET /cormun/servlet/trsolicitudot? HTTP/1.1" 200 7015
190.100.93.40 - - [07/Mar/2018:08:49:48 -0300] "GET /cormun/servlet/solicitudot?e0c7ba328d0e30016209d87e4c6852ade4374e388feba220eb40724ed3ae04fba588854d08fd9d5dc5dc03affeebb358,gx-no-cache=1520423340830 HTTP/1.1" 200 30
190.100.93.40 - - [07/Mar/2018:08:49:54 -0300] "POST /cormun/servlet/solicitudot?gx-no-cache=1520423346964 HTTP/1.1" 200 33
192.168.4.251 - - [07/Mar/2018:08:50:06 -0300] "GET /cormun/servlet/trsolicitudot? HTTP/1.1" 200 12318
192.168.4.251 - - [07/Mar/2018:08:50:06 -0300] "GET /cormun/servlet/trsolicitudot? HTTP/1.1" 200 12318
190.100.93.40 - - [07/Mar/2018:08:50:14 -0300] "POST /cormun/servlet/solicitudot?f3e7e32bf83ae012c7e652d4f5fd3086,INS,0,0,,gx-no-cache=1520423366178 HTTP/1.1" 200 93
190.100.93.40 - - [07/Mar/2018:08:50:14 -0300] "GET /cormun/servlet/hpexe_return? HTTP/1.1" 200 1011
190.100.93.40 - - [07/Mar/2018:08:50:14 -0300] "GET /cormun/servlet/trsolicitudot HTTP/1.1" 200 10407
190.100.93.40 - - [07/Mar/2018:08:50:14 -0300] "GET /cormun/servlet/trsolicitudot HTTP/1.1" 200 10403
190.100.93.40 - - [07/Mar/2018:08:50:16 -0300] "GET /cormun/servlet/solicitudot?INS,0,0, HTTP/1.1" 200 13793
190.100.93.40 - - [07/Mar/2018:08:50:17 -0300] "GET /cormun/servlet/solicitudot?INS,0,0, HTTP/1.1" 200 13798
190.100.93.40 - - [07/Mar/2018:08:50:28 -0300] "POST /cormun/servlet/solicitudot?gx-no-cache=1520423380882 HTTP/1.1" 200 3393
190.100.93.40 - - [07/Mar/2018:08:50:29 -0300] "POST /cormun/servlet/solicitudot?f3e7e32bf83ae012c7e652d4f5fd3086,INS,0,0,,gx-no-cache=1520423381058 HTTP/1.1" 200 10560
190.100.93.40 - - [07/Mar/2018:08:50:29 -0300] "GET /cormun/servlet/solicitudot?e0c7ba328d0e30016209d87e4c6852ade20cdcd2503d1b86d04e98571b3ad23c4f3e0347e43baf03a28b21e51d655143,gx-no-cache=1520423381280 HTTP/1.1" 200 30
190.100.93.40 - - [07/Mar/2018:08:50:33 -0300] "GET /cormun/servlet/solicitudot?e0c7ba328d0e30016209d87e4c6852ada5cddabe7977e0a7aa91e3453528c9abdcdf1771bcac78d7d5440c013bdaa246,gx-no-cache=1520423385205 HTTP/1.1" 200 30
190.100.93.40 - - [07/Mar/2018:08:50:33 -0300] "GET /cormun/servlet/solicitudot?e0c7ba328d0e30016209d87e4c6852ad1da68ee10ea09e92de39f912237d0667,gx-no-cache=1520423385262 HTTP/1.1" 200 53
190.100.93.40 - - [07/Mar/2018:08:50:33 -0300] "POST /cormun/servlet/solicitudot?gx-no-cache=1520423385329 HTTP/1.1" 200 255
190.100.93.40 - - [07/Mar/2018:08:50:33 -0300] "GET /cormun/servlet/solicitudot?e0c7ba328d0e30016209d87e4c6852ad2430aad9f03a2a22e211478f957c863e3de11949e2863c137590f9ef3c05d831f67523ee81396bb9570a25bdc0314d75045fd09e9a708ba5deb4e4ced09162c3a1d9ac0e3571bf62b0713a0223c000904ded48f9df654bc9bfee66280defe0999316f7d9a9f3be7b4cd142a66492792ef6cf0e4da5b39874ac423ea80fa929cd22814c23f1dccdb4925d6949cbe217a7bda5c43e502ae86dd252d1896d0c3c5a8514b836c6402dfa290e28988929a65744d456ea04b0755c5ef13c76bdebbf630eac064bb932639f39b21c9f5a262fd60a0ca244343c1d95d1be88ef3e6079d5a0e7725f764e2f2d6497b371a52b29ba7d658369e75b1da34f26a136371eb1e67e41f8e23f1ce86cbcda07d5739ffa03f54f642af0088b08452c4dbeb1f40bc63fc39f4e559345c8d1c8634e33b7a6ca109adaea9122ef905a446b95c2a663a5a7bc569982f5786758f7f7e9a356d704d5a9e4eaf54dec94d970ba992591ad6c4299adca63c140e675da50488e7afb76,gx-no-cache=1520423385389 HTTP/1.1" 200 30
190.100.93.40 - - [07/Mar/2018:08:50:34 -0300] "POST /cormun/servlet/solicitudot?gx-no-cache=1520423387152 HTTP/1.1" 200 30
190.100.93.40 - - [07/Mar/2018:08:50:45 -0300] "POST /cormun/servlet/solicitudot?gx-no-cache=1520423397866 HTTP/1.1" 200 1337
190.100.93.40 - - [07/Mar/2018:08:50:45 -0300] "POST /cormun/servlet/solicitudot?gx-no-cache=1520423398008 HTTP/1.1" 200 38
192.168.10.96 - - [07/Mar/2018:08:50:56 -0300] "POST /cormun/servlet/hlogin?af46d8dc18f3c8e590b4e23eb7e7f08c,gx-no-cache=1520423295663 HTTP/1.1" 440 972
192.168.10.96 - - [07/Mar/2018:08:50:57 -0300] "GET /cormun/servlet/hlogin HTTP/1.1" 200 1734
192.168.10.96 - - [07/Mar/2018:08:50:57 -0300] "GET /cormun/servlet/hlogin HTTP/1.1" 200 1734
192.168.10.96 - - [07/Mar/2018:08:51:03 -0300] "POST /cormun/servlet/hlogin?f76370769538e7701bcd9d6137845dcf,gx-no-cache=1520423302190 HTTP/1.1" 200 90
192.168.10.96 - - [07/Mar/2018:08:51:03 -0300] "GET /cormun/servlet/hpexe_link HTTP/1.1" 200 955
192.168.10.96 - - [07/Mar/2018:08:51:03 -0300] "GET /cormun/static/gxcfg.js?20177612121792 HTTP/1.1" 304 -
192.168.10.96 - - [07/Mar/2018:08:51:03 -0300] "GET /cormun/servlet/hhome HTTP/1.1" 200 4709
192.168.10.96 - - [07/Mar/2018:08:51:03 -0300] "GET /cormun/static/gxcfg.js?20175251212442 HTTP/1.1" 304 -
190.100.93.40 - - [07/Mar/2018:08:51:03 -0300] "GET /cormun/servlet/solicitudot?e0c7ba328d0e30016209d87e4c6852ade309e77b75d2a8d7bb2db6981561bdc9115cd28a59f422a12ede3147ad7662ff27a7747150feb821ed45882c0a9522cf2eb7c9e1cc7fcf352b714e696bba9feed58c2577e1d3647b6dfd66eb6d4247d75be47b51ff7bd3ae229494c083e05858a63fdf4818236068f8b4ee72ddc05b09254a3560520251516d19b33c5ef899ab65a2da86ade33968557ac91268fbf675,gx-no-cache=1520423415749 HTTP/1.1" 200 29
190.100.93.40 - - [07/Mar/2018:08:51:03 -0300] "POST /cormun/servlet/solicitudot?gx-no-cache=1520423415833 HTTP/1.1" 200 1318
190.100.93.40 - - [07/Mar/2018:08:51:03 -0300] "POST /cormun/servlet/solicitudot?gx-no-cache=1520423415905 HTTP/1.1" 200 1219
190.100.93.40 - - [07/Mar/2018:08:51:03 -0300] "GET /cormun/static/menuarrow.gif HTTP/1.1" 404 1015
192.168.10.96 - - [07/Mar/2018:08:51:04 -0300] "GET /cormun/servlet/hhome HTTP/1.1" 200 4708
190.100.93.40 - - [07/Mar/2018:08:51:05 -0300] "POST /cormun/servlet/solicitudot?gx-no-cache=1520423417300 HTTP/1.1" 200 1318
190.100.93.40 - - [07/Mar/2018:08:51:05 -0300] "POST /cormun/servlet/solicitudot?gx-no-cache=1520423417416 HTTP/1.1" 200 1219
190.100.93.40 - - [07/Mar/2018:08:51:06 -0300] "GET /cormun/servlet/solicitudot?e0c7ba328d0e30016209d87e4c6852ade4374e388feba220eb40724ed3ae04fba588854d08fd9d5dc5dc03affeebb358,gx-no-cache=1520423418538 HTTP/1.1" 200 30
192.168.10.96 - - [07/Mar/2018:08:51:07 -0300] "GET /cormun/servlet/trsolicitudgral? HTTP/1.1" 200 28362
192.168.10.96 - - [07/Mar/2018:08:51:07 -0300] "GET /cormun/static/gxcfg.js?201813119461163 HTTP/1.1" 304 -
192.168.10.96 - - [07/Mar/2018:08:51:09 -0300] "GET /cormun/servlet/trsolicitudgral? HTTP/1.1" 200 28360
190.100.93.40 - - [07/Mar/2018:08:51:14 -0300] "POST /cormun/servlet/solicitudot?gx-no-cache=1520423426696 HTTP/1.1" 200 30
192.168.10.96 - - [07/Mar/2018:08:51:21 -0300] "POST /cormun/servlet/trsolicitudgral?f76370769538e7701bcd9d6137845dcf,,gx-no-cache=1520423320219 HTTP/1.1" 200 19624
192.168.10.96 - - [07/Mar/2018:08:51:30 -0300] "POST /cormun/servlet/trsolicitudgral?f76370769538e7701bcd9d6137845dcf,,gx-no-cache=1520423329788 HTTP/1.1" 200 7691
190.100.93.40 - - [07/Mar/2018:08:51:38 -0300] "POST /cormun/servlet/solicitudot?f3e7e32bf83ae012c7e652d4f5fd3086,INS,0,0,,gx-no-cache=1520423450480 HTTP/1.1" 200 93
190.100.93.40 - - [07/Mar/2018:08:51:38 -0300] "GET /cormun/servlet/hpexe_return? HTTP/1.1" 200 1011
190.100.93.40 - - [07/Mar/2018:08:51:38 -0300] "GET /cormun/servlet/trsolicitudot HTTP/1.1" 200 10776
190.100.93.40 - - [07/Mar/2018:08:51:39 -0300] "GET /cormun/servlet/trsolicitudot HTTP/1.1" 200 10772
186.103.159.204 - - [07/Mar/2018:08:51:41 -0300] "POST /cormun/servlet/trsolicitudot?133d08d9f3c0c9e50c3b34b847e311a1,,gx-no-cache=1520423448574 HTTP/1.1" 200 4303
190.100.93.40 - - [07/Mar/2018:08:51:41 -0300] "GET /cormun/servlet/solicitudot?INS,0,0, HTTP/1.1" 200 13793
190.100.93.40 - - [07/Mar/2018:08:51:42 -0300] "GET /cormun/servlet/solicitudot?INS,0,0, HTTP/1.1" 200 13798
192.168.10.96 - - [07/Mar/2018:08:51:43 -0300] "POST /cormun/servlet/trsolicitudgral?f76370769538e7701bcd9d6137845dcf,,gx-no-cache=1520423342773 HTTP/1.1" 200 7691
192.168.10.96 - - [07/Mar/2018:08:51:48 -0300] "POST /cormun/servlet/trsolicitudgral?f76370769538e7701bcd9d6137845dcf,,gx-no-cache=1520423347478 HTTP/1.1" 200 7288
190.100.93.40 - - [07/Mar/2018:08:51:50 -0300] "POST /cormun/servlet/solicitudot?gx-no-cache=1520423462216 HTTP/1.1" 200 3401
190.100.93.40 - - [07/Mar/2018:08:51:50 -0300] "POST /cormun/servlet/solicitudot?f3e7e32bf83ae012c7e652d4f5fd3086,INS,0,0,,gx-no-cache=1520423462496 HTTP/1.1" 200 10567
186.103.159.204 - - [07/Mar/2018:08:51:50 -0300] "POST /cormun/servlet/trsolicitudot?133d08d9f3c0c9e50c3b34b847e311a1,,gx-no-cache=1520423457891 HTTP/1.1" 200 4302
190.100.93.40 - - [07/Mar/2018:08:51:50 -0300] "GET /cormun/servlet/solicitudot?e0c7ba328d0e30016209d87e4c6852ad86e678c8edef8bc8eb73b6518986bce04f3e0347e43baf03a28b21e51d655143,gx-no-cache=1520423462710 HTTP/1.1" 200 30
192.168.10.96 - - [07/Mar/2018:08:51:53 -0300] "POST /cormun/servlet/trsolicitudgral?f76370769538e7701bcd9d6137845dcf,,gx-no-cache=1520423352445 HTTP/1.1" 200 5942
190.100.93.40 - - [07/Mar/2018:08:51:53 -0300] "GET /cormun/servlet/solicitudot?e0c7ba328d0e30016209d87e4c6852ad227f50019a565226eb5d237211d092565ba18ca73a73b4740a21f2bc2922688ad01ae9c2c1f4b1ac392c950fe8140bff,gx-no-cache=1520423465800 HTTP/1.1" 200 30
190.100.93.40 - - [07/Mar/2018:08:51:53 -0300] "GET /cormun/servlet/solicitudot?e0c7ba328d0e30016209d87e4c6852ad1da68ee10ea09e92de39f912237d0667,gx-no-cache=1520423465860 HTTP/1.1" 200 53
190.100.93.40 - - [07/Mar/2018:08:51:53 -0300] "POST /cormun/servlet/solicitudot?gx-no-cache=1520423465929 HTTP/1.1" 200 255
190.100.93.40 - - [07/Mar/2018:08:51:53 -0300] "GET /cormun/servlet/solicitudot?e0c7ba328d0e30016209d87e4c6852ad2430aad9f03a2a22e211478f957c863e3de11949e2863c137590f9ef3c05d831f67523ee81396bb9570a25bdc0314d75045fd09e9a708ba5deb4e4ced09162c3a1d9ac0e3571bf62b0713a0223c000904ded48f9df654bc9bfee66280defe0999316f7d9a9f3be7b4cd142a66492792ef6cf0e4da5b39874ac423ea80fa929cd22814c23f1dccdb4925d6949cbe217a7bda5c43e502ae86dd252d1896d0c3c5a8514b836c6402dfa290e28988929a65744d456ea04b0755c5ef13c76bdebbf630eac064bb932639f39b21c9f5a262fd60a0ca244343c1d95d1be88ef3e6079d5a0e7725f764e2f2d6497b371a52b29ba7d658369e75b1da34f26a136371eb1e67e41f8e23f1ce86cbcda07d5739ffa03f54f642af0088b08452c4dbeb1f40bc63fc39f4e559345c8d1c8634e33b7a6ca109adaea9122ef905a446b95c2a663a5a7bc569982f5786758f7f7e9a356d704d5a9e4eaf54dec94d970ba992591ad6c4299adca63c140e675da50488e7afb76,gx-no-cache=1520423466008 HTTP/1.1" 200 30
190.100.93.40 - - [07/Mar/2018:08:51:55 -0300] "POST /cormun/servlet/solicitudot?gx-no-cache=1520423467567 HTTP/1.1" 200 30
190.100.93.40 - - [07/Mar/2018:08:51:58 -0300] "POST /cormun/servlet/solicitudot?gx-no-cache=1520423470733 HTTP/1.1" 200 30
192.168.10.96 - - [07/Mar/2018:08:52:04 -0300] "POST /cormun/servlet/trsolicitudgral?f76370769538e7701bcd9d6137845dcf,,gx-no-cache=1520423363686 HTTP/1.1" 200 5942
190.100.93.40 - - [07/Mar/2018:08:52:08 -0300] "POST /cormun/servlet/solicitudot?gx-no-cache=1520423480566 HTTP/1.1" 200 1337
190.100.93.40 - - [07/Mar/2018:08:52:08 -0300] "POST /cormun/servlet/solicitudot?gx-no-cache=1520423480688 HTTP/1.1" 200 38
190.100.93.40 - - [07/Mar/2018:08:52:15 -0300] "GET /cormun/servlet/solicitudot?e0c7ba328d0e30016209d87e4c6852ade309e77b75d2a8d7bb2db6981561bdc9115cd28a59f422a12ede3147ad7662ff27a7747150feb821ed45882c0a9522cf2eb7c9e1cc7fcf352b714e696bba9feed58c2577e1d3647b6dfd66eb6d4247d75be47b51ff7bd3ae229494c083e05858a63fdf4818236068f8b4ee72ddc05b09254a3560520251516d19b33c5ef899ab65a2da86ade33968557ac91268fbf675,gx-no-cache=1520423487483 HTTP/1.1" 200 29
190.100.93.40 - - [07/Mar/2018:08:52:15 -0300] "POST /cormun/servlet/solicitudot?gx-no-cache=1520423487564 HTTP/1.1" 200 1318
190.100.93.40 - - [07/Mar/2018:08:52:15 -0300] "POST /cormun/servlet/solicitudot?gx-no-cache=1520423487709 HTTP/1.1" 200 1219
190.100.93.40 - - [07/Mar/2018:08:52:15 -0300] "GET /cormun/static/menuarrow.gif HTTP/1.1" 404 1015
190.100.93.40 - - [07/Mar/2018:08:52:16 -0300] "POST /cormun/servlet/solicitudot?gx-no-cache=1520423488878 HTTP/1.1" 200 1318
190.100.93.40 - - [07/Mar/2018:08:52:16 -0300] "POST /cormun/servlet/solicitudot?gx-no-cache=1520423488938 HTTP/1.1" 200 1219
192.168.4.251 - - [07/Mar/2018:08:52:17 -0300] "GET /cormun/servlet/trautorizarsolicitud? HTTP/1.1" 200 7325
192.168.4.251 - - [07/Mar/2018:08:52:17 -0300] "GET /cormun/servlet/trautorizarsolicitud? HTTP/1.1" 200 7325
190.100.93.40 - - [07/Mar/2018:08:52:17 -0300] "GET /cormun/servlet/solicitudot?e0c7ba328d0e30016209d87e4c6852ade4374e388feba220eb40724ed3ae04fba588854d08fd9d5dc5dc03affeebb358,gx-no-cache=1520423490016 HTTP/1.1" 200 30
186.103.159.183 - - [07/Mar/2018:08:52:20 -0300] "GET /cormun/servlet/hlogin HTTP/1.1" 200 1726
186.103.159.183 - - [07/Mar/2018:08:52:20 -0300] "GET /cormun/static/gxcfg.js?20175251213516 HTTP/1.1" 200 953
186.103.159.183 - - [07/Mar/2018:08:52:20 -0300] "GET /cormun/static/gxtimezone.js?85251 HTTP/1.1" 200 5781
186.103.159.183 - - [07/Mar/2018:08:52:20 -0300] "GET /cormun/static/hlogin.js?20175251213537 HTTP/1.1" 200 2136
186.103.159.183 - - [07/Mar/2018:08:52:20 -0300] "GET /cormun/static/messages.spa.js?85251 HTTP/1.1" 200 30736
186.103.159.183 - - [07/Mar/2018:08:52:20 -0300] "GET /cormun/static/Resources/Spanish/PXTools.css?11423723 HTTP/1.1" 200 89042
186.103.159.183 - - [07/Mar/2018:08:52:20 -0300] "GET /cormun/static/gxgral.js?85251 HTTP/1.1" 200 384558
186.103.159.183 - - [07/Mar/2018:08:52:20 -0300] "GET /cormun/static/Resources/ComunLogin.png HTTP/1.1" 200 17326
186.103.159.183 - - [07/Mar/2018:08:52:20 -0300] "GET /cormun/static/Resources/PXToolsLoginTop.png HTTP/1.1" 200 1337
186.103.159.183 - - [07/Mar/2018:08:52:20 -0300] "GET /cormun/static/Resources/PXToolsButtonLeft21.png HTTP/1.1" 200 1287
186.103.159.183 - - [07/Mar/2018:08:52:20 -0300] "GET /cormun/static/Resources/PXToolsButtonRight21.png HTTP/1.1" 200 1283
186.103.159.183 - - [07/Mar/2018:08:52:20 -0300] "GET /cormun/static/Resources/PXToolsLoginBackground.png HTTP/1.1" 200 1164
186.103.159.183 - - [07/Mar/2018:08:52:20 -0300] "GET /cormun/static/Resources/PXToolsButtonBackground2.png HTTP/1.1" 200 1181
186.103.159.183 - - [07/Mar/2018:08:52:20 -0300] "GET /cormun/static/Resources/PXToolsLoginBottom.png HTTP/1.1" 200 1389
186.103.159.183 - - [07/Mar/2018:08:52:20 -0300] "GET /cormun/static/Resources/indicator.gif HTTP/1.1" 200 1553
186.103.159.183 - - [07/Mar/2018:08:52:20 -0300] "GET /cormun/servlet/hlogin HTTP/1.1" 200 1736
186.103.159.183 - - [07/Mar/2018:08:52:20 -0300] "GET /favicon.ico HTTP/1.1" 200 21630
186.103.159.183 - - [07/Mar/2018:08:52:21 -0300] "GET /cormun/static/Resources/PXToolsLoginBackground.png HTTP/1.1" 200 1164
186.103.159.183 - - [07/Mar/2018:08:52:21 -0300] "GET /favicon.ico HTTP/1.1" 200 21630
192.168.4.251 - - [07/Mar/2018:08:52:23 -0300] "POST /cormun/servlet/trautorizarsolicitud?ea4d8bfe37876c0bb45a79a0c834d6b3,,gx-no-cache=1520423494082 HTTP/1.1" 200 4415
190.100.93.40 - - [07/Mar/2018:08:52:24 -0300] "POST /cormun/servlet/solicitudot?gx-no-cache=1520423496491 HTTP/1.1" 200 30
192.168.4.251 - - [07/Mar/2018:08:52:25 -0300] "POST /cormun/servlet/trautorizarsolicitud?ea4d8bfe37876c0bb45a79a0c834d6b3,,gx-no-cache=1520423495941 HTTP/1.1" 200 4415
192.168.4.251 - - [07/Mar/2018:08:52:31 -0300] "POST /cormun/servlet/trautorizarsolicitud?ea4d8bfe37876c0bb45a79a0c834d6b3,,gx-no-cache=1520423502522 HTTP/1.1" 200 9269
190.100.93.40 - - [07/Mar/2018:08:52:39 -0300] "POST /cormun/servlet/solicitudot?f3e7e32bf83ae012c7e652d4f5fd3086,INS,0,0,,gx-no-cache=1520423510871 HTTP/1.1" 200 93
190.100.93.40 - - [07/Mar/2018:08:52:39 -0300] "GET /cormun/servlet/hpexe_return? HTTP/1.1" 200 1011
190.100.93.40 - - [07/Mar/2018:08:52:39 -0300] "GET /cormun/servlet/trsolicitudot HTTP/1.1" 200 11096
190.100.93.40 - - [07/Mar/2018:08:52:40 -0300] "GET /cormun/servlet/trsolicitudot HTTP/1.1" 200 11091
190.100.93.40 - - [07/Mar/2018:08:52:42 -0300] "GET /cormun/servlet/solicitudot?INS,0,0, HTTP/1.1" 200 13792
190.100.93.40 - - [07/Mar/2018:08:52:43 -0300] "GET /cormun/servlet/solicitudot?INS,0,0, HTTP/1.1" 200 13797
186.103.159.183 - - [07/Mar/2018:08:52:43 -0300] "POST /cormun/servlet/hlogin?ccd0c86ca3e583d01893575a1185685d,gx-no-cache=1520423517298 HTTP/1.1" 200 90
186.103.159.183 - - [07/Mar/2018:08:52:43 -0300] "GET /cormun/servlet/hpexe_link HTTP/1.1" 200 957
186.103.159.183 - - [07/Mar/2018:08:52:44 -0300] "GET /cormun/static/gxcfg.js?20177612121792 HTTP/1.1" 200 953
186.103.159.183 - - [07/Mar/2018:08:52:44 -0300] "GET /cormun/static/hpexe_link.js?20177612121795 HTTP/1.1" 200 625
186.103.159.183 - - [07/Mar/2018:08:52:44 -0300] "GET /cormun/static/Resources/Spanish/PXTools.css?1155365 HTTP/1.1" 200 89042
186.103.159.183 - - [07/Mar/2018:08:52:44 -0300] "GET /cormun/servlet/hhome HTTP/1.1" 200 4200
186.103.159.183 - - [07/Mar/2018:08:52:44 -0300] "GET /cormun/static/Shared/jqueryui/jquery-ui.min.css?1245370 HTTP/1.1" 200 30288
186.103.159.183 - - [07/Mar/2018:08:52:44 -0300] "GET /cormun/static/SmoothNavMenu/resources/ddsmoothmenu-v.css?1012540 HTTP/1.1" 200 1188
186.103.159.183 - - [07/Mar/2018:08:52:44 -0300] "GET /cormun/static/SmoothNavMenu/resources/ddsmoothmenu.css?1012540 HTTP/1.1" 200 2223
186.103.159.183 - - [07/Mar/2018:08:52:44 -0300] "GET /cormun/static/scaMessage/css/jquery.pnotify.default.css?1716380 HTTP/1.1" 200 1707
186.103.159.183 - - [07/Mar/2018:08:52:44 -0300] "GET /cormun/static/gxcfg.js?20175251212442 HTTP/1.1" 200 953
186.103.159.183 - - [07/Mar/2018:08:52:44 -0300] "GET /cormun/static/PXToolsJavascripts/pexe_autoreload.js HTTP/1.1" 200 1762
186.103.159.183 - - [07/Mar/2018:08:52:44 -0300] "GET /cormun/static/PXToolsJavascripts/pexe_windows.js HTTP/1.1" 200 15207
186.103.159.183 - - [07/Mar/2018:08:52:44 -0300] "GET /cormun/static/PXToolsJavascripts/pexe_grid.js HTTP/1.1" 200 7559
186.103.159.183 - - [07/Mar/2018:08:52:44 -0300] "GET /cormun/static/PXToolsJavascripts/pexe_griddivfix.js HTTP/1.1" 200 6644
186.103.159.183 - - [07/Mar/2018:08:52:44 -0300] "GET /cormun/static/PXToolsJavascripts/pexe_link.js HTTP/1.1" 200 5671
186.103.159.183 - - [07/Mar/2018:08:52:44 -0300] "GET /cormun/static/PXToolsJavascripts/pexe_menudivfix.js HTTP/1.1" 200 333
186.103.159.183 - - [07/Mar/2018:08:52:44 -0300] "GET /cormun/static/PXToolsJavascripts/pexe_menus.js HTTP/1.1" 200 1286
186.103.159.183 - - [07/Mar/2018:08:52:44 -0300] "GET /cormun/static/PXToolsJavascripts/pexe_layers.js HTTP/1.1" 200 4114
186.103.159.183 - - [07/Mar/2018:08:52:44 -0300] "GET /cormun/static/PXToolsJavascripts/pexe_oav.js HTTP/1.1" 200 645
186.103.159.183 - - [07/Mar/2018:08:52:44 -0300] "GET /cormun/static/PXToolsJavascripts/pexe_oavdivfix.js HTTP/1.1" 200 639
186.103.159.183 - - [07/Mar/2018:08:52:44 -0300] "GET /cormun/static/PXToolsJavascripts/pexe_picture.js HTTP/1.1" 200 689
186.103.159.183 - - [07/Mar/2018:08:52:44 -0300] "GET /cormun/static/PXToolsJavascripts/pexe_popup.js HTTP/1.1" 200 13458
186.103.159.183 - - [07/Mar/2018:08:52:44 -0300] "GET /cormun/static/PXToolsJavascripts/pexe_scrolldiv.js HTTP/1.1" 200 4138
186.103.159.183 - - [07/Mar/2018:08:52:44 -0300] "GET /cormun/static/PXToolsJavascripts/pexe_tabdivfix.js HTTP/1.1" 200 876
186.103.159.183 - - [07/Mar/2018:08:52:44 -0300] "GET /cormun/static/PXToolsJavascripts/pexe_tabs.js HTTP/1.1" 200 3748
186.103.159.183 - - [07/Mar/2018:08:52:44 -0300] "GET /cormun/static/PXToolsJavascripts/pexe_upload.js HTTP/1.1" 200 1423
186.103.159.183 - - [07/Mar/2018:08:52:44 -0300] "GET /cormun/static/PXToolsJavascripts/PXToolsJavascriptsRender.js HTTP/1.1" 200 367
186.103.159.183 - - [07/Mar/2018:08:52:44 -0300] "GET /cormun/static/RunJS/RunJS.js HTTP/1.1" 200 288
186.103.159.183 - - [07/Mar/2018:08:52:44 -0300] "GET /cormun/static/PXToolsJavascripts/pexe_cookies.js HTTP/1.1" 200 792
186.103.159.183 - - [07/Mar/2018:08:52:44 -0300] "GET /cormun/static/Shared/ext/locale/ext-lang-en.js HTTP/1.1" 200 10940
186.103.159.183 - - [07/Mar/2018:08:52:44 -0300] "GET /cormun/static/hhome.js?20175251212450 HTTP/1.1" 200 777
186.103.159.183 - - [07/Mar/2018:08:52:44 -0300] "GET /cormun/static/hpexe_recentlink.js?20177611595044 HTTP/1.1" 200 2144
186.103.159.183 - - [07/Mar/2018:08:52:44 -0300] "GET /cormun/static/gxui/gxui-all.js HTTP/1.1" 200 107772
186.103.159.183 - - [07/Mar/2018:08:52:44 -0300] "GET /cormun/static/hpexe_messagecontroller.js?20177611595012 HTTP/1.1" 200 870
186.103.159.183 - - [07/Mar/2018:08:52:44 -0300] "GET /cormun/static/hpexe_messagepopupcomponent.js?20161017169425 HTTP/1.1" 200 605
186.103.159.183 - - [07/Mar/2018:08:52:44 -0300] "GET /cormun/static/hpexe_messagegenexuscomponent.js?201752511465344 HTTP/1.1" 200 587
186.103.159.183 - - [07/Mar/2018:08:52:44 -0300] "GET /cormun/static/cmcontrolpreferences.js?201752511465670 HTTP/1.1" 200 1375
186.103.159.183 - - [07/Mar/2018:08:52:44 -0300] "GET /cormun/static/Shared/jquery/jquery-1.4.2.min.js HTTP/1.1" 200 72174
186.103.159.183 - - [07/Mar/2018:08:52:44 -0300] "GET /cormun/static/hwchdr01.js?201752511465785 HTTP/1.1" 200 1183
186.103.159.183 - - [07/Mar/2018:08:52:44 -0300] "GET /cormun/static/SmoothNavMenu/resources/ddsmoothmenu.js HTTP/1.1" 200 12712
186.103.159.183 - - [07/Mar/2018:08:52:44 -0300] "GET /cormun/static/SmoothNavMenu/resources/SmoothNavMenuRender.js HTTP/1.1" 200 5951
186.103.159.183 - - [07/Mar/2018:08:52:44 -0300] "GET /cormun/static/hpexe_scripts.js?201752511465715 HTTP/1.1" 200 1544
186.103.159.183 - - [07/Mar/2018:08:52:44 -0300] "GET /cormun/static/Shared/jquery/jquery-1.10.2.min.js HTTP/1.1" 200 273199
186.103.159.183 - - [07/Mar/2018:08:52:44 -0300] "GET /cormun/static/scaMessage/js/jquery.pnotify.min.js HTTP/1.1" 200 13038
186.103.159.183 - - [07/Mar/2018:08:52:44 -0300] "GET /cormun/static/scaMessage/scaMessageRender.js HTTP/1.1" 200 11977
186.103.159.183 - - [07/Mar/2018:08:52:44 -0300] "GET /cormun/static/hmpwkw03.js?20177612122668 HTTP/1.1" 200 3965
186.103.159.183 - - [07/Mar/2018:08:52:44 -0300] "GET /cormun/static/Resources/logo4.png HTTP/1.1" 200 6582
186.103.159.183 - - [07/Mar/2018:08:52:44 -0300] "GET /cormun/static/Resources/PXToolsHeaderActionsLeft.png HTTP/1.1" 200 1118
186.103.159.183 - - [07/Mar/2018:08:52:44 -0300] "GET /cormun/static/Resources/PXToolsHeaderHome.png HTTP/1.1" 200 4147
186.103.159.183 - - [07/Mar/2018:08:52:44 -0300] "GET /cormun/static/Resources/PXToolsHeaderLogin.png HTTP/1.1" 200 4279
186.103.159.183 - - [07/Mar/2018:08:52:44 -0300] "GET /cormun/static/Resources/PXToolsHeaderPreferences.png HTTP/1.1" 200 4189
186.103.159.183 - - [07/Mar/2018:08:52:44 -0300] "GET /cormun/static/Resources/PXToolsHeaderSecurity.png HTTP/1.1" 200 4166
186.103.159.183 - - [07/Mar/2018:08:52:45 -0300] "GET /cormun/static/Resources/PXToolsHeaderActionsRight.png HTTP/1.1" 200 1201
