186.103.159.230 - - [07/Mar/2018:10:40:10 -0300] "GET /cormun/static/gxcfg.js?20175251213516 HTTP/1.1" 304 -
186.103.159.44 - - [07/Mar/2018:10:40:19 -0300] "GET /cormun/servlet/prlicenciaspermisos?9021206,L,,MD,,gxPopupLevel%3D0%3B HTTP/1.1" 200 5485
186.103.159.44 - - [07/Mar/2018:10:40:19 -0300] "GET /cormun/static/gxui/gxui-all.css?110300 HTTP/1.1" 200 2179
186.103.159.44 - - [07/Mar/2018:10:40:19 -0300] "GET /cormun/static/calendar-system.css?75620 HTTP/1.1" 200 5572
186.103.159.44 - - [07/Mar/2018:10:40:19 -0300] "GET /cormun/static/gxcfg.js?20176272053834 HTTP/1.1" 200 953
186.103.159.44 - - [07/Mar/2018:10:40:20 -0300] "GET /cormun/static/Resources/Spanish/PXTools.css?17315867 HTTP/1.1" 200 89042
186.103.159.44 - - [07/Mar/2018:10:40:20 -0300] "GET /cormun/static/prlicenciaspermisos.js?20176272054050 HTTP/1.1" 200 13379
186.103.159.44 - - [07/Mar/2018:10:40:20 -0300] "GET /cormun/static/Shared/ext/resources/css/ext-all.css?205870 HTTP/1.1" 200 416045
186.103.159.230 - - [07/Mar/2018:10:40:25 -0300] "POST /cormun/servlet/hlogin?cd8ea1db8dde17ef89de90de4c4805b3,gx-no-cache=1520429975546 HTTP/1.1" 200 426
186.103.159.44 - - [07/Mar/2018:10:40:37 -0300] "POST /cormun/servlet/solicitudot?gx-no-cache=1520429989233 HTTP/1.1" 200 1317
186.103.159.44 - - [07/Mar/2018:10:40:37 -0300] "POST /cormun/servlet/solicitudot?gx-no-cache=1520429989300 HTTP/1.1" 200 1218
186.103.159.44 - - [07/Mar/2018:10:40:37 -0300] "GET /cormun/servlet/solicitudot?1fcec558f6086734dc1c747fd0a6ae97b1f35a3c7798476b1a026b62c1ab03e6bf526cdb4a61ac6f69c5fd5bc9df8250,gx-no-cache=1520429989347 HTTP/1.1" 200 134
186.103.159.230 - - [07/Mar/2018:10:40:38 -0300] "POST /cormun/servlet/hlogin?cd8ea1db8dde17ef89de90de4c4805b3,gx-no-cache=1520429988187 HTTP/1.1" 200 90
186.103.159.230 - - [07/Mar/2018:10:40:38 -0300] "GET /cormun/servlet/hpexe_link HTTP/1.1" 200 947
186.103.159.230 - - [07/Mar/2018:10:40:38 -0300] "GET /cormun/static/gxcfg.js?20177612121792 HTTP/1.1" 304 -
186.103.159.230 - - [07/Mar/2018:10:40:38 -0300] "GET /cormun/servlet/hhome HTTP/1.1" 200 4149
186.103.159.230 - - [07/Mar/2018:10:40:38 -0300] "GET /cormun/static/gxcfg.js?20175251212442 HTTP/1.1" 304 -
186.103.159.230 - - [07/Mar/2018:10:40:39 -0300] "GET /cormun/servlet/hhome HTTP/1.1" 200 4145
186.103.159.44 - - [07/Mar/2018:10:41:07 -0300] "GET /cormun/servlet/solicitudot?1fcec558f6086734dc1c747fd0a6ae971f342dd52faf147556f01007389d397dbf526cdb4a61ac6f69c5fd5bc9df8250,gx-no-cache=1520430019741 HTTP/1.1" 200 30
186.103.159.44 - - [07/Mar/2018:10:41:07 -0300] "POST /cormun/servlet/solicitudot?gx-no-cache=1520430019821 HTTP/1.1" 200 34
186.103.159.230 - - [07/Mar/2018:10:41:22 -0300] "GET /cormun/servlet/trsolicitudot? HTTP/1.1" 200 7362
186.103.159.230 - - [07/Mar/2018:10:41:22 -0300] "GET /cormun/static/gxcfg.js?2017111422585916 HTTP/1.1" 304 -
186.103.159.230 - - [07/Mar/2018:10:41:23 -0300] "GET /cormun/servlet/trsolicitudot? HTTP/1.1" 200 7361
186.103.159.230 - - [07/Mar/2018:10:41:24 -0300] "GET /cormun/servlet/solicitudot?INS,0,0, HTTP/1.1" 200 13599
186.103.159.230 - - [07/Mar/2018:10:41:25 -0300] "GET /cormun/static/gxcfg.js?201812313224582 HTTP/1.1" 304 -
186.103.159.230 - - [07/Mar/2018:10:41:25 -0300] "GET /cormun/servlet/solicitudot?INS,0,0, HTTP/1.1" 200 13604
186.103.159.44 - - [07/Mar/2018:10:41:28 -0300] "POST /cormun/servlet/solicitudot?8ae4eda44ce8ac7ca3ba57164078a9fb,INS,0,0,,gx-no-cache=1520430039900 HTTP/1.1" 200 93
186.103.159.44 - - [07/Mar/2018:10:41:28 -0300] "GET /cormun/servlet/hpexe_return? HTTP/1.1" 200 1005
186.103.159.44 - - [07/Mar/2018:10:41:28 -0300] "GET /cormun/static/gxcfg.js?2016101716175148 HTTP/1.1" 200 953
186.103.159.44 - - [07/Mar/2018:10:41:28 -0300] "GET /cormun/static/hpexe_return.js?2016101716175153 HTTP/1.1" 200 1633
186.103.159.44 - - [07/Mar/2018:10:41:28 -0300] "GET /cormun/static/Resources/Spanish/PXTools.css?167811 HTTP/1.1" 200 89042
186.103.159.44 - - [07/Mar/2018:10:41:28 -0300] "GET /cormun/servlet/trsolicitudot HTTP/1.1" 200 8785
186.103.159.44 - - [07/Mar/2018:10:41:29 -0300] "GET /cormun//static/Resources/PXToolsGridUpdate.png HTTP/1.1" 200 2984
186.103.159.44 - - [07/Mar/2018:10:41:29 -0300] "GET /cormun//static/Resources/PXToolsGridDelete.png HTTP/1.1" 200 357
186.103.159.44 - - [07/Mar/2018:10:41:29 -0300] "GET /cormun//static/Resources/PXToolsRemoveAllAction.png HTTP/1.1" 200 3558
186.103.159.44 - - [07/Mar/2018:10:41:29 -0300] "GET /cormun//static/Resources/PXToolsActionView.png HTTP/1.1" 200 2995
186.103.159.44 - - [07/Mar/2018:10:41:29 -0300] "GET /cormun//static/Resources/PXTools/ActionInsert.png HTTP/1.1" 200 1482
186.103.159.44 - - [07/Mar/2018:10:41:32 -0300] "POST /cormun/servlet/trsolicitudot?8ae4eda44ce8ac7ca3ba57164078a9fb,gx-no-cache=1520430044986 HTTP/1.1" 200 106
186.103.159.44 - - [07/Mar/2018:10:41:32 -0300] "GET /cormun/servlet/trsolicitudadjuntos?2018,10188, HTTP/1.1" 200 6245
186.103.159.44 - - [07/Mar/2018:10:41:33 -0300] "GET /cormun/static/gxcfg.js?20177612135366 HTTP/1.1" 200 953
186.103.159.44 - - [07/Mar/2018:10:41:33 -0300] "GET /cormun/static/trsolicitudadjuntos.js?20177612135632 HTTP/1.1" 200 17922
186.103.159.44 - - [07/Mar/2018:10:41:36 -0300] "GET /cormun/servlet/solicitudotadjuntos?INS,2018,10188,,1, HTTP/1.1" 200 6189
186.103.159.44 - - [07/Mar/2018:10:41:36 -0300] "GET /cormun/static/gxcfg.js?2017761244068 HTTP/1.1" 200 953
186.103.159.44 - - [07/Mar/2018:10:41:37 -0300] "HEAD /cormun/static/about:blank HTTP/1.1" 404 -
186.103.159.44 - - [07/Mar/2018:10:41:37 -0300] "GET /cormun/static/solicitudotadjuntos.js?2017761244086 HTTP/1.1" 200 11771
186.103.159.44 - - [07/Mar/2018:10:41:37 -0300] "GET /cormun/servlet/solicitudotadjuntos?1fcec558f6086734dc1c747fd0a6ae97de40f9aa632fba8e66b5636d5231b03e9d0ae1962f3ea0e837ad7534f90dcf50,gx-no-cache=1520430050077 HTTP/1.1" 200 30
186.103.159.44 - - [07/Mar/2018:10:41:38 -0300] "POST /cormun/servlet/solicitudotadjuntos?8ae4eda44ce8ac7ca3ba57164078a9fb,INS,2018,10188,,1,,gx-no-cache=1520430050131 HTTP/1.1" 200 3975
186.103.159.44 - - [07/Mar/2018:10:41:41 -0300] "POST /cormun/servlet/solicitudotadjuntos?gx-no-cache=1520430054147 HTTP/1.1" 200 26
186.103.159.230 - - [07/Mar/2018:10:41:51 -0300] "POST /cormun/servlet/solicitudot?gx-no-cache=1520430061224 HTTP/1.1" 200 3395
186.103.159.230 - - [07/Mar/2018:10:41:51 -0300] "POST /cormun/servlet/solicitudot?cd8ea1db8dde17ef89de90de4c4805b3,INS,0,0,,gx-no-cache=1520430061567 HTTP/1.1" 200 10556
186.103.159.44 - - [07/Mar/2018:10:41:54 -0300] "GET /cormun/servlet/solicitudotadjuntos?1fcec558f6086734dc1c747fd0a6ae978f4a520bd777214aef83c7f6ec12d7a1,gx-no-cache=1520430067067 HTTP/1.1" 200 30
186.103.159.44 - - [07/Mar/2018:10:41:54 -0300] "GET /cormun/servlet/solicitudotadjuntos?1fcec558f6086734dc1c747fd0a6ae978f4a520bd777214aef83c7f6ec12d7a1,gx-no-cache=1520430067090 HTTP/1.1" 200 30
186.103.159.230 - - [07/Mar/2018:10:41:56 -0300] "GET /cormun/servlet/solicitudot?fdd620391d3820ed802205f866aece9a6229565c85c567ebf31a99fed64e1f32433536d9b307405c567fc0fe3d493c32,gx-no-cache=1520430065902 HTTP/1.1" 200 30
186.103.159.44 - - [07/Mar/2018:10:41:56 -0300] "POST /cormun/servlet/solicitudotadjuntos?8ae4eda44ce8ac7ca3ba57164078a9fb,INS,2018,10188,,1, HTTP/1.1" 200 116
186.103.159.44 - - [07/Mar/2018:10:41:56 -0300] "GET /cormun/servlet/hpexe_return? HTTP/1.1" 200 1025
186.103.159.44 - - [07/Mar/2018:10:41:56 -0300] "GET /cormun/servlet/trsolicitudadjuntos?2018,10188, HTTP/1.1" 200 8728
186.103.159.44 - - [07/Mar/2018:10:42:00 -0300] "GET /cormun/servlet/solicitudotadjuntos?INS,2018,10188,,1, HTTP/1.1" 200 6190
186.103.159.44 - - [07/Mar/2018:10:42:00 -0300] "HEAD /cormun/static/about:blank HTTP/1.1" 404 -
186.103.159.44 - - [07/Mar/2018:10:42:01 -0300] "GET /cormun/servlet/solicitudotadjuntos?1fcec558f6086734dc1c747fd0a6ae97de40f9aa632fba8e66b5636d5231b03e9d0ae1962f3ea0e837ad7534f90dcf50,gx-no-cache=1520430073453 HTTP/1.1" 200 30
186.103.159.44 - - [07/Mar/2018:10:42:01 -0300] "POST /cormun/servlet/solicitudotadjuntos?8ae4eda44ce8ac7ca3ba57164078a9fb,INS,2018,10188,,1,,gx-no-cache=1520430073512 HTTP/1.1" 200 3976
186.103.159.44 - - [07/Mar/2018:10:42:04 -0300] "POST /cormun/servlet/solicitudotadjuntos?gx-no-cache=1520430076362 HTTP/1.1" 200 26
186.103.159.44 - - [07/Mar/2018:10:42:08 -0300] "GET /cormun/servlet/solicitudotadjuntos?1fcec558f6086734dc1c747fd0a6ae978f4a520bd777214aef83c7f6ec12d7a1,gx-no-cache=1520430080971 HTTP/1.1" 200 30
186.103.159.44 - - [07/Mar/2018:10:42:08 -0300] "GET /cormun/servlet/solicitudotadjuntos?1fcec558f6086734dc1c747fd0a6ae978f4a520bd777214aef83c7f6ec12d7a1,gx-no-cache=1520430080989 HTTP/1.1" 200 30
186.103.159.44 - - [07/Mar/2018:10:42:12 -0300] "POST /cormun/servlet/solicitudotadjuntos?8ae4eda44ce8ac7ca3ba57164078a9fb,INS,2018,10188,,1, HTTP/1.1" 200 116
186.103.159.44 - - [07/Mar/2018:10:42:12 -0300] "GET /cormun/servlet/hpexe_return? HTTP/1.1" 200 1025
186.103.159.44 - - [07/Mar/2018:10:42:13 -0300] "GET /cormun/servlet/trsolicitudadjuntos?2018,10188, HTTP/1.1" 200 8955
186.103.159.230 - - [07/Mar/2018:10:42:13 -0300] "GET /cormun/servlet/solicitudot?fdd620391d3820ed802205f866aece9a6db60dfd9ab80da6feb447c992b940c1ccc6a8714ad137a3824551f4a905d17f,gx-no-cache=1520430083252 HTTP/1.1" 200 30
186.103.159.230 - - [07/Mar/2018:10:42:13 -0300] "GET /cormun/servlet/solicitudot?fdd620391d3820ed802205f866aece9a1a2021e5b1009a01c4af0bb3fcfa96b6,gx-no-cache=1520430083286 HTTP/1.1" 200 51
186.103.159.230 - - [07/Mar/2018:10:42:13 -0300] "POST /cormun/servlet/solicitudot?gx-no-cache=1520430083321 HTTP/1.1" 200 255
186.103.159.230 - - [07/Mar/2018:10:42:13 -0300] "GET /cormun/servlet/solicitudot?fdd620391d3820ed802205f866aece9abec8b0b2101ae336fc9e813fc86d69e7f044d90181fdba46d0f917c615c4599a93c178ff0fda2331b6472dccee3458a01714647081ed5cec98a2b3a9bf7b0c568fe2e558d3be85edb5696ace9ea2f92b20894b4b280f50f2b8b7f9c6b8819c0542db01e2269651071280da24a2d5448af7607bab94ed079adfc76ba46e96283c1426aa76855bc117d804051301733b4c7257f3a8690fdf83ccd63ca7bba1195170c72b52b89b3aa33cbb574610c0198b0765787ca1da0c67dcd1e8967c7729d4f92758904ef7fc95ec9e03075b2063f34cb23f184f9fc23aabfb4aa3bd7efda92d4bbc923c3c97c38d7b1022a02b2ec740e4945f0f6d74de751dc48b3ed1f6e97d6b7e91e2953d6941a224a75ed95a65c4e089e627a3769aeb8789882a488a97417c3dbfb2cf65d70ea08902009272dea87a4ec71e5d1fd117ddf928b7867ca9a933d167e12842fe5a37d2120b00d963b90373f54e0bc81aa683111eae6fd6a2e218e428932c25e50643da85f874f9ac,gx-no-cache=1520430083369 HTTP/1.1" 200 30
186.103.159.44 - - [07/Mar/2018:10:42:16 -0300] "GET /cormun/servlet/solicitudotadjuntos?INS,2018,10188,,1, HTTP/1.1" 200 6190
186.103.159.44 - - [07/Mar/2018:10:42:16 -0300] "HEAD /cormun/static/about:blank HTTP/1.1" 404 -
186.103.159.44 - - [07/Mar/2018:10:42:17 -0300] "GET /cormun/servlet/solicitudotadjuntos?1fcec558f6086734dc1c747fd0a6ae97de40f9aa632fba8e66b5636d5231b03e9d0ae1962f3ea0e837ad7534f90dcf50,gx-no-cache=1520430089547 HTTP/1.1" 200 30
186.103.159.44 - - [07/Mar/2018:10:42:17 -0300] "POST /cormun/servlet/solicitudotadjuntos?8ae4eda44ce8ac7ca3ba57164078a9fb,INS,2018,10188,,1,,gx-no-cache=1520430089581 HTTP/1.1" 200 3976
186.103.159.44 - - [07/Mar/2018:10:42:19 -0300] "POST /cormun/servlet/solicitudotadjuntos?gx-no-cache=1520430092065 HTTP/1.1" 200 26
186.103.159.230 - - [07/Mar/2018:10:42:25 -0300] "POST /cormun/servlet/solicitudot?gx-no-cache=1520430095731 HTTP/1.1" 200 30
186.103.159.44 - - [07/Mar/2018:10:42:25 -0300] "GET /cormun/servlet/solicitudotadjuntos?1fcec558f6086734dc1c747fd0a6ae978f4a520bd777214aef83c7f6ec12d7a1,gx-no-cache=1520430098033 HTTP/1.1" 200 30
186.103.159.44 - - [07/Mar/2018:10:42:25 -0300] "GET /cormun/servlet/solicitudotadjuntos?1fcec558f6086734dc1c747fd0a6ae978f4a520bd777214aef83c7f6ec12d7a1,gx-no-cache=1520430098052 HTTP/1.1" 200 30
186.103.159.230 - - [07/Mar/2018:10:42:28 -0300] "GET /cormun/servlet/prcontratosol?12857569,,,,,MD,,gxPopupLevel%3D0%3B HTTP/1.1" 200 8918
186.103.159.230 - - [07/Mar/2018:10:42:36 -0300] "POST /cormun/servlet/solicitudot?gx-no-cache=1520430106413 HTTP/1.1" 200 1337
186.103.159.230 - - [07/Mar/2018:10:42:36 -0300] "POST /cormun/servlet/solicitudot?gx-no-cache=1520430106474 HTTP/1.1" 200 38
186.103.159.230 - - [07/Mar/2018:10:42:36 -0300] "GET /cormun/servlet/solicitudot?fdd620391d3820ed802205f866aece9ae2defb8485111d8b30e818e70e5955f943b1f9fd3093c7b698094cbd4a94326a4fa375e86e7afcf0c11bb6a8a691e6804905cf6f0dc21a2c38fef504d61f88a1b4737ee4ab7cd94d8be9a9d1b3385a955e59d65580cba2f8bd535fde3ed8d5570ebcfbeb1b63566c3f1ca835c93eb58f569586c7502bfebb28d63050864ce1832e91d80cdc7c5a80a0c862393461e324,gx-no-cache=1520430106509 HTTP/1.1" 200 29
186.103.159.230 - - [07/Mar/2018:10:42:36 -0300] "POST /cormun/servlet/solicitudot?gx-no-cache=1520430106542 HTTP/1.1" 200 1319
186.103.159.230 - - [07/Mar/2018:10:42:36 -0300] "POST /cormun/servlet/solicitudot?gx-no-cache=1520430106595 HTTP/1.1" 200 1219
186.103.159.230 - - [07/Mar/2018:10:42:36 -0300] "GET /cormun/servlet/solicitudot?fdd620391d3820ed802205f866aece9aeff0e8ba89dd434080f102d8612f9df6,gx-no-cache=1520430106647 HTTP/1.1" 200 30
186.103.159.230 - - [07/Mar/2018:10:42:44 -0300] "POST /cormun/servlet/solicitudot?gx-no-cache=1520430114179 HTTP/1.1" 200 30
186.103.159.230 - - [07/Mar/2018:10:42:48 -0300] "POST /cormun/servlet/solicitudot?gx-no-cache=1520430118476 HTTP/1.1" 200 1337
186.103.159.230 - - [07/Mar/2018:10:42:48 -0300] "POST /cormun/servlet/solicitudot?gx-no-cache=1520430118541 HTTP/1.1" 200 38
186.103.159.230 - - [07/Mar/2018:10:43:00 -0300] "POST /cormun/servlet/solicitudot?gx-no-cache=1520430130422 HTTP/1.1" 200 1318
186.103.159.230 - - [07/Mar/2018:10:43:00 -0300] "POST /cormun/servlet/solicitudot?gx-no-cache=1520430130485 HTTP/1.1" 200 1219
186.103.159.230 - - [07/Mar/2018:10:43:00 -0300] "GET /cormun/static/menuarrow.gif HTTP/1.1" 404 1015
186.103.159.230 - - [07/Mar/2018:10:43:02 -0300] "POST /cormun/servlet/solicitudot?gx-no-cache=1520430132213 HTTP/1.1" 200 1318
186.103.159.230 - - [07/Mar/2018:10:43:02 -0300] "POST /cormun/servlet/solicitudot?gx-no-cache=1520430132271 HTTP/1.1" 200 1219
186.103.159.230 - - [07/Mar/2018:10:43:04 -0300] "GET /cormun/servlet/solicitudot?fdd620391d3820ed802205f866aece9af8e73efe4260cf9351d3a3810f450ed78c20e9b5ae79e152c5565187e10a0f7c,gx-no-cache=1520430134657 HTTP/1.1" 200 30
186.103.159.230 - - [07/Mar/2018:10:43:17 -0300] "POST /cormun/servlet/solicitudot?gx-no-cache=1520430147387 HTTP/1.1" 200 30
186.103.159.44 - - [07/Mar/2018:10:43:19 -0300] "POST /cormun/servlet/solicitudotadjuntos?8ae4eda44ce8ac7ca3ba57164078a9fb,INS,2018,10188,,1, HTTP/1.1" 200 7009
192.168.10.89 - - [07/Mar/2018:10:43:43 -0300] "POST /cormun/servlet/trsolicitudgral?878bf79079808e7471065755eb99f9b8,,gx-no-cache=1520430062715 HTTP/1.1" 200 7309
186.103.159.44 - - [07/Mar/2018:10:44:23 -0300] "POST /cormun/servlet/solicitudotadjuntos?gx-no-cache=1520430215904 HTTP/1.1" 200 26
186.103.159.44 - - [07/Mar/2018:10:44:28 -0300] "GET /cormun/servlet/solicitudotadjuntos?1fcec558f6086734dc1c747fd0a6ae978f4a520bd777214aef83c7f6ec12d7a1,gx-no-cache=1520430220593 HTTP/1.1" 200 30
186.103.159.44 - - [07/Mar/2018:10:44:28 -0300] "GET /cormun/servlet/solicitudotadjuntos?1fcec558f6086734dc1c747fd0a6ae978f4a520bd777214aef83c7f6ec12d7a1,gx-no-cache=1520430220612 HTTP/1.1" 200 30
186.103.159.44 - - [07/Mar/2018:10:44:29 -0300] "POST /cormun/servlet/solicitudotadjuntos?8ae4eda44ce8ac7ca3ba57164078a9fb,INS,2018,10188,,1, HTTP/1.1" 200 116
186.103.159.44 - - [07/Mar/2018:10:44:29 -0300] "GET /cormun/servlet/hpexe_return? HTTP/1.1" 200 1025
186.103.159.44 - - [07/Mar/2018:10:44:30 -0300] "GET /cormun/servlet/trsolicitudadjuntos?2018,10188, HTTP/1.1" 200 9125
186.103.159.44 - - [07/Mar/2018:10:44:35 -0300] "GET /cormun/servlet/solicitudotadjuntos?INS,2018,10188,,1, HTTP/1.1" 200 6190
186.103.159.44 - - [07/Mar/2018:10:44:35 -0300] "HEAD /cormun/static/about:blank HTTP/1.1" 404 -
186.103.159.44 - - [07/Mar/2018:10:44:36 -0300] "GET /cormun/servlet/solicitudotadjuntos?1fcec558f6086734dc1c747fd0a6ae97de40f9aa632fba8e66b5636d5231b03e9d0ae1962f3ea0e837ad7534f90dcf50,gx-no-cache=1520430228763 HTTP/1.1" 200 30
186.103.159.44 - - [07/Mar/2018:10:44:36 -0300] "POST /cormun/servlet/solicitudotadjuntos?8ae4eda44ce8ac7ca3ba57164078a9fb,INS,2018,10188,,1,,gx-no-cache=1520430228823 HTTP/1.1" 200 3976
186.103.159.44 - - [07/Mar/2018:10:44:37 -0300] "POST /cormun/servlet/solicitudotadjuntos?gx-no-cache=1520430229841 HTTP/1.1" 200 26
186.103.159.44 - - [07/Mar/2018:10:44:41 -0300] "GET /cormun/servlet/solicitudotadjuntos?1fcec558f6086734dc1c747fd0a6ae978f4a520bd777214aef83c7f6ec12d7a1,gx-no-cache=1520430233543 HTTP/1.1" 200 30
186.103.159.44 - - [07/Mar/2018:10:44:41 -0300] "GET /cormun/servlet/solicitudotadjuntos?1fcec558f6086734dc1c747fd0a6ae978f4a520bd777214aef83c7f6ec12d7a1,gx-no-cache=1520430233561 HTTP/1.1" 200 30
186.103.159.44 - - [07/Mar/2018:10:44:42 -0300] "POST /cormun/servlet/solicitudotadjuntos?8ae4eda44ce8ac7ca3ba57164078a9fb,INS,2018,10188,,1, HTTP/1.1" 200 6431
186.103.159.44 - - [07/Mar/2018:10:44:44 -0300] "GET /home/sistema/apache-tomcat-7.0.65/webapps/cormun/PrivateTempStorage/upload_00005294.pdf HTTP/1.1" 404 1135
186.103.159.44 - - [07/Mar/2018:10:44:44 -0300] "GET /cormun/static/Shared/jqueryui/images/ui-icons_ebccce_256x240.png HTTP/1.1" 404 1089
186.103.159.44 - - [07/Mar/2018:10:44:44 -0300] "GET /cormun/static/Shared/jqueryui/images/ui-bg_highlight-soft_100_c6c2c8_1x100.png HTTP/1.1" 404 1117
186.103.159.44 - - [07/Mar/2018:10:44:44 -0300] "GET /cormun/static/Shared/jqueryui/images/ui-icons_82798d_256x240.png HTTP/1.1" 404 1089
186.103.159.44 - - [07/Mar/2018:10:44:44 -0300] "GET /cormun/static/Shared/jqueryui/images/ui-bg_flat_55_994d53_40x100.png HTTP/1.1" 404 1097
186.103.159.44 - - [07/Mar/2018:10:44:44 -0300] "GET /cormun/PrivateTempStorage/upload_00005294.pdf HTTP/1.1" 200 557283
186.103.159.44 - - [07/Mar/2018:10:44:44 -0300] "GET /cormun/PrivateTempStorage/upload_00005294.pdf HTTP/1.1" 206 4096
186.103.159.44 - - [07/Mar/2018:10:44:44 -0300] "GET /cormun/PrivateTempStorage/upload_00005294.pdf HTTP/1.1" 206 421625
186.103.159.44 - - [07/Mar/2018:10:45:00 -0300] "GET /cormun/servlet/solicitudotadjuntos?1fcec558f6086734dc1c747fd0a6ae97d0326067227ee017037e542eebe64f29f523eece7c0dca0240b07735ad6a1abb,gx-no-cache=1520430252442 HTTP/1.1" 200 30
186.103.159.44 - - [07/Mar/2018:10:45:00 -0300] "GET /cormun/servlet/solicitudotadjuntos?1fcec558f6086734dc1c747fd0a6ae973356f662bf4713f20c16c9eab10d3bdcf523eece7c0dca0240b07735ad6a1abb,gx-no-cache=1520430252463 HTTP/1.1" 200 30
186.103.159.44 - - [07/Mar/2018:10:45:01 -0300] "POST /cormun/servlet/solicitudotadjuntos?8ae4eda44ce8ac7ca3ba57164078a9fb,INS,2018,10188,,1, HTTP/1.1" 200 6430
186.103.159.44 - - [07/Mar/2018:10:45:01 -0300] "GET /home/sistema/apache-tomcat-7.0.65/webapps/cormun/PrivateTempStorage/upload_00005306.pdf HTTP/1.1" 404 1135
186.103.159.44 - - [07/Mar/2018:10:45:02 -0300] "GET /cormun/PrivateTempStorage/upload_00005306.pdf HTTP/1.1" 200 557283
186.103.159.44 - - [07/Mar/2018:10:45:02 -0300] "GET /cormun/PrivateTempStorage/upload_00005306.pdf HTTP/1.1" 206 4096
186.103.159.44 - - [07/Mar/2018:10:45:02 -0300] "GET /cormun/PrivateTempStorage/upload_00005306.pdf HTTP/1.1" 206 518025
186.103.159.44 - - [07/Mar/2018:10:45:04 -0300] "POST /cormun/servlet/solicitudotadjuntos?8ae4eda44ce8ac7ca3ba57164078a9fb,INS,2018,10188,,1, HTTP/1.1" 200 116
186.103.159.44 - - [07/Mar/2018:10:45:04 -0300] "GET /cormun/servlet/hpexe_return? HTTP/1.1" 200 1025
186.103.159.44 - - [07/Mar/2018:10:45:05 -0300] "GET /cormun/servlet/trsolicitudadjuntos?2018,10188, HTTP/1.1" 200 9126
186.103.159.44 - - [07/Mar/2018:10:45:17 -0300] "GET /cormun/servlet/solicitudotadjuntos?INS,2018,10188,,1, HTTP/1.1" 200 6190
186.103.159.44 - - [07/Mar/2018:10:45:18 -0300] "HEAD /cormun/static/about:blank HTTP/1.1" 404 -
186.103.159.44 - - [07/Mar/2018:10:45:18 -0300] "GET /cormun/servlet/solicitudotadjuntos?1fcec558f6086734dc1c747fd0a6ae97de40f9aa632fba8e66b5636d5231b03e9d0ae1962f3ea0e837ad7534f90dcf50,gx-no-cache=1520430271081 HTTP/1.1" 200 30
186.103.159.44 - - [07/Mar/2018:10:45:19 -0300] "POST /cormun/servlet/solicitudotadjuntos?8ae4eda44ce8ac7ca3ba57164078a9fb,INS,2018,10188,,1,,gx-no-cache=1520430271112 HTTP/1.1" 200 3976
186.103.159.44 - - [07/Mar/2018:10:45:21 -0300] "POST /cormun/servlet/solicitudotadjuntos?gx-no-cache=1520430273769 HTTP/1.1" 200 26
186.103.159.44 - - [07/Mar/2018:10:45:28 -0300] "GET /cormun/servlet/solicitudotadjuntos?1fcec558f6086734dc1c747fd0a6ae978f4a520bd777214aef83c7f6ec12d7a1,gx-no-cache=1520430280346 HTTP/1.1" 200 30
186.103.159.44 - - [07/Mar/2018:10:45:28 -0300] "GET /cormun/servlet/solicitudotadjuntos?1fcec558f6086734dc1c747fd0a6ae978f4a520bd777214aef83c7f6ec12d7a1,gx-no-cache=1520430280365 HTTP/1.1" 200 30
186.103.159.44 - - [07/Mar/2018:10:45:29 -0300] "POST /cormun/servlet/solicitudotadjuntos?8ae4eda44ce8ac7ca3ba57164078a9fb,INS,2018,10188,,1, HTTP/1.1" 200 116
186.103.159.44 - - [07/Mar/2018:10:45:29 -0300] "GET /cormun/servlet/hpexe_return? HTTP/1.1" 200 1025
186.103.159.44 - - [07/Mar/2018:10:45:30 -0300] "GET /cormun/servlet/trsolicitudadjuntos?2018,10188, HTTP/1.1" 200 9335
186.103.159.44 - - [07/Mar/2018:10:45:34 -0300] "GET /cormun/servlet/solicitudotadjuntos?INS,2018,10188,,1, HTTP/1.1" 200 6190
186.103.159.44 - - [07/Mar/2018:10:45:34 -0300] "HEAD /cormun/static/about:blank HTTP/1.1" 404 -
186.103.159.44 - - [07/Mar/2018:10:45:35 -0300] "GET /cormun/servlet/solicitudotadjuntos?1fcec558f6086734dc1c747fd0a6ae97de40f9aa632fba8e66b5636d5231b03e9d0ae1962f3ea0e837ad7534f90dcf50,gx-no-cache=1520430287898 HTTP/1.1" 200 30
186.103.159.44 - - [07/Mar/2018:10:45:35 -0300] "POST /cormun/servlet/solicitudotadjuntos?8ae4eda44ce8ac7ca3ba57164078a9fb,INS,2018,10188,,1,,gx-no-cache=1520430287930 HTTP/1.1" 200 3976
186.103.159.44 - - [07/Mar/2018:10:45:38 -0300] "POST /cormun/servlet/solicitudotadjuntos?gx-no-cache=1520430290738 HTTP/1.1" 200 26
186.103.159.44 - - [07/Mar/2018:10:45:43 -0300] "GET /cormun/servlet/solicitudotadjuntos?1fcec558f6086734dc1c747fd0a6ae978f4a520bd777214aef83c7f6ec12d7a1,gx-no-cache=1520430296155 HTTP/1.1" 200 30
186.103.159.44 - - [07/Mar/2018:10:45:44 -0300] "GET /cormun/servlet/solicitudotadjuntos?1fcec558f6086734dc1c747fd0a6ae978f4a520bd777214aef83c7f6ec12d7a1,gx-no-cache=1520430296174 HTTP/1.1" 200 30
186.103.159.44 - - [07/Mar/2018:10:45:51 -0300] "POST /cormun/servlet/solicitudotadjuntos?8ae4eda44ce8ac7ca3ba57164078a9fb,INS,2018,10188,,1, HTTP/1.1" 200 116
186.103.159.44 - - [07/Mar/2018:10:45:51 -0300] "GET /cormun/servlet/hpexe_return? HTTP/1.1" 200 1025
186.103.159.44 - - [07/Mar/2018:10:45:52 -0300] "GET /cormun/servlet/trsolicitudadjuntos?2018,10188, HTTP/1.1" 200 9578
186.103.159.44 - - [07/Mar/2018:10:45:56 -0300] "GET /cormun/servlet/solicitudotadjuntos?INS,2018,10188,,1, HTTP/1.1" 200 6189
186.103.159.44 - - [07/Mar/2018:10:45:56 -0300] "HEAD /cormun/static/about:blank HTTP/1.1" 404 -
192.168.10.96 - - [07/Mar/2018:10:45:57 -0300] "GET /cormun/servlet/trsolicitudgral? HTTP/1.1" 200 28607
186.103.159.44 - - [07/Mar/2018:10:45:57 -0300] "GET /cormun/servlet/solicitudotadjuntos?1fcec558f6086734dc1c747fd0a6ae97de40f9aa632fba8e66b5636d5231b03e9d0ae1962f3ea0e837ad7534f90dcf50,gx-no-cache=1520430309948 HTTP/1.1" 200 30
186.103.159.44 - - [07/Mar/2018:10:45:57 -0300] "POST /cormun/servlet/solicitudotadjuntos?8ae4eda44ce8ac7ca3ba57164078a9fb,INS,2018,10188,,1,,gx-no-cache=1520430309979 HTTP/1.1" 200 3975
192.168.10.96 - - [07/Mar/2018:10:45:59 -0300] "GET /cormun/servlet/trsolicitudgral? HTTP/1.1" 200 28605
186.103.159.44 - - [07/Mar/2018:10:46:00 -0300] "POST /cormun/servlet/solicitudotadjuntos?gx-no-cache=1520430313081 HTTP/1.1" 200 26
186.103.159.44 - - [07/Mar/2018:10:46:05 -0300] "GET /cormun/servlet/solicitudotadjuntos?1fcec558f6086734dc1c747fd0a6ae978f4a520bd777214aef83c7f6ec12d7a1,gx-no-cache=1520430317994 HTTP/1.1" 200 30
186.103.159.44 - - [07/Mar/2018:10:46:05 -0300] "GET /cormun/servlet/solicitudotadjuntos?1fcec558f6086734dc1c747fd0a6ae978f4a520bd777214aef83c7f6ec12d7a1,gx-no-cache=1520430318012 HTTP/1.1" 200 30
186.103.159.44 - - [07/Mar/2018:10:46:06 -0300] "POST /cormun/servlet/solicitudotadjuntos?8ae4eda44ce8ac7ca3ba57164078a9fb,INS,2018,10188,,1, HTTP/1.1" 200 116
186.103.159.44 - - [07/Mar/2018:10:46:06 -0300] "GET /cormun/servlet/hpexe_return? HTTP/1.1" 200 1025
186.103.159.44 - - [07/Mar/2018:10:46:07 -0300] "GET /cormun/servlet/trsolicitudadjuntos?2018,10188, HTTP/1.1" 200 9829
186.103.159.44 - - [07/Mar/2018:10:46:10 -0300] "GET /cormun/servlet/solicitudotadjuntos?INS,2018,10188,,2, HTTP/1.1" 200 6188
186.103.159.44 - - [07/Mar/2018:10:46:11 -0300] "HEAD /cormun/static/about:blank HTTP/1.1" 404 -
186.103.159.44 - - [07/Mar/2018:10:46:12 -0300] "GET /cormun/servlet/solicitudotadjuntos?1fcec558f6086734dc1c747fd0a6ae97de40f9aa632fba8e66b5636d5231b03e9d0ae1962f3ea0e837ad7534f90dcf50,gx-no-cache=1520430324173 HTTP/1.1" 200 30
186.103.159.44 - - [07/Mar/2018:10:46:12 -0300] "POST /cormun/servlet/solicitudotadjuntos?8ae4eda44ce8ac7ca3ba57164078a9fb,INS,2018,10188,,2,,gx-no-cache=1520430324203 HTTP/1.1" 200 4191
186.103.159.44 - - [07/Mar/2018:10:46:14 -0300] "POST /cormun/servlet/solicitudotadjuntos?gx-no-cache=1520430327082 HTTP/1.1" 200 26
192.168.10.96 - - [07/Mar/2018:10:46:17 -0300] "POST /cormun/servlet/trsolicitudgral?3f9a2d792808354b459fb1f070d4d21e,,gx-no-cache=1520430215786 HTTP/1.1" 200 7271
186.103.159.44 - - [07/Mar/2018:10:46:19 -0300] "GET /cormun/servlet/solicitudotadjuntos?1fcec558f6086734dc1c747fd0a6ae978f4a520bd777214aef83c7f6ec12d7a1,gx-no-cache=1520430331787 HTTP/1.1" 200 30
186.103.159.44 - - [07/Mar/2018:10:46:19 -0300] "GET /cormun/servlet/solicitudotadjuntos?1fcec558f6086734dc1c747fd0a6ae978f4a520bd777214aef83c7f6ec12d7a1,gx-no-cache=1520430331805 HTTP/1.1" 200 30
186.103.159.44 - - [07/Mar/2018:10:46:20 -0300] "POST /cormun/servlet/solicitudotadjuntos?8ae4eda44ce8ac7ca3ba57164078a9fb,INS,2018,10188,,2, HTTP/1.1" 200 116
186.103.159.44 - - [07/Mar/2018:10:46:20 -0300] "GET /cormun/servlet/hpexe_return? HTTP/1.1" 200 1025
186.103.159.44 - - [07/Mar/2018:10:46:21 -0300] "GET /cormun/servlet/trsolicitudadjuntos?2018,10188, HTTP/1.1" 200 9963
192.168.10.96 - - [07/Mar/2018:10:46:21 -0300] "POST /cormun/servlet/trsolicitudgral?3f9a2d792808354b459fb1f070d4d21e,,gx-no-cache=1520430220457 HTTP/1.1" 200 8026
186.103.159.44 - - [07/Mar/2018:10:46:25 -0300] "GET /cormun/servlet/trsolicitudot? HTTP/1.1" 200 8788
192.168.10.96 - - [07/Mar/2018:10:46:46 -0300] "GET /cormun/servlet/vesolicitudgral?2018,9765,, HTTP/1.1" 200 9280
192.168.10.96 - - [07/Mar/2018:10:46:46 -0300] "GET /cormun/pexe_scrolldiv.js HTTP/1.1" 404 1009
192.168.10.96 - - [07/Mar/2018:10:46:46 -0300] "GET /cormun/pexe_scrolldiv.js HTTP/1.1" 404 1009
192.168.10.96 - - [07/Mar/2018:10:46:46 -0300] "GET /cormun/servlet/vesolicitudgral?2018,9765,, HTTP/1.1" 200 9280
192.168.10.96 - - [07/Mar/2018:10:46:48 -0300] "GET /cormun/servlet/vesolicitudgral?2018,9765,,SolicitudOTAdjuntos HTTP/1.1" 200 11311
192.168.10.96 - - [07/Mar/2018:10:46:48 -0300] "GET /cormun/pexe_scrolldiv.js HTTP/1.1" 404 1009
192.168.10.96 - - [07/Mar/2018:10:46:49 -0300] "GET /cormun/pexe_scrolldiv.js HTTP/1.1" 404 1009
186.103.159.44 - - [07/Mar/2018:10:46:49 -0300] "POST /cormun/servlet/trsolicitudot?8ae4eda44ce8ac7ca3ba57164078a9fb,,gx-no-cache=1520430361072 HTTP/1.1" 200 4723
186.103.159.44 - - [07/Mar/2018:10:46:49 -0300] "POST /cormun/servlet/trsolicitudot?8ae4eda44ce8ac7ca3ba57164078a9fb,,gx-no-cache=1520430361452 HTTP/1.1" 200 4460
192.168.10.96 - - [07/Mar/2018:10:46:50 -0300] "GET /cormun/servlet/vesolicitudgral?2018,9765,,SolicitudOTAdjuntos HTTP/1.1" 200 11313
186.103.159.44 - - [07/Mar/2018:10:46:50 -0300] "GET /cormun/static/Shared/jqueryui/images/ui-bg_highlight-soft_100_c6c2c8_1x100.png HTTP/1.1" 404 1117
186.103.159.44 - - [07/Mar/2018:10:46:50 -0300] "GET /cormun/static/Shared/jqueryui/images/ui-icons_8d78a5_256x240.png HTTP/1.1" 404 1089
186.103.159.44 - - [07/Mar/2018:10:46:50 -0300] "GET /cormun/static/Shared/jqueryui/images/ui-bg_flat_55_fafafa_40x100.png HTTP/1.1" 404 1097
186.103.159.44 - - [07/Mar/2018:10:46:50 -0300] "GET /cormun/static/Shared/jqueryui/images/ui-icons_82798d_256x240.png HTTP/1.1" 404 1089
192.168.10.96 - - [07/Mar/2018:10:46:50 -0300] "POST /cormun/servlet/acontrolpreferencessavestate?None,DZAMUDIO,true HTTP/1.1" 200 35
192.168.10.96 - - [07/Mar/2018:10:46:50 -0300] "GET /cormun/PublicTempStorage/isapre1149586.pdf HTTP/1.1" 200 748174
186.103.159.44 - - [07/Mar/2018:10:46:53 -0300] "GET /cormun/servlet/trautorizarsolicitud? HTTP/1.1" 200 8679
186.103.159.44 - - [07/Mar/2018:10:46:53 -0300] "GET /cormun/static/gxcfg.js?2017111423403364 HTTP/1.1" 200 953
186.103.159.44 - - [07/Mar/2018:10:46:53 -0300] "GET /cormun/static/trautorizarsolicitud.js?201711142340425 HTTP/1.1" 200 53910
186.103.159.44 - - [07/Mar/2018:10:46:59 -0300] "POST /cormun/servlet/trautorizarsolicitud?8ae4eda44ce8ac7ca3ba57164078a9fb,,gx-no-cache=1520430370966 HTTP/1.1" 200 4645
186.103.159.44 - - [07/Mar/2018:10:47:01 -0300] "POST /cormun/servlet/trautorizarsolicitud?8ae4eda44ce8ac7ca3ba57164078a9fb,,gx-no-cache=1520430371473 HTTP/1.1" 200 4383
186.103.159.44 - - [07/Mar/2018:10:47:01 -0300] "GET /cormun/static/Shared/jqueryui/images/ui-bg_highlight-soft_100_c6c2c8_1x100.png HTTP/1.1" 404 1117
186.103.159.44 - - [07/Mar/2018:10:47:01 -0300] "GET /cormun/static/Shared/jqueryui/images/ui-icons_8d78a5_256x240.png HTTP/1.1" 404 1089
186.103.159.44 - - [07/Mar/2018:10:47:01 -0300] "GET /cormun/static/Shared/jqueryui/images/ui-bg_flat_55_fafafa_40x100.png HTTP/1.1" 404 1097
186.103.159.44 - - [07/Mar/2018:10:47:01 -0300] "GET /cormun/static/Shared/jqueryui/images/ui-icons_82798d_256x240.png HTTP/1.1" 404 1089
186.103.159.230 - - [07/Mar/2018:10:47:02 -0300] "POST /cormun/servlet/solicitudot?cd8ea1db8dde17ef89de90de4c4805b3,INS,0,0,,gx-no-cache=1520430368875 HTTP/1.1" 200 93
186.103.159.230 - - [07/Mar/2018:10:47:02 -0300] "GET /cormun/servlet/hpexe_return? HTTP/1.1" 200 1003
186.103.159.230 - - [07/Mar/2018:10:47:02 -0300] "GET /cormun/static/gxcfg.js?2016101716175148 HTTP/1.1" 304 -
186.103.159.230 - - [07/Mar/2018:10:47:02 -0300] "GET /cormun/servlet/trsolicitudot HTTP/1.1" 200 7365
186.103.159.230 - - [07/Mar/2018:10:47:03 -0300] "GET /cormun/servlet/trsolicitudot HTTP/1.1" 200 7361
186.103.159.230 - - [07/Mar/2018:10:47:06 -0300] "GET /cormun/servlet/solicitudot?INS,0,0, HTTP/1.1" 200 13600
186.103.159.230 - - [07/Mar/2018:10:47:07 -0300] "GET /cormun/servlet/solicitudot?INS,0,0, HTTP/1.1" 200 13605
186.103.159.230 - - [07/Mar/2018:10:47:22 -0300] "POST /cormun/servlet/solicitudot?gx-no-cache=1520430391980 HTTP/1.1" 200 3366
186.103.159.230 - - [07/Mar/2018:10:47:22 -0300] "POST /cormun/servlet/solicitudot?cd8ea1db8dde17ef89de90de4c4805b3,INS,0,0,,gx-no-cache=1520430392168 HTTP/1.1" 200 10528
192.168.10.61 - - [07/Mar/2018:10:47:28 -0300] "GET /cormun/servlet/trsolicitudgral? HTTP/1.1" 200 27854
192.168.10.61 - - [07/Mar/2018:10:47:28 -0300] "GET /cormun/static/gxcfg.js?201813119461163 HTTP/1.1" 304 -
186.103.159.230 - - [07/Mar/2018:10:47:28 -0300] "GET /cormun/servlet/solicitudot?fdd620391d3820ed802205f866aece9a43f009af0b6a6af8500406b6dceb18be2d3fcfa0de8b1941250982a700354bdf,gx-no-cache=1520430398556 HTTP/1.1" 200 30
192.168.10.61 - - [07/Mar/2018:10:47:29 -0300] "GET /cormun/servlet/trsolicitudgral? HTTP/1.1" 200 27853
192.168.10.61 - - [07/Mar/2018:10:47:52 -0300] "POST /cormun/servlet/trsolicitudgral?8b558222c5e4916546aaeebac8b08e6e,,gx-no-cache=1520430311606 HTTP/1.1" 200 5851
192.168.10.61 - - [07/Mar/2018:10:48:04 -0300] "POST /cormun/servlet/trsolicitudgral?8b558222c5e4916546aaeebac8b08e6e,,gx-no-cache=1520430323041 HTTP/1.1" 200 5848
192.168.10.61 - - [07/Mar/2018:10:48:06 -0300] "POST /cormun/servlet/trsolicitudgral?8b558222c5e4916546aaeebac8b08e6e,,gx-no-cache=1520430325248 HTTP/1.1" 200 5850
186.103.159.230 - - [07/Mar/2018:10:48:15 -0300] "GET /cormun/servlet/solicitudot?fdd620391d3820ed802205f866aece9ab9afb094f13fdd6886d4b54c3ab6c9fd,gx-no-cache=1520430445329 HTTP/1.1" 200 103
186.103.159.230 - - [07/Mar/2018:10:48:15 -0300] "GET /cormun/static/Shared/jqueryui/images/ui-bg_highlight-soft_100_c6c2c8_1x100.png HTTP/1.1" 404 1117
186.103.159.230 - - [07/Mar/2018:10:48:15 -0300] "GET /cormun/servlet/solicitudot?fdd620391d3820ed802205f866aece9a1a2021e5b1009a01c4af0bb3fcfa96b6,gx-no-cache=1520430445466 HTTP/1.1" 200 51
186.103.159.230 - - [07/Mar/2018:10:48:15 -0300] "GET /cormun/static/Shared/jqueryui/images/ui-bg_flat_55_994d53_40x100.png HTTP/1.1" 404 1097
186.103.159.230 - - [07/Mar/2018:10:48:15 -0300] "GET /cormun/static/Shared/jqueryui/images/ui-icons_ebccce_256x240.png HTTP/1.1" 404 1089
186.103.159.230 - - [07/Mar/2018:10:48:15 -0300] "POST /cormun/servlet/solicitudot?gx-no-cache=1520430445564 HTTP/1.1" 200 255
186.103.159.230 - - [07/Mar/2018:10:48:15 -0300] "GET /cormun/static/Shared/jqueryui/images/ui-icons_82798d_256x240.png HTTP/1.1" 404 1089
186.103.159.230 - - [07/Mar/2018:10:48:16 -0300] "GET /cormun/servlet/solicitudot?fdd620391d3820ed802205f866aece9abec8b0b2101ae336fc9e813fc86d69e7f044d90181fdba46d0f917c615c4599a93c178ff0fda2331b6472dccee3458a01714647081ed5cec98a2b3a9bf7b0c568fe2e558d3be85edb5696ace9ea2f92b20894b4b280f50f2b8b7f9c6b8819c0542db01e2269651071280da24a2d5448af7607bab94ed079adfc76ba46e96283c1426aa76855bc117d804051301733b4c7257f3a8690fdf83ccd63ca7bba1195170c72b52b89b3aa33cbb574610c0198b0765787ca1da0c67dcd1e8967c7729d4f92758904ef7fc95ec9e03075b2063f34cb23f184f9fc23aabfb4aa3bd7efda92d4bbc923c3c97c38d7b1022a02b2ec740e4945f0f6d74de751dc48b3ed1f6e97d6b7e91e2953d6941a224a75ed95a65c4e089e627a3769aeb8789882a488a97417c3dbfb2cf65d70ea08902009272dea87a4ec71e5d1fd117ddf928b7867ca9a933d167e12842fe5a37d2120b00d963b90373f54e0bc81aa683111eae6fd6a2e218e428932c25e50643da85f874f9ac,gx-no-cache=1520430445668 HTTP/1.1" 200 30
186.103.159.230 - - [07/Mar/2018:10:48:19 -0300] "POST /cormun/servlet/solicitudot?gx-no-cache=1520430447952 HTTP/1.1" 200 30
192.168.10.61 - - [07/Mar/2018:10:48:20 -0300] "POST /cormun/servlet/trsolicitudgral?8b558222c5e4916546aaeebac8b08e6e,,gx-no-cache=1520430339232 HTTP/1.1" 200 7205
192.168.10.61 - - [07/Mar/2018:10:48:33 -0300] "POST /cormun/servlet/trsolicitudgral?8b558222c5e4916546aaeebac8b08e6e,,gx-no-cache=1520430351929 HTTP/1.1" 200 5850
192.168.10.61 - - [07/Mar/2018:10:48:40 -0300] "POST /cormun/servlet/trsolicitudgral?8b558222c5e4916546aaeebac8b08e6e,,gx-no-cache=1520430358817 HTTP/1.1" 200 7205
186.103.159.230 - - [07/Mar/2018:10:49:42 -0300] "GET /cormun/servlet/solicitudot?fdd620391d3820ed802205f866aece9a51d75239d050360afb7e17b7acc2a5ddf0391e88871a3523694e0f5588f1d325642735e6555744d6cefbfb2f675386df,gx-no-cache=1520430532368 HTTP/1.1" 200 30
186.103.159.230 - - [07/Mar/2018:10:49:42 -0300] "POST /cormun/servlet/solicitudot?gx-no-cache=1520430532540 HTTP/1.1" 200 254
186.103.159.230 - - [07/Mar/2018:10:49:43 -0300] "GET /cormun/servlet/solicitudot?fdd620391d3820ed802205f866aece9abec8b0b2101ae336fc9e813fc86d69e7f044d90181fdba46d0f917c615c4599a93c178ff0fda2331b6472dccee3458a01714647081ed5cec98a2b3a9bf7b0c568fe2e558d3be85edb5696ace9ea2f92b20894b4b280f50f2b8b7f9c6b8819c0542db01e2269651071280da24a2d5448af7607bab94ed079adfc76ba46e96283c1426aa76855bc117d804051301733b4c7257f3a8690fdf83ccd63ca7bba1195170c72b52b89b3aa33cbb574610c0198b0765787ca1da0c67dcd1e8967c7729d4f92758904ef7fc95ec9e03075b2063f34cb23f184f9fc23aabfb4aa3bd7efda92d4bbc923c3c97c38d7b1022a02b2ec740e4945f0f6d74de751dc48b3ed1f6e97d6b7e91e2953d6941a224a75ed95a65c4e089e627a3769aeb8789882a488a97417c3dbfb2cf65d70ea08902009272dea87a4ec71e5d1fd117ddf928b7867ca9a933d167e12842fe5a37d2120b00d963b90373f54e0bc81aa683111eae6fd6a27233fba5e4efdc638089ed92dfd2dbd3,gx-no-cache=1520430532680 HTTP/1.1" 200 30
186.103.159.230 - - [07/Mar/2018:10:49:43 -0300] "POST /cormun/servlet/solicitudot?gx-no-cache=1520430533062 HTTP/1.1" 200 30
186.103.159.230 - - [07/Mar/2018:10:49:43 -0300] "POST /cormun/servlet/solicitudot?gx-no-cache=1520430533113 HTTP/1.1" 200 1337
186.103.159.230 - - [07/Mar/2018:10:49:43 -0300] "POST /cormun/servlet/solicitudot?gx-no-cache=1520430533199 HTTP/1.1" 200 38
186.103.159.230 - - [07/Mar/2018:10:49:52 -0300] "GET /cormun/servlet/solicitudot?fdd620391d3820ed802205f866aece9ae2defb8485111d8b30e818e70e5955f943b1f9fd3093c7b698094cbd4a94326a4fa375e86e7afcf0c11bb6a8a691e6804905cf6f0dc21a2c38fef504d61f88a1b4737ee4ab7cd94d8be9a9d1b3385a955e59d65580cba2f8bd535fde3ed8d5570ebcfbeb1b63566c3f1ca835c93eb58f569586c7502bfebb28d63050864ce1832e91d80cdc7c5a80a0c862393461e324,gx-no-cache=1520430542586 HTTP/1.1" 200 29
186.103.159.230 - - [07/Mar/2018:10:49:52 -0300] "POST /cormun/servlet/solicitudot?gx-no-cache=1520430542635 HTTP/1.1" 200 1318
186.103.159.230 - - [07/Mar/2018:10:49:52 -0300] "POST /cormun/servlet/solicitudot?gx-no-cache=1520430542708 HTTP/1.1" 200 1219
186.103.159.230 - - [07/Mar/2018:10:49:52 -0300] "GET /cormun/static/menuarrow.gif HTTP/1.1" 404 1015
186.103.159.230 - - [07/Mar/2018:10:49:54 -0300] "POST /cormun/servlet/solicitudot?gx-no-cache=1520430544475 HTTP/1.1" 200 1318
186.103.159.230 - - [07/Mar/2018:10:49:54 -0300] "POST /cormun/servlet/solicitudot?gx-no-cache=1520430544553 HTTP/1.1" 200 1219
186.103.159.230 - - [07/Mar/2018:10:49:56 -0300] "GET /cormun/servlet/solicitudot?fdd620391d3820ed802205f866aece9af8e73efe4260cf9351d3a3810f450ed78c20e9b5ae79e152c5565187e10a0f7c,gx-no-cache=1520430546159 HTTP/1.1" 200 30
186.103.159.230 - - [07/Mar/2018:10:50:05 -0300] "POST /cormun/servlet/solicitudot?gx-no-cache=1520430555195 HTTP/1.1" 200 30
186.103.159.230 - - [07/Mar/2018:10:50:21 -0300] "POST /cormun/servlet/solicitudot?cd8ea1db8dde17ef89de90de4c4805b3,INS,0,0,,gx-no-cache=1520430571539 HTTP/1.1" 200 11924
186.103.159.230 - - [07/Mar/2018:10:50:39 -0300] "POST /cormun/servlet/solicitudot?gx-no-cache=1520430589384 HTTP/1.1" 200 30
186.103.159.230 - - [07/Mar/2018:10:50:43 -0300] "GET /cormun/servlet/prcontratosol?8498905,,,,,MD,,gxPopupLevel%3D0%3B HTTP/1.1" 200 7644
192.168.10.61 - - [07/Mar/2018:10:51:01 -0300] "POST /cormun/servlet/trsolicitudgral?8b558222c5e4916546aaeebac8b08e6e,,gx-no-cache=1520430499961 HTTP/1.1" 200 5850
186.103.159.230 - - [07/Mar/2018:10:51:04 -0300] "POST /cormun/servlet/solicitudot?gx-no-cache=1520430614616 HTTP/1.1" 200 1336
186.103.159.230 - - [07/Mar/2018:10:51:04 -0300] "POST /cormun/servlet/solicitudot?gx-no-cache=1520430614718 HTTP/1.1" 200 41
186.103.159.230 - - [07/Mar/2018:10:51:04 -0300] "POST /cormun/servlet/solicitudot?gx-no-cache=1520430614749 HTTP/1.1" 200 1318
186.103.159.230 - - [07/Mar/2018:10:51:04 -0300] "POST /cormun/servlet/solicitudot?gx-no-cache=1520430614808 HTTP/1.1" 200 1219
186.103.159.230 - - [07/Mar/2018:10:51:04 -0300] "GET /cormun/servlet/solicitudot?fdd620391d3820ed802205f866aece9af8e73efe4260cf9351d3a3810f450ed78c20e9b5ae79e152c5565187e10a0f7c,gx-no-cache=1520430614861 HTTP/1.1" 200 30
192.168.10.61 - - [07/Mar/2018:10:51:07 -0300] "POST /cormun/servlet/trsolicitudgral?8b558222c5e4916546aaeebac8b08e6e,,gx-no-cache=1520430506415 HTTP/1.1" 200 8441
192.168.10.61 - - [07/Mar/2018:10:51:11 -0300] "POST /cormun/servlet/trsolicitudgral?8b558222c5e4916546aaeebac8b08e6e,,gx-no-cache=1520430510056 HTTP/1.1" 200 105
192.168.10.61 - - [07/Mar/2018:10:51:11 -0300] "GET /cormun/SolicitudGral-5824.xls HTTP/1.1" 200 6656
186.103.159.230 - - [07/Mar/2018:10:51:16 -0300] "POST /cormun/servlet/solicitudot?gx-no-cache=1520430626639 HTTP/1.1" 200 30
192.168.10.61 - - [07/Mar/2018:10:51:25 -0300] "POST /cormun/servlet/trsolicitudgral?8b558222c5e4916546aaeebac8b08e6e,,gx-no-cache=1520430524543 HTTP/1.1" 200 5851
192.168.10.61 - - [07/Mar/2018:10:51:30 -0300] "POST /cormun/servlet/trsolicitudgral?8b558222c5e4916546aaeebac8b08e6e,,gx-no-cache=1520430528928 HTTP/1.1" 200 8496
192.168.10.61 - - [07/Mar/2018:10:51:31 -0300] "POST /cormun/servlet/trsolicitudgral?8b558222c5e4916546aaeebac8b08e6e,,gx-no-cache=1520430530744 HTTP/1.1" 200 105
192.168.10.61 - - [07/Mar/2018:10:51:32 -0300] "POST /cormun/servlet/trsolicitudgral?8b558222c5e4916546aaeebac8b08e6e,,gx-no-cache=1520430530842 HTTP/1.1" 200 8480
192.168.10.61 - - [07/Mar/2018:10:51:32 -0300] "GET /cormun/SolicitudGral-9917.xls HTTP/1.1" 200 6656
186.103.159.189 - - [07/Mar/2018:10:51:43 -0300] "GET /cormun/servlet/hlogin HTTP/1.1" 200 1720
186.103.159.189 - - [07/Mar/2018:10:51:50 -0300] "GET /cormun/servlet/hlogin HTTP/1.1" 200 1731
186.103.159.189 - - [07/Mar/2018:10:51:52 -0300] "POST /cormun/servlet/hlogin?1c1f0d2225b71a2684eb2b8c4eb67e0f,gx-no-cache=1520430663489 HTTP/1.1" 200 90
186.103.159.189 - - [07/Mar/2018:10:51:53 -0300] "GET /cormun/servlet/hpexe_link HTTP/1.1" 200 951
186.103.159.189 - - [07/Mar/2018:10:51:53 -0300] "GET /cormun/servlet/hhome HTTP/1.1" 200 3972
186.103.159.189 - - [07/Mar/2018:10:51:55 -0300] "GET /cormun/servlet/hhome HTTP/1.1" 200 3969
186.103.159.189 - - [07/Mar/2018:10:52:00 -0300] "GET /cormun/servlet/trvisualizadoreventos? HTTP/1.1" 200 6697
186.103.159.189 - - [07/Mar/2018:10:52:02 -0300] "GET /cormun/servlet/trvisualizadoreventos? HTTP/1.1" 200 6697
186.103.159.189 - - [07/Mar/2018:10:52:06 -0300] "GET /cormun/static/menuarrow.gif HTTP/1.1" 404 1015
186.103.159.189 - - [07/Mar/2018:10:52:20 -0300] "POST /cormun/servlet/trvisualizadoreventos?1c1f0d2225b71a2684eb2b8c4eb67e0f,,gx-no-cache=1520430690743 HTTP/1.1" 200 6767
192.168.10.61 - - [07/Mar/2018:10:52:52 -0300] "POST /cormun/servlet/trsolicitudgral?8b558222c5e4916546aaeebac8b08e6e,,gx-no-cache=1520430611638 HTTP/1.1" 200 10780
186.103.159.189 - - [07/Mar/2018:10:52:55 -0300] "POST /cormun/servlet/trvisualizadoreventos?1c1f0d2225b71a2684eb2b8c4eb67e0f,,gx-no-cache=1520430725702 HTTP/1.1" 200 6992
192.168.10.61 - - [07/Mar/2018:10:52:56 -0300] "POST /cormun/servlet/trsolicitudgral?8b558222c5e4916546aaeebac8b08e6e,,gx-no-cache=1520430615546 HTTP/1.1" 200 105
192.168.10.61 - - [07/Mar/2018:10:52:56 -0300] "POST /cormun/servlet/trsolicitudgral?8b558222c5e4916546aaeebac8b08e6e,,gx-no-cache=1520430615696 HTTP/1.1" 200 10761
192.168.10.61 - - [07/Mar/2018:10:52:57 -0300] "GET /cormun/SolicitudGral-5707.xls HTTP/1.1" 200 9216
192.168.10.61 - - [07/Mar/2018:10:53:02 -0300] "POST /cormun/servlet/trsolicitudgral?8b558222c5e4916546aaeebac8b08e6e,,gx-no-cache=1520430621136 HTTP/1.1" 200 14411
192.168.10.61 - - [07/Mar/2018:10:53:04 -0300] "POST /cormun/servlet/trsolicitudgral?8b558222c5e4916546aaeebac8b08e6e,,gx-no-cache=1520430623647 HTTP/1.1" 200 105
192.168.10.61 - - [07/Mar/2018:10:53:05 -0300] "POST /cormun/servlet/trsolicitudgral?8b558222c5e4916546aaeebac8b08e6e,,gx-no-cache=1520430623847 HTTP/1.1" 200 14393
192.168.10.61 - - [07/Mar/2018:10:53:05 -0300] "GET /cormun/SolicitudGral-8113.xls HTTP/1.1" 200 13824
186.103.159.230 - - [07/Mar/2018:10:53:14 -0300] "GET /cormun/servlet/solicitudot?fdd620391d3820ed802205f866aece9a51d75239d050360afb7e17b7acc2a5ddf0391e88871a3523694e0f5588f1d325642735e6555744d6cefbfb2f675386df,gx-no-cache=1520430744710 HTTP/1.1" 200 30
186.103.159.230 - - [07/Mar/2018:10:53:14 -0300] "POST /cormun/servlet/solicitudot?gx-no-cache=1520430744753 HTTP/1.1" 200 254
186.103.159.230 - - [07/Mar/2018:10:53:15 -0300] "GET /cormun/servlet/solicitudot?fdd620391d3820ed802205f866aece9abec8b0b2101ae336fc9e813fc86d69e7f044d90181fdba46d0f917c615c4599a93c178ff0fda2331b6472dccee3458a01714647081ed5cec98a2b3a9bf7b0c568fe2e558d3be85edb5696ace9ea2f92b20894b4b280f50f2b8b7f9c6b8819c0542db01e2269651071280da24a2d5448af7607bab94ed079adfc76ba46e96283c1426aa76855bc117d804051301733b4c7257f3a8690fdf83ccd63ca7bba1195170c72b52b89b3aa33cbb574610c0198b0765787ca1da0c67dcd1e8967c7729d4f92758904ef7fc95ec9e03075b2063f34cb23f184f9fc23aabfb4aa3bd7efda92d4bbc923c3c97c38d7b1022a02b2ec740e4945f0f6d74de751dc48b3ed1f6e97d6b7e91e2953d6941a224a75ed95a65c4e089e627a3769aeb8789882a488a97417c3dbfb2cf65d70ea08902009272dea87a4ec71e5d1fd117ddf928b7867ca9a933d167e12842fe5a37d2120b00d963b90373f54e0bc81aa683111eae6fd6a27233fba5e4efdc638089ed92dfd2dbd3,gx-no-cache=1520430744801 HTTP/1.1" 200 30
186.103.159.230 - - [07/Mar/2018:10:53:15 -0300] "POST /cormun/servlet/solicitudot?gx-no-cache=1520430745134 HTTP/1.1" 200 30
186.103.159.230 - - [07/Mar/2018:10:53:15 -0300] "POST /cormun/servlet/solicitudot?gx-no-cache=1520430745178 HTTP/1.1" 200 1336
186.103.159.230 - - [07/Mar/2018:10:53:15 -0300] "POST /cormun/servlet/solicitudot?gx-no-cache=1520430745251 HTTP/1.1" 200 41
186.103.159.230 - - [07/Mar/2018:10:53:15 -0300] "POST /cormun/servlet/solicitudot?gx-no-cache=1520430745288 HTTP/1.1" 200 1318
186.103.159.230 - - [07/Mar/2018:10:53:15 -0300] "POST /cormun/servlet/solicitudot?gx-no-cache=1520430745350 HTTP/1.1" 200 1219
186.103.159.230 - - [07/Mar/2018:10:53:15 -0300] "POST /cormun/servlet/solicitudot?gx-no-cache=1520430745409 HTTP/1.1" 200 30
186.103.159.230 - - [07/Mar/2018:10:53:15 -0300] "POST /cormun/servlet/solicitudot?cd8ea1db8dde17ef89de90de4c4805b3,INS,0,0,,gx-no-cache=1520430745446 HTTP/1.1" 200 11979
186.103.159.189 - - [07/Mar/2018:10:53:21 -0300] "POST /cormun/servlet/trvisualizadoreventos?1c1f0d2225b71a2684eb2b8c4eb67e0f,,gx-no-cache=1520430752410 HTTP/1.1" 200 3934
186.103.159.189 - - [07/Mar/2018:10:53:27 -0300] "POST /cormun/servlet/trvisualizadoreventos?1c1f0d2225b71a2684eb2b8c4eb67e0f,,gx-no-cache=1520430757819 HTTP/1.1" 200 3933
186.103.159.189 - - [07/Mar/2018:10:53:32 -0300] "POST /cormun/servlet/trvisualizadoreventos?1c1f0d2225b71a2684eb2b8c4eb67e0f,,gx-no-cache=1520430763068 HTTP/1.1" 200 6992
186.103.159.189 - - [07/Mar/2018:10:53:47 -0300] "GET /cormun/servlet/hlogin HTTP/1.1" 200 1719
186.103.159.189 - - [07/Mar/2018:10:53:48 -0300] "GET /cormun/static/gxcfg.js?20175251213516 HTTP/1.1" 304 -
186.103.159.189 - - [07/Mar/2018:10:53:49 -0300] "GET /cormun/servlet/trhorasextrasplan? HTTP/1.1" 200 6571
186.103.159.189 - - [07/Mar/2018:10:53:49 -0300] "GET /cormun/static/gxcfg.js?201710411305628 HTTP/1.1" 200 953
186.103.159.189 - - [07/Mar/2018:10:53:50 -0300] "GET /cormun/static/trhorasextrasplan.js?201710411305972 HTTP/1.1" 200 24934
186.103.159.189 - - [07/Mar/2018:10:53:50 -0300] "GET /cormun/static/Resources/PXToolsGridNew.png HTTP/1.1" 200 2949
186.103.159.189 - - [07/Mar/2018:10:53:51 -0300] "GET /cormun/servlet/trhorasextrasplan? HTTP/1.1" 200 6570
186.103.159.189 - - [07/Mar/2018:10:53:52 -0300] "POST /cormun/servlet/acontrolpreferencessavestate?None,CD-16,true HTTP/1.1" 200 35
186.103.159.189 - - [07/Mar/2018:10:53:58 -0300] "POST /cormun/servlet/hlogin?4bc504acdd451b9563654156fd119c0a,gx-no-cache=1520430790778 HTTP/1.1" 200 424
186.103.159.189 - - [07/Mar/2018:10:54:04 -0300] "POST /cormun/servlet/hlogin?4bc504acdd451b9563654156fd119c0a,gx-no-cache=1520430797338 HTTP/1.1" 200 425
186.103.159.189 - - [07/Mar/2018:10:54:19 -0300] "POST /cormun/servlet/hlogin?4bc504acdd451b9563654156fd119c0a,gx-no-cache=1520430812376 HTTP/1.1" 200 90
186.103.159.189 - - [07/Mar/2018:10:54:19 -0300] "GET /cormun/servlet/hpexe_link HTTP/1.1" 200 951
186.103.159.189 - - [07/Mar/2018:10:54:20 -0300] "GET /cormun/static/gxcfg.js?20177612121792 HTTP/1.1" 304 -
186.103.159.189 - - [07/Mar/2018:10:54:20 -0300] "GET /cormun/servlet/hhome HTTP/1.1" 200 3983
186.103.159.189 - - [07/Mar/2018:10:54:20 -0300] "GET /cormun/static/gxcfg.js?20175251212442 HTTP/1.1" 304 -
186.103.159.189 - - [07/Mar/2018:10:54:21 -0300] "GET /cormun/servlet/hhome HTTP/1.1" 200 3980
186.103.159.189 - - [07/Mar/2018:10:54:26 -0300] "GET /cormun/servlet/trsolicitudot? HTTP/1.1" 200 7193
186.103.159.189 - - [07/Mar/2018:10:54:28 -0300] "GET /cormun/servlet/trsolicitudot? HTTP/1.1" 200 7192
186.103.159.189 - - [07/Mar/2018:10:54:35 -0300] "GET /cormun/servlet/solicitudot?INS,0,0, HTTP/1.1" 200 13436
186.103.159.230 - - [07/Mar/2018:10:54:36 -0300] "GET /cormun/servlet/solicitudot?fdd620391d3820ed802205f866aece9a6db60dfd9ab80da6feb447c992b940c1ccc6a8714ad137a3824551f4a905d17f,gx-no-cache=1520430826180 HTTP/1.1" 200 30
186.103.159.230 - - [07/Mar/2018:10:54:36 -0300] "POST /cormun/servlet/solicitudot?gx-no-cache=1520430826224 HTTP/1.1" 200 254
186.103.159.230 - - [07/Mar/2018:10:54:36 -0300] "GET /cormun/servlet/solicitudot?fdd620391d3820ed802205f866aece9abec8b0b2101ae336fc9e813fc86d69e7f044d90181fdba46d0f917c615c4599a93c178ff0fda2331b6472dccee3458a01714647081ed5cec98a2b3a9bf7b0c568fe2e558d3be85edb5696ace9ea2f92b20894b4b280f50f2b8b7f9c6b8819c0542db01e2269651071280da24a2d5448af7607bab94ed079adfc76ba46e96283c1426aa76855bc117d804051301733b4c7257f3a8690fdf83ccd63ca7bba1195170c72b52b89b3aa33cbb574610c0198b0765787ca1da0c67dcd1e8967c7729d4f92758904ef7fc95ec9e03075b2063f34cb23f184f9fc23aabfb4aa3bd7efda92d4bbc923c3c97c38d7b1022a02b2ec740e4945f0f6d74de751dc48b3ed1f6e97d6b7e91e2953d6941a224a75ed95a65c4e089e627a3769aeb8789882a488a97417c3dbfb2cf65d70ea08902009272dea87a4ec71e5d1fd117ddf928b7867ca9a933d167e12842fe5a37d2120b00d963b90373f54e0bc81aa683111eae6fd6a27233fba5e4efdc638089ed92dfd2dbd3,gx-no-cache=1520430826277 HTTP/1.1" 200 30
186.103.159.230 - - [07/Mar/2018:10:54:36 -0300] "POST /cormun/servlet/solicitudot?gx-no-cache=1520430826622 HTTP/1.1" 200 30
186.103.159.230 - - [07/Mar/2018:10:54:36 -0300] "POST /cormun/servlet/solicitudot?gx-no-cache=1520430826674 HTTP/1.1" 200 1336
186.103.159.230 - - [07/Mar/2018:10:54:36 -0300] "POST /cormun/servlet/solicitudot?gx-no-cache=1520430826810 HTTP/1.1" 200 41
186.103.159.230 - - [07/Mar/2018:10:54:36 -0300] "POST /cormun/servlet/solicitudot?gx-no-cache=1520430826850 HTTP/1.1" 200 1318
186.103.159.230 - - [07/Mar/2018:10:54:37 -0300] "POST /cormun/servlet/solicitudot?gx-no-cache=1520430826918 HTTP/1.1" 200 1219
186.103.159.230 - - [07/Mar/2018:10:54:37 -0300] "GET /cormun/servlet/solicitudot?fdd620391d3820ed802205f866aece9af8e73efe4260cf9351d3a3810f450ed78c20e9b5ae79e152c5565187e10a0f7c,gx-no-cache=1520430826988 HTTP/1.1" 200 30
186.103.159.230 - - [07/Mar/2018:10:54:37 -0300] "POST /cormun/servlet/solicitudot?gx-no-cache=1520430827029 HTTP/1.1" 200 30
186.103.159.189 - - [07/Mar/2018:10:54:37 -0300] "GET /cormun/servlet/solicitudot?INS,0,0, HTTP/1.1" 200 13441
186.103.159.230 - - [07/Mar/2018:10:54:37 -0300] "POST /cormun/servlet/solicitudot?cd8ea1db8dde17ef89de90de4c4805b3,INS,0,0,,gx-no-cache=1520430827078 HTTP/1.1" 200 12023
