190.100.93.40 - - [07/Mar/2018:08:55:50 -0300] "GET /cormun/servlet/trcontratosolicitud? HTTP/1.1" 200 14574
190.100.93.40 - - [07/Mar/2018:08:55:50 -0300] "GET /cormun/servlet/solicitudot?INS,0,0, HTTP/1.1" 200 13793
190.100.93.40 - - [07/Mar/2018:08:55:50 -0300] "GET /cormun/servlet/solicitudot?INS,0,0, HTTP/1.1" 200 13798
190.100.93.40 - - [07/Mar/2018:08:55:52 -0300] "POST /cormun/servlet/solicitudot?gx-no-cache=1520423704456 HTTP/1.1" 200 3350
190.100.93.40 - - [07/Mar/2018:08:55:52 -0300] "GET /cormun/static/Shared/jqueryui/images/ui-bg_highlight-soft_100_c6c2c8_1x100.png HTTP/1.1" 404 1117
190.100.93.40 - - [07/Mar/2018:08:55:52 -0300] "GET /cormun/static/Shared/jqueryui/images/ui-icons_82798d_256x240.png HTTP/1.1" 404 1089
190.100.93.40 - - [07/Mar/2018:08:55:52 -0300] "GET /cormun/static/Shared/jqueryui/images/ui-bg_flat_55_994d53_40x100.png HTTP/1.1" 404 1097
190.100.93.40 - - [07/Mar/2018:08:55:52 -0300] "GET /cormun/static/Shared/jqueryui/images/ui-icons_ebccce_256x240.png HTTP/1.1" 404 1089
190.100.93.40 - - [07/Mar/2018:08:56:07 -0300] "POST /cormun/servlet/solicitudot?gx-no-cache=1520423719241 HTTP/1.1" 200 3403
190.100.93.40 - - [07/Mar/2018:08:56:07 -0300] "GET /cormun/servlet/solicitudot?e0c7ba328d0e30016209d87e4c6852ad0f5ba9a4ec0506875f2f3b9968fe70681770d124d73b4883229ad1715cbb64e4,gx-no-cache=1520423719476 HTTP/1.1" 200 30
190.100.93.40 - - [07/Mar/2018:08:56:14 -0300] "GET /cormun/servlet/solicitudot?e0c7ba328d0e30016209d87e4c6852ad1e289138624fed5164ecd9917d113d485e9759f232ea6039b10e9de94fb561e4d01ae9c2c1f4b1ac392c950fe8140bff,gx-no-cache=1520423726196 HTTP/1.1" 200 30
190.100.93.40 - - [07/Mar/2018:08:56:14 -0300] "GET /cormun/servlet/solicitudot?e0c7ba328d0e30016209d87e4c6852adc2d49c1c7aaede422ba97e7a7c536b4f,gx-no-cache=1520423726277 HTTP/1.1" 200 51
190.100.93.40 - - [07/Mar/2018:08:56:14 -0300] "GET /cormun/servlet/solicitudot?e0c7ba328d0e30016209d87e4c6852adde6cf26f5001e9e1d32496db707b8912730e85c289a21b545d48968c5c9f29d0118bf7cbff8084d15c0cf141cf87957f9788bc71bb8ac9ad8b95b4bde28babc40fa5921876d16064c6336260cce53d304ac0d61846b6f50d4e495b83aacd45f8d3a98a1db321394196af401b2c2d384dd3e3a0a24cb4e89bead548ba70b15ea60246d1299b047cff11ff41930018a712c351ea9642679eb93a37f0c1b1da7606d0606bff3e5bfa92d47987883287db5a643a1da412146751569758c7517f9a287a88fc92849c1909122916f248509800261937995e317282cd8b7ee189a0ddbf115cd28a59f422a12ede3147ad7662ff5dd2fa2fd47a321dd780504f1f281401fb6119013d75e3ed13cebbdc7e94e9e4b7b53fb9c4aa180d79af09d8081be03b90ea9bd220a1400bc52830cecbdbb72e27bd21b6eab4f18f45590bfbf4e87cda8506fcd5a5a52999c5d442b476f5793124b17e437c2bf01a5fb044697de4c99cc8db0ebb854f86b631442758d49c68172749b3a76775783d81a0684e9b4cb57359be48f2b6e7ee12db31fd24510c491996af52874e52a6162b2e60c10318ff53,gx-no-cache=1520423726380 HTTP/1.1" 200 255
190.100.93.40 - - [07/Mar/2018:08:56:14 -0300] "GET /cormun/servlet/solicitudot?e0c7ba328d0e30016209d87e4c6852ad2430aad9f03a2a22e211478f957c863e3de11949e2863c137590f9ef3c05d831f67523ee81396bb9570a25bdc0314d75045fd09e9a708ba5deb4e4ced09162c3a1d9ac0e3571bf62b0713a0223c000904ded48f9df654bc9bfee66280defe0999316f7d9a9f3be7b4cd142a66492792ef6cf0e4da5b39874ac423ea80fa929cd22814c23f1dccdb4925d6949cbe217a7bda5c43e502ae86dd252d1896d0c3c5a8514b836c6402dfa290e28988929a65744d456ea04b0755c5ef13c76bdebbf630eac064bb932639f39b21c9f5a262fd60a0ca244343c1d95d1be88ef3e6079d5a0e7725f764e2f2d6497b371a52b29ba7d658369e75b1da34f26a136371eb1e67e41f8e23f1ce86cbcda07d5739ffa03f54f642af0088b08452c4dbeb1f40bc63fc39f4e559345c8d1c8634e33b7a6ca109adaea9122ef905a446b95c2a663a5a7bc569982f5786758f7f7e9a356d704d5a9e4eaf54dec94d970ba992591ad6c4299adca63c140e675da50488e7afb76,gx-no-cache=1520423726465 HTTP/1.1" 200 30
190.100.93.40 - - [07/Mar/2018:08:56:16 -0300] "POST /cormun/servlet/solicitudot?gx-no-cache=1520423728417 HTTP/1.1" 200 30
186.103.156.24 - - [07/Mar/2018:08:56:45 -0300] "GET /cormun/servlet/solicitudot?692532df336b490e61277e569d69993daf46b34bec14eae0792174c60e5ad384cfa62d5d0cf00e464c1c95f1e4eb9b1bc1dbf94840d8f4cf0d8facff3e465d1d,gx-no-cache=1520423756473 HTTP/1.1" 200 30
186.103.156.24 - - [07/Mar/2018:08:56:45 -0300] "GET /cormun/servlet/solicitudot?692532df336b490e61277e569d69993db8fbe56f8639d017027614c54e7101d5,gx-no-cache=1520423756597 HTTP/1.1" 200 29
186.103.159.204 - - [07/Mar/2018:08:56:54 -0300] "GET /cormun/servlet/hlogin HTTP/1.1" 200 1720
186.103.159.204 - - [07/Mar/2018:08:56:55 -0300] "GET /cormun/servlet/hlogin HTTP/1.1" 200 1731
186.103.156.24 - - [07/Mar/2018:08:57:06 -0300] "POST /cormun/servlet/solicitudot?gx-no-cache=1520423777212 HTTP/1.1" 200 297
186.103.159.204 - - [07/Mar/2018:08:57:08 -0300] "POST /cormun/servlet/hlogin?499b562ac67a9b03b697e10bf6a459fb,gx-no-cache=1520423780398 HTTP/1.1" 200 446
190.100.93.40 - - [07/Mar/2018:08:57:08 -0300] "POST /cormun/servlet/solicitudot?gx-no-cache=1520423780966 HTTP/1.1" 200 1337
190.100.93.40 - - [07/Mar/2018:08:57:08 -0300] "POST /cormun/servlet/solicitudot?gx-no-cache=1520423781100 HTTP/1.1" 200 38
186.103.156.24 - - [07/Mar/2018:08:57:10 -0300] "GET /cormun/servlet/solicitudot?692532df336b490e61277e569d69993d297552bdc1b40a76c1a2dc23c408e86294becca0aa8f1ed66a2c58ccaaff7619629aa5ad09f587a62d1062e0d366720501816f71c04aebd3bbbb189b8a3ec2b7d5b34d260e07db2851bf54672fae10ea9a5a93079385f61d4981b5acfc4cd36255a357983b0196b39735864647d1d2306885486ee625eb3381c369b85099d6a10683b90983d6893c6b62d6564d86fa5d6a3cc95b83842b73d0674d06fee6156595fc6a8580d30c98fbe3d3b637670c6b14c678abd4641c9886c67e11d7ca4a9c4b119925acd92240b8604629a0855474483bcaac073318d8d9c10b7f31d8c9d2a9622274e9cd55304828fc2aba913a0c67ceed85420cee96a9f424d6a5671899bc405a79221599d89cee6cd87d1d1b52b3c45a4f1591ccdddafd4ad0f1d5ad9a25cd101f07a216ddc97a1ce5421477e854df59ebd1f5bc1d583d5db720d8aaaaf633ffb3c9329ecab1882ddef72ae6ef556e5c5c3124b4235ab38befc3c1823c54273ffb6be52eae3f5a33f461af2a8eab3a1939eceb3314fc8c91f7545365ac,gx-no-cache=1520423782024 HTTP/1.1" 200 30
190.100.93.40 - - [07/Mar/2018:08:57:14 -0300] "GET /cormun/servlet/solicitudot?e0c7ba328d0e30016209d87e4c6852ade309e77b75d2a8d7bb2db6981561bdc9115cd28a59f422a12ede3147ad7662ffb5e2ca52560842c186e8939680de1435a5257ae645c77a7277b0bf1fce857898,gx-no-cache=1520423786427 HTTP/1.1" 200 29
190.100.93.40 - - [07/Mar/2018:08:57:14 -0300] "POST /cormun/servlet/solicitudot?gx-no-cache=1520423786485 HTTP/1.1" 200 1318
190.100.93.40 - - [07/Mar/2018:08:57:14 -0300] "POST /cormun/servlet/solicitudot?gx-no-cache=1520423786552 HTTP/1.1" 200 1219
190.100.93.40 - - [07/Mar/2018:08:57:14 -0300] "GET /cormun/static/menuarrow.gif HTTP/1.1" 404 1015
186.103.156.24 - - [07/Mar/2018:08:57:15 -0300] "POST /cormun/servlet/solicitudot?gx-no-cache=1520423786248 HTTP/1.1" 200 30
190.100.93.40 - - [07/Mar/2018:08:57:15 -0300] "POST /cormun/servlet/solicitudot?gx-no-cache=1520423787598 HTTP/1.1" 200 1318
190.100.93.40 - - [07/Mar/2018:08:57:15 -0300] "POST /cormun/servlet/solicitudot?gx-no-cache=1520423787672 HTTP/1.1" 200 1219
190.100.93.40 - - [07/Mar/2018:08:57:16 -0300] "GET /cormun/servlet/solicitudot?e0c7ba328d0e30016209d87e4c6852ade4374e388feba220eb40724ed3ae04fba588854d08fd9d5dc5dc03affeebb358,gx-no-cache=1520423788674 HTTP/1.1" 200 30
186.103.156.24 - - [07/Mar/2018:08:57:17 -0300] "POST /cormun/servlet/solicitudot?gx-no-cache=1520423788382 HTTP/1.1" 200 1333
186.103.156.24 - - [07/Mar/2018:08:57:17 -0300] "POST /cormun/servlet/solicitudot?gx-no-cache=1520423788432 HTTP/1.1" 200 38
190.100.93.40 - - [07/Mar/2018:08:57:20 -0300] "POST /cormun/servlet/solicitudot?gx-no-cache=1520423792854 HTTP/1.1" 200 33
186.103.156.24 - - [07/Mar/2018:08:57:48 -0300] "GET /cormun/servlet/solicitudot?692532df336b490e61277e569d69993d5806cbfa0e73d5067e92b405e765f4ac417063b0e348c615f8951921eab87d750e12b7ec0815310f5fc3ff959836e976320357664e7a037f4ae617e034e191b86f0a3bd63c9faf1acf879d026696cbacbdec21434489f3d56e510c6958acf2a9,gx-no-cache=1520423819574 HTTP/1.1" 200 29
186.103.156.24 - - [07/Mar/2018:08:57:48 -0300] "POST /cormun/servlet/solicitudot?gx-no-cache=1520423819642 HTTP/1.1" 200 1317
186.103.156.24 - - [07/Mar/2018:08:57:48 -0300] "POST /cormun/servlet/solicitudot?gx-no-cache=1520423819773 HTTP/1.1" 200 1215
186.103.156.24 - - [07/Mar/2018:08:58:06 -0300] "GET /cormun/static/menuarrow.gif HTTP/1.1" 404 1015
190.100.93.40 - - [07/Mar/2018:08:58:07 -0300] "GET /cormun/servlet/trsolicitudot HTTP/1.1" 200 12292
190.100.93.40 - - [07/Mar/2018:08:58:07 -0300] "GET /cormun/servlet/trsolicitudot HTTP/1.1" 200 12287
190.100.93.40 - - [07/Mar/2018:08:58:09 -0300] "GET /cormun/servlet/solicitudot?INS,0,0, HTTP/1.1" 200 13793
190.100.93.40 - - [07/Mar/2018:08:58:10 -0300] "GET /cormun/servlet/solicitudot?INS,0,0, HTTP/1.1" 200 13798
186.103.156.24 - - [07/Mar/2018:08:58:15 -0300] "GET /cormun/servlet/solicitudot?692532df336b490e61277e569d69993d324980492b0495427918cc144f155d9aa7c17adc6aff096bb415739f6fce4027,gx-no-cache=1520423846271 HTTP/1.1" 200 30
190.100.93.40 - - [07/Mar/2018:08:58:21 -0300] "POST /cormun/servlet/solicitudot?gx-no-cache=1520423853713 HTTP/1.1" 200 3403
190.100.93.40 - - [07/Mar/2018:08:58:21 -0300] "POST /cormun/servlet/solicitudot?f3e7e32bf83ae012c7e652d4f5fd3086,INS,0,0,,gx-no-cache=1520423853996 HTTP/1.1" 200 10564
190.100.93.40 - - [07/Mar/2018:08:58:23 -0300] "GET /cormun/servlet/solicitudot?e0c7ba328d0e30016209d87e4c6852ad0f5ba9a4ec0506875f2f3b9968fe70681770d124d73b4883229ad1715cbb64e4,gx-no-cache=1520423855698 HTTP/1.1" 200 30
190.100.93.40 - - [07/Mar/2018:08:58:23 -0300] "GET /cormun/servlet/solicitudot?e0c7ba328d0e30016209d87e4c6852ad1e289138624fed5164ecd9917d113d485e9759f232ea6039b10e9de94fb561e4d01ae9c2c1f4b1ac392c950fe8140bff,gx-no-cache=1520423855803 HTTP/1.1" 200 30
190.100.93.40 - - [07/Mar/2018:08:58:24 -0300] "GET /cormun/servlet/solicitudot?e0c7ba328d0e30016209d87e4c6852adc2d49c1c7aaede422ba97e7a7c536b4f,gx-no-cache=1520423856175 HTTP/1.1" 200 51
190.100.93.40 - - [07/Mar/2018:08:58:24 -0300] "POST /cormun/servlet/solicitudot?gx-no-cache=1520423856259 HTTP/1.1" 200 255
190.100.93.40 - - [07/Mar/2018:08:58:24 -0300] "GET /cormun/servlet/solicitudot?e0c7ba328d0e30016209d87e4c6852ad2430aad9f03a2a22e211478f957c863e3de11949e2863c137590f9ef3c05d831f67523ee81396bb9570a25bdc0314d75045fd09e9a708ba5deb4e4ced09162c3a1d9ac0e3571bf62b0713a0223c000904ded48f9df654bc9bfee66280defe0999316f7d9a9f3be7b4cd142a66492792ef6cf0e4da5b39874ac423ea80fa929cd22814c23f1dccdb4925d6949cbe217a7bda5c43e502ae86dd252d1896d0c3c5a8514b836c6402dfa290e28988929a65744d456ea04b0755c5ef13c76bdebbf630eac064bb932639f39b21c9f5a262fd60a0ca244343c1d95d1be88ef3e6079d5a0e7725f764e2f2d6497b371a52b29ba7d658369e75b1da34f26a136371eb1e67e41f8e23f1ce86cbcda07d5739ffa03f54f642af0088b08452c4dbeb1f40bc63fc39f4e559345c8d1c8634e33b7a6ca109adaea9122ef905a446b95c2a663a5a7bc569982f5786758f7f7e9a356d704d5a9e4eaf54dec94d970ba992591ad6c4299adca63c140e675da50488e7afb76,gx-no-cache=1520423856342 HTTP/1.1" 200 30
190.100.93.40 - - [07/Mar/2018:08:58:26 -0300] "POST /cormun/servlet/solicitudot?gx-no-cache=1520423858501 HTTP/1.1" 200 30
186.103.156.24 - - [07/Mar/2018:08:58:34 -0300] "POST /cormun/servlet/solicitudot?gx-no-cache=1520423865758 HTTP/1.1" 200 30
190.100.93.40 - - [07/Mar/2018:08:58:39 -0300] "POST /cormun/servlet/solicitudot?gx-no-cache=1520423871303 HTTP/1.1" 200 1337
190.100.93.40 - - [07/Mar/2018:08:58:39 -0300] "POST /cormun/servlet/solicitudot?gx-no-cache=1520423871438 HTTP/1.1" 200 38
186.103.159.204 - - [07/Mar/2018:08:58:42 -0300] "GET /cormun/servlet/solicitudot?INS,0,0, HTTP/1.1" 200 13281
186.103.159.204 - - [07/Mar/2018:08:58:42 -0300] "GET /cormun/servlet/solicitudot?INS,0,0, HTTP/1.1" 200 13286
186.103.156.24 - - [07/Mar/2018:08:58:45 -0300] "POST /cormun/servlet/solicitudot?61a0a561b19e34d4bef54094a1b9947b,INS,0,0,,gx-no-cache=1520423876426 HTTP/1.1" 200 93
186.103.156.24 - - [07/Mar/2018:08:58:45 -0300] "GET /cormun/servlet/hpexe_return? HTTP/1.1" 200 1010
186.103.156.24 - - [07/Mar/2018:08:58:45 -0300] "GET /cormun/static/gxcfg.js?2016101716175148 HTTP/1.1" 200 953
186.103.156.24 - - [07/Mar/2018:08:58:45 -0300] "GET /cormun/static/hpexe_return.js?2016101716175153 HTTP/1.1" 200 1633
186.103.156.24 - - [07/Mar/2018:08:58:45 -0300] "GET /cormun/static/Resources/Spanish/PXTools.css?167811 HTTP/1.1" 200 89042
186.103.156.24 - - [07/Mar/2018:08:58:45 -0300] "GET /cormun/servlet/trsolicitudot HTTP/1.1" 200 8791
186.103.156.24 - - [07/Mar/2018:08:58:46 -0300] "GET /cormun/servlet/trsolicitudot HTTP/1.1" 200 8787
190.100.93.40 - - [07/Mar/2018:08:58:46 -0300] "GET /cormun/servlet/solicitudot?e0c7ba328d0e30016209d87e4c6852ade309e77b75d2a8d7bb2db6981561bdc9115cd28a59f422a12ede3147ad7662ff27a7747150feb821ed45882c0a9522cf2eb7c9e1cc7fcf352b714e696bba9feed58c2577e1d3647b6dfd66eb6d4247d75be47b51ff7bd3ae229494c083e05858a63fdf4818236068f8b4ee72ddc05b09254a3560520251516d19b33c5ef899ab65a2da86ade33968557ac91268fbf675,gx-no-cache=1520423878712 HTTP/1.1" 200 29
190.100.93.40 - - [07/Mar/2018:08:58:46 -0300] "POST /cormun/servlet/solicitudot?gx-no-cache=1520423878815 HTTP/1.1" 200 1318
190.100.93.40 - - [07/Mar/2018:08:58:47 -0300] "POST /cormun/servlet/solicitudot?gx-no-cache=1520423878927 HTTP/1.1" 200 1219
190.100.93.40 - - [07/Mar/2018:08:58:47 -0300] "GET /cormun/static/menuarrow.gif HTTP/1.1" 404 1015
190.100.93.40 - - [07/Mar/2018:08:58:48 -0300] "POST /cormun/servlet/solicitudot?gx-no-cache=1520423880420 HTTP/1.1" 200 1318
190.100.93.40 - - [07/Mar/2018:08:58:48 -0300] "POST /cormun/servlet/solicitudot?gx-no-cache=1520423880506 HTTP/1.1" 200 1219
190.100.93.40 - - [07/Mar/2018:08:58:49 -0300] "GET /cormun/servlet/solicitudot?e0c7ba328d0e30016209d87e4c6852ade4374e388feba220eb40724ed3ae04fba588854d08fd9d5dc5dc03affeebb358,gx-no-cache=1520423881496 HTTP/1.1" 200 30
186.103.156.24 - - [07/Mar/2018:08:58:50 -0300] "POST /cormun/servlet/trsolicitudot?61a0a561b19e34d4bef54094a1b9947b,gx-no-cache=1520423881598 HTTP/1.1" 200 106
186.103.156.24 - - [07/Mar/2018:08:58:50 -0300] "GET /cormun/servlet/trsolicitudadjuntos?2018,10172, HTTP/1.1" 200 6323
186.103.156.24 - - [07/Mar/2018:08:58:50 -0300] "GET /cormun/static/calendar-system.css?75620 HTTP/1.1" 200 5572
186.103.156.24 - - [07/Mar/2018:08:58:50 -0300] "GET /cormun/static/gxui/gxui-all.css?110300 HTTP/1.1" 200 2179
186.103.156.24 - - [07/Mar/2018:08:58:50 -0300] "GET /cormun/static/gxcfg.js?20177612135366 HTTP/1.1" 200 953
186.103.156.24 - - [07/Mar/2018:08:58:50 -0300] "GET /cormun/static/trsolicitudadjuntos.js?20177612135632 HTTP/1.1" 200 17922
186.103.156.24 - - [07/Mar/2018:08:58:50 -0300] "GET /cormun/static/Shared/ext/resources/css/ext-all.css?205870 HTTP/1.1" 200 416045
186.103.156.24 - - [07/Mar/2018:08:58:51 -0300] "GET /cormun/servlet/trsolicitudadjuntos?2018,10172, HTTP/1.1" 200 6322
190.100.93.40 - - [07/Mar/2018:08:58:54 -0300] "POST /cormun/servlet/solicitudot?gx-no-cache=1520423886373 HTTP/1.1" 200 33
186.103.156.24 - - [07/Mar/2018:08:59:02 -0300] "GET /cormun/servlet/solicitudotadjuntos?INS,2018,10172,,1, HTTP/1.1" 200 6268
186.103.156.24 - - [07/Mar/2018:08:59:03 -0300] "GET /cormun/static/solicitudotadjuntos.js?2017761244086 HTTP/1.1" 200 11771
186.103.156.24 - - [07/Mar/2018:08:59:03 -0300] "GET /cormun/static/gxcfg.js?2017761244068 HTTP/1.1" 200 953
186.103.156.24 - - [07/Mar/2018:08:59:03 -0300] "GET /cormun/static/about:blank HTTP/1.1" 404 1011
186.103.156.24 - - [07/Mar/2018:08:59:03 -0300] "GET /cormun/servlet/solicitudotadjuntos?INS,2018,10172,,1, HTTP/1.1" 200 6262
186.103.156.24 - - [07/Mar/2018:08:59:04 -0300] "GET /cormun/servlet/solicitudotadjuntos?692532df336b490e61277e569d69993dfeec459dd60b54a6ea938e355b09738ae79f860bd67023131c1b846e9e35df87,gx-no-cache=1520423895317 HTTP/1.1" 200 30
186.103.156.24 - - [07/Mar/2018:08:59:04 -0300] "POST /cormun/servlet/solicitudotadjuntos?61a0a561b19e34d4bef54094a1b9947b,INS,2018,10172,,1,,gx-no-cache=1520423895343 HTTP/1.1" 200 3990
190.100.93.40 - - [07/Mar/2018:08:59:10 -0300] "POST /cormun/servlet/solicitudot?f3e7e32bf83ae012c7e652d4f5fd3086,INS,0,0,,gx-no-cache=1520423902746 HTTP/1.1" 200 93
190.100.93.40 - - [07/Mar/2018:08:59:11 -0300] "GET /cormun/servlet/hpexe_return? HTTP/1.1" 200 1011
190.100.93.40 - - [07/Mar/2018:08:59:11 -0300] "GET /cormun/servlet/trsolicitudot HTTP/1.1" 200 12685
190.100.93.40 - - [07/Mar/2018:08:59:11 -0300] "GET /cormun/servlet/trsolicitudot HTTP/1.1" 200 12680
190.100.93.40 - - [07/Mar/2018:08:59:14 -0300] "GET /cormun/servlet/solicitudot?INS,0,0, HTTP/1.1" 200 13793
190.100.93.40 - - [07/Mar/2018:08:59:14 -0300] "GET /cormun/servlet/solicitudot?INS,0,0, HTTP/1.1" 200 13798
186.103.156.24 - - [07/Mar/2018:08:59:20 -0300] "POST /cormun/servlet/solicitudotadjuntos?gx-no-cache=1520423912135 HTTP/1.1" 200 26
190.100.93.40 - - [07/Mar/2018:08:59:26 -0300] "POST /cormun/servlet/solicitudot?gx-no-cache=1520423918848 HTTP/1.1" 200 3293
190.100.93.40 - - [07/Mar/2018:08:59:27 -0300] "POST /cormun/servlet/solicitudot?f3e7e32bf83ae012c7e652d4f5fd3086,INS,0,0,,gx-no-cache=1520423919194 HTTP/1.1" 200 10453
190.100.93.40 - - [07/Mar/2018:08:59:40 -0300] "GET /cormun/servlet/solicitudot?e0c7ba328d0e30016209d87e4c6852adb701ac9e9dd2ef2ea736b1eed55de4544f3e0347e43baf03a28b21e51d655143,gx-no-cache=1520423932930 HTTP/1.1" 200 30
186.103.156.24 - - [07/Mar/2018:08:59:43 -0300] "GET /cormun/servlet/solicitudotadjuntos?692532df336b490e61277e569d69993d7218a0ec56bea3953e8df9aee8fb2dfb,gx-no-cache=1520423934736 HTTP/1.1" 200 30
186.103.156.24 - - [07/Mar/2018:08:59:43 -0300] "GET /cormun/servlet/solicitudotadjuntos?692532df336b490e61277e569d69993d7218a0ec56bea3953e8df9aee8fb2dfb,gx-no-cache=1520423934758 HTTP/1.1" 200 30
186.103.156.24 - - [07/Mar/2018:08:59:44 -0300] "POST /cormun/servlet/solicitudotadjuntos?61a0a561b19e34d4bef54094a1b9947b,INS,2018,10172,,1, HTTP/1.1" 200 116
186.103.156.24 - - [07/Mar/2018:08:59:44 -0300] "GET /cormun/servlet/hpexe_return? HTTP/1.1" 200 1028
186.103.156.24 - - [07/Mar/2018:08:59:44 -0300] "GET /cormun/servlet/trsolicitudadjuntos?2018,10172, HTTP/1.1" 200 8767
186.103.156.24 - - [07/Mar/2018:08:59:45 -0300] "GET /cormun/servlet/trsolicitudadjuntos?2018,10172, HTTP/1.1" 200 8765
186.103.156.24 - - [07/Mar/2018:08:59:48 -0300] "GET /cormun/servlet/solicitudotadjuntos?INS,2018,10172,,1, HTTP/1.1" 200 6268
186.103.156.24 - - [07/Mar/2018:08:59:48 -0300] "GET /cormun/static/about:blank HTTP/1.1" 404 1011
186.103.156.24 - - [07/Mar/2018:08:59:48 -0300] "GET /cormun/servlet/solicitudotadjuntos?INS,2018,10172,,1, HTTP/1.1" 200 6262
186.103.156.24 - - [07/Mar/2018:08:59:49 -0300] "GET /cormun/servlet/solicitudotadjuntos?692532df336b490e61277e569d69993dfeec459dd60b54a6ea938e355b09738ae79f860bd67023131c1b846e9e35df87,gx-no-cache=1520423940380 HTTP/1.1" 200 30
186.103.156.24 - - [07/Mar/2018:08:59:49 -0300] "POST /cormun/servlet/solicitudotadjuntos?61a0a561b19e34d4bef54094a1b9947b,INS,2018,10172,,1,,gx-no-cache=1520423940404 HTTP/1.1" 200 3992
186.103.156.24 - - [07/Mar/2018:08:59:54 -0300] "POST /cormun/servlet/solicitudotadjuntos?gx-no-cache=1520423945559 HTTP/1.1" 200 26
186.103.159.204 - - [07/Mar/2018:08:59:57 -0300] "GET /cormun/static/Resources/resize.gif HTTP/1.1" 200 77
186.103.159.204 - - [07/Mar/2018:08:59:58 -0300] "GET /cormun/servlet/prfichaempleado?,MD,,gxPopupLevel%3D0%3B HTTP/1.1" 200 9137
186.103.159.204 - - [07/Mar/2018:08:59:58 -0300] "GET /cormun/static/gxui/gxui-all.css?110300 HTTP/1.1" 200 2179
186.103.159.204 - - [07/Mar/2018:08:59:58 -0300] "GET /cormun/static/gxcfg.js?20177612134814 HTTP/1.1" 200 953
186.103.159.204 - - [07/Mar/2018:08:59:58 -0300] "GET /cormun/static/hmpwkw011.js?20177612121862 HTTP/1.1" 200 1968
186.103.159.204 - - [07/Mar/2018:08:59:58 -0300] "GET /cormun/static/Resources/PXToolsMenuSearch.png HTTP/1.1" 200 2914
186.103.159.204 - - [07/Mar/2018:08:59:58 -0300] "GET /cormun/static/prfichaempleado.js?20177612134999 HTTP/1.1" 200 16006
186.103.159.204 - - [07/Mar/2018:08:59:58 -0300] "GET /cormun/static/menusearch.js?201610171694467 HTTP/1.1" 200 1424
186.103.159.204 - - [07/Mar/2018:08:59:58 -0300] "GET /cormun/static/Resources/PXToolsMenuSearchCancel.png HTTP/1.1" 200 2972
186.103.159.204 - - [07/Mar/2018:08:59:58 -0300] "GET /cormun/static/Shared/ext/resources/css/ext-all.css?205870 HTTP/1.1" 200 416045
186.103.159.204 - - [07/Mar/2018:08:59:59 -0300] "POST /cormun/servlet/acontrolpreferencessavestate?None,SVALDIVIA,true HTTP/1.1" 200 35
186.103.156.24 - - [07/Mar/2018:09:00:02 -0300] "GET /cormun/servlet/solicitudotadjuntos?692532df336b490e61277e569d69993d7218a0ec56bea3953e8df9aee8fb2dfb,gx-no-cache=1520423953511 HTTP/1.1" 200 30
186.103.156.24 - - [07/Mar/2018:09:00:02 -0300] "GET /cormun/servlet/solicitudotadjuntos?692532df336b490e61277e569d69993d7218a0ec56bea3953e8df9aee8fb2dfb,gx-no-cache=1520423953526 HTTP/1.1" 200 30
192.168.10.89 - - [07/Mar/2018:09:00:14 -0300] "POST /cormun/servlet/trsolicitudgral?e8145dc13e6d4830971a8282f699c92f,,gx-no-cache=1520423852917 HTTP/1.1" 440 972
192.168.10.89 - - [07/Mar/2018:09:00:15 -0300] "GET /cormun/servlet/trsolicitudgral? HTTP/1.1" 500 10
186.103.156.24 - - [07/Mar/2018:09:00:22 -0300] "POST /cormun/servlet/solicitudotadjuntos?61a0a561b19e34d4bef54094a1b9947b,INS,2018,10172,,1, HTTP/1.1" 200 116
186.103.156.24 - - [07/Mar/2018:09:00:22 -0300] "GET /cormun/servlet/hpexe_return? HTTP/1.1" 200 1028
186.103.156.24 - - [07/Mar/2018:09:00:22 -0300] "GET /cormun/servlet/trsolicitudadjuntos?2018,10172, HTTP/1.1" 200 8982
186.103.156.24 - - [07/Mar/2018:09:00:23 -0300] "GET /cormun/servlet/trsolicitudadjuntos?2018,10172, HTTP/1.1" 200 8982
192.168.10.89 - - [07/Mar/2018:09:00:24 -0300] "GET /cormun/servlet/hlogin HTTP/1.1" 200 1721
192.168.10.89 - - [07/Mar/2018:09:00:25 -0300] "GET /cormun/servlet/hlogin HTTP/1.1" 200 1732
186.103.156.24 - - [07/Mar/2018:09:00:26 -0300] "GET /cormun/servlet/solicitudotadjuntos?INS,2018,10172,,1, HTTP/1.1" 200 6268
186.103.156.24 - - [07/Mar/2018:09:00:26 -0300] "GET /cormun/static/about:blank HTTP/1.1" 404 1011
186.103.156.24 - - [07/Mar/2018:09:00:26 -0300] "GET /cormun/servlet/solicitudotadjuntos?INS,2018,10172,,1, HTTP/1.1" 200 6262
186.103.156.24 - - [07/Mar/2018:09:00:26 -0300] "GET /cormun/servlet/solicitudotadjuntos?692532df336b490e61277e569d69993dfeec459dd60b54a6ea938e355b09738ae79f860bd67023131c1b846e9e35df87,gx-no-cache=1520423978132 HTTP/1.1" 200 30
186.103.156.24 - - [07/Mar/2018:09:00:27 -0300] "POST /cormun/servlet/solicitudotadjuntos?61a0a561b19e34d4bef54094a1b9947b,INS,2018,10172,,1,,gx-no-cache=1520423978162 HTTP/1.1" 200 3992
192.168.10.89 - - [07/Mar/2018:09:00:31 -0300] "POST /cormun/servlet/hlogin?5fe9a44cfb148b32784e023c8ff1073b,gx-no-cache=1520423870567 HTTP/1.1" 200 90
192.168.10.89 - - [07/Mar/2018:09:00:31 -0300] "GET /cormun/servlet/hpexe_link HTTP/1.1" 200 953
192.168.10.89 - - [07/Mar/2018:09:00:31 -0300] "GET /cormun/servlet/hhome HTTP/1.1" 200 4925
186.103.156.24 - - [07/Mar/2018:09:00:32 -0300] "POST /cormun/servlet/solicitudotadjuntos?gx-no-cache=1520423983407 HTTP/1.1" 200 26
192.168.10.89 - - [07/Mar/2018:09:00:33 -0300] "GET /cormun/servlet/trsolicitudot? HTTP/1.1" 200 8167
192.168.10.89 - - [07/Mar/2018:09:00:33 -0300] "GET /cormun/static/gxcfg.js?2017111422585916 HTTP/1.1" 304 -
186.103.156.24 - - [07/Mar/2018:09:00:42 -0300] "GET /cormun/servlet/solicitudotadjuntos?692532df336b490e61277e569d69993d7218a0ec56bea3953e8df9aee8fb2dfb,gx-no-cache=1520423993175 HTTP/1.1" 200 30
186.103.156.24 - - [07/Mar/2018:09:00:42 -0300] "GET /cormun/servlet/solicitudotadjuntos?692532df336b490e61277e569d69993d7218a0ec56bea3953e8df9aee8fb2dfb,gx-no-cache=1520423993189 HTTP/1.1" 200 30
186.103.156.24 - - [07/Mar/2018:09:00:43 -0300] "POST /cormun/servlet/solicitudotadjuntos?61a0a561b19e34d4bef54094a1b9947b,INS,2018,10172,,1, HTTP/1.1" 200 116
186.103.156.24 - - [07/Mar/2018:09:00:43 -0300] "GET /cormun/servlet/hpexe_return? HTTP/1.1" 200 1028
186.103.156.24 - - [07/Mar/2018:09:00:43 -0300] "GET /cormun/servlet/trsolicitudadjuntos?2018,10172, HTTP/1.1" 200 9162
186.103.156.24 - - [07/Mar/2018:09:00:44 -0300] "GET /cormun/servlet/trsolicitudadjuntos?2018,10172, HTTP/1.1" 200 9162
192.168.10.89 - - [07/Mar/2018:09:00:47 -0300] "GET /cormun/servlet/trsolicitudgral? HTTP/1.1" 200 28602
186.103.156.24 - - [07/Mar/2018:09:00:48 -0300] "GET /cormun/servlet/solicitudotadjuntos?INS,2018,10172,,1, HTTP/1.1" 200 6268
186.103.156.24 - - [07/Mar/2018:09:00:48 -0300] "GET /cormun/static/about:blank HTTP/1.1" 404 1011
186.103.156.24 - - [07/Mar/2018:09:00:48 -0300] "GET /cormun/servlet/solicitudotadjuntos?INS,2018,10172,,1, HTTP/1.1" 200 6261
186.103.156.24 - - [07/Mar/2018:09:00:49 -0300] "GET /cormun/servlet/solicitudotadjuntos?692532df336b490e61277e569d69993dfeec459dd60b54a6ea938e355b09738ae79f860bd67023131c1b846e9e35df87,gx-no-cache=1520424000317 HTTP/1.1" 200 30
186.103.156.24 - - [07/Mar/2018:09:00:49 -0300] "POST /cormun/servlet/solicitudotadjuntos?61a0a561b19e34d4bef54094a1b9947b,INS,2018,10172,,1,,gx-no-cache=1520424000362 HTTP/1.1" 200 3991
192.168.10.89 - - [07/Mar/2018:09:00:53 -0300] "GET /cormun/servlet/trsolicitudgral? HTTP/1.1" 200 28602
186.103.156.24 - - [07/Mar/2018:09:00:56 -0300] "POST /cormun/servlet/solicitudotadjuntos?gx-no-cache=1520424007872 HTTP/1.1" 200 26
186.103.156.24 - - [07/Mar/2018:09:01:05 -0300] "GET /cormun/servlet/solicitudotadjuntos?692532df336b490e61277e569d69993d7218a0ec56bea3953e8df9aee8fb2dfb,gx-no-cache=1520424016336 HTTP/1.1" 200 30
186.103.156.24 - - [07/Mar/2018:09:01:05 -0300] "GET /cormun/servlet/solicitudotadjuntos?692532df336b490e61277e569d69993d7218a0ec56bea3953e8df9aee8fb2dfb,gx-no-cache=1520424016361 HTTP/1.1" 200 30
186.103.156.24 - - [07/Mar/2018:09:01:06 -0300] "POST /cormun/servlet/solicitudotadjuntos?61a0a561b19e34d4bef54094a1b9947b,INS,2018,10172,,1, HTTP/1.1" 200 116
186.103.156.24 - - [07/Mar/2018:09:01:06 -0300] "GET /cormun/servlet/hpexe_return? HTTP/1.1" 200 1028
186.103.156.24 - - [07/Mar/2018:09:01:07 -0300] "GET /cormun/servlet/trsolicitudadjuntos?2018,10172, HTTP/1.1" 200 9400
186.103.156.24 - - [07/Mar/2018:09:01:07 -0300] "GET /cormun/servlet/trsolicitudadjuntos?2018,10172, HTTP/1.1" 200 9397
186.103.156.24 - - [07/Mar/2018:09:01:11 -0300] "GET /cormun/servlet/solicitudotadjuntos?INS,2018,10172,,1, HTTP/1.1" 200 6268
186.103.156.24 - - [07/Mar/2018:09:01:11 -0300] "GET /cormun/static/about:blank HTTP/1.1" 404 1011
186.103.156.24 - - [07/Mar/2018:09:01:11 -0300] "GET /cormun/servlet/solicitudotadjuntos?INS,2018,10172,,1, HTTP/1.1" 200 6261
186.103.156.24 - - [07/Mar/2018:09:01:12 -0300] "GET /cormun/servlet/solicitudotadjuntos?692532df336b490e61277e569d69993dfeec459dd60b54a6ea938e355b09738ae79f860bd67023131c1b846e9e35df87,gx-no-cache=1520424023530 HTTP/1.1" 200 30
186.103.156.24 - - [07/Mar/2018:09:01:12 -0300] "POST /cormun/servlet/solicitudotadjuntos?61a0a561b19e34d4bef54094a1b9947b,INS,2018,10172,,1,,gx-no-cache=1520424023567 HTTP/1.1" 200 3991
186.103.156.24 - - [07/Mar/2018:09:01:18 -0300] "POST /cormun/servlet/solicitudotadjuntos?gx-no-cache=1520424029319 HTTP/1.1" 200 26
186.103.156.24 - - [07/Mar/2018:09:01:25 -0300] "GET /cormun/servlet/solicitudotadjuntos?692532df336b490e61277e569d69993d7218a0ec56bea3953e8df9aee8fb2dfb,gx-no-cache=1520424036984 HTTP/1.1" 200 30
186.103.156.24 - - [07/Mar/2018:09:01:25 -0300] "GET /cormun/servlet/solicitudotadjuntos?692532df336b490e61277e569d69993d7218a0ec56bea3953e8df9aee8fb2dfb,gx-no-cache=1520424037005 HTTP/1.1" 200 30
186.103.156.24 - - [07/Mar/2018:09:01:27 -0300] "POST /cormun/servlet/solicitudotadjuntos?61a0a561b19e34d4bef54094a1b9947b,INS,2018,10172,,1, HTTP/1.1" 200 116
186.103.156.24 - - [07/Mar/2018:09:01:27 -0300] "GET /cormun/servlet/hpexe_return? HTTP/1.1" 200 1028
186.103.156.24 - - [07/Mar/2018:09:01:27 -0300] "GET /cormun/servlet/trsolicitudadjuntos?2018,10172, HTTP/1.1" 200 9616
192.168.10.89 - - [07/Mar/2018:09:01:28 -0300] "POST /cormun/servlet/trsolicitudgral?5fe9a44cfb148b32784e023c8ff1073b,,gx-no-cache=1520423927019 HTTP/1.1" 200 7623
186.103.156.24 - - [07/Mar/2018:09:01:28 -0300] "GET /cormun/servlet/trsolicitudadjuntos?2018,10172, HTTP/1.1" 200 9616
186.103.156.24 - - [07/Mar/2018:09:01:32 -0300] "GET /cormun/servlet/solicitudotadjuntos?INS,2018,10172,,1, HTTP/1.1" 200 6268
186.103.156.24 - - [07/Mar/2018:09:01:32 -0300] "GET /cormun/static/about:blank HTTP/1.1" 404 1011
186.103.156.24 - - [07/Mar/2018:09:01:32 -0300] "GET /cormun/servlet/solicitudotadjuntos?INS,2018,10172,,1, HTTP/1.1" 200 6261
186.103.156.24 - - [07/Mar/2018:09:01:32 -0300] "GET /cormun/servlet/solicitudotadjuntos?692532df336b490e61277e569d69993dfeec459dd60b54a6ea938e355b09738ae79f860bd67023131c1b846e9e35df87,gx-no-cache=1520424043930 HTTP/1.1" 200 30
186.103.156.24 - - [07/Mar/2018:09:01:32 -0300] "POST /cormun/servlet/solicitudotadjuntos?61a0a561b19e34d4bef54094a1b9947b,INS,2018,10172,,1,,gx-no-cache=1520424043961 HTTP/1.1" 200 3991
186.103.156.24 - - [07/Mar/2018:09:01:36 -0300] "POST /cormun/servlet/solicitudotadjuntos?gx-no-cache=1520424047735 HTTP/1.1" 200 26
192.168.10.50 - - [07/Mar/2018:09:01:37 -0300] "POST /cormun/servlet/trsolicitudgral?bc08c96859ef4542f3f02b23fefc2162,gx-no-cache=1520423935904 HTTP/1.1" 200 14354
186.103.156.24 - - [07/Mar/2018:09:01:42 -0300] "GET /cormun/servlet/solicitudotadjuntos?692532df336b490e61277e569d69993d7218a0ec56bea3953e8df9aee8fb2dfb,gx-no-cache=1520424053983 HTTP/1.1" 200 30
186.103.156.24 - - [07/Mar/2018:09:01:42 -0300] "GET /cormun/servlet/solicitudotadjuntos?692532df336b490e61277e569d69993d7218a0ec56bea3953e8df9aee8fb2dfb,gx-no-cache=1520424053999 HTTP/1.1" 200 30
186.103.156.24 - - [07/Mar/2018:09:01:45 -0300] "POST /cormun/servlet/solicitudotadjuntos?61a0a561b19e34d4bef54094a1b9947b,INS,2018,10172,,1, HTTP/1.1" 200 116
186.103.156.24 - - [07/Mar/2018:09:01:45 -0300] "GET /cormun/servlet/hpexe_return? HTTP/1.1" 200 1028
186.103.156.24 - - [07/Mar/2018:09:01:45 -0300] "GET /cormun/servlet/trsolicitudadjuntos?2018,10172, HTTP/1.1" 200 9904
186.103.156.24 - - [07/Mar/2018:09:01:46 -0300] "GET /cormun/servlet/trsolicitudadjuntos?2018,10172, HTTP/1.1" 200 9903
192.168.10.50 - - [07/Mar/2018:09:01:47 -0300] "POST /cormun/servlet/trsolicitudgral?bc08c96859ef4542f3f02b23fefc2162,gx-no-cache=1520423946383 HTTP/1.1" 200 104
192.168.10.50 - - [07/Mar/2018:09:01:47 -0300] "POST /cormun/servlet/trsolicitudgral?bc08c96859ef4542f3f02b23fefc2162,gx-no-cache=1520423946574 HTTP/1.1" 200 14336
192.168.10.50 - - [07/Mar/2018:09:01:48 -0300] "GET /cormun/SolicitudGral-305.xls HTTP/1.1" 200 13824
186.103.159.43 - - [07/Mar/2018:09:01:49 -0300] "GET /cormun/servlet/hlogin HTTP/1.1" 200 1727
186.103.159.43 - - [07/Mar/2018:09:01:51 -0300] "POST /cormun/servlet/hlogin?cf7dfad07a570932639b4ac5f36ba093,gx-no-cache=1520424063042 HTTP/1.1" 200 90
186.103.159.43 - - [07/Mar/2018:09:01:51 -0300] "GET /cormun/servlet/hpexe_link HTTP/1.1" 200 951
186.103.159.43 - - [07/Mar/2018:09:01:54 -0300] "GET /cormun/servlet/hhome HTTP/1.1" 200 4163
186.103.159.43 - - [07/Mar/2018:09:01:55 -0300] "GET /cormun/servlet/hhome HTTP/1.1" 200 4159
186.103.159.43 - - [07/Mar/2018:09:02:01 -0300] "GET /cormun/servlet/trautorizarsolicitud? HTTP/1.1" 200 7273
186.103.159.43 - - [07/Mar/2018:09:02:01 -0300] "GET /cormun/servlet/trautorizarsolicitud? HTTP/1.1" 200 7273
186.103.159.43 - - [07/Mar/2018:09:02:07 -0300] "POST /cormun/servlet/trautorizarsolicitud?cf7dfad07a570932639b4ac5f36ba093,,gx-no-cache=1520424079441 HTTP/1.1" 200 8549
186.103.159.204 - - [07/Mar/2018:09:02:08 -0300] "GET /cormun/servlet/prfichaempleado?,MD,,gxPopupLevel%3D0%3B HTTP/1.1" 200 9145
186.103.156.24 - - [07/Mar/2018:09:02:13 -0300] "POST /cormun/servlet/acontrolpreferencessavestate?None,GALVAREZ,true HTTP/1.1" 200 35
186.103.156.24 - - [07/Mar/2018:09:02:17 -0300] "POST /cormun/servlet/trsolicitudadjuntos?61a0a561b19e34d4bef54094a1b9947b,2018,10172,,gx-no-cache=1520424088677 HTTP/1.1" 200 90
186.103.156.24 - - [07/Mar/2018:09:02:17 -0300] "GET /cormun/servlet/hpexe_link HTTP/1.1" 200 971
186.103.156.24 - - [07/Mar/2018:09:02:18 -0300] "GET /cormun/servlet/trsolicitudot HTTP/1.1" 200 8788
186.103.156.24 - - [07/Mar/2018:09:02:18 -0300] "GET /cormun/servlet/trsolicitudot HTTP/1.1" 200 8787
186.103.156.24 - - [07/Mar/2018:09:02:23 -0300] "POST /cormun/servlet/trsolicitudot?61a0a561b19e34d4bef54094a1b9947b,gx-no-cache=1520424094462 HTTP/1.1" 200 4684
186.103.156.24 - - [07/Mar/2018:09:02:23 -0300] "GET /cormun/static/Shared/jqueryui/images/ui-bg_highlight-soft_100_c6c2c8_1x100.png HTTP/1.1" 404 1117
186.103.156.24 - - [07/Mar/2018:09:02:23 -0300] "GET /cormun/static/Shared/jqueryui/images/ui-icons_8d78a5_256x240.png HTTP/1.1" 404 1089
186.103.156.24 - - [07/Mar/2018:09:02:23 -0300] "GET /cormun/static/Shared/jqueryui/images/ui-icons_82798d_256x240.png HTTP/1.1" 404 1089
186.103.156.24 - - [07/Mar/2018:09:02:23 -0300] "GET /cormun/static/Shared/jqueryui/images/ui-bg_flat_55_fafafa_40x100.png HTTP/1.1" 404 1097
186.103.156.24 - - [07/Mar/2018:09:02:23 -0300] "POST /cormun/servlet/trsolicitudot?61a0a561b19e34d4bef54094a1b9947b,gx-no-cache=1520424094985 HTTP/1.1" 200 4455
186.103.156.24 - - [07/Mar/2018:09:02:28 -0300] "GET /cormun/servlet/trautorizarsolicitud? HTTP/1.1" 200 8680
186.103.156.24 - - [07/Mar/2018:09:02:28 -0300] "GET /cormun/servlet/trautorizarsolicitud? HTTP/1.1" 200 8680
186.103.156.24 - - [07/Mar/2018:09:02:31 -0300] "POST /cormun/servlet/trautorizarsolicitud?61a0a561b19e34d4bef54094a1b9947b,,gx-no-cache=1520424102797 HTTP/1.1" 200 4618
186.103.156.24 - - [07/Mar/2018:09:02:31 -0300] "GET /cormun/static/Shared/jqueryui/images/ui-icons_82798d_256x240.png HTTP/1.1" 404 1089
186.103.156.24 - - [07/Mar/2018:09:02:31 -0300] "GET /cormun/static/Shared/jqueryui/images/ui-bg_highlight-soft_100_c6c2c8_1x100.png HTTP/1.1" 404 1117
186.103.156.24 - - [07/Mar/2018:09:02:31 -0300] "GET /cormun/static/Shared/jqueryui/images/ui-bg_flat_55_fafafa_40x100.png HTTP/1.1" 404 1097
186.103.156.24 - - [07/Mar/2018:09:02:31 -0300] "GET /cormun/static/Shared/jqueryui/images/ui-icons_8d78a5_256x240.png HTTP/1.1" 404 1089
186.103.156.24 - - [07/Mar/2018:09:02:31 -0300] "POST /cormun/servlet/trautorizarsolicitud?61a0a561b19e34d4bef54094a1b9947b,,gx-no-cache=1520424102968 HTTP/1.1" 200 4390
192.168.10.89 - - [07/Mar/2018:09:02:33 -0300] "GET /cormun/servlet/vesolicitudgral?2018,9676,, HTTP/1.1" 200 9486
192.168.10.89 - - [07/Mar/2018:09:02:33 -0300] "GET /cormun/static/gxcfg.js?201711151294153 HTTP/1.1" 304 -
192.168.10.89 - - [07/Mar/2018:09:02:33 -0300] "GET /cormun/pexe_scrolldiv.js HTTP/1.1" 404 1009
192.168.10.89 - - [07/Mar/2018:09:02:44 -0300] "GET /cormun/servlet/vesolicitudgral?2018,9676,,SolicitudOTAdjuntos HTTP/1.1" 200 11500
192.168.10.89 - - [07/Mar/2018:09:02:44 -0300] "GET /cormun/pexe_scrolldiv.js HTTP/1.1" 404 1009
192.168.10.89 - - [07/Mar/2018:09:02:46 -0300] "POST /cormun/servlet/acontrolpreferencessavestate?None,CDROGUETT,true HTTP/1.1" 200 35
192.168.10.89 - - [07/Mar/2018:09:02:49 -0300] "GET /cormun/PublicTempStorage/certificado_de_titulo_bani_hidalgo2748812.pdf HTTP/1.1" 200 277194
186.103.159.204 - - [07/Mar/2018:09:03:07 -0300] "POST /cormun/servlet/prfichaempleado?133d08d9f3c0c9e50c3b34b847e311a1,,MD,,gxPopupLevel%3D0%3B,gx-no-cache=1520424134442 HTTP/1.1" 200 3424
192.168.10.89 - - [07/Mar/2018:09:03:34 -0300] "GET /cormun/servlet/vesolicitudgral?2018,9676,,SolicitudOTAdjuntos HTTP/1.1" 200 11500
192.168.10.89 - - [07/Mar/2018:09:03:34 -0300] "GET /cormun/pexe_scrolldiv.js HTTP/1.1" 404 1009
192.168.10.89 - - [07/Mar/2018:09:03:36 -0300] "POST /cormun/servlet/acontrolpreferencessavestate?None,CDROGUETT,true HTTP/1.1" 200 35
192.168.10.89 - - [07/Mar/2018:09:03:38 -0300] "GET /cormun/PublicTempStorage/antecedentes_bani_hidalgo5071666.pdf HTTP/1.1" 200 234543
190.100.93.40 - - [07/Mar/2018:09:03:51 -0300] "POST /cormun/servlet/solicitudot?f3e7e32bf83ae012c7e652d4f5fd3086,INS,0,0,,gx-no-cache=1520424183106 HTTP/1.1" 200 93
190.100.93.40 - - [07/Mar/2018:09:03:51 -0300] "GET /cormun/servlet/hpexe_return? HTTP/1.1" 200 1011
190.100.93.40 - - [07/Mar/2018:09:03:51 -0300] "GET /cormun/servlet/trsolicitudot HTTP/1.1" 200 12685
190.100.93.40 - - [07/Mar/2018:09:03:51 -0300] "GET /cormun/servlet/trsolicitudot HTTP/1.1" 200 12680
190.100.93.40 - - [07/Mar/2018:09:03:59 -0300] "GET /cormun/servlet/solicitudot?INS,0,0, HTTP/1.1" 200 13793
190.100.93.40 - - [07/Mar/2018:09:03:59 -0300] "GET /cormun/servlet/solicitudot?INS,0,0, HTTP/1.1" 200 13798
190.100.93.40 - - [07/Mar/2018:09:04:08 -0300] "POST /cormun/servlet/solicitudot?gx-no-cache=1520424200712 HTTP/1.1" 200 3401
190.100.93.40 - - [07/Mar/2018:09:04:08 -0300] "POST /cormun/servlet/solicitudot?f3e7e32bf83ae012c7e652d4f5fd3086,INS,0,0,,gx-no-cache=1520424200922 HTTP/1.1" 200 10568
190.100.93.40 - - [07/Mar/2018:09:04:12 -0300] "GET /cormun/servlet/solicitudot?e0c7ba328d0e30016209d87e4c6852ad6320aa0d74451c48e97ccf08f2dfff781770d124d73b4883229ad1715cbb64e4,gx-no-cache=1520424204209 HTTP/1.1" 200 30
190.100.93.40 - - [07/Mar/2018:09:04:12 -0300] "GET /cormun/servlet/solicitudot?e0c7ba328d0e30016209d87e4c6852ada2c8c0aedbc900f2a148823dec24cf1057f2ba55bb4f41daa495f34d6a920ff2,gx-no-cache=1520424204280 HTTP/1.1" 200 30
190.100.93.40 - - [07/Mar/2018:09:04:12 -0300] "GET /cormun/servlet/solicitudot?e0c7ba328d0e30016209d87e4c6852adc2d49c1c7aaede422ba97e7a7c536b4f,gx-no-cache=1520424204340 HTTP/1.1" 200 51
190.100.93.40 - - [07/Mar/2018:09:04:12 -0300] "POST /cormun/servlet/solicitudot?gx-no-cache=1520424204385 HTTP/1.1" 200 255
190.100.93.40 - - [07/Mar/2018:09:04:12 -0300] "GET /cormun/servlet/solicitudot?e0c7ba328d0e30016209d87e4c6852ad2430aad9f03a2a22e211478f957c863e3de11949e2863c137590f9ef3c05d831f67523ee81396bb9570a25bdc0314d75045fd09e9a708ba5deb4e4ced09162c3a1d9ac0e3571bf62b0713a0223c000904ded48f9df654bc9bfee66280defe0999316f7d9a9f3be7b4cd142a66492792ef6cf0e4da5b39874ac423ea80fa929cd22814c23f1dccdb4925d6949cbe217a7bda5c43e502ae86dd252d1896d0c3c5a8514b836c6402dfa290e28988929a65744d456ea04b0755c5ef13c76bdebbf630eac064bb932639f39b21c9f5a262fd60a0ca244343c1d95d1be88ef3e6079d5a0e7725f764e2f2d6497b371a52b29ba7d658369e75b1da34f26a136371eb1e67e41f8e23f1ce86cbcda07d5739ffa03f54f642af0088b08452c4dbeb1f40bc63fc39f4e559345c8d1c8634e33b7a6ca109adaea9122ef905a446b95c2a663a5a7bc569982f5786758f7f7e9a356d704d5a9e4eaf54dec94d970ba992591ad6c4299adca63c140e675da50488e7afb76,gx-no-cache=1520424204450 HTTP/1.1" 200 30
190.100.93.40 - - [07/Mar/2018:09:04:14 -0300] "POST /cormun/servlet/solicitudot?gx-no-cache=1520424206659 HTTP/1.1" 200 30
190.100.93.40 - - [07/Mar/2018:09:04:24 -0300] "POST /cormun/servlet/solicitudot?gx-no-cache=1520424216370 HTTP/1.1" 200 1337
190.100.93.40 - - [07/Mar/2018:09:04:24 -0300] "POST /cormun/servlet/solicitudot?gx-no-cache=1520424216470 HTTP/1.1" 200 38
190.100.93.40 - - [07/Mar/2018:09:04:31 -0300] "GET /cormun/servlet/solicitudot?e0c7ba328d0e30016209d87e4c6852ade309e77b75d2a8d7bb2db6981561bdc9115cd28a59f422a12ede3147ad7662ff27a7747150feb821ed45882c0a9522cf2eb7c9e1cc7fcf352b714e696bba9feed58c2577e1d3647b6dfd66eb6d4247d75be47b51ff7bd3ae229494c083e05858a63fdf4818236068f8b4ee72ddc05b09254a3560520251516d19b33c5ef899ab65a2da86ade33968557ac91268fbf675,gx-no-cache=1520424223650 HTTP/1.1" 200 29
190.100.93.40 - - [07/Mar/2018:09:04:31 -0300] "POST /cormun/servlet/solicitudot?gx-no-cache=1520424223707 HTTP/1.1" 200 1318
190.100.93.40 - - [07/Mar/2018:09:04:31 -0300] "POST /cormun/servlet/solicitudot?gx-no-cache=1520424223779 HTTP/1.1" 200 1219
186.103.159.204 - - [07/Mar/2018:09:04:31 -0300] "POST /cormun/servlet/solicitudot?gx-no-cache=1520424219362 HTTP/1.1" 200 3407
186.103.159.204 - - [07/Mar/2018:09:04:32 -0300] "POST /cormun/servlet/solicitudot?133d08d9f3c0c9e50c3b34b847e311a1,INS,0,0,,gx-no-cache=1520424219504 HTTP/1.1" 200 10367
186.103.159.204 - - [07/Mar/2018:09:04:32 -0300] "GET /cormun/servlet/solicitudot?9c72bf8e243ec5867d451f294f2f855ff3c5ab7a94dea3cd14746ab7e2548c2121c1dbe7ebaa8075ea2499b8a07b432f,gx-no-cache=1520424219660 HTTP/1.1" 200 30
190.100.93.40 - - [07/Mar/2018:09:04:33 -0300] "GET /cormun/static/menuarrow.gif HTTP/1.1" 404 1015
190.100.93.40 - - [07/Mar/2018:09:04:35 -0300] "GET /cormun/servlet/solicitudot?e0c7ba328d0e30016209d87e4c6852ade4374e388feba220eb40724ed3ae04fba588854d08fd9d5dc5dc03affeebb358,gx-no-cache=1520424227171 HTTP/1.1" 200 30
190.100.93.40 - - [07/Mar/2018:09:04:47 -0300] "POST /cormun/servlet/solicitudot?gx-no-cache=1520424239882 HTTP/1.1" 200 33
190.100.93.40 - - [07/Mar/2018:09:05:05 -0300] "POST /cormun/servlet/solicitudot?f3e7e32bf83ae012c7e652d4f5fd3086,INS,0,0,,gx-no-cache=1520424257712 HTTP/1.1" 200 93
190.100.93.40 - - [07/Mar/2018:09:05:05 -0300] "GET /cormun/servlet/hpexe_return? HTTP/1.1" 200 1011
190.100.93.40 - - [07/Mar/2018:09:05:06 -0300] "GET /cormun/servlet/trsolicitudot HTTP/1.1" 200 13079
190.100.93.40 - - [07/Mar/2018:09:05:06 -0300] "GET /cormun/servlet/trsolicitudot HTTP/1.1" 200 13075
190.100.93.40 - - [07/Mar/2018:09:05:09 -0300] "GET /cormun/servlet/solicitudot?INS,0,0, HTTP/1.1" 200 13794
190.100.93.40 - - [07/Mar/2018:09:05:09 -0300] "GET /cormun/servlet/solicitudot?INS,0,0, HTTP/1.1" 200 13799
190.100.93.40 - - [07/Mar/2018:09:05:19 -0300] "POST /cormun/servlet/solicitudot?gx-no-cache=1520424271318 HTTP/1.1" 200 3417
190.100.93.40 - - [07/Mar/2018:09:05:19 -0300] "POST /cormun/servlet/solicitudot?f3e7e32bf83ae012c7e652d4f5fd3086,INS,0,0,,gx-no-cache=1520424271591 HTTP/1.1" 200 10584
190.100.93.40 - - [07/Mar/2018:09:05:21 -0300] "GET /cormun/servlet/solicitudot?e0c7ba328d0e30016209d87e4c6852ad241c3edcf381e064a9b1e3a74f68eb284f3e0347e43baf03a28b21e51d655143,gx-no-cache=1520424273718 HTTP/1.1" 200 30
190.100.93.40 - - [07/Mar/2018:09:05:21 -0300] "GET /cormun/servlet/solicitudot?e0c7ba328d0e30016209d87e4c6852adbfc36b82ed9247334feecd31644bb6de25283b5af5282cf5361a35e003477e05375bacf5af49ac26421ea78eed5c2c0d,gx-no-cache=1520424273802 HTTP/1.1" 200 30
190.100.93.40 - - [07/Mar/2018:09:05:21 -0300] "GET /cormun/servlet/solicitudot?e0c7ba328d0e30016209d87e4c6852adc2d49c1c7aaede422ba97e7a7c536b4f,gx-no-cache=1520424273854 HTTP/1.1" 200 51
190.100.93.40 - - [07/Mar/2018:09:05:21 -0300] "POST /cormun/servlet/solicitudot?gx-no-cache=1520424273899 HTTP/1.1" 200 255
190.100.93.40 - - [07/Mar/2018:09:05:21 -0300] "GET /cormun/servlet/solicitudot?e0c7ba328d0e30016209d87e4c6852ad2430aad9f03a2a22e211478f957c863e3de11949e2863c137590f9ef3c05d831f67523ee81396bb9570a25bdc0314d75045fd09e9a708ba5deb4e4ced09162c3a1d9ac0e3571bf62b0713a0223c000904ded48f9df654bc9bfee66280defe0999316f7d9a9f3be7b4cd142a66492792ef6cf0e4da5b39874ac423ea80fa929cd22814c23f1dccdb4925d6949cbe217a7bda5c43e502ae86dd252d1896d0c3c5a8514b836c6402dfa290e28988929a65744d456ea04b0755c5ef13c76bdebbf630eac064bb932639f39b21c9f5a262fd60a0ca244343c1d95d1be88ef3e6079d5a0e7725f764e2f2d6497b371a52b29ba7d658369e75b1da34f26a136371eb1e67e41f8e23f1ce86cbcda07d5739ffa03f54f642af0088b08452c4dbeb1f40bc63fc39f4e559345c8d1c8634e33b7a6ca109adaea9122ef905a446b95c2a663a5a7bc569982f5786758f7f7e9a356d704d5a9e4eaf54dec94d970ba992591ad6c4299adca63c140e675da50488e7afb76,gx-no-cache=1520424273959 HTTP/1.1" 200 30
190.100.93.40 - - [07/Mar/2018:09:05:23 -0300] "POST /cormun/servlet/solicitudot?gx-no-cache=1520424275769 HTTP/1.1" 200 30
192.168.10.89 - - [07/Mar/2018:09:05:31 -0300] "GET /cormun/servlet/vesolicitudgral?2018,9676,,SolicitudOTAdjuntos HTTP/1.1" 200 11499
192.168.10.89 - - [07/Mar/2018:09:05:31 -0300] "GET /cormun/pexe_scrolldiv.js HTTP/1.1" 404 1009
190.100.93.40 - - [07/Mar/2018:09:05:31 -0300] "POST /cormun/servlet/solicitudot?gx-no-cache=1520424284064 HTTP/1.1" 200 1337
190.100.93.40 - - [07/Mar/2018:09:05:32 -0300] "POST /cormun/servlet/solicitudot?gx-no-cache=1520424284159 HTTP/1.1" 200 38
192.168.10.89 - - [07/Mar/2018:09:05:33 -0300] "POST /cormun/servlet/acontrolpreferencessavestate?None,CDROGUETT,true HTTP/1.1" 200 35
190.100.93.40 - - [07/Mar/2018:09:05:36 -0300] "GET /cormun/servlet/solicitudot?e0c7ba328d0e30016209d87e4c6852ade309e77b75d2a8d7bb2db6981561bdc9115cd28a59f422a12ede3147ad7662ff27a7747150feb821ed45882c0a9522cf2eb7c9e1cc7fcf352b714e696bba9feed58c2577e1d3647b6dfd66eb6d4247d75be47b51ff7bd3ae229494c083e05858a63fdf4818236068f8b4ee72ddc05b09254a3560520251516d19b33c5ef899ab65a2da86ade33968557ac91268fbf675,gx-no-cache=1520424288640 HTTP/1.1" 200 29
190.100.93.40 - - [07/Mar/2018:09:05:36 -0300] "POST /cormun/servlet/solicitudot?gx-no-cache=1520424288706 HTTP/1.1" 200 1318
190.100.93.40 - - [07/Mar/2018:09:05:36 -0300] "POST /cormun/servlet/solicitudot?gx-no-cache=1520424288770 HTTP/1.1" 200 1219
190.100.93.40 - - [07/Mar/2018:09:05:37 -0300] "GET /cormun/static/menuarrow.gif HTTP/1.1" 404 1015
190.100.93.40 - - [07/Mar/2018:09:05:39 -0300] "GET /cormun/servlet/solicitudot?e0c7ba328d0e30016209d87e4c6852ade4374e388feba220eb40724ed3ae04fba588854d08fd9d5dc5dc03affeebb358,gx-no-cache=1520424291513 HTTP/1.1" 200 30
190.100.93.40 - - [07/Mar/2018:09:05:43 -0300] "POST /cormun/servlet/solicitudot?gx-no-cache=1520424295783 HTTP/1.1" 200 30
190.100.93.40 - - [07/Mar/2018:09:06:00 -0300] "POST /cormun/servlet/solicitudot?f3e7e32bf83ae012c7e652d4f5fd3086,INS,0,0,,gx-no-cache=1520424312028 HTTP/1.1" 200 93
190.100.93.40 - - [07/Mar/2018:09:06:00 -0300] "GET /cormun/servlet/hpexe_return? HTTP/1.1" 200 1011
190.100.93.40 - - [07/Mar/2018:09:06:00 -0300] "GET /cormun/servlet/trsolicitudot HTTP/1.1" 200 13464
190.100.93.40 - - [07/Mar/2018:09:06:00 -0300] "GET /cormun/servlet/trsolicitudot HTTP/1.1" 200 13459
190.100.93.40 - - [07/Mar/2018:09:06:03 -0300] "GET /cormun/servlet/solicitudot?INS,0,0, HTTP/1.1" 200 13794
190.100.93.40 - - [07/Mar/2018:09:06:03 -0300] "GET /cormun/servlet/solicitudot?INS,0,0, HTTP/1.1" 200 13799
190.100.93.40 - - [07/Mar/2018:09:06:14 -0300] "POST /cormun/servlet/solicitudot?gx-no-cache=1520424326433 HTTP/1.1" 200 3403
190.100.93.40 - - [07/Mar/2018:09:06:14 -0300] "POST /cormun/servlet/solicitudot?f3e7e32bf83ae012c7e652d4f5fd3086,INS,0,0,,gx-no-cache=1520424326701 HTTP/1.1" 200 10580
190.100.93.40 - - [07/Mar/2018:09:06:16 -0300] "GET /cormun/servlet/solicitudot?e0c7ba328d0e30016209d87e4c6852ad407cb3a19e3ee9a820beb4c7ee763d2f4f3e0347e43baf03a28b21e51d655143,gx-no-cache=1520424328211 HTTP/1.1" 200 30
190.100.93.40 - - [07/Mar/2018:09:06:16 -0300] "GET /cormun/servlet/solicitudot?e0c7ba328d0e30016209d87e4c6852ad69a7526d67c35840755caa99f179af9373478c7acff06a885a9dfdb544e1adc8,gx-no-cache=1520424328301 HTTP/1.1" 200 30
190.100.93.40 - - [07/Mar/2018:09:06:16 -0300] "GET /cormun/servlet/solicitudot?e0c7ba328d0e30016209d87e4c6852ad1da68ee10ea09e92de39f912237d0667,gx-no-cache=1520424328381 HTTP/1.1" 200 53
190.100.93.40 - - [07/Mar/2018:09:06:16 -0300] "POST /cormun/servlet/solicitudot?gx-no-cache=1520424328461 HTTP/1.1" 200 255
190.100.93.40 - - [07/Mar/2018:09:06:16 -0300] "GET /cormun/servlet/solicitudot?e0c7ba328d0e30016209d87e4c6852ad2430aad9f03a2a22e211478f957c863e3de11949e2863c137590f9ef3c05d831f67523ee81396bb9570a25bdc0314d75045fd09e9a708ba5deb4e4ced09162c3a1d9ac0e3571bf62b0713a0223c000904ded48f9df654bc9bfee66280defe0999316f7d9a9f3be7b4cd142a66492792ef6cf0e4da5b39874ac423ea80fa929cd22814c23f1dccdb4925d6949cbe217a7bda5c43e502ae86dd252d1896d0c3c5a8514b836c6402dfa290e28988929a65744d456ea04b0755c5ef13c76bdebbf630eac064bb932639f39b21c9f5a262fd60a0ca244343c1d95d1be88ef3e6079d5a0e7725f764e2f2d6497b371a52b29ba7d658369e75b1da34f26a136371eb1e67e41f8e23f1ce86cbcda07d5739ffa03f54f642af0088b08452c4dbeb1f40bc63fc39f4e559345c8d1c8634e33b7a6ca109adaea9122ef905a446b95c2a663a5a7bc569982f5786758f7f7e9a356d704d5a9e4eaf54dec94d970ba992591ad6c4299adca63c140e675da50488e7afb76,gx-no-cache=1520424328524 HTTP/1.1" 200 30
190.100.93.40 - - [07/Mar/2018:09:06:17 -0300] "POST /cormun/servlet/solicitudot?gx-no-cache=1520424329903 HTTP/1.1" 200 30
190.100.93.40 - - [07/Mar/2018:09:06:25 -0300] "POST /cormun/servlet/solicitudot?gx-no-cache=1520424337665 HTTP/1.1" 200 1337
190.100.93.40 - - [07/Mar/2018:09:06:25 -0300] "POST /cormun/servlet/solicitudot?gx-no-cache=1520424337809 HTTP/1.1" 200 38
190.100.93.40 - - [07/Mar/2018:09:06:30 -0300] "GET /cormun/servlet/solicitudot?e0c7ba328d0e30016209d87e4c6852ade309e77b75d2a8d7bb2db6981561bdc9115cd28a59f422a12ede3147ad7662ff27a7747150feb821ed45882c0a9522cf2eb7c9e1cc7fcf352b714e696bba9feed58c2577e1d3647b6dfd66eb6d4247d75be47b51ff7bd3ae229494c083e05858a63fdf4818236068f8b4ee72ddc05b09254a3560520251516d19b33c5ef899ab65a2da86ade33968557ac91268fbf675,gx-no-cache=1520424342495 HTTP/1.1" 200 29
190.100.93.40 - - [07/Mar/2018:09:06:30 -0300] "POST /cormun/servlet/solicitudot?gx-no-cache=1520424342565 HTTP/1.1" 200 1318
190.100.93.40 - - [07/Mar/2018:09:06:30 -0300] "POST /cormun/servlet/solicitudot?gx-no-cache=1520424342644 HTTP/1.1" 200 1219
190.100.93.40 - - [07/Mar/2018:09:06:31 -0300] "GET /cormun/static/menuarrow.gif HTTP/1.1" 404 1015
190.100.93.40 - - [07/Mar/2018:09:06:33 -0300] "GET /cormun/servlet/solicitudot?e0c7ba328d0e30016209d87e4c6852ade4374e388feba220eb40724ed3ae04fba588854d08fd9d5dc5dc03affeebb358,gx-no-cache=1520424345200 HTTP/1.1" 200 30
190.100.93.40 - - [07/Mar/2018:09:06:37 -0300] "POST /cormun/servlet/solicitudot?gx-no-cache=1520424349429 HTTP/1.1" 200 30
190.100.93.40 - - [07/Mar/2018:09:06:53 -0300] "POST /cormun/servlet/solicitudot?f3e7e32bf83ae012c7e652d4f5fd3086,INS,0,0,,gx-no-cache=1520424365309 HTTP/1.1" 200 93
190.100.93.40 - - [07/Mar/2018:09:06:53 -0300] "GET /cormun/servlet/hpexe_return? HTTP/1.1" 200 1011
190.100.93.40 - - [07/Mar/2018:09:06:53 -0300] "GET /cormun/servlet/trsolicitudot HTTP/1.1" 200 13808
190.100.93.40 - - [07/Mar/2018:09:06:54 -0300] "GET /cormun/servlet/trsolicitudot HTTP/1.1" 200 13803
190.100.93.40 - - [07/Mar/2018:09:06:57 -0300] "GET /cormun/servlet/solicitudot?INS,0,0, HTTP/1.1" 200 13795
190.100.93.40 - - [07/Mar/2018:09:06:57 -0300] "GET /cormun/servlet/solicitudot?INS,0,0, HTTP/1.1" 200 13800
190.100.93.40 - - [07/Mar/2018:09:07:04 -0300] "POST /cormun/servlet/solicitudot?gx-no-cache=1520424376817 HTTP/1.1" 200 3409
190.100.93.40 - - [07/Mar/2018:09:07:05 -0300] "POST /cormun/servlet/solicitudot?f3e7e32bf83ae012c7e652d4f5fd3086,INS,0,0,,gx-no-cache=1520424377093 HTTP/1.1" 200 10562
