200.112.3.25 - - [07/Mar/2018:14:21:56 -0300] "GET /cormun/static/Shared/jqueryui/images/ui-bg_highlight-soft_100_c6c2c8_1x100.png HTTP/1.1" 404 1117
200.112.3.25 - - [07/Mar/2018:14:21:57 -0300] "GET /cormun/static/Shared/jqueryui/images/ui-icons_8d78a5_256x240.png HTTP/1.1" 404 1089
200.112.3.25 - - [07/Mar/2018:14:21:57 -0300] "GET /cormun/static/Shared/jqueryui/images/ui-icons_82798d_256x240.png HTTP/1.1" 404 1089
200.112.3.25 - - [07/Mar/2018:14:21:57 -0300] "GET /cormun/static/Shared/jqueryui/images/ui-bg_flat_55_fafafa_40x100.png HTTP/1.1" 404 1097
200.112.3.25 - - [07/Mar/2018:14:21:57 -0300] "POST /cormun/servlet/trsolicitudot?b3de6ebd948b20f9ff497a6c8aaaa9dd,gx-no-cache=1520443267867 HTTP/1.1" 200 4453
186.103.159.204 - - [07/Mar/2018:14:22:12 -0300] "GET /cormun/servlet/hlogin HTTP/1.1" 200 1713
200.112.3.25 - - [07/Mar/2018:14:22:15 -0300] "POST /cormun/servlet/trsolicitudot?b3de6ebd948b20f9ff497a6c8aaaa9dd,gx-no-cache=1520443285717 HTTP/1.1" 200 6263
200.112.3.25 - - [07/Mar/2018:14:22:24 -0300] "POST /cormun/servlet/trsolicitudot?b3de6ebd948b20f9ff497a6c8aaaa9dd,gx-no-cache=1520443294705 HTTP/1.1" 200 6241
186.103.159.204 - - [07/Mar/2018:14:22:27 -0300] "POST /cormun/servlet/hlogin?6f3e90df06f8f438ccba612c58980c90,gx-no-cache=1520443299521 HTTP/1.1" 200 90
186.103.159.204 - - [07/Mar/2018:14:22:28 -0300] "GET /cormun/servlet/hpexe_link HTTP/1.1" 200 955
186.103.159.204 - - [07/Mar/2018:14:22:28 -0300] "GET /cormun/servlet/treventos?2018,8433, HTTP/1.1" 200 8215
186.103.159.204 - - [07/Mar/2018:14:22:28 -0300] "GET /cormun/servlet/treventos?2018,8433, HTTP/1.1" 200 8220
200.112.3.25 - - [07/Mar/2018:14:22:29 -0300] "POST /cormun/servlet/trsolicitudot?b3de6ebd948b20f9ff497a6c8aaaa9dd,gx-no-cache=1520443300312 HTTP/1.1" 200 4470
200.112.3.25 - - [07/Mar/2018:14:22:31 -0300] "GET /cormun/servlet/solicitudot?INS,0,0, HTTP/1.1" 200 13656
200.112.3.25 - - [07/Mar/2018:14:22:31 -0300] "GET /cormun/servlet/solicitudot?INS,0,0, HTTP/1.1" 200 13661
186.103.159.44 - - [07/Mar/2018:14:22:36 -0300] "GET /cormun/static/menuarrow.gif HTTP/1.1" 404 1015
200.112.3.25 - - [07/Mar/2018:14:22:38 -0300] "POST /cormun/servlet/solicitudot?b3de6ebd948b20f9ff497a6c8aaaa9dd,INS,0,0,,gx-no-cache=1520443309146 HTTP/1.1" 200 11826
200.112.3.25 - - [07/Mar/2018:14:22:38 -0300] "GET /cormun/static/Shared/jqueryui/images/ui-bg_highlight-soft_100_c6c2c8_1x100.png HTTP/1.1" 404 1117
200.112.3.25 - - [07/Mar/2018:14:22:38 -0300] "GET /cormun/static/Shared/jqueryui/images/ui-icons_82798d_256x240.png HTTP/1.1" 404 1089
200.112.3.25 - - [07/Mar/2018:14:22:39 -0300] "GET /cormun/static/Shared/jqueryui/images/ui-bg_flat_55_994d53_40x100.png HTTP/1.1" 404 1097
200.112.3.25 - - [07/Mar/2018:14:22:39 -0300] "GET /cormun/static/Shared/jqueryui/images/ui-icons_ebccce_256x240.png HTTP/1.1" 404 1089
186.103.159.44 - - [07/Mar/2018:14:22:39 -0300] "GET /cormun/servlet/solicitudot?d6e0d8e3505f26b7009936883456383c8ac87a8e32ad682c626eaed7b06553bb8c7c0b8af64f3d9019e36141f7f0816e,gx-no-cache=1520443312361 HTTP/1.1" 200 30
200.112.3.25 - - [07/Mar/2018:14:22:44 -0300] "POST /cormun/servlet/solicitudot?gx-no-cache=1520443314765 HTTP/1.1" 200 3404
200.112.3.25 - - [07/Mar/2018:14:22:44 -0300] "POST /cormun/servlet/solicitudot?b3de6ebd948b20f9ff497a6c8aaaa9dd,INS,0,0,,gx-no-cache=1520443315197 HTTP/1.1" 200 11720
200.112.3.25 - - [07/Mar/2018:14:22:44 -0300] "GET /cormun/servlet/solicitudot?8ef21d2725bbc5a92cc57b60ab04ecf6651269960a54348571b8227ae30ab4fd11a23ad233be29cc66600c511a5f724b,gx-no-cache=1520443315889 HTTP/1.1" 200 30
200.112.3.25 - - [07/Mar/2018:14:22:45 -0300] "GET /cormun/servlet/solicitudot?8ef21d2725bbc5a92cc57b60ab04ecf6daa36ffea1d1d82a5455c29d68ff6fc64ac969c0623a6434a6a06f2d9d1fd48c14362ce1fae2251319915cf176c917df,gx-no-cache=1520443315998 HTTP/1.1" 200 30
200.112.3.25 - - [07/Mar/2018:14:22:45 -0300] "GET /cormun/servlet/solicitudot?8ef21d2725bbc5a92cc57b60ab04ecf6ec93c26d8118946b5cf038b023a0d944,gx-no-cache=1520443316080 HTTP/1.1" 200 29
200.112.3.25 - - [07/Mar/2018:14:22:45 -0300] "POST /cormun/servlet/solicitudot?gx-no-cache=1520443316170 HTTP/1.1" 200 255
200.112.3.25 - - [07/Mar/2018:14:22:45 -0300] "GET /cormun/servlet/solicitudot?8ef21d2725bbc5a92cc57b60ab04ecf61dec1c9363aa695e034f145f81c2de6269e1d5b0f2435d5080bec82ee577ae593e135b04ce32a67996cc6b0a5b4ecc5d784763ad7daa9964e03a5c24fb049569574c61a89fced3374670c2821dca4a0eafd20a2f5e8a396a977294af98fc1a01e473aff00d85f6d936192b8623c57bcdc784c13cbf13d84d11a3a4bbd5bb2823b245cdf5a419b7bbd15f7da2c7f191d3ca9b5151af4d97404637c815b1620f48ba54a8f63bb4a1a0044a8037bc37f5eb9da1b3cdf80ab52731f716f5e58042339a6298454633621760e3913c13d511e8d307c5265efc402b20295cf2d374d518f904ed3f898462124d29c4d52c441c945845862eadcdbb06f7224050e997b7df1db591513ea43caa51a1d24df0cb60ddb58a661c5fa393e2e497e9c3f85915c7cbbf653ec271ce8392555b965ac101727e0331caf6cd04223eb6e1bf0e7e56bb6761a667863f871f9dde7e13750da2b62ed5f95e9bceb7a0cb76694cd97d61db3f8a6c3b7548acbfef252429f5330c7e,gx-no-cache=1520443316296 HTTP/1.1" 200 30
186.103.159.44 - - [07/Mar/2018:14:22:47 -0300] "POST /cormun/servlet/solicitudot?gx-no-cache=1520443319818 HTTP/1.1" 200 33
200.112.3.25 - - [07/Mar/2018:14:22:48 -0300] "POST /cormun/servlet/solicitudot?gx-no-cache=1520443319731 HTTP/1.1" 200 30
200.112.3.25 - - [07/Mar/2018:14:22:51 -0300] "POST /cormun/servlet/solicitudot?gx-no-cache=1520443322089 HTTP/1.1" 200 1336
200.112.3.25 - - [07/Mar/2018:14:22:51 -0300] "POST /cormun/servlet/solicitudot?gx-no-cache=1520443322327 HTTP/1.1" 200 38
186.103.159.44 - - [07/Mar/2018:14:23:00 -0300] "POST /cormun/servlet/solicitudot?16ffae5797a26635728ea69b1d24be87,INS,0,0,,gx-no-cache=1520443332783 HTTP/1.1" 200 93
186.103.159.44 - - [07/Mar/2018:14:23:00 -0300] "GET /cormun/servlet/hpexe_return? HTTP/1.1" 200 1006
186.103.159.44 - - [07/Mar/2018:14:23:00 -0300] "GET /cormun/static/gxcfg.js?2016101716175148 HTTP/1.1" 200 953
186.103.159.44 - - [07/Mar/2018:14:23:00 -0300] "GET /cormun/static/hpexe_return.js?2016101716175153 HTTP/1.1" 200 1633
186.103.159.44 - - [07/Mar/2018:14:23:00 -0300] "GET /cormun/static/Resources/Spanish/PXTools.css?167811 HTTP/1.1" 200 89042
186.103.159.44 - - [07/Mar/2018:14:23:00 -0300] "GET /cormun/servlet/trsolicitudot HTTP/1.1" 200 8627
186.103.159.44 - - [07/Mar/2018:14:23:01 -0300] "GET /cormun//static/Resources/PXToolsGridUpdate.png HTTP/1.1" 200 2984
186.103.159.44 - - [07/Mar/2018:14:23:01 -0300] "GET /cormun//static/Resources/PXToolsGridDelete.png HTTP/1.1" 200 357
186.103.159.44 - - [07/Mar/2018:14:23:01 -0300] "GET /cormun//static/Resources/PXToolsRemoveAllAction.png HTTP/1.1" 200 3558
186.103.159.44 - - [07/Mar/2018:14:23:01 -0300] "GET /cormun//static/Resources/PXToolsActionView.png HTTP/1.1" 200 2995
186.103.159.44 - - [07/Mar/2018:14:23:01 -0300] "GET /cormun//static/Resources/PXTools/ActionInsert.png HTTP/1.1" 200 1482
200.112.3.25 - - [07/Mar/2018:14:23:03 -0300] "GET /cormun/servlet/solicitudot?8ef21d2725bbc5a92cc57b60ab04ecf611b572d30ada7154a661655bd942fab8472e26ccb5c1ad2a70b20509ba83afc35cceb5ce84a9803784c92929cbd695b0bdbafda0a0ddf4c095083c6f12bf91501f0dcb497630029735ccedcbc00a628cb1682c4935c34394c1ca465e412df59acb06b83900346d8fa96c56143a7e6ffe242e4117103963758b5b53392e2e273edbf723b65d7fe419c96694ad43976b54,gx-no-cache=1520443334104 HTTP/1.1" 200 29
200.112.3.25 - - [07/Mar/2018:14:23:03 -0300] "POST /cormun/servlet/solicitudot?gx-no-cache=1520443334198 HTTP/1.1" 200 1320
200.112.3.25 - - [07/Mar/2018:14:23:03 -0300] "POST /cormun/servlet/solicitudot?gx-no-cache=1520443334382 HTTP/1.1" 200 1218
186.103.159.44 - - [07/Mar/2018:14:23:07 -0300] "POST /cormun/servlet/trsolicitudot?16ffae5797a26635728ea69b1d24be87,gx-no-cache=1520443339072 HTTP/1.1" 200 4407
186.103.159.44 - - [07/Mar/2018:14:23:08 -0300] "POST /cormun/servlet/trsolicitudot?16ffae5797a26635728ea69b1d24be87,gx-no-cache=1520443339859 HTTP/1.1" 200 4185
186.103.159.44 - - [07/Mar/2018:14:23:08 -0300] "GET /cormun/static/Shared/jqueryui/images/ui-bg_flat_55_fafafa_40x100.png HTTP/1.1" 404 1097
186.103.159.44 - - [07/Mar/2018:14:23:08 -0300] "GET /cormun/static/Shared/jqueryui/images/ui-icons_82798d_256x240.png HTTP/1.1" 404 1089
186.103.159.44 - - [07/Mar/2018:14:23:08 -0300] "GET /cormun/static/Shared/jqueryui/images/ui-icons_8d78a5_256x240.png HTTP/1.1" 404 1089
186.103.159.44 - - [07/Mar/2018:14:23:08 -0300] "GET /cormun/static/Shared/jqueryui/images/ui-bg_highlight-soft_100_c6c2c8_1x100.png HTTP/1.1" 404 1117
200.112.3.25 - - [07/Mar/2018:14:23:10 -0300] "GET /cormun/servlet/solicitudot?8ef21d2725bbc5a92cc57b60ab04ecf6a51fd708be1894bd3b4f95666b786cf82938bdc62e6aa93540b03155101fa553,gx-no-cache=1520443341219 HTTP/1.1" 200 30
186.103.159.204 - - [07/Mar/2018:14:23:14 -0300] "GET /cormun/servlet/trautorizarsolicitud? HTTP/1.1" 200 17636
186.103.159.44 - - [07/Mar/2018:14:23:15 -0300] "GET /cormun/servlet/trautorizarsolicitud? HTTP/1.1" 200 8643
186.103.159.44 - - [07/Mar/2018:14:23:15 -0300] "GET /cormun/static/gxcfg.js?2017111423403364 HTTP/1.1" 200 953
186.103.159.44 - - [07/Mar/2018:14:23:15 -0300] "GET /cormun/static/trautorizarsolicitud.js?201711142340425 HTTP/1.1" 200 53910
186.103.159.204 - - [07/Mar/2018:14:23:15 -0300] "GET /cormun/servlet/trautorizarsolicitud? HTTP/1.1" 200 17636
200.112.3.25 - - [07/Mar/2018:14:23:17 -0300] "POST /cormun/servlet/solicitudot?gx-no-cache=1520443348387 HTTP/1.1" 200 30
186.103.159.44 - - [07/Mar/2018:14:23:20 -0300] "POST /cormun/servlet/trautorizarsolicitud?16ffae5797a26635728ea69b1d24be87,,gx-no-cache=1520443352089 HTTP/1.1" 200 4605
186.103.159.44 - - [07/Mar/2018:14:23:20 -0300] "POST /cormun/servlet/trautorizarsolicitud?16ffae5797a26635728ea69b1d24be87,,gx-no-cache=1520443353031 HTTP/1.1" 200 4382
186.103.159.44 - - [07/Mar/2018:14:23:21 -0300] "GET /cormun/static/Shared/jqueryui/images/ui-icons_82798d_256x240.png HTTP/1.1" 404 1089
186.103.159.44 - - [07/Mar/2018:14:23:21 -0300] "GET /cormun/static/Shared/jqueryui/images/ui-icons_8d78a5_256x240.png HTTP/1.1" 404 1089
186.103.159.44 - - [07/Mar/2018:14:23:21 -0300] "GET /cormun/static/Shared/jqueryui/images/ui-bg_highlight-soft_100_c6c2c8_1x100.png HTTP/1.1" 404 1117
186.103.159.44 - - [07/Mar/2018:14:23:21 -0300] "GET /cormun/static/Shared/jqueryui/images/ui-bg_flat_55_fafafa_40x100.png HTTP/1.1" 404 1097
200.112.3.25 - - [07/Mar/2018:14:23:40 -0300] "POST /cormun/servlet/solicitudot?b3de6ebd948b20f9ff497a6c8aaaa9dd,INS,0,0,,gx-no-cache=1520443370384 HTTP/1.1" 200 93
200.112.3.25 - - [07/Mar/2018:14:23:40 -0300] "GET /cormun/servlet/hpexe_return? HTTP/1.1" 200 1026
200.112.3.25 - - [07/Mar/2018:14:23:41 -0300] "GET /cormun/servlet/trsolicitudot?gx-no-cache=1520443300312 HTTP/1.1" 200 8748
200.112.3.25 - - [07/Mar/2018:14:23:41 -0300] "GET /cormun/servlet/trsolicitudot?gx-no-cache=1520443300312 HTTP/1.1" 200 8765
200.112.3.25 - - [07/Mar/2018:14:23:47 -0300] "POST /cormun/servlet/trsolicitudot?b3de6ebd948b20f9ff497a6c8aaaa9dd,gx-no-cache=1520443300312,gx-no-cache=1520443378395 HTTP/1.1" 200 4659
200.112.3.25 - - [07/Mar/2018:14:23:48 -0300] "GET /cormun/static/Shared/jqueryui/images/ui-bg_highlight-soft_100_c6c2c8_1x100.png HTTP/1.1" 404 1117
200.112.3.25 - - [07/Mar/2018:14:23:48 -0300] "GET /cormun/static/Shared/jqueryui/images/ui-icons_8d78a5_256x240.png HTTP/1.1" 404 1089
200.112.3.25 - - [07/Mar/2018:14:23:48 -0300] "GET /cormun/static/Shared/jqueryui/images/ui-icons_82798d_256x240.png HTTP/1.1" 404 1089
200.112.3.25 - - [07/Mar/2018:14:23:48 -0300] "GET /cormun/static/Shared/jqueryui/images/ui-bg_flat_55_fafafa_40x100.png HTTP/1.1" 404 1097
200.112.3.25 - - [07/Mar/2018:14:23:48 -0300] "POST /cormun/servlet/trsolicitudot?b3de6ebd948b20f9ff497a6c8aaaa9dd,gx-no-cache=1520443300312,gx-no-cache=1520443378900 HTTP/1.1" 200 4451
200.112.3.25 - - [07/Mar/2018:14:23:56 -0300] "GET /cormun/servlet/solicitudot?INS,0,0, HTTP/1.1" 200 13676
200.112.3.25 - - [07/Mar/2018:14:23:56 -0300] "GET /cormun/servlet/solicitudot?INS,0,0, HTTP/1.1" 200 13661
200.112.3.25 - - [07/Mar/2018:14:24:03 -0300] "POST /cormun/servlet/solicitudot?b3de6ebd948b20f9ff497a6c8aaaa9dd,INS,0,0,,gx-no-cache=1520443394293 HTTP/1.1" 200 10775
200.112.3.25 - - [07/Mar/2018:14:24:04 -0300] "GET /cormun/static/Shared/jqueryui/images/ui-bg_highlight-soft_100_c6c2c8_1x100.png HTTP/1.1" 404 1117
200.112.3.25 - - [07/Mar/2018:14:24:04 -0300] "GET /cormun/static/Shared/jqueryui/images/ui-icons_82798d_256x240.png HTTP/1.1" 404 1089
200.112.3.25 - - [07/Mar/2018:14:24:04 -0300] "GET /cormun/static/Shared/jqueryui/images/ui-bg_flat_55_994d53_40x100.png HTTP/1.1" 404 1097
200.112.3.25 - - [07/Mar/2018:14:24:04 -0300] "GET /cormun/static/Shared/jqueryui/images/ui-icons_ebccce_256x240.png HTTP/1.1" 404 1089
200.112.3.25 - - [07/Mar/2018:14:24:12 -0300] "POST /cormun/servlet/solicitudot?b3de6ebd948b20f9ff497a6c8aaaa9dd,INS,0,0,,gx-no-cache=1520443402682 HTTP/1.1" 200 11911
192.168.10.56 - - [07/Mar/2018:14:24:22 -0300] "GET /cormun/servlet/solicitudgral?UPD,2018,10084, HTTP/1.1" 200 12915
192.168.10.56 - - [07/Mar/2018:14:24:22 -0300] "GET /cormun/static/gxcfg.js?20181911354237 HTTP/1.1" 304 -
192.168.10.56 - - [07/Mar/2018:14:24:22 -0300] "GET /cormun/servlet/solicitudgral?UPD,2018,10084, HTTP/1.1" 200 12924
192.168.10.56 - - [07/Mar/2018:14:24:23 -0300] "POST /cormun/servlet/solicitudgral?gx-no-cache=1520443302187 HTTP/1.1" 200 3913
192.168.10.56 - - [07/Mar/2018:14:24:23 -0300] "GET /cormun/servlet/solicitudgral?0eca30e8d505e830ef8a5278fee0f6a70124506f0e9e2f9f1a5c39728fd59a15fa2732d001dede74b68a55f4f5c2a7601455bd790248aa69985ae75d42533c70b2db4775964707f11cdba76d37292e1b42477ae276bc9f38d08180e00ac09bdc90a4043f56bc62998e67a185efe4f677e799e03ce9f1c0baa2212079f92828f8b32eb832e23d3a852a2b01ce2de0aaaa7d46d4001d1ad3e338d899fd8e013097285198c94351b575065298492c20c8f7c55378896512f17edde10db3187e9f43406fc41592fc35b0ad1332dd64efbe2cdda175798a863fae2044f03ff1fa0189c6524daca79dbaa5f61e26c6f4849d489a8ccb496a4fbb8d8431146b701db771182d62f377eb8fb98973022419f23988d98c68dab997c545a7366e22d93a93b08539064038db0301972e5528ee8cdb59eb03a84ed1766bf3a1b1a9733406d5b3d95a3dd46d189a0283cacad5a21e8f35,gx-no-cache=1520443302344 HTTP/1.1" 200 255
192.168.10.56 - - [07/Mar/2018:14:24:24 -0300] "GET /cormun/servlet/solicitudgral?0eca30e8d505e830ef8a5278fee0f6a7ea8fe90c4bfc93a76f273a1ec8ae7a92ed060f31627cc77790b7821c212b408e182d62f377eb8fb98973022419f239882f5ff1a78e8e83506259ac85d952b74d7447a9b763b1c0cbf9ceaa37b03577133d69a8f8a03c04633138eff4b454c68a293002a4795726b5c1deb6ec8b511748273f626cd656335b3aaa36adb60d5a92638ef71b4a85ee09fc67e8c3fc17cace19a535faf7d406e043c1d71cd0d5f8a257f26a4c4c73e15d40353be8830131bddf8ec16e23e4f3eef3250fd0efc6706d91cfd05127fdbf34411c1540174a4ee3d2347aa14db5c15920c5b8662b357997a6e91b0af3e5c05c1bd0cb9823f16a8c0e50f06098ce910ac7057eaecad291103843b79e3ef18fb20dc8e5d123c6c33b14cacfd3d26e43b764e110716ce3498af16c1cce2e038b2a55a7413a8e8893af4b789a5943fac27913c24e5f8739228f6809fbb9aee85a9b86ee5c74013c91900e50f06098ce910ac7057eaecad29110afb75dffff9bdde689ff965399527a0ef9c13a5443d33feda81f5f67216e0976af8beb7ef5c8592496ec3bd659d31fc11cdb09f72f4aaff5af26ec6bba3e8954,gx-no-cache=1520443303227 HTTP/1.1" 200 48
192.168.10.56 - - [07/Mar/2018:14:24:24 -0300] "POST /cormun/servlet/solicitudgral?51e7d2bae3761af85dd665f39a6feaa7,UPD,2018,10084,,gx-no-cache=1520443303261 HTTP/1.1" 200 11805
192.168.10.56 - - [07/Mar/2018:14:24:24 -0300] "GET /cormun/servlet/solicitudgral?0eca30e8d505e830ef8a5278fee0f6a76911d410005477fdd74efe37d92901cdb039f4c93f92568cb9fd9880fc56b56e4054f12397d59f27271b53cfa09010f46a3f0301e451edf9c00d2b8ab4500f9e3b38888c1bad207cd2f4d7a717cac2f8a199642a1ce2ccd17f5acbd39dd115fd8aa1cde42a1fa6cb54b9e91e8d6e5839c8d318a032a8b8d9c924d00ea59b7b702f028d857e38291b50f209bf6220abba,gx-no-cache=1520443303435 HTTP/1.1" 200 29
192.168.10.56 - - [07/Mar/2018:14:24:24 -0300] "POST /cormun/servlet/solicitudgral?gx-no-cache=1520443303449 HTTP/1.1" 200 1296
192.168.10.56 - - [07/Mar/2018:14:24:24 -0300] "POST /cormun/servlet/solicitudgral?gx-no-cache=1520443303475 HTTP/1.1" 200 1219
200.112.3.25 - - [07/Mar/2018:14:24:25 -0300] "POST /cormun/servlet/solicitudot?gx-no-cache=1520443415972 HTTP/1.1" 200 3402
200.112.3.25 - - [07/Mar/2018:14:24:26 -0300] "POST /cormun/servlet/solicitudot?b3de6ebd948b20f9ff497a6c8aaaa9dd,INS,0,0,,gx-no-cache=1520443416479 HTTP/1.1" 200 11793
200.112.3.25 - - [07/Mar/2018:14:24:26 -0300] "GET /cormun/servlet/solicitudot?8ef21d2725bbc5a92cc57b60ab04ecf6f2ac079161b60e22009a62a34816db0f21b8188877202d06de3c7cf3222dea8d,gx-no-cache=1520443417801 HTTP/1.1" 200 30
200.112.3.25 - - [07/Mar/2018:14:24:27 -0300] "GET /cormun/servlet/solicitudot?8ef21d2725bbc5a92cc57b60ab04ecf6b4057993f28d7c9ccfc84e3b0f26e252b46cda1249cc05a44390f110c91c1ed4,gx-no-cache=1520443417891 HTTP/1.1" 200 30
200.112.3.25 - - [07/Mar/2018:14:24:27 -0300] "GET /cormun/servlet/solicitudot?8ef21d2725bbc5a92cc57b60ab04ecf6ec93c26d8118946b5cf038b023a0d944,gx-no-cache=1520443417970 HTTP/1.1" 200 29
200.112.3.25 - - [07/Mar/2018:14:24:27 -0300] "POST /cormun/servlet/solicitudot?gx-no-cache=1520443418067 HTTP/1.1" 200 255
200.112.3.25 - - [07/Mar/2018:14:24:27 -0300] "GET /cormun/servlet/solicitudot?8ef21d2725bbc5a92cc57b60ab04ecf61dec1c9363aa695e034f145f81c2de6269e1d5b0f2435d5080bec82ee577ae593e135b04ce32a67996cc6b0a5b4ecc5d784763ad7daa9964e03a5c24fb049569574c61a89fced3374670c2821dca4a0eafd20a2f5e8a396a977294af98fc1a01e473aff00d85f6d936192b8623c57bcdc784c13cbf13d84d11a3a4bbd5bb2823b245cdf5a419b7bbd15f7da2c7f191d3ca9b5151af4d97404637c815b1620f48ba54a8f63bb4a1a0044a8037bc37f5eb9da1b3cdf80ab52731f716f5e58042339a6298454633621760e3913c13d511e8d307c5265efc402b20295cf2d374d518f904ed3f898462124d29c4d52c441c945845862eadcdbb06f7224050e997b7df1db591513ea43caa51a1d24df0cb60ddb58a661c5fa393e2e497e9c3f85915c7cbbf653ec271ce8392555b965ac101727e0331caf6cd04223eb6e1bf0e7e56bb6761a667863f871f9dde7e13750da2b62ed5f95e9bceb7a0cb76694cd97d61db3f8a6c3b7548acbfef252429f5330c7e,gx-no-cache=1520443418192 HTTP/1.1" 200 30
192.168.10.56 - - [07/Mar/2018:14:24:30 -0300] "POST /cormun/servlet/solicitudgral?51e7d2bae3761af85dd665f39a6feaa7,UPD,2018,10084,,gx-no-cache=1520443309124 HTTP/1.1" 200 93
192.168.10.56 - - [07/Mar/2018:14:24:30 -0300] "GET /cormun/servlet/hpexe_return? HTTP/1.1" 200 1014
192.168.10.56 - - [07/Mar/2018:14:24:30 -0300] "GET /cormun/servlet/trsolicitudgral? HTTP/1.1" 200 12779
192.168.10.56 - - [07/Mar/2018:14:24:31 -0300] "GET /cormun/servlet/trsolicitudgral? HTTP/1.1" 200 12774
200.112.3.25 - - [07/Mar/2018:14:24:33 -0300] "POST /cormun/servlet/solicitudot?gx-no-cache=1520443424622 HTTP/1.1" 200 30
200.112.3.25 - - [07/Mar/2018:14:24:37 -0300] "POST /cormun/servlet/solicitudot?gx-no-cache=1520443428145 HTTP/1.1" 200 1336
200.112.3.25 - - [07/Mar/2018:14:24:37 -0300] "POST /cormun/servlet/solicitudot?gx-no-cache=1520443428395 HTTP/1.1" 200 38
192.168.10.56 - - [07/Mar/2018:14:24:41 -0300] "POST /cormun/servlet/trsolicitudgral?51e7d2bae3761af85dd665f39a6feaa7,,gx-no-cache=1520443320360 HTTP/1.1" 200 9421
192.168.10.56 - - [07/Mar/2018:14:24:41 -0300] "GET /cormun/static/Shared/jqueryui/images/ui-bg_highlight-soft_100_c6c2c8_1x100.png HTTP/1.1" 404 1117
192.168.10.56 - - [07/Mar/2018:14:24:41 -0300] "GET /cormun/static/Shared/jqueryui/images/ui-icons_82798d_256x240.png HTTP/1.1" 404 1089
192.168.10.56 - - [07/Mar/2018:14:24:41 -0300] "GET /cormun/static/Shared/jqueryui/images/ui-bg_flat_55_fafafa_40x100.png HTTP/1.1" 404 1097
192.168.10.56 - - [07/Mar/2018:14:24:41 -0300] "GET /cormun/static/Shared/jqueryui/images/ui-icons_8d78a5_256x240.png HTTP/1.1" 404 1089
200.112.3.25 - - [07/Mar/2018:14:24:51 -0300] "GET /cormun/servlet/solicitudot?8ef21d2725bbc5a92cc57b60ab04ecf611b572d30ada7154a661655bd942fab8472e26ccb5c1ad2a70b20509ba83afc35cceb5ce84a9803784c92929cbd695b0bdbafda0a0ddf4c095083c6f12bf91501f0dcb497630029735ccedcbc00a628cb1682c4935c34394c1ca465e412df59acb06b83900346d8fa96c56143a7e6ffe242e4117103963758b5b53392e2e273edbf723b65d7fe419c96694ad43976b54,gx-no-cache=1520443442592 HTTP/1.1" 200 29
200.112.3.25 - - [07/Mar/2018:14:24:51 -0300] "POST /cormun/servlet/solicitudot?gx-no-cache=1520443442676 HTTP/1.1" 200 1319
200.112.3.25 - - [07/Mar/2018:14:24:52 -0300] "POST /cormun/servlet/solicitudot?gx-no-cache=1520443442911 HTTP/1.1" 200 1219
192.168.10.56 - - [07/Mar/2018:14:24:53 -0300] "POST /cormun/servlet/trsolicitudgral?51e7d2bae3761af85dd665f39a6feaa7,,gx-no-cache=1520443331797 HTTP/1.1" 200 7764
200.112.3.25 - - [07/Mar/2018:14:24:56 -0300] "GET /cormun/servlet/solicitudot?8ef21d2725bbc5a92cc57b60ab04ecf6a51fd708be1894bd3b4f95666b786cf82938bdc62e6aa93540b03155101fa553,gx-no-cache=1520443447720 HTTP/1.1" 200 30
200.112.3.25 - - [07/Mar/2018:14:25:02 -0300] "POST /cormun/servlet/solicitudot?gx-no-cache=1520443453075 HTTP/1.1" 200 30
192.168.10.56 - - [07/Mar/2018:14:25:03 -0300] "POST /cormun/servlet/trsolicitudgral?51e7d2bae3761af85dd665f39a6feaa7,,gx-no-cache=1520443342359 HTTP/1.1" 200 6148
186.103.159.204 - - [07/Mar/2018:14:25:07 -0300] "POST /cormun/servlet/trautorizarsolicitud?6f3e90df06f8f438ccba612c58980c90,,gx-no-cache=1520443458562 HTTP/1.1" 200 15018
186.103.159.204 - - [07/Mar/2018:14:25:07 -0300] "GET /cormun/static/Shared/jqueryui/images/ui-bg_highlight-soft_100_c6c2c8_1x100.png HTTP/1.1" 404 1117
186.103.159.204 - - [07/Mar/2018:14:25:07 -0300] "GET /cormun/static/Shared/jqueryui/images/ui-icons_82798d_256x240.png HTTP/1.1" 404 1089
186.103.159.204 - - [07/Mar/2018:14:25:07 -0300] "GET /cormun/static/Shared/jqueryui/images/ui-bg_flat_55_fafafa_40x100.png HTTP/1.1" 404 1097
186.103.159.204 - - [07/Mar/2018:14:25:07 -0300] "GET /cormun/static/Shared/jqueryui/images/ui-icons_8d78a5_256x240.png HTTP/1.1" 404 1089
192.168.10.56 - - [07/Mar/2018:14:25:23 -0300] "POST /cormun/servlet/trsolicitudgral?51e7d2bae3761af85dd665f39a6feaa7,,gx-no-cache=1520443362329 HTTP/1.1" 200 9388
192.168.10.56 - - [07/Mar/2018:14:25:30 -0300] "GET /cormun/servlet/solicitudgral?UPD,2018,10191, HTTP/1.1" 200 12916
192.168.10.56 - - [07/Mar/2018:14:25:31 -0300] "GET /cormun/servlet/solicitudgral?UPD,2018,10191, HTTP/1.1" 200 12924
192.168.10.56 - - [07/Mar/2018:14:25:31 -0300] "POST /cormun/servlet/solicitudgral?gx-no-cache=1520443370258 HTTP/1.1" 200 3919
192.168.10.56 - - [07/Mar/2018:14:25:31 -0300] "GET /cormun/servlet/solicitudgral?0eca30e8d505e830ef8a5278fee0f6a70124506f0e9e2f9f1a5c39728fd59a15fa2732d001dede74b68a55f4f5c2a7601455bd790248aa69985ae75d42533c70b2db4775964707f11cdba76d37292e1b42477ae276bc9f38d08180e00ac09bdc90a4043f56bc62998e67a185efe4f677e799e03ce9f1c0baa2212079f92828f8b32eb832e23d3a852a2b01ce2de0aaaa7d46d4001d1ad3e338d899fd8e013097285198c94351b575065298492c20c8f7c55378896512f17edde10db3187e9f43406fc41592fc35b0ad1332dd64efbe2cdda175798a863fae2044f03ff1fa0189c6524daca79dbaa5f61e26c6f4849d489a8ccb496a4fbb8d8431146b701db771182d62f377eb8fb98973022419f23988d98c68dab997c545a7366e22d93a93b08539064038db0301972e5528ee8cdb59eb03a84ed1766bf3a1b1a9733406d5b3d95a3dd46d189a0283cacad5a21e8f35,gx-no-cache=1520443370421 HTTP/1.1" 200 255
200.112.3.25 - - [07/Mar/2018:14:25:32 -0300] "POST /cormun/servlet/solicitudot?b3de6ebd948b20f9ff497a6c8aaaa9dd,INS,0,0,,gx-no-cache=1520443482323 HTTP/1.1" 200 93
200.112.3.25 - - [07/Mar/2018:14:25:32 -0300] "GET /cormun/servlet/hpexe_return? HTTP/1.1" 200 1026
200.112.3.25 - - [07/Mar/2018:14:25:32 -0300] "GET /cormun/servlet/trsolicitudot?gx-no-cache=1520443300312 HTTP/1.1" 200 8772
200.112.3.25 - - [07/Mar/2018:14:25:33 -0300] "GET /cormun/servlet/trsolicitudot?gx-no-cache=1520443300312 HTTP/1.1" 200 8788
186.103.159.204 - - [07/Mar/2018:14:25:34 -0300] "GET /cormun/servlet/trcontratounov2? HTTP/1.1" 200 17606
192.168.10.56 - - [07/Mar/2018:14:25:35 -0300] "GET /cormun/servlet/solicitudgral?0eca30e8d505e830ef8a5278fee0f6a7ea8fe90c4bfc93a76f273a1ec8ae7a92ed060f31627cc77790b7821c212b408e182d62f377eb8fb98973022419f239882f5ff1a78e8e83506259ac85d952b74d7447a9b763b1c0cbf9ceaa37b03577133d69a8f8a03c04633138eff4b454c68a293002a4795726b5c1deb6ec8b511748273f626cd656335b3aaa36adb60d5a92638ef71b4a85ee09fc67e8c3fc17cace19a535faf7d406e043c1d71cd0d5f8a257f26a4c4c73e15d40353be8830131bddf8ec16e23e4f3eef3250fd0efc6706d91cfd05127fdbf34411c1540174a4ee3d2347aa14db5c15920c5b8662b357997a6e91b0af3e5c05c1bd0cb9823f16a8c0e50f06098ce910ac7057eaecad291103843b79e3ef18fb20dc8e5d123c6c33b14cacfd3d26e43b764e110716ce3498af16c1cce2e038b2a55a7413a8e8893af4b789a5943fac27913c24e5f8739228f6809fbb9aee85a9b86ee5c74013c91900e50f06098ce910ac7057eaecad29110afb75dffff9bdde689ff965399527a0ef9c13a5443d33feda81f5f67216e0976af8beb7ef5c8592496ec3bd659d31fc11cdb09f72f4aaff5af26ec6bba3e8954,gx-no-cache=1520443374012 HTTP/1.1" 200 48
192.168.10.56 - - [07/Mar/2018:14:25:35 -0300] "POST /cormun/servlet/solicitudgral?51e7d2bae3761af85dd665f39a6feaa7,UPD,2018,10191,,gx-no-cache=1520443374039 HTTP/1.1" 200 11817
186.103.159.204 - - [07/Mar/2018:14:25:35 -0300] "GET /cormun/servlet/trcontratounov2? HTTP/1.1" 200 17605
192.168.10.56 - - [07/Mar/2018:14:25:35 -0300] "GET /cormun/servlet/solicitudgral?0eca30e8d505e830ef8a5278fee0f6a70bfe789f0b5f87b2e3af7c29738d5354b039f4c93f92568cb9fd9880fc56b56e5b10979558c4e3ac565bf17f75a21f45fbf466fcd6bd2fac7686adcf36f5f91c3b38888c1bad207cd2f4d7a717cac2f80dd399fdd69a45a40ce0f89c0c9508849ba403189200eb7fd0ae594d38bfcb3c5cb6ace181b4f11622eb85a2cefa151a6bb38578eea8825957f6781d31a98311,gx-no-cache=1520443374246 HTTP/1.1" 200 29
192.168.10.56 - - [07/Mar/2018:14:25:35 -0300] "POST /cormun/servlet/solicitudgral?gx-no-cache=1520443374260 HTTP/1.1" 200 1295
192.168.10.56 - - [07/Mar/2018:14:25:35 -0300] "POST /cormun/servlet/solicitudgral?gx-no-cache=1520443374292 HTTP/1.1" 200 1217
192.168.10.56 - - [07/Mar/2018:14:25:35 -0300] "GET /cormun/static/menuarrow.gif HTTP/1.1" 404 1015
200.112.3.25 - - [07/Mar/2018:14:25:36 -0300] "POST /cormun/servlet/trsolicitudot?b3de6ebd948b20f9ff497a6c8aaaa9dd,gx-no-cache=1520443300312,gx-no-cache=1520443487232 HTTP/1.1" 200 4670
200.112.3.25 - - [07/Mar/2018:14:25:36 -0300] "GET /cormun/static/Shared/jqueryui/images/ui-bg_highlight-soft_100_c6c2c8_1x100.png HTTP/1.1" 404 1117
200.112.3.25 - - [07/Mar/2018:14:25:37 -0300] "GET /cormun/static/Shared/jqueryui/images/ui-icons_8d78a5_256x240.png HTTP/1.1" 404 1089
200.112.3.25 - - [07/Mar/2018:14:25:37 -0300] "GET /cormun/static/Shared/jqueryui/images/ui-icons_82798d_256x240.png HTTP/1.1" 404 1089
200.112.3.25 - - [07/Mar/2018:14:25:37 -0300] "GET /cormun/static/Shared/jqueryui/images/ui-bg_flat_55_fafafa_40x100.png HTTP/1.1" 404 1097
200.112.3.25 - - [07/Mar/2018:14:25:37 -0300] "POST /cormun/servlet/trsolicitudot?b3de6ebd948b20f9ff497a6c8aaaa9dd,gx-no-cache=1520443300312,gx-no-cache=1520443487774 HTTP/1.1" 200 4451
192.168.10.56 - - [07/Mar/2018:14:25:37 -0300] "GET /cormun/servlet/solicitudgral?0eca30e8d505e830ef8a5278fee0f6a7ea8fe90c4bfc93a76f273a1ec8ae7a92ed060f31627cc77790b7821c212b408e182d62f377eb8fb98973022419f239882f5ff1a78e8e83506259ac85d952b74d7447a9b763b1c0cbf9ceaa37b03577133d69a8f8a03c04633138eff4b454c68a293002a4795726b5c1deb6ec8b511748273f626cd656335b3aaa36adb60d5a92638ef71b4a85ee09fc67e8c3fc17cace19a535faf7d406e043c1d71cd0d5f8a257f26a4c4c73e15d40353be8830131bddf8ec16e23e4f3eef3250fd0efc6706d91cfd05127fdbf34411c1540174a4ee3d2347aa14db5c15920c5b8662b357997a6e91b0af3e5c05c1bd0cb9823f16a8c0e50f06098ce910ac7057eaecad291103843b79e3ef18fb20dc8e5d123c6c33b14cacfd3d26e43b764e110716ce3498af16c1cce2e038b2a55a7413a8e8893af4b789a5943fac27913c24e5f8739228f6809fbb9aee85a9b86ee5c74013c91900e50f06098ce910ac7057eaecad29110afb75dffff9bdde689ff965399527a0ef9c13a5443d33feda81f5f67216e0976af8beb7ef5c8592496ec3bd659d31fc13662f2e8c49dbd71478bf30921a025b9f5a5bf49acdb3f377cd285881c07de22,gx-no-cache=1520443376728 HTTP/1.1" 200 48
192.168.10.56 - - [07/Mar/2018:14:25:37 -0300] "POST /cormun/servlet/solicitudgral?gx-no-cache=1520443376754 HTTP/1.1" 200 1295
192.168.10.56 - - [07/Mar/2018:14:25:38 -0300] "POST /cormun/servlet/solicitudgral?gx-no-cache=1520443376794 HTTP/1.1" 200 1217
200.112.3.25 - - [07/Mar/2018:14:25:38 -0300] "GET /cormun/servlet/solicitudot?INS,0,0, HTTP/1.1" 200 13677
200.112.3.25 - - [07/Mar/2018:14:25:39 -0300] "GET /cormun/servlet/solicitudot?INS,0,0, HTTP/1.1" 200 13662
200.112.3.25 - - [07/Mar/2018:14:25:46 -0300] "POST /cormun/servlet/solicitudot?b3de6ebd948b20f9ff497a6c8aaaa9dd,INS,0,0,,gx-no-cache=1520443496906 HTTP/1.1" 200 11851
200.112.3.25 - - [07/Mar/2018:14:25:46 -0300] "GET /cormun/static/Shared/jqueryui/images/ui-bg_highlight-soft_100_c6c2c8_1x100.png HTTP/1.1" 404 1117
200.112.3.25 - - [07/Mar/2018:14:25:46 -0300] "GET /cormun/static/Shared/jqueryui/images/ui-icons_82798d_256x240.png HTTP/1.1" 404 1089
200.112.3.25 - - [07/Mar/2018:14:25:46 -0300] "GET /cormun/static/Shared/jqueryui/images/ui-bg_flat_55_994d53_40x100.png HTTP/1.1" 404 1097
200.112.3.25 - - [07/Mar/2018:14:25:46 -0300] "GET /cormun/static/Shared/jqueryui/images/ui-icons_ebccce_256x240.png HTTP/1.1" 404 1089
200.112.3.25 - - [07/Mar/2018:14:25:48 -0300] "POST /cormun/servlet/solicitudot?gx-no-cache=1520443499470 HTTP/1.1" 200 3379
200.112.3.25 - - [07/Mar/2018:14:25:50 -0300] "POST /cormun/servlet/solicitudot?b3de6ebd948b20f9ff497a6c8aaaa9dd,INS,0,0,,gx-no-cache=1520443499965 HTTP/1.1" 200 11704
200.112.3.25 - - [07/Mar/2018:14:25:50 -0300] "GET /cormun/servlet/solicitudot?8ef21d2725bbc5a92cc57b60ab04ecf602e7df8cab4b89814a60c81a9536e2ff11a23ad233be29cc66600c511a5f724b,gx-no-cache=1520443501298 HTTP/1.1" 200 30
200.112.3.25 - - [07/Mar/2018:14:25:50 -0300] "GET /cormun/servlet/solicitudot?8ef21d2725bbc5a92cc57b60ab04ecf649ef2f71e38b3bb13792e7435be0311d,gx-no-cache=1520443501440 HTTP/1.1" 200 103
200.112.3.25 - - [07/Mar/2018:14:25:50 -0300] "GET /cormun/servlet/solicitudot?8ef21d2725bbc5a92cc57b60ab04ecf6ec93c26d8118946b5cf038b023a0d944,gx-no-cache=1520443501561 HTTP/1.1" 200 29
200.112.3.25 - - [07/Mar/2018:14:25:50 -0300] "POST /cormun/servlet/solicitudot?gx-no-cache=1520443501701 HTTP/1.1" 200 255
200.112.3.25 - - [07/Mar/2018:14:25:51 -0300] "GET /cormun/servlet/solicitudot?8ef21d2725bbc5a92cc57b60ab04ecf61dec1c9363aa695e034f145f81c2de6269e1d5b0f2435d5080bec82ee577ae593e135b04ce32a67996cc6b0a5b4ecc5d784763ad7daa9964e03a5c24fb049569574c61a89fced3374670c2821dca4a0eafd20a2f5e8a396a977294af98fc1a01e473aff00d85f6d936192b8623c57bcdc784c13cbf13d84d11a3a4bbd5bb2823b245cdf5a419b7bbd15f7da2c7f191d3ca9b5151af4d97404637c815b1620f48ba54a8f63bb4a1a0044a8037bc37f5eb9da1b3cdf80ab52731f716f5e58042339a6298454633621760e3913c13d511e8d307c5265efc402b20295cf2d374d518f904ed3f898462124d29c4d52c441c945845862eadcdbb06f7224050e997b7df1db591513ea43caa51a1d24df0cb60ddb58a661c5fa393e2e497e9c3f85915c7cbbf653ec271ce8392555b965ac101727e0331caf6cd04223eb6e1bf0e7e56bb6761a667863f871f9dde7e13750da2b62ed5f95e9bceb7a0cb76694cd97d61db3f8a6c3b7548acbfef252429f5330c7e,gx-no-cache=1520443501853 HTTP/1.1" 200 30
200.112.3.25 - - [07/Mar/2018:14:25:55 -0300] "POST /cormun/servlet/solicitudot?gx-no-cache=1520443506709 HTTP/1.1" 200 30
186.103.159.204 - - [07/Mar/2018:14:26:10 -0300] "GET /cormun/servlet/trsolicitudot? HTTP/1.1" 200 7317
186.103.159.204 - - [07/Mar/2018:14:26:11 -0300] "GET /cormun/servlet/trsolicitudot? HTTP/1.1" 200 7316
186.103.159.204 - - [07/Mar/2018:14:26:15 -0300] "GET /cormun/servlet/trautorizarsolicitud? HTTP/1.1" 200 17636
186.103.159.204 - - [07/Mar/2018:14:26:15 -0300] "GET /cormun/servlet/trautorizarsolicitud? HTTP/1.1" 200 17636
192.168.10.56 - - [07/Mar/2018:14:26:19 -0300] "POST /cormun/servlet/solicitudgral?51e7d2bae3761af85dd665f39a6feaa7,UPD,2018,10191,,gx-no-cache=1520443418130 HTTP/1.1" 200 93
192.168.10.56 - - [07/Mar/2018:14:26:19 -0300] "GET /cormun/servlet/hpexe_return? HTTP/1.1" 200 1012
192.168.10.56 - - [07/Mar/2018:14:26:19 -0300] "GET /cormun/servlet/trsolicitudgral? HTTP/1.1" 200 12405
192.168.10.56 - - [07/Mar/2018:14:26:20 -0300] "GET /cormun/servlet/trsolicitudgral? HTTP/1.1" 200 12400
186.103.159.204 - - [07/Mar/2018:14:26:25 -0300] "GET /cormun/servlet/trautorizarsolicitud? HTTP/1.1" 200 17636
186.103.159.204 - - [07/Mar/2018:14:26:25 -0300] "GET /cormun/servlet/trautorizarsolicitud? HTTP/1.1" 200 17636
192.168.10.56 - - [07/Mar/2018:14:26:28 -0300] "POST /cormun/servlet/trsolicitudgral?51e7d2bae3761af85dd665f39a6feaa7,,gx-no-cache=1520443426544 HTTP/1.1" 200 8948
192.168.10.56 - - [07/Mar/2018:14:26:28 -0300] "GET /cormun/static/Shared/jqueryui/images/ui-bg_highlight-soft_100_c6c2c8_1x100.png HTTP/1.1" 404 1117
192.168.10.56 - - [07/Mar/2018:14:26:28 -0300] "GET /cormun/static/Shared/jqueryui/images/ui-icons_82798d_256x240.png HTTP/1.1" 404 1089
192.168.10.56 - - [07/Mar/2018:14:26:28 -0300] "GET /cormun/static/Shared/jqueryui/images/ui-bg_flat_55_fafafa_40x100.png HTTP/1.1" 404 1097
192.168.10.56 - - [07/Mar/2018:14:26:28 -0300] "GET /cormun/static/Shared/jqueryui/images/ui-icons_8d78a5_256x240.png HTTP/1.1" 404 1089
186.103.159.204 - - [07/Mar/2018:14:26:28 -0300] "POST /cormun/servlet/trautorizarsolicitud?6f3e90df06f8f438ccba612c58980c90,,gx-no-cache=1520443539850 HTTP/1.1" 200 15011
186.103.159.204 - - [07/Mar/2018:14:26:28 -0300] "GET /cormun/static/Shared/jqueryui/images/ui-bg_highlight-soft_100_c6c2c8_1x100.png HTTP/1.1" 404 1117
186.103.159.204 - - [07/Mar/2018:14:26:28 -0300] "GET /cormun/static/Shared/jqueryui/images/ui-icons_82798d_256x240.png HTTP/1.1" 404 1089
186.103.159.204 - - [07/Mar/2018:14:26:28 -0300] "GET /cormun/static/Shared/jqueryui/images/ui-bg_flat_55_fafafa_40x100.png HTTP/1.1" 404 1097
186.103.159.204 - - [07/Mar/2018:14:26:28 -0300] "GET /cormun/static/Shared/jqueryui/images/ui-icons_8d78a5_256x240.png HTTP/1.1" 404 1089
192.168.10.56 - - [07/Mar/2018:14:26:44 -0300] "GET /cormun/servlet/solicitudgral2?UPD,2018,9663, HTTP/1.1" 200 12948
192.168.10.56 - - [07/Mar/2018:14:26:44 -0300] "GET /cormun/static/gxcfg.js?20181911361990 HTTP/1.1" 304 -
192.168.10.56 - - [07/Mar/2018:14:26:44 -0300] "GET /cormun/servlet/solicitudgral2?UPD,2018,9663, HTTP/1.1" 200 12958
192.168.10.56 - - [07/Mar/2018:14:26:45 -0300] "POST /cormun/servlet/solicitudgral2?gx-no-cache=1520443443836 HTTP/1.1" 200 3961
192.168.10.56 - - [07/Mar/2018:14:26:45 -0300] "GET /cormun/static/Shared/jqueryui/images/ui-icons_82798d_256x240.png HTTP/1.1" 404 1089
192.168.10.56 - - [07/Mar/2018:14:26:45 -0300] "GET /cormun/static/Shared/jqueryui/images/ui-bg_highlight-soft_100_c6c2c8_1x100.png HTTP/1.1" 404 1117
192.168.10.56 - - [07/Mar/2018:14:26:45 -0300] "GET /cormun/static/Shared/jqueryui/images/ui-bg_flat_55_994d53_40x100.png HTTP/1.1" 404 1097
192.168.10.56 - - [07/Mar/2018:14:26:45 -0300] "GET /cormun/static/Shared/jqueryui/images/ui-icons_ebccce_256x240.png HTTP/1.1" 404 1089
192.168.10.56 - - [07/Mar/2018:14:26:45 -0300] "GET /cormun/servlet/solicitudgral2?0eca30e8d505e830ef8a5278fee0f6a70124506f0e9e2f9f1a5c39728fd59a15fa2732d001dede74b68a55f4f5c2a7601455bd790248aa69985ae75d42533c70b2db4775964707f11cdba76d37292e1b42477ae276bc9f38d08180e00ac09bdc90a4043f56bc62998e67a185efe4f677e799e03ce9f1c0baa2212079f92828f8b32eb832e23d3a852a2b01ce2de0aaaa7d46d4001d1ad3e338d899fd8e013097285198c94351b575065298492c20c8f7c55378896512f17edde10db3187e9f43406fc41592fc35b0ad1332dd64efbe2cdda175798a863fae2044f03ff1fa0189c6524daca79dbaa5f61e26c6f4849d489a8ccb496a4fbb8d8431146b701db771182d62f377eb8fb98973022419f23988d98c68dab997c545a7366e22d93a93b08539064038db0301972e5528ee8cdb59eb03a84ed1766bf3a1b1a9733406d5b3d95a3dd46d189a0283cacad5a21e8f35,gx-no-cache=1520443443978 HTTP/1.1" 200 255
192.168.10.56 - - [07/Mar/2018:14:26:45 -0300] "POST /cormun/servlet/solicitudgral2?gx-no-cache=1520443444050 HTTP/1.1" 200 1399
200.112.3.25 - - [07/Mar/2018:14:26:45 -0300] "GET /cormun/servlet/solicitudot?8ef21d2725bbc5a92cc57b60ab04ecf67c959344c6e27ef1b48aa21668c6efc8d5707f6f11391f6d54d422635fae13c207a93fa2e7a6121abff097d2d29dc921,gx-no-cache=1520443556135 HTTP/1.1" 200 30
192.168.10.56 - - [07/Mar/2018:14:26:45 -0300] "GET /cormun/servlet/solicitudgral2?0eca30e8d505e830ef8a5278fee0f6a71285b8c18f8ce80e1e1624194b2d4ea67377a83266d468bc0c78a851c0818a8a4127a6f438cc1132d81566fb12d831ddba0b058716e5a9f98686b75047d9eb05fdb37d2138d15c08092324adb08ae4ed63822e2422d592ad2e555135171c6e6d,gx-no-cache=1520443444102 HTTP/1.1" 200 41
200.112.3.25 - - [07/Mar/2018:14:26:45 -0300] "POST /cormun/servlet/solicitudot?gx-no-cache=1520443556249 HTTP/1.1" 200 254
200.112.3.25 - - [07/Mar/2018:14:26:45 -0300] "GET /cormun/servlet/solicitudot?8ef21d2725bbc5a92cc57b60ab04ecf61dec1c9363aa695e034f145f81c2de6269e1d5b0f2435d5080bec82ee577ae593e135b04ce32a67996cc6b0a5b4ecc5d784763ad7daa9964e03a5c24fb049569574c61a89fced3374670c2821dca4a0eafd20a2f5e8a396a977294af98fc1a01e473aff00d85f6d936192b8623c57bcdc784c13cbf13d84d11a3a4bbd5bb2823b245cdf5a419b7bbd15f7da2c7f191d3ca9b5151af4d97404637c815b1620f48ba54a8f63bb4a1a0044a8037bc37f5eb9da1b3cdf80ab52731f716f5e58042339a6298454633621760e3913c13d511e8d307c5265efc402b20295cf2d374d518f904ed3f898462124d29c4d52c441c945845862eadcdbb06f7224050e997b7df1db591513ea43caa51a1d24df0cb60ddb58a661c5fa393e2e497e9c3f85915c7cbbf653ec271ce8392555b965ac101727e0331caf6cd04223eb6e1bf0e7e56bb6761a667863f871f9dde7e13750da2b62ed5f95e9bceb7a0cb76694cd97d61db3f8a6c3b7548acbfef252429f5330c7e,gx-no-cache=1520443556370 HTTP/1.1" 200 30
200.112.3.25 - - [07/Mar/2018:14:26:45 -0300] "POST /cormun/servlet/solicitudot?gx-no-cache=1520443556462 HTTP/1.1" 200 30
200.112.3.25 - - [07/Mar/2018:14:26:45 -0300] "POST /cormun/servlet/solicitudot?gx-no-cache=1520443556588 HTTP/1.1" 200 1335
200.112.3.25 - - [07/Mar/2018:14:26:45 -0300] "POST /cormun/servlet/solicitudot?gx-no-cache=1520443556828 HTTP/1.1" 200 38
192.168.10.56 - - [07/Mar/2018:14:26:48 -0300] "POST /cormun/servlet/solicitudgral2?51e7d2bae3761af85dd665f39a6feaa7,UPD,2018,9663,,gx-no-cache=1520443447357 HTTP/1.1" 200 93
192.168.10.56 - - [07/Mar/2018:14:26:48 -0300] "GET /cormun/servlet/hpexe_return? HTTP/1.1" 200 1014
192.168.10.56 - - [07/Mar/2018:14:26:48 -0300] "GET /cormun/servlet/trsolicitudgral? HTTP/1.1" 200 11953
192.168.10.56 - - [07/Mar/2018:14:26:49 -0300] "GET /cormun/servlet/trsolicitudgral? HTTP/1.1" 200 11948
186.103.159.204 - - [07/Mar/2018:14:26:55 -0300] "GET /cormun/servlet/trsolicitudot? HTTP/1.1" 200 7097
186.103.159.204 - - [07/Mar/2018:14:26:56 -0300] "GET /cormun/servlet/trsolicitudot? HTTP/1.1" 200 7093
200.112.3.25 - - [07/Mar/2018:14:27:00 -0300] "GET /cormun/servlet/solicitudot?8ef21d2725bbc5a92cc57b60ab04ecf611b572d30ada7154a661655bd942fab8472e26ccb5c1ad2a70b20509ba83afc35cceb5ce84a9803784c92929cbd695b0bdbafda0a0ddf4c095083c6f12bf91501f0dcb497630029735ccedcbc00a628cb1682c4935c34394c1ca465e412df59acb06b83900346d8fa96c56143a7e6ffe242e4117103963758b5b53392e2e273edbf723b65d7fe419c96694ad43976b54,gx-no-cache=1520443570987 HTTP/1.1" 200 29
200.112.3.25 - - [07/Mar/2018:14:27:00 -0300] "POST /cormun/servlet/solicitudot?gx-no-cache=1520443571107 HTTP/1.1" 200 1319
200.112.3.25 - - [07/Mar/2018:14:27:00 -0300] "POST /cormun/servlet/solicitudot?gx-no-cache=1520443571334 HTTP/1.1" 200 1219
186.103.159.204 - - [07/Mar/2018:14:27:03 -0300] "GET /cormun/servlet/trsolicitudot? HTTP/1.1" 200 7093
186.103.159.204 - - [07/Mar/2018:14:27:04 -0300] "GET /cormun/servlet/trsolicitudot? HTTP/1.1" 200 7093
200.112.3.25 - - [07/Mar/2018:14:27:05 -0300] "GET /cormun/servlet/solicitudot?8ef21d2725bbc5a92cc57b60ab04ecf6a51fd708be1894bd3b4f95666b786cf82938bdc62e6aa93540b03155101fa553,gx-no-cache=1520443576558 HTTP/1.1" 200 30
186.103.159.204 - - [07/Mar/2018:14:27:11 -0300] "GET /cormun/servlet/veautorizarsolicitud?2018,10196,, HTTP/1.1" 200 8457
186.103.159.204 - - [07/Mar/2018:14:27:11 -0300] "GET /cormun/pexe_scrolldiv.js HTTP/1.1" 404 1009
186.103.159.204 - - [07/Mar/2018:14:27:11 -0300] "GET /cormun/pexe_scrolldiv.js HTTP/1.1" 404 1009
186.103.159.204 - - [07/Mar/2018:14:27:11 -0300] "GET /cormun/servlet/veautorizarsolicitud?2018,10196,, HTTP/1.1" 200 8457
200.112.3.25 - - [07/Mar/2018:14:27:12 -0300] "POST /cormun/servlet/solicitudot?gx-no-cache=1520443583686 HTTP/1.1" 200 30
186.103.159.204 - - [07/Mar/2018:14:27:36 -0300] "GET /cormun/servlet/trautorizarsolicitud? HTTP/1.1" 200 17636
186.103.159.204 - - [07/Mar/2018:14:27:37 -0300] "GET /cormun/servlet/trautorizarsolicitud? HTTP/1.1" 200 17636
186.103.159.204 - - [07/Mar/2018:14:27:38 -0300] "POST /cormun/servlet/trsolicitudot?410c2f08867af11d726ed62e60e525a1,,gx-no-cache=1520443610177 HTTP/1.1" 200 8146
186.103.159.204 - - [07/Mar/2018:14:27:53 -0300] "GET /cormun/servlet/vesolicitudot?2018,10196,, HTTP/1.1" 200 8244
186.103.159.204 - - [07/Mar/2018:14:27:53 -0300] "GET /cormun/static/gxcfg.js?2017111422591385 HTTP/1.1" 200 953
186.103.159.204 - - [07/Mar/2018:14:27:53 -0300] "GET /cormun/pexe_scrolldiv.js HTTP/1.1" 404 1009
186.103.159.204 - - [07/Mar/2018:14:27:53 -0300] "GET /cormun/static/Resources/PXToolsTabFirstSelected.png HTTP/1.1" 200 1259
186.103.159.204 - - [07/Mar/2018:14:27:54 -0300] "GET /cormun/static/Resources/PXToolsTabLastUnselected.png HTTP/1.1" 200 1291
186.103.159.204 - - [07/Mar/2018:14:27:54 -0300] "GET /cormun/static/Resources/PXToolsTabPrevious.gif HTTP/1.1" 200 172
186.103.159.204 - - [07/Mar/2018:14:27:54 -0300] "GET /cormun/static/Resources/PXToolsTabNext.gif HTTP/1.1" 200 168
186.103.159.204 - - [07/Mar/2018:14:27:54 -0300] "GET /cormun/static/hwcviewtabs.js?20177611594913 HTTP/1.1" 200 1074
186.103.159.204 - - [07/Mar/2018:14:27:54 -0300] "GET /cormun/static/vesolicitudot.js?2017111422591449 HTTP/1.1" 200 6091
186.103.159.204 - - [07/Mar/2018:14:27:54 -0300] "GET /cormun/static/hpexe_tabsview.js?201610171694228 HTTP/1.1" 200 1661
186.103.159.204 - - [07/Mar/2018:14:27:54 -0300] "GET /cormun/static/tbsolicitudot01.js?2017111422581186 HTTP/1.1" 200 30566
186.103.159.204 - - [07/Mar/2018:14:27:55 -0300] "GET /cormun/static/calendar-system.css HTTP/1.1" 200 5572
186.103.159.204 - - [07/Mar/2018:14:27:56 -0300] "GET /cormun/static/Resources/PXToolsTabSelectedUnselected.png HTTP/1.1" 200 1428
186.103.159.204 - - [07/Mar/2018:14:27:56 -0300] "GET /cormun/static/Resources/PXToolsTabBackSelected.png HTTP/1.1" 200 1157
186.103.159.204 - - [07/Mar/2018:14:27:56 -0300] "GET /cormun/static/Resources/PXToolsTabBackUnselected.png HTTP/1.1" 200 1175
186.103.159.204 - - [07/Mar/2018:14:27:56 -0300] "GET /cormun/static/Resources/PXToolsTabUnselectedUnselected.png HTTP/1.1" 200 1459
186.103.159.204 - - [07/Mar/2018:14:27:57 -0300] "GET /cormun/servlet/vesolicitudot?2018,10196,, HTTP/1.1" 200 8245
200.112.3.25 - - [07/Mar/2018:14:28:01 -0300] "POST /cormun/servlet/solicitudot?b3de6ebd948b20f9ff497a6c8aaaa9dd,INS,0,0,,gx-no-cache=1520443631820 HTTP/1.1" 200 11996
186.103.159.204 - - [07/Mar/2018:14:28:07 -0300] "GET /cormun/servlet/trsolicitudot? HTTP/1.1" 200 10879
186.103.159.204 - - [07/Mar/2018:14:28:08 -0300] "GET /cormun/servlet/trsolicitudot? HTTP/1.1" 200 10879
200.112.3.25 - - [07/Mar/2018:14:28:22 -0300] "GET /cormun/servlet/solicitudot?8ef21d2725bbc5a92cc57b60ab04ecf67c959344c6e27ef1b48aa21668c6efc8d5707f6f11391f6d54d422635fae13c2c92c15da4b006158a4909f5aaff90e52,gx-no-cache=1520443653045 HTTP/1.1" 200 30
200.112.3.25 - - [07/Mar/2018:14:28:22 -0300] "POST /cormun/servlet/solicitudot?gx-no-cache=1520443653188 HTTP/1.1" 200 254
200.112.3.25 - - [07/Mar/2018:14:28:22 -0300] "GET /cormun/servlet/solicitudot?8ef21d2725bbc5a92cc57b60ab04ecf61dec1c9363aa695e034f145f81c2de6269e1d5b0f2435d5080bec82ee577ae593e135b04ce32a67996cc6b0a5b4ecc5d784763ad7daa9964e03a5c24fb049569574c61a89fced3374670c2821dca4a0eafd20a2f5e8a396a977294af98fc1a01e473aff00d85f6d936192b8623c57bcdc784c13cbf13d84d11a3a4bbd5bb2823b245cdf5a419b7bbd15f7da2c7f191d3ca9b5151af4d97404637c815b1620f48ba54a8f63bb4a1a0044a8037bc37f5eb9da1b3cdf80ab52731f716f5e58042339a6298454633621760e3913c13d511e8d307c5265efc402b20295cf2d374d518f904ed3f898462124d29c4d52c441c945845862eadcdbb06f7224050e997b7df1db591513ea43caa51a1d24df0cb60ddb58a661c5fa393e2e497e9c3f85915c7cbbf653ec271ce8392555b965ac101727e0331caf6cd04223eb6e1bf0e7e56bb6761a667863f871f9dde7e13750da2b62ed5f95e9bceb7a0cb76694cd97d61db3f8a6c3b7548acbfef252429f5330c7e,gx-no-cache=1520443653326 HTTP/1.1" 200 30
200.112.3.25 - - [07/Mar/2018:14:28:22 -0300] "POST /cormun/servlet/solicitudot?gx-no-cache=1520443653455 HTTP/1.1" 200 30
200.112.3.25 - - [07/Mar/2018:14:28:22 -0300] "POST /cormun/servlet/solicitudot?gx-no-cache=1520443653609 HTTP/1.1" 200 1337
200.112.3.25 - - [07/Mar/2018:14:28:22 -0300] "POST /cormun/servlet/solicitudot?gx-no-cache=1520443653849 HTTP/1.1" 200 41
200.112.3.25 - - [07/Mar/2018:14:28:23 -0300] "POST /cormun/servlet/solicitudot?gx-no-cache=1520443653968 HTTP/1.1" 200 1319
200.112.3.25 - - [07/Mar/2018:14:28:23 -0300] "POST /cormun/servlet/solicitudot?gx-no-cache=1520443654185 HTTP/1.1" 200 1219
200.112.3.25 - - [07/Mar/2018:14:28:23 -0300] "GET /cormun/servlet/solicitudot?8ef21d2725bbc5a92cc57b60ab04ecf6a51fd708be1894bd3b4f95666b786cf82938bdc62e6aa93540b03155101fa553,gx-no-cache=1520443654381 HTTP/1.1" 200 30
200.112.3.25 - - [07/Mar/2018:14:28:23 -0300] "POST /cormun/servlet/solicitudot?gx-no-cache=1520443654478 HTTP/1.1" 200 30
200.112.3.25 - - [07/Mar/2018:14:28:24 -0300] "POST /cormun/servlet/solicitudot?b3de6ebd948b20f9ff497a6c8aaaa9dd,INS,0,0,,gx-no-cache=1520443654618 HTTP/1.1" 200 12041
186.103.159.204 - - [07/Mar/2018:14:28:38 -0300] "POST /cormun/servlet/trsolicitudot?410c2f08867af11d726ed62e60e525a1,,gx-no-cache=1520443669894 HTTP/1.1" 200 14905
200.112.3.25 - - [07/Mar/2018:14:28:48 -0300] "GET /cormun/servlet/solicitudot?8ef21d2725bbc5a92cc57b60ab04ecf68572de2635258aa1db7d06a9d73c90a78bd420735125125f68ec4809f36bcfde0fd4a45f0c8f15971f3752e8b5a66af4,gx-no-cache=1520443679198 HTTP/1.1" 200 30
200.112.3.25 - - [07/Mar/2018:14:28:48 -0300] "POST /cormun/servlet/solicitudot?gx-no-cache=1520443679347 HTTP/1.1" 200 254
200.112.3.25 - - [07/Mar/2018:14:28:48 -0300] "GET /cormun/servlet/solicitudot?8ef21d2725bbc5a92cc57b60ab04ecf61dec1c9363aa695e034f145f81c2de6269e1d5b0f2435d5080bec82ee577ae593e135b04ce32a67996cc6b0a5b4ecc5d784763ad7daa9964e03a5c24fb049569574c61a89fced3374670c2821dca4a0eafd20a2f5e8a396a977294af98fc1a01e473aff00d85f6d936192b8623c57bcdc784c13cbf13d84d11a3a4bbd5bb2823b245cdf5a419b7bbd15f7da2c7f191d3ca9b5151af4d97404637c815b1620f48ba54a8f63bb4a1a0044a8037bc37f5eb9da1b3cdf80ab52731f716f5e58042339a6298454633621760e3913c13d511e8d307c5265efc402b20295cf2d374d518f904ed3f898462124d29c4d52c441c945845862eadcdbb06f7224050e997b7df1db591513ea43caa51a1d24df0cb60ddb58a661c5fa393e2e497e9c3f85915c7cbbf653ec271ce8392555b965ac101727e0331caf6cd04223eb6e1bf0e7e56bb6761a667863f871f9dde7e13750da2b62ed5f95e9bceb7a0cb76694cd97d61db3f8a6c3b7548acbfef252429f5330c7e,gx-no-cache=1520443679473 HTTP/1.1" 200 30
200.112.3.25 - - [07/Mar/2018:14:28:48 -0300] "POST /cormun/servlet/solicitudot?gx-no-cache=1520443679571 HTTP/1.1" 200 30
200.112.3.25 - - [07/Mar/2018:14:28:48 -0300] "POST /cormun/servlet/solicitudot?gx-no-cache=1520443679680 HTTP/1.1" 200 1337
200.112.3.25 - - [07/Mar/2018:14:28:49 -0300] "POST /cormun/servlet/solicitudot?gx-no-cache=1520443679893 HTTP/1.1" 200 41
200.112.3.25 - - [07/Mar/2018:14:28:49 -0300] "POST /cormun/servlet/solicitudot?gx-no-cache=1520443680002 HTTP/1.1" 200 1319
200.112.3.25 - - [07/Mar/2018:14:28:49 -0300] "POST /cormun/servlet/solicitudot?gx-no-cache=1520443680191 HTTP/1.1" 200 1219
200.112.3.25 - - [07/Mar/2018:14:28:49 -0300] "GET /cormun/servlet/solicitudot?8ef21d2725bbc5a92cc57b60ab04ecf6a51fd708be1894bd3b4f95666b786cf82938bdc62e6aa93540b03155101fa553,gx-no-cache=1520443680375 HTTP/1.1" 200 30
200.112.3.25 - - [07/Mar/2018:14:28:49 -0300] "POST /cormun/servlet/solicitudot?gx-no-cache=1520443680481 HTTP/1.1" 200 30
200.112.3.25 - - [07/Mar/2018:14:28:50 -0300] "POST /cormun/servlet/solicitudot?b3de6ebd948b20f9ff497a6c8aaaa9dd,INS,0,0,,gx-no-cache=1520443680588 HTTP/1.1" 200 12104
200.112.3.25 - - [07/Mar/2018:14:28:58 -0300] "GET /cormun/servlet/solicitudot?8ef21d2725bbc5a92cc57b60ab04ecf6fb8736c5572ff6f95633a4eac2161527,gx-no-cache=1520443689133 HTTP/1.1" 200 94
200.112.3.25 - - [07/Mar/2018:14:28:58 -0300] "POST /cormun/servlet/solicitudot?gx-no-cache=1520443689222 HTTP/1.1" 200 254
200.112.3.25 - - [07/Mar/2018:14:28:58 -0300] "GET /cormun/servlet/solicitudot?8ef21d2725bbc5a92cc57b60ab04ecf61dec1c9363aa695e034f145f81c2de6269e1d5b0f2435d5080bec82ee577ae593e135b04ce32a67996cc6b0a5b4ecc5d784763ad7daa9964e03a5c24fb049569574c61a89fced3374670c2821dca4a0eafd20a2f5e8a396a977294af98fc1a01e473aff00d85f6d936192b8623c57bcdc784c13cbf13d84d11a3a4bbd5bb2823b245cdf5a419b7bbd15f7da2c7f191d3ca9b5151af4d97404637c815b1620f48ba54a8f63bb4a1a0044a8037bc37f5eb9da1b3cdf80ab52731f716f5e58042339a6298454633621760e3913c13d511e8d307c5265efc402b20295cf2d374d518f904ed3f898462124d29c4d52c441c945845862eadcdbb06f7224050e997b7df1db591513ea43caa51a1d24df0cb60ddb58a661c5fa393e2e497e9c3f85915c7cbbf653ec271ce8392555b965ac101727e0331caf6cd04223eb6e1bf0e7e56bb6761a667863f871f9dde7e13750da2b62ed5f95e9bceb7a0cb76694cd97d61db3f8a6c3b7548acbfef252429f5330c7e,gx-no-cache=1520443689342 HTTP/1.1" 200 30
200.112.3.25 - - [07/Mar/2018:14:28:58 -0300] "POST /cormun/servlet/solicitudot?gx-no-cache=1520443689433 HTTP/1.1" 200 30
200.112.3.25 - - [07/Mar/2018:14:28:58 -0300] "POST /cormun/servlet/solicitudot?gx-no-cache=1520443689550 HTTP/1.1" 200 1337
200.112.3.25 - - [07/Mar/2018:14:28:58 -0300] "POST /cormun/servlet/solicitudot?gx-no-cache=1520443689768 HTTP/1.1" 200 41
200.112.3.25 - - [07/Mar/2018:14:28:59 -0300] "POST /cormun/servlet/solicitudot?gx-no-cache=1520443689879 HTTP/1.1" 200 1319
200.112.3.25 - - [07/Mar/2018:14:28:59 -0300] "POST /cormun/servlet/solicitudot?gx-no-cache=1520443690071 HTTP/1.1" 200 1219
200.112.3.25 - - [07/Mar/2018:14:28:59 -0300] "GET /cormun/servlet/solicitudot?8ef21d2725bbc5a92cc57b60ab04ecf6a51fd708be1894bd3b4f95666b786cf82938bdc62e6aa93540b03155101fa553,gx-no-cache=1520443690261 HTTP/1.1" 200 30
200.112.3.25 - - [07/Mar/2018:14:28:59 -0300] "POST /cormun/servlet/solicitudot?gx-no-cache=1520443690354 HTTP/1.1" 200 30
200.112.3.25 - - [07/Mar/2018:14:29:00 -0300] "POST /cormun/servlet/solicitudot?b3de6ebd948b20f9ff497a6c8aaaa9dd,INS,0,0,,gx-no-cache=1520443690462 HTTP/1.1" 200 12154
