200.73.230.197 - - [07/Mar/2018:12:23:39 -0300] "GET /cormun/static/Shared/ext/resources/css/ext-all.css?215870 HTTP/1.1" 200 416045
200.73.230.197 - - [07/Mar/2018:12:23:40 -0300] "GET /cormun/static/Resources/PXTools/calendar.png HTTP/1.1" 200 1306
200.73.230.197 - - [07/Mar/2018:12:23:40 -0300] "GET /cormun/static/Resources/PXToolsDataSearch.png HTTP/1.1" 200 419
200.73.230.197 - - [07/Mar/2018:12:23:40 -0300] "GET /cormun/static/Resources/PXToolsGridFirstDisabled.gif HTTP/1.1" 200 100
200.73.230.197 - - [07/Mar/2018:12:23:40 -0300] "GET /cormun/static/Resources/PXToolsGridPreviousDisabled.gif HTTP/1.1" 200 90
200.73.230.197 - - [07/Mar/2018:12:23:40 -0300] "GET /cormun/static/Resources/PXToolsGridNextDisabled.gif HTTP/1.1" 200 90
200.73.230.197 - - [07/Mar/2018:12:23:40 -0300] "GET /cormun/static/Resources/PXToolsGridLastDisabled.gif HTTP/1.1" 200 98
200.73.230.197 - - [07/Mar/2018:12:23:40 -0300] "GET /cormun/static/Resources/PXToolsGridPage.gif HTTP/1.1" 200 725
200.73.230.197 - - [07/Mar/2018:12:23:40 -0300] "GET /cormun/static/Resources/PXToolsActionExcel.png HTTP/1.1" 200 3187
200.73.230.197 - - [07/Mar/2018:12:23:40 -0300] "GET /cormun/static/Resources/PXToolsGridNew.png HTTP/1.1" 200 2949
200.73.230.197 - - [07/Mar/2018:12:23:42 -0300] "GET /cormun/static/Resources/asc.gif HTTP/1.1" 200 67
200.73.230.197 - - [07/Mar/2018:12:23:42 -0300] "GET /cormun/static/Resources/desc.gif HTTP/1.1" 200 65
200.73.230.197 - - [07/Mar/2018:12:23:42 -0300] "GET /cormun/servlet/trsolicitudot? HTTP/1.1" 200 7125
200.73.230.197 - - [07/Mar/2018:12:23:42 -0300] "GET /cormun/static/Shared/ext/resources/themes/images/default/panel/bg-headersPanel.png HTTP/1.1" 200 255
200.73.230.197 - - [07/Mar/2018:12:23:42 -0300] "GET /cormun/static/Shared/ext/resources/themes/images/default/tools/tool-sprites.gif HTTP/1.1" 200 5434
186.103.159.204 - - [07/Mar/2018:12:23:57 -0300] "GET /cormun/servlet/trcontratoobservacion? HTTP/1.1" 200 12409
186.103.159.204 - - [07/Mar/2018:12:23:57 -0300] "GET /cormun/static/calendar-system.css?75620 HTTP/1.1" 200 5572
186.103.159.204 - - [07/Mar/2018:12:23:57 -0300] "GET /cormun/static/gxcfg.js?2017525126861 HTTP/1.1" 200 953
186.103.159.204 - - [07/Mar/2018:12:23:57 -0300] "GET /cormun/static/trcontratoobservacion.js?20175251261223 HTTP/1.1" 200 25148
186.103.159.204 - - [07/Mar/2018:12:24:38 -0300] "GET /cormun/servlet/trsolicitudot? HTTP/1.1" 200 7100
186.103.159.204 - - [07/Mar/2018:12:25:33 -0300] "POST /cormun/servlet/trsolicitudot?c835bf6559495b048bee3e6f7a787401,,gx-no-cache=1520436285412 HTTP/1.1" 200 4311
186.103.159.204 - - [07/Mar/2018:12:25:47 -0300] "GET /cormun/servlet/solicitudot?INS,0,0, HTTP/1.1" 200 13319
192.168.10.61 - - [07/Mar/2018:12:25:51 -0300] "POST /cormun/servlet/trsolicitudgral?50442eb91bb08efcedcaf23bdf6ad02c,gx-no-cache=1520436190590 HTTP/1.1" 200 11212
186.103.159.204 - - [07/Mar/2018:12:26:12 -0300] "POST /cormun/servlet/solicitudot?gx-no-cache=1520436324470 HTTP/1.1" 200 3418
186.103.159.204 - - [07/Mar/2018:12:26:12 -0300] "POST /cormun/servlet/solicitudot?c835bf6559495b048bee3e6f7a787401,INS,0,0,,gx-no-cache=1520436324743 HTTP/1.1" 200 10402
186.103.159.204 - - [07/Mar/2018:12:26:22 -0300] "GET /cormun/servlet/solicitudot?79f33ecff9a6ff560c29f650d034fba8df28c5cfd2e095298452248ea7f9f4173d6d1d15b6756d6619d37e165feaa086,gx-no-cache=1520436334401 HTTP/1.1" 200 30
186.103.159.204 - - [07/Mar/2018:12:26:22 -0300] "GET /cormun/servlet/solicitudot?79f33ecff9a6ff560c29f650d034fba826cae2c0b90969fb0f0d954d014f9cddde963a90dc1d94c503e9e41d15acb3d33d6d1d15b6756d6619d37e165feaa086,gx-no-cache=1520436334446 HTTP/1.1" 200 30
186.103.159.204 - - [07/Mar/2018:12:26:22 -0300] "GET /cormun/servlet/solicitudot?79f33ecff9a6ff560c29f650d034fba84dd71eef6d26b099ce644cb526b65ebd,gx-no-cache=1520436334842 HTTP/1.1" 200 53
186.103.159.204 - - [07/Mar/2018:12:26:22 -0300] "POST /cormun/servlet/solicitudot?gx-no-cache=1520436334887 HTTP/1.1" 200 255
186.103.159.204 - - [07/Mar/2018:12:26:23 -0300] "GET /cormun/servlet/solicitudot?79f33ecff9a6ff560c29f650d034fba803983067f720b89649d6070adccac6da8b9952e48930c1190949c8d1bc10b3721afba10076a719f9137c34a26d546a3a8570df75b71ea5d58ccbe21cf1699c02621990d08f8ee13bd47e36242873f4fdc5d051facaf4d50e8665c9944982b91b074764c563ec3ac3f90cc8d1230afb20f593a4dc9f6307343cec87da35c105239d437d286afeefe4115f0de62f75d3634ff6d7aef12bb3ed56b317933c9cecbeac42924a59d4e64f6be46b74c93180001fb696bb231699e54ea9603929f062292b68d6c6c881c2f6ebb9191a16029287b1d6fdacf78c7cf840d4c6b88310050354540d48be41cc316c53c61ceb720ed26926e58bb2bfd6366495fb8787586e2ce7c8d9ce192321cc1653040be9a5869db04c79e53a2b6943b3a5758c140330c5256e8a332b24561c25a4c186af6c113fc6c62f0a839bdcfe37788119408cdb6d39d4089a37b15ac6fb3b3e425b9e60356ed480829c05f12495b442801063ea97cc1ffd8bc7ecc74838a2b63c599b1330,gx-no-cache=1520436334928 HTTP/1.1" 200 30
186.103.159.204 - - [07/Mar/2018:12:26:31 -0300] "POST /cormun/servlet/solicitudot?gx-no-cache=1520436343233 HTTP/1.1" 200 30
186.103.159.204 - - [07/Mar/2018:12:26:34 -0300] "POST /cormun/servlet/solicitudot?gx-no-cache=1520436346695 HTTP/1.1" 200 1336
186.103.159.204 - - [07/Mar/2018:12:26:34 -0300] "POST /cormun/servlet/solicitudot?gx-no-cache=1520436346776 HTTP/1.1" 200 38
186.103.159.189 - - [07/Mar/2018:12:26:47 -0300] "GET /cormun/servlet/solicitudot?INS,0,0, HTTP/1.1" 200 13435
186.103.159.189 - - [07/Mar/2018:12:26:49 -0300] "GET /cormun/servlet/solicitudot?INS,0,0, HTTP/1.1" 200 13440
186.103.159.189 - - [07/Mar/2018:12:27:12 -0300] "POST /cormun/servlet/solicitudot?gx-no-cache=1520436385132 HTTP/1.1" 200 3293
186.103.159.189 - - [07/Mar/2018:12:27:12 -0300] "POST /cormun/servlet/solicitudot?539330028845b861c19d8bcac9ad9479,INS,0,0,,gx-no-cache=1520436385339 HTTP/1.1" 200 10252
186.103.159.189 - - [07/Mar/2018:12:27:19 -0300] "POST /cormun/servlet/solicitudot?gx-no-cache=1520436392066 HTTP/1.1" 200 3295
186.103.159.189 - - [07/Mar/2018:12:27:19 -0300] "POST /cormun/servlet/solicitudot?539330028845b861c19d8bcac9ad9479,INS,0,0,,gx-no-cache=1520436392220 HTTP/1.1" 200 10305
186.103.159.189 - - [07/Mar/2018:12:27:19 -0300] "GET /cormun/servlet/solicitudot?bb5c35b64d6e64c56fb3653440e0e85b969efc60cef1dc1f905b4d24bf62e9a957acfe10e0f035e8e82f742018906be1,gx-no-cache=1520436392489 HTTP/1.1" 200 30
186.103.159.204 - - [07/Mar/2018:12:27:40 -0300] "POST /cormun/servlet/trautorizarsolicitud?6f3e90df06f8f438ccba612c58980c90,,gx-no-cache=1520436411202 HTTP/1.1" 200 4406
200.73.230.197 - - [07/Mar/2018:12:27:41 -0300] "GET /cormun/servlet/solicitudot?INS,0,0, HTTP/1.1" 200 13361
200.73.230.197 - - [07/Mar/2018:12:27:42 -0300] "GET /cormun/static/gxcfg.js?201812313224582 HTTP/1.1" 200 953
200.73.230.197 - - [07/Mar/2018:12:27:42 -0300] "GET /cormun/static/solicitudot.js?201812313224831 HTTP/1.1" 200 72336
200.73.230.197 - - [07/Mar/2018:12:27:42 -0300] "GET /cormun/static/Resources/prompt.gif HTTP/1.1" 200 902
200.73.230.197 - - [07/Mar/2018:12:27:44 -0300] "GET /cormun/servlet/solicitudot?INS,0,0, HTTP/1.1" 200 13366
186.103.159.204 - - [07/Mar/2018:12:27:53 -0300] "GET /cormun/servlet/trautorizarsolicitud? HTTP/1.1" 200 7149
186.103.159.204 - - [07/Mar/2018:12:27:54 -0300] "GET /cormun/servlet/trautorizarsolicitud? HTTP/1.1" 200 7149
200.73.230.197 - - [07/Mar/2018:12:28:00 -0300] "POST /cormun/servlet/solicitudot?gx-no-cache=1520436430811 HTTP/1.1" 200 3293
200.73.230.197 - - [07/Mar/2018:12:28:00 -0300] "POST /cormun/servlet/solicitudot?cf9c10a00448e0453c761117117eab6c,INS,0,0,,gx-no-cache=1520436431199 HTTP/1.1" 200 10247
186.103.159.204 - - [07/Mar/2018:12:28:01 -0300] "GET /cormun/servlet/trcontratosolicitud? HTTP/1.1" 200 11716
186.103.159.204 - - [07/Mar/2018:12:28:02 -0300] "GET /cormun/servlet/trcontratosolicitud? HTTP/1.1" 200 11713
200.73.230.197 - - [07/Mar/2018:12:28:03 -0300] "GET /cormun/servlet/solicitudot?5f4eb7afc1baccd5efc364860e9ff7bf3f744bc1483584e8b3ce8b6178dc4f8889623e5b4298f7e4e352485e817951eb,gx-no-cache=1520436434732 HTTP/1.1" 200 30
186.67.164.142 - - [07/Mar/2018:12:28:50 -0300] "GET /cormun/servlet/trlicenciaspermisosadjuntos?17968443,20180307000000,L, HTTP/1.1" 200 6329
186.67.164.142 - - [07/Mar/2018:12:28:50 -0300] "GET /cormun/static/gxcfg.js?20177612163414 HTTP/1.1" 200 953
186.67.164.142 - - [07/Mar/2018:12:28:51 -0300] "GET /cormun/servlet/trlicenciaspermisosadjuntos?17968443,20180307000000,L, HTTP/1.1" 200 6330
186.67.164.142 - - [07/Mar/2018:12:28:53 -0300] "GET /cormun/servlet/licenciaspermisosadjuntos?INS,17968443,L,20180307000000,, HTTP/1.1" 200 5625
186.67.164.142 - - [07/Mar/2018:12:28:53 -0300] "GET /cormun/static/gxcfg.js?2017761263592 HTTP/1.1" 200 953
186.67.164.142 - - [07/Mar/2018:12:28:53 -0300] "GET /cormun/static/about:blank HTTP/1.1" 404 1011
186.67.164.142 - - [07/Mar/2018:12:28:53 -0300] "GET /cormun/servlet/licenciaspermisosadjuntos?INS,17968443,L,20180307000000,, HTTP/1.1" 200 5615
186.67.164.142 - - [07/Mar/2018:12:29:11 -0300] "POST /cormun/servlet/licenciaspermisosadjuntos?9c73998030fc1dfb74d3afb9508522ec,INS,17968443,L,20180307000000,, HTTP/1.1" 200 116
186.67.164.142 - - [07/Mar/2018:12:29:11 -0300] "GET /cormun/servlet/hpexe_return? HTTP/1.1" 200 1043
186.67.164.142 - - [07/Mar/2018:12:29:12 -0300] "GET /cormun/servlet/trlicenciaspermisosadjuntos?17968443,20180307000000,L, HTTP/1.1" 200 6805
186.67.164.142 - - [07/Mar/2018:12:29:13 -0300] "GET /cormun/servlet/trlicenciaspermisosadjuntos?17968443,20180307000000,L, HTTP/1.1" 200 6802
186.67.164.142 - - [07/Mar/2018:12:29:15 -0300] "POST /cormun/servlet/trlicenciaspermisosadjuntos?9c73998030fc1dfb74d3afb9508522ec,17968443,20180307000000,L,,gx-no-cache=1520436506153 HTTP/1.1" 200 90
186.67.164.142 - - [07/Mar/2018:12:29:15 -0300] "GET /cormun/servlet/hpexe_link HTTP/1.1" 200 986
186.67.164.142 - - [07/Mar/2018:12:29:15 -0300] "GET /cormun/servlet/trlicencias HTTP/1.1" 200 8869
186.67.164.142 - - [07/Mar/2018:12:29:15 -0300] "GET /cormun/servlet/trlicencias HTTP/1.1" 200 8867
186.67.164.142 - - [07/Mar/2018:12:29:20 -0300] "GET /cormun/servlet/alicenciaprn?17968443,L,20180307000000,PU HTTP/1.1" 200 1579
186.67.164.142 - - [07/Mar/2018:12:29:38 -0300] "POST /cormun/servlet/trlicencias?9c73998030fc1dfb74d3afb9508522ec,gx-no-cache=1520436528636 HTTP/1.1" 200 6147
186.67.164.142 - - [07/Mar/2018:12:29:38 -0300] "GET /cormun/static/Shared/jqueryui/images/ui-bg_highlight-soft_100_c6c2c8_1x100.png HTTP/1.1" 404 1117
186.67.164.142 - - [07/Mar/2018:12:29:38 -0300] "GET /cormun/static/Shared/jqueryui/images/ui-icons_82798d_256x240.png HTTP/1.1" 404 1089
186.67.164.142 - - [07/Mar/2018:12:29:38 -0300] "GET /cormun/static/Shared/jqueryui/images/ui-bg_flat_55_fafafa_40x100.png HTTP/1.1" 404 1097
186.67.164.142 - - [07/Mar/2018:12:29:38 -0300] "GET /cormun/static/Shared/jqueryui/images/ui-icons_8d78a5_256x240.png HTTP/1.1" 404 1089
200.73.230.197 - - [07/Mar/2018:12:29:49 -0300] "GET /cormun/static/Resources/resize.gif HTTP/1.1" 200 77
200.73.230.197 - - [07/Mar/2018:12:29:49 -0300] "GET /cormun/servlet/prbanco?,MD,,gxPopupLevel%3D0%3B HTTP/1.1" 200 6548
200.73.230.197 - - [07/Mar/2018:12:29:49 -0300] "GET /cormun/static/gxcfg.js?20181161016094 HTTP/1.1" 200 953
200.73.230.197 - - [07/Mar/2018:12:29:49 -0300] "GET /cormun/static/prbanco.js?2018116101633 HTTP/1.1" 200 10693
200.73.230.197 - - [07/Mar/2018:12:29:49 -0300] "GET /cormun/static/menusearch.js?201610171694467 HTTP/1.1" 200 1424
200.73.230.197 - - [07/Mar/2018:12:29:49 -0300] "GET /cormun/static/hmpwkw011.js?20177612121862 HTTP/1.1" 200 1968
200.73.230.197 - - [07/Mar/2018:12:29:49 -0300] "GET /cormun/static/Resources/PXToolsMenuSearchCancel.png HTTP/1.1" 200 2972
200.73.230.197 - - [07/Mar/2018:12:29:49 -0300] "GET /cormun/static/Resources/PXToolsMenuSearch.png HTTP/1.1" 200 2914
190.100.93.40 - - [07/Mar/2018:12:29:54 -0300] "GET /cormun/servlet/hlogin HTTP/1.1" 200 1722
190.100.93.40 - - [07/Mar/2018:12:29:54 -0300] "GET /cormun/static/gxcfg.js?20175251213516 HTTP/1.1" 304 -
200.73.230.197 - - [07/Mar/2018:12:29:57 -0300] "GET /cormun/servlet/solicitudot?5f4eb7afc1baccd5efc364860e9ff7bffb634482681c94a57f6137926c3455749138a22fc6c8c122c10cd4b9de31cbbf31c19171dba5813f3c024a2bfa307a3a,gx-no-cache=1520436548165 HTTP/1.1" 200 30
200.73.230.197 - - [07/Mar/2018:12:29:59 -0300] "GET /cormun/servlet/solicitudot?5f4eb7afc1baccd5efc364860e9ff7bfec24ee20b7047a2da6e88d7a57e41f9c,gx-no-cache=1520436550567 HTTP/1.1" 200 51
190.100.93.40 - - [07/Mar/2018:12:30:02 -0300] "POST /cormun/servlet/hlogin?f33378c62577164140a3f5ce1f8a4683,gx-no-cache=1520436554837 HTTP/1.1" 200 90
190.100.93.40 - - [07/Mar/2018:12:30:02 -0300] "GET /cormun/servlet/hpexe_link HTTP/1.1" 200 952
190.100.93.40 - - [07/Mar/2018:12:30:02 -0300] "GET /cormun/static/gxcfg.js?20177612121792 HTTP/1.1" 304 -
190.100.93.40 - - [07/Mar/2018:12:30:02 -0300] "GET /cormun/servlet/hhome HTTP/1.1" 200 4332
190.100.93.40 - - [07/Mar/2018:12:30:03 -0300] "GET /cormun/static/gxcfg.js?20175251212442 HTTP/1.1" 304 -
190.100.93.40 - - [07/Mar/2018:12:30:05 -0300] "GET /cormun/servlet/hhome HTTP/1.1" 200 4328
190.100.93.40 - - [07/Mar/2018:12:30:08 -0300] "GET /cormun/servlet/trlicencias? HTTP/1.1" 200 9813
190.100.93.40 - - [07/Mar/2018:12:30:09 -0300] "GET /cormun/servlet/trlicencias? HTTP/1.1" 200 9811
190.100.93.40 - - [07/Mar/2018:12:30:13 -0300] "GET /cormun/servlet/licenciaspermisos?INS,0,,, HTTP/1.1" 200 7862
190.100.93.40 - - [07/Mar/2018:12:30:14 -0300] "GET /cormun/static/gxcfg.js?201762917281167 HTTP/1.1" 200 953
190.100.93.40 - - [07/Mar/2018:12:30:14 -0300] "GET /cormun/static/Resources/prompt.gif HTTP/1.1" 200 902
190.100.93.40 - - [07/Mar/2018:12:30:14 -0300] "GET /cormun/static/licenciaspermisos.js?201762917281260 HTTP/1.1" 200 37491
190.100.93.40 - - [07/Mar/2018:12:30:14 -0300] "GET /cormun/servlet/licenciaspermisos?INS,0,,, HTTP/1.1" 200 7870
190.100.93.40 - - [07/Mar/2018:12:30:21 -0300] "GET /cormun/servlet/licenciaspermisos?84250c0e80079f6f3b40ac05f01744e6a15f0797530730d8d633219463ea27e101fdab1d23e23b77cf78088aef66f864,gx-no-cache=1520436573263 HTTP/1.1" 200 100
190.100.93.40 - - [07/Mar/2018:12:30:21 -0300] "POST /cormun/servlet/licenciaspermisos?f33378c62577164140a3f5ce1f8a4683,INS,0,,,,gx-no-cache=1520436573377 HTTP/1.1" 200 4901
186.103.159.204 - - [07/Mar/2018:12:30:24 -0300] "GET /cormun/servlet/trcontratosolicitud? HTTP/1.1" 200 11712
186.103.159.204 - - [07/Mar/2018:12:30:24 -0300] "GET /cormun/servlet/trcontratosolicitud? HTTP/1.1" 200 11717
200.73.230.197 - - [07/Mar/2018:12:30:30 -0300] "POST /cormun/servlet/solicitudot?cf9c10a00448e0453c761117117eab6c,INS,0,0,,gx-no-cache=1520436581088 HTTP/1.1" 200 10436
200.73.230.197 - - [07/Mar/2018:12:30:30 -0300] "GET /cormun/static/Shared/jqueryui/images/ui-bg_highlight-soft_100_c6c2c8_1x100.png HTTP/1.1" 404 1117
200.73.230.197 - - [07/Mar/2018:12:30:30 -0300] "GET /cormun/static/Shared/jqueryui/images/ui-bg_flat_55_fafafa_40x100.png HTTP/1.1" 404 1097
200.73.230.197 - - [07/Mar/2018:12:30:30 -0300] "GET /cormun/static/Shared/jqueryui/images/ui-icons_82798d_256x240.png HTTP/1.1" 404 1089
200.73.230.197 - - [07/Mar/2018:12:30:30 -0300] "GET /cormun/static/Shared/jqueryui/images/ui-icons_8d78a5_256x240.png HTTP/1.1" 404 1089
200.73.230.197 - - [07/Mar/2018:12:30:38 -0300] "GET /cormun/servlet/solicitudot?5f4eb7afc1baccd5efc364860e9ff7bffb634482681c94a57f6137926c3455749138a22fc6c8c122c10cd4b9de31cbbfe050643a449f5175bfaaa7d8cabadd47,gx-no-cache=1520436588929 HTTP/1.1" 200 30
200.73.230.197 - - [07/Mar/2018:12:30:38 -0300] "GET /cormun/servlet/solicitudot?5f4eb7afc1baccd5efc364860e9ff7bfe7811c6a9bba0c9854273e0b8dc3f327b5dc77e6e8571e3ed36df75d6250fd43f64345caca75a399155c121a13528e8d,gx-no-cache=1520436589052 HTTP/1.1" 200 51
200.73.230.197 - - [07/Mar/2018:12:30:38 -0300] "POST /cormun/servlet/solicitudot?gx-no-cache=1520436589167 HTTP/1.1" 200 297
200.73.230.197 - - [07/Mar/2018:12:30:38 -0300] "GET /cormun/servlet/solicitudot?5f4eb7afc1baccd5efc364860e9ff7bf2b18095975790368954eebb43d185eaf01fc8373d9a3de0d8a1a5c88a053b6ba3b523c589e39aa8b48b6802d721118c9ab693e75ceeb24cf4f491732805e7d2b22305d7911539f74a6ed0e37a59c2cb2e2ac397a43b068819dc87ec76a751a13bd2eefae21f669832fc2d1be88c8e19681ee866f9455e2e6fb78138ff841d3b16175be7e22058388dd619dbbb431e5921defd7246bdc55ac2b25cce50244679eb9be8d92f6d7cf9f2821aecf70123eb4c5f368946345b308f5ddfa70160a9812383c81e7312cd9fec1bbec15283415c630c33f3d3e4c7389f7bc0bb38de9c8ba87abb9f6944a8aca6cb377563047546595901badc940844f276d55c327ef51d298f2eb2c9119c20cd2c180a02fef15bad92bf7fd0593d8893a158f50834f77f46e08420471ef730639c25d0b829d06065c8deebddcd1f43c52c423fd994889afb229d98bca86d64b215471e77fb9dfdacf0c620d2f16179539656b5aee353e58eab97a953f8a2a3a7cece8d120d2f2056604c6936879220bdb3bc9c5fd1a7937,gx-no-cache=1520436589295 HTTP/1.1" 200 30
200.73.230.197 - - [07/Mar/2018:12:30:41 -0300] "POST /cormun/servlet/solicitudot?gx-no-cache=1520436592093 HTTP/1.1" 200 30
186.103.159.204 - - [07/Mar/2018:12:30:42 -0300] "POST /cormun/servlet/trcontratosolicitud?6f3e90df06f8f438ccba612c58980c90,,gx-no-cache=1520436592678 HTTP/1.1" 200 4137
200.73.230.197 - - [07/Mar/2018:12:30:43 -0300] "POST /cormun/servlet/solicitudot?gx-no-cache=1520436594223 HTTP/1.1" 200 1333
200.73.230.197 - - [07/Mar/2018:12:30:43 -0300] "POST /cormun/servlet/solicitudot?gx-no-cache=1520436594392 HTTP/1.1" 200 38
186.103.159.189 - - [07/Mar/2018:12:30:55 -0300] "POST /cormun/servlet/solicitudot?539330028845b861c19d8bcac9ad9479,INS,0,0,,gx-no-cache=1520436608317 HTTP/1.1" 200 10449
186.103.159.189 - - [07/Mar/2018:12:30:56 -0300] "GET /cormun/static/Shared/jqueryui/images/ui-bg_highlight-soft_100_c6c2c8_1x100.png HTTP/1.1" 404 1117
186.103.159.189 - - [07/Mar/2018:12:30:56 -0300] "GET /cormun/static/Shared/jqueryui/images/ui-icons_82798d_256x240.png HTTP/1.1" 404 1089
186.103.159.189 - - [07/Mar/2018:12:30:56 -0300] "GET /cormun/static/Shared/jqueryui/images/ui-bg_flat_55_fafafa_40x100.png HTTP/1.1" 404 1097
186.103.159.204 - - [07/Mar/2018:12:30:56 -0300] "POST /cormun/servlet/trcontratosolicitud?6f3e90df06f8f438ccba612c58980c90,,gx-no-cache=1520436607031 HTTP/1.1" 200 4138
186.103.159.189 - - [07/Mar/2018:12:30:56 -0300] "GET /cormun/static/Shared/jqueryui/images/ui-icons_8d78a5_256x240.png HTTP/1.1" 404 1089
190.100.93.40 - - [07/Mar/2018:12:30:56 -0300] "GET /cormun/static/menuarrow.gif HTTP/1.1" 404 1015
186.103.159.204 - - [07/Mar/2018:12:31:03 -0300] "POST /cormun/servlet/trcontratosolicitud?6f3e90df06f8f438ccba612c58980c90,,gx-no-cache=1520436613130 HTTP/1.1" 200 9244
200.73.230.197 - - [07/Mar/2018:12:31:28 -0300] "GET /cormun/servlet/solicitudot?5f4eb7afc1baccd5efc364860e9ff7bf709395c42c0db6823680aa134a612dbe7099b3180fa7e588bcf55edb49e51832424c1d6cb6b7a8f81962fd51bc30fe3989ed84882830bcaf61caffb406dc755447a210d306eb1fb1c38c63d8b1ea936a73affff66473fdb9e6559ddd22fbb59a,gx-no-cache=1520436638900 HTTP/1.1" 200 29
200.73.230.197 - - [07/Mar/2018:12:31:28 -0300] "POST /cormun/servlet/solicitudot?gx-no-cache=1520436639148 HTTP/1.1" 200 1318
200.73.230.197 - - [07/Mar/2018:12:31:28 -0300] "POST /cormun/servlet/solicitudot?gx-no-cache=1520436639331 HTTP/1.1" 200 1215
186.103.159.189 - - [07/Mar/2018:12:31:41 -0300] "GET /cormun/servlet/solicitudot?bb5c35b64d6e64c56fb3653440e0e85b8b793e20921721550448c93d6b338fb892122c0339c7493374a3c9e911879f0c0a91f20b67b59c5233f52b8d0b742437,gx-no-cache=1520436654431 HTTP/1.1" 200 30
186.103.159.189 - - [07/Mar/2018:12:31:41 -0300] "GET /cormun/servlet/solicitudot?bb5c35b64d6e64c56fb3653440e0e85bb85b6102e7a45d5efb6adaaf9e85fb56,gx-no-cache=1520436654545 HTTP/1.1" 200 29
186.103.159.189 - - [07/Mar/2018:12:31:42 -0300] "POST /cormun/servlet/solicitudot?gx-no-cache=1520436654625 HTTP/1.1" 200 297
186.103.159.189 - - [07/Mar/2018:12:31:42 -0300] "GET /cormun/servlet/solicitudot?bb5c35b64d6e64c56fb3653440e0e85b103675146b03107150a03eaa0231ae5656b4d8081ac18aaefb7c6acc3a36b2678c54dccb49cd0070c8d01e0d4d912a79054d4a76cd82d5c9ebf6f5da4d8ca6f3e903123dea0e2312fcc379e1608dc3367ff453c2193d3a6bd049e5a2e44ccc3e731ee113d509af01bdf985648633da20ada56fc0f967c9196b96be5f6c8e8ad755b9d76dd5ded4e6180ae57b62e96c09806a02b2720c0e5d4f6833a1273167935d11be1bbb110d56c851ed617009e99f77c8ef2e112470b0f5bde07ac3d0670e49dfbd2908896838a15170eda7ee8fbf58100684fa30cf6eeacb7ab634e4b67ab46931041e5cfff2f4b6bdd0f7d9df371f0ca887eee4f448183c1f76c8493f1e3b27a1570dfe5b28cc7a0d1cb9443d6c6871f2b144828fba5566d09e0c2ec9ee9c4273d4fa968d6bf729ffcf6dcb20e0000d1d0d560aff21b2cacb78b3551ca53a41c674683d7125b6c11ae6bda7df5ed46a81b1bf482e8bcc11f696175cd28de06a79d0c718389db76682ff739cbb06b580d570d10056ad1d47f6af073142e2,gx-no-cache=1520436654717 HTTP/1.1" 200 30
186.103.159.204 - - [07/Mar/2018:12:31:47 -0300] "GET /cormun/Manuales/ManualContratos.pdf HTTP/1.1" 200 629147
186.103.159.189 - - [07/Mar/2018:12:32:01 -0300] "POST /cormun/servlet/solicitudot?gx-no-cache=1520436673656 HTTP/1.1" 200 30
186.103.159.189 - - [07/Mar/2018:12:32:03 -0300] "POST /cormun/servlet/solicitudot?gx-no-cache=1520436676585 HTTP/1.1" 200 1333
186.103.159.189 - - [07/Mar/2018:12:32:04 -0300] "POST /cormun/servlet/solicitudot?gx-no-cache=1520436676697 HTTP/1.1" 200 38
200.73.230.197 - - [07/Mar/2018:12:32:06 -0300] "GET /cormun/static/menuarrow.gif HTTP/1.1" 404 1015
200.72.197.82 - - [07/Mar/2018:12:32:07 -0300] "GET /cormun/servlet/prlicenciaspermisos?15126087,L,,MD,,gxPopupLevel%3D0%3B HTTP/1.1" 200 5948
190.100.93.40 - - [07/Mar/2018:12:32:17 -0300] "GET /cormun/servlet/licenciaspermisos?84250c0e80079f6f3b40ac05f01744e6876c305263404a3e3a395b7016ccd28075f5acd4046b91bcfa3fee604a02b0469edd91454ad1b31c0c73e3836833380e9fde72e4dd3b530961faad7cdcdc32c929ccaaef95fc6a455281b2485cd9be52cff1853a9b23bdd3f2f3a2188c7b0c205d971d937936b42c15a103caa66f3b99aa877e83f12564127fd313c6de925eb43e098bb90188acfc39e9b3db65afb7897b4c941a37eba94f72a10faac03651b719c4796ea9971d02e9d67664cc9b35bf7ea2ba6653238883e3ec12e7c3a0f642ec689404f3f8a951836d9f2a71e12881,gx-no-cache=1520436689456 HTTP/1.1" 200 30
190.100.93.40 - - [07/Mar/2018:12:32:17 -0300] "GET /cormun/servlet/licenciaspermisos?84250c0e80079f6f3b40ac05f01744e6ad1721e0dc485a20eb68886be601e55d73eee248ce56ad3559878d41038aa11a23442781f15653604251a546520bf9937ba46e39e4b027977f923097797ae2d03eb1b00b566863df5dbb74ca36ee044ceb75e48e3e24d3a099d0311942a852542ef137e597afc86408103830f22e4dc3d8e289138208452728604d8177ffbca4179bf5f4947e4f6065872602ebe871152843d6ab6d93209ae75af44f8ab155d4564bdb0c3e12b4b3a4721346f2d718af9db2701d9a92220edef8cd4dd8519b7b2edb0e67149a3584151e8caa4d492508,gx-no-cache=1520436689584 HTTP/1.1" 200 29
190.100.93.40 - - [07/Mar/2018:12:32:17 -0300] "POST /cormun/servlet/licenciaspermisos?f33378c62577164140a3f5ce1f8a4683,INS,0,,,,gx-no-cache=1520436689647 HTTP/1.1" 200 93
190.100.93.40 - - [07/Mar/2018:12:32:17 -0300] "GET /cormun/servlet/hpexe_return? HTTP/1.1" 200 1014
190.100.93.40 - - [07/Mar/2018:12:32:17 -0300] "GET /cormun/static/gxcfg.js?2016101716175148 HTTP/1.1" 304 -
190.100.93.40 - - [07/Mar/2018:12:32:18 -0300] "GET /cormun/servlet/trlicencias HTTP/1.1" 200 10351
190.100.93.40 - - [07/Mar/2018:12:32:18 -0300] "GET /cormun/servlet/trlicencias HTTP/1.1" 200 10346
200.73.230.197 - - [07/Mar/2018:12:32:21 -0300] "GET /cormun/servlet/solicitudot?5f4eb7afc1baccd5efc364860e9ff7bf3ca381a4e64df30d94eba26bd2633d6ca6a8853742988a536a9a0a4326cc4d5d,gx-no-cache=1520436692848 HTTP/1.1" 200 30
200.73.230.197 - - [07/Mar/2018:12:32:33 -0300] "POST /cormun/servlet/solicitudot?gx-no-cache=1520436704476 HTTP/1.1" 200 30
186.67.203.186 - - [07/Mar/2018:12:32:37 -0300] "GET /cormun/servlet/prlicenciaspermisos?15126087,L,,MD,,gxPopupLevel%3D0%3B HTTP/1.1" 200 5948
200.73.230.197 - - [07/Mar/2018:12:32:41 -0300] "POST /cormun/servlet/solicitudot?cf9c10a00448e0453c761117117eab6c,INS,0,0,,gx-no-cache=1520436711189 HTTP/1.1" 200 93
200.73.230.197 - - [07/Mar/2018:12:32:41 -0300] "GET /cormun/servlet/hpexe_return? HTTP/1.1" 200 1005
200.73.230.197 - - [07/Mar/2018:12:32:41 -0300] "GET /cormun/static/Resources/Spanish/PXTools.css?167811 HTTP/1.1" 200 89042
200.73.230.197 - - [07/Mar/2018:12:32:41 -0300] "GET /cormun/static/gxcfg.js?2016101716175148 HTTP/1.1" 200 953
200.73.230.197 - - [07/Mar/2018:12:32:41 -0300] "GET /cormun/static/hpexe_return.js?2016101716175153 HTTP/1.1" 200 1633
200.73.230.197 - - [07/Mar/2018:12:32:41 -0300] "GET /cormun/servlet/trsolicitudot HTTP/1.1" 200 8473
200.73.230.197 - - [07/Mar/2018:12:32:43 -0300] "GET /cormun//static/Resources/PXToolsActionView.png HTTP/1.1" 200 2995
200.73.230.197 - - [07/Mar/2018:12:32:43 -0300] "GET /cormun//static/Resources/PXToolsGridUpdate.png HTTP/1.1" 200 2984
200.73.230.197 - - [07/Mar/2018:12:32:43 -0300] "GET /cormun/servlet/trsolicitudot HTTP/1.1" 200 8469
200.73.230.197 - - [07/Mar/2018:12:32:43 -0300] "GET /cormun//static/Resources/PXToolsGridDelete.png HTTP/1.1" 200 357
200.73.230.197 - - [07/Mar/2018:12:32:43 -0300] "GET /cormun//static/Resources/PXTools/ActionInsert.png HTTP/1.1" 200 1482
200.73.230.197 - - [07/Mar/2018:12:32:43 -0300] "GET /cormun//static/Resources/PXToolsRemoveAllAction.png HTTP/1.1" 200 3558
200.73.230.197 - - [07/Mar/2018:12:33:09 -0300] "POST /cormun/servlet/trsolicitudot?cf9c10a00448e0453c761117117eab6c,gx-no-cache=1520436740126 HTTP/1.1" 200 107
200.73.230.197 - - [07/Mar/2018:12:33:09 -0300] "GET /cormun/servlet/trsolicitudadjuntos?2018,10197, HTTP/1.1" 200 6017
200.73.230.197 - - [07/Mar/2018:12:33:09 -0300] "GET /cormun/static/gxui/gxui-all.css?110300 HTTP/1.1" 200 2179
200.73.230.197 - - [07/Mar/2018:12:33:09 -0300] "GET /cormun/static/calendar-system.css?75620 HTTP/1.1" 200 5572
200.73.230.197 - - [07/Mar/2018:12:33:09 -0300] "GET /cormun/static/gxcfg.js?20177612135366 HTTP/1.1" 200 953
200.73.230.197 - - [07/Mar/2018:12:33:09 -0300] "GET /cormun/static/trsolicitudadjuntos.js?20177612135632 HTTP/1.1" 200 17922
200.73.230.197 - - [07/Mar/2018:12:33:09 -0300] "GET /cormun/static/Shared/ext/resources/css/ext-all.css?205870 HTTP/1.1" 200 416045
200.73.230.197 - - [07/Mar/2018:12:33:11 -0300] "GET /cormun/servlet/trsolicitudadjuntos?2018,10197, HTTP/1.1" 200 6017
200.73.230.197 - - [07/Mar/2018:12:33:14 -0300] "GET /cormun/servlet/solicitudotadjuntos?INS,2018,10197,,1, HTTP/1.1" 200 5964
200.73.230.197 - - [07/Mar/2018:12:33:14 -0300] "GET /cormun/static/gxcfg.js?2017761244068 HTTP/1.1" 200 953
200.73.230.197 - - [07/Mar/2018:12:33:14 -0300] "GET /cormun/static/solicitudotadjuntos.js?2017761244086 HTTP/1.1" 200 11771
200.73.230.197 - - [07/Mar/2018:12:33:14 -0300] "GET /cormun/static/about:blank HTTP/1.1" 404 1011
200.73.230.197 - - [07/Mar/2018:12:33:15 -0300] "GET /cormun/servlet/solicitudotadjuntos?INS,2018,10197,,1, HTTP/1.1" 200 5957
200.73.230.197 - - [07/Mar/2018:12:33:15 -0300] "GET /cormun/servlet/solicitudotadjuntos?5f4eb7afc1baccd5efc364860e9ff7bf77f6d6148f9d911d61191d2adfc9c3da871eec1f98a83fe74cfb8f79e2eea1d1,gx-no-cache=1520436746483 HTTP/1.1" 200 30
200.73.230.197 - - [07/Mar/2018:12:33:15 -0300] "POST /cormun/servlet/solicitudotadjuntos?cf9c10a00448e0453c761117117eab6c,INS,2018,10197,,1,,gx-no-cache=1520436746557 HTTP/1.1" 200 3788
200.72.197.82 - - [07/Mar/2018:12:33:18 -0300] "POST /cormun/servlet/solicitudot?gx-no-cache=1520436750087 HTTP/1.1" 200 41
200.72.197.82 - - [07/Mar/2018:12:33:18 -0300] "POST /cormun/servlet/solicitudot?gx-no-cache=1520436750182 HTTP/1.1" 200 1318
200.72.197.82 - - [07/Mar/2018:12:33:18 -0300] "POST /cormun/servlet/solicitudot?gx-no-cache=1520436750306 HTTP/1.1" 200 1218
200.72.197.82 - - [07/Mar/2018:12:33:18 -0300] "GET /cormun/servlet/solicitudot?1c676af49bb83c9c6667d896c124e34f720db6717655fe5c0d333f37b571eb4e56f5351c52ca6c4e1ece4eca92c237d5,gx-no-cache=1520436750411 HTTP/1.1" 200 30
200.72.197.82 - - [07/Mar/2018:12:33:18 -0300] "POST /cormun/servlet/solicitudot?gx-no-cache=1520436750461 HTTP/1.1" 200 34
200.73.230.197 - - [07/Mar/2018:12:33:19 -0300] "POST /cormun/servlet/solicitudotadjuntos?gx-no-cache=1520436750872 HTTP/1.1" 200 26
200.73.230.197 - - [07/Mar/2018:12:33:45 -0300] "GET /cormun/servlet/solicitudotadjuntos?5f4eb7afc1baccd5efc364860e9ff7bfb97c027c3cd6e74113211edefb8633f0,gx-no-cache=1520436776320 HTTP/1.1" 200 30
200.73.230.197 - - [07/Mar/2018:12:33:45 -0300] "GET /cormun/servlet/solicitudotadjuntos?5f4eb7afc1baccd5efc364860e9ff7bfb97c027c3cd6e74113211edefb8633f0,gx-no-cache=1520436776412 HTTP/1.1" 200 30
200.73.230.197 - - [07/Mar/2018:12:33:46 -0300] "POST /cormun/servlet/solicitudotadjuntos?cf9c10a00448e0453c761117117eab6c,INS,2018,10197,,1, HTTP/1.1" 200 116
200.73.230.197 - - [07/Mar/2018:12:33:47 -0300] "GET /cormun/servlet/hpexe_return? HTTP/1.1" 200 1024
200.73.230.197 - - [07/Mar/2018:12:33:47 -0300] "GET /cormun/servlet/trsolicitudadjuntos?2018,10197, HTTP/1.1" 200 8400
190.151.100.218 - - [07/Mar/2018:12:33:47 -0300] "POST /cormun/servlet/solicitudot?8d945a1b511a8c17cf6b368fedcb7493,INS,0,0,,gx-no-cache=1520436778848 HTTP/1.1" 200 93
190.151.100.218 - - [07/Mar/2018:12:33:47 -0300] "GET /cormun/servlet/hpexe_return? HTTP/1.1" 200 1008
190.151.100.218 - - [07/Mar/2018:12:33:47 -0300] "GET /cormun/static/gxcfg.js?2016101716175148 HTTP/1.1" 304 -
190.151.100.218 - - [07/Mar/2018:12:33:48 -0300] "GET /cormun/servlet/trsolicitudot HTTP/1.1" 200 8839
200.73.230.197 - - [07/Mar/2018:12:33:48 -0300] "GET /cormun/servlet/trsolicitudadjuntos?2018,10197, HTTP/1.1" 200 8397
190.151.100.218 - - [07/Mar/2018:12:33:48 -0300] "GET /cormun/servlet/trsolicitudot HTTP/1.1" 200 8832
200.73.230.197 - - [07/Mar/2018:12:33:51 -0300] "GET /cormun/servlet/solicitudotadjuntos?INS,2018,10197,,1, HTTP/1.1" 200 5964
200.73.230.197 - - [07/Mar/2018:12:33:51 -0300] "GET /cormun/static/about:blank HTTP/1.1" 404 1011
200.73.230.197 - - [07/Mar/2018:12:33:52 -0300] "GET /cormun/servlet/solicitudotadjuntos?INS,2018,10197,,1, HTTP/1.1" 200 5957
200.73.230.197 - - [07/Mar/2018:12:33:53 -0300] "GET /cormun/servlet/solicitudotadjuntos?5f4eb7afc1baccd5efc364860e9ff7bf77f6d6148f9d911d61191d2adfc9c3da871eec1f98a83fe74cfb8f79e2eea1d1,gx-no-cache=1520436784167 HTTP/1.1" 200 30
200.73.230.197 - - [07/Mar/2018:12:33:53 -0300] "POST /cormun/servlet/solicitudotadjuntos?cf9c10a00448e0453c761117117eab6c,INS,2018,10197,,1,,gx-no-cache=1520436784227 HTTP/1.1" 200 3788
200.73.230.197 - - [07/Mar/2018:12:33:58 -0300] "POST /cormun/servlet/solicitudotadjuntos?gx-no-cache=1520436788956 HTTP/1.1" 200 26
200.73.230.197 - - [07/Mar/2018:12:34:06 -0300] "GET /cormun/servlet/solicitudotadjuntos?5f4eb7afc1baccd5efc364860e9ff7bfb97c027c3cd6e74113211edefb8633f0,gx-no-cache=1520436797858 HTTP/1.1" 200 30
200.73.230.197 - - [07/Mar/2018:12:34:06 -0300] "GET /cormun/servlet/solicitudotadjuntos?5f4eb7afc1baccd5efc364860e9ff7bfb97c027c3cd6e74113211edefb8633f0,gx-no-cache=1520436797919 HTTP/1.1" 200 30
200.73.230.197 - - [07/Mar/2018:12:34:09 -0300] "POST /cormun/servlet/solicitudotadjuntos?cf9c10a00448e0453c761117117eab6c,INS,2018,10197,,1, HTTP/1.1" 200 116
200.73.230.197 - - [07/Mar/2018:12:34:09 -0300] "GET /cormun/servlet/hpexe_return? HTTP/1.1" 200 1024
200.73.230.197 - - [07/Mar/2018:12:34:10 -0300] "GET /cormun/servlet/trsolicitudadjuntos?2018,10197, HTTP/1.1" 200 8622
200.73.230.197 - - [07/Mar/2018:12:34:11 -0300] "GET /cormun/servlet/trsolicitudadjuntos?2018,10197, HTTP/1.1" 200 8622
200.73.230.197 - - [07/Mar/2018:12:34:13 -0300] "GET /cormun/servlet/solicitudotadjuntos?INS,2018,10197,,1, HTTP/1.1" 200 5964
200.73.230.197 - - [07/Mar/2018:12:34:14 -0300] "GET /cormun/static/about:blank HTTP/1.1" 404 1011
200.73.230.197 - - [07/Mar/2018:12:34:14 -0300] "GET /cormun/servlet/solicitudotadjuntos?INS,2018,10197,,1, HTTP/1.1" 200 5957
200.73.230.197 - - [07/Mar/2018:12:34:15 -0300] "GET /cormun/servlet/solicitudotadjuntos?5f4eb7afc1baccd5efc364860e9ff7bf77f6d6148f9d911d61191d2adfc9c3da871eec1f98a83fe74cfb8f79e2eea1d1,gx-no-cache=1520436806292 HTTP/1.1" 200 30
200.73.230.197 - - [07/Mar/2018:12:34:15 -0300] "POST /cormun/servlet/solicitudotadjuntos?cf9c10a00448e0453c761117117eab6c,INS,2018,10197,,1,,gx-no-cache=1520436806387 HTTP/1.1" 200 3788
190.100.93.40 - - [07/Mar/2018:12:34:15 -0300] "GET /cormun/servlet/alicenciaprn?19364735,L,20180307000000,PU HTTP/1.1" 200 1569
200.73.230.197 - - [07/Mar/2018:12:34:20 -0300] "POST /cormun/servlet/solicitudotadjuntos?gx-no-cache=1520436811540 HTTP/1.1" 200 26
190.100.93.40 - - [07/Mar/2018:12:34:23 -0300] "GET /cormun/servlet/licenciaspermisos?UPD,19364735,L,20180307000000, HTTP/1.1" 200 8084
190.100.93.40 - - [07/Mar/2018:12:34:24 -0300] "GET /cormun/servlet/licenciaspermisos?UPD,19364735,L,20180307000000, HTTP/1.1" 200 8102
190.100.93.40 - - [07/Mar/2018:12:34:24 -0300] "GET /cormun/servlet/licenciaspermisos?84250c0e80079f6f3b40ac05f01744e6a15f0797530730d8d633219463ea27e1d9c818daeea40ac51789451984204576668e610c45c6ceac69f2f9c0fe5a9ce7d7ee040e01e7ca696f4621834074483a401b4fcc9fb33f36f392233c3f4956cb,gx-no-cache=1520436817095 HTTP/1.1" 200 100
190.100.93.40 - - [07/Mar/2018:12:34:27 -0300] "POST /cormun/servlet/licenciaspermisos?f33378c62577164140a3f5ce1f8a4683,UPD,19364735,L,20180307000000,,gx-no-cache=1520436819366 HTTP/1.1" 200 93
190.100.93.40 - - [07/Mar/2018:12:34:27 -0300] "GET /cormun/servlet/hpexe_return? HTTP/1.1" 200 1032
190.100.93.40 - - [07/Mar/2018:12:34:27 -0300] "GET /cormun/servlet/trlicencias HTTP/1.1" 200 10352
190.100.93.40 - - [07/Mar/2018:12:34:28 -0300] "GET /cormun/servlet/trlicencias HTTP/1.1" 200 10348
200.73.230.197 - - [07/Mar/2018:12:34:36 -0300] "POST /cormun/servlet/solicitudotadjuntos?gx-no-cache=1520436827631 HTTP/1.1" 200 26
190.100.93.40 - - [07/Mar/2018:12:34:38 -0300] "GET /cormun/servlet/alicenciaprn?19364735,L,20180307000000,PU HTTP/1.1" 200 1563
200.73.230.197 - - [07/Mar/2018:12:34:47 -0300] "GET /cormun/servlet/solicitudotadjuntos?5f4eb7afc1baccd5efc364860e9ff7bfb97c027c3cd6e74113211edefb8633f0,gx-no-cache=1520436838137 HTTP/1.1" 200 30
200.73.230.197 - - [07/Mar/2018:12:34:47 -0300] "GET /cormun/servlet/solicitudotadjuntos?5f4eb7afc1baccd5efc364860e9ff7bfb97c027c3cd6e74113211edefb8633f0,gx-no-cache=1520436838198 HTTP/1.1" 200 30
200.73.230.197 - - [07/Mar/2018:12:34:48 -0300] "POST /cormun/servlet/solicitudotadjuntos?cf9c10a00448e0453c761117117eab6c,INS,2018,10197,,1, HTTP/1.1" 200 116
200.73.230.197 - - [07/Mar/2018:12:34:48 -0300] "GET /cormun/servlet/hpexe_return? HTTP/1.1" 200 1024
200.73.230.197 - - [07/Mar/2018:12:34:49 -0300] "GET /cormun/servlet/trsolicitudadjuntos?2018,10197, HTTP/1.1" 200 8810
200.73.230.197 - - [07/Mar/2018:12:34:50 -0300] "GET /cormun/servlet/trsolicitudadjuntos?2018,10197, HTTP/1.1" 200 8808
200.73.230.197 - - [07/Mar/2018:12:34:53 -0300] "GET /cormun/servlet/solicitudotadjuntos?INS,2018,10197,,1, HTTP/1.1" 200 5964
200.73.230.197 - - [07/Mar/2018:12:34:53 -0300] "GET /cormun/static/about:blank HTTP/1.1" 404 1011
200.73.230.197 - - [07/Mar/2018:12:34:54 -0300] "GET /cormun/servlet/solicitudotadjuntos?INS,2018,10197,,1, HTTP/1.1" 200 5957
200.73.230.197 - - [07/Mar/2018:12:34:54 -0300] "GET /cormun/servlet/solicitudotadjuntos?5f4eb7afc1baccd5efc364860e9ff7bf77f6d6148f9d911d61191d2adfc9c3da871eec1f98a83fe74cfb8f79e2eea1d1,gx-no-cache=1520436845492 HTTP/1.1" 200 30
200.73.230.197 - - [07/Mar/2018:12:34:55 -0300] "POST /cormun/servlet/solicitudotadjuntos?cf9c10a00448e0453c761117117eab6c,INS,2018,10197,,1,,gx-no-cache=1520436845622 HTTP/1.1" 200 3788
200.73.230.197 - - [07/Mar/2018:12:35:01 -0300] "POST /cormun/servlet/solicitudotadjuntos?gx-no-cache=1520436852369 HTTP/1.1" 200 26
186.103.159.189 - - [07/Mar/2018:12:35:05 -0300] "POST /cormun/servlet/solicitudot?gx-no-cache=1520436857795 HTTP/1.1" 200 30
200.73.230.197 - - [07/Mar/2018:12:35:09 -0300] "GET /cormun/servlet/solicitudotadjuntos?5f4eb7afc1baccd5efc364860e9ff7bfb97c027c3cd6e74113211edefb8633f0,gx-no-cache=1520436860089 HTTP/1.1" 200 30
200.73.230.197 - - [07/Mar/2018:12:35:09 -0300] "GET /cormun/servlet/solicitudotadjuntos?5f4eb7afc1baccd5efc364860e9ff7bfb97c027c3cd6e74113211edefb8633f0,gx-no-cache=1520436860164 HTTP/1.1" 200 30
186.103.159.189 - - [07/Mar/2018:12:35:09 -0300] "GET /cormun/servlet/prfichaempleado?,MD,,gxPopupLevel%3D0%3B HTTP/1.1" 200 9328
200.73.230.197 - - [07/Mar/2018:12:35:12 -0300] "POST /cormun/servlet/solicitudotadjuntos?cf9c10a00448e0453c761117117eab6c,INS,2018,10197,,1, HTTP/1.1" 200 116
200.73.230.197 - - [07/Mar/2018:12:35:12 -0300] "GET /cormun/servlet/hpexe_return? HTTP/1.1" 200 1024
200.73.230.197 - - [07/Mar/2018:12:35:13 -0300] "GET /cormun/servlet/trsolicitudadjuntos?2018,10197, HTTP/1.1" 200 8978
200.73.230.197 - - [07/Mar/2018:12:35:14 -0300] "GET /cormun/servlet/trsolicitudadjuntos?2018,10197, HTTP/1.1" 200 8977
200.73.230.197 - - [07/Mar/2018:12:35:18 -0300] "GET /cormun/servlet/solicitudotadjuntos?INS,2018,10197,,1, HTTP/1.1" 200 5964
200.73.230.197 - - [07/Mar/2018:12:35:18 -0300] "GET /cormun/static/about:blank HTTP/1.1" 404 1011
200.73.230.197 - - [07/Mar/2018:12:35:19 -0300] "GET /cormun/servlet/solicitudotadjuntos?INS,2018,10197,,1, HTTP/1.1" 200 5957
186.103.159.189 - - [07/Mar/2018:12:35:19 -0300] "POST /cormun/servlet/prfichaempleado?539330028845b861c19d8bcac9ad9479,,MD,,gxPopupLevel%3D0%3B,gx-no-cache=1520436872135 HTTP/1.1" 200 3413
200.73.230.197 - - [07/Mar/2018:12:35:19 -0300] "GET /cormun/servlet/solicitudotadjuntos?5f4eb7afc1baccd5efc364860e9ff7bf77f6d6148f9d911d61191d2adfc9c3da871eec1f98a83fe74cfb8f79e2eea1d1,gx-no-cache=1520436870513 HTTP/1.1" 200 30
200.73.230.197 - - [07/Mar/2018:12:35:19 -0300] "POST /cormun/servlet/solicitudotadjuntos?cf9c10a00448e0453c761117117eab6c,INS,2018,10197,,1,,gx-no-cache=1520436870600 HTTP/1.1" 200 3788
200.73.230.197 - - [07/Mar/2018:12:35:23 -0300] "POST /cormun/servlet/solicitudotadjuntos?gx-no-cache=1520436874645 HTTP/1.1" 200 26
186.103.159.189 - - [07/Mar/2018:12:35:24 -0300] "POST /cormun/servlet/solicitudot?gx-no-cache=1520436876829 HTTP/1.1" 200 1336
186.103.159.189 - - [07/Mar/2018:12:35:24 -0300] "POST /cormun/servlet/solicitudot?gx-no-cache=1520436876999 HTTP/1.1" 200 117
186.103.159.189 - - [07/Mar/2018:12:35:24 -0300] "GET /cormun/static/Shared/jqueryui/images/ui-bg_flat_55_994d53_40x100.png HTTP/1.1" 404 1097
186.103.159.189 - - [07/Mar/2018:12:35:24 -0300] "GET /cormun/static/Shared/jqueryui/images/ui-icons_ebccce_256x240.png HTTP/1.1" 404 1089
186.103.159.189 - - [07/Mar/2018:12:35:42 -0300] "GET /cormun/servlet/prlicenciaspermisos?18952078,L,,MD,,gxPopupLevel%3D0%3B HTTP/1.1" 200 5574
186.103.159.189 - - [07/Mar/2018:12:35:42 -0300] "GET /cormun/static/gxcfg.js?20176272053834 HTTP/1.1" 200 953
186.103.159.189 - - [07/Mar/2018:12:35:42 -0300] "GET /cormun/static/prlicenciaspermisos.js?20176272054050 HTTP/1.1" 200 13379
200.73.230.197 - - [07/Mar/2018:12:35:50 -0300] "GET /cormun/servlet/solicitudotadjuntos?5f4eb7afc1baccd5efc364860e9ff7bfb97c027c3cd6e74113211edefb8633f0,gx-no-cache=1520436901565 HTTP/1.1" 200 30
200.73.230.197 - - [07/Mar/2018:12:35:50 -0300] "GET /cormun/servlet/solicitudotadjuntos?5f4eb7afc1baccd5efc364860e9ff7bfb97c027c3cd6e74113211edefb8633f0,gx-no-cache=1520436901737 HTTP/1.1" 200 30
200.73.230.197 - - [07/Mar/2018:12:35:53 -0300] "POST /cormun/servlet/solicitudotadjuntos?cf9c10a00448e0453c761117117eab6c,INS,2018,10197,,1, HTTP/1.1" 200 116
200.73.230.197 - - [07/Mar/2018:12:35:54 -0300] "GET /cormun/servlet/hpexe_return? HTTP/1.1" 200 1024
200.73.230.197 - - [07/Mar/2018:12:35:55 -0300] "GET /cormun/servlet/trsolicitudadjuntos?2018,10197, HTTP/1.1" 200 9226
200.73.230.197 - - [07/Mar/2018:12:35:57 -0300] "GET /cormun/servlet/trsolicitudadjuntos?2018,10197, HTTP/1.1" 200 9224
200.73.230.197 - - [07/Mar/2018:12:36:00 -0300] "GET /cormun/servlet/solicitudotadjuntos?INS,2018,10197,,1, HTTP/1.1" 200 5963
200.73.230.197 - - [07/Mar/2018:12:36:01 -0300] "GET /cormun/static/about:blank HTTP/1.1" 404 1011
200.73.230.197 - - [07/Mar/2018:12:36:01 -0300] "GET /cormun/servlet/solicitudotadjuntos?INS,2018,10197,,1, HTTP/1.1" 200 5956
200.73.230.197 - - [07/Mar/2018:12:36:02 -0300] "GET /cormun/servlet/solicitudotadjuntos?5f4eb7afc1baccd5efc364860e9ff7bf77f6d6148f9d911d61191d2adfc9c3da871eec1f98a83fe74cfb8f79e2eea1d1,gx-no-cache=1520436913341 HTTP/1.1" 200 30
200.73.230.197 - - [07/Mar/2018:12:36:02 -0300] "POST /cormun/servlet/solicitudotadjuntos?cf9c10a00448e0453c761117117eab6c,INS,2018,10197,,1,,gx-no-cache=1520436913415 HTTP/1.1" 200 3788
200.73.230.197 - - [07/Mar/2018:12:36:06 -0300] "POST /cormun/servlet/solicitudotadjuntos?cf9c10a00448e0453c761117117eab6c,INS,2018,10197,,1,,gx-no-cache=1520436917491 HTTP/1.1" 200 93
200.73.230.197 - - [07/Mar/2018:12:36:06 -0300] "GET /cormun/servlet/hpexe_return? HTTP/1.1" 200 1024
200.73.230.197 - - [07/Mar/2018:12:36:07 -0300] "GET /cormun/servlet/trsolicitudadjuntos?2018,10197, HTTP/1.1" 200 9226
200.73.230.197 - - [07/Mar/2018:12:36:09 -0300] "GET /cormun/servlet/trsolicitudadjuntos?2018,10197, HTTP/1.1" 200 9223
200.73.230.197 - - [07/Mar/2018:12:36:14 -0300] "GET /cormun/servlet/trsolicitudot? HTTP/1.1" 200 8475
200.73.230.197 - - [07/Mar/2018:12:36:16 -0300] "GET /cormun/servlet/trsolicitudot? HTTP/1.1" 200 8469
200.73.230.197 - - [07/Mar/2018:12:36:25 -0300] "POST /cormun/servlet/trsolicitudot?cf9c10a00448e0453c761117117eab6c,,gx-no-cache=1520436936093 HTTP/1.1" 200 5693
200.73.230.197 - - [07/Mar/2018:12:36:25 -0300] "GET /cormun/static/Shared/jqueryui/images/ui-bg_highlight-soft_100_c6c2c8_1x100.png HTTP/1.1" 404 1117
200.73.230.197 - - [07/Mar/2018:12:36:25 -0300] "GET /cormun/static/Shared/jqueryui/images/ui-icons_82798d_256x240.png HTTP/1.1" 404 1089
200.73.230.197 - - [07/Mar/2018:12:36:25 -0300] "GET /cormun/static/Shared/jqueryui/images/ui-bg_flat_55_fafafa_40x100.png HTTP/1.1" 404 1097
200.73.230.197 - - [07/Mar/2018:12:36:25 -0300] "GET /cormun/static/Shared/jqueryui/images/ui-icons_8d78a5_256x240.png HTTP/1.1" 404 1089
200.73.230.197 - - [07/Mar/2018:12:36:35 -0300] "POST /cormun/servlet/trsolicitudot?cf9c10a00448e0453c761117117eab6c,,gx-no-cache=1520436945853 HTTP/1.1" 200 107
200.73.230.197 - - [07/Mar/2018:12:36:35 -0300] "GET /cormun/servlet/trsolicitudadjuntos?2018,10197, HTTP/1.1" 200 9223
200.73.230.197 - - [07/Mar/2018:12:36:37 -0300] "GET /cormun/servlet/trsolicitudadjuntos?2018,10197, HTTP/1.1" 200 9225
200.73.230.197 - - [07/Mar/2018:12:36:40 -0300] "GET /cormun/servlet/solicitudotadjuntos?INS,2018,10197,,1, HTTP/1.1" 200 5964
200.73.230.197 - - [07/Mar/2018:12:36:41 -0300] "GET /cormun/static/about:blank HTTP/1.1" 404 1011
200.73.230.197 - - [07/Mar/2018:12:36:42 -0300] "GET /cormun/servlet/solicitudotadjuntos?INS,2018,10197,,1, HTTP/1.1" 200 5957
200.73.230.197 - - [07/Mar/2018:12:36:42 -0300] "GET /cormun/servlet/solicitudotadjuntos?5f4eb7afc1baccd5efc364860e9ff7bf77f6d6148f9d911d61191d2adfc9c3da871eec1f98a83fe74cfb8f79e2eea1d1,gx-no-cache=1520436953341 HTTP/1.1" 200 30
200.73.230.197 - - [07/Mar/2018:12:36:42 -0300] "POST /cormun/servlet/solicitudotadjuntos?cf9c10a00448e0453c761117117eab6c,INS,2018,10197,,1,,gx-no-cache=1520436953461 HTTP/1.1" 200 3788
200.73.230.197 - - [07/Mar/2018:12:36:48 -0300] "POST /cormun/servlet/solicitudotadjuntos?gx-no-cache=1520436959190 HTTP/1.1" 200 26
200.73.230.197 - - [07/Mar/2018:12:37:08 -0300] "GET /cormun/servlet/solicitudotadjuntos?5f4eb7afc1baccd5efc364860e9ff7bfb97c027c3cd6e74113211edefb8633f0,gx-no-cache=1520436979595 HTTP/1.1" 200 30
200.73.230.197 - - [07/Mar/2018:12:37:08 -0300] "GET /cormun/servlet/solicitudotadjuntos?5f4eb7afc1baccd5efc364860e9ff7bfb97c027c3cd6e74113211edefb8633f0,gx-no-cache=1520436979693 HTTP/1.1" 200 30
200.73.230.197 - - [07/Mar/2018:12:37:10 -0300] "POST /cormun/servlet/solicitudotadjuntos?cf9c10a00448e0453c761117117eab6c,INS,2018,10197,,1, HTTP/1.1" 200 116
200.73.230.197 - - [07/Mar/2018:12:37:10 -0300] "GET /cormun/servlet/hpexe_return? HTTP/1.1" 200 1024
200.73.230.197 - - [07/Mar/2018:12:37:11 -0300] "GET /cormun/servlet/trsolicitudadjuntos?2018,10197, HTTP/1.1" 200 9462
200.73.230.197 - - [07/Mar/2018:12:37:13 -0300] "GET /cormun/servlet/trsolicitudadjuntos?2018,10197, HTTP/1.1" 200 9459
200.73.230.197 - - [07/Mar/2018:12:37:16 -0300] "GET /cormun/servlet/solicitudotadjuntos?INS,2018,10197,,1, HTTP/1.1" 200 5964
200.73.230.197 - - [07/Mar/2018:12:37:17 -0300] "GET /cormun/static/about:blank HTTP/1.1" 404 1011
200.73.230.197 - - [07/Mar/2018:12:37:17 -0300] "GET /cormun/servlet/solicitudotadjuntos?INS,2018,10197,,1, HTTP/1.1" 200 5957
200.73.230.197 - - [07/Mar/2018:12:37:18 -0300] "GET /cormun/servlet/solicitudotadjuntos?5f4eb7afc1baccd5efc364860e9ff7bf77f6d6148f9d911d61191d2adfc9c3da871eec1f98a83fe74cfb8f79e2eea1d1,gx-no-cache=1520436989239 HTTP/1.1" 200 30
200.73.230.197 - - [07/Mar/2018:12:37:18 -0300] "POST /cormun/servlet/solicitudotadjuntos?cf9c10a00448e0453c761117117eab6c,INS,2018,10197,,1,,gx-no-cache=1520436989295 HTTP/1.1" 200 3788
200.73.230.197 - - [07/Mar/2018:12:37:40 -0300] "POST /cormun/servlet/solicitudotadjuntos?cf9c10a00448e0453c761117117eab6c,INS,2018,10197,,1,,gx-no-cache=1520437010950 HTTP/1.1" 200 93
200.73.230.197 - - [07/Mar/2018:12:37:40 -0300] "GET /cormun/servlet/hpexe_return? HTTP/1.1" 200 1024
200.73.230.197 - - [07/Mar/2018:12:37:41 -0300] "GET /cormun/servlet/trsolicitudadjuntos?2018,10197, HTTP/1.1" 200 9460
200.73.230.197 - - [07/Mar/2018:12:37:43 -0300] "GET /cormun/servlet/trsolicitudadjuntos?2018,10197, HTTP/1.1" 200 9463
200.73.230.197 - - [07/Mar/2018:12:37:46 -0300] "GET /cormun/servlet/solicitudotadjuntos?INS,2018,10197,,1, HTTP/1.1" 200 5963
200.73.230.197 - - [07/Mar/2018:12:37:46 -0300] "GET /cormun/static/about:blank HTTP/1.1" 404 1011
200.73.230.197 - - [07/Mar/2018:12:37:47 -0300] "GET /cormun/servlet/solicitudotadjuntos?INS,2018,10197,,1, HTTP/1.1" 200 5955
200.73.230.197 - - [07/Mar/2018:12:37:47 -0300] "GET /cormun/servlet/solicitudotadjuntos?5f4eb7afc1baccd5efc364860e9ff7bf77f6d6148f9d911d61191d2adfc9c3da871eec1f98a83fe74cfb8f79e2eea1d1,gx-no-cache=1520437018471 HTTP/1.1" 200 30
200.73.230.197 - - [07/Mar/2018:12:37:47 -0300] "POST /cormun/servlet/solicitudotadjuntos?cf9c10a00448e0453c761117117eab6c,INS,2018,10197,,1,,gx-no-cache=1520437018525 HTTP/1.1" 200 3787
192.168.10.96 - - [07/Mar/2018:12:37:49 -0300] "GET /cormun/servlet/trsolicitudgral? HTTP/1.1" 200 10942
192.168.10.96 - - [07/Mar/2018:12:37:49 -0300] "GET /cormun/servlet/trsolicitudgral? HTTP/1.1" 200 10932
200.73.230.197 - - [07/Mar/2018:12:37:50 -0300] "POST /cormun/servlet/solicitudotadjuntos?gx-no-cache=1520437021508 HTTP/1.1" 200 26
200.73.230.197 - - [07/Mar/2018:12:37:50 -0300] "GET /cormun/servlet/solicitudotadjuntos?5f4eb7afc1baccd5efc364860e9ff7bfb97c027c3cd6e74113211edefb8633f0,gx-no-cache=1520437021560 HTTP/1.1" 200 30
200.73.230.197 - - [07/Mar/2018:12:37:50 -0300] "GET /cormun/servlet/solicitudotadjuntos?5f4eb7afc1baccd5efc364860e9ff7bfb97c027c3cd6e74113211edefb8633f0,gx-no-cache=1520437021598 HTTP/1.1" 200 30
200.73.230.197 - - [07/Mar/2018:12:37:50 -0300] "POST /cormun/servlet/solicitudotadjuntos?cf9c10a00448e0453c761117117eab6c,INS,2018,10197,,1,,gx-no-cache=1520437021642 HTTP/1.1" 200 3636
200.73.230.197 - - [07/Mar/2018:12:37:50 -0300] "GET /cormun/static/Shared/jqueryui/images/ui-bg_highlight-soft_100_c6c2c8_1x100.png HTTP/1.1" 404 1117
200.73.230.197 - - [07/Mar/2018:12:37:51 -0300] "GET /cormun/static/Shared/jqueryui/images/ui-icons_82798d_256x240.png HTTP/1.1" 404 1089
200.73.230.197 - - [07/Mar/2018:12:37:51 -0300] "GET /cormun/static/Shared/jqueryui/images/ui-icons_ebccce_256x240.png HTTP/1.1" 404 1089
200.73.230.197 - - [07/Mar/2018:12:37:51 -0300] "GET /cormun/static/Shared/jqueryui/images/ui-bg_flat_55_994d53_40x100.png HTTP/1.1" 404 1097
200.73.230.197 - - [07/Mar/2018:12:37:55 -0300] "GET /cormun/servlet/trsolicitudot? HTTP/1.1" 200 8480
192.168.10.96 - - [07/Mar/2018:12:37:56 -0300] "POST /cormun/servlet/trsolicitudgral?1e2e3400d973dd819dcf00e7136583e7,,gx-no-cache=1520436914977 HTTP/1.1" 200 9894
200.73.230.197 - - [07/Mar/2018:12:37:56 -0300] "GET /cormun/servlet/trsolicitudot? HTTP/1.1" 200 8469
192.168.10.96 - - [07/Mar/2018:12:38:00 -0300] "GET /cormun/servlet/vesolicitudgral?2018,9967,, HTTP/1.1" 200 9287
192.168.10.96 - - [07/Mar/2018:12:38:00 -0300] "GET /cormun/pexe_scrolldiv.js HTTP/1.1" 404 1009
192.168.10.96 - - [07/Mar/2018:12:38:00 -0300] "GET /cormun/pexe_scrolldiv.js HTTP/1.1" 404 1009
192.168.10.96 - - [07/Mar/2018:12:38:00 -0300] "GET /cormun/servlet/vesolicitudgral?2018,9967,, HTTP/1.1" 200 9286
192.168.10.96 - - [07/Mar/2018:12:38:02 -0300] "GET /cormun/servlet/vesolicitudgral?2018,9967,,SolicitudOTAdjuntos HTTP/1.1" 200 7957
192.168.10.96 - - [07/Mar/2018:12:38:02 -0300] "GET /cormun/pexe_scrolldiv.js HTTP/1.1" 404 1009
192.168.10.96 - - [07/Mar/2018:12:38:02 -0300] "GET /cormun/pexe_scrolldiv.js HTTP/1.1" 404 1009
192.168.10.96 - - [07/Mar/2018:12:38:02 -0300] "GET /cormun/servlet/vesolicitudgral?2018,9967,,SolicitudOTAdjuntos HTTP/1.1" 200 7958
192.168.10.96 - - [07/Mar/2018:12:38:03 -0300] "POST /cormun/servlet/acontrolpreferencessavestate?None,DZAMUDIO,true HTTP/1.1" 200 35
192.168.10.96 - - [07/Mar/2018:12:38:05 -0300] "POST /cormun/servlet/vesolicitudgral?1e2e3400d973dd819dcf00e7136583e7,2018,9967,,SolicitudOTAdjuntos,gx-no-cache=1520436923836 HTTP/1.1" 200 90
192.168.10.96 - - [07/Mar/2018:12:38:05 -0300] "GET /cormun/servlet/hpexe_link HTTP/1.1" 200 976
192.168.10.96 - - [07/Mar/2018:12:38:05 -0300] "GET /cormun/servlet/trsolicitudgral? HTTP/1.1" 200 13071
192.168.10.96 - - [07/Mar/2018:12:38:05 -0300] "GET /cormun/servlet/trsolicitudgral? HTTP/1.1" 200 13069
200.73.230.197 - - [07/Mar/2018:12:38:12 -0300] "POST /cormun/servlet/trsolicitudot?cf9c10a00448e0453c761117117eab6c,,gx-no-cache=1520437043191 HTTP/1.1" 200 4470
200.73.230.197 - - [07/Mar/2018:12:38:12 -0300] "GET /cormun/static/Shared/jqueryui/images/ui-bg_highlight-soft_100_c6c2c8_1x100.png HTTP/1.1" 404 1117
200.73.230.197 - - [07/Mar/2018:12:38:12 -0300] "GET /cormun/static/Shared/jqueryui/images/ui-icons_82798d_256x240.png HTTP/1.1" 404 1089
200.73.230.197 - - [07/Mar/2018:12:38:12 -0300] "GET /cormun/static/Shared/jqueryui/images/ui-bg_flat_55_fafafa_40x100.png HTTP/1.1" 404 1097
200.73.230.197 - - [07/Mar/2018:12:38:12 -0300] "GET /cormun/static/Shared/jqueryui/images/ui-icons_8d78a5_256x240.png HTTP/1.1" 404 1089
