200.73.230.197 - - [07/Mar/2018:12:38:12 -0300] "POST /cormun/servlet/trsolicitudot?cf9c10a00448e0453c761117117eab6c,,gx-no-cache=1520437043715 HTTP/1.1" 200 4265
186.103.132.155 - - [07/Mar/2018:12:38:19 -0300] "POST /cormun/servlet/trsolicitudot?8d945a1b511a8c17cf6b368fedcb7493,gx-no-cache=1520437050715 HTTP/1.1" 200 106
186.103.132.155 - - [07/Mar/2018:12:38:19 -0300] "GET /cormun/servlet/trsolicitudadjuntos?2018,10198, HTTP/1.1" 200 6317
186.103.132.155 - - [07/Mar/2018:12:38:19 -0300] "GET /cormun/static/gxcfg.js?20177612135366 HTTP/1.1" 304 -
186.103.132.155 - - [07/Mar/2018:12:38:20 -0300] "GET /cormun/servlet/trsolicitudadjuntos?2018,10198, HTTP/1.1" 200 6318
186.103.132.155 - - [07/Mar/2018:12:38:22 -0300] "GET /cormun/servlet/trsolicitudot HTTP/1.1" 200 8839
186.103.132.155 - - [07/Mar/2018:12:38:23 -0300] "GET /cormun/servlet/trsolicitudot HTTP/1.1" 200 8832
186.103.159.189 - - [07/Mar/2018:12:38:50 -0300] "POST /cormun/servlet/solicitudot?gx-no-cache=1520437082914 HTTP/1.1" 200 41
186.103.159.188 - - [07/Mar/2018:12:38:52 -0300] "GET /cormun/servlet/hlogin HTTP/1.1" 200 1727
186.103.159.188 - - [07/Mar/2018:12:38:52 -0300] "GET /cormun/static/gxcfg.js?20175251213516 HTTP/1.1" 304 -
186.103.159.188 - - [07/Mar/2018:12:38:53 -0300] "GET /cormun/servlet/hlogin HTTP/1.1" 200 1735
190.151.100.218 - - [07/Mar/2018:12:38:56 -0300] "POST /cormun/servlet/trsolicitudot?8d945a1b511a8c17cf6b368fedcb7493,gx-no-cache=1520437088096 HTTP/1.1" 200 106
190.151.100.218 - - [07/Mar/2018:12:38:56 -0300] "GET /cormun/servlet/trsolicitudadjuntos?2018,10198, HTTP/1.1" 200 6317
190.151.100.218 - - [07/Mar/2018:12:38:57 -0300] "GET /cormun/servlet/trsolicitudadjuntos?2018,10198, HTTP/1.1" 200 6318
190.151.100.218 - - [07/Mar/2018:12:39:00 -0300] "GET /cormun/servlet/solicitudotadjuntos?INS,2018,10198,,1, HTTP/1.1" 200 6262
190.151.100.218 - - [07/Mar/2018:12:39:00 -0300] "GET /cormun/static/gxcfg.js?2017761244068 HTTP/1.1" 304 -
190.151.100.218 - - [07/Mar/2018:12:39:01 -0300] "GET /cormun/static/about:blank HTTP/1.1" 404 1011
186.103.159.188 - - [07/Mar/2018:12:39:01 -0300] "POST /cormun/servlet/hlogin?577bb166d37f250f66b9a869645bf434,gx-no-cache=1520437092546 HTTP/1.1" 200 448
200.72.197.82 - - [07/Mar/2018:12:39:01 -0300] "GET /cormun/servlet/solicitudotadjuntos?INS,2018,10198,,1, HTTP/1.1" 200 6256
190.151.100.218 - - [07/Mar/2018:12:39:01 -0300] "GET /cormun/servlet/solicitudotadjuntos?1c676af49bb83c9c6667d896c124e34f2cbd0cc37586f35e28f553900612b757f8f73965034a62c443a7419181dd4e21,gx-no-cache=1520437093232 HTTP/1.1" 200 30
190.151.100.218 - - [07/Mar/2018:12:39:01 -0300] "POST /cormun/servlet/solicitudotadjuntos?8d945a1b511a8c17cf6b368fedcb7493,INS,2018,10198,,1,,gx-no-cache=1520437093332 HTTP/1.1" 200 3981
190.151.100.218 - - [07/Mar/2018:12:39:04 -0300] "POST /cormun/servlet/solicitudotadjuntos?gx-no-cache=1520437095981 HTTP/1.1" 200 26
186.103.159.188 - - [07/Mar/2018:12:39:08 -0300] "POST /cormun/servlet/hlogin?577bb166d37f250f66b9a869645bf434,gx-no-cache=1520437100439 HTTP/1.1" 200 447
190.151.100.218 - - [07/Mar/2018:12:39:13 -0300] "GET /cormun/servlet/solicitudotadjuntos?1c676af49bb83c9c6667d896c124e34f480ae418efa4c817d2ea45e78e80904d,gx-no-cache=1520437105328 HTTP/1.1" 200 30
190.151.100.218 - - [07/Mar/2018:12:39:13 -0300] "GET /cormun/servlet/solicitudotadjuntos?1c676af49bb83c9c6667d896c124e34f480ae418efa4c817d2ea45e78e80904d,gx-no-cache=1520437105354 HTTP/1.1" 200 30
190.151.100.218 - - [07/Mar/2018:12:39:14 -0300] "POST /cormun/servlet/solicitudotadjuntos?8d945a1b511a8c17cf6b368fedcb7493,INS,2018,10198,,1, HTTP/1.1" 200 116
190.151.100.218 - - [07/Mar/2018:12:39:14 -0300] "GET /cormun/servlet/hpexe_return? HTTP/1.1" 200 1028
190.151.100.218 - - [07/Mar/2018:12:39:14 -0300] "GET /cormun/servlet/trsolicitudadjuntos?2018,10198, HTTP/1.1" 200 8754
186.103.159.188 - - [07/Mar/2018:12:39:15 -0300] "POST /cormun/servlet/hlogin?577bb166d37f250f66b9a869645bf434,gx-no-cache=1520437106808 HTTP/1.1" 200 448
190.151.100.218 - - [07/Mar/2018:12:39:15 -0300] "GET /cormun/servlet/trsolicitudadjuntos?2018,10198, HTTP/1.1" 200 8747
200.72.197.82 - - [07/Mar/2018:12:39:17 -0300] "GET /cormun/servlet/solicitudotadjuntos?INS,2018,10198,,1, HTTP/1.1" 200 6262
200.72.197.82 - - [07/Mar/2018:12:39:17 -0300] "GET /cormun/static/about:blank HTTP/1.1" 404 1011
200.72.197.82 - - [07/Mar/2018:12:39:18 -0300] "GET /cormun/servlet/solicitudotadjuntos?INS,2018,10198,,1, HTTP/1.1" 200 6256
200.72.197.82 - - [07/Mar/2018:12:39:18 -0300] "GET /cormun/servlet/solicitudotadjuntos?1c676af49bb83c9c6667d896c124e34f2cbd0cc37586f35e28f553900612b757f8f73965034a62c443a7419181dd4e21,gx-no-cache=1520437110333 HTTP/1.1" 200 30
200.72.197.82 - - [07/Mar/2018:12:39:19 -0300] "POST /cormun/servlet/solicitudotadjuntos?8d945a1b511a8c17cf6b368fedcb7493,INS,2018,10198,,1,,gx-no-cache=1520437110672 HTTP/1.1" 200 3981
200.72.197.82 - - [07/Mar/2018:12:39:25 -0300] "POST /cormun/servlet/solicitudotadjuntos?gx-no-cache=1520437117654 HTTP/1.1" 200 26
186.103.159.188 - - [07/Mar/2018:12:39:26 -0300] "POST /cormun/servlet/hlogin?577bb166d37f250f66b9a869645bf434,gx-no-cache=1520437117432 HTTP/1.1" 200 90
186.103.159.188 - - [07/Mar/2018:12:39:26 -0300] "GET /cormun/servlet/hpexe_link HTTP/1.1" 200 954
186.103.159.188 - - [07/Mar/2018:12:39:26 -0300] "GET /cormun/static/gxcfg.js?20177612121792 HTTP/1.1" 304 -
186.103.159.188 - - [07/Mar/2018:12:39:26 -0300] "GET /cormun/servlet/hhome HTTP/1.1" 200 4148
186.103.159.188 - - [07/Mar/2018:12:39:26 -0300] "GET /cormun/static/gxcfg.js?20175251212442 HTTP/1.1" 304 -
186.103.159.188 - - [07/Mar/2018:12:39:26 -0300] "GET /cormun/servlet/hhome HTTP/1.1" 200 4144
200.72.197.82 - - [07/Mar/2018:12:39:34 -0300] "POST /cormun/servlet/solicitudotadjuntos?gx-no-cache=1520437126694 HTTP/1.1" 200 26
200.72.197.82 - - [07/Mar/2018:12:39:40 -0300] "POST /cormun/servlet/solicitudotadjuntos?gx-no-cache=1520437131878 HTTP/1.1" 200 26
200.72.197.82 - - [07/Mar/2018:12:39:42 -0300] "GET /cormun/servlet/solicitudotadjuntos?1c676af49bb83c9c6667d896c124e34f480ae418efa4c817d2ea45e78e80904d,gx-no-cache=1520437133959 HTTP/1.1" 200 30
200.72.197.82 - - [07/Mar/2018:12:39:42 -0300] "GET /cormun/servlet/solicitudotadjuntos?1c676af49bb83c9c6667d896c124e34f480ae418efa4c817d2ea45e78e80904d,gx-no-cache=1520437133993 HTTP/1.1" 200 30
200.72.197.82 - - [07/Mar/2018:12:39:42 -0300] "POST /cormun/servlet/solicitudotadjuntos?8d945a1b511a8c17cf6b368fedcb7493,INS,2018,10198,,1, HTTP/1.1" 200 116
200.72.197.82 - - [07/Mar/2018:12:39:42 -0300] "GET /cormun/servlet/hpexe_return? HTTP/1.1" 200 1028
200.72.197.82 - - [07/Mar/2018:12:39:43 -0300] "GET /cormun/servlet/trsolicitudadjuntos?2018,10198, HTTP/1.1" 200 8991
200.72.197.82 - - [07/Mar/2018:12:39:43 -0300] "GET /cormun/servlet/trsolicitudadjuntos?2018,10198, HTTP/1.1" 200 8990
186.103.159.188 - - [07/Mar/2018:12:39:46 -0300] "GET /cormun/servlet/trautorizarsolicitud? HTTP/1.1" 200 7262
186.103.159.188 - - [07/Mar/2018:12:39:46 -0300] "GET /cormun/static/gxcfg.js?2017111423403364 HTTP/1.1" 200 953
186.103.159.188 - - [07/Mar/2018:12:39:46 -0300] "GET /cormun/static/trautorizarsolicitud.js?201711142340425 HTTP/1.1" 200 53910
186.103.159.188 - - [07/Mar/2018:12:39:46 -0300] "GET /cormun/servlet/trautorizarsolicitud? HTTP/1.1" 200 7261
200.72.197.82 - - [07/Mar/2018:12:39:47 -0300] "GET /cormun/servlet/solicitudotadjuntos?INS,2018,10198,,1, HTTP/1.1" 200 6263
200.72.197.82 - - [07/Mar/2018:12:39:47 -0300] "GET /cormun/static/about:blank HTTP/1.1" 404 1011
200.72.197.82 - - [07/Mar/2018:12:39:47 -0300] "GET /cormun/servlet/solicitudotadjuntos?INS,2018,10198,,1, HTTP/1.1" 200 6257
200.72.197.82 - - [07/Mar/2018:12:39:48 -0300] "GET /cormun/servlet/solicitudotadjuntos?1c676af49bb83c9c6667d896c124e34f2cbd0cc37586f35e28f553900612b757f8f73965034a62c443a7419181dd4e21,gx-no-cache=1520437139997 HTTP/1.1" 200 30
200.72.197.82 - - [07/Mar/2018:12:39:48 -0300] "POST /cormun/servlet/solicitudotadjuntos?8d945a1b511a8c17cf6b368fedcb7493,INS,2018,10198,,1,,gx-no-cache=1520437140084 HTTP/1.1" 200 3982
200.72.197.82 - - [07/Mar/2018:12:39:53 -0300] "POST /cormun/servlet/solicitudotadjuntos?gx-no-cache=1520437144727 HTTP/1.1" 200 26
200.73.230.197 - - [07/Mar/2018:12:39:53 -0300] "GET /cormun/servlet/hlogin HTTP/1.1" 200 1722
186.103.159.188 - - [07/Mar/2018:12:39:53 -0300] "GET /cormun/servlet/trsolicitudot? HTTP/1.1" 200 7361
186.103.159.188 - - [07/Mar/2018:12:39:53 -0300] "GET /cormun/static/gxcfg.js?2017111422585916 HTTP/1.1" 304 -
186.103.159.188 - - [07/Mar/2018:12:39:53 -0300] "GET /cormun/servlet/trsolicitudot? HTTP/1.1" 200 7360
200.72.197.82 - - [07/Mar/2018:12:39:58 -0300] "GET /cormun/servlet/solicitudotadjuntos?1c676af49bb83c9c6667d896c124e34f480ae418efa4c817d2ea45e78e80904d,gx-no-cache=1520437150720 HTTP/1.1" 200 30
200.72.197.82 - - [07/Mar/2018:12:39:59 -0300] "GET /cormun/servlet/solicitudotadjuntos?1c676af49bb83c9c6667d896c124e34f480ae418efa4c817d2ea45e78e80904d,gx-no-cache=1520437150741 HTTP/1.1" 200 30
200.72.197.82 - - [07/Mar/2018:12:39:59 -0300] "POST /cormun/servlet/solicitudotadjuntos?8d945a1b511a8c17cf6b368fedcb7493,INS,2018,10198,,1, HTTP/1.1" 200 116
200.72.197.82 - - [07/Mar/2018:12:39:59 -0300] "GET /cormun/servlet/hpexe_return? HTTP/1.1" 200 1028
186.103.159.188 - - [07/Mar/2018:12:39:59 -0300] "GET /cormun/static/menuarrow.gif HTTP/1.1" 404 1015
200.72.197.82 - - [07/Mar/2018:12:39:59 -0300] "GET /cormun/servlet/trsolicitudadjuntos?2018,10198, HTTP/1.1" 200 9165
200.72.197.82 - - [07/Mar/2018:12:40:00 -0300] "GET /cormun/servlet/trsolicitudadjuntos?2018,10198, HTTP/1.1" 200 9163
200.72.197.82 - - [07/Mar/2018:12:40:02 -0300] "GET /cormun/servlet/solicitudotadjuntos?INS,2018,10198,,1, HTTP/1.1" 200 6263
200.72.197.82 - - [07/Mar/2018:12:40:02 -0300] "GET /cormun/static/about:blank HTTP/1.1" 404 1011
200.72.197.82 - - [07/Mar/2018:12:40:03 -0300] "GET /cormun/servlet/solicitudotadjuntos?INS,2018,10198,,1, HTTP/1.1" 200 6257
200.72.197.82 - - [07/Mar/2018:12:40:03 -0300] "GET /cormun/servlet/solicitudotadjuntos?1c676af49bb83c9c6667d896c124e34f2cbd0cc37586f35e28f553900612b757f8f73965034a62c443a7419181dd4e21,gx-no-cache=1520437155488 HTTP/1.1" 200 30
200.72.197.82 - - [07/Mar/2018:12:40:03 -0300] "POST /cormun/servlet/solicitudotadjuntos?8d945a1b511a8c17cf6b368fedcb7493,INS,2018,10198,,1,,gx-no-cache=1520437155523 HTTP/1.1" 200 3982
200.72.197.82 - - [07/Mar/2018:12:40:06 -0300] "POST /cormun/servlet/solicitudotadjuntos?gx-no-cache=1520437158430 HTTP/1.1" 200 26
200.73.230.197 - - [07/Mar/2018:12:40:13 -0300] "GET /cormun/servlet/hlogin HTTP/1.1" 200 1716
186.103.159.189 - - [07/Mar/2018:12:40:31 -0300] "GET /cormun/servlet/solicitudot?bb5c35b64d6e64c56fb3653440e0e85b82dc4fadb646257f27f0d025d558dab8c1fb89f6e4491d0dc199dbb6068f42e25bb3e61d44439a93b33816f7d7fbaf5027b124139740bea0366b6dd33b2b70633eb450c9a9439fcb9d74e76dbd5d9373b4381af87581ed49d7b03d8ce184ed85,gx-no-cache=1520437184609 HTTP/1.1" 200 29
186.103.159.189 - - [07/Mar/2018:12:40:32 -0300] "POST /cormun/servlet/solicitudot?gx-no-cache=1520437184665 HTTP/1.1" 200 1319
186.103.159.189 - - [07/Mar/2018:12:40:32 -0300] "POST /cormun/servlet/solicitudot?gx-no-cache=1520437184732 HTTP/1.1" 200 1218
186.103.159.189 - - [07/Mar/2018:12:40:32 -0300] "GET /cormun/servlet/solicitudot?bb5c35b64d6e64c56fb3653440e0e85b1ffc4f793a8652fd1db6de284df4b210,gx-no-cache=1520437184788 HTTP/1.1" 200 30
186.103.159.189 - - [07/Mar/2018:12:40:32 -0300] "POST /cormun/servlet/solicitudot?gx-no-cache=1520437184831 HTTP/1.1" 200 30
190.161.236.41 - - [07/Mar/2018:12:40:35 -0300] "POST /cormun/servlet/trsolicitudot?577bb166d37f250f66b9a869645bf434,,gx-no-cache=1520437186384 HTTP/1.1" 200 4481
200.73.230.197 - - [07/Mar/2018:12:40:40 -0300] "POST /cormun/servlet/hlogin?6d17e505b4bbc95ee995ca907cecce12,gx-no-cache=1520437190995 HTTP/1.1" 200 90
200.73.230.197 - - [07/Mar/2018:12:40:40 -0300] "GET /cormun/servlet/hpexe_link HTTP/1.1" 200 948
200.73.230.197 - - [07/Mar/2018:12:40:40 -0300] "GET /cormun/servlet/hhome HTTP/1.1" 200 4116
200.73.230.197 - - [07/Mar/2018:12:40:42 -0300] "GET /cormun/servlet/hhome HTTP/1.1" 200 4112
200.73.230.197 - - [07/Mar/2018:12:40:42 -0300] "GET /cormun/static/SmoothNavMenu/resources/images/right.gif HTTP/1.1" 200 860
190.161.236.41 - - [07/Mar/2018:12:40:45 -0300] "POST /cormun/servlet/trsolicitudot?577bb166d37f250f66b9a869645bf434,,gx-no-cache=1520437196870 HTTP/1.1" 200 4488
190.161.236.41 - - [07/Mar/2018:12:40:47 -0300] "POST /cormun/servlet/trsolicitudot?577bb166d37f250f66b9a869645bf434,,gx-no-cache=1520437198477 HTTP/1.1" 200 4487
190.161.236.41 - - [07/Mar/2018:12:40:47 -0300] "POST /cormun/servlet/trsolicitudot?577bb166d37f250f66b9a869645bf434,,gx-no-cache=1520437198743 HTTP/1.1" 200 4487
200.73.230.197 - - [07/Mar/2018:12:40:52 -0300] "GET /cormun/servlet/trautorizarsolicitud? HTTP/1.1" 200 8551
200.73.230.197 - - [07/Mar/2018:12:40:52 -0300] "GET /cormun/static/gxcfg.js?2017111423403364 HTTP/1.1" 200 953
200.73.230.197 - - [07/Mar/2018:12:40:53 -0300] "GET /cormun/static/trautorizarsolicitud.js?201711142340425 HTTP/1.1" 200 53910
200.73.230.197 - - [07/Mar/2018:12:40:54 -0300] "GET /cormun/servlet/trautorizarsolicitud? HTTP/1.1" 200 8549
200.73.230.197 - - [07/Mar/2018:12:41:03 -0300] "POST /cormun/servlet/trautorizarsolicitud?6d17e505b4bbc95ee995ca907cecce12,,gx-no-cache=1520437214715 HTTP/1.1" 200 4579
200.73.230.197 - - [07/Mar/2018:12:41:04 -0300] "GET /cormun/static/Shared/jqueryui/images/ui-bg_highlight-soft_100_c6c2c8_1x100.png HTTP/1.1" 404 1117
200.73.230.197 - - [07/Mar/2018:12:41:04 -0300] "GET /cormun/static/Shared/jqueryui/images/ui-icons_82798d_256x240.png HTTP/1.1" 404 1089
200.73.230.197 - - [07/Mar/2018:12:41:04 -0300] "GET /cormun/static/Shared/jqueryui/images/ui-bg_flat_55_fafafa_40x100.png HTTP/1.1" 404 1097
200.73.230.197 - - [07/Mar/2018:12:41:04 -0300] "GET /cormun/static/Shared/jqueryui/images/ui-icons_8d78a5_256x240.png HTTP/1.1" 404 1089
200.73.230.197 - - [07/Mar/2018:12:41:04 -0300] "POST /cormun/servlet/trautorizarsolicitud?6d17e505b4bbc95ee995ca907cecce12,,gx-no-cache=1520437215221 HTTP/1.1" 200 4370
190.161.236.41 - - [07/Mar/2018:12:41:35 -0300] "GET /cormun/servlet/hlogin HTTP/1.1" 200 1721
186.103.159.189 - - [07/Mar/2018:12:41:36 -0300] "POST /cormun/servlet/solicitudot?539330028845b861c19d8bcac9ad9479,INS,0,0,,gx-no-cache=1520437248811 HTTP/1.1" 200 12236
186.103.159.189 - - [07/Mar/2018:12:41:41 -0300] "GET /cormun/static/menuarrow.gif HTTP/1.1" 404 1015
200.111.122.170 - - [07/Mar/2018:12:41:43 -0300] "GET /cormun/servlet/solicitudotadjuntos?1c676af49bb83c9c6667d896c124e34f480ae418efa4c817d2ea45e78e80904d,gx-no-cache=1520437254936 HTTP/1.1" 200 30
200.111.122.170 - - [07/Mar/2018:12:41:43 -0300] "GET /cormun/servlet/solicitudotadjuntos?1c676af49bb83c9c6667d896c124e34f480ae418efa4c817d2ea45e78e80904d,gx-no-cache=1520437255039 HTTP/1.1" 200 30
200.111.122.170 - - [07/Mar/2018:12:41:43 -0300] "POST /cormun/servlet/solicitudotadjuntos?8d945a1b511a8c17cf6b368fedcb7493,INS,2018,10198,,1, HTTP/1.1" 200 116
200.111.122.170 - - [07/Mar/2018:12:41:43 -0300] "GET /cormun/servlet/hpexe_return? HTTP/1.1" 200 1028
200.111.122.170 - - [07/Mar/2018:12:41:44 -0300] "GET /cormun/servlet/trsolicitudadjuntos?2018,10198, HTTP/1.1" 200 9397
190.161.236.41 - - [07/Mar/2018:12:41:44 -0300] "POST /cormun/servlet/hlogin?55613a3de05fbace5839954aa507762d,gx-no-cache=1520437255939 HTTP/1.1" 200 90
190.161.236.41 - - [07/Mar/2018:12:41:44 -0300] "GET /cormun/servlet/hpexe_link HTTP/1.1" 200 947
190.161.236.41 - - [07/Mar/2018:12:41:44 -0300] "GET /cormun/servlet/hhome HTTP/1.1" 200 4138
200.111.122.170 - - [07/Mar/2018:12:41:44 -0300] "GET /cormun/servlet/trsolicitudadjuntos?2018,10198, HTTP/1.1" 200 9396
190.161.236.41 - - [07/Mar/2018:12:41:45 -0300] "GET /cormun/servlet/hhome HTTP/1.1" 200 4135
186.103.159.189 - - [07/Mar/2018:12:41:48 -0300] "GET /cormun/servlet/solicitudot?bb5c35b64d6e64c56fb3653440e0e85b42baac0a37b6dba66993ef44c7a534a0be01950ee14fa3a62eddcfac931ce6b2,gx-no-cache=1520437261077 HTTP/1.1" 200 30
200.111.122.170 - - [07/Mar/2018:12:41:50 -0300] "GET /cormun/servlet/solicitudotadjuntos?INS,2018,10198,,1, HTTP/1.1" 200 6263
200.111.122.170 - - [07/Mar/2018:12:41:50 -0300] "GET /cormun/static/about:blank HTTP/1.1" 404 1011
200.111.122.170 - - [07/Mar/2018:12:41:50 -0300] "GET /cormun/servlet/solicitudotadjuntos?INS,2018,10198,,1, HTTP/1.1" 200 6257
200.111.122.170 - - [07/Mar/2018:12:41:51 -0300] "GET /cormun/servlet/solicitudotadjuntos?1c676af49bb83c9c6667d896c124e34f2cbd0cc37586f35e28f553900612b757f8f73965034a62c443a7419181dd4e21,gx-no-cache=1520437262789 HTTP/1.1" 200 30
200.111.122.170 - - [07/Mar/2018:12:41:51 -0300] "POST /cormun/servlet/solicitudotadjuntos?8d945a1b511a8c17cf6b368fedcb7493,INS,2018,10198,,1,,gx-no-cache=1520437262845 HTTP/1.1" 200 3982
200.111.122.170 - - [07/Mar/2018:12:41:56 -0300] "POST /cormun/servlet/solicitudotadjuntos?gx-no-cache=1520437267847 HTTP/1.1" 200 26
190.161.236.41 - - [07/Mar/2018:12:41:57 -0300] "GET /cormun/servlet/trsolicitudot? HTTP/1.1" 200 7359
190.161.236.41 - - [07/Mar/2018:12:41:58 -0300] "GET /cormun/servlet/trsolicitudot? HTTP/1.1" 200 7359
186.103.159.204 - - [07/Mar/2018:12:42:02 -0300] "GET /cormun/servlet/solicitudot?79f33ecff9a6ff560c29f650d034fba815ca477efa34bdacd75fca70a8cafaa55ab29baadf226aa44715f69d11035825dc4fc174692e414f4eeb8addc5b40af9ec4f23107d48b16cc33fb38d43e6c190b54dc988eee2597be54b01479bb7bc8a1704449778027b13908223cfeb231ab081b72c4fe5fa644adb229bb6f49582b71fcb652c5bbb70fec510ebf2bcd08a79cf9ee709448715ced7ca02f659f399a3,gx-no-cache=1520437273445 HTTP/1.1" 200 29
186.103.159.204 - - [07/Mar/2018:12:42:02 -0300] "POST /cormun/servlet/solicitudot?gx-no-cache=1520437274200 HTTP/1.1" 200 1318
186.103.159.204 - - [07/Mar/2018:12:42:02 -0300] "POST /cormun/servlet/solicitudot?gx-no-cache=1520437274277 HTTP/1.1" 200 1219
186.103.159.204 - - [07/Mar/2018:12:42:02 -0300] "GET /cormun/static/menuarrow.gif HTTP/1.1" 404 1015
200.111.122.170 - - [07/Mar/2018:12:42:03 -0300] "GET /cormun/servlet/solicitudotadjuntos?1c676af49bb83c9c6667d896c124e34f480ae418efa4c817d2ea45e78e80904d,gx-no-cache=1520437274839 HTTP/1.1" 200 30
200.111.122.170 - - [07/Mar/2018:12:42:03 -0300] "GET /cormun/servlet/solicitudotadjuntos?1c676af49bb83c9c6667d896c124e34f480ae418efa4c817d2ea45e78e80904d,gx-no-cache=1520437274877 HTTP/1.1" 200 30
200.111.122.170 - - [07/Mar/2018:12:42:03 -0300] "POST /cormun/servlet/solicitudotadjuntos?8d945a1b511a8c17cf6b368fedcb7493,INS,2018,10198,,1, HTTP/1.1" 200 116
200.111.122.170 - - [07/Mar/2018:12:42:03 -0300] "GET /cormun/servlet/hpexe_return? HTTP/1.1" 200 1028
200.111.122.170 - - [07/Mar/2018:12:42:04 -0300] "GET /cormun/servlet/trsolicitudadjuntos?2018,10198, HTTP/1.1" 200 9596
186.103.159.204 - - [07/Mar/2018:12:42:04 -0300] "POST /cormun/servlet/solicitudot?gx-no-cache=1520437276867 HTTP/1.1" 200 1318
186.103.159.204 - - [07/Mar/2018:12:42:04 -0300] "POST /cormun/servlet/solicitudot?gx-no-cache=1520437276943 HTTP/1.1" 200 1219
200.111.122.170 - - [07/Mar/2018:12:42:05 -0300] "GET /cormun/servlet/trsolicitudadjuntos?2018,10198, HTTP/1.1" 200 9595
186.103.159.204 - - [07/Mar/2018:12:42:06 -0300] "GET /cormun/servlet/solicitudot?79f33ecff9a6ff560c29f650d034fba87452aeb573f117f236d3e0a39cd3b2f205d5674da37be8e2021b8bba347df6f1,gx-no-cache=1520437278365 HTTP/1.1" 200 30
200.111.122.170 - - [07/Mar/2018:12:42:06 -0300] "GET /cormun/servlet/solicitudotadjuntos?INS,2018,10198,,1, HTTP/1.1" 200 6263
200.111.122.170 - - [07/Mar/2018:12:42:07 -0300] "GET /cormun/static/about:blank HTTP/1.1" 404 1011
200.111.122.170 - - [07/Mar/2018:12:42:07 -0300] "GET /cormun/servlet/solicitudotadjuntos?INS,2018,10198,,1, HTTP/1.1" 200 6257
200.72.197.82 - - [07/Mar/2018:12:42:07 -0300] "GET /cormun/servlet/solicitudotadjuntos?1c676af49bb83c9c6667d896c124e34f2cbd0cc37586f35e28f553900612b757f8f73965034a62c443a7419181dd4e21,gx-no-cache=1520437279413 HTTP/1.1" 200 30
200.72.197.82 - - [07/Mar/2018:12:42:08 -0300] "POST /cormun/servlet/solicitudotadjuntos?8d945a1b511a8c17cf6b368fedcb7493,INS,2018,10198,,1,,gx-no-cache=1520437279457 HTTP/1.1" 200 3982
186.103.159.189 - - [07/Mar/2018:12:42:09 -0300] "GET /cormun/servlet/prlicenciaspermisos?18952078,L,,MD,,gxPopupLevel%3D0%3B HTTP/1.1" 200 5574
200.72.197.82 - - [07/Mar/2018:12:42:10 -0300] "POST /cormun/servlet/solicitudotadjuntos?gx-no-cache=1520437281854 HTTP/1.1" 200 26
190.161.236.41 - - [07/Mar/2018:12:42:15 -0300] "GET /cormun/servlet/solicitudot?INS,0,0, HTTP/1.1" 200 13593
190.161.236.41 - - [07/Mar/2018:12:42:15 -0300] "GET /cormun/static/gxcfg.js?201812313224582 HTTP/1.1" 304 -
190.161.236.41 - - [07/Mar/2018:12:42:16 -0300] "GET /cormun/servlet/solicitudot?INS,0,0, HTTP/1.1" 200 13598
200.72.197.82 - - [07/Mar/2018:12:42:18 -0300] "GET /cormun/servlet/solicitudotadjuntos?1c676af49bb83c9c6667d896c124e34f480ae418efa4c817d2ea45e78e80904d,gx-no-cache=1520437289799 HTTP/1.1" 200 30
200.72.197.82 - - [07/Mar/2018:12:42:18 -0300] "GET /cormun/servlet/solicitudotadjuntos?1c676af49bb83c9c6667d896c124e34f480ae418efa4c817d2ea45e78e80904d,gx-no-cache=1520437289827 HTTP/1.1" 200 30
200.72.197.82 - - [07/Mar/2018:12:42:18 -0300] "POST /cormun/servlet/solicitudotadjuntos?8d945a1b511a8c17cf6b368fedcb7493,INS,2018,10198,,1, HTTP/1.1" 200 116
200.72.197.82 - - [07/Mar/2018:12:42:18 -0300] "GET /cormun/servlet/hpexe_return? HTTP/1.1" 200 1028
200.72.197.82 - - [07/Mar/2018:12:42:19 -0300] "GET /cormun/servlet/trsolicitudadjuntos?2018,10198, HTTP/1.1" 200 9872
200.72.197.82 - - [07/Mar/2018:12:42:19 -0300] "GET /cormun/servlet/trsolicitudadjuntos?2018,10198, HTTP/1.1" 200 9872
186.103.161.206 - - [07/Mar/2018:12:42:27 -0300] "GET /cormun/servlet/trautorizarsolicitud? HTTP/1.1" 200 7335
186.103.159.204 - - [07/Mar/2018:12:42:27 -0300] "POST /cormun/servlet/solicitudot?gx-no-cache=1520437299715 HTTP/1.1" 200 30
186.103.161.206 - - [07/Mar/2018:12:42:27 -0300] "GET /cormun/servlet/trautorizarsolicitud? HTTP/1.1" 200 7322
186.103.161.206 - - [07/Mar/2018:12:42:30 -0300] "GET /cormun/static/menuarrow.gif HTTP/1.1" 404 1015
186.103.159.189 - - [07/Mar/2018:12:42:46 -0300] "POST /cormun/servlet/solicitudot?gx-no-cache=1520437319355 HTTP/1.1" 200 1319
186.103.159.189 - - [07/Mar/2018:12:42:46 -0300] "POST /cormun/servlet/solicitudot?gx-no-cache=1520437319445 HTTP/1.1" 200 1215
186.103.159.189 - - [07/Mar/2018:12:42:46 -0300] "POST /cormun/servlet/solicitudot?gx-no-cache=1520437319500 HTTP/1.1" 200 120
186.103.159.189 - - [07/Mar/2018:12:42:53 -0300] "GET /cormun/servlet/prlicenciaspermisos?18952078,L,,MD,,gxPopupLevel%3D0%3B HTTP/1.1" 200 5574
186.103.159.189 - - [07/Mar/2018:12:43:02 -0300] "POST /cormun/servlet/solicitudot?gx-no-cache=1520437335618 HTTP/1.1" 200 41
186.103.159.189 - - [07/Mar/2018:12:43:03 -0300] "POST /cormun/servlet/solicitudot?gx-no-cache=1520437335673 HTTP/1.1" 200 1319
186.103.159.189 - - [07/Mar/2018:12:43:03 -0300] "POST /cormun/servlet/solicitudot?gx-no-cache=1520437335742 HTTP/1.1" 200 1215
186.67.203.186 - - [07/Mar/2018:12:43:11 -0300] "POST /cormun/servlet/trautorizarsolicitud?8d945a1b511a8c17cf6b368fedcb7493,,gx-no-cache=1520437342603 HTTP/1.1" 200 5785
186.103.159.189 - - [07/Mar/2018:12:43:12 -0300] "POST /cormun/servlet/solicitudot?gx-no-cache=1520437345282 HTTP/1.1" 200 1319
186.103.159.189 - - [07/Mar/2018:12:43:12 -0300] "POST /cormun/servlet/solicitudot?gx-no-cache=1520437345355 HTTP/1.1" 200 1215
186.103.159.204 - - [07/Mar/2018:12:43:18 -0300] "POST /cormun/servlet/solicitudot?c835bf6559495b048bee3e6f7a787401,INS,0,0,,gx-no-cache=1520437350705 HTTP/1.1" 200 93
186.103.159.204 - - [07/Mar/2018:12:43:18 -0300] "GET /cormun/servlet/hpexe_return? HTTP/1.1" 200 1009
186.103.159.204 - - [07/Mar/2018:12:43:19 -0300] "GET /cormun/servlet/trsolicitudot? HTTP/1.1" 200 7105
186.103.159.204 - - [07/Mar/2018:12:43:44 -0300] "POST /cormun/servlet/trsolicitudot?c835bf6559495b048bee3e6f7a787401,,gx-no-cache=1520437376604 HTTP/1.1" 200 4311
186.103.159.204 - - [07/Mar/2018:12:43:47 -0300] "POST /cormun/servlet/trsolicitudot?c835bf6559495b048bee3e6f7a787401,,gx-no-cache=1520437379547 HTTP/1.1" 200 4311
190.161.236.41 - - [07/Mar/2018:12:43:53 -0300] "POST /cormun/servlet/solicitudot?gx-no-cache=1520437384520 HTTP/1.1" 200 3388
190.161.236.41 - - [07/Mar/2018:12:43:53 -0300] "POST /cormun/servlet/solicitudot?55613a3de05fbace5839954aa507762d,INS,0,0,,gx-no-cache=1520437384848 HTTP/1.1" 200 10559
190.161.236.41 - - [07/Mar/2018:12:44:13 -0300] "GET /cormun/servlet/solicitudot?597753c55ff7d78298fb8a8568d17c9073ddd85bc7341aaeb88cb075a97612d4fd2023a2f3717d2bf1f8cde3faf80f39,gx-no-cache=1520437404811 HTTP/1.1" 200 30
190.161.236.41 - - [07/Mar/2018:12:44:13 -0300] "GET /cormun/servlet/solicitudot?597753c55ff7d78298fb8a8568d17c90408078531e32421286c224cdcdf411fa68dc8a629372c1bc917c89889a64855e,gx-no-cache=1520437404878 HTTP/1.1" 200 103
190.161.236.41 - - [07/Mar/2018:12:44:13 -0300] "GET /cormun/static/Shared/jqueryui/images/ui-bg_highlight-soft_100_c6c2c8_1x100.png HTTP/1.1" 404 1117
186.103.159.188 - - [07/Mar/2018:12:44:13 -0300] "GET /cormun/static/Shared/jqueryui/images/ui-icons_82798d_256x240.png HTTP/1.1" 404 1089
190.161.236.41 - - [07/Mar/2018:12:44:13 -0300] "GET /cormun/static/Shared/jqueryui/images/ui-bg_flat_55_994d53_40x100.png HTTP/1.1" 404 1097
190.161.236.41 - - [07/Mar/2018:12:44:13 -0300] "GET /cormun/servlet/solicitudot?597753c55ff7d78298fb8a8568d17c90ddb6d2023776981b6ddc585b5dfc1746,gx-no-cache=1520437404954 HTTP/1.1" 200 60
190.161.236.41 - - [07/Mar/2018:12:44:13 -0300] "POST /cormun/servlet/solicitudot?gx-no-cache=1520437404998 HTTP/1.1" 200 297
190.161.236.41 - - [07/Mar/2018:12:44:13 -0300] "GET /cormun/static/Shared/jqueryui/images/ui-icons_ebccce_256x240.png HTTP/1.1" 404 1089
190.161.236.41 - - [07/Mar/2018:12:44:13 -0300] "GET /cormun/servlet/solicitudot?597753c55ff7d78298fb8a8568d17c90196d431bb344c39de2e17babad5216a726d193e6719ae245fab6d56eb98c6e43ace8a0de8ab3a50a32a7e78105df328fb77bc166f0baf28886b7ebf22c9b00400b09bc9d1603ed56d559fd614076bfbb5e67790061c73a062c238318d5695ba1cd580cc41cbd7cd35df8734c8183b9320a26e6fb12e4643608e25d74ff9a9c61523b507d6fb3e5c734a4c03ce3d5f2e6dec206899ce1e964d504ba455efc81d7d69f4b1b177cb519912c9fd33848cf74a53287917d7fa1fbaf2c4eeab8956757bb62d5d8f58a1bc333c71be97de21f0514bde6fac2e3ec538249b201a097e4c90f364077f940876795f56877b88191025d935c8c8aa22067252b0185b019b988dd4e5eb9163b7fbd9068bb97362e9004bc9f105a7085185f3eb12172d72157f169e5d7b81579b0d41a2bc574b44dfdca5abd31fe2f35b0aa7278bf3966beb9cfd14eaad0d7fbb0335d90b02590d2023cd507dcfede44eeb81227127c87011e57ea1746444239c3543ff4ccb3081c960a7582784add1d4807b0693881d490bb81,gx-no-cache=1520437405058 HTTP/1.1" 200 30
186.103.159.189 - - [07/Mar/2018:12:44:23 -0300] "POST /cormun/servlet/solicitudot?gx-no-cache=1520437416292 HTTP/1.1" 200 120
186.103.159.189 - - [07/Mar/2018:12:44:23 -0300] "POST /cormun/servlet/solicitudot?539330028845b861c19d8bcac9ad9479,INS,0,0,,gx-no-cache=1520437416415 HTTP/1.1" 200 12020
186.103.159.204 - - [07/Mar/2018:12:44:33 -0300] "GET /cormun/servlet/hlogin HTTP/1.1" 200 1740
186.103.159.204 - - [07/Mar/2018:12:44:52 -0300] "POST /cormun/servlet/hlogin?c835bf6559495b048bee3e6f7a787401,gx-no-cache=1520437444602 HTTP/1.1" 200 456
186.103.159.189 - - [07/Mar/2018:12:44:57 -0300] "POST /cormun/servlet/solicitudot?gx-no-cache=1520437450223 HTTP/1.1" 200 34
186.103.159.204 - - [07/Mar/2018:12:45:01 -0300] "POST /cormun/servlet/hlogin?c835bf6559495b048bee3e6f7a787401,gx-no-cache=1520437453862 HTTP/1.1" 200 90
186.103.159.204 - - [07/Mar/2018:12:45:01 -0300] "GET /cormun/servlet/hpexe_link HTTP/1.1" 200 960
186.103.159.204 - - [07/Mar/2018:12:45:02 -0300] "GET /cormun/servlet/trsolicitudot? HTTP/1.1" 200 7104
200.111.122.170 - - [07/Mar/2018:12:45:03 -0300] "POST /cormun/servlet/trautorizarsolicitud?8d945a1b511a8c17cf6b368fedcb7493,,gx-no-cache=1520437454612 HTTP/1.1" 200 5799
200.111.122.170 - - [07/Mar/2018:12:45:03 -0300] "GET /cormun/static/Shared/jqueryui/images/ui-bg_highlight-soft_100_c6c2c8_1x100.png HTTP/1.1" 404 1117
200.111.122.170 - - [07/Mar/2018:12:45:03 -0300] "GET /cormun/static/Shared/jqueryui/images/ui-icons_8d78a5_256x240.png HTTP/1.1" 404 1089
190.151.100.218 - - [07/Mar/2018:12:45:03 -0300] "GET /cormun/static/Shared/jqueryui/images/ui-bg_flat_55_fafafa_40x100.png HTTP/1.1" 404 1097
200.111.122.170 - - [07/Mar/2018:12:45:03 -0300] "GET /cormun/static/Shared/jqueryui/images/ui-icons_82798d_256x240.png HTTP/1.1" 404 1089
200.111.122.170 - - [07/Mar/2018:12:45:16 -0300] "POST /cormun/servlet/trautorizarsolicitud?8d945a1b511a8c17cf6b368fedcb7493,,gx-no-cache=1520437468009 HTTP/1.1" 200 4409
186.103.159.204 - - [07/Mar/2018:12:45:16 -0300] "GET /cormun/servlet/hlogin HTTP/1.1" 200 1740
200.111.122.170 - - [07/Mar/2018:12:45:25 -0300] "POST /cormun/servlet/trautorizarsolicitud?8d945a1b511a8c17cf6b368fedcb7493,,gx-no-cache=1520437477505 HTTP/1.1" 200 5786
186.103.159.204 - - [07/Mar/2018:12:45:42 -0300] "GET /cormun/servlet/trcontratosolicitud? HTTP/1.1" 200 11724
186.103.159.204 - - [07/Mar/2018:12:45:43 -0300] "GET /cormun/servlet/trcontratosolicitud? HTTP/1.1" 200 11727
186.103.159.188 - - [07/Mar/2018:12:45:44 -0300] "GET /cormun/servlet/solicitudot?597753c55ff7d78298fb8a8568d17c9008b0df174c6048d196be38dc08d660177d40c49310118c71c5f1496e55cc2cb8,gx-no-cache=1520437496307 HTTP/1.1" 200 30
186.103.159.188 - - [07/Mar/2018:12:45:44 -0300] "POST /cormun/servlet/solicitudot?gx-no-cache=1520437496419 HTTP/1.1" 200 297
186.103.159.188 - - [07/Mar/2018:12:45:45 -0300] "GET /cormun/servlet/solicitudot?597753c55ff7d78298fb8a8568d17c90196d431bb344c39de2e17babad5216a726d193e6719ae245fab6d56eb98c6e43ace8a0de8ab3a50a32a7e78105df328fb77bc166f0baf28886b7ebf22c9b00400b09bc9d1603ed56d559fd614076bfbb5e67790061c73a062c238318d5695ba1cd580cc41cbd7cd35df8734c8183b9320a26e6fb12e4643608e25d74ff9a9c61523b507d6fb3e5c734a4c03ce3d5f2e6dec206899ce1e964d504ba455efc81d7d69f4b1b177cb519912c9fd33848cf74a53287917d7fa1fbaf2c4eeab8956757bb62d5d8f58a1bc333c71be97de21f0514bde6fac2e3ec538249b201a097e4c90f364077f940876795f56877b88191025d935c8c8aa22067252b0185b019b988dd4e5eb9163b7fbd9068bb97362e9004bc9f105a7085185f3eb12172d72157f169e5d7b81579b0d41a2bc574b44dfdca5abd31fe2f35b0aa7278bf3966beb9cfd14eaad0d7fbb0335d90b02590d2023cd507dcfede44eeb81227127c87011e57abb448ca1e74481383d3c74b06ecd9e77582784add1d4807b0693881d490bb81,gx-no-cache=1520437496508 HTTP/1.1" 200 30
186.103.159.188 - - [07/Mar/2018:12:45:45 -0300] "POST /cormun/servlet/solicitudot?gx-no-cache=1520437496566 HTTP/1.1" 200 30
186.103.159.188 - - [07/Mar/2018:12:45:45 -0300] "POST /cormun/servlet/solicitudot?gx-no-cache=1520437497054 HTTP/1.1" 200 1337
186.103.159.188 - - [07/Mar/2018:12:45:45 -0300] "POST /cormun/servlet/solicitudot?gx-no-cache=1520437497179 HTTP/1.1" 200 38
186.103.159.204 - - [07/Mar/2018:12:45:48 -0300] "GET /cormun/servlet/trautorizarsolicitud? HTTP/1.1" 200 7150
186.103.159.204 - - [07/Mar/2018:12:45:48 -0300] "GET /cormun/servlet/trautorizarsolicitud? HTTP/1.1" 200 7149
186.103.159.204 - - [07/Mar/2018:12:45:51 -0300] "POST /cormun/servlet/trautorizarsolicitud?6f3e90df06f8f438ccba612c58980c90,,gx-no-cache=1520437503244 HTTP/1.1" 200 4408
186.103.159.204 - - [07/Mar/2018:12:45:52 -0300] "POST /cormun/servlet/trautorizarsolicitud?6f3e90df06f8f438ccba612c58980c90,,gx-no-cache=1520437504437 HTTP/1.1" 200 4408
186.103.159.204 - - [07/Mar/2018:12:45:53 -0300] "POST /cormun/servlet/trautorizarsolicitud?6f3e90df06f8f438ccba612c58980c90,,gx-no-cache=1520437505113 HTTP/1.1" 200 4408
200.72.197.82 - - [07/Mar/2018:12:45:58 -0300] "POST /cormun/servlet/trautorizarsolicitud?8d945a1b511a8c17cf6b368fedcb7493,,gx-no-cache=1520437510001 HTTP/1.1" 200 5796
186.103.159.188 - - [07/Mar/2018:12:46:00 -0300] "GET /cormun/servlet/solicitudot?597753c55ff7d78298fb8a8568d17c90ae8fb0dd8800fc1a746ca53b6c61fd5e2ef4eb6da2fd3f69a8a924ea97911f59dec1a64b548bb17be06ba4f8bdee640abfa73e0e8d8a56e4c32181c65a527d7d2f5c95822e53dbbd27068b95abb677e04911d306faadd138c70490115e77b861,gx-no-cache=1520437512136 HTTP/1.1" 200 29
186.103.159.188 - - [07/Mar/2018:12:46:00 -0300] "POST /cormun/servlet/solicitudot?gx-no-cache=1520437512168 HTTP/1.1" 200 1319
186.103.159.188 - - [07/Mar/2018:12:46:00 -0300] "POST /cormun/servlet/solicitudot?gx-no-cache=1520437512207 HTTP/1.1" 200 1218
186.103.159.188 - - [07/Mar/2018:12:46:00 -0300] "GET /cormun/static/menuarrow.gif HTTP/1.1" 404 1015
186.103.159.188 - - [07/Mar/2018:12:46:02 -0300] "POST /cormun/servlet/solicitudot?gx-no-cache=1520437514232 HTTP/1.1" 200 1319
186.103.159.188 - - [07/Mar/2018:12:46:02 -0300] "POST /cormun/servlet/solicitudot?gx-no-cache=1520437514291 HTTP/1.1" 200 1218
200.72.197.82 - - [07/Mar/2018:12:46:03 -0300] "POST /cormun/servlet/trautorizarsolicitud?8d945a1b511a8c17cf6b368fedcb7493,,gx-no-cache=1520437515613 HTTP/1.1" 200 5785
186.103.159.188 - - [07/Mar/2018:12:46:05 -0300] "GET /cormun/servlet/solicitudot?597753c55ff7d78298fb8a8568d17c90fd5f2f7835fd4e19c98aa735361a95f489e9b34815cdadf2fab86ffa15bc8df1,gx-no-cache=1520437516902 HTTP/1.1" 200 30
200.72.197.82 - - [07/Mar/2018:12:46:11 -0300] "POST /cormun/servlet/trautorizarsolicitud?8d945a1b511a8c17cf6b368fedcb7493,,gx-no-cache=1520437522869 HTTP/1.1" 200 4410
200.72.197.82 - - [07/Mar/2018:12:46:15 -0300] "POST /cormun/servlet/trautorizarsolicitud?8d945a1b511a8c17cf6b368fedcb7493,,gx-no-cache=1520437527510 HTTP/1.1" 200 5786
186.103.159.188 - - [07/Mar/2018:12:46:17 -0300] "POST /cormun/servlet/solicitudot?gx-no-cache=1520437528480 HTTP/1.1" 200 30
186.103.159.188 - - [07/Mar/2018:12:46:17 -0300] "POST /cormun/servlet/solicitudot?55613a3de05fbace5839954aa507762d,INS,0,0,,gx-no-cache=1520437528535 HTTP/1.1" 200 11978
186.103.159.204 - - [07/Mar/2018:12:46:17 -0300] "GET /cormun/servlet/hlogin HTTP/1.1" 200 1719
186.103.159.204 - - [07/Mar/2018:12:46:17 -0300] "GET /cormun/static/Resources/Spanish/PXTools.css?11423723 HTTP/1.1" 304 -
186.103.159.204 - - [07/Mar/2018:12:46:17 -0300] "GET /cormun/static/gxtimezone.js?85251 HTTP/1.1" 304 -
186.103.159.204 - - [07/Mar/2018:12:46:17 -0300] "GET /cormun/static/gxcfg.js?20175251213516 HTTP/1.1" 304 -
186.103.159.204 - - [07/Mar/2018:12:46:17 -0300] "GET /cormun/static/gxgral.js?85251 HTTP/1.1" 304 -
186.103.159.204 - - [07/Mar/2018:12:46:17 -0300] "GET /cormun/static/messages.spa.js?85251 HTTP/1.1" 304 -
186.103.159.204 - - [07/Mar/2018:12:46:17 -0300] "GET /cormun/static/hlogin.js?20175251213537 HTTP/1.1" 304 -
186.103.159.204 - - [07/Mar/2018:12:46:17 -0300] "GET /cormun/static/Resources/ComunLogin.png HTTP/1.1" 200 17326
186.103.159.204 - - [07/Mar/2018:12:46:17 -0300] "GET /cormun/static/Resources/indicator.gif HTTP/1.1" 200 1553
186.103.159.204 - - [07/Mar/2018:12:46:17 -0300] "GET /cormun/static/Resources/PXToolsLoginBackground.png HTTP/1.1" 200 1164
186.103.159.204 - - [07/Mar/2018:12:46:17 -0300] "GET /cormun/static/Resources/PXToolsButtonLeft21.png HTTP/1.1" 200 1287
186.103.159.204 - - [07/Mar/2018:12:46:17 -0300] "GET /cormun/static/Resources/PXToolsButtonRight21.png HTTP/1.1" 200 1283
186.103.159.204 - - [07/Mar/2018:12:46:17 -0300] "GET /cormun/static/Resources/PXToolsLoginTop.png HTTP/1.1" 200 1337
186.103.159.204 - - [07/Mar/2018:12:46:17 -0300] "GET /cormun/static/Resources/PXToolsButtonBackground2.png HTTP/1.1" 200 1181
186.103.159.204 - - [07/Mar/2018:12:46:17 -0300] "GET /cormun/static/Resources/PXToolsLoginBottom.png HTTP/1.1" 200 1389
186.103.159.188 - - [07/Mar/2018:12:46:24 -0300] "POST /cormun/servlet/solicitudot?55613a3de05fbace5839954aa507762d,INS,0,0,,gx-no-cache=1520437536153 HTTP/1.1" 200 12034
200.72.197.82 - - [07/Mar/2018:12:46:28 -0300] "GET /cormun/servlet/trsolicitudadjuntos?2018,10198, HTTP/1.1" 200 9873
186.103.159.204 - - [07/Mar/2018:12:46:28 -0300] "GET /cormun/servlet/trautorizarsolicitud? HTTP/1.1" 200 7149
186.103.159.204 - - [07/Mar/2018:12:46:29 -0300] "GET /cormun/servlet/trautorizarsolicitud? HTTP/1.1" 200 7149
186.103.159.204 - - [07/Mar/2018:12:46:29 -0300] "POST /cormun/servlet/hlogin?ee84d2a17230a69c040608543a570d83,gx-no-cache=1520437541454 HTTP/1.1" 200 90
186.103.159.204 - - [07/Mar/2018:12:46:29 -0300] "GET /cormun/servlet/hpexe_link HTTP/1.1" 200 951
186.103.159.204 - - [07/Mar/2018:12:46:29 -0300] "GET /cormun/servlet/hhome HTTP/1.1" 200 3850
186.103.159.204 - - [07/Mar/2018:12:46:29 -0300] "GET /cormun/static/gxcfg.js?20175251212442 HTTP/1.1" 200 953
186.103.159.204 - - [07/Mar/2018:12:46:29 -0300] "GET /cormun/static/Resources/logo4.png HTTP/1.1" 200 6582
186.103.159.204 - - [07/Mar/2018:12:46:29 -0300] "GET /cormun/static/Resources/PXToolsHeaderActionsLeft.png HTTP/1.1" 200 1118
186.103.159.204 - - [07/Mar/2018:12:46:29 -0300] "GET /cormun/static/Resources/PXToolsHeaderHome.png HTTP/1.1" 200 4147
186.103.159.204 - - [07/Mar/2018:12:46:29 -0300] "GET /cormun/static/Resources/PXToolsHeaderLogin.png HTTP/1.1" 200 4279
186.103.159.204 - - [07/Mar/2018:12:46:29 -0300] "GET /cormun/static/Resources/PXToolsHeaderPreferences.png HTTP/1.1" 200 4189
186.103.159.204 - - [07/Mar/2018:12:46:29 -0300] "GET /cormun/static/Resources/PXToolsHeaderSecurity.png HTTP/1.1" 200 4166
200.72.197.82 - - [07/Mar/2018:12:46:29 -0300] "GET /cormun/servlet/trsolicitudadjuntos?2018,10198, HTTP/1.1" 200 9871
186.103.159.204 - - [07/Mar/2018:12:46:29 -0300] "GET /cormun/static/hhome.js?20175251212450 HTTP/1.1" 200 777
186.103.159.204 - - [07/Mar/2018:12:46:29 -0300] "GET /cormun/static/Resources/PXToolsHeaderActionsRight.png HTTP/1.1" 200 1201
186.103.159.204 - - [07/Mar/2018:12:46:29 -0300] "GET /cormun/static/Resources/PXToolsDataTitle.png HTTP/1.1" 200 1173
186.103.159.204 - - [07/Mar/2018:12:46:29 -0300] "GET /cormun/static/Resources/PXToolsHeaderActionsBackground.png HTTP/1.1" 200 484
186.103.159.204 - - [07/Mar/2018:12:46:29 -0300] "GET /cormun/static/Resources/PXToolsFooterBackground2.png HTTP/1.1" 200 1172
186.103.159.204 - - [07/Mar/2018:12:46:29 -0300] "GET /cormun/static/Resources/PXToolsHeaderBackground2.png HTTP/1.1" 200 1174
186.103.159.204 - - [07/Mar/2018:12:46:30 -0300] "GET /cormun/static/SmoothNavMenu/resources/images/down.gif HTTP/1.1" 200 854
200.72.197.82 - - [07/Mar/2018:12:46:32 -0300] "GET /cormun/servlet/trvisualizadoreventos? HTTP/1.1" 200 6994
200.72.197.82 - - [07/Mar/2018:12:46:33 -0300] "GET /cormun/servlet/trvisualizadoreventos? HTTP/1.1" 200 6981
186.103.159.204 - - [07/Mar/2018:12:46:35 -0300] "POST /cormun/servlet/trautorizarsolicitud?6f3e90df06f8f438ccba612c58980c90,,gx-no-cache=1520437547350 HTTP/1.1" 200 4403
200.72.197.82 - - [07/Mar/2018:12:46:37 -0300] "GET /cormun/servlet/trvisualizadoreventos? HTTP/1.1" 200 6981
200.72.197.82 - - [07/Mar/2018:12:46:38 -0300] "GET /cormun/servlet/trvisualizadoreventos? HTTP/1.1" 200 6981
186.103.159.204 - - [07/Mar/2018:12:46:38 -0300] "GET /cormun/servlet/trsolicitudot? HTTP/1.1" 200 8451
186.103.159.204 - - [07/Mar/2018:12:46:38 -0300] "GET /cormun/static/Resources/PXTools/calendar.png HTTP/1.1" 200 1306
186.103.159.204 - - [07/Mar/2018:12:46:38 -0300] "GET /cormun/static/Resources/PXToolsDataSearch.png HTTP/1.1" 200 419
186.103.159.204 - - [07/Mar/2018:12:46:38 -0300] "GET /cormun/static/Resources/PXToolsGridFirstDisabled.gif HTTP/1.1" 200 100
186.103.159.204 - - [07/Mar/2018:12:46:38 -0300] "GET /cormun/static/Resources/PXToolsGridPreviousDisabled.gif HTTP/1.1" 200 90
186.103.159.204 - - [07/Mar/2018:12:46:38 -0300] "GET /cormun/static/Resources/PXToolsGridNextDisabled.gif HTTP/1.1" 200 90
186.103.159.204 - - [07/Mar/2018:12:46:38 -0300] "GET /cormun/static/Resources/PXToolsGridLastDisabled.gif HTTP/1.1" 200 98
186.103.159.204 - - [07/Mar/2018:12:46:38 -0300] "GET /cormun/static/Resources/PXToolsGridPage.gif HTTP/1.1" 200 725
186.103.159.204 - - [07/Mar/2018:12:46:38 -0300] "GET /cormun/static/Resources/PXToolsActionExcel.png HTTP/1.1" 200 3187
186.103.159.204 - - [07/Mar/2018:12:46:38 -0300] "GET /cormun/static/Resources/PXToolsGridNew.png HTTP/1.1" 200 2949
186.103.159.204 - - [07/Mar/2018:12:46:38 -0300] "POST /cormun/servlet/trautorizarsolicitud?6f3e90df06f8f438ccba612c58980c90,,gx-no-cache=1520437549929 HTTP/1.1" 200 4402
186.103.159.204 - - [07/Mar/2018:12:46:38 -0300] "GET /cormun/static/Resources/asc.gif HTTP/1.1" 200 67
186.103.159.204 - - [07/Mar/2018:12:46:38 -0300] "GET /cormun/static/Resources/desc.gif HTTP/1.1" 200 65
186.103.159.204 - - [07/Mar/2018:12:46:38 -0300] "GET /cormun//static/Resources/PXToolsGridUpdate.png HTTP/1.1" 200 2984
186.103.159.204 - - [07/Mar/2018:12:46:38 -0300] "GET /cormun//static/Resources/PXToolsGridDelete.png HTTP/1.1" 200 357
186.103.159.204 - - [07/Mar/2018:12:46:38 -0300] "GET /cormun//static/Resources/PXToolsActionView.png HTTP/1.1" 200 2995
186.103.159.204 - - [07/Mar/2018:12:46:38 -0300] "GET /cormun//static/Resources/PXTools/ActionInsert.png HTTP/1.1" 200 1482
186.103.159.204 - - [07/Mar/2018:12:46:38 -0300] "GET /cormun//static/Resources/PXToolsRemoveAllAction.png HTTP/1.1" 200 3558
186.103.159.204 - - [07/Mar/2018:12:46:39 -0300] "GET /cormun/static/Shared/ext/resources/themes/images/default/panel/bg-headersPanel.png HTTP/1.1" 200 255
186.103.159.204 - - [07/Mar/2018:12:46:39 -0300] "GET /cormun/static/Shared/ext/resources/themes/images/default/tools/tool-sprites.gif HTTP/1.1" 200 5434
200.72.197.82 - - [07/Mar/2018:12:46:40 -0300] "GET /cormun/servlet/trautorizarsolicitud? HTTP/1.1" 200 8720
200.72.197.82 - - [07/Mar/2018:12:46:41 -0300] "GET /cormun/servlet/trautorizarsolicitud? HTTP/1.1" 200 8719
200.72.197.82 - - [07/Mar/2018:12:46:44 -0300] "POST /cormun/servlet/trautorizarsolicitud?8d945a1b511a8c17cf6b368fedcb7493,,gx-no-cache=1520437556563 HTTP/1.1" 200 5793
200.72.197.82 - - [07/Mar/2018:12:46:45 -0300] "GET /cormun/static/Shared/jqueryui/images/ui-bg_highlight-soft_100_c6c2c8_1x100.png HTTP/1.1" 404 1117
200.111.122.170 - - [07/Mar/2018:12:46:45 -0300] "GET /cormun/static/Shared/jqueryui/images/ui-icons_82798d_256x240.png HTTP/1.1" 404 1089
186.67.203.186 - - [07/Mar/2018:12:46:45 -0300] "GET /cormun/static/Shared/jqueryui/images/ui-bg_flat_55_fafafa_40x100.png HTTP/1.1" 404 1097
186.67.203.186 - - [07/Mar/2018:12:46:45 -0300] "GET /cormun/static/Shared/jqueryui/images/ui-icons_8d78a5_256x240.png HTTP/1.1" 404 1089
186.67.203.186 - - [07/Mar/2018:12:46:46 -0300] "POST /cormun/servlet/trautorizarsolicitud?8d945a1b511a8c17cf6b368fedcb7493,,gx-no-cache=1520437558024 HTTP/1.1" 200 5793
190.161.236.41 - - [07/Mar/2018:12:46:48 -0300] "GET /cormun/servlet/solicitudot?597753c55ff7d78298fb8a8568d17c9008b0df174c6048d196be38dc08d660177d40c49310118c71c5f1496e55cc2cb8,gx-no-cache=1520437560168 HTTP/1.1" 200 30
190.161.236.41 - - [07/Mar/2018:12:46:48 -0300] "POST /cormun/servlet/solicitudot?gx-no-cache=1520437560309 HTTP/1.1" 200 297
190.161.236.41 - - [07/Mar/2018:12:46:48 -0300] "GET /cormun/servlet/solicitudot?597753c55ff7d78298fb8a8568d17c90196d431bb344c39de2e17babad5216a726d193e6719ae245fab6d56eb98c6e43ace8a0de8ab3a50a32a7e78105df328fb77bc166f0baf28886b7ebf22c9b00400b09bc9d1603ed56d559fd614076bfbb5e67790061c73a062c238318d5695ba1cd580cc41cbd7cd35df8734c8183b9320a26e6fb12e4643608e25d74ff9a9c61523b507d6fb3e5c734a4c03ce3d5f2e6dec206899ce1e964d504ba455efc81d7d69f4b1b177cb519912c9fd33848cf74a53287917d7fa1fbaf2c4eeab8956757bb62d5d8f58a1bc333c71be97de21f0514bde6fac2e3ec538249b201a097e4c90f364077f940876795f56877b88191025d935c8c8aa22067252b0185b019b988dd4e5eb9163b7fbd9068bb97362e9004bc9f105a7085185f3eb12172d72157f169e5d7b81579b0d41a2bc574b44dfdca5abd31fe2f35b0aa7278bf3966beb9cfd14eaad0d7fbb0335d90b02590d2023cd507dcfede44eeb81227127c87011e57abb448ca1e74481383d3c74b06ecd9e77582784add1d4807b0693881d490bb81,gx-no-cache=1520437560380 HTTP/1.1" 200 30
190.161.236.41 - - [07/Mar/2018:12:46:48 -0300] "POST /cormun/servlet/solicitudot?gx-no-cache=1520437560434 HTTP/1.1" 200 30
190.161.236.41 - - [07/Mar/2018:12:46:49 -0300] "POST /cormun/servlet/solicitudot?gx-no-cache=1520437560502 HTTP/1.1" 200 1337
190.161.236.41 - - [07/Mar/2018:12:46:49 -0300] "POST /cormun/servlet/solicitudot?gx-no-cache=1520437560673 HTTP/1.1" 200 41
190.161.236.41 - - [07/Mar/2018:12:46:49 -0300] "POST /cormun/servlet/solicitudot?gx-no-cache=1520437560732 HTTP/1.1" 200 1319
190.161.236.41 - - [07/Mar/2018:12:46:49 -0300] "POST /cormun/servlet/solicitudot?gx-no-cache=1520437560807 HTTP/1.1" 200 1218
190.161.236.41 - - [07/Mar/2018:12:46:49 -0300] "GET /cormun/servlet/solicitudot?597753c55ff7d78298fb8a8568d17c90fd5f2f7835fd4e19c98aa735361a95f489e9b34815cdadf2fab86ffa15bc8df1,gx-no-cache=1520437560885 HTTP/1.1" 200 30
190.161.236.41 - - [07/Mar/2018:12:46:49 -0300] "POST /cormun/servlet/solicitudot?gx-no-cache=1520437561188 HTTP/1.1" 200 30
190.161.236.41 - - [07/Mar/2018:12:46:49 -0300] "POST /cormun/servlet/solicitudot?55613a3de05fbace5839954aa507762d,INS,0,0,,gx-no-cache=1520437561250 HTTP/1.1" 200 12079
186.103.159.204 - - [07/Mar/2018:12:46:52 -0300] "POST /cormun/servlet/trsolicitudot?ee84d2a17230a69c040608543a570d83,,gx-no-cache=1520437564856 HTTP/1.1" 200 4489
186.103.159.204 - - [07/Mar/2018:12:46:53 -0300] "POST /cormun/servlet/trsolicitudot?ee84d2a17230a69c040608543a570d83,,gx-no-cache=1520437565093 HTTP/1.1" 200 4257
186.103.159.204 - - [07/Mar/2018:12:46:53 -0300] "GET /cormun/static/Shared/jqueryui/images/ui-bg_highlight-soft_100_c6c2c8_1x100.png HTTP/1.1" 404 1117
186.103.159.204 - - [07/Mar/2018:12:46:53 -0300] "GET /cormun/static/Shared/jqueryui/images/ui-icons_82798d_256x240.png HTTP/1.1" 404 1089
186.103.159.204 - - [07/Mar/2018:12:46:53 -0300] "GET /cormun/static/Shared/jqueryui/images/ui-icons_8d78a5_256x240.png HTTP/1.1" 404 1089
186.103.159.204 - - [07/Mar/2018:12:46:53 -0300] "GET /cormun/static/Shared/jqueryui/images/ui-bg_flat_55_fafafa_40x100.png HTTP/1.1" 404 1097
186.67.203.186 - - [07/Mar/2018:12:46:54 -0300] "GET /cormun/servlet/treventos?2018,10198, HTTP/1.1" 200 6275
186.67.203.186 - - [07/Mar/2018:12:46:54 -0300] "GET /cormun/static/gxcfg.js?2016101716195975 HTTP/1.1" 304 -
186.67.203.186 - - [07/Mar/2018:12:46:54 -0300] "GET /cormun/servlet/treventos?2018,10198, HTTP/1.1" 200 6275
186.67.203.186 - - [07/Mar/2018:12:46:57 -0300] "GET /cormun/servlet/trautorizarsolicitud? HTTP/1.1" 200 8720
186.67.203.186 - - [07/Mar/2018:12:46:57 -0300] "GET /cormun/servlet/trautorizarsolicitud? HTTP/1.1" 200 8719
186.103.159.204 - - [07/Mar/2018:12:47:20 -0300] "POST /cormun/servlet/trsolicitudot?ee84d2a17230a69c040608543a570d83,,gx-no-cache=1520437592373 HTTP/1.1" 200 5671
186.103.159.204 - - [07/Mar/2018:12:47:37 -0300] "GET /cormun/servlet/trsolicitudot? HTTP/1.1" 200 8449
186.103.159.204 - - [07/Mar/2018:12:48:05 -0300] "POST /cormun/servlet/trautorizarsolicitud?6f3e90df06f8f438ccba612c58980c90,,gx-no-cache=1520437637324 HTTP/1.1" 200 4404
186.103.159.204 - - [07/Mar/2018:12:48:07 -0300] "POST /cormun/servlet/trautorizarsolicitud?6f3e90df06f8f438ccba612c58980c90,,gx-no-cache=1520437638917 HTTP/1.1" 200 4403
186.103.159.204 - - [07/Mar/2018:12:48:08 -0300] "POST /cormun/servlet/trautorizarsolicitud?6f3e90df06f8f438ccba612c58980c90,,gx-no-cache=1520437640216 HTTP/1.1" 200 4403
186.103.159.204 - - [07/Mar/2018:12:48:12 -0300] "GET /cormun/servlet/trautorizarsolicitud? HTTP/1.1" 200 7149
186.103.159.204 - - [07/Mar/2018:12:48:13 -0300] "GET /cormun/servlet/trautorizarsolicitud? HTTP/1.1" 200 7149
186.103.159.204 - - [07/Mar/2018:12:48:15 -0300] "POST /cormun/servlet/trautorizarsolicitud?6f3e90df06f8f438ccba612c58980c90,,gx-no-cache=1520437647078 HTTP/1.1" 200 4403
186.103.159.204 - - [07/Mar/2018:12:48:16 -0300] "POST /cormun/servlet/trautorizarsolicitud?6f3e90df06f8f438ccba612c58980c90,,gx-no-cache=1520437648333 HTTP/1.1" 200 4403
186.103.159.204 - - [07/Mar/2018:12:48:27 -0300] "GET /cormun/servlet/trsolicitudot? HTTP/1.1" 200 7240
186.103.159.204 - - [07/Mar/2018:12:48:28 -0300] "GET /cormun/servlet/trsolicitudot? HTTP/1.1" 200 7239
186.103.159.204 - - [07/Mar/2018:12:48:34 -0300] "POST /cormun/servlet/trsolicitudot?ee84d2a17230a69c040608543a570d83,,gx-no-cache=1520437666390 HTTP/1.1" 200 4299
186.103.159.204 - - [07/Mar/2018:12:48:39 -0300] "GET /cormun/servlet/solicitudot?INS,0,0, HTTP/1.1" 200 13314
186.103.159.204 - - [07/Mar/2018:12:48:39 -0300] "GET /cormun/static/Resources/prompt.gif HTTP/1.1" 200 902
186.103.159.188 - - [07/Mar/2018:12:48:54 -0300] "POST /cormun/servlet/solicitudot?55613a3de05fbace5839954aa507762d,INS,0,0,,gx-no-cache=1520437685314 HTTP/1.1" 200 93
186.103.159.188 - - [07/Mar/2018:12:48:54 -0300] "GET /cormun/servlet/hpexe_return? HTTP/1.1" 200 1005
186.103.159.188 - - [07/Mar/2018:12:48:54 -0300] "GET /cormun/static/gxcfg.js?2016101716175148 HTTP/1.1" 304 -
186.103.159.188 - - [07/Mar/2018:12:48:54 -0300] "GET /cormun/servlet/trsolicitudot HTTP/1.1" 200 8739
186.103.159.188 - - [07/Mar/2018:12:48:55 -0300] "GET /cormun/servlet/trsolicitudot HTTP/1.1" 200 8735
186.103.159.204 - - [07/Mar/2018:12:48:58 -0300] "POST /cormun/servlet/solicitudot?gx-no-cache=1520437690726 HTTP/1.1" 200 3406
186.103.159.204 - - [07/Mar/2018:12:48:59 -0300] "POST /cormun/servlet/solicitudot?ee84d2a17230a69c040608543a570d83,INS,0,0,,gx-no-cache=1520437691146 HTTP/1.1" 200 10378
186.103.159.204 - - [07/Mar/2018:12:49:07 -0300] "GET /cormun/servlet/solicitudot?ce6b339d106a1a7a11f6d963abb4048e61365e62df5fe35d4c892d7ddec07d031d113ad9eee5bbd09f4de65591b00cc2,gx-no-cache=1520437699762 HTTP/1.1" 200 30
186.103.159.204 - - [07/Mar/2018:12:49:07 -0300] "GET /cormun/servlet/solicitudot?ce6b339d106a1a7a11f6d963abb4048e97cac145a6d674b0a1394174272bc10dca29271e476b8a842aea58e7979905791d113ad9eee5bbd09f4de65591b00cc2,gx-no-cache=1520437699841 HTTP/1.1" 200 30
186.103.159.204 - - [07/Mar/2018:12:49:07 -0300] "GET /cormun/servlet/solicitudot?ce6b339d106a1a7a11f6d963abb4048e10aae28ac3d8db4f78cd92dca21efd1a,gx-no-cache=1520437699868 HTTP/1.1" 200 53
186.103.159.204 - - [07/Mar/2018:12:49:07 -0300] "POST /cormun/servlet/solicitudot?gx-no-cache=1520437699907 HTTP/1.1" 200 255
