192.168.10.62 - - [07/Mar/2018:13:59:00 -0300] "GET /cormun/servlet/solicitudotlog?085850b877f8995a2ba5c3e77c7f0b5ca4c9c3f79c17d37ad24a9ece05e5e9a04624a1a82370333cd9f00bccb4f9f51707a867f3081cbcb6c3466ad1098c2ed331527fd77efe671e324589e65b9cd9ee8b9d3597f13bd86be7e253e8b420bb9bbd9f82f4c47ff27379e103ec36650383bc214caa3ad756bd4f768ec36f1f36b71a199bfc7d42289988eb863776b093fa7d2558ed211cec7a0e45e13136026509,gx-no-cache=1520441779725 HTTP/1.1" 200 94
192.168.10.62 - - [07/Mar/2018:13:59:16 -0300] "POST /cormun/servlet/solicitudotlog?c01264ac7744cc45cb50f70ea297cc3d,INS,2018,8963,0,REC,,gx-no-cache=1520441795322 HTTP/1.1" 200 93
192.168.10.62 - - [07/Mar/2018:13:59:16 -0300] "GET /cormun/servlet/hpexe_return? HTTP/1.1" 200 1025
192.168.10.62 - - [07/Mar/2018:13:59:16 -0300] "GET /cormun/servlet/vesolicitudgral?2018,8963,, HTTP/1.1" 200 8470
192.168.10.62 - - [07/Mar/2018:13:59:16 -0300] "GET /cormun/pexe_scrolldiv.js HTTP/1.1" 404 1009
192.168.10.62 - - [07/Mar/2018:13:59:16 -0300] "GET /cormun/pexe_scrolldiv.js HTTP/1.1" 404 1009
192.168.10.62 - - [07/Mar/2018:13:59:17 -0300] "GET /cormun/servlet/vesolicitudgral?2018,8963,, HTTP/1.1" 200 8465
200.112.3.25 - - [07/Mar/2018:13:59:19 -0300] "GET /cormun/servlet/solicitudot?8ef21d2725bbc5a92cc57b60ab04ecf6416302bdc5a22d5abd325ce725a33a2e2bd60b64c8f4b2e6ca2c0ab6836fbacbecc1f36f18bacbdb5e33c13ae6ae140c5b343c239f1612d2ab0d2bfc103e68cebe58cec365cc3db62f409898bf5d36deef315968594060e246df3bd1b8f17ca9fde4dba1fd88d2a2705f875bc45865eea79a3e3154ed03d3d2655ecda24648d8669f8bc1f39e260f5742a8665fa4cd6d,gx-no-cache=1520441910255 HTTP/1.1" 200 29
200.112.3.25 - - [07/Mar/2018:13:59:19 -0300] "POST /cormun/servlet/solicitudot?gx-no-cache=1520441910383 HTTP/1.1" 200 1321
200.112.3.25 - - [07/Mar/2018:13:59:19 -0300] "POST /cormun/servlet/solicitudot?gx-no-cache=1520441910581 HTTP/1.1" 200 1218
200.112.3.25 - - [07/Mar/2018:13:59:19 -0300] "GET /cormun/static/menuarrow.gif HTTP/1.1" 404 1015
200.112.3.25 - - [07/Mar/2018:13:59:21 -0300] "POST /cormun/servlet/solicitudot?gx-no-cache=1520441912466 HTTP/1.1" 200 1321
200.112.3.25 - - [07/Mar/2018:13:59:21 -0300] "POST /cormun/servlet/solicitudot?gx-no-cache=1520441912667 HTTP/1.1" 200 1218
186.103.156.24 - - [07/Mar/2018:13:59:23 -0300] "GET /cormun/servlet/trlicencias? HTTP/1.1" 200 9094
186.103.156.24 - - [07/Mar/2018:13:59:24 -0300] "GET /cormun/servlet/trlicencias? HTTP/1.1" 200 9094
200.112.3.25 - - [07/Mar/2018:13:59:24 -0300] "GET /cormun/servlet/solicitudot?8ef21d2725bbc5a92cc57b60ab04ecf6a51fd708be1894bd3b4f95666b786cf82938bdc62e6aa93540b03155101fa553,gx-no-cache=1520441915531 HTTP/1.1" 200 30
186.103.156.24 - - [07/Mar/2018:13:59:26 -0300] "GET /cormun/servlet/licenciaspermisos?INS,0,,, HTTP/1.1" 200 7757
186.103.156.24 - - [07/Mar/2018:13:59:26 -0300] "GET /cormun/static/gxcfg.js?201762917281167 HTTP/1.1" 200 953
186.103.156.24 - - [07/Mar/2018:13:59:26 -0300] "GET /cormun/static/licenciaspermisos.js?201762917281260 HTTP/1.1" 200 37491
186.103.156.24 - - [07/Mar/2018:13:59:26 -0300] "GET /cormun/static/Resources/prompt.gif HTTP/1.1" 200 902
186.103.156.24 - - [07/Mar/2018:13:59:26 -0300] "GET /cormun/servlet/licenciaspermisos?INS,0,,, HTTP/1.1" 200 7765
200.112.3.25 - - [07/Mar/2018:13:59:40 -0300] "POST /cormun/servlet/solicitudot?gx-no-cache=1520441930892 HTTP/1.1" 200 30
186.103.156.24 - - [07/Mar/2018:13:59:42 -0300] "GET /cormun/servlet/licenciaspermisos?f685a4c22953372ecc8042b91f578c692ae4c5114cf3555c2f4631679fa84e9dfab6fb02e1ebb8d01adf095be8614a68,gx-no-cache=1520441933533 HTTP/1.1" 200 96
186.103.156.24 - - [07/Mar/2018:13:59:42 -0300] "POST /cormun/servlet/licenciaspermisos?fb094c215274b81a2027af2db7f013f0,INS,0,,,,gx-no-cache=1520441933570 HTTP/1.1" 200 4887
186.103.159.204 - - [07/Mar/2018:13:59:43 -0300] "POST /cormun/servlet/trsolicitudot?7e72b57633783f79c9f6b506489092a3,,gx-no-cache=1520441934792 HTTP/1.1" 200 4277
200.112.3.25 - - [07/Mar/2018:14:00:16 -0300] "POST /cormun/servlet/solicitudot?b3de6ebd948b20f9ff497a6c8aaaa9dd,UPD,2018,8516,,gx-no-cache=1520441966056 HTTP/1.1" 200 93
200.112.3.25 - - [07/Mar/2018:14:00:16 -0300] "GET /cormun/servlet/hpexe_return? HTTP/1.1" 200 1009
200.112.3.25 - - [07/Mar/2018:14:00:16 -0300] "GET /cormun/servlet/trsolicitudot? HTTP/1.1" 200 9990
200.112.3.25 - - [07/Mar/2018:14:00:17 -0300] "GET /cormun/servlet/trsolicitudot? HTTP/1.1" 200 9986
186.103.156.24 - - [07/Mar/2018:14:00:20 -0300] "GET /cormun/static/menuarrow.gif HTTP/1.1" 404 1015
200.112.3.25 - - [07/Mar/2018:14:00:25 -0300] "POST /cormun/servlet/trsolicitudot?b3de6ebd948b20f9ff497a6c8aaaa9dd,,gx-no-cache=1520441976006 HTTP/1.1" 200 6746
200.112.3.25 - - [07/Mar/2018:14:00:26 -0300] "POST /cormun/servlet/trsolicitudot?b3de6ebd948b20f9ff497a6c8aaaa9dd,,gx-no-cache=1520441976737 HTTP/1.1" 200 6726
200.112.3.25 - - [07/Mar/2018:14:00:45 -0300] "POST /cormun/servlet/trsolicitudot?b3de6ebd948b20f9ff497a6c8aaaa9dd,,gx-no-cache=1520441996457 HTTP/1.1" 200 6304
200.112.3.25 - - [07/Mar/2018:14:00:46 -0300] "POST /cormun/servlet/trsolicitudot?b3de6ebd948b20f9ff497a6c8aaaa9dd,,gx-no-cache=1520441997078 HTTP/1.1" 200 6283
200.112.3.25 - - [07/Mar/2018:14:00:52 -0300] "POST /cormun/servlet/trsolicitudot?b3de6ebd948b20f9ff497a6c8aaaa9dd,,gx-no-cache=1520442002934 HTTP/1.1" 200 5900
200.112.3.25 - - [07/Mar/2018:14:00:52 -0300] "GET /cormun/static/Shared/jqueryui/images/ui-bg_highlight-soft_100_c6c2c8_1x100.png HTTP/1.1" 404 1117
200.112.3.25 - - [07/Mar/2018:14:00:52 -0300] "GET /cormun/static/Shared/jqueryui/images/ui-icons_82798d_256x240.png HTTP/1.1" 404 1089
200.112.3.25 - - [07/Mar/2018:14:00:52 -0300] "GET /cormun/static/Shared/jqueryui/images/ui-bg_flat_55_fafafa_40x100.png HTTP/1.1" 404 1097
200.112.3.25 - - [07/Mar/2018:14:00:52 -0300] "GET /cormun/static/Shared/jqueryui/images/ui-icons_8d78a5_256x240.png HTTP/1.1" 404 1089
200.112.3.25 - - [07/Mar/2018:14:00:53 -0300] "POST /cormun/servlet/trsolicitudot?b3de6ebd948b20f9ff497a6c8aaaa9dd,,gx-no-cache=1520442003537 HTTP/1.1" 200 5844
200.112.3.25 - - [07/Mar/2018:14:01:14 -0300] "GET /cormun/servlet/vesolicitudot?2018,9860,, HTTP/1.1" 200 8614
200.112.3.25 - - [07/Mar/2018:14:01:14 -0300] "GET /cormun/static/gxcfg.js?2017111422591385 HTTP/1.1" 200 953
200.112.3.25 - - [07/Mar/2018:14:01:14 -0300] "GET /cormun/pexe_scrolldiv.js HTTP/1.1" 404 1009
200.112.3.25 - - [07/Mar/2018:14:01:14 -0300] "GET /cormun/static/vesolicitudot.js?2017111422591449 HTTP/1.1" 200 6091
200.112.3.25 - - [07/Mar/2018:14:01:14 -0300] "GET /cormun/static/Resources/PXToolsTabNext.gif HTTP/1.1" 200 168
200.112.3.25 - - [07/Mar/2018:14:01:14 -0300] "GET /cormun/static/Resources/PXToolsTabPrevious.gif HTTP/1.1" 200 172
200.112.3.25 - - [07/Mar/2018:14:01:14 -0300] "GET /cormun/static/hwcviewtabs.js?20177611594913 HTTP/1.1" 200 1074
200.112.3.25 - - [07/Mar/2018:14:01:14 -0300] "GET /cormun/static/hpexe_tabsview.js?201610171694228 HTTP/1.1" 200 1661
200.112.3.25 - - [07/Mar/2018:14:01:14 -0300] "GET /cormun/static/Resources/PXToolsTabFirstSelected.png HTTP/1.1" 200 1259
200.112.3.25 - - [07/Mar/2018:14:01:14 -0300] "GET /cormun/static/tbsolicitudot01.js?2017111422581186 HTTP/1.1" 200 30566
200.112.3.25 - - [07/Mar/2018:14:01:14 -0300] "GET /cormun/static/Resources/PXToolsTabLastUnselected.png HTTP/1.1" 200 1291
200.112.3.25 - - [07/Mar/2018:14:01:14 -0300] "GET /cormun/static/calendar-system.css HTTP/1.1" 200 5572
200.112.3.25 - - [07/Mar/2018:14:01:14 -0300] "GET /cormun/static/Resources/PXToolsTabBackSelected.png HTTP/1.1" 200 1157
200.112.3.25 - - [07/Mar/2018:14:01:14 -0300] "GET /cormun/static/Resources/PXToolsTabBackUnselected.png HTTP/1.1" 200 1175
200.112.3.25 - - [07/Mar/2018:14:01:14 -0300] "GET /cormun/static/Resources/PXToolsTabSelectedUnselected.png HTTP/1.1" 200 1428
200.112.3.25 - - [07/Mar/2018:14:01:14 -0300] "GET /cormun/static/Resources/PXToolsTabUnselectedUnselected.png HTTP/1.1" 200 1459
200.112.3.25 - - [07/Mar/2018:14:01:15 -0300] "GET /cormun/servlet/vesolicitudot?2018,9860,, HTTP/1.1" 200 8614
200.112.3.25 - - [07/Mar/2018:14:01:27 -0300] "POST /cormun/servlet/vesolicitudot?b3de6ebd948b20f9ff497a6c8aaaa9dd,2018,9860,,,gx-no-cache=1520442038560 HTTP/1.1" 200 93
200.112.3.25 - - [07/Mar/2018:14:01:28 -0300] "GET /cormun/servlet/hpexe_return? HTTP/1.1" 200 1008
200.112.3.25 - - [07/Mar/2018:14:01:28 -0300] "GET /cormun/servlet/trsolicitudot? HTTP/1.1" 200 8802
200.112.3.25 - - [07/Mar/2018:14:01:28 -0300] "GET /cormun/servlet/trsolicitudot? HTTP/1.1" 200 8799
200.112.3.25 - - [07/Mar/2018:14:01:49 -0300] "POST /cormun/servlet/trsolicitudot?b3de6ebd948b20f9ff497a6c8aaaa9dd,,gx-no-cache=1520442060287 HTTP/1.1" 200 5856
200.112.3.25 - - [07/Mar/2018:14:01:58 -0300] "POST /cormun/servlet/trsolicitudot?b3de6ebd948b20f9ff497a6c8aaaa9dd,,gx-no-cache=1520442068641 HTTP/1.1" 200 5834
186.103.159.204 - - [07/Mar/2018:14:02:00 -0300] "GET /cormun/servlet/hlogin HTTP/1.1" 200 1736
200.112.3.25 - - [07/Mar/2018:14:02:10 -0300] "POST /cormun/servlet/trsolicitudot?b3de6ebd948b20f9ff497a6c8aaaa9dd,,gx-no-cache=1520442081385 HTTP/1.1" 200 5867
200.112.3.25 - - [07/Mar/2018:14:02:44 -0300] "POST /cormun/servlet/trsolicitudot?b3de6ebd948b20f9ff497a6c8aaaa9dd,,gx-no-cache=1520442114916 HTTP/1.1" 200 4660
200.112.3.25 - - [07/Mar/2018:14:02:45 -0300] "POST /cormun/servlet/trsolicitudot?b3de6ebd948b20f9ff497a6c8aaaa9dd,,gx-no-cache=1520442115707 HTTP/1.1" 200 4454
186.103.159.189 - - [07/Mar/2018:14:02:59 -0300] "POST /cormun/servlet/hlogin?e83710abbfb9402bf99f285b2e0a02f0,gx-no-cache=1520442131803 HTTP/1.1" 200 90
186.103.159.189 - - [07/Mar/2018:14:02:59 -0300] "GET /cormun/servlet/hpexe_link HTTP/1.1" 200 972
186.103.159.189 - - [07/Mar/2018:14:02:59 -0300] "GET /cormun/servlet/trsolicitudot?gx-no-cache=1520434658926 HTTP/1.1" 200 8825
186.103.159.189 - - [07/Mar/2018:14:03:01 -0300] "GET /cormun/servlet/trsolicitudot?gx-no-cache=1520434658926 HTTP/1.1" 200 8844
186.103.156.24 - - [07/Mar/2018:14:03:11 -0300] "GET /cormun/servlet/licenciaspermisos?f685a4c22953372ecc8042b91f578c6913b42762f3a71b628620ed777331e1a5de8f79c404e689c5ec5474c0f7f5d63d62ead31de51c2a2b54e11d214208ccc633638d784bb93c1513c44243809b8676ff6a0f85f930f1c9f0196e83dfba645cd6dc8bb2a0dacafbc34c3723b00f4afa3c42fb6e89085a253c169c1adc079673e925c34fdbfc588c6009b0a0fbc37866be8b581373bfe47863e4289173356e8ff3eebf6402ad931b3609b97215c6700e,gx-no-cache=1520442142618 HTTP/1.1" 200 30
186.103.156.24 - - [07/Mar/2018:14:03:11 -0300] "POST /cormun/servlet/licenciaspermisos?fb094c215274b81a2027af2db7f013f0,INS,0,,,,gx-no-cache=1520442142647 HTTP/1.1" 200 4957
186.103.159.204 - - [07/Mar/2018:14:03:19 -0300] "GET /cormun/servlet/hlogin HTTP/1.1" 200 1713
186.103.159.204 - - [07/Mar/2018:14:03:38 -0300] "POST /cormun/servlet/hlogin?6f3e90df06f8f438ccba612c58980c90,gx-no-cache=1520442169612 HTTP/1.1" 200 90
186.103.159.204 - - [07/Mar/2018:14:03:38 -0300] "GET /cormun/servlet/hpexe_link HTTP/1.1" 200 955
186.103.159.204 - - [07/Mar/2018:14:03:38 -0300] "GET /cormun/servlet/trautorizarsolicitud HTTP/1.1" 200 7160
186.103.159.204 - - [07/Mar/2018:14:03:38 -0300] "GET /cormun/servlet/trautorizarsolicitud HTTP/1.1" 200 7159
186.103.159.204 - - [07/Mar/2018:14:03:39 -0300] "GET /cormun/servlet/hlogin HTTP/1.1" 200 1714
186.103.159.204 - - [07/Mar/2018:14:03:50 -0300] "POST /cormun/servlet/hlogin?410c2f08867af11d726ed62e60e525a1,gx-no-cache=1520442182122 HTTP/1.1" 200 90
186.103.159.204 - - [07/Mar/2018:14:03:50 -0300] "GET /cormun/servlet/hpexe_link HTTP/1.1" 200 944
186.103.159.204 - - [07/Mar/2018:14:03:50 -0300] "GET /cormun/static/hpexe_link.js?20177612121795 HTTP/1.1" 304 -
186.103.159.204 - - [07/Mar/2018:14:03:50 -0300] "GET /cormun/servlet/hhome HTTP/1.1" 200 3845
186.103.159.204 - - [07/Mar/2018:14:03:51 -0300] "GET /cormun/servlet/hhome HTTP/1.1" 200 3842
186.103.159.204 - - [07/Mar/2018:14:03:52 -0300] "POST /cormun/servlet/trautorizarsolicitud?6f3e90df06f8f438ccba612c58980c90,gx-no-cache=1520442183634 HTTP/1.1" 200 4399
186.103.159.204 - - [07/Mar/2018:14:03:53 -0300] "POST /cormun/servlet/trautorizarsolicitud?6f3e90df06f8f438ccba612c58980c90,gx-no-cache=1520442184864 HTTP/1.1" 200 4399
186.103.159.204 - - [07/Mar/2018:14:03:54 -0300] "POST /cormun/servlet/trautorizarsolicitud?6f3e90df06f8f438ccba612c58980c90,gx-no-cache=1520442185340 HTTP/1.1" 200 4399
186.103.159.204 - - [07/Mar/2018:14:04:04 -0300] "GET /cormun/servlet/trsolicitudot? HTTP/1.1" 200 7052
186.103.159.204 - - [07/Mar/2018:14:04:04 -0300] "GET /cormun/servlet/trsolicitudot? HTTP/1.1" 200 7051
186.103.159.204 - - [07/Mar/2018:14:04:10 -0300] "GET /cormun/servlet/trautorizarsolicitud? HTTP/1.1" 200 7159
186.103.159.204 - - [07/Mar/2018:14:04:10 -0300] "GET /cormun/servlet/trautorizarsolicitud? HTTP/1.1" 200 7159
186.103.159.204 - - [07/Mar/2018:14:04:14 -0300] "POST /cormun/servlet/trautorizarsolicitud?6f3e90df06f8f438ccba612c58980c90,,gx-no-cache=1520442205713 HTTP/1.1" 200 4400
186.103.159.204 - - [07/Mar/2018:14:04:15 -0300] "POST /cormun/servlet/trautorizarsolicitud?6f3e90df06f8f438ccba612c58980c90,,gx-no-cache=1520442206978 HTTP/1.1" 200 4400
186.103.159.204 - - [07/Mar/2018:14:04:16 -0300] "POST /cormun/servlet/trautorizarsolicitud?6f3e90df06f8f438ccba612c58980c90,,gx-no-cache=1520442207794 HTTP/1.1" 200 4400
186.103.159.204 - - [07/Mar/2018:14:04:19 -0300] "POST /cormun/servlet/trautorizarsolicitud?6f3e90df06f8f438ccba612c58980c90,,gx-no-cache=1520442210973 HTTP/1.1" 200 110
186.103.159.204 - - [07/Mar/2018:14:04:19 -0300] "POST /cormun/servlet/trautorizarsolicitud?6f3e90df06f8f438ccba612c58980c90,,gx-no-cache=1520442211113 HTTP/1.1" 200 4380
186.103.159.204 - - [07/Mar/2018:14:04:19 -0300] "GET /cormun/AutorizarSolicitud-5067.xls HTTP/1.1" 200 4608
186.103.159.204 - - [07/Mar/2018:14:04:29 -0300] "GET /cormun/servlet/trsolicitudot? HTTP/1.1" 200 7051
186.103.159.204 - - [07/Mar/2018:14:04:29 -0300] "GET /cormun/servlet/trsolicitudot? HTTP/1.1" 200 7051
186.103.159.204 - - [07/Mar/2018:14:04:36 -0300] "GET /cormun/servlet/trautorizarsolicitud? HTTP/1.1" 200 7159
186.103.159.204 - - [07/Mar/2018:14:04:37 -0300] "GET /cormun/servlet/trautorizarsolicitud? HTTP/1.1" 200 7159
186.103.159.204 - - [07/Mar/2018:14:04:40 -0300] "POST /cormun/servlet/trautorizarsolicitud?6f3e90df06f8f438ccba612c58980c90,,gx-no-cache=1520442231601 HTTP/1.1" 200 4399
186.103.159.204 - - [07/Mar/2018:14:04:49 -0300] "GET /cormun/static/menuarrow.gif HTTP/1.1" 404 1015
186.103.159.204 - - [07/Mar/2018:14:04:59 -0300] "GET /cormun/servlet/trautorizarsolicitud? HTTP/1.1" 200 7159
186.103.159.204 - - [07/Mar/2018:14:05:00 -0300] "GET /cormun/servlet/trautorizarsolicitud? HTTP/1.1" 200 7159
186.103.159.204 - - [07/Mar/2018:14:05:02 -0300] "POST /cormun/servlet/trautorizarsolicitud?6f3e90df06f8f438ccba612c58980c90,,gx-no-cache=1520442254479 HTTP/1.1" 200 4400
186.103.159.204 - - [07/Mar/2018:14:05:03 -0300] "GET /cormun/servlet/trsolicitudot? HTTP/1.1" 200 7051
186.103.159.204 - - [07/Mar/2018:14:05:04 -0300] "POST /cormun/servlet/trautorizarsolicitud?6f3e90df06f8f438ccba612c58980c90,,gx-no-cache=1520442255789 HTTP/1.1" 200 4399
186.103.159.204 - - [07/Mar/2018:14:05:04 -0300] "GET /cormun/servlet/trsolicitudot? HTTP/1.1" 200 7051
186.103.159.204 - - [07/Mar/2018:14:05:06 -0300] "GET /cormun/static/menuarrow.gif HTTP/1.1" 404 1015
186.103.159.204 - - [07/Mar/2018:14:05:14 -0300] "POST /cormun/servlet/trautorizarsolicitud?6f3e90df06f8f438ccba612c58980c90,,gx-no-cache=1520442266241 HTTP/1.1" 200 4400
186.103.159.204 - - [07/Mar/2018:14:05:15 -0300] "POST /cormun/servlet/trautorizarsolicitud?6f3e90df06f8f438ccba612c58980c90,,gx-no-cache=1520442267334 HTTP/1.1" 200 4400
186.103.159.204 - - [07/Mar/2018:14:05:16 -0300] "POST /cormun/servlet/trautorizarsolicitud?6f3e90df06f8f438ccba612c58980c90,,gx-no-cache=1520442268050 HTTP/1.1" 200 4399
186.103.159.204 - - [07/Mar/2018:14:05:17 -0300] "POST /cormun/servlet/trautorizarsolicitud?6f3e90df06f8f438ccba612c58980c90,,gx-no-cache=1520442268634 HTTP/1.1" 200 4400
186.103.159.204 - - [07/Mar/2018:14:05:17 -0300] "POST /cormun/servlet/trautorizarsolicitud?6f3e90df06f8f438ccba612c58980c90,,gx-no-cache=1520442269464 HTTP/1.1" 200 4400
186.103.159.204 - - [07/Mar/2018:14:05:24 -0300] "POST /cormun/servlet/trsolicitudot?410c2f08867af11d726ed62e60e525a1,,gx-no-cache=1520442276439 HTTP/1.1" 200 4272
200.112.3.25 - - [07/Mar/2018:14:05:35 -0300] "GET /cormun/servlet/trsolicitudot? HTTP/1.1" 200 7413
200.112.3.25 - - [07/Mar/2018:14:05:35 -0300] "GET /cormun/servlet/trsolicitudot? HTTP/1.1" 200 7413
186.103.159.189 - - [07/Mar/2018:14:05:37 -0300] "GET /cormun/servlet/solicitudot?INS,0,0, HTTP/1.1" 200 13453
186.103.159.189 - - [07/Mar/2018:14:05:39 -0300] "GET /cormun/servlet/solicitudot?INS,0,0, HTTP/1.1" 200 13436
186.103.159.204 - - [07/Mar/2018:14:05:41 -0300] "GET /cormun/servlet/trvisualizadoreventos? HTTP/1.1" 200 7147
186.103.159.204 - - [07/Mar/2018:14:05:42 -0300] "GET /cormun/servlet/trvisualizadoreventos? HTTP/1.1" 200 7146
186.103.159.204 - - [07/Mar/2018:14:05:42 -0300] "GET /cormun/servlet/solicitudot?INS,0,0, HTTP/1.1" 200 13310
200.112.3.25 - - [07/Mar/2018:14:05:42 -0300] "GET /cormun/servlet/solicitudot?INS,0,0, HTTP/1.1" 200 13657
200.112.3.25 - - [07/Mar/2018:14:05:43 -0300] "GET /cormun/servlet/solicitudot?INS,0,0, HTTP/1.1" 200 13662
186.103.159.204 - - [07/Mar/2018:14:05:43 -0300] "GET /cormun/servlet/solicitudot?INS,0,0, HTTP/1.1" 200 13315
186.103.159.204 - - [07/Mar/2018:14:05:49 -0300] "POST /cormun/servlet/trvisualizadoreventos?6f3e90df06f8f438ccba612c58980c90,,gx-no-cache=1520442301402 HTTP/1.1" 200 4501
186.103.159.204 - - [07/Mar/2018:14:05:50 -0300] "POST /cormun/servlet/trvisualizadoreventos?6f3e90df06f8f438ccba612c58980c90,,gx-no-cache=1520442302422 HTTP/1.1" 200 4501
186.103.159.204 - - [07/Mar/2018:14:05:55 -0300] "GET /cormun/servlet/trautorizarsolicitud? HTTP/1.1" 200 7159
186.103.159.204 - - [07/Mar/2018:14:05:56 -0300] "GET /cormun/servlet/trautorizarsolicitud? HTTP/1.1" 200 7159
192.168.10.56 - - [07/Mar/2018:14:06:02 -0300] "GET /cormun/servlet/hlogin HTTP/1.1" 200 1738
192.168.10.56 - - [07/Mar/2018:14:06:03 -0300] "GET /cormun/servlet/hlogin HTTP/1.1" 200 1729
192.168.10.56 - - [07/Mar/2018:14:06:06 -0300] "POST /cormun/servlet/hlogin?51e7d2bae3761af85dd665f39a6feaa7,gx-no-cache=1520442204843 HTTP/1.1" 200 90
192.168.10.56 - - [07/Mar/2018:14:06:06 -0300] "GET /cormun/servlet/hpexe_link HTTP/1.1" 200 950
192.168.10.56 - - [07/Mar/2018:14:06:06 -0300] "GET /cormun/servlet/hhome HTTP/1.1" 200 4483
192.168.10.56 - - [07/Mar/2018:14:06:06 -0300] "GET /cormun/servlet/hhome HTTP/1.1" 200 4479
192.168.10.56 - - [07/Mar/2018:14:06:10 -0300] "GET /cormun/servlet/trsolicitudgral? HTTP/1.1" 200 27963
192.168.10.56 - - [07/Mar/2018:14:06:12 -0300] "GET /cormun/servlet/trsolicitudgral? HTTP/1.1" 200 27961
192.168.10.56 - - [07/Mar/2018:14:06:13 -0300] "GET /cormun/static/menuarrow.gif HTTP/1.1" 404 1015
192.168.10.56 - - [07/Mar/2018:14:06:30 -0300] "POST /cormun/servlet/trsolicitudgral?51e7d2bae3761af85dd665f39a6feaa7,,gx-no-cache=1520442228776 HTTP/1.1" 200 8032
186.103.159.204 - - [07/Mar/2018:14:06:36 -0300] "POST /cormun/servlet/solicitudot?gx-no-cache=1520442348422 HTTP/1.1" 200 3365
186.103.159.204 - - [07/Mar/2018:14:06:37 -0300] "POST /cormun/servlet/solicitudot?410c2f08867af11d726ed62e60e525a1,INS,0,0,,gx-no-cache=1520442348618 HTTP/1.1" 200 10336
200.112.3.25 - - [07/Mar/2018:14:06:37 -0300] "GET /cormun/servlet/hlogin HTTP/1.1" 200 1713
200.112.3.25 - - [07/Mar/2018:14:06:37 -0300] "GET /cormun/static/gxcfg.js?20175251213516 HTTP/1.1" 304 -
200.112.3.25 - - [07/Mar/2018:14:06:38 -0300] "GET /cormun/servlet/hlogin HTTP/1.1" 200 1723
200.112.3.25 - - [07/Mar/2018:14:06:39 -0300] "POST /cormun/servlet/hlogin?abd91244d7aec2cc4dd9a1e37caca527,gx-no-cache=1520442350167 HTTP/1.1" 200 90
200.112.3.25 - - [07/Mar/2018:14:06:39 -0300] "GET /cormun/servlet/hpexe_link HTTP/1.1" 200 945
200.112.3.25 - - [07/Mar/2018:14:06:39 -0300] "GET /cormun/static/gxcfg.js?20177612121792 HTTP/1.1" 304 -
200.112.3.25 - - [07/Mar/2018:14:06:39 -0300] "GET /cormun/servlet/hhome HTTP/1.1" 200 3992
200.112.3.25 - - [07/Mar/2018:14:06:39 -0300] "GET /cormun/static/gxcfg.js?20175251212442 HTTP/1.1" 304 -
200.112.3.25 - - [07/Mar/2018:14:06:40 -0300] "GET /cormun/servlet/hhome HTTP/1.1" 200 3988
192.168.10.56 - - [07/Mar/2018:14:06:41 -0300] "POST /cormun/servlet/trsolicitudgral?51e7d2bae3761af85dd665f39a6feaa7,,gx-no-cache=1520442239339 HTTP/1.1" 200 25340
200.112.3.25 - - [07/Mar/2018:14:06:43 -0300] "GET /cormun/servlet/trsolicitudot? HTTP/1.1" 200 7204
200.112.3.25 - - [07/Mar/2018:14:06:43 -0300] "GET /cormun/static/gxcfg.js?2017111422585916 HTTP/1.1" 304 -
200.112.3.25 - - [07/Mar/2018:14:06:44 -0300] "GET /cormun/servlet/trsolicitudot? HTTP/1.1" 200 7203
186.103.159.204 - - [07/Mar/2018:14:06:46 -0300] "GET /cormun/servlet/solicitudot?572fe80ff15e78458b0c80be9deff0470f5c01de16da75001e9714b447fc9562b6ec4156288feae48bf7ef94df7a3e02,gx-no-cache=1520442357338 HTTP/1.1" 200 30
200.112.3.25 - - [07/Mar/2018:14:06:46 -0300] "GET /cormun/static/menuarrow.gif HTTP/1.1" 404 1015
186.103.159.204 - - [07/Mar/2018:14:06:46 -0300] "GET /cormun/servlet/solicitudot?572fe80ff15e78458b0c80be9deff0476adc6d1423cf5b8ed83b6f075149710f,gx-no-cache=1520442357760 HTTP/1.1" 200 94
186.103.159.204 - - [07/Mar/2018:14:06:46 -0300] "GET /cormun/static/Shared/jqueryui/images/ui-bg_highlight-soft_100_c6c2c8_1x100.png HTTP/1.1" 404 1117
186.103.159.204 - - [07/Mar/2018:14:06:46 -0300] "GET /cormun/static/Shared/jqueryui/images/ui-bg_flat_55_994d53_40x100.png HTTP/1.1" 404 1097
186.103.159.204 - - [07/Mar/2018:14:06:46 -0300] "GET /cormun/static/Shared/jqueryui/images/ui-icons_82798d_256x240.png HTTP/1.1" 404 1089
186.103.159.204 - - [07/Mar/2018:14:06:46 -0300] "GET /cormun/static/Shared/jqueryui/images/ui-icons_ebccce_256x240.png HTTP/1.1" 404 1089
186.103.159.204 - - [07/Mar/2018:14:06:46 -0300] "GET /cormun/servlet/solicitudot?572fe80ff15e78458b0c80be9deff04712d4472f6a3e852a110be9808aad5b10,gx-no-cache=1520442357848 HTTP/1.1" 200 53
186.103.159.204 - - [07/Mar/2018:14:06:46 -0300] "POST /cormun/servlet/solicitudot?gx-no-cache=1520442357918 HTTP/1.1" 200 255
186.103.159.204 - - [07/Mar/2018:14:06:46 -0300] "GET /cormun/servlet/solicitudot?572fe80ff15e78458b0c80be9deff0476db28f6d7aa412e909075f18fd5b54711a7712011f54ace70c8c9137039b4f65161f4ed7876c5cb893be57f0c789eb2b32b5d034c0f18cdd73bb83dc98eff44840b9d6a3471e322eb0e2cc2d6f72014375908707513408ce66f21764ae291e964a2df197d9160b13f22b90e2cfb5c275f51ddd6bca924a51ca0371b95c88331e6bda10d0ccdaee7fdaf90bf8027d4ee985f018c4987d6281f897bd23e9f7bca7e1fced92c04ba5bb93ae0f60cece872877f105516643afd48746fc03ec5d8c0618cf29222a083e780bee079943c206c509b86bae52a89a3fe54cb54d283738e5b965e4774df5831f9fc4d8a0be7af3db8c36c38c632763214fdde873dcd3df27e1c9b6980bee6ad0cc1a92513db91fdbf338a71b7d87a8923d6a3361e2192552dc9483e2080884aecbce2b5911872efc170faf8759d31e73a2a96fb4b97fe8cf923d04a20dbf0bfe12c5b5c6ff795352fe31a5d95eeda2cd191478c51028f52fd72b1ce66b44d2da416b25c94d526fab,gx-no-cache=1520442357991 HTTP/1.1" 200 30
186.103.159.204 - - [07/Mar/2018:14:06:51 -0300] "POST /cormun/servlet/solicitudot?gx-no-cache=1520442363094 HTTP/1.1" 200 30
200.112.3.25 - - [07/Mar/2018:14:06:57 -0300] "POST /cormun/servlet/trsolicitudot?abd91244d7aec2cc4dd9a1e37caca527,,gx-no-cache=1520442367710 HTTP/1.1" 200 19748
186.103.159.204 - - [07/Mar/2018:14:07:00 -0300] "POST /cormun/servlet/solicitudot?gx-no-cache=1520442371676 HTTP/1.1" 200 1337
186.103.159.204 - - [07/Mar/2018:14:07:00 -0300] "POST /cormun/servlet/solicitudot?gx-no-cache=1520442371781 HTTP/1.1" 200 38
192.168.10.62 - - [07/Mar/2018:14:07:12 -0300] "POST /cormun/servlet/vesolicitudgral?c01264ac7744cc45cb50f70ea297cc3d,2018,8963,,,gx-no-cache=1520442271331 HTTP/1.1" 200 11310
192.168.10.62 - - [07/Mar/2018:14:07:12 -0300] "GET /cormun/static/Shared/jqueryui/images/ui-bg_highlight-soft_100_c6c2c8_1x100.png HTTP/1.1" 404 1117
192.168.10.62 - - [07/Mar/2018:14:07:12 -0300] "GET /cormun/static/Shared/jqueryui/images/ui-icons_82798d_256x240.png HTTP/1.1" 404 1089
192.168.10.62 - - [07/Mar/2018:14:07:12 -0300] "GET /cormun/static/Shared/jqueryui/images/ui-bg_flat_55_fafafa_40x100.png HTTP/1.1" 404 1097
192.168.10.62 - - [07/Mar/2018:14:07:12 -0300] "GET /cormun/static/Shared/jqueryui/images/ui-icons_8d78a5_256x240.png HTTP/1.1" 404 1089
192.168.10.62 - - [07/Mar/2018:14:07:22 -0300] "POST /cormun/servlet/vesolicitudgral?c01264ac7744cc45cb50f70ea297cc3d,2018,8963,,,gx-no-cache=1520442281379 HTTP/1.1" 200 90
192.168.10.62 - - [07/Mar/2018:14:07:22 -0300] "GET /cormun/servlet/hpexe_link HTTP/1.1" 200 966
192.168.10.62 - - [07/Mar/2018:14:07:22 -0300] "GET /cormun/servlet/trsolicitudgral HTTP/1.1" 200 10079
192.168.10.62 - - [07/Mar/2018:14:07:23 -0300] "GET /cormun/servlet/trsolicitudgral HTTP/1.1" 200 10078
186.103.159.189 - - [07/Mar/2018:14:07:25 -0300] "POST /cormun/servlet/solicitudot?gx-no-cache=1520442397893 HTTP/1.1" 200 3350
186.103.159.189 - - [07/Mar/2018:14:07:25 -0300] "GET /cormun/static/Shared/jqueryui/images/ui-bg_highlight-soft_100_c6c2c8_1x100.png HTTP/1.1" 404 1117
186.103.159.189 - - [07/Mar/2018:14:07:25 -0300] "GET /cormun/static/Shared/jqueryui/images/ui-icons_82798d_256x240.png HTTP/1.1" 404 1089
186.103.159.189 - - [07/Mar/2018:14:07:25 -0300] "GET /cormun/static/Shared/jqueryui/images/ui-bg_flat_55_994d53_40x100.png HTTP/1.1" 404 1097
186.103.159.189 - - [07/Mar/2018:14:07:25 -0300] "GET /cormun/static/Shared/jqueryui/images/ui-icons_ebccce_256x240.png HTTP/1.1" 404 1089
186.103.159.189 - - [07/Mar/2018:14:07:25 -0300] "GET /cormun/servlet/solicitudot?302ca7ba214c6d95a5eb11c0dcb2ded775faeb56b81938ac38a0247eb833aed8,gx-no-cache=1520442398180 HTTP/1.1" 200 111
186.103.159.189 - - [07/Mar/2018:14:07:25 -0300] "GET /cormun/servlet/solicitudot?302ca7ba214c6d95a5eb11c0dcb2ded7bb2b093502782bfa13464d2ba61cb792,gx-no-cache=1520442398263 HTTP/1.1" 200 94
186.103.159.189 - - [07/Mar/2018:14:07:25 -0300] "GET /cormun/servlet/solicitudot?302ca7ba214c6d95a5eb11c0dcb2ded7cbfd3165e254b1093ec1f23bfe3ff1ba,gx-no-cache=1520442398310 HTTP/1.1" 200 29
192.168.10.62 - - [07/Mar/2018:14:07:25 -0300] "GET /cormun/servlet/vesolicitudgral?2018,8962,, HTTP/1.1" 200 8452
192.168.10.62 - - [07/Mar/2018:14:07:25 -0300] "GET /cormun/pexe_scrolldiv.js HTTP/1.1" 404 1009
192.168.10.62 - - [07/Mar/2018:14:07:25 -0300] "GET /cormun/pexe_scrolldiv.js HTTP/1.1" 404 1009
186.103.159.189 - - [07/Mar/2018:14:07:25 -0300] "GET /cormun/servlet/solicitudot?302ca7ba214c6d95a5eb11c0dcb2ded726ba1d28ac9361a3c84fa5e5ae58810301806e62a0ff2d6d3cc644d7bd503a76d198c4e8ed2a9105e0839afb9ff96f2b84fbdc4b7bc32f6b9762602d048e695f087d6308797fc88335331f04e49510dc80bc1d1486f782fbaf356c2cbbd262b3a779f38cf02c7da7cf5532d40384e8711de0776661900b7699791fd202a28067fe9848457ff515e86ec82b47e5fb367adbe6bc7ceae64192f6a2cf15db8cdfe52756640929907417a25e54037b5873f108279c18ebde542a79be87a6add275771867d12a54bb930746e03efefbd90265177ad63bdb509ea9b75d17ea41af21e9780224a456b79283513fef30015af9525d1c86aa23d5a7d24b339608382843dbab1a49c5642a0548bc055698b66ea47b692ef9b06ff744fa529aea22f454435828f869c6897543597700c92d92f1a0c9de13b9a1649104b85eaee7a7a5315fdd,gx-no-cache=1520442398368 HTTP/1.1" 200 297
192.168.10.62 - - [07/Mar/2018:14:07:26 -0300] "GET /cormun/servlet/vesolicitudgral?2018,8962,, HTTP/1.1" 200 8452
186.103.159.189 - - [07/Mar/2018:14:07:26 -0300] "GET /cormun/servlet/solicitudot?302ca7ba214c6d95a5eb11c0dcb2ded782f49adda5615566f2cd2b56cae9e95d1f769d18972953bfc0f26444599f7c4105d00cd8245c706971a0b07874a5282eb93108e57a2590f33dab97d1d1088eb5369d2e0dc3f277496063aab8a2a460f0d4f739c1e68518c87977e6735b32beb9193a2c3924ed7ca5d1a206b75eedeb254a3c49ca9223b521bece7e8eff3d5dc7eb96a993cf0fbc1c0eec4b5c19a8610ef497b9a0cabdc4e3cbbecf2c8ad40bad870cb18c22c888efa871edd1d475dfbe5a93556c689e2d4fad60a405de0dd2899f1593c2387da9a111c0f57e044135ec6d990989b5673131d344c0e77667e6d0e6a2dbe81ad36a05dbff93508b5154cae1a710462ba1fd0b5296703b8bc23639c059b58aa139073d5efd10271ef92c7eb53f31c0de4e313e6063992e0d43ea6cf2897130b27fb0223700ad20c85f2def48453ad22d4a1ffaa845039f72ce858352e1370eb432376e827d97413add1a14584699851a537bc3d8401cfa573a569af6fd7d2d6c84285a1035e6c9ca7726fe8ea4bcb43098dd84370b027b85379d18,gx-no-cache=1520442398729 HTTP/1.1" 200 30
192.168.10.62 - - [07/Mar/2018:14:07:27 -0300] "POST /cormun/servlet/vesolicitudgral?c01264ac7744cc45cb50f70ea297cc3d,2018,8962,,,gx-no-cache=1520442286241 HTTP/1.1" 200 115
192.168.10.62 - - [07/Mar/2018:14:07:27 -0300] "GET /cormun/servlet/solicitudotlog?INS,2018,8962,0,REC, HTTP/1.1" 200 5678
192.168.10.62 - - [07/Mar/2018:14:07:27 -0300] "GET /cormun/servlet/solicitudotlog?INS,2018,8962,0,REC, HTTP/1.1" 200 5671
192.168.10.62 - - [07/Mar/2018:14:07:28 -0300] "GET /cormun/servlet/solicitudotlog?085850b877f8995a2ba5c3e77c7f0b5cfb03607d6582256493115fd3ab7417d74624a1a82370333cd9f00bccb4f9f51707a867f3081cbcb6c3466ad1098c2ed331527fd77efe671e324589e65b9cd9ee8b9d3597f13bd86be7e253e8b420bb9bbd9f82f4c47ff27379e103ec36650383bc214caa3ad756bd4f768ec36f1f36b71a199bfc7d42289988eb863776b093fa7d2558ed211cec7a0e45e13136026509,gx-no-cache=1520442287143 HTTP/1.1" 200 94
192.168.10.62 - - [07/Mar/2018:14:07:39 -0300] "POST /cormun/servlet/solicitudotlog?c01264ac7744cc45cb50f70ea297cc3d,INS,2018,8962,0,REC,,gx-no-cache=1520442298157 HTTP/1.1" 200 93
192.168.10.62 - - [07/Mar/2018:14:07:39 -0300] "GET /cormun/servlet/hpexe_return? HTTP/1.1" 200 1025
192.168.10.62 - - [07/Mar/2018:14:07:39 -0300] "GET /cormun/servlet/vesolicitudgral?2018,8962,, HTTP/1.1" 200 8468
192.168.10.62 - - [07/Mar/2018:14:07:39 -0300] "GET /cormun/pexe_scrolldiv.js HTTP/1.1" 404 1009
192.168.10.62 - - [07/Mar/2018:14:07:39 -0300] "GET /cormun/pexe_scrolldiv.js HTTP/1.1" 404 1009
192.168.10.62 - - [07/Mar/2018:14:07:39 -0300] "GET /cormun/servlet/vesolicitudgral?2018,8962,, HTTP/1.1" 200 8464
192.168.10.62 - - [07/Mar/2018:14:07:41 -0300] "POST /cormun/servlet/vesolicitudgral?c01264ac7744cc45cb50f70ea297cc3d,2018,8962,,,gx-no-cache=1520442299889 HTTP/1.1" 200 93
192.168.10.62 - - [07/Mar/2018:14:07:41 -0300] "GET /cormun/servlet/hpexe_return? HTTP/1.1" 200 1009
192.168.10.62 - - [07/Mar/2018:14:07:41 -0300] "GET /cormun/servlet/trsolicitudgral HTTP/1.1" 200 9629
192.168.10.62 - - [07/Mar/2018:14:07:41 -0300] "GET /cormun/servlet/trsolicitudgral HTTP/1.1" 200 9625
186.103.159.204 - - [07/Mar/2018:14:07:42 -0300] "POST /cormun/servlet/solicitudot?gx-no-cache=1520442413677 HTTP/1.1" 200 30
186.103.159.204 - - [07/Mar/2018:14:07:42 -0300] "POST /cormun/servlet/solicitudot?gx-no-cache=1520442413762 HTTP/1.1" 200 1337
186.103.159.204 - - [07/Mar/2018:14:07:42 -0300] "POST /cormun/servlet/solicitudot?gx-no-cache=1520442413879 HTTP/1.1" 200 38
186.103.159.204 - - [07/Mar/2018:14:07:42 -0300] "GET /cormun/servlet/solicitudot?572fe80ff15e78458b0c80be9deff047dd63936901accc943a573177e1c8f1592a36dda10c4eb744b66ff2bda8e5b14107bf28d59c4747974f6104389ece8b8a866066f8d420be44d3c79d7bab145c58969152cff24dda3841e8ee272f4814aeeb220efc376a2b1b4eabfe5bc934f81a6c012be625bde570c40a2211b3e84caa42fdd3d0e2b6a723c7f4d245f6f2d7229d6452f8f57b9b3ae59e358324ed19cc,gx-no-cache=1520442413958 HTTP/1.1" 200 29
186.103.159.204 - - [07/Mar/2018:14:07:42 -0300] "POST /cormun/servlet/solicitudot?gx-no-cache=1520442414047 HTTP/1.1" 200 1319
186.103.159.204 - - [07/Mar/2018:14:07:42 -0300] "POST /cormun/servlet/solicitudot?gx-no-cache=1520442414181 HTTP/1.1" 200 1219
186.103.159.204 - - [07/Mar/2018:14:07:42 -0300] "GET /cormun/static/menuarrow.gif HTTP/1.1" 404 1015
192.168.10.62 - - [07/Mar/2018:14:07:44 -0300] "GET /cormun/servlet/vesolicitudgral?2018,8958,, HTTP/1.1" 200 8440
192.168.10.62 - - [07/Mar/2018:14:07:44 -0300] "GET /cormun/pexe_scrolldiv.js HTTP/1.1" 404 1009
192.168.10.62 - - [07/Mar/2018:14:07:44 -0300] "GET /cormun/pexe_scrolldiv.js HTTP/1.1" 404 1009
192.168.10.62 - - [07/Mar/2018:14:07:44 -0300] "GET /cormun/servlet/vesolicitudgral?2018,8958,, HTTP/1.1" 200 8439
192.168.10.62 - - [07/Mar/2018:14:07:46 -0300] "POST /cormun/servlet/vesolicitudgral?c01264ac7744cc45cb50f70ea297cc3d,2018,8958,,,gx-no-cache=1520442304840 HTTP/1.1" 200 115
192.168.10.62 - - [07/Mar/2018:14:07:46 -0300] "GET /cormun/servlet/solicitudotlog?INS,2018,8958,0,REC, HTTP/1.1" 200 5677
192.168.10.62 - - [07/Mar/2018:14:07:46 -0300] "GET /cormun/servlet/solicitudotlog?INS,2018,8958,0,REC, HTTP/1.1" 200 5673
192.168.10.62 - - [07/Mar/2018:14:07:46 -0300] "GET /cormun/servlet/solicitudotlog?085850b877f8995a2ba5c3e77c7f0b5c3ea43ae21b6d0ff5e75f1f963de7945a4624a1a82370333cd9f00bccb4f9f51707a867f3081cbcb6c3466ad1098c2ed331527fd77efe671e324589e65b9cd9ee8b9d3597f13bd86be7e253e8b420bb9bbd9f82f4c47ff27379e103ec36650383bc214caa3ad756bd4f768ec36f1f36b71a199bfc7d42289988eb863776b093fa7d2558ed211cec7a0e45e13136026509,gx-no-cache=1520442305721 HTTP/1.1" 200 94
192.168.10.62 - - [07/Mar/2018:14:07:56 -0300] "POST /cormun/servlet/solicitudotlog?c01264ac7744cc45cb50f70ea297cc3d,INS,2018,8958,0,REC,,gx-no-cache=1520442315501 HTTP/1.1" 200 93
192.168.10.62 - - [07/Mar/2018:14:07:56 -0300] "GET /cormun/servlet/hpexe_return? HTTP/1.1" 200 1025
192.168.10.62 - - [07/Mar/2018:14:07:57 -0300] "GET /cormun/servlet/vesolicitudgral?2018,8958,, HTTP/1.1" 200 8452
192.168.10.62 - - [07/Mar/2018:14:07:57 -0300] "GET /cormun/pexe_scrolldiv.js HTTP/1.1" 404 1009
192.168.10.62 - - [07/Mar/2018:14:07:57 -0300] "GET /cormun/pexe_scrolldiv.js HTTP/1.1" 404 1009
192.168.10.62 - - [07/Mar/2018:14:07:57 -0300] "GET /cormun/servlet/vesolicitudgral?2018,8958,, HTTP/1.1" 200 8449
192.168.10.62 - - [07/Mar/2018:14:07:59 -0300] "POST /cormun/servlet/vesolicitudgral?c01264ac7744cc45cb50f70ea297cc3d,2018,8958,,,gx-no-cache=1520442317814 HTTP/1.1" 200 90
192.168.10.62 - - [07/Mar/2018:14:07:59 -0300] "GET /cormun/servlet/hpexe_link HTTP/1.1" 200 966
192.168.10.62 - - [07/Mar/2018:14:07:59 -0300] "GET /cormun/servlet/trsolicitudgral HTTP/1.1" 200 8271
192.168.10.62 - - [07/Mar/2018:14:07:59 -0300] "GET /cormun/servlet/trsolicitudgral HTTP/1.1" 200 8270
186.103.159.204 - - [07/Mar/2018:14:08:15 -0300] "POST /cormun/servlet/solicitudot?gx-no-cache=1520442446891 HTTP/1.1" 200 30
186.103.159.204 - - [07/Mar/2018:14:08:15 -0300] "POST /cormun/servlet/solicitudot?gx-no-cache=1520442446980 HTTP/1.1" 200 1337
186.103.159.204 - - [07/Mar/2018:14:08:15 -0300] "POST /cormun/servlet/solicitudot?gx-no-cache=1520442447083 HTTP/1.1" 200 38
186.103.159.204 - - [07/Mar/2018:14:08:15 -0300] "POST /cormun/servlet/solicitudot?gx-no-cache=1520442447171 HTTP/1.1" 200 1319
186.103.159.204 - - [07/Mar/2018:14:08:15 -0300] "POST /cormun/servlet/solicitudot?gx-no-cache=1520442447221 HTTP/1.1" 200 1219
186.103.159.204 - - [07/Mar/2018:14:08:15 -0300] "GET /cormun/servlet/solicitudot?572fe80ff15e78458b0c80be9deff04797261cba30f9aec92f6ca2d3c9344015,gx-no-cache=1520442447278 HTTP/1.1" 200 30
186.103.159.204 - - [07/Mar/2018:14:08:15 -0300] "POST /cormun/servlet/solicitudot?gx-no-cache=1520442447307 HTTP/1.1" 200 30
186.103.159.189 - - [07/Mar/2018:14:08:26 -0300] "GET /cormun/servlet/trvisualizadoreventos? HTTP/1.1" 200 6714
186.103.159.189 - - [07/Mar/2018:14:08:26 -0300] "GET /cormun/static/gxcfg.js?20175251251426 HTTP/1.1" 304 -
186.103.159.189 - - [07/Mar/2018:14:08:27 -0300] "GET /cormun/servlet/trvisualizadoreventos? HTTP/1.1" 200 6708
186.103.159.204 - - [07/Mar/2018:14:08:29 -0300] "GET /cormun/servlet/trautorizarsolicitud? HTTP/1.1" 200 7159
186.103.159.204 - - [07/Mar/2018:14:08:29 -0300] "GET /cormun/servlet/trautorizarsolicitud? HTTP/1.1" 200 7159
186.103.159.189 - - [07/Mar/2018:14:08:33 -0300] "POST /cormun/servlet/trvisualizadoreventos?e83710abbfb9402bf99f285b2e0a02f0,,gx-no-cache=1520442466660 HTTP/1.1" 200 3936
192.168.10.56 - - [07/Mar/2018:14:08:36 -0300] "POST /cormun/servlet/trsolicitudgral?51e7d2bae3761af85dd665f39a6feaa7,,gx-no-cache=1520442354866 HTTP/1.1" 200 13736
186.103.159.189 - - [07/Mar/2018:14:08:36 -0300] "GET /cormun/static/menuarrow.gif HTTP/1.1" 404 1015
186.103.159.189 - - [07/Mar/2018:14:08:42 -0300] "POST /cormun/servlet/trvisualizadoreventos?e83710abbfb9402bf99f285b2e0a02f0,,gx-no-cache=1520442475062 HTTP/1.1" 200 3945
186.103.159.189 - - [07/Mar/2018:14:08:46 -0300] "POST /cormun/servlet/trvisualizadoreventos?e83710abbfb9402bf99f285b2e0a02f0,,gx-no-cache=1520442479009 HTTP/1.1" 200 3945
186.103.159.189 - - [07/Mar/2018:14:08:48 -0300] "POST /cormun/servlet/trvisualizadoreventos?e83710abbfb9402bf99f285b2e0a02f0,,gx-no-cache=1520442480930 HTTP/1.1" 200 3945
186.103.159.204 - - [07/Mar/2018:14:08:48 -0300] "POST /cormun/servlet/trautorizarsolicitud?6f3e90df06f8f438ccba612c58980c90,,gx-no-cache=1520442480022 HTTP/1.1" 200 15797
192.168.10.56 - - [07/Mar/2018:14:08:52 -0300] "POST /cormun/servlet/trsolicitudgral?51e7d2bae3761af85dd665f39a6feaa7,,gx-no-cache=1520442370725 HTTP/1.1" 200 12453
192.168.10.56 - - [07/Mar/2018:14:08:52 -0300] "GET /cormun/static/Shared/jqueryui/images/ui-bg_highlight-soft_100_c6c2c8_1x100.png HTTP/1.1" 404 1117
192.168.10.56 - - [07/Mar/2018:14:08:52 -0300] "GET /cormun/static/Shared/jqueryui/images/ui-icons_82798d_256x240.png HTTP/1.1" 404 1089
192.168.10.56 - - [07/Mar/2018:14:08:52 -0300] "GET /cormun/static/Shared/jqueryui/images/ui-bg_flat_55_fafafa_40x100.png HTTP/1.1" 404 1097
192.168.10.56 - - [07/Mar/2018:14:08:52 -0300] "GET /cormun/static/Shared/jqueryui/images/ui-icons_8d78a5_256x240.png HTTP/1.1" 404 1089
186.103.159.189 - - [07/Mar/2018:14:08:53 -0300] "POST /cormun/servlet/trvisualizadoreventos?e83710abbfb9402bf99f285b2e0a02f0,,gx-no-cache=1520442485688 HTTP/1.1" 200 7011
192.168.10.56 - - [07/Mar/2018:14:08:57 -0300] "POST /cormun/servlet/trsolicitudgral?51e7d2bae3761af85dd665f39a6feaa7,,gx-no-cache=1520442376283 HTTP/1.1" 200 11974
186.103.159.189 - - [07/Mar/2018:14:09:00 -0300] "POST /cormun/servlet/trvisualizadoreventos?e83710abbfb9402bf99f285b2e0a02f0,,gx-no-cache=1520442493570 HTTP/1.1" 200 3945
186.103.159.189 - - [07/Mar/2018:14:09:01 -0300] "POST /cormun/servlet/trvisualizadoreventos?e83710abbfb9402bf99f285b2e0a02f0,,gx-no-cache=1520442494655 HTTP/1.1" 200 3945
186.103.159.189 - - [07/Mar/2018:14:09:02 -0300] "POST /cormun/servlet/trvisualizadoreventos?e83710abbfb9402bf99f285b2e0a02f0,,gx-no-cache=1520442495447 HTTP/1.1" 200 3945
186.103.159.189 - - [07/Mar/2018:14:09:03 -0300] "POST /cormun/servlet/trvisualizadoreventos?e83710abbfb9402bf99f285b2e0a02f0,,gx-no-cache=1520442495877 HTTP/1.1" 200 3945
186.103.159.189 - - [07/Mar/2018:14:09:03 -0300] "POST /cormun/servlet/trvisualizadoreventos?e83710abbfb9402bf99f285b2e0a02f0,,gx-no-cache=1520442496112 HTTP/1.1" 200 3945
186.103.159.189 - - [07/Mar/2018:14:09:03 -0300] "POST /cormun/servlet/trvisualizadoreventos?e83710abbfb9402bf99f285b2e0a02f0,,gx-no-cache=1520442496347 HTTP/1.1" 200 3945
186.103.159.189 - - [07/Mar/2018:14:09:03 -0300] "POST /cormun/servlet/trvisualizadoreventos?e83710abbfb9402bf99f285b2e0a02f0,,gx-no-cache=1520442496580 HTTP/1.1" 200 3945
186.103.159.189 - - [07/Mar/2018:14:09:04 -0300] "POST /cormun/servlet/trvisualizadoreventos?e83710abbfb9402bf99f285b2e0a02f0,,gx-no-cache=1520442496811 HTTP/1.1" 200 3945
186.103.159.189 - - [07/Mar/2018:14:09:04 -0300] "POST /cormun/servlet/trvisualizadoreventos?e83710abbfb9402bf99f285b2e0a02f0,,gx-no-cache=1520442497090 HTTP/1.1" 200 3945
186.103.159.189 - - [07/Mar/2018:14:09:04 -0300] "POST /cormun/servlet/trvisualizadoreventos?e83710abbfb9402bf99f285b2e0a02f0,,gx-no-cache=1520442497360 HTTP/1.1" 200 3945
186.103.159.189 - - [07/Mar/2018:14:09:04 -0300] "POST /cormun/servlet/trvisualizadoreventos?e83710abbfb9402bf99f285b2e0a02f0,,gx-no-cache=1520442497631 HTTP/1.1" 200 3945
186.103.159.189 - - [07/Mar/2018:14:09:05 -0300] "POST /cormun/servlet/trvisualizadoreventos?e83710abbfb9402bf99f285b2e0a02f0,,gx-no-cache=1520442497901 HTTP/1.1" 200 3945
186.103.159.189 - - [07/Mar/2018:14:09:05 -0300] "POST /cormun/servlet/trvisualizadoreventos?e83710abbfb9402bf99f285b2e0a02f0,,gx-no-cache=1520442498189 HTTP/1.1" 200 3945
186.103.159.189 - - [07/Mar/2018:14:09:05 -0300] "POST /cormun/servlet/trvisualizadoreventos?e83710abbfb9402bf99f285b2e0a02f0,,gx-no-cache=1520442498472 HTTP/1.1" 200 3945
186.103.159.189 - - [07/Mar/2018:14:09:06 -0300] "POST /cormun/servlet/trvisualizadoreventos?e83710abbfb9402bf99f285b2e0a02f0,,gx-no-cache=1520442498753 HTTP/1.1" 200 3945
192.168.10.56 - - [07/Mar/2018:14:09:06 -0300] "POST /cormun/servlet/trsolicitudgral?51e7d2bae3761af85dd665f39a6feaa7,,gx-no-cache=1520442384804 HTTP/1.1" 200 11550
186.103.159.189 - - [07/Mar/2018:14:09:06 -0300] "POST /cormun/servlet/trvisualizadoreventos?e83710abbfb9402bf99f285b2e0a02f0,,gx-no-cache=1520442499046 HTTP/1.1" 200 3945
186.103.159.189 - - [07/Mar/2018:14:09:09 -0300] "GET /cormun/servlet/trvisualizadoreventos? HTTP/1.1" 200 6714
186.103.159.189 - - [07/Mar/2018:14:09:10 -0300] "GET /cormun/servlet/trvisualizadoreventos? HTTP/1.1" 200 6714
192.168.10.56 - - [07/Mar/2018:14:09:16 -0300] "POST /cormun/servlet/trsolicitudgral?51e7d2bae3761af85dd665f39a6feaa7,,gx-no-cache=1520442395414 HTTP/1.1" 200 11166
192.168.10.56 - - [07/Mar/2018:14:09:23 -0300] "POST /cormun/servlet/trsolicitudgral?51e7d2bae3761af85dd665f39a6feaa7,,gx-no-cache=1520442402452 HTTP/1.1" 200 10691
200.112.3.25 - - [07/Mar/2018:14:09:26 -0300] "POST /cormun/servlet/solicitudot?b3de6ebd948b20f9ff497a6c8aaaa9dd,INS,0,0,,gx-no-cache=1520442517082 HTTP/1.1" 200 11804
200.112.3.25 - - [07/Mar/2018:14:09:26 -0300] "GET /cormun/static/Shared/jqueryui/images/ui-bg_highlight-soft_100_c6c2c8_1x100.png HTTP/1.1" 404 1117
200.112.3.25 - - [07/Mar/2018:14:09:26 -0300] "GET /cormun/static/Shared/jqueryui/images/ui-icons_82798d_256x240.png HTTP/1.1" 404 1089
200.112.3.25 - - [07/Mar/2018:14:09:26 -0300] "GET /cormun/static/Shared/jqueryui/images/ui-bg_flat_55_994d53_40x100.png HTTP/1.1" 404 1097
200.112.3.25 - - [07/Mar/2018:14:09:27 -0300] "GET /cormun/static/Shared/jqueryui/images/ui-icons_ebccce_256x240.png HTTP/1.1" 404 1089
186.103.159.204 - - [07/Mar/2018:14:09:28 -0300] "POST /cormun/servlet/solicitudot?410c2f08867af11d726ed62e60e525a1,INS,0,0,,gx-no-cache=1520442519867 HTTP/1.1" 200 93
186.103.159.204 - - [07/Mar/2018:14:09:28 -0300] "GET /cormun/servlet/hpexe_return? HTTP/1.1" 200 1001
186.103.159.204 - - [07/Mar/2018:14:09:28 -0300] "GET /cormun/servlet/trsolicitudot? HTTP/1.1" 200 7055
186.103.159.204 - - [07/Mar/2018:14:09:29 -0300] "GET /cormun/servlet/trsolicitudot? HTTP/1.1" 200 7051
200.112.3.25 - - [07/Mar/2018:14:09:37 -0300] "POST /cormun/servlet/solicitudot?gx-no-cache=1520442528300 HTTP/1.1" 200 3387
200.112.3.25 - - [07/Mar/2018:14:09:38 -0300] "POST /cormun/servlet/solicitudot?b3de6ebd948b20f9ff497a6c8aaaa9dd,INS,0,0,,gx-no-cache=1520442528756 HTTP/1.1" 200 11699
200.112.3.25 - - [07/Mar/2018:14:09:38 -0300] "GET /cormun/servlet/solicitudot?8ef21d2725bbc5a92cc57b60ab04ecf654d6d4df5ee267fd8d9c0103e7d8693611a23ad233be29cc66600c511a5f724b,gx-no-cache=1520442529459 HTTP/1.1" 200 30
200.112.3.25 - - [07/Mar/2018:14:09:38 -0300] "GET /cormun/servlet/solicitudot?8ef21d2725bbc5a92cc57b60ab04ecf60171eac72f64115a755ad11262557ee6794f267ff225ae52c75b6227732ba5e111a23ad233be29cc66600c511a5f724b,gx-no-cache=1520442529559 HTTP/1.1" 200 30
200.112.3.25 - - [07/Mar/2018:14:09:38 -0300] "GET /cormun/servlet/solicitudot?8ef21d2725bbc5a92cc57b60ab04ecf6ec93c26d8118946b5cf038b023a0d944,gx-no-cache=1520442529652 HTTP/1.1" 200 29
200.112.3.25 - - [07/Mar/2018:14:09:38 -0300] "POST /cormun/servlet/solicitudot?gx-no-cache=1520442529745 HTTP/1.1" 200 255
200.112.3.25 - - [07/Mar/2018:14:09:38 -0300] "GET /cormun/servlet/solicitudot?8ef21d2725bbc5a92cc57b60ab04ecf61dec1c9363aa695e034f145f81c2de6269e1d5b0f2435d5080bec82ee577ae593e135b04ce32a67996cc6b0a5b4ecc5d784763ad7daa9964e03a5c24fb049569574c61a89fced3374670c2821dca4a0eafd20a2f5e8a396a977294af98fc1a01e473aff00d85f6d936192b8623c57bcdc784c13cbf13d84d11a3a4bbd5bb2823b245cdf5a419b7bbd15f7da2c7f191d3ca9b5151af4d97404637c815b1620f48ba54a8f63bb4a1a0044a8037bc37f5eb9da1b3cdf80ab52731f716f5e58042339a6298454633621760e3913c13d511e8d307c5265efc402b20295cf2d374d518f904ed3f898462124d29c4d52c441c945845862eadcdbb06f7224050e997b7df1db591513ea43caa51a1d24df0cb60ddb58a661c5fa393e2e497e9c3f85915c7cbbf653ec271ce8392555b965ac101727e0331caf6cd04223eb6e1bf0e7e56bb6761a667863f871f9dde7e13750da2b62ed5f95e9bceb7a0cb76694cd97d61db3f8a6c3b7548acbfef252429f5330c7e,gx-no-cache=1520442529879 HTTP/1.1" 200 30
200.112.3.25 - - [07/Mar/2018:14:09:39 -0300] "POST /cormun/servlet/solicitudot?gx-no-cache=1520442529972 HTTP/1.1" 200 30
200.112.3.25 - - [07/Mar/2018:14:09:39 -0300] "POST /cormun/servlet/solicitudot?gx-no-cache=1520442530091 HTTP/1.1" 200 1336
200.112.3.25 - - [07/Mar/2018:14:09:39 -0300] "POST /cormun/servlet/solicitudot?gx-no-cache=1520442530336 HTTP/1.1" 200 38
192.168.10.56 - - [07/Mar/2018:14:09:39 -0300] "GET /cormun/servlet/solicitudgral3?UPD,2018,9992, HTTP/1.1" 200 13105
192.168.10.56 - - [07/Mar/2018:14:09:40 -0300] "GET /cormun/servlet/solicitudgral3?UPD,2018,9992, HTTP/1.1" 200 13115
192.168.10.56 - - [07/Mar/2018:14:09:40 -0300] "POST /cormun/servlet/solicitudgral3?gx-no-cache=1520442419496 HTTP/1.1" 200 4042
192.168.10.56 - - [07/Mar/2018:14:09:40 -0300] "GET /cormun/servlet/solicitudgral3?0eca30e8d505e830ef8a5278fee0f6a70124506f0e9e2f9f1a5c39728fd59a156e0c590c40ceb08a158cb65c8f1b90a91455bd790248aa69985ae75d42533c70b2db4775964707f11cdba76d37292e1b42477ae276bc9f38d08180e00ac09bdc90a4043f56bc62998e67a185efe4f677e799e03ce9f1c0baa2212079f92828f8b32eb832e23d3a852a2b01ce2de0aaaa7d46d4001d1ad3e338d899fd8e013097285198c94351b575065298492c20c8f7c55378896512f17edde10db3187e9f43406fc41592fc35b0ad1332dd64efbe2cdda175798a863fae2044f03ff1fa0189c6524daca79dbaa5f61e26c6f4849d489a8ccb496a4fbb8d8431146b701db771182d62f377eb8fb98973022419f23988d98c68dab997c545a7366e22d93a93b08539064038db0301972e5528ee8cdb59eb03a84ed1766bf3a1b1a9733406d5b3d95a3dd46d189a0283cacad5a21e8f35,gx-no-cache=1520442419642 HTTP/1.1" 200 297
192.168.10.56 - - [07/Mar/2018:14:09:40 -0300] "POST /cormun/servlet/solicitudgral3?gx-no-cache=1520442419675 HTTP/1.1" 200 815
192.168.10.56 - - [07/Mar/2018:14:09:40 -0300] "GET /cormun/servlet/solicitudgral3?0eca30e8d505e830ef8a5278fee0f6a71285b8c18f8ce80e1e1624194b2d4ea67377a83266d468bc0c78a851c0818a8a4127a6f438cc1132d81566fb12d831ddba0b058716e5a9f98686b75047d9eb052980fda39250878efb37af1a3448672fc26fbcf1f141dad28c142206f49d7151a809ffea1c3e076320803d37a4e32ca7,gx-no-cache=1520442419755 HTTP/1.1" 200 41
192.168.10.56 - - [07/Mar/2018:14:09:41 -0300] "POST /cormun/servlet/solicitudgral3?51e7d2bae3761af85dd665f39a6feaa7,UPD,2018,9992,,gx-no-cache=1520442420526 HTTP/1.1" 200 93
192.168.10.56 - - [07/Mar/2018:14:09:41 -0300] "GET /cormun/servlet/hpexe_return? HTTP/1.1" 200 1014
192.168.10.56 - - [07/Mar/2018:14:09:41 -0300] "GET /cormun/static/gxcfg.js?2016101716175148 HTTP/1.1" 304 -
192.168.10.56 - - [07/Mar/2018:14:09:42 -0300] "GET /cormun/servlet/trsolicitudgral? HTTP/1.1" 200 13626
192.168.10.56 - - [07/Mar/2018:14:09:42 -0300] "GET /cormun/servlet/trsolicitudgral? HTTP/1.1" 200 13621
192.168.10.56 - - [07/Mar/2018:14:09:46 -0300] "POST /cormun/servlet/trsolicitudgral?51e7d2bae3761af85dd665f39a6feaa7,,gx-no-cache=1520442425055 HTTP/1.1" 200 10181
192.168.10.56 - - [07/Mar/2018:14:09:46 -0300] "GET /cormun/static/Shared/jqueryui/images/ui-bg_highlight-soft_100_c6c2c8_1x100.png HTTP/1.1" 404 1117
192.168.10.56 - - [07/Mar/2018:14:09:46 -0300] "GET /cormun/static/Shared/jqueryui/images/ui-icons_82798d_256x240.png HTTP/1.1" 404 1089
192.168.10.56 - - [07/Mar/2018:14:09:46 -0300] "GET /cormun/static/Shared/jqueryui/images/ui-bg_flat_55_fafafa_40x100.png HTTP/1.1" 404 1097
192.168.10.56 - - [07/Mar/2018:14:09:46 -0300] "GET /cormun/static/Shared/jqueryui/images/ui-icons_8d78a5_256x240.png HTTP/1.1" 404 1089
186.103.159.189 - - [07/Mar/2018:14:09:54 -0300] "POST /cormun/servlet/trvisualizadoreventos?e83710abbfb9402bf99f285b2e0a02f0,,gx-no-cache=1520442547081 HTTP/1.1" 200 3937
186.103.159.189 - - [07/Mar/2018:14:09:55 -0300] "POST /cormun/servlet/trvisualizadoreventos?e83710abbfb9402bf99f285b2e0a02f0,,gx-no-cache=1520442548643 HTTP/1.1" 200 3937
186.103.159.189 - - [07/Mar/2018:14:09:56 -0300] "POST /cormun/servlet/trvisualizadoreventos?e83710abbfb9402bf99f285b2e0a02f0,,gx-no-cache=1520442549186 HTTP/1.1" 200 3937
186.103.159.189 - - [07/Mar/2018:14:09:56 -0300] "POST /cormun/servlet/trvisualizadoreventos?e83710abbfb9402bf99f285b2e0a02f0,,gx-no-cache=1520442549454 HTTP/1.1" 200 3937
186.103.159.189 - - [07/Mar/2018:14:09:56 -0300] "POST /cormun/servlet/trvisualizadoreventos?e83710abbfb9402bf99f285b2e0a02f0,,gx-no-cache=1520442549669 HTTP/1.1" 200 3937
192.168.10.56 - - [07/Mar/2018:14:09:58 -0300] "POST /cormun/servlet/trsolicitudgral?51e7d2bae3761af85dd665f39a6feaa7,,gx-no-cache=1520442436742 HTTP/1.1" 200 9778
186.103.159.189 - - [07/Mar/2018:14:09:59 -0300] "POST /cormun/servlet/trvisualizadoreventos?e83710abbfb9402bf99f285b2e0a02f0,,gx-no-cache=1520442552516 HTTP/1.1" 200 6204
200.112.3.25 - - [07/Mar/2018:14:10:17 -0300] "POST /cormun/servlet/solicitudot?gx-no-cache=1520442568627 HTTP/1.1" 200 30
186.103.159.204 - - [07/Mar/2018:14:10:31 -0300] "POST /cormun/servlet/trsolicitudot?410c2f08867af11d726ed62e60e525a1,,gx-no-cache=1520442583138 HTTP/1.1" 200 4276
186.103.159.204 - - [07/Mar/2018:14:10:33 -0300] "POST /cormun/servlet/trsolicitudot?410c2f08867af11d726ed62e60e525a1,,gx-no-cache=1520442585466 HTTP/1.1" 200 4277
186.103.159.189 - - [07/Mar/2018:14:10:35 -0300] "POST /cormun/servlet/trvisualizadoreventos?e83710abbfb9402bf99f285b2e0a02f0,,gx-no-cache=1520442587806 HTTP/1.1" 200 6204
186.103.159.204 - - [07/Mar/2018:14:10:37 -0300] "GET /cormun/servlet/solicitudot?INS,0,0, HTTP/1.1" 200 13310
186.103.159.204 - - [07/Mar/2018:14:10:38 -0300] "GET /cormun/servlet/trautorizarsolicitud? HTTP/1.1" 200 17620
186.103.159.204 - - [07/Mar/2018:14:10:38 -0300] "GET /cormun/servlet/solicitudot?INS,0,0, HTTP/1.1" 200 13315
186.103.159.204 - - [07/Mar/2018:14:10:39 -0300] "GET /cormun/servlet/trautorizarsolicitud? HTTP/1.1" 200 17620
