192.168.10.62 - - [07/Mar/2018:13:39:35 -0300] "GET /cormun/servlet/vesolicitudgral?2018,8952,, HTTP/1.1" 200 8445
192.168.10.62 - - [07/Mar/2018:13:39:35 -0300] "GET /cormun/pexe_scrolldiv.js HTTP/1.1" 404 1009
192.168.10.62 - - [07/Mar/2018:13:39:35 -0300] "GET /cormun/servlet/vesolicitudgral?2018,8952,, HTTP/1.1" 200 8445
192.168.10.62 - - [07/Mar/2018:13:39:38 -0300] "POST /cormun/servlet/vesolicitudgral?c01264ac7744cc45cb50f70ea297cc3d,2018,8952,,,gx-no-cache=1520440616758 HTTP/1.1" 200 115
192.168.10.62 - - [07/Mar/2018:13:39:38 -0300] "GET /cormun/servlet/solicitudotlog?INS,2018,8952,0,REC, HTTP/1.1" 200 5677
192.168.10.62 - - [07/Mar/2018:13:39:38 -0300] "GET /cormun/servlet/solicitudotlog?INS,2018,8952,0,REC, HTTP/1.1" 200 5671
192.168.10.62 - - [07/Mar/2018:13:39:39 -0300] "GET /cormun/servlet/solicitudotlog?085850b877f8995a2ba5c3e77c7f0b5c2c28a3a47b3a03a111f3508db8517bcb4624a1a82370333cd9f00bccb4f9f51707a867f3081cbcb6c3466ad1098c2ed331527fd77efe671e324589e65b9cd9ee8b9d3597f13bd86be7e253e8b420bb9bbd9f82f4c47ff27379e103ec36650383bc214caa3ad756bd4f768ec36f1f36b71a199bfc7d42289988eb863776b093fa7d2558ed211cec7a0e45e13136026509,gx-no-cache=1520440617874 HTTP/1.1" 200 94
192.168.10.96 - - [07/Mar/2018:13:39:45 -0300] "POST /cormun/servlet/trsolicitudgral?b264f63207b89694706f83643f4c650e,,gx-no-cache=1520440624458 HTTP/1.1" 200 7793
192.168.10.62 - - [07/Mar/2018:13:39:55 -0300] "POST /cormun/servlet/solicitudotlog?c01264ac7744cc45cb50f70ea297cc3d,INS,2018,8952,0,REC,,gx-no-cache=1520440633930 HTTP/1.1" 200 93
192.168.10.62 - - [07/Mar/2018:13:39:55 -0300] "GET /cormun/servlet/hpexe_return? HTTP/1.1" 200 1025
192.168.10.62 - - [07/Mar/2018:13:39:55 -0300] "GET /cormun/servlet/vesolicitudgral?2018,8952,, HTTP/1.1" 200 8462
192.168.10.62 - - [07/Mar/2018:13:39:55 -0300] "GET /cormun/pexe_scrolldiv.js HTTP/1.1" 404 1009
192.168.10.62 - - [07/Mar/2018:13:39:55 -0300] "GET /cormun/pexe_scrolldiv.js HTTP/1.1" 404 1009
192.168.10.62 - - [07/Mar/2018:13:39:55 -0300] "GET /cormun/servlet/vesolicitudgral?2018,8952,, HTTP/1.1" 200 8455
186.103.159.204 - - [07/Mar/2018:13:39:59 -0300] "GET /cormun/servlet/hlogin HTTP/1.1" 200 1725
186.103.159.204 - - [07/Mar/2018:13:40:11 -0300] "POST /cormun/servlet/hlogin?178d908822b20d2e87d09450b2693b9d,gx-no-cache=1520440758955 HTTP/1.1" 200 90
186.103.159.204 - - [07/Mar/2018:13:40:11 -0300] "GET /cormun/servlet/hpexe_link HTTP/1.1" 200 952
186.103.159.204 - - [07/Mar/2018:13:40:11 -0300] "GET /cormun/servlet/hhome HTTP/1.1" 200 3852
186.103.159.204 - - [07/Mar/2018:13:40:12 -0300] "GET /cormun/servlet/hhome HTTP/1.1" 200 3848
186.103.159.204 - - [07/Mar/2018:13:40:21 -0300] "GET /cormun/servlet/trsolicitudot? HTTP/1.1" 200 7058
186.103.159.204 - - [07/Mar/2018:13:40:22 -0300] "GET /cormun/servlet/trsolicitudot? HTTP/1.1" 200 7057
192.168.10.62 - - [07/Mar/2018:13:40:23 -0300] "POST /cormun/servlet/vesolicitudgral?c01264ac7744cc45cb50f70ea297cc3d,2018,8952,,,gx-no-cache=1520440662065 HTTP/1.1" 200 93
192.168.10.62 - - [07/Mar/2018:13:40:23 -0300] "GET /cormun/servlet/hpexe_return? HTTP/1.1" 200 1010
192.168.10.62 - - [07/Mar/2018:13:40:23 -0300] "GET /cormun/servlet/trsolicitudgral? HTTP/1.1" 200 14216
192.168.10.62 - - [07/Mar/2018:13:40:24 -0300] "GET /cormun/servlet/trsolicitudgral? HTTP/1.1" 200 14212
192.168.10.62 - - [07/Mar/2018:13:40:29 -0300] "POST /cormun/servlet/trsolicitudgral?c01264ac7744cc45cb50f70ea297cc3d,,gx-no-cache=1520440668402 HTTP/1.1" 200 10618
192.168.10.62 - - [07/Mar/2018:13:40:29 -0300] "GET /cormun/static/Shared/jqueryui/images/ui-bg_highlight-soft_100_c6c2c8_1x100.png HTTP/1.1" 404 1117
192.168.10.62 - - [07/Mar/2018:13:40:29 -0300] "GET /cormun/static/Shared/jqueryui/images/ui-icons_82798d_256x240.png HTTP/1.1" 404 1089
192.168.10.62 - - [07/Mar/2018:13:40:29 -0300] "GET /cormun/static/Shared/jqueryui/images/ui-icons_8d78a5_256x240.png HTTP/1.1" 404 1089
192.168.10.62 - - [07/Mar/2018:13:40:29 -0300] "GET /cormun/static/Shared/jqueryui/images/ui-bg_flat_55_fafafa_40x100.png HTTP/1.1" 404 1097
186.103.159.204 - - [07/Mar/2018:13:40:40 -0300] "POST /cormun/servlet/trsolicitudot?178d908822b20d2e87d09450b2693b9d,,gx-no-cache=1520440786899 HTTP/1.1" 200 4280
192.168.10.96 - - [07/Mar/2018:13:41:11 -0300] "POST /cormun/servlet/trsolicitudgral?b264f63207b89694706f83643f4c650e,,gx-no-cache=1520440710195 HTTP/1.1" 200 7282
186.103.159.204 - - [07/Mar/2018:13:41:18 -0300] "GET /cormun/servlet/trsolicitudot? HTTP/1.1" 200 7057
186.103.159.204 - - [07/Mar/2018:13:41:18 -0300] "GET /cormun/servlet/trsolicitudot? HTTP/1.1" 200 7057
186.103.159.204 - - [07/Mar/2018:13:43:14 -0300] "GET /cormun/servlet/hlogin HTTP/1.1" 200 1721
186.103.159.204 - - [07/Mar/2018:13:43:28 -0300] "POST /cormun/servlet/hlogin?5ea624e908ba52fbdca460c655ea3825,gx-no-cache=1520440960819 HTTP/1.1" 200 90
186.103.159.204 - - [07/Mar/2018:13:43:28 -0300] "GET /cormun/servlet/hpexe_link HTTP/1.1" 200 948
186.103.159.204 - - [07/Mar/2018:13:43:29 -0300] "GET /cormun/servlet/hhome HTTP/1.1" 200 3849
186.103.159.204 - - [07/Mar/2018:13:43:29 -0300] "GET /cormun/servlet/hhome HTTP/1.1" 200 3845
186.103.159.204 - - [07/Mar/2018:13:43:34 -0300] "GET /cormun/servlet/trsolicitudot? HTTP/1.1" 200 7053
186.103.159.204 - - [07/Mar/2018:13:43:34 -0300] "GET /cormun/servlet/trsolicitudot? HTTP/1.1" 200 7052
186.103.159.204 - - [07/Mar/2018:13:44:40 -0300] "GET /cormun/servlet/hhome HTTP/1.1" 200 3849
186.103.159.204 - - [07/Mar/2018:13:44:40 -0300] "GET /cormun/servlet/hhome HTTP/1.1" 200 3845
190.100.93.40 - - [07/Mar/2018:13:44:42 -0300] "POST /cormun/servlet/trautorizarsolicitud?dab0c04cd745139b5f706702aaa177f5,,gx-no-cache=1520441034573 HTTP/1.1" 200 12905
190.100.93.40 - - [07/Mar/2018:13:44:42 -0300] "GET /cormun/static/Shared/jqueryui/images/ui-bg_highlight-soft_100_c6c2c8_1x100.png HTTP/1.1" 404 1117
190.100.93.40 - - [07/Mar/2018:13:44:42 -0300] "GET /cormun/static/Shared/jqueryui/images/ui-icons_82798d_256x240.png HTTP/1.1" 404 1089
190.100.93.40 - - [07/Mar/2018:13:44:42 -0300] "GET /cormun/static/Shared/jqueryui/images/ui-bg_flat_55_fafafa_40x100.png HTTP/1.1" 404 1097
190.100.93.40 - - [07/Mar/2018:13:44:42 -0300] "GET /cormun/static/Shared/jqueryui/images/ui-icons_8d78a5_256x240.png HTTP/1.1" 404 1089
190.100.93.40 - - [07/Mar/2018:13:44:43 -0300] "POST /cormun/servlet/trautorizarsolicitud?dab0c04cd745139b5f706702aaa177f5,,gx-no-cache=1520441035967 HTTP/1.1" 200 12847
186.103.159.204 - - [07/Mar/2018:13:44:44 -0300] "GET /cormun/servlet/trsolicitudot? HTTP/1.1" 200 7053
186.103.159.204 - - [07/Mar/2018:13:44:45 -0300] "GET /cormun/servlet/trsolicitudot? HTTP/1.1" 200 7052
190.100.93.40 - - [07/Mar/2018:13:44:57 -0300] "POST /cormun/servlet/trautorizarsolicitud?dab0c04cd745139b5f706702aaa177f5,,gx-no-cache=1520441049275 HTTP/1.1" 200 12543
190.100.93.40 - - [07/Mar/2018:13:44:58 -0300] "POST /cormun/servlet/trautorizarsolicitud?dab0c04cd745139b5f706702aaa177f5,,gx-no-cache=1520441051245 HTTP/1.1" 200 12484
186.103.159.204 - - [07/Mar/2018:13:44:59 -0300] "GET /cormun/servlet/hlogin HTTP/1.1" 200 1736
190.100.93.40 - - [07/Mar/2018:13:45:04 -0300] "POST /cormun/servlet/trautorizarsolicitud?dab0c04cd745139b5f706702aaa177f5,,gx-no-cache=1520441056181 HTTP/1.1" 200 12184
190.100.93.40 - - [07/Mar/2018:13:45:05 -0300] "POST /cormun/servlet/trautorizarsolicitud?dab0c04cd745139b5f706702aaa177f5,,gx-no-cache=1520441058373 HTTP/1.1" 200 12117
190.100.93.40 - - [07/Mar/2018:13:45:19 -0300] "POST /cormun/servlet/trautorizarsolicitud?dab0c04cd745139b5f706702aaa177f5,,gx-no-cache=1520441070219 HTTP/1.1" 200 11831
190.100.93.40 - - [07/Mar/2018:13:45:20 -0300] "POST /cormun/servlet/trautorizarsolicitud?dab0c04cd745139b5f706702aaa177f5,,gx-no-cache=1520441072886 HTTP/1.1" 200 11774
190.100.93.40 - - [07/Mar/2018:13:45:25 -0300] "POST /cormun/servlet/trautorizarsolicitud?dab0c04cd745139b5f706702aaa177f5,,gx-no-cache=1520441077748 HTTP/1.1" 200 11505
186.103.159.204 - - [07/Mar/2018:13:45:25 -0300] "POST /cormun/servlet/hlogin?5ea624e908ba52fbdca460c655ea3825,gx-no-cache=1520441077596 HTTP/1.1" 200 90
186.103.159.204 - - [07/Mar/2018:13:45:25 -0300] "GET /cormun/servlet/hpexe_link HTTP/1.1" 200 953
186.103.159.204 - - [07/Mar/2018:13:45:26 -0300] "GET /cormun/servlet/trsolicitudot HTTP/1.1" 200 7054
190.100.93.40 - - [07/Mar/2018:13:45:26 -0300] "POST /cormun/servlet/trautorizarsolicitud?dab0c04cd745139b5f706702aaa177f5,,gx-no-cache=1520441079387 HTTP/1.1" 200 11436
186.103.159.204 - - [07/Mar/2018:13:45:26 -0300] "GET /cormun/servlet/trsolicitudot HTTP/1.1" 200 7052
190.100.93.40 - - [07/Mar/2018:13:45:33 -0300] "POST /cormun/servlet/trautorizarsolicitud?dab0c04cd745139b5f706702aaa177f5,,gx-no-cache=1520441085914 HTTP/1.1" 200 11071
190.100.93.40 - - [07/Mar/2018:13:45:34 -0300] "POST /cormun/servlet/trautorizarsolicitud?dab0c04cd745139b5f706702aaa177f5,,gx-no-cache=1520441087305 HTTP/1.1" 200 11012
192.168.10.62 - - [07/Mar/2018:13:45:38 -0300] "POST /cormun/servlet/trsolicitudgral?c01264ac7744cc45cb50f70ea297cc3d,,gx-no-cache=1520440972636 HTTP/1.1" 200 7736
190.100.93.40 - - [07/Mar/2018:13:45:42 -0300] "POST /cormun/servlet/trautorizarsolicitud?dab0c04cd745139b5f706702aaa177f5,,gx-no-cache=1520441094370 HTTP/1.1" 200 10677
190.100.93.40 - - [07/Mar/2018:13:45:43 -0300] "POST /cormun/servlet/trautorizarsolicitud?dab0c04cd745139b5f706702aaa177f5,,gx-no-cache=1520441096102 HTTP/1.1" 200 10620
190.100.93.40 - - [07/Mar/2018:13:45:48 -0300] "POST /cormun/servlet/trautorizarsolicitud?dab0c04cd745139b5f706702aaa177f5,,gx-no-cache=1520441101523 HTTP/1.1" 200 10310
190.100.93.40 - - [07/Mar/2018:13:45:49 -0300] "POST /cormun/servlet/trautorizarsolicitud?dab0c04cd745139b5f706702aaa177f5,,gx-no-cache=1520441102281 HTTP/1.1" 200 10250
190.100.93.40 - - [07/Mar/2018:13:45:54 -0300] "POST /cormun/servlet/trautorizarsolicitud?dab0c04cd745139b5f706702aaa177f5,,gx-no-cache=1520441107280 HTTP/1.1" 200 9855
190.100.93.40 - - [07/Mar/2018:13:45:55 -0300] "POST /cormun/servlet/trautorizarsolicitud?dab0c04cd745139b5f706702aaa177f5,,gx-no-cache=1520441108046 HTTP/1.1" 200 9799
190.100.93.40 - - [07/Mar/2018:13:46:00 -0300] "POST /cormun/servlet/trautorizarsolicitud?dab0c04cd745139b5f706702aaa177f5,,gx-no-cache=1520441112872 HTTP/1.1" 200 9506
190.100.93.40 - - [07/Mar/2018:13:46:00 -0300] "POST /cormun/servlet/trautorizarsolicitud?dab0c04cd745139b5f706702aaa177f5,,gx-no-cache=1520441113571 HTTP/1.1" 200 9432
190.100.93.40 - - [07/Mar/2018:13:46:07 -0300] "POST /cormun/servlet/trautorizarsolicitud?dab0c04cd745139b5f706702aaa177f5,,gx-no-cache=1520441120367 HTTP/1.1" 200 9133
190.100.93.40 - - [07/Mar/2018:13:46:07 -0300] "POST /cormun/servlet/trautorizarsolicitud?dab0c04cd745139b5f706702aaa177f5,,gx-no-cache=1520441120981 HTTP/1.1" 200 9076
190.100.93.40 - - [07/Mar/2018:13:46:14 -0300] "POST /cormun/servlet/trautorizarsolicitud?dab0c04cd745139b5f706702aaa177f5,,gx-no-cache=1520441127280 HTTP/1.1" 200 8734
190.100.93.40 - - [07/Mar/2018:13:46:14 -0300] "POST /cormun/servlet/trautorizarsolicitud?dab0c04cd745139b5f706702aaa177f5,,gx-no-cache=1520441127899 HTTP/1.1" 200 8676
190.100.93.40 - - [07/Mar/2018:13:46:18 -0300] "POST /cormun/servlet/trautorizarsolicitud?dab0c04cd745139b5f706702aaa177f5,,gx-no-cache=1520441131399 HTTP/1.1" 200 8347
190.100.93.40 - - [07/Mar/2018:13:46:18 -0300] "POST /cormun/servlet/trautorizarsolicitud?dab0c04cd745139b5f706702aaa177f5,,gx-no-cache=1520441132010 HTTP/1.1" 200 8290
190.100.93.40 - - [07/Mar/2018:13:46:23 -0300] "POST /cormun/servlet/trautorizarsolicitud?dab0c04cd745139b5f706702aaa177f5,,gx-no-cache=1520441136621 HTTP/1.1" 200 7979
190.100.93.40 - - [07/Mar/2018:13:46:24 -0300] "POST /cormun/servlet/trautorizarsolicitud?dab0c04cd745139b5f706702aaa177f5,,gx-no-cache=1520441137151 HTTP/1.1" 200 7923
190.100.93.40 - - [07/Mar/2018:13:46:29 -0300] "POST /cormun/servlet/trautorizarsolicitud?dab0c04cd745139b5f706702aaa177f5,,gx-no-cache=1520441142222 HTTP/1.1" 200 7650
190.100.93.40 - - [07/Mar/2018:13:46:30 -0300] "POST /cormun/servlet/trautorizarsolicitud?dab0c04cd745139b5f706702aaa177f5,,gx-no-cache=1520441143273 HTTP/1.1" 200 7594
190.100.93.40 - - [07/Mar/2018:13:46:35 -0300] "POST /cormun/servlet/trautorizarsolicitud?dab0c04cd745139b5f706702aaa177f5,,gx-no-cache=1520441148129 HTTP/1.1" 200 7281
190.100.93.40 - - [07/Mar/2018:13:46:35 -0300] "POST /cormun/servlet/trautorizarsolicitud?dab0c04cd745139b5f706702aaa177f5,,gx-no-cache=1520441148667 HTTP/1.1" 200 7225
190.100.93.40 - - [07/Mar/2018:13:46:40 -0300] "POST /cormun/servlet/trautorizarsolicitud?dab0c04cd745139b5f706702aaa177f5,,gx-no-cache=1520441153121 HTTP/1.1" 200 6917
190.100.93.40 - - [07/Mar/2018:13:46:40 -0300] "POST /cormun/servlet/trautorizarsolicitud?dab0c04cd745139b5f706702aaa177f5,,gx-no-cache=1520441153557 HTTP/1.1" 200 6862
190.100.93.40 - - [07/Mar/2018:13:46:46 -0300] "POST /cormun/servlet/trautorizarsolicitud?dab0c04cd745139b5f706702aaa177f5,,gx-no-cache=1520441159108 HTTP/1.1" 200 6567
190.100.93.40 - - [07/Mar/2018:13:46:46 -0300] "POST /cormun/servlet/trautorizarsolicitud?dab0c04cd745139b5f706702aaa177f5,,gx-no-cache=1520441159530 HTTP/1.1" 200 6512
190.100.93.40 - - [07/Mar/2018:13:46:53 -0300] "POST /cormun/servlet/trautorizarsolicitud?dab0c04cd745139b5f706702aaa177f5,,gx-no-cache=1520441166689 HTTP/1.1" 200 6218
190.100.93.40 - - [07/Mar/2018:13:46:54 -0300] "POST /cormun/servlet/trautorizarsolicitud?dab0c04cd745139b5f706702aaa177f5,,gx-no-cache=1520441168006 HTTP/1.1" 200 6162
190.100.93.40 - - [07/Mar/2018:13:47:02 -0300] "POST /cormun/servlet/trautorizarsolicitud?dab0c04cd745139b5f706702aaa177f5,,gx-no-cache=1520441175297 HTTP/1.1" 200 5841
190.100.93.40 - - [07/Mar/2018:13:47:02 -0300] "POST /cormun/servlet/trautorizarsolicitud?dab0c04cd745139b5f706702aaa177f5,,gx-no-cache=1520441175604 HTTP/1.1" 200 5786
190.100.93.40 - - [07/Mar/2018:13:47:05 -0300] "POST /cormun/servlet/trautorizarsolicitud?dab0c04cd745139b5f706702aaa177f5,,gx-no-cache=1520441178926 HTTP/1.1" 200 4632
190.100.93.40 - - [07/Mar/2018:13:47:06 -0300] "POST /cormun/servlet/trautorizarsolicitud?dab0c04cd745139b5f706702aaa177f5,,gx-no-cache=1520441179919 HTTP/1.1" 200 4397
190.100.93.40 - - [07/Mar/2018:13:47:11 -0300] "GET /cormun/servlet/trsolicitudot? HTTP/1.1" 200 7541
190.100.93.40 - - [07/Mar/2018:13:47:11 -0300] "GET /cormun/servlet/trsolicitudot? HTTP/1.1" 200 7541
190.100.93.40 - - [07/Mar/2018:13:47:14 -0300] "GET /cormun/servlet/solicitudot?INS,0,0, HTTP/1.1" 200 13789
190.100.93.40 - - [07/Mar/2018:13:47:14 -0300] "GET /cormun/static/gxcfg.js?201812313224582 HTTP/1.1" 304 -
190.100.93.40 - - [07/Mar/2018:13:47:14 -0300] "GET /cormun/servlet/solicitudot?INS,0,0, HTTP/1.1" 200 13794
190.100.93.40 - - [07/Mar/2018:13:47:41 -0300] "POST /cormun/servlet/solicitudot?gx-no-cache=1520441214514 HTTP/1.1" 200 3413
190.100.93.40 - - [07/Mar/2018:13:47:41 -0300] "POST /cormun/servlet/solicitudot?dab0c04cd745139b5f706702aaa177f5,INS,0,0,,gx-no-cache=1520441214818 HTTP/1.1" 200 10557
190.100.93.40 - - [07/Mar/2018:13:47:41 -0300] "GET /cormun/servlet/solicitudot?3213020bfd06b95eb18dbfcec390d8001fe1b2b923ec77a12e6b28fbe3b9ec23dd3251be7b9f5e290a015b54e5cabc35,gx-no-cache=1520441215039 HTTP/1.1" 200 30
190.100.93.40 - - [07/Mar/2018:13:47:47 -0300] "GET /cormun/servlet/solicitudot?3213020bfd06b95eb18dbfcec390d8005690f9392d36f90bac9e97ce68e22460103afeaef08cf50ad774f14bf6b6ecef,gx-no-cache=1520441220195 HTTP/1.1" 200 30
190.100.93.40 - - [07/Mar/2018:13:47:47 -0300] "GET /cormun/servlet/solicitudot?3213020bfd06b95eb18dbfcec390d800fac45fb32e4894ab4a7670747a7805f3,gx-no-cache=1520441220245 HTTP/1.1" 200 53
190.100.93.40 - - [07/Mar/2018:13:47:47 -0300] "POST /cormun/servlet/solicitudot?gx-no-cache=1520441220527 HTTP/1.1" 200 256
190.100.93.40 - - [07/Mar/2018:13:47:47 -0300] "GET /cormun/servlet/solicitudot?3213020bfd06b95eb18dbfcec390d800b79e98e32a4c5f00a238fb35778647a6eaf13402b2c9695e83a67ff668d107e3584d022f919c6b655847bbe89fe7d3ba2f813db74ec43217cb64ee4296cb68adfc4aa56e0c957bcac06c8c034f47942e7c79f055c4e328fd94e8a1bd34e3cd222e99e1e0b548d6018ca6a4352e0f57f608d7c0facd33e3ff63131d3c0496f88aa168b4f3f3c0207a50eaa42b25df564de3711445d1e7e3f25f92f75d34423f52a2464480f557c383a60f911a0cdebae39b515591c5e06f6e165beb0823ec103da95b1f92080a4b38ca696ed703f1e02c3e09e10e310587942d95e7cbfaf81f2108170113f45fe02bc50812dedfa7efd35512058a186193e1e6bd2067708fa22537f3cb351f3f0ec20937e8db0a5fa413f50f56e1212ca448a549281fe3a448260cccadacfc05c2600e32abf4f2558aa07a18da872e7a185f66c8d167102b7767855d0c6b2c0b4a4eddb00d9278dd768191aeb604eb59b528fccfe5f80637de756aedbe4dfc7b24cf2ac2802a3149005b,gx-no-cache=1520441220593 HTTP/1.1" 200 30
190.100.93.40 - - [07/Mar/2018:13:47:50 -0300] "POST /cormun/servlet/solicitudot?gx-no-cache=1520441223279 HTTP/1.1" 200 30
190.100.93.40 - - [07/Mar/2018:13:48:11 -0300] "POST /cormun/servlet/solicitudot?gx-no-cache=1520441244240 HTTP/1.1" 200 1336
190.100.93.40 - - [07/Mar/2018:13:48:11 -0300] "POST /cormun/servlet/solicitudot?gx-no-cache=1520441244397 HTTP/1.1" 200 38
190.100.93.40 - - [07/Mar/2018:13:48:18 -0300] "GET /cormun/servlet/solicitudot?3213020bfd06b95eb18dbfcec390d80071d75857decac3d7dc5e3685d1311e15958f03d99ad452728c7d915e324793897dbe01a3cda385c14b3959f00cc80ffcfbd41af15f42a0bcb6866fc54cdfbbee43ee4704c6d30bc3369dfbd79bf0e6b08295dc1988a9f0b11f435177a739c639,gx-no-cache=1520441251770 HTTP/1.1" 200 29
190.100.93.40 - - [07/Mar/2018:13:48:18 -0300] "POST /cormun/servlet/solicitudot?gx-no-cache=1520441251826 HTTP/1.1" 200 1318
190.100.93.40 - - [07/Mar/2018:13:48:18 -0300] "POST /cormun/servlet/solicitudot?gx-no-cache=1520441251895 HTTP/1.1" 200 1218
190.100.93.40 - - [07/Mar/2018:13:48:18 -0300] "GET /cormun/static/menuarrow.gif HTTP/1.1" 404 1015
190.100.93.40 - - [07/Mar/2018:13:48:30 -0300] "POST /cormun/servlet/solicitudot?gx-no-cache=1520441263389 HTTP/1.1" 200 1318
190.100.93.40 - - [07/Mar/2018:13:48:30 -0300] "POST /cormun/servlet/solicitudot?gx-no-cache=1520441263488 HTTP/1.1" 200 1218
190.100.93.40 - - [07/Mar/2018:13:48:32 -0300] "GET /cormun/servlet/solicitudot?3213020bfd06b95eb18dbfcec390d800a5ce78297658f9abdd449592691fb3a6180ffc7cca548babe0d0ff308ebd792e,gx-no-cache=1520441266024 HTTP/1.1" 200 30
200.112.3.25 - - [07/Mar/2018:13:48:39 -0300] "POST /cormun/servlet/hlogin?e3b14d7ebebb56637db6f903a0356581,gx-no-cache=1520441270679 HTTP/1.1" 440 972
200.112.3.25 - - [07/Mar/2018:13:48:42 -0300] "GET /cormun/servlet/hlogin HTTP/1.1" 200 1729
200.112.3.25 - - [07/Mar/2018:13:48:42 -0300] "GET /cormun/servlet/hlogin HTTP/1.1" 200 1729
200.112.3.25 - - [07/Mar/2018:13:48:51 -0300] "POST /cormun/servlet/hlogin?b3de6ebd948b20f9ff497a6c8aaaa9dd,gx-no-cache=1520441281989 HTTP/1.1" 200 90
200.112.3.25 - - [07/Mar/2018:13:48:51 -0300] "GET /cormun/servlet/hpexe_link HTTP/1.1" 200 948
200.112.3.25 - - [07/Mar/2018:13:48:51 -0300] "GET /cormun/servlet/hhome HTTP/1.1" 200 4202
190.100.93.40 - - [07/Mar/2018:13:48:51 -0300] "POST /cormun/servlet/solicitudot?gx-no-cache=1520441284572 HTTP/1.1" 200 33
200.112.3.25 - - [07/Mar/2018:13:48:52 -0300] "GET /cormun/servlet/hhome HTTP/1.1" 200 4198
186.103.159.204 - - [07/Mar/2018:13:48:55 -0300] "GET /cormun/servlet/trautorizarsolicitud? HTTP/1.1" 200 7162
186.103.159.204 - - [07/Mar/2018:13:48:56 -0300] "GET /cormun/servlet/trautorizarsolicitud? HTTP/1.1" 200 7162
200.112.3.25 - - [07/Mar/2018:13:48:57 -0300] "GET /cormun/servlet/trautorizarsolicitud? HTTP/1.1" 200 7313
200.112.3.25 - - [07/Mar/2018:13:48:57 -0300] "GET /cormun/static/gxui/gxui-all.css?120300 HTTP/1.1" 200 2179
200.112.3.25 - - [07/Mar/2018:13:48:58 -0300] "GET /cormun/static/calendar-system.css?85620 HTTP/1.1" 200 5572
200.112.3.25 - - [07/Mar/2018:13:48:58 -0300] "GET /cormun/static/gxcfg.js?2017111423403364 HTTP/1.1" 200 953
200.112.3.25 - - [07/Mar/2018:13:48:58 -0300] "GET /cormun/static/Resources/Spanish/PXTools.css?1255365 HTTP/1.1" 200 89042
200.112.3.25 - - [07/Mar/2018:13:48:58 -0300] "GET /cormun/static/trautorizarsolicitud.js?201711142340425 HTTP/1.1" 200 53910
200.112.3.25 - - [07/Mar/2018:13:48:58 -0300] "GET /cormun/static/Resources/PXTools/calendar.png HTTP/1.1" 200 1306
200.112.3.25 - - [07/Mar/2018:13:48:58 -0300] "GET /cormun/static/Shared/ext/resources/css/ext-all.css?215870 HTTP/1.1" 200 416045
200.112.3.25 - - [07/Mar/2018:13:48:59 -0300] "GET /cormun/servlet/trautorizarsolicitud? HTTP/1.1" 200 7313
200.112.3.25 - - [07/Mar/2018:13:49:01 -0300] "GET /cormun/static/menuarrow.gif HTTP/1.1" 404 1015
186.103.159.204 - - [07/Mar/2018:13:49:03 -0300] "POST /cormun/servlet/trautorizarsolicitud?6f3e90df06f8f438ccba612c58980c90,,gx-no-cache=1520441295070 HTTP/1.1" 200 4402
186.103.159.204 - - [07/Mar/2018:13:49:04 -0300] "POST /cormun/servlet/trautorizarsolicitud?6f3e90df06f8f438ccba612c58980c90,,gx-no-cache=1520441296012 HTTP/1.1" 200 4401
200.112.3.25 - - [07/Mar/2018:13:49:06 -0300] "POST /cormun/servlet/trautorizarsolicitud?b3de6ebd948b20f9ff497a6c8aaaa9dd,,gx-no-cache=1520441297168 HTTP/1.1" 200 4397
186.103.159.204 - - [07/Mar/2018:13:49:11 -0300] "GET /cormun/servlet/trautorizarsolicitud? HTTP/1.1" 200 7162
186.103.159.204 - - [07/Mar/2018:13:49:12 -0300] "GET /cormun/servlet/trautorizarsolicitud? HTTP/1.1" 200 7162
186.103.159.204 - - [07/Mar/2018:13:49:14 -0300] "POST /cormun/servlet/trautorizarsolicitud?6f3e90df06f8f438ccba612c58980c90,,gx-no-cache=1520441305826 HTTP/1.1" 200 4401
186.103.159.204 - - [07/Mar/2018:13:49:16 -0300] "POST /cormun/servlet/trautorizarsolicitud?6f3e90df06f8f438ccba612c58980c90,,gx-no-cache=1520441307712 HTTP/1.1" 200 4402
186.103.159.204 - - [07/Mar/2018:13:49:20 -0300] "GET /cormun/servlet/hlogin HTTP/1.1" 200 1735
200.112.3.25 - - [07/Mar/2018:13:49:41 -0300] "POST /cormun/servlet/trautorizarsolicitud?b3de6ebd948b20f9ff497a6c8aaaa9dd,,gx-no-cache=1520441331759 HTTP/1.1" 200 9247
200.112.3.25 - - [07/Mar/2018:13:49:41 -0300] "GET /cormun//static/Resources/PXToolsActionView.png HTTP/1.1" 200 2995
200.112.3.25 - - [07/Mar/2018:13:49:41 -0300] "GET /cormun//static/Resources/PXToolsRemoveAllAction.png HTTP/1.1" 200 3558
200.112.3.25 - - [07/Mar/2018:13:49:41 -0300] "GET /cormun//static/Resources/PXToolsGridDelete.png HTTP/1.1" 200 357
200.112.3.25 - - [07/Mar/2018:13:49:41 -0300] "GET /cormun//static/Resources/PXTools/ActionInsert.png HTTP/1.1" 200 1482
190.100.93.40 - - [07/Mar/2018:13:49:44 -0300] "POST /cormun/servlet/solicitudot?dab0c04cd745139b5f706702aaa177f5,INS,0,0,,gx-no-cache=1520441337351 HTTP/1.1" 200 93
190.100.93.40 - - [07/Mar/2018:13:49:44 -0300] "GET /cormun/servlet/hpexe_return? HTTP/1.1" 200 1009
190.100.93.40 - - [07/Mar/2018:13:49:44 -0300] "GET /cormun/static/gxcfg.js?2016101716175148 HTTP/1.1" 304 -
190.100.93.40 - - [07/Mar/2018:13:49:44 -0300] "GET /cormun/servlet/trsolicitudot HTTP/1.1" 200 8921
190.100.93.40 - - [07/Mar/2018:13:49:45 -0300] "GET /cormun/servlet/trsolicitudot HTTP/1.1" 200 8917
200.112.3.25 - - [07/Mar/2018:13:50:13 -0300] "POST /cormun/servlet/trautorizarsolicitud?b3de6ebd948b20f9ff497a6c8aaaa9dd,,gx-no-cache=1520441363442 HTTP/1.1" 200 9266
200.112.3.25 - - [07/Mar/2018:13:50:14 -0300] "GET /cormun/static/Shared/jqueryui/images/ui-bg_highlight-soft_100_c6c2c8_1x100.png HTTP/1.1" 404 1117
200.112.3.25 - - [07/Mar/2018:13:50:14 -0300] "GET /cormun/static/Shared/jqueryui/images/ui-icons_82798d_256x240.png HTTP/1.1" 404 1089
200.112.3.25 - - [07/Mar/2018:13:50:14 -0300] "GET /cormun/static/Shared/jqueryui/images/ui-bg_flat_55_fafafa_40x100.png HTTP/1.1" 404 1097
200.112.3.25 - - [07/Mar/2018:13:50:14 -0300] "GET /cormun/static/Shared/jqueryui/images/ui-icons_8d78a5_256x240.png HTTP/1.1" 404 1089
200.112.3.25 - - [07/Mar/2018:13:51:06 -0300] "POST /cormun/servlet/trautorizarsolicitud?b3de6ebd948b20f9ff497a6c8aaaa9dd,,gx-no-cache=1520441416477 HTTP/1.1" 200 9264
200.112.3.25 - - [07/Mar/2018:13:51:16 -0300] "GET /cormun/servlet/trsolicitudot? HTTP/1.1" 200 10720
200.112.3.25 - - [07/Mar/2018:13:51:16 -0300] "GET /cormun/static/gxcfg.js?2017111422585916 HTTP/1.1" 200 953
200.112.3.25 - - [07/Mar/2018:13:51:16 -0300] "GET /cormun/static/trsolicitudot.js?201711142259839 HTTP/1.1" 200 54041
200.112.3.25 - - [07/Mar/2018:13:51:17 -0300] "GET /cormun/servlet/trsolicitudot? HTTP/1.1" 200 10719
190.100.93.40 - - [07/Mar/2018:13:51:23 -0300] "POST /cormun/servlet/trsolicitudot?dab0c04cd745139b5f706702aaa177f5,gx-no-cache=1520441436418 HTTP/1.1" 200 4695
190.100.93.40 - - [07/Mar/2018:13:51:23 -0300] "GET /cormun/static/Shared/jqueryui/images/ui-bg_highlight-soft_100_c6c2c8_1x100.png HTTP/1.1" 404 1117
190.100.93.40 - - [07/Mar/2018:13:51:23 -0300] "GET /cormun/static/Shared/jqueryui/images/ui-icons_82798d_256x240.png HTTP/1.1" 404 1089
190.100.93.40 - - [07/Mar/2018:13:51:23 -0300] "GET /cormun/static/Shared/jqueryui/images/ui-bg_flat_55_fafafa_40x100.png HTTP/1.1" 404 1097
190.100.93.40 - - [07/Mar/2018:13:51:23 -0300] "GET /cormun/static/Shared/jqueryui/images/ui-icons_8d78a5_256x240.png HTTP/1.1" 404 1089
190.100.93.40 - - [07/Mar/2018:13:51:23 -0300] "POST /cormun/servlet/trsolicitudot?dab0c04cd745139b5f706702aaa177f5,gx-no-cache=1520441436733 HTTP/1.1" 200 4463
190.100.93.40 - - [07/Mar/2018:13:51:26 -0300] "GET /cormun/servlet/trautorizarsolicitud? HTTP/1.1" 200 8813
190.100.93.40 - - [07/Mar/2018:13:51:26 -0300] "GET /cormun/servlet/trautorizarsolicitud? HTTP/1.1" 200 8814
200.112.3.25 - - [07/Mar/2018:13:51:32 -0300] "POST /cormun/servlet/trsolicitudot?b3de6ebd948b20f9ff497a6c8aaaa9dd,,gx-no-cache=1520441442851 HTTP/1.1" 200 7430
200.112.3.25 - - [07/Mar/2018:13:51:33 -0300] "POST /cormun/servlet/trsolicitudot?b3de6ebd948b20f9ff497a6c8aaaa9dd,,gx-no-cache=1520441443574 HTTP/1.1" 200 7410
190.100.93.40 - - [07/Mar/2018:13:51:36 -0300] "POST /cormun/servlet/trautorizarsolicitud?dab0c04cd745139b5f706702aaa177f5,,gx-no-cache=1520441449654 HTTP/1.1" 200 4628
190.100.93.40 - - [07/Mar/2018:13:51:36 -0300] "POST /cormun/servlet/trautorizarsolicitud?dab0c04cd745139b5f706702aaa177f5,,gx-no-cache=1520441449920 HTTP/1.1" 200 4394
200.112.3.25 - - [07/Mar/2018:13:51:43 -0300] "GET /cormun/static/menuarrow.gif HTTP/1.1" 404 1015
186.103.159.204 - - [07/Mar/2018:13:51:45 -0300] "GET /cormun/servlet/hlogin HTTP/1.1" 200 1723
186.103.159.204 - - [07/Mar/2018:13:51:45 -0300] "GET /cormun/servlet/hlogin HTTP/1.1" 200 1733
200.112.3.25 - - [07/Mar/2018:13:51:49 -0300] "POST /cormun/servlet/trsolicitudot?b3de6ebd948b20f9ff497a6c8aaaa9dd,,gx-no-cache=1520441459783 HTTP/1.1" 200 8985
190.100.93.40 - - [07/Mar/2018:13:51:51 -0300] "GET /cormun/servlet/trcontratounov2? HTTP/1.1" 200 17530
190.100.93.40 - - [07/Mar/2018:13:51:51 -0300] "GET /cormun/static/gxcfg.js?201752512124396 HTTP/1.1" 304 -
190.100.93.40 - - [07/Mar/2018:13:51:52 -0300] "GET /cormun/servlet/trcontratounov2? HTTP/1.1" 200 17518
200.112.3.25 - - [07/Mar/2018:13:52:14 -0300] "POST /cormun/servlet/trsolicitudot?b3de6ebd948b20f9ff497a6c8aaaa9dd,,gx-no-cache=1520441484426 HTTP/1.1" 200 8555
200.112.3.25 - - [07/Mar/2018:13:52:15 -0300] "POST /cormun/servlet/trsolicitudot?b3de6ebd948b20f9ff497a6c8aaaa9dd,,gx-no-cache=1520441485386 HTTP/1.1" 200 8534
186.103.159.204 - - [07/Mar/2018:13:52:21 -0300] "POST /cormun/servlet/hlogin?61eb7b0ae696b6703f0c546f652be710,gx-no-cache=1520441493013 HTTP/1.1" 200 90
186.103.159.204 - - [07/Mar/2018:13:52:21 -0300] "GET /cormun/servlet/hpexe_link HTTP/1.1" 200 953
186.103.159.204 - - [07/Mar/2018:13:52:21 -0300] "GET /cormun/servlet/hhome HTTP/1.1" 200 3854
186.103.159.204 - - [07/Mar/2018:13:52:22 -0300] "GET /cormun/servlet/hhome HTTP/1.1" 200 3851
186.103.159.204 - - [07/Mar/2018:13:52:26 -0300] "GET /cormun/servlet/trsolicitudot? HTTP/1.1" 200 7061
186.103.159.204 - - [07/Mar/2018:13:52:27 -0300] "GET /cormun/servlet/trsolicitudot? HTTP/1.1" 200 7060
190.100.93.40 - - [07/Mar/2018:13:52:30 -0300] "GET /cormun/servlet/trcontratosolicitud? HTTP/1.1" 200 14638
190.100.93.40 - - [07/Mar/2018:13:52:30 -0300] "GET /cormun/servlet/trcontratosolicitud? HTTP/1.1" 200 14643
200.112.3.25 - - [07/Mar/2018:13:53:06 -0300] "POST /cormun/servlet/trsolicitudot?b3de6ebd948b20f9ff497a6c8aaaa9dd,,gx-no-cache=1520441537144 HTTP/1.1" 200 8150
200.112.3.25 - - [07/Mar/2018:13:53:07 -0300] "POST /cormun/servlet/trsolicitudot?b3de6ebd948b20f9ff497a6c8aaaa9dd,,gx-no-cache=1520441538037 HTTP/1.1" 200 8130
186.103.159.204 - - [07/Mar/2018:13:53:23 -0300] "POST /cormun/servlet/hlogin?6f3e90df06f8f438ccba612c58980c90,gx-no-cache=1520441555499 HTTP/1.1" 200 90
186.103.159.204 - - [07/Mar/2018:13:53:23 -0300] "GET /cormun/servlet/hpexe_link HTTP/1.1" 200 956
186.103.159.204 - - [07/Mar/2018:13:53:24 -0300] "GET /cormun/servlet/trautorizarsolicitud? HTTP/1.1" 200 7163
186.103.159.204 - - [07/Mar/2018:13:53:24 -0300] "GET /cormun/servlet/trautorizarsolicitud? HTTP/1.1" 200 7162
186.103.159.204 - - [07/Mar/2018:13:53:38 -0300] "GET /cormun/servlet/trautorizarsolicitud? HTTP/1.1" 200 7162
186.103.159.204 - - [07/Mar/2018:13:53:38 -0300] "GET /cormun/servlet/trautorizarsolicitud? HTTP/1.1" 200 7162
186.103.159.204 - - [07/Mar/2018:13:53:42 -0300] "POST /cormun/servlet/trautorizarsolicitud?6f3e90df06f8f438ccba612c58980c90,,gx-no-cache=1520441573685 HTTP/1.1" 200 4402
186.103.159.204 - - [07/Mar/2018:13:53:45 -0300] "POST /cormun/servlet/trautorizarsolicitud?6f3e90df06f8f438ccba612c58980c90,,gx-no-cache=1520441576181 HTTP/1.1" 200 4402
200.112.3.25 - - [07/Mar/2018:13:53:45 -0300] "POST /cormun/servlet/trsolicitudot?b3de6ebd948b20f9ff497a6c8aaaa9dd,,gx-no-cache=1520441575239 HTTP/1.1" 200 7809
200.112.3.25 - - [07/Mar/2018:13:53:45 -0300] "POST /cormun/servlet/trsolicitudot?b3de6ebd948b20f9ff497a6c8aaaa9dd,,gx-no-cache=1520441576324 HTTP/1.1" 200 7789
186.103.159.204 - - [07/Mar/2018:13:53:50 -0300] "GET /cormun/servlet/trcontratoobservaciondir? HTTP/1.1" 200 13908
186.103.159.204 - - [07/Mar/2018:13:53:51 -0300] "GET /cormun/servlet/trcontratoobservaciondir? HTTP/1.1" 200 13908
186.103.159.204 - - [07/Mar/2018:13:54:04 -0300] "GET /cormun/servlet/trsolicitudot? HTTP/1.1" 200 6395
186.103.159.204 - - [07/Mar/2018:13:54:05 -0300] "GET /cormun/servlet/hlogin HTTP/1.1" 200 1738
186.103.159.204 - - [07/Mar/2018:13:54:05 -0300] "GET /cormun/servlet/trsolicitudot? HTTP/1.1" 200 6395
186.103.159.204 - - [07/Mar/2018:13:54:05 -0300] "GET /cormun/servlet/trautorizarsolicitud? HTTP/1.1" 200 7163
186.103.156.24 - - [07/Mar/2018:13:54:05 -0300] "GET /cormun/servlet/hlogin HTTP/1.1" 200 1723
186.103.159.204 - - [07/Mar/2018:13:54:06 -0300] "GET /cormun/servlet/trautorizarsolicitud? HTTP/1.1" 200 7162
186.103.159.204 - - [07/Mar/2018:13:54:19 -0300] "GET /cormun/static/menuarrow.gif HTTP/1.1" 404 1015
186.103.156.24 - - [07/Mar/2018:13:54:21 -0300] "POST /cormun/servlet/hlogin?fb094c215274b81a2027af2db7f013f0,gx-no-cache=1520441612820 HTTP/1.1" 200 431
186.103.159.204 - - [07/Mar/2018:13:54:35 -0300] "POST /cormun/servlet/trautorizarsolicitud?6f3e90df06f8f438ccba612c58980c90,,gx-no-cache=1520441626669 HTTP/1.1" 200 4406
186.103.159.204 - - [07/Mar/2018:13:54:36 -0300] "POST /cormun/servlet/trautorizarsolicitud?6f3e90df06f8f438ccba612c58980c90,,gx-no-cache=1520441628084 HTTP/1.1" 200 4406
186.103.159.204 - - [07/Mar/2018:13:54:37 -0300] "POST /cormun/servlet/trautorizarsolicitud?6f3e90df06f8f438ccba612c58980c90,,gx-no-cache=1520441628824 HTTP/1.1" 200 4406
186.103.159.204 - - [07/Mar/2018:13:54:46 -0300] "GET /cormun/servlet/hhome HTTP/1.1" 200 4049
186.103.159.204 - - [07/Mar/2018:13:54:47 -0300] "GET /cormun/servlet/hhome HTTP/1.1" 200 4046
186.103.159.204 - - [07/Mar/2018:13:54:56 -0300] "GET /cormun/servlet/trautorizarsolicitud? HTTP/1.1" 200 7159
186.103.159.204 - - [07/Mar/2018:13:54:56 -0300] "GET /cormun/servlet/trautorizarsolicitud? HTTP/1.1" 200 7159
186.103.159.204 - - [07/Mar/2018:13:55:04 -0300] "POST /cormun/servlet/trautorizarsolicitud?6f3e90df06f8f438ccba612c58980c90,,gx-no-cache=1520441656529 HTTP/1.1" 200 4399
186.103.159.204 - - [07/Mar/2018:13:55:05 -0300] "GET /cormun/servlet/hlogin HTTP/1.1" 200 1719
186.103.159.204 - - [07/Mar/2018:13:55:05 -0300] "POST /cormun/servlet/trautorizarsolicitud?6f3e90df06f8f438ccba612c58980c90,,gx-no-cache=1520441657565 HTTP/1.1" 200 4399
186.103.159.204 - - [07/Mar/2018:13:55:08 -0300] "POST /cormun/servlet/trautorizarsolicitud?6f3e90df06f8f438ccba612c58980c90,,gx-no-cache=1520441660338 HTTP/1.1" 200 4398
186.103.159.204 - - [07/Mar/2018:13:55:09 -0300] "POST /cormun/servlet/trautorizarsolicitud?6f3e90df06f8f438ccba612c58980c90,,gx-no-cache=1520441661196 HTTP/1.1" 200 4399
186.103.159.189 - - [07/Mar/2018:13:55:14 -0300] "POST /cormun/servlet/trsolicitudot?539330028845b861c19d8bcac9ad9479,gx-no-cache=1520434658926,gx-no-cache=1520441666412 HTTP/1.1" 440 972
186.103.159.189 - - [07/Mar/2018:13:55:17 -0300] "GET /cormun/servlet/trsolicitudot?gx-no-cache=1520434658926 HTTP/1.1" 200 6405
186.103.159.189 - - [07/Mar/2018:13:55:19 -0300] "GET /cormun/servlet/trsolicitudot?gx-no-cache=1520434658926 HTTP/1.1" 200 6405
186.103.159.189 - - [07/Mar/2018:13:55:19 -0300] "GET /cormun/servlet/hlogin HTTP/1.1" 200 1751
186.103.159.204 - - [07/Mar/2018:13:55:19 -0300] "POST /cormun/servlet/hlogin?7e72b57633783f79c9f6b506489092a3,gx-no-cache=1520441671314 HTTP/1.1" 200 90
186.103.159.204 - - [07/Mar/2018:13:55:19 -0300] "GET /cormun/servlet/hpexe_link HTTP/1.1" 200 951
186.103.159.204 - - [07/Mar/2018:13:55:19 -0300] "GET /cormun/static/hpexe_link.js?20177612121795 HTTP/1.1" 304 -
186.103.159.204 - - [07/Mar/2018:13:55:19 -0300] "GET /cormun/servlet/hhome HTTP/1.1" 200 3853
186.103.159.204 - - [07/Mar/2018:13:55:20 -0300] "GET /cormun/servlet/hhome HTTP/1.1" 200 3849
186.103.159.204 - - [07/Mar/2018:13:55:25 -0300] "GET /cormun/servlet/trsolicitudot? HTTP/1.1" 200 7058
186.103.159.204 - - [07/Mar/2018:13:55:26 -0300] "GET /cormun/servlet/trsolicitudot? HTTP/1.1" 200 7057
186.103.159.204 - - [07/Mar/2018:13:55:54 -0300] "GET /cormun/servlet/trautorizarsolicitud? HTTP/1.1" 200 7159
186.103.159.204 - - [07/Mar/2018:13:55:54 -0300] "GET /cormun/servlet/trautorizarsolicitud? HTTP/1.1" 200 7159
186.103.159.204 - - [07/Mar/2018:13:56:06 -0300] "GET /cormun/servlet/trvisualizadoreventos? HTTP/1.1" 200 7147
186.103.159.204 - - [07/Mar/2018:13:56:06 -0300] "GET /cormun/servlet/trvisualizadoreventos? HTTP/1.1" 200 7146
186.103.159.204 - - [07/Mar/2018:13:56:34 -0300] "GET /cormun/servlet/trautorizarsolicitud? HTTP/1.1" 200 7159
186.103.159.204 - - [07/Mar/2018:13:56:34 -0300] "GET /cormun/servlet/trautorizarsolicitud? HTTP/1.1" 200 7159
186.103.159.204 - - [07/Mar/2018:13:56:40 -0300] "POST /cormun/servlet/trautorizarsolicitud?6f3e90df06f8f438ccba612c58980c90,,gx-no-cache=1520441751804 HTTP/1.1" 200 4406
186.103.159.204 - - [07/Mar/2018:13:56:41 -0300] "POST /cormun/servlet/trautorizarsolicitud?6f3e90df06f8f438ccba612c58980c90,,gx-no-cache=1520441752990 HTTP/1.1" 200 4407
186.103.159.204 - - [07/Mar/2018:13:56:41 -0300] "POST /cormun/servlet/trautorizarsolicitud?6f3e90df06f8f438ccba612c58980c90,,gx-no-cache=1520441753297 HTTP/1.1" 200 4407
186.103.159.204 - - [07/Mar/2018:13:56:43 -0300] "POST /cormun/servlet/trautorizarsolicitud?6f3e90df06f8f438ccba612c58980c90,,gx-no-cache=1520441754276 HTTP/1.1" 200 4407
186.103.159.204 - - [07/Mar/2018:13:56:49 -0300] "GET /cormun/servlet/hlogin HTTP/1.1" 200 1719
186.103.159.204 - - [07/Mar/2018:13:56:52 -0300] "GET /cormun/servlet/trsolicitudot? HTTP/1.1" 200 7305
186.103.159.204 - - [07/Mar/2018:13:56:52 -0300] "GET /cormun/servlet/trsolicitudot? HTTP/1.1" 200 7304
192.168.10.62 - - [07/Mar/2018:13:56:53 -0300] "GET /cormun/servlet/vesolicitudgral?2018,9972,, HTTP/1.1" 200 8421
192.168.10.62 - - [07/Mar/2018:13:56:53 -0300] "GET /cormun/pexe_scrolldiv.js HTTP/1.1" 404 1009
192.168.10.62 - - [07/Mar/2018:13:56:53 -0300] "GET /cormun/pexe_scrolldiv.js HTTP/1.1" 404 1009
192.168.10.62 - - [07/Mar/2018:13:56:53 -0300] "GET /cormun/servlet/vesolicitudgral?2018,9972,, HTTP/1.1" 200 8421
186.103.159.204 - - [07/Mar/2018:13:56:56 -0300] "GET /cormun/servlet/trautorizarsolicitud? HTTP/1.1" 200 7159
186.103.159.204 - - [07/Mar/2018:13:56:57 -0300] "GET /cormun/servlet/trautorizarsolicitud? HTTP/1.1" 200 7159
192.168.10.62 - - [07/Mar/2018:13:56:58 -0300] "POST /cormun/servlet/vesolicitudgral?c01264ac7744cc45cb50f70ea297cc3d,2018,9972,,,gx-no-cache=1520441657145 HTTP/1.1" 200 107
192.168.10.62 - - [07/Mar/2018:13:56:58 -0300] "GET /cormun/servlet/solicitudgral?UPD,2018,9972, HTTP/1.1" 200 12309
192.168.10.62 - - [07/Mar/2018:13:56:58 -0300] "GET /cormun/servlet/solicitudgral?UPD,2018,9972, HTTP/1.1" 200 12309
192.168.10.62 - - [07/Mar/2018:13:56:59 -0300] "POST /cormun/servlet/solicitudgral?gx-no-cache=1520441658197 HTTP/1.1" 200 3920
192.168.10.62 - - [07/Mar/2018:13:56:59 -0300] "GET /cormun/servlet/solicitudgral?085850b877f8995a2ba5c3e77c7f0b5c8855dcdc66e8b2da6d9790a3a34ced3b0e85612690385eaf699cf66147fa02080378c984247e88ea74b42128da27ca0e058ae63f1165b41735164b8cf0a45206a8af0ae2ad703e62e14296cb97120fa89661dc8d99c5cfaf95a7ef0fadc0ae051233ba7e50714d55adaa8634a5d6dbf03fde9d9026fed0aa17021682500283857750a097fa32d9ac2a197a0949a479d894a4ab898789aeb67af89b9f9874fed4e9e070c4a65a620c2226d40574e410f5e48d7b73d734b119aaaa63b3c0bd8e66f940bf914a5d6e86a30104b4321493722ce8f2e65964d259054636d791160c364624a1a82370333cd9f00bccb4f9f5174e4ada880272486138b63300b5c241cef6cfb6485df0e63d6891c44296320192269c7a26b01ee2e399e9be69e459273ed04a160d7c7790d81dbc622c85f34beaec4c6765ece58caf382f0677a5b1e332,gx-no-cache=1520441658339 HTTP/1.1" 200 240
192.168.10.62 - - [07/Mar/2018:13:57:00 -0300] "GET /cormun/servlet/solicitudgral?085850b877f8995a2ba5c3e77c7f0b5ce92d763cf613ef2690e8eb2c8fa337e7648efdf099043c9f28cd451ff3523aa7b16d3c84eeb4156b9fdb6cf5452664e7d4fe6aa674e44183e2df5196edcdf873c8b0ef5fef9073138fcd11d9da52d7f01ca7d572e8c2a601e9fc100dcd8463dff6e1a2d523bd97ed516156aba48a90ef4a5514114d42a973fe4063b93e7ad6a2fc0e7d482b33b3e749430a8299876cc247ebfcb109491644d61e25b62d0bff2d71804c07ce6465da1fc09bba221092064a05d8cd2c530499b7cc28e74cf0d062cff8cd81cfe66e7708b7202facead37f7309a33749326b0ec1ace86f028abaf329617033242ea9291083ea62a6f7868635935fd9f0b66b1d639edfe95cbd90fac76357ea1796f278020f7453672c87d6b3a9e7112101c50cd30588e00ec2c465cf4f9bd4c1fc97999f77bc0c1d6d6fb7ce6c6b1b450438571b1f9638557bc6489a638c6bac7681e2805116972028a2cf7c7a9976e71020f71fa0bc09f927f7bba4931104020a867c5ba3042c523ddecff0568e3c46f7b2bf0479cb1fed87e7e8450f41505f28d3ef2b4ec9d21c6b216b5757c0ca7959afe622ec419ed3b4c097,gx-no-cache=1520441658798 HTTP/1.1" 200 48
192.168.10.62 - - [07/Mar/2018:13:57:03 -0300] "POST /cormun/servlet/solicitudgral?c01264ac7744cc45cb50f70ea297cc3d,UPD,2018,9972,,gx-no-cache=1520441662607 HTTP/1.1" 200 11124
192.168.10.62 - - [07/Mar/2018:13:57:03 -0300] "GET /cormun/servlet/solicitudgral?085850b877f8995a2ba5c3e77c7f0b5caee3d8bb2cf3ef36f30335129e996fa17415cef38b3c87e929578ed48fce990179b22298ce966c41e1d61f925161390fc58fdc8db42b7b6f84f72020b0c600ea2088cc00683de643fbac57a2d6ed1466f2d7b1f7ab04768478afe03f2708f5dc,gx-no-cache=1520441662791 HTTP/1.1" 200 29
192.168.10.62 - - [07/Mar/2018:13:57:04 -0300] "POST /cormun/servlet/solicitudgral?gx-no-cache=1520441662814 HTTP/1.1" 200 1295
192.168.10.62 - - [07/Mar/2018:13:57:04 -0300] "POST /cormun/servlet/solicitudgral?gx-no-cache=1520441662868 HTTP/1.1" 200 1218
186.103.159.204 - - [07/Mar/2018:13:57:04 -0300] "POST /cormun/servlet/hlogin?7e72b57633783f79c9f6b506489092a3,gx-no-cache=1520441775649 HTTP/1.1" 200 90
186.103.159.204 - - [07/Mar/2018:13:57:04 -0300] "GET /cormun/servlet/hpexe_link HTTP/1.1" 200 957
186.103.159.204 - - [07/Mar/2018:13:57:04 -0300] "GET /cormun/static/hpexe_link.js?20177612121795 HTTP/1.1" 304 -
192.168.10.62 - - [07/Mar/2018:13:57:04 -0300] "POST /cormun/servlet/solicitudgral?c01264ac7744cc45cb50f70ea297cc3d,UPD,2018,9972,,gx-no-cache=1520441662936 HTTP/1.1" 200 93
186.103.159.204 - - [07/Mar/2018:13:57:04 -0300] "GET /cormun/servlet/trsolicitudot HTTP/1.1" 200 7059
192.168.10.62 - - [07/Mar/2018:13:57:04 -0300] "GET /cormun/servlet/hpexe_return? HTTP/1.1" 200 1016
192.168.10.62 - - [07/Mar/2018:13:57:04 -0300] "GET /cormun/servlet/vesolicitudgral?2018,9972,, HTTP/1.1" 200 8449
192.168.10.62 - - [07/Mar/2018:13:57:04 -0300] "GET /cormun/pexe_scrolldiv.js HTTP/1.1" 404 1009
192.168.10.62 - - [07/Mar/2018:13:57:04 -0300] "GET /cormun/pexe_scrolldiv.js HTTP/1.1" 404 1009
192.168.10.62 - - [07/Mar/2018:13:57:04 -0300] "GET /cormun/servlet/vesolicitudgral?2018,9972,, HTTP/1.1" 200 8442
186.103.159.204 - - [07/Mar/2018:13:57:05 -0300] "GET /cormun/servlet/trsolicitudot HTTP/1.1" 200 7057
192.168.10.62 - - [07/Mar/2018:13:57:08 -0300] "POST /cormun/servlet/vesolicitudgral?c01264ac7744cc45cb50f70ea297cc3d,2018,9972,,,gx-no-cache=1520441666932 HTTP/1.1" 200 11338
192.168.10.62 - - [07/Mar/2018:13:57:08 -0300] "GET /cormun/static/Shared/jqueryui/images/ui-bg_highlight-soft_100_c6c2c8_1x100.png HTTP/1.1" 404 1117
192.168.10.62 - - [07/Mar/2018:13:57:08 -0300] "GET /cormun/static/Shared/jqueryui/images/ui-icons_82798d_256x240.png HTTP/1.1" 404 1089
192.168.10.62 - - [07/Mar/2018:13:57:08 -0300] "GET /cormun/static/Shared/jqueryui/images/ui-bg_flat_55_fafafa_40x100.png HTTP/1.1" 404 1097
192.168.10.62 - - [07/Mar/2018:13:57:08 -0300] "GET /cormun/static/Shared/jqueryui/images/ui-icons_8d78a5_256x240.png HTTP/1.1" 404 1089
192.168.10.62 - - [07/Mar/2018:13:57:08 -0300] "POST /cormun/servlet/vesolicitudgral?c01264ac7744cc45cb50f70ea297cc3d,2018,9972,,,gx-no-cache=1520441667166 HTTP/1.1" 200 11274
192.168.10.62 - - [07/Mar/2018:13:57:09 -0300] "POST /cormun/servlet/vesolicitudgral?c01264ac7744cc45cb50f70ea297cc3d,2018,9972,,,gx-no-cache=1520441668758 HTTP/1.1" 200 90
192.168.10.62 - - [07/Mar/2018:13:57:10 -0300] "GET /cormun/servlet/hpexe_link HTTP/1.1" 200 967
192.168.10.62 - - [07/Mar/2018:13:57:10 -0300] "GET /cormun/servlet/trsolicitudgral? HTTP/1.1" 200 10330
192.168.10.62 - - [07/Mar/2018:13:57:10 -0300] "GET /cormun/servlet/trsolicitudgral? HTTP/1.1" 200 10328
192.168.10.62 - - [07/Mar/2018:13:58:08 -0300] "GET /cormun/servlet/vesolicitudgral?2018,8963,, HTTP/1.1" 200 8454
192.168.10.62 - - [07/Mar/2018:13:58:08 -0300] "GET /cormun/pexe_scrolldiv.js HTTP/1.1" 404 1009
192.168.10.62 - - [07/Mar/2018:13:58:08 -0300] "GET /cormun/pexe_scrolldiv.js HTTP/1.1" 404 1009
192.168.10.62 - - [07/Mar/2018:13:58:08 -0300] "GET /cormun/servlet/vesolicitudgral?2018,8963,, HTTP/1.1" 200 8454
192.168.10.62 - - [07/Mar/2018:13:58:14 -0300] "POST /cormun/servlet/vesolicitudgral?c01264ac7744cc45cb50f70ea297cc3d,2018,8963,,,gx-no-cache=1520441732760 HTTP/1.1" 200 115
192.168.10.62 - - [07/Mar/2018:13:58:14 -0300] "GET /cormun/servlet/solicitudotlog?INS,2018,8963,0,REC, HTTP/1.1" 200 5677
192.168.10.62 - - [07/Mar/2018:13:58:14 -0300] "GET /cormun/servlet/solicitudotlog?INS,2018,8963,0,REC, HTTP/1.1" 200 5671
200.112.3.25 - - [07/Mar/2018:13:58:14 -0300] "POST /cormun/servlet/trsolicitudot?b3de6ebd948b20f9ff497a6c8aaaa9dd,,gx-no-cache=1520441844984 HTTP/1.1" 200 7446
192.168.10.62 - - [07/Mar/2018:13:58:14 -0300] "GET /cormun/servlet/solicitudotlog?085850b877f8995a2ba5c3e77c7f0b5ca4c9c3f79c17d37ad24a9ece05e5e9a04624a1a82370333cd9f00bccb4f9f51707a867f3081cbcb6c3466ad1098c2ed331527fd77efe671e324589e65b9cd9ee8b9d3597f13bd86be7e253e8b420bb9bbd9f82f4c47ff27379e103ec36650383bc214caa3ad756bd4f768ec36f1f36b71a199bfc7d42289988eb863776b093fa7d2558ed211cec7a0e45e13136026509,gx-no-cache=1520441733661 HTTP/1.1" 200 94
200.112.3.25 - - [07/Mar/2018:13:58:15 -0300] "POST /cormun/servlet/trsolicitudot?b3de6ebd948b20f9ff497a6c8aaaa9dd,,gx-no-cache=1520441845865 HTTP/1.1" 200 7425
192.168.10.62 - - [07/Mar/2018:13:58:17 -0300] "POST /cormun/servlet/solicitudotlog?c01264ac7744cc45cb50f70ea297cc3d,INS,2018,8963,0,REC,,gx-no-cache=1520441736110 HTTP/1.1" 200 90
192.168.10.62 - - [07/Mar/2018:13:58:17 -0300] "GET /cormun/servlet/hpexe_link HTTP/1.1" 200 980
192.168.10.62 - - [07/Mar/2018:13:58:17 -0300] "GET /cormun/servlet/vesolicitudgral?2018,8963,, HTTP/1.1" 200 8455
192.168.10.62 - - [07/Mar/2018:13:58:17 -0300] "GET /cormun/pexe_scrolldiv.js HTTP/1.1" 404 1009
192.168.10.62 - - [07/Mar/2018:13:58:17 -0300] "GET /cormun/pexe_scrolldiv.js HTTP/1.1" 404 1009
192.168.10.62 - - [07/Mar/2018:13:58:17 -0300] "GET /cormun/servlet/vesolicitudgral?2018,8963,, HTTP/1.1" 200 8454
192.168.10.62 - - [07/Mar/2018:13:58:19 -0300] "POST /cormun/servlet/vesolicitudgral?c01264ac7744cc45cb50f70ea297cc3d,2018,8963,,,gx-no-cache=1520441737953 HTTP/1.1" 200 90
192.168.10.62 - - [07/Mar/2018:13:58:19 -0300] "GET /cormun/servlet/hpexe_link HTTP/1.1" 200 966
192.168.10.62 - - [07/Mar/2018:13:58:19 -0300] "GET /cormun/servlet/trsolicitudgral HTTP/1.1" 200 10330
192.168.10.62 - - [07/Mar/2018:13:58:19 -0300] "GET /cormun/servlet/trsolicitudgral HTTP/1.1" 200 10328
186.103.159.204 - - [07/Mar/2018:13:58:22 -0300] "GET /cormun/servlet/trsolicitudot? HTTP/1.1" 200 7057
200.112.3.25 - - [07/Mar/2018:13:58:22 -0300] "POST /cormun/servlet/trsolicitudot?b3de6ebd948b20f9ff497a6c8aaaa9dd,,gx-no-cache=1520441853255 HTTP/1.1" 200 7103
186.103.159.204 - - [07/Mar/2018:13:58:23 -0300] "GET /cormun/servlet/trsolicitudot? HTTP/1.1" 200 7057
200.112.3.25 - - [07/Mar/2018:13:58:23 -0300] "POST /cormun/servlet/trsolicitudot?b3de6ebd948b20f9ff497a6c8aaaa9dd,,gx-no-cache=1520441854002 HTTP/1.1" 200 7082
186.103.156.24 - - [07/Mar/2018:13:58:38 -0300] "GET /cormun/servlet/hlogin HTTP/1.1" 200 1723
200.112.3.25 - - [07/Mar/2018:13:58:51 -0300] "POST /cormun/servlet/trsolicitudot?b3de6ebd948b20f9ff497a6c8aaaa9dd,,gx-no-cache=1520441882141 HTTP/1.1" 200 105
200.112.3.25 - - [07/Mar/2018:13:58:51 -0300] "GET /cormun/servlet/solicitudot?UPD,2018,8516, HTTP/1.1" 200 15429
200.112.3.25 - - [07/Mar/2018:13:58:52 -0300] "GET /cormun/static/gxcfg.js?201812313224582 HTTP/1.1" 200 953
200.112.3.25 - - [07/Mar/2018:13:58:52 -0300] "GET /cormun/static/Resources/prompt.gif HTTP/1.1" 200 902
200.112.3.25 - - [07/Mar/2018:13:58:52 -0300] "GET /cormun/static/solicitudot.js?201812313224831 HTTP/1.1" 200 72336
200.112.3.25 - - [07/Mar/2018:13:58:52 -0300] "GET /cormun/servlet/solicitudot?UPD,2018,8516, HTTP/1.1" 200 15438
200.112.3.25 - - [07/Mar/2018:13:58:53 -0300] "POST /cormun/servlet/solicitudot?gx-no-cache=1520441884097 HTTP/1.1" 200 3422
200.112.3.25 - - [07/Mar/2018:13:58:54 -0300] "POST /cormun/servlet/solicitudot?b3de6ebd948b20f9ff497a6c8aaaa9dd,UPD,2018,8516,,gx-no-cache=1520441884597 HTTP/1.1" 200 11732
200.112.3.25 - - [07/Mar/2018:13:58:54 -0300] "GET /cormun/servlet/solicitudot?8ef21d2725bbc5a92cc57b60ab04ecf611b50bd419c81c02ed9fc21318d353c011a23ad233be29cc66600c511a5f724b,gx-no-cache=1520441885228 HTTP/1.1" 200 30
200.112.3.25 - - [07/Mar/2018:13:58:54 -0300] "GET /cormun/servlet/solicitudot?8ef21d2725bbc5a92cc57b60ab04ecf6d912bff4c6a5312f7e36e6d34009cea16708e56a4ef42907fa0a20acd0a5108411a23ad233be29cc66600c511a5f724b,gx-no-cache=1520441885323 HTTP/1.1" 200 30
200.112.3.25 - - [07/Mar/2018:13:58:54 -0300] "GET /cormun/servlet/solicitudot?8ef21d2725bbc5a92cc57b60ab04ecf67eb98fe4904fdf20ad9bab6a25cf1ed8d2d1a340e644e220cca57403c13e46f6,gx-no-cache=1520441885416 HTTP/1.1" 200 45
200.112.3.25 - - [07/Mar/2018:13:58:54 -0300] "POST /cormun/servlet/solicitudot?gx-no-cache=1520441885498 HTTP/1.1" 200 254
200.112.3.25 - - [07/Mar/2018:13:58:54 -0300] "GET /cormun/servlet/solicitudot?8ef21d2725bbc5a92cc57b60ab04ecf61dec1c9363aa695e034f145f81c2de6269e1d5b0f2435d5080bec82ee577ae593e135b04ce32a67996cc6b0a5b4ecc5d784763ad7daa9964e03a5c24fb049569574c61a89fced3374670c2821dca4a0eafd20a2f5e8a396a977294af98fc1a01e473aff00d85f6d936192b8623c57bcdc784c13cbf13d84d11a3a4bbd5bb2823b245cdf5a419b7bbd15f7da2c7f191d3ca9b5151af4d97404637c815b1620f48ba54a8f63bb4a1a0044a8037bc37f5eb9da1b3cdf80ab52731f716f5e58042339a6298454633621760e3913c13d511e8d307c5265efc402b20295cf2d374d518f904ed3f898462124d29c4d52c441c945845862eadcdbb06f7224050e997b7df1db591513ea43caa51a1d24df0cb60ddb58a661c5fa393e2e497e9c3f85915c7cbbf653ec271ce8392555b965ac101727e0331caf6cd04223eb6e1bf0e7e56bb6761a667863f871f9dde7e13750da2b62ed5f95e9bceb7a0cb76694cd97d61db3f8a6c3b7548acbfef252429f5330c7e,gx-no-cache=1520441885637 HTTP/1.1" 200 30
200.112.3.25 - - [07/Mar/2018:13:58:54 -0300] "POST /cormun/servlet/solicitudot?gx-no-cache=1520441885740 HTTP/1.1" 200 30
200.112.3.25 - - [07/Mar/2018:13:58:55 -0300] "POST /cormun/servlet/solicitudot?gx-no-cache=1520441885875 HTTP/1.1" 200 1336
186.103.156.24 - - [07/Mar/2018:13:58:55 -0300] "POST /cormun/servlet/hlogin?fb094c215274b81a2027af2db7f013f0,gx-no-cache=1520441886363 HTTP/1.1" 200 90
186.103.156.24 - - [07/Mar/2018:13:58:55 -0300] "GET /cormun/servlet/hpexe_link HTTP/1.1" 200 954
200.112.3.25 - - [07/Mar/2018:13:58:55 -0300] "POST /cormun/servlet/solicitudot?gx-no-cache=1520441886113 HTTP/1.1" 200 41
186.103.156.24 - - [07/Mar/2018:13:58:55 -0300] "GET /cormun/servlet/hhome HTTP/1.1" 200 4227
186.103.156.24 - - [07/Mar/2018:13:58:55 -0300] "GET /cormun/servlet/hhome HTTP/1.1" 200 4223
192.168.10.62 - - [07/Mar/2018:13:58:57 -0300] "GET /cormun/servlet/vesolicitudgral?2018,8963,, HTTP/1.1" 200 8454
192.168.10.62 - - [07/Mar/2018:13:58:57 -0300] "GET /cormun/pexe_scrolldiv.js HTTP/1.1" 404 1009
192.168.10.62 - - [07/Mar/2018:13:58:57 -0300] "GET /cormun/pexe_scrolldiv.js HTTP/1.1" 404 1009
192.168.10.62 - - [07/Mar/2018:13:58:57 -0300] "GET /cormun/servlet/vesolicitudgral?2018,8963,, HTTP/1.1" 200 8454
186.103.156.24 - - [07/Mar/2018:13:58:58 -0300] "GET /cormun/servlet/trlicencias? HTTP/1.1" 200 9097
186.103.156.24 - - [07/Mar/2018:13:58:59 -0300] "GET /cormun/servlet/trlicencias? HTTP/1.1" 200 9094
192.168.10.62 - - [07/Mar/2018:13:59:00 -0300] "POST /cormun/servlet/vesolicitudgral?c01264ac7744cc45cb50f70ea297cc3d,2018,8963,,,gx-no-cache=1520441778832 HTTP/1.1" 200 115
192.168.10.62 - - [07/Mar/2018:13:59:00 -0300] "GET /cormun/servlet/solicitudotlog?INS,2018,8963,0,REC, HTTP/1.1" 200 5677
192.168.10.62 - - [07/Mar/2018:13:59:00 -0300] "GET /cormun/servlet/solicitudotlog?INS,2018,8963,0,REC, HTTP/1.1" 200 5671
