186.103.159.189 - - [07/Mar/2018:17:11:53 -0300] "GET /cormun/servlet/trsolicitudadjuntos?2018,10204, HTTP/1.1" 200 9320
186.103.159.189 - - [07/Mar/2018:17:11:54 -0300] "GET /cormun/servlet/trsolicitudadjuntos?2018,10204, HTTP/1.1" 200 9320
186.103.159.189 - - [07/Mar/2018:17:11:57 -0300] "GET /cormun/servlet/solicitudotadjuntos?INS,2018,10204,,1, HTTP/1.1" 200 6028
186.103.159.189 - - [07/Mar/2018:17:11:57 -0300] "GET /cormun/static/about:blank HTTP/1.1" 404 1011
186.103.159.189 - - [07/Mar/2018:17:11:59 -0300] "GET /cormun/servlet/solicitudotadjuntos?INS,2018,10204,,1, HTTP/1.1" 200 6022
186.103.159.189 - - [07/Mar/2018:17:11:59 -0300] "GET /cormun/servlet/solicitudotadjuntos?251d43ac5b6f856f01bbe6fc4469538b5fcb46d0fc71d05e5be34ef50e4bc34088b32f0e85d41bbb7f7adc969395ace3,gx-no-cache=1520457069247 HTTP/1.1" 200 30
186.103.159.189 - - [07/Mar/2018:17:11:59 -0300] "POST /cormun/servlet/solicitudotadjuntos?fb5a276fb047a3208ff75fda326f9f59,INS,2018,10204,,1,,gx-no-cache=1520457069318 HTTP/1.1" 200 3792
186.103.159.189 - - [07/Mar/2018:17:12:03 -0300] "POST /cormun/servlet/solicitudotadjuntos?gx-no-cache=1520457072918 HTTP/1.1" 200 26
186.103.159.189 - - [07/Mar/2018:17:12:08 -0300] "GET /cormun/servlet/solicitudotadjuntos?251d43ac5b6f856f01bbe6fc4469538bad138ce6cfa4d69fdea9db13accb81ec,gx-no-cache=1520457078290 HTTP/1.1" 200 30
186.103.159.189 - - [07/Mar/2018:17:12:08 -0300] "GET /cormun/servlet/solicitudotadjuntos?251d43ac5b6f856f01bbe6fc4469538bad138ce6cfa4d69fdea9db13accb81ec,gx-no-cache=1520457078340 HTTP/1.1" 200 30
186.103.159.189 - - [07/Mar/2018:17:12:09 -0300] "POST /cormun/servlet/solicitudotadjuntos?fb5a276fb047a3208ff75fda326f9f59,INS,2018,10204,,1, HTTP/1.1" 200 116
186.103.159.189 - - [07/Mar/2018:17:12:09 -0300] "GET /cormun/servlet/hpexe_return? HTTP/1.1" 200 1027
186.103.159.189 - - [07/Mar/2018:17:12:10 -0300] "GET /cormun/servlet/trsolicitudadjuntos?2018,10204, HTTP/1.1" 200 9572
186.103.159.189 - - [07/Mar/2018:17:12:12 -0300] "GET /cormun/servlet/trsolicitudadjuntos?2018,10204, HTTP/1.1" 200 9573
186.103.159.189 - - [07/Mar/2018:17:12:15 -0300] "GET /cormun/servlet/solicitudotadjuntos?INS,2018,10204,,2, HTTP/1.1" 200 6028
186.103.159.189 - - [07/Mar/2018:17:12:16 -0300] "GET /cormun/static/about:blank HTTP/1.1" 404 1011
186.103.159.189 - - [07/Mar/2018:17:12:16 -0300] "GET /cormun/servlet/solicitudotadjuntos?INS,2018,10204,,2, HTTP/1.1" 200 6021
186.103.159.189 - - [07/Mar/2018:17:12:17 -0300] "GET /cormun/servlet/solicitudotadjuntos?251d43ac5b6f856f01bbe6fc4469538b5fcb46d0fc71d05e5be34ef50e4bc34088b32f0e85d41bbb7f7adc969395ace3,gx-no-cache=1520457087005 HTTP/1.1" 200 30
186.103.159.189 - - [07/Mar/2018:17:12:17 -0300] "POST /cormun/servlet/solicitudotadjuntos?fb5a276fb047a3208ff75fda326f9f59,INS,2018,10204,,2,,gx-no-cache=1520457087102 HTTP/1.1" 200 4001
186.103.159.189 - - [07/Mar/2018:17:12:28 -0300] "POST /cormun/servlet/solicitudotadjuntos?gx-no-cache=1520457098468 HTTP/1.1" 200 26
192.168.10.96 - - [07/Mar/2018:17:12:41 -0300] "POST /cormun/servlet/trsolicitudgral?bbe474c263a238299dd0eb37cddcf8ec,,gx-no-cache=1520453399750 HTTP/1.1" 200 7321
186.103.159.189 - - [07/Mar/2018:17:12:43 -0300] "GET /cormun/servlet/solicitudotadjuntos?251d43ac5b6f856f01bbe6fc4469538bad138ce6cfa4d69fdea9db13accb81ec,gx-no-cache=1520457113089 HTTP/1.1" 200 30
186.103.159.189 - - [07/Mar/2018:17:12:43 -0300] "GET /cormun/servlet/solicitudotadjuntos?251d43ac5b6f856f01bbe6fc4469538bad138ce6cfa4d69fdea9db13accb81ec,gx-no-cache=1520457113147 HTTP/1.1" 200 30
186.103.159.189 - - [07/Mar/2018:17:12:44 -0300] "POST /cormun/servlet/solicitudotadjuntos?fb5a276fb047a3208ff75fda326f9f59,INS,2018,10204,,2, HTTP/1.1" 200 116
186.103.159.189 - - [07/Mar/2018:17:12:44 -0300] "GET /cormun/servlet/hpexe_return? HTTP/1.1" 200 1028
186.103.159.189 - - [07/Mar/2018:17:12:45 -0300] "GET /cormun/servlet/trsolicitudadjuntos?2018,10204, HTTP/1.1" 200 9710
186.103.159.189 - - [07/Mar/2018:17:12:46 -0300] "GET /cormun/servlet/trsolicitudadjuntos?2018,10204, HTTP/1.1" 200 9707
192.168.10.96 - - [07/Mar/2018:17:12:50 -0300] "POST /cormun/servlet/trsolicitudgral?bbe474c263a238299dd0eb37cddcf8ec,,gx-no-cache=1520453409021 HTTP/1.1" 200 7322
186.103.159.189 - - [07/Mar/2018:17:12:55 -0300] "GET /cormun/servlet/solicitudotadjuntos?INS,2018,10204,,2, HTTP/1.1" 200 6028
186.103.159.189 - - [07/Mar/2018:17:12:57 -0300] "GET /cormun/servlet/solicitudotadjuntos?INS,2018,10204,,2, HTTP/1.1" 200 6022
186.103.159.189 - - [07/Mar/2018:17:12:57 -0300] "GET /cormun/servlet/solicitudotadjuntos?251d43ac5b6f856f01bbe6fc4469538b5fcb46d0fc71d05e5be34ef50e4bc34088b32f0e85d41bbb7f7adc969395ace3,gx-no-cache=1520457127378 HTTP/1.1" 200 30
186.103.159.189 - - [07/Mar/2018:17:12:58 -0300] "POST /cormun/servlet/solicitudotadjuntos?fb5a276fb047a3208ff75fda326f9f59,INS,2018,10204,,2,,gx-no-cache=1520457127578 HTTP/1.1" 200 4001
186.103.159.189 - - [07/Mar/2018:17:13:00 -0300] "POST /cormun/servlet/solicitudotadjuntos?fb5a276fb047a3208ff75fda326f9f59,INS,2018,10204,,2,,gx-no-cache=1520457130413 HTTP/1.1" 200 90
186.103.159.189 - - [07/Mar/2018:17:13:00 -0300] "GET /cormun/servlet/hpexe_link HTTP/1.1" 200 983
186.103.159.189 - - [07/Mar/2018:17:13:01 -0300] "GET /cormun/servlet/trsolicitudadjuntos?2018,10204, HTTP/1.1" 200 9710
186.103.159.189 - - [07/Mar/2018:17:13:03 -0300] "GET /cormun/servlet/trsolicitudadjuntos?2018,10204, HTTP/1.1" 200 9710
186.103.159.189 - - [07/Mar/2018:17:13:06 -0300] "POST /cormun/servlet/trsolicitudadjuntos?fb5a276fb047a3208ff75fda326f9f59,2018,10204,,gx-no-cache=1520457135720 HTTP/1.1" 200 90
186.103.159.189 - - [07/Mar/2018:17:13:06 -0300] "GET /cormun/servlet/hpexe_link HTTP/1.1" 200 971
186.103.159.189 - - [07/Mar/2018:17:13:06 -0300] "GET /cormun/servlet/trsolicitudot HTTP/1.1" 200 8966
186.103.159.189 - - [07/Mar/2018:17:13:08 -0300] "GET /cormun/servlet/trsolicitudot HTTP/1.1" 200 8965
186.103.159.189 - - [07/Mar/2018:17:13:18 -0300] "POST /cormun/servlet/trsolicitudot?fb5a276fb047a3208ff75fda326f9f59,gx-no-cache=1520457148153 HTTP/1.1" 200 106
186.103.159.189 - - [07/Mar/2018:17:13:18 -0300] "GET /cormun/servlet/trsolicitudadjuntos?2018,10203, HTTP/1.1" 200 6081
186.103.159.189 - - [07/Mar/2018:17:13:20 -0300] "GET /cormun/servlet/trsolicitudadjuntos?2018,10203, HTTP/1.1" 200 6081
186.103.159.189 - - [07/Mar/2018:17:13:24 -0300] "GET /cormun/servlet/solicitudotadjuntos?INS,2018,10203,,1, HTTP/1.1" 200 6027
186.103.159.189 - - [07/Mar/2018:17:13:24 -0300] "GET /cormun/static/about:blank HTTP/1.1" 404 1011
186.103.159.189 - - [07/Mar/2018:17:13:25 -0300] "GET /cormun/servlet/solicitudotadjuntos?INS,2018,10203,,1, HTTP/1.1" 200 6021
186.103.159.189 - - [07/Mar/2018:17:13:26 -0300] "GET /cormun/servlet/solicitudotadjuntos?251d43ac5b6f856f01bbe6fc4469538be9bea1fd7a312eb5bf4fee8f0fed976788b32f0e85d41bbb7f7adc969395ace3,gx-no-cache=1520457155866 HTTP/1.1" 200 30
186.103.159.189 - - [07/Mar/2018:17:13:26 -0300] "POST /cormun/servlet/solicitudotadjuntos?fb5a276fb047a3208ff75fda326f9f59,INS,2018,10203,,1,,gx-no-cache=1520457155922 HTTP/1.1" 200 3791
186.103.159.189 - - [07/Mar/2018:17:13:32 -0300] "POST /cormun/servlet/solicitudotadjuntos?gx-no-cache=1520457162556 HTTP/1.1" 200 26
186.103.159.189 - - [07/Mar/2018:17:13:38 -0300] "GET /cormun/servlet/solicitudotadjuntos?251d43ac5b6f856f01bbe6fc4469538bad138ce6cfa4d69fdea9db13accb81ec,gx-no-cache=1520457167580 HTTP/1.1" 200 30
186.103.159.189 - - [07/Mar/2018:17:13:38 -0300] "GET /cormun/servlet/solicitudotadjuntos?251d43ac5b6f856f01bbe6fc4469538bad138ce6cfa4d69fdea9db13accb81ec,gx-no-cache=1520457167630 HTTP/1.1" 200 30
186.103.159.189 - - [07/Mar/2018:17:13:38 -0300] "POST /cormun/servlet/solicitudotadjuntos?fb5a276fb047a3208ff75fda326f9f59,INS,2018,10203,,1, HTTP/1.1" 200 116
186.103.159.189 - - [07/Mar/2018:17:13:39 -0300] "GET /cormun/servlet/hpexe_return? HTTP/1.1" 200 1027
186.103.159.189 - - [07/Mar/2018:17:13:39 -0300] "GET /cormun/servlet/trsolicitudadjuntos?2018,10203, HTTP/1.1" 200 8499
186.103.159.189 - - [07/Mar/2018:17:13:41 -0300] "GET /cormun/servlet/trsolicitudadjuntos?2018,10203, HTTP/1.1" 200 8498
186.103.159.189 - - [07/Mar/2018:17:13:44 -0300] "GET /cormun/servlet/solicitudotadjuntos?INS,2018,10203,,1, HTTP/1.1" 200 6027
186.103.159.189 - - [07/Mar/2018:17:13:44 -0300] "GET /cormun/static/about:blank HTTP/1.1" 404 1011
186.103.159.189 - - [07/Mar/2018:17:13:45 -0300] "GET /cormun/servlet/solicitudotadjuntos?INS,2018,10203,,1, HTTP/1.1" 200 6020
186.103.159.189 - - [07/Mar/2018:17:13:46 -0300] "GET /cormun/servlet/solicitudotadjuntos?251d43ac5b6f856f01bbe6fc4469538be9bea1fd7a312eb5bf4fee8f0fed976788b32f0e85d41bbb7f7adc969395ace3,gx-no-cache=1520457175613 HTTP/1.1" 200 30
186.103.159.189 - - [07/Mar/2018:17:13:46 -0300] "POST /cormun/servlet/solicitudotadjuntos?fb5a276fb047a3208ff75fda326f9f59,INS,2018,10203,,1,,gx-no-cache=1520457175696 HTTP/1.1" 200 3791
186.103.159.46 - - [07/Mar/2018:17:13:48 -0300] "GET /cormun/servlet/trautorizarsolicitud? HTTP/1.1" 200 6290
186.103.159.46 - - [07/Mar/2018:17:13:49 -0300] "GET /cormun/static/gxcfg.js?2017111423403364 HTTP/1.1" 304 -
186.103.159.46 - - [07/Mar/2018:17:13:50 -0300] "GET /cormun/servlet/trautorizarsolicitud? HTTP/1.1" 200 6287
186.103.159.46 - - [07/Mar/2018:17:13:50 -0300] "GET /cormun/servlet/hlogin HTTP/1.1" 200 1743
186.103.159.46 - - [07/Mar/2018:17:13:50 -0300] "GET /cormun/static/gxcfg.js?20175251213516 HTTP/1.1" 304 -
186.103.159.189 - - [07/Mar/2018:17:13:52 -0300] "POST /cormun/servlet/solicitudotadjuntos?gx-no-cache=1520457181584 HTTP/1.1" 200 26
186.103.159.189 - - [07/Mar/2018:17:14:00 -0300] "POST /cormun/servlet/solicitudotadjuntos?fb5a276fb047a3208ff75fda326f9f59,INS,2018,10203,,1,,gx-no-cache=1520457190077 HTTP/1.1" 200 90
186.103.159.189 - - [07/Mar/2018:17:14:00 -0300] "GET /cormun/servlet/hpexe_link HTTP/1.1" 200 983
186.103.159.189 - - [07/Mar/2018:17:14:01 -0300] "GET /cormun/servlet/trsolicitudadjuntos?2018,10203, HTTP/1.1" 200 8495
186.103.159.46 - - [07/Mar/2018:17:14:02 -0300] "POST /cormun/servlet/hlogin?5a66b1d159cb246884f0c1fdd3ba0975,gx-no-cache=1520453592455 HTTP/1.1" 200 90
186.103.159.46 - - [07/Mar/2018:17:14:02 -0300] "GET /cormun/servlet/hpexe_link HTTP/1.1" 200 962
186.103.159.46 - - [07/Mar/2018:17:14:02 -0300] "GET /cormun/static/gxcfg.js?20177612121792 HTTP/1.1" 304 -
186.103.159.46 - - [07/Mar/2018:17:14:02 -0300] "GET /cormun/servlet/trautorizarsolicitud HTTP/1.1" 200 7133
186.103.159.189 - - [07/Mar/2018:17:14:02 -0300] "GET /cormun/servlet/trsolicitudadjuntos?2018,10203, HTTP/1.1" 200 8497
186.103.159.46 - - [07/Mar/2018:17:14:03 -0300] "GET /cormun/servlet/trautorizarsolicitud HTTP/1.1" 200 7131
186.103.159.189 - - [07/Mar/2018:17:14:06 -0300] "GET /cormun/servlet/solicitudotadjuntos?DLT,2018,10203,CARNET,0, HTTP/1.1" 200 6003
186.103.159.189 - - [07/Mar/2018:17:14:08 -0300] "GET /cormun/static/Shared/jqueryui/images/ui-bg_flat_55_fafafa_40x100.png HTTP/1.1" 404 1097
186.103.159.189 - - [07/Mar/2018:17:14:08 -0300] "GET /cormun/static/Shared/jqueryui/images/ui-bg_highlight-soft_100_c6c2c8_1x100.png HTTP/1.1" 404 1117
186.103.159.189 - - [07/Mar/2018:17:14:08 -0300] "GET /cormun/servlet/solicitudotadjuntos?DLT,2018,10203,CARNET,0, HTTP/1.1" 200 5997
186.103.159.189 - - [07/Mar/2018:17:14:08 -0300] "GET /cormun/static/Shared/jqueryui/images/ui-icons_82798d_256x240.png HTTP/1.1" 404 1089
186.103.159.189 - - [07/Mar/2018:17:14:08 -0300] "GET /cormun/static/Shared/jqueryui/images/ui-icons_8d78a5_256x240.png HTTP/1.1" 404 1089
186.103.159.189 - - [07/Mar/2018:17:14:08 -0300] "GET /cormun/PublicTempStorage/fotocopia_carnet5328870.pdf HTTP/1.1" 200 378106
186.103.159.46 - - [07/Mar/2018:17:14:08 -0300] "GET /cormun/servlet/trautorizarsolicitud? HTTP/1.1" 200 7131
186.103.159.46 - - [07/Mar/2018:17:14:09 -0300] "GET /cormun/servlet/trautorizarsolicitud? HTTP/1.1" 200 7131
186.103.159.189 - - [07/Mar/2018:17:14:13 -0300] "POST /cormun/servlet/solicitudotadjuntos?fb5a276fb047a3208ff75fda326f9f59,DLT,2018,10203,CARNET,0,,gx-no-cache=1520457202824 HTTP/1.1" 200 93
186.103.159.189 - - [07/Mar/2018:17:14:13 -0300] "GET /cormun/servlet/hpexe_return? HTTP/1.1" 200 1033
186.103.159.189 - - [07/Mar/2018:17:14:13 -0300] "GET /cormun/servlet/trsolicitudadjuntos?2018,10203, HTTP/1.1" 200 6084
186.103.159.189 - - [07/Mar/2018:17:14:15 -0300] "GET /cormun/servlet/trsolicitudadjuntos?2018,10203, HTTP/1.1" 200 6081
186.103.159.46 - - [07/Mar/2018:17:14:15 -0300] "POST /cormun/servlet/trautorizarsolicitud?5a66b1d159cb246884f0c1fdd3ba0975,,gx-no-cache=1520453606302 HTTP/1.1" 200 7242
186.103.159.189 - - [07/Mar/2018:17:14:18 -0300] "POST /cormun/servlet/trsolicitudadjuntos?fb5a276fb047a3208ff75fda326f9f59,2018,10203,,gx-no-cache=1520457207588 HTTP/1.1" 200 90
186.103.159.189 - - [07/Mar/2018:17:14:18 -0300] "GET /cormun/servlet/hpexe_link HTTP/1.1" 200 971
186.103.159.189 - - [07/Mar/2018:17:14:18 -0300] "GET /cormun/servlet/trsolicitudot HTTP/1.1" 200 8966
186.103.159.189 - - [07/Mar/2018:17:14:20 -0300] "GET /cormun/servlet/trsolicitudot HTTP/1.1" 200 8965
186.103.159.189 - - [07/Mar/2018:17:14:25 -0300] "POST /cormun/servlet/trsolicitudot?fb5a276fb047a3208ff75fda326f9f59,gx-no-cache=1520457214673 HTTP/1.1" 200 106
186.103.159.189 - - [07/Mar/2018:17:14:25 -0300] "GET /cormun/servlet/trsolicitudadjuntos?2018,10203, HTTP/1.1" 200 6081
186.103.159.189 - - [07/Mar/2018:17:14:26 -0300] "GET /cormun/servlet/trsolicitudadjuntos?2018,10203, HTTP/1.1" 200 6081
186.103.159.46 - - [07/Mar/2018:17:14:28 -0300] "POST /cormun/servlet/trautorizarsolicitud?5a66b1d159cb246884f0c1fdd3ba0975,,gx-no-cache=1520453618801 HTTP/1.1" 200 4132
186.103.159.189 - - [07/Mar/2018:17:14:29 -0300] "GET /cormun/servlet/solicitudotadjuntos?INS,2018,10203,,1, HTTP/1.1" 200 6027
186.103.159.189 - - [07/Mar/2018:17:14:29 -0300] "GET /cormun/static/about:blank HTTP/1.1" 404 1011
186.103.159.189 - - [07/Mar/2018:17:14:30 -0300] "GET /cormun/servlet/solicitudotadjuntos?INS,2018,10203,,1, HTTP/1.1" 200 6020
186.103.159.189 - - [07/Mar/2018:17:14:31 -0300] "GET /cormun/servlet/solicitudotadjuntos?251d43ac5b6f856f01bbe6fc4469538be9bea1fd7a312eb5bf4fee8f0fed976788b32f0e85d41bbb7f7adc969395ace3,gx-no-cache=1520457221035 HTTP/1.1" 200 30
186.103.159.189 - - [07/Mar/2018:17:14:31 -0300] "POST /cormun/servlet/solicitudotadjuntos?fb5a276fb047a3208ff75fda326f9f59,INS,2018,10203,,1,,gx-no-cache=1520457221083 HTTP/1.1" 200 3791
186.103.159.46 - - [07/Mar/2018:17:14:33 -0300] "POST /cormun/servlet/trautorizarsolicitud?5a66b1d159cb246884f0c1fdd3ba0975,,gx-no-cache=1520453623872 HTTP/1.1" 200 4129
186.103.159.189 - - [07/Mar/2018:17:14:33 -0300] "POST /cormun/servlet/solicitudotadjuntos?gx-no-cache=1520457223078 HTTP/1.1" 200 26
186.103.159.46 - - [07/Mar/2018:17:14:34 -0300] "POST /cormun/servlet/trautorizarsolicitud?5a66b1d159cb246884f0c1fdd3ba0975,,gx-no-cache=1520453624980 HTTP/1.1" 200 4129
186.103.159.46 - - [07/Mar/2018:17:14:39 -0300] "POST /cormun/servlet/trautorizarsolicitud?5a66b1d159cb246884f0c1fdd3ba0975,,gx-no-cache=1520453629639 HTTP/1.1" 200 4130
186.103.159.46 - - [07/Mar/2018:17:14:43 -0300] "POST /cormun/servlet/trautorizarsolicitud?5a66b1d159cb246884f0c1fdd3ba0975,,gx-no-cache=1520453633912 HTTP/1.1" 200 7242
186.103.159.189 - - [07/Mar/2018:17:14:49 -0300] "GET /cormun/servlet/solicitudotadjuntos?251d43ac5b6f856f01bbe6fc4469538bad138ce6cfa4d69fdea9db13accb81ec,gx-no-cache=1520457238982 HTTP/1.1" 200 30
186.103.159.189 - - [07/Mar/2018:17:14:49 -0300] "GET /cormun/servlet/solicitudotadjuntos?251d43ac5b6f856f01bbe6fc4469538bad138ce6cfa4d69fdea9db13accb81ec,gx-no-cache=1520457239039 HTTP/1.1" 200 30
186.103.159.189 - - [07/Mar/2018:17:14:50 -0300] "POST /cormun/servlet/solicitudotadjuntos?fb5a276fb047a3208ff75fda326f9f59,INS,2018,10203,,1, HTTP/1.1" 200 116
186.103.159.189 - - [07/Mar/2018:17:14:50 -0300] "GET /cormun/servlet/hpexe_return? HTTP/1.1" 200 1027
186.103.159.189 - - [07/Mar/2018:17:14:50 -0300] "GET /cormun/servlet/trsolicitudadjuntos?2018,10203, HTTP/1.1" 200 8499
186.103.159.189 - - [07/Mar/2018:17:14:52 -0300] "GET /cormun/servlet/trsolicitudadjuntos?2018,10203, HTTP/1.1" 200 8498
186.103.159.189 - - [07/Mar/2018:17:14:54 -0300] "GET /cormun/servlet/solicitudotadjuntos?INS,2018,10203,,1, HTTP/1.1" 200 6027
186.103.159.189 - - [07/Mar/2018:17:14:55 -0300] "GET /cormun/static/about:blank HTTP/1.1" 404 1011
186.103.159.189 - - [07/Mar/2018:17:14:56 -0300] "GET /cormun/servlet/solicitudotadjuntos?INS,2018,10203,,1, HTTP/1.1" 200 6020
186.103.159.189 - - [07/Mar/2018:17:14:56 -0300] "GET /cormun/servlet/solicitudotadjuntos?251d43ac5b6f856f01bbe6fc4469538be9bea1fd7a312eb5bf4fee8f0fed976788b32f0e85d41bbb7f7adc969395ace3,gx-no-cache=1520457246537 HTTP/1.1" 200 30
186.103.159.189 - - [07/Mar/2018:17:14:57 -0300] "POST /cormun/servlet/solicitudotadjuntos?fb5a276fb047a3208ff75fda326f9f59,INS,2018,10203,,1,,gx-no-cache=1520457246623 HTTP/1.1" 200 3790
186.103.159.189 - - [07/Mar/2018:17:14:59 -0300] "POST /cormun/servlet/solicitudotadjuntos?gx-no-cache=1520457249201 HTTP/1.1" 200 26
186.103.159.46 - - [07/Mar/2018:17:15:00 -0300] "POST /cormun/servlet/trautorizarsolicitud?5a66b1d159cb246884f0c1fdd3ba0975,,gx-no-cache=1520453650266 HTTP/1.1" 200 7256
186.103.159.46 - - [07/Mar/2018:17:15:00 -0300] "GET /cormun/static/Shared/jqueryui/images/ui-bg_highlight-soft_100_c6c2c8_1x100.png HTTP/1.1" 404 1117
186.103.159.46 - - [07/Mar/2018:17:15:00 -0300] "GET /cormun/static/Shared/jqueryui/images/ui-icons_82798d_256x240.png HTTP/1.1" 404 1089
186.103.159.46 - - [07/Mar/2018:17:15:00 -0300] "GET /cormun/static/Shared/jqueryui/images/ui-icons_8d78a5_256x240.png HTTP/1.1" 404 1089
186.103.159.46 - - [07/Mar/2018:17:15:00 -0300] "GET /cormun/static/Shared/jqueryui/images/ui-bg_flat_55_fafafa_40x100.png HTTP/1.1" 404 1097
186.103.159.189 - - [07/Mar/2018:17:15:06 -0300] "GET /cormun/servlet/solicitudotadjuntos?251d43ac5b6f856f01bbe6fc4469538bad138ce6cfa4d69fdea9db13accb81ec,gx-no-cache=1520457256218 HTTP/1.1" 200 30
186.103.159.189 - - [07/Mar/2018:17:15:06 -0300] "GET /cormun/servlet/solicitudotadjuntos?251d43ac5b6f856f01bbe6fc4469538bad138ce6cfa4d69fdea9db13accb81ec,gx-no-cache=1520457256260 HTTP/1.1" 200 30
186.103.159.189 - - [07/Mar/2018:17:15:08 -0300] "POST /cormun/servlet/solicitudotadjuntos?fb5a276fb047a3208ff75fda326f9f59,INS,2018,10203,,1, HTTP/1.1" 200 116
186.103.159.189 - - [07/Mar/2018:17:15:08 -0300] "GET /cormun/servlet/hpexe_return? HTTP/1.1" 200 1027
186.103.159.189 - - [07/Mar/2018:17:15:08 -0300] "GET /cormun/servlet/trsolicitudadjuntos?2018,10203, HTTP/1.1" 200 8722
186.103.159.189 - - [07/Mar/2018:17:15:10 -0300] "GET /cormun/servlet/trsolicitudadjuntos?2018,10203, HTTP/1.1" 200 8719
186.103.159.46 - - [07/Mar/2018:17:15:11 -0300] "POST /cormun/servlet/trautorizarsolicitud?5a66b1d159cb246884f0c1fdd3ba0975,,gx-no-cache=1520453662195 HTTP/1.1" 200 7257
186.103.159.189 - - [07/Mar/2018:17:15:14 -0300] "GET /cormun/servlet/solicitudotadjuntos?INS,2018,10203,,1, HTTP/1.1" 200 6027
186.103.159.189 - - [07/Mar/2018:17:15:15 -0300] "GET /cormun/static/about:blank HTTP/1.1" 404 1011
186.103.159.189 - - [07/Mar/2018:17:15:16 -0300] "GET /cormun/servlet/solicitudotadjuntos?INS,2018,10203,,1, HTTP/1.1" 200 6020
186.103.159.189 - - [07/Mar/2018:17:15:16 -0300] "GET /cormun/servlet/solicitudotadjuntos?251d43ac5b6f856f01bbe6fc4469538be9bea1fd7a312eb5bf4fee8f0fed976788b32f0e85d41bbb7f7adc969395ace3,gx-no-cache=1520457266206 HTTP/1.1" 200 30
186.103.159.189 - - [07/Mar/2018:17:15:16 -0300] "POST /cormun/servlet/solicitudotadjuntos?fb5a276fb047a3208ff75fda326f9f59,INS,2018,10203,,1,,gx-no-cache=1520457266275 HTTP/1.1" 200 3790
186.103.159.46 - - [07/Mar/2018:17:15:20 -0300] "POST /cormun/servlet/trautorizarsolicitud?5a66b1d159cb246884f0c1fdd3ba0975,,gx-no-cache=1520453670806 HTTP/1.1" 200 4130
186.103.159.189 - - [07/Mar/2018:17:15:20 -0300] "POST /cormun/servlet/solicitudotadjuntos?gx-no-cache=1520457270202 HTTP/1.1" 200 26
186.103.159.189 - - [07/Mar/2018:17:15:26 -0300] "GET /cormun/servlet/solicitudotadjuntos?251d43ac5b6f856f01bbe6fc4469538bad138ce6cfa4d69fdea9db13accb81ec,gx-no-cache=1520457276138 HTTP/1.1" 200 30
186.103.159.189 - - [07/Mar/2018:17:15:26 -0300] "GET /cormun/servlet/solicitudotadjuntos?251d43ac5b6f856f01bbe6fc4469538bad138ce6cfa4d69fdea9db13accb81ec,gx-no-cache=1520457276186 HTTP/1.1" 200 30
186.103.159.189 - - [07/Mar/2018:17:15:27 -0300] "POST /cormun/servlet/solicitudotadjuntos?fb5a276fb047a3208ff75fda326f9f59,INS,2018,10203,,1, HTTP/1.1" 200 116
186.103.156.24 - - [07/Mar/2018:17:15:27 -0300] "GET /cormun/servlet/trsolicitudot? HTTP/1.1" 200 7271
186.103.159.189 - - [07/Mar/2018:17:15:27 -0300] "GET /cormun/servlet/hpexe_return? HTTP/1.1" 200 1027
186.103.156.24 - - [07/Mar/2018:17:15:27 -0300] "GET /cormun/servlet/trsolicitudot? HTTP/1.1" 200 7271
186.103.159.189 - - [07/Mar/2018:17:15:28 -0300] "GET /cormun/servlet/trsolicitudadjuntos?2018,10203, HTTP/1.1" 200 8894
186.103.159.46 - - [07/Mar/2018:17:15:28 -0300] "POST /cormun/servlet/trautorizarsolicitud?5a66b1d159cb246884f0c1fdd3ba0975,,gx-no-cache=1520453679210 HTTP/1.1" 200 7242
186.103.159.189 - - [07/Mar/2018:17:15:30 -0300] "GET /cormun/servlet/trsolicitudadjuntos?2018,10203, HTTP/1.1" 200 8889
186.103.159.189 - - [07/Mar/2018:17:15:32 -0300] "GET /cormun/servlet/solicitudotadjuntos?INS,2018,10203,,1, HTTP/1.1" 200 6027
186.103.159.189 - - [07/Mar/2018:17:15:33 -0300] "GET /cormun/static/about:blank HTTP/1.1" 404 1011
186.103.159.189 - - [07/Mar/2018:17:15:34 -0300] "GET /cormun/servlet/solicitudotadjuntos?INS,2018,10203,,1, HTTP/1.1" 200 6020
186.103.159.189 - - [07/Mar/2018:17:15:34 -0300] "GET /cormun/servlet/solicitudotadjuntos?251d43ac5b6f856f01bbe6fc4469538be9bea1fd7a312eb5bf4fee8f0fed976788b32f0e85d41bbb7f7adc969395ace3,gx-no-cache=1520457284147 HTTP/1.1" 200 30
186.103.159.189 - - [07/Mar/2018:17:15:35 -0300] "POST /cormun/servlet/solicitudotadjuntos?fb5a276fb047a3208ff75fda326f9f59,INS,2018,10203,,1,,gx-no-cache=1520457284238 HTTP/1.1" 200 3790
186.103.156.24 - - [07/Mar/2018:17:15:36 -0300] "GET /cormun/servlet/solicitudot?INS,0,0, HTTP/1.1" 200 13687
186.103.156.24 - - [07/Mar/2018:17:15:36 -0300] "GET /cormun/servlet/solicitudot?INS,0,0, HTTP/1.1" 200 13692
186.103.159.189 - - [07/Mar/2018:17:15:38 -0300] "POST /cormun/servlet/solicitudotadjuntos?gx-no-cache=1520457288312 HTTP/1.1" 200 26
186.103.159.46 - - [07/Mar/2018:17:15:39 -0300] "POST /cormun/servlet/trautorizarsolicitud?5a66b1d159cb246884f0c1fdd3ba0975,,gx-no-cache=1520453689750 HTTP/1.1" 200 8305
186.103.159.189 - - [07/Mar/2018:17:15:46 -0300] "GET /cormun/servlet/solicitudotadjuntos?251d43ac5b6f856f01bbe6fc4469538bad138ce6cfa4d69fdea9db13accb81ec,gx-no-cache=1520457296361 HTTP/1.1" 200 30
186.103.159.189 - - [07/Mar/2018:17:15:46 -0300] "GET /cormun/servlet/solicitudotadjuntos?251d43ac5b6f856f01bbe6fc4469538bad138ce6cfa4d69fdea9db13accb81ec,gx-no-cache=1520457296436 HTTP/1.1" 200 30
186.103.159.189 - - [07/Mar/2018:17:15:47 -0300] "POST /cormun/servlet/solicitudotadjuntos?fb5a276fb047a3208ff75fda326f9f59,INS,2018,10203,,1, HTTP/1.1" 200 116
186.103.159.189 - - [07/Mar/2018:17:15:47 -0300] "GET /cormun/servlet/hpexe_return? HTTP/1.1" 200 1027
186.103.159.189 - - [07/Mar/2018:17:15:48 -0300] "GET /cormun/servlet/trsolicitudadjuntos?2018,10203, HTTP/1.1" 200 9072
186.79.165.64 - - [07/Mar/2018:17:15:49 -0300] "GET /cormun/servlet/solicitudot?fd66fd5f7e30d0e64c0cf7b6f86449f8ff6e909ce94d3ea954432ddb6f3f4e7dd32f5674f643f32bfc2c0a140e722690673ddf433ab7b1c2f0659b4256e0f33a,gx-no-cache=1520453701368 HTTP/1.1" 200 30
186.79.165.64 - - [07/Mar/2018:17:15:49 -0300] "POST /cormun/servlet/solicitudot?gx-no-cache=1520453701777 HTTP/1.1" 200 255
186.79.165.64 - - [07/Mar/2018:17:15:49 -0300] "GET /cormun/servlet/solicitudot?fd66fd5f7e30d0e64c0cf7b6f86449f8e74f1ce81d58f3c749929f9ade758612d5e13d5a1cd6ec11e3cb1c440b918d261150bb962ef3e7d7998917a38fa49db21358cb4cf72cd59ec500ba873469238f459475751250e966dc89eb5ca92cbd4273e208636090bf81e1765a185510de52dee8eddf7bbdc1dde37e2a70d78ed11c24d9ad5973e7dc53c2330017f1a5ed6dc1194b88cdcb6540f8dba9760a303ed3bdfe10234ec34167c0c308dbcab276f9c896e46f6be5612180d9e0b1a342c768ab849935d648200eb296e71827b0fe30de54be98e832bc03f6843e2a4e7734265cc40955a0d11c89460c51d41b850989d4371f1c388eff195a34630eb9ac9091e111ea50c600003f443dd23432d1f02d5ce90cca7d82ff25eb2fec442070046229fa20339af0ee558decf8a37d82287c6a29a1949b97d8f3529edb7d342a756f1245d75189240984511e01a0a2873699cd4b000d85061ea75e7ac8bd188844f3a1c7d5329bf3b6bc8492ab54e1c905f702492827ca45c4d773079dd7004c2b30,gx-no-cache=1520453701893 HTTP/1.1" 200 30
186.79.165.64 - - [07/Mar/2018:17:15:49 -0300] "POST /cormun/servlet/solicitudot?gx-no-cache=1520453701979 HTTP/1.1" 200 30
186.79.165.64 - - [07/Mar/2018:17:15:50 -0300] "POST /cormun/servlet/solicitudot?gx-no-cache=1520453702086 HTTP/1.1" 200 1335
186.79.165.64 - - [07/Mar/2018:17:15:50 -0300] "POST /cormun/servlet/solicitudot?gx-no-cache=1520453702299 HTTP/1.1" 200 41
186.103.159.189 - - [07/Mar/2018:17:15:50 -0300] "GET /cormun/servlet/trsolicitudadjuntos?2018,10203, HTTP/1.1" 200 9069
186.79.165.64 - - [07/Mar/2018:17:15:50 -0300] "POST /cormun/servlet/solicitudot?gx-no-cache=1520453702564 HTTP/1.1" 200 1317
186.79.165.64 - - [07/Mar/2018:17:15:50 -0300] "POST /cormun/servlet/solicitudot?gx-no-cache=1520453702750 HTTP/1.1" 200 1218
186.79.165.64 - - [07/Mar/2018:17:15:50 -0300] "GET /cormun/servlet/solicitudot?fd66fd5f7e30d0e64c0cf7b6f86449f8cf5c899261e4ac7a228f956c1b2bd35cdd2c7f96b57c2e4c3837d127b5f67a00,gx-no-cache=1520453702921 HTTP/1.1" 200 30
186.79.165.64 - - [07/Mar/2018:17:15:50 -0300] "POST /cormun/servlet/solicitudot?gx-no-cache=1520453703001 HTTP/1.1" 200 30
186.79.165.64 - - [07/Mar/2018:17:15:52 -0300] "POST /cormun/servlet/solicitudot?c8090c9ea7f11c526ebff2852ca8e1cf,INS,0,0,,gx-no-cache=1520453703101 HTTP/1.1" 200 93
186.79.165.64 - - [07/Mar/2018:17:15:52 -0300] "GET /cormun/servlet/hpexe_return? HTTP/1.1" 200 1026
186.79.165.64 - - [07/Mar/2018:17:15:52 -0300] "GET /cormun/servlet/trsolicitudot?gx-no-cache=1520452287824 HTTP/1.1" 200 8527
186.103.159.189 - - [07/Mar/2018:17:15:53 -0300] "GET /cormun/servlet/solicitudotadjuntos?INS,2018,10203,,1, HTTP/1.1" 200 6026
186.79.165.64 - - [07/Mar/2018:17:15:53 -0300] "GET /cormun/servlet/trsolicitudot?gx-no-cache=1520452287824 HTTP/1.1" 200 8544
186.103.156.24 - - [07/Mar/2018:17:15:53 -0300] "POST /cormun/servlet/solicitudot?gx-no-cache=1520453705256 HTTP/1.1" 200 3350
186.103.156.24 - - [07/Mar/2018:17:15:53 -0300] "GET /cormun/static/Shared/jqueryui/images/ui-bg_highlight-soft_100_c6c2c8_1x100.png HTTP/1.1" 404 1117
186.103.156.24 - - [07/Mar/2018:17:15:53 -0300] "GET /cormun/static/Shared/jqueryui/images/ui-icons_82798d_256x240.png HTTP/1.1" 404 1089
186.103.156.24 - - [07/Mar/2018:17:15:53 -0300] "GET /cormun/static/Shared/jqueryui/images/ui-bg_flat_55_994d53_40x100.png HTTP/1.1" 404 1097
186.103.156.24 - - [07/Mar/2018:17:15:53 -0300] "GET /cormun/static/Shared/jqueryui/images/ui-icons_ebccce_256x240.png HTTP/1.1" 404 1089
186.103.156.24 - - [07/Mar/2018:17:15:54 -0300] "GET /cormun/servlet/solicitudot?e841c95b5528d15747e78f221c8b4b679dccc712c207a4eed36897c99abd6ec0,gx-no-cache=1520453705338 HTTP/1.1" 200 111
186.103.156.24 - - [07/Mar/2018:17:15:54 -0300] "GET /cormun/servlet/solicitudot?e841c95b5528d15747e78f221c8b4b67d25705535424f218089a58118ed4ab57,gx-no-cache=1520453705611 HTTP/1.1" 200 94
186.103.156.24 - - [07/Mar/2018:17:15:54 -0300] "GET /cormun/servlet/solicitudot?e841c95b5528d15747e78f221c8b4b6754b0aad8caa0f9f7ef01194072aef4ea,gx-no-cache=1520453705660 HTTP/1.1" 200 29
186.103.159.189 - - [07/Mar/2018:17:15:54 -0300] "GET /cormun/static/about:blank HTTP/1.1" 404 1011
186.103.159.189 - - [07/Mar/2018:17:15:54 -0300] "GET /cormun/servlet/solicitudotadjuntos?INS,2018,10203,,1, HTTP/1.1" 200 6020
186.103.159.46 - - [07/Mar/2018:17:15:54 -0300] "POST /cormun/servlet/trautorizarsolicitud?5a66b1d159cb246884f0c1fdd3ba0975,,gx-no-cache=1520453705225 HTTP/1.1" 200 7940
186.103.159.189 - - [07/Mar/2018:17:15:55 -0300] "GET /cormun/servlet/solicitudotadjuntos?251d43ac5b6f856f01bbe6fc4469538be9bea1fd7a312eb5bf4fee8f0fed976788b32f0e85d41bbb7f7adc969395ace3,gx-no-cache=1520457304727 HTTP/1.1" 200 30
186.103.159.189 - - [07/Mar/2018:17:15:55 -0300] "POST /cormun/servlet/solicitudotadjuntos?fb5a276fb047a3208ff75fda326f9f59,INS,2018,10203,,1,,gx-no-cache=1520457304825 HTTP/1.1" 200 3790
186.103.159.189 - - [07/Mar/2018:17:15:59 -0300] "POST /cormun/servlet/solicitudotadjuntos?gx-no-cache=1520457308843 HTTP/1.1" 200 26
186.103.159.46 - - [07/Mar/2018:17:16:02 -0300] "POST /cormun/servlet/trautorizarsolicitud?5a66b1d159cb246884f0c1fdd3ba0975,,gx-no-cache=1520453712845 HTTP/1.1" 200 4131
186.103.159.189 - - [07/Mar/2018:17:16:04 -0300] "GET /cormun/servlet/solicitudotadjuntos?251d43ac5b6f856f01bbe6fc4469538bad138ce6cfa4d69fdea9db13accb81ec,gx-no-cache=1520457314108 HTTP/1.1" 200 30
186.103.159.189 - - [07/Mar/2018:17:16:04 -0300] "GET /cormun/servlet/solicitudotadjuntos?251d43ac5b6f856f01bbe6fc4469538bad138ce6cfa4d69fdea9db13accb81ec,gx-no-cache=1520457314160 HTTP/1.1" 200 30
186.103.159.189 - - [07/Mar/2018:17:16:05 -0300] "POST /cormun/servlet/solicitudotadjuntos?fb5a276fb047a3208ff75fda326f9f59,INS,2018,10203,,1, HTTP/1.1" 200 116
186.103.159.189 - - [07/Mar/2018:17:16:05 -0300] "GET /cormun/servlet/hpexe_return? HTTP/1.1" 200 1027
186.103.159.189 - - [07/Mar/2018:17:16:06 -0300] "GET /cormun/servlet/trsolicitudadjuntos?2018,10203, HTTP/1.1" 200 9317
186.103.159.46 - - [07/Mar/2018:17:16:07 -0300] "POST /cormun/servlet/trautorizarsolicitud?5a66b1d159cb246884f0c1fdd3ba0975,,gx-no-cache=1520453717917 HTTP/1.1" 200 13655
186.103.159.189 - - [07/Mar/2018:17:16:08 -0300] "GET /cormun/servlet/trsolicitudadjuntos?2018,10203, HTTP/1.1" 200 9312
186.103.159.189 - - [07/Mar/2018:17:16:12 -0300] "GET /cormun/servlet/solicitudotadjuntos?INS,2018,10203,,1, HTTP/1.1" 200 6026
186.103.159.189 - - [07/Mar/2018:17:16:12 -0300] "GET /cormun/static/about:blank HTTP/1.1" 404 1011
186.103.159.189 - - [07/Mar/2018:17:16:13 -0300] "GET /cormun/servlet/solicitudotadjuntos?INS,2018,10203,,1, HTTP/1.1" 200 6020
186.103.159.189 - - [07/Mar/2018:17:16:14 -0300] "GET /cormun/servlet/solicitudotadjuntos?251d43ac5b6f856f01bbe6fc4469538be9bea1fd7a312eb5bf4fee8f0fed976788b32f0e85d41bbb7f7adc969395ace3,gx-no-cache=1520457323812 HTTP/1.1" 200 30
186.103.159.189 - - [07/Mar/2018:17:16:14 -0300] "POST /cormun/servlet/solicitudotadjuntos?fb5a276fb047a3208ff75fda326f9f59,INS,2018,10203,,1,,gx-no-cache=1520457323871 HTTP/1.1" 200 3790
186.103.159.189 - - [07/Mar/2018:17:16:17 -0300] "POST /cormun/servlet/solicitudotadjuntos?gx-no-cache=1520457327117 HTTP/1.1" 200 26
186.79.165.64 - - [07/Mar/2018:17:16:20 -0300] "POST /cormun/servlet/trsolicitudot?c8090c9ea7f11c526ebff2852ca8e1cf,gx-no-cache=1520452287824,gx-no-cache=1520453732794 HTTP/1.1" 200 4482
186.79.165.64 - - [07/Mar/2018:17:16:21 -0300] "GET /cormun/static/Shared/jqueryui/images/ui-bg_highlight-soft_100_c6c2c8_1x100.png HTTP/1.1" 404 1117
186.79.165.64 - - [07/Mar/2018:17:16:21 -0300] "GET /cormun/static/Shared/jqueryui/images/ui-bg_flat_55_fafafa_40x100.png HTTP/1.1" 404 1097
186.79.165.64 - - [07/Mar/2018:17:16:21 -0300] "GET /cormun/static/Shared/jqueryui/images/ui-icons_8d78a5_256x240.png HTTP/1.1" 404 1089
186.79.165.64 - - [07/Mar/2018:17:16:21 -0300] "GET /cormun/static/Shared/jqueryui/images/ui-icons_82798d_256x240.png HTTP/1.1" 404 1089
186.79.165.64 - - [07/Mar/2018:17:16:21 -0300] "POST /cormun/servlet/trsolicitudot?c8090c9ea7f11c526ebff2852ca8e1cf,gx-no-cache=1520452287824,gx-no-cache=1520453733304 HTTP/1.1" 200 4257
186.103.159.189 - - [07/Mar/2018:17:16:23 -0300] "GET /cormun/servlet/solicitudotadjuntos?251d43ac5b6f856f01bbe6fc4469538bad138ce6cfa4d69fdea9db13accb81ec,gx-no-cache=1520457333388 HTTP/1.1" 200 30
186.103.159.189 - - [07/Mar/2018:17:16:23 -0300] "GET /cormun/servlet/solicitudotadjuntos?251d43ac5b6f856f01bbe6fc4469538bad138ce6cfa4d69fdea9db13accb81ec,gx-no-cache=1520457333459 HTTP/1.1" 200 30
186.103.159.189 - - [07/Mar/2018:17:16:25 -0300] "POST /cormun/servlet/solicitudotadjuntos?fb5a276fb047a3208ff75fda326f9f59,INS,2018,10203,,1, HTTP/1.1" 200 116
186.103.159.189 - - [07/Mar/2018:17:16:25 -0300] "GET /cormun/servlet/hpexe_return? HTTP/1.1" 200 1027
186.103.159.189 - - [07/Mar/2018:17:16:26 -0300] "GET /cormun/servlet/trsolicitudadjuntos?2018,10203, HTTP/1.1" 200 9569
186.103.159.189 - - [07/Mar/2018:17:16:28 -0300] "GET /cormun/servlet/trsolicitudadjuntos?2018,10203, HTTP/1.1" 200 9566
186.103.159.189 - - [07/Mar/2018:17:16:31 -0300] "GET /cormun/servlet/solicitudotadjuntos?INS,2018,10203,,2, HTTP/1.1" 200 6025
186.103.159.189 - - [07/Mar/2018:17:16:32 -0300] "GET /cormun/static/about:blank HTTP/1.1" 404 1011
186.103.159.189 - - [07/Mar/2018:17:16:33 -0300] "GET /cormun/servlet/solicitudotadjuntos?INS,2018,10203,,2, HTTP/1.1" 200 6019
186.103.159.189 - - [07/Mar/2018:17:16:34 -0300] "GET /cormun/servlet/solicitudotadjuntos?251d43ac5b6f856f01bbe6fc4469538be9bea1fd7a312eb5bf4fee8f0fed976788b32f0e85d41bbb7f7adc969395ace3,gx-no-cache=1520457343606 HTTP/1.1" 200 30
186.103.159.189 - - [07/Mar/2018:17:16:34 -0300] "POST /cormun/servlet/solicitudotadjuntos?fb5a276fb047a3208ff75fda326f9f59,INS,2018,10203,,2,,gx-no-cache=1520457343687 HTTP/1.1" 200 4000
186.79.165.64 - - [07/Mar/2018:17:16:36 -0300] "GET /cormun/servlet/hhome HTTP/1.1" 200 3947
186.79.165.64 - - [07/Mar/2018:17:16:37 -0300] "GET /cormun/servlet/hhome HTTP/1.1" 200 3922
186.103.156.24 - - [07/Mar/2018:17:16:41 -0300] "POST /cormun/servlet/solicitudot?gx-no-cache=1520453752690 HTTP/1.1" 200 3404
186.103.156.24 - - [07/Mar/2018:17:16:41 -0300] "POST /cormun/servlet/solicitudot?a356dd74b111b0fec95e776a9b2a5096,INS,0,0,,gx-no-cache=1520453753019 HTTP/1.1" 200 10592
186.103.159.189 - - [07/Mar/2018:17:16:49 -0300] "POST /cormun/servlet/solicitudotadjuntos?fb5a276fb047a3208ff75fda326f9f59,INS,2018,10203,,2,,gx-no-cache=1520457358679 HTTP/1.1" 200 90
186.103.159.189 - - [07/Mar/2018:17:16:49 -0300] "GET /cormun/servlet/hpexe_link HTTP/1.1" 200 983
186.103.159.189 - - [07/Mar/2018:17:16:50 -0300] "GET /cormun/servlet/trsolicitudadjuntos?2018,10203, HTTP/1.1" 200 9564
186.103.159.189 - - [07/Mar/2018:17:16:52 -0300] "GET /cormun/servlet/trsolicitudadjuntos?2018,10203, HTTP/1.1" 200 9567
186.103.159.189 - - [07/Mar/2018:17:17:07 -0300] "GET /cormun/PublicTempStorage/certificado_de_estudios514959.pdf HTTP/1.1" 200 961917
186.103.159.189 - - [07/Mar/2018:17:17:21 -0300] "GET /cormun/servlet/trsolicitudadjuntos?2018,10203, HTTP/1.1" 200 9563
186.103.159.189 - - [07/Mar/2018:17:17:24 -0300] "GET /cormun/servlet/trsolicitudadjuntos?2018,10203, HTTP/1.1" 200 9564
186.103.156.24 - - [07/Mar/2018:17:17:29 -0300] "POST /cormun/servlet/solicitudot?gx-no-cache=1520453801137 HTTP/1.1" 200 3397
186.103.156.24 - - [07/Mar/2018:17:17:30 -0300] "POST /cormun/servlet/solicitudot?a356dd74b111b0fec95e776a9b2a5096,INS,0,0,,gx-no-cache=1520453801323 HTTP/1.1" 200 10637
186.103.159.189 - - [07/Mar/2018:17:17:31 -0300] "GET /cormun/servlet/solicitudotadjuntos?INS,2018,10203,,2, HTTP/1.1" 200 6026
186.103.159.189 - - [07/Mar/2018:17:17:32 -0300] "GET /cormun/static/about:blank HTTP/1.1" 404 1011
186.103.159.189 - - [07/Mar/2018:17:17:33 -0300] "GET /cormun/servlet/solicitudotadjuntos?INS,2018,10203,,2, HTTP/1.1" 200 6020
186.103.159.189 - - [07/Mar/2018:17:17:34 -0300] "GET /cormun/servlet/solicitudotadjuntos?251d43ac5b6f856f01bbe6fc4469538be9bea1fd7a312eb5bf4fee8f0fed976788b32f0e85d41bbb7f7adc969395ace3,gx-no-cache=1520457403960 HTTP/1.1" 200 30
186.103.159.189 - - [07/Mar/2018:17:17:34 -0300] "POST /cormun/servlet/solicitudotadjuntos?fb5a276fb047a3208ff75fda326f9f59,INS,2018,10203,,2,,gx-no-cache=1520457404188 HTTP/1.1" 200 4001
186.103.159.189 - - [07/Mar/2018:17:17:43 -0300] "POST /cormun/servlet/solicitudotadjuntos?gx-no-cache=1520457412692 HTTP/1.1" 200 26
186.103.159.189 - - [07/Mar/2018:17:17:51 -0300] "GET /cormun/servlet/solicitudotadjuntos?251d43ac5b6f856f01bbe6fc4469538bad138ce6cfa4d69fdea9db13accb81ec,gx-no-cache=1520457420747 HTTP/1.1" 200 30
186.103.159.189 - - [07/Mar/2018:17:17:51 -0300] "GET /cormun/servlet/solicitudotadjuntos?251d43ac5b6f856f01bbe6fc4469538bad138ce6cfa4d69fdea9db13accb81ec,gx-no-cache=1520457420811 HTTP/1.1" 200 30
186.103.159.189 - - [07/Mar/2018:17:17:52 -0300] "POST /cormun/servlet/solicitudotadjuntos?fb5a276fb047a3208ff75fda326f9f59,INS,2018,10203,,2, HTTP/1.1" 200 116
186.103.159.189 - - [07/Mar/2018:17:17:52 -0300] "GET /cormun/servlet/hpexe_return? HTTP/1.1" 200 1028
186.103.159.189 - - [07/Mar/2018:17:17:53 -0300] "GET /cormun/servlet/trsolicitudadjuntos?2018,10203, HTTP/1.1" 200 9703
186.103.159.189 - - [07/Mar/2018:17:17:55 -0300] "GET /cormun/servlet/trsolicitudadjuntos?2018,10203, HTTP/1.1" 200 9697
186.103.156.24 - - [07/Mar/2018:17:17:55 -0300] "GET /cormun/servlet/trsolicitudot? HTTP/1.1" 200 7271
186.103.156.24 - - [07/Mar/2018:17:17:56 -0300] "GET /cormun/servlet/trsolicitudot? HTTP/1.1" 200 7271
186.103.156.24 - - [07/Mar/2018:17:17:58 -0300] "GET /cormun/servlet/solicitudot?INS,0,0, HTTP/1.1" 200 13687
186.103.156.24 - - [07/Mar/2018:17:17:58 -0300] "GET /cormun/servlet/solicitudot?INS,0,0, HTTP/1.1" 200 13692
186.103.159.189 - - [07/Mar/2018:17:18:09 -0300] "POST /cormun/servlet/trsolicitudadjuntos?fb5a276fb047a3208ff75fda326f9f59,2018,10203,,gx-no-cache=1520457438526 HTTP/1.1" 200 90
186.103.159.189 - - [07/Mar/2018:17:18:09 -0300] "GET /cormun/servlet/hpexe_link HTTP/1.1" 200 971
186.103.159.189 - - [07/Mar/2018:17:18:09 -0300] "GET /cormun/servlet/trsolicitudot HTTP/1.1" 200 8966
186.103.156.24 - - [07/Mar/2018:17:18:09 -0300] "POST /cormun/servlet/solicitudot?gx-no-cache=1520453841042 HTTP/1.1" 200 3404
186.103.156.24 - - [07/Mar/2018:17:18:09 -0300] "POST /cormun/servlet/solicitudot?a356dd74b111b0fec95e776a9b2a5096,INS,0,0,,gx-no-cache=1520453841184 HTTP/1.1" 200 10593
186.103.159.189 - - [07/Mar/2018:17:18:11 -0300] "GET /cormun/servlet/trsolicitudot HTTP/1.1" 200 8965
186.79.165.64 - - [07/Mar/2018:17:19:39 -0300] "GET /cormun/servlet/hlogin HTTP/1.1" 200 1725
186.79.165.64 - - [07/Mar/2018:17:19:41 -0300] "POST /cormun/servlet/hlogin?c6cb513519c7ca531b9b46ac735859c1,gx-no-cache=1520453932804 HTTP/1.1" 200 90
186.79.165.64 - - [07/Mar/2018:17:19:41 -0300] "GET /cormun/servlet/hpexe_link HTTP/1.1" 200 953
186.79.165.64 - - [07/Mar/2018:17:19:41 -0300] "GET /cormun/servlet/hhome HTTP/1.1" 200 4164
186.79.165.64 - - [07/Mar/2018:17:19:41 -0300] "GET /cormun/servlet/hhome HTTP/1.1" 200 4161
186.103.159.46 - - [07/Mar/2018:17:19:42 -0300] "GET /cormun/servlet/trsolicitudot? HTTP/1.1" 200 7405
186.103.159.46 - - [07/Mar/2018:17:19:42 -0300] "GET /cormun/static/gxcfg.js?2017111422585916 HTTP/1.1" 304 -
186.103.159.46 - - [07/Mar/2018:17:19:43 -0300] "GET /cormun/servlet/trsolicitudot? HTTP/1.1" 200 7405
186.103.159.46 - - [07/Mar/2018:17:19:45 -0300] "GET /cormun/static/menuarrow.gif HTTP/1.1" 404 1015
186.79.165.64 - - [07/Mar/2018:17:19:47 -0300] "GET /cormun/servlet/trautorizarsolicitud? HTTP/1.1" 200 8643
186.79.165.64 - - [07/Mar/2018:17:19:48 -0300] "GET /cormun/servlet/trautorizarsolicitud? HTTP/1.1" 200 8641
186.79.165.64 - - [07/Mar/2018:17:19:53 -0300] "POST /cormun/servlet/trautorizarsolicitud?c6cb513519c7ca531b9b46ac735859c1,,gx-no-cache=1520453944581 HTTP/1.1" 200 4608
186.79.165.64 - - [07/Mar/2018:17:19:53 -0300] "GET /cormun/static/Shared/jqueryui/images/ui-bg_highlight-soft_100_c6c2c8_1x100.png HTTP/1.1" 404 1117
186.79.165.64 - - [07/Mar/2018:17:19:53 -0300] "GET /cormun/static/Shared/jqueryui/images/ui-icons_82798d_256x240.png HTTP/1.1" 404 1089
186.79.165.64 - - [07/Mar/2018:17:19:53 -0300] "GET /cormun/static/Shared/jqueryui/images/ui-icons_8d78a5_256x240.png HTTP/1.1" 404 1089
186.79.165.64 - - [07/Mar/2018:17:19:53 -0300] "GET /cormun/static/Shared/jqueryui/images/ui-bg_flat_55_fafafa_40x100.png HTTP/1.1" 404 1097
186.79.165.64 - - [07/Mar/2018:17:19:53 -0300] "POST /cormun/servlet/trautorizarsolicitud?c6cb513519c7ca531b9b46ac735859c1,,gx-no-cache=1520453945101 HTTP/1.1" 200 4381
186.103.159.46 - - [07/Mar/2018:17:20:03 -0300] "GET /cormun/servlet/trsolicitudot? HTTP/1.1" 200 7405
186.103.159.46 - - [07/Mar/2018:17:20:04 -0300] "GET /cormun/servlet/trsolicitudot? HTTP/1.1" 200 7405
186.103.159.46 - - [07/Mar/2018:17:20:41 -0300] "GET /cormun/servlet/hlogin HTTP/1.1" 200 1724
192.168.10.96 - - [07/Mar/2018:17:21:01 -0300] "POST /cormun/servlet/trsolicitudgral?bbe474c263a238299dd0eb37cddcf8ec,,gx-no-cache=1520453900163 HTTP/1.1" 200 7304
192.168.10.96 - - [07/Mar/2018:17:21:05 -0300] "POST /cormun/servlet/trsolicitudgral?bbe474c263a238299dd0eb37cddcf8ec,,gx-no-cache=1520453903722 HTTP/1.1" 200 14934
186.103.159.46 - - [07/Mar/2018:17:21:28 -0300] "POST /cormun/servlet/hlogin?5a66b1d159cb246884f0c1fdd3ba0975,gx-no-cache=1520454039336 HTTP/1.1" 200 90
186.103.159.46 - - [07/Mar/2018:17:21:28 -0300] "GET /cormun/servlet/hpexe_link HTTP/1.1" 200 951
186.103.159.46 - - [07/Mar/2018:17:21:28 -0300] "GET /cormun/servlet/hhome HTTP/1.1" 200 3953
186.103.159.46 - - [07/Mar/2018:17:21:29 -0300] "GET /cormun/static/gxcfg.js?20175251212442 HTTP/1.1" 304 -
186.103.159.46 - - [07/Mar/2018:17:21:30 -0300] "GET /cormun/servlet/hhome HTTP/1.1" 200 3950
186.103.159.46 - - [07/Mar/2018:17:21:34 -0300] "GET /cormun/servlet/trsolicitudot? HTTP/1.1" 200 7164
186.103.159.46 - - [07/Mar/2018:17:21:35 -0300] "GET /cormun/servlet/trsolicitudot? HTTP/1.1" 200 7164
200.86.99.60 - - [07/Mar/2018:17:21:37 -0300] "GET /cormun/servlet/hlogin HTTP/1.1" 200 1718
200.86.99.60 - - [07/Mar/2018:17:21:38 -0300] "GET /cormun/servlet/hlogin HTTP/1.1" 200 1728
200.86.99.60 - - [07/Mar/2018:17:21:40 -0300] "POST /cormun/servlet/hlogin?f40d8228e573fcf63e70d5df4cf6ba59,gx-no-cache=1520454052978 HTTP/1.1" 200 90
200.86.99.60 - - [07/Mar/2018:17:21:40 -0300] "GET /cormun/servlet/hpexe_link HTTP/1.1" 200 948
200.86.99.60 - - [07/Mar/2018:17:21:40 -0300] "GET /cormun/servlet/hhome HTTP/1.1" 200 4150
200.86.99.60 - - [07/Mar/2018:17:21:41 -0300] "GET /cormun/servlet/hhome HTTP/1.1" 200 4146
186.103.159.46 - - [07/Mar/2018:17:21:42 -0300] "GET /cormun/servlet/trsolicitudot? HTTP/1.1" 200 7164
186.103.159.46 - - [07/Mar/2018:17:21:43 -0300] "GET /cormun/servlet/trsolicitudot? HTTP/1.1" 200 7164
192.168.10.96 - - [07/Mar/2018:17:21:43 -0300] "POST /cormun/servlet/trsolicitudgral?bbe474c263a238299dd0eb37cddcf8ec,,gx-no-cache=1520453942436 HTTP/1.1" 200 14932
192.168.10.96 - - [07/Mar/2018:17:21:44 -0300] "POST /cormun/servlet/trsolicitudgral?bbe474c263a238299dd0eb37cddcf8ec,,gx-no-cache=1520453943067 HTTP/1.1" 200 14931
200.86.99.60 - - [07/Mar/2018:17:21:45 -0300] "GET /cormun/servlet/trcontratosolicitud? HTTP/1.1" 200 10206
200.86.99.60 - - [07/Mar/2018:17:21:45 -0300] "GET /cormun/static/gxcfg.js?20177612214014 HTTP/1.1" 200 953
200.86.99.60 - - [07/Mar/2018:17:21:45 -0300] "GET /cormun/static/trcontratosolicitud.js?20177612214349 HTTP/1.1" 200 28237
200.86.99.60 - - [07/Mar/2018:17:21:46 -0300] "GET /cormun//static/Resources/PXToolsGridNew.png HTTP/1.1" 200 2949
200.86.99.60 - - [07/Mar/2018:17:21:46 -0300] "GET /cormun/servlet/trcontratosolicitud? HTTP/1.1" 200 10205
186.103.159.46 - - [07/Mar/2018:17:21:48 -0300] "GET /cormun/servlet/solicitudot?INS,0,0, HTTP/1.1" 200 13405
186.103.159.46 - - [07/Mar/2018:17:21:48 -0300] "GET /cormun/static/gxcfg.js?201812313224582 HTTP/1.1" 200 953
186.103.159.46 - - [07/Mar/2018:17:21:48 -0300] "GET /cormun/static/Resources/prompt.gif HTTP/1.1" 200 902
186.103.159.46 - - [07/Mar/2018:17:21:48 -0300] "GET /cormun/static/solicitudot.js?201812313224831 HTTP/1.1" 304 -
186.103.159.46 - - [07/Mar/2018:17:21:49 -0300] "GET /cormun/servlet/solicitudot?INS,0,0, HTTP/1.1" 200 13410
192.168.10.96 - - [07/Mar/2018:17:21:58 -0300] "POST /cormun/servlet/trsolicitudgral?bbe474c263a238299dd0eb37cddcf8ec,,gx-no-cache=1520453956813 HTTP/1.1" 200 5924
192.168.10.96 - - [07/Mar/2018:17:22:02 -0300] "POST /cormun/servlet/trsolicitudgral?bbe474c263a238299dd0eb37cddcf8ec,,gx-no-cache=1520453961427 HTTP/1.1" 200 17435
192.168.10.96 - - [07/Mar/2018:17:22:08 -0300] "POST /cormun/servlet/trsolicitudgral?bbe474c263a238299dd0eb37cddcf8ec,,gx-no-cache=1520453967084 HTTP/1.1" 200 14932
186.103.159.46 - - [07/Mar/2018:17:22:51 -0300] "POST /cormun/servlet/solicitudot?gx-no-cache=1520454121748 HTTP/1.1" 200 3418
186.103.159.46 - - [07/Mar/2018:17:22:51 -0300] "POST /cormun/servlet/solicitudot?5a66b1d159cb246884f0c1fdd3ba0975,INS,0,0,,gx-no-cache=1520454121984 HTTP/1.1" 200 10383
186.103.159.46 - - [07/Mar/2018:17:23:13 -0300] "GET /cormun/servlet/solicitudot?077109378e08bfc53647699c669d7087a4875562e77f90b0a7c2785f89b68c94b290e6a445ee7a0ffe9f5129fac314ec,gx-no-cache=1520454143911 HTTP/1.1" 200 30
186.103.159.46 - - [07/Mar/2018:17:23:13 -0300] "GET /cormun/servlet/solicitudot?077109378e08bfc53647699c669d70878dc939caa3ec78c9af5606e00c6f70b6ef2755c9dcb3dda6e786e02a38b297c5691223249c8b56178841027a625b794b,gx-no-cache=1520454143975 HTTP/1.1" 200 103
186.103.159.46 - - [07/Mar/2018:17:23:13 -0300] "GET /cormun/static/Shared/jqueryui/images/ui-bg_highlight-soft_100_c6c2c8_1x100.png HTTP/1.1" 404 1117
186.103.159.46 - - [07/Mar/2018:17:23:13 -0300] "GET /cormun/static/Shared/jqueryui/images/ui-icons_82798d_256x240.png HTTP/1.1" 404 1089
186.103.159.46 - - [07/Mar/2018:17:23:13 -0300] "GET /cormun/static/Shared/jqueryui/images/ui-bg_flat_55_994d53_40x100.png HTTP/1.1" 404 1097
186.103.159.46 - - [07/Mar/2018:17:23:13 -0300] "GET /cormun/static/Shared/jqueryui/images/ui-icons_ebccce_256x240.png HTTP/1.1" 404 1089
186.103.159.46 - - [07/Mar/2018:17:23:13 -0300] "GET /cormun/servlet/solicitudot?077109378e08bfc53647699c669d7087a26a65c4f39aa959747308d722ec2ca6,gx-no-cache=1520454144071 HTTP/1.1" 200 51
186.103.159.46 - - [07/Mar/2018:17:23:13 -0300] "POST /cormun/servlet/solicitudot?gx-no-cache=1520454144115 HTTP/1.1" 200 255
186.103.159.46 - - [07/Mar/2018:17:23:13 -0300] "GET /cormun/servlet/solicitudot?077109378e08bfc53647699c669d708791c43f2ec4d936ee8212359360ed72baf85b33ca096bdfaf3bb6a1aa6fd59262ad9b3de278c8b0e5f2010a47d10f877345b6e4a8d9aacc710128c3edc43b7b4d3b4cbc79c9fcf0bdff22cce08b2d8926582c37450c3121f6ebf420bfbdcb3b12d93f4e2518f73136ec0e71d8629d8fca71f24911cf3d61c8bf182839708bc75f59dd81dbd0dcfe850da37ff9c4d700efa8719c57c8643e1776d8bbf91825bdadda0daf1848ab2b8b5a25ab62c506bb9a299608e1119cb533e4549418cf5fc695648e0376ee469a5639fbcfb7a2c865279a5745052110d472d24342fecfef6c4cd411ad866479121d4825d9cd3d523935d6743d8e7ce374ec482e589c81b67d930f7daa2785e78590aea167b7468cff6fda35982019181ace0593f051001ca7911fcfb213e1f001162e8fe26323d78f8a137d1c9c1d5052cc6dae40d675312d0384d033d27b1c8ac730b6d02a6bf5da37c4bb29085aa6fcd76031482be7b8096889ce04276578383a43378d7fca18f7de,gx-no-cache=1520454144170 HTTP/1.1" 200 30
186.103.159.46 - - [07/Mar/2018:17:23:17 -0300] "POST /cormun/servlet/solicitudot?gx-no-cache=1520454148323 HTTP/1.1" 200 30
186.103.159.46 - - [07/Mar/2018:17:23:23 -0300] "POST /cormun/servlet/solicitudot?gx-no-cache=1520454154260 HTTP/1.1" 200 1337
186.103.159.46 - - [07/Mar/2018:17:23:23 -0300] "POST /cormun/servlet/solicitudot?gx-no-cache=1520454154374 HTTP/1.1" 200 38
186.103.159.46 - - [07/Mar/2018:17:23:29 -0300] "GET /cormun/servlet/solicitudot?077109378e08bfc53647699c669d7087afc8c93a964efbbf5bc406c1499711771e1d56141009e3c6102c5440d63f9c7cff6caeadc8c47cf6027bf93d117ac8e50057e6caf47868d9710a82fd1f91ac58dba67f71b9a220780666888303a1d6181843b770f48a7123f39522bbe6990c9fe97a5f9347d7376e4df523b1eb09a0ad1b81a48cb839535e5b245b9c3605a25ed1a39687af8a0f052f442f0d160b4f1a,gx-no-cache=1520454160310 HTTP/1.1" 200 29
186.103.159.46 - - [07/Mar/2018:17:23:29 -0300] "POST /cormun/servlet/solicitudot?gx-no-cache=1520454160352 HTTP/1.1" 200 1319
186.103.159.46 - - [07/Mar/2018:17:23:29 -0300] "POST /cormun/servlet/solicitudot?gx-no-cache=1520454160429 HTTP/1.1" 200 1218
186.103.159.46 - - [07/Mar/2018:17:23:29 -0300] "GET /cormun/static/menuarrow.gif HTTP/1.1" 404 1015
186.103.159.46 - - [07/Mar/2018:17:23:36 -0300] "POST /cormun/servlet/solicitudot?gx-no-cache=1520454167446 HTTP/1.1" 200 1319
186.103.159.46 - - [07/Mar/2018:17:23:36 -0300] "POST /cormun/servlet/solicitudot?gx-no-cache=1520454167534 HTTP/1.1" 200 1218
186.103.159.46 - - [07/Mar/2018:17:23:40 -0300] "GET /cormun/servlet/solicitudot?077109378e08bfc53647699c669d7087201078a54585100b458eb073862ddae6a34180ccd9ef4bfd1d7106a2ccc7d527,gx-no-cache=1520454171338 HTTP/1.1" 200 30
192.168.10.96 - - [07/Mar/2018:17:24:05 -0300] "POST /cormun/servlet/trsolicitudgral?bbe474c263a238299dd0eb37cddcf8ec,,gx-no-cache=1520454084471 HTTP/1.1" 200 14505
192.168.10.96 - - [07/Mar/2018:17:24:06 -0300] "GET /cormun/static/Shared/jqueryui/images/ui-icons_82798d_256x240.png HTTP/1.1" 404 1089
192.168.10.96 - - [07/Mar/2018:17:24:06 -0300] "GET /cormun/static/Shared/jqueryui/images/ui-bg_highlight-soft_100_c6c2c8_1x100.png HTTP/1.1" 404 1117
192.168.10.96 - - [07/Mar/2018:17:24:06 -0300] "GET /cormun/static/Shared/jqueryui/images/ui-icons_8d78a5_256x240.png HTTP/1.1" 404 1089
192.168.10.96 - - [07/Mar/2018:17:24:06 -0300] "GET /cormun/static/Shared/jqueryui/images/ui-bg_flat_55_fafafa_40x100.png HTTP/1.1" 404 1097
186.103.159.46 - - [07/Mar/2018:17:24:31 -0300] "POST /cormun/servlet/solicitudot?gx-no-cache=1520454222209 HTTP/1.1" 200 30
186.103.159.46 - - [07/Mar/2018:17:24:31 -0300] "POST /cormun/servlet/solicitudot?5a66b1d159cb246884f0c1fdd3ba0975,INS,0,0,,gx-no-cache=1520454222343 HTTP/1.1" 200 11751
186.103.159.46 - - [07/Mar/2018:17:24:56 -0300] "GET /cormun/servlet/solicitudot?077109378e08bfc53647699c669d70878dc939caa3ec78c9af5606e00c6f70b68b0fe6ab71d792e9be2824cc9ca12b54206feb2d191dc1dfc29fe6158d574a79,gx-no-cache=1520454246787 HTTP/1.1" 200 30
186.103.159.46 - - [07/Mar/2018:17:24:56 -0300] "POST /cormun/servlet/solicitudot?gx-no-cache=1520454246911 HTTP/1.1" 200 255
