200.111.191.210 - - [07/Mar/2018:11:45:17 -0300] "GET /cormun/servlet/solicitudot?e8e41fcf655094289487946e0a39412c1df252dc7d292ee72918fafa7041a855efd0b1c28d9c280636409e6c2c63383ed4a425ed4aa7c2e6a4e4cdbb447b9690f5b72b7520d530c91e322b93d52b87c0781c0163f124c39098969e8494151d8a0b13ec2a66c5962baea60d5cb077896dc4b8f8ef2bc8b524ce307dbf5c46f1155128ffc48b8617c2fddf35d1a5dabcba69e22c4d9fc79a1822c832b5078c01d42dcc842ec2141a9074379eb5549c2578b29cd96bc6bb577e39ad77a37e807d4d868977b38555a43cfa4bf65e786109894d344cc58d82e8999b27eabb32049170b62585c88999d0ceeacdfbc384909a324a47fc0135036a93a25a9a05c6a841e765e30f623309238f69bdc517c791e63ce144112ca6a57f5da2724d5ce4e600848b3a7579593b0ef6636549f2d6812177b3e34e40ad9b2a861b5a2f02342a2c0528facebeaf641b70ee40ae847bd58b7dd00bac3c8a04b1ac1348d1e62bbf0a3d5d7ed8f782e9c68da361fc0b49aa1c41a5456704d8bab814a3639ce5336ffcfa,gx-no-cache=1520433868600 HTTP/1.1" 200 30
200.111.191.210 - - [07/Mar/2018:11:45:19 -0300] "POST /cormun/servlet/solicitudot?gx-no-cache=1520433870339 HTTP/1.1" 200 30
200.111.191.210 - - [07/Mar/2018:11:45:20 -0300] "POST /cormun/servlet/solicitudot?gx-no-cache=1520433871408 HTTP/1.1" 200 1335
200.111.191.210 - - [07/Mar/2018:11:45:20 -0300] "POST /cormun/servlet/solicitudot?gx-no-cache=1520433871500 HTTP/1.1" 200 38
186.103.159.204 - - [07/Mar/2018:11:45:24 -0300] "POST /cormun/servlet/solicitudot?gx-no-cache=1520433876481 HTTP/1.1" 200 3399
186.103.159.204 - - [07/Mar/2018:11:45:24 -0300] "POST /cormun/servlet/solicitudot?c835bf6559495b048bee3e6f7a787401,INS,0,0,,gx-no-cache=1520433876725 HTTP/1.1" 200 10380
200.111.191.210 - - [07/Mar/2018:11:45:24 -0300] "GET /cormun/servlet/solicitudot?e8e41fcf655094289487946e0a39412c29f4416c74175335dfdfabecdb5a28aca65259afad83e4b332d1eb47db9c8ca8de47466d8a6810c280fd1a5aaad3a8d0ce565e1868ad1b61d51cd8782cbca8a15828564222f54edf6d8774e48304bf5dac2c904efa099f36446367e27a80355df816e23077d18bba9752a56ead726d3a7112b63969489d523d1cd92af564484c18c0322721b6916e95998a63f0ee9c6b,gx-no-cache=1520433876065 HTTP/1.1" 200 29
200.111.191.210 - - [07/Mar/2018:11:45:24 -0300] "POST /cormun/servlet/solicitudot?gx-no-cache=1520433876089 HTTP/1.1" 200 1317
200.111.191.210 - - [07/Mar/2018:11:45:24 -0300] "POST /cormun/servlet/solicitudot?gx-no-cache=1520433876135 HTTP/1.1" 200 1218
200.111.191.210 - - [07/Mar/2018:11:45:27 -0300] "GET /cormun/servlet/solicitudot?e8e41fcf655094289487946e0a39412ce15d047fd0d59fca78a38cb1aba4263711cd2a098656d25048259e88b34e208c,gx-no-cache=1520433879136 HTTP/1.1" 200 30
200.111.191.210 - - [07/Mar/2018:11:45:30 -0300] "POST /cormun/servlet/solicitudot?gx-no-cache=1520433881552 HTTP/1.1" 200 30
186.103.159.204 - - [07/Mar/2018:11:45:31 -0300] "GET /cormun/servlet/solicitudot?79f33ecff9a6ff560c29f650d034fba876da6da7a9be5f3288a1b7303e616bf43d6d1d15b6756d6619d37e165feaa086,gx-no-cache=1520433883135 HTTP/1.1" 200 30
186.103.159.204 - - [07/Mar/2018:11:45:31 -0300] "GET /cormun/servlet/solicitudot?79f33ecff9a6ff560c29f650d034fba840ecf09e946738edbfb66ce0070bdee627155de256c5bcfaf1ee4a730b7cb8f2446bb9dabaf394cad0fae0019e0ec115,gx-no-cache=1520433883204 HTTP/1.1" 200 30
186.103.159.204 - - [07/Mar/2018:11:45:31 -0300] "GET /cormun/servlet/solicitudot?79f33ecff9a6ff560c29f650d034fba84dd71eef6d26b099ce644cb526b65ebd,gx-no-cache=1520433883252 HTTP/1.1" 200 53
186.103.159.204 - - [07/Mar/2018:11:45:31 -0300] "POST /cormun/servlet/solicitudot?gx-no-cache=1520433883304 HTTP/1.1" 200 255
186.103.159.204 - - [07/Mar/2018:11:45:31 -0300] "GET /cormun/servlet/solicitudot?79f33ecff9a6ff560c29f650d034fba803983067f720b89649d6070adccac6da8b9952e48930c1190949c8d1bc10b3721afba10076a719f9137c34a26d546a3a8570df75b71ea5d58ccbe21cf1699c02621990d08f8ee13bd47e36242873f4fdc5d051facaf4d50e8665c9944982b91b074764c563ec3ac3f90cc8d1230afb20f593a4dc9f6307343cec87da35c105239d437d286afeefe4115f0de62f75d3634ff6d7aef12bb3ed56b317933c9cecbeac42924a59d4e64f6be46b74c93180001fb696bb231699e54ea9603929f062292b68d6c6c881c2f6ebb9191a16029287b1d6fdacf78c7cf840d4c6b88310050354540d48be41cc316c53c61ceb720ed26926e58bb2bfd6366495fb8787586e2ce7c8d9ce192321cc1653040be9a5869db04c79e53a2b6943b3a5758c140330c5256e8a332b24561c25a4c186af6c113fc6c62f0a839bdcfe37788119408cdb6d39d4089a37b15ac6fb3b3e425b9e60356ed480829c05f12495b442801063ea97cc1ffd8bc7ecc74838a2b63c599b1330,gx-no-cache=1520433883366 HTTP/1.1" 200 30
200.111.191.210 - - [07/Mar/2018:11:45:37 -0300] "POST /cormun/servlet/solicitudot?56e0388fc9c1488da7811a785b82d5c5,INS,0,0,,gx-no-cache=1520433888094 HTTP/1.1" 200 93
200.111.191.210 - - [07/Mar/2018:11:45:37 -0300] "GET /cormun/servlet/hpexe_return? HTTP/1.1" 200 1004
200.111.191.210 - - [07/Mar/2018:11:45:37 -0300] "GET /cormun/servlet/trsolicitudot HTTP/1.1" 200 9322
200.111.191.210 - - [07/Mar/2018:11:45:38 -0300] "GET /cormun/servlet/trsolicitudot HTTP/1.1" 200 9318
192.168.10.61 - - [07/Mar/2018:11:45:42 -0300] "POST /cormun/servlet/trsolicitudgral?50442eb91bb08efcedcaf23bdf6ad02c,,gx-no-cache=1520433780813 HTTP/1.1" 200 5841
192.168.10.61 - - [07/Mar/2018:11:45:43 -0300] "POST /cormun/servlet/trsolicitudgral?50442eb91bb08efcedcaf23bdf6ad02c,,gx-no-cache=1520433781832 HTTP/1.1" 200 5840
192.168.10.50 - - [07/Mar/2018:11:45:48 -0300] "POST /cormun/servlet/trsolicitudgral?bc08c96859ef4542f3f02b23fefc2162,gx-no-cache=1520424510504,gx-no-cache=1520433787148 HTTP/1.1" 200 7298
192.168.10.50 - - [07/Mar/2018:11:45:52 -0300] "POST /cormun/servlet/trsolicitudgral?bc08c96859ef4542f3f02b23fefc2162,gx-no-cache=1520424510504,gx-no-cache=1520433791357 HTTP/1.1" 200 116
192.168.10.50 - - [07/Mar/2018:11:45:52 -0300] "GET /cormun/servlet/solicitudotlog?INS,2018,10037,0,REC, HTTP/1.1" 200 6293
192.168.10.50 - - [07/Mar/2018:11:45:52 -0300] "GET /cormun/servlet/solicitudotlog?INS,2018,10037,0,REC, HTTP/1.1" 200 6273
186.103.161.206 - - [07/Mar/2018:11:45:53 -0300] "POST /cormun/servlet/trcontratosolicitud?429f04fc78f21dfb75d4d7d5bcb8d7e3,,gx-no-cache=1520433903771 HTTP/1.1" 200 6011
192.168.10.50 - - [07/Mar/2018:11:45:53 -0300] "GET /cormun/servlet/solicitudotlog?8c50bb957d16a8483464cdfb652f0d4d2b0a5017ca700a05757a6e4d1adf11f4cc20a0bd07e793e51337413420ed6ce53fb2782a505475f6eb7e3779d217280c67974dd49125897dd58483f22125b13ed958bb873edf2d6994945af0471bd47b166e7b33984bc6554fe84b7b3eaa45a627ae0eb750ef10b853e5534e56e0d06e8b862b830c2eade04cbe4e10378666b411f8d0126de680ca4be2d30db4115f2a,gx-no-cache=1520433792268 HTTP/1.1" 200 94
186.103.159.204 - - [07/Mar/2018:11:45:56 -0300] "POST /cormun/servlet/solicitudot?gx-no-cache=1520433908886 HTTP/1.1" 200 30
192.168.10.50 - - [07/Mar/2018:11:45:58 -0300] "POST /cormun/servlet/solicitudotlog?bc08c96859ef4542f3f02b23fefc2162,INS,2018,10037,0,REC,,gx-no-cache=1520433797222 HTTP/1.1" 200 93
192.168.10.50 - - [07/Mar/2018:11:45:58 -0300] "GET /cormun/servlet/hpexe_return? HTTP/1.1" 200 1047
192.168.10.50 - - [07/Mar/2018:11:45:58 -0300] "GET /cormun/servlet/trsolicitudgral?gx-no-cache=1520424510504 HTTP/1.1" 200 10347
192.168.10.50 - - [07/Mar/2018:11:45:58 -0300] "GET /cormun/servlet/trsolicitudgral?gx-no-cache=1520424510504 HTTP/1.1" 200 10363
200.111.191.210 - - [07/Mar/2018:11:45:59 -0300] "POST /cormun/servlet/trsolicitudot?56e0388fc9c1488da7811a785b82d5c5,gx-no-cache=1520433910385 HTTP/1.1" 200 6081
200.111.191.210 - - [07/Mar/2018:11:45:59 -0300] "GET /cormun/static/Shared/jqueryui/images/ui-bg_highlight-soft_100_c6c2c8_1x100.png HTTP/1.1" 404 1117
200.111.191.210 - - [07/Mar/2018:11:45:59 -0300] "GET /cormun/static/Shared/jqueryui/images/ui-icons_82798d_256x240.png HTTP/1.1" 404 1089
200.111.191.210 - - [07/Mar/2018:11:45:59 -0300] "GET /cormun/static/Shared/jqueryui/images/ui-bg_flat_55_fafafa_40x100.png HTTP/1.1" 404 1097
200.111.191.210 - - [07/Mar/2018:11:45:59 -0300] "GET /cormun/static/Shared/jqueryui/images/ui-icons_8d78a5_256x240.png HTTP/1.1" 404 1089
200.111.191.210 - - [07/Mar/2018:11:45:59 -0300] "POST /cormun/servlet/trsolicitudot?56e0388fc9c1488da7811a785b82d5c5,gx-no-cache=1520433910665 HTTP/1.1" 200 6024
200.111.191.210 - - [07/Mar/2018:11:46:00 -0300] "POST /cormun/servlet/trsolicitudot?56e0388fc9c1488da7811a785b82d5c5,gx-no-cache=1520433911728 HTTP/1.1" 200 5683
200.111.191.210 - - [07/Mar/2018:11:46:00 -0300] "POST /cormun/servlet/trsolicitudot?56e0388fc9c1488da7811a785b82d5c5,gx-no-cache=1520433911937 HTTP/1.1" 200 5626
200.111.191.210 - - [07/Mar/2018:11:46:01 -0300] "POST /cormun/servlet/trsolicitudot?56e0388fc9c1488da7811a785b82d5c5,gx-no-cache=1520433913008 HTTP/1.1" 200 4473
200.111.191.210 - - [07/Mar/2018:11:46:02 -0300] "POST /cormun/servlet/trsolicitudot?56e0388fc9c1488da7811a785b82d5c5,gx-no-cache=1520433913216 HTTP/1.1" 200 4247
200.111.191.210 - - [07/Mar/2018:11:46:03 -0300] "GET /cormun/servlet/trsolicitudot? HTTP/1.1" 200 7165
200.111.191.210 - - [07/Mar/2018:11:46:03 -0300] "GET /cormun/servlet/trsolicitudot? HTTP/1.1" 200 7165
200.111.191.210 - - [07/Mar/2018:11:46:04 -0300] "GET /cormun/servlet/hlogin HTTP/1.1" 200 1734
192.168.10.61 - - [07/Mar/2018:11:46:05 -0300] "POST /cormun/servlet/trsolicitudgral?50442eb91bb08efcedcaf23bdf6ad02c,,gx-no-cache=1520433803832 HTTP/1.1" 200 5840
186.103.159.204 - - [07/Mar/2018:11:46:05 -0300] "POST /cormun/servlet/solicitudot?gx-no-cache=1520433917821 HTTP/1.1" 200 30
200.111.191.210 - - [07/Mar/2018:11:46:11 -0300] "POST /cormun/servlet/hlogin?56e0388fc9c1488da7811a785b82d5c5,gx-no-cache=1520433922421 HTTP/1.1" 200 90
200.111.191.210 - - [07/Mar/2018:11:46:11 -0300] "GET /cormun/servlet/hpexe_link HTTP/1.1" 200 949
200.111.191.210 - - [07/Mar/2018:11:46:11 -0300] "GET /cormun/servlet/hhome HTTP/1.1" 200 4189
200.111.191.210 - - [07/Mar/2018:11:46:11 -0300] "GET /cormun/servlet/hhome HTTP/1.1" 200 4185
186.103.159.204 - - [07/Mar/2018:11:46:12 -0300] "POST /cormun/servlet/solicitudot?gx-no-cache=1520433924062 HTTP/1.1" 200 30
192.168.10.50 - - [07/Mar/2018:11:46:15 -0300] "GET /cormun/servlet/solicitudgral2?UPD,2018,10037, HTTP/1.1" 200 13023
192.168.10.50 - - [07/Mar/2018:11:46:15 -0300] "GET /cormun/servlet/solicitudgral2?UPD,2018,10037, HTTP/1.1" 200 13014
192.168.10.50 - - [07/Mar/2018:11:46:16 -0300] "POST /cormun/servlet/solicitudgral2?gx-no-cache=1520433814921 HTTP/1.1" 200 3910
192.168.10.50 - - [07/Mar/2018:11:46:16 -0300] "GET /cormun/servlet/solicitudgral2?8c50bb957d16a8483464cdfb652f0d4dabee07b68da59dbec65bac4328290f0bdbf3ae0a2e6556284cb350d2bc438057f09f0a9f26d397335e10b4bb6f43b0759e6cc12245708fc2854f80f9e167f5f20ac73bcce4f89c1a69d0a11ab0a82dd76a93a253366b2398ab29a40cb1095221327f896040bd6ddf4259a76d76f241cbddf4fb9ca462e744841d5bef99c04f18cbe24bc27112c6de5d4be88370daa262be44518065e77a455b737666fee6f20a19a945215756088e5c0c0d81d3e2f9248ab116c423ca927413f64cfa50c23fd9189b61edc323081b0bea94f71187b73b64ba5f039ca0f64209ada632974deedf8b935e2d784f79e80f0b3a776a56e1fd918b310271f65fbfb4a34aaff210b939de937155501115b43850c9c240a821b6ce91581516b4f5b94d814e4d97287cb3fa4cdfafeb639e5ad4ccf24b8f5feaa9fe3a6689ee59350e0d1f29183866de93,gx-no-cache=1520433815121 HTTP/1.1" 200 255
192.168.10.50 - - [07/Mar/2018:11:46:16 -0300] "POST /cormun/servlet/solicitudgral2?gx-no-cache=1520433815151 HTTP/1.1" 200 1398
192.168.10.50 - - [07/Mar/2018:11:46:16 -0300] "GET /cormun/servlet/solicitudgral2?8c50bb957d16a8483464cdfb652f0d4dc4e498378063fd6803d0e5f70bfd58d47772c1a059f0a2f76d62cc56a5c24f45bf50b507afd58ba55f3ed5f457eb03c3ef6bd5ce0546e834683c3b8d5e3a6cbed8187f4658f932f69c2ef7c3a31033a7fb53e99e2949e851891795d4f7fcf8fc,gx-no-cache=1520433815190 HTTP/1.1" 200 41
186.103.159.204 - - [07/Mar/2018:11:46:16 -0300] "POST /cormun/servlet/solicitudot?gx-no-cache=1520433928533 HTTP/1.1" 200 1337
186.103.159.204 - - [07/Mar/2018:11:46:16 -0300] "POST /cormun/servlet/solicitudot?gx-no-cache=1520433928648 HTTP/1.1" 200 38
192.168.10.50 - - [07/Mar/2018:11:46:22 -0300] "POST /cormun/servlet/solicitudgral2?bc08c96859ef4542f3f02b23fefc2162,UPD,2018,10037,,gx-no-cache=1520433821393 HTTP/1.1" 200 11895
192.168.10.50 - - [07/Mar/2018:11:46:22 -0300] "GET /cormun/servlet/solicitudgral2?8c50bb957d16a8483464cdfb652f0d4d74dd8633771f2314eeaaac61a44142eccc20a0bd07e793e51337413420ed6ce51fd742bfbac7a84b337502bd1ca93b389344d763234fba1fbc6c050153d6e725dbbb4017f936870d6e75b9f191c731d8a3afb4f2bc7cde8b85d9207fc75fa4719575bfe6586302fd8540cfc18e8835d053b9a2b89e98665dd8035b58804167701dbe12100917b583b53e11ee92442a05,gx-no-cache=1520433821569 HTTP/1.1" 200 29
192.168.10.50 - - [07/Mar/2018:11:46:22 -0300] "POST /cormun/servlet/solicitudgral2?gx-no-cache=1520433821594 HTTP/1.1" 200 1295
192.168.10.50 - - [07/Mar/2018:11:46:22 -0300] "POST /cormun/servlet/solicitudgral2?gx-no-cache=1520433821627 HTTP/1.1" 200 1218
192.168.10.50 - - [07/Mar/2018:11:46:22 -0300] "GET /cormun/servlet/solicitudgral2?8c50bb957d16a8483464cdfb652f0d4de9a7410d8a5503284e5bce113c9fbb0704128091fc534db2a6ebbaef8f40a42acc831157f464a6c8e77227b7d620a72f9b925da2503b3ea220f522a1f9ae406085fc64fb2441f02074b181e5a8fda91e59327f639da64ca6050d8d9b0ac7cdc15b0966081831cee31a9f82b9965ba97e,gx-no-cache=1520433821658 HTTP/1.1" 200 30
192.168.10.50 - - [07/Mar/2018:11:46:26 -0300] "POST /cormun/servlet/solicitudgral2?bc08c96859ef4542f3f02b23fefc2162,UPD,2018,10037,,gx-no-cache=1520433824813 HTTP/1.1" 200 93
192.168.10.50 - - [07/Mar/2018:11:46:26 -0300] "GET /cormun/servlet/hpexe_return? HTTP/1.1" 200 1039
192.168.10.50 - - [07/Mar/2018:11:46:26 -0300] "GET /cormun/servlet/trsolicitudgral?gx-no-cache=1520424510504 HTTP/1.1" 200 10347
192.168.10.50 - - [07/Mar/2018:11:46:26 -0300] "GET /cormun/servlet/trsolicitudgral?gx-no-cache=1520424510504 HTTP/1.1" 200 10363
192.168.10.61 - - [07/Mar/2018:11:46:31 -0300] "POST /cormun/servlet/trsolicitudgral?50442eb91bb08efcedcaf23bdf6ad02c,,gx-no-cache=1520433830689 HTTP/1.1" 200 5841
186.103.159.204 - - [07/Mar/2018:11:46:56 -0300] "GET /cormun/servlet/solicitudot?79f33ecff9a6ff560c29f650d034fba815ca477efa34bdacd75fca70a8cafaa55ab29baadf226aa44715f69d11035825dc4fc174692e414f4eeb8addc5b40af9ec4f23107d48b16cc33fb38d43e6c190b54dc988eee2597be54b01479bb7bc8a1704449778027b13908223cfeb231ab081b72c4fe5fa644adb229bb6f49582b71fcb652c5bbb70fec510ebf2bcd08a79cf9ee709448715ced7ca02f659f399a3,gx-no-cache=1520433968437 HTTP/1.1" 200 29
186.103.159.204 - - [07/Mar/2018:11:46:56 -0300] "POST /cormun/servlet/solicitudot?gx-no-cache=1520433968479 HTTP/1.1" 200 1318
186.103.159.204 - - [07/Mar/2018:11:46:56 -0300] "POST /cormun/servlet/solicitudot?gx-no-cache=1520433968542 HTTP/1.1" 200 1218
186.103.159.204 - - [07/Mar/2018:11:46:56 -0300] "GET /cormun/static/menuarrow.gif HTTP/1.1" 404 1015
186.103.159.204 - - [07/Mar/2018:11:47:01 -0300] "POST /cormun/servlet/solicitudot?gx-no-cache=1520433973269 HTTP/1.1" 200 1318
186.103.159.204 - - [07/Mar/2018:11:47:01 -0300] "POST /cormun/servlet/solicitudot?gx-no-cache=1520433973383 HTTP/1.1" 200 1218
186.103.159.204 - - [07/Mar/2018:11:47:05 -0300] "GET /cormun/servlet/solicitudot?79f33ecff9a6ff560c29f650d034fba87452aeb573f117f236d3e0a39cd3b2f20213aecc60fa0ea800336359a8d919a2,gx-no-cache=1520433977662 HTTP/1.1" 200 30
200.111.191.210 - - [07/Mar/2018:11:47:11 -0300] "GET /cormun/servlet/trautorizarsolicitud? HTTP/1.1" 200 9428
200.111.191.210 - - [07/Mar/2018:11:47:11 -0300] "GET /cormun/static/gxcfg.js?2017111423403364 HTTP/1.1" 304 -
200.111.191.210 - - [07/Mar/2018:11:47:12 -0300] "GET /cormun/servlet/trautorizarsolicitud? HTTP/1.1" 200 9427
200.111.122.170 - - [07/Mar/2018:11:47:15 -0300] "GET /cormun/servlet/trsolicitudot? HTTP/1.1" 200 7273
200.111.191.210 - - [07/Mar/2018:11:47:15 -0300] "POST /cormun/servlet/trautorizarsolicitud?56e0388fc9c1488da7811a785b82d5c5,,gx-no-cache=1520433986237 HTTP/1.1" 200 6192
200.111.191.210 - - [07/Mar/2018:11:47:15 -0300] "GET /cormun/static/Shared/jqueryui/images/ui-bg_highlight-soft_100_c6c2c8_1x100.png HTTP/1.1" 404 1117
200.111.191.210 - - [07/Mar/2018:11:47:15 -0300] "GET /cormun/static/Shared/jqueryui/images/ui-icons_82798d_256x240.png HTTP/1.1" 404 1089
200.111.191.210 - - [07/Mar/2018:11:47:15 -0300] "GET /cormun/static/Shared/jqueryui/images/ui-bg_flat_55_fafafa_40x100.png HTTP/1.1" 404 1097
200.111.191.210 - - [07/Mar/2018:11:47:15 -0300] "GET /cormun/static/Shared/jqueryui/images/ui-icons_8d78a5_256x240.png HTTP/1.1" 404 1089
200.111.191.210 - - [07/Mar/2018:11:47:15 -0300] "POST /cormun/servlet/trautorizarsolicitud?56e0388fc9c1488da7811a785b82d5c5,,gx-no-cache=1520433986513 HTTP/1.1" 200 6136
200.111.122.170 - - [07/Mar/2018:11:47:15 -0300] "GET /cormun/servlet/trsolicitudot? HTTP/1.1" 200 7272
200.111.191.210 - - [07/Mar/2018:11:47:16 -0300] "POST /cormun/servlet/trautorizarsolicitud?56e0388fc9c1488da7811a785b82d5c5,,gx-no-cache=1520433987272 HTTP/1.1" 200 5787
200.111.191.210 - - [07/Mar/2018:11:47:17 -0300] "POST /cormun/servlet/trautorizarsolicitud?56e0388fc9c1488da7811a785b82d5c5,,gx-no-cache=1520433987799 HTTP/1.1" 200 5732
200.111.191.210 - - [07/Mar/2018:11:47:19 -0300] "POST /cormun/servlet/trautorizarsolicitud?56e0388fc9c1488da7811a785b82d5c5,,gx-no-cache=1520433989069 HTTP/1.1" 200 4593
200.111.191.210 - - [07/Mar/2018:11:47:19 -0300] "POST /cormun/servlet/trautorizarsolicitud?56e0388fc9c1488da7811a785b82d5c5,,gx-no-cache=1520433990984 HTTP/1.1" 200 4369
200.111.122.170 - - [07/Mar/2018:11:47:22 -0300] "GET /cormun/servlet/solicitudot?INS,0,0, HTTP/1.1" 200 13516
200.111.122.170 - - [07/Mar/2018:11:47:22 -0300] "GET /cormun/static/gxcfg.js?201812313224582 HTTP/1.1" 304 -
200.111.122.170 - - [07/Mar/2018:11:47:23 -0300] "GET /cormun/servlet/solicitudot?INS,0,0, HTTP/1.1" 200 13520
192.168.10.50 - - [07/Mar/2018:11:47:45 -0300] "POST /cormun/servlet/trsolicitudgral?bc08c96859ef4542f3f02b23fefc2162,gx-no-cache=1520424510504,gx-no-cache=1520433903899 HTTP/1.1" 200 6133
192.168.10.50 - - [07/Mar/2018:11:47:45 -0300] "GET /cormun/static/Shared/jqueryui/images/ui-bg_highlight-soft_100_c6c2c8_1x100.png HTTP/1.1" 404 1117
192.168.10.50 - - [07/Mar/2018:11:47:45 -0300] "GET /cormun/static/Shared/jqueryui/images/ui-icons_82798d_256x240.png HTTP/1.1" 404 1089
192.168.10.50 - - [07/Mar/2018:11:47:45 -0300] "GET /cormun/static/Shared/jqueryui/images/ui-icons_8d78a5_256x240.png HTTP/1.1" 404 1089
192.168.10.50 - - [07/Mar/2018:11:47:45 -0300] "GET /cormun/static/Shared/jqueryui/images/ui-bg_flat_55_fafafa_40x100.png HTTP/1.1" 404 1097
186.103.159.204 - - [07/Mar/2018:11:47:57 -0300] "GET /cormun/servlet/solicitudot?INS,0,0, HTTP/1.1" 200 13324
192.168.10.50 - - [07/Mar/2018:11:48:00 -0300] "POST /cormun/servlet/trsolicitudgral?bc08c96859ef4542f3f02b23fefc2162,gx-no-cache=1520424510504,gx-no-cache=1520433919162 HTTP/1.1" 200 7295
186.103.159.204 - - [07/Mar/2018:11:48:06 -0300] "GET /cormun/servlet/prfichaempleado?,MD,,gxPopupLevel%3D0%3B HTTP/1.1" 200 9189
186.103.159.204 - - [07/Mar/2018:11:48:23 -0300] "POST /cormun/servlet/prfichaempleado?c835bf6559495b048bee3e6f7a787401,,MD,,gxPopupLevel%3D0%3B,gx-no-cache=1520434055341 HTTP/1.1" 200 3433
186.103.159.204 - - [07/Mar/2018:11:48:31 -0300] "GET /cormun/servlet/prfichaempleado?,MD,,gxPopupLevel%3D0%3B HTTP/1.1" 200 9189
186.103.159.204 - - [07/Mar/2018:11:48:39 -0300] "POST /cormun/servlet/solicitudot?gx-no-cache=1520434071909 HTTP/1.1" 200 3399
186.103.159.204 - - [07/Mar/2018:11:48:40 -0300] "POST /cormun/servlet/solicitudot?c835bf6559495b048bee3e6f7a787401,INS,0,0,,gx-no-cache=1520434072125 HTTP/1.1" 200 10384
186.103.159.204 - - [07/Mar/2018:11:48:54 -0300] "GET /cormun/servlet/solicitudot?79f33ecff9a6ff560c29f650d034fba876da6da7a9be5f3288a1b7303e616bf43d6d1d15b6756d6619d37e165feaa086,gx-no-cache=1520434086088 HTTP/1.1" 200 30
186.103.159.204 - - [07/Mar/2018:11:48:54 -0300] "GET /cormun/servlet/solicitudot?79f33ecff9a6ff560c29f650d034fba840ecf09e946738edbfb66ce0070bdee627155de256c5bcfaf1ee4a730b7cb8f2446bb9dabaf394cad0fae0019e0ec115,gx-no-cache=1520434086136 HTTP/1.1" 200 30
186.103.159.204 - - [07/Mar/2018:11:48:54 -0300] "GET /cormun/servlet/solicitudot?79f33ecff9a6ff560c29f650d034fba84dd71eef6d26b099ce644cb526b65ebd,gx-no-cache=1520434086542 HTTP/1.1" 200 53
186.103.159.204 - - [07/Mar/2018:11:48:54 -0300] "POST /cormun/servlet/solicitudot?gx-no-cache=1520434086591 HTTP/1.1" 200 255
186.103.159.204 - - [07/Mar/2018:11:48:54 -0300] "GET /cormun/servlet/solicitudot?79f33ecff9a6ff560c29f650d034fba803983067f720b89649d6070adccac6da8b9952e48930c1190949c8d1bc10b3721afba10076a719f9137c34a26d546a3a8570df75b71ea5d58ccbe21cf1699c02621990d08f8ee13bd47e36242873f4fdc5d051facaf4d50e8665c9944982b91b074764c563ec3ac3f90cc8d1230afb20f593a4dc9f6307343cec87da35c105239d437d286afeefe4115f0de62f75d3634ff6d7aef12bb3ed56b317933c9cecbeac42924a59d4e64f6be46b74c93180001fb696bb231699e54ea9603929f062292b68d6c6c881c2f6ebb9191a16029287b1d6fdacf78c7cf840d4c6b88310050354540d48be41cc316c53c61ceb720ed26926e58bb2bfd6366495fb8787586e2ce7c8d9ce192321cc1653040be9a5869db04c79e53a2b6943b3a5758c140330c5256e8a332b24561c25a4c186af6c113fc6c62f0a839bdcfe37788119408cdb6d39d4089a37b15ac6fb3b3e425b9e60356ed480829c05f12495b442801063ea97cc1ffd8bc7ecc74838a2b63c599b1330,gx-no-cache=1520434086647 HTTP/1.1" 200 30
192.168.10.50 - - [07/Mar/2018:11:48:57 -0300] "POST /cormun/servlet/trsolicitudgral?bc08c96859ef4542f3f02b23fefc2162,gx-no-cache=1520424510504,gx-no-cache=1520433976231 HTTP/1.1" 200 6131
186.103.159.204 - - [07/Mar/2018:11:48:58 -0300] "POST /cormun/servlet/solicitudot?gx-no-cache=1520434090589 HTTP/1.1" 200 30
192.168.10.50 - - [07/Mar/2018:11:49:02 -0300] "POST /cormun/servlet/trsolicitudgral?bc08c96859ef4542f3f02b23fefc2162,gx-no-cache=1520424510504,gx-no-cache=1520433981622 HTTP/1.1" 200 8796
186.103.159.204 - - [07/Mar/2018:11:49:04 -0300] "POST /cormun/servlet/solicitudot?gx-no-cache=1520434096057 HTTP/1.1" 200 1337
186.103.159.204 - - [07/Mar/2018:11:49:04 -0300] "POST /cormun/servlet/solicitudot?gx-no-cache=1520434096138 HTTP/1.1" 200 38
186.103.159.204 - - [07/Mar/2018:11:49:20 -0300] "GET /cormun/servlet/solicitudot?79f33ecff9a6ff560c29f650d034fba815ca477efa34bdacd75fca70a8cafaa55ab29baadf226aa44715f69d11035825dc4fc174692e414f4eeb8addc5b40af9ec4f23107d48b16cc33fb38d43e6c190b54dc988eee2597be54b01479bb7bc8a1704449778027b13908223cfeb231ab081b72c4fe5fa644adb229bb6f49582b71fcb652c5bbb70fec510ebf2bcd08a79cf9ee709448715ced7ca02f659f399a3,gx-no-cache=1520434112246 HTTP/1.1" 200 29
186.103.159.204 - - [07/Mar/2018:11:49:20 -0300] "POST /cormun/servlet/solicitudot?gx-no-cache=1520434112680 HTTP/1.1" 200 1318
186.103.159.204 - - [07/Mar/2018:11:49:20 -0300] "POST /cormun/servlet/solicitudot?gx-no-cache=1520434112794 HTTP/1.1" 200 1218
186.103.159.204 - - [07/Mar/2018:11:49:20 -0300] "GET /cormun/static/menuarrow.gif HTTP/1.1" 404 1015
186.103.159.204 - - [07/Mar/2018:11:49:23 -0300] "POST /cormun/servlet/solicitudot?gx-no-cache=1520434115209 HTTP/1.1" 200 1318
186.103.159.204 - - [07/Mar/2018:11:49:23 -0300] "POST /cormun/servlet/solicitudot?gx-no-cache=1520434115372 HTTP/1.1" 200 1218
186.103.159.204 - - [07/Mar/2018:11:49:27 -0300] "GET /cormun/servlet/solicitudot?79f33ecff9a6ff560c29f650d034fba87452aeb573f117f236d3e0a39cd3b2f20213aecc60fa0ea800336359a8d919a2,gx-no-cache=1520434119094 HTTP/1.1" 200 30
186.103.159.204 - - [07/Mar/2018:11:50:31 -0300] "POST /cormun/servlet/solicitudot?gx-no-cache=1520434183704 HTTP/1.1" 200 30
186.103.159.204 - - [07/Mar/2018:11:50:54 -0300] "POST /cormun/servlet/solicitudot?c835bf6559495b048bee3e6f7a787401,INS,0,0,,gx-no-cache=1520434206353 HTTP/1.1" 200 93
186.103.159.204 - - [07/Mar/2018:11:50:54 -0300] "GET /cormun/servlet/hpexe_return? HTTP/1.1" 200 1009
186.103.159.204 - - [07/Mar/2018:11:50:54 -0300] "GET /cormun/servlet/trsolicitudot? HTTP/1.1" 200 7108
186.103.159.204 - - [07/Mar/2018:11:51:43 -0300] "GET /cormun/servlet/trsolicitudot? HTTP/1.1" 200 7105
192.168.10.61 - - [07/Mar/2018:11:51:44 -0300] "POST /cormun/servlet/trsolicitudgral?50442eb91bb08efcedcaf23bdf6ad02c,,gx-no-cache=1520434143120 HTTP/1.1" 200 5841
192.168.10.61 - - [07/Mar/2018:11:51:50 -0300] "POST /cormun/servlet/trsolicitudgral?50442eb91bb08efcedcaf23bdf6ad02c,,gx-no-cache=1520434149524 HTTP/1.1" 200 7555
186.103.161.206 - - [07/Mar/2018:11:51:50 -0300] "GET /cormun/servlet/trfichaempleado? HTTP/1.1" 200 11350
186.67.203.186 - - [07/Mar/2018:11:51:57 -0300] "POST /cormun/servlet/solicitudot?gx-no-cache=1520434267820 HTTP/1.1" 200 3411
186.67.203.186 - - [07/Mar/2018:11:51:57 -0300] "POST /cormun/servlet/solicitudot?429f04fc78f21dfb75d4d7d5bcb8d7e3,INS,0,0,,gx-no-cache=1520434268181 HTTP/1.1" 200 10585
186.67.203.186 - - [07/Mar/2018:11:52:00 -0300] "GET /cormun/servlet/solicitudot?fb7d4cf92f61cc4b494f95625fec3ba0ae9e958f60708de63b9f1fff09b45d9fc2c98a317caf1b823e807f1d40753cda,gx-no-cache=1520434271661 HTTP/1.1" 200 30
186.67.203.186 - - [07/Mar/2018:11:52:00 -0300] "GET /cormun/servlet/solicitudot?fb7d4cf92f61cc4b494f95625fec3ba05f45c543b6efc5452600387c7a27849b02e6711bcca14b6cad92a2bc381fdaaf1ec82f40342d6e43b0f1f235fe9a14c8,gx-no-cache=1520434271716 HTTP/1.1" 200 30
186.67.203.186 - - [07/Mar/2018:11:52:00 -0300] "GET /cormun/servlet/solicitudot?fb7d4cf92f61cc4b494f95625fec3ba09d55b8cffbd5f07a12824a5693e64d0a,gx-no-cache=1520434271747 HTTP/1.1" 200 51
186.67.203.186 - - [07/Mar/2018:11:52:00 -0300] "POST /cormun/servlet/solicitudot?gx-no-cache=1520434271780 HTTP/1.1" 200 255
186.67.203.186 - - [07/Mar/2018:11:52:00 -0300] "GET /cormun/servlet/solicitudot?fb7d4cf92f61cc4b494f95625fec3ba07901c49ed6ecba974cec6a050c218f11e1ad78adbea16cafd197c3827d01cce4f4f83f2c6f3d4b6450bdcda29d1e39ee6ae9a8571668a37f8855ce7595df7eee1950df6831336041ce91ab48c07a11dda88c3cbac2194a59e7d06b3e109378fbf6253cc8fd0eeeec7bf4d8f6f37b9e69deaf2cff3017b12fd6159f9b6b4e69ff57ae3aad1d8c12f0c0a5ca2a21e89c27e25399e9b7e8879e9b02124f63fc3a2db8bb6cb09bb4853ce489e91d51960f68c84639a55f03ac0b1ccad249f9177a9efcbbc273410b2babf310477f6ae4527d71632fba1cf710fffa48f799df61cc31dc432e7b83bda040a7ca78358f1b95f1ebe5197a9748defb7d1c02fb9792665fa9979d1aef1a4ac1147889f2134a83a00da2c60d70fc8ded2013a3de6b9fb0e4232c71a1430a0e1453e8d1b021e96c1e389358e698cb0df07d408450d687c8b26ab5c365b28871fb3f9c67186fea0e9e404185845a09fd15f9dd457c1f2a3f3b1ac0b2e40dadaf016afe21aceb8cb300,gx-no-cache=1520434271844 HTTP/1.1" 200 30
186.67.203.186 - - [07/Mar/2018:11:52:03 -0300] "POST /cormun/servlet/solicitudot?gx-no-cache=1520434273991 HTTP/1.1" 200 30
186.67.203.186 - - [07/Mar/2018:11:52:05 -0300] "POST /cormun/servlet/solicitudot?gx-no-cache=1520434276606 HTTP/1.1" 200 30
186.67.203.186 - - [07/Mar/2018:11:52:08 -0300] "POST /cormun/servlet/solicitudot?gx-no-cache=1520434279889 HTTP/1.1" 200 1337
186.67.203.186 - - [07/Mar/2018:11:52:08 -0300] "POST /cormun/servlet/solicitudot?gx-no-cache=1520434279968 HTTP/1.1" 200 38
192.168.10.61 - - [07/Mar/2018:11:52:12 -0300] "GET /cormun/servlet/vesolicitudgral?2018,10089,, HTTP/1.1" 200 9066
192.168.10.61 - - [07/Mar/2018:11:52:12 -0300] "GET /cormun/static/gxcfg.js?201711151294153 HTTP/1.1" 304 -
192.168.10.61 - - [07/Mar/2018:11:52:12 -0300] "GET /cormun/pexe_scrolldiv.js HTTP/1.1" 404 1009
192.168.10.61 - - [07/Mar/2018:11:52:12 -0300] "GET /cormun/pexe_scrolldiv.js HTTP/1.1" 404 1009
192.168.10.61 - - [07/Mar/2018:11:52:13 -0300] "GET /cormun/servlet/vesolicitudgral?2018,10089,, HTTP/1.1" 200 9064
192.168.10.61 - - [07/Mar/2018:11:52:17 -0300] "POST /cormun/servlet/vesolicitudgral?50442eb91bb08efcedcaf23bdf6ad02c,2018,10089,,,gx-no-cache=1520434176094 HTTP/1.1" 200 11989
192.168.10.61 - - [07/Mar/2018:11:52:17 -0300] "GET /cormun/static/Shared/jqueryui/images/ui-bg_highlight-soft_100_c6c2c8_1x100.png HTTP/1.1" 404 1117
192.168.10.61 - - [07/Mar/2018:11:52:17 -0300] "GET /cormun/static/Shared/jqueryui/images/ui-bg_flat_55_fafafa_40x100.png HTTP/1.1" 404 1097
192.168.10.61 - - [07/Mar/2018:11:52:17 -0300] "GET /cormun/static/Shared/jqueryui/images/ui-icons_82798d_256x240.png HTTP/1.1" 404 1089
192.168.10.61 - - [07/Mar/2018:11:52:17 -0300] "GET /cormun/static/Shared/jqueryui/images/ui-icons_8d78a5_256x240.png HTTP/1.1" 404 1089
192.168.10.61 - - [07/Mar/2018:11:52:20 -0300] "POST /cormun/servlet/vesolicitudgral?50442eb91bb08efcedcaf23bdf6ad02c,2018,10089,,,gx-no-cache=1520434178952 HTTP/1.1" 200 93
192.168.10.61 - - [07/Mar/2018:11:52:20 -0300] "GET /cormun/servlet/hpexe_return? HTTP/1.1" 200 1007
192.168.10.61 - - [07/Mar/2018:11:52:20 -0300] "GET /cormun/static/gxcfg.js?2016101716175148 HTTP/1.1" 304 -
192.168.10.61 - - [07/Mar/2018:11:52:20 -0300] "GET /cormun/servlet/trsolicitudgral? HTTP/1.1" 200 10584
192.168.10.61 - - [07/Mar/2018:11:52:20 -0300] "GET /cormun/servlet/trsolicitudgral? HTTP/1.1" 200 10580
192.168.10.61 - - [07/Mar/2018:11:52:22 -0300] "GET /cormun/servlet/vesolicitudgral?2018,10079,, HTTP/1.1" 200 9083
192.168.10.61 - - [07/Mar/2018:11:52:22 -0300] "GET /cormun/pexe_scrolldiv.js HTTP/1.1" 404 1009
192.168.10.61 - - [07/Mar/2018:11:52:22 -0300] "GET /cormun/pexe_scrolldiv.js HTTP/1.1" 404 1009
192.168.10.61 - - [07/Mar/2018:11:52:23 -0300] "GET /cormun/servlet/vesolicitudgral?2018,10079,, HTTP/1.1" 200 9082
200.111.122.170 - - [07/Mar/2018:11:52:23 -0300] "GET /cormun/servlet/trcontratosolicitud? HTTP/1.1" 200 9845
200.111.122.170 - - [07/Mar/2018:11:52:23 -0300] "GET /cormun/static/gxcfg.js?20177612214014 HTTP/1.1" 304 -
200.111.122.170 - - [07/Mar/2018:11:52:25 -0300] "GET /cormun/servlet/trcontratosolicitud? HTTP/1.1" 200 9857
192.168.10.61 - - [07/Mar/2018:11:52:26 -0300] "POST /cormun/servlet/vesolicitudgral?50442eb91bb08efcedcaf23bdf6ad02c,2018,10079,,,gx-no-cache=1520434185190 HTTP/1.1" 200 11995
192.168.10.61 - - [07/Mar/2018:11:52:26 -0300] "GET /cormun/static/Shared/jqueryui/images/ui-icons_82798d_256x240.png HTTP/1.1" 404 1089
192.168.10.61 - - [07/Mar/2018:11:52:26 -0300] "GET /cormun/static/Shared/jqueryui/images/ui-bg_highlight-soft_100_c6c2c8_1x100.png HTTP/1.1" 404 1117
192.168.10.61 - - [07/Mar/2018:11:52:26 -0300] "GET /cormun/static/Shared/jqueryui/images/ui-bg_flat_55_fafafa_40x100.png HTTP/1.1" 404 1097
192.168.10.61 - - [07/Mar/2018:11:52:26 -0300] "GET /cormun/static/Shared/jqueryui/images/ui-icons_8d78a5_256x240.png HTTP/1.1" 404 1089
186.67.203.186 - - [07/Mar/2018:11:52:27 -0300] "GET /cormun/servlet/solicitudot?fb7d4cf92f61cc4b494f95625fec3ba0b4b8a3695c9af8f187f2ef584318eef3fe0de7d0def31c4d827a34f0cb447135b866d40bf1e9b725a15a0ad2c52026d95594a61c454ec97224809c33ba595105845471e941496dd987f343d29abfd34b210e6ff29b389a2690ba5c2eaf9b687513d184e27395aa1e1d84a9da7571628cd40c49fb84211c42158b3db03f820dc8feb524857a50832ae178143f35a658e8,gx-no-cache=1520434298312 HTTP/1.1" 200 29
186.67.203.186 - - [07/Mar/2018:11:52:27 -0300] "POST /cormun/servlet/solicitudot?gx-no-cache=1520434298374 HTTP/1.1" 200 1319
186.67.203.186 - - [07/Mar/2018:11:52:27 -0300] "POST /cormun/servlet/solicitudot?gx-no-cache=1520434298464 HTTP/1.1" 200 1218
186.67.203.186 - - [07/Mar/2018:11:52:27 -0300] "GET /cormun/static/menuarrow.gif HTTP/1.1" 404 1015
200.111.122.170 - - [07/Mar/2018:11:52:29 -0300] "GET /cormun/servlet/trsolicitudot? HTTP/1.1" 200 7432
192.168.10.61 - - [07/Mar/2018:11:52:29 -0300] "POST /cormun/servlet/vesolicitudgral?50442eb91bb08efcedcaf23bdf6ad02c,2018,10079,,,gx-no-cache=1520434188450 HTTP/1.1" 200 93
192.168.10.61 - - [07/Mar/2018:11:52:29 -0300] "GET /cormun/servlet/hpexe_return? HTTP/1.1" 200 1006
192.168.10.61 - - [07/Mar/2018:11:52:29 -0300] "GET /cormun/servlet/trsolicitudgral HTTP/1.1" 200 10584
192.168.10.61 - - [07/Mar/2018:11:52:30 -0300] "GET /cormun/servlet/trsolicitudgral HTTP/1.1" 200 10580
200.111.122.170 - - [07/Mar/2018:11:52:30 -0300] "GET /cormun/servlet/trsolicitudot? HTTP/1.1" 200 7432
186.67.203.186 - - [07/Mar/2018:11:52:32 -0300] "POST /cormun/servlet/solicitudot?gx-no-cache=1520434303096 HTTP/1.1" 200 1319
186.67.203.186 - - [07/Mar/2018:11:52:32 -0300] "POST /cormun/servlet/solicitudot?gx-no-cache=1520434303166 HTTP/1.1" 200 1218
186.103.159.204 - - [07/Mar/2018:11:52:32 -0300] "POST /cormun/servlet/trsolicitudot?c835bf6559495b048bee3e6f7a787401,,gx-no-cache=1520434304895 HTTP/1.1" 200 4310
186.67.203.186 - - [07/Mar/2018:11:52:33 -0300] "GET /cormun/servlet/solicitudot?fb7d4cf92f61cc4b494f95625fec3ba081ab4f971483a86b7587a09bf2b58873bcea0256174535d970caf37e3785da04,gx-no-cache=1520434304927 HTTP/1.1" 200 30
186.103.159.204 - - [07/Mar/2018:11:52:35 -0300] "POST /cormun/servlet/trsolicitudot?c835bf6559495b048bee3e6f7a787401,,gx-no-cache=1520434307809 HTTP/1.1" 200 4311
186.67.203.186 - - [07/Mar/2018:11:52:39 -0300] "POST /cormun/servlet/solicitudot?gx-no-cache=1520434310373 HTTP/1.1" 200 30
186.103.159.204 - - [07/Mar/2018:11:52:42 -0300] "POST /cormun/servlet/trsolicitudot?c835bf6559495b048bee3e6f7a787401,,gx-no-cache=1520434314083 HTTP/1.1" 200 4311
186.103.159.204 - - [07/Mar/2018:11:52:46 -0300] "GET /cormun/servlet/solicitudot?INS,0,0, HTTP/1.1" 200 13317
186.67.203.186 - - [07/Mar/2018:11:52:56 -0300] "GET /cormun/servlet/solicitudot?INS,0,0, HTTP/1.1" 200 13667
186.67.203.186 - - [07/Mar/2018:11:52:57 -0300] "GET /cormun/servlet/solicitudot?INS,0,0, HTTP/1.1" 200 13672
186.67.203.186 - - [07/Mar/2018:11:53:02 -0300] "POST /cormun/servlet/solicitudot?429f04fc78f21dfb75d4d7d5bcb8d7e3,INS,0,0,,gx-no-cache=1520434332755 HTTP/1.1" 200 93
186.67.203.186 - - [07/Mar/2018:11:53:02 -0300] "GET /cormun/servlet/hpexe_return? HTTP/1.1" 200 1005
186.67.203.186 - - [07/Mar/2018:11:53:02 -0300] "GET /cormun/static/gxcfg.js?2016101716175148 HTTP/1.1" 304 -
186.67.203.186 - - [07/Mar/2018:11:53:02 -0300] "GET /cormun/servlet/trsolicitudot HTTP/1.1" 200 8625
186.67.203.186 - - [07/Mar/2018:11:53:02 -0300] "GET /cormun/servlet/trsolicitudot HTTP/1.1" 200 8621
186.103.159.204 - - [07/Mar/2018:11:53:04 -0300] "POST /cormun/servlet/solicitudot?gx-no-cache=1520434336390 HTTP/1.1" 200 3405
186.103.159.204 - - [07/Mar/2018:11:53:04 -0300] "POST /cormun/servlet/solicitudot?c835bf6559495b048bee3e6f7a787401,INS,0,0,,gx-no-cache=1520434336574 HTTP/1.1" 200 10385
186.67.203.186 - - [07/Mar/2018:11:53:08 -0300] "POST /cormun/servlet/trsolicitudot?429f04fc78f21dfb75d4d7d5bcb8d7e3,gx-no-cache=1520434339821 HTTP/1.1" 200 4667
186.67.203.186 - - [07/Mar/2018:11:53:09 -0300] "GET /cormun/static/Shared/jqueryui/images/ui-bg_highlight-soft_100_c6c2c8_1x100.png HTTP/1.1" 404 1117
186.103.132.155 - - [07/Mar/2018:11:53:09 -0300] "GET /cormun/static/Shared/jqueryui/images/ui-icons_82798d_256x240.png HTTP/1.1" 404 1089
186.67.203.186 - - [07/Mar/2018:11:53:09 -0300] "GET /cormun/static/Shared/jqueryui/images/ui-bg_flat_55_fafafa_40x100.png HTTP/1.1" 404 1097
186.103.132.155 - - [07/Mar/2018:11:53:09 -0300] "GET /cormun/static/Shared/jqueryui/images/ui-icons_8d78a5_256x240.png HTTP/1.1" 404 1089
190.151.100.218 - - [07/Mar/2018:11:53:09 -0300] "POST /cormun/servlet/trsolicitudot?429f04fc78f21dfb75d4d7d5bcb8d7e3,gx-no-cache=1520434340047 HTTP/1.1" 200 4458
200.72.197.82 - - [07/Mar/2018:11:53:11 -0300] "POST /cormun/servlet/solicitudot?gx-no-cache=1520434342655 HTTP/1.1" 200 3293
200.72.197.82 - - [07/Mar/2018:11:53:11 -0300] "POST /cormun/servlet/solicitudot?8d945a1b511a8c17cf6b368fedcb7493,INS,0,0,,gx-no-cache=1520434343023 HTTP/1.1" 200 10444
190.151.100.218 - - [07/Mar/2018:11:53:12 -0300] "GET /cormun/servlet/trautorizarsolicitud? HTTP/1.1" 200 8507
190.151.100.218 - - [07/Mar/2018:11:53:12 -0300] "GET /cormun/static/gxcfg.js?2017111423403364 HTTP/1.1" 304 -
190.151.100.218 - - [07/Mar/2018:11:53:12 -0300] "GET /cormun/servlet/trautorizarsolicitud? HTTP/1.1" 200 8506
186.103.159.204 - - [07/Mar/2018:11:53:14 -0300] "GET /cormun/servlet/solicitudot?79f33ecff9a6ff560c29f650d034fba816d0e6ca79c79ecb4d8732e7d94b12023d6d1d15b6756d6619d37e165feaa086,gx-no-cache=1520434346681 HTTP/1.1" 200 30
186.103.159.204 - - [07/Mar/2018:11:53:14 -0300] "GET /cormun/servlet/solicitudot?79f33ecff9a6ff560c29f650d034fba87e93f34a0d5a43bed324744fcfe64ac0d6dee159939ca5acc358acd91806e92e3d6d1d15b6756d6619d37e165feaa086,gx-no-cache=1520434346732 HTTP/1.1" 200 30
186.103.159.204 - - [07/Mar/2018:11:53:14 -0300] "GET /cormun/servlet/solicitudot?79f33ecff9a6ff560c29f650d034fba8df1294c21db555dbd83d975ce21d59c8,gx-no-cache=1520434346771 HTTP/1.1" 200 51
186.103.159.204 - - [07/Mar/2018:11:53:14 -0300] "POST /cormun/servlet/solicitudot?gx-no-cache=1520434346802 HTTP/1.1" 200 256
186.103.159.204 - - [07/Mar/2018:11:53:14 -0300] "GET /cormun/servlet/solicitudot?79f33ecff9a6ff560c29f650d034fba803983067f720b89649d6070adccac6da80d74a0dad1a9044a7e849adf055d9a31afba10076a719f9137c34a26d546a3a8570df75b71ea5d58ccbe21cf1699c02621990d08f8ee13bd47e36242873f4fdc5d051facaf4d50e8665c9944982b91b074764c563ec3ac3f90cc8d1230afb20f593a4dc9f6307343cec87da35c105239d437d286afeefe4115f0de62f75d3634ff6d7aef12bb3ed56b317933c9cecbeac42924a59d4e64f6be46b74c93180001fb696bb231699e54ea9603929f062292b68d6c6c881c2f6ebb9191a16029287b1d6fdacf78c7cf840d4c6b88310050354540d48be41cc316c53c61ceb720ed26926e58bb2bfd6366495fb8787586e2c5defc77967e78d57f71ba240c812005cdcec22a16aee1d3433d1e8eadbd956f287ed5e1040bec93af9b00ee138a1b51ce1b7db349f389630c94d79447b9f14e9ddd598f07bce81be9cbe82e623a58740ab6fababb6a39ba59e48f52b18f34d1bd3802a5529ccc48c767349311eead78b,gx-no-cache=1520434346836 HTTP/1.1" 200 30
186.103.132.155 - - [07/Mar/2018:11:53:16 -0300] "GET /cormun/servlet/trfichaempleado? HTTP/1.1" 200 11063
186.103.159.204 - - [07/Mar/2018:11:53:17 -0300] "POST /cormun/servlet/solicitudot?gx-no-cache=1520434349315 HTTP/1.1" 200 30
186.103.132.155 - - [07/Mar/2018:11:53:18 -0300] "GET /cormun/servlet/trfichaempleado? HTTP/1.1" 200 11063
190.151.100.218 - - [07/Mar/2018:11:53:20 -0300] "POST /cormun/servlet/trautorizarsolicitud?429f04fc78f21dfb75d4d7d5bcb8d7e3,,gx-no-cache=1520434350958 HTTP/1.1" 200 4596
190.151.100.218 - - [07/Mar/2018:11:53:20 -0300] "GET /cormun/static/Shared/jqueryui/images/ui-bg_highlight-soft_100_c6c2c8_1x100.png HTTP/1.1" 404 1117
186.103.132.155 - - [07/Mar/2018:11:53:20 -0300] "GET /cormun/static/Shared/jqueryui/images/ui-icons_82798d_256x240.png HTTP/1.1" 404 1089
186.67.203.186 - - [07/Mar/2018:11:53:20 -0300] "GET /cormun/static/Shared/jqueryui/images/ui-bg_flat_55_fafafa_40x100.png HTTP/1.1" 404 1097
190.151.100.218 - - [07/Mar/2018:11:53:20 -0300] "GET /cormun/static/Shared/jqueryui/images/ui-icons_8d78a5_256x240.png HTTP/1.1" 404 1089
200.111.122.170 - - [07/Mar/2018:11:53:20 -0300] "POST /cormun/servlet/trautorizarsolicitud?429f04fc78f21dfb75d4d7d5bcb8d7e3,,gx-no-cache=1520434351194 HTTP/1.1" 200 4392
186.103.159.204 - - [07/Mar/2018:11:53:21 -0300] "POST /cormun/servlet/solicitudot?gx-no-cache=1520434353673 HTTP/1.1" 200 1335
186.103.159.204 - - [07/Mar/2018:11:53:21 -0300] "POST /cormun/servlet/solicitudot?gx-no-cache=1520434353784 HTTP/1.1" 200 38
186.103.159.204 - - [07/Mar/2018:11:53:32 -0300] "GET /cormun/servlet/trautorizarsolicitud? HTTP/1.1" 200 7115
186.103.159.204 - - [07/Mar/2018:11:53:34 -0300] "GET /cormun/servlet/trautorizarsolicitud? HTTP/1.1" 200 7115
186.103.159.204 - - [07/Mar/2018:11:54:20 -0300] "GET /cormun/servlet/solicitudot?79f33ecff9a6ff560c29f650d034fba815ca477efa34bdacd75fca70a8cafaa55ab29baadf226aa44715f69d11035825dc4fc174692e414f4eeb8addc5b40af9ec4f23107d48b16cc33fb38d43e6c190b54dc988eee2597be54b01479bb7bc8a1704449778027b13908223cfeb231ab081b72c4fe5fa644adb229bb6f49582b71fcb652c5bbb70fec510ebf2bcd08a79cf9ee709448715ced7ca02f659f399a3,gx-no-cache=1520434412610 HTTP/1.1" 200 29
186.103.159.204 - - [07/Mar/2018:11:54:21 -0300] "POST /cormun/servlet/solicitudot?gx-no-cache=1520434413033 HTTP/1.1" 200 1318
186.103.159.204 - - [07/Mar/2018:11:54:21 -0300] "POST /cormun/servlet/solicitudot?gx-no-cache=1520434413132 HTTP/1.1" 200 1218
186.103.159.204 - - [07/Mar/2018:11:54:21 -0300] "GET /cormun/static/menuarrow.gif HTTP/1.1" 404 1015
186.103.159.204 - - [07/Mar/2018:11:54:25 -0300] "POST /cormun/servlet/solicitudot?gx-no-cache=1520434417333 HTTP/1.1" 200 1318
186.103.159.204 - - [07/Mar/2018:11:54:25 -0300] "POST /cormun/servlet/solicitudot?gx-no-cache=1520434417385 HTTP/1.1" 200 1218
186.103.159.204 - - [07/Mar/2018:11:54:30 -0300] "GET /cormun/servlet/solicitudot?79f33ecff9a6ff560c29f650d034fba87452aeb573f117f236d3e0a39cd3b2f205d5674da37be8e2021b8bba347df6f1,gx-no-cache=1520434422808 HTTP/1.1" 200 30
186.103.159.204 - - [07/Mar/2018:11:54:48 -0300] "POST /cormun/servlet/solicitudot?gx-no-cache=1520434440488 HTTP/1.1" 200 30
186.67.203.186 - - [07/Mar/2018:11:55:02 -0300] "GET /cormun/servlet/solicitudot?1c676af49bb83c9c6667d896c124e34f5df00a4d15fd71630b2c9da0c356c1ece33a2fe23a05f4aac1256264d238fc17,gx-no-cache=1520434454582 HTTP/1.1" 200 30
186.103.159.204 - - [07/Mar/2018:11:55:18 -0300] "GET /cormun/servlet/trautorizarsolicitud? HTTP/1.1" 200 7115
186.103.159.204 - - [07/Mar/2018:11:55:19 -0300] "GET /cormun/servlet/trautorizarsolicitud? HTTP/1.1" 200 7115
186.103.159.204 - - [07/Mar/2018:11:55:27 -0300] "POST /cormun/servlet/solicitudot?c835bf6559495b048bee3e6f7a787401,INS,0,0,,gx-no-cache=1520434478909 HTTP/1.1" 200 93
186.103.159.204 - - [07/Mar/2018:11:55:27 -0300] "GET /cormun/servlet/hpexe_return? HTTP/1.1" 200 1009
186.103.159.204 - - [07/Mar/2018:11:55:27 -0300] "GET /cormun/servlet/trsolicitudot? HTTP/1.1" 200 8483
186.103.159.204 - - [07/Mar/2018:11:55:31 -0300] "GET /cormun/servlet/trvisualizadoreventos? HTTP/1.1" 200 6731
186.103.159.204 - - [07/Mar/2018:11:55:31 -0300] "GET /cormun/static/gxcfg.js?20175251251426 HTTP/1.1" 200 953
186.103.159.204 - - [07/Mar/2018:11:55:31 -0300] "GET /cormun/static/trvisualizadoreventos.js?20175251251768 HTTP/1.1" 200 19318
186.103.159.204 - - [07/Mar/2018:11:55:31 -0300] "GET /cormun/static/Resources/PXToolsActionPrint.png HTTP/1.1" 200 3317
186.103.159.204 - - [07/Mar/2018:11:55:32 -0300] "GET /cormun/servlet/trvisualizadoreventos? HTTP/1.1" 200 6730
186.103.159.204 - - [07/Mar/2018:11:55:33 -0300] "POST /cormun/servlet/acontrolpreferencessavestate?None,DALLENDE,true HTTP/1.1" 200 35
186.103.159.204 - - [07/Mar/2018:11:55:45 -0300] "GET /cormun/servlet/trautorizarsolicitud? HTTP/1.1" 200 7124
186.103.159.204 - - [07/Mar/2018:11:55:46 -0300] "GET /cormun/servlet/trautorizarsolicitud? HTTP/1.1" 200 7124
186.103.159.204 - - [07/Mar/2018:11:55:50 -0300] "POST /cormun/servlet/trautorizarsolicitud?6f3e90df06f8f438ccba612c58980c90,,gx-no-cache=1520434501972 HTTP/1.1" 200 4402
186.103.159.204 - - [07/Mar/2018:11:55:52 -0300] "POST /cormun/servlet/trautorizarsolicitud?6f3e90df06f8f438ccba612c58980c90,,gx-no-cache=1520434503869 HTTP/1.1" 200 4402
186.103.159.204 - - [07/Mar/2018:11:55:59 -0300] "POST /cormun/servlet/trsolicitudot?c835bf6559495b048bee3e6f7a787401,,gx-no-cache=1520434511706 HTTP/1.1" 200 4517
186.103.159.204 - - [07/Mar/2018:11:55:59 -0300] "POST /cormun/servlet/trsolicitudot?c835bf6559495b048bee3e6f7a787401,,gx-no-cache=1520434511972 HTTP/1.1" 200 4298
186.103.159.204 - - [07/Mar/2018:11:56:00 -0300] "GET /cormun/static/Shared/jqueryui/images/ui-icons_82798d_256x240.png HTTP/1.1" 404 1089
186.103.159.204 - - [07/Mar/2018:11:56:00 -0300] "GET /cormun/static/Shared/jqueryui/images/ui-icons_8d78a5_256x240.png HTTP/1.1" 404 1089
186.103.159.204 - - [07/Mar/2018:11:56:00 -0300] "GET /cormun/static/Shared/jqueryui/images/ui-bg_highlight-soft_100_c6c2c8_1x100.png HTTP/1.1" 404 1117
186.103.159.204 - - [07/Mar/2018:11:56:00 -0300] "GET /cormun/static/Shared/jqueryui/images/ui-bg_flat_55_fafafa_40x100.png HTTP/1.1" 404 1097
186.103.159.204 - - [07/Mar/2018:11:56:17 -0300] "POST /cormun/servlet/trautorizarsolicitud?6f3e90df06f8f438ccba612c58980c90,,gx-no-cache=1520434528713 HTTP/1.1" 200 5779
186.103.159.204 - - [07/Mar/2018:11:57:20 -0300] "POST /cormun/servlet/trsolicitudot?c835bf6559495b048bee3e6f7a787401,,gx-no-cache=1520434592294 HTTP/1.1" 200 5686
186.103.159.189 - - [07/Mar/2018:11:57:39 -0300] "POST /cormun/servlet/trsolicitudot?4bc504acdd451b9563654156fd119c0a,gx-no-cache=1520434611968 HTTP/1.1" 440 972
186.103.159.189 - - [07/Mar/2018:11:57:41 -0300] "GET /cormun/servlet/trsolicitudot HTTP/1.1" 200 6391
186.103.159.189 - - [07/Mar/2018:11:57:43 -0300] "GET /cormun/servlet/trsolicitudot HTTP/1.1" 200 6391
186.103.159.189 - - [07/Mar/2018:11:57:44 -0300] "GET /cormun/servlet/hlogin HTTP/1.1" 200 1733
186.103.159.204 - - [07/Mar/2018:11:57:46 -0300] "POST /cormun/servlet/trsolicitudot?c835bf6559495b048bee3e6f7a787401,,gx-no-cache=1520434618479 HTTP/1.1" 200 5683
186.103.159.204 - - [07/Mar/2018:11:57:48 -0300] "POST /cormun/servlet/trsolicitudot?c835bf6559495b048bee3e6f7a787401,,gx-no-cache=1520434620595 HTTP/1.1" 200 5684
186.103.159.189 - - [07/Mar/2018:11:57:58 -0300] "POST /cormun/servlet/hlogin?539330028845b861c19d8bcac9ad9479,gx-no-cache=1520434630680 HTTP/1.1" 200 445
186.103.159.189 - - [07/Mar/2018:11:58:03 -0300] "POST /cormun/servlet/hlogin?539330028845b861c19d8bcac9ad9479,gx-no-cache=1520434636285 HTTP/1.1" 200 90
186.103.159.189 - - [07/Mar/2018:11:58:03 -0300] "GET /cormun/servlet/hpexe_link HTTP/1.1" 200 954
186.103.159.189 - - [07/Mar/2018:11:58:04 -0300] "GET /cormun/servlet/trsolicitudot HTTP/1.1" 200 7015
186.103.159.189 - - [07/Mar/2018:11:58:05 -0300] "GET /cormun/servlet/trsolicitudot HTTP/1.1" 200 7011
186.103.159.204 - - [07/Mar/2018:11:58:11 -0300] "POST /cormun/servlet/trsolicitudot?c835bf6559495b048bee3e6f7a787401,,gx-no-cache=1520434643518 HTTP/1.1" 200 5671
186.103.159.189 - - [07/Mar/2018:11:58:12 -0300] "POST /cormun/servlet/trsolicitudot?539330028845b861c19d8bcac9ad9479,gx-no-cache=1520434645369 HTTP/1.1" 200 8884
186.103.159.204 - - [07/Mar/2018:11:58:19 -0300] "POST /cormun/servlet/trsolicitudot?c835bf6559495b048bee3e6f7a787401,,gx-no-cache=1520434651723 HTTP/1.1" 200 5672
192.168.10.50 - - [07/Mar/2018:11:58:20 -0300] "POST /cormun/servlet/trsolicitudgral?bc08c96859ef4542f3f02b23fefc2162,gx-no-cache=1520424510504,gx-no-cache=1520434538961 HTTP/1.1" 200 5929
186.103.159.189 - - [07/Mar/2018:11:58:26 -0300] "POST /cormun/servlet/trsolicitudot?539330028845b861c19d8bcac9ad9479,gx-no-cache=1520434658926 HTTP/1.1" 200 6676
186.103.159.204 - - [07/Mar/2018:11:58:50 -0300] "POST /cormun/servlet/trautorizarsolicitud?6f3e90df06f8f438ccba612c58980c90,,gx-no-cache=1520434681924 HTTP/1.1" 200 4624
186.103.159.204 - - [07/Mar/2018:11:58:51 -0300] "GET /cormun/static/Shared/jqueryui/images/ui-bg_highlight-soft_100_c6c2c8_1x100.png HTTP/1.1" 404 1117
186.103.159.204 - - [07/Mar/2018:11:58:51 -0300] "GET /cormun/static/Shared/jqueryui/images/ui-icons_82798d_256x240.png HTTP/1.1" 404 1089
186.103.159.204 - - [07/Mar/2018:11:58:51 -0300] "GET /cormun/static/Shared/jqueryui/images/ui-bg_flat_55_fafafa_40x100.png HTTP/1.1" 404 1097
186.103.159.204 - - [07/Mar/2018:11:58:51 -0300] "GET /cormun/static/Shared/jqueryui/images/ui-icons_8d78a5_256x240.png HTTP/1.1" 404 1089
186.103.159.204 - - [07/Mar/2018:11:58:51 -0300] "POST /cormun/servlet/trautorizarsolicitud?6f3e90df06f8f438ccba612c58980c90,,gx-no-cache=1520434682891 HTTP/1.1" 200 4384
192.168.10.50 - - [07/Mar/2018:11:58:56 -0300] "POST /cormun/servlet/trsolicitudgral?bc08c96859ef4542f3f02b23fefc2162,gx-no-cache=1520424510504,gx-no-cache=1520434575217 HTTP/1.1" 200 8348
192.168.10.50 - - [07/Mar/2018:11:59:00 -0300] "POST /cormun/servlet/trsolicitudgral?bc08c96859ef4542f3f02b23fefc2162,gx-no-cache=1520424510504,gx-no-cache=1520434578888 HTTP/1.1" 200 5932
192.168.10.50 - - [07/Mar/2018:11:59:13 -0300] "POST /cormun/servlet/trsolicitudgral?bc08c96859ef4542f3f02b23fefc2162,gx-no-cache=1520424510504,gx-no-cache=1520434592295 HTTP/1.1" 200 9682
186.103.159.204 - - [07/Mar/2018:11:59:21 -0300] "GET /cormun/servlet/trsolicitudot? HTTP/1.1" 200 8603
186.103.159.204 - - [07/Mar/2018:11:59:22 -0300] "GET /cormun/static/gxcfg.js?2017111422585916 HTTP/1.1" 304 -
186.103.159.204 - - [07/Mar/2018:11:59:23 -0300] "GET /cormun/servlet/trsolicitudot? HTTP/1.1" 200 8602
186.103.159.204 - - [07/Mar/2018:11:59:24 -0300] "POST /cormun/servlet/acontrolpreferencessavestate?None,DALLENDE,true HTTP/1.1" 200 35
186.103.159.204 - - [07/Mar/2018:11:59:35 -0300] "POST /cormun/servlet/trsolicitudot?6f3e90df06f8f438ccba612c58980c90,,gx-no-cache=1520434727327 HTTP/1.1" 200 4681
186.103.159.204 - - [07/Mar/2018:11:59:36 -0300] "GET /cormun/static/Shared/jqueryui/images/ui-bg_highlight-soft_100_c6c2c8_1x100.png HTTP/1.1" 404 1117
186.103.159.204 - - [07/Mar/2018:11:59:36 -0300] "GET /cormun/static/Shared/jqueryui/images/ui-icons_82798d_256x240.png HTTP/1.1" 404 1089
186.103.159.204 - - [07/Mar/2018:11:59:36 -0300] "GET /cormun/static/Shared/jqueryui/images/ui-bg_flat_55_fafafa_40x100.png HTTP/1.1" 404 1097
186.103.159.204 - - [07/Mar/2018:11:59:36 -0300] "GET /cormun/static/Shared/jqueryui/images/ui-icons_8d78a5_256x240.png HTTP/1.1" 404 1089
186.103.159.204 - - [07/Mar/2018:11:59:36 -0300] "POST /cormun/servlet/trsolicitudot?6f3e90df06f8f438ccba612c58980c90,,gx-no-cache=1520434728091 HTTP/1.1" 200 4452
186.103.159.204 - - [07/Mar/2018:11:59:44 -0300] "GET /cormun/servlet/trautorizarsolicitud? HTTP/1.1" 200 8496
186.103.159.204 - - [07/Mar/2018:11:59:44 -0300] "GET /cormun/servlet/trautorizarsolicitud? HTTP/1.1" 200 8496
186.103.159.204 - - [07/Mar/2018:12:00:14 -0300] "POST /cormun/servlet/trautorizarsolicitud?6f3e90df06f8f438ccba612c58980c90,,gx-no-cache=1520434765747 HTTP/1.1" 200 4608
186.103.159.204 - - [07/Mar/2018:12:00:14 -0300] "GET /cormun/static/Shared/jqueryui/images/ui-bg_highlight-soft_100_c6c2c8_1x100.png HTTP/1.1" 404 1117
186.103.159.204 - - [07/Mar/2018:12:00:14 -0300] "GET /cormun/static/Shared/jqueryui/images/ui-icons_82798d_256x240.png HTTP/1.1" 404 1089
186.103.159.204 - - [07/Mar/2018:12:00:14 -0300] "GET /cormun/static/Shared/jqueryui/images/ui-icons_8d78a5_256x240.png HTTP/1.1" 404 1089
186.103.159.204 - - [07/Mar/2018:12:00:14 -0300] "GET /cormun/static/Shared/jqueryui/images/ui-bg_flat_55_fafafa_40x100.png HTTP/1.1" 404 1097
186.103.159.204 - - [07/Mar/2018:12:00:15 -0300] "POST /cormun/servlet/trautorizarsolicitud?6f3e90df06f8f438ccba612c58980c90,,gx-no-cache=1520434766773 HTTP/1.1" 200 4379
186.103.159.204 - - [07/Mar/2018:12:00:21 -0300] "POST /cormun/servlet/trautorizarsolicitud?6f3e90df06f8f438ccba612c58980c90,,gx-no-cache=1520434773041 HTTP/1.1" 200 4398
186.103.159.204 - - [07/Mar/2018:12:00:35 -0300] "GET /cormun/servlet/trvisualizadoreventos? HTTP/1.1" 200 6742
186.103.159.204 - - [07/Mar/2018:12:00:36 -0300] "GET /cormun/servlet/trvisualizadoreventos? HTTP/1.1" 200 6741
