200.112.3.25 - - [07/Mar/2018:14:29:29 -0300] "GET /cormun/servlet/solicitudot?8ef21d2725bbc5a92cc57b60ab04ecf67c959344c6e27ef1b48aa21668c6efc8d5707f6f11391f6d54d422635fae13c207a93fa2e7a6121abff097d2d29dc921,gx-no-cache=1520443720484 HTTP/1.1" 200 30
200.112.3.25 - - [07/Mar/2018:14:29:29 -0300] "POST /cormun/servlet/solicitudot?gx-no-cache=1520443720661 HTTP/1.1" 200 254
200.112.3.25 - - [07/Mar/2018:14:29:29 -0300] "GET /cormun/servlet/solicitudot?8ef21d2725bbc5a92cc57b60ab04ecf61dec1c9363aa695e034f145f81c2de6269e1d5b0f2435d5080bec82ee577ae593e135b04ce32a67996cc6b0a5b4ecc5d784763ad7daa9964e03a5c24fb049569574c61a89fced3374670c2821dca4a0eafd20a2f5e8a396a977294af98fc1a01e473aff00d85f6d936192b8623c57bcdc784c13cbf13d84d11a3a4bbd5bb2823b245cdf5a419b7bbd15f7da2c7f191d3ca9b5151af4d97404637c815b1620f48ba54a8f63bb4a1a0044a8037bc37f5eb9da1b3cdf80ab52731f716f5e58042339a6298454633621760e3913c13d511e8d307c5265efc402b20295cf2d374d518f904ed3f898462124d29c4d52c441c945845862eadcdbb06f7224050e997b7df1db591513ea43caa51a1d24df0cb60ddb58a661c5fa393e2e497e9c3f85915c7cbbf653ec271ce8392555b965ac101727e0331caf6cd04223eb6e1bf0e7e56bb6761a667863f871f9dde7e13750da2b62ed5f95e9bceb7a0cb76694cd97d61db3f8a6c3b7548acbfef252429f5330c7e,gx-no-cache=1520443720804 HTTP/1.1" 200 30
200.112.3.25 - - [07/Mar/2018:14:29:30 -0300] "POST /cormun/servlet/solicitudot?gx-no-cache=1520443720941 HTTP/1.1" 200 30
200.112.3.25 - - [07/Mar/2018:14:29:30 -0300] "POST /cormun/servlet/solicitudot?gx-no-cache=1520443721084 HTTP/1.1" 200 1337
200.112.3.25 - - [07/Mar/2018:14:29:30 -0300] "POST /cormun/servlet/solicitudot?gx-no-cache=1520443721316 HTTP/1.1" 200 41
200.112.3.25 - - [07/Mar/2018:14:29:30 -0300] "POST /cormun/servlet/solicitudot?gx-no-cache=1520443721449 HTTP/1.1" 200 1319
200.112.3.25 - - [07/Mar/2018:14:29:30 -0300] "POST /cormun/servlet/solicitudot?gx-no-cache=1520443721670 HTTP/1.1" 200 1219
200.112.3.25 - - [07/Mar/2018:14:29:31 -0300] "GET /cormun/servlet/solicitudot?8ef21d2725bbc5a92cc57b60ab04ecf6a51fd708be1894bd3b4f95666b786cf82938bdc62e6aa93540b03155101fa553,gx-no-cache=1520443721872 HTTP/1.1" 200 30
200.112.3.25 - - [07/Mar/2018:14:29:31 -0300] "POST /cormun/servlet/solicitudot?gx-no-cache=1520443721994 HTTP/1.1" 200 30
200.112.3.25 - - [07/Mar/2018:14:29:31 -0300] "POST /cormun/servlet/solicitudot?b3de6ebd948b20f9ff497a6c8aaaa9dd,INS,0,0,,gx-no-cache=1520443722121 HTTP/1.1" 200 12224
186.103.159.204 - - [07/Mar/2018:14:29:37 -0300] "GET /cormun/servlet/vesolicitudot?2018,8439,, HTTP/1.1" 200 8217
186.103.159.204 - - [07/Mar/2018:14:29:37 -0300] "GET /cormun/pexe_scrolldiv.js HTTP/1.1" 404 1009
186.103.159.204 - - [07/Mar/2018:14:29:37 -0300] "GET /cormun/servlet/veautorizarsolicitud?2018,8439,, HTTP/1.1" 200 8430
186.103.159.204 - - [07/Mar/2018:14:29:37 -0300] "GET /cormun/servlet/vesolicitudot?2018,8439,, HTTP/1.1" 200 8217
186.103.159.204 - - [07/Mar/2018:14:29:37 -0300] "GET /cormun/pexe_scrolldiv.js HTTP/1.1" 404 1009
186.103.159.204 - - [07/Mar/2018:14:29:37 -0300] "GET /cormun/pexe_scrolldiv.js HTTP/1.1" 404 1009
186.103.159.204 - - [07/Mar/2018:14:29:38 -0300] "GET /cormun/servlet/veautorizarsolicitud?2018,8439,, HTTP/1.1" 200 8429
192.168.10.62 - - [07/Mar/2018:14:29:41 -0300] "POST /cormun/servlet/trsolicitudgral?c01264ac7744cc45cb50f70ea297cc3d,gx-no-cache=1520443619798 HTTP/1.1" 200 5189
200.112.3.25 - - [07/Mar/2018:14:29:49 -0300] "GET /cormun/servlet/solicitudot?8ef21d2725bbc5a92cc57b60ab04ecf627b45c6be1e94febfe388665c255a5e9,gx-no-cache=1520443740067 HTTP/1.1" 200 103
200.112.3.25 - - [07/Mar/2018:14:29:49 -0300] "POST /cormun/servlet/solicitudot?gx-no-cache=1520443740165 HTTP/1.1" 200 254
200.112.3.25 - - [07/Mar/2018:14:29:49 -0300] "GET /cormun/servlet/solicitudot?8ef21d2725bbc5a92cc57b60ab04ecf61dec1c9363aa695e034f145f81c2de6269e1d5b0f2435d5080bec82ee577ae593e135b04ce32a67996cc6b0a5b4ecc5d784763ad7daa9964e03a5c24fb049569574c61a89fced3374670c2821dca4a0eafd20a2f5e8a396a977294af98fc1a01e473aff00d85f6d936192b8623c57bcdc784c13cbf13d84d11a3a4bbd5bb2823b245cdf5a419b7bbd15f7da2c7f191d3ca9b5151af4d97404637c815b1620f48ba54a8f63bb4a1a0044a8037bc37f5eb9da1b3cdf80ab52731f716f5e58042339a6298454633621760e3913c13d511e8d307c5265efc402b20295cf2d374d518f904ed3f898462124d29c4d52c441c945845862eadcdbb06f7224050e997b7df1db591513ea43caa51a1d24df0cb60ddb58a661c5fa393e2e497e9c3f85915c7cbbf653ec271ce8392555b965ac101727e0331caf6cd04223eb6e1bf0e7e56bb6761a667863f871f9dde7e13750da2b62ed5f95e9bceb7a0cb76694cd97d61db3f8a6c3b7548acbfef252429f5330c7e,gx-no-cache=1520443740285 HTTP/1.1" 200 30
200.112.3.25 - - [07/Mar/2018:14:29:49 -0300] "POST /cormun/servlet/solicitudot?gx-no-cache=1520443740375 HTTP/1.1" 200 30
200.112.3.25 - - [07/Mar/2018:14:29:49 -0300] "POST /cormun/servlet/solicitudot?gx-no-cache=1520443740491 HTTP/1.1" 200 1337
200.112.3.25 - - [07/Mar/2018:14:29:49 -0300] "POST /cormun/servlet/solicitudot?gx-no-cache=1520443740707 HTTP/1.1" 200 41
200.112.3.25 - - [07/Mar/2018:14:29:50 -0300] "POST /cormun/servlet/solicitudot?gx-no-cache=1520443740820 HTTP/1.1" 200 1319
200.112.3.25 - - [07/Mar/2018:14:29:50 -0300] "POST /cormun/servlet/solicitudot?gx-no-cache=1520443741005 HTTP/1.1" 200 1219
200.112.3.25 - - [07/Mar/2018:14:29:50 -0300] "GET /cormun/servlet/solicitudot?8ef21d2725bbc5a92cc57b60ab04ecf6a51fd708be1894bd3b4f95666b786cf82938bdc62e6aa93540b03155101fa553,gx-no-cache=1520443741199 HTTP/1.1" 200 30
200.112.3.25 - - [07/Mar/2018:14:29:50 -0300] "POST /cormun/servlet/solicitudot?gx-no-cache=1520443741304 HTTP/1.1" 200 30
200.112.3.25 - - [07/Mar/2018:14:29:51 -0300] "POST /cormun/servlet/solicitudot?b3de6ebd948b20f9ff497a6c8aaaa9dd,INS,0,0,,gx-no-cache=1520443741445 HTTP/1.1" 200 12277
200.112.3.25 - - [07/Mar/2018:14:29:52 -0300] "POST /cormun/servlet/solicitudot?b3de6ebd948b20f9ff497a6c8aaaa9dd,INS,0,0,,gx-no-cache=1520443742966 HTTP/1.1" 200 93
200.112.3.25 - - [07/Mar/2018:14:29:52 -0300] "GET /cormun/servlet/hpexe_return? HTTP/1.1" 200 1026
200.112.3.25 - - [07/Mar/2018:14:29:53 -0300] "GET /cormun/servlet/trsolicitudot?gx-no-cache=1520443300312 HTTP/1.1" 200 7417
200.112.3.25 - - [07/Mar/2018:14:29:53 -0300] "GET /cormun/servlet/trsolicitudot?gx-no-cache=1520443300312 HTTP/1.1" 200 7432
186.103.159.204 - - [07/Mar/2018:14:29:58 -0300] "GET /cormun/servlet/trautorizarsolicitud? HTTP/1.1" 200 17636
186.103.159.204 - - [07/Mar/2018:14:29:59 -0300] "GET /cormun/servlet/trautorizarsolicitud? HTTP/1.1" 200 17636
200.112.3.25 - - [07/Mar/2018:14:30:03 -0300] "GET /cormun/servlet/solicitudot?INS,0,0, HTTP/1.1" 200 13677
200.112.3.25 - - [07/Mar/2018:14:30:04 -0300] "GET /cormun/servlet/solicitudot?INS,0,0, HTTP/1.1" 200 13662
200.112.3.25 - - [07/Mar/2018:14:30:11 -0300] "POST /cormun/servlet/solicitudot?b3de6ebd948b20f9ff497a6c8aaaa9dd,INS,0,0,,gx-no-cache=1520443761509 HTTP/1.1" 200 11852
200.112.3.25 - - [07/Mar/2018:14:30:11 -0300] "GET /cormun/static/Shared/jqueryui/images/ui-bg_highlight-soft_100_c6c2c8_1x100.png HTTP/1.1" 404 1117
200.112.3.25 - - [07/Mar/2018:14:30:11 -0300] "GET /cormun/static/Shared/jqueryui/images/ui-bg_flat_55_994d53_40x100.png HTTP/1.1" 404 1097
200.112.3.25 - - [07/Mar/2018:14:30:11 -0300] "GET /cormun/static/Shared/jqueryui/images/ui-icons_ebccce_256x240.png HTTP/1.1" 404 1089
200.112.3.25 - - [07/Mar/2018:14:30:11 -0300] "GET /cormun/static/Shared/jqueryui/images/ui-icons_82798d_256x240.png HTTP/1.1" 404 1089
200.112.3.25 - - [07/Mar/2018:14:30:14 -0300] "POST /cormun/servlet/solicitudot?gx-no-cache=1520443764949 HTTP/1.1" 200 3379
200.112.3.25 - - [07/Mar/2018:14:30:15 -0300] "POST /cormun/servlet/solicitudot?b3de6ebd948b20f9ff497a6c8aaaa9dd,INS,0,0,,gx-no-cache=1520443765391 HTTP/1.1" 200 11705
200.112.3.25 - - [07/Mar/2018:14:30:15 -0300] "GET /cormun/servlet/solicitudot?8ef21d2725bbc5a92cc57b60ab04ecf602e7df8cab4b89814a60c81a9536e2ff11a23ad233be29cc66600c511a5f724b,gx-no-cache=1520443766067 HTTP/1.1" 200 30
200.112.3.25 - - [07/Mar/2018:14:30:28 -0300] "GET /cormun/servlet/solicitudot?8ef21d2725bbc5a92cc57b60ab04ecf67c959344c6e27ef1b48aa21668c6efc8d5707f6f11391f6d54d422635fae13c207a93fa2e7a6121abff097d2d29dc921,gx-no-cache=1520443779257 HTTP/1.1" 200 30
200.112.3.25 - - [07/Mar/2018:14:30:28 -0300] "GET /cormun/servlet/solicitudot?8ef21d2725bbc5a92cc57b60ab04ecf6ec93c26d8118946b5cf038b023a0d944,gx-no-cache=1520443779343 HTTP/1.1" 200 29
200.112.3.25 - - [07/Mar/2018:14:30:28 -0300] "POST /cormun/servlet/solicitudot?gx-no-cache=1520443779428 HTTP/1.1" 200 255
200.112.3.25 - - [07/Mar/2018:14:30:28 -0300] "GET /cormun/servlet/solicitudot?8ef21d2725bbc5a92cc57b60ab04ecf61dec1c9363aa695e034f145f81c2de6269e1d5b0f2435d5080bec82ee577ae593e135b04ce32a67996cc6b0a5b4ecc5d784763ad7daa9964e03a5c24fb049569574c61a89fced3374670c2821dca4a0eafd20a2f5e8a396a977294af98fc1a01e473aff00d85f6d936192b8623c57bcdc784c13cbf13d84d11a3a4bbd5bb2823b245cdf5a419b7bbd15f7da2c7f191d3ca9b5151af4d97404637c815b1620f48ba54a8f63bb4a1a0044a8037bc37f5eb9da1b3cdf80ab52731f716f5e58042339a6298454633621760e3913c13d511e8d307c5265efc402b20295cf2d374d518f904ed3f898462124d29c4d52c441c945845862eadcdbb06f7224050e997b7df1db591513ea43caa51a1d24df0cb60ddb58a661c5fa393e2e497e9c3f85915c7cbbf653ec271ce8392555b965ac101727e0331caf6cd04223eb6e1bf0e7e56bb6761a667863f871f9dde7e13750da2b62ed5f95e9bceb7a0cb76694cd97d61db3f8a6c3b7548acbfef252429f5330c7e,gx-no-cache=1520443779555 HTTP/1.1" 200 30
186.103.159.204 - - [07/Mar/2018:14:30:29 -0300] "GET /cormun/servlet/trsolicitudot? HTTP/1.1" 200 17582
186.103.159.204 - - [07/Mar/2018:14:30:30 -0300] "GET /cormun/servlet/trsolicitudot? HTTP/1.1" 200 17582
200.112.3.25 - - [07/Mar/2018:14:30:31 -0300] "POST /cormun/servlet/solicitudot?gx-no-cache=1520443782063 HTTP/1.1" 200 30
200.112.3.25 - - [07/Mar/2018:14:30:32 -0300] "POST /cormun/servlet/solicitudot?gx-no-cache=1520443782822 HTTP/1.1" 200 1335
200.112.3.25 - - [07/Mar/2018:14:30:32 -0300] "POST /cormun/servlet/solicitudot?gx-no-cache=1520443783071 HTTP/1.1" 200 38
200.112.3.25 - - [07/Mar/2018:14:30:38 -0300] "GET /cormun/servlet/solicitudot?8ef21d2725bbc5a92cc57b60ab04ecf611b572d30ada7154a661655bd942fab8472e26ccb5c1ad2a70b20509ba83afc35cceb5ce84a9803784c92929cbd695b0bdbafda0a0ddf4c095083c6f12bf91501f0dcb497630029735ccedcbc00a628cb1682c4935c34394c1ca465e412df59acb06b83900346d8fa96c56143a7e6ffe242e4117103963758b5b53392e2e273edbf723b65d7fe419c96694ad43976b54,gx-no-cache=1520443789004 HTTP/1.1" 200 29
200.112.3.25 - - [07/Mar/2018:14:30:38 -0300] "POST /cormun/servlet/solicitudot?gx-no-cache=1520443789093 HTTP/1.1" 200 1319
200.112.3.25 - - [07/Mar/2018:14:30:38 -0300] "POST /cormun/servlet/solicitudot?gx-no-cache=1520443789286 HTTP/1.1" 200 1219
200.112.3.25 - - [07/Mar/2018:14:30:44 -0300] "GET /cormun/servlet/solicitudot?8ef21d2725bbc5a92cc57b60ab04ecf6a51fd708be1894bd3b4f95666b786cf82938bdc62e6aa93540b03155101fa553,gx-no-cache=1520443795582 HTTP/1.1" 200 30
200.112.3.25 - - [07/Mar/2018:14:30:49 -0300] "POST /cormun/servlet/solicitudot?gx-no-cache=1520443800164 HTTP/1.1" 200 30
200.112.3.25 - - [07/Mar/2018:14:31:01 -0300] "POST /cormun/servlet/solicitudot?b3de6ebd948b20f9ff497a6c8aaaa9dd,INS,0,0,,gx-no-cache=1520443812171 HTTP/1.1" 200 11995
186.103.159.204 - - [07/Mar/2018:14:31:17 -0300] "GET /cormun/servlet/treventos?2018,9394, HTTP/1.1" 200 7939
186.103.159.204 - - [07/Mar/2018:14:31:17 -0300] "GET /cormun/servlet/treventos?2018,9394, HTTP/1.1" 200 7946
200.112.3.25 - - [07/Mar/2018:14:31:17 -0300] "POST /cormun/servlet/solicitudot?b3de6ebd948b20f9ff497a6c8aaaa9dd,INS,0,0,,gx-no-cache=1520443828270 HTTP/1.1" 200 93
200.112.3.25 - - [07/Mar/2018:14:31:18 -0300] "GET /cormun/servlet/hpexe_return? HTTP/1.1" 200 1026
200.112.3.25 - - [07/Mar/2018:14:31:18 -0300] "GET /cormun/servlet/trsolicitudot?gx-no-cache=1520443300312 HTTP/1.1" 200 7417
200.112.3.25 - - [07/Mar/2018:14:31:18 -0300] "GET /cormun/servlet/trsolicitudot?gx-no-cache=1520443300312 HTTP/1.1" 200 7432
200.112.3.25 - - [07/Mar/2018:14:31:21 -0300] "GET /cormun/servlet/solicitudot?INS,0,0, HTTP/1.1" 200 13675
200.112.3.25 - - [07/Mar/2018:14:31:22 -0300] "GET /cormun/servlet/solicitudot?INS,0,0, HTTP/1.1" 200 13660
186.103.159.204 - - [07/Mar/2018:14:31:26 -0300] "GET /cormun/servlet/trautorizarsolicitud? HTTP/1.1" 200 17636
186.103.159.204 - - [07/Mar/2018:14:31:27 -0300] "GET /cormun/servlet/trautorizarsolicitud? HTTP/1.1" 200 17636
200.112.3.25 - - [07/Mar/2018:14:31:34 -0300] "POST /cormun/servlet/solicitudot?b3de6ebd948b20f9ff497a6c8aaaa9dd,INS,0,0,,gx-no-cache=1520443844576 HTTP/1.1" 200 11827
200.112.3.25 - - [07/Mar/2018:14:31:34 -0300] "GET /cormun/static/Shared/jqueryui/images/ui-bg_highlight-soft_100_c6c2c8_1x100.png HTTP/1.1" 404 1117
200.112.3.25 - - [07/Mar/2018:14:31:34 -0300] "GET /cormun/static/Shared/jqueryui/images/ui-icons_ebccce_256x240.png HTTP/1.1" 404 1089
200.112.3.25 - - [07/Mar/2018:14:31:34 -0300] "GET /cormun/static/Shared/jqueryui/images/ui-icons_82798d_256x240.png HTTP/1.1" 404 1089
200.112.3.25 - - [07/Mar/2018:14:31:34 -0300] "GET /cormun/static/Shared/jqueryui/images/ui-bg_flat_55_994d53_40x100.png HTTP/1.1" 404 1097
192.168.10.56 - - [07/Mar/2018:14:31:37 -0300] "POST /cormun/servlet/trsolicitudgral?51e7d2bae3761af85dd665f39a6feaa7,,gx-no-cache=1520443734215 HTTP/1.1" 200 26193
200.112.3.25 - - [07/Mar/2018:14:31:38 -0300] "POST /cormun/servlet/solicitudot?gx-no-cache=1520443849499 HTTP/1.1" 200 3390
200.112.3.25 - - [07/Mar/2018:14:31:39 -0300] "POST /cormun/servlet/solicitudot?b3de6ebd948b20f9ff497a6c8aaaa9dd,INS,0,0,,gx-no-cache=1520443849949 HTTP/1.1" 200 11720
200.112.3.25 - - [07/Mar/2018:14:31:39 -0300] "GET /cormun/servlet/solicitudot?8ef21d2725bbc5a92cc57b60ab04ecf6ccf2f89a7213b6d3b8e440c603f99f8211a23ad233be29cc66600c511a5f724b,gx-no-cache=1520443850654 HTTP/1.1" 200 30
200.112.3.25 - - [07/Mar/2018:14:31:39 -0300] "GET /cormun/servlet/solicitudot?8ef21d2725bbc5a92cc57b60ab04ecf6fd0c5babbf228fa15eda535cd3d46190a3339b1aef3a56aa4e23b2bb369b9534,gx-no-cache=1520443850776 HTTP/1.1" 200 30
200.112.3.25 - - [07/Mar/2018:14:31:40 -0300] "GET /cormun/servlet/solicitudot?8ef21d2725bbc5a92cc57b60ab04ecf6ec93c26d8118946b5cf038b023a0d944,gx-no-cache=1520443850878 HTTP/1.1" 200 29
200.112.3.25 - - [07/Mar/2018:14:31:40 -0300] "POST /cormun/servlet/solicitudot?gx-no-cache=1520443850973 HTTP/1.1" 200 255
200.112.3.25 - - [07/Mar/2018:14:31:40 -0300] "GET /cormun/servlet/solicitudot?8ef21d2725bbc5a92cc57b60ab04ecf61dec1c9363aa695e034f145f81c2de6269e1d5b0f2435d5080bec82ee577ae593e135b04ce32a67996cc6b0a5b4ecc5d784763ad7daa9964e03a5c24fb049569574c61a89fced3374670c2821dca4a0eafd20a2f5e8a396a977294af98fc1a01e473aff00d85f6d936192b8623c57bcdc784c13cbf13d84d11a3a4bbd5bb2823b245cdf5a419b7bbd15f7da2c7f191d3ca9b5151af4d97404637c815b1620f48ba54a8f63bb4a1a0044a8037bc37f5eb9da1b3cdf80ab52731f716f5e58042339a6298454633621760e3913c13d511e8d307c5265efc402b20295cf2d374d518f904ed3f898462124d29c4d52c441c945845862eadcdbb06f7224050e997b7df1db591513ea43caa51a1d24df0cb60ddb58a661c5fa393e2e497e9c3f85915c7cbbf653ec271ce8392555b965ac101727e0331caf6cd04223eb6e1bf0e7e56bb6761a667863f871f9dde7e13750da2b62ed5f95e9bceb7a0cb76694cd97d61db3f8a6c3b7548acbfef252429f5330c7e,gx-no-cache=1520443851140 HTTP/1.1" 200 30
186.103.159.204 - - [07/Mar/2018:14:31:41 -0300] "GET /cormun/servlet/veautorizarsolicitud?2018,9393,, HTTP/1.1" 200 8462
186.103.159.204 - - [07/Mar/2018:14:31:42 -0300] "GET /cormun/pexe_scrolldiv.js HTTP/1.1" 404 1009
186.103.159.204 - - [07/Mar/2018:14:31:42 -0300] "GET /cormun/pexe_scrolldiv.js HTTP/1.1" 404 1009
186.103.159.204 - - [07/Mar/2018:14:31:42 -0300] "GET /cormun/servlet/veautorizarsolicitud?2018,9393,, HTTP/1.1" 200 8461
200.112.3.25 - - [07/Mar/2018:14:31:42 -0300] "POST /cormun/servlet/solicitudot?gx-no-cache=1520443853649 HTTP/1.1" 200 30
200.112.3.25 - - [07/Mar/2018:14:31:45 -0300] "POST /cormun/servlet/solicitudot?gx-no-cache=1520443856072 HTTP/1.1" 200 1336
200.112.3.25 - - [07/Mar/2018:14:31:45 -0300] "POST /cormun/servlet/solicitudot?gx-no-cache=1520443856309 HTTP/1.1" 200 38
186.103.159.204 - - [07/Mar/2018:14:31:52 -0300] "GET /cormun/servlet/trautorizarsolicitud? HTTP/1.1" 200 17636
186.103.159.204 - - [07/Mar/2018:14:31:53 -0300] "GET /cormun/servlet/trautorizarsolicitud? HTTP/1.1" 200 17636
200.112.3.25 - - [07/Mar/2018:14:31:57 -0300] "GET /cormun/servlet/solicitudot?8ef21d2725bbc5a92cc57b60ab04ecf611b572d30ada7154a661655bd942fab8472e26ccb5c1ad2a70b20509ba83afc35cceb5ce84a9803784c92929cbd695b0bdbafda0a0ddf4c095083c6f12bf91501f0dcb497630029735ccedcbc00a628cb1682c4935c34394c1ca465e412df59acb06b83900346d8fa96c56143a7e6ffe242e4117103963758b5b53392e2e273edbf723b65d7fe419c96694ad43976b54,gx-no-cache=1520443867915 HTTP/1.1" 200 29
200.112.3.25 - - [07/Mar/2018:14:31:57 -0300] "POST /cormun/servlet/solicitudot?gx-no-cache=1520443868002 HTTP/1.1" 200 1321
200.112.3.25 - - [07/Mar/2018:14:31:58 -0300] "POST /cormun/servlet/solicitudot?gx-no-cache=1520443868231 HTTP/1.1" 200 1219
200.112.3.25 - - [07/Mar/2018:14:32:03 -0300] "GET /cormun/servlet/solicitudot?8ef21d2725bbc5a92cc57b60ab04ecf6a51fd708be1894bd3b4f95666b786cf82938bdc62e6aa93540b03155101fa553,gx-no-cache=1520443874387 HTTP/1.1" 200 30
186.103.159.204 - - [07/Mar/2018:14:32:07 -0300] "POST /cormun/servlet/trautorizarsolicitud?6f3e90df06f8f438ccba612c58980c90,,gx-no-cache=1520443879059 HTTP/1.1" 200 106
186.103.159.204 - - [07/Mar/2018:14:32:08 -0300] "GET /cormun/servlet/trsolicitudadjuntos?2018,9393, HTTP/1.1" 200 9783
186.103.159.204 - - [07/Mar/2018:14:32:08 -0300] "GET /cormun/static/gxcfg.js?20177612135366 HTTP/1.1" 200 953
186.103.159.204 - - [07/Mar/2018:14:32:08 -0300] "GET /cormun/static/trsolicitudadjuntos.js?20177612135632 HTTP/1.1" 200 17922
186.103.159.204 - - [07/Mar/2018:14:32:09 -0300] "GET /cormun/servlet/trsolicitudadjuntos?2018,9393, HTTP/1.1" 200 9791
186.103.159.204 - - [07/Mar/2018:14:32:09 -0300] "POST /cormun/servlet/acontrolpreferencessavestate?None,DALLENDE,true HTTP/1.1" 200 35
200.112.3.25 - - [07/Mar/2018:14:32:10 -0300] "POST /cormun/servlet/solicitudot?gx-no-cache=1520443881030 HTTP/1.1" 200 30
192.168.10.56 - - [07/Mar/2018:14:32:11 -0300] "POST /cormun/servlet/trsolicitudgral?51e7d2bae3761af85dd665f39a6feaa7,,gx-no-cache=1520443770293 HTTP/1.1" 200 10458
186.103.159.204 - - [07/Mar/2018:14:32:16 -0300] "GET /cormun/PublicTempStorage/antecedentes_patricia20180116_11201994259150.jpg HTTP/1.1" 200 402360
186.103.159.204 - - [07/Mar/2018:14:32:35 -0300] "GET /cormun/servlet/hlogin HTTP/1.1" 200 1713
186.103.159.204 - - [07/Mar/2018:14:32:49 -0300] "POST /cormun/servlet/hlogin?6f3e90df06f8f438ccba612c58980c90,gx-no-cache=1520443920418 HTTP/1.1" 200 90
186.103.159.204 - - [07/Mar/2018:14:32:49 -0300] "GET /cormun/servlet/hpexe_link HTTP/1.1" 200 963
186.103.159.204 - - [07/Mar/2018:14:32:49 -0300] "GET /cormun/servlet/trsolicitudadjuntos?2018,9393, HTTP/1.1" 200 9788
186.103.159.204 - - [07/Mar/2018:14:32:50 -0300] "GET /cormun/servlet/trsolicitudadjuntos?2018,9393, HTTP/1.1" 200 9794
200.112.3.25 - - [07/Mar/2018:14:32:54 -0300] "POST /cormun/servlet/solicitudot?b3de6ebd948b20f9ff497a6c8aaaa9dd,INS,0,0,,gx-no-cache=1520443924301 HTTP/1.1" 200 93
200.112.3.25 - - [07/Mar/2018:14:32:54 -0300] "GET /cormun/servlet/hpexe_return? HTTP/1.1" 200 1026
200.112.3.25 - - [07/Mar/2018:14:32:54 -0300] "GET /cormun/servlet/trsolicitudot?gx-no-cache=1520443300312 HTTP/1.1" 200 8776
200.112.3.25 - - [07/Mar/2018:14:32:55 -0300] "GET /cormun/servlet/trsolicitudot?gx-no-cache=1520443300312 HTTP/1.1" 200 8791
186.103.159.204 - - [07/Mar/2018:14:32:57 -0300] "GET /cormun/servlet/trautorizarsolicitud? HTTP/1.1" 200 17651
186.103.159.204 - - [07/Mar/2018:14:32:58 -0300] "GET /cormun/servlet/trautorizarsolicitud? HTTP/1.1" 200 17641
200.112.3.25 - - [07/Mar/2018:14:32:58 -0300] "POST /cormun/servlet/trsolicitudot?b3de6ebd948b20f9ff497a6c8aaaa9dd,gx-no-cache=1520443300312,gx-no-cache=1520443929163 HTTP/1.1" 200 4672
200.112.3.25 - - [07/Mar/2018:14:32:58 -0300] "GET /cormun/static/Shared/jqueryui/images/ui-bg_highlight-soft_100_c6c2c8_1x100.png HTTP/1.1" 404 1117
200.112.3.25 - - [07/Mar/2018:14:32:59 -0300] "GET /cormun/static/Shared/jqueryui/images/ui-bg_flat_55_fafafa_40x100.png HTTP/1.1" 404 1097
200.112.3.25 - - [07/Mar/2018:14:32:59 -0300] "GET /cormun/static/Shared/jqueryui/images/ui-icons_8d78a5_256x240.png HTTP/1.1" 404 1089
200.112.3.25 - - [07/Mar/2018:14:32:59 -0300] "GET /cormun/static/Shared/jqueryui/images/ui-icons_82798d_256x240.png HTTP/1.1" 404 1089
200.112.3.25 - - [07/Mar/2018:14:32:59 -0300] "POST /cormun/servlet/trsolicitudot?b3de6ebd948b20f9ff497a6c8aaaa9dd,gx-no-cache=1520443300312,gx-no-cache=1520443929684 HTTP/1.1" 200 4451
200.112.3.25 - - [07/Mar/2018:14:33:12 -0300] "GET /cormun/servlet/solicitudot?INS,0,0, HTTP/1.1" 200 13676
200.112.3.25 - - [07/Mar/2018:14:33:12 -0300] "GET /cormun/servlet/solicitudot?INS,0,0, HTTP/1.1" 200 13661
200.112.3.25 - - [07/Mar/2018:14:33:20 -0300] "POST /cormun/servlet/solicitudot?b3de6ebd948b20f9ff497a6c8aaaa9dd,INS,0,0,,gx-no-cache=1520443950581 HTTP/1.1" 200 11845
200.112.3.25 - - [07/Mar/2018:14:33:20 -0300] "GET /cormun/static/Shared/jqueryui/images/ui-bg_highlight-soft_100_c6c2c8_1x100.png HTTP/1.1" 404 1117
200.112.3.25 - - [07/Mar/2018:14:33:20 -0300] "GET /cormun/static/Shared/jqueryui/images/ui-bg_flat_55_994d53_40x100.png HTTP/1.1" 404 1097
200.112.3.25 - - [07/Mar/2018:14:33:20 -0300] "GET /cormun/static/Shared/jqueryui/images/ui-icons_ebccce_256x240.png HTTP/1.1" 404 1089
200.112.3.25 - - [07/Mar/2018:14:33:20 -0300] "GET /cormun/static/Shared/jqueryui/images/ui-icons_82798d_256x240.png HTTP/1.1" 404 1089
192.168.10.56 - - [07/Mar/2018:14:33:20 -0300] "POST /cormun/servlet/trsolicitudgral?51e7d2bae3761af85dd665f39a6feaa7,,gx-no-cache=1520443839489 HTTP/1.1" 200 7283
200.112.3.25 - - [07/Mar/2018:14:33:26 -0300] "POST /cormun/servlet/solicitudot?gx-no-cache=1520443957100 HTTP/1.1" 200 3415
200.112.3.25 - - [07/Mar/2018:14:33:27 -0300] "POST /cormun/servlet/solicitudot?b3de6ebd948b20f9ff497a6c8aaaa9dd,INS,0,0,,gx-no-cache=1520443957547 HTTP/1.1" 200 11737
200.112.3.25 - - [07/Mar/2018:14:33:27 -0300] "GET /cormun/servlet/solicitudot?8ef21d2725bbc5a92cc57b60ab04ecf60e56014c66ceb5391088d5f256fc677211a23ad233be29cc66600c511a5f724b,gx-no-cache=1520443958224 HTTP/1.1" 200 30
200.112.3.25 - - [07/Mar/2018:14:33:27 -0300] "GET /cormun/servlet/solicitudot?8ef21d2725bbc5a92cc57b60ab04ecf6c141eae29ba8b485b06320c7ff5fdbe8e69c196f7b93e3508038c631c830358cc2bf90198c4ce1c1e558fc3a06bb88b8,gx-no-cache=1520443958349 HTTP/1.1" 200 30
200.112.3.25 - - [07/Mar/2018:14:33:27 -0300] "GET /cormun/servlet/solicitudot?8ef21d2725bbc5a92cc57b60ab04ecf6ec93c26d8118946b5cf038b023a0d944,gx-no-cache=1520443958474 HTTP/1.1" 200 29
200.112.3.25 - - [07/Mar/2018:14:33:27 -0300] "POST /cormun/servlet/solicitudot?gx-no-cache=1520443958594 HTTP/1.1" 200 255
200.112.3.25 - - [07/Mar/2018:14:33:27 -0300] "GET /cormun/servlet/solicitudot?8ef21d2725bbc5a92cc57b60ab04ecf61dec1c9363aa695e034f145f81c2de6269e1d5b0f2435d5080bec82ee577ae593e135b04ce32a67996cc6b0a5b4ecc5d784763ad7daa9964e03a5c24fb049569574c61a89fced3374670c2821dca4a0eafd20a2f5e8a396a977294af98fc1a01e473aff00d85f6d936192b8623c57bcdc784c13cbf13d84d11a3a4bbd5bb2823b245cdf5a419b7bbd15f7da2c7f191d3ca9b5151af4d97404637c815b1620f48ba54a8f63bb4a1a0044a8037bc37f5eb9da1b3cdf80ab52731f716f5e58042339a6298454633621760e3913c13d511e8d307c5265efc402b20295cf2d374d518f904ed3f898462124d29c4d52c441c945845862eadcdbb06f7224050e997b7df1db591513ea43caa51a1d24df0cb60ddb58a661c5fa393e2e497e9c3f85915c7cbbf653ec271ce8392555b965ac101727e0331caf6cd04223eb6e1bf0e7e56bb6761a667863f871f9dde7e13750da2b62ed5f95e9bceb7a0cb76694cd97d61db3f8a6c3b7548acbfef252429f5330c7e,gx-no-cache=1520443958734 HTTP/1.1" 200 30
200.112.3.25 - - [07/Mar/2018:14:33:29 -0300] "POST /cormun/servlet/solicitudot?gx-no-cache=1520443960802 HTTP/1.1" 200 30
200.112.3.25 - - [07/Mar/2018:14:33:31 -0300] "POST /cormun/servlet/solicitudot?gx-no-cache=1520443961807 HTTP/1.1" 200 1336
200.112.3.25 - - [07/Mar/2018:14:33:31 -0300] "POST /cormun/servlet/solicitudot?gx-no-cache=1520443962041 HTTP/1.1" 200 38
200.112.3.25 - - [07/Mar/2018:14:33:37 -0300] "GET /cormun/servlet/solicitudot?8ef21d2725bbc5a92cc57b60ab04ecf611b572d30ada7154a661655bd942fab8472e26ccb5c1ad2a70b20509ba83afc35cceb5ce84a9803784c92929cbd695b0bdbafda0a0ddf4c095083c6f12bf91501f0dcb497630029735ccedcbc00a628cb1682c4935c34394c1ca465e412df59acb06b83900346d8fa96c56143a7e6ffe242e4117103963758b5b53392e2e273edbf723b65d7fe419c96694ad43976b54,gx-no-cache=1520443968602 HTTP/1.1" 200 29
200.112.3.25 - - [07/Mar/2018:14:33:37 -0300] "POST /cormun/servlet/solicitudot?gx-no-cache=1520443968679 HTTP/1.1" 200 1319
200.112.3.25 - - [07/Mar/2018:14:33:38 -0300] "POST /cormun/servlet/solicitudot?gx-no-cache=1520443968876 HTTP/1.1" 200 1219
200.112.3.25 - - [07/Mar/2018:14:33:42 -0300] "GET /cormun/servlet/solicitudot?8ef21d2725bbc5a92cc57b60ab04ecf6a51fd708be1894bd3b4f95666b786cf82938bdc62e6aa93540b03155101fa553,gx-no-cache=1520443973147 HTTP/1.1" 200 30
200.112.3.25 - - [07/Mar/2018:14:33:46 -0300] "POST /cormun/servlet/solicitudot?gx-no-cache=1520443977579 HTTP/1.1" 200 30
200.112.3.25 - - [07/Mar/2018:14:34:17 -0300] "POST /cormun/servlet/solicitudot?b3de6ebd948b20f9ff497a6c8aaaa9dd,INS,0,0,,gx-no-cache=1520444007710 HTTP/1.1" 200 93
200.112.3.25 - - [07/Mar/2018:14:34:18 -0300] "GET /cormun/servlet/hpexe_return? HTTP/1.1" 200 1026
200.112.3.25 - - [07/Mar/2018:14:34:18 -0300] "GET /cormun/servlet/trsolicitudot?gx-no-cache=1520443300312 HTTP/1.1" 200 8787
200.112.3.25 - - [07/Mar/2018:14:34:18 -0300] "GET /cormun/servlet/trsolicitudot?gx-no-cache=1520443300312 HTTP/1.1" 200 8803
200.112.3.25 - - [07/Mar/2018:14:34:21 -0300] "POST /cormun/servlet/trsolicitudot?b3de6ebd948b20f9ff497a6c8aaaa9dd,gx-no-cache=1520443300312,gx-no-cache=1520444011597 HTTP/1.1" 200 4677
200.112.3.25 - - [07/Mar/2018:14:34:21 -0300] "GET /cormun/static/Shared/jqueryui/images/ui-bg_highlight-soft_100_c6c2c8_1x100.png HTTP/1.1" 404 1117
200.112.3.25 - - [07/Mar/2018:14:34:21 -0300] "GET /cormun/static/Shared/jqueryui/images/ui-bg_flat_55_fafafa_40x100.png HTTP/1.1" 404 1097
200.112.3.25 - - [07/Mar/2018:14:34:21 -0300] "GET /cormun/static/Shared/jqueryui/images/ui-icons_8d78a5_256x240.png HTTP/1.1" 404 1089
200.112.3.25 - - [07/Mar/2018:14:34:21 -0300] "GET /cormun/static/Shared/jqueryui/images/ui-icons_82798d_256x240.png HTTP/1.1" 404 1089
200.112.3.25 - - [07/Mar/2018:14:34:21 -0300] "POST /cormun/servlet/trsolicitudot?b3de6ebd948b20f9ff497a6c8aaaa9dd,gx-no-cache=1520443300312,gx-no-cache=1520444012138 HTTP/1.1" 200 4451
200.112.3.25 - - [07/Mar/2018:14:35:35 -0300] "GET /cormun/servlet/solicitudot?INS,0,0, HTTP/1.1" 200 13677
200.112.3.25 - - [07/Mar/2018:14:35:35 -0300] "GET /cormun/servlet/solicitudot?INS,0,0, HTTP/1.1" 200 13661
186.103.159.189 - - [07/Mar/2018:14:35:51 -0300] "GET /cormun/servlet/trlicencias? HTTP/1.1" 200 8393
186.103.159.189 - - [07/Mar/2018:14:35:51 -0300] "GET /cormun/static/gxcfg.js?20176272054169 HTTP/1.1" 304 -
186.103.159.189 - - [07/Mar/2018:14:35:53 -0300] "GET /cormun/servlet/trlicencias? HTTP/1.1" 200 8392
192.168.10.56 - - [07/Mar/2018:14:35:58 -0300] "GET /cormun/servlet/solicitudgral?UPD,2018,10030, HTTP/1.1" 200 12922
192.168.10.56 - - [07/Mar/2018:14:35:58 -0300] "GET /cormun/servlet/solicitudgral?UPD,2018,10030, HTTP/1.1" 200 12931
192.168.10.56 - - [07/Mar/2018:14:35:59 -0300] "POST /cormun/servlet/solicitudgral?gx-no-cache=1520443998066 HTTP/1.1" 200 3911
192.168.10.56 - - [07/Mar/2018:14:35:59 -0300] "GET /cormun/servlet/solicitudgral?0eca30e8d505e830ef8a5278fee0f6a70124506f0e9e2f9f1a5c39728fd59a15a5e949adfa60108a8b8637747e07bcee1455bd790248aa69985ae75d42533c70b2db4775964707f11cdba76d37292e1b42477ae276bc9f38d08180e00ac09bdc90a4043f56bc62998e67a185efe4f677e799e03ce9f1c0baa2212079f92828f8b32eb832e23d3a852a2b01ce2de0aaaa7d46d4001d1ad3e338d899fd8e013097285198c94351b575065298492c20c8f7c55378896512f17edde10db3187e9f43406fc41592fc35b0ad1332dd64efbe2cdda175798a863fae2044f03ff1fa0189c6524daca79dbaa5f61e26c6f4849d489a8ccb496a4fbb8d8431146b701db771182d62f377eb8fb98973022419f23988d98c68dab997c545a7366e22d93a93b08539064038db0301972e5528ee8cdb59eb03a84ed1766bf3a1b1a9733406d5b3d95a3dd46d189a0283cacad5a21e8f35,gx-no-cache=1520443998198 HTTP/1.1" 200 256
192.168.10.56 - - [07/Mar/2018:14:36:00 -0300] "GET /cormun/servlet/solicitudgral?0eca30e8d505e830ef8a5278fee0f6a7ea8fe90c4bfc93a76f273a1ec8ae7a92ed060f31627cc77790b7821c212b408e182d62f377eb8fb98973022419f239882f5ff1a78e8e83506259ac85d952b74d7447a9b763b1c0cbf9ceaa37b03577133d69a8f8a03c04633138eff4b454c68a293002a4795726b5c1deb6ec8b511748273f626cd656335b3aaa36adb60d5a92638ef71b4a85ee09fc67e8c3fc17cace19a535faf7d406e043c1d71cd0d5f8a257f26a4c4c73e15d40353be8830131bddf8ec16e23e4f3eef3250fd0efc6706d91cfd05127fdbf34411c1540174a4ee3d2347aa14db5c15920c5b8662b357997a6e91b0af3e5c05c1bd0cb9823f16a8c0e50f06098ce910ac7057eaecad291103843b79e3ef18fb20dc8e5d123c6c33b14cacfd3d26e43b764e110716ce3498af16c1cce2e038b2a55a7413a8e8893af4b789a5943fac27913c24e5f8739228f6809fbb9aee85a9b86ee5c74013c91900e50f06098ce910ac7057eaecad29110afb75dffff9bdde689ff965399527a0ef9c13a5443d33feda81f5f67216e0976af8beb7ef5c8592496ec3bd659d31fc11cdb09f72f4aaff5af26ec6bba3e8954,gx-no-cache=1520443998948 HTTP/1.1" 200 48
192.168.10.56 - - [07/Mar/2018:14:36:00 -0300] "POST /cormun/servlet/solicitudgral?51e7d2bae3761af85dd665f39a6feaa7,UPD,2018,10030,,gx-no-cache=1520443998981 HTTP/1.1" 200 11811
192.168.10.56 - - [07/Mar/2018:14:36:00 -0300] "GET /cormun/servlet/solicitudgral?0eca30e8d505e830ef8a5278fee0f6a7edffb71f80c8d94bc4774342f534dd88b039f4c93f92568cb9fd9880fc56b56eaf8a5aad20c07d3571245e54f7247e0f6a3f0301e451edf9c00d2b8ab4500f9e3b38888c1bad207cd2f4d7a717cac2f8a199642a1ce2ccd17f5acbd39dd115fd8aa1cde42a1fa6cb54b9e91e8d6e5839c8d318a032a8b8d9c924d00ea59b7b702f028d857e38291b50f209bf6220abba,gx-no-cache=1520443999124 HTTP/1.1" 200 29
192.168.10.56 - - [07/Mar/2018:14:36:00 -0300] "POST /cormun/servlet/solicitudgral?gx-no-cache=1520443999137 HTTP/1.1" 200 1295
192.168.10.56 - - [07/Mar/2018:14:36:00 -0300] "POST /cormun/servlet/solicitudgral?gx-no-cache=1520443999163 HTTP/1.1" 200 1218
192.168.10.56 - - [07/Mar/2018:14:36:08 -0300] "POST /cormun/servlet/solicitudgral?51e7d2bae3761af85dd665f39a6feaa7,UPD,2018,10030,,gx-no-cache=1520444006765 HTTP/1.1" 200 93
192.168.10.56 - - [07/Mar/2018:14:36:08 -0300] "GET /cormun/servlet/hpexe_return? HTTP/1.1" 200 1014
192.168.10.56 - - [07/Mar/2018:14:36:08 -0300] "GET /cormun/servlet/trsolicitudgral? HTTP/1.1" 200 10356
192.168.10.56 - - [07/Mar/2018:14:36:08 -0300] "GET /cormun/servlet/trsolicitudgral? HTTP/1.1" 200 10352
192.168.10.56 - - [07/Mar/2018:14:36:12 -0300] "POST /cormun/servlet/trsolicitudgral?51e7d2bae3761af85dd665f39a6feaa7,,gx-no-cache=1520444010832 HTTP/1.1" 200 6129
192.168.10.56 - - [07/Mar/2018:14:36:12 -0300] "GET /cormun/static/Shared/jqueryui/images/ui-bg_highlight-soft_100_c6c2c8_1x100.png HTTP/1.1" 404 1117
192.168.10.56 - - [07/Mar/2018:14:36:12 -0300] "GET /cormun/static/Shared/jqueryui/images/ui-icons_82798d_256x240.png HTTP/1.1" 404 1089
192.168.10.56 - - [07/Mar/2018:14:36:12 -0300] "GET /cormun/static/Shared/jqueryui/images/ui-bg_flat_55_fafafa_40x100.png HTTP/1.1" 404 1097
192.168.10.56 - - [07/Mar/2018:14:36:12 -0300] "GET /cormun/static/Shared/jqueryui/images/ui-icons_8d78a5_256x240.png HTTP/1.1" 404 1089
192.168.10.56 - - [07/Mar/2018:14:36:15 -0300] "POST /cormun/servlet/trsolicitudgral?51e7d2bae3761af85dd665f39a6feaa7,,gx-no-cache=1520444014172 HTTP/1.1" 200 10458
200.112.3.25 - - [07/Mar/2018:14:36:25 -0300] "POST /cormun/servlet/solicitudot?b3de6ebd948b20f9ff497a6c8aaaa9dd,INS,0,0,,gx-no-cache=1520444136178 HTTP/1.1" 200 11857
200.112.3.25 - - [07/Mar/2018:14:36:25 -0300] "GET /cormun/static/Shared/jqueryui/images/ui-bg_highlight-soft_100_c6c2c8_1x100.png HTTP/1.1" 404 1117
200.112.3.25 - - [07/Mar/2018:14:36:26 -0300] "GET /cormun/static/Shared/jqueryui/images/ui-icons_82798d_256x240.png HTTP/1.1" 404 1089
200.112.3.25 - - [07/Mar/2018:14:36:26 -0300] "GET /cormun/static/Shared/jqueryui/images/ui-bg_flat_55_994d53_40x100.png HTTP/1.1" 404 1097
200.112.3.25 - - [07/Mar/2018:14:36:26 -0300] "GET /cormun/static/Shared/jqueryui/images/ui-icons_ebccce_256x240.png HTTP/1.1" 404 1089
200.112.3.25 - - [07/Mar/2018:14:36:30 -0300] "POST /cormun/servlet/solicitudot?gx-no-cache=1520444141063 HTTP/1.1" 200 3378
200.112.3.25 - - [07/Mar/2018:14:36:31 -0300] "POST /cormun/servlet/solicitudot?b3de6ebd948b20f9ff497a6c8aaaa9dd,INS,0,0,,gx-no-cache=1520444141517 HTTP/1.1" 200 11707
192.168.10.56 - - [07/Mar/2018:14:36:31 -0300] "GET /cormun/servlet/solicitudgral?UPD,2018,10196, HTTP/1.1" 200 12927
200.112.3.25 - - [07/Mar/2018:14:36:31 -0300] "GET /cormun/servlet/solicitudot?8ef21d2725bbc5a92cc57b60ab04ecf6203cc91a5ef0d6fa27d6ba5b7745b77721b8188877202d06de3c7cf3222dea8d,gx-no-cache=1520444142215 HTTP/1.1" 200 30
192.168.10.56 - - [07/Mar/2018:14:36:31 -0300] "GET /cormun/servlet/solicitudgral?UPD,2018,10196, HTTP/1.1" 200 12935
192.168.10.56 - - [07/Mar/2018:14:36:32 -0300] "POST /cormun/servlet/solicitudgral?gx-no-cache=1520444030937 HTTP/1.1" 200 3900
192.168.10.56 - - [07/Mar/2018:14:36:32 -0300] "GET /cormun/servlet/solicitudgral?0eca30e8d505e830ef8a5278fee0f6a70124506f0e9e2f9f1a5c39728fd59a15a5e949adfa60108a8b8637747e07bcee1455bd790248aa69985ae75d42533c70b2db4775964707f11cdba76d37292e1b42477ae276bc9f38d08180e00ac09bdc90a4043f56bc62998e67a185efe4f677e799e03ce9f1c0baa2212079f92828f8b32eb832e23d3a852a2b01ce2de0aaaa7d46d4001d1ad3e338d899fd8e013097285198c94351b575065298492c20c8f7c55378896512f17edde10db3187e9f43406fc41592fc35b0ad1332dd64efbe2cdda175798a863fae2044f03ff1fa0189c6524daca79dbaa5f61e26c6f4849d489a8ccb496a4fbb8d8431146b701db771182d62f377eb8fb98973022419f23988d98c68dab997c545a7366e22d93a93b08539064038db0301972e5528ee8cdb59eb03a84ed1766bf3a1b1a9733406d5b3d95a3dd46d189a0283cacad5a21e8f35,gx-no-cache=1520444031063 HTTP/1.1" 200 256
192.168.10.56 - - [07/Mar/2018:14:36:35 -0300] "GET /cormun/servlet/solicitudgral?0eca30e8d505e830ef8a5278fee0f6a7ea8fe90c4bfc93a76f273a1ec8ae7a92ed060f31627cc77790b7821c212b408e182d62f377eb8fb98973022419f239882f5ff1a78e8e83506259ac85d952b74d7447a9b763b1c0cbf9ceaa37b03577133d69a8f8a03c04633138eff4b454c68a293002a4795726b5c1deb6ec8b511748273f626cd656335b3aaa36adb60d5a92638ef71b4a85ee09fc67e8c3fc17cace19a535faf7d406e043c1d71cd0d5f8a257f26a4c4c73e15d40353be8830131bddf8ec16e23e4f3eef3250fd0efc6706d91cfd05127fdbf34411c1540174a4ee3d2347aa14db5c15920c5b8662b357997a6e91b0af3e5c05c1bd0cb9823f16a8c0e50f06098ce910ac7057eaecad291103843b79e3ef18fb20dc8e5d123c6c33b14cacfd3d26e43b764e110716ce3498af16c1cce2e038b2a55a7413a8e8893af4b789a5943fac27913c24e5f8739228f6809fbb9aee85a9b86ee5c74013c91900e50f06098ce910ac7057eaecad29110afb75dffff9bdde689ff965399527a0ef9c13a5443d33feda81f5f67216e0976af8beb7ef5c8592496ec3bd659d31fc11cdb09f72f4aaff5af26ec6bba3e8954,gx-no-cache=1520444034340 HTTP/1.1" 200 48
192.168.10.56 - - [07/Mar/2018:14:36:36 -0300] "POST /cormun/servlet/solicitudgral?51e7d2bae3761af85dd665f39a6feaa7,UPD,2018,10196,,gx-no-cache=1520444035661 HTTP/1.1" 200 11809
192.168.10.56 - - [07/Mar/2018:14:36:37 -0300] "GET /cormun/servlet/solicitudgral?0eca30e8d505e830ef8a5278fee0f6a7edffb71f80c8d94bc4774342f534dd88b039f4c93f92568cb9fd9880fc56b56eaf8a5aad20c07d3571245e54f7247e0f6a3f0301e451edf9c00d2b8ab4500f9e3b38888c1bad207cd2f4d7a717cac2f8a199642a1ce2ccd17f5acbd39dd115fd8aa1cde42a1fa6cb54b9e91e8d6e5839c8d318a032a8b8d9c924d00ea59b7b702f028d857e38291b50f209bf6220abba,gx-no-cache=1520444035833 HTTP/1.1" 200 29
192.168.10.56 - - [07/Mar/2018:14:36:37 -0300] "POST /cormun/servlet/solicitudgral?gx-no-cache=1520444035848 HTTP/1.1" 200 1295
192.168.10.56 - - [07/Mar/2018:14:36:37 -0300] "POST /cormun/servlet/solicitudgral?gx-no-cache=1520444035882 HTTP/1.1" 200 1218
192.168.10.56 - - [07/Mar/2018:14:36:37 -0300] "POST /cormun/servlet/solicitudgral?51e7d2bae3761af85dd665f39a6feaa7,UPD,2018,10196,,gx-no-cache=1520444035923 HTTP/1.1" 200 93
192.168.10.56 - - [07/Mar/2018:14:36:37 -0300] "GET /cormun/servlet/hpexe_return? HTTP/1.1" 200 1013
192.168.10.56 - - [07/Mar/2018:14:36:37 -0300] "GET /cormun/servlet/trsolicitudgral? HTTP/1.1" 200 13004
192.168.10.56 - - [07/Mar/2018:14:36:37 -0300] "GET /cormun/servlet/trsolicitudgral? HTTP/1.1" 200 13000
200.112.3.25 - - [07/Mar/2018:14:36:59 -0300] "GET /cormun/servlet/solicitudot?8ef21d2725bbc5a92cc57b60ab04ecf6e46385b25d759e1a767090c935fcefdc09f0b2bdff6714426127f8a1b562e97b42dbbd86f7395ce34b66bed5045c6084,gx-no-cache=1520444170778 HTTP/1.1" 200 30
200.112.3.25 - - [07/Mar/2018:14:37:00 -0300] "GET /cormun/servlet/solicitudot?8ef21d2725bbc5a92cc57b60ab04ecf6ec93c26d8118946b5cf038b023a0d944,gx-no-cache=1520444170925 HTTP/1.1" 200 29
200.112.3.25 - - [07/Mar/2018:14:37:04 -0300] "POST /cormun/servlet/solicitudot?gx-no-cache=1520444175817 HTTP/1.1" 200 255
200.112.3.25 - - [07/Mar/2018:14:37:05 -0300] "GET /cormun/servlet/solicitudot?8ef21d2725bbc5a92cc57b60ab04ecf61dec1c9363aa695e034f145f81c2de6269e1d5b0f2435d5080bec82ee577ae593e135b04ce32a67996cc6b0a5b4ecc5d784763ad7daa9964e03a5c24fb049569574c61a89fced3374670c2821dca4a0eafd20a2f5e8a396a977294af98fc1a01e473aff00d85f6d936192b8623c57bcdc784c13cbf13d84d11a3a4bbd5bb2823b245cdf5a419b7bbd15f7da2c7f191d3ca9b5151af4d97404637c815b1620f48ba54a8f63bb4a1a0044a8037bc37f5eb9da1b3cdf80ab52731f716f5e58042339a6298454633621760e3913c13d511e8d307c5265efc402b20295cf2d374d518f904ed3f898462124d29c4d52c441c945845862eadcdbb06f7224050e997b7df1db591513ea43caa51a1d24df0cb60ddb58a661c5fa393e2e497e9c3f85915c7cbbf653ec271ce8392555b965ac101727e0331caf6cd04223eb6e1bf0e7e56bb6761a667863f871f9dde7e13750da2b62ed5f95e9bceb7a0cb76694cd97d61db3f8a6c3b7548acbfef252429f5330c7e,gx-no-cache=1520444176004 HTTP/1.1" 200 30
200.112.3.25 - - [07/Mar/2018:14:37:07 -0300] "POST /cormun/servlet/solicitudot?gx-no-cache=1520444178252 HTTP/1.1" 200 30
200.112.3.25 - - [07/Mar/2018:14:37:09 -0300] "POST /cormun/servlet/solicitudot?gx-no-cache=1520444180687 HTTP/1.1" 200 1334
200.112.3.25 - - [07/Mar/2018:14:37:10 -0300] "POST /cormun/servlet/solicitudot?gx-no-cache=1520444180934 HTTP/1.1" 200 38
192.168.10.56 - - [07/Mar/2018:14:37:15 -0300] "POST /cormun/servlet/trsolicitudgral?51e7d2bae3761af85dd665f39a6feaa7,,gx-no-cache=1520444074252 HTTP/1.1" 200 9269
192.168.10.56 - - [07/Mar/2018:14:37:15 -0300] "GET /cormun/static/Shared/jqueryui/images/ui-bg_highlight-soft_100_c6c2c8_1x100.png HTTP/1.1" 404 1117
192.168.10.56 - - [07/Mar/2018:14:37:15 -0300] "GET /cormun/static/Shared/jqueryui/images/ui-icons_82798d_256x240.png HTTP/1.1" 404 1089
192.168.10.56 - - [07/Mar/2018:14:37:15 -0300] "GET /cormun/static/Shared/jqueryui/images/ui-icons_8d78a5_256x240.png HTTP/1.1" 404 1089
192.168.10.56 - - [07/Mar/2018:14:37:15 -0300] "GET /cormun/static/Shared/jqueryui/images/ui-bg_flat_55_fafafa_40x100.png HTTP/1.1" 404 1097
200.112.3.25 - - [07/Mar/2018:14:37:27 -0300] "POST /cormun/servlet/solicitudot?gx-no-cache=1520444198723 HTTP/1.1" 200 30
200.112.3.25 - - [07/Mar/2018:14:37:29 -0300] "POST /cormun/servlet/solicitudot?gx-no-cache=1520444200243 HTTP/1.1" 200 1335
200.112.3.25 - - [07/Mar/2018:14:37:29 -0300] "POST /cormun/servlet/solicitudot?gx-no-cache=1520444200609 HTTP/1.1" 200 38
200.112.3.25 - - [07/Mar/2018:14:37:29 -0300] "GET /cormun/servlet/solicitudot?8ef21d2725bbc5a92cc57b60ab04ecf611b572d30ada7154a661655bd942fab8472e26ccb5c1ad2a70b20509ba83afc35cceb5ce84a9803784c92929cbd695b0bdbafda0a0ddf4c095083c6f12bf91501f0dcb497630029735ccedcbc00a628cb1682c4935c34394c1ca465e412df59acb06b83900346d8fa96c56143a7e6ffe242e4117103963758b5b53392e2e273edbf723b65d7fe419c96694ad43976b54,gx-no-cache=1520444200719 HTTP/1.1" 200 29
200.112.3.25 - - [07/Mar/2018:14:37:30 -0300] "POST /cormun/servlet/solicitudot?gx-no-cache=1520444200816 HTTP/1.1" 200 1317
200.112.3.25 - - [07/Mar/2018:14:37:30 -0300] "POST /cormun/servlet/solicitudot?gx-no-cache=1520444201016 HTTP/1.1" 200 1218
200.112.3.25 - - [07/Mar/2018:14:37:37 -0300] "GET /cormun/servlet/solicitudot?8ef21d2725bbc5a92cc57b60ab04ecf6a51fd708be1894bd3b4f95666b786cf82938bdc62e6aa93540b03155101fa553,gx-no-cache=1520444208381 HTTP/1.1" 200 30
200.112.3.25 - - [07/Mar/2018:14:37:42 -0300] "POST /cormun/servlet/solicitudot?gx-no-cache=1520444213212 HTTP/1.1" 200 30
200.112.3.25 - - [07/Mar/2018:14:37:56 -0300] "POST /cormun/servlet/solicitudot?b3de6ebd948b20f9ff497a6c8aaaa9dd,INS,0,0,,gx-no-cache=1520444227207 HTTP/1.1" 200 11992
192.168.10.56 - - [07/Mar/2018:14:38:07 -0300] "POST /cormun/servlet/trsolicitudgral?51e7d2bae3761af85dd665f39a6feaa7,,gx-no-cache=1520444125856 HTTP/1.1" 200 8798
200.112.3.25 - - [07/Mar/2018:14:38:20 -0300] "POST /cormun/servlet/solicitudot?b3de6ebd948b20f9ff497a6c8aaaa9dd,INS,0,0,,gx-no-cache=1520444250480 HTTP/1.1" 200 93
200.112.3.25 - - [07/Mar/2018:14:38:20 -0300] "GET /cormun/servlet/hpexe_return? HTTP/1.1" 200 1026
200.112.3.25 - - [07/Mar/2018:14:38:20 -0300] "GET /cormun/servlet/trsolicitudot?gx-no-cache=1520443300312 HTTP/1.1" 200 7417
200.112.3.25 - - [07/Mar/2018:14:38:21 -0300] "GET /cormun/servlet/trsolicitudot?gx-no-cache=1520443300312 HTTP/1.1" 200 7432
192.168.10.56 - - [07/Mar/2018:14:38:33 -0300] "POST /cormun/servlet/trsolicitudgral?51e7d2bae3761af85dd665f39a6feaa7,,gx-no-cache=1520444151911 HTTP/1.1" 200 8433
192.168.10.56 - - [07/Mar/2018:14:39:10 -0300] "POST /cormun/servlet/trsolicitudgral?51e7d2bae3761af85dd665f39a6feaa7,,gx-no-cache=1520444188922 HTTP/1.1" 200 8067
200.112.3.25 - - [07/Mar/2018:14:39:10 -0300] "POST /cormun/servlet/trsolicitudot?b3de6ebd948b20f9ff497a6c8aaaa9dd,gx-no-cache=1520443300312,gx-no-cache=1520444301499 HTTP/1.1" 200 7681
200.112.3.25 - - [07/Mar/2018:14:39:31 -0300] "POST /cormun/servlet/trsolicitudot?b3de6ebd948b20f9ff497a6c8aaaa9dd,gx-no-cache=1520443300312,gx-no-cache=1520444321457 HTTP/1.1" 200 7659
200.112.3.25 - - [07/Mar/2018:14:39:36 -0300] "POST /cormun/servlet/trsolicitudot?b3de6ebd948b20f9ff497a6c8aaaa9dd,gx-no-cache=1520443300312,gx-no-cache=1520444327024 HTTP/1.1" 200 7659
200.112.3.25 - - [07/Mar/2018:14:39:38 -0300] "POST /cormun/servlet/trsolicitudot?b3de6ebd948b20f9ff497a6c8aaaa9dd,gx-no-cache=1520443300312,gx-no-cache=1520444329209 HTTP/1.1" 200 7659
192.168.10.56 - - [07/Mar/2018:14:39:43 -0300] "POST /cormun/servlet/trsolicitudgral?51e7d2bae3761af85dd665f39a6feaa7,,gx-no-cache=1520444222538 HTTP/1.1" 200 7716
200.112.3.25 - - [07/Mar/2018:14:39:49 -0300] "POST /cormun/servlet/trsolicitudot?b3de6ebd948b20f9ff497a6c8aaaa9dd,gx-no-cache=1520443300312,gx-no-cache=1520444339726 HTTP/1.1" 200 4473
192.168.10.56 - - [07/Mar/2018:14:39:57 -0300] "POST /cormun/servlet/trsolicitudgral?51e7d2bae3761af85dd665f39a6feaa7,,gx-no-cache=1520444235881 HTTP/1.1" 200 7340
200.112.3.25 - - [07/Mar/2018:14:40:01 -0300] "POST /cormun/servlet/trsolicitudot?b3de6ebd948b20f9ff497a6c8aaaa9dd,gx-no-cache=1520443300312,gx-no-cache=1520444351700 HTTP/1.1" 200 5864
200.112.3.25 - - [07/Mar/2018:14:40:34 -0300] "POST /cormun/servlet/trsolicitudot?b3de6ebd948b20f9ff497a6c8aaaa9dd,gx-no-cache=1520443300312,gx-no-cache=1520444384974 HTTP/1.1" 200 7681
200.112.3.25 - - [07/Mar/2018:14:40:41 -0300] "POST /cormun/servlet/trsolicitudot?b3de6ebd948b20f9ff497a6c8aaaa9dd,gx-no-cache=1520443300312,gx-no-cache=1520444391384 HTTP/1.1" 200 4473
192.168.10.56 - - [07/Mar/2018:14:40:54 -0300] "POST /cormun/servlet/trsolicitudgral?51e7d2bae3761af85dd665f39a6feaa7,,gx-no-cache=1520444292787 HTTP/1.1" 200 12146
200.112.3.25 - - [07/Mar/2018:14:40:57 -0300] "POST /cormun/servlet/trsolicitudot?b3de6ebd948b20f9ff497a6c8aaaa9dd,gx-no-cache=1520443300312,gx-no-cache=1520444407711 HTTP/1.1" 200 7681
200.112.3.25 - - [07/Mar/2018:14:41:44 -0300] "GET /cormun/servlet/hlogin HTTP/1.1" 200 1757
190.100.93.40 - - [07/Mar/2018:14:44:03 -0300] "GET /cormun/servlet/hlogin HTTP/1.1" 200 1720
190.100.93.40 - - [07/Mar/2018:14:44:13 -0300] "POST /cormun/servlet/hlogin?23b28ed385afa88be31738a2d5497014,gx-no-cache=1520444606934 HTTP/1.1" 200 429
190.100.93.40 - - [07/Mar/2018:14:44:22 -0300] "POST /cormun/servlet/hlogin?23b28ed385afa88be31738a2d5497014,gx-no-cache=1520444615144 HTTP/1.1" 200 90
190.100.93.40 - - [07/Mar/2018:14:44:22 -0300] "GET /cormun/servlet/hpexe_link HTTP/1.1" 200 950
190.100.93.40 - - [07/Mar/2018:14:44:22 -0300] "GET /cormun/servlet/hhome HTTP/1.1" 200 4319
190.100.93.40 - - [07/Mar/2018:14:44:22 -0300] "GET /cormun/servlet/hhome HTTP/1.1" 200 4318
190.100.93.40 - - [07/Mar/2018:14:44:27 -0300] "GET /cormun/servlet/trcontratosolicitud? HTTP/1.1" 200 14641
190.100.93.40 - - [07/Mar/2018:14:44:28 -0300] "GET /cormun/servlet/trcontratosolicitud? HTTP/1.1" 200 14630
190.100.93.40 - - [07/Mar/2018:14:44:35 -0300] "POST /cormun/servlet/trcontratosolicitud?23b28ed385afa88be31738a2d5497014,,gx-no-cache=1520444627356 HTTP/1.1" 200 12369
190.100.93.40 - - [07/Mar/2018:14:45:09 -0300] "POST /cormun/servlet/trcontratosolicitud?23b28ed385afa88be31738a2d5497014,,gx-no-cache=1520444661223 HTTP/1.1" 200 7513
190.100.93.40 - - [07/Mar/2018:14:45:46 -0300] "GET /cormun/servlet/trsolicitudot? HTTP/1.1" 200 7533
190.100.93.40 - - [07/Mar/2018:14:45:46 -0300] "GET /cormun/servlet/trsolicitudot? HTTP/1.1" 200 7532
190.100.93.40 - - [07/Mar/2018:14:45:48 -0300] "GET /cormun/servlet/solicitudot?INS,0,0, HTTP/1.1" 200 13787
190.100.93.40 - - [07/Mar/2018:14:45:49 -0300] "GET /cormun/servlet/solicitudot?INS,0,0, HTTP/1.1" 200 13792
190.100.93.40 - - [07/Mar/2018:14:45:57 -0300] "POST /cormun/servlet/solicitudot?gx-no-cache=1520444710440 HTTP/1.1" 200 3424
190.100.93.40 - - [07/Mar/2018:14:45:57 -0300] "POST /cormun/servlet/solicitudot?23b28ed385afa88be31738a2d5497014,INS,0,0,,gx-no-cache=1520444710746 HTTP/1.1" 200 10594
190.100.93.40 - - [07/Mar/2018:14:45:59 -0300] "GET /cormun/servlet/solicitudot?14c28fddfc6c98f38e08857625286ec4499149a539acb437fa7abcdbc7e2329bb801d48f859354ebb48c838209515b56,gx-no-cache=1520444712772 HTTP/1.1" 200 30
190.100.93.40 - - [07/Mar/2018:14:45:59 -0300] "GET /cormun/servlet/solicitudot?14c28fddfc6c98f38e08857625286ec44d9dbae15ff62390d0bae44ac7e7ea5ef969bb26169764b7fecb59e17f582d0baf12e5932f6f161552f778e05cc5ad52,gx-no-cache=1520444712897 HTTP/1.1" 200 30
190.100.93.40 - - [07/Mar/2018:14:45:59 -0300] "GET /cormun/servlet/solicitudot?14c28fddfc6c98f38e08857625286ec481d24fdde3864566950e529a68dff38a,gx-no-cache=1520444712958 HTTP/1.1" 200 51
190.100.93.40 - - [07/Mar/2018:14:45:59 -0300] "POST /cormun/servlet/solicitudot?gx-no-cache=1520444713012 HTTP/1.1" 200 255
190.100.93.40 - - [07/Mar/2018:14:45:59 -0300] "GET /cormun/servlet/solicitudot?14c28fddfc6c98f38e08857625286ec474959cb8ec8f5f9b7d6b34ff1fbdcfe9c4be52dcca85b474195db6fbb117e1ece3007623a1cde7d7e301c6fd1c8c76ca55155d7df276a03b69ce582905e46998dddcf60c8f3beeac498c3060e8d953b0f1458b77243d11387d5fcd55105804dfd071c77af2eff7154fa9aefb85588f544a9cc5e9e667acb6f55c04c5614b213fbeeaf56de9078f7313b841ed143e474c93d3fa5dcfa7678c853a940b8b328576a1d40d5c1f0f15a37be79d37a75e4cee36090ae53d71a20be826af13ef561f43fa554f21c3db3b6b7eb7d5f31160d48bdf6c037e7618703caa638c7d73bdc3218496e13c7beee60cf50b319614fa946e43cdddf67d00a6abb63232fd22272a6ae2801ae9da6913ff1a8e4ed2953a970cf119870baeb3d510f538516017f4184900147abac1f0a106f1b95dcd4c598c2f8dc2820ddca06638dceeb8f04373011872662cd2399d6561d05471f8580b4c2210ed68c71070a1628949753deea0ee9ac2414fed20db5cf13834cb78670fd72f,gx-no-cache=1520444713074 HTTP/1.1" 200 30
190.100.93.40 - - [07/Mar/2018:14:46:06 -0300] "POST /cormun/servlet/solicitudot?gx-no-cache=1520444719599 HTTP/1.1" 200 30
190.100.93.40 - - [07/Mar/2018:14:46:16 -0300] "POST /cormun/servlet/solicitudot?gx-no-cache=1520444729409 HTTP/1.1" 200 1337
190.100.93.40 - - [07/Mar/2018:14:46:16 -0300] "POST /cormun/servlet/solicitudot?gx-no-cache=1520444729527 HTTP/1.1" 200 38
190.100.93.40 - - [07/Mar/2018:14:46:21 -0300] "GET /cormun/servlet/solicitudot?14c28fddfc6c98f38e08857625286ec4f9aa584b1a17ba1fa2500ee906e28565981ba7dadd78815fa1d1df3f2c62878d7b6ce4026a855fd106ae447457395a4f0f573794701466596111badd07b6f729551c99c8ab0a0e963ef3a435bec5b5d0cabf0af2dd0b2125de7b12966a094f230a0b2eeaaaebce16855b432f907e1a96d2932f4124ed71187ea63127bbb0e16a04748863762d95d270a3b588f22d8399,gx-no-cache=1520444735122 HTTP/1.1" 200 29
190.100.93.40 - - [07/Mar/2018:14:46:22 -0300] "POST /cormun/servlet/solicitudot?gx-no-cache=1520444735176 HTTP/1.1" 200 1321
190.100.93.40 - - [07/Mar/2018:14:46:22 -0300] "POST /cormun/servlet/solicitudot?gx-no-cache=1520444735250 HTTP/1.1" 200 1219
190.100.93.40 - - [07/Mar/2018:14:46:22 -0300] "GET /cormun/static/menuarrow.gif HTTP/1.1" 404 1015
190.100.93.40 - - [07/Mar/2018:14:46:24 -0300] "POST /cormun/servlet/solicitudot?gx-no-cache=1520444737389 HTTP/1.1" 200 1321
190.100.93.40 - - [07/Mar/2018:14:46:25 -0300] "POST /cormun/servlet/solicitudot?gx-no-cache=1520444738201 HTTP/1.1" 200 1219
190.100.93.40 - - [07/Mar/2018:14:46:25 -0300] "GET /cormun/servlet/solicitudot?14c28fddfc6c98f38e08857625286ec498fc345d59edffb9c441ccde34a490af7de1b4a7d88ac1812fc353d141abc5a1,gx-no-cache=1520444739065 HTTP/1.1" 200 30
190.100.93.40 - - [07/Mar/2018:14:46:36 -0300] "POST /cormun/servlet/solicitudot?gx-no-cache=1520444750020 HTTP/1.1" 200 33
190.100.93.40 - - [07/Mar/2018:14:47:09 -0300] "POST /cormun/servlet/solicitudot?23b28ed385afa88be31738a2d5497014,INS,0,0,,gx-no-cache=1520444782094 HTTP/1.1" 200 93
190.100.93.40 - - [07/Mar/2018:14:47:09 -0300] "GET /cormun/servlet/hpexe_return? HTTP/1.1" 200 1005
190.100.93.40 - - [07/Mar/2018:14:47:09 -0300] "GET /cormun/servlet/trsolicitudot HTTP/1.1" 200 8930
190.100.93.40 - - [07/Mar/2018:14:47:09 -0300] "GET /cormun/servlet/trsolicitudot HTTP/1.1" 200 8926
190.100.93.40 - - [07/Mar/2018:14:48:28 -0300] "POST /cormun/servlet/trsolicitudot?23b28ed385afa88be31738a2d5497014,gx-no-cache=1520444861119 HTTP/1.1" 200 4680
190.100.93.40 - - [07/Mar/2018:14:48:28 -0300] "GET /cormun/static/Shared/jqueryui/images/ui-bg_highlight-soft_100_c6c2c8_1x100.png HTTP/1.1" 404 1117
190.100.93.40 - - [07/Mar/2018:14:48:28 -0300] "GET /cormun/static/Shared/jqueryui/images/ui-icons_82798d_256x240.png HTTP/1.1" 404 1089
