186.103.159.204 - - [07/Mar/2018:12:00:56 -0300] "POST /cormun/servlet/trvisualizadoreventos?6f3e90df06f8f438ccba612c58980c90,,gx-no-cache=1520434808340 HTTP/1.1" 200 4674
192.168.10.50 - - [07/Mar/2018:12:02:13 -0300] "POST /cormun/servlet/trsolicitudgral?bc08c96859ef4542f3f02b23fefc2162,gx-no-cache=1520424510504,gx-no-cache=1520434772713 HTTP/1.1" 200 105
192.168.10.50 - - [07/Mar/2018:12:02:14 -0300] "POST /cormun/servlet/trsolicitudgral?bc08c96859ef4542f3f02b23fefc2162,gx-no-cache=1520424510504,gx-no-cache=1520434772830 HTTP/1.1" 200 9664
192.168.10.50 - - [07/Mar/2018:12:02:14 -0300] "GET /cormun/SolicitudGral-1154.xls HTTP/1.1" 200 7680
186.103.159.204 - - [07/Mar/2018:12:03:02 -0300] "POST /cormun/servlet/trsolicitudot?c835bf6559495b048bee3e6f7a787401,,gx-no-cache=1520434933812 HTTP/1.1" 200 4286
186.103.159.204 - - [07/Mar/2018:12:03:26 -0300] "POST /cormun/servlet/trsolicitudot?c835bf6559495b048bee3e6f7a787401,,gx-no-cache=1520434958688 HTTP/1.1" 200 8158
200.72.197.82 - - [07/Mar/2018:12:03:36 -0300] "GET /cormun/servlet/solicitudot?1c676af49bb83c9c6667d896c124e34ffbc6675e729c0a9582339dd408066abdc552ba87f557c54ee909af084f9dba337c0b25006982c5a20f68852e5a5d3d52,gx-no-cache=1520434968158 HTTP/1.1" 200 30
200.72.197.82 - - [07/Mar/2018:12:03:36 -0300] "GET /cormun/servlet/solicitudot?1c676af49bb83c9c6667d896c124e34f9c9d0c43c7f9646cab864afc7c7e1c41,gx-no-cache=1520434968455 HTTP/1.1" 200 29
200.72.197.82 - - [07/Mar/2018:12:03:44 -0300] "POST /cormun/servlet/solicitudot?gx-no-cache=1520434976384 HTTP/1.1" 200 297
200.72.197.82 - - [07/Mar/2018:12:03:46 -0300] "GET /cormun/servlet/solicitudot?1c676af49bb83c9c6667d896c124e34fdc4c5e1ba9cb94e8b73110c552d7a9e4c450403c6c7b2c400f1c5246627f47773f314c823c11e6d9dbec8ef34f486c09bd108ec12e5fcc0c357b763ee146b394a1aa29159863c5cd7bbe806e0c342680ca065a97d3e6f066c98e1e01f15b06250b2ff2aecdc156432a70d704eff119daaaea9242da3ff8e269474b1952dd8e932dafe72d6ddb96b59c3cd09f5980b364dc150029ee4b5f5d5415eec4a748d737cf286e569c30f0c0a186eb4f74eb8b39eb7753b82f873d483f4a13cace49e14240bdef9ceda324bfb9fa2379e61a1b4c0507397f66b44d0b2d2a0705d58a41af5c11711af6ba47d6971ab255fc59ca73b3bf259d721ad6ba342a44b49fb67857f042bf7b676b83e855d2323ba4eac183d050b175b06db44343814427991f0e2e0cda6b554ca6fbe812ddb228c701beb3fa6250e4e636d82136a19f648ff6e308f3b43f0f69f79245a0bc20eb2c6a77a5bb1789b8f177d680f45c349a5ae34cf4c7c0359ba3d96ac5ba219de0c9de62ad2384cfcbc20044e769c07f533e0d4d4a,gx-no-cache=1520434978336 HTTP/1.1" 200 30
200.111.122.170 - - [07/Mar/2018:12:05:13 -0300] "POST /cormun/servlet/solicitudot?gx-no-cache=1520435065576 HTTP/1.1" 200 30
190.151.100.218 - - [07/Mar/2018:12:05:37 -0300] "POST /cormun/servlet/solicitudot?gx-no-cache=1520435089142 HTTP/1.1" 200 1333
190.151.100.218 - - [07/Mar/2018:12:05:37 -0300] "POST /cormun/servlet/solicitudot?gx-no-cache=1520435089343 HTTP/1.1" 200 38
186.103.159.204 - - [07/Mar/2018:12:06:12 -0300] "GET /cormun/servlet/trsolicitudot? HTTP/1.1" 200 10882
200.72.197.82 - - [07/Mar/2018:12:06:56 -0300] "GET /cormun/servlet/solicitudot?1c676af49bb83c9c6667d896c124e34fb0ae103b5f8e024e44d742deb902a16ffe4cc3a2868e5e54d5e84ef42f777283ad264712f81c2a530a4bef9a621224116aae2862a292fd9d009e8b8bd96bc4d9998cd3815c306d46448a89d0f9e4143e53698da2e1a73aa51a7e760400336883,gx-no-cache=1520435167931 HTTP/1.1" 200 29
200.72.197.82 - - [07/Mar/2018:12:06:56 -0300] "POST /cormun/servlet/solicitudot?gx-no-cache=1520435168100 HTTP/1.1" 200 1317
200.72.197.82 - - [07/Mar/2018:12:06:56 -0300] "POST /cormun/servlet/solicitudot?gx-no-cache=1520435168262 HTTP/1.1" 200 1215
200.72.197.82 - - [07/Mar/2018:12:06:56 -0300] "GET /cormun/static/menuarrow.gif HTTP/1.1" 404 1015
186.67.164.142 - - [07/Mar/2018:12:08:01 -0300] "POST /cormun/servlet/licenciaspermisos?f1d2d9ab4b57e0186c901c64c60c1961,INS,0,,,,gx-no-cache=1520435230452 HTTP/1.1" 440 972
186.103.159.204 - - [07/Mar/2018:12:08:05 -0300] "POST /cormun/servlet/trsolicitudot?c835bf6559495b048bee3e6f7a787401,,gx-no-cache=1520435237651 HTTP/1.1" 200 4307
186.103.132.155 - - [07/Mar/2018:12:08:10 -0300] "POST /cormun/servlet/solicitudot?gx-no-cache=1520435241415 HTTP/1.1" 200 1317
186.103.132.155 - - [07/Mar/2018:12:08:10 -0300] "POST /cormun/servlet/solicitudot?gx-no-cache=1520435242021 HTTP/1.1" 200 1215
186.103.132.155 - - [07/Mar/2018:12:08:12 -0300] "GET /cormun/servlet/solicitudot?1c676af49bb83c9c6667d896c124e34f720db6717655fe5c0d333f37b571eb4e945975c7e75eb7473d880919457306e6,gx-no-cache=1520435244183 HTTP/1.1" 200 30
186.103.159.204 - - [07/Mar/2018:12:08:13 -0300] "GET /cormun/servlet/solicitudot?INS,0,0, HTTP/1.1" 200 13319
186.67.164.142 - - [07/Mar/2018:12:08:18 -0300] "GET /cormun/servlet/licenciaspermisos?INS,0,,, HTTP/1.1" 200 6766
186.67.164.142 - - [07/Mar/2018:12:08:19 -0300] "GET /cormun/servlet/licenciaspermisos?INS,0,,, HTTP/1.1" 200 6766
186.67.164.142 - - [07/Mar/2018:12:08:19 -0300] "GET /cormun/servlet/hlogin HTTP/1.1" 200 1747
186.103.132.155 - - [07/Mar/2018:12:08:28 -0300] "POST /cormun/servlet/solicitudot?gx-no-cache=1520435260104 HTTP/1.1" 200 30
186.103.159.204 - - [07/Mar/2018:12:08:38 -0300] "GET /cormun/servlet/prfichaempleado?,MD,,gxPopupLevel%3D0%3B HTTP/1.1" 200 9189
186.103.132.155 - - [07/Mar/2018:12:08:39 -0300] "GET /cormun/servlet/prfichaempleado?,MD,,gxPopupLevel%3D0%3B HTTP/1.1" 200 9373
186.103.132.155 - - [07/Mar/2018:12:08:39 -0300] "GET /cormun/static/gxcfg.js?20177612134814 HTTP/1.1" 304 -
186.103.159.204 - - [07/Mar/2018:12:08:53 -0300] "POST /cormun/servlet/prfichaempleado?c835bf6559495b048bee3e6f7a787401,,MD,,gxPopupLevel%3D0%3B,gx-no-cache=1520435285421 HTTP/1.1" 200 3191
186.103.161.206 - - [07/Mar/2018:12:09:00 -0300] "POST /cormun/servlet/prfichaempleado?8d945a1b511a8c17cf6b368fedcb7493,,MD,,gxPopupLevel%3D0%3B,gx-no-cache=1520435292486 HTTP/1.1" 200 6243
186.103.161.206 - - [07/Mar/2018:12:09:01 -0300] "GET /cormun/static/Resources/PXToolsGridNext.gif HTTP/1.1" 200 369
186.103.161.206 - - [07/Mar/2018:12:09:01 -0300] "GET /cormun/static/Resources/PXToolsGridLast.gif HTTP/1.1" 200 370
186.103.159.204 - - [07/Mar/2018:12:09:10 -0300] "POST /cormun/servlet/prfichaempleado?c835bf6559495b048bee3e6f7a787401,,MD,,gxPopupLevel%3D0%3B,gx-no-cache=1520435302510 HTTP/1.1" 200 3424
186.103.159.204 - - [07/Mar/2018:12:09:22 -0300] "POST /cormun/servlet/solicitudot?gx-no-cache=1520435314755 HTTP/1.1" 200 3383
186.103.159.204 - - [07/Mar/2018:12:09:23 -0300] "POST /cormun/servlet/solicitudot?c835bf6559495b048bee3e6f7a787401,INS,0,0,,gx-no-cache=1520435314975 HTTP/1.1" 200 10370
192.168.10.96 - - [07/Mar/2018:12:09:34 -0300] "GET /cormun/servlet/trsolicitudgral? HTTP/1.1" 500 10
192.168.10.96 - - [07/Mar/2018:12:09:37 -0300] "GET /cormun/servlet/hlogin HTTP/1.1" 200 1716
192.168.10.96 - - [07/Mar/2018:12:09:37 -0300] "GET /cormun/servlet/hlogin HTTP/1.1" 200 1716
186.103.159.204 - - [07/Mar/2018:12:09:39 -0300] "GET /cormun/servlet/solicitudot?79f33ecff9a6ff560c29f650d034fba8cacffb3347afc22b0709ea5b931d42fd3d6d1d15b6756d6619d37e165feaa086,gx-no-cache=1520435331826 HTTP/1.1" 200 30
186.103.159.204 - - [07/Mar/2018:12:09:39 -0300] "GET /cormun/servlet/solicitudot?79f33ecff9a6ff560c29f650d034fba824b31bfb32f70de6b3fbf938f03429addfa19387137b03a50440736dbb906b1c,gx-no-cache=1520435331870 HTTP/1.1" 200 103
186.103.159.204 - - [07/Mar/2018:12:09:39 -0300] "GET /cormun/servlet/solicitudot?79f33ecff9a6ff560c29f650d034fba8a822d3cb24a26c23637dd762442687d9,gx-no-cache=1520435331961 HTTP/1.1" 200 45
186.103.159.204 - - [07/Mar/2018:12:09:39 -0300] "POST /cormun/servlet/solicitudot?gx-no-cache=1520435332004 HTTP/1.1" 200 255
186.103.159.204 - - [07/Mar/2018:12:09:40 -0300] "GET /cormun/servlet/solicitudot?79f33ecff9a6ff560c29f650d034fba803983067f720b89649d6070adccac6da8b9952e48930c1190949c8d1bc10b3721afba10076a719f9137c34a26d546a3a8570df75b71ea5d58ccbe21cf1699c02621990d08f8ee13bd47e36242873f4fdc5d051facaf4d50e8665c9944982b91b074764c563ec3ac3f90cc8d1230afb20f593a4dc9f6307343cec87da35c105239d437d286afeefe4115f0de62f75d3634ff6d7aef12bb3ed56b317933c9cecbeac42924a59d4e64f6be46b74c93180001fb696bb231699e54ea9603929f062292b68d6c6c881c2f6ebb9191a16029287b1d6fdacf78c7cf840d4c6b88310050354540d48be41cc316c53c61ceb720ed26926e58bb2bfd6366495fb8787586e2ce7c8d9ce192321cc1653040be9a5869db04c79e53a2b6943b3a5758c140330c5256e8a332b24561c25a4c186af6c113fc6c62f0a839bdcfe37788119408cdb6d39d4089a37b15ac6fb3b3e425b9e60356ed480829c05f12495b442801063ea97cc1ffd8bc7ecc74838a2b63c599b1330,gx-no-cache=1520435332047 HTTP/1.1" 200 30
186.103.159.204 - - [07/Mar/2018:12:09:40 -0300] "GET /cormun/static/Shared/jqueryui/images/ui-icons_82798d_256x240.png HTTP/1.1" 404 1089
186.103.159.204 - - [07/Mar/2018:12:09:40 -0300] "GET /cormun/static/Shared/jqueryui/images/ui-bg_flat_55_994d53_40x100.png HTTP/1.1" 404 1097
186.103.159.204 - - [07/Mar/2018:12:09:40 -0300] "GET /cormun/static/Shared/jqueryui/images/ui-icons_ebccce_256x240.png HTTP/1.1" 404 1089
186.103.159.204 - - [07/Mar/2018:12:09:40 -0300] "GET /cormun/static/Shared/jqueryui/images/ui-bg_highlight-soft_100_c6c2c8_1x100.png HTTP/1.1" 404 1117
192.168.10.96 - - [07/Mar/2018:12:09:41 -0300] "POST /cormun/servlet/hlogin?1e2e3400d973dd819dcf00e7136583e7,gx-no-cache=1520435220808 HTTP/1.1" 200 90
192.168.10.96 - - [07/Mar/2018:12:09:42 -0300] "GET /cormun/servlet/hpexe_link HTTP/1.1" 200 947
192.168.10.96 - - [07/Mar/2018:12:09:42 -0300] "GET /cormun/servlet/hhome HTTP/1.1" 200 4699
192.168.10.96 - - [07/Mar/2018:12:09:42 -0300] "GET /cormun/servlet/hhome HTTP/1.1" 200 4698
186.103.159.204 - - [07/Mar/2018:12:09:43 -0300] "POST /cormun/servlet/solicitudot?gx-no-cache=1520435335195 HTTP/1.1" 200 30
192.168.10.96 - - [07/Mar/2018:12:09:45 -0300] "GET /cormun/servlet/trsolicitudgral? HTTP/1.1" 200 28664
192.168.10.96 - - [07/Mar/2018:12:09:47 -0300] "GET /cormun/servlet/trsolicitudgral? HTTP/1.1" 200 28662
186.103.159.204 - - [07/Mar/2018:12:09:48 -0300] "POST /cormun/servlet/solicitudot?gx-no-cache=1520435340144 HTTP/1.1" 200 1337
186.103.159.204 - - [07/Mar/2018:12:09:48 -0300] "POST /cormun/servlet/solicitudot?gx-no-cache=1520435340214 HTTP/1.1" 200 38
192.168.10.96 - - [07/Mar/2018:12:10:01 -0300] "POST /cormun/servlet/trsolicitudgral?1e2e3400d973dd819dcf00e7136583e7,,gx-no-cache=1520435240188 HTTP/1.1" 200 5917
186.103.159.204 - - [07/Mar/2018:12:10:11 -0300] "GET /cormun/servlet/solicitudot?79f33ecff9a6ff560c29f650d034fba815ca477efa34bdacd75fca70a8cafaa55ab29baadf226aa44715f69d11035825dc4fc174692e414f4eeb8addc5b40af9ec4f23107d48b16cc33fb38d43e6c190b54dc988eee2597be54b01479bb7bc8a1704449778027b13908223cfeb231ab081b72c4fe5fa644adb229bb6f49582b71fcb652c5bbb70fec510ebf2bcd08a79cf9ee709448715ced7ca02f659f399a3,gx-no-cache=1520435363702 HTTP/1.1" 200 29
186.103.159.204 - - [07/Mar/2018:12:10:12 -0300] "POST /cormun/servlet/solicitudot?gx-no-cache=1520435364071 HTTP/1.1" 200 1319
186.103.159.204 - - [07/Mar/2018:12:10:12 -0300] "POST /cormun/servlet/solicitudot?gx-no-cache=1520435364143 HTTP/1.1" 200 1218
186.103.159.204 - - [07/Mar/2018:12:10:14 -0300] "GET /cormun/static/menuarrow.gif HTTP/1.1" 404 1015
192.168.10.96 - - [07/Mar/2018:12:10:14 -0300] "POST /cormun/servlet/trsolicitudgral?1e2e3400d973dd819dcf00e7136583e7,,gx-no-cache=1520435253403 HTTP/1.1" 200 7270
192.168.10.96 - - [07/Mar/2018:12:10:19 -0300] "POST /cormun/servlet/trsolicitudgral?1e2e3400d973dd819dcf00e7136583e7,,gx-no-cache=1520435258732 HTTP/1.1" 200 8027
186.103.159.204 - - [07/Mar/2018:12:10:22 -0300] "GET /cormun/servlet/solicitudot?79f33ecff9a6ff560c29f650d034fba87452aeb573f117f236d3e0a39cd3b2f205d5674da37be8e2021b8bba347df6f1,gx-no-cache=1520435374370 HTTP/1.1" 200 30
192.168.10.96 - - [07/Mar/2018:12:10:22 -0300] "GET /cormun/servlet/vesolicitudgral?2018,9765,, HTTP/1.1" 200 9280
192.168.10.96 - - [07/Mar/2018:12:10:22 -0300] "GET /cormun/pexe_scrolldiv.js HTTP/1.1" 404 1009
192.168.10.96 - - [07/Mar/2018:12:10:22 -0300] "GET /cormun/pexe_scrolldiv.js HTTP/1.1" 404 1009
192.168.10.96 - - [07/Mar/2018:12:10:23 -0300] "GET /cormun/servlet/vesolicitudgral?2018,9765,, HTTP/1.1" 200 9280
192.168.10.96 - - [07/Mar/2018:12:10:25 -0300] "GET /cormun/servlet/vesolicitudgral?2018,9765,,SolicitudOTAdjuntos HTTP/1.1" 200 11312
192.168.10.96 - - [07/Mar/2018:12:10:25 -0300] "GET /cormun/pexe_scrolldiv.js HTTP/1.1" 404 1009
192.168.10.96 - - [07/Mar/2018:12:10:25 -0300] "GET /cormun/pexe_scrolldiv.js HTTP/1.1" 404 1009
192.168.10.96 - - [07/Mar/2018:12:10:26 -0300] "GET /cormun/servlet/vesolicitudgral?2018,9765,,SolicitudOTAdjuntos HTTP/1.1" 200 11314
192.168.10.96 - - [07/Mar/2018:12:10:26 -0300] "POST /cormun/servlet/acontrolpreferencessavestate?None,DZAMUDIO,true HTTP/1.1" 200 35
192.168.10.96 - - [07/Mar/2018:12:10:32 -0300] "GET /cormun/PublicTempStorage/image_00001699273.pdf HTTP/1.1" 200 1364262
192.168.10.96 - - [07/Mar/2018:12:10:39 -0300] "GET /cormun/servlet/vesolicitudgral?2018,9765,,SolicitudOTAdjuntos HTTP/1.1" 200 11311
192.168.10.96 - - [07/Mar/2018:12:10:41 -0300] "POST /cormun/servlet/acontrolpreferencessavestate?None,DZAMUDIO,true HTTP/1.1" 200 35
186.103.159.204 - - [07/Mar/2018:12:10:41 -0300] "POST /cormun/servlet/solicitudot?gx-no-cache=1520435393407 HTTP/1.1" 200 30
192.168.10.96 - - [07/Mar/2018:12:10:41 -0300] "GET /cormun/servlet/vesolicitudgral?2018,9765,,SolicitudOTAdjuntos HTTP/1.1" 200 11312
192.168.10.96 - - [07/Mar/2018:12:10:42 -0300] "GET /cormun/PublicTempStorage/afp5878587.pdf HTTP/1.1" 200 806513
192.168.10.96 - - [07/Mar/2018:12:10:46 -0300] "GET /cormun/servlet/vesolicitudgral?2018,9765,,SolicitudOTAdjuntos HTTP/1.1" 200 11311
192.168.10.96 - - [07/Mar/2018:12:10:47 -0300] "GET /cormun/servlet/vesolicitudgral?2018,9765,,SolicitudOTAdjuntos HTTP/1.1" 200 11312
192.168.10.96 - - [07/Mar/2018:12:10:47 -0300] "POST /cormun/servlet/acontrolpreferencessavestate?None,DZAMUDIO,true HTTP/1.1" 200 35
192.168.10.96 - - [07/Mar/2018:12:10:49 -0300] "GET /cormun/PublicTempStorage/isapre3669650.pdf HTTP/1.1" 200 748174
192.168.10.96 - - [07/Mar/2018:12:10:53 -0300] "GET /cormun/servlet/vesolicitudgral?2018,9765,,SolicitudOTAdjuntos HTTP/1.1" 200 11311
192.168.10.96 - - [07/Mar/2018:12:10:54 -0300] "GET /cormun/servlet/vesolicitudgral?2018,9765,,SolicitudOTAdjuntos HTTP/1.1" 200 11312
192.168.10.96 - - [07/Mar/2018:12:10:54 -0300] "POST /cormun/servlet/acontrolpreferencessavestate?None,DZAMUDIO,true HTTP/1.1" 200 35
192.168.10.96 - - [07/Mar/2018:12:10:56 -0300] "GET /cormun/PublicTempStorage/certif.antecedentes1123176.pdf HTTP/1.1" 200 1342108
192.168.10.96 - - [07/Mar/2018:12:11:01 -0300] "GET /cormun/servlet/vesolicitudgral?2018,9765,,SolicitudOTAdjuntos HTTP/1.1" 200 11308
200.111.122.170 - - [07/Mar/2018:12:11:02 -0300] "POST /cormun/servlet/solicitudot?gx-no-cache=1520435413056 HTTP/1.1" 200 1335
200.111.122.170 - - [07/Mar/2018:12:11:02 -0300] "POST /cormun/servlet/solicitudot?gx-no-cache=1520435414024 HTTP/1.1" 200 117
192.168.10.96 - - [07/Mar/2018:12:11:02 -0300] "GET /cormun/servlet/vesolicitudgral?2018,9765,,SolicitudOTAdjuntos HTTP/1.1" 200 11314
200.111.122.170 - - [07/Mar/2018:12:11:02 -0300] "GET /cormun/static/Shared/jqueryui/images/ui-bg_highlight-soft_100_c6c2c8_1x100.png HTTP/1.1" 404 1117
200.111.122.170 - - [07/Mar/2018:12:11:02 -0300] "GET /cormun/static/Shared/jqueryui/images/ui-icons_82798d_256x240.png HTTP/1.1" 404 1089
192.168.10.96 - - [07/Mar/2018:12:11:02 -0300] "POST /cormun/servlet/acontrolpreferencessavestate?None,DZAMUDIO,true HTTP/1.1" 200 35
200.111.122.170 - - [07/Mar/2018:12:11:02 -0300] "GET /cormun/static/Shared/jqueryui/images/ui-bg_flat_55_994d53_40x100.png HTTP/1.1" 404 1097
200.111.122.170 - - [07/Mar/2018:12:11:02 -0300] "GET /cormun/static/Shared/jqueryui/images/ui-icons_ebccce_256x240.png HTTP/1.1" 404 1089
200.72.197.82 - - [07/Mar/2018:12:11:02 -0300] "POST /cormun/servlet/solicitudot?gx-no-cache=1520435414335 HTTP/1.1" 200 1318
200.72.197.82 - - [07/Mar/2018:12:11:02 -0300] "POST /cormun/servlet/solicitudot?gx-no-cache=1520435414445 HTTP/1.1" 200 1218
192.168.10.96 - - [07/Mar/2018:12:11:02 -0300] "GET /cormun/PublicTempStorage/curriculum5282385.pdf HTTP/1.1" 200 1180637
200.72.197.82 - - [07/Mar/2018:12:11:07 -0300] "POST /cormun/servlet/solicitudot?gx-no-cache=1520435418846 HTTP/1.1" 200 117
200.72.197.82 - - [07/Mar/2018:12:11:07 -0300] "POST /cormun/servlet/solicitudot?gx-no-cache=1520435419444 HTTP/1.1" 200 1318
192.168.10.96 - - [07/Mar/2018:12:11:07 -0300] "GET /cormun/servlet/vesolicitudgral?2018,9765,,SolicitudOTAdjuntos HTTP/1.1" 200 11309
200.72.197.82 - - [07/Mar/2018:12:11:07 -0300] "POST /cormun/servlet/solicitudot?gx-no-cache=1520435419583 HTTP/1.1" 200 1218
192.168.10.96 - - [07/Mar/2018:12:11:09 -0300] "GET /cormun/servlet/vesolicitudgral?2018,9765,,SolicitudOTAdjuntos HTTP/1.1" 200 11313
192.168.10.96 - - [07/Mar/2018:12:11:09 -0300] "POST /cormun/servlet/acontrolpreferencessavestate?None,DZAMUDIO,true HTTP/1.1" 200 35
192.168.10.96 - - [07/Mar/2018:12:11:11 -0300] "GET /cormun/PublicTempStorage/curriculum89316.pdf HTTP/1.1" 200 1180637
186.103.159.204 - - [07/Mar/2018:12:11:15 -0300] "POST /cormun/servlet/solicitudot?gx-no-cache=1520435427085 HTTP/1.1" 200 1318
186.103.159.204 - - [07/Mar/2018:12:11:15 -0300] "POST /cormun/servlet/solicitudot?gx-no-cache=1520435427147 HTTP/1.1" 200 1218
186.103.159.204 - - [07/Mar/2018:12:11:15 -0300] "GET /cormun/servlet/solicitudot?79f33ecff9a6ff560c29f650d034fba87452aeb573f117f236d3e0a39cd3b2f205d5674da37be8e2021b8bba347df6f1,gx-no-cache=1520435427191 HTTP/1.1" 200 30
186.103.159.204 - - [07/Mar/2018:12:11:15 -0300] "POST /cormun/servlet/solicitudot?gx-no-cache=1520435427220 HTTP/1.1" 200 30
186.103.159.204 - - [07/Mar/2018:12:11:15 -0300] "POST /cormun/servlet/solicitudot?c835bf6559495b048bee3e6f7a787401,INS,0,0,,gx-no-cache=1520435427262 HTTP/1.1" 200 11744
192.168.10.96 - - [07/Mar/2018:12:11:17 -0300] "GET /cormun/servlet/vesolicitudgral?2018,9765,,SolicitudOTAdjuntos HTTP/1.1" 200 11313
192.168.10.96 - - [07/Mar/2018:12:11:18 -0300] "GET /cormun/servlet/vesolicitudgral?2018,9765,,SolicitudOTAdjuntos HTTP/1.1" 200 11315
192.168.10.96 - - [07/Mar/2018:12:11:18 -0300] "POST /cormun/servlet/acontrolpreferencessavestate?None,DZAMUDIO,true HTTP/1.1" 200 35
192.168.10.96 - - [07/Mar/2018:12:11:19 -0300] "GET /cormun/PublicTempStorage/titulo7165711.pdf HTTP/1.1" 200 909149
186.103.159.204 - - [07/Mar/2018:12:11:19 -0300] "POST /cormun/servlet/solicitudot?c835bf6559495b048bee3e6f7a787401,INS,0,0,,gx-no-cache=1520435431785 HTTP/1.1" 200 11799
186.103.159.204 - - [07/Mar/2018:12:12:01 -0300] "GET /cormun/servlet/solicitudot?79f33ecff9a6ff560c29f650d034fba80fb5095c0e6019edf2f2ea41b6b913c919f8a8eaf9c2234930f884fff35c09d8b3c78b88220c248d9b84be1f88d805ef,gx-no-cache=1520435473329 HTTP/1.1" 200 30
186.103.159.204 - - [07/Mar/2018:12:12:01 -0300] "POST /cormun/servlet/solicitudot?gx-no-cache=1520435473673 HTTP/1.1" 200 254
186.103.159.204 - - [07/Mar/2018:12:12:01 -0300] "GET /cormun/servlet/solicitudot?79f33ecff9a6ff560c29f650d034fba803983067f720b89649d6070adccac6da8b9952e48930c1190949c8d1bc10b3721afba10076a719f9137c34a26d546a3a8570df75b71ea5d58ccbe21cf1699c02621990d08f8ee13bd47e36242873f4fdc5d051facaf4d50e8665c9944982b91b074764c563ec3ac3f90cc8d1230afb20f593a4dc9f6307343cec87da35c105239d437d286afeefe4115f0de62f75d3634ff6d7aef12bb3ed56b317933c9cecbeac42924a59d4e64f6be46b74c93180001fb696bb231699e54ea9603929f062292b68d6c6c881c2f6ebb9191a16029287b1d6fdacf78c7cf840d4c6b88310050354540d48be41cc316c53c61ceb720ed26926e58bb2bfd6366495fb8787586e2ce7c8d9ce192321cc1653040be9a5869db04c79e53a2b6943b3a5758c140330c5256e8a332b24561c25a4c186af6c113fc6c62f0a839bdcfe37788119408cdb6d39d4089a37b15ac6fb3b3e425b9e60356ed480829c05f12495b442801063ea978777eee565ddb92369eb0ad8fd2ea658,gx-no-cache=1520435473719 HTTP/1.1" 200 30
186.103.159.204 - - [07/Mar/2018:12:12:02 -0300] "POST /cormun/servlet/solicitudot?gx-no-cache=1520435474062 HTTP/1.1" 200 30
186.103.159.204 - - [07/Mar/2018:12:12:02 -0300] "POST /cormun/servlet/solicitudot?gx-no-cache=1520435474114 HTTP/1.1" 200 1336
186.103.159.204 - - [07/Mar/2018:12:12:02 -0300] "POST /cormun/servlet/solicitudot?gx-no-cache=1520435474200 HTTP/1.1" 200 41
186.103.159.204 - - [07/Mar/2018:12:12:02 -0300] "POST /cormun/servlet/solicitudot?gx-no-cache=1520435474232 HTTP/1.1" 200 1318
186.103.159.204 - - [07/Mar/2018:12:12:02 -0300] "POST /cormun/servlet/solicitudot?gx-no-cache=1520435474284 HTTP/1.1" 200 1218
186.103.159.204 - - [07/Mar/2018:12:12:02 -0300] "GET /cormun/servlet/solicitudot?79f33ecff9a6ff560c29f650d034fba87452aeb573f117f236d3e0a39cd3b2f205d5674da37be8e2021b8bba347df6f1,gx-no-cache=1520435474335 HTTP/1.1" 200 30
186.103.159.204 - - [07/Mar/2018:12:12:02 -0300] "POST /cormun/servlet/solicitudot?gx-no-cache=1520435474371 HTTP/1.1" 200 30
186.103.159.204 - - [07/Mar/2018:12:12:02 -0300] "POST /cormun/servlet/solicitudot?c835bf6559495b048bee3e6f7a787401,INS,0,0,,gx-no-cache=1520435474414 HTTP/1.1" 200 11849
192.168.10.61 - - [07/Mar/2018:12:12:11 -0300] "POST /cormun/servlet/trsolicitudgral?50442eb91bb08efcedcaf23bdf6ad02c,gx-no-cache=1520435370251 HTTP/1.1" 200 5845
192.168.10.61 - - [07/Mar/2018:12:12:19 -0300] "POST /cormun/servlet/trsolicitudgral?50442eb91bb08efcedcaf23bdf6ad02c,gx-no-cache=1520435378354 HTTP/1.1" 200 5846
192.168.10.61 - - [07/Mar/2018:12:12:27 -0300] "POST /cormun/servlet/trsolicitudgral?50442eb91bb08efcedcaf23bdf6ad02c,gx-no-cache=1520435386276 HTTP/1.1" 200 5845
192.168.10.61 - - [07/Mar/2018:12:12:31 -0300] "POST /cormun/servlet/trsolicitudgral?50442eb91bb08efcedcaf23bdf6ad02c,gx-no-cache=1520435389899 HTTP/1.1" 200 7622
186.103.159.204 - - [07/Mar/2018:12:12:47 -0300] "GET /cormun/servlet/solicitudot?79f33ecff9a6ff560c29f650d034fba80fb5095c0e6019edf2f2ea41b6b913c919f8a8eaf9c2234930f884fff35c09d8b3c78b88220c248d9b84be1f88d805ef,gx-no-cache=1520435519241 HTTP/1.1" 200 30
186.103.159.204 - - [07/Mar/2018:12:12:47 -0300] "POST /cormun/servlet/solicitudot?gx-no-cache=1520435519790 HTTP/1.1" 200 254
186.103.159.204 - - [07/Mar/2018:12:12:48 -0300] "GET /cormun/servlet/solicitudot?79f33ecff9a6ff560c29f650d034fba803983067f720b89649d6070adccac6da8b9952e48930c1190949c8d1bc10b3721afba10076a719f9137c34a26d546a3a8570df75b71ea5d58ccbe21cf1699c02621990d08f8ee13bd47e36242873f4fdc5d051facaf4d50e8665c9944982b91b074764c563ec3ac3f90cc8d1230afb20f593a4dc9f6307343cec87da35c105239d437d286afeefe4115f0de62f75d3634ff6d7aef12bb3ed56b317933c9cecbeac42924a59d4e64f6be46b74c93180001fb696bb231699e54ea9603929f062292b68d6c6c881c2f6ebb9191a16029287b1d6fdacf78c7cf840d4c6b88310050354540d48be41cc316c53c61ceb720ed26926e58bb2bfd6366495fb8787586e2ce7c8d9ce192321cc1653040be9a5869db04c79e53a2b6943b3a5758c140330c5256e8a332b24561c25a4c186af6c113fc6c62f0a839bdcfe37788119408cdb6d39d4089a37b15ac6fb3b3e425b9e60356ed480829c05f12495b442801063ea978777eee565ddb92369eb0ad8fd2ea658,gx-no-cache=1520435519922 HTTP/1.1" 200 30
186.103.159.204 - - [07/Mar/2018:12:12:48 -0300] "POST /cormun/servlet/solicitudot?gx-no-cache=1520435520415 HTTP/1.1" 200 30
186.103.159.204 - - [07/Mar/2018:12:12:48 -0300] "POST /cormun/servlet/solicitudot?gx-no-cache=1520435520514 HTTP/1.1" 200 1336
186.103.159.204 - - [07/Mar/2018:12:12:48 -0300] "POST /cormun/servlet/solicitudot?gx-no-cache=1520435520761 HTTP/1.1" 200 41
186.103.159.204 - - [07/Mar/2018:12:12:48 -0300] "POST /cormun/servlet/solicitudot?gx-no-cache=1520435520842 HTTP/1.1" 200 1318
186.103.159.204 - - [07/Mar/2018:12:12:49 -0300] "POST /cormun/servlet/solicitudot?gx-no-cache=1520435520929 HTTP/1.1" 200 1218
186.103.159.204 - - [07/Mar/2018:12:12:49 -0300] "GET /cormun/servlet/solicitudot?79f33ecff9a6ff560c29f650d034fba87452aeb573f117f236d3e0a39cd3b2f205d5674da37be8e2021b8bba347df6f1,gx-no-cache=1520435521510 HTTP/1.1" 200 30
186.103.159.204 - - [07/Mar/2018:12:12:49 -0300] "POST /cormun/servlet/solicitudot?gx-no-cache=1520435521556 HTTP/1.1" 200 30
186.103.159.204 - - [07/Mar/2018:12:12:49 -0300] "POST /cormun/servlet/solicitudot?c835bf6559495b048bee3e6f7a787401,INS,0,0,,gx-no-cache=1520435521596 HTTP/1.1" 200 11889
192.168.10.61 - - [07/Mar/2018:12:13:01 -0300] "POST /cormun/servlet/trsolicitudgral?50442eb91bb08efcedcaf23bdf6ad02c,gx-no-cache=1520435420298 HTTP/1.1" 200 11213
192.168.10.61 - - [07/Mar/2018:12:13:29 -0300] "POST /cormun/servlet/trsolicitudgral?50442eb91bb08efcedcaf23bdf6ad02c,gx-no-cache=1520435448042 HTTP/1.1" 200 5848
192.168.10.61 - - [07/Mar/2018:12:13:38 -0300] "POST /cormun/servlet/trsolicitudgral?50442eb91bb08efcedcaf23bdf6ad02c,gx-no-cache=1520435457153 HTTP/1.1" 200 5846
192.168.10.61 - - [07/Mar/2018:12:13:44 -0300] "POST /cormun/servlet/trsolicitudgral?50442eb91bb08efcedcaf23bdf6ad02c,gx-no-cache=1520435463035 HTTP/1.1" 200 5846
192.168.10.61 - - [07/Mar/2018:12:13:50 -0300] "POST /cormun/servlet/trsolicitudgral?50442eb91bb08efcedcaf23bdf6ad02c,gx-no-cache=1520435468809 HTTP/1.1" 200 11213
186.103.159.204 - - [07/Mar/2018:12:14:13 -0300] "POST /cormun/servlet/solicitudot?c835bf6559495b048bee3e6f7a787401,INS,0,0,,gx-no-cache=1520435605438 HTTP/1.1" 200 11970
66.249.83.86 - - [07/Mar/2018:12:15:23 -0300] "GET /cormun/servlet/hlogin HTTP/1.1" 200 1722
66.249.83.85 - - [07/Mar/2018:12:15:23 -0300] "GET /cormun/servlet/hlogin?_escaped_fragment_= HTTP/1.1" 200 1717
66.249.83.86 - - [07/Mar/2018:12:15:24 -0300] "GET /favicon.ico HTTP/1.1" 200 21630
186.67.164.142 - - [07/Mar/2018:12:17:45 -0300] "POST /cormun/servlet/hlogin?9c73998030fc1dfb74d3afb9508522ec,gx-no-cache=1520435816751 HTTP/1.1" 200 90
186.67.164.142 - - [07/Mar/2018:12:17:45 -0300] "GET /cormun/servlet/hpexe_link HTTP/1.1" 200 969
186.67.164.142 - - [07/Mar/2018:12:17:45 -0300] "GET /cormun/servlet/licenciaspermisos?INS,0,,, HTTP/1.1" 200 7336
186.67.164.142 - - [07/Mar/2018:12:17:46 -0300] "GET /cormun/servlet/licenciaspermisos?INS,0,,, HTTP/1.1" 200 7335
186.67.164.142 - - [07/Mar/2018:12:17:55 -0300] "GET /cormun/servlet/licenciaspermisos?8d8032045d23799dad5ebe46ce4bad827631a1ef9fd7587acd27d7c15fe6183f2fa86edf46e81a67e56ba87f7964daff,gx-no-cache=1520435826498 HTTP/1.1" 200 106
186.67.164.142 - - [07/Mar/2018:12:17:55 -0300] "POST /cormun/servlet/licenciaspermisos?9c73998030fc1dfb74d3afb9508522ec,INS,0,,,,gx-no-cache=1520435826582 HTTP/1.1" 200 4453
186.67.164.142 - - [07/Mar/2018:12:18:21 -0300] "GET /cormun/static/menuarrow.gif HTTP/1.1" 404 1015
186.103.159.204 - - [07/Mar/2018:12:18:31 -0300] "GET /cormun/servlet/solicitudot?79f33ecff9a6ff560c29f650d034fba80fb5095c0e6019edf2f2ea41b6b913c919f8a8eaf9c2234930f884fff35c09d8b3c78b88220c248d9b84be1f88d805ef,gx-no-cache=1520435863567 HTTP/1.1" 200 30
186.103.159.204 - - [07/Mar/2018:12:18:31 -0300] "POST /cormun/servlet/solicitudot?gx-no-cache=1520435863616 HTTP/1.1" 200 254
186.103.159.204 - - [07/Mar/2018:12:18:31 -0300] "GET /cormun/servlet/solicitudot?79f33ecff9a6ff560c29f650d034fba803983067f720b89649d6070adccac6da8b9952e48930c1190949c8d1bc10b3721afba10076a719f9137c34a26d546a3a8570df75b71ea5d58ccbe21cf1699c02621990d08f8ee13bd47e36242873f4fdc5d051facaf4d50e8665c9944982b91b074764c563ec3ac3f90cc8d1230afb20f593a4dc9f6307343cec87da35c105239d437d286afeefe4115f0de62f75d3634ff6d7aef12bb3ed56b317933c9cecbeac42924a59d4e64f6be46b74c93180001fb696bb231699e54ea9603929f062292b68d6c6c881c2f6ebb9191a16029287b1d6fdacf78c7cf840d4c6b88310050354540d48be41cc316c53c61ceb720ed26926e58bb2bfd6366495fb8787586e2ce7c8d9ce192321cc1653040be9a5869db04c79e53a2b6943b3a5758c140330c5256e8a332b24561c25a4c186af6c113fc6c62f0a839bdcfe37788119408cdb6d39d4089a37b15ac6fb3b3e425b9e60356ed480829c05f12495b442801063ea978777eee565ddb92369eb0ad8fd2ea658,gx-no-cache=1520435863861 HTTP/1.1" 200 30
186.103.159.204 - - [07/Mar/2018:12:18:31 -0300] "POST /cormun/servlet/solicitudot?gx-no-cache=1520435863893 HTTP/1.1" 200 30
186.103.159.204 - - [07/Mar/2018:12:18:31 -0300] "POST /cormun/servlet/solicitudot?gx-no-cache=1520435863957 HTTP/1.1" 200 1336
186.103.159.204 - - [07/Mar/2018:12:18:31 -0300] "POST /cormun/servlet/solicitudot?gx-no-cache=1520435864018 HTTP/1.1" 200 41
186.103.159.204 - - [07/Mar/2018:12:18:32 -0300] "POST /cormun/servlet/solicitudot?gx-no-cache=1520435864050 HTTP/1.1" 200 1318
186.103.159.204 - - [07/Mar/2018:12:18:32 -0300] "POST /cormun/servlet/solicitudot?gx-no-cache=1520435864103 HTTP/1.1" 200 1218
186.103.159.204 - - [07/Mar/2018:12:18:32 -0300] "GET /cormun/servlet/solicitudot?79f33ecff9a6ff560c29f650d034fba87452aeb573f117f236d3e0a39cd3b2f205d5674da37be8e2021b8bba347df6f1,gx-no-cache=1520435864150 HTTP/1.1" 200 30
186.103.159.204 - - [07/Mar/2018:12:18:32 -0300] "POST /cormun/servlet/solicitudot?gx-no-cache=1520435864189 HTTP/1.1" 200 30
186.103.159.204 - - [07/Mar/2018:12:18:32 -0300] "POST /cormun/servlet/solicitudot?c835bf6559495b048bee3e6f7a787401,INS,0,0,,gx-no-cache=1520435864463 HTTP/1.1" 200 12037
186.103.159.204 - - [07/Mar/2018:12:18:39 -0300] "POST /cormun/servlet/solicitudot?c835bf6559495b048bee3e6f7a787401,INS,0,0,,gx-no-cache=1520435871050 HTTP/1.1" 200 12086
186.103.159.204 - - [07/Mar/2018:12:18:44 -0300] "POST /cormun/servlet/solicitudot?c835bf6559495b048bee3e6f7a787401,INS,0,0,,gx-no-cache=1520435876613 HTTP/1.1" 200 12135
186.103.161.206 - - [07/Mar/2018:12:18:48 -0300] "GET /cormun/servlet/solicitudot?1c676af49bb83c9c6667d896c124e34f720db6717655fe5c0d333f37b571eb4e9ab22333c1818170a9771519d817d2db,gx-no-cache=1520435880047 HTTP/1.1" 200 30
186.103.161.206 - - [07/Mar/2018:12:18:48 -0300] "POST /cormun/servlet/solicitudot?gx-no-cache=1520435880605 HTTP/1.1" 200 30
186.103.159.204 - - [07/Mar/2018:12:18:49 -0300] "GET /cormun/servlet/trsolicitudot? HTTP/1.1" 200 7100
186.103.159.204 - - [07/Mar/2018:12:19:38 -0300] "GET /cormun/servlet/trautorizarsolicitud? HTTP/1.1" 200 7130
186.103.159.204 - - [07/Mar/2018:12:19:39 -0300] "GET /cormun/servlet/trautorizarsolicitud? HTTP/1.1" 200 7130
186.103.159.204 - - [07/Mar/2018:12:20:00 -0300] "POST /cormun/servlet/trsolicitudot?c835bf6559495b048bee3e6f7a787401,,gx-no-cache=1520435952034 HTTP/1.1" 200 4307
186.103.159.204 - - [07/Mar/2018:12:20:03 -0300] "POST /cormun/servlet/trsolicitudot?c835bf6559495b048bee3e6f7a787401,,gx-no-cache=1520435955521 HTTP/1.1" 200 4308
200.73.230.197 - - [07/Mar/2018:12:20:12 -0300] "GET /cormun/servlet/hlogin HTTP/1.1" 200 1724
186.67.164.142 - - [07/Mar/2018:12:20:13 -0300] "GET /cormun/servlet/licenciaspermisos?8d8032045d23799dad5ebe46ce4bad8278de3166f32e65a984de23714d9a4c0b36b77acdab1117f9877b895a8a9254c12c056562e4e8d259edb6a78227d47ae6d6e11a0d9806c948b960665c98f03acd6bab4271150910c2cbd1adab4dd292538d48e5787145ddd51708a805a75ddf63b6edaa318e459a7ceb86ec1df68f421701930fcd54d0f830b033a3991ce07dc57db2c1d38d392523cf6a1f0ddc0de0c6e3dce2c22978b68d788d7d495edf0c26cb2a3670f626f16882f0fe89dec9c7e49ac40fb7e551e4d2a702247107f4e296d4fbb1faf078ae4125907c240defc23d,gx-no-cache=1520435964853 HTTP/1.1" 200 30
186.67.164.142 - - [07/Mar/2018:12:20:13 -0300] "GET /cormun/servlet/licenciaspermisos?8d8032045d23799dad5ebe46ce4bad820c67640a573547e32a4990f04854d05f5153bf188e29180e67cd19b23213de48c50fcbba83738faeb2c6fca2eda6cdf7f3622847bf0b5de04141ffb7a5f6e729d7e1205035a4d5f425c54238b6106b4b26313cf4d2dc98859a9c9bad59e0d2ef0b7c3d0500b5ac875d1f870f66770ff0011fda12a8c489daf03edcac69170ce35680fca97fdb51f53726bc6ab5dffa4bc1de987c0bd043cf5887d2ef69f692959f3cb2b83301e96261b0dba86f229a3526b2e0912cac9f6df4e19eff7029c472341bc63e652afb22cfbb958abb37cc15,gx-no-cache=1520435964894 HTTP/1.1" 200 29
186.67.164.142 - - [07/Mar/2018:12:20:14 -0300] "POST /cormun/servlet/licenciaspermisos?9c73998030fc1dfb74d3afb9508522ec,INS,0,,,,gx-no-cache=1520435964929 HTTP/1.1" 200 93
186.67.164.142 - - [07/Mar/2018:12:20:14 -0300] "GET /cormun/servlet/hpexe_return? HTTP/1.1" 200 1012
186.67.164.142 - - [07/Mar/2018:12:20:14 -0300] "GET /cormun/servlet/hhome HTTP/1.1" 200 3977
186.67.164.142 - - [07/Mar/2018:12:20:14 -0300] "GET /cormun/servlet/hhome HTTP/1.1" 200 3971
200.73.230.197 - - [07/Mar/2018:12:20:18 -0300] "GET /cormun/static/gxtimezone.js?85251 HTTP/1.1" 200 5781
200.73.230.197 - - [07/Mar/2018:12:20:18 -0300] "GET /cormun/static/gxcfg.js?20175251213516 HTTP/1.1" 200 953
200.73.230.197 - - [07/Mar/2018:12:20:18 -0300] "GET /cormun/static/messages.spa.js?85251 HTTP/1.1" 200 30736
200.73.230.197 - - [07/Mar/2018:12:20:18 -0300] "GET /cormun/static/Resources/ComunLogin.png HTTP/1.1" 200 17326
200.73.230.197 - - [07/Mar/2018:12:20:18 -0300] "GET /cormun/static/hlogin.js?20175251213537 HTTP/1.1" 200 2136
200.73.230.197 - - [07/Mar/2018:12:20:18 -0300] "GET /cormun/static/Resources/Spanish/PXTools.css?11423723 HTTP/1.1" 200 89042
200.73.230.197 - - [07/Mar/2018:12:20:18 -0300] "GET /cormun/static/gxgral.js?85251 HTTP/1.1" 200 384558
186.67.164.142 - - [07/Mar/2018:12:20:18 -0300] "GET /cormun/servlet/trlicencias? HTTP/1.1" 200 8869
186.67.164.142 - - [07/Mar/2018:12:20:19 -0300] "GET /cormun/servlet/trlicencias? HTTP/1.1" 200 8867
200.73.230.197 - - [07/Mar/2018:12:20:20 -0300] "GET /cormun/static/Resources/PXToolsLoginTop.png HTTP/1.1" 200 1337
200.73.230.197 - - [07/Mar/2018:12:20:20 -0300] "GET /cormun/static/Resources/PXToolsLoginBackground.png HTTP/1.1" 200 1164
200.73.230.197 - - [07/Mar/2018:12:20:20 -0300] "GET /cormun/static/Resources/PXToolsButtonLeft21.png HTTP/1.1" 200 1287
200.73.230.197 - - [07/Mar/2018:12:20:20 -0300] "GET /cormun/static/Resources/PXToolsButtonRight21.png HTTP/1.1" 200 1283
200.73.230.197 - - [07/Mar/2018:12:20:20 -0300] "GET /cormun/static/Resources/PXToolsButtonBackground2.png HTTP/1.1" 200 1181
200.73.230.197 - - [07/Mar/2018:12:20:20 -0300] "GET /cormun/static/Resources/PXToolsLoginBottom.png HTTP/1.1" 200 1389
200.73.230.197 - - [07/Mar/2018:12:20:21 -0300] "GET /cormun/static/Resources/indicator.gif HTTP/1.1" 200 1553
200.73.230.197 - - [07/Mar/2018:12:20:21 -0300] "GET /cormun/servlet/hlogin HTTP/1.1" 200 1735
200.73.230.197 - - [07/Mar/2018:12:20:21 -0300] "GET /favicon.ico HTTP/1.1" 200 21630
186.103.159.204 - - [07/Mar/2018:12:20:28 -0300] "POST /cormun/servlet/trsolicitudot?c835bf6559495b048bee3e6f7a787401,,gx-no-cache=1520435980425 HTTP/1.1" 200 4309
186.103.159.204 - - [07/Mar/2018:12:20:30 -0300] "POST /cormun/servlet/trsolicitudot?c835bf6559495b048bee3e6f7a787401,,gx-no-cache=1520435982167 HTTP/1.1" 200 4309
186.103.159.204 - - [07/Mar/2018:12:20:41 -0300] "GET /cormun/servlet/trcontratoobservaciondir? HTTP/1.1" 200 13887
186.103.159.204 - - [07/Mar/2018:12:20:41 -0300] "GET /cormun/static/gxcfg.js?20175251262281 HTTP/1.1" 304 -
186.103.159.204 - - [07/Mar/2018:12:20:42 -0300] "GET /cormun/servlet/trcontratoobservaciondir? HTTP/1.1" 200 13887
186.103.159.204 - - [07/Mar/2018:12:20:43 -0300] "POST /cormun/servlet/acontrolpreferencessavestate?None,DALLENDE,true HTTP/1.1" 200 35
192.168.10.96 - - [07/Mar/2018:12:20:50 -0300] "GET /cormun/servlet/vesolicitudgral?2018,9765,,SolicitudOTAdjuntos HTTP/1.1" 200 11314
192.168.10.96 - - [07/Mar/2018:12:20:52 -0300] "GET /cormun/servlet/vesolicitudgral?2018,9765,,SolicitudOTAdjuntos HTTP/1.1" 200 11316
192.168.10.96 - - [07/Mar/2018:12:20:52 -0300] "POST /cormun/servlet/acontrolpreferencessavestate?None,DZAMUDIO,true HTTP/1.1" 200 35
186.103.159.204 - - [07/Mar/2018:12:20:53 -0300] "GET /cormun/servlet/solicitudot?INS,0,0, HTTP/1.1" 200 13316
186.103.159.204 - - [07/Mar/2018:12:20:58 -0300] "GET /cormun/servlet/trsolicitudot? HTTP/1.1" 200 7099
186.103.159.204 - - [07/Mar/2018:12:21:11 -0300] "POST /cormun/servlet/trsolicitudot?c835bf6559495b048bee3e6f7a787401,,gx-no-cache=1520436022755 HTTP/1.1" 200 4309
186.103.159.204 - - [07/Mar/2018:12:21:12 -0300] "GET /cormun/servlet/trsolicitudot? HTTP/1.1" 200 7239
186.103.159.204 - - [07/Mar/2018:12:21:13 -0300] "GET /cormun/servlet/trsolicitudot? HTTP/1.1" 200 7238
186.103.159.204 - - [07/Mar/2018:12:21:17 -0300] "GET /cormun/servlet/trsolicitudot? HTTP/1.1" 200 7100
186.103.159.204 - - [07/Mar/2018:12:21:20 -0300] "GET /cormun/servlet/trautorizarsolicitud? HTTP/1.1" 200 7137
186.103.159.204 - - [07/Mar/2018:12:21:20 -0300] "GET /cormun/servlet/trautorizarsolicitud? HTTP/1.1" 200 7137
186.103.159.204 - - [07/Mar/2018:12:21:20 -0300] "GET /cormun/servlet/trautorizarsolicitud? HTTP/1.1" 200 7137
186.103.159.204 - - [07/Mar/2018:12:21:25 -0300] "GET /cormun/servlet/solicitudot?INS,0,0, HTTP/1.1" 200 13316
200.73.230.197 - - [07/Mar/2018:12:21:27 -0300] "GET /cormun/servlet/hlogin HTTP/1.1" 200 1713
186.67.203.186 - - [07/Mar/2018:12:21:38 -0300] "POST /cormun/servlet/solicitudot?gx-no-cache=1520436049801 HTTP/1.1" 200 118
186.67.203.186 - - [07/Mar/2018:12:21:38 -0300] "POST /cormun/servlet/solicitudot?gx-no-cache=1520436049949 HTTP/1.1" 200 1318
186.103.159.204 - - [07/Mar/2018:12:21:39 -0300] "POST /cormun/servlet/trautorizarsolicitud?6f3e90df06f8f438ccba612c58980c90,,gx-no-cache=1520436048493 HTTP/1.1" 200 4398
186.67.203.186 - - [07/Mar/2018:12:21:39 -0300] "POST /cormun/servlet/solicitudot?gx-no-cache=1520436050503 HTTP/1.1" 200 1218
186.67.203.186 - - [07/Mar/2018:12:21:39 -0300] "GET /cormun/servlet/solicitudot?1c676af49bb83c9c6667d896c124e34f720db6717655fe5c0d333f37b571eb4e56f5351c52ca6c4e1ece4eca92c237d5,gx-no-cache=1520436051190 HTTP/1.1" 200 30
186.67.203.186 - - [07/Mar/2018:12:21:40 -0300] "POST /cormun/servlet/solicitudot?gx-no-cache=1520436051322 HTTP/1.1" 200 30
186.103.159.204 - - [07/Mar/2018:12:21:45 -0300] "POST /cormun/servlet/trautorizarsolicitud?6f3e90df06f8f438ccba612c58980c90,,gx-no-cache=1520436055965 HTTP/1.1" 200 4398
186.67.203.186 - - [07/Mar/2018:12:21:48 -0300] "GET /cormun/servlet/prlicenciaspermisos?15126087,L,,MD,,gxPopupLevel%3D0%3B HTTP/1.1" 200 5948
200.72.197.82 - - [07/Mar/2018:12:21:48 -0300] "GET /cormun/static/gxcfg.js?20176272053834 HTTP/1.1" 200 953
200.72.197.82 - - [07/Mar/2018:12:21:48 -0300] "GET /cormun/static/prlicenciaspermisos.js?20176272054050 HTTP/1.1" 200 13379
186.67.203.186 - - [07/Mar/2018:12:21:48 -0300] "GET /cormun/static/Resources/Spanish/PXTools.css?17315867 HTTP/1.1" 200 89042
186.103.159.204 - - [07/Mar/2018:12:21:56 -0300] "GET /cormun/servlet/prfichaempleado?,MD,,gxPopupLevel%3D0%3B HTTP/1.1" 200 9189
186.103.159.204 - - [07/Mar/2018:12:21:57 -0300] "POST /cormun/servlet/trautorizarsolicitud?6f3e90df06f8f438ccba612c58980c90,,gx-no-cache=1520436066550 HTTP/1.1" 200 8264
186.103.159.204 - - [07/Mar/2018:12:22:27 -0300] "POST /cormun/servlet/prfichaempleado?c835bf6559495b048bee3e6f7a787401,,MD,,gxPopupLevel%3D0%3B,gx-no-cache=1520436099837 HTTP/1.1" 200 3424
186.103.159.204 - - [07/Mar/2018:12:22:34 -0300] "POST /cormun/servlet/solicitudot?gx-no-cache=1520436105967 HTTP/1.1" 200 3383
186.103.159.204 - - [07/Mar/2018:12:22:34 -0300] "POST /cormun/servlet/solicitudot?c835bf6559495b048bee3e6f7a787401,INS,0,0,,gx-no-cache=1520436106186 HTTP/1.1" 200 10368
186.103.159.204 - - [07/Mar/2018:12:22:48 -0300] "GET /cormun/servlet/solicitudot?79f33ecff9a6ff560c29f650d034fba8cacffb3347afc22b0709ea5b931d42fd3d6d1d15b6756d6619d37e165feaa086,gx-no-cache=1520436120294 HTTP/1.1" 200 30
186.103.159.204 - - [07/Mar/2018:12:22:48 -0300] "GET /cormun/servlet/solicitudot?79f33ecff9a6ff560c29f650d034fba824b31bfb32f70de6b3fbf938f03429addfa19387137b03a50440736dbb906b1c,gx-no-cache=1520436120388 HTTP/1.1" 200 103
186.103.159.204 - - [07/Mar/2018:12:22:48 -0300] "GET /cormun/servlet/solicitudot?79f33ecff9a6ff560c29f650d034fba8a822d3cb24a26c23637dd762442687d9,gx-no-cache=1520436120444 HTTP/1.1" 200 45
186.103.159.204 - - [07/Mar/2018:12:22:48 -0300] "POST /cormun/servlet/solicitudot?gx-no-cache=1520436120475 HTTP/1.1" 200 255
186.103.159.204 - - [07/Mar/2018:12:22:48 -0300] "GET /cormun/servlet/solicitudot?79f33ecff9a6ff560c29f650d034fba803983067f720b89649d6070adccac6da8b9952e48930c1190949c8d1bc10b3721afba10076a719f9137c34a26d546a3a8570df75b71ea5d58ccbe21cf1699c02621990d08f8ee13bd47e36242873f4fdc5d051facaf4d50e8665c9944982b91b074764c563ec3ac3f90cc8d1230afb20f593a4dc9f6307343cec87da35c105239d437d286afeefe4115f0de62f75d3634ff6d7aef12bb3ed56b317933c9cecbeac42924a59d4e64f6be46b74c93180001fb696bb231699e54ea9603929f062292b68d6c6c881c2f6ebb9191a16029287b1d6fdacf78c7cf840d4c6b88310050354540d48be41cc316c53c61ceb720ed26926e58bb2bfd6366495fb8787586e2ce7c8d9ce192321cc1653040be9a5869db04c79e53a2b6943b3a5758c140330c5256e8a332b24561c25a4c186af6c113fc6c62f0a839bdcfe37788119408cdb6d39d4089a37b15ac6fb3b3e425b9e60356ed480829c05f12495b442801063ea97cc1ffd8bc7ecc74838a2b63c599b1330,gx-no-cache=1520436120511 HTTP/1.1" 200 30
186.103.159.204 - - [07/Mar/2018:12:22:48 -0300] "GET /cormun/static/Shared/jqueryui/images/ui-icons_82798d_256x240.png HTTP/1.1" 404 1089
186.103.159.204 - - [07/Mar/2018:12:22:48 -0300] "GET /cormun/static/Shared/jqueryui/images/ui-icons_ebccce_256x240.png HTTP/1.1" 404 1089
186.103.159.204 - - [07/Mar/2018:12:22:48 -0300] "GET /cormun/static/Shared/jqueryui/images/ui-bg_flat_55_994d53_40x100.png HTTP/1.1" 404 1097
186.103.159.204 - - [07/Mar/2018:12:22:48 -0300] "GET /cormun/static/Shared/jqueryui/images/ui-bg_highlight-soft_100_c6c2c8_1x100.png HTTP/1.1" 404 1117
186.103.159.204 - - [07/Mar/2018:12:22:52 -0300] "POST /cormun/servlet/solicitudot?gx-no-cache=1520436124037 HTTP/1.1" 200 30
200.73.230.197 - - [07/Mar/2018:12:23:13 -0300] "GET /cormun/servlet/hlogin HTTP/1.1" 200 1719
186.103.159.204 - - [07/Mar/2018:12:23:21 -0300] "POST /cormun/servlet/solicitudot?gx-no-cache=1520436153589 HTTP/1.1" 200 30
200.73.230.197 - - [07/Mar/2018:12:23:22 -0300] "POST /cormun/servlet/hlogin?cf9c10a00448e0453c761117117eab6c,gx-no-cache=1520436153056 HTTP/1.1" 200 90
200.73.230.197 - - [07/Mar/2018:12:23:22 -0300] "GET /cormun/servlet/hpexe_link HTTP/1.1" 200 949
200.73.230.197 - - [07/Mar/2018:12:23:22 -0300] "GET /cormun/static/gxcfg.js?20177612121792 HTTP/1.1" 200 953
200.73.230.197 - - [07/Mar/2018:12:23:22 -0300] "GET /cormun/static/hpexe_link.js?20177612121795 HTTP/1.1" 200 625
200.73.230.197 - - [07/Mar/2018:12:23:22 -0300] "GET /cormun/static/Resources/Spanish/PXTools.css?1155365 HTTP/1.1" 200 89042
200.73.230.197 - - [07/Mar/2018:12:23:22 -0300] "GET /cormun/servlet/hhome HTTP/1.1" 200 3916
200.73.230.197 - - [07/Mar/2018:12:23:23 -0300] "GET /cormun/static/SmoothNavMenu/resources/ddsmoothmenu-v.css?1012540 HTTP/1.1" 200 1188
200.73.230.197 - - [07/Mar/2018:12:23:23 -0300] "GET /cormun/static/SmoothNavMenu/resources/ddsmoothmenu.css?1012540 HTTP/1.1" 200 2223
200.73.230.197 - - [07/Mar/2018:12:23:23 -0300] "GET /cormun/static/Shared/jqueryui/jquery-ui.min.css?1245370 HTTP/1.1" 200 30288
200.73.230.197 - - [07/Mar/2018:12:23:23 -0300] "GET /cormun/static/scaMessage/css/jquery.pnotify.default.css?1716380 HTTP/1.1" 200 1707
200.73.230.197 - - [07/Mar/2018:12:23:23 -0300] "GET /cormun/static/gxcfg.js?20175251212442 HTTP/1.1" 200 953
200.73.230.197 - - [07/Mar/2018:12:23:23 -0300] "GET /cormun/static/PXToolsJavascripts/pexe_autoreload.js HTTP/1.1" 200 1762
200.73.230.197 - - [07/Mar/2018:12:23:23 -0300] "GET /cormun/static/PXToolsJavascripts/pexe_cookies.js HTTP/1.1" 200 792
200.73.230.197 - - [07/Mar/2018:12:23:23 -0300] "GET /cormun/static/PXToolsJavascripts/pexe_windows.js HTTP/1.1" 200 15207
200.73.230.197 - - [07/Mar/2018:12:23:23 -0300] "GET /cormun/static/PXToolsJavascripts/pexe_grid.js HTTP/1.1" 200 7559
200.73.230.197 - - [07/Mar/2018:12:23:23 -0300] "GET /cormun/static/PXToolsJavascripts/pexe_griddivfix.js HTTP/1.1" 200 6644
200.73.230.197 - - [07/Mar/2018:12:23:23 -0300] "GET /cormun/static/PXToolsJavascripts/pexe_link.js HTTP/1.1" 200 5671
200.73.230.197 - - [07/Mar/2018:12:23:23 -0300] "GET /cormun/static/PXToolsJavascripts/pexe_menudivfix.js HTTP/1.1" 200 333
200.73.230.197 - - [07/Mar/2018:12:23:23 -0300] "GET /cormun/static/PXToolsJavascripts/pexe_menus.js HTTP/1.1" 200 1286
200.73.230.197 - - [07/Mar/2018:12:23:23 -0300] "GET /cormun/static/PXToolsJavascripts/pexe_layers.js HTTP/1.1" 200 4114
200.73.230.197 - - [07/Mar/2018:12:23:23 -0300] "GET /cormun/static/PXToolsJavascripts/pexe_oav.js HTTP/1.1" 200 645
200.73.230.197 - - [07/Mar/2018:12:23:23 -0300] "GET /cormun/static/PXToolsJavascripts/pexe_oavdivfix.js HTTP/1.1" 200 639
200.73.230.197 - - [07/Mar/2018:12:23:23 -0300] "GET /cormun/static/PXToolsJavascripts/pexe_scrolldiv.js HTTP/1.1" 200 4138
200.73.230.197 - - [07/Mar/2018:12:23:23 -0300] "GET /cormun/static/PXToolsJavascripts/pexe_picture.js HTTP/1.1" 200 689
200.73.230.197 - - [07/Mar/2018:12:23:23 -0300] "GET /cormun/static/PXToolsJavascripts/pexe_popup.js HTTP/1.1" 200 13458
200.73.230.197 - - [07/Mar/2018:12:23:23 -0300] "GET /cormun/static/PXToolsJavascripts/pexe_tabdivfix.js HTTP/1.1" 200 876
200.73.230.197 - - [07/Mar/2018:12:23:23 -0300] "GET /cormun/static/PXToolsJavascripts/pexe_tabs.js HTTP/1.1" 200 3748
200.73.230.197 - - [07/Mar/2018:12:23:23 -0300] "GET /cormun/static/PXToolsJavascripts/pexe_upload.js HTTP/1.1" 200 1423
200.73.230.197 - - [07/Mar/2018:12:23:23 -0300] "GET /cormun/static/PXToolsJavascripts/PXToolsJavascriptsRender.js HTTP/1.1" 200 367
200.73.230.197 - - [07/Mar/2018:12:23:23 -0300] "GET /cormun/static/RunJS/RunJS.js HTTP/1.1" 200 288
200.73.230.197 - - [07/Mar/2018:12:23:23 -0300] "GET /cormun/static/hhome.js?20175251212450 HTTP/1.1" 200 777
200.73.230.197 - - [07/Mar/2018:12:23:23 -0300] "GET /cormun/static/Shared/ext/locale/ext-lang-en.js HTTP/1.1" 200 10940
200.73.230.197 - - [07/Mar/2018:12:23:23 -0300] "GET /cormun/static/hwchdr01.js?201752511465785 HTTP/1.1" 200 1183
200.73.230.197 - - [07/Mar/2018:12:23:23 -0300] "GET /cormun/static/hpexe_recentlink.js?20177611595044 HTTP/1.1" 200 2144
200.73.230.197 - - [07/Mar/2018:12:23:23 -0300] "GET /cormun/static/Resources/PXToolsHeaderBackground2.png HTTP/1.1" 200 1174
200.73.230.197 - - [07/Mar/2018:12:23:23 -0300] "GET /cormun/static/Resources/PXToolsHeaderLogin.png HTTP/1.1" 200 4279
200.73.230.197 - - [07/Mar/2018:12:23:23 -0300] "GET /cormun/static/Resources/PXToolsFooterBackground2.png HTTP/1.1" 200 1172
200.73.230.197 - - [07/Mar/2018:12:23:23 -0300] "GET /cormun/static/Resources/PXToolsDataTitle.png HTTP/1.1" 200 1173
200.73.230.197 - - [07/Mar/2018:12:23:23 -0300] "GET /cormun/static/Resources/PXToolsHeaderActionsBackground.png HTTP/1.1" 200 484
200.73.230.197 - - [07/Mar/2018:12:23:23 -0300] "GET /cormun/static/Resources/PXToolsHeaderPreferences.png HTTP/1.1" 200 4189
200.73.230.197 - - [07/Mar/2018:12:23:23 -0300] "GET /cormun/static/Resources/PXToolsHeaderActionsRight.png HTTP/1.1" 200 1201
200.73.230.197 - - [07/Mar/2018:12:23:23 -0300] "GET /cormun/static/Resources/logo4.png HTTP/1.1" 200 6582
200.73.230.197 - - [07/Mar/2018:12:23:23 -0300] "GET /cormun/static/Resources/PXToolsHeaderActionsLeft.png HTTP/1.1" 200 1118
200.73.230.197 - - [07/Mar/2018:12:23:23 -0300] "GET /cormun/static/gxui/gxui-all.js HTTP/1.1" 200 107772
200.73.230.197 - - [07/Mar/2018:12:23:23 -0300] "GET /cormun/static/Resources/PXToolsHeaderSecurity.png HTTP/1.1" 200 4166
200.73.230.197 - - [07/Mar/2018:12:23:23 -0300] "GET /cormun/static/Resources/PXToolsHeaderHome.png HTTP/1.1" 200 4147
200.73.230.197 - - [07/Mar/2018:12:23:23 -0300] "GET /cormun/static/hpexe_scripts.js?201752511465715 HTTP/1.1" 200 1544
200.73.230.197 - - [07/Mar/2018:12:23:23 -0300] "GET /cormun/static/hpexe_messagepopupcomponent.js?20161017169425 HTTP/1.1" 200 605
200.73.230.197 - - [07/Mar/2018:12:23:23 -0300] "GET /cormun/static/hpexe_messagecontroller.js?20177611595012 HTTP/1.1" 200 870
200.73.230.197 - - [07/Mar/2018:12:23:23 -0300] "GET /cormun/static/hpexe_messagegenexuscomponent.js?201752511465344 HTTP/1.1" 200 587
200.73.230.197 - - [07/Mar/2018:12:23:23 -0300] "GET /cormun/static/cmcontrolpreferences.js?201752511465670 HTTP/1.1" 200 1375
200.73.230.197 - - [07/Mar/2018:12:23:24 -0300] "GET /cormun/static/SmoothNavMenu/resources/ddsmoothmenu.js HTTP/1.1" 200 12712
200.73.230.197 - - [07/Mar/2018:12:23:24 -0300] "GET /cormun/static/Shared/jquery/jquery-1.4.2.min.js HTTP/1.1" 200 72174
200.73.230.197 - - [07/Mar/2018:12:23:24 -0300] "GET /cormun/static/SmoothNavMenu/resources/SmoothNavMenuRender.js HTTP/1.1" 200 5951
200.73.230.197 - - [07/Mar/2018:12:23:24 -0300] "GET /cormun/static/scaMessage/js/jquery.pnotify.min.js HTTP/1.1" 200 13038
200.73.230.197 - - [07/Mar/2018:12:23:24 -0300] "GET /cormun/static/scaMessage/scaMessageRender.js HTTP/1.1" 200 11977
200.73.230.197 - - [07/Mar/2018:12:23:24 -0300] "GET /cormun/static/hmpwkw03.js?20177612122668 HTTP/1.1" 200 3965
200.73.230.197 - - [07/Mar/2018:12:23:24 -0300] "GET /cormun/static/Shared/jquery/jquery-1.10.2.min.js HTTP/1.1" 200 273199
200.73.230.197 - - [07/Mar/2018:12:23:24 -0300] "GET /cormun/static/Shared/jqueryui/jquery-ui.min.js HTTP/1.1" 200 240427
200.73.230.197 - - [07/Mar/2018:12:23:24 -0300] "GET /cormun/static/Shared/ext/ext-all.js HTTP/1.1" 200 1289687
200.73.230.197 - - [07/Mar/2018:12:23:26 -0300] "GET /cormun/servlet/hhome HTTP/1.1" 200 3913
200.73.230.197 - - [07/Mar/2018:12:23:26 -0300] "GET /cormun/static/SmoothNavMenu/resources/images/down.gif HTTP/1.1" 200 854
186.103.159.204 - - [07/Mar/2018:12:23:38 -0300] "POST /cormun/servlet/solicitudot?gx-no-cache=1520436170152 HTTP/1.1" 200 1337
186.103.159.204 - - [07/Mar/2018:12:23:38 -0300] "POST /cormun/servlet/solicitudot?gx-no-cache=1520436170280 HTTP/1.1" 200 38
200.73.230.197 - - [07/Mar/2018:12:23:39 -0300] "GET /cormun/servlet/trsolicitudot? HTTP/1.1" 200 7126
200.73.230.197 - - [07/Mar/2018:12:23:39 -0300] "GET /cormun/static/gxcfg.js?2017111422585916 HTTP/1.1" 200 953
200.73.230.197 - - [07/Mar/2018:12:23:39 -0300] "GET /cormun/static/calendar-system.css?85620 HTTP/1.1" 200 5572
200.73.230.197 - - [07/Mar/2018:12:23:39 -0300] "GET /cormun/static/calendar.js?85251 HTTP/1.1" 200 26246
200.73.230.197 - - [07/Mar/2018:12:23:39 -0300] "GET /cormun/static/gxui/gxui-all.css?120300 HTTP/1.1" 200 2179
200.73.230.197 - - [07/Mar/2018:12:23:39 -0300] "GET /cormun/static/calendar-setup.js?85251 HTTP/1.1" 200 2588
200.73.230.197 - - [07/Mar/2018:12:23:39 -0300] "GET /cormun/static/calendar-es.js?85251 HTTP/1.1" 200 1901
200.73.230.197 - - [07/Mar/2018:12:23:39 -0300] "GET /cormun/static/Resources/Spanish/PXTools.css?1255365 HTTP/1.1" 200 89042
200.73.230.197 - - [07/Mar/2018:12:23:39 -0300] "GET /cormun/static/gxdec.js?85251 HTTP/1.1" 200 19579
200.73.230.197 - - [07/Mar/2018:12:23:39 -0300] "GET /cormun/static/trsolicitudot.js?201711142259839 HTTP/1.1" 200 54041
