186.103.132.155 - - [06/Mar/2018:11:32:00 -0300] "POST /cormun/servlet/trsolicitudot?aa12da75562038ba6db22b3c0754e13c,,gx-no-cache=1520346673267 HTTP/1.1" 200 4455
186.103.157.235 - - [06/Mar/2018:11:32:01 -0300] "GET /cormun/servlet/licenciaspermisos?INS,0,,, HTTP/1.1" 200 7749
186.103.157.235 - - [06/Mar/2018:11:32:01 -0300] "GET /cormun/static/gxcfg.js?201762917281167 HTTP/1.1" 200 953
186.103.157.235 - - [06/Mar/2018:11:32:01 -0300] "GET /cormun/static/licenciaspermisos.js?201762917281260 HTTP/1.1" 200 37491
186.103.157.235 - - [06/Mar/2018:11:32:01 -0300] "GET /cormun/servlet/licenciaspermisos?INS,0,,, HTTP/1.1" 200 7757
200.54.247.70 - - [06/Mar/2018:11:32:02 -0300] "GET /cormun/servlet/trsolicitudot? HTTP/1.1" 200 7438
66.249.83.2 - - [06/Mar/2018:11:32:03 -0300] "GET /cormun/servlet/hlogin HTTP/1.1" 200 1723
66.249.83.7 - - [06/Mar/2018:11:32:03 -0300] "GET /cormun/servlet/hlogin?_escaped_fragment_= HTTP/1.1" 200 1720
66.249.83.7 - - [06/Mar/2018:11:32:03 -0300] "GET /favicon.ico HTTP/1.1" 200 21630
186.103.132.155 - - [06/Mar/2018:11:32:05 -0300] "GET /cormun/servlet/trautorizarsolicitud? HTTP/1.1" 200 8489
186.103.132.155 - - [06/Mar/2018:11:32:06 -0300] "GET /cormun/servlet/trautorizarsolicitud? HTTP/1.1" 200 8488
186.103.159.43 - - [06/Mar/2018:11:32:07 -0300] "GET /cormun/servlet/hlogin HTTP/1.1" 200 1723
200.54.247.70 - - [06/Mar/2018:11:32:07 -0300] "GET /cormun/servlet/solicitudot?INS,0,0, HTTP/1.1" 200 13678
186.103.132.155 - - [06/Mar/2018:11:32:09 -0300] "POST /cormun/servlet/trautorizarsolicitud?aa12da75562038ba6db22b3c0754e13c,,gx-no-cache=1520346681668 HTTP/1.1" 200 4602
186.67.203.186 - - [06/Mar/2018:11:32:09 -0300] "GET /cormun/static/Shared/jqueryui/images/ui-icons_82798d_256x240.png HTTP/1.1" 404 1089
186.103.132.155 - - [06/Mar/2018:11:32:09 -0300] "GET /cormun/static/Shared/jqueryui/images/ui-bg_highlight-soft_100_c6c2c8_1x100.png HTTP/1.1" 404 1117
200.111.122.170 - - [06/Mar/2018:11:32:09 -0300] "GET /cormun/static/Shared/jqueryui/images/ui-icons_8d78a5_256x240.png HTTP/1.1" 404 1089
200.72.197.82 - - [06/Mar/2018:11:32:09 -0300] "GET /cormun/static/Shared/jqueryui/images/ui-bg_flat_55_fafafa_40x100.png HTTP/1.1" 404 1097
186.103.132.155 - - [06/Mar/2018:11:32:09 -0300] "POST /cormun/servlet/trautorizarsolicitud?aa12da75562038ba6db22b3c0754e13c,,gx-no-cache=1520346681885 HTTP/1.1" 200 4393
186.103.157.235 - - [06/Mar/2018:11:32:11 -0300] "GET /cormun/servlet/licenciaspermisos?d7fc1098a059762b9f1b14eed3be7ceebf2d57575ddaa697c2cf4ebfdd3741cfa827af3c5e4f73ee61dbbce6bd406405,gx-no-cache=1520346683291 HTTP/1.1" 200 109
186.103.157.235 - - [06/Mar/2018:11:32:11 -0300] "POST /cormun/servlet/licenciaspermisos?59daac873ff7d12bcf09adae54d7e813,INS,0,,,,gx-no-cache=1520346683349 HTTP/1.1" 200 4881
186.103.132.155 - - [06/Mar/2018:11:32:13 -0300] "GET /cormun/servlet/trsolicitudot? HTTP/1.1" 200 7271
186.103.132.155 - - [06/Mar/2018:11:32:14 -0300] "GET /cormun/servlet/trsolicitudot? HTTP/1.1" 200 7271
186.103.132.155 - - [06/Mar/2018:11:32:16 -0300] "GET /cormun/servlet/solicitudot?INS,0,0, HTTP/1.1" 200 13514
186.103.132.155 - - [06/Mar/2018:11:32:16 -0300] "GET /cormun/servlet/solicitudot?INS,0,0, HTTP/1.1" 200 13519
200.54.247.70 - - [06/Mar/2018:11:32:24 -0300] "POST /cormun/servlet/solicitudot?gx-no-cache=1520346695227 HTTP/1.1" 200 3409
186.103.157.235 - - [06/Mar/2018:11:32:26 -0300] "GET /cormun/static/menuarrow.gif HTTP/1.1" 404 1015
200.72.197.82 - - [06/Mar/2018:11:32:27 -0300] "POST /cormun/servlet/solicitudot?gx-no-cache=1520346699843 HTTP/1.1" 200 3427
200.72.197.82 - - [06/Mar/2018:11:32:27 -0300] "POST /cormun/servlet/solicitudot?aa12da75562038ba6db22b3c0754e13c,INS,0,0,,gx-no-cache=1520346699971 HTTP/1.1" 200 10605
200.72.197.82 - - [06/Mar/2018:11:32:30 -0300] "GET /cormun/servlet/solicitudot?63e53c12610eba0c3cc6da990a3565c6bab091248e304334e2536e3ddb4e39cce77f50370f48aed6c088af0753eac627,gx-no-cache=1520346702941 HTTP/1.1" 200 30
200.72.197.82 - - [06/Mar/2018:11:32:30 -0300] "GET /cormun/servlet/solicitudot?63e53c12610eba0c3cc6da990a3565c6106c17b835601b3141f01a54ead74ed9e537d8d2bda04102842761f2f3c691768e228f815cafed3bebc9713901120087,gx-no-cache=1520346702995 HTTP/1.1" 200 30
200.72.197.82 - - [06/Mar/2018:11:32:30 -0300] "GET /cormun/servlet/solicitudot?63e53c12610eba0c3cc6da990a3565c6709ccc15d39e08e12bdee51da6fc9ac6,gx-no-cache=1520346703030 HTTP/1.1" 200 53
200.72.197.82 - - [06/Mar/2018:11:32:30 -0300] "POST /cormun/servlet/solicitudot?gx-no-cache=1520346703070 HTTP/1.1" 200 297
200.72.197.82 - - [06/Mar/2018:11:32:30 -0300] "GET /cormun/servlet/solicitudot?63e53c12610eba0c3cc6da990a3565c6254b4f8d470ea7870035f12b33a58d6ac8e6579cdecaece1e3d8b40deaef16a0370c7bc41aa9d220807bb80e602b3b23c0540f7309ea0089724ecafb033e5a34f5c704dfde9d80501590e00ec42e7fc5e6f8a657a7087b631812b52184d12a8516dd502e15df682da26b51b8c78533b602fef512449a2cdd34bbaa5cb9ec919b1e5d2d5ad016a585c39d314be324cc71001920e2ea257c7e1fb977e78abe81f0b31b43b930f8f253e3dd7024ebb2d089c4568228b7473ceab0bec748eca964778e89aea6764635747cfe70c377897a310059f1d7e8dd9ddb017d66cb0d5330232678db221a06a432453db72e348434959d9df7e6f1d6edf64aca6875bbd210146741a80d40217bd476b36d029d79b32c21bad66f25d22d644cbad96cbfe60aff36629a54730fc4bb54d77e77696e425dd42b5fda3d1545f063759a71ae7b2f66432d5d7b34b625c01cc57b50c1f976aa93aee7fc920bb43439319cc997c20f14b8ffb7d6968f78d09fa920ad599536c31e6553d84e552526a1acd60d96a19056,gx-no-cache=1520346703114 HTTP/1.1" 200 30
200.54.247.70 - - [06/Mar/2018:11:32:31 -0300] "POST /cormun/servlet/solicitudot?ed40399f3b8c1a7da9f0ae645d2d547c,INS,0,0,,gx-no-cache=1520346702723 HTTP/1.1" 200 10579
200.72.197.82 - - [06/Mar/2018:11:32:32 -0300] "POST /cormun/servlet/solicitudot?gx-no-cache=1520346705128 HTTP/1.1" 200 30
200.54.247.70 - - [06/Mar/2018:11:32:35 -0300] "GET /cormun/servlet/solicitudot?160ea21b2e840aab10b92583b9daee057fef4961b38b61b923f80eda2d32e05b6e0a324cbbcd9f6e884541afc1486184,gx-no-cache=1520346706152 HTTP/1.1" 200 30
200.72.197.82 - - [06/Mar/2018:11:32:37 -0300] "POST /cormun/servlet/solicitudot?gx-no-cache=1520346709780 HTTP/1.1" 200 297
200.72.197.82 - - [06/Mar/2018:11:32:37 -0300] "GET /cormun/servlet/solicitudot?63e53c12610eba0c3cc6da990a3565c6254b4f8d470ea7870035f12b33a58d6ac8e6579cdecaece1e3d8b40deaef16a0370c7bc41aa9d220807bb80e602b3b23c0540f7309ea0089724ecafb033e5a34f5c704dfde9d80501590e00ec42e7fc5e6f8a657a7087b631812b52184d12a8516dd502e15df682da26b51b8c78533b602fef512449a2cdd34bbaa5cb9ec919b1e5d2d5ad016a585c39d314be324cc71001920e2ea257c7e1fb977e78abe81f0b31b43b930f8f253e3dd7024ebb2d089c4568228b7473ceab0bec748eca964778e89aea6764635747cfe70c377897a310059f1d7e8dd9ddb017d66cb0d5330232678db221a06a432453db72e348434959d9df7e6f1d6edf64aca6875bbd210146741a80d40217bd476b36d029d79b32c21bad66f25d22d644cbad96cbfe60aff36629a54730fc4bb54d77e77696e425dd42b5fda3d1545f063759a71ae7b2f66432d5d7b34b625c01cc57b50c1f976aa93aee7fc920bb43439319cc997c20f144123c1b3d713c5ce60ecf2a3cdb753a01e6553d84e552526a1acd60d96a19056,gx-no-cache=1520346709866 HTTP/1.1" 200 30
200.72.197.82 - - [06/Mar/2018:11:32:37 -0300] "POST /cormun/servlet/solicitudot?gx-no-cache=1520346709941 HTTP/1.1" 200 30
200.72.197.82 - - [06/Mar/2018:11:32:37 -0300] "POST /cormun/servlet/solicitudot?gx-no-cache=1520346710005 HTTP/1.1" 200 1337
200.54.247.70 - - [06/Mar/2018:11:32:37 -0300] "GET /cormun/servlet/solicitudot?160ea21b2e840aab10b92583b9daee059675be8d1623e299580cb3c278a4f0fa8727c52f9bdf8aec877c313c3741161fc42c9ab08305eb209e04189ed55c9c83,gx-no-cache=1520346708477 HTTP/1.1" 200 30
200.72.197.82 - - [06/Mar/2018:11:32:37 -0300] "POST /cormun/servlet/solicitudot?gx-no-cache=1520346710109 HTTP/1.1" 200 38
200.54.247.70 - - [06/Mar/2018:11:32:37 -0300] "GET /cormun/servlet/solicitudot?160ea21b2e840aab10b92583b9daee055d1d61031080841b519668a463ad80ef,gx-no-cache=1520346708520 HTTP/1.1" 200 53
200.54.247.70 - - [06/Mar/2018:11:32:37 -0300] "POST /cormun/servlet/solicitudot?gx-no-cache=1520346708574 HTTP/1.1" 200 297
200.72.197.82 - - [06/Mar/2018:11:32:42 -0300] "GET /cormun/servlet/solicitudot?63e53c12610eba0c3cc6da990a3565c63863da71fbad724d31d17e2869eb0b62ed031fa90ae33f55473bb422d1ff844c4c4e5a19e528caab8a0aeceeaf8cdebd806f8bab3ed522f63e57ad0f1354429f61ed1aeaf1e2fbe073731efa6633877f4c0df972a39d96ca511f265769590e82,gx-no-cache=1520346715049 HTTP/1.1" 200 29
200.72.197.82 - - [06/Mar/2018:11:32:42 -0300] "POST /cormun/servlet/solicitudot?gx-no-cache=1520346715087 HTTP/1.1" 200 1319
200.72.197.82 - - [06/Mar/2018:11:32:42 -0300] "POST /cormun/servlet/solicitudot?gx-no-cache=1520346715135 HTTP/1.1" 200 1218
200.72.197.82 - - [06/Mar/2018:11:32:48 -0300] "GET /cormun/static/menuarrow.gif HTTP/1.1" 404 1015
200.72.197.82 - - [06/Mar/2018:11:32:49 -0300] "GET /cormun/servlet/solicitudot?63e53c12610eba0c3cc6da990a3565c648a5307dccb48366a896d825058f81bf78552d82770b33174f6b8a3500786033,gx-no-cache=1520346722568 HTTP/1.1" 200 30
200.54.247.70 - - [06/Mar/2018:11:32:51 -0300] "GET /cormun/servlet/solicitudot?160ea21b2e840aab10b92583b9daee05fe5a0b81cdc65115aad63471d270b27252249a03c7e06a509f7b44263a0c23f71aee109d1071738df3f313b29b3203292945df2e1daad8e9571593bba4c341c5ffcfc128b45599392745db5fa880eea3716f7b4fc71d75a6625e902d39e4bf93536d979873178c0b950062f7e874c4a5eb2cbbfd9893b505c9d50cb0cd52d2ec2e0fc6b43396022d45ea02537d30e0b84831182fdc9abd81aac12fe534119e57f5fc064c5e5295ce84974a4213eeb0c20399cecc7537a88f6f8966238f0966689076b2e66485a9ed8ca8e2dd75ac48948ccc646e8b7adf9f567569ad5f7a0c12f2aac2e7b14a18568aef13d577cd3bf5b74715c22cf3bc002e00c8790b388cfe544ddf66d6cdf4b756d292912c3cbbb7cded9231633021b9526b13daf4d6b05f1549b355e00a586b5a48e031826f824ee33850c6ab90d7015a5652295eefd0b41eb3bce92f8e6d3629020a0593c9f794bfd3c45bb1d1c9c3da5dcdfceb6a60e17a341d378c89dd13f02fb9a69b5c5da54c8277fc05d2c07b35bdf43ea6c18fe6,gx-no-cache=1520346722209 HTTP/1.1" 200 30
200.72.197.82 - - [06/Mar/2018:11:32:53 -0300] "POST /cormun/servlet/solicitudot?gx-no-cache=1520346726086 HTTP/1.1" 200 30
200.72.197.82 - - [06/Mar/2018:11:33:04 -0300] "POST /cormun/servlet/solicitudot?aa12da75562038ba6db22b3c0754e13c,INS,0,0,,gx-no-cache=1520346736764 HTTP/1.1" 200 93
200.72.197.82 - - [06/Mar/2018:11:33:04 -0300] "GET /cormun/servlet/hpexe_return? HTTP/1.1" 200 1005
200.72.197.82 - - [06/Mar/2018:11:33:04 -0300] "GET /cormun/servlet/trsolicitudot HTTP/1.1" 200 8608
200.72.197.82 - - [06/Mar/2018:11:33:05 -0300] "GET /cormun/servlet/trsolicitudot HTTP/1.1" 200 8604
200.72.197.82 - - [06/Mar/2018:11:33:08 -0300] "POST /cormun/servlet/trsolicitudot?aa12da75562038ba6db22b3c0754e13c,gx-no-cache=1520346740696 HTTP/1.1" 200 4673
200.72.197.82 - - [06/Mar/2018:11:33:08 -0300] "GET /cormun/static/Shared/jqueryui/images/ui-bg_highlight-soft_100_c6c2c8_1x100.png HTTP/1.1" 404 1117
186.103.132.155 - - [06/Mar/2018:11:33:08 -0300] "GET /cormun/static/Shared/jqueryui/images/ui-icons_8d78a5_256x240.png HTTP/1.1" 404 1089
186.103.132.155 - - [06/Mar/2018:11:33:08 -0300] "GET /cormun/static/Shared/jqueryui/images/ui-bg_flat_55_fafafa_40x100.png HTTP/1.1" 404 1097
200.72.197.82 - - [06/Mar/2018:11:33:08 -0300] "GET /cormun/static/Shared/jqueryui/images/ui-icons_82798d_256x240.png HTTP/1.1" 404 1089
186.103.161.206 - - [06/Mar/2018:11:33:08 -0300] "POST /cormun/servlet/trsolicitudot?aa12da75562038ba6db22b3c0754e13c,gx-no-cache=1520346740903 HTTP/1.1" 200 4457
186.103.161.206 - - [06/Mar/2018:11:33:13 -0300] "GET /cormun/servlet/trautorizarsolicitud? HTTP/1.1" 200 8491
186.103.161.206 - - [06/Mar/2018:11:33:13 -0300] "GET /cormun/servlet/trautorizarsolicitud? HTTP/1.1" 200 8491
200.54.247.70 - - [06/Mar/2018:11:33:14 -0300] "POST /cormun/servlet/solicitudot?gx-no-cache=1520346745597 HTTP/1.1" 200 30
186.103.161.206 - - [06/Mar/2018:11:33:16 -0300] "POST /cormun/servlet/trautorizarsolicitud?aa12da75562038ba6db22b3c0754e13c,,gx-no-cache=1520346749380 HTTP/1.1" 200 4604
186.103.132.155 - - [06/Mar/2018:11:33:16 -0300] "GET /cormun/static/Shared/jqueryui/images/ui-icons_82798d_256x240.png HTTP/1.1" 404 1089
186.103.161.206 - - [06/Mar/2018:11:33:16 -0300] "GET /cormun/static/Shared/jqueryui/images/ui-bg_highlight-soft_100_c6c2c8_1x100.png HTTP/1.1" 404 1117
186.103.132.155 - - [06/Mar/2018:11:33:16 -0300] "GET /cormun/static/Shared/jqueryui/images/ui-icons_8d78a5_256x240.png HTTP/1.1" 404 1089
200.72.197.82 - - [06/Mar/2018:11:33:16 -0300] "GET /cormun/static/Shared/jqueryui/images/ui-bg_flat_55_fafafa_40x100.png HTTP/1.1" 404 1097
186.103.161.206 - - [06/Mar/2018:11:33:16 -0300] "POST /cormun/servlet/trautorizarsolicitud?aa12da75562038ba6db22b3c0754e13c,,gx-no-cache=1520346749556 HTTP/1.1" 200 4390
200.54.247.70 - - [06/Mar/2018:11:33:26 -0300] "POST /cormun/servlet/solicitudot?gx-no-cache=1520346757272 HTTP/1.1" 200 1337
200.54.247.70 - - [06/Mar/2018:11:33:26 -0300] "POST /cormun/servlet/solicitudot?gx-no-cache=1520346757470 HTTP/1.1" 200 38
200.54.247.70 - - [06/Mar/2018:11:33:32 -0300] "GET /cormun/servlet/solicitudot?160ea21b2e840aab10b92583b9daee05de509cf2ef5de597f62e4758b132e880403ca5ed041016c7de9aee6cbdc857257c9a10c9240c2564209cda22db1b401003d225997ddc7f1cbb1f953a3a317c6f15988127cac2061f9a934baac1bc2baaec575febe7a25ff670c2b864ead574a2,gx-no-cache=1520346763461 HTTP/1.1" 200 29
200.54.247.70 - - [06/Mar/2018:11:33:32 -0300] "POST /cormun/servlet/solicitudot?gx-no-cache=1520346763524 HTTP/1.1" 200 1318
200.54.247.70 - - [06/Mar/2018:11:33:32 -0300] "POST /cormun/servlet/solicitudot?gx-no-cache=1520346763594 HTTP/1.1" 200 1218
200.54.247.70 - - [06/Mar/2018:11:33:32 -0300] "GET /cormun/static/menuarrow.gif HTTP/1.1" 404 1015
200.54.247.70 - - [06/Mar/2018:11:33:36 -0300] "POST /cormun/servlet/solicitudot?gx-no-cache=1520346767594 HTTP/1.1" 200 1318
200.54.247.70 - - [06/Mar/2018:11:33:36 -0300] "POST /cormun/servlet/solicitudot?gx-no-cache=1520346767650 HTTP/1.1" 200 1218
200.54.247.70 - - [06/Mar/2018:11:33:37 -0300] "GET /cormun/servlet/solicitudot?160ea21b2e840aab10b92583b9daee056a2a23774d74d199bff2dc5c9ad4c58800b793f198cde876bc4fc7dda5572f80,gx-no-cache=1520346769066 HTTP/1.1" 200 30
186.103.157.235 - - [06/Mar/2018:11:33:40 -0300] "GET /cormun/servlet/licenciaspermisos?d7fc1098a059762b9f1b14eed3be7cee4e310e4852c1a4771f9e5fe6def0691d6a669709595e84c11574e31a9b1f4e616a8b345392d9bf4beb4a6ca456eb10029d3a0f63f4bd38459b01ba806dafff588c7e62b957e3bb24a1108983baf85fd374080acfd4788b00c17d8339504bba0538e4f065341d8ec381ac91c5ba2ce3ddc258cda44aa00033e5393d06c9d4bd1287a11dbef92474d25a4259d38cb7a5766d5ff3ad5d06119ae1e7221997d6d53e,gx-no-cache=1520346772433 HTTP/1.1" 200 30
186.103.157.235 - - [06/Mar/2018:11:33:40 -0300] "GET /cormun/servlet/licenciaspermisos?d7fc1098a059762b9f1b14eed3be7cee391a724dddf791f6078a0ed846bd37db7e5c56e8f43c29ddce53b8fc1d34eb181a3f3335d98b3dd5522cfbe738969fc7d9860a51987b823b0afd271d408a1a1b1f4347cbed22d1e08ed75d6d2903555b99ffd332bd35d16644aa59524d72e0fb150bd34288e02232cae2f6fcc04eb9fbf68055e4c57026514a106d8ed2e9714b7f821743ce625585877080b5bc065382f9537b5dcf0fea93cb02e20fce5ca3dd,gx-no-cache=1520346772488 HTTP/1.1" 200 29
186.103.157.235 - - [06/Mar/2018:11:33:40 -0300] "POST /cormun/servlet/licenciaspermisos?59daac873ff7d12bcf09adae54d7e813,INS,0,,,,gx-no-cache=1520346772518 HTTP/1.1" 200 93
186.103.157.235 - - [06/Mar/2018:11:33:40 -0300] "GET /cormun/servlet/hpexe_return? HTTP/1.1" 200 1006
186.103.157.235 - - [06/Mar/2018:11:33:40 -0300] "GET /cormun/static/gxcfg.js?2016101716175148 HTTP/1.1" 200 953
186.103.157.235 - - [06/Mar/2018:11:33:40 -0300] "GET /cormun/static/hpexe_return.js?2016101716175153 HTTP/1.1" 200 1633
186.103.157.235 - - [06/Mar/2018:11:33:40 -0300] "GET /cormun/static/Resources/Spanish/PXTools.css?167811 HTTP/1.1" 200 89042
186.103.157.235 - - [06/Mar/2018:11:33:40 -0300] "GET /cormun/servlet/trlicencias HTTP/1.1" 200 9102
186.103.157.235 - - [06/Mar/2018:11:33:41 -0300] "GET /cormun//static/Resources/PXToolsGridUpdate.png HTTP/1.1" 200 2984
186.103.157.235 - - [06/Mar/2018:11:33:41 -0300] "GET /cormun//static/Resources/PXToolsGridDelete.png HTTP/1.1" 200 357
186.103.157.235 - - [06/Mar/2018:11:33:41 -0300] "GET /cormun/servlet/trlicencias HTTP/1.1" 200 9098
186.103.157.235 - - [06/Mar/2018:11:33:41 -0300] "GET /favicon.ico HTTP/1.1" 200 21630
186.103.157.235 - - [06/Mar/2018:11:33:50 -0300] "GET /cormun/servlet/trlicenciaspermisosadjuntos?17134886,20180306000000,L, HTTP/1.1" 200 6569
186.103.157.235 - - [06/Mar/2018:11:33:50 -0300] "GET /cormun/static/gxcfg.js?20177612163414 HTTP/1.1" 200 953
186.103.157.235 - - [06/Mar/2018:11:33:50 -0300] "GET /cormun/static/trlicenciaspermisosadjuntos.js?20177612163719 HTTP/1.1" 200 21036
186.103.157.235 - - [06/Mar/2018:11:33:50 -0300] "GET /cormun/servlet/trlicenciaspermisosadjuntos?17134886,20180306000000,L, HTTP/1.1" 200 6569
186.103.157.235 - - [06/Mar/2018:11:33:52 -0300] "GET /cormun/servlet/licenciaspermisosadjuntos?INS,17134886,L,20180306000000,, HTTP/1.1" 200 5872
186.103.157.235 - - [06/Mar/2018:11:33:52 -0300] "GET /cormun/static/gxcfg.js?2017761263592 HTTP/1.1" 200 953
186.103.157.235 - - [06/Mar/2018:11:33:52 -0300] "GET /cormun/static/licenciaspermisosadjuntos.js?201776126362 HTTP/1.1" 200 8760
186.103.157.235 - - [06/Mar/2018:11:33:52 -0300] "GET /cormun/static/about:blank HTTP/1.1" 404 1011
186.103.157.235 - - [06/Mar/2018:11:33:53 -0300] "GET /cormun/servlet/licenciaspermisosadjuntos?INS,17134886,L,20180306000000,, HTTP/1.1" 200 5861
200.54.247.70 - - [06/Mar/2018:11:34:02 -0300] "POST /cormun/servlet/solicitudot?gx-no-cache=1520346793705 HTTP/1.1" 200 1318
200.54.247.70 - - [06/Mar/2018:11:34:02 -0300] "POST /cormun/servlet/solicitudot?gx-no-cache=1520346793807 HTTP/1.1" 200 1218
200.54.247.70 - - [06/Mar/2018:11:34:03 -0300] "POST /cormun/servlet/solicitudot?gx-no-cache=1520346794919 HTTP/1.1" 200 30
200.54.247.70 - - [06/Mar/2018:11:34:04 -0300] "POST /cormun/servlet/solicitudot?ed40399f3b8c1a7da9f0ae645d2d547c,INS,0,0,,gx-no-cache=1520346794956 HTTP/1.1" 200 93
200.54.247.70 - - [06/Mar/2018:11:34:04 -0300] "GET /cormun/servlet/hpexe_return? HTTP/1.1" 200 1005
200.54.247.70 - - [06/Mar/2018:11:34:04 -0300] "GET /cormun/servlet/trsolicitudot HTTP/1.1" 200 8805
200.86.99.60 - - [06/Mar/2018:11:34:04 -0300] "GET /cormun/servlet/hlogin HTTP/1.1" 200 1722
200.86.99.60 - - [06/Mar/2018:11:34:05 -0300] "GET /cormun/servlet/hlogin HTTP/1.1" 200 1732
200.86.99.60 - - [06/Mar/2018:11:34:07 -0300] "POST /cormun/servlet/hlogin?cf0dfdbce57a8856dace41e54616e39d,gx-no-cache=1520346798140 HTTP/1.1" 200 90
200.86.99.60 - - [06/Mar/2018:11:34:07 -0300] "GET /cormun/servlet/hpexe_link HTTP/1.1" 200 953
200.86.99.60 - - [06/Mar/2018:11:34:07 -0300] "GET /cormun/servlet/hhome HTTP/1.1" 200 4150
200.86.99.60 - - [06/Mar/2018:11:34:08 -0300] "GET /cormun/servlet/hhome HTTP/1.1" 200 4146
200.54.247.70 - - [06/Mar/2018:11:34:09 -0300] "POST /cormun/servlet/trsolicitudot?ed40399f3b8c1a7da9f0ae645d2d547c,gx-no-cache=1520346800418 HTTP/1.1" 200 4677
200.54.247.70 - - [06/Mar/2018:11:34:10 -0300] "POST /cormun/servlet/trsolicitudot?ed40399f3b8c1a7da9f0ae645d2d547c,gx-no-cache=1520346801380 HTTP/1.1" 200 4446
200.54.247.70 - - [06/Mar/2018:11:34:10 -0300] "GET /cormun/static/Shared/jqueryui/images/ui-icons_8d78a5_256x240.png HTTP/1.1" 404 1089
200.54.247.70 - - [06/Mar/2018:11:34:10 -0300] "GET /cormun/static/Shared/jqueryui/images/ui-bg_highlight-soft_100_c6c2c8_1x100.png HTTP/1.1" 404 1117
200.54.247.70 - - [06/Mar/2018:11:34:10 -0300] "GET /cormun/static/Shared/jqueryui/images/ui-icons_82798d_256x240.png HTTP/1.1" 404 1089
200.54.247.70 - - [06/Mar/2018:11:34:10 -0300] "GET /cormun/static/Shared/jqueryui/images/ui-bg_flat_55_fafafa_40x100.png HTTP/1.1" 404 1097
200.86.99.60 - - [06/Mar/2018:11:34:13 -0300] "GET /cormun/servlet/trvisualizadoreventos? HTTP/1.1" 200 6900
200.54.247.70 - - [06/Mar/2018:11:34:14 -0300] "GET /cormun/servlet/trautorizarsolicitud? HTTP/1.1" 200 8702
200.86.99.60 - - [06/Mar/2018:11:34:14 -0300] "GET /cormun/servlet/trvisualizadoreventos? HTTP/1.1" 200 6899
200.54.247.70 - - [06/Mar/2018:11:34:16 -0300] "POST /cormun/servlet/trautorizarsolicitud?ed40399f3b8c1a7da9f0ae645d2d547c,,gx-no-cache=1520346807748 HTTP/1.1" 200 4615
200.86.99.60 - - [06/Mar/2018:11:34:17 -0300] "GET /cormun/servlet/trcontratosolicitud? HTTP/1.1" 200 10204
200.86.99.60 - - [06/Mar/2018:11:34:18 -0300] "GET /cormun/servlet/trcontratosolicitud? HTTP/1.1" 200 10204
200.54.247.70 - - [06/Mar/2018:11:34:20 -0300] "POST /cormun/servlet/trautorizarsolicitud?ed40399f3b8c1a7da9f0ae645d2d547c,,gx-no-cache=1520346811039 HTTP/1.1" 200 4382
200.54.247.70 - - [06/Mar/2018:11:34:26 -0300] "GET /cormun/static/Shared/jqueryui/images/ui-icons_8d78a5_256x240.png HTTP/1.1" 404 1089
200.54.247.70 - - [06/Mar/2018:11:34:26 -0300] "GET /cormun/static/Shared/jqueryui/images/ui-bg_highlight-soft_100_c6c2c8_1x100.png HTTP/1.1" 404 1117
200.54.247.70 - - [06/Mar/2018:11:34:26 -0300] "GET /cormun/static/Shared/jqueryui/images/ui-icons_82798d_256x240.png HTTP/1.1" 404 1089
200.54.247.70 - - [06/Mar/2018:11:34:26 -0300] "GET /cormun/static/Shared/jqueryui/images/ui-bg_flat_55_fafafa_40x100.png HTTP/1.1" 404 1097
186.103.157.235 - - [06/Mar/2018:11:34:30 -0300] "POST /cormun/servlet/licenciaspermisosadjuntos?59daac873ff7d12bcf09adae54d7e813,INS,17134886,L,20180306000000,, HTTP/1.1" 200 116
186.103.157.235 - - [06/Mar/2018:11:34:30 -0300] "GET /cormun/servlet/hpexe_return? HTTP/1.1" 200 1037
186.103.157.235 - - [06/Mar/2018:11:34:30 -0300] "GET /cormun/servlet/trlicenciaspermisosadjuntos?17134886,20180306000000,L, HTTP/1.1" 200 7083
186.103.157.235 - - [06/Mar/2018:11:34:30 -0300] "GET /cormun/servlet/trlicenciaspermisosadjuntos?17134886,20180306000000,L, HTTP/1.1" 200 7079
200.54.247.70 - - [06/Mar/2018:11:34:31 -0300] "GET /cormun/servlet/trsolicitudot? HTTP/1.1" 200 7438
200.54.247.70 - - [06/Mar/2018:11:34:34 -0300] "GET /cormun/servlet/solicitudot?INS,0,0, HTTP/1.1" 200 13679
186.103.157.235 - - [06/Mar/2018:11:34:34 -0300] "POST /cormun/servlet/trlicenciaspermisosadjuntos?59daac873ff7d12bcf09adae54d7e813,17134886,20180306000000,L,,gx-no-cache=1520346826591 HTTP/1.1" 200 90
186.103.157.235 - - [06/Mar/2018:11:34:34 -0300] "GET /cormun/servlet/hpexe_link HTTP/1.1" 200 980
186.103.157.235 - - [06/Mar/2018:11:34:34 -0300] "GET /cormun/servlet/trlicencias HTTP/1.1" 200 9100
186.103.157.235 - - [06/Mar/2018:11:34:35 -0300] "GET /cormun/servlet/trlicencias HTTP/1.1" 200 9098
200.86.99.60 - - [06/Mar/2018:11:34:38 -0300] "GET /cormun/servlet/trvisualizadoreventos? HTTP/1.1" 200 6899
200.86.99.60 - - [06/Mar/2018:11:34:38 -0300] "GET /cormun/servlet/trvisualizadoreventos? HTTP/1.1" 200 6899
186.103.157.235 - - [06/Mar/2018:11:34:40 -0300] "POST /cormun/servlet/trlicencias?59daac873ff7d12bcf09adae54d7e813,gx-no-cache=1520346831898 HTTP/1.1" 200 6318
186.103.157.235 - - [06/Mar/2018:11:34:40 -0300] "GET /cormun/static/Shared/jqueryui/images/ui-bg_highlight-soft_100_c6c2c8_1x100.png HTTP/1.1" 404 1117
186.103.157.235 - - [06/Mar/2018:11:34:40 -0300] "GET /cormun/static/Shared/jqueryui/images/ui-icons_82798d_256x240.png HTTP/1.1" 404 1089
186.103.157.235 - - [06/Mar/2018:11:34:40 -0300] "GET /cormun/static/Shared/jqueryui/images/ui-bg_flat_55_fafafa_40x100.png HTTP/1.1" 404 1097
186.103.157.235 - - [06/Mar/2018:11:34:40 -0300] "GET /cormun/static/Shared/jqueryui/images/ui-icons_8d78a5_256x240.png HTTP/1.1" 404 1089
186.103.157.235 - - [06/Mar/2018:11:34:47 -0300] "GET /cormun/servlet/alicenciaprn?17134886,L,20180306000000,PU HTTP/1.1" 200 1538
200.86.99.60 - - [06/Mar/2018:11:34:49 -0300] "POST /cormun/servlet/trvisualizadoreventos?cf0dfdbce57a8856dace41e54616e39d,,gx-no-cache=1520346840397 HTTP/1.1" 200 4139
200.86.99.60 - - [06/Mar/2018:11:35:03 -0300] "POST /cormun/servlet/trvisualizadoreventos?cf0dfdbce57a8856dace41e54616e39d,,gx-no-cache=1520346854428 HTTP/1.1" 200 4139
200.86.99.60 - - [06/Mar/2018:11:35:06 -0300] "GET /cormun/static/menuarrow.gif HTTP/1.1" 404 1015
200.86.99.60 - - [06/Mar/2018:11:35:15 -0300] "POST /cormun/servlet/trvisualizadoreventos?cf0dfdbce57a8856dace41e54616e39d,,gx-no-cache=1520346866341 HTTP/1.1" 200 4148
200.86.99.60 - - [06/Mar/2018:11:35:22 -0300] "POST /cormun/servlet/trvisualizadoreventos?cf0dfdbce57a8856dace41e54616e39d,,gx-no-cache=1520346873351 HTTP/1.1" 200 4147
200.86.99.60 - - [06/Mar/2018:11:35:30 -0300] "POST /cormun/servlet/trvisualizadoreventos?cf0dfdbce57a8856dace41e54616e39d,,gx-no-cache=1520346882083 HTTP/1.1" 200 4151
200.54.247.70 - - [06/Mar/2018:11:35:34 -0300] "POST /cormun/servlet/solicitudot?gx-no-cache=1520346885128 HTTP/1.1" 200 3293
200.54.247.70 - - [06/Mar/2018:11:35:34 -0300] "POST /cormun/servlet/solicitudot?ed40399f3b8c1a7da9f0ae645d2d547c,INS,0,0,,gx-no-cache=1520346885439 HTTP/1.1" 200 10446
200.86.99.60 - - [06/Mar/2018:11:35:37 -0300] "POST /cormun/servlet/trvisualizadoreventos?cf0dfdbce57a8856dace41e54616e39d,,gx-no-cache=1520346888366 HTTP/1.1" 200 4152
200.86.99.60 - - [06/Mar/2018:11:35:43 -0300] "POST /cormun/servlet/trvisualizadoreventos?cf0dfdbce57a8856dace41e54616e39d,,gx-no-cache=1520346894512 HTTP/1.1" 200 4149
200.86.99.60 - - [06/Mar/2018:11:35:48 -0300] "POST /cormun/servlet/trvisualizadoreventos?cf0dfdbce57a8856dace41e54616e39d,,gx-no-cache=1520346898999 HTTP/1.1" 200 4707
200.54.247.70 - - [06/Mar/2018:11:35:49 -0300] "POST /cormun/servlet/solicitudot?gx-no-cache=1520346900378 HTTP/1.1" 200 3403
200.54.247.70 - - [06/Mar/2018:11:35:51 -0300] "POST /cormun/servlet/solicitudot?ed40399f3b8c1a7da9f0ae645d2d547c,INS,0,0,,gx-no-cache=1520346902855 HTTP/1.1" 200 10626
200.54.247.70 - - [06/Mar/2018:11:35:54 -0300] "GET /cormun/servlet/solicitudot?160ea21b2e840aab10b92583b9daee0586fec38a58518737c3b06aa0e35f990c6e0a324cbbcd9f6e884541afc1486184,gx-no-cache=1520346905678 HTTP/1.1" 200 30
200.54.247.70 - - [06/Mar/2018:11:35:54 -0300] "GET /cormun/servlet/solicitudot?160ea21b2e840aab10b92583b9daee051ea104c416d065c5c86fc07457b60ebd4889541561330dc1f4b304acc86872d72979686e0af4ed540fe587e9cdf27d18,gx-no-cache=1520346905716 HTTP/1.1" 200 30
200.54.247.70 - - [06/Mar/2018:11:35:54 -0300] "GET /cormun/servlet/solicitudot?160ea21b2e840aab10b92583b9daee0564e30c09381a3ef5e5effe4f99b9eb32,gx-no-cache=1520346905820 HTTP/1.1" 200 123
200.54.247.70 - - [06/Mar/2018:11:35:56 -0300] "POST /cormun/servlet/solicitudot?gx-no-cache=1520346907652 HTTP/1.1" 200 297
200.54.247.70 - - [06/Mar/2018:11:35:56 -0300] "GET /cormun/servlet/solicitudot?160ea21b2e840aab10b92583b9daee05fe5a0b81cdc65115aad63471d270b27252249a03c7e06a509f7b44263a0c23f71aee109d1071738df3f313b29b3203292945df2e1daad8e9571593bba4c341c5ffcfc128b45599392745db5fa880eea3716f7b4fc71d75a6625e902d39e4bf93536d979873178c0b950062f7e874c4a5eb2cbbfd9893b505c9d50cb0cd52d2ec2e0fc6b43396022d45ea02537d30e0b84831182fdc9abd81aac12fe534119e57f5fc064c5e5295ce84974a4213eeb0c20399cecc7537a88f6f8966238f0966689076b2e66485a9ed8ca8e2dd75ac48948ccc646e8b7adf9f567569ad5f7a0c12f2aac2e7b14a18568aef13d577cd3bf5b74715c22cf3bc002e00c8790b388cfe544ddf66d6cdf4b756d292912c3cbbb7cded9231633021b9526b13daf4d6b05f1549b355e00a586b5a48e031826f824ee33850c6ab90d7015a5652295eefd0b41eb3bce92f8e6d3629020a0593c9f794bfd3c45bb1d1c9c3da5dcdfceb6a60e17a341d378c89dd13f02fb9a69b5c5da54c8277fc05d2c07b35bdf43ea6c18fe6,gx-no-cache=1520346907716 HTTP/1.1" 200 30
200.54.247.70 - - [06/Mar/2018:11:35:58 -0300] "GET /cormun/static/Shared/jqueryui/images/ui-icons_82798d_256x240.png HTTP/1.1" 404 1089
200.54.247.70 - - [06/Mar/2018:11:35:58 -0300] "GET /cormun/static/Shared/jqueryui/images/ui-bg_flat_55_994d53_40x100.png HTTP/1.1" 404 1097
200.54.247.70 - - [06/Mar/2018:11:35:58 -0300] "GET /cormun/static/Shared/jqueryui/images/ui-icons_ebccce_256x240.png HTTP/1.1" 404 1089
200.54.247.70 - - [06/Mar/2018:11:35:58 -0300] "GET /cormun/static/Shared/jqueryui/images/ui-bg_highlight-soft_100_c6c2c8_1x100.png HTTP/1.1" 404 1117
200.86.99.60 - - [06/Mar/2018:11:36:00 -0300] "POST /cormun/servlet/trvisualizadoreventos?cf0dfdbce57a8856dace41e54616e39d,,gx-no-cache=1520346911582 HTTP/1.1" 200 4657
200.54.247.70 - - [06/Mar/2018:11:36:02 -0300] "POST /cormun/servlet/solicitudot?gx-no-cache=1520346913075 HTTP/1.1" 200 30
200.86.99.60 - - [06/Mar/2018:11:36:15 -0300] "POST /cormun/servlet/trvisualizadoreventos?cf0dfdbce57a8856dace41e54616e39d,,gx-no-cache=1520346926896 HTTP/1.1" 200 4707
200.86.99.60 - - [06/Mar/2018:11:36:28 -0300] "POST /cormun/servlet/trvisualizadoreventos?cf0dfdbce57a8856dace41e54616e39d,,gx-no-cache=1520346938930 HTTP/1.1" 200 4704
186.103.161.206 - - [06/Mar/2018:11:36:42 -0300] "GET /cormun/servlet/hlogin HTTP/1.1" 200 1717
200.86.99.60 - - [06/Mar/2018:11:36:42 -0300] "POST /cormun/servlet/trvisualizadoreventos?cf0dfdbce57a8856dace41e54616e39d,,gx-no-cache=1520346953784 HTTP/1.1" 200 4152
186.103.161.206 - - [06/Mar/2018:11:36:47 -0300] "GET /cormun/servlet/hlogin HTTP/1.1" 200 1717
200.86.99.60 - - [06/Mar/2018:11:36:49 -0300] "POST /cormun/servlet/trvisualizadoreventos?cf0dfdbce57a8856dace41e54616e39d,,gx-no-cache=1520346960454 HTTP/1.1" 200 4151
200.86.99.60 - - [06/Mar/2018:11:36:54 -0300] "POST /cormun/servlet/trvisualizadoreventos?cf0dfdbce57a8856dace41e54616e39d,,gx-no-cache=1520346965588 HTTP/1.1" 200 4151
200.86.99.60 - - [06/Mar/2018:11:36:59 -0300] "POST /cormun/servlet/trvisualizadoreventos?cf0dfdbce57a8856dace41e54616e39d,,gx-no-cache=1520346970311 HTTP/1.1" 200 4151
186.103.161.206 - - [06/Mar/2018:11:37:00 -0300] "POST /cormun/servlet/hlogin?7ce39c9d0d6d996bcd4885a4dbd52bb7,gx-no-cache=1520346969633 HTTP/1.1" 200 90
186.103.161.206 - - [06/Mar/2018:11:37:00 -0300] "GET /cormun/servlet/hpexe_link HTTP/1.1" 200 947
186.103.161.206 - - [06/Mar/2018:11:37:00 -0300] "GET /cormun/servlet/hhome HTTP/1.1" 200 4188
186.103.161.206 - - [06/Mar/2018:11:37:02 -0300] "GET /cormun/servlet/hhome HTTP/1.1" 200 4184
192.168.10.50 - - [06/Mar/2018:11:37:04 -0300] "GET /cormun/servlet/trsolicitudgral? HTTP/1.1" 200 28124
192.168.10.50 - - [06/Mar/2018:11:37:06 -0300] "GET /cormun/servlet/trsolicitudgral? HTTP/1.1" 200 28121
186.103.161.206 - - [06/Mar/2018:11:37:08 -0300] "GET /cormun/servlet/trlicencias? HTTP/1.1" 200 8232
186.103.161.206 - - [06/Mar/2018:11:37:08 -0300] "GET /cormun/static/gxcfg.js?20176272054169 HTTP/1.1" 200 953
186.103.161.206 - - [06/Mar/2018:11:37:09 -0300] "GET /cormun/static/trlicencias.js?20176272054837 HTTP/1.1" 200 41883
200.86.99.60 - - [06/Mar/2018:11:37:10 -0300] "GET /cormun/servlet/trcontratoobservaciondir? HTTP/1.1" 200 6974
200.86.99.60 - - [06/Mar/2018:11:37:10 -0300] "GET /cormun/static/gxcfg.js?20175251262281 HTTP/1.1" 200 953
200.86.99.60 - - [06/Mar/2018:11:37:10 -0300] "GET /cormun/static/trcontratoobservaciondir.js?20175251262715 HTTP/1.1" 200 27185
200.72.197.82 - - [06/Mar/2018:11:37:10 -0300] "GET /cormun/static/Resources/Spanish/PXTools.css?17315867 HTTP/1.1" 200 89042
200.86.99.60 - - [06/Mar/2018:11:37:10 -0300] "GET /cormun/servlet/trcontratoobservaciondir? HTTP/1.1" 200 6974
186.103.161.206 - - [06/Mar/2018:11:37:12 -0300] "GET /cormun//static/Resources/PXToolsActionDisabled.gif HTTP/1.1" 200 53
200.72.197.82 - - [06/Mar/2018:11:37:12 -0300] "GET /cormun//static/Resources/PXToolsGridDisplay.png HTTP/1.1" 200 362
200.111.122.170 - - [06/Mar/2018:11:37:12 -0300] "GET /cormun//static/Resources/PXToolsActionPrint.png HTTP/1.1" 200 3317
200.72.197.82 - - [06/Mar/2018:11:37:12 -0300] "GET /cormun//static/Resources/PXToolsHeaderHelp.png HTTP/1.1" 200 4055
186.103.132.155 - - [06/Mar/2018:11:37:12 -0300] "GET /cormun//static/Resources/PXToolsHeaderFavorites.png HTTP/1.1" 200 2744
200.72.197.82 - - [06/Mar/2018:11:37:12 -0300] "GET /cormun/servlet/trlicencias? HTTP/1.1" 200 8229
192.168.10.50 - - [06/Mar/2018:11:37:15 -0300] "POST /cormun/servlet/trsolicitudgral?6e4a86865754e648633059486df32453,,gx-no-cache=1520346874941 HTTP/1.1" 200 7297
200.86.99.60 - - [06/Mar/2018:11:37:26 -0300] "GET /cormun/servlet/trcontratounov2? HTTP/1.1" 200 14616
200.86.99.60 - - [06/Mar/2018:11:37:26 -0300] "GET /cormun/static/gxcfg.js?201752512124396 HTTP/1.1" 304 -
200.86.99.60 - - [06/Mar/2018:11:37:27 -0300] "GET /cormun/servlet/trcontratounov2? HTTP/1.1" 200 14613
186.103.157.42 - - [06/Mar/2018:11:37:27 -0300] "GET /cormun/servlet/trsolicitudadjuntos?2017,6996, HTTP/1.1" 200 8734
186.103.157.42 - - [06/Mar/2018:11:37:28 -0300] "GET /cormun/static/gxui/gxui-all.css?110300 HTTP/1.1" 200 2179
186.103.157.42 - - [06/Mar/2018:11:37:28 -0300] "GET /cormun/static/calendar-system.css?75620 HTTP/1.1" 200 5572
186.103.157.42 - - [06/Mar/2018:11:37:28 -0300] "GET /cormun/static/SmoothNavMenu/resources/ddsmoothmenu.css?1012540 HTTP/1.1" 200 2223
186.103.157.42 - - [06/Mar/2018:11:37:28 -0300] "GET /cormun/static/SmoothNavMenu/resources/ddsmoothmenu-v.css?1012540 HTTP/1.1" 200 1188
186.103.157.42 - - [06/Mar/2018:11:37:28 -0300] "GET /cormun/static/Shared/jqueryui/jquery-ui.min.css?1245370 HTTP/1.1" 200 30288
186.103.157.42 - - [06/Mar/2018:11:37:28 -0300] "GET /cormun/static/Resources/Spanish/PXTools.css?1155365 HTTP/1.1" 200 89042
186.103.157.42 - - [06/Mar/2018:11:37:28 -0300] "GET /cormun/static/scaMessage/css/jquery.pnotify.default.css?1716380 HTTP/1.1" 200 1707
186.103.157.42 - - [06/Mar/2018:11:37:28 -0300] "GET /cormun/static/gxtimezone.js?85251 HTTP/1.1" 200 5781
186.103.157.42 - - [06/Mar/2018:11:37:28 -0300] "GET /cormun/static/gxcfg.js?20177612135366 HTTP/1.1" 200 953
186.103.157.42 - - [06/Mar/2018:11:37:28 -0300] "GET /cormun/static/calendar.js?85251 HTTP/1.1" 200 26246
186.103.157.42 - - [06/Mar/2018:11:37:28 -0300] "GET /cormun/static/calendar-es.js?85251 HTTP/1.1" 200 1901
186.103.157.42 - - [06/Mar/2018:11:37:28 -0300] "GET /cormun/static/calendar-setup.js?85251 HTTP/1.1" 200 2588
186.103.157.42 - - [06/Mar/2018:11:37:28 -0300] "GET /cormun/static/RunJS/RunJS.js HTTP/1.1" 200 288
186.103.157.42 - - [06/Mar/2018:11:37:28 -0300] "GET /cormun/static/PXToolsJavascripts/pexe_autoreload.js HTTP/1.1" 200 1762
186.103.157.42 - - [06/Mar/2018:11:37:28 -0300] "GET /cormun/static/Shared/ext/resources/css/ext-all.css?205870 HTTP/1.1" 200 416045
186.103.157.42 - - [06/Mar/2018:11:37:28 -0300] "GET /cormun/static/gxgral.js?85251 HTTP/1.1" 200 384558
186.103.157.42 - - [06/Mar/2018:11:37:29 -0300] "GET /cormun/static/gxui/gxui-all.js HTTP/1.1" 200 107772
186.103.157.42 - - [06/Mar/2018:11:37:29 -0300] "GET /cormun/static/PXToolsJavascripts/pexe_grid.js HTTP/1.1" 200 7559
186.103.157.42 - - [06/Mar/2018:11:37:29 -0300] "GET /cormun/static/PXToolsJavascripts/pexe_griddivfix.js HTTP/1.1" 200 6644
186.103.157.42 - - [06/Mar/2018:11:37:29 -0300] "GET /cormun/static/PXToolsJavascripts/pexe_link.js HTTP/1.1" 200 5671
186.103.157.42 - - [06/Mar/2018:11:37:29 -0300] "GET /cormun/static/PXToolsJavascripts/pexe_menudivfix.js HTTP/1.1" 200 333
186.103.157.42 - - [06/Mar/2018:11:37:29 -0300] "GET /cormun/static/PXToolsJavascripts/pexe_windows.js HTTP/1.1" 200 15207
186.103.157.42 - - [06/Mar/2018:11:37:29 -0300] "GET /cormun/static/PXToolsJavascripts/pexe_cookies.js HTTP/1.1" 200 792
186.103.157.42 - - [06/Mar/2018:11:37:29 -0300] "GET /cormun/static/PXToolsJavascripts/pexe_menus.js HTTP/1.1" 200 1286
186.103.157.42 - - [06/Mar/2018:11:37:29 -0300] "GET /cormun/static/PXToolsJavascripts/pexe_layers.js HTTP/1.1" 200 4114
186.103.157.42 - - [06/Mar/2018:11:37:29 -0300] "GET /cormun/static/PXToolsJavascripts/pexe_oav.js HTTP/1.1" 200 645
186.103.157.42 - - [06/Mar/2018:11:37:29 -0300] "GET /cormun/static/PXToolsJavascripts/pexe_oavdivfix.js HTTP/1.1" 200 639
186.103.157.42 - - [06/Mar/2018:11:37:29 -0300] "GET /cormun/static/PXToolsJavascripts/pexe_picture.js HTTP/1.1" 200 689
186.103.157.42 - - [06/Mar/2018:11:37:29 -0300] "GET /cormun/static/PXToolsJavascripts/pexe_popup.js HTTP/1.1" 200 13458
186.103.157.42 - - [06/Mar/2018:11:37:29 -0300] "GET /cormun/static/PXToolsJavascripts/pexe_tabs.js HTTP/1.1" 200 3748
186.103.157.42 - - [06/Mar/2018:11:37:29 -0300] "GET /cormun/static/PXToolsJavascripts/pexe_scrolldiv.js HTTP/1.1" 200 4138
186.103.157.42 - - [06/Mar/2018:11:37:29 -0300] "GET /cormun/static/PXToolsJavascripts/pexe_tabdivfix.js HTTP/1.1" 200 876
186.103.157.42 - - [06/Mar/2018:11:37:29 -0300] "GET /cormun/static/Shared/ext/ext-all.js HTTP/1.1" 200 1289687
186.103.157.42 - - [06/Mar/2018:11:37:30 -0300] "GET /cormun/static/PXToolsJavascripts/PXToolsJavascriptsRender.js HTTP/1.1" 200 367
186.103.157.42 - - [06/Mar/2018:11:37:30 -0300] "GET /cormun/static/PXToolsJavascripts/pexe_upload.js HTTP/1.1" 200 1423
192.168.10.50 - - [06/Mar/2018:11:37:30 -0300] "GET /cormun/static/menuarrow.gif HTTP/1.1" 404 1015
186.103.157.42 - - [06/Mar/2018:11:37:31 -0300] "GET /cormun/static/Shared/ext/locale/ext-lang-en.js HTTP/1.1" 200 10940
186.103.157.42 - - [06/Mar/2018:11:37:31 -0300] "GET /cormun/static/messages.spa.js?85251 HTTP/1.1" 200 30736
186.103.157.42 - - [06/Mar/2018:11:37:31 -0300] "GET /cormun/static/gxdec.js?85251 HTTP/1.1" 200 19579
186.103.157.42 - - [06/Mar/2018:11:37:31 -0300] "GET /cormun/static/trsolicitudadjuntos.js?20177612135632 HTTP/1.1" 200 17922
186.103.157.42 - - [06/Mar/2018:11:37:31 -0300] "GET /cormun/static/hwchdr01.js?201752511465785 HTTP/1.1" 200 1183
186.103.157.42 - - [06/Mar/2018:11:37:31 -0300] "GET /cormun/static/hpexe_recentlink.js?20177611595044 HTTP/1.1" 200 2144
186.103.157.42 - - [06/Mar/2018:11:37:31 -0300] "GET /cormun/static/hpexe_messagepopupcomponent.js?20161017169425 HTTP/1.1" 200 605
186.103.157.42 - - [06/Mar/2018:11:37:31 -0300] "GET /cormun/static/hpexe_messagegenexuscomponent.js?201752511465344 HTTP/1.1" 200 587
186.103.157.42 - - [06/Mar/2018:11:37:31 -0300] "GET /cormun/static/hpexe_scripts.js?201752511465715 HTTP/1.1" 200 1544
186.103.157.42 - - [06/Mar/2018:11:37:31 -0300] "GET /cormun/static/hpexe_messagecontroller.js?20177611595012 HTTP/1.1" 200 870
186.103.157.42 - - [06/Mar/2018:11:37:31 -0300] "GET /cormun/static/cmcontrolpreferences.js?201752511465670 HTTP/1.1" 200 1375
186.103.157.42 - - [06/Mar/2018:11:37:32 -0300] "GET /cormun/static/SmoothNavMenu/resources/ddsmoothmenu.js HTTP/1.1" 200 12712
186.103.157.42 - - [06/Mar/2018:11:37:32 -0300] "GET /cormun/static/SmoothNavMenu/resources/SmoothNavMenuRender.js HTTP/1.1" 200 5951
186.103.157.42 - - [06/Mar/2018:11:37:32 -0300] "GET /cormun/static/Shared/jquery/jquery-1.4.2.min.js HTTP/1.1" 200 72174
186.103.157.42 - - [06/Mar/2018:11:37:32 -0300] "GET /cormun/static/Resources/PXToolsHeaderHome.png HTTP/1.1" 200 4147
186.103.157.42 - - [06/Mar/2018:11:37:32 -0300] "GET /cormun/static/Resources/PXToolsFooterBackground2.png HTTP/1.1" 200 1172
186.103.157.42 - - [06/Mar/2018:11:37:32 -0300] "GET /cormun/static/Resources/PXToolsHeaderBackground2.png HTTP/1.1" 200 1174
186.103.157.42 - - [06/Mar/2018:11:37:32 -0300] "GET /cormun/static/Shared/jquery/jquery-1.10.2.min.js HTTP/1.1" 200 273199
186.103.157.42 - - [06/Mar/2018:11:37:32 -0300] "GET /cormun/static/Resources/PXToolsDataTitle.png HTTP/1.1" 200 1173
186.103.157.42 - - [06/Mar/2018:11:37:33 -0300] "GET /cormun/static/Shared/jqueryui/jquery-ui.min.js HTTP/1.1" 200 240427
186.103.157.42 - - [06/Mar/2018:11:37:33 -0300] "GET /cormun/static/Resources/PXToolsGridPage.gif HTTP/1.1" 200 725
186.103.157.42 - - [06/Mar/2018:11:37:33 -0300] "GET /cormun/static/Resources/PXToolsHeaderPreferences.png HTTP/1.1" 200 4189
186.103.157.42 - - [06/Mar/2018:11:37:33 -0300] "GET /cormun/static/Resources/PXToolsHeaderActionsRight.png HTTP/1.1" 200 1201
186.103.157.42 - - [06/Mar/2018:11:37:33 -0300] "GET /cormun/static/Resources/PXToolsHeaderActionsBackground.png HTTP/1.1" 200 484
186.103.157.42 - - [06/Mar/2018:11:37:33 -0300] "GET /cormun/static/Resources/PXToolsGridNextDisabled.gif HTTP/1.1" 200 90
186.103.157.42 - - [06/Mar/2018:11:37:33 -0300] "GET /cormun/static/Resources/PXToolsHeaderLogin.png HTTP/1.1" 200 4279
186.103.157.42 - - [06/Mar/2018:11:37:33 -0300] "GET /cormun/static/Resources/PXToolsGridPreviousDisabled.gif HTTP/1.1" 200 90
186.103.157.42 - - [06/Mar/2018:11:37:33 -0300] "GET /cormun/static/Resources/PXToolsGridFirstDisabled.gif HTTP/1.1" 200 100
186.103.157.42 - - [06/Mar/2018:11:37:33 -0300] "GET /cormun/static/Resources/PXToolsHeaderActionsLeft.png HTTP/1.1" 200 1118
186.103.157.42 - - [06/Mar/2018:11:37:33 -0300] "GET /cormun/static/Resources/PXToolsGridLastDisabled.gif HTTP/1.1" 200 98
186.103.157.42 - - [06/Mar/2018:11:37:33 -0300] "GET /cormun/static/Resources/PXToolsHeaderSecurity.png HTTP/1.1" 200 4166
186.103.157.42 - - [06/Mar/2018:11:37:33 -0300] "GET /cormun/static/scaMessage/js/jquery.pnotify.min.js HTTP/1.1" 200 13038
186.103.157.42 - - [06/Mar/2018:11:37:34 -0300] "GET /cormun/static/scaMessage/scaMessageRender.js HTTP/1.1" 200 11977
186.103.157.42 - - [06/Mar/2018:11:37:34 -0300] "GET /cormun/static/hmpwkw03.js?20177612122668 HTTP/1.1" 200 3965
186.103.157.42 - - [06/Mar/2018:11:37:34 -0300] "GET /cormun/static/Resources/PXToolsGridNew.png HTTP/1.1" 200 2949
186.103.157.42 - - [06/Mar/2018:11:37:34 -0300] "GET /cormun/static/Resources/logo4.png HTTP/1.1" 200 6582
186.103.157.42 - - [06/Mar/2018:11:37:35 -0300] "GET /cormun/servlet/trsolicitudadjuntos?2017,6996, HTTP/1.1" 200 8753
186.103.157.42 - - [06/Mar/2018:11:37:35 -0300] "GET /cormun//static/Resources/PXToolsActionDisabled.gif HTTP/1.1" 200 53
186.103.157.42 - - [06/Mar/2018:11:37:35 -0300] "GET /cormun/static/Resources/indicator.gif HTTP/1.1" 200 1553
186.103.157.42 - - [06/Mar/2018:11:37:35 -0300] "GET /cormun/static/Resources/asc.gif HTTP/1.1" 200 67
186.103.157.42 - - [06/Mar/2018:11:37:35 -0300] "GET /cormun/static/Resources/desc.gif HTTP/1.1" 200 65
186.103.157.42 - - [06/Mar/2018:11:37:35 -0300] "GET /cormun/static/Shared/ext/resources/themes/images/default/panel/bg-headersPanel.png HTTP/1.1" 200 255
186.103.157.42 - - [06/Mar/2018:11:37:35 -0300] "GET /cormun/static/Shared/ext/resources/themes/images/default/tools/tool-sprites.gif HTTP/1.1" 200 5434
192.168.10.50 - - [06/Mar/2018:11:37:51 -0300] "POST /cormun/servlet/trsolicitudgral?6e4a86865754e648633059486df32453,,gx-no-cache=1520346910466 HTTP/1.1" 200 10831
186.67.203.186 - - [06/Mar/2018:11:39:34 -0300] "GET /cormun/servlet/alicenciaprn?17967465,L,20180220000000,PU HTTP/1.1" 200 1542
186.103.159.188 - - [06/Mar/2018:11:41:23 -0300] "GET /cormun/servlet/hlogin HTTP/1.1" 200 1722
192.168.10.89 - - [06/Mar/2018:11:41:23 -0300] "POST /cormun/servlet/trsolicitudgral?ca759747de613ffed00f038d721fe23c,,gx-no-cache=1520347122944 HTTP/1.1" 200 5918
192.168.10.89 - - [06/Mar/2018:11:41:30 -0300] "POST /cormun/servlet/trsolicitudgral?ca759747de613ffed00f038d721fe23c,,gx-no-cache=1520347129192 HTTP/1.1" 200 7292
192.168.10.89 - - [06/Mar/2018:11:41:35 -0300] "GET /cormun/servlet/vesolicitudgral?2018,10028,, HTTP/1.1" 200 9487
192.168.10.89 - - [06/Mar/2018:11:41:35 -0300] "GET /cormun/pexe_scrolldiv.js HTTP/1.1" 404 1009
186.103.159.188 - - [06/Mar/2018:11:41:35 -0300] "POST /cormun/servlet/hlogin?b544a8a8e61f77d0c65015abd57b29f8,gx-no-cache=1520347246976 HTTP/1.1" 200 90
186.103.159.188 - - [06/Mar/2018:11:41:36 -0300] "GET /cormun/servlet/hpexe_link HTTP/1.1" 200 948
186.103.159.188 - - [06/Mar/2018:11:41:36 -0300] "GET /cormun/servlet/hhome HTTP/1.1" 200 4142
186.103.159.188 - - [06/Mar/2018:11:41:36 -0300] "GET /cormun/servlet/hhome HTTP/1.1" 200 4138
192.168.10.89 - - [06/Mar/2018:11:41:37 -0300] "GET /cormun/servlet/vesolicitudgral?2018,10028,,SolicitudOTAdjuntos HTTP/1.1" 200 11429
192.168.10.89 - - [06/Mar/2018:11:41:37 -0300] "GET /cormun/pexe_scrolldiv.js HTTP/1.1" 404 1009
192.168.10.89 - - [06/Mar/2018:11:41:39 -0300] "POST /cormun/servlet/acontrolpreferencessavestate?None,CDROGUETT,true HTTP/1.1" 200 35
192.168.10.89 - - [06/Mar/2018:11:41:45 -0300] "GET /cormun/PublicTempStorage/img_15353058535.JPG HTTP/1.1" 200 19954
192.168.10.89 - - [06/Mar/2018:11:41:48 -0300] "GET /cormun/servlet/vesolicitudgral?2018,10028,,SolicitudOTAdjuntos HTTP/1.1" 200 11426
192.168.10.89 - - [06/Mar/2018:11:41:48 -0300] "GET /cormun/pexe_scrolldiv.js HTTP/1.1" 404 1009
192.168.10.89 - - [06/Mar/2018:11:41:49 -0300] "POST /cormun/servlet/acontrolpreferencessavestate?None,CDROGUETT,true HTTP/1.1" 200 35
192.168.10.50 - - [06/Mar/2018:11:41:51 -0300] "POST /cormun/servlet/trsolicitudgral?6e4a86865754e648633059486df32453,,gx-no-cache=1520347150900 HTTP/1.1" 200 105
192.168.10.50 - - [06/Mar/2018:11:41:51 -0300] "POST /cormun/servlet/trsolicitudgral?6e4a86865754e648633059486df32453,,gx-no-cache=1520347151041 HTTP/1.1" 200 10813
192.168.10.50 - - [06/Mar/2018:11:41:52 -0300] "GET /cormun/SolicitudGral-7446.xls HTTP/1.1" 200 9216
192.168.10.89 - - [06/Mar/2018:11:41:52 -0300] "GET /cormun/servlet/trsolicitudgral? HTTP/1.1" 200 10792
192.168.10.89 - - [06/Mar/2018:11:42:05 -0300] "POST /cormun/servlet/trsolicitudgral?ca759747de613ffed00f038d721fe23c,,gx-no-cache=1520347164266 HTTP/1.1" 200 7304
192.168.10.50 - - [06/Mar/2018:11:42:43 -0300] "POST /cormun/servlet/trsolicitudgral?6e4a86865754e648633059486df32453,,gx-no-cache=1520347203128 HTTP/1.1" 200 115
192.168.10.50 - - [06/Mar/2018:11:42:43 -0300] "GET /cormun/servlet/solicitudotlog?INS,2018,8099,0,REC, HTTP/1.1" 200 6272
192.168.10.50 - - [06/Mar/2018:11:42:44 -0300] "GET /cormun/static/calendar-system.css?75620 HTTP/1.1" 200 5572
192.168.10.50 - - [06/Mar/2018:11:42:44 -0300] "GET /cormun/static/gxcfg.js?2017761245646 HTTP/1.1" 200 953
192.168.10.50 - - [06/Mar/2018:11:42:44 -0300] "GET /cormun/static/solicitudotlog.js?2017761245655 HTTP/1.1" 200 8934
192.168.10.50 - - [06/Mar/2018:11:42:44 -0300] "GET /cormun/servlet/solicitudotlog?INS,2018,8099,0,REC, HTTP/1.1" 200 6273
192.168.10.50 - - [06/Mar/2018:11:42:44 -0300] "GET /cormun/servlet/solicitudotlog?d786e68699b57d3cc984884f3092c1ecfcfd137cb507ecc5258ca77f380b4333df5391553c17e319abccec75b13c1f1b35b3030bb7aba2e1f0ae526b0ec378da1147ec4f605503804e31aa211db4c780f286019d5b555eba1535d9831b04536bec8fcdabdbfb4d8b5b90f3fdb32f91a0a74352948fe44cfaefbc5e5f41c35ac1420feb24f3fcc86c57d15e33c756bbae6f16cc27b46ad746604ce87ee8cf2597,gx-no-cache=1520347204061 HTTP/1.1" 200 94
192.168.10.50 - - [06/Mar/2018:11:42:54 -0300] "POST /cormun/servlet/solicitudotlog?6e4a86865754e648633059486df32453,INS,2018,8099,0,REC,,gx-no-cache=1520347213255 HTTP/1.1" 200 93
192.168.10.50 - - [06/Mar/2018:11:42:54 -0300] "GET /cormun/servlet/hpexe_return? HTTP/1.1" 200 1025
192.168.10.50 - - [06/Mar/2018:11:42:54 -0300] "GET /cormun/servlet/trsolicitudgral? HTTP/1.1" 200 13406
192.168.10.50 - - [06/Mar/2018:11:42:54 -0300] "GET /cormun/servlet/trsolicitudgral? HTTP/1.1" 200 13401
192.168.10.50 - - [06/Mar/2018:11:42:57 -0300] "GET /cormun/servlet/solicitudgral?UPD,2018,8018, HTTP/1.1" 200 12751
192.168.10.50 - - [06/Mar/2018:11:42:58 -0300] "GET /cormun/servlet/solicitudgral?UPD,2018,8018, HTTP/1.1" 200 12761
192.168.10.50 - - [06/Mar/2018:11:42:58 -0300] "POST /cormun/servlet/solicitudgral?gx-no-cache=1520347217913 HTTP/1.1" 200 3918
192.168.10.50 - - [06/Mar/2018:11:42:58 -0300] "GET /cormun/servlet/solicitudgral?d786e68699b57d3cc984884f3092c1ec01b4a66014b659952bedb97e874da3f3af74fbed99a9141262c051afe9667eb46fb3a52a3b0d50758c7749ad450d3323721870bb5c00c0755bd05d58cf8e8d0c188c511173a2b6b324713954e8fdcb150abd3dd08401eaa6eddfec63a658d3bf1359dd427794a6a93018fe47d8f42922af4682af24408d0ed9ed0d6cf3b01ffcab44984e5b2fb9473e5c9bef9018f3743875fb079fb832a9345793c35a67155a4a44c1bc8143a3f0a2a2e1d55ce8d906503593e21832fd82a066535e3bea840b6292616b4e3edac59efc59376f8d751414210f9546020d1eb1f126e99b526a24df5391553c17e319abccec75b13c1f1b30ba96339bc2bc9c915274db60a7552182f7cb4b1e6e195fe05fa46be93a0441346b1f1d99e3cf4d0ec4cf6cf34dd7b5d77252433ecb11131ffa9ab58b0cf157421be202fe11fe663f7fbe995e6438ff,gx-no-cache=1520347218035 HTTP/1.1" 200 255
190.161.236.41 - - [06/Mar/2018:11:43:10 -0300] "GET /cormun/servlet/hlogin HTTP/1.1" 200 1722
192.168.10.50 - - [06/Mar/2018:11:43:12 -0300] "GET /cormun/servlet/solicitudgral?d786e68699b57d3cc984884f3092c1ec4757e8aeb9bb8748ede29d7713a9b9027fc230c097cb9ae4eb0b24e346db7e79e1a117fdedb0b8aa36991f1484ec5ffc0f19064f755e76b7b59e973fe04ce607cfef73386cd520923081dc8b34c47300b851fa32eaca4801f97636474c3c1ece1ad995640ce1f006555e71f49e772a2034fc8bab55f2b9258dced32183876fd0013af1fd574887bebcb5e7f1d2fbc15de52525a26f7965b0001ae96f588a3aaa0ce2045f56bc2da94d050e4407730eedcbd09d458b1bd1c67010c38adda3779623da4ced7c3356c8ebcab3597336794a145fab4bebbdd174be8e5a70ed57991e742bf96bc8705880e4f5e16542324cd904329bec7afca529cab74a01c9330260314bfd370b6d48d0822fe419d1ccd58a39d183b4ef617b0e813e8ea796e343db500af1f194e7ed79c9f726bd39833cda365b4474120eb0a714cac4353a55da7e77ff6fb06efa302fda029af7985c8fcff42887ef21067d03afa481ab3c062ea0e0240669331f76f6d6374486a8bd8bed225f66b70fbc8fc9de52d655e03bdcaa12130dd56a7d70d6dc5ec914dfcc48c78436545b670035c61fa51bf56c871eb5,gx-no-cache=1520347231702 HTTP/1.1" 200 48
192.168.10.50 - - [06/Mar/2018:11:43:20 -0300] "POST /cormun/servlet/solicitudgral?6e4a86865754e648633059486df32453,UPD,2018,8018,,gx-no-cache=1520347239273 HTTP/1.1" 200 11828
192.168.10.50 - - [06/Mar/2018:11:43:20 -0300] "GET /cormun/servlet/solicitudgral?d786e68699b57d3cc984884f3092c1ecef5e0ab29e663a1a2edcc27ebed627e3278b7050041628fde4750bf9fb57672375ccd68403f7e26159c91f1b57825148e2985f21cf7875d76874ec8520320989908ead769eaa66399c3d93395c510c17b7351c347f7fb28fc2b544e56af95e98daa26497e40a31b496b5c7a370c46e9f89fe1f5a13fc280b042ff3bfedb466b0bb84bc4667ff188ad00d9f9bd12bc52e,gx-no-cache=1520347239415 HTTP/1.1" 200 29
192.168.10.50 - - [06/Mar/2018:11:43:20 -0300] "POST /cormun/servlet/solicitudgral?gx-no-cache=1520347239430 HTTP/1.1" 200 1295
192.168.10.50 - - [06/Mar/2018:11:43:20 -0300] "POST /cormun/servlet/solicitudgral?gx-no-cache=1520347239457 HTTP/1.1" 200 1218
190.161.236.41 - - [06/Mar/2018:11:43:27 -0300] "GET /cormun/servlet/trsolicitudot? HTTP/1.1" 200 6554
192.168.10.50 - - [06/Mar/2018:11:43:27 -0300] "POST /cormun/servlet/solicitudgral?6e4a86865754e648633059486df32453,UPD,2018,8018,,gx-no-cache=1520347246598 HTTP/1.1" 200 93
192.168.10.50 - - [06/Mar/2018:11:43:27 -0300] "GET /cormun/servlet/hpexe_return? HTTP/1.1" 200 1013
192.168.10.50 - - [06/Mar/2018:11:43:27 -0300] "GET /cormun/servlet/trsolicitudgral HTTP/1.1" 200 13411
190.161.236.41 - - [06/Mar/2018:11:43:27 -0300] "GET /cormun/servlet/trsolicitudot? HTTP/1.1" 200 6554
190.161.236.41 - - [06/Mar/2018:11:43:27 -0300] "GET /cormun/servlet/hlogin HTTP/1.1" 200 1737
