186.9.21.170 - - [06/Mar/2018:10:25:07 -0300] "GET /cormun/static/Shared/jqueryui/images/ui-icons_ebccce_256x240.png HTTP/1.1" 404 1089
186.9.21.170 - - [06/Mar/2018:10:25:09 -0300] "GET /cormun/servlet/prfichaempleado?,MD,,gxPopupLevel%3D0%3B HTTP/1.1" 200 9332
200.120.230.197 - - [06/Mar/2018:10:25:16 -0300] "POST /cormun/servlet/solicitudot?gx-no-cache=1520342666928 HTTP/1.1" 200 3427
200.120.230.197 - - [06/Mar/2018:10:25:16 -0300] "POST /cormun/servlet/solicitudot?603d230edc4387e4b4e39b833b60874e,INS,0,0,,gx-no-cache=1520342667490 HTTP/1.1" 200 10600
200.120.230.197 - - [06/Mar/2018:10:25:24 -0300] "POST /cormun/servlet/solicitudot?603d230edc4387e4b4e39b833b60874e,INS,0,0,,gx-no-cache=1520342674986 HTTP/1.1" 200 93
200.120.230.197 - - [06/Mar/2018:10:25:24 -0300] "GET /cormun/servlet/hpexe_return? HTTP/1.1" 200 1011
200.120.230.197 - - [06/Mar/2018:10:25:24 -0300] "GET /cormun/servlet/trsolicitudot HTTP/1.1" 200 8791
186.9.21.170 - - [06/Mar/2018:10:25:25 -0300] "POST /cormun/servlet/prfichaempleado?ee281e88e8172cf873a532b0d005f0d8,,MD,,gxPopupLevel%3D0%3B,gx-no-cache=1520342676098 HTTP/1.1" 200 3177
200.120.230.197 - - [06/Mar/2018:10:25:26 -0300] "GET /cormun/servlet/trsolicitudot HTTP/1.1" 200 8785
200.120.230.197 - - [06/Mar/2018:10:25:28 -0300] "GET /cormun/servlet/solicitudot?INS,0,0, HTTP/1.1" 200 13680
200.120.230.197 - - [06/Mar/2018:10:25:30 -0300] "GET /cormun/servlet/solicitudot?INS,0,0, HTTP/1.1" 200 13684
186.9.21.170 - - [06/Mar/2018:10:25:31 -0300] "POST /cormun/servlet/prfichaempleado?ee281e88e8172cf873a532b0d005f0d8,,MD,,gxPopupLevel%3D0%3B,gx-no-cache=1520342683571 HTTP/1.1" 200 3807
186.9.21.170 - - [06/Mar/2018:10:25:39 -0300] "GET /cormun/servlet/prlicenciaspermisos?16881995,L,,MD,,gxPopupLevel%3D0%3B HTTP/1.1" 200 6413
186.79.22.245 - - [06/Mar/2018:10:25:45 -0300] "POST /cormun/servlet/solicitudot?gx-no-cache=1520342696071 HTTP/1.1" 200 3404
186.79.22.245 - - [06/Mar/2018:10:25:46 -0300] "POST /cormun/servlet/solicitudot?603d230edc4387e4b4e39b833b60874e,INS,0,0,,gx-no-cache=1520342696720 HTTP/1.1" 200 10575
186.9.21.170 - - [06/Mar/2018:10:25:52 -0300] "POST /cormun/servlet/solicitudot?gx-no-cache=1520342705393 HTTP/1.1" 200 1336
186.79.22.245 - - [06/Mar/2018:10:25:53 -0300] "GET /cormun/servlet/prbanco?,MD,,gxPopupLevel%3D0%3B HTTP/1.1" 200 6676
186.79.22.245 - - [06/Mar/2018:10:26:00 -0300] "GET /cormun/servlet/solicitudot?1ae568b3c842c938f854ead4c08e3237a09cca96b9c7649cb544ee542511ff1a3e2835dff1cc7cfd86f9c680b7d8aa38,gx-no-cache=1520342711687 HTTP/1.1" 200 30
186.9.21.170 - - [06/Mar/2018:10:26:00 -0300] "POST /cormun/servlet/solicitudot?gx-no-cache=1520342713743 HTTP/1.1" 200 41
186.79.22.245 - - [06/Mar/2018:10:26:00 -0300] "GET /cormun/servlet/solicitudot?1ae568b3c842c938f854ead4c08e3237d22cf37e5a79e3eb53acc0c8fb87628bbeb13d7b4a4bc01e45ed341c3d64a43a3e2835dff1cc7cfd86f9c680b7d8aa38,gx-no-cache=1520342711879 HTTP/1.1" 200 30
186.79.22.245 - - [06/Mar/2018:10:26:04 -0300] "POST /cormun/servlet/solicitudot?603d230edc4387e4b4e39b833b60874e,INS,0,0,,gx-no-cache=1520342714967 HTTP/1.1" 200 90
186.79.22.245 - - [06/Mar/2018:10:26:04 -0300] "GET /cormun/servlet/hpexe_link HTTP/1.1" 200 964
186.79.22.245 - - [06/Mar/2018:10:26:04 -0300] "GET /cormun/servlet/trsolicitudot HTTP/1.1" 200 8789
186.79.22.245 - - [06/Mar/2018:10:26:06 -0300] "GET /cormun/servlet/trsolicitudot HTTP/1.1" 200 8785
186.79.22.245 - - [06/Mar/2018:10:26:20 -0300] "GET /cormun/servlet/solicitudot?INS,0,0, HTTP/1.1" 200 13678
186.79.22.245 - - [06/Mar/2018:10:26:21 -0300] "GET /cormun/servlet/solicitudot?INS,0,0, HTTP/1.1" 200 13683
186.103.161.206 - - [06/Mar/2018:10:26:29 -0300] "GET /cormun/servlet/trsolicitudot? HTTP/1.1" 200 6389
186.103.161.206 - - [06/Mar/2018:10:26:29 -0300] "GET /cormun/servlet/trsolicitudot? HTTP/1.1" 200 6383
186.103.161.206 - - [06/Mar/2018:10:26:29 -0300] "GET /cormun/servlet/hlogin HTTP/1.1" 200 1739
200.120.230.197 - - [06/Mar/2018:10:26:30 -0300] "POST /cormun/servlet/solicitudot?gx-no-cache=1520342741513 HTTP/1.1" 200 3404
200.120.230.197 - - [06/Mar/2018:10:26:31 -0300] "POST /cormun/servlet/solicitudot?603d230edc4387e4b4e39b833b60874e,INS,0,0,,gx-no-cache=1520342741978 HTTP/1.1" 200 10576
200.120.230.197 - - [06/Mar/2018:10:26:39 -0300] "GET /cormun/servlet/prbanco?,MD,,gxPopupLevel%3D0%3B HTTP/1.1" 200 6676
186.103.161.206 - - [06/Mar/2018:10:26:39 -0300] "POST /cormun/servlet/hlogin?b2db9f4b3603233904136b0da208b01b,gx-no-cache=1520342752625 HTTP/1.1" 200 90
186.103.161.206 - - [06/Mar/2018:10:26:40 -0300] "GET /cormun/servlet/hpexe_link HTTP/1.1" 200 959
186.103.161.206 - - [06/Mar/2018:10:26:40 -0300] "GET /cormun/servlet/trsolicitudot HTTP/1.1" 200 7101
186.103.161.206 - - [06/Mar/2018:10:26:40 -0300] "GET /cormun/servlet/trsolicitudot HTTP/1.1" 200 7100
186.103.132.155 - - [06/Mar/2018:10:26:43 -0300] "GET /cormun/servlet/trsolicitudot? HTTP/1.1" 200 7100
186.103.132.155 - - [06/Mar/2018:10:26:43 -0300] "GET /cormun/servlet/trsolicitudot? HTTP/1.1" 200 7100
186.9.21.170 - - [06/Mar/2018:10:26:50 -0300] "GET /cormun/servlet/solicitudot?ff497abd9814c7f0a91fa855c39a9ca2cda6e256a0f2ea9f3ddd12dbf66f080ef2b44f2fc867cbfc7fe9dab6c2816bb85f967cd710a6705ca2ba146bd98afccb02c8d95b44c0adb7151067a5e803582801c8ba333c45da715d487bb144f6bc892928339c8b6cca02d2dd15fdc0319b65,gx-no-cache=1520342764054 HTTP/1.1" 200 29
186.9.21.170 - - [06/Mar/2018:10:26:51 -0300] "POST /cormun/servlet/solicitudot?gx-no-cache=1520342764374 HTTP/1.1" 200 1319
186.9.21.170 - - [06/Mar/2018:10:26:51 -0300] "POST /cormun/servlet/solicitudot?gx-no-cache=1520342764767 HTTP/1.1" 200 1218
186.9.21.170 - - [06/Mar/2018:10:26:51 -0300] "GET /cormun/static/menuarrow.gif HTTP/1.1" 404 1015
200.120.230.197 - - [06/Mar/2018:10:26:59 -0300] "GET /cormun/servlet/solicitudot?1ae568b3c842c938f854ead4c08e32371eb227490dedad5964658a242dc08ec63e2835dff1cc7cfd86f9c680b7d8aa38,gx-no-cache=1520342770318 HTTP/1.1" 200 30
200.120.230.197 - - [06/Mar/2018:10:26:59 -0300] "GET /cormun/servlet/solicitudot?1ae568b3c842c938f854ead4c08e323749defcdfc3bea9c66e0c25e01742a29b81148c77ee1107fffcf18b51cb9052ef,gx-no-cache=1520342770462 HTTP/1.1" 200 30
200.120.230.197 - - [06/Mar/2018:10:27:01 -0300] "POST /cormun/servlet/solicitudot?603d230edc4387e4b4e39b833b60874e,INS,0,0,,gx-no-cache=1520342772845 HTTP/1.1" 200 90
200.120.230.197 - - [06/Mar/2018:10:27:01 -0300] "GET /cormun/servlet/hpexe_link HTTP/1.1" 200 964
186.103.132.155 - - [06/Mar/2018:10:27:01 -0300] "GET /cormun/servlet/solicitudot?INS,0,0, HTTP/1.1" 200 13518
200.120.230.197 - - [06/Mar/2018:10:27:02 -0300] "GET /cormun/servlet/trsolicitudot HTTP/1.1" 200 8789
186.103.132.155 - - [06/Mar/2018:10:27:02 -0300] "GET /cormun/servlet/solicitudot?INS,0,0, HTTP/1.1" 200 13523
186.9.21.170 - - [06/Mar/2018:10:27:02 -0300] "POST /cormun/servlet/solicitudot?gx-no-cache=1520342775030 HTTP/1.1" 200 1319
186.9.21.170 - - [06/Mar/2018:10:27:02 -0300] "POST /cormun/servlet/solicitudot?gx-no-cache=1520342776032 HTTP/1.1" 200 1218
200.120.230.197 - - [06/Mar/2018:10:27:03 -0300] "GET /cormun/servlet/trsolicitudot HTTP/1.1" 200 8785
186.9.21.170 - - [06/Mar/2018:10:27:05 -0300] "GET /cormun/servlet/solicitudot?ff497abd9814c7f0a91fa855c39a9ca25bd92d6c63c3fe9754fcbdedc7b9c269f3b0651581c925068358b46334ddb561,gx-no-cache=1520342778278 HTTP/1.1" 200 30
186.9.21.170 - - [06/Mar/2018:10:27:05 -0300] "POST /cormun/servlet/solicitudot?gx-no-cache=1520342778568 HTTP/1.1" 200 34
200.120.230.197 - - [06/Mar/2018:10:27:07 -0300] "GET /cormun/servlet/solicitudot?INS,0,0, HTTP/1.1" 200 13678
200.120.230.197 - - [06/Mar/2018:10:27:08 -0300] "GET /cormun/servlet/solicitudot?INS,0,0, HTTP/1.1" 200 13683
190.151.100.218 - - [06/Mar/2018:10:27:11 -0300] "POST /cormun/servlet/solicitudot?gx-no-cache=1520342783610 HTTP/1.1" 200 3508
190.151.100.218 - - [06/Mar/2018:10:27:11 -0300] "GET /cormun/static/Shared/jqueryui/images/ui-bg_highlight-soft_100_c6c2c8_1x100.png HTTP/1.1" 404 1117
190.151.100.218 - - [06/Mar/2018:10:27:11 -0300] "GET /cormun/static/Shared/jqueryui/images/ui-icons_82798d_256x240.png HTTP/1.1" 404 1089
200.72.197.82 - - [06/Mar/2018:10:27:11 -0300] "GET /cormun/static/Shared/jqueryui/images/ui-icons_ebccce_256x240.png HTTP/1.1" 404 1089
186.67.203.186 - - [06/Mar/2018:10:27:11 -0300] "GET /cormun/static/Shared/jqueryui/images/ui-bg_flat_55_994d53_40x100.png HTTP/1.1" 404 1097
186.79.22.245 - - [06/Mar/2018:10:27:16 -0300] "POST /cormun/servlet/solicitudot?gx-no-cache=1520342786583 HTTP/1.1" 200 3374
186.79.22.245 - - [06/Mar/2018:10:27:16 -0300] "POST /cormun/servlet/solicitudot?603d230edc4387e4b4e39b833b60874e,INS,0,0,,gx-no-cache=1520342787359 HTTP/1.1" 200 10542
186.9.21.170 - - [06/Mar/2018:10:27:17 -0300] "POST /cormun/servlet/solicitudot?ee281e88e8172cf873a532b0d005f0d8,INS,0,0,,gx-no-cache=1520342788651 HTTP/1.1" 200 93
186.9.21.170 - - [06/Mar/2018:10:27:17 -0300] "GET /cormun/servlet/hpexe_return? HTTP/1.1" 200 1007
186.9.21.170 - - [06/Mar/2018:10:27:18 -0300] "GET /cormun/static/gxcfg.js?2016101716175148 HTTP/1.1" 200 953
186.9.21.170 - - [06/Mar/2018:10:27:18 -0300] "GET /cormun/static/hpexe_return.js?2016101716175153 HTTP/1.1" 200 1633
186.9.21.170 - - [06/Mar/2018:10:27:18 -0300] "GET /cormun/static/Resources/Spanish/PXTools.css?167811 HTTP/1.1" 200 89042
186.9.21.170 - - [06/Mar/2018:10:27:18 -0300] "GET /cormun/servlet/trsolicitudot HTTP/1.1" 200 8642
186.9.21.170 - - [06/Mar/2018:10:27:20 -0300] "GET /cormun//static/Resources/PXToolsActionView.png HTTP/1.1" 200 2995
186.9.21.170 - - [06/Mar/2018:10:27:20 -0300] "GET /cormun//static/Resources/PXToolsRemoveAllAction.png HTTP/1.1" 200 3558
186.9.21.170 - - [06/Mar/2018:10:27:20 -0300] "GET /cormun/servlet/trsolicitudot HTTP/1.1" 200 8638
186.9.21.170 - - [06/Mar/2018:10:27:20 -0300] "GET /cormun//static/Resources/PXTools/ActionInsert.png HTTP/1.1" 200 1482
186.79.22.245 - - [06/Mar/2018:10:27:22 -0300] "GET /cormun/servlet/prbanco?,MD,,gxPopupLevel%3D0%3B HTTP/1.1" 200 6676
186.9.21.170 - - [06/Mar/2018:10:27:26 -0300] "POST /cormun/servlet/trsolicitudot?ee281e88e8172cf873a532b0d005f0d8,gx-no-cache=1520342798735 HTTP/1.1" 200 106
186.9.21.170 - - [06/Mar/2018:10:27:26 -0300] "GET /cormun/servlet/trsolicitudadjuntos?2018,10087, HTTP/1.1" 200 6081
186.9.21.170 - - [06/Mar/2018:10:27:27 -0300] "GET /cormun/static/gxcfg.js?20177612135366 HTTP/1.1" 200 953
186.9.21.170 - - [06/Mar/2018:10:27:27 -0300] "GET /cormun/static/trsolicitudadjuntos.js?20177612135632 HTTP/1.1" 200 17922
186.9.21.170 - - [06/Mar/2018:10:27:28 -0300] "GET /cormun/servlet/trsolicitudadjuntos?2018,10087, HTTP/1.1" 200 6081
152.231.70.146 - - [06/Mar/2018:10:27:28 -0300] "GET /cormun/servlet/solicitudot?261ad07cd45741db5f92ebc528a01d1d33db2e40417b7c628d9cbcce2fcdd9b7a6d969f1ed30e60954bafcea35e786b458227a70cac181185cc7987014fc68c112ef933e2adf241792d6b845a45460d8f1ed116227b08743e37cb174a0c4418741304caa8e4404829c9a732a9d4d0b1d,gx-no-cache=1520342797276 HTTP/1.1" 200 29
152.231.70.146 - - [06/Mar/2018:10:27:28 -0300] "POST /cormun/servlet/solicitudot?gx-no-cache=1520342797711 HTTP/1.1" 200 1318
152.231.70.146 - - [06/Mar/2018:10:27:28 -0300] "POST /cormun/servlet/solicitudot?gx-no-cache=1520342797813 HTTP/1.1" 200 1215
192.168.10.50 - - [06/Mar/2018:10:27:29 -0300] "POST /cormun/servlet/trsolicitudgral?0a3d557a1eaeaba86cd775f6eea7d209,gx-no-cache=1520339262319,gx-no-cache=1520342688716 HTTP/1.1" 200 105
192.168.10.50 - - [06/Mar/2018:10:27:29 -0300] "POST /cormun/servlet/trsolicitudgral?0a3d557a1eaeaba86cd775f6eea7d209,gx-no-cache=1520339262319,gx-no-cache=1520342688838 HTTP/1.1" 200 9667
192.168.10.50 - - [06/Mar/2018:10:27:29 -0300] "GET /cormun/SolicitudGral-7915.xls HTTP/1.1" 200 7680
186.9.21.170 - - [06/Mar/2018:10:27:35 -0300] "GET /cormun/servlet/solicitudotadjuntos?INS,2018,10087,,1, HTTP/1.1" 200 6028
186.9.21.170 - - [06/Mar/2018:10:27:35 -0300] "GET /cormun/static/gxcfg.js?2017761244068 HTTP/1.1" 200 953
186.9.21.170 - - [06/Mar/2018:10:27:35 -0300] "GET /cormun/static/solicitudotadjuntos.js?2017761244086 HTTP/1.1" 200 11771
186.9.21.170 - - [06/Mar/2018:10:27:36 -0300] "GET /cormun/static/about:blank HTTP/1.1" 404 1011
186.9.21.170 - - [06/Mar/2018:10:27:36 -0300] "GET /cormun/servlet/solicitudotadjuntos?INS,2018,10087,,1, HTTP/1.1" 200 6021
186.9.21.170 - - [06/Mar/2018:10:27:37 -0300] "GET /cormun/servlet/solicitudotadjuntos?ff497abd9814c7f0a91fa855c39a9ca2b633af33debfa0845bad30cacfbf6de4a3fc3bc871db524e6dbf906872ce0fe1,gx-no-cache=1520342810237 HTTP/1.1" 200 30
192.168.10.50 - - [06/Mar/2018:10:27:37 -0300] "POST /cormun/servlet/trsolicitudgral?0a3d557a1eaeaba86cd775f6eea7d209,gx-no-cache=1520339262319,gx-no-cache=1520342696809 HTTP/1.1" 200 9257
186.9.21.170 - - [06/Mar/2018:10:27:38 -0300] "POST /cormun/servlet/solicitudotadjuntos?ee281e88e8172cf873a532b0d005f0d8,INS,2018,10087,,1,,gx-no-cache=1520342810939 HTTP/1.1" 200 3823
152.231.70.146 - - [06/Mar/2018:10:27:38 -0300] "GET /cormun/static/menuarrow.gif HTTP/1.1" 404 1015
152.231.70.146 - - [06/Mar/2018:10:27:41 -0300] "GET /cormun/servlet/solicitudot?261ad07cd45741db5f92ebc528a01d1d310578c942b4556a5fa614bcbbe21a8d7e8313d2bfc7a03e7c4e2cb8ee660ee9,gx-no-cache=1520342810988 HTTP/1.1" 200 30
186.9.21.170 - - [06/Mar/2018:10:27:45 -0300] "POST /cormun/servlet/solicitudotadjuntos?gx-no-cache=1520342818009 HTTP/1.1" 200 26
192.168.10.50 - - [06/Mar/2018:10:27:46 -0300] "POST /cormun/servlet/trsolicitudgral?0a3d557a1eaeaba86cd775f6eea7d209,gx-no-cache=1520339262319,gx-no-cache=1520342705386 HTTP/1.1" 200 6161
192.168.10.50 - - [06/Mar/2018:10:27:46 -0300] "GET /cormun/static/Shared/jqueryui/images/ui-bg_highlight-soft_100_c6c2c8_1x100.png HTTP/1.1" 404 1117
192.168.10.50 - - [06/Mar/2018:10:27:46 -0300] "GET /cormun/static/Shared/jqueryui/images/ui-icons_82798d_256x240.png HTTP/1.1" 404 1089
192.168.10.50 - - [06/Mar/2018:10:27:46 -0300] "GET /cormun/static/Shared/jqueryui/images/ui-bg_flat_55_fafafa_40x100.png HTTP/1.1" 404 1097
192.168.10.50 - - [06/Mar/2018:10:27:46 -0300] "GET /cormun/static/Shared/jqueryui/images/ui-icons_8d78a5_256x240.png HTTP/1.1" 404 1089
200.120.230.197 - - [06/Mar/2018:10:27:46 -0300] "GET /cormun/servlet/solicitudot?1ae568b3c842c938f854ead4c08e3237c4d2d0260a699c24948425275bb9b43701b67780be037e7065b88108fa52328f,gx-no-cache=1520342817738 HTTP/1.1" 200 30
200.120.230.197 - - [06/Mar/2018:10:27:46 -0300] "GET /cormun/servlet/solicitudot?1ae568b3c842c938f854ead4c08e323743c8b1e22977ba311154c5cbac38d533,gx-no-cache=1520342817922 HTTP/1.1" 200 103
200.120.230.197 - - [06/Mar/2018:10:27:46 -0300] "GET /cormun/static/Shared/jqueryui/images/ui-bg_highlight-soft_100_c6c2c8_1x100.png HTTP/1.1" 404 1117
200.120.230.197 - - [06/Mar/2018:10:27:47 -0300] "GET /cormun/static/Shared/jqueryui/images/ui-icons_ebccce_256x240.png HTTP/1.1" 404 1089
200.120.230.197 - - [06/Mar/2018:10:27:47 -0300] "GET /cormun/static/Shared/jqueryui/images/ui-icons_82798d_256x240.png HTTP/1.1" 404 1089
200.120.230.197 - - [06/Mar/2018:10:27:47 -0300] "GET /cormun/static/Shared/jqueryui/images/ui-bg_flat_55_994d53_40x100.png HTTP/1.1" 404 1097
186.9.21.170 - - [06/Mar/2018:10:27:54 -0300] "GET /cormun/servlet/solicitudotadjuntos?ff497abd9814c7f0a91fa855c39a9ca2b93629851f259b930e391cfbfea2a409,gx-no-cache=1520342827282 HTTP/1.1" 200 30
186.9.21.170 - - [06/Mar/2018:10:27:55 -0300] "GET /cormun/servlet/solicitudotadjuntos?ff497abd9814c7f0a91fa855c39a9ca2b93629851f259b930e391cfbfea2a409,gx-no-cache=1520342828298 HTTP/1.1" 200 30
186.9.21.170 - - [06/Mar/2018:10:28:03 -0300] "POST /cormun/servlet/solicitudotadjuntos?ee281e88e8172cf873a532b0d005f0d8,INS,2018,10087,,1, HTTP/1.1" 200 116
186.9.21.170 - - [06/Mar/2018:10:28:03 -0300] "GET /cormun/servlet/hpexe_return? HTTP/1.1" 200 1027
186.9.21.170 - - [06/Mar/2018:10:28:03 -0300] "GET /cormun/servlet/trsolicitudadjuntos?2018,10087, HTTP/1.1" 200 8523
186.9.21.170 - - [06/Mar/2018:10:28:05 -0300] "GET /cormun/servlet/trsolicitudadjuntos?2018,10087, HTTP/1.1" 200 8519
152.231.70.146 - - [06/Mar/2018:10:28:07 -0300] "POST /cormun/servlet/solicitudot?gx-no-cache=1520342836044 HTTP/1.1" 200 30
186.9.21.170 - - [06/Mar/2018:10:28:14 -0300] "GET /cormun/servlet/solicitudotadjuntos?INS,2018,10087,,1, HTTP/1.1" 200 6027
186.9.21.170 - - [06/Mar/2018:10:28:14 -0300] "GET /cormun/static/about:blank HTTP/1.1" 404 1011
186.9.21.170 - - [06/Mar/2018:10:28:15 -0300] "GET /cormun/servlet/solicitudotadjuntos?INS,2018,10087,,1, HTTP/1.1" 200 6020
186.9.21.170 - - [06/Mar/2018:10:28:16 -0300] "GET /cormun/servlet/solicitudotadjuntos?ff497abd9814c7f0a91fa855c39a9ca2b633af33debfa0845bad30cacfbf6de4a3fc3bc871db524e6dbf906872ce0fe1,gx-no-cache=1520342849396 HTTP/1.1" 200 30
186.9.21.170 - - [06/Mar/2018:10:28:17 -0300] "POST /cormun/servlet/solicitudotadjuntos?ee281e88e8172cf873a532b0d005f0d8,INS,2018,10087,,1,,gx-no-cache=1520342849677 HTTP/1.1" 200 3822
186.9.21.170 - - [06/Mar/2018:10:28:22 -0300] "POST /cormun/servlet/solicitudotadjuntos?gx-no-cache=1520342854740 HTTP/1.1" 200 26
186.9.21.170 - - [06/Mar/2018:10:28:36 -0300] "GET /cormun/servlet/solicitudotadjuntos?ff497abd9814c7f0a91fa855c39a9ca2b93629851f259b930e391cfbfea2a409,gx-no-cache=1520342869075 HTTP/1.1" 200 30
186.9.21.170 - - [06/Mar/2018:10:28:36 -0300] "GET /cormun/servlet/solicitudotadjuntos?ff497abd9814c7f0a91fa855c39a9ca2b93629851f259b930e391cfbfea2a409,gx-no-cache=1520342869821 HTTP/1.1" 200 30
186.9.21.170 - - [06/Mar/2018:10:28:47 -0300] "POST /cormun/servlet/solicitudotadjuntos?ee281e88e8172cf873a532b0d005f0d8,INS,2018,10087,,1, HTTP/1.1" 200 116
186.9.21.170 - - [06/Mar/2018:10:28:47 -0300] "GET /cormun/servlet/hpexe_return? HTTP/1.1" 200 1027
186.9.21.170 - - [06/Mar/2018:10:28:48 -0300] "GET /cormun/servlet/trsolicitudadjuntos?2018,10087, HTTP/1.1" 200 8762
186.9.21.170 - - [06/Mar/2018:10:28:50 -0300] "GET /cormun/servlet/trsolicitudadjuntos?2018,10087, HTTP/1.1" 200 8760
190.151.99.26 - - [06/Mar/2018:10:28:58 -0300] "GET /cormun/servlet/solicitudot?261ad07cd45741db5f92ebc528a01d1d2d28234cf887503d54e326cfe3b0b2bb5f165bddc4f8242e9ca2b23a1b413e408c9af3cf8dcf42ebc4ede1dd642b82df9916c8d4cd65488adbd373c1b662c1b188aa0e177b15671d101fc8d03fa3bf74a7417bc3df747e2d3c73f6599d90a0381781d3899085ee558cde8a413cf59019d4eee73641015438dbccf3219508bc89c8a888d07b8639b76b531308974814b61edfbc2a95c4edf0b38a37864d036e23b7b677afd7d0212131746ea34af296e13f5c90fd6e4e5f95015f2138b0a706dca8482ca9daa8dab2a3eb8985edda5772be173a73ce6bc196f06d76263dd136a3502832d2773bad13f041fd3feea0026864587d6a89aaa48716b335bd21bf4de58bdfc199c94b52725f277e9c7e54f3c2983a22f24a6743b6c55747b7c72a99490440be047a88c42b9fe19190bc490e6303c391c7fc8850524111f3debb2089dd34273e7ce791f9f23e8453d72a53a5a70f3b6dffc2920026f587a28e38f7ea6b4b75eeffe3287b6f4a4112e62e7130dc,gx-no-cache=1520342886982 HTTP/1.1" 200 30
190.151.99.26 - - [06/Mar/2018:10:28:59 -0300] "POST /cormun/servlet/solicitudot?gx-no-cache=1520342888152 HTTP/1.1" 200 30
186.9.21.170 - - [06/Mar/2018:10:28:59 -0300] "GET /cormun/servlet/solicitudotadjuntos?INS,2018,10087,,1, HTTP/1.1" 200 6028
186.9.21.170 - - [06/Mar/2018:10:29:00 -0300] "GET /cormun/static/about:blank HTTP/1.1" 404 1011
186.79.22.245 - - [06/Mar/2018:10:29:00 -0300] "POST /cormun/servlet/solicitudot?603d230edc4387e4b4e39b833b60874e,INS,0,0,,gx-no-cache=1520342891109 HTTP/1.1" 200 90
186.79.22.245 - - [06/Mar/2018:10:29:01 -0300] "GET /cormun/servlet/hpexe_link HTTP/1.1" 200 964
186.9.21.170 - - [06/Mar/2018:10:29:01 -0300] "GET /cormun/servlet/solicitudotadjuntos?INS,2018,10087,,1, HTTP/1.1" 200 6021
186.79.22.245 - - [06/Mar/2018:10:29:01 -0300] "GET /cormun/servlet/trsolicitudot HTTP/1.1" 200 8789
186.9.21.170 - - [06/Mar/2018:10:29:01 -0300] "GET /cormun/servlet/solicitudotadjuntos?ff497abd9814c7f0a91fa855c39a9ca2b633af33debfa0845bad30cacfbf6de4a3fc3bc871db524e6dbf906872ce0fe1,gx-no-cache=1520342895189 HTTP/1.1" 200 30
186.9.21.170 - - [06/Mar/2018:10:29:02 -0300] "POST /cormun/servlet/solicitudotadjuntos?ee281e88e8172cf873a532b0d005f0d8,INS,2018,10087,,1,,gx-no-cache=1520342895373 HTTP/1.1" 200 3823
190.151.99.26 - - [06/Mar/2018:10:29:02 -0300] "POST /cormun/servlet/solicitudot?gx-no-cache=1520342888795 HTTP/1.1" 200 1334
186.79.22.245 - - [06/Mar/2018:10:29:03 -0300] "GET /cormun/servlet/trsolicitudot HTTP/1.1" 200 8785
190.151.99.26 - - [06/Mar/2018:10:29:03 -0300] "POST /cormun/servlet/solicitudot?gx-no-cache=1520342892211 HTTP/1.1" 200 41
190.151.99.26 - - [06/Mar/2018:10:29:05 -0300] "POST /cormun/servlet/solicitudot?gx-no-cache=1520342892958 HTTP/1.1" 200 1319
186.79.22.245 - - [06/Mar/2018:10:29:05 -0300] "POST /cormun/servlet/trsolicitudot?603d230edc4387e4b4e39b833b60874e,gx-no-cache=1520342896571 HTTP/1.1" 200 107
186.79.22.245 - - [06/Mar/2018:10:29:06 -0300] "GET /cormun/servlet/trsolicitudadjuntos?2018,10086, HTTP/1.1" 200 6330
190.151.99.26 - - [06/Mar/2018:10:29:06 -0300] "POST /cormun/servlet/solicitudot?gx-no-cache=1520342895075 HTTP/1.1" 200 1218
190.151.99.26 - - [06/Mar/2018:10:29:07 -0300] "GET /cormun/servlet/solicitudot?261ad07cd45741db5f92ebc528a01d1d310578c942b4556a5fa614bcbbe21a8d7e8313d2bfc7a03e7c4e2cb8ee660ee9,gx-no-cache=1520342895548 HTTP/1.1" 200 30
186.79.22.245 - - [06/Mar/2018:10:29:07 -0300] "GET /cormun/servlet/trsolicitudadjuntos?2018,10086, HTTP/1.1" 200 6329
190.151.99.26 - - [06/Mar/2018:10:29:07 -0300] "POST /cormun/servlet/solicitudot?gx-no-cache=1520342896462 HTTP/1.1" 200 30
186.9.21.170 - - [06/Mar/2018:10:29:08 -0300] "POST /cormun/servlet/solicitudotadjuntos?gx-no-cache=1520342899252 HTTP/1.1" 200 26
186.79.22.245 - - [06/Mar/2018:10:29:09 -0300] "GET /cormun/servlet/solicitudotadjuntos?INS,2018,10086,,1, HTTP/1.1" 200 6277
186.79.22.245 - - [06/Mar/2018:10:29:10 -0300] "GET /cormun/static/about:blank HTTP/1.1" 404 1011
186.79.22.245 - - [06/Mar/2018:10:29:10 -0300] "GET /cormun/servlet/solicitudotadjuntos?INS,2018,10086,,1, HTTP/1.1" 200 6270
186.79.22.245 - - [06/Mar/2018:10:29:10 -0300] "GET /cormun/servlet/solicitudotadjuntos?1ae568b3c842c938f854ead4c08e3237a6a594a712e3db3651311852ae0595b4a61329698b46b634305c7f69d2b3113f,gx-no-cache=1520342902018 HTTP/1.1" 200 30
186.79.22.245 - - [06/Mar/2018:10:29:11 -0300] "POST /cormun/servlet/solicitudotadjuntos?603d230edc4387e4b4e39b833b60874e,INS,2018,10086,,1,,gx-no-cache=1520342902149 HTTP/1.1" 200 3993
186.79.22.245 - - [06/Mar/2018:10:29:13 -0300] "POST /cormun/servlet/solicitudotadjuntos?gx-no-cache=1520342904170 HTTP/1.1" 200 26
190.151.99.26 - - [06/Mar/2018:10:29:17 -0300] "POST /cormun/servlet/solicitudot?c38e3f861de4ce874ae9065a5acc23af,INS,0,0,,gx-no-cache=1520342896868 HTTP/1.1" 200 93
190.151.99.26 - - [06/Mar/2018:10:29:17 -0300] "GET /cormun/servlet/hpexe_return? HTTP/1.1" 200 1002
186.67.84.236 - - [06/Mar/2018:10:29:20 -0300] "GET /cormun/static/gxcfg.js?2016101716175148 HTTP/1.1" 200 953
190.151.124.170 - - [06/Mar/2018:10:29:20 -0300] "GET /cormun/static/hpexe_return.js?2016101716175153 HTTP/1.1" 200 1633
186.9.21.170 - - [06/Mar/2018:10:29:21 -0300] "GET /cormun/servlet/solicitudotadjuntos?ff497abd9814c7f0a91fa855c39a9ca2b93629851f259b930e391cfbfea2a409,gx-no-cache=1520342913212 HTTP/1.1" 200 30
186.9.21.170 - - [06/Mar/2018:10:29:21 -0300] "GET /cormun/servlet/solicitudotadjuntos?ff497abd9814c7f0a91fa855c39a9ca2b93629851f259b930e391cfbfea2a409,gx-no-cache=1520342914608 HTTP/1.1" 200 30
190.151.99.26 - - [06/Mar/2018:10:29:21 -0300] "GET /cormun/static/Resources/Spanish/PXTools.css?167811 HTTP/1.1" 200 89042
190.151.99.26 - - [06/Mar/2018:10:29:25 -0300] "GET /cormun/servlet/trsolicitudot HTTP/1.1" 200 8743
190.151.99.26 - - [06/Mar/2018:10:29:25 -0300] "GET /cormun/servlet/trsolicitudot HTTP/1.1" 200 8739
186.9.21.170 - - [06/Mar/2018:10:29:27 -0300] "POST /cormun/servlet/solicitudotadjuntos?ee281e88e8172cf873a532b0d005f0d8,INS,2018,10087,,1, HTTP/1.1" 200 116
186.9.21.170 - - [06/Mar/2018:10:29:28 -0300] "GET /cormun/servlet/hpexe_return? HTTP/1.1" 200 1027
186.9.21.170 - - [06/Mar/2018:10:29:28 -0300] "GET /cormun/servlet/trsolicitudadjuntos?2018,10087, HTTP/1.1" 200 8946
186.9.21.170 - - [06/Mar/2018:10:29:30 -0300] "GET /cormun/servlet/trsolicitudadjuntos?2018,10087, HTTP/1.1" 200 8944
186.79.22.245 - - [06/Mar/2018:10:29:30 -0300] "GET /cormun/servlet/solicitudotadjuntos?1ae568b3c842c938f854ead4c08e3237537f56aa221b46edfbecc3f5756c1a1e,gx-no-cache=1520342921478 HTTP/1.1" 200 30
186.79.22.245 - - [06/Mar/2018:10:29:30 -0300] "GET /cormun/servlet/solicitudotadjuntos?1ae568b3c842c938f854ead4c08e3237537f56aa221b46edfbecc3f5756c1a1e,gx-no-cache=1520342921577 HTTP/1.1" 200 30
186.79.22.245 - - [06/Mar/2018:10:29:33 -0300] "POST /cormun/servlet/solicitudotadjuntos?603d230edc4387e4b4e39b833b60874e,INS,2018,10086,,1, HTTP/1.1" 200 116
186.79.22.245 - - [06/Mar/2018:10:29:33 -0300] "GET /cormun/servlet/hpexe_return? HTTP/1.1" 200 1031
192.168.10.56 - - [06/Mar/2018:10:29:34 -0300] "POST /cormun/servlet/hlogin?c8e15d4254504686c623ce5158dc593c,gx-no-cache=1520342813276 HTTP/1.1" 440 972
186.79.22.245 - - [06/Mar/2018:10:29:34 -0300] "GET /cormun/servlet/trsolicitudadjuntos?2018,10086, HTTP/1.1" 200 8723
186.9.21.170 - - [06/Mar/2018:10:29:34 -0300] "GET /cormun/servlet/solicitudotadjuntos?INS,2018,10087,,1, HTTP/1.1" 200 6028
192.168.10.56 - - [06/Mar/2018:10:29:35 -0300] "GET /cormun/servlet/hlogin HTTP/1.1" 200 1726
192.168.10.56 - - [06/Mar/2018:10:29:35 -0300] "GET /favicon.ico HTTP/1.1" 200 21630
186.9.21.170 - - [06/Mar/2018:10:29:35 -0300] "GET /cormun/static/about:blank HTTP/1.1" 404 1011
186.79.22.245 - - [06/Mar/2018:10:29:35 -0300] "GET /cormun/servlet/trsolicitudadjuntos?2018,10086, HTTP/1.1" 200 8721
186.9.21.170 - - [06/Mar/2018:10:29:36 -0300] "GET /cormun/servlet/solicitudotadjuntos?INS,2018,10087,,1, HTTP/1.1" 200 6021
192.168.10.56 - - [06/Mar/2018:10:29:36 -0300] "POST /cormun/servlet/hlogin?066235255724ca73efad10159c3b954a,gx-no-cache=1520342815571 HTTP/1.1" 200 90
192.168.10.56 - - [06/Mar/2018:10:29:36 -0300] "GET /cormun/servlet/hpexe_link HTTP/1.1" 200 947
192.168.10.56 - - [06/Mar/2018:10:29:36 -0300] "GET /cormun/servlet/hhome HTTP/1.1" 200 4460
186.9.21.170 - - [06/Mar/2018:10:29:36 -0300] "GET /cormun/servlet/solicitudotadjuntos?ff497abd9814c7f0a91fa855c39a9ca2b633af33debfa0845bad30cacfbf6de4a3fc3bc871db524e6dbf906872ce0fe1,gx-no-cache=1520342929946 HTTP/1.1" 200 30
192.168.10.56 - - [06/Mar/2018:10:29:36 -0300] "GET /cormun/servlet/hhome HTTP/1.1" 200 4456
186.9.21.170 - - [06/Mar/2018:10:29:37 -0300] "POST /cormun/servlet/solicitudotadjuntos?ee281e88e8172cf873a532b0d005f0d8,INS,2018,10087,,1,,gx-no-cache=1520342930198 HTTP/1.1" 200 3823
186.79.22.245 - - [06/Mar/2018:10:29:37 -0300] "GET /cormun/servlet/solicitudotadjuntos?INS,2018,10086,,1, HTTP/1.1" 200 6277
186.79.22.245 - - [06/Mar/2018:10:29:38 -0300] "GET /cormun/static/about:blank HTTP/1.1" 404 1011
186.79.22.245 - - [06/Mar/2018:10:29:39 -0300] "GET /cormun/servlet/solicitudotadjuntos?INS,2018,10086,,1, HTTP/1.1" 200 6270
186.79.22.245 - - [06/Mar/2018:10:29:39 -0300] "GET /cormun/servlet/solicitudotadjuntos?1ae568b3c842c938f854ead4c08e3237a6a594a712e3db3651311852ae0595b4a61329698b46b634305c7f69d2b3113f,gx-no-cache=1520342930595 HTTP/1.1" 200 30
186.79.22.245 - - [06/Mar/2018:10:29:39 -0300] "POST /cormun/servlet/solicitudotadjuntos?603d230edc4387e4b4e39b833b60874e,INS,2018,10086,,1,,gx-no-cache=1520342930712 HTTP/1.1" 200 3993
192.168.10.56 - - [06/Mar/2018:10:29:42 -0300] "GET /cormun/servlet/trsolicitudgral? HTTP/1.1" 200 28105
186.79.22.245 - - [06/Mar/2018:10:29:42 -0300] "POST /cormun/servlet/solicitudotadjuntos?gx-no-cache=1520342933348 HTTP/1.1" 200 26
192.168.10.56 - - [06/Mar/2018:10:29:43 -0300] "GET /cormun/servlet/trsolicitudgral? HTTP/1.1" 200 28103
186.9.21.170 - - [06/Mar/2018:10:29:43 -0300] "POST /cormun/servlet/solicitudotadjuntos?gx-no-cache=1520342935484 HTTP/1.1" 200 26
192.168.10.56 - - [06/Mar/2018:10:29:45 -0300] "GET /cormun/static/menuarrow.gif HTTP/1.1" 404 1015
186.79.22.245 - - [06/Mar/2018:10:29:47 -0300] "GET /cormun/servlet/solicitudotadjuntos?1ae568b3c842c938f854ead4c08e3237537f56aa221b46edfbecc3f5756c1a1e,gx-no-cache=1520342938478 HTTP/1.1" 200 30
186.79.22.245 - - [06/Mar/2018:10:29:47 -0300] "GET /cormun/servlet/solicitudotadjuntos?1ae568b3c842c938f854ead4c08e3237537f56aa221b46edfbecc3f5756c1a1e,gx-no-cache=1520342938656 HTTP/1.1" 200 30
186.79.22.245 - - [06/Mar/2018:10:29:52 -0300] "POST /cormun/servlet/solicitudotadjuntos?603d230edc4387e4b4e39b833b60874e,INS,2018,10086,,1, HTTP/1.1" 200 116
186.79.22.245 - - [06/Mar/2018:10:29:52 -0300] "GET /cormun/servlet/hpexe_return? HTTP/1.1" 200 1031
186.79.22.245 - - [06/Mar/2018:10:29:53 -0300] "GET /cormun/servlet/trsolicitudadjuntos?2018,10086, HTTP/1.1" 200 8934
186.79.22.245 - - [06/Mar/2018:10:29:54 -0300] "GET /cormun/servlet/trsolicitudadjuntos?2018,10086, HTTP/1.1" 200 8933
192.168.10.56 - - [06/Mar/2018:10:29:55 -0300] "POST /cormun/servlet/trsolicitudgral?066235255724ca73efad10159c3b954a,,gx-no-cache=1520342830185 HTTP/1.1" 200 25676
186.79.22.245 - - [06/Mar/2018:10:29:56 -0300] "GET /cormun/servlet/solicitudotadjuntos?INS,2018,10086,,1, HTTP/1.1" 200 6278
186.79.22.245 - - [06/Mar/2018:10:29:57 -0300] "GET /cormun/static/about:blank HTTP/1.1" 404 1011
186.79.22.245 - - [06/Mar/2018:10:29:57 -0300] "GET /cormun/servlet/solicitudotadjuntos?INS,2018,10086,,1, HTTP/1.1" 200 6271
186.79.22.245 - - [06/Mar/2018:10:29:58 -0300] "GET /cormun/servlet/solicitudotadjuntos?1ae568b3c842c938f854ead4c08e3237a6a594a712e3db3651311852ae0595b4a61329698b46b634305c7f69d2b3113f,gx-no-cache=1520342949184 HTTP/1.1" 200 30
186.79.22.245 - - [06/Mar/2018:10:29:58 -0300] "POST /cormun/servlet/solicitudotadjuntos?603d230edc4387e4b4e39b833b60874e,INS,2018,10086,,1,,gx-no-cache=1520342949302 HTTP/1.1" 200 3992
186.79.22.245 - - [06/Mar/2018:10:30:01 -0300] "POST /cormun/servlet/solicitudotadjuntos?gx-no-cache=1520342952764 HTTP/1.1" 200 26
186.9.21.170 - - [06/Mar/2018:10:30:05 -0300] "GET /cormun/servlet/solicitudotadjuntos?ff497abd9814c7f0a91fa855c39a9ca2b93629851f259b930e391cfbfea2a409,gx-no-cache=1520342957729 HTTP/1.1" 200 30
186.9.21.170 - - [06/Mar/2018:10:30:05 -0300] "GET /cormun/servlet/solicitudotadjuntos?ff497abd9814c7f0a91fa855c39a9ca2b93629851f259b930e391cfbfea2a409,gx-no-cache=1520342958696 HTTP/1.1" 200 30
186.79.22.245 - - [06/Mar/2018:10:30:08 -0300] "GET /cormun/servlet/solicitudotadjuntos?1ae568b3c842c938f854ead4c08e3237537f56aa221b46edfbecc3f5756c1a1e,gx-no-cache=1520342959085 HTTP/1.1" 200 30
186.79.22.245 - - [06/Mar/2018:10:30:08 -0300] "GET /cormun/servlet/solicitudotadjuntos?1ae568b3c842c938f854ead4c08e3237537f56aa221b46edfbecc3f5756c1a1e,gx-no-cache=1520342959887 HTTP/1.1" 200 30
186.9.21.170 - - [06/Mar/2018:10:30:10 -0300] "POST /cormun/servlet/solicitudotadjuntos?ee281e88e8172cf873a532b0d005f0d8,INS,2018,10087,,1, HTTP/1.1" 200 116
186.9.21.170 - - [06/Mar/2018:10:30:10 -0300] "GET /cormun/servlet/hpexe_return? HTTP/1.1" 200 1027
186.9.21.170 - - [06/Mar/2018:10:30:11 -0300] "GET /cormun/servlet/trsolicitudadjuntos?2018,10087, HTTP/1.1" 200 9130
186.79.22.245 - - [06/Mar/2018:10:30:13 -0300] "POST /cormun/servlet/solicitudotadjuntos?603d230edc4387e4b4e39b833b60874e,INS,2018,10086,,1, HTTP/1.1" 200 116
186.79.22.245 - - [06/Mar/2018:10:30:14 -0300] "GET /cormun/servlet/hpexe_return? HTTP/1.1" 200 1031
186.79.22.245 - - [06/Mar/2018:10:30:14 -0300] "GET /cormun/servlet/trsolicitudadjuntos?2018,10086, HTTP/1.1" 200 9097
186.9.21.170 - - [06/Mar/2018:10:30:15 -0300] "GET /cormun/servlet/trsolicitudadjuntos?2018,10087, HTTP/1.1" 200 9132
186.79.22.245 - - [06/Mar/2018:10:30:15 -0300] "GET /cormun/servlet/trsolicitudadjuntos?2018,10086, HTTP/1.1" 200 9089
186.79.22.245 - - [06/Mar/2018:10:30:18 -0300] "GET /cormun/servlet/solicitudotadjuntos?INS,2018,10086,,1, HTTP/1.1" 200 6278
186.79.22.245 - - [06/Mar/2018:10:30:19 -0300] "GET /cormun/static/about:blank HTTP/1.1" 404 1011
186.79.22.245 - - [06/Mar/2018:10:30:19 -0300] "GET /cormun/servlet/solicitudotadjuntos?INS,2018,10086,,1, HTTP/1.1" 200 6271
186.79.22.245 - - [06/Mar/2018:10:30:19 -0300] "GET /cormun/servlet/solicitudotadjuntos?1ae568b3c842c938f854ead4c08e3237a6a594a712e3db3651311852ae0595b4a61329698b46b634305c7f69d2b3113f,gx-no-cache=1520342970729 HTTP/1.1" 200 30
186.79.22.245 - - [06/Mar/2018:10:30:20 -0300] "POST /cormun/servlet/solicitudotadjuntos?603d230edc4387e4b4e39b833b60874e,INS,2018,10086,,1,,gx-no-cache=1520342970847 HTTP/1.1" 200 3992
186.79.22.245 - - [06/Mar/2018:10:30:24 -0300] "POST /cormun/servlet/solicitudotadjuntos?gx-no-cache=1520342975236 HTTP/1.1" 200 26
186.79.22.245 - - [06/Mar/2018:10:30:29 -0300] "GET /cormun/servlet/solicitudotadjuntos?1ae568b3c842c938f854ead4c08e3237537f56aa221b46edfbecc3f5756c1a1e,gx-no-cache=1520342980781 HTTP/1.1" 200 30
186.79.22.245 - - [06/Mar/2018:10:30:29 -0300] "GET /cormun/servlet/solicitudotadjuntos?1ae568b3c842c938f854ead4c08e3237537f56aa221b46edfbecc3f5756c1a1e,gx-no-cache=1520342980866 HTTP/1.1" 200 30
186.9.21.170 - - [06/Mar/2018:10:30:33 -0300] "GET /cormun/servlet/solicitudotadjuntos?INS,2018,10087,,1, HTTP/1.1" 200 6027
186.9.21.170 - - [06/Mar/2018:10:30:33 -0300] "GET /cormun/static/about:blank HTTP/1.1" 404 1011
186.79.22.245 - - [06/Mar/2018:10:30:34 -0300] "POST /cormun/servlet/solicitudotadjuntos?603d230edc4387e4b4e39b833b60874e,INS,2018,10086,,1, HTTP/1.1" 200 116
186.79.22.245 - - [06/Mar/2018:10:30:34 -0300] "GET /cormun/servlet/hpexe_return? HTTP/1.1" 200 1031
186.9.21.170 - - [06/Mar/2018:10:30:34 -0300] "GET /cormun/servlet/solicitudotadjuntos?INS,2018,10087,,1, HTTP/1.1" 200 6020
186.79.22.245 - - [06/Mar/2018:10:30:35 -0300] "GET /cormun/servlet/trsolicitudadjuntos?2018,10086, HTTP/1.1" 200 9309
186.9.21.170 - - [06/Mar/2018:10:30:35 -0300] "GET /cormun/servlet/solicitudotadjuntos?ff497abd9814c7f0a91fa855c39a9ca2b633af33debfa0845bad30cacfbf6de4a3fc3bc871db524e6dbf906872ce0fe1,gx-no-cache=1520342988635 HTTP/1.1" 200 30
186.9.21.170 - - [06/Mar/2018:10:30:35 -0300] "POST /cormun/servlet/solicitudotadjuntos?ee281e88e8172cf873a532b0d005f0d8,INS,2018,10087,,1,,gx-no-cache=1520342988883 HTTP/1.1" 200 3822
186.79.22.245 - - [06/Mar/2018:10:30:36 -0300] "GET /cormun/servlet/trsolicitudadjuntos?2018,10086, HTTP/1.1" 200 9306
186.9.21.170 - - [06/Mar/2018:10:30:42 -0300] "POST /cormun/servlet/solicitudotadjuntos?gx-no-cache=1520342994974 HTTP/1.1" 200 26
186.9.21.170 - - [06/Mar/2018:10:30:52 -0300] "GET /cormun/servlet/solicitudotadjuntos?ff497abd9814c7f0a91fa855c39a9ca2b93629851f259b930e391cfbfea2a409,gx-no-cache=1520343004746 HTTP/1.1" 200 30
186.9.21.170 - - [06/Mar/2018:10:30:52 -0300] "GET /cormun/servlet/solicitudotadjuntos?ff497abd9814c7f0a91fa855c39a9ca2b93629851f259b930e391cfbfea2a409,gx-no-cache=1520343005611 HTTP/1.1" 200 30
186.9.21.170 - - [06/Mar/2018:10:30:53 -0300] "POST /cormun/servlet/solicitudotadjuntos?ee281e88e8172cf873a532b0d005f0d8,INS,2018,10087,,1, HTTP/1.1" 200 116
186.9.21.170 - - [06/Mar/2018:10:30:53 -0300] "GET /cormun/servlet/hpexe_return? HTTP/1.1" 200 1027
186.9.21.170 - - [06/Mar/2018:10:30:54 -0300] "GET /cormun/servlet/trsolicitudadjuntos?2018,10087, HTTP/1.1" 200 9453
186.9.21.170 - - [06/Mar/2018:10:30:56 -0300] "GET /cormun/servlet/trsolicitudadjuntos?2018,10087, HTTP/1.1" 200 9448
186.9.21.170 - - [06/Mar/2018:10:31:02 -0300] "GET /cormun/servlet/solicitudotadjuntos?INS,2018,10087,,1, HTTP/1.1" 200 6028
186.9.21.170 - - [06/Mar/2018:10:31:02 -0300] "GET /cormun/static/about:blank HTTP/1.1" 404 1011
186.9.21.170 - - [06/Mar/2018:10:31:03 -0300] "GET /cormun/servlet/solicitudotadjuntos?INS,2018,10087,,1, HTTP/1.1" 200 6021
186.9.21.170 - - [06/Mar/2018:10:31:04 -0300] "GET /cormun/servlet/solicitudotadjuntos?ff497abd9814c7f0a91fa855c39a9ca2b633af33debfa0845bad30cacfbf6de4a3fc3bc871db524e6dbf906872ce0fe1,gx-no-cache=1520343017151 HTTP/1.1" 200 30
186.9.21.170 - - [06/Mar/2018:10:31:04 -0300] "POST /cormun/servlet/solicitudotadjuntos?ee281e88e8172cf873a532b0d005f0d8,INS,2018,10087,,1,,gx-no-cache=1520343017555 HTTP/1.1" 200 3822
186.9.21.170 - - [06/Mar/2018:10:31:07 -0300] "POST /cormun/servlet/solicitudotadjuntos?gx-no-cache=1520343020959 HTTP/1.1" 200 26
186.9.21.170 - - [06/Mar/2018:10:31:27 -0300] "GET /cormun/servlet/solicitudotadjuntos?ff497abd9814c7f0a91fa855c39a9ca2b93629851f259b930e391cfbfea2a409,gx-no-cache=1520343037159 HTTP/1.1" 200 30
186.9.21.170 - - [06/Mar/2018:10:31:27 -0300] "GET /cormun/servlet/solicitudotadjuntos?ff497abd9814c7f0a91fa855c39a9ca2b93629851f259b930e391cfbfea2a409,gx-no-cache=1520343040605 HTTP/1.1" 200 30
200.120.230.197 - - [06/Mar/2018:10:31:28 -0300] "GET /cormun/servlet/solicitudotadjuntos?INS,2018,10086,,1, HTTP/1.1" 200 6278
200.120.230.197 - - [06/Mar/2018:10:31:30 -0300] "GET /cormun/servlet/solicitudotadjuntos?INS,2018,10086,,1, HTTP/1.1" 200 6271
200.120.230.197 - - [06/Mar/2018:10:31:30 -0300] "GET /cormun/static/about:blank HTTP/1.1" 404 1011
200.120.230.197 - - [06/Mar/2018:10:31:30 -0300] "GET /cormun/servlet/solicitudotadjuntos?1ae568b3c842c938f854ead4c08e3237a6a594a712e3db3651311852ae0595b4a61329698b46b634305c7f69d2b3113f,gx-no-cache=1520343041696 HTTP/1.1" 200 30
200.120.230.197 - - [06/Mar/2018:10:31:31 -0300] "POST /cormun/servlet/solicitudotadjuntos?603d230edc4387e4b4e39b833b60874e,INS,2018,10086,,1,,gx-no-cache=1520343041818 HTTP/1.1" 200 3993
200.120.230.197 - - [06/Mar/2018:10:31:33 -0300] "POST /cormun/servlet/solicitudotadjuntos?gx-no-cache=1520343045062 HTTP/1.1" 200 26
186.9.21.170 - - [06/Mar/2018:10:31:34 -0300] "POST /cormun/servlet/solicitudotadjuntos?ee281e88e8172cf873a532b0d005f0d8,INS,2018,10087,,1, HTTP/1.1" 200 116
186.9.21.170 - - [06/Mar/2018:10:31:34 -0300] "GET /cormun/servlet/hpexe_return? HTTP/1.1" 200 1027
186.9.21.170 - - [06/Mar/2018:10:31:35 -0300] "GET /cormun/servlet/trsolicitudadjuntos?2018,10087, HTTP/1.1" 200 9702
186.9.21.170 - - [06/Mar/2018:10:31:37 -0300] "GET /cormun/servlet/trsolicitudadjuntos?2018,10087, HTTP/1.1" 200 9700
200.120.230.197 - - [06/Mar/2018:10:31:40 -0300] "GET /cormun/servlet/solicitudotadjuntos?1ae568b3c842c938f854ead4c08e3237537f56aa221b46edfbecc3f5756c1a1e,gx-no-cache=1520343051614 HTTP/1.1" 200 30
200.120.230.197 - - [06/Mar/2018:10:31:40 -0300] "GET /cormun/servlet/solicitudotadjuntos?1ae568b3c842c938f854ead4c08e3237537f56aa221b46edfbecc3f5756c1a1e,gx-no-cache=1520343051682 HTTP/1.1" 200 30
200.120.230.197 - - [06/Mar/2018:10:31:43 -0300] "POST /cormun/servlet/solicitudotadjuntos?603d230edc4387e4b4e39b833b60874e,INS,2018,10086,,1, HTTP/1.1" 200 116
200.120.230.197 - - [06/Mar/2018:10:31:43 -0300] "GET /cormun/servlet/hpexe_return? HTTP/1.1" 200 1031
200.120.230.197 - - [06/Mar/2018:10:31:44 -0300] "GET /cormun/servlet/trsolicitudadjuntos?2018,10086, HTTP/1.1" 200 9513
200.120.230.197 - - [06/Mar/2018:10:31:45 -0300] "GET /cormun/servlet/trsolicitudadjuntos?2018,10086, HTTP/1.1" 200 9508
200.120.230.197 - - [06/Mar/2018:10:31:47 -0300] "GET /cormun/servlet/solicitudotadjuntos?INS,2018,10086,,1, HTTP/1.1" 200 6277
200.120.230.197 - - [06/Mar/2018:10:31:48 -0300] "GET /cormun/static/about:blank HTTP/1.1" 404 1011
200.120.230.197 - - [06/Mar/2018:10:31:48 -0300] "GET /cormun/servlet/solicitudotadjuntos?INS,2018,10086,,1, HTTP/1.1" 200 6270
200.120.230.197 - - [06/Mar/2018:10:31:49 -0300] "GET /cormun/servlet/solicitudotadjuntos?1ae568b3c842c938f854ead4c08e3237a6a594a712e3db3651311852ae0595b4a61329698b46b634305c7f69d2b3113f,gx-no-cache=1520343060510 HTTP/1.1" 200 30
200.120.230.197 - - [06/Mar/2018:10:31:49 -0300] "POST /cormun/servlet/solicitudotadjuntos?603d230edc4387e4b4e39b833b60874e,INS,2018,10086,,1,,gx-no-cache=1520343060640 HTTP/1.1" 200 3994
200.120.230.197 - - [06/Mar/2018:10:31:52 -0300] "POST /cormun/servlet/solicitudotadjuntos?gx-no-cache=1520343063268 HTTP/1.1" 200 26
186.103.157.42 - - [06/Mar/2018:10:31:53 -0300] "GET /cormun/servlet/hlogin HTTP/1.1" 200 1721
186.103.157.42 - - [06/Mar/2018:10:31:53 -0300] "GET /cormun/static/gxtimezone.js?85251 HTTP/1.1" 200 5781
186.103.157.42 - - [06/Mar/2018:10:31:53 -0300] "GET /cormun/static/Resources/Spanish/PXTools.css?11423723 HTTP/1.1" 200 89042
186.103.157.42 - - [06/Mar/2018:10:31:53 -0300] "GET /cormun/static/gxcfg.js?20175251213516 HTTP/1.1" 200 953
186.103.157.42 - - [06/Mar/2018:10:31:53 -0300] "GET /cormun/static/hlogin.js?20175251213537 HTTP/1.1" 200 2136
186.103.157.42 - - [06/Mar/2018:10:31:53 -0300] "GET /cormun/static/messages.spa.js?85251 HTTP/1.1" 200 30736
186.103.157.42 - - [06/Mar/2018:10:31:54 -0300] "GET /cormun/static/gxgral.js?85251 HTTP/1.1" 200 384558
186.103.157.42 - - [06/Mar/2018:10:31:54 -0300] "GET /cormun/static/Resources/indicator.gif HTTP/1.1" 200 1553
186.103.157.42 - - [06/Mar/2018:10:31:54 -0300] "GET /cormun/static/Resources/PXToolsLoginTop.png HTTP/1.1" 200 1337
186.103.157.42 - - [06/Mar/2018:10:31:54 -0300] "GET /cormun/static/Resources/PXToolsButtonRight21.png HTTP/1.1" 200 1283
186.103.157.42 - - [06/Mar/2018:10:31:54 -0300] "GET /cormun/static/Resources/PXToolsLoginBackground.png HTTP/1.1" 200 1164
186.103.157.42 - - [06/Mar/2018:10:31:54 -0300] "GET /cormun/static/Resources/PXToolsButtonLeft21.png HTTP/1.1" 200 1287
186.103.157.42 - - [06/Mar/2018:10:31:54 -0300] "GET /cormun/static/Resources/PXToolsButtonBackground2.png HTTP/1.1" 200 1181
186.103.157.42 - - [06/Mar/2018:10:31:54 -0300] "GET /cormun/static/Resources/ComunLogin.png HTTP/1.1" 200 17326
186.103.157.42 - - [06/Mar/2018:10:31:55 -0300] "GET /cormun/static/Resources/PXToolsLoginBottom.png HTTP/1.1" 200 1389
200.120.230.197 - - [06/Mar/2018:10:31:57 -0300] "GET /cormun/servlet/solicitudotadjuntos?1ae568b3c842c938f854ead4c08e3237537f56aa221b46edfbecc3f5756c1a1e,gx-no-cache=1520343068102 HTTP/1.1" 200 30
200.120.230.197 - - [06/Mar/2018:10:31:57 -0300] "GET /cormun/servlet/solicitudotadjuntos?1ae568b3c842c938f854ead4c08e3237537f56aa221b46edfbecc3f5756c1a1e,gx-no-cache=1520343068190 HTTP/1.1" 200 30
186.103.157.42 - - [06/Mar/2018:10:31:57 -0300] "POST /cormun/servlet/hlogin?84b3532af1e26d1aa92df9460010ee5a,gx-no-cache=1520343077193 HTTP/1.1" 200 90
186.103.157.42 - - [06/Mar/2018:10:31:57 -0300] "GET /cormun/servlet/hpexe_link HTTP/1.1" 200 949
186.103.157.42 - - [06/Mar/2018:10:31:57 -0300] "GET /cormun/static/hpexe_link.js?20177612121795 HTTP/1.1" 200 625
186.103.157.42 - - [06/Mar/2018:10:31:57 -0300] "GET /cormun/static/gxcfg.js?20177612121792 HTTP/1.1" 200 953
186.9.21.170 - - [06/Mar/2018:10:31:57 -0300] "GET /cormun/servlet/trvisualizadoreventos? HTTP/1.1" 200 6728
186.103.157.42 - - [06/Mar/2018:10:31:57 -0300] "GET /cormun/static/Resources/Spanish/PXTools.css?1155365 HTTP/1.1" 200 89042
186.103.157.42 - - [06/Mar/2018:10:31:57 -0300] "GET /cormun/servlet/hhome HTTP/1.1" 200 4255
186.103.157.42 - - [06/Mar/2018:10:31:58 -0300] "GET /cormun/static/Shared/jqueryui/jquery-ui.min.css?1245370 HTTP/1.1" 200 30288
186.103.157.42 - - [06/Mar/2018:10:31:58 -0300] "GET /cormun/static/SmoothNavMenu/resources/ddsmoothmenu.css?1012540 HTTP/1.1" 200 2223
186.103.157.42 - - [06/Mar/2018:10:31:58 -0300] "GET /cormun/static/SmoothNavMenu/resources/ddsmoothmenu-v.css?1012540 HTTP/1.1" 200 1188
186.103.157.42 - - [06/Mar/2018:10:31:58 -0300] "GET /cormun/static/scaMessage/css/jquery.pnotify.default.css?1716380 HTTP/1.1" 200 1707
186.103.157.42 - - [06/Mar/2018:10:31:58 -0300] "GET /cormun/static/PXToolsJavascripts/pexe_autoreload.js HTTP/1.1" 200 1762
186.103.157.42 - - [06/Mar/2018:10:31:58 -0300] "GET /cormun/static/gxcfg.js?20175251212442 HTTP/1.1" 200 953
186.9.21.170 - - [06/Mar/2018:10:31:58 -0300] "GET /cormun/static/gxcfg.js?20175251251426 HTTP/1.1" 304 -
186.103.157.42 - - [06/Mar/2018:10:31:58 -0300] "GET /cormun/static/PXToolsJavascripts/pexe_cookies.js HTTP/1.1" 200 792
186.103.157.42 - - [06/Mar/2018:10:31:58 -0300] "GET /cormun/static/PXToolsJavascripts/pexe_griddivfix.js HTTP/1.1" 200 6644
186.103.157.42 - - [06/Mar/2018:10:31:58 -0300] "GET /cormun/static/PXToolsJavascripts/pexe_windows.js HTTP/1.1" 200 15207
186.103.157.42 - - [06/Mar/2018:10:31:58 -0300] "GET /cormun/static/PXToolsJavascripts/pexe_link.js HTTP/1.1" 200 5671
186.103.157.42 - - [06/Mar/2018:10:31:58 -0300] "GET /cormun/static/PXToolsJavascripts/pexe_menudivfix.js HTTP/1.1" 200 333
186.103.157.42 - - [06/Mar/2018:10:31:58 -0300] "GET /cormun/static/PXToolsJavascripts/pexe_grid.js HTTP/1.1" 200 7559
186.103.157.42 - - [06/Mar/2018:10:31:58 -0300] "GET /cormun/static/PXToolsJavascripts/pexe_menus.js HTTP/1.1" 200 1286
186.103.157.42 - - [06/Mar/2018:10:31:58 -0300] "GET /cormun/static/PXToolsJavascripts/pexe_layers.js HTTP/1.1" 200 4114
186.103.157.42 - - [06/Mar/2018:10:31:58 -0300] "GET /cormun/static/PXToolsJavascripts/pexe_oav.js HTTP/1.1" 200 645
186.103.157.42 - - [06/Mar/2018:10:31:58 -0300] "GET /cormun/static/PXToolsJavascripts/pexe_oavdivfix.js HTTP/1.1" 200 639
186.103.157.42 - - [06/Mar/2018:10:31:58 -0300] "GET /cormun/static/PXToolsJavascripts/pexe_picture.js HTTP/1.1" 200 689
186.103.157.42 - - [06/Mar/2018:10:31:58 -0300] "GET /cormun/static/PXToolsJavascripts/pexe_popup.js HTTP/1.1" 200 13458
186.103.157.42 - - [06/Mar/2018:10:31:58 -0300] "GET /cormun/static/PXToolsJavascripts/pexe_scrolldiv.js HTTP/1.1" 200 4138
186.103.157.42 - - [06/Mar/2018:10:31:58 -0300] "GET /cormun/static/PXToolsJavascripts/pexe_tabs.js HTTP/1.1" 200 3748
186.103.157.42 - - [06/Mar/2018:10:31:58 -0300] "GET /cormun/static/PXToolsJavascripts/PXToolsJavascriptsRender.js HTTP/1.1" 200 367
186.103.157.42 - - [06/Mar/2018:10:31:58 -0300] "GET /cormun/static/RunJS/RunJS.js HTTP/1.1" 200 288
186.103.157.42 - - [06/Mar/2018:10:31:58 -0300] "GET /cormun/static/PXToolsJavascripts/pexe_tabdivfix.js HTTP/1.1" 200 876
186.103.157.42 - - [06/Mar/2018:10:31:58 -0300] "GET /cormun/static/PXToolsJavascripts/pexe_upload.js HTTP/1.1" 200 1423
186.103.157.42 - - [06/Mar/2018:10:31:58 -0300] "GET /cormun/static/Shared/ext/locale/ext-lang-en.js HTTP/1.1" 200 10940
186.103.157.42 - - [06/Mar/2018:10:31:58 -0300] "GET /cormun/static/hhome.js?20175251212450 HTTP/1.1" 200 777
186.103.157.42 - - [06/Mar/2018:10:31:58 -0300] "GET /cormun/static/hwchdr01.js?201752511465785 HTTP/1.1" 200 1183
186.103.157.42 - - [06/Mar/2018:10:31:58 -0300] "GET /cormun/static/hpexe_messagepopupcomponent.js?20161017169425 HTTP/1.1" 200 605
186.103.157.42 - - [06/Mar/2018:10:31:58 -0300] "GET /cormun/static/gxui/gxui-all.js HTTP/1.1" 200 107772
186.103.157.42 - - [06/Mar/2018:10:31:58 -0300] "GET /cormun/static/hpexe_messagegenexuscomponent.js?201752511465344 HTTP/1.1" 200 587
186.103.157.42 - - [06/Mar/2018:10:31:58 -0300] "GET /cormun/static/hpexe_recentlink.js?20177611595044 HTTP/1.1" 200 2144
186.103.157.42 - - [06/Mar/2018:10:31:58 -0300] "GET /cormun/static/hpexe_messagecontroller.js?20177611595012 HTTP/1.1" 200 870
186.103.157.42 - - [06/Mar/2018:10:31:58 -0300] "GET /cormun/static/Shared/jquery/jquery-1.4.2.min.js HTTP/1.1" 200 72174
186.103.157.42 - - [06/Mar/2018:10:31:58 -0300] "GET /cormun/static/cmcontrolpreferences.js?201752511465670 HTTP/1.1" 200 1375
186.103.157.42 - - [06/Mar/2018:10:31:58 -0300] "GET /cormun/static/SmoothNavMenu/resources/ddsmoothmenu.js HTTP/1.1" 200 12712
186.103.157.42 - - [06/Mar/2018:10:31:58 -0300] "GET /cormun/static/SmoothNavMenu/resources/SmoothNavMenuRender.js HTTP/1.1" 200 5951
186.103.157.42 - - [06/Mar/2018:10:31:58 -0300] "GET /cormun/static/scaMessage/js/jquery.pnotify.min.js HTTP/1.1" 200 13038
186.103.157.42 - - [06/Mar/2018:10:31:58 -0300] "GET /cormun/static/Shared/jqueryui/jquery-ui.min.js HTTP/1.1" 200 240427
186.103.157.42 - - [06/Mar/2018:10:31:59 -0300] "GET /cormun/static/scaMessage/scaMessageRender.js HTTP/1.1" 200 11977
186.103.157.42 - - [06/Mar/2018:10:31:59 -0300] "GET /cormun/static/hmpwkw03.js?20177612122668 HTTP/1.1" 200 3965
186.103.157.42 - - [06/Mar/2018:10:31:59 -0300] "GET /cormun/static/Resources/logo4.png HTTP/1.1" 200 6582
186.103.157.42 - - [06/Mar/2018:10:31:59 -0300] "GET /cormun/static/hpexe_scripts.js?201752511465715 HTTP/1.1" 200 1544
186.103.157.42 - - [06/Mar/2018:10:31:59 -0300] "GET /cormun/static/Resources/PXToolsHeaderActionsLeft.png HTTP/1.1" 200 1118
186.9.21.170 - - [06/Mar/2018:10:31:59 -0300] "GET /cormun/servlet/trvisualizadoreventos? HTTP/1.1" 200 6714
186.103.157.42 - - [06/Mar/2018:10:31:59 -0300] "GET /cormun/static/Resources/PXToolsHeaderPreferences.png HTTP/1.1" 200 4189
186.103.157.42 - - [06/Mar/2018:10:31:59 -0300] "GET /cormun/static/Shared/jquery/jquery-1.10.2.min.js HTTP/1.1" 200 273199
186.103.157.42 - - [06/Mar/2018:10:31:59 -0300] "GET /cormun/static/Resources/PXToolsHeaderSecurity.png HTTP/1.1" 200 4166
186.103.157.42 - - [06/Mar/2018:10:31:59 -0300] "GET /cormun/static/Resources/PXToolsHeaderActionsRight.png HTTP/1.1" 200 1201
186.103.157.42 - - [06/Mar/2018:10:31:59 -0300] "GET /cormun/static/Resources/PXToolsHeaderLogin.png HTTP/1.1" 200 4279
186.103.157.42 - - [06/Mar/2018:10:32:00 -0300] "GET /cormun/static/Resources/PXToolsFooterBackground2.png HTTP/1.1" 200 1172
186.103.157.42 - - [06/Mar/2018:10:32:00 -0300] "GET /cormun/static/Resources/PXToolsHeaderHome.png HTTP/1.1" 200 4147
186.103.157.42 - - [06/Mar/2018:10:32:00 -0300] "GET /cormun/static/Resources/PXToolsHeaderActionsBackground.png HTTP/1.1" 200 484
186.103.157.42 - - [06/Mar/2018:10:32:00 -0300] "GET /cormun/static/Resources/PXToolsDataTitle.png HTTP/1.1" 200 1173
186.103.157.42 - - [06/Mar/2018:10:32:00 -0300] "GET /cormun/static/Resources/PXToolsHeaderBackground2.png HTTP/1.1" 200 1174
186.103.157.42 - - [06/Mar/2018:10:32:00 -0300] "GET /cormun/static/Shared/ext/ext-all.js HTTP/1.1" 200 1289687
186.103.157.42 - - [06/Mar/2018:10:32:01 -0300] "GET /cormun/servlet/hhome HTTP/1.1" 200 4252
186.103.157.42 - - [06/Mar/2018:10:32:01 -0300] "GET /cormun/static/SmoothNavMenu/resources/images/right.gif HTTP/1.1" 200 860
200.120.230.197 - - [06/Mar/2018:10:32:01 -0300] "POST /cormun/servlet/solicitudotadjuntos?603d230edc4387e4b4e39b833b60874e,INS,2018,10086,,1, HTTP/1.1" 200 116
186.103.157.42 - - [06/Mar/2018:10:32:01 -0300] "GET /cormun/static/SmoothNavMenu/resources/images/down.gif HTTP/1.1" 200 854
200.120.230.197 - - [06/Mar/2018:10:32:01 -0300] "GET /cormun/servlet/hpexe_return? HTTP/1.1" 200 1031
