186.67.203.186 - - [06/Mar/2018:13:50:36 -0300] "POST /cormun/servlet/solicitudot?gx-no-cache=1520354986334 HTTP/1.1" 200 1319
186.67.203.186 - - [06/Mar/2018:13:50:36 -0300] "POST /cormun/servlet/solicitudot?gx-no-cache=1520354986428 HTTP/1.1" 200 1218
186.67.203.186 - - [06/Mar/2018:13:50:36 -0300] "GET /cormun/servlet/solicitudot?35013767945e92e128210bad3190e545a281a2d1cf4085dd6dab94937bed6e4d48f7bf28045c1644d678f2b30c3b3af5,gx-no-cache=1520354986532 HTTP/1.1" 200 30
186.67.203.186 - - [06/Mar/2018:13:50:36 -0300] "POST /cormun/servlet/solicitudot?gx-no-cache=1520354986580 HTTP/1.1" 200 30
186.67.203.186 - - [06/Mar/2018:13:50:36 -0300] "POST /cormun/servlet/solicitudot?b1369af4fac1ebe716b3dbded4e768ee,INS,0,0,,gx-no-cache=1520354986660 HTTP/1.1" 200 12028
200.112.5.172 - - [06/Mar/2018:13:50:36 -0300] "GET /cormun/servlet/trvisualizadoreventos? HTTP/1.1" 200 5950
200.112.5.172 - - [06/Mar/2018:13:50:36 -0300] "GET /cormun/servlet/hlogin HTTP/1.1" 200 1746
200.112.5.172 - - [06/Mar/2018:13:50:38 -0300] "POST /cormun/servlet/hlogin?5a640f3afc9af2c342d156d37bdea913,gx-no-cache=1520354990829 HTTP/1.1" 200 90
200.112.5.172 - - [06/Mar/2018:13:50:38 -0300] "GET /cormun/servlet/hpexe_link HTTP/1.1" 200 965
200.112.5.172 - - [06/Mar/2018:13:50:38 -0300] "GET /cormun/servlet/trvisualizadoreventos HTTP/1.1" 200 6548
200.112.5.172 - - [06/Mar/2018:13:50:39 -0300] "GET /cormun/servlet/trvisualizadoreventos HTTP/1.1" 200 6547
186.103.159.189 - - [06/Mar/2018:13:50:39 -0300] "POST /cormun/servlet/solicitudot?gx-no-cache=1520354992190 HTTP/1.1" 200 3518
186.103.159.189 - - [06/Mar/2018:13:50:39 -0300] "GET /cormun/static/Shared/jqueryui/images/ui-bg_highlight-soft_100_c6c2c8_1x100.png HTTP/1.1" 404 1117
186.103.159.189 - - [06/Mar/2018:13:50:39 -0300] "GET /cormun/static/Shared/jqueryui/images/ui-icons_82798d_256x240.png HTTP/1.1" 404 1089
186.103.159.189 - - [06/Mar/2018:13:50:39 -0300] "GET /cormun/static/Shared/jqueryui/images/ui-bg_flat_55_994d53_40x100.png HTTP/1.1" 404 1097
186.103.159.189 - - [06/Mar/2018:13:50:39 -0300] "GET /cormun/static/Shared/jqueryui/images/ui-icons_ebccce_256x240.png HTTP/1.1" 404 1089
186.103.159.189 - - [06/Mar/2018:13:50:39 -0300] "GET /cormun/servlet/solicitudot?25a11c60b84d9e71f3e80d6a893f64c68a3598c3b08746c19e26af49dd1582b0d4fb1056e88c58e0c851a66a0b983f0d,gx-no-cache=1520354992367 HTTP/1.1" 200 111
186.103.159.189 - - [06/Mar/2018:13:50:39 -0300] "GET /cormun/servlet/solicitudot?25a11c60b84d9e71f3e80d6a893f64c62a837b46c9c9006163b2a32f4aa2655e,gx-no-cache=1520354992448 HTTP/1.1" 200 94
186.103.159.189 - - [06/Mar/2018:13:50:39 -0300] "GET /cormun/servlet/solicitudot?25a11c60b84d9e71f3e80d6a893f64c6b8c6df97500775f2e2f1c77a70dc1221,gx-no-cache=1520354992493 HTTP/1.1" 200 29
186.103.159.189 - - [06/Mar/2018:13:50:39 -0300] "GET /cormun/servlet/solicitudot?25a11c60b84d9e71f3e80d6a893f64c666b8daf17c4213d793899205bc0c37b3787bf37c92d72f2636c85c0e35f27b45ef7eb46216ea12907353c0c727223858a960f2b1ccce93c7c0ba57b4a47adca11594af4fe2aa7449412a95c013aa176d587bb0a9d12d987ad747abf087b3ca5a88eb82efdb4085a6c21363d641113e87f95878c985905e2cfa39a2513a424e1cb34674e96bd32f3efeffa5b05940f7b407ae8b981068cee055d334d68596fa6b0e3dec85d709751f4a90a153e7efff54c4a943d8cd3107c3e857dd859026d57d89ef098f852c12827719792e9e2fccacc968476c912b7b2e2672746c06931e70ccf5f9204b66681b7c1ee08a00c2d2032cd0960417ab90dc0b125854f294bfb91e41e9a5e94b40123c76bf6de6afa4c620e0db03b2c6208e01be973e90147c21aa03fdb99c384fdb50e0454f43fcf98a2d7ca1c8d7016bff18f6648524ec02de,gx-no-cache=1520354992547 HTTP/1.1" 200 297
186.103.159.189 - - [06/Mar/2018:13:50:39 -0300] "GET /cormun/servlet/solicitudot?25a11c60b84d9e71f3e80d6a893f64c65f3150cea84e919e89f9db55b07b151813f54b8e3ecf4402c60693c2be62b299a4e1126f202c076017579c21fd9972ea7e9afc1831dc3749a6e6aeed39cc9b3c52b949ed4b67ce0b525cfb492caa9602bd5ff54d72190cc01ae49a459f5676a4f7d22a61751a8136e353fd387e408e4020edfb1a5df23c7535e25896915c64916e5e387f2f6b201895dc49e504e6af6b2eb7f417bfd4d28249d9db143fdc99772dac7435818932cf4abfc79a27e441d7a01a00b249e2304072ac1b53a4c699a87c06b803d0cfc4e25b9e9e7b6c504fd986a05333db95463c86c3279b528a9e662fe3f57a0077efd749f97045a62b8156d19ddc2da930831560e0072a355295d77fe5126154d1a904987a73ed5c0f945b83d63ca5a14172300148e2abc5447493f0e7f5ed7b27f7aea58df80e5c0c529e89a1e700810745c535bed2f09c5ebd55db3dc1cc722e03f420d87a2790090d253cd7f20fd2bff64800642578e868858a8629975bdc858faa8eec3bc67cad9a86b6c7ae7450121834a2685aed1ac48230,gx-no-cache=1520354992597 HTTP/1.1" 200 30
186.103.159.189 - - [06/Mar/2018:13:50:39 -0300] "POST /cormun/servlet/solicitudot?gx-no-cache=1520354992643 HTTP/1.1" 200 30
186.103.159.189 - - [06/Mar/2018:13:50:39 -0300] "POST /cormun/servlet/solicitudot?gx-no-cache=1520354992693 HTTP/1.1" 200 1331
186.103.159.189 - - [06/Mar/2018:13:50:39 -0300] "POST /cormun/servlet/solicitudot?gx-no-cache=1520354992815 HTTP/1.1" 200 38
186.103.158.250 - - [06/Mar/2018:13:50:43 -0300] "POST /cormun/servlet/trautorizarsolicitud?256ef51633c6977d07e787c9b56561e7,,gx-no-cache=1520354993511 HTTP/1.1" 200 4604
186.103.158.250 - - [06/Mar/2018:13:50:43 -0300] "GET /cormun/static/Shared/jqueryui/images/ui-bg_highlight-soft_100_c6c2c8_1x100.png HTTP/1.1" 404 1117
186.103.158.250 - - [06/Mar/2018:13:50:43 -0300] "GET /cormun/static/Shared/jqueryui/images/ui-icons_82798d_256x240.png HTTP/1.1" 404 1089
186.103.158.250 - - [06/Mar/2018:13:50:43 -0300] "GET /cormun/static/Shared/jqueryui/images/ui-bg_flat_55_fafafa_40x100.png HTTP/1.1" 404 1097
186.103.158.250 - - [06/Mar/2018:13:50:43 -0300] "GET /cormun/static/Shared/jqueryui/images/ui-icons_8d78a5_256x240.png HTTP/1.1" 404 1089
186.103.158.250 - - [06/Mar/2018:13:50:43 -0300] "POST /cormun/servlet/trautorizarsolicitud?256ef51633c6977d07e787c9b56561e7,,gx-no-cache=1520354993892 HTTP/1.1" 200 4386
200.112.5.172 - - [06/Mar/2018:13:50:46 -0300] "GET /cormun/static/menuarrow.gif HTTP/1.1" 404 1015
192.168.10.62 - - [06/Mar/2018:13:50:48 -0300] "POST /cormun/servlet/vesolicitudgral?59a4455f65e7631b2a2fa74cd188a880,2018,9402,,,gx-no-cache=1520354887726 HTTP/1.1" 200 90
192.168.10.62 - - [06/Mar/2018:13:50:48 -0300] "GET /cormun/servlet/hpexe_link HTTP/1.1" 200 981
192.168.10.62 - - [06/Mar/2018:13:50:48 -0300] "GET /cormun/servlet/trsolicitudgral?gx-no-cache=1520353651944 HTTP/1.1" 200 11709
192.168.10.62 - - [06/Mar/2018:13:50:49 -0300] "GET /cormun/servlet/trsolicitudgral?gx-no-cache=1520353651944 HTTP/1.1" 200 11729
186.103.158.250 - - [06/Mar/2018:13:50:49 -0300] "GET /cormun/servlet/trautorizarsolicitud? HTTP/1.1" 200 7311
186.103.158.250 - - [06/Mar/2018:13:50:51 -0300] "GET /cormun/servlet/trautorizarsolicitud? HTTP/1.1" 200 7311
200.112.5.172 - - [06/Mar/2018:13:50:52 -0300] "POST /cormun/servlet/trvisualizadoreventos?5a640f3afc9af2c342d156d37bdea913,gx-no-cache=1520355004528 HTTP/1.1" 200 3678
186.103.158.250 - - [06/Mar/2018:13:50:55 -0300] "POST /cormun/servlet/trautorizarsolicitud?256ef51633c6977d07e787c9b56561e7,,gx-no-cache=1520355005440 HTTP/1.1" 200 4403
200.112.5.172 - - [06/Mar/2018:13:50:55 -0300] "POST /cormun/servlet/trvisualizadoreventos?5a640f3afc9af2c342d156d37bdea913,gx-no-cache=1520355007811 HTTP/1.1" 200 6524
200.112.5.172 - - [06/Mar/2018:13:50:55 -0300] "GET /cormun/static/Resources/PXToolsGridNext.gif HTTP/1.1" 200 369
200.112.5.172 - - [06/Mar/2018:13:50:55 -0300] "GET /cormun/static/Resources/PXToolsGridLast.gif HTTP/1.1" 200 370
186.103.158.250 - - [06/Mar/2018:13:50:57 -0300] "POST /cormun/servlet/trautorizarsolicitud?256ef51633c6977d07e787c9b56561e7,,gx-no-cache=1520355007417 HTTP/1.1" 200 4403
186.103.158.250 - - [06/Mar/2018:13:50:58 -0300] "POST /cormun/servlet/trautorizarsolicitud?256ef51633c6977d07e787c9b56561e7,,gx-no-cache=1520355008605 HTTP/1.1" 200 4403
186.103.158.250 - - [06/Mar/2018:13:50:58 -0300] "POST /cormun/servlet/trautorizarsolicitud?256ef51633c6977d07e787c9b56561e7,,gx-no-cache=1520355008873 HTTP/1.1" 200 4402
200.112.5.172 - - [06/Mar/2018:13:50:59 -0300] "POST /cormun/servlet/trvisualizadoreventos?5a640f3afc9af2c342d156d37bdea913,gx-no-cache=1520355011486 HTTP/1.1" 200 111
200.112.5.172 - - [06/Mar/2018:13:50:59 -0300] "GET /cormun/VisualizadorEventos-3836.xls HTTP/1.1" 200 10240
186.103.158.250 - - [06/Mar/2018:13:51:00 -0300] "GET /cormun/servlet/trautorizarsolicitud? HTTP/1.1" 200 7311
186.103.158.250 - - [06/Mar/2018:13:51:02 -0300] "GET /cormun/servlet/trautorizarsolicitud? HTTP/1.1" 200 7311
192.168.10.62 - - [06/Mar/2018:13:51:02 -0300] "POST /cormun/servlet/trsolicitudgral?59a4455f65e7631b2a2fa74cd188a880,gx-no-cache=1520353651944,gx-no-cache=1520354901457 HTTP/1.1" 200 115
192.168.10.62 - - [06/Mar/2018:13:51:02 -0300] "GET /cormun/servlet/solicitudotlog?INS,2018,9442,0,REC, HTTP/1.1" 200 6273
192.168.10.62 - - [06/Mar/2018:13:51:02 -0300] "GET /cormun/servlet/solicitudotlog?INS,2018,9442,0,REC, HTTP/1.1" 200 6253
192.168.10.62 - - [06/Mar/2018:13:51:03 -0300] "GET /cormun/servlet/solicitudotlog?810b5c3c0b90e1b313d32d0a9884eaea5b3046256b915ca3aa7603fe9eda3c831551142e14c8fa084848d778e90b9c1bce8193e0ce931d548f0327fd0b8b2c219a8f3684d868ca1c4ad019fc4d441e4dfe2718bc464ebe06ea01ba91bc935a12d89e3baef8b9caed3f1c62a4a8433ec471bf804bd554b69c5ac1ae58471c5907ce0aa5d4fb578674c51d50a145492df931529b85894843fa33ef9d824c5b1ef4,gx-no-cache=1520354902342 HTTP/1.1" 200 94
186.103.158.250 - - [06/Mar/2018:13:51:05 -0300] "POST /cormun/servlet/trautorizarsolicitud?256ef51633c6977d07e787c9b56561e7,,gx-no-cache=1520355015446 HTTP/1.1" 200 4403
186.103.158.250 - - [06/Mar/2018:13:51:05 -0300] "POST /cormun/servlet/trautorizarsolicitud?256ef51633c6977d07e787c9b56561e7,,gx-no-cache=1520355015754 HTTP/1.1" 200 4403
186.103.158.250 - - [06/Mar/2018:13:51:07 -0300] "GET /cormun/servlet/trsolicitudot? HTTP/1.1" 200 8780
186.103.132.155 - - [06/Mar/2018:13:51:08 -0300] "GET /cormun/servlet/trvisualizadoreventos? HTTP/1.1" 200 5949
186.103.158.250 - - [06/Mar/2018:13:51:08 -0300] "GET /cormun/servlet/trsolicitudot? HTTP/1.1" 200 8780
186.103.132.155 - - [06/Mar/2018:13:51:09 -0300] "GET /cormun/servlet/trvisualizadoreventos? HTTP/1.1" 200 5949
186.103.132.155 - - [06/Mar/2018:13:51:09 -0300] "GET /cormun/servlet/hlogin HTTP/1.1" 200 1746
192.168.10.62 - - [06/Mar/2018:13:51:12 -0300] "POST /cormun/servlet/solicitudotlog?59a4455f65e7631b2a2fa74cd188a880,INS,2018,9442,0,REC,,gx-no-cache=1520354911654 HTTP/1.1" 200 93
192.168.10.62 - - [06/Mar/2018:13:51:12 -0300] "GET /cormun/servlet/hpexe_return? HTTP/1.1" 200 1038
192.168.10.62 - - [06/Mar/2018:13:51:12 -0300] "GET /cormun/servlet/trsolicitudgral?gx-no-cache=1520353651944 HTTP/1.1" 200 11330
192.168.10.62 - - [06/Mar/2018:13:51:13 -0300] "GET /cormun/servlet/trsolicitudgral?gx-no-cache=1520353651944 HTTP/1.1" 200 11348
186.103.158.250 - - [06/Mar/2018:13:51:13 -0300] "GET /cormun/servlet/trvisualizadoreventos? HTTP/1.1" 200 6954
186.103.158.250 - - [06/Mar/2018:13:51:14 -0300] "GET /cormun/servlet/trvisualizadoreventos? HTTP/1.1" 200 6953
192.168.10.89 - - [06/Mar/2018:13:51:15 -0300] "POST /cormun/servlet/trsolicitudgral?315630d109ce4495ae0d81559e52880f,,gx-no-cache=1520354914852 HTTP/1.1" 200 7318
186.103.158.250 - - [06/Mar/2018:13:51:18 -0300] "POST /cormun/servlet/trvisualizadoreventos?256ef51633c6977d07e787c9b56561e7,,gx-no-cache=1520355028495 HTTP/1.1" 200 4135
186.103.158.250 - - [06/Mar/2018:13:51:19 -0300] "POST /cormun/servlet/trvisualizadoreventos?256ef51633c6977d07e787c9b56561e7,,gx-no-cache=1520355030310 HTTP/1.1" 200 4135
186.103.158.250 - - [06/Mar/2018:13:51:20 -0300] "POST /cormun/servlet/trvisualizadoreventos?256ef51633c6977d07e787c9b56561e7,,gx-no-cache=1520355031399 HTTP/1.1" 200 4135
186.103.158.250 - - [06/Mar/2018:13:51:21 -0300] "POST /cormun/servlet/trvisualizadoreventos?256ef51633c6977d07e787c9b56561e7,,gx-no-cache=1520355031897 HTTP/1.1" 200 4135
186.103.158.250 - - [06/Mar/2018:13:51:24 -0300] "GET /cormun/servlet/trautorizarsolicitud? HTTP/1.1" 200 7303
186.103.158.250 - - [06/Mar/2018:13:51:25 -0300] "GET /cormun/servlet/trautorizarsolicitud? HTTP/1.1" 200 7302
200.112.5.172 - - [06/Mar/2018:13:51:30 -0300] "GET /cormun/servlet/trcontratoobservacion? HTTP/1.1" 200 12132
200.112.5.172 - - [06/Mar/2018:13:51:30 -0300] "GET /cormun/static/gxcfg.js?2017525126861 HTTP/1.1" 200 953
200.112.5.172 - - [06/Mar/2018:13:51:30 -0300] "GET /cormun/static/trcontratoobservacion.js?20175251261223 HTTP/1.1" 200 25148
186.103.158.250 - - [06/Mar/2018:13:51:31 -0300] "POST /cormun/servlet/trautorizarsolicitud?256ef51633c6977d07e787c9b56561e7,,gx-no-cache=1520355041877 HTTP/1.1" 200 4399
200.112.5.172 - - [06/Mar/2018:13:51:31 -0300] "GET /cormun/servlet/trcontratoobservacion? HTTP/1.1" 200 12132
186.103.158.250 - - [06/Mar/2018:13:51:36 -0300] "GET /cormun/servlet/trsolicitudot? HTTP/1.1" 200 8780
186.103.158.250 - - [06/Mar/2018:13:51:37 -0300] "GET /cormun/servlet/trsolicitudot? HTTP/1.1" 200 8780
186.103.159.43 - - [06/Mar/2018:13:51:53 -0300] "GET /cormun/servlet/solicitudot?f63fcb8088aea672da2bca9e44c8f7b6838b0820925577e1395cb4a54dddd0c6,gx-no-cache=1520355065383 HTTP/1.1" 200 94
186.103.159.43 - - [06/Mar/2018:13:51:53 -0300] "GET /cormun/static/Shared/jqueryui/images/ui-bg_highlight-soft_100_c6c2c8_1x100.png HTTP/1.1" 404 1117
186.103.159.43 - - [06/Mar/2018:13:51:53 -0300] "GET /cormun/static/Shared/jqueryui/images/ui-icons_82798d_256x240.png HTTP/1.1" 404 1089
186.103.159.43 - - [06/Mar/2018:13:51:53 -0300] "GET /cormun/static/Shared/jqueryui/images/ui-bg_flat_55_994d53_40x100.png HTTP/1.1" 404 1097
186.103.159.43 - - [06/Mar/2018:13:51:53 -0300] "GET /cormun/static/Shared/jqueryui/images/ui-icons_ebccce_256x240.png HTTP/1.1" 404 1089
186.103.159.43 - - [06/Mar/2018:13:51:55 -0300] "GET /cormun/servlet/prbanco?,MD,,gxPopupLevel%3D0%3B HTTP/1.1" 200 6555
200.111.122.170 - - [06/Mar/2018:13:52:10 -0300] "POST /cormun/servlet/hlogin?9a14276df41171614275034c0adeb5c6,gx-no-cache=1520355083902 HTTP/1.1" 200 90
200.111.122.170 - - [06/Mar/2018:13:52:10 -0300] "GET /cormun/servlet/hpexe_link HTTP/1.1" 200 967
200.111.122.170 - - [06/Mar/2018:13:52:10 -0300] "GET /cormun/servlet/trvisualizadoreventos HTTP/1.1" 200 6779
200.111.122.170 - - [06/Mar/2018:13:52:11 -0300] "GET /cormun/servlet/trvisualizadoreventos HTTP/1.1" 200 6777
200.112.5.172 - - [06/Mar/2018:13:52:14 -0300] "GET /cormun/servlet/trcontratoobservacion? HTTP/1.1" 200 12132
200.112.5.172 - - [06/Mar/2018:13:52:15 -0300] "GET /cormun/servlet/trcontratoobservacion? HTTP/1.1" 200 12132
200.111.122.170 - - [06/Mar/2018:13:52:17 -0300] "POST /cormun/servlet/trvisualizadoreventos?9a14276df41171614275034c0adeb5c6,gx-no-cache=1520355090887 HTTP/1.1" 200 3867
186.103.159.43 - - [06/Mar/2018:13:52:18 -0300] "GET /cormun/servlet/solicitudot?f63fcb8088aea672da2bca9e44c8f7b63a2fb9d9bbebe93db8a96dcc241bbdf7,gx-no-cache=1520355090391 HTTP/1.1" 200 53
200.111.122.170 - - [06/Mar/2018:13:52:19 -0300] "GET /cormun/static/menuarrow.gif HTTP/1.1" 404 1015
200.112.5.172 - - [06/Mar/2018:13:52:22 -0300] "GET /cormun/servlet/trvisualizadoreventos? HTTP/1.1" 200 9411
200.112.5.172 - - [06/Mar/2018:13:52:23 -0300] "GET /cormun/servlet/trvisualizadoreventos? HTTP/1.1" 200 9411
200.111.122.170 - - [06/Mar/2018:13:52:30 -0300] "POST /cormun/servlet/trvisualizadoreventos?9a14276df41171614275034c0adeb5c6,gx-no-cache=1520355103790 HTTP/1.1" 200 3878
200.111.122.170 - - [06/Mar/2018:13:52:31 -0300] "POST /cormun/servlet/trvisualizadoreventos?9a14276df41171614275034c0adeb5c6,gx-no-cache=1520355104821 HTTP/1.1" 200 3878
186.103.158.250 - - [06/Mar/2018:13:52:37 -0300] "GET /cormun/servlet/trsolicitudot? HTTP/1.1" 200 8780
200.111.122.170 - - [06/Mar/2018:13:52:38 -0300] "POST /cormun/servlet/trvisualizadoreventos?9a14276df41171614275034c0adeb5c6,gx-no-cache=1520355111639 HTTP/1.1" 200 3874
186.103.158.250 - - [06/Mar/2018:13:52:39 -0300] "GET /cormun/servlet/trsolicitudot? HTTP/1.1" 200 8780
200.111.122.170 - - [06/Mar/2018:13:52:45 -0300] "POST /cormun/servlet/trvisualizadoreventos?9a14276df41171614275034c0adeb5c6,gx-no-cache=1520355118918 HTTP/1.1" 200 3874
200.112.5.172 - - [06/Mar/2018:13:52:46 -0300] "GET /cormun/servlet/trvisualizadoreventos? HTTP/1.1" 200 9411
200.112.5.172 - - [06/Mar/2018:13:52:47 -0300] "GET /cormun/servlet/trvisualizadoreventos? HTTP/1.1" 200 9411
186.103.159.189 - - [06/Mar/2018:13:52:48 -0300] "POST /cormun/servlet/solicitudot?42c27940707a0db0be76b94a28b81274,INS,0,0,,gx-no-cache=1520355121057 HTTP/1.1" 200 11474
186.103.159.189 - - [06/Mar/2018:13:52:48 -0300] "GET /cormun/static/Shared/jqueryui/images/ui-bg_flat_55_fafafa_40x100.png HTTP/1.1" 404 1097
186.103.159.189 - - [06/Mar/2018:13:52:48 -0300] "GET /cormun/static/Shared/jqueryui/images/ui-icons_8d78a5_256x240.png HTTP/1.1" 404 1089
186.103.159.43 - - [06/Mar/2018:13:52:50 -0300] "POST /cormun/servlet/solicitudot?gx-no-cache=1520355122656 HTTP/1.1" 200 297
186.103.159.43 - - [06/Mar/2018:13:52:51 -0300] "GET /cormun/servlet/solicitudot?f63fcb8088aea672da2bca9e44c8f7b6ab04240a81e1138c8bc91d19b4aa27bc89c039894d95e28068da79dc1db253f0c0af6b5ee66b2d33e74ba1e3a91883b9268f7c4a250c36fd87e5ec0c0032bbacf96e687b49ca594734003c1d254b8eef703fdd698f0563358aa398f273f6b556eb2901fb017a2d0694c4f7b465f9851e9947fab06479a01e3076ed7034fb06e0566b8dd4d7412a6d07be421a218d048ef4c351ea72ae46c807174767f4833c7fc9f744dc987c313d785817e42778a625476ab575a23b072bc03dba476a1994292dd3447f50f2ad592b5fe1fa5146f56146fdf423f97f4c895a2fb009d5136c331082be20b72241ada0af4e3520c1f6f7549e79226a4b93e6432b006d6b4b17a6392bb9cc36aef76bd85b10e1eab069f54bdc48a7ce372f8a09cfc859f2319e10c8f3ba73c6ea37187b918ffcee70b328a149e09e09f6483d13194209a5c62fbee115e36b10b0b7beecb0e8152b6e523a3e9168741df738e7d037b8a5426441d1b45f9dd5aaf127529d2fadcbb3f820a96f33e3e6839e0ea9d7e802c3f098c481,gx-no-cache=1520355122809 HTTP/1.1" 200 30
186.103.159.189 - - [06/Mar/2018:13:52:55 -0300] "POST /cormun/servlet/solicitudot?gx-no-cache=1520355127964 HTTP/1.1" 200 3518
186.103.159.189 - - [06/Mar/2018:13:52:55 -0300] "GET /cormun/servlet/solicitudot?25a11c60b84d9e71f3e80d6a893f64c68a3598c3b08746c19e26af49dd1582b0d4fb1056e88c58e0c851a66a0b983f0d,gx-no-cache=1520355128324 HTTP/1.1" 200 111
186.103.159.189 - - [06/Mar/2018:13:52:55 -0300] "GET /cormun/servlet/solicitudot?25a11c60b84d9e71f3e80d6a893f64c683467fa4d365d6c653977474b4728dc58294e2a6dcbb14250a57658c9a7bc0bae45b31c0421be67f41efbf295e8d4983,gx-no-cache=1520355128388 HTTP/1.1" 200 30
186.103.159.189 - - [06/Mar/2018:13:52:55 -0300] "GET /cormun/servlet/solicitudot?25a11c60b84d9e71f3e80d6a893f64c6b8c6df97500775f2e2f1c77a70dc1221,gx-no-cache=1520355128429 HTTP/1.1" 200 29
200.112.5.172 - - [06/Mar/2018:13:52:56 -0300] "GET /cormun/servlet/fichaempleado?UPD,11889741, HTTP/1.1" 200 6119
200.112.5.172 - - [06/Mar/2018:13:52:56 -0300] "GET /cormun/static/gxcfg.js?20176282043676 HTTP/1.1" 200 953
200.112.5.172 - - [06/Mar/2018:13:52:56 -0300] "GET /cormun/static/Resources/Spanish/PXTools.css?17315867 HTTP/1.1" 200 89042
200.112.5.172 - - [06/Mar/2018:13:52:56 -0300] "GET /cormun/static/fichaempleado.js?2017628204374 HTTP/1.1" 200 17534
186.103.159.43 - - [06/Mar/2018:13:52:56 -0300] "POST /cormun/servlet/solicitudot?gx-no-cache=1520355128624 HTTP/1.1" 200 30
200.112.5.172 - - [06/Mar/2018:13:52:57 -0300] "GET /cormun/servlet/fichaempleado?UPD,11889741, HTTP/1.1" 200 6121
200.112.5.172 - - [06/Mar/2018:13:53:00 -0300] "POST /cormun/servlet/fichaempleado?b196951cbddb269b84d639494082bb0c,UPD,11889741,,gx-no-cache=1520355132448 HTTP/1.1" 200 93
200.112.5.172 - - [06/Mar/2018:13:53:00 -0300] "GET /cormun/servlet/hpexe_return? HTTP/1.1" 200 1037
200.112.5.172 - - [06/Mar/2018:13:53:01 -0300] "GET /cormun/static/gxcfg.js?2016101716175148 HTTP/1.1" 200 953
200.112.5.172 - - [06/Mar/2018:13:53:01 -0300] "GET /cormun/static/hpexe_return.js?2016101716175153 HTTP/1.1" 200 1633
200.112.5.172 - - [06/Mar/2018:13:53:01 -0300] "GET /cormun/static/Resources/Spanish/PXTools.css?167811 HTTP/1.1" 200 89042
186.103.159.43 - - [06/Mar/2018:13:53:03 -0300] "POST /cormun/servlet/solicitudot?gx-no-cache=1520355135215 HTTP/1.1" 200 1333
186.103.159.43 - - [06/Mar/2018:13:53:03 -0300] "POST /cormun/servlet/solicitudot?gx-no-cache=1520355135324 HTTP/1.1" 200 38
200.112.5.172 - - [06/Mar/2018:13:53:04 -0300] "GET /cormun/servlet/trhorasextras? HTTP/1.1" 200 7381
200.112.5.172 - - [06/Mar/2018:13:53:04 -0300] "GET /cormun/static/gxcfg.js?2017112014165216 HTTP/1.1" 200 953
200.112.5.172 - - [06/Mar/2018:13:53:04 -0300] "GET /cormun/static/trhorasextras.js?2017112014165786 HTTP/1.1" 200 35129
200.112.5.172 - - [06/Mar/2018:13:53:04 -0300] "GET /cormun/static/Resources/PXToolsAddAllStandardAction.png HTTP/1.1" 200 628
200.112.5.172 - - [06/Mar/2018:13:53:04 -0300] "GET /cormun/static/Resources/PXToolsRemoveAllStandardAction.png HTTP/1.1" 200 495
200.112.5.172 - - [06/Mar/2018:13:53:04 -0300] "GET /cormun/servlet/trhorasextras? HTTP/1.1" 200 7380
200.112.5.172 - - [06/Mar/2018:13:53:05 -0300] "POST /cormun/servlet/acontrolpreferencessavestate?None,CG-22,true HTTP/1.1" 200 35
190.151.100.218 - - [06/Mar/2018:13:53:05 -0300] "POST /cormun/servlet/solicitudot?b1369af4fac1ebe716b3dbded4e768ee,INS,0,0,,gx-no-cache=1520355135322 HTTP/1.1" 200 93
190.151.100.218 - - [06/Mar/2018:13:53:05 -0300] "GET /cormun/servlet/hpexe_return? HTTP/1.1" 200 1009
190.151.100.218 - - [06/Mar/2018:13:53:05 -0300] "GET /cormun/servlet/trsolicitudot HTTP/1.1" 200 7420
190.151.100.218 - - [06/Mar/2018:13:53:06 -0300] "GET /cormun/servlet/trsolicitudot HTTP/1.1" 200 7416
186.103.161.206 - - [06/Mar/2018:13:53:07 -0300] "GET /cormun/servlet/trvisualizadoreventos? HTTP/1.1" 200 6781
200.112.5.172 - - [06/Mar/2018:13:53:08 -0300] "GET /cormun/static/menuarrow.gif HTTP/1.1" 404 1015
186.103.161.206 - - [06/Mar/2018:13:53:08 -0300] "GET /cormun/servlet/trvisualizadoreventos? HTTP/1.1" 200 6781
190.151.100.218 - - [06/Mar/2018:13:53:17 -0300] "GET /cormun/servlet/trsolicitudot? HTTP/1.1" 200 7416
190.151.100.218 - - [06/Mar/2018:13:53:17 -0300] "GET /cormun/servlet/trsolicitudot? HTTP/1.1" 200 7416
186.103.159.189 - - [06/Mar/2018:13:53:17 -0300] "GET /cormun/servlet/solicitudot?25a11c60b84d9e71f3e80d6a893f64c67f5fb757835f6cf7edb39a6ad4f169d6418f3c352ff931d029d13f2720578a8f,gx-no-cache=1520355150829 HTTP/1.1" 200 30
186.103.159.189 - - [06/Mar/2018:13:53:19 -0300] "POST /cormun/servlet/solicitudot?gx-no-cache=1520355152394 HTTP/1.1" 200 255
190.151.100.218 - - [06/Mar/2018:13:53:19 -0300] "GET /cormun/servlet/solicitudot?INS,0,0, HTTP/1.1" 200 13647
200.72.197.82 - - [06/Mar/2018:13:53:19 -0300] "GET /cormun/servlet/solicitudot?INS,0,0, HTTP/1.1" 200 13647
200.72.197.82 - - [06/Mar/2018:13:53:20 -0300] "GET /cormun/servlet/solicitudot?INS,0,0, HTTP/1.1" 200 13652
186.103.161.206 - - [06/Mar/2018:13:53:21 -0300] "POST /cormun/servlet/trvisualizadoreventos?9a14276df41171614275034c0adeb5c6,,gx-no-cache=1520355154499 HTTP/1.1" 200 3875
186.103.159.189 - - [06/Mar/2018:13:53:22 -0300] "GET /cormun/servlet/solicitudot?25a11c60b84d9e71f3e80d6a893f64c65f3150cea84e919e89f9db55b07b1518e06aa73295553e4bcc4aabd3ea7b84c7a4e1126f202c076017579c21fd9972ea7e9afc1831dc3749a6e6aeed39cc9b3c52b949ed4b67ce0b525cfb492caa9602bd5ff54d72190cc01ae49a459f5676a4f7d22a61751a8136e353fd387e408e4020edfb1a5df23c7535e25896915c64916e5e387f2f6b201895dc49e504e6af6b2eb7f417bfd4d28249d9db143fdc99772dac7435818932cf4abfc79a27e441d7a01a00b249e2304072ac1b53a4c699a87c06b803d0cfc4e25b9e9e7b6c504fd986a05333db95463c86c3279b528a9e66d864ab72a5a3cfbdfa499119076647b5d19ddc2da930831560e0072a355295d7305a83b6129d38d5014611edc5516f5242bfcc0e468ad2482c891c351a1ca25fcfa95bec6acff8a189403572ad37520bf9977ea1192558278983ca433262c088d160ee4d76d578ea5090d581d04f6d5a8d38615fc2fbd1e9f367e5cd1da970153009f9af4fa822b93ab476ec80c6ffbc,gx-no-cache=1520355155165 HTTP/1.1" 200 30
186.103.159.189 - - [06/Mar/2018:13:53:25 -0300] "POST /cormun/servlet/solicitudot?gx-no-cache=1520355158762 HTTP/1.1" 200 30
186.103.161.206 - - [06/Mar/2018:13:53:28 -0300] "GET /cormun/static/menuarrow.gif HTTP/1.1" 404 1015
186.103.159.189 - - [06/Mar/2018:13:53:37 -0300] "POST /cormun/servlet/solicitudot?gx-no-cache=1520355170771 HTTP/1.1" 200 1331
186.103.159.189 - - [06/Mar/2018:13:53:38 -0300] "POST /cormun/servlet/solicitudot?gx-no-cache=1520355170888 HTTP/1.1" 200 38
200.112.5.172 - - [06/Mar/2018:13:53:38 -0300] "POST /cormun/servlet/trhorasextras?5a640f3afc9af2c342d156d37bdea913,,gx-no-cache=1520355170561 HTTP/1.1" 200 102
200.112.5.172 - - [06/Mar/2018:13:53:38 -0300] "GET /cormun/HorasExtras-2579.xls HTTP/1.1" 200 4096
186.67.203.186 - - [06/Mar/2018:13:53:50 -0300] "POST /cormun/servlet/trvisualizadoreventos?9a14276df41171614275034c0adeb5c6,,gx-no-cache=1520355183472 HTTP/1.1" 200 3875
190.151.100.218 - - [06/Mar/2018:13:53:53 -0300] "POST /cormun/servlet/solicitudot?gx-no-cache=1520355183032 HTTP/1.1" 200 3410
190.151.100.218 - - [06/Mar/2018:13:53:53 -0300] "POST /cormun/servlet/solicitudot?b1369af4fac1ebe716b3dbded4e768ee,INS,0,0,,gx-no-cache=1520355183665 HTTP/1.1" 200 10579
186.67.203.186 - - [06/Mar/2018:13:53:55 -0300] "POST /cormun/servlet/trvisualizadoreventos?9a14276df41171614275034c0adeb5c6,,gx-no-cache=1520355189103 HTTP/1.1" 200 3875
200.112.5.172 - - [06/Mar/2018:13:53:58 -0300] "POST /cormun/servlet/trhorasextras?5a640f3afc9af2c342d156d37bdea913,,gx-no-cache=1520355190819 HTTP/1.1" 200 4237
200.112.5.172 - - [06/Mar/2018:13:53:58 -0300] "GET /cormun/static/Shared/jqueryui/images/ui-bg_highlight-soft_100_c6c2c8_1x100.png HTTP/1.1" 404 1117
200.112.5.172 - - [06/Mar/2018:13:53:58 -0300] "GET /cormun/static/Shared/jqueryui/images/ui-icons_82798d_256x240.png HTTP/1.1" 404 1089
200.112.5.172 - - [06/Mar/2018:13:53:58 -0300] "GET /cormun/static/Shared/jqueryui/images/ui-bg_flat_55_fafafa_40x100.png HTTP/1.1" 404 1097
200.112.5.172 - - [06/Mar/2018:13:53:58 -0300] "GET /cormun/static/Shared/jqueryui/images/ui-icons_8d78a5_256x240.png HTTP/1.1" 404 1089
190.151.100.218 - - [06/Mar/2018:13:53:59 -0300] "GET /cormun/servlet/solicitudot?35013767945e92e128210bad3190e545f4c5264d69c4c32958a2b245ba234ca1bc423214c03d4cbde07be9af7e8f0d25,gx-no-cache=1520355189036 HTTP/1.1" 200 30
190.151.100.218 - - [06/Mar/2018:13:53:59 -0300] "GET /cormun/servlet/solicitudot?35013767945e92e128210bad3190e54595886871345792f1637fd3896a7f0f73ec200a116089e4fb3e82f2856cb7db1b44b839a96355d1c4fe14ee86f317a8bc,gx-no-cache=1520355189280 HTTP/1.1" 200 30
190.151.100.218 - - [06/Mar/2018:13:53:59 -0300] "GET /cormun/servlet/solicitudot?35013767945e92e128210bad3190e545cfe195344340a0a1d91c93e95e70768d,gx-no-cache=1520355189378 HTTP/1.1" 200 45
190.151.100.218 - - [06/Mar/2018:13:53:59 -0300] "POST /cormun/servlet/solicitudot?gx-no-cache=1520355189471 HTTP/1.1" 200 255
190.151.100.218 - - [06/Mar/2018:13:53:59 -0300] "GET /cormun/servlet/solicitudot?35013767945e92e128210bad3190e545875f5bdd071913b3f88229a7c0af693d2a1fcae5690b9b612d3c48a9e9c7f368336c1ed64c9f340b7cd4bb16885f755244a7dd3264529bf58d70c924bc2078fd2ad7e96ef1eb41741cedbfe85f737e250be02435539e385feecf4226522ed292a159ab725685f88d3caa2c29efc03ba0ee347128d8405f93aaa8af322ba8d62c019d932b5f563760977eacd4346a318c7f23ec39757086fb63b31b754d16f7bd5cbfac1b9eef4586ca5ebf9e7fdf98b746a04d83351a4ba868d444068f8a79b34990f912e5662e30fee5a72992226d58032ea30db3f51470d5fb725c41989b0c5cd845a546c3bf7195c0e8fe34b8b8b3dbcde3ed1e859d86fea1f58f918ffc62d5d5db42c0d6af4b20e1f4ac2ba4189b2771540ec151c723e8d1f886e3061bde05865214b4857e6ffc4f3eee36883770d25f375f4246ab8619306daed588ce1782785a647dafdb7922cffa3f1b815443ffdb952c6de13dcf5c8e2777647a614bdbe4100a07b4c6291367c24d4ef29d97,gx-no-cache=1520355189542 HTTP/1.1" 200 30
190.151.100.218 - - [06/Mar/2018:13:54:01 -0300] "POST /cormun/servlet/solicitudot?gx-no-cache=1520355191525 HTTP/1.1" 200 30
200.112.5.172 - - [06/Mar/2018:13:54:01 -0300] "POST /cormun/servlet/trhorasextras?5a640f3afc9af2c342d156d37bdea913,,gx-no-cache=1520355193852 HTTP/1.1" 200 4194
186.103.159.189 - - [06/Mar/2018:13:54:02 -0300] "GET /cormun/servlet/solicitudot?25a11c60b84d9e71f3e80d6a893f64c6efb1424b13203f3a2ab60b8399426b02ccf5f9204b66681b7c1ee08a00c2d2032cd0960417ab90dc0b125854f294bfb9600f5fa2fba5fcf019574a8d63536a9d,gx-no-cache=1520355195153 HTTP/1.1" 200 29
186.103.159.189 - - [06/Mar/2018:13:54:02 -0300] "POST /cormun/servlet/solicitudot?gx-no-cache=1520355195212 HTTP/1.1" 200 1319
186.103.159.189 - - [06/Mar/2018:13:54:02 -0300] "POST /cormun/servlet/solicitudot?gx-no-cache=1520355195324 HTTP/1.1" 200 1215
186.67.203.186 - - [06/Mar/2018:13:54:02 -0300] "POST /cormun/servlet/trvisualizadoreventos?9a14276df41171614275034c0adeb5c6,,gx-no-cache=1520355196318 HTTP/1.1" 200 4792
190.151.100.218 - - [06/Mar/2018:13:54:03 -0300] "POST /cormun/servlet/solicitudot?gx-no-cache=1520355193661 HTTP/1.1" 200 1337
190.151.100.218 - - [06/Mar/2018:13:54:03 -0300] "POST /cormun/servlet/solicitudot?gx-no-cache=1520355193791 HTTP/1.1" 200 38
200.112.5.172 - - [06/Mar/2018:13:54:10 -0300] "GET /cormun/servlet/trcontratoobservacion? HTTP/1.1" 200 12145
200.112.5.172 - - [06/Mar/2018:13:54:10 -0300] "GET /cormun/servlet/trcontratoobservacion? HTTP/1.1" 200 12145
200.112.5.172 - - [06/Mar/2018:13:54:21 -0300] "GET /cormun/servlet/trsolicitudot? HTTP/1.1" 200 10885
200.112.5.172 - - [06/Mar/2018:13:54:22 -0300] "GET /cormun/servlet/trsolicitudot? HTTP/1.1" 200 10884
186.103.159.43 - - [06/Mar/2018:13:54:23 -0300] "GET /cormun/servlet/solicitudot?f63fcb8088aea672da2bca9e44c8f7b68cf98f3d60bdd57e7fa9bf9002a7fb2d749d5f513ef5fadc54dbd974116f2436cd7a89f0f15d072344b8a905790e17106220830a7a61a5fd96eabe955a510b17cfa397853c57b05b42794f34f2292c6a4d0d0af0a170322d855acdb7b8c88cb4,gx-no-cache=1520355215652 HTTP/1.1" 200 29
186.103.159.43 - - [06/Mar/2018:13:54:23 -0300] "POST /cormun/servlet/solicitudot?gx-no-cache=1520355215765 HTTP/1.1" 200 1318
186.103.159.43 - - [06/Mar/2018:13:54:23 -0300] "POST /cormun/servlet/solicitudot?gx-no-cache=1520355215852 HTTP/1.1" 200 1215
200.112.5.172 - - [06/Mar/2018:13:54:25 -0300] "GET /cormun/static/menuarrow.gif HTTP/1.1" 404 1015
200.111.122.170 - - [06/Mar/2018:13:54:25 -0300] "GET /cormun/servlet/solicitudot?35013767945e92e128210bad3190e5452cdd9e30561b54bfe58eb0e65aaf46c6ddc3158eaa13c1228e496421c559839fec540fd7e7de6699f4967abd5801c3ecfcf33a34715429e5c96cd5996cb7e750c95b94720467b2cce84a3cba4309f1b660555e7858d8415bcd3a29295fbc0f4532b913682c894e7b05342f1272fd23e5c493db7f44925bb02d8572b989fcc16e4d874d0a38bb8e99870d025acc88e8ca,gx-no-cache=1520355215367 HTTP/1.1" 200 29
200.111.122.170 - - [06/Mar/2018:13:54:25 -0300] "POST /cormun/servlet/solicitudot?gx-no-cache=1520355215667 HTTP/1.1" 200 1319
200.111.122.170 - - [06/Mar/2018:13:54:25 -0300] "POST /cormun/servlet/solicitudot?gx-no-cache=1520355215789 HTTP/1.1" 200 1218
186.103.132.155 - - [06/Mar/2018:13:54:26 -0300] "POST /cormun/servlet/trvisualizadoreventos?9a14276df41171614275034c0adeb5c6,,gx-no-cache=1520355220558 HTTP/1.1" 200 3875
186.103.132.155 - - [06/Mar/2018:13:54:29 -0300] "POST /cormun/servlet/trvisualizadoreventos?9a14276df41171614275034c0adeb5c6,,gx-no-cache=1520355222566 HTTP/1.1" 200 3875
200.111.122.170 - - [06/Mar/2018:13:54:32 -0300] "GET /cormun/servlet/solicitudot?35013767945e92e128210bad3190e545a281a2d1cf4085dd6dab94937bed6e4d48f7bf28045c1644d678f2b30c3b3af5,gx-no-cache=1520355222764 HTTP/1.1" 200 30
186.103.159.189 - - [06/Mar/2018:13:54:42 -0300] "GET /cormun/static/menuarrow.gif HTTP/1.1" 404 1015
200.112.5.172 - - [06/Mar/2018:13:54:44 -0300] "POST /cormun/servlet/trsolicitudot?5a640f3afc9af2c342d156d37bdea913,,gx-no-cache=1520355236512 HTTP/1.1" 200 13338
186.103.159.189 - - [06/Mar/2018:13:54:45 -0300] "GET /cormun/servlet/solicitudot?25a11c60b84d9e71f3e80d6a893f64c62160b42f805a7f0fc2129f291e4e74de5c3f36449d26bee1ac41093ba22eaf12,gx-no-cache=1520355238479 HTTP/1.1" 200 30
186.67.203.186 - - [06/Mar/2018:13:54:51 -0300] "POST /cormun/servlet/acontrolpreferencessavestate?None,GVALDES,true HTTP/1.1" 200 35
200.112.5.172 - - [06/Mar/2018:13:54:56 -0300] "POST /cormun/servlet/trsolicitudot?5a640f3afc9af2c342d156d37bdea913,,gx-no-cache=1520355247778 HTTP/1.1" 200 22065
186.103.159.43 - - [06/Mar/2018:13:54:58 -0300] "GET /cormun/servlet/solicitudot?f63fcb8088aea672da2bca9e44c8f7b6bda574a5ee4da8f94023864cb0a0f22aa1089d9e2917f4211ccc6ff7bad37669,gx-no-cache=1520355250602 HTTP/1.1" 200 30
186.103.159.189 - - [06/Mar/2018:13:54:59 -0300] "POST /cormun/servlet/solicitudot?gx-no-cache=1520355252126 HTTP/1.1" 200 30
186.67.203.186 - - [06/Mar/2018:13:55:06 -0300] "GET /cormun/servlet/trvisualizadoreventos? HTTP/1.1" 200 6799
186.67.203.186 - - [06/Mar/2018:13:55:07 -0300] "GET /cormun/servlet/trvisualizadoreventos? HTTP/1.1" 200 6799
77.88.186.240 - - [06/Mar/2018:13:55:11 -0300] "GET / HTTP/1.1" 400 -
186.67.203.186 - - [06/Mar/2018:13:55:11 -0300] "GET /cormun/servlet/trvisualizadoreventos? HTTP/1.1" 200 6799
186.67.203.186 - - [06/Mar/2018:13:55:12 -0300] "GET /cormun/servlet/trvisualizadoreventos? HTTP/1.1" 200 6799
186.103.159.43 - - [06/Mar/2018:13:55:12 -0300] "POST /cormun/servlet/solicitudot?gx-no-cache=1520355264708 HTTP/1.1" 200 30
200.111.122.170 - - [06/Mar/2018:13:55:17 -0300] "POST /cormun/servlet/solicitudot?gx-no-cache=1520355266736 HTTP/1.1" 200 30
200.112.5.172 - - [06/Mar/2018:13:55:17 -0300] "POST /cormun/servlet/trsolicitudot?5a640f3afc9af2c342d156d37bdea913,,gx-no-cache=1520355267663 HTTP/1.1" 200 103
200.112.5.172 - - [06/Mar/2018:13:55:17 -0300] "GET /cormun/SolicitudOT-3111.xls HTTP/1.1" 200 27136
200.111.122.170 - - [06/Mar/2018:13:55:17 -0300] "POST /cormun/servlet/solicitudot?b1369af4fac1ebe716b3dbded4e768ee,INS,0,0,,gx-no-cache=1520355267219 HTTP/1.1" 200 93
200.111.122.170 - - [06/Mar/2018:13:55:17 -0300] "GET /cormun/servlet/hpexe_return? HTTP/1.1" 200 1009
200.111.122.170 - - [06/Mar/2018:13:55:18 -0300] "GET /cormun/servlet/trsolicitudot HTTP/1.1" 200 8804
77.88.186.240 - - [06/Mar/2018:13:55:18 -0300] "GET / HTTP/1.1" 400 -
200.111.122.170 - - [06/Mar/2018:13:55:18 -0300] "GET /cormun/servlet/trsolicitudot HTTP/1.1" 200 8800
200.111.122.170 - - [06/Mar/2018:13:55:22 -0300] "GET /cormun/servlet/solicitudot?INS,0,0, HTTP/1.1" 200 13667
200.72.197.82 - - [06/Mar/2018:13:55:23 -0300] "GET /cormun/servlet/trvisualizadoreventos? HTTP/1.1" 200 6799
200.111.122.170 - - [06/Mar/2018:13:55:23 -0300] "GET /cormun/servlet/solicitudot?INS,0,0, HTTP/1.1" 200 13672
200.72.197.82 - - [06/Mar/2018:13:55:24 -0300] "GET /cormun/servlet/trvisualizadoreventos? HTTP/1.1" 200 6799
77.88.186.240 - - [06/Mar/2018:13:55:24 -0300] "GET / HTTP/1.1" 400 -
77.88.186.240 - - [06/Mar/2018:13:55:31 -0300] "GET / HTTP/1.1" 400 -
200.72.197.82 - - [06/Mar/2018:13:55:33 -0300] "GET /cormun/servlet/trcontratounov2? HTTP/1.1" 200 15088
200.72.197.82 - - [06/Mar/2018:13:55:33 -0300] "GET /cormun/static/gxcfg.js?201752512124396 HTTP/1.1" 304 -
200.72.197.82 - - [06/Mar/2018:13:55:34 -0300] "GET /cormun/servlet/trcontratounov2? HTTP/1.1" 200 15079
77.88.186.240 - - [06/Mar/2018:13:55:40 -0300] "GET / HTTP/1.1" 400 -
186.103.159.189 - - [06/Mar/2018:13:55:42 -0300] "POST /cormun/servlet/solicitudot?42c27940707a0db0be76b94a28b81274,INS,0,0,,gx-no-cache=1520355295277 HTTP/1.1" 200 11791
77.88.186.240 - - [06/Mar/2018:13:55:48 -0300] "GET / HTTP/1.1" 400 -
77.88.186.240 - - [06/Mar/2018:13:55:55 -0300] "GET / HTTP/1.1" 400 -
190.151.100.218 - - [06/Mar/2018:13:55:58 -0300] "POST /cormun/servlet/solicitudot?b1369af4fac1ebe716b3dbded4e768ee,INS,0,0,,gx-no-cache=1520355307908 HTTP/1.1" 200 11821
186.67.203.186 - - [06/Mar/2018:13:55:58 -0300] "GET /cormun/static/Shared/jqueryui/images/ui-icons_82798d_256x240.png HTTP/1.1" 404 1089
190.151.100.218 - - [06/Mar/2018:13:55:58 -0300] "GET /cormun/static/Shared/jqueryui/images/ui-bg_highlight-soft_100_c6c2c8_1x100.png HTTP/1.1" 404 1117
186.67.203.186 - - [06/Mar/2018:13:55:58 -0300] "GET /cormun/static/Shared/jqueryui/images/ui-bg_flat_55_994d53_40x100.png HTTP/1.1" 404 1097
200.72.197.82 - - [06/Mar/2018:13:55:58 -0300] "GET /cormun/static/Shared/jqueryui/images/ui-icons_ebccce_256x240.png HTTP/1.1" 404 1089
186.103.159.43 - - [06/Mar/2018:13:56:00 -0300] "POST /cormun/servlet/solicitudot?194fabe18ea0d4e8fdf1c14f8592756f,INS,0,0,,gx-no-cache=1520355311851 HTTP/1.1" 200 11733
186.67.203.186 - - [06/Mar/2018:13:56:00 -0300] "POST /cormun/servlet/solicitudot?gx-no-cache=1520355310592 HTTP/1.1" 200 3408
186.67.203.186 - - [06/Mar/2018:13:56:01 -0300] "POST /cormun/servlet/solicitudot?b1369af4fac1ebe716b3dbded4e768ee,INS,0,0,,gx-no-cache=1520355311032 HTTP/1.1" 200 11720
186.67.203.186 - - [06/Mar/2018:13:56:01 -0300] "GET /cormun/servlet/solicitudot?35013767945e92e128210bad3190e545f4c5264d69c4c32958a2b245ba234ca15f997bda6a45267a1b9a557667298940,gx-no-cache=1520355311512 HTTP/1.1" 200 30
186.67.203.186 - - [06/Mar/2018:13:56:02 -0300] "GET /cormun/servlet/solicitudot?35013767945e92e128210bad3190e54595886871345792f1637fd3896a7f0f73ec200a116089e4fb3e82f2856cb7db1b90997deac8501fa76af3b28641a07151,gx-no-cache=1520355312023 HTTP/1.1" 200 30
186.67.203.186 - - [06/Mar/2018:13:56:02 -0300] "GET /cormun/servlet/solicitudot?35013767945e92e128210bad3190e545bff49c836de6dce69581935765464bf0,gx-no-cache=1520355312152 HTTP/1.1" 200 29
186.67.203.186 - - [06/Mar/2018:13:56:02 -0300] "POST /cormun/servlet/solicitudot?gx-no-cache=1520355312218 HTTP/1.1" 200 255
186.67.203.186 - - [06/Mar/2018:13:56:02 -0300] "GET /cormun/servlet/solicitudot?35013767945e92e128210bad3190e545875f5bdd071913b3f88229a7c0af693d2a1fcae5690b9b612d3c48a9e9c7f368336c1ed64c9f340b7cd4bb16885f755244a7dd3264529bf58d70c924bc2078fd2ad7e96ef1eb41741cedbfe85f737e250be02435539e385feecf4226522ed292a159ab725685f88d3caa2c29efc03ba0ee347128d8405f93aaa8af322ba8d62c019d932b5f563760977eacd4346a318c7f23ec39757086fb63b31b754d16f7bd5cbfac1b9eef4586ca5ebf9e7fdf98b746a04d83351a4ba868d444068f8a79b34990f912e5662e30fee5a72992226d58032ea30db3f51470d5fb725c41989b0c5cd845a546c3bf7195c0e8fe34b8b8b3dbcde3ed1e859d86fea1f58f918ffc62d5d5db42c0d6af4b20e1f4ac2ba4189b2771540ec151c723e8d1f886e3061bde05865214b4857e6ffc4f3eee36883770d25f375f4246ab8619306daed588ce1782785a647dafdb7922cffa3f1b815443ffdb952c6de13dcf5c8e2777647a614bda937d4a49435203cc74a2111603dc2f,gx-no-cache=1520355312371 HTTP/1.1" 200 30
77.88.186.240 - - [06/Mar/2018:13:56:03 -0300] "GET / HTTP/1.1" 400 -
186.67.203.186 - - [06/Mar/2018:13:56:06 -0300] "POST /cormun/servlet/solicitudot?gx-no-cache=1520355316870 HTTP/1.1" 200 30
77.88.186.240 - - [06/Mar/2018:13:56:10 -0300] "GET / HTTP/1.1" 400 -
186.67.203.186 - - [06/Mar/2018:13:56:10 -0300] "POST /cormun/servlet/solicitudot?gx-no-cache=1520355320276 HTTP/1.1" 200 1336
186.67.203.186 - - [06/Mar/2018:13:56:10 -0300] "POST /cormun/servlet/solicitudot?gx-no-cache=1520355320470 HTTP/1.1" 200 38
186.103.159.189 - - [06/Mar/2018:13:56:12 -0300] "GET /cormun/servlet/prfichaempleado?,MD,,gxPopupLevel%3D0%3B HTTP/1.1" 200 9317
77.88.186.240 - - [06/Mar/2018:13:56:17 -0300] "GET / HTTP/1.1" 400 -
77.88.186.240 - - [06/Mar/2018:13:56:24 -0300] "GET / HTTP/1.1" 400 -
186.103.159.189 - - [06/Mar/2018:13:56:25 -0300] "POST /cormun/servlet/prfichaempleado?42c27940707a0db0be76b94a28b81274,,MD,,gxPopupLevel%3D0%3B,gx-no-cache=1520355338649 HTTP/1.1" 200 3422
77.88.186.240 - - [06/Mar/2018:13:56:32 -0300] "GET / HTTP/1.1" 400 -
200.111.122.170 - - [06/Mar/2018:13:56:35 -0300] "GET /cormun/servlet/solicitudot?35013767945e92e128210bad3190e5452cdd9e30561b54bfe58eb0e65aaf46c6ddc3158eaa13c1228e496421c559839fec540fd7e7de6699f4967abd5801c3ecfcf33a34715429e5c96cd5996cb7e750c95b94720467b2cce84a3cba4309f1b660555e7858d8415bcd3a29295fbc0f4532b913682c894e7b05342f1272fd23e5c493db7f44925bb02d8572b989fcc16e4d874d0a38bb8e99870d025acc88e8ca,gx-no-cache=1520355345356 HTTP/1.1" 200 29
200.111.122.170 - - [06/Mar/2018:13:56:35 -0300] "POST /cormun/servlet/solicitudot?gx-no-cache=1520355345472 HTTP/1.1" 200 1318
200.111.122.170 - - [06/Mar/2018:13:56:35 -0300] "POST /cormun/servlet/solicitudot?gx-no-cache=1520355345584 HTTP/1.1" 200 1218
77.88.186.240 - - [06/Mar/2018:13:56:40 -0300] "GET / HTTP/1.1" 400 -
200.111.122.170 - - [06/Mar/2018:13:56:42 -0300] "GET /cormun/servlet/solicitudot?35013767945e92e128210bad3190e545a281a2d1cf4085dd6dab94937bed6e4d48f7bf28045c1644d678f2b30c3b3af5,gx-no-cache=1520355352748 HTTP/1.1" 200 30
186.103.159.189 - - [06/Mar/2018:13:56:45 -0300] "POST /cormun/servlet/solicitudot?42c27940707a0db0be76b94a28b81274,INS,0,0,,gx-no-cache=1520355358038 HTTP/1.1" 200 90
186.103.159.189 - - [06/Mar/2018:13:56:45 -0300] "GET /cormun/servlet/hpexe_link HTTP/1.1" 200 981
186.103.159.189 - - [06/Mar/2018:13:56:45 -0300] "GET /cormun/servlet/trsolicitudot?gx-no-cache=1520354660163 HTTP/1.1" 200 8555
186.103.159.189 - - [06/Mar/2018:13:56:47 -0300] "GET /cormun/servlet/trsolicitudot?gx-no-cache=1520354660163 HTTP/1.1" 200 8575
77.88.186.240 - - [06/Mar/2018:13:56:49 -0300] "GET / HTTP/1.1" 400 -
186.103.159.189 - - [06/Mar/2018:13:56:50 -0300] "GET /cormun/servlet/solicitudot?INS,0,0, HTTP/1.1" 200 13447
186.103.159.189 - - [06/Mar/2018:13:56:52 -0300] "GET /cormun/servlet/solicitudot?INS,0,0, HTTP/1.1" 200 13430
186.103.159.189 - - [06/Mar/2018:13:56:54 -0300] "GET /cormun/servlet/prfichaempleado?,MD,,gxPopupLevel%3D0%3B HTTP/1.1" 200 9317
77.88.186.240 - - [06/Mar/2018:13:56:56 -0300] "GET / HTTP/1.1" 400 -
200.111.122.170 - - [06/Mar/2018:13:56:57 -0300] "POST /cormun/servlet/solicitudot?gx-no-cache=1520355367787 HTTP/1.1" 200 30
200.111.122.170 - - [06/Mar/2018:13:56:58 -0300] "POST /cormun/servlet/solicitudot?b1369af4fac1ebe716b3dbded4e768ee,INS,0,0,,gx-no-cache=1520355367855 HTTP/1.1" 200 93
200.111.122.170 - - [06/Mar/2018:13:56:59 -0300] "GET /cormun/servlet/hpexe_return? HTTP/1.1" 200 1009
200.111.122.170 - - [06/Mar/2018:13:56:59 -0300] "GET /cormun/servlet/trsolicitudot HTTP/1.1" 200 9109
200.111.122.170 - - [06/Mar/2018:13:56:59 -0300] "GET /cormun/servlet/trsolicitudot HTTP/1.1" 200 9103
186.103.159.43 - - [06/Mar/2018:13:57:01 -0300] "GET /cormun/servlet/solicitudot?f63fcb8088aea672da2bca9e44c8f7b66c4a6bd8daa5fcab5b7460fe5c02f4cdc3cbbe1aaab7bb34cc61e97120380127d05eb06f480d847304af6c1fc21c552a,gx-no-cache=1520355373100 HTTP/1.1" 200 30
186.103.159.43 - - [06/Mar/2018:13:57:01 -0300] "GET /cormun/servlet/solicitudot?f63fcb8088aea672da2bca9e44c8f7b6ab04240a81e1138c8bc91d19b4aa27bc89c039894d95e28068da79dc1db253f0c0af6b5ee66b2d33e74ba1e3a91883b9268f7c4a250c36fd87e5ec0c0032bbacf96e687b49ca594734003c1d254b8eef703fdd698f0563358aa398f273f6b556eb2901fb017a2d0694c4f7b465f9851e9947fab06479a01e3076ed7034fb06e0566b8dd4d7412a6d07be421a218d048ef4c351ea72ae46c807174767f4833c7fc9f744dc987c313d785817e42778a625476ab575a23b072bc03dba476a1994292dd3447f50f2ad592b5fe1fa5146f56146fdf423f97f4c895a2fb009d5136c331082be20b72241ada0af4e3520c1f6f7549e79226a4b93e6432b006d6b4b17a6392bb9cc36aef76bd85b10e1eab069f54bdc48a7ce372f8a09cfc859f2319e10c8f3ba73c6ea37187b918ffcee70b328a149e09e09f6483d13194209a5c62fbee115e36b10b0b7beecb0e8152b6e523a3e9168741df738e7d037b8a5426441d197de2e225d0a68ec5e916e52294947f76f33e3e6839e0ea9d7e802c3f098c481,gx-no-cache=1520355373252 HTTP/1.1" 200 30
186.103.159.43 - - [06/Mar/2018:13:57:01 -0300] "POST /cormun/servlet/solicitudot?gx-no-cache=1520355373642 HTTP/1.1" 200 30
186.103.159.43 - - [06/Mar/2018:13:57:01 -0300] "POST /cormun/servlet/solicitudot?gx-no-cache=1520355373717 HTTP/1.1" 200 1334
186.103.159.43 - - [06/Mar/2018:13:57:01 -0300] "POST /cormun/servlet/solicitudot?gx-no-cache=1520355373793 HTTP/1.1" 200 41
186.103.159.43 - - [06/Mar/2018:13:57:01 -0300] "POST /cormun/servlet/solicitudot?gx-no-cache=1520355373832 HTTP/1.1" 200 1318
186.103.159.43 - - [06/Mar/2018:13:57:01 -0300] "POST /cormun/servlet/solicitudot?gx-no-cache=1520355373894 HTTP/1.1" 200 1218
186.103.159.43 - - [06/Mar/2018:13:57:02 -0300] "GET /cormun/servlet/solicitudot?f63fcb8088aea672da2bca9e44c8f7b6bda574a5ee4da8f94023864cb0a0f22aa1089d9e2917f4211ccc6ff7bad37669,gx-no-cache=1520355373949 HTTP/1.1" 200 30
186.103.159.43 - - [06/Mar/2018:13:57:02 -0300] "POST /cormun/servlet/solicitudot?gx-no-cache=1520355374012 HTTP/1.1" 200 30
186.103.159.43 - - [06/Mar/2018:13:57:03 -0300] "POST /cormun/servlet/solicitudot?194fabe18ea0d4e8fdf1c14f8592756f,INS,0,0,,gx-no-cache=1520355374071 HTTP/1.1" 200 93
186.103.159.43 - - [06/Mar/2018:13:57:03 -0300] "GET /cormun/servlet/hpexe_return? HTTP/1.1" 200 1006
186.103.159.43 - - [06/Mar/2018:13:57:03 -0300] "GET /cormun/servlet/trsolicitudot HTTP/1.1" 200 8517
77.88.186.240 - - [06/Mar/2018:13:57:04 -0300] "GET / HTTP/1.1" 400 -
186.103.159.43 - - [06/Mar/2018:13:57:04 -0300] "GET /cormun/servlet/trsolicitudot HTTP/1.1" 200 8513
186.103.159.189 - - [06/Mar/2018:13:57:05 -0300] "POST /cormun/servlet/prfichaempleado?42c27940707a0db0be76b94a28b81274,,MD,,gxPopupLevel%3D0%3B,gx-no-cache=1520355378714 HTTP/1.1" 200 3422
192.168.10.89 - - [06/Mar/2018:13:57:06 -0300] "GET /cormun/servlet/hlogin HTTP/1.1" 200 1736
200.111.122.170 - - [06/Mar/2018:13:57:07 -0300] "POST /cormun/servlet/trsolicitudot?b1369af4fac1ebe716b3dbded4e768ee,gx-no-cache=1520355376334 HTTP/1.1" 200 5877
200.111.122.170 - - [06/Mar/2018:13:57:07 -0300] "GET /cormun/static/Shared/jqueryui/images/ui-bg_highlight-soft_100_c6c2c8_1x100.png HTTP/1.1" 404 1117
200.111.122.170 - - [06/Mar/2018:13:57:07 -0300] "GET /cormun/static/Shared/jqueryui/images/ui-icons_8d78a5_256x240.png HTTP/1.1" 404 1089
186.103.161.206 - - [06/Mar/2018:13:57:07 -0300] "GET /cormun/static/Shared/jqueryui/images/ui-bg_flat_55_fafafa_40x100.png HTTP/1.1" 404 1097
186.103.132.155 - - [06/Mar/2018:13:57:07 -0300] "GET /cormun/static/Shared/jqueryui/images/ui-icons_82798d_256x240.png HTTP/1.1" 404 1089
200.111.122.170 - - [06/Mar/2018:13:57:08 -0300] "POST /cormun/servlet/trsolicitudot?b1369af4fac1ebe716b3dbded4e768ee,gx-no-cache=1520355377830 HTTP/1.1" 200 5820
186.103.158.250 - - [06/Mar/2018:13:57:09 -0300] "GET /cormun/servlet/trsolicitudot? HTTP/1.1" 200 8780
186.103.158.250 - - [06/Mar/2018:13:57:10 -0300] "GET /cormun/servlet/trsolicitudot? HTTP/1.1" 200 8780
77.88.186.240 - - [06/Mar/2018:13:57:11 -0300] "GET / HTTP/1.1" 400 -
186.103.159.189 - - [06/Mar/2018:13:57:13 -0300] "GET /cormun/servlet/hlogin HTTP/1.1" 200 1717
186.103.158.250 - - [06/Mar/2018:13:57:13 -0300] "GET /cormun/servlet/solicitudot?INS,0,0, HTTP/1.1" 200 13648
186.103.159.189 - - [06/Mar/2018:13:57:14 -0300] "POST /cormun/servlet/solicitudot?gx-no-cache=1520355387658 HTTP/1.1" 200 3428
200.111.122.170 - - [06/Mar/2018:13:57:14 -0300] "POST /cormun/servlet/trsolicitudot?b1369af4fac1ebe716b3dbded4e768ee,gx-no-cache=1520355383825 HTTP/1.1" 200 4675
186.103.158.250 - - [06/Mar/2018:13:57:15 -0300] "GET /cormun/servlet/solicitudot?INS,0,0, HTTP/1.1" 200 13653
186.103.159.189 - - [06/Mar/2018:13:57:15 -0300] "POST /cormun/servlet/solicitudot?42c27940707a0db0be76b94a28b81274,INS,0,0,,gx-no-cache=1520355387960 HTTP/1.1" 200 10431
186.103.159.189 - - [06/Mar/2018:13:57:15 -0300] "GET /cormun/servlet/solicitudot?25a11c60b84d9e71f3e80d6a893f64c688689eb316a9f7b3d498407b6792f123418f3c352ff931d029d13f2720578a8f,gx-no-cache=1520355388330 HTTP/1.1" 200 30
186.103.159.189 - - [06/Mar/2018:13:57:15 -0300] "GET /cormun/servlet/solicitudot?25a11c60b84d9e71f3e80d6a893f64c6a96aab4dcac1a6e6ded9e6d18aa36f944b0e89afb3884b83f63a4f55b53598dc8a41e855b7d7b7cd52c1eadac78223b1,gx-no-cache=1520355388486 HTTP/1.1" 200 30
186.103.159.189 - - [06/Mar/2018:13:57:15 -0300] "GET /cormun/servlet/solicitudot?25a11c60b84d9e71f3e80d6a893f64c6644e2214b859d5cdbf489930febb56df,gx-no-cache=1520355388567 HTTP/1.1" 200 53
200.111.122.170 - - [06/Mar/2018:13:57:15 -0300] "POST /cormun/servlet/trsolicitudot?b1369af4fac1ebe716b3dbded4e768ee,gx-no-cache=1520355385135 HTTP/1.1" 200 4455
186.103.159.189 - - [06/Mar/2018:13:57:15 -0300] "POST /cormun/servlet/solicitudot?gx-no-cache=1520355388703 HTTP/1.1" 200 297
186.103.159.189 - - [06/Mar/2018:13:57:16 -0300] "GET /cormun/servlet/solicitudot?25a11c60b84d9e71f3e80d6a893f64c65f3150cea84e919e89f9db55b07b151813f54b8e3ecf4402c60693c2be62b299a4e1126f202c076017579c21fd9972ea7e9afc1831dc3749a6e6aeed39cc9b3c52b949ed4b67ce0b525cfb492caa9602bd5ff54d72190cc01ae49a459f5676a4f7d22a61751a8136e353fd387e408e4020edfb1a5df23c7535e25896915c64916e5e387f2f6b201895dc49e504e6af6b2eb7f417bfd4d28249d9db143fdc99772dac7435818932cf4abfc79a27e441d7a01a00b249e2304072ac1b53a4c699a87c06b803d0cfc4e25b9e9e7b6c504fd986a05333db95463c86c3279b528a9e662fe3f57a0077efd749f97045a62b8156d19ddc2da930831560e0072a355295d77fe5126154d1a904987a73ed5c0f945b83d63ca5a14172300148e2abc5447493f0e7f5ed7b27f7aea58df80e5c0c529e89a1e700810745c535bed2f09c5ebd55db3dc1cc722e03f420d87a2790090d253cd7f20fd2bff64800642578e868858a8629975bdc858faa8eec3bc67cad9a86b6c7ae7450121834a2685aed1ac48230,gx-no-cache=1520355388847 HTTP/1.1" 200 30
186.103.159.189 - - [06/Mar/2018:13:57:16 -0300] "POST /cormun/servlet/solicitudot?gx-no-cache=1520355389338 HTTP/1.1" 200 30
186.103.159.189 - - [06/Mar/2018:13:57:16 -0300] "POST /cormun/servlet/solicitudot?gx-no-cache=1520355389833 HTTP/1.1" 200 1336
186.103.159.189 - - [06/Mar/2018:13:57:17 -0300] "POST /cormun/servlet/solicitudot?gx-no-cache=1520355389975 HTTP/1.1" 200 38
186.103.159.189 - - [06/Mar/2018:13:57:17 -0300] "GET /cormun/servlet/solicitudot?25a11c60b84d9e71f3e80d6a893f64c6efb1424b13203f3a2ab60b8399426b02ccf5f9204b66681b7c1ee08a00c2d2030545c9a7e2f976f20622f1b3161583e09f58d94b063280f8db457e14edc529c80285815f828a83b2148b93073148d8cb1434f19fb1ea1854c0625bb5c48482d7,gx-no-cache=1520355390082 HTTP/1.1" 200 29
186.103.159.189 - - [06/Mar/2018:13:57:17 -0300] "POST /cormun/servlet/solicitudot?gx-no-cache=1520355390193 HTTP/1.1" 200 1318
186.103.159.189 - - [06/Mar/2018:13:57:17 -0300] "POST /cormun/servlet/solicitudot?gx-no-cache=1520355390301 HTTP/1.1" 200 1218
186.103.159.189 - - [06/Mar/2018:13:57:17 -0300] "GET /cormun/servlet/solicitudot?25a11c60b84d9e71f3e80d6a893f64c68457545dc443a824e8e140ba2677467c,gx-no-cache=1520355390354 HTTP/1.1" 200 30
186.103.159.189 - - [06/Mar/2018:13:57:17 -0300] "POST /cormun/servlet/solicitudot?gx-no-cache=1520355390397 HTTP/1.1" 200 30
186.103.159.189 - - [06/Mar/2018:13:57:17 -0300] "POST /cormun/servlet/solicitudot?42c27940707a0db0be76b94a28b81274,INS,0,0,,gx-no-cache=1520355390448 HTTP/1.1" 200 11790
