200.111.122.170 - - [06/Mar/2018:13:57:17 -0300] "GET /cormun/servlet/trautorizarsolicitud? HTTP/1.1" 200 8999
186.103.159.189 - - [06/Mar/2018:13:57:17 -0300] "GET /cormun/static/Shared/jqueryui/images/ui-bg_highlight-soft_100_c6c2c8_1x100.png HTTP/1.1" 404 1117
186.103.159.189 - - [06/Mar/2018:13:57:17 -0300] "GET /cormun/static/Shared/jqueryui/images/ui-icons_82798d_256x240.png HTTP/1.1" 404 1089
186.103.159.189 - - [06/Mar/2018:13:57:17 -0300] "GET /cormun/static/Shared/jqueryui/images/ui-bg_flat_55_994d53_40x100.png HTTP/1.1" 404 1097
186.103.159.189 - - [06/Mar/2018:13:57:17 -0300] "GET /cormun/static/Shared/jqueryui/images/ui-icons_ebccce_256x240.png HTTP/1.1" 404 1089
200.111.122.170 - - [06/Mar/2018:13:57:18 -0300] "GET /cormun/servlet/trautorizarsolicitud? HTTP/1.1" 200 8999
186.103.159.189 - - [06/Mar/2018:13:57:18 -0300] "GET /favicon.ico HTTP/1.1" 200 21630
77.88.186.240 - - [06/Mar/2018:13:57:18 -0300] "GET / HTTP/1.1" 400 -
200.111.122.170 - - [06/Mar/2018:13:57:24 -0300] "POST /cormun/servlet/trautorizarsolicitud?b1369af4fac1ebe716b3dbded4e768ee,,gx-no-cache=1520355393010 HTTP/1.1" 200 5798
200.111.122.170 - - [06/Mar/2018:13:57:24 -0300] "GET /cormun/static/Shared/jqueryui/images/ui-bg_highlight-soft_100_c6c2c8_1x100.png HTTP/1.1" 404 1117
200.111.122.170 - - [06/Mar/2018:13:57:24 -0300] "GET /cormun/static/Shared/jqueryui/images/ui-icons_8d78a5_256x240.png HTTP/1.1" 404 1089
186.103.132.155 - - [06/Mar/2018:13:57:24 -0300] "GET /cormun/static/Shared/jqueryui/images/ui-icons_82798d_256x240.png HTTP/1.1" 404 1089
186.103.161.206 - - [06/Mar/2018:13:57:24 -0300] "GET /cormun/static/Shared/jqueryui/images/ui-bg_flat_55_fafafa_40x100.png HTTP/1.1" 404 1097
200.111.122.170 - - [06/Mar/2018:13:57:24 -0300] "POST /cormun/servlet/trautorizarsolicitud?b1369af4fac1ebe716b3dbded4e768ee,,gx-no-cache=1520355394288 HTTP/1.1" 200 5744
77.88.186.240 - - [06/Mar/2018:13:57:25 -0300] "GET / HTTP/1.1" 400 -
200.111.122.170 - - [06/Mar/2018:13:57:26 -0300] "POST /cormun/servlet/trautorizarsolicitud?b1369af4fac1ebe716b3dbded4e768ee,,gx-no-cache=1520355395401 HTTP/1.1" 200 4606
200.111.122.170 - - [06/Mar/2018:13:57:26 -0300] "POST /cormun/servlet/trautorizarsolicitud?b1369af4fac1ebe716b3dbded4e768ee,,gx-no-cache=1520355396259 HTTP/1.1" 200 4389
192.168.10.89 - - [06/Mar/2018:13:57:27 -0300] "POST /cormun/servlet/hlogin?315630d109ce4495ae0d81559e52880f,gx-no-cache=1520355287059 HTTP/1.1" 200 452
186.103.159.189 - - [06/Mar/2018:13:57:28 -0300] "POST /cormun/servlet/hlogin?b0e75decd62e52f4a925c3aefc44f4f6,gx-no-cache=1520358999043 HTTP/1.1" 200 90
186.103.159.189 - - [06/Mar/2018:13:57:28 -0300] "GET /cormun/servlet/hpexe_link HTTP/1.1" 200 949
186.103.159.189 - - [06/Mar/2018:13:57:29 -0300] "GET /cormun/servlet/hhome HTTP/1.1" 200 4171
186.103.159.189 - - [06/Mar/2018:13:57:32 -0300] "GET /cormun/servlet/hhome HTTP/1.1" 200 4168
192.168.10.89 - - [06/Mar/2018:13:57:32 -0300] "POST /cormun/servlet/hlogin?315630d109ce4495ae0d81559e52880f,gx-no-cache=1520355291983 HTTP/1.1" 200 90
192.168.10.89 - - [06/Mar/2018:13:57:32 -0300] "GET /cormun/servlet/hpexe_link HTTP/1.1" 200 949
192.168.10.89 - - [06/Mar/2018:13:57:33 -0300] "GET /cormun/servlet/hhome HTTP/1.1" 200 4213
77.88.186.240 - - [06/Mar/2018:13:57:33 -0300] "GET / HTTP/1.1" 400 -
192.168.10.89 - - [06/Mar/2018:13:57:35 -0300] "GET /cormun/servlet/trsolicitudot? HTTP/1.1" 200 7429
186.103.159.189 - - [06/Mar/2018:13:57:40 -0300] "POST /cormun/servlet/solicitudot?gx-no-cache=1520355413398 HTTP/1.1" 200 1318
186.103.159.189 - - [06/Mar/2018:13:57:40 -0300] "POST /cormun/servlet/solicitudot?gx-no-cache=1520355413465 HTTP/1.1" 200 1218
186.103.159.189 - - [06/Mar/2018:13:57:40 -0300] "GET /cormun/static/menuarrow.gif HTTP/1.1" 404 1015
77.88.186.240 - - [06/Mar/2018:13:57:40 -0300] "GET / HTTP/1.1" 400 -
186.103.159.189 - - [06/Mar/2018:13:57:41 -0300] "GET /cormun/servlet/trautorizarsolicitud? HTTP/1.1" 200 7283
186.103.159.189 - - [06/Mar/2018:13:57:41 -0300] "POST /cormun/servlet/solicitudot?gx-no-cache=1520355414741 HTTP/1.1" 200 1318
186.103.159.189 - - [06/Mar/2018:13:57:41 -0300] "POST /cormun/servlet/solicitudot?gx-no-cache=1520355414829 HTTP/1.1" 200 1218
186.103.159.189 - - [06/Mar/2018:13:57:42 -0300] "GET /cormun/servlet/solicitudot?25a11c60b84d9e71f3e80d6a893f64c62160b42f805a7f0fc2129f291e4e74de5c3f36449d26bee1ac41093ba22eaf12,gx-no-cache=1520355415872 HTTP/1.1" 200 30
186.103.159.189 - - [06/Mar/2018:13:57:43 -0300] "GET /cormun/servlet/trautorizarsolicitud? HTTP/1.1" 200 7282
192.168.10.89 - - [06/Mar/2018:13:57:45 -0300] "POST /cormun/servlet/trsolicitudot?315630d109ce4495ae0d81559e52880f,,gx-no-cache=1520355304713 HTTP/1.1" 200 18160
77.88.186.240 - - [06/Mar/2018:13:57:48 -0300] "GET / HTTP/1.1" 400 -
186.103.159.189 - - [06/Mar/2018:13:57:48 -0300] "POST /cormun/servlet/trautorizarsolicitud?b0e75decd62e52f4a925c3aefc44f4f6,,gx-no-cache=1520359019178 HTTP/1.1" 200 5741
186.103.159.189 - - [06/Mar/2018:13:57:49 -0300] "POST /cormun/servlet/solicitudot?gx-no-cache=1520355422204 HTTP/1.1" 200 30
186.103.159.189 - - [06/Mar/2018:13:57:52 -0300] "POST /cormun/servlet/trautorizarsolicitud?b0e75decd62e52f4a925c3aefc44f4f6,,gx-no-cache=1520359022560 HTTP/1.1" 200 106
186.103.159.189 - - [06/Mar/2018:13:57:52 -0300] "GET /cormun/servlet/trsolicitudadjuntos?2018,9950, HTTP/1.1" 200 9480
186.103.159.189 - - [06/Mar/2018:13:57:55 -0300] "GET /cormun/servlet/trsolicitudadjuntos?2018,9950, HTTP/1.1" 200 9482
77.88.186.240 - - [06/Mar/2018:13:57:55 -0300] "GET / HTTP/1.1" 400 -
186.103.159.189 - - [06/Mar/2018:13:57:59 -0300] "GET /cormun/servlet/solicitudotadjuntos?INS,2018,9950,,1, HTTP/1.1" 200 6216
186.103.159.189 - - [06/Mar/2018:13:58:00 -0300] "GET /cormun/static/about:blank HTTP/1.1" 404 1011
186.103.159.189 - - [06/Mar/2018:13:58:00 -0300] "GET /cormun/servlet/solicitudotadjuntos?INS,2018,9950,,1, HTTP/1.1" 200 6210
186.103.159.189 - - [06/Mar/2018:13:58:01 -0300] "GET /cormun/servlet/solicitudotadjuntos?6401b34d8ca6392600458cddaf653937855121697e6a724bde05ffaf15010da0361d925a1ef0e6fc4031c8302f4d4885,gx-no-cache=1520359031628 HTTP/1.1" 200 30
186.103.159.189 - - [06/Mar/2018:13:58:01 -0300] "POST /cormun/servlet/solicitudotadjuntos?b0e75decd62e52f4a925c3aefc44f4f6,INS,2018,9950,,1,,gx-no-cache=1520359031710 HTTP/1.1" 200 3980
77.88.186.240 - - [06/Mar/2018:13:58:02 -0300] "GET / HTTP/1.1" 400 -
186.103.159.189 - - [06/Mar/2018:13:58:03 -0300] "POST /cormun/servlet/solicitudot?gx-no-cache=1520355436042 HTTP/1.1" 200 30
186.103.159.189 - - [06/Mar/2018:13:58:03 -0300] "POST /cormun/servlet/solicitudotadjuntos?gx-no-cache=1520359033683 HTTP/1.1" 200 26
200.112.5.172 - - [06/Mar/2018:13:58:09 -0300] "GET /cormun/servlet/trfichaempleado? HTTP/1.1" 200 12537
186.103.159.189 - - [06/Mar/2018:13:58:09 -0300] "POST /cormun/servlet/solicitudotadjuntos?gx-no-cache=1520359039774 HTTP/1.1" 200 26
77.88.186.240 - - [06/Mar/2018:13:58:10 -0300] "GET / HTTP/1.1" 400 -
186.103.159.189 - - [06/Mar/2018:13:58:11 -0300] "POST /cormun/servlet/solicitudotadjuntos?gx-no-cache=1520359042288 HTTP/1.1" 200 26
77.88.186.240 - - [06/Mar/2018:13:58:17 -0300] "GET / HTTP/1.1" 400 -
186.103.159.189 - - [06/Mar/2018:13:58:21 -0300] "POST /cormun/servlet/solicitudot?gx-no-cache=1520355454324 HTTP/1.1" 200 1336
186.103.159.189 - - [06/Mar/2018:13:58:21 -0300] "POST /cormun/servlet/solicitudot?gx-no-cache=1520355454425 HTTP/1.1" 200 41
186.103.159.189 - - [06/Mar/2018:13:58:21 -0300] "POST /cormun/servlet/solicitudot?gx-no-cache=1520355454514 HTTP/1.1" 200 1318
186.103.159.189 - - [06/Mar/2018:13:58:21 -0300] "POST /cormun/servlet/solicitudot?gx-no-cache=1520355454610 HTTP/1.1" 200 1218
186.103.159.189 - - [06/Mar/2018:13:58:21 -0300] "GET /cormun/servlet/solicitudot?25a11c60b84d9e71f3e80d6a893f64c62160b42f805a7f0fc2129f291e4e74de5c3f36449d26bee1ac41093ba22eaf12,gx-no-cache=1520355454722 HTTP/1.1" 200 30
186.103.159.189 - - [06/Mar/2018:13:58:21 -0300] "POST /cormun/servlet/solicitudot?gx-no-cache=1520355454806 HTTP/1.1" 200 30
186.103.159.189 - - [06/Mar/2018:13:58:22 -0300] "POST /cormun/servlet/solicitudot?42c27940707a0db0be76b94a28b81274,INS,0,0,,gx-no-cache=1520355454880 HTTP/1.1" 200 93
186.103.159.189 - - [06/Mar/2018:13:58:22 -0300] "GET /cormun/servlet/hpexe_return? HTTP/1.1" 200 1027
186.103.159.189 - - [06/Mar/2018:13:58:22 -0300] "GET /cormun/servlet/trsolicitudot?gx-no-cache=1520354660163 HTTP/1.1" 200 8978
186.103.159.189 - - [06/Mar/2018:13:58:23 -0300] "GET /cormun/servlet/solicitudotadjuntos?6401b34d8ca6392600458cddaf6539371b9ed386195c36666f4d389b6e7b3d21,gx-no-cache=1520359053936 HTTP/1.1" 200 30
186.103.159.189 - - [06/Mar/2018:13:58:23 -0300] "GET /cormun/servlet/solicitudotadjuntos?6401b34d8ca6392600458cddaf6539371b9ed386195c36666f4d389b6e7b3d21,gx-no-cache=1520359053976 HTTP/1.1" 200 30
186.103.159.189 - - [06/Mar/2018:13:58:24 -0300] "GET /cormun/servlet/trsolicitudot?gx-no-cache=1520354660163 HTTP/1.1" 200 8996
77.88.186.240 - - [06/Mar/2018:13:58:24 -0300] "GET / HTTP/1.1" 400 -
186.103.159.189 - - [06/Mar/2018:13:58:24 -0300] "POST /cormun/servlet/solicitudotadjuntos?b0e75decd62e52f4a925c3aefc44f4f6,INS,2018,9950,,1, HTTP/1.1" 200 116
186.103.159.189 - - [06/Mar/2018:13:58:24 -0300] "GET /cormun/servlet/hpexe_return? HTTP/1.1" 200 1023
186.103.159.189 - - [06/Mar/2018:13:58:25 -0300] "GET /cormun/servlet/trsolicitudadjuntos?2018,9950, HTTP/1.1" 200 9741
186.103.159.189 - - [06/Mar/2018:13:58:27 -0300] "GET /cormun/servlet/trsolicitudadjuntos?2018,9950, HTTP/1.1" 200 9739
186.103.159.189 - - [06/Mar/2018:13:58:29 -0300] "GET /cormun/servlet/solicitudotadjuntos?INS,2018,9950,,2, HTTP/1.1" 200 6215
186.103.159.189 - - [06/Mar/2018:13:58:31 -0300] "GET /cormun/static/about:blank HTTP/1.1" 404 1011
186.103.159.189 - - [06/Mar/2018:13:58:31 -0300] "GET /cormun/servlet/solicitudotadjuntos?INS,2018,9950,,2, HTTP/1.1" 200 6209
186.103.159.189 - - [06/Mar/2018:13:58:31 -0300] "GET /cormun/servlet/solicitudotadjuntos?6401b34d8ca6392600458cddaf653937855121697e6a724bde05ffaf15010da0361d925a1ef0e6fc4031c8302f4d4885,gx-no-cache=1520359062218 HTTP/1.1" 200 30
186.103.159.189 - - [06/Mar/2018:13:58:32 -0300] "POST /cormun/servlet/solicitudotadjuntos?b0e75decd62e52f4a925c3aefc44f4f6,INS,2018,9950,,2,,gx-no-cache=1520359062355 HTTP/1.1" 200 4197
77.88.186.240 - - [06/Mar/2018:13:58:32 -0300] "GET / HTTP/1.1" 400 -
186.103.159.189 - - [06/Mar/2018:13:58:35 -0300] "POST /cormun/servlet/solicitudotadjuntos?gx-no-cache=1520359065965 HTTP/1.1" 200 26
77.88.186.240 - - [06/Mar/2018:13:58:40 -0300] "GET / HTTP/1.1" 400 -
186.103.159.189 - - [06/Mar/2018:13:58:41 -0300] "GET /cormun/servlet/solicitudotadjuntos?6401b34d8ca6392600458cddaf6539371b9ed386195c36666f4d389b6e7b3d21,gx-no-cache=1520359071615 HTTP/1.1" 200 30
186.103.159.189 - - [06/Mar/2018:13:58:41 -0300] "GET /cormun/servlet/solicitudotadjuntos?6401b34d8ca6392600458cddaf6539371b9ed386195c36666f4d389b6e7b3d21,gx-no-cache=1520359072123 HTTP/1.1" 200 30
186.103.159.189 - - [06/Mar/2018:13:58:42 -0300] "POST /cormun/servlet/solicitudotadjuntos?b0e75decd62e52f4a925c3aefc44f4f6,INS,2018,9950,,2, HTTP/1.1" 200 116
186.103.159.189 - - [06/Mar/2018:13:58:43 -0300] "GET /cormun/servlet/hpexe_return? HTTP/1.1" 200 1023
186.103.159.189 - - [06/Mar/2018:13:58:44 -0300] "GET /cormun/servlet/trsolicitudadjuntos?2018,9950, HTTP/1.1" 200 9893
77.88.186.240 - - [06/Mar/2018:13:58:48 -0300] "GET / HTTP/1.1" 400 -
186.103.159.189 - - [06/Mar/2018:13:58:48 -0300] "GET /cormun/servlet/trsolicitudadjuntos?2018,9950, HTTP/1.1" 200 9888
77.88.186.240 - - [06/Mar/2018:13:58:57 -0300] "GET / HTTP/1.1" 400 -
77.88.186.240 - - [06/Mar/2018:13:59:05 -0300] "GET / HTTP/1.1" 400 -
200.112.5.172 - - [06/Mar/2018:13:59:12 -0300] "GET /cormun/servlet/trfichaempleado? HTTP/1.1" 200 12537
77.88.186.240 - - [06/Mar/2018:13:59:14 -0300] "GET / HTTP/1.1" 400 -
186.67.164.142 - - [06/Mar/2018:13:59:15 -0300] "GET /cormun/servlet/hlogin HTTP/1.1" 200 1722
186.67.164.142 - - [06/Mar/2018:13:59:15 -0300] "GET /cormun/servlet/hlogin HTTP/1.1" 200 1732
186.67.164.142 - - [06/Mar/2018:13:59:21 -0300] "POST /cormun/servlet/hlogin?3347deab589b224aca4e13982cd49a81,gx-no-cache=1520355511293 HTTP/1.1" 200 90
186.67.164.142 - - [06/Mar/2018:13:59:21 -0300] "GET /cormun/servlet/hpexe_link HTTP/1.1" 200 950
186.67.164.142 - - [06/Mar/2018:13:59:21 -0300] "GET /cormun/servlet/hhome HTTP/1.1" 200 3973
186.67.164.142 - - [06/Mar/2018:13:59:22 -0300] "GET /cormun/servlet/hhome HTTP/1.1" 200 3969
77.88.186.240 - - [06/Mar/2018:13:59:22 -0300] "GET / HTTP/1.1" 400 -
200.112.5.172 - - [06/Mar/2018:13:59:22 -0300] "GET /cormun/servlet/trfichaempleado?gx-no-cache=1520354486493 HTTP/1.1" 200 12785
186.67.164.142 - - [06/Mar/2018:13:59:27 -0300] "GET /cormun/servlet/trsolicitudot? HTTP/1.1" 200 8565
186.67.164.142 - - [06/Mar/2018:13:59:28 -0300] "GET /cormun/static/gxcfg.js?2017111422585916 HTTP/1.1" 304 -
186.67.164.142 - - [06/Mar/2018:13:59:28 -0300] "GET /cormun/servlet/trsolicitudot? HTTP/1.1" 200 8563
77.88.186.240 - - [06/Mar/2018:13:59:30 -0300] "GET / HTTP/1.1" 400 -
186.67.164.142 - - [06/Mar/2018:13:59:34 -0300] "GET /cormun/static/menuarrow.gif HTTP/1.1" 404 1015
186.103.159.189 - - [06/Mar/2018:13:59:38 -0300] "POST /cormun/servlet/trsolicitudot?42c27940707a0db0be76b94a28b81274,gx-no-cache=1520354660163,gx-no-cache=1520355530785 HTTP/1.1" 200 105
186.103.159.189 - - [06/Mar/2018:13:59:38 -0300] "GET /cormun/servlet/solicitudot?UPD,2018,10117, HTTP/1.1" 200 15267
77.88.186.240 - - [06/Mar/2018:13:59:38 -0300] "GET / HTTP/1.1" 400 -
186.103.159.189 - - [06/Mar/2018:13:59:39 -0300] "GET /cormun/servlet/solicitudot?UPD,2018,10117, HTTP/1.1" 200 15254
186.67.164.142 - - [06/Mar/2018:13:59:40 -0300] "POST /cormun/servlet/trsolicitudot?3347deab589b224aca4e13982cd49a81,,gx-no-cache=1520355530164 HTTP/1.1" 200 8885
186.103.159.189 - - [06/Mar/2018:13:59:40 -0300] "POST /cormun/servlet/solicitudot?gx-no-cache=1520355533201 HTTP/1.1" 200 3444
186.103.159.189 - - [06/Mar/2018:13:59:40 -0300] "POST /cormun/servlet/solicitudot?42c27940707a0db0be76b94a28b81274,UPD,2018,10117,,gx-no-cache=1520355533515 HTTP/1.1" 200 11582
186.103.159.189 - - [06/Mar/2018:13:59:41 -0300] "GET /cormun/servlet/solicitudot?25a11c60b84d9e71f3e80d6a893f64c688689eb316a9f7b3d498407b6792f1230633f0b84e586d83d91757791226d493,gx-no-cache=1520355533882 HTTP/1.1" 200 30
186.103.159.189 - - [06/Mar/2018:13:59:41 -0300] "GET /cormun/servlet/solicitudot?25a11c60b84d9e71f3e80d6a893f64c6a96aab4dcac1a6e6ded9e6d18aa36f944b0e89afb3884b83f63a4f55b53598dc0627a906d7dcc9898f7641d3dc42f3db,gx-no-cache=1520355533974 HTTP/1.1" 200 30
186.103.159.189 - - [06/Mar/2018:13:59:41 -0300] "GET /cormun/servlet/solicitudot?25a11c60b84d9e71f3e80d6a893f64c619c7cf8bab505aea5c42f2fa6bda594f858518a3f8c4fb567737794cd24e15d5ea30522f4eec11dcf4ac791d255f1f33,gx-no-cache=1520355534033 HTTP/1.1" 200 53
186.103.159.189 - - [06/Mar/2018:13:59:41 -0300] "POST /cormun/servlet/solicitudot?gx-no-cache=1520355534130 HTTP/1.1" 200 297
186.103.159.189 - - [06/Mar/2018:13:59:41 -0300] "GET /cormun/servlet/solicitudot?25a11c60b84d9e71f3e80d6a893f64c65f3150cea84e919e89f9db55b07b151813f54b8e3ecf4402c60693c2be62b299a4e1126f202c076017579c21fd9972ea7e9afc1831dc3749a6e6aeed39cc9b3c52b949ed4b67ce0b525cfb492caa9602bd5ff54d72190cc01ae49a459f5676a4f7d22a61751a8136e353fd387e408e4020edfb1a5df23c7535e25896915c64916e5e387f2f6b201895dc49e504e6af6b2eb7f417bfd4d28249d9db143fdc99772dac7435818932cf4abfc79a27e441d7a01a00b249e2304072ac1b53a4c699a87c06b803d0cfc4e25b9e9e7b6c504fd986a05333db95463c86c3279b528a9e662fe3f57a0077efd749f97045a62b8156d19ddc2da930831560e0072a355295d77fe5126154d1a904987a73ed5c0f945b83d63ca5a14172300148e2abc5447493f0e7f5ed7b27f7aea58df80e5c0c529e89a1e700810745c535bed2f09c5ebd55db3dc1cc722e03f420d87a2790090d253cd7f20fd2bff64800642578e868858abf253bd54d3cc80aa6f40b75a668cdd0b6c7ae7450121834a2685aed1ac48230,gx-no-cache=1520355534271 HTTP/1.1" 200 30
186.103.159.189 - - [06/Mar/2018:13:59:41 -0300] "POST /cormun/servlet/solicitudot?gx-no-cache=1520355534336 HTTP/1.1" 200 30
186.103.159.189 - - [06/Mar/2018:13:59:41 -0300] "POST /cormun/servlet/solicitudot?gx-no-cache=1520355534443 HTTP/1.1" 200 1336
186.103.159.189 - - [06/Mar/2018:13:59:41 -0300] "POST /cormun/servlet/solicitudot?gx-no-cache=1520355534542 HTTP/1.1" 200 41
77.88.186.240 - - [06/Mar/2018:13:59:46 -0300] "GET / HTTP/1.1" 400 -
186.103.159.189 - - [06/Mar/2018:13:59:52 -0300] "GET /cormun/servlet/solicitudot?25a11c60b84d9e71f3e80d6a893f64c662883a86886b6e540fdb4f88443ba66667578e3d78ca82d4e187f0a07ae3b278694c9a59fe9205052f8335ef0909756211329202e3e3e9e880cc6d0a0ac28dc9a1bf262607a40a26c1f36edd377a2a634b0498577487f8d17182f4fe42979104,gx-no-cache=1520355545839 HTTP/1.1" 200 29
186.103.159.189 - - [06/Mar/2018:13:59:53 -0300] "POST /cormun/servlet/solicitudot?gx-no-cache=1520355545889 HTTP/1.1" 200 1319
186.103.159.189 - - [06/Mar/2018:13:59:53 -0300] "POST /cormun/servlet/solicitudot?gx-no-cache=1520355546023 HTTP/1.1" 200 1218
186.103.159.189 - - [06/Mar/2018:13:59:53 -0300] "GET /cormun/servlet/solicitudot?25a11c60b84d9e71f3e80d6a893f64c62160b42f805a7f0fc2129f291e4e74de5c3f36449d26bee1ac41093ba22eaf12,gx-no-cache=1520355546110 HTTP/1.1" 200 30
186.103.159.189 - - [06/Mar/2018:13:59:53 -0300] "POST /cormun/servlet/solicitudot?gx-no-cache=1520355546159 HTTP/1.1" 200 30
186.103.159.189 - - [06/Mar/2018:13:59:53 -0300] "POST /cormun/servlet/solicitudot?42c27940707a0db0be76b94a28b81274,UPD,2018,10117,,gx-no-cache=1520355546232 HTTP/1.1" 200 93
186.103.159.189 - - [06/Mar/2018:13:59:53 -0300] "GET /cormun/servlet/hpexe_return? HTTP/1.1" 200 1033
77.88.186.240 - - [06/Mar/2018:13:59:53 -0300] "GET / HTTP/1.1" 400 -
186.103.159.189 - - [06/Mar/2018:13:59:53 -0300] "GET /cormun/servlet/trsolicitudot?gx-no-cache=1520354660163 HTTP/1.1" 200 8971
186.103.159.189 - - [06/Mar/2018:13:59:54 -0300] "GET /cormun/servlet/trsolicitudot?gx-no-cache=1520354660163 HTTP/1.1" 200 8988
77.88.186.240 - - [06/Mar/2018:14:00:02 -0300] "GET / HTTP/1.1" 400 -
186.67.164.142 - - [06/Mar/2018:14:00:02 -0300] "POST /cormun/servlet/trsolicitudot?3347deab589b224aca4e13982cd49a81,,gx-no-cache=1520355552376 HTTP/1.1" 200 8436
77.88.186.240 - - [06/Mar/2018:14:00:09 -0300] "GET / HTTP/1.1" 400 -
186.103.159.189 - - [06/Mar/2018:14:00:17 -0300] "POST /cormun/servlet/trsolicitudot?42c27940707a0db0be76b94a28b81274,gx-no-cache=1520354660163,gx-no-cache=1520355570515 HTTP/1.1" 200 5667
186.103.159.189 - - [06/Mar/2018:14:00:18 -0300] "GET /cormun/static/Shared/jqueryui/images/ui-bg_highlight-soft_100_c6c2c8_1x100.png HTTP/1.1" 404 1117
186.103.159.189 - - [06/Mar/2018:14:00:18 -0300] "GET /cormun/static/Shared/jqueryui/images/ui-icons_82798d_256x240.png HTTP/1.1" 404 1089
186.103.159.189 - - [06/Mar/2018:14:00:18 -0300] "GET /cormun/static/Shared/jqueryui/images/ui-bg_flat_55_fafafa_40x100.png HTTP/1.1" 404 1097
186.103.159.189 - - [06/Mar/2018:14:00:18 -0300] "GET /cormun/static/Shared/jqueryui/images/ui-icons_8d78a5_256x240.png HTTP/1.1" 404 1089
77.88.186.240 - - [06/Mar/2018:14:00:18 -0300] "GET / HTTP/1.1" 400 -
186.103.159.189 - - [06/Mar/2018:14:00:18 -0300] "POST /cormun/servlet/trsolicitudot?42c27940707a0db0be76b94a28b81274,gx-no-cache=1520354660163,gx-no-cache=1520355571068 HTTP/1.1" 200 5608
186.103.159.189 - - [06/Mar/2018:14:00:23 -0300] "POST /cormun/servlet/trsolicitudot?42c27940707a0db0be76b94a28b81274,gx-no-cache=1520354660163,gx-no-cache=1520355576031 HTTP/1.1" 200 4479
186.103.159.189 - - [06/Mar/2018:14:00:23 -0300] "POST /cormun/servlet/trsolicitudot?42c27940707a0db0be76b94a28b81274,gx-no-cache=1520354660163,gx-no-cache=1520355576338 HTTP/1.1" 200 4254
77.88.186.240 - - [06/Mar/2018:14:00:25 -0300] "GET / HTTP/1.1" 400 -
77.88.186.240 - - [06/Mar/2018:14:00:33 -0300] "GET / HTTP/1.1" 400 -
77.88.186.240 - - [06/Mar/2018:14:00:41 -0300] "GET / HTTP/1.1" 400 -
192.168.10.89 - - [06/Mar/2018:14:00:48 -0300] "GET /cormun/servlet/hlogin HTTP/1.1" 200 1735
77.88.186.240 - - [06/Mar/2018:14:00:50 -0300] "GET / HTTP/1.1" 400 -
77.88.186.240 - - [06/Mar/2018:14:00:57 -0300] "GET / HTTP/1.1" 400 -
77.88.186.240 - - [06/Mar/2018:14:01:06 -0300] "GET / HTTP/1.1" 400 -
77.88.186.240 - - [06/Mar/2018:14:01:13 -0300] "GET / HTTP/1.1" 400 -
186.103.159.189 - - [06/Mar/2018:14:01:14 -0300] "GET /cormun/servlet/hlogin HTTP/1.1" 200 1718
77.88.186.240 - - [06/Mar/2018:14:01:21 -0300] "GET / HTTP/1.1" 400 -
77.88.186.240 - - [06/Mar/2018:14:01:30 -0300] "GET / HTTP/1.1" 400 -
77.88.186.240 - - [06/Mar/2018:14:01:38 -0300] "GET / HTTP/1.1" 400 -
77.88.186.240 - - [06/Mar/2018:14:01:46 -0300] "GET / HTTP/1.1" 400 -
186.103.159.189 - - [06/Mar/2018:14:01:49 -0300] "POST /cormun/servlet/hlogin?42c27940707a0db0be76b94a28b81274,gx-no-cache=1520355662455 HTTP/1.1" 200 427
77.88.186.240 - - [06/Mar/2018:14:01:54 -0300] "GET / HTTP/1.1" 400 -
77.88.186.240 - - [06/Mar/2018:14:02:02 -0300] "GET / HTTP/1.1" 400 -
186.103.159.189 - - [06/Mar/2018:14:02:05 -0300] "POST /cormun/servlet/hlogin?42c27940707a0db0be76b94a28b81274,gx-no-cache=1520355678178 HTTP/1.1" 200 90
186.103.159.189 - - [06/Mar/2018:14:02:05 -0300] "GET /cormun/servlet/hpexe_link HTTP/1.1" 200 951
186.103.159.189 - - [06/Mar/2018:14:02:05 -0300] "GET /cormun/servlet/hhome HTTP/1.1" 200 4172
186.103.159.189 - - [06/Mar/2018:14:02:07 -0300] "GET /cormun/servlet/hhome HTTP/1.1" 200 4169
77.88.186.240 - - [06/Mar/2018:14:02:09 -0300] "GET / HTTP/1.1" 400 -
77.88.186.240 - - [06/Mar/2018:14:02:18 -0300] "GET / HTTP/1.1" 400 -
77.88.186.240 - - [06/Mar/2018:14:02:25 -0300] "GET / HTTP/1.1" 400 -
77.88.186.240 - - [06/Mar/2018:14:02:33 -0300] "GET / HTTP/1.1" 400 -
77.88.186.240 - - [06/Mar/2018:14:02:40 -0300] "GET / HTTP/1.1" 400 -
186.103.159.189 - - [06/Mar/2018:14:02:42 -0300] "GET /cormun/servlet/trautorizarsolicitud? HTTP/1.1" 200 9059
186.103.159.189 - - [06/Mar/2018:14:02:44 -0300] "GET /cormun/servlet/trautorizarsolicitud? HTTP/1.1" 200 9057
77.88.186.240 - - [06/Mar/2018:14:02:49 -0300] "GET / HTTP/1.1" 400 -
186.103.158.250 - - [06/Mar/2018:14:02:57 -0300] "POST /cormun/servlet/solicitudot?gx-no-cache=1520355727694 HTTP/1.1" 200 3293
186.103.158.250 - - [06/Mar/2018:14:02:57 -0300] "POST /cormun/servlet/solicitudot?256ef51633c6977d07e787c9b56561e7,INS,0,0,,gx-no-cache=1520355727980 HTTP/1.1" 200 10446
77.88.186.240 - - [06/Mar/2018:14:02:58 -0300] "GET / HTTP/1.1" 400 -
186.103.158.250 - - [06/Mar/2018:14:03:00 -0300] "GET /cormun/servlet/solicitudot?c05c57fc898dc32e89ec4ea6100f6a220b75d91cc04f3d6c8b51309616ee03b331e1fda4f10516178c3c7ea1733fd375,gx-no-cache=1520355731023 HTTP/1.1" 200 30
77.88.186.240 - - [06/Mar/2018:14:03:06 -0300] "GET / HTTP/1.1" 400 -
77.88.186.240 - - [06/Mar/2018:14:03:14 -0300] "GET / HTTP/1.1" 400 -
186.103.159.189 - - [06/Mar/2018:14:03:17 -0300] "POST /cormun/servlet/trautorizarsolicitud?42c27940707a0db0be76b94a28b81274,,gx-no-cache=1520355750418 HTTP/1.1" 200 5778
186.103.159.189 - - [06/Mar/2018:14:03:17 -0300] "GET /cormun/static/Shared/jqueryui/images/ui-bg_highlight-soft_100_c6c2c8_1x100.png HTTP/1.1" 404 1117
186.103.159.189 - - [06/Mar/2018:14:03:17 -0300] "GET /cormun/static/Shared/jqueryui/images/ui-icons_82798d_256x240.png HTTP/1.1" 404 1089
186.103.159.189 - - [06/Mar/2018:14:03:17 -0300] "GET /cormun/static/Shared/jqueryui/images/ui-bg_flat_55_fafafa_40x100.png HTTP/1.1" 404 1097
186.103.159.189 - - [06/Mar/2018:14:03:17 -0300] "GET /cormun/static/Shared/jqueryui/images/ui-icons_8d78a5_256x240.png HTTP/1.1" 404 1089
186.103.159.189 - - [06/Mar/2018:14:03:18 -0300] "POST /cormun/servlet/trautorizarsolicitud?42c27940707a0db0be76b94a28b81274,,gx-no-cache=1520355750853 HTTP/1.1" 200 5723
186.103.159.189 - - [06/Mar/2018:14:03:19 -0300] "POST /cormun/servlet/trautorizarsolicitud?42c27940707a0db0be76b94a28b81274,,gx-no-cache=1520355752405 HTTP/1.1" 200 4603
186.103.159.189 - - [06/Mar/2018:14:03:19 -0300] "POST /cormun/servlet/trautorizarsolicitud?42c27940707a0db0be76b94a28b81274,,gx-no-cache=1520355752726 HTTP/1.1" 200 4377
77.88.186.240 - - [06/Mar/2018:14:03:21 -0300] "GET / HTTP/1.1" 400 -
77.88.186.240 - - [06/Mar/2018:14:03:29 -0300] "GET / HTTP/1.1" 400 -
200.112.5.172 - - [06/Mar/2018:14:03:32 -0300] "GET /cormun/servlet/trfichaempleado?gx-no-cache=1520354486493 HTTP/1.1" 200 12802
77.88.186.240 - - [06/Mar/2018:14:03:38 -0300] "GET / HTTP/1.1" 400 -
77.88.186.240 - - [06/Mar/2018:14:03:45 -0300] "GET / HTTP/1.1" 400 -
77.88.186.240 - - [06/Mar/2018:14:03:53 -0300] "GET / HTTP/1.1" 400 -
77.88.186.240 - - [06/Mar/2018:14:04:00 -0300] "GET / HTTP/1.1" 400 -
77.88.186.240 - - [06/Mar/2018:14:04:08 -0300] "GET / HTTP/1.1" 400 -
77.88.186.240 - - [06/Mar/2018:14:04:17 -0300] "GET / HTTP/1.1" 400 -
77.88.186.240 - - [06/Mar/2018:14:04:26 -0300] "GET / HTTP/1.1" 400 -
77.88.186.240 - - [06/Mar/2018:14:04:33 -0300] "GET / HTTP/1.1" 400 -
77.88.186.240 - - [06/Mar/2018:14:04:41 -0300] "GET / HTTP/1.1" 400 -
77.88.186.240 - - [06/Mar/2018:14:04:49 -0300] "GET / HTTP/1.1" 400 -
186.103.159.189 - - [06/Mar/2018:14:04:57 -0300] "POST /cormun/servlet/trautorizarsolicitud?42c27940707a0db0be76b94a28b81274,,gx-no-cache=1520355850112 HTTP/1.1" 200 7972
77.88.186.240 - - [06/Mar/2018:14:04:58 -0300] "GET / HTTP/1.1" 400 -
77.88.186.240 - - [06/Mar/2018:14:05:07 -0300] "GET / HTTP/1.1" 400 -
77.88.186.240 - - [06/Mar/2018:14:05:14 -0300] "GET / HTTP/1.1" 400 -
77.88.186.240 - - [06/Mar/2018:14:05:22 -0300] "GET / HTTP/1.1" 400 -
77.88.186.240 - - [06/Mar/2018:14:05:30 -0300] "GET / HTTP/1.1" 400 -
77.88.186.240 - - [06/Mar/2018:14:05:38 -0300] "GET / HTTP/1.1" 400 -
77.88.186.240 - - [06/Mar/2018:14:05:46 -0300] "GET / HTTP/1.1" 400 -
77.88.186.240 - - [06/Mar/2018:14:05:53 -0300] "GET / HTTP/1.1" 400 -
77.88.186.240 - - [06/Mar/2018:14:06:01 -0300] "GET / HTTP/1.1" 400 -
77.88.186.240 - - [06/Mar/2018:14:06:08 -0300] "GET / HTTP/1.1" 400 -
77.88.186.240 - - [06/Mar/2018:14:06:17 -0300] "GET / HTTP/1.1" 400 -
186.103.158.250 - - [06/Mar/2018:14:06:18 -0300] "GET /cormun/servlet/solicitudot?c05c57fc898dc32e89ec4ea6100f6a22b1d91c5553f81c916f9f1a5d34ed76d0be14976b0d136f86fe0ed636cbec07897e87f7c48ac61d902fc401cc407b2371,gx-no-cache=1520355929009 HTTP/1.1" 200 30
186.103.158.250 - - [06/Mar/2018:14:06:19 -0300] "GET /cormun/servlet/prbanco?,MD,,gxPopupLevel%3D0%3B HTTP/1.1" 200 6631
77.88.186.240 - - [06/Mar/2018:14:06:25 -0300] "GET / HTTP/1.1" 400 -
77.88.186.240 - - [06/Mar/2018:14:06:33 -0300] "GET / HTTP/1.1" 400 -
77.88.186.240 - - [06/Mar/2018:14:06:41 -0300] "GET / HTTP/1.1" 400 -
77.88.186.240 - - [06/Mar/2018:14:06:50 -0300] "GET / HTTP/1.1" 400 -
77.88.186.240 - - [06/Mar/2018:14:06:59 -0300] "GET / HTTP/1.1" 400 -
77.88.186.240 - - [06/Mar/2018:14:07:07 -0300] "GET / HTTP/1.1" 400 -
77.88.186.240 - - [06/Mar/2018:14:07:15 -0300] "GET / HTTP/1.1" 400 -
186.103.158.250 - - [06/Mar/2018:14:07:18 -0300] "GET /cormun/servlet/prbanco?,MD,,gxPopupLevel%3D0%3B HTTP/1.1" 200 6631
77.88.186.240 - - [06/Mar/2018:14:07:22 -0300] "GET / HTTP/1.1" 400 -
186.103.158.250 - - [06/Mar/2018:14:07:26 -0300] "GET /cormun/servlet/solicitudot?c05c57fc898dc32e89ec4ea6100f6a22220d4eba2f73381c2e3a8cd885ce2395,gx-no-cache=1520355996618 HTTP/1.1" 200 53
77.88.186.240 - - [06/Mar/2018:14:07:30 -0300] "GET / HTTP/1.1" 400 -
186.103.158.250 - - [06/Mar/2018:14:07:35 -0300] "POST /cormun/servlet/solicitudot?256ef51633c6977d07e787c9b56561e7,INS,0,0,,gx-no-cache=1520356006096 HTTP/1.1" 200 10659
186.103.158.250 - - [06/Mar/2018:14:07:36 -0300] "GET /cormun/static/Shared/jqueryui/images/ui-bg_highlight-soft_100_c6c2c8_1x100.png HTTP/1.1" 404 1117
186.103.158.250 - - [06/Mar/2018:14:07:36 -0300] "GET /cormun/static/Shared/jqueryui/images/ui-icons_82798d_256x240.png HTTP/1.1" 404 1089
186.103.158.250 - - [06/Mar/2018:14:07:36 -0300] "GET /cormun/static/Shared/jqueryui/images/ui-bg_flat_55_fafafa_40x100.png HTTP/1.1" 404 1097
186.103.158.250 - - [06/Mar/2018:14:07:36 -0300] "GET /cormun/static/Shared/jqueryui/images/ui-icons_8d78a5_256x240.png HTTP/1.1" 404 1089
77.88.186.240 - - [06/Mar/2018:14:07:38 -0300] "GET / HTTP/1.1" 400 -
186.103.158.250 - - [06/Mar/2018:14:07:43 -0300] "GET /cormun/servlet/solicitudot?c05c57fc898dc32e89ec4ea6100f6a2267516a102581d46cb0498b7aecc82751ebe04ac45070bd1803b63ea1c85ada916346fb3f460e226505b42399e5150f15,gx-no-cache=1520356013842 HTTP/1.1" 200 53
186.103.158.250 - - [06/Mar/2018:14:07:44 -0300] "POST /cormun/servlet/solicitudot?gx-no-cache=1520356015170 HTTP/1.1" 200 255
77.88.186.240 - - [06/Mar/2018:14:07:45 -0300] "GET / HTTP/1.1" 400 -
186.103.158.250 - - [06/Mar/2018:14:07:47 -0300] "GET /cormun/servlet/solicitudot?c05c57fc898dc32e89ec4ea6100f6a2206d0bad22ad99afb24fa40367a3e4110b42df3b0841ae14315bd21f1ac5d44a9688302fcf092bf9c8cd63f2497b4e55cd4c5e475c42c693d08088d5f19bf5bb7a419b88a49561616ed943f5bb2654c96568bec33b6a3149a9796f419b4b726c882a3d3170c8436a3e41ef67e80f7dd91d7a47ea3007ec8d5a9024429fa5ae7933eeca844661097344b8f319a625f42e871a12c15029bcb6dc8cb012d0e69c964a93705f66a87a1e7ea13519492b6741a3358ed71584d5978130192c6775bd3faa4a42fa8cc39b98b1cc985fb716dadc64a039b82204a2f3e6d598e8cc8a03f1b8eb9b967d53e4bb93dd806a8cf0a4d93c464e53ceaa73a394ed62a5e3e57997378173eb2a3f87ca80181f17661aad2d4c41eb0b6aec08f12d192ecb58dd2ea4ac6bd6aa4c00699ecf46accdf39a7e2740f089224047c905c6aafe0b91ce0cac83399cbe7412e521304a8ebf50b36a4cbde69696de94ca87b4b7f5cdabffd620a91ea13a9b9e40356b8dc2af877d674f3,gx-no-cache=1520356017918 HTTP/1.1" 200 30
77.88.186.240 - - [06/Mar/2018:14:07:53 -0300] "GET / HTTP/1.1" 400 -
186.103.158.250 - - [06/Mar/2018:14:07:54 -0300] "POST /cormun/servlet/solicitudot?gx-no-cache=1520356025010 HTTP/1.1" 200 30
186.103.158.250 - - [06/Mar/2018:14:07:56 -0300] "POST /cormun/servlet/solicitudot?gx-no-cache=1520356026756 HTTP/1.1" 200 1333
186.103.158.250 - - [06/Mar/2018:14:07:56 -0300] "POST /cormun/servlet/solicitudot?gx-no-cache=1520356026874 HTTP/1.1" 200 38
77.88.186.240 - - [06/Mar/2018:14:08:03 -0300] "GET / HTTP/1.1" 400 -
77.88.186.240 - - [06/Mar/2018:14:08:11 -0300] "GET / HTTP/1.1" 400 -
77.88.186.240 - - [06/Mar/2018:14:08:19 -0300] "GET / HTTP/1.1" 400 -
186.103.159.43 - - [06/Mar/2018:14:08:27 -0300] "POST /cormun/servlet/trsolicitudot?194fabe18ea0d4e8fdf1c14f8592756f,gx-no-cache=1520356059869 HTTP/1.1" 200 107
186.103.159.43 - - [06/Mar/2018:14:08:28 -0300] "GET /cormun/servlet/trsolicitudadjuntos?2018,10116, HTTP/1.1" 200 6026
186.103.159.43 - - [06/Mar/2018:14:08:28 -0300] "GET /cormun/servlet/trsolicitudadjuntos?2018,10116, HTTP/1.1" 200 6027
186.103.159.43 - - [06/Mar/2018:14:08:32 -0300] "GET /cormun/servlet/solicitudotadjuntos?INS,2018,10116,,1, HTTP/1.1" 200 5973
186.103.159.43 - - [06/Mar/2018:14:08:32 -0300] "GET /cormun/static/about:blank HTTP/1.1" 404 1011
186.103.159.43 - - [06/Mar/2018:14:08:32 -0300] "GET /cormun/servlet/solicitudotadjuntos?INS,2018,10116,,1, HTTP/1.1" 200 5966
186.103.159.43 - - [06/Mar/2018:14:08:33 -0300] "GET /cormun/servlet/solicitudotadjuntos?f63fcb8088aea672da2bca9e44c8f7b6a13d09bbe00b24c615d2f25564e499d66487b986eab06abf09abd9a4ca5928ed,gx-no-cache=1520356065367 HTTP/1.1" 200 30
186.103.159.43 - - [06/Mar/2018:14:08:33 -0300] "POST /cormun/servlet/solicitudotadjuntos?194fabe18ea0d4e8fdf1c14f8592756f,INS,2018,10116,,1,,gx-no-cache=1520356065451 HTTP/1.1" 200 3794
186.103.159.43 - - [06/Mar/2018:14:08:38 -0300] "POST /cormun/servlet/solicitudotadjuntos?gx-no-cache=1520356069859 HTTP/1.1" 200 26
200.120.230.197 - - [06/Mar/2018:14:09:28 -0300] "GET /cormun/servlet/hlogin HTTP/1.1" 200 1720
186.103.158.250 - - [06/Mar/2018:14:09:29 -0300] "POST /cormun/servlet/solicitudot?gx-no-cache=1520356119778 HTTP/1.1" 200 30
186.103.159.43 - - [06/Mar/2018:14:09:32 -0300] "GET /cormun/servlet/solicitudotadjuntos?f63fcb8088aea672da2bca9e44c8f7b6bddf694fc4b349b61e02e58345b8f658,gx-no-cache=1520356124745 HTTP/1.1" 200 30
186.103.159.43 - - [06/Mar/2018:14:09:32 -0300] "GET /cormun/servlet/solicitudotadjuntos?f63fcb8088aea672da2bca9e44c8f7b6bddf694fc4b349b61e02e58345b8f658,gx-no-cache=1520356124800 HTTP/1.1" 200 30
186.103.159.43 - - [06/Mar/2018:14:09:33 -0300] "POST /cormun/servlet/solicitudotadjuntos?194fabe18ea0d4e8fdf1c14f8592756f,INS,2018,10116,,1, HTTP/1.1" 200 116
186.103.159.43 - - [06/Mar/2018:14:09:33 -0300] "GET /cormun/servlet/hpexe_return? HTTP/1.1" 200 1025
186.103.159.43 - - [06/Mar/2018:14:09:33 -0300] "GET /cormun/servlet/trsolicitudadjuntos?2018,10116, HTTP/1.1" 200 8390
186.103.159.43 - - [06/Mar/2018:14:09:34 -0300] "GET /cormun/servlet/trsolicitudadjuntos?2018,10116, HTTP/1.1" 200 8387
200.120.230.197 - - [06/Mar/2018:14:09:37 -0300] "POST /cormun/servlet/hlogin?fd7fb213db234678f1daec2ef5dc2952,gx-no-cache=1520356128572 HTTP/1.1" 200 90
200.120.230.197 - - [06/Mar/2018:14:09:37 -0300] "GET /cormun/servlet/hpexe_link HTTP/1.1" 200 950
200.120.230.197 - - [06/Mar/2018:14:09:38 -0300] "GET /cormun/servlet/hhome HTTP/1.1" 200 4228
186.103.159.43 - - [06/Mar/2018:14:09:38 -0300] "GET /cormun/servlet/solicitudotadjuntos?INS,2018,10116,,1, HTTP/1.1" 200 5973
186.103.159.43 - - [06/Mar/2018:14:09:38 -0300] "GET /cormun/static/about:blank HTTP/1.1" 404 1011
186.103.159.43 - - [06/Mar/2018:14:09:38 -0300] "GET /cormun/servlet/solicitudotadjuntos?INS,2018,10116,,1, HTTP/1.1" 200 5965
186.103.159.43 - - [06/Mar/2018:14:09:39 -0300] "GET /cormun/servlet/solicitudotadjuntos?f63fcb8088aea672da2bca9e44c8f7b6a13d09bbe00b24c615d2f25564e499d66487b986eab06abf09abd9a4ca5928ed,gx-no-cache=1520356131273 HTTP/1.1" 200 30
186.103.159.43 - - [06/Mar/2018:14:09:39 -0300] "POST /cormun/servlet/solicitudotadjuntos?194fabe18ea0d4e8fdf1c14f8592756f,INS,2018,10116,,1,,gx-no-cache=1520356131333 HTTP/1.1" 200 3793
200.120.230.197 - - [06/Mar/2018:14:09:39 -0300] "GET /cormun/servlet/hhome HTTP/1.1" 200 4226
186.103.159.43 - - [06/Mar/2018:14:09:47 -0300] "POST /cormun/servlet/solicitudotadjuntos?gx-no-cache=1520356139753 HTTP/1.1" 200 26
200.120.230.197 - - [06/Mar/2018:14:09:48 -0300] "GET /cormun/servlet/trcontratosolicitud? HTTP/1.1" 200 14785
200.120.230.197 - - [06/Mar/2018:14:09:50 -0300] "GET /cormun/servlet/trcontratosolicitud? HTTP/1.1" 200 14786
186.103.158.250 - - [06/Mar/2018:14:09:53 -0300] "POST /cormun/servlet/solicitudot?gx-no-cache=1520356144096 HTTP/1.1" 200 30
186.103.158.250 - - [06/Mar/2018:14:09:56 -0300] "POST /cormun/servlet/solicitudot?gx-no-cache=1520356146929 HTTP/1.1" 200 1333
186.103.158.250 - - [06/Mar/2018:14:09:56 -0300] "POST /cormun/servlet/solicitudot?gx-no-cache=1520356147133 HTTP/1.1" 200 38
186.103.159.43 - - [06/Mar/2018:14:10:01 -0300] "POST /cormun/servlet/solicitudotadjuntos?gx-no-cache=1520356153664 HTTP/1.1" 200 26
186.103.158.250 - - [06/Mar/2018:14:10:07 -0300] "GET /cormun/servlet/solicitudot?c05c57fc898dc32e89ec4ea6100f6a22370a01fd331fec8b724cac3a907de3d0fb8d4546cfef7674faa301d53846032835c46a44a06eab465a85e186d167a06756e8f00978630859744906798807f328cbef366b91df1eba3d2ae244511c9766f61817683589be5a5e9632f426698374,gx-no-cache=1520356157981 HTTP/1.1" 200 29
186.103.158.250 - - [06/Mar/2018:14:10:07 -0300] "POST /cormun/servlet/solicitudot?gx-no-cache=1520356158037 HTTP/1.1" 200 1317
186.103.158.250 - - [06/Mar/2018:14:10:07 -0300] "POST /cormun/servlet/solicitudot?gx-no-cache=1520356158140 HTTP/1.1" 200 1215
186.103.159.43 - - [06/Mar/2018:14:10:17 -0300] "POST /cormun/servlet/solicitudotadjuntos?gx-no-cache=1520356169662 HTTP/1.1" 200 26
200.120.230.197 - - [06/Mar/2018:14:10:22 -0300] "POST /cormun/servlet/trcontratosolicitud?fd7fb213db234678f1daec2ef5dc2952,,gx-no-cache=1520356173472 HTTP/1.1" 200 5171
186.103.158.250 - - [06/Mar/2018:14:10:30 -0300] "GET /cormun/static/menuarrow.gif HTTP/1.1" 404 1015
186.103.159.43 - - [06/Mar/2018:14:10:36 -0300] "POST /cormun/servlet/solicitudotadjuntos?gx-no-cache=1520356188728 HTTP/1.1" 200 26
186.103.158.250 - - [06/Mar/2018:14:10:41 -0300] "GET /cormun/servlet/solicitudot?c05c57fc898dc32e89ec4ea6100f6a22cad653bb483d8767d8357c9170059d577fcbf638276913bd85c0e93f5541bd6a,gx-no-cache=1520356191550 HTTP/1.1" 200 30
186.103.158.250 - - [06/Mar/2018:14:10:53 -0300] "GET /cormun/servlet/solicitudot?c05c57fc898dc32e89ec4ea6100f6a22cad653bb483d8767d8357c9170059d572371f7fc725f67e78f33e820c391a10f,gx-no-cache=1520356204380 HTTP/1.1" 200 30
186.103.159.43 - - [06/Mar/2018:14:11:02 -0300] "GET /cormun/servlet/solicitudotadjuntos?f63fcb8088aea672da2bca9e44c8f7b6bddf694fc4b349b61e02e58345b8f658,gx-no-cache=1520356214813 HTTP/1.1" 200 30
186.103.159.43 - - [06/Mar/2018:14:11:02 -0300] "GET /cormun/servlet/solicitudotadjuntos?f63fcb8088aea672da2bca9e44c8f7b6bddf694fc4b349b61e02e58345b8f658,gx-no-cache=1520356214853 HTTP/1.1" 200 30
186.103.158.250 - - [06/Mar/2018:14:11:03 -0300] "POST /cormun/servlet/solicitudot?gx-no-cache=1520356213519 HTTP/1.1" 200 30
186.103.159.43 - - [06/Mar/2018:14:11:03 -0300] "POST /cormun/servlet/solicitudotadjuntos?194fabe18ea0d4e8fdf1c14f8592756f,INS,2018,10116,,1, HTTP/1.1" 200 116
186.103.159.43 - - [06/Mar/2018:14:11:03 -0300] "GET /cormun/servlet/hpexe_return? HTTP/1.1" 200 1025
186.103.159.43 - - [06/Mar/2018:14:11:04 -0300] "GET /cormun/servlet/trsolicitudadjuntos?2018,10116, HTTP/1.1" 200 8619
186.103.159.43 - - [06/Mar/2018:14:11:04 -0300] "GET /cormun/servlet/trsolicitudadjuntos?2018,10116, HTTP/1.1" 200 8619
186.103.158.250 - - [06/Mar/2018:14:11:12 -0300] "POST /cormun/servlet/solicitudot?256ef51633c6977d07e787c9b56561e7,INS,0,0,,gx-no-cache=1520356222445 HTTP/1.1" 200 93
186.103.158.250 - - [06/Mar/2018:14:11:12 -0300] "GET /cormun/servlet/hpexe_return? HTTP/1.1" 200 1005
186.103.158.250 - - [06/Mar/2018:14:11:12 -0300] "GET /cormun/servlet/trsolicitudot HTTP/1.1" 200 9184
186.103.159.43 - - [06/Mar/2018:14:11:14 -0300] "GET /cormun/servlet/solicitudotadjuntos?DLT,2018,10116,CARNET,0, HTTP/1.1" 200 5931
186.103.158.250 - - [06/Mar/2018:14:11:14 -0300] "GET /cormun/servlet/trsolicitudot HTTP/1.1" 200 9180
186.103.159.43 - - [06/Mar/2018:14:11:15 -0300] "GET /cormun/static/Shared/jqueryui/images/ui-icons_82798d_256x240.png HTTP/1.1" 404 1089
186.103.159.43 - - [06/Mar/2018:14:11:15 -0300] "GET /cormun/static/Shared/jqueryui/images/ui-bg_highlight-soft_100_c6c2c8_1x100.png HTTP/1.1" 404 1117
186.103.159.43 - - [06/Mar/2018:14:11:15 -0300] "GET /cormun/static/Shared/jqueryui/images/ui-bg_flat_55_fafafa_40x100.png HTTP/1.1" 404 1097
186.103.159.43 - - [06/Mar/2018:14:11:15 -0300] "GET /cormun/static/Shared/jqueryui/images/ui-icons_8d78a5_256x240.png HTTP/1.1" 404 1089
186.103.159.43 - - [06/Mar/2018:14:11:15 -0300] "GET /cormun/PublicTempStorage/cedula527959.pdf HTTP/1.1" 200 254560
186.103.159.43 - - [06/Mar/2018:14:11:15 -0300] "GET /cormun/servlet/solicitudotadjuntos?DLT,2018,10116,CARNET,0, HTTP/1.1" 200 5926
186.103.159.43 - - [06/Mar/2018:14:11:16 -0300] "POST /cormun/servlet/solicitudotadjuntos?194fabe18ea0d4e8fdf1c14f8592756f,DLT,2018,10116,CARNET,0,,gx-no-cache=1520356228535 HTTP/1.1" 200 93
186.103.159.43 - - [06/Mar/2018:14:11:16 -0300] "GET /cormun/servlet/hpexe_return? HTTP/1.1" 200 1030
186.103.159.43 - - [06/Mar/2018:14:11:17 -0300] "GET /cormun/servlet/trsolicitudadjuntos?2018,10116, HTTP/1.1" 200 8396
186.103.159.43 - - [06/Mar/2018:14:11:17 -0300] "GET /cormun/servlet/trsolicitudadjuntos?2018,10116, HTTP/1.1" 200 8393
186.103.159.43 - - [06/Mar/2018:14:11:19 -0300] "GET /cormun/servlet/solicitudotadjuntos?DLT,2018,10116,CERTIF5,0, HTTP/1.1" 200 5942
186.103.159.43 - - [06/Mar/2018:14:11:20 -0300] "GET /cormun/PublicTempStorage/antecedentes3296014.pdf HTTP/1.1" 200 339493
186.103.159.43 - - [06/Mar/2018:14:11:20 -0300] "GET /cormun/static/Shared/jqueryui/images/ui-icons_8d78a5_256x240.png HTTP/1.1" 404 1089
186.103.159.43 - - [06/Mar/2018:14:11:20 -0300] "GET /cormun/static/Shared/jqueryui/images/ui-icons_82798d_256x240.png HTTP/1.1" 404 1089
186.103.159.43 - - [06/Mar/2018:14:11:20 -0300] "GET /cormun/static/Shared/jqueryui/images/ui-bg_highlight-soft_100_c6c2c8_1x100.png HTTP/1.1" 404 1117
186.103.159.43 - - [06/Mar/2018:14:11:20 -0300] "GET /cormun/static/Shared/jqueryui/images/ui-bg_flat_55_fafafa_40x100.png HTTP/1.1" 404 1097
186.103.159.43 - - [06/Mar/2018:14:11:20 -0300] "GET /cormun/servlet/solicitudotadjuntos?DLT,2018,10116,CERTIF5,0, HTTP/1.1" 200 5936
186.103.159.43 - - [06/Mar/2018:14:11:21 -0300] "POST /cormun/servlet/solicitudotadjuntos?194fabe18ea0d4e8fdf1c14f8592756f,DLT,2018,10116,CERTIF5,0,,gx-no-cache=1520356233620 HTTP/1.1" 200 93
186.103.159.43 - - [06/Mar/2018:14:11:21 -0300] "GET /cormun/servlet/hpexe_return? HTTP/1.1" 200 1031
186.103.159.43 - - [06/Mar/2018:14:11:22 -0300] "GET /cormun/servlet/trsolicitudadjuntos?2018,10116, HTTP/1.1" 200 6030
186.103.159.43 - - [06/Mar/2018:14:11:22 -0300] "GET /cormun/servlet/trsolicitudadjuntos?2018,10116, HTTP/1.1" 200 6027
186.103.159.43 - - [06/Mar/2018:14:11:25 -0300] "GET /cormun/servlet/solicitudotadjuntos?INS,2018,10116,,1, HTTP/1.1" 200 5974
186.103.159.43 - - [06/Mar/2018:14:11:25 -0300] "GET /cormun/static/about:blank HTTP/1.1" 404 1011
186.103.159.43 - - [06/Mar/2018:14:11:25 -0300] "GET /cormun/servlet/solicitudotadjuntos?INS,2018,10116,,1, HTTP/1.1" 200 5967
186.103.159.43 - - [06/Mar/2018:14:11:26 -0300] "GET /cormun/servlet/solicitudotadjuntos?f63fcb8088aea672da2bca9e44c8f7b6a13d09bbe00b24c615d2f25564e499d66487b986eab06abf09abd9a4ca5928ed,gx-no-cache=1520356238260 HTTP/1.1" 200 30
186.103.159.43 - - [06/Mar/2018:14:11:26 -0300] "POST /cormun/servlet/solicitudotadjuntos?194fabe18ea0d4e8fdf1c14f8592756f,INS,2018,10116,,1,,gx-no-cache=1520356238301 HTTP/1.1" 200 3793
186.103.158.250 - - [06/Mar/2018:14:11:30 -0300] "GET /cormun/servlet/trsolicitudot? HTTP/1.1" 200 9180
186.103.159.43 - - [06/Mar/2018:14:11:31 -0300] "POST /cormun/servlet/solicitudotadjuntos?gx-no-cache=1520356243467 HTTP/1.1" 200 26
186.103.158.250 - - [06/Mar/2018:14:11:31 -0300] "GET /cormun/servlet/trsolicitudot? HTTP/1.1" 200 9180
186.103.158.250 - - [06/Mar/2018:14:11:35 -0300] "GET /cormun/servlet/solicitudot?INS,0,0, HTTP/1.1" 200 13647
186.103.159.43 - - [06/Mar/2018:14:11:36 -0300] "GET /cormun/servlet/solicitudotadjuntos?f63fcb8088aea672da2bca9e44c8f7b6bddf694fc4b349b61e02e58345b8f658,gx-no-cache=1520356248095 HTTP/1.1" 200 30
186.103.159.43 - - [06/Mar/2018:14:11:36 -0300] "GET /cormun/servlet/solicitudotadjuntos?f63fcb8088aea672da2bca9e44c8f7b6bddf694fc4b349b61e02e58345b8f658,gx-no-cache=1520356248165 HTTP/1.1" 200 30
186.103.159.43 - - [06/Mar/2018:14:11:36 -0300] "POST /cormun/servlet/solicitudotadjuntos?194fabe18ea0d4e8fdf1c14f8592756f,INS,2018,10116,,1, HTTP/1.1" 200 116
186.103.159.43 - - [06/Mar/2018:14:11:36 -0300] "GET /cormun/servlet/hpexe_return? HTTP/1.1" 200 1025
186.103.158.250 - - [06/Mar/2018:14:11:37 -0300] "GET /cormun/servlet/solicitudot?INS,0,0, HTTP/1.1" 200 13652
186.103.159.43 - - [06/Mar/2018:14:11:37 -0300] "GET /cormun/servlet/trsolicitudadjuntos?2018,10116, HTTP/1.1" 200 8390
186.103.159.43 - - [06/Mar/2018:14:11:37 -0300] "GET /cormun/servlet/trsolicitudadjuntos?2018,10116, HTTP/1.1" 200 8386
186.103.159.43 - - [06/Mar/2018:14:11:41 -0300] "GET /cormun/servlet/solicitudotadjuntos?INS,2018,10116,,1, HTTP/1.1" 200 5974
186.103.159.43 - - [06/Mar/2018:14:11:41 -0300] "GET /cormun/static/about:blank HTTP/1.1" 404 1011
186.103.159.43 - - [06/Mar/2018:14:11:42 -0300] "GET /cormun/servlet/solicitudotadjuntos?INS,2018,10116,,1, HTTP/1.1" 200 5966
186.103.159.43 - - [06/Mar/2018:14:11:42 -0300] "GET /cormun/servlet/solicitudotadjuntos?f63fcb8088aea672da2bca9e44c8f7b6a13d09bbe00b24c615d2f25564e499d66487b986eab06abf09abd9a4ca5928ed,gx-no-cache=1520356254494 HTTP/1.1" 200 30
186.103.159.43 - - [06/Mar/2018:14:11:42 -0300] "POST /cormun/servlet/solicitudotadjuntos?194fabe18ea0d4e8fdf1c14f8592756f,INS,2018,10116,,1,,gx-no-cache=1520356254569 HTTP/1.1" 200 3794
186.103.159.43 - - [06/Mar/2018:14:11:46 -0300] "POST /cormun/servlet/solicitudotadjuntos?gx-no-cache=1520356258909 HTTP/1.1" 200 26
186.103.159.43 - - [06/Mar/2018:14:11:53 -0300] "GET /cormun/servlet/solicitudotadjuntos?f63fcb8088aea672da2bca9e44c8f7b6bddf694fc4b349b61e02e58345b8f658,gx-no-cache=1520356265635 HTTP/1.1" 200 30
186.103.159.43 - - [06/Mar/2018:14:11:53 -0300] "GET /cormun/servlet/solicitudotadjuntos?f63fcb8088aea672da2bca9e44c8f7b6bddf694fc4b349b61e02e58345b8f658,gx-no-cache=1520356265689 HTTP/1.1" 200 30
186.103.159.43 - - [06/Mar/2018:14:11:54 -0300] "POST /cormun/servlet/solicitudotadjuntos?194fabe18ea0d4e8fdf1c14f8592756f,INS,2018,10116,,1, HTTP/1.1" 200 116
186.103.159.43 - - [06/Mar/2018:14:11:54 -0300] "GET /cormun/servlet/hpexe_return? HTTP/1.1" 200 1025
186.103.159.43 - - [06/Mar/2018:14:11:54 -0300] "GET /cormun/servlet/trsolicitudadjuntos?2018,10116, HTTP/1.1" 200 8637
186.103.159.43 - - [06/Mar/2018:14:11:55 -0300] "GET /cormun/servlet/trsolicitudadjuntos?2018,10116, HTTP/1.1" 200 8635
186.103.159.43 - - [06/Mar/2018:14:12:01 -0300] "GET /cormun/servlet/solicitudotadjuntos?INS,2018,10116,,1, HTTP/1.1" 200 5974
186.103.159.43 - - [06/Mar/2018:14:12:02 -0300] "GET /cormun/static/about:blank HTTP/1.1" 404 1011
186.103.159.43 - - [06/Mar/2018:14:12:02 -0300] "GET /cormun/servlet/solicitudotadjuntos?INS,2018,10116,,1, HTTP/1.1" 200 5966
186.103.159.43 - - [06/Mar/2018:14:12:02 -0300] "GET /cormun/servlet/solicitudotadjuntos?f63fcb8088aea672da2bca9e44c8f7b6a13d09bbe00b24c615d2f25564e499d66487b986eab06abf09abd9a4ca5928ed,gx-no-cache=1520356274586 HTTP/1.1" 200 30
186.103.159.43 - - [06/Mar/2018:14:12:02 -0300] "POST /cormun/servlet/solicitudotadjuntos?194fabe18ea0d4e8fdf1c14f8592756f,INS,2018,10116,,1,,gx-no-cache=1520356274669 HTTP/1.1" 200 3794
186.103.159.43 - - [06/Mar/2018:14:12:08 -0300] "POST /cormun/servlet/solicitudotadjuntos?gx-no-cache=1520356280246 HTTP/1.1" 200 26
186.103.159.43 - - [06/Mar/2018:14:12:17 -0300] "GET /cormun/servlet/solicitudotadjuntos?f63fcb8088aea672da2bca9e44c8f7b6bddf694fc4b349b61e02e58345b8f658,gx-no-cache=1520356289226 HTTP/1.1" 200 30
186.103.159.43 - - [06/Mar/2018:14:12:17 -0300] "GET /cormun/servlet/solicitudotadjuntos?f63fcb8088aea672da2bca9e44c8f7b6bddf694fc4b349b61e02e58345b8f658,gx-no-cache=1520356289271 HTTP/1.1" 200 30
186.103.159.43 - - [06/Mar/2018:14:12:17 -0300] "POST /cormun/servlet/solicitudotadjuntos?194fabe18ea0d4e8fdf1c14f8592756f,INS,2018,10116,,1, HTTP/1.1" 200 116
186.103.159.43 - - [06/Mar/2018:14:12:17 -0300] "GET /cormun/servlet/hpexe_return? HTTP/1.1" 200 1025
186.103.159.43 - - [06/Mar/2018:14:12:18 -0300] "GET /cormun/servlet/trsolicitudadjuntos?2018,10116, HTTP/1.1" 200 8814
186.103.159.43 - - [06/Mar/2018:14:12:18 -0300] "GET /cormun/servlet/trsolicitudadjuntos?2018,10116, HTTP/1.1" 200 8813
186.103.159.43 - - [06/Mar/2018:14:12:22 -0300] "GET /cormun/servlet/solicitudotadjuntos?INS,2018,10116,,1, HTTP/1.1" 200 5974
186.103.159.43 - - [06/Mar/2018:14:12:22 -0300] "GET /cormun/static/about:blank HTTP/1.1" 404 1011
186.103.159.43 - - [06/Mar/2018:14:12:22 -0300] "GET /cormun/servlet/solicitudotadjuntos?INS,2018,10116,,1, HTTP/1.1" 200 5966
186.103.159.43 - - [06/Mar/2018:14:12:23 -0300] "GET /cormun/servlet/solicitudotadjuntos?f63fcb8088aea672da2bca9e44c8f7b6a13d09bbe00b24c615d2f25564e499d66487b986eab06abf09abd9a4ca5928ed,gx-no-cache=1520356295139 HTTP/1.1" 200 30
186.103.159.43 - - [06/Mar/2018:14:12:23 -0300] "POST /cormun/servlet/solicitudotadjuntos?194fabe18ea0d4e8fdf1c14f8592756f,INS,2018,10116,,1,,gx-no-cache=1520356295230 HTTP/1.1" 200 3794
186.103.159.43 - - [06/Mar/2018:14:12:26 -0300] "POST /cormun/servlet/solicitudotadjuntos?gx-no-cache=1520356298946 HTTP/1.1" 200 26
186.103.158.250 - - [06/Mar/2018:14:12:33 -0300] "POST /cormun/servlet/solicitudot?gx-no-cache=1520356303803 HTTP/1.1" 200 3293
186.103.158.250 - - [06/Mar/2018:14:12:33 -0300] "POST /cormun/servlet/solicitudot?256ef51633c6977d07e787c9b56561e7,INS,0,0,,gx-no-cache=1520356304068 HTTP/1.1" 200 10446
186.103.159.43 - - [06/Mar/2018:14:12:34 -0300] "GET /cormun/servlet/solicitudotadjuntos?f63fcb8088aea672da2bca9e44c8f7b6bddf694fc4b349b61e02e58345b8f658,gx-no-cache=1520356306695 HTTP/1.1" 200 30
186.103.159.43 - - [06/Mar/2018:14:12:34 -0300] "GET /cormun/servlet/solicitudotadjuntos?f63fcb8088aea672da2bca9e44c8f7b6bddf694fc4b349b61e02e58345b8f658,gx-no-cache=1520356306726 HTTP/1.1" 200 30
186.103.159.43 - - [06/Mar/2018:14:12:35 -0300] "POST /cormun/servlet/solicitudotadjuntos?194fabe18ea0d4e8fdf1c14f8592756f,INS,2018,10116,,1, HTTP/1.1" 200 116
186.103.159.43 - - [06/Mar/2018:14:12:35 -0300] "GET /cormun/servlet/hpexe_return? HTTP/1.1" 200 1025
186.103.158.250 - - [06/Mar/2018:14:12:36 -0300] "GET /cormun/servlet/solicitudot?c05c57fc898dc32e89ec4ea6100f6a226ac0818eb5ddd39482ef90d9dde0e60331e1fda4f10516178c3c7ea1733fd375,gx-no-cache=1520356306478 HTTP/1.1" 200 111
186.103.158.250 - - [06/Mar/2018:14:12:36 -0300] "GET /cormun/static/Shared/jqueryui/images/ui-bg_highlight-soft_100_c6c2c8_1x100.png HTTP/1.1" 404 1117
186.103.158.250 - - [06/Mar/2018:14:12:36 -0300] "GET /cormun/static/Shared/jqueryui/images/ui-icons_82798d_256x240.png HTTP/1.1" 404 1089
186.103.158.250 - - [06/Mar/2018:14:12:36 -0300] "GET /cormun/static/Shared/jqueryui/images/ui-icons_ebccce_256x240.png HTTP/1.1" 404 1089
186.103.158.250 - - [06/Mar/2018:14:12:36 -0300] "GET /cormun/static/Shared/jqueryui/images/ui-bg_flat_55_994d53_40x100.png HTTP/1.1" 404 1097
192.168.10.62 - - [06/Mar/2018:14:12:36 -0300] "POST /cormun/servlet/trsolicitudgral?59a4455f65e7631b2a2fa74cd188a880,gx-no-cache=1520353651944,gx-no-cache=1520356195281 HTTP/1.1" 200 10690
186.103.159.43 - - [06/Mar/2018:14:12:36 -0300] "GET /cormun/servlet/trsolicitudadjuntos?2018,10116, HTTP/1.1" 200 8950
186.103.159.43 - - [06/Mar/2018:14:12:37 -0300] "GET /cormun/servlet/trsolicitudadjuntos?2018,10116, HTTP/1.1" 200 8949
186.103.159.43 - - [06/Mar/2018:14:12:42 -0300] "GET /cormun/servlet/solicitudotadjuntos?INS,2018,10116,,1, HTTP/1.1" 200 5973
186.103.159.43 - - [06/Mar/2018:14:12:43 -0300] "GET /cormun/static/about:blank HTTP/1.1" 404 1011
186.103.159.43 - - [06/Mar/2018:14:12:43 -0300] "GET /cormun/servlet/solicitudotadjuntos?INS,2018,10116,,1, HTTP/1.1" 200 5966
