192.168.10.56 - - [06/Mar/2018:14:37:30 -0300] "GET /cormun/servlet/hhome HTTP/1.1" 200 4473
192.168.10.56 - - [06/Mar/2018:14:37:30 -0300] "GET /cormun/servlet/hhome HTTP/1.1" 200 4471
192.168.10.56 - - [06/Mar/2018:14:37:34 -0300] "GET /cormun/servlet/trsolicitudgral? HTTP/1.1" 200 28184
192.168.10.56 - - [06/Mar/2018:14:37:35 -0300] "GET /cormun/servlet/trsolicitudgral? HTTP/1.1" 200 28183
192.168.10.56 - - [06/Mar/2018:14:37:36 -0300] "GET /cormun/static/menuarrow.gif HTTP/1.1" 404 1015
192.168.10.56 - - [06/Mar/2018:14:37:41 -0300] "POST /cormun/servlet/trsolicitudgral?c858268f9d090802262e6121baa99871,,gx-no-cache=1520357700781 HTTP/1.1" 200 15819
186.103.158.250 - - [06/Mar/2018:14:37:45 -0300] "GET /cormun/servlet/solicitudot?c05c57fc898dc32e89ec4ea6100f6a228240014cb45b0a6f0ee1b77f3738c3eb,gx-no-cache=1520357815922 HTTP/1.1" 200 123
186.103.158.250 - - [06/Mar/2018:14:37:45 -0300] "POST /cormun/servlet/solicitudot?gx-no-cache=1520357816005 HTTP/1.1" 200 255
186.103.158.250 - - [06/Mar/2018:14:37:46 -0300] "GET /cormun/servlet/solicitudot?c05c57fc898dc32e89ec4ea6100f6a2206d0bad22ad99afb24fa40367a3e4110b42df3b0841ae14315bd21f1ac5d44a9688302fcf092bf9c8cd63f2497b4e55cd4c5e475c42c693d08088d5f19bf5bb7a419b88a49561616ed943f5bb2654c96568bec33b6a3149a9796f419b4b726c882a3d3170c8436a3e41ef67e80f7dd91d7a47ea3007ec8d5a9024429fa5ae7933eeca844661097344b8f319a625f42e871a12c15029bcb6dc8cb012d0e69c964a93705f66a87a1e7ea13519492b6741a3358ed71584d5978130192c6775bd3faa4a42fa8cc39b98b1cc985fb716dadc64a039b82204a2f3e6d598e8cc8a03f1b8eb9b967d53e4bb93dd806a8cf0a4d93c464e53ceaa73a394ed62a5e3e57997378173eb2a3f87ca80181f17661aad2d4c41eb0b6aec08f12d192ecb58dd2ea4ac6bd6aa4c00699ecf46accdf39a7e2740f089224047c905c6aafe0b91ce0cac83399cbe7412e521304a8ebf50b36a4cbde69696de94ca87b4b7f5cdabffd620a91ea13a9b9e40356b8dc2af877d674f3,gx-no-cache=1520357816124 HTTP/1.1" 200 30
186.103.158.250 - - [06/Mar/2018:14:37:46 -0300] "POST /cormun/servlet/solicitudot?gx-no-cache=1520357816503 HTTP/1.1" 200 30
186.103.158.250 - - [06/Mar/2018:14:37:46 -0300] "POST /cormun/servlet/solicitudot?gx-no-cache=1520357816945 HTTP/1.1" 200 1337
186.103.158.250 - - [06/Mar/2018:14:37:46 -0300] "POST /cormun/servlet/solicitudot?gx-no-cache=1520357817069 HTTP/1.1" 200 38
186.103.159.189 - - [06/Mar/2018:14:37:52 -0300] "POST /cormun/servlet/trsolicitudot?42c27940707a0db0be76b94a28b81274,gx-no-cache=1520357825318 HTTP/1.1" 200 4462
186.103.159.189 - - [06/Mar/2018:14:37:52 -0300] "GET /cormun/static/Shared/jqueryui/images/ui-bg_highlight-soft_100_c6c2c8_1x100.png HTTP/1.1" 404 1117
186.103.159.189 - - [06/Mar/2018:14:37:52 -0300] "GET /cormun/static/Shared/jqueryui/images/ui-icons_82798d_256x240.png HTTP/1.1" 404 1089
186.103.159.189 - - [06/Mar/2018:14:37:52 -0300] "GET /cormun/static/Shared/jqueryui/images/ui-bg_flat_55_fafafa_40x100.png HTTP/1.1" 404 1097
186.103.159.189 - - [06/Mar/2018:14:37:52 -0300] "GET /cormun/static/Shared/jqueryui/images/ui-icons_8d78a5_256x240.png HTTP/1.1" 404 1089
186.103.159.189 - - [06/Mar/2018:14:37:52 -0300] "POST /cormun/servlet/trsolicitudot?42c27940707a0db0be76b94a28b81274,gx-no-cache=1520357825725 HTTP/1.1" 200 4255
186.103.159.189 - - [06/Mar/2018:14:37:55 -0300] "GET /cormun/servlet/solicitudot?INS,0,0, HTTP/1.1" 200 13424
186.103.159.189 - - [06/Mar/2018:14:37:57 -0300] "GET /cormun/servlet/solicitudot?INS,0,0, HTTP/1.1" 200 13429
186.103.158.250 - - [06/Mar/2018:14:37:59 -0300] "POST /cormun/servlet/solicitudot?gx-no-cache=1520357830089 HTTP/1.1" 200 30
192.168.10.56 - - [06/Mar/2018:14:38:11 -0300] "POST /cormun/servlet/trsolicitudgral?c858268f9d090802262e6121baa99871,,gx-no-cache=1520357730118 HTTP/1.1" 200 14750
192.168.10.56 - - [06/Mar/2018:14:38:11 -0300] "GET /cormun/static/Shared/jqueryui/images/ui-bg_highlight-soft_100_c6c2c8_1x100.png HTTP/1.1" 404 1117
192.168.10.56 - - [06/Mar/2018:14:38:11 -0300] "GET /cormun/static/Shared/jqueryui/images/ui-icons_82798d_256x240.png HTTP/1.1" 404 1089
192.168.10.56 - - [06/Mar/2018:14:38:11 -0300] "GET /cormun/static/Shared/jqueryui/images/ui-icons_8d78a5_256x240.png HTTP/1.1" 404 1089
192.168.10.56 - - [06/Mar/2018:14:38:11 -0300] "GET /cormun/static/Shared/jqueryui/images/ui-bg_flat_55_fafafa_40x100.png HTTP/1.1" 404 1097
186.103.158.250 - - [06/Mar/2018:14:38:14 -0300] "GET /cormun/servlet/prcontratosol?8686171,,,,,MD,,gxPopupLevel%3D0%3B HTTP/1.1" 200 7695
192.168.10.56 - - [06/Mar/2018:14:38:22 -0300] "POST /cormun/servlet/trsolicitudgral?c858268f9d090802262e6121baa99871,,gx-no-cache=1520357741467 HTTP/1.1" 200 14239
186.103.158.250 - - [06/Mar/2018:14:38:31 -0300] "POST /cormun/servlet/solicitudot?gx-no-cache=1520357861295 HTTP/1.1" 200 1337
186.103.158.250 - - [06/Mar/2018:14:38:31 -0300] "POST /cormun/servlet/solicitudot?gx-no-cache=1520357861542 HTTP/1.1" 200 38
186.103.158.250 - - [06/Mar/2018:14:38:31 -0300] "GET /cormun/servlet/solicitudot?c05c57fc898dc32e89ec4ea6100f6a22370a01fd331fec8b724cac3a907de3d0fb8d4546cfef7674faa301d538460328393f054603bdf7b8e36820848f8e1beaaebebbdd5a8b418a6d33f7304ba9a3f0e2c53ee99040ef2ea00b1e1f7395b3a4473f9d6ba9466a46375559c56b167270eb1df3f0b54e4736678b5aee9930b67325f4a656f9e05350102b006e1e571cae497a17f010f573d3a42ddb8aed43b241,gx-no-cache=1520357861593 HTTP/1.1" 200 29
186.103.158.250 - - [06/Mar/2018:14:38:31 -0300] "POST /cormun/servlet/solicitudot?gx-no-cache=1520357861659 HTTP/1.1" 200 1319
186.103.158.250 - - [06/Mar/2018:14:38:31 -0300] "POST /cormun/servlet/solicitudot?gx-no-cache=1520357861826 HTTP/1.1" 200 1219
186.103.158.250 - - [06/Mar/2018:14:38:31 -0300] "GET /cormun/servlet/solicitudot?c05c57fc898dc32e89ec4ea6100f6a224118faabbe52dfe08d7ac4ea95b2fad5,gx-no-cache=1520357861957 HTTP/1.1" 200 30
192.168.10.56 - - [06/Mar/2018:14:38:38 -0300] "POST /cormun/servlet/trsolicitudgral?c858268f9d090802262e6121baa99871,,gx-no-cache=1520357757196 HTTP/1.1" 200 13710
186.103.158.250 - - [06/Mar/2018:14:38:41 -0300] "GET /cormun/servlet/prcontratosol?8686171,,,,,MD,,gxPopupLevel%3D0%3B HTTP/1.1" 200 7695
186.103.158.250 - - [06/Mar/2018:14:38:47 -0300] "POST /cormun/servlet/solicitudot?gx-no-cache=1520357877389 HTTP/1.1" 200 1337
186.103.158.250 - - [06/Mar/2018:14:38:47 -0300] "POST /cormun/servlet/solicitudot?gx-no-cache=1520357877553 HTTP/1.1" 200 38
186.103.158.250 - - [06/Mar/2018:14:38:47 -0300] "POST /cormun/servlet/solicitudot?gx-no-cache=1520357877645 HTTP/1.1" 200 1319
186.103.158.250 - - [06/Mar/2018:14:38:47 -0300] "POST /cormun/servlet/solicitudot?gx-no-cache=1520357877779 HTTP/1.1" 200 1219
192.168.10.56 - - [06/Mar/2018:14:39:10 -0300] "POST /cormun/servlet/trsolicitudgral?c858268f9d090802262e6121baa99871,,gx-no-cache=1520357789822 HTTP/1.1" 200 12845
186.103.158.250 - - [06/Mar/2018:14:39:19 -0300] "GET /cormun/servlet/prbanco?,MD,,gxPopupLevel%3D0%3B HTTP/1.1" 200 6631
186.103.159.189 - - [06/Mar/2018:14:39:25 -0300] "GET /cormun/servlet/prfichaempleado?,MD,,gxPopupLevel%3D0%3B HTTP/1.1" 200 9317
192.168.10.56 - - [06/Mar/2018:14:39:30 -0300] "POST /cormun/servlet/trsolicitudgral?c858268f9d090802262e6121baa99871,,gx-no-cache=1520357809743 HTTP/1.1" 200 12248
186.103.158.250 - - [06/Mar/2018:14:39:36 -0300] "GET /cormun/servlet/solicitudot?c05c57fc898dc32e89ec4ea6100f6a22d8996b2e239b53dac0b00fc2bc4425bb,gx-no-cache=1520357927203 HTTP/1.1" 200 45
192.168.10.56 - - [06/Mar/2018:14:39:47 -0300] "POST /cormun/servlet/trsolicitudgral?c858268f9d090802262e6121baa99871,,gx-no-cache=1520357826112 HTTP/1.1" 200 11336
186.103.158.250 - - [06/Mar/2018:14:39:50 -0300] "GET /cormun/servlet/prbanco?,MD,,gxPopupLevel%3D0%3B HTTP/1.1" 200 6631
186.103.159.189 - - [06/Mar/2018:14:39:52 -0300] "POST /cormun/servlet/prfichaempleado?42c27940707a0db0be76b94a28b81274,,MD,,gxPopupLevel%3D0%3B,gx-no-cache=1520357945365 HTTP/1.1" 200 3482
186.103.159.189 - - [06/Mar/2018:14:39:59 -0300] "POST /cormun/servlet/solicitudot?gx-no-cache=1520357952234 HTTP/1.1" 200 3436
186.103.159.189 - - [06/Mar/2018:14:39:59 -0300] "POST /cormun/servlet/solicitudot?42c27940707a0db0be76b94a28b81274,INS,0,0,,gx-no-cache=1520357952592 HTTP/1.1" 200 10417
186.103.159.189 - - [06/Mar/2018:14:40:04 -0300] "GET /cormun/servlet/solicitudot?25a11c60b84d9e71f3e80d6a893f64c675790e4c3f5c269726def14be8f612d3418f3c352ff931d029d13f2720578a8f,gx-no-cache=1520357957065 HTTP/1.1" 200 30
186.103.159.189 - - [06/Mar/2018:14:40:04 -0300] "GET /cormun/servlet/solicitudot?25a11c60b84d9e71f3e80d6a893f64c62015007e06b62af39c720a8bc104b4dd74bac334baacfa6aa5429b84809b0f328a41e855b7d7b7cd52c1eadac78223b1,gx-no-cache=1520357957157 HTTP/1.1" 200 30
186.103.159.189 - - [06/Mar/2018:14:40:04 -0300] "GET /cormun/servlet/solicitudot?25a11c60b84d9e71f3e80d6a893f64c6644e2214b859d5cdbf489930febb56df,gx-no-cache=1520357957258 HTTP/1.1" 200 53
186.103.159.189 - - [06/Mar/2018:14:40:04 -0300] "POST /cormun/servlet/solicitudot?gx-no-cache=1520357957373 HTTP/1.1" 200 297
186.103.159.189 - - [06/Mar/2018:14:40:04 -0300] "GET /cormun/servlet/solicitudot?25a11c60b84d9e71f3e80d6a893f64c65f3150cea84e919e89f9db55b07b151813f54b8e3ecf4402c60693c2be62b299a4e1126f202c076017579c21fd9972ea7e9afc1831dc3749a6e6aeed39cc9b3c52b949ed4b67ce0b525cfb492caa9602bd5ff54d72190cc01ae49a459f5676a4f7d22a61751a8136e353fd387e408e4020edfb1a5df23c7535e25896915c64916e5e387f2f6b201895dc49e504e6af6b2eb7f417bfd4d28249d9db143fdc99772dac7435818932cf4abfc79a27e441d7a01a00b249e2304072ac1b53a4c699a87c06b803d0cfc4e25b9e9e7b6c504fd986a05333db95463c86c3279b528a9e662fe3f57a0077efd749f97045a62b8156d19ddc2da930831560e0072a355295d77fe5126154d1a904987a73ed5c0f945b83d63ca5a14172300148e2abc5447493f0e7f5ed7b27f7aea58df80e5c0c529e89a1e700810745c535bed2f09c5ebd55db3dc1cc722e03f420d87a2790090d253cd7f20fd2bff64800642578e868858a8629975bdc858faa8eec3bc67cad9a86b6c7ae7450121834a2685aed1ac48230,gx-no-cache=1520357957491 HTTP/1.1" 200 30
192.168.10.56 - - [06/Mar/2018:14:40:07 -0300] "GET /cormun/servlet/solicitudgral?UPD,2018,9980, HTTP/1.1" 200 12892
192.168.10.56 - - [06/Mar/2018:14:40:07 -0300] "GET /cormun/servlet/solicitudgral?UPD,2018,9980, HTTP/1.1" 200 12899
192.168.10.56 - - [06/Mar/2018:14:40:07 -0300] "POST /cormun/servlet/solicitudgral?gx-no-cache=1520357847109 HTTP/1.1" 200 3899
192.168.10.56 - - [06/Mar/2018:14:40:08 -0300] "GET /cormun/servlet/solicitudgral?0b506535971fd04c447ecfa3f3a3f5d973edec523e315fdca611c6b99c6b318be1fb875b26dddae5aacd8214ade30784b0bf6104fb4001037373a54c9dcdea22863bbdbad20ab2fb1bbebb01bec90dd1b075406db73de21974b064e3cd625dea3a9c22b44ad98e5e21f9a34e93b77cbf8aca39f7b1f02842b5ec45bd60a011f847ae016f356525f1a7835dc333e6915a5281cfebfa5c3f607091999317490375232585a0560887de3d68285bc081c4fe29e78cdb718f1d8d5e7a37ca3f4ce15c2c8d3c9bcc1fcff503b2cd52e7ed17131b17a0a43d3a37b18ba47c0445111b2af2054a81b714c50fbdbf8816e94fea493e012b9c75c5422d26686caa91297845c70add2d6805afaaa9e6ee7b52de334c6b5872d7e1ef01ec8fe37d2e572a336657d1c3fabaade25c45308d5955edd76adfcacb435a9e82758c5d9450768146c90661901fdb937fe67cbcf3e96816c93a,gx-no-cache=1520357847239 HTTP/1.1" 200 255
192.168.10.56 - - [06/Mar/2018:14:40:10 -0300] "GET /cormun/servlet/solicitudgral?0b506535971fd04c447ecfa3f3a3f5d999317d791205c1364faafafa26607bf3ea60f5c5c8b59d0af12753506e3fbbddc70add2d6805afaaa9e6ee7b52de334c34a744ca2a247ed5d93ebd1cdb4c64e63980ea40fe65f9a19541882e96fc11a6afbfef8863ddba5abe0c19c0f367eb3ac74da38edb48646cabd7b8465f12c7d11d1f436d210e946b5faf7ee71b0f8cc2b1dc4dc546fa9fb48e7e136e6e11933720b5910982d30b17856a7c9d2cf31815973290c832f23b1a619ea2546dac6eebd6ab2bbe971406237ec3d62b814d8cb09c0d460d53bfadb4ca852c9e055c9b787727c881f8ffd4495a733e2df833b9366a7412a3d3c9f0b387a6a880efa6e6ddaf4b7d00a192271b61d41282e2a9d2e73586a999e095c8b27d1490116338d5852de7c8fc2d9eac85c7357cb147e9f7984dc9b1fac92d3b10277aa530100015e836c2d5ad4cd4215662059e28ea8c06e7ce1665e641a59ddabb94dd5181b016e3af4b7d00a192271b61d41282e2a9d2e7ea08fc0c3afcd549e0a00ac8d9ae72bf18fd2c6a042c31a527352a842901cfd81934cd7ff03663785a08b80bcf07b639e34058677ed0f7db038b68e2d3983d34,gx-no-cache=1520357849383 HTTP/1.1" 200 48
192.168.10.56 - - [06/Mar/2018:14:40:10 -0300] "POST /cormun/servlet/solicitudgral?c858268f9d090802262e6121baa99871,UPD,2018,9980,,gx-no-cache=1520357849417 HTTP/1.1" 200 11807
192.168.10.56 - - [06/Mar/2018:14:40:10 -0300] "GET /cormun/servlet/solicitudgral?0b506535971fd04c447ecfa3f3a3f5d92ac338d9733e49d94de576ed550d8d1b1ca5ec6c4092007e2ec71fbc93caa2f7cd478703062747c09430c6657875170ef6440304946c703729d708bc6b19ccc571a5731f1cb1ff0da07d000844329b060bcddf2619ef6adeea3df09caf7e042e12e1cc34fd5146fea8ee36e4867bdfd07a5090adb802d8e8269a0c65cf82715f786701328b4984bf8dad6acd9ad59949,gx-no-cache=1520357849584 HTTP/1.1" 200 29
192.168.10.56 - - [06/Mar/2018:14:40:10 -0300] "POST /cormun/servlet/solicitudgral?gx-no-cache=1520357849599 HTTP/1.1" 200 1296
192.168.10.56 - - [06/Mar/2018:14:40:10 -0300] "POST /cormun/servlet/solicitudgral?gx-no-cache=1520357849630 HTTP/1.1" 200 1219
186.103.158.250 - - [06/Mar/2018:14:40:11 -0300] "GET /cormun/servlet/solicitudot?c05c57fc898dc32e89ec4ea6100f6a22a5e298526b385727d1407857b8b4a39b2b61ff2704f37c7df13c5c9e2f0c49ff,gx-no-cache=1520357962292 HTTP/1.1" 200 51
186.103.159.189 - - [06/Mar/2018:14:40:17 -0300] "POST /cormun/servlet/solicitudot?gx-no-cache=1520357970157 HTTP/1.1" 200 30
192.168.10.56 - - [06/Mar/2018:14:40:17 -0300] "POST /cormun/servlet/solicitudgral?c858268f9d090802262e6121baa99871,UPD,2018,9980,,gx-no-cache=1520357857063 HTTP/1.1" 200 93
192.168.10.56 - - [06/Mar/2018:14:40:18 -0300] "GET /cormun/servlet/hpexe_return? HTTP/1.1" 200 1018
192.168.10.56 - - [06/Mar/2018:14:40:18 -0300] "GET /cormun/servlet/trsolicitudgral? HTTP/1.1" 200 14335
192.168.10.56 - - [06/Mar/2018:14:40:18 -0300] "GET /cormun/servlet/trsolicitudgral? HTTP/1.1" 200 14331
186.103.158.250 - - [06/Mar/2018:14:40:20 -0300] "POST /cormun/servlet/solicitudot?256ef51633c6977d07e787c9b56561e7,INS,0,0,,gx-no-cache=1520357970257 HTTP/1.1" 200 11734
186.103.158.250 - - [06/Mar/2018:14:40:20 -0300] "GET /cormun/static/Shared/jqueryui/images/ui-bg_flat_55_fafafa_40x100.png HTTP/1.1" 404 1097
186.103.158.250 - - [06/Mar/2018:14:40:20 -0300] "GET /cormun/static/Shared/jqueryui/images/ui-icons_8d78a5_256x240.png HTTP/1.1" 404 1089
186.103.159.189 - - [06/Mar/2018:14:40:22 -0300] "GET /cormun/servlet/prcontratosol?18104320,,,,,MD,,gxPopupLevel%3D0%3B HTTP/1.1" 200 7675
192.168.10.56 - - [06/Mar/2018:14:40:30 -0300] "POST /cormun/servlet/trsolicitudgral?c858268f9d090802262e6121baa99871,,gx-no-cache=1520357869939 HTTP/1.1" 200 10939
192.168.10.56 - - [06/Mar/2018:14:40:31 -0300] "GET /cormun/static/Shared/jqueryui/images/ui-bg_highlight-soft_100_c6c2c8_1x100.png HTTP/1.1" 404 1117
192.168.10.56 - - [06/Mar/2018:14:40:31 -0300] "GET /cormun/static/Shared/jqueryui/images/ui-icons_82798d_256x240.png HTTP/1.1" 404 1089
192.168.10.56 - - [06/Mar/2018:14:40:31 -0300] "GET /cormun/static/Shared/jqueryui/images/ui-icons_8d78a5_256x240.png HTTP/1.1" 404 1089
192.168.10.56 - - [06/Mar/2018:14:40:31 -0300] "GET /cormun/static/Shared/jqueryui/images/ui-bg_flat_55_fafafa_40x100.png HTTP/1.1" 404 1097
186.103.159.189 - - [06/Mar/2018:14:40:31 -0300] "POST /cormun/servlet/solicitudot?gx-no-cache=1520357984293 HTTP/1.1" 200 1337
186.103.159.189 - - [06/Mar/2018:14:40:31 -0300] "POST /cormun/servlet/solicitudot?gx-no-cache=1520357984391 HTTP/1.1" 200 38
186.103.159.189 - - [06/Mar/2018:14:40:31 -0300] "GET /cormun/servlet/solicitudot?25a11c60b84d9e71f3e80d6a893f64c6efb1424b13203f3a2ab60b8399426b02ccf5f9204b66681b7c1ee08a00c2d2030545c9a7e2f976f20622f1b3161583e09f58d94b063280f8db457e14edc529c80285815f828a83b2148b93073148d8cb1434f19fb1ea1854c0625bb5c48482d7,gx-no-cache=1520357984438 HTTP/1.1" 200 29
186.103.159.189 - - [06/Mar/2018:14:40:31 -0300] "POST /cormun/servlet/solicitudot?gx-no-cache=1520357984493 HTTP/1.1" 200 1320
186.103.159.189 - - [06/Mar/2018:14:40:31 -0300] "POST /cormun/servlet/solicitudot?gx-no-cache=1520357984588 HTTP/1.1" 200 1220
186.103.159.189 - - [06/Mar/2018:14:40:31 -0300] "GET /cormun/servlet/solicitudot?25a11c60b84d9e71f3e80d6a893f64c62160b42f805a7f0fc2129f291e4e74de5c3f36449d26bee1ac41093ba22eaf12,gx-no-cache=1520357984650 HTTP/1.1" 200 30
186.103.158.250 - - [06/Mar/2018:14:40:38 -0300] "POST /cormun/servlet/solicitudot?gx-no-cache=1520357987999 HTTP/1.1" 200 3371
186.103.158.250 - - [06/Mar/2018:14:40:38 -0300] "POST /cormun/servlet/solicitudot?256ef51633c6977d07e787c9b56561e7,INS,0,0,,gx-no-cache=1520357988689 HTTP/1.1" 200 11768
186.103.158.250 - - [06/Mar/2018:14:40:38 -0300] "GET /cormun/servlet/solicitudot?c05c57fc898dc32e89ec4ea6100f6a220e38fa2fe93af83b75cc6305c39dad4c2cb7ca029ba30438ea68e6e2206d11a4,gx-no-cache=1520357989078 HTTP/1.1" 200 30
186.103.158.250 - - [06/Mar/2018:14:40:38 -0300] "GET /cormun/servlet/solicitudot?c05c57fc898dc32e89ec4ea6100f6a227e806f3f5e5e111adc3c9ea84fbe2570,gx-no-cache=1520357989141 HTTP/1.1" 200 103
186.103.158.250 - - [06/Mar/2018:14:40:38 -0300] "GET /cormun/servlet/solicitudot?c05c57fc898dc32e89ec4ea6100f6a22a5e298526b385727d1407857b8b4a39bd79f21eed7786f5c9b4a4dc4175e25e8631b317b3e415ba893ef461f2f22245c,gx-no-cache=1520357989194 HTTP/1.1" 200 51
192.168.10.56 - - [06/Mar/2018:14:40:40 -0300] "POST /cormun/servlet/trsolicitudgral?c858268f9d090802262e6121baa99871,,gx-no-cache=1520357879900 HTTP/1.1" 200 10501
186.103.158.250 - - [06/Mar/2018:14:40:48 -0300] "POST /cormun/servlet/solicitudot?256ef51633c6977d07e787c9b56561e7,INS,0,0,,gx-no-cache=1520357997696 HTTP/1.1" 200 11830
186.103.159.189 - - [06/Mar/2018:14:40:51 -0300] "POST /cormun/servlet/solicitudot?gx-no-cache=1520358004096 HTTP/1.1" 200 1320
186.103.159.189 - - [06/Mar/2018:14:40:51 -0300] "POST /cormun/servlet/solicitudot?gx-no-cache=1520358004222 HTTP/1.1" 200 1220
186.103.159.189 - - [06/Mar/2018:14:40:51 -0300] "POST /cormun/servlet/solicitudot?gx-no-cache=1520358004356 HTTP/1.1" 200 33
192.168.10.56 - - [06/Mar/2018:14:40:55 -0300] "GET /cormun/servlet/solicitudgral2?UPD,2018,9663, HTTP/1.1" 200 12943
192.168.10.56 - - [06/Mar/2018:14:40:55 -0300] "GET /cormun/servlet/solicitudgral2?UPD,2018,9663, HTTP/1.1" 200 12953
192.168.10.56 - - [06/Mar/2018:14:40:56 -0300] "POST /cormun/servlet/solicitudgral2?gx-no-cache=1520357895185 HTTP/1.1" 200 3961
192.168.10.56 - - [06/Mar/2018:14:40:56 -0300] "GET /cormun/static/Shared/jqueryui/images/ui-bg_highlight-soft_100_c6c2c8_1x100.png HTTP/1.1" 404 1117
192.168.10.56 - - [06/Mar/2018:14:40:56 -0300] "GET /cormun/static/Shared/jqueryui/images/ui-icons_82798d_256x240.png HTTP/1.1" 404 1089
192.168.10.56 - - [06/Mar/2018:14:40:56 -0300] "GET /cormun/static/Shared/jqueryui/images/ui-icons_ebccce_256x240.png HTTP/1.1" 404 1089
192.168.10.56 - - [06/Mar/2018:14:40:56 -0300] "GET /cormun/static/Shared/jqueryui/images/ui-bg_flat_55_994d53_40x100.png HTTP/1.1" 404 1097
192.168.10.56 - - [06/Mar/2018:14:40:56 -0300] "GET /cormun/servlet/solicitudgral2?0b506535971fd04c447ecfa3f3a3f5d973edec523e315fdca611c6b99c6b318be1fb875b26dddae5aacd8214ade30784b0bf6104fb4001037373a54c9dcdea22863bbdbad20ab2fb1bbebb01bec90dd1b075406db73de21974b064e3cd625dea3a9c22b44ad98e5e21f9a34e93b77cbf8aca39f7b1f02842b5ec45bd60a011f847ae016f356525f1a7835dc333e6915a5281cfebfa5c3f607091999317490375232585a0560887de3d68285bc081c4fe29e78cdb718f1d8d5e7a37ca3f4ce15c2c8d3c9bcc1fcff503b2cd52e7ed17131b17a0a43d3a37b18ba47c0445111b2af2054a81b714c50fbdbf8816e94fea493e012b9c75c5422d26686caa91297845c70add2d6805afaaa9e6ee7b52de334c6b5872d7e1ef01ec8fe37d2e572a336657d1c3fabaade25c45308d5955edd76adfcacb435a9e82758c5d9450768146c90661901fdb937fe67cbcf3e96816c93a,gx-no-cache=1520357895311 HTTP/1.1" 200 255
192.168.10.56 - - [06/Mar/2018:14:40:56 -0300] "POST /cormun/servlet/solicitudgral2?gx-no-cache=1520357895337 HTTP/1.1" 200 1399
192.168.10.56 - - [06/Mar/2018:14:40:56 -0300] "GET /cormun/servlet/solicitudgral2?0b506535971fd04c447ecfa3f3a3f5d94870fab02de307cdd20d9b42c19dcf3c8e9b066dfd2319a4b73f043ab17f779260fb8eed06f7faaa3c2aacee2432c8191f17cde367a569b134484eeba1189a885c0a0153dd24ae55ceb06cd9702ee165694a8056e08f081838f723e279f3edc5,gx-no-cache=1520357895379 HTTP/1.1" 200 41
192.168.10.56 - - [06/Mar/2018:14:40:57 -0300] "POST /cormun/servlet/solicitudgral2?c858268f9d090802262e6121baa99871,UPD,2018,9663,,gx-no-cache=1520357896618 HTTP/1.1" 200 11816
192.168.10.56 - - [06/Mar/2018:14:40:57 -0300] "GET /cormun/servlet/solicitudgral2?0b506535971fd04c447ecfa3f3a3f5d92ac338d9733e49d94de576ed550d8d1b1ca5ec6c4092007e2ec71fbc93caa2f7cd478703062747c09430c6657875170ef6440304946c703729d708bc6b19ccc571a5731f1cb1ff0da07d000844329b060bcddf2619ef6adeea3df09caf7e042e12e1cc34fd5146fea8ee36e4867bdfd07a5090adb802d8e8269a0c65cf82715f786701328b4984bf8dad6acd9ad59949,gx-no-cache=1520357896790 HTTP/1.1" 200 29
192.168.10.56 - - [06/Mar/2018:14:40:57 -0300] "POST /cormun/servlet/solicitudgral2?gx-no-cache=1520357896804 HTTP/1.1" 200 1296
192.168.10.56 - - [06/Mar/2018:14:40:57 -0300] "POST /cormun/servlet/solicitudgral2?gx-no-cache=1520357896830 HTTP/1.1" 200 1219
192.168.10.56 - - [06/Mar/2018:14:41:02 -0300] "GET /cormun/servlet/solicitudgral2?0b506535971fd04c447ecfa3f3a3f5d96597036965b6733108bb3916fdd131fb61324d6dc226e74e83c55fc45bfe0044e41865918ee8b363db7c0555deaea23724cf91dae298d757134d06439c9324bb2a1c97a4c4e220fb3a36aeaf05ccc514c7e10699b5359b4594f173e78cb6eb471f28b4964197ca5f2d6c3ff8a2b6295a,gx-no-cache=1520357901411 HTTP/1.1" 200 30
192.168.10.56 - - [06/Mar/2018:14:41:02 -0300] "POST /cormun/servlet/solicitudgral2?c858268f9d090802262e6121baa99871,UPD,2018,9663,,gx-no-cache=1520357901427 HTTP/1.1" 200 12011
186.103.158.250 - - [06/Mar/2018:14:41:02 -0300] "GET /cormun/servlet/solicitudot?c05c57fc898dc32e89ec4ea6100f6a220e38fa2fe93af83b75cc6305c39dad4c2cb7ca029ba30438ea68e6e2206d11a4,gx-no-cache=1520358013152 HTTP/1.1" 200 30
186.103.158.250 - - [06/Mar/2018:14:41:02 -0300] "GET /cormun/servlet/solicitudot?c05c57fc898dc32e89ec4ea6100f6a227e806f3f5e5e111adc3c9ea84fbe2570,gx-no-cache=1520358013241 HTTP/1.1" 200 103
186.103.158.250 - - [06/Mar/2018:14:41:02 -0300] "GET /cormun/servlet/solicitudot?c05c57fc898dc32e89ec4ea6100f6a22a5e298526b385727d1407857b8b4a39bd79f21eed7786f5c9b4a4dc4175e25e8631b317b3e415ba893ef461f2f22245c,gx-no-cache=1520358013346 HTTP/1.1" 200 51
186.103.158.250 - - [06/Mar/2018:14:41:03 -0300] "POST /cormun/servlet/solicitudot?gx-no-cache=1520358013415 HTTP/1.1" 200 256
186.103.158.250 - - [06/Mar/2018:14:41:03 -0300] "GET /cormun/servlet/solicitudot?c05c57fc898dc32e89ec4ea6100f6a2206d0bad22ad99afb24fa40367a3e4110b42df3b0841ae14315bd21f1ac5d44a9688302fcf092bf9c8cd63f2497b4e55cd4c5e475c42c693d08088d5f19bf5bb7a419b88a49561616ed943f5bb2654c96568bec33b6a3149a9796f419b4b726c882a3d3170c8436a3e41ef67e80f7dd91d7a47ea3007ec8d5a9024429fa5ae7933eeca844661097344b8f319a625f42e871a12c15029bcb6dc8cb012d0e69c964a93705f66a87a1e7ea13519492b6741a3358ed71584d5978130192c6775bd3faa4a42fa8cc39b98b1cc985fb716dadc64a039b82204a2f3e6d598e8cc8a03f1b8eb9b967d53e4bb93dd806a8cf0a4d93c464e53ceaa73a394ed62a5e3e57997378173eb2a3f87ca80181f17661aad2d4c41eb0b6aec08f12d192ecb58dd2ea4ac6bd6aa4c00699ecf46accdf39a7e2740f089224047c905c6aafe0b91ce0cac83399cbe7412e521304a8ebf50b36a4cbde69696de94ca87b4b7f5cdabffd620a4264d887077c408051421c2f97a5ae36,gx-no-cache=1520358013509 HTTP/1.1" 200 30
186.103.158.250 - - [06/Mar/2018:14:41:03 -0300] "POST /cormun/servlet/solicitudot?gx-no-cache=1520358013584 HTTP/1.1" 200 30
186.103.158.250 - - [06/Mar/2018:14:41:03 -0300] "POST /cormun/servlet/solicitudot?gx-no-cache=1520358013694 HTTP/1.1" 200 1337
186.103.158.250 - - [06/Mar/2018:14:41:03 -0300] "POST /cormun/servlet/solicitudot?gx-no-cache=1520358013887 HTTP/1.1" 200 38
192.168.10.56 - - [06/Mar/2018:14:41:05 -0300] "POST /cormun/servlet/solicitudgral2?c858268f9d090802262e6121baa99871,UPD,2018,9663,,gx-no-cache=1520357904276 HTTP/1.1" 200 93
192.168.10.56 - - [06/Mar/2018:14:41:05 -0300] "GET /cormun/servlet/hpexe_return? HTTP/1.1" 200 1019
192.168.10.56 - - [06/Mar/2018:14:41:05 -0300] "GET /cormun/servlet/trsolicitudgral? HTTP/1.1" 200 13468
192.168.10.56 - - [06/Mar/2018:14:41:05 -0300] "GET /cormun/servlet/trsolicitudgral? HTTP/1.1" 200 13464
186.103.159.189 - - [06/Mar/2018:14:41:13 -0300] "POST /cormun/servlet/solicitudot?42c27940707a0db0be76b94a28b81274,INS,0,0,,gx-no-cache=1520358026170 HTTP/1.1" 200 93
186.103.159.189 - - [06/Mar/2018:14:41:13 -0300] "GET /cormun/servlet/hpexe_return? HTTP/1.1" 200 1028
186.103.159.189 - - [06/Mar/2018:14:41:13 -0300] "GET /cormun/servlet/trsolicitudot?gx-no-cache=1520357825725 HTTP/1.1" 200 8561
186.103.159.189 - - [06/Mar/2018:14:41:15 -0300] "GET /cormun/servlet/trsolicitudot?gx-no-cache=1520357825725 HTTP/1.1" 200 8579
186.103.158.250 - - [06/Mar/2018:14:41:18 -0300] "GET /cormun/servlet/solicitudot?c05c57fc898dc32e89ec4ea6100f6a22370a01fd331fec8b724cac3a907de3d0fb8d4546cfef7674faa301d538460328393f054603bdf7b8e36820848f8e1beaaebebbdd5a8b418a6d33f7304ba9a3f0e2c53ee99040ef2ea00b1e1f7395b3a4473f9d6ba9466a46375559c56b167270eb1df3f0b54e4736678b5aee9930b67325f4a656f9e05350102b006e1e571cae497a17f010f573d3a42ddb8aed43b241,gx-no-cache=1520358029117 HTTP/1.1" 200 29
186.103.158.250 - - [06/Mar/2018:14:41:18 -0300] "POST /cormun/servlet/solicitudot?gx-no-cache=1520358029197 HTTP/1.1" 200 1318
186.103.158.250 - - [06/Mar/2018:14:41:18 -0300] "POST /cormun/servlet/solicitudot?gx-no-cache=1520358029298 HTTP/1.1" 200 1219
186.103.158.250 - - [06/Mar/2018:14:41:18 -0300] "GET /cormun/static/menuarrow.gif HTTP/1.1" 404 1015
186.103.158.250 - - [06/Mar/2018:14:41:20 -0300] "POST /cormun/servlet/solicitudot?gx-no-cache=1520358030774 HTTP/1.1" 200 1318
186.103.158.250 - - [06/Mar/2018:14:41:20 -0300] "POST /cormun/servlet/solicitudot?gx-no-cache=1520358030836 HTTP/1.1" 200 1219
186.103.158.250 - - [06/Mar/2018:14:41:21 -0300] "GET /cormun/servlet/solicitudot?c05c57fc898dc32e89ec4ea6100f6a22cad653bb483d8767d8357c9170059d572371f7fc725f67e78f33e820c391a10f,gx-no-cache=1520358032185 HTTP/1.1" 200 30
186.103.158.250 - - [06/Mar/2018:14:41:28 -0300] "POST /cormun/servlet/solicitudot?gx-no-cache=1520358038871 HTTP/1.1" 200 33
186.103.158.250 - - [06/Mar/2018:14:41:40 -0300] "POST /cormun/servlet/solicitudot?256ef51633c6977d07e787c9b56561e7,INS,0,0,,gx-no-cache=1520358050855 HTTP/1.1" 200 12133
186.103.159.189 - - [06/Mar/2018:14:41:59 -0300] "POST /cormun/servlet/trsolicitudot?42c27940707a0db0be76b94a28b81274,gx-no-cache=1520357825725,gx-no-cache=1520358071932 HTTP/1.1" 200 4486
186.103.159.189 - - [06/Mar/2018:14:41:59 -0300] "GET /cormun/static/Shared/jqueryui/images/ui-bg_highlight-soft_100_c6c2c8_1x100.png HTTP/1.1" 404 1117
186.103.159.189 - - [06/Mar/2018:14:41:59 -0300] "GET /cormun/static/Shared/jqueryui/images/ui-icons_82798d_256x240.png HTTP/1.1" 404 1089
186.103.159.189 - - [06/Mar/2018:14:41:59 -0300] "GET /cormun/static/Shared/jqueryui/images/ui-bg_flat_55_fafafa_40x100.png HTTP/1.1" 404 1097
186.103.159.189 - - [06/Mar/2018:14:41:59 -0300] "GET /cormun/static/Shared/jqueryui/images/ui-icons_8d78a5_256x240.png HTTP/1.1" 404 1089
186.103.159.189 - - [06/Mar/2018:14:41:59 -0300] "POST /cormun/servlet/trsolicitudot?42c27940707a0db0be76b94a28b81274,gx-no-cache=1520357825725,gx-no-cache=1520358072284 HTTP/1.1" 200 4255
186.103.158.250 - - [06/Mar/2018:14:42:06 -0300] "GET /cormun/servlet/solicitudot?c05c57fc898dc32e89ec4ea6100f6a2223ffeb0d1573522aa5f7cc49ab42e13a5d9bbf6e6a8460a4f63101d34822154860d8cce14b8ab12c4e6c88de94fc8b40,gx-no-cache=1520358076284 HTTP/1.1" 200 30
186.103.158.250 - - [06/Mar/2018:14:42:06 -0300] "POST /cormun/servlet/solicitudot?gx-no-cache=1520358076555 HTTP/1.1" 200 256
186.103.158.250 - - [06/Mar/2018:14:42:06 -0300] "GET /cormun/servlet/solicitudot?c05c57fc898dc32e89ec4ea6100f6a2206d0bad22ad99afb24fa40367a3e4110b42df3b0841ae14315bd21f1ac5d44a9688302fcf092bf9c8cd63f2497b4e55cd4c5e475c42c693d08088d5f19bf5bb7a419b88a49561616ed943f5bb2654c96568bec33b6a3149a9796f419b4b726c882a3d3170c8436a3e41ef67e80f7dd91d7a47ea3007ec8d5a9024429fa5ae7933eeca844661097344b8f319a625f42e871a12c15029bcb6dc8cb012d0e69c964a93705f66a87a1e7ea13519492b6741a3358ed71584d5978130192c6775bd3faa4a42fa8cc39b98b1cc985fb716dadc64a039b82204a2f3e6d598e8cc8a03f1b8eb9b967d53e4bb93dd806a8cf0a4d93c464e53ceaa73a394ed62a5e3e57997378173eb2a3f87ca80181f17661aad2d4c41eb0b6aec08f12d192ecb58dd2ea4ac6bd6aa4c00699ecf46accdf39a7e2740f089224047c905c6aafe0b91ce0cac83399cbe7412e521304a8ebf50b36a4cbde69696de94ca87b4b7f5cdabffd620a4264d887077c408051421c2f97a5ae36,gx-no-cache=1520358076661 HTTP/1.1" 200 30
186.103.158.250 - - [06/Mar/2018:14:42:06 -0300] "POST /cormun/servlet/solicitudot?gx-no-cache=1520358077261 HTTP/1.1" 200 30
186.103.158.250 - - [06/Mar/2018:14:42:07 -0300] "POST /cormun/servlet/solicitudot?gx-no-cache=1520358077359 HTTP/1.1" 200 1336
186.103.158.250 - - [06/Mar/2018:14:42:07 -0300] "POST /cormun/servlet/solicitudot?gx-no-cache=1520358077571 HTTP/1.1" 200 41
186.103.158.250 - - [06/Mar/2018:14:42:07 -0300] "POST /cormun/servlet/solicitudot?gx-no-cache=1520358077651 HTTP/1.1" 200 1318
186.103.158.250 - - [06/Mar/2018:14:42:07 -0300] "POST /cormun/servlet/solicitudot?gx-no-cache=1520358077805 HTTP/1.1" 200 1219
186.103.158.250 - - [06/Mar/2018:14:42:07 -0300] "GET /cormun/servlet/solicitudot?c05c57fc898dc32e89ec4ea6100f6a22cad653bb483d8767d8357c9170059d572371f7fc725f67e78f33e820c391a10f,gx-no-cache=1520358077931 HTTP/1.1" 200 30
186.103.158.250 - - [06/Mar/2018:14:42:07 -0300] "POST /cormun/servlet/solicitudot?gx-no-cache=1520358078005 HTTP/1.1" 200 33
186.103.158.250 - - [06/Mar/2018:14:42:08 -0300] "POST /cormun/servlet/solicitudot?256ef51633c6977d07e787c9b56561e7,INS,0,0,,gx-no-cache=1520358078127 HTTP/1.1" 200 12190
186.103.158.250 - - [06/Mar/2018:14:42:33 -0300] "GET /cormun/servlet/solicitudot?c05c57fc898dc32e89ec4ea6100f6a2223ffeb0d1573522aa5f7cc49ab42e13a5d9bbf6e6a8460a4f63101d34822154860d8cce14b8ab12c4e6c88de94fc8b40,gx-no-cache=1520358104291 HTTP/1.1" 200 30
186.103.158.250 - - [06/Mar/2018:14:42:33 -0300] "POST /cormun/servlet/solicitudot?gx-no-cache=1520358104374 HTTP/1.1" 200 256
186.103.158.250 - - [06/Mar/2018:14:42:34 -0300] "GET /cormun/servlet/solicitudot?c05c57fc898dc32e89ec4ea6100f6a2206d0bad22ad99afb24fa40367a3e4110b42df3b0841ae14315bd21f1ac5d44a9688302fcf092bf9c8cd63f2497b4e55cd4c5e475c42c693d08088d5f19bf5bb7a419b88a49561616ed943f5bb2654c96568bec33b6a3149a9796f419b4b726c882a3d3170c8436a3e41ef67e80f7dd91d7a47ea3007ec8d5a9024429fa5ae7933eeca844661097344b8f319a625f42e871a12c15029bcb6dc8cb012d0e69c964a93705f66a87a1e7ea13519492b6741a3358ed71584d5978130192c6775bd3faa4a42fa8cc39b98b1cc985fb716dadc64a039b82204a2f3e6d598e8cc8a03f1b8eb9b967d53e4bb93dd806a8cf0a4d93c464e53ceaa73a394ed62a5e3e57997378173eb2a3f87ca80181f17661aad2d4c41eb0b6aec08f12d192ecb58dd2ea4ac6bd6aa4c00699ecf46accdf39a7e2740f089224047c905c6aafe0b91ce0cac83399cbe7412e521304a8ebf50b36a4cbde69696de94ca87b4b7f5cdabffd620a4264d887077c408051421c2f97a5ae36,gx-no-cache=1520358104468 HTTP/1.1" 200 30
186.103.158.250 - - [06/Mar/2018:14:42:34 -0300] "POST /cormun/servlet/solicitudot?gx-no-cache=1520358104828 HTTP/1.1" 200 30
186.103.158.250 - - [06/Mar/2018:14:42:34 -0300] "POST /cormun/servlet/solicitudot?gx-no-cache=1520358104909 HTTP/1.1" 200 1336
186.103.158.250 - - [06/Mar/2018:14:42:34 -0300] "POST /cormun/servlet/solicitudot?gx-no-cache=1520358105136 HTTP/1.1" 200 41
186.103.158.250 - - [06/Mar/2018:14:42:34 -0300] "POST /cormun/servlet/solicitudot?gx-no-cache=1520358105247 HTTP/1.1" 200 1318
186.103.158.250 - - [06/Mar/2018:14:42:35 -0300] "POST /cormun/servlet/solicitudot?gx-no-cache=1520358105401 HTTP/1.1" 200 1219
186.103.158.250 - - [06/Mar/2018:14:42:35 -0300] "GET /cormun/servlet/solicitudot?c05c57fc898dc32e89ec4ea6100f6a22cad653bb483d8767d8357c9170059d572371f7fc725f67e78f33e820c391a10f,gx-no-cache=1520358105543 HTTP/1.1" 200 30
186.103.158.250 - - [06/Mar/2018:14:42:35 -0300] "POST /cormun/servlet/solicitudot?gx-no-cache=1520358105615 HTTP/1.1" 200 33
186.103.158.250 - - [06/Mar/2018:14:42:35 -0300] "POST /cormun/servlet/solicitudot?256ef51633c6977d07e787c9b56561e7,INS,0,0,,gx-no-cache=1520358105719 HTTP/1.1" 200 12263
186.103.158.250 - - [06/Mar/2018:14:43:10 -0300] "GET /cormun/servlet/solicitudot?c05c57fc898dc32e89ec4ea6100f6a2223ffeb0d1573522aa5f7cc49ab42e13a5d9bbf6e6a8460a4f63101d34822154860d8cce14b8ab12c4e6c88de94fc8b40,gx-no-cache=1520358140893 HTTP/1.1" 200 30
186.103.158.250 - - [06/Mar/2018:14:43:10 -0300] "POST /cormun/servlet/solicitudot?gx-no-cache=1520358140948 HTTP/1.1" 200 256
186.103.158.250 - - [06/Mar/2018:14:43:10 -0300] "GET /cormun/servlet/solicitudot?c05c57fc898dc32e89ec4ea6100f6a2206d0bad22ad99afb24fa40367a3e4110b42df3b0841ae14315bd21f1ac5d44a9688302fcf092bf9c8cd63f2497b4e55cd4c5e475c42c693d08088d5f19bf5bb7a419b88a49561616ed943f5bb2654c96568bec33b6a3149a9796f419b4b726c882a3d3170c8436a3e41ef67e80f7dd91d7a47ea3007ec8d5a9024429fa5ae7933eeca844661097344b8f319a625f42e871a12c15029bcb6dc8cb012d0e69c964a93705f66a87a1e7ea13519492b6741a3358ed71584d5978130192c6775bd3faa4a42fa8cc39b98b1cc985fb716dadc64a039b82204a2f3e6d598e8cc8a03f1b8eb9b967d53e4bb93dd806a8cf0a4d93c464e53ceaa73a394ed62a5e3e57997378173eb2a3f87ca80181f17661aad2d4c41eb0b6aec08f12d192ecb58dd2ea4ac6bd6aa4c00699ecf46accdf39a7e2740f089224047c905c6aafe0b91ce0cac83399cbe7412e521304a8ebf50b36a4cbde69696de94ca87b4b7f5cdabffd620a4264d887077c408051421c2f97a5ae36,gx-no-cache=1520358141107 HTTP/1.1" 200 30
186.103.158.250 - - [06/Mar/2018:14:43:11 -0300] "POST /cormun/servlet/solicitudot?gx-no-cache=1520358141440 HTTP/1.1" 200 30
186.103.158.250 - - [06/Mar/2018:14:43:11 -0300] "POST /cormun/servlet/solicitudot?gx-no-cache=1520358141498 HTTP/1.1" 200 1336
186.103.158.250 - - [06/Mar/2018:14:43:11 -0300] "POST /cormun/servlet/solicitudot?gx-no-cache=1520358141606 HTTP/1.1" 200 41
186.103.158.250 - - [06/Mar/2018:14:43:11 -0300] "POST /cormun/servlet/solicitudot?gx-no-cache=1520358141658 HTTP/1.1" 200 1318
186.103.158.250 - - [06/Mar/2018:14:43:11 -0300] "POST /cormun/servlet/solicitudot?gx-no-cache=1520358141732 HTTP/1.1" 200 1219
186.103.158.250 - - [06/Mar/2018:14:43:11 -0300] "GET /cormun/servlet/solicitudot?c05c57fc898dc32e89ec4ea6100f6a22cad653bb483d8767d8357c9170059d572371f7fc725f67e78f33e820c391a10f,gx-no-cache=1520358142095 HTTP/1.1" 200 30
186.103.158.250 - - [06/Mar/2018:14:43:11 -0300] "POST /cormun/servlet/solicitudot?gx-no-cache=1520358142136 HTTP/1.1" 200 33
186.103.158.250 - - [06/Mar/2018:14:43:12 -0300] "POST /cormun/servlet/solicitudot?256ef51633c6977d07e787c9b56561e7,INS,0,0,,gx-no-cache=1520358142206 HTTP/1.1" 200 12313
186.103.158.250 - - [06/Mar/2018:14:43:52 -0300] "GET /cormun/servlet/solicitudot?c05c57fc898dc32e89ec4ea6100f6a2223ffeb0d1573522aa5f7cc49ab42e13a5d9bbf6e6a8460a4f63101d34822154860d8cce14b8ab12c4e6c88de94fc8b40,gx-no-cache=1520358183206 HTTP/1.1" 200 30
186.103.158.250 - - [06/Mar/2018:14:43:52 -0300] "POST /cormun/servlet/solicitudot?gx-no-cache=1520358183258 HTTP/1.1" 200 256
186.103.158.250 - - [06/Mar/2018:14:43:52 -0300] "GET /cormun/servlet/solicitudot?c05c57fc898dc32e89ec4ea6100f6a2206d0bad22ad99afb24fa40367a3e4110b42df3b0841ae14315bd21f1ac5d44a9688302fcf092bf9c8cd63f2497b4e55cd4c5e475c42c693d08088d5f19bf5bb7a419b88a49561616ed943f5bb2654c96568bec33b6a3149a9796f419b4b726c882a3d3170c8436a3e41ef67e80f7dd91d7a47ea3007ec8d5a9024429fa5ae7933eeca844661097344b8f319a625f42e871a12c15029bcb6dc8cb012d0e69c964a93705f66a87a1e7ea13519492b6741a3358ed71584d5978130192c6775bd3faa4a42fa8cc39b98b1cc985fb716dadc64a039b82204a2f3e6d598e8cc8a03f1b8eb9b967d53e4bb93dd806a8cf0a4d93c464e53ceaa73a394ed62a5e3e57997378173eb2a3f87ca80181f17661aad2d4c41eb0b6aec08f12d192ecb58dd2ea4ac6bd6aa4c00699ecf46accdf39a7e2740f089224047c905c6aafe0b91ce0cac83399cbe7412e521304a8ebf50b36a4cbde69696de94ca87b4b7f5cdabffd620a4264d887077c408051421c2f97a5ae36,gx-no-cache=1520358183350 HTTP/1.1" 200 30
186.103.158.250 - - [06/Mar/2018:14:43:53 -0300] "POST /cormun/servlet/solicitudot?gx-no-cache=1520358183424 HTTP/1.1" 200 30
186.103.158.250 - - [06/Mar/2018:14:43:53 -0300] "POST /cormun/servlet/solicitudot?gx-no-cache=1520358183513 HTTP/1.1" 200 1336
186.103.158.250 - - [06/Mar/2018:14:43:53 -0300] "POST /cormun/servlet/solicitudot?gx-no-cache=1520358183632 HTTP/1.1" 200 41
186.103.158.250 - - [06/Mar/2018:14:43:53 -0300] "POST /cormun/servlet/solicitudot?gx-no-cache=1520358183721 HTTP/1.1" 200 1318
186.103.158.250 - - [06/Mar/2018:14:43:53 -0300] "POST /cormun/servlet/solicitudot?gx-no-cache=1520358183822 HTTP/1.1" 200 1219
186.103.158.250 - - [06/Mar/2018:14:43:53 -0300] "GET /cormun/servlet/solicitudot?c05c57fc898dc32e89ec4ea6100f6a22cad653bb483d8767d8357c9170059d572371f7fc725f67e78f33e820c391a10f,gx-no-cache=1520358183912 HTTP/1.1" 200 30
186.103.158.250 - - [06/Mar/2018:14:43:53 -0300] "POST /cormun/servlet/solicitudot?gx-no-cache=1520358183992 HTTP/1.1" 200 33
186.103.158.250 - - [06/Mar/2018:14:43:53 -0300] "POST /cormun/servlet/solicitudot?256ef51633c6977d07e787c9b56561e7,INS,0,0,,gx-no-cache=1520358184095 HTTP/1.1" 200 12363
186.103.159.189 - - [06/Mar/2018:14:44:20 -0300] "GET /cormun/servlet/hlogin HTTP/1.1" 200 1718
192.168.10.56 - - [06/Mar/2018:14:44:22 -0300] "GET /cormun/servlet/solicitudgral?UPD,2018,10099, HTTP/1.1" 200 12929
192.168.10.56 - - [06/Mar/2018:14:44:22 -0300] "GET /cormun/servlet/solicitudgral?UPD,2018,10099, HTTP/1.1" 200 12938
192.168.10.56 - - [06/Mar/2018:14:44:23 -0300] "POST /cormun/servlet/solicitudgral?gx-no-cache=1520358102330 HTTP/1.1" 200 3924
192.168.10.56 - - [06/Mar/2018:14:44:23 -0300] "GET /cormun/servlet/solicitudgral?0b506535971fd04c447ecfa3f3a3f5d973edec523e315fdca611c6b99c6b318bc4de5ab42e74a82a57bd57c9c61a84b6b0bf6104fb4001037373a54c9dcdea22863bbdbad20ab2fb1bbebb01bec90dd1b075406db73de21974b064e3cd625dea3a9c22b44ad98e5e21f9a34e93b77cbf8aca39f7b1f02842b5ec45bd60a011f847ae016f356525f1a7835dc333e6915a5281cfebfa5c3f607091999317490375232585a0560887de3d68285bc081c4fe29e78cdb718f1d8d5e7a37ca3f4ce15c2c8d3c9bcc1fcff503b2cd52e7ed17131b17a0a43d3a37b18ba47c0445111b2af2054a81b714c50fbdbf8816e94fea493e012b9c75c5422d26686caa91297845c70add2d6805afaaa9e6ee7b52de334c6b5872d7e1ef01ec8fe37d2e572a336657d1c3fabaade25c45308d5955edd76adfcacb435a9e82758c5d9450768146c90661901fdb937fe67cbcf3e96816c93a,gx-no-cache=1520358102468 HTTP/1.1" 200 297
192.168.10.56 - - [06/Mar/2018:14:44:23 -0300] "GET /cormun/servlet/solicitudgral?0b506535971fd04c447ecfa3f3a3f5d999317d791205c1364faafafa26607bf3ea60f5c5c8b59d0af12753506e3fbbddc70add2d6805afaaa9e6ee7b52de334c34a744ca2a247ed5d93ebd1cdb4c64e63980ea40fe65f9a19541882e96fc11a6afbfef8863ddba5abe0c19c0f367eb3ac74da38edb48646cabd7b8465f12c7d11d1f436d210e946b5faf7ee71b0f8cc2b1dc4dc546fa9fb48e7e136e6e11933720b5910982d30b17856a7c9d2cf31815973290c832f23b1a619ea2546dac6eebd6ab2bbe971406237ec3d62b814d8cb09c0d460d53bfadb4ca852c9e055c9b787727c881f8ffd4495a733e2df833b9366a7412a3d3c9f0b387a6a880efa6e6ddaf4b7d00a192271b61d41282e2a9d2e73586a999e095c8b27d1490116338d5852de7c8fc2d9eac85c7357cb147e9f7984dc9b1fac92d3b10277aa530100015e836c2d5ad4cd4215662059e28ea8c06e7ce1665e641a59ddabb94dd5181b016e3af4b7d00a192271b61d41282e2a9d2e7ea08fc0c3afcd549e0a00ac8d9ae72bf18fd2c6a042c31a527352a842901cfd81934cd7ff03663785a08b80bcf07b639e34058677ed0f7db038b68e2d3983d34,gx-no-cache=1520358102977 HTTP/1.1" 200 48
192.168.10.56 - - [06/Mar/2018:14:44:23 -0300] "POST /cormun/servlet/solicitudgral?c858268f9d090802262e6121baa99871,UPD,2018,10099,,gx-no-cache=1520358103010 HTTP/1.1" 200 11844
192.168.10.56 - - [06/Mar/2018:14:44:23 -0300] "GET /cormun/servlet/solicitudgral?0b506535971fd04c447ecfa3f3a3f5d9b96254e46a3c4bb05c83ab05709ca33a1ca5ec6c4092007e2ec71fbc93caa2f70f5e78f5f01d8daebe1f737535db56ee8ff5a24ae5f1efe0d6251169260c9e6a66fecb8a3b949aaa6945c29cf0077b6378dd9a845f29322cf22e9c04f2cce514,gx-no-cache=1520358103149 HTTP/1.1" 200 29
192.168.10.56 - - [06/Mar/2018:14:44:23 -0300] "POST /cormun/servlet/solicitudgral?gx-no-cache=1520358103163 HTTP/1.1" 200 1296
192.168.10.56 - - [06/Mar/2018:14:44:24 -0300] "POST /cormun/servlet/solicitudgral?gx-no-cache=1520358103195 HTTP/1.1" 200 1218
192.168.10.56 - - [06/Mar/2018:14:44:37 -0300] "POST /cormun/servlet/solicitudgral?c858268f9d090802262e6121baa99871,UPD,2018,10099,,gx-no-cache=1520358116394 HTTP/1.1" 200 93
192.168.10.56 - - [06/Mar/2018:14:44:37 -0300] "GET /cormun/servlet/hpexe_return? HTTP/1.1" 200 1019
192.168.10.56 - - [06/Mar/2018:14:44:37 -0300] "GET /cormun/servlet/trsolicitudgral HTTP/1.1" 200 13507
192.168.10.56 - - [06/Mar/2018:14:44:38 -0300] "GET /cormun/servlet/trsolicitudgral HTTP/1.1" 200 13503
186.103.159.189 - - [06/Mar/2018:14:44:38 -0300] "POST /cormun/servlet/hlogin?42c27940707a0db0be76b94a28b81274,gx-no-cache=1520358231276 HTTP/1.1" 200 90
186.103.159.189 - - [06/Mar/2018:14:44:38 -0300] "GET /cormun/servlet/hpexe_link HTTP/1.1" 200 951
186.103.159.189 - - [06/Mar/2018:14:44:38 -0300] "GET /cormun/servlet/hhome HTTP/1.1" 200 4172
186.103.159.189 - - [06/Mar/2018:14:44:40 -0300] "GET /cormun/servlet/hhome HTTP/1.1" 200 4169
192.168.10.56 - - [06/Mar/2018:14:44:49 -0300] "GET /cormun/servlet/solicitudgral?UPD,2018,10098, HTTP/1.1" 200 12928
192.168.10.56 - - [06/Mar/2018:14:44:49 -0300] "GET /cormun/servlet/solicitudgral?UPD,2018,10098, HTTP/1.1" 200 12937
192.168.10.56 - - [06/Mar/2018:14:44:50 -0300] "POST /cormun/servlet/solicitudgral?gx-no-cache=1520358129323 HTTP/1.1" 200 3924
192.168.10.56 - - [06/Mar/2018:14:44:50 -0300] "GET /cormun/servlet/solicitudgral?0b506535971fd04c447ecfa3f3a3f5d973edec523e315fdca611c6b99c6b318bc4de5ab42e74a82a57bd57c9c61a84b6b0bf6104fb4001037373a54c9dcdea22863bbdbad20ab2fb1bbebb01bec90dd1b075406db73de21974b064e3cd625dea3a9c22b44ad98e5e21f9a34e93b77cbf8aca39f7b1f02842b5ec45bd60a011f847ae016f356525f1a7835dc333e6915a5281cfebfa5c3f607091999317490375232585a0560887de3d68285bc081c4fe29e78cdb718f1d8d5e7a37ca3f4ce15c2c8d3c9bcc1fcff503b2cd52e7ed17131b17a0a43d3a37b18ba47c0445111b2af2054a81b714c50fbdbf8816e94fea493e012b9c75c5422d26686caa91297845c70add2d6805afaaa9e6ee7b52de334c6b5872d7e1ef01ec8fe37d2e572a336657d1c3fabaade25c45308d5955edd76adfcacb435a9e82758c5d9450768146c90661901fdb937fe67cbcf3e96816c93a,gx-no-cache=1520358129455 HTTP/1.1" 200 297
186.103.159.189 - - [06/Mar/2018:14:44:50 -0300] "GET /cormun/servlet/trautorizarsolicitud? HTTP/1.1" 200 10864
192.168.10.56 - - [06/Mar/2018:14:44:51 -0300] "GET /cormun/servlet/solicitudgral?0b506535971fd04c447ecfa3f3a3f5d999317d791205c1364faafafa26607bf3ea60f5c5c8b59d0af12753506e3fbbddc70add2d6805afaaa9e6ee7b52de334c34a744ca2a247ed5d93ebd1cdb4c64e63980ea40fe65f9a19541882e96fc11a6afbfef8863ddba5abe0c19c0f367eb3ac74da38edb48646cabd7b8465f12c7d11d1f436d210e946b5faf7ee71b0f8cc2b1dc4dc546fa9fb48e7e136e6e11933720b5910982d30b17856a7c9d2cf31815973290c832f23b1a619ea2546dac6eebd6ab2bbe971406237ec3d62b814d8cb09c0d460d53bfadb4ca852c9e055c9b787727c881f8ffd4495a733e2df833b9366a7412a3d3c9f0b387a6a880efa6e6ddaf4b7d00a192271b61d41282e2a9d2e73586a999e095c8b27d1490116338d5852de7c8fc2d9eac85c7357cb147e9f7984dc9b1fac92d3b10277aa530100015e836c2d5ad4cd4215662059e28ea8c06e7ce1665e641a59ddabb94dd5181b016e3af4b7d00a192271b61d41282e2a9d2e7ea08fc0c3afcd549e0a00ac8d9ae72bf18fd2c6a042c31a527352a842901cfd81934cd7ff03663785a08b80bcf07b639e34058677ed0f7db038b68e2d3983d34,gx-no-cache=1520358130312 HTTP/1.1" 200 48
192.168.10.56 - - [06/Mar/2018:14:44:51 -0300] "POST /cormun/servlet/solicitudgral?c858268f9d090802262e6121baa99871,UPD,2018,10098,,gx-no-cache=1520358130345 HTTP/1.1" 200 11843
192.168.10.56 - - [06/Mar/2018:14:44:51 -0300] "GET /cormun/servlet/solicitudgral?0b506535971fd04c447ecfa3f3a3f5d9b96254e46a3c4bb05c83ab05709ca33a1ca5ec6c4092007e2ec71fbc93caa2f70f5e78f5f01d8daebe1f737535db56ee8ff5a24ae5f1efe0d6251169260c9e6a66fecb8a3b949aaa6945c29cf0077b6378dd9a845f29322cf22e9c04f2cce514,gx-no-cache=1520358130487 HTTP/1.1" 200 29
192.168.10.56 - - [06/Mar/2018:14:44:51 -0300] "POST /cormun/servlet/solicitudgral?gx-no-cache=1520358130501 HTTP/1.1" 200 1296
192.168.10.56 - - [06/Mar/2018:14:44:51 -0300] "POST /cormun/servlet/solicitudgral?gx-no-cache=1520358130531 HTTP/1.1" 200 1218
186.103.159.189 - - [06/Mar/2018:14:44:51 -0300] "GET /cormun/servlet/trautorizarsolicitud? HTTP/1.1" 200 10862
186.103.159.189 - - [06/Mar/2018:14:45:08 -0300] "POST /cormun/servlet/trautorizarsolicitud?42c27940707a0db0be76b94a28b81274,,gx-no-cache=1520358261802 HTTP/1.1" 200 6176
192.168.10.56 - - [06/Mar/2018:14:45:11 -0300] "POST /cormun/servlet/solicitudgral?c858268f9d090802262e6121baa99871,UPD,2018,10098,,gx-no-cache=1520358150729 HTTP/1.1" 200 93
192.168.10.56 - - [06/Mar/2018:14:45:11 -0300] "GET /cormun/servlet/hpexe_return? HTTP/1.1" 200 1018
192.168.10.56 - - [06/Mar/2018:14:45:11 -0300] "GET /cormun/servlet/trsolicitudgral HTTP/1.1" 200 13518
192.168.10.56 - - [06/Mar/2018:14:45:12 -0300] "GET /cormun/servlet/trsolicitudgral HTTP/1.1" 200 13514
186.103.159.189 - - [06/Mar/2018:14:45:21 -0300] "POST /cormun/servlet/trautorizarsolicitud?42c27940707a0db0be76b94a28b81274,,gx-no-cache=1520358274034 HTTP/1.1" 200 5784
186.103.159.189 - - [06/Mar/2018:14:45:21 -0300] "GET /cormun/static/Shared/jqueryui/images/ui-bg_highlight-soft_100_c6c2c8_1x100.png HTTP/1.1" 404 1117
186.103.159.189 - - [06/Mar/2018:14:45:21 -0300] "GET /cormun/static/Shared/jqueryui/images/ui-icons_82798d_256x240.png HTTP/1.1" 404 1089
186.103.159.189 - - [06/Mar/2018:14:45:21 -0300] "GET /cormun/static/Shared/jqueryui/images/ui-bg_flat_55_fafafa_40x100.png HTTP/1.1" 404 1097
186.103.159.189 - - [06/Mar/2018:14:45:21 -0300] "GET /cormun/static/Shared/jqueryui/images/ui-icons_8d78a5_256x240.png HTTP/1.1" 404 1089
192.168.10.56 - - [06/Mar/2018:14:45:21 -0300] "POST /cormun/servlet/trsolicitudgral?c858268f9d090802262e6121baa99871,gx-no-cache=1520358160693 HTTP/1.1" 200 9845
186.103.159.189 - - [06/Mar/2018:14:45:21 -0300] "POST /cormun/servlet/trautorizarsolicitud?42c27940707a0db0be76b94a28b81274,,gx-no-cache=1520358274492 HTTP/1.1" 200 5728
192.168.10.56 - - [06/Mar/2018:14:45:21 -0300] "GET /cormun/static/Shared/jqueryui/images/ui-bg_highlight-soft_100_c6c2c8_1x100.png HTTP/1.1" 404 1117
192.168.10.56 - - [06/Mar/2018:14:45:21 -0300] "GET /cormun/static/Shared/jqueryui/images/ui-icons_82798d_256x240.png HTTP/1.1" 404 1089
192.168.10.56 - - [06/Mar/2018:14:45:21 -0300] "GET /cormun/static/Shared/jqueryui/images/ui-icons_8d78a5_256x240.png HTTP/1.1" 404 1089
192.168.10.56 - - [06/Mar/2018:14:45:21 -0300] "GET /cormun/static/Shared/jqueryui/images/ui-bg_flat_55_fafafa_40x100.png HTTP/1.1" 404 1097
186.103.159.189 - - [06/Mar/2018:14:45:24 -0300] "POST /cormun/servlet/trautorizarsolicitud?42c27940707a0db0be76b94a28b81274,,gx-no-cache=1520358277588 HTTP/1.1" 200 4612
186.103.159.189 - - [06/Mar/2018:14:45:24 -0300] "POST /cormun/servlet/trautorizarsolicitud?42c27940707a0db0be76b94a28b81274,,gx-no-cache=1520358277910 HTTP/1.1" 200 4377
186.103.159.189 - - [06/Mar/2018:14:45:30 -0300] "POST /cormun/servlet/trautorizarsolicitud?42c27940707a0db0be76b94a28b81274,,gx-no-cache=1520358283554 HTTP/1.1" 200 8831
186.103.159.189 - - [06/Mar/2018:14:45:46 -0300] "POST /cormun/servlet/trautorizarsolicitud?42c27940707a0db0be76b94a28b81274,,gx-no-cache=1520358299732 HTTP/1.1" 200 4397
186.103.159.189 - - [06/Mar/2018:14:45:50 -0300] "GET /cormun/static/menuarrow.gif HTTP/1.1" 404 1015
186.103.159.189 - - [06/Mar/2018:14:45:58 -0300] "POST /cormun/servlet/trautorizarsolicitud?42c27940707a0db0be76b94a28b81274,,gx-no-cache=1520358311020 HTTP/1.1" 200 4396
186.103.158.250 - - [06/Mar/2018:14:46:08 -0300] "GET /cormun/servlet/solicitudot?c05c57fc898dc32e89ec4ea6100f6a2223ffeb0d1573522aa5f7cc49ab42e13a0b647f223670836d01e1145aa17c43f102b429c0ad9f454212ab741522c90ab3,gx-no-cache=1520358319296 HTTP/1.1" 200 30
186.103.158.250 - - [06/Mar/2018:14:46:08 -0300] "POST /cormun/servlet/solicitudot?gx-no-cache=1520358319354 HTTP/1.1" 200 256
186.103.158.250 - - [06/Mar/2018:14:46:08 -0300] "GET /cormun/servlet/solicitudot?c05c57fc898dc32e89ec4ea6100f6a2206d0bad22ad99afb24fa40367a3e4110b42df3b0841ae14315bd21f1ac5d44a9688302fcf092bf9c8cd63f2497b4e55cd4c5e475c42c693d08088d5f19bf5bb7a419b88a49561616ed943f5bb2654c96568bec33b6a3149a9796f419b4b726c882a3d3170c8436a3e41ef67e80f7dd91d7a47ea3007ec8d5a9024429fa5ae7933eeca844661097344b8f319a625f42e871a12c15029bcb6dc8cb012d0e69c964a93705f66a87a1e7ea13519492b6741a3358ed71584d5978130192c6775bd3faa4a42fa8cc39b98b1cc985fb716dadc64a039b82204a2f3e6d598e8cc8a03f1b8eb9b967d53e4bb93dd806a8cf0a4d93c464e53ceaa73a394ed62a5e3e57997378173eb2a3f87ca80181f17661aad2d4c41eb0b6aec08f12d192ecb58dd2ea4ac6bd6aa4c00699ecf46accdf39a7e2740f089224047c905c6aafe0b91ce0cac83399cbe7412e521304a8ebf50b36a4cbde69696de94ca87b4b7f5cdabffd620a4264d887077c408051421c2f97a5ae36,gx-no-cache=1520358319412 HTTP/1.1" 200 30
186.103.158.250 - - [06/Mar/2018:14:46:09 -0300] "POST /cormun/servlet/solicitudot?gx-no-cache=1520358319461 HTTP/1.1" 200 30
186.103.158.250 - - [06/Mar/2018:14:46:09 -0300] "POST /cormun/servlet/solicitudot?gx-no-cache=1520358319536 HTTP/1.1" 200 1336
186.103.158.250 - - [06/Mar/2018:14:46:09 -0300] "POST /cormun/servlet/solicitudot?gx-no-cache=1520358319648 HTTP/1.1" 200 41
186.103.158.250 - - [06/Mar/2018:14:46:09 -0300] "POST /cormun/servlet/solicitudot?gx-no-cache=1520358319715 HTTP/1.1" 200 1318
186.103.158.250 - - [06/Mar/2018:14:46:09 -0300] "POST /cormun/servlet/solicitudot?gx-no-cache=1520358319793 HTTP/1.1" 200 1219
186.103.158.250 - - [06/Mar/2018:14:46:09 -0300] "GET /cormun/servlet/solicitudot?c05c57fc898dc32e89ec4ea6100f6a22cad653bb483d8767d8357c9170059d572371f7fc725f67e78f33e820c391a10f,gx-no-cache=1520358319850 HTTP/1.1" 200 30
186.103.158.250 - - [06/Mar/2018:14:46:09 -0300] "POST /cormun/servlet/solicitudot?gx-no-cache=1520358319889 HTTP/1.1" 200 33
186.103.158.250 - - [06/Mar/2018:14:46:09 -0300] "POST /cormun/servlet/solicitudot?256ef51633c6977d07e787c9b56561e7,INS,0,0,,gx-no-cache=1520358319958 HTTP/1.1" 200 12396
186.103.159.189 - - [06/Mar/2018:14:46:10 -0300] "POST /cormun/servlet/trautorizarsolicitud?42c27940707a0db0be76b94a28b81274,,gx-no-cache=1520358323196 HTTP/1.1" 200 6227
186.103.159.189 - - [06/Mar/2018:14:46:24 -0300] "POST /cormun/servlet/trautorizarsolicitud?42c27940707a0db0be76b94a28b81274,,gx-no-cache=1520358336851 HTTP/1.1" 200 21494
