192.168.10.62 - - [06/Mar/2018:09:56:59 -0300] "POST /cormun/servlet/vesolicitudgral?acb6e35fbcf2996e87b827730408425c,2018,8542,,,gx-no-cache=1520340858936 HTTP/1.1" 200 12011
192.168.10.62 - - [06/Mar/2018:09:56:59 -0300] "GET /cormun/static/Shared/jqueryui/images/ui-icons_82798d_256x240.png HTTP/1.1" 404 1089
192.168.10.62 - - [06/Mar/2018:09:56:59 -0300] "GET /cormun/static/Shared/jqueryui/images/ui-bg_highlight-soft_100_c6c2c8_1x100.png HTTP/1.1" 404 1117
192.168.10.62 - - [06/Mar/2018:09:56:59 -0300] "GET /cormun/static/Shared/jqueryui/images/ui-icons_8d78a5_256x240.png HTTP/1.1" 404 1089
192.168.10.62 - - [06/Mar/2018:09:56:59 -0300] "GET /cormun/static/Shared/jqueryui/images/ui-bg_flat_55_fafafa_40x100.png HTTP/1.1" 404 1097
192.168.10.62 - - [06/Mar/2018:09:57:00 -0300] "POST /cormun/servlet/vesolicitudgral?acb6e35fbcf2996e87b827730408425c,2018,8542,,,gx-no-cache=1520340859301 HTTP/1.1" 200 11946
192.168.10.62 - - [06/Mar/2018:09:57:40 -0300] "POST /cormun/servlet/vesolicitudgral?acb6e35fbcf2996e87b827730408425c,2018,8542,,,gx-no-cache=1520340899556 HTTP/1.1" 200 93
192.168.10.62 - - [06/Mar/2018:09:57:40 -0300] "GET /cormun/servlet/hpexe_return? HTTP/1.1" 200 1015
192.168.10.62 - - [06/Mar/2018:09:57:41 -0300] "GET /cormun/servlet/trsolicitudgral HTTP/1.1" 200 17625
192.168.10.62 - - [06/Mar/2018:09:57:41 -0300] "GET /cormun/servlet/trsolicitudgral HTTP/1.1" 200 17620
192.168.10.62 - - [06/Mar/2018:09:57:52 -0300] "GET /cormun/servlet/vesolicitudgral?2018,9874,, HTTP/1.1" 200 9032
192.168.10.62 - - [06/Mar/2018:09:57:52 -0300] "GET /cormun/pexe_scrolldiv.js HTTP/1.1" 404 1009
192.168.10.62 - - [06/Mar/2018:09:57:52 -0300] "GET /cormun/pexe_scrolldiv.js HTTP/1.1" 404 1009
192.168.10.62 - - [06/Mar/2018:09:57:52 -0300] "GET /cormun/servlet/vesolicitudgral?2018,9874,, HTTP/1.1" 200 9030
192.168.10.62 - - [06/Mar/2018:09:57:55 -0300] "POST /cormun/servlet/vesolicitudgral?acb6e35fbcf2996e87b827730408425c,2018,9874,,,gx-no-cache=1520340914379 HTTP/1.1" 200 115
192.168.10.62 - - [06/Mar/2018:09:57:55 -0300] "GET /cormun/servlet/solicitudotlog?INS,2018,9874,0,REC, HTTP/1.1" 200 6270
192.168.10.62 - - [06/Mar/2018:09:57:55 -0300] "GET /cormun/servlet/solicitudotlog?INS,2018,9874,0,REC, HTTP/1.1" 200 6264
192.168.10.62 - - [06/Mar/2018:09:57:56 -0300] "GET /cormun/servlet/solicitudotlog?c73647c4846bf3bc340d62352bdf7d5ee267e1609dbb1c200cd0705cc8f21cd378d16c7c68acec3f48995bbc548e59f584ebf4487a21647ab60b1d19dd9b6c00333b170e397a65440f7868d15ded53f03d4cb2857b45a2d90f748a6db7f1089d77626a119946d74996d3f5b503e8378ba78a76d1e6895232eee73ad9a7b7c6cdb970fd36f21709393bd8d41a55bc77132b5f4268b071023541b7da573494f63d,gx-no-cache=1520340915294 HTTP/1.1" 200 94
192.168.10.50 - - [06/Mar/2018:09:58:04 -0300] "POST /cormun/servlet/trsolicitudgral?0a3d557a1eaeaba86cd775f6eea7d209,gx-no-cache=1520339262319,gx-no-cache=1520340923276 HTTP/1.1" 200 7301
192.168.10.62 - - [06/Mar/2018:09:58:05 -0300] "POST /cormun/servlet/solicitudotlog?acb6e35fbcf2996e87b827730408425c,INS,2018,9874,0,REC,,gx-no-cache=1520340924756 HTTP/1.1" 200 93
192.168.10.62 - - [06/Mar/2018:09:58:05 -0300] "GET /cormun/servlet/hpexe_return? HTTP/1.1" 200 1030
192.168.10.62 - - [06/Mar/2018:09:58:05 -0300] "GET /cormun/servlet/vesolicitudgral?2018,9874,, HTTP/1.1" 200 9042
192.168.10.62 - - [06/Mar/2018:09:58:05 -0300] "GET /cormun/pexe_scrolldiv.js HTTP/1.1" 404 1009
192.168.10.62 - - [06/Mar/2018:09:58:05 -0300] "GET /cormun/pexe_scrolldiv.js HTTP/1.1" 404 1009
192.168.10.62 - - [06/Mar/2018:09:58:06 -0300] "GET /cormun/servlet/vesolicitudgral?2018,9874,, HTTP/1.1" 200 9037
192.168.10.62 - - [06/Mar/2018:09:58:08 -0300] "POST /cormun/servlet/vesolicitudgral?acb6e35fbcf2996e87b827730408425c,2018,9874,,,gx-no-cache=1520340927376 HTTP/1.1" 200 93
192.168.10.62 - - [06/Mar/2018:09:58:08 -0300] "GET /cormun/servlet/hpexe_return? HTTP/1.1" 200 1015
192.168.10.62 - - [06/Mar/2018:09:58:08 -0300] "GET /cormun/servlet/trsolicitudgral HTTP/1.1" 200 17380
192.168.10.62 - - [06/Mar/2018:09:58:09 -0300] "GET /cormun/servlet/trsolicitudgral HTTP/1.1" 200 17376
186.103.159.187 - - [06/Mar/2018:09:58:23 -0300] "GET /cormun/static/menuarrow.gif HTTP/1.1" 404 1015
186.103.159.187 - - [06/Mar/2018:09:58:25 -0300] "GET /cormun/servlet/solicitudot?50ff31c530601c075214fd1de0883428ff6b37bf772f256fb5ecdef785ce26260e87e85ba2d163f5e8d7dbd4efe3aec4,gx-no-cache=1520341154333 HTTP/1.1" 200 30
192.168.10.62 - - [06/Mar/2018:09:58:28 -0300] "GET /cormun/servlet/vesolicitudgral?2018,9895,, HTTP/1.1" 200 9063
192.168.10.62 - - [06/Mar/2018:09:58:28 -0300] "GET /cormun/pexe_scrolldiv.js HTTP/1.1" 404 1009
192.168.10.62 - - [06/Mar/2018:09:58:28 -0300] "GET /cormun/pexe_scrolldiv.js HTTP/1.1" 404 1009
192.168.10.62 - - [06/Mar/2018:09:58:28 -0300] "GET /cormun/servlet/vesolicitudgral?2018,9895,, HTTP/1.1" 200 9062
192.168.10.62 - - [06/Mar/2018:09:58:31 -0300] "POST /cormun/servlet/vesolicitudgral?acb6e35fbcf2996e87b827730408425c,2018,9895,,,gx-no-cache=1520340950640 HTTP/1.1" 200 90
192.168.10.62 - - [06/Mar/2018:09:58:31 -0300] "GET /cormun/servlet/hpexe_link HTTP/1.1" 200 969
192.168.10.62 - - [06/Mar/2018:09:58:31 -0300] "GET /cormun/servlet/trsolicitudgral HTTP/1.1" 200 17377
192.168.10.62 - - [06/Mar/2018:09:58:32 -0300] "GET /cormun/servlet/trsolicitudgral HTTP/1.1" 200 17376
192.168.10.50 - - [06/Mar/2018:09:58:33 -0300] "POST /cormun/servlet/trsolicitudgral?0a3d557a1eaeaba86cd775f6eea7d209,gx-no-cache=1520339262319,gx-no-cache=1520340952364 HTTP/1.1" 200 7306
192.168.10.50 - - [06/Mar/2018:09:58:34 -0300] "POST /cormun/servlet/trsolicitudgral?0a3d557a1eaeaba86cd775f6eea7d209,gx-no-cache=1520339262319,gx-no-cache=1520340953643 HTTP/1.1" 200 7306
186.103.159.187 - - [06/Mar/2018:09:58:38 -0300] "POST /cormun/servlet/solicitudot?gx-no-cache=1520341167398 HTTP/1.1" 200 30
192.168.10.62 - - [06/Mar/2018:09:58:39 -0300] "GET /cormun/servlet/vesolicitudgral?2018,9805,, HTTP/1.1" 200 9018
192.168.10.62 - - [06/Mar/2018:09:58:39 -0300] "GET /cormun/pexe_scrolldiv.js HTTP/1.1" 404 1009
192.168.10.62 - - [06/Mar/2018:09:58:39 -0300] "GET /cormun/pexe_scrolldiv.js HTTP/1.1" 404 1009
192.168.10.62 - - [06/Mar/2018:09:58:39 -0300] "GET /cormun/servlet/vesolicitudgral?2018,9805,, HTTP/1.1" 200 9017
192.168.10.62 - - [06/Mar/2018:09:58:41 -0300] "POST /cormun/servlet/vesolicitudgral?acb6e35fbcf2996e87b827730408425c,2018,9805,,,gx-no-cache=1520340960890 HTTP/1.1" 200 107
192.168.10.62 - - [06/Mar/2018:09:58:41 -0300] "GET /cormun/servlet/solicitudgral?UPD,2018,9805, HTTP/1.1" 200 12890
192.168.10.62 - - [06/Mar/2018:09:58:42 -0300] "GET /cormun/servlet/solicitudgral?UPD,2018,9805, HTTP/1.1" 200 12890
192.168.10.62 - - [06/Mar/2018:09:58:42 -0300] "POST /cormun/servlet/solicitudgral?gx-no-cache=1520340961940 HTTP/1.1" 200 3900
192.168.10.62 - - [06/Mar/2018:09:58:42 -0300] "GET /cormun/servlet/solicitudgral?c73647c4846bf3bc340d62352bdf7d5e1443e3c9c5809e5cc6da887e220c760f68da4fc0d9631ed8c36901324b44d8d2859576af192773922e6c0972558464d2dfc54e9a69c97e6f6764c638fc0ea44a7edfc0fb8115c3c65a924be82058c842aa8ff926a9c1469c3ed564c8e95732a108fa2a0af4438a5341714ce1f6697c7c688e2802068a0204651b98aa66b10b7f671a347cc58908e640ecb0882c96ff1ac3641a042eb7d91dae2112edcb44d375ef0b0f7edd2427e16d839b12fcbf53a3eb0a61ce3c9c0d00cf4720116f839776a98501ca2da123a773409f58e60addb089eef6ddc8250cecaf5a832841aa486178d16c7c68acec3f48995bbc548e59f5cf121b339241948eaa347cfe7a0caffe44c7228994e382b2f2a4c482f729704679bd3cb2535f70e2ca1584d36864490b9dc3458ddfdee575be061ebe74a36199b0dd24f1efb200e89fccda18eef2d7e8,gx-no-cache=1520340962069 HTTP/1.1" 200 297
192.168.10.62 - - [06/Mar/2018:09:58:45 -0300] "GET /cormun/servlet/solicitudgral?c73647c4846bf3bc340d62352bdf7d5e30a26038cf5d71f42e9bb24b5bdf103d114e0969aab8295cb6911e27240c6de16c7eb9df276c6f94bd9a57f01462083f3e551208559647910d09fb58a6f838e253ff40aa3cd11e554f895d140e7c0263ae48cde2a1b02aa454e9279113bee7f17389aeae892ab84294f4ab51229253254360c3ace558e9a04a1f5c3319d756f290fccae9b18e779c1eb653a9655c044ac00eaf4f53e89c41e3a3a6640db0656ede29338f0b54ea0f309b5345641794acab2fc428e9f7957a0a885decff8bb984b0dde56683a376cd735f40082af9e70c3bd6b21b93937ee5c05dafc55b806a54939a2d34c3bfeb6a74465a54379c29d58bd4e8fe301f31b97773e78b12451f4300c99cda1f5a75b2d0555c6d9b2ceeed5da55009de6aa0ef53e1cb1aa446e706e8f05dea5714c1a48450f07af2c36712eb2f0a714898e43fa53e8414e20fee016fa1279c1c93e02645f6998c538d1aaa20c6486d8dcd15506c9f6c73a12208964400bd4bba382cdd56ac83d74240b4f233789aacf7fce8e1dada6e9827626f63e6858d3a29d5bf8e2b3817022eb6ff19f289aea8bd2400ba30d47f30438a6571,gx-no-cache=1520340964295 HTTP/1.1" 200 48
192.168.10.62 - - [06/Mar/2018:09:58:47 -0300] "POST /cormun/servlet/solicitudgral?acb6e35fbcf2996e87b827730408425c,UPD,2018,9805,,gx-no-cache=1520340966779 HTTP/1.1" 200 11830
192.168.10.62 - - [06/Mar/2018:09:58:47 -0300] "GET /cormun/servlet/solicitudgral?c73647c4846bf3bc340d62352bdf7d5ed8d2a250f6d1ce0409e27dc7c2cdafe95e025c23b045cecf73828342503fe0bfb323d5c3a050580ac6dfc899a9ee9349ca4bc28280848530b492de9d45bbe0e09a7488721f5df8fd7e330b6a2d86b9e96477b7194d4f3e5ed0195ba693376d86,gx-no-cache=1520340967043 HTTP/1.1" 200 29
192.168.10.62 - - [06/Mar/2018:09:58:47 -0300] "POST /cormun/servlet/solicitudgral?gx-no-cache=1520340967068 HTTP/1.1" 200 1295
192.168.10.62 - - [06/Mar/2018:09:58:47 -0300] "POST /cormun/servlet/solicitudgral?gx-no-cache=1520340967122 HTTP/1.1" 200 1218
192.168.10.62 - - [06/Mar/2018:09:58:48 -0300] "POST /cormun/servlet/solicitudgral?acb6e35fbcf2996e87b827730408425c,UPD,2018,9805,,gx-no-cache=1520340967177 HTTP/1.1" 200 93
192.168.10.62 - - [06/Mar/2018:09:58:48 -0300] "GET /cormun/servlet/hpexe_return? HTTP/1.1" 200 1020
192.168.10.62 - - [06/Mar/2018:09:58:48 -0300] "GET /cormun/servlet/vesolicitudgral?2018,9805,, HTTP/1.1" 200 9018
192.168.10.62 - - [06/Mar/2018:09:58:48 -0300] "GET /cormun/pexe_scrolldiv.js HTTP/1.1" 404 1009
192.168.10.62 - - [06/Mar/2018:09:58:48 -0300] "GET /cormun/pexe_scrolldiv.js HTTP/1.1" 404 1009
192.168.10.62 - - [06/Mar/2018:09:58:48 -0300] "GET /cormun/servlet/vesolicitudgral?2018,9805,, HTTP/1.1" 200 9014
192.168.10.62 - - [06/Mar/2018:09:58:50 -0300] "POST /cormun/servlet/vesolicitudgral?acb6e35fbcf2996e87b827730408425c,2018,9805,,,gx-no-cache=1520340969446 HTTP/1.1" 200 11984
192.168.10.62 - - [06/Mar/2018:09:58:50 -0300] "GET /cormun/static/Shared/jqueryui/images/ui-bg_highlight-soft_100_c6c2c8_1x100.png HTTP/1.1" 404 1117
192.168.10.62 - - [06/Mar/2018:09:58:50 -0300] "GET /cormun/static/Shared/jqueryui/images/ui-icons_82798d_256x240.png HTTP/1.1" 404 1089
192.168.10.62 - - [06/Mar/2018:09:58:50 -0300] "GET /cormun/static/Shared/jqueryui/images/ui-bg_flat_55_fafafa_40x100.png HTTP/1.1" 404 1097
192.168.10.62 - - [06/Mar/2018:09:58:50 -0300] "GET /cormun/static/Shared/jqueryui/images/ui-icons_8d78a5_256x240.png HTTP/1.1" 404 1089
192.168.10.62 - - [06/Mar/2018:09:58:50 -0300] "POST /cormun/servlet/vesolicitudgral?acb6e35fbcf2996e87b827730408425c,2018,9805,,,gx-no-cache=1520340969705 HTTP/1.1" 200 11917
186.103.159.187 - - [06/Mar/2018:09:58:56 -0300] "POST /cormun/servlet/solicitudot?537398ab6e706b6a80e396f5e30349ef,INS,0,0,,gx-no-cache=1520341184996 HTTP/1.1" 200 93
186.103.159.187 - - [06/Mar/2018:09:58:56 -0300] "GET /cormun/servlet/hpexe_return? HTTP/1.1" 200 1003
186.103.159.187 - - [06/Mar/2018:09:58:57 -0300] "GET /cormun/servlet/trsolicitudot HTTP/1.1" 200 8833
186.103.159.187 - - [06/Mar/2018:09:58:58 -0300] "GET /cormun/servlet/trsolicitudot HTTP/1.1" 200 8829
186.103.159.187 - - [06/Mar/2018:09:59:08 -0300] "POST /cormun/servlet/trsolicitudot?537398ab6e706b6a80e396f5e30349ef,gx-no-cache=1520341196472 HTTP/1.1" 200 5697
186.103.159.187 - - [06/Mar/2018:09:59:08 -0300] "GET /cormun/static/Shared/jqueryui/images/ui-bg_highlight-soft_100_c6c2c8_1x100.png HTTP/1.1" 404 1117
186.103.159.187 - - [06/Mar/2018:09:59:08 -0300] "GET /cormun/static/Shared/jqueryui/images/ui-icons_82798d_256x240.png HTTP/1.1" 404 1089
186.103.159.187 - - [06/Mar/2018:09:59:08 -0300] "GET /cormun/static/Shared/jqueryui/images/ui-bg_flat_55_fafafa_40x100.png HTTP/1.1" 404 1097
186.103.159.187 - - [06/Mar/2018:09:59:08 -0300] "GET /cormun/static/Shared/jqueryui/images/ui-icons_8d78a5_256x240.png HTTP/1.1" 404 1089
186.103.159.187 - - [06/Mar/2018:09:59:08 -0300] "POST /cormun/servlet/trsolicitudot?537398ab6e706b6a80e396f5e30349ef,gx-no-cache=1520341197256 HTTP/1.1" 200 5640
186.103.159.187 - - [06/Mar/2018:09:59:11 -0300] "POST /cormun/servlet/trsolicitudot?537398ab6e706b6a80e396f5e30349ef,gx-no-cache=1520341199561 HTTP/1.1" 200 4487
186.103.159.187 - - [06/Mar/2018:09:59:11 -0300] "POST /cormun/servlet/trsolicitudot?537398ab6e706b6a80e396f5e30349ef,gx-no-cache=1520341199813 HTTP/1.1" 200 4255
192.168.10.62 - - [06/Mar/2018:09:59:11 -0300] "POST /cormun/servlet/vesolicitudgral?acb6e35fbcf2996e87b827730408425c,2018,9805,,,gx-no-cache=1520340990621 HTTP/1.1" 200 93
192.168.10.62 - - [06/Mar/2018:09:59:11 -0300] "GET /cormun/servlet/hpexe_return? HTTP/1.1" 200 1014
192.168.10.62 - - [06/Mar/2018:09:59:11 -0300] "GET /cormun/servlet/trsolicitudgral HTTP/1.1" 200 16966
192.168.10.62 - - [06/Mar/2018:09:59:12 -0300] "GET /cormun/servlet/trsolicitudgral HTTP/1.1" 200 16961
186.103.159.187 - - [06/Mar/2018:09:59:14 -0300] "POST /cormun/servlet/trsolicitudot?537398ab6e706b6a80e396f5e30349ef,gx-no-cache=1520341202274 HTTP/1.1" 200 90
186.103.159.187 - - [06/Mar/2018:09:59:14 -0300] "GET /cormun/servlet/hpexe_link HTTP/1.1" 200 951
192.168.10.62 - - [06/Mar/2018:09:59:14 -0300] "GET /cormun/servlet/vesolicitudgral?2018,9877,, HTTP/1.1" 200 9060
192.168.10.62 - - [06/Mar/2018:09:59:14 -0300] "GET /cormun/pexe_scrolldiv.js HTTP/1.1" 404 1009
192.168.10.62 - - [06/Mar/2018:09:59:14 -0300] "GET /cormun/pexe_scrolldiv.js HTTP/1.1" 404 1009
186.103.159.187 - - [06/Mar/2018:09:59:14 -0300] "GET /cormun/servlet/hhome HTTP/1.1" 200 3926
192.168.10.62 - - [06/Mar/2018:09:59:14 -0300] "GET /cormun/servlet/vesolicitudgral?2018,9877,, HTTP/1.1" 200 9058
186.103.159.187 - - [06/Mar/2018:09:59:15 -0300] "GET /cormun/servlet/hhome HTTP/1.1" 200 3923
186.103.159.187 - - [06/Mar/2018:09:59:17 -0300] "GET /cormun/servlet/hlogin HTTP/1.1" 200 1727
192.168.10.62 - - [06/Mar/2018:09:59:17 -0300] "POST /cormun/servlet/vesolicitudgral?acb6e35fbcf2996e87b827730408425c,2018,9877,,,gx-no-cache=1520340996938 HTTP/1.1" 200 115
192.168.10.62 - - [06/Mar/2018:09:59:17 -0300] "GET /cormun/servlet/solicitudotlog?INS,2018,9877,0,REC, HTTP/1.1" 200 6270
192.168.10.62 - - [06/Mar/2018:09:59:18 -0300] "GET /cormun/servlet/solicitudotlog?INS,2018,9877,0,REC, HTTP/1.1" 200 6264
192.168.10.62 - - [06/Mar/2018:09:59:18 -0300] "GET /cormun/servlet/solicitudotlog?c73647c4846bf3bc340d62352bdf7d5e62bef6bf65334c36a5f8b1f21f45119778d16c7c68acec3f48995bbc548e59f584ebf4487a21647ab60b1d19dd9b6c00333b170e397a65440f7868d15ded53f03d4cb2857b45a2d90f748a6db7f1089d77626a119946d74996d3f5b503e8378ba78a76d1e6895232eee73ad9a7b7c6cdb970fd36f21709393bd8d41a55bc77132b5f4268b071023541b7da573494f63d,gx-no-cache=1520340997826 HTTP/1.1" 200 94
192.168.10.62 - - [06/Mar/2018:09:59:23 -0300] "POST /cormun/servlet/solicitudotlog?acb6e35fbcf2996e87b827730408425c,INS,2018,9877,0,REC,,gx-no-cache=1520341002204 HTTP/1.1" 200 93
192.168.10.62 - - [06/Mar/2018:09:59:23 -0300] "GET /cormun/servlet/hpexe_return? HTTP/1.1" 200 1030
192.168.10.62 - - [06/Mar/2018:09:59:23 -0300] "GET /cormun/servlet/vesolicitudgral?2018,9877,, HTTP/1.1" 200 9070
192.168.10.62 - - [06/Mar/2018:09:59:23 -0300] "GET /cormun/pexe_scrolldiv.js HTTP/1.1" 404 1009
192.168.10.62 - - [06/Mar/2018:09:59:23 -0300] "GET /cormun/pexe_scrolldiv.js HTTP/1.1" 404 1009
192.168.10.62 - - [06/Mar/2018:09:59:23 -0300] "GET /cormun/servlet/vesolicitudgral?2018,9877,, HTTP/1.1" 200 9064
186.103.159.187 - - [06/Mar/2018:09:59:27 -0300] "POST /cormun/servlet/hlogin?537398ab6e706b6a80e396f5e30349ef,gx-no-cache=1520341215913 HTTP/1.1" 200 90
192.168.10.62 - - [06/Mar/2018:09:59:27 -0300] "POST /cormun/servlet/vesolicitudgral?acb6e35fbcf2996e87b827730408425c,2018,9877,,,gx-no-cache=1520341006606 HTTP/1.1" 200 93
186.103.159.187 - - [06/Mar/2018:09:59:27 -0300] "GET /cormun/servlet/hpexe_link HTTP/1.1" 200 947
192.168.10.62 - - [06/Mar/2018:09:59:27 -0300] "GET /cormun/servlet/hpexe_return? HTTP/1.1" 200 1014
186.103.159.187 - - [06/Mar/2018:09:59:27 -0300] "GET /cormun/servlet/hhome HTTP/1.1" 200 4140
192.168.10.62 - - [06/Mar/2018:09:59:27 -0300] "GET /cormun/servlet/trsolicitudgral HTTP/1.1" 200 16731
192.168.10.62 - - [06/Mar/2018:09:59:28 -0300] "GET /cormun/servlet/trsolicitudgral HTTP/1.1" 200 16726
186.103.159.187 - - [06/Mar/2018:09:59:28 -0300] "GET /cormun/servlet/hhome HTTP/1.1" 200 4136
186.103.159.187 - - [06/Mar/2018:09:59:38 -0300] "GET /cormun/servlet/trautorizarsolicitud? HTTP/1.1" 200 8930
186.103.159.187 - - [06/Mar/2018:09:59:39 -0300] "GET /cormun/servlet/trautorizarsolicitud? HTTP/1.1" 200 8928
181.73.204.79 - - [06/Mar/2018:09:59:41 -0300] "GET /cormun/servlet/hlogin HTTP/1.1" 200 1725
181.73.204.79 - - [06/Mar/2018:09:59:41 -0300] "GET /cormun/servlet/hlogin HTTP/1.1" 200 1731
186.103.159.187 - - [06/Mar/2018:09:59:49 -0300] "POST /cormun/servlet/trautorizarsolicitud?537398ab6e706b6a80e396f5e30349ef,,gx-no-cache=1520341237541 HTTP/1.1" 200 5802
186.103.159.187 - - [06/Mar/2018:09:59:49 -0300] "GET /cormun/static/Shared/jqueryui/images/ui-bg_highlight-soft_100_c6c2c8_1x100.png HTTP/1.1" 404 1117
186.103.159.187 - - [06/Mar/2018:09:59:49 -0300] "GET /cormun/static/Shared/jqueryui/images/ui-icons_82798d_256x240.png HTTP/1.1" 404 1089
186.103.159.187 - - [06/Mar/2018:09:59:49 -0300] "GET /cormun/static/Shared/jqueryui/images/ui-bg_flat_55_fafafa_40x100.png HTTP/1.1" 404 1097
186.103.159.187 - - [06/Mar/2018:09:59:49 -0300] "GET /cormun/static/Shared/jqueryui/images/ui-icons_8d78a5_256x240.png HTTP/1.1" 404 1089
186.103.159.187 - - [06/Mar/2018:09:59:49 -0300] "POST /cormun/servlet/trautorizarsolicitud?537398ab6e706b6a80e396f5e30349ef,,gx-no-cache=1520341237970 HTTP/1.1" 200 5749
186.103.159.187 - - [06/Mar/2018:09:59:51 -0300] "POST /cormun/servlet/trautorizarsolicitud?537398ab6e706b6a80e396f5e30349ef,,gx-no-cache=1520341239364 HTTP/1.1" 200 4607
186.103.159.187 - - [06/Mar/2018:09:59:51 -0300] "POST /cormun/servlet/trautorizarsolicitud?537398ab6e706b6a80e396f5e30349ef,,gx-no-cache=1520341239936 HTTP/1.1" 200 4372
181.73.204.79 - - [06/Mar/2018:09:59:53 -0300] "POST /cormun/servlet/hlogin?1fb7d706a1117f525cf8975512418cc5,gx-no-cache=1520341146130 HTTP/1.1" 200 90
181.73.204.79 - - [06/Mar/2018:09:59:54 -0300] "GET /cormun/servlet/hpexe_link HTTP/1.1" 200 952
181.73.204.79 - - [06/Mar/2018:09:59:54 -0300] "GET /cormun/servlet/hhome HTTP/1.1" 200 4183
181.73.204.79 - - [06/Mar/2018:09:59:55 -0300] "GET /cormun/servlet/hhome HTTP/1.1" 200 4179
181.73.204.79 - - [06/Mar/2018:09:59:58 -0300] "GET /cormun/servlet/trsolicitudot? HTTP/1.1" 200 7400
181.73.204.79 - - [06/Mar/2018:09:59:59 -0300] "GET /cormun/servlet/trsolicitudot? HTTP/1.1" 200 7399
181.73.204.79 - - [06/Mar/2018:10:00:02 -0300] "GET /cormun/servlet/solicitudot?INS,0,0, HTTP/1.1" 200 13623
181.73.204.79 - - [06/Mar/2018:10:00:03 -0300] "GET /cormun/servlet/solicitudot?INS,0,0, HTTP/1.1" 200 13628
200.120.230.197 - - [06/Mar/2018:10:00:10 -0300] "GET /cormun/servlet/hlogin HTTP/1.1" 200 1725
192.168.10.62 - - [06/Mar/2018:10:00:11 -0300] "GET /cormun/servlet/vesolicitudgral?2018,8548,, HTTP/1.1" 200 9088
200.120.230.197 - - [06/Mar/2018:10:00:11 -0300] "GET /cormun/static/gxcfg.js?20175251213516 HTTP/1.1" 200 953
192.168.10.62 - - [06/Mar/2018:10:00:11 -0300] "GET /cormun/pexe_scrolldiv.js HTTP/1.1" 404 1009
192.168.10.62 - - [06/Mar/2018:10:00:11 -0300] "GET /cormun/pexe_scrolldiv.js HTTP/1.1" 404 1009
200.120.230.197 - - [06/Mar/2018:10:00:11 -0300] "GET /cormun/static/Resources/ComunLogin.png HTTP/1.1" 200 17326
200.120.230.197 - - [06/Mar/2018:10:00:11 -0300] "GET /cormun/static/Resources/PXToolsLoginBottom.png HTTP/1.1" 200 1389
186.79.22.245 - - [06/Mar/2018:10:00:11 -0300] "GET /cormun/static/Resources/PXToolsButtonLeft21.png HTTP/1.1" 200 1287
186.79.22.245 - - [06/Mar/2018:10:00:11 -0300] "GET /cormun/static/Resources/PXToolsButtonRight21.png HTTP/1.1" 200 1283
186.79.22.245 - - [06/Mar/2018:10:00:11 -0300] "GET /cormun/static/Resources/PXToolsButtonBackground2.png HTTP/1.1" 200 1181
192.168.10.62 - - [06/Mar/2018:10:00:11 -0300] "GET /cormun/servlet/vesolicitudgral?2018,8548,, HTTP/1.1" 200 9088
200.120.230.197 - - [06/Mar/2018:10:00:12 -0300] "GET /cormun/static/Resources/PXToolsLoginBackground.png HTTP/1.1" 200 1164
200.120.230.197 - - [06/Mar/2018:10:00:12 -0300] "GET /cormun/static/Resources/PXToolsLoginTop.png HTTP/1.1" 200 1337
192.168.10.62 - - [06/Mar/2018:10:00:15 -0300] "POST /cormun/servlet/vesolicitudgral?acb6e35fbcf2996e87b827730408425c,2018,8548,,,gx-no-cache=1520341055146 HTTP/1.1" 200 106
192.168.10.62 - - [06/Mar/2018:10:00:16 -0300] "GET /cormun/servlet/solicitudgral?UPD,2018,8548, HTTP/1.1" 200 12943
192.168.10.62 - - [06/Mar/2018:10:00:16 -0300] "GET /cormun/servlet/solicitudgral?UPD,2018,8548, HTTP/1.1" 200 12943
192.168.10.62 - - [06/Mar/2018:10:00:16 -0300] "POST /cormun/servlet/solicitudgral?gx-no-cache=1520341056167 HTTP/1.1" 200 3921
192.168.10.62 - - [06/Mar/2018:10:00:17 -0300] "GET /cormun/servlet/solicitudgral?c73647c4846bf3bc340d62352bdf7d5e1443e3c9c5809e5cc6da887e220c760f68da4fc0d9631ed8c36901324b44d8d2859576af192773922e6c0972558464d2dfc54e9a69c97e6f6764c638fc0ea44a7edfc0fb8115c3c65a924be82058c842aa8ff926a9c1469c3ed564c8e95732a108fa2a0af4438a5341714ce1f6697c7c688e2802068a0204651b98aa66b10b7f671a347cc58908e640ecb0882c96ff1ac3641a042eb7d91dae2112edcb44d375ef0b0f7edd2427e16d839b12fcbf53a3eb0a61ce3c9c0d00cf4720116f839776a98501ca2da123a773409f58e60addb089eef6ddc8250cecaf5a832841aa486178d16c7c68acec3f48995bbc548e59f5cf121b339241948eaa347cfe7a0caffe44c7228994e382b2f2a4c482f729704679bd3cb2535f70e2ca1584d36864490b9dc3458ddfdee575be061ebe74a36199b0dd24f1efb200e89fccda18eef2d7e8,gx-no-cache=1520341056321 HTTP/1.1" 200 297
192.168.10.62 - - [06/Mar/2018:10:00:17 -0300] "GET /cormun/servlet/solicitudgral?c73647c4846bf3bc340d62352bdf7d5e30a26038cf5d71f42e9bb24b5bdf103d114e0969aab8295cb6911e27240c6de16c7eb9df276c6f94bd9a57f01462083f3e551208559647910d09fb58a6f838e253ff40aa3cd11e554f895d140e7c0263ae48cde2a1b02aa454e9279113bee7f17389aeae892ab84294f4ab51229253254360c3ace558e9a04a1f5c3319d756f290fccae9b18e779c1eb653a9655c044ac00eaf4f53e89c41e3a3a6640db0656ede29338f0b54ea0f309b5345641794acab2fc428e9f7957a0a885decff8bb984b0dde56683a376cd735f40082af9e70c3bd6b21b93937ee5c05dafc55b806a54939a2d34c3bfeb6a74465a54379c29d58bd4e8fe301f31b97773e78b12451f4300c99cda1f5a75b2d0555c6d9b2ceeed5da55009de6aa0ef53e1cb1aa446e706e8f05dea5714c1a48450f07af2c36712eb2f0a714898e43fa53e8414e20fee016fa1279c1c93e02645f6998c538d1aaa20c6486d8dcd15506c9f6c73a12208964400bd4bba382cdd56ac83d74240b4f233789aacf7fce8e1dada6e9827626f63e6858d3a29d5bf8e2b3817022eb6ff19f289aea8bd2400ba30d47f30438a6571,gx-no-cache=1520341057118 HTTP/1.1" 200 48
192.168.10.62 - - [06/Mar/2018:10:00:20 -0300] "POST /cormun/servlet/solicitudgral?acb6e35fbcf2996e87b827730408425c,UPD,2018,8548,,gx-no-cache=1520341059538 HTTP/1.1" 200 11884
192.168.10.62 - - [06/Mar/2018:10:00:20 -0300] "GET /cormun/servlet/solicitudgral?c73647c4846bf3bc340d62352bdf7d5ed8d2a250f6d1ce0409e27dc7c2cdafe95e025c23b045cecf73828342503fe0bfb323d5c3a050580ac6dfc899a9ee9349ca4bc28280848530b492de9d45bbe0e09a7488721f5df8fd7e330b6a2d86b9e96477b7194d4f3e5ed0195ba693376d86,gx-no-cache=1520341059740 HTTP/1.1" 200 29
192.168.10.62 - - [06/Mar/2018:10:00:20 -0300] "POST /cormun/servlet/solicitudgral?gx-no-cache=1520341059761 HTTP/1.1" 200 1294
192.168.10.62 - - [06/Mar/2018:10:00:20 -0300] "POST /cormun/servlet/solicitudgral?gx-no-cache=1520341059794 HTTP/1.1" 200 1217
192.168.10.62 - - [06/Mar/2018:10:00:20 -0300] "POST /cormun/servlet/solicitudgral?acb6e35fbcf2996e87b827730408425c,UPD,2018,8548,,gx-no-cache=1520341059870 HTTP/1.1" 200 93
192.168.10.62 - - [06/Mar/2018:10:00:20 -0300] "GET /cormun/servlet/hpexe_return? HTTP/1.1" 200 1021
192.168.10.62 - - [06/Mar/2018:10:00:20 -0300] "GET /cormun/servlet/vesolicitudgral?2018,8548,, HTTP/1.1" 200 9088
192.168.10.62 - - [06/Mar/2018:10:00:20 -0300] "GET /cormun/pexe_scrolldiv.js HTTP/1.1" 404 1009
192.168.10.62 - - [06/Mar/2018:10:00:21 -0300] "GET /cormun/pexe_scrolldiv.js HTTP/1.1" 404 1009
200.120.230.197 - - [06/Mar/2018:10:00:21 -0300] "POST /cormun/servlet/hlogin?603d230edc4387e4b4e39b833b60874e,gx-no-cache=1520341172163 HTTP/1.1" 200 90
200.120.230.197 - - [06/Mar/2018:10:00:21 -0300] "GET /cormun/servlet/hpexe_link HTTP/1.1" 200 954
192.168.10.62 - - [06/Mar/2018:10:00:21 -0300] "GET /cormun/servlet/vesolicitudgral?2018,8548,, HTTP/1.1" 200 9084
200.120.230.197 - - [06/Mar/2018:10:00:21 -0300] "GET /cormun/servlet/hhome HTTP/1.1" 200 4234
200.120.230.197 - - [06/Mar/2018:10:00:23 -0300] "GET /cormun/servlet/hhome HTTP/1.1" 200 4230
192.168.10.62 - - [06/Mar/2018:10:00:24 -0300] "POST /cormun/servlet/vesolicitudgral?acb6e35fbcf2996e87b827730408425c,2018,8548,,,gx-no-cache=1520341063672 HTTP/1.1" 200 12019
192.168.10.62 - - [06/Mar/2018:10:00:24 -0300] "GET /cormun/static/Shared/jqueryui/images/ui-bg_highlight-soft_100_c6c2c8_1x100.png HTTP/1.1" 404 1117
192.168.10.62 - - [06/Mar/2018:10:00:24 -0300] "GET /cormun/static/Shared/jqueryui/images/ui-icons_82798d_256x240.png HTTP/1.1" 404 1089
192.168.10.62 - - [06/Mar/2018:10:00:24 -0300] "GET /cormun/static/Shared/jqueryui/images/ui-bg_flat_55_fafafa_40x100.png HTTP/1.1" 404 1097
192.168.10.62 - - [06/Mar/2018:10:00:24 -0300] "GET /cormun/static/Shared/jqueryui/images/ui-icons_8d78a5_256x240.png HTTP/1.1" 404 1089
192.168.10.62 - - [06/Mar/2018:10:00:24 -0300] "POST /cormun/servlet/vesolicitudgral?acb6e35fbcf2996e87b827730408425c,2018,8548,,,gx-no-cache=1520341063893 HTTP/1.1" 200 11954
192.168.10.62 - - [06/Mar/2018:10:00:27 -0300] "POST /cormun/servlet/vesolicitudgral?acb6e35fbcf2996e87b827730408425c,2018,8548,,,gx-no-cache=1520341066532 HTTP/1.1" 200 93
192.168.10.62 - - [06/Mar/2018:10:00:27 -0300] "GET /cormun/servlet/hpexe_return? HTTP/1.1" 200 1015
192.168.10.62 - - [06/Mar/2018:10:00:27 -0300] "GET /cormun/servlet/trsolicitudgral HTTP/1.1" 200 16363
192.168.10.62 - - [06/Mar/2018:10:00:28 -0300] "GET /cormun/servlet/trsolicitudgral HTTP/1.1" 200 16358
200.112.5.172 - - [06/Mar/2018:10:00:31 -0300] "GET /cormun/servlet/hlogin HTTP/1.1" 200 1719
200.112.5.172 - - [06/Mar/2018:10:00:32 -0300] "GET /favicon.ico HTTP/1.1" 200 21630
200.112.5.172 - - [06/Mar/2018:10:00:33 -0300] "POST /cormun/servlet/hlogin?a131324ce58b350c9fe38fba691f5791,gx-no-cache=1520341185745 HTTP/1.1" 200 90
200.112.5.172 - - [06/Mar/2018:10:00:33 -0300] "GET /cormun/servlet/hpexe_link HTTP/1.1" 200 949
200.112.5.172 - - [06/Mar/2018:10:00:33 -0300] "GET /cormun/servlet/hhome HTTP/1.1" 200 3984
200.112.5.172 - - [06/Mar/2018:10:00:34 -0300] "GET /cormun/servlet/hhome HTTP/1.1" 200 3982
200.120.230.197 - - [06/Mar/2018:10:00:35 -0300] "GET /cormun/servlet/trsolicitudot? HTTP/1.1" 200 7449
200.112.5.172 - - [06/Mar/2018:10:00:36 -0300] "GET /cormun/servlet/trsolicitudot? HTTP/1.1" 200 9323
200.112.5.172 - - [06/Mar/2018:10:00:37 -0300] "GET /cormun/servlet/trsolicitudot? HTTP/1.1" 200 9320
200.120.230.197 - - [06/Mar/2018:10:00:37 -0300] "GET /cormun/servlet/trsolicitudot? HTTP/1.1" 200 7448
200.120.230.197 - - [06/Mar/2018:10:00:39 -0300] "GET /cormun/servlet/solicitudot?INS,0,0, HTTP/1.1" 200 13679
200.120.230.197 - - [06/Mar/2018:10:00:41 -0300] "GET /cormun/servlet/solicitudot?INS,0,0, HTTP/1.1" 200 13682
200.112.5.172 - - [06/Mar/2018:10:00:41 -0300] "GET /cormun/servlet/solicitudot?INS,0,0, HTTP/1.1" 200 13448
200.112.5.172 - - [06/Mar/2018:10:00:42 -0300] "GET /cormun/static/gxcfg.js?201812313224582 HTTP/1.1" 304 -
200.112.5.172 - - [06/Mar/2018:10:00:42 -0300] "GET /cormun/static/solicitudot.js?201812313224831 HTTP/1.1" 304 -
200.112.5.172 - - [06/Mar/2018:10:00:42 -0300] "GET /cormun/servlet/solicitudot?INS,0,0, HTTP/1.1" 200 13453
200.112.5.172 - - [06/Mar/2018:10:00:45 -0300] "GET /cormun/servlet/prfichaempleado?,MD,,gxPopupLevel%3D0%3B HTTP/1.1" 200 9339
200.112.5.172 - - [06/Mar/2018:10:00:45 -0300] "GET /cormun/static/gxcfg.js?20177612134814 HTTP/1.1" 304 -
200.120.230.197 - - [06/Mar/2018:10:00:50 -0300] "POST /cormun/servlet/solicitudot?gx-no-cache=1520341201174 HTTP/1.1" 200 3293
200.120.230.197 - - [06/Mar/2018:10:00:50 -0300] "POST /cormun/servlet/solicitudot?603d230edc4387e4b4e39b833b60874e,INS,0,0,,gx-no-cache=1520341201538 HTTP/1.1" 200 10447
200.120.230.197 - - [06/Mar/2018:10:00:54 -0300] "GET /cormun/servlet/solicitudot?1ae568b3c842c938f854ead4c08e32379376348dfb17f7c0b5f702f0fe486e413e2835dff1cc7cfd86f9c680b7d8aa38,gx-no-cache=1520341205232 HTTP/1.1" 200 30
200.112.5.172 - - [06/Mar/2018:10:00:54 -0300] "POST /cormun/servlet/prfichaempleado?a131324ce58b350c9fe38fba691f5791,,MD,,gxPopupLevel%3D0%3B,gx-no-cache=1520341207041 HTTP/1.1" 200 3411
200.112.5.172 - - [06/Mar/2018:10:01:07 -0300] "POST /cormun/servlet/solicitudot?gx-no-cache=1520341219584 HTTP/1.1" 200 3405
200.112.5.172 - - [06/Mar/2018:10:01:07 -0300] "POST /cormun/servlet/solicitudot?a131324ce58b350c9fe38fba691f5791,INS,0,0,,gx-no-cache=1520341220040 HTTP/1.1" 200 10382
200.112.5.172 - - [06/Mar/2018:10:01:07 -0300] "GET /cormun/servlet/solicitudot?1e2eb7d504f29020630a4edbffdf2ccf89169f26a8ed23c7b7d79f50e707d543c83413828872714e6a4aaf716873823a,gx-no-cache=1520341220616 HTTP/1.1" 200 30
181.73.204.79 - - [06/Mar/2018:10:01:08 -0300] "GET /cormun/servlet/prfichaempleado?,MD,,gxPopupLevel%3D0%3B HTTP/1.1" 200 9338
200.112.5.172 - - [06/Mar/2018:10:01:10 -0300] "GET /cormun/servlet/solicitudot?1e2eb7d504f29020630a4edbffdf2ccfae49719ac67f04cfebe3c02f67aa7edf1d114eb54c0433f3fb891ec43df119994a7f09d9927de591a96782200b643837,gx-no-cache=1520341223135 HTTP/1.1" 200 30
200.112.5.172 - - [06/Mar/2018:10:01:10 -0300] "GET /cormun/servlet/solicitudot?1e2eb7d504f29020630a4edbffdf2ccf5f1b1e37274bc11d8584e752faa1b800,gx-no-cache=1520341223216 HTTP/1.1" 200 60
200.112.5.172 - - [06/Mar/2018:10:01:10 -0300] "POST /cormun/servlet/solicitudot?gx-no-cache=1520341223301 HTTP/1.1" 200 255
200.112.5.172 - - [06/Mar/2018:10:01:10 -0300] "GET /cormun/servlet/solicitudot?1e2eb7d504f29020630a4edbffdf2ccf4df862eec15a89726d4d60426729033a6b466cd99426a9929413b7351a526d24fb7ed85469f72f610b370c93e6932866cc9c762c23885fae294d3e779e7dcca32b239592a8e7a8ba8504e1c976457ec54661090957651cbb1d99091e38f23ae2db43471144f706a320c35102dd77cf681381961b91cef9e5d99911535c4f32a8632aec75b7749c52f8b2e2f14aca4b748839ea1b432d425df82235abf1fdf7dc13a2ccfa031056132bde266b2abaa0bfb26587b13facd442d10cf82d00eb25059960b09f3e8765e5179c9358e31ccb7a1a916913063c42706395cad5ea5d152cc646709b12e76ed0dc3288946f7d698795a4dd52dcb810b7c4f737c08c1e64d3deea5264afd192db6f769a055e064062b801eef91c0f51532ae8012237fda65ae8d9cca9e43d2fa45856457c0432523cbcc0c777922d8a1fa1041d2bb9ddd67743d1fdf0e54c341d61bca51ea1d42a84edb439c18fff5c3d499848ec1fe5cc53b18f213551ff0088d4fe4af6050d96ff,gx-no-cache=1520341223421 HTTP/1.1" 200 30
192.168.10.62 - - [06/Mar/2018:10:01:13 -0300] "POST /cormun/servlet/trsolicitudgral?acb6e35fbcf2996e87b827730408425c,gx-no-cache=1520341112506 HTTP/1.1" 200 13319
192.168.10.62 - - [06/Mar/2018:10:01:13 -0300] "GET /cormun/static/Shared/jqueryui/images/ui-bg_highlight-soft_100_c6c2c8_1x100.png HTTP/1.1" 404 1117
192.168.10.62 - - [06/Mar/2018:10:01:13 -0300] "GET /cormun/static/Shared/jqueryui/images/ui-icons_82798d_256x240.png HTTP/1.1" 404 1089
192.168.10.62 - - [06/Mar/2018:10:01:13 -0300] "GET /cormun/static/Shared/jqueryui/images/ui-bg_flat_55_fafafa_40x100.png HTTP/1.1" 404 1097
192.168.10.62 - - [06/Mar/2018:10:01:13 -0300] "GET /cormun/static/Shared/jqueryui/images/ui-icons_8d78a5_256x240.png HTTP/1.1" 404 1089
200.112.5.172 - - [06/Mar/2018:10:01:14 -0300] "POST /cormun/servlet/solicitudot?gx-no-cache=1520341226845 HTTP/1.1" 200 30
200.112.5.172 - - [06/Mar/2018:10:01:17 -0300] "POST /cormun/servlet/solicitudot?gx-no-cache=1520341230326 HTTP/1.1" 200 1337
200.112.5.172 - - [06/Mar/2018:10:01:17 -0300] "POST /cormun/servlet/solicitudot?gx-no-cache=1520341230499 HTTP/1.1" 200 38
181.73.204.79 - - [06/Mar/2018:10:01:19 -0300] "POST /cormun/servlet/prfichaempleado?1fb7d706a1117f525cf8975512418cc5,,MD,,gxPopupLevel%3D0%3B,gx-no-cache=1520341231955 HTTP/1.1" 200 3478
200.112.5.172 - - [06/Mar/2018:10:01:25 -0300] "GET /cormun/servlet/solicitudot?1e2eb7d504f29020630a4edbffdf2ccf1eab1842572c77e6e56dc51d4b6a7a529164a02b01133e686ed4fa010fc53f9f7578dd0ecdf3a75c2d444f4e1c98d2a9d137274d23815d6f42d6b3911c2ff4a44f3e310feba01bce20a1e5727162b36f59086059ace4dc53a6df53abc4500648a382cf0bb40cb71ec131bc60440acb2d91116c4f38d1b8e8b8d2f5bc77959abbcdb539fdc92998344e640e26669f3830,gx-no-cache=1520341238551 HTTP/1.1" 200 29
200.112.5.172 - - [06/Mar/2018:10:01:26 -0300] "POST /cormun/servlet/solicitudot?gx-no-cache=1520341238645 HTTP/1.1" 200 1318
200.112.5.172 - - [06/Mar/2018:10:01:26 -0300] "POST /cormun/servlet/solicitudot?gx-no-cache=1520341238843 HTTP/1.1" 200 1218
200.112.5.172 - - [06/Mar/2018:10:01:26 -0300] "GET /cormun/static/menuarrow.gif HTTP/1.1" 404 1015
181.73.204.79 - - [06/Mar/2018:10:01:31 -0300] "GET /cormun/servlet/prfichaempleado?,MD,,gxPopupLevel%3D0%3B HTTP/1.1" 200 9338
200.112.5.172 - - [06/Mar/2018:10:01:35 -0300] "POST /cormun/servlet/solicitudot?gx-no-cache=1520341247929 HTTP/1.1" 200 1318
200.112.5.172 - - [06/Mar/2018:10:01:35 -0300] "POST /cormun/servlet/solicitudot?gx-no-cache=1520341248127 HTTP/1.1" 200 1218
200.112.5.172 - - [06/Mar/2018:10:01:36 -0300] "GET /cormun/servlet/solicitudot?1e2eb7d504f29020630a4edbffdf2ccfc86c53563926cde77b789fd75103eb434a4d70171dac87a3d84e6464d89f9aae,gx-no-cache=1520341249445 HTTP/1.1" 200 30
192.168.10.62 - - [06/Mar/2018:10:01:39 -0300] "GET /cormun/servlet/vesolicitudgral?2018,8551,, HTTP/1.1" 200 9081
192.168.10.62 - - [06/Mar/2018:10:01:39 -0300] "GET /cormun/pexe_scrolldiv.js HTTP/1.1" 404 1009
192.168.10.62 - - [06/Mar/2018:10:01:39 -0300] "GET /cormun/pexe_scrolldiv.js HTTP/1.1" 404 1009
192.168.10.62 - - [06/Mar/2018:10:01:40 -0300] "GET /cormun/servlet/vesolicitudgral?2018,8551,, HTTP/1.1" 200 9080
192.168.10.62 - - [06/Mar/2018:10:01:41 -0300] "POST /cormun/servlet/vesolicitudgral?acb6e35fbcf2996e87b827730408425c,2018,8551,,,gx-no-cache=1520341140980 HTTP/1.1" 200 115
192.168.10.62 - - [06/Mar/2018:10:01:41 -0300] "GET /cormun/servlet/solicitudotlog?INS,2018,8551,0,REC, HTTP/1.1" 200 6270
192.168.10.62 - - [06/Mar/2018:10:01:42 -0300] "GET /cormun/servlet/solicitudotlog?INS,2018,8551,0,REC, HTTP/1.1" 200 6264
192.168.10.62 - - [06/Mar/2018:10:01:42 -0300] "GET /cormun/servlet/solicitudotlog?c73647c4846bf3bc340d62352bdf7d5e0be9f42492419a5e1af05a4579ff101478d16c7c68acec3f48995bbc548e59f584ebf4487a21647ab60b1d19dd9b6c00333b170e397a65440f7868d15ded53f03d4cb2857b45a2d90f748a6db7f1089d77626a119946d74996d3f5b503e8378ba78a76d1e6895232eee73ad9a7b7c6cdb970fd36f21709393bd8d41a55bc77132b5f4268b071023541b7da573494f63d,gx-no-cache=1520341141882 HTTP/1.1" 200 94
192.168.10.62 - - [06/Mar/2018:10:01:46 -0300] "POST /cormun/servlet/solicitudotlog?acb6e35fbcf2996e87b827730408425c,INS,2018,8551,0,REC,,gx-no-cache=1520341145331 HTTP/1.1" 200 93
192.168.10.62 - - [06/Mar/2018:10:01:46 -0300] "GET /cormun/servlet/hpexe_return? HTTP/1.1" 200 1030
192.168.10.62 - - [06/Mar/2018:10:01:46 -0300] "GET /cormun/servlet/vesolicitudgral?2018,8551,, HTTP/1.1" 200 9094
192.168.10.62 - - [06/Mar/2018:10:01:46 -0300] "GET /cormun/pexe_scrolldiv.js HTTP/1.1" 404 1009
192.168.10.62 - - [06/Mar/2018:10:01:46 -0300] "GET /cormun/pexe_scrolldiv.js HTTP/1.1" 404 1009
192.168.10.62 - - [06/Mar/2018:10:01:46 -0300] "GET /cormun/servlet/vesolicitudgral?2018,8551,, HTTP/1.1" 200 9090
200.112.5.172 - - [06/Mar/2018:10:01:47 -0300] "POST /cormun/servlet/solicitudot?gx-no-cache=1520341260204 HTTP/1.1" 200 30
192.168.10.62 - - [06/Mar/2018:10:01:47 -0300] "POST /cormun/servlet/vesolicitudgral?acb6e35fbcf2996e87b827730408425c,2018,8551,,,gx-no-cache=1520341147151 HTTP/1.1" 200 93
192.168.10.62 - - [06/Mar/2018:10:01:47 -0300] "GET /cormun/servlet/hpexe_return? HTTP/1.1" 200 1036
192.168.10.62 - - [06/Mar/2018:10:01:48 -0300] "GET /cormun/servlet/trsolicitudgral?gx-no-cache=1520341112506 HTTP/1.1" 200 15793
192.168.10.62 - - [06/Mar/2018:10:01:48 -0300] "GET /cormun/servlet/trsolicitudgral?gx-no-cache=1520341112506 HTTP/1.1" 200 15810
192.168.10.50 - - [06/Mar/2018:10:01:49 -0300] "GET /cormun/static/menuarrow.gif HTTP/1.1" 404 1015
192.168.10.62 - - [06/Mar/2018:10:02:09 -0300] "GET /cormun/servlet/vesolicitudgral?2018,9795,, HTTP/1.1" 200 9068
192.168.10.62 - - [06/Mar/2018:10:02:09 -0300] "GET /cormun/pexe_scrolldiv.js HTTP/1.1" 404 1009
192.168.10.62 - - [06/Mar/2018:10:02:09 -0300] "GET /cormun/pexe_scrolldiv.js HTTP/1.1" 404 1009
192.168.10.62 - - [06/Mar/2018:10:02:09 -0300] "GET /cormun/servlet/vesolicitudgral?2018,9795,, HTTP/1.1" 200 9047
200.112.5.172 - - [06/Mar/2018:10:02:10 -0300] "POST /cormun/servlet/solicitudot?a131324ce58b350c9fe38fba691f5791,INS,0,0,,gx-no-cache=1520341282473 HTTP/1.1" 200 93
200.112.5.172 - - [06/Mar/2018:10:02:10 -0300] "GET /cormun/servlet/hpexe_return? HTTP/1.1" 200 1004
200.112.5.172 - - [06/Mar/2018:10:02:10 -0300] "GET /cormun/static/gxcfg.js?2016101716175148 HTTP/1.1" 304 -
200.112.5.172 - - [06/Mar/2018:10:02:10 -0300] "GET /cormun/servlet/trsolicitudot HTTP/1.1" 200 9776
200.112.5.172 - - [06/Mar/2018:10:02:11 -0300] "GET /cormun/servlet/trsolicitudot HTTP/1.1" 200 9773
192.168.10.62 - - [06/Mar/2018:10:02:12 -0300] "GET /cormun/servlet/vesolicitudgral?2018,9795,,SolicitudOTAdjuntos HTTP/1.1" 200 11035
192.168.10.62 - - [06/Mar/2018:10:02:12 -0300] "GET /cormun/pexe_scrolldiv.js HTTP/1.1" 404 1009
200.120.230.197 - - [06/Mar/2018:10:02:12 -0300] "GET /cormun/static/Resources/resize.gif HTTP/1.1" 200 77
192.168.10.62 - - [06/Mar/2018:10:02:12 -0300] "GET /cormun/pexe_scrolldiv.js HTTP/1.1" 404 1009
186.79.22.245 - - [06/Mar/2018:10:02:12 -0300] "GET /cormun/servlet/prbanco?,MD,,gxPopupLevel%3D0%3B HTTP/1.1" 200 6676
192.168.10.62 - - [06/Mar/2018:10:02:12 -0300] "GET /cormun/static/tbsolicitudgral02.js?20171115129853 HTTP/1.1" 304 -
186.79.22.245 - - [06/Mar/2018:10:02:13 -0300] "GET /cormun/static/gxcfg.js?20181161016094 HTTP/1.1" 200 953
192.168.10.62 - - [06/Mar/2018:10:02:13 -0300] "GET /cormun/servlet/vesolicitudgral?2018,9795,,SolicitudOTAdjuntos HTTP/1.1" 200 11039
192.168.10.62 - - [06/Mar/2018:10:02:14 -0300] "POST /cormun/servlet/acontrolpreferencessavestate?None,FGONZALEZ,true HTTP/1.1" 200 35
186.103.159.189 - - [06/Mar/2018:10:02:14 -0300] "GET /cormun/servlet/trsolicitudot? HTTP/1.1" 200 8743
186.103.159.189 - - [06/Mar/2018:10:02:15 -0300] "GET /cormun/servlet/trsolicitudot? HTTP/1.1" 200 8744
192.168.10.62 - - [06/Mar/2018:10:02:17 -0300] "GET /cormun/PublicTempStorage/curriculo_estefania_rivas1431136.pdf HTTP/1.1" 200 184745
192.168.10.50 - - [06/Mar/2018:10:02:17 -0300] "POST /cormun/servlet/trsolicitudgral?0a3d557a1eaeaba86cd775f6eea7d209,gx-no-cache=1520339262319,gx-no-cache=1520341177031 HTTP/1.1" 200 7301
186.103.159.189 - - [06/Mar/2018:10:02:18 -0300] "GET /cormun/servlet/solicitudot?INS,0,0, HTTP/1.1" 200 13617
186.103.159.189 - - [06/Mar/2018:10:02:18 -0300] "GET /cormun/static/gxcfg.js?201812313224582 HTTP/1.1" 304 -
186.103.159.189 - - [06/Mar/2018:10:02:18 -0300] "GET /cormun/static/solicitudot.js?201812313224831 HTTP/1.1" 304 -
200.112.5.172 - - [06/Mar/2018:10:02:18 -0300] "POST /cormun/servlet/trsolicitudot?a131324ce58b350c9fe38fba691f5791,gx-no-cache=1520341291279 HTTP/1.1" 200 6435
181.73.204.79 - - [06/Mar/2018:10:02:19 -0300] "POST /cormun/servlet/prfichaempleado?1fb7d706a1117f525cf8975512418cc5,,MD,,gxPopupLevel%3D0%3B,gx-no-cache=1520341291153 HTTP/1.1" 200 3478
200.112.5.172 - - [06/Mar/2018:10:02:19 -0300] "GET /cormun/static/Shared/jqueryui/images/ui-bg_highlight-soft_100_c6c2c8_1x100.png HTTP/1.1" 404 1117
200.112.5.172 - - [06/Mar/2018:10:02:19 -0300] "GET /cormun/static/Shared/jqueryui/images/ui-icons_82798d_256x240.png HTTP/1.1" 404 1089
200.112.5.172 - - [06/Mar/2018:10:02:19 -0300] "GET /cormun/static/Shared/jqueryui/images/ui-bg_flat_55_fafafa_40x100.png HTTP/1.1" 404 1097
200.112.5.172 - - [06/Mar/2018:10:02:19 -0300] "GET /cormun/static/Shared/jqueryui/images/ui-icons_8d78a5_256x240.png HTTP/1.1" 404 1089
192.168.10.50 - - [06/Mar/2018:10:02:19 -0300] "POST /cormun/servlet/trsolicitudgral?0a3d557a1eaeaba86cd775f6eea7d209,gx-no-cache=1520339262319,gx-no-cache=1520341178910 HTTP/1.1" 200 7301
200.112.5.172 - - [06/Mar/2018:10:02:19 -0300] "POST /cormun/servlet/trsolicitudot?a131324ce58b350c9fe38fba691f5791,gx-no-cache=1520341291934 HTTP/1.1" 200 6376
186.103.159.189 - - [06/Mar/2018:10:02:20 -0300] "GET /cormun/servlet/solicitudot?INS,0,0, HTTP/1.1" 200 13622
186.79.22.245 - - [06/Mar/2018:10:02:20 -0300] "GET /cormun/servlet/solicitudot?1ae568b3c842c938f854ead4c08e3237de2e22b01550f84a720a4609654f94399de7c0a58da11477740e41ca068b52d7,gx-no-cache=1520341291270 HTTP/1.1" 200 30
186.79.22.245 - - [06/Mar/2018:10:02:21 -0300] "GET /cormun/servlet/solicitudot?1ae568b3c842c938f854ead4c08e32375adb963b4b9c71676c4b587ec771286e,gx-no-cache=1520341292868 HTTP/1.1" 200 53
186.103.159.189 - - [06/Mar/2018:10:02:22 -0300] "GET /cormun/servlet/prfichaempleado?,MD,,gxPopupLevel%3D0%3B HTTP/1.1" 200 9313
186.103.159.189 - - [06/Mar/2018:10:02:22 -0300] "GET /cormun/static/gxcfg.js?20177612134814 HTTP/1.1" 304 -
200.112.5.172 - - [06/Mar/2018:10:02:28 -0300] "GET /cormun/servlet/hlogin HTTP/1.1" 200 1719
181.73.204.79 - - [06/Mar/2018:10:02:29 -0300] "POST /cormun/servlet/solicitudot?gx-no-cache=1520341301312 HTTP/1.1" 200 3411
181.73.204.79 - - [06/Mar/2018:10:02:29 -0300] "POST /cormun/servlet/solicitudot?1fb7d706a1117f525cf8975512418cc5,INS,0,0,,gx-no-cache=1520341301615 HTTP/1.1" 200 10589
200.112.5.172 - - [06/Mar/2018:10:02:30 -0300] "POST /cormun/servlet/hlogin?a131324ce58b350c9fe38fba691f5791,gx-no-cache=1520341303329 HTTP/1.1" 200 90
200.112.5.172 - - [06/Mar/2018:10:02:30 -0300] "GET /cormun/servlet/hpexe_link HTTP/1.1" 200 949
200.112.5.172 - - [06/Mar/2018:10:02:31 -0300] "GET /cormun/servlet/hhome HTTP/1.1" 200 4200
200.112.5.172 - - [06/Mar/2018:10:02:31 -0300] "GET /cormun/servlet/hhome HTTP/1.1" 200 4197
200.112.5.172 - - [06/Mar/2018:10:02:34 -0300] "GET /cormun/servlet/trautorizarsolicitud? HTTP/1.1" 200 8646
200.112.5.172 - - [06/Mar/2018:10:02:35 -0300] "GET /cormun/static/gxcfg.js?2017111423403364 HTTP/1.1" 304 -
186.103.159.189 - - [06/Mar/2018:10:02:35 -0300] "POST /cormun/servlet/prfichaempleado?9a2433f63b38a29fce08656997439cbe,,MD,,gxPopupLevel%3D0%3B,gx-no-cache=1520341307998 HTTP/1.1" 200 3518
200.112.5.172 - - [06/Mar/2018:10:02:35 -0300] "GET /cormun/servlet/trautorizarsolicitud? HTTP/1.1" 200 8645
200.112.5.172 - - [06/Mar/2018:10:02:38 -0300] "POST /cormun/servlet/trautorizarsolicitud?a131324ce58b350c9fe38fba691f5791,,gx-no-cache=1520341311146 HTTP/1.1" 200 4582
200.112.5.172 - - [06/Mar/2018:10:02:38 -0300] "GET /cormun/static/Shared/jqueryui/images/ui-bg_highlight-soft_100_c6c2c8_1x100.png HTTP/1.1" 404 1117
200.112.5.172 - - [06/Mar/2018:10:02:38 -0300] "GET /cormun/static/Shared/jqueryui/images/ui-icons_82798d_256x240.png HTTP/1.1" 404 1089
200.112.5.172 - - [06/Mar/2018:10:02:39 -0300] "GET /cormun/static/Shared/jqueryui/images/ui-bg_flat_55_fafafa_40x100.png HTTP/1.1" 404 1097
200.112.5.172 - - [06/Mar/2018:10:02:39 -0300] "GET /cormun/static/Shared/jqueryui/images/ui-icons_8d78a5_256x240.png HTTP/1.1" 404 1089
200.112.5.172 - - [06/Mar/2018:10:02:39 -0300] "POST /cormun/servlet/trautorizarsolicitud?a131324ce58b350c9fe38fba691f5791,,gx-no-cache=1520341311669 HTTP/1.1" 200 4377
192.168.10.50 - - [06/Mar/2018:10:02:41 -0300] "POST /cormun/servlet/trsolicitudgral?0a3d557a1eaeaba86cd775f6eea7d209,gx-no-cache=1520339262319,gx-no-cache=1520341200217 HTTP/1.1" 200 10836
186.79.22.245 - - [06/Mar/2018:10:02:45 -0300] "POST /cormun/servlet/solicitudot?gx-no-cache=1520341316595 HTTP/1.1" 200 297
186.79.22.245 - - [06/Mar/2018:10:02:45 -0300] "GET /cormun/servlet/solicitudot?1ae568b3c842c938f854ead4c08e32370d388135156653ef914c0df5c09bb0d42c3a1344f8232dc05785c636f11bbdb5d9cf6dae201a3386206f2dd7947299e574a52e7ec689d1bc186834e4ea163a7be1b763982824aa68625d2dd82aa89b33a3bd1245bc233bc757cad772731facd479d06af8af70ade43a8f7c948755e8ddb2ae27bce3cc3f6bf686901fbea10769a47fc46598b8e8fe9402dc3f6674501981e1bbb908f407214d836131b193f689052f6a3827a3e4088a2abc90639284bc02c2a989d7f3e3994301c2f76cb7d46ddb067a263cf1f0b0554498b317192c684cf7bbf86eb4de34c187f8c89d54d50f6f1a5c509476ee0b35bddc84fa4a60d7b818f334b44c61374afc35e4913ea9b1873bbe474b1a65b6b0337bb60224d27e01a3f6dd56bf39dcc40cf22c541e7be6b9511bcd212a9749ddb08a1f324eab6cc20b54b1855f1a4353bc8b9cc1ab96dad61f2370c596de2d660200d27f6b898bc847ac3943d8b716631f628b70008d41f1262d21fb93d54bb4d9a211f1d946250331c2cc943492df1d9ad820f4d1052f,gx-no-cache=1520341316832 HTTP/1.1" 200 30
186.103.159.189 - - [06/Mar/2018:10:02:46 -0300] "POST /cormun/servlet/solicitudot?gx-no-cache=1520341318635 HTTP/1.1" 200 3413
186.103.159.189 - - [06/Mar/2018:10:02:46 -0300] "POST /cormun/servlet/solicitudot?9a2433f63b38a29fce08656997439cbe,INS,0,0,,gx-no-cache=1520341318927 HTTP/1.1" 200 10588
186.103.159.189 - - [06/Mar/2018:10:02:46 -0300] "GET /cormun/servlet/solicitudot?ae500af67317919fb663ed4f40cb7e516a9ce68d28147b58cf4be19b487703bcafad6417dbe11b54a65acf128f44008c,gx-no-cache=1520341319289 HTTP/1.1" 200 30
186.103.159.189 - - [06/Mar/2018:10:02:46 -0300] "GET /cormun/servlet/solicitudot?ae500af67317919fb663ed4f40cb7e51b496175df6c8a57ab41f54f3313375eed753b2c2fa85b178edbada02b83702ac06eb2e5a17731ce4ee2d6dbf5c7e9fe2,gx-no-cache=1520341319404 HTTP/1.1" 200 30
186.103.159.189 - - [06/Mar/2018:10:02:46 -0300] "GET /cormun/servlet/solicitudot?ae500af67317919fb663ed4f40cb7e5186866e328d46b2dc8b46eea09b31ca75,gx-no-cache=1520341319508 HTTP/1.1" 200 53
186.103.159.189 - - [06/Mar/2018:10:02:47 -0300] "POST /cormun/servlet/solicitudot?gx-no-cache=1520341319644 HTTP/1.1" 200 297
186.103.159.189 - - [06/Mar/2018:10:02:47 -0300] "GET /cormun/servlet/solicitudot?ae500af67317919fb663ed4f40cb7e51e4fc91c61e6ba60f4a37fe6f68dbe255256d705edf58c954012986b2a55b2e4095069a85609f1432d2f2f51019e705fb460b53779d943596f90105786ab227f2f9941d8c38f7df273ee95de4cbf9867d961e51bfd048e13d6d075bbf063c213a9838f71ec638754b43ff8334c03f7c50a10a3d54b981bbee9655c7c8b0c0e98abed7294eca401fa71806d534b9345a3056c6bae51ae7997e015418e56e1177e4a107101cadd2fdb71f4614a39cf0f0050287a089a78881f7f3e04f2326f6c982cd9dee99a66819f98565542f970cdd0994bded0db11912a7fa12198d77a4eda3347e0b3fc93cc943d2dd591196037e6a4d41cbc5d0d5abd7e6e5e67e66512f28994b52ed9de3a7366278be10d08dadb18c12a8ab2fa157e8e7e5dc6a865f83b6a9a2bcabfd115876d24f404397a4a7fbc66cf06dd83802f092afcc5dce1f0c75720a1c1d3a688703c41e733f678c0edcac9e4407beb7b423845754da4e3ec2c10d390070aa1429868de54e1c681a61e206eb2e5a17731ce4ee2d6dbf5c7e9fe2,gx-no-cache=1520341319753 HTTP/1.1" 200 30
186.103.159.189 - - [06/Mar/2018:10:02:47 -0300] "POST /cormun/servlet/solicitudot?gx-no-cache=1520341319955 HTTP/1.1" 200 30
186.103.159.189 - - [06/Mar/2018:10:02:47 -0300] "POST /cormun/servlet/solicitudot?gx-no-cache=1520341320056 HTTP/1.1" 200 1337
186.103.159.189 - - [06/Mar/2018:10:02:47 -0300] "POST /cormun/servlet/solicitudot?gx-no-cache=1520341320239 HTTP/1.1" 200 38
186.79.22.245 - - [06/Mar/2018:10:02:48 -0300] "POST /cormun/servlet/solicitudot?gx-no-cache=1520341319193 HTTP/1.1" 200 30
186.79.22.245 - - [06/Mar/2018:10:02:49 -0300] "POST /cormun/servlet/solicitudot?gx-no-cache=1520341320993 HTTP/1.1" 200 1333
186.79.22.245 - - [06/Mar/2018:10:02:50 -0300] "POST /cormun/servlet/solicitudot?gx-no-cache=1520341321256 HTTP/1.1" 200 38
186.103.159.189 - - [06/Mar/2018:10:02:59 -0300] "GET /cormun/servlet/solicitudot?ae500af67317919fb663ed4f40cb7e51a76a429f6eef3814f14ab3b52fc1c376199605d7ae9d22c924200a06044d196fe70657e3fe18e941750e263077190e19dec024fca896dc28c55db4549d5e1289d3a9b1eab3669519f9dcc6dd9da5ba0152b20cc822e7edb0506228569e403e22,gx-no-cache=1520341331991 HTTP/1.1" 200 29
186.103.159.189 - - [06/Mar/2018:10:02:59 -0300] "POST /cormun/servlet/solicitudot?gx-no-cache=1520341332091 HTTP/1.1" 200 1318
186.103.159.189 - - [06/Mar/2018:10:02:59 -0300] "POST /cormun/servlet/solicitudot?gx-no-cache=1520341332209 HTTP/1.1" 200 1218
186.103.159.189 - - [06/Mar/2018:10:02:59 -0300] "GET /cormun/static/menuarrow.gif HTTP/1.1" 404 1015
186.103.159.189 - - [06/Mar/2018:10:03:02 -0300] "POST /cormun/servlet/solicitudot?gx-no-cache=1520341334741 HTTP/1.1" 200 1318
186.103.159.189 - - [06/Mar/2018:10:03:02 -0300] "POST /cormun/servlet/solicitudot?gx-no-cache=1520341335256 HTTP/1.1" 200 1218
186.103.159.189 - - [06/Mar/2018:10:03:03 -0300] "GET /cormun/servlet/solicitudot?ae500af67317919fb663ed4f40cb7e519a9f887b74589e8b94565768095556402a3e091d6f366bcf17686daff5fb65ef,gx-no-cache=1520341336392 HTTP/1.1" 200 30
186.103.159.189 - - [06/Mar/2018:10:03:13 -0300] "POST /cormun/servlet/solicitudot?gx-no-cache=1520341345797 HTTP/1.1" 200 30
192.168.10.62 - - [06/Mar/2018:10:03:17 -0300] "GET /cormun/servlet/vesolicitudgral?2018,9795,,SolicitudOTAdjuntos HTTP/1.1" 200 11037
192.168.10.62 - - [06/Mar/2018:10:03:18 -0300] "GET /cormun/servlet/vesolicitudgral?2018,9795,,SolicitudOTAdjuntos HTTP/1.1" 200 11038
192.168.10.62 - - [06/Mar/2018:10:03:18 -0300] "POST /cormun/servlet/acontrolpreferencessavestate?None,FGONZALEZ,true HTTP/1.1" 200 35
192.168.10.62 - - [06/Mar/2018:10:03:20 -0300] "POST /cormun/servlet/vesolicitudgral?acb6e35fbcf2996e87b827730408425c,2018,9795,,SolicitudOTAdjuntos,gx-no-cache=1520341239465 HTTP/1.1" 200 90
192.168.10.62 - - [06/Mar/2018:10:03:20 -0300] "GET /cormun/servlet/hpexe_link HTTP/1.1" 200 1001
192.168.10.62 - - [06/Mar/2018:10:03:20 -0300] "GET /cormun/servlet/trsolicitudgral?gx-no-cache=1520341112506 HTTP/1.1" 200 16118
192.168.10.62 - - [06/Mar/2018:10:03:21 -0300] "GET /cormun/servlet/trsolicitudgral?gx-no-cache=1520341112506 HTTP/1.1" 200 16138
