200.120.230.197 - - [06/Mar/2018:10:32:02 -0300] "GET /cormun/servlet/trsolicitudadjuntos?2018,10086, HTTP/1.1" 200 9748
200.120.230.197 - - [06/Mar/2018:10:32:03 -0300] "GET /cormun/servlet/trsolicitudadjuntos?2018,10086, HTTP/1.1" 200 9748
186.103.157.42 - - [06/Mar/2018:10:32:08 -0300] "GET /cormun/servlet/trlicencias? HTTP/1.1" 200 8877
186.103.157.42 - - [06/Mar/2018:10:32:08 -0300] "GET /cormun/static/calendar-system.css?75620 HTTP/1.1" 200 5572
186.103.157.42 - - [06/Mar/2018:10:32:08 -0300] "GET /cormun/static/Resources/Spanish/PXTools.css?17315867 HTTP/1.1" 200 89042
186.103.157.42 - - [06/Mar/2018:10:32:08 -0300] "GET /cormun/static/gxui/gxui-all.css?110300 HTTP/1.1" 200 2179
186.103.157.42 - - [06/Mar/2018:10:32:08 -0300] "GET /cormun/static/gxcfg.js?20176272054169 HTTP/1.1" 200 953
186.103.157.42 - - [06/Mar/2018:10:32:08 -0300] "GET /cormun/static/calendar.js?85251 HTTP/1.1" 200 26246
186.103.157.42 - - [06/Mar/2018:10:32:08 -0300] "GET /cormun/static/calendar-setup.js?85251 HTTP/1.1" 200 2588
186.103.157.42 - - [06/Mar/2018:10:32:08 -0300] "GET /cormun/static/calendar-es.js?85251 HTTP/1.1" 200 1901
186.103.157.42 - - [06/Mar/2018:10:32:08 -0300] "GET /cormun/static/trlicencias.js?20176272054837 HTTP/1.1" 200 41883
186.103.157.42 - - [06/Mar/2018:10:32:08 -0300] "GET /cormun/static/Resources/PXTools/calendar.png HTTP/1.1" 200 1306
186.103.157.42 - - [06/Mar/2018:10:32:08 -0300] "GET /cormun/static/Resources/PXToolsDataSearch.png HTTP/1.1" 200 419
186.103.157.42 - - [06/Mar/2018:10:32:08 -0300] "GET /cormun/static/gxdec.js?85251 HTTP/1.1" 200 19579
186.103.157.42 - - [06/Mar/2018:10:32:08 -0300] "GET /cormun/static/Resources/PXToolsGridFirstDisabled.gif HTTP/1.1" 200 100
186.103.157.42 - - [06/Mar/2018:10:32:08 -0300] "GET /cormun/static/Resources/PXToolsGridPreviousDisabled.gif HTTP/1.1" 200 90
186.103.157.42 - - [06/Mar/2018:10:32:08 -0300] "GET /cormun/static/Resources/PXToolsGridPage.gif HTTP/1.1" 200 725
186.103.157.42 - - [06/Mar/2018:10:32:08 -0300] "GET /cormun/static/Resources/PXToolsGridLastDisabled.gif HTTP/1.1" 200 98
186.103.157.42 - - [06/Mar/2018:10:32:08 -0300] "GET /cormun/static/Resources/PXToolsGridNextDisabled.gif HTTP/1.1" 200 90
186.103.157.42 - - [06/Mar/2018:10:32:08 -0300] "GET /cormun/static/Resources/PXToolsActionExcel.png HTTP/1.1" 200 3187
186.103.157.42 - - [06/Mar/2018:10:32:08 -0300] "GET /cormun/static/Resources/PXToolsGridNew.png HTTP/1.1" 200 2949
186.103.157.42 - - [06/Mar/2018:10:32:08 -0300] "GET /cormun/static/Shared/ext/resources/css/ext-all.css?205870 HTTP/1.1" 200 416045
186.103.157.42 - - [06/Mar/2018:10:32:10 -0300] "GET /cormun/static/Resources/desc.gif HTTP/1.1" 200 65
186.103.157.42 - - [06/Mar/2018:10:32:10 -0300] "GET /cormun/static/Resources/asc.gif HTTP/1.1" 200 67
186.103.157.42 - - [06/Mar/2018:10:32:10 -0300] "GET /cormun//static/Resources/PXToolsGridDisplay.png HTTP/1.1" 200 362
186.103.157.42 - - [06/Mar/2018:10:32:10 -0300] "GET /cormun//static/Resources/PXTools/ActionInsert.png HTTP/1.1" 200 1482
186.103.157.42 - - [06/Mar/2018:10:32:10 -0300] "GET /cormun//static/Resources/PXToolsActionDisabled.gif HTTP/1.1" 200 53
186.103.157.42 - - [06/Mar/2018:10:32:10 -0300] "GET /cormun//static/Resources/PXToolsActionPrint.png HTTP/1.1" 200 3317
186.103.157.42 - - [06/Mar/2018:10:32:10 -0300] "GET /cormun//static/Resources/PXToolsHeaderHelp.png HTTP/1.1" 200 4055
186.103.157.42 - - [06/Mar/2018:10:32:10 -0300] "GET /cormun//static/Resources/PXToolsHeaderFavorites.png HTTP/1.1" 200 2744
186.103.157.42 - - [06/Mar/2018:10:32:10 -0300] "GET /cormun/static/Shared/ext/resources/themes/images/default/tools/tool-sprites.gif HTTP/1.1" 200 5434
186.103.157.42 - - [06/Mar/2018:10:32:10 -0300] "GET /cormun/servlet/trlicencias? HTTP/1.1" 200 8874
186.103.157.42 - - [06/Mar/2018:10:32:11 -0300] "GET /cormun/static/Shared/ext/resources/themes/images/default/panel/bg-headersPanel.png HTTP/1.1" 200 255
200.120.230.197 - - [06/Mar/2018:10:32:17 -0300] "POST /cormun/servlet/trsolicitudadjuntos?603d230edc4387e4b4e39b833b60874e,2018,10086,,gx-no-cache=1520343087834 HTTP/1.1" 200 90
186.9.21.170 - - [06/Mar/2018:10:32:17 -0300] "GET /cormun/servlet/trvisualizadoreventos? HTTP/1.1" 200 6714
200.120.230.197 - - [06/Mar/2018:10:32:18 -0300] "GET /cormun/servlet/hpexe_link HTTP/1.1" 200 973
200.120.230.197 - - [06/Mar/2018:10:32:18 -0300] "GET /cormun/servlet/trsolicitudot HTTP/1.1" 200 8789
186.9.21.170 - - [06/Mar/2018:10:32:19 -0300] "GET /cormun/servlet/trvisualizadoreventos? HTTP/1.1" 200 6714
200.120.230.197 - - [06/Mar/2018:10:32:19 -0300] "GET /cormun/servlet/trsolicitudot HTTP/1.1" 200 8785
200.120.230.197 - - [06/Mar/2018:10:32:24 -0300] "POST /cormun/servlet/trsolicitudot?603d230edc4387e4b4e39b833b60874e,gx-no-cache=1520343095319 HTTP/1.1" 200 4672
200.120.230.197 - - [06/Mar/2018:10:32:24 -0300] "GET /cormun/static/Shared/jqueryui/images/ui-bg_highlight-soft_100_c6c2c8_1x100.png HTTP/1.1" 404 1117
200.120.230.197 - - [06/Mar/2018:10:32:24 -0300] "GET /cormun/static/Shared/jqueryui/images/ui-icons_82798d_256x240.png HTTP/1.1" 404 1089
186.79.22.245 - - [06/Mar/2018:10:32:24 -0300] "GET /cormun/static/Shared/jqueryui/images/ui-bg_flat_55_fafafa_40x100.png HTTP/1.1" 404 1097
186.79.22.245 - - [06/Mar/2018:10:32:24 -0300] "GET /cormun/static/Shared/jqueryui/images/ui-icons_8d78a5_256x240.png HTTP/1.1" 404 1089
200.120.230.197 - - [06/Mar/2018:10:32:24 -0300] "POST /cormun/servlet/trsolicitudot?603d230edc4387e4b4e39b833b60874e,gx-no-cache=1520343095878 HTTP/1.1" 200 4457
186.9.21.170 - - [06/Mar/2018:10:32:32 -0300] "POST /cormun/servlet/trvisualizadoreventos?ee281e88e8172cf873a532b0d005f0d8,,gx-no-cache=1520343105434 HTTP/1.1" 200 3939
186.9.21.170 - - [06/Mar/2018:10:32:35 -0300] "POST /cormun/servlet/trvisualizadoreventos?ee281e88e8172cf873a532b0d005f0d8,,gx-no-cache=1520343108446 HTTP/1.1" 200 3939
186.103.157.42 - - [06/Mar/2018:10:32:39 -0300] "GET /cormun/servlet/licenciaspermisos?INS,0,,, HTTP/1.1" 200 7788
186.103.157.42 - - [06/Mar/2018:10:32:39 -0300] "GET /cormun/static/gxcfg.js?201762917281167 HTTP/1.1" 200 953
186.103.157.42 - - [06/Mar/2018:10:32:39 -0300] "GET /cormun/static/Resources/prompt.gif HTTP/1.1" 200 902
186.103.157.42 - - [06/Mar/2018:10:32:39 -0300] "GET /cormun/static/licenciaspermisos.js?201762917281260 HTTP/1.1" 200 37491
186.103.157.42 - - [06/Mar/2018:10:32:40 -0300] "GET /cormun/servlet/licenciaspermisos?INS,0,,, HTTP/1.1" 200 7796
186.9.21.170 - - [06/Mar/2018:10:32:54 -0300] "GET /cormun/servlet/trsolicitudot? HTTP/1.1" 200 8638
186.9.21.170 - - [06/Mar/2018:10:32:56 -0300] "GET /cormun/servlet/trsolicitudot? HTTP/1.1" 200 8638
186.9.21.170 - - [06/Mar/2018:10:33:08 -0300] "POST /cormun/servlet/trsolicitudot?ee281e88e8172cf873a532b0d005f0d8,,gx-no-cache=1520343140881 HTTP/1.1" 200 4516
186.9.21.170 - - [06/Mar/2018:10:33:08 -0300] "GET /cormun/static/Shared/jqueryui/images/ui-bg_highlight-soft_100_c6c2c8_1x100.png HTTP/1.1" 404 1117
186.9.21.170 - - [06/Mar/2018:10:33:08 -0300] "GET /cormun/static/Shared/jqueryui/images/ui-icons_82798d_256x240.png HTTP/1.1" 404 1089
186.9.21.170 - - [06/Mar/2018:10:33:08 -0300] "GET /cormun/static/Shared/jqueryui/images/ui-icons_8d78a5_256x240.png HTTP/1.1" 404 1089
186.9.21.170 - - [06/Mar/2018:10:33:08 -0300] "GET /cormun/static/Shared/jqueryui/images/ui-bg_flat_55_fafafa_40x100.png HTTP/1.1" 404 1097
186.9.21.170 - - [06/Mar/2018:10:33:09 -0300] "POST /cormun/servlet/trsolicitudot?ee281e88e8172cf873a532b0d005f0d8,,gx-no-cache=1520343141729 HTTP/1.1" 200 4259
186.79.22.245 - - [06/Mar/2018:10:33:10 -0300] "GET /cormun/servlet/hlogin HTTP/1.1" 200 1741
186.9.21.170 - - [06/Mar/2018:10:33:25 -0300] "GET /cormun/servlet/hlogin HTTP/1.1" 200 1739
186.103.159.189 - - [06/Mar/2018:10:33:27 -0300] "POST /cormun/servlet/trautorizarsolicitud?9a2433f63b38a29fce08656997439cbe,,gx-no-cache=1520343157699 HTTP/1.1" 200 21491
186.9.21.170 - - [06/Mar/2018:10:33:38 -0300] "POST /cormun/servlet/hlogin?ee281e88e8172cf873a532b0d005f0d8,gx-no-cache=1520343170488 HTTP/1.1" 200 90
186.9.21.170 - - [06/Mar/2018:10:33:38 -0300] "GET /cormun/servlet/hpexe_link HTTP/1.1" 200 951
186.9.21.170 - - [06/Mar/2018:10:33:38 -0300] "GET /cormun/servlet/hhome HTTP/1.1" 200 4207
186.9.21.170 - - [06/Mar/2018:10:33:41 -0300] "GET /cormun/servlet/hhome HTTP/1.1" 200 4203
186.103.157.42 - - [06/Mar/2018:10:33:42 -0300] "GET /cormun/servlet/licenciaspermisos?b716d9774d95fc9202bac6dedf971b68c2d7e4e2701c8998f04e59e68c3c22ec5a008fab8bbfb1de5420c6997a324156,gx-no-cache=1520343182260 HTTP/1.1" 200 69
192.168.10.56 - - [06/Mar/2018:10:33:43 -0300] "POST /cormun/servlet/trsolicitudgral?066235255724ca73efad10159c3b954a,,gx-no-cache=1520343062362 HTTP/1.1" 200 11954
186.103.157.42 - - [06/Mar/2018:10:33:43 -0300] "POST /cormun/servlet/licenciaspermisos?84b3532af1e26d1aa92df9460010ee5a,INS,0,,,,gx-no-cache=1520343182398 HTTP/1.1" 200 4862
186.9.21.170 - - [06/Mar/2018:10:33:46 -0300] "GET /cormun/servlet/trautorizarsolicitud? HTTP/1.1" 200 9329
186.9.21.170 - - [06/Mar/2018:10:33:46 -0300] "GET /cormun/static/gxcfg.js?2017111423403364 HTTP/1.1" 200 953
186.9.21.170 - - [06/Mar/2018:10:33:47 -0300] "GET /cormun/static/trautorizarsolicitud.js?201711142340425 HTTP/1.1" 200 53910
186.9.21.170 - - [06/Mar/2018:10:33:48 -0300] "GET /cormun/servlet/trautorizarsolicitud? HTTP/1.1" 200 9327
186.103.159.189 - - [06/Mar/2018:10:33:54 -0300] "POST /cormun/servlet/trautorizarsolicitud?9a2433f63b38a29fce08656997439cbe,,gx-no-cache=1520343183521 HTTP/1.1" 200 4393
186.103.159.189 - - [06/Mar/2018:10:34:00 -0300] "POST /cormun/servlet/trautorizarsolicitud?9a2433f63b38a29fce08656997439cbe,,gx-no-cache=1520343192184 HTTP/1.1" 200 4392
186.103.157.42 - - [06/Mar/2018:10:34:20 -0300] "GET /cormun/static/menuarrow.gif HTTP/1.1" 404 1015
192.168.10.56 - - [06/Mar/2018:10:34:22 -0300] "GET /cormun/servlet/hlogin HTTP/1.1" 200 1735
192.168.10.50 - - [06/Mar/2018:10:34:22 -0300] "POST /cormun/servlet/trsolicitudgral?0a3d557a1eaeaba86cd775f6eea7d209,gx-no-cache=1520339262319,gx-no-cache=1520343101406 HTTP/1.1" 200 12464
192.168.10.61 - - [06/Mar/2018:10:34:23 -0300] "GET /cormun/servlet/hlogin HTTP/1.1" 200 1718
192.168.10.56 - - [06/Mar/2018:10:34:25 -0300] "POST /cormun/servlet/hlogin?066235255724ca73efad10159c3b954a,gx-no-cache=1520343104873 HTTP/1.1" 200 90
192.168.10.56 - - [06/Mar/2018:10:34:25 -0300] "GET /cormun/servlet/hpexe_link HTTP/1.1" 200 947
192.168.10.56 - - [06/Mar/2018:10:34:25 -0300] "GET /cormun/servlet/hhome HTTP/1.1" 200 3818
186.79.20.211 - - [06/Mar/2018:10:34:26 -0300] "GET /cormun/servlet/hlogin HTTP/1.1" 200 1714
192.168.10.56 - - [06/Mar/2018:10:34:26 -0300] "GET /cormun/servlet/hhome HTTP/1.1" 200 3813
192.168.10.50 - - [06/Mar/2018:10:34:30 -0300] "POST /cormun/servlet/trsolicitudgral?0a3d557a1eaeaba86cd775f6eea7d209,gx-no-cache=1520339262319,gx-no-cache=1520343109625 HTTP/1.1" 200 9175
192.168.10.56 - - [06/Mar/2018:10:34:35 -0300] "GET /cormun/servlet/trautorizarot? HTTP/1.1" 200 26891
192.168.10.56 - - [06/Mar/2018:10:34:36 -0300] "GET /cormun/servlet/trautorizarot? HTTP/1.1" 200 26889
192.168.10.61 - - [06/Mar/2018:10:34:38 -0300] "POST /cormun/servlet/hlogin?c723a26327f280c91c0c1798dc63762c,gx-no-cache=1520343117476 HTTP/1.1" 200 90
192.168.10.61 - - [06/Mar/2018:10:34:38 -0300] "GET /cormun/servlet/hpexe_link HTTP/1.1" 200 943
192.168.10.61 - - [06/Mar/2018:10:34:38 -0300] "GET /cormun/servlet/hhome HTTP/1.1" 200 4452
192.168.10.61 - - [06/Mar/2018:10:34:38 -0300] "GET /cormun/servlet/hhome HTTP/1.1" 200 4448
186.79.20.211 - - [06/Mar/2018:10:34:45 -0300] "POST /cormun/servlet/hlogin?cac695ff00b9a264366737b4f59ff64f,gx-no-cache=1520339635708 HTTP/1.1" 200 90
186.79.20.211 - - [06/Mar/2018:10:34:46 -0300] "GET /cormun/servlet/hpexe_link HTTP/1.1" 200 946
186.79.20.211 - - [06/Mar/2018:10:34:46 -0300] "GET /cormun/servlet/hhome HTTP/1.1" 200 3976
186.79.20.211 - - [06/Mar/2018:10:34:46 -0300] "GET /cormun/servlet/hhome HTTP/1.1" 200 3974
186.9.21.170 - - [06/Mar/2018:10:34:48 -0300] "GET /cormun/servlet/veautorizarsolicitud?2018,10087,, HTTP/1.1" 200 8604
192.168.10.56 - - [06/Mar/2018:10:34:48 -0300] "POST /cormun/servlet/trautorizarot?066235255724ca73efad10159c3b954a,,gx-no-cache=1520343127500 HTTP/1.1" 200 24234
186.9.21.170 - - [06/Mar/2018:10:34:49 -0300] "GET /cormun/static/gxcfg.js?2017111423404691 HTTP/1.1" 200 953
186.9.21.170 - - [06/Mar/2018:10:34:49 -0300] "GET /cormun/pexe_scrolldiv.js HTTP/1.1" 404 1009
186.9.21.170 - - [06/Mar/2018:10:34:49 -0300] "GET /cormun/static/veautorizarsolicitud.js?2017111423404756 HTTP/1.1" 200 6140
186.9.21.170 - - [06/Mar/2018:10:34:49 -0300] "GET /cormun/static/hwcviewtabs.js?20177611594913 HTTP/1.1" 200 1074
186.9.21.170 - - [06/Mar/2018:10:34:49 -0300] "GET /cormun/static/hpexe_tabsview.js?201610171694228 HTTP/1.1" 200 1661
186.9.21.170 - - [06/Mar/2018:10:34:49 -0300] "GET /cormun/static/Resources/PXToolsTabFirstSelected.png HTTP/1.1" 200 1259
186.9.21.170 - - [06/Mar/2018:10:34:49 -0300] "GET /cormun/static/Resources/PXToolsTabLastUnselected.png HTTP/1.1" 200 1291
186.9.21.170 - - [06/Mar/2018:10:34:49 -0300] "GET /cormun/static/tbautorizarsolicitud01.js?2017111423392092 HTTP/1.1" 200 30580
186.79.20.211 - - [06/Mar/2018:10:34:49 -0300] "GET /cormun/servlet/trsolicitudot? HTTP/1.1" 200 7188
186.9.21.170 - - [06/Mar/2018:10:34:49 -0300] "GET /cormun/static/Resources/PXToolsTabPrevious.gif HTTP/1.1" 200 172
186.9.21.170 - - [06/Mar/2018:10:34:49 -0300] "GET /cormun/static/Resources/PXToolsTabNext.gif HTTP/1.1" 200 168
186.9.21.170 - - [06/Mar/2018:10:34:50 -0300] "GET /cormun/static/calendar-system.css HTTP/1.1" 200 5572
186.79.20.211 - - [06/Mar/2018:10:34:50 -0300] "GET /cormun/servlet/trsolicitudot? HTTP/1.1" 200 7187
186.9.21.170 - - [06/Mar/2018:10:34:50 -0300] "GET /cormun/static/Resources/PXToolsTabBackSelected.png HTTP/1.1" 200 1157
186.9.21.170 - - [06/Mar/2018:10:34:50 -0300] "GET /cormun/static/Resources/PXToolsTabSelectedUnselected.png HTTP/1.1" 200 1428
186.9.21.170 - - [06/Mar/2018:10:34:50 -0300] "GET /cormun/static/Resources/PXToolsTabUnselectedUnselected.png HTTP/1.1" 200 1459
186.9.21.170 - - [06/Mar/2018:10:34:50 -0300] "GET /cormun/servlet/veautorizarsolicitud?2018,10087,, HTTP/1.1" 200 8604
186.9.21.170 - - [06/Mar/2018:10:34:50 -0300] "GET /cormun/static/Resources/PXToolsTabBackUnselected.png HTTP/1.1" 200 1175
186.79.20.211 - - [06/Mar/2018:10:34:52 -0300] "GET /cormun/servlet/solicitudot?INS,0,0, HTTP/1.1" 200 13421
186.79.20.211 - - [06/Mar/2018:10:34:52 -0300] "GET /cormun/servlet/solicitudot?INS,0,0, HTTP/1.1" 200 13426
186.79.20.211 - - [06/Mar/2018:10:34:56 -0300] "GET /cormun/servlet/prfichaempleado?,MD,,gxPopupLevel%3D0%3B HTTP/1.1" 200 9333
192.168.10.56 - - [06/Mar/2018:10:34:58 -0300] "GET /cormun/servlet/hlogin HTTP/1.1" 200 1733
192.168.10.56 - - [06/Mar/2018:10:35:03 -0300] "POST /cormun/servlet/hlogin?066235255724ca73efad10159c3b954a,gx-no-cache=1520343142489 HTTP/1.1" 200 90
192.168.10.56 - - [06/Mar/2018:10:35:03 -0300] "GET /cormun/servlet/hpexe_link HTTP/1.1" 200 947
192.168.10.56 - - [06/Mar/2018:10:35:03 -0300] "GET /cormun/servlet/hhome HTTP/1.1" 200 4460
192.168.10.56 - - [06/Mar/2018:10:35:03 -0300] "GET /cormun/servlet/hhome HTTP/1.1" 200 4456
186.79.20.211 - - [06/Mar/2018:10:35:07 -0300] "POST /cormun/servlet/prfichaempleado?cac695ff00b9a264366737b4f59ff64f,,MD,,gxPopupLevel%3D0%3B,gx-no-cache=1520339656303 HTTP/1.1" 200 3416
186.9.21.170 - - [06/Mar/2018:10:35:09 -0300] "GET /cormun/servlet/veautorizarsolicitud?2018,10087,,SolicitudOTAdjuntos HTTP/1.1" 200 10904
186.9.21.170 - - [06/Mar/2018:10:35:09 -0300] "GET /cormun/pexe_scrolldiv.js HTTP/1.1" 404 1009
186.9.21.170 - - [06/Mar/2018:10:35:09 -0300] "GET /cormun/static/tbautorizarsolicitud02.js?2017111423391281 HTTP/1.1" 200 14747
186.9.21.170 - - [06/Mar/2018:10:35:10 -0300] "GET /cormun/static/gxui/gxui-all.css HTTP/1.1" 200 2179
186.9.21.170 - - [06/Mar/2018:10:35:10 -0300] "GET /cormun/static/Resources/PXToolsTabUnselectedSelected.png HTTP/1.1" 200 1444
186.9.21.170 - - [06/Mar/2018:10:35:10 -0300] "GET /cormun/static/Resources/PXToolsTabFirstUnselected.png HTTP/1.1" 200 1264
186.9.21.170 - - [06/Mar/2018:10:35:11 -0300] "GET /cormun/static/Shared/ext/resources/css/ext-all.css HTTP/1.1" 200 416045
186.9.21.170 - - [06/Mar/2018:10:35:11 -0300] "GET /cormun/servlet/veautorizarsolicitud?2018,10087,,SolicitudOTAdjuntos HTTP/1.1" 200 10903
186.79.20.211 - - [06/Mar/2018:10:35:12 -0300] "POST /cormun/servlet/solicitudot?gx-no-cache=1520339662247 HTTP/1.1" 200 3406
186.9.21.170 - - [06/Mar/2018:10:35:12 -0300] "POST /cormun/servlet/acontrolpreferencessavestate?None,GFAUNDEZ,true HTTP/1.1" 200 35
186.79.20.211 - - [06/Mar/2018:10:35:12 -0300] "POST /cormun/servlet/solicitudot?cac695ff00b9a264366737b4f59ff64f,INS,0,0,,gx-no-cache=1520339662845 HTTP/1.1" 200 10382
186.79.20.211 - - [06/Mar/2018:10:35:13 -0300] "GET /cormun/servlet/solicitudot?7d9c43160cfae83132683ffbe221986e17db3df9c6a49481ca09d2a6ac4fda8b5dd1fc3f22ae7e1e1173ae507569271a,gx-no-cache=1520339663428 HTTP/1.1" 200 30
186.79.20.211 - - [06/Mar/2018:10:35:16 -0300] "GET /cormun/servlet/solicitudot?7d9c43160cfae83132683ffbe221986e83a3b0b1d023f809c1e9767e2accd969d9e82a7548d57baab15b012cc0f12fa18f3a04a624b356e1bb49aeeaed23606b,gx-no-cache=1520339665976 HTTP/1.1" 200 30
186.79.20.211 - - [06/Mar/2018:10:35:16 -0300] "GET /cormun/servlet/solicitudot?7d9c43160cfae83132683ffbe221986e5ca483041a7ab7b446e6981a91cea9c9,gx-no-cache=1520339666609 HTTP/1.1" 200 53
186.79.20.211 - - [06/Mar/2018:10:35:16 -0300] "POST /cormun/servlet/solicitudot?gx-no-cache=1520339666738 HTTP/1.1" 200 255
186.79.20.211 - - [06/Mar/2018:10:35:16 -0300] "GET /cormun/servlet/solicitudot?7d9c43160cfae83132683ffbe221986e0dc37a64595e8e03770548180436728bf6f89c18761d266783ba5dd5b864a6e0aa767a7976b3cae4fdd156b4ac36e0c03076bf89f8b188896e644d0cdfcc790d2f7fe468feed40fc91214fbe9e9f1b9e23cc69161aa9cbe635f06f6562eb9c0ff0dc12e9e27ddf350acf2633d095969983e013cc8d14ffefcbbc91768c32c16477e7a4498318cc291b00a53129197e3856f3e9fab9897d06cc6d3861f67c8e99c57e7d9ce64ccd902d72661774b79f4597df7cef6c38c3e9511da00f643de9275cf92c2ee5e8a828b11cecb251b11068e4263a0ddba959ba1d27e2fb80dd5b71bba7034b95a2ffb38adc3336d13187324676abc56a6ee919243c66d8808864a784d598aeb4e210b9d917be0dc8537519a052ffcf2e7562fa3525ff8962c3628ab06a5bd42e26d8590cc9e580d7c0a8607ee6760e503f8ae03154cea1da077756df77e99bddf427f7c6ee43e149f1ac17f0290a96758506430c75423002c6bddfc1d4f9e00f769037975db3d6cbd1499e,gx-no-cache=1520339666894 HTTP/1.1" 200 30
186.9.21.170 - - [06/Mar/2018:10:35:18 -0300] "GET /cormun/servlet/trautorizarsolicitud? HTTP/1.1" 200 9334
186.79.20.211 - - [06/Mar/2018:10:35:18 -0300] "POST /cormun/servlet/solicitudot?gx-no-cache=1520339668457 HTTP/1.1" 200 30
186.9.21.170 - - [06/Mar/2018:10:35:19 -0300] "GET /cormun/servlet/trautorizarsolicitud? HTTP/1.1" 200 9327
186.79.20.211 - - [06/Mar/2018:10:35:20 -0300] "POST /cormun/servlet/solicitudot?gx-no-cache=1520339670352 HTTP/1.1" 200 1337
186.79.20.211 - - [06/Mar/2018:10:35:20 -0300] "POST /cormun/servlet/solicitudot?gx-no-cache=1520339670537 HTTP/1.1" 200 38
186.79.20.211 - - [06/Mar/2018:10:35:25 -0300] "GET /cormun/servlet/solicitudot?7d9c43160cfae83132683ffbe221986ebac9c322ba0f18f3081b8b78ef8df12be948d153233f117e608928b9527b607e681e31553ab34f3d54b74fc0c76307dd976a9c06275181a5faa7bd776fc6b2c74371e8de80aa3e307fd0114b3be036e27aa8c9bf845a901d5bcc7c5aaf51f617397b553c6493585f4409850f8d5db8749a216c901e5eb59ebd7474e613cdb69168c965b65f38db914b4ccba231e4d40f,gx-no-cache=1520339675621 HTTP/1.1" 200 29
186.79.20.211 - - [06/Mar/2018:10:35:25 -0300] "POST /cormun/servlet/solicitudot?gx-no-cache=1520339675747 HTTP/1.1" 200 1318
186.79.20.211 - - [06/Mar/2018:10:35:25 -0300] "POST /cormun/servlet/solicitudot?gx-no-cache=1520339675965 HTTP/1.1" 200 1218
186.79.20.211 - - [06/Mar/2018:10:35:26 -0300] "GET /cormun/static/menuarrow.gif HTTP/1.1" 404 1015
186.79.20.211 - - [06/Mar/2018:10:35:27 -0300] "POST /cormun/servlet/solicitudot?gx-no-cache=1520339677727 HTTP/1.1" 200 1318
186.79.20.211 - - [06/Mar/2018:10:35:27 -0300] "POST /cormun/servlet/solicitudot?gx-no-cache=1520339678126 HTTP/1.1" 200 1218
186.79.20.211 - - [06/Mar/2018:10:35:30 -0300] "GET /cormun/servlet/solicitudot?7d9c43160cfae83132683ffbe221986ec33a44e597e723b899828a9cf853de1d3f30061489fc05d97884680b532d6ec8,gx-no-cache=1520339680626 HTTP/1.1" 200 30
186.9.21.170 - - [06/Mar/2018:10:35:33 -0300] "POST /cormun/servlet/trautorizarsolicitud?ee281e88e8172cf873a532b0d005f0d8,,gx-no-cache=1520343285298 HTTP/1.1" 200 5828
186.9.21.170 - - [06/Mar/2018:10:35:33 -0300] "GET /cormun/static/Shared/jqueryui/images/ui-bg_highlight-soft_100_c6c2c8_1x100.png HTTP/1.1" 404 1117
186.9.21.170 - - [06/Mar/2018:10:35:33 -0300] "GET /cormun/static/Shared/jqueryui/images/ui-icons_82798d_256x240.png HTTP/1.1" 404 1089
186.9.21.170 - - [06/Mar/2018:10:35:33 -0300] "GET /cormun/static/Shared/jqueryui/images/ui-bg_flat_55_fafafa_40x100.png HTTP/1.1" 404 1097
186.9.21.170 - - [06/Mar/2018:10:35:33 -0300] "GET /cormun/static/Shared/jqueryui/images/ui-icons_8d78a5_256x240.png HTTP/1.1" 404 1089
186.9.21.170 - - [06/Mar/2018:10:35:34 -0300] "POST /cormun/servlet/trautorizarsolicitud?ee281e88e8172cf873a532b0d005f0d8,,gx-no-cache=1520343287022 HTTP/1.1" 200 5775
186.79.20.211 - - [06/Mar/2018:10:35:39 -0300] "POST /cormun/servlet/solicitudot?gx-no-cache=1520339689589 HTTP/1.1" 200 30
192.168.10.50 - - [06/Mar/2018:10:35:43 -0300] "POST /cormun/servlet/trsolicitudgral?0a3d557a1eaeaba86cd775f6eea7d209,gx-no-cache=1520339262319,gx-no-cache=1520343182642 HTTP/1.1" 200 8430
186.79.20.211 - - [06/Mar/2018:10:35:49 -0300] "POST /cormun/servlet/solicitudot?cac695ff00b9a264366737b4f59ff64f,INS,0,0,,gx-no-cache=1520339698477 HTTP/1.1" 200 93
186.79.20.211 - - [06/Mar/2018:10:35:49 -0300] "GET /cormun/servlet/hpexe_return? HTTP/1.1" 200 1001
186.79.20.211 - - [06/Mar/2018:10:35:49 -0300] "GET /cormun/servlet/trsolicitudot HTTP/1.1" 200 8564
186.79.20.211 - - [06/Mar/2018:10:35:49 -0300] "GET /cormun/servlet/trsolicitudot HTTP/1.1" 200 8562
186.103.157.42 - - [06/Mar/2018:10:35:53 -0300] "GET /cormun/servlet/licenciaspermisos?b716d9774d95fc9202bac6dedf971b685b5c33a7b31992732a4fd323d478b80abcf68136668b055c10da3d07da9e854beab45aecbc0182fa8110e8ca3ce8f881e6ec7c55a2a30f39f3c1118374fbcf836cb3572b93fb98cefc5bcd1fdc2bc8c846bfb9ed7df081c7596aafb6cbd06c66cb666a5d844c0b9077e8f0c97c0b25d3bc26de1c84ebdf585f9ae7f93fdd296f8b4e3aa5a9b1f8bf6c03933eef45836d873cbc7a0417ce9bd06ed95912908732,gx-no-cache=1520343312663 HTTP/1.1" 200 30
186.103.157.42 - - [06/Mar/2018:10:35:53 -0300] "POST /cormun/servlet/licenciaspermisos?84b3532af1e26d1aa92df9460010ee5a,INS,0,,,,gx-no-cache=1520343312813 HTTP/1.1" 200 4958
186.103.157.42 - - [06/Mar/2018:10:35:54 -0300] "GET /cormun/static/Resources/resize.gif HTTP/1.1" 200 77
192.168.10.56 - - [06/Mar/2018:10:35:54 -0300] "GET /cormun/servlet/trsolicitudgral? HTTP/1.1" 200 15608
186.103.157.42 - - [06/Mar/2018:10:35:55 -0300] "GET /cormun/servlet/prfichaempleado?,MD,,gxPopupLevel%3D0%3B HTTP/1.1" 200 9428
186.103.157.42 - - [06/Mar/2018:10:35:55 -0300] "GET /cormun/static/gxcfg.js?20177612134814 HTTP/1.1" 200 953
186.103.157.42 - - [06/Mar/2018:10:35:55 -0300] "GET /cormun/static/Resources/PXToolsMenuSearch.png HTTP/1.1" 200 2914
186.103.157.42 - - [06/Mar/2018:10:35:55 -0300] "GET /cormun/static/menusearch.js?201610171694467 HTTP/1.1" 200 1424
192.168.10.56 - - [06/Mar/2018:10:35:55 -0300] "GET /cormun/servlet/trsolicitudgral? HTTP/1.1" 200 15606
186.103.157.42 - - [06/Mar/2018:10:35:56 -0300] "GET /cormun/static/hmpwkw011.js?20177612121862 HTTP/1.1" 200 1968
186.103.157.42 - - [06/Mar/2018:10:35:56 -0300] "GET /cormun/static/Resources/PXToolsMenuSearchCancel.png HTTP/1.1" 200 2972
186.103.157.42 - - [06/Mar/2018:10:35:56 -0300] "GET /cormun/static/prfichaempleado.js?20177612134999 HTTP/1.1" 200 16006
186.79.20.211 - - [06/Mar/2018:10:36:01 -0300] "POST /cormun/servlet/trsolicitudot?cac695ff00b9a264366737b4f59ff64f,gx-no-cache=1520339710793 HTTP/1.1" 200 4471
186.79.20.211 - - [06/Mar/2018:10:36:01 -0300] "GET /cormun/static/Shared/jqueryui/images/ui-bg_highlight-soft_100_c6c2c8_1x100.png HTTP/1.1" 404 1117
186.79.20.211 - - [06/Mar/2018:10:36:01 -0300] "GET /cormun/static/Shared/jqueryui/images/ui-bg_flat_55_fafafa_40x100.png HTTP/1.1" 404 1097
186.79.20.211 - - [06/Mar/2018:10:36:01 -0300] "GET /cormun/static/Shared/jqueryui/images/ui-icons_82798d_256x240.png HTTP/1.1" 404 1089
186.79.20.211 - - [06/Mar/2018:10:36:01 -0300] "GET /cormun/static/Shared/jqueryui/images/ui-icons_8d78a5_256x240.png HTTP/1.1" 404 1089
186.79.20.211 - - [06/Mar/2018:10:36:01 -0300] "POST /cormun/servlet/trsolicitudot?cac695ff00b9a264366737b4f59ff64f,gx-no-cache=1520339711572 HTTP/1.1" 200 4254
192.168.10.62 - - [06/Mar/2018:10:36:08 -0300] "POST /cormun/servlet/trsolicitudgral?acb6e35fbcf2996e87b827730408425c,gx-no-cache=1520341112506,gx-no-cache=1520343207641 HTTP/1.1" 200 12061
192.168.10.56 - - [06/Mar/2018:10:36:08 -0300] "POST /cormun/servlet/trsolicitudgral?066235255724ca73efad10159c3b954a,,gx-no-cache=1520343207470 HTTP/1.1" 200 24002
192.168.10.62 - - [06/Mar/2018:10:36:10 -0300] "POST /cormun/servlet/trsolicitudgral?acb6e35fbcf2996e87b827730408425c,gx-no-cache=1520341112506,gx-no-cache=1520343209211 HTTP/1.1" 200 105
186.103.157.42 - - [06/Mar/2018:10:36:10 -0300] "POST /cormun/servlet/prfichaempleado?84b3532af1e26d1aa92df9460010ee5a,,MD,,gxPopupLevel%3D0%3B,gx-no-cache=1520343327709 HTTP/1.1" 200 3426
192.168.10.62 - - [06/Mar/2018:10:36:10 -0300] "POST /cormun/servlet/trsolicitudgral?acb6e35fbcf2996e87b827730408425c,gx-no-cache=1520341112506,gx-no-cache=1520343209397 HTTP/1.1" 200 12041
192.168.10.62 - - [06/Mar/2018:10:36:10 -0300] "GET /cormun/SolicitudGral-6414.xls HTTP/1.1" 200 11264
192.168.10.56 - - [06/Mar/2018:10:36:13 -0300] "POST /cormun/servlet/trsolicitudgral?066235255724ca73efad10159c3b954a,,gx-no-cache=1520343212144 HTTP/1.1" 200 105
192.168.10.56 - - [06/Mar/2018:10:36:13 -0300] "GET /cormun/SolicitudGral-4808.xls HTTP/1.1" 200 27648
186.67.172.234 - - [06/Mar/2018:10:36:13 -0300] "GET /cormun/servlet/hlogin HTTP/1.1" 200 1715
186.67.172.234 - - [06/Mar/2018:10:36:13 -0300] "GET /cormun/servlet/hlogin HTTP/1.1" 200 1726
186.67.172.234 - - [06/Mar/2018:10:36:13 -0300] "GET /favicon.ico HTTP/1.1" 200 21630
186.79.20.211 - - [06/Mar/2018:10:36:15 -0300] "GET /cormun/servlet/hlogin HTTP/1.1" 200 1733
186.67.172.234 - - [06/Mar/2018:10:36:22 -0300] "POST /cormun/servlet/hlogin?9ab1c04f5c4673225a4e0a257fc996b4,gx-no-cache=1520343331171 HTTP/1.1" 200 439
186.103.157.42 - - [06/Mar/2018:10:36:27 -0300] "GET /cormun/servlet/licenciaspermisos?INS,0,,, HTTP/1.1" 200 7796
186.103.157.42 - - [06/Mar/2018:10:36:27 -0300] "GET /cormun/servlet/licenciaspermisos?INS,0,,, HTTP/1.1" 200 7796
186.67.172.234 - - [06/Mar/2018:10:36:28 -0300] "POST /cormun/servlet/hlogin?9ab1c04f5c4673225a4e0a257fc996b4,gx-no-cache=1520343338431 HTTP/1.1" 200 439
186.67.172.234 - - [06/Mar/2018:10:36:34 -0300] "POST /cormun/servlet/hlogin?9ab1c04f5c4673225a4e0a257fc996b4,gx-no-cache=1520343344095 HTTP/1.1" 200 90
186.67.172.234 - - [06/Mar/2018:10:36:35 -0300] "GET /cormun/servlet/hpexe_link HTTP/1.1" 200 945
186.67.172.234 - - [06/Mar/2018:10:36:35 -0300] "GET /cormun/servlet/hhome HTTP/1.1" 200 4223
186.67.172.234 - - [06/Mar/2018:10:36:35 -0300] "GET /cormun/static/PXToolsJavascripts/pexe_windows.js HTTP/1.1" 200 15207
186.67.172.234 - - [06/Mar/2018:10:36:35 -0300] "GET /cormun/static/PXToolsJavascripts/pexe_link.js HTTP/1.1" 200 5671
186.67.172.234 - - [06/Mar/2018:10:36:36 -0300] "GET /cormun/servlet/hhome HTTP/1.1" 200 4220
186.79.22.245 - - [06/Mar/2018:10:36:44 -0300] "POST /cormun/servlet/hlogin?603d230edc4387e4b4e39b833b60874e,gx-no-cache=1520343355646 HTTP/1.1" 200 90
186.79.22.245 - - [06/Mar/2018:10:36:44 -0300] "GET /cormun/servlet/hpexe_link HTTP/1.1" 200 981
186.79.22.245 - - [06/Mar/2018:10:36:45 -0300] "GET /cormun/servlet/trsolicitudot?gx-no-cache=1520343095878 HTTP/1.1" 200 7450
186.79.22.245 - - [06/Mar/2018:10:36:46 -0300] "GET /cormun/servlet/trsolicitudot?gx-no-cache=1520343095878 HTTP/1.1" 200 7470
186.79.22.245 - - [06/Mar/2018:10:36:48 -0300] "GET /cormun/servlet/solicitudot?INS,0,0, HTTP/1.1" 200 13700
186.79.22.245 - - [06/Mar/2018:10:36:50 -0300] "GET /cormun/servlet/solicitudot?INS,0,0, HTTP/1.1" 200 13683
186.67.172.234 - - [06/Mar/2018:10:36:52 -0300] "GET /cormun/servlet/trcontratosolicitud? HTTP/1.1" 200 14409
186.67.172.234 - - [06/Mar/2018:10:36:53 -0300] "GET /cormun/servlet/trcontratosolicitud? HTTP/1.1" 200 14407
186.103.157.42 - - [06/Mar/2018:10:36:56 -0300] "GET /cormun/servlet/licenciaspermisos?b716d9774d95fc9202bac6dedf971b68c2d7e4e2701c8998f04e59e68c3c22ec5a008fab8bbfb1de5420c6997a324156,gx-no-cache=1520343376427 HTTP/1.1" 200 69
186.103.157.42 - - [06/Mar/2018:10:36:57 -0300] "POST /cormun/servlet/licenciaspermisos?84b3532af1e26d1aa92df9460010ee5a,INS,0,,,,gx-no-cache=1520343376574 HTTP/1.1" 200 4871
186.67.172.234 - - [06/Mar/2018:10:36:57 -0300] "GET /cormun/servlet/trsolicitudot? HTTP/1.1" 200 7430
186.67.172.234 - - [06/Mar/2018:10:36:57 -0300] "GET /cormun/static/gxcfg.js?2017111422585916 HTTP/1.1" 304 -
186.67.172.234 - - [06/Mar/2018:10:36:58 -0300] "GET /cormun/servlet/trsolicitudot? HTTP/1.1" 200 7429
186.67.172.234 - - [06/Mar/2018:10:37:00 -0300] "GET /cormun/servlet/solicitudot?INS,0,0, HTTP/1.1" 200 13668
186.67.172.234 - - [06/Mar/2018:10:37:00 -0300] "GET /cormun/static/gxcfg.js?201812313224582 HTTP/1.1" 304 -
186.67.172.234 - - [06/Mar/2018:10:37:00 -0300] "GET /cormun/static/solicitudot.js?201812313224831 HTTP/1.1" 304 -
186.67.172.234 - - [06/Mar/2018:10:37:01 -0300] "GET /cormun/servlet/solicitudot?INS,0,0, HTTP/1.1" 200 13673
200.120.230.197 - - [06/Mar/2018:10:37:03 -0300] "POST /cormun/servlet/solicitudot?gx-no-cache=1520343374116 HTTP/1.1" 200 3293
200.120.230.197 - - [06/Mar/2018:10:37:04 -0300] "POST /cormun/servlet/solicitudot?603d230edc4387e4b4e39b833b60874e,INS,0,0,,gx-no-cache=1520343374508 HTTP/1.1" 200 10475
200.120.230.197 - - [06/Mar/2018:10:37:08 -0300] "GET /cormun/servlet/solicitudot?1ae568b3c842c938f854ead4c08e323719b082efa2b5e8ca82ca3028775ff31301b67780be037e7065b88108fa52328f,gx-no-cache=1520343379423 HTTP/1.1" 200 30
186.103.157.42 - - [06/Mar/2018:10:37:18 -0300] "GET /cormun/static/menuarrow.gif HTTP/1.1" 404 1015
186.67.172.234 - - [06/Mar/2018:10:37:28 -0300] "POST /cormun/servlet/solicitudot?gx-no-cache=1520343397252 HTTP/1.1" 200 3402
186.67.172.234 - - [06/Mar/2018:10:37:28 -0300] "POST /cormun/servlet/solicitudot?9ab1c04f5c4673225a4e0a257fc996b4,INS,0,0,,gx-no-cache=1520343397870 HTTP/1.1" 200 10568
186.67.172.234 - - [06/Mar/2018:10:37:49 -0300] "GET /cormun/servlet/solicitudot?ca5d83ba4fb518adc957a75956b6b80a8f8f003697a5e00cc51de3f4feb06b9dd81e01578c035e670556d42386a0b784,gx-no-cache=1520343418822 HTTP/1.1" 200 30
186.67.172.234 - - [06/Mar/2018:10:37:49 -0300] "GET /cormun/servlet/solicitudot?ca5d83ba4fb518adc957a75956b6b80ab5da54b85daa93a838868c8f1d9e6604b4855d5df89f06bc736cd27551e6dcfc,gx-no-cache=1520343418933 HTTP/1.1" 200 30
186.67.172.234 - - [06/Mar/2018:10:37:49 -0300] "GET /cormun/servlet/solicitudot?ca5d83ba4fb518adc957a75956b6b80ad3e626a968f64816fe1f1ea83fca2500,gx-no-cache=1520343419005 HTTP/1.1" 200 51
186.67.172.234 - - [06/Mar/2018:10:37:49 -0300] "POST /cormun/servlet/solicitudot?gx-no-cache=1520343419104 HTTP/1.1" 200 255
186.67.172.234 - - [06/Mar/2018:10:37:49 -0300] "GET /cormun/servlet/solicitudot?ca5d83ba4fb518adc957a75956b6b80a383942814ee66e109f5b32179d0c6acaddfd08abac17bfcaa47316209baf18ed73ced30641a775829530e8e847c5f68b2dbae09f3cedae6fe268f6359784248c80d6c894d096fb9fbca15a25bde5ba1b520c75afdb9d4e03e8da76dbf4e36a8c802a93260a35b3902b52ba281dc66e58cc1b0a0b74b46d3081b38e671a2745104e888ebd4fee614e5a725a37413eb293f762d910ae695813a391e3de35a08b1951d6a3f27397fdb5c3e8d2cc1a3ef50b256fd2531e75d5cd4c78d1f5d053a8f870bfa436d111fc6d2b815f0ce97c3ecb64a33e41f04171a0c47f53265aebc74d522f389425c1099c5169f0bf8a658c5d2a27d3e1a9423f6b6473d908fe4c3f89cb24b4dcccee121524a9b62ddd6ad02d8393d8fd64389098db6b703d4c66456b50c13076d9a4e7e41e8ce2296802d4276c45a08b3f7a242cea85033673f4e6ebe2fb26af96817d17dccdd8d98cb0dae11c2fa943dd280767bc3cfa7d537b12563ca84042b661351ecacf4f658d805bc0,gx-no-cache=1520343419203 HTTP/1.1" 200 30
186.67.172.234 - - [06/Mar/2018:10:37:53 -0300] "POST /cormun/servlet/solicitudot?gx-no-cache=1520343423202 HTTP/1.1" 200 30
186.67.172.234 - - [06/Mar/2018:10:37:57 -0300] "GET /cormun/servlet/prcontratosol?12911264,,,,,MD,,gxPopupLevel%3D0%3B HTTP/1.1" 200 8166
186.67.172.234 - - [06/Mar/2018:10:37:57 -0300] "GET /cormun/static/gxcfg.js?201761413223964 HTTP/1.1" 200 953
186.67.172.234 - - [06/Mar/2018:10:37:57 -0300] "GET /cormun/static/prcontratosol.js?201761413224174 HTTP/1.1" 200 15806
186.67.172.234 - - [06/Mar/2018:10:38:10 -0300] "POST /cormun/servlet/solicitudot?gx-no-cache=1520343440263 HTTP/1.1" 200 1419
186.67.172.234 - - [06/Mar/2018:10:38:10 -0300] "GET /cormun/static/Shared/jqueryui/images/ui-icons_82798d_256x240.png HTTP/1.1" 404 1089
186.67.172.234 - - [06/Mar/2018:10:38:11 -0300] "GET /cormun/static/Shared/jqueryui/images/ui-bg_flat_55_994d53_40x100.png HTTP/1.1" 404 1097
186.67.172.234 - - [06/Mar/2018:10:38:11 -0300] "GET /cormun/static/Shared/jqueryui/images/ui-bg_highlight-soft_100_c6c2c8_1x100.png HTTP/1.1" 404 1117
186.67.172.234 - - [06/Mar/2018:10:38:11 -0300] "GET /cormun/static/Shared/jqueryui/images/ui-icons_ebccce_256x240.png HTTP/1.1" 404 1089
186.67.172.234 - - [06/Mar/2018:10:38:11 -0300] "POST /cormun/servlet/solicitudot?gx-no-cache=1520343440474 HTTP/1.1" 200 117
186.67.172.234 - - [06/Mar/2018:10:38:11 -0300] "GET /cormun/servlet/solicitudot?ca5d83ba4fb518adc957a75956b6b80a87816de3d88681f88f7da65a0a08b35766bc74357a28ea419b750cd84acddcbfeb232a45de09f3f85bd0dbfeebeef38877c86dc7c952b08b0942df3943af613f0f83a64b8b74a728dd19dce01debcc9780691604085bddac545eb6c92d85f8b59d4d80a57e9879beb30f228ea4e239d8156cd4cbab59200e8d7518dace6840b1bb7e815a620493dcde3ed6e5a712db83d61993c95417f6dd65321decb1b020a27b8b27149b040c397e1e15ed1afc30990ea1666aac208944a7f3ae5dbf69778a,gx-no-cache=1520343440601 HTTP/1.1" 200 29
186.67.172.234 - - [06/Mar/2018:10:38:11 -0300] "GET /cormun/servlet/solicitudot?ca5d83ba4fb518adc957a75956b6b80adb2de7b7d17177548b3154f9da8ce81dc7c8c34c4d16f2611be04fcf1219da0a48f1d0f3c92ef30e471cd632726304ad953d40d24619e1f8179aaa3ca708e6ea252a556c2dbb648a42f84d48e681d365b07138bdc0cebb1bc3694fc5a70255c0b81e8aa42ee8b640332fdd614b6d8a5e291754d5f584f7ef2142a4cf67e87c3f80ddb650f85d63f080bf8dfe3d94bda5e98af1e034d3bd2989b340d1f9941b09aeb62eb13723b98796bc1357efba873e,gx-no-cache=1520343441005 HTTP/1.1" 200 62
186.67.172.234 - - [06/Mar/2018:10:38:11 -0300] "GET /cormun/servlet/solicitudot?2ea2e7f98201120474f4f65f6be14f47f7e60bd79c22f03c3dcdb06115f8bda0309e7fe3fc9ac5de682fcc2032c64f6227c0d129f25303c130571ef73116869e8e01bd3772eee1606a279580fa748553,gx-no-cache=1520343441094 HTTP/1.1" 200 55
186.67.172.234 - - [06/Mar/2018:10:38:11 -0300] "GET /cormun/servlet/solicitudot?ca5d83ba4fb518adc957a75956b6b80a388cf37592be8c37e9c8a79a0fbb65646b7ec256a46fa0a1100cdf64c3c95e4e,gx-no-cache=1520343441183 HTTP/1.1" 200 134
192.168.10.56 - - [06/Mar/2018:10:38:16 -0300] "POST /cormun/servlet/trsolicitudgral?066235255724ca73efad10159c3b954a,,gx-no-cache=1520343330613 HTTP/1.1" 200 26953
192.168.10.56 - - [06/Mar/2018:10:38:29 -0300] "POST /cormun/servlet/trsolicitudgral?066235255724ca73efad10159c3b954a,,gx-no-cache=1520343348046 HTTP/1.1" 200 12534
200.120.230.197 - - [06/Mar/2018:10:38:34 -0300] "GET /cormun/servlet/prbanco?,MD,,gxPopupLevel%3D0%3B HTTP/1.1" 200 6676
192.168.10.96 - - [06/Mar/2018:10:38:35 -0300] "GET /cormun/servlet/trsolicitudgral? HTTP/1.1" 200 20836
200.120.230.197 - - [06/Mar/2018:10:38:36 -0300] "GET /cormun/servlet/prbanco?,MD,,gxPopupLevel%3D0%3B,gxPopupLevel%3D0%3B HTTP/1.1" 200 6683
192.168.10.96 - - [06/Mar/2018:10:38:36 -0300] "GET /cormun/servlet/trsolicitudgral? HTTP/1.1" 200 20836
186.103.157.42 - - [06/Mar/2018:10:38:38 -0300] "GET /cormun/servlet/licenciaspermisos?b716d9774d95fc9202bac6dedf971b685b5c33a7b31992732a4fd323d478b80abcf68136668b055c10da3d07da9e854beab45aecbc0182fa8110e8ca3ce8f881e6ec7c55a2a30f39f3c1118374fbcf836cb3572b93fb98cefc5bcd1fdc2bc8c846bfb9ed7df081c7596aafb6cbd06c66cb666a5d844c0b9077e8f0c97c0b25d3bc26de1c84ebdf585f9ae7f93fdd296f8b4e3aa5a9b1f8bf6c03933eef45836d873cbc7a0417ce9bd06ed95912908732,gx-no-cache=1520343478305 HTTP/1.1" 200 30
186.103.157.42 - - [06/Mar/2018:10:38:39 -0300] "POST /cormun/servlet/licenciaspermisos?84b3532af1e26d1aa92df9460010ee5a,INS,0,,,,gx-no-cache=1520343478414 HTTP/1.1" 200 4968
186.67.172.234 - - [06/Mar/2018:10:38:40 -0300] "POST /cormun/servlet/solicitudot?gx-no-cache=1520343469593 HTTP/1.1" 200 1336
186.67.172.234 - - [06/Mar/2018:10:38:40 -0300] "GET /cormun/static/menuarrow.gif HTTP/1.1" 404 1015
186.103.157.42 - - [06/Mar/2018:10:38:41 -0300] "GET /cormun/servlet/prfichaempleado?,MD,,gxPopupLevel%3D0%3B HTTP/1.1" 200 9428
200.120.230.197 - - [06/Mar/2018:10:38:42 -0300] "GET /cormun/servlet/solicitudot?1ae568b3c842c938f854ead4c08e323783bf694c05380d4c3aad01fb1d9270fbfb60f3f981340be53ec084ee5718c527,gx-no-cache=1520343473438 HTTP/1.1" 200 30
186.67.172.234 - - [06/Mar/2018:10:38:42 -0300] "GET /cormun/servlet/prlicenciaspermisos?15392921,L,,MD,,gxPopupLevel%3D0%3B HTTP/1.1" 200 5767
186.67.172.234 - - [06/Mar/2018:10:38:42 -0300] "GET /cormun/static/gxcfg.js?20176272053834 HTTP/1.1" 200 953
186.67.172.234 - - [06/Mar/2018:10:38:42 -0300] "GET /cormun/static/prlicenciaspermisos.js?20176272054050 HTTP/1.1" 200 13379
186.67.172.234 - - [06/Mar/2018:10:38:42 -0300] "GET /cormun/static/Resources/Spanish/PXTools.css?17315867 HTTP/1.1" 200 89042
200.120.230.197 - - [06/Mar/2018:10:38:43 -0300] "GET /cormun/servlet/solicitudot?1ae568b3c842c938f854ead4c08e32375adb963b4b9c71676c4b587ec771286e,gx-no-cache=1520343474431 HTTP/1.1" 200 53
186.103.157.42 - - [06/Mar/2018:10:38:49 -0300] "POST /cormun/servlet/prfichaempleado?84b3532af1e26d1aa92df9460010ee5a,,MD,,gxPopupLevel%3D0%3B,gx-no-cache=1520343489294 HTTP/1.1" 200 3426
186.103.157.42 - - [06/Mar/2018:10:38:56 -0300] "GET /cormun/servlet/licenciaspermisos?b716d9774d95fc9202bac6dedf971b68a548408909624d0f4506ac95f958d4368417454254415019de6047b3b1d367e6c4f7013adabeb75794a7e454c2df8cba9684d27cf46cafbc8467f7dbefa9e085e5fe64db957808bf6d53dde99948f4e25ddc710c7c04df36f8e4225492c95c5be357bb89142fe0692c346e4d75e36456369b453af37706adf6c0a4365b7410a7b900d425e4819a5163fce33725948464b41d22dff3ee82aa2fc982c739205520b85f1f68c3026302058985e45d42e48aee9835ae3c3894086305404e2c03f79c71ce6dc08dea0ad05c28e662b70dc2ea640b517af49888929d663770b48fd3fa,gx-no-cache=1520343496154 HTTP/1.1" 200 59
186.103.157.42 - - [06/Mar/2018:10:38:57 -0300] "POST /cormun/servlet/licenciaspermisos?84b3532af1e26d1aa92df9460010ee5a,INS,0,,,,gx-no-cache=1520343496237 HTTP/1.1" 200 93
186.103.157.42 - - [06/Mar/2018:10:38:57 -0300] "GET /cormun/servlet/hpexe_return? HTTP/1.1" 200 1010
186.103.157.42 - - [06/Mar/2018:10:38:57 -0300] "GET /cormun/static/gxcfg.js?2016101716175148 HTTP/1.1" 200 953
186.103.157.42 - - [06/Mar/2018:10:38:57 -0300] "GET /cormun/static/hpexe_return.js?2016101716175153 HTTP/1.1" 200 1633
186.103.157.42 - - [06/Mar/2018:10:38:57 -0300] "GET /cormun/static/Resources/Spanish/PXTools.css?167811 HTTP/1.1" 200 89042
186.67.172.234 - - [06/Mar/2018:10:38:57 -0300] "POST /cormun/servlet/solicitudot?gx-no-cache=1520343486905 HTTP/1.1" 200 41
186.103.157.42 - - [06/Mar/2018:10:38:57 -0300] "GET /cormun/servlet/trlicencias HTTP/1.1" 200 9341
186.103.157.42 - - [06/Mar/2018:10:38:57 -0300] "GET /cormun//static/Resources/PXToolsGridUpdate.png HTTP/1.1" 200 2984
186.103.157.42 - - [06/Mar/2018:10:38:57 -0300] "GET /cormun//static/Resources/PXToolsGridDelete.png HTTP/1.1" 200 357
186.103.157.42 - - [06/Mar/2018:10:38:57 -0300] "GET /cormun/servlet/trlicencias HTTP/1.1" 200 9336
186.67.172.234 - - [06/Mar/2018:10:39:00 -0300] "GET /cormun/servlet/solicitudot?ca5d83ba4fb518adc957a75956b6b80a87816de3d88681f88f7da65a0a08b35766bc74357a28ea419b750cd84acddcbf336ade3f1f6f36d52835e105cbca259f77c86dc7c952b08b0942df3943af613f0f83a64b8b74a728dd19dce01debcc9780691604085bddac545eb6c92d85f8b59d4d80a57e9879beb30f228ea4e239d8156cd4cbab59200e8d7518dace6840b1bb7e815a620493dcde3ed6e5a712db83d61993c95417f6dd65321decb1b020a27b8b27149b040c397e1e15ed1afc30990ea1666aac208944a7f3ae5dbf69778a,gx-no-cache=1520343489929 HTTP/1.1" 200 29
192.168.10.96 - - [06/Mar/2018:10:39:01 -0300] "POST /cormun/servlet/trsolicitudgral?15503d4ea40be0f4f798b37d36e5bf24,,gx-no-cache=1520343380567 HTTP/1.1" 200 21394
186.79.22.245 - - [06/Mar/2018:10:39:06 -0300] "POST /cormun/servlet/solicitudot?gx-no-cache=1520343496956 HTTP/1.1" 200 297
186.79.22.245 - - [06/Mar/2018:10:39:06 -0300] "GET /cormun/servlet/solicitudot?1ae568b3c842c938f854ead4c08e32370d388135156653ef914c0df5c09bb0d42c3a1344f8232dc05785c636f11bbdb5d9cf6dae201a3386206f2dd7947299e574a52e7ec689d1bc186834e4ea163a7be1b763982824aa68625d2dd82aa89b33a3bd1245bc233bc757cad772731facd479d06af8af70ade43a8f7c948755e8ddb2ae27bce3cc3f6bf686901fbea10769a47fc46598b8e8fe9402dc3f6674501981e1bbb908f407214d836131b193f689052f6a3827a3e4088a2abc90639284bc02c2a989d7f3e3994301c2f76cb7d46ddb067a263cf1f0b0554498b317192c684cf7bbf86eb4de34c187f8c89d54d50f6f1a5c509476ee0b35bddc84fa4a60d7b818f334b44c61374afc35e4913ea9b1873bbe474b1a65b6b0337bb60224d27e01a3f6dd56bf39dcc40cf22c541e7be6b9511bcd212a9749ddb08a1f324eab6cc20b54b1855f1a4353bc8b9cc1ab96dad61f2370c596de2d660200d27f6b898bc847ac3943d8b716631f628b70008d41f1262d21fb93d54bb4d9a211f1d946250331c2cc943492df1d9ad820f4d1052f,gx-no-cache=1520343497310 HTTP/1.1" 200 30
186.67.172.234 - - [06/Mar/2018:10:39:06 -0300] "POST /cormun/servlet/solicitudot?gx-no-cache=1520343496140 HTTP/1.1" 200 1319
186.67.172.234 - - [06/Mar/2018:10:39:06 -0300] "POST /cormun/servlet/solicitudot?gx-no-cache=1520343496249 HTTP/1.1" 200 1218
186.79.22.245 - - [06/Mar/2018:10:39:08 -0300] "POST /cormun/servlet/solicitudot?gx-no-cache=1520343499199 HTTP/1.1" 200 30
186.79.22.245 - - [06/Mar/2018:10:39:10 -0300] "POST /cormun/servlet/solicitudot?gx-no-cache=1520343501037 HTTP/1.1" 200 1333
186.79.22.245 - - [06/Mar/2018:10:39:10 -0300] "POST /cormun/servlet/solicitudot?gx-no-cache=1520343501773 HTTP/1.1" 200 38
192.168.10.61 - - [06/Mar/2018:10:39:46 -0300] "GET /cormun/servlet/trsolicitudgral? HTTP/1.1" 200 28376
200.120.230.197 - - [06/Mar/2018:10:39:47 -0300] "GET /cormun/servlet/solicitudot?1ae568b3c842c938f854ead4c08e323754ab0a3d66bc443ae3a54685adca06b71aefe3be4dc32d5663a560c3ab6e02671d3e436bd4142240c76bb91a7965a3a5360447eadf9cb9fbe0a386415e236604d06ab2bf9f230a867d8d6c1e826f8811f80024bf5fb7ac051dcb0c6d29d32636,gx-no-cache=1520343538091 HTTP/1.1" 200 29
200.120.230.197 - - [06/Mar/2018:10:39:47 -0300] "POST /cormun/servlet/solicitudot?gx-no-cache=1520343538285 HTTP/1.1" 200 1319
200.120.230.197 - - [06/Mar/2018:10:39:47 -0300] "POST /cormun/servlet/solicitudot?gx-no-cache=1520343538475 HTTP/1.1" 200 1215
192.168.10.61 - - [06/Mar/2018:10:39:48 -0300] "GET /cormun/servlet/trsolicitudgral? HTTP/1.1" 200 28374
200.120.230.197 - - [06/Mar/2018:10:39:58 -0300] "GET /cormun/static/menuarrow.gif HTTP/1.1" 404 1015
200.120.230.197 - - [06/Mar/2018:10:40:02 -0300] "GET /cormun/servlet/solicitudot?1ae568b3c842c938f854ead4c08e3237a38839753d75e293997dee4d8896893fe447914aaccb5d03dee027a7015f9e13,gx-no-cache=1520343553941 HTTP/1.1" 200 30
200.120.230.197 - - [06/Mar/2018:10:40:09 -0300] "POST /cormun/servlet/solicitudot?gx-no-cache=1520343560145 HTTP/1.1" 200 30
200.120.230.197 - - [06/Mar/2018:10:40:19 -0300] "POST /cormun/servlet/solicitudot?603d230edc4387e4b4e39b833b60874e,INS,0,0,,gx-no-cache=1520343570112 HTTP/1.1" 200 93
200.120.230.197 - - [06/Mar/2018:10:40:19 -0300] "GET /cormun/servlet/hpexe_return? HTTP/1.1" 200 1033
200.120.230.197 - - [06/Mar/2018:10:40:19 -0300] "GET /cormun/servlet/trsolicitudot?gx-no-cache=1520343095878 HTTP/1.1" 200 8801
192.168.10.61 - - [06/Mar/2018:10:40:20 -0300] "POST /cormun/servlet/trsolicitudgral?c723a26327f280c91c0c1798dc63762c,,gx-no-cache=1520343458001 HTTP/1.1" 200 25911
192.168.10.61 - - [06/Mar/2018:10:40:21 -0300] "GET /cormun/static/Resources/PXToolsGridNext.gif HTTP/1.1" 200 369
192.168.10.61 - - [06/Mar/2018:10:40:21 -0300] "GET /cormun/static/Resources/PXToolsGridLast.gif HTTP/1.1" 200 370
200.120.230.197 - - [06/Mar/2018:10:40:21 -0300] "GET /cormun/servlet/trsolicitudot?gx-no-cache=1520343095878 HTTP/1.1" 200 8818
200.120.230.197 - - [06/Mar/2018:10:40:27 -0300] "GET /cormun/servlet/vesolicitudot?2018,10090,, HTTP/1.1" 200 8607
192.168.10.61 - - [06/Mar/2018:10:40:28 -0300] "POST /cormun/servlet/trsolicitudgral?c723a26327f280c91c0c1798dc63762c,,gx-no-cache=1520343467564 HTTP/1.1" 200 8639
200.120.230.197 - - [06/Mar/2018:10:40:28 -0300] "GET /cormun/pexe_scrolldiv.js HTTP/1.1" 404 1009
186.67.172.234 - - [06/Mar/2018:10:40:29 -0300] "GET /cormun/servlet/solicitudot?ca5d83ba4fb518adc957a75956b6b80ae92ff28f5eba7b7b6c469a5ec143ff3adec2fa824417e8e1ca41acbef0847d88,gx-no-cache=1520343578784 HTTP/1.1" 200 30
200.120.230.197 - - [06/Mar/2018:10:40:29 -0300] "GET /cormun/servlet/vesolicitudot?2018,10090,, HTTP/1.1" 200 8584
186.67.172.234 - - [06/Mar/2018:10:40:29 -0300] "POST /cormun/servlet/solicitudot?gx-no-cache=1520343578895 HTTP/1.1" 200 107
186.67.172.234 - - [06/Mar/2018:10:40:36 -0300] "GET /cormun/servlet/prlicenciaspermisos?15392921,L,,MD,,gxPopupLevel%3D0%3B HTTP/1.1" 200 5767
186.67.172.234 - - [06/Mar/2018:10:40:43 -0300] "POST /cormun/servlet/solicitudot?gx-no-cache=1520343592768 HTTP/1.1" 200 1319
186.67.172.234 - - [06/Mar/2018:10:40:43 -0300] "POST /cormun/servlet/solicitudot?gx-no-cache=1520343592873 HTTP/1.1" 200 1219
186.67.172.234 - - [06/Mar/2018:10:40:44 -0300] "POST /cormun/servlet/solicitudot?gx-no-cache=1520343594248 HTTP/1.1" 200 1319
186.67.172.234 - - [06/Mar/2018:10:40:44 -0300] "POST /cormun/servlet/solicitudot?gx-no-cache=1520343594347 HTTP/1.1" 200 1219
186.67.172.234 - - [06/Mar/2018:10:40:56 -0300] "POST /cormun/servlet/solicitudot?gx-no-cache=1520343605696 HTTP/1.1" 200 32
186.9.21.170 - - [06/Mar/2018:10:41:19 -0300] "GET /cormun/servlet/hlogin HTTP/1.1" 200 1743
192.168.10.62 - - [06/Mar/2018:10:41:20 -0300] "POST /cormun/servlet/trsolicitudgral?acb6e35fbcf2996e87b827730408425c,gx-no-cache=1520341112506,gx-no-cache=1520343519746 HTTP/1.1" 200 12087
192.168.10.62 - - [06/Mar/2018:10:41:20 -0300] "GET /cormun/static/Shared/jqueryui/images/ui-bg_highlight-soft_100_c6c2c8_1x100.png HTTP/1.1" 404 1117
192.168.10.62 - - [06/Mar/2018:10:41:20 -0300] "GET /cormun/static/Shared/jqueryui/images/ui-icons_82798d_256x240.png HTTP/1.1" 404 1089
192.168.10.62 - - [06/Mar/2018:10:41:20 -0300] "GET /cormun/static/Shared/jqueryui/images/ui-icons_8d78a5_256x240.png HTTP/1.1" 404 1089
192.168.10.62 - - [06/Mar/2018:10:41:20 -0300] "GET /cormun/static/Shared/jqueryui/images/ui-bg_flat_55_fafafa_40x100.png HTTP/1.1" 404 1097
186.67.172.234 - - [06/Mar/2018:10:41:22 -0300] "POST /cormun/servlet/solicitudot?9ab1c04f5c4673225a4e0a257fc996b4,INS,0,0,,gx-no-cache=1520343629970 HTTP/1.1" 200 93
186.67.172.234 - - [06/Mar/2018:10:41:22 -0300] "GET /cormun/servlet/hpexe_return? HTTP/1.1" 200 1001
186.67.172.234 - - [06/Mar/2018:10:41:22 -0300] "GET /cormun/static/gxcfg.js?2016101716175148 HTTP/1.1" 304 -
186.67.172.234 - - [06/Mar/2018:10:41:22 -0300] "GET /cormun/servlet/trsolicitudot HTTP/1.1" 200 8895
186.67.172.234 - - [06/Mar/2018:10:41:22 -0300] "GET /cormun/servlet/trsolicitudot HTTP/1.1" 200 8891
200.120.230.197 - - [06/Mar/2018:10:41:42 -0300] "POST /cormun/servlet/vesolicitudot?603d230edc4387e4b4e39b833b60874e,2018,10090,,,gx-no-cache=1520343653214 HTTP/1.1" 200 90
200.120.230.197 - - [06/Mar/2018:10:41:42 -0300] "GET /cormun/servlet/hpexe_link HTTP/1.1" 200 991
200.120.230.197 - - [06/Mar/2018:10:41:42 -0300] "GET /cormun/servlet/trsolicitudot?gx-no-cache=1520343095878 HTTP/1.1" 200 8799
200.120.230.197 - - [06/Mar/2018:10:41:44 -0300] "GET /cormun/servlet/trsolicitudot?gx-no-cache=1520343095878 HTTP/1.1" 200 8818
200.120.230.197 - - [06/Mar/2018:10:41:51 -0300] "GET /cormun/servlet/solicitudot?INS,0,0, HTTP/1.1" 200 13700
200.120.230.197 - - [06/Mar/2018:10:41:52 -0300] "GET /cormun/servlet/solicitudot?INS,0,0, HTTP/1.1" 200 13683
186.79.22.245 - - [06/Mar/2018:10:42:04 -0300] "POST /cormun/servlet/solicitudot?gx-no-cache=1520343674984 HTTP/1.1" 200 3416
186.79.22.245 - - [06/Mar/2018:10:42:05 -0300] "POST /cormun/servlet/solicitudot?603d230edc4387e4b4e39b833b60874e,INS,0,0,,gx-no-cache=1520343675780 HTTP/1.1" 200 10607
186.79.22.245 - - [06/Mar/2018:10:42:21 -0300] "POST /cormun/servlet/solicitudot?603d230edc4387e4b4e39b833b60874e,INS,0,0,,gx-no-cache=1520343692507 HTTP/1.1" 200 90
186.79.22.245 - - [06/Mar/2018:10:42:21 -0300] "GET /cormun/servlet/hpexe_link HTTP/1.1" 200 985
186.79.22.245 - - [06/Mar/2018:10:42:22 -0300] "GET /cormun/servlet/trsolicitudot?gx-no-cache=1520343095878 HTTP/1.1" 200 8799
186.79.22.245 - - [06/Mar/2018:10:42:24 -0300] "GET /cormun/servlet/trsolicitudot?gx-no-cache=1520343095878 HTTP/1.1" 200 8818
186.79.22.245 - - [06/Mar/2018:10:42:27 -0300] "POST /cormun/servlet/trsolicitudot?603d230edc4387e4b4e39b833b60874e,gx-no-cache=1520343095878,gx-no-cache=1520343697726 HTTP/1.1" 200 106
186.79.22.245 - - [06/Mar/2018:10:42:27 -0300] "GET /cormun/servlet/trsolicitudadjuntos?2018,10090, HTTP/1.1" 200 6350
186.79.22.245 - - [06/Mar/2018:10:42:28 -0300] "GET /cormun/servlet/trsolicitudadjuntos?2018,10090, HTTP/1.1" 200 6329
186.79.22.245 - - [06/Mar/2018:10:42:30 -0300] "GET /cormun/servlet/solicitudotadjuntos?INS,2018,10090,,1, HTTP/1.1" 200 6277
186.79.22.245 - - [06/Mar/2018:10:42:30 -0300] "GET /cormun/static/about:blank HTTP/1.1" 404 1011
186.79.22.245 - - [06/Mar/2018:10:42:31 -0300] "GET /cormun/servlet/solicitudotadjuntos?INS,2018,10090,,1, HTTP/1.1" 200 6270
