186.103.157.39 - - [06/Mar/2018:12:31:01 -0300] "GET /cormun/static/Resources/PXToolsFooterBackground2.png HTTP/1.1" 200 1172
186.103.157.39 - - [06/Mar/2018:12:31:01 -0300] "GET /cormun/static/Resources/PXToolsHeaderPreferences.png HTTP/1.1" 200 4189
186.103.157.39 - - [06/Mar/2018:12:31:01 -0300] "GET /cormun/static/Resources/logo4.png HTTP/1.1" 200 6582
186.103.157.39 - - [06/Mar/2018:12:31:01 -0300] "GET /cormun/static/Resources/PXToolsHeaderActionsBackground.png HTTP/1.1" 200 484
186.103.157.39 - - [06/Mar/2018:12:31:02 -0300] "GET /cormun/static/SmoothNavMenu/resources/ddsmoothmenu.js HTTP/1.1" 200 12712
186.103.157.39 - - [06/Mar/2018:12:31:02 -0300] "GET /cormun/static/SmoothNavMenu/resources/SmoothNavMenuRender.js HTTP/1.1" 200 5951
186.103.157.39 - - [06/Mar/2018:12:31:02 -0300] "GET /cormun/static/scaMessage/scaMessageRender.js HTTP/1.1" 200 11977
186.103.157.39 - - [06/Mar/2018:12:31:02 -0300] "GET /cormun/static/hmpwkw03.js?20177612122668 HTTP/1.1" 200 3965
186.103.157.39 - - [06/Mar/2018:12:31:03 -0300] "GET /cormun/servlet/hhome HTTP/1.1" 200 3933
192.168.10.96 - - [06/Mar/2018:12:31:04 -0300] "POST /cormun/servlet/trsolicitudgral?15503d4ea40be0f4f798b37d36e5bf24,,gx-no-cache=1520350103956 HTTP/1.1" 200 11553
192.168.10.96 - - [06/Mar/2018:12:31:12 -0300] "POST /cormun/servlet/trsolicitudgral?15503d4ea40be0f4f798b37d36e5bf24,,gx-no-cache=1520350111364 HTTP/1.1" 200 105
192.168.10.96 - - [06/Mar/2018:12:31:12 -0300] "POST /cormun/servlet/trsolicitudgral?15503d4ea40be0f4f798b37d36e5bf24,,gx-no-cache=1520350111546 HTTP/1.1" 200 11535
192.168.10.96 - - [06/Mar/2018:12:31:13 -0300] "GET /cormun/SolicitudGral-3141.xls HTTP/1.1" 200 10240
186.103.157.39 - - [06/Mar/2018:12:31:14 -0300] "GET /cormun/servlet/trsolicitudot? HTTP/1.1" 200 7147
186.103.157.39 - - [06/Mar/2018:12:31:14 -0300] "GET /cormun/static/calendar-system.css?85620 HTTP/1.1" 200 5572
186.103.157.39 - - [06/Mar/2018:12:31:14 -0300] "GET /cormun/static/gxui/gxui-all.css?120300 HTTP/1.1" 200 2179
186.103.157.39 - - [06/Mar/2018:12:31:14 -0300] "GET /cormun/static/calendar-es.js?85251 HTTP/1.1" 200 1901
186.103.157.39 - - [06/Mar/2018:12:31:14 -0300] "GET /cormun/static/calendar-setup.js?85251 HTTP/1.1" 200 2588
186.103.157.39 - - [06/Mar/2018:12:31:14 -0300] "GET /cormun/static/calendar.js?85251 HTTP/1.1" 200 26246
186.103.157.39 - - [06/Mar/2018:12:31:14 -0300] "GET /cormun/static/gxcfg.js?2017111422585916 HTTP/1.1" 200 953
186.103.157.39 - - [06/Mar/2018:12:31:15 -0300] "GET /cormun/static/Resources/Spanish/PXTools.css?1255365 HTTP/1.1" 200 89042
186.103.157.39 - - [06/Mar/2018:12:31:15 -0300] "GET /cormun/static/gxdec.js?85251 HTTP/1.1" 200 19579
186.103.157.39 - - [06/Mar/2018:12:31:15 -0300] "GET /cormun/static/Shared/ext/resources/css/ext-all.css?215870 HTTP/1.1" 200 416045
186.103.157.39 - - [06/Mar/2018:12:31:15 -0300] "GET /cormun/static/trsolicitudot.js?201711142259839 HTTP/1.1" 200 54041
186.103.157.39 - - [06/Mar/2018:12:31:15 -0300] "GET /cormun/static/Resources/PXTools/calendar.png HTTP/1.1" 200 1306
186.103.157.39 - - [06/Mar/2018:12:31:16 -0300] "GET /cormun/static/Resources/PXToolsDataSearch.png HTTP/1.1" 200 419
186.103.157.39 - - [06/Mar/2018:12:31:16 -0300] "GET /cormun/static/Resources/PXToolsGridNextDisabled.gif HTTP/1.1" 200 90
186.103.157.39 - - [06/Mar/2018:12:31:16 -0300] "GET /cormun/static/Resources/PXToolsGridPreviousDisabled.gif HTTP/1.1" 200 90
186.103.157.39 - - [06/Mar/2018:12:31:16 -0300] "GET /cormun/static/Resources/PXToolsGridLastDisabled.gif HTTP/1.1" 200 98
186.103.157.39 - - [06/Mar/2018:12:31:16 -0300] "GET /cormun/static/Resources/PXToolsGridPage.gif HTTP/1.1" 200 725
186.103.157.39 - - [06/Mar/2018:12:31:16 -0300] "GET /cormun/static/Resources/PXToolsActionExcel.png HTTP/1.1" 200 3187
186.103.157.39 - - [06/Mar/2018:12:31:16 -0300] "GET /cormun/static/Resources/PXToolsGridNew.png HTTP/1.1" 200 2949
186.103.157.39 - - [06/Mar/2018:12:31:16 -0300] "GET /cormun/static/Resources/PXToolsGridFirstDisabled.gif HTTP/1.1" 200 100
186.103.157.39 - - [06/Mar/2018:12:31:16 -0300] "GET /cormun/static/Resources/asc.gif HTTP/1.1" 200 67
186.103.157.39 - - [06/Mar/2018:12:31:16 -0300] "GET /cormun/static/Resources/desc.gif HTTP/1.1" 200 65
192.168.10.96 - - [06/Mar/2018:12:31:16 -0300] "POST /cormun/servlet/trsolicitudgral?15503d4ea40be0f4f798b37d36e5bf24,,gx-no-cache=1520350115773 HTTP/1.1" 200 10914
186.103.157.39 - - [06/Mar/2018:12:31:16 -0300] "GET /cormun/servlet/trsolicitudot? HTTP/1.1" 200 7147
186.103.157.39 - - [06/Mar/2018:12:31:17 -0300] "GET /cormun/static/Shared/ext/resources/themes/images/default/panel/bg-headersPanel.png HTTP/1.1" 200 255
186.103.157.39 - - [06/Mar/2018:12:31:17 -0300] "GET /cormun/static/Shared/ext/resources/themes/images/default/tools/tool-sprites.gif HTTP/1.1" 200 5434
192.168.10.62 - - [06/Mar/2018:12:31:20 -0300] "GET /cormun/servlet/vesolicitudgral?2018,8783,, HTTP/1.1" 200 9050
192.168.10.62 - - [06/Mar/2018:12:31:20 -0300] "GET /cormun/pexe_scrolldiv.js HTTP/1.1" 404 1009
192.168.10.62 - - [06/Mar/2018:12:31:20 -0300] "GET /cormun/pexe_scrolldiv.js HTTP/1.1" 404 1009
192.168.10.96 - - [06/Mar/2018:12:31:20 -0300] "POST /cormun/servlet/trsolicitudgral?15503d4ea40be0f4f798b37d36e5bf24,,gx-no-cache=1520350119444 HTTP/1.1" 200 105
192.168.10.96 - - [06/Mar/2018:12:31:20 -0300] "GET /cormun/SolicitudGral-9344.xls HTTP/1.1" 200 9216
186.103.157.39 - - [06/Mar/2018:12:31:20 -0300] "GET /cormun/servlet/solicitudot?INS,0,0, HTTP/1.1" 200 13380
192.168.10.62 - - [06/Mar/2018:12:31:20 -0300] "GET /cormun/servlet/vesolicitudgral?2018,8783,, HTTP/1.1" 200 9050
186.103.157.39 - - [06/Mar/2018:12:31:20 -0300] "GET /cormun/static/gxcfg.js?201812313224582 HTTP/1.1" 200 953
186.103.157.39 - - [06/Mar/2018:12:31:20 -0300] "GET /cormun/static/solicitudot.js?201812313224831 HTTP/1.1" 200 72336
186.103.157.39 - - [06/Mar/2018:12:31:22 -0300] "GET /cormun/servlet/solicitudot?INS,0,0, HTTP/1.1" 200 13385
186.103.159.43 - - [06/Mar/2018:12:31:25 -0300] "POST /cormun/servlet/solicitudot?gx-no-cache=1520350236497 HTTP/1.1" 200 3293
186.103.159.43 - - [06/Mar/2018:12:31:25 -0300] "POST /cormun/servlet/solicitudot?2f63e9ec418a5527d3e671cfcaa1edd9,INS,0,0,,gx-no-cache=1520350237239 HTTP/1.1" 200 10246
192.168.10.62 - - [06/Mar/2018:12:31:28 -0300] "POST /cormun/servlet/vesolicitudgral?6a3446215259775c3a6e498e3fd01934,2018,8783,,,gx-no-cache=1520350127828 HTTP/1.1" 200 107
192.168.10.62 - - [06/Mar/2018:12:31:28 -0300] "GET /cormun/servlet/solicitudgral?UPD,2018,8783, HTTP/1.1" 200 12774
192.168.10.62 - - [06/Mar/2018:12:31:29 -0300] "GET /cormun/servlet/solicitudgral?UPD,2018,8783, HTTP/1.1" 200 12774
192.168.10.62 - - [06/Mar/2018:12:31:29 -0300] "POST /cormun/servlet/solicitudgral?gx-no-cache=1520350128882 HTTP/1.1" 200 3914
192.168.10.62 - - [06/Mar/2018:12:31:29 -0300] "GET /cormun/servlet/solicitudgral?0e5763c07f9f20768cc1f5748fda9a6eaae02bada1b3628b171429b5da5962085262f1ab4f055856384eca79c9425893788712efb8a11da481efe497fae34f8958390638b324c2ba3036e29021155b7ef3b6ac8bae0d6ed82bdff19ba515d137167331170804de706b0c7a72d33544cac94e6aa665fe47defeec00024e3289989b5f4c90dd90d9313d789d838d8c73a29fbb8aafcded3632ebf2f3dca1e23d568e8310aec86a6b09e0bf2b2b2a3a004cf92d13686f6c1000f32f1a77414f35fd6efec7aa7fd4cbbb653808642d383d98dc921e8b69ce2c310515855beaa0e28e3983a943f52d90b283b7ef383a371ceadf671c00537fbae2e4237c1e1981ffddb43e60d56748f2d2d6d6c35e883984ff8a707dde7d7797b36206b70c0b40adb32a863a5c3430465902dec33ab7499024e9c512126d79e3b9354a444dbd58883150b3f0fd852485ed67b11e1cd7cc4357,gx-no-cache=1520350129123 HTTP/1.1" 200 297
192.168.10.62 - - [06/Mar/2018:12:31:30 -0300] "GET /cormun/servlet/solicitudgral?0e5763c07f9f20768cc1f5748fda9a6e6a09e8d1fabde3ba3c29ae2cc42a7926557010e21ad1020e0fa87d09407d0740f862fa3611d732d587168bad58dc74c1706356a43e5a82c48e824a970dc6e56580451234de6d63422704c36e01dc84c96816bcf9ad4f8ff527e4277f10b37e834392deb8755fcf02b88a3bc3fe00207de13a206eac1c4b36418747844b8d94f6e96929329ea84f7124cd0f106e283496449d4ae291aebc10d9d5785a233b6232a03ab99f03a7df57700fb88409b32f2768217a47d2a35b3ddfebfc61ab1aa322222daa10fa09832e41acae2831856a039d42c224bdc28e4e82ab5b2d96c9fa96b6ec544884f658e074f57a12431fd47749abb2c802b4f4de845923e03dc158355452457ec79a930f9ca3d6291fa25136c6e7fb517c56c79511bcf8a16c49d06a2ee3a2c3c8d188fcb42f70574e1f4ab48e7ac3f076f25dbb8f17c03f5ecec2d01888a3feb932a6a7fb4a67459f721d7382ea765762b5280346e1f896b449a1cd559b05cda547132533eb84fa0a92a874f4a86305d5d4fab29e41075bfee13afa75b980990e6bce334c6775d0d53e2dbd43fd3f533604c09a34845e0d9ffc131f,gx-no-cache=1520350130019 HTTP/1.1" 200 48
186.103.159.43 - - [06/Mar/2018:12:31:32 -0300] "GET /cormun/servlet/solicitudot?0c523a55d9910f820acad224377cc44352684afcc8e6aaa7864771c0fc0e501122f3072f8e14ed271416ec14f93013ee,gx-no-cache=1520350244818 HTTP/1.1" 200 30
192.168.10.62 - - [06/Mar/2018:12:31:33 -0300] "POST /cormun/servlet/solicitudgral?6a3446215259775c3a6e498e3fd01934,UPD,2018,8783,,gx-no-cache=1520350132579 HTTP/1.1" 200 11862
192.168.10.62 - - [06/Mar/2018:12:31:33 -0300] "GET /cormun/servlet/solicitudgral?0e5763c07f9f20768cc1f5748fda9a6eb14bef1664297f1a28f621624900c15524f15ef165de3b563d864bd99bf39c15469a30490f9fb99a19aaa8e081f3451149089c3752d2a563cea8eff98793fc38a5e8865b9c3dd4e1beea0815a6883c1142900bdb24bf788dc3520ca8db672d9e,gx-no-cache=1520350132773 HTTP/1.1" 200 29
192.168.10.62 - - [06/Mar/2018:12:31:33 -0300] "POST /cormun/servlet/solicitudgral?gx-no-cache=1520350132797 HTTP/1.1" 200 1294
192.168.10.62 - - [06/Mar/2018:12:31:33 -0300] "POST /cormun/servlet/solicitudgral?gx-no-cache=1520350132861 HTTP/1.1" 200 1217
192.168.10.62 - - [06/Mar/2018:12:31:33 -0300] "POST /cormun/servlet/solicitudgral?6a3446215259775c3a6e498e3fd01934,UPD,2018,8783,,gx-no-cache=1520350132923 HTTP/1.1" 200 93
192.168.10.62 - - [06/Mar/2018:12:31:33 -0300] "GET /cormun/servlet/hpexe_return? HTTP/1.1" 200 1020
192.168.10.62 - - [06/Mar/2018:12:31:34 -0300] "GET /cormun/servlet/vesolicitudgral?2018,8783,, HTTP/1.1" 200 9076
192.168.10.62 - - [06/Mar/2018:12:31:34 -0300] "GET /cormun/pexe_scrolldiv.js HTTP/1.1" 404 1009
192.168.10.62 - - [06/Mar/2018:12:31:34 -0300] "GET /cormun/pexe_scrolldiv.js HTTP/1.1" 404 1009
192.168.10.62 - - [06/Mar/2018:12:31:34 -0300] "GET /cormun/servlet/vesolicitudgral?2018,8783,, HTTP/1.1" 200 9073
192.168.10.62 - - [06/Mar/2018:12:31:36 -0300] "POST /cormun/servlet/vesolicitudgral?6a3446215259775c3a6e498e3fd01934,2018,8783,,,gx-no-cache=1520350135142 HTTP/1.1" 200 12008
192.168.10.62 - - [06/Mar/2018:12:31:36 -0300] "GET /cormun/static/Shared/jqueryui/images/ui-bg_highlight-soft_100_c6c2c8_1x100.png HTTP/1.1" 404 1117
192.168.10.62 - - [06/Mar/2018:12:31:36 -0300] "GET /cormun/static/Shared/jqueryui/images/ui-icons_82798d_256x240.png HTTP/1.1" 404 1089
192.168.10.62 - - [06/Mar/2018:12:31:36 -0300] "GET /cormun/static/Shared/jqueryui/images/ui-icons_8d78a5_256x240.png HTTP/1.1" 404 1089
192.168.10.62 - - [06/Mar/2018:12:31:36 -0300] "GET /cormun/static/Shared/jqueryui/images/ui-bg_flat_55_fafafa_40x100.png HTTP/1.1" 404 1097
192.168.10.62 - - [06/Mar/2018:12:31:36 -0300] "POST /cormun/servlet/vesolicitudgral?6a3446215259775c3a6e498e3fd01934,2018,8783,,,gx-no-cache=1520350135426 HTTP/1.1" 200 11942
192.168.10.62 - - [06/Mar/2018:12:31:42 -0300] "POST /cormun/servlet/vesolicitudgral?6a3446215259775c3a6e498e3fd01934,2018,8783,,,gx-no-cache=1520350141736 HTTP/1.1" 200 90
192.168.10.62 - - [06/Mar/2018:12:31:42 -0300] "GET /cormun/servlet/hpexe_link HTTP/1.1" 200 971
192.168.10.62 - - [06/Mar/2018:12:31:42 -0300] "GET /cormun/servlet/trsolicitudgral? HTTP/1.1" 200 11498
192.168.10.62 - - [06/Mar/2018:12:31:43 -0300] "GET /cormun/servlet/trsolicitudgral? HTTP/1.1" 200 11497
192.168.10.62 - - [06/Mar/2018:12:31:45 -0300] "GET /cormun/servlet/vesolicitudgral?2018,8842,, HTTP/1.1" 200 9037
192.168.10.62 - - [06/Mar/2018:12:31:45 -0300] "GET /cormun/pexe_scrolldiv.js HTTP/1.1" 404 1009
192.168.10.62 - - [06/Mar/2018:12:31:45 -0300] "GET /cormun/pexe_scrolldiv.js HTTP/1.1" 404 1009
192.168.10.62 - - [06/Mar/2018:12:31:45 -0300] "GET /cormun/servlet/vesolicitudgral?2018,8842,, HTTP/1.1" 200 9035
192.168.10.62 - - [06/Mar/2018:12:31:49 -0300] "POST /cormun/servlet/vesolicitudgral?6a3446215259775c3a6e498e3fd01934,2018,8842,,,gx-no-cache=1520350148652 HTTP/1.1" 200 106
192.168.10.62 - - [06/Mar/2018:12:31:49 -0300] "GET /cormun/servlet/solicitudgral?UPD,2018,8842, HTTP/1.1" 200 12756
192.168.10.62 - - [06/Mar/2018:12:31:50 -0300] "GET /cormun/servlet/solicitudgral?UPD,2018,8842, HTTP/1.1" 200 12756
192.168.10.62 - - [06/Mar/2018:12:31:50 -0300] "POST /cormun/servlet/solicitudgral?gx-no-cache=1520350149724 HTTP/1.1" 200 3902
192.168.10.62 - - [06/Mar/2018:12:31:50 -0300] "GET /cormun/servlet/solicitudgral?0e5763c07f9f20768cc1f5748fda9a6eaae02bada1b3628b171429b5da5962084ba2d2eb6ccb65ce7696ab58cef491a9788712efb8a11da481efe497fae34f8958390638b324c2ba3036e29021155b7ef3b6ac8bae0d6ed82bdff19ba515d137167331170804de706b0c7a72d33544cac94e6aa665fe47defeec00024e3289989b5f4c90dd90d9313d789d838d8c73a29fbb8aafcded3632ebf2f3dca1e23d568e8310aec86a6b09e0bf2b2b2a3a004cf92d13686f6c1000f32f1a77414f35fd6efec7aa7fd4cbbb653808642d383d98dc921e8b69ce2c310515855beaa0e28e3983a943f52d90b283b7ef383a371ceadf671c00537fbae2e4237c1e1981ffddb43e60d56748f2d2d6d6c35e883984ff8a707dde7d7797b36206b70c0b40adb32a863a5c3430465902dec33ab7499024e9c512126d79e3b9354a444dbd58883150b3f0fd852485ed67b11e1cd7cc4357,gx-no-cache=1520350149901 HTTP/1.1" 200 256
192.168.10.62 - - [06/Mar/2018:12:31:51 -0300] "GET /cormun/servlet/solicitudgral?0e5763c07f9f20768cc1f5748fda9a6e6a09e8d1fabde3ba3c29ae2cc42a7926557010e21ad1020e0fa87d09407d0740f862fa3611d732d587168bad58dc74c1706356a43e5a82c48e824a970dc6e56580451234de6d63422704c36e01dc84c96816bcf9ad4f8ff527e4277f10b37e834392deb8755fcf02b88a3bc3fe00207de13a206eac1c4b36418747844b8d94f6e96929329ea84f7124cd0f106e283496449d4ae291aebc10d9d5785a233b6232a03ab99f03a7df57700fb88409b32f2768217a47d2a35b3ddfebfc61ab1aa322222daa10fa09832e41acae2831856a039d42c224bdc28e4e82ab5b2d96c9fa96b6ec544884f658e074f57a12431fd47749abb2c802b4f4de845923e03dc158355452457ec79a930f9ca3d6291fa25136c6e7fb517c56c79511bcf8a16c49d06a2ee3a2c3c8d188fcb42f70574e1f4ab48e7ac3f076f25dbb8f17c03f5ecec2d01888a3feb932a6a7fb4a67459f721d7382ea765762b5280346e1f896b449a1cd559b05cda547132533eb84fa0a92a874f4a86305d5d4fab29e41075bfee13afa75b980990e6bce334c6775d0d53e2dbd43fd3f533604c09a34845e0d9ffc131f,gx-no-cache=1520350150495 HTTP/1.1" 200 48
192.168.10.62 - - [06/Mar/2018:12:31:53 -0300] "POST /cormun/servlet/solicitudgral?6a3446215259775c3a6e498e3fd01934,UPD,2018,8842,,gx-no-cache=1520350152947 HTTP/1.1" 200 11822
192.168.10.62 - - [06/Mar/2018:12:31:53 -0300] "GET /cormun/servlet/solicitudgral?0e5763c07f9f20768cc1f5748fda9a6eb14bef1664297f1a28f621624900c15524f15ef165de3b563d864bd99bf39c15469a30490f9fb99a19aaa8e081f3451149089c3752d2a563cea8eff98793fc38a5e8865b9c3dd4e1beea0815a6883c1142900bdb24bf788dc3520ca8db672d9e,gx-no-cache=1520350153141 HTTP/1.1" 200 29
192.168.10.62 - - [06/Mar/2018:12:31:53 -0300] "POST /cormun/servlet/solicitudgral?gx-no-cache=1520350153171 HTTP/1.1" 200 1295
192.168.10.62 - - [06/Mar/2018:12:31:54 -0300] "POST /cormun/servlet/solicitudgral?gx-no-cache=1520350153243 HTTP/1.1" 200 1218
192.168.10.62 - - [06/Mar/2018:12:31:54 -0300] "POST /cormun/servlet/solicitudgral?6a3446215259775c3a6e498e3fd01934,UPD,2018,8842,,gx-no-cache=1520350153304 HTTP/1.1" 200 93
192.168.10.62 - - [06/Mar/2018:12:31:54 -0300] "GET /cormun/servlet/hpexe_return? HTTP/1.1" 200 1019
192.168.10.62 - - [06/Mar/2018:12:31:54 -0300] "GET /cormun/servlet/vesolicitudgral?2018,8842,, HTTP/1.1" 200 9066
192.168.10.62 - - [06/Mar/2018:12:31:54 -0300] "GET /cormun/pexe_scrolldiv.js HTTP/1.1" 404 1009
192.168.10.62 - - [06/Mar/2018:12:31:54 -0300] "GET /cormun/pexe_scrolldiv.js HTTP/1.1" 404 1009
192.168.10.62 - - [06/Mar/2018:12:31:54 -0300] "GET /cormun/servlet/vesolicitudgral?2018,8842,, HTTP/1.1" 200 9062
192.168.10.62 - - [06/Mar/2018:12:31:55 -0300] "POST /cormun/servlet/vesolicitudgral?6a3446215259775c3a6e498e3fd01934,2018,8842,,,gx-no-cache=1520350155069 HTTP/1.1" 200 12010
192.168.10.62 - - [06/Mar/2018:12:31:56 -0300] "GET /cormun/static/Shared/jqueryui/images/ui-bg_highlight-soft_100_c6c2c8_1x100.png HTTP/1.1" 404 1117
192.168.10.62 - - [06/Mar/2018:12:31:56 -0300] "GET /cormun/static/Shared/jqueryui/images/ui-icons_82798d_256x240.png HTTP/1.1" 404 1089
192.168.10.62 - - [06/Mar/2018:12:31:56 -0300] "GET /cormun/static/Shared/jqueryui/images/ui-bg_flat_55_fafafa_40x100.png HTTP/1.1" 404 1097
192.168.10.62 - - [06/Mar/2018:12:31:56 -0300] "GET /cormun/static/Shared/jqueryui/images/ui-icons_8d78a5_256x240.png HTTP/1.1" 404 1089
192.168.10.62 - - [06/Mar/2018:12:31:56 -0300] "POST /cormun/servlet/vesolicitudgral?6a3446215259775c3a6e498e3fd01934,2018,8842,,,gx-no-cache=1520350155308 HTTP/1.1" 200 11944
186.103.157.39 - - [06/Mar/2018:12:31:57 -0300] "POST /cormun/servlet/solicitudot?gx-no-cache=1520350268329 HTTP/1.1" 200 3403
186.103.157.39 - - [06/Mar/2018:12:31:57 -0300] "POST /cormun/servlet/solicitudot?4e6d9014e5c1904f6c76b2002eabbb86,INS,0,0,,gx-no-cache=1520350268739 HTTP/1.1" 200 10387
200.111.191.210 - - [06/Mar/2018:12:32:04 -0300] "GET /cormun/servlet/solicitudot?INS,0,0, HTTP/1.1" 200 13406
200.111.191.210 - - [06/Mar/2018:12:32:05 -0300] "GET /cormun/servlet/solicitudot?INS,0,0, HTTP/1.1" 200 13411
200.111.191.210 - - [06/Mar/2018:12:32:07 -0300] "GET /cormun/servlet/prfichaempleado?,MD,,gxPopupLevel%3D0%3B HTTP/1.1" 200 9312
200.111.191.210 - - [06/Mar/2018:12:32:15 -0300] "POST /cormun/servlet/prfichaempleado?fb17d42d0ad69c84ec93fe41efe4f997,,MD,,gxPopupLevel%3D0%3B,gx-no-cache=1520350286809 HTTP/1.1" 200 4738
186.103.157.39 - - [06/Mar/2018:12:32:26 -0300] "GET /cormun/servlet/solicitudot?c54404a080689a0e7db7156d6033e1380748395ab4340a7deeba8fbf2c8fbcccdc4bff65fb68bfde7336592ebee2984c,gx-no-cache=1520350297173 HTTP/1.1" 200 30
200.111.191.210 - - [06/Mar/2018:12:32:42 -0300] "POST /cormun/servlet/solicitudot?gx-no-cache=1520350313282 HTTP/1.1" 200 3428
200.111.191.210 - - [06/Mar/2018:12:32:42 -0300] "POST /cormun/servlet/solicitudot?fb17d42d0ad69c84ec93fe41efe4f997,INS,0,0,,gx-no-cache=1520350313517 HTTP/1.1" 200 10399
200.111.191.210 - - [06/Mar/2018:12:32:45 -0300] "GET /cormun/servlet/solicitudot?0589c8d9018a89d41b95be1f0bf2c34a11fabb4255105aae370989e7e1b32c961352c00ff7c74f5df23f7f9acc537cd4,gx-no-cache=1520350316638 HTTP/1.1" 200 30
200.111.191.210 - - [06/Mar/2018:12:32:45 -0300] "GET /cormun/servlet/solicitudot?0589c8d9018a89d41b95be1f0bf2c34a64b9abe84236fe46ae6f41581b1ea7dea1630861e4452d33a123af8601433ae835c35501ce0531f3cdb0aa57ffa305f2,gx-no-cache=1520350316679 HTTP/1.1" 200 30
200.111.191.210 - - [06/Mar/2018:12:32:45 -0300] "GET /cormun/servlet/solicitudot?0589c8d9018a89d41b95be1f0bf2c34a25c5bb982ec01a94cd44c930fde662ac,gx-no-cache=1520350316715 HTTP/1.1" 200 53
200.111.191.210 - - [06/Mar/2018:12:32:45 -0300] "POST /cormun/servlet/solicitudot?gx-no-cache=1520350316746 HTTP/1.1" 200 255
200.111.191.210 - - [06/Mar/2018:12:32:45 -0300] "GET /cormun/servlet/solicitudot?0589c8d9018a89d41b95be1f0bf2c34afe3f4317f1b14a8da86a85d701f030af56411731b4a4e9375b2442493c978278cc7a3dc44a59e000f3790505c6d865208d66f3685b028562dad7ab6dbd5092186067a969503e4be6b94acec71a619a8e071a65e9efeeecc69da1cb81b28d616295ff46c33a0fc04a2df25f077dd7fe06d47b8a300b7992ee8362d27b3ebf487824ddca8ff0133ccd9dd6f1c3a3a6842415d3a45dd87c720e03c3d01c961c440c5faacbbe8d7dea1a393778efcab2986e20df375e8de79431acfeb365e2575f117e7f78b2e2eac58ba14b30c040a5f1a5f2f8ae9c03e202ead3e05c64ad1924b7e712ec7542f77b0cb5856e993780b41ef5a8b708fc62fbacb9dcbc458c6e03865c0c7729e0d6c300fcc582c08254c2c89b79af3b9aacc4cfe385bded8f5e3f9c2a7686c3452670d0ac19d7faea555b6fe973184fce1c64ab7c0dce213c202114a98ed619414ff1cde8451211dbc1d195a225aaa517e6238284cb08a2227182fe9a8d74b56f7774982cff510fd4241520,gx-no-cache=1520350316790 HTTP/1.1" 200 30
200.111.191.210 - - [06/Mar/2018:12:32:47 -0300] "POST /cormun/servlet/solicitudot?gx-no-cache=1520350318965 HTTP/1.1" 200 30
200.111.191.210 - - [06/Mar/2018:12:32:49 -0300] "GET /cormun/servlet/prcontratosol?15106727,,,,,MD,,gxPopupLevel%3D0%3B HTTP/1.1" 200 8363
200.111.191.210 - - [06/Mar/2018:12:32:51 -0300] "POST /cormun/servlet/solicitudot?gx-no-cache=1520350323179 HTTP/1.1" 200 1336
200.111.191.210 - - [06/Mar/2018:12:32:51 -0300] "POST /cormun/servlet/solicitudot?gx-no-cache=1520350323228 HTTP/1.1" 200 38
200.111.191.210 - - [06/Mar/2018:12:32:51 -0300] "GET /cormun/servlet/solicitudot?0589c8d9018a89d41b95be1f0bf2c34ad8329a631364761a24efacbb289b56bfd660e9cc0f78588c7bf64ddea021ffd72ab8a0a70196e1d26e4151268aeaf48cb34b24c9439f83443defbf75d83e57c9552340df63f1f41dcd5281b7e6b0f9df1aca1560e5fdcc8744b53204f8e98b06ab465127a7f716b80e03d4b8f39076f9c0ea75c4ddd9850ee723d5164bb7fb8d26b89f5de40a090de5115bb982ecdc20,gx-no-cache=1520350323251 HTTP/1.1" 200 29
200.111.191.210 - - [06/Mar/2018:12:32:51 -0300] "POST /cormun/servlet/solicitudot?gx-no-cache=1520350323287 HTTP/1.1" 200 1318
200.111.191.210 - - [06/Mar/2018:12:32:51 -0300] "POST /cormun/servlet/solicitudot?gx-no-cache=1520350323326 HTTP/1.1" 200 1218
200.111.191.210 - - [06/Mar/2018:12:32:51 -0300] "GET /cormun/servlet/solicitudot?0589c8d9018a89d41b95be1f0bf2c34abcf10c154bf825f9d00216999beba80fcae23ff813e7fdb8cad595c8bce2798c,gx-no-cache=1520350323378 HTTP/1.1" 200 30
200.111.191.210 - - [06/Mar/2018:12:32:59 -0300] "POST /cormun/servlet/solicitudot?gx-no-cache=1520350330820 HTTP/1.1" 200 1317
200.111.191.210 - - [06/Mar/2018:12:32:59 -0300] "POST /cormun/servlet/solicitudot?gx-no-cache=1520350330871 HTTP/1.1" 200 1218
200.111.191.210 - - [06/Mar/2018:12:32:59 -0300] "POST /cormun/servlet/solicitudot?gx-no-cache=1520350330910 HTTP/1.1" 200 33
186.103.159.43 - - [06/Mar/2018:12:33:05 -0300] "GET /cormun/servlet/solicitudot?0c523a55d9910f820acad224377cc443c90cebcdec909092e295d550ccbb1c9c,gx-no-cache=1520350337596 HTTP/1.1" 200 94
186.103.159.43 - - [06/Mar/2018:12:33:05 -0300] "GET /cormun/static/Shared/jqueryui/images/ui-bg_highlight-soft_100_c6c2c8_1x100.png HTTP/1.1" 404 1117
186.103.159.43 - - [06/Mar/2018:12:33:05 -0300] "GET /cormun/static/Shared/jqueryui/images/ui-icons_82798d_256x240.png HTTP/1.1" 404 1089
186.103.159.43 - - [06/Mar/2018:12:33:05 -0300] "GET /cormun/static/Shared/jqueryui/images/ui-bg_flat_55_994d53_40x100.png HTTP/1.1" 404 1097
186.103.159.43 - - [06/Mar/2018:12:33:05 -0300] "GET /cormun/static/Shared/jqueryui/images/ui-icons_ebccce_256x240.png HTTP/1.1" 404 1089
186.103.159.43 - - [06/Mar/2018:12:33:05 -0300] "GET /cormun/servlet/solicitudot?0c523a55d9910f820acad224377cc4432f3bee93493f84d84350f1c682da7c8a,gx-no-cache=1520350337825 HTTP/1.1" 200 29
200.111.191.210 - - [06/Mar/2018:12:33:08 -0300] "POST /cormun/servlet/solicitudot?fb17d42d0ad69c84ec93fe41efe4f997,INS,0,0,,gx-no-cache=1520350339099 HTTP/1.1" 200 93
200.111.191.210 - - [06/Mar/2018:12:33:08 -0300] "GET /cormun/servlet/hpexe_return? HTTP/1.1" 200 1006
200.111.191.210 - - [06/Mar/2018:12:33:08 -0300] "GET /cormun/servlet/trsolicitudot HTTP/1.1" 200 8964
200.111.191.210 - - [06/Mar/2018:12:33:08 -0300] "GET /cormun/servlet/trsolicitudot HTTP/1.1" 200 8960
200.111.191.210 - - [06/Mar/2018:12:33:10 -0300] "POST /cormun/servlet/trsolicitudot?fb17d42d0ad69c84ec93fe41efe4f997,gx-no-cache=1520350341539 HTTP/1.1" 200 5704
200.111.191.210 - - [06/Mar/2018:12:33:10 -0300] "GET /cormun/static/Shared/jqueryui/images/ui-bg_highlight-soft_100_c6c2c8_1x100.png HTTP/1.1" 404 1117
200.111.191.210 - - [06/Mar/2018:12:33:10 -0300] "GET /cormun/static/Shared/jqueryui/images/ui-icons_82798d_256x240.png HTTP/1.1" 404 1089
200.111.191.210 - - [06/Mar/2018:12:33:10 -0300] "GET /cormun/static/Shared/jqueryui/images/ui-bg_flat_55_fafafa_40x100.png HTTP/1.1" 404 1097
200.111.191.210 - - [06/Mar/2018:12:33:10 -0300] "GET /cormun/static/Shared/jqueryui/images/ui-icons_8d78a5_256x240.png HTTP/1.1" 404 1089
200.111.191.210 - - [06/Mar/2018:12:33:10 -0300] "POST /cormun/servlet/trsolicitudot?fb17d42d0ad69c84ec93fe41efe4f997,gx-no-cache=1520350341726 HTTP/1.1" 200 5647
200.111.191.210 - - [06/Mar/2018:12:33:11 -0300] "POST /cormun/servlet/trsolicitudot?fb17d42d0ad69c84ec93fe41efe4f997,gx-no-cache=1520350342666 HTTP/1.1" 200 4486
200.111.191.210 - - [06/Mar/2018:12:33:11 -0300] "POST /cormun/servlet/trsolicitudot?fb17d42d0ad69c84ec93fe41efe4f997,gx-no-cache=1520350342799 HTTP/1.1" 200 4249
200.111.191.210 - - [06/Mar/2018:12:33:13 -0300] "GET /cormun/servlet/trsolicitudot? HTTP/1.1" 200 7169
200.111.191.210 - - [06/Mar/2018:12:33:13 -0300] "GET /cormun/servlet/trsolicitudot? HTTP/1.1" 200 7169
200.111.191.210 - - [06/Mar/2018:12:33:14 -0300] "GET /cormun/servlet/hlogin HTTP/1.1" 200 1737
200.111.191.210 - - [06/Mar/2018:12:33:20 -0300] "POST /cormun/servlet/hlogin?fb17d42d0ad69c84ec93fe41efe4f997,gx-no-cache=1520350352285 HTTP/1.1" 200 90
200.111.191.210 - - [06/Mar/2018:12:33:20 -0300] "GET /cormun/servlet/hpexe_link HTTP/1.1" 200 951
200.111.191.210 - - [06/Mar/2018:12:33:21 -0300] "GET /cormun/servlet/hhome HTTP/1.1" 200 4192
200.111.191.210 - - [06/Mar/2018:12:33:21 -0300] "GET /cormun/servlet/hhome HTTP/1.1" 200 4189
200.111.191.210 - - [06/Mar/2018:12:33:23 -0300] "GET /cormun/servlet/trautorizarsolicitud? HTTP/1.1" 200 9086
200.111.191.210 - - [06/Mar/2018:12:33:23 -0300] "GET /cormun/servlet/trautorizarsolicitud? HTTP/1.1" 200 9084
200.111.191.210 - - [06/Mar/2018:12:33:30 -0300] "POST /cormun/servlet/trautorizarsolicitud?fb17d42d0ad69c84ec93fe41efe4f997,,gx-no-cache=1520350361285 HTTP/1.1" 200 5817
200.111.191.210 - - [06/Mar/2018:12:33:30 -0300] "GET /cormun/static/Shared/jqueryui/images/ui-bg_highlight-soft_100_c6c2c8_1x100.png HTTP/1.1" 404 1117
200.111.191.210 - - [06/Mar/2018:12:33:30 -0300] "GET /cormun/static/Shared/jqueryui/images/ui-icons_82798d_256x240.png HTTP/1.1" 404 1089
200.111.191.210 - - [06/Mar/2018:12:33:30 -0300] "GET /cormun/static/Shared/jqueryui/images/ui-bg_flat_55_fafafa_40x100.png HTTP/1.1" 404 1097
200.111.191.210 - - [06/Mar/2018:12:33:30 -0300] "GET /cormun/static/Shared/jqueryui/images/ui-icons_8d78a5_256x240.png HTTP/1.1" 404 1089
200.111.191.210 - - [06/Mar/2018:12:33:30 -0300] "POST /cormun/servlet/trautorizarsolicitud?fb17d42d0ad69c84ec93fe41efe4f997,,gx-no-cache=1520350361460 HTTP/1.1" 200 5763
200.111.191.210 - - [06/Mar/2018:12:33:31 -0300] "POST /cormun/servlet/trautorizarsolicitud?fb17d42d0ad69c84ec93fe41efe4f997,,gx-no-cache=1520350362506 HTTP/1.1" 200 4613
200.111.191.210 - - [06/Mar/2018:12:33:31 -0300] "POST /cormun/servlet/trautorizarsolicitud?fb17d42d0ad69c84ec93fe41efe4f997,,gx-no-cache=1520350362667 HTTP/1.1" 200 4371
186.103.159.43 - - [06/Mar/2018:12:33:35 -0300] "GET /cormun/servlet/prbanco?,MD,,gxPopupLevel%3D0%3B HTTP/1.1" 200 6548
186.103.159.43 - - [06/Mar/2018:12:34:05 -0300] "GET /cormun/servlet/solicitudot?0c523a55d9910f820acad224377cc443867c641b57eedaf6064a915f4869f1cb,gx-no-cache=1520350397138 HTTP/1.1" 200 53
200.111.122.170 - - [06/Mar/2018:12:34:09 -0300] "POST /cormun/servlet/trautorizarsolicitud?dc61faee85374ce3948ca68a00c5540e,,gx-no-cache=1520350398964 HTTP/1.1" 200 105
200.111.122.170 - - [06/Mar/2018:12:34:09 -0300] "GET /cormun/servlet/trsolicitudadjuntos?2018,9991, HTTP/1.1" 200 9616
200.111.122.170 - - [06/Mar/2018:12:34:10 -0300] "GET /cormun/servlet/trsolicitudadjuntos?2018,9991, HTTP/1.1" 200 9626
186.103.157.39 - - [06/Mar/2018:12:34:11 -0300] "GET /cormun/servlet/prbanco?,MD,,gxPopupLevel%3D0%3B HTTP/1.1" 200 6564
186.103.157.39 - - [06/Mar/2018:12:34:12 -0300] "GET /cormun/static/menusearch.js?201610171694467 HTTP/1.1" 304 -
186.103.157.39 - - [06/Mar/2018:12:34:12 -0300] "GET /cormun/static/gxcfg.js?20181161016094 HTTP/1.1" 200 953
186.103.157.39 - - [06/Mar/2018:12:34:12 -0300] "GET /cormun/static/prbanco.js?2018116101633 HTTP/1.1" 200 10693
186.103.157.39 - - [06/Mar/2018:12:34:12 -0300] "GET /cormun/static/hmpwkw011.js?20177612121862 HTTP/1.1" 304 -
192.168.10.96 - - [06/Mar/2018:12:34:34 -0300] "POST /cormun/servlet/trsolicitudgral?15503d4ea40be0f4f798b37d36e5bf24,,gx-no-cache=1520350313148 HTTP/1.1" 200 14915
192.168.10.96 - - [06/Mar/2018:12:34:37 -0300] "POST /cormun/servlet/trsolicitudgral?15503d4ea40be0f4f798b37d36e5bf24,,gx-no-cache=1520350316613 HTTP/1.1" 200 105
192.168.10.96 - - [06/Mar/2018:12:34:37 -0300] "GET /cormun/SolicitudGral-1914.xls HTTP/1.1" 200 14848
186.103.161.206 - - [06/Mar/2018:12:34:39 -0300] "POST /cormun/servlet/trsolicitudadjuntos?dc61faee85374ce3948ca68a00c5540e,2018,9991,,gx-no-cache=1520350428634 HTTP/1.1" 200 90
186.103.161.206 - - [06/Mar/2018:12:34:39 -0300] "GET /cormun/servlet/hpexe_link HTTP/1.1" 200 971
186.103.161.206 - - [06/Mar/2018:12:34:39 -0300] "GET /cormun/servlet/trautorizarsolicitud? HTTP/1.1" 200 10436
186.103.161.206 - - [06/Mar/2018:12:34:40 -0300] "GET /cormun/servlet/trautorizarsolicitud? HTTP/1.1" 200 10435
186.103.159.43 - - [06/Mar/2018:12:34:40 -0300] "POST /cormun/servlet/solicitudot?gx-no-cache=1520350432304 HTTP/1.1" 200 297
186.103.159.183 - - [06/Mar/2018:12:34:48 -0300] "POST /cormun/servlet/solicitudot?gx-no-cache=1520350441644 HTTP/1.1" 200 297
186.103.159.183 - - [06/Mar/2018:12:34:49 -0300] "GET /cormun/servlet/solicitudot?cd30e8dc1249d60655f3333cce3a1bc385d9de2b865046a7ef4950ca714a3c6035cd731d5147a5a7e468863642b4da823c7b5ee733969ee6eb35b2143fb213887ac8c4912b244625797fadca89210f2aab6f8ef9d4d4412d8e8d4a5499150a7e8232a368fb9b34aaedbd4974bee34602088cdb08cccaa146bf609b65a77ec0aaf543257ef2560920e9c10f1a1a8778c90134eba31d6a70b33d295c309f995b821e5f403e4b71d8e47178ae5b79900740d66a4f1962b9b953c2f65cfa3b820dea2340e98ef203aaec4b0fa2c756c7059aad9674c40b41265e95bb71d222fac1d0fd860f40899af20e1183f3b9eb268634b417a10771937f052317e7976816d07ff6d70582b0b141ca3adc195ddb2292f6e9f43bb66f2ece3fbc9a6457e73a9982c51657d3147d1248881a29d047de1c97a968e14c808843133a0de2f340687c51563017897ff6e7213088f88b60d18ad30e2109268c2985077f5b8a73ec346f2d62bc8591896f8e3121eee4f9d3f373dcd12af80fe09d794c1033fd37dd1755a3f92c814ca7940ab45e2a2c20923341b1,gx-no-cache=1520350441818 HTTP/1.1" 200 30
186.103.159.183 - - [06/Mar/2018:12:34:49 -0300] "POST /cormun/servlet/solicitudot?gx-no-cache=1520350442183 HTTP/1.1" 200 30
186.103.159.183 - - [06/Mar/2018:12:34:49 -0300] "POST /cormun/servlet/solicitudot?gx-no-cache=1520350442278 HTTP/1.1" 200 1337
186.103.159.183 - - [06/Mar/2018:12:34:49 -0300] "POST /cormun/servlet/solicitudot?gx-no-cache=1520350442423 HTTP/1.1" 200 41
186.103.159.183 - - [06/Mar/2018:12:34:51 -0300] "POST /cormun/servlet/solicitudot?gx-no-cache=1520350444339 HTTP/1.1" 200 1318
186.103.159.183 - - [06/Mar/2018:12:34:51 -0300] "POST /cormun/servlet/solicitudot?gx-no-cache=1520350444475 HTTP/1.1" 200 1219
186.103.159.183 - - [06/Mar/2018:12:34:51 -0300] "GET /cormun/servlet/solicitudot?cd30e8dc1249d60655f3333cce3a1bc34dd83f66c7c4c9eb963a554f082acc75c2218914cf2dc94235b5d432915c5a16,gx-no-cache=1520350444543 HTTP/1.1" 200 30
186.103.159.183 - - [06/Mar/2018:12:34:51 -0300] "POST /cormun/servlet/solicitudot?gx-no-cache=1520350444588 HTTP/1.1" 200 30
186.103.161.206 - - [06/Mar/2018:12:34:52 -0300] "POST /cormun/servlet/trautorizarsolicitud?dc61faee85374ce3948ca68a00c5540e,,gx-no-cache=1520350442111 HTTP/1.1" 200 105
186.103.161.206 - - [06/Mar/2018:12:34:52 -0300] "GET /cormun/servlet/trsolicitudadjuntos?2018,9991, HTTP/1.1" 200 9618
186.103.161.206 - - [06/Mar/2018:12:34:53 -0300] "GET /cormun/servlet/trsolicitudadjuntos?2018,9991, HTTP/1.1" 200 9625
186.103.159.43 - - [06/Mar/2018:12:34:55 -0300] "POST /cormun/servlet/solicitudot?gx-no-cache=1520350447018 HTTP/1.1" 200 255
186.103.159.183 - - [06/Mar/2018:12:35:04 -0300] "POST /cormun/servlet/solicitudot?9cc6185dc021ea1b400be4c2caf596db,INS,0,0,,gx-no-cache=1520350456716 HTTP/1.1" 200 93
186.103.159.183 - - [06/Mar/2018:12:35:04 -0300] "GET /cormun/servlet/hpexe_return? HTTP/1.1" 200 1007
186.103.159.183 - - [06/Mar/2018:12:35:04 -0300] "GET /cormun/static/gxcfg.js?2016101716175148 HTTP/1.1" 200 953
186.103.159.183 - - [06/Mar/2018:12:35:04 -0300] "GET /cormun/static/hpexe_return.js?2016101716175153 HTTP/1.1" 200 1633
186.103.159.183 - - [06/Mar/2018:12:35:04 -0300] "GET /cormun/static/Resources/Spanish/PXTools.css?167811 HTTP/1.1" 200 89042
186.103.159.183 - - [06/Mar/2018:12:35:05 -0300] "GET /cormun/servlet/trsolicitudot HTTP/1.1" 200 8751
186.103.159.183 - - [06/Mar/2018:12:35:06 -0300] "GET /cormun//static/Resources/PXToolsGridDelete.png HTTP/1.1" 200 357
186.103.159.183 - - [06/Mar/2018:12:35:06 -0300] "GET /cormun//static/Resources/PXToolsActionView.png HTTP/1.1" 200 2995
186.103.159.183 - - [06/Mar/2018:12:35:06 -0300] "GET /cormun//static/Resources/PXToolsRemoveAllAction.png HTTP/1.1" 200 3558
186.103.159.183 - - [06/Mar/2018:12:35:06 -0300] "GET /cormun//static/Resources/PXTools/ActionInsert.png HTTP/1.1" 200 1482
186.103.159.183 - - [06/Mar/2018:12:35:06 -0300] "GET /cormun//static/Resources/PXToolsGridUpdate.png HTTP/1.1" 200 2984
186.103.159.183 - - [06/Mar/2018:12:35:06 -0300] "GET /cormun/servlet/trsolicitudot HTTP/1.1" 200 8747
200.111.191.210 - - [06/Mar/2018:12:35:07 -0300] "GET /cormun/servlet/hlogin HTTP/1.1" 200 1741
186.103.161.206 - - [06/Mar/2018:12:35:10 -0300] "POST /cormun/servlet/trsolicitudadjuntos?dc61faee85374ce3948ca68a00c5540e,2018,9991,,gx-no-cache=1520350460973 HTTP/1.1" 200 90
186.103.161.206 - - [06/Mar/2018:12:35:11 -0300] "GET /cormun/servlet/hpexe_link HTTP/1.1" 200 970
186.103.159.183 - - [06/Mar/2018:12:35:11 -0300] "POST /cormun/servlet/trsolicitudot?9cc6185dc021ea1b400be4c2caf596db,gx-no-cache=1520350463874 HTTP/1.1" 200 107
200.111.191.210 - - [06/Mar/2018:12:35:11 -0300] "POST /cormun/servlet/hlogin?fb17d42d0ad69c84ec93fe41efe4f997,gx-no-cache=1520350462542 HTTP/1.1" 200 454
186.103.161.206 - - [06/Mar/2018:12:35:11 -0300] "GET /cormun/servlet/trautorizarsolicitud HTTP/1.1" 200 10436
186.103.159.183 - - [06/Mar/2018:12:35:11 -0300] "GET /cormun/servlet/trsolicitudadjuntos?2018,10106, HTTP/1.1" 200 6290
186.103.159.183 - - [06/Mar/2018:12:35:11 -0300] "GET /cormun/static/gxui/gxui-all.css?110300 HTTP/1.1" 200 2179
186.103.159.183 - - [06/Mar/2018:12:35:11 -0300] "GET /cormun/static/calendar-system.css?75620 HTTP/1.1" 200 5572
186.103.159.183 - - [06/Mar/2018:12:35:11 -0300] "GET /cormun/static/gxcfg.js?20177612135366 HTTP/1.1" 200 953
186.103.159.183 - - [06/Mar/2018:12:35:11 -0300] "GET /cormun/static/trsolicitudadjuntos.js?20177612135632 HTTP/1.1" 200 17922
186.103.159.183 - - [06/Mar/2018:12:35:11 -0300] "GET /cormun/static/Shared/ext/resources/css/ext-all.css?205870 HTTP/1.1" 200 416045
186.103.161.206 - - [06/Mar/2018:12:35:12 -0300] "GET /cormun/servlet/trautorizarsolicitud HTTP/1.1" 200 10434
186.103.159.183 - - [06/Mar/2018:12:35:12 -0300] "GET /cormun/static/Shared/ext/ext-all.js HTTP/1.1" 200 1289687
186.103.159.183 - - [06/Mar/2018:12:35:13 -0300] "GET /cormun/servlet/trsolicitudadjuntos?2018,10106, HTTP/1.1" 200 6290
200.111.191.210 - - [06/Mar/2018:12:35:13 -0300] "POST /cormun/servlet/hlogin?fb17d42d0ad69c84ec93fe41efe4f997,gx-no-cache=1520350464844 HTTP/1.1" 200 90
200.111.191.210 - - [06/Mar/2018:12:35:13 -0300] "GET /cormun/servlet/hpexe_link HTTP/1.1" 200 951
200.111.191.210 - - [06/Mar/2018:12:35:13 -0300] "GET /cormun/servlet/hhome HTTP/1.1" 200 3958
200.111.191.210 - - [06/Mar/2018:12:35:13 -0300] "GET /cormun/servlet/hhome HTTP/1.1" 200 3955
186.103.159.43 - - [06/Mar/2018:12:35:14 -0300] "GET /cormun/servlet/solicitudot?0c523a55d9910f820acad224377cc443b3b0caa724e8d620964ba4b00766aa67be058964933f524bc39fb148cf108f231a55240fd14d4bed2b4991546a6378904784c2414849035d9602818a93069646f51d8ae6021dedcdaab30f1608ea68a86f730047d9db1ad88f483b2e9407b6c1f308029081c2b9e42b39ca055467857f5e6e8a169eb1661584a555df4d72e62edf4718d59949443aa050357973544fa93475a0eccfcaa1f2512baac6c681f7848e3ab69a1c662627e768d093bbb36c8ee144f65ab281ec9e51d2905778d49e5f50fba20f78d9ef9caf1c3c555419d1718fcef795d8490b6f2378243a3d767cc19928bec441d51c3e44489388d83d988e01c5a84d91d72e101ff5183889b81c645070c7571dfb9f27c50d551aef7b47a33ae99cedbf64f63c0ce66f46af1704de0f664fd41656fda6b082e929724b84c0e774406ae565ebb1b3c3a3d00a6e2d8ba4395a51436b19d6a5078855637afd1cf85ec15e069ed13d325f1ba1dfd3800046092c59c8725b649e0c254ef49834b1,gx-no-cache=1520350466730 HTTP/1.1" 200 30
186.103.159.183 - - [06/Mar/2018:12:35:15 -0300] "GET /cormun/servlet/solicitudotadjuntos?INS,2018,10106,,1, HTTP/1.1" 200 6237
186.103.159.183 - - [06/Mar/2018:12:35:15 -0300] "GET /cormun/static/gxcfg.js?2017761244068 HTTP/1.1" 200 953
186.103.159.183 - - [06/Mar/2018:12:35:15 -0300] "GET /cormun/static/solicitudotadjuntos.js?2017761244086 HTTP/1.1" 200 11771
186.103.159.183 - - [06/Mar/2018:12:35:15 -0300] "GET /cormun/static/about:blank HTTP/1.1" 404 1011
186.103.159.183 - - [06/Mar/2018:12:35:16 -0300] "GET /cormun/static/Shared/ext/ext-all.js HTTP/1.1" 200 1289687
186.103.159.183 - - [06/Mar/2018:12:35:16 -0300] "GET /cormun/servlet/solicitudotadjuntos?INS,2018,10106,,1, HTTP/1.1" 200 6230
186.103.159.183 - - [06/Mar/2018:12:35:17 -0300] "GET /cormun/servlet/solicitudotadjuntos?cd30e8dc1249d60655f3333cce3a1bc378ab79fb2dc556fb6f6393118c79470ca3cb7e3b57de8613b45aaf96194b63f5,gx-no-cache=1520350470430 HTTP/1.1" 200 30
186.103.159.183 - - [06/Mar/2018:12:35:17 -0300] "POST /cormun/servlet/solicitudotadjuntos?9cc6185dc021ea1b400be4c2caf596db,INS,2018,10106,,1,,gx-no-cache=1520350470485 HTTP/1.1" 200 3987
186.103.159.43 - - [06/Mar/2018:12:35:19 -0300] "POST /cormun/servlet/solicitudot?gx-no-cache=1520350471723 HTTP/1.1" 200 30
186.103.159.183 - - [06/Mar/2018:12:35:21 -0300] "POST /cormun/servlet/solicitudotadjuntos?gx-no-cache=1520350474004 HTTP/1.1" 200 26
200.111.191.210 - - [06/Mar/2018:12:35:29 -0300] "GET /cormun/servlet/trsolicitudot? HTTP/1.1" 200 7170
200.111.191.210 - - [06/Mar/2018:12:35:29 -0300] "GET /cormun/servlet/trsolicitudot? HTTP/1.1" 200 7169
186.103.159.183 - - [06/Mar/2018:12:35:30 -0300] "GET /cormun/servlet/solicitudotadjuntos?cd30e8dc1249d60655f3333cce3a1bc36bce24d0a682dc43ed111394078e41cb,gx-no-cache=1520350483225 HTTP/1.1" 200 30
186.103.159.183 - - [06/Mar/2018:12:35:30 -0300] "GET /cormun/servlet/solicitudotadjuntos?cd30e8dc1249d60655f3333cce3a1bc36bce24d0a682dc43ed111394078e41cb,gx-no-cache=1520350483268 HTTP/1.1" 200 30
186.103.159.183 - - [06/Mar/2018:12:35:30 -0300] "POST /cormun/servlet/solicitudotadjuntos?9cc6185dc021ea1b400be4c2caf596db,INS,2018,10106,,1, HTTP/1.1" 200 116
186.103.159.183 - - [06/Mar/2018:12:35:31 -0300] "GET /cormun/servlet/hpexe_return? HTTP/1.1" 200 1027
186.103.159.183 - - [06/Mar/2018:12:35:31 -0300] "GET /cormun/servlet/trsolicitudadjuntos?2018,10106, HTTP/1.1" 200 8677
200.111.191.210 - - [06/Mar/2018:12:35:32 -0300] "GET /cormun/servlet/solicitudot?INS,0,0, HTTP/1.1" 200 13406
186.103.159.183 - - [06/Mar/2018:12:35:32 -0300] "GET /cormun/static/Shared/ext/ext-all.js HTTP/1.1" 200 1289687
200.111.191.210 - - [06/Mar/2018:12:35:32 -0300] "GET /cormun/servlet/solicitudot?INS,0,0, HTTP/1.1" 200 13411
186.103.159.183 - - [06/Mar/2018:12:35:33 -0300] "GET /cormun/servlet/trsolicitudadjuntos?2018,10106, HTTP/1.1" 200 8674
200.111.191.210 - - [06/Mar/2018:12:35:35 -0300] "GET /cormun/servlet/prfichaempleado?,MD,,gxPopupLevel%3D0%3B HTTP/1.1" 200 9312
186.103.159.183 - - [06/Mar/2018:12:35:38 -0300] "GET /cormun/servlet/solicitudotadjuntos?INS,2018,10106,,1, HTTP/1.1" 200 6237
186.103.159.183 - - [06/Mar/2018:12:35:38 -0300] "GET /cormun/static/about:blank HTTP/1.1" 404 1011
186.103.159.183 - - [06/Mar/2018:12:35:39 -0300] "GET /cormun/static/Shared/ext/ext-all.js HTTP/1.1" 200 1289687
186.103.159.183 - - [06/Mar/2018:12:35:40 -0300] "GET /cormun/servlet/solicitudotadjuntos?INS,2018,10106,,1, HTTP/1.1" 200 6230
186.103.159.183 - - [06/Mar/2018:12:35:40 -0300] "GET /cormun/servlet/solicitudotadjuntos?cd30e8dc1249d60655f3333cce3a1bc378ab79fb2dc556fb6f6393118c79470ca3cb7e3b57de8613b45aaf96194b63f5,gx-no-cache=1520350493465 HTTP/1.1" 200 30
186.103.159.183 - - [06/Mar/2018:12:35:40 -0300] "POST /cormun/servlet/solicitudotadjuntos?9cc6185dc021ea1b400be4c2caf596db,INS,2018,10106,,1,,gx-no-cache=1520350493531 HTTP/1.1" 200 3987
200.111.191.210 - - [06/Mar/2018:12:35:40 -0300] "POST /cormun/servlet/prfichaempleado?fb17d42d0ad69c84ec93fe41efe4f997,,MD,,gxPopupLevel%3D0%3B,gx-no-cache=1520350492208 HTTP/1.1" 200 3406
186.103.159.183 - - [06/Mar/2018:12:35:43 -0300] "POST /cormun/servlet/solicitudotadjuntos?gx-no-cache=1520350496211 HTTP/1.1" 200 26
200.111.191.210 - - [06/Mar/2018:12:35:43 -0300] "POST /cormun/servlet/solicitudot?gx-no-cache=1520350494781 HTTP/1.1" 200 3390
200.111.191.210 - - [06/Mar/2018:12:35:43 -0300] "POST /cormun/servlet/solicitudot?fb17d42d0ad69c84ec93fe41efe4f997,INS,0,0,,gx-no-cache=1520350494953 HTTP/1.1" 200 10363
200.111.191.210 - - [06/Mar/2018:12:35:43 -0300] "GET /cormun/servlet/solicitudot?0589c8d9018a89d41b95be1f0bf2c34a89cac0c1c3164862dd315b7388d2c785e076efc42ef36b5f734ca7f47b3dac9b,gx-no-cache=1520350495146 HTTP/1.1" 200 30
200.111.191.210 - - [06/Mar/2018:12:35:45 -0300] "GET /cormun/servlet/solicitudot?0589c8d9018a89d41b95be1f0bf2c34a4a2e70a682deefad8887e43a378c5590316225e2a01ac590d0c6fdaa0babfac1,gx-no-cache=1520350497115 HTTP/1.1" 200 103
200.111.191.210 - - [06/Mar/2018:12:35:45 -0300] "GET /cormun/static/Shared/jqueryui/images/ui-bg_highlight-soft_100_c6c2c8_1x100.png HTTP/1.1" 404 1117
200.111.191.210 - - [06/Mar/2018:12:35:45 -0300] "GET /cormun/static/Shared/jqueryui/images/ui-icons_82798d_256x240.png HTTP/1.1" 404 1089
200.111.191.210 - - [06/Mar/2018:12:35:45 -0300] "GET /cormun/static/Shared/jqueryui/images/ui-bg_flat_55_994d53_40x100.png HTTP/1.1" 404 1097
200.111.191.210 - - [06/Mar/2018:12:35:45 -0300] "GET /cormun/static/Shared/jqueryui/images/ui-icons_ebccce_256x240.png HTTP/1.1" 404 1089
200.111.191.210 - - [06/Mar/2018:12:35:45 -0300] "GET /cormun/servlet/solicitudot?0589c8d9018a89d41b95be1f0bf2c34a5f1e9d339655f562b27fe8d7aafc226f,gx-no-cache=1520350497181 HTTP/1.1" 200 57
200.111.191.210 - - [06/Mar/2018:12:35:45 -0300] "POST /cormun/servlet/solicitudot?gx-no-cache=1520350497248 HTTP/1.1" 200 255
200.111.191.210 - - [06/Mar/2018:12:35:45 -0300] "GET /cormun/servlet/solicitudot?0589c8d9018a89d41b95be1f0bf2c34afe3f4317f1b14a8da86a85d701f030af56411731b4a4e9375b2442493c978278cc7a3dc44a59e000f3790505c6d865208d66f3685b028562dad7ab6dbd5092186067a969503e4be6b94acec71a619a8e071a65e9efeeecc69da1cb81b28d616295ff46c33a0fc04a2df25f077dd7fe06d47b8a300b7992ee8362d27b3ebf487824ddca8ff0133ccd9dd6f1c3a3a6842415d3a45dd87c720e03c3d01c961c440c5faacbbe8d7dea1a393778efcab2986e20df375e8de79431acfeb365e2575f117e7f78b2e2eac58ba14b30c040a5f1a5f2f8ae9c03e202ead3e05c64ad1924b7e712ec7542f77b0cb5856e993780b41ef5a8b708fc62fbacb9dcbc458c6e03865c0c7729e0d6c300fcc582c08254c2c89b79af3b9aacc4cfe385bded8f5e3f9c2a7686c3452670d0ac19d7faea555b6fe973184fce1c64ab7c0dce213c202114a98ed619414ff1cde8451211dbc1d195a225aaa517e6238284cb08a2227182fe9a8d74b56f7774982cff510fd4241520,gx-no-cache=1520350497277 HTTP/1.1" 200 30
200.111.122.170 - - [06/Mar/2018:12:35:46 -0300] "POST /cormun/servlet/trautorizarsolicitud?dc61faee85374ce3948ca68a00c5540e,gx-no-cache=1520350496030 HTTP/1.1" 200 105
200.111.122.170 - - [06/Mar/2018:12:35:47 -0300] "GET /cormun/servlet/trsolicitudadjuntos?2018,9991, HTTP/1.1" 200 9616
200.111.191.210 - - [06/Mar/2018:12:35:47 -0300] "POST /cormun/servlet/solicitudot?gx-no-cache=1520350498716 HTTP/1.1" 200 30
200.111.122.170 - - [06/Mar/2018:12:35:48 -0300] "GET /cormun/servlet/trsolicitudadjuntos?2018,9991, HTTP/1.1" 200 9625
186.103.159.183 - - [06/Mar/2018:12:35:48 -0300] "GET /cormun/servlet/solicitudotadjuntos?cd30e8dc1249d60655f3333cce3a1bc36bce24d0a682dc43ed111394078e41cb,gx-no-cache=1520350501600 HTTP/1.1" 200 30
186.103.159.183 - - [06/Mar/2018:12:35:48 -0300] "GET /cormun/servlet/solicitudotadjuntos?cd30e8dc1249d60655f3333cce3a1bc36bce24d0a682dc43ed111394078e41cb,gx-no-cache=1520350501643 HTTP/1.1" 200 30
186.103.159.183 - - [06/Mar/2018:12:35:56 -0300] "POST /cormun/servlet/solicitudotadjuntos?9cc6185dc021ea1b400be4c2caf596db,INS,2018,10106,,1, HTTP/1.1" 200 116
186.103.159.183 - - [06/Mar/2018:12:35:56 -0300] "GET /cormun/servlet/hpexe_return? HTTP/1.1" 200 1027
186.103.159.183 - - [06/Mar/2018:12:35:57 -0300] "GET /cormun/servlet/trsolicitudadjuntos?2018,10106, HTTP/1.1" 200 8897
186.103.159.183 - - [06/Mar/2018:12:35:57 -0300] "GET /cormun/static/Shared/ext/ext-all.js HTTP/1.1" 200 1289687
186.103.159.183 - - [06/Mar/2018:12:35:58 -0300] "GET /cormun/servlet/trsolicitudadjuntos?2018,10106, HTTP/1.1" 200 8896
200.111.191.210 - - [06/Mar/2018:12:36:00 -0300] "GET /cormun/servlet/solicitudot?0589c8d9018a89d41b95be1f0bf2c34adba7d5aa01c63df61730b5cb7bb918bbdb1d8f0c9da4884323e1ad2c69854347b1f9458a748a1a9ca610a61fb33a62cf,gx-no-cache=1520350511901 HTTP/1.1" 200 30
200.111.191.210 - - [06/Mar/2018:12:36:00 -0300] "POST /cormun/servlet/solicitudot?gx-no-cache=1520350511956 HTTP/1.1" 200 254
200.111.191.210 - - [06/Mar/2018:12:36:00 -0300] "GET /cormun/servlet/solicitudot?0589c8d9018a89d41b95be1f0bf2c34afe3f4317f1b14a8da86a85d701f030af56411731b4a4e9375b2442493c978278cc7a3dc44a59e000f3790505c6d865208d66f3685b028562dad7ab6dbd5092186067a969503e4be6b94acec71a619a8e071a65e9efeeecc69da1cb81b28d616295ff46c33a0fc04a2df25f077dd7fe06d47b8a300b7992ee8362d27b3ebf487824ddca8ff0133ccd9dd6f1c3a3a6842415d3a45dd87c720e03c3d01c961c440c5faacbbe8d7dea1a393778efcab2986e20df375e8de79431acfeb365e2575f117e7f78b2e2eac58ba14b30c040a5f1a5f2f8ae9c03e202ead3e05c64ad1924b7e712ec7542f77b0cb5856e993780b41ef5a8b708fc62fbacb9dcbc458c6e03865c0c7729e0d6c300fcc582c08254c2c89b79af3b9aacc4cfe385bded8f5e3f9c2a7686c3452670d0ac19d7faea555b6fe973184fce1c64ab7c0dce213c202114a98ed619414ff1cde8451211dbc1d195a225aaa517e6238284cb08a2227182fe9b7184ba78085f61f907d0fd2414c340,gx-no-cache=1520350512002 HTTP/1.1" 200 30
200.111.191.210 - - [06/Mar/2018:12:36:00 -0300] "POST /cormun/servlet/solicitudot?gx-no-cache=1520350512028 HTTP/1.1" 200 30
200.111.191.210 - - [06/Mar/2018:12:36:00 -0300] "POST /cormun/servlet/solicitudot?gx-no-cache=1520350512069 HTTP/1.1" 200 1338
186.103.159.183 - - [06/Mar/2018:12:36:00 -0300] "GET /cormun/servlet/solicitudotadjuntos?INS,2018,10106,,1, HTTP/1.1" 200 6236
200.111.191.210 - - [06/Mar/2018:12:36:00 -0300] "POST /cormun/servlet/solicitudot?gx-no-cache=1520350512129 HTTP/1.1" 200 38
186.103.159.183 - - [06/Mar/2018:12:36:01 -0300] "GET /cormun/static/about:blank HTTP/1.1" 404 1011
186.103.159.183 - - [06/Mar/2018:12:36:02 -0300] "GET /cormun/static/Shared/ext/ext-all.js HTTP/1.1" 200 1289687
186.103.159.183 - - [06/Mar/2018:12:36:02 -0300] "GET /cormun/servlet/solicitudotadjuntos?INS,2018,10106,,1, HTTP/1.1" 200 6230
186.103.159.183 - - [06/Mar/2018:12:36:03 -0300] "GET /cormun/servlet/solicitudotadjuntos?cd30e8dc1249d60655f3333cce3a1bc378ab79fb2dc556fb6f6393118c79470ca3cb7e3b57de8613b45aaf96194b63f5,gx-no-cache=1520350516102 HTTP/1.1" 200 30
186.103.159.183 - - [06/Mar/2018:12:36:03 -0300] "POST /cormun/servlet/solicitudotadjuntos?9cc6185dc021ea1b400be4c2caf596db,INS,2018,10106,,1,,gx-no-cache=1520350516154 HTTP/1.1" 200 3987
186.103.159.183 - - [06/Mar/2018:12:36:06 -0300] "POST /cormun/servlet/solicitudotadjuntos?gx-no-cache=1520350519054 HTTP/1.1" 200 26
200.111.191.210 - - [06/Mar/2018:12:36:06 -0300] "GET /cormun/servlet/solicitudot?0589c8d9018a89d41b95be1f0bf2c34ad8329a631364761a24efacbb289b56bfd660e9cc0f78588c7bf64ddea021ffd72ab8a0a70196e1d26e4151268aeaf48cb34b24c9439f83443defbf75d83e57c9552340df63f1f41dcd5281b7e6b0f9df1aca1560e5fdcc8744b53204f8e98b06ab465127a7f716b80e03d4b8f39076f9c0ea75c4ddd9850ee723d5164bb7fb8d26b89f5de40a090de5115bb982ecdc20,gx-no-cache=1520350518039 HTTP/1.1" 200 29
200.111.191.210 - - [06/Mar/2018:12:36:06 -0300] "POST /cormun/servlet/solicitudot?gx-no-cache=1520350518116 HTTP/1.1" 200 1319
200.111.191.210 - - [06/Mar/2018:12:36:06 -0300] "POST /cormun/servlet/solicitudot?gx-no-cache=1520350518207 HTTP/1.1" 200 1217
200.111.191.210 - - [06/Mar/2018:12:36:13 -0300] "GET /cormun/servlet/solicitudot?0589c8d9018a89d41b95be1f0bf2c34abcf10c154bf825f9d00216999beba80fcae23ff813e7fdb8cad595c8bce2798c,gx-no-cache=1520350524640 HTTP/1.1" 200 30
186.103.159.183 - - [06/Mar/2018:12:36:14 -0300] "GET /cormun/servlet/solicitudotadjuntos?cd30e8dc1249d60655f3333cce3a1bc36bce24d0a682dc43ed111394078e41cb,gx-no-cache=1520350527891 HTTP/1.1" 200 30
186.103.159.183 - - [06/Mar/2018:12:36:14 -0300] "GET /cormun/servlet/solicitudotadjuntos?cd30e8dc1249d60655f3333cce3a1bc36bce24d0a682dc43ed111394078e41cb,gx-no-cache=1520350527937 HTTP/1.1" 200 30
186.103.159.183 - - [06/Mar/2018:12:36:15 -0300] "POST /cormun/servlet/solicitudotadjuntos?9cc6185dc021ea1b400be4c2caf596db,INS,2018,10106,,1, HTTP/1.1" 200 116
186.103.159.183 - - [06/Mar/2018:12:36:15 -0300] "GET /cormun/servlet/hpexe_return? HTTP/1.1" 200 1027
186.103.159.183 - - [06/Mar/2018:12:36:15 -0300] "GET /cormun/static/Resources/Spanish/PXTools.css?167811 HTTP/1.1" 200 89042
186.103.159.183 - - [06/Mar/2018:12:36:16 -0300] "GET /cormun/servlet/trsolicitudadjuntos?2018,10106, HTTP/1.1" 200 9051
186.103.159.183 - - [06/Mar/2018:12:36:16 -0300] "GET /cormun/static/gxui/gxui-all.css?110300 HTTP/1.1" 200 2179
186.103.159.183 - - [06/Mar/2018:12:36:16 -0300] "GET /cormun/static/SmoothNavMenu/resources/ddsmoothmenu.css?1012540 HTTP/1.1" 200 2223
186.103.159.183 - - [06/Mar/2018:12:36:16 -0300] "GET /cormun/static/Shared/jqueryui/jquery-ui.min.css?1245370 HTTP/1.1" 200 30288
186.103.159.183 - - [06/Mar/2018:12:36:16 -0300] "GET /cormun/static/calendar-system.css?75620 HTTP/1.1" 200 5572
186.103.159.183 - - [06/Mar/2018:12:36:16 -0300] "GET /cormun/static/Resources/Spanish/PXTools.css?1155365 HTTP/1.1" 200 89042
186.103.159.183 - - [06/Mar/2018:12:36:16 -0300] "GET /cormun/static/SmoothNavMenu/resources/ddsmoothmenu-v.css?1012540 HTTP/1.1" 200 1188
186.103.159.183 - - [06/Mar/2018:12:36:16 -0300] "GET /cormun/static/scaMessage/css/jquery.pnotify.default.css?1716380 HTTP/1.1" 200 1707
186.103.159.183 - - [06/Mar/2018:12:36:16 -0300] "GET /cormun/static/Shared/ext/resources/css/ext-all.css?205870 HTTP/1.1" 200 416045
