192.168.10.89 - - [06/Mar/2018:08:38:08 -0300] "GET /cormun/static/Shared/jqueryui/images/ui-icons_82798d_256x240.png HTTP/1.1" 404 1089
192.168.10.89 - - [06/Mar/2018:08:38:09 -0300] "POST /cormun/servlet/trsolicitudot?dba457b677ceb4ee25d3cf486ff80df0,gx-no-cache=1520336128633 HTTP/1.1" 200 6612
192.168.10.89 - - [06/Mar/2018:08:38:09 -0300] "POST /cormun/servlet/trsolicitudot?dba457b677ceb4ee25d3cf486ff80df0,gx-no-cache=1520336129037 HTTP/1.1" 200 6553
192.168.10.89 - - [06/Mar/2018:08:38:11 -0300] "POST /cormun/servlet/trsolicitudot?dba457b677ceb4ee25d3cf486ff80df0,gx-no-cache=1520336130189 HTTP/1.1" 200 6236
192.168.10.89 - - [06/Mar/2018:08:38:11 -0300] "POST /cormun/servlet/trsolicitudot?dba457b677ceb4ee25d3cf486ff80df0,gx-no-cache=1520336130619 HTTP/1.1" 200 6179
192.168.10.89 - - [06/Mar/2018:08:38:12 -0300] "POST /cormun/servlet/trsolicitudot?dba457b677ceb4ee25d3cf486ff80df0,gx-no-cache=1520336131739 HTTP/1.1" 200 5848
192.168.10.89 - - [06/Mar/2018:08:38:12 -0300] "POST /cormun/servlet/trsolicitudot?dba457b677ceb4ee25d3cf486ff80df0,gx-no-cache=1520336132202 HTTP/1.1" 200 5791
192.168.10.89 - - [06/Mar/2018:08:38:14 -0300] "POST /cormun/servlet/trsolicitudot?dba457b677ceb4ee25d3cf486ff80df0,gx-no-cache=1520336133357 HTTP/1.1" 200 4675
192.168.10.89 - - [06/Mar/2018:08:38:14 -0300] "POST /cormun/servlet/trsolicitudot?dba457b677ceb4ee25d3cf486ff80df0,gx-no-cache=1520336133772 HTTP/1.1" 200 4455
192.168.10.89 - - [06/Mar/2018:08:38:16 -0300] "GET /cormun/servlet/trautorizarsolicitud? HTTP/1.1" 200 10146
192.168.10.89 - - [06/Mar/2018:08:38:19 -0300] "POST /cormun/servlet/trautorizarsolicitud?dba457b677ceb4ee25d3cf486ff80df0,,gx-no-cache=1520336138735 HTTP/1.1" 200 6890
192.168.10.89 - - [06/Mar/2018:08:38:19 -0300] "POST /cormun/servlet/trautorizarsolicitud?dba457b677ceb4ee25d3cf486ff80df0,,gx-no-cache=1520336139098 HTTP/1.1" 200 6834
192.168.10.56 - - [06/Mar/2018:08:38:19 -0300] "POST /cormun/servlet/trsolicitudgral?c8e15d4254504686c623ce5158dc593c,,gx-no-cache=1520336139132 HTTP/1.1" 200 7728
192.168.10.89 - - [06/Mar/2018:08:38:20 -0300] "GET /cormun/static/Shared/jqueryui/images/ui-bg_highlight-soft_100_c6c2c8_1x100.png HTTP/1.1" 404 1117
192.168.10.89 - - [06/Mar/2018:08:38:20 -0300] "GET /cormun/static/Shared/jqueryui/images/ui-bg_flat_55_fafafa_40x100.png HTTP/1.1" 404 1097
192.168.10.89 - - [06/Mar/2018:08:38:20 -0300] "GET /cormun/static/Shared/jqueryui/images/ui-icons_82798d_256x240.png HTTP/1.1" 404 1089
192.168.10.89 - - [06/Mar/2018:08:38:20 -0300] "GET /cormun/static/Shared/jqueryui/images/ui-icons_8d78a5_256x240.png HTTP/1.1" 404 1089
192.168.10.89 - - [06/Mar/2018:08:38:20 -0300] "POST /cormun/servlet/trautorizarsolicitud?dba457b677ceb4ee25d3cf486ff80df0,,gx-no-cache=1520336140079 HTTP/1.1" 200 6539
192.168.10.89 - - [06/Mar/2018:08:38:21 -0300] "POST /cormun/servlet/trautorizarsolicitud?dba457b677ceb4ee25d3cf486ff80df0,,gx-no-cache=1520336140475 HTTP/1.1" 200 6483
192.168.10.89 - - [06/Mar/2018:08:38:22 -0300] "POST /cormun/servlet/trautorizarsolicitud?dba457b677ceb4ee25d3cf486ff80df0,,gx-no-cache=1520336141796 HTTP/1.1" 200 6176
192.168.10.89 - - [06/Mar/2018:08:38:23 -0300] "POST /cormun/servlet/trautorizarsolicitud?dba457b677ceb4ee25d3cf486ff80df0,,gx-no-cache=1520336142267 HTTP/1.1" 200 6118
192.168.10.89 - - [06/Mar/2018:08:38:23 -0300] "POST /cormun/servlet/trautorizarsolicitud?dba457b677ceb4ee25d3cf486ff80df0,,gx-no-cache=1520336143153 HTTP/1.1" 200 5769
192.168.10.89 - - [06/Mar/2018:08:38:24 -0300] "POST /cormun/servlet/trautorizarsolicitud?dba457b677ceb4ee25d3cf486ff80df0,,gx-no-cache=1520336143687 HTTP/1.1" 200 5713
186.103.159.189 - - [06/Mar/2018:08:38:25 -0300] "POST /cormun/servlet/solicitudotadjuntos?4f02fc37207b487a9aaf8fd7ea7cfceb,INS,2018,9938,,1, HTTP/1.1" 200 116
186.103.159.189 - - [06/Mar/2018:08:38:25 -0300] "GET /cormun/servlet/hpexe_return? HTTP/1.1" 200 1021
192.168.10.89 - - [06/Mar/2018:08:38:25 -0300] "POST /cormun/servlet/trautorizarsolicitud?dba457b677ceb4ee25d3cf486ff80df0,,gx-no-cache=1520336144925 HTTP/1.1" 200 4604
192.168.10.89 - - [06/Mar/2018:08:38:26 -0300] "POST /cormun/servlet/trautorizarsolicitud?dba457b677ceb4ee25d3cf486ff80df0,,gx-no-cache=1520336145304 HTTP/1.1" 200 4386
186.103.159.189 - - [06/Mar/2018:08:38:26 -0300] "GET /cormun/servlet/trsolicitudadjuntos?2018,9938, HTTP/1.1" 200 8664
186.103.159.189 - - [06/Mar/2018:08:38:28 -0300] "GET /cormun/servlet/trsolicitudadjuntos?2018,9938, HTTP/1.1" 200 8660
192.168.10.56 - - [06/Mar/2018:08:38:30 -0300] "POST /cormun/servlet/trsolicitudgral?c8e15d4254504686c623ce5158dc593c,,gx-no-cache=1520336149627 HTTP/1.1" 200 25431
186.103.159.189 - - [06/Mar/2018:08:38:36 -0300] "GET /cormun/servlet/solicitudotadjuntos?INS,2018,9938,,1, HTTP/1.1" 200 6215
186.103.159.189 - - [06/Mar/2018:08:38:37 -0300] "GET /cormun/static/about:blank HTTP/1.1" 404 1011
186.103.159.189 - - [06/Mar/2018:08:38:38 -0300] "GET /cormun/servlet/solicitudotadjuntos?INS,2018,9938,,1, HTTP/1.1" 200 6209
186.103.159.189 - - [06/Mar/2018:08:38:38 -0300] "GET /cormun/servlet/solicitudotadjuntos?579497b784df77caf72e6e1e7653514321b0f0ed52192b1d2c017c126432db695a108581a619cbf9dd186fcec9374dac,gx-no-cache=1520339868311 HTTP/1.1" 200 30
186.103.157.246 - - [06/Mar/2018:08:38:38 -0300] "GET /cormun/servlet/solicitudot?b46de61a1c6c0c448a218a92bf607a44bf2e403be25865a644c77c475670d207ae63431d6393fe614b457d78b7131335dab0c87ce9ee57b29110c944bc0989a4,gx-no-cache=1520336266885 HTTP/1.1" 200 30
186.103.157.246 - - [06/Mar/2018:08:38:38 -0300] "GET /cormun/servlet/solicitudot?b46de61a1c6c0c448a218a92bf607a44ac883af5e11dc8d7b9c2211f478cf4e1,gx-no-cache=1520336269160 HTTP/1.1" 200 51
186.103.157.246 - - [06/Mar/2018:08:38:38 -0300] "POST /cormun/servlet/solicitudot?gx-no-cache=1520336269278 HTTP/1.1" 200 255
186.103.159.189 - - [06/Mar/2018:08:38:38 -0300] "POST /cormun/servlet/solicitudotadjuntos?4f02fc37207b487a9aaf8fd7ea7cfceb,INS,2018,9938,,1,,gx-no-cache=1520339868488 HTTP/1.1" 200 3978
186.103.157.246 - - [06/Mar/2018:08:38:39 -0300] "GET /cormun/servlet/solicitudot?b46de61a1c6c0c448a218a92bf607a447f1a0461f7e35ddb6e83799aca2b675cb6bbbde3cf293a6e7a1bbae22ff3a6b2560fd1e6a4533440db3bc3254b5e08a37d505b123446d9d32946c3903cc2fb2e00acd8fb5814156845ed2eecf269a8985ae0af9a1a6991735e380860af53e4a3b1ab300dd871266a55ec57f4483addf0f64ec941c812e7f0c9eb237b8c7706620126943c971295c649a53cdd2b143d809ddae5ae6f0b600bd666c3d763e3b0501dbb21e323597ce78cf5a4c703acee3f5eed35f9fd83a8aa7f2d56cb5276a44860b74db448f00c287ffc6b2d5eb483985c754cec48959ab8a1e4bff27c22ff1ecd240f1ce73fda0ad2c8adc0c1359699db54c721ea1d30a5cb995463f076afad36c0f285aa48a26d0f421868db31462b5066c6719f8dd11a34373fe08dbaeb4ed7ae136c6dd53e6ae3a61955ee7713f8ef6160bb4279736762559d083c4768091b2ef81327411b7a5b6031b316ec05ae76ff6e2214d6c094690c4f9037b8442b539882b900a4c3751438ad0461e1d918,gx-no-cache=1520336269503 HTTP/1.1" 200 30
192.168.10.89 - - [06/Mar/2018:08:38:39 -0300] "GET /cormun/servlet/hlogin HTTP/1.1" 200 1740
186.103.157.246 - - [06/Mar/2018:08:38:43 -0300] "POST /cormun/servlet/solicitudot?gx-no-cache=1520336273525 HTTP/1.1" 200 30
186.103.159.189 - - [06/Mar/2018:08:38:44 -0300] "POST /cormun/servlet/solicitudotadjuntos?gx-no-cache=1520339874019 HTTP/1.1" 200 26
186.103.159.189 - - [06/Mar/2018:08:38:52 -0300] "GET /cormun/servlet/solicitudotadjuntos?579497b784df77caf72e6e1e7653514375c2aad7c1a8a8f340d68c36416c97f8,gx-no-cache=1520339882521 HTTP/1.1" 200 30
186.103.159.189 - - [06/Mar/2018:08:38:52 -0300] "GET /cormun/servlet/solicitudotadjuntos?579497b784df77caf72e6e1e7653514375c2aad7c1a8a8f340d68c36416c97f8,gx-no-cache=1520339882665 HTTP/1.1" 200 30
186.103.159.189 - - [06/Mar/2018:08:39:02 -0300] "POST /cormun/servlet/solicitudotadjuntos?4f02fc37207b487a9aaf8fd7ea7cfceb,INS,2018,9938,,1, HTTP/1.1" 200 116
186.103.159.189 - - [06/Mar/2018:08:39:03 -0300] "GET /cormun/servlet/hpexe_return? HTTP/1.1" 200 1021
186.103.159.189 - - [06/Mar/2018:08:39:04 -0300] "GET /cormun/servlet/trsolicitudadjuntos?2018,9938, HTTP/1.1" 200 8900
186.103.159.189 - - [06/Mar/2018:08:39:05 -0300] "GET /cormun/servlet/trsolicitudadjuntos?2018,9938, HTTP/1.1" 200 8899
186.103.157.246 - - [06/Mar/2018:08:39:10 -0300] "POST /cormun/servlet/solicitudot?gx-no-cache=1520336300589 HTTP/1.1" 200 1337
186.103.157.246 - - [06/Mar/2018:08:39:10 -0300] "POST /cormun/servlet/solicitudot?gx-no-cache=1520336300829 HTTP/1.1" 200 38
186.103.157.246 - - [06/Mar/2018:08:39:32 -0300] "GET /cormun/servlet/solicitudot?b46de61a1c6c0c448a218a92bf607a441538f9827972a23cee8782cf3eecd310c7169c1ab1ee8ee1a05661f0d2b5790e6a5f4e2c600d96438baedffdca1e1dfb63a23b2e633119fd35042a807e102c3c20b6929eb08265e2b8c391a4ba9d22738ad15dc9edf1be5262135f24d1eb18fc193f8587ac658b6cba9c609543e896135fd7c4fdc4128ad4419b0399015107054d4f6cba5f47256b05b4851e2712f1cf,gx-no-cache=1520336323023 HTTP/1.1" 200 29
186.103.157.246 - - [06/Mar/2018:08:39:33 -0300] "POST /cormun/servlet/solicitudot?gx-no-cache=1520336323497 HTTP/1.1" 200 1318
186.103.157.246 - - [06/Mar/2018:08:39:33 -0300] "POST /cormun/servlet/solicitudot?gx-no-cache=1520336324170 HTTP/1.1" 200 1219
186.103.157.246 - - [06/Mar/2018:08:39:33 -0300] "GET /cormun/static/menuarrow.gif HTTP/1.1" 404 1015
186.103.157.246 - - [06/Mar/2018:08:39:36 -0300] "POST /cormun/servlet/solicitudot?gx-no-cache=1520336326472 HTTP/1.1" 200 1318
186.103.157.246 - - [06/Mar/2018:08:39:36 -0300] "POST /cormun/servlet/solicitudot?gx-no-cache=1520336326741 HTTP/1.1" 200 1219
186.103.157.246 - - [06/Mar/2018:08:39:38 -0300] "GET /cormun/servlet/solicitudot?b46de61a1c6c0c448a218a92bf607a441ecae02df354e437e85e959e4191819906c4e240da15797fe76f5d2a9b9ed851,gx-no-cache=1520336329148 HTTP/1.1" 200 30
186.103.157.246 - - [06/Mar/2018:08:39:49 -0300] "POST /cormun/servlet/solicitudot?gx-no-cache=1520336339279 HTTP/1.1" 200 33
186.103.159.189 - - [06/Mar/2018:08:39:52 -0300] "GET /cormun/servlet/trvisualizadoreventos? HTTP/1.1" 200 5948
186.103.159.189 - - [06/Mar/2018:08:39:54 -0300] "GET /cormun/servlet/trvisualizadoreventos? HTTP/1.1" 200 5948
186.103.159.189 - - [06/Mar/2018:08:39:54 -0300] "GET /cormun/servlet/hlogin HTTP/1.1" 200 1743
186.103.158.250 - - [06/Mar/2018:08:39:58 -0300] "GET /cormun/servlet/prbanco?,MD,,gxPopupLevel%3D0%3B HTTP/1.1" 200 6630
186.103.158.250 - - [06/Mar/2018:08:39:58 -0300] "GET /cormun/static/gxcfg.js?20181161016094 HTTP/1.1" 304 -
186.103.158.250 - - [06/Mar/2018:08:39:58 -0300] "GET /cormun/static/prbanco.js?2018116101633 HTTP/1.1" 304 -
186.103.157.246 - - [06/Mar/2018:08:40:02 -0300] "POST /cormun/servlet/solicitudot?96223334d295790a78ffe54a98791d46,INS,0,0,,gx-no-cache=1520336347689 HTTP/1.1" 200 11749
186.103.157.246 - - [06/Mar/2018:08:40:02 -0300] "GET /cormun/static/Shared/jqueryui/images/ui-bg_highlight-soft_100_c6c2c8_1x100.png HTTP/1.1" 404 1117
186.103.157.246 - - [06/Mar/2018:08:40:02 -0300] "GET /cormun/static/Shared/jqueryui/images/ui-bg_flat_55_994d53_40x100.png HTTP/1.1" 404 1097
186.103.157.246 - - [06/Mar/2018:08:40:03 -0300] "GET /cormun/static/Shared/jqueryui/images/ui-icons_ebccce_256x240.png HTTP/1.1" 404 1089
186.103.159.189 - - [06/Mar/2018:08:40:05 -0300] "POST /cormun/servlet/hlogin?9b7da281b3a88402ac94fcbd12d9a466,gx-no-cache=1520336357659 HTTP/1.1" 200 90
186.103.159.189 - - [06/Mar/2018:08:40:05 -0300] "GET /cormun/servlet/hpexe_link HTTP/1.1" 200 964
186.103.159.189 - - [06/Mar/2018:08:40:05 -0300] "GET /cormun/servlet/trvisualizadoreventos HTTP/1.1" 200 6522
186.103.157.246 - - [06/Mar/2018:08:40:05 -0300] "GET /cormun/static/Shared/jqueryui/images/ui-icons_82798d_256x240.png HTTP/1.1" 404 1089
186.103.159.189 - - [06/Mar/2018:08:40:07 -0300] "GET /cormun/servlet/trvisualizadoreventos HTTP/1.1" 200 6520
186.103.158.250 - - [06/Mar/2018:08:40:10 -0300] "GET /cormun/servlet/solicitudot?b97a1769011922dd827882554b2e3246f356f6c7891db82a8dafa8f3b16cf6cd219c9786b78e0737963bf58dc85a28a09f38e1bfcb9d98728518487b37cc1d9e,gx-no-cache=1520336361159 HTTP/1.1" 200 30
186.103.157.246 - - [06/Mar/2018:08:40:14 -0300] "GET /cormun/servlet/trsolicitudot? HTTP/1.1" 200 7083
186.103.159.189 - - [06/Mar/2018:08:40:15 -0300] "POST /cormun/servlet/trvisualizadoreventos?9b7da281b3a88402ac94fcbd12d9a466,gx-no-cache=1520336367101 HTTP/1.1" 200 3660
186.103.159.189 - - [06/Mar/2018:08:40:16 -0300] "GET /cormun/static/menuarrow.gif HTTP/1.1" 404 1015
186.103.156.166 - - [06/Mar/2018:08:40:18 -0300] "GET /cormun/servlet/hlogin HTTP/1.1" 200 1718
186.103.156.166 - - [06/Mar/2018:08:40:18 -0300] "GET /cormun/static/gxtimezone.js?85251 HTTP/1.1" 304 -
186.103.156.166 - - [06/Mar/2018:08:40:18 -0300] "GET /cormun/static/gxcfg.js?20175251213516 HTTP/1.1" 304 -
186.103.156.166 - - [06/Mar/2018:08:40:19 -0300] "GET /cormun/static/messages.spa.js?85251 HTTP/1.1" 304 -
186.103.156.166 - - [06/Mar/2018:08:40:19 -0300] "GET /cormun/servlet/hlogin HTTP/1.1" 200 1729
186.103.157.246 - - [06/Mar/2018:08:40:19 -0300] "GET /cormun/servlet/solicitudot?INS,0,0, HTTP/1.1" 200 13329
186.103.159.189 - - [06/Mar/2018:08:40:20 -0300] "POST /cormun/servlet/trvisualizadoreventos?9b7da281b3a88402ac94fcbd12d9a466,gx-no-cache=1520336372225 HTTP/1.1" 200 3665
186.103.158.250 - - [06/Mar/2018:08:40:22 -0300] "GET /cormun/servlet/solicitudot?b97a1769011922dd827882554b2e3246ce6afeb3bfce975223d134dc5fd21a6a,gx-no-cache=1520336373785 HTTP/1.1" 200 53
186.103.157.246 - - [06/Mar/2018:08:40:28 -0300] "GET /cormun/servlet/prfichaempleado?,MD,,gxPopupLevel%3D0%3B HTTP/1.1" 200 9192
186.103.159.189 - - [06/Mar/2018:08:40:29 -0300] "POST /cormun/servlet/trvisualizadoreventos?9b7da281b3a88402ac94fcbd12d9a466,gx-no-cache=1520336381548 HTTP/1.1" 200 3668
186.103.156.166 - - [06/Mar/2018:08:40:34 -0300] "POST /cormun/servlet/hlogin?0bb56d3c539c10e1f14e669c2aae3cbe,gx-no-cache=1520336388554 HTTP/1.1" 200 90
186.103.156.166 - - [06/Mar/2018:08:40:35 -0300] "GET /cormun/servlet/hpexe_link HTTP/1.1" 200 951
186.103.156.166 - - [06/Mar/2018:08:40:35 -0300] "GET /cormun/static/gxcfg.js?20177612121792 HTTP/1.1" 304 -
186.103.156.166 - - [06/Mar/2018:08:40:35 -0300] "GET /cormun/servlet/hhome HTTP/1.1" 200 4182
186.103.156.166 - - [06/Mar/2018:08:40:36 -0300] "GET /cormun/static/gxcfg.js?20175251212442 HTTP/1.1" 304 -
186.103.156.166 - - [06/Mar/2018:08:40:37 -0300] "GET /cormun/servlet/hhome HTTP/1.1" 200 4179
192.168.10.56 - - [06/Mar/2018:08:40:40 -0300] "POST /cormun/servlet/trsolicitudgral?c8e15d4254504686c623ce5158dc593c,,gx-no-cache=1520336279511 HTTP/1.1" 200 11428
186.103.157.246 - - [06/Mar/2018:08:40:46 -0300] "POST /cormun/servlet/prfichaempleado?96223334d295790a78ffe54a98791d46,,MD,,gxPopupLevel%3D0%3B,gx-no-cache=1520336393199 HTTP/1.1" 200 3444
186.103.156.166 - - [06/Mar/2018:08:40:47 -0300] "GET /cormun/servlet/trsolicitudot? HTTP/1.1" 200 7398
186.103.156.166 - - [06/Mar/2018:08:40:47 -0300] "GET /cormun/static/gxcfg.js?2017111422585916 HTTP/1.1" 304 -
186.103.156.166 - - [06/Mar/2018:08:40:47 -0300] "GET /cormun/static/calendar.js?85251 HTTP/1.1" 304 -
186.103.156.166 - - [06/Mar/2018:08:40:47 -0300] "GET /cormun/static/calendar-setup.js?85251 HTTP/1.1" 304 -
186.103.156.166 - - [06/Mar/2018:08:40:47 -0300] "GET /cormun/static/calendar-es.js?85251 HTTP/1.1" 304 -
186.103.156.166 - - [06/Mar/2018:08:40:47 -0300] "GET /cormun/static/gxdec.js?85251 HTTP/1.1" 304 -
186.103.156.166 - - [06/Mar/2018:08:40:47 -0300] "GET /cormun/servlet/trsolicitudot? HTTP/1.1" 200 7397
186.103.159.189 - - [06/Mar/2018:08:40:51 -0300] "GET /cormun/servlet/solicitudotadjuntos?INS,2018,9938,,1, HTTP/1.1" 200 6214
186.103.158.250 - - [06/Mar/2018:08:40:52 -0300] "GET /cormun/servlet/solicitudot?b97a1769011922dd827882554b2e3246a6d127483fd65f7b32275e88ce603a98d763bf720c9f125174b6bb446509cc9dc0504e7301fac740f8283ee0c62e51ff9c6be47f155b1627c7f43919ab9b7d2845c4d8136b83164e7d9f8d6322933dfa43b8ce38e370494dd12b187a585acded938fc7254b7003a777c2ca954c1cc54a0786b9adcf38ca897de0cf3088167631d862aac0af43c07c83fa8255facd852cb8b16cafecf262f10dcc545f9d62a5727a8f1d9614e0b37068f59b4657aad083da7c3cfcdf6ca0c3802d1d24240f0cae5300b7897448c382d36da6561652e8e6bef8375c65be32fdb7de184bb209bf1d375a76657c92cd01858040213dd131ef51e5d626f18ce7e228644c08614a9123d182a0dcb8ed449177972e6c1fc4cd6f0a447639a38b91fdc0f7ab72c27788d40760ba2bc8dc2bb37117f9e011ab67ba1c49b44376e274a4959844ca48e256c9,gx-no-cache=1520336402785 HTTP/1.1" 200 297
186.103.159.189 - - [06/Mar/2018:08:40:52 -0300] "GET /cormun/static/about:blank HTTP/1.1" 404 1011
186.103.156.166 - - [06/Mar/2018:08:40:53 -0300] "GET /cormun/servlet/solicitudot?INS,0,0, HTTP/1.1" 200 13618
186.103.156.166 - - [06/Mar/2018:08:40:53 -0300] "GET /cormun/static/solicitudot.js?201812313224831 HTTP/1.1" 304 -
186.103.156.166 - - [06/Mar/2018:08:40:53 -0300] "GET /cormun/static/gxcfg.js?201812313224582 HTTP/1.1" 304 -
186.103.159.189 - - [06/Mar/2018:08:40:54 -0300] "GET /cormun/servlet/solicitudotadjuntos?INS,2018,9938,,1, HTTP/1.1" 200 6208
186.103.156.166 - - [06/Mar/2018:08:40:54 -0300] "GET /cormun/servlet/solicitudot?INS,0,0, HTTP/1.1" 200 13623
186.103.159.189 - - [06/Mar/2018:08:40:55 -0300] "GET /cormun/servlet/solicitudotadjuntos?579497b784df77caf72e6e1e7653514321b0f0ed52192b1d2c017c126432db695a108581a619cbf9dd186fcec9374dac,gx-no-cache=1520340005083 HTTP/1.1" 200 30
186.103.159.189 - - [06/Mar/2018:08:40:55 -0300] "POST /cormun/servlet/solicitudotadjuntos?4f02fc37207b487a9aaf8fd7ea7cfceb,INS,2018,9938,,1,,gx-no-cache=1520340005207 HTTP/1.1" 200 3976
186.103.159.189 - - [06/Mar/2018:08:40:55 -0300] "GET /cormun/servlet/hlogin HTTP/1.1" 200 1722
186.103.158.250 - - [06/Mar/2018:08:40:57 -0300] "GET /cormun/servlet/solicitudot?b97a1769011922dd827882554b2e3246530b9e35dc75456f1db47cbd29c5a08a66f7f72971d69eabb99e0dc277a186ef0e33d2b1fd9fc8f3a75f0056542086426c4b6ecfbc5e327bb6ad9974911e6b1cbae8a29ccb7dbd50f903827f45b5f25e26d8423a0f80932d8e238d70d5f7b2868e557c599f6108defd6f6dacebc342ed17321069304c0788ace3adeed59f7dacd25cbdf78d78b07a2a2db67767891ca5e2d8f242da71354c1aa9f9c4fd326a46f2fdb16b95f361ab377e14381d3b57241de80d38326f40461956078a690f948b2353f4d1849dcb20bba9d7d3695d4ea447a793ef27d5e2a1712bcebc8773fbbade95138fdaa5c7b9d670aeda2ef479418277adf94b144a6127871d29387957fe4c119f17e3ae04fd3771c47d48de86c51d2af1d64ebe51b08b3b7471ccc90b9d3d7cd24abdaaa6c9e140afc169ec3fa4c237a7e4e3d74d4472c00a5d75a3d9b587c7e1585ba5c07042651867339b38da9e311040333aaa900541e7b1f823c7cc795ef761d69a678022c1be1ddbdc4c8ba324f4f793eb49ff5cc203bf7cb9e907,gx-no-cache=1520336408357 HTTP/1.1" 200 30
186.103.157.246 - - [06/Mar/2018:08:40:59 -0300] "GET /cormun/servlet/solicitudot?e80f5d1e59be068651ff6ceb7c29337960c5c190b4f6da33815c50a5801a58f9,gx-no-cache=1520336410014 HTTP/1.1" 200 20
186.103.158.250 - - [06/Mar/2018:08:40:59 -0300] "POST /cormun/servlet/solicitudot?gx-no-cache=1520336410691 HTTP/1.1" 200 30
186.103.159.189 - - [06/Mar/2018:08:41:00 -0300] "POST /cormun/servlet/solicitudotadjuntos?gx-no-cache=1520340010100 HTTP/1.1" 200 26
192.168.10.56 - - [06/Mar/2018:08:41:00 -0300] "POST /cormun/servlet/trsolicitudgral?c8e15d4254504686c623ce5158dc593c,,gx-no-cache=1520336300003 HTTP/1.1" 200 16127
186.103.158.250 - - [06/Mar/2018:08:41:01 -0300] "POST /cormun/servlet/solicitudot?gx-no-cache=1520336412501 HTTP/1.1" 200 1331
186.103.158.250 - - [06/Mar/2018:08:41:02 -0300] "POST /cormun/servlet/solicitudot?gx-no-cache=1520336412745 HTTP/1.1" 200 38
186.103.157.246 - - [06/Mar/2018:08:41:02 -0300] "POST /cormun/servlet/solicitudot?gx-no-cache=1520336411567 HTTP/1.1" 200 3396
186.103.157.246 - - [06/Mar/2018:08:41:03 -0300] "POST /cormun/servlet/solicitudot?96223334d295790a78ffe54a98791d46,INS,0,0,,gx-no-cache=1520336413181 HTTP/1.1" 200 10368
186.103.157.246 - - [06/Mar/2018:08:41:04 -0300] "GET /cormun/servlet/solicitudot?b46de61a1c6c0c448a218a92bf607a44a52f8af196d734975ccd214a097f26d3f9cda6bdeaaa57b884681caf49bbd882,gx-no-cache=1520336414765 HTTP/1.1" 200 30
186.103.159.189 - - [06/Mar/2018:08:41:07 -0300] "GET /cormun/servlet/solicitudotadjuntos?579497b784df77caf72e6e1e7653514375c2aad7c1a8a8f340d68c36416c97f8,gx-no-cache=1520340017135 HTTP/1.1" 200 30
186.103.159.189 - - [06/Mar/2018:08:41:07 -0300] "GET /cormun/servlet/solicitudotadjuntos?579497b784df77caf72e6e1e7653514375c2aad7c1a8a8f340d68c36416c97f8,gx-no-cache=1520340017262 HTTP/1.1" 200 30
186.103.156.166 - - [06/Mar/2018:08:41:08 -0300] "POST /cormun/servlet/solicitudot?gx-no-cache=1520336422203 HTTP/1.1" 200 3384
186.103.157.246 - - [06/Mar/2018:08:41:10 -0300] "GET /cormun/servlet/solicitudot?b46de61a1c6c0c448a218a92bf607a442f6e14d1b08cca1636e0c1c2aed23e2707a3829d0b0fce8503de1a6508a852ba8385971b1b166e991ac339f981dc76b8,gx-no-cache=1520336420294 HTTP/1.1" 200 30
186.103.157.246 - - [06/Mar/2018:08:41:10 -0300] "GET /cormun/servlet/solicitudot?b46de61a1c6c0c448a218a92bf607a44ac883af5e11dc8d7b9c2211f478cf4e1,gx-no-cache=1520336420707 HTTP/1.1" 200 51
186.103.157.246 - - [06/Mar/2018:08:41:10 -0300] "POST /cormun/servlet/solicitudot?gx-no-cache=1520336420838 HTTP/1.1" 200 255
186.103.159.189 - - [06/Mar/2018:08:41:10 -0300] "POST /cormun/servlet/hlogin?9b7da281b3a88402ac94fcbd12d9a466,gx-no-cache=1520336422630 HTTP/1.1" 200 90
186.103.159.189 - - [06/Mar/2018:08:41:10 -0300] "GET /cormun/servlet/hpexe_link HTTP/1.1" 200 953
186.103.156.166 - - [06/Mar/2018:08:41:11 -0300] "POST /cormun/servlet/solicitudot?0bb56d3c539c10e1f14e669c2aae3cbe,INS,0,0,,gx-no-cache=1520336423022 HTTP/1.1" 200 10527
186.103.159.189 - - [06/Mar/2018:08:41:11 -0300] "GET /cormun/servlet/hhome HTTP/1.1" 200 4177
186.103.157.246 - - [06/Mar/2018:08:41:11 -0300] "GET /cormun/servlet/solicitudot?b46de61a1c6c0c448a218a92bf607a447f1a0461f7e35ddb6e83799aca2b675cb6bbbde3cf293a6e7a1bbae22ff3a6b2560fd1e6a4533440db3bc3254b5e08a37d505b123446d9d32946c3903cc2fb2e00acd8fb5814156845ed2eecf269a8985ae0af9a1a6991735e380860af53e4a3b1ab300dd871266a55ec57f4483addf0f64ec941c812e7f0c9eb237b8c7706620126943c971295c649a53cdd2b143d809ddae5ae6f0b600bd666c3d763e3b0501dbb21e323597ce78cf5a4c703acee3f5eed35f9fd83a8aa7f2d56cb5276a44860b74db448f00c287ffc6b2d5eb483985c754cec48959ab8a1e4bff27c22ff1ecd240f1ce73fda0ad2c8adc0c1359699db54c721ea1d30a5cb995463f076afad36c0f285aa48a26d0f421868db31462b5066c6719f8dd11a34373fe08dbaeb4ed7ae136c6dd53e6ae3a61955ee7713f8ef6160bb4279736762559d083c4768091b2ef81327411b7a5b6031b316ec05ae76ff6e2214d6c094690c4f9037b8442b539882b900a4c3751438ad0461e1d918,gx-no-cache=1520336421354 HTTP/1.1" 200 30
186.103.159.189 - - [06/Mar/2018:08:41:12 -0300] "GET /cormun/servlet/hhome HTTP/1.1" 200 4173
186.103.157.246 - - [06/Mar/2018:08:41:15 -0300] "POST /cormun/servlet/solicitudot?gx-no-cache=1520336425941 HTTP/1.1" 200 30
186.103.159.189 - - [06/Mar/2018:08:41:16 -0300] "GET /cormun/servlet/trautorizarsolicitud? HTTP/1.1" 200 7288
186.103.159.189 - - [06/Mar/2018:08:41:16 -0300] "GET /cormun/static/gxcfg.js?2017111423403364 HTTP/1.1" 304 -
186.103.159.189 - - [06/Mar/2018:08:41:17 -0300] "GET /cormun/servlet/trautorizarsolicitud? HTTP/1.1" 200 7287
186.103.159.189 - - [06/Mar/2018:08:41:23 -0300] "POST /cormun/servlet/trautorizarsolicitud?9b7da281b3a88402ac94fcbd12d9a466,,gx-no-cache=1520336434043 HTTP/1.1" 200 4396
186.103.159.189 - - [06/Mar/2018:08:41:26 -0300] "POST /cormun/servlet/solicitudotadjuntos?4f02fc37207b487a9aaf8fd7ea7cfceb,INS,2018,9938,,1, HTTP/1.1" 200 116
186.103.159.189 - - [06/Mar/2018:08:41:26 -0300] "GET /cormun/servlet/trvisualizadoreventos? HTTP/1.1" 200 6931
186.103.159.189 - - [06/Mar/2018:08:41:26 -0300] "GET /cormun/servlet/hpexe_return? HTTP/1.1" 200 1021
186.103.159.189 - - [06/Mar/2018:08:41:27 -0300] "GET /cormun/servlet/trsolicitudadjuntos?2018,9938, HTTP/1.1" 200 9065
186.103.159.189 - - [06/Mar/2018:08:41:27 -0300] "GET /cormun/servlet/trvisualizadoreventos? HTTP/1.1" 200 6931
186.103.159.189 - - [06/Mar/2018:08:41:30 -0300] "GET /cormun/servlet/trsolicitudadjuntos?2018,9938, HTTP/1.1" 200 9064
186.103.157.246 - - [06/Mar/2018:08:41:31 -0300] "POST /cormun/servlet/solicitudot?gx-no-cache=1520336442035 HTTP/1.1" 200 1337
186.103.157.246 - - [06/Mar/2018:08:41:31 -0300] "POST /cormun/servlet/solicitudot?gx-no-cache=1520336442207 HTTP/1.1" 200 38
186.103.156.166 - - [06/Mar/2018:08:41:33 -0300] "GET /cormun/servlet/solicitudot?5803b4800b15391489773f2437b8ddb755030e3f9c455c34ca9d170b88ff8476a0520fb2c408b378e34667cd61647ca2,gx-no-cache=1520336447035 HTTP/1.1" 200 30
186.103.156.166 - - [06/Mar/2018:08:41:33 -0300] "GET /cormun/servlet/solicitudot?5803b4800b15391489773f2437b8ddb76df3b792299a2e4878b72b9080c97681,gx-no-cache=1520336447166 HTTP/1.1" 200 94
186.103.156.166 - - [06/Mar/2018:08:41:33 -0300] "GET /cormun/static/Shared/jqueryui/images/ui-bg_highlight-soft_100_c6c2c8_1x100.png HTTP/1.1" 404 1117
186.103.156.166 - - [06/Mar/2018:08:41:33 -0300] "GET /cormun/static/Shared/jqueryui/images/ui-bg_flat_55_994d53_40x100.png HTTP/1.1" 404 1097
186.103.156.166 - - [06/Mar/2018:08:41:33 -0300] "GET /cormun/static/Shared/jqueryui/images/ui-icons_82798d_256x240.png HTTP/1.1" 404 1089
186.103.156.166 - - [06/Mar/2018:08:41:33 -0300] "GET /cormun/servlet/solicitudot?5803b4800b15391489773f2437b8ddb7d0c7b6f35af796d16baefa32e942563d,gx-no-cache=1520336447270 HTTP/1.1" 200 51
186.103.156.166 - - [06/Mar/2018:08:41:33 -0300] "GET /cormun/static/Shared/jqueryui/images/ui-icons_ebccce_256x240.png HTTP/1.1" 404 1089
186.103.156.166 - - [06/Mar/2018:08:41:33 -0300] "POST /cormun/servlet/solicitudot?gx-no-cache=1520336447381 HTTP/1.1" 200 255
186.103.156.166 - - [06/Mar/2018:08:41:33 -0300] "GET /cormun/servlet/solicitudot?5803b4800b15391489773f2437b8ddb79afa396ad95f1897041558fbc34c6357b801e3d65209866566cf47c600d0109f54f07cd617a22c003374d4fac517b8f5a997afeca57ef830f40f3191e4e0ddca4a8907855afe81cb47251610664a71627e7ada2b70e85d911ceac1689dd7775829e4a163c5925b970f638953f05bb22e90ee85ea4e3585e4560c4aff140fbf472704bb5fe4fb8130753b5ad73e78e378152e10cc370842eda912717da5fc7ad916f530d0df115cc51f0c78feb9101981709d90014e83e911eae3fc56886f5fcc3b5d72bfa9a44dc459652dc1d8f11c707ae59fc92f7fa8bdaeb8a9309c67c6050c9a9cd41b9d73e19f41a143c99b14f3348110ecb4e7e8812cb2f6415a71b6a2bf2c48dd0289344bdc5f2fa6ee4b79779502a0f066d6284872c5db952b827a9d8e78c361f948742ff535fceaca9b56aa2afb98c255e6fa861cf69fe20c2556217ecc3828dd2ff9b872c4f18be8fe6ac5ac1adec827102658fd5afc66e0bfcb19985d09f91cc651dbe43e9d105069b64e,gx-no-cache=1520336447539 HTTP/1.1" 200 30
186.103.159.189 - - [06/Mar/2018:08:41:34 -0300] "POST /cormun/servlet/trvisualizadoreventos?9b7da281b3a88402ac94fcbd12d9a466,,gx-no-cache=1520336445952 HTTP/1.1" 200 5941
186.103.156.166 - - [06/Mar/2018:08:41:34 -0300] "POST /cormun/servlet/solicitudot?gx-no-cache=1520336447912 HTTP/1.1" 200 30
186.103.156.166 - - [06/Mar/2018:08:41:34 -0300] "POST /cormun/servlet/solicitudot?gx-no-cache=1520336448440 HTTP/1.1" 200 1337
186.103.156.166 - - [06/Mar/2018:08:41:34 -0300] "POST /cormun/servlet/solicitudot?gx-no-cache=1520336448614 HTTP/1.1" 200 38
186.103.159.189 - - [06/Mar/2018:08:41:34 -0300] "GET /cormun/servlet/solicitudotadjuntos?INS,2018,9938,,1, HTTP/1.1" 200 6214
186.103.159.189 - - [06/Mar/2018:08:41:36 -0300] "GET /cormun/static/about:blank HTTP/1.1" 404 1011
186.103.159.189 - - [06/Mar/2018:08:41:36 -0300] "GET /cormun/servlet/solicitudotadjuntos?INS,2018,9938,,1, HTTP/1.1" 200 6208
186.103.159.189 - - [06/Mar/2018:08:41:37 -0300] "GET /cormun/servlet/solicitudotadjuntos?579497b784df77caf72e6e1e7653514321b0f0ed52192b1d2c017c126432db695a108581a619cbf9dd186fcec9374dac,gx-no-cache=1520340046823 HTTP/1.1" 200 30
186.103.159.189 - - [06/Mar/2018:08:41:38 -0300] "POST /cormun/servlet/solicitudotadjuntos?4f02fc37207b487a9aaf8fd7ea7cfceb,INS,2018,9938,,1,,gx-no-cache=1520340047462 HTTP/1.1" 200 3976
192.168.10.50 - - [06/Mar/2018:08:41:39 -0300] "GET /cormun/servlet/hlogin HTTP/1.1" 200 1729
192.168.10.50 - - [06/Mar/2018:08:41:39 -0300] "GET /cormun/servlet/hlogin HTTP/1.1" 200 1736
186.103.159.189 - - [06/Mar/2018:08:41:43 -0300] "POST /cormun/servlet/solicitudotadjuntos?gx-no-cache=1520340052766 HTTP/1.1" 200 26
192.168.10.50 - - [06/Mar/2018:08:41:44 -0300] "POST /cormun/servlet/hlogin?0a3d557a1eaeaba86cd775f6eea7d209,gx-no-cache=1520336343464 HTTP/1.1" 200 90
192.168.10.50 - - [06/Mar/2018:08:41:44 -0300] "GET /cormun/servlet/hpexe_link HTTP/1.1" 200 956
192.168.10.50 - - [06/Mar/2018:08:41:44 -0300] "GET /cormun/servlet/hhome HTTP/1.1" 200 4467
192.168.10.50 - - [06/Mar/2018:08:41:44 -0300] "GET /cormun/servlet/hhome HTTP/1.1" 200 4463
200.111.122.170 - - [06/Mar/2018:08:41:47 -0300] "GET /cormun/servlet/hlogin HTTP/1.1" 200 1725
186.103.159.189 - - [06/Mar/2018:08:41:48 -0300] "POST /cormun/servlet/trvisualizadoreventos?9b7da281b3a88402ac94fcbd12d9a466,,gx-no-cache=1520336459882 HTTP/1.1" 200 4139
186.103.157.246 - - [06/Mar/2018:08:41:48 -0300] "GET /cormun/servlet/solicitudot?b46de61a1c6c0c448a218a92bf607a441538f9827972a23cee8782cf3eecd310c7169c1ab1ee8ee1a05661f0d2b5790e6a5f4e2c600d96438baedffdca1e1dfb63a23b2e633119fd35042a807e102c3c20b6929eb08265e2b8c391a4ba9d22738ad15dc9edf1be5262135f24d1eb18fc193f8587ac658b6cba9c609543e896135fd7c4fdc4128ad4419b0399015107054d4f6cba5f47256b05b4851e2712f1cf,gx-no-cache=1520336458415 HTTP/1.1" 200 29
186.103.157.246 - - [06/Mar/2018:08:41:48 -0300] "POST /cormun/servlet/solicitudot?gx-no-cache=1520336458851 HTTP/1.1" 200 1318
186.103.157.246 - - [06/Mar/2018:08:41:48 -0300] "POST /cormun/servlet/solicitudot?gx-no-cache=1520336459091 HTTP/1.1" 200 1218
186.103.159.189 - - [06/Mar/2018:08:41:48 -0300] "GET /cormun/servlet/solicitudotadjuntos?579497b784df77caf72e6e1e7653514375c2aad7c1a8a8f340d68c36416c97f8,gx-no-cache=1520340058571 HTTP/1.1" 200 30
186.103.157.246 - - [06/Mar/2018:08:41:48 -0300] "GET /cormun/static/menuarrow.gif HTTP/1.1" 404 1015
186.103.159.189 - - [06/Mar/2018:08:41:48 -0300] "GET /cormun/servlet/solicitudotadjuntos?579497b784df77caf72e6e1e7653514375c2aad7c1a8a8f340d68c36416c97f8,gx-no-cache=1520340058690 HTTP/1.1" 200 30
186.103.157.246 - - [06/Mar/2018:08:41:50 -0300] "POST /cormun/servlet/solicitudot?gx-no-cache=1520336460755 HTTP/1.1" 200 1318
186.103.157.246 - - [06/Mar/2018:08:41:50 -0300] "POST /cormun/servlet/solicitudot?gx-no-cache=1520336460964 HTTP/1.1" 200 1218
186.103.157.246 - - [06/Mar/2018:08:41:52 -0300] "GET /cormun/servlet/solicitudot?b46de61a1c6c0c448a218a92bf607a441ecae02df354e437e85e959e4191819906c4e240da15797fe76f5d2a9b9ed851,gx-no-cache=1520336462435 HTTP/1.1" 200 30
186.103.159.189 - - [06/Mar/2018:08:41:52 -0300] "POST /cormun/servlet/solicitudotadjuntos?4f02fc37207b487a9aaf8fd7ea7cfceb,INS,2018,9938,,1, HTTP/1.1" 200 116
186.103.159.189 - - [06/Mar/2018:08:41:52 -0300] "GET /cormun/servlet/hpexe_return? HTTP/1.1" 200 1021
186.103.159.189 - - [06/Mar/2018:08:41:53 -0300] "GET /cormun/servlet/trsolicitudadjuntos?2018,9938, HTTP/1.1" 200 9271
200.111.122.170 - - [06/Mar/2018:08:41:54 -0300] "GET /cormun/servlet/hlogin HTTP/1.1" 200 1725
186.103.159.189 - - [06/Mar/2018:08:41:55 -0300] "GET /cormun/servlet/trsolicitudadjuntos?2018,9938, HTTP/1.1" 200 9268
186.103.159.189 - - [06/Mar/2018:08:41:57 -0300] "POST /cormun/servlet/trvisualizadoreventos?9b7da281b3a88402ac94fcbd12d9a466,,gx-no-cache=1520336470101 HTTP/1.1" 200 5819
186.103.157.246 - - [06/Mar/2018:08:42:00 -0300] "POST /cormun/servlet/solicitudot?gx-no-cache=1520336471186 HTTP/1.1" 200 33
192.168.10.56 - - [06/Mar/2018:08:42:04 -0300] "POST /cormun/servlet/trsolicitudgral?c8e15d4254504686c623ce5158dc593c,,gx-no-cache=1520336362934 HTTP/1.1" 200 25098
186.103.159.189 - - [06/Mar/2018:08:42:07 -0300] "POST /cormun/servlet/trvisualizadoreventos?9b7da281b3a88402ac94fcbd12d9a466,,gx-no-cache=1520336480293 HTTP/1.1" 200 7040
186.103.157.246 - - [06/Mar/2018:08:42:08 -0300] "POST /cormun/servlet/solicitudot?96223334d295790a78ffe54a98791d46,INS,0,0,,gx-no-cache=1520336478548 HTTP/1.1" 200 93
186.103.157.246 - - [06/Mar/2018:08:42:08 -0300] "GET /cormun/servlet/hpexe_return? HTTP/1.1" 200 993
186.103.157.246 - - [06/Mar/2018:08:42:08 -0300] "GET /cormun/static/Resources/Spanish/PXTools.css?167811 HTTP/1.1" 304 -
186.103.157.246 - - [06/Mar/2018:08:42:08 -0300] "GET /cormun/static/gxcfg.js?2016101716175148 HTTP/1.1" 304 -
186.103.157.246 - - [06/Mar/2018:08:42:08 -0300] "GET /cormun/static/hpexe_return.js?2016101716175153 HTTP/1.1" 304 -
186.103.157.246 - - [06/Mar/2018:08:42:09 -0300] "GET /cormun/servlet/trsolicitudot HTTP/1.1" 200 8454
192.168.10.56 - - [06/Mar/2018:08:42:12 -0300] "POST /cormun/servlet/trsolicitudgral?c8e15d4254504686c623ce5158dc593c,,gx-no-cache=1520336371158 HTTP/1.1" 200 23667
186.103.157.246 - - [06/Mar/2018:08:42:13 -0300] "GET /cormun/servlet/solicitudot?INS,0,0, HTTP/1.1" 200 13329
200.72.197.82 - - [06/Mar/2018:08:42:17 -0300] "POST /cormun/servlet/hlogin?87af53749880376e9d73099d947b27ca,gx-no-cache=1520336489279 HTTP/1.1" 200 90
200.72.197.82 - - [06/Mar/2018:08:42:17 -0300] "GET /cormun/servlet/hpexe_link HTTP/1.1" 200 949
200.72.197.82 - - [06/Mar/2018:08:42:17 -0300] "GET /cormun/servlet/hhome HTTP/1.1" 200 4060
200.72.197.82 - - [06/Mar/2018:08:42:18 -0300] "GET /cormun/servlet/hhome HTTP/1.1" 200 4056
186.103.157.246 - - [06/Mar/2018:08:42:18 -0300] "GET /cormun/servlet/prfichaempleado?,MD,,gxPopupLevel%3D0%3B HTTP/1.1" 200 9192
200.72.197.82 - - [06/Mar/2018:08:42:20 -0300] "GET /cormun/servlet/trsolicitudot? HTTP/1.1" 200 7272
200.72.197.82 - - [06/Mar/2018:08:42:21 -0300] "GET /cormun/servlet/trsolicitudot? HTTP/1.1" 200 7272
200.72.197.82 - - [06/Mar/2018:08:42:23 -0300] "GET /cormun/servlet/solicitudot?INS,0,0, HTTP/1.1" 200 13514
200.72.197.82 - - [06/Mar/2018:08:42:24 -0300] "GET /cormun/static/solicitudot.js?201812313224831 HTTP/1.1" 304 -
200.72.197.82 - - [06/Mar/2018:08:42:24 -0300] "GET /cormun/servlet/solicitudot?INS,0,0, HTTP/1.1" 200 13519
186.103.156.166 - - [06/Mar/2018:08:42:27 -0300] "POST /cormun/servlet/solicitudot?gx-no-cache=1520336500454 HTTP/1.1" 200 1337
186.103.156.166 - - [06/Mar/2018:08:42:28 -0300] "POST /cormun/servlet/solicitudot?gx-no-cache=1520336502067 HTTP/1.1" 200 38
186.103.159.189 - - [06/Mar/2018:08:42:30 -0300] "GET /cormun/servlet/solicitudotadjuntos?INS,2018,9938,,1, HTTP/1.1" 200 6216
186.103.159.189 - - [06/Mar/2018:08:42:31 -0300] "GET /cormun/static/about:blank HTTP/1.1" 404 1011
186.103.157.246 - - [06/Mar/2018:08:42:31 -0300] "POST /cormun/servlet/prfichaempleado?96223334d295790a78ffe54a98791d46,,MD,,gxPopupLevel%3D0%3B,gx-no-cache=1520336501755 HTTP/1.1" 200 3445
186.103.159.189 - - [06/Mar/2018:08:42:32 -0300] "GET /cormun/servlet/trsolicitudot? HTTP/1.1" 200 10211
186.103.159.189 - - [06/Mar/2018:08:42:33 -0300] "GET /cormun/servlet/solicitudotadjuntos?INS,2018,9938,,1, HTTP/1.1" 200 6209
186.103.159.189 - - [06/Mar/2018:08:42:33 -0300] "GET /cormun/servlet/solicitudotadjuntos?579497b784df77caf72e6e1e7653514321b0f0ed52192b1d2c017c126432db695a108581a619cbf9dd186fcec9374dac,gx-no-cache=1520340103524 HTTP/1.1" 200 30
186.103.159.189 - - [06/Mar/2018:08:42:34 -0300] "GET /cormun/servlet/trsolicitudot? HTTP/1.1" 200 10210
186.103.159.189 - - [06/Mar/2018:08:42:34 -0300] "POST /cormun/servlet/solicitudotadjuntos?4f02fc37207b487a9aaf8fd7ea7cfceb,INS,2018,9938,,1,,gx-no-cache=1520340103969 HTTP/1.1" 200 3978
186.103.157.246 - - [06/Mar/2018:08:42:34 -0300] "GET /cormun/servlet/solicitudot?e80f5d1e59be068651ff6ceb7c29337960c5c190b4f6da33815c50a5801a58f9,gx-no-cache=1520336504990 HTTP/1.1" 200 20
186.103.157.246 - - [06/Mar/2018:08:42:36 -0300] "POST /cormun/servlet/solicitudot?gx-no-cache=1520336506548 HTTP/1.1" 200 3396
186.103.157.246 - - [06/Mar/2018:08:42:38 -0300] "POST /cormun/servlet/solicitudot?96223334d295790a78ffe54a98791d46,INS,0,0,,gx-no-cache=1520336507729 HTTP/1.1" 200 10366
186.103.157.246 - - [06/Mar/2018:08:42:38 -0300] "GET /cormun/servlet/solicitudot?b46de61a1c6c0c448a218a92bf607a44a52f8af196d734975ccd214a097f26d3f9cda6bdeaaa57b884681caf49bbd882,gx-no-cache=1520336508840 HTTP/1.1" 200 30
186.103.159.189 - - [06/Mar/2018:08:42:40 -0300] "POST /cormun/servlet/solicitudotadjuntos?gx-no-cache=1520340110264 HTTP/1.1" 200 26
200.111.122.170 - - [06/Mar/2018:08:42:40 -0300] "POST /cormun/servlet/solicitudot?gx-no-cache=1520336512298 HTTP/1.1" 200 3417
200.111.122.170 - - [06/Mar/2018:08:42:41 -0300] "POST /cormun/servlet/solicitudot?87af53749880376e9d73099d947b27ca,INS,0,0,,gx-no-cache=1520336513763 HTTP/1.1" 200 10592
186.103.157.246 - - [06/Mar/2018:08:42:42 -0300] "GET /cormun/servlet/solicitudot?b46de61a1c6c0c448a218a92bf607a442f6e14d1b08cca1636e0c1c2aed23e2707a3829d0b0fce8503de1a6508a852ba8385971b1b166e991ac339f981dc76b8,gx-no-cache=1520336511803 HTTP/1.1" 200 30
186.103.157.246 - - [06/Mar/2018:08:42:42 -0300] "GET /cormun/servlet/solicitudot?b46de61a1c6c0c448a218a92bf607a44ac883af5e11dc8d7b9c2211f478cf4e1,gx-no-cache=1520336512812 HTTP/1.1" 200 51
186.103.157.246 - - [06/Mar/2018:08:42:45 -0300] "POST /cormun/servlet/solicitudot?gx-no-cache=1520336513237 HTTP/1.1" 200 255
186.103.157.246 - - [06/Mar/2018:08:42:45 -0300] "GET /cormun/servlet/solicitudot?b46de61a1c6c0c448a218a92bf607a447f1a0461f7e35ddb6e83799aca2b675cb6bbbde3cf293a6e7a1bbae22ff3a6b2560fd1e6a4533440db3bc3254b5e08a37d505b123446d9d32946c3903cc2fb2e00acd8fb5814156845ed2eecf269a8985ae0af9a1a6991735e380860af53e4a3b1ab300dd871266a55ec57f4483addf0f64ec941c812e7f0c9eb237b8c7706620126943c971295c649a53cdd2b143d809ddae5ae6f0b600bd666c3d763e3b0501dbb21e323597ce78cf5a4c703acee3f5eed35f9fd83a8aa7f2d56cb5276a44860b74db448f00c287ffc6b2d5eb483985c754cec48959ab8a1e4bff27c22ff1ecd240f1ce73fda0ad2c8adc0c1359699db54c721ea1d30a5cb995463f076afad36c0f285aa48a26d0f421868db31462b5066c6719f8dd11a34373fe08dbaeb4ed7ae136c6dd53e6ae3a61955ee7713f8ef6160bb4279736762559d083c4768091b2ef81327411b7a5b6031b316ec05ae76ff6e2214d6c094690c4f9037b8442b539882b900a4c3751438ad0461e1d918,gx-no-cache=1520336516159 HTTP/1.1" 200 30
186.103.159.189 - - [06/Mar/2018:08:42:47 -0300] "GET /cormun/servlet/solicitudotadjuntos?579497b784df77caf72e6e1e7653514375c2aad7c1a8a8f340d68c36416c97f8,gx-no-cache=1520340116866 HTTP/1.1" 200 30
186.103.159.189 - - [06/Mar/2018:08:42:47 -0300] "GET /cormun/servlet/solicitudotadjuntos?579497b784df77caf72e6e1e7653514375c2aad7c1a8a8f340d68c36416c97f8,gx-no-cache=1520340117049 HTTP/1.1" 200 30
186.103.159.189 - - [06/Mar/2018:08:42:48 -0300] "POST /cormun/servlet/trsolicitudot?9b7da281b3a88402ac94fcbd12d9a466,,gx-no-cache=1520336518854 HTTP/1.1" 200 6984
186.103.159.189 - - [06/Mar/2018:08:42:48 -0300] "GET /cormun/static/Shared/jqueryui/images/ui-bg_flat_55_fafafa_40x100.png HTTP/1.1" 404 1097
186.103.159.189 - - [06/Mar/2018:08:42:48 -0300] "GET /cormun/static/Shared/jqueryui/images/ui-icons_82798d_256x240.png HTTP/1.1" 404 1089
186.103.159.189 - - [06/Mar/2018:08:42:48 -0300] "GET /cormun/static/Shared/jqueryui/images/ui-bg_highlight-soft_100_c6c2c8_1x100.png HTTP/1.1" 404 1117
186.103.159.189 - - [06/Mar/2018:08:42:48 -0300] "GET /cormun/static/Shared/jqueryui/images/ui-icons_8d78a5_256x240.png HTTP/1.1" 404 1089
186.103.157.246 - - [06/Mar/2018:08:42:49 -0300] "POST /cormun/servlet/solicitudot?gx-no-cache=1520336519220 HTTP/1.1" 200 30
200.111.122.170 - - [06/Mar/2018:08:42:50 -0300] "GET /cormun/servlet/solicitudot?97d97ce32ed1b7226cc5d94ccc6cb470dacc45aff4a47d719762291ac7209b2d03f183df5e9f80bbcf1a2c1ef4b73a4d,gx-no-cache=1520336523551 HTTP/1.1" 200 30
200.111.122.170 - - [06/Mar/2018:08:42:50 -0300] "GET /cormun/servlet/solicitudot?97d97ce32ed1b7226cc5d94ccc6cb470f0457942b6667b74b99d3acfc5b141cc442444fefc438853ac615a6248d1e23037b28e54beeea5a4d26d12927fc8feb9,gx-no-cache=1520336523629 HTTP/1.1" 200 30
200.111.122.170 - - [06/Mar/2018:08:42:51 -0300] "GET /cormun/servlet/solicitudot?97d97ce32ed1b7226cc5d94ccc6cb47092c64f66f796f0e9da08d859971c0a5e,gx-no-cache=1520336523717 HTTP/1.1" 200 53
186.103.158.250 - - [06/Mar/2018:08:42:55 -0300] "GET /cormun/servlet/solicitudot?b97a1769011922dd827882554b2e324618a3ef1dae1db870cd3827b80878df39375a76657c92cd01858040213dd131ef51e5d626f18ce7e228644c08614a9123d5f3e4390c46c8646141ea16ed72a760,gx-no-cache=1520336526046 HTTP/1.1" 200 29
186.103.158.250 - - [06/Mar/2018:08:42:55 -0300] "POST /cormun/servlet/solicitudot?gx-no-cache=1520336526584 HTTP/1.1" 200 1317
186.103.158.250 - - [06/Mar/2018:08:42:56 -0300] "POST /cormun/servlet/solicitudot?gx-no-cache=1520336527041 HTTP/1.1" 200 1215
186.103.156.166 - - [06/Mar/2018:08:42:58 -0300] "GET /cormun/servlet/solicitudot?5803b4800b15391489773f2437b8ddb792a48e5769fe9fcd5aacd73635a9641f9b362998a6dea356da257117169500d12d07067124c1ea3042f95ca347813162188db04bade0763a738ba2c62993888c51e2c774d52e45601f4edeb3e19bb842e139b1c7a34ce188aafd2e569fa8b4e4416e047f1e1ead4b97318661c6f5453c0893b56e57956f11e9e72e84ae3191854db109db39c6f7f1c7ae1225ea63fc32,gx-no-cache=1520336532710 HTTP/1.1" 200 29
186.103.159.189 - - [06/Mar/2018:08:42:59 -0300] "POST /cormun/servlet/trsolicitudot?9b7da281b3a88402ac94fcbd12d9a466,,gx-no-cache=1520336521006 HTTP/1.1" 200 6925
200.111.122.170 - - [06/Mar/2018:08:42:59 -0300] "POST /cormun/servlet/solicitudot?87af53749880376e9d73099d947b27ca,INS,0,0,,gx-no-cache=1520336531386 HTTP/1.1" 200 10717
200.111.122.170 - - [06/Mar/2018:08:43:00 -0300] "GET /cormun/static/Shared/jqueryui/images/ui-bg_highlight-soft_100_c6c2c8_1x100.png HTTP/1.1" 404 1117
200.72.197.82 - - [06/Mar/2018:08:43:00 -0300] "GET /cormun/static/Shared/jqueryui/images/ui-icons_82798d_256x240.png HTTP/1.1" 404 1089
186.67.203.186 - - [06/Mar/2018:08:43:00 -0300] "GET /cormun/static/Shared/jqueryui/images/ui-icons_8d78a5_256x240.png HTTP/1.1" 404 1089
186.103.161.206 - - [06/Mar/2018:08:43:00 -0300] "GET /cormun/static/Shared/jqueryui/images/ui-bg_flat_55_fafafa_40x100.png HTTP/1.1" 404 1097
186.103.161.206 - - [06/Mar/2018:08:43:04 -0300] "GET /cormun/servlet/solicitudot?97d97ce32ed1b7226cc5d94ccc6cb470dacc45aff4a47d719762291ac7209b2dedc00614a1656f5041bd5a4cb7c38c54,gx-no-cache=1520336536671 HTTP/1.1" 200 30
186.103.159.189 - - [06/Mar/2018:08:43:04 -0300] "POST /cormun/servlet/solicitudotadjuntos?4f02fc37207b487a9aaf8fd7ea7cfceb,INS,2018,9938,,1, HTTP/1.1" 200 116
186.103.161.206 - - [06/Mar/2018:08:43:04 -0300] "GET /cormun/servlet/solicitudot?97d97ce32ed1b7226cc5d94ccc6cb470f0457942b6667b74b99d3acfc5b141cc442444fefc438853ac615a6248d1e2307b25894b5be2dab6ed7739fb5d03580a,gx-no-cache=1520336536752 HTTP/1.1" 200 30
186.103.161.206 - - [06/Mar/2018:08:43:04 -0300] "GET /cormun/servlet/solicitudot?97d97ce32ed1b7226cc5d94ccc6cb470fcd1055cc74abbba560aa785300b1eb99d2bbc16171afea0f157b1878c13e6ed9cbbee5d72413ad74e601ececef1a984,gx-no-cache=1520336536832 HTTP/1.1" 200 53
186.103.159.189 - - [06/Mar/2018:08:43:04 -0300] "GET /cormun/servlet/hpexe_return? HTTP/1.1" 200 1021
186.103.161.206 - - [06/Mar/2018:08:43:04 -0300] "POST /cormun/servlet/solicitudot?gx-no-cache=1520336536916 HTTP/1.1" 200 297
186.103.161.206 - - [06/Mar/2018:08:43:04 -0300] "GET /cormun/servlet/solicitudot?97d97ce32ed1b7226cc5d94ccc6cb47044b2d940ffa68981ec1b4cfa53262e35c21ddd34840c73334c7f8626c60610eac3f286be7fd5d9811fbe1648c8e33b971fb18b2b6c3743abb016150d1bd6c6d70838fc8cace52406d10e863f11e1acb1fa961380d96f3ed7e085f2d5303907a247e1305525a2a54eb4d2562956c2f56736e26e751413e15333eeda5046ead19eda4c080fcdb3c0895a764905674c8f3ac34f26fbb921b83c68951261ce171fbc757259520d5cbd5cd9aa2153b2cb8db42261579ac0507442a2c379046f4fc83d94904812cc8ee676534335f70bb89e41f5b14d25ebab1b3b9e5d21b9818a557d9a295ea4ca70cca8f7ca16380f92cea0f43874fa45fae0772ca3f33f5ff9c16c73de45d5e558ed4d1b5acb2f91f0988eabe9507a07b6c02bce8650ebbe666a42c659b1ed1d1f9c2a992368dac292a7a206f8ad4a4458f6fc73c27be0ee3bf98fe829d8e7a0ed12d6e74182268a3fa0e6921ef46e1bc4e535e4bd5b103849935e6961082f73b4cc9a74f19e95cacb6c4e124867aee3c21d03a4428fabdd06767e,gx-no-cache=1520336537010 HTTP/1.1" 200 30
186.103.157.246 - - [06/Mar/2018:08:43:04 -0300] "POST /cormun/servlet/solicitudot?gx-no-cache=1520336535337 HTTP/1.1" 200 1337
186.103.159.189 - - [06/Mar/2018:08:43:05 -0300] "GET /cormun/servlet/trsolicitudadjuntos?2018,9938, HTTP/1.1" 200 9502
186.103.157.246 - - [06/Mar/2018:08:43:05 -0300] "POST /cormun/servlet/solicitudot?gx-no-cache=1520336535568 HTTP/1.1" 200 38
186.103.161.206 - - [06/Mar/2018:08:43:06 -0300] "POST /cormun/servlet/solicitudot?gx-no-cache=1520336538775 HTTP/1.1" 200 30
186.103.156.166 - - [06/Mar/2018:08:43:06 -0300] "POST /cormun/servlet/solicitudot?gx-no-cache=1520336540089 HTTP/1.1" 200 1319
186.103.156.166 - - [06/Mar/2018:08:43:06 -0300] "POST /cormun/servlet/solicitudot?gx-no-cache=1520336540582 HTTP/1.1" 200 1219
186.103.156.166 - - [06/Mar/2018:08:43:06 -0300] "GET /cormun/static/menuarrow.gif HTTP/1.1" 404 1015
186.103.159.189 - - [06/Mar/2018:08:43:07 -0300] "GET /cormun/servlet/trsolicitudadjuntos?2018,9938, HTTP/1.1" 200 9501
186.103.158.250 - - [06/Mar/2018:08:43:07 -0300] "GET /cormun/static/menuarrow.gif HTTP/1.1" 404 1015
186.103.161.206 - - [06/Mar/2018:08:43:08 -0300] "POST /cormun/servlet/solicitudot?gx-no-cache=1520336541022 HTTP/1.1" 200 1336
186.103.161.206 - - [06/Mar/2018:08:43:08 -0300] "POST /cormun/servlet/solicitudot?gx-no-cache=1520336541126 HTTP/1.1" 200 38
186.103.156.166 - - [06/Mar/2018:08:43:10 -0300] "POST /cormun/servlet/solicitudot?gx-no-cache=1520336544670 HTTP/1.1" 200 1319
186.103.156.166 - - [06/Mar/2018:08:43:10 -0300] "POST /cormun/servlet/solicitudot?gx-no-cache=1520336544810 HTTP/1.1" 200 1219
186.103.159.189 - - [06/Mar/2018:08:43:10 -0300] "GET /cormun/servlet/solicitudotadjuntos?INS,2018,9938,,1, HTTP/1.1" 200 6216
186.103.159.189 - - [06/Mar/2018:08:43:11 -0300] "GET /cormun/static/about:blank HTTP/1.1" 404 1011
186.103.159.189 - - [06/Mar/2018:08:43:12 -0300] "GET /cormun/servlet/solicitudotadjuntos?INS,2018,9938,,1, HTTP/1.1" 200 6210
186.103.156.166 - - [06/Mar/2018:08:43:12 -0300] "GET /cormun/servlet/solicitudot?5803b4800b15391489773f2437b8ddb7cb575a61e3fe092ad1f862ee69ed37422e9895c6ef691078b69eda386ef6af73,gx-no-cache=1520336546945 HTTP/1.1" 200 30
186.103.159.189 - - [06/Mar/2018:08:43:13 -0300] "GET /cormun/servlet/solicitudotadjuntos?579497b784df77caf72e6e1e7653514321b0f0ed52192b1d2c017c126432db695a108581a619cbf9dd186fcec9374dac,gx-no-cache=1520340143009 HTTP/1.1" 200 30
186.103.159.189 - - [06/Mar/2018:08:43:14 -0300] "POST /cormun/servlet/solicitudotadjuntos?4f02fc37207b487a9aaf8fd7ea7cfceb,INS,2018,9938,,1,,gx-no-cache=1520340143110 HTTP/1.1" 200 3978
186.103.157.246 - - [06/Mar/2018:08:43:15 -0300] "GET /cormun/servlet/solicitudot?b46de61a1c6c0c448a218a92bf607a441538f9827972a23cee8782cf3eecd310c7169c1ab1ee8ee1a05661f0d2b5790e6a5f4e2c600d96438baedffdca1e1dfb63a23b2e633119fd35042a807e102c3c20b6929eb08265e2b8c391a4ba9d22738ad15dc9edf1be5262135f24d1eb18fc193f8587ac658b6cba9c609543e896135fd7c4fdc4128ad4419b0399015107054d4f6cba5f47256b05b4851e2712f1cf,gx-no-cache=1520336545322 HTTP/1.1" 200 29
186.103.157.246 - - [06/Mar/2018:08:43:15 -0300] "POST /cormun/servlet/solicitudot?gx-no-cache=1520336545767 HTTP/1.1" 200 1320
186.103.157.246 - - [06/Mar/2018:08:43:15 -0300] "POST /cormun/servlet/solicitudot?gx-no-cache=1520336546012 HTTP/1.1" 200 1218
186.103.157.246 - - [06/Mar/2018:08:43:15 -0300] "GET /cormun/static/menuarrow.gif HTTP/1.1" 404 1015
186.103.159.189 - - [06/Mar/2018:08:43:17 -0300] "POST /cormun/servlet/solicitudotadjuntos?gx-no-cache=1520340147295 HTTP/1.1" 200 26
186.103.157.246 - - [06/Mar/2018:08:43:18 -0300] "POST /cormun/servlet/solicitudot?gx-no-cache=1520336549167 HTTP/1.1" 200 1320
186.103.157.246 - - [06/Mar/2018:08:43:19 -0300] "POST /cormun/servlet/solicitudot?gx-no-cache=1520336549450 HTTP/1.1" 200 1218
186.103.161.206 - - [06/Mar/2018:08:43:21 -0300] "GET /cormun/servlet/solicitudot?97d97ce32ed1b7226cc5d94ccc6cb470f4c61f0a553ad99ffe4036fcc57eb64a1adbcbf17ea91b16c6d7ac837ad3ca7e23237dc7138a9f616388498abdd4a508a83d20c841fd14ddfedd9d2415c67c1d04ef1157efe79404da2e889a25903b16ff9f0f3db7c82c8192adf89c5f120a26,gx-no-cache=1520336554425 HTTP/1.1" 200 29
186.103.161.206 - - [06/Mar/2018:08:43:21 -0300] "POST /cormun/servlet/solicitudot?gx-no-cache=1520336554514 HTTP/1.1" 200 1318
186.103.157.246 - - [06/Mar/2018:08:43:21 -0300] "GET /cormun/servlet/solicitudot?b46de61a1c6c0c448a218a92bf607a441ecae02df354e437e85e959e4191819906c4e240da15797fe76f5d2a9b9ed851,gx-no-cache=1520336552163 HTTP/1.1" 200 30
186.103.161.206 - - [06/Mar/2018:08:43:22 -0300] "POST /cormun/servlet/solicitudot?gx-no-cache=1520336554680 HTTP/1.1" 200 1218
186.103.161.206 - - [06/Mar/2018:08:43:22 -0300] "GET /cormun/static/menuarrow.gif HTTP/1.1" 404 1015
186.103.159.189 - - [06/Mar/2018:08:43:24 -0300] "GET /cormun/servlet/solicitudotadjuntos?579497b784df77caf72e6e1e7653514375c2aad7c1a8a8f340d68c36416c97f8,gx-no-cache=1520340154671 HTTP/1.1" 200 30
186.103.159.189 - - [06/Mar/2018:08:43:24 -0300] "GET /cormun/servlet/solicitudotadjuntos?579497b784df77caf72e6e1e7653514375c2aad7c1a8a8f340d68c36416c97f8,gx-no-cache=1520340154817 HTTP/1.1" 200 30
186.103.161.206 - - [06/Mar/2018:08:43:26 -0300] "POST /cormun/servlet/solicitudot?gx-no-cache=1520336556686 HTTP/1.1" 200 1318
186.103.161.206 - - [06/Mar/2018:08:43:27 -0300] "POST /cormun/servlet/solicitudot?gx-no-cache=1520336558835 HTTP/1.1" 200 1218
186.103.161.206 - - [06/Mar/2018:08:43:27 -0300] "GET /cormun/servlet/solicitudot?97d97ce32ed1b7226cc5d94ccc6cb47087499810d23d295476b54fb1ede289c437003d43d65ee719c4cadda4edd819b4,gx-no-cache=1520336560056 HTTP/1.1" 200 30
186.103.161.206 - - [06/Mar/2018:08:43:28 -0300] "POST /cormun/servlet/solicitudot?gx-no-cache=1520336560152 HTTP/1.1" 200 30
186.103.161.206 - - [06/Mar/2018:08:43:31 -0300] "GET /cormun/servlet/solicitudot?97d97ce32ed1b7226cc5d94ccc6cb47087499810d23d295476b54fb1ede289c437003d43d65ee719c4cadda4edd819b4,gx-no-cache=1520336563720 HTTP/1.1" 200 30
186.103.156.166 - - [06/Mar/2018:08:43:31 -0300] "POST /cormun/servlet/solicitudot?gx-no-cache=1520336565171 HTTP/1.1" 200 30
186.103.157.246 - - [06/Mar/2018:08:43:31 -0300] "POST /cormun/servlet/solicitudot?gx-no-cache=1520336562073 HTTP/1.1" 200 33
186.103.159.189 - - [06/Mar/2018:08:43:33 -0300] "GET /cormun/servlet/trvisualizadoreventos? HTTP/1.1" 200 9780
186.103.159.189 - - [06/Mar/2018:08:43:35 -0300] "GET /cormun/servlet/trvisualizadoreventos? HTTP/1.1" 200 9780
186.103.161.206 - - [06/Mar/2018:08:43:35 -0300] "POST /cormun/servlet/solicitudot?gx-no-cache=1520336567700 HTTP/1.1" 200 30
