192.168.10.89 - - [06/Mar/2018:09:02:14 -0300] "POST /cormun/servlet/trsolicitudot?dba457b677ceb4ee25d3cf486ff80df0,gx-no-cache=1520337573266 HTTP/1.1" 200 106
192.168.10.89 - - [06/Mar/2018:09:02:14 -0300] "GET /cormun/servlet/solicitudot?UPD,2018,9983, HTTP/1.1" 200 15439
190.151.100.218 - - [06/Mar/2018:09:02:15 -0300] "POST /cormun/servlet/solicitudot?gx-no-cache=1520337684580 HTTP/1.1" 200 1337
192.168.10.89 - - [06/Mar/2018:09:02:15 -0300] "POST /cormun/servlet/solicitudot?gx-no-cache=1520337574538 HTTP/1.1" 200 3401
190.151.100.218 - - [06/Mar/2018:09:02:15 -0300] "POST /cormun/servlet/solicitudot?gx-no-cache=1520337684744 HTTP/1.1" 200 41
192.168.10.89 - - [06/Mar/2018:09:02:15 -0300] "POST /cormun/servlet/solicitudot?dba457b677ceb4ee25d3cf486ff80df0,UPD,2018,9983,,gx-no-cache=1520337574758 HTTP/1.1" 200 11713
192.168.10.89 - - [06/Mar/2018:09:02:15 -0300] "GET /cormun/servlet/solicitudot?c6dd5ead5ef897df5b49148d81b8b7331b96034b44a007b442476da69b710ba80ce605896c4009c9e09fac6f3ac53512,gx-no-cache=1520337574979 HTTP/1.1" 200 30
192.168.10.89 - - [06/Mar/2018:09:02:15 -0300] "GET /cormun/servlet/solicitudot?c6dd5ead5ef897df5b49148d81b8b733d3fd246c331a8823c51b8fb7b1645742c20231482fa976be9dc125ed24923f624232803f0e7941d4dcb8498e8d4e6c92,gx-no-cache=1520337575028 HTTP/1.1" 200 30
192.168.10.89 - - [06/Mar/2018:09:02:15 -0300] "GET /cormun/servlet/solicitudot?c6dd5ead5ef897df5b49148d81b8b733ab1bb1762f9b57c30f531fb7668e90cfa9f3cc4272faa9974ccd638f9bd4b5b3069e08cecda4a46291b09ba670b0a2f7,gx-no-cache=1520337575046 HTTP/1.1" 200 53
192.168.10.89 - - [06/Mar/2018:09:02:15 -0300] "POST /cormun/servlet/solicitudot?gx-no-cache=1520337575067 HTTP/1.1" 200 256
192.168.10.89 - - [06/Mar/2018:09:02:15 -0300] "GET /cormun/servlet/solicitudot?c6dd5ead5ef897df5b49148d81b8b733a553bce423fd8ae9c6221f3b1991cb943749c4584883076f6b20ff0606aac42fab6a41a4997a259759c1f6cf817d5994af0bd30d75ac1e9a077e6f53070d6ab48ceb00891084b57e646db00e8998e4c580b16990330d358af0343fe4576991f74d2b37977af6fe4049817c50f4c72fa42f71ac6c4e8d3f59ac29144da31d1cd390ea9e8334abe661532241a885c240eaa55203efa309dd40e182005307f97ea266c8fafe5f1fe650496995200e072536dab211814d102bd9ae7d5563ef33ede4118478b5807df737cf7bf8d3326bb2f9d3541d46997a53b3ddddd2edd6729a0fe2aef1859855628b818e5ca59f2bea38b6905c2f3e391a3a1cc7d97bc0b42e7233a6e137c9075bba807ab1709e5b1cb37a8ed0680fb7e89afe3119c3844e2e31b7244cb6d343bab2853c9bda49527b844d8fb23ea038bb3fac3a13fa31d869ab99e919c869fc038d210670cbaec06e2083b07b7964820bb20a294d404304f2d0fdfba4ba480c9e938b1884d289bfbaab,gx-no-cache=1520337575092 HTTP/1.1" 200 30
192.168.10.89 - - [06/Mar/2018:09:02:15 -0300] "POST /cormun/servlet/solicitudot?gx-no-cache=1520337575112 HTTP/1.1" 200 30
192.168.10.89 - - [06/Mar/2018:09:02:15 -0300] "POST /cormun/servlet/solicitudot?gx-no-cache=1520337575161 HTTP/1.1" 200 1337
192.168.10.89 - - [06/Mar/2018:09:02:15 -0300] "POST /cormun/servlet/solicitudot?gx-no-cache=1520337575200 HTTP/1.1" 200 41
190.151.100.218 - - [06/Mar/2018:09:02:16 -0300] "POST /cormun/servlet/solicitudot?gx-no-cache=1520337684852 HTTP/1.1" 200 1319
190.151.100.218 - - [06/Mar/2018:09:02:16 -0300] "POST /cormun/servlet/solicitudot?gx-no-cache=1520337685465 HTTP/1.1" 200 1218
190.151.100.218 - - [06/Mar/2018:09:02:16 -0300] "GET /cormun/servlet/solicitudot?78f5a326c4571ccc41fad0557dd3a5c3e8ba2c9b88a90b85740865f68c7b1ee5fcef91de7bb7fd2c04f69ed49bd3259c,gx-no-cache=1520337685599 HTTP/1.1" 200 134
192.168.10.89 - - [06/Mar/2018:09:02:18 -0300] "GET /cormun/servlet/solicitudot?c6dd5ead5ef897df5b49148d81b8b733b1084f8244fc2cc12d185ca23b7b974e4a3008c710e4c93fc69e7c40da3ada0c1231e81ee18353be9bfa43c8dec09530f69bfb049aa2ae343ce880131c5f2b3441073b17964fe4ddbf7a7d11718d210a8a0fb0d2831c144f1fed1fa82aa62d76278e5a196366d153ba450b7e3ded0957dabbc0aee7233ced5ea42b5a89585c6ff280900056ee0edd684be20fac32796c,gx-no-cache=1520337577500 HTTP/1.1" 200 29
192.168.10.89 - - [06/Mar/2018:09:02:18 -0300] "POST /cormun/servlet/solicitudot?gx-no-cache=1520337577535 HTTP/1.1" 200 1321
192.168.10.89 - - [06/Mar/2018:09:02:18 -0300] "POST /cormun/servlet/solicitudot?gx-no-cache=1520337577572 HTTP/1.1" 200 1219
192.168.10.89 - - [06/Mar/2018:09:02:19 -0300] "GET /cormun/servlet/solicitudot?c6dd5ead5ef897df5b49148d81b8b733cc1d605f235f29a8932928c6f8f81fa056c3b9ad7f6139b678291ec159ac22cb,gx-no-cache=1520337578434 HTTP/1.1" 200 30
192.168.10.89 - - [06/Mar/2018:09:02:23 -0300] "POST /cormun/servlet/solicitudot?gx-no-cache=1520337582697 HTTP/1.1" 200 33
192.168.10.56 - - [06/Mar/2018:09:02:38 -0300] "POST /cormun/servlet/solicitudotlog?c8e15d4254504686c623ce5158dc593c,INS,2018,8838,0,REC,,gx-no-cache=1520337597766 HTTP/1.1" 200 93
192.168.10.56 - - [06/Mar/2018:09:02:38 -0300] "GET /cormun/servlet/hpexe_return? HTTP/1.1" 200 1040
192.168.10.56 - - [06/Mar/2018:09:02:39 -0300] "GET /cormun/servlet/trsolicitudgral?gx-no-cache=1520337288437 HTTP/1.1" 200 22544
190.151.100.218 - - [06/Mar/2018:09:02:39 -0300] "GET /cormun/servlet/solicitudot?78f5a326c4571ccc41fad0557dd3a5c3ff87502a434d0c47e53b9307f265d3e155a7e96ac7b1d0249d97a512ac960377,gx-no-cache=1520337708368 HTTP/1.1" 200 30
192.168.10.56 - - [06/Mar/2018:09:02:39 -0300] "GET /cormun/servlet/trsolicitudgral?gx-no-cache=1520337288437 HTTP/1.1" 200 22562
192.168.10.56 - - [06/Mar/2018:09:02:45 -0300] "POST /cormun/servlet/trsolicitudgral?c8e15d4254504686c623ce5158dc593c,gx-no-cache=1520337288437,gx-no-cache=1520337604095 HTTP/1.1" 200 18525
186.79.20.211 - - [06/Mar/2018:09:03:05 -0300] "POST /cormun/servlet/solicitudot?409fdbc9c5a494f972b4da20266c7709,INS,0,0,,gx-no-cache=1520334134048 HTTP/1.1" 200 93
186.79.20.211 - - [06/Mar/2018:09:03:05 -0300] "GET /cormun/servlet/hpexe_return? HTTP/1.1" 200 1003
186.79.20.211 - - [06/Mar/2018:09:03:05 -0300] "GET /cormun/static/gxcfg.js?2016101716175148 HTTP/1.1" 304 -
186.79.20.211 - - [06/Mar/2018:09:03:05 -0300] "GET /cormun/servlet/trsolicitudot HTTP/1.1" 200 8572
186.103.161.206 - - [06/Mar/2018:09:03:05 -0300] "POST /cormun/servlet/solicitudot?gx-no-cache=1520337734905 HTTP/1.1" 200 33
192.168.10.56 - - [06/Mar/2018:09:03:06 -0300] "GET /cormun/servlet/hlogin HTTP/1.1" 200 1753
186.79.20.211 - - [06/Mar/2018:09:03:06 -0300] "GET /cormun/servlet/trsolicitudot HTTP/1.1" 200 8568
186.103.161.206 - - [06/Mar/2018:09:03:06 -0300] "POST /cormun/servlet/solicitudot?fe3c224c50bb76693a6577603ef4990a,INS,0,0,,gx-no-cache=1520337735127 HTTP/1.1" 200 12268
192.168.10.89 - - [06/Mar/2018:09:03:07 -0300] "POST /cormun/servlet/solicitudot?dba457b677ceb4ee25d3cf486ff80df0,UPD,2018,9983,,gx-no-cache=1520337626836 HTTP/1.1" 200 93
192.168.10.89 - - [06/Mar/2018:09:03:07 -0300] "GET /cormun/servlet/hpexe_return? HTTP/1.1" 200 1033
192.168.10.89 - - [06/Mar/2018:09:03:08 -0300] "GET /cormun/servlet/trsolicitudot?gx-no-cache=1520337571049 HTTP/1.1" 200 10023
192.168.10.56 - - [06/Mar/2018:09:03:09 -0300] "POST /cormun/servlet/hlogin?c8e15d4254504686c623ce5158dc593c,gx-no-cache=1520337628993 HTTP/1.1" 200 90
192.168.10.56 - - [06/Mar/2018:09:03:09 -0300] "GET /cormun/servlet/hpexe_link HTTP/1.1" 200 947
192.168.10.56 - - [06/Mar/2018:09:03:09 -0300] "GET /cormun/servlet/hhome HTTP/1.1" 200 3816
192.168.10.56 - - [06/Mar/2018:09:03:10 -0300] "GET /cormun/servlet/hhome HTTP/1.1" 200 3812
186.79.20.211 - - [06/Mar/2018:09:03:12 -0300] "POST /cormun/servlet/trsolicitudot?409fdbc9c5a494f972b4da20266c7709,gx-no-cache=1520334142593 HTTP/1.1" 200 4480
186.79.20.211 - - [06/Mar/2018:09:03:12 -0300] "GET /cormun/static/Shared/jqueryui/images/ui-bg_highlight-soft_100_c6c2c8_1x100.png HTTP/1.1" 404 1117
192.168.10.56 - - [06/Mar/2018:09:03:12 -0300] "GET /cormun/servlet/trautorizarot? HTTP/1.1" 200 22849
186.79.20.211 - - [06/Mar/2018:09:03:12 -0300] "GET /cormun/static/Shared/jqueryui/images/ui-icons_82798d_256x240.png HTTP/1.1" 404 1089
186.79.20.211 - - [06/Mar/2018:09:03:12 -0300] "GET /cormun/static/Shared/jqueryui/images/ui-bg_flat_55_fafafa_40x100.png HTTP/1.1" 404 1097
186.79.20.211 - - [06/Mar/2018:09:03:12 -0300] "GET /cormun/static/Shared/jqueryui/images/ui-icons_8d78a5_256x240.png HTTP/1.1" 404 1089
192.168.10.89 - - [06/Mar/2018:09:03:13 -0300] "POST /cormun/servlet/trsolicitudot?dba457b677ceb4ee25d3cf486ff80df0,gx-no-cache=1520337571049,gx-no-cache=1520337632268 HTTP/1.1" 200 6720
186.79.20.211 - - [06/Mar/2018:09:03:13 -0300] "POST /cormun/servlet/trsolicitudot?409fdbc9c5a494f972b4da20266c7709,gx-no-cache=1520334143161 HTTP/1.1" 200 4255
192.168.10.89 - - [06/Mar/2018:09:03:13 -0300] "POST /cormun/servlet/trsolicitudot?dba457b677ceb4ee25d3cf486ff80df0,gx-no-cache=1520337571049,gx-no-cache=1520337632584 HTTP/1.1" 200 6663
192.168.10.56 - - [06/Mar/2018:09:03:13 -0300] "GET /cormun/servlet/trautorizarot? HTTP/1.1" 200 22846
192.168.10.89 - - [06/Mar/2018:09:03:13 -0300] "GET /cormun/static/Shared/jqueryui/images/ui-icons_8d78a5_256x240.png HTTP/1.1" 404 1089
192.168.10.89 - - [06/Mar/2018:09:03:13 -0300] "GET /cormun/static/Shared/jqueryui/images/ui-bg_highlight-soft_100_c6c2c8_1x100.png HTTP/1.1" 404 1117
192.168.10.89 - - [06/Mar/2018:09:03:13 -0300] "GET /cormun/static/Shared/jqueryui/images/ui-icons_82798d_256x240.png HTTP/1.1" 404 1089
192.168.10.89 - - [06/Mar/2018:09:03:13 -0300] "GET /cormun/static/Shared/jqueryui/images/ui-bg_flat_55_fafafa_40x100.png HTTP/1.1" 404 1097
186.79.20.211 - - [06/Mar/2018:09:03:16 -0300] "GET /cormun/servlet/solicitudot?INS,0,0, HTTP/1.1" 200 13421
186.79.20.211 - - [06/Mar/2018:09:03:16 -0300] "GET /cormun/servlet/solicitudot?INS,0,0, HTTP/1.1" 200 13426
192.168.10.89 - - [06/Mar/2018:09:03:19 -0300] "POST /cormun/servlet/trsolicitudot?dba457b677ceb4ee25d3cf486ff80df0,gx-no-cache=1520337571049,gx-no-cache=1520337638354 HTTP/1.1" 200 106
192.168.10.89 - - [06/Mar/2018:09:03:19 -0300] "GET /cormun/servlet/solicitudot?UPD,2018,9694, HTTP/1.1" 200 15478
192.168.10.89 - - [06/Mar/2018:09:03:20 -0300] "POST /cormun/servlet/solicitudot?gx-no-cache=1520337639620 HTTP/1.1" 200 3431
192.168.10.89 - - [06/Mar/2018:09:03:20 -0300] "POST /cormun/servlet/solicitudot?dba457b677ceb4ee25d3cf486ff80df0,UPD,2018,9694,,gx-no-cache=1520337639841 HTTP/1.1" 200 11777
192.168.10.89 - - [06/Mar/2018:09:03:20 -0300] "GET /cormun/servlet/solicitudot?c6dd5ead5ef897df5b49148d81b8b733ef941d222cd888ed7634f2824e106e880ce605896c4009c9e09fac6f3ac53512,gx-no-cache=1520337640068 HTTP/1.1" 200 30
192.168.10.89 - - [06/Mar/2018:09:03:20 -0300] "GET /cormun/servlet/solicitudot?c6dd5ead5ef897df5b49148d81b8b73392791d597af4fe663fd2d4404ec1bd7db0c547e1877de4e0fca62f6cbc7ea1c20ce605896c4009c9e09fac6f3ac53512,gx-no-cache=1520337640117 HTTP/1.1" 200 30
192.168.10.89 - - [06/Mar/2018:09:03:20 -0300] "GET /cormun/servlet/solicitudot?c6dd5ead5ef897df5b49148d81b8b733ab1bb1762f9b57c30f531fb7668e90cfa9f3cc4272faa9974ccd638f9bd4b5b3069e08cecda4a46291b09ba670b0a2f7,gx-no-cache=1520337640135 HTTP/1.1" 200 53
192.168.10.89 - - [06/Mar/2018:09:03:20 -0300] "POST /cormun/servlet/solicitudot?gx-no-cache=1520337640164 HTTP/1.1" 200 297
192.168.10.89 - - [06/Mar/2018:09:03:20 -0300] "GET /cormun/servlet/solicitudot?c6dd5ead5ef897df5b49148d81b8b733a553bce423fd8ae9c6221f3b1991cb94e091684fcc2798443714f781c5ff8328ab6a41a4997a259759c1f6cf817d5994af0bd30d75ac1e9a077e6f53070d6ab48ceb00891084b57e646db00e8998e4c580b16990330d358af0343fe4576991f74d2b37977af6fe4049817c50f4c72fa42f71ac6c4e8d3f59ac29144da31d1cd390ea9e8334abe661532241a885c240eaa55203efa309dd40e182005307f97ea266c8fafe5f1fe650496995200e072536dab211814d102bd9ae7d5563ef33ede4118478b5807df737cf7bf8d3326bb2f9d3541d46997a53b3ddddd2edd6729a0fb29fc075ffeda4b102f8c48a9d300a66b6905c2f3e391a3a1cc7d97bc0b42e7245156ff48c5d739bed97a3d31790c243537387fb69b35833146feb0023855d44552ea726247ae167c6822aa203d5a702840d64ece6ca53c66e0669d5615fc3524e7c81c61766c089dd5f89cff39de181e0d13a3ee595f350c5a03699afe1bb6bfae87e9728b3a4c6fc2b735450807bdc9bb60881a78f63061edba2e662b00c2c,gx-no-cache=1520337640201 HTTP/1.1" 200 30
192.168.10.89 - - [06/Mar/2018:09:03:20 -0300] "POST /cormun/servlet/solicitudot?gx-no-cache=1520337640225 HTTP/1.1" 200 30
192.168.10.89 - - [06/Mar/2018:09:03:21 -0300] "POST /cormun/servlet/solicitudot?gx-no-cache=1520337640277 HTTP/1.1" 200 1336
192.168.10.89 - - [06/Mar/2018:09:03:21 -0300] "POST /cormun/servlet/solicitudot?gx-no-cache=1520337640326 HTTP/1.1" 200 41
192.168.10.89 - - [06/Mar/2018:09:03:27 -0300] "GET /cormun/servlet/solicitudot?c6dd5ead5ef897df5b49148d81b8b7337da0c54cb2d815ef7be112ab820fb3944a3008c710e4c93fc69e7c40da3ada0cef032e47eefa066ed8d1fa5f705d597e85edf92b92385d9f37bb88d042e06263341c048b20b0401958abcaa409d5d66e2722b88aaaa3521ad8b9f051d730ee79,gx-no-cache=1520337646732 HTTP/1.1" 200 29
192.168.10.89 - - [06/Mar/2018:09:03:27 -0300] "POST /cormun/servlet/solicitudot?gx-no-cache=1520337646766 HTTP/1.1" 200 1318
192.168.10.89 - - [06/Mar/2018:09:03:27 -0300] "POST /cormun/servlet/solicitudot?gx-no-cache=1520337646822 HTTP/1.1" 200 1218
186.79.20.211 - - [06/Mar/2018:09:03:28 -0300] "GET /cormun/servlet/prfichaempleado?,MD,,gxPopupLevel%3D0%3B HTTP/1.1" 200 9332
192.168.10.89 - - [06/Mar/2018:09:03:29 -0300] "GET /cormun/servlet/solicitudot?c6dd5ead5ef897df5b49148d81b8b733cc1d605f235f29a8932928c6f8f81fa018c3cd91e833c0836ea0fc54a45758a8,gx-no-cache=1520337648272 HTTP/1.1" 200 30
192.168.10.89 - - [06/Mar/2018:09:03:31 -0300] "POST /cormun/servlet/solicitudot?gx-no-cache=1520337650618 HTTP/1.1" 200 30
192.168.10.89 - - [06/Mar/2018:09:03:33 -0300] "POST /cormun/servlet/solicitudot?dba457b677ceb4ee25d3cf486ff80df0,UPD,2018,9694,,gx-no-cache=1520337652297 HTTP/1.1" 200 93
192.168.10.89 - - [06/Mar/2018:09:03:33 -0300] "GET /cormun/servlet/hpexe_return? HTTP/1.1" 200 1033
192.168.10.89 - - [06/Mar/2018:09:03:33 -0300] "GET /cormun/servlet/trsolicitudot?gx-no-cache=1520337571049 HTTP/1.1" 200 9613
192.168.10.89 - - [06/Mar/2018:09:03:36 -0300] "POST /cormun/servlet/trsolicitudot?dba457b677ceb4ee25d3cf486ff80df0,gx-no-cache=1520337571049,gx-no-cache=1520337655692 HTTP/1.1" 200 6329
192.168.10.89 - - [06/Mar/2018:09:03:36 -0300] "POST /cormun/servlet/trsolicitudot?dba457b677ceb4ee25d3cf486ff80df0,gx-no-cache=1520337571049,gx-no-cache=1520337655952 HTTP/1.1" 200 6272
192.168.10.89 - - [06/Mar/2018:09:03:36 -0300] "GET /cormun/static/Shared/jqueryui/images/ui-bg_highlight-soft_100_c6c2c8_1x100.png HTTP/1.1" 404 1117
192.168.10.89 - - [06/Mar/2018:09:03:36 -0300] "GET /cormun/static/Shared/jqueryui/images/ui-icons_82798d_256x240.png HTTP/1.1" 404 1089
192.168.10.89 - - [06/Mar/2018:09:03:36 -0300] "GET /cormun/static/Shared/jqueryui/images/ui-icons_8d78a5_256x240.png HTTP/1.1" 404 1089
192.168.10.89 - - [06/Mar/2018:09:03:36 -0300] "GET /cormun/static/Shared/jqueryui/images/ui-bg_flat_55_fafafa_40x100.png HTTP/1.1" 404 1097
192.168.10.89 - - [06/Mar/2018:09:03:39 -0300] "POST /cormun/servlet/trsolicitudot?dba457b677ceb4ee25d3cf486ff80df0,gx-no-cache=1520337571049,gx-no-cache=1520337658440 HTTP/1.1" 200 106
186.79.20.211 - - [06/Mar/2018:09:03:39 -0300] "POST /cormun/servlet/prfichaempleado?409fdbc9c5a494f972b4da20266c7709,,MD,,gxPopupLevel%3D0%3B,gx-no-cache=1520334168658 HTTP/1.1" 200 3185
192.168.10.89 - - [06/Mar/2018:09:03:39 -0300] "GET /cormun/servlet/solicitudot?UPD,2018,9693, HTTP/1.1" 200 15438
192.168.10.89 - - [06/Mar/2018:09:03:40 -0300] "POST /cormun/servlet/solicitudot?gx-no-cache=1520337659762 HTTP/1.1" 200 3426
192.168.10.89 - - [06/Mar/2018:09:03:40 -0300] "POST /cormun/servlet/solicitudot?dba457b677ceb4ee25d3cf486ff80df0,UPD,2018,9693,,gx-no-cache=1520337660000 HTTP/1.1" 200 11752
192.168.10.89 - - [06/Mar/2018:09:03:40 -0300] "GET /cormun/servlet/solicitudot?c6dd5ead5ef897df5b49148d81b8b733f904415bc8f625696a8322a65838c71d0ce605896c4009c9e09fac6f3ac53512,gx-no-cache=1520337660233 HTTP/1.1" 200 30
192.168.10.89 - - [06/Mar/2018:09:03:41 -0300] "GET /cormun/servlet/solicitudot?c6dd5ead5ef897df5b49148d81b8b733213c22bf589de1fc8d45baad6272e6264d6c158ef509537479309bdfd98409d8313b1db7f062c379510107e79c2fadf7,gx-no-cache=1520337660284 HTTP/1.1" 200 30
192.168.10.89 - - [06/Mar/2018:09:03:41 -0300] "GET /cormun/servlet/solicitudot?c6dd5ead5ef897df5b49148d81b8b733c16929f7671fd5cf2a8826864b00efc1908d00d8812510af408479a0bcd0bd28d37f6bf7bb6f5bbd6e96a0a4988b2092,gx-no-cache=1520337660302 HTTP/1.1" 200 51
192.168.10.89 - - [06/Mar/2018:09:03:41 -0300] "POST /cormun/servlet/solicitudot?gx-no-cache=1520337660323 HTTP/1.1" 200 254
192.168.10.89 - - [06/Mar/2018:09:03:41 -0300] "GET /cormun/servlet/solicitudot?c6dd5ead5ef897df5b49148d81b8b733a553bce423fd8ae9c6221f3b1991cb943749c4584883076f6b20ff0606aac42fab6a41a4997a259759c1f6cf817d5994af0bd30d75ac1e9a077e6f53070d6ab48ceb00891084b57e646db00e8998e4c580b16990330d358af0343fe4576991f74d2b37977af6fe4049817c50f4c72fa42f71ac6c4e8d3f59ac29144da31d1cd390ea9e8334abe661532241a885c240eaa55203efa309dd40e182005307f97ea266c8fafe5f1fe650496995200e072536dab211814d102bd9ae7d5563ef33ede4118478b5807df737cf7bf8d3326bb2f9d3541d46997a53b3ddddd2edd6729a0fe2aef1859855628b818e5ca59f2bea38b6905c2f3e391a3a1cc7d97bc0b42e7233a6e137c9075bba807ab1709e5b1cb37a8ed0680fb7e89afe3119c3844e2e31b7244cb6d343bab2853c9bda49527b844d8fb23ea038bb3fac3a13fa31d869ab99e919c869fc038d210670cbaec06e2083b07b7964820bb20a294d404304f2d0fdfba4ba480c9e938b1884d289bfbaab,gx-no-cache=1520337660348 HTTP/1.1" 200 30
192.168.10.89 - - [06/Mar/2018:09:03:41 -0300] "POST /cormun/servlet/solicitudot?gx-no-cache=1520337660369 HTTP/1.1" 200 30
192.168.10.89 - - [06/Mar/2018:09:03:41 -0300] "POST /cormun/servlet/solicitudot?gx-no-cache=1520337660402 HTTP/1.1" 200 1337
192.168.10.89 - - [06/Mar/2018:09:03:41 -0300] "POST /cormun/servlet/solicitudot?gx-no-cache=1520337660452 HTTP/1.1" 200 41
192.168.10.89 - - [06/Mar/2018:09:03:43 -0300] "GET /cormun/servlet/solicitudot?c6dd5ead5ef897df5b49148d81b8b733b1084f8244fc2cc12d185ca23b7b974e4a3008c710e4c93fc69e7c40da3ada0c1231e81ee18353be9bfa43c8dec09530f69bfb049aa2ae343ce880131c5f2b3441073b17964fe4ddbf7a7d11718d210a8a0fb0d2831c144f1fed1fa82aa62d76278e5a196366d153ba450b7e3ded0957dabbc0aee7233ced5ea42b5a89585c6ff280900056ee0edd684be20fac32796c,gx-no-cache=1520337662874 HTTP/1.1" 200 29
192.168.10.89 - - [06/Mar/2018:09:03:43 -0300] "POST /cormun/servlet/solicitudot?gx-no-cache=1520337662909 HTTP/1.1" 200 1319
192.168.10.89 - - [06/Mar/2018:09:03:43 -0300] "POST /cormun/servlet/solicitudot?gx-no-cache=1520337662951 HTTP/1.1" 200 1219
192.168.10.89 - - [06/Mar/2018:09:03:45 -0300] "GET /cormun/servlet/solicitudot?c6dd5ead5ef897df5b49148d81b8b733cc1d605f235f29a8932928c6f8f81fa018c3cd91e833c0836ea0fc54a45758a8,gx-no-cache=1520337664878 HTTP/1.1" 200 30
192.168.10.89 - - [06/Mar/2018:09:03:49 -0300] "POST /cormun/servlet/solicitudot?gx-no-cache=1520337668856 HTTP/1.1" 200 30
186.79.20.211 - - [06/Mar/2018:09:03:54 -0300] "POST /cormun/servlet/prfichaempleado?409fdbc9c5a494f972b4da20266c7709,,MD,,gxPopupLevel%3D0%3B,gx-no-cache=1520334184283 HTTP/1.1" 200 3419
192.168.10.89 - - [06/Mar/2018:09:03:58 -0300] "POST /cormun/servlet/solicitudot?dba457b677ceb4ee25d3cf486ff80df0,UPD,2018,9693,,gx-no-cache=1520337677130 HTTP/1.1" 200 93
192.168.10.89 - - [06/Mar/2018:09:03:58 -0300] "GET /cormun/servlet/hpexe_return? HTTP/1.1" 200 1033
192.168.10.89 - - [06/Mar/2018:09:03:58 -0300] "GET /cormun/servlet/trsolicitudot?gx-no-cache=1520337571049 HTTP/1.1" 200 9230
186.79.20.211 - - [06/Mar/2018:09:03:58 -0300] "POST /cormun/servlet/solicitudot?gx-no-cache=1520334187929 HTTP/1.1" 200 3406
186.79.20.211 - - [06/Mar/2018:09:03:59 -0300] "POST /cormun/servlet/solicitudot?409fdbc9c5a494f972b4da20266c7709,INS,0,0,,gx-no-cache=1520334188886 HTTP/1.1" 200 10379
186.79.20.211 - - [06/Mar/2018:09:03:59 -0300] "GET /cormun/servlet/solicitudot?6d3f1a6e29e395b48dec48882ed73c14ea902612e68102f7e67e9fdbe1f5f1bf5523a49c8ed1082870231dcef17f84e1,gx-no-cache=1520334189672 HTTP/1.1" 200 30
192.168.10.89 - - [06/Mar/2018:09:04:00 -0300] "POST /cormun/servlet/trsolicitudot?dba457b677ceb4ee25d3cf486ff80df0,gx-no-cache=1520337571049,gx-no-cache=1520337679919 HTTP/1.1" 200 5846
192.168.10.89 - - [06/Mar/2018:09:04:00 -0300] "POST /cormun/servlet/trsolicitudot?dba457b677ceb4ee25d3cf486ff80df0,gx-no-cache=1520337571049,gx-no-cache=1520337680191 HTTP/1.1" 200 5788
192.168.10.89 - - [06/Mar/2018:09:04:01 -0300] "GET /cormun/static/Shared/jqueryui/images/ui-bg_highlight-soft_100_c6c2c8_1x100.png HTTP/1.1" 404 1117
192.168.10.89 - - [06/Mar/2018:09:04:01 -0300] "GET /cormun/static/Shared/jqueryui/images/ui-icons_8d78a5_256x240.png HTTP/1.1" 404 1089
192.168.10.89 - - [06/Mar/2018:09:04:01 -0300] "GET /cormun/static/Shared/jqueryui/images/ui-icons_82798d_256x240.png HTTP/1.1" 404 1089
192.168.10.89 - - [06/Mar/2018:09:04:01 -0300] "GET /cormun/static/Shared/jqueryui/images/ui-bg_flat_55_fafafa_40x100.png HTTP/1.1" 404 1097
192.168.10.89 - - [06/Mar/2018:09:04:02 -0300] "POST /cormun/servlet/trsolicitudot?dba457b677ceb4ee25d3cf486ff80df0,gx-no-cache=1520337571049,gx-no-cache=1520337682020 HTTP/1.1" 200 105
192.168.10.89 - - [06/Mar/2018:09:04:02 -0300] "GET /cormun/servlet/solicitudot?UPD,2018,9692, HTTP/1.1" 200 15476
192.168.10.89 - - [06/Mar/2018:09:04:04 -0300] "POST /cormun/servlet/solicitudot?gx-no-cache=1520337683312 HTTP/1.1" 200 3442
192.168.10.89 - - [06/Mar/2018:09:04:04 -0300] "POST /cormun/servlet/solicitudot?dba457b677ceb4ee25d3cf486ff80df0,UPD,2018,9692,,gx-no-cache=1520337683515 HTTP/1.1" 200 11783
192.168.10.89 - - [06/Mar/2018:09:04:04 -0300] "GET /cormun/servlet/solicitudot?c6dd5ead5ef897df5b49148d81b8b7339a74f03788bb6c5c4624628f1c59e05d0ce605896c4009c9e09fac6f3ac53512,gx-no-cache=1520337683737 HTTP/1.1" 200 30
192.168.10.89 - - [06/Mar/2018:09:04:04 -0300] "GET /cormun/servlet/solicitudot?c6dd5ead5ef897df5b49148d81b8b733952c4a533fe212fe0624377555a98b7cfdd0873c6136d2372172043264b8cab4db739c8b64bafc61640629588e5b8f77,gx-no-cache=1520337683787 HTTP/1.1" 200 30
192.168.10.89 - - [06/Mar/2018:09:04:04 -0300] "GET /cormun/servlet/solicitudot?c6dd5ead5ef897df5b49148d81b8b733ab1bb1762f9b57c30f531fb7668e90cfa9f3cc4272faa9974ccd638f9bd4b5b3069e08cecda4a46291b09ba670b0a2f7,gx-no-cache=1520337683805 HTTP/1.1" 200 53
192.168.10.89 - - [06/Mar/2018:09:04:04 -0300] "POST /cormun/servlet/solicitudot?gx-no-cache=1520337683827 HTTP/1.1" 200 297
192.168.10.89 - - [06/Mar/2018:09:04:04 -0300] "GET /cormun/servlet/solicitudot?c6dd5ead5ef897df5b49148d81b8b733a553bce423fd8ae9c6221f3b1991cb94e091684fcc2798443714f781c5ff8328ab6a41a4997a259759c1f6cf817d5994af0bd30d75ac1e9a077e6f53070d6ab48ceb00891084b57e646db00e8998e4c580b16990330d358af0343fe4576991f74d2b37977af6fe4049817c50f4c72fa42f71ac6c4e8d3f59ac29144da31d1cd390ea9e8334abe661532241a885c240eaa55203efa309dd40e182005307f97ea266c8fafe5f1fe650496995200e072536dab211814d102bd9ae7d5563ef33ede4118478b5807df737cf7bf8d3326bb2f9d3541d46997a53b3ddddd2edd6729a0fb29fc075ffeda4b102f8c48a9d300a66b6905c2f3e391a3a1cc7d97bc0b42e7245156ff48c5d739bed97a3d31790c243537387fb69b35833146feb0023855d44552ea726247ae167c6822aa203d5a702840d64ece6ca53c66e0669d5615fc3524e7c81c61766c089dd5f89cff39de181e0d13a3ee595f350c5a03699afe1bb6bfae87e9728b3a4c6fc2b735450807bdc9bb60881a78f63061edba2e662b00c2c,gx-no-cache=1520337683851 HTTP/1.1" 200 30
192.168.10.89 - - [06/Mar/2018:09:04:04 -0300] "POST /cormun/servlet/solicitudot?gx-no-cache=1520337683871 HTTP/1.1" 200 30
192.168.10.89 - - [06/Mar/2018:09:04:04 -0300] "POST /cormun/servlet/solicitudot?gx-no-cache=1520337683934 HTTP/1.1" 200 1336
192.168.10.89 - - [06/Mar/2018:09:04:04 -0300] "POST /cormun/servlet/solicitudot?gx-no-cache=1520337683981 HTTP/1.1" 200 41
186.79.20.211 - - [06/Mar/2018:09:04:06 -0300] "GET /cormun/servlet/solicitudot?6d3f1a6e29e395b48dec48882ed73c14fb6b2c854fe53141d9a80ab2e3bd142487fb93687671178b62ea63e4f151b8a570c70657248d504ea3ccf6abd7368abd,gx-no-cache=1520334196696 HTTP/1.1" 200 30
186.79.20.211 - - [06/Mar/2018:09:04:06 -0300] "GET /cormun/servlet/solicitudot?6d3f1a6e29e395b48dec48882ed73c14541427d2e585abe099211572f0028ebe,gx-no-cache=1520334196791 HTTP/1.1" 200 53
186.79.20.211 - - [06/Mar/2018:09:04:06 -0300] "POST /cormun/servlet/solicitudot?gx-no-cache=1520334196893 HTTP/1.1" 200 255
186.79.20.211 - - [06/Mar/2018:09:04:06 -0300] "GET /cormun/servlet/solicitudot?6d3f1a6e29e395b48dec48882ed73c14a4eaf3bfb9ba62485b4774e09e2899dda76c81e7171a2e4feebf5db8f3a8dfa22ce359f8e300f3114c13a4e9f4074e94be46b576181e762b4215d08fd176ba0627307499b9002c6018c7efc02b9c8c57bed1762ea8625c782e1b0939856eb552863be701c8b7081742c2a37ee6409e5d1683199ed5ae7fbab35a8b5899236f7d6e4a80d29f870d9e54a782fdb376f47b80c5eda6b7d9ba8ec3863dbe1b80c854ad0c46e5c7be64ca2fd9d08d111fabaecbed7c774b6fe18c1fa8663f41633739cd452e7628a1c6ba17d1e3902a26c230734662d093a630d05b49fa4e5caf30fde21a4c50bee57cef09aaa76d5e9cfe407d9ea783f86f99b49cc9879f1359494d6551aa05836e41f923b818b8a4d0d36927b35e4248192d4ba5bd276bdec2977196d5cce9e0ff8ec338e16a0a64789d870e4e0fb28931ea21c4ba2db45ccfe7bced3ae1b3bf5e853b6e882a04f27e5e8d5bdda0a2a0d02b5817ad6af3d4ac3f78ab0aafbdd2383cab0dbf6f44b76da2c9,gx-no-cache=1520334197024 HTTP/1.1" 200 30
192.168.10.56 - - [06/Mar/2018:09:04:07 -0300] "POST /cormun/servlet/trautorizarot?c8e15d4254504686c623ce5158dc593c,,gx-no-cache=1520337686088 HTTP/1.1" 200 17615
186.79.20.211 - - [06/Mar/2018:09:04:08 -0300] "POST /cormun/servlet/solicitudot?gx-no-cache=1520334198521 HTTP/1.1" 200 30
192.168.10.89 - - [06/Mar/2018:09:04:09 -0300] "GET /cormun/servlet/solicitudot?c6dd5ead5ef897df5b49148d81b8b7337da0c54cb2d815ef7be112ab820fb3944a3008c710e4c93fc69e7c40da3ada0cef032e47eefa066ed8d1fa5f705d597e85edf92b92385d9f37bb88d042e06263341c048b20b0401958abcaa409d5d66e2722b88aaaa3521ad8b9f051d730ee79,gx-no-cache=1520337689227 HTTP/1.1" 200 29
192.168.10.89 - - [06/Mar/2018:09:04:10 -0300] "POST /cormun/servlet/solicitudot?gx-no-cache=1520337689261 HTTP/1.1" 200 1319
192.168.10.89 - - [06/Mar/2018:09:04:10 -0300] "POST /cormun/servlet/solicitudot?gx-no-cache=1520337689312 HTTP/1.1" 200 1218
186.79.20.211 - - [06/Mar/2018:09:04:10 -0300] "POST /cormun/servlet/solicitudot?gx-no-cache=1520334200673 HTTP/1.1" 200 1337
186.79.20.211 - - [06/Mar/2018:09:04:10 -0300] "POST /cormun/servlet/solicitudot?gx-no-cache=1520334200877 HTTP/1.1" 200 38
192.168.10.89 - - [06/Mar/2018:09:04:10 -0300] "GET /cormun/servlet/solicitudot?c6dd5ead5ef897df5b49148d81b8b733cc1d605f235f29a8932928c6f8f81fa018c3cd91e833c0836ea0fc54a45758a8,gx-no-cache=1520337690049 HTTP/1.1" 200 30
190.151.100.218 - - [06/Mar/2018:09:04:12 -0300] "GET /cormun/servlet/solicitudot?78f5a326c4571ccc41fad0557dd3a5c3947aad89780469b4195c471059db63d1134c632f84c3b31d918ed35eb7176a050c70efff0fb8f31e924c4b353f9d85a6,gx-no-cache=1520337801366 HTTP/1.1" 200 30
190.151.100.218 - - [06/Mar/2018:09:04:12 -0300] "POST /cormun/servlet/solicitudot?gx-no-cache=1520337801570 HTTP/1.1" 200 297
190.151.100.218 - - [06/Mar/2018:09:04:12 -0300] "GET /cormun/servlet/solicitudot?78f5a326c4571ccc41fad0557dd3a5c331672907efc9dd1568fbc4861d56bd4daaba4cbe6ca110b4ef1940062729f60ca816e90d0a0afb7ecd2226e3d3a8a1cb8d8b8fe1872ae74b479191915a6323d4b685b7e3159c65e4af053fc6c6a2c6a8c30abde6452ab2ecb265cde5dd8ef12adaf78d45d78c92610a47c181052a685c2cd8b2b93a2e729f445fe58ab98f6d719b36fe99004139f5ac8c06c62b5bbdea666fc52dd8d102033a90921d19c360399f382f8a5c65f5d25bbdc9bef320ceaaa4ced3f2b565add41148dd2b84433a66a3adc84a359ac3e028939d94eb92156756e89966e5c9e47a6829476b21901cbe63ab4a219378e7f1a27a231f5eed83e7e8135cefb34b4865ba900b165fae0649950c615d30c1e08801cc2f88efdb42e98872322b0e6bee8709d482dc7b2919043d9b524e534ee98494b600d6046ad4965fb179d713adbac40a193b6446deadcf05ec341a02ffab4e388ff70d4457890b12561626fe7bb75046192967a13f957b3745255637ee230fcb111ab70e55dda8452586eb84d5a9b396d64babf35f4080,gx-no-cache=1520337801665 HTTP/1.1" 200 30
190.151.100.218 - - [06/Mar/2018:09:04:12 -0300] "POST /cormun/servlet/solicitudot?gx-no-cache=1520337801787 HTTP/1.1" 200 30
192.168.10.89 - - [06/Mar/2018:09:04:12 -0300] "POST /cormun/servlet/solicitudot?gx-no-cache=1520337691863 HTTP/1.1" 200 30
190.151.100.218 - - [06/Mar/2018:09:04:12 -0300] "POST /cormun/servlet/solicitudot?gx-no-cache=1520337801986 HTTP/1.1" 200 1337
190.151.100.218 - - [06/Mar/2018:09:04:13 -0300] "POST /cormun/servlet/solicitudot?gx-no-cache=1520337802265 HTTP/1.1" 200 41
190.151.100.218 - - [06/Mar/2018:09:04:13 -0300] "POST /cormun/servlet/solicitudot?gx-no-cache=1520337802423 HTTP/1.1" 200 1319
190.151.100.218 - - [06/Mar/2018:09:04:13 -0300] "POST /cormun/servlet/solicitudot?gx-no-cache=1520337803121 HTTP/1.1" 200 1218
190.151.100.218 - - [06/Mar/2018:09:04:13 -0300] "GET /cormun/servlet/solicitudot?78f5a326c4571ccc41fad0557dd3a5c3ff87502a434d0c47e53b9307f265d3e155a7e96ac7b1d0249d97a512ac960377,gx-no-cache=1520337803255 HTTP/1.1" 200 30
190.151.100.218 - - [06/Mar/2018:09:04:14 -0300] "POST /cormun/servlet/solicitudot?gx-no-cache=1520337803406 HTTP/1.1" 200 33
190.151.100.218 - - [06/Mar/2018:09:04:14 -0300] "POST /cormun/servlet/solicitudot?fe3c224c50bb76693a6577603ef4990a,INS,0,0,,gx-no-cache=1520337803588 HTTP/1.1" 200 12340
186.79.20.211 - - [06/Mar/2018:09:04:16 -0300] "GET /cormun/servlet/solicitudot?6d3f1a6e29e395b48dec48882ed73c14916a15ade76c024d627f5b30e388eb3f3ad62fd8d5be5e1c210b95f6f4e0251e9e2dc7b42aaa8c738daca204db642934416ebceb722afed948cb25ffc3cb615457ee157d00e6f63650f756e5fda83ea3386116df49b921917859b502565014d0b46a26cb28c42e9bda6e08809b59a8804655bbc93c5c10d5fd19c5026e933dd25233184bd592d3404524058aa0180849,gx-no-cache=1520334207252 HTTP/1.1" 200 29
186.79.20.211 - - [06/Mar/2018:09:04:17 -0300] "POST /cormun/servlet/solicitudot?gx-no-cache=1520334207357 HTTP/1.1" 200 1319
186.79.20.211 - - [06/Mar/2018:09:04:17 -0300] "POST /cormun/servlet/solicitudot?gx-no-cache=1520334207559 HTTP/1.1" 200 1218
186.79.20.211 - - [06/Mar/2018:09:04:17 -0300] "GET /cormun/static/menuarrow.gif HTTP/1.1" 404 1015
192.168.10.56 - - [06/Mar/2018:09:04:17 -0300] "POST /cormun/servlet/trautorizarot?c8e15d4254504686c623ce5158dc593c,,gx-no-cache=1520337696714 HTTP/1.1" 200 17230
192.168.10.89 - - [06/Mar/2018:09:04:18 -0300] "POST /cormun/servlet/solicitudot?gx-no-cache=1520337697961 HTTP/1.1" 200 30
186.79.20.211 - - [06/Mar/2018:09:04:18 -0300] "POST /cormun/servlet/solicitudot?gx-no-cache=1520334209143 HTTP/1.1" 200 1319
186.79.20.211 - - [06/Mar/2018:09:04:19 -0300] "POST /cormun/servlet/solicitudot?gx-no-cache=1520334209420 HTTP/1.1" 200 1218
192.168.10.89 - - [06/Mar/2018:09:04:19 -0300] "POST /cormun/servlet/solicitudot?dba457b677ceb4ee25d3cf486ff80df0,UPD,2018,9692,,gx-no-cache=1520337699106 HTTP/1.1" 200 93
192.168.10.89 - - [06/Mar/2018:09:04:20 -0300] "GET /cormun/servlet/hpexe_return? HTTP/1.1" 200 1033
186.79.20.211 - - [06/Mar/2018:09:04:20 -0300] "GET /cormun/servlet/solicitudot?6d3f1a6e29e395b48dec48882ed73c1425abdfbbba231695e26f67b2526203dd3382af1ee8df4c5949f3b1be601dc5b5,gx-no-cache=1520334210480 HTTP/1.1" 200 30
192.168.10.89 - - [06/Mar/2018:09:04:20 -0300] "GET /cormun/servlet/trsolicitudot?gx-no-cache=1520337571049 HTTP/1.1" 200 8753
192.168.10.89 - - [06/Mar/2018:09:04:22 -0300] "POST /cormun/servlet/trsolicitudot?dba457b677ceb4ee25d3cf486ff80df0,gx-no-cache=1520337571049,gx-no-cache=1520337701426 HTTP/1.1" 200 4672
192.168.10.89 - - [06/Mar/2018:09:04:22 -0300] "POST /cormun/servlet/trsolicitudot?dba457b677ceb4ee25d3cf486ff80df0,gx-no-cache=1520337571049,gx-no-cache=1520337701658 HTTP/1.1" 200 4452
192.168.10.89 - - [06/Mar/2018:09:04:22 -0300] "GET /cormun/static/Shared/jqueryui/images/ui-icons_8d78a5_256x240.png HTTP/1.1" 404 1089
192.168.10.89 - - [06/Mar/2018:09:04:22 -0300] "GET /cormun/static/Shared/jqueryui/images/ui-bg_flat_55_fafafa_40x100.png HTTP/1.1" 404 1097
192.168.10.89 - - [06/Mar/2018:09:04:22 -0300] "GET /cormun/static/Shared/jqueryui/images/ui-icons_82798d_256x240.png HTTP/1.1" 404 1089
192.168.10.89 - - [06/Mar/2018:09:04:22 -0300] "GET /cormun/static/Shared/jqueryui/images/ui-bg_highlight-soft_100_c6c2c8_1x100.png HTTP/1.1" 404 1117
192.168.10.56 - - [06/Mar/2018:09:04:22 -0300] "GET /cormun/servlet/hlogin HTTP/1.1" 200 1732
192.168.10.89 - - [06/Mar/2018:09:04:24 -0300] "GET /cormun/servlet/trautorizarsolicitud? HTTP/1.1" 200 10300
192.168.10.89 - - [06/Mar/2018:09:04:27 -0300] "POST /cormun/servlet/trautorizarsolicitud?dba457b677ceb4ee25d3cf486ff80df0,,gx-no-cache=1520337706203 HTTP/1.1" 200 7097
192.168.10.89 - - [06/Mar/2018:09:04:27 -0300] "POST /cormun/servlet/trautorizarsolicitud?dba457b677ceb4ee25d3cf486ff80df0,,gx-no-cache=1520337706552 HTTP/1.1" 200 7043
192.168.10.89 - - [06/Mar/2018:09:04:27 -0300] "GET /cormun/static/Shared/jqueryui/images/ui-icons_8d78a5_256x240.png HTTP/1.1" 404 1089
192.168.10.89 - - [06/Mar/2018:09:04:27 -0300] "GET /cormun/static/Shared/jqueryui/images/ui-bg_flat_55_fafafa_40x100.png HTTP/1.1" 404 1097
192.168.10.89 - - [06/Mar/2018:09:04:27 -0300] "GET /cormun/static/Shared/jqueryui/images/ui-bg_highlight-soft_100_c6c2c8_1x100.png HTTP/1.1" 404 1117
192.168.10.89 - - [06/Mar/2018:09:04:27 -0300] "GET /cormun/static/Shared/jqueryui/images/ui-icons_82798d_256x240.png HTTP/1.1" 404 1089
186.79.20.211 - - [06/Mar/2018:09:04:27 -0300] "POST /cormun/servlet/solicitudot?gx-no-cache=1520334217939 HTTP/1.1" 200 30
192.168.10.89 - - [06/Mar/2018:09:04:28 -0300] "POST /cormun/servlet/trautorizarsolicitud?dba457b677ceb4ee25d3cf486ff80df0,,gx-no-cache=1520337707358 HTTP/1.1" 200 6735
192.168.10.89 - - [06/Mar/2018:09:04:28 -0300] "POST /cormun/servlet/trautorizarsolicitud?dba457b677ceb4ee25d3cf486ff80df0,,gx-no-cache=1520337707753 HTTP/1.1" 200 6681
192.168.10.89 - - [06/Mar/2018:09:04:29 -0300] "POST /cormun/servlet/trautorizarsolicitud?dba457b677ceb4ee25d3cf486ff80df0,,gx-no-cache=1520337708649 HTTP/1.1" 200 6296
192.168.10.89 - - [06/Mar/2018:09:04:29 -0300] "POST /cormun/servlet/trautorizarsolicitud?dba457b677ceb4ee25d3cf486ff80df0,,gx-no-cache=1520337709133 HTTP/1.1" 200 6241
192.168.10.89 - - [06/Mar/2018:09:04:30 -0300] "POST /cormun/servlet/trautorizarsolicitud?dba457b677ceb4ee25d3cf486ff80df0,,gx-no-cache=1520337709971 HTTP/1.1" 200 5807
192.168.10.89 - - [06/Mar/2018:09:04:31 -0300] "POST /cormun/servlet/trautorizarsolicitud?dba457b677ceb4ee25d3cf486ff80df0,,gx-no-cache=1520337710495 HTTP/1.1" 200 5750
192.168.10.89 - - [06/Mar/2018:09:04:32 -0300] "POST /cormun/servlet/trautorizarsolicitud?dba457b677ceb4ee25d3cf486ff80df0,,gx-no-cache=1520337711337 HTTP/1.1" 200 4611
192.168.10.89 - - [06/Mar/2018:09:04:32 -0300] "POST /cormun/servlet/trautorizarsolicitud?dba457b677ceb4ee25d3cf486ff80df0,,gx-no-cache=1520337711873 HTTP/1.1" 200 4395
186.79.20.211 - - [06/Mar/2018:09:04:37 -0300] "POST /cormun/servlet/solicitudot?409fdbc9c5a494f972b4da20266c7709,INS,0,0,,gx-no-cache=1520334227384 HTTP/1.1" 200 93
186.79.20.211 - - [06/Mar/2018:09:04:37 -0300] "GET /cormun/servlet/hpexe_return? HTTP/1.1" 200 1022
186.79.20.211 - - [06/Mar/2018:09:04:38 -0300] "GET /cormun/servlet/trsolicitudot?gx-no-cache=1520334143161 HTTP/1.1" 200 8562
186.79.20.211 - - [06/Mar/2018:09:04:38 -0300] "GET /cormun/servlet/trsolicitudot?gx-no-cache=1520334143161 HTTP/1.1" 200 8578
186.103.158.250 - - [06/Mar/2018:09:04:42 -0300] "GET /cormun/servlet/solicitudot?b97a1769011922dd827882554b2e3246f356f6c7891db82a8dafa8f3b16cf6cd219c9786b78e0737963bf58dc85a28a09f38e1bfcb9d98728518487b37cc1d9e,gx-no-cache=1520337833403 HTTP/1.1" 200 30
186.103.158.250 - - [06/Mar/2018:09:04:44 -0300] "GET /cormun/servlet/solicitudot?b97a1769011922dd827882554b2e324646f45af9b46d89ba4a196d78c93e856e,gx-no-cache=1520337835951 HTTP/1.1" 200 123
186.79.20.211 - - [06/Mar/2018:09:04:45 -0300] "POST /cormun/servlet/trsolicitudot?409fdbc9c5a494f972b4da20266c7709,gx-no-cache=1520334143161,gx-no-cache=1520334235960 HTTP/1.1" 200 105
186.79.20.211 - - [06/Mar/2018:09:04:46 -0300] "GET /cormun/servlet/solicitudot?UPD,2018,10080, HTTP/1.1" 200 15201
186.79.20.211 - - [06/Mar/2018:09:04:46 -0300] "GET /cormun/servlet/solicitudot?UPD,2018,10080, HTTP/1.1" 200 15188
186.79.20.211 - - [06/Mar/2018:09:04:47 -0300] "POST /cormun/servlet/solicitudot?gx-no-cache=1520334237419 HTTP/1.1" 200 3424
186.79.20.211 - - [06/Mar/2018:09:04:48 -0300] "POST /cormun/servlet/solicitudot?409fdbc9c5a494f972b4da20266c7709,UPD,2018,10080,,gx-no-cache=1520334238012 HTTP/1.1" 200 11544
186.79.20.211 - - [06/Mar/2018:09:04:48 -0300] "GET /cormun/servlet/solicitudot?6d3f1a6e29e395b48dec48882ed73c14ea902612e68102f7e67e9fdbe1f5f1bf1a958c7f2f99ddb4c7a4737744d9969c,gx-no-cache=1520334238581 HTTP/1.1" 200 30
186.79.20.211 - - [06/Mar/2018:09:04:48 -0300] "GET /cormun/servlet/solicitudot?6d3f1a6e29e395b48dec48882ed73c14fb6b2c854fe53141d9a80ab2e3bd142487fb93687671178b62ea63e4f151b8a581fdaa2ffd322ec6d00e520ca95a6bf1,gx-no-cache=1520334238700 HTTP/1.1" 200 30
186.79.20.211 - - [06/Mar/2018:09:04:48 -0300] "GET /cormun/servlet/solicitudot?6d3f1a6e29e395b48dec48882ed73c14217367c0d2e4cb769a36cef5a38b4f6e53c4db5150f3dfa424a38f71d01fca615071a89b6a65cc5c26d5852f7bbf6780,gx-no-cache=1520334239154 HTTP/1.1" 200 53
186.79.20.211 - - [06/Mar/2018:09:04:48 -0300] "POST /cormun/servlet/solicitudot?gx-no-cache=1520334239277 HTTP/1.1" 200 254
186.79.20.211 - - [06/Mar/2018:09:04:49 -0300] "GET /cormun/servlet/solicitudot?6d3f1a6e29e395b48dec48882ed73c14a4eaf3bfb9ba62485b4774e09e2899dda76c81e7171a2e4feebf5db8f3a8dfa22ce359f8e300f3114c13a4e9f4074e94be46b576181e762b4215d08fd176ba0627307499b9002c6018c7efc02b9c8c57bed1762ea8625c782e1b0939856eb552863be701c8b7081742c2a37ee6409e5d1683199ed5ae7fbab35a8b5899236f7d6e4a80d29f870d9e54a782fdb376f47b80c5eda6b7d9ba8ec3863dbe1b80c854ad0c46e5c7be64ca2fd9d08d111fabaecbed7c774b6fe18c1fa8663f41633739cd452e7628a1c6ba17d1e3902a26c230734662d093a630d05b49fa4e5caf30fde21a4c50bee57cef09aaa76d5e9cfe407d9ea783f86f99b49cc9879f1359494d6551aa05836e41f923b818b8a4d0d36927b35e4248192d4ba5bd276bdec2977196d5cce9e0ff8ec338e16a0a64789d870e4e0fb28931ea21c4ba2db45ccfe7bced3ae1b3bf5e853b6e882a04f27e5e8d5bdda0a2a0d02b5817ad6af3d4ac3f7883ec0520dd36ecf74a1bed93f03f662e,gx-no-cache=1520334239404 HTTP/1.1" 200 30
186.79.20.211 - - [06/Mar/2018:09:04:49 -0300] "POST /cormun/servlet/solicitudot?gx-no-cache=1520334240164 HTTP/1.1" 200 30
186.79.20.211 - - [06/Mar/2018:09:04:50 -0300] "POST /cormun/servlet/solicitudot?gx-no-cache=1520334240423 HTTP/1.1" 200 1337
186.79.20.211 - - [06/Mar/2018:09:04:50 -0300] "POST /cormun/servlet/solicitudot?gx-no-cache=1520334240693 HTTP/1.1" 200 41
192.168.10.89 - - [06/Mar/2018:09:04:54 -0300] "GET /cormun/servlet/hlogin HTTP/1.1" 200 1740
58.218.213.45 - - [06/Mar/2018:09:05:04 -0300] "GET /manager/html HTTP/1.1" 401 2474
58.218.213.45 - - [06/Mar/2018:09:05:04 -0300] "GET /manager/html HTTP/1.1" 401 2474
58.218.213.45 - - [06/Mar/2018:09:05:06 -0300] "GET /manager/html HTTP/1.1" 401 2474
186.103.157.246 - - [06/Mar/2018:09:05:19 -0300] "GET /cormun/servlet/solicitudot?INS,0,0, HTTP/1.1" 200 13328
186.103.157.246 - - [06/Mar/2018:09:05:20 -0300] "GET /cormun/servlet/solicitudot?INS,0,0, HTTP/1.1" 200 13328
186.79.20.211 - - [06/Mar/2018:09:05:28 -0300] "GET /cormun/servlet/solicitudot?6d3f1a6e29e395b48dec48882ed73c147970f1ba59b56798524d43c0ea5bdb1f39a9b2514904d1861f3ad227efc70096474b7f39fec4e900a2616da39ff7483dace33740273c9b0b5637c27cacabfdb44855f03e6a06de951862d285dcfa07546a45acc1a14732e839a39b4588727e10480cf1bf6f74f805acaa3168e0026ff2834dab51141f27c2fed5609cf6ea73ba302155a21a07501969a495c1e2e6971e,gx-no-cache=1520334278277 HTTP/1.1" 200 29
186.79.20.211 - - [06/Mar/2018:09:05:28 -0300] "POST /cormun/servlet/solicitudot?gx-no-cache=1520334278656 HTTP/1.1" 200 1319
186.79.20.211 - - [06/Mar/2018:09:05:28 -0300] "POST /cormun/servlet/solicitudot?gx-no-cache=1520334279046 HTTP/1.1" 200 1218
186.79.20.211 - - [06/Mar/2018:09:05:28 -0300] "GET /cormun/servlet/solicitudot?6d3f1a6e29e395b48dec48882ed73c1425abdfbbba231695e26f67b2526203dd3382af1ee8df4c5949f3b1be601dc5b5,gx-no-cache=1520334279238 HTTP/1.1" 200 30
186.79.20.211 - - [06/Mar/2018:09:05:28 -0300] "POST /cormun/servlet/solicitudot?gx-no-cache=1520334279342 HTTP/1.1" 200 30
186.79.20.211 - - [06/Mar/2018:09:05:29 -0300] "POST /cormun/servlet/solicitudot?409fdbc9c5a494f972b4da20266c7709,UPD,2018,10080,,gx-no-cache=1520334279462 HTTP/1.1" 200 93
186.79.20.211 - - [06/Mar/2018:09:05:29 -0300] "GET /cormun/servlet/hpexe_return? HTTP/1.1" 200 1029
186.79.20.211 - - [06/Mar/2018:09:05:29 -0300] "GET /cormun/servlet/trsolicitudot?gx-no-cache=1520334143161 HTTP/1.1" 200 8562
186.79.20.211 - - [06/Mar/2018:09:05:30 -0300] "GET /cormun/servlet/trsolicitudot?gx-no-cache=1520334143161 HTTP/1.1" 200 8578
186.79.20.211 - - [06/Mar/2018:09:05:32 -0300] "POST /cormun/servlet/trsolicitudot?409fdbc9c5a494f972b4da20266c7709,gx-no-cache=1520334143161,gx-no-cache=1520334282401 HTTP/1.1" 200 4469
186.103.157.246 - - [06/Mar/2018:09:05:32 -0300] "GET /cormun/servlet/prfichaempleado?,MD,,gxPopupLevel%3D0%3B HTTP/1.1" 200 9192
186.79.20.211 - - [06/Mar/2018:09:05:32 -0300] "GET /cormun/static/Shared/jqueryui/images/ui-bg_highlight-soft_100_c6c2c8_1x100.png HTTP/1.1" 404 1117
186.79.20.211 - - [06/Mar/2018:09:05:32 -0300] "GET /cormun/static/Shared/jqueryui/images/ui-icons_82798d_256x240.png HTTP/1.1" 404 1089
186.79.20.211 - - [06/Mar/2018:09:05:32 -0300] "GET /cormun/static/Shared/jqueryui/images/ui-bg_flat_55_fafafa_40x100.png HTTP/1.1" 404 1097
186.79.20.211 - - [06/Mar/2018:09:05:32 -0300] "GET /cormun/static/Shared/jqueryui/images/ui-icons_8d78a5_256x240.png HTTP/1.1" 404 1089
186.79.20.211 - - [06/Mar/2018:09:05:33 -0300] "POST /cormun/servlet/trsolicitudot?409fdbc9c5a494f972b4da20266c7709,gx-no-cache=1520334143161,gx-no-cache=1520334283064 HTTP/1.1" 200 4255
192.168.10.56 - - [06/Mar/2018:09:05:40 -0300] "POST /cormun/servlet/hlogin?c8e15d4254504686c623ce5158dc593c,gx-no-cache=1520337780043 HTTP/1.1" 200 90
192.168.10.56 - - [06/Mar/2018:09:05:40 -0300] "GET /cormun/servlet/hpexe_link HTTP/1.1" 200 947
186.103.158.250 - - [06/Mar/2018:09:05:40 -0300] "GET /cormun/servlet/prbanco?,MD,,gxPopupLevel%3D0%3B HTTP/1.1" 200 6630
192.168.10.56 - - [06/Mar/2018:09:05:40 -0300] "GET /cormun/servlet/hhome HTTP/1.1" 200 4461
192.168.10.56 - - [06/Mar/2018:09:05:41 -0300] "GET /cormun/servlet/hhome HTTP/1.1" 200 4459
192.168.10.50 - - [06/Mar/2018:09:05:42 -0300] "POST /cormun/servlet/trsolicitudgral?0a3d557a1eaeaba86cd775f6eea7d209,,gx-no-cache=1520337781628 HTTP/1.1" 200 14092
192.168.10.56 - - [06/Mar/2018:09:05:43 -0300] "GET /cormun/servlet/trsolicitudgral? HTTP/1.1" 200 21365
192.168.10.56 - - [06/Mar/2018:09:05:44 -0300] "GET /cormun/servlet/trsolicitudgral? HTTP/1.1" 200 21363
192.168.10.50 - - [06/Mar/2018:09:05:46 -0300] "POST /cormun/servlet/trsolicitudgral?0a3d557a1eaeaba86cd775f6eea7d209,,gx-no-cache=1520337785827 HTTP/1.1" 200 10351
186.103.157.246 - - [06/Mar/2018:09:05:51 -0300] "GET /cormun/servlet/solicitudot?e80f5d1e59be068651ff6ceb7c29337960c5c190b4f6da33815c50a5801a58f9,gx-no-cache=1520337902214 HTTP/1.1" 200 20
192.168.10.56 - - [06/Mar/2018:09:05:53 -0300] "POST /cormun/servlet/trsolicitudgral?c8e15d4254504686c623ce5158dc593c,,gx-no-cache=1520337792128 HTTP/1.1" 200 12006
186.103.158.250 - - [06/Mar/2018:09:05:54 -0300] "GET /cormun/servlet/solicitudot?b97a1769011922dd827882554b2e324646f45af9b46d89ba4a196d78c93e856e,gx-no-cache=1520337905641 HTTP/1.1" 200 123
192.168.10.56 - - [06/Mar/2018:09:06:01 -0300] "POST /cormun/servlet/trsolicitudgral?c8e15d4254504686c623ce5158dc593c,,gx-no-cache=1520337800791 HTTP/1.1" 200 11580
192.168.10.56 - - [06/Mar/2018:09:06:01 -0300] "GET /cormun/static/Shared/jqueryui/images/ui-bg_highlight-soft_100_c6c2c8_1x100.png HTTP/1.1" 404 1117
192.168.10.56 - - [06/Mar/2018:09:06:01 -0300] "GET /cormun/static/Shared/jqueryui/images/ui-icons_82798d_256x240.png HTTP/1.1" 404 1089
192.168.10.56 - - [06/Mar/2018:09:06:01 -0300] "GET /cormun/static/Shared/jqueryui/images/ui-icons_8d78a5_256x240.png HTTP/1.1" 404 1089
192.168.10.56 - - [06/Mar/2018:09:06:01 -0300] "GET /cormun/static/Shared/jqueryui/images/ui-bg_flat_55_fafafa_40x100.png HTTP/1.1" 404 1097
186.103.157.246 - - [06/Mar/2018:09:06:03 -0300] "POST /cormun/servlet/solicitudot?96223334d295790a78ffe54a98791d46,INS,0,0,,gx-no-cache=1520337913734 HTTP/1.1" 200 90
186.103.157.246 - - [06/Mar/2018:09:06:03 -0300] "GET /cormun/servlet/hpexe_link HTTP/1.1" 200 948
186.103.157.246 - - [06/Mar/2018:09:06:03 -0300] "GET /cormun/servlet/trsolicitudot HTTP/1.1" 200 7084
186.79.20.211 - - [06/Mar/2018:09:06:09 -0300] "GET /cormun/servlet/hlogin HTTP/1.1" 200 1754
186.103.158.250 - - [06/Mar/2018:09:06:12 -0300] "GET /cormun/servlet/solicitudot?b97a1769011922dd827882554b2e324646f45af9b46d89ba4a196d78c93e856e,gx-no-cache=1520337923267 HTTP/1.1" 200 123
186.103.158.250 - - [06/Mar/2018:09:06:17 -0300] "GET /cormun/servlet/solicitudot?b97a1769011922dd827882554b2e3246a6d127483fd65f7b32275e88ce603a98d763bf720c9f125174b6bb446509cc9dc0504e7301fac740f8283ee0c62e51ff9c6be47f155b1627c7f43919ab9b7d2845c4d8136b83164e7d9f8d6322933dfa43b8ce38e370494dd12b187a585acded938fc7254b7003a777c2ca954c1cc54a0786b9adcf38ca897de0cf3088167631d862aac0af43c07c83fa8255facd852cb8b16cafecf262f10dcc545f9d62a5727a8f1d9614e0b37068f59b4657aad083da7c3cfcdf6ca0c3802d1d24240f0cae5300b7897448c382d36da6561652e8e6bef8375c65be32fdb7de184bb209bf1d375a76657c92cd01858040213dd131ef51e5d626f18ce7e228644c08614a9123d182a0dcb8ed449177972e6c1fc4cd6f0a447639a38b91fdc0f7ab72c27788d40760ba2bc8dc2bb37117f9e011ab67ba1c49b44376e274a4959844ca48e256c9,gx-no-cache=1520337928486 HTTP/1.1" 200 297
186.103.158.250 - - [06/Mar/2018:09:06:18 -0300] "GET /cormun/servlet/solicitudot?b97a1769011922dd827882554b2e3246530b9e35dc75456f1db47cbd29c5a08a66f7f72971d69eabb99e0dc277a186ef0e33d2b1fd9fc8f3a75f0056542086426c4b6ecfbc5e327bb6ad9974911e6b1cbae8a29ccb7dbd50f903827f45b5f25e26d8423a0f80932d8e238d70d5f7b2868e557c599f6108defd6f6dacebc342ed17321069304c0788ace3adeed59f7dacd25cbdf78d78b07a2a2db67767891ca5e2d8f242da71354c1aa9f9c4fd326a46f2fdb16b95f361ab377e14381d3b57241de80d38326f40461956078a690f948b2353f4d1849dcb20bba9d7d3695d4ea447a793ef27d5e2a1712bcebc8773fbbade95138fdaa5c7b9d670aeda2ef479418277adf94b144a6127871d29387957fe4c119f17e3ae04fd3771c47d48de86c51d2af1d64ebe51b08b3b7471ccc90b9d3d7cd24abdaaa6c9e140afc169ec3fa4c237a7e4e3d74d4472c00a5d75a3d9b587c7e1585ba5c07042651867339b38da9e311040333aaa900541e7b1f823c7cc795ef761d69a678022c1be1ddbdc4c8ba324f4f793eb49ff5cc203bf7cb9e907,gx-no-cache=1520337928913 HTTP/1.1" 200 30
186.103.158.250 - - [06/Mar/2018:09:06:21 -0300] "POST /cormun/servlet/solicitudot?gx-no-cache=1520337932645 HTTP/1.1" 200 30
186.103.158.250 - - [06/Mar/2018:09:06:23 -0300] "POST /cormun/servlet/solicitudot?gx-no-cache=1520337934473 HTTP/1.1" 200 1331
186.103.158.250 - - [06/Mar/2018:09:06:23 -0300] "POST /cormun/servlet/solicitudot?gx-no-cache=1520337934606 HTTP/1.1" 200 38
186.103.157.246 - - [06/Mar/2018:09:06:31 -0300] "GET /cormun/Manuales/ManualSolicitud.pdf HTTP/1.1" 200 850295
186.103.157.246 - - [06/Mar/2018:09:06:43 -0300] "GET /cormun/servlet/trcontratoobservacion? HTTP/1.1" 200 5351
186.103.157.246 - - [06/Mar/2018:09:06:44 -0300] "GET /cormun/servlet/hlogin HTTP/1.1" 200 1732
186.103.157.246 - - [06/Mar/2018:09:06:44 -0300] "GET /cormun/servlet/trcontratoobservacion? HTTP/1.1" 200 5350
186.103.158.250 - - [06/Mar/2018:09:07:07 -0300] "GET /cormun/servlet/solicitudot?b97a1769011922dd827882554b2e324618a3ef1dae1db870cd3827b80878df39375a76657c92cd01858040213dd131ef51e5d626f18ce7e228644c08614a9123d5f3e4390c46c8646141ea16ed72a760,gx-no-cache=1520337978238 HTTP/1.1" 200 29
186.103.158.250 - - [06/Mar/2018:09:07:07 -0300] "POST /cormun/servlet/solicitudot?gx-no-cache=1520337978375 HTTP/1.1" 200 1317
186.103.158.250 - - [06/Mar/2018:09:07:07 -0300] "POST /cormun/servlet/solicitudot?gx-no-cache=1520337978553 HTTP/1.1" 200 1215
58.218.199.221 - - [06/Mar/2018:09:07:12 -0300] "GET /RELEASE-NOTES.txt HTTP/1.1" 200 8965
186.103.158.250 - - [06/Mar/2018:09:07:13 -0300] "POST /cormun/servlet/solicitudot?gx-no-cache=1520337984464 HTTP/1.1" 200 1317
186.103.158.250 - - [06/Mar/2018:09:07:13 -0300] "POST /cormun/servlet/solicitudot?gx-no-cache=1520337984996 HTTP/1.1" 200 1215
186.103.158.250 - - [06/Mar/2018:09:07:13 -0300] "GET /cormun/static/menuarrow.gif HTTP/1.1" 404 1015
186.103.158.250 - - [06/Mar/2018:09:07:22 -0300] "POST /cormun/servlet/solicitudot?gx-no-cache=1520337993883 HTTP/1.1" 200 1317
186.103.158.250 - - [06/Mar/2018:09:07:22 -0300] "POST /cormun/servlet/solicitudot?gx-no-cache=1520337993959 HTTP/1.1" 200 1215
186.103.158.250 - - [06/Mar/2018:09:07:24 -0300] "GET /cormun/servlet/solicitudot?b97a1769011922dd827882554b2e3246b4c473e69e5f871cfeed9060ba268e45839ce8f6058355cb160e39dc9339dd81,gx-no-cache=1520337995817 HTTP/1.1" 200 30
186.103.158.250 - - [06/Mar/2018:09:07:35 -0300] "POST /cormun/servlet/solicitudot?gx-no-cache=1520338007103 HTTP/1.1" 200 30
186.103.132.155 - - [06/Mar/2018:09:07:57 -0300] "GET /cormun/servlet/solicitudot?78f5a326c4571ccc41fad0557dd3a5c3947aad89780469b4195c471059db63d1134c632f84c3b31d918ed35eb7176a050c70efff0fb8f31e924c4b353f9d85a6,gx-no-cache=1520338026005 HTTP/1.1" 200 30
186.103.132.155 - - [06/Mar/2018:09:07:57 -0300] "POST /cormun/servlet/solicitudot?gx-no-cache=1520338026460 HTTP/1.1" 200 297
186.103.132.155 - - [06/Mar/2018:09:07:57 -0300] "GET /cormun/servlet/solicitudot?78f5a326c4571ccc41fad0557dd3a5c331672907efc9dd1568fbc4861d56bd4daaba4cbe6ca110b4ef1940062729f60ca816e90d0a0afb7ecd2226e3d3a8a1cb8d8b8fe1872ae74b479191915a6323d4b685b7e3159c65e4af053fc6c6a2c6a8c30abde6452ab2ecb265cde5dd8ef12adaf78d45d78c92610a47c181052a685c2cd8b2b93a2e729f445fe58ab98f6d719b36fe99004139f5ac8c06c62b5bbdea666fc52dd8d102033a90921d19c360399f382f8a5c65f5d25bbdc9bef320ceaaa4ced3f2b565add41148dd2b84433a66a3adc84a359ac3e028939d94eb92156756e89966e5c9e47a6829476b21901cbe63ab4a219378e7f1a27a231f5eed83e7e8135cefb34b4865ba900b165fae0649950c615d30c1e08801cc2f88efdb42e98872322b0e6bee8709d482dc7b2919043d9b524e534ee98494b600d6046ad4965fb179d713adbac40a193b6446deadcf05ec341a02ffab4e388ff70d4457890b12561626fe7bb75046192967a13f957b3745255637ee230fcb111ab70e55dda8452586eb84d5a9b396d64babf35f4080,gx-no-cache=1520338026677 HTTP/1.1" 200 30
186.103.132.155 - - [06/Mar/2018:09:07:57 -0300] "POST /cormun/servlet/solicitudot?gx-no-cache=1520338026803 HTTP/1.1" 200 30
186.103.132.155 - - [06/Mar/2018:09:07:57 -0300] "POST /cormun/servlet/solicitudot?gx-no-cache=1520338026946 HTTP/1.1" 200 1337
