186.103.158.250 - - [06/Mar/2018:14:59:31 -0300] "GET /cormun/servlet/solicitudot?c05c57fc898dc32e89ec4ea6100f6a2206d0bad22ad99afb24fa40367a3e4110b42df3b0841ae14315bd21f1ac5d44a9688302fcf092bf9c8cd63f2497b4e55cd4c5e475c42c693d08088d5f19bf5bb7a419b88a49561616ed943f5bb2654c96568bec33b6a3149a9796f419b4b726c882a3d3170c8436a3e41ef67e80f7dd91d7a47ea3007ec8d5a9024429fa5ae7933eeca844661097344b8f319a625f42e871a12c15029bcb6dc8cb012d0e69c964a93705f66a87a1e7ea13519492b6741a3358ed71584d5978130192c6775bd3faa4a42fa8cc39b98b1cc985fb716dadc64a039b82204a2f3e6d598e8cc8a03f1b8eb9b967d53e4bb93dd806a8cf0a4d93c464e53ceaa73a394ed62a5e3e57997378173eb2a3f87ca80181f17661aad2d4c41eb0b6aec08f12d192ecb58dd2ea4ac6bd6aa4c00699ecf46accdf39a7e2740f089224047c905c6aafe0b91ce0cac83399cbe7412e521304a8ebf50b36a4cbde69696de94ca87b4b7f5cdabffd620a4264d887077c408051421c2f97a5ae36,gx-no-cache=1520359121137 HTTP/1.1" 200 30
186.103.158.250 - - [06/Mar/2018:14:59:31 -0300] "POST /cormun/servlet/solicitudot?gx-no-cache=1520359121533 HTTP/1.1" 200 30
186.103.158.250 - - [06/Mar/2018:14:59:31 -0300] "POST /cormun/servlet/solicitudot?gx-no-cache=1520359121645 HTTP/1.1" 200 1336
186.103.158.250 - - [06/Mar/2018:14:59:31 -0300] "POST /cormun/servlet/solicitudot?gx-no-cache=1520359121847 HTTP/1.1" 200 41
186.103.158.250 - - [06/Mar/2018:14:59:31 -0300] "GET /cormun/servlet/solicitudot?c05c57fc898dc32e89ec4ea6100f6a22370a01fd331fec8b724cac3a907de3d0fb8d4546cfef7674faa301d538460328393f054603bdf7b8e36820848f8e1beaaebebbdd5a8b418a6d33f7304ba9a3f0e2c53ee99040ef2ea00b1e1f7395b3a4473f9d6ba9466a46375559c56b167270eb1df3f0b54e4736678b5aee9930b67325f4a656f9e05350102b006e1e571cae497a17f010f573d3a42ddb8aed43b241,gx-no-cache=1520359121923 HTTP/1.1" 200 29
186.103.158.250 - - [06/Mar/2018:14:59:31 -0300] "POST /cormun/servlet/solicitudot?gx-no-cache=1520359122003 HTTP/1.1" 200 1318
186.103.158.250 - - [06/Mar/2018:14:59:31 -0300] "POST /cormun/servlet/solicitudot?gx-no-cache=1520359122119 HTTP/1.1" 200 1219
186.103.158.250 - - [06/Mar/2018:14:59:31 -0300] "GET /cormun/servlet/solicitudot?c05c57fc898dc32e89ec4ea6100f6a22cad653bb483d8767d8357c9170059d572371f7fc725f67e78f33e820c391a10f,gx-no-cache=1520359122207 HTTP/1.1" 200 30
186.103.158.250 - - [06/Mar/2018:14:59:31 -0300] "POST /cormun/servlet/solicitudot?gx-no-cache=1520359122269 HTTP/1.1" 200 33
186.103.158.250 - - [06/Mar/2018:14:59:32 -0300] "POST /cormun/servlet/solicitudot?256ef51633c6977d07e787c9b56561e7,INS,0,0,,gx-no-cache=1520359122363 HTTP/1.1" 200 12128
192.168.10.50 - - [06/Mar/2018:14:59:38 -0300] "GET /cormun/servlet/trsolicitudgral? HTTP/1.1" 500 10
192.168.10.50 - - [06/Mar/2018:14:59:40 -0300] "GET /cormun/servlet/trsolicitudgral? HTTP/1.1" 500 10
186.103.157.39 - - [06/Mar/2018:14:59:42 -0300] "GET /cormun/servlet/solicitudot?INS,0,0, HTTP/1.1" 200 13395
186.103.157.39 - - [06/Mar/2018:14:59:43 -0300] "GET /cormun/servlet/solicitudot?INS,0,0, HTTP/1.1" 200 13400
192.168.10.50 - - [06/Mar/2018:14:59:48 -0300] "GET /cormun/servlet/hlogin HTTP/1.1" 200 1721
192.168.10.50 - - [06/Mar/2018:14:59:50 -0300] "POST /cormun/servlet/hlogin?b660f47718f9e982bb3d01abbc2eba5e,gx-no-cache=1520359029591 HTTP/1.1" 200 90
192.168.10.50 - - [06/Mar/2018:14:59:50 -0300] "GET /cormun/servlet/hpexe_link HTTP/1.1" 200 949
192.168.10.50 - - [06/Mar/2018:14:59:50 -0300] "GET /cormun/servlet/hhome HTTP/1.1" 200 4460
192.168.10.50 - - [06/Mar/2018:14:59:50 -0300] "GET /cormun/servlet/hhome HTTP/1.1" 200 4456
186.103.157.39 - - [06/Mar/2018:14:59:54 -0300] "POST /cormun/servlet/solicitudot?gx-no-cache=1520359145623 HTTP/1.1" 200 3300
186.103.157.39 - - [06/Mar/2018:14:59:54 -0300] "POST /cormun/servlet/solicitudot?8823ee0f9837c1bb8a2f2830087adb9c,INS,0,0,,gx-no-cache=1520359145898 HTTP/1.1" 200 10273
192.168.10.50 - - [06/Mar/2018:15:00:03 -0300] "GET /cormun/servlet/trsolicitudgral? HTTP/1.1" 200 28091
186.103.158.250 - - [06/Mar/2018:15:00:04 -0300] "GET /cormun/servlet/solicitudot?c05c57fc898dc32e89ec4ea6100f6a2223ffeb0d1573522aa5f7cc49ab42e13a0b647f223670836d01e1145aa17c43f102b429c0ad9f454212ab741522c90ab3,gx-no-cache=1520359155196 HTTP/1.1" 200 30
186.103.158.250 - - [06/Mar/2018:15:00:04 -0300] "POST /cormun/servlet/solicitudot?gx-no-cache=1520359155323 HTTP/1.1" 200 256
186.103.158.250 - - [06/Mar/2018:15:00:05 -0300] "GET /cormun/servlet/solicitudot?c05c57fc898dc32e89ec4ea6100f6a2206d0bad22ad99afb24fa40367a3e4110b42df3b0841ae14315bd21f1ac5d44a9688302fcf092bf9c8cd63f2497b4e55cd4c5e475c42c693d08088d5f19bf5bb7a419b88a49561616ed943f5bb2654c96568bec33b6a3149a9796f419b4b726c882a3d3170c8436a3e41ef67e80f7dd91d7a47ea3007ec8d5a9024429fa5ae7933eeca844661097344b8f319a625f42e871a12c15029bcb6dc8cb012d0e69c964a93705f66a87a1e7ea13519492b6741a3358ed71584d5978130192c6775bd3faa4a42fa8cc39b98b1cc985fb716dadc64a039b82204a2f3e6d598e8cc8a03f1b8eb9b967d53e4bb93dd806a8cf0a4d93c464e53ceaa73a394ed62a5e3e57997378173eb2a3f87ca80181f17661aad2d4c41eb0b6aec08f12d192ecb58dd2ea4ac6bd6aa4c00699ecf46accdf39a7e2740f089224047c905c6aafe0b91ce0cac83399cbe7412e521304a8ebf50b36a4cbde69696de94ca87b4b7f5cdabffd620a4264d887077c408051421c2f97a5ae36,gx-no-cache=1520359155398 HTTP/1.1" 200 30
186.103.158.250 - - [06/Mar/2018:15:00:05 -0300] "POST /cormun/servlet/solicitudot?gx-no-cache=1520359155759 HTTP/1.1" 200 30
186.103.158.250 - - [06/Mar/2018:15:00:05 -0300] "POST /cormun/servlet/solicitudot?gx-no-cache=1520359155828 HTTP/1.1" 200 1336
192.168.10.50 - - [06/Mar/2018:15:00:05 -0300] "GET /cormun/servlet/trsolicitudgral? HTTP/1.1" 200 28089
186.103.158.250 - - [06/Mar/2018:15:00:05 -0300] "POST /cormun/servlet/solicitudot?gx-no-cache=1520359156006 HTTP/1.1" 200 41
186.103.158.250 - - [06/Mar/2018:15:00:05 -0300] "POST /cormun/servlet/solicitudot?gx-no-cache=1520359156081 HTTP/1.1" 200 1318
186.103.158.250 - - [06/Mar/2018:15:00:06 -0300] "POST /cormun/servlet/solicitudot?gx-no-cache=1520359156357 HTTP/1.1" 200 1219
186.103.158.250 - - [06/Mar/2018:15:00:06 -0300] "GET /cormun/servlet/solicitudot?c05c57fc898dc32e89ec4ea6100f6a22cad653bb483d8767d8357c9170059d572371f7fc725f67e78f33e820c391a10f,gx-no-cache=1520359156519 HTTP/1.1" 200 30
186.103.158.250 - - [06/Mar/2018:15:00:06 -0300] "POST /cormun/servlet/solicitudot?gx-no-cache=1520359156590 HTTP/1.1" 200 33
186.103.158.250 - - [06/Mar/2018:15:00:06 -0300] "POST /cormun/servlet/solicitudot?256ef51633c6977d07e787c9b56561e7,INS,0,0,,gx-no-cache=1520359156706 HTTP/1.1" 200 12182
186.103.158.250 - - [06/Mar/2018:15:00:12 -0300] "POST /cormun/servlet/solicitudot?256ef51633c6977d07e787c9b56561e7,INS,0,0,,gx-no-cache=1520359162280 HTTP/1.1" 200 12043
186.103.157.39 - - [06/Mar/2018:15:00:12 -0300] "GET /cormun/servlet/solicitudot?ba4470af356cfabc9657c957eccace6d1c92e6a356ca253cdd34a83b493d74dfbec3632b3e1ffbce774097e4b1fe4b98,gx-no-cache=1520359164137 HTTP/1.1" 200 30
186.103.158.250 - - [06/Mar/2018:15:00:17 -0300] "POST /cormun/servlet/solicitudot?gx-no-cache=1520359167866 HTTP/1.1" 200 3369
186.103.158.250 - - [06/Mar/2018:15:00:17 -0300] "POST /cormun/servlet/solicitudot?256ef51633c6977d07e787c9b56561e7,INS,0,0,,gx-no-cache=1520359168098 HTTP/1.1" 200 12072
186.103.158.250 - - [06/Mar/2018:15:00:18 -0300] "GET /cormun/servlet/solicitudot?c05c57fc898dc32e89ec4ea6100f6a220e38fa2fe93af83b75cc6305c39dad4c2cb7ca029ba30438ea68e6e2206d11a4,gx-no-cache=1520359168562 HTTP/1.1" 200 30
200.111.191.210 - - [06/Mar/2018:15:00:20 -0300] "GET /cormun/servlet/trsolicitudot? HTTP/1.1" 200 7169
200.111.191.210 - - [06/Mar/2018:15:00:21 -0300] "GET /cormun/servlet/trsolicitudot? HTTP/1.1" 200 7168
200.111.191.210 - - [06/Mar/2018:15:00:23 -0300] "GET /cormun/servlet/solicitudot?INS,0,0, HTTP/1.1" 200 13407
200.111.191.210 - - [06/Mar/2018:15:00:24 -0300] "GET /cormun/servlet/solicitudot?INS,0,0, HTTP/1.1" 200 13412
200.111.191.210 - - [06/Mar/2018:15:00:30 -0300] "GET /cormun/servlet/prfichaempleado?,MD,,gxPopupLevel%3D0%3B HTTP/1.1" 200 9313
192.168.10.50 - - [06/Mar/2018:15:00:33 -0300] "POST /cormun/servlet/trsolicitudgral?b660f47718f9e982bb3d01abbc2eba5e,,gx-no-cache=1520359072608 HTTP/1.1" 200 25696
186.103.158.250 - - [06/Mar/2018:15:00:37 -0300] "GET /cormun/servlet/trautorizarsolicitud? HTTP/1.1" 200 7317
186.103.158.250 - - [06/Mar/2018:15:00:38 -0300] "GET /cormun/servlet/trautorizarsolicitud? HTTP/1.1" 200 7311
200.111.191.210 - - [06/Mar/2018:15:00:39 -0300] "POST /cormun/servlet/prfichaempleado?c14d38b84d1cb6f80ed53709bc7e55dc,,MD,,gxPopupLevel%3D0%3B,gx-no-cache=1520359190977 HTTP/1.1" 200 3412
192.168.10.50 - - [06/Mar/2018:15:00:42 -0300] "GET /cormun/static/menuarrow.gif HTTP/1.1" 404 1015
200.111.191.210 - - [06/Mar/2018:15:00:42 -0300] "POST /cormun/servlet/solicitudot?gx-no-cache=1520359193942 HTTP/1.1" 200 3402
200.111.191.210 - - [06/Mar/2018:15:00:42 -0300] "POST /cormun/servlet/solicitudot?c14d38b84d1cb6f80ed53709bc7e55dc,INS,0,0,,gx-no-cache=1520359194210 HTTP/1.1" 200 10381
200.111.191.210 - - [06/Mar/2018:15:00:42 -0300] "GET /cormun/servlet/solicitudot?81d35751f06ce9d95fc932c57caad48fb880db62f8c58ccd171f0e2892448eb0f69e5e40d73cf7e65f85dc811bb8e421,gx-no-cache=1520359194378 HTTP/1.1" 200 30
200.111.191.210 - - [06/Mar/2018:15:00:44 -0300] "GET /cormun/servlet/prbanco?,MD,,gxPopupLevel%3D0%3B HTTP/1.1" 200 6590
200.111.191.210 - - [06/Mar/2018:15:00:44 -0300] "GET /cormun/static/prbanco.js?2018116101633 HTTP/1.1" 304 -
186.103.158.250 - - [06/Mar/2018:15:00:46 -0300] "GET /cormun/servlet/trautorizarsolicitud? HTTP/1.1" 200 7311
186.103.158.250 - - [06/Mar/2018:15:00:47 -0300] "GET /cormun/servlet/trautorizarsolicitud? HTTP/1.1" 200 7311
186.103.158.250 - - [06/Mar/2018:15:00:51 -0300] "GET /cormun/servlet/trsolicitudot? HTTP/1.1" 200 10673
192.168.10.50 - - [06/Mar/2018:15:00:51 -0300] "POST /cormun/servlet/trsolicitudgral?b660f47718f9e982bb3d01abbc2eba5e,,gx-no-cache=1520359089346 HTTP/1.1" 200 25695
186.103.158.250 - - [06/Mar/2018:15:00:52 -0300] "GET /cormun/servlet/trsolicitudot? HTTP/1.1" 200 10672
186.103.158.250 - - [06/Mar/2018:15:01:00 -0300] "POST /cormun/servlet/trsolicitudot?256ef51633c6977d07e787c9b56561e7,,gx-no-cache=1520359210400 HTTP/1.1" 200 7377
186.103.158.250 - - [06/Mar/2018:15:01:00 -0300] "GET /cormun/static/Shared/jqueryui/images/ui-bg_highlight-soft_100_c6c2c8_1x100.png HTTP/1.1" 404 1117
186.103.158.250 - - [06/Mar/2018:15:01:00 -0300] "GET /cormun/static/Shared/jqueryui/images/ui-icons_82798d_256x240.png HTTP/1.1" 404 1089
186.103.158.250 - - [06/Mar/2018:15:01:00 -0300] "GET /cormun/static/Shared/jqueryui/images/ui-bg_flat_55_fafafa_40x100.png HTTP/1.1" 404 1097
186.103.158.250 - - [06/Mar/2018:15:01:00 -0300] "GET /cormun/static/Shared/jqueryui/images/ui-icons_8d78a5_256x240.png HTTP/1.1" 404 1089
186.103.158.250 - - [06/Mar/2018:15:01:00 -0300] "POST /cormun/servlet/trsolicitudot?256ef51633c6977d07e787c9b56561e7,,gx-no-cache=1520359211057 HTTP/1.1" 200 7319
186.103.158.250 - - [06/Mar/2018:15:01:03 -0300] "POST /cormun/servlet/trsolicitudot?256ef51633c6977d07e787c9b56561e7,,gx-no-cache=1520359213298 HTTP/1.1" 200 7037
192.168.10.50 - - [06/Mar/2018:15:01:03 -0300] "POST /cormun/servlet/trsolicitudgral?b660f47718f9e982bb3d01abbc2eba5e,,gx-no-cache=1520359101533 HTTP/1.1" 200 105
192.168.10.50 - - [06/Mar/2018:15:01:03 -0300] "GET /cormun/SolicitudGral-1717.xls HTTP/1.1" 200 121856
186.103.158.250 - - [06/Mar/2018:15:01:04 -0300] "POST /cormun/servlet/trsolicitudot?256ef51633c6977d07e787c9b56561e7,,gx-no-cache=1520359214120 HTTP/1.1" 200 6980
186.103.158.250 - - [06/Mar/2018:15:01:07 -0300] "POST /cormun/servlet/trsolicitudot?256ef51633c6977d07e787c9b56561e7,,gx-no-cache=1520359218202 HTTP/1.1" 200 6632
186.103.158.250 - - [06/Mar/2018:15:01:08 -0300] "POST /cormun/servlet/trsolicitudot?256ef51633c6977d07e787c9b56561e7,,gx-no-cache=1520359218915 HTTP/1.1" 200 6576
186.103.158.250 - - [06/Mar/2018:15:01:11 -0300] "POST /cormun/servlet/trsolicitudot?256ef51633c6977d07e787c9b56561e7,,gx-no-cache=1520359221400 HTTP/1.1" 200 6286
186.103.158.250 - - [06/Mar/2018:15:01:12 -0300] "POST /cormun/servlet/trsolicitudot?256ef51633c6977d07e787c9b56561e7,,gx-no-cache=1520359222077 HTTP/1.1" 200 6228
186.103.158.250 - - [06/Mar/2018:15:01:14 -0300] "POST /cormun/servlet/trsolicitudot?256ef51633c6977d07e787c9b56561e7,,gx-no-cache=1520359224752 HTTP/1.1" 200 5883
186.103.158.250 - - [06/Mar/2018:15:01:14 -0300] "POST /cormun/servlet/trsolicitudot?256ef51633c6977d07e787c9b56561e7,,gx-no-cache=1520359225294 HTTP/1.1" 200 5826
186.103.158.250 - - [06/Mar/2018:15:01:19 -0300] "GET /cormun/servlet/trautorizarsolicitud? HTTP/1.1" 200 10161
186.103.158.250 - - [06/Mar/2018:15:01:20 -0300] "GET /cormun/servlet/trautorizarsolicitud? HTTP/1.1" 200 10160
186.103.158.250 - - [06/Mar/2018:15:01:24 -0300] "POST /cormun/servlet/trautorizarsolicitud?256ef51633c6977d07e787c9b56561e7,,gx-no-cache=1520359234954 HTTP/1.1" 200 6940
186.103.158.250 - - [06/Mar/2018:15:01:24 -0300] "GET /cormun/static/Shared/jqueryui/images/ui-bg_highlight-soft_100_c6c2c8_1x100.png HTTP/1.1" 404 1117
186.103.158.250 - - [06/Mar/2018:15:01:25 -0300] "GET /cormun/static/Shared/jqueryui/images/ui-icons_82798d_256x240.png HTTP/1.1" 404 1089
186.103.158.250 - - [06/Mar/2018:15:01:25 -0300] "GET /cormun/static/Shared/jqueryui/images/ui-bg_flat_55_fafafa_40x100.png HTTP/1.1" 404 1097
186.103.158.250 - - [06/Mar/2018:15:01:25 -0300] "GET /cormun/static/Shared/jqueryui/images/ui-icons_8d78a5_256x240.png HTTP/1.1" 404 1089
186.103.158.250 - - [06/Mar/2018:15:01:25 -0300] "POST /cormun/servlet/trautorizarsolicitud?256ef51633c6977d07e787c9b56561e7,,gx-no-cache=1520359235624 HTTP/1.1" 200 6885
186.103.158.250 - - [06/Mar/2018:15:01:26 -0300] "POST /cormun/servlet/trautorizarsolicitud?256ef51633c6977d07e787c9b56561e7,,gx-no-cache=1520359236993 HTTP/1.1" 200 6601
186.103.158.250 - - [06/Mar/2018:15:01:27 -0300] "POST /cormun/servlet/trautorizarsolicitud?256ef51633c6977d07e787c9b56561e7,,gx-no-cache=1520359237538 HTTP/1.1" 200 6546
186.103.157.39 - - [06/Mar/2018:15:01:28 -0300] "GET /cormun/servlet/prbanco?,MD,,gxPopupLevel%3D0%3B HTTP/1.1" 200 6577
186.103.158.250 - - [06/Mar/2018:15:01:29 -0300] "POST /cormun/servlet/trautorizarsolicitud?256ef51633c6977d07e787c9b56561e7,,gx-no-cache=1520359239330 HTTP/1.1" 200 6145
186.103.158.250 - - [06/Mar/2018:15:01:29 -0300] "POST /cormun/servlet/trautorizarsolicitud?256ef51633c6977d07e787c9b56561e7,,gx-no-cache=1520359239839 HTTP/1.1" 200 6088
200.111.191.210 - - [06/Mar/2018:15:01:29 -0300] "GET /cormun/servlet/solicitudot?81d35751f06ce9d95fc932c57caad48fe21012b5d089ed15fcc1d0ce7e77dd8ac4c74bd13ae6c99828d8e70a3c5b88f3e2e6d3c54891ca22787c7675f6a87579,gx-no-cache=1520359241270 HTTP/1.1" 200 30
200.111.191.210 - - [06/Mar/2018:15:01:31 -0300] "GET /cormun/servlet/solicitudot?81d35751f06ce9d95fc932c57caad48fc51b6e850a3dfadb2795b764c58c52c9,gx-no-cache=1520359242856 HTTP/1.1" 200 51
186.103.158.250 - - [06/Mar/2018:15:01:31 -0300] "POST /cormun/servlet/trautorizarsolicitud?256ef51633c6977d07e787c9b56561e7,,gx-no-cache=1520359241474 HTTP/1.1" 200 5774
186.103.158.250 - - [06/Mar/2018:15:01:32 -0300] "POST /cormun/servlet/trautorizarsolicitud?256ef51633c6977d07e787c9b56561e7,,gx-no-cache=1520359242457 HTTP/1.1" 200 5719
186.103.158.250 - - [06/Mar/2018:15:01:33 -0300] "POST /cormun/servlet/trautorizarsolicitud?256ef51633c6977d07e787c9b56561e7,,gx-no-cache=1520359243968 HTTP/1.1" 200 4590
186.103.158.250 - - [06/Mar/2018:15:01:33 -0300] "POST /cormun/servlet/trautorizarsolicitud?256ef51633c6977d07e787c9b56561e7,,gx-no-cache=1520359244307 HTTP/1.1" 200 4387
200.111.191.210 - - [06/Mar/2018:15:01:35 -0300] "POST /cormun/servlet/solicitudot?c14d38b84d1cb6f80ed53709bc7e55dc,INS,0,0,,gx-no-cache=1520359247280 HTTP/1.1" 200 10480
200.111.191.210 - - [06/Mar/2018:15:01:35 -0300] "GET /cormun/static/Shared/jqueryui/images/ui-bg_highlight-soft_100_c6c2c8_1x100.png HTTP/1.1" 404 1117
200.111.191.210 - - [06/Mar/2018:15:01:35 -0300] "GET /cormun/static/Shared/jqueryui/images/ui-icons_82798d_256x240.png HTTP/1.1" 404 1089
200.111.191.210 - - [06/Mar/2018:15:01:35 -0300] "GET /cormun/static/Shared/jqueryui/images/ui-bg_flat_55_fafafa_40x100.png HTTP/1.1" 404 1097
200.111.191.210 - - [06/Mar/2018:15:01:35 -0300] "GET /cormun/static/Shared/jqueryui/images/ui-icons_8d78a5_256x240.png HTTP/1.1" 404 1089
200.111.191.210 - - [06/Mar/2018:15:01:38 -0300] "POST /cormun/servlet/solicitudot?gx-no-cache=1520359249788 HTTP/1.1" 200 3407
200.111.191.210 - - [06/Mar/2018:15:01:39 -0300] "POST /cormun/servlet/solicitudot?c14d38b84d1cb6f80ed53709bc7e55dc,INS,0,0,,gx-no-cache=1520359250330 HTTP/1.1" 200 10509
200.111.191.210 - - [06/Mar/2018:15:01:39 -0300] "GET /cormun/servlet/solicitudot?81d35751f06ce9d95fc932c57caad48fb880db62f8c58ccd171f0e2892448eb0b56957d7b146f9ba40701307d50afe4f,gx-no-cache=1520359250649 HTTP/1.1" 200 30
200.111.191.210 - - [06/Mar/2018:15:01:39 -0300] "GET /cormun/servlet/solicitudot?81d35751f06ce9d95fc932c57caad48fe21012b5d089ed15fcc1d0ce7e77dd8ad82577f9498da138a6c67246f980b6d7e2e6d3c54891ca22787c7675f6a87579,gx-no-cache=1520359250683 HTTP/1.1" 200 30
200.111.191.210 - - [06/Mar/2018:15:01:39 -0300] "GET /cormun/servlet/solicitudot?81d35751f06ce9d95fc932c57caad48ffbe189856bfeb58ab1c2a41b299c20c1abf162c02a2a53e0f75e1294852030cc504ff451357c3aca08b94f0b3f07ba5c,gx-no-cache=1520359250708 HTTP/1.1" 200 51
200.111.191.210 - - [06/Mar/2018:15:01:39 -0300] "POST /cormun/servlet/solicitudot?gx-no-cache=1520359250731 HTTP/1.1" 200 255
200.111.191.210 - - [06/Mar/2018:15:01:39 -0300] "GET /cormun/servlet/solicitudot?81d35751f06ce9d95fc932c57caad48f7779c8c2ea9fe2071e7a53e95a9db478e3790fc85b0c9b4a209c801c7a70a3b14d12090173737e9bbd1c554486fd225fb44026e89081cc77480d9bd67d417edd0dfc25c0ac5e701056d6fc7ea553f91ddd232118bb150f80b9b0134a7048af530fd37020c8819c8389475e1bad902461cb80a9621d7ae5a17f498987c44fbdf3c72bca845961980fb355d32e26701148a51d82ba2403c60e2c7af27fce1876a238ea6f7245d858c2785983c6f437d20061f0ac2b6c14c3e47d079bcf37b7cb9bf3d922f6bd5e5decb3aa4590793edf9d0c11e36bcb06e0869b4de579e22ad7e2125d6cb47cc75c0e43aa4994d8ccc8db2e6f74907d569e2595391bea99c9b0d79829578fa2f165b0d447420a82e62d65dedd3ae43d7c8d355f590fb82716fac58b74ff966670463876ad43b996ceb339837c885c71c3fc7e599dd2a8dff80e3666592771407eb6d913256654b4aee388f5c77a1bfb3e980d83f5aa415d41e3e9655469fcd830100d0e9bd0d5b0169f3e,gx-no-cache=1520359250759 HTTP/1.1" 200 30
200.111.191.210 - - [06/Mar/2018:15:01:41 -0300] "POST /cormun/servlet/solicitudot?gx-no-cache=1520359253028 HTTP/1.1" 200 30
200.111.191.210 - - [06/Mar/2018:15:01:43 -0300] "POST /cormun/servlet/solicitudot?gx-no-cache=1520359255136 HTTP/1.1" 200 1336
200.111.191.210 - - [06/Mar/2018:15:01:43 -0300] "POST /cormun/servlet/solicitudot?gx-no-cache=1520359255197 HTTP/1.1" 200 38
186.103.158.250 - - [06/Mar/2018:15:01:44 -0300] "GET /cormun/servlet/trsolicitudot? HTTP/1.1" 200 8780
186.103.158.250 - - [06/Mar/2018:15:01:45 -0300] "GET /cormun/servlet/trsolicitudot? HTTP/1.1" 200 8780
186.103.158.250 - - [06/Mar/2018:15:01:49 -0300] "GET /cormun/servlet/solicitudot?INS,0,0, HTTP/1.1" 200 13648
200.111.191.210 - - [06/Mar/2018:15:01:49 -0300] "GET /cormun/servlet/solicitudot?81d35751f06ce9d95fc932c57caad48f2140c07ded5cfb4a3a709a3cd84f50bbc732bdfc8ce9b55aabd046b4f6f1fefa768e2a249924f7ef28600d2bc2e210869ae58b370bb025ad448f10ec916079627dc1e207297689e37ffbf5675d6691c7a1eb2db6d7298758646e0c6204b4d76fc2c7c2b271a7fd756bd954d10d8583a112f28add068454b03bd5971e4771f4bf1b5c81c1e14f9fc90f51c696b6a7f307,gx-no-cache=1520359261176 HTTP/1.1" 200 29
200.111.191.210 - - [06/Mar/2018:15:01:49 -0300] "POST /cormun/servlet/solicitudot?gx-no-cache=1520359261234 HTTP/1.1" 200 1319
200.111.191.210 - - [06/Mar/2018:15:01:49 -0300] "POST /cormun/servlet/solicitudot?gx-no-cache=1520359261316 HTTP/1.1" 200 1218
186.103.158.250 - - [06/Mar/2018:15:01:51 -0300] "GET /cormun/servlet/solicitudot?INS,0,0, HTTP/1.1" 200 13653
200.111.191.210 - - [06/Mar/2018:15:01:57 -0300] "GET /cormun/servlet/solicitudot?81d35751f06ce9d95fc932c57caad48f2ae6e81d1421c31d51cc1acf40de6de9bffa0006b1320e3c087da5d0223e6635,gx-no-cache=1520359269258 HTTP/1.1" 200 30
200.111.191.210 - - [06/Mar/2018:15:02:03 -0300] "POST /cormun/servlet/solicitudot?gx-no-cache=1520359275413 HTTP/1.1" 200 30
186.103.157.39 - - [06/Mar/2018:15:02:09 -0300] "GET /cormun/servlet/solicitudot?ba4470af356cfabc9657c957eccace6d2fc01fdf48cd3572b432804ef49d78ff,gx-no-cache=1520359280909 HTTP/1.1" 200 94
186.103.157.39 - - [06/Mar/2018:15:02:09 -0300] "GET /cormun/static/Shared/jqueryui/images/ui-bg_highlight-soft_100_c6c2c8_1x100.png HTTP/1.1" 404 1117
186.103.157.39 - - [06/Mar/2018:15:02:09 -0300] "GET /cormun/static/Shared/jqueryui/images/ui-icons_82798d_256x240.png HTTP/1.1" 404 1089
186.103.157.39 - - [06/Mar/2018:15:02:09 -0300] "GET /cormun/static/Shared/jqueryui/images/ui-bg_flat_55_994d53_40x100.png HTTP/1.1" 404 1097
186.103.157.39 - - [06/Mar/2018:15:02:09 -0300] "GET /cormun/static/Shared/jqueryui/images/ui-icons_ebccce_256x240.png HTTP/1.1" 404 1089
200.111.191.210 - - [06/Mar/2018:15:02:13 -0300] "POST /cormun/servlet/solicitudot?c14d38b84d1cb6f80ed53709bc7e55dc,INS,0,0,,gx-no-cache=1520359284122 HTTP/1.1" 200 93
200.111.191.210 - - [06/Mar/2018:15:02:13 -0300] "GET /cormun/servlet/hpexe_return? HTTP/1.1" 200 1004
200.111.191.210 - - [06/Mar/2018:15:02:13 -0300] "GET /cormun/servlet/trsolicitudot HTTP/1.1" 200 8564
200.111.191.210 - - [06/Mar/2018:15:02:13 -0300] "GET /cormun/servlet/trsolicitudot HTTP/1.1" 200 8560
186.103.157.39 - - [06/Mar/2018:15:02:17 -0300] "GET /cormun/servlet/solicitudot?ba4470af356cfabc9657c957eccace6d0fbb0f64c4eca36c50486c9b48ca585d,gx-no-cache=1520359289121 HTTP/1.1" 200 70
200.111.191.210 - - [06/Mar/2018:15:02:21 -0300] "GET /cormun/servlet/solicitudot?INS,0,0, HTTP/1.1" 200 13406
200.111.191.210 - - [06/Mar/2018:15:02:22 -0300] "GET /cormun/servlet/solicitudot?INS,0,0, HTTP/1.1" 200 13411
200.86.99.60 - - [06/Mar/2018:15:02:27 -0300] "GET /cormun/servlet/prbanco?,MD,,gxPopupLevel%3D0%3B HTTP/1.1" 200 6582
200.86.99.60 - - [06/Mar/2018:15:02:27 -0300] "GET /cormun/static/prbanco.js?2018116101633 HTTP/1.1" 200 10693
200.86.99.60 - - [06/Mar/2018:15:02:27 -0300] "GET /cormun/static/menusearch.js?201610171694467 HTTP/1.1" 200 1424
200.86.99.60 - - [06/Mar/2018:15:02:28 -0300] "GET /cormun/static/Resources/PXToolsMenuSearch.png HTTP/1.1" 200 2914
200.86.99.60 - - [06/Mar/2018:15:02:28 -0300] "GET /cormun/static/hmpwkw011.js?20177612121862 HTTP/1.1" 200 1968
200.86.99.60 - - [06/Mar/2018:15:02:28 -0300] "GET /cormun/static/Resources/PXToolsMenuSearchCancel.png HTTP/1.1" 200 2972
200.86.99.60 - - [06/Mar/2018:15:02:28 -0300] "GET /cormun/static/gxcfg.js?20181161016094 HTTP/1.1" 200 953
200.86.99.60 - - [06/Mar/2018:15:02:28 -0300] "GET /cormun/static/Resources/resize.gif HTTP/1.1" 200 77
200.86.99.60 - - [06/Mar/2018:15:02:30 -0300] "POST /cormun/servlet/acontrolpreferencessavestate?None,MSALAS,true HTTP/1.1" 200 35
200.111.191.210 - - [06/Mar/2018:15:02:30 -0300] "GET /cormun/servlet/prfichaempleado?,MD,,gxPopupLevel%3D0%3B HTTP/1.1" 200 9313
186.103.157.39 - - [06/Mar/2018:15:02:32 -0300] "POST /cormun/servlet/solicitudot?8823ee0f9837c1bb8a2f2830087adb9c,INS,0,0,,gx-no-cache=1520359304197 HTTP/1.1" 200 10489
186.103.157.39 - - [06/Mar/2018:15:02:32 -0300] "GET /cormun/static/Shared/jqueryui/images/ui-bg_flat_55_fafafa_40x100.png HTTP/1.1" 404 1097
186.103.157.39 - - [06/Mar/2018:15:02:32 -0300] "GET /cormun/static/Shared/jqueryui/images/ui-icons_8d78a5_256x240.png HTTP/1.1" 404 1089
200.111.191.210 - - [06/Mar/2018:15:02:38 -0300] "POST /cormun/servlet/prfichaempleado?c14d38b84d1cb6f80ed53709bc7e55dc,,MD,,gxPopupLevel%3D0%3B,gx-no-cache=1520359309552 HTTP/1.1" 200 3414
200.111.191.210 - - [06/Mar/2018:15:02:42 -0300] "POST /cormun/servlet/solicitudot?gx-no-cache=1520359313640 HTTP/1.1" 200 3377
200.111.191.210 - - [06/Mar/2018:15:02:42 -0300] "POST /cormun/servlet/solicitudot?c14d38b84d1cb6f80ed53709bc7e55dc,INS,0,0,,gx-no-cache=1520359313803 HTTP/1.1" 200 10351
200.86.99.60 - - [06/Mar/2018:15:02:42 -0300] "GET /cormun/servlet/solicitudot?58acb5231d04c3345766434ca58ae9359217ae768bfa68a5d8aa2b5402d7d102,gx-no-cache=1520359313969 HTTP/1.1" 200 53
200.111.191.210 - - [06/Mar/2018:15:02:44 -0300] "GET /cormun/servlet/solicitudot?81d35751f06ce9d95fc932c57caad48f01b8f192f3eaf66b855ef68e4a6f9af1f69e5e40d73cf7e65f85dc811bb8e421,gx-no-cache=1520359316354 HTTP/1.1" 200 30
200.111.191.210 - - [06/Mar/2018:15:02:44 -0300] "GET /cormun/servlet/solicitudot?81d35751f06ce9d95fc932c57caad48f10fab79b32de7e36e26b6eb405c04b9217307edbf3183f64bf227969409cceb2,gx-no-cache=1520359316392 HTTP/1.1" 200 103
200.111.191.210 - - [06/Mar/2018:15:02:44 -0300] "GET /cormun/static/Shared/jqueryui/images/ui-bg_highlight-soft_100_c6c2c8_1x100.png HTTP/1.1" 404 1117
200.111.191.210 - - [06/Mar/2018:15:02:44 -0300] "GET /cormun/static/Shared/jqueryui/images/ui-icons_82798d_256x240.png HTTP/1.1" 404 1089
200.111.191.210 - - [06/Mar/2018:15:02:44 -0300] "GET /cormun/static/Shared/jqueryui/images/ui-bg_flat_55_994d53_40x100.png HTTP/1.1" 404 1097
200.111.191.210 - - [06/Mar/2018:15:02:44 -0300] "GET /cormun/static/Shared/jqueryui/images/ui-icons_ebccce_256x240.png HTTP/1.1" 404 1089
200.111.191.210 - - [06/Mar/2018:15:02:44 -0300] "GET /cormun/servlet/solicitudot?81d35751f06ce9d95fc932c57caad48fc51b6e850a3dfadb2795b764c58c52c9,gx-no-cache=1520359316442 HTTP/1.1" 200 51
200.111.191.210 - - [06/Mar/2018:15:02:45 -0300] "POST /cormun/servlet/solicitudot?gx-no-cache=1520359316500 HTTP/1.1" 200 255
200.111.191.210 - - [06/Mar/2018:15:02:45 -0300] "GET /cormun/servlet/solicitudot?81d35751f06ce9d95fc932c57caad48f7779c8c2ea9fe2071e7a53e95a9db478e3790fc85b0c9b4a209c801c7a70a3b14d12090173737e9bbd1c554486fd225fb44026e89081cc77480d9bd67d417edd0dfc25c0ac5e701056d6fc7ea553f91ddd232118bb150f80b9b0134a7048af530fd37020c8819c8389475e1bad902461cb80a9621d7ae5a17f498987c44fbdf3c72bca845961980fb355d32e26701148a51d82ba2403c60e2c7af27fce1876a238ea6f7245d858c2785983c6f437d20061f0ac2b6c14c3e47d079bcf37b7cb9bf3d922f6bd5e5decb3aa4590793edf9d0c11e36bcb06e0869b4de579e22ad7e2125d6cb47cc75c0e43aa4994d8ccc8db2e6f74907d569e2595391bea99c9b0d79829578fa2f165b0d447420a82e62d65dedd3ae43d7c8d355f590fb82716fac58b74ff966670463876ad43b996ceb339837c885c71c3fc7e599dd2a8dff80e3666592771407eb6d913256654b4aee388f5c77a1bfb3e980d83f5aa415d41e3e9655469fcd830100d0e9bd0d5b0169f3e,gx-no-cache=1520359316559 HTTP/1.1" 200 30
192.168.10.50 - - [06/Mar/2018:15:02:46 -0300] "POST /cormun/servlet/trsolicitudgral?b660f47718f9e982bb3d01abbc2eba5e,,gx-no-cache=1520359205386 HTTP/1.1" 200 11639
200.111.191.210 - - [06/Mar/2018:15:02:51 -0300] "POST /cormun/servlet/solicitudot?gx-no-cache=1520359322801 HTTP/1.1" 200 30
190.151.100.218 - - [06/Mar/2018:15:03:01 -0300] "GET /cormun/servlet/hlogin HTTP/1.1" 200 1725
200.111.191.210 - - [06/Mar/2018:15:03:03 -0300] "GET /cormun/servlet/solicitudot?81d35751f06ce9d95fc932c57caad48f2651ba2fa2feeac643322822ae5f80f2a5f5f7c563bb0d6922d53abb4d54003e1b4e7730d1ad53696623bf8617d8aacc,gx-no-cache=1520359334866 HTTP/1.1" 200 30
200.111.191.210 - - [06/Mar/2018:15:03:04 -0300] "POST /cormun/servlet/solicitudot?gx-no-cache=1520359334940 HTTP/1.1" 200 254
200.111.191.210 - - [06/Mar/2018:15:03:04 -0300] "GET /cormun/servlet/solicitudot?81d35751f06ce9d95fc932c57caad48f7779c8c2ea9fe2071e7a53e95a9db478e3790fc85b0c9b4a209c801c7a70a3b14d12090173737e9bbd1c554486fd225fb44026e89081cc77480d9bd67d417edd0dfc25c0ac5e701056d6fc7ea553f91ddd232118bb150f80b9b0134a7048af530fd37020c8819c8389475e1bad902461cb80a9621d7ae5a17f498987c44fbdf3c72bca845961980fb355d32e26701148a51d82ba2403c60e2c7af27fce1876a238ea6f7245d858c2785983c6f437d20061f0ac2b6c14c3e47d079bcf37b7cb9bf3d922f6bd5e5decb3aa4590793edf9d0c11e36bcb06e0869b4de579e22ad7e2125d6cb47cc75c0e43aa4994d8ccc8db2e6f74907d569e2595391bea99c9b0d79829578fa2f165b0d447420a82e62d65dedd3ae43d7c8d355f590fb82716fac58b74ff966670463876ad43b996ceb339837c885c71c3fc7e599dd2a8dff80e3666592771407eb6d913256654b4aee388f5c77a1bfb3e980d83f5aa415d41e3e98195216f3d80deeb83e4ac8f0c2cb090,gx-no-cache=1520359335560 HTTP/1.1" 200 30
200.111.191.210 - - [06/Mar/2018:15:03:06 -0300] "POST /cormun/servlet/solicitudot?gx-no-cache=1520359336372 HTTP/1.1" 200 30
200.111.191.210 - - [06/Mar/2018:15:03:06 -0300] "POST /cormun/servlet/solicitudot?gx-no-cache=1520359337577 HTTP/1.1" 200 1337
200.111.191.210 - - [06/Mar/2018:15:03:06 -0300] "POST /cormun/servlet/solicitudot?gx-no-cache=1520359337666 HTTP/1.1" 200 38
200.111.191.210 - - [06/Mar/2018:15:03:12 -0300] "GET /cormun/servlet/solicitudot?81d35751f06ce9d95fc932c57caad48f2140c07ded5cfb4a3a709a3cd84f50bbc732bdfc8ce9b55aabd046b4f6f1fefa768e2a249924f7ef28600d2bc2e210869ae58b370bb025ad448f10ec916079627dc1e207297689e37ffbf5675d6691c7a1eb2db6d7298758646e0c6204b4d76fc2c7c2b271a7fd756bd954d10d8583a112f28add068454b03bd5971e4771f4bf1b5c81c1e14f9fc90f51c696b6a7f307,gx-no-cache=1520359343751 HTTP/1.1" 200 29
200.111.191.210 - - [06/Mar/2018:15:03:12 -0300] "POST /cormun/servlet/solicitudot?gx-no-cache=1520359343818 HTTP/1.1" 200 1319
200.111.191.210 - - [06/Mar/2018:15:03:12 -0300] "POST /cormun/servlet/solicitudot?gx-no-cache=1520359344406 HTTP/1.1" 200 1218
190.151.100.218 - - [06/Mar/2018:15:03:14 -0300] "POST /cormun/servlet/hlogin?8e1b7b1642a3da04ba2f8776585ab584,gx-no-cache=1520359345647 HTTP/1.1" 200 433
200.111.191.210 - - [06/Mar/2018:15:03:15 -0300] "GET /cormun/servlet/solicitudot?81d35751f06ce9d95fc932c57caad48f2ae6e81d1421c31d51cc1acf40de6de9bffa0006b1320e3c087da5d0223e6635,gx-no-cache=1520359346738 HTTP/1.1" 200 30
192.168.10.56 - - [06/Mar/2018:15:03:15 -0300] "GET /cormun/servlet/hlogin HTTP/1.1" 200 1764
200.111.191.210 - - [06/Mar/2018:15:03:17 -0300] "POST /cormun/servlet/solicitudot?gx-no-cache=1520359348973 HTTP/1.1" 200 30
200.111.191.210 - - [06/Mar/2018:15:03:24 -0300] "POST /cormun/servlet/solicitudot?c14d38b84d1cb6f80ed53709bc7e55dc,INS,0,0,,gx-no-cache=1520359355395 HTTP/1.1" 200 11738
190.151.100.218 - - [06/Mar/2018:15:03:27 -0300] "POST /cormun/servlet/hlogin?8e1b7b1642a3da04ba2f8776585ab584,gx-no-cache=1520359358708 HTTP/1.1" 200 90
190.151.100.218 - - [06/Mar/2018:15:03:27 -0300] "GET /cormun/servlet/hpexe_link HTTP/1.1" 200 953
190.151.100.218 - - [06/Mar/2018:15:03:27 -0300] "GET /cormun/static/gxcfg.js?20177612121792 HTTP/1.1" 304 -
190.151.100.218 - - [06/Mar/2018:15:03:27 -0300] "GET /cormun/servlet/hhome HTTP/1.1" 200 4218
190.151.100.218 - - [06/Mar/2018:15:03:28 -0300] "GET /cormun/static/gxcfg.js?20175251212442 HTTP/1.1" 304 -
190.151.100.218 - - [06/Mar/2018:15:03:28 -0300] "GET /cormun/servlet/hhome HTTP/1.1" 200 4214
200.111.191.210 - - [06/Mar/2018:15:03:40 -0300] "GET /cormun/servlet/prfichaempleado?,MD,,gxPopupLevel%3D0%3B HTTP/1.1" 200 9313
200.111.191.210 - - [06/Mar/2018:15:03:44 -0300] "POST /cormun/servlet/prfichaempleado?c14d38b84d1cb6f80ed53709bc7e55dc,,MD,,gxPopupLevel%3D0%3B,gx-no-cache=1520359376297 HTTP/1.1" 200 3692
200.111.191.210 - - [06/Mar/2018:15:03:48 -0300] "POST /cormun/servlet/solicitudot?gx-no-cache=1520359380274 HTTP/1.1" 200 3403
200.111.191.210 - - [06/Mar/2018:15:03:49 -0300] "POST /cormun/servlet/solicitudot?c14d38b84d1cb6f80ed53709bc7e55dc,INS,0,0,,gx-no-cache=1520359380454 HTTP/1.1" 200 11618
200.111.191.210 - - [06/Mar/2018:15:03:51 -0300] "GET /cormun/servlet/solicitudot?81d35751f06ce9d95fc932c57caad48f4f2c41524088d7d045c0c985486d0f8eb56957d7b146f9ba40701307d50afe4f,gx-no-cache=1520359383025 HTTP/1.1" 200 30
200.111.191.210 - - [06/Mar/2018:15:03:51 -0300] "GET /cormun/servlet/solicitudot?81d35751f06ce9d95fc932c57caad48f9eefd71a73765907ab2ead49a463c4d44697d83f494b3c60f3f7681243319726f69e5e40d73cf7e65f85dc811bb8e421,gx-no-cache=1520359383091 HTTP/1.1" 200 30
200.111.191.210 - - [06/Mar/2018:15:03:51 -0300] "GET /cormun/servlet/solicitudot?81d35751f06ce9d95fc932c57caad48ffbe189856bfeb58ab1c2a41b299c20c1abf162c02a2a53e0f75e1294852030cc6a96a7888129def893329a3d5199ca496a1476a9d999aaa8b649c477543b13be4a167a4301baa0e0600a515e93a0e7cbd4fab346ab864b434cea7f81644744ed,gx-no-cache=1520359383153 HTTP/1.1" 200 51
200.111.191.210 - - [06/Mar/2018:15:03:51 -0300] "POST /cormun/servlet/solicitudot?gx-no-cache=1520359383234 HTTP/1.1" 200 254
200.111.191.210 - - [06/Mar/2018:15:03:51 -0300] "GET /cormun/servlet/solicitudot?81d35751f06ce9d95fc932c57caad48f7779c8c2ea9fe2071e7a53e95a9db478e3790fc85b0c9b4a209c801c7a70a3b14d12090173737e9bbd1c554486fd225fb44026e89081cc77480d9bd67d417edd0dfc25c0ac5e701056d6fc7ea553f91ddd232118bb150f80b9b0134a7048af530fd37020c8819c8389475e1bad902461cb80a9621d7ae5a17f498987c44fbdf3c72bca845961980fb355d32e26701148a51d82ba2403c60e2c7af27fce1876a238ea6f7245d858c2785983c6f437d20061f0ac2b6c14c3e47d079bcf37b7cb9bf3d922f6bd5e5decb3aa4590793edf9d0c11e36bcb06e0869b4de579e22ad7e2125d6cb47cc75c0e43aa4994d8ccc8db2e6f74907d569e2595391bea99c9b0d79829578fa2f165b0d447420a82e62d65dedd3ae43d7c8d355f590fb82716fac58b74ff966670463876ad43b996ceb339837c885c71c3fc7e599dd2a8dff80e3666592771407eb6d913256654b4aee388f5c77a1bfb3e980d83f5aa415d41e3e98195216f3d80deeb83e4ac8f0c2cb090,gx-no-cache=1520359383305 HTTP/1.1" 200 30
200.111.191.210 - - [06/Mar/2018:15:03:56 -0300] "POST /cormun/servlet/solicitudot?gx-no-cache=1520359387610 HTTP/1.1" 200 30
200.111.191.210 - - [06/Mar/2018:15:03:56 -0300] "POST /cormun/servlet/solicitudot?gx-no-cache=1520359387662 HTTP/1.1" 200 1337
200.111.191.210 - - [06/Mar/2018:15:03:56 -0300] "POST /cormun/servlet/solicitudot?gx-no-cache=1520359387721 HTTP/1.1" 200 41
200.111.191.210 - - [06/Mar/2018:15:03:56 -0300] "POST /cormun/servlet/solicitudot?gx-no-cache=1520359387768 HTTP/1.1" 200 1319
200.111.191.210 - - [06/Mar/2018:15:03:56 -0300] "POST /cormun/servlet/solicitudot?gx-no-cache=1520359387841 HTTP/1.1" 200 1219
186.67.203.186 - - [06/Mar/2018:15:03:59 -0300] "GET /cormun/servlet/trvisualizadoreventos? HTTP/1.1" 200 6973
186.67.203.186 - - [06/Mar/2018:15:03:59 -0300] "GET /cormun/static/gxcfg.js?20175251251426 HTTP/1.1" 304 -
200.111.122.170 - - [06/Mar/2018:15:04:00 -0300] "GET /cormun/static/calendar.js?85251 HTTP/1.1" 304 -
200.72.197.82 - - [06/Mar/2018:15:04:00 -0300] "GET /cormun/static/calendar-setup.js?85251 HTTP/1.1" 304 -
186.103.132.155 - - [06/Mar/2018:15:04:00 -0300] "GET /cormun/static/calendar-es.js?85251 HTTP/1.1" 304 -
200.72.197.82 - - [06/Mar/2018:15:04:00 -0300] "GET /cormun/static/gxdec.js?85251 HTTP/1.1" 304 -
200.72.197.82 - - [06/Mar/2018:15:04:00 -0300] "GET /cormun/servlet/trvisualizadoreventos? HTTP/1.1" 200 6978
200.111.191.210 - - [06/Mar/2018:15:04:06 -0300] "GET /cormun/servlet/solicitudot?81d35751f06ce9d95fc932c57caad48f2ae6e81d1421c31d51cc1acf40de6de9bffa0006b1320e3c087da5d0223e6635,gx-no-cache=1520359397901 HTTP/1.1" 200 30
200.72.197.82 - - [06/Mar/2018:15:04:06 -0300] "GET /cormun/servlet/trautorizarsolicitud? HTTP/1.1" 200 7327
200.111.191.210 - - [06/Mar/2018:15:04:06 -0300] "POST /cormun/servlet/solicitudot?gx-no-cache=1520359397959 HTTP/1.1" 200 30
200.72.197.82 - - [06/Mar/2018:15:04:06 -0300] "GET /cormun/static/gxcfg.js?2017111423403364 HTTP/1.1" 304 -
200.111.191.210 - - [06/Mar/2018:15:04:06 -0300] "POST /cormun/servlet/solicitudot?c14d38b84d1cb6f80ed53709bc7e55dc,INS,0,0,,gx-no-cache=1520359398018 HTTP/1.1" 200 93
200.72.197.82 - - [06/Mar/2018:15:04:07 -0300] "GET /cormun/servlet/trautorizarsolicitud? HTTP/1.1" 200 7327
200.111.191.210 - - [06/Mar/2018:15:04:07 -0300] "GET /cormun/servlet/hpexe_return? HTTP/1.1" 200 1004
200.111.191.210 - - [06/Mar/2018:15:04:07 -0300] "GET /cormun/servlet/trsolicitudot HTTP/1.1" 200 8960
200.111.191.210 - - [06/Mar/2018:15:04:07 -0300] "GET /cormun/servlet/trsolicitudot HTTP/1.1" 200 8956
200.86.99.60 - - [06/Mar/2018:15:04:08 -0300] "POST /cormun/servlet/solicitudot?gx-no-cache=1520359399464 HTTP/1.1" 200 30
200.86.99.60 - - [06/Mar/2018:15:04:08 -0300] "POST /cormun/servlet/solicitudot?gx-no-cache=1520359399589 HTTP/1.1" 200 757
200.86.99.60 - - [06/Mar/2018:15:04:08 -0300] "POST /cormun/servlet/solicitudot?gx-no-cache=1520359399775 HTTP/1.1" 200 41
200.72.197.82 - - [06/Mar/2018:15:04:14 -0300] "GET /cormun/static/menuarrow.gif HTTP/1.1" 404 1015
186.103.158.250 - - [06/Mar/2018:15:04:15 -0300] "POST /cormun/servlet/solicitudot?gx-no-cache=1520359405361 HTTP/1.1" 200 3293
186.103.158.250 - - [06/Mar/2018:15:04:15 -0300] "POST /cormun/servlet/solicitudot?256ef51633c6977d07e787c9b56561e7,INS,0,0,,gx-no-cache=1520359405786 HTTP/1.1" 200 10448
186.103.158.250 - - [06/Mar/2018:15:04:16 -0300] "GET /cormun/servlet/solicitudot?c05c57fc898dc32e89ec4ea6100f6a2229bec605f0ce423013d11a1a98d1361531e1fda4f10516178c3c7ea1733fd375,gx-no-cache=1520359406492 HTTP/1.1" 200 111
186.103.158.250 - - [06/Mar/2018:15:04:16 -0300] "GET /cormun/static/Shared/jqueryui/images/ui-icons_ebccce_256x240.png HTTP/1.1" 404 1089
186.103.158.250 - - [06/Mar/2018:15:04:16 -0300] "GET /cormun/static/Shared/jqueryui/images/ui-bg_flat_55_994d53_40x100.png HTTP/1.1" 404 1097
186.103.158.250 - - [06/Mar/2018:15:04:16 -0300] "GET /cormun/static/Shared/jqueryui/images/ui-bg_highlight-soft_100_c6c2c8_1x100.png HTTP/1.1" 404 1117
186.103.158.250 - - [06/Mar/2018:15:04:16 -0300] "GET /cormun/static/Shared/jqueryui/images/ui-icons_82798d_256x240.png HTTP/1.1" 404 1089
200.86.99.60 - - [06/Mar/2018:15:04:17 -0300] "GET /cormun/servlet/solicitudot?58acb5231d04c3345766434ca58ae935d7290b55931484de4b8321883b6f34f3ea0df49d335feda9161129c10800fd0aefef83d6d03f1a40974a1d64bc3ad4267f3e8c1c0557cfc41b60e90773e41b960e8ad5b04530b509fff859be0527048361591fa63ce33ba9deb2863f9ac011c5,gx-no-cache=1520359408502 HTTP/1.1" 200 29
186.103.158.250 - - [06/Mar/2018:15:04:17 -0300] "GET /cormun/servlet/solicitudot?c05c57fc898dc32e89ec4ea6100f6a2291c9a6eb4cd47b9443353d55a8181bba,gx-no-cache=1520359407680 HTTP/1.1" 200 94
200.86.99.60 - - [06/Mar/2018:15:04:17 -0300] "POST /cormun/servlet/solicitudot?gx-no-cache=1520359408600 HTTP/1.1" 200 738
186.103.158.250 - - [06/Mar/2018:15:04:17 -0300] "GET /cormun/servlet/solicitudot?c05c57fc898dc32e89ec4ea6100f6a22fb4ea083c5d5bd5c8996f7b9f0377961,gx-no-cache=1520359407791 HTTP/1.1" 200 29
200.86.99.60 - - [06/Mar/2018:15:04:17 -0300] "POST /cormun/servlet/solicitudot?gx-no-cache=1520359408704 HTTP/1.1" 200 626
186.103.158.250 - - [06/Mar/2018:15:04:17 -0300] "POST /cormun/servlet/solicitudot?gx-no-cache=1520359407907 HTTP/1.1" 200 297
186.103.158.250 - - [06/Mar/2018:15:04:17 -0300] "GET /cormun/servlet/solicitudot?c05c57fc898dc32e89ec4ea6100f6a2206d0bad22ad99afb24fa40367a3e4110499c41321d2d63440f3e0661038a93d7688302fcf092bf9c8cd63f2497b4e55cd4c5e475c42c693d08088d5f19bf5bb7a419b88a49561616ed943f5bb2654c96568bec33b6a3149a9796f419b4b726c882a3d3170c8436a3e41ef67e80f7dd91d7a47ea3007ec8d5a9024429fa5ae7933eeca844661097344b8f319a625f42e871a12c15029bcb6dc8cb012d0e69c964a93705f66a87a1e7ea13519492b6741a3358ed71584d5978130192c6775bd3faa4a42fa8cc39b98b1cc985fb716dadc64a039b82204a2f3e6d598e8cc8a03f1b740a3a9eab8245df1437e2264529138ec464e53ceaa73a394ed62a5e3e5799738cc077ae3bdb2f80f9dfe3068d54bf4cf47d45fd2ecafdb329e35f185da9d23c59abbf2aebed0def8b9db1d88a2e15c1dc9cc2e95da64260a84e7e6dbee8cfcae9a2b7d84532c1e074b1ebbde30d033ee9c9a111d1e5d372175551e15c8daba3677907069efa28e4ed59ae36dc16cd2769faa997bbcc69b6a2faf1f9ed568c67,gx-no-cache=1520359408026 HTTP/1.1" 200 30
200.111.191.210 - - [06/Mar/2018:15:04:19 -0300] "GET /cormun/servlet/solicitudot?INS,0,0, HTTP/1.1" 200 13407
200.111.191.210 - - [06/Mar/2018:15:04:19 -0300] "GET /cormun/servlet/solicitudot?INS,0,0, HTTP/1.1" 200 13411
200.111.191.210 - - [06/Mar/2018:15:04:22 -0300] "GET /cormun/servlet/prfichaempleado?,MD,,gxPopupLevel%3D0%3B HTTP/1.1" 200 9313
192.168.10.50 - - [06/Mar/2018:15:04:23 -0300] "POST /cormun/servlet/trsolicitudgral?b660f47718f9e982bb3d01abbc2eba5e,,gx-no-cache=1520359302480 HTTP/1.1" 200 7284
200.111.191.210 - - [06/Mar/2018:15:04:29 -0300] "POST /cormun/servlet/prfichaempleado?c14d38b84d1cb6f80ed53709bc7e55dc,,MD,,gxPopupLevel%3D0%3B,gx-no-cache=1520359420965 HTTP/1.1" 200 3528
192.168.10.50 - - [06/Mar/2018:15:04:32 -0300] "POST /cormun/servlet/trsolicitudgral?b660f47718f9e982bb3d01abbc2eba5e,,gx-no-cache=1520359311431 HTTP/1.1" 200 8371
200.111.191.210 - - [06/Mar/2018:15:04:33 -0300] "POST /cormun/servlet/solicitudot?gx-no-cache=1520359424511 HTTP/1.1" 200 3400
200.111.191.210 - - [06/Mar/2018:15:04:33 -0300] "POST /cormun/servlet/solicitudot?c14d38b84d1cb6f80ed53709bc7e55dc,INS,0,0,,gx-no-cache=1520359424637 HTTP/1.1" 200 10375
200.111.191.210 - - [06/Mar/2018:15:04:33 -0300] "GET /cormun/servlet/solicitudot?81d35751f06ce9d95fc932c57caad48f96daf240c567e31ba36016e8f4f4c825e48a0ca914c1d7c05c4639e6ac1ef63d,gx-no-cache=1520359424799 HTTP/1.1" 200 30
200.111.191.210 - - [06/Mar/2018:15:04:35 -0300] "GET /cormun/servlet/solicitudot?81d35751f06ce9d95fc932c57caad48f077237df640ec59e342e1225a7e470596ce3742ff7f05422b8932205bc37d612e2e6d3c54891ca22787c7675f6a87579,gx-no-cache=1520359426544 HTTP/1.1" 200 30
200.111.191.210 - - [06/Mar/2018:15:04:35 -0300] "GET /cormun/servlet/solicitudot?81d35751f06ce9d95fc932c57caad48f1f9decfa3f230d5f22c388913e1274b7,gx-no-cache=1520359426621 HTTP/1.1" 200 70
200.111.191.210 - - [06/Mar/2018:15:04:35 -0300] "POST /cormun/servlet/solicitudot?gx-no-cache=1520359426693 HTTP/1.1" 200 255
200.111.191.210 - - [06/Mar/2018:15:04:35 -0300] "GET /cormun/servlet/solicitudot?81d35751f06ce9d95fc932c57caad48f7779c8c2ea9fe2071e7a53e95a9db478e3790fc85b0c9b4a209c801c7a70a3b14d12090173737e9bbd1c554486fd225fb44026e89081cc77480d9bd67d417edd0dfc25c0ac5e701056d6fc7ea553f91ddd232118bb150f80b9b0134a7048af530fd37020c8819c8389475e1bad902461cb80a9621d7ae5a17f498987c44fbdf3c72bca845961980fb355d32e26701148a51d82ba2403c60e2c7af27fce1876a238ea6f7245d858c2785983c6f437d20061f0ac2b6c14c3e47d079bcf37b7cb9bf3d922f6bd5e5decb3aa4590793edf9d0c11e36bcb06e0869b4de579e22ad7e2125d6cb47cc75c0e43aa4994d8ccc8db2e6f74907d569e2595391bea99c9b0d79829578fa2f165b0d447420a82e62d65dedd3ae43d7c8d355f590fb82716fac58b74ff966670463876ad43b996ceb339837c885c71c3fc7e599dd2a8dff80e3666592771407eb6d913256654b4aee388f5c77a1bfb3e980d83f5aa415d41e3e9655469fcd830100d0e9bd0d5b0169f3e,gx-no-cache=1520359426781 HTTP/1.1" 200 30
200.111.191.210 - - [06/Mar/2018:15:04:36 -0300] "POST /cormun/servlet/solicitudot?gx-no-cache=1520359428253 HTTP/1.1" 200 30
200.111.191.210 - - [06/Mar/2018:15:04:38 -0300] "POST /cormun/servlet/solicitudot?gx-no-cache=1520359429868 HTTP/1.1" 200 1337
200.111.191.210 - - [06/Mar/2018:15:04:38 -0300] "POST /cormun/servlet/solicitudot?gx-no-cache=1520359429915 HTTP/1.1" 200 38
200.111.191.210 - - [06/Mar/2018:15:04:42 -0300] "GET /cormun/servlet/solicitudot?81d35751f06ce9d95fc932c57caad48f2140c07ded5cfb4a3a709a3cd84f50bbc732bdfc8ce9b55aabd046b4f6f1fefa768e2a249924f7ef28600d2bc2e210869ae58b370bb025ad448f10ec916079627dc1e207297689e37ffbf5675d6691c7a1eb2db6d7298758646e0c6204b4d76fc2c7c2b271a7fd756bd954d10d8583a112f28add068454b03bd5971e4771f4bf1b5c81c1e14f9fc90f51c696b6a7f307,gx-no-cache=1520359434164 HTTP/1.1" 200 29
192.168.10.50 - - [06/Mar/2018:15:04:42 -0300] "POST /cormun/servlet/trsolicitudgral?b660f47718f9e982bb3d01abbc2eba5e,,gx-no-cache=1520359321998 HTTP/1.1" 200 7973
200.111.191.210 - - [06/Mar/2018:15:04:43 -0300] "POST /cormun/servlet/solicitudot?gx-no-cache=1520359434238 HTTP/1.1" 200 1319
200.111.191.210 - - [06/Mar/2018:15:04:43 -0300] "POST /cormun/servlet/solicitudot?gx-no-cache=1520359434780 HTTP/1.1" 200 1218
200.111.191.210 - - [06/Mar/2018:15:04:47 -0300] "GET /cormun/servlet/solicitudot?81d35751f06ce9d95fc932c57caad48f2ae6e81d1421c31d51cc1acf40de6de9bffa0006b1320e3c087da5d0223e6635,gx-no-cache=1520359438642 HTTP/1.1" 200 30
200.111.191.210 - - [06/Mar/2018:15:04:48 -0300] "POST /cormun/servlet/solicitudot?gx-no-cache=1520359440430 HTTP/1.1" 200 30
200.72.197.82 - - [06/Mar/2018:15:04:49 -0300] "POST /cormun/servlet/trautorizarsolicitud?8e1b7b1642a3da04ba2f8776585ab584,,gx-no-cache=1520359440099 HTTP/1.1" 200 4398
200.111.191.210 - - [06/Mar/2018:15:04:56 -0300] "POST /cormun/servlet/solicitudot?c14d38b84d1cb6f80ed53709bc7e55dc,INS,0,0,,gx-no-cache=1520359447883 HTTP/1.1" 200 93
200.111.191.210 - - [06/Mar/2018:15:04:56 -0300] "GET /cormun/servlet/hpexe_return? HTTP/1.1" 200 1004
200.86.99.60 - - [06/Mar/2018:15:04:56 -0300] "GET /cormun/servlet/solicitudot?58acb5231d04c3345766434ca58ae935e7d2fe7782f5e5262a7ac4eff22a5e34c97dbb6e2446f728ac660290abd82e51,gx-no-cache=1520359448023 HTTP/1.1" 200 30
200.86.99.60 - - [06/Mar/2018:15:04:56 -0300] "POST /cormun/servlet/solicitudot?gx-no-cache=1520359448180 HTTP/1.1" 200 34
200.111.191.210 - - [06/Mar/2018:15:04:56 -0300] "GET /cormun/servlet/trsolicitudot HTTP/1.1" 200 9329
200.86.99.60 - - [06/Mar/2018:15:04:57 -0300] "POST /cormun/servlet/solicitudot?9779e3b6d76391881043e5b1c3c7c5dc,UPD,2018,9992,,gx-no-cache=1520359448271 HTTP/1.1" 200 93
200.86.99.60 - - [06/Mar/2018:15:04:57 -0300] "GET /cormun/servlet/hpexe_return? HTTP/1.1" 200 1009
200.111.191.210 - - [06/Mar/2018:15:04:57 -0300] "GET /cormun/servlet/trsolicitudot HTTP/1.1" 200 9325
200.72.197.82 - - [06/Mar/2018:15:04:57 -0300] "POST /cormun/servlet/trautorizarsolicitud?8e1b7b1642a3da04ba2f8776585ab584,,gx-no-cache=1520359448282 HTTP/1.1" 200 4398
200.86.99.60 - - [06/Mar/2018:15:04:57 -0300] "GET /cormun/servlet/trsolicitudot HTTP/1.1" 200 8766
200.86.99.60 - - [06/Mar/2018:15:04:58 -0300] "GET /cormun/servlet/trsolicitudot HTTP/1.1" 200 8763
200.72.197.82 - - [06/Mar/2018:15:05:02 -0300] "POST /cormun/servlet/trautorizarsolicitud?8e1b7b1642a3da04ba2f8776585ab584,,gx-no-cache=1520359453697 HTTP/1.1" 200 110
200.72.197.82 - - [06/Mar/2018:15:05:02 -0300] "GET /cormun/AutorizarSolicitud-6781.xls HTTP/1.1" 200 4608
186.103.158.250 - - [06/Mar/2018:15:05:09 -0300] "GET /cormun/servlet/solicitudot?c05c57fc898dc32e89ec4ea6100f6a2229bec605f0ce423013d11a1a98d1361530b3fe4e075cfc80e58e9235f28249b6,gx-no-cache=1520359459483 HTTP/1.1" 200 111
200.86.99.60 - - [06/Mar/2018:15:05:09 -0300] "POST /cormun/servlet/trsolicitudot?9779e3b6d76391881043e5b1c3c7c5dc,gx-no-cache=1520359460792 HTTP/1.1" 200 4700
200.86.99.60 - - [06/Mar/2018:15:05:10 -0300] "GET /cormun/static/Shared/jqueryui/images/ui-bg_highlight-soft_100_c6c2c8_1x100.png HTTP/1.1" 404 1117
200.86.99.60 - - [06/Mar/2018:15:05:10 -0300] "GET /cormun/static/Shared/jqueryui/images/ui-bg_flat_55_fafafa_40x100.png HTTP/1.1" 404 1097
200.86.99.60 - - [06/Mar/2018:15:05:10 -0300] "GET /cormun/static/Shared/jqueryui/images/ui-icons_82798d_256x240.png HTTP/1.1" 404 1089
200.86.99.60 - - [06/Mar/2018:15:05:10 -0300] "GET /cormun/static/Shared/jqueryui/images/ui-icons_8d78a5_256x240.png HTTP/1.1" 404 1089
200.86.99.60 - - [06/Mar/2018:15:05:10 -0300] "POST /cormun/servlet/trsolicitudot?9779e3b6d76391881043e5b1c3c7c5dc,gx-no-cache=1520359461537 HTTP/1.1" 200 4446
186.103.157.39 - - [06/Mar/2018:15:05:20 -0300] "GET /cormun/servlet/solicitudot?ba4470af356cfabc9657c957eccace6db96f82ced2e7f0f96979efc089fd2502bc0d0f6be33af40ce8ebc4b42ab81e41,gx-no-cache=1520359471939 HTTP/1.1" 200 103
186.103.157.39 - - [06/Mar/2018:15:05:20 -0300] "GET /cormun/servlet/solicitudot?ba4470af356cfabc9657c957eccace6d0126d79c377e46df51f240adc41d96e432cace7576537cdaab5f25ca80282dcd25cdc60ce3b1654e5fa26f520f61ef0c5366b8f963cba03d04da14f9da7fceabb0a82c7ecf7d4b22f09e1aab389eead2,gx-no-cache=1520359472586 HTTP/1.1" 200 70
200.111.191.210 - - [06/Mar/2018:15:05:22 -0300] "GET /cormun/servlet/hlogin HTTP/1.1" 200 1733
186.103.157.39 - - [06/Mar/2018:15:05:22 -0300] "POST /cormun/servlet/solicitudot?gx-no-cache=1520359473960 HTTP/1.1" 200 255
186.103.158.250 - - [06/Mar/2018:15:05:22 -0300] "POST /cormun/servlet/solicitudot?gx-no-cache=1520359472665 HTTP/1.1" 200 3411
186.103.158.250 - - [06/Mar/2018:15:05:22 -0300] "POST /cormun/servlet/solicitudot?256ef51633c6977d07e787c9b56561e7,INS,0,0,,gx-no-cache=1520359473058 HTTP/1.1" 200 10625
186.103.158.250 - - [06/Mar/2018:15:05:23 -0300] "GET /cormun/servlet/solicitudot?c05c57fc898dc32e89ec4ea6100f6a2205831dd0111235b8a28c4ebd30a48f4831e1fda4f10516178c3c7ea1733fd375,gx-no-cache=1520359473449 HTTP/1.1" 200 30
192.168.10.50 - - [06/Mar/2018:15:05:25 -0300] "GET /cormun/servlet/solicitudgral?UPD,2018,8304, HTTP/1.1" 200 12762
192.168.10.50 - - [06/Mar/2018:15:05:25 -0300] "GET /cormun/servlet/solicitudgral?UPD,2018,8304, HTTP/1.1" 200 12770
186.103.157.39 - - [06/Mar/2018:15:05:25 -0300] "GET /cormun/servlet/solicitudot?ba4470af356cfabc9657c957eccace6d3a5b7199e192c8c1968503c593a3db184f19d63ac1f87a427d99c0fa2abbd0162726ee7fd207c7009766b8123d831486db6728a00ebb477a62ce499225d3f84a9021f40cb6ac15589417a2592463c644392380f1c5e8ce5d1e64d6749093d0b3949d0c7a3aa33726ccc9081e7a9a514fa2d67649ad8be9e27814b43e5af968997ea9b8c1f7ce0a25f5209c841d06a19d4bec027e37ead3876b100c7ef6ada8adbf3314ad371a90cec590c70a1e22f8e66130d46bc9293c3b1654bfbf2e4eadef9b412ec133704b0f0e291be0d1abd33c944a221725414c5cc601c4a74454a8be7a1ad586d0a6c9e516a732b7a69ae8125b6af78012e11904c6a761d8dbb2b7fc990513af24070950e15c9d9bde47cf550ceae3577eeeec7cc520d387aa0696b2fbb77bfd07eae97c6f65bc7cf924f2aba711dbd64c9331fe634d018ac70241386ee9eb14c8e8905f6d4f25074a12f77aba4be0a32b9ff6dd77be6c2a875a2d7e0400e11ae1b28431ca1a73c5f305cd5a,gx-no-cache=1520359477377 HTTP/1.1" 200 30
192.168.10.50 - - [06/Mar/2018:15:05:25 -0300] "POST /cormun/servlet/solicitudgral?gx-no-cache=1520359365027 HTTP/1.1" 200 3899
192.168.10.50 - - [06/Mar/2018:15:05:25 -0300] "GET /cormun/servlet/solicitudgral?29154a5a58640514b151c32f4b92f52548a0d437540486c476f54db8d1ffe644ee9cb7958edec774dfb2b10c2d1c4b8d7653426c1f2df7dc42ab93eff19115c80d3c2b8fd0294da2cc4a5760d5aee175020aae5ed7745e6c742e41326045e1e365b64fe50be1204633d968290756dfb5afd832595a754807952a790ed7402bbe3deee58be1cc6ece1f1e12a93274dd5d39eb1eeada418f7598a05fe1f54116c1ef3207722aec56f31ab28bb2604a44b2ad8dfaeea2090d5e20ba612354ff818a331c25a921f9042dccd67c85b2259008678f1a0fa82e0ab26b31dbae582870935a6c10aeeacd09d023d5eaa34c409ac1e737bb7c71355d8889d5d32674464e355eebfe626fa021b1327770091a56bca19189d1a740141d481ddb6c5d5505a6930c3127ffbd95785a4c85fd0f8520130fffd84816f5c2f05a3c6310a6c2eb0da3bd0d86c79a7adb0473d6f512859aab17,gx-no-cache=1520359365127 HTTP/1.1" 200 255
