186.103.159.183 - - [06/Mar/2018:12:36:17 -0300] "GET /cormun/static/Shared/ext/ext-all.js HTTP/1.1" 200 1289687
200.111.191.210 - - [06/Mar/2018:12:36:17 -0300] "POST /cormun/servlet/solicitudot?gx-no-cache=1520350528649 HTTP/1.1" 200 30
186.103.159.183 - - [06/Mar/2018:12:36:17 -0300] "GET /cormun/servlet/trsolicitudadjuntos?2018,10106, HTTP/1.1" 200 9050
186.103.159.183 - - [06/Mar/2018:12:36:24 -0300] "GET /cormun/servlet/solicitudotadjuntos?INS,2018,10106,,1, HTTP/1.1" 200 6236
186.103.159.183 - - [06/Mar/2018:12:36:25 -0300] "GET /cormun/static/about:blank HTTP/1.1" 404 1011
186.103.159.183 - - [06/Mar/2018:12:36:25 -0300] "GET /cormun/static/Shared/ext/ext-all.js HTTP/1.1" 200 1289687
186.103.159.183 - - [06/Mar/2018:12:36:26 -0300] "GET /cormun/servlet/solicitudotadjuntos?INS,2018,10106,,1, HTTP/1.1" 200 6230
200.111.191.210 - - [06/Mar/2018:12:36:26 -0300] "POST /cormun/servlet/solicitudot?fb17d42d0ad69c84ec93fe41efe4f997,INS,0,0,,gx-no-cache=1520350537958 HTTP/1.1" 200 11759
186.103.159.183 - - [06/Mar/2018:12:36:27 -0300] "GET /cormun/servlet/solicitudotadjuntos?cd30e8dc1249d60655f3333cce3a1bc378ab79fb2dc556fb6f6393118c79470ca3cb7e3b57de8613b45aaf96194b63f5,gx-no-cache=1520350540010 HTTP/1.1" 200 30
186.103.159.183 - - [06/Mar/2018:12:36:27 -0300] "POST /cormun/servlet/solicitudotadjuntos?9cc6185dc021ea1b400be4c2caf596db,INS,2018,10106,,1,,gx-no-cache=1520350540072 HTTP/1.1" 200 3987
186.103.159.183 - - [06/Mar/2018:12:36:29 -0300] "POST /cormun/servlet/solicitudotadjuntos?gx-no-cache=1520350542684 HTTP/1.1" 200 26
186.103.159.183 - - [06/Mar/2018:12:36:34 -0300] "GET /cormun/servlet/solicitudotadjuntos?cd30e8dc1249d60655f3333cce3a1bc36bce24d0a682dc43ed111394078e41cb,gx-no-cache=1520350547751 HTTP/1.1" 200 30
186.103.159.183 - - [06/Mar/2018:12:36:34 -0300] "GET /cormun/servlet/solicitudotadjuntos?cd30e8dc1249d60655f3333cce3a1bc36bce24d0a682dc43ed111394078e41cb,gx-no-cache=1520350547798 HTTP/1.1" 200 30
186.103.159.183 - - [06/Mar/2018:12:36:35 -0300] "POST /cormun/servlet/solicitudotadjuntos?9cc6185dc021ea1b400be4c2caf596db,INS,2018,10106,,1, HTTP/1.1" 200 116
186.103.159.183 - - [06/Mar/2018:12:36:35 -0300] "GET /cormun/servlet/hpexe_return? HTTP/1.1" 200 1027
186.103.159.183 - - [06/Mar/2018:12:36:35 -0300] "GET /cormun/servlet/trsolicitudadjuntos?2018,10106, HTTP/1.1" 200 9246
186.103.159.183 - - [06/Mar/2018:12:36:36 -0300] "GET /cormun/static/Shared/ext/ext-all.js HTTP/1.1" 200 1289687
186.103.159.183 - - [06/Mar/2018:12:36:37 -0300] "GET /cormun/servlet/trsolicitudadjuntos?2018,10106, HTTP/1.1" 200 9247
186.103.159.183 - - [06/Mar/2018:12:36:40 -0300] "GET /cormun/servlet/solicitudotadjuntos?INS,2018,10106,,1, HTTP/1.1" 200 6237
186.103.159.183 - - [06/Mar/2018:12:36:41 -0300] "GET /cormun/static/about:blank HTTP/1.1" 404 1011
186.103.159.183 - - [06/Mar/2018:12:36:41 -0300] "GET /cormun/static/Shared/ext/ext-all.js HTTP/1.1" 200 1289687
186.103.159.183 - - [06/Mar/2018:12:36:42 -0300] "GET /cormun/servlet/solicitudotadjuntos?INS,2018,10106,,1, HTTP/1.1" 200 6230
186.103.159.183 - - [06/Mar/2018:12:36:43 -0300] "GET /cormun/servlet/solicitudotadjuntos?cd30e8dc1249d60655f3333cce3a1bc378ab79fb2dc556fb6f6393118c79470ca3cb7e3b57de8613b45aaf96194b63f5,gx-no-cache=1520350555924 HTTP/1.1" 200 30
190.151.100.218 - - [06/Mar/2018:12:36:43 -0300] "GET /cormun/servlet/hlogin HTTP/1.1" 200 1742
186.103.159.183 - - [06/Mar/2018:12:36:43 -0300] "POST /cormun/servlet/solicitudotadjuntos?9cc6185dc021ea1b400be4c2caf596db,INS,2018,10106,,1,,gx-no-cache=1520350556017 HTTP/1.1" 200 3987
186.103.159.183 - - [06/Mar/2018:12:36:46 -0300] "POST /cormun/servlet/solicitudotadjuntos?gx-no-cache=1520350559340 HTTP/1.1" 200 26
200.111.191.210 - - [06/Mar/2018:12:36:46 -0300] "GET /cormun/servlet/solicitudot?0589c8d9018a89d41b95be1f0bf2c34adba7d5aa01c63df61730b5cb7bb918bbdb1d8f0c9da4884323e1ad2c69854347b1f9458a748a1a9ca610a61fb33a62cf,gx-no-cache=1520350558064 HTTP/1.1" 200 30
200.111.191.210 - - [06/Mar/2018:12:36:46 -0300] "POST /cormun/servlet/solicitudot?gx-no-cache=1520350558096 HTTP/1.1" 200 254
200.111.191.210 - - [06/Mar/2018:12:36:46 -0300] "GET /cormun/servlet/solicitudot?0589c8d9018a89d41b95be1f0bf2c34afe3f4317f1b14a8da86a85d701f030af56411731b4a4e9375b2442493c978278cc7a3dc44a59e000f3790505c6d865208d66f3685b028562dad7ab6dbd5092186067a969503e4be6b94acec71a619a8e071a65e9efeeecc69da1cb81b28d616295ff46c33a0fc04a2df25f077dd7fe06d47b8a300b7992ee8362d27b3ebf487824ddca8ff0133ccd9dd6f1c3a3a6842415d3a45dd87c720e03c3d01c961c440c5faacbbe8d7dea1a393778efcab2986e20df375e8de79431acfeb365e2575f117e7f78b2e2eac58ba14b30c040a5f1a5f2f8ae9c03e202ead3e05c64ad1924b7e712ec7542f77b0cb5856e993780b41ef5a8b708fc62fbacb9dcbc458c6e03865c0c7729e0d6c300fcc582c08254c2c89b79af3b9aacc4cfe385bded8f5e3f9c2a7686c3452670d0ac19d7faea555b6fe973184fce1c64ab7c0dce213c202114a98ed619414ff1cde8451211dbc1d195a225aaa517e6238284cb08a2227182fe9b7184ba78085f61f907d0fd2414c340,gx-no-cache=1520350558152 HTTP/1.1" 200 30
186.103.157.39 - - [06/Mar/2018:12:36:46 -0300] "GET /cormun/servlet/solicitudot?c54404a080689a0e7db7156d6033e13813151e87716e164fab56eae88cdcc7bacd5153bd7b1d2c507d6b1a57e760d98e,gx-no-cache=1520350557459 HTTP/1.1" 200 30
200.111.191.210 - - [06/Mar/2018:12:36:46 -0300] "POST /cormun/servlet/solicitudot?gx-no-cache=1520350558210 HTTP/1.1" 200 30
200.111.191.210 - - [06/Mar/2018:12:36:46 -0300] "POST /cormun/servlet/solicitudot?gx-no-cache=1520350558277 HTTP/1.1" 200 1338
200.111.191.210 - - [06/Mar/2018:12:36:47 -0300] "POST /cormun/servlet/solicitudot?gx-no-cache=1520350558369 HTTP/1.1" 200 41
200.111.191.210 - - [06/Mar/2018:12:36:47 -0300] "POST /cormun/servlet/solicitudot?gx-no-cache=1520350558439 HTTP/1.1" 200 1319
200.111.191.210 - - [06/Mar/2018:12:36:47 -0300] "POST /cormun/servlet/solicitudot?gx-no-cache=1520350558499 HTTP/1.1" 200 1217
200.111.191.210 - - [06/Mar/2018:12:36:47 -0300] "GET /cormun/servlet/solicitudot?0589c8d9018a89d41b95be1f0bf2c34abcf10c154bf825f9d00216999beba80fcae23ff813e7fdb8cad595c8bce2798c,gx-no-cache=1520350558546 HTTP/1.1" 200 30
200.111.191.210 - - [06/Mar/2018:12:36:47 -0300] "POST /cormun/servlet/solicitudot?gx-no-cache=1520350558600 HTTP/1.1" 200 30
200.111.191.210 - - [06/Mar/2018:12:36:47 -0300] "POST /cormun/servlet/solicitudot?fb17d42d0ad69c84ec93fe41efe4f997,INS,0,0,,gx-no-cache=1520350558646 HTTP/1.1" 200 11810
186.103.157.39 - - [06/Mar/2018:12:36:51 -0300] "GET /cormun/servlet/solicitudot?c54404a080689a0e7db7156d6033e138a2182f5795de4cd2ca7d01cc918096ee,gx-no-cache=1520350562832 HTTP/1.1" 200 51
186.103.159.183 - - [06/Mar/2018:12:36:53 -0300] "GET /cormun/servlet/solicitudotadjuntos?cd30e8dc1249d60655f3333cce3a1bc36bce24d0a682dc43ed111394078e41cb,gx-no-cache=1520350566181 HTTP/1.1" 200 30
186.103.159.183 - - [06/Mar/2018:12:36:53 -0300] "GET /cormun/servlet/solicitudotadjuntos?cd30e8dc1249d60655f3333cce3a1bc36bce24d0a682dc43ed111394078e41cb,gx-no-cache=1520350566214 HTTP/1.1" 200 30
186.103.159.183 - - [06/Mar/2018:12:36:53 -0300] "POST /cormun/servlet/solicitudotadjuntos?9cc6185dc021ea1b400be4c2caf596db,INS,2018,10106,,1, HTTP/1.1" 200 116
186.103.159.183 - - [06/Mar/2018:12:36:53 -0300] "GET /cormun/servlet/hpexe_return? HTTP/1.1" 200 1027
186.103.159.183 - - [06/Mar/2018:12:36:54 -0300] "GET /cormun/servlet/trsolicitudadjuntos?2018,10106, HTTP/1.1" 200 9459
186.103.159.183 - - [06/Mar/2018:12:36:54 -0300] "GET /cormun/static/Shared/ext/ext-all.js HTTP/1.1" 200 1289687
186.103.159.183 - - [06/Mar/2018:12:36:55 -0300] "GET /cormun/servlet/trsolicitudadjuntos?2018,10106, HTTP/1.1" 200 9459
186.103.159.183 - - [06/Mar/2018:12:37:00 -0300] "GET /cormun/servlet/solicitudotadjuntos?INS,2018,10106,,1, HTTP/1.1" 200 6237
186.103.159.183 - - [06/Mar/2018:12:37:00 -0300] "GET /cormun/static/about:blank HTTP/1.1" 404 1011
186.103.159.183 - - [06/Mar/2018:12:37:01 -0300] "GET /cormun/static/Shared/ext/ext-all.js HTTP/1.1" 200 1289687
186.103.159.183 - - [06/Mar/2018:12:37:01 -0300] "GET /cormun/servlet/solicitudotadjuntos?INS,2018,10106,,1, HTTP/1.1" 200 6230
186.103.159.183 - - [06/Mar/2018:12:37:02 -0300] "GET /cormun/servlet/solicitudotadjuntos?cd30e8dc1249d60655f3333cce3a1bc378ab79fb2dc556fb6f6393118c79470ca3cb7e3b57de8613b45aaf96194b63f5,gx-no-cache=1520350575101 HTTP/1.1" 200 30
186.103.159.183 - - [06/Mar/2018:12:37:02 -0300] "POST /cormun/servlet/solicitudotadjuntos?9cc6185dc021ea1b400be4c2caf596db,INS,2018,10106,,1,,gx-no-cache=1520350575154 HTTP/1.1" 200 3987
192.168.10.50 - - [06/Mar/2018:12:37:04 -0300] "POST /cormun/servlet/trsolicitudgral?6e4a86865754e648633059486df32453,gx-no-cache=1520347253346,gx-no-cache=1520350463582 HTTP/1.1" 200 11486
186.103.159.183 - - [06/Mar/2018:12:37:05 -0300] "POST /cormun/servlet/solicitudotadjuntos?gx-no-cache=1520350577959 HTTP/1.1" 200 26
186.103.157.39 - - [06/Mar/2018:12:37:10 -0300] "POST /cormun/servlet/solicitudot?4e6d9014e5c1904f6c76b2002eabbb86,INS,0,0,,gx-no-cache=1520350581682 HTTP/1.1" 200 10492
186.103.157.39 - - [06/Mar/2018:12:37:11 -0300] "GET /cormun/static/Shared/jqueryui/images/ui-bg_highlight-soft_100_c6c2c8_1x100.png HTTP/1.1" 404 1117
186.103.157.39 - - [06/Mar/2018:12:37:11 -0300] "GET /cormun/static/Shared/jqueryui/images/ui-icons_82798d_256x240.png HTTP/1.1" 404 1089
186.103.157.39 - - [06/Mar/2018:12:37:11 -0300] "GET /cormun/static/Shared/jqueryui/images/ui-bg_flat_55_fafafa_40x100.png HTTP/1.1" 404 1097
186.103.157.39 - - [06/Mar/2018:12:37:11 -0300] "GET /cormun/static/Shared/jqueryui/images/ui-icons_8d78a5_256x240.png HTTP/1.1" 404 1089
186.103.159.183 - - [06/Mar/2018:12:37:11 -0300] "GET /cormun/servlet/solicitudotadjuntos?cd30e8dc1249d60655f3333cce3a1bc36bce24d0a682dc43ed111394078e41cb,gx-no-cache=1520350584151 HTTP/1.1" 200 30
186.103.159.183 - - [06/Mar/2018:12:37:11 -0300] "GET /cormun/servlet/solicitudotadjuntos?cd30e8dc1249d60655f3333cce3a1bc36bce24d0a682dc43ed111394078e41cb,gx-no-cache=1520350584216 HTTP/1.1" 200 30
186.103.159.183 - - [06/Mar/2018:12:37:12 -0300] "POST /cormun/servlet/solicitudotadjuntos?9cc6185dc021ea1b400be4c2caf596db,INS,2018,10106,,1, HTTP/1.1" 200 116
186.103.159.183 - - [06/Mar/2018:12:37:12 -0300] "GET /cormun/servlet/hpexe_return? HTTP/1.1" 200 1027
186.103.159.183 - - [06/Mar/2018:12:37:12 -0300] "GET /cormun/servlet/trsolicitudadjuntos?2018,10106, HTTP/1.1" 200 9687
200.111.191.210 - - [06/Mar/2018:12:37:13 -0300] "GET /cormun/servlet/solicitudot?0589c8d9018a89d41b95be1f0bf2c34a667e80713a06c31e6dbb7fc9e98116d02301c271e20d75f68393b1f4f2d7d072a7f8c642545449b58556ebb0ab409800,gx-no-cache=1520350584484 HTTP/1.1" 200 30
200.111.191.210 - - [06/Mar/2018:12:37:13 -0300] "POST /cormun/servlet/solicitudot?gx-no-cache=1520350584546 HTTP/1.1" 200 254
200.111.191.210 - - [06/Mar/2018:12:37:13 -0300] "GET /cormun/servlet/solicitudot?0589c8d9018a89d41b95be1f0bf2c34afe3f4317f1b14a8da86a85d701f030af56411731b4a4e9375b2442493c978278cc7a3dc44a59e000f3790505c6d865208d66f3685b028562dad7ab6dbd5092186067a969503e4be6b94acec71a619a8e071a65e9efeeecc69da1cb81b28d616295ff46c33a0fc04a2df25f077dd7fe06d47b8a300b7992ee8362d27b3ebf487824ddca8ff0133ccd9dd6f1c3a3a6842415d3a45dd87c720e03c3d01c961c440c5faacbbe8d7dea1a393778efcab2986e20df375e8de79431acfeb365e2575f117e7f78b2e2eac58ba14b30c040a5f1a5f2f8ae9c03e202ead3e05c64ad1924b7e712ec7542f77b0cb5856e993780b41ef5a8b708fc62fbacb9dcbc458c6e03865c0c7729e0d6c300fcc582c08254c2c89b79af3b9aacc4cfe385bded8f5e3f9c2a7686c3452670d0ac19d7faea555b6fe973184fce1c64ab7c0dce213c202114a98ed619414ff1cde8451211dbc1d195a225aaa517e6238284cb08a2227182fe9b7184ba78085f61f907d0fd2414c340,gx-no-cache=1520350584601 HTTP/1.1" 200 30
200.111.191.210 - - [06/Mar/2018:12:37:13 -0300] "POST /cormun/servlet/solicitudot?gx-no-cache=1520350584641 HTTP/1.1" 200 30
200.111.191.210 - - [06/Mar/2018:12:37:13 -0300] "POST /cormun/servlet/solicitudot?gx-no-cache=1520350584705 HTTP/1.1" 200 1338
186.103.159.183 - - [06/Mar/2018:12:37:13 -0300] "GET /cormun/static/Shared/ext/ext-all.js HTTP/1.1" 200 1289687
200.111.191.210 - - [06/Mar/2018:12:37:13 -0300] "POST /cormun/servlet/solicitudot?gx-no-cache=1520350584791 HTTP/1.1" 200 41
200.111.191.210 - - [06/Mar/2018:12:37:13 -0300] "POST /cormun/servlet/solicitudot?gx-no-cache=1520350584849 HTTP/1.1" 200 1319
200.111.191.210 - - [06/Mar/2018:12:37:13 -0300] "POST /cormun/servlet/solicitudot?gx-no-cache=1520350584905 HTTP/1.1" 200 1217
200.111.191.210 - - [06/Mar/2018:12:37:13 -0300] "GET /cormun/servlet/solicitudot?0589c8d9018a89d41b95be1f0bf2c34abcf10c154bf825f9d00216999beba80fcae23ff813e7fdb8cad595c8bce2798c,gx-no-cache=1520350584949 HTTP/1.1" 200 30
200.111.191.210 - - [06/Mar/2018:12:37:13 -0300] "POST /cormun/servlet/solicitudot?gx-no-cache=1520350584972 HTTP/1.1" 200 30
200.111.191.210 - - [06/Mar/2018:12:37:13 -0300] "POST /cormun/servlet/solicitudot?fb17d42d0ad69c84ec93fe41efe4f997,INS,0,0,,gx-no-cache=1520350585001 HTTP/1.1" 200 11860
186.103.157.39 - - [06/Mar/2018:12:37:14 -0300] "GET /cormun/servlet/solicitudot?c54404a080689a0e7db7156d6033e1380748395ab4340a7deeba8fbf2c8fbccc5318867c82ddb80532ad3cc47e621624,gx-no-cache=1520350585169 HTTP/1.1" 200 30
186.103.159.183 - - [06/Mar/2018:12:37:14 -0300] "GET /cormun/servlet/trsolicitudadjuntos?2018,10106, HTTP/1.1" 200 9685
186.103.157.39 - - [06/Mar/2018:12:37:14 -0300] "GET /cormun/servlet/solicitudot?c54404a080689a0e7db7156d6033e13813151e87716e164fab56eae88cdcc7ba808b935421f3190dce4512538b5f93f7,gx-no-cache=1520350585334 HTTP/1.1" 200 30
186.103.157.39 - - [06/Mar/2018:12:37:14 -0300] "GET /cormun/servlet/solicitudot?c54404a080689a0e7db7156d6033e1386b97b9f704c7db065e7c877d633fe77f051f9e90e55e7587622fb5b3351b35721fa47f3cdddbf796401c192603a61a8b,gx-no-cache=1520350585422 HTTP/1.1" 200 51
186.103.157.39 - - [06/Mar/2018:12:37:14 -0300] "POST /cormun/servlet/solicitudot?gx-no-cache=1520350585522 HTTP/1.1" 200 255
186.103.157.39 - - [06/Mar/2018:12:37:14 -0300] "GET /cormun/servlet/solicitudot?c54404a080689a0e7db7156d6033e138549758a965301fb24d15195bf066634831867adafb013eb196aeab3c4809e73489f6a2979637590340590cd5af942810cc85ada31d5f6325890afdab776e3a9338917dbebd790ca5f484bada9a27aef9560265dc1aced4d5a1ce3cd329b923c76f5dc7b302a2a49e96769416fc2df238477b02f0f845c71583d6308864c5d92bf4858a6bf6c83cc2377b7075633bee211d07a471d23ec69333b8069e07aaa9d7951489eef9b7b141d3ab280f7b2c8c2bc70eb77620d1ae771d86d04ac1c58c07c51074446817d2224a2b34f0397367160786dd558bc8019989800804a476f2b0f2e016988c5797cab5d1de46dc192a5e17180ef27a38c39f5918f4a02497d71b0927548eb566622613377e2d0e42a2f908279ddf0986c12d7b56b7d3bae7ed135283dcc5dad8f4730a4b26eed4d602c9cd149360eada4e3b52e776fac13bd7f4f5a4433dacc63c0967ab19083b9228f31527397d54a379ca56e6fd95233744dbcfa681acd73a862627ba8dcd12373ecc,gx-no-cache=1520350585655 HTTP/1.1" 200 30
186.103.157.39 - - [06/Mar/2018:12:37:18 -0300] "POST /cormun/servlet/solicitudot?gx-no-cache=1520350589873 HTTP/1.1" 200 30
186.103.159.183 - - [06/Mar/2018:12:37:24 -0300] "GET /cormun/servlet/trsolicitudot? HTTP/1.1" 200 8753
186.103.159.183 - - [06/Mar/2018:12:37:24 -0300] "GET /cormun/static/gxui/gxui-all.css?120300 HTTP/1.1" 200 2179
186.103.159.183 - - [06/Mar/2018:12:37:24 -0300] "GET /cormun/static/calendar-system.css?85620 HTTP/1.1" 200 5572
186.103.159.183 - - [06/Mar/2018:12:37:24 -0300] "GET /cormun/static/Shared/ext/resources/css/ext-all.css?215870 HTTP/1.1" 200 416045
186.103.159.183 - - [06/Mar/2018:12:37:25 -0300] "GET /cormun/static/Resources/Spanish/PXTools.css?1255365 HTTP/1.1" 200 89042
186.103.159.183 - - [06/Mar/2018:12:37:25 -0300] "GET /cormun/static/Shared/ext/ext-all.js HTTP/1.1" 200 1289687
186.103.159.183 - - [06/Mar/2018:12:37:26 -0300] "GET /cormun/static/Resources/PXToolsDataSearch.png HTTP/1.1" 200 419
186.103.159.183 - - [06/Mar/2018:12:37:26 -0300] "GET /cormun/static/Resources/PXToolsActionExcel.png HTTP/1.1" 200 3187
186.103.159.183 - - [06/Mar/2018:12:37:26 -0300] "GET /cormun//static/Resources/PXToolsActionView.png HTTP/1.1" 200 2995
186.103.159.183 - - [06/Mar/2018:12:37:26 -0300] "GET /cormun//static/Resources/PXTools/ActionInsert.png HTTP/1.1" 200 1482
186.103.159.183 - - [06/Mar/2018:12:37:26 -0300] "GET /cormun//static/Resources/PXToolsRemoveAllAction.png HTTP/1.1" 200 3558
186.103.159.183 - - [06/Mar/2018:12:37:26 -0300] "GET /cormun//static/Resources/PXToolsGridUpdate.png HTTP/1.1" 200 2984
192.168.10.50 - - [06/Mar/2018:12:37:26 -0300] "POST /cormun/servlet/trsolicitudgral?6e4a86865754e648633059486df32453,gx-no-cache=1520347253346,gx-no-cache=1520350485837 HTTP/1.1" 200 115
186.103.159.183 - - [06/Mar/2018:12:37:26 -0300] "GET /cormun/servlet/trsolicitudot? HTTP/1.1" 200 8747
192.168.10.50 - - [06/Mar/2018:12:37:27 -0300] "GET /cormun/servlet/solicitudotlog?INS,2018,8334,0,REC, HTTP/1.1" 200 6293
192.168.10.50 - - [06/Mar/2018:12:37:32 -0300] "GET /cormun/servlet/solicitudotlog?INS,2018,8334,0,REC, HTTP/1.1" 200 6272
192.168.10.50 - - [06/Mar/2018:12:37:32 -0300] "GET /cormun/servlet/solicitudotlog?d786e68699b57d3cc984884f3092c1ec502396cfcac19c9c51eff6f6906a5097df5391553c17e319abccec75b13c1f1b35b3030bb7aba2e1f0ae526b0ec378da1147ec4f605503804e31aa211db4c780f286019d5b555eba1535d9831b04536bec8fcdabdbfb4d8b5b90f3fdb32f91a0a74352948fe44cfaefbc5e5f41c35ac1420feb24f3fcc86c57d15e33c756bbae6f16cc27b46ad746604ce87ee8cf2597,gx-no-cache=1520350491881 HTTP/1.1" 200 94
186.103.159.183 - - [06/Mar/2018:12:37:36 -0300] "POST /cormun/servlet/trsolicitudot?9cc6185dc021ea1b400be4c2caf596db,,gx-no-cache=1520350609189 HTTP/1.1" 200 4685
186.103.159.183 - - [06/Mar/2018:12:37:36 -0300] "GET /cormun/static/Shared/jqueryui/images/ui-icons_82798d_256x240.png HTTP/1.1" 404 1089
186.103.159.183 - - [06/Mar/2018:12:37:36 -0300] "GET /cormun/static/Shared/jqueryui/images/ui-bg_highlight-soft_100_c6c2c8_1x100.png HTTP/1.1" 404 1117
186.103.159.183 - - [06/Mar/2018:12:37:36 -0300] "GET /cormun/static/Shared/jqueryui/images/ui-bg_flat_55_fafafa_40x100.png HTTP/1.1" 404 1097
186.103.159.183 - - [06/Mar/2018:12:37:36 -0300] "GET /cormun/static/Shared/jqueryui/images/ui-icons_8d78a5_256x240.png HTTP/1.1" 404 1089
186.103.159.183 - - [06/Mar/2018:12:37:36 -0300] "POST /cormun/servlet/trsolicitudot?9cc6185dc021ea1b400be4c2caf596db,,gx-no-cache=1520350609610 HTTP/1.1" 200 4468
192.168.10.50 - - [06/Mar/2018:12:37:38 -0300] "POST /cormun/servlet/solicitudotlog?6e4a86865754e648633059486df32453,INS,2018,8334,0,REC,,gx-no-cache=1520350498095 HTTP/1.1" 200 93
192.168.10.50 - - [06/Mar/2018:12:37:38 -0300] "GET /cormun/servlet/hpexe_return? HTTP/1.1" 200 1046
192.168.10.50 - - [06/Mar/2018:12:37:39 -0300] "GET /cormun/servlet/trsolicitudgral?gx-no-cache=1520347253346 HTTP/1.1" 200 14319
186.103.157.39 - - [06/Mar/2018:12:37:39 -0300] "POST /cormun/servlet/solicitudot?gx-no-cache=1520350610628 HTTP/1.1" 200 1336
186.103.157.39 - - [06/Mar/2018:12:37:39 -0300] "POST /cormun/servlet/solicitudot?gx-no-cache=1520350610778 HTTP/1.1" 200 38
192.168.10.50 - - [06/Mar/2018:12:37:40 -0300] "GET /cormun/servlet/trsolicitudgral?gx-no-cache=1520347253346 HTTP/1.1" 200 14335
200.111.191.210 - - [06/Mar/2018:12:37:42 -0300] "GET /cormun/servlet/solicitudot?0589c8d9018a89d41b95be1f0bf2c34adba7d5aa01c63df61730b5cb7bb918bbdb1d8f0c9da4884323e1ad2c69854347b1f9458a748a1a9ca610a61fb33a62cf,gx-no-cache=1520350614136 HTTP/1.1" 200 30
200.111.191.210 - - [06/Mar/2018:12:37:42 -0300] "POST /cormun/servlet/solicitudot?gx-no-cache=1520350614190 HTTP/1.1" 200 254
200.111.191.210 - - [06/Mar/2018:12:37:42 -0300] "GET /cormun/servlet/solicitudot?0589c8d9018a89d41b95be1f0bf2c34afe3f4317f1b14a8da86a85d701f030af56411731b4a4e9375b2442493c978278cc7a3dc44a59e000f3790505c6d865208d66f3685b028562dad7ab6dbd5092186067a969503e4be6b94acec71a619a8e071a65e9efeeecc69da1cb81b28d616295ff46c33a0fc04a2df25f077dd7fe06d47b8a300b7992ee8362d27b3ebf487824ddca8ff0133ccd9dd6f1c3a3a6842415d3a45dd87c720e03c3d01c961c440c5faacbbe8d7dea1a393778efcab2986e20df375e8de79431acfeb365e2575f117e7f78b2e2eac58ba14b30c040a5f1a5f2f8ae9c03e202ead3e05c64ad1924b7e712ec7542f77b0cb5856e993780b41ef5a8b708fc62fbacb9dcbc458c6e03865c0c7729e0d6c300fcc582c08254c2c89b79af3b9aacc4cfe385bded8f5e3f9c2a7686c3452670d0ac19d7faea555b6fe973184fce1c64ab7c0dce213c202114a98ed619414ff1cde8451211dbc1d195a225aaa517e6238284cb08a2227182fe9b7184ba78085f61f907d0fd2414c340,gx-no-cache=1520350614219 HTTP/1.1" 200 30
200.111.191.210 - - [06/Mar/2018:12:37:42 -0300] "POST /cormun/servlet/solicitudot?gx-no-cache=1520350614259 HTTP/1.1" 200 30
200.111.191.210 - - [06/Mar/2018:12:37:42 -0300] "POST /cormun/servlet/solicitudot?gx-no-cache=1520350614285 HTTP/1.1" 200 1338
200.111.191.210 - - [06/Mar/2018:12:37:42 -0300] "POST /cormun/servlet/solicitudot?gx-no-cache=1520350614332 HTTP/1.1" 200 41
200.111.191.210 - - [06/Mar/2018:12:37:42 -0300] "POST /cormun/servlet/solicitudot?gx-no-cache=1520350614355 HTTP/1.1" 200 1319
200.111.191.210 - - [06/Mar/2018:12:37:43 -0300] "POST /cormun/servlet/solicitudot?gx-no-cache=1520350614416 HTTP/1.1" 200 1217
200.111.191.210 - - [06/Mar/2018:12:37:43 -0300] "GET /cormun/servlet/solicitudot?0589c8d9018a89d41b95be1f0bf2c34abcf10c154bf825f9d00216999beba80fcae23ff813e7fdb8cad595c8bce2798c,gx-no-cache=1520350614451 HTTP/1.1" 200 30
200.111.191.210 - - [06/Mar/2018:12:37:43 -0300] "POST /cormun/servlet/solicitudot?gx-no-cache=1520350614483 HTTP/1.1" 200 30
186.103.159.183 - - [06/Mar/2018:12:37:43 -0300] "GET /cormun/servlet/trautorizarsolicitud? HTTP/1.1" 200 8642
186.103.159.183 - - [06/Mar/2018:12:37:43 -0300] "GET /cormun/static/gxcfg.js?2017111423403364 HTTP/1.1" 200 953
186.103.159.183 - - [06/Mar/2018:12:37:43 -0300] "GET /cormun/static/trautorizarsolicitud.js?201711142340425 HTTP/1.1" 200 53910
200.111.191.210 - - [06/Mar/2018:12:37:43 -0300] "POST /cormun/servlet/solicitudot?fb17d42d0ad69c84ec93fe41efe4f997,INS,0,0,,gx-no-cache=1520350614521 HTTP/1.1" 200 11901
186.103.159.183 - - [06/Mar/2018:12:37:43 -0300] "GET /cormun/static/Shared/ext/ext-all.js HTTP/1.1" 200 1289687
192.168.10.50 - - [06/Mar/2018:12:37:44 -0300] "POST /cormun/servlet/trsolicitudgral?6e4a86865754e648633059486df32453,gx-no-cache=1520347253346,gx-no-cache=1520350503270 HTTP/1.1" 200 115
192.168.10.50 - - [06/Mar/2018:12:37:44 -0300] "GET /cormun/servlet/solicitudotlog?INS,2018,8331,0,REC, HTTP/1.1" 200 6295
192.168.10.50 - - [06/Mar/2018:12:37:44 -0300] "GET /cormun/servlet/solicitudotlog?INS,2018,8331,0,REC, HTTP/1.1" 200 6273
186.103.159.183 - - [06/Mar/2018:12:37:44 -0300] "GET /cormun/servlet/trautorizarsolicitud? HTTP/1.1" 200 8642
192.168.10.50 - - [06/Mar/2018:12:37:44 -0300] "GET /cormun/servlet/solicitudotlog?d786e68699b57d3cc984884f3092c1ece9e066e25946a55671245cd183bbcae5df5391553c17e319abccec75b13c1f1b35b3030bb7aba2e1f0ae526b0ec378da1147ec4f605503804e31aa211db4c780f286019d5b555eba1535d9831b04536bec8fcdabdbfb4d8b5b90f3fdb32f91a0a74352948fe44cfaefbc5e5f41c35ac1420feb24f3fcc86c57d15e33c756bbae6f16cc27b46ad746604ce87ee8cf2597,gx-no-cache=1520350504133 HTTP/1.1" 200 94
192.168.10.96 - - [06/Mar/2018:12:37:46 -0300] "POST /cormun/servlet/trsolicitudgral?15503d4ea40be0f4f798b37d36e5bf24,,gx-no-cache=1520350505111 HTTP/1.1" 200 19437
186.103.159.183 - - [06/Mar/2018:12:37:49 -0300] "POST /cormun/servlet/trautorizarsolicitud?9cc6185dc021ea1b400be4c2caf596db,,gx-no-cache=1520350622270 HTTP/1.1" 200 4606
186.103.159.183 - - [06/Mar/2018:12:37:49 -0300] "GET /cormun/static/Shared/jqueryui/images/ui-bg_highlight-soft_100_c6c2c8_1x100.png HTTP/1.1" 404 1117
186.103.159.183 - - [06/Mar/2018:12:37:49 -0300] "GET /cormun/static/Shared/jqueryui/images/ui-bg_flat_55_fafafa_40x100.png HTTP/1.1" 404 1097
186.103.159.183 - - [06/Mar/2018:12:37:49 -0300] "GET /cormun/static/Shared/jqueryui/images/ui-icons_82798d_256x240.png HTTP/1.1" 404 1089
186.103.159.183 - - [06/Mar/2018:12:37:49 -0300] "GET /cormun/static/Shared/jqueryui/images/ui-icons_8d78a5_256x240.png HTTP/1.1" 404 1089
186.103.159.183 - - [06/Mar/2018:12:37:50 -0300] "POST /cormun/servlet/trautorizarsolicitud?9cc6185dc021ea1b400be4c2caf596db,,gx-no-cache=1520350622563 HTTP/1.1" 200 4390
186.103.157.39 - - [06/Mar/2018:12:37:50 -0300] "GET /cormun/servlet/solicitudot?c54404a080689a0e7db7156d6033e1389698b1126800cea9eedcf81848d0aab4b7ca92321465774e73cd08f562282c09da4bc0c9f669a4b1cbd925882f479c2f7e8870e4928937479cad0b9ce8838b179c78ab9c587e561a676a2e823a37047af1e81c6758f8f3f33ba908731eeac7105f023f31d6978373729ffde29c07d41a1c3a2d6397b52b7bcf19c450fcd327c2d4d5537ba3cc3fc1206867d43724eb598469e5967e9af059f5a612a332a3fff4946cd3ec01e89d8b713fb4825d3da49eae0eb974e570814870a1ac344f0e199d,gx-no-cache=1520350621190 HTTP/1.1" 200 29
186.103.157.39 - - [06/Mar/2018:12:37:50 -0300] "POST /cormun/servlet/solicitudot?gx-no-cache=1520350621255 HTTP/1.1" 200 1318
186.103.157.39 - - [06/Mar/2018:12:37:50 -0300] "POST /cormun/servlet/solicitudot?gx-no-cache=1520350621331 HTTP/1.1" 200 1218
186.103.157.39 - - [06/Mar/2018:12:37:50 -0300] "GET /cormun/static/menuarrow.gif HTTP/1.1" 404 1015
192.168.10.50 - - [06/Mar/2018:12:37:50 -0300] "POST /cormun/servlet/solicitudotlog?6e4a86865754e648633059486df32453,INS,2018,8331,0,REC,,gx-no-cache=1520350509747 HTTP/1.1" 200 93
192.168.10.50 - - [06/Mar/2018:12:37:50 -0300] "GET /cormun/servlet/hpexe_return? HTTP/1.1" 200 1047
192.168.10.50 - - [06/Mar/2018:12:37:50 -0300] "GET /cormun/servlet/trsolicitudgral?gx-no-cache=1520347253346 HTTP/1.1" 200 13883
192.168.10.50 - - [06/Mar/2018:12:37:51 -0300] "GET /cormun/servlet/trsolicitudgral?gx-no-cache=1520347253346 HTTP/1.1" 200 13900
186.103.157.39 - - [06/Mar/2018:12:37:52 -0300] "POST /cormun/servlet/solicitudot?gx-no-cache=1520350623157 HTTP/1.1" 200 1318
186.103.157.39 - - [06/Mar/2018:12:37:52 -0300] "POST /cormun/servlet/solicitudot?gx-no-cache=1520350623265 HTTP/1.1" 200 1218
192.168.10.96 - - [06/Mar/2018:12:37:53 -0300] "POST /cormun/servlet/trsolicitudgral?15503d4ea40be0f4f798b37d36e5bf24,,gx-no-cache=1520350512089 HTTP/1.1" 200 19437
186.103.157.39 - - [06/Mar/2018:12:37:55 -0300] "GET /cormun/servlet/solicitudot?c54404a080689a0e7db7156d6033e13843fec3eb8deb0e7e2f7192a58c1ae91badd209caf498bef8db9c059bf5ea992e,gx-no-cache=1520350626181 HTTP/1.1" 200 30
192.168.10.96 - - [06/Mar/2018:12:38:06 -0300] "POST /cormun/servlet/trsolicitudgral?15503d4ea40be0f4f798b37d36e5bf24,,gx-no-cache=1520350525976 HTTP/1.1" 200 7285
200.111.191.210 - - [06/Mar/2018:12:38:07 -0300] "GET /cormun/servlet/solicitudot?0589c8d9018a89d41b95be1f0bf2c34a1c7322af6b30270abfe8d5c4aa67368f360a1bee5e0b232a23640245b19cc15ae076efc42ef36b5f734ca7f47b3dac9b,gx-no-cache=1520350639141 HTTP/1.1" 200 30
200.111.191.210 - - [06/Mar/2018:12:38:07 -0300] "POST /cormun/servlet/solicitudot?gx-no-cache=1520350639209 HTTP/1.1" 200 254
200.111.191.210 - - [06/Mar/2018:12:38:07 -0300] "GET /cormun/servlet/solicitudot?0589c8d9018a89d41b95be1f0bf2c34afe3f4317f1b14a8da86a85d701f030af56411731b4a4e9375b2442493c978278cc7a3dc44a59e000f3790505c6d865208d66f3685b028562dad7ab6dbd5092186067a969503e4be6b94acec71a619a8e071a65e9efeeecc69da1cb81b28d616295ff46c33a0fc04a2df25f077dd7fe06d47b8a300b7992ee8362d27b3ebf487824ddca8ff0133ccd9dd6f1c3a3a6842415d3a45dd87c720e03c3d01c961c440c5faacbbe8d7dea1a393778efcab2986e20df375e8de79431acfeb365e2575f117e7f78b2e2eac58ba14b30c040a5f1a5f2f8ae9c03e202ead3e05c64ad1924b7e712ec7542f77b0cb5856e993780b41ef5a8b708fc62fbacb9dcbc458c6e03865c0c7729e0d6c300fcc582c08254c2c89b79af3b9aacc4cfe385bded8f5e3f9c2a7686c3452670d0ac19d7faea555b6fe973184fce1c64ab7c0dce213c202114a98ed619414ff1cde8451211dbc1d195a225aaa517e6238284cb08a2227182fe9b7184ba78085f61f907d0fd2414c340,gx-no-cache=1520350639251 HTTP/1.1" 200 30
200.111.191.210 - - [06/Mar/2018:12:38:07 -0300] "POST /cormun/servlet/solicitudot?gx-no-cache=1520350639280 HTTP/1.1" 200 30
200.111.191.210 - - [06/Mar/2018:12:38:07 -0300] "POST /cormun/servlet/solicitudot?gx-no-cache=1520350639305 HTTP/1.1" 200 1338
200.111.191.210 - - [06/Mar/2018:12:38:07 -0300] "POST /cormun/servlet/solicitudot?gx-no-cache=1520350639362 HTTP/1.1" 200 41
200.111.191.210 - - [06/Mar/2018:12:38:08 -0300] "POST /cormun/servlet/solicitudot?gx-no-cache=1520350639386 HTTP/1.1" 200 1319
200.111.191.210 - - [06/Mar/2018:12:38:08 -0300] "POST /cormun/servlet/solicitudot?gx-no-cache=1520350639442 HTTP/1.1" 200 1217
200.111.191.210 - - [06/Mar/2018:12:38:08 -0300] "GET /cormun/servlet/solicitudot?0589c8d9018a89d41b95be1f0bf2c34abcf10c154bf825f9d00216999beba80fcae23ff813e7fdb8cad595c8bce2798c,gx-no-cache=1520350639481 HTTP/1.1" 200 30
200.111.191.210 - - [06/Mar/2018:12:38:08 -0300] "POST /cormun/servlet/solicitudot?gx-no-cache=1520350639506 HTTP/1.1" 200 30
200.111.191.210 - - [06/Mar/2018:12:38:08 -0300] "POST /cormun/servlet/solicitudot?fb17d42d0ad69c84ec93fe41efe4f997,INS,0,0,,gx-no-cache=1520350639528 HTTP/1.1" 200 11969
192.168.10.50 - - [06/Mar/2018:12:38:08 -0300] "POST /cormun/servlet/trsolicitudgral?6e4a86865754e648633059486df32453,gx-no-cache=1520347253346,gx-no-cache=1520350527526 HTTP/1.1" 200 115
192.168.10.50 - - [06/Mar/2018:12:38:08 -0300] "GET /cormun/servlet/solicitudotlog?INS,2018,8312,0,REC, HTTP/1.1" 200 6295
192.168.10.50 - - [06/Mar/2018:12:38:08 -0300] "GET /cormun/servlet/solicitudotlog?INS,2018,8312,0,REC, HTTP/1.1" 200 6273
186.103.157.39 - - [06/Mar/2018:12:38:08 -0300] "POST /cormun/servlet/solicitudot?gx-no-cache=1520350639851 HTTP/1.1" 200 30
192.168.10.50 - - [06/Mar/2018:12:38:09 -0300] "GET /cormun/servlet/solicitudotlog?d786e68699b57d3cc984884f3092c1ec1f209e389797531476cd7e1c8b25a227df5391553c17e319abccec75b13c1f1b35b3030bb7aba2e1f0ae526b0ec378da1147ec4f605503804e31aa211db4c780f286019d5b555eba1535d9831b04536bec8fcdabdbfb4d8b5b90f3fdb32f91a0a74352948fe44cfaefbc5e5f41c35ac1420feb24f3fcc86c57d15e33c756bbae6f16cc27b46ad746604ce87ee8cf2597,gx-no-cache=1520350528477 HTTP/1.1" 200 94
192.168.10.96 - - [06/Mar/2018:12:38:14 -0300] "POST /cormun/servlet/trsolicitudgral?15503d4ea40be0f4f798b37d36e5bf24,,gx-no-cache=1520350533150 HTTP/1.1" 200 5924
192.168.10.96 - - [06/Mar/2018:12:38:16 -0300] "POST /cormun/servlet/trsolicitudgral?15503d4ea40be0f4f798b37d36e5bf24,,gx-no-cache=1520350536039 HTTP/1.1" 200 7285
192.168.10.50 - - [06/Mar/2018:12:38:19 -0300] "POST /cormun/servlet/solicitudotlog?6e4a86865754e648633059486df32453,INS,2018,8312,0,REC,,gx-no-cache=1520350538445 HTTP/1.1" 200 93
192.168.10.50 - - [06/Mar/2018:12:38:19 -0300] "GET /cormun/servlet/hpexe_return? HTTP/1.1" 200 1047
192.168.10.50 - - [06/Mar/2018:12:38:19 -0300] "GET /cormun/servlet/trsolicitudgral?gx-no-cache=1520347253346 HTTP/1.1" 200 13627
192.168.10.50 - - [06/Mar/2018:12:38:20 -0300] "GET /cormun/servlet/trsolicitudgral?gx-no-cache=1520347253346 HTTP/1.1" 200 13644
192.168.10.50 - - [06/Mar/2018:12:38:24 -0300] "POST /cormun/servlet/trsolicitudgral?6e4a86865754e648633059486df32453,gx-no-cache=1520347253346,gx-no-cache=1520350543714 HTTP/1.1" 200 115
192.168.10.50 - - [06/Mar/2018:12:38:24 -0300] "GET /cormun/servlet/solicitudotlog?INS,2018,8311,0,REC, HTTP/1.1" 200 6295
192.168.10.50 - - [06/Mar/2018:12:38:24 -0300] "GET /cormun/servlet/solicitudotlog?INS,2018,8311,0,REC, HTTP/1.1" 200 6273
192.168.10.50 - - [06/Mar/2018:12:38:25 -0300] "GET /cormun/servlet/solicitudotlog?d786e68699b57d3cc984884f3092c1ec6164b258d2c0e3e8078183a2dc6fa164df5391553c17e319abccec75b13c1f1b35b3030bb7aba2e1f0ae526b0ec378da1147ec4f605503804e31aa211db4c780f286019d5b555eba1535d9831b04536bec8fcdabdbfb4d8b5b90f3fdb32f91a0a74352948fe44cfaefbc5e5f41c35ac1420feb24f3fcc86c57d15e33c756bbae6f16cc27b46ad746604ce87ee8cf2597,gx-no-cache=1520350544591 HTTP/1.1" 200 94
192.168.10.96 - - [06/Mar/2018:12:38:27 -0300] "POST /cormun/servlet/trsolicitudgral?15503d4ea40be0f4f798b37d36e5bf24,,gx-no-cache=1520350546694 HTTP/1.1" 200 5924
200.111.191.210 - - [06/Mar/2018:12:38:28 -0300] "GET /cormun/servlet/solicitudot?0589c8d9018a89d41b95be1f0bf2c34a409292d6ea0c293c1ecbdfb38c1fb64ddc1812b6dd98ef022d16e4408e345de3b235003df36b28d3a2ae982617765ba8,gx-no-cache=1520350659553 HTTP/1.1" 200 30
200.111.191.210 - - [06/Mar/2018:12:38:28 -0300] "POST /cormun/servlet/solicitudot?gx-no-cache=1520350659574 HTTP/1.1" 200 254
200.111.191.210 - - [06/Mar/2018:12:38:28 -0300] "GET /cormun/servlet/solicitudot?0589c8d9018a89d41b95be1f0bf2c34afe3f4317f1b14a8da86a85d701f030af56411731b4a4e9375b2442493c978278cc7a3dc44a59e000f3790505c6d865208d66f3685b028562dad7ab6dbd5092186067a969503e4be6b94acec71a619a8e071a65e9efeeecc69da1cb81b28d616295ff46c33a0fc04a2df25f077dd7fe06d47b8a300b7992ee8362d27b3ebf487824ddca8ff0133ccd9dd6f1c3a3a6842415d3a45dd87c720e03c3d01c961c440c5faacbbe8d7dea1a393778efcab2986e20df375e8de79431acfeb365e2575f117e7f78b2e2eac58ba14b30c040a5f1a5f2f8ae9c03e202ead3e05c64ad1924b7e712ec7542f77b0cb5856e993780b41ef5a8b708fc62fbacb9dcbc458c6e03865c0c7729e0d6c300fcc582c08254c2c89b79af3b9aacc4cfe385bded8f5e3f9c2a7686c3452670d0ac19d7faea555b6fe973184fce1c64ab7c0dce213c202114a98ed619414ff1cde8451211dbc1d195a225aaa517e6238284cb08a2227182fe9b7184ba78085f61f907d0fd2414c340,gx-no-cache=1520350659602 HTTP/1.1" 200 30
200.111.191.210 - - [06/Mar/2018:12:38:28 -0300] "POST /cormun/servlet/solicitudot?gx-no-cache=1520350659628 HTTP/1.1" 200 30
200.111.191.210 - - [06/Mar/2018:12:38:28 -0300] "POST /cormun/servlet/solicitudot?gx-no-cache=1520350659656 HTTP/1.1" 200 1338
200.111.191.210 - - [06/Mar/2018:12:38:28 -0300] "POST /cormun/servlet/solicitudot?gx-no-cache=1520350659965 HTTP/1.1" 200 41
200.111.191.210 - - [06/Mar/2018:12:38:28 -0300] "POST /cormun/servlet/solicitudot?gx-no-cache=1520350659985 HTTP/1.1" 200 1319
200.111.191.210 - - [06/Mar/2018:12:38:28 -0300] "POST /cormun/servlet/solicitudot?gx-no-cache=1520350660026 HTTP/1.1" 200 1217
200.111.191.210 - - [06/Mar/2018:12:38:28 -0300] "GET /cormun/servlet/solicitudot?0589c8d9018a89d41b95be1f0bf2c34abcf10c154bf825f9d00216999beba80fcae23ff813e7fdb8cad595c8bce2798c,gx-no-cache=1520350660111 HTTP/1.1" 200 30
200.111.191.210 - - [06/Mar/2018:12:38:28 -0300] "POST /cormun/servlet/solicitudot?gx-no-cache=1520350660151 HTTP/1.1" 200 30
200.111.191.210 - - [06/Mar/2018:12:38:28 -0300] "POST /cormun/servlet/solicitudot?fb17d42d0ad69c84ec93fe41efe4f997,INS,0,0,,gx-no-cache=1520350660203 HTTP/1.1" 200 12038
192.168.10.50 - - [06/Mar/2018:12:38:30 -0300] "POST /cormun/servlet/solicitudotlog?6e4a86865754e648633059486df32453,INS,2018,8311,0,REC,,gx-no-cache=1520350550092 HTTP/1.1" 200 93
192.168.10.50 - - [06/Mar/2018:12:38:30 -0300] "GET /cormun/servlet/hpexe_return? HTTP/1.1" 200 1047
192.168.10.96 - - [06/Mar/2018:12:38:31 -0300] "POST /cormun/servlet/trsolicitudgral?15503d4ea40be0f4f798b37d36e5bf24,,gx-no-cache=1520350550262 HTTP/1.1" 200 7282
192.168.10.50 - - [06/Mar/2018:12:38:31 -0300] "GET /cormun/servlet/trsolicitudgral?gx-no-cache=1520347253346 HTTP/1.1" 200 13252
192.168.10.50 - - [06/Mar/2018:12:38:31 -0300] "GET /cormun/servlet/trsolicitudgral?gx-no-cache=1520347253346 HTTP/1.1" 200 13269
186.103.157.39 - - [06/Mar/2018:12:38:34 -0300] "POST /cormun/servlet/solicitudot?4e6d9014e5c1904f6c76b2002eabbb86,INS,0,0,,gx-no-cache=1520350665355 HTTP/1.1" 200 93
186.103.157.39 - - [06/Mar/2018:12:38:34 -0300] "GET /cormun/servlet/hpexe_return? HTTP/1.1" 200 1002
186.103.157.39 - - [06/Mar/2018:12:38:35 -0300] "GET /cormun/static/gxcfg.js?2016101716175148 HTTP/1.1" 200 953
186.103.157.39 - - [06/Mar/2018:12:38:35 -0300] "GET /cormun/static/hpexe_return.js?2016101716175153 HTTP/1.1" 200 1633
186.103.157.39 - - [06/Mar/2018:12:38:35 -0300] "GET /cormun/static/Resources/Spanish/PXTools.css?167811 HTTP/1.1" 200 89042
186.103.157.39 - - [06/Mar/2018:12:38:35 -0300] "GET /cormun/servlet/trsolicitudot HTTP/1.1" 200 8554
186.103.157.39 - - [06/Mar/2018:12:38:36 -0300] "GET /cormun//static/Resources/PXToolsGridUpdate.png HTTP/1.1" 200 2984
186.103.157.39 - - [06/Mar/2018:12:38:36 -0300] "GET /cormun//static/Resources/PXToolsGridDelete.png HTTP/1.1" 200 357
186.103.157.39 - - [06/Mar/2018:12:38:36 -0300] "GET /cormun//static/Resources/PXToolsRemoveAllAction.png HTTP/1.1" 200 3558
186.103.157.39 - - [06/Mar/2018:12:38:36 -0300] "GET /cormun//static/Resources/PXToolsActionView.png HTTP/1.1" 200 2995
186.103.157.39 - - [06/Mar/2018:12:38:36 -0300] "GET /cormun//static/Resources/PXTools/ActionInsert.png HTTP/1.1" 200 1482
186.103.157.39 - - [06/Mar/2018:12:38:36 -0300] "GET /cormun/servlet/trsolicitudot HTTP/1.1" 200 8550
192.168.10.96 - - [06/Mar/2018:12:38:37 -0300] "GET /cormun/servlet/hlogin HTTP/1.1" 200 1733
200.111.191.210 - - [06/Mar/2018:12:38:38 -0300] "GET /cormun/servlet/solicitudot?0589c8d9018a89d41b95be1f0bf2c34a4a2e70a682deefad8887e43a378c5590316225e2a01ac590d0c6fdaa0babfac1,gx-no-cache=1520350669916 HTTP/1.1" 200 103
200.111.191.210 - - [06/Mar/2018:12:38:38 -0300] "POST /cormun/servlet/solicitudot?gx-no-cache=1520350669957 HTTP/1.1" 200 254
200.111.191.210 - - [06/Mar/2018:12:38:38 -0300] "GET /cormun/servlet/solicitudot?0589c8d9018a89d41b95be1f0bf2c34afe3f4317f1b14a8da86a85d701f030af56411731b4a4e9375b2442493c978278cc7a3dc44a59e000f3790505c6d865208d66f3685b028562dad7ab6dbd5092186067a969503e4be6b94acec71a619a8e071a65e9efeeecc69da1cb81b28d616295ff46c33a0fc04a2df25f077dd7fe06d47b8a300b7992ee8362d27b3ebf487824ddca8ff0133ccd9dd6f1c3a3a6842415d3a45dd87c720e03c3d01c961c440c5faacbbe8d7dea1a393778efcab2986e20df375e8de79431acfeb365e2575f117e7f78b2e2eac58ba14b30c040a5f1a5f2f8ae9c03e202ead3e05c64ad1924b7e712ec7542f77b0cb5856e993780b41ef5a8b708fc62fbacb9dcbc458c6e03865c0c7729e0d6c300fcc582c08254c2c89b79af3b9aacc4cfe385bded8f5e3f9c2a7686c3452670d0ac19d7faea555b6fe973184fce1c64ab7c0dce213c202114a98ed619414ff1cde8451211dbc1d195a225aaa517e6238284cb08a2227182fe9b7184ba78085f61f907d0fd2414c340,gx-no-cache=1520350670006 HTTP/1.1" 200 30
200.111.191.210 - - [06/Mar/2018:12:38:38 -0300] "POST /cormun/servlet/solicitudot?gx-no-cache=1520350670038 HTTP/1.1" 200 30
200.111.191.210 - - [06/Mar/2018:12:38:38 -0300] "POST /cormun/servlet/solicitudot?gx-no-cache=1520350670063 HTTP/1.1" 200 1338
200.111.191.210 - - [06/Mar/2018:12:38:38 -0300] "POST /cormun/servlet/solicitudot?gx-no-cache=1520350670104 HTTP/1.1" 200 41
200.111.191.210 - - [06/Mar/2018:12:38:38 -0300] "POST /cormun/servlet/solicitudot?gx-no-cache=1520350670141 HTTP/1.1" 200 1319
200.111.191.210 - - [06/Mar/2018:12:38:38 -0300] "POST /cormun/servlet/solicitudot?gx-no-cache=1520350670185 HTTP/1.1" 200 1217
200.111.191.210 - - [06/Mar/2018:12:38:38 -0300] "GET /cormun/servlet/solicitudot?0589c8d9018a89d41b95be1f0bf2c34abcf10c154bf825f9d00216999beba80fcae23ff813e7fdb8cad595c8bce2798c,gx-no-cache=1520350670254 HTTP/1.1" 200 30
200.111.191.210 - - [06/Mar/2018:12:38:38 -0300] "POST /cormun/servlet/solicitudot?gx-no-cache=1520350670281 HTTP/1.1" 200 30
200.111.191.210 - - [06/Mar/2018:12:38:39 -0300] "POST /cormun/servlet/solicitudot?fb17d42d0ad69c84ec93fe41efe4f997,INS,0,0,,gx-no-cache=1520350670325 HTTP/1.1" 200 12085
186.103.157.39 - - [06/Mar/2018:12:38:44 -0300] "POST /cormun/servlet/trsolicitudot?4e6d9014e5c1904f6c76b2002eabbb86,gx-no-cache=1520350675605 HTTP/1.1" 200 4479
186.103.157.39 - - [06/Mar/2018:12:38:44 -0300] "GET /cormun/static/Shared/jqueryui/images/ui-icons_82798d_256x240.png HTTP/1.1" 404 1089
186.103.157.39 - - [06/Mar/2018:12:38:44 -0300] "GET /cormun/static/Shared/jqueryui/images/ui-bg_highlight-soft_100_c6c2c8_1x100.png HTTP/1.1" 404 1117
186.103.157.39 - - [06/Mar/2018:12:38:44 -0300] "GET /cormun/static/Shared/jqueryui/images/ui-bg_flat_55_fafafa_40x100.png HTTP/1.1" 404 1097
186.103.157.39 - - [06/Mar/2018:12:38:44 -0300] "GET /cormun/static/Shared/jqueryui/images/ui-icons_8d78a5_256x240.png HTTP/1.1" 404 1089
186.103.157.39 - - [06/Mar/2018:12:38:44 -0300] "POST /cormun/servlet/trsolicitudot?4e6d9014e5c1904f6c76b2002eabbb86,gx-no-cache=1520350675909 HTTP/1.1" 200 4243
192.168.10.96 - - [06/Mar/2018:12:38:48 -0300] "POST /cormun/servlet/hlogin?15503d4ea40be0f4f798b37d36e5bf24,gx-no-cache=1520350567783 HTTP/1.1" 200 450
192.168.10.96 - - [06/Mar/2018:12:38:52 -0300] "POST /cormun/servlet/hlogin?15503d4ea40be0f4f798b37d36e5bf24,gx-no-cache=1520350571189 HTTP/1.1" 200 90
192.168.10.96 - - [06/Mar/2018:12:38:52 -0300] "GET /cormun/servlet/hpexe_link HTTP/1.1" 200 946
192.168.10.96 - - [06/Mar/2018:12:38:52 -0300] "GET /cormun/servlet/hhome HTTP/1.1" 200 4136
192.168.10.96 - - [06/Mar/2018:12:38:52 -0300] "GET /cormun/servlet/hhome HTTP/1.1" 200 4132
192.168.10.50 - - [06/Mar/2018:12:38:53 -0300] "POST /cormun/servlet/trsolicitudgral?6e4a86865754e648633059486df32453,gx-no-cache=1520347253346,gx-no-cache=1520350572938 HTTP/1.1" 200 9879
192.168.10.50 - - [06/Mar/2018:12:38:54 -0300] "GET /cormun/static/Shared/jqueryui/images/ui-icons_8d78a5_256x240.png HTTP/1.1" 404 1089
192.168.10.50 - - [06/Mar/2018:12:38:54 -0300] "GET /cormun/static/Shared/jqueryui/images/ui-icons_82798d_256x240.png HTTP/1.1" 404 1089
192.168.10.50 - - [06/Mar/2018:12:38:54 -0300] "GET /cormun/static/Shared/jqueryui/images/ui-bg_highlight-soft_100_c6c2c8_1x100.png HTTP/1.1" 404 1117
192.168.10.50 - - [06/Mar/2018:12:38:54 -0300] "GET /cormun/static/Shared/jqueryui/images/ui-bg_flat_55_fafafa_40x100.png HTTP/1.1" 404 1097
192.168.10.96 - - [06/Mar/2018:12:38:54 -0300] "GET /cormun/servlet/trsolicitudot? HTTP/1.1" 200 8738
192.168.10.96 - - [06/Mar/2018:12:38:54 -0300] "GET /cormun/servlet/trsolicitudot? HTTP/1.1" 200 8736
192.168.10.96 - - [06/Mar/2018:12:38:57 -0300] "POST /cormun/servlet/trsolicitudot?15503d4ea40be0f4f798b37d36e5bf24,,gx-no-cache=1520350576387 HTTP/1.1" 200 106
192.168.10.96 - - [06/Mar/2018:12:38:57 -0300] "GET /cormun/servlet/solicitudot?UPD,2018,9663, HTTP/1.1" 200 15366
192.168.10.96 - - [06/Mar/2018:12:38:57 -0300] "GET /cormun/servlet/solicitudot?UPD,2018,9663, HTTP/1.1" 200 15375
186.103.157.39 - - [06/Mar/2018:12:38:57 -0300] "GET /cormun/servlet/solicitudot?INS,0,0, HTTP/1.1" 200 13382
192.168.10.96 - - [06/Mar/2018:12:38:58 -0300] "POST /cormun/servlet/solicitudot?gx-no-cache=1520350577461 HTTP/1.1" 200 3397
192.168.10.96 - - [06/Mar/2018:12:38:58 -0300] "POST /cormun/servlet/solicitudot?15503d4ea40be0f4f798b37d36e5bf24,UPD,2018,9663,,gx-no-cache=1520350577689 HTTP/1.1" 200 11695
192.168.10.96 - - [06/Mar/2018:12:38:58 -0300] "GET /cormun/servlet/solicitudot?85c66e242035e628537442c72cafee0acb2f446ce87da5514f95ba7415014afe2b497a3a6a331f1ae40fd2ee972eb061,gx-no-cache=1520350577885 HTTP/1.1" 200 30
192.168.10.96 - - [06/Mar/2018:12:38:58 -0300] "GET /cormun/servlet/solicitudot?85c66e242035e628537442c72cafee0a1655ddef67ebdae9c6cfcd9c6fb512b92c71e970091c8704b2a3e163df8929c8a27003b14ec400b4dbc2ced5653cf5cc,gx-no-cache=1520350577916 HTTP/1.1" 200 30
192.168.10.96 - - [06/Mar/2018:12:38:58 -0300] "GET /cormun/servlet/solicitudot?85c66e242035e628537442c72cafee0a2630b499e59fcc1a2964de9ac823200fcdafcda66b669cafe262f8048275cdb2e4086be35ca74354ebe77b61c3ca5966,gx-no-cache=1520350577944 HTTP/1.1" 200 53
192.168.10.96 - - [06/Mar/2018:12:38:58 -0300] "POST /cormun/servlet/solicitudot?gx-no-cache=1520350577972 HTTP/1.1" 200 256
192.168.10.96 - - [06/Mar/2018:12:38:58 -0300] "GET /cormun/servlet/solicitudot?85c66e242035e628537442c72cafee0a9e7a196c6d5502d84ceff8eefe8634626ff4bb84c797274ba42c49ad2bb372f7ceabe9fa2c4e363bce952f0d5687674fd1e2155ed020cec0acd4a9d4b816cd35fb95e028e044ff41bbae7b5505d78f5045362789d535266b3cef601cea13712155b41b6766d06ebe2dd40210eeb03594fb0467a2e65bdb14548e718efd3e3332f8c94e2192e172ee82fc50cb4b1e0a9dac5ebff061b9b221943f6cf275e11afeb6e44895631e6669876f717edf5196c252cdced143c3e3404a7c916c9bf52fc1c49bf74d75c4de55f630ef993a70eb0c8b9f34738abb9990a661399484e3141c51a5a7ff7a0cff5020894f8169c0521de579d377d0fb55e31ffbe30395197d7cc6c32ee8312c28262e361c7c13b44cf5cf8a4cbdb41ebf5e95a4d7a42b42bf5b404416240adc575e1d3ccd33014a509458fc813e4368d3835f2f69a1abd335694f9430d9e63cc01e44a09eec304343c0de54417ed79a2d95e8f9283bbbb19eaafcd89554aeba4c0bcc54cb3cae83d282,gx-no-cache=1520350578006 HTTP/1.1" 200 30
192.168.10.96 - - [06/Mar/2018:12:38:58 -0300] "POST /cormun/servlet/solicitudot?gx-no-cache=1520350578036 HTTP/1.1" 200 30
192.168.10.96 - - [06/Mar/2018:12:38:58 -0300] "POST /cormun/servlet/solicitudot?gx-no-cache=1520350578074 HTTP/1.1" 200 1336
192.168.10.96 - - [06/Mar/2018:12:38:58 -0300] "POST /cormun/servlet/solicitudot?gx-no-cache=1520350578123 HTTP/1.1" 200 41
186.103.157.39 - - [06/Mar/2018:12:38:59 -0300] "GET /cormun/servlet/solicitudot?INS,0,0, HTTP/1.1" 200 13387
200.72.197.82 - - [06/Mar/2018:12:38:59 -0300] "GET /cormun/servlet/trfichaempleado? HTTP/1.1" 200 9483
200.72.197.82 - - [06/Mar/2018:12:39:03 -0300] "GET /cormun/servlet/trfichaempleado? HTTP/1.1" 200 9483
192.168.10.96 - - [06/Mar/2018:12:39:06 -0300] "GET /cormun/servlet/solicitudot?85c66e242035e628537442c72cafee0a3fb54aa196e75e558b396158d70ea648f22b50c36fbecf0566c326a17921f29a830e0fc6e72c012f039d30e93ad090ce510285f68bb270c3adab8c7b1c8c77a9edfc4d2b9d1b88a0f44f13bc6e2bd55c610b9ca8d0269d7c07b560c0450f8810bddda2a3863e255fd39d17bd3fb81734b480e1ab5f8af9c8de4605739478b6e3a3e49d682b9a1c8fec967878a118d799,gx-no-cache=1520350585584 HTTP/1.1" 200 29
192.168.10.96 - - [06/Mar/2018:12:39:06 -0300] "POST /cormun/servlet/solicitudot?gx-no-cache=1520350585602 HTTP/1.1" 200 1319
192.168.10.96 - - [06/Mar/2018:12:39:06 -0300] "POST /cormun/servlet/solicitudot?gx-no-cache=1520350585651 HTTP/1.1" 200 1219
192.168.10.96 - - [06/Mar/2018:12:39:06 -0300] "GET /cormun/servlet/solicitudot?85c66e242035e628537442c72cafee0a2281c08bb3e4b5dc80a0eddabc3236cc4fbc6b9196359bf73c098a7052ae4775,gx-no-cache=1520350585683 HTTP/1.1" 200 30
192.168.10.96 - - [06/Mar/2018:12:39:06 -0300] "POST /cormun/servlet/solicitudot?gx-no-cache=1520350585705 HTTP/1.1" 200 33
192.168.10.96 - - [06/Mar/2018:12:39:06 -0300] "POST /cormun/servlet/solicitudot?15503d4ea40be0f4f798b37d36e5bf24,UPD,2018,9663,,gx-no-cache=1520350585765 HTTP/1.1" 200 93
192.168.10.96 - - [06/Mar/2018:12:39:06 -0300] "GET /cormun/servlet/hpexe_return? HTTP/1.1" 200 1008
192.168.10.96 - - [06/Mar/2018:12:39:06 -0300] "GET /cormun/servlet/trsolicitudot HTTP/1.1" 200 8740
192.168.10.96 - - [06/Mar/2018:12:39:07 -0300] "GET /cormun/servlet/trsolicitudot HTTP/1.1" 200 8736
200.111.191.210 - - [06/Mar/2018:12:39:08 -0300] "GET /cormun/servlet/solicitudot?0589c8d9018a89d41b95be1f0bf2c34adba7d5aa01c63df61730b5cb7bb918bbdb1d8f0c9da4884323e1ad2c69854347b1f9458a748a1a9ca610a61fb33a62cf,gx-no-cache=1520350699328 HTTP/1.1" 200 30
200.111.191.210 - - [06/Mar/2018:12:39:08 -0300] "POST /cormun/servlet/solicitudot?gx-no-cache=1520350699473 HTTP/1.1" 200 254
200.111.191.210 - - [06/Mar/2018:12:39:08 -0300] "GET /cormun/servlet/solicitudot?0589c8d9018a89d41b95be1f0bf2c34afe3f4317f1b14a8da86a85d701f030af56411731b4a4e9375b2442493c978278cc7a3dc44a59e000f3790505c6d865208d66f3685b028562dad7ab6dbd5092186067a969503e4be6b94acec71a619a8e071a65e9efeeecc69da1cb81b28d616295ff46c33a0fc04a2df25f077dd7fe06d47b8a300b7992ee8362d27b3ebf487824ddca8ff0133ccd9dd6f1c3a3a6842415d3a45dd87c720e03c3d01c961c440c5faacbbe8d7dea1a393778efcab2986e20df375e8de79431acfeb365e2575f117e7f78b2e2eac58ba14b30c040a5f1a5f2f8ae9c03e202ead3e05c64ad1924b7e712ec7542f77b0cb5856e993780b41ef5a8b708fc62fbacb9dcbc458c6e03865c0c7729e0d6c300fcc582c08254c2c89b79af3b9aacc4cfe385bded8f5e3f9c2a7686c3452670d0ac19d7faea555b6fe973184fce1c64ab7c0dce213c202114a98ed619414ff1cde8451211dbc1d195a225aaa517e6238284cb08a2227182fe9b7184ba78085f61f907d0fd2414c340,gx-no-cache=1520350699498 HTTP/1.1" 200 30
200.111.191.210 - - [06/Mar/2018:12:39:08 -0300] "POST /cormun/servlet/solicitudot?gx-no-cache=1520350699520 HTTP/1.1" 200 30
200.111.191.210 - - [06/Mar/2018:12:39:08 -0300] "POST /cormun/servlet/solicitudot?gx-no-cache=1520350699546 HTTP/1.1" 200 1338
200.111.191.210 - - [06/Mar/2018:12:39:08 -0300] "POST /cormun/servlet/solicitudot?gx-no-cache=1520350699599 HTTP/1.1" 200 41
200.111.191.210 - - [06/Mar/2018:12:39:08 -0300] "POST /cormun/servlet/solicitudot?gx-no-cache=1520350699623 HTTP/1.1" 200 1319
200.111.191.210 - - [06/Mar/2018:12:39:08 -0300] "POST /cormun/servlet/solicitudot?gx-no-cache=1520350699682 HTTP/1.1" 200 1217
200.111.191.210 - - [06/Mar/2018:12:39:08 -0300] "GET /cormun/servlet/solicitudot?0589c8d9018a89d41b95be1f0bf2c34abcf10c154bf825f9d00216999beba80fcae23ff813e7fdb8cad595c8bce2798c,gx-no-cache=1520350699736 HTTP/1.1" 200 30
200.111.191.210 - - [06/Mar/2018:12:39:08 -0300] "POST /cormun/servlet/solicitudot?gx-no-cache=1520350699783 HTTP/1.1" 200 30
200.111.191.210 - - [06/Mar/2018:12:39:08 -0300] "POST /cormun/servlet/solicitudot?fb17d42d0ad69c84ec93fe41efe4f997,INS,0,0,,gx-no-cache=1520350699809 HTTP/1.1" 200 12132
192.168.10.96 - - [06/Mar/2018:12:39:09 -0300] "POST /cormun/servlet/trsolicitudot?15503d4ea40be0f4f798b37d36e5bf24,gx-no-cache=1520350588370 HTTP/1.1" 200 4678
192.168.10.96 - - [06/Mar/2018:12:39:09 -0300] "GET /cormun/static/Shared/jqueryui/images/ui-bg_highlight-soft_100_c6c2c8_1x100.png HTTP/1.1" 404 1117
192.168.10.96 - - [06/Mar/2018:12:39:09 -0300] "GET /cormun/static/Shared/jqueryui/images/ui-icons_82798d_256x240.png HTTP/1.1" 404 1089
192.168.10.96 - - [06/Mar/2018:12:39:09 -0300] "GET /cormun/static/Shared/jqueryui/images/ui-bg_flat_55_fafafa_40x100.png HTTP/1.1" 404 1097
192.168.10.96 - - [06/Mar/2018:12:39:09 -0300] "GET /cormun/static/Shared/jqueryui/images/ui-icons_8d78a5_256x240.png HTTP/1.1" 404 1089
192.168.10.96 - - [06/Mar/2018:12:39:09 -0300] "POST /cormun/servlet/trsolicitudot?15503d4ea40be0f4f798b37d36e5bf24,gx-no-cache=1520350588534 HTTP/1.1" 200 4451
192.168.10.96 - - [06/Mar/2018:12:39:11 -0300] "GET /cormun/servlet/trautorizarsolicitud? HTTP/1.1" 200 9466
192.168.10.96 - - [06/Mar/2018:12:39:11 -0300] "GET /cormun/servlet/trautorizarsolicitud? HTTP/1.1" 200 9466
192.168.10.96 - - [06/Mar/2018:12:39:15 -0300] "POST /cormun/servlet/trautorizarsolicitud?15503d4ea40be0f4f798b37d36e5bf24,,gx-no-cache=1520350594817 HTTP/1.1" 200 6172
192.168.10.96 - - [06/Mar/2018:12:39:15 -0300] "GET /cormun/static/Shared/jqueryui/images/ui-icons_82798d_256x240.png HTTP/1.1" 404 1089
192.168.10.96 - - [06/Mar/2018:12:39:15 -0300] "GET /cormun/static/Shared/jqueryui/images/ui-bg_highlight-soft_100_c6c2c8_1x100.png HTTP/1.1" 404 1117
192.168.10.96 - - [06/Mar/2018:12:39:15 -0300] "GET /cormun/static/Shared/jqueryui/images/ui-icons_8d78a5_256x240.png HTTP/1.1" 404 1089
192.168.10.96 - - [06/Mar/2018:12:39:15 -0300] "GET /cormun/static/Shared/jqueryui/images/ui-bg_flat_55_fafafa_40x100.png HTTP/1.1" 404 1097
