186.103.132.155 - - [06/Mar/2018:09:07:57 -0300] "POST /cormun/servlet/solicitudot?gx-no-cache=1520338027164 HTTP/1.1" 200 41
186.103.132.155 - - [06/Mar/2018:09:07:58 -0300] "POST /cormun/servlet/solicitudot?gx-no-cache=1520338027352 HTTP/1.1" 200 1319
186.103.132.155 - - [06/Mar/2018:09:07:58 -0300] "POST /cormun/servlet/solicitudot?gx-no-cache=1520338027560 HTTP/1.1" 200 1218
186.103.132.155 - - [06/Mar/2018:09:07:58 -0300] "GET /cormun/servlet/solicitudot?78f5a326c4571ccc41fad0557dd3a5c3ff87502a434d0c47e53b9307f265d3e155a7e96ac7b1d0249d97a512ac960377,gx-no-cache=1520338027765 HTTP/1.1" 200 30
186.103.132.155 - - [06/Mar/2018:09:07:58 -0300] "POST /cormun/servlet/solicitudot?gx-no-cache=1520338027881 HTTP/1.1" 200 33
186.103.132.155 - - [06/Mar/2018:09:07:59 -0300] "POST /cormun/servlet/solicitudot?fe3c224c50bb76693a6577603ef4990a,INS,0,0,,gx-no-cache=1520338028100 HTTP/1.1" 200 12394
186.103.132.155 - - [06/Mar/2018:09:08:04 -0300] "GET /cormun/static/Shared/jqueryui/images/ui-bg_highlight-soft_100_eae6ea_1x100.png HTTP/1.1" 404 1117
186.103.158.250 - - [06/Mar/2018:09:08:19 -0300] "POST /cormun/servlet/solicitudot?e80e845129325b7c99e884314e0d0e39,INS,0,0,,gx-no-cache=1520338050050 HTTP/1.1" 200 11944
186.103.158.250 - - [06/Mar/2018:09:08:54 -0300] "GET /cormun/servlet/solicitudot?b97a1769011922dd827882554b2e324646f45af9b46d89ba4a196d78c93e856e,gx-no-cache=1520338085191 HTTP/1.1" 200 123
186.103.158.250 - - [06/Mar/2018:09:08:54 -0300] "GET /cormun/servlet/solicitudot?b97a1769011922dd827882554b2e3246530b9e35dc75456f1db47cbd29c5a08a7795964e0914239de41d8ea96a2dffb30e33d2b1fd9fc8f3a75f0056542086426c4b6ecfbc5e327bb6ad9974911e6b1cbae8a29ccb7dbd50f903827f45b5f25e26d8423a0f80932d8e238d70d5f7b2868e557c599f6108defd6f6dacebc342ed17321069304c0788ace3adeed59f7dacd25cbdf78d78b07a2a2db67767891ca5e2d8f242da71354c1aa9f9c4fd326a46f2fdb16b95f361ab377e14381d3b57241de80d38326f40461956078a690f948b2353f4d1849dcb20bba9d7d3695d4ea447a793ef27d5e2a1712bcebc8773fbbaa84863dbbf9b2a409d27f6d951b38b2f8277adf94b144a6127871d29387957fe262833d88e2034e1f2bba6d9a930435e93619ff93df827cf8b12e5437e135b5cb44f942eea677d7ea77100243cfaed03b00449e38fcdf39f0066b8bca0c36ed7d1b7c3375254f920e2b3515b8b7461a1282b6466ed75fe255deac48e5dad73cbf56c685fbff39ec03a12a65018fe03a3,gx-no-cache=1520338085362 HTTP/1.1" 200 30
186.103.158.250 - - [06/Mar/2018:09:08:54 -0300] "POST /cormun/servlet/solicitudot?gx-no-cache=1520338085457 HTTP/1.1" 200 30
186.103.158.250 - - [06/Mar/2018:09:08:54 -0300] "POST /cormun/servlet/solicitudot?gx-no-cache=1520338085569 HTTP/1.1" 200 1332
186.103.158.250 - - [06/Mar/2018:09:08:54 -0300] "POST /cormun/servlet/solicitudot?gx-no-cache=1520338085747 HTTP/1.1" 200 41
186.103.158.250 - - [06/Mar/2018:09:08:54 -0300] "POST /cormun/servlet/solicitudot?gx-no-cache=1520338085850 HTTP/1.1" 200 1317
186.103.158.250 - - [06/Mar/2018:09:08:55 -0300] "POST /cormun/servlet/solicitudot?gx-no-cache=1520338085953 HTTP/1.1" 200 1215
186.103.158.250 - - [06/Mar/2018:09:08:55 -0300] "GET /cormun/servlet/solicitudot?b97a1769011922dd827882554b2e3246b4c473e69e5f871cfeed9060ba268e45839ce8f6058355cb160e39dc9339dd81,gx-no-cache=1520338086475 HTTP/1.1" 200 30
186.103.158.250 - - [06/Mar/2018:09:08:55 -0300] "POST /cormun/servlet/solicitudot?gx-no-cache=1520338086560 HTTP/1.1" 200 30
186.103.158.250 - - [06/Mar/2018:09:08:55 -0300] "POST /cormun/servlet/solicitudot?e80e845129325b7c99e884314e0d0e39,INS,0,0,,gx-no-cache=1520338086672 HTTP/1.1" 200 12001
186.103.158.250 - - [06/Mar/2018:09:09:05 -0300] "POST /cormun/servlet/solicitudot?gx-no-cache=1520338096553 HTTP/1.1" 200 1317
186.103.158.250 - - [06/Mar/2018:09:09:05 -0300] "POST /cormun/servlet/solicitudot?gx-no-cache=1520338096684 HTTP/1.1" 200 1215
186.103.158.250 - - [06/Mar/2018:09:09:05 -0300] "GET /cormun/servlet/solicitudot?b97a1769011922dd827882554b2e3246b4c473e69e5f871cfeed9060ba268e45839ce8f6058355cb160e39dc9339dd81,gx-no-cache=1520338096796 HTTP/1.1" 200 30
186.103.158.250 - - [06/Mar/2018:09:09:05 -0300] "POST /cormun/servlet/solicitudot?gx-no-cache=1520338096836 HTTP/1.1" 200 30
186.103.158.250 - - [06/Mar/2018:09:09:05 -0300] "POST /cormun/servlet/solicitudot?e80e845129325b7c99e884314e0d0e39,INS,0,0,,gx-no-cache=1520338096892 HTTP/1.1" 200 12059
186.103.158.250 - - [06/Mar/2018:09:09:19 -0300] "POST /cormun/servlet/solicitudot?e80e845129325b7c99e884314e0d0e39,INS,0,0,,gx-no-cache=1520338110439 HTTP/1.1" 200 11884
186.103.158.250 - - [06/Mar/2018:09:09:19 -0300] "GET /cormun/static/Shared/jqueryui/images/ui-bg_flat_55_fafafa_40x100.png HTTP/1.1" 404 1097
186.103.158.250 - - [06/Mar/2018:09:09:19 -0300] "GET /cormun/static/Shared/jqueryui/images/ui-icons_8d78a5_256x240.png HTTP/1.1" 404 1089
192.168.10.96 - - [06/Mar/2018:09:09:22 -0300] "GET /cormun/servlet/trsolicitudgral? HTTP/1.1" 200 27688
186.103.158.250 - - [06/Mar/2018:09:09:22 -0300] "POST /cormun/servlet/solicitudot?gx-no-cache=1520338113686 HTTP/1.1" 200 3480
186.103.159.189 - - [06/Mar/2018:09:09:22 -0300] "POST /cormun/servlet/trautorizarsolicitud?4f02fc37207b487a9aaf8fd7ea7cfceb,gx-no-cache=1520341712454 HTTP/1.1" 200 7780
186.103.158.250 - - [06/Mar/2018:09:09:22 -0300] "GET /cormun/servlet/solicitudot?b97a1769011922dd827882554b2e324646f45af9b46d89ba4a196d78c93e856e,gx-no-cache=1520338113931 HTTP/1.1" 200 123
186.103.158.250 - - [06/Mar/2018:09:09:22 -0300] "POST /cormun/servlet/solicitudot?gx-no-cache=1520338114026 HTTP/1.1" 200 256
186.103.158.250 - - [06/Mar/2018:09:09:23 -0300] "GET /cormun/servlet/solicitudot?b97a1769011922dd827882554b2e3246530b9e35dc75456f1db47cbd29c5a08a7795964e0914239de41d8ea96a2dffb30e33d2b1fd9fc8f3a75f0056542086426c4b6ecfbc5e327bb6ad9974911e6b1cbae8a29ccb7dbd50f903827f45b5f25e26d8423a0f80932d8e238d70d5f7b2868e557c599f6108defd6f6dacebc342ed17321069304c0788ace3adeed59f7dacd25cbdf78d78b07a2a2db67767891ca5e2d8f242da71354c1aa9f9c4fd326a46f2fdb16b95f361ab377e14381d3b57241de80d38326f40461956078a690f948b2353f4d1849dcb20bba9d7d3695d4ea447a793ef27d5e2a1712bcebc8773fbbaa84863dbbf9b2a409d27f6d951b38b2f8277adf94b144a6127871d29387957fe262833d88e2034e1f2bba6d9a930435e93619ff93df827cf8b12e5437e135b5cb44f942eea677d7ea77100243cfaed03b00449e38fcdf39f0066b8bca0c36ed7d1b7c3375254f920e2b3515b8b7461a1282b6466ed75fe255deac48e5dad73cbf56c685fbff39ec03a12a65018fe03a3,gx-no-cache=1520338114094 HTTP/1.1" 200 30
186.103.158.250 - - [06/Mar/2018:09:09:23 -0300] "POST /cormun/servlet/solicitudot?gx-no-cache=1520338114464 HTTP/1.1" 200 30
186.103.158.250 - - [06/Mar/2018:09:09:24 -0300] "POST /cormun/servlet/solicitudot?gx-no-cache=1520338114572 HTTP/1.1" 200 1332
192.168.10.96 - - [06/Mar/2018:09:09:24 -0300] "GET /cormun/servlet/trsolicitudgral? HTTP/1.1" 200 27688
186.103.158.250 - - [06/Mar/2018:09:09:24 -0300] "POST /cormun/servlet/solicitudot?gx-no-cache=1520338115269 HTTP/1.1" 200 41
186.103.158.250 - - [06/Mar/2018:09:09:24 -0300] "GET /cormun/servlet/solicitudot?b97a1769011922dd827882554b2e324618a3ef1dae1db870cd3827b80878df39375a76657c92cd01858040213dd131ef51e5d626f18ce7e228644c08614a9123d5f3e4390c46c8646141ea16ed72a760,gx-no-cache=1520338115717 HTTP/1.1" 200 29
186.103.158.250 - - [06/Mar/2018:09:09:24 -0300] "POST /cormun/servlet/solicitudot?gx-no-cache=1520338115820 HTTP/1.1" 200 1317
186.103.158.250 - - [06/Mar/2018:09:09:25 -0300] "POST /cormun/servlet/solicitudot?gx-no-cache=1520338116026 HTTP/1.1" 200 1215
186.103.158.250 - - [06/Mar/2018:09:09:25 -0300] "GET /cormun/servlet/solicitudot?b97a1769011922dd827882554b2e3246b4c473e69e5f871cfeed9060ba268e45839ce8f6058355cb160e39dc9339dd81,gx-no-cache=1520338116221 HTTP/1.1" 200 30
186.103.158.250 - - [06/Mar/2018:09:09:25 -0300] "POST /cormun/servlet/solicitudot?gx-no-cache=1520338116307 HTTP/1.1" 200 30
186.103.158.250 - - [06/Mar/2018:09:09:26 -0300] "POST /cormun/servlet/solicitudot?e80e845129325b7c99e884314e0d0e39,INS,0,0,,gx-no-cache=1520338116396 HTTP/1.1" 200 12169
186.103.158.250 - - [06/Mar/2018:09:09:28 -0300] "POST /cormun/servlet/solicitudot?e80e845129325b7c99e884314e0d0e39,INS,0,0,,gx-no-cache=1520338119531 HTTP/1.1" 200 12229
192.168.10.96 - - [06/Mar/2018:09:09:32 -0300] "POST /cormun/servlet/trsolicitudgral?01d3c090483bfa1d382a8623ab1a36b9,,gx-no-cache=1520338006810 HTTP/1.1" 200 25012
192.168.10.96 - - [06/Mar/2018:09:09:35 -0300] "POST /cormun/servlet/trsolicitudgral?01d3c090483bfa1d382a8623ab1a36b9,,gx-no-cache=1520338014823 HTTP/1.1" 200 11551
186.103.158.250 - - [06/Mar/2018:09:09:36 -0300] "POST /cormun/servlet/solicitudot?e80e845129325b7c99e884314e0d0e39,INS,0,0,,gx-no-cache=1520338126781 HTTP/1.1" 200 12075
186.103.158.250 - - [06/Mar/2018:09:09:39 -0300] "POST /cormun/servlet/solicitudot?gx-no-cache=1520338130245 HTTP/1.1" 200 3480
186.103.158.250 - - [06/Mar/2018:09:09:39 -0300] "GET /cormun/servlet/solicitudot?b97a1769011922dd827882554b2e324646f45af9b46d89ba4a196d78c93e856e,gx-no-cache=1520338130485 HTTP/1.1" 200 123
186.103.158.250 - - [06/Mar/2018:09:09:41 -0300] "POST /cormun/servlet/solicitudot?e80e845129325b7c99e884314e0d0e39,INS,0,0,,gx-no-cache=1520338132552 HTTP/1.1" 200 12127
186.103.161.206 - - [06/Mar/2018:09:09:51 -0300] "GET /cormun/servlet/solicitudot?78f5a326c4571ccc41fad0557dd3a5c3947aad89780469b4195c471059db63d1134c632f84c3b31d918ed35eb7176a050c70efff0fb8f31e924c4b353f9d85a6,gx-no-cache=1520338140708 HTTP/1.1" 200 30
186.103.161.206 - - [06/Mar/2018:09:09:51 -0300] "POST /cormun/servlet/solicitudot?gx-no-cache=1520338140869 HTTP/1.1" 200 297
186.103.161.206 - - [06/Mar/2018:09:09:51 -0300] "GET /cormun/servlet/solicitudot?78f5a326c4571ccc41fad0557dd3a5c331672907efc9dd1568fbc4861d56bd4daaba4cbe6ca110b4ef1940062729f60ca816e90d0a0afb7ecd2226e3d3a8a1cb8d8b8fe1872ae74b479191915a6323d4b685b7e3159c65e4af053fc6c6a2c6a8c30abde6452ab2ecb265cde5dd8ef12adaf78d45d78c92610a47c181052a685c2cd8b2b93a2e729f445fe58ab98f6d719b36fe99004139f5ac8c06c62b5bbdea666fc52dd8d102033a90921d19c360399f382f8a5c65f5d25bbdc9bef320ceaaa4ced3f2b565add41148dd2b84433a66a3adc84a359ac3e028939d94eb92156756e89966e5c9e47a6829476b21901cbe63ab4a219378e7f1a27a231f5eed83e7e8135cefb34b4865ba900b165fae0649950c615d30c1e08801cc2f88efdb42e98872322b0e6bee8709d482dc7b2919043d9b524e534ee98494b600d6046ad4965fb179d713adbac40a193b6446deadcf05ec341a02ffab4e388ff70d4457890b12561626fe7bb75046192967a13f957b3745255637ee230fcb111ab70e55dda8452586eb84d5a9b396d64babf35f4080,gx-no-cache=1520338141077 HTTP/1.1" 200 30
186.103.161.206 - - [06/Mar/2018:09:09:52 -0300] "POST /cormun/servlet/solicitudot?gx-no-cache=1520338141435 HTTP/1.1" 200 30
186.103.161.206 - - [06/Mar/2018:09:09:52 -0300] "POST /cormun/servlet/solicitudot?gx-no-cache=1520338141593 HTTP/1.1" 200 1337
186.103.161.206 - - [06/Mar/2018:09:09:52 -0300] "POST /cormun/servlet/solicitudot?gx-no-cache=1520338141772 HTTP/1.1" 200 41
186.103.161.206 - - [06/Mar/2018:09:09:53 -0300] "POST /cormun/servlet/solicitudot?gx-no-cache=1520338142280 HTTP/1.1" 200 1319
186.103.161.206 - - [06/Mar/2018:09:09:53 -0300] "POST /cormun/servlet/solicitudot?gx-no-cache=1520338142492 HTTP/1.1" 200 1218
186.103.161.206 - - [06/Mar/2018:09:10:03 -0300] "POST /cormun/servlet/solicitudot?gx-no-cache=1520338152284 HTTP/1.1" 200 297
186.103.161.206 - - [06/Mar/2018:09:10:03 -0300] "GET /cormun/servlet/solicitudot?78f5a326c4571ccc41fad0557dd3a5c331672907efc9dd1568fbc4861d56bd4daaba4cbe6ca110b4ef1940062729f60ca816e90d0a0afb7ecd2226e3d3a8a1cb8d8b8fe1872ae74b479191915a6323d4b685b7e3159c65e4af053fc6c6a2c6a8c30abde6452ab2ecb265cde5dd8ef12adaf78d45d78c92610a47c181052a685c2cd8b2b93a2e729f445fe58ab98f6d719b36fe99004139f5ac8c06c62b5bbdea666fc52dd8d102033a90921d19c360399f382f8a5c65f5d25bbdc9bef320ceaaa4ced3f2b565add41148dd2b84433a66a3adc84a359ac3e028939d94eb92156756e89966e5c9e47a6829476b21901cbe63ab4a219378e7f1a27a231f5eed83e7e8135cefb34b4865ba900b165fae0649950c615d30c1e08801cc2f88efdb42e98872322b0e6bee8709d482dc7b2919043d9b524e534ee98494b600d6046ad4965fb179d713adbac40a193b6446deadcf05ec341a02ffab4e388ff70d4457890b12561626fe7bb75046192967a13f957b3745255637ee230fcb111ab70e55dda8452586eb84d5a9b396d64babf35f4080,gx-no-cache=1520338152502 HTTP/1.1" 200 30
186.103.161.206 - - [06/Mar/2018:09:10:03 -0300] "POST /cormun/servlet/solicitudot?gx-no-cache=1520338152618 HTTP/1.1" 200 30
186.103.161.206 - - [06/Mar/2018:09:10:03 -0300] "POST /cormun/servlet/solicitudot?gx-no-cache=1520338152794 HTTP/1.1" 200 1337
186.103.161.206 - - [06/Mar/2018:09:10:04 -0300] "POST /cormun/servlet/solicitudot?gx-no-cache=1520338153244 HTTP/1.1" 200 41
186.103.161.206 - - [06/Mar/2018:09:10:04 -0300] "POST /cormun/servlet/solicitudot?gx-no-cache=1520338153455 HTTP/1.1" 200 1319
186.103.161.206 - - [06/Mar/2018:09:10:04 -0300] "POST /cormun/servlet/solicitudot?gx-no-cache=1520338153806 HTTP/1.1" 200 1218
186.103.158.250 - - [06/Mar/2018:09:10:25 -0300] "POST /cormun/servlet/solicitudot?gx-no-cache=1520338176713 HTTP/1.1" 200 3480
186.103.158.250 - - [06/Mar/2018:09:10:25 -0300] "GET /cormun/servlet/solicitudot?b97a1769011922dd827882554b2e324646f45af9b46d89ba4a196d78c93e856e,gx-no-cache=1520338177103 HTTP/1.1" 200 123
186.103.158.250 - - [06/Mar/2018:09:10:37 -0300] "POST /cormun/servlet/solicitudot?e80e845129325b7c99e884314e0d0e39,INS,0,0,,gx-no-cache=1520338187723 HTTP/1.1" 200 12180
186.103.158.250 - - [06/Mar/2018:09:10:40 -0300] "POST /cormun/servlet/solicitudot?gx-no-cache=1520338191215 HTTP/1.1" 200 3484
186.103.158.250 - - [06/Mar/2018:09:10:40 -0300] "GET /cormun/servlet/solicitudot?b97a1769011922dd827882554b2e324646f45af9b46d89ba4a196d78c93e856e,gx-no-cache=1520338191418 HTTP/1.1" 200 123
186.103.158.250 - - [06/Mar/2018:09:10:40 -0300] "POST /cormun/servlet/solicitudot?gx-no-cache=1520338191483 HTTP/1.1" 200 256
186.103.158.250 - - [06/Mar/2018:09:10:40 -0300] "GET /cormun/servlet/solicitudot?b97a1769011922dd827882554b2e3246530b9e35dc75456f1db47cbd29c5a08a7795964e0914239de41d8ea96a2dffb30e33d2b1fd9fc8f3a75f0056542086426c4b6ecfbc5e327bb6ad9974911e6b1cbae8a29ccb7dbd50f903827f45b5f25e26d8423a0f80932d8e238d70d5f7b2868e557c599f6108defd6f6dacebc342ed17321069304c0788ace3adeed59f7dacd25cbdf78d78b07a2a2db67767891ca5e2d8f242da71354c1aa9f9c4fd326a46f2fdb16b95f361ab377e14381d3b57241de80d38326f40461956078a690f948b2353f4d1849dcb20bba9d7d3695d4ea447a793ef27d5e2a1712bcebc8773fbbaa84863dbbf9b2a409d27f6d951b38b2f8277adf94b144a6127871d29387957fe262833d88e2034e1f2bba6d9a930435e93619ff93df827cf8b12e5437e135b5cb44f942eea677d7ea77100243cfaed03b00449e38fcdf39f0066b8bca0c36ed7d1b7c3375254f920e2b3515b8b7461a1282b6466ed75fe255deac48e5dad73cbf56c685fbff39ec03a12a65018fe03a3,gx-no-cache=1520338191550 HTTP/1.1" 200 30
186.103.158.250 - - [06/Mar/2018:09:10:40 -0300] "POST /cormun/servlet/solicitudot?gx-no-cache=1520338191891 HTTP/1.1" 200 30
186.103.158.250 - - [06/Mar/2018:09:10:40 -0300] "POST /cormun/servlet/solicitudot?gx-no-cache=1520338191954 HTTP/1.1" 200 1332
186.103.158.250 - - [06/Mar/2018:09:10:40 -0300] "POST /cormun/servlet/solicitudot?gx-no-cache=1520338192064 HTTP/1.1" 200 41
186.103.158.250 - - [06/Mar/2018:09:10:40 -0300] "GET /cormun/servlet/solicitudot?b97a1769011922dd827882554b2e324618a3ef1dae1db870cd3827b80878df39375a76657c92cd01858040213dd131ef51e5d626f18ce7e228644c08614a9123d5f3e4390c46c8646141ea16ed72a760,gx-no-cache=1520338192119 HTTP/1.1" 200 29
186.103.158.250 - - [06/Mar/2018:09:10:41 -0300] "POST /cormun/servlet/solicitudot?gx-no-cache=1520338192161 HTTP/1.1" 200 1317
186.103.158.250 - - [06/Mar/2018:09:10:41 -0300] "POST /cormun/servlet/solicitudot?gx-no-cache=1520338192241 HTTP/1.1" 200 1215
186.103.158.250 - - [06/Mar/2018:09:10:41 -0300] "GET /cormun/servlet/solicitudot?b97a1769011922dd827882554b2e3246b4c473e69e5f871cfeed9060ba268e45839ce8f6058355cb160e39dc9339dd81,gx-no-cache=1520338192314 HTTP/1.1" 200 30
186.103.158.250 - - [06/Mar/2018:09:10:41 -0300] "POST /cormun/servlet/solicitudot?gx-no-cache=1520338192355 HTTP/1.1" 200 30
186.103.158.250 - - [06/Mar/2018:09:10:41 -0300] "POST /cormun/servlet/solicitudot?e80e845129325b7c99e884314e0d0e39,INS,0,0,,gx-no-cache=1520338192405 HTTP/1.1" 200 12439
186.103.158.250 - - [06/Mar/2018:09:10:50 -0300] "POST /cormun/servlet/solicitudot?gx-no-cache=1520338201139 HTTP/1.1" 200 3436
186.103.161.206 - - [06/Mar/2018:09:10:54 -0300] "GET /cormun/servlet/solicitudot?78f5a326c4571ccc41fad0557dd3a5c364da58fc884119f3eeb7a1a27b5554bafcef91de7bb7fd2c04f69ed49bd3259c,gx-no-cache=1520338203609 HTTP/1.1" 200 30
186.103.161.206 - - [06/Mar/2018:09:10:54 -0300] "POST /cormun/servlet/solicitudot?gx-no-cache=1520338203734 HTTP/1.1" 200 33
186.103.161.206 - - [06/Mar/2018:09:10:54 -0300] "POST /cormun/servlet/solicitudot?fe3c224c50bb76693a6577603ef4990a,INS,0,0,,gx-no-cache=1520338203856 HTTP/1.1" 200 12447
186.103.159.189 - - [06/Mar/2018:09:10:56 -0300] "POST /cormun/servlet/trautorizarsolicitud?4f02fc37207b487a9aaf8fd7ea7cfceb,gx-no-cache=1520341805447 HTTP/1.1" 200 23582
186.103.158.250 - - [06/Mar/2018:09:11:19 -0300] "POST /cormun/servlet/solicitudot?gx-no-cache=1520338230211 HTTP/1.1" 200 3484
186.103.158.250 - - [06/Mar/2018:09:11:23 -0300] "GET /cormun/servlet/solicitudot?b97a1769011922dd827882554b2e3246ad954470fe5c0ddfe9acff8bf8dc112ebd524c5187be42229ac92cce55f29674,gx-no-cache=1520338235059 HTTP/1.1" 200 111
186.103.158.250 - - [06/Mar/2018:09:11:24 -0300] "GET /cormun/servlet/solicitudot?b97a1769011922dd827882554b2e324646f45af9b46d89ba4a196d78c93e856e,gx-no-cache=1520338235148 HTTP/1.1" 200 123
186.103.158.250 - - [06/Mar/2018:09:11:24 -0300] "POST /cormun/servlet/solicitudot?gx-no-cache=1520338235247 HTTP/1.1" 200 256
186.103.158.250 - - [06/Mar/2018:09:11:24 -0300] "GET /cormun/servlet/solicitudot?b97a1769011922dd827882554b2e3246530b9e35dc75456f1db47cbd29c5a08a7795964e0914239de41d8ea96a2dffb30e33d2b1fd9fc8f3a75f0056542086426c4b6ecfbc5e327bb6ad9974911e6b1cbae8a29ccb7dbd50f903827f45b5f25e26d8423a0f80932d8e238d70d5f7b2868e557c599f6108defd6f6dacebc342ed17321069304c0788ace3adeed59f7dacd25cbdf78d78b07a2a2db67767891ca5e2d8f242da71354c1aa9f9c4fd326a46f2fdb16b95f361ab377e14381d3b57241de80d38326f40461956078a690f948b2353f4d1849dcb20bba9d7d3695d4ea447a793ef27d5e2a1712bcebc8773fbbaa84863dbbf9b2a409d27f6d951b38b2f8277adf94b144a6127871d29387957fe262833d88e2034e1f2bba6d9a930435e93619ff93df827cf8b12e5437e135b5cb44f942eea677d7ea77100243cfaed03b00449e38fcdf39f0066b8bca0c36ed7d1b7c3375254f920e2b3515b8b7461a1282b6466ed75fe255deac48e5dad73cbf56c685fbff39ec03a12a65018fe03a3,gx-no-cache=1520338235348 HTTP/1.1" 200 30
186.103.158.250 - - [06/Mar/2018:09:11:24 -0300] "POST /cormun/servlet/solicitudot?gx-no-cache=1520338235703 HTTP/1.1" 200 30
186.103.158.250 - - [06/Mar/2018:09:11:24 -0300] "POST /cormun/servlet/solicitudot?gx-no-cache=1520338235772 HTTP/1.1" 200 1332
186.103.158.250 - - [06/Mar/2018:09:11:24 -0300] "POST /cormun/servlet/solicitudot?gx-no-cache=1520338235873 HTTP/1.1" 200 41
186.103.158.250 - - [06/Mar/2018:09:11:24 -0300] "POST /cormun/servlet/solicitudot?gx-no-cache=1520338235922 HTTP/1.1" 200 1317
186.103.158.250 - - [06/Mar/2018:09:11:24 -0300] "POST /cormun/servlet/solicitudot?gx-no-cache=1520338235998 HTTP/1.1" 200 1215
186.103.158.250 - - [06/Mar/2018:09:11:24 -0300] "GET /cormun/servlet/solicitudot?b97a1769011922dd827882554b2e3246b4c473e69e5f871cfeed9060ba268e45839ce8f6058355cb160e39dc9339dd81,gx-no-cache=1520338236055 HTTP/1.1" 200 30
186.103.158.250 - - [06/Mar/2018:09:11:24 -0300] "POST /cormun/servlet/solicitudot?gx-no-cache=1520338236096 HTTP/1.1" 200 30
186.103.158.250 - - [06/Mar/2018:09:11:25 -0300] "POST /cormun/servlet/solicitudot?e80e845129325b7c99e884314e0d0e39,INS,0,0,,gx-no-cache=1520338236145 HTTP/1.1" 200 12566
192.168.10.96 - - [06/Mar/2018:09:11:27 -0300] "POST /cormun/servlet/trsolicitudgral?01d3c090483bfa1d382a8623ab1a36b9,,gx-no-cache=1520338126578 HTTP/1.1" 200 11579
192.168.10.96 - - [06/Mar/2018:09:11:47 -0300] "POST /cormun/servlet/trsolicitudgral?01d3c090483bfa1d382a8623ab1a36b9,,gx-no-cache=1520338147029 HTTP/1.1" 200 11578
192.168.10.96 - - [06/Mar/2018:09:11:54 -0300] "POST /cormun/servlet/trsolicitudgral?01d3c090483bfa1d382a8623ab1a36b9,,gx-no-cache=1520338153428 HTTP/1.1" 200 7715
192.168.10.96 - - [06/Mar/2018:09:12:02 -0300] "POST /cormun/servlet/trsolicitudgral?01d3c090483bfa1d382a8623ab1a36b9,,gx-no-cache=1520338161540 HTTP/1.1" 200 22424
186.103.159.189 - - [06/Mar/2018:09:12:03 -0300] "POST /cormun/servlet/trautorizarsolicitud?4f02fc37207b487a9aaf8fd7ea7cfceb,gx-no-cache=1520341873180 HTTP/1.1" 200 21496
186.103.158.250 - - [06/Mar/2018:09:12:12 -0300] "POST /cormun/servlet/solicitudot?gx-no-cache=1520338283624 HTTP/1.1" 200 1317
186.103.158.250 - - [06/Mar/2018:09:12:12 -0300] "POST /cormun/servlet/solicitudot?gx-no-cache=1520338283741 HTTP/1.1" 200 1215
192.168.10.96 - - [06/Mar/2018:09:12:13 -0300] "POST /cormun/servlet/trsolicitudgral?01d3c090483bfa1d382a8623ab1a36b9,,gx-no-cache=1520338172437 HTTP/1.1" 200 7283
186.103.158.250 - - [06/Mar/2018:09:12:25 -0300] "GET /cormun/servlet/solicitudot?b97a1769011922dd827882554b2e3246b4c473e69e5f871cfeed9060ba268e45839ce8f6058355cb160e39dc9339dd81,gx-no-cache=1520338296429 HTTP/1.1" 200 30
186.103.158.250 - - [06/Mar/2018:09:12:25 -0300] "POST /cormun/servlet/solicitudot?gx-no-cache=1520338296498 HTTP/1.1" 200 30
186.103.158.250 - - [06/Mar/2018:09:12:25 -0300] "POST /cormun/servlet/solicitudot?e80e845129325b7c99e884314e0d0e39,INS,0,0,,gx-no-cache=1520338296584 HTTP/1.1" 200 12648
186.103.158.250 - - [06/Mar/2018:09:12:30 -0300] "POST /cormun/servlet/solicitudot?e80e845129325b7c99e884314e0d0e39,INS,0,0,,gx-no-cache=1520338301070 HTTP/1.1" 200 12466
186.103.158.250 - - [06/Mar/2018:09:12:33 -0300] "POST /cormun/servlet/solicitudot?gx-no-cache=1520338304114 HTTP/1.1" 200 3484
186.103.158.250 - - [06/Mar/2018:09:12:33 -0300] "GET /cormun/servlet/solicitudot?b97a1769011922dd827882554b2e32465891b508e0a83a0cd8193d8d07cb2d0f609d5d4be27c4a4d260b30ffe00170e3,gx-no-cache=1520338304344 HTTP/1.1" 200 30
186.103.158.250 - - [06/Mar/2018:09:12:33 -0300] "GET /cormun/servlet/solicitudot?b97a1769011922dd827882554b2e324646f45af9b46d89ba4a196d78c93e856e,gx-no-cache=1520338304431 HTTP/1.1" 200 123
186.103.158.250 - - [06/Mar/2018:09:12:33 -0300] "POST /cormun/servlet/solicitudot?gx-no-cache=1520338304498 HTTP/1.1" 200 256
186.103.158.250 - - [06/Mar/2018:09:12:33 -0300] "GET /cormun/servlet/solicitudot?b97a1769011922dd827882554b2e3246530b9e35dc75456f1db47cbd29c5a08a7795964e0914239de41d8ea96a2dffb30e33d2b1fd9fc8f3a75f0056542086426c4b6ecfbc5e327bb6ad9974911e6b1cbae8a29ccb7dbd50f903827f45b5f25e26d8423a0f80932d8e238d70d5f7b2868e557c599f6108defd6f6dacebc342ed17321069304c0788ace3adeed59f7dacd25cbdf78d78b07a2a2db67767891ca5e2d8f242da71354c1aa9f9c4fd326a46f2fdb16b95f361ab377e14381d3b57241de80d38326f40461956078a690f948b2353f4d1849dcb20bba9d7d3695d4ea447a793ef27d5e2a1712bcebc8773fbbaa84863dbbf9b2a409d27f6d951b38b2f8277adf94b144a6127871d29387957fe262833d88e2034e1f2bba6d9a930435e93619ff93df827cf8b12e5437e135b5cb44f942eea677d7ea77100243cfaed03b00449e38fcdf39f0066b8bca0c36ed7d1b7c3375254f920e2b3515b8b7461a1282b6466ed75fe255deac48e5dad73cbf56c685fbff39ec03a12a65018fe03a3,gx-no-cache=1520338304588 HTTP/1.1" 200 30
186.103.158.250 - - [06/Mar/2018:09:12:33 -0300] "POST /cormun/servlet/solicitudot?gx-no-cache=1520338304974 HTTP/1.1" 200 30
186.103.158.250 - - [06/Mar/2018:09:12:34 -0300] "POST /cormun/servlet/solicitudot?gx-no-cache=1520338305067 HTTP/1.1" 200 1332
186.103.158.250 - - [06/Mar/2018:09:12:34 -0300] "POST /cormun/servlet/solicitudot?gx-no-cache=1520338305340 HTTP/1.1" 200 41
186.103.158.250 - - [06/Mar/2018:09:12:34 -0300] "GET /cormun/servlet/solicitudot?b97a1769011922dd827882554b2e324618a3ef1dae1db870cd3827b80878df39375a76657c92cd01858040213dd131ef51e5d626f18ce7e228644c08614a9123d5f3e4390c46c8646141ea16ed72a760,gx-no-cache=1520338305423 HTTP/1.1" 200 29
186.103.158.250 - - [06/Mar/2018:09:12:34 -0300] "POST /cormun/servlet/solicitudot?gx-no-cache=1520338305504 HTTP/1.1" 200 1318
186.103.158.250 - - [06/Mar/2018:09:12:34 -0300] "POST /cormun/servlet/solicitudot?gx-no-cache=1520338305659 HTTP/1.1" 200 1218
186.103.158.250 - - [06/Mar/2018:09:12:34 -0300] "GET /cormun/servlet/solicitudot?b97a1769011922dd827882554b2e3246b4c473e69e5f871cfeed9060ba268e45839ce8f6058355cb160e39dc9339dd81,gx-no-cache=1520338305785 HTTP/1.1" 200 30
186.103.158.250 - - [06/Mar/2018:09:12:34 -0300] "POST /cormun/servlet/solicitudot?gx-no-cache=1520338305851 HTTP/1.1" 200 30
186.103.158.250 - - [06/Mar/2018:09:12:35 -0300] "POST /cormun/servlet/solicitudot?e80e845129325b7c99e884314e0d0e39,INS,0,0,,gx-no-cache=1520338305924 HTTP/1.1" 200 12723
186.103.156.166 - - [06/Mar/2018:09:12:35 -0300] "GET /cormun/servlet/hhome HTTP/1.1" 200 3384
186.103.156.166 - - [06/Mar/2018:09:12:35 -0300] "GET /cormun/servlet/hhome HTTP/1.1" 200 3376
186.103.156.166 - - [06/Mar/2018:09:12:35 -0300] "GET /cormun/static/gxtimezone.js?85251 HTTP/1.1" 304 -
186.103.156.166 - - [06/Mar/2018:09:12:35 -0300] "GET /cormun/static/gxcfg.js?20175251212442 HTTP/1.1" 304 -
186.103.156.166 - - [06/Mar/2018:09:12:36 -0300] "GET /cormun/static/messages.spa.js?85251 HTTP/1.1" 304 -
186.103.156.166 - - [06/Mar/2018:09:12:36 -0300] "GET /cormun/servlet/hhome HTTP/1.1" 200 3386
186.103.156.166 - - [06/Mar/2018:09:12:36 -0300] "GET /cormun/servlet/hlogin HTTP/1.1" 200 1727
186.103.156.166 - - [06/Mar/2018:09:12:37 -0300] "GET /cormun/static/gxcfg.js?20175251213516 HTTP/1.1" 304 -
186.103.156.166 - - [06/Mar/2018:09:12:37 -0300] "GET /favicon.ico HTTP/1.1" 200 21630
192.168.10.50 - - [06/Mar/2018:09:12:38 -0300] "POST /cormun/servlet/trsolicitudgral?0a3d557a1eaeaba86cd775f6eea7d209,,gx-no-cache=1520338197741 HTTP/1.1" 200 104
192.168.10.50 - - [06/Mar/2018:09:12:38 -0300] "POST /cormun/servlet/trsolicitudgral?0a3d557a1eaeaba86cd775f6eea7d209,,gx-no-cache=1520338197874 HTTP/1.1" 200 10333
192.168.10.50 - - [06/Mar/2018:09:12:38 -0300] "GET /cormun/SolicitudGral-952.xls HTTP/1.1" 200 8704
186.103.156.166 - - [06/Mar/2018:09:12:51 -0300] "POST /cormun/servlet/hlogin?422db6e8f742f9940770d3ad15bbd69e,gx-no-cache=1520341918101 HTTP/1.1" 200 90
186.103.156.166 - - [06/Mar/2018:09:12:51 -0300] "GET /cormun/servlet/hpexe_link HTTP/1.1" 200 943
186.103.156.166 - - [06/Mar/2018:09:12:51 -0300] "GET /cormun/static/gxcfg.js?20177612121792 HTTP/1.1" 304 -
186.103.156.166 - - [06/Mar/2018:09:12:51 -0300] "GET /cormun/servlet/hhome HTTP/1.1" 200 3880
186.103.156.166 - - [06/Mar/2018:09:12:51 -0300] "GET /cormun/servlet/hhome HTTP/1.1" 200 3876
186.103.156.166 - - [06/Mar/2018:09:12:56 -0300] "GET /cormun/servlet/trlicencias? HTTP/1.1" 200 8263
186.103.156.166 - - [06/Mar/2018:09:12:56 -0300] "GET /cormun/static/gxcfg.js?20176272054169 HTTP/1.1" 304 -
186.103.156.166 - - [06/Mar/2018:09:12:56 -0300] "GET /cormun/static/calendar.js?85251 HTTP/1.1" 304 -
186.103.156.166 - - [06/Mar/2018:09:12:56 -0300] "GET /cormun/static/calendar-setup.js?85251 HTTP/1.1" 304 -
186.103.156.166 - - [06/Mar/2018:09:12:56 -0300] "GET /cormun/static/calendar-es.js?85251 HTTP/1.1" 304 -
186.103.156.166 - - [06/Mar/2018:09:12:56 -0300] "GET /cormun/static/gxdec.js?85251 HTTP/1.1" 304 -
186.103.156.166 - - [06/Mar/2018:09:12:56 -0300] "GET /cormun/servlet/trlicencias? HTTP/1.1" 200 8260
186.103.158.250 - - [06/Mar/2018:09:12:59 -0300] "POST /cormun/servlet/solicitudot?gx-no-cache=1520338330154 HTTP/1.1" 200 1318
186.103.158.250 - - [06/Mar/2018:09:12:59 -0300] "POST /cormun/servlet/solicitudot?gx-no-cache=1520338330397 HTTP/1.1" 200 1218
186.103.158.250 - - [06/Mar/2018:09:12:59 -0300] "GET /cormun/servlet/solicitudot?b97a1769011922dd827882554b2e3246b4c473e69e5f871cfeed9060ba268e45839ce8f6058355cb160e39dc9339dd81,gx-no-cache=1520338330464 HTTP/1.1" 200 30
186.103.158.250 - - [06/Mar/2018:09:12:59 -0300] "POST /cormun/servlet/solicitudot?gx-no-cache=1520338330532 HTTP/1.1" 200 30
186.103.158.250 - - [06/Mar/2018:09:12:59 -0300] "POST /cormun/servlet/solicitudot?e80e845129325b7c99e884314e0d0e39,INS,0,0,,gx-no-cache=1520338330617 HTTP/1.1" 200 12759
186.103.158.250 - - [06/Mar/2018:09:13:03 -0300] "POST /cormun/servlet/solicitudot?e80e845129325b7c99e884314e0d0e39,INS,0,0,,gx-no-cache=1520338334029 HTTP/1.1" 200 12568
186.103.158.250 - - [06/Mar/2018:09:13:06 -0300] "GET /cormun/servlet/prbanco?,MD,,gxPopupLevel%3D0%3B HTTP/1.1" 200 6630
186.103.156.166 - - [06/Mar/2018:09:13:09 -0300] "GET /cormun/servlet/licenciaspermisos?INS,0,,, HTTP/1.1" 200 7409
186.103.156.166 - - [06/Mar/2018:09:13:09 -0300] "GET /cormun/static/gxcfg.js?201762917281167 HTTP/1.1" 200 953
186.103.156.166 - - [06/Mar/2018:09:13:09 -0300] "GET /cormun/static/licenciaspermisos.js?201762917281260 HTTP/1.1" 200 37491
186.103.156.166 - - [06/Mar/2018:09:13:09 -0300] "GET /cormun/static/Resources/prompt.gif HTTP/1.1" 200 902
186.103.156.166 - - [06/Mar/2018:09:13:09 -0300] "GET /cormun/servlet/licenciaspermisos?INS,0,,, HTTP/1.1" 200 7409
186.103.158.250 - - [06/Mar/2018:09:13:10 -0300] "POST /cormun/servlet/solicitudot?gx-no-cache=1520338342006 HTTP/1.1" 200 3484
186.103.158.250 - - [06/Mar/2018:09:13:11 -0300] "GET /cormun/servlet/solicitudot?b97a1769011922dd827882554b2e32465891b508e0a83a0cd8193d8d07cb2d0f609d5d4be27c4a4d260b30ffe00170e3,gx-no-cache=1520338342143 HTTP/1.1" 200 30
192.168.10.96 - - [06/Mar/2018:09:13:13 -0300] "POST /cormun/servlet/trsolicitudgral?01d3c090483bfa1d382a8623ab1a36b9,,gx-no-cache=1520338233183 HTTP/1.1" 200 5914
186.103.158.250 - - [06/Mar/2018:09:13:14 -0300] "POST /cormun/servlet/solicitudot?e80e845129325b7c99e884314e0d0e39,INS,0,0,,gx-no-cache=1520338345085 HTTP/1.1" 200 12601
186.103.158.250 - - [06/Mar/2018:09:13:17 -0300] "POST /cormun/servlet/solicitudot?gx-no-cache=1520338349004 HTTP/1.1" 200 3485
186.103.158.250 - - [06/Mar/2018:09:13:18 -0300] "GET /cormun/servlet/solicitudot?b97a1769011922dd827882554b2e32465891b508e0a83a0cd8193d8d07cb2d0f609d5d4be27c4a4d260b30ffe00170e3,gx-no-cache=1520338349150 HTTP/1.1" 200 30
186.103.158.250 - - [06/Mar/2018:09:13:18 -0300] "GET /cormun/servlet/solicitudot?b97a1769011922dd827882554b2e3246ce6afeb3bfce975223d134dc5fd21a6a,gx-no-cache=1520338349233 HTTP/1.1" 200 53
186.103.158.250 - - [06/Mar/2018:09:13:18 -0300] "POST /cormun/servlet/solicitudot?gx-no-cache=1520338349278 HTTP/1.1" 200 256
186.103.158.250 - - [06/Mar/2018:09:13:18 -0300] "GET /cormun/servlet/solicitudot?b97a1769011922dd827882554b2e3246530b9e35dc75456f1db47cbd29c5a08a7795964e0914239de41d8ea96a2dffb30e33d2b1fd9fc8f3a75f0056542086426c4b6ecfbc5e327bb6ad9974911e6b1cbae8a29ccb7dbd50f903827f45b5f25e26d8423a0f80932d8e238d70d5f7b2868e557c599f6108defd6f6dacebc342ed17321069304c0788ace3adeed59f7dacd25cbdf78d78b07a2a2db67767891ca5e2d8f242da71354c1aa9f9c4fd326a46f2fdb16b95f361ab377e14381d3b57241de80d38326f40461956078a690f948b2353f4d1849dcb20bba9d7d3695d4ea447a793ef27d5e2a1712bcebc8773fbbaa84863dbbf9b2a409d27f6d951b38b2f8277adf94b144a6127871d29387957fe262833d88e2034e1f2bba6d9a930435e93619ff93df827cf8b12e5437e135b5cb44f942eea677d7ea77100243cfaed03b00449e38fcdf39f0066b8bca0c36ed7d1b7c3375254f920e2b3515b8b7461a1282b6466ed75fe255deac48e5dad73cbf56c685fbff39ec03a12a65018fe03a3,gx-no-cache=1520338349384 HTTP/1.1" 200 30
186.103.158.250 - - [06/Mar/2018:09:13:18 -0300] "POST /cormun/servlet/solicitudot?gx-no-cache=1520338349741 HTTP/1.1" 200 30
186.103.158.250 - - [06/Mar/2018:09:13:18 -0300] "POST /cormun/servlet/solicitudot?gx-no-cache=1520338349806 HTTP/1.1" 200 1332
186.103.158.250 - - [06/Mar/2018:09:13:18 -0300] "POST /cormun/servlet/solicitudot?gx-no-cache=1520338349927 HTTP/1.1" 200 41
186.103.158.250 - - [06/Mar/2018:09:13:18 -0300] "GET /cormun/servlet/solicitudot?b97a1769011922dd827882554b2e324618a3ef1dae1db870cd3827b80878df39375a76657c92cd01858040213dd131ef51e5d626f18ce7e228644c08614a9123d5f3e4390c46c8646141ea16ed72a760,gx-no-cache=1520338349974 HTTP/1.1" 200 29
186.103.158.250 - - [06/Mar/2018:09:13:18 -0300] "POST /cormun/servlet/solicitudot?gx-no-cache=1520338350028 HTTP/1.1" 200 1318
186.103.158.250 - - [06/Mar/2018:09:13:19 -0300] "POST /cormun/servlet/solicitudot?gx-no-cache=1520338350120 HTTP/1.1" 200 1218
186.103.158.250 - - [06/Mar/2018:09:13:19 -0300] "GET /cormun/servlet/solicitudot?b97a1769011922dd827882554b2e3246b4c473e69e5f871cfeed9060ba268e45839ce8f6058355cb160e39dc9339dd81,gx-no-cache=1520338350180 HTTP/1.1" 200 30
186.103.158.250 - - [06/Mar/2018:09:13:19 -0300] "POST /cormun/servlet/solicitudot?gx-no-cache=1520338350229 HTTP/1.1" 200 30
186.103.158.250 - - [06/Mar/2018:09:13:19 -0300] "POST /cormun/servlet/solicitudot?e80e845129325b7c99e884314e0d0e39,INS,0,0,,gx-no-cache=1520338350328 HTTP/1.1" 200 12837
192.168.10.96 - - [06/Mar/2018:09:13:20 -0300] "POST /cormun/servlet/trsolicitudgral?01d3c090483bfa1d382a8623ab1a36b9,,gx-no-cache=1520338240030 HTTP/1.1" 200 11550
186.103.156.166 - - [06/Mar/2018:09:13:34 -0300] "GET /cormun/servlet/licenciaspermisos?87cf4f2eb6376c0be1044c76eb46215d347b16a28931c099d1fc86d5d41b6f32ca331dfb87ef64b87a2c899da572893a,gx-no-cache=1520341960784 HTTP/1.1" 200 185
186.103.156.166 - - [06/Mar/2018:09:13:34 -0300] "GET /cormun/static/Shared/jqueryui/images/ui-bg_highlight-soft_100_c6c2c8_1x100.png HTTP/1.1" 404 1117
186.103.156.166 - - [06/Mar/2018:09:13:34 -0300] "GET /cormun/static/Shared/jqueryui/images/ui-icons_82798d_256x240.png HTTP/1.1" 404 1089
186.103.156.166 - - [06/Mar/2018:09:13:34 -0300] "GET /cormun/static/Shared/jqueryui/images/ui-bg_flat_55_994d53_40x100.png HTTP/1.1" 404 1097
186.103.156.166 - - [06/Mar/2018:09:13:34 -0300] "GET /cormun/static/Shared/jqueryui/images/ui-icons_ebccce_256x240.png HTTP/1.1" 404 1089
186.103.159.188 - - [06/Mar/2018:09:13:45 -0300] "GET /cormun/servlet/hlogin HTTP/1.1" 200 1722
186.103.159.188 - - [06/Mar/2018:09:13:46 -0300] "GET /cormun/servlet/hlogin HTTP/1.1" 200 1728
186.103.159.188 - - [06/Mar/2018:09:13:57 -0300] "POST /cormun/servlet/hlogin?7b347ef5b7f0a370208769d4eb503944,gx-no-cache=1520338388966 HTTP/1.1" 200 446
186.103.158.250 - - [06/Mar/2018:09:14:04 -0300] "POST /cormun/servlet/solicitudot?gx-no-cache=1520338395225 HTTP/1.1" 200 256
186.103.158.250 - - [06/Mar/2018:09:14:04 -0300] "GET /cormun/servlet/solicitudot?b97a1769011922dd827882554b2e3246530b9e35dc75456f1db47cbd29c5a08a7795964e0914239de41d8ea96a2dffb30e33d2b1fd9fc8f3a75f0056542086426c4b6ecfbc5e327bb6ad9974911e6b1cbae8a29ccb7dbd50f903827f45b5f25e26d8423a0f80932d8e238d70d5f7b2868e557c599f6108defd6f6dacebc342ed17321069304c0788ace3adeed59f7dacd25cbdf78d78b07a2a2db67767891ca5e2d8f242da71354c1aa9f9c4fd326a46f2fdb16b95f361ab377e14381d3b57241de80d38326f40461956078a690f948b2353f4d1849dcb20bba9d7d3695d4ea447a793ef27d5e2a1712bcebc8773fbbaa84863dbbf9b2a409d27f6d951b38b2f8277adf94b144a6127871d29387957fe262833d88e2034e1f2bba6d9a930435e93619ff93df827cf8b12e5437e135b5cb44f942eea677d7ea77100243cfaed03b00449e38fcdf39f0066b8bca0c36ed7d1b7c3375254f920e2b3515b8b7461a1282b6466ed75fe255deac48e5dad73cbf56c685fbff39ec03a12a65018fe03a3,gx-no-cache=1520338395335 HTTP/1.1" 200 30
186.103.158.250 - - [06/Mar/2018:09:14:04 -0300] "POST /cormun/servlet/solicitudot?gx-no-cache=1520338395714 HTTP/1.1" 200 30
186.103.158.250 - - [06/Mar/2018:09:14:04 -0300] "POST /cormun/servlet/solicitudot?gx-no-cache=1520338395825 HTTP/1.1" 200 1332
186.103.158.250 - - [06/Mar/2018:09:14:04 -0300] "POST /cormun/servlet/solicitudot?gx-no-cache=1520338395976 HTTP/1.1" 200 41
186.103.158.250 - - [06/Mar/2018:09:14:05 -0300] "POST /cormun/servlet/solicitudot?gx-no-cache=1520338396054 HTTP/1.1" 200 1318
186.103.158.250 - - [06/Mar/2018:09:14:05 -0300] "POST /cormun/servlet/solicitudot?gx-no-cache=1520338396258 HTTP/1.1" 200 1218
186.103.158.250 - - [06/Mar/2018:09:14:05 -0300] "GET /cormun/servlet/solicitudot?b97a1769011922dd827882554b2e3246b4c473e69e5f871cfeed9060ba268e45839ce8f6058355cb160e39dc9339dd81,gx-no-cache=1520338396354 HTTP/1.1" 200 30
186.103.158.250 - - [06/Mar/2018:09:14:05 -0300] "POST /cormun/servlet/solicitudot?gx-no-cache=1520338396436 HTTP/1.1" 200 30
186.103.158.250 - - [06/Mar/2018:09:14:06 -0300] "POST /cormun/servlet/solicitudot?e80e845129325b7c99e884314e0d0e39,INS,0,0,,gx-no-cache=1520338396583 HTTP/1.1" 200 12891
186.103.159.188 - - [06/Mar/2018:09:14:12 -0300] "POST /cormun/servlet/hlogin?7b347ef5b7f0a370208769d4eb503944,gx-no-cache=1520338403396 HTTP/1.1" 200 90
186.103.159.188 - - [06/Mar/2018:09:14:12 -0300] "GET /cormun/servlet/hpexe_link HTTP/1.1" 200 949
186.103.159.188 - - [06/Mar/2018:09:14:12 -0300] "GET /cormun/servlet/hhome HTTP/1.1" 200 4139
186.103.159.188 - - [06/Mar/2018:09:14:13 -0300] "GET /cormun/servlet/hhome HTTP/1.1" 200 4136
186.103.159.188 - - [06/Mar/2018:09:14:17 -0300] "GET /cormun/servlet/trcontratosolicitud? HTTP/1.1" 200 14845
186.103.159.188 - - [06/Mar/2018:09:14:17 -0300] "GET /cormun/static/gxcfg.js?20177612214014 HTTP/1.1" 200 953
186.103.159.188 - - [06/Mar/2018:09:14:17 -0300] "GET /cormun/static/trcontratosolicitud.js?20177612214349 HTTP/1.1" 200 28237
190.161.236.41 - - [06/Mar/2018:09:14:17 -0300] "GET /cormun//static/Resources/PXToolsGridNew.png HTTP/1.1" 200 2949
186.103.159.188 - - [06/Mar/2018:09:14:17 -0300] "GET /cormun/servlet/trcontratosolicitud? HTTP/1.1" 200 14837
186.103.156.166 - - [06/Mar/2018:09:14:32 -0300] "GET /cormun/static/Resources/resize.gif HTTP/1.1" 200 77
190.161.236.41 - - [06/Mar/2018:09:14:32 -0300] "GET /cormun/servlet/trsolicitudot? HTTP/1.1" 200 7353
190.161.236.41 - - [06/Mar/2018:09:14:32 -0300] "GET /cormun/servlet/trsolicitudot? HTTP/1.1" 200 7352
186.103.156.166 - - [06/Mar/2018:09:14:32 -0300] "GET /cormun/servlet/prfichaempleado?,MD,,gxPopupLevel%3D0%3B HTTP/1.1" 200 9220
186.103.156.166 - - [06/Mar/2018:09:14:33 -0300] "GET /cormun/static/gxcfg.js?20177612134814 HTTP/1.1" 200 953
186.103.156.166 - - [06/Mar/2018:09:14:33 -0300] "GET /cormun/static/menusearch.js?201610171694467 HTTP/1.1" 200 1424
186.103.156.166 - - [06/Mar/2018:09:14:33 -0300] "GET /cormun/static/prfichaempleado.js?20177612134999 HTTP/1.1" 200 16006
186.103.156.166 - - [06/Mar/2018:09:14:33 -0300] "GET /cormun/static/hmpwkw011.js?20177612121862 HTTP/1.1" 200 1968
186.103.156.166 - - [06/Mar/2018:09:14:33 -0300] "GET /cormun/static/Resources/PXToolsMenuSearch.png HTTP/1.1" 200 2914
186.103.156.166 - - [06/Mar/2018:09:14:33 -0300] "GET /cormun/static/Resources/PXToolsMenuSearchCancel.png HTTP/1.1" 200 2972
186.9.21.170 - - [06/Mar/2018:09:14:36 -0300] "GET /cormun/servlet/trsolicitudot? HTTP/1.1" 200 6371
186.103.156.166 - - [06/Mar/2018:09:14:39 -0300] "POST /cormun/servlet/prfichaempleado?422db6e8f742f9940770d3ad15bbd69e,,MD,,gxPopupLevel%3D0%3B,gx-no-cache=1520342025306 HTTP/1.1" 200 6354
186.103.156.166 - - [06/Mar/2018:09:14:39 -0300] "GET /cormun/static/Resources/PXToolsGridNext.gif HTTP/1.1" 200 369
186.103.156.166 - - [06/Mar/2018:09:14:39 -0300] "GET /cormun/static/Resources/PXToolsGridLast.gif HTTP/1.1" 200 370
186.9.21.170 - - [06/Mar/2018:09:14:41 -0300] "GET /cormun/servlet/trsolicitudot? HTTP/1.1" 200 6381
186.9.21.170 - - [06/Mar/2018:09:14:41 -0300] "GET /cormun/servlet/hlogin HTTP/1.1" 200 1738
186.103.156.166 - - [06/Mar/2018:09:14:47 -0300] "GET /cormun/servlet/prfichaempleado?,MD,,gxPopupLevel%3D0%3B HTTP/1.1" 200 9220
190.161.236.41 - - [06/Mar/2018:09:14:49 -0300] "GET /cormun/servlet/solicitudot?INS,0,0, HTTP/1.1" 200 13594
190.161.236.41 - - [06/Mar/2018:09:14:50 -0300] "GET /cormun/servlet/solicitudot?INS,0,0, HTTP/1.1" 200 13599
186.103.156.166 - - [06/Mar/2018:09:15:02 -0300] "GET /cormun/servlet/prfichaempleado?,MD,,gxPopupLevel%3D0%3B HTTP/1.1" 200 9220
186.103.156.166 - - [06/Mar/2018:09:15:18 -0300] "GET /cormun/servlet/licenciaspermisos?87cf4f2eb6376c0be1044c76eb46215d347b16a28931c099d1fc86d5d41b6f32ca331dfb87ef64b87a2c899da572893a,gx-no-cache=1520342065146 HTTP/1.1" 200 185
186.9.21.170 - - [06/Mar/2018:09:15:20 -0300] "POST /cormun/servlet/hlogin?9569013403fa7fc50870261513b4d5b4,gx-no-cache=1520338473729 HTTP/1.1" 200 451
186.9.21.170 - - [06/Mar/2018:09:15:32 -0300] "POST /cormun/servlet/hlogin?9569013403fa7fc50870261513b4d5b4,gx-no-cache=1520338485955 HTTP/1.1" 200 90
186.9.21.170 - - [06/Mar/2018:09:15:33 -0300] "GET /cormun/servlet/hpexe_link HTTP/1.1" 200 951
186.9.21.170 - - [06/Mar/2018:09:15:33 -0300] "GET /cormun/servlet/hhome HTTP/1.1" 200 4192
186.9.21.170 - - [06/Mar/2018:09:15:35 -0300] "GET /cormun/servlet/hhome HTTP/1.1" 200 4188
186.103.156.166 - - [06/Mar/2018:09:16:27 -0300] "GET /cormun/servlet/licenciaspermisos?87cf4f2eb6376c0be1044c76eb46215dba9bb107185f21db3ba5b90b62616ce2ca331dfb87ef64b87a2c899da572893a,gx-no-cache=1520342133730 HTTP/1.1" 200 74
186.103.156.166 - - [06/Mar/2018:09:16:27 -0300] "POST /cormun/servlet/licenciaspermisos?422db6e8f742f9940770d3ad15bbd69e,INS,0,,,,gx-no-cache=1520342133850 HTTP/1.1" 200 4659
186.103.159.188 - - [06/Mar/2018:09:16:55 -0300] "POST /cormun/servlet/solicitudot?gx-no-cache=1520338566861 HTTP/1.1" 200 3413
186.103.159.188 - - [06/Mar/2018:09:16:56 -0300] "POST /cormun/servlet/solicitudot?7b347ef5b7f0a370208769d4eb503944,INS,0,0,,gx-no-cache=1520338567068 HTTP/1.1" 200 10585
192.168.10.50 - - [06/Mar/2018:09:17:25 -0300] "POST /cormun/servlet/trsolicitudgral?0a3d557a1eaeaba86cd775f6eea7d209,,gx-no-cache=1520338484168 HTTP/1.1" 200 6140
192.168.10.50 - - [06/Mar/2018:09:17:31 -0300] "POST /cormun/servlet/trsolicitudgral?0a3d557a1eaeaba86cd775f6eea7d209,,gx-no-cache=1520338490944 HTTP/1.1" 200 8118
192.168.10.50 - - [06/Mar/2018:09:17:59 -0300] "GET /cormun/servlet/vesolicitudgral?2018,9694,, HTTP/1.1" 200 9043
192.168.10.50 - - [06/Mar/2018:09:17:59 -0300] "GET /cormun/pexe_scrolldiv.js HTTP/1.1" 404 1009
192.168.10.50 - - [06/Mar/2018:09:17:59 -0300] "GET /cormun/servlet/vesolicitudgral?2018,9694,, HTTP/1.1" 200 9042
192.168.10.50 - - [06/Mar/2018:09:18:03 -0300] "GET /cormun/servlet/vesolicitudgral?2018,9694,,SolicitudOTAdjuntos HTTP/1.1" 200 7717
192.168.10.50 - - [06/Mar/2018:09:18:03 -0300] "GET /cormun/pexe_scrolldiv.js HTTP/1.1" 404 1009
192.168.10.50 - - [06/Mar/2018:09:18:03 -0300] "GET /cormun/pexe_scrolldiv.js HTTP/1.1" 404 1009
192.168.10.50 - - [06/Mar/2018:09:18:03 -0300] "GET /cormun/servlet/vesolicitudgral?2018,9694,,SolicitudOTAdjuntos HTTP/1.1" 200 7717
192.168.10.50 - - [06/Mar/2018:09:18:04 -0300] "POST /cormun/servlet/acontrolpreferencessavestate?None,MRAMOS,true HTTP/1.1" 200 35
192.168.10.50 - - [06/Mar/2018:09:18:05 -0300] "GET /cormun/servlet/vesolicitudgral?2018,9694,,SolicitudOTLog HTTP/1.1" 200 10007
192.168.10.50 - - [06/Mar/2018:09:18:05 -0300] "GET /cormun/pexe_scrolldiv.js HTTP/1.1" 404 1009
192.168.10.50 - - [06/Mar/2018:09:18:05 -0300] "GET /cormun/pexe_scrolldiv.js HTTP/1.1" 404 1009
192.168.10.50 - - [06/Mar/2018:09:18:05 -0300] "GET /cormun/servlet/vesolicitudgral?2018,9694,,SolicitudOTLog HTTP/1.1" 200 10002
192.168.10.50 - - [06/Mar/2018:09:18:06 -0300] "POST /cormun/servlet/acontrolpreferencessavestate?None,MRAMOS,true HTTP/1.1" 200 35
192.168.10.50 - - [06/Mar/2018:09:18:12 -0300] "GET /cormun/servlet/vesolicitudgral?2018,9694,,General HTTP/1.1" 200 9045
192.168.10.50 - - [06/Mar/2018:09:18:12 -0300] "GET /cormun/pexe_scrolldiv.js HTTP/1.1" 404 1009
192.168.10.50 - - [06/Mar/2018:09:18:12 -0300] "GET /cormun/pexe_scrolldiv.js HTTP/1.1" 404 1009
192.168.10.50 - - [06/Mar/2018:09:18:12 -0300] "GET /cormun/servlet/vesolicitudgral?2018,9694,,General HTTP/1.1" 200 9045
192.168.10.50 - - [06/Mar/2018:09:18:16 -0300] "POST /cormun/servlet/vesolicitudgral?0a3d557a1eaeaba86cd775f6eea7d209,2018,9694,,General,gx-no-cache=1520338535437 HTTP/1.1" 200 93
192.168.10.50 - - [06/Mar/2018:09:18:16 -0300] "GET /cormun/servlet/hpexe_return? HTTP/1.1" 200 1022
192.168.10.50 - - [06/Mar/2018:09:18:16 -0300] "GET /cormun/servlet/trsolicitudgral? HTTP/1.1" 200 11158
192.168.10.50 - - [06/Mar/2018:09:18:16 -0300] "GET /cormun/servlet/trsolicitudgral? HTTP/1.1" 200 11154
186.103.156.166 - - [06/Mar/2018:09:18:44 -0300] "GET /cormun/static/menuarrow.gif HTTP/1.1" 404 1015
186.79.20.211 - - [06/Mar/2018:09:18:46 -0300] "GET /cormun/servlet/hlogin HTTP/1.1" 200 1726
186.79.20.211 - - [06/Mar/2018:09:18:46 -0300] "GET /cormun/static/gxtimezone.js?85251 HTTP/1.1" 304 -
186.79.20.211 - - [06/Mar/2018:09:18:46 -0300] "GET /cormun/static/gxcfg.js?20175251213516 HTTP/1.1" 304 -
186.79.20.211 - - [06/Mar/2018:09:18:47 -0300] "GET /cormun/static/messages.spa.js?85251 HTTP/1.1" 304 -
186.79.20.211 - - [06/Mar/2018:09:18:48 -0300] "GET /cormun/servlet/hlogin HTTP/1.1" 200 1732
186.79.20.211 - - [06/Mar/2018:09:18:50 -0300] "POST /cormun/servlet/hlogin?833f17ea420a153928a78ebe1feb71af,gx-no-cache=1520338681256 HTTP/1.1" 200 90
186.79.20.211 - - [06/Mar/2018:09:18:50 -0300] "GET /cormun/servlet/hpexe_link HTTP/1.1" 200 951
186.79.20.211 - - [06/Mar/2018:09:18:50 -0300] "GET /cormun/static/gxcfg.js?20177612121792 HTTP/1.1" 304 -
186.79.20.211 - - [06/Mar/2018:09:18:50 -0300] "GET /cormun/servlet/hhome HTTP/1.1" 200 4188
186.79.20.211 - - [06/Mar/2018:09:18:51 -0300] "GET /cormun/static/gxcfg.js?20175251212442 HTTP/1.1" 304 -
186.79.20.211 - - [06/Mar/2018:09:18:52 -0300] "GET /cormun/servlet/hhome HTTP/1.1" 200 4184
186.79.20.211 - - [06/Mar/2018:09:19:05 -0300] "GET /cormun/servlet/trautorizarsolicitud? HTTP/1.1" 200 9049
186.79.20.211 - - [06/Mar/2018:09:19:06 -0300] "GET /cormun/static/gxcfg.js?2017111423403364 HTTP/1.1" 304 -
186.79.20.211 - - [06/Mar/2018:09:19:06 -0300] "GET /cormun/static/calendar.js?85251 HTTP/1.1" 304 -
186.79.20.211 - - [06/Mar/2018:09:19:06 -0300] "GET /cormun/static/calendar-setup.js?85251 HTTP/1.1" 304 -
186.79.20.211 - - [06/Mar/2018:09:19:06 -0300] "GET /cormun/static/calendar-es.js?85251 HTTP/1.1" 304 -
186.79.20.211 - - [06/Mar/2018:09:19:06 -0300] "GET /cormun/static/gxdec.js?85251 HTTP/1.1" 304 -
186.79.20.211 - - [06/Mar/2018:09:19:06 -0300] "GET /cormun/servlet/trautorizarsolicitud? HTTP/1.1" 200 9047
186.79.20.211 - - [06/Mar/2018:09:19:22 -0300] "POST /cormun/servlet/trautorizarsolicitud?833f17ea420a153928a78ebe1feb71af,,gx-no-cache=1520338712949 HTTP/1.1" 200 116
186.79.20.211 - - [06/Mar/2018:09:19:22 -0300] "GET /cormun/servlet/solicitudotlog?INS,2018,10080,0,ANU, HTTP/1.1" 200 5994
186.79.20.211 - - [06/Mar/2018:09:19:23 -0300] "GET /cormun/static/calendar-system.css?75620 HTTP/1.1" 200 5572
186.79.20.211 - - [06/Mar/2018:09:19:23 -0300] "GET /cormun/static/gxcfg.js?2017761245646 HTTP/1.1" 200 953
186.79.20.211 - - [06/Mar/2018:09:19:23 -0300] "GET /cormun/static/solicitudotlog.js?2017761245655 HTTP/1.1" 200 8934
186.79.20.211 - - [06/Mar/2018:09:19:23 -0300] "GET /cormun/servlet/solicitudotlog?INS,2018,10080,0,ANU, HTTP/1.1" 200 5994
186.79.20.211 - - [06/Mar/2018:09:19:24 -0300] "GET /cormun/servlet/solicitudotlog?a074adac7f4fda54cf38e20999fca5a363cab3cec7d7dda04d9a0a0de65a69a5a569409b93499791ae6e5b16875b356bbeec13151b74e0e56fba20cca19f38d2df196ed43dc7eb2ca48f9f50dfd8677e66d73518c4d54144524d776badebaaf0ef1e4307d7ebdb246ffe02a414395af30699d5fa33abb1259e6024332db794c6dfe704aee723facbf71a5bf7177079d835c1ed4f7660a4d6aa42bf13e084b4e2,gx-no-cache=1520338715261 HTTP/1.1" 200 94
186.79.20.211 - - [06/Mar/2018:09:19:30 -0300] "POST /cormun/servlet/solicitudotlog?833f17ea420a153928a78ebe1feb71af,INS,2018,10080,0,ANU,,gx-no-cache=1520338720980 HTTP/1.1" 200 93
186.79.20.211 - - [06/Mar/2018:09:19:30 -0300] "GET /cormun/servlet/hpexe_return? HTTP/1.1" 200 1030
186.79.20.211 - - [06/Mar/2018:09:19:30 -0300] "GET /cormun/static/gxcfg.js?2016101716175148 HTTP/1.1" 200 953
186.79.20.211 - - [06/Mar/2018:09:19:31 -0300] "GET /cormun/static/hpexe_return.js?2016101716175153 HTTP/1.1" 200 1633
186.79.20.211 - - [06/Mar/2018:09:19:31 -0300] "GET /cormun/static/Resources/Spanish/PXTools.css?167811 HTTP/1.1" 200 89042
186.79.20.211 - - [06/Mar/2018:09:19:31 -0300] "GET /cormun/servlet/trautorizarsolicitud HTTP/1.1" 200 9051
186.79.20.211 - - [06/Mar/2018:09:19:32 -0300] "GET /cormun/servlet/trautorizarsolicitud HTTP/1.1" 200 9047
186.103.159.188 - - [06/Mar/2018:09:19:36 -0300] "GET /cormun/servlet/prbanco?,MD,,gxPopupLevel%3D0%3B HTTP/1.1" 200 6570
186.103.159.188 - - [06/Mar/2018:09:19:42 -0300] "GET /cormun/servlet/solicitudot?56084e8b41932229036eac0471389aadf19cfdd040cda0234365aeb087b612f4b7e4e1a01262f3441023d707f4b83c7d,gx-no-cache=1520338733483 HTTP/1.1" 200 30
186.103.159.188 - - [06/Mar/2018:09:19:42 -0300] "GET /cormun/servlet/solicitudot?56084e8b41932229036eac0471389aadc096956fb81535a80efbf8248c5b7056a518e073efca84c4803437ca8905eeaecee077dd1ce1fc6a99fb264d73c214dd,gx-no-cache=1520338733570 HTTP/1.1" 200 30
186.103.159.188 - - [06/Mar/2018:09:19:42 -0300] "GET /cormun/servlet/solicitudot?56084e8b41932229036eac0471389aade9454d18a671a5304928444518200b10,gx-no-cache=1520338733646 HTTP/1.1" 200 53
192.168.10.50 - - [06/Mar/2018:09:19:47 -0300] "GET /cormun/servlet/solicitudgral?UPD,2018,9694, HTTP/1.1" 200 12896
192.168.10.50 - - [06/Mar/2018:09:19:48 -0300] "GET /cormun/servlet/solicitudgral?UPD,2018,9694, HTTP/1.1" 200 12905
192.168.10.50 - - [06/Mar/2018:09:19:48 -0300] "POST /cormun/servlet/solicitudgral?gx-no-cache=1520338627778 HTTP/1.1" 200 3915
192.168.10.50 - - [06/Mar/2018:09:19:48 -0300] "GET /cormun/servlet/solicitudgral?fbbf56d5b3289b36a119d7fa184034e56f18cb2b6b497b5066dc15cd98e78f021db04d598d579af38a0bc3546c461613f6761179a3516c2874a68adf02aeeeebc4a4ecdacb850087a03a1d2a90991cf97a9f021927ad6e08e54bc4f0e3c0bd66594fa93dcb160532f66943ae314a24e4487ca9cde61e4825a5f4203db0e0dd74361d10d72f234e6281c7f2eb108db8f20d3c039cf539f64d513004b4dc327cb6cf0aba62c43b2d6e54726150b5e1cd3f1738cec2d3696a06989569b65047d7d7b68d080923e12bbae1ef6e993d02b8e87eb41e238f44a79c42ccd6d7b15a2cb9e868931a3970742cd91c607540e11efd73aa7a5e48b44ba32eadb7a6eddee6d6818cc778b51521f07fd875c71d7e17d54f8c9ebba147f6fd461428fd3cf815f6b3a7f9d2627dd643ac7f8167397798aac177753c958e6fda67d155d3c1f808e74607717f81adb4a870875a30e7b788b2,gx-no-cache=1520338627879 HTTP/1.1" 200 297
186.79.20.211 - - [06/Mar/2018:09:19:49 -0300] "GET /cormun/servlet/treventos?2018,10080, HTTP/1.1" 200 7892
186.79.20.211 - - [06/Mar/2018:09:19:49 -0300] "GET /cormun/static/gxcfg.js?2016101716195975 HTTP/1.1" 200 953
