186.103.132.155 - - [06/Mar/2018:08:55:59 -0300] "POST /cormun/servlet/solicitudot?gx-no-cache=1520337308426 HTTP/1.1" 200 1218
186.103.132.155 - - [06/Mar/2018:08:55:59 -0300] "GET /cormun/static/menuarrow.gif HTTP/1.1" 404 1015
186.103.132.155 - - [06/Mar/2018:08:56:02 -0300] "POST /cormun/servlet/solicitudot?gx-no-cache=1520337311325 HTTP/1.1" 200 1319
186.103.132.155 - - [06/Mar/2018:08:56:02 -0300] "POST /cormun/servlet/solicitudot?gx-no-cache=1520337311516 HTTP/1.1" 200 1218
186.103.157.246 - - [06/Mar/2018:08:56:03 -0300] "POST /cormun/servlet/trautorizarsolicitud?1443f06cbee5a81a693c64e3db359f6e,,gx-no-cache=1520337313623 HTTP/1.1" 200 6118
186.103.157.246 - - [06/Mar/2018:08:56:09 -0300] "POST /cormun/servlet/trautorizarsolicitud?1443f06cbee5a81a693c64e3db359f6e,,gx-no-cache=1520337318413 HTTP/1.1" 200 6063
186.103.132.155 - - [06/Mar/2018:08:56:11 -0300] "GET /cormun/servlet/solicitudot?78f5a326c4571ccc41fad0557dd3a5c364da58fc884119f3eeb7a1a27b5554bafcef91de7bb7fd2c04f69ed49bd3259c,gx-no-cache=1520337320982 HTTP/1.1" 200 30
186.103.157.246 - - [06/Mar/2018:08:56:22 -0300] "POST /cormun/servlet/trautorizarsolicitud?1443f06cbee5a81a693c64e3db359f6e,,gx-no-cache=1520337325830 HTTP/1.1" 200 5816
186.103.132.155 - - [06/Mar/2018:08:56:25 -0300] "POST /cormun/servlet/solicitudot?gx-no-cache=1520337334939 HTTP/1.1" 200 30
186.79.20.211 - - [06/Mar/2018:08:56:26 -0300] "GET /cormun/servlet/hlogin HTTP/1.1" 200 1714
186.103.157.246 - - [06/Mar/2018:08:56:47 -0300] "POST /cormun/servlet/trautorizarsolicitud?1443f06cbee5a81a693c64e3db359f6e,,gx-no-cache=1520337336968 HTTP/1.1" 200 5764
186.67.203.186 - - [06/Mar/2018:08:56:47 -0300] "POST /cormun/servlet/solicitudot?fe3c224c50bb76693a6577603ef4990a,INS,0,0,,gx-no-cache=1520337355239 HTTP/1.1" 200 12049
192.168.10.89 - - [06/Mar/2018:08:56:50 -0300] "POST /cormun/servlet/hlogin?dba457b677ceb4ee25d3cf486ff80df0,gx-no-cache=1520337249714 HTTP/1.1" 200 90
192.168.10.89 - - [06/Mar/2018:08:56:50 -0300] "GET /cormun/servlet/hpexe_link HTTP/1.1" 200 951
192.168.10.89 - - [06/Mar/2018:08:56:50 -0300] "GET /cormun/servlet/hhome HTTP/1.1" 200 4921
186.67.203.186 - - [06/Mar/2018:08:56:52 -0300] "POST /cormun/servlet/solicitudot?fe3c224c50bb76693a6577603ef4990a,INS,0,0,,gx-no-cache=1520337360779 HTTP/1.1" 200 12106
192.168.10.89 - - [06/Mar/2018:08:56:54 -0300] "GET /cormun/servlet/trsolicitudgral? HTTP/1.1" 200 27987
192.168.10.89 - - [06/Mar/2018:08:57:06 -0300] "POST /cormun/servlet/trsolicitudgral?dba457b677ceb4ee25d3cf486ff80df0,,gx-no-cache=1520337265526 HTTP/1.1" 200 7746
186.103.157.246 - - [06/Mar/2018:08:57:16 -0300] "POST /cormun/servlet/trautorizarsolicitud?1443f06cbee5a81a693c64e3db359f6e,,gx-no-cache=1520337377852 HTTP/1.1" 200 4609
192.168.10.56 - - [06/Mar/2018:08:57:21 -0300] "POST /cormun/servlet/trsolicitudgral?c8e15d4254504686c623ce5158dc593c,gx-no-cache=1520337280236 HTTP/1.1" 200 5933
186.103.157.246 - - [06/Mar/2018:08:57:25 -0300] "POST /cormun/servlet/trautorizarsolicitud?1443f06cbee5a81a693c64e3db359f6e,,gx-no-cache=1520337394126 HTTP/1.1" 200 4385
192.168.10.89 - - [06/Mar/2018:08:57:26 -0300] "GET /cormun/servlet/solicitudgral?UPD,2018,9695, HTTP/1.1" 200 13398
192.168.10.89 - - [06/Mar/2018:08:57:28 -0300] "POST /cormun/servlet/solicitudgral?gx-no-cache=1520337287236 HTTP/1.1" 200 3929
192.168.10.89 - - [06/Mar/2018:08:57:28 -0300] "GET /cormun/servlet/solicitudgral?c6dd5ead5ef897df5b49148d81b8b733d9a8ef7e7891c96b05e012ebb823a97b59b20be587fbc8f5e62f8aaaf62f825a401ec44fa6acfcc279b37b3483b4600450a176a87b84a8dacbddc8352cbe0e4953c35c2823ce6dcdf4ad9f74bcffec90651d8356305fc16372d5e1e6171b3347ce25ac026cbfe0dbbc81314fbdebe6fe9f40c7c51f756e6e06054120afb1ee0014d1948168d8facfe206305dcbdf91674a05c36f44de682decaac9cf303e29e0f51a6baa3a6d5b1639f24dbeec9efab6af95a1a4b6f0ce82531daffc22ffe3ad79b53ed16e29b85c725c05e2a870d890573ac4a46b55d898b75eb167b744ab0e49654af217c0897488fe901b2a2c81df92d09b35dd170a5c67814d2aeb19d9e800d6d7164e5899dfd44d370cf6e8d71c8bf9de5c048c37787c1a703e58067eab14f9d564aa416a08e821a620c05cf0a29b0b829ca03c72cba42cf22fd63ec654,gx-no-cache=1520337287425 HTTP/1.1" 200 297
192.168.10.56 - - [06/Mar/2018:08:57:29 -0300] "POST /cormun/servlet/trsolicitudgral?c8e15d4254504686c623ce5158dc593c,gx-no-cache=1520337288437 HTTP/1.1" 200 11645
192.168.10.89 - - [06/Mar/2018:08:57:29 -0300] "GET /cormun/servlet/solicitudgral?c6dd5ead5ef897df5b49148d81b8b7333e642f69bed62c92d5b4aa71e83e1cf5603ded4c1500e233fdb769469c72b6d6ab196463b6eb3407a880bc724af0e7c2b67dd507f6040a557f35449716d49e32350acdceb945a12e4e8a7ab37e6de5d72000ea61482b034ed8c4dcb74c9501a3dabfcaeef5290078d3133bf2b8f8515540f7687949c778a709efb8637d44b803a80064909b1238da79e526887387ecfab0610543823ddea01e6dfa3085260dda4de9af1fbd02da30e62e6902403a84f5ea38120a0cd481b99255217e0dbeda73f958991d0e152179578de76247bcf7a5bd66fd8aa26b7e2c7501ebf7aa6214cb48204064cf34219cff003b5546e5d3b3b27230d291334ba331d34e1e75bc30eaf084d447e8adeb3d824a08abc87dea51802d8de7c5bf21b1998a39af40d3aa08a970fa5faddaf7a3568a772c2464c4aa6bc64065a4beeec9afb8f381cc40074ee1b14f49242f7f574812026f26277c7823d3a4ebdaa19b35b14d00de5cb66b778790e76f139403005ea89e56789abba3804a047213d6505046ca4e436574ac9d92700e3dac5933b713877062cf9520ea6871f3dbf1ef0ceb605e3c784bdbd7cd,gx-no-cache=1520337288905 HTTP/1.1" 200 48
192.168.10.89 - - [06/Mar/2018:08:57:30 -0300] "POST /cormun/servlet/solicitudgral?dba457b677ceb4ee25d3cf486ff80df0,UPD,2018,9695,,gx-no-cache=1520337289161 HTTP/1.1" 200 11858
192.168.10.89 - - [06/Mar/2018:08:57:30 -0300] "GET /cormun/servlet/solicitudgral?c6dd5ead5ef897df5b49148d81b8b7337da0c54cb2d815ef7be112ab820fb3944a3008c710e4c93fc69e7c40da3ada0cef032e47eefa066ed8d1fa5f705d597e85edf92b92385d9f37bb88d042e06263341c048b20b0401958abcaa409d5d66e2722b88aaaa3521ad8b9f051d730ee79,gx-no-cache=1520337289426 HTTP/1.1" 200 29
192.168.10.89 - - [06/Mar/2018:08:57:30 -0300] "POST /cormun/servlet/solicitudgral?gx-no-cache=1520337289443 HTTP/1.1" 200 1296
192.168.10.89 - - [06/Mar/2018:08:57:30 -0300] "POST /cormun/servlet/solicitudgral?gx-no-cache=1520337289472 HTTP/1.1" 200 1218
186.79.20.211 - - [06/Mar/2018:08:57:35 -0300] "POST /cormun/servlet/hlogin?409fdbc9c5a494f972b4da20266c7709,gx-no-cache=1520333805848 HTTP/1.1" 200 90
186.79.20.211 - - [06/Mar/2018:08:57:35 -0300] "GET /cormun/servlet/hpexe_link HTTP/1.1" 200 946
186.79.20.211 - - [06/Mar/2018:08:57:36 -0300] "GET /cormun/servlet/hhome HTTP/1.1" 200 3977
186.79.20.211 - - [06/Mar/2018:08:57:36 -0300] "GET /cormun/servlet/hhome HTTP/1.1" 200 3973
192.168.10.89 - - [06/Mar/2018:08:57:37 -0300] "POST /cormun/servlet/solicitudgral?dba457b677ceb4ee25d3cf486ff80df0,UPD,2018,9695,,gx-no-cache=1520337296418 HTTP/1.1" 200 93
192.168.10.89 - - [06/Mar/2018:08:57:37 -0300] "GET /cormun/servlet/hpexe_return? HTTP/1.1" 200 1013
192.168.10.89 - - [06/Mar/2018:08:57:37 -0300] "GET /cormun/servlet/trsolicitudgral? HTTP/1.1" 200 11241
186.103.132.155 - - [06/Mar/2018:08:57:37 -0300] "GET /cormun/servlet/solicitudot?78f5a326c4571ccc41fad0557dd3a5c3947aad89780469b4195c471059db63d1134c632f84c3b31d918ed35eb7176a050c70efff0fb8f31e924c4b353f9d85a6,gx-no-cache=1520337407072 HTTP/1.1" 200 30
186.103.132.155 - - [06/Mar/2018:08:57:38 -0300] "POST /cormun/servlet/solicitudot?gx-no-cache=1520337407321 HTTP/1.1" 200 297
186.103.132.155 - - [06/Mar/2018:08:57:38 -0300] "GET /cormun/servlet/solicitudot?78f5a326c4571ccc41fad0557dd3a5c331672907efc9dd1568fbc4861d56bd4daaba4cbe6ca110b4ef1940062729f60ca816e90d0a0afb7ecd2226e3d3a8a1cb8d8b8fe1872ae74b479191915a6323d4b685b7e3159c65e4af053fc6c6a2c6a8c30abde6452ab2ecb265cde5dd8ef12adaf78d45d78c92610a47c181052a685c2cd8b2b93a2e729f445fe58ab98f6d719b36fe99004139f5ac8c06c62b5bbdea666fc52dd8d102033a90921d19c360399f382f8a5c65f5d25bbdc9bef320ceaaa4ced3f2b565add41148dd2b84433a66a3adc84a359ac3e028939d94eb92156756e89966e5c9e47a6829476b21901cbe63ab4a219378e7f1a27a231f5eed83e7e8135cefb34b4865ba900b165fae0649950c615d30c1e08801cc2f88efdb42e98872322b0e6bee8709d482dc7b2919043d9b524e534ee98494b600d6046ad4965fb179d713adbac40a193b6446deadcf05ec341a02ffab4e388ff70d4457890b12561626fe7bb75046192967a13f957b3745255637ee230fcb111ab70e55dda8452586eb84d5a9b396d64babf35f4080,gx-no-cache=1520337407502 HTTP/1.1" 200 30
186.103.132.155 - - [06/Mar/2018:08:57:38 -0300] "POST /cormun/servlet/solicitudot?gx-no-cache=1520337407670 HTTP/1.1" 200 30
186.103.132.155 - - [06/Mar/2018:08:57:38 -0300] "POST /cormun/servlet/solicitudot?gx-no-cache=1520337407858 HTTP/1.1" 200 1337
186.103.132.155 - - [06/Mar/2018:08:57:38 -0300] "POST /cormun/servlet/solicitudot?gx-no-cache=1520337408116 HTTP/1.1" 200 41
186.103.132.155 - - [06/Mar/2018:08:57:39 -0300] "POST /cormun/servlet/solicitudot?gx-no-cache=1520337408271 HTTP/1.1" 200 1319
186.103.132.155 - - [06/Mar/2018:08:57:39 -0300] "POST /cormun/servlet/solicitudot?gx-no-cache=1520337408468 HTTP/1.1" 200 1218
186.103.132.155 - - [06/Mar/2018:08:57:39 -0300] "GET /cormun/servlet/solicitudot?78f5a326c4571ccc41fad0557dd3a5c364da58fc884119f3eeb7a1a27b5554bafcef91de7bb7fd2c04f69ed49bd3259c,gx-no-cache=1520337408665 HTTP/1.1" 200 30
186.103.132.155 - - [06/Mar/2018:08:57:39 -0300] "POST /cormun/servlet/solicitudot?gx-no-cache=1520337408843 HTTP/1.1" 200 30
186.79.20.211 - - [06/Mar/2018:08:57:39 -0300] "GET /cormun/servlet/trsolicitudot? HTTP/1.1" 200 7190
186.79.20.211 - - [06/Mar/2018:08:57:39 -0300] "GET /cormun/static/gxcfg.js?2017111422585916 HTTP/1.1" 304 -
186.79.20.211 - - [06/Mar/2018:08:57:40 -0300] "GET /cormun/static/calendar.js?85251 HTTP/1.1" 304 -
186.79.20.211 - - [06/Mar/2018:08:57:40 -0300] "GET /cormun/static/calendar-es.js?85251 HTTP/1.1" 304 -
186.79.20.211 - - [06/Mar/2018:08:57:40 -0300] "GET /cormun/static/calendar-setup.js?85251 HTTP/1.1" 304 -
192.168.10.56 - - [06/Mar/2018:08:57:40 -0300] "GET /cormun/servlet/solicitudgral?UPD,2018,8838, HTTP/1.1" 200 12207
186.103.132.155 - - [06/Mar/2018:08:57:40 -0300] "POST /cormun/servlet/solicitudot?fe3c224c50bb76693a6577603ef4990a,INS,0,0,,gx-no-cache=1520337409009 HTTP/1.1" 200 12150
186.79.20.211 - - [06/Mar/2018:08:57:40 -0300] "GET /cormun/servlet/trsolicitudot? HTTP/1.1" 200 7189
192.168.10.56 - - [06/Mar/2018:08:57:40 -0300] "GET /cormun/servlet/solicitudgral?UPD,2018,8838, HTTP/1.1" 200 12216
192.168.10.56 - - [06/Mar/2018:08:57:41 -0300] "POST /cormun/servlet/solicitudgral?gx-no-cache=1520337300635 HTTP/1.1" 200 3850
192.168.10.56 - - [06/Mar/2018:08:57:41 -0300] "GET /cormun/servlet/solicitudgral?87bcfe17395c4664cfc73fc640d787f1b25f12414cc7f2ba2017e30e3cba1c37801bd754fc71eb62aa443ece3f7dc6c5f09a1fb1b2f2bc632d51bf06de5250b42fb8cc04f00394b200954ff1461af6d8376157cedd8bdad819626f37f4717ecfc89cca218a830837eb8f657a5b282430295833fd074eb1f75a0a28f06a810bced265453190d42fe467bee28613b6cabb34f67fad6ac9dc2c065123fdf098a059f5655c61280e75f5c669c0d301f50d7410080780942a0aba82cdc1327fb91ee9dc29e02b011aba2360808ac1d83b5793a27e075337b04c0258f63ab549de5beec8802b9b3cb64f0736db507033f9c631f6fe2d95442544da55f2eea32c44ce1ec726d4a29a249e21c92d0bb28e7d4011eb305104e1f98a0f6d3cfe02273cd8b6125a040c797b49ac2841e500799d60181a0c462d7516bc4db5c77db3196e177bc4f8ccaa6d87af86291b34a30e680ad2,gx-no-cache=1520337300799 HTTP/1.1" 200 255
186.79.20.211 - - [06/Mar/2018:08:57:42 -0300] "GET /cormun/servlet/solicitudot?INS,0,0, HTTP/1.1" 200 13423
186.79.20.211 - - [06/Mar/2018:08:57:43 -0300] "GET /cormun/static/gxcfg.js?201812313224582 HTTP/1.1" 304 -
186.79.20.211 - - [06/Mar/2018:08:57:43 -0300] "GET /cormun/static/solicitudot.js?201812313224831 HTTP/1.1" 304 -
186.79.20.211 - - [06/Mar/2018:08:57:43 -0300] "GET /cormun/servlet/solicitudot?INS,0,0, HTTP/1.1" 200 13427
186.79.20.211 - - [06/Mar/2018:08:57:46 -0300] "GET /cormun/servlet/prfichaempleado?,MD,,gxPopupLevel%3D0%3B HTTP/1.1" 200 9332
186.79.20.211 - - [06/Mar/2018:08:57:46 -0300] "GET /cormun/static/gxcfg.js?20177612134814 HTTP/1.1" 304 -
192.168.10.89 - - [06/Mar/2018:08:57:46 -0300] "GET /cormun/servlet/solicitudgral?UPD,2018,8492, HTTP/1.1" 200 13387
192.168.10.89 - - [06/Mar/2018:08:57:47 -0300] "POST /cormun/servlet/solicitudgral?gx-no-cache=1520337307028 HTTP/1.1" 200 3926
192.168.10.89 - - [06/Mar/2018:08:57:47 -0300] "GET /cormun/servlet/solicitudgral?c6dd5ead5ef897df5b49148d81b8b733d9a8ef7e7891c96b05e012ebb823a97b23eb405dd1d58bdabed71e74e22d541f401ec44fa6acfcc279b37b3483b4600450a176a87b84a8dacbddc8352cbe0e4953c35c2823ce6dcdf4ad9f74bcffec90651d8356305fc16372d5e1e6171b3347ce25ac026cbfe0dbbc81314fbdebe6fe9f40c7c51f756e6e06054120afb1ee0014d1948168d8facfe206305dcbdf91674a05c36f44de682decaac9cf303e29e0f51a6baa3a6d5b1639f24dbeec9efab6af95a1a4b6f0ce82531daffc22ffe3ad79b53ed16e29b85c725c05e2a870d890573ac4a46b55d898b75eb167b744ab0e49654af217c0897488fe901b2a2c81df92d09b35dd170a5c67814d2aeb19d9e800d6d7164e5899dfd44d370cf6e8d71c8bf9de5c048c37787c1a703e58067eab14f9d564aa416a08e821a620c05cf0a29b0b829ca03c72cba42cf22fd63ec654,gx-no-cache=1520337307255 HTTP/1.1" 200 255
192.168.10.89 - - [06/Mar/2018:08:57:49 -0300] "GET /cormun/servlet/solicitudgral?c6dd5ead5ef897df5b49148d81b8b7333e642f69bed62c92d5b4aa71e83e1cf5603ded4c1500e233fdb769469c72b6d6ab196463b6eb3407a880bc724af0e7c2b67dd507f6040a557f35449716d49e32350acdceb945a12e4e8a7ab37e6de5d72000ea61482b034ed8c4dcb74c9501a3dabfcaeef5290078d3133bf2b8f8515540f7687949c778a709efb8637d44b803a80064909b1238da79e526887387ecfab0610543823ddea01e6dfa3085260dda4de9af1fbd02da30e62e6902403a84f5ea38120a0cd481b99255217e0dbeda73f958991d0e152179578de76247bcf7a5bd66fd8aa26b7e2c7501ebf7aa6214cb48204064cf34219cff003b5546e5d3b3b27230d291334ba331d34e1e75bc30eaf084d447e8adeb3d824a08abc87dea51802d8de7c5bf21b1998a39af40d3aa08a970fa5faddaf7a3568a772c2464c4aa6bc64065a4beeec9afb8f381cc40074ee1b14f49242f7f574812026f26277c7823d3a4ebdaa19b35b14d00de5cb66b778790e76f139403005ea89e56789abba3804a047213d6505046ca4e436574ac9d92700e3dac5933b713877062cf9520ea6871f3dbf1ef0ceb605e3c784bdbd7cd,gx-no-cache=1520337308684 HTTP/1.1" 200 48
192.168.10.89 - - [06/Mar/2018:08:57:49 -0300] "POST /cormun/servlet/solicitudgral?dba457b677ceb4ee25d3cf486ff80df0,UPD,2018,8492,,gx-no-cache=1520337309067 HTTP/1.1" 200 11830
192.168.10.89 - - [06/Mar/2018:08:57:50 -0300] "GET /cormun/servlet/solicitudgral?c6dd5ead5ef897df5b49148d81b8b733b1084f8244fc2cc12d185ca23b7b974e4a3008c710e4c93fc69e7c40da3ada0c1231e81ee18353be9bfa43c8dec09530f69bfb049aa2ae343ce880131c5f2b3441073b17964fe4ddbf7a7d11718d210a8a0fb0d2831c144f1fed1fa82aa62d76278e5a196366d153ba450b7e3ded0957dabbc0aee7233ced5ea42b5a89585c6ff280900056ee0edd684be20fac32796c,gx-no-cache=1520337309928 HTTP/1.1" 200 29
192.168.10.89 - - [06/Mar/2018:08:57:50 -0300] "POST /cormun/servlet/solicitudgral?gx-no-cache=1520337309955 HTTP/1.1" 200 1297
192.168.10.89 - - [06/Mar/2018:08:57:50 -0300] "POST /cormun/servlet/solicitudgral?gx-no-cache=1520337309998 HTTP/1.1" 200 1219
192.168.10.89 - - [06/Mar/2018:08:57:56 -0300] "POST /cormun/servlet/solicitudgral?dba457b677ceb4ee25d3cf486ff80df0,UPD,2018,8492,,gx-no-cache=1520337315334 HTTP/1.1" 200 93
192.168.10.89 - - [06/Mar/2018:08:57:56 -0300] "GET /cormun/servlet/hpexe_return? HTTP/1.1" 200 1013
192.168.10.89 - - [06/Mar/2018:08:57:56 -0300] "GET /cormun/servlet/trsolicitudgral HTTP/1.1" 200 11231
192.168.10.56 - - [06/Mar/2018:08:58:01 -0300] "GET /cormun/servlet/solicitudgral?87bcfe17395c4664cfc73fc640d787f100e18bfebb29d95ef5833507d7ec9cee2e794d2178fc711e56ade42e16d471343d926ed16f331bc15e0cbd74f4a8aaad171badc14e37bf8e56424cd4d4244d6dd8311f43782caedc00f9d21c5fa156e7c9bbe40e2bd401b783ce33895372a78fc12383b50f2a380b0b6d10a083a40f6799f191bcd130ec9bcb3f1cba8af229734ebabc79aa0bb42958875c8856071f73da6409e36bfa03de71da1681e4a3cacaef1e05bd6b4ef9734bb49d1f8cedb7b87d1a1a876e5cd8df2b1c7ad9b1bb5ffe65636eca28ec91aa7e8124d64085807292443c19a40378586b3fa6f1a1f638ce8bae5c2e45db4882e955e7a222a1ac2bc0dc92c3ddc88dec90425bd0dfd2317713073ec1c899b8c4cc51566936eaab1e424103991a3853b849b918e2cab56b078f7eb18c835a7bb59e30eefd658b76c79948056eac0f995383a6a0a21fb78f15aa339a20b168799765b8d3c15261706b7f8ad79f2cb0fbc879a3631c1791697e79ededa8d2f653ddcf4eb56b74bd5b28fbe9ca79fe83c928faf83bce6e371ba871beebafe93e2e04100768abc7d0a41c9071f1de21503f76e4a4dbc9eef01641,gx-no-cache=1520337320470 HTTP/1.1" 200 48
192.168.10.56 - - [06/Mar/2018:08:58:01 -0300] "POST /cormun/servlet/solicitudgral?c8e15d4254504686c623ce5158dc593c,UPD,2018,8838,,gx-no-cache=1520337320503 HTTP/1.1" 200 11275
192.168.10.56 - - [06/Mar/2018:08:58:01 -0300] "GET /cormun/servlet/solicitudgral?87bcfe17395c4664cfc73fc640d787f1cfd73ac2b495f11c5a9e24b7b33bf4a405713e045b900d94e8a728d68a8b1f8ee43ac489940852dc5b12b2cbbb2db47d1d3b7fe8fe691b0e1d745031817f78fb65b3612eed156af90024ae3282c5c8b949a808d53cdbe81835da35ec50e6de2275016b4ecf5b19c37adb58266ad383af63b8fd8838391974b30a6ca382a22b4bbffa8d099326ad90384edfb4ab6828f9,gx-no-cache=1520337320641 HTTP/1.1" 200 29
192.168.10.56 - - [06/Mar/2018:08:58:01 -0300] "POST /cormun/servlet/solicitudgral?gx-no-cache=1520337320654 HTTP/1.1" 200 703
192.168.10.56 - - [06/Mar/2018:08:58:01 -0300] "POST /cormun/servlet/solicitudgral?gx-no-cache=1520337320677 HTTP/1.1" 200 626
192.168.10.56 - - [06/Mar/2018:08:58:04 -0300] "POST /cormun/servlet/solicitudgral?c8e15d4254504686c623ce5158dc593c,UPD,2018,8838,,gx-no-cache=1520337323613 HTTP/1.1" 200 93
192.168.10.56 - - [06/Mar/2018:08:58:04 -0300] "GET /cormun/servlet/hpexe_return? HTTP/1.1" 200 1031
192.168.10.56 - - [06/Mar/2018:08:58:04 -0300] "GET /cormun/servlet/trsolicitudgral?gx-no-cache=1520337288437 HTTP/1.1" 200 14808
192.168.10.56 - - [06/Mar/2018:08:58:05 -0300] "GET /cormun/servlet/trsolicitudgral?gx-no-cache=1520337288437 HTTP/1.1" 200 14825
186.79.20.211 - - [06/Mar/2018:08:58:06 -0300] "POST /cormun/servlet/prfichaempleado?409fdbc9c5a494f972b4da20266c7709,,MD,,gxPopupLevel%3D0%3B,gx-no-cache=1520333836584 HTTP/1.1" 200 3424
190.151.100.218 - - [06/Mar/2018:08:58:11 -0300] "POST /cormun/servlet/solicitudot?gx-no-cache=1520337440487 HTTP/1.1" 200 30
192.168.10.89 - - [06/Mar/2018:08:58:11 -0300] "POST /cormun/servlet/trsolicitudgral?dba457b677ceb4ee25d3cf486ff80df0,gx-no-cache=1520337331124 HTTP/1.1" 200 7740
186.79.20.211 - - [06/Mar/2018:08:58:12 -0300] "POST /cormun/servlet/solicitudot?gx-no-cache=1520333841787 HTTP/1.1" 200 3415
186.79.20.211 - - [06/Mar/2018:08:58:13 -0300] "POST /cormun/servlet/solicitudot?409fdbc9c5a494f972b4da20266c7709,INS,0,0,,gx-no-cache=1520333843282 HTTP/1.1" 200 10390
186.79.20.211 - - [06/Mar/2018:08:58:17 -0300] "GET /cormun/servlet/solicitudot?6d3f1a6e29e395b48dec48882ed73c149a2a267e9d820577826ade0adeeb03015523a49c8ed1082870231dcef17f84e1,gx-no-cache=1520333848106 HTTP/1.1" 200 30
186.79.20.211 - - [06/Mar/2018:08:58:17 -0300] "GET /cormun/servlet/solicitudot?6d3f1a6e29e395b48dec48882ed73c142a27fbf0b7ebeea28304600f73264c0394ded7fa7c59892e00e9290115bc4835236171afdc329e21c329a612101b03b2,gx-no-cache=1520333848205 HTTP/1.1" 200 30
186.79.20.211 - - [06/Mar/2018:08:58:17 -0300] "GET /cormun/servlet/solicitudot?6d3f1a6e29e395b48dec48882ed73c1451b851d82e20962d4be3e9cf33b2e9cf,gx-no-cache=1520333848314 HTTP/1.1" 200 51
186.79.20.211 - - [06/Mar/2018:08:58:18 -0300] "POST /cormun/servlet/solicitudot?gx-no-cache=1520333848445 HTTP/1.1" 200 255
186.79.20.211 - - [06/Mar/2018:08:58:18 -0300] "GET /cormun/servlet/solicitudot?6d3f1a6e29e395b48dec48882ed73c14a4eaf3bfb9ba62485b4774e09e2899dda76c81e7171a2e4feebf5db8f3a8dfa22ce359f8e300f3114c13a4e9f4074e94be46b576181e762b4215d08fd176ba0627307499b9002c6018c7efc02b9c8c57bed1762ea8625c782e1b0939856eb552863be701c8b7081742c2a37ee6409e5d1683199ed5ae7fbab35a8b5899236f7d6e4a80d29f870d9e54a782fdb376f47b80c5eda6b7d9ba8ec3863dbe1b80c854ad0c46e5c7be64ca2fd9d08d111fabaecbed7c774b6fe18c1fa8663f41633739cd452e7628a1c6ba17d1e3902a26c230734662d093a630d05b49fa4e5caf30fde21a4c50bee57cef09aaa76d5e9cfe407d9ea783f86f99b49cc9879f1359494d6551aa05836e41f923b818b8a4d0d36927b35e4248192d4ba5bd276bdec2977196d5cce9e0ff8ec338e16a0a64789d870e4e0fb28931ea21c4ba2db45ccfe7bced3ae1b3bf5e853b6e882a04f27e5e8d5bdda0a2a0d02b5817ad6af3d4ac3f78ab0aafbdd2383cab0dbf6f44b76da2c9,gx-no-cache=1520333848583 HTTP/1.1" 200 30
186.79.20.211 - - [06/Mar/2018:08:58:19 -0300] "POST /cormun/servlet/solicitudot?gx-no-cache=1520333850194 HTTP/1.1" 200 30
186.79.20.211 - - [06/Mar/2018:08:58:21 -0300] "POST /cormun/servlet/solicitudot?gx-no-cache=1520333852176 HTTP/1.1" 200 1337
186.79.20.211 - - [06/Mar/2018:08:58:21 -0300] "POST /cormun/servlet/solicitudot?gx-no-cache=1520333852312 HTTP/1.1" 200 38
192.168.10.89 - - [06/Mar/2018:08:58:26 -0300] "GET /cormun/servlet/hlogin HTTP/1.1" 200 1737
186.79.20.211 - - [06/Mar/2018:08:58:30 -0300] "GET /cormun/servlet/solicitudot?6d3f1a6e29e395b48dec48882ed73c14916a15ade76c024d627f5b30e388eb3f3ad62fd8d5be5e1c210b95f6f4e0251e9e2dc7b42aaa8c738daca204db642934416ebceb722afed948cb25ffc3cb615457ee157d00e6f63650f756e5fda83ea3386116df49b921917859b502565014d0b46a26cb28c42e9bda6e08809b59a8804655bbc93c5c10d5fd19c5026e933dd25233184bd592d3404524058aa0180849,gx-no-cache=1520333861205 HTTP/1.1" 200 29
186.79.20.211 - - [06/Mar/2018:08:58:31 -0300] "POST /cormun/servlet/solicitudot?gx-no-cache=1520333861329 HTTP/1.1" 200 1318
186.79.20.211 - - [06/Mar/2018:08:58:31 -0300] "POST /cormun/servlet/solicitudot?gx-no-cache=1520333861649 HTTP/1.1" 200 1218
192.168.10.89 - - [06/Mar/2018:08:58:38 -0300] "POST /cormun/servlet/hlogin?dba457b677ceb4ee25d3cf486ff80df0,gx-no-cache=1520337357413 HTTP/1.1" 200 90
192.168.10.89 - - [06/Mar/2018:08:58:38 -0300] "GET /cormun/servlet/hpexe_link HTTP/1.1" 200 951
192.168.10.89 - - [06/Mar/2018:08:58:38 -0300] "GET /cormun/servlet/hhome HTTP/1.1" 200 4193
192.168.10.89 - - [06/Mar/2018:08:58:40 -0300] "GET /cormun/servlet/trsolicitudot? HTTP/1.1" 200 7410
192.168.10.89 - - [06/Mar/2018:08:58:43 -0300] "GET /cormun/servlet/trautorizarsolicitud? HTTP/1.1" 200 11429
186.79.20.211 - - [06/Mar/2018:08:58:44 -0300] "GET /cormun/static/menuarrow.gif HTTP/1.1" 404 1015
186.9.51.89 - - [06/Mar/2018:08:58:47 -0300] "GET /cormun/servlet/hlogin HTTP/1.1" 200 1721
186.79.20.211 - - [06/Mar/2018:08:58:48 -0300] "GET /cormun/servlet/solicitudot?6d3f1a6e29e395b48dec48882ed73c1425abdfbbba231695e26f67b2526203dd3382af1ee8df4c5949f3b1be601dc5b5,gx-no-cache=1520333878726 HTTP/1.1" 200 30
200.72.197.82 - - [06/Mar/2018:08:59:00 -0300] "GET /cormun/servlet/solicitudot?78f5a326c4571ccc41fad0557dd3a5c3947aad89780469b4195c471059db63d1134c632f84c3b31d918ed35eb7176a050c70efff0fb8f31e924c4b353f9d85a6,gx-no-cache=1520337489733 HTTP/1.1" 200 30
200.72.197.82 - - [06/Mar/2018:08:59:00 -0300] "POST /cormun/servlet/solicitudot?gx-no-cache=1520337489993 HTTP/1.1" 200 297
200.72.197.82 - - [06/Mar/2018:08:59:00 -0300] "GET /cormun/servlet/solicitudot?78f5a326c4571ccc41fad0557dd3a5c331672907efc9dd1568fbc4861d56bd4daaba4cbe6ca110b4ef1940062729f60ca816e90d0a0afb7ecd2226e3d3a8a1cb8d8b8fe1872ae74b479191915a6323d4b685b7e3159c65e4af053fc6c6a2c6a8c30abde6452ab2ecb265cde5dd8ef12adaf78d45d78c92610a47c181052a685c2cd8b2b93a2e729f445fe58ab98f6d719b36fe99004139f5ac8c06c62b5bbdea666fc52dd8d102033a90921d19c360399f382f8a5c65f5d25bbdc9bef320ceaaa4ced3f2b565add41148dd2b84433a66a3adc84a359ac3e028939d94eb92156756e89966e5c9e47a6829476b21901cbe63ab4a219378e7f1a27a231f5eed83e7e8135cefb34b4865ba900b165fae0649950c615d30c1e08801cc2f88efdb42e98872322b0e6bee8709d482dc7b2919043d9b524e534ee98494b600d6046ad4965fb179d713adbac40a193b6446deadcf05ec341a02ffab4e388ff70d4457890b12561626fe7bb75046192967a13f957b3745255637ee230fcb111ab70e55dda8452586eb84d5a9b396d64babf35f4080,gx-no-cache=1520337490230 HTTP/1.1" 200 30
200.72.197.82 - - [06/Mar/2018:08:59:01 -0300] "POST /cormun/servlet/solicitudot?gx-no-cache=1520337490418 HTTP/1.1" 200 30
186.9.51.89 - - [06/Mar/2018:08:59:01 -0300] "POST /cormun/servlet/hlogin?bb1d3fd02b6b9fcee969b69b658294b2,gx-no-cache=1520337493171 HTTP/1.1" 200 90
186.9.51.89 - - [06/Mar/2018:08:59:02 -0300] "GET /cormun/servlet/hpexe_link HTTP/1.1" 200 948
186.9.51.89 - - [06/Mar/2018:08:59:02 -0300] "GET /cormun/servlet/hhome HTTP/1.1" 200 4187
200.72.197.82 - - [06/Mar/2018:08:59:02 -0300] "POST /cormun/servlet/solicitudot?gx-no-cache=1520337490595 HTTP/1.1" 200 1337
200.72.197.82 - - [06/Mar/2018:08:59:02 -0300] "POST /cormun/servlet/solicitudot?gx-no-cache=1520337492106 HTTP/1.1" 200 41
186.9.51.89 - - [06/Mar/2018:08:59:03 -0300] "GET /cormun/servlet/hhome HTTP/1.1" 200 4183
200.72.197.82 - - [06/Mar/2018:08:59:03 -0300] "POST /cormun/servlet/solicitudot?gx-no-cache=1520337492287 HTTP/1.1" 200 1319
200.72.197.82 - - [06/Mar/2018:08:59:04 -0300] "POST /cormun/servlet/solicitudot?gx-no-cache=1520337493249 HTTP/1.1" 200 1218
200.72.197.82 - - [06/Mar/2018:08:59:04 -0300] "GET /cormun/servlet/solicitudot?78f5a326c4571ccc41fad0557dd3a5c364da58fc884119f3eeb7a1a27b5554bafcef91de7bb7fd2c04f69ed49bd3259c,gx-no-cache=1520337493684 HTTP/1.1" 200 30
200.72.197.82 - - [06/Mar/2018:08:59:05 -0300] "POST /cormun/servlet/solicitudot?gx-no-cache=1520337493862 HTTP/1.1" 200 30
200.72.197.82 - - [06/Mar/2018:08:59:06 -0300] "POST /cormun/servlet/solicitudot?fe3c224c50bb76693a6577603ef4990a,INS,0,0,,gx-no-cache=1520337494529 HTTP/1.1" 200 12198
186.9.51.89 - - [06/Mar/2018:08:59:10 -0300] "GET /cormun/servlet/trvisualizadoreventos? HTTP/1.1" 200 6943
186.9.51.89 - - [06/Mar/2018:08:59:12 -0300] "GET /cormun/servlet/trvisualizadoreventos? HTTP/1.1" 200 6943
192.168.10.89 - - [06/Mar/2018:08:59:12 -0300] "POST /cormun/servlet/trautorizarsolicitud?dba457b677ceb4ee25d3cf486ff80df0,,gx-no-cache=1520337391710 HTTP/1.1" 200 8186
192.168.10.89 - - [06/Mar/2018:08:59:12 -0300] "POST /cormun/servlet/trautorizarsolicitud?dba457b677ceb4ee25d3cf486ff80df0,,gx-no-cache=1520337392127 HTTP/1.1" 200 8129
192.168.10.89 - - [06/Mar/2018:08:59:13 -0300] "GET /cormun/static/Shared/jqueryui/images/ui-icons_8d78a5_256x240.png HTTP/1.1" 404 1089
192.168.10.89 - - [06/Mar/2018:08:59:13 -0300] "GET /cormun/static/Shared/jqueryui/images/ui-bg_highlight-soft_100_c6c2c8_1x100.png HTTP/1.1" 404 1117
192.168.10.89 - - [06/Mar/2018:08:59:13 -0300] "GET /cormun/static/Shared/jqueryui/images/ui-bg_flat_55_fafafa_40x100.png HTTP/1.1" 404 1097
192.168.10.89 - - [06/Mar/2018:08:59:13 -0300] "GET /cormun/static/Shared/jqueryui/images/ui-icons_82798d_256x240.png HTTP/1.1" 404 1089
186.79.20.211 - - [06/Mar/2018:08:59:13 -0300] "POST /cormun/servlet/solicitudot?gx-no-cache=1520333903168 HTTP/1.1" 200 30
220.189.249.97 - - [06/Mar/2018:08:59:15 -0300] "GET /manager/html HTTP/1.1" 401 2474
220.189.249.97 - - [06/Mar/2018:08:59:15 -0300] "GET /manager/html HTTP/1.1" 401 2474
192.168.10.89 - - [06/Mar/2018:08:59:20 -0300] "POST /cormun/servlet/trautorizarsolicitud?dba457b677ceb4ee25d3cf486ff80df0,,gx-no-cache=1520337399989 HTTP/1.1" 200 116
192.168.10.89 - - [06/Mar/2018:08:59:20 -0300] "GET /cormun/servlet/solicitudotlog?INS,2018,10044,0,ANU, HTTP/1.1" 200 5997
192.168.10.89 - - [06/Mar/2018:08:59:21 -0300] "GET /cormun/servlet/solicitudotlog?c6dd5ead5ef897df5b49148d81b8b7337159768afc7ee051e1e8e65fa6a32e484a3008c710e4c93fc69e7c40da3ada0c16c5bc347986ba92a9d44ecba4e060f9d5d11a1dd954a71bfccca16606a1eed13063b4e24021c4b8c2b7aa1f1d36f378d121fc4b1f9806424985cf425285a45975f60fb88127e2927ab834e1335ca3e286b222fced0584b500d44575238eba62c1d34be5ef618b24738c33b94c35c64f,gx-no-cache=1520337401081 HTTP/1.1" 200 94
186.9.51.89 - - [06/Mar/2018:08:59:22 -0300] "POST /cormun/servlet/trvisualizadoreventos?bb1d3fd02b6b9fcee969b69b658294b2,,gx-no-cache=1520337512873 HTTP/1.1" 200 4126
192.168.10.89 - - [06/Mar/2018:08:59:23 -0300] "POST /cormun/servlet/solicitudotlog?dba457b677ceb4ee25d3cf486ff80df0,INS,2018,10044,0,ANU,,gx-no-cache=1520337402622 HTTP/1.1" 200 93
192.168.10.89 - - [06/Mar/2018:08:59:23 -0300] "GET /cormun/servlet/hpexe_return? HTTP/1.1" 200 1029
192.168.10.89 - - [06/Mar/2018:08:59:23 -0300] "GET /cormun/servlet/trautorizarsolicitud? HTTP/1.1" 200 11033
186.9.51.89 - - [06/Mar/2018:08:59:24 -0300] "GET /cormun/static/menuarrow.gif HTTP/1.1" 404 1015
186.9.51.89 - - [06/Mar/2018:08:59:29 -0300] "POST /cormun/servlet/trvisualizadoreventos?bb1d3fd02b6b9fcee969b69b658294b2,,gx-no-cache=1520337519992 HTTP/1.1" 200 4703
220.189.249.97 - - [06/Mar/2018:08:59:30 -0300] "GET /manager/html HTTP/1.1" 401 2474
192.168.10.89 - - [06/Mar/2018:08:59:30 -0300] "POST /cormun/servlet/trautorizarsolicitud?dba457b677ceb4ee25d3cf486ff80df0,,gx-no-cache=1520337409954 HTTP/1.1" 200 116
192.168.10.89 - - [06/Mar/2018:08:59:30 -0300] "GET /cormun/servlet/solicitudotlog?INS,2018,10044,0,ANU, HTTP/1.1" 200 5997
192.168.10.89 - - [06/Mar/2018:08:59:31 -0300] "GET /cormun/servlet/solicitudotlog?c6dd5ead5ef897df5b49148d81b8b7337159768afc7ee051e1e8e65fa6a32e484a3008c710e4c93fc69e7c40da3ada0c16c5bc347986ba92a9d44ecba4e060f9d5d11a1dd954a71bfccca16606a1eed13063b4e24021c4b8c2b7aa1f1d36f378d121fc4b1f9806424985cf425285a45975f60fb88127e2927ab834e1335ca3e286b222fced0584b500d44575238eba62c1d34be5ef618b24738c33b94c35c64f,gx-no-cache=1520337410965 HTTP/1.1" 200 94
192.168.10.89 - - [06/Mar/2018:08:59:33 -0300] "POST /cormun/servlet/solicitudotlog?dba457b677ceb4ee25d3cf486ff80df0,INS,2018,10044,0,ANU,,gx-no-cache=1520337412336 HTTP/1.1" 200 93
192.168.10.89 - - [06/Mar/2018:08:59:33 -0300] "GET /cormun/servlet/hpexe_return? HTTP/1.1" 200 1027
192.168.10.89 - - [06/Mar/2018:08:59:33 -0300] "GET /cormun/servlet/trautorizarsolicitud HTTP/1.1" 200 11033
192.168.10.89 - - [06/Mar/2018:08:59:39 -0300] "POST /cormun/servlet/trautorizarsolicitud?dba457b677ceb4ee25d3cf486ff80df0,gx-no-cache=1520337418465 HTTP/1.1" 200 116
192.168.10.89 - - [06/Mar/2018:08:59:39 -0300] "GET /cormun/servlet/solicitudotlog?INS,2018,10044,0,REC, HTTP/1.1" 200 5996
192.168.10.89 - - [06/Mar/2018:08:59:40 -0300] "GET /cormun/servlet/solicitudotlog?c6dd5ead5ef897df5b49148d81b8b7337159768afc7ee051e1e8e65fa6a32e484a3008c710e4c93fc69e7c40da3ada0c16c5bc347986ba92a9d44ecba4e060f9d5d11a1dd954a71bfccca16606a1eed13063b4e24021c4b8c2b7aa1f1d36f378d121fc4b1f9806424985cf425285a45975f60fb88127e2927ab834e1335ca3e286b222fced0584b500d44575238eba62c1d34be5ef618b24738c33b94c35c64f,gx-no-cache=1520337419455 HTTP/1.1" 200 94
192.168.10.89 - - [06/Mar/2018:08:59:44 -0300] "POST /cormun/servlet/solicitudotlog?dba457b677ceb4ee25d3cf486ff80df0,INS,2018,10044,0,REC,,gx-no-cache=1520337423468 HTTP/1.1" 200 93
192.168.10.89 - - [06/Mar/2018:08:59:44 -0300] "GET /cormun/servlet/hpexe_return? HTTP/1.1" 200 1027
192.168.10.89 - - [06/Mar/2018:08:59:44 -0300] "GET /cormun/servlet/trautorizarsolicitud HTTP/1.1" 200 10650
220.189.249.97 - - [06/Mar/2018:08:59:44 -0300] "GET /manager/html HTTP/1.1" 401 2474
186.9.51.89 - - [06/Mar/2018:08:59:47 -0300] "POST /cormun/servlet/trvisualizadoreventos?bb1d3fd02b6b9fcee969b69b658294b2,,gx-no-cache=1520337537671 HTTP/1.1" 200 4642
220.189.249.97 - - [06/Mar/2018:08:59:52 -0300] "GET /manager/html HTTP/1.1" 401 2474
192.168.10.56 - - [06/Mar/2018:08:59:55 -0300] "POST /cormun/servlet/trsolicitudgral?c8e15d4254504686c623ce5158dc593c,gx-no-cache=1520337288437,gx-no-cache=1520337435096 HTTP/1.1" 200 12054
186.9.51.89 - - [06/Mar/2018:08:59:57 -0300] "POST /cormun/servlet/trvisualizadoreventos?bb1d3fd02b6b9fcee969b69b658294b2,,gx-no-cache=1520337549134 HTTP/1.1" 200 4931
186.103.158.250 - - [06/Mar/2018:08:59:59 -0300] "POST /cormun/servlet/solicitudot?e80e845129325b7c99e884314e0d0e39,INS,0,0,,gx-no-cache=1520337549504 HTTP/1.1" 200 12211
220.189.249.97 - - [06/Mar/2018:09:00:03 -0300] "GET /manager/html HTTP/1.1" 401 2474
192.168.10.56 - - [06/Mar/2018:09:00:03 -0300] "POST /cormun/servlet/trsolicitudgral?c8e15d4254504686c623ce5158dc593c,gx-no-cache=1520337288437,gx-no-cache=1520337442266 HTTP/1.1" 200 12097
192.168.10.56 - - [06/Mar/2018:09:00:03 -0300] "GET /cormun/static/Shared/jqueryui/images/ui-icons_82798d_256x240.png HTTP/1.1" 404 1089
192.168.10.56 - - [06/Mar/2018:09:00:03 -0300] "GET /cormun/static/Shared/jqueryui/images/ui-bg_highlight-soft_100_c6c2c8_1x100.png HTTP/1.1" 404 1117
192.168.10.56 - - [06/Mar/2018:09:00:03 -0300] "GET /cormun/static/Shared/jqueryui/images/ui-icons_8d78a5_256x240.png HTTP/1.1" 404 1089
192.168.10.56 - - [06/Mar/2018:09:00:03 -0300] "GET /cormun/static/Shared/jqueryui/images/ui-bg_flat_55_fafafa_40x100.png HTTP/1.1" 404 1097
186.9.51.89 - - [06/Mar/2018:09:00:07 -0300] "POST /cormun/servlet/trvisualizadoreventos?bb1d3fd02b6b9fcee969b69b658294b2,,gx-no-cache=1520337558337 HTTP/1.1" 200 4132
192.168.10.89 - - [06/Mar/2018:09:00:09 -0300] "POST /cormun/servlet/trautorizarsolicitud?dba457b677ceb4ee25d3cf486ff80df0,gx-no-cache=1520337448320 HTTP/1.1" 200 115
192.168.10.89 - - [06/Mar/2018:09:00:09 -0300] "GET /cormun/servlet/solicitudotlog?INS,2018,9983,0,REC, HTTP/1.1" 200 5996
192.168.10.89 - - [06/Mar/2018:09:00:10 -0300] "GET /cormun/servlet/solicitudotlog?c6dd5ead5ef897df5b49148d81b8b7331f5b6e83e8cceff15309495b8b5cb08f49654af217c0897488fe901b2a2c81df105395f8c9b61bf7a9673d3136ee08ecce22a8720415b2d671be028b91bb0bc536fe2d8f949bdb747dc0ba7f26293fe9d759949e661835d3f32bf5c7babfe9245afd0bb25cb384913689e1d7e0886c1f8538476f4b2f6af225b2a54d32e92f57aca1b955e6746b2c6bb0c00e1667b590,gx-no-cache=1520337449385 HTTP/1.1" 200 94
186.9.51.89 - - [06/Mar/2018:09:00:13 -0300] "POST /cormun/servlet/trvisualizadoreventos?bb1d3fd02b6b9fcee969b69b658294b2,,gx-no-cache=1520337564442 HTTP/1.1" 200 4132
186.103.158.250 - - [06/Mar/2018:09:00:14 -0300] "GET /cormun/servlet/trsolicitudot? HTTP/1.1" 200 7410
220.189.249.97 - - [06/Mar/2018:09:00:14 -0300] "GET /manager/html HTTP/1.1" 401 2474
186.103.158.250 - - [06/Mar/2018:09:00:16 -0300] "GET /cormun/servlet/trsolicitudot? HTTP/1.1" 200 7409
186.103.158.250 - - [06/Mar/2018:09:00:18 -0300] "GET /cormun/servlet/solicitudot?INS,0,0, HTTP/1.1" 200 13649
186.103.158.250 - - [06/Mar/2018:09:00:20 -0300] "GET /cormun/servlet/solicitudot?INS,0,0, HTTP/1.1" 200 13654
192.168.10.89 - - [06/Mar/2018:09:00:23 -0300] "POST /cormun/servlet/solicitudotlog?dba457b677ceb4ee25d3cf486ff80df0,INS,2018,9983,0,REC,,gx-no-cache=1520337463073 HTTP/1.1" 200 93
192.168.10.89 - - [06/Mar/2018:09:00:23 -0300] "GET /cormun/servlet/hpexe_return? HTTP/1.1" 200 1027
192.168.10.89 - - [06/Mar/2018:09:00:24 -0300] "GET /cormun/servlet/trautorizarsolicitud HTTP/1.1" 200 10218
186.103.158.250 - - [06/Mar/2018:09:00:25 -0300] "GET /cormun/servlet/trautorizarsolicitud? HTTP/1.1" 200 7317
186.103.158.250 - - [06/Mar/2018:09:00:26 -0300] "GET /cormun/servlet/trautorizarsolicitud? HTTP/1.1" 200 7311
186.103.158.250 - - [06/Mar/2018:09:00:29 -0300] "POST /cormun/servlet/trautorizarsolicitud?e80e845129325b7c99e884314e0d0e39,,gx-no-cache=1520337580479 HTTP/1.1" 200 4409
220.189.249.97 - tomcat [06/Mar/2018:09:00:31 -0300] "GET /manager/html HTTP/1.1" 403 3196
186.103.158.250 - - [06/Mar/2018:09:00:44 -0300] "POST /cormun/servlet/trautorizarsolicitud?e80e845129325b7c99e884314e0d0e39,,gx-no-cache=1520337594892 HTTP/1.1" 200 5769
192.168.10.89 - - [06/Mar/2018:09:00:45 -0300] "POST /cormun/servlet/trautorizarsolicitud?dba457b677ceb4ee25d3cf486ff80df0,gx-no-cache=1520337484591 HTTP/1.1" 200 7036
192.168.10.89 - - [06/Mar/2018:09:00:45 -0300] "POST /cormun/servlet/trautorizarsolicitud?dba457b677ceb4ee25d3cf486ff80df0,gx-no-cache=1520337484935 HTTP/1.1" 200 6982
192.168.10.89 - - [06/Mar/2018:09:00:45 -0300] "GET /cormun/static/Shared/jqueryui/images/ui-icons_82798d_256x240.png HTTP/1.1" 404 1089
192.168.10.89 - - [06/Mar/2018:09:00:45 -0300] "GET /cormun/static/Shared/jqueryui/images/ui-bg_flat_55_fafafa_40x100.png HTTP/1.1" 404 1097
192.168.10.89 - - [06/Mar/2018:09:00:45 -0300] "GET /cormun/static/Shared/jqueryui/images/ui-icons_8d78a5_256x240.png HTTP/1.1" 404 1089
192.168.10.89 - - [06/Mar/2018:09:00:45 -0300] "GET /cormun/static/Shared/jqueryui/images/ui-bg_highlight-soft_100_c6c2c8_1x100.png HTTP/1.1" 404 1117
220.189.249.97 - - [06/Mar/2018:09:00:49 -0300] "GET /manager/html HTTP/1.1" 401 2474
186.103.158.250 - - [06/Mar/2018:09:00:51 -0300] "POST /cormun/servlet/trautorizarsolicitud?e80e845129325b7c99e884314e0d0e39,,gx-no-cache=1520337602644 HTTP/1.1" 200 5783
186.103.158.250 - - [06/Mar/2018:09:00:51 -0300] "GET /cormun/static/Shared/jqueryui/images/ui-bg_highlight-soft_100_c6c2c8_1x100.png HTTP/1.1" 404 1117
186.103.158.250 - - [06/Mar/2018:09:00:52 -0300] "GET /cormun/static/Shared/jqueryui/images/ui-icons_82798d_256x240.png HTTP/1.1" 404 1089
186.103.158.250 - - [06/Mar/2018:09:00:52 -0300] "GET /cormun/static/Shared/jqueryui/images/ui-icons_8d78a5_256x240.png HTTP/1.1" 404 1089
186.103.158.250 - - [06/Mar/2018:09:00:52 -0300] "GET /cormun/static/Shared/jqueryui/images/ui-bg_flat_55_fafafa_40x100.png HTTP/1.1" 404 1097
192.168.10.89 - - [06/Mar/2018:09:00:54 -0300] "POST /cormun/servlet/trautorizarsolicitud?dba457b677ceb4ee25d3cf486ff80df0,gx-no-cache=1520337493353 HTTP/1.1" 200 115
192.168.10.89 - - [06/Mar/2018:09:00:54 -0300] "GET /cormun/servlet/solicitudotlog?INS,2018,9816,0,ANU, HTTP/1.1" 200 5997
192.168.10.89 - - [06/Mar/2018:09:00:55 -0300] "GET /cormun/servlet/solicitudotlog?c6dd5ead5ef897df5b49148d81b8b73304e8ebcc8801d0929553c2114073e33249654af217c0897488fe901b2a2c81df105395f8c9b61bf7a9673d3136ee08ecce22a8720415b2d671be028b91bb0bc536fe2d8f949bdb747dc0ba7f26293fe9d759949e661835d3f32bf5c7babfe9245afd0bb25cb384913689e1d7e0886c1f8538476f4b2f6af225b2a54d32e92f57aca1b955e6746b2c6bb0c00e1667b590,gx-no-cache=1520337494373 HTTP/1.1" 200 94
186.103.158.250 - - [06/Mar/2018:09:00:57 -0300] "GET /cormun/servlet/trsolicitudot? HTTP/1.1" 200 7410
192.168.10.89 - - [06/Mar/2018:09:00:58 -0300] "POST /cormun/servlet/solicitudotlog?dba457b677ceb4ee25d3cf486ff80df0,INS,2018,9816,0,ANU,,gx-no-cache=1520337497351 HTTP/1.1" 200 93
192.168.10.89 - - [06/Mar/2018:09:00:58 -0300] "GET /cormun/servlet/hpexe_return? HTTP/1.1" 200 1048
192.168.10.89 - - [06/Mar/2018:09:00:58 -0300] "GET /cormun/servlet/trautorizarsolicitud?gx-no-cache=1520337484935 HTTP/1.1" 200 9495
186.103.158.250 - - [06/Mar/2018:09:00:58 -0300] "GET /cormun/servlet/trsolicitudot? HTTP/1.1" 200 7409
220.189.249.97 - - [06/Mar/2018:09:01:07 -0300] "GET /manager/html HTTP/1.1" 401 2474
186.103.158.250 - - [06/Mar/2018:09:01:08 -0300] "GET /cormun/servlet/trsolicitudot? HTTP/1.1" 200 7409
186.103.158.250 - - [06/Mar/2018:09:01:09 -0300] "GET /cormun/servlet/trsolicitudot? HTTP/1.1" 200 7409
192.168.10.56 - - [06/Mar/2018:09:01:09 -0300] "POST /cormun/servlet/trsolicitudgral?c8e15d4254504686c623ce5158dc593c,gx-no-cache=1520337288437,gx-no-cache=1520337508807 HTTP/1.1" 200 23013
192.168.10.89 - - [06/Mar/2018:09:01:10 -0300] "POST /cormun/servlet/trautorizarsolicitud?dba457b677ceb4ee25d3cf486ff80df0,gx-no-cache=1520337484935,gx-no-cache=1520337509425 HTTP/1.1" 200 115
192.168.10.89 - - [06/Mar/2018:09:01:10 -0300] "GET /cormun/servlet/solicitudotlog?INS,2018,9694,0,REC, HTTP/1.1" 200 6017
192.168.10.89 - - [06/Mar/2018:09:01:11 -0300] "GET /cormun/servlet/solicitudotlog?c6dd5ead5ef897df5b49148d81b8b733d5f1e808c813fd655872e5f21d2e0bfd49654af217c0897488fe901b2a2c81df105395f8c9b61bf7a9673d3136ee08ecce22a8720415b2d671be028b91bb0bc536fe2d8f949bdb747dc0ba7f26293fe9d759949e661835d3f32bf5c7babfe9245afd0bb25cb384913689e1d7e0886c1f8538476f4b2f6af225b2a54d32e92f57aca1b955e6746b2c6bb0c00e1667b590,gx-no-cache=1520337510430 HTTP/1.1" 200 94
186.103.158.250 - - [06/Mar/2018:09:01:11 -0300] "GET /cormun/servlet/solicitudot?INS,0,0, HTTP/1.1" 200 13648
186.103.158.250 - - [06/Mar/2018:09:01:13 -0300] "GET /cormun/servlet/solicitudot?INS,0,0, HTTP/1.1" 200 13653
220.189.249.97 - - [06/Mar/2018:09:01:16 -0300] "GET /manager/html HTTP/1.1" 401 2474
192.168.10.89 - - [06/Mar/2018:09:01:22 -0300] "POST /cormun/servlet/solicitudotlog?dba457b677ceb4ee25d3cf486ff80df0,INS,2018,9694,0,REC,,gx-no-cache=1520337521834 HTTP/1.1" 200 93
192.168.10.89 - - [06/Mar/2018:09:01:22 -0300] "GET /cormun/servlet/hpexe_return? HTTP/1.1" 200 1048
192.168.10.89 - - [06/Mar/2018:09:01:22 -0300] "GET /cormun/servlet/trautorizarsolicitud?gx-no-cache=1520337484935 HTTP/1.1" 200 9116
192.168.10.56 - - [06/Mar/2018:09:01:31 -0300] "POST /cormun/servlet/trsolicitudgral?c8e15d4254504686c623ce5158dc593c,gx-no-cache=1520337288437,gx-no-cache=1520337530321 HTTP/1.1" 200 19770
192.168.10.89 - - [06/Mar/2018:09:01:31 -0300] "POST /cormun/servlet/trautorizarsolicitud?dba457b677ceb4ee25d3cf486ff80df0,gx-no-cache=1520337484935,gx-no-cache=1520337530875 HTTP/1.1" 200 115
192.168.10.89 - - [06/Mar/2018:09:01:31 -0300] "GET /cormun/servlet/solicitudotlog?INS,2018,9693,0,REC, HTTP/1.1" 200 6017
192.168.10.89 - - [06/Mar/2018:09:01:32 -0300] "GET /cormun/servlet/solicitudotlog?c6dd5ead5ef897df5b49148d81b8b73353a9a8e04d5155653181d5af589907f249654af217c0897488fe901b2a2c81df105395f8c9b61bf7a9673d3136ee08ecce22a8720415b2d671be028b91bb0bc536fe2d8f949bdb747dc0ba7f26293fe9d759949e661835d3f32bf5c7babfe9245afd0bb25cb384913689e1d7e0886c1f8538476f4b2f6af225b2a54d32e92f57aca1b955e6746b2c6bb0c00e1667b590,gx-no-cache=1520337531910 HTTP/1.1" 200 94
192.168.10.89 - - [06/Mar/2018:09:01:36 -0300] "POST /cormun/servlet/solicitudotlog?dba457b677ceb4ee25d3cf486ff80df0,INS,2018,9693,0,REC,,gx-no-cache=1520337535274 HTTP/1.1" 200 93
192.168.10.89 - - [06/Mar/2018:09:01:36 -0300] "GET /cormun/servlet/hpexe_return? HTTP/1.1" 200 1048
192.168.10.89 - - [06/Mar/2018:09:01:36 -0300] "GET /cormun/servlet/trautorizarsolicitud?gx-no-cache=1520337484935 HTTP/1.1" 200 8646
192.168.10.56 - - [06/Mar/2018:09:01:38 -0300] "POST /cormun/servlet/trsolicitudgral?c8e15d4254504686c623ce5158dc593c,gx-no-cache=1520337288437,gx-no-cache=1520337537400 HTTP/1.1" 200 115
192.168.10.56 - - [06/Mar/2018:09:01:38 -0300] "GET /cormun/servlet/solicitudotlog?INS,2018,8838,0,REC, HTTP/1.1" 200 6292
192.168.10.56 - - [06/Mar/2018:09:01:38 -0300] "GET /cormun/static/gxcfg.js?2017761245646 HTTP/1.1" 304 -
192.168.10.56 - - [06/Mar/2018:09:01:38 -0300] "GET /cormun/servlet/solicitudotlog?INS,2018,8838,0,REC, HTTP/1.1" 200 6270
192.168.10.56 - - [06/Mar/2018:09:01:39 -0300] "GET /cormun/servlet/solicitudotlog?87bcfe17395c4664cfc73fc640d787f1da3851f861b58a62e412a41e9ce70096f6fe2d95442544da55f2eea32c44ce1e610bd664d6a88a0a73bc196f9ab7c3b2d5dea6da93c53782ec23850cf06034fc4a122505c8b31c167d51c481680067cea970e223378224e4b035d36b8174190729683ff805bb8bb6b4e69e96fbff1595da71574d624061e8cb5173b8d8d9d11654cf05a9c6860e41c62831fb4976b590,gx-no-cache=1520337538353 HTTP/1.1" 200 94
186.103.158.250 - - [06/Mar/2018:09:01:43 -0300] "POST /cormun/servlet/solicitudot?gx-no-cache=1520337654400 HTTP/1.1" 200 3468
186.103.158.250 - - [06/Mar/2018:09:01:43 -0300] "GET /cormun/static/Shared/jqueryui/images/ui-bg_highlight-soft_100_c6c2c8_1x100.png HTTP/1.1" 404 1117
186.103.158.250 - - [06/Mar/2018:09:01:43 -0300] "GET /cormun/static/Shared/jqueryui/images/ui-icons_ebccce_256x240.png HTTP/1.1" 404 1089
186.103.158.250 - - [06/Mar/2018:09:01:43 -0300] "GET /cormun/static/Shared/jqueryui/images/ui-icons_82798d_256x240.png HTTP/1.1" 404 1089
186.103.158.250 - - [06/Mar/2018:09:01:43 -0300] "GET /cormun/static/Shared/jqueryui/images/ui-bg_flat_55_994d53_40x100.png HTTP/1.1" 404 1097
192.168.10.89 - - [06/Mar/2018:09:01:44 -0300] "POST /cormun/servlet/trautorizarsolicitud?dba457b677ceb4ee25d3cf486ff80df0,gx-no-cache=1520337484935,gx-no-cache=1520337543897 HTTP/1.1" 200 115
192.168.10.89 - - [06/Mar/2018:09:01:44 -0300] "GET /cormun/servlet/solicitudotlog?INS,2018,9692,0,REC, HTTP/1.1" 200 6019
192.168.10.89 - - [06/Mar/2018:09:01:45 -0300] "GET /cormun/servlet/solicitudotlog?c6dd5ead5ef897df5b49148d81b8b733dd71cc5100ec532dc0a0d951c6d856f449654af217c0897488fe901b2a2c81df105395f8c9b61bf7a9673d3136ee08ecce22a8720415b2d671be028b91bb0bc536fe2d8f949bdb747dc0ba7f26293fe9d759949e661835d3f32bf5c7babfe9245afd0bb25cb384913689e1d7e0886c1f8538476f4b2f6af225b2a54d32e92f57aca1b955e6746b2c6bb0c00e1667b590,gx-no-cache=1520337544879 HTTP/1.1" 200 94
186.103.158.250 - - [06/Mar/2018:09:01:48 -0300] "GET /cormun/servlet/prfichaempleado?,MD,,gxPopupLevel%3D0%3B HTTP/1.1" 200 9352
192.168.10.89 - - [06/Mar/2018:09:01:48 -0300] "POST /cormun/servlet/solicitudotlog?dba457b677ceb4ee25d3cf486ff80df0,INS,2018,9692,0,REC,,gx-no-cache=1520337547882 HTTP/1.1" 200 93
192.168.10.89 - - [06/Mar/2018:09:01:48 -0300] "GET /cormun/servlet/hpexe_return? HTTP/1.1" 200 1048
192.168.10.89 - - [06/Mar/2018:09:01:48 -0300] "GET /cormun/servlet/trautorizarsolicitud?gx-no-cache=1520337484935 HTTP/1.1" 200 7316
192.168.10.89 - - [06/Mar/2018:09:01:50 -0300] "GET /cormun/servlet/trsolicitudot? HTTP/1.1" 200 10412
192.168.10.89 - - [06/Mar/2018:09:01:54 -0300] "POST /cormun/servlet/trsolicitudot?dba457b677ceb4ee25d3cf486ff80df0,,gx-no-cache=1520337554212 HTTP/1.1" 200 106
192.168.10.89 - - [06/Mar/2018:09:01:55 -0300] "GET /cormun/servlet/solicitudot?UPD,2018,10044, HTTP/1.1" 200 15416
192.168.10.89 - - [06/Mar/2018:09:01:56 -0300] "POST /cormun/servlet/solicitudot?gx-no-cache=1520337555505 HTTP/1.1" 200 3421
192.168.10.89 - - [06/Mar/2018:09:01:56 -0300] "POST /cormun/servlet/solicitudot?dba457b677ceb4ee25d3cf486ff80df0,UPD,2018,10044,,gx-no-cache=1520337555729 HTTP/1.1" 200 11726
192.168.10.89 - - [06/Mar/2018:09:01:56 -0300] "GET /cormun/servlet/solicitudot?c6dd5ead5ef897df5b49148d81b8b7333a877e582b12471654b11977d0940abc0ce605896c4009c9e09fac6f3ac53512,gx-no-cache=1520337555964 HTTP/1.1" 200 30
192.168.10.89 - - [06/Mar/2018:09:01:56 -0300] "GET /cormun/servlet/solicitudot?c6dd5ead5ef897df5b49148d81b8b733ade20872f346467e94d47bbe6db342388d8bc121158d0878bd6f97834d2e52d0d67a1a5c25219495511520d814acf75a,gx-no-cache=1520337556014 HTTP/1.1" 200 30
192.168.10.89 - - [06/Mar/2018:09:01:56 -0300] "GET /cormun/servlet/solicitudot?c6dd5ead5ef897df5b49148d81b8b733ab1bb1762f9b57c30f531fb7668e90cfa9f3cc4272faa9974ccd638f9bd4b5b3069e08cecda4a46291b09ba670b0a2f7,gx-no-cache=1520337556032 HTTP/1.1" 200 53
192.168.10.89 - - [06/Mar/2018:09:01:56 -0300] "POST /cormun/servlet/solicitudot?gx-no-cache=1520337556054 HTTP/1.1" 200 254
192.168.10.89 - - [06/Mar/2018:09:01:56 -0300] "GET /cormun/servlet/solicitudot?c6dd5ead5ef897df5b49148d81b8b733a553bce423fd8ae9c6221f3b1991cb943749c4584883076f6b20ff0606aac42fab6a41a4997a259759c1f6cf817d5994af0bd30d75ac1e9a077e6f53070d6ab48ceb00891084b57e646db00e8998e4c580b16990330d358af0343fe4576991f74d2b37977af6fe4049817c50f4c72fa42f71ac6c4e8d3f59ac29144da31d1cd390ea9e8334abe661532241a885c240eaa55203efa309dd40e182005307f97ea266c8fafe5f1fe650496995200e072536dab211814d102bd9ae7d5563ef33ede4118478b5807df737cf7bf8d3326bb2f9d3541d46997a53b3ddddd2edd6729a0fe2aef1859855628b818e5ca59f2bea38b6905c2f3e391a3a1cc7d97bc0b42e7233a6e137c9075bba807ab1709e5b1cb37a8ed0680fb7e89afe3119c3844e2e31b7244cb6d343bab2853c9bda49527b844d8fb23ea038bb3fac3a13fa31d869ab99e919c869fc038d210670cbaec06e2083b07b7964820bb20a294d404304f2d0fdfba4ba480c9e938b1884d289bfbaab,gx-no-cache=1520337556078 HTTP/1.1" 200 30
192.168.10.89 - - [06/Mar/2018:09:01:56 -0300] "POST /cormun/servlet/solicitudot?gx-no-cache=1520337556098 HTTP/1.1" 200 30
192.168.10.89 - - [06/Mar/2018:09:01:56 -0300] "POST /cormun/servlet/solicitudot?gx-no-cache=1520337556131 HTTP/1.1" 200 1336
192.168.10.89 - - [06/Mar/2018:09:01:56 -0300] "POST /cormun/servlet/solicitudot?gx-no-cache=1520337556168 HTTP/1.1" 200 41
192.168.10.89 - - [06/Mar/2018:09:01:59 -0300] "GET /cormun/servlet/solicitudot?c6dd5ead5ef897df5b49148d81b8b733b1084f8244fc2cc12d185ca23b7b974e4a3008c710e4c93fc69e7c40da3ada0c1231e81ee18353be9bfa43c8dec09530f69bfb049aa2ae343ce880131c5f2b3441073b17964fe4ddbf7a7d11718d210a8a0fb0d2831c144f1fed1fa82aa62d76278e5a196366d153ba450b7e3ded0957dabbc0aee7233ced5ea42b5a89585c6ff280900056ee0edd684be20fac32796c,gx-no-cache=1520337558740 HTTP/1.1" 200 29
192.168.10.89 - - [06/Mar/2018:09:01:59 -0300] "POST /cormun/servlet/solicitudot?gx-no-cache=1520337558774 HTTP/1.1" 200 1318
192.168.10.89 - - [06/Mar/2018:09:01:59 -0300] "POST /cormun/servlet/solicitudot?gx-no-cache=1520337558828 HTTP/1.1" 200 1218
186.103.158.250 - - [06/Mar/2018:09:02:00 -0300] "POST /cormun/servlet/solicitudot?gx-no-cache=1520337671689 HTTP/1.1" 200 3468
186.103.158.250 - - [06/Mar/2018:09:02:00 -0300] "GET /cormun/servlet/solicitudot?b97a1769011922dd827882554b2e3246ad954470fe5c0ddfe9acff8bf8dc112ed68bb46dc9f13c8ff28ba7405ac58164,gx-no-cache=1520337671916 HTTP/1.1" 200 111
192.168.10.89 - - [06/Mar/2018:09:02:00 -0300] "GET /cormun/servlet/solicitudot?c6dd5ead5ef897df5b49148d81b8b733cc1d605f235f29a8932928c6f8f81fa056c3b9ad7f6139b678291ec159ac22cb,gx-no-cache=1520337560151 HTTP/1.1" 200 30
192.168.10.89 - - [06/Mar/2018:09:02:02 -0300] "POST /cormun/servlet/solicitudot?gx-no-cache=1520337562259 HTTP/1.1" 200 30
186.103.158.250 - - [06/Mar/2018:09:02:04 -0300] "GET /cormun/servlet/solicitudot?b97a1769011922dd827882554b2e32465891b508e0a83a0cd8193d8d07cb2d0fb14b22527723b32e6a016378986f73fb,gx-no-cache=1520337675972 HTTP/1.1" 200 30
190.151.100.218 - - [06/Mar/2018:09:02:06 -0300] "POST /cormun/servlet/solicitudot?gx-no-cache=1520337675687 HTTP/1.1" 200 30
192.168.10.89 - - [06/Mar/2018:09:02:08 -0300] "POST /cormun/servlet/solicitudot?dba457b677ceb4ee25d3cf486ff80df0,UPD,2018,10044,,gx-no-cache=1520337567472 HTTP/1.1" 200 93
192.168.10.89 - - [06/Mar/2018:09:02:08 -0300] "GET /cormun/servlet/hpexe_return? HTTP/1.1" 200 1013
192.168.10.89 - - [06/Mar/2018:09:02:08 -0300] "GET /cormun/servlet/trsolicitudot HTTP/1.1" 200 10405
190.151.100.218 - - [06/Mar/2018:09:02:10 -0300] "GET /cormun/servlet/prcontratosol?14337438,,,,,MD,,gxPopupLevel%3D0%3B HTTP/1.1" 200 8618
192.168.10.89 - - [06/Mar/2018:09:02:11 -0300] "POST /cormun/servlet/trsolicitudot?dba457b677ceb4ee25d3cf486ff80df0,gx-no-cache=1520337570717 HTTP/1.1" 200 7155
192.168.10.89 - - [06/Mar/2018:09:02:11 -0300] "POST /cormun/servlet/trsolicitudot?dba457b677ceb4ee25d3cf486ff80df0,gx-no-cache=1520337571049 HTTP/1.1" 200 7097
192.168.10.89 - - [06/Mar/2018:09:02:12 -0300] "GET /cormun/static/Shared/jqueryui/images/ui-icons_82798d_256x240.png HTTP/1.1" 404 1089
192.168.10.89 - - [06/Mar/2018:09:02:12 -0300] "GET /cormun/static/Shared/jqueryui/images/ui-bg_flat_55_fafafa_40x100.png HTTP/1.1" 404 1097
192.168.10.89 - - [06/Mar/2018:09:02:12 -0300] "GET /cormun/static/Shared/jqueryui/images/ui-bg_highlight-soft_100_c6c2c8_1x100.png HTTP/1.1" 404 1117
192.168.10.89 - - [06/Mar/2018:09:02:12 -0300] "GET /cormun/static/Shared/jqueryui/images/ui-icons_8d78a5_256x240.png HTTP/1.1" 404 1089
