200.112.5.172 - - [06/Mar/2018:12:58:29 -0300] "GET /cormun/static/gxcfg.js?20175251212442 HTTP/1.1" 200 953
200.112.5.172 - - [06/Mar/2018:12:58:29 -0300] "GET /cormun/static/PXToolsJavascripts/pexe_windows.js HTTP/1.1" 200 15207
200.112.5.172 - - [06/Mar/2018:12:58:29 -0300] "GET /cormun/static/PXToolsJavascripts/pexe_griddivfix.js HTTP/1.1" 200 6644
200.112.5.172 - - [06/Mar/2018:12:58:29 -0300] "GET /cormun/static/PXToolsJavascripts/pexe_link.js HTTP/1.1" 200 5671
200.112.5.172 - - [06/Mar/2018:12:58:29 -0300] "GET /cormun/static/PXToolsJavascripts/pexe_layers.js HTTP/1.1" 200 4114
200.112.5.172 - - [06/Mar/2018:12:58:29 -0300] "GET /cormun/static/PXToolsJavascripts/pexe_oavdivfix.js HTTP/1.1" 200 639
200.112.5.172 - - [06/Mar/2018:12:58:29 -0300] "GET /cormun/static/PXToolsJavascripts/pexe_popup.js HTTP/1.1" 200 13458
200.112.5.172 - - [06/Mar/2018:12:58:29 -0300] "GET /cormun/static/PXToolsJavascripts/pexe_scrolldiv.js HTTP/1.1" 200 4138
200.112.5.172 - - [06/Mar/2018:12:58:29 -0300] "GET /cormun/static/PXToolsJavascripts/pexe_tabdivfix.js HTTP/1.1" 200 876
200.112.5.172 - - [06/Mar/2018:12:58:29 -0300] "GET /cormun/static/PXToolsJavascripts/pexe_tabs.js HTTP/1.1" 200 3748
200.112.5.172 - - [06/Mar/2018:12:58:29 -0300] "GET /cormun/static/hhome.js?20175251212450 HTTP/1.1" 200 777
200.112.5.172 - - [06/Mar/2018:12:58:29 -0300] "GET /cormun/static/hpexe_recentlink.js?20177611595044 HTTP/1.1" 200 2144
200.112.5.172 - - [06/Mar/2018:12:58:29 -0300] "GET /cormun/static/hwchdr01.js?201752511465785 HTTP/1.1" 200 1183
200.112.5.172 - - [06/Mar/2018:12:58:29 -0300] "GET /cormun/static/hpexe_scripts.js?201752511465715 HTTP/1.1" 200 1544
200.112.5.172 - - [06/Mar/2018:12:58:29 -0300] "GET /cormun/static/Resources/PXToolsDataTitle.png HTTP/1.1" 200 1173
200.112.5.172 - - [06/Mar/2018:12:58:29 -0300] "GET /cormun/static/Resources/PXToolsHeaderLogin.png HTTP/1.1" 200 4279
200.112.5.172 - - [06/Mar/2018:12:58:29 -0300] "GET /cormun/static/Resources/logo4.png HTTP/1.1" 200 6582
200.112.5.172 - - [06/Mar/2018:12:58:29 -0300] "GET /cormun/static/Resources/PXToolsFooterBackground2.png HTTP/1.1" 200 1172
200.112.5.172 - - [06/Mar/2018:12:58:29 -0300] "GET /cormun/static/Resources/PXToolsHeaderBackground2.png HTTP/1.1" 200 1174
200.112.5.172 - - [06/Mar/2018:12:58:29 -0300] "GET /cormun/static/Resources/PXToolsHeaderActionsBackground.png HTTP/1.1" 200 484
200.112.5.172 - - [06/Mar/2018:12:58:29 -0300] "GET /cormun/static/gxui/gxui-all.js HTTP/1.1" 200 107772
200.112.5.172 - - [06/Mar/2018:12:58:29 -0300] "GET /cormun/static/Resources/PXToolsHeaderPreferences.png HTTP/1.1" 200 4189
200.112.5.172 - - [06/Mar/2018:12:58:29 -0300] "GET /cormun/static/Resources/PXToolsHeaderSecurity.png HTTP/1.1" 200 4166
200.112.5.172 - - [06/Mar/2018:12:58:29 -0300] "GET /cormun/static/Resources/PXToolsHeaderActionsRight.png HTTP/1.1" 200 1201
200.112.5.172 - - [06/Mar/2018:12:58:29 -0300] "GET /cormun/static/Resources/PXToolsHeaderHome.png HTTP/1.1" 200 4147
200.112.5.172 - - [06/Mar/2018:12:58:29 -0300] "GET /cormun/static/Resources/PXToolsHeaderActionsLeft.png HTTP/1.1" 200 1118
200.112.5.172 - - [06/Mar/2018:12:58:29 -0300] "GET /cormun/static/hpexe_messagecontroller.js?20177611595012 HTTP/1.1" 200 870
200.112.5.172 - - [06/Mar/2018:12:58:30 -0300] "GET /cormun/static/hpexe_messagepopupcomponent.js?20161017169425 HTTP/1.1" 200 605
200.112.5.172 - - [06/Mar/2018:12:58:30 -0300] "GET /cormun/static/cmcontrolpreferences.js?201752511465670 HTTP/1.1" 200 1375
200.112.5.172 - - [06/Mar/2018:12:58:30 -0300] "GET /cormun/static/hpexe_messagegenexuscomponent.js?201752511465344 HTTP/1.1" 200 587
200.112.5.172 - - [06/Mar/2018:12:58:30 -0300] "GET /cormun/static/SmoothNavMenu/resources/ddsmoothmenu.js HTTP/1.1" 200 12712
200.112.5.172 - - [06/Mar/2018:12:58:30 -0300] "GET /cormun/static/SmoothNavMenu/resources/SmoothNavMenuRender.js HTTP/1.1" 200 5951
200.112.5.172 - - [06/Mar/2018:12:58:30 -0300] "GET /cormun/static/scaMessage/scaMessageRender.js HTTP/1.1" 200 11977
200.112.5.172 - - [06/Mar/2018:12:58:30 -0300] "GET /cormun/static/hmpwkw03.js?20177612122668 HTTP/1.1" 200 3965
200.112.5.172 - - [06/Mar/2018:12:58:30 -0300] "GET /cormun/static/Shared/jquery/jquery-1.4.2.min.js HTTP/1.1" 200 72174
200.112.5.172 - - [06/Mar/2018:12:58:30 -0300] "GET /cormun/static/Shared/jqueryui/jquery-ui.min.js HTTP/1.1" 200 240427
200.112.5.172 - - [06/Mar/2018:12:58:30 -0300] "GET /cormun/static/Shared/jquery/jquery-1.10.2.min.js HTTP/1.1" 200 273199
200.112.5.172 - - [06/Mar/2018:12:58:31 -0300] "GET /cormun/servlet/hhome HTTP/1.1" 200 4202
186.67.84.236 - - [06/Mar/2018:12:58:31 -0300] "POST /cormun/servlet/trsolicitudot?74dc3c9653b6a2032f54cc41623ee147,,gx-no-cache=1520351860436 HTTP/1.1" 200 4477
186.67.84.236 - - [06/Mar/2018:12:58:38 -0300] "POST /cormun/servlet/trsolicitudot?74dc3c9653b6a2032f54cc41623ee147,,gx-no-cache=1520351867285 HTTP/1.1" 200 5830
200.112.5.172 - - [06/Mar/2018:12:58:39 -0300] "GET /cormun/servlet/trcontratosolicitud? HTTP/1.1" 200 14266
200.112.5.172 - - [06/Mar/2018:12:58:39 -0300] "GET /cormun/static/gxui/gxui-all.css?110300 HTTP/1.1" 200 2179
200.112.5.172 - - [06/Mar/2018:12:58:39 -0300] "GET /cormun/static/calendar-system.css?75620 HTTP/1.1" 200 5572
200.112.5.172 - - [06/Mar/2018:12:58:39 -0300] "GET /cormun/static/gxcfg.js?20177612214014 HTTP/1.1" 200 953
200.112.5.172 - - [06/Mar/2018:12:58:39 -0300] "GET /cormun/static/calendar.js?85251 HTTP/1.1" 200 26246
186.103.158.250 - - [06/Mar/2018:12:58:39 -0300] "GET /cormun/servlet/solicitudotadjuntos?c05c57fc898dc32e89ec4ea6100f6a22d80f5ab419bfc2d3099f4b2baed3541a,gx-no-cache=1520351869525 HTTP/1.1" 200 30
200.112.5.172 - - [06/Mar/2018:12:58:39 -0300] "GET /cormun/static/calendar-es.js?85251 HTTP/1.1" 200 1901
200.112.5.172 - - [06/Mar/2018:12:58:39 -0300] "GET /cormun/static/calendar-setup.js?85251 HTTP/1.1" 200 2588
186.103.158.250 - - [06/Mar/2018:12:58:39 -0300] "GET /cormun/servlet/solicitudotadjuntos?c05c57fc898dc32e89ec4ea6100f6a22d80f5ab419bfc2d3099f4b2baed3541a,gx-no-cache=1520351869880 HTTP/1.1" 200 30
200.112.5.172 - - [06/Mar/2018:12:58:39 -0300] "GET /cormun/static/gxdec.js?85251 HTTP/1.1" 200 19579
200.112.5.172 - - [06/Mar/2018:12:58:39 -0300] "GET /cormun/static/trcontratosolicitud.js?20177612214349 HTTP/1.1" 200 28237
200.112.5.172 - - [06/Mar/2018:12:58:39 -0300] "GET /cormun/static/Shared/ext/resources/css/ext-all.css?205870 HTTP/1.1" 200 416045
200.112.5.172 - - [06/Mar/2018:12:58:39 -0300] "GET /cormun/static/Resources/PXToolsDataSearch.png HTTP/1.1" 200 419
186.103.158.250 - - [06/Mar/2018:12:58:39 -0300] "POST /cormun/servlet/solicitudotadjuntos?256ef51633c6977d07e787c9b56561e7,INS,2018,10111,,1, HTTP/1.1" 200 116
200.112.5.172 - - [06/Mar/2018:12:58:39 -0300] "GET /cormun/static/Resources/PXToolsGridFirstDisabled.gif HTTP/1.1" 200 100
186.103.158.250 - - [06/Mar/2018:12:58:40 -0300] "GET /cormun/servlet/hpexe_return? HTTP/1.1" 200 1025
200.112.5.172 - - [06/Mar/2018:12:58:40 -0300] "GET /cormun/static/Resources/PXToolsGridPreviousDisabled.gif HTTP/1.1" 200 90
200.112.5.172 - - [06/Mar/2018:12:58:40 -0300] "GET /cormun/static/Resources/PXToolsGridNextDisabled.gif HTTP/1.1" 200 90
200.112.5.172 - - [06/Mar/2018:12:58:40 -0300] "GET /cormun/static/Resources/PXToolsGridLastDisabled.gif HTTP/1.1" 200 98
200.112.5.172 - - [06/Mar/2018:12:58:40 -0300] "GET /cormun/static/Resources/PXToolsGridPage.gif HTTP/1.1" 200 725
186.103.158.250 - - [06/Mar/2018:12:58:40 -0300] "GET /cormun/servlet/trsolicitudadjuntos?2018,10111, HTTP/1.1" 200 9123
200.112.5.172 - - [06/Mar/2018:12:58:40 -0300] "GET /cormun//static/Resources/PXToolsGridNew.png HTTP/1.1" 200 2949
200.112.5.172 - - [06/Mar/2018:12:58:40 -0300] "GET /cormun/static/Resources/asc.gif HTTP/1.1" 200 67
200.112.5.172 - - [06/Mar/2018:12:58:40 -0300] "GET /cormun//static/Resources/PXToolsActionDisabled.gif HTTP/1.1" 200 53
200.112.5.172 - - [06/Mar/2018:12:58:40 -0300] "GET /cormun/static/Resources/desc.gif HTTP/1.1" 200 65
200.112.5.172 - - [06/Mar/2018:12:58:40 -0300] "GET /cormun/servlet/trcontratosolicitud? HTTP/1.1" 200 14279
186.103.158.250 - - [06/Mar/2018:12:58:41 -0300] "GET /cormun/servlet/trsolicitudadjuntos?2018,10111, HTTP/1.1" 200 9123
186.103.158.250 - - [06/Mar/2018:12:58:47 -0300] "GET /cormun/servlet/solicitudotadjuntos?INS,2018,10111,,1, HTTP/1.1" 200 6242
186.103.158.250 - - [06/Mar/2018:12:58:47 -0300] "GET /cormun/static/about:blank HTTP/1.1" 404 1011
186.103.158.250 - - [06/Mar/2018:12:58:48 -0300] "GET /cormun/servlet/solicitudotadjuntos?INS,2018,10111,,1, HTTP/1.1" 200 6236
186.103.158.250 - - [06/Mar/2018:12:58:48 -0300] "GET /cormun/servlet/solicitudotadjuntos?c05c57fc898dc32e89ec4ea6100f6a22c127a81da377495670c4467d63e43908b43af084b4303fe27d95be402b05b0a7,gx-no-cache=1520351879458 HTTP/1.1" 200 30
186.103.158.250 - - [06/Mar/2018:12:58:49 -0300] "POST /cormun/servlet/solicitudotadjuntos?256ef51633c6977d07e787c9b56561e7,INS,2018,10111,,1,,gx-no-cache=1520351879553 HTTP/1.1" 200 3986
186.67.84.236 - - [06/Mar/2018:12:58:49 -0300] "POST /cormun/servlet/trsolicitudot?74dc3c9653b6a2032f54cc41623ee147,,gx-no-cache=1520351878485 HTTP/1.1" 200 4478
186.103.159.183 - - [06/Mar/2018:12:58:49 -0300] "POST /cormun/servlet/solicitudot?gx-no-cache=1520351882920 HTTP/1.1" 200 297
186.103.159.183 - - [06/Mar/2018:12:58:50 -0300] "GET /cormun/servlet/solicitudot?cd30e8dc1249d60655f3333cce3a1bc385d9de2b865046a7ef4950ca714a3c6035cd731d5147a5a7e468863642b4da823c7b5ee733969ee6eb35b2143fb213887ac8c4912b244625797fadca89210f2aab6f8ef9d4d4412d8e8d4a5499150a7e8232a368fb9b34aaedbd4974bee34602088cdb08cccaa146bf609b65a77ec0aaf543257ef2560920e9c10f1a1a8778c90134eba31d6a70b33d295c309f995b821e5f403e4b71d8e47178ae5b79900740d66a4f1962b9b953c2f65cfa3b820dea2340e98ef203aaec4b0fa2c756c7059aad9674c40b41265e95bb71d222fac1d0fd860f40899af20e1183f3b9eb268634b417a10771937f052317e7976816d07ff6d70582b0b141ca3adc195ddb2292f6e9f43bb66f2ece3fbc9a6457e73a9982c51657d3147d1248881a29d047de1c97a968e14c808843133a0de2f340687c51563017897ff6e7213088f88b60d18ad30e2109268c2985077f5b8a73ec346f2d62bc8591896f8e3121eee4f9d3f373dc3a556614ee9bb680e27796376eb50f2af92c814ca7940ab45e2a2c20923341b1,gx-no-cache=1520351883002 HTTP/1.1" 200 30
186.103.159.183 - - [06/Mar/2018:12:58:51 -0300] "POST /cormun/servlet/solicitudot?gx-no-cache=1520351884448 HTTP/1.1" 200 30
186.103.159.183 - - [06/Mar/2018:12:58:53 -0300] "POST /cormun/servlet/solicitudot?gx-no-cache=1520351886465 HTTP/1.1" 200 1333
186.103.159.183 - - [06/Mar/2018:12:58:53 -0300] "POST /cormun/servlet/solicitudot?gx-no-cache=1520351886616 HTTP/1.1" 200 38
200.112.5.172 - - [06/Mar/2018:12:58:54 -0300] "POST /cormun/servlet/trcontratosolicitud?b196951cbddb269b84d639494082bb0c,,gx-no-cache=1520351885114 HTTP/1.1" 200 6725
186.103.158.250 - - [06/Mar/2018:12:58:54 -0300] "POST /cormun/servlet/solicitudotadjuntos?gx-no-cache=1520351884702 HTTP/1.1" 200 26
186.67.84.236 - - [06/Mar/2018:12:58:54 -0300] "POST /cormun/servlet/trsolicitudot?74dc3c9653b6a2032f54cc41623ee147,,gx-no-cache=1520351883605 HTTP/1.1" 200 7562
186.103.158.250 - - [06/Mar/2018:12:59:00 -0300] "GET /cormun/servlet/solicitudotadjuntos?c05c57fc898dc32e89ec4ea6100f6a22d80f5ab419bfc2d3099f4b2baed3541a,gx-no-cache=1520351891114 HTTP/1.1" 200 30
186.103.158.250 - - [06/Mar/2018:12:59:00 -0300] "GET /cormun/servlet/solicitudotadjuntos?c05c57fc898dc32e89ec4ea6100f6a22d80f5ab419bfc2d3099f4b2baed3541a,gx-no-cache=1520351891161 HTTP/1.1" 200 30
186.103.158.250 - - [06/Mar/2018:12:59:01 -0300] "POST /cormun/servlet/solicitudotadjuntos?256ef51633c6977d07e787c9b56561e7,INS,2018,10111,,1, HTTP/1.1" 200 116
186.103.158.250 - - [06/Mar/2018:12:59:01 -0300] "GET /cormun/servlet/hpexe_return? HTTP/1.1" 200 1025
186.103.158.250 - - [06/Mar/2018:12:59:01 -0300] "GET /cormun/servlet/trsolicitudadjuntos?2018,10111, HTTP/1.1" 200 9344
186.103.158.250 - - [06/Mar/2018:12:59:03 -0300] "GET /cormun/servlet/trsolicitudadjuntos?2018,10111, HTTP/1.1" 200 9341
186.67.84.236 - - [06/Mar/2018:12:59:03 -0300] "POST /cormun/servlet/trsolicitudot?74dc3c9653b6a2032f54cc41623ee147,,gx-no-cache=1520351892453 HTTP/1.1" 200 4479
186.103.158.250 - - [06/Mar/2018:12:59:06 -0300] "GET /cormun/servlet/solicitudotadjuntos?INS,2018,10111,,1, HTTP/1.1" 200 6242
186.103.158.250 - - [06/Mar/2018:12:59:06 -0300] "GET /cormun/static/about:blank HTTP/1.1" 404 1011
186.103.158.250 - - [06/Mar/2018:12:59:07 -0300] "GET /cormun/servlet/solicitudotadjuntos?INS,2018,10111,,1, HTTP/1.1" 200 6236
186.103.158.250 - - [06/Mar/2018:12:59:07 -0300] "GET /cormun/servlet/solicitudotadjuntos?c05c57fc898dc32e89ec4ea6100f6a22c127a81da377495670c4467d63e43908b43af084b4303fe27d95be402b05b0a7,gx-no-cache=1520351898464 HTTP/1.1" 200 30
186.103.158.250 - - [06/Mar/2018:12:59:08 -0300] "POST /cormun/servlet/solicitudotadjuntos?256ef51633c6977d07e787c9b56561e7,INS,2018,10111,,1,,gx-no-cache=1520351898562 HTTP/1.1" 200 3986
200.112.5.172 - - [06/Mar/2018:12:59:08 -0300] "POST /cormun/servlet/trcontratosolicitud?b196951cbddb269b84d639494082bb0c,,gx-no-cache=1520351899342 HTTP/1.1" 200 6725
186.67.84.236 - - [06/Mar/2018:12:59:12 -0300] "POST /cormun/servlet/trsolicitudot?74dc3c9653b6a2032f54cc41623ee147,,gx-no-cache=1520351899844 HTTP/1.1" 200 4478
186.103.158.250 - - [06/Mar/2018:12:59:13 -0300] "POST /cormun/servlet/solicitudotadjuntos?gx-no-cache=1520351903757 HTTP/1.1" 200 26
186.103.158.250 - - [06/Mar/2018:12:59:23 -0300] "GET /cormun/servlet/solicitudotadjuntos?c05c57fc898dc32e89ec4ea6100f6a22d80f5ab419bfc2d3099f4b2baed3541a,gx-no-cache=1520351914072 HTTP/1.1" 200 30
186.103.158.250 - - [06/Mar/2018:12:59:24 -0300] "GET /cormun/servlet/solicitudotadjuntos?c05c57fc898dc32e89ec4ea6100f6a22d80f5ab419bfc2d3099f4b2baed3541a,gx-no-cache=1520351914153 HTTP/1.1" 200 30
186.103.158.250 - - [06/Mar/2018:12:59:30 -0300] "POST /cormun/servlet/solicitudotadjuntos?256ef51633c6977d07e787c9b56561e7,INS,2018,10111,,1, HTTP/1.1" 200 116
186.103.158.250 - - [06/Mar/2018:12:59:31 -0300] "GET /cormun/servlet/hpexe_return? HTTP/1.1" 200 1025
186.103.158.250 - - [06/Mar/2018:12:59:32 -0300] "GET /cormun/servlet/trsolicitudadjuntos?2018,10111, HTTP/1.1" 200 9569
200.112.5.172 - - [06/Mar/2018:12:59:34 -0300] "POST /cormun/servlet/trcontratosolicitud?b196951cbddb269b84d639494082bb0c,,gx-no-cache=1520351923711 HTTP/1.1" 200 10105
186.103.158.250 - - [06/Mar/2018:12:59:36 -0300] "GET /cormun/servlet/trsolicitudadjuntos?2018,10111, HTTP/1.1" 200 9566
152.231.70.146 - - [06/Mar/2018:12:59:37 -0300] "POST /cormun/servlet/trsolicitudot?74dc3c9653b6a2032f54cc41623ee147,,gx-no-cache=1520351925660 HTTP/1.1" 200 5831
186.103.159.183 - - [06/Mar/2018:12:59:39 -0300] "POST /cormun/servlet/solicitudot?gx-no-cache=1520351931989 HTTP/1.1" 200 30
186.103.159.183 - - [06/Mar/2018:12:59:39 -0300] "POST /cormun/servlet/solicitudot?gx-no-cache=1520351932264 HTTP/1.1" 200 1333
186.103.159.183 - - [06/Mar/2018:12:59:39 -0300] "POST /cormun/servlet/solicitudot?gx-no-cache=1520351932838 HTTP/1.1" 200 38
152.231.70.146 - - [06/Mar/2018:12:59:41 -0300] "POST /cormun/servlet/trsolicitudot?74dc3c9653b6a2032f54cc41623ee147,,gx-no-cache=1520351929878 HTTP/1.1" 200 5809
186.103.159.204 - - [06/Mar/2018:12:59:48 -0300] "GET /cormun/servlet/hlogin HTTP/1.1" 200 1717
200.112.5.172 - - [06/Mar/2018:12:59:49 -0300] "POST /cormun/servlet/trcontratosolicitud?b196951cbddb269b84d639494082bb0c,,gx-no-cache=1520351940728 HTTP/1.1" 200 11923
200.112.5.172 - - [06/Mar/2018:12:59:49 -0300] "GET /cormun/static/Resources/PXToolsGridNext.gif HTTP/1.1" 200 369
200.112.5.172 - - [06/Mar/2018:12:59:50 -0300] "GET /cormun/static/Resources/PXToolsGridLast.gif HTTP/1.1" 200 370
200.112.5.172 - - [06/Mar/2018:12:59:58 -0300] "POST /cormun/servlet/trcontratosolicitud?b196951cbddb269b84d639494082bb0c,,gx-no-cache=1520351949356 HTTP/1.1" 200 5113
152.231.70.146 - - [06/Mar/2018:12:59:59 -0300] "GET /cormun/servlet/trsolicitudot? HTTP/1.1" 200 8748
152.231.70.146 - - [06/Mar/2018:13:00:00 -0300] "GET /cormun/servlet/trsolicitudot? HTTP/1.1" 200 8748
152.231.70.146 - - [06/Mar/2018:13:00:07 -0300] "GET /cormun/servlet/solicitudot?INS,0,0, HTTP/1.1" 200 13648
152.231.70.146 - - [06/Mar/2018:13:00:08 -0300] "GET /cormun/servlet/solicitudot?INS,0,0, HTTP/1.1" 200 13653
190.151.99.26 - - [06/Mar/2018:13:00:09 -0300] "GET /cormun/static/Resources/resize.gif HTTP/1.1" 200 77
186.103.196.84 - - [06/Mar/2018:13:00:10 -0300] "GET /cormun/servlet/prfichaempleado?,MD,,gxPopupLevel%3D0%3B HTTP/1.1" 200 9346
190.151.99.26 - - [06/Mar/2018:13:00:10 -0300] "GET /cormun/static/Resources/PXToolsMenuSearch.png HTTP/1.1" 200 2914
186.103.196.84 - - [06/Mar/2018:13:00:10 -0300] "GET /cormun/static/gxcfg.js?20177612134814 HTTP/1.1" 200 953
186.103.196.84 - - [06/Mar/2018:13:00:10 -0300] "GET /cormun/static/Resources/PXToolsMenuSearchCancel.png HTTP/1.1" 200 2972
190.151.124.170 - - [06/Mar/2018:13:00:10 -0300] "GET /cormun/static/prfichaempleado.js?20177612134999 HTTP/1.1" 200 16006
186.103.158.250 - - [06/Mar/2018:13:00:10 -0300] "GET /cormun/servlet/solicitudotadjuntos?INS,2018,10111,,1, HTTP/1.1" 200 6242
186.103.158.250 - - [06/Mar/2018:13:00:10 -0300] "GET /cormun/static/about:blank HTTP/1.1" 404 1011
186.103.158.250 - - [06/Mar/2018:13:00:12 -0300] "GET /cormun/servlet/solicitudotadjuntos?INS,2018,10111,,1, HTTP/1.1" 200 6236
186.103.158.250 - - [06/Mar/2018:13:00:12 -0300] "GET /cormun/servlet/solicitudotadjuntos?c05c57fc898dc32e89ec4ea6100f6a22c127a81da377495670c4467d63e43908b43af084b4303fe27d95be402b05b0a7,gx-no-cache=1520351963158 HTTP/1.1" 200 30
186.103.158.250 - - [06/Mar/2018:13:00:13 -0300] "POST /cormun/servlet/solicitudotadjuntos?256ef51633c6977d07e787c9b56561e7,INS,2018,10111,,1,,gx-no-cache=1520351963255 HTTP/1.1" 200 3986
186.103.158.250 - - [06/Mar/2018:13:00:17 -0300] "POST /cormun/servlet/solicitudotadjuntos?gx-no-cache=1520351967565 HTTP/1.1" 200 26
200.112.5.172 - - [06/Mar/2018:13:00:21 -0300] "GET /cormun/servlet/trcontratounov2? HTTP/1.1" 200 17139
200.112.5.172 - - [06/Mar/2018:13:00:21 -0300] "GET /cormun/static/gxcfg.js?201752512124396 HTTP/1.1" 200 953
200.112.5.172 - - [06/Mar/2018:13:00:21 -0300] "GET /cormun/static/trcontratounov2.js?201752512125146 HTTP/1.1" 200 38486
186.103.158.250 - - [06/Mar/2018:13:00:21 -0300] "GET /cormun/servlet/solicitudotadjuntos?c05c57fc898dc32e89ec4ea6100f6a22d80f5ab419bfc2d3099f4b2baed3541a,gx-no-cache=1520351972266 HTTP/1.1" 200 30
186.103.158.250 - - [06/Mar/2018:13:00:21 -0300] "GET /cormun/servlet/solicitudotadjuntos?c05c57fc898dc32e89ec4ea6100f6a22d80f5ab419bfc2d3099f4b2baed3541a,gx-no-cache=1520351972294 HTTP/1.1" 200 30
200.112.5.172 - - [06/Mar/2018:13:00:21 -0300] "GET /cormun/static/Resources/PXToolsActionExcel.png HTTP/1.1" 200 3187
200.112.5.172 - - [06/Mar/2018:13:00:21 -0300] "GET /cormun/static/Resources/PXToolsGridNew.png HTTP/1.1" 200 2949
200.112.5.172 - - [06/Mar/2018:13:00:21 -0300] "GET /cormun/static/Resources/PXToolsAddSelectedAction.png HTTP/1.1" 200 3660
200.112.5.172 - - [06/Mar/2018:13:00:22 -0300] "GET /cormun/servlet/trcontratounov2? HTTP/1.1" 200 17105
186.103.158.250 - - [06/Mar/2018:13:00:22 -0300] "POST /cormun/servlet/solicitudotadjuntos?256ef51633c6977d07e787c9b56561e7,INS,2018,10111,,1, HTTP/1.1" 200 116
186.103.158.250 - - [06/Mar/2018:13:00:22 -0300] "GET /cormun/servlet/hpexe_return? HTTP/1.1" 200 1025
186.103.158.250 - - [06/Mar/2018:13:00:23 -0300] "GET /cormun/servlet/trsolicitudadjuntos?2018,10111, HTTP/1.1" 200 9813
186.103.158.250 - - [06/Mar/2018:13:00:24 -0300] "GET /cormun/servlet/trsolicitudadjuntos?2018,10111, HTTP/1.1" 200 9810
190.151.124.170 - - [06/Mar/2018:13:00:29 -0300] "POST /cormun/servlet/solicitudot?gx-no-cache=1520351977900 HTTP/1.1" 200 3293
190.151.124.170 - - [06/Mar/2018:13:00:30 -0300] "POST /cormun/servlet/solicitudot?74dc3c9653b6a2032f54cc41623ee147,INS,0,0,,gx-no-cache=1520351978585 HTTP/1.1" 200 10455
186.103.158.250 - - [06/Mar/2018:13:00:31 -0300] "GET /cormun/servlet/trautorizarsolicitud? HTTP/1.1" 200 7312
186.103.158.250 - - [06/Mar/2018:13:00:33 -0300] "GET /cormun/servlet/trautorizarsolicitud? HTTP/1.1" 200 7298
190.151.124.170 - - [06/Mar/2018:13:00:33 -0300] "GET /cormun/servlet/solicitudot?594d0aa6effd9a8081b8ba30716bb72cf3de6d666a11330b920079d08b2431bdc26d9201bbcf20b206af64f4c151c515,gx-no-cache=1520351982118 HTTP/1.1" 200 30
186.103.158.250 - - [06/Mar/2018:13:00:36 -0300] "GET /cormun/servlet/trsolicitudot? HTTP/1.1" 200 9263
186.103.158.250 - - [06/Mar/2018:13:00:37 -0300] "GET /cormun/servlet/trsolicitudot? HTTP/1.1" 200 9263
186.103.158.250 - - [06/Mar/2018:13:00:44 -0300] "POST /cormun/servlet/trsolicitudot?256ef51633c6977d07e787c9b56561e7,,gx-no-cache=1520351994751 HTTP/1.1" 200 5883
186.103.158.250 - - [06/Mar/2018:13:00:44 -0300] "GET /cormun/static/Shared/jqueryui/images/ui-bg_highlight-soft_100_c6c2c8_1x100.png HTTP/1.1" 404 1117
186.103.158.250 - - [06/Mar/2018:13:00:44 -0300] "GET /cormun/static/Shared/jqueryui/images/ui-icons_82798d_256x240.png HTTP/1.1" 404 1089
186.103.158.250 - - [06/Mar/2018:13:00:44 -0300] "GET /cormun/static/Shared/jqueryui/images/ui-bg_flat_55_fafafa_40x100.png HTTP/1.1" 404 1097
186.103.158.250 - - [06/Mar/2018:13:00:44 -0300] "GET /cormun/static/Shared/jqueryui/images/ui-icons_8d78a5_256x240.png HTTP/1.1" 404 1089
186.103.158.250 - - [06/Mar/2018:13:00:44 -0300] "POST /cormun/servlet/trsolicitudot?256ef51633c6977d07e787c9b56561e7,,gx-no-cache=1520351995160 HTTP/1.1" 200 5826
186.103.158.250 - - [06/Mar/2018:13:00:46 -0300] "GET /cormun/static/menuarrow.gif HTTP/1.1" 404 1015
186.103.158.250 - - [06/Mar/2018:13:00:51 -0300] "GET /cormun/servlet/trautorizarsolicitud? HTTP/1.1" 200 8667
186.103.158.250 - - [06/Mar/2018:13:00:52 -0300] "GET /cormun/servlet/trautorizarsolicitud? HTTP/1.1" 200 8666
186.103.158.250 - - [06/Mar/2018:13:00:57 -0300] "POST /cormun/servlet/trautorizarsolicitud?256ef51633c6977d07e787c9b56561e7,,gx-no-cache=1520352008032 HTTP/1.1" 200 4610
186.103.158.250 - - [06/Mar/2018:13:00:57 -0300] "GET /cormun/static/Shared/jqueryui/images/ui-bg_highlight-soft_100_c6c2c8_1x100.png HTTP/1.1" 404 1117
186.103.158.250 - - [06/Mar/2018:13:00:57 -0300] "GET /cormun/static/Shared/jqueryui/images/ui-icons_82798d_256x240.png HTTP/1.1" 404 1089
186.103.158.250 - - [06/Mar/2018:13:00:57 -0300] "GET /cormun/static/Shared/jqueryui/images/ui-bg_flat_55_fafafa_40x100.png HTTP/1.1" 404 1097
186.103.158.250 - - [06/Mar/2018:13:00:57 -0300] "GET /cormun/static/Shared/jqueryui/images/ui-icons_8d78a5_256x240.png HTTP/1.1" 404 1089
186.103.158.250 - - [06/Mar/2018:13:00:57 -0300] "POST /cormun/servlet/trautorizarsolicitud?256ef51633c6977d07e787c9b56561e7,,gx-no-cache=1520352008387 HTTP/1.1" 200 4386
186.103.158.250 - - [06/Mar/2018:13:01:04 -0300] "GET /cormun/static/menuarrow.gif HTTP/1.1" 404 1015
186.103.158.250 - - [06/Mar/2018:13:01:08 -0300] "GET /cormun/servlet/trautorizarsolicitud? HTTP/1.1" 200 7311
186.103.158.250 - - [06/Mar/2018:13:01:09 -0300] "GET /cormun/servlet/trautorizarsolicitud? HTTP/1.1" 200 7311
186.103.158.250 - - [06/Mar/2018:13:01:18 -0300] "GET /cormun/servlet/trvisualizadoreventos? HTTP/1.1" 200 6946
186.103.158.250 - - [06/Mar/2018:13:01:18 -0300] "GET /cormun/static/gxcfg.js?20175251251426 HTTP/1.1" 304 -
152.231.70.146 - - [06/Mar/2018:13:01:18 -0300] "GET /cormun/servlet/trsolicitudot? HTTP/1.1" 200 8749
152.231.70.146 - - [06/Mar/2018:13:01:19 -0300] "GET /cormun/servlet/trsolicitudot? HTTP/1.1" 200 8748
186.103.158.250 - - [06/Mar/2018:13:01:19 -0300] "GET /cormun/servlet/trvisualizadoreventos? HTTP/1.1" 200 6945
186.103.158.250 - - [06/Mar/2018:13:01:23 -0300] "GET /cormun/servlet/trsolicitudot? HTTP/1.1" 200 8780
186.103.158.250 - - [06/Mar/2018:13:01:24 -0300] "GET /cormun/servlet/trsolicitudot? HTTP/1.1" 200 8780
186.103.158.250 - - [06/Mar/2018:13:01:27 -0300] "GET /cormun/servlet/trautorizarsolicitud? HTTP/1.1" 200 7311
190.151.99.26 - - [06/Mar/2018:13:01:28 -0300] "POST /cormun/servlet/trsolicitudot?74dc3c9653b6a2032f54cc41623ee147,,gx-no-cache=1520352037152 HTTP/1.1" 200 5794
186.103.158.250 - - [06/Mar/2018:13:01:28 -0300] "GET /cormun/servlet/trautorizarsolicitud? HTTP/1.1" 200 7311
190.151.99.26 - - [06/Mar/2018:13:01:31 -0300] "GET /cormun/servlet/solicitudot?INS,0,0, HTTP/1.1" 200 13646
190.151.99.26 - - [06/Mar/2018:13:01:31 -0300] "GET /cormun/servlet/solicitudot?INS,0,0, HTTP/1.1" 200 13651
186.103.158.250 - - [06/Mar/2018:13:01:33 -0300] "POST /cormun/servlet/trautorizarsolicitud?256ef51633c6977d07e787c9b56561e7,,gx-no-cache=1520352043474 HTTP/1.1" 200 4404
186.103.158.250 - - [06/Mar/2018:13:01:33 -0300] "POST /cormun/servlet/trautorizarsolicitud?256ef51633c6977d07e787c9b56561e7,,gx-no-cache=1520352044185 HTTP/1.1" 200 4405
190.151.99.26 - - [06/Mar/2018:13:01:34 -0300] "GET /cormun/servlet/trsolicitudot? HTTP/1.1" 200 8718
190.151.99.26 - - [06/Mar/2018:13:01:34 -0300] "GET /cormun/servlet/trsolicitudot? HTTP/1.1" 200 8716
190.151.99.26 - - [06/Mar/2018:13:01:44 -0300] "POST /cormun/servlet/trsolicitudot?74dc3c9653b6a2032f54cc41623ee147,,gx-no-cache=1520352053281 HTTP/1.1" 200 4474
190.151.99.26 - - [06/Mar/2018:13:01:49 -0300] "POST /cormun/servlet/trsolicitudot?74dc3c9653b6a2032f54cc41623ee147,,gx-no-cache=1520352057893 HTTP/1.1" 200 5830
186.103.159.183 - - [06/Mar/2018:13:01:54 -0300] "GET /cormun/servlet/solicitudot?cd30e8dc1249d60655f3333cce3a1bc383a21853c00c63bb51cd830803f6ed5999bf13b13ca8f200cbe218bc821fa2e38df4ff5b40fd8ccca6d0ac207486e6ea55b7017557e26e67180924746629d62b6694ca957aa77828a8ce9c948539ec5d6d56bb7e9aa18ddcd8d7f2122ff96aef,gx-no-cache=1520352067748 HTTP/1.1" 200 29
186.103.159.183 - - [06/Mar/2018:13:01:54 -0300] "POST /cormun/servlet/solicitudot?gx-no-cache=1520352067905 HTTP/1.1" 200 1317
186.103.159.183 - - [06/Mar/2018:13:01:55 -0300] "POST /cormun/servlet/solicitudot?gx-no-cache=1520352067995 HTTP/1.1" 200 1215
186.103.159.183 - - [06/Mar/2018:13:01:55 -0300] "GET /cormun/static/menuarrow.gif HTTP/1.1" 404 1015
190.151.99.26 - - [06/Mar/2018:13:01:55 -0300] "POST /cormun/servlet/trsolicitudot?74dc3c9653b6a2032f54cc41623ee147,,gx-no-cache=1520352064510 HTTP/1.1" 200 5808
186.103.159.183 - - [06/Mar/2018:13:01:57 -0300] "POST /cormun/servlet/solicitudot?gx-no-cache=1520352070407 HTTP/1.1" 200 1317
186.103.159.183 - - [06/Mar/2018:13:01:57 -0300] "POST /cormun/servlet/solicitudot?gx-no-cache=1520352070551 HTTP/1.1" 200 1215
186.103.159.183 - - [06/Mar/2018:13:01:58 -0300] "GET /cormun/servlet/solicitudot?cd30e8dc1249d60655f3333cce3a1bc34dd83f66c7c4c9eb963a554f082acc75c2218914cf2dc94235b5d432915c5a16,gx-no-cache=1520352071903 HTTP/1.1" 200 30
186.103.159.183 - - [06/Mar/2018:13:02:03 -0300] "POST /cormun/servlet/solicitudot?gx-no-cache=1520352076463 HTTP/1.1" 200 30
200.112.5.172 - - [06/Mar/2018:13:02:05 -0300] "POST /cormun/servlet/trcontratounov2?b196951cbddb269b84d639494082bb0c,,gx-no-cache=1520352074863 HTTP/1.1" 200 14688
186.103.158.250 - - [06/Mar/2018:13:02:09 -0300] "GET /cormun/servlet/trsolicitudot? HTTP/1.1" 200 8780
186.103.158.250 - - [06/Mar/2018:13:02:11 -0300] "GET /cormun/servlet/trsolicitudot? HTTP/1.1" 200 8780
186.67.203.186 - - [06/Mar/2018:13:02:35 -0300] "GET /cormun/servlet/hlogin HTTP/1.1" 200 1717
186.67.203.186 - - [06/Mar/2018:13:02:36 -0300] "GET /cormun/servlet/hlogin HTTP/1.1" 200 1727
186.103.159.183 - - [06/Mar/2018:13:02:43 -0300] "GET /cormun/servlet/solicitudot?cd30e8dc1249d60655f3333cce3a1bc34dd83f66c7c4c9eb963a554f082acc75c2218914cf2dc94235b5d432915c5a16,gx-no-cache=1520352116194 HTTP/1.1" 200 30
186.103.159.183 - - [06/Mar/2018:13:02:43 -0300] "POST /cormun/servlet/solicitudot?gx-no-cache=1520352116281 HTTP/1.1" 200 30
186.103.159.183 - - [06/Mar/2018:13:02:44 -0300] "POST /cormun/servlet/solicitudot?9cc6185dc021ea1b400be4c2caf596db,INS,0,0,,gx-no-cache=1520352116357 HTTP/1.1" 200 93
186.103.159.183 - - [06/Mar/2018:13:02:44 -0300] "GET /cormun/servlet/hpexe_return? HTTP/1.1" 200 1007
186.103.159.183 - - [06/Mar/2018:13:02:44 -0300] "GET /cormun/static/Resources/Spanish/PXTools.css?167811 HTTP/1.1" 200 89042
186.103.159.183 - - [06/Mar/2018:13:02:45 -0300] "GET /cormun/servlet/trsolicitudot HTTP/1.1" 200 8756
186.103.159.183 - - [06/Mar/2018:13:02:45 -0300] "GET /cormun/static/Shared/ext/ext-all.js HTTP/1.1" 200 1289687
186.103.159.183 - - [06/Mar/2018:13:02:45 -0300] "GET /cormun/static/Resources/PXToolsGridNew.png HTTP/1.1" 200 2949
186.103.159.183 - - [06/Mar/2018:13:02:46 -0300] "GET /cormun/static/Resources/PXToolsActionExcel.png HTTP/1.1" 200 3187
186.103.159.183 - - [06/Mar/2018:13:02:46 -0300] "GET /cormun//static/Resources/PXToolsGridDelete.png HTTP/1.1" 200 357
186.103.159.183 - - [06/Mar/2018:13:02:46 -0300] "GET /cormun//static/Resources/PXToolsRemoveAllAction.png HTTP/1.1" 200 3558
186.103.159.183 - - [06/Mar/2018:13:02:46 -0300] "GET /cormun//static/Resources/PXTools/ActionInsert.png HTTP/1.1" 200 1482
186.103.159.183 - - [06/Mar/2018:13:02:46 -0300] "GET /cormun//static/Resources/PXToolsGridUpdate.png HTTP/1.1" 200 2984
186.103.159.183 - - [06/Mar/2018:13:02:46 -0300] "GET /cormun//static/Resources/PXToolsActionView.png HTTP/1.1" 200 2995
186.103.159.183 - - [06/Mar/2018:13:02:46 -0300] "GET /cormun/servlet/trsolicitudot HTTP/1.1" 200 8752
186.67.203.186 - - [06/Mar/2018:13:02:54 -0300] "POST /cormun/servlet/hlogin?dd13c12ae6a18a17927e5047d32a079b,gx-no-cache=1520352128083 HTTP/1.1" 200 90
186.67.203.186 - - [06/Mar/2018:13:02:54 -0300] "GET /cormun/servlet/hpexe_link HTTP/1.1" 200 950
186.67.203.186 - - [06/Mar/2018:13:02:54 -0300] "GET /cormun/static/gxcfg.js?20177612121792 HTTP/1.1" 304 -
186.67.203.186 - - [06/Mar/2018:13:02:54 -0300] "GET /cormun/servlet/hhome HTTP/1.1" 200 4197
186.67.203.186 - - [06/Mar/2018:13:02:54 -0300] "GET /cormun/static/gxcfg.js?20175251212442 HTTP/1.1" 304 -
186.67.203.186 - - [06/Mar/2018:13:02:55 -0300] "GET /cormun/servlet/hhome HTTP/1.1" 200 4193
186.67.203.186 - - [06/Mar/2018:13:02:59 -0300] "GET /cormun/servlet/trvisualizadoreventos? HTTP/1.1" 200 6953
186.67.203.186 - - [06/Mar/2018:13:02:59 -0300] "GET /cormun/static/gxcfg.js?20175251251426 HTTP/1.1" 304 -
186.67.203.186 - - [06/Mar/2018:13:03:00 -0300] "GET /cormun/servlet/trvisualizadoreventos? HTTP/1.1" 200 6952
186.103.158.250 - - [06/Mar/2018:13:03:03 -0300] "GET /cormun/servlet/trsolicitudot? HTTP/1.1" 200 8780
186.103.158.250 - - [06/Mar/2018:13:03:04 -0300] "GET /cormun/servlet/trsolicitudot? HTTP/1.1" 200 8780
186.67.203.186 - - [06/Mar/2018:13:03:05 -0300] "POST /cormun/servlet/trvisualizadoreventos?dd13c12ae6a18a17927e5047d32a079b,,gx-no-cache=1520352139558 HTTP/1.1" 200 4124
186.103.132.155 - - [06/Mar/2018:13:03:06 -0300] "GET /cormun/servlet/hlogin HTTP/1.1" 200 1727
186.103.132.155 - - [06/Mar/2018:13:03:06 -0300] "GET /cormun/servlet/hlogin HTTP/1.1" 200 1734
186.67.203.186 - - [06/Mar/2018:13:03:21 -0300] "POST /cormun/servlet/trvisualizadoreventos?dd13c12ae6a18a17927e5047d32a079b,,gx-no-cache=1520352155141 HTTP/1.1" 200 4125
186.67.203.186 - - [06/Mar/2018:13:03:22 -0300] "POST /cormun/servlet/trvisualizadoreventos?dd13c12ae6a18a17927e5047d32a079b,,gx-no-cache=1520352156355 HTTP/1.1" 200 4125
186.67.203.186 - - [06/Mar/2018:13:03:25 -0300] "POST /cormun/servlet/trvisualizadoreventos?dd13c12ae6a18a17927e5047d32a079b,,gx-no-cache=1520352159243 HTTP/1.1" 200 4126
186.67.203.186 - - [06/Mar/2018:13:03:26 -0300] "POST /cormun/servlet/trvisualizadoreventos?dd13c12ae6a18a17927e5047d32a079b,,gx-no-cache=1520352160227 HTTP/1.1" 200 4126
200.112.5.172 - - [06/Mar/2018:13:03:30 -0300] "GET /cormun/servlet/hlogin HTTP/1.1" 200 1739
186.67.203.186 - - [06/Mar/2018:13:03:34 -0300] "POST /cormun/servlet/trvisualizadoreventos?dd13c12ae6a18a17927e5047d32a079b,,gx-no-cache=1520352168611 HTTP/1.1" 200 4125
186.103.158.250 - - [06/Mar/2018:13:03:38 -0300] "GET /cormun/servlet/trsolicitudot? HTTP/1.1" 200 8780
186.103.158.250 - - [06/Mar/2018:13:03:40 -0300] "GET /cormun/servlet/trsolicitudot? HTTP/1.1" 200 8780
186.67.203.186 - - [06/Mar/2018:13:03:41 -0300] "GET /cormun/static/menuarrow.gif HTTP/1.1" 404 1015
186.67.203.186 - - [06/Mar/2018:13:03:44 -0300] "POST /cormun/servlet/trvisualizadoreventos?dd13c12ae6a18a17927e5047d32a079b,,gx-no-cache=1520352177846 HTTP/1.1" 200 4125
186.103.158.250 - - [06/Mar/2018:13:03:45 -0300] "GET /cormun/servlet/solicitudot?INS,0,0, HTTP/1.1" 200 13648
186.103.158.250 - - [06/Mar/2018:13:03:46 -0300] "GET /cormun/servlet/solicitudot?INS,0,0, HTTP/1.1" 200 13653
186.67.203.186 - - [06/Mar/2018:13:03:47 -0300] "POST /cormun/servlet/trvisualizadoreventos?dd13c12ae6a18a17927e5047d32a079b,,gx-no-cache=1520352180780 HTTP/1.1" 200 4123
186.67.203.186 - - [06/Mar/2018:13:03:47 -0300] "POST /cormun/servlet/trvisualizadoreventos?dd13c12ae6a18a17927e5047d32a079b,,gx-no-cache=1520352181436 HTTP/1.1" 200 4123
186.67.203.186 - - [06/Mar/2018:13:03:52 -0300] "POST /cormun/servlet/trvisualizadoreventos?dd13c12ae6a18a17927e5047d32a079b,,gx-no-cache=1520352185892 HTTP/1.1" 200 4125
186.67.203.186 - - [06/Mar/2018:13:03:52 -0300] "POST /cormun/servlet/trvisualizadoreventos?dd13c12ae6a18a17927e5047d32a079b,,gx-no-cache=1520352186499 HTTP/1.1" 200 4125
186.67.203.186 - - [06/Mar/2018:13:03:56 -0300] "GET /cormun/servlet/trvisualizadoreventos? HTTP/1.1" 200 6954
186.67.203.186 - - [06/Mar/2018:13:03:57 -0300] "GET /cormun/servlet/trvisualizadoreventos? HTTP/1.1" 200 6954
186.67.203.186 - - [06/Mar/2018:13:04:01 -0300] "POST /cormun/servlet/trvisualizadoreventos?dd13c12ae6a18a17927e5047d32a079b,,gx-no-cache=1520352195457 HTTP/1.1" 200 4126
186.67.203.186 - - [06/Mar/2018:13:04:05 -0300] "POST /cormun/servlet/trvisualizadoreventos?dd13c12ae6a18a17927e5047d32a079b,,gx-no-cache=1520352198780 HTTP/1.1" 200 4126
186.67.203.186 - - [06/Mar/2018:13:04:07 -0300] "POST /cormun/servlet/trvisualizadoreventos?dd13c12ae6a18a17927e5047d32a079b,,gx-no-cache=1520352201445 HTTP/1.1" 200 4126
186.67.203.186 - - [06/Mar/2018:13:04:10 -0300] "POST /cormun/servlet/trvisualizadoreventos?dd13c12ae6a18a17927e5047d32a079b,,gx-no-cache=1520352204320 HTTP/1.1" 200 4126
186.67.203.186 - - [06/Mar/2018:13:04:13 -0300] "POST /cormun/servlet/trvisualizadoreventos?dd13c12ae6a18a17927e5047d32a079b,,gx-no-cache=1520352206933 HTTP/1.1" 200 4128
186.67.203.186 - - [06/Mar/2018:13:04:16 -0300] "POST /cormun/servlet/trvisualizadoreventos?dd13c12ae6a18a17927e5047d32a079b,,gx-no-cache=1520352209961 HTTP/1.1" 200 4127
186.67.203.186 - - [06/Mar/2018:13:04:16 -0300] "POST /cormun/servlet/trvisualizadoreventos?dd13c12ae6a18a17927e5047d32a079b,,gx-no-cache=1520352210564 HTTP/1.1" 200 4127
186.67.203.186 - - [06/Mar/2018:13:04:19 -0300] "POST /cormun/servlet/trvisualizadoreventos?dd13c12ae6a18a17927e5047d32a079b,,gx-no-cache=1520352213156 HTTP/1.1" 200 4128
186.67.203.186 - - [06/Mar/2018:13:04:22 -0300] "POST /cormun/servlet/trvisualizadoreventos?dd13c12ae6a18a17927e5047d32a079b,,gx-no-cache=1520352215931 HTTP/1.1" 200 4128
186.103.158.250 - - [06/Mar/2018:13:04:23 -0300] "POST /cormun/servlet/solicitudot?gx-no-cache=1520352213913 HTTP/1.1" 200 3293
186.103.158.250 - - [06/Mar/2018:13:04:23 -0300] "POST /cormun/servlet/solicitudot?256ef51633c6977d07e787c9b56561e7,INS,0,0,,gx-no-cache=1520352214256 HTTP/1.1" 200 10447
186.103.158.250 - - [06/Mar/2018:13:04:25 -0300] "GET /cormun/servlet/solicitudot?c05c57fc898dc32e89ec4ea6100f6a2277fea820819ce4eddaf65e5c61c2462e31e1fda4f10516178c3c7ea1733fd375,gx-no-cache=1520352215841 HTTP/1.1" 200 30
186.67.203.186 - - [06/Mar/2018:13:04:25 -0300] "POST /cormun/servlet/trvisualizadoreventos?dd13c12ae6a18a17927e5047d32a079b,,gx-no-cache=1520352219004 HTTP/1.1" 200 4127
200.72.197.82 - - [06/Mar/2018:13:04:47 -0300] "GET /cormun/servlet/trautorizarsolicitud? HTTP/1.1" 200 7308
200.72.197.82 - - [06/Mar/2018:13:04:48 -0300] "GET /cormun/static/gxcfg.js?2017111423403364 HTTP/1.1" 304 -
200.72.197.82 - - [06/Mar/2018:13:04:49 -0300] "GET /cormun/servlet/trautorizarsolicitud? HTTP/1.1" 200 7307
200.72.197.82 - - [06/Mar/2018:13:04:56 -0300] "GET /cormun/static/menuarrow.gif HTTP/1.1" 404 1015
200.72.197.82 - - [06/Mar/2018:13:05:08 -0300] "POST /cormun/servlet/trautorizarsolicitud?dd13c12ae6a18a17927e5047d32a079b,,gx-no-cache=1520352261835 HTTP/1.1" 200 7436
186.103.159.183 - - [06/Mar/2018:13:06:05 -0300] "POST /cormun/servlet/trsolicitudot?9cc6185dc021ea1b400be4c2caf596db,gx-no-cache=1520352318581 HTTP/1.1" 200 106
186.103.159.183 - - [06/Mar/2018:13:06:05 -0300] "GET /cormun/servlet/trsolicitudadjuntos?2018,10112, HTTP/1.1" 200 6290
186.103.159.183 - - [06/Mar/2018:13:06:06 -0300] "GET /cormun/static/gxui/gxui-all.css?110300 HTTP/1.1" 200 2179
186.103.159.183 - - [06/Mar/2018:13:06:06 -0300] "GET /cormun/static/calendar-system.css?75620 HTTP/1.1" 200 5572
186.103.159.183 - - [06/Mar/2018:13:06:06 -0300] "GET /cormun/static/Resources/Spanish/PXTools.css?1155365 HTTP/1.1" 200 89042
186.103.159.183 - - [06/Mar/2018:13:06:06 -0300] "GET /cormun/static/Shared/ext/resources/css/ext-all.css?205870 HTTP/1.1" 200 416045
186.103.159.183 - - [06/Mar/2018:13:06:07 -0300] "GET /cormun/static/Shared/ext/ext-all.js HTTP/1.1" 200 1289687
186.103.159.183 - - [06/Mar/2018:13:06:07 -0300] "GET /cormun/servlet/trsolicitudadjuntos?2018,10112, HTTP/1.1" 200 6290
186.103.159.183 - - [06/Mar/2018:13:06:16 -0300] "GET /cormun/servlet/solicitudotadjuntos?INS,2018,10112,,1, HTTP/1.1" 200 6237
186.103.159.183 - - [06/Mar/2018:13:06:17 -0300] "GET /cormun/static/about:blank HTTP/1.1" 404 1011
186.103.159.183 - - [06/Mar/2018:13:06:17 -0300] "GET /cormun/static/Resources/PXToolsButtonLeft21.png HTTP/1.1" 200 1287
186.103.159.183 - - [06/Mar/2018:13:06:17 -0300] "GET /cormun/static/Resources/PXToolsButtonBackground2.png HTTP/1.1" 200 1181
186.103.159.183 - - [06/Mar/2018:13:06:17 -0300] "GET /cormun/static/Resources/PXToolsButtonRight21.png HTTP/1.1" 200 1283
186.103.159.183 - - [06/Mar/2018:13:06:17 -0300] "GET /cormun/static/Shared/ext/ext-all.js HTTP/1.1" 200 1289687
186.103.159.183 - - [06/Mar/2018:13:06:18 -0300] "GET /cormun/servlet/solicitudotadjuntos?INS,2018,10112,,1, HTTP/1.1" 200 6230
186.103.159.183 - - [06/Mar/2018:13:06:18 -0300] "GET /cormun/servlet/solicitudotadjuntos?cd30e8dc1249d60655f3333cce3a1bc3470f1151b86e626d3e9ddc506c7f5166a3cb7e3b57de8613b45aaf96194b63f5,gx-no-cache=1520352331902 HTTP/1.1" 200 30
186.103.159.183 - - [06/Mar/2018:13:06:19 -0300] "POST /cormun/servlet/solicitudotadjuntos?9cc6185dc021ea1b400be4c2caf596db,INS,2018,10112,,1,,gx-no-cache=1520352331951 HTTP/1.1" 200 3988
186.103.159.183 - - [06/Mar/2018:13:06:23 -0300] "POST /cormun/servlet/solicitudotadjuntos?gx-no-cache=1520352336708 HTTP/1.1" 200 26
186.103.159.183 - - [06/Mar/2018:13:07:01 -0300] "GET /cormun/servlet/solicitudotadjuntos?cd30e8dc1249d60655f3333cce3a1bc36bce24d0a682dc43ed111394078e41cb,gx-no-cache=1520352374889 HTTP/1.1" 200 30
186.103.159.183 - - [06/Mar/2018:13:07:01 -0300] "GET /cormun/servlet/solicitudotadjuntos?cd30e8dc1249d60655f3333cce3a1bc36bce24d0a682dc43ed111394078e41cb,gx-no-cache=1520352374931 HTTP/1.1" 200 30
186.103.159.183 - - [06/Mar/2018:13:07:02 -0300] "POST /cormun/servlet/solicitudotadjuntos?9cc6185dc021ea1b400be4c2caf596db,INS,2018,10112,,1, HTTP/1.1" 200 116
186.103.159.183 - - [06/Mar/2018:13:07:02 -0300] "GET /cormun/servlet/hpexe_return? HTTP/1.1" 200 1027
186.103.159.183 - - [06/Mar/2018:13:07:02 -0300] "GET /cormun/servlet/trsolicitudadjuntos?2018,10112, HTTP/1.1" 200 8680
186.103.159.183 - - [06/Mar/2018:13:07:03 -0300] "GET /cormun/static/Shared/ext/ext-all.js HTTP/1.1" 200 1289687
186.103.159.183 - - [06/Mar/2018:13:07:04 -0300] "GET /cormun/servlet/trsolicitudadjuntos?2018,10112, HTTP/1.1" 200 8674
186.103.159.183 - - [06/Mar/2018:13:07:07 -0300] "GET /cormun/servlet/solicitudotadjuntos?INS,2018,10112,,1, HTTP/1.1" 200 6237
186.103.159.183 - - [06/Mar/2018:13:07:08 -0300] "GET /cormun/static/about:blank HTTP/1.1" 404 1011
186.103.159.183 - - [06/Mar/2018:13:07:08 -0300] "GET /cormun/static/Shared/ext/ext-all.js HTTP/1.1" 200 1289687
186.103.159.183 - - [06/Mar/2018:13:07:09 -0300] "GET /cormun/servlet/solicitudotadjuntos?INS,2018,10112,,1, HTTP/1.1" 200 6230
186.103.159.183 - - [06/Mar/2018:13:07:09 -0300] "GET /cormun/servlet/solicitudotadjuntos?cd30e8dc1249d60655f3333cce3a1bc3470f1151b86e626d3e9ddc506c7f5166a3cb7e3b57de8613b45aaf96194b63f5,gx-no-cache=1520352382744 HTTP/1.1" 200 30
186.103.159.183 - - [06/Mar/2018:13:07:10 -0300] "POST /cormun/servlet/solicitudotadjuntos?9cc6185dc021ea1b400be4c2caf596db,INS,2018,10112,,1,,gx-no-cache=1520352382796 HTTP/1.1" 200 3988
186.103.159.183 - - [06/Mar/2018:13:07:16 -0300] "POST /cormun/servlet/solicitudotadjuntos?gx-no-cache=1520352389275 HTTP/1.1" 200 26
186.103.159.183 - - [06/Mar/2018:13:07:25 -0300] "GET /cormun/servlet/solicitudotadjuntos?cd30e8dc1249d60655f3333cce3a1bc36bce24d0a682dc43ed111394078e41cb,gx-no-cache=1520352398367 HTTP/1.1" 200 30
186.103.159.183 - - [06/Mar/2018:13:07:25 -0300] "GET /cormun/servlet/solicitudotadjuntos?cd30e8dc1249d60655f3333cce3a1bc36bce24d0a682dc43ed111394078e41cb,gx-no-cache=1520352398406 HTTP/1.1" 200 30
186.103.159.183 - - [06/Mar/2018:13:07:25 -0300] "POST /cormun/servlet/solicitudotadjuntos?9cc6185dc021ea1b400be4c2caf596db,INS,2018,10112,,1, HTTP/1.1" 200 116
186.103.159.183 - - [06/Mar/2018:13:07:25 -0300] "GET /cormun/servlet/hpexe_return? HTTP/1.1" 200 1027
186.103.159.183 - - [06/Mar/2018:13:07:26 -0300] "GET /cormun/servlet/trsolicitudadjuntos?2018,10112, HTTP/1.1" 200 8884
186.103.159.183 - - [06/Mar/2018:13:07:26 -0300] "GET /cormun/static/Shared/ext/ext-all.js HTTP/1.1" 200 1289687
186.103.159.183 - - [06/Mar/2018:13:07:27 -0300] "GET /cormun/servlet/trsolicitudadjuntos?2018,10112, HTTP/1.1" 200 8883
186.103.159.183 - - [06/Mar/2018:13:07:48 -0300] "GET /cormun/servlet/solicitudotadjuntos?INS,2018,10112,,1, HTTP/1.1" 200 6236
186.103.159.183 - - [06/Mar/2018:13:07:49 -0300] "GET /cormun/static/about:blank HTTP/1.1" 404 1011
186.103.159.183 - - [06/Mar/2018:13:07:49 -0300] "GET /cormun/static/Shared/ext/ext-all.js HTTP/1.1" 200 1289687
186.103.159.183 - - [06/Mar/2018:13:07:50 -0300] "GET /cormun/servlet/solicitudotadjuntos?INS,2018,10112,,1, HTTP/1.1" 200 6229
186.103.159.183 - - [06/Mar/2018:13:07:50 -0300] "GET /cormun/servlet/solicitudotadjuntos?cd30e8dc1249d60655f3333cce3a1bc3470f1151b86e626d3e9ddc506c7f5166a3cb7e3b57de8613b45aaf96194b63f5,gx-no-cache=1520352423751 HTTP/1.1" 200 30
186.103.159.183 - - [06/Mar/2018:13:07:50 -0300] "POST /cormun/servlet/solicitudotadjuntos?9cc6185dc021ea1b400be4c2caf596db,INS,2018,10112,,1,,gx-no-cache=1520352423790 HTTP/1.1" 200 3987
186.103.159.183 - - [06/Mar/2018:13:07:53 -0300] "POST /cormun/servlet/solicitudotadjuntos?gx-no-cache=1520352426879 HTTP/1.1" 200 26
186.103.159.183 - - [06/Mar/2018:13:07:59 -0300] "GET /cormun/servlet/solicitudotadjuntos?cd30e8dc1249d60655f3333cce3a1bc36bce24d0a682dc43ed111394078e41cb,gx-no-cache=1520352432024 HTTP/1.1" 200 30
186.103.159.183 - - [06/Mar/2018:13:07:59 -0300] "GET /cormun/servlet/solicitudotadjuntos?cd30e8dc1249d60655f3333cce3a1bc36bce24d0a682dc43ed111394078e41cb,gx-no-cache=1520352432056 HTTP/1.1" 200 30
186.103.159.183 - - [06/Mar/2018:13:07:59 -0300] "POST /cormun/servlet/solicitudotadjuntos?9cc6185dc021ea1b400be4c2caf596db,INS,2018,10112,,1, HTTP/1.1" 200 116
186.103.159.183 - - [06/Mar/2018:13:07:59 -0300] "GET /cormun/servlet/hpexe_return? HTTP/1.1" 200 1027
186.103.159.183 - - [06/Mar/2018:13:07:59 -0300] "GET /cormun/servlet/trsolicitudadjuntos?2018,10112, HTTP/1.1" 200 9049
186.103.159.183 - - [06/Mar/2018:13:08:02 -0300] "GET /cormun/static/Shared/ext/ext-all.js HTTP/1.1" 200 1289687
186.103.159.183 - - [06/Mar/2018:13:08:03 -0300] "GET /cormun/servlet/trsolicitudadjuntos?2018,10112, HTTP/1.1" 200 9047
186.103.132.155 - - [06/Mar/2018:13:08:35 -0300] "POST /cormun/servlet/trautorizarsolicitud?dd13c12ae6a18a17927e5047d32a079b,,gx-no-cache=1520352468473 HTTP/1.1" 200 4396
186.103.159.183 - - [06/Mar/2018:13:08:38 -0300] "GET /cormun/servlet/solicitudotadjuntos?INS,2018,10112,,1, HTTP/1.1" 200 6236
186.103.159.183 - - [06/Mar/2018:13:08:39 -0300] "GET /cormun/static/about:blank HTTP/1.1" 404 1011
186.103.159.183 - - [06/Mar/2018:13:08:40 -0300] "GET /cormun/static/Shared/ext/ext-all.js HTTP/1.1" 200 1289687
186.103.159.183 - - [06/Mar/2018:13:08:41 -0300] "GET /cormun/servlet/solicitudotadjuntos?INS,2018,10112,,1, HTTP/1.1" 200 6230
186.103.159.183 - - [06/Mar/2018:13:08:41 -0300] "GET /cormun/servlet/solicitudotadjuntos?cd30e8dc1249d60655f3333cce3a1bc3470f1151b86e626d3e9ddc506c7f5166a3cb7e3b57de8613b45aaf96194b63f5,gx-no-cache=1520352474757 HTTP/1.1" 200 30
186.103.159.183 - - [06/Mar/2018:13:08:41 -0300] "POST /cormun/servlet/solicitudotadjuntos?9cc6185dc021ea1b400be4c2caf596db,INS,2018,10112,,1,,gx-no-cache=1520352474797 HTTP/1.1" 200 3987
186.103.132.155 - - [06/Mar/2018:13:08:43 -0300] "POST /cormun/servlet/trautorizarsolicitud?dd13c12ae6a18a17927e5047d32a079b,,gx-no-cache=1520352476845 HTTP/1.1" 200 4397
186.103.132.155 - - [06/Mar/2018:13:08:44 -0300] "POST /cormun/servlet/trautorizarsolicitud?dd13c12ae6a18a17927e5047d32a079b,,gx-no-cache=1520352477790 HTTP/1.1" 200 4397
186.103.132.155 - - [06/Mar/2018:13:08:45 -0300] "POST /cormun/servlet/trautorizarsolicitud?dd13c12ae6a18a17927e5047d32a079b,,gx-no-cache=1520352479507 HTTP/1.1" 200 4397
186.103.159.183 - - [06/Mar/2018:13:08:46 -0300] "POST /cormun/servlet/solicitudotadjuntos?gx-no-cache=1520352479306 HTTP/1.1" 200 26
186.103.132.155 - - [06/Mar/2018:13:08:49 -0300] "POST /cormun/servlet/trautorizarsolicitud?dd13c12ae6a18a17927e5047d32a079b,,gx-no-cache=1520352482990 HTTP/1.1" 200 7435
186.103.159.183 - - [06/Mar/2018:13:08:50 -0300] "GET /cormun/servlet/solicitudotadjuntos?cd30e8dc1249d60655f3333cce3a1bc36bce24d0a682dc43ed111394078e41cb,gx-no-cache=1520352483426 HTTP/1.1" 200 30
186.103.159.183 - - [06/Mar/2018:13:08:50 -0300] "GET /cormun/servlet/solicitudotadjuntos?cd30e8dc1249d60655f3333cce3a1bc36bce24d0a682dc43ed111394078e41cb,gx-no-cache=1520352483456 HTTP/1.1" 200 30
186.103.159.183 - - [06/Mar/2018:13:08:50 -0300] "POST /cormun/servlet/solicitudotadjuntos?9cc6185dc021ea1b400be4c2caf596db,INS,2018,10112,,1, HTTP/1.1" 200 116
186.103.159.183 - - [06/Mar/2018:13:08:50 -0300] "GET /cormun/servlet/hpexe_return? HTTP/1.1" 200 1027
186.103.159.183 - - [06/Mar/2018:13:08:51 -0300] "GET /cormun/servlet/trsolicitudadjuntos?2018,10112, HTTP/1.1" 200 9243
186.103.159.183 - - [06/Mar/2018:13:08:52 -0300] "GET /cormun/static/Shared/ext/ext-all.js HTTP/1.1" 200 1289687
186.103.159.183 - - [06/Mar/2018:13:08:53 -0300] "GET /cormun/servlet/trsolicitudadjuntos?2018,10112, HTTP/1.1" 200 9244
186.103.159.183 - - [06/Mar/2018:13:08:58 -0300] "GET /cormun/servlet/solicitudotadjuntos?INS,2018,10112,,1, HTTP/1.1" 200 6237
186.103.159.183 - - [06/Mar/2018:13:08:59 -0300] "GET /cormun/static/about:blank HTTP/1.1" 404 1011
186.103.159.183 - - [06/Mar/2018:13:08:59 -0300] "GET /cormun/static/Shared/ext/ext-all.js HTTP/1.1" 200 1289687
186.103.159.183 - - [06/Mar/2018:13:09:00 -0300] "GET /cormun/servlet/solicitudotadjuntos?INS,2018,10112,,1, HTTP/1.1" 200 6230
186.103.159.183 - - [06/Mar/2018:13:09:00 -0300] "GET /cormun/servlet/solicitudotadjuntos?cd30e8dc1249d60655f3333cce3a1bc3470f1151b86e626d3e9ddc506c7f5166a3cb7e3b57de8613b45aaf96194b63f5,gx-no-cache=1520352493933 HTTP/1.1" 200 30
186.103.159.183 - - [06/Mar/2018:13:09:01 -0300] "POST /cormun/servlet/solicitudotadjuntos?9cc6185dc021ea1b400be4c2caf596db,INS,2018,10112,,1,,gx-no-cache=1520352493993 HTTP/1.1" 200 3988
186.103.159.183 - - [06/Mar/2018:13:09:03 -0300] "POST /cormun/servlet/solicitudotadjuntos?gx-no-cache=1520352496001 HTTP/1.1" 200 26
186.103.159.183 - - [06/Mar/2018:13:09:08 -0300] "POST /cormun/servlet/solicitudotadjuntos?gx-no-cache=1520352501296 HTTP/1.1" 200 26
186.103.159.183 - - [06/Mar/2018:13:09:14 -0300] "GET /cormun/servlet/solicitudotadjuntos?cd30e8dc1249d60655f3333cce3a1bc36bce24d0a682dc43ed111394078e41cb,gx-no-cache=1520352507466 HTTP/1.1" 200 30
186.103.159.183 - - [06/Mar/2018:13:09:14 -0300] "GET /cormun/servlet/solicitudotadjuntos?cd30e8dc1249d60655f3333cce3a1bc36bce24d0a682dc43ed111394078e41cb,gx-no-cache=1520352507501 HTTP/1.1" 200 30
186.103.159.183 - - [06/Mar/2018:13:09:14 -0300] "POST /cormun/servlet/solicitudotadjuntos?9cc6185dc021ea1b400be4c2caf596db,INS,2018,10112,,1, HTTP/1.1" 200 116
186.103.159.183 - - [06/Mar/2018:13:09:14 -0300] "GET /cormun/servlet/hpexe_return? HTTP/1.1" 200 1027
186.103.159.183 - - [06/Mar/2018:13:09:15 -0300] "GET /cormun/servlet/trsolicitudadjuntos?2018,10112, HTTP/1.1" 200 9457
186.103.159.183 - - [06/Mar/2018:13:09:16 -0300] "GET /cormun/static/Shared/ext/ext-all.js HTTP/1.1" 200 1289687
186.103.159.183 - - [06/Mar/2018:13:09:16 -0300] "GET /cormun/servlet/trsolicitudadjuntos?2018,10112, HTTP/1.1" 200 9456
200.111.122.170 - - [06/Mar/2018:13:09:19 -0300] "POST /cormun/servlet/trautorizarsolicitud?dd13c12ae6a18a17927e5047d32a079b,,gx-no-cache=1520352512487 HTTP/1.1" 200 4399
186.103.159.183 - - [06/Mar/2018:13:09:21 -0300] "GET /cormun/servlet/solicitudotadjuntos?INS,2018,10112,,1, HTTP/1.1" 200 6237
186.103.159.183 - - [06/Mar/2018:13:09:21 -0300] "GET /cormun/static/about:blank HTTP/1.1" 404 1011
186.103.159.183 - - [06/Mar/2018:13:09:22 -0300] "GET /cormun/static/Shared/ext/ext-all.js HTTP/1.1" 200 1289687
186.103.159.183 - - [06/Mar/2018:13:09:23 -0300] "GET /cormun/servlet/solicitudotadjuntos?INS,2018,10112,,1, HTTP/1.1" 200 6230
186.103.159.183 - - [06/Mar/2018:13:09:24 -0300] "GET /cormun/servlet/solicitudotadjuntos?cd30e8dc1249d60655f3333cce3a1bc3470f1151b86e626d3e9ddc506c7f5166a3cb7e3b57de8613b45aaf96194b63f5,gx-no-cache=1520352516532 HTTP/1.1" 200 30
200.112.5.172 - - [06/Mar/2018:13:09:24 -0300] "GET /cormun/servlet/trfichaempleado? HTTP/1.1" 200 8304
186.103.159.183 - - [06/Mar/2018:13:09:24 -0300] "POST /cormun/servlet/solicitudotadjuntos?9cc6185dc021ea1b400be4c2caf596db,INS,2018,10112,,1,,gx-no-cache=1520352517044 HTTP/1.1" 200 3988
200.111.122.170 - - [06/Mar/2018:13:09:26 -0300] "POST /cormun/servlet/trautorizarsolicitud?dd13c12ae6a18a17927e5047d32a079b,,gx-no-cache=1520352520077 HTTP/1.1" 200 4397
