186.103.156.166 - - [06/Mar/2018:09:29:40 -0300] "GET /cormun/servlet/licenciaspermisos?87cf4f2eb6376c0be1044c76eb46215d61a6e0c6ba75507e35d480f6d2d46b7004aafb8bb39516426a8cf86023ef37e67d76f72aac3de06df4d0468cc5126dc41eddee5e0e18e7063b645929c343d5349e7c4000145ef46e4cb9c0445da5c212791fa44d3e4470b3b13c07e584525c6447f15d817a413fb5a48dabb42e7f3b7c387465bd9d69ae8c70ae421f47a0a36f1a3b7b472fd006c92c01c8954951e635c8beecd9dd3142c7dd5f79bcc235603f321d7e4c8aa0a99db12b2244bb6bae47c2c1836626ebcd65cc04446db7749b0df186bfe1794cce53dffc2fa84c8c418d,gx-no-cache=1520342927266 HTTP/1.1" 200 30
186.103.156.166 - - [06/Mar/2018:09:29:40 -0300] "GET /cormun/servlet/licenciaspermisos?87cf4f2eb6376c0be1044c76eb46215d8c3d7786daf83dd3a55e1ecd110f3c193e8c7d3e99194ab498d48024b954e0182a1f8739868edcbdb39f8b66d7c00fcdbab8b89aa69ad67fc90aa91a8f87db25b1566ffcd741a1a263b0bf7295c78bd71d9c33e3bbd8d78c76e12312a646de835ff19547a1e2de9208f4019df27b9075c941941ba949295338cd2e7c6cb63e88235d043a83bad87f742ca372205458548e265a3c4e8e9385c43461b791bd87a2cbbf87d2d97897a228e56a7d0d2914803e4afbe90b26470639f164f1628a646269098978d68869165dcbb6c38285b905,gx-no-cache=1520342927371 HTTP/1.1" 200 29
186.103.156.166 - - [06/Mar/2018:09:29:41 -0300] "POST /cormun/servlet/licenciaspermisos?422db6e8f742f9940770d3ad15bbd69e,INS,0,,,,gx-no-cache=1520342927475 HTTP/1.1" 200 93
186.103.156.166 - - [06/Mar/2018:09:29:41 -0300] "GET /cormun/servlet/hpexe_return? HTTP/1.1" 200 1005
186.103.156.166 - - [06/Mar/2018:09:29:41 -0300] "GET /cormun/static/gxcfg.js?2016101716175148 HTTP/1.1" 200 953
186.103.156.166 - - [06/Mar/2018:09:29:41 -0300] "GET /cormun/static/hpexe_return.js?2016101716175153 HTTP/1.1" 200 1633
186.103.156.166 - - [06/Mar/2018:09:29:41 -0300] "GET /cormun/static/Resources/Spanish/PXTools.css?167811 HTTP/1.1" 200 89042
186.103.156.166 - - [06/Mar/2018:09:29:41 -0300] "GET /cormun/servlet/trlicencias HTTP/1.1" 200 8724
186.103.156.166 - - [06/Mar/2018:09:29:42 -0300] "GET /cormun//static/Resources/PXToolsGridUpdate.png HTTP/1.1" 200 2984
186.103.156.166 - - [06/Mar/2018:09:29:42 -0300] "GET /cormun/servlet/trlicencias HTTP/1.1" 200 8720
186.67.164.142 - - [06/Mar/2018:09:29:43 -0300] "POST /cormun/servlet/trpermisosgoce?7525e11b7c9132ddeb27a33894b41265,gx-no-cache=1520339333930 HTTP/1.1" 200 4970
186.67.164.142 - - [06/Mar/2018:09:29:43 -0300] "GET /cormun/static/Shared/jqueryui/images/ui-bg_highlight-soft_100_c6c2c8_1x100.png HTTP/1.1" 404 1117
186.67.164.142 - - [06/Mar/2018:09:29:43 -0300] "GET /cormun/static/Shared/jqueryui/images/ui-icons_82798d_256x240.png HTTP/1.1" 404 1089
186.67.164.142 - - [06/Mar/2018:09:29:43 -0300] "GET /cormun/static/Shared/jqueryui/images/ui-bg_flat_55_fafafa_40x100.png HTTP/1.1" 404 1097
186.67.164.142 - - [06/Mar/2018:09:29:43 -0300] "GET /cormun/static/Shared/jqueryui/images/ui-icons_8d78a5_256x240.png HTTP/1.1" 404 1089
192.168.10.96 - - [06/Mar/2018:09:29:47 -0300] "GET /cormun/servlet/trfuncionariobloqueados? HTTP/1.1" 200 10394
192.168.10.96 - - [06/Mar/2018:09:29:47 -0300] "GET /cormun/static/gxcfg.js?201812320593311 HTTP/1.1" 304 -
192.168.10.96 - - [06/Mar/2018:09:29:47 -0300] "GET /cormun/static/trfuncionariobloqueados.js?201812320593613 HTTP/1.1" 304 -
186.103.157.246 - - [06/Mar/2018:09:29:48 -0300] "POST /cormun/servlet/solicitudot?gx-no-cache=1520339338284 HTTP/1.1" 200 30
192.168.10.96 - - [06/Mar/2018:09:29:48 -0300] "GET /cormun/servlet/trfuncionariobloqueados? HTTP/1.1" 200 10394
186.103.157.246 - - [06/Mar/2018:09:29:56 -0300] "POST /cormun/servlet/solicitudot?96223334d295790a78ffe54a98791d46,INS,0,0,,gx-no-cache=1520339346661 HTTP/1.1" 200 93
186.103.157.246 - - [06/Mar/2018:09:29:56 -0300] "GET /cormun/servlet/hpexe_return? HTTP/1.1" 200 993
186.103.157.246 - - [06/Mar/2018:09:29:57 -0300] "GET /cormun/servlet/trsolicitudot HTTP/1.1" 200 8430
186.103.156.166 - - [06/Mar/2018:09:30:11 -0300] "GET /cormun/servlet/alicenciaprn?12694104,L,20180306000000,PU HTTP/1.1" 200 1524
186.103.157.246 - - [06/Mar/2018:09:30:18 -0300] "POST /cormun/servlet/trsolicitudot?96223334d295790a78ffe54a98791d46,gx-no-cache=1520339368468 HTTP/1.1" 200 4457
186.103.157.246 - - [06/Mar/2018:09:30:19 -0300] "GET /cormun/static/Shared/jqueryui/images/ui-bg_highlight-soft_100_c6c2c8_1x100.png HTTP/1.1" 404 1117
186.103.157.246 - - [06/Mar/2018:09:30:19 -0300] "GET /cormun/static/Shared/jqueryui/images/ui-bg_flat_55_fafafa_40x100.png HTTP/1.1" 404 1097
186.103.157.246 - - [06/Mar/2018:09:30:19 -0300] "GET /cormun/static/Shared/jqueryui/images/ui-icons_82798d_256x240.png HTTP/1.1" 404 1089
186.103.157.246 - - [06/Mar/2018:09:30:19 -0300] "GET /cormun/static/Shared/jqueryui/images/ui-icons_8d78a5_256x240.png HTTP/1.1" 404 1089
186.103.157.246 - - [06/Mar/2018:09:30:19 -0300] "POST /cormun/servlet/trsolicitudot?96223334d295790a78ffe54a98791d46,gx-no-cache=1520339369577 HTTP/1.1" 200 4246
192.168.10.50 - - [06/Mar/2018:09:30:23 -0300] "POST /cormun/servlet/trsolicitudgral?0a3d557a1eaeaba86cd775f6eea7d209,gx-no-cache=1520339262319 HTTP/1.1" 200 8131
192.168.10.96 - - [06/Mar/2018:09:30:26 -0300] "GET /cormun/servlet/trsolicitudgral? HTTP/1.1" 200 14835
192.168.10.96 - - [06/Mar/2018:09:30:26 -0300] "GET /cormun/servlet/trsolicitudgral? HTTP/1.1" 200 14835
192.168.10.96 - - [06/Mar/2018:09:30:47 -0300] "POST /cormun/servlet/trsolicitudgral?01d3c090483bfa1d382a8623ab1a36b9,,gx-no-cache=1520339286307 HTTP/1.1" 200 10726
200.54.18.125 - - [06/Mar/2018:09:31:18 -0300] "GET /cormun/servlet/hlogin HTTP/1.1" 200 1726
186.103.156.166 - - [06/Mar/2018:09:31:20 -0300] "GET /cormun/servlet/trlicenciaspermisosadjuntos?12694104,20180306000000,L, HTTP/1.1" 200 6229
200.54.18.125 - - [06/Mar/2018:09:31:20 -0300] "POST /cormun/servlet/hlogin?95425cd27bc8cd402aa3b609a57b1309,gx-no-cache=1520339429942 HTTP/1.1" 200 90
200.54.18.125 - - [06/Mar/2018:09:31:20 -0300] "GET /cormun/servlet/hpexe_link HTTP/1.1" 200 952
186.103.156.166 - - [06/Mar/2018:09:31:20 -0300] "GET /cormun/static/gxcfg.js?20177612163414 HTTP/1.1" 200 953
186.103.156.166 - - [06/Mar/2018:09:31:21 -0300] "GET /cormun/static/trlicenciaspermisosadjuntos.js?20177612163719 HTTP/1.1" 200 21036
200.54.18.125 - - [06/Mar/2018:09:31:21 -0300] "GET /cormun/servlet/hhome HTTP/1.1" 200 4185
186.103.156.166 - - [06/Mar/2018:09:31:21 -0300] "GET /cormun/servlet/trlicenciaspermisosadjuntos?12694104,20180306000000,L, HTTP/1.1" 200 6230
200.54.18.125 - - [06/Mar/2018:09:31:21 -0300] "GET /cormun/servlet/hhome HTTP/1.1" 200 4181
190.151.124.170 - - [06/Mar/2018:09:31:25 -0300] "GET /cormun/servlet/trsolicitudot? HTTP/1.1" 200 7401
190.151.124.170 - - [06/Mar/2018:09:31:26 -0300] "GET /cormun/servlet/trsolicitudot? HTTP/1.1" 200 7400
186.103.196.84 - - [06/Mar/2018:09:31:29 -0300] "GET /cormun/servlet/trautorizarsolicitud? HTTP/1.1" 200 7300
186.103.196.84 - - [06/Mar/2018:09:31:29 -0300] "GET /cormun/static/gxcfg.js?2017111423403364 HTTP/1.1" 200 953
186.103.196.84 - - [06/Mar/2018:09:31:30 -0300] "GET /cormun/static/trautorizarsolicitud.js?201711142340425 HTTP/1.1" 200 53910
186.103.156.166 - - [06/Mar/2018:09:31:30 -0300] "GET /cormun/servlet/licenciaspermisosadjuntos?INS,12694104,L,20180306000000,, HTTP/1.1" 200 5526
186.103.156.166 - - [06/Mar/2018:09:31:30 -0300] "GET /cormun/static/gxcfg.js?2017761263592 HTTP/1.1" 200 953
186.103.156.166 - - [06/Mar/2018:09:31:30 -0300] "GET /cormun/static/licenciaspermisosadjuntos.js?201776126362 HTTP/1.1" 200 8760
186.103.156.166 - - [06/Mar/2018:09:31:30 -0300] "GET /cormun/static/about:blank HTTP/1.1" 404 1011
186.103.156.166 - - [06/Mar/2018:09:31:31 -0300] "GET /cormun/servlet/licenciaspermisosadjuntos?INS,12694104,L,20180306000000,, HTTP/1.1" 200 5517
186.103.196.84 - - [06/Mar/2018:09:31:32 -0300] "GET /cormun/servlet/trautorizarsolicitud? HTTP/1.1" 200 7300
200.54.18.125 - - [06/Mar/2018:09:31:36 -0300] "POST /cormun/servlet/trautorizarsolicitud?95425cd27bc8cd402aa3b609a57b1309,,gx-no-cache=1520339444991 HTTP/1.1" 200 4408
200.54.18.125 - - [06/Mar/2018:09:31:39 -0300] "GET /cormun/static/menuarrow.gif HTTP/1.1" 404 1015
200.54.18.125 - - [06/Mar/2018:09:31:42 -0300] "POST /cormun/servlet/trautorizarsolicitud?95425cd27bc8cd402aa3b609a57b1309,,gx-no-cache=1520339451166 HTTP/1.1" 200 4408
200.54.18.125 - - [06/Mar/2018:09:31:48 -0300] "POST /cormun/servlet/trautorizarsolicitud?95425cd27bc8cd402aa3b609a57b1309,,gx-no-cache=1520339457382 HTTP/1.1" 200 4408
200.54.18.125 - - [06/Mar/2018:09:31:55 -0300] "POST /cormun/servlet/trautorizarsolicitud?95425cd27bc8cd402aa3b609a57b1309,,gx-no-cache=1520339464358 HTTP/1.1" 200 5717
200.54.18.125 - - [06/Mar/2018:09:31:55 -0300] "GET /cormun//static/Resources/PXToolsActionView.png HTTP/1.1" 200 2995
200.54.18.125 - - [06/Mar/2018:09:31:55 -0300] "GET /cormun//static/Resources/PXToolsRemoveAllAction.png HTTP/1.1" 200 3558
186.103.196.84 - - [06/Mar/2018:09:31:55 -0300] "GET /cormun//static/Resources/PXToolsGridDelete.png HTTP/1.1" 200 357
152.231.70.146 - - [06/Mar/2018:09:31:55 -0300] "GET /cormun//static/Resources/PXTools/ActionInsert.png HTTP/1.1" 200 1482
186.67.84.236 - - [06/Mar/2018:09:31:55 -0300] "GET /cormun//static/Resources/PXToolsGridUpdate.png HTTP/1.1" 200 2984
186.103.196.84 - - [06/Mar/2018:09:32:06 -0300] "GET /cormun/servlet/trvisualizadoreventos? HTTP/1.1" 200 6939
200.54.18.125 - - [06/Mar/2018:09:32:06 -0300] "GET /cormun/static/calendar-system.css?75620 HTTP/1.1" 200 5572
186.67.84.236 - - [06/Mar/2018:09:32:06 -0300] "GET /cormun/static/gxui/gxui-all.css?110300 HTTP/1.1" 200 2179
200.54.18.125 - - [06/Mar/2018:09:32:06 -0300] "GET /cormun/static/gxcfg.js?20175251251426 HTTP/1.1" 200 953
200.54.18.125 - - [06/Mar/2018:09:32:08 -0300] "GET /cormun/static/trvisualizadoreventos.js?20175251251768 HTTP/1.1" 200 19318
200.54.18.125 - - [06/Mar/2018:09:32:08 -0300] "GET /cormun/static/Resources/PXToolsActionPrint.png HTTP/1.1" 200 3317
186.67.164.142 - - [06/Mar/2018:09:32:46 -0300] "GET /cormun/servlet/trvisualizadoreventos? HTTP/1.1" 200 6700
186.67.164.142 - - [06/Mar/2018:09:32:46 -0300] "GET /cormun/static/gxcfg.js?20175251251426 HTTP/1.1" 200 953
186.67.164.142 - - [06/Mar/2018:09:32:46 -0300] "GET /cormun/static/trvisualizadoreventos.js?20175251251768 HTTP/1.1" 200 19318
186.67.164.142 - - [06/Mar/2018:09:32:47 -0300] "GET /cormun/static/Resources/PXToolsActionPrint.png HTTP/1.1" 200 3317
186.67.164.142 - - [06/Mar/2018:09:32:47 -0300] "GET /cormun/servlet/trvisualizadoreventos? HTTP/1.1" 200 6700
152.231.70.146 - - [06/Mar/2018:09:32:56 -0300] "GET /cormun/static/Shared/ext/resources/css/ext-all.css?205870 HTTP/1.1" 200 416045
152.231.70.146 - - [06/Mar/2018:09:32:57 -0300] "GET /cormun/servlet/trvisualizadoreventos? HTTP/1.1" 200 6938
186.67.164.142 - - [06/Mar/2018:09:32:58 -0300] "GET /cormun/static/menuarrow.gif HTTP/1.1" 404 1015
190.151.124.170 - - [06/Mar/2018:09:33:01 -0300] "POST /cormun/servlet/trvisualizadoreventos?95425cd27bc8cd402aa3b609a57b1309,,gx-no-cache=1520339530184 HTTP/1.1" 200 4130
186.67.164.142 - - [06/Mar/2018:09:33:03 -0300] "POST /cormun/servlet/trvisualizadoreventos?7525e11b7c9132ddeb27a33894b41265,,gx-no-cache=1520339534242 HTTP/1.1" 200 5334
190.151.124.170 - - [06/Mar/2018:09:33:04 -0300] "GET /cormun/static/menuarrow.gif HTTP/1.1" 404 1015
190.151.124.170 - - [06/Mar/2018:09:33:06 -0300] "POST /cormun/servlet/trvisualizadoreventos?95425cd27bc8cd402aa3b609a57b1309,,gx-no-cache=1520339535933 HTTP/1.1" 200 4135
190.151.124.170 - - [06/Mar/2018:09:33:08 -0300] "POST /cormun/servlet/trvisualizadoreventos?95425cd27bc8cd402aa3b609a57b1309,,gx-no-cache=1520339537028 HTTP/1.1" 200 4135
190.151.124.170 - - [06/Mar/2018:09:33:13 -0300] "GET /cormun/servlet/trautorizarsolicitud? HTTP/1.1" 200 8605
190.151.124.170 - - [06/Mar/2018:09:33:14 -0300] "GET /cormun/servlet/trautorizarsolicitud? HTTP/1.1" 200 8605
186.103.196.84 - - [06/Mar/2018:09:33:24 -0300] "POST /cormun/servlet/trautorizarsolicitud?95425cd27bc8cd402aa3b609a57b1309,,gx-no-cache=1520339553144 HTTP/1.1" 200 7271
186.67.164.142 - - [06/Mar/2018:09:33:35 -0300] "POST /cormun/servlet/trvisualizadoreventos?7525e11b7c9132ddeb27a33894b41265,,gx-no-cache=1520339566443 HTTP/1.1" 200 4819
186.67.164.142 - - [06/Mar/2018:09:33:44 -0300] "GET /cormun/servlet/trcontratoobservacion? HTTP/1.1" 200 6126
186.67.164.142 - - [06/Mar/2018:09:33:44 -0300] "GET /cormun/static/gxcfg.js?2017525126861 HTTP/1.1" 200 953
186.67.164.142 - - [06/Mar/2018:09:33:44 -0300] "GET /cormun/static/trcontratoobservacion.js?20175251261223 HTTP/1.1" 200 25148
186.67.164.142 - - [06/Mar/2018:09:33:45 -0300] "GET /cormun/servlet/trcontratoobservacion? HTTP/1.1" 200 6126
190.151.99.26 - - [06/Mar/2018:09:34:36 -0300] "POST /cormun/servlet/trautorizarsolicitud?95425cd27bc8cd402aa3b609a57b1309,,gx-no-cache=1520339625007 HTTP/1.1" 200 4414
190.151.99.26 - - [06/Mar/2018:09:34:43 -0300] "POST /cormun/servlet/trautorizarsolicitud?95425cd27bc8cd402aa3b609a57b1309,,gx-no-cache=1520339632886 HTTP/1.1" 200 4412
190.151.99.26 - - [06/Mar/2018:09:34:48 -0300] "POST /cormun/servlet/trautorizarsolicitud?95425cd27bc8cd402aa3b609a57b1309,,gx-no-cache=1520339636982 HTTP/1.1" 200 5723
190.151.99.26 - - [06/Mar/2018:09:36:25 -0300] "GET /cormun/servlet/trautorizarsolicitud? HTTP/1.1" 200 8605
190.151.99.26 - - [06/Mar/2018:09:36:26 -0300] "GET /cormun/servlet/trautorizarsolicitud? HTTP/1.1" 200 8605
186.103.196.90 - - [06/Mar/2018:09:36:31 -0300] "POST /cormun/servlet/trautorizarsolicitud?95425cd27bc8cd402aa3b609a57b1309,,gx-no-cache=1520339740728 HTTP/1.1" 200 5715
186.103.196.90 - - [06/Mar/2018:09:36:41 -0300] "GET /cormun/static/menuarrow.gif HTTP/1.1" 404 1015
186.103.156.166 - - [06/Mar/2018:09:36:46 -0300] "POST /cormun/servlet/licenciaspermisosadjuntos?422db6e8f742f9940770d3ad15bbd69e,INS,12694104,L,20180306000000,, HTTP/1.1" 200 116
186.103.156.166 - - [06/Mar/2018:09:36:46 -0300] "GET /cormun/servlet/hpexe_return? HTTP/1.1" 200 1035
186.103.156.166 - - [06/Mar/2018:09:36:46 -0300] "GET /cormun/servlet/trlicenciaspermisosadjuntos?12694104,20180306000000,L, HTTP/1.1" 200 6701
186.103.156.166 - - [06/Mar/2018:09:36:47 -0300] "GET /cormun/servlet/trlicenciaspermisosadjuntos?12694104,20180306000000,L, HTTP/1.1" 200 6698
186.103.196.90 - - [06/Mar/2018:09:36:53 -0300] "POST /cormun/servlet/trautorizarsolicitud?95425cd27bc8cd402aa3b609a57b1309,,gx-no-cache=1520339761935 HTTP/1.1" 200 5714
186.103.156.166 - - [06/Mar/2018:09:36:58 -0300] "POST /cormun/servlet/trlicenciaspermisosadjuntos?422db6e8f742f9940770d3ad15bbd69e,12694104,20180306000000,L,,gx-no-cache=1520343365170 HTTP/1.1" 200 90
186.103.156.166 - - [06/Mar/2018:09:36:58 -0300] "GET /cormun/servlet/hpexe_link HTTP/1.1" 200 978
186.103.156.166 - - [06/Mar/2018:09:36:58 -0300] "GET /cormun/servlet/trlicencias HTTP/1.1" 200 8722
186.103.156.166 - - [06/Mar/2018:09:36:59 -0300] "GET /cormun/servlet/trlicencias HTTP/1.1" 200 8720
186.103.196.90 - - [06/Mar/2018:09:37:01 -0300] "POST /cormun/servlet/trautorizarsolicitud?95425cd27bc8cd402aa3b609a57b1309,,gx-no-cache=1520339770573 HTTP/1.1" 200 4404
186.103.156.166 - - [06/Mar/2018:09:37:13 -0300] "POST /cormun/servlet/trlicencias?422db6e8f742f9940770d3ad15bbd69e,gx-no-cache=1520343380447 HTTP/1.1" 200 6061
186.103.156.166 - - [06/Mar/2018:09:37:14 -0300] "GET /cormun/static/Shared/jqueryui/images/ui-bg_highlight-soft_100_c6c2c8_1x100.png HTTP/1.1" 404 1117
186.103.156.166 - - [06/Mar/2018:09:37:14 -0300] "GET /cormun/static/Shared/jqueryui/images/ui-icons_82798d_256x240.png HTTP/1.1" 404 1089
186.103.156.166 - - [06/Mar/2018:09:37:14 -0300] "GET /cormun/static/Shared/jqueryui/images/ui-bg_flat_55_fafafa_40x100.png HTTP/1.1" 404 1097
186.103.156.166 - - [06/Mar/2018:09:37:14 -0300] "GET /cormun/static/Shared/jqueryui/images/ui-icons_8d78a5_256x240.png HTTP/1.1" 404 1089
192.168.10.50 - - [06/Mar/2018:09:37:31 -0300] "GET /cormun/servlet/solicitudgral?UPD,2018,10044, HTTP/1.1" 200 12877
192.168.10.50 - - [06/Mar/2018:09:37:31 -0300] "GET /cormun/servlet/solicitudgral?UPD,2018,10044, HTTP/1.1" 200 12886
192.168.10.50 - - [06/Mar/2018:09:37:32 -0300] "POST /cormun/servlet/solicitudgral?gx-no-cache=1520339691404 HTTP/1.1" 200 3905
192.168.10.50 - - [06/Mar/2018:09:37:32 -0300] "GET /cormun/servlet/solicitudgral?fbbf56d5b3289b36a119d7fa184034e56f18cb2b6b497b5066dc15cd98e78f02441a09a934917afc4211e1d300c0d46ff6761179a3516c2874a68adf02aeeeebc4a4ecdacb850087a03a1d2a90991cf97a9f021927ad6e08e54bc4f0e3c0bd66594fa93dcb160532f66943ae314a24e4487ca9cde61e4825a5f4203db0e0dd74361d10d72f234e6281c7f2eb108db8f20d3c039cf539f64d513004b4dc327cb6cf0aba62c43b2d6e54726150b5e1cd3f1738cec2d3696a06989569b65047d7d7b68d080923e12bbae1ef6e993d02b8e87eb41e238f44a79c42ccd6d7b15a2cb9e868931a3970742cd91c607540e11efd73aa7a5e48b44ba32eadb7a6eddee6d6818cc778b51521f07fd875c71d7e17d54f8c9ebba147f6fd461428fd3cf815f6b3a7f9d2627dd643ac7f8167397798aac177753c958e6fda67d155d3c1f808e74607717f81adb4a870875a30e7b788b2,gx-no-cache=1520339691504 HTTP/1.1" 200 255
192.168.10.50 - - [06/Mar/2018:09:37:33 -0300] "GET /cormun/servlet/solicitudgral?fbbf56d5b3289b36a119d7fa184034e51dae1820c21bdb77da0b0546bcff352a9862826c1f0fa817102c26222a7e1bc90ba3ec45a751d7b846cd29477151e2841537afa6b0baea825fee67307bd4ff1f07bb6a9fee51aac0d4a0579647a3da15f273614fcd11f349902de2c4f6b0a973272799adf91fb7dae983bc71c82b784156e0b25d549d5cb6cfdca251c320b96d74fa90779e037815fcd29c545a171f04b75164313d1d67353490b80796619089995b868518612b84214aeddb52d2ed7a30e1b63481a455726cff646648b54c53e2291bdeeed90c894715555ce01cdc273d7c1dca64ff353bfbb0ad9640132312531fcdc24480c84b9902abbb743520705359ea3ea7b725fef9e270fa60890df6c1a7063ad903e0f6b94ad44f6a5d1516dffd2d2aee66e0a592f4fcee22ba9d2add088deee1d0cc3221283002a4fb9f057c5c7169fff1a246b1551df2e43b195397a1a901267a586ccc12eaae34a2711c12e0ba7af26bf986ab4dc88c0c92a4cea1d0b14a1500e892608d1bdea4b3d07444804b2dbc9e141f221be4e544e16f0619a3bee891fc0a85faba56976a66f204441e46d4c54b1adbc3fa401f24da9905,gx-no-cache=1520339692375 HTTP/1.1" 200 48
186.103.159.187 - - [06/Mar/2018:09:37:33 -0300] "GET /cormun/servlet/hhome HTTP/1.1" 200 3381
186.103.159.187 - - [06/Mar/2018:09:37:36 -0300] "GET /cormun/servlet/hhome HTTP/1.1" 200 3381
192.168.10.50 - - [06/Mar/2018:09:37:36 -0300] "POST /cormun/servlet/solicitudgral?0a3d557a1eaeaba86cd775f6eea7d209,UPD,2018,10044,,gx-no-cache=1520339695560 HTTP/1.1" 200 11780
192.168.10.50 - - [06/Mar/2018:09:37:36 -0300] "GET /cormun/servlet/solicitudgral?fbbf56d5b3289b36a119d7fa184034e58939b6532a2bb0650aa08e262175c68e17c061948727b03699b9227c18e00e750015a182aca6a908faa9e31255c5788e0abc0d0c6fff9fe23d4329b955fa05cb3d7542d4a47e77583742ed29d358a24350ed3a63cf6411e4e476a9dcf4d18b0dfa1d496923684aaf8e5a53ad7f5a9457a9087ff8ec493baca18a0f01e50d557e34c0ca027a2779bf80e5c1f245ebacde,gx-no-cache=1520339695702 HTTP/1.1" 200 29
192.168.10.50 - - [06/Mar/2018:09:37:36 -0300] "POST /cormun/servlet/solicitudgral?gx-no-cache=1520339695717 HTTP/1.1" 200 1295
192.168.10.50 - - [06/Mar/2018:09:37:36 -0300] "POST /cormun/servlet/solicitudgral?gx-no-cache=1520339695744 HTTP/1.1" 200 1218
192.168.10.50 - - [06/Mar/2018:09:37:36 -0300] "POST /cormun/servlet/solicitudgral?0a3d557a1eaeaba86cd775f6eea7d209,UPD,2018,10044,,gx-no-cache=1520339695772 HTTP/1.1" 200 93
192.168.10.50 - - [06/Mar/2018:09:37:36 -0300] "GET /cormun/servlet/hpexe_return? HTTP/1.1" 200 1041
192.168.10.50 - - [06/Mar/2018:09:37:36 -0300] "GET /cormun/servlet/trsolicitudgral?gx-no-cache=1520339262319 HTTP/1.1" 200 11158
192.168.10.50 - - [06/Mar/2018:09:37:37 -0300] "GET /cormun/servlet/trsolicitudgral?gx-no-cache=1520339262319 HTTP/1.1" 200 11175
186.103.159.187 - - [06/Mar/2018:09:37:37 -0300] "GET /cormun/servlet/hlogin HTTP/1.1" 200 1727
186.103.159.187 - - [06/Mar/2018:09:37:37 -0300] "GET /cormun/servlet/hhome HTTP/1.1" 200 3390
192.168.10.50 - - [06/Mar/2018:09:37:41 -0300] "GET /cormun/servlet/solicitudgral?UPD,2018,10044, HTTP/1.1" 200 12902
192.168.10.50 - - [06/Mar/2018:09:37:42 -0300] "GET /cormun/servlet/solicitudgral?UPD,2018,10044, HTTP/1.1" 200 12889
192.168.10.50 - - [06/Mar/2018:09:37:42 -0300] "POST /cormun/servlet/solicitudgral?gx-no-cache=1520339701725 HTTP/1.1" 200 3905
192.168.10.50 - - [06/Mar/2018:09:37:42 -0300] "GET /cormun/servlet/solicitudgral?fbbf56d5b3289b36a119d7fa184034e56f18cb2b6b497b5066dc15cd98e78f02441a09a934917afc4211e1d300c0d46ff6761179a3516c2874a68adf02aeeeebc4a4ecdacb850087a03a1d2a90991cf97a9f021927ad6e08e54bc4f0e3c0bd66594fa93dcb160532f66943ae314a24e4487ca9cde61e4825a5f4203db0e0dd74361d10d72f234e6281c7f2eb108db8f20d3c039cf539f64d513004b4dc327cb6cf0aba62c43b2d6e54726150b5e1cd3f1738cec2d3696a06989569b65047d7d7b68d080923e12bbae1ef6e993d02b8e87eb41e238f44a79c42ccd6d7b15a2cb9e868931a3970742cd91c607540e11efd73aa7a5e48b44ba32eadb7a6eddee6d6818cc778b51521f07fd875c71d7e17d54f8c9ebba147f6fd461428fd3cf815f6b3a7f9d2627dd643ac7f8167397798aac177753c958e6fda67d155d3c1f808e74607717f81adb4a870875a30e7b788b2,gx-no-cache=1520339701825 HTTP/1.1" 200 255
186.103.156.166 - - [06/Mar/2018:09:37:42 -0300] "GET /cormun/servlet/hlogin HTTP/1.1" 200 1730
186.103.156.166 - - [06/Mar/2018:09:37:42 -0300] "GET /cormun/servlet/hlogin HTTP/1.1" 200 1730
192.168.10.50 - - [06/Mar/2018:09:37:43 -0300] "GET /cormun/servlet/solicitudgral?fbbf56d5b3289b36a119d7fa184034e51dae1820c21bdb77da0b0546bcff352a9862826c1f0fa817102c26222a7e1bc90ba3ec45a751d7b846cd29477151e2841537afa6b0baea825fee67307bd4ff1f07bb6a9fee51aac0d4a0579647a3da15f273614fcd11f349902de2c4f6b0a973272799adf91fb7dae983bc71c82b784156e0b25d549d5cb6cfdca251c320b96d74fa90779e037815fcd29c545a171f04b75164313d1d67353490b80796619089995b868518612b84214aeddb52d2ed7a30e1b63481a455726cff646648b54c53e2291bdeeed90c894715555ce01cdc273d7c1dca64ff353bfbb0ad9640132312531fcdc24480c84b9902abbb743520705359ea3ea7b725fef9e270fa60890df6c1a7063ad903e0f6b94ad44f6a5d1516dffd2d2aee66e0a592f4fcee22ba9d2add088deee1d0cc3221283002a4fb9f057c5c7169fff1a246b1551df2e43b195397a1a901267a586ccc12eaae34a2711c12e0ba7af26bf986ab4dc88c0c92a4cea1d0b14a1500e892608d1bdea4b3d07444804b2dbc9e141f221be4e544e16f0619a3bee891fc0a85faba56976a66f204441e46d4c54b1adbc3fa401f24da9905,gx-no-cache=1520339702591 HTTP/1.1" 200 48
192.168.10.50 - - [06/Mar/2018:09:37:43 -0300] "POST /cormun/servlet/solicitudgral?0a3d557a1eaeaba86cd775f6eea7d209,UPD,2018,10044,,gx-no-cache=1520339702610 HTTP/1.1" 200 11816
186.67.84.236 - - [06/Mar/2018:09:37:43 -0300] "POST /cormun/servlet/trautorizarsolicitud?95425cd27bc8cd402aa3b609a57b1309,,gx-no-cache=1520339811358 HTTP/1.1" 200 4425
192.168.10.50 - - [06/Mar/2018:09:37:45 -0300] "GET /cormun/servlet/solicitudgral?fbbf56d5b3289b36a119d7fa184034e58939b6532a2bb0650aa08e262175c68e17c061948727b03699b9227c18e00e750015a182aca6a908faa9e31255c5788e0abc0d0c6fff9fe23d4329b955fa05cb3d7542d4a47e77583742ed29d358a24350ed3a63cf6411e4e476a9dcf4d18b0dfa1d496923684aaf8e5a53ad7f5a9457a9087ff8ec493baca18a0f01e50d557e34c0ca027a2779bf80e5c1f245ebacde,gx-no-cache=1520339704877 HTTP/1.1" 200 29
192.168.10.50 - - [06/Mar/2018:09:37:45 -0300] "POST /cormun/servlet/solicitudgral?gx-no-cache=1520339704892 HTTP/1.1" 200 1295
192.168.10.50 - - [06/Mar/2018:09:37:45 -0300] "POST /cormun/servlet/solicitudgral?gx-no-cache=1520339704917 HTTP/1.1" 200 1218
192.168.10.50 - - [06/Mar/2018:09:37:45 -0300] "POST /cormun/servlet/solicitudgral?0a3d557a1eaeaba86cd775f6eea7d209,UPD,2018,10044,,gx-no-cache=1520339704946 HTTP/1.1" 200 93
192.168.10.50 - - [06/Mar/2018:09:37:45 -0300] "GET /cormun/servlet/hpexe_return? HTTP/1.1" 200 1041
192.168.10.50 - - [06/Mar/2018:09:37:45 -0300] "GET /cormun/servlet/trsolicitudgral?gx-no-cache=1520339262319 HTTP/1.1" 200 11158
192.168.10.50 - - [06/Mar/2018:09:37:46 -0300] "GET /cormun/servlet/trsolicitudgral?gx-no-cache=1520339262319 HTTP/1.1" 200 11175
186.103.159.187 - - [06/Mar/2018:09:37:47 -0300] "POST /cormun/servlet/hlogin?537398ab6e706b6a80e396f5e30349ef,gx-no-cache=1520339915835 HTTP/1.1" 200 440
186.103.159.187 - - [06/Mar/2018:09:37:52 -0300] "POST /cormun/servlet/hlogin?537398ab6e706b6a80e396f5e30349ef,gx-no-cache=1520339920928 HTTP/1.1" 200 90
186.103.159.187 - - [06/Mar/2018:09:37:52 -0300] "GET /cormun/servlet/hpexe_link HTTP/1.1" 200 947
186.103.159.187 - - [06/Mar/2018:09:37:52 -0300] "GET /cormun/servlet/hhome HTTP/1.1" 200 3926
186.103.159.187 - - [06/Mar/2018:09:37:53 -0300] "GET /cormun/servlet/hhome HTTP/1.1" 200 3923
186.67.84.236 - - [06/Mar/2018:09:37:55 -0300] "POST /cormun/servlet/trautorizarsolicitud?95425cd27bc8cd402aa3b609a57b1309,,gx-no-cache=1520339824316 HTTP/1.1" 200 4427
186.67.84.236 - - [06/Mar/2018:09:37:56 -0300] "POST /cormun/servlet/trautorizarsolicitud?95425cd27bc8cd402aa3b609a57b1309,,gx-no-cache=1520339825524 HTTP/1.1" 200 4427
186.103.159.187 - - [06/Mar/2018:09:38:06 -0300] "GET /cormun/servlet/trsolicitudot? HTTP/1.1" 200 7134
186.67.84.236 - - [06/Mar/2018:09:38:07 -0300] "POST /cormun/servlet/trautorizarsolicitud?95425cd27bc8cd402aa3b609a57b1309,,gx-no-cache=1520339836820 HTTP/1.1" 200 4406
186.103.159.187 - - [06/Mar/2018:09:38:07 -0300] "GET /cormun/servlet/trsolicitudot? HTTP/1.1" 200 7133
186.67.84.236 - - [06/Mar/2018:09:38:13 -0300] "POST /cormun/servlet/trautorizarsolicitud?95425cd27bc8cd402aa3b609a57b1309,,gx-no-cache=1520339842671 HTTP/1.1" 200 4406
186.67.84.236 - - [06/Mar/2018:09:38:17 -0300] "POST /cormun/servlet/trautorizarsolicitud?95425cd27bc8cd402aa3b609a57b1309,,gx-no-cache=1520339846668 HTTP/1.1" 200 7265
186.67.84.236 - - [06/Mar/2018:09:38:25 -0300] "POST /cormun/servlet/trautorizarsolicitud?95425cd27bc8cd402aa3b609a57b1309,,gx-no-cache=1520339853525 HTTP/1.1" 200 7096
192.168.10.62 - - [06/Mar/2018:09:38:36 -0300] "GET /cormun/servlet/hlogin HTTP/1.1" 200 1725
192.168.10.50 - - [06/Mar/2018:09:38:57 -0300] "POST /cormun/servlet/trsolicitudgral?0a3d557a1eaeaba86cd775f6eea7d209,gx-no-cache=1520339262319,gx-no-cache=1520339776708 HTTP/1.1" 200 8163
192.168.10.50 - - [06/Mar/2018:09:38:57 -0300] "GET /cormun/static/Shared/jqueryui/images/ui-icons_82798d_256x240.png HTTP/1.1" 404 1089
192.168.10.50 - - [06/Mar/2018:09:38:57 -0300] "GET /cormun/static/Shared/jqueryui/images/ui-bg_highlight-soft_100_c6c2c8_1x100.png HTTP/1.1" 404 1117
192.168.10.50 - - [06/Mar/2018:09:38:57 -0300] "GET /cormun/static/Shared/jqueryui/images/ui-bg_flat_55_fafafa_40x100.png HTTP/1.1" 404 1097
192.168.10.50 - - [06/Mar/2018:09:38:57 -0300] "GET /cormun/static/Shared/jqueryui/images/ui-icons_8d78a5_256x240.png HTTP/1.1" 404 1089
192.168.10.50 - - [06/Mar/2018:09:39:11 -0300] "POST /cormun/servlet/trsolicitudgral?0a3d557a1eaeaba86cd775f6eea7d209,gx-no-cache=1520339262319,gx-no-cache=1520339790863 HTTP/1.1" 200 5934
186.103.159.187 - - [06/Mar/2018:09:39:20 -0300] "GET /cormun/servlet/solicitudot?INS,0,0, HTTP/1.1" 200 13387
186.103.159.187 - - [06/Mar/2018:09:39:22 -0300] "GET /cormun/servlet/solicitudot?INS,0,0, HTTP/1.1" 200 13392
186.103.159.187 - - [06/Mar/2018:09:39:37 -0300] "POST /cormun/servlet/solicitudot?gx-no-cache=1520340026313 HTTP/1.1" 200 3418
186.103.159.187 - - [06/Mar/2018:09:39:38 -0300] "POST /cormun/servlet/solicitudot?537398ab6e706b6a80e396f5e30349ef,INS,0,0,,gx-no-cache=1520340026686 HTTP/1.1" 200 10381
186.67.164.142 - - [06/Mar/2018:09:39:42 -0300] "GET /cormun/servlet/trlicencias? HTTP/1.1" 200 8413
186.67.164.142 - - [06/Mar/2018:09:39:42 -0300] "GET /cormun/servlet/trlicencias? HTTP/1.1" 200 8412
186.67.164.142 - - [06/Mar/2018:09:39:45 -0300] "GET /cormun/static/menuarrow.gif HTTP/1.1" 404 1015
186.103.159.187 - - [06/Mar/2018:09:39:45 -0300] "GET /cormun/servlet/solicitudot?50ff31c530601c075214fd1de08834286ca875abd5e02ad83d6d9e29b3b4e3c8f51e0c139a64e48571bc979901e5b099,gx-no-cache=1520340034271 HTTP/1.1" 200 30
186.103.159.187 - - [06/Mar/2018:09:39:45 -0300] "GET /cormun/servlet/solicitudot?50ff31c530601c075214fd1de0883428e4b75e4e7a1fd915ddef0aace235e2c13ba999b78750e06d2ac05e09c0844cb3832a2d6aee9dba25fe8f10294344e7b6,gx-no-cache=1520340034361 HTTP/1.1" 200 30
186.103.159.187 - - [06/Mar/2018:09:39:45 -0300] "GET /cormun/servlet/solicitudot?50ff31c530601c075214fd1de08834285c32e8002dbbabe8254f157f901af6b5,gx-no-cache=1520340034426 HTTP/1.1" 200 51
186.103.159.187 - - [06/Mar/2018:09:39:45 -0300] "POST /cormun/servlet/solicitudot?gx-no-cache=1520340034463 HTTP/1.1" 200 255
186.103.159.187 - - [06/Mar/2018:09:39:46 -0300] "GET /cormun/servlet/solicitudot?50ff31c530601c075214fd1de08834288e4617ef5ac5f182c0a10921558bfc1347ae4de3722491f57ee0fee16adaa13ea2ce086791251213285fd9a46a87f28d9fe0d4a3db3db81922da497003f026815063f4d66a5d928c5f1989518b133de3735eba51279561cf25d8cc4612c01e5c895c19a04851682b4e7d92d3b9b1db45dee83963d56f8e32cdbd53703c522133188cbd58e62cdbc62f23e270d30af45a0ef7199013e811c954a1e58615776e9a0d7d477928bbecbb4c85a154d6d39d8342d809ad7b9966b7941c221d25865c5f1658872a35add70bca701848e1182563c46901eaa83a0b73370a63374ea35d862bbdaf45bb79b0e55851868115ab061694c62c335ac9e53f5d149f8e492784fb5989abbe3752fe04c33c5c6afa49f0926a9f490c8cd4f131ec598437f9de13d1583328f0be9d10255cd1345ebea1224a01c80f0d549b03dad1275fb4a4a5265f46648ab5fffc269f09d1fabf832a37fa87bdc4b337887d29a5c54454bb68eb90fcaeede0bf2677fbb443af92f59908a2,gx-no-cache=1520340034514 HTTP/1.1" 200 30
192.168.10.50 - - [06/Mar/2018:09:39:48 -0300] "POST /cormun/servlet/trsolicitudgral?0a3d557a1eaeaba86cd775f6eea7d209,gx-no-cache=1520339262319,gx-no-cache=1520339827201 HTTP/1.1" 200 8863
186.103.159.187 - - [06/Mar/2018:09:39:48 -0300] "POST /cormun/servlet/solicitudot?gx-no-cache=1520340036673 HTTP/1.1" 200 30
186.67.164.142 - - [06/Mar/2018:09:39:50 -0300] "POST /cormun/servlet/trlicencias?7525e11b7c9132ddeb27a33894b41265,,gx-no-cache=1520339940660 HTTP/1.1" 200 8124
186.103.159.187 - - [06/Mar/2018:09:39:52 -0300] "POST /cormun/servlet/solicitudot?gx-no-cache=1520340041244 HTTP/1.1" 200 1338
186.103.159.187 - - [06/Mar/2018:09:39:52 -0300] "POST /cormun/servlet/solicitudot?gx-no-cache=1520340041349 HTTP/1.1" 200 38
192.168.10.50 - - [06/Mar/2018:09:39:53 -0300] "POST /cormun/servlet/trsolicitudgral?0a3d557a1eaeaba86cd775f6eea7d209,gx-no-cache=1520339262319,gx-no-cache=1520339833191 HTTP/1.1" 200 5934
186.103.159.187 - - [06/Mar/2018:09:40:00 -0300] "GET /cormun/servlet/solicitudot?50ff31c530601c075214fd1de0883428339c381f836125ccb2f0cfece9e99a313039ed94791207d1c206131eba610aea23825024c5a3b341d96c94323492d809ebeae7d8b1a877f905326a80406e5cb54ea5550fab3a04cb1fc3d7ba0da9bbec8010dfcf25563d63d1157e6f0d02baf96ba9681caebf5cf38cba8f7586f2537a74e1ab4c2a09b70e5fff3207cc49f30bb6972e84e44acfa09345b35c2b3f1cb7,gx-no-cache=1520340049098 HTTP/1.1" 200 29
186.103.159.187 - - [06/Mar/2018:09:40:00 -0300] "POST /cormun/servlet/solicitudot?gx-no-cache=1520340049176 HTTP/1.1" 200 1319
186.103.159.187 - - [06/Mar/2018:09:40:01 -0300] "POST /cormun/servlet/solicitudot?gx-no-cache=1520340049291 HTTP/1.1" 200 1219
186.103.159.189 - - [06/Mar/2018:09:41:57 -0300] "POST /cormun/servlet/trsolicitudot?9a2433f63b38a29fce08656997439cbe,,gx-no-cache=1520340070233 HTTP/1.1" 200 6431
186.103.159.189 - - [06/Mar/2018:09:41:58 -0300] "GET /cormun/static/Shared/jqueryui/images/ui-bg_highlight-soft_100_c6c2c8_1x100.png HTTP/1.1" 404 1117
186.103.159.189 - - [06/Mar/2018:09:41:58 -0300] "GET /cormun/static/Shared/jqueryui/images/ui-icons_82798d_256x240.png HTTP/1.1" 404 1089
186.103.159.189 - - [06/Mar/2018:09:41:58 -0300] "GET /cormun/static/Shared/jqueryui/images/ui-bg_flat_55_fafafa_40x100.png HTTP/1.1" 404 1097
186.103.159.189 - - [06/Mar/2018:09:41:58 -0300] "GET /cormun/static/Shared/jqueryui/images/ui-icons_8d78a5_256x240.png HTTP/1.1" 404 1089
186.103.159.189 - - [06/Mar/2018:09:41:58 -0300] "POST /cormun/servlet/trsolicitudot?9a2433f63b38a29fce08656997439cbe,,gx-no-cache=1520340070923 HTTP/1.1" 200 6371
186.103.159.189 - - [06/Mar/2018:09:42:05 -0300] "POST /cormun/servlet/trsolicitudot?9a2433f63b38a29fce08656997439cbe,,gx-no-cache=1520340078033 HTTP/1.1" 200 6063
186.103.159.189 - - [06/Mar/2018:09:42:06 -0300] "POST /cormun/servlet/trsolicitudot?9a2433f63b38a29fce08656997439cbe,,gx-no-cache=1520340078531 HTTP/1.1" 200 6004
186.103.159.189 - - [06/Mar/2018:09:42:11 -0300] "POST /cormun/servlet/trsolicitudot?9a2433f63b38a29fce08656997439cbe,,gx-no-cache=1520340084039 HTTP/1.1" 200 5657
186.103.159.189 - - [06/Mar/2018:09:42:12 -0300] "POST /cormun/servlet/trsolicitudot?9a2433f63b38a29fce08656997439cbe,,gx-no-cache=1520340084517 HTTP/1.1" 200 5598
186.103.159.189 - - [06/Mar/2018:09:42:28 -0300] "GET /cormun/servlet/hlogin HTTP/1.1" 200 1712
186.103.159.189 - - [06/Mar/2018:09:45:29 -0300] "GET /cormun/servlet/hlogin HTTP/1.1" 200 1712
186.103.159.189 - - [06/Mar/2018:09:45:30 -0300] "GET /cormun/servlet/hlogin HTTP/1.1" 200 1712
192.168.10.62 - - [06/Mar/2018:09:45:52 -0300] "POST /cormun/servlet/hlogin?acb6e35fbcf2996e87b827730408425c,gx-no-cache=1520340191416 HTTP/1.1" 200 90
192.168.10.62 - - [06/Mar/2018:09:45:52 -0300] "GET /cormun/servlet/hpexe_link HTTP/1.1" 200 954
192.168.10.62 - - [06/Mar/2018:09:45:52 -0300] "GET /cormun/servlet/hhome HTTP/1.1" 200 4449
192.168.10.62 - - [06/Mar/2018:09:45:53 -0300] "GET /cormun/servlet/hhome HTTP/1.1" 200 4445
186.103.159.189 - - [06/Mar/2018:09:46:01 -0300] "POST /cormun/servlet/hlogin?9a2433f63b38a29fce08656997439cbe,gx-no-cache=1520340313921 HTTP/1.1" 200 419
186.103.159.189 - - [06/Mar/2018:09:46:47 -0300] "POST /cormun/servlet/hlogin?9a2433f63b38a29fce08656997439cbe,gx-no-cache=1520340359745 HTTP/1.1" 200 90
186.103.159.189 - - [06/Mar/2018:09:46:47 -0300] "GET /cormun/servlet/hpexe_link HTTP/1.1" 200 944
186.103.159.189 - - [06/Mar/2018:09:46:47 -0300] "GET /cormun/servlet/hhome HTTP/1.1" 200 4168
186.103.159.189 - - [06/Mar/2018:09:46:49 -0300] "GET /cormun/servlet/hhome HTTP/1.1" 200 4164
192.168.10.62 - - [06/Mar/2018:09:49:58 -0300] "GET /cormun/servlet/trsolicitudgral? HTTP/1.1" 200 28030
192.168.10.62 - - [06/Mar/2018:09:50:00 -0300] "GET /cormun/servlet/trsolicitudgral? HTTP/1.1" 200 28029
186.103.159.187 - - [06/Mar/2018:09:50:21 -0300] "GET /cormun/servlet/hhome HTTP/1.1" 200 3914
192.168.10.62 - - [06/Mar/2018:09:50:22 -0300] "POST /cormun/servlet/trsolicitudgral?acb6e35fbcf2996e87b827730408425c,,gx-no-cache=1520340461394 HTTP/1.1" 200 15356
192.168.10.62 - - [06/Mar/2018:09:50:24 -0300] "POST /cormun/servlet/trsolicitudgral?acb6e35fbcf2996e87b827730408425c,,gx-no-cache=1520340463205 HTTP/1.1" 200 105
192.168.10.62 - - [06/Mar/2018:09:50:24 -0300] "GET /cormun/SolicitudGral-9499.xls HTTP/1.1" 200 15872
186.103.159.187 - - [06/Mar/2018:09:50:27 -0300] "GET /cormun/servlet/hhome HTTP/1.1" 200 3914
186.103.159.187 - - [06/Mar/2018:09:50:28 -0300] "GET /cormun/servlet/hhome HTTP/1.1" 200 3923
186.103.159.187 - - [06/Mar/2018:09:50:31 -0300] "GET /cormun/servlet/trsolicitudot? HTTP/1.1" 200 7134
186.103.159.187 - - [06/Mar/2018:09:50:32 -0300] "GET /cormun/servlet/trsolicitudot? HTTP/1.1" 200 7133
186.103.159.187 - - [06/Mar/2018:09:50:34 -0300] "GET /cormun/servlet/solicitudot?INS,0,0, HTTP/1.1" 200 13387
186.103.159.187 - - [06/Mar/2018:09:50:35 -0300] "GET /cormun/servlet/solicitudot?INS,0,0, HTTP/1.1" 200 13392
186.103.159.187 - - [06/Mar/2018:09:50:59 -0300] "POST /cormun/servlet/solicitudot?gx-no-cache=1520340707551 HTTP/1.1" 200 3418
186.103.159.187 - - [06/Mar/2018:09:50:59 -0300] "POST /cormun/servlet/solicitudot?537398ab6e706b6a80e396f5e30349ef,INS,0,0,,gx-no-cache=1520340707979 HTTP/1.1" 200 10382
186.103.159.187 - - [06/Mar/2018:09:51:01 -0300] "GET /cormun/servlet/solicitudot?50ff31c530601c075214fd1de08834286ca875abd5e02ad83d6d9e29b3b4e3c8f51e0c139a64e48571bc979901e5b099,gx-no-cache=1520340710448 HTTP/1.1" 200 30
186.103.159.187 - - [06/Mar/2018:09:51:01 -0300] "GET /cormun/servlet/solicitudot?50ff31c530601c075214fd1de0883428e4b75e4e7a1fd915ddef0aace235e2c13ba999b78750e06d2ac05e09c0844cb3832a2d6aee9dba25fe8f10294344e7b6,gx-no-cache=1520340710555 HTTP/1.1" 200 30
186.103.159.187 - - [06/Mar/2018:09:51:02 -0300] "GET /cormun/servlet/solicitudot?50ff31c530601c075214fd1de08834285c32e8002dbbabe8254f157f901af6b5,gx-no-cache=1520340710624 HTTP/1.1" 200 51
186.103.159.187 - - [06/Mar/2018:09:51:02 -0300] "POST /cormun/servlet/solicitudot?gx-no-cache=1520340710720 HTTP/1.1" 200 255
186.103.159.187 - - [06/Mar/2018:09:51:02 -0300] "GET /cormun/servlet/solicitudot?50ff31c530601c075214fd1de08834288e4617ef5ac5f182c0a10921558bfc1347ae4de3722491f57ee0fee16adaa13ea2ce086791251213285fd9a46a87f28d9fe0d4a3db3db81922da497003f026815063f4d66a5d928c5f1989518b133de3735eba51279561cf25d8cc4612c01e5c895c19a04851682b4e7d92d3b9b1db45dee83963d56f8e32cdbd53703c522133188cbd58e62cdbc62f23e270d30af45a0ef7199013e811c954a1e58615776e9a0d7d477928bbecbb4c85a154d6d39d8342d809ad7b9966b7941c221d25865c5f1658872a35add70bca701848e1182563c46901eaa83a0b73370a63374ea35d862bbdaf45bb79b0e55851868115ab061694c62c335ac9e53f5d149f8e492784fb5989abbe3752fe04c33c5c6afa49f0926a9f490c8cd4f131ec598437f9de13d1583328f0be9d10255cd1345ebea1224a01c80f0d549b03dad1275fb4a4a5265f46648ab5fffc269f09d1fabf832a37fa87bdc4b337887d29a5c54454bb68eb90fcaeede0bf2677fbb443af92f59908a2,gx-no-cache=1520340710791 HTTP/1.1" 200 30
186.103.159.187 - - [06/Mar/2018:09:51:04 -0300] "POST /cormun/servlet/solicitudot?gx-no-cache=1520340713167 HTTP/1.1" 200 30
186.103.159.187 - - [06/Mar/2018:09:51:11 -0300] "POST /cormun/servlet/solicitudot?gx-no-cache=1520340719632 HTTP/1.1" 200 1338
186.103.159.187 - - [06/Mar/2018:09:51:11 -0300] "POST /cormun/servlet/solicitudot?gx-no-cache=1520340719756 HTTP/1.1" 200 38
186.103.159.187 - - [06/Mar/2018:09:53:19 -0300] "GET /cormun/servlet/solicitudot?50ff31c530601c075214fd1de0883428339c381f836125ccb2f0cfece9e99a313039ed94791207d1c206131eba610aea23825024c5a3b341d96c94323492d809ebeae7d8b1a877f905326a80406e5cb54ea5550fab3a04cb1fc3d7ba0da9bbec8010dfcf25563d63d1157e6f0d02baf96ba9681caebf5cf38cba8f7586f2537a74e1ab4c2a09b70e5fff3207cc49f30bb6972e84e44acfa09345b35c2b3f1cb7,gx-no-cache=1520340848266 HTTP/1.1" 200 29
186.103.159.187 - - [06/Mar/2018:09:53:19 -0300] "POST /cormun/servlet/solicitudot?gx-no-cache=1520340848362 HTTP/1.1" 200 1322
186.103.159.187 - - [06/Mar/2018:09:53:19 -0300] "POST /cormun/servlet/solicitudot?gx-no-cache=1520340848504 HTTP/1.1" 200 1219
186.103.159.187 - - [06/Mar/2018:09:54:00 -0300] "GET /cormun/static/menuarrow.gif HTTP/1.1" 404 1015
186.103.159.187 - - [06/Mar/2018:09:54:05 -0300] "GET /cormun/servlet/solicitudot?50ff31c530601c075214fd1de0883428ff6b37bf772f256fb5ecdef785ce26260e87e85ba2d163f5e8d7dbd4efe3aec4,gx-no-cache=1520340894393 HTTP/1.1" 200 30
186.103.159.187 - - [06/Mar/2018:09:54:13 -0300] "POST /cormun/servlet/solicitudot?gx-no-cache=1520340902240 HTTP/1.1" 200 30
186.103.159.187 - - [06/Mar/2018:09:54:29 -0300] "POST /cormun/servlet/solicitudot?537398ab6e706b6a80e396f5e30349ef,INS,0,0,,gx-no-cache=1520340918176 HTTP/1.1" 200 93
186.103.159.187 - - [06/Mar/2018:09:54:29 -0300] "GET /cormun/servlet/hpexe_return? HTTP/1.1" 200 1003
186.103.159.187 - - [06/Mar/2018:09:54:30 -0300] "GET /cormun/servlet/trsolicitudot HTTP/1.1" 200 8531
186.103.159.187 - - [06/Mar/2018:09:54:31 -0300] "GET /cormun/servlet/trsolicitudot HTTP/1.1" 200 8527
186.103.159.187 - - [06/Mar/2018:09:54:34 -0300] "GET /cormun/servlet/solicitudot?INS,0,0, HTTP/1.1" 200 13386
186.103.159.187 - - [06/Mar/2018:09:54:35 -0300] "GET /cormun/servlet/solicitudot?INS,0,0, HTTP/1.1" 200 13391
186.103.159.187 - - [06/Mar/2018:09:54:43 -0300] "POST /cormun/servlet/solicitudot?gx-no-cache=1520340932384 HTTP/1.1" 200 3293
186.103.159.187 - - [06/Mar/2018:09:54:44 -0300] "POST /cormun/servlet/solicitudot?537398ab6e706b6a80e396f5e30349ef,INS,0,0,,gx-no-cache=1520340932551 HTTP/1.1" 200 10249
186.67.164.142 - - [06/Mar/2018:09:54:51 -0300] "POST /cormun/servlet/trlicencias?7525e11b7c9132ddeb27a33894b41265,,gx-no-cache=1520340842216 HTTP/1.1" 200 8124
186.103.159.187 - - [06/Mar/2018:09:55:05 -0300] "POST /cormun/servlet/solicitudot?gx-no-cache=1520340953669 HTTP/1.1" 200 3418
186.103.159.187 - - [06/Mar/2018:09:55:05 -0300] "POST /cormun/servlet/solicitudot?537398ab6e706b6a80e396f5e30349ef,INS,0,0,,gx-no-cache=1520340954053 HTTP/1.1" 200 10430
186.103.159.187 - - [06/Mar/2018:09:55:06 -0300] "GET /cormun/servlet/solicitudot?50ff31c530601c075214fd1de08834286ca875abd5e02ad83d6d9e29b3b4e3c8f51e0c139a64e48571bc979901e5b099,gx-no-cache=1520340954664 HTTP/1.1" 200 30
186.103.159.187 - - [06/Mar/2018:09:55:12 -0300] "GET /cormun/servlet/solicitudot?50ff31c530601c075214fd1de0883428e4b75e4e7a1fd915ddef0aace235e2c13ba999b78750e06d2ac05e09c0844cb3832a2d6aee9dba25fe8f10294344e7b6,gx-no-cache=1520340960823 HTTP/1.1" 200 30
186.103.159.187 - - [06/Mar/2018:09:55:12 -0300] "GET /cormun/servlet/solicitudot?50ff31c530601c075214fd1de08834285c32e8002dbbabe8254f157f901af6b5,gx-no-cache=1520340960857 HTTP/1.1" 200 51
186.103.159.187 - - [06/Mar/2018:09:55:12 -0300] "POST /cormun/servlet/solicitudot?gx-no-cache=1520340960894 HTTP/1.1" 200 255
186.103.159.187 - - [06/Mar/2018:09:55:12 -0300] "GET /cormun/servlet/solicitudot?50ff31c530601c075214fd1de08834288e4617ef5ac5f182c0a10921558bfc1347ae4de3722491f57ee0fee16adaa13ea2ce086791251213285fd9a46a87f28d9fe0d4a3db3db81922da497003f026815063f4d66a5d928c5f1989518b133de3735eba51279561cf25d8cc4612c01e5c895c19a04851682b4e7d92d3b9b1db45dee83963d56f8e32cdbd53703c522133188cbd58e62cdbc62f23e270d30af45a0ef7199013e811c954a1e58615776e9a0d7d477928bbecbb4c85a154d6d39d8342d809ad7b9966b7941c221d25865c5f1658872a35add70bca701848e1182563c46901eaa83a0b73370a63374ea35d862bbdaf45bb79b0e55851868115ab061694c62c335ac9e53f5d149f8e492784fb5989abbe3752fe04c33c5c6afa49f0926a9f490c8cd4f131ec598437f9de13d1583328f0be9d10255cd1345ebea1224a01c80f0d549b03dad1275fb4a4a5265f46648ab5fffc269f09d1fabf832a37fa87bdc4b337887d29a5c54454bb68eb90fcaeede0bf2677fbb443af92f59908a2,gx-no-cache=1520340960943 HTTP/1.1" 200 30
186.103.159.187 - - [06/Mar/2018:09:55:14 -0300] "POST /cormun/servlet/solicitudot?gx-no-cache=1520340962770 HTTP/1.1" 200 30
186.103.159.187 - - [06/Mar/2018:09:55:17 -0300] "POST /cormun/servlet/solicitudot?gx-no-cache=1520340965894 HTTP/1.1" 200 1338
186.103.159.187 - - [06/Mar/2018:09:55:17 -0300] "POST /cormun/servlet/solicitudot?gx-no-cache=1520340966105 HTTP/1.1" 200 38
186.103.159.187 - - [06/Mar/2018:09:55:31 -0300] "GET /cormun/servlet/solicitudot?50ff31c530601c075214fd1de0883428339c381f836125ccb2f0cfece9e99a313039ed94791207d1c206131eba610aeac3d5afe0bb6b67af5fbe6b198cc3626debeae7d8b1a877f905326a80406e5cb54ea5550fab3a04cb1fc3d7ba0da9bbec8010dfcf25563d63d1157e6f0d02baf96ba9681caebf5cf38cba8f7586f2537a74e1ab4c2a09b70e5fff3207cc49f30bb6972e84e44acfa09345b35c2b3f1cb7,gx-no-cache=1520340980136 HTTP/1.1" 200 29
186.103.159.187 - - [06/Mar/2018:09:55:31 -0300] "POST /cormun/servlet/solicitudot?gx-no-cache=1520340980191 HTTP/1.1" 200 1319
186.103.159.187 - - [06/Mar/2018:09:55:31 -0300] "POST /cormun/servlet/solicitudot?gx-no-cache=1520340980297 HTTP/1.1" 200 1219
192.168.10.62 - - [06/Mar/2018:09:55:39 -0300] "GET /cormun/servlet/vesolicitudgral?2018,9871,, HTTP/1.1" 200 9069
192.168.10.62 - - [06/Mar/2018:09:55:39 -0300] "GET /cormun/static/gxcfg.js?201711151294153 HTTP/1.1" 200 953
192.168.10.62 - - [06/Mar/2018:09:55:39 -0300] "GET /cormun/pexe_scrolldiv.js HTTP/1.1" 404 1009
192.168.10.62 - - [06/Mar/2018:09:55:39 -0300] "GET /cormun/pexe_scrolldiv.js HTTP/1.1" 404 1009
192.168.10.62 - - [06/Mar/2018:09:55:39 -0300] "GET /cormun/static/vesolicitudgral.js?201711151294244 HTTP/1.1" 304 -
192.168.10.62 - - [06/Mar/2018:09:55:39 -0300] "GET /cormun/static/hwcviewtabs.js?20177611594913 HTTP/1.1" 200 1074
192.168.10.62 - - [06/Mar/2018:09:55:39 -0300] "GET /cormun/static/tbsolicitudgral01.js?201813119422078 HTTP/1.1" 200 31320
192.168.10.62 - - [06/Mar/2018:09:55:39 -0300] "GET /cormun/static/hpexe_tabsview.js?201610171694228 HTTP/1.1" 200 1661
192.168.10.62 - - [06/Mar/2018:09:55:40 -0300] "GET /cormun/servlet/vesolicitudgral?2018,9871,, HTTP/1.1" 200 9068
192.168.10.62 - - [06/Mar/2018:09:55:41 -0300] "POST /cormun/servlet/vesolicitudgral?acb6e35fbcf2996e87b827730408425c,2018,9871,,,gx-no-cache=1520340781150 HTTP/1.1" 200 115
192.168.10.62 - - [06/Mar/2018:09:55:42 -0300] "GET /cormun/servlet/solicitudotlog?INS,2018,9871,0,REC, HTTP/1.1" 200 6270
192.168.10.62 - - [06/Mar/2018:09:55:42 -0300] "GET /cormun/static/gxcfg.js?2017761245646 HTTP/1.1" 200 953
192.168.10.62 - - [06/Mar/2018:09:55:42 -0300] "GET /cormun/static/solicitudotlog.js?2017761245655 HTTP/1.1" 304 -
192.168.10.62 - - [06/Mar/2018:09:55:42 -0300] "GET /cormun/servlet/solicitudotlog?INS,2018,9871,0,REC, HTTP/1.1" 200 6265
192.168.10.62 - - [06/Mar/2018:09:55:43 -0300] "GET /cormun/servlet/solicitudotlog?c73647c4846bf3bc340d62352bdf7d5e48df25e964649bf66263f2d680fb030178d16c7c68acec3f48995bbc548e59f584ebf4487a21647ab60b1d19dd9b6c00333b170e397a65440f7868d15ded53f03d4cb2857b45a2d90f748a6db7f1089d77626a119946d74996d3f5b503e8378ba78a76d1e6895232eee73ad9a7b7c6cdb970fd36f21709393bd8d41a55bc77132b5f4268b071023541b7da573494f63d,gx-no-cache=1520340782232 HTTP/1.1" 200 94
192.168.10.62 - - [06/Mar/2018:09:55:51 -0300] "POST /cormun/servlet/solicitudotlog?acb6e35fbcf2996e87b827730408425c,INS,2018,9871,0,REC,,gx-no-cache=1520340790499 HTTP/1.1" 200 93
192.168.10.62 - - [06/Mar/2018:09:55:51 -0300] "GET /cormun/servlet/hpexe_return? HTTP/1.1" 200 1030
192.168.10.62 - - [06/Mar/2018:09:55:51 -0300] "GET /cormun/static/hpexe_return.js?2016101716175153 HTTP/1.1" 304 -
192.168.10.62 - - [06/Mar/2018:09:55:51 -0300] "GET /cormun/static/Resources/Spanish/PXTools.css?167811 HTTP/1.1" 304 -
192.168.10.62 - - [06/Mar/2018:09:55:51 -0300] "GET /cormun/static/gxcfg.js?2016101716175148 HTTP/1.1" 200 953
192.168.10.62 - - [06/Mar/2018:09:55:51 -0300] "GET /cormun/servlet/vesolicitudgral?2018,9871,, HTTP/1.1" 200 9079
192.168.10.62 - - [06/Mar/2018:09:55:51 -0300] "GET /cormun/pexe_scrolldiv.js HTTP/1.1" 404 1009
192.168.10.62 - - [06/Mar/2018:09:55:51 -0300] "GET /cormun/pexe_scrolldiv.js HTTP/1.1" 404 1009
192.168.10.62 - - [06/Mar/2018:09:55:51 -0300] "GET /cormun/servlet/vesolicitudgral?2018,9871,, HTTP/1.1" 200 9074
192.168.10.62 - - [06/Mar/2018:09:55:53 -0300] "POST /cormun/servlet/vesolicitudgral?acb6e35fbcf2996e87b827730408425c,2018,9871,,,gx-no-cache=1520340793018 HTTP/1.1" 200 93
192.168.10.62 - - [06/Mar/2018:09:55:53 -0300] "GET /cormun/servlet/hpexe_return? HTTP/1.1" 200 1015
192.168.10.62 - - [06/Mar/2018:09:55:54 -0300] "GET /cormun/servlet/trsolicitudgral? HTTP/1.1" 200 17996
192.168.10.62 - - [06/Mar/2018:09:55:54 -0300] "GET /cormun/servlet/trsolicitudgral? HTTP/1.1" 200 17991
192.168.10.62 - - [06/Mar/2018:09:56:50 -0300] "GET /cormun/servlet/vesolicitudgral?2018,8542,, HTTP/1.1" 200 9078
192.168.10.62 - - [06/Mar/2018:09:56:50 -0300] "GET /cormun/pexe_scrolldiv.js HTTP/1.1" 404 1009
192.168.10.62 - - [06/Mar/2018:09:56:50 -0300] "GET /cormun/pexe_scrolldiv.js HTTP/1.1" 404 1009
192.168.10.62 - - [06/Mar/2018:09:56:51 -0300] "GET /cormun/servlet/vesolicitudgral?2018,8542,, HTTP/1.1" 200 9077
192.168.10.62 - - [06/Mar/2018:09:56:52 -0300] "POST /cormun/servlet/vesolicitudgral?acb6e35fbcf2996e87b827730408425c,2018,8542,,,gx-no-cache=1520340851670 HTTP/1.1" 200 107
192.168.10.62 - - [06/Mar/2018:09:56:52 -0300] "GET /cormun/servlet/solicitudgral?UPD,2018,8542, HTTP/1.1" 200 12944
192.168.10.62 - - [06/Mar/2018:09:56:52 -0300] "GET /cormun/static/gxcfg.js?20181911354237 HTTP/1.1" 200 953
192.168.10.62 - - [06/Mar/2018:09:56:52 -0300] "GET /cormun/static/solicitudgral.js?20181911354326 HTTP/1.1" 304 -
192.168.10.62 - - [06/Mar/2018:09:56:53 -0300] "GET /cormun/servlet/solicitudgral?UPD,2018,8542, HTTP/1.1" 200 12944
192.168.10.62 - - [06/Mar/2018:09:56:53 -0300] "POST /cormun/servlet/solicitudgral?gx-no-cache=1520340852788 HTTP/1.1" 200 3926
192.168.10.62 - - [06/Mar/2018:09:56:53 -0300] "GET /cormun/servlet/solicitudgral?c73647c4846bf3bc340d62352bdf7d5e1443e3c9c5809e5cc6da887e220c760f3fa5d5e4b1eb970df2d9b3e909467c24859576af192773922e6c0972558464d2dfc54e9a69c97e6f6764c638fc0ea44a7edfc0fb8115c3c65a924be82058c842aa8ff926a9c1469c3ed564c8e95732a108fa2a0af4438a5341714ce1f6697c7c688e2802068a0204651b98aa66b10b7f671a347cc58908e640ecb0882c96ff1ac3641a042eb7d91dae2112edcb44d375ef0b0f7edd2427e16d839b12fcbf53a3eb0a61ce3c9c0d00cf4720116f839776a98501ca2da123a773409f58e60addb089eef6ddc8250cecaf5a832841aa486178d16c7c68acec3f48995bbc548e59f5cf121b339241948eaa347cfe7a0caffe44c7228994e382b2f2a4c482f729704679bd3cb2535f70e2ca1584d36864490b9dc3458ddfdee575be061ebe74a36199b0dd24f1efb200e89fccda18eef2d7e8,gx-no-cache=1520340852927 HTTP/1.1" 200 256
192.168.10.62 - - [06/Mar/2018:09:56:53 -0300] "GET /cormun/servlet/solicitudgral?c73647c4846bf3bc340d62352bdf7d5e30a26038cf5d71f42e9bb24b5bdf103d114e0969aab8295cb6911e27240c6de16c7eb9df276c6f94bd9a57f01462083f3e551208559647910d09fb58a6f838e253ff40aa3cd11e554f895d140e7c0263ae48cde2a1b02aa454e9279113bee7f17389aeae892ab84294f4ab51229253254360c3ace558e9a04a1f5c3319d756f290fccae9b18e779c1eb653a9655c044ac00eaf4f53e89c41e3a3a6640db0656ede29338f0b54ea0f309b5345641794acab2fc428e9f7957a0a885decff8bb984b0dde56683a376cd735f40082af9e70c3bd6b21b93937ee5c05dafc55b806a54939a2d34c3bfeb6a74465a54379c29d58bd4e8fe301f31b97773e78b12451f4300c99cda1f5a75b2d0555c6d9b2ceeed5da55009de6aa0ef53e1cb1aa446e706e8f05dea5714c1a48450f07af2c36712eb2f0a714898e43fa53e8414e20fee016fa1279c1c93e02645f6998c538d1aaa20c6486d8dcd15506c9f6c73a12208964400bd4bba382cdd56ac83d74240b4f233789aacf7fce8e1dada6e9827626f63e6858d3a29d5bf8e2b3817022eb6ff19f289aea8bd2400ba30d47f30438a6571,gx-no-cache=1520340853040 HTTP/1.1" 200 48
192.168.10.62 - - [06/Mar/2018:09:56:55 -0300] "POST /cormun/servlet/solicitudgral?acb6e35fbcf2996e87b827730408425c,UPD,2018,8542,,gx-no-cache=1520340854932 HTTP/1.1" 200 93
192.168.10.62 - - [06/Mar/2018:09:56:55 -0300] "GET /cormun/servlet/hpexe_return? HTTP/1.1" 200 1021
192.168.10.62 - - [06/Mar/2018:09:56:55 -0300] "GET /cormun/servlet/vesolicitudgral?2018,8542,, HTTP/1.1" 200 9068
192.168.10.62 - - [06/Mar/2018:09:56:56 -0300] "GET /cormun/pexe_scrolldiv.js HTTP/1.1" 404 1009
192.168.10.62 - - [06/Mar/2018:09:56:56 -0300] "GET /cormun/pexe_scrolldiv.js HTTP/1.1" 404 1009
192.168.10.62 - - [06/Mar/2018:09:56:56 -0300] "GET /cormun/servlet/vesolicitudgral?2018,8542,, HTTP/1.1" 200 9065
