192.168.10.50 - - [06/Mar/2018:15:05:26 -0300] "GET /cormun/servlet/solicitudgral?29154a5a58640514b151c32f4b92f5250a7f91f1657e2b7fb47272e217db09aae6de4c36cb9ab45d8ea80837eb40961386ab9255795be7fdb7ed982e5b62ee8b7b17e8df8ee17f26b0c6fe3c75d903e81e56d60df59c95a96a4892b4af71dfcd46aa73637d5e38150d335c11377149d4e6f2686329ca1e51e1b9ead1073a40cfd723ad88d645841e40c956873702fee592f20ea3a9a9b8d2d5452dbd8341054912f6ac1c8d9867f6cdfb874fb057ee21420351b456c27bb231829f28cc12ee2e78076dd449d8359ab9087fb7172be53ec6699c3ac3bccb9d912e4a079f54357a58aa819ce6c32aad5b0cb9fa01101367d5a74a540cfbbc41459a2b691ff0bef65b2a81327e01d6cb74e47b86d98a4c48ef52ce7c906c3a7b4a6757af92e9fb1cfa31542a8d62bfedb32b707aadd2c487b7f0e9d90e5885dcb0a95efc83680c8eedc583daed4cae25a840b34bc8ab0ee87ed121282037b70e8f08cc86413282449e55e688f9758ba79c1852863cb242397d57f192137a672edb61a449383ec57074d029de87616792c5b5e1f12ec21b48206b4a04d2188210064450ad5b54af55f7342ceb6229a2dcf4a43409ad1c710f,gx-no-cache=1520359365679 HTTP/1.1" 200 48
186.103.158.250 - - [06/Mar/2018:15:05:29 -0300] "GET /cormun/servlet/solicitudot?c05c57fc898dc32e89ec4ea6100f6a220a35a835fac89935f7ee165592001cd718a12f48dab5f1e18ed263ba9c0db9442b96f66ec6e8873fe80ddd859ef50c8802b429c0ad9f454212ab741522c90ab3,gx-no-cache=1520359479690 HTTP/1.1" 200 30
186.103.157.39 - - [06/Mar/2018:15:05:29 -0300] "POST /cormun/servlet/solicitudot?gx-no-cache=1520359480911 HTTP/1.1" 200 30
186.103.158.250 - - [06/Mar/2018:15:05:29 -0300] "GET /cormun/servlet/solicitudot?c05c57fc898dc32e89ec4ea6100f6a22220d4eba2f73381c2e3a8cd885ce2395,gx-no-cache=1520359479732 HTTP/1.1" 200 53
186.103.158.250 - - [06/Mar/2018:15:05:29 -0300] "POST /cormun/servlet/solicitudot?gx-no-cache=1520359479818 HTTP/1.1" 200 255
186.103.158.250 - - [06/Mar/2018:15:05:29 -0300] "GET /cormun/servlet/solicitudot?c05c57fc898dc32e89ec4ea6100f6a2206d0bad22ad99afb24fa40367a3e4110b42df3b0841ae14315bd21f1ac5d44a9688302fcf092bf9c8cd63f2497b4e55cd4c5e475c42c693d08088d5f19bf5bb7a419b88a49561616ed943f5bb2654c96568bec33b6a3149a9796f419b4b726c882a3d3170c8436a3e41ef67e80f7dd91d7a47ea3007ec8d5a9024429fa5ae7933eeca844661097344b8f319a625f42e871a12c15029bcb6dc8cb012d0e69c964a93705f66a87a1e7ea13519492b6741a3358ed71584d5978130192c6775bd3faa4a42fa8cc39b98b1cc985fb716dadc64a039b82204a2f3e6d598e8cc8a03f1b8eb9b967d53e4bb93dd806a8cf0a4d93c464e53ceaa73a394ed62a5e3e57997378173eb2a3f87ca80181f17661aad2d4c41eb0b6aec08f12d192ecb58dd2ea4ac6bd6aa4c00699ecf46accdf39a7e2740f089224047c905c6aafe0b91ce0cac83399cbe7412e521304a8ebf50b36a4cbde69696de94ca87b4b7f5cdabffd620a4264d887077c408051421c2f97a5ae36,gx-no-cache=1520359479905 HTTP/1.1" 200 30
186.103.157.39 - - [06/Mar/2018:15:05:31 -0300] "GET /cormun/servlet/prsolicitudot?15790112,,,,,MD,,gxPopupLevel%3D0%3B HTTP/1.1" 200 5974
186.103.158.250 - - [06/Mar/2018:15:05:34 -0300] "POST /cormun/servlet/solicitudot?gx-no-cache=1520359485026 HTTP/1.1" 200 30
200.111.191.210 - - [06/Mar/2018:15:05:35 -0300] "POST /cormun/servlet/hlogin?c14d38b84d1cb6f80ed53709bc7e55dc,gx-no-cache=1520359486702 HTTP/1.1" 200 90
200.111.191.210 - - [06/Mar/2018:15:05:35 -0300] "GET /cormun/servlet/hpexe_link HTTP/1.1" 200 947
200.111.191.210 - - [06/Mar/2018:15:05:35 -0300] "GET /cormun/servlet/hhome HTTP/1.1" 200 4189
200.111.191.210 - - [06/Mar/2018:15:05:35 -0300] "GET /cormun/servlet/hhome HTTP/1.1" 200 4185
186.103.161.206 - - [06/Mar/2018:15:05:36 -0300] "POST /cormun/servlet/trautorizarsolicitud?8e1b7b1642a3da04ba2f8776585ab584,,gx-no-cache=1520359486959 HTTP/1.1" 200 18081
186.103.158.250 - - [06/Mar/2018:15:05:36 -0300] "GET /cormun/servlet/prcontratosol?13370365,,,,,MD,,gxPopupLevel%3D0%3B HTTP/1.1" 200 9604
200.111.191.210 - - [06/Mar/2018:15:05:39 -0300] "GET /cormun/servlet/trautorizarsolicitud? HTTP/1.1" 200 8660
200.111.191.210 - - [06/Mar/2018:15:05:39 -0300] "GET /cormun/servlet/trautorizarsolicitud? HTTP/1.1" 200 8658
192.168.10.50 - - [06/Mar/2018:15:05:41 -0300] "POST /cormun/servlet/solicitudgral?b660f47718f9e982bb3d01abbc2eba5e,UPD,2018,8304,,gx-no-cache=1520359380722 HTTP/1.1" 200 11818
192.168.10.50 - - [06/Mar/2018:15:05:46 -0300] "GET /cormun/servlet/solicitudgral?29154a5a58640514b151c32f4b92f52541ab0f06f9032a161ab2ace5cebef19107a77a477c0df1a2d921da9386876f3e3032af0cd801ce6f8e7bbada91d83aa98f969178ad1ec97e462e3b424c936040c183a668341fa946c44e7a9739c69e942fd43c2b04670a9f61173af3c9b75158b3bedf8308e41471234d1686d3a6112e8aa2ab292aa5f3797591d7d2a595e7798dcb28a8c9f16e295cbbfc2242556564,gx-no-cache=1520359386077 HTTP/1.1" 200 29
192.168.10.50 - - [06/Mar/2018:15:05:46 -0300] "POST /cormun/servlet/solicitudgral?gx-no-cache=1520359386092 HTTP/1.1" 200 1295
192.168.10.50 - - [06/Mar/2018:15:05:46 -0300] "POST /cormun/servlet/solicitudgral?gx-no-cache=1520359386120 HTTP/1.1" 200 1218
192.168.10.50 - - [06/Mar/2018:15:05:47 -0300] "POST /cormun/servlet/solicitudgral?b660f47718f9e982bb3d01abbc2eba5e,UPD,2018,8304,,gx-no-cache=1520359386149 HTTP/1.1" 200 93
192.168.10.50 - - [06/Mar/2018:15:05:47 -0300] "GET /cormun/servlet/hpexe_return? HTTP/1.1" 200 1011
192.168.10.50 - - [06/Mar/2018:15:05:47 -0300] "GET /cormun/servlet/trsolicitudgral? HTTP/1.1" 200 11027
192.168.10.50 - - [06/Mar/2018:15:05:47 -0300] "GET /cormun/servlet/trsolicitudgral? HTTP/1.1" 200 11023
192.168.10.50 - - [06/Mar/2018:15:05:52 -0300] "POST /cormun/servlet/trsolicitudgral?b660f47718f9e982bb3d01abbc2eba5e,,gx-no-cache=1520359391204 HTTP/1.1" 200 115
192.168.10.50 - - [06/Mar/2018:15:05:52 -0300] "GET /cormun/servlet/solicitudotlog?INS,2018,8305,0,REC, HTTP/1.1" 200 6267
192.168.10.50 - - [06/Mar/2018:15:05:52 -0300] "GET /cormun/servlet/solicitudotlog?INS,2018,8305,0,REC, HTTP/1.1" 200 6267
192.168.10.50 - - [06/Mar/2018:15:05:52 -0300] "GET /cormun/servlet/solicitudotlog?29154a5a58640514b151c32f4b92f525f6efaa150536572aeb8f4b78687e5dcbe737bb7c71355d8889d5d32674464e359eb54781711e1805de0d2c168a0f22828a905f1a5ed92c48aa6f27c454ce20eeeed8b5d977c36ba41d41f16768ca322e14efe07230f0d07d909e665f48d47f4df746d34c57888bec755b46be416d4d7f46abc1e52aec165e464ea353461685831a1d2f4f7754e8438df15226cedffbc2,gx-no-cache=1520359391994 HTTP/1.1" 200 94
200.111.191.210 - - [06/Mar/2018:15:05:54 -0300] "GET /cormun/servlet/veautorizarsolicitud?2018,10108,, HTTP/1.1" 200 8626
200.111.191.210 - - [06/Mar/2018:15:05:54 -0300] "GET /cormun/static/gxcfg.js?2017111423404691 HTTP/1.1" 200 953
200.111.191.210 - - [06/Mar/2018:15:05:54 -0300] "GET /cormun/pexe_scrolldiv.js HTTP/1.1" 404 1009
200.111.191.210 - - [06/Mar/2018:15:05:54 -0300] "GET /cormun/static/veautorizarsolicitud.js?2017111423404756 HTTP/1.1" 200 6140
200.111.191.210 - - [06/Mar/2018:15:05:54 -0300] "GET /cormun/static/hpexe_tabsview.js?201610171694228 HTTP/1.1" 200 1661
200.111.191.210 - - [06/Mar/2018:15:05:54 -0300] "GET /cormun/static/Resources/PXToolsTabFirstSelected.png HTTP/1.1" 200 1259
200.111.191.210 - - [06/Mar/2018:15:05:54 -0300] "GET /cormun/static/Resources/PXToolsTabLastUnselected.png HTTP/1.1" 200 1291
200.111.191.210 - - [06/Mar/2018:15:05:54 -0300] "GET /cormun/static/Resources/PXToolsTabPrevious.gif HTTP/1.1" 200 172
200.111.191.210 - - [06/Mar/2018:15:05:54 -0300] "GET /cormun/static/hwcviewtabs.js?20177611594913 HTTP/1.1" 200 1074
200.111.191.210 - - [06/Mar/2018:15:05:54 -0300] "GET /cormun/static/tbautorizarsolicitud01.js?2017111423392092 HTTP/1.1" 200 30580
200.111.191.210 - - [06/Mar/2018:15:05:54 -0300] "GET /cormun/static/Resources/PXToolsTabNext.gif HTTP/1.1" 200 168
200.111.191.210 - - [06/Mar/2018:15:05:54 -0300] "GET /cormun/static/calendar-system.css HTTP/1.1" 200 5572
200.111.191.210 - - [06/Mar/2018:15:05:55 -0300] "GET /cormun/static/Resources/PXToolsTabSelectedUnselected.png HTTP/1.1" 200 1428
200.111.191.210 - - [06/Mar/2018:15:05:55 -0300] "GET /cormun/static/Resources/PXToolsTabBackSelected.png HTTP/1.1" 200 1157
200.111.191.210 - - [06/Mar/2018:15:05:55 -0300] "GET /cormun/static/Resources/PXToolsTabUnselectedUnselected.png HTTP/1.1" 200 1459
200.111.191.210 - - [06/Mar/2018:15:05:55 -0300] "GET /cormun/static/Resources/PXToolsTabBackUnselected.png HTTP/1.1" 200 1175
200.111.191.210 - - [06/Mar/2018:15:05:55 -0300] "GET /cormun/servlet/veautorizarsolicitud?2018,10108,, HTTP/1.1" 200 8625
200.111.191.210 - - [06/Mar/2018:15:05:59 -0300] "GET /cormun/servlet/trautorizarsolicitud? HTTP/1.1" 200 8660
200.111.191.210 - - [06/Mar/2018:15:05:59 -0300] "GET /cormun/servlet/trautorizarsolicitud? HTTP/1.1" 200 8658
186.103.158.250 - - [06/Mar/2018:15:06:01 -0300] "POST /cormun/servlet/solicitudot?gx-no-cache=1520359511642 HTTP/1.1" 200 1337
200.111.191.210 - - [06/Mar/2018:15:06:01 -0300] "POST /cormun/servlet/trautorizarsolicitud?c14d38b84d1cb6f80ed53709bc7e55dc,,gx-no-cache=1520359512838 HTTP/1.1" 200 4595
186.103.158.250 - - [06/Mar/2018:15:06:01 -0300] "POST /cormun/servlet/solicitudot?gx-no-cache=1520359511838 HTTP/1.1" 200 38
200.111.191.210 - - [06/Mar/2018:15:06:01 -0300] "GET /cormun/static/Shared/jqueryui/images/ui-bg_highlight-soft_100_c6c2c8_1x100.png HTTP/1.1" 404 1117
200.111.191.210 - - [06/Mar/2018:15:06:01 -0300] "GET /cormun/static/Shared/jqueryui/images/ui-icons_8d78a5_256x240.png HTTP/1.1" 404 1089
186.103.158.250 - - [06/Mar/2018:15:06:01 -0300] "GET /cormun/servlet/solicitudot?c05c57fc898dc32e89ec4ea6100f6a22370a01fd331fec8b724cac3a907de3d0fb8d4546cfef7674faa301d53846032835c46a44a06eab465a85e186d167a067aebebbdd5a8b418a6d33f7304ba9a3f0e2c53ee99040ef2ea00b1e1f7395b3a4473f9d6ba9466a46375559c56b167270eb1df3f0b54e4736678b5aee9930b67325f4a656f9e05350102b006e1e571cae497a17f010f573d3a42ddb8aed43b241,gx-no-cache=1520359511970 HTTP/1.1" 200 29
200.111.191.210 - - [06/Mar/2018:15:06:01 -0300] "GET /cormun/static/Shared/jqueryui/images/ui-icons_82798d_256x240.png HTTP/1.1" 404 1089
186.103.158.250 - - [06/Mar/2018:15:06:02 -0300] "POST /cormun/servlet/solicitudot?gx-no-cache=1520359512082 HTTP/1.1" 200 1319
200.111.191.210 - - [06/Mar/2018:15:06:02 -0300] "GET /cormun/static/Shared/jqueryui/images/ui-bg_flat_55_fafafa_40x100.png HTTP/1.1" 404 1097
200.111.191.210 - - [06/Mar/2018:15:06:02 -0300] "POST /cormun/servlet/trautorizarsolicitud?c14d38b84d1cb6f80ed53709bc7e55dc,,gx-no-cache=1520359513061 HTTP/1.1" 200 4372
186.103.158.250 - - [06/Mar/2018:15:06:02 -0300] "POST /cormun/servlet/solicitudot?gx-no-cache=1520359512527 HTTP/1.1" 200 1218
186.103.158.250 - - [06/Mar/2018:15:06:02 -0300] "GET /cormun/servlet/solicitudot?c05c57fc898dc32e89ec4ea6100f6a224118faabbe52dfe08d7ac4ea95b2fad5,gx-no-cache=1520359512649 HTTP/1.1" 200 30
200.111.191.210 - - [06/Mar/2018:15:06:04 -0300] "GET /cormun/servlet/trcontratounov2? HTTP/1.1" 200 17724
200.111.191.210 - - [06/Mar/2018:15:06:04 -0300] "GET /cormun/static/gxcfg.js?201752512124396 HTTP/1.1" 200 953
200.111.191.210 - - [06/Mar/2018:15:06:04 -0300] "GET /cormun/static/Resources/PXToolsAddSelectedAction.png HTTP/1.1" 200 3660
200.111.191.210 - - [06/Mar/2018:15:06:04 -0300] "GET /cormun/static/trcontratounov2.js?201752512125146 HTTP/1.1" 200 38486
200.111.191.210 - - [06/Mar/2018:15:06:05 -0300] "GET /cormun/servlet/trcontratounov2? HTTP/1.1" 200 17729
186.79.46.2 - - [06/Mar/2018:15:06:06 -0300] "GET /cormun/servlet/hlogin HTTP/1.1" 200 1779
186.79.46.2 - - [06/Mar/2018:15:06:08 -0300] "GET /cormun/static/gxtimezone.js?85251 HTTP/1.1" 200 5781
186.79.46.2 - - [06/Mar/2018:15:06:10 -0300] "GET /cormun/static/gxhtmlSD.js?85251 HTTP/1.1" 200 50424
186.79.46.2 - - [06/Mar/2018:15:06:10 -0300] "GET /cormun/static/Resources/Spanish/PXTools.css?11423723 HTTP/1.1" 200 89042
186.79.46.2 - - [06/Mar/2018:15:06:12 -0300] "GET /cormun/static/gxfxSD.js?85251 HTTP/1.1" 200 15384
186.79.46.2 - - [06/Mar/2018:15:06:12 -0300] "GET /cormun/static/gxpopupSD.js?85251 HTTP/1.1" 200 22377
186.79.46.2 - - [06/Mar/2018:15:06:13 -0300] "GET /cormun/static/gxtypesSD.js?85251 HTTP/1.1" 200 24551
186.79.46.2 - - [06/Mar/2018:15:06:13 -0300] "GET /cormun/static/gxapiSD.js?85251 HTTP/1.1" 200 78773
186.79.46.2 - - [06/Mar/2018:15:06:13 -0300] "GET /cormun/static/gxgridSD.js?85251 HTTP/1.1" 200 50735
186.103.158.250 - - [06/Mar/2018:15:06:14 -0300] "POST /cormun/servlet/solicitudot?gx-no-cache=1520359524926 HTTP/1.1" 200 1337
186.79.46.2 - - [06/Mar/2018:15:06:14 -0300] "GET /cormun/static/gxfrmutlSD.js?85251 HTTP/1.1" 200 89044
186.103.158.250 - - [06/Mar/2018:15:06:14 -0300] "POST /cormun/servlet/solicitudot?gx-no-cache=1520359525067 HTTP/1.1" 200 38
186.79.46.2 - - [06/Mar/2018:15:06:14 -0300] "GET /cormun/static/JavaScripTableSD.js?85251 HTTP/1.1" 200 25100
186.79.46.2 - - [06/Mar/2018:15:06:15 -0300] "GET /cormun/static/rijndaelSD.js?85251 HTTP/1.1" 200 6763
200.111.191.210 - - [06/Mar/2018:15:06:15 -0300] "GET /cormun/servlet/hlogin HTTP/1.1" 200 1735
186.79.46.2 - - [06/Mar/2018:15:06:15 -0300] "GET /cormun/static/gxgralSD.js?85251 HTTP/1.1" 200 20927
186.79.46.2 - - [06/Mar/2018:15:06:15 -0300] "GET /cormun/static/gxcfg.js?85251 HTTP/1.1" 200 953
186.79.46.2 - - [06/Mar/2018:15:06:15 -0300] "GET /cormun/static/Resources/ComunLogin.png HTTP/1.1" 200 17326
186.79.46.2 - - [06/Mar/2018:15:06:16 -0300] "GET /cormun/static/Resources/PXToolsLoginTop.png HTTP/1.1" 200 1337
186.79.46.2 - - [06/Mar/2018:15:06:16 -0300] "GET /cormun/static/messages.spa.js?85251 HTTP/1.1" 200 30736
186.79.46.2 - - [06/Mar/2018:15:06:16 -0300] "GET /cormun/static/Resources/PXToolsLoginBackground.png HTTP/1.1" 200 1164
186.79.46.2 - - [06/Mar/2018:15:06:16 -0300] "GET /cormun/static/Resources/PXToolsButtonLeft21.png HTTP/1.1" 200 1287
186.79.46.2 - - [06/Mar/2018:15:06:16 -0300] "GET /cormun/static/hlogin.js?20175251213537 HTTP/1.1" 200 2136
186.79.46.2 - - [06/Mar/2018:15:06:16 -0300] "GET /cormun/static/Resources/PXToolsButtonRight21.png HTTP/1.1" 200 1283
186.79.46.2 - - [06/Mar/2018:15:06:17 -0300] "GET /cormun/static/Resources/PXToolsButtonBackground2.png HTTP/1.1" 200 1181
186.79.46.2 - - [06/Mar/2018:15:06:17 -0300] "GET /cormun/static/Resources/PXToolsLoginBottom.png HTTP/1.1" 200 1389
186.79.46.2 - - [06/Mar/2018:15:06:17 -0300] "GET /cormun/static/Resources/indicator.gif HTTP/1.1" 200 1553
186.79.46.2 - - [06/Mar/2018:15:06:17 -0300] "GET /cormun/servlet/hlogin HTTP/1.1" 200 1783
186.79.46.2 - - [06/Mar/2018:15:06:18 -0300] "GET /cormun/static/Resources/indicator.gif HTTP/1.1" 200 1553
186.79.46.2 - - [06/Mar/2018:15:06:18 -0300] "GET /cormun/static/Resources/PXToolsButtonBackground2.png HTTP/1.1" 200 1181
186.79.46.2 - - [06/Mar/2018:15:06:18 -0300] "GET /cormun/static/Resources/PXToolsLoginBottom.png HTTP/1.1" 200 1389
200.111.191.210 - - [06/Mar/2018:15:06:21 -0300] "POST /cormun/servlet/hlogin?c14d38b84d1cb6f80ed53709bc7e55dc,gx-no-cache=1520359533294 HTTP/1.1" 200 90
200.111.191.210 - - [06/Mar/2018:15:06:21 -0300] "GET /cormun/servlet/hpexe_link HTTP/1.1" 200 947
200.111.191.210 - - [06/Mar/2018:15:06:22 -0300] "GET /cormun/servlet/hhome HTTP/1.1" 200 3955
200.111.191.210 - - [06/Mar/2018:15:06:22 -0300] "GET /cormun/servlet/hhome HTTP/1.1" 200 3951
186.103.158.250 - - [06/Mar/2018:15:06:24 -0300] "POST /cormun/servlet/solicitudot?gx-no-cache=1520359534828 HTTP/1.1" 200 1319
186.103.158.250 - - [06/Mar/2018:15:06:24 -0300] "POST /cormun/servlet/solicitudot?gx-no-cache=1520359534934 HTTP/1.1" 200 1218
200.111.191.210 - - [06/Mar/2018:15:06:25 -0300] "GET /cormun/servlet/trsolicitudot? HTTP/1.1" 200 9327
200.111.191.210 - - [06/Mar/2018:15:06:25 -0300] "GET /cormun/servlet/trsolicitudot? HTTP/1.1" 200 9325
200.111.191.210 - - [06/Mar/2018:15:06:34 -0300] "POST /cormun/servlet/trsolicitudot?c14d38b84d1cb6f80ed53709bc7e55dc,,gx-no-cache=1520359545625 HTTP/1.1" 200 6094
200.111.191.210 - - [06/Mar/2018:15:06:34 -0300] "GET /cormun/static/Shared/jqueryui/images/ui-bg_highlight-soft_100_c6c2c8_1x100.png HTTP/1.1" 404 1117
200.111.191.210 - - [06/Mar/2018:15:06:34 -0300] "GET /cormun/static/Shared/jqueryui/images/ui-icons_8d78a5_256x240.png HTTP/1.1" 404 1089
200.111.191.210 - - [06/Mar/2018:15:06:34 -0300] "GET /cormun/static/Shared/jqueryui/images/ui-icons_82798d_256x240.png HTTP/1.1" 404 1089
200.111.191.210 - - [06/Mar/2018:15:06:34 -0300] "GET /cormun/static/Shared/jqueryui/images/ui-bg_flat_55_fafafa_40x100.png HTTP/1.1" 404 1097
200.111.191.210 - - [06/Mar/2018:15:06:34 -0300] "POST /cormun/servlet/trsolicitudot?c14d38b84d1cb6f80ed53709bc7e55dc,,gx-no-cache=1520359545876 HTTP/1.1" 200 6036
200.111.191.210 - - [06/Mar/2018:15:06:35 -0300] "POST /cormun/servlet/trsolicitudot?c14d38b84d1cb6f80ed53709bc7e55dc,,gx-no-cache=1520359546906 HTTP/1.1" 200 5674
200.111.191.210 - - [06/Mar/2018:15:06:36 -0300] "POST /cormun/servlet/trsolicitudot?c14d38b84d1cb6f80ed53709bc7e55dc,,gx-no-cache=1520359547111 HTTP/1.1" 200 5615
200.111.191.210 - - [06/Mar/2018:15:06:38 -0300] "POST /cormun/servlet/trsolicitudot?c14d38b84d1cb6f80ed53709bc7e55dc,,gx-no-cache=1520359549910 HTTP/1.1" 200 4430
200.111.191.210 - - [06/Mar/2018:15:06:38 -0300] "POST /cormun/servlet/trsolicitudot?c14d38b84d1cb6f80ed53709bc7e55dc,,gx-no-cache=1520359550063 HTTP/1.1" 200 4248
200.111.191.210 - - [06/Mar/2018:15:06:41 -0300] "GET /cormun/servlet/trlicencias? HTTP/1.1" 200 8748
200.111.191.210 - - [06/Mar/2018:15:06:41 -0300] "GET /cormun/servlet/trlicencias? HTTP/1.1" 200 8747
200.111.191.210 - - [06/Mar/2018:15:06:42 -0300] "GET /cormun/servlet/hlogin HTTP/1.1" 200 1733
186.79.46.2 - - [06/Mar/2018:15:06:43 -0300] "POST /cormun/servlet/hlogin?a83331044b93368d07c7ce810af93362,gx-no-cache=1520359553805 HTTP/1.1" 200 90
186.79.46.2 - - [06/Mar/2018:15:06:43 -0300] "GET /cormun/servlet/hpexe_link HTTP/1.1" 200 1007
186.79.46.2 - - [06/Mar/2018:15:06:44 -0300] "GET /cormun/static/hpexe_link.js?20177612121795 HTTP/1.1" 200 625
186.79.46.2 - - [06/Mar/2018:15:06:44 -0300] "GET /cormun/static/Resources/Spanish/PXTools.css?1155365 HTTP/1.1" 200 89042
186.79.46.2 - - [06/Mar/2018:15:06:47 -0300] "GET /cormun/servlet/hhome HTTP/1.1" 200 4307
186.79.46.2 - - [06/Mar/2018:15:06:47 -0300] "GET /cormun/static/Shared/jqueryui/jquery-ui.min.css?1245370 HTTP/1.1" 200 30288
186.79.46.2 - - [06/Mar/2018:15:06:47 -0300] "GET /cormun/static/SmoothNavMenu/resources/ddsmoothmenu.css?1012540 HTTP/1.1" 200 2223
200.111.191.210 - - [06/Mar/2018:15:06:47 -0300] "POST /cormun/servlet/hlogin?c14d38b84d1cb6f80ed53709bc7e55dc,gx-no-cache=1520359559166 HTTP/1.1" 200 90
200.111.191.210 - - [06/Mar/2018:15:06:47 -0300] "GET /cormun/servlet/hpexe_link HTTP/1.1" 200 947
200.111.191.210 - - [06/Mar/2018:15:06:47 -0300] "GET /cormun/servlet/hhome HTTP/1.1" 200 4189
186.79.46.2 - - [06/Mar/2018:15:06:47 -0300] "GET /cormun/static/PXToolsJavascripts/pexe_autoreload.js HTTP/1.1" 200 1762
186.79.46.2 - - [06/Mar/2018:15:06:47 -0300] "GET /cormun/static/PXToolsJavascripts/pexe_cookies.js HTTP/1.1" 200 792
186.79.46.2 - - [06/Mar/2018:15:06:47 -0300] "GET /cormun/static/SmoothNavMenu/resources/ddsmoothmenu-v.css?1012540 HTTP/1.1" 200 1188
186.79.46.2 - - [06/Mar/2018:15:06:48 -0300] "GET /cormun/static/scaMessage/css/jquery.pnotify.default.css?1716380 HTTP/1.1" 200 1707
200.111.191.210 - - [06/Mar/2018:15:06:48 -0300] "GET /cormun/servlet/hhome HTTP/1.1" 200 4185
186.79.46.2 - - [06/Mar/2018:15:06:48 -0300] "GET /cormun/static/PXToolsJavascripts/pexe_windows.js HTTP/1.1" 200 15207
186.79.46.2 - - [06/Mar/2018:15:06:48 -0300] "GET /cormun/static/PXToolsJavascripts/pexe_grid.js HTTP/1.1" 200 7559
186.79.46.2 - - [06/Mar/2018:15:06:48 -0300] "GET /cormun/static/PXToolsJavascripts/pexe_griddivfix.js HTTP/1.1" 200 6644
186.103.158.250 - - [06/Mar/2018:15:06:48 -0300] "GET /cormun/static/menuarrow.gif HTTP/1.1" 404 1015
186.79.46.2 - - [06/Mar/2018:15:06:48 -0300] "GET /cormun/static/PXToolsJavascripts/pexe_link.js HTTP/1.1" 200 5671
186.79.46.2 - - [06/Mar/2018:15:06:48 -0300] "GET /cormun/static/PXToolsJavascripts/pexe_menudivfix.js HTTP/1.1" 200 333
186.79.46.2 - - [06/Mar/2018:15:06:49 -0300] "GET /cormun/static/PXToolsJavascripts/pexe_menus.js HTTP/1.1" 200 1286
186.79.46.2 - - [06/Mar/2018:15:06:49 -0300] "GET /cormun/static/PXToolsJavascripts/pexe_layers.js HTTP/1.1" 200 4114
186.79.46.2 - - [06/Mar/2018:15:06:49 -0300] "GET /cormun/static/PXToolsJavascripts/pexe_oav.js HTTP/1.1" 200 645
186.79.46.2 - - [06/Mar/2018:15:06:49 -0300] "GET /cormun/static/PXToolsJavascripts/pexe_scrolldiv.js HTTP/1.1" 200 4138
186.79.46.2 - - [06/Mar/2018:15:06:49 -0300] "GET /cormun/static/PXToolsJavascripts/pexe_tabdivfix.js HTTP/1.1" 200 876
186.79.46.2 - - [06/Mar/2018:15:06:49 -0300] "GET /cormun/static/PXToolsJavascripts/pexe_tabs.js HTTP/1.1" 200 3748
186.79.46.2 - - [06/Mar/2018:15:06:50 -0300] "GET /cormun/static/PXToolsJavascripts/pexe_upload.js HTTP/1.1" 200 1423
186.79.46.2 - - [06/Mar/2018:15:06:50 -0300] "GET /cormun/static/PXToolsJavascripts/pexe_oavdivfix.js HTTP/1.1" 200 639
186.79.46.2 - - [06/Mar/2018:15:06:50 -0300] "GET /cormun/static/PXToolsJavascripts/PXToolsJavascriptsRender.js HTTP/1.1" 200 367
186.79.46.2 - - [06/Mar/2018:15:06:50 -0300] "GET /cormun/static/RunJS/RunJS.js HTTP/1.1" 200 288
200.111.191.210 - - [06/Mar/2018:15:06:50 -0300] "GET /cormun/servlet/trautorizarsolicitud? HTTP/1.1" 200 9082
200.111.191.210 - - [06/Mar/2018:15:06:50 -0300] "GET /cormun/servlet/trautorizarsolicitud? HTTP/1.1" 200 9080
186.79.46.2 - - [06/Mar/2018:15:06:50 -0300] "GET /cormun/static/PXToolsJavascripts/pexe_picture.js HTTP/1.1" 200 689
186.79.46.2 - - [06/Mar/2018:15:06:50 -0300] "GET /cormun/static/gxui/gxui-all.js HTTP/1.1" 200 107772
186.79.46.2 - - [06/Mar/2018:15:06:51 -0300] "GET /cormun/static/PXToolsJavascripts/pexe_popup.js HTTP/1.1" 200 13458
186.79.46.2 - - [06/Mar/2018:15:06:51 -0300] "GET /cormun/static/Shared/ext/locale/ext-lang-en.js HTTP/1.1" 200 10940
186.79.46.2 - - [06/Mar/2018:15:06:51 -0300] "GET /cormun/static/hhome.js?20175251212450 HTTP/1.1" 200 777
186.79.46.2 - - [06/Mar/2018:15:06:51 -0300] "GET /cormun/static/hwchdr01.js?201752511465785 HTTP/1.1" 200 1183
186.79.46.2 - - [06/Mar/2018:15:06:51 -0300] "GET /cormun/static/hpexe_recentlink.js?20177611595044 HTTP/1.1" 200 2144
186.79.46.2 - - [06/Mar/2018:15:06:51 -0300] "GET /cormun/static/hpexe_scripts.js?201752511465715 HTTP/1.1" 200 1544
186.79.46.2 - - [06/Mar/2018:15:06:51 -0300] "GET /cormun/static/hpexe_messagecontroller.js?20177611595012 HTTP/1.1" 200 870
186.79.46.2 - - [06/Mar/2018:15:06:51 -0300] "GET /cormun/static/hpexe_messagepopupcomponent.js?20161017169425 HTTP/1.1" 200 605
186.79.46.2 - - [06/Mar/2018:15:06:51 -0300] "GET /cormun/static/hpexe_messagegenexuscomponent.js?201752511465344 HTTP/1.1" 200 587
186.79.46.2 - - [06/Mar/2018:15:06:51 -0300] "GET /cormun/static/cmcontrolpreferences.js?201752511465670 HTTP/1.1" 200 1375
186.79.46.2 - - [06/Mar/2018:15:06:52 -0300] "GET /cormun/static/Shared/jquery/jquery-1.4.2.min.js HTTP/1.1" 200 72174
186.79.46.2 - - [06/Mar/2018:15:06:52 -0300] "GET /cormun/static/Shared/jquery/jquery-1.10.2.min.js HTTP/1.1" 200 273199
186.79.46.2 - - [06/Mar/2018:15:06:52 -0300] "GET /cormun/static/SmoothNavMenu/resources/ddsmoothmenu.js HTTP/1.1" 200 12712
186.79.46.2 - - [06/Mar/2018:15:06:53 -0300] "GET /cormun/static/SmoothNavMenu/resources/SmoothNavMenuRender.js HTTP/1.1" 200 5951
186.79.46.2 - - [06/Mar/2018:15:06:53 -0300] "GET /cormun/static/scaMessage/js/jquery.pnotify.min.js HTTP/1.1" 200 13038
186.79.46.2 - - [06/Mar/2018:15:06:53 -0300] "GET /cormun/static/scaMessage/scaMessageRender.js HTTP/1.1" 200 11977
186.79.46.2 - - [06/Mar/2018:15:06:53 -0300] "GET /cormun/static/hmpwkw03.js?20177612122668 HTTP/1.1" 200 3965
186.79.46.2 - - [06/Mar/2018:15:06:53 -0300] "GET /cormun/static/Resources/PXToolsHeaderActionsLeft.png HTTP/1.1" 200 1118
200.111.191.210 - - [06/Mar/2018:15:06:53 -0300] "POST /cormun/servlet/trautorizarsolicitud?c14d38b84d1cb6f80ed53709bc7e55dc,,gx-no-cache=1520359565160 HTTP/1.1" 200 5802
186.79.46.2 - - [06/Mar/2018:15:06:53 -0300] "GET /cormun/static/Shared/jqueryui/jquery-ui.min.js HTTP/1.1" 200 240427
200.111.191.210 - - [06/Mar/2018:15:06:53 -0300] "GET /cormun/static/Shared/jqueryui/images/ui-icons_82798d_256x240.png HTTP/1.1" 404 1089
200.111.191.210 - - [06/Mar/2018:15:06:53 -0300] "GET /cormun/static/Shared/jqueryui/images/ui-bg_flat_55_fafafa_40x100.png HTTP/1.1" 404 1097
200.111.191.210 - - [06/Mar/2018:15:06:53 -0300] "GET /cormun/static/Shared/jqueryui/images/ui-icons_8d78a5_256x240.png HTTP/1.1" 404 1089
186.79.46.2 - - [06/Mar/2018:15:06:53 -0300] "GET /cormun/static/Resources/PXToolsHeaderHome.png HTTP/1.1" 200 4147
200.111.191.210 - - [06/Mar/2018:15:06:54 -0300] "POST /cormun/servlet/trautorizarsolicitud?c14d38b84d1cb6f80ed53709bc7e55dc,,gx-no-cache=1520359565351 HTTP/1.1" 200 5748
186.103.158.250 - - [06/Mar/2018:15:06:54 -0300] "GET /cormun/servlet/solicitudot?c05c57fc898dc32e89ec4ea6100f6a22634dad9c30d4ea282de98a8c6d564b021f3b34f7bd9fbdcfbfb4a6098ba22d7d,gx-no-cache=1520359564450 HTTP/1.1" 200 30
200.111.191.210 - - [06/Mar/2018:15:06:54 -0300] "GET /cormun/static/Shared/jqueryui/images/ui-bg_highlight-soft_100_c6c2c8_1x100.png HTTP/1.1" 404 1117
186.79.46.2 - - [06/Mar/2018:15:06:54 -0300] "GET /cormun/static/Resources/PXToolsHeaderLogin.png HTTP/1.1" 200 4279
186.79.46.2 - - [06/Mar/2018:15:06:54 -0300] "GET /cormun/static/Resources/logo4.png HTTP/1.1" 200 6582
186.79.46.2 - - [06/Mar/2018:15:06:54 -0300] "GET /cormun/static/Resources/PXToolsHeaderPreferences.png HTTP/1.1" 200 4189
186.79.46.2 - - [06/Mar/2018:15:06:54 -0300] "GET /cormun/static/Resources/PXToolsHeaderSecurity.png HTTP/1.1" 200 4166
186.79.46.2 - - [06/Mar/2018:15:06:54 -0300] "GET /cormun/static/Resources/PXToolsHeaderActionsRight.png HTTP/1.1" 200 1201
186.79.46.2 - - [06/Mar/2018:15:06:54 -0300] "GET /cormun/static/Resources/PXToolsHeaderBackground2.png HTTP/1.1" 200 1174
186.79.46.2 - - [06/Mar/2018:15:06:54 -0300] "GET /cormun/static/Resources/PXToolsHeaderActionsBackground.png HTTP/1.1" 200 484
186.79.46.2 - - [06/Mar/2018:15:06:54 -0300] "GET /cormun/static/Resources/PXToolsDataTitle.png HTTP/1.1" 200 1173
200.111.191.210 - - [06/Mar/2018:15:06:55 -0300] "POST /cormun/servlet/trautorizarsolicitud?c14d38b84d1cb6f80ed53709bc7e55dc,,gx-no-cache=1520359566295 HTTP/1.1" 200 4607
186.79.46.2 - - [06/Mar/2018:15:06:55 -0300] "GET /cormun/static/Resources/PXToolsFooterBackground2.png HTTP/1.1" 200 1172
200.111.191.210 - - [06/Mar/2018:15:06:55 -0300] "POST /cormun/servlet/trautorizarsolicitud?c14d38b84d1cb6f80ed53709bc7e55dc,,gx-no-cache=1520359566638 HTTP/1.1" 200 4373
186.79.46.2 - - [06/Mar/2018:15:06:56 -0300] "GET /cormun/static/Shared/ext/ext-all.js HTTP/1.1" 200 1289687
186.79.46.2 - - [06/Mar/2018:15:06:57 -0300] "GET /cormun/servlet/hhome HTTP/1.1" 200 4303
186.79.46.2 - - [06/Mar/2018:15:06:58 -0300] "GET /cormun/static/SmoothNavMenu/resources/images/down.gif HTTP/1.1" 200 854
186.79.46.2 - - [06/Mar/2018:15:06:58 -0300] "GET /cormun/static/SmoothNavMenu/resources/images/right.gif HTTP/1.1" 200 860
186.103.158.250 - - [06/Mar/2018:15:07:06 -0300] "POST /cormun/servlet/solicitudot?gx-no-cache=1520359576953 HTTP/1.1" 200 30
186.79.46.2 - - [06/Mar/2018:15:07:12 -0300] "GET /cormun/servlet/trsolicitudot? HTTP/1.1" 200 7511
186.79.46.2 - - [06/Mar/2018:15:07:12 -0300] "GET /cormun/static/gxui/gxui-all.css?120300 HTTP/1.1" 200 2179
186.79.46.2 - - [06/Mar/2018:15:07:12 -0300] "GET /cormun/static/calendar-system.css?85620 HTTP/1.1" 200 5572
186.79.46.2 - - [06/Mar/2018:15:07:13 -0300] "GET /cormun/static/Resources/Spanish/PXTools.css?1255365 HTTP/1.1" 200 89042
186.79.46.2 - - [06/Mar/2018:15:07:13 -0300] "GET /cormun/static/calendar.js?85251 HTTP/1.1" 200 26246
186.79.46.2 - - [06/Mar/2018:15:07:13 -0300] "GET /cormun/static/calendar-setup.js?85251 HTTP/1.1" 200 2588
186.79.46.2 - - [06/Mar/2018:15:07:13 -0300] "GET /cormun/static/calendar-es.js?85251 HTTP/1.1" 200 1901
186.79.46.2 - - [06/Mar/2018:15:07:13 -0300] "GET /cormun/static/gxdec.js?85251 HTTP/1.1" 200 19579
186.79.46.2 - - [06/Mar/2018:15:07:13 -0300] "GET /cormun/static/trsolicitudot.js?201711142259839 HTTP/1.1" 200 54041
186.79.46.2 - - [06/Mar/2018:15:07:13 -0300] "GET /cormun/static/Resources/PXTools/calendar.png HTTP/1.1" 200 1306
186.79.46.2 - - [06/Mar/2018:15:07:14 -0300] "GET /cormun/static/Resources/PXToolsGridFirstDisabled.gif HTTP/1.1" 200 100
186.79.46.2 - - [06/Mar/2018:15:07:14 -0300] "GET /cormun/static/Resources/PXToolsGridPreviousDisabled.gif HTTP/1.1" 200 90
186.79.46.2 - - [06/Mar/2018:15:07:14 -0300] "GET /cormun/static/Resources/PXToolsDataSearch.png HTTP/1.1" 200 419
186.79.46.2 - - [06/Mar/2018:15:07:14 -0300] "GET /cormun/static/Resources/PXToolsGridNextDisabled.gif HTTP/1.1" 200 90
186.79.46.2 - - [06/Mar/2018:15:07:14 -0300] "GET /cormun/static/Shared/ext/resources/css/ext-all.css?215870 HTTP/1.1" 200 416045
186.79.46.2 - - [06/Mar/2018:15:07:14 -0300] "GET /cormun/static/Resources/PXToolsGridLastDisabled.gif HTTP/1.1" 200 98
186.79.46.2 - - [06/Mar/2018:15:07:14 -0300] "GET /cormun/static/Resources/PXToolsGridPage.gif HTTP/1.1" 200 725
186.79.46.2 - - [06/Mar/2018:15:07:15 -0300] "GET /cormun/static/Resources/PXToolsActionExcel.png HTTP/1.1" 200 3187
186.79.46.2 - - [06/Mar/2018:15:07:15 -0300] "GET /cormun/static/Resources/PXToolsGridNew.png HTTP/1.1" 200 2949
186.79.46.2 - - [06/Mar/2018:15:07:15 -0300] "GET /cormun/static/Resources/asc.gif HTTP/1.1" 200 67
186.79.46.2 - - [06/Mar/2018:15:07:15 -0300] "GET /cormun/static/Resources/desc.gif HTTP/1.1" 200 65
186.79.46.2 - - [06/Mar/2018:15:07:15 -0300] "GET /cormun/servlet/trsolicitudot? HTTP/1.1" 200 7510
186.79.46.2 - - [06/Mar/2018:15:07:16 -0300] "GET /cormun/static/Shared/ext/resources/themes/images/default/panel/bg-headersPanel.png HTTP/1.1" 200 255
186.79.46.2 - - [06/Mar/2018:15:07:16 -0300] "GET /cormun/static/Shared/ext/resources/themes/images/default/tools/tool-sprites.gif HTTP/1.1" 200 5434
186.103.158.250 - - [06/Mar/2018:15:07:26 -0300] "POST /cormun/servlet/solicitudot?256ef51633c6977d07e787c9b56561e7,INS,0,0,,gx-no-cache=1520359596838 HTTP/1.1" 200 93
186.103.158.250 - - [06/Mar/2018:15:07:26 -0300] "GET /cormun/servlet/hpexe_return? HTTP/1.1" 200 1005
186.103.158.250 - - [06/Mar/2018:15:07:27 -0300] "GET /cormun/servlet/trsolicitudot HTTP/1.1" 200 9268
186.103.158.250 - - [06/Mar/2018:15:07:28 -0300] "GET /cormun/servlet/trsolicitudot HTTP/1.1" 200 9264
186.79.46.2 - - [06/Mar/2018:15:07:32 -0300] "POST /cormun/servlet/trsolicitudot?a83331044b93368d07c7ce810af93362,,gx-no-cache=1520359601415 HTTP/1.1" 200 7130
186.79.46.2 - - [06/Mar/2018:15:07:33 -0300] "GET /cormun//static/Resources/PXToolsActionView.png HTTP/1.1" 200 2995
186.79.46.2 - - [06/Mar/2018:15:07:33 -0300] "GET /cormun//static/Resources/PXToolsGridUpdate.png HTTP/1.1" 200 2984
186.79.46.2 - - [06/Mar/2018:15:07:33 -0300] "GET /cormun//static/Resources/PXToolsGridDelete.png HTTP/1.1" 200 357
186.79.46.2 - - [06/Mar/2018:15:07:33 -0300] "GET /cormun//static/Resources/PXToolsRemoveAllAction.png HTTP/1.1" 200 3558
186.79.46.2 - - [06/Mar/2018:15:07:35 -0300] "GET /cormun//static/Resources/PXTools/ActionInsert.png HTTP/1.1" 200 1482
186.103.158.250 - - [06/Mar/2018:15:07:36 -0300] "POST /cormun/servlet/trsolicitudot?256ef51633c6977d07e787c9b56561e7,gx-no-cache=1520359606621 HTTP/1.1" 200 105
186.103.158.250 - - [06/Mar/2018:15:07:36 -0300] "GET /cormun/servlet/solicitudot?UPD,2018,10129, HTTP/1.1" 200 15451
186.103.158.250 - - [06/Mar/2018:15:07:38 -0300] "GET /cormun/servlet/solicitudot?UPD,2018,10129, HTTP/1.1" 200 15461
186.103.158.250 - - [06/Mar/2018:15:07:40 -0300] "POST /cormun/servlet/solicitudot?gx-no-cache=1520359609037 HTTP/1.1" 200 3411
186.103.158.250 - - [06/Mar/2018:15:07:40 -0300] "POST /cormun/servlet/solicitudot?256ef51633c6977d07e787c9b56561e7,UPD,2018,10129,,gx-no-cache=1520359611005 HTTP/1.1" 200 11726
186.103.158.250 - - [06/Mar/2018:15:07:41 -0300] "GET /cormun/servlet/solicitudot?c05c57fc898dc32e89ec4ea6100f6a2205831dd0111235b8a28c4ebd30a48f48aa1d2989ea7859ac1574f8889f4c0d86,gx-no-cache=1520359611481 HTTP/1.1" 200 30
186.103.158.250 - - [06/Mar/2018:15:07:41 -0300] "GET /cormun/servlet/solicitudot?c05c57fc898dc32e89ec4ea6100f6a220a35a835fac89935f7ee165592001cd718a12f48dab5f1e18ed263ba9c0db9442b96f66ec6e8873fe80ddd859ef50c882cb7ca029ba30438ea68e6e2206d11a4,gx-no-cache=1520359611574 HTTP/1.1" 200 30
186.103.158.250 - - [06/Mar/2018:15:07:41 -0300] "GET /cormun/servlet/solicitudot?c05c57fc898dc32e89ec4ea6100f6a2267516a102581d46cb0498b7aecc82751ebe04ac45070bd1803b63ea1c85ada916346fb3f460e226505b42399e5150f15,gx-no-cache=1520359611658 HTTP/1.1" 200 53
186.103.158.250 - - [06/Mar/2018:15:07:41 -0300] "POST /cormun/servlet/solicitudot?gx-no-cache=1520359611757 HTTP/1.1" 200 256
186.103.158.250 - - [06/Mar/2018:15:07:41 -0300] "GET /cormun/servlet/solicitudot?c05c57fc898dc32e89ec4ea6100f6a2206d0bad22ad99afb24fa40367a3e4110b42df3b0841ae14315bd21f1ac5d44a9688302fcf092bf9c8cd63f2497b4e55cd4c5e475c42c693d08088d5f19bf5bb7a419b88a49561616ed943f5bb2654c96568bec33b6a3149a9796f419b4b726c882a3d3170c8436a3e41ef67e80f7dd91d7a47ea3007ec8d5a9024429fa5ae7933eeca844661097344b8f319a625f42e871a12c15029bcb6dc8cb012d0e69c964a93705f66a87a1e7ea13519492b6741a3358ed71584d5978130192c6775bd3faa4a42fa8cc39b98b1cc985fb716dadc64a039b82204a2f3e6d598e8cc8a03f1b8eb9b967d53e4bb93dd806a8cf0a4d93c464e53ceaa73a394ed62a5e3e57997378173eb2a3f87ca80181f17661aad2d4c41eb0b6aec08f12d192ecb58dd2ea4ac6bd6aa4c00699ecf46accdf39a7e2740f089224047c905c6aafe0b91ce0cac83399cbe7412e521304a8ebf50b36a4cbde69696de94ca87b4b7f5cdabffd620a4264d887077c408051421c2f97a5ae36,gx-no-cache=1520359611880 HTTP/1.1" 200 30
186.103.158.250 - - [06/Mar/2018:15:07:42 -0300] "POST /cormun/servlet/solicitudot?gx-no-cache=1520359611972 HTTP/1.1" 200 30
186.103.158.250 - - [06/Mar/2018:15:07:42 -0300] "POST /cormun/servlet/solicitudot?gx-no-cache=1520359612514 HTTP/1.1" 200 1337
186.103.158.250 - - [06/Mar/2018:15:07:42 -0300] "POST /cormun/servlet/solicitudot?gx-no-cache=1520359613122 HTTP/1.1" 200 41
186.79.46.2 - - [06/Mar/2018:15:07:44 -0300] "GET /cormun/static/menuarrow.gif HTTP/1.1" 404 1015
186.103.158.250 - - [06/Mar/2018:15:07:44 -0300] "GET /cormun/servlet/solicitudot?c05c57fc898dc32e89ec4ea6100f6a22973d0cdd7d3a587761d8cca095659de19ffab0fbb031e098f7f0694e745cb5aa5eb9d78e1afad1b253557faeab4e77e9daf429be8d0b300030af80df26dba59ddc65963e2f825da76f29ed8314093a3c2db05d46139ecb78d3c8b2493baa9a86de9d4c2ad73d04d3fdb6b56fc7a4285f9a5c06c33ebdb8e5d2896525ac287d2c0b9c5d15526414f2068b09603b032cfb,gx-no-cache=1520359615361 HTTP/1.1" 200 29
186.103.158.250 - - [06/Mar/2018:15:07:45 -0300] "POST /cormun/servlet/solicitudot?gx-no-cache=1520359615454 HTTP/1.1" 200 1319
186.103.158.250 - - [06/Mar/2018:15:07:46 -0300] "POST /cormun/servlet/solicitudot?gx-no-cache=1520359616343 HTTP/1.1" 200 1218
186.103.158.250 - - [06/Mar/2018:15:07:58 -0300] "GET /cormun/servlet/solicitudot?c05c57fc898dc32e89ec4ea6100f6a22634dad9c30d4ea282de98a8c6d564b021f3b34f7bd9fbdcfbfb4a6098ba22d7d,gx-no-cache=1520359628595 HTTP/1.1" 200 30
186.103.158.250 - - [06/Mar/2018:15:07:58 -0300] "POST /cormun/servlet/solicitudot?gx-no-cache=1520359628759 HTTP/1.1" 200 30
186.103.158.250 - - [06/Mar/2018:15:07:59 -0300] "POST /cormun/servlet/solicitudot?256ef51633c6977d07e787c9b56561e7,UPD,2018,10129,,gx-no-cache=1520359628892 HTTP/1.1" 200 93
186.103.158.250 - - [06/Mar/2018:15:07:59 -0300] "GET /cormun/servlet/hpexe_return? HTTP/1.1" 200 1011
186.103.158.250 - - [06/Mar/2018:15:07:59 -0300] "GET /cormun/servlet/trsolicitudot HTTP/1.1" 200 9265
200.111.191.210 - - [06/Mar/2018:15:08:00 -0300] "GET /cormun/servlet/hlogin HTTP/1.1" 200 1717
186.103.158.250 - - [06/Mar/2018:15:08:01 -0300] "GET /cormun/servlet/trsolicitudot HTTP/1.1" 200 9261
186.103.158.250 - - [06/Mar/2018:15:08:05 -0300] "GET /cormun/servlet/trsolicitudot? HTTP/1.1" 200 9261
186.103.158.250 - - [06/Mar/2018:15:08:06 -0300] "GET /cormun/servlet/trsolicitudot? HTTP/1.1" 200 9261
186.79.46.2 - - [06/Mar/2018:15:08:08 -0300] "GET /cormun/servlet/trsolicitudot? HTTP/1.1" 200 10115
186.79.46.2 - - [06/Mar/2018:15:08:10 -0300] "GET /cormun/servlet/trsolicitudot? HTTP/1.1" 200 10115
186.79.46.2 - - [06/Mar/2018:15:08:28 -0300] "GET /cormun/static/menuarrow.gif HTTP/1.1" 404 1015
186.79.46.2 - - [06/Mar/2018:15:08:42 -0300] "GET /cormun/servlet/solicitudot?INS,0,0, HTTP/1.1" 200 13749
186.79.46.2 - - [06/Mar/2018:15:08:43 -0300] "GET /cormun/static/Resources/prompt.gif HTTP/1.1" 200 902
186.79.46.2 - - [06/Mar/2018:15:08:44 -0300] "GET /cormun/static/solicitudot.js?201812313224831 HTTP/1.1" 200 72336
186.79.46.2 - - [06/Mar/2018:15:08:45 -0300] "GET /cormun/servlet/solicitudot?INS,0,0, HTTP/1.1" 200 13754
186.79.46.2 - - [06/Mar/2018:15:09:00 -0300] "GET /cormun/static/Resources/resize.gif HTTP/1.1" 200 77
186.79.46.2 - - [06/Mar/2018:15:09:01 -0300] "GET /cormun/servlet/prfichaempleado?,MD,,gxPopupLevel%3D0%3B HTTP/1.1" 200 9472
186.79.46.2 - - [06/Mar/2018:15:09:01 -0300] "GET /cormun/static/gxui/gxui-all.css?110300 HTTP/1.1" 200 2179
186.79.46.2 - - [06/Mar/2018:15:09:01 -0300] "GET /cormun/static/Resources/PXToolsMenuSearch.png HTTP/1.1" 200 2914
186.79.46.2 - - [06/Mar/2018:15:09:01 -0300] "GET /cormun/static/Resources/PXToolsMenuSearchCancel.png HTTP/1.1" 200 2972
186.79.46.2 - - [06/Mar/2018:15:09:01 -0300] "GET /cormun/static/prfichaempleado.js?20177612134999 HTTP/1.1" 200 16006
186.79.46.2 - - [06/Mar/2018:15:09:02 -0300] "GET /cormun/static/menusearch.js?201610171694467 HTTP/1.1" 200 1424
186.79.46.2 - - [06/Mar/2018:15:09:02 -0300] "GET /cormun/static/hmpwkw011.js?20177612121862 HTTP/1.1" 200 1968
186.79.46.2 - - [06/Mar/2018:15:09:03 -0300] "GET /cormun/static/Shared/ext/resources/css/ext-all.css?205870 HTTP/1.1" 200 416045
186.79.46.2 - - [06/Mar/2018:15:09:17 -0300] "POST /cormun/servlet/prfichaempleado?a83331044b93368d07c7ce810af93362,,MD,,gxPopupLevel%3D0%3B,gx-no-cache=1520359707504 HTTP/1.1" 200 3535
186.79.46.2 - - [06/Mar/2018:15:09:24 -0300] "POST /cormun/servlet/solicitudot?gx-no-cache=1520359713955 HTTP/1.1" 200 3410
186.79.46.2 - - [06/Mar/2018:15:09:29 -0300] "POST /cormun/servlet/solicitudot?a83331044b93368d07c7ce810af93362,INS,0,0,,gx-no-cache=1520359716242 HTTP/1.1" 200 10581
186.79.46.2 - - [06/Mar/2018:15:09:31 -0300] "GET /cormun/servlet/solicitudot?38d8d349539da42dbaec0c953f833f9cdb7e27cb6edb45ca170ef6434957d7bbbe3f4a8bcef1fb6e5eb888f6c645e017,gx-no-cache=1520359720967 HTTP/1.1" 200 30
186.103.158.250 - - [06/Mar/2018:15:09:39 -0300] "GET /cormun/servlet/trsolicitudot? HTTP/1.1" 200 9261
186.103.158.250 - - [06/Mar/2018:15:09:41 -0300] "GET /cormun/servlet/trsolicitudot? HTTP/1.1" 200 9261
186.79.46.2 - - [06/Mar/2018:15:09:41 -0300] "GET /cormun/servlet/solicitudot?38d8d349539da42dbaec0c953f833f9cc66800a163dd653e2667e71f1f9029f404391d8644978b10fd448f24e0f7ca11e9cf71b6881514b2705e45c6c394a0de,gx-no-cache=1520359732173 HTTP/1.1" 200 30
186.79.46.2 - - [06/Mar/2018:15:09:42 -0300] "GET /cormun/servlet/solicitudot?38d8d349539da42dbaec0c953f833f9cdf3a48dee797e8dac637334c54575d20,gx-no-cache=1520359733194 HTTP/1.1" 200 53
186.79.46.2 - - [06/Mar/2018:15:09:44 -0300] "POST /cormun/servlet/solicitudot?gx-no-cache=1520359734219 HTTP/1.1" 200 297
186.79.46.2 - - [06/Mar/2018:15:09:45 -0300] "GET /cormun/servlet/solicitudot?38d8d349539da42dbaec0c953f833f9c153a4df515621ca7455906dacd9e3485aa4d7f6baa82d16b0c3c34bf8332a9b28e6895cfa8ee804555fae183ebc196b77cd2176a64a2ad07cd3b2fde777b11ec7be95d1ca547c8709ff67c2915e7ed7ca9ad9229583cd4f9df72e8583400901c9aea426c57fc51277aea360b71f81222d8eae5bae5860d433a0c31c7f33257cfbbe8eb184356fadaf83754a99e8122aee53b08b46d2e39380aefe70b8f0a0e9d12560d9c36921272f0ed874e3fc3310d70b106ae1294ac0796e8cbff0e679b67931a51d6a8282d8038702244a4cda132dde6ed3c413cbe5ce8c4c7221b827757c3d529fa02c4ecf492f2aa247544d38224e4fb7c321df24690da5ef2dbd33ed7d1103fd15a6d90b5079bad86752da068c400c25f3b69512f9e24ae91451930976ca8529d12d165e0733e37bc9b5f3614f77f8be296d18e69b675fb9f84b3c1aff2a1f2561d1651cc7ddeb73167561ac804e5dd91e71f30ebaae95d4cc37ba63563df45123cad1873e66c31fe65845a068210de8d6163ffa96e9c04c978ecd210,gx-no-cache=1520359735369 HTTP/1.1" 200 30
186.79.46.2 - - [06/Mar/2018:15:09:46 -0300] "POST /cormun/servlet/solicitudot?gx-no-cache=1520359736509 HTTP/1.1" 200 30
186.103.158.250 - - [06/Mar/2018:15:09:46 -0300] "GET /cormun/servlet/trsolicitudot? HTTP/1.1" 200 9261
186.67.203.186 - - [06/Mar/2018:15:09:47 -0300] "GET /cormun/servlet/treventos?2018,9557, HTTP/1.1" 200 8347
190.151.100.218 - - [06/Mar/2018:15:09:47 -0300] "GET /cormun/static/gxcfg.js?2016101716195975 HTTP/1.1" 200 953
186.67.203.186 - - [06/Mar/2018:15:09:47 -0300] "GET /cormun/static/Resources/Spanish/PXTools.css?167811 HTTP/1.1" 200 89042
186.67.203.186 - - [06/Mar/2018:15:09:47 -0300] "GET /cormun/static/treventos.js?201610171620222 HTTP/1.1" 200 16064
186.103.158.250 - - [06/Mar/2018:15:09:47 -0300] "GET /cormun/servlet/trsolicitudot? HTTP/1.1" 200 9261
190.151.100.218 - - [06/Mar/2018:15:09:48 -0300] "GET /cormun/servlet/treventos?2018,9557, HTTP/1.1" 200 8354
186.79.46.2 - - [06/Mar/2018:15:09:49 -0300] "POST /cormun/servlet/solicitudot?gx-no-cache=1520359739852 HTTP/1.1" 200 1335
186.103.158.250 - - [06/Mar/2018:15:09:49 -0300] "GET /cormun/servlet/solicitudot?INS,0,0, HTTP/1.1" 200 13648
186.79.46.2 - - [06/Mar/2018:15:09:50 -0300] "POST /cormun/servlet/solicitudot?gx-no-cache=1520359740973 HTTP/1.1" 200 38
186.103.158.250 - - [06/Mar/2018:15:09:51 -0300] "GET /cormun/servlet/solicitudot?INS,0,0, HTTP/1.1" 200 13653
186.79.46.2 - - [06/Mar/2018:15:10:01 -0300] "GET /cormun/servlet/solicitudot?38d8d349539da42dbaec0c953f833f9c3fc043cfa53108367c8ea67174ef816384dcd55c32b2e54160f622c0c21a3274bda5599c10daf02553f81c6e44abc4296dadce27b6a66b2e9db903fb4ef1d3b01dc773dab297d4c60310be2341665288c783e3475d38157eb54800dd9a0c0c8c,gx-no-cache=1520359751422 HTTP/1.1" 200 29
186.79.46.2 - - [06/Mar/2018:15:10:06 -0300] "POST /cormun/servlet/solicitudot?gx-no-cache=1520359752527 HTTP/1.1" 200 1317
186.79.46.2 - - [06/Mar/2018:15:10:07 -0300] "POST /cormun/servlet/solicitudot?gx-no-cache=1520359757493 HTTP/1.1" 200 1218
186.79.46.2 - - [06/Mar/2018:15:10:08 -0300] "GET /cormun/static/menuarrow.gif HTTP/1.1" 404 1015
186.79.46.2 - - [06/Mar/2018:15:10:10 -0300] "POST /cormun/servlet/solicitudot?gx-no-cache=1520359760871 HTTP/1.1" 200 1317
186.79.46.2 - - [06/Mar/2018:15:10:11 -0300] "POST /cormun/servlet/solicitudot?gx-no-cache=1520359761549 HTTP/1.1" 200 1218
186.67.203.186 - - [06/Mar/2018:15:10:11 -0300] "GET /cormun/servlet/trautorizarsolicitud? HTTP/1.1" 200 20829
186.67.203.186 - - [06/Mar/2018:15:10:13 -0300] "GET /cormun/servlet/trautorizarsolicitud? HTTP/1.1" 200 20828
186.79.46.2 - - [06/Mar/2018:15:10:14 -0300] "GET /cormun/servlet/solicitudot?38d8d349539da42dbaec0c953f833f9c9ed4280f2ee9d4e34dda79f56c8f94e8271537afbf4a875f22ab77c4e672bb23,gx-no-cache=1520359765567 HTTP/1.1" 200 30
186.79.46.2 - - [06/Mar/2018:15:10:29 -0300] "POST /cormun/servlet/solicitudot?gx-no-cache=1520359780052 HTTP/1.1" 200 30
186.103.158.250 - - [06/Mar/2018:15:10:38 -0300] "POST /cormun/servlet/solicitudot?gx-no-cache=1520359789182 HTTP/1.1" 200 3293
186.103.158.250 - - [06/Mar/2018:15:10:39 -0300] "POST /cormun/servlet/solicitudot?256ef51633c6977d07e787c9b56561e7,INS,0,0,,gx-no-cache=1520359789532 HTTP/1.1" 200 10445
186.103.158.250 - - [06/Mar/2018:15:10:41 -0300] "GET /cormun/servlet/solicitudot?c05c57fc898dc32e89ec4ea6100f6a221a96ef29cf3f469df2cca2de03b9238a31e1fda4f10516178c3c7ea1733fd375,gx-no-cache=1520359792125 HTTP/1.1" 200 30
186.79.46.2 - - [06/Mar/2018:15:10:51 -0300] "POST /cormun/servlet/solicitudot?a83331044b93368d07c7ce810af93362,INS,0,0,,gx-no-cache=1520359799190 HTTP/1.1" 200 93
186.79.46.2 - - [06/Mar/2018:15:10:52 -0300] "GET /cormun/servlet/hpexe_return? HTTP/1.1" 200 1062
186.79.46.2 - - [06/Mar/2018:15:10:53 -0300] "GET /cormun/static/Resources/Spanish/PXTools.css?167811 HTTP/1.1" 200 89042
186.79.46.2 - - [06/Mar/2018:15:10:55 -0300] "GET /cormun/static/hpexe_return.js?2016101716175153 HTTP/1.1" 200 1633
186.79.46.2 - - [06/Mar/2018:15:10:59 -0300] "GET /cormun/servlet/trsolicitudot HTTP/1.1" 200 10514
186.79.46.2 - - [06/Mar/2018:15:11:01 -0300] "GET /cormun/servlet/trsolicitudot HTTP/1.1" 200 10510
186.79.46.2 - - [06/Mar/2018:15:11:16 -0300] "POST /cormun/servlet/trsolicitudot?a83331044b93368d07c7ce810af93362,gx-no-cache=1520359824821 HTTP/1.1" 200 5826
200.72.197.82 - - [06/Mar/2018:15:11:27 -0300] "GET /cormun/servlet/treventos?2018,9729, HTTP/1.1" 200 8065
200.72.197.82 - - [06/Mar/2018:15:11:28 -0300] "GET /cormun/servlet/treventos?2018,9729, HTTP/1.1" 200 8070
186.103.158.250 - - [06/Mar/2018:15:12:11 -0300] "GET /cormun/servlet/prbanco?,MD,,gxPopupLevel%3D0%3B HTTP/1.1" 200 6631
186.103.158.250 - - [06/Mar/2018:15:12:23 -0300] "GET /cormun/servlet/solicitudot?c05c57fc898dc32e89ec4ea6100f6a224ad3fa2e46d472ea446324924c463d502ea8a69f7a48dd4b60fe659f71d2049fe6a43e19cfd53f4419a3fa8866f006b1,gx-no-cache=1520359894043 HTTP/1.1" 200 30
186.103.158.250 - - [06/Mar/2018:15:12:29 -0300] "GET /cormun/servlet/solicitudot?c05c57fc898dc32e89ec4ea6100f6a22b453a0718b3047d91005acc72dfc578b,gx-no-cache=1520359900319 HTTP/1.1" 200 51
186.103.158.250 - - [06/Mar/2018:15:12:44 -0300] "POST /cormun/servlet/solicitudot?gx-no-cache=1520359915016 HTTP/1.1" 200 255
186.103.158.250 - - [06/Mar/2018:15:12:49 -0300] "POST /cormun/servlet/solicitudot?gx-no-cache=1520359920165 HTTP/1.1" 200 256
186.103.158.250 - - [06/Mar/2018:15:12:52 -0300] "GET /cormun/servlet/solicitudot?c05c57fc898dc32e89ec4ea6100f6a2206d0bad22ad99afb24fa40367a3e4110d08f74b4a240e2a4dfaf4990fc43a8b5688302fcf092bf9c8cd63f2497b4e55cd4c5e475c42c693d08088d5f19bf5bb7a419b88a49561616ed943f5bb2654c96568bec33b6a3149a9796f419b4b726c882a3d3170c8436a3e41ef67e80f7dd91d7a47ea3007ec8d5a9024429fa5ae7933eeca844661097344b8f319a625f42e871a12c15029bcb6dc8cb012d0e69c964a93705f66a87a1e7ea13519492b6741a3358ed71584d5978130192c6775bd3faa4a42fa8cc39b98b1cc985fb716dadc64a039b82204a2f3e6d598e8cc8a03f1b8eb9b967d53e4bb93dd806a8cf0a4d93c464e53ceaa73a394ed62a5e3e5799738cc077ae3bdb2f80f9dfe3068d54bf4cf47d45fd2ecafdb329e35f185da9d23c59abbf2aebed0def8b9db1d88a2e15c10e0b57314d7d2289f385523dddfce593dbcc80d731ac187e0b0adb575c9168561038178bb00a93f9ff0e63c484548ddc786e1283e1e51bfbf2654f7904a6d9f2,gx-no-cache=1520359922578 HTTP/1.1" 200 30
186.103.158.250 - - [06/Mar/2018:15:12:58 -0300] "POST /cormun/servlet/solicitudot?gx-no-cache=1520359929376 HTTP/1.1" 200 30
186.103.158.250 - - [06/Mar/2018:15:13:00 -0300] "GET /cormun/servlet/prcontratosol?17841949,,,,,MD,,gxPopupLevel%3D0%3B HTTP/1.1" 200 5686
186.103.158.250 - - [06/Mar/2018:15:13:05 -0300] "POST /cormun/servlet/solicitudot?gx-no-cache=1520359935609 HTTP/1.1" 200 1333
186.103.158.250 - - [06/Mar/2018:15:13:05 -0300] "POST /cormun/servlet/solicitudot?gx-no-cache=1520359935736 HTTP/1.1" 200 38
186.103.158.250 - - [06/Mar/2018:15:13:05 -0300] "GET /cormun/servlet/solicitudot?c05c57fc898dc32e89ec4ea6100f6a22370a01fd331fec8b724cac3a907de3d0fb8d4546cfef7674faa301d53846032835c46a44a06eab465a85e186d167a06756e8f00978630859744906798807f328cbef366b91df1eba3d2ae244511c9766f61817683589be5a5e9632f426698374,gx-no-cache=1520359935795 HTTP/1.1" 200 29
186.103.158.250 - - [06/Mar/2018:15:13:05 -0300] "POST /cormun/servlet/solicitudot?gx-no-cache=1520359935847 HTTP/1.1" 200 1318
186.103.158.250 - - [06/Mar/2018:15:13:05 -0300] "POST /cormun/servlet/solicitudot?gx-no-cache=1520359935941 HTTP/1.1" 200 1215
186.103.158.250 - - [06/Mar/2018:15:13:05 -0300] "GET /cormun/servlet/solicitudot?c05c57fc898dc32e89ec4ea6100f6a224118faabbe52dfe08d7ac4ea95b2fad5,gx-no-cache=1520359936024 HTTP/1.1" 200 30
186.103.158.250 - - [06/Mar/2018:15:13:09 -0300] "POST /cormun/servlet/solicitudot?gx-no-cache=1520359939768 HTTP/1.1" 200 30
200.112.5.172 - - [06/Mar/2018:15:13:09 -0300] "GET /cormun/servlet/hlogin HTTP/1.1" 200 1720
200.112.5.172 - - [06/Mar/2018:15:13:12 -0300] "POST /cormun/servlet/hlogin?74e07589c714bf5f19419b2b0524e555,gx-no-cache=1520359944107 HTTP/1.1" 200 90
200.112.5.172 - - [06/Mar/2018:15:13:12 -0300] "GET /cormun/servlet/hpexe_link HTTP/1.1" 200 950
200.112.5.172 - - [06/Mar/2018:15:13:12 -0300] "GET /cormun/servlet/hhome HTTP/1.1" 200 3996
200.112.5.172 - - [06/Mar/2018:15:13:13 -0300] "GET /cormun/servlet/hhome HTTP/1.1" 200 3994
186.103.158.250 - - [06/Mar/2018:15:13:13 -0300] "POST /cormun/servlet/solicitudot?gx-no-cache=1520359943751 HTTP/1.1" 200 1333
186.103.158.250 - - [06/Mar/2018:15:13:13 -0300] "POST /cormun/servlet/solicitudot?gx-no-cache=1520359943918 HTTP/1.1" 200 38
200.112.5.172 - - [06/Mar/2018:15:13:15 -0300] "GET /cormun/servlet/trsolicitudot? HTTP/1.1" 200 10885
200.112.5.172 - - [06/Mar/2018:15:13:16 -0300] "GET /cormun/servlet/trsolicitudot? HTTP/1.1" 200 10884
186.67.203.186 - - [06/Mar/2018:15:13:18 -0300] "GET /cormun/servlet/trautorizarsolicitud? HTTP/1.1" 200 20833
200.112.5.172 - - [06/Mar/2018:15:13:18 -0300] "POST /cormun/servlet/trsolicitudot?74e07589c714bf5f19419b2b0524e555,,gx-no-cache=1520359950955 HTTP/1.1" 200 7967
186.67.203.186 - - [06/Mar/2018:15:13:19 -0300] "GET /cormun/servlet/trautorizarsolicitud? HTTP/1.1" 200 20828
200.112.5.172 - - [06/Mar/2018:15:13:21 -0300] "GET /cormun/servlet/solicitudot?INS,0,0, HTTP/1.1" 200 13457
200.112.5.172 - - [06/Mar/2018:15:13:21 -0300] "GET /cormun/servlet/solicitudot?INS,0,0, HTTP/1.1" 200 13462
200.112.5.172 - - [06/Mar/2018:15:13:24 -0300] "GET /cormun/servlet/prfichaempleado?,MD,,gxPopupLevel%3D0%3B HTTP/1.1" 200 9352
186.79.46.2 - - [06/Mar/2018:15:13:26 -0300] "GET /cormun/servlet/trsolicitudot HTTP/1.1" 200 6428
186.79.46.2 - - [06/Mar/2018:15:13:28 -0300] "GET /cormun/servlet/trsolicitudot HTTP/1.1" 200 6424
186.79.46.2 - - [06/Mar/2018:15:13:30 -0300] "GET /cormun/servlet/hlogin HTTP/1.1" 200 1786
186.67.203.186 - - [06/Mar/2018:15:13:33 -0300] "GET /cormun/servlet/treventos?2018,9730, HTTP/1.1" 200 8064
186.67.203.186 - - [06/Mar/2018:15:13:33 -0300] "GET /cormun/servlet/treventos?2018,9730, HTTP/1.1" 200 8070
200.112.5.172 - - [06/Mar/2018:15:13:34 -0300] "POST /cormun/servlet/prfichaempleado?74e07589c714bf5f19419b2b0524e555,,MD,,gxPopupLevel%3D0%3B,gx-no-cache=1520359966194 HTTP/1.1" 200 3417
186.67.203.186 - - [06/Mar/2018:15:13:40 -0300] "GET /cormun/servlet/trautorizarsolicitud? HTTP/1.1" 200 20833
