186.67.203.186 - - [06/Mar/2018:15:13:41 -0300] "GET /cormun/servlet/trautorizarsolicitud? HTTP/1.1" 200 20828
200.112.5.172 - - [06/Mar/2018:15:13:42 -0300] "POST /cormun/servlet/solicitudot?gx-no-cache=1520359974663 HTTP/1.1" 200 3399
200.112.5.172 - - [06/Mar/2018:15:13:43 -0300] "POST /cormun/servlet/solicitudot?74e07589c714bf5f19419b2b0524e555,INS,0,0,,gx-no-cache=1520359975141 HTTP/1.1" 200 10373
200.112.5.172 - - [06/Mar/2018:15:13:43 -0300] "GET /cormun/servlet/solicitudot?8b7e0ce1932905d221e13f87667b702d67d5386e25f2ebcfda0bee6383100d9836b78ae5eafdb9542e87873755dcfcbe,gx-no-cache=1520359975715 HTTP/1.1" 200 30
186.79.46.2 - - [06/Mar/2018:15:13:49 -0300] "POST /cormun/servlet/hlogin?d66692d82e789ced78285c40df1f8fcb,gx-no-cache=1520359980635 HTTP/1.1" 200 90
186.79.46.2 - - [06/Mar/2018:15:13:50 -0300] "GET /cormun/servlet/hpexe_link HTTP/1.1" 200 1011
186.79.46.2 - - [06/Mar/2018:15:13:50 -0300] "GET /cormun/servlet/trsolicitudot HTTP/1.1" 200 8738
186.79.46.2 - - [06/Mar/2018:15:13:51 -0300] "GET /cormun/servlet/trsolicitudot HTTP/1.1" 200 8737
200.72.197.82 - - [06/Mar/2018:15:13:51 -0300] "GET /cormun/servlet/treventos?2018,9729, HTTP/1.1" 200 8065
200.72.197.82 - - [06/Mar/2018:15:13:51 -0300] "GET /cormun/servlet/treventos?2018,9729, HTTP/1.1" 200 8070
186.103.161.206 - - [06/Mar/2018:15:13:56 -0300] "GET /cormun/servlet/trautorizarsolicitud? HTTP/1.1" 200 20833
186.103.161.206 - - [06/Mar/2018:15:13:56 -0300] "GET /cormun/servlet/trautorizarsolicitud? HTTP/1.1" 200 20828
186.103.161.206 - - [06/Mar/2018:15:14:02 -0300] "GET /cormun/servlet/treventos?2018,9728, HTTP/1.1" 200 8356
186.103.161.206 - - [06/Mar/2018:15:14:03 -0300] "GET /cormun/servlet/treventos?2018,9728, HTTP/1.1" 200 8362
186.103.158.250 - - [06/Mar/2018:15:14:14 -0300] "POST /cormun/servlet/solicitudot?gx-no-cache=1520360004930 HTTP/1.1" 200 1319
186.103.158.250 - - [06/Mar/2018:15:14:14 -0300] "POST /cormun/servlet/solicitudot?gx-no-cache=1520360005311 HTTP/1.1" 200 1215
186.103.158.250 - - [06/Mar/2018:15:14:15 -0300] "GET /cormun/static/menuarrow.gif HTTP/1.1" 404 1015
186.103.158.250 - - [06/Mar/2018:15:14:17 -0300] "POST /cormun/servlet/solicitudot?gx-no-cache=1520360007861 HTTP/1.1" 200 1319
186.103.158.250 - - [06/Mar/2018:15:14:17 -0300] "POST /cormun/servlet/solicitudot?gx-no-cache=1520360008010 HTTP/1.1" 200 1215
186.103.158.250 - - [06/Mar/2018:15:14:19 -0300] "GET /cormun/servlet/solicitudot?c05c57fc898dc32e89ec4ea6100f6a22634dad9c30d4ea282de98a8c6d564b021f3b34f7bd9fbdcfbfb4a6098ba22d7d,gx-no-cache=1520360009537 HTTP/1.1" 200 30
192.168.10.61 - - [06/Mar/2018:15:14:22 -0300] "GET /cormun/servlet/vesolicitudgral?2018,10101,, HTTP/1.1" 200 7793
192.168.10.61 - - [06/Mar/2018:15:14:22 -0300] "GET /cormun/pexe_scrolldiv.js HTTP/1.1" 404 1009
192.168.10.61 - - [06/Mar/2018:15:14:22 -0300] "GET /cormun/pexe_scrolldiv.js HTTP/1.1" 404 1009
192.168.10.61 - - [06/Mar/2018:15:14:22 -0300] "GET /cormun/servlet/hlogin HTTP/1.1" 200 1743
192.168.10.61 - - [06/Mar/2018:15:14:22 -0300] "GET /cormun/servlet/vesolicitudgral?2018,10101,, HTTP/1.1" 200 7792
186.103.161.206 - - [06/Mar/2018:15:14:26 -0300] "GET /cormun/servlet/trautorizarsolicitud? HTTP/1.1" 200 20833
186.103.158.250 - - [06/Mar/2018:15:14:27 -0300] "POST /cormun/servlet/solicitudot?gx-no-cache=1520360017690 HTTP/1.1" 200 30
186.103.161.206 - - [06/Mar/2018:15:14:27 -0300] "GET /cormun/servlet/trautorizarsolicitud? HTTP/1.1" 200 20828
186.79.46.2 - - [06/Mar/2018:15:14:32 -0300] "POST /cormun/servlet/trsolicitudot?d66692d82e789ced78285c40df1f8fcb,gx-no-cache=1520360010724 HTTP/1.1" 200 106
186.79.46.2 - - [06/Mar/2018:15:14:35 -0300] "GET /cormun/servlet/trsolicitudadjuntos?2018,10130, HTTP/1.1" 200 6398
186.79.46.2 - - [06/Mar/2018:15:14:36 -0300] "GET /cormun/static/calendar-system.css?75620 HTTP/1.1" 200 5572
192.168.10.61 - - [06/Mar/2018:15:14:36 -0300] "POST /cormun/servlet/hlogin?42c680e77b3f93172e5f9d7a7d99e96f,gx-no-cache=1520359915384 HTTP/1.1" 200 90
192.168.10.61 - - [06/Mar/2018:15:14:36 -0300] "GET /cormun/servlet/hpexe_link HTTP/1.1" 200 963
192.168.10.61 - - [06/Mar/2018:15:14:36 -0300] "GET /cormun/servlet/vesolicitudgral?2018,10101,, HTTP/1.1" 200 8894
192.168.10.61 - - [06/Mar/2018:15:14:36 -0300] "GET /cormun/pexe_scrolldiv.js HTTP/1.1" 404 1009
192.168.10.61 - - [06/Mar/2018:15:14:36 -0300] "GET /cormun/pexe_scrolldiv.js HTTP/1.1" 404 1009
192.168.10.61 - - [06/Mar/2018:15:14:36 -0300] "GET /cormun/servlet/vesolicitudgral?2018,10101,, HTTP/1.1" 200 8894
186.79.46.2 - - [06/Mar/2018:15:14:37 -0300] "GET /cormun/static/trsolicitudadjuntos.js?20177612135632 HTTP/1.1" 200 17922
186.79.46.2 - - [06/Mar/2018:15:14:37 -0300] "GET /cormun/servlet/trsolicitudadjuntos?2018,10130, HTTP/1.1" 200 6399
186.103.132.155 - - [06/Mar/2018:15:14:37 -0300] "GET /cormun/servlet/treventos?2018,9557, HTTP/1.1" 200 8347
186.103.132.155 - - [06/Mar/2018:15:14:38 -0300] "GET /cormun/servlet/treventos?2018,9557, HTTP/1.1" 200 8354
192.168.10.61 - - [06/Mar/2018:15:14:40 -0300] "POST /cormun/servlet/vesolicitudgral?42c680e77b3f93172e5f9d7a7d99e96f,2018,10101,,,gx-no-cache=1520359919856 HTTP/1.1" 200 106
192.168.10.61 - - [06/Mar/2018:15:14:40 -0300] "GET /cormun/servlet/solicitudgral?UPD,2018,10101, HTTP/1.1" 200 12866
192.168.10.61 - - [06/Mar/2018:15:14:41 -0300] "GET /cormun/servlet/solicitudgral?UPD,2018,10101, HTTP/1.1" 200 12866
192.168.10.61 - - [06/Mar/2018:15:14:41 -0300] "POST /cormun/servlet/solicitudgral?gx-no-cache=1520359920989 HTTP/1.1" 200 3897
192.168.10.61 - - [06/Mar/2018:15:14:41 -0300] "GET /cormun/servlet/solicitudgral?9b1815e9a6fd2e501118834e4f29a5371bb1b38fcff15b2f77685739790e3b3fe40a8e357c98588170eeadaf59a0d335da501be63119fabd7989eabf246b62926fb481c414786621a7f53d70b6b0933e35b56b9348baf68bda349cfba6e493f125cb2ca27c21298e90744d11e324945b7fa5f7712ba2eb8fd3193b9123c72e64d4e536d68fd4b3ce5cafc500638f5b5f62f16762cbc8c596582f825aa471751dc6261b3d1d6e2ffdfe462037c5aabe0008dc671d7ef8297064e9f6570af179ce14f8540f498b9243c43aaf2e35be83af6192142622b92f945851eb19083e643385c6e3c30207e3aa0f79d852efbe49270eb03ef3b52858da402ace312e2a36517013f18a59bbda8672527b038373ba8b524d1803f6728a5f611b4d90b77d8e652c45007c7404bae552b84eca93b6fc1bd8b0b0254e7f96f99c6e8e217622d3bbbfe80972fe582f9417a75ed354d1c11c,gx-no-cache=1520359921125 HTTP/1.1" 200 297
192.168.10.61 - - [06/Mar/2018:15:14:47 -0300] "GET /cormun/servlet/solicitudgral?9b1815e9a6fd2e501118834e4f29a537cdbbbfb82ee9f5f30c0a6ac49459c155daa8b9b4d873c1ee8d77991a2a05c62b5d930cb510b529c2b5692bb4f70a4d596c709e9e1c601e5de3ac2904146c362a69ff51163e37cc101bd5ea89d3d59d69f7273ddd5f4244d44e943b9c40cafa533defc89acf8bc84f39dc22aa768b51fddc03ebc36aa8a7214ba5b3cee62a996727ab3b9daee73b9b77c61dc7554a2a861b4f074fb37f79ae94778398a588ee49477595d87bfffdaa2fa2c09946c0a1f1527e2ba2fbe5e97ab0d12b2897469d635b04fadd9b1f2d06ff3618ae31b0de2205bbca7814098c3ec9bc3759ce917f238655fa06c344590ee251ac3cbb9b7f1a52398978660b9750706cd16f45540ec4a32cb785fa5fc290ca1f6894a4af59ada334df3c5a49faf3553b953a49a92291e3e10e889836b0bcfe339deaba7d5d0ceac01464d7e4c66837b2154d568290029e6a6f4bb9b9145b0f6a288be622468d63801ceac906a504c420d0b71ada5b782b117c8317a14f143045c73c7e1010d63662e2e8887a2ab28d82695cc4cd8d0dbddec54151709af208ac5348d6e2d9a723f408d94cc31802f9991337de54cfa4,gx-no-cache=1520359926637 HTTP/1.1" 200 48
192.168.10.61 - - [06/Mar/2018:15:14:47 -0300] "POST /cormun/servlet/solicitudgral?42c680e77b3f93172e5f9d7a7d99e96f,UPD,2018,10101,,gx-no-cache=1520359926667 HTTP/1.1" 200 11796
192.168.10.61 - - [06/Mar/2018:15:14:47 -0300] "GET /cormun/servlet/solicitudgral?9b1815e9a6fd2e501118834e4f29a537f064dc574fe14812866412ab4b19fa3ccf656ff0940530e9a920bfd4a4fbd467f05dcebaf6dc24345cdabc0c0652d65f79178c176491351399637ee62e41c5d905dcfc146c89ecf8548c0fde917a27b78d997ab268b94972358fcbf23552194a,gx-no-cache=1520359926827 HTTP/1.1" 200 29
192.168.10.61 - - [06/Mar/2018:15:14:47 -0300] "POST /cormun/servlet/solicitudgral?gx-no-cache=1520359926848 HTTP/1.1" 200 1295
192.168.10.61 - - [06/Mar/2018:15:14:47 -0300] "POST /cormun/servlet/solicitudgral?gx-no-cache=1520359926877 HTTP/1.1" 200 1218
192.168.10.56 - - [06/Mar/2018:15:14:58 -0300] "POST /cormun/servlet/hlogin?c858268f9d090802262e6121baa99871,gx-no-cache=1520359937385 HTTP/1.1" 200 90
192.168.10.56 - - [06/Mar/2018:15:14:58 -0300] "GET /cormun/servlet/hpexe_link HTTP/1.1" 200 954
192.168.10.56 - - [06/Mar/2018:15:14:58 -0300] "GET /cormun/servlet/hhome HTTP/1.1" 200 3823
192.168.10.56 - - [06/Mar/2018:15:14:58 -0300] "GET /cormun/servlet/hhome HTTP/1.1" 200 3820
192.168.10.56 - - [06/Mar/2018:15:15:02 -0300] "GET /cormun/servlet/trautorizarot? HTTP/1.1" 200 27810
192.168.10.56 - - [06/Mar/2018:15:15:03 -0300] "GET /cormun/servlet/trautorizarot? HTTP/1.1" 200 27810
192.168.10.56 - - [06/Mar/2018:15:15:05 -0300] "GET /cormun/static/menuarrow.gif HTTP/1.1" 404 1015
192.168.10.56 - - [06/Mar/2018:15:15:12 -0300] "POST /cormun/servlet/trautorizarot?c858268f9d090802262e6121baa99871,,gx-no-cache=1520359951208 HTTP/1.1" 200 12114
186.103.158.250 - - [06/Mar/2018:15:15:15 -0300] "POST /cormun/servlet/solicitudot?256ef51633c6977d07e787c9b56561e7,INS,0,0,,gx-no-cache=1520360065275 HTTP/1.1" 200 93
186.103.158.250 - - [06/Mar/2018:15:15:15 -0300] "GET /cormun/servlet/hpexe_return? HTTP/1.1" 200 1005
186.103.158.250 - - [06/Mar/2018:15:15:15 -0300] "GET /cormun/servlet/trsolicitudot HTTP/1.1" 200 9653
186.103.158.250 - - [06/Mar/2018:15:15:17 -0300] "GET /cormun/servlet/trsolicitudot HTTP/1.1" 200 9649
192.168.10.56 - - [06/Mar/2018:15:15:18 -0300] "POST /cormun/servlet/trautorizarot?c858268f9d090802262e6121baa99871,,gx-no-cache=1520359957571 HTTP/1.1" 200 5326
186.103.158.250 - - [06/Mar/2018:15:15:21 -0300] "GET /cormun/servlet/trsolicitudot? HTTP/1.1" 200 9649
192.168.10.56 - - [06/Mar/2018:15:15:22 -0300] "POST /cormun/servlet/trautorizarot?c858268f9d090802262e6121baa99871,,gx-no-cache=1520359961608 HTTP/1.1" 200 8592
186.103.158.250 - - [06/Mar/2018:15:15:22 -0300] "GET /cormun/servlet/trsolicitudot? HTTP/1.1" 200 9649
186.103.158.250 - - [06/Mar/2018:15:15:26 -0300] "GET /cormun/servlet/solicitudot?INS,0,0, HTTP/1.1" 200 13648
186.103.158.250 - - [06/Mar/2018:15:15:27 -0300] "GET /cormun/servlet/solicitudot?INS,0,0, HTTP/1.1" 200 13653
186.103.158.250 - - [06/Mar/2018:15:15:30 -0300] "GET /cormun/servlet/trsolicitudot? HTTP/1.1" 200 9655
186.103.158.250 - - [06/Mar/2018:15:15:32 -0300] "GET /cormun/servlet/trsolicitudot? HTTP/1.1" 200 9649
192.168.10.56 - - [06/Mar/2018:15:15:35 -0300] "POST /cormun/servlet/trautorizarot?c858268f9d090802262e6121baa99871,,gx-no-cache=1520359973529 HTTP/1.1" 200 24629
186.103.158.250 - - [06/Mar/2018:15:15:36 -0300] "GET /cormun/servlet/solicitudot?INS,0,0, HTTP/1.1" 200 13648
186.103.158.250 - - [06/Mar/2018:15:15:37 -0300] "GET /cormun/servlet/solicitudot?INS,0,0, HTTP/1.1" 200 13653
192.168.10.56 - - [06/Mar/2018:15:15:44 -0300] "GET /cormun/servlet/hlogin HTTP/1.1" 200 1740
192.168.10.61 - - [06/Mar/2018:15:16:00 -0300] "POST /cormun/servlet/solicitudgral?42c680e77b3f93172e5f9d7a7d99e96f,UPD,2018,10101,,gx-no-cache=1520359999755 HTTP/1.1" 200 93
192.168.10.61 - - [06/Mar/2018:15:16:00 -0300] "GET /cormun/servlet/hpexe_return? HTTP/1.1" 200 1014
192.168.10.61 - - [06/Mar/2018:15:16:01 -0300] "GET /cormun/servlet/vesolicitudgral?2018,10101,, HTTP/1.1" 200 8891
192.168.10.61 - - [06/Mar/2018:15:16:01 -0300] "GET /cormun/pexe_scrolldiv.js HTTP/1.1" 404 1009
192.168.10.61 - - [06/Mar/2018:15:16:01 -0300] "GET /cormun/pexe_scrolldiv.js HTTP/1.1" 404 1009
192.168.10.61 - - [06/Mar/2018:15:16:01 -0300] "GET /cormun/servlet/vesolicitudgral?2018,10101,, HTTP/1.1" 200 8888
192.168.10.61 - - [06/Mar/2018:15:16:04 -0300] "POST /cormun/servlet/vesolicitudgral?42c680e77b3f93172e5f9d7a7d99e96f,2018,10101,,,gx-no-cache=1520360004006 HTTP/1.1" 200 11756
192.168.10.61 - - [06/Mar/2018:15:16:05 -0300] "GET /cormun/static/Shared/jqueryui/images/ui-bg_highlight-soft_100_c6c2c8_1x100.png HTTP/1.1" 404 1117
192.168.10.61 - - [06/Mar/2018:15:16:05 -0300] "GET /cormun/static/Shared/jqueryui/images/ui-icons_8d78a5_256x240.png HTTP/1.1" 404 1089
192.168.10.61 - - [06/Mar/2018:15:16:05 -0300] "GET /cormun/static/Shared/jqueryui/images/ui-bg_flat_55_fafafa_40x100.png HTTP/1.1" 404 1097
192.168.10.61 - - [06/Mar/2018:15:16:05 -0300] "GET /cormun/static/Shared/jqueryui/images/ui-icons_82798d_256x240.png HTTP/1.1" 404 1089
192.168.10.61 - - [06/Mar/2018:15:16:05 -0300] "POST /cormun/servlet/vesolicitudgral?42c680e77b3f93172e5f9d7a7d99e96f,2018,10101,,,gx-no-cache=1520360004239 HTTP/1.1" 200 11690
186.103.158.250 - - [06/Mar/2018:15:16:08 -0300] "POST /cormun/servlet/solicitudot?gx-no-cache=1520360118453 HTTP/1.1" 200 3409
186.103.158.250 - - [06/Mar/2018:15:16:08 -0300] "POST /cormun/servlet/solicitudot?256ef51633c6977d07e787c9b56561e7,INS,0,0,,gx-no-cache=1520360118880 HTTP/1.1" 200 10579
186.103.158.250 - - [06/Mar/2018:15:16:08 -0300] "GET /cormun/servlet/solicitudot?c05c57fc898dc32e89ec4ea6100f6a22a79ae54caaa0c412ebe5eed3b896af3331e1fda4f10516178c3c7ea1733fd375,gx-no-cache=1520360119270 HTTP/1.1" 200 30
186.103.158.250 - - [06/Mar/2018:15:16:13 -0300] "GET /cormun/servlet/solicitudot?c05c57fc898dc32e89ec4ea6100f6a2290ef091c5b357caf33e33e2afc65ad52754f06457fda9a29356ab526b5de594d60d8cce14b8ab12c4e6c88de94fc8b40,gx-no-cache=1520360124308 HTTP/1.1" 200 30
186.103.158.250 - - [06/Mar/2018:15:16:14 -0300] "GET /cormun/servlet/solicitudot?c05c57fc898dc32e89ec4ea6100f6a22220d4eba2f73381c2e3a8cd885ce2395,gx-no-cache=1520360124417 HTTP/1.1" 200 53
186.103.158.250 - - [06/Mar/2018:15:16:14 -0300] "POST /cormun/servlet/solicitudot?gx-no-cache=1520360124492 HTTP/1.1" 200 255
186.103.158.250 - - [06/Mar/2018:15:16:14 -0300] "GET /cormun/servlet/solicitudot?c05c57fc898dc32e89ec4ea6100f6a2206d0bad22ad99afb24fa40367a3e4110b42df3b0841ae14315bd21f1ac5d44a9688302fcf092bf9c8cd63f2497b4e55cd4c5e475c42c693d08088d5f19bf5bb7a419b88a49561616ed943f5bb2654c96568bec33b6a3149a9796f419b4b726c882a3d3170c8436a3e41ef67e80f7dd91d7a47ea3007ec8d5a9024429fa5ae7933eeca844661097344b8f319a625f42e871a12c15029bcb6dc8cb012d0e69c964a93705f66a87a1e7ea13519492b6741a3358ed71584d5978130192c6775bd3faa4a42fa8cc39b98b1cc985fb716dadc64a039b82204a2f3e6d598e8cc8a03f1b8eb9b967d53e4bb93dd806a8cf0a4d93c464e53ceaa73a394ed62a5e3e57997378173eb2a3f87ca80181f17661aad2d4c41eb0b6aec08f12d192ecb58dd2ea4ac6bd6aa4c00699ecf46accdf39a7e2740f089224047c905c6aafe0b91ce0cac83399cbe7412e521304a8ebf50b36a4cbde69696de94ca87b4b7f5cdabffd620a91ea13a9b9e40356b8dc2af877d674f3,gx-no-cache=1520360124615 HTTP/1.1" 200 30
186.103.158.250 - - [06/Mar/2018:15:16:17 -0300] "POST /cormun/servlet/solicitudot?gx-no-cache=1520360127606 HTTP/1.1" 200 30
186.103.158.250 - - [06/Mar/2018:15:16:18 -0300] "GET /cormun/servlet/prcontratosol?16882955,,,,,MD,,gxPopupLevel%3D0%3B HTTP/1.1" 200 7973
186.103.158.250 - - [06/Mar/2018:15:17:02 -0300] "POST /cormun/servlet/solicitudot?gx-no-cache=1520360172919 HTTP/1.1" 200 1337
186.103.158.250 - - [06/Mar/2018:15:17:02 -0300] "POST /cormun/servlet/solicitudot?gx-no-cache=1520360173048 HTTP/1.1" 200 38
186.103.158.250 - - [06/Mar/2018:15:17:02 -0300] "GET /cormun/servlet/solicitudot?c05c57fc898dc32e89ec4ea6100f6a22370a01fd331fec8b724cac3a907de3d0fb8d4546cfef7674faa301d538460328393f054603bdf7b8e36820848f8e1beaaebebbdd5a8b418a6d33f7304ba9a3f0e2c53ee99040ef2ea00b1e1f7395b3a4473f9d6ba9466a46375559c56b167270eb1df3f0b54e4736678b5aee9930b67325f4a656f9e05350102b006e1e571cae497a17f010f573d3a42ddb8aed43b241,gx-no-cache=1520360173102 HTTP/1.1" 200 29
186.103.158.250 - - [06/Mar/2018:15:17:02 -0300] "POST /cormun/servlet/solicitudot?gx-no-cache=1520360173155 HTTP/1.1" 200 1321
186.103.158.250 - - [06/Mar/2018:15:17:02 -0300] "POST /cormun/servlet/solicitudot?gx-no-cache=1520360173239 HTTP/1.1" 200 1218
186.103.158.250 - - [06/Mar/2018:15:17:02 -0300] "GET /cormun/servlet/solicitudot?c05c57fc898dc32e89ec4ea6100f6a22cad653bb483d8767d8357c9170059d5783c43709e52ce5fde47fedba1adcae25,gx-no-cache=1520360173302 HTTP/1.1" 200 30
186.103.158.250 - - [06/Mar/2018:15:17:23 -0300] "POST /cormun/servlet/solicitudot?gx-no-cache=1520360193628 HTTP/1.1" 200 30
186.103.158.250 - - [06/Mar/2018:15:17:25 -0300] "POST /cormun/servlet/solicitudot?gx-no-cache=1520360196027 HTTP/1.1" 200 1337
186.103.158.250 - - [06/Mar/2018:15:17:25 -0300] "POST /cormun/servlet/solicitudot?gx-no-cache=1520360196228 HTTP/1.1" 200 41
186.103.159.43 - - [06/Mar/2018:15:17:52 -0300] "GET /cormun/servlet/hlogin HTTP/1.1" 200 1727
186.103.159.43 - - [06/Mar/2018:15:17:53 -0300] "GET /cormun/servlet/hlogin HTTP/1.1" 200 1732
192.168.10.56 - - [06/Mar/2018:15:17:58 -0300] "POST /cormun/servlet/hlogin?c858268f9d090802262e6121baa99871,gx-no-cache=1520360118050 HTTP/1.1" 200 90
192.168.10.56 - - [06/Mar/2018:15:17:58 -0300] "GET /cormun/servlet/hpexe_link HTTP/1.1" 200 954
192.168.10.56 - - [06/Mar/2018:15:17:59 -0300] "GET /cormun/servlet/hhome HTTP/1.1" 200 3860
192.168.10.56 - - [06/Mar/2018:15:17:59 -0300] "GET /cormun/servlet/hhome HTTP/1.1" 200 3858
192.168.10.56 - - [06/Mar/2018:15:18:01 -0300] "GET /cormun/servlet/hlogin HTTP/1.1" 200 1733
186.103.159.43 - - [06/Mar/2018:15:18:07 -0300] "POST /cormun/servlet/hlogin?61396f1be2fb8b98ef5e38af1ef72bdc,gx-no-cache=1520360238563 HTTP/1.1" 200 90
186.103.159.43 - - [06/Mar/2018:15:18:07 -0300] "GET /cormun/servlet/hpexe_link HTTP/1.1" 200 955
186.103.159.43 - - [06/Mar/2018:15:18:07 -0300] "GET /cormun/servlet/hhome HTTP/1.1" 200 4166
192.168.10.56 - - [06/Mar/2018:15:18:07 -0300] "POST /cormun/servlet/hlogin?c858268f9d090802262e6121baa99871,gx-no-cache=1520360126649 HTTP/1.1" 200 90
192.168.10.56 - - [06/Mar/2018:15:18:07 -0300] "GET /cormun/servlet/hpexe_link HTTP/1.1" 200 954
192.168.10.56 - - [06/Mar/2018:15:18:07 -0300] "GET /cormun/servlet/hhome HTTP/1.1" 200 4473
192.168.10.56 - - [06/Mar/2018:15:18:07 -0300] "GET /cormun/servlet/hhome HTTP/1.1" 200 4471
186.103.159.43 - - [06/Mar/2018:15:18:08 -0300] "GET /cormun/servlet/hhome HTTP/1.1" 200 4162
192.168.10.56 - - [06/Mar/2018:15:18:10 -0300] "GET /cormun/servlet/hlogin HTTP/1.1" 200 1733
186.103.158.250 - - [06/Mar/2018:15:18:17 -0300] "POST /cormun/servlet/solicitudot?gx-no-cache=1520360247363 HTTP/1.1" 200 1321
186.103.158.250 - - [06/Mar/2018:15:18:17 -0300] "POST /cormun/servlet/solicitudot?gx-no-cache=1520360247483 HTTP/1.1" 200 1218
186.103.158.250 - - [06/Mar/2018:15:18:17 -0300] "POST /cormun/servlet/solicitudot?gx-no-cache=1520360247555 HTTP/1.1" 200 30
186.103.158.250 - - [06/Mar/2018:15:18:20 -0300] "GET /cormun/static/menuarrow.gif HTTP/1.1" 404 1015
186.103.158.250 - - [06/Mar/2018:15:18:24 -0300] "GET /cormun/servlet/solicitudot?c05c57fc898dc32e89ec4ea6100f6a22634dad9c30d4ea282de98a8c6d564b021f3b34f7bd9fbdcfbfb4a6098ba22d7d,gx-no-cache=1520360254977 HTTP/1.1" 200 30
186.103.159.43 - - [06/Mar/2018:15:18:25 -0300] "GET /cormun/servlet/trautorizarsolicitud? HTTP/1.1" 200 9145
186.103.159.43 - - [06/Mar/2018:15:18:26 -0300] "GET /cormun/servlet/trautorizarsolicitud? HTTP/1.1" 200 9143
186.103.159.43 - - [06/Mar/2018:15:18:31 -0300] "POST /cormun/servlet/trautorizarsolicitud?61396f1be2fb8b98ef5e38af1ef72bdc,,gx-no-cache=1520360262845 HTTP/1.1" 200 5791
186.103.159.43 - - [06/Mar/2018:15:18:31 -0300] "GET /cormun/static/Shared/jqueryui/images/ui-bg_highlight-soft_100_c6c2c8_1x100.png HTTP/1.1" 404 1117
186.103.159.43 - - [06/Mar/2018:15:18:31 -0300] "GET /cormun/static/Shared/jqueryui/images/ui-icons_82798d_256x240.png HTTP/1.1" 404 1089
186.103.159.43 - - [06/Mar/2018:15:18:31 -0300] "GET /cormun/static/Shared/jqueryui/images/ui-bg_flat_55_fafafa_40x100.png HTTP/1.1" 404 1097
186.103.159.43 - - [06/Mar/2018:15:18:31 -0300] "GET /cormun/static/Shared/jqueryui/images/ui-icons_8d78a5_256x240.png HTTP/1.1" 404 1089
186.103.159.43 - - [06/Mar/2018:15:18:31 -0300] "POST /cormun/servlet/trautorizarsolicitud?61396f1be2fb8b98ef5e38af1ef72bdc,,gx-no-cache=1520360263128 HTTP/1.1" 200 5735
186.103.159.43 - - [06/Mar/2018:15:18:32 -0300] "POST /cormun/servlet/trautorizarsolicitud?61396f1be2fb8b98ef5e38af1ef72bdc,,gx-no-cache=1520360264192 HTTP/1.1" 200 4615
186.103.159.43 - - [06/Mar/2018:15:18:32 -0300] "POST /cormun/servlet/trautorizarsolicitud?61396f1be2fb8b98ef5e38af1ef72bdc,,gx-no-cache=1520360264357 HTTP/1.1" 200 4383
186.103.158.250 - - [06/Mar/2018:15:18:36 -0300] "POST /cormun/servlet/solicitudot?gx-no-cache=1520360266646 HTTP/1.1" 200 30
192.168.10.62 - - [06/Mar/2018:15:18:46 -0300] "GET /cormun/servlet/hlogin HTTP/1.1" 200 1710
192.168.10.62 - - [06/Mar/2018:15:19:12 -0300] "POST /cormun/servlet/hlogin?550ad18f5c188b4c4c5899fef74875d9,gx-no-cache=1520360191295 HTTP/1.1" 200 90
192.168.10.62 - - [06/Mar/2018:15:19:12 -0300] "GET /cormun/servlet/hpexe_link HTTP/1.1" 200 942
192.168.10.62 - - [06/Mar/2018:15:19:12 -0300] "GET /cormun/servlet/hhome HTTP/1.1" 200 4434
192.168.10.62 - - [06/Mar/2018:15:19:12 -0300] "GET /cormun/servlet/hhome HTTP/1.1" 200 4430
192.168.10.62 - - [06/Mar/2018:15:19:18 -0300] "GET /cormun/servlet/trsolicitudgral? HTTP/1.1" 200 28205
192.168.10.62 - - [06/Mar/2018:15:19:20 -0300] "GET /cormun/servlet/trsolicitudgral? HTTP/1.1" 200 28203
186.103.158.250 - - [06/Mar/2018:15:19:23 -0300] "POST /cormun/servlet/solicitudot?gx-no-cache=1520360313302 HTTP/1.1" 200 1321
186.103.158.250 - - [06/Mar/2018:15:19:23 -0300] "POST /cormun/servlet/solicitudot?gx-no-cache=1520360313515 HTTP/1.1" 200 1218
186.103.158.250 - - [06/Mar/2018:15:19:23 -0300] "GET /cormun/servlet/solicitudot?c05c57fc898dc32e89ec4ea6100f6a22634dad9c30d4ea282de98a8c6d564b021f3b34f7bd9fbdcfbfb4a6098ba22d7d,gx-no-cache=1520360313579 HTTP/1.1" 200 30
186.103.158.250 - - [06/Mar/2018:15:19:23 -0300] "POST /cormun/servlet/solicitudot?gx-no-cache=1520360313630 HTTP/1.1" 200 30
186.103.157.39 - - [06/Mar/2018:15:19:41 -0300] "POST /cormun/servlet/solicitudot?gx-no-cache=1520360332071 HTTP/1.1" 200 1337
186.103.157.39 - - [06/Mar/2018:15:19:41 -0300] "POST /cormun/servlet/solicitudot?gx-no-cache=1520360332880 HTTP/1.1" 200 38
186.103.157.39 - - [06/Mar/2018:15:19:41 -0300] "GET /cormun/servlet/solicitudot?ba4470af356cfabc9657c957eccace6d38dadb39db0d8eeeb2f48c8c18bb6f040666420f55a724bba19a6ac3bda7fc29d7ce7e6c0c55daa7add38e1d24f5c5cdfa1ec504ca772e58d46c27425e751a1cf0f2522393f45a484ea85bcd5f097ab77333181259928ba7b68710a0548308e2,gx-no-cache=1520360333036 HTTP/1.1" 200 29
186.103.157.39 - - [06/Mar/2018:15:19:41 -0300] "POST /cormun/servlet/solicitudot?gx-no-cache=1520360333146 HTTP/1.1" 200 1319
186.103.157.39 - - [06/Mar/2018:15:19:41 -0300] "POST /cormun/servlet/solicitudot?gx-no-cache=1520360333390 HTTP/1.1" 200 1218
186.103.158.250 - - [06/Mar/2018:15:19:41 -0300] "POST /cormun/servlet/solicitudot?256ef51633c6977d07e787c9b56561e7,INS,0,0,,gx-no-cache=1520360332065 HTTP/1.1" 200 93
186.103.157.39 - - [06/Mar/2018:15:19:41 -0300] "GET /cormun/servlet/solicitudot?ba4470af356cfabc9657c957eccace6d763660de256f3ca89bd831a33d8756aa,gx-no-cache=1520360333510 HTTP/1.1" 200 30
186.103.158.250 - - [06/Mar/2018:15:19:41 -0300] "GET /cormun/servlet/hpexe_return? HTTP/1.1" 200 1005
186.103.158.250 - - [06/Mar/2018:15:19:42 -0300] "GET /cormun/servlet/trsolicitudot HTTP/1.1" 200 10024
186.103.157.39 - - [06/Mar/2018:15:19:43 -0300] "POST /cormun/servlet/solicitudot?8823ee0f9837c1bb8a2f2830087adb9c,INS,0,0,,gx-no-cache=1520360334612 HTTP/1.1" 200 93
186.103.157.39 - - [06/Mar/2018:15:19:43 -0300] "GET /cormun/servlet/hpexe_return? HTTP/1.1" 200 1010
186.103.157.39 - - [06/Mar/2018:15:19:43 -0300] "GET /cormun/servlet/trsolicitudot HTTP/1.1" 200 7163
186.103.158.250 - - [06/Mar/2018:15:19:44 -0300] "GET /cormun/servlet/trsolicitudot HTTP/1.1" 200 10020
186.103.157.39 - - [06/Mar/2018:15:19:44 -0300] "GET /cormun/servlet/trsolicitudot HTTP/1.1" 200 7159
200.111.122.170 - - [06/Mar/2018:15:19:46 -0300] "GET /cormun/servlet/trautorizarsolicitud? HTTP/1.1" 200 20833
200.111.122.170 - - [06/Mar/2018:15:19:48 -0300] "GET /cormun/servlet/trautorizarsolicitud? HTTP/1.1" 200 20828
192.168.10.62 - - [06/Mar/2018:15:20:08 -0300] "POST /cormun/servlet/trsolicitudgral?550ad18f5c188b4c4c5899fef74875d9,,gx-no-cache=1520360247714 HTTP/1.1" 200 12215
200.112.5.172 - - [06/Mar/2018:15:20:12 -0300] "GET /cormun/servlet/hlogin HTTP/1.1" 200 1720
192.168.10.62 - - [06/Mar/2018:15:20:17 -0300] "POST /cormun/servlet/trsolicitudgral?550ad18f5c188b4c4c5899fef74875d9,,gx-no-cache=1520360256418 HTTP/1.1" 200 19414
192.168.10.62 - - [06/Mar/2018:15:20:27 -0300] "POST /cormun/servlet/trsolicitudgral?550ad18f5c188b4c4c5899fef74875d9,,gx-no-cache=1520360266148 HTTP/1.1" 200 12215
192.168.10.62 - - [06/Mar/2018:15:20:28 -0300] "POST /cormun/servlet/trsolicitudgral?550ad18f5c188b4c4c5899fef74875d9,,gx-no-cache=1520360267540 HTTP/1.1" 200 104
192.168.10.62 - - [06/Mar/2018:15:20:28 -0300] "POST /cormun/servlet/trsolicitudgral?550ad18f5c188b4c4c5899fef74875d9,,gx-no-cache=1520360267713 HTTP/1.1" 200 12198
192.168.10.62 - - [06/Mar/2018:15:20:28 -0300] "GET /cormun/SolicitudGral-102.xls HTTP/1.1" 200 11264
200.72.197.82 - - [06/Mar/2018:15:20:58 -0300] "GET /cormun/servlet/treventos?2018,9566, HTTP/1.1" 200 8080
200.72.197.82 - - [06/Mar/2018:15:20:59 -0300] "GET /cormun/servlet/treventos?2018,9566, HTTP/1.1" 200 8086
200.72.197.82 - - [06/Mar/2018:15:21:22 -0300] "GET /cormun/servlet/trautorizarsolicitud? HTTP/1.1" 200 20833
200.72.197.82 - - [06/Mar/2018:15:21:23 -0300] "GET /cormun/servlet/trautorizarsolicitud? HTTP/1.1" 200 20828
190.151.100.218 - - [06/Mar/2018:15:21:27 -0300] "GET /cormun/servlet/treventos?2018,9932, HTTP/1.1" 200 8351
190.151.100.218 - - [06/Mar/2018:15:21:27 -0300] "GET /cormun/servlet/treventos?2018,9932, HTTP/1.1" 200 8356
192.168.10.62 - - [06/Mar/2018:15:23:34 -0300] "POST /cormun/servlet/trsolicitudgral?550ad18f5c188b4c4c5899fef74875d9,,gx-no-cache=1520360453397 HTTP/1.1" 200 19415
192.168.10.62 - - [06/Mar/2018:15:23:36 -0300] "POST /cormun/servlet/trsolicitudgral?550ad18f5c188b4c4c5899fef74875d9,,gx-no-cache=1520360455159 HTTP/1.1" 200 105
192.168.10.62 - - [06/Mar/2018:15:23:36 -0300] "GET /cormun/SolicitudGral-5806.xls HTTP/1.1" 200 20480
186.103.159.189 - - [06/Mar/2018:15:25:13 -0300] "GET /cormun/servlet/hlogin HTTP/1.1" 200 1721
186.103.159.189 - - [06/Mar/2018:15:25:26 -0300] "POST /cormun/servlet/hlogin?a0233e056c3e42271d2b55fbd4732acb,gx-no-cache=1520360678817 HTTP/1.1" 200 90
186.103.159.189 - - [06/Mar/2018:15:25:26 -0300] "GET /cormun/servlet/hpexe_link HTTP/1.1" 200 951
186.103.159.189 - - [06/Mar/2018:15:25:26 -0300] "GET /cormun/servlet/hhome HTTP/1.1" 200 3970
186.103.159.189 - - [06/Mar/2018:15:25:28 -0300] "GET /cormun/servlet/hhome HTTP/1.1" 200 3967
186.103.159.189 - - [06/Mar/2018:15:25:38 -0300] "GET /cormun/servlet/trsolicitudot? HTTP/1.1" 200 7181
186.103.159.189 - - [06/Mar/2018:15:25:39 -0300] "GET /cormun/servlet/trsolicitudot? HTTP/1.1" 200 7180
186.103.159.189 - - [06/Mar/2018:15:25:41 -0300] "GET /cormun/servlet/solicitudot?INS,0,0, HTTP/1.1" 200 13425
186.103.159.189 - - [06/Mar/2018:15:25:42 -0300] "GET /cormun/servlet/solicitudot?INS,0,0, HTTP/1.1" 200 13429
186.103.159.189 - - [06/Mar/2018:15:25:45 -0300] "GET /cormun/servlet/prfichaempleado?,MD,,gxPopupLevel%3D0%3B HTTP/1.1" 200 9314
186.103.159.189 - - [06/Mar/2018:15:25:57 -0300] "POST /cormun/servlet/prfichaempleado?a0233e056c3e42271d2b55fbd4732acb,,MD,,gxPopupLevel%3D0%3B,gx-no-cache=1520360709521 HTTP/1.1" 200 3414
186.103.159.189 - - [06/Mar/2018:15:26:01 -0300] "POST /cormun/servlet/solicitudot?gx-no-cache=1520360714266 HTTP/1.1" 200 3405
186.103.159.189 - - [06/Mar/2018:15:26:02 -0300] "POST /cormun/servlet/solicitudot?a0233e056c3e42271d2b55fbd4732acb,INS,0,0,,gx-no-cache=1520360714553 HTTP/1.1" 200 10360
186.103.159.189 - - [06/Mar/2018:15:26:10 -0300] "GET /cormun/servlet/solicitudot?476d1c64ff26e169068e4c09792c5ddbe8ec398aaf6569119c4691980ef06fad003e4273fc32fe57e7c3d40b64ca0d10,gx-no-cache=1520360723121 HTTP/1.1" 200 30
186.103.159.189 - - [06/Mar/2018:15:26:10 -0300] "GET /cormun/servlet/solicitudot?476d1c64ff26e169068e4c09792c5ddb4d3065024cebcdb73860cc09657c51edd5cbf7e30d2e78aa2f811f7e53707688cf8314f86c0ed8eda023f4b5f394ba6a,gx-no-cache=1520360723244 HTTP/1.1" 200 30
186.103.159.189 - - [06/Mar/2018:15:26:10 -0300] "GET /cormun/servlet/solicitudot?476d1c64ff26e169068e4c09792c5ddb6326a76d00a06fb0985034c3b03dc982,gx-no-cache=1520360723345 HTTP/1.1" 200 53
186.103.159.189 - - [06/Mar/2018:15:26:11 -0300] "POST /cormun/servlet/solicitudot?gx-no-cache=1520360723472 HTTP/1.1" 200 256
186.103.159.189 - - [06/Mar/2018:15:26:11 -0300] "GET /cormun/servlet/solicitudot?476d1c64ff26e169068e4c09792c5ddb1ad5bc6f3584b213c67e9a736c68610676ac9db00ab220e25ac48f065926956868cfd67035588b4c815c28304ff2fdf05e6d846592a4d0156265f91bf8b54c046941ffe453bfbeef4691df75f88bf0f198ad1699e94943254fb65e7ccbd707231c37224f0f3296184809c0b55c4229d148f1d9058911504116e991d9376075d466582dc57c3b469da5108ed69294622cf75d897bf4f2e76c9cc7b55992107d536659875f3b4ecd422204ae0c2a88066694ea47e61954add815b7af3508d0193f4cd0a81b7dfd267990c7f55404798ce33c38003992db61eb17adbe45d2aa5ada0bc9cf987eae8cf72fd5a888e8bbdc0ad9e5c8159b4117c00b5e7a6b59b5e1f14260e3e697198c5b5d80e0bb931decb9eab7c38abf60cbf33daf73489f4842f29a3c759f0a9427806ef0917741d18c1b1230cf1ea63fdf23b66c8cd9157f6e87acfa5d5d5fe4b215d0fc260f710cf2a5df17187e8e2acc074c1b1665da2366178ffcdf5d4face8920332da1e445f0b98,gx-no-cache=1520360723602 HTTP/1.1" 200 30
186.103.159.189 - - [06/Mar/2018:15:26:11 -0300] "POST /cormun/servlet/solicitudot?gx-no-cache=1520360723815 HTTP/1.1" 200 30
186.103.159.189 - - [06/Mar/2018:15:26:11 -0300] "POST /cormun/servlet/solicitudot?gx-no-cache=1520360723963 HTTP/1.1" 200 1337
186.103.159.189 - - [06/Mar/2018:15:26:11 -0300] "POST /cormun/servlet/solicitudot?gx-no-cache=1520360724227 HTTP/1.1" 200 38
186.103.159.189 - - [06/Mar/2018:15:26:22 -0300] "POST /cormun/servlet/solicitudot?gx-no-cache=1520360735452 HTTP/1.1" 200 30
186.103.159.189 - - [06/Mar/2018:15:26:24 -0300] "POST /cormun/servlet/solicitudot?gx-no-cache=1520360737177 HTTP/1.1" 200 1337
186.103.159.189 - - [06/Mar/2018:15:26:24 -0300] "POST /cormun/servlet/solicitudot?gx-no-cache=1520360737297 HTTP/1.1" 200 38
186.103.159.189 - - [06/Mar/2018:15:26:30 -0300] "GET /cormun/servlet/solicitudot?476d1c64ff26e169068e4c09792c5ddb8ab6b6b24798e02494cab06d20370ba0691fda16fa35b1578723f33836a7d25b05d4615110bec33abbab4a1a4cb9351c68d70591a35613115543e1112ede3a75f3aa2a1c2be35fbd6c23d7555f2d07e3a896f8b652e093fee4379ea284b0bba9,gx-no-cache=1520360742861 HTTP/1.1" 200 29
186.103.159.189 - - [06/Mar/2018:15:26:30 -0300] "POST /cormun/servlet/solicitudot?gx-no-cache=1520360742927 HTTP/1.1" 200 1318
186.103.159.189 - - [06/Mar/2018:15:26:30 -0300] "POST /cormun/servlet/solicitudot?gx-no-cache=1520360742987 HTTP/1.1" 200 1218
186.103.159.189 - - [06/Mar/2018:15:26:30 -0300] "GET /cormun/static/menuarrow.gif HTTP/1.1" 404 1015
186.103.159.189 - - [06/Mar/2018:15:26:32 -0300] "POST /cormun/servlet/solicitudot?gx-no-cache=1520360744574 HTTP/1.1" 200 1318
186.103.159.189 - - [06/Mar/2018:15:26:32 -0300] "POST /cormun/servlet/solicitudot?gx-no-cache=1520360744689 HTTP/1.1" 200 1218
186.103.159.189 - - [06/Mar/2018:15:26:37 -0300] "GET /cormun/servlet/solicitudot?476d1c64ff26e169068e4c09792c5ddbdd092a52d09fd1861189f7acd3799ac6e3ebb9413ad1d0fc78e786a86d8334cc,gx-no-cache=1520360746828 HTTP/1.1" 200 30
192.168.10.89 - - [06/Mar/2018:15:26:42 -0300] "GET /cormun/servlet/hlogin HTTP/1.1" 200 1724
186.103.159.189 - - [06/Mar/2018:15:26:43 -0300] "POST /cormun/servlet/solicitudot?gx-no-cache=1520360755245 HTTP/1.1" 200 30
192.168.10.62 - - [06/Mar/2018:15:26:50 -0300] "POST /cormun/servlet/trsolicitudgral?550ad18f5c188b4c4c5899fef74875d9,,gx-no-cache=1520360649836 HTTP/1.1" 200 17488
192.168.10.89 - - [06/Mar/2018:15:26:59 -0300] "POST /cormun/servlet/hlogin?e3642c428013058f9984b2b3c65b9d25,gx-no-cache=1520360658443 HTTP/1.1" 200 430
192.168.10.62 - - [06/Mar/2018:15:27:01 -0300] "POST /cormun/servlet/trsolicitudgral?550ad18f5c188b4c4c5899fef74875d9,,gx-no-cache=1520360660106 HTTP/1.1" 200 17526
192.168.10.62 - - [06/Mar/2018:15:27:01 -0300] "GET /cormun/static/Shared/jqueryui/images/ui-icons_82798d_256x240.png HTTP/1.1" 404 1089
192.168.10.62 - - [06/Mar/2018:15:27:01 -0300] "GET /cormun/static/Shared/jqueryui/images/ui-bg_highlight-soft_100_c6c2c8_1x100.png HTTP/1.1" 404 1117
192.168.10.62 - - [06/Mar/2018:15:27:01 -0300] "GET /cormun/static/Shared/jqueryui/images/ui-icons_8d78a5_256x240.png HTTP/1.1" 404 1089
192.168.10.62 - - [06/Mar/2018:15:27:01 -0300] "GET /cormun/static/Shared/jqueryui/images/ui-bg_flat_55_fafafa_40x100.png HTTP/1.1" 404 1097
192.168.10.89 - - [06/Mar/2018:15:27:05 -0300] "POST /cormun/servlet/hlogin?e3642c428013058f9984b2b3c65b9d25,gx-no-cache=1520360664521 HTTP/1.1" 200 90
192.168.10.89 - - [06/Mar/2018:15:27:05 -0300] "GET /cormun/servlet/hpexe_link HTTP/1.1" 200 956
192.168.10.89 - - [06/Mar/2018:15:27:05 -0300] "GET /cormun/servlet/hhome HTTP/1.1" 200 4262
186.103.159.189 - - [06/Mar/2018:15:27:06 -0300] "POST /cormun/servlet/solicitudot?a0233e056c3e42271d2b55fbd4732acb,INS,0,0,,gx-no-cache=1520360778688 HTTP/1.1" 200 93
186.103.159.189 - - [06/Mar/2018:15:27:06 -0300] "GET /cormun/servlet/hpexe_return? HTTP/1.1" 200 1008
186.103.159.189 - - [06/Mar/2018:15:27:06 -0300] "GET /cormun/servlet/trsolicitudot HTTP/1.1" 200 8552
186.103.159.189 - - [06/Mar/2018:15:27:08 -0300] "GET /cormun/servlet/trsolicitudot HTTP/1.1" 200 8548
192.168.10.89 - - [06/Mar/2018:15:27:08 -0300] "GET /cormun/servlet/trsolicitudot? HTTP/1.1" 200 8834
192.168.10.89 - - [06/Mar/2018:15:27:13 -0300] "POST /cormun/servlet/trsolicitudot?e3642c428013058f9984b2b3c65b9d25,,gx-no-cache=1520360673068 HTTP/1.1" 200 105
192.168.10.89 - - [06/Mar/2018:15:27:14 -0300] "GET /cormun/servlet/solicitudot?UPD,2018,10130, HTTP/1.1" 200 15503
192.168.10.89 - - [06/Mar/2018:15:27:15 -0300] "POST /cormun/servlet/solicitudot?gx-no-cache=1520360674304 HTTP/1.1" 200 3410
192.168.10.89 - - [06/Mar/2018:15:27:15 -0300] "POST /cormun/servlet/solicitudot?e3642c428013058f9984b2b3c65b9d25,UPD,2018,10130,,gx-no-cache=1520360674491 HTTP/1.1" 200 11722
192.168.10.89 - - [06/Mar/2018:15:27:15 -0300] "GET /cormun/servlet/solicitudot?ebdf18d61206857d9c489207397615b90a4186c1597fc8d9296859a4bbc90761a2b3c7921f1ed4325c7f7566c928bc76,gx-no-cache=1520360674727 HTTP/1.1" 200 30
192.168.10.89 - - [06/Mar/2018:15:27:15 -0300] "GET /cormun/servlet/solicitudot?ebdf18d61206857d9c489207397615b930a47debe1f47271a34d91553af3b98cc88820838f2f445a724050e65b73b8610362c4a480ce1c6b0e8307c0fc2c997d,gx-no-cache=1520360674777 HTTP/1.1" 200 30
192.168.10.89 - - [06/Mar/2018:15:27:15 -0300] "GET /cormun/servlet/solicitudot?ebdf18d61206857d9c489207397615b9ea4acde87b5f05600d8e79cb27c119e2ffa6e87ad135258ffdfd7f53c1ae2f172fedfc942c2544613ee806e8e0bd6cce,gx-no-cache=1520360674795 HTTP/1.1" 200 53
192.168.10.89 - - [06/Mar/2018:15:27:15 -0300] "POST /cormun/servlet/solicitudot?gx-no-cache=1520360674817 HTTP/1.1" 200 297
192.168.10.89 - - [06/Mar/2018:15:27:15 -0300] "GET /cormun/servlet/solicitudot?ebdf18d61206857d9c489207397615b9f66c4491ac3e9a38c1eb4f8009175ea9e8a41ba0347c74aaed245e59ce9da82aa6e0b5b43b8cba99766d035d8073381f141d5bdcf2f5752d2fd94d08d1969e2cc78ebf3defdc3aafbe1120c2e3ff6c2d7a224977625a40a2bdeff22294ee2ed48ba8c455621a2b191fffca5c7d0f05e9640b6b4253532e79b7645a39a079cdd57c0afaf6efb5899ded90bb330e278831b8904ac2c7c24a129f8f56b96a72439f57d4e01db28a48dccb3dfa94e59213575526af146e512b5adc5275569a6401b2806c4de5d7fe11e49ec86cccc4db8f24e2375d8f9e197e41a687a50bca2e6edad6e59085f8fa373e51c7316638787caaebe68134565c788ac5564a07ca14a666a80124eefc542937f55118aa6b7b78ca1a5de3ab015b9ed1129be174d88be23e7af532d3759559a4d4e47b2b56d9be80b23e29622ec1bee6f664e563f08a120fc55f3935d5b26ad7027f5819fb6694c89f0502f15b2435f190c0dae34543958672946aae2a19915608e803b9801087d00852063d2a6a2d273a934d91b2a8c052,gx-no-cache=1520360674843 HTTP/1.1" 200 30
192.168.10.89 - - [06/Mar/2018:15:27:15 -0300] "POST /cormun/servlet/solicitudot?gx-no-cache=1520360674865 HTTP/1.1" 200 30
192.168.10.89 - - [06/Mar/2018:15:27:15 -0300] "POST /cormun/servlet/solicitudot?gx-no-cache=1520360674921 HTTP/1.1" 200 1335
192.168.10.89 - - [06/Mar/2018:15:27:15 -0300] "POST /cormun/servlet/solicitudot?gx-no-cache=1520360674966 HTTP/1.1" 200 41
192.168.10.89 - - [06/Mar/2018:15:27:23 -0300] "POST /cormun/servlet/solicitudot?e3642c428013058f9984b2b3c65b9d25,UPD,2018,10130,,gx-no-cache=1520360682887 HTTP/1.1" 200 93
192.168.10.89 - - [06/Mar/2018:15:27:23 -0300] "GET /cormun/servlet/hpexe_return? HTTP/1.1" 200 1017
192.168.10.89 - - [06/Mar/2018:15:27:23 -0300] "GET /cormun/servlet/trsolicitudot HTTP/1.1" 200 8836
192.168.10.62 - - [06/Mar/2018:15:27:32 -0300] "POST /cormun/servlet/trsolicitudgral?550ad18f5c188b4c4c5899fef74875d9,,gx-no-cache=1520360691595 HTTP/1.1" 200 19415
192.168.10.56 - - [06/Mar/2018:15:27:57 -0300] "POST /cormun/servlet/hlogin?c858268f9d090802262e6121baa99871,gx-no-cache=1520360716712 HTTP/1.1" 200 90
192.168.10.56 - - [06/Mar/2018:15:27:57 -0300] "GET /cormun/servlet/hpexe_link HTTP/1.1" 200 954
192.168.10.56 - - [06/Mar/2018:15:27:57 -0300] "GET /cormun/servlet/hhome HTTP/1.1" 200 4473
192.168.10.56 - - [06/Mar/2018:15:27:58 -0300] "GET /cormun/servlet/hhome HTTP/1.1" 200 4471
192.168.10.89 - - [06/Mar/2018:15:28:01 -0300] "POST /cormun/servlet/trsolicitudot?e3642c428013058f9984b2b3c65b9d25,gx-no-cache=1520360720436 HTTP/1.1" 200 4680
192.168.10.89 - - [06/Mar/2018:15:28:01 -0300] "POST /cormun/servlet/trsolicitudot?e3642c428013058f9984b2b3c65b9d25,gx-no-cache=1520360720669 HTTP/1.1" 200 4456
192.168.10.89 - - [06/Mar/2018:15:28:01 -0300] "GET /cormun/static/Shared/jqueryui/images/ui-bg_flat_55_fafafa_40x100.png HTTP/1.1" 404 1097
192.168.10.89 - - [06/Mar/2018:15:28:01 -0300] "GET /cormun/static/Shared/jqueryui/images/ui-bg_highlight-soft_100_c6c2c8_1x100.png HTTP/1.1" 404 1117
192.168.10.89 - - [06/Mar/2018:15:28:01 -0300] "GET /cormun/static/Shared/jqueryui/images/ui-icons_8d78a5_256x240.png HTTP/1.1" 404 1089
192.168.10.89 - - [06/Mar/2018:15:28:01 -0300] "GET /cormun/static/Shared/jqueryui/images/ui-icons_82798d_256x240.png HTTP/1.1" 404 1089
192.168.10.89 - - [06/Mar/2018:15:28:04 -0300] "GET /cormun/servlet/trautorizarsolicitud? HTTP/1.1" 200 8727
192.168.10.89 - - [06/Mar/2018:15:28:07 -0300] "POST /cormun/servlet/trautorizarsolicitud?e3642c428013058f9984b2b3c65b9d25,,gx-no-cache=1520360726802 HTTP/1.1" 200 4612
192.168.10.89 - - [06/Mar/2018:15:28:07 -0300] "POST /cormun/servlet/trautorizarsolicitud?e3642c428013058f9984b2b3c65b9d25,,gx-no-cache=1520360727049 HTTP/1.1" 200 4389
192.168.10.89 - - [06/Mar/2018:15:28:08 -0300] "GET /cormun/static/Shared/jqueryui/images/ui-icons_82798d_256x240.png HTTP/1.1" 404 1089
192.168.10.89 - - [06/Mar/2018:15:28:08 -0300] "GET /cormun/static/Shared/jqueryui/images/ui-icons_8d78a5_256x240.png HTTP/1.1" 404 1089
192.168.10.89 - - [06/Mar/2018:15:28:08 -0300] "GET /cormun/static/Shared/jqueryui/images/ui-bg_flat_55_fafafa_40x100.png HTTP/1.1" 404 1097
192.168.10.89 - - [06/Mar/2018:15:28:08 -0300] "GET /cormun/static/Shared/jqueryui/images/ui-bg_highlight-soft_100_c6c2c8_1x100.png HTTP/1.1" 404 1117
192.168.10.56 - - [06/Mar/2018:15:28:42 -0300] "GET /cormun/servlet/trsolicitudgral? HTTP/1.1" 200 14849
192.168.10.56 - - [06/Mar/2018:15:28:42 -0300] "GET /cormun/servlet/trsolicitudgral? HTTP/1.1" 200 14847
186.67.164.142 - - [06/Mar/2018:15:28:59 -0300] "GET /cormun/servlet/hlogin HTTP/1.1" 200 1726
192.168.10.96 - - [06/Mar/2018:15:28:59 -0300] "GET /cormun/servlet/trsolicitudgral? HTTP/1.1" 500 10
192.168.10.56 - - [06/Mar/2018:15:29:00 -0300] "POST /cormun/servlet/trsolicitudgral?c858268f9d090802262e6121baa99871,,gx-no-cache=1520360779777 HTTP/1.1" 200 20417
192.168.10.96 - - [06/Mar/2018:15:29:04 -0300] "GET /cormun/servlet/hlogin HTTP/1.1" 200 1722
192.168.10.96 - - [06/Mar/2018:15:29:05 -0300] "GET /cormun/servlet/hlogin HTTP/1.1" 200 1722
186.67.164.142 - - [06/Mar/2018:15:29:06 -0300] "POST /cormun/servlet/hlogin?e14a15360d7e3a6f94f6f736ec97e704,gx-no-cache=1520360896286 HTTP/1.1" 200 90
186.67.164.142 - - [06/Mar/2018:15:29:06 -0300] "GET /cormun/servlet/hpexe_link HTTP/1.1" 200 954
186.67.164.142 - - [06/Mar/2018:15:29:06 -0300] "GET /cormun/servlet/hhome HTTP/1.1" 200 3978
186.67.164.142 - - [06/Mar/2018:15:29:07 -0300] "GET /cormun/servlet/hhome HTTP/1.1" 200 3974
186.67.164.142 - - [06/Mar/2018:15:29:09 -0300] "GET /cormun/servlet/trlicencias? HTTP/1.1" 200 8432
186.67.164.142 - - [06/Mar/2018:15:29:10 -0300] "GET /cormun/servlet/trlicencias? HTTP/1.1" 200 8429
192.168.10.56 - - [06/Mar/2018:15:29:11 -0300] "POST /cormun/servlet/trsolicitudgral?c858268f9d090802262e6121baa99871,,gx-no-cache=1520360789915 HTTP/1.1" 200 105
192.168.10.56 - - [06/Mar/2018:15:29:11 -0300] "GET /cormun/SolicitudGral-1386.xls HTTP/1.1" 200 22016
192.168.10.89 - - [06/Mar/2018:15:30:00 -0300] "GET /cormun/servlet/hlogin HTTP/1.1" 200 1746
186.67.164.142 - - [06/Mar/2018:15:30:02 -0300] "POST /cormun/servlet/trlicencias?e14a15360d7e3a6f94f6f736ec97e704,,gx-no-cache=1520360952582 HTTP/1.1" 200 5735
192.168.10.56 - - [06/Mar/2018:15:30:54 -0300] "GET /cormun/servlet/hlogin HTTP/1.1" 200 1741
192.168.10.89 - - [06/Mar/2018:15:32:29 -0300] "POST /cormun/servlet/hlogin?e3642c428013058f9984b2b3c65b9d25,gx-no-cache=1520360988893 HTTP/1.1" 200 462
192.168.10.89 - - [06/Mar/2018:15:32:34 -0300] "POST /cormun/servlet/hlogin?e3642c428013058f9984b2b3c65b9d25,gx-no-cache=1520360993402 HTTP/1.1" 200 90
192.168.10.89 - - [06/Mar/2018:15:32:34 -0300] "GET /cormun/servlet/hpexe_link HTTP/1.1" 200 956
192.168.10.89 - - [06/Mar/2018:15:32:34 -0300] "GET /cormun/servlet/hhome HTTP/1.1" 200 4193
192.168.10.89 - - [06/Mar/2018:15:32:43 -0300] "GET /cormun/servlet/trsolicitudot? HTTP/1.1" 200 8787
192.168.10.89 - - [06/Mar/2018:15:32:50 -0300] "POST /cormun/servlet/trsolicitudot?e3642c428013058f9984b2b3c65b9d25,,gx-no-cache=1520361009415 HTTP/1.1" 200 5860
192.168.10.62 - - [06/Mar/2018:15:33:01 -0300] "POST /cormun/servlet/trsolicitudgral?550ad18f5c188b4c4c5899fef74875d9,,gx-no-cache=1520361020241 HTTP/1.1" 200 7307
192.168.10.89 - - [06/Mar/2018:15:33:04 -0300] "POST /cormun/servlet/trsolicitudot?e3642c428013058f9984b2b3c65b9d25,,gx-no-cache=1520361023772 HTTP/1.1" 200 106
192.168.10.89 - - [06/Mar/2018:15:33:04 -0300] "GET /cormun/servlet/trsolicitudadjuntos?2018,10030, HTTP/1.1" 200 9852
192.168.10.89 - - [06/Mar/2018:15:33:05 -0300] "GET /cormun/static/gxcfg.js?20177612135366 HTTP/1.1" 200 953
192.168.10.89 - - [06/Mar/2018:15:33:05 -0300] "GET /cormun/static/trsolicitudadjuntos.js?20177612135632 HTTP/1.1" 304 -
192.168.10.62 - - [06/Mar/2018:15:33:06 -0300] "POST /cormun/servlet/trsolicitudgral?550ad18f5c188b4c4c5899fef74875d9,,gx-no-cache=1520361025260 HTTP/1.1" 200 12216
186.67.164.142 - - [06/Mar/2018:15:33:28 -0300] "POST /cormun/servlet/trlicencias?e14a15360d7e3a6f94f6f736ec97e704,,gx-no-cache=1520361158098 HTTP/1.1" 200 5734
192.168.10.89 - - [06/Mar/2018:15:33:32 -0300] "GET /cormun/PublicTempStorage/fotocopia_carnet20180302_134330156156174.jpg HTTP/1.1" 200 177716
192.168.10.89 - - [06/Mar/2018:15:33:34 -0300] "GET /cormun/servlet/trsolicitudadjuntos?2018,10030, HTTP/1.1" 200 9856
192.168.10.89 - - [06/Mar/2018:15:33:36 -0300] "GET /cormun/PublicTempStorage/certificado_afiliacion_afp20180302_13460841363964.jpg HTTP/1.1" 200 234936
192.168.10.62 - - [06/Mar/2018:15:33:37 -0300] "POST /cormun/servlet/trsolicitudgral?550ad18f5c188b4c4c5899fef74875d9,,gx-no-cache=1520361056454 HTTP/1.1" 200 115
192.168.10.62 - - [06/Mar/2018:15:33:37 -0300] "GET /cormun/servlet/solicitudotlog?INS,2018,8169,0,REC, HTTP/1.1" 200 6248
192.168.10.62 - - [06/Mar/2018:15:33:37 -0300] "GET /cormun/servlet/solicitudotlog?INS,2018,8169,0,REC, HTTP/1.1" 200 6248
192.168.10.62 - - [06/Mar/2018:15:33:38 -0300] "GET /cormun/servlet/solicitudotlog?a835c28d4c423e00cd37c998deda11f1117c91595d801b8597de12f52de0075eb8bf4232812be6207b90472f184838cf4beeb99e11734f14aa2f53e36d78ceb3b389b30c3e3160ac94bb4ebeb1ca7ba773c755348f2cc2ab8080956acce97bf0d8c169bc1a3fa4e5c8460c274fb5be842e0b984a713a53b2e7b560a9ea5d758d15de8a16c341c563d5cd2e8159f8e747fcd9c711b58701c7396ebf8b5572c679,gx-no-cache=1520361057525 HTTP/1.1" 200 94
192.168.10.89 - - [06/Mar/2018:15:33:40 -0300] "GET /cormun/servlet/trsolicitudadjuntos?2018,10030, HTTP/1.1" 200 9854
192.168.10.89 - - [06/Mar/2018:15:33:42 -0300] "GET /cormun/PublicTempStorage/certificado_fonasa20180302_13492781418598.jpg HTTP/1.1" 200 233355
192.168.10.89 - - [06/Mar/2018:15:33:43 -0300] "GET /cormun/servlet/trsolicitudadjuntos?2018,10030, HTTP/1.1" 200 9855
192.168.10.89 - - [06/Mar/2018:15:33:45 -0300] "GET /cormun/PublicTempStorage/curriculum_vitae_hoja_120180305_102444641633071.jpg HTTP/1.1" 200 230684
192.168.10.62 - - [06/Mar/2018:15:33:53 -0300] "POST /cormun/servlet/solicitudotlog?550ad18f5c188b4c4c5899fef74875d9,INS,2018,8169,0,REC,,gx-no-cache=1520361072550 HTTP/1.1" 200 93
192.168.10.62 - - [06/Mar/2018:15:33:53 -0300] "GET /cormun/servlet/hpexe_return? HTTP/1.1" 200 1015
192.168.10.62 - - [06/Mar/2018:15:33:53 -0300] "GET /cormun/servlet/trsolicitudgral? HTTP/1.1" 200 15007
192.168.10.62 - - [06/Mar/2018:15:33:54 -0300] "GET /cormun/servlet/trsolicitudgral? HTTP/1.1" 200 15002
192.168.10.89 - - [06/Mar/2018:15:33:55 -0300] "GET /cormun/servlet/trsolicitudadjuntos?2018,10030, HTTP/1.1" 200 9855
192.168.10.89 - - [06/Mar/2018:15:34:03 -0300] "POST /cormun/servlet/trsolicitudadjuntos?e3642c428013058f9984b2b3c65b9d25,2018,10030,,gx-no-cache=1520361082438 HTTP/1.1" 200 90
192.168.10.89 - - [06/Mar/2018:15:34:03 -0300] "GET /cormun/servlet/hpexe_link HTTP/1.1" 200 974
192.168.10.89 - - [06/Mar/2018:15:34:03 -0300] "GET /cormun/servlet/trsolicitudot? HTTP/1.1" 200 8784
192.168.10.89 - - [06/Mar/2018:15:34:36 -0300] "GET /cormun/servlet/vesolicitudot?2018,10030,, HTTP/1.1" 200 8588
192.168.10.89 - - [06/Mar/2018:15:34:36 -0300] "GET /cormun/pexe_scrolldiv.js HTTP/1.1" 404 1009
192.168.10.89 - - [06/Mar/2018:15:34:40 -0300] "GET /cormun/servlet/vesolicitudot?2018,10030,,SolicitudOTAdjuntos HTTP/1.1" 200 11225
192.168.10.89 - - [06/Mar/2018:15:34:40 -0300] "GET /cormun/pexe_scrolldiv.js HTTP/1.1" 404 1009
192.168.10.89 - - [06/Mar/2018:15:34:40 -0300] "GET /cormun/static/tbsolicitudot02.js?201711142258496 HTTP/1.1" 200 15626
192.168.10.89 - - [06/Mar/2018:15:34:41 -0300] "POST /cormun/servlet/acontrolpreferencessavestate?None,JCORNEJO,true HTTP/1.1" 200 35
192.168.10.89 - - [06/Mar/2018:15:34:50 -0300] "GET /cormun/servlet/vesolicitudot?2018,10030,,SolicitudOTLog HTTP/1.1" 200 7397
192.168.10.89 - - [06/Mar/2018:15:34:50 -0300] "GET /cormun/pexe_scrolldiv.js HTTP/1.1" 404 1009
192.168.10.89 - - [06/Mar/2018:15:34:50 -0300] "GET /cormun/static/tbsolicitudot03.js?20177611592012 HTTP/1.1" 200 13332
192.168.10.89 - - [06/Mar/2018:15:34:51 -0300] "POST /cormun/servlet/acontrolpreferencessavestate?None,JCORNEJO,true HTTP/1.1" 200 35
192.168.10.89 - - [06/Mar/2018:15:34:56 -0300] "GET /cormun/servlet/vesolicitudot?2018,10030,,General HTTP/1.1" 200 8596
192.168.10.89 - - [06/Mar/2018:15:34:56 -0300] "GET /cormun/pexe_scrolldiv.js HTTP/1.1" 404 1009
192.168.10.89 - - [06/Mar/2018:15:34:58 -0300] "POST /cormun/servlet/vesolicitudot?e3642c428013058f9984b2b3c65b9d25,2018,10030,,General,gx-no-cache=1520361137658 HTTP/1.1" 200 90
192.168.10.89 - - [06/Mar/2018:15:34:58 -0300] "GET /cormun/servlet/hpexe_link HTTP/1.1" 200 974
192.168.10.89 - - [06/Mar/2018:15:34:58 -0300] "GET /cormun/servlet/trsolicitudot HTTP/1.1" 200 8784
192.168.10.89 - - [06/Mar/2018:15:35:01 -0300] "POST /cormun/servlet/trsolicitudot?e3642c428013058f9984b2b3c65b9d25,gx-no-cache=1520361140982 HTTP/1.1" 200 4688
192.168.10.89 - - [06/Mar/2018:15:35:02 -0300] "POST /cormun/servlet/trsolicitudot?e3642c428013058f9984b2b3c65b9d25,gx-no-cache=1520361141220 HTTP/1.1" 200 4456
192.168.10.89 - - [06/Mar/2018:15:35:02 -0300] "GET /cormun/static/Shared/jqueryui/images/ui-icons_8d78a5_256x240.png HTTP/1.1" 404 1089
192.168.10.89 - - [06/Mar/2018:15:35:02 -0300] "GET /cormun/static/Shared/jqueryui/images/ui-bg_highlight-soft_100_c6c2c8_1x100.png HTTP/1.1" 404 1117
192.168.10.89 - - [06/Mar/2018:15:35:02 -0300] "GET /cormun/static/Shared/jqueryui/images/ui-icons_82798d_256x240.png HTTP/1.1" 404 1089
192.168.10.89 - - [06/Mar/2018:15:35:02 -0300] "GET /cormun/static/Shared/jqueryui/images/ui-bg_flat_55_fafafa_40x100.png HTTP/1.1" 404 1097
192.168.10.89 - - [06/Mar/2018:15:35:10 -0300] "GET /cormun/servlet/trautorizarsolicitud? HTTP/1.1" 200 8681
192.168.10.61 - - [06/Mar/2018:15:35:39 -0300] "POST /cormun/servlet/vesolicitudgral?42c680e77b3f93172e5f9d7a7d99e96f,2018,10101,,,gx-no-cache=1520361179066 HTTP/1.1" 200 11741
192.168.10.61 - - [06/Mar/2018:15:35:45 -0300] "POST /cormun/servlet/vesolicitudgral?42c680e77b3f93172e5f9d7a7d99e96f,2018,10101,,,gx-no-cache=1520361184357 HTTP/1.1" 200 93
192.168.10.61 - - [06/Mar/2018:15:35:45 -0300] "GET /cormun/servlet/hpexe_return? HTTP/1.1" 200 1008
192.168.10.61 - - [06/Mar/2018:15:35:45 -0300] "GET /cormun/servlet/hhome HTTP/1.1" 200 4462
192.168.10.61 - - [06/Mar/2018:15:35:45 -0300] "GET /cormun/servlet/hhome HTTP/1.1" 200 4456
192.168.10.61 - - [06/Mar/2018:15:35:52 -0300] "GET /cormun/servlet/trsolicitudgral? HTTP/1.1" 200 27938
192.168.10.61 - - [06/Mar/2018:15:35:53 -0300] "GET /cormun/servlet/trsolicitudgral? HTTP/1.1" 200 27936
192.168.10.89 - - [06/Mar/2018:15:36:05 -0300] "GET /cormun/servlet/veautorizarsolicitud?2018,10030,, HTTP/1.1" 200 8595
192.168.10.89 - - [06/Mar/2018:15:36:05 -0300] "GET /cormun/static/gxcfg.js?2017111423404691 HTTP/1.1" 200 953
192.168.10.89 - - [06/Mar/2018:15:36:05 -0300] "GET /cormun/pexe_scrolldiv.js HTTP/1.1" 404 1009
192.168.10.89 - - [06/Mar/2018:15:36:05 -0300] "GET /cormun/static/veautorizarsolicitud.js?2017111423404756 HTTP/1.1" 200 6140
192.168.10.89 - - [06/Mar/2018:15:36:05 -0300] "GET /cormun/static/tbautorizarsolicitud01.js?2017111423392092 HTTP/1.1" 200 30580
192.168.10.89 - - [06/Mar/2018:15:36:10 -0300] "POST /cormun/servlet/veautorizarsolicitud?e3642c428013058f9984b2b3c65b9d25,2018,10030,,,gx-no-cache=1520361209399 HTTP/1.1" 200 93
