186.67.203.186 - - [06/Mar/2018:13:41:07 -0300] "POST /cormun/servlet/solicitudot?gx-no-cache=1520354417533 HTTP/1.1" 200 255
186.67.203.186 - - [06/Mar/2018:13:41:07 -0300] "GET /cormun/servlet/solicitudot?35013767945e92e128210bad3190e545875f5bdd071913b3f88229a7c0af693d2a1fcae5690b9b612d3c48a9e9c7f368336c1ed64c9f340b7cd4bb16885f755244a7dd3264529bf58d70c924bc2078fd2ad7e96ef1eb41741cedbfe85f737e250be02435539e385feecf4226522ed292a159ab725685f88d3caa2c29efc03ba0ee347128d8405f93aaa8af322ba8d62c019d932b5f563760977eacd4346a318c7f23ec39757086fb63b31b754d16f7bd5cbfac1b9eef4586ca5ebf9e7fdf98b746a04d83351a4ba868d444068f8a79b34990f912e5662e30fee5a72992226d58032ea30db3f51470d5fb725c41989b0c5cd845a546c3bf7195c0e8fe34b8b8b3dbcde3ed1e859d86fea1f58f918ffc62d5d5db42c0d6af4b20e1f4ac2ba4189b2771540ec151c723e8d1f886e3061bde05865214b4857e6ffc4f3eee36883770d25f375f4246ab8619306daed588ce1782785a647dafdb7922cffa3f1b815443ffdb952c6de13dcf5c8e2777647a614bda937d4a49435203cc74a2111603dc2f,gx-no-cache=1520354417869 HTTP/1.1" 200 30
186.67.203.186 - - [06/Mar/2018:13:41:07 -0300] "POST /cormun/servlet/solicitudot?gx-no-cache=1520354417961 HTTP/1.1" 200 30
186.67.203.186 - - [06/Mar/2018:13:41:07 -0300] "POST /cormun/servlet/solicitudot?gx-no-cache=1520354418039 HTTP/1.1" 200 1336
186.67.203.186 - - [06/Mar/2018:13:41:08 -0300] "POST /cormun/servlet/solicitudot?gx-no-cache=1520354418138 HTTP/1.1" 200 41
192.168.10.96 - - [06/Mar/2018:13:41:08 -0300] "POST /cormun/servlet/trsolicitudgral?15503d4ea40be0f4f798b37d36e5bf24,,gx-no-cache=1520354307254 HTTP/1.1" 200 5923
186.67.203.186 - - [06/Mar/2018:13:41:08 -0300] "POST /cormun/servlet/solicitudot?gx-no-cache=1520354418218 HTTP/1.1" 200 1318
186.67.203.186 - - [06/Mar/2018:13:41:08 -0300] "POST /cormun/servlet/solicitudot?gx-no-cache=1520354418337 HTTP/1.1" 200 1218
186.67.203.186 - - [06/Mar/2018:13:41:08 -0300] "GET /cormun/servlet/solicitudot?35013767945e92e128210bad3190e545a281a2d1cf4085dd6dab94937bed6e4d48f7bf28045c1644d678f2b30c3b3af5,gx-no-cache=1520354418410 HTTP/1.1" 200 30
192.168.10.96 - - [06/Mar/2018:13:41:08 -0300] "POST /cormun/servlet/trsolicitudgral?15503d4ea40be0f4f798b37d36e5bf24,,gx-no-cache=1520354307473 HTTP/1.1" 200 5923
186.67.203.186 - - [06/Mar/2018:13:41:08 -0300] "POST /cormun/servlet/solicitudot?gx-no-cache=1520354418476 HTTP/1.1" 200 30
192.168.10.96 - - [06/Mar/2018:13:41:08 -0300] "POST /cormun/servlet/trsolicitudgral?15503d4ea40be0f4f798b37d36e5bf24,,gx-no-cache=1520354307632 HTTP/1.1" 200 5923
186.67.203.186 - - [06/Mar/2018:13:41:08 -0300] "POST /cormun/servlet/solicitudot?b1369af4fac1ebe716b3dbded4e768ee,INS,0,0,,gx-no-cache=1520354418603 HTTP/1.1" 200 12027
192.168.10.96 - - [06/Mar/2018:13:41:13 -0300] "POST /cormun/servlet/trsolicitudgral?15503d4ea40be0f4f798b37d36e5bf24,,gx-no-cache=1520354312478 HTTP/1.1" 200 5923
192.168.10.96 - - [06/Mar/2018:13:41:17 -0300] "POST /cormun/servlet/trsolicitudgral?15503d4ea40be0f4f798b37d36e5bf24,,gx-no-cache=1520354316959 HTTP/1.1" 200 5924
186.67.203.186 - - [06/Mar/2018:13:41:19 -0300] "GET /cormun/servlet/trsolicitudot? HTTP/1.1" 200 7417
186.67.203.186 - - [06/Mar/2018:13:41:19 -0300] "GET /cormun/servlet/trsolicitudot? HTTP/1.1" 200 7416
186.67.203.186 - - [06/Mar/2018:13:41:26 -0300] "POST /cormun/servlet/trsolicitudot?b1369af4fac1ebe716b3dbded4e768ee,,gx-no-cache=1520354436503 HTTP/1.1" 200 4472
200.73.230.197 - - [06/Mar/2018:13:41:31 -0300] "GET /cormun/servlet/hlogin HTTP/1.1" 200 1713
186.103.158.250 - - [06/Mar/2018:13:41:34 -0300] "GET /cormun/servlet/solicitudot?c05c57fc898dc32e89ec4ea6100f6a22370a01fd331fec8b724cac3a907de3d0fb8d4546cfef7674faa301d53846032835c46a44a06eab465a85e186d167a06756e8f00978630859744906798807f328cbef366b91df1eba3d2ae244511c9766f61817683589be5a5e9632f426698374,gx-no-cache=1520354445057 HTTP/1.1" 200 29
186.103.158.250 - - [06/Mar/2018:13:41:34 -0300] "POST /cormun/servlet/solicitudot?gx-no-cache=1520354445210 HTTP/1.1" 200 1317
186.103.158.250 - - [06/Mar/2018:13:41:34 -0300] "POST /cormun/servlet/solicitudot?gx-no-cache=1520354445385 HTTP/1.1" 200 1215
192.168.10.96 - - [06/Mar/2018:13:41:38 -0300] "POST /cormun/servlet/trsolicitudgral?15503d4ea40be0f4f798b37d36e5bf24,,gx-no-cache=1520354337382 HTTP/1.1" 200 5925
192.168.10.96 - - [06/Mar/2018:13:41:38 -0300] "POST /cormun/servlet/trsolicitudgral?15503d4ea40be0f4f798b37d36e5bf24,,gx-no-cache=1520354337606 HTTP/1.1" 200 5923
192.168.10.96 - - [06/Mar/2018:13:41:38 -0300] "POST /cormun/servlet/trsolicitudgral?15503d4ea40be0f4f798b37d36e5bf24,,gx-no-cache=1520354337813 HTTP/1.1" 200 5924
200.73.230.197 - - [06/Mar/2018:13:41:38 -0300] "GET /cormun/static/gxtimezone.js?85251 HTTP/1.1" 200 5781
200.73.230.197 - - [06/Mar/2018:13:41:38 -0300] "GET /cormun/static/gxcfg.js?20175251213516 HTTP/1.1" 200 953
200.73.230.197 - - [06/Mar/2018:13:41:39 -0300] "GET /cormun/static/Resources/ComunLogin.png HTTP/1.1" 200 17326
200.73.230.197 - - [06/Mar/2018:13:41:39 -0300] "GET /cormun/static/Resources/Spanish/PXTools.css?11423723 HTTP/1.1" 200 89042
200.73.230.197 - - [06/Mar/2018:13:41:39 -0300] "GET /cormun/static/messages.spa.js?85251 HTTP/1.1" 200 30736
200.73.230.197 - - [06/Mar/2018:13:41:39 -0300] "GET /cormun/static/hlogin.js?20175251213537 HTTP/1.1" 200 2136
200.73.230.197 - - [06/Mar/2018:13:41:39 -0300] "GET /cormun/static/gxgral.js?85251 HTTP/1.1" 200 384558
200.73.230.197 - - [06/Mar/2018:13:41:40 -0300] "GET /cormun/static/Resources/PXToolsLoginTop.png HTTP/1.1" 200 1337
200.73.230.197 - - [06/Mar/2018:13:41:40 -0300] "GET /cormun/static/Resources/PXToolsLoginBackground.png HTTP/1.1" 200 1164
200.73.230.197 - - [06/Mar/2018:13:41:40 -0300] "GET /cormun/static/Resources/PXToolsButtonBackground2.png HTTP/1.1" 200 1181
200.73.230.197 - - [06/Mar/2018:13:41:40 -0300] "GET /cormun/static/Resources/PXToolsButtonLeft21.png HTTP/1.1" 200 1287
200.73.230.197 - - [06/Mar/2018:13:41:40 -0300] "GET /cormun/static/Resources/PXToolsButtonRight21.png HTTP/1.1" 200 1283
200.73.230.197 - - [06/Mar/2018:13:41:40 -0300] "GET /cormun/static/Resources/PXToolsLoginBottom.png HTTP/1.1" 200 1389
200.73.230.197 - - [06/Mar/2018:13:41:40 -0300] "GET /cormun/static/Resources/indicator.gif HTTP/1.1" 200 1553
200.73.230.197 - - [06/Mar/2018:13:41:40 -0300] "GET /cormun/servlet/hlogin HTTP/1.1" 200 1724
200.73.230.197 - - [06/Mar/2018:13:41:41 -0300] "GET /favicon.ico HTTP/1.1" 200 21630
192.168.10.62 - - [06/Mar/2018:13:41:41 -0300] "POST /cormun/servlet/trsolicitudgral?59a4455f65e7631b2a2fa74cd188a880,gx-no-cache=1520353651944,gx-no-cache=1520354340560 HTTP/1.1" 200 7287
192.168.10.62 - - [06/Mar/2018:13:41:48 -0300] "POST /cormun/servlet/trsolicitudgral?59a4455f65e7631b2a2fa74cd188a880,gx-no-cache=1520353651944,gx-no-cache=1520354347398 HTTP/1.1" 200 12586
186.103.132.155 - - [06/Mar/2018:13:41:50 -0300] "POST /cormun/servlet/trsolicitudot?b1369af4fac1ebe716b3dbded4e768ee,,gx-no-cache=1520354460624 HTTP/1.1" 200 4473
186.103.132.155 - - [06/Mar/2018:13:41:55 -0300] "POST /cormun/servlet/trsolicitudot?b1369af4fac1ebe716b3dbded4e768ee,,gx-no-cache=1520354465254 HTTP/1.1" 200 4472
186.103.132.155 - - [06/Mar/2018:13:41:58 -0300] "GET /cormun/servlet/trsolicitudot? HTTP/1.1" 200 7416
186.103.132.155 - - [06/Mar/2018:13:41:59 -0300] "GET /cormun/servlet/trsolicitudot? HTTP/1.1" 200 7416
186.103.158.250 - - [06/Mar/2018:13:42:06 -0300] "GET /cormun/static/menuarrow.gif HTTP/1.1" 404 1015
190.151.100.218 - - [06/Mar/2018:13:42:06 -0300] "GET /cormun/servlet/solicitudot?INS,0,0, HTTP/1.1" 200 13648
190.151.100.218 - - [06/Mar/2018:13:42:07 -0300] "GET /cormun/servlet/solicitudot?INS,0,0, HTTP/1.1" 200 13653
186.67.203.186 - - [06/Mar/2018:13:42:26 -0300] "POST /cormun/servlet/solicitudot?gx-no-cache=1520354496425 HTTP/1.1" 200 3384
186.67.203.186 - - [06/Mar/2018:13:42:26 -0300] "POST /cormun/servlet/solicitudot?b1369af4fac1ebe716b3dbded4e768ee,INS,0,0,,gx-no-cache=1520354496792 HTTP/1.1" 200 10550
186.103.158.250 - - [06/Mar/2018:13:42:27 -0300] "GET /cormun/servlet/solicitudot?c05c57fc898dc32e89ec4ea6100f6a22cad653bb483d8767d8357c9170059d57925a1ab3c50db9b42b18743bfef9a1b3,gx-no-cache=1520354497643 HTTP/1.1" 200 30
186.67.203.186 - - [06/Mar/2018:13:42:30 -0300] "GET /cormun/servlet/solicitudot?35013767945e92e128210bad3190e545f4c5264d69c4c32958a2b245ba234ca1bc423214c03d4cbde07be9af7e8f0d25,gx-no-cache=1520354500030 HTTP/1.1" 200 30
186.67.203.186 - - [06/Mar/2018:13:42:30 -0300] "GET /cormun/servlet/solicitudot?35013767945e92e128210bad3190e5459cd376042c66fa871c33f5b5106e8135,gx-no-cache=1520354500370 HTTP/1.1" 200 103
186.67.203.186 - - [06/Mar/2018:13:42:30 -0300] "GET /cormun/static/Shared/jqueryui/images/ui-bg_highlight-soft_100_c6c2c8_1x100.png HTTP/1.1" 404 1117
200.111.122.170 - - [06/Mar/2018:13:42:30 -0300] "GET /cormun/servlet/solicitudot?35013767945e92e128210bad3190e545cfe195344340a0a1d91c93e95e70768d,gx-no-cache=1520354500478 HTTP/1.1" 200 45
200.72.197.82 - - [06/Mar/2018:13:42:30 -0300] "GET /cormun/static/Shared/jqueryui/images/ui-bg_flat_55_994d53_40x100.png HTTP/1.1" 404 1097
200.72.197.82 - - [06/Mar/2018:13:42:30 -0300] "GET /cormun/static/Shared/jqueryui/images/ui-icons_82798d_256x240.png HTTP/1.1" 404 1089
186.67.203.186 - - [06/Mar/2018:13:42:30 -0300] "GET /cormun/static/Shared/jqueryui/images/ui-icons_ebccce_256x240.png HTTP/1.1" 404 1089
200.72.197.82 - - [06/Mar/2018:13:42:30 -0300] "POST /cormun/servlet/solicitudot?gx-no-cache=1520354500558 HTTP/1.1" 200 255
200.72.197.82 - - [06/Mar/2018:13:42:30 -0300] "GET /cormun/servlet/solicitudot?35013767945e92e128210bad3190e545875f5bdd071913b3f88229a7c0af693d2a1fcae5690b9b612d3c48a9e9c7f368336c1ed64c9f340b7cd4bb16885f755244a7dd3264529bf58d70c924bc2078fd2ad7e96ef1eb41741cedbfe85f737e250be02435539e385feecf4226522ed292a159ab725685f88d3caa2c29efc03ba0ee347128d8405f93aaa8af322ba8d62c019d932b5f563760977eacd4346a318c7f23ec39757086fb63b31b754d16f7bd5cbfac1b9eef4586ca5ebf9e7fdf98b746a04d83351a4ba868d444068f8a79b34990f912e5662e30fee5a72992226d58032ea30db3f51470d5fb725c41989b0c5cd845a546c3bf7195c0e8fe34b8b8b3dbcde3ed1e859d86fea1f58f918ffc62d5d5db42c0d6af4b20e1f4ac2ba4189b2771540ec151c723e8d1f886e3061bde05865214b4857e6ffc4f3eee36883770d25f375f4246ab8619306daed588ce1782785a647dafdb7922cffa3f1b815443ffdb952c6de13dcf5c8e2777647a614bdbe4100a07b4c6291367c24d4ef29d97,gx-no-cache=1520354500644 HTTP/1.1" 200 30
200.72.197.82 - - [06/Mar/2018:13:42:33 -0300] "POST /cormun/servlet/solicitudot?gx-no-cache=1520354503438 HTTP/1.1" 200 30
192.168.10.89 - - [06/Mar/2018:13:42:37 -0300] "POST /cormun/servlet/vesolicitudgral?315630d109ce4495ae0d81559e52880f,2018,9217,,SolicitudOTAdjuntos,gx-no-cache=1520354396790 HTTP/1.1" 200 90
192.168.10.89 - - [06/Mar/2018:13:42:37 -0300] "GET /cormun/servlet/hpexe_link HTTP/1.1" 200 977
192.168.10.89 - - [06/Mar/2018:13:42:37 -0300] "GET /cormun/servlet/trsolicitudgral? HTTP/1.1" 200 10744
186.103.159.189 - - [06/Mar/2018:13:42:46 -0300] "GET /cormun/servlet/hlogin HTTP/1.1" 200 1718
186.103.159.189 - - [06/Mar/2018:13:42:47 -0300] "GET /cormun/servlet/hlogin HTTP/1.1" 200 1729
192.168.10.89 - - [06/Mar/2018:13:42:48 -0300] "POST /cormun/servlet/trsolicitudgral?315630d109ce4495ae0d81559e52880f,,gx-no-cache=1520354407599 HTTP/1.1" 200 7984
192.168.10.89 - - [06/Mar/2018:13:42:53 -0300] "GET /cormun/servlet/vesolicitudgral?2018,9727,, HTTP/1.1" 200 9496
192.168.10.89 - - [06/Mar/2018:13:42:53 -0300] "GET /cormun/pexe_scrolldiv.js HTTP/1.1" 404 1009
186.103.132.155 - - [06/Mar/2018:13:42:55 -0300] "GET /cormun/servlet/solicitudot?35013767945e92e128210bad3190e5456ec0b643164975aa9507206a034a473e46f27ef6035e576d88fa8e7285f3781fbc423214c03d4cbde07be9af7e8f0d25,gx-no-cache=1520354525275 HTTP/1.1" 200 30
192.168.10.89 - - [06/Mar/2018:13:42:55 -0300] "GET /cormun/servlet/vesolicitudgral?2018,9727,,SolicitudOTAdjuntos HTTP/1.1" 200 8182
192.168.10.89 - - [06/Mar/2018:13:42:55 -0300] "GET /cormun/pexe_scrolldiv.js HTTP/1.1" 404 1009
186.103.132.155 - - [06/Mar/2018:13:42:55 -0300] "POST /cormun/servlet/solicitudot?gx-no-cache=1520354525390 HTTP/1.1" 200 255
186.103.132.155 - - [06/Mar/2018:13:42:55 -0300] "GET /cormun/servlet/solicitudot?35013767945e92e128210bad3190e545875f5bdd071913b3f88229a7c0af693d2a1fcae5690b9b612d3c48a9e9c7f368336c1ed64c9f340b7cd4bb16885f755244a7dd3264529bf58d70c924bc2078fd2ad7e96ef1eb41741cedbfe85f737e250be02435539e385feecf4226522ed292a159ab725685f88d3caa2c29efc03ba0ee347128d8405f93aaa8af322ba8d62c019d932b5f563760977eacd4346a318c7f23ec39757086fb63b31b754d16f7bd5cbfac1b9eef4586ca5ebf9e7fdf98b746a04d83351a4ba868d444068f8a79b34990f912e5662e30fee5a72992226d58032ea30db3f51470d5fb725c41989b0c5cd845a546c3bf7195c0e8fe34b8b8b3dbcde3ed1e859d86fea1f58f918ffc62d5d5db42c0d6af4b20e1f4ac2ba4189b2771540ec151c723e8d1f886e3061bde05865214b4857e6ffc4f3eee36883770d25f375f4246ab8619306daed588ce1782785a647dafdb7922cffa3f1b815443ffdb952c6de13dcf5c8e2777647a614bda937d4a49435203cc74a2111603dc2f,gx-no-cache=1520354525468 HTTP/1.1" 200 30
186.103.132.155 - - [06/Mar/2018:13:42:55 -0300] "POST /cormun/servlet/solicitudot?gx-no-cache=1520354525642 HTTP/1.1" 200 30
186.103.132.155 - - [06/Mar/2018:13:42:55 -0300] "POST /cormun/servlet/solicitudot?gx-no-cache=1520354525755 HTTP/1.1" 200 1337
186.103.132.155 - - [06/Mar/2018:13:42:55 -0300] "POST /cormun/servlet/solicitudot?gx-no-cache=1520354525896 HTTP/1.1" 200 38
192.168.10.89 - - [06/Mar/2018:13:42:56 -0300] "POST /cormun/servlet/acontrolpreferencessavestate?None,CDROGUETT,true HTTP/1.1" 200 35
186.103.159.189 - - [06/Mar/2018:13:42:59 -0300] "POST /cormun/servlet/hlogin?42c27940707a0db0be76b94a28b81274,gx-no-cache=1520354532807 HTTP/1.1" 200 442
186.103.158.250 - - [06/Mar/2018:13:43:04 -0300] "POST /cormun/servlet/solicitudot?gx-no-cache=1520354534575 HTTP/1.1" 200 30
186.103.159.189 - - [06/Mar/2018:13:43:06 -0300] "POST /cormun/servlet/hlogin?42c27940707a0db0be76b94a28b81274,gx-no-cache=1520354539248 HTTP/1.1" 200 443
186.103.159.189 - - [06/Mar/2018:13:43:13 -0300] "POST /cormun/servlet/hlogin?42c27940707a0db0be76b94a28b81274,gx-no-cache=1520354546790 HTTP/1.1" 200 90
186.103.159.189 - - [06/Mar/2018:13:43:14 -0300] "GET /cormun/servlet/hpexe_link HTTP/1.1" 200 951
186.103.159.189 - - [06/Mar/2018:13:43:14 -0300] "GET /cormun/servlet/hhome HTTP/1.1" 200 3969
186.103.159.189 - - [06/Mar/2018:13:43:15 -0300] "GET /cormun/servlet/hhome HTTP/1.1" 200 3966
186.103.158.250 - - [06/Mar/2018:13:43:15 -0300] "POST /cormun/servlet/solicitudot?256ef51633c6977d07e787c9b56561e7,INS,0,0,,gx-no-cache=1520354546188 HTTP/1.1" 200 93
186.103.158.250 - - [06/Mar/2018:13:43:16 -0300] "GET /cormun/servlet/hpexe_return? HTTP/1.1" 200 1005
186.103.158.250 - - [06/Mar/2018:13:43:16 -0300] "GET /cormun/servlet/trsolicitudot HTTP/1.1" 200 9245
186.67.203.186 - - [06/Mar/2018:13:43:17 -0300] "GET /cormun/servlet/solicitudot?35013767945e92e128210bad3190e5452cdd9e30561b54bfe58eb0e65aaf46c6ddc3158eaa13c1228e496421c559839fec540fd7e7de6699f4967abd5801c3ecfcf33a34715429e5c96cd5996cb7e750c95b94720467b2cce84a3cba4309f1b660555e7858d8415bcd3a29295fbc0f4532b913682c894e7b05342f1272fd23e5c493db7f44925bb02d8572b989fcc16e4d874d0a38bb8e99870d025acc88e8ca,gx-no-cache=1520354547607 HTTP/1.1" 200 29
186.67.203.186 - - [06/Mar/2018:13:43:17 -0300] "POST /cormun/servlet/solicitudot?gx-no-cache=1520354547691 HTTP/1.1" 200 1319
186.67.203.186 - - [06/Mar/2018:13:43:17 -0300] "POST /cormun/servlet/solicitudot?gx-no-cache=1520354547993 HTTP/1.1" 200 1218
186.103.158.250 - - [06/Mar/2018:13:43:19 -0300] "GET /cormun/servlet/trsolicitudot HTTP/1.1" 200 9242
186.103.158.250 - - [06/Mar/2018:13:43:25 -0300] "POST /cormun/servlet/trsolicitudot?256ef51633c6977d07e787c9b56561e7,gx-no-cache=1520354555661 HTTP/1.1" 200 107
186.103.158.250 - - [06/Mar/2018:13:43:25 -0300] "GET /cormun/servlet/trsolicitudadjuntos?2018,10113, HTTP/1.1" 200 6290
186.67.203.186 - - [06/Mar/2018:13:43:26 -0300] "GET /cormun/servlet/solicitudot?35013767945e92e128210bad3190e545a281a2d1cf4085dd6dab94937bed6e4d48f7bf28045c1644d678f2b30c3b3af5,gx-no-cache=1520354556189 HTTP/1.1" 200 30
186.103.158.250 - - [06/Mar/2018:13:43:26 -0300] "GET /cormun/servlet/trsolicitudadjuntos?2018,10113, HTTP/1.1" 200 6290
186.103.158.250 - - [06/Mar/2018:13:43:28 -0300] "GET /cormun/servlet/solicitudotadjuntos?INS,2018,10113,,1, HTTP/1.1" 200 6242
186.103.158.250 - - [06/Mar/2018:13:43:28 -0300] "GET /cormun/static/about:blank HTTP/1.1" 404 1011
186.103.158.250 - - [06/Mar/2018:13:43:29 -0300] "GET /cormun/servlet/solicitudotadjuntos?INS,2018,10113,,1, HTTP/1.1" 200 6235
186.103.158.250 - - [06/Mar/2018:13:43:30 -0300] "GET /cormun/servlet/solicitudotadjuntos?c05c57fc898dc32e89ec4ea6100f6a220a51f8f8c15d2568c8b46750647a8056b43af084b4303fe27d95be402b05b0a7,gx-no-cache=1520354560878 HTTP/1.1" 200 30
186.103.158.250 - - [06/Mar/2018:13:43:30 -0300] "POST /cormun/servlet/solicitudotadjuntos?256ef51633c6977d07e787c9b56561e7,INS,2018,10113,,1,,gx-no-cache=1520354560928 HTTP/1.1" 200 3983
186.103.158.250 - - [06/Mar/2018:13:43:34 -0300] "POST /cormun/servlet/solicitudotadjuntos?gx-no-cache=1520354564959 HTTP/1.1" 200 26
192.168.10.62 - - [06/Mar/2018:13:43:47 -0300] "POST /cormun/servlet/trsolicitudgral?59a4455f65e7631b2a2fa74cd188a880,gx-no-cache=1520353651944,gx-no-cache=1520354466710 HTTP/1.1" 200 105
192.168.10.62 - - [06/Mar/2018:13:43:47 -0300] "POST /cormun/servlet/trsolicitudgral?59a4455f65e7631b2a2fa74cd188a880,gx-no-cache=1520353651944,gx-no-cache=1520354466911 HTTP/1.1" 200 12568
192.168.10.62 - - [06/Mar/2018:13:43:48 -0300] "GET /cormun/SolicitudGral-8553.xls HTTP/1.1" 200 11264
192.168.10.62 - - [06/Mar/2018:13:44:01 -0300] "POST /cormun/servlet/trsolicitudgral?59a4455f65e7631b2a2fa74cd188a880,gx-no-cache=1520353651944,gx-no-cache=1520354480287 HTTP/1.1" 200 12220
192.168.10.62 - - [06/Mar/2018:13:44:01 -0300] "GET /cormun/static/Shared/jqueryui/images/ui-bg_highlight-soft_100_c6c2c8_1x100.png HTTP/1.1" 404 1117
192.168.10.62 - - [06/Mar/2018:13:44:01 -0300] "GET /cormun/static/Shared/jqueryui/images/ui-icons_82798d_256x240.png HTTP/1.1" 404 1089
192.168.10.62 - - [06/Mar/2018:13:44:01 -0300] "GET /cormun/static/Shared/jqueryui/images/ui-icons_8d78a5_256x240.png HTTP/1.1" 404 1089
192.168.10.62 - - [06/Mar/2018:13:44:01 -0300] "GET /cormun/static/Shared/jqueryui/images/ui-bg_flat_55_fafafa_40x100.png HTTP/1.1" 404 1097
186.103.158.250 - - [06/Mar/2018:13:44:04 -0300] "GET /cormun/servlet/solicitudotadjuntos?c05c57fc898dc32e89ec4ea6100f6a22d80f5ab419bfc2d3099f4b2baed3541a,gx-no-cache=1520354594786 HTTP/1.1" 200 30
186.103.158.250 - - [06/Mar/2018:13:44:04 -0300] "GET /cormun/servlet/solicitudotadjuntos?c05c57fc898dc32e89ec4ea6100f6a22d80f5ab419bfc2d3099f4b2baed3541a,gx-no-cache=1520354594920 HTTP/1.1" 200 30
186.103.158.250 - - [06/Mar/2018:13:44:05 -0300] "POST /cormun/servlet/solicitudotadjuntos?256ef51633c6977d07e787c9b56561e7,INS,2018,10113,,1, HTTP/1.1" 200 116
186.103.158.250 - - [06/Mar/2018:13:44:05 -0300] "GET /cormun/servlet/hpexe_return? HTTP/1.1" 200 1025
186.103.158.250 - - [06/Mar/2018:13:44:05 -0300] "GET /cormun/servlet/trsolicitudadjuntos?2018,10113, HTTP/1.1" 200 8718
186.67.203.186 - - [06/Mar/2018:13:44:06 -0300] "POST /cormun/servlet/solicitudot?gx-no-cache=1520354596583 HTTP/1.1" 200 30
186.67.203.186 - - [06/Mar/2018:13:44:07 -0300] "POST /cormun/servlet/solicitudot?b1369af4fac1ebe716b3dbded4e768ee,INS,0,0,,gx-no-cache=1520354596663 HTTP/1.1" 200 11928
186.103.158.250 - - [06/Mar/2018:13:44:07 -0300] "GET /cormun/servlet/trsolicitudadjuntos?2018,10113, HTTP/1.1" 200 8711
186.103.158.250 - - [06/Mar/2018:13:44:09 -0300] "GET /cormun/servlet/solicitudotadjuntos?INS,2018,10113,,1, HTTP/1.1" 200 6241
186.103.158.250 - - [06/Mar/2018:13:44:09 -0300] "GET /cormun/static/about:blank HTTP/1.1" 404 1011
186.103.158.250 - - [06/Mar/2018:13:44:10 -0300] "GET /cormun/servlet/solicitudotadjuntos?INS,2018,10113,,1, HTTP/1.1" 200 6234
186.103.158.250 - - [06/Mar/2018:13:44:11 -0300] "GET /cormun/servlet/solicitudotadjuntos?c05c57fc898dc32e89ec4ea6100f6a220a51f8f8c15d2568c8b46750647a8056b43af084b4303fe27d95be402b05b0a7,gx-no-cache=1520354601706 HTTP/1.1" 200 30
186.103.158.250 - - [06/Mar/2018:13:44:11 -0300] "POST /cormun/servlet/solicitudotadjuntos?256ef51633c6977d07e787c9b56561e7,INS,2018,10113,,1,,gx-no-cache=1520354601753 HTTP/1.1" 200 3983
192.168.10.89 - - [06/Mar/2018:13:44:13 -0300] "POST /cormun/servlet/vesolicitudgral?315630d109ce4495ae0d81559e52880f,2018,9727,,SolicitudOTAdjuntos,gx-no-cache=1520354493106 HTTP/1.1" 200 90
192.168.10.89 - - [06/Mar/2018:13:44:13 -0300] "GET /cormun/servlet/hpexe_link HTTP/1.1" 200 977
192.168.10.89 - - [06/Mar/2018:13:44:14 -0300] "GET /cormun/servlet/trsolicitudgral? HTTP/1.1" 200 11462
186.103.158.250 - - [06/Mar/2018:13:44:15 -0300] "POST /cormun/servlet/solicitudotadjuntos?gx-no-cache=1520354605542 HTTP/1.1" 200 26
186.103.158.250 - - [06/Mar/2018:13:44:22 -0300] "GET /cormun/servlet/solicitudotadjuntos?c05c57fc898dc32e89ec4ea6100f6a22d80f5ab419bfc2d3099f4b2baed3541a,gx-no-cache=1520354613459 HTTP/1.1" 200 30
186.103.158.250 - - [06/Mar/2018:13:44:23 -0300] "GET /cormun/servlet/solicitudotadjuntos?c05c57fc898dc32e89ec4ea6100f6a22d80f5ab419bfc2d3099f4b2baed3541a,gx-no-cache=1520354613491 HTTP/1.1" 200 30
186.103.158.250 - - [06/Mar/2018:13:44:23 -0300] "POST /cormun/servlet/solicitudotadjuntos?256ef51633c6977d07e787c9b56561e7,INS,2018,10113,,1, HTTP/1.1" 200 116
186.103.158.250 - - [06/Mar/2018:13:44:23 -0300] "GET /cormun/servlet/hpexe_return? HTTP/1.1" 200 1025
186.103.158.250 - - [06/Mar/2018:13:44:24 -0300] "GET /cormun/servlet/trsolicitudadjuntos?2018,10113, HTTP/1.1" 200 8963
186.103.158.250 - - [06/Mar/2018:13:44:25 -0300] "GET /cormun/servlet/trsolicitudadjuntos?2018,10113, HTTP/1.1" 200 8962
186.103.159.189 - - [06/Mar/2018:13:44:25 -0300] "GET /cormun/servlet/trsolicitudot? HTTP/1.1" 200 8556
186.67.203.186 - - [06/Mar/2018:13:44:26 -0300] "GET /cormun/servlet/solicitudot?35013767945e92e128210bad3190e5456ec0b643164975aa9507206a034a473ef657c8e0e924de6efb6848eb66fd7001acdca745e50d9250af784e23608d09bc,gx-no-cache=1520354616573 HTTP/1.1" 200 30
186.67.203.186 - - [06/Mar/2018:13:44:26 -0300] "POST /cormun/servlet/solicitudot?gx-no-cache=1520354616614 HTTP/1.1" 200 255
186.67.203.186 - - [06/Mar/2018:13:44:26 -0300] "GET /cormun/servlet/solicitudot?35013767945e92e128210bad3190e545875f5bdd071913b3f88229a7c0af693d2a1fcae5690b9b612d3c48a9e9c7f368336c1ed64c9f340b7cd4bb16885f755244a7dd3264529bf58d70c924bc2078fd2ad7e96ef1eb41741cedbfe85f737e250be02435539e385feecf4226522ed292a159ab725685f88d3caa2c29efc03ba0ee347128d8405f93aaa8af322ba8d62c019d932b5f563760977eacd4346a318c7f23ec39757086fb63b31b754d16f7bd5cbfac1b9eef4586ca5ebf9e7fdf98b746a04d83351a4ba868d444068f8a79b34990f912e5662e30fee5a72992226d58032ea30db3f51470d5fb725c41989b0c5cd845a546c3bf7195c0e8fe34b8b8b3dbcde3ed1e859d86fea1f58f918ffc62d5d5db42c0d6af4b20e1f4ac2ba4189b2771540ec151c723e8d1f886e3061bde05865214b4857e6ffc4f3eee36883770d25f375f4246ab8619306daed588ce1782785a647dafdb7922cffa3f1b815443ffdb952c6de13dcf5c8e2777647a614bda937d4a49435203cc74a2111603dc2f,gx-no-cache=1520354616679 HTTP/1.1" 200 30
186.67.203.186 - - [06/Mar/2018:13:44:26 -0300] "POST /cormun/servlet/solicitudot?gx-no-cache=1520354616731 HTTP/1.1" 200 30
186.67.203.186 - - [06/Mar/2018:13:44:26 -0300] "POST /cormun/servlet/solicitudot?gx-no-cache=1520354616812 HTTP/1.1" 200 1337
186.67.203.186 - - [06/Mar/2018:13:44:26 -0300] "POST /cormun/servlet/solicitudot?gx-no-cache=1520354616905 HTTP/1.1" 200 41
186.103.159.189 - - [06/Mar/2018:13:44:26 -0300] "GET /cormun/servlet/trsolicitudot? HTTP/1.1" 200 8553
186.103.158.250 - - [06/Mar/2018:13:44:28 -0300] "GET /cormun/servlet/solicitudotadjuntos?INS,2018,10113,,1, HTTP/1.1" 200 6241
186.103.158.250 - - [06/Mar/2018:13:44:29 -0300] "GET /cormun/static/about:blank HTTP/1.1" 404 1011
186.103.158.250 - - [06/Mar/2018:13:44:29 -0300] "GET /cormun/servlet/solicitudotadjuntos?INS,2018,10113,,1, HTTP/1.1" 200 6234
186.103.158.250 - - [06/Mar/2018:13:44:30 -0300] "GET /cormun/servlet/solicitudotadjuntos?c05c57fc898dc32e89ec4ea6100f6a220a51f8f8c15d2568c8b46750647a8056b43af084b4303fe27d95be402b05b0a7,gx-no-cache=1520354620972 HTTP/1.1" 200 30
186.103.158.250 - - [06/Mar/2018:13:44:30 -0300] "POST /cormun/servlet/solicitudotadjuntos?256ef51633c6977d07e787c9b56561e7,INS,2018,10113,,1,,gx-no-cache=1520354621015 HTTP/1.1" 200 3983
186.103.159.189 - - [06/Mar/2018:13:44:32 -0300] "POST /cormun/servlet/trsolicitudot?42c27940707a0db0be76b94a28b81274,,gx-no-cache=1520354625192 HTTP/1.1" 200 106
186.103.159.189 - - [06/Mar/2018:13:44:32 -0300] "GET /cormun/servlet/trsolicitudadjuntos?2018,9950, HTTP/1.1" 200 9277
186.103.159.189 - - [06/Mar/2018:13:44:34 -0300] "GET /cormun/servlet/trsolicitudadjuntos?2018,9950, HTTP/1.1" 200 9277
186.103.158.250 - - [06/Mar/2018:13:44:35 -0300] "POST /cormun/servlet/solicitudotadjuntos?gx-no-cache=1520354625598 HTTP/1.1" 200 26
186.103.159.189 - - [06/Mar/2018:13:44:45 -0300] "GET /cormun/servlet/solicitudotadjuntos?INS,2018,9950,,2, HTTP/1.1" 200 6014
186.103.159.189 - - [06/Mar/2018:13:44:45 -0300] "GET /cormun/static/gxcfg.js?2017761244068 HTTP/1.1" 200 953
186.103.159.189 - - [06/Mar/2018:13:44:45 -0300] "GET /cormun/static/solicitudotadjuntos.js?2017761244086 HTTP/1.1" 200 11771
186.103.159.189 - - [06/Mar/2018:13:44:45 -0300] "GET /cormun/static/about:blank HTTP/1.1" 404 1011
186.103.158.250 - - [06/Mar/2018:13:44:45 -0300] "GET /cormun/servlet/solicitudotadjuntos?c05c57fc898dc32e89ec4ea6100f6a22d80f5ab419bfc2d3099f4b2baed3541a,gx-no-cache=1520354635819 HTTP/1.1" 200 30
186.103.158.250 - - [06/Mar/2018:13:44:45 -0300] "GET /cormun/servlet/solicitudotadjuntos?c05c57fc898dc32e89ec4ea6100f6a22d80f5ab419bfc2d3099f4b2baed3541a,gx-no-cache=1520354635852 HTTP/1.1" 200 30
186.103.158.250 - - [06/Mar/2018:13:44:45 -0300] "POST /cormun/servlet/solicitudotadjuntos?256ef51633c6977d07e787c9b56561e7,INS,2018,10113,,1, HTTP/1.1" 200 116
186.103.158.250 - - [06/Mar/2018:13:44:45 -0300] "GET /cormun/servlet/hpexe_return? HTTP/1.1" 200 1025
186.103.159.189 - - [06/Mar/2018:13:44:46 -0300] "GET /cormun/servlet/solicitudotadjuntos?INS,2018,9950,,2, HTTP/1.1" 200 6008
186.103.158.250 - - [06/Mar/2018:13:44:46 -0300] "GET /cormun/servlet/trsolicitudadjuntos?2018,10113, HTTP/1.1" 200 9136
186.103.159.189 - - [06/Mar/2018:13:44:46 -0300] "GET /cormun/servlet/solicitudotadjuntos?25a11c60b84d9e71f3e80d6a893f64c683475e7bab60223f94664dabea3ef810ad33bcf92e257a5cef92d50841ab2677,gx-no-cache=1520354639401 HTTP/1.1" 200 30
186.103.159.189 - - [06/Mar/2018:13:44:46 -0300] "POST /cormun/servlet/solicitudotadjuntos?42c27940707a0db0be76b94a28b81274,INS,2018,9950,,2,,gx-no-cache=1520354639464 HTTP/1.1" 200 4000
186.103.158.250 - - [06/Mar/2018:13:44:47 -0300] "GET /cormun/servlet/trsolicitudadjuntos?2018,10113, HTTP/1.1" 200 9135
186.103.132.155 - - [06/Mar/2018:13:44:47 -0300] "POST /cormun/servlet/solicitudot?gx-no-cache=1520354637198 HTTP/1.1" 200 1319
186.103.132.155 - - [06/Mar/2018:13:44:47 -0300] "POST /cormun/servlet/solicitudot?gx-no-cache=1520354637790 HTTP/1.1" 200 1218
186.103.132.155 - - [06/Mar/2018:13:44:47 -0300] "GET /cormun/servlet/solicitudot?35013767945e92e128210bad3190e545a281a2d1cf4085dd6dab94937bed6e4d48f7bf28045c1644d678f2b30c3b3af5,gx-no-cache=1520354638051 HTTP/1.1" 200 30
186.103.132.155 - - [06/Mar/2018:13:44:48 -0300] "POST /cormun/servlet/solicitudot?gx-no-cache=1520354638129 HTTP/1.1" 200 30
186.103.132.155 - - [06/Mar/2018:13:44:48 -0300] "POST /cormun/servlet/solicitudot?b1369af4fac1ebe716b3dbded4e768ee,INS,0,0,,gx-no-cache=1520354638201 HTTP/1.1" 200 11982
186.103.158.250 - - [06/Mar/2018:13:44:49 -0300] "GET /cormun/servlet/solicitudotadjuntos?INS,2018,10113,,1, HTTP/1.1" 200 6241
186.103.158.250 - - [06/Mar/2018:13:44:50 -0300] "GET /cormun/static/about:blank HTTP/1.1" 404 1011
186.103.158.250 - - [06/Mar/2018:13:44:51 -0300] "GET /cormun/servlet/solicitudotadjuntos?INS,2018,10113,,1, HTTP/1.1" 200 6234
186.103.158.250 - - [06/Mar/2018:13:44:51 -0300] "GET /cormun/servlet/solicitudotadjuntos?c05c57fc898dc32e89ec4ea6100f6a220a51f8f8c15d2568c8b46750647a8056b43af084b4303fe27d95be402b05b0a7,gx-no-cache=1520354641974 HTTP/1.1" 200 30
186.103.158.250 - - [06/Mar/2018:13:44:52 -0300] "POST /cormun/servlet/solicitudotadjuntos?256ef51633c6977d07e787c9b56561e7,INS,2018,10113,,1,,gx-no-cache=1520354642351 HTTP/1.1" 200 3983
186.103.159.189 - - [06/Mar/2018:13:44:52 -0300] "POST /cormun/servlet/solicitudotadjuntos?42c27940707a0db0be76b94a28b81274,INS,2018,9950,,2,,gx-no-cache=1520354644982 HTTP/1.1" 200 93
186.103.159.189 - - [06/Mar/2018:13:44:52 -0300] "GET /cormun/servlet/hpexe_return? HTTP/1.1" 200 1026
186.103.159.189 - - [06/Mar/2018:13:44:52 -0300] "GET /cormun/servlet/trsolicitudadjuntos?2018,9950, HTTP/1.1" 200 9279
186.103.159.189 - - [06/Mar/2018:13:44:54 -0300] "GET /cormun/servlet/trsolicitudadjuntos?2018,9950, HTTP/1.1" 200 9277
186.103.158.250 - - [06/Mar/2018:13:44:57 -0300] "POST /cormun/servlet/solicitudotadjuntos?gx-no-cache=1520354647775 HTTP/1.1" 200 26
186.103.159.189 - - [06/Mar/2018:13:44:58 -0300] "POST /cormun/servlet/trsolicitudadjuntos?42c27940707a0db0be76b94a28b81274,2018,9950,,gx-no-cache=1520354650864 HTTP/1.1" 200 90
186.103.159.189 - - [06/Mar/2018:13:44:58 -0300] "GET /cormun/servlet/hpexe_link HTTP/1.1" 200 968
186.103.159.189 - - [06/Mar/2018:13:44:58 -0300] "GET /cormun/servlet/trsolicitudot HTTP/1.1" 200 8555
186.103.159.189 - - [06/Mar/2018:13:44:59 -0300] "GET /cormun/servlet/trsolicitudot HTTP/1.1" 200 8554
186.103.159.189 - - [06/Mar/2018:13:45:07 -0300] "POST /cormun/servlet/trsolicitudot?42c27940707a0db0be76b94a28b81274,gx-no-cache=1520354660163 HTTP/1.1" 200 5672
186.103.159.189 - - [06/Mar/2018:13:45:07 -0300] "GET /cormun/static/Shared/jqueryui/images/ui-bg_highlight-soft_100_c6c2c8_1x100.png HTTP/1.1" 404 1117
186.103.159.189 - - [06/Mar/2018:13:45:07 -0300] "GET /cormun/static/Shared/jqueryui/images/ui-icons_82798d_256x240.png HTTP/1.1" 404 1089
186.103.159.189 - - [06/Mar/2018:13:45:07 -0300] "GET /cormun/static/Shared/jqueryui/images/ui-bg_flat_55_fafafa_40x100.png HTTP/1.1" 404 1097
186.103.159.189 - - [06/Mar/2018:13:45:07 -0300] "GET /cormun/static/Shared/jqueryui/images/ui-icons_8d78a5_256x240.png HTTP/1.1" 404 1089
186.103.158.250 - - [06/Mar/2018:13:45:37 -0300] "GET /cormun/servlet/solicitudotadjuntos?c05c57fc898dc32e89ec4ea6100f6a22d80f5ab419bfc2d3099f4b2baed3541a,gx-no-cache=1520354688308 HTTP/1.1" 200 30
186.103.158.250 - - [06/Mar/2018:13:45:37 -0300] "GET /cormun/servlet/solicitudotadjuntos?c05c57fc898dc32e89ec4ea6100f6a22d80f5ab419bfc2d3099f4b2baed3541a,gx-no-cache=1520354688345 HTTP/1.1" 200 30
186.103.158.250 - - [06/Mar/2018:13:45:38 -0300] "POST /cormun/servlet/solicitudotadjuntos?256ef51633c6977d07e787c9b56561e7,INS,2018,10113,,1, HTTP/1.1" 200 116
186.103.158.250 - - [06/Mar/2018:13:45:38 -0300] "GET /cormun/servlet/hpexe_return? HTTP/1.1" 200 1025
186.103.158.250 - - [06/Mar/2018:13:45:38 -0300] "GET /cormun/servlet/trsolicitudadjuntos?2018,10113, HTTP/1.1" 200 9338
186.103.158.250 - - [06/Mar/2018:13:45:40 -0300] "GET /cormun/servlet/trsolicitudadjuntos?2018,10113, HTTP/1.1" 200 9338
186.103.159.189 - - [06/Mar/2018:13:45:46 -0300] "POST /cormun/servlet/trsolicitudot?42c27940707a0db0be76b94a28b81274,gx-no-cache=1520354699118 HTTP/1.1" 200 106
186.103.159.189 - - [06/Mar/2018:13:45:46 -0300] "GET /cormun/servlet/trsolicitudadjuntos?2018,9950, HTTP/1.1" 200 9277
186.103.159.189 - - [06/Mar/2018:13:45:48 -0300] "GET /cormun/servlet/trsolicitudadjuntos?2018,9950, HTTP/1.1" 200 9278
186.103.158.250 - - [06/Mar/2018:13:45:50 -0300] "GET /cormun/servlet/solicitudotadjuntos?INS,2018,10113,,1, HTTP/1.1" 200 6240
186.103.158.250 - - [06/Mar/2018:13:45:50 -0300] "GET /cormun/static/about:blank HTTP/1.1" 404 1011
186.103.158.250 - - [06/Mar/2018:13:45:51 -0300] "GET /cormun/servlet/solicitudotadjuntos?INS,2018,10113,,1, HTTP/1.1" 200 6233
186.103.158.250 - - [06/Mar/2018:13:45:51 -0300] "GET /cormun/servlet/solicitudotadjuntos?c05c57fc898dc32e89ec4ea6100f6a220a51f8f8c15d2568c8b46750647a8056b43af084b4303fe27d95be402b05b0a7,gx-no-cache=1520354702437 HTTP/1.1" 200 30
186.103.158.250 - - [06/Mar/2018:13:45:52 -0300] "POST /cormun/servlet/solicitudotadjuntos?256ef51633c6977d07e787c9b56561e7,INS,2018,10113,,1,,gx-no-cache=1520354702499 HTTP/1.1" 200 3982
186.103.159.189 - - [06/Mar/2018:13:45:54 -0300] "POST /cormun/servlet/trsolicitudadjuntos?42c27940707a0db0be76b94a28b81274,2018,9950,,gx-no-cache=1520354707758 HTTP/1.1" 200 90
186.103.159.189 - - [06/Mar/2018:13:45:55 -0300] "GET /cormun/servlet/hpexe_link HTTP/1.1" 200 989
186.103.159.189 - - [06/Mar/2018:13:45:55 -0300] "GET /cormun/servlet/trsolicitudot?gx-no-cache=1520354660163 HTTP/1.1" 200 8555
186.103.158.250 - - [06/Mar/2018:13:45:56 -0300] "POST /cormun/servlet/solicitudotadjuntos?gx-no-cache=1520354706588 HTTP/1.1" 200 26
186.103.159.189 - - [06/Mar/2018:13:45:56 -0300] "GET /cormun/servlet/trsolicitudot?gx-no-cache=1520354660163 HTTP/1.1" 200 8575
186.103.159.189 - - [06/Mar/2018:13:46:00 -0300] "POST /cormun/servlet/trsolicitudot?42c27940707a0db0be76b94a28b81274,gx-no-cache=1520354660163,gx-no-cache=1520354712860 HTTP/1.1" 200 106
186.103.159.189 - - [06/Mar/2018:13:46:00 -0300] "GET /cormun/servlet/trsolicitudadjuntos?2018,9950, HTTP/1.1" 200 9295
186.103.159.189 - - [06/Mar/2018:13:46:01 -0300] "GET /cormun/servlet/trsolicitudadjuntos?2018,9950, HTTP/1.1" 200 9276
186.103.158.250 - - [06/Mar/2018:13:46:11 -0300] "GET /cormun/servlet/solicitudotadjuntos?c05c57fc898dc32e89ec4ea6100f6a22d80f5ab419bfc2d3099f4b2baed3541a,gx-no-cache=1520354722213 HTTP/1.1" 200 30
186.103.158.250 - - [06/Mar/2018:13:46:11 -0300] "GET /cormun/servlet/solicitudotadjuntos?c05c57fc898dc32e89ec4ea6100f6a22d80f5ab419bfc2d3099f4b2baed3541a,gx-no-cache=1520354722268 HTTP/1.1" 200 30
186.103.158.250 - - [06/Mar/2018:13:46:12 -0300] "POST /cormun/servlet/solicitudotadjuntos?256ef51633c6977d07e787c9b56561e7,INS,2018,10113,,1, HTTP/1.1" 200 116
186.103.158.250 - - [06/Mar/2018:13:46:12 -0300] "GET /cormun/servlet/hpexe_return? HTTP/1.1" 200 1025
186.103.158.250 - - [06/Mar/2018:13:46:12 -0300] "GET /cormun/servlet/trsolicitudadjuntos?2018,10113, HTTP/1.1" 200 9590
186.103.159.189 - - [06/Mar/2018:13:46:13 -0300] "GET /cormun/PublicTempStorage/fotocopia_carnet7563918.pdf HTTP/1.1" 200 352846
186.103.158.250 - - [06/Mar/2018:13:46:14 -0300] "GET /cormun/servlet/trsolicitudadjuntos?2018,10113, HTTP/1.1" 200 9591
186.103.158.250 - - [06/Mar/2018:13:46:18 -0300] "GET /cormun/servlet/solicitudotadjuntos?INS,2018,10113,,1, HTTP/1.1" 200 6240
186.103.158.250 - - [06/Mar/2018:13:46:18 -0300] "GET /cormun/static/about:blank HTTP/1.1" 404 1011
186.103.158.250 - - [06/Mar/2018:13:46:19 -0300] "GET /cormun/servlet/solicitudotadjuntos?INS,2018,10113,,1, HTTP/1.1" 200 6233
186.103.158.250 - - [06/Mar/2018:13:46:20 -0300] "GET /cormun/servlet/solicitudotadjuntos?c05c57fc898dc32e89ec4ea6100f6a220a51f8f8c15d2568c8b46750647a8056b43af084b4303fe27d95be402b05b0a7,gx-no-cache=1520354730891 HTTP/1.1" 200 30
186.103.158.250 - - [06/Mar/2018:13:46:20 -0300] "POST /cormun/servlet/solicitudotadjuntos?256ef51633c6977d07e787c9b56561e7,INS,2018,10113,,1,,gx-no-cache=1520354730961 HTTP/1.1" 200 3982
186.103.158.250 - - [06/Mar/2018:13:46:23 -0300] "POST /cormun/servlet/solicitudotadjuntos?gx-no-cache=1520354733954 HTTP/1.1" 200 26
186.103.159.43 - - [06/Mar/2018:13:46:26 -0300] "GET /cormun/servlet/hlogin HTTP/1.1" 200 1717
186.103.159.43 - - [06/Mar/2018:13:46:29 -0300] "POST /cormun/servlet/hlogin?194fabe18ea0d4e8fdf1c14f8592756f,gx-no-cache=1520354740770 HTTP/1.1" 200 90
186.103.159.43 - - [06/Mar/2018:13:46:29 -0300] "GET /cormun/servlet/hpexe_link HTTP/1.1" 200 950
186.103.159.43 - - [06/Mar/2018:13:46:29 -0300] "GET /cormun/servlet/hhome HTTP/1.1" 200 3930
186.103.159.43 - - [06/Mar/2018:13:46:30 -0300] "GET /cormun/servlet/hhome HTTP/1.1" 200 3927
186.103.159.43 - - [06/Mar/2018:13:46:34 -0300] "GET /cormun/servlet/trsolicitudot? HTTP/1.1" 200 7138
186.103.158.250 - - [06/Mar/2018:13:46:34 -0300] "GET /cormun/servlet/solicitudotadjuntos?c05c57fc898dc32e89ec4ea6100f6a22d80f5ab419bfc2d3099f4b2baed3541a,gx-no-cache=1520354744906 HTTP/1.1" 200 30
186.103.158.250 - - [06/Mar/2018:13:46:34 -0300] "GET /cormun/servlet/solicitudotadjuntos?c05c57fc898dc32e89ec4ea6100f6a22d80f5ab419bfc2d3099f4b2baed3541a,gx-no-cache=1520354744979 HTTP/1.1" 200 30
186.103.159.43 - - [06/Mar/2018:13:46:34 -0300] "GET /cormun/servlet/trsolicitudot? HTTP/1.1" 200 7137
186.103.158.250 - - [06/Mar/2018:13:46:35 -0300] "POST /cormun/servlet/solicitudotadjuntos?256ef51633c6977d07e787c9b56561e7,INS,2018,10113,,1, HTTP/1.1" 200 116
186.103.158.250 - - [06/Mar/2018:13:46:35 -0300] "GET /cormun/servlet/hpexe_return? HTTP/1.1" 200 1025
186.103.158.250 - - [06/Mar/2018:13:46:35 -0300] "GET /cormun/servlet/trsolicitudadjuntos?2018,10113, HTTP/1.1" 200 9902
186.103.159.43 - - [06/Mar/2018:13:46:37 -0300] "GET /cormun/servlet/solicitudot?INS,0,0, HTTP/1.1" 200 13388
186.103.158.250 - - [06/Mar/2018:13:46:37 -0300] "GET /cormun/servlet/trsolicitudadjuntos?2018,10113, HTTP/1.1" 200 9900
186.103.159.43 - - [06/Mar/2018:13:46:38 -0300] "GET /cormun/servlet/solicitudot?INS,0,0, HTTP/1.1" 200 13393
186.103.158.250 - - [06/Mar/2018:13:46:41 -0300] "GET /cormun/servlet/trautorizarsolicitud? HTTP/1.1" 200 7312
186.103.158.250 - - [06/Mar/2018:13:46:43 -0300] "GET /cormun/servlet/trautorizarsolicitud? HTTP/1.1" 200 7298
186.103.158.250 - - [06/Mar/2018:13:46:46 -0300] "POST /cormun/servlet/trautorizarsolicitud?256ef51633c6977d07e787c9b56561e7,,gx-no-cache=1520354756935 HTTP/1.1" 200 4406
186.103.158.250 - - [06/Mar/2018:13:46:47 -0300] "POST /cormun/servlet/trautorizarsolicitud?256ef51633c6977d07e787c9b56561e7,,gx-no-cache=1520354757499 HTTP/1.1" 200 4406
186.103.158.250 - - [06/Mar/2018:13:46:49 -0300] "GET /cormun/servlet/trsolicitudot? HTTP/1.1" 200 9242
186.103.158.250 - - [06/Mar/2018:13:46:50 -0300] "GET /cormun/servlet/trsolicitudot? HTTP/1.1" 200 9241
186.103.158.250 - - [06/Mar/2018:13:46:57 -0300] "POST /cormun/servlet/trsolicitudot?256ef51633c6977d07e787c9b56561e7,,gx-no-cache=1520354767441 HTTP/1.1" 200 5882
186.103.158.250 - - [06/Mar/2018:13:46:57 -0300] "GET /cormun/static/Shared/jqueryui/images/ui-bg_highlight-soft_100_c6c2c8_1x100.png HTTP/1.1" 404 1117
186.103.158.250 - - [06/Mar/2018:13:46:57 -0300] "GET /cormun/static/Shared/jqueryui/images/ui-icons_82798d_256x240.png HTTP/1.1" 404 1089
186.103.158.250 - - [06/Mar/2018:13:46:57 -0300] "GET /cormun/static/Shared/jqueryui/images/ui-bg_flat_55_fafafa_40x100.png HTTP/1.1" 404 1097
186.103.158.250 - - [06/Mar/2018:13:46:57 -0300] "GET /cormun/static/Shared/jqueryui/images/ui-icons_8d78a5_256x240.png HTTP/1.1" 404 1089
186.103.158.250 - - [06/Mar/2018:13:46:57 -0300] "POST /cormun/servlet/trsolicitudot?256ef51633c6977d07e787c9b56561e7,,gx-no-cache=1520354767843 HTTP/1.1" 200 5826
186.103.158.250 - - [06/Mar/2018:13:47:01 -0300] "GET /cormun/servlet/trautorizarsolicitud? HTTP/1.1" 200 8641
186.103.158.250 - - [06/Mar/2018:13:47:03 -0300] "GET /cormun/servlet/trautorizarsolicitud? HTTP/1.1" 200 8640
186.103.159.43 - - [06/Mar/2018:13:47:08 -0300] "POST /cormun/servlet/solicitudot?gx-no-cache=1520354780234 HTTP/1.1" 200 3293
186.103.159.43 - - [06/Mar/2018:13:47:08 -0300] "POST /cormun/servlet/solicitudot?194fabe18ea0d4e8fdf1c14f8592756f,INS,0,0,,gx-no-cache=1520354780492 HTTP/1.1" 200 10251
186.103.159.43 - - [06/Mar/2018:13:47:12 -0300] "GET /cormun/servlet/solicitudot?f63fcb8088aea672da2bca9e44c8f7b6c23e910496d0376b862fde1c54b833426e3451649cf69bf499f1d941ee26921f,gx-no-cache=1520354784136 HTTP/1.1" 200 30
186.103.159.189 - - [06/Mar/2018:13:47:18 -0300] "GET /cormun/servlet/trsolicitudadjuntos?2018,9950, HTTP/1.1" 200 9298
186.103.159.189 - - [06/Mar/2018:13:47:19 -0300] "GET /cormun/servlet/trsolicitudadjuntos?2018,9950, HTTP/1.1" 200 9280
192.168.10.62 - - [06/Mar/2018:13:47:26 -0300] "POST /cormun/servlet/trsolicitudgral?59a4455f65e7631b2a2fa74cd188a880,gx-no-cache=1520353651944,gx-no-cache=1520354685095 HTTP/1.1" 200 9523
186.103.159.189 - - [06/Mar/2018:13:47:30 -0300] "GET /cormun/PublicTempStorage/fotocopia_carnet5492582.pdf HTTP/1.1" 200 352846
192.168.10.62 - - [06/Mar/2018:13:47:31 -0300] "POST /cormun/servlet/trsolicitudgral?59a4455f65e7631b2a2fa74cd188a880,gx-no-cache=1520353651944,gx-no-cache=1520354690365 HTTP/1.1" 200 115
192.168.10.62 - - [06/Mar/2018:13:47:31 -0300] "GET /cormun/servlet/solicitudotlog?INS,2018,9457,0,REC, HTTP/1.1" 200 6274
192.168.10.62 - - [06/Mar/2018:13:47:31 -0300] "GET /cormun/servlet/solicitudotlog?INS,2018,9457,0,REC, HTTP/1.1" 200 6253
192.168.10.62 - - [06/Mar/2018:13:47:32 -0300] "GET /cormun/servlet/solicitudotlog?810b5c3c0b90e1b313d32d0a9884eaea5b6e29368b85c4955e10a86e8994a61e1551142e14c8fa084848d778e90b9c1bce8193e0ce931d548f0327fd0b8b2c219a8f3684d868ca1c4ad019fc4d441e4dfe2718bc464ebe06ea01ba91bc935a12d89e3baef8b9caed3f1c62a4a8433ec471bf804bd554b69c5ac1ae58471c5907ce0aa5d4fb578674c51d50a145492df931529b85894843fa33ef9d824c5b1ef4,gx-no-cache=1520354691271 HTTP/1.1" 200 94
192.168.10.62 - - [06/Mar/2018:13:47:35 -0300] "POST /cormun/servlet/solicitudotlog?59a4455f65e7631b2a2fa74cd188a880,INS,2018,9457,0,REC,,gx-no-cache=1520354694712 HTTP/1.1" 200 93
192.168.10.62 - - [06/Mar/2018:13:47:35 -0300] "GET /cormun/servlet/hpexe_return? HTTP/1.1" 200 1039
192.168.10.62 - - [06/Mar/2018:13:47:35 -0300] "GET /cormun/servlet/trsolicitudgral?gx-no-cache=1520353651944 HTTP/1.1" 200 12095
192.168.10.62 - - [06/Mar/2018:13:47:36 -0300] "GET /cormun/servlet/trsolicitudgral?gx-no-cache=1520353651944 HTTP/1.1" 200 12112
186.103.159.189 - - [06/Mar/2018:13:47:47 -0300] "GET /cormun/servlet/trsolicitudadjuntos?2018,9950, HTTP/1.1" 200 9277
186.103.159.189 - - [06/Mar/2018:13:47:49 -0300] "GET /cormun/servlet/trsolicitudadjuntos?2018,9950, HTTP/1.1" 200 9278
200.112.5.172 - - [06/Mar/2018:13:48:45 -0300] "POST /cormun/servlet/trfichaempleado?b196951cbddb269b84d639494082bb0c,gx-no-cache=1520354486493 HTTP/1.1" 200 10228
186.103.159.189 - - [06/Mar/2018:13:50:02 -0300] "POST /cormun/servlet/trsolicitudadjuntos?42c27940707a0db0be76b94a28b81274,2018,9950,,gx-no-cache=1520354954893 HTTP/1.1" 200 90
192.168.10.62 - - [06/Mar/2018:13:50:02 -0300] "GET /cormun/servlet/vesolicitudgral?2018,9402,, HTTP/1.1" 200 9063
192.168.10.62 - - [06/Mar/2018:13:50:02 -0300] "GET /cormun/pexe_scrolldiv.js HTTP/1.1" 404 1009
192.168.10.62 - - [06/Mar/2018:13:50:02 -0300] "GET /cormun/pexe_scrolldiv.js HTTP/1.1" 404 1009
186.103.159.189 - - [06/Mar/2018:13:50:02 -0300] "GET /cormun/servlet/hpexe_link HTTP/1.1" 200 989
186.103.159.189 - - [06/Mar/2018:13:50:02 -0300] "GET /cormun/servlet/trsolicitudot?gx-no-cache=1520354660163 HTTP/1.1" 200 8555
192.168.10.62 - - [06/Mar/2018:13:50:02 -0300] "GET /cormun/servlet/vesolicitudgral?2018,9402,, HTTP/1.1" 200 9042
186.103.159.189 - - [06/Mar/2018:13:50:03 -0300] "GET /cormun/servlet/trsolicitudot?gx-no-cache=1520354660163 HTTP/1.1" 200 8575
192.168.10.62 - - [06/Mar/2018:13:50:04 -0300] "POST /cormun/servlet/vesolicitudgral?59a4455f65e7631b2a2fa74cd188a880,2018,9402,,,gx-no-cache=1520354843358 HTTP/1.1" 200 107
192.168.10.62 - - [06/Mar/2018:13:50:04 -0300] "GET /cormun/servlet/solicitudgral?UPD,2018,9402, HTTP/1.1" 200 12765
192.168.10.62 - - [06/Mar/2018:13:50:04 -0300] "GET /cormun/servlet/solicitudgral?UPD,2018,9402, HTTP/1.1" 200 12765
192.168.10.62 - - [06/Mar/2018:13:50:05 -0300] "POST /cormun/servlet/solicitudgral?gx-no-cache=1520354844463 HTTP/1.1" 200 3926
192.168.10.62 - - [06/Mar/2018:13:50:05 -0300] "GET /cormun/servlet/solicitudgral?810b5c3c0b90e1b313d32d0a9884eaeac113802302f792ee15aa9563e5db5c6f2ab6b8e6a9c3e23a3fa039da7b002604b3cc5361f556384febdf76407ed2ebc42bbef337a39ad95679b3bf30aaf52ec65e89e47ba880ae0e579bb4d55be802960781cafbb2c6637aaaebff5f03e67f512e61717567e0d796ef74823e3852d67c40e4b549ce3ed1b18ba6782d3aa8375f5c8929db8d4e5b886a08fb64a33d496491e8f7834407af69ff52fc896f958ef32e159f821439cb235a23f433cadab86d053fd5f5e74148ba14b8319e4f11d825a33c5ba3333f19e767ae75e7f95ede8dd007c54a5f00bb258eac6b17d98e07c41551142e14c8fa084848d778e90b9c1b7b4c0fd584458413a1da63dbb0dce261916fa351230ca6c0c931f30051275a02e2d661ddc491444fdd74222dd59d8c26d873073b67c38bfb610fc4a801adda9f23e0774f2c37cf78a93475a157c6baf6,gx-no-cache=1520354844652 HTTP/1.1" 200 297
192.168.10.62 - - [06/Mar/2018:13:50:05 -0300] "GET /cormun/servlet/solicitudgral?810b5c3c0b90e1b313d32d0a9884eaea90e9e38bee238aa39bc52235ea7f66da67b98336446219113b73355fd89fe7a5d1e457c2bbdc9890ce7e02dd8f85adeba860b7e20a35ae295872cf1a8d8da6544318851863459bd342b36a5db1041381951a8a439d97990bada6edcb27937087f62abad807bef85de7b7e5becf8fb5f32fa0098eb2689a12a8c462cb24afcb04978dc2657a3c2f9b8a08ad6ce1681a5ab6e406df1efb6305fea8a6f3a7c0518ebf3b9fdd612dc17bfc5e453299661a85330e44af13aa1e7646fc5a07d2507a63ddacf6adfb9e6733220806a04e4130d5472ebd161276ce977008c6b52c56eec9f8668d4b41c342413e5aa5c05bec3d0c9f912e090db317c992c6c0acbfb9a5691bd661db977ba8fd3cd30fcf92334a601aab3891567a462b31233e5c194f68b8722daf8054919fd5f7f7bef8332f3bc965420b1c67caa3a6c17e3c5c3c311b28aed93f632babc42f59de60efa2562811b9fe5cb22a73d64d5f60ecc81cd1bd5896ba9c778e55170c5e413af00a9ad988f554cb7be3bbeb1270aa97d0a2a6b57b4d260b90ac3244ea4f27f438f15efc4688c55830676f7414c23e29cca516bb61,gx-no-cache=1520354844709 HTTP/1.1" 200 48
186.103.159.189 - - [06/Mar/2018:13:50:06 -0300] "GET /cormun/servlet/solicitudot?INS,0,0, HTTP/1.1" 200 13446
186.103.159.189 - - [06/Mar/2018:13:50:07 -0300] "GET /cormun/servlet/solicitudot?INS,0,0, HTTP/1.1" 200 13429
192.168.10.62 - - [06/Mar/2018:13:50:07 -0300] "POST /cormun/servlet/solicitudgral?59a4455f65e7631b2a2fa74cd188a880,UPD,2018,9402,,gx-no-cache=1520354846969 HTTP/1.1" 200 11865
192.168.10.62 - - [06/Mar/2018:13:50:07 -0300] "GET /cormun/servlet/solicitudgral?810b5c3c0b90e1b313d32d0a9884eaea8f65a80692946b3f5f6e72637efb3b3b65c044eda1c98ab875fb4a19abcdb0feacc221e08790e735c7f96982623fd51a25f35ba8bf5cc743a6d2121480c06e5688f3c00a98b7e692a0656f893199bb22aa1b7739dbe41a9e33857501791c694f,gx-no-cache=1520354847182 HTTP/1.1" 200 29
192.168.10.62 - - [06/Mar/2018:13:50:08 -0300] "POST /cormun/servlet/solicitudgral?gx-no-cache=1520354847206 HTTP/1.1" 200 1295
192.168.10.62 - - [06/Mar/2018:13:50:08 -0300] "POST /cormun/servlet/solicitudgral?gx-no-cache=1520354847257 HTTP/1.1" 200 1218
192.168.10.62 - - [06/Mar/2018:13:50:08 -0300] "POST /cormun/servlet/solicitudgral?59a4455f65e7631b2a2fa74cd188a880,UPD,2018,9402,,gx-no-cache=1520354847299 HTTP/1.1" 200 93
192.168.10.62 - - [06/Mar/2018:13:50:08 -0300] "GET /cormun/servlet/hpexe_return? HTTP/1.1" 200 1012
192.168.10.62 - - [06/Mar/2018:13:50:08 -0300] "GET /cormun/servlet/vesolicitudgral?2018,9402,, HTTP/1.1" 200 9065
192.168.10.62 - - [06/Mar/2018:13:50:08 -0300] "GET /cormun/pexe_scrolldiv.js HTTP/1.1" 404 1009
192.168.10.62 - - [06/Mar/2018:13:50:08 -0300] "GET /cormun/pexe_scrolldiv.js HTTP/1.1" 404 1009
192.168.10.62 - - [06/Mar/2018:13:50:08 -0300] "GET /cormun/servlet/vesolicitudgral?2018,9402,, HTTP/1.1" 200 9061
192.168.10.62 - - [06/Mar/2018:13:50:09 -0300] "POST /cormun/servlet/vesolicitudgral?59a4455f65e7631b2a2fa74cd188a880,2018,9402,,,gx-no-cache=1520354848793 HTTP/1.1" 200 12005
192.168.10.62 - - [06/Mar/2018:13:50:09 -0300] "GET /cormun/static/Shared/jqueryui/images/ui-bg_highlight-soft_100_c6c2c8_1x100.png HTTP/1.1" 404 1117
192.168.10.62 - - [06/Mar/2018:13:50:09 -0300] "GET /cormun/static/Shared/jqueryui/images/ui-icons_82798d_256x240.png HTTP/1.1" 404 1089
192.168.10.62 - - [06/Mar/2018:13:50:09 -0300] "GET /cormun/static/Shared/jqueryui/images/ui-icons_8d78a5_256x240.png HTTP/1.1" 404 1089
192.168.10.62 - - [06/Mar/2018:13:50:09 -0300] "GET /cormun/static/Shared/jqueryui/images/ui-bg_flat_55_fafafa_40x100.png HTTP/1.1" 404 1097
192.168.10.62 - - [06/Mar/2018:13:50:09 -0300] "POST /cormun/servlet/vesolicitudgral?59a4455f65e7631b2a2fa74cd188a880,2018,9402,,,gx-no-cache=1520354849050 HTTP/1.1" 200 11940
186.103.159.189 - - [06/Mar/2018:13:50:11 -0300] "GET /cormun/servlet/prfichaempleado?,MD,,gxPopupLevel%3D0%3B HTTP/1.1" 200 9317
186.67.203.186 - - [06/Mar/2018:13:50:25 -0300] "GET /cormun/servlet/solicitudot?35013767945e92e128210bad3190e54595886871345792f1637fd3896a7f0f73ec200a116089e4fb3e82f2856cb7db1b44b839a96355d1c4fe14ee86f317a8bc,gx-no-cache=1520354975040 HTTP/1.1" 200 30
186.67.203.186 - - [06/Mar/2018:13:50:25 -0300] "POST /cormun/servlet/solicitudot?gx-no-cache=1520354975296 HTTP/1.1" 200 255
186.67.203.186 - - [06/Mar/2018:13:50:25 -0300] "GET /cormun/servlet/solicitudot?35013767945e92e128210bad3190e545875f5bdd071913b3f88229a7c0af693d2a1fcae5690b9b612d3c48a9e9c7f368336c1ed64c9f340b7cd4bb16885f755244a7dd3264529bf58d70c924bc2078fd2ad7e96ef1eb41741cedbfe85f737e250be02435539e385feecf4226522ed292a159ab725685f88d3caa2c29efc03ba0ee347128d8405f93aaa8af322ba8d62c019d932b5f563760977eacd4346a318c7f23ec39757086fb63b31b754d16f7bd5cbfac1b9eef4586ca5ebf9e7fdf98b746a04d83351a4ba868d444068f8a79b34990f912e5662e30fee5a72992226d58032ea30db3f51470d5fb725c41989b0c5cd845a546c3bf7195c0e8fe34b8b8b3dbcde3ed1e859d86fea1f58f918ffc62d5d5db42c0d6af4b20e1f4ac2ba4189b2771540ec151c723e8d1f886e3061bde05865214b4857e6ffc4f3eee36883770d25f375f4246ab8619306daed588ce1782785a647dafdb7922cffa3f1b815443ffdb952c6de13dcf5c8e2777647a614bda937d4a49435203cc74a2111603dc2f,gx-no-cache=1520354975389 HTTP/1.1" 200 30
186.67.203.186 - - [06/Mar/2018:13:50:25 -0300] "POST /cormun/servlet/solicitudot?gx-no-cache=1520354975449 HTTP/1.1" 200 30
186.67.203.186 - - [06/Mar/2018:13:50:25 -0300] "POST /cormun/servlet/solicitudot?gx-no-cache=1520354975499 HTTP/1.1" 200 1337
186.67.203.186 - - [06/Mar/2018:13:50:25 -0300] "POST /cormun/servlet/solicitudot?gx-no-cache=1520354975571 HTTP/1.1" 200 41
186.103.159.189 - - [06/Mar/2018:13:50:28 -0300] "POST /cormun/servlet/prfichaempleado?42c27940707a0db0be76b94a28b81274,,MD,,gxPopupLevel%3D0%3B,gx-no-cache=1520354981559 HTTP/1.1" 200 3416
200.112.5.172 - - [06/Mar/2018:13:50:35 -0300] "GET /cormun/servlet/trvisualizadoreventos? HTTP/1.1" 200 5951
