192.168.10.50 - - [06/Mar/2018:09:19:49 -0300] "GET /cormun/servlet/solicitudgral?fbbf56d5b3289b36a119d7fa184034e51dae1820c21bdb77da0b0546bcff352a9862826c1f0fa817102c26222a7e1bc90ba3ec45a751d7b846cd29477151e2841537afa6b0baea825fee67307bd4ff1f07bb6a9fee51aac0d4a0579647a3da15f273614fcd11f349902de2c4f6b0a973272799adf91fb7dae983bc71c82b784156e0b25d549d5cb6cfdca251c320b96d74fa90779e037815fcd29c545a171f04b75164313d1d67353490b80796619089995b868518612b84214aeddb52d2ed7a30e1b63481a455726cff646648b54c53e2291bdeeed90c894715555ce01cdc273d7c1dca64ff353bfbb0ad9640132312531fcdc24480c84b9902abbb743520705359ea3ea7b725fef9e270fa60890df6c1a7063ad903e0f6b94ad44f6a5d1516dffd2d2aee66e0a592f4fcee22ba9d2add088deee1d0cc3221283002a4fb9f057c5c7169fff1a246b1551df2e43b195397a1a901267a586ccc12eaae34a2711c12e0ba7af26bf986ab4dc88c0c92a4cea1d0b14a1500e892608d1bdea4b3d07444804b2dbc9e141f221be4e544e16f0619a3bee891fc0a85faba56976a66f204441e46d4c54b1adbc3fa401f24da9905,gx-no-cache=1520338628707 HTTP/1.1" 200 48
186.79.20.211 - - [06/Mar/2018:09:19:49 -0300] "GET /cormun/static/treventos.js?201610171620222 HTTP/1.1" 200 16064
186.79.20.211 - - [06/Mar/2018:09:19:50 -0300] "GET /cormun/servlet/treventos?2018,10080, HTTP/1.1" 200 7891
186.79.20.211 - - [06/Mar/2018:09:19:57 -0300] "GET /cormun/servlet/trautorizarsolicitud HTTP/1.1" 200 9051
186.79.20.211 - - [06/Mar/2018:09:19:58 -0300] "GET /cormun/servlet/trautorizarsolicitud HTTP/1.1" 200 9047
192.168.10.50 - - [06/Mar/2018:09:19:59 -0300] "POST /cormun/servlet/solicitudgral?0a3d557a1eaeaba86cd775f6eea7d209,UPD,2018,9694,,gx-no-cache=1520338639125 HTTP/1.1" 200 11824
192.168.10.50 - - [06/Mar/2018:09:20:00 -0300] "GET /cormun/servlet/solicitudgral?fbbf56d5b3289b36a119d7fa184034e59bff4533422ff5c8ba29acbb4308541617c061948727b03699b9227c18e00e75eb5050d0d0db7499e58c69374d1b2e2be538fd40942112df4e8b993609c562e149704a4cf28aa0ba3b1793f81cfca4bda5d516c9cd53ec2b2b5d5a4291875d23,gx-no-cache=1520338639329 HTTP/1.1" 200 29
192.168.10.50 - - [06/Mar/2018:09:20:00 -0300] "POST /cormun/servlet/solicitudgral?gx-no-cache=1520338639344 HTTP/1.1" 200 1295
192.168.10.50 - - [06/Mar/2018:09:20:00 -0300] "POST /cormun/servlet/solicitudgral?gx-no-cache=1520338639372 HTTP/1.1" 200 1218
186.103.159.188 - - [06/Mar/2018:09:20:09 -0300] "POST /cormun/servlet/solicitudot?7b347ef5b7f0a370208769d4eb503944,INS,0,0,,gx-no-cache=1520338759727 HTTP/1.1" 200 10713
186.103.159.188 - - [06/Mar/2018:09:20:09 -0300] "GET /cormun/static/Shared/jqueryui/images/ui-icons_82798d_256x240.png HTTP/1.1" 404 1089
186.103.159.188 - - [06/Mar/2018:09:20:09 -0300] "GET /cormun/static/Shared/jqueryui/images/ui-bg_flat_55_fafafa_40x100.png HTTP/1.1" 404 1097
186.103.159.188 - - [06/Mar/2018:09:20:09 -0300] "GET /cormun/static/Shared/jqueryui/images/ui-icons_8d78a5_256x240.png HTTP/1.1" 404 1089
186.103.159.188 - - [06/Mar/2018:09:20:10 -0300] "GET /cormun/static/Shared/jqueryui/images/ui-bg_highlight-soft_100_c6c2c8_1x100.png HTTP/1.1" 404 1117
186.79.20.211 - - [06/Mar/2018:09:20:10 -0300] "POST /cormun/servlet/trautorizarsolicitud?833f17ea420a153928a78ebe1feb71af,gx-no-cache=1520338760391 HTTP/1.1" 200 116
186.79.20.211 - - [06/Mar/2018:09:20:10 -0300] "GET /cormun/servlet/solicitudotlog?INS,2018,10080,0,ANU, HTTP/1.1" 200 5994
186.79.20.211 - - [06/Mar/2018:09:20:11 -0300] "GET /cormun/servlet/solicitudotlog?INS,2018,10080,0,ANU, HTTP/1.1" 200 5994
186.79.20.211 - - [06/Mar/2018:09:20:12 -0300] "GET /cormun/servlet/solicitudotlog?a074adac7f4fda54cf38e20999fca5a363cab3cec7d7dda04d9a0a0de65a69a5a569409b93499791ae6e5b16875b356bbeec13151b74e0e56fba20cca19f38d2df196ed43dc7eb2ca48f9f50dfd8677e66d73518c4d54144524d776badebaaf0ef1e4307d7ebdb246ffe02a414395af30699d5fa33abb1259e6024332db794c6dfe704aee723facbf71a5bf7177079d835c1ed4f7660a4d6aa42bf13e084b4e2,gx-no-cache=1520338762749 HTTP/1.1" 200 94
186.103.159.188 - - [06/Mar/2018:09:20:12 -0300] "GET /cormun/servlet/solicitudot?56084e8b41932229036eac0471389aadf19cfdd040cda0234365aeb087b612f4f4980c6b749d12b7a447048991626dc3,gx-no-cache=1520338763566 HTTP/1.1" 200 30
186.103.159.188 - - [06/Mar/2018:09:20:12 -0300] "GET /cormun/servlet/solicitudot?56084e8b41932229036eac0471389aadc096956fb81535a80efbf8248c5b7056a518e073efca84c4803437ca8905eeaecd2aa2173b0a74b67387bd869857698e,gx-no-cache=1520338763660 HTTP/1.1" 200 30
186.103.159.188 - - [06/Mar/2018:09:20:13 -0300] "GET /cormun/servlet/solicitudot?56084e8b41932229036eac0471389aadde5ce05aec88e59debe067673d4d25e880c985cc60116071d1fb25368ab0e198ec06d6e90a6ba1e0e95e421cd3663081,gx-no-cache=1520338763727 HTTP/1.1" 200 53
186.103.159.188 - - [06/Mar/2018:09:20:13 -0300] "POST /cormun/servlet/solicitudot?gx-no-cache=1520338764215 HTTP/1.1" 200 297
186.103.159.188 - - [06/Mar/2018:09:20:13 -0300] "GET /cormun/servlet/solicitudot?56084e8b41932229036eac0471389aadece8898fbf3110eb0978effa356330a82d29dda2e54b866446c86499da768630799c240a79076743257be30bbe7148c01785d3c1d86214fb988a7ac26e986f19b566f2e71402bc27f2fde80ac4feb194e7e20f02c7eac0ba95f30b2d8068558aa9742ac4281f7478156a48f5e5c236365097cda307b44c9291554433adb4efef01c68d7537daf1511d9d5c0c432f572d3248981cfd5b25334f03eedd72ae4623b2eeef3074b3e7635e4843d7737f60335c6c0318ff108c3142b4bf7f0d89e2e26f0fbbe2fe47c0b1dc85ccac9119af18cd8fcbe9f8b59f65cd1824a8583d99dece5e07bfd758ef60df9d858ace7929e87a62972b990cda2aa458d3d27ca8f470aa13608c57d4f8cba05159cd51e891985b1c847afedfe941d073bd667124274ebb6813084c137046a35010f9ed3dfe49032d3426516531d45d78fd155c25f5544b52648600078147ced310f3d72ad3defd740baa658f9644eb4df36eb26ea50987473989bbacf07d6c7c12e25871f30115d26e47ee6cb113256dce87765b813d,gx-no-cache=1520338764382 HTTP/1.1" 200 30
186.103.159.188 - - [06/Mar/2018:09:20:17 -0300] "POST /cormun/servlet/solicitudot?gx-no-cache=1520338768309 HTTP/1.1" 200 30
186.103.159.188 - - [06/Mar/2018:09:20:21 -0300] "GET /cormun/servlet/prcontratosol?15524622,,,,,MD,,gxPopupLevel%3D0%3B HTTP/1.1" 200 7424
186.103.159.188 - - [06/Mar/2018:09:20:21 -0300] "GET /cormun/static/gxcfg.js?201761413223964 HTTP/1.1" 200 953
186.103.159.188 - - [06/Mar/2018:09:20:21 -0300] "GET /cormun/static/prcontratosol.js?201761413224174 HTTP/1.1" 200 15806
186.103.159.188 - - [06/Mar/2018:09:20:26 -0300] "POST /cormun/servlet/solicitudot?gx-no-cache=1520338776794 HTTP/1.1" 200 1337
186.103.159.188 - - [06/Mar/2018:09:20:26 -0300] "POST /cormun/servlet/solicitudot?gx-no-cache=1520338777322 HTTP/1.1" 200 38
186.103.159.188 - - [06/Mar/2018:09:20:26 -0300] "GET /cormun/servlet/solicitudot?56084e8b41932229036eac0471389aad41d6ac0a612c871fb25eaf5f7ee50354bf6fb4b40cbd5bdd82c554a176fb8e4090187082dcd4a8c722f025ede4b756849e098766ab62746481258aba1e1b698dffe4622e59961aae5c95783aa8c3727ca788703cd37b2eeac2efd5a700453405,gx-no-cache=1520338777461 HTTP/1.1" 200 29
186.103.159.188 - - [06/Mar/2018:09:20:26 -0300] "POST /cormun/servlet/solicitudot?gx-no-cache=1520338777552 HTTP/1.1" 200 1318
186.103.159.188 - - [06/Mar/2018:09:20:29 -0300] "POST /cormun/servlet/solicitudot?gx-no-cache=1520338778115 HTTP/1.1" 200 1218
186.103.159.188 - - [06/Mar/2018:09:20:29 -0300] "GET /cormun/servlet/solicitudot?56084e8b41932229036eac0471389aadeaeb4b3ab3484611c4960b6a8adefbfe,gx-no-cache=1520338780780 HTTP/1.1" 200 30
186.103.159.188 - - [06/Mar/2018:09:20:29 -0300] "GET /cormun/servlet/prsolicitudot?15524622,,,,,MD,,gxPopupLevel%3D0%3B HTTP/1.1" 200 5927
186.103.159.188 - - [06/Mar/2018:09:20:29 -0300] "GET /cormun/static/gxcfg.js?2017111422591492 HTTP/1.1" 200 953
186.103.159.188 - - [06/Mar/2018:09:20:29 -0300] "GET /cormun/static/prsolicitudot.js?2017111422591715 HTTP/1.1" 200 13680
186.103.159.188 - - [06/Mar/2018:09:20:33 -0300] "POST /cormun/servlet/solicitudot?gx-no-cache=1520338784345 HTTP/1.1" 200 1337
186.103.159.188 - - [06/Mar/2018:09:20:33 -0300] "POST /cormun/servlet/solicitudot?gx-no-cache=1520338784485 HTTP/1.1" 200 38
186.103.159.188 - - [06/Mar/2018:09:20:33 -0300] "POST /cormun/servlet/solicitudot?gx-no-cache=1520338784563 HTTP/1.1" 200 1318
186.103.159.188 - - [06/Mar/2018:09:20:35 -0300] "POST /cormun/servlet/solicitudot?gx-no-cache=1520338785150 HTTP/1.1" 200 1218
186.103.159.188 - - [06/Mar/2018:09:20:35 -0300] "GET /cormun/servlet/solicitudot?56084e8b41932229036eac0471389aade6808fe6d8e8dd5466747b3e92a1f7e07596833e746fc00be8c2042cf81e774f,gx-no-cache=1520338786234 HTTP/1.1" 200 134
186.103.159.188 - - [06/Mar/2018:09:20:35 -0300] "GET /cormun/static/Shared/jqueryui/images/ui-bg_flat_55_994d53_40x100.png HTTP/1.1" 404 1097
186.103.159.188 - - [06/Mar/2018:09:20:35 -0300] "GET /cormun/static/Shared/jqueryui/images/ui-icons_ebccce_256x240.png HTTP/1.1" 404 1089
186.79.20.211 - - [06/Mar/2018:09:20:36 -0300] "POST /cormun/servlet/solicitudotlog?833f17ea420a153928a78ebe1feb71af,INS,2018,10080,0,ANU,,gx-no-cache=1520338787048 HTTP/1.1" 200 93
186.79.20.211 - - [06/Mar/2018:09:20:36 -0300] "GET /cormun/servlet/hpexe_return? HTTP/1.1" 200 1030
186.79.20.211 - - [06/Mar/2018:09:20:37 -0300] "GET /cormun/servlet/trautorizarsolicitud HTTP/1.1" 200 9051
186.79.20.211 - - [06/Mar/2018:09:20:37 -0300] "GET /cormun/servlet/trautorizarsolicitud HTTP/1.1" 200 9047
186.67.164.142 - - [06/Mar/2018:09:21:31 -0300] "GET /cormun/servlet/hlogin HTTP/1.1" 200 1713
186.67.164.142 - - [06/Mar/2018:09:21:32 -0300] "GET /favicon.ico HTTP/1.1" 200 21630
186.67.164.142 - - [06/Mar/2018:09:21:37 -0300] "POST /cormun/servlet/hlogin?7525e11b7c9132ddeb27a33894b41265,gx-no-cache=1520338848781 HTTP/1.1" 200 90
186.67.164.142 - - [06/Mar/2018:09:21:37 -0300] "GET /cormun/servlet/hpexe_link HTTP/1.1" 200 944
186.67.164.142 - - [06/Mar/2018:09:21:38 -0300] "GET /cormun/servlet/hhome HTTP/1.1" 200 3965
186.67.164.142 - - [06/Mar/2018:09:21:39 -0300] "GET /cormun/servlet/hhome HTTP/1.1" 200 3963
186.67.164.142 - - [06/Mar/2018:09:21:42 -0300] "GET /cormun/servlet/trlicencias? HTTP/1.1" 200 7973
186.67.164.142 - - [06/Mar/2018:09:21:42 -0300] "GET /cormun/servlet/trlicencias? HTTP/1.1" 200 7971
186.67.164.142 - - [06/Mar/2018:09:21:56 -0300] "GET /cormun/servlet/licenciaspermisos?INS,0,,, HTTP/1.1" 200 7494
186.67.164.142 - - [06/Mar/2018:09:21:56 -0300] "GET /cormun/static/gxcfg.js?201762917281167 HTTP/1.1" 200 953
186.67.164.142 - - [06/Mar/2018:09:21:57 -0300] "GET /cormun/static/licenciaspermisos.js?201762917281260 HTTP/1.1" 200 37491
186.67.164.142 - - [06/Mar/2018:09:21:57 -0300] "GET /cormun/servlet/licenciaspermisos?INS,0,,, HTTP/1.1" 200 7492
186.67.164.142 - - [06/Mar/2018:09:22:16 -0300] "GET /cormun/servlet/licenciaspermisos?2f309b2d1ae4c8e0d3d8a6cb13001e2d5d48cf910cbc153028e28a2866687eb9675fb9d02bff6caf7c6bf0979875879d,gx-no-cache=1520338886610 HTTP/1.1" 200 82
186.67.164.142 - - [06/Mar/2018:09:22:17 -0300] "POST /cormun/servlet/licenciaspermisos?7525e11b7c9132ddeb27a33894b41265,INS,0,,,,gx-no-cache=1520338887652 HTTP/1.1" 200 4686
186.67.164.142 - - [06/Mar/2018:09:22:34 -0300] "GET /cormun/static/menuarrow.gif HTTP/1.1" 404 1015
186.103.159.188 - - [06/Mar/2018:09:23:11 -0300] "POST /cormun/servlet/solicitudot?gx-no-cache=1520338942015 HTTP/1.1" 200 1318
186.103.159.188 - - [06/Mar/2018:09:23:11 -0300] "POST /cormun/servlet/solicitudot?gx-no-cache=1520338942338 HTTP/1.1" 200 1218
186.103.159.188 - - [06/Mar/2018:09:23:11 -0300] "GET /cormun/static/menuarrow.gif HTTP/1.1" 404 1015
186.103.159.188 - - [06/Mar/2018:09:23:15 -0300] "POST /cormun/servlet/solicitudot?gx-no-cache=1520338946573 HTTP/1.1" 200 1318
186.103.159.188 - - [06/Mar/2018:09:23:16 -0300] "POST /cormun/servlet/solicitudot?gx-no-cache=1520338947152 HTTP/1.1" 200 1218
186.103.159.188 - - [06/Mar/2018:09:23:23 -0300] "GET /cormun/servlet/solicitudot?56084e8b41932229036eac0471389aadba08556516a2521581162740107bc49e7596833e746fc00be8c2042cf81e774f,gx-no-cache=1520338954628 HTTP/1.1" 200 30
186.67.164.142 - - [06/Mar/2018:09:23:33 -0300] "GET /cormun/servlet/licenciaspermisos?2f309b2d1ae4c8e0d3d8a6cb13001e2d4949dfc0ad5149cf8b80ba1aad1d93e07ef10e2811d39c999b241b917bacdcf965437c48efbbbae2065a8141810e8073605c8202186387d88763c7908232ffa6e8e8ccdc092bf6d5143cba40781cd0820376a51ea3051c7acd1a2f2005c89153cdad5a7066c18e45a149412e1e7159c0c35946aa1f57cc1a6e3fcbb964f966f0647288e9bdd2c756a8044f601eb4d0671f4f93e3d9eb92318267080ce6d9775e,gx-no-cache=1520338964364 HTTP/1.1" 200 30
186.67.164.142 - - [06/Mar/2018:09:23:33 -0300] "GET /cormun/servlet/licenciaspermisos?2f309b2d1ae4c8e0d3d8a6cb13001e2d2ec6538295e269840947b5c77fb82881219ef15353b7eb01032497538f4a3d879d1d30a8b9a5930f0cc42f0b15c424b5232afe4beaae4cf657c30dfb8cebc625d8b0365232bf8935711b876611ba8bf7d39bbca54867f539663da7e3a0dd9b17ef9072ece00d8552e614c171ca3777ff04cbd0f3afdf1d80d78351dbf2408aa71b6bd689fa55d8e9ebcf9ac42dadce9aaf4334b416f413ae5ece4c4513f0335a,gx-no-cache=1520338964481 HTTP/1.1" 200 29
186.67.164.142 - - [06/Mar/2018:09:23:33 -0300] "POST /cormun/servlet/licenciaspermisos?7525e11b7c9132ddeb27a33894b41265,INS,0,,,,gx-no-cache=1520338964542 HTTP/1.1" 200 4871
186.67.164.142 - - [06/Mar/2018:09:23:33 -0300] "GET /cormun/static/Shared/jqueryui/images/ui-bg_highlight-soft_100_c6c2c8_1x100.png HTTP/1.1" 404 1117
186.67.164.142 - - [06/Mar/2018:09:23:33 -0300] "GET /cormun/static/Shared/jqueryui/images/ui-bg_flat_55_994d53_40x100.png HTTP/1.1" 404 1097
186.67.164.142 - - [06/Mar/2018:09:23:33 -0300] "GET /cormun/static/Shared/jqueryui/images/ui-icons_ebccce_256x240.png HTTP/1.1" 404 1089
186.67.164.142 - - [06/Mar/2018:09:23:33 -0300] "GET /cormun/static/Shared/jqueryui/images/ui-icons_82798d_256x240.png HTTP/1.1" 404 1089
192.168.10.50 - - [06/Mar/2018:09:23:42 -0300] "GET /cormun/static/menuarrow.gif HTTP/1.1" 404 1015
190.161.236.41 - - [06/Mar/2018:09:23:44 -0300] "POST /cormun/servlet/solicitudot?gx-no-cache=1520338975173 HTTP/1.1" 200 30
190.161.236.41 - - [06/Mar/2018:09:23:45 -0300] "POST /cormun/servlet/solicitudot?7b347ef5b7f0a370208769d4eb503944,INS,0,0,,gx-no-cache=1520338975359 HTTP/1.1" 200 93
190.161.236.41 - - [06/Mar/2018:09:23:45 -0300] "GET /cormun/servlet/hpexe_return? HTTP/1.1" 200 1005
190.161.236.41 - - [06/Mar/2018:09:23:45 -0300] "GET /cormun/servlet/trsolicitudot HTTP/1.1" 200 8741
190.161.236.41 - - [06/Mar/2018:09:23:46 -0300] "GET /cormun/servlet/trsolicitudot HTTP/1.1" 200 8737
186.67.164.142 - - [06/Mar/2018:09:24:14 -0300] "GET /cormun/servlet/licenciaspermisos?2f309b2d1ae4c8e0d3d8a6cb13001e2d4949dfc0ad5149cf8b80ba1aad1d93e07ef10e2811d39c999b241b917bacdcf965437c48efbbbae2065a8141810e8073605c8202186387d88763c7908232ffa6e8e8ccdc092bf6d5143cba40781cd082680b89738037c1d17cf42c1a33171ffccdad5a7066c18e45a149412e1e7159c0642218c3cac767a25ea0ae7ff4df6a613e86c24397631cf4b9a94992bda08958c3321aeb0437e5d347f63da86ff9a878bfa63fba4845527dac8d11dfb6943028d944a969c20c2a743a0b19a8342572e9082adc48147fd2e8859c7453f262f240,gx-no-cache=1520339005550 HTTP/1.1" 200 30
186.67.164.142 - - [06/Mar/2018:09:24:14 -0300] "GET /cormun/servlet/licenciaspermisos?2f309b2d1ae4c8e0d3d8a6cb13001e2d2ec6538295e269840947b5c77fb82881219ef15353b7eb01032497538f4a3d879d1d30a8b9a5930f0cc42f0b15c424b5232afe4beaae4cf657c30dfb8cebc625d8b0365232bf8935711b876611ba8bf7a93276e613121583db7f4cd67751cc54ef9072ece00d8552e614c171ca3777ffb873e001a21ae59350d9588b0eba6f44373c3bad487d0a4e7aaf9d7668e6e20814f4ae460753e607520c99e28e2085f673b49cff774cd62f20f88ca47d2a85b9a08a66ab07cb8a8496aee5704a3be3f8582f960863edffab697203680a0a5577,gx-no-cache=1520339005587 HTTP/1.1" 200 29
186.67.164.142 - - [06/Mar/2018:09:24:14 -0300] "POST /cormun/servlet/licenciaspermisos?7525e11b7c9132ddeb27a33894b41265,INS,0,,,,gx-no-cache=1520339005615 HTTP/1.1" 200 93
186.67.164.142 - - [06/Mar/2018:09:24:14 -0300] "GET /cormun/servlet/hpexe_return? HTTP/1.1" 200 1005
186.67.164.142 - - [06/Mar/2018:09:24:15 -0300] "GET /cormun/static/gxcfg.js?2016101716175148 HTTP/1.1" 304 -
186.67.164.142 - - [06/Mar/2018:09:24:15 -0300] "GET /cormun/servlet/trlicencias HTTP/1.1" 200 8483
186.67.164.142 - - [06/Mar/2018:09:24:15 -0300] "GET /cormun/servlet/trlicencias HTTP/1.1" 200 8479
186.67.164.142 - - [06/Mar/2018:09:24:19 -0300] "GET /cormun/servlet/trlicenciaspermisosadjuntos?8265169,20180306000000,L, HTTP/1.1" 200 6316
186.67.164.142 - - [06/Mar/2018:09:24:20 -0300] "GET /cormun/static/gxcfg.js?20177612163414 HTTP/1.1" 200 953
186.67.164.142 - - [06/Mar/2018:09:24:20 -0300] "GET /cormun/static/trlicenciaspermisosadjuntos.js?20177612163719 HTTP/1.1" 200 21036
186.67.164.142 - - [06/Mar/2018:09:24:20 -0300] "GET /cormun/servlet/trlicenciaspermisosadjuntos?8265169,20180306000000,L, HTTP/1.1" 200 6316
186.67.164.142 - - [06/Mar/2018:09:24:22 -0300] "GET /cormun/servlet/licenciaspermisosadjuntos?INS,8265169,L,20180306000000,, HTTP/1.1" 200 5605
186.67.164.142 - - [06/Mar/2018:09:24:22 -0300] "GET /cormun/static/gxcfg.js?2017761263592 HTTP/1.1" 200 953
186.67.164.142 - - [06/Mar/2018:09:24:22 -0300] "GET /cormun/static/licenciaspermisosadjuntos.js?201776126362 HTTP/1.1" 200 8760
186.67.164.142 - - [06/Mar/2018:09:24:22 -0300] "GET /cormun/static/about:blank HTTP/1.1" 404 1011
186.67.164.142 - - [06/Mar/2018:09:24:22 -0300] "GET /cormun/servlet/licenciaspermisosadjuntos?INS,8265169,L,20180306000000,, HTTP/1.1" 200 5595
186.103.158.250 - - [06/Mar/2018:09:24:25 -0300] "GET /cormun/servlet/trsolicitudot? HTTP/1.1" 200 7410
186.103.158.250 - - [06/Mar/2018:09:24:27 -0300] "GET /cormun/servlet/trsolicitudot? HTTP/1.1" 200 7409
186.103.158.250 - - [06/Mar/2018:09:24:32 -0300] "GET /cormun/servlet/trautorizarsolicitud? HTTP/1.1" 200 8663
186.103.158.250 - - [06/Mar/2018:09:24:33 -0300] "GET /cormun/servlet/trautorizarsolicitud? HTTP/1.1" 200 8663
186.103.157.246 - - [06/Mar/2018:09:24:46 -0300] "GET /cormun/servlet/solicitudot?INS,0,0, HTTP/1.1" 200 13329
186.103.158.250 - - [06/Mar/2018:09:24:49 -0300] "GET /cormun/servlet/treventos?2018,9764, HTTP/1.1" 200 8047
186.103.158.250 - - [06/Mar/2018:09:24:49 -0300] "GET /cormun/static/gxcfg.js?2016101716195975 HTTP/1.1" 200 953
186.103.158.250 - - [06/Mar/2018:09:24:50 -0300] "GET /cormun/static/treventos.js?201610171620222 HTTP/1.1" 200 16064
186.103.158.250 - - [06/Mar/2018:09:24:51 -0300] "GET /cormun/servlet/treventos?2018,9764, HTTP/1.1" 200 8053
186.103.157.246 - - [06/Mar/2018:09:24:52 -0300] "GET /cormun/servlet/prfichaempleado?,MD,,gxPopupLevel%3D0%3B HTTP/1.1" 200 9192
186.67.164.142 - - [06/Mar/2018:09:24:58 -0300] "POST /cormun/servlet/licenciaspermisosadjuntos?7525e11b7c9132ddeb27a33894b41265,INS,8265169,L,20180306000000,, HTTP/1.1" 200 116
186.67.164.142 - - [06/Mar/2018:09:24:58 -0300] "GET /cormun/servlet/hpexe_return? HTTP/1.1" 200 1036
186.67.164.142 - - [06/Mar/2018:09:24:58 -0300] "GET /cormun/servlet/trlicenciaspermisosadjuntos?8265169,20180306000000,L, HTTP/1.1" 200 6798
186.67.164.142 - - [06/Mar/2018:09:24:59 -0300] "GET /cormun/servlet/trlicenciaspermisosadjuntos?8265169,20180306000000,L, HTTP/1.1" 200 6796
186.103.158.250 - - [06/Mar/2018:09:25:03 -0300] "GET /cormun/servlet/trautorizarsolicitud? HTTP/1.1" 200 8663
186.103.158.250 - - [06/Mar/2018:09:25:04 -0300] "GET /cormun/servlet/trautorizarsolicitud? HTTP/1.1" 200 8663
186.103.157.246 - - [06/Mar/2018:09:25:05 -0300] "POST /cormun/servlet/prfichaempleado?96223334d295790a78ffe54a98791d46,,MD,,gxPopupLevel%3D0%3B,gx-no-cache=1520339055324 HTTP/1.1" 200 3451
186.103.157.246 - - [06/Mar/2018:09:25:08 -0300] "GET /cormun/servlet/solicitudot?e80f5d1e59be068651ff6ceb7c29337960c5c190b4f6da33815c50a5801a58f9,gx-no-cache=1520339058814 HTTP/1.1" 200 20
186.103.158.250 - - [06/Mar/2018:09:25:08 -0300] "POST /cormun/servlet/trautorizarsolicitud?e80e845129325b7c99e884314e0d0e39,,gx-no-cache=1520339059731 HTTP/1.1" 200 5779
186.103.158.250 - - [06/Mar/2018:09:25:08 -0300] "GET /cormun/static/Shared/jqueryui/images/ui-bg_highlight-soft_100_c6c2c8_1x100.png HTTP/1.1" 404 1117
186.103.158.250 - - [06/Mar/2018:09:25:08 -0300] "GET /cormun/static/Shared/jqueryui/images/ui-icons_82798d_256x240.png HTTP/1.1" 404 1089
186.103.158.250 - - [06/Mar/2018:09:25:08 -0300] "GET /cormun/static/Shared/jqueryui/images/ui-bg_flat_55_fafafa_40x100.png HTTP/1.1" 404 1097
186.103.158.250 - - [06/Mar/2018:09:25:08 -0300] "GET /cormun/static/Shared/jqueryui/images/ui-icons_8d78a5_256x240.png HTTP/1.1" 404 1089
186.67.164.142 - - [06/Mar/2018:09:25:10 -0300] "POST /cormun/servlet/trlicenciaspermisosadjuntos?7525e11b7c9132ddeb27a33894b41265,8265169,20180306000000,L,,gx-no-cache=1520339060580 HTTP/1.1" 200 90
186.67.164.142 - - [06/Mar/2018:09:25:10 -0300] "GET /cormun/servlet/hpexe_link HTTP/1.1" 200 977
186.67.164.142 - - [06/Mar/2018:09:25:10 -0300] "GET /cormun/servlet/trlicencias HTTP/1.1" 200 8481
186.67.164.142 - - [06/Mar/2018:09:25:10 -0300] "GET /cormun/servlet/trlicencias HTTP/1.1" 200 8479
186.67.164.142 - - [06/Mar/2018:09:25:14 -0300] "GET /cormun/servlet/alicenciaprn?8265169,L,20180306000000,PU HTTP/1.1" 200 1559
186.103.157.246 - - [06/Mar/2018:09:25:16 -0300] "POST /cormun/servlet/solicitudot?gx-no-cache=1520339065622 HTTP/1.1" 200 3367
186.103.157.246 - - [06/Mar/2018:09:25:17 -0300] "POST /cormun/servlet/solicitudot?96223334d295790a78ffe54a98791d46,INS,0,0,,gx-no-cache=1520339067226 HTTP/1.1" 200 10326
186.103.157.246 - - [06/Mar/2018:09:25:17 -0300] "GET /cormun/servlet/solicitudot?b46de61a1c6c0c448a218a92bf607a44fa2509a1d077c3d15ccaf21516495324f9cda6bdeaaa57b884681caf49bbd882,gx-no-cache=1520339068030 HTTP/1.1" 200 30
186.103.159.188 - - [06/Mar/2018:09:25:30 -0300] "POST /cormun/servlet/trsolicitudot?7b347ef5b7f0a370208769d4eb503944,gx-no-cache=1520339081034 HTTP/1.1" 200 105
186.103.159.188 - - [06/Mar/2018:09:25:30 -0300] "GET /cormun/servlet/solicitudot?UPD,2018,10081, HTTP/1.1" 200 15419
186.103.159.188 - - [06/Mar/2018:09:25:31 -0300] "GET /cormun/servlet/solicitudot?UPD,2018,10081, HTTP/1.1" 200 15429
190.161.236.41 - - [06/Mar/2018:09:25:32 -0300] "POST /cormun/servlet/solicitudot?gx-no-cache=1520339082922 HTTP/1.1" 200 3423
190.161.236.41 - - [06/Mar/2018:09:25:32 -0300] "POST /cormun/servlet/solicitudot?7b347ef5b7f0a370208769d4eb503944,UPD,2018,10081,,gx-no-cache=1520339083295 HTTP/1.1" 200 11751
190.161.236.41 - - [06/Mar/2018:09:25:32 -0300] "GET /cormun/servlet/solicitudot?56084e8b41932229036eac0471389aadf19cfdd040cda0234365aeb087b612f4f4980c6b749d12b7a447048991626dc3,gx-no-cache=1520339083493 HTTP/1.1" 200 30
190.161.236.41 - - [06/Mar/2018:09:25:32 -0300] "GET /cormun/servlet/solicitudot?56084e8b41932229036eac0471389aadc096956fb81535a80efbf8248c5b7056a518e073efca84c4803437ca8905eeaecd2aa2173b0a74b67387bd869857698e,gx-no-cache=1520339083580 HTTP/1.1" 200 30
190.161.236.41 - - [06/Mar/2018:09:25:32 -0300] "GET /cormun/servlet/solicitudot?56084e8b41932229036eac0471389aadde5ce05aec88e59debe067673d4d25e880c985cc60116071d1fb25368ab0e198ec06d6e90a6ba1e0e95e421cd3663081,gx-no-cache=1520339083667 HTTP/1.1" 200 53
190.161.236.41 - - [06/Mar/2018:09:25:32 -0300] "POST /cormun/servlet/solicitudot?gx-no-cache=1520339083746 HTTP/1.1" 200 297
190.161.236.41 - - [06/Mar/2018:09:25:32 -0300] "GET /cormun/servlet/solicitudot?56084e8b41932229036eac0471389aadece8898fbf3110eb0978effa356330a82d29dda2e54b866446c86499da768630799c240a79076743257be30bbe7148c01785d3c1d86214fb988a7ac26e986f19b566f2e71402bc27f2fde80ac4feb194e7e20f02c7eac0ba95f30b2d8068558aa9742ac4281f7478156a48f5e5c236365097cda307b44c9291554433adb4efef01c68d7537daf1511d9d5c0c432f572d3248981cfd5b25334f03eedd72ae4623b2eeef3074b3e7635e4843d7737f60335c6c0318ff108c3142b4bf7f0d89e2e26f0fbbe2fe47c0b1dc85ccac9119af18cd8fcbe9f8b59f65cd1824a8583d99dece5e07bfd758ef60df9d858ace7929e87a62972b990cda2aa458d3d27ca8f470aa13608c57d4f8cba05159cd51e891985b1c847afedfe941d073bd667124274ebb6813084c137046a35010f9ed3dfe49032d3426516531d45d78fd155c25f5544b52648600078147ced310f3d72ad3defd740baa658f9644eb4df36eb26ea509dc7a6b8a702bda8a7f72b9b217ae647715d26e47ee6cb113256dce87765b813d,gx-no-cache=1520339083846 HTTP/1.1" 200 30
190.161.236.41 - - [06/Mar/2018:09:25:32 -0300] "POST /cormun/servlet/solicitudot?gx-no-cache=1520339083946 HTTP/1.1" 200 30
190.161.236.41 - - [06/Mar/2018:09:25:33 -0300] "POST /cormun/servlet/solicitudot?gx-no-cache=1520339084019 HTTP/1.1" 200 1336
190.161.236.41 - - [06/Mar/2018:09:25:33 -0300] "POST /cormun/servlet/solicitudot?gx-no-cache=1520339084595 HTTP/1.1" 200 41
190.161.236.41 - - [06/Mar/2018:09:25:54 -0300] "GET /cormun/servlet/solicitudot?56084e8b41932229036eac0471389aadbdef0ae6d448ce6fb39d9f29c2801229b3594bebf6b34d621250c691a79bf380dbe403bbc1c4508d1d872d6ca11c6e9ee79a9d9f1a0a38acc546641d68e548ae081b570482687162de76e0ceaa3b13f9afb876cff394d68e7470558d05850e18,gx-no-cache=1520339106022 HTTP/1.1" 200 29
190.161.236.41 - - [06/Mar/2018:09:25:55 -0300] "POST /cormun/servlet/solicitudot?gx-no-cache=1520339106141 HTTP/1.1" 200 1318
190.161.236.41 - - [06/Mar/2018:09:25:55 -0300] "POST /cormun/servlet/solicitudot?gx-no-cache=1520339106248 HTTP/1.1" 200 1218
190.161.236.41 - - [06/Mar/2018:09:25:55 -0300] "GET /cormun/servlet/solicitudot?56084e8b41932229036eac0471389aadba08556516a2521581162740107bc49e7596833e746fc00be8c2042cf81e774f,gx-no-cache=1520339106389 HTTP/1.1" 200 30
190.161.236.41 - - [06/Mar/2018:09:25:55 -0300] "POST /cormun/servlet/solicitudot?gx-no-cache=1520339106476 HTTP/1.1" 200 30
190.161.236.41 - - [06/Mar/2018:09:25:56 -0300] "POST /cormun/servlet/solicitudot?7b347ef5b7f0a370208769d4eb503944,UPD,2018,10081,,gx-no-cache=1520339106681 HTTP/1.1" 200 93
190.161.236.41 - - [06/Mar/2018:09:25:56 -0300] "GET /cormun/servlet/hpexe_return? HTTP/1.1" 200 1010
190.161.236.41 - - [06/Mar/2018:09:25:56 -0300] "GET /cormun/servlet/trsolicitudot HTTP/1.1" 200 8741
190.161.236.41 - - [06/Mar/2018:09:25:57 -0300] "GET /cormun/servlet/trsolicitudot HTTP/1.1" 200 8737
190.161.236.41 - - [06/Mar/2018:09:26:06 -0300] "POST /cormun/servlet/trsolicitudot?7b347ef5b7f0a370208769d4eb503944,gx-no-cache=1520339117689 HTTP/1.1" 200 105
190.161.236.41 - - [06/Mar/2018:09:26:07 -0300] "GET /cormun/servlet/solicitudot?UPD,2018,10081, HTTP/1.1" 200 15419
186.103.157.246 - - [06/Mar/2018:09:26:07 -0300] "GET /cormun/servlet/solicitudot?b46de61a1c6c0c448a218a92bf607a44ad62284d4ea0b5c4e1e3d6b2c6e469811bd6b84d8d9f799af0f77a6393f30542,gx-no-cache=1520339117368 HTTP/1.1" 200 30
186.103.157.246 - - [06/Mar/2018:09:26:07 -0300] "GET /cormun/servlet/solicitudot?b46de61a1c6c0c448a218a92bf607a44ac883af5e11dc8d7b9c2211f478cf4e1,gx-no-cache=1520339117773 HTTP/1.1" 200 51
186.103.157.246 - - [06/Mar/2018:09:26:07 -0300] "POST /cormun/servlet/solicitudot?gx-no-cache=1520339117878 HTTP/1.1" 200 255
190.161.236.41 - - [06/Mar/2018:09:26:07 -0300] "GET /cormun/servlet/solicitudot?UPD,2018,10081, HTTP/1.1" 200 15428
190.161.236.41 - - [06/Mar/2018:09:26:08 -0300] "POST /cormun/servlet/solicitudot?gx-no-cache=1520339118992 HTTP/1.1" 200 3422
186.103.157.246 - - [06/Mar/2018:09:26:08 -0300] "GET /cormun/servlet/solicitudot?b46de61a1c6c0c448a218a92bf607a447f1a0461f7e35ddb6e83799aca2b675cb6bbbde3cf293a6e7a1bbae22ff3a6b2560fd1e6a4533440db3bc3254b5e08a37d505b123446d9d32946c3903cc2fb2e00acd8fb5814156845ed2eecf269a8985ae0af9a1a6991735e380860af53e4a3b1ab300dd871266a55ec57f4483addf0f64ec941c812e7f0c9eb237b8c7706620126943c971295c649a53cdd2b143d809ddae5ae6f0b600bd666c3d763e3b0501dbb21e323597ce78cf5a4c703acee3f5eed35f9fd83a8aa7f2d56cb5276a44860b74db448f00c287ffc6b2d5eb483985c754cec48959ab8a1e4bff27c22ff1ecd240f1ce73fda0ad2c8adc0c1359699db54c721ea1d30a5cb995463f076afad36c0f285aa48a26d0f421868db31462b5066c6719f8dd11a34373fe08dbaeb4ed7ae136c6dd53e6ae3a61955ee7713f8ef6160bb4279736762559d083c4768091b2ef81327411b7a5b6031b316ec05ae76ff6e2214d6c094690c4f9037b8442b539882b900a4c3751438ad0461e1d918,gx-no-cache=1520339118031 HTTP/1.1" 200 30
190.161.236.41 - - [06/Mar/2018:09:26:08 -0300] "POST /cormun/servlet/solicitudot?7b347ef5b7f0a370208769d4eb503944,UPD,2018,10081,,gx-no-cache=1520339119570 HTTP/1.1" 200 11747
190.161.236.41 - - [06/Mar/2018:09:26:08 -0300] "GET /cormun/servlet/solicitudot?56084e8b41932229036eac0471389aadf19cfdd040cda0234365aeb087b612f4f4980c6b749d12b7a447048991626dc3,gx-no-cache=1520339119868 HTTP/1.1" 200 30
190.161.236.41 - - [06/Mar/2018:09:26:08 -0300] "GET /cormun/servlet/solicitudot?56084e8b41932229036eac0471389aadc096956fb81535a80efbf8248c5b7056a518e073efca84c4803437ca8905eeaecd2aa2173b0a74b67387bd869857698e,gx-no-cache=1520339119969 HTTP/1.1" 200 30
190.161.236.41 - - [06/Mar/2018:09:26:08 -0300] "GET /cormun/servlet/solicitudot?56084e8b41932229036eac0471389aadde5ce05aec88e59debe067673d4d25e880c985cc60116071d1fb25368ab0e198ec06d6e90a6ba1e0e95e421cd3663081,gx-no-cache=1520339120048 HTTP/1.1" 200 53
190.161.236.41 - - [06/Mar/2018:09:26:09 -0300] "POST /cormun/servlet/solicitudot?gx-no-cache=1520339120132 HTTP/1.1" 200 297
190.161.236.41 - - [06/Mar/2018:09:26:09 -0300] "GET /cormun/servlet/solicitudot?56084e8b41932229036eac0471389aadece8898fbf3110eb0978effa356330a82d29dda2e54b866446c86499da768630799c240a79076743257be30bbe7148c01785d3c1d86214fb988a7ac26e986f19b566f2e71402bc27f2fde80ac4feb194e7e20f02c7eac0ba95f30b2d8068558aa9742ac4281f7478156a48f5e5c236365097cda307b44c9291554433adb4efef01c68d7537daf1511d9d5c0c432f572d3248981cfd5b25334f03eedd72ae4623b2eeef3074b3e7635e4843d7737f60335c6c0318ff108c3142b4bf7f0d89e2e26f0fbbe2fe47c0b1dc85ccac9119af18cd8fcbe9f8b59f65cd1824a8583d99dece5e07bfd758ef60df9d858ace7929e87a62972b990cda2aa458d3d27ca8f470aa13608c57d4f8cba05159cd51e891985b1c847afedfe941d073bd667124274ebb6813084c137046a35010f9ed3dfe49032d3426516531d45d78fd155c25f5544b52648600078147ced310f3d72ad3defd740baa658f9644eb4df36eb26ea509dc7a6b8a702bda8a7f72b9b217ae647715d26e47ee6cb113256dce87765b813d,gx-no-cache=1520339120227 HTTP/1.1" 200 30
190.161.236.41 - - [06/Mar/2018:09:26:09 -0300] "POST /cormun/servlet/solicitudot?gx-no-cache=1520339120309 HTTP/1.1" 200 30
190.161.236.41 - - [06/Mar/2018:09:26:09 -0300] "POST /cormun/servlet/solicitudot?gx-no-cache=1520339120381 HTTP/1.1" 200 1336
190.161.236.41 - - [06/Mar/2018:09:26:09 -0300] "POST /cormun/servlet/solicitudot?gx-no-cache=1520339120492 HTTP/1.1" 200 41
186.103.157.246 - - [06/Mar/2018:09:26:11 -0300] "POST /cormun/servlet/solicitudot?gx-no-cache=1520339121637 HTTP/1.1" 200 30
192.168.10.50 - - [06/Mar/2018:09:26:26 -0300] "POST /cormun/servlet/solicitudgral?0a3d557a1eaeaba86cd775f6eea7d209,UPD,2018,9694,,gx-no-cache=1520339025382 HTTP/1.1" 200 93
192.168.10.50 - - [06/Mar/2018:09:26:26 -0300] "GET /cormun/servlet/hpexe_return? HTTP/1.1" 200 1020
192.168.10.50 - - [06/Mar/2018:09:26:26 -0300] "GET /cormun/servlet/trsolicitudgral HTTP/1.1" 200 11153
190.161.236.41 - - [06/Mar/2018:09:26:26 -0300] "GET /cormun/servlet/solicitudot?56084e8b41932229036eac0471389aadbdef0ae6d448ce6fb39d9f29c2801229b3594bebf6b34d621250c691a79bf380dbe403bbc1c4508d1d872d6ca11c6e9ee79a9d9f1a0a38acc546641d68e548ae081b570482687162de76e0ceaa3b13f9afb876cff394d68e7470558d05850e18,gx-no-cache=1520339137606 HTTP/1.1" 200 29
190.161.236.41 - - [06/Mar/2018:09:26:26 -0300] "POST /cormun/servlet/solicitudot?gx-no-cache=1520339137661 HTTP/1.1" 200 1318
190.161.236.41 - - [06/Mar/2018:09:26:26 -0300] "POST /cormun/servlet/solicitudot?gx-no-cache=1520339137752 HTTP/1.1" 200 1218
190.161.236.41 - - [06/Mar/2018:09:26:26 -0300] "GET /cormun/servlet/solicitudot?56084e8b41932229036eac0471389aadba08556516a2521581162740107bc49e7596833e746fc00be8c2042cf81e774f,gx-no-cache=1520339137831 HTTP/1.1" 200 30
190.161.236.41 - - [06/Mar/2018:09:26:26 -0300] "POST /cormun/servlet/solicitudot?gx-no-cache=1520339137878 HTTP/1.1" 200 30
192.168.10.50 - - [06/Mar/2018:09:26:26 -0300] "GET /cormun/servlet/trsolicitudgral HTTP/1.1" 200 11149
190.161.236.41 - - [06/Mar/2018:09:26:27 -0300] "POST /cormun/servlet/solicitudot?7b347ef5b7f0a370208769d4eb503944,UPD,2018,10081,,gx-no-cache=1520339137965 HTTP/1.1" 200 93
190.161.236.41 - - [06/Mar/2018:09:26:27 -0300] "GET /cormun/servlet/hpexe_return? HTTP/1.1" 200 1010
190.161.236.41 - - [06/Mar/2018:09:26:27 -0300] "GET /cormun/servlet/trsolicitudot HTTP/1.1" 200 8741
190.161.236.41 - - [06/Mar/2018:09:26:27 -0300] "GET /cormun/servlet/trsolicitudot HTTP/1.1" 200 8737
186.103.157.246 - - [06/Mar/2018:09:26:32 -0300] "POST /cormun/servlet/solicitudot?gx-no-cache=1520339142640 HTTP/1.1" 200 1337
186.103.157.246 - - [06/Mar/2018:09:26:32 -0300] "POST /cormun/servlet/solicitudot?gx-no-cache=1520339142832 HTTP/1.1" 200 38
190.161.236.41 - - [06/Mar/2018:09:26:40 -0300] "POST /cormun/servlet/trsolicitudot?7b347ef5b7f0a370208769d4eb503944,gx-no-cache=1520339151099 HTTP/1.1" 200 4696
190.161.236.41 - - [06/Mar/2018:09:26:40 -0300] "GET /cormun/static/Shared/jqueryui/images/ui-bg_highlight-soft_100_c6c2c8_1x100.png HTTP/1.1" 404 1117
186.103.159.188 - - [06/Mar/2018:09:26:40 -0300] "GET /cormun/static/Shared/jqueryui/images/ui-icons_82798d_256x240.png HTTP/1.1" 404 1089
186.103.159.188 - - [06/Mar/2018:09:26:40 -0300] "GET /cormun/static/Shared/jqueryui/images/ui-bg_flat_55_fafafa_40x100.png HTTP/1.1" 404 1097
190.161.236.41 - - [06/Mar/2018:09:26:40 -0300] "GET /cormun/static/Shared/jqueryui/images/ui-icons_8d78a5_256x240.png HTTP/1.1" 404 1089
186.103.159.188 - - [06/Mar/2018:09:26:40 -0300] "POST /cormun/servlet/trsolicitudot?7b347ef5b7f0a370208769d4eb503944,gx-no-cache=1520339151330 HTTP/1.1" 200 4449
186.103.157.246 - - [06/Mar/2018:09:26:44 -0300] "GET /cormun/servlet/solicitudot?b46de61a1c6c0c448a218a92bf607a441538f9827972a23cee8782cf3eecd310c7169c1ab1ee8ee1a05661f0d2b5790e6a5f4e2c600d96438baedffdca1e1dfb63a23b2e633119fd35042a807e102c3c20b6929eb08265e2b8c391a4ba9d22738ad15dc9edf1be5262135f24d1eb18fc193f8587ac658b6cba9c609543e896135fd7c4fdc4128ad4419b0399015107054d4f6cba5f47256b05b4851e2712f1cf,gx-no-cache=1520339154623 HTTP/1.1" 200 29
186.103.157.246 - - [06/Mar/2018:09:26:45 -0300] "POST /cormun/servlet/solicitudot?gx-no-cache=1520339155053 HTTP/1.1" 200 1319
186.103.157.246 - - [06/Mar/2018:09:26:45 -0300] "POST /cormun/servlet/solicitudot?gx-no-cache=1520339155642 HTTP/1.1" 200 1217
186.103.157.246 - - [06/Mar/2018:09:27:01 -0300] "GET /cormun/static/menuarrow.gif HTTP/1.1" 404 1015
186.103.156.166 - - [06/Mar/2018:09:27:04 -0300] "GET /cormun/servlet/licenciaspermisos?87cf4f2eb6376c0be1044c76eb46215d61a6e0c6ba75507e35d480f6d2d46b7004aafb8bb39516426a8cf86023ef37e67d76f72aac3de06df4d0468cc5126dc41eddee5e0e18e7063b645929c343d5349e7c4000145ef46e4cb9c0445da5c212c14d8fe925128f5c527b732e2001d1d347f15d817a413fb5a48dabb42e7f3b7c17ebab2c44316b2662905659ad920f8f2070b60ba22802df4128cb562df34d94de2d67a673a96e49ba7f705e10db2a95,gx-no-cache=1520342771323 HTTP/1.1" 200 30
186.103.156.166 - - [06/Mar/2018:09:27:04 -0300] "GET /cormun/servlet/licenciaspermisos?87cf4f2eb6376c0be1044c76eb46215d8c3d7786daf83dd3a55e1ecd110f3c193e8c7d3e99194ab498d48024b954e0182a1f8739868edcbdb39f8b66d7c00fcdbab8b89aa69ad67fc90aa91a8f87db25b1566ffcd741a1a263b0bf7295c78bd7474a82b548f9f413b8127aa911b417f55ff19547a1e2de9208f4019df27b9075e56bfceec3f3bd7f6f9e48ba9802cd014672b96870b02a30d4c4d7d36a87f20d01b29b6b4c476f635e53195f65ab85ca,gx-no-cache=1520342771501 HTTP/1.1" 200 29
186.103.156.166 - - [06/Mar/2018:09:27:05 -0300] "POST /cormun/servlet/licenciaspermisos?422db6e8f742f9940770d3ad15bbd69e,INS,0,,,,gx-no-cache=1520342771588 HTTP/1.1" 200 4842
186.103.157.246 - - [06/Mar/2018:09:27:05 -0300] "GET /cormun/servlet/solicitudot?b46de61a1c6c0c448a218a92bf607a441ecae02df354e437e85e959e4191819906c4e240da15797fe76f5d2a9b9ed851,gx-no-cache=1520339175708 HTTP/1.1" 200 30
186.103.157.246 - - [06/Mar/2018:09:27:14 -0300] "POST /cormun/servlet/solicitudot?gx-no-cache=1520339184747 HTTP/1.1" 200 33
186.103.157.246 - - [06/Mar/2018:09:27:36 -0300] "POST /cormun/servlet/solicitudot?96223334d295790a78ffe54a98791d46,INS,0,0,,gx-no-cache=1520339203418 HTTP/1.1" 200 11748
186.103.157.246 - - [06/Mar/2018:09:27:37 -0300] "GET /cormun/static/Shared/jqueryui/images/ui-bg_highlight-soft_100_c6c2c8_1x100.png HTTP/1.1" 404 1117
186.103.157.246 - - [06/Mar/2018:09:27:37 -0300] "GET /cormun/static/Shared/jqueryui/images/ui-bg_flat_55_994d53_40x100.png HTTP/1.1" 404 1097
186.103.157.246 - - [06/Mar/2018:09:27:37 -0300] "GET /cormun/static/Shared/jqueryui/images/ui-icons_82798d_256x240.png HTTP/1.1" 404 1089
186.103.159.189 - - [06/Mar/2018:09:27:40 -0300] "GET /cormun/servlet/hlogin HTTP/1.1" 200 1712
186.103.159.189 - - [06/Mar/2018:09:27:42 -0300] "GET /cormun/servlet/hlogin HTTP/1.1" 200 1712
186.103.157.246 - - [06/Mar/2018:09:27:49 -0300] "GET /cormun/static/Shared/jqueryui/images/ui-icons_ebccce_256x240.png HTTP/1.1" 404 1089
186.103.159.189 - - [06/Mar/2018:09:27:56 -0300] "POST /cormun/servlet/hlogin?9a2433f63b38a29fce08656997439cbe,gx-no-cache=1520339227162 HTTP/1.1" 200 90
186.103.159.189 - - [06/Mar/2018:09:27:56 -0300] "GET /cormun/servlet/hpexe_link HTTP/1.1" 200 944
186.103.159.189 - - [06/Mar/2018:09:27:57 -0300] "GET /cormun/servlet/hhome HTTP/1.1" 200 3963
186.103.159.189 - - [06/Mar/2018:09:27:58 -0300] "GET /cormun/servlet/hhome HTTP/1.1" 200 3959
186.103.159.189 - - [06/Mar/2018:09:28:01 -0300] "GET /cormun/servlet/trsolicitudot? HTTP/1.1" 200 9654
186.103.159.189 - - [06/Mar/2018:09:28:03 -0300] "GET /cormun/servlet/trsolicitudot? HTTP/1.1" 200 9653
186.67.164.142 - - [06/Mar/2018:09:28:05 -0300] "POST /cormun/servlet/trlicencias?7525e11b7c9132ddeb27a33894b41265,gx-no-cache=1520339233484 HTTP/1.1" 200 5754
186.67.164.142 - - [06/Mar/2018:09:28:06 -0300] "GET /cormun/static/Shared/jqueryui/images/ui-bg_highlight-soft_100_c6c2c8_1x100.png HTTP/1.1" 404 1117
186.67.164.142 - - [06/Mar/2018:09:28:06 -0300] "GET /cormun/static/Shared/jqueryui/images/ui-bg_flat_55_fafafa_40x100.png HTTP/1.1" 404 1097
186.67.164.142 - - [06/Mar/2018:09:28:06 -0300] "GET /cormun/static/Shared/jqueryui/images/ui-icons_8d78a5_256x240.png HTTP/1.1" 404 1089
186.67.164.142 - - [06/Mar/2018:09:28:06 -0300] "GET /cormun/static/Shared/jqueryui/images/ui-icons_82798d_256x240.png HTTP/1.1" 404 1089
186.103.157.246 - - [06/Mar/2018:09:28:15 -0300] "GET /cormun/servlet/trsolicitudot? HTTP/1.1" 200 7083
186.103.157.246 - - [06/Mar/2018:09:28:20 -0300] "GET /cormun/servlet/solicitudot?INS,0,0, HTTP/1.1" 200 13329
186.103.156.166 - - [06/Mar/2018:09:28:22 -0300] "GET /cormun/servlet/licenciaspermisos?87cf4f2eb6376c0be1044c76eb46215d61a6e0c6ba75507e35d480f6d2d46b7004aafb8bb39516426a8cf86023ef37e67d76f72aac3de06df4d0468cc5126dc41eddee5e0e18e7063b645929c343d5349e7c4000145ef46e4cb9c0445da5c212791fa44d3e4470b3b13c07e584525c6447f15d817a413fb5a48dabb42e7f3b7c387465bd9d69ae8c70ae421f47a0a36f1a3b7b472fd006c92c01c8954951e635c8beecd9dd3142c7dd5f79bcc235603f321d7e4c8aa0a99db12b2244bb6bae47c2c1836626ebcd65cc04446db7749b0df186bfe1794cce53dffc2fa84c8c418d,gx-no-cache=1520342849031 HTTP/1.1" 200 30
186.103.156.166 - - [06/Mar/2018:09:28:22 -0300] "GET /cormun/servlet/licenciaspermisos?87cf4f2eb6376c0be1044c76eb46215d8c3d7786daf83dd3a55e1ecd110f3c193e8c7d3e99194ab498d48024b954e0182a1f8739868edcbdb39f8b66d7c00fcdbab8b89aa69ad67fc90aa91a8f87db25b1566ffcd741a1a263b0bf7295c78bd71d9c33e3bbd8d78c76e12312a646de835ff19547a1e2de9208f4019df27b9075c941941ba949295338cd2e7c6cb63e88235d043a83bad87f742ca372205458548e265a3c4e8e9385c43461b791bd87a2cbbf87d2d97897a228e56a7d0d2914803e4afbe90b26470639f164f1628a646269098978d68869165dcbb6c38285b905,gx-no-cache=1520342849153 HTTP/1.1" 200 29
186.103.156.166 - - [06/Mar/2018:09:28:22 -0300] "POST /cormun/servlet/licenciaspermisos?422db6e8f742f9940770d3ad15bbd69e,INS,0,,,,gx-no-cache=1520342849222 HTTP/1.1" 200 4857
186.103.157.246 - - [06/Mar/2018:09:28:27 -0300] "GET /cormun/servlet/prfichaempleado?,MD,,gxPopupLevel%3D0%3B HTTP/1.1" 200 9192
192.168.10.50 - - [06/Mar/2018:09:28:36 -0300] "POST /cormun/servlet/trsolicitudgral?0a3d557a1eaeaba86cd775f6eea7d209,gx-no-cache=1520339155178 HTTP/1.1" 200 7783
192.168.10.50 - - [06/Mar/2018:09:28:36 -0300] "GET /cormun/static/Shared/jqueryui/images/ui-bg_highlight-soft_100_c6c2c8_1x100.png HTTP/1.1" 404 1117
192.168.10.50 - - [06/Mar/2018:09:28:36 -0300] "GET /cormun/static/Shared/jqueryui/images/ui-icons_82798d_256x240.png HTTP/1.1" 404 1089
192.168.10.50 - - [06/Mar/2018:09:28:36 -0300] "GET /cormun/static/Shared/jqueryui/images/ui-bg_flat_55_fafafa_40x100.png HTTP/1.1" 404 1097
192.168.10.50 - - [06/Mar/2018:09:28:36 -0300] "GET /cormun/static/Shared/jqueryui/images/ui-icons_8d78a5_256x240.png HTTP/1.1" 404 1089
186.103.156.166 - - [06/Mar/2018:09:28:37 -0300] "POST /cormun/servlet/licenciaspermisos?422db6e8f742f9940770d3ad15bbd69e,INS,0,,,,gx-no-cache=1520342863698 HTTP/1.1" 200 4857
186.103.156.166 - - [06/Mar/2018:09:28:37 -0300] "POST /cormun/servlet/licenciaspermisos?422db6e8f742f9940770d3ad15bbd69e,INS,0,,,,gx-no-cache=1520342864358 HTTP/1.1" 200 4857
186.103.156.166 - - [06/Mar/2018:09:28:38 -0300] "POST /cormun/servlet/licenciaspermisos?422db6e8f742f9940770d3ad15bbd69e,INS,0,,,,gx-no-cache=1520342864965 HTTP/1.1" 200 4857
186.103.157.246 - - [06/Mar/2018:09:28:38 -0300] "POST /cormun/servlet/prfichaempleado?96223334d295790a78ffe54a98791d46,,MD,,gxPopupLevel%3D0%3B,gx-no-cache=1520339268520 HTTP/1.1" 200 5688
186.67.164.142 - - [06/Mar/2018:09:28:39 -0300] "GET /cormun/servlet/trpermisosgoce? HTTP/1.1" 200 6850
186.67.164.142 - - [06/Mar/2018:09:28:39 -0300] "GET /cormun/static/gxcfg.js?20177612163875 HTTP/1.1" 200 953
186.67.164.142 - - [06/Mar/2018:09:28:39 -0300] "GET /cormun/static/trpermisosgoce.js?20177612164335 HTTP/1.1" 200 35904
192.168.10.50 - - [06/Mar/2018:09:28:39 -0300] "POST /cormun/servlet/trsolicitudgral?0a3d557a1eaeaba86cd775f6eea7d209,gx-no-cache=1520339158602 HTTP/1.1" 200 8131
186.67.164.142 - - [06/Mar/2018:09:28:39 -0300] "GET /cormun/servlet/trpermisosgoce? HTTP/1.1" 200 6850
186.67.164.142 - - [06/Mar/2018:09:28:42 -0300] "GET /cormun/servlet/permisogoce?INS,0,,, HTTP/1.1" 200 6798
186.67.164.142 - - [06/Mar/2018:09:28:42 -0300] "GET /cormun/static/gxcfg.js?201776126440 HTTP/1.1" 200 953
186.67.164.142 - - [06/Mar/2018:09:28:42 -0300] "GET /cormun/static/permisogoce.js?2017761264459 HTTP/1.1" 200 27897
186.67.164.142 - - [06/Mar/2018:09:28:42 -0300] "GET /cormun/servlet/permisogoce?INS,0,,, HTTP/1.1" 200 6798
192.168.10.50 - - [06/Mar/2018:09:28:43 -0300] "POST /cormun/servlet/trsolicitudgral?0a3d557a1eaeaba86cd775f6eea7d209,gx-no-cache=1520339162964 HTTP/1.1" 200 8132
192.168.10.50 - - [06/Mar/2018:09:28:47 -0300] "POST /cormun/servlet/trsolicitudgral?0a3d557a1eaeaba86cd775f6eea7d209,gx-no-cache=1520339166485 HTTP/1.1" 200 8132
186.103.157.246 - - [06/Mar/2018:09:28:48 -0300] "GET /cormun/servlet/solicitudot?e80f5d1e59be068651ff6ceb7c29337960c5c190b4f6da33815c50a5801a58f9,gx-no-cache=1520339278656 HTTP/1.1" 200 20
186.67.164.142 - - [06/Mar/2018:09:28:49 -0300] "GET /cormun/servlet/permisogoce?2f309b2d1ae4c8e0d3d8a6cb13001e2dfc73100de0d02ca068360eb75e49b3376f929d99629a9c005ccb13f8a58849d1,gx-no-cache=1520339280378 HTTP/1.1" 200 79
192.168.10.50 - - [06/Mar/2018:09:28:49 -0300] "POST /cormun/servlet/trsolicitudgral?0a3d557a1eaeaba86cd775f6eea7d209,gx-no-cache=1520339168924 HTTP/1.1" 200 10380
186.103.156.166 - - [06/Mar/2018:09:28:50 -0300] "POST /cormun/servlet/licenciaspermisos?422db6e8f742f9940770d3ad15bbd69e,INS,0,,,,gx-no-cache=1520342876468 HTTP/1.1" 200 4857
186.67.164.142 - - [06/Mar/2018:09:28:53 -0300] "GET /cormun/static/menuarrow.gif HTTP/1.1" 404 1015
186.67.164.142 - - [06/Mar/2018:09:28:56 -0300] "GET /cormun/servlet/permisogoce?2f309b2d1ae4c8e0d3d8a6cb13001e2dbb54074dda0a1522ef539863f2805c248f4487f0fcdc0a40714a90bdec3a7509d8fea7a072e3269cedd34eb47300067e,gx-no-cache=1520339287412 HTTP/1.1" 200 46
186.67.164.142 - - [06/Mar/2018:09:28:59 -0300] "POST /cormun/servlet/permisogoce?7525e11b7c9132ddeb27a33894b41265,INS,0,,,,gx-no-cache=1520339290093 HTTP/1.1" 200 93
186.67.164.142 - - [06/Mar/2018:09:28:59 -0300] "GET /cormun/servlet/hpexe_return? HTTP/1.1" 200 1003
186.67.164.142 - - [06/Mar/2018:09:28:59 -0300] "GET /cormun/servlet/trpermisosgoce HTTP/1.1" 200 7732
186.67.164.142 - - [06/Mar/2018:09:29:00 -0300] "GET /cormun/servlet/trpermisosgoce HTTP/1.1" 200 7729
186.67.164.142 - - [06/Mar/2018:09:29:02 -0300] "GET /cormun/servlet/trpermisosadjuntos?7229698,20180306092601,P, HTTP/1.1" 200 6279
186.67.164.142 - - [06/Mar/2018:09:29:02 -0300] "GET /cormun/static/gxcfg.js?201762817193957 HTTP/1.1" 200 953
186.67.164.142 - - [06/Mar/2018:09:29:02 -0300] "GET /cormun/static/trpermisosadjuntos.js?201762817194366 HTTP/1.1" 200 20158
186.67.164.142 - - [06/Mar/2018:09:29:02 -0300] "GET /cormun/servlet/trpermisosadjuntos?7229698,20180306092601,P, HTTP/1.1" 200 6279
186.67.164.142 - - [06/Mar/2018:09:29:05 -0300] "GET /cormun/servlet/permisosadjuntos?INS,7229698,P,20180306092601,, HTTP/1.1" 200 5601
186.67.164.142 - - [06/Mar/2018:09:29:05 -0300] "GET /cormun/static/gxcfg.js?201762717441171 HTTP/1.1" 200 953
186.67.164.142 - - [06/Mar/2018:09:29:05 -0300] "GET /cormun/static/permisosadjuntos.js?201762717441184 HTTP/1.1" 200 8724
186.67.164.142 - - [06/Mar/2018:09:29:05 -0300] "GET /cormun/static/about:blank HTTP/1.1" 404 1011
186.67.164.142 - - [06/Mar/2018:09:29:05 -0300] "GET /cormun/servlet/permisosadjuntos?INS,7229698,P,20180306092601,, HTTP/1.1" 200 5591
186.103.157.246 - - [06/Mar/2018:09:29:05 -0300] "POST /cormun/servlet/solicitudot?gx-no-cache=1520339296216 HTTP/1.1" 200 3411
186.103.157.246 - - [06/Mar/2018:09:29:06 -0300] "POST /cormun/servlet/solicitudot?96223334d295790a78ffe54a98791d46,INS,0,0,,gx-no-cache=1520339296557 HTTP/1.1" 200 10379
186.103.157.246 - - [06/Mar/2018:09:29:07 -0300] "GET /cormun/servlet/solicitudot?b46de61a1c6c0c448a218a92bf607a448ea5f37fe510aa85979d66068a96e210daf71dd4f8742b0e9c6eb9e0dcd1121d,gx-no-cache=1520339297399 HTTP/1.1" 200 30
186.67.164.142 - - [06/Mar/2018:09:29:12 -0300] "POST /cormun/servlet/permisosadjuntos?7525e11b7c9132ddeb27a33894b41265,INS,7229698,P,20180306092601,, HTTP/1.1" 200 116
186.67.164.142 - - [06/Mar/2018:09:29:12 -0300] "GET /cormun/servlet/hpexe_return? HTTP/1.1" 200 1031
186.67.164.142 - - [06/Mar/2018:09:29:12 -0300] "GET /cormun/servlet/trpermisosadjuntos?7229698,20180306092601,P, HTTP/1.1" 200 6748
186.67.164.142 - - [06/Mar/2018:09:29:12 -0300] "GET /cormun/servlet/trpermisosadjuntos?7229698,20180306092601,P, HTTP/1.1" 200 6742
186.103.157.246 - - [06/Mar/2018:09:29:15 -0300] "GET /cormun/servlet/solicitudot?b46de61a1c6c0c448a218a92bf607a4425681c49caf232337f6a6e44a90fc2dfe0246e39497e161b1a2abf85c25c211bf9cda6bdeaaa57b884681caf49bbd882,gx-no-cache=1520339305347 HTTP/1.1" 200 30
186.103.157.246 - - [06/Mar/2018:09:29:15 -0300] "GET /cormun/servlet/solicitudot?b46de61a1c6c0c448a218a92bf607a44ac883af5e11dc8d7b9c2211f478cf4e1,gx-no-cache=1520339305746 HTTP/1.1" 200 51
186.103.157.246 - - [06/Mar/2018:09:29:15 -0300] "POST /cormun/servlet/solicitudot?gx-no-cache=1520339305871 HTTP/1.1" 200 297
186.67.164.142 - - [06/Mar/2018:09:29:15 -0300] "POST /cormun/servlet/trpermisosadjuntos?7525e11b7c9132ddeb27a33894b41265,7229698,20180306092601,P,,gx-no-cache=1520339306334 HTTP/1.1" 200 90
186.67.164.142 - - [06/Mar/2018:09:29:15 -0300] "GET /cormun/servlet/hpexe_link HTTP/1.1" 200 976
186.67.164.142 - - [06/Mar/2018:09:29:15 -0300] "GET /cormun/servlet/trpermisosgoce HTTP/1.1" 200 7730
186.103.157.246 - - [06/Mar/2018:09:29:15 -0300] "GET /cormun/servlet/solicitudot?b46de61a1c6c0c448a218a92bf607a447f1a0461f7e35ddb6e83799aca2b675c807fcfe39812b93abaf71cc88b689b7f560fd1e6a4533440db3bc3254b5e08a37d505b123446d9d32946c3903cc2fb2e00acd8fb5814156845ed2eecf269a8985ae0af9a1a6991735e380860af53e4a3b1ab300dd871266a55ec57f4483addf0f64ec941c812e7f0c9eb237b8c7706620126943c971295c649a53cdd2b143d809ddae5ae6f0b600bd666c3d763e3b0501dbb21e323597ce78cf5a4c703acee3f5eed35f9fd83a8aa7f2d56cb5276a44860b74db448f00c287ffc6b2d5eb483985c754cec48959ab8a1e4bff27c22ff1e4dc42660d52682d9aa9741935127eb11db54c721ea1d30a5cb995463f076afad86dd5459999751f6fd8d15266014064b3cdf88418a1228ba0aa9af76a3e297581d7e38bb6322bfa8150b9dc7afe06e163a747b1658f2abee22b03c340f9274830623a1286c6fed0ed1c499f52d9eae06719a11e64532829f68203888c499e0f7a7f725ac8b2fb1a17d1087fab09d7a1eb6724d38ac21a63e80e7196679a08886,gx-no-cache=1520339306010 HTTP/1.1" 200 30
186.67.164.142 - - [06/Mar/2018:09:29:16 -0300] "GET /cormun/servlet/trpermisosgoce HTTP/1.1" 200 7729
186.103.157.246 - - [06/Mar/2018:09:29:19 -0300] "POST /cormun/servlet/solicitudot?gx-no-cache=1520339309516 HTTP/1.1" 200 30
186.67.164.142 - - [06/Mar/2018:09:29:19 -0300] "GET /cormun/servlet/apermisogoceprn?7229698,P,20180306092601,PU HTTP/1.1" 200 1676
186.103.157.246 - - [06/Mar/2018:09:29:23 -0300] "POST /cormun/servlet/solicitudot?gx-no-cache=1520339313615 HTTP/1.1" 200 1336
186.103.157.246 - - [06/Mar/2018:09:29:23 -0300] "POST /cormun/servlet/solicitudot?gx-no-cache=1520339313768 HTTP/1.1" 200 38
192.168.10.56 - - [06/Mar/2018:09:29:30 -0300] "GET /cormun/servlet/hlogin HTTP/1.1" 200 1733
186.103.157.246 - - [06/Mar/2018:09:29:33 -0300] "GET /cormun/servlet/solicitudot?b46de61a1c6c0c448a218a92bf607a441538f9827972a23cee8782cf3eecd310c7169c1ab1ee8ee1a05661f0d2b5790e224b9957009c42d540e8cc7b908ecd6ffe20af98cee0cc6ac9d51c8dd96536453e9465802e6cf3bf072048a52a16ccb472ce7da820c9517d970835be95967846,gx-no-cache=1520339323373 HTTP/1.1" 200 29
186.103.157.246 - - [06/Mar/2018:09:29:33 -0300] "POST /cormun/servlet/solicitudot?gx-no-cache=1520339323801 HTTP/1.1" 200 1317
186.103.157.246 - - [06/Mar/2018:09:29:33 -0300] "POST /cormun/servlet/solicitudot?gx-no-cache=1520339324044 HTTP/1.1" 200 1218
186.103.157.246 - - [06/Mar/2018:09:29:33 -0300] "GET /cormun/static/menuarrow.gif HTTP/1.1" 404 1015
186.103.157.246 - - [06/Mar/2018:09:29:35 -0300] "POST /cormun/servlet/solicitudot?gx-no-cache=1520339326314 HTTP/1.1" 200 1317
186.103.157.246 - - [06/Mar/2018:09:29:36 -0300] "POST /cormun/servlet/solicitudot?gx-no-cache=1520339326508 HTTP/1.1" 200 1218
186.103.157.246 - - [06/Mar/2018:09:29:37 -0300] "GET /cormun/servlet/solicitudot?b46de61a1c6c0c448a218a92bf607a441ecae02df354e437e85e959e4191819906c4e240da15797fe76f5d2a9b9ed851,gx-no-cache=1520339328044 HTTP/1.1" 200 30
