192.168.10.61 - - [05/Mar/2018:13:23:55 -0300] "GET /cormun/static/SmoothNavMenu/resources/images/down.gif HTTP/1.1" 200 854
192.168.10.61 - - [05/Mar/2018:13:23:55 -0300] "GET /cormun/static/SmoothNavMenu/resources/images/right.gif HTTP/1.1" 200 860
192.168.10.61 - - [05/Mar/2018:13:23:55 -0300] "GET /cormun/servlet/hhome HTTP/1.1" 200 4427
192.168.10.61 - - [05/Mar/2018:13:25:53 -0300] "GET /cormun/servlet/trcargahorariagral? HTTP/1.1" 200 10270
192.168.10.61 - - [05/Mar/2018:13:25:53 -0300] "GET /cormun/static/gxui/gxui-all.css?120300 HTTP/1.1" 200 2179
192.168.10.61 - - [05/Mar/2018:13:25:53 -0300] "GET /cormun/static/gxcfg.js?20182614244957 HTTP/1.1" 200 953
192.168.10.61 - - [05/Mar/2018:13:25:53 -0300] "GET /cormun/static/Resources/Spanish/PXTools.css?1255365 HTTP/1.1" 200 89042
192.168.10.61 - - [05/Mar/2018:13:25:53 -0300] "GET /cormun/static/Shared/ext/resources/css/ext-all.css?215870 HTTP/1.1" 200 416045
192.168.10.61 - - [05/Mar/2018:13:25:53 -0300] "GET /cormun/static/trcargahorariagral.js?20182614245252 HTTP/1.1" 200 19897
192.168.10.61 - - [05/Mar/2018:13:25:53 -0300] "GET /cormun/static/Resources/PXToolsDataSearch.png HTTP/1.1" 200 419
192.168.10.61 - - [05/Mar/2018:13:25:53 -0300] "GET /cormun/static/Resources/PXToolsGridFirstDisabled.gif HTTP/1.1" 200 100
192.168.10.61 - - [05/Mar/2018:13:25:53 -0300] "GET /cormun/static/Resources/PXToolsGridPreviousDisabled.gif HTTP/1.1" 200 90
192.168.10.61 - - [05/Mar/2018:13:25:53 -0300] "GET /cormun/static/Resources/PXToolsGridNextDisabled.gif HTTP/1.1" 200 90
192.168.10.61 - - [05/Mar/2018:13:25:54 -0300] "GET /cormun/static/Resources/PXToolsGridLastDisabled.gif HTTP/1.1" 200 98
192.168.10.61 - - [05/Mar/2018:13:25:54 -0300] "GET /cormun/static/Resources/PXToolsGridPage.gif HTTP/1.1" 200 725
192.168.10.61 - - [05/Mar/2018:13:25:54 -0300] "GET /cormun/static/Resources/PXToolsActionExcel.png HTTP/1.1" 200 3187
192.168.10.61 - - [05/Mar/2018:13:25:54 -0300] "GET /cormun/static/Resources/asc.gif HTTP/1.1" 200 67
192.168.10.61 - - [05/Mar/2018:13:25:54 -0300] "GET /cormun/static/Resources/desc.gif HTTP/1.1" 200 65
192.168.10.61 - - [05/Mar/2018:13:25:54 -0300] "GET /cormun/static/Shared/ext/resources/themes/images/default/panel/bg-headersPanel.png HTTP/1.1" 200 255
192.168.10.61 - - [05/Mar/2018:13:25:54 -0300] "GET /cormun/static/Shared/ext/resources/themes/images/default/tools/tool-sprites.gif HTTP/1.1" 200 5434
192.168.10.61 - - [05/Mar/2018:13:25:54 -0300] "GET /cormun/servlet/trcargahorariagral? HTTP/1.1" 200 10268
192.168.10.61 - - [05/Mar/2018:13:25:55 -0300] "POST /cormun/servlet/acontrolpreferencessavestate?None,CGONZALEZ,true HTTP/1.1" 200 35
186.103.159.187 - - [05/Mar/2018:13:26:41 -0300] "GET /cormun/servlet/hhome HTTP/1.1" 200 3387
186.103.159.187 - - [05/Mar/2018:13:26:41 -0300] "GET /cormun/static/gxtimezone.js?85251 HTTP/1.1" 304 -
186.103.159.187 - - [05/Mar/2018:13:26:41 -0300] "GET /cormun/static/gxcfg.js?20175251212442 HTTP/1.1" 304 -
186.103.159.187 - - [05/Mar/2018:13:26:42 -0300] "GET /cormun/static/messages.spa.js?85251 HTTP/1.1" 304 -
186.103.159.187 - - [05/Mar/2018:13:26:43 -0300] "GET /cormun/servlet/hhome HTTP/1.1" 200 3387
186.103.159.187 - - [05/Mar/2018:13:26:46 -0300] "GET /cormun/servlet/hhome HTTP/1.1" 200 3397
186.103.159.187 - - [05/Mar/2018:13:26:46 -0300] "GET /cormun/servlet/hlogin HTTP/1.1" 200 1734
186.103.159.187 - - [05/Mar/2018:13:26:46 -0300] "GET /cormun/static/gxcfg.js?20175251213516 HTTP/1.1" 304 -
186.103.159.187 - - [05/Mar/2018:13:26:57 -0300] "POST /cormun/servlet/hlogin?a5a2a05846419d385f5fc400ac9e5f3c,gx-no-cache=1520267266767 HTTP/1.1" 200 90
186.103.159.187 - - [05/Mar/2018:13:26:57 -0300] "GET /cormun/servlet/hpexe_link HTTP/1.1" 200 953
186.103.159.187 - - [05/Mar/2018:13:26:57 -0300] "GET /cormun/static/gxcfg.js?20177612121792 HTTP/1.1" 304 -
186.103.159.187 - - [05/Mar/2018:13:26:57 -0300] "GET /cormun/servlet/hhome HTTP/1.1" 200 3927
186.103.159.187 - - [05/Mar/2018:13:26:59 -0300] "GET /cormun/servlet/hhome HTTP/1.1" 200 3923
186.103.159.187 - - [05/Mar/2018:13:27:09 -0300] "GET /cormun/servlet/trsolicitudot? HTTP/1.1" 200 7135
186.103.159.187 - - [05/Mar/2018:13:27:09 -0300] "GET /cormun/static/gxcfg.js?2017111422585916 HTTP/1.1" 304 -
186.103.159.187 - - [05/Mar/2018:13:27:09 -0300] "GET /cormun/static/calendar.js?85251 HTTP/1.1" 304 -
186.103.159.187 - - [05/Mar/2018:13:27:09 -0300] "GET /cormun/static/calendar-setup.js?85251 HTTP/1.1" 304 -
186.103.159.187 - - [05/Mar/2018:13:27:09 -0300] "GET /cormun/static/calendar-es.js?85251 HTTP/1.1" 304 -
186.103.159.187 - - [05/Mar/2018:13:27:09 -0300] "GET /cormun/static/gxdec.js?85251 HTTP/1.1" 304 -
186.103.159.187 - - [05/Mar/2018:13:27:11 -0300] "GET /cormun/servlet/trsolicitudot? HTTP/1.1" 200 7135
186.103.159.187 - - [05/Mar/2018:13:27:13 -0300] "GET /cormun/servlet/solicitudot?INS,0,0, HTTP/1.1" 200 13386
186.103.159.187 - - [05/Mar/2018:13:27:14 -0300] "GET /cormun/static/gxcfg.js?201812313224582 HTTP/1.1" 304 -
186.103.159.187 - - [05/Mar/2018:13:27:14 -0300] "GET /cormun/static/solicitudot.js?201812313224831 HTTP/1.1" 304 -
186.103.159.187 - - [05/Mar/2018:13:27:15 -0300] "GET /cormun/servlet/solicitudot?INS,0,0, HTTP/1.1" 200 13390
186.103.159.187 - - [05/Mar/2018:13:27:28 -0300] "POST /cormun/servlet/solicitudot?gx-no-cache=1520267297016 HTTP/1.1" 200 3515
186.103.159.187 - - [05/Mar/2018:13:27:28 -0300] "GET /cormun/static/Shared/jqueryui/images/ui-bg_highlight-soft_100_c6c2c8_1x100.png HTTP/1.1" 404 1117
186.103.159.187 - - [05/Mar/2018:13:27:28 -0300] "GET /cormun/static/Shared/jqueryui/images/ui-icons_82798d_256x240.png HTTP/1.1" 404 1089
186.103.159.187 - - [05/Mar/2018:13:27:28 -0300] "GET /cormun/static/Shared/jqueryui/images/ui-bg_flat_55_994d53_40x100.png HTTP/1.1" 404 1097
186.103.159.187 - - [05/Mar/2018:13:27:28 -0300] "GET /cormun/static/Shared/jqueryui/images/ui-icons_ebccce_256x240.png HTTP/1.1" 404 1089
186.103.159.187 - - [05/Mar/2018:13:27:39 -0300] "GET /cormun/servlet/prfichaempleado?,MD,,gxPopupLevel%3D0%3B HTTP/1.1" 200 9269
186.103.159.187 - - [05/Mar/2018:13:27:39 -0300] "GET /cormun/static/gxcfg.js?20177612134814 HTTP/1.1" 304 -
192.168.10.61 - - [05/Mar/2018:13:27:42 -0300] "POST /cormun/servlet/trcargahorariagral?df401a543479f0959c437f1e99c7ed8b,,gx-no-cache=1520267101771 HTTP/1.1" 200 4561
186.103.159.187 - - [05/Mar/2018:13:27:57 -0300] "POST /cormun/servlet/solicitudot?gx-no-cache=1520267327208 HTTP/1.1" 200 3515
186.103.159.187 - - [05/Mar/2018:13:27:58 -0300] "GET /cormun/servlet/solicitudot?7eb1344d269d460aefb42ce7f6ec991e49cc6b6729d11bd04224c93e02f7a27b6d54e63d875bfcddc230dde097e9c5c6,gx-no-cache=1520267327817 HTTP/1.1" 200 111
192.168.10.61 - - [05/Mar/2018:13:28:03 -0300] "GET /cormun/servlet/trautorizarsolicitud? HTTP/1.1" 200 7555
192.168.10.61 - - [05/Mar/2018:13:28:03 -0300] "GET /cormun/static/calendar-system.css?85620 HTTP/1.1" 200 5572
192.168.10.61 - - [05/Mar/2018:13:28:03 -0300] "GET /cormun/static/calendar-setup.js?85251 HTTP/1.1" 200 2588
192.168.10.61 - - [05/Mar/2018:13:28:03 -0300] "GET /cormun/static/calendar-es.js?85251 HTTP/1.1" 200 1901
192.168.10.61 - - [05/Mar/2018:13:28:03 -0300] "GET /cormun/static/gxcfg.js?2017111423403364 HTTP/1.1" 200 953
192.168.10.61 - - [05/Mar/2018:13:28:03 -0300] "GET /cormun/static/calendar.js?85251 HTTP/1.1" 200 26246
192.168.10.61 - - [05/Mar/2018:13:28:03 -0300] "GET /cormun/static/gxdec.js?85251 HTTP/1.1" 200 19579
192.168.10.61 - - [05/Mar/2018:13:28:03 -0300] "GET /cormun/static/trautorizarsolicitud.js?201711142340425 HTTP/1.1" 200 53910
192.168.10.61 - - [05/Mar/2018:13:28:03 -0300] "GET /cormun/static/Resources/PXTools/calendar.png HTTP/1.1" 200 1306
192.168.10.61 - - [05/Mar/2018:13:28:03 -0300] "GET /cormun/servlet/trautorizarsolicitud? HTTP/1.1" 200 7555
186.103.159.187 - - [05/Mar/2018:13:28:04 -0300] "GET /cormun/servlet/solicitudot?7eb1344d269d460aefb42ce7f6ec991e7c8478f92bab69294cef0969e4b3283dfd153d40b8dfd1f119160849568c4217,gx-no-cache=1520267334335 HTTP/1.1" 200 30
192.168.10.61 - - [05/Mar/2018:13:28:04 -0300] "POST /cormun/servlet/acontrolpreferencessavestate?None,CGONZALEZ,true HTTP/1.1" 200 35
192.168.10.61 - - [05/Mar/2018:13:28:17 -0300] "GET /cormun/servlet/trcargahorariagral? HTTP/1.1" 200 6965
192.168.10.61 - - [05/Mar/2018:13:28:17 -0300] "GET /cormun/servlet/trcargahorariagral? HTTP/1.1" 200 6964
192.168.10.61 - - [05/Mar/2018:13:28:18 -0300] "GET /cormun/servlet/hhome HTTP/1.1" 200 4452
192.168.10.61 - - [05/Mar/2018:13:28:19 -0300] "GET /cormun/servlet/hhome HTTP/1.1" 200 4448
192.168.10.61 - - [05/Mar/2018:13:28:43 -0300] "GET /cormun/servlet/trsolicitudgral? HTTP/1.1" 200 27883
192.168.10.61 - - [05/Mar/2018:13:28:43 -0300] "GET /cormun/static/gxcfg.js?201813119461163 HTTP/1.1" 200 953
192.168.10.61 - - [05/Mar/2018:13:28:43 -0300] "GET /cormun/static/trsolicitudgral.js?201813119462015 HTTP/1.1" 200 55173
192.168.10.61 - - [05/Mar/2018:13:28:43 -0300] "GET /cormun/static/Resources/PXToolsAddAllStandardAction.png HTTP/1.1" 200 628
192.168.10.61 - - [05/Mar/2018:13:28:43 -0300] "GET /cormun/static/Resources/PXToolsRemoveAllStandardAction.png HTTP/1.1" 200 495
192.168.10.61 - - [05/Mar/2018:13:28:43 -0300] "GET /cormun//static/Resources/PXToolsGridUpdate.png HTTP/1.1" 200 2984
192.168.10.61 - - [05/Mar/2018:13:28:43 -0300] "GET /cormun//static/Resources/PXToolsGridDelete.png HTTP/1.1" 200 357
192.168.10.61 - - [05/Mar/2018:13:28:44 -0300] "GET /cormun/servlet/trsolicitudgral? HTTP/1.1" 200 27881
186.103.159.187 - - [05/Mar/2018:13:29:43 -0300] "GET /cormun/servlet/solicitudot?7eb1344d269d460aefb42ce7f6ec991ed587b2cc6545bc5d40446c492bc3668dce25ae06aee07138cc4025430fd8f3bceab2da99b8575d2379435b389eb14815,gx-no-cache=1520267433061 HTTP/1.1" 200 30
192.168.10.61 - - [05/Mar/2018:13:29:59 -0300] "POST /cormun/servlet/trsolicitudgral?df401a543479f0959c437f1e99c7ed8b,,gx-no-cache=1520267238752 HTTP/1.1" 200 7232
199.30.24.150 - - [05/Mar/2018:13:30:56 -0300] "GET /cormun/servlet/trsolicitudot HTTP/1.1" 200 32928
186.103.159.187 - - [05/Mar/2018:13:30:57 -0300] "GET /cormun/servlet/hhome HTTP/1.1" 200 3382
65.55.210.202 - - [05/Mar/2018:13:30:57 -0300] "GET /cormun/servlet/hlogin HTTP/1.1" 200 5100
199.30.24.183 - - [05/Mar/2018:13:30:59 -0300] "GET /cormun/static/Resources/Spanish/PXTools.css?11423723 HTTP/1.1" 200 89042
186.103.159.187 - - [05/Mar/2018:13:30:59 -0300] "GET /cormun/servlet/hhome HTTP/1.1" 200 3382
199.30.24.14 - - [05/Mar/2018:13:31:00 -0300] "GET /cormun/static/gxcfg.js?20175251213516 HTTP/1.1" 200 953
65.55.210.105 - - [05/Mar/2018:13:31:00 -0300] "GET /cormun/static/hlogin.js?20175251213537 HTTP/1.1" 200 2136
186.103.159.187 - - [05/Mar/2018:13:31:01 -0300] "GET /cormun/servlet/hhome HTTP/1.1" 200 3391
186.103.159.187 - - [05/Mar/2018:13:31:01 -0300] "GET /cormun/servlet/hlogin HTTP/1.1" 200 1730
199.30.24.220 - - [05/Mar/2018:13:31:05 -0300] "GET /cormun/static/Resources/PXToolsHeaderBackground2.png HTTP/1.1" 200 1174
199.30.25.240 - - [05/Mar/2018:13:31:05 -0300] "GET /cormun/static/Resources/PXToolsDataTitle.png HTTP/1.1" 200 1173
65.55.210.46 - - [05/Mar/2018:13:31:06 -0300] "GET /cormun/static/Resources/indicator.gif HTTP/1.1" 200 1553
65.55.210.156 - - [05/Mar/2018:13:31:09 -0300] "GET /cormun/static/Resources/ComunLogin.png HTTP/1.1" 200 17326
199.30.24.220 - - [05/Mar/2018:13:31:09 -0300] "GET /cormun/static/Resources/PXToolsLoginTop.png HTTP/1.1" 200 1337
199.30.25.50 - - [05/Mar/2018:13:31:10 -0300] "GET /cormun/static/Resources/PXToolsLoginBackground.png HTTP/1.1" 200 1164
65.55.210.71 - - [05/Mar/2018:13:31:11 -0300] "GET /cormun/static/Resources/PXToolsButtonLeft21.png HTTP/1.1" 200 1287
199.30.24.156 - - [05/Mar/2018:13:31:12 -0300] "GET /cormun/static/Resources/PXToolsButtonRight21.png HTTP/1.1" 200 1283
199.30.24.220 - - [05/Mar/2018:13:31:13 -0300] "GET /cormun/static/Resources/PXToolsButtonBackground2.png HTTP/1.1" 200 1181
199.30.24.81 - - [05/Mar/2018:13:31:14 -0300] "GET /cormun/static/Resources/PXToolsLoginBottom.png HTTP/1.1" 200 1389
186.103.159.187 - - [05/Mar/2018:13:31:27 -0300] "POST /cormun/servlet/hlogin?c41d4969b41b9b3fec90a0c2cd7c1586,gx-no-cache=1520267535255 HTTP/1.1" 200 90
186.103.159.187 - - [05/Mar/2018:13:31:27 -0300] "GET /cormun/servlet/hpexe_link HTTP/1.1" 200 948
186.103.159.187 - - [05/Mar/2018:13:31:28 -0300] "GET /cormun/servlet/hhome HTTP/1.1" 200 3922
186.103.159.187 - - [05/Mar/2018:13:31:31 -0300] "GET /cormun/servlet/hhome HTTP/1.1" 200 3919
186.103.159.187 - - [05/Mar/2018:13:32:35 -0300] "GET /cormun/servlet/trsolicitudot? HTTP/1.1" 200 7131
200.54.247.70 - - [05/Mar/2018:13:32:41 -0300] "GET /cormun/servlet/hhome HTTP/1.1" 200 3391
200.54.247.70 - - [05/Mar/2018:13:32:44 -0300] "GET /cormun/servlet/hhome HTTP/1.1" 200 3389
200.54.247.70 - - [05/Mar/2018:13:32:44 -0300] "GET /cormun/servlet/hlogin HTTP/1.1" 200 1729
186.103.159.187 - - [05/Mar/2018:13:33:23 -0300] "GET /cormun/servlet/trsolicitudot? HTTP/1.1" 200 7131
186.103.159.187 - - [05/Mar/2018:13:33:25 -0300] "GET /cormun/servlet/trsolicitudot? HTTP/1.1" 200 7131
186.103.159.187 - - [05/Mar/2018:13:33:27 -0300] "GET /cormun/servlet/solicitudot?INS,0,0, HTTP/1.1" 200 13380
186.103.159.187 - - [05/Mar/2018:13:33:29 -0300] "GET /cormun/servlet/solicitudot?INS,0,0, HTTP/1.1" 200 13385
186.103.159.187 - - [05/Mar/2018:13:33:38 -0300] "POST /cormun/servlet/solicitudot?gx-no-cache=1520267667812 HTTP/1.1" 200 3515
186.103.159.187 - - [05/Mar/2018:13:33:38 -0300] "GET /cormun/static/Shared/jqueryui/images/ui-bg_highlight-soft_100_c6c2c8_1x100.png HTTP/1.1" 404 1117
186.103.159.187 - - [05/Mar/2018:13:33:38 -0300] "GET /cormun/static/Shared/jqueryui/images/ui-icons_82798d_256x240.png HTTP/1.1" 404 1089
186.103.159.187 - - [05/Mar/2018:13:33:38 -0300] "GET /cormun/static/Shared/jqueryui/images/ui-icons_ebccce_256x240.png HTTP/1.1" 404 1089
186.103.159.187 - - [05/Mar/2018:13:33:38 -0300] "GET /cormun/static/Shared/jqueryui/images/ui-bg_flat_55_994d53_40x100.png HTTP/1.1" 404 1097
186.103.159.187 - - [05/Mar/2018:13:33:41 -0300] "GET /cormun/servlet/solicitudot?975e67ef8f3ab2cfaf86ffbba2b42329b61de69379fd1e54c25b117064952273c8cab922db4c87c8b30e4b91203877af,gx-no-cache=1520267670947 HTTP/1.1" 200 30
200.54.247.70 - - [05/Mar/2018:13:34:15 -0300] "POST /cormun/servlet/hlogin?7895c7d1809b328b633cbf2205296a19,gx-no-cache=1520267606773 HTTP/1.1" 200 90
200.54.247.70 - - [05/Mar/2018:13:34:15 -0300] "GET /cormun/servlet/hpexe_link HTTP/1.1" 200 949
200.54.247.70 - - [05/Mar/2018:13:34:15 -0300] "GET /cormun/servlet/hhome HTTP/1.1" 200 4224
200.54.247.70 - - [05/Mar/2018:13:34:17 -0300] "GET /cormun/servlet/hhome HTTP/1.1" 200 4221
200.54.247.70 - - [05/Mar/2018:13:34:24 -0300] "GET /cormun/servlet/trlicencias? HTTP/1.1" 200 9104
200.54.247.70 - - [05/Mar/2018:13:34:26 -0300] "GET /cormun/servlet/trlicencias? HTTP/1.1" 200 9102
200.54.247.70 - - [05/Mar/2018:13:34:32 -0300] "GET /cormun/servlet/licenciaspermisos?INS,0,,, HTTP/1.1" 200 7757
200.54.247.70 - - [05/Mar/2018:13:34:32 -0300] "GET /cormun/static/gxcfg.js?201762917281167 HTTP/1.1" 200 953
200.54.247.70 - - [05/Mar/2018:13:34:32 -0300] "GET /cormun/static/licenciaspermisos.js?201762917281260 HTTP/1.1" 200 37491
200.54.247.70 - - [05/Mar/2018:13:34:32 -0300] "GET /cormun/static/Resources/prompt.gif HTTP/1.1" 200 902
200.54.247.70 - - [05/Mar/2018:13:34:33 -0300] "GET /cormun/servlet/licenciaspermisos?INS,0,,, HTTP/1.1" 200 7765
200.54.247.70 - - [05/Mar/2018:13:34:47 -0300] "GET /cormun/static/Resources/resize.gif HTTP/1.1" 200 77
200.54.247.70 - - [05/Mar/2018:13:34:47 -0300] "GET /cormun/servlet/prfichaempleado?,MD,,gxPopupLevel%3D0%3B HTTP/1.1" 200 9391
200.54.247.70 - - [05/Mar/2018:13:34:47 -0300] "GET /cormun/static/gxcfg.js?20177612134814 HTTP/1.1" 200 953
200.54.247.70 - - [05/Mar/2018:13:34:47 -0300] "GET /cormun/static/Resources/PXToolsMenuSearch.png HTTP/1.1" 200 2914
200.54.247.70 - - [05/Mar/2018:13:34:47 -0300] "GET /cormun/static/menusearch.js?201610171694467 HTTP/1.1" 200 1424
200.54.247.70 - - [05/Mar/2018:13:34:47 -0300] "GET /cormun/static/Resources/PXToolsMenuSearchCancel.png HTTP/1.1" 200 2972
200.54.247.70 - - [05/Mar/2018:13:34:47 -0300] "GET /cormun/static/hmpwkw011.js?20177612121862 HTTP/1.1" 200 1968
200.54.247.70 - - [05/Mar/2018:13:34:47 -0300] "GET /cormun/static/prfichaempleado.js?20177612134999 HTTP/1.1" 200 16006
200.54.247.70 - - [05/Mar/2018:13:35:07 -0300] "POST /cormun/servlet/prfichaempleado?7895c7d1809b328b633cbf2205296a19,,MD,,gxPopupLevel%3D0%3B,gx-no-cache=1520267658738 HTTP/1.1" 200 3413
200.54.247.70 - - [05/Mar/2018:13:35:11 -0300] "GET /cormun/servlet/licenciaspermisos?50a1166d0544330c9dd89dc93be5c9ff7c75778d3c49e85676d58f0687281dc03b2ba41281d010a2dd96c473d0f8c0ae,gx-no-cache=1520267662978 HTTP/1.1" 200 97
200.54.247.70 - - [05/Mar/2018:13:35:11 -0300] "POST /cormun/servlet/licenciaspermisos?7895c7d1809b328b633cbf2205296a19,INS,0,,,,gx-no-cache=1520267663055 HTTP/1.1" 200 4873
186.103.159.187 - - [05/Mar/2018:13:35:54 -0300] "GET /cormun/servlet/solicitudot?975e67ef8f3ab2cfaf86ffbba2b42329fb1094433b6b1fd65d41049c7c52e812,gx-no-cache=1520267804406 HTTP/1.1" 200 94
186.103.159.187 - - [05/Mar/2018:13:35:55 -0300] "GET /cormun/servlet/solicitudot?975e67ef8f3ab2cfaf86ffbba2b4232991a1856464c060317d286fb6887488bd,gx-no-cache=1520267804771 HTTP/1.1" 200 29
186.103.159.187 - - [05/Mar/2018:13:36:32 -0300] "GET /cormun/servlet/solicitudot?975e67ef8f3ab2cfaf86ffbba2b42329022e7477d714001bafff4095e5d08144,gx-no-cache=1520267841698 HTTP/1.1" 200 123
186.103.159.187 - - [05/Mar/2018:13:38:32 -0300] "GET /cormun/servlet/solicitudot?975e67ef8f3ab2cfaf86ffbba2b42329150b75e1013956f5410a51ea9de15f84286acbf6350338b7455b98cf57ce390b7f6608045adb08415f8ad407d341b36f,gx-no-cache=1520267961593 HTTP/1.1" 200 30
186.103.159.187 - - [05/Mar/2018:13:38:33 -0300] "GET /cormun/servlet/solicitudot?975e67ef8f3ab2cfaf86ffbba2b42329022e7477d714001bafff4095e5d08144,gx-no-cache=1520267962661 HTTP/1.1" 200 123
186.103.159.187 - - [05/Mar/2018:13:38:34 -0300] "POST /cormun/servlet/solicitudot?c41d4969b41b9b3fec90a0c2cd7c1586,INS,0,0,,gx-no-cache=1520267963713 HTTP/1.1" 200 10361
186.103.159.187 - - [05/Mar/2018:13:38:34 -0300] "GET /cormun/static/Shared/jqueryui/images/ui-bg_flat_55_fafafa_40x100.png HTTP/1.1" 404 1097
186.103.159.187 - - [05/Mar/2018:13:38:34 -0300] "GET /cormun/static/Shared/jqueryui/images/ui-icons_8d78a5_256x240.png HTTP/1.1" 404 1089
186.103.159.187 - - [05/Mar/2018:13:38:40 -0300] "POST /cormun/servlet/solicitudot?gx-no-cache=1520267969248 HTTP/1.1" 200 3515
186.103.159.187 - - [05/Mar/2018:13:38:40 -0300] "GET /cormun/servlet/solicitudot?975e67ef8f3ab2cfaf86ffbba2b42329022e7477d714001bafff4095e5d08144,gx-no-cache=1520267970050 HTTP/1.1" 200 123
186.103.159.187 - - [05/Mar/2018:13:38:40 -0300] "POST /cormun/servlet/solicitudot?gx-no-cache=1520267970220 HTTP/1.1" 200 297
186.103.159.187 - - [05/Mar/2018:13:39:01 -0300] "GET /cormun/servlet/solicitudot?975e67ef8f3ab2cfaf86ffbba2b423293c86cdbd144e7a870efd2d04d763f1425cac1fd274b65d480cc314389aa5678e076a24247cf3e48d0b37dab7e855c44f09f96c79cd940939e1df96980978ccd82d25548c680571fc145cd5a4ebac14741f9f6b34d5d676b5d9b8b2fa565c8a10594daaf3f1da68458fe98e7565be7b31e08abe4fa367928e341cb5be5e929d26c00ad0b215eba85b2f5edfa74f88d97d449d0ddb188290f1af2c088f9bee90052d74be1ec4d80e274ff219956ce9fb18773914ab9a598ddcf02f19ae621f657df045fe51d77b98961be31e2f9cbeb03e063178ae1c28971790b2f4bf6101eedc1f91e06ee2646b622ac3a790735b43c1187920a791be63155e1d2df319b05d25e96a0bccaa82e72cdbd8ed782b42c58772dec92dd4e759b1b34315c4da9a2974448984338445e63d8d46c58850f1680e6136a19fcd2477f57a9defeaf2d624bcdc404f9431cd4fd2bea5e75bfe473997d2184312acd85b2f1363eeccc17666918ec20e173b377fc51e5bb2c2d4a55a61eda98860c39eac16ab7ea58cb5d127b3,gx-no-cache=1520267971001 HTTP/1.1" 200 30
186.103.159.187 - - [05/Mar/2018:13:39:02 -0300] "POST /cormun/servlet/solicitudot?gx-no-cache=1520267991696 HTTP/1.1" 200 30
186.103.159.187 - - [05/Mar/2018:13:39:02 -0300] "POST /cormun/servlet/solicitudot?gx-no-cache=1520267992075 HTTP/1.1" 200 1331
186.103.159.187 - - [05/Mar/2018:13:39:02 -0300] "POST /cormun/servlet/solicitudot?gx-no-cache=1520267992332 HTTP/1.1" 200 38
186.103.159.187 - - [05/Mar/2018:13:39:15 -0300] "GET /cormun/servlet/prbanco?,MD,,gxPopupLevel%3D0%3B HTTP/1.1" 200 6556
186.103.159.187 - - [05/Mar/2018:13:39:15 -0300] "GET /cormun/static/gxcfg.js?20181161016094 HTTP/1.1" 200 953
186.103.159.187 - - [05/Mar/2018:13:39:15 -0300] "GET /cormun/static/prbanco.js?2018116101633 HTTP/1.1" 200 10693
186.103.159.187 - - [05/Mar/2018:13:39:18 -0300] "POST /cormun/servlet/acontrolpreferencessavestate?None,CF-31,true HTTP/1.1" 200 35
186.103.159.187 - - [05/Mar/2018:13:39:41 -0300] "GET /cormun/servlet/solicitudot?975e67ef8f3ab2cfaf86ffbba2b423293f010a5e76538062ad3d4df7897c10a7,gx-no-cache=1520268030689 HTTP/1.1" 200 51
192.168.10.15 - - [05/Mar/2018:13:40:08 -0300] "GET /cormun/servlet/hlogin HTTP/1.1" 200 1719
192.168.10.15 - - [05/Mar/2018:13:40:08 -0300] "GET /cormun/static/gxtimezone.js?85251 HTTP/1.1" 200 5781
192.168.10.15 - - [05/Mar/2018:13:40:08 -0300] "GET /cormun/static/gxcfg.js?20175251213516 HTTP/1.1" 200 953
192.168.10.15 - - [05/Mar/2018:13:40:08 -0300] "GET /cormun/static/Resources/Spanish/PXTools.css?11423723 HTTP/1.1" 200 89042
192.168.10.15 - - [05/Mar/2018:13:40:08 -0300] "GET /cormun/static/messages.spa.js?85251 HTTP/1.1" 200 30736
192.168.10.15 - - [05/Mar/2018:13:40:08 -0300] "GET /cormun/static/gxgral.js?85251 HTTP/1.1" 200 384558
192.168.10.15 - - [05/Mar/2018:13:40:08 -0300] "GET /cormun/static/hlogin.js?20175251213537 HTTP/1.1" 200 2136
192.168.10.15 - - [05/Mar/2018:13:40:08 -0300] "GET /cormun/static/Resources/ComunLogin.png HTTP/1.1" 200 17326
192.168.10.15 - - [05/Mar/2018:13:40:08 -0300] "GET /cormun/static/Resources/PXToolsLoginTop.png HTTP/1.1" 200 1337
192.168.10.15 - - [05/Mar/2018:13:40:08 -0300] "GET /cormun/static/Resources/PXToolsLoginBackground.png HTTP/1.1" 200 1164
192.168.10.15 - - [05/Mar/2018:13:40:08 -0300] "GET /cormun/static/Resources/PXToolsButtonLeft21.png HTTP/1.1" 200 1287
192.168.10.15 - - [05/Mar/2018:13:40:08 -0300] "GET /cormun/static/Resources/PXToolsButtonRight21.png HTTP/1.1" 200 1283
192.168.10.15 - - [05/Mar/2018:13:40:08 -0300] "GET /cormun/static/Resources/PXToolsButtonBackground2.png HTTP/1.1" 200 1181
192.168.10.15 - - [05/Mar/2018:13:40:08 -0300] "GET /cormun/static/Resources/PXToolsLoginBottom.png HTTP/1.1" 200 1389
192.168.10.15 - - [05/Mar/2018:13:40:08 -0300] "GET /cormun/static/Resources/indicator.gif HTTP/1.1" 200 1553
192.168.10.15 - - [05/Mar/2018:13:40:08 -0300] "GET /cormun/servlet/hlogin HTTP/1.1" 200 1723
192.168.10.15 - - [05/Mar/2018:13:40:08 -0300] "GET /cormun/static/Resources/PXToolsButtonRight21.png HTTP/1.1" 200 1283
192.168.10.15 - - [05/Mar/2018:13:40:08 -0300] "GET /favicon.ico HTTP/1.1" 200 21630
186.103.159.187 - - [05/Mar/2018:13:40:20 -0300] "POST /cormun/servlet/solicitudot?gx-no-cache=1520268069400 HTTP/1.1" 200 30
186.103.159.187 - - [05/Mar/2018:13:40:23 -0300] "POST /cormun/servlet/solicitudot?gx-no-cache=1520268073411 HTTP/1.1" 200 1331
186.103.159.187 - - [05/Mar/2018:13:40:24 -0300] "POST /cormun/servlet/solicitudot?gx-no-cache=1520268073747 HTTP/1.1" 200 38
186.103.159.187 - - [05/Mar/2018:13:40:34 -0300] "GET /cormun/servlet/solicitudot?975e67ef8f3ab2cfaf86ffbba2b42329fb4ccd727c43b7f87e33c77201a902edc1e3ee044f5b9734acb0c3903a031b6d74ee0b411cf666d4423886c4ac2feca90ca4601ab5cedd468623ad5f73bbf2aa,gx-no-cache=1520268084409 HTTP/1.1" 200 29
186.103.159.187 - - [05/Mar/2018:13:40:35 -0300] "POST /cormun/servlet/solicitudot?gx-no-cache=1520268085400 HTTP/1.1" 200 1319
186.103.159.187 - - [05/Mar/2018:13:40:35 -0300] "POST /cormun/servlet/solicitudot?gx-no-cache=1520268085594 HTTP/1.1" 200 1215
186.103.159.187 - - [05/Mar/2018:13:40:36 -0300] "GET /cormun/static/menuarrow.gif HTTP/1.1" 404 1015
186.103.159.187 - - [05/Mar/2018:13:40:45 -0300] "POST /cormun/servlet/solicitudot?gx-no-cache=1520268094909 HTTP/1.1" 200 1319
186.103.159.187 - - [05/Mar/2018:13:40:45 -0300] "POST /cormun/servlet/solicitudot?gx-no-cache=1520268095115 HTTP/1.1" 200 1215
186.103.159.187 - - [05/Mar/2018:13:40:47 -0300] "GET /cormun/servlet/solicitudot?975e67ef8f3ab2cfaf86ffbba2b423290f3d24bd2b742b068009ae36c5ca0d6c78f4e04c082b91bf5bd0fd31a928939a,gx-no-cache=1520268096694 HTTP/1.1" 200 30
186.67.203.186 - - [05/Mar/2018:13:42:12 -0300] "GET /cormun/servlet/hlogin HTTP/1.1" 200 1717
186.67.203.186 - - [05/Mar/2018:13:42:24 -0300] "POST /cormun/servlet/hlogin?d8f24d789090d62e8ea3dd66481f4de8,gx-no-cache=1520268095794 HTTP/1.1" 200 90
186.67.203.186 - - [05/Mar/2018:13:42:24 -0300] "GET /cormun/servlet/hpexe_link HTTP/1.1" 200 947
186.67.203.186 - - [05/Mar/2018:13:42:24 -0300] "GET /cormun/servlet/hhome HTTP/1.1" 200 4187
186.103.159.187 - - [05/Mar/2018:13:42:24 -0300] "POST /cormun/servlet/solicitudot?gx-no-cache=1520268194107 HTTP/1.1" 200 30
186.67.203.186 - - [05/Mar/2018:13:42:26 -0300] "GET /cormun/servlet/hhome HTTP/1.1" 200 4184
200.111.122.170 - - [05/Mar/2018:13:42:40 -0300] "GET /cormun/servlet/trsolicitudot? HTTP/1.1" 200 7402
200.111.122.170 - - [05/Mar/2018:13:42:41 -0300] "GET /cormun/servlet/trsolicitudot? HTTP/1.1" 200 7401
186.103.159.187 - - [05/Mar/2018:13:42:58 -0300] "POST /cormun/servlet/solicitudot?gx-no-cache=1520268227899 HTTP/1.1" 200 257
186.103.159.187 - - [05/Mar/2018:13:43:04 -0300] "GET /cormun/servlet/solicitudot?975e67ef8f3ab2cfaf86ffbba2b423293c86cdbd144e7a870efd2d04d763f1428204bc6b375807129687422c9210d3ea076a24247cf3e48d0b37dab7e855c44f09f96c79cd940939e1df96980978ccd82d25548c680571fc145cd5a4ebac14741f9f6b34d5d676b5d9b8b2fa565c8a10594daaf3f1da68458fe98e7565be7b31e08abe4fa367928e341cb5be5e929d26c00ad0b215eba85b2f5edfa74f88d97d449d0ddb188290f1af2c088f9bee90052d74be1ec4d80e274ff219956ce9fb18773914ab9a598ddcf02f19ae621f657df045fe51d77b98961be31e2f9cbeb03e063178ae1c28971790b2f4bf6101eedc7b86e8bcdb50bccc51f2394b60826976187920a791be63155e1d2df319b05d25e96a0bccaa82e72cdbd8ed782b42c58772dec92dd4e759b1b34315c4da9a2974448984338445e63d8d46c58850f1680e2dea834003cdc2c86294e4ff838474092c99baabd4453c4206925f2cf4e2277452e767100254f308cce8058dc6fdcf28e8448904843938088fa4777b8203a397,gx-no-cache=1520268233470 HTTP/1.1" 200 30
186.103.159.187 - - [05/Mar/2018:13:43:26 -0300] "POST /cormun/servlet/solicitudot?gx-no-cache=1520268255360 HTTP/1.1" 200 30
186.103.159.187 - - [05/Mar/2018:13:43:26 -0300] "POST /cormun/servlet/solicitudot?gx-no-cache=1520268256022 HTTP/1.1" 200 1331
186.103.159.187 - - [05/Mar/2018:13:43:26 -0300] "POST /cormun/servlet/solicitudot?gx-no-cache=1520268256499 HTTP/1.1" 200 41
186.103.159.187 - - [05/Mar/2018:13:44:33 -0300] "POST /cormun/servlet/solicitudot?gx-no-cache=1520268322062 HTTP/1.1" 200 1319
186.103.159.187 - - [05/Mar/2018:13:44:33 -0300] "POST /cormun/servlet/solicitudot?gx-no-cache=1520268323460 HTTP/1.1" 200 1215
192.168.10.56 - - [05/Mar/2018:13:45:26 -0300] "POST /cormun/servlet/hlogin?c967522d3182b5c31d5a761c445aa71a,gx-no-cache=1520268166261 HTTP/1.1" 440 972
192.168.10.56 - - [05/Mar/2018:13:45:28 -0300] "GET /cormun/servlet/hlogin HTTP/1.1" 200 1729
192.168.10.56 - - [05/Mar/2018:13:45:33 -0300] "POST /cormun/servlet/hlogin?7e956376b5f5efee79e5ac40af95e188,gx-no-cache=1520268172763 HTTP/1.1" 200 90
192.168.10.56 - - [05/Mar/2018:13:45:33 -0300] "GET /cormun/servlet/hpexe_link HTTP/1.1" 200 951
192.168.10.56 - - [05/Mar/2018:13:45:33 -0300] "GET /cormun/servlet/hhome HTTP/1.1" 200 4467
192.168.10.56 - - [05/Mar/2018:13:45:33 -0300] "GET /cormun/servlet/hhome HTTP/1.1" 200 4463
186.103.132.155 - - [05/Mar/2018:13:45:35 -0300] "GET /cormun/servlet/trsolicitudot? HTTP/1.1" 200 7401
186.103.132.155 - - [05/Mar/2018:13:45:36 -0300] "GET /cormun/servlet/trsolicitudot? HTTP/1.1" 200 7401
186.103.132.155 - - [05/Mar/2018:13:45:39 -0300] "GET /cormun/servlet/solicitudot?INS,0,0, HTTP/1.1" 200 13645
186.103.132.155 - - [05/Mar/2018:13:45:40 -0300] "GET /cormun/servlet/solicitudot?INS,0,0, HTTP/1.1" 200 13650
200.72.197.82 - - [05/Mar/2018:13:45:43 -0300] "GET /cormun/servlet/prfichaempleado?,MD,,gxPopupLevel%3D0%3B HTTP/1.1" 200 9348
200.72.197.82 - - [05/Mar/2018:13:45:55 -0300] "POST /cormun/servlet/prfichaempleado?d8f24d789090d62e8ea3dd66481f4de8,,MD,,gxPopupLevel%3D0%3B,gx-no-cache=1520268307181 HTTP/1.1" 200 3416
200.72.197.82 - - [05/Mar/2018:13:46:01 -0300] "POST /cormun/servlet/solicitudot?gx-no-cache=1520268312679 HTTP/1.1" 200 3400
200.72.197.82 - - [05/Mar/2018:13:46:01 -0300] "POST /cormun/servlet/solicitudot?d8f24d789090d62e8ea3dd66481f4de8,INS,0,0,,gx-no-cache=1520268312962 HTTP/1.1" 200 10569
192.168.10.56 - - [05/Mar/2018:13:46:04 -0300] "GET /cormun/servlet/trsolicitudgral? HTTP/1.1" 200 28361
200.72.197.82 - - [05/Mar/2018:13:46:05 -0300] "GET /cormun/servlet/solicitudot?34ff446c04bdba1f3afe1caa115fdbcb9ee7876ba07d0cd9615b56eb69db86eeb3aa515823b1f8eacbc712605929bde1,gx-no-cache=1520268317398 HTTP/1.1" 200 30
200.72.197.82 - - [05/Mar/2018:13:46:05 -0300] "GET /cormun/servlet/solicitudot?34ff446c04bdba1f3afe1caa115fdbcbb95bbb4fc0efd70b580c70ff8fc37b929f040517b2534e8bc20642e6a2bf6b7867fac80a5fcf289a49e52017e6ba55ac,gx-no-cache=1520268317504 HTTP/1.1" 200 30
192.168.10.56 - - [05/Mar/2018:13:46:06 -0300] "GET /cormun/servlet/trsolicitudgral? HTTP/1.1" 200 28360
200.72.197.82 - - [05/Mar/2018:13:46:06 -0300] "GET /cormun/servlet/solicitudot?34ff446c04bdba1f3afe1caa115fdbcb19bdca204da938853e3ada47586ca0cc,gx-no-cache=1520268317611 HTTP/1.1" 200 51
200.72.197.82 - - [05/Mar/2018:13:46:06 -0300] "POST /cormun/servlet/solicitudot?gx-no-cache=1520268317742 HTTP/1.1" 200 255
200.72.197.82 - - [05/Mar/2018:13:46:06 -0300] "GET /cormun/servlet/solicitudot?34ff446c04bdba1f3afe1caa115fdbcbf570ef71ebdfd745e21703de5a33a8983b272675d134815ae1517a0f61b14e2831fe360517b3cdd3f951333a8dd7f809bc1eb8873f1822f9ac071850ee422e18984313dcdc4259f7b76a084d43b7de13c1f0fdefab9a1f83773c1aa6c5ac2fe18aa76ff26023814fa4907be8554cff03711f5eceab507d96787e2af1491adb39cfa1f805927dce3cbfdf9445b1c59d987dfdb374f9cb0ab33c07418ba8dc3f8ec1d31085a7e5e87cd9da8813ad1fe5e7fa1640f19c73894d7510977a0eb3b18ff55c021e7bfe0217e14047d25f5276d66fc06eac6a013b1141a03d43120069f869952ba41d586b076546af3c41d9274444a66e02ea5c0130d455b2a0df8febe992841c5d788ca8840493c75a65c5f7ff70c1a5365f3398b6ade98a6904d1b42d387f2542c844b5ee982450b5a48aefc1993cca33ee678a804243edfa33bb9ddabf195cc4aa20532d244d004ba196461fa1d89368fd331287a1f61ec1401491fb7f9e2ad58853a7c39002a001f7e081b9,gx-no-cache=1520268317992 HTTP/1.1" 200 30
192.168.10.56 - - [05/Mar/2018:13:46:07 -0300] "GET /cormun/static/menuarrow.gif HTTP/1.1" 404 1015
200.72.197.82 - - [05/Mar/2018:13:46:08 -0300] "POST /cormun/servlet/solicitudot?gx-no-cache=1520268320348 HTTP/1.1" 200 30
200.72.197.82 - - [05/Mar/2018:13:46:12 -0300] "POST /cormun/servlet/solicitudot?gx-no-cache=1520268323999 HTTP/1.1" 200 1337
200.72.197.82 - - [05/Mar/2018:13:46:12 -0300] "POST /cormun/servlet/solicitudot?gx-no-cache=1520268324153 HTTP/1.1" 200 38
192.168.10.56 - - [05/Mar/2018:13:46:16 -0300] "POST /cormun/servlet/trsolicitudgral?7e956376b5f5efee79e5ac40af95e188,,gx-no-cache=1520268215947 HTTP/1.1" 200 18833
200.72.197.82 - - [05/Mar/2018:13:46:28 -0300] "GET /cormun/servlet/solicitudot?34ff446c04bdba1f3afe1caa115fdbcb1050999a3028610965cb0375922cf62f8e98976f0926c1d990ba3bbcee7a68078b938fae588fd27bb7b102d696a19e95276a15fae151cfa1e3f60c63997e794b0e5de372121bbda26279a415c91230fbf857930c05da0fea50a311abc3a082b459546e53e74fd670e2cdc2a008fad9734c9f0f4af964b9bc24793eea24aeb839e2a34141fef8ed1c6b3bb5cc80d27f36,gx-no-cache=1520268340356 HTTP/1.1" 200 29
200.72.197.82 - - [05/Mar/2018:13:46:28 -0300] "POST /cormun/servlet/solicitudot?gx-no-cache=1520268340497 HTTP/1.1" 200 1321
200.72.197.82 - - [05/Mar/2018:13:46:29 -0300] "POST /cormun/servlet/solicitudot?gx-no-cache=1520268340628 HTTP/1.1" 200 1219
200.72.197.82 - - [05/Mar/2018:13:46:29 -0300] "GET /cormun/servlet/solicitudot?34ff446c04bdba1f3afe1caa115fdbcba4242a0b704437d73084babcb0de3680,gx-no-cache=1520268340752 HTTP/1.1" 200 30
200.72.197.82 - - [05/Mar/2018:13:46:29 -0300] "POST /cormun/servlet/solicitudot?gx-no-cache=1520268340818 HTTP/1.1" 200 30
192.168.10.56 - - [05/Mar/2018:13:46:38 -0300] "POST /cormun/servlet/trsolicitudgral?7e956376b5f5efee79e5ac40af95e188,,gx-no-cache=1520268237366 HTTP/1.1" 200 18532
192.168.10.56 - - [05/Mar/2018:13:46:38 -0300] "GET /cormun/static/Shared/jqueryui/images/ui-bg_highlight-soft_100_c6c2c8_1x100.png HTTP/1.1" 404 1117
192.168.10.56 - - [05/Mar/2018:13:46:38 -0300] "GET /cormun/static/Shared/jqueryui/images/ui-icons_82798d_256x240.png HTTP/1.1" 404 1089
192.168.10.56 - - [05/Mar/2018:13:46:38 -0300] "GET /cormun/static/Shared/jqueryui/images/ui-bg_flat_55_fafafa_40x100.png HTTP/1.1" 404 1097
192.168.10.56 - - [05/Mar/2018:13:46:38 -0300] "GET /cormun/static/Shared/jqueryui/images/ui-icons_8d78a5_256x240.png HTTP/1.1" 404 1089
200.72.197.82 - - [05/Mar/2018:13:46:42 -0300] "GET /cormun/static/menuarrow.gif HTTP/1.1" 404 1015
200.72.197.82 - - [05/Mar/2018:13:46:45 -0300] "GET /cormun/servlet/solicitudot?34ff446c04bdba1f3afe1caa115fdbcb1b341978b62874b3f400c856a1530cdaed5bb03abb2d45d56b13b241791f0a3f,gx-no-cache=1520268357447 HTTP/1.1" 200 30
192.168.10.56 - - [05/Mar/2018:13:46:49 -0300] "GET /cormun/servlet/solicitudgral3?UPD,2018,9992, HTTP/1.1" 200 13048
192.168.10.56 - - [05/Mar/2018:13:46:49 -0300] "GET /cormun/static/gxcfg.js?20181911363991 HTTP/1.1" 200 953
192.168.10.56 - - [05/Mar/2018:13:46:49 -0300] "GET /cormun/static/solicitudgral3.js?20181911364079 HTTP/1.1" 200 45896
192.168.10.56 - - [05/Mar/2018:13:46:49 -0300] "GET /cormun/static/Resources/prompt.gif HTTP/1.1" 200 902
192.168.10.56 - - [05/Mar/2018:13:46:50 -0300] "GET /cormun/servlet/solicitudgral3?UPD,2018,9992, HTTP/1.1" 200 13058
192.168.10.56 - - [05/Mar/2018:13:46:50 -0300] "POST /cormun/servlet/solicitudgral3?gx-no-cache=1520268250296 HTTP/1.1" 200 4030
192.168.10.56 - - [05/Mar/2018:13:46:50 -0300] "GET /cormun/servlet/solicitudgral3?10f6a9d4ff0d76f81c04170982a0c5eff139ef3da4d214dc6e24910ccdf1f2c1e84429318f71734e6f131bfcfce0a53d7a254e191049260621544f2340d8aea162fe03b681b77a9be98c7586e2659a83f630b455389cc60babdbbebb32c141645bac81106de9a9c53acdba04389d81e24b82bad59d2dcc48df6cfc2881fb13ee9f1428698692b63aa2c2402fb1c865ab06024da89c96632fdd29864b89c85f842559c90535292ae3e8e21791693c86082aee6f293ac7685ddddd2a14e7dea1c1169ff9407a538e3c38bba642aa2c8257bf8b113069ddc07467745446365ecb43e4c6686b244025d6d43ce6801091a3011f221d552e21af48d0ef27b827e1b81965625435a8fbc3bc97b58df3ce7ab6473d0d7f1b89b0ad19f4158b1520487f33792ab376284375385bca9b7f7f81748c68add8d18d8a8b503459371c68171939910e31a07a07bc495ce467e1282bed98,gx-no-cache=1520268250427 HTTP/1.1" 200 297
192.168.10.56 - - [05/Mar/2018:13:46:50 -0300] "POST /cormun/servlet/solicitudgral3?gx-no-cache=1520268250449 HTTP/1.1" 200 815
192.168.10.56 - - [05/Mar/2018:13:46:50 -0300] "GET /cormun/servlet/solicitudgral3?10f6a9d4ff0d76f81c04170982a0c5efe44f7bcdc6bab8855e9dbb331e433a0c8805a589daa2d4ccda9ef36d878a9b96e401eb3a47de4c83d1f79839b199dadac613dc2cfd6daefad801a97b8c59b636ddaacfd23f20835c4589311ff0b0478b3e25a05ad41e2fbf42dab879fe43fee508a1521b970713e0bf0b4df6379f0843,gx-no-cache=1520268250526 HTTP/1.1" 200 41
192.168.10.56 - - [05/Mar/2018:13:46:57 -0300] "POST /cormun/servlet/solicitudgral3?7e956376b5f5efee79e5ac40af95e188,UPD,2018,9992,,gx-no-cache=1520268256658 HTTP/1.1" 200 93
192.168.10.56 - - [05/Mar/2018:13:46:57 -0300] "GET /cormun/servlet/hpexe_return? HTTP/1.1" 200 1016
192.168.10.56 - - [05/Mar/2018:13:46:57 -0300] "GET /cormun/servlet/trsolicitudgral? HTTP/1.1" 200 21451
192.168.10.56 - - [05/Mar/2018:13:46:58 -0300] "GET /cormun/servlet/trsolicitudgral? HTTP/1.1" 200 21446
200.72.197.82 - - [05/Mar/2018:13:47:01 -0300] "POST /cormun/servlet/solicitudot?gx-no-cache=1520268372977 HTTP/1.1" 200 30
200.72.197.82 - - [05/Mar/2018:13:47:01 -0300] "POST /cormun/servlet/solicitudot?d8f24d789090d62e8ea3dd66481f4de8,INS,0,0,,gx-no-cache=1520268373128 HTTP/1.1" 200 93
200.72.197.82 - - [05/Mar/2018:13:47:02 -0300] "GET /cormun/servlet/hpexe_return? HTTP/1.1" 200 1002
200.72.197.82 - - [05/Mar/2018:13:47:02 -0300] "GET /cormun/servlet/trsolicitudot HTTP/1.1" 200 8779
200.72.197.82 - - [05/Mar/2018:13:47:03 -0300] "GET /cormun/servlet/trsolicitudot HTTP/1.1" 200 8777
192.168.10.56 - - [05/Mar/2018:13:47:12 -0300] "POST /cormun/servlet/trsolicitudgral?7e956376b5f5efee79e5ac40af95e188,,gx-no-cache=1520268272204 HTTP/1.1" 200 17822
192.168.10.56 - - [05/Mar/2018:13:47:13 -0300] "GET /cormun/static/Shared/jqueryui/images/ui-bg_highlight-soft_100_c6c2c8_1x100.png HTTP/1.1" 404 1117
192.168.10.56 - - [05/Mar/2018:13:47:13 -0300] "GET /cormun/static/Shared/jqueryui/images/ui-icons_82798d_256x240.png HTTP/1.1" 404 1089
192.168.10.56 - - [05/Mar/2018:13:47:13 -0300] "GET /cormun/static/Shared/jqueryui/images/ui-bg_flat_55_fafafa_40x100.png HTTP/1.1" 404 1097
192.168.10.56 - - [05/Mar/2018:13:47:13 -0300] "GET /cormun/static/Shared/jqueryui/images/ui-icons_8d78a5_256x240.png HTTP/1.1" 404 1089
186.103.159.187 - - [05/Mar/2018:13:47:14 -0300] "GET /cormun/servlet/solicitudot?975e67ef8f3ab2cfaf86ffbba2b423293c86cdbd144e7a870efd2d04d763f1428204bc6b375807129687422c9210d3ea076a24247cf3e48d0b37dab7e855c44f09f96c79cd940939e1df96980978ccd82d25548c680571fc145cd5a4ebac14741f9f6b34d5d676b5d9b8b2fa565c8a10594daaf3f1da68458fe98e7565be7b31e08abe4fa367928e341cb5be5e929d26c00ad0b215eba85b2f5edfa74f88d97d449d0ddb188290f1af2c088f9bee90052d74be1ec4d80e274ff219956ce9fb18773914ab9a598ddcf02f19ae621f657df045fe51d77b98961be31e2f9cbeb03e063178ae1c28971790b2f4bf6101eedc7b86e8bcdb50bccc51f2394b60826976187920a791be63155e1d2df319b05d25e96a0bccaa82e72cdbd8ed782b42c58772dec92dd4e759b1b34315c4da9a2974448984338445e63d8d46c58850f1680e2dea834003cdc2c86294e4ff838474092c99baabd4453c4206925f2cf4e2277452e767100254f308cce8058dc6fdcf28e8448904843938088fa4777b8203a397,gx-no-cache=1520268483709 HTTP/1.1" 200 30
186.103.159.187 - - [05/Mar/2018:13:47:14 -0300] "POST /cormun/servlet/solicitudot?gx-no-cache=1520268483833 HTTP/1.1" 200 30
186.103.159.187 - - [05/Mar/2018:13:47:14 -0300] "POST /cormun/servlet/solicitudot?gx-no-cache=1520268483928 HTTP/1.1" 200 1331
186.103.159.187 - - [05/Mar/2018:13:47:14 -0300] "POST /cormun/servlet/solicitudot?gx-no-cache=1520268484082 HTTP/1.1" 200 41
186.103.159.187 - - [05/Mar/2018:13:47:14 -0300] "POST /cormun/servlet/solicitudot?gx-no-cache=1520268484249 HTTP/1.1" 200 1319
186.103.159.187 - - [05/Mar/2018:13:47:14 -0300] "POST /cormun/servlet/solicitudot?gx-no-cache=1520268484345 HTTP/1.1" 200 1215
200.86.95.220 - - [05/Mar/2018:13:47:16 -0300] "GET /cormun/servlet/solicitudot?INS,0,0, HTTP/1.1" 200 12648
200.86.95.220 - - [05/Mar/2018:13:47:18 -0300] "GET /cormun/servlet/solicitudot?INS,0,0, HTTP/1.1" 200 12654
200.86.95.220 - - [05/Mar/2018:13:47:18 -0300] "GET /cormun/servlet/hlogin HTTP/1.1" 200 1745
200.72.197.82 - - [05/Mar/2018:13:47:23 -0300] "POST /cormun/servlet/trsolicitudot?d8f24d789090d62e8ea3dd66481f4de8,gx-no-cache=1520268394527 HTTP/1.1" 200 4681
200.72.197.82 - - [05/Mar/2018:13:47:23 -0300] "GET /cormun/static/Shared/jqueryui/images/ui-bg_highlight-soft_100_c6c2c8_1x100.png HTTP/1.1" 404 1117
200.72.197.82 - - [05/Mar/2018:13:47:23 -0300] "GET /cormun/static/Shared/jqueryui/images/ui-icons_82798d_256x240.png HTTP/1.1" 404 1089
200.72.197.82 - - [05/Mar/2018:13:47:23 -0300] "GET /cormun/static/Shared/jqueryui/images/ui-bg_flat_55_fafafa_40x100.png HTTP/1.1" 404 1097
186.67.203.186 - - [05/Mar/2018:13:47:23 -0300] "GET /cormun/static/Shared/jqueryui/images/ui-icons_8d78a5_256x240.png HTTP/1.1" 404 1089
200.111.122.170 - - [05/Mar/2018:13:47:23 -0300] "POST /cormun/servlet/trsolicitudot?d8f24d789090d62e8ea3dd66481f4de8,gx-no-cache=1520268395069 HTTP/1.1" 200 4452
200.54.247.70 - - [05/Mar/2018:13:47:27 -0300] "GET /cormun/servlet/licenciaspermisos?50a1166d0544330c9dd89dc93be5c9ffa06958d2dc86910586d78933cc3e73a285415ad89a2c6529ce2ffa7f9c164905e6794c6d8d2db4ea9c44dc06cfd86f3ae4f32a5b15008ee462f3136e20c21fa91cb2e27cf3ff4caeab446bdf00f6dda017ff9e7dd1b76562d885e291a74c2b7028184db4c55fdf6390fed832113e238d61b89fe2d656657892019ead8bf8c84687ec3877ade363d8c46025743ff031394f5006f2cd849f413b718268238d1378,gx-no-cache=1520268398169 HTTP/1.1" 200 30
200.54.247.70 - - [05/Mar/2018:13:47:27 -0300] "GET /cormun/servlet/licenciaspermisos?50a1166d0544330c9dd89dc93be5c9ffc79b58896d92ace40ffba96ee00f38d85f2da0c06d117d1d5f90eee795aeae772b2d1245d6beba620f0933b2f97593042827e7d823567841c9c26857a157c89eab34254c1855451055692eb6cac3400fb7cb4292161d680ffa0dba795abfc0210d0fbf8149f1d05f888e63b3397de84296e22698773aa3e402413b7dcf34845396ff43e4d815ffbfd55e8cc945fd96be35c4dbc4c87dfae3e9665beac69ea03b,gx-no-cache=1520268398518 HTTP/1.1" 200 29
200.86.95.220 - - [05/Mar/2018:13:47:27 -0300] "POST /cormun/servlet/hlogin?a6ed941cc33a4a079804174c641e79ac,gx-no-cache=1520268400970 HTTP/1.1" 200 90
200.86.95.220 - - [05/Mar/2018:13:47:27 -0300] "GET /cormun/servlet/hpexe_link HTTP/1.1" 200 963
200.54.247.70 - - [05/Mar/2018:13:47:27 -0300] "POST /cormun/servlet/licenciaspermisos?7895c7d1809b328b633cbf2205296a19,INS,0,,,,gx-no-cache=1520268398566 HTTP/1.1" 200 93
200.54.247.70 - - [05/Mar/2018:13:47:27 -0300] "GET /cormun/servlet/hpexe_return? HTTP/1.1" 200 1008
200.86.95.220 - - [05/Mar/2018:13:47:27 -0300] "GET /cormun/servlet/solicitudot?INS,0,0, HTTP/1.1" 200 13223
200.54.247.70 - - [05/Mar/2018:13:47:27 -0300] "GET /cormun/static/hpexe_return.js?2016101716175153 HTTP/1.1" 200 1633
200.54.247.70 - - [05/Mar/2018:13:47:27 -0300] "GET /cormun/static/gxcfg.js?2016101716175148 HTTP/1.1" 200 953
200.54.247.70 - - [05/Mar/2018:13:47:27 -0300] "GET /cormun/static/Resources/Spanish/PXTools.css?167811 HTTP/1.1" 200 89042
200.54.247.70 - - [05/Mar/2018:13:47:28 -0300] "GET /cormun/servlet/trlicencias HTTP/1.1" 200 9470
200.111.122.170 - - [05/Mar/2018:13:47:28 -0300] "GET /cormun/servlet/trautorizarsolicitud? HTTP/1.1" 200 8670
200.86.95.220 - - [05/Mar/2018:13:47:28 -0300] "GET /cormun/servlet/solicitudot?INS,0,0, HTTP/1.1" 200 13228
200.54.247.70 - - [05/Mar/2018:13:47:29 -0300] "GET /cormun//static/Resources/PXToolsGridUpdate.png HTTP/1.1" 200 2984
200.54.247.70 - - [05/Mar/2018:13:47:29 -0300] "GET /cormun//static/Resources/PXToolsGridDelete.png HTTP/1.1" 200 357
200.54.247.70 - - [05/Mar/2018:13:47:29 -0300] "GET /cormun/servlet/trlicencias HTTP/1.1" 200 9560
200.111.122.170 - - [05/Mar/2018:13:47:29 -0300] "GET /cormun/servlet/trautorizarsolicitud? HTTP/1.1" 200 8669
200.54.247.70 - - [05/Mar/2018:13:47:35 -0300] "GET /cormun/servlet/trlicenciaspermisosadjuntos?16491379,20180305000000,L, HTTP/1.1" 200 6572
200.54.247.70 - - [05/Mar/2018:13:47:36 -0300] "GET /cormun/static/gxcfg.js?20177612163414 HTTP/1.1" 200 953
200.54.247.70 - - [05/Mar/2018:13:47:36 -0300] "GET /cormun/static/trlicenciaspermisosadjuntos.js?20177612163719 HTTP/1.1" 200 21036
200.54.247.70 - - [05/Mar/2018:13:47:37 -0300] "GET /cormun/servlet/trlicenciaspermisosadjuntos?16491379,20180305000000,L, HTTP/1.1" 200 6573
200.86.95.220 - - [05/Mar/2018:13:47:37 -0300] "POST /cormun/servlet/solicitudot?gx-no-cache=1520268410996 HTTP/1.1" 200 3404
200.86.95.220 - - [05/Mar/2018:13:47:37 -0300] "POST /cormun/servlet/solicitudot?a6ed941cc33a4a079804174c641e79ac,INS,0,0,,gx-no-cache=1520268411243 HTTP/1.1" 200 10111
200.54.247.70 - - [05/Mar/2018:13:47:38 -0300] "GET /cormun/servlet/licenciaspermisosadjuntos?INS,16491379,L,20180305000000,, HTTP/1.1" 200 5868
200.54.247.70 - - [05/Mar/2018:13:47:38 -0300] "GET /cormun/static/gxcfg.js?2017761263592 HTTP/1.1" 200 953
200.54.247.70 - - [05/Mar/2018:13:47:38 -0300] "GET /cormun/static/licenciaspermisosadjuntos.js?201776126362 HTTP/1.1" 200 8760
200.54.247.70 - - [05/Mar/2018:13:47:39 -0300] "GET /cormun/static/about:blank HTTP/1.1" 404 1011
200.54.247.70 - - [05/Mar/2018:13:47:40 -0300] "GET /cormun/servlet/licenciaspermisosadjuntos?INS,16491379,L,20180305000000,, HTTP/1.1" 200 5857
200.86.95.220 - - [05/Mar/2018:13:47:48 -0300] "GET /cormun/servlet/solicitudot?6b5e375947670592f620f11c0718b50af3929cf5689d4c46274d933cd5747873670889509a10bdc2406bb551b343d6f5,gx-no-cache=1520268422473 HTTP/1.1" 200 30
200.86.95.220 - - [05/Mar/2018:13:47:48 -0300] "GET /cormun/servlet/solicitudot?6b5e375947670592f620f11c0718b50a9ada0a8f27045c4dc88f740fb901e483fc51cb76c1a3e09c1ee7a33d4bc73fbe,gx-no-cache=1520268422547 HTTP/1.1" 200 30
200.86.95.220 - - [05/Mar/2018:13:47:48 -0300] "GET /cormun/servlet/solicitudot?6b5e375947670592f620f11c0718b50a2b89ab8c65fca904eb1940d4fe0c57c8,gx-no-cache=1520268422596 HTTP/1.1" 200 53
200.86.95.220 - - [05/Mar/2018:13:47:48 -0300] "POST /cormun/servlet/solicitudot?gx-no-cache=1520268422646 HTTP/1.1" 200 255
200.86.95.220 - - [05/Mar/2018:13:47:49 -0300] "GET /cormun/servlet/solicitudot?6b5e375947670592f620f11c0718b50a11b67b14778f3c3eb61730706cc09be4d3dec166c75ffe14bdf13afd226232de1a7676d96e1110fd0679b2950a872f800aa5af506eff34cc41de9f8d92f29ec8f2fc4acfa080333eff9c3a47f8b395aae7764bb55a337862861be208139bf6210d6fdb53b4ebd7ae8b28c69efd25620e44b207c070404631f1eb9bb84c3b3c0eab865268e2187109147d070580589bc497d10cb8a100108267737bedb895fff2ba00de386df9ba7f46042854e3dd92be3b5fa050b32315b86d91a0de9efce087055ae1eb1e2b0dbc23a4b37920a81be5bbf40c03badc34d8f72d61426b6d2c8e2d44cbdffbf3ad18b3e7c6f1bc8f88383833522db34db71ec34eede8693e7cac75808cad539e3bb896870c4275ce246fd49994f90820829938f7e681471f7b4a61ce450afaad15aafbaabad0adaf304f8d75fbe0198769a026f6d4faaad2c6387e0df3ac27be381caee173aba322e616e51c718addd43e4dcfe94af6c7b221ce65f3ab49b3567356aeceff81bd7461fe,gx-no-cache=1520268422703 HTTP/1.1" 200 30
200.86.95.220 - - [05/Mar/2018:13:47:51 -0300] "POST /cormun/servlet/solicitudot?gx-no-cache=1520268425598 HTTP/1.1" 200 30
200.86.95.220 - - [05/Mar/2018:13:47:53 -0300] "GET /cormun/servlet/prcontratosol?8070203,,,,,MD,,gxPopupLevel%3D0%3B HTTP/1.1" 200 7635
200.86.95.220 - - [05/Mar/2018:13:47:57 -0300] "POST /cormun/servlet/solicitudot?gx-no-cache=1520268431599 HTTP/1.1" 200 1338
200.86.95.220 - - [05/Mar/2018:13:47:58 -0300] "POST /cormun/servlet/solicitudot?gx-no-cache=1520268431704 HTTP/1.1" 200 38
200.86.95.220 - - [05/Mar/2018:13:47:58 -0300] "GET /cormun/servlet/solicitudot?6b5e375947670592f620f11c0718b50ae13a221f1718b007204bc6bedc4f784bd4096441382219106376722caf74a5f629ddbd891be6adddfd49a6b2946dde2c17272af0ca87d80fd0afa57c8b87fab2289b6ea34a9e60010c23c941e78f7837aee37e00e9b303c355130920c5ebece46b33fa716a5fb1972b617306f4c533c47c7192287caa439002ba8e2c94161f5ed62721957263c1a2d7789246392ec23c8eb512fac6eaf5a8baae28b367f648f05a038875cc0a2cd1bdbb9d49a49198bd99bc3bca4acc96cc6d4df0fae5271670,gx-no-cache=1520268431763 HTTP/1.1" 200 29
200.86.95.220 - - [05/Mar/2018:13:47:58 -0300] "POST /cormun/servlet/solicitudot?gx-no-cache=1520268431813 HTTP/1.1" 200 1319
200.86.95.220 - - [05/Mar/2018:13:47:58 -0300] "POST /cormun/servlet/solicitudot?gx-no-cache=1520268431885 HTTP/1.1" 200 1219
200.86.95.220 - - [05/Mar/2018:13:47:58 -0300] "GET /cormun/servlet/solicitudot?6b5e375947670592f620f11c0718b50a940e388fb46e7af38b99f2abff65aa8a3ca35f0aa2b4e08f6cccf213530225f0,gx-no-cache=1520268431958 HTTP/1.1" 200 30
200.54.247.70 - - [05/Mar/2018:13:48:03 -0300] "POST /cormun/servlet/licenciaspermisosadjuntos?7895c7d1809b328b633cbf2205296a19,INS,16491379,L,20180305000000,, HTTP/1.1" 200 116
200.54.247.70 - - [05/Mar/2018:13:48:03 -0300] "GET /cormun/servlet/hpexe_return? HTTP/1.1" 200 1038
200.54.247.70 - - [05/Mar/2018:13:48:03 -0300] "GET /cormun/servlet/trlicenciaspermisosadjuntos?16491379,20180305000000,L, HTTP/1.1" 200 7100
200.54.247.70 - - [05/Mar/2018:13:48:04 -0300] "GET /cormun/servlet/trlicenciaspermisosadjuntos?16491379,20180305000000,L, HTTP/1.1" 200 7098
190.151.100.218 - - [05/Mar/2018:13:48:05 -0300] "POST /cormun/servlet/trautorizarsolicitud?d8f24d789090d62e8ea3dd66481f4de8,,gx-no-cache=1520268437214 HTTP/1.1" 200 7743
190.151.100.218 - - [05/Mar/2018:13:48:06 -0300] "GET /cormun/static/Shared/jqueryui/images/ui-bg_highlight-soft_100_c6c2c8_1x100.png HTTP/1.1" 404 1117
186.67.203.186 - - [05/Mar/2018:13:48:06 -0300] "GET /cormun/static/Shared/jqueryui/images/ui-icons_82798d_256x240.png HTTP/1.1" 404 1089
190.151.100.218 - - [05/Mar/2018:13:48:06 -0300] "GET /cormun/static/Shared/jqueryui/images/ui-bg_flat_55_fafafa_40x100.png HTTP/1.1" 404 1097
186.67.203.186 - - [05/Mar/2018:13:48:06 -0300] "GET /cormun/static/Shared/jqueryui/images/ui-icons_8d78a5_256x240.png HTTP/1.1" 404 1089
186.67.203.186 - - [05/Mar/2018:13:48:06 -0300] "POST /cormun/servlet/trautorizarsolicitud?d8f24d789090d62e8ea3dd66481f4de8,,gx-no-cache=1520268437965 HTTP/1.1" 200 7690
200.54.247.70 - - [05/Mar/2018:13:48:06 -0300] "GET /cormun/PublicTempStorage/doc00241520180305120107_%281%293811456.pdf HTTP/1.1" 200 236805
200.86.95.220 - - [05/Mar/2018:13:48:07 -0300] "GET /cormun/servlet/solicitudot?6b5e375947670592f620f11c0718b50ae13a221f1718b007204bc6bedc4f784bd4096441382219106376722caf74a5f6164d7d3d56a6f1d239b5d6bd307803d417272af0ca87d80fd0afa57c8b87fab2289b6ea34a9e60010c23c941e78f7837aee37e00e9b303c355130920c5ebece46b33fa716a5fb1972b617306f4c533c47c7192287caa439002ba8e2c94161f5ed62721957263c1a2d7789246392ec23c8eb512fac6eaf5a8baae28b367f648f05a038875cc0a2cd1bdbb9d49a49198bd99bc3bca4acc96cc6d4df0fae5271670,gx-no-cache=1520268440775 HTTP/1.1" 200 29
200.86.95.220 - - [05/Mar/2018:13:48:09 -0300] "POST /cormun/servlet/solicitudot?gx-no-cache=1520268443442 HTTP/1.1" 200 1322
200.86.95.220 - - [05/Mar/2018:13:48:09 -0300] "POST /cormun/servlet/solicitudot?gx-no-cache=1520268443520 HTTP/1.1" 200 1219
200.86.95.220 - - [05/Mar/2018:13:48:09 -0300] "POST /cormun/servlet/solicitudot?gx-no-cache=1520268443585 HTTP/1.1" 200 33
186.67.203.186 - - [05/Mar/2018:13:48:11 -0300] "GET /cormun/servlet/veautorizarsolicitud?2018,10010,, HTTP/1.1" 200 8591
186.67.203.186 - - [05/Mar/2018:13:48:11 -0300] "GET /cormun/pexe_scrolldiv.js HTTP/1.1" 404 1009
186.67.203.186 - - [05/Mar/2018:13:48:11 -0300] "GET /cormun/pexe_scrolldiv.js HTTP/1.1" 404 1009
186.67.203.186 - - [05/Mar/2018:13:48:13 -0300] "GET /cormun/servlet/veautorizarsolicitud?2018,10010,, HTTP/1.1" 200 8589
