186.103.159.230 - - [05/Mar/2018:13:00:39 -0300] "GET /cormun/static/Shared/jqueryui/images/ui-bg_flat_55_994d53_40x100.png HTTP/1.1" 404 1097
186.103.159.230 - - [05/Mar/2018:13:00:39 -0300] "GET /cormun/servlet/solicitudot?d05684ecde48d801c17c3a19d9d66bc8a7d14ec42354f5559f7030e73ed93249,gx-no-cache=1520265591097 HTTP/1.1" 200 51
186.103.159.230 - - [05/Mar/2018:13:00:39 -0300] "POST /cormun/servlet/solicitudot?gx-no-cache=1520265591129 HTTP/1.1" 200 255
200.86.95.220 - - [05/Mar/2018:13:00:39 -0300] "POST /cormun/servlet/solicitudot?gx-no-cache=1520265593260 HTTP/1.1" 200 3380
186.103.159.230 - - [05/Mar/2018:13:00:39 -0300] "GET /cormun/servlet/solicitudot?d05684ecde48d801c17c3a19d9d66bc8db509b47d46163b3658b7b3005ab052dc1bd96d7d40f28a2345d8e01cded958ea76e75b4b10f635c504124b055ad03265f3de8da456f2a2c132b5af255afc01ea22541006d9254084edfc73d50b03759867a7f16b4c13c999f0d24e73b16799808447442d82d8732b2e74953feb24a75850f7356672c439d619fcfd570282cea0f6c0f2936f1db4aa32aa405cbedbf1a7cbb7a0e96c5fa26c0dbe7655ce622febca23e778fbfec6fc0aea9c5801c506a241f3561bf426d919615cd63f5911515e0e60fbb3ad6fda27a4449cce6fe23b185f44c154dbe687f2997c334867016ca6faa25000f01b130420568b26c3caa11e6aa1a5ae82a70712576a652d6086345523802b502343bd4b2f9ced04c269174e6df7174def86ba0d739ae1d68d6093deae17708ad91e35530a63c3b2fa008dc1df36824ecfce236cc2de1f3920ebded02cf4fbc35f8cae7daaf5d3346fb61fcaf2acf3552b522631f239e38db2eb4c1577ed62983840fc81a67e453674f38d0,gx-no-cache=1520265591210 HTTP/1.1" 200 30
200.86.95.220 - - [05/Mar/2018:13:00:39 -0300] "POST /cormun/servlet/solicitudot?9a8bf5951136b49a6ff8f22a17dd5638,INS,0,0,,gx-no-cache=1520265593502 HTTP/1.1" 200 10359
192.168.10.96 - - [05/Mar/2018:13:00:42 -0300] "POST /cormun/servlet/trsolicitudgral?598f95fa3bf0fa52e6f28e4ffb9fd563,,gx-no-cache=1520265481551 HTTP/1.1" 200 5934
186.103.159.230 - - [05/Mar/2018:13:00:42 -0300] "POST /cormun/servlet/solicitudot?gx-no-cache=1520265594207 HTTP/1.1" 200 30
200.111.122.170 - - [05/Mar/2018:13:00:42 -0300] "POST /cormun/servlet/solicitudot?0a9dc63f52f37604b073583980b07b61,INS,0,0,,gx-no-cache=1520265594095 HTTP/1.1" 200 12386
192.168.10.96 - - [05/Mar/2018:13:00:45 -0300] "POST /cormun/servlet/trsolicitudgral?598f95fa3bf0fa52e6f28e4ffb9fd563,,gx-no-cache=1520265484579 HTTP/1.1" 200 12173
186.103.159.230 - - [05/Mar/2018:13:00:46 -0300] "POST /cormun/servlet/solicitudot?gx-no-cache=1520265597981 HTTP/1.1" 200 1337
186.103.159.230 - - [05/Mar/2018:13:00:46 -0300] "POST /cormun/servlet/solicitudot?gx-no-cache=1520265598070 HTTP/1.1" 200 38
192.168.10.96 - - [05/Mar/2018:13:00:53 -0300] "POST /cormun/servlet/trsolicitudgral?598f95fa3bf0fa52e6f28e4ffb9fd563,,gx-no-cache=1520265492771 HTTP/1.1" 200 7690
186.103.159.230 - - [05/Mar/2018:13:00:56 -0300] "GET /cormun/servlet/solicitudot?d05684ecde48d801c17c3a19d9d66bc82e9c84f615d0c5a530d0486e652ba60739536845e2a3761219468ab55411e75799525b8037ba9694d0ced945b8867d8bf0262a65938a44cbad0084dafc3691b20f30da50bc96c34c54e696f45da06c96b26b9e67893bd9d2ea506efd26dc9af9b372e9f96fc34ab6ffccf70301c46b4ed5b794d1648669f1f2553a42cc89ca681731919dc5dd93442824c2ab81dff042,gx-no-cache=1520265608362 HTTP/1.1" 200 29
186.103.159.230 - - [05/Mar/2018:13:00:56 -0300] "POST /cormun/servlet/solicitudot?gx-no-cache=1520265608416 HTTP/1.1" 200 1321
186.103.159.230 - - [05/Mar/2018:13:00:56 -0300] "POST /cormun/servlet/solicitudot?gx-no-cache=1520265608489 HTTP/1.1" 200 1219
186.103.159.230 - - [05/Mar/2018:13:00:56 -0300] "GET /cormun/static/menuarrow.gif HTTP/1.1" 404 1015
186.103.159.230 - - [05/Mar/2018:13:01:00 -0300] "POST /cormun/servlet/solicitudot?gx-no-cache=1520265612290 HTTP/1.1" 200 1321
186.103.159.230 - - [05/Mar/2018:13:01:00 -0300] "POST /cormun/servlet/solicitudot?gx-no-cache=1520265612346 HTTP/1.1" 200 1219
186.103.159.230 - - [05/Mar/2018:13:01:03 -0300] "GET /cormun/servlet/solicitudot?d05684ecde48d801c17c3a19d9d66bc81b4cdf4b73c3782aeab59c7c6031e24ab9a77c988f6830372497f658c99865d8,gx-no-cache=1520265614996 HTTP/1.1" 200 30
200.111.122.170 - - [05/Mar/2018:13:01:03 -0300] "POST /cormun/servlet/solicitudot?0a9dc63f52f37604b073583980b07b61,INS,0,0,,gx-no-cache=1520265614628 HTTP/1.1" 200 93
200.111.122.170 - - [05/Mar/2018:13:01:03 -0300] "GET /cormun/servlet/hpexe_return? HTTP/1.1" 200 1008
200.111.122.170 - - [05/Mar/2018:13:01:04 -0300] "GET /cormun/servlet/trsolicitudot HTTP/1.1" 200 7411
200.111.122.170 - - [05/Mar/2018:13:01:05 -0300] "GET /cormun/servlet/trsolicitudot HTTP/1.1" 200 7407
200.86.95.220 - - [05/Mar/2018:13:01:08 -0300] "GET /cormun/servlet/solicitudot?0c7f4bde593e7a2993570d81cc229f0bad097735a69e1aa19a49f8b8b696081aa1ad840db79fb30d16a783342e158f55,gx-no-cache=1520265622021 HTTP/1.1" 200 30
200.86.95.220 - - [05/Mar/2018:13:01:08 -0300] "GET /cormun/servlet/solicitudot?0c7f4bde593e7a2993570d81cc229f0b7b554a61d521bcf747e6b555e3e2cc021a62de1cde68b52a27717caf5e4a7225,gx-no-cache=1520265622421 HTTP/1.1" 200 103
200.86.95.220 - - [05/Mar/2018:13:01:08 -0300] "GET /cormun/static/Shared/jqueryui/images/ui-bg_highlight-soft_100_c6c2c8_1x100.png HTTP/1.1" 404 1117
200.86.95.220 - - [05/Mar/2018:13:01:08 -0300] "GET /cormun/static/Shared/jqueryui/images/ui-icons_82798d_256x240.png HTTP/1.1" 404 1089
200.86.95.220 - - [05/Mar/2018:13:01:08 -0300] "GET /cormun/static/Shared/jqueryui/images/ui-bg_flat_55_994d53_40x100.png HTTP/1.1" 404 1097
200.86.95.220 - - [05/Mar/2018:13:01:08 -0300] "GET /cormun/static/Shared/jqueryui/images/ui-icons_ebccce_256x240.png HTTP/1.1" 404 1089
200.86.95.220 - - [05/Mar/2018:13:01:08 -0300] "GET /cormun/servlet/solicitudot?0c7f4bde593e7a2993570d81cc229f0b9d85c27e444062802598168d7d06f661,gx-no-cache=1520265622523 HTTP/1.1" 200 51
200.86.95.220 - - [05/Mar/2018:13:01:08 -0300] "POST /cormun/servlet/solicitudot?gx-no-cache=1520265622582 HTTP/1.1" 200 255
200.86.95.220 - - [05/Mar/2018:13:01:09 -0300] "GET /cormun/servlet/solicitudot?0c7f4bde593e7a2993570d81cc229f0bdec1400c9606a115143c3caf33388d0028013b9f02f76dbd37b6b1babcfffe2ed270de30948169c062a31cd6f31925e1244bf5358e56ff41d9311d69c44c8016eeceaa1a17cdbd3dd66458faab3e16c61540793f4f3163b9fa2e9ae0a707e01375c826350e5e2e379c00e70915bcd30239ec83af5d2e1f69a81555bbd2f0c346a8a512d7ff6c4d0c1c8be7083a3fd3be594bfd9dbbea4f2fa83f76dc1c3c699e60813a2a791352085cc342a9f3915668f885ad91291872e89a27191f98fd95e241e23994429da3ad3dd3053744fab9cdfa6e46091137cd943fbce5081ce800602ed448dcbaf65a625f2f44436dd7a0f2f48e7b76c3e865c5255e75fdcece9569d86635f7d10c71ab6c96c9efff9fe3c2777bdcaef88dc87be16dd03a67097c6ca42e2a93659e6da438aeb0cd5d8b888032f9912769cf851246de2fe837f97a9742d442436344ab31990e0286b10ecf68e4c9b720ce0e4a8b235992917e5bde0944533efa48bc9757d6d9b30de54dfb43,gx-no-cache=1520265622647 HTTP/1.1" 200 30
200.86.95.220 - - [05/Mar/2018:13:01:09 -0300] "POST /cormun/servlet/solicitudot?gx-no-cache=1520265622695 HTTP/1.1" 200 30
200.86.95.220 - - [05/Mar/2018:13:01:09 -0300] "POST /cormun/servlet/solicitudot?gx-no-cache=1520265622756 HTTP/1.1" 200 1337
200.86.95.220 - - [05/Mar/2018:13:01:09 -0300] "POST /cormun/servlet/solicitudot?gx-no-cache=1520265622860 HTTP/1.1" 200 38
200.111.122.170 - - [05/Mar/2018:13:01:12 -0300] "GET /cormun/servlet/solicitudot?INS,0,0, HTTP/1.1" 200 13648
186.103.159.230 - - [05/Mar/2018:13:01:13 -0300] "POST /cormun/servlet/solicitudot?gx-no-cache=1520265625432 HTTP/1.1" 200 30
200.111.122.170 - - [05/Mar/2018:13:01:14 -0300] "GET /cormun/servlet/solicitudot?INS,0,0, HTTP/1.1" 200 13652
200.86.95.220 - - [05/Mar/2018:13:01:15 -0300] "POST /cormun/servlet/solicitudot?gx-no-cache=1520265629417 HTTP/1.1" 200 30
192.168.10.96 - - [05/Mar/2018:13:01:15 -0300] "POST /cormun/servlet/trsolicitudgral?598f95fa3bf0fa52e6f28e4ffb9fd563,,gx-no-cache=1520265515491 HTTP/1.1" 200 7690
200.86.95.220 - - [05/Mar/2018:13:01:17 -0300] "GET /cormun/servlet/prcontratosol?6206819,,,,,MD,,gxPopupLevel%3D0%3B HTTP/1.1" 200 7633
200.111.122.170 - - [05/Mar/2018:13:01:18 -0300] "GET /cormun/servlet/prfichaempleado?,MD,,gxPopupLevel%3D0%3B HTTP/1.1" 200 9353
192.168.10.96 - - [05/Mar/2018:13:01:20 -0300] "POST /cormun/servlet/trsolicitudgral?598f95fa3bf0fa52e6f28e4ffb9fd563,,gx-no-cache=1520265519779 HTTP/1.1" 200 12172
200.86.95.220 - - [05/Mar/2018:13:01:23 -0300] "POST /cormun/servlet/solicitudot?gx-no-cache=1520265637475 HTTP/1.1" 200 1337
200.86.95.220 - - [05/Mar/2018:13:01:23 -0300] "POST /cormun/servlet/solicitudot?gx-no-cache=1520265637620 HTTP/1.1" 200 38
200.86.95.220 - - [05/Mar/2018:13:01:24 -0300] "GET /cormun/servlet/solicitudot?0c7f4bde593e7a2993570d81cc229f0b9e2fd0bc3398b03e37b6da25807e439714ad60bd34251864954875dcb6b4a41ac56cd3b812da886d69a86cf41819478d4058290e7f7072881151ffda93ea3db92c49c5edd537e6f5f438ee98c41d6ca2ebbd0af78974d219c102f0dd74228cbc04c1e4ca821df7ba562999de48972e3434db981f481de397b30b00e74c7f787fb11763dd93e48e0ebd6c1dc8e95cc5d7b190f0fe9184ae9de7e37a2fa786359ffc7bb8e619c25fa74098d4cc0bdd7c14e0a85f74a4eb9fdf1b751a2a94cbb69c,gx-no-cache=1520265637671 HTTP/1.1" 200 29
200.86.95.220 - - [05/Mar/2018:13:01:24 -0300] "POST /cormun/servlet/solicitudot?gx-no-cache=1520265637724 HTTP/1.1" 200 1319
200.86.95.220 - - [05/Mar/2018:13:01:24 -0300] "POST /cormun/servlet/solicitudot?gx-no-cache=1520265637798 HTTP/1.1" 200 1219
200.86.95.220 - - [05/Mar/2018:13:01:24 -0300] "GET /cormun/servlet/solicitudot?0c7f4bde593e7a2993570d81cc229f0baa3d7abb163f1e4189a75c0a8215c2e3e1331ce3af7fc14197fb0280096635ea,gx-no-cache=1520265637862 HTTP/1.1" 200 134
192.168.10.96 - - [05/Mar/2018:13:01:27 -0300] "POST /cormun/servlet/trsolicitudgral?598f95fa3bf0fa52e6f28e4ffb9fd563,,gx-no-cache=1520265526300 HTTP/1.1" 200 17700
200.111.122.170 - - [05/Mar/2018:13:01:35 -0300] "POST /cormun/servlet/prfichaempleado?0a9dc63f52f37604b073583980b07b61,,MD,,gxPopupLevel%3D0%3B,gx-no-cache=1520265646637 HTTP/1.1" 200 3427
200.111.122.170 - - [05/Mar/2018:13:01:40 -0300] "POST /cormun/servlet/solicitudot?gx-no-cache=1520265652176 HTTP/1.1" 200 3398
200.111.122.170 - - [05/Mar/2018:13:01:41 -0300] "POST /cormun/servlet/solicitudot?0a9dc63f52f37604b073583980b07b61,INS,0,0,,gx-no-cache=1520265652433 HTTP/1.1" 200 10576
192.168.10.96 - - [05/Mar/2018:13:01:42 -0300] "POST /cormun/servlet/trsolicitudgral?598f95fa3bf0fa52e6f28e4ffb9fd563,,gx-no-cache=1520265541702 HTTP/1.1" 200 5934
192.168.10.96 - - [05/Mar/2018:13:01:44 -0300] "POST /cormun/servlet/trsolicitudgral?598f95fa3bf0fa52e6f28e4ffb9fd563,,gx-no-cache=1520265544290 HTTP/1.1" 200 12173
192.168.10.96 - - [05/Mar/2018:13:01:51 -0300] "POST /cormun/servlet/trsolicitudgral?598f95fa3bf0fa52e6f28e4ffb9fd563,,gx-no-cache=1520265551500 HTTP/1.1" 200 7690
192.168.10.96 - - [05/Mar/2018:13:01:55 -0300] "POST /cormun/servlet/trsolicitudgral?598f95fa3bf0fa52e6f28e4ffb9fd563,,gx-no-cache=1520265555442 HTTP/1.1" 200 5932
200.111.122.170 - - [05/Mar/2018:13:01:56 -0300] "POST /cormun/servlet/solicitudot?0a9dc63f52f37604b073583980b07b61,INS,0,0,,gx-no-cache=1520265667334 HTTP/1.1" 200 10678
200.111.122.170 - - [05/Mar/2018:13:01:56 -0300] "GET /cormun/static/Shared/jqueryui/images/ui-bg_highlight-soft_100_c6c2c8_1x100.png HTTP/1.1" 404 1117
186.67.203.186 - - [05/Mar/2018:13:01:56 -0300] "GET /cormun/static/Shared/jqueryui/images/ui-icons_82798d_256x240.png HTTP/1.1" 404 1089
190.151.100.218 - - [05/Mar/2018:13:01:56 -0300] "GET /cormun/static/Shared/jqueryui/images/ui-icons_8d78a5_256x240.png HTTP/1.1" 404 1089
200.111.122.170 - - [05/Mar/2018:13:01:56 -0300] "GET /cormun/static/Shared/jqueryui/images/ui-bg_flat_55_fafafa_40x100.png HTTP/1.1" 404 1097
192.168.10.96 - - [05/Mar/2018:13:01:58 -0300] "POST /cormun/servlet/trsolicitudgral?598f95fa3bf0fa52e6f28e4ffb9fd563,,gx-no-cache=1520265558186 HTTP/1.1" 200 17700
190.151.100.218 - - [05/Mar/2018:13:01:59 -0300] "POST /cormun/servlet/solicitudot?gx-no-cache=1520265671261 HTTP/1.1" 200 3398
190.151.100.218 - - [05/Mar/2018:13:02:00 -0300] "POST /cormun/servlet/solicitudot?0a9dc63f52f37604b073583980b07b61,INS,0,0,,gx-no-cache=1520265671588 HTTP/1.1" 200 10687
190.151.100.218 - - [05/Mar/2018:13:02:01 -0300] "GET /cormun/servlet/solicitudot?951ba7a19f5d1244bacade9a6abcc245b5f810945a3682f98ec59fde553ec9aebd25c362c16442ba40c59661ae08ef4e,gx-no-cache=1520265672692 HTTP/1.1" 200 30
190.151.100.218 - - [05/Mar/2018:13:02:01 -0300] "GET /cormun/servlet/solicitudot?951ba7a19f5d1244bacade9a6abcc245dc6fb8b1d8f36a9b62a5277cd9f89dcfc472e75fa7cde7dfa26e21b6ffcd720d90f0d8ab9a5fdce6abd270c305c8fb75,gx-no-cache=1520265672798 HTTP/1.1" 200 30
190.151.100.218 - - [05/Mar/2018:13:02:01 -0300] "GET /cormun/servlet/solicitudot?951ba7a19f5d1244bacade9a6abcc245692f5f4b01188f4b0b9bf3563a95f329,gx-no-cache=1520265672855 HTTP/1.1" 200 123
190.151.100.218 - - [05/Mar/2018:13:02:01 -0300] "GET /cormun/static/Shared/jqueryui/images/ui-bg_flat_55_994d53_40x100.png HTTP/1.1" 404 1097
186.67.203.186 - - [05/Mar/2018:13:02:01 -0300] "GET /cormun/static/Shared/jqueryui/images/ui-icons_ebccce_256x240.png HTTP/1.1" 404 1089
200.111.122.170 - - [05/Mar/2018:13:02:01 -0300] "POST /cormun/servlet/solicitudot?gx-no-cache=1520265672950 HTTP/1.1" 200 297
200.111.122.170 - - [05/Mar/2018:13:02:01 -0300] "GET /cormun/servlet/solicitudot?951ba7a19f5d1244bacade9a6abcc24574316d2a69954700890f2bf3323c94e9161e5284e49572319daa0d5028eba2d6517fb82d3ec16d48ed7daed50eb7a1a045e80ef56b3c8cd3814bd1e148a76a8fb544573c24ad1842989448a1476f8e5e82b7deb927ddde6cb8570e3e85800534c275d2eecd114ed02b111809567768e76a168a8c493063f470babb54e39a8fa0fc0c28986809468db5f60b396b5310893e685cbc884765b539725dc84367b8f7db1018cedb2e970dbc06133fea5a4a2b9689e4d8f03f3b0a854cb76f8cf156a2be2c418931fba47cfd85a4aa4287290eadb4c0920f7fab9c230013c51064d648053753738ae6c548a6f9358a395ecddd34c56a93181971f1ba739d17c9f33bc211c5d307ae19812e932df141f1b8acfcf4870a44a71b954b301d59212ce42489bcf655f0856a87d0c3391bdcf51f97d3773f8dafdd91b7971a02a4838d4cbeb6251e89dfe9b222e7e15bff5dc9a74ffbc4c0a9e655d57664757ec166ab8f56268cc3e225900cd81a1414debbf01bd35bfec9994af66af1da8d310312e28b62b9,gx-no-cache=1520265673043 HTTP/1.1" 200 30
58.218.199.221 - - [05/Mar/2018:13:02:03 -0300] "PUT /thefox.jsp/ HTTP/1.1" 403 970
186.67.203.186 - - [05/Mar/2018:13:02:04 -0300] "POST /cormun/servlet/solicitudot?gx-no-cache=1520265676089 HTTP/1.1" 200 30
186.67.203.186 - - [05/Mar/2018:13:02:08 -0300] "POST /cormun/servlet/solicitudot?gx-no-cache=1520265680075 HTTP/1.1" 200 1337
186.67.203.186 - - [05/Mar/2018:13:02:08 -0300] "POST /cormun/servlet/solicitudot?gx-no-cache=1520265680194 HTTP/1.1" 200 38
192.168.10.96 - - [05/Mar/2018:13:02:09 -0300] "POST /cormun/servlet/trsolicitudgral?598f95fa3bf0fa52e6f28e4ffb9fd563,,gx-no-cache=1520265568884 HTTP/1.1" 200 5940
186.103.159.230 - - [05/Mar/2018:13:02:09 -0300] "POST /cormun/servlet/solicitudot?1bc120793a7d5ecaadbea5d9c034964f,INS,0,0,,gx-no-cache=1520265681213 HTTP/1.1" 200 11933
192.168.10.96 - - [05/Mar/2018:13:02:14 -0300] "POST /cormun/servlet/trsolicitudgral?598f95fa3bf0fa52e6f28e4ffb9fd563,,gx-no-cache=1520265573603 HTTP/1.1" 200 5942
192.168.10.96 - - [05/Mar/2018:13:02:17 -0300] "POST /cormun/servlet/trsolicitudgral?598f95fa3bf0fa52e6f28e4ffb9fd563,,gx-no-cache=1520265576666 HTTP/1.1" 200 5940
192.168.10.96 - - [05/Mar/2018:13:02:22 -0300] "POST /cormun/servlet/trsolicitudgral?598f95fa3bf0fa52e6f28e4ffb9fd563,,gx-no-cache=1520265582313 HTTP/1.1" 200 5941
192.168.10.96 - - [05/Mar/2018:13:02:22 -0300] "POST /cormun/servlet/trsolicitudgral?598f95fa3bf0fa52e6f28e4ffb9fd563,,gx-no-cache=1520265582516 HTTP/1.1" 200 5941
192.168.10.96 - - [05/Mar/2018:13:02:23 -0300] "POST /cormun/servlet/trsolicitudgral?598f95fa3bf0fa52e6f28e4ffb9fd563,,gx-no-cache=1520265582715 HTTP/1.1" 200 5941
192.168.10.96 - - [05/Mar/2018:13:02:23 -0300] "POST /cormun/servlet/trsolicitudgral?598f95fa3bf0fa52e6f28e4ffb9fd563,,gx-no-cache=1520265583097 HTTP/1.1" 200 5941
186.103.159.230 - - [05/Mar/2018:13:02:25 -0300] "POST /cormun/servlet/solicitudot?1bc120793a7d5ecaadbea5d9c034964f,INS,0,0,,gx-no-cache=1520265696867 HTTP/1.1" 200 11811
186.103.159.230 - - [05/Mar/2018:13:02:25 -0300] "GET /cormun/static/Shared/jqueryui/images/ui-bg_flat_55_fafafa_40x100.png HTTP/1.1" 404 1097
186.103.159.230 - - [05/Mar/2018:13:02:25 -0300] "GET /cormun/static/Shared/jqueryui/images/ui-icons_8d78a5_256x240.png HTTP/1.1" 404 1089
186.103.159.230 - - [05/Mar/2018:13:02:30 -0300] "GET /cormun/servlet/trsolicitudot? HTTP/1.1" 200 7372
186.103.159.230 - - [05/Mar/2018:13:02:30 -0300] "GET /cormun/servlet/trsolicitudot? HTTP/1.1" 200 7371
200.86.95.220 - - [05/Mar/2018:13:03:14 -0300] "POST /cormun/servlet/solicitudot?gx-no-cache=1520265748519 HTTP/1.1" 200 1321
200.86.95.220 - - [05/Mar/2018:13:03:15 -0300] "POST /cormun/servlet/solicitudot?gx-no-cache=1520265748626 HTTP/1.1" 200 1219
200.86.95.220 - - [05/Mar/2018:13:03:15 -0300] "GET /cormun/static/menuarrow.gif HTTP/1.1" 404 1015
200.86.95.220 - - [05/Mar/2018:13:03:16 -0300] "POST /cormun/servlet/solicitudot?gx-no-cache=1520265750367 HTTP/1.1" 200 1321
200.86.95.220 - - [05/Mar/2018:13:03:16 -0300] "POST /cormun/servlet/solicitudot?gx-no-cache=1520265750444 HTTP/1.1" 200 1219
200.86.95.220 - - [05/Mar/2018:13:03:23 -0300] "GET /cormun/servlet/solicitudot?0c7f4bde593e7a2993570d81cc229f0b29ab33afc6f16b263d021b02e3e44d89e1331ce3af7fc14197fb0280096635ea,gx-no-cache=1520265757453 HTTP/1.1" 200 30
200.86.95.220 - - [05/Mar/2018:13:03:29 -0300] "POST /cormun/servlet/solicitudot?gx-no-cache=1520265763269 HTTP/1.1" 200 33
192.168.10.96 - - [05/Mar/2018:13:03:31 -0300] "POST /cormun/servlet/trsolicitudgral?598f95fa3bf0fa52e6f28e4ffb9fd563,,gx-no-cache=1520265650433 HTTP/1.1" 200 14417
186.103.161.206 - - [05/Mar/2018:13:03:33 -0300] "GET /cormun/servlet/prbanco?,MD,,gxPopupLevel%3D0%3B HTTP/1.1" 200 6630
192.168.10.96 - - [05/Mar/2018:13:03:38 -0300] "POST /cormun/servlet/trsolicitudgral?598f95fa3bf0fa52e6f28e4ffb9fd563,,gx-no-cache=1520265657755 HTTP/1.1" 200 7601
200.86.95.220 - - [05/Mar/2018:13:03:47 -0300] "POST /cormun/servlet/solicitudot?9a8bf5951136b49a6ff8f22a17dd5638,INS,0,0,,gx-no-cache=1520265780993 HTTP/1.1" 200 11759
192.168.10.96 - - [05/Mar/2018:13:04:02 -0300] "POST /cormun/servlet/trsolicitudgral?598f95fa3bf0fa52e6f28e4ffb9fd563,,gx-no-cache=1520265682097 HTTP/1.1" 200 7600
186.67.203.186 - - [05/Mar/2018:13:04:02 -0300] "POST /cormun/servlet/solicitudot?0a9dc63f52f37604b073583980b07b61,INS,0,0,,gx-no-cache=1520265794139 HTTP/1.1" 200 11876
192.168.10.96 - - [05/Mar/2018:13:04:03 -0300] "POST /cormun/servlet/trsolicitudgral?598f95fa3bf0fa52e6f28e4ffb9fd563,,gx-no-cache=1520265683272 HTTP/1.1" 200 7600
192.168.10.96 - - [05/Mar/2018:13:04:07 -0300] "POST /cormun/servlet/trsolicitudgral?598f95fa3bf0fa52e6f28e4ffb9fd563,,gx-no-cache=1520265687153 HTTP/1.1" 200 14417
192.168.10.89 - - [05/Mar/2018:13:04:11 -0300] "POST /cormun/servlet/trsolicitudgral?753823bb2c3fc1dfd10ab40f4d18bf02,,gx-no-cache=1520265690889 HTTP/1.1" 440 972
192.168.10.89 - - [05/Mar/2018:13:04:12 -0300] "GET /cormun/servlet/trsolicitudgral? HTTP/1.1" 500 10
192.168.10.96 - - [05/Mar/2018:13:04:15 -0300] "POST /cormun/servlet/trsolicitudgral?598f95fa3bf0fa52e6f28e4ffb9fd563,,gx-no-cache=1520265694818 HTTP/1.1" 200 14417
192.168.10.96 - - [05/Mar/2018:13:04:21 -0300] "POST /cormun/servlet/trsolicitudgral?598f95fa3bf0fa52e6f28e4ffb9fd563,,gx-no-cache=1520265700715 HTTP/1.1" 200 7602
200.111.191.210 - - [05/Mar/2018:13:04:29 -0300] "GET /cormun/servlet/trlicenciaspermisosadjuntos?17613380,20180305000000,L, HTTP/1.1" 200 6302
200.111.191.210 - - [05/Mar/2018:13:04:29 -0300] "GET /cormun/static/gxcfg.js?20177612163414 HTTP/1.1" 304 -
200.111.191.210 - - [05/Mar/2018:13:04:30 -0300] "GET /cormun/servlet/trlicenciaspermisosadjuntos?17613380,20180305000000,L, HTTP/1.1" 200 6303
200.111.191.210 - - [05/Mar/2018:13:04:32 -0300] "GET /cormun/servlet/licenciaspermisosadjuntos?INS,17613380,L,20180305000000,, HTTP/1.1" 200 5600
200.111.191.210 - - [05/Mar/2018:13:04:32 -0300] "GET /cormun/static/gxcfg.js?2017761263592 HTTP/1.1" 304 -
200.111.191.210 - - [05/Mar/2018:13:04:32 -0300] "GET /cormun/static/about:blank HTTP/1.1" 404 1011
200.111.191.210 - - [05/Mar/2018:13:04:32 -0300] "GET /cormun/servlet/licenciaspermisosadjuntos?INS,17613380,L,20180305000000,, HTTP/1.1" 200 5590
200.86.95.220 - - [05/Mar/2018:13:04:43 -0300] "GET /cormun/servlet/solicitudot?0c7f4bde593e7a2993570d81cc229f0b7ba2e976cb0c9b6108d20bdccb04e7ec,gx-no-cache=1520265837247 HTTP/1.1" 200 94
200.86.95.220 - - [05/Mar/2018:13:04:43 -0300] "POST /cormun/servlet/solicitudot?gx-no-cache=1520265837389 HTTP/1.1" 200 256
200.86.95.220 - - [05/Mar/2018:13:04:43 -0300] "GET /cormun/servlet/solicitudot?0c7f4bde593e7a2993570d81cc229f0bdec1400c9606a115143c3caf33388d0028013b9f02f76dbd37b6b1babcfffe2ed270de30948169c062a31cd6f31925e1244bf5358e56ff41d9311d69c44c8016eeceaa1a17cdbd3dd66458faab3e16c61540793f4f3163b9fa2e9ae0a707e01375c826350e5e2e379c00e70915bcd30239ec83af5d2e1f69a81555bbd2f0c346a8a512d7ff6c4d0c1c8be7083a3fd3be594bfd9dbbea4f2fa83f76dc1c3c699e60813a2a791352085cc342a9f3915668f885ad91291872e89a27191f98fd95e241e23994429da3ad3dd3053744fab9cdfa6e46091137cd943fbce5081ce800602ed448dcbaf65a625f2f44436dd7a0f2f48e7b76c3e865c5255e75fdcece9569d86635f7d10c71ab6c96c9efff9fe3c2777bdcaef88dc87be16dd03a67097c6ca42e2a93659e6da438aeb0cd5d8b888032f9912769cf851246de2fe837f97a9742d442436344ab31990e0286b10ecf68e4c9b720ce0e4a8b235992917e5bde092fe54fece2a4833aa9a20e3e3f44148c,gx-no-cache=1520265837477 HTTP/1.1" 200 30
200.86.95.220 - - [05/Mar/2018:13:04:43 -0300] "POST /cormun/servlet/solicitudot?gx-no-cache=1520265837554 HTTP/1.1" 200 30
200.86.95.220 - - [05/Mar/2018:13:04:44 -0300] "POST /cormun/servlet/solicitudot?gx-no-cache=1520265837649 HTTP/1.1" 200 1337
200.86.95.220 - - [05/Mar/2018:13:04:44 -0300] "POST /cormun/servlet/solicitudot?gx-no-cache=1520265837742 HTTP/1.1" 200 41
200.86.95.220 - - [05/Mar/2018:13:04:44 -0300] "POST /cormun/servlet/solicitudot?gx-no-cache=1520265837816 HTTP/1.1" 200 1321
200.86.95.220 - - [05/Mar/2018:13:04:44 -0300] "POST /cormun/servlet/solicitudot?gx-no-cache=1520265837905 HTTP/1.1" 200 1219
200.86.95.220 - - [05/Mar/2018:13:04:44 -0300] "GET /cormun/servlet/solicitudot?0c7f4bde593e7a2993570d81cc229f0b29ab33afc6f16b263d021b02e3e44d89e1331ce3af7fc14197fb0280096635ea,gx-no-cache=1520265837987 HTTP/1.1" 200 30
200.86.95.220 - - [05/Mar/2018:13:04:44 -0300] "POST /cormun/servlet/solicitudot?gx-no-cache=1520265838060 HTTP/1.1" 200 33
200.86.95.220 - - [05/Mar/2018:13:04:44 -0300] "POST /cormun/servlet/solicitudot?9a8bf5951136b49a6ff8f22a17dd5638,INS,0,0,,gx-no-cache=1520265838162 HTTP/1.1" 200 11810
200.111.191.210 - - [05/Mar/2018:13:04:46 -0300] "POST /cormun/servlet/licenciaspermisosadjuntos?ffca16da4e2bcaf4ce7cf2e958435124,INS,17613380,L,20180305000000,, HTTP/1.1" 200 116
200.111.191.210 - - [05/Mar/2018:13:04:46 -0300] "GET /cormun/servlet/hpexe_return? HTTP/1.1" 200 1042
200.111.191.210 - - [05/Mar/2018:13:04:47 -0300] "GET /cormun/servlet/trlicenciaspermisosadjuntos?17613380,20180305000000,L, HTTP/1.1" 200 6773
200.111.191.210 - - [05/Mar/2018:13:04:47 -0300] "GET /cormun/servlet/trlicenciaspermisosadjuntos?17613380,20180305000000,L, HTTP/1.1" 200 6767
192.168.10.96 - - [05/Mar/2018:13:04:49 -0300] "POST /cormun/servlet/trsolicitudgral?598f95fa3bf0fa52e6f28e4ffb9fd563,,gx-no-cache=1520265729353 HTTP/1.1" 200 7985
200.111.191.210 - - [05/Mar/2018:13:04:50 -0300] "GET /cormun/PublicTempStorage/0954345216604.PDF HTTP/1.1" 200 690295
200.111.191.210 - - [05/Mar/2018:13:04:53 -0300] "GET /cormun/servlet/trlicenciaspermisosadjuntos?17613380,20180305000000,L, HTTP/1.1" 200 6773
200.111.191.210 - - [05/Mar/2018:13:04:54 -0300] "GET /cormun/servlet/trlicenciaspermisosadjuntos?17613380,20180305000000,L, HTTP/1.1" 200 6766
200.111.191.210 - - [05/Mar/2018:13:04:56 -0300] "GET /cormun/servlet/trlicencias? HTTP/1.1" 200 8819
200.111.191.210 - - [05/Mar/2018:13:04:57 -0300] "GET /cormun/servlet/trlicencias? HTTP/1.1" 200 8818
192.168.10.96 - - [05/Mar/2018:13:04:59 -0300] "POST /cormun/servlet/trsolicitudgral?598f95fa3bf0fa52e6f28e4ffb9fd563,,gx-no-cache=1520265735058 HTTP/1.1" 200 26030
200.111.191.210 - - [05/Mar/2018:13:05:00 -0300] "POST /cormun/servlet/trlicencias?ffca16da4e2bcaf4ce7cf2e958435124,,gx-no-cache=1520265851964 HTTP/1.1" 200 6097
200.111.191.210 - - [05/Mar/2018:13:05:00 -0300] "GET /cormun/static/Shared/jqueryui/images/ui-bg_highlight-soft_100_c6c2c8_1x100.png HTTP/1.1" 404 1117
200.111.191.210 - - [05/Mar/2018:13:05:00 -0300] "GET /cormun/static/Shared/jqueryui/images/ui-icons_82798d_256x240.png HTTP/1.1" 404 1089
200.111.191.210 - - [05/Mar/2018:13:05:00 -0300] "GET /cormun/static/Shared/jqueryui/images/ui-bg_flat_55_fafafa_40x100.png HTTP/1.1" 404 1097
200.111.191.210 - - [05/Mar/2018:13:05:00 -0300] "GET /cormun/static/Shared/jqueryui/images/ui-icons_8d78a5_256x240.png HTTP/1.1" 404 1089
190.151.100.218 - - [05/Mar/2018:13:05:56 -0300] "POST /cormun/servlet/solicitudot?gx-no-cache=1520265907555 HTTP/1.1" 200 3398
190.151.100.218 - - [05/Mar/2018:13:05:57 -0300] "POST /cormun/servlet/solicitudot?0a9dc63f52f37604b073583980b07b61,INS,0,0,,gx-no-cache=1520265908703 HTTP/1.1" 200 11872
190.151.100.218 - - [05/Mar/2018:13:05:58 -0300] "GET /cormun/servlet/solicitudot?951ba7a19f5d1244bacade9a6abcc245b5f810945a3682f98ec59fde553ec9aedf7e28b97297360643f8cf65adb19f79,gx-no-cache=1520265909746 HTTP/1.1" 200 30
190.151.100.218 - - [05/Mar/2018:13:05:58 -0300] "GET /cormun/servlet/solicitudot?951ba7a19f5d1244bacade9a6abcc245dc6fb8b1d8f36a9b62a5277cd9f89dcfc472e75fa7cde7dfa26e21b6ffcd720d0f7b49563c6b410e5beda3cde100b34d,gx-no-cache=1520265909883 HTTP/1.1" 200 30
190.151.100.218 - - [05/Mar/2018:13:05:58 -0300] "GET /cormun/servlet/solicitudot?951ba7a19f5d1244bacade9a6abcc245692f5f4b01188f4b0b9bf3563a95f329,gx-no-cache=1520265909964 HTTP/1.1" 200 123
190.151.100.218 - - [05/Mar/2018:13:05:58 -0300] "POST /cormun/servlet/solicitudot?gx-no-cache=1520265910072 HTTP/1.1" 200 297
190.151.100.218 - - [05/Mar/2018:13:05:59 -0300] "GET /cormun/servlet/solicitudot?951ba7a19f5d1244bacade9a6abcc24574316d2a69954700890f2bf3323c94e9161e5284e49572319daa0d5028eba2d6517fb82d3ec16d48ed7daed50eb7a1a045e80ef56b3c8cd3814bd1e148a76a8fb544573c24ad1842989448a1476f8e5e82b7deb927ddde6cb8570e3e85800534c275d2eecd114ed02b111809567768e76a168a8c493063f470babb54e39a8fa0fc0c28986809468db5f60b396b5310893e685cbc884765b539725dc84367b8f7db1018cedb2e970dbc06133fea5a4a2b9689e4d8f03f3b0a854cb76f8cf156a2be2c418931fba47cfd85a4aa4287290eadb4c0920f7fab9c230013c51064d648053753738ae6c548a6f9358a395ecddd34c56a93181971f1ba739d17c9f33bc211c5d307ae19812e932df141f1b8acfcf4870a44a71b954b301d59212ce42489bcf655f0856a87d0c3391bdcf51f97d3773f8dafdd91b7971a02a4838d4cbeb6251e89dfe9b222e7e15bff5dc9a74ffbc4c0a9e655d57664757ec166ab8f562633812e73e128edd2b8ff9164bf7d9da0fec9994af66af1da8d310312e28b62b9,gx-no-cache=1520265910545 HTTP/1.1" 200 30
190.151.100.218 - - [05/Mar/2018:13:05:59 -0300] "POST /cormun/servlet/solicitudot?gx-no-cache=1520265910627 HTTP/1.1" 200 30
190.151.100.218 - - [05/Mar/2018:13:05:59 -0300] "POST /cormun/servlet/solicitudot?gx-no-cache=1520265910748 HTTP/1.1" 200 1337
190.151.100.218 - - [05/Mar/2018:13:05:59 -0300] "POST /cormun/servlet/solicitudot?gx-no-cache=1520265910866 HTTP/1.1" 200 38
190.151.100.218 - - [05/Mar/2018:13:05:59 -0300] "GET /cormun/servlet/solicitudot?951ba7a19f5d1244bacade9a6abcc2456a89a0b82670acdda239ce01d3ab0b6ddd65f85b15b4c75c06ba9428dfe01337ab4c4c8d00a8a0c28da00b2fa70e217cd5016da0af6c55e42ebe4f4eabfa25144ffaea76cf8062724fba1d82ad616fcc467df89761710f77591ec1bca5551ef9,gx-no-cache=1520265910942 HTTP/1.1" 200 29
190.151.100.218 - - [05/Mar/2018:13:05:59 -0300] "POST /cormun/servlet/solicitudot?gx-no-cache=1520265911021 HTTP/1.1" 200 1319
190.151.100.218 - - [05/Mar/2018:13:05:59 -0300] "POST /cormun/servlet/solicitudot?gx-no-cache=1520265911124 HTTP/1.1" 200 1218
190.151.100.218 - - [05/Mar/2018:13:05:59 -0300] "GET /cormun/servlet/solicitudot?951ba7a19f5d1244bacade9a6abcc245039838ed1ead218082f79a65d53337d5,gx-no-cache=1520265911223 HTTP/1.1" 200 30
190.151.100.218 - - [05/Mar/2018:13:06:00 -0300] "POST /cormun/servlet/solicitudot?gx-no-cache=1520265911566 HTTP/1.1" 200 30
200.86.95.220 - - [05/Mar/2018:13:06:01 -0300] "GET /cormun/servlet/solicitudot?0c7f4bde593e7a2993570d81cc229f0b94cc43a13df408040adfed7d865b5cd7b346549cbfc2d83e7a4bffc443a2203560caebdb42f5332f83de69ed2bddf071,gx-no-cache=1520265914661 HTTP/1.1" 200 30
200.86.95.220 - - [05/Mar/2018:13:06:01 -0300] "POST /cormun/servlet/solicitudot?gx-no-cache=1520265914735 HTTP/1.1" 200 256
200.86.95.220 - - [05/Mar/2018:13:06:01 -0300] "GET /cormun/servlet/solicitudot?0c7f4bde593e7a2993570d81cc229f0bdec1400c9606a115143c3caf33388d0028013b9f02f76dbd37b6b1babcfffe2ed270de30948169c062a31cd6f31925e1244bf5358e56ff41d9311d69c44c8016eeceaa1a17cdbd3dd66458faab3e16c61540793f4f3163b9fa2e9ae0a707e01375c826350e5e2e379c00e70915bcd30239ec83af5d2e1f69a81555bbd2f0c346a8a512d7ff6c4d0c1c8be7083a3fd3be594bfd9dbbea4f2fa83f76dc1c3c699e60813a2a791352085cc342a9f3915668f885ad91291872e89a27191f98fd95e241e23994429da3ad3dd3053744fab9cdfa6e46091137cd943fbce5081ce800602ed448dcbaf65a625f2f44436dd7a0f2f48e7b76c3e865c5255e75fdcece9569d86635f7d10c71ab6c96c9efff9fe3c2777bdcaef88dc87be16dd03a67097c6ca42e2a93659e6da438aeb0cd5d8b888032f9912769cf851246de2fe837f97a9742d442436344ab31990e0286b10ecf68e4c9b720ce0e4a8b235992917e5bde092fe54fece2a4833aa9a20e3e3f44148c,gx-no-cache=1520265914818 HTTP/1.1" 200 30
200.86.95.220 - - [05/Mar/2018:13:06:01 -0300] "POST /cormun/servlet/solicitudot?gx-no-cache=1520265914860 HTTP/1.1" 200 30
200.86.95.220 - - [05/Mar/2018:13:06:01 -0300] "POST /cormun/servlet/solicitudot?gx-no-cache=1520265914917 HTTP/1.1" 200 1337
200.86.95.220 - - [05/Mar/2018:13:06:01 -0300] "POST /cormun/servlet/solicitudot?gx-no-cache=1520265915009 HTTP/1.1" 200 41
200.86.95.220 - - [05/Mar/2018:13:06:01 -0300] "POST /cormun/servlet/solicitudot?gx-no-cache=1520265915062 HTTP/1.1" 200 1321
200.86.95.220 - - [05/Mar/2018:13:06:01 -0300] "POST /cormun/servlet/solicitudot?gx-no-cache=1520265915131 HTTP/1.1" 200 1219
200.86.95.220 - - [05/Mar/2018:13:06:01 -0300] "GET /cormun/servlet/solicitudot?0c7f4bde593e7a2993570d81cc229f0b29ab33afc6f16b263d021b02e3e44d89e1331ce3af7fc14197fb0280096635ea,gx-no-cache=1520265915209 HTTP/1.1" 200 30
200.86.95.220 - - [05/Mar/2018:13:06:01 -0300] "POST /cormun/servlet/solicitudot?gx-no-cache=1520265915254 HTTP/1.1" 200 33
200.86.95.220 - - [05/Mar/2018:13:06:01 -0300] "POST /cormun/servlet/solicitudot?9a8bf5951136b49a6ff8f22a17dd5638,INS,0,0,,gx-no-cache=1520265915332 HTTP/1.1" 200 11859
200.86.95.220 - - [05/Mar/2018:13:06:08 -0300] "POST /cormun/servlet/solicitudot?9a8bf5951136b49a6ff8f22a17dd5638,INS,0,0,,gx-no-cache=1520265921890 HTTP/1.1" 200 93
200.86.95.220 - - [05/Mar/2018:13:06:08 -0300] "GET /cormun/servlet/hpexe_return? HTTP/1.1" 200 1004
200.86.95.220 - - [05/Mar/2018:13:06:08 -0300] "GET /cormun/servlet/trsolicitudot HTTP/1.1" 200 11339
200.86.95.220 - - [05/Mar/2018:13:06:10 -0300] "GET /cormun/servlet/trsolicitudot HTTP/1.1" 200 11334
190.151.100.218 - - [05/Mar/2018:13:06:16 -0300] "GET /cormun/static/menuarrow.gif HTTP/1.1" 404 1015
190.151.100.218 - - [05/Mar/2018:13:06:20 -0300] "GET /cormun/servlet/solicitudot?951ba7a19f5d1244bacade9a6abcc245ab6229c4f071107f2b61fb9ee82598b7d4d76e32ee24721aba59409ee397a519,gx-no-cache=1520265931813 HTTP/1.1" 200 30
200.111.191.210 - - [05/Mar/2018:13:06:31 -0300] "GET /cormun/servlet/trsolicitudot? HTTP/1.1" 200 7166
200.111.191.210 - - [05/Mar/2018:13:06:31 -0300] "GET /cormun/static/gxcfg.js?2017111422585916 HTTP/1.1" 304 -
200.111.191.210 - - [05/Mar/2018:13:06:31 -0300] "GET /cormun/servlet/trsolicitudot? HTTP/1.1" 200 7166
190.151.100.218 - - [05/Mar/2018:13:06:32 -0300] "POST /cormun/servlet/solicitudot?gx-no-cache=1520265944273 HTTP/1.1" 200 30
190.151.100.218 - - [05/Mar/2018:13:06:33 -0300] "POST /cormun/servlet/solicitudot?0a9dc63f52f37604b073583980b07b61,INS,0,0,,gx-no-cache=1520265944340 HTTP/1.1" 200 12219
200.111.191.210 - - [05/Mar/2018:13:06:37 -0300] "GET /cormun/servlet/solicitudot?INS,0,0, HTTP/1.1" 200 13409
200.111.191.210 - - [05/Mar/2018:13:06:38 -0300] "GET /cormun/static/gxcfg.js?201812313224582 HTTP/1.1" 304 -
200.111.191.210 - - [05/Mar/2018:13:06:38 -0300] "GET /cormun/static/solicitudot.js?201812313224831 HTTP/1.1" 304 -
200.111.191.210 - - [05/Mar/2018:13:06:38 -0300] "GET /cormun/servlet/solicitudot?INS,0,0, HTTP/1.1" 200 13414
200.111.191.210 - - [05/Mar/2018:13:06:39 -0300] "GET /cormun/servlet/prfichaempleado?,MD,,gxPopupLevel%3D0%3B HTTP/1.1" 200 9311
200.111.191.210 - - [05/Mar/2018:13:06:40 -0300] "GET /cormun/static/gxcfg.js?20177612134814 HTTP/1.1" 304 -
200.111.191.210 - - [05/Mar/2018:13:06:45 -0300] "POST /cormun/servlet/prfichaempleado?ffca16da4e2bcaf4ce7cf2e958435124,,MD,,gxPopupLevel%3D0%3B,gx-no-cache=1520265957055 HTTP/1.1" 200 4571
200.111.191.210 - - [05/Mar/2018:13:06:51 -0300] "POST /cormun/servlet/solicitudot?gx-no-cache=1520265962531 HTTP/1.1" 200 3397
200.111.191.210 - - [05/Mar/2018:13:06:51 -0300] "POST /cormun/servlet/solicitudot?ffca16da4e2bcaf4ce7cf2e958435124,INS,0,0,,gx-no-cache=1520265963160 HTTP/1.1" 200 10367
190.151.100.218 - - [05/Mar/2018:13:06:52 -0300] "GET /cormun/servlet/prbanco?,MD,,gxPopupLevel%3D0%3B HTTP/1.1" 200 6630
200.111.191.210 - - [05/Mar/2018:13:07:02 -0300] "GET /cormun/servlet/prbanco?,MD,,gxPopupLevel%3D0%3B HTTP/1.1" 200 6592
200.111.191.210 - - [05/Mar/2018:13:07:02 -0300] "GET /cormun/static/gxcfg.js?20181161016094 HTTP/1.1" 304 -
200.111.191.210 - - [05/Mar/2018:13:07:06 -0300] "GET /cormun/servlet/solicitudot?833242f8a416ffcb9e181287cd3d83ae0d09fb84f9d1494048892399c945635433dc85ed9a9bde90e7dd631cb7a25c70,gx-no-cache=1520265977839 HTTP/1.1" 200 30
200.111.191.210 - - [05/Mar/2018:13:07:06 -0300] "GET /cormun/servlet/solicitudot?833242f8a416ffcb9e181287cd3d83ae0f198705bf758c5e1918f41c1b18e4cfa4e680b2ed53a1a2c30f5cd8410bd9ea087183631ae99b65b99621419d99acd4,gx-no-cache=1520265977898 HTTP/1.1" 200 30
186.67.203.186 - - [05/Mar/2018:13:09:45 -0300] "GET /cormun/servlet/hlogin HTTP/1.1" 200 1722
200.111.191.210 - - [05/Mar/2018:13:09:52 -0300] "GET /cormun/servlet/prbanco?,MD,,gxPopupLevel%3D0%3B HTTP/1.1" 200 6592
200.111.191.210 - - [05/Mar/2018:13:09:58 -0300] "GET /cormun/servlet/solicitudot?833242f8a416ffcb9e181287cd3d83ae166d2c1dcd9df56be941e7542c990dca,gx-no-cache=1520266150492 HTTP/1.1" 200 53
186.67.203.186 - - [05/Mar/2018:13:10:03 -0300] "POST /cormun/servlet/hlogin?0a9dc63f52f37604b073583980b07b61,gx-no-cache=1520266155263 HTTP/1.1" 200 90
186.67.203.186 - - [05/Mar/2018:13:10:03 -0300] "GET /cormun/servlet/hpexe_link HTTP/1.1" 200 960
186.67.203.186 - - [05/Mar/2018:13:10:04 -0300] "GET /cormun/servlet/prbanco?,MD, HTTP/1.1" 200 6628
186.67.203.186 - - [05/Mar/2018:13:10:14 -0300] "GET /cormun/servlet/hlogin HTTP/1.1" 200 1741
200.111.191.210 - - [05/Mar/2018:13:10:16 -0300] "POST /cormun/servlet/solicitudot?gx-no-cache=1520266168449 HTTP/1.1" 200 297
200.111.191.210 - - [05/Mar/2018:13:10:16 -0300] "GET /cormun/servlet/solicitudot?833242f8a416ffcb9e181287cd3d83ae80899f5addb7ac5ed6bdef76f3182a7726605bbea0209f4d99b03521bef6d039e51ae6e64a9e559d96eae8f3860b362f63b4e1083f700aa4588f34c80449119be7fe601adc4aeec34b497ff8e84d4a83a64a894e73b99f6fab5311744050736d1a980b77dc908bf5ff8706f717e51cfd9bb51cbe686feda584636c233be885cdb64e7703832df385e327a380d9702c1093c0e0561457126129e7257e588dd4ed3296039f05f4f3c9fb8b484aad79efe9f03e7709a6dd307e8b9f23b5adf059e8fc01c5469822dddd1ba3625e50568b68c111a6a8cd6bf3bdc48c1c1fedf640785f93cad7255740ead0dc165d9d266e3d6e3e425e779d5e78f722fa8a04e040a2fcba363e411252e53f140aff31d9753b74fe0e207586ecb5be4f4738c6b33573732e6a98cfcccff22733b23d84b5ec2e7e54c5094edbe3b2de8c8524faf8c30ad3d70c72a4d320747034a835d98ccdbc88cafcdb52a2dd684a5cacb03d656ecadbfa09b1b3337409a2439c5aa4a4392d88ff717f6aea445a782b6b64b49f778d,gx-no-cache=1520266168479 HTTP/1.1" 200 30
200.111.191.210 - - [05/Mar/2018:13:10:18 -0300] "POST /cormun/servlet/solicitudot?gx-no-cache=1520266170035 HTTP/1.1" 200 30
200.111.191.210 - - [05/Mar/2018:13:10:19 -0300] "POST /cormun/servlet/solicitudot?gx-no-cache=1520266171302 HTTP/1.1" 200 1336
200.111.191.210 - - [05/Mar/2018:13:10:19 -0300] "POST /cormun/servlet/solicitudot?gx-no-cache=1520266171345 HTTP/1.1" 200 38
186.67.203.186 - - [05/Mar/2018:13:10:27 -0300] "POST /cormun/servlet/hlogin?0a9dc63f52f37604b073583980b07b61,gx-no-cache=1520266178623 HTTP/1.1" 200 90
186.67.203.186 - - [05/Mar/2018:13:10:27 -0300] "GET /cormun/servlet/hpexe_link HTTP/1.1" 200 960
186.67.203.186 - - [05/Mar/2018:13:10:27 -0300] "GET /cormun/servlet/prbanco?,MD, HTTP/1.1" 200 6628
200.111.191.210 - - [05/Mar/2018:13:11:44 -0300] "GET /cormun/servlet/solicitudot?833242f8a416ffcb9e181287cd3d83ae28c1541ac65f786a398e1022803665b6d8d25cfbc85c4fda8d76713c1b3571d6facfbf6394d767a5e6aa4af0fa7b7bce7cc61d6af3abfd968afecd040c039f93dbd625ed3c142cf711a094bfd172bb6dc0aca32b9d894255ff6f9d268e2b37fb,gx-no-cache=1520266256371 HTTP/1.1" 200 29
200.111.191.210 - - [05/Mar/2018:13:11:44 -0300] "POST /cormun/servlet/solicitudot?gx-no-cache=1520266256471 HTTP/1.1" 200 1318
200.111.191.210 - - [05/Mar/2018:13:11:44 -0300] "POST /cormun/servlet/solicitudot?gx-no-cache=1520266256516 HTTP/1.1" 200 1218
200.111.191.210 - - [05/Mar/2018:13:13:38 -0300] "GET /cormun/servlet/solicitudot?833242f8a416ffcb9e181287cd3d83ae38381986b96c0281f62dbbcd98417489725c7653591d62b34ea96110913d6e50,gx-no-cache=1520266369640 HTTP/1.1" 200 30
200.111.191.210 - - [05/Mar/2018:13:13:42 -0300] "POST /cormun/servlet/solicitudot?gx-no-cache=1520266374128 HTTP/1.1" 200 30
200.111.191.210 - - [05/Mar/2018:13:13:54 -0300] "POST /cormun/servlet/solicitudot?ffca16da4e2bcaf4ce7cf2e958435124,INS,0,0,,gx-no-cache=1520266386365 HTTP/1.1" 200 93
200.111.191.210 - - [05/Mar/2018:13:13:54 -0300] "GET /cormun/servlet/hpexe_return? HTTP/1.1" 200 1006
200.111.191.210 - - [05/Mar/2018:13:13:55 -0300] "GET /cormun/servlet/trsolicitudot HTTP/1.1" 200 8537
200.111.191.210 - - [05/Mar/2018:13:13:55 -0300] "GET /cormun/servlet/trsolicitudot HTTP/1.1" 200 8533
200.111.191.210 - - [05/Mar/2018:13:13:58 -0300] "POST /cormun/servlet/trsolicitudot?ffca16da4e2bcaf4ce7cf2e958435124,gx-no-cache=1520266390153 HTTP/1.1" 200 4472
200.111.191.210 - - [05/Mar/2018:13:13:58 -0300] "GET /cormun/static/Shared/jqueryui/images/ui-bg_highlight-soft_100_c6c2c8_1x100.png HTTP/1.1" 404 1117
200.111.191.210 - - [05/Mar/2018:13:13:58 -0300] "GET /cormun/static/Shared/jqueryui/images/ui-icons_82798d_256x240.png HTTP/1.1" 404 1089
200.111.191.210 - - [05/Mar/2018:13:13:58 -0300] "GET /cormun/static/Shared/jqueryui/images/ui-bg_flat_55_fafafa_40x100.png HTTP/1.1" 404 1097
200.111.191.210 - - [05/Mar/2018:13:13:58 -0300] "GET /cormun/static/Shared/jqueryui/images/ui-icons_8d78a5_256x240.png HTTP/1.1" 404 1089
200.111.191.210 - - [05/Mar/2018:13:13:58 -0300] "POST /cormun/servlet/trsolicitudot?ffca16da4e2bcaf4ce7cf2e958435124,gx-no-cache=1520266390301 HTTP/1.1" 200 4245
200.111.191.210 - - [05/Mar/2018:13:14:03 -0300] "GET /cormun/servlet/trlicencias? HTTP/1.1" 200 8750
200.111.191.210 - - [05/Mar/2018:13:14:04 -0300] "GET /cormun/servlet/trlicencias? HTTP/1.1" 200 8749
200.111.191.210 - - [05/Mar/2018:13:14:04 -0300] "GET /cormun/servlet/hlogin HTTP/1.1" 200 1737
200.111.191.210 - - [05/Mar/2018:13:14:11 -0300] "POST /cormun/servlet/hlogin?ffca16da4e2bcaf4ce7cf2e958435124,gx-no-cache=1520266403250 HTTP/1.1" 200 90
200.111.191.210 - - [05/Mar/2018:13:14:11 -0300] "GET /cormun/servlet/hpexe_link HTTP/1.1" 200 949
200.111.191.210 - - [05/Mar/2018:13:14:11 -0300] "GET /cormun/servlet/hhome HTTP/1.1" 200 4189
200.111.191.210 - - [05/Mar/2018:13:14:11 -0300] "GET /cormun/servlet/hhome HTTP/1.1" 200 4186
200.111.191.210 - - [05/Mar/2018:13:14:16 -0300] "GET /cormun/servlet/trautorizarsolicitud? HTTP/1.1" 200 8650
200.111.191.210 - - [05/Mar/2018:13:14:16 -0300] "GET /cormun/static/gxcfg.js?2017111423403364 HTTP/1.1" 304 -
200.111.191.210 - - [05/Mar/2018:13:14:16 -0300] "GET /cormun/servlet/trautorizarsolicitud? HTTP/1.1" 200 8648
200.111.191.210 - - [05/Mar/2018:13:14:28 -0300] "POST /cormun/servlet/trautorizarsolicitud?ffca16da4e2bcaf4ce7cf2e958435124,,gx-no-cache=1520266420377 HTTP/1.1" 200 4600
200.111.191.210 - - [05/Mar/2018:13:14:28 -0300] "GET /cormun/static/Shared/jqueryui/images/ui-bg_highlight-soft_100_c6c2c8_1x100.png HTTP/1.1" 404 1117
200.111.191.210 - - [05/Mar/2018:13:14:28 -0300] "GET /cormun/static/Shared/jqueryui/images/ui-bg_flat_55_fafafa_40x100.png HTTP/1.1" 404 1097
200.111.191.210 - - [05/Mar/2018:13:14:28 -0300] "GET /cormun/static/Shared/jqueryui/images/ui-icons_82798d_256x240.png HTTP/1.1" 404 1089
200.111.191.210 - - [05/Mar/2018:13:14:28 -0300] "GET /cormun/static/Shared/jqueryui/images/ui-icons_8d78a5_256x240.png HTTP/1.1" 404 1089
200.111.191.210 - - [05/Mar/2018:13:14:29 -0300] "POST /cormun/servlet/trautorizarsolicitud?ffca16da4e2bcaf4ce7cf2e958435124,,gx-no-cache=1520266420519 HTTP/1.1" 200 4373
186.67.203.186 - - [05/Mar/2018:13:21:39 -0300] "GET /cormun/servlet/hlogin HTTP/1.1" 200 1717
192.168.10.61 - - [05/Mar/2018:13:23:32 -0300] "GET /cormun/servlet/hlogin HTTP/1.1" 200 1730
192.168.10.61 - - [05/Mar/2018:13:23:32 -0300] "GET /cormun/static/gxtimezone.js?85251 HTTP/1.1" 200 5781
192.168.10.61 - - [05/Mar/2018:13:23:32 -0300] "GET /cormun/static/gxcfg.js?20175251213516 HTTP/1.1" 200 953
192.168.10.61 - - [05/Mar/2018:13:23:32 -0300] "GET /cormun/static/Resources/Spanish/PXTools.css?11423723 HTTP/1.1" 200 89042
192.168.10.61 - - [05/Mar/2018:13:23:32 -0300] "GET /cormun/static/gxgral.js?85251 HTTP/1.1" 200 384558
192.168.10.61 - - [05/Mar/2018:13:23:32 -0300] "GET /cormun/static/messages.spa.js?85251 HTTP/1.1" 200 30736
192.168.10.61 - - [05/Mar/2018:13:23:32 -0300] "GET /cormun/static/hlogin.js?20175251213537 HTTP/1.1" 200 2136
192.168.10.61 - - [05/Mar/2018:13:23:32 -0300] "GET /cormun/static/Resources/ComunLogin.png HTTP/1.1" 200 17326
192.168.10.61 - - [05/Mar/2018:13:23:32 -0300] "GET /cormun/static/Resources/PXToolsLoginBackground.png HTTP/1.1" 200 1164
192.168.10.61 - - [05/Mar/2018:13:23:32 -0300] "GET /cormun/static/Resources/PXToolsButtonLeft21.png HTTP/1.1" 200 1287
192.168.10.61 - - [05/Mar/2018:13:23:32 -0300] "GET /cormun/static/Resources/PXToolsButtonRight21.png HTTP/1.1" 200 1283
192.168.10.61 - - [05/Mar/2018:13:23:32 -0300] "GET /cormun/static/Resources/PXToolsLoginTop.png HTTP/1.1" 200 1337
192.168.10.61 - - [05/Mar/2018:13:23:32 -0300] "GET /cormun/static/Resources/PXToolsLoginBottom.png HTTP/1.1" 200 1389
192.168.10.61 - - [05/Mar/2018:13:23:32 -0300] "GET /cormun/static/Resources/PXToolsButtonBackground2.png HTTP/1.1" 200 1181
192.168.10.61 - - [05/Mar/2018:13:23:32 -0300] "GET /cormun/static/Resources/indicator.gif HTTP/1.1" 200 1553
192.168.10.61 - - [05/Mar/2018:13:23:32 -0300] "GET /cormun/servlet/hlogin HTTP/1.1" 200 1733
192.168.10.61 - - [05/Mar/2018:13:23:33 -0300] "GET /favicon.ico HTTP/1.1" 200 21630
192.168.10.61 - - [05/Mar/2018:13:23:54 -0300] "POST /cormun/servlet/hlogin?df401a543479f0959c437f1e99c7ed8b,gx-no-cache=1520266873984 HTTP/1.1" 200 90
192.168.10.61 - - [05/Mar/2018:13:23:54 -0300] "GET /cormun/servlet/hpexe_link HTTP/1.1" 200 953
192.168.10.61 - - [05/Mar/2018:13:23:54 -0300] "GET /cormun/static/gxcfg.js?20177612121792 HTTP/1.1" 200 953
192.168.10.61 - - [05/Mar/2018:13:23:54 -0300] "GET /cormun/static/hpexe_link.js?20177612121795 HTTP/1.1" 200 625
192.168.10.61 - - [05/Mar/2018:13:23:54 -0300] "GET /cormun/static/Resources/Spanish/PXTools.css?1155365 HTTP/1.1" 200 89042
192.168.10.61 - - [05/Mar/2018:13:23:54 -0300] "GET /cormun/servlet/hhome HTTP/1.1" 200 4430
192.168.10.61 - - [05/Mar/2018:13:23:54 -0300] "GET /cormun/static/SmoothNavMenu/resources/ddsmoothmenu.css?1012540 HTTP/1.1" 200 2223
192.168.10.61 - - [05/Mar/2018:13:23:54 -0300] "GET /cormun/static/SmoothNavMenu/resources/ddsmoothmenu-v.css?1012540 HTTP/1.1" 200 1188
192.168.10.61 - - [05/Mar/2018:13:23:54 -0300] "GET /cormun/static/scaMessage/css/jquery.pnotify.default.css?1716380 HTTP/1.1" 200 1707
192.168.10.61 - - [05/Mar/2018:13:23:54 -0300] "GET /cormun/static/gxcfg.js?20175251212442 HTTP/1.1" 200 953
192.168.10.61 - - [05/Mar/2018:13:23:54 -0300] "GET /cormun/static/PXToolsJavascripts/pexe_autoreload.js HTTP/1.1" 200 1762
192.168.10.61 - - [05/Mar/2018:13:23:54 -0300] "GET /cormun/static/PXToolsJavascripts/pexe_cookies.js HTTP/1.1" 200 792
192.168.10.61 - - [05/Mar/2018:13:23:54 -0300] "GET /cormun/static/PXToolsJavascripts/pexe_windows.js HTTP/1.1" 200 15207
192.168.10.61 - - [05/Mar/2018:13:23:54 -0300] "GET /cormun/static/PXToolsJavascripts/pexe_grid.js HTTP/1.1" 200 7559
192.168.10.61 - - [05/Mar/2018:13:23:54 -0300] "GET /cormun/static/PXToolsJavascripts/pexe_griddivfix.js HTTP/1.1" 200 6644
192.168.10.61 - - [05/Mar/2018:13:23:54 -0300] "GET /cormun/static/PXToolsJavascripts/pexe_link.js HTTP/1.1" 200 5671
192.168.10.61 - - [05/Mar/2018:13:23:54 -0300] "GET /cormun/static/PXToolsJavascripts/pexe_menudivfix.js HTTP/1.1" 200 333
192.168.10.61 - - [05/Mar/2018:13:23:54 -0300] "GET /cormun/static/PXToolsJavascripts/pexe_menus.js HTTP/1.1" 200 1286
192.168.10.61 - - [05/Mar/2018:13:23:54 -0300] "GET /cormun/static/PXToolsJavascripts/pexe_layers.js HTTP/1.1" 200 4114
192.168.10.61 - - [05/Mar/2018:13:23:54 -0300] "GET /cormun/static/PXToolsJavascripts/pexe_oavdivfix.js HTTP/1.1" 200 639
192.168.10.61 - - [05/Mar/2018:13:23:54 -0300] "GET /cormun/static/PXToolsJavascripts/pexe_oav.js HTTP/1.1" 200 645
192.168.10.61 - - [05/Mar/2018:13:23:54 -0300] "GET /cormun/static/PXToolsJavascripts/pexe_picture.js HTTP/1.1" 200 689
192.168.10.61 - - [05/Mar/2018:13:23:54 -0300] "GET /cormun/static/PXToolsJavascripts/pexe_popup.js HTTP/1.1" 200 13458
192.168.10.61 - - [05/Mar/2018:13:23:54 -0300] "GET /cormun/static/PXToolsJavascripts/pexe_scrolldiv.js HTTP/1.1" 200 4138
192.168.10.61 - - [05/Mar/2018:13:23:54 -0300] "GET /cormun/static/PXToolsJavascripts/pexe_tabdivfix.js HTTP/1.1" 200 876
192.168.10.61 - - [05/Mar/2018:13:23:54 -0300] "GET /cormun/static/PXToolsJavascripts/pexe_tabs.js HTTP/1.1" 200 3748
192.168.10.61 - - [05/Mar/2018:13:23:54 -0300] "GET /cormun/static/Shared/jqueryui/jquery-ui.min.css?1245370 HTTP/1.1" 200 30288
192.168.10.61 - - [05/Mar/2018:13:23:54 -0300] "GET /cormun/static/PXToolsJavascripts/pexe_upload.js HTTP/1.1" 200 1423
192.168.10.61 - - [05/Mar/2018:13:23:54 -0300] "GET /cormun/static/PXToolsJavascripts/PXToolsJavascriptsRender.js HTTP/1.1" 200 367
192.168.10.61 - - [05/Mar/2018:13:23:54 -0300] "GET /cormun/static/RunJS/RunJS.js HTTP/1.1" 200 288
192.168.10.61 - - [05/Mar/2018:13:23:54 -0300] "GET /cormun/static/Shared/ext/locale/ext-lang-en.js HTTP/1.1" 200 10940
192.168.10.61 - - [05/Mar/2018:13:23:54 -0300] "GET /cormun/static/hwchdr01.js?201752511465785 HTTP/1.1" 200 1183
192.168.10.61 - - [05/Mar/2018:13:23:54 -0300] "GET /cormun/static/hpexe_recentlink.js?20177611595044 HTTP/1.1" 200 2144
192.168.10.61 - - [05/Mar/2018:13:23:54 -0300] "GET /cormun/static/hhome.js?20175251212450 HTTP/1.1" 200 777
192.168.10.61 - - [05/Mar/2018:13:23:54 -0300] "GET /cormun/static/hpexe_scripts.js?201752511465715 HTTP/1.1" 200 1544
192.168.10.61 - - [05/Mar/2018:13:23:54 -0300] "GET /cormun/static/hpexe_messagecontroller.js?20177611595012 HTTP/1.1" 200 870
192.168.10.61 - - [05/Mar/2018:13:23:54 -0300] "GET /cormun/static/hpexe_messagepopupcomponent.js?20161017169425 HTTP/1.1" 200 605
192.168.10.61 - - [05/Mar/2018:13:23:54 -0300] "GET /cormun/static/hpexe_messagegenexuscomponent.js?201752511465344 HTTP/1.1" 200 587
192.168.10.61 - - [05/Mar/2018:13:23:54 -0300] "GET /cormun/static/gxui/gxui-all.js HTTP/1.1" 200 107772
192.168.10.61 - - [05/Mar/2018:13:23:54 -0300] "GET /cormun/static/cmcontrolpreferences.js?201752511465670 HTTP/1.1" 200 1375
192.168.10.61 - - [05/Mar/2018:13:23:54 -0300] "GET /cormun/static/SmoothNavMenu/resources/ddsmoothmenu.js HTTP/1.1" 200 12712
192.168.10.61 - - [05/Mar/2018:13:23:54 -0300] "GET /cormun/static/Shared/jquery/jquery-1.4.2.min.js HTTP/1.1" 200 72174
192.168.10.61 - - [05/Mar/2018:13:23:54 -0300] "GET /cormun/static/Resources/PXToolsDataTitle.png HTTP/1.1" 200 1173
192.168.10.61 - - [05/Mar/2018:13:23:54 -0300] "GET /cormun/static/Resources/PXToolsFooterBackground2.png HTTP/1.1" 200 1172
192.168.10.61 - - [05/Mar/2018:13:23:54 -0300] "GET /cormun/static/Resources/PXToolsHeaderBackground2.png HTTP/1.1" 200 1174
192.168.10.61 - - [05/Mar/2018:13:23:54 -0300] "GET /cormun/static/Shared/jqueryui/jquery-ui.min.js HTTP/1.1" 200 240427
192.168.10.61 - - [05/Mar/2018:13:23:54 -0300] "GET /cormun/static/Shared/jquery/jquery-1.10.2.min.js HTTP/1.1" 200 273199
192.168.10.61 - - [05/Mar/2018:13:23:54 -0300] "GET /cormun/static/Resources/PXToolsHeaderActionsBackground.png HTTP/1.1" 200 484
192.168.10.61 - - [05/Mar/2018:13:23:54 -0300] "GET /cormun/static/Resources/logo4.png HTTP/1.1" 200 6582
192.168.10.61 - - [05/Mar/2018:13:23:54 -0300] "GET /cormun/static/Resources/PXToolsHeaderLogin.png HTTP/1.1" 200 4279
192.168.10.61 - - [05/Mar/2018:13:23:54 -0300] "GET /cormun/static/Resources/PXToolsHeaderActionsRight.png HTTP/1.1" 200 1201
192.168.10.61 - - [05/Mar/2018:13:23:54 -0300] "GET /cormun/static/Shared/ext/ext-all.js HTTP/1.1" 200 1289687
192.168.10.61 - - [05/Mar/2018:13:23:54 -0300] "GET /cormun/static/Resources/PXToolsHeaderActionsLeft.png HTTP/1.1" 200 1118
192.168.10.61 - - [05/Mar/2018:13:23:54 -0300] "GET /cormun/static/Resources/PXToolsHeaderSecurity.png HTTP/1.1" 200 4166
192.168.10.61 - - [05/Mar/2018:13:23:54 -0300] "GET /cormun/static/Resources/PXToolsHeaderHome.png HTTP/1.1" 200 4147
192.168.10.61 - - [05/Mar/2018:13:23:54 -0300] "GET /cormun/static/Resources/PXToolsHeaderPreferences.png HTTP/1.1" 200 4189
192.168.10.61 - - [05/Mar/2018:13:23:54 -0300] "GET /cormun/static/SmoothNavMenu/resources/SmoothNavMenuRender.js HTTP/1.1" 200 5951
192.168.10.61 - - [05/Mar/2018:13:23:54 -0300] "GET /cormun/static/scaMessage/js/jquery.pnotify.min.js HTTP/1.1" 200 13038
192.168.10.61 - - [05/Mar/2018:13:23:55 -0300] "GET /cormun/static/scaMessage/scaMessageRender.js HTTP/1.1" 200 11977
192.168.10.61 - - [05/Mar/2018:13:23:55 -0300] "GET /cormun/static/hmpwkw03.js?20177612122668 HTTP/1.1" 200 3965
