190.161.236.41 - - [05/Mar/2018:10:09:53 -0300] "GET /cormun/servlet/licenciaspermisos?491461af3608639c222d7f9539937d9a144e09cccc3704fe3c82e441954d882c98154baeda5287a23ccef226eb6a5800e60580119c1c8feb8daabd4cf05ea9fcb6cc456e8a48ef4ed4797bf2a15e01f1e19771671be684ecf7ab198664cd5a25f6cbe19e1eb583aec6e8c3a7b3c71b96e136dd48fc7919ca67bfd85f0c3266d5c35a61a5c1b8ed8234e9e5a7b335fc662a8eb276278dd449c4a05e5a459e23c7bc7562d5f19a2caf2defebbd8b87b072,gx-no-cache=1520255344423 HTTP/1.1" 200 30
190.161.236.41 - - [05/Mar/2018:10:09:53 -0300] "GET /cormun/servlet/licenciaspermisos?491461af3608639c222d7f9539937d9a4380aea368d199dd417a5d337abcc99f317239b263d04ace5010b2f1281b8ffaca907ee09eb430d612902fdd069a0b0dc1556964432ec78af9e37ca704cfcd89388ed88067bb865e9cd5b1d9d6a8fccea8d2dcefdf0801d99c0d41f5cbcfecd3207b58a9b9c8b17241ad7da0e1fb3d9ec2cd3746f7d856ad693974b0dc079f42a5ee260775a89783cc2087e588a2cd8617908e02104035a439fa1e9a957d7c0b,gx-no-cache=1520255344449 HTTP/1.1" 200 29
190.161.236.41 - - [05/Mar/2018:10:09:53 -0300] "POST /cormun/servlet/licenciaspermisos?354e5d5a6ddfe190c8873505020ee056,INS,0,,,,gx-no-cache=1520255344491 HTTP/1.1" 200 93
190.161.236.41 - - [05/Mar/2018:10:09:53 -0300] "GET /cormun/servlet/hpexe_return? HTTP/1.1" 200 1008
190.161.236.41 - - [05/Mar/2018:10:09:53 -0300] "GET /cormun/static/gxcfg.js?2016101716175148 HTTP/1.1" 304 -
190.161.236.41 - - [05/Mar/2018:10:09:53 -0300] "GET /cormun/servlet/trlicencias HTTP/1.1" 200 9034
190.161.236.41 - - [05/Mar/2018:10:09:54 -0300] "GET /cormun/servlet/trlicencias HTTP/1.1" 200 9029
192.168.10.89 - - [05/Mar/2018:10:10:08 -0300] "POST /cormun/servlet/vesolicitudgral?82a5d372e7df397d62e7f4de7527a758,2018,8721,,SolicitudOTAdjuntos,gx-no-cache=1520255247640 HTTP/1.1" 200 90
192.168.10.89 - - [05/Mar/2018:10:10:08 -0300] "GET /cormun/servlet/hpexe_link HTTP/1.1" 200 978
192.168.10.89 - - [05/Mar/2018:10:10:08 -0300] "GET /cormun/servlet/trsolicitudgral HTTP/1.1" 200 10755
200.111.122.170 - - [05/Mar/2018:10:10:13 -0300] "POST /cormun/servlet/solicitudot?92c21b8850daebe410845a6029066c7c,INS,0,0,,gx-no-cache=1520255363793 HTTP/1.1" 200 93
200.111.122.170 - - [05/Mar/2018:10:10:13 -0300] "GET /cormun/servlet/hpexe_return? HTTP/1.1" 200 1010
200.111.122.170 - - [05/Mar/2018:10:10:14 -0300] "GET /cormun/servlet/trsolicitudot HTTP/1.1" 200 8800
200.111.122.170 - - [05/Mar/2018:10:10:15 -0300] "GET /cormun/servlet/trsolicitudot HTTP/1.1" 200 8797
200.111.122.170 - - [05/Mar/2018:10:10:38 -0300] "POST /cormun/servlet/trsolicitudot?92c21b8850daebe410845a6029066c7c,gx-no-cache=1520255387090 HTTP/1.1" 200 4688
200.111.122.170 - - [05/Mar/2018:10:10:39 -0300] "GET /cormun/static/Shared/jqueryui/images/ui-bg_highlight-soft_100_c6c2c8_1x100.png HTTP/1.1" 404 1117
200.111.122.170 - - [05/Mar/2018:10:10:39 -0300] "GET /cormun/static/Shared/jqueryui/images/ui-icons_8d78a5_256x240.png HTTP/1.1" 404 1089
190.151.100.218 - - [05/Mar/2018:10:10:40 -0300] "GET /cormun/static/Shared/jqueryui/images/ui-bg_flat_55_fafafa_40x100.png HTTP/1.1" 404 1097
186.103.161.206 - - [05/Mar/2018:10:10:40 -0300] "GET /cormun/static/Shared/jqueryui/images/ui-icons_82798d_256x240.png HTTP/1.1" 404 1089
186.103.161.206 - - [05/Mar/2018:10:10:41 -0300] "POST /cormun/servlet/trsolicitudot?92c21b8850daebe410845a6029066c7c,gx-no-cache=1520255391836 HTTP/1.1" 200 4455
186.103.159.189 - - [05/Mar/2018:10:10:49 -0300] "GET /cormun/servlet/hlogin HTTP/1.1" 200 1722
186.103.159.189 - - [05/Mar/2018:10:11:07 -0300] "POST /cormun/servlet/hlogin?94c54064f09bec7f8ac0f832ca1ba23a,gx-no-cache=1520259017988 HTTP/1.1" 200 90
186.103.159.189 - - [05/Mar/2018:10:11:08 -0300] "GET /cormun/servlet/hpexe_link HTTP/1.1" 200 951
186.103.159.189 - - [05/Mar/2018:10:11:08 -0300] "GET /cormun/servlet/hhome HTTP/1.1" 200 3970
186.103.159.189 - - [05/Mar/2018:10:11:11 -0300] "GET /cormun/servlet/hhome HTTP/1.1" 200 3967
186.103.159.188 - - [05/Mar/2018:10:11:40 -0300] "GET /cormun/servlet/trlicenciaspermisosadjuntos?14035502,20180305000000,L, HTTP/1.1" 200 6288
186.103.159.188 - - [05/Mar/2018:10:11:40 -0300] "GET /cormun/static/gxcfg.js?20177612163414 HTTP/1.1" 200 953
186.103.159.188 - - [05/Mar/2018:10:11:40 -0300] "GET /cormun/static/trlicenciaspermisosadjuntos.js?20177612163719 HTTP/1.1" 200 21036
186.103.159.188 - - [05/Mar/2018:10:11:40 -0300] "GET /cormun/servlet/trlicenciaspermisosadjuntos?14035502,20180305000000,L, HTTP/1.1" 200 6289
186.103.159.188 - - [05/Mar/2018:10:11:43 -0300] "GET /cormun/servlet/licenciaspermisosadjuntos?INS,14035502,L,20180305000000,, HTTP/1.1" 200 5586
186.103.159.188 - - [05/Mar/2018:10:11:43 -0300] "GET /cormun/static/gxcfg.js?2017761263592 HTTP/1.1" 200 953
190.161.236.41 - - [05/Mar/2018:10:11:43 -0300] "GET /cormun/static/licenciaspermisosadjuntos.js?201776126362 HTTP/1.1" 200 8760
190.161.236.41 - - [05/Mar/2018:10:11:43 -0300] "GET /cormun/static/about:blank HTTP/1.1" 404 1011
190.161.236.41 - - [05/Mar/2018:10:11:43 -0300] "GET /cormun/servlet/licenciaspermisosadjuntos?INS,14035502,L,20180305000000,, HTTP/1.1" 200 5576
186.103.159.230 - - [05/Mar/2018:10:11:53 -0300] "GET /cormun/servlet/trsolicitudot? HTTP/1.1" 200 6381
186.103.159.230 - - [05/Mar/2018:10:11:53 -0300] "GET /cormun/static/gxcfg.js?2017111422585916 HTTP/1.1" 304 -
186.103.159.230 - - [05/Mar/2018:10:11:53 -0300] "GET /cormun/static/calendar-setup.js?85251 HTTP/1.1" 304 -
186.103.159.230 - - [05/Mar/2018:10:11:53 -0300] "GET /cormun/static/calendar.js?85251 HTTP/1.1" 304 -
186.103.159.230 - - [05/Mar/2018:10:11:53 -0300] "GET /cormun/static/calendar-es.js?85251 HTTP/1.1" 304 -
186.103.159.230 - - [05/Mar/2018:10:11:53 -0300] "GET /cormun/static/gxdec.js?85251 HTTP/1.1" 304 -
186.103.159.230 - - [05/Mar/2018:10:11:53 -0300] "GET /cormun/servlet/hlogin HTTP/1.1" 200 1736
186.103.159.230 - - [05/Mar/2018:10:11:53 -0300] "GET /cormun/servlet/trsolicitudot? HTTP/1.1" 200 6380
186.103.159.188 - - [05/Mar/2018:10:12:00 -0300] "POST /cormun/servlet/licenciaspermisosadjuntos?354e5d5a6ddfe190c8873505020ee056,INS,14035502,L,20180305000000,, HTTP/1.1" 200 116
186.103.159.188 - - [05/Mar/2018:10:12:00 -0300] "GET /cormun/servlet/hpexe_return? HTTP/1.1" 200 1039
186.103.159.188 - - [05/Mar/2018:10:12:00 -0300] "GET /cormun/servlet/trlicenciaspermisosadjuntos?14035502,20180305000000,L, HTTP/1.1" 200 6762
186.103.159.188 - - [05/Mar/2018:10:12:00 -0300] "GET /cormun/servlet/trlicenciaspermisosadjuntos?14035502,20180305000000,L, HTTP/1.1" 200 6758
186.103.159.188 - - [05/Mar/2018:10:12:06 -0300] "GET /cormun/servlet/trlicencias? HTTP/1.1" 200 9030
186.103.159.188 - - [05/Mar/2018:10:12:07 -0300] "GET /cormun/servlet/trlicencias? HTTP/1.1" 200 9029
186.103.159.43 - - [05/Mar/2018:10:12:09 -0300] "GET /cormun/servlet/hlogin HTTP/1.1" 200 1725
186.103.159.188 - - [05/Mar/2018:10:12:10 -0300] "GET /cormun/servlet/alicenciaprn?14035502,L,20180305000000,PU HTTP/1.1" 200 1532
186.103.159.43 - - [05/Mar/2018:10:12:11 -0300] "GET /cormun/static/gxtimezone.js?85251 HTTP/1.1" 304 -
186.103.159.43 - - [05/Mar/2018:10:12:11 -0300] "GET /cormun/static/gxcfg.js?20175251213516 HTTP/1.1" 304 -
186.103.159.43 - - [05/Mar/2018:10:12:11 -0300] "GET /cormun/static/messages.spa.js?85251 HTTP/1.1" 304 -
186.103.159.43 - - [05/Mar/2018:10:12:11 -0300] "GET /cormun/servlet/hlogin HTTP/1.1" 200 1725
186.103.159.189 - - [05/Mar/2018:10:12:11 -0300] "GET /cormun/servlet/trvisualizadoreventos? HTTP/1.1" 200 6697
186.103.159.189 - - [05/Mar/2018:10:12:12 -0300] "GET /cormun/static/gxcfg.js?20175251251426 HTTP/1.1" 304 -
186.103.159.43 - - [05/Mar/2018:10:12:13 -0300] "POST /cormun/servlet/hlogin?d9696a537a680e15e457f9ce44eaba75,gx-no-cache=1520255484980 HTTP/1.1" 200 90
186.103.159.43 - - [05/Mar/2018:10:12:13 -0300] "GET /cormun/servlet/hpexe_link HTTP/1.1" 200 955
186.103.159.43 - - [05/Mar/2018:10:12:13 -0300] "GET /cormun/static/gxcfg.js?20177612121792 HTTP/1.1" 304 -
186.103.159.43 - - [05/Mar/2018:10:12:13 -0300] "GET /cormun/servlet/hhome HTTP/1.1" 200 3931
186.103.159.43 - - [05/Mar/2018:10:12:14 -0300] "GET /cormun/static/gxcfg.js?20175251212442 HTTP/1.1" 304 -
186.103.159.43 - - [05/Mar/2018:10:12:14 -0300] "GET /cormun/static/PXToolsJavascripts/pexe_tabdivfix.js HTTP/1.1" 200 876
186.103.159.189 - - [05/Mar/2018:10:12:14 -0300] "GET /cormun/servlet/trvisualizadoreventos? HTTP/1.1" 200 6697
186.103.159.43 - - [05/Mar/2018:10:12:14 -0300] "GET /cormun/servlet/hhome HTTP/1.1" 200 3928
186.103.159.189 - - [05/Mar/2018:10:12:18 -0300] "GET /cormun/servlet/trcontratoobservacion? HTTP/1.1" 200 8388
186.103.159.189 - - [05/Mar/2018:10:12:18 -0300] "GET /cormun/static/gxcfg.js?2017525126861 HTTP/1.1" 200 953
186.103.159.189 - - [05/Mar/2018:10:12:18 -0300] "GET /cormun/static/trcontratoobservacion.js?20175251261223 HTTP/1.1" 200 25148
186.103.159.43 - - [05/Mar/2018:10:12:18 -0300] "GET /cormun/servlet/trsolicitudot? HTTP/1.1" 200 7143
186.103.159.43 - - [05/Mar/2018:10:12:18 -0300] "GET /cormun/static/gxcfg.js?2017111422585916 HTTP/1.1" 304 -
186.103.159.43 - - [05/Mar/2018:10:12:18 -0300] "GET /cormun/static/calendar.js?85251 HTTP/1.1" 304 -
186.103.159.43 - - [05/Mar/2018:10:12:18 -0300] "GET /cormun/static/calendar-es.js?85251 HTTP/1.1" 304 -
186.103.159.43 - - [05/Mar/2018:10:12:18 -0300] "GET /cormun/static/calendar-setup.js?85251 HTTP/1.1" 304 -
186.103.159.43 - - [05/Mar/2018:10:12:19 -0300] "GET /cormun/static/gxdec.js?85251 HTTP/1.1" 304 -
186.103.159.43 - - [05/Mar/2018:10:12:19 -0300] "GET /cormun/servlet/trsolicitudot? HTTP/1.1" 200 7142
186.103.159.189 - - [05/Mar/2018:10:12:20 -0300] "GET /cormun/servlet/trcontratoobservacion? HTTP/1.1" 200 8388
186.103.159.43 - - [05/Mar/2018:10:12:28 -0300] "GET /cormun/servlet/solicitudot?INS,0,0, HTTP/1.1" 200 13392
186.103.159.43 - - [05/Mar/2018:10:12:28 -0300] "GET /cormun/static/gxcfg.js?201812313224582 HTTP/1.1" 304 -
186.103.159.43 - - [05/Mar/2018:10:12:28 -0300] "GET /cormun/static/solicitudot.js?201812313224831 HTTP/1.1" 304 -
186.103.159.43 - - [05/Mar/2018:10:12:29 -0300] "GET /cormun/servlet/solicitudot?INS,0,0, HTTP/1.1" 200 13397
186.103.159.230 - - [05/Mar/2018:10:12:29 -0300] "POST /cormun/servlet/hlogin?ae1034e0373f68a42931bee72b14ec91,gx-no-cache=1520255500887 HTTP/1.1" 200 452
186.103.159.230 - - [05/Mar/2018:10:12:36 -0300] "POST /cormun/servlet/hlogin?ae1034e0373f68a42931bee72b14ec91,gx-no-cache=1520255508019 HTTP/1.1" 200 90
186.103.159.230 - - [05/Mar/2018:10:12:36 -0300] "GET /cormun/servlet/hpexe_link HTTP/1.1" 200 954
186.103.159.230 - - [05/Mar/2018:10:12:37 -0300] "GET /cormun/servlet/trsolicitudot HTTP/1.1" 200 7188
186.103.159.230 - - [05/Mar/2018:10:12:37 -0300] "GET /cormun/servlet/trsolicitudot HTTP/1.1" 200 7187
186.103.159.230 - - [05/Mar/2018:10:12:41 -0300] "GET /cormun/servlet/solicitudot?INS,0,0, HTTP/1.1" 200 13599
186.103.159.230 - - [05/Mar/2018:10:12:41 -0300] "GET /cormun/static/gxcfg.js?201812313224582 HTTP/1.1" 304 -
186.103.159.230 - - [05/Mar/2018:10:12:41 -0300] "GET /cormun/servlet/solicitudot?INS,0,0, HTTP/1.1" 200 13604
186.103.156.24 - - [05/Mar/2018:10:12:45 -0300] "POST /cormun/servlet/solicitudot?gx-no-cache=1520255516473 HTTP/1.1" 200 3390
186.103.156.24 - - [05/Mar/2018:10:12:46 -0300] "POST /cormun/servlet/solicitudot?28b044777fcf615f010edc30d065d001,INS,0,0,,gx-no-cache=1520255516648 HTTP/1.1" 200 10509
186.103.156.24 - - [05/Mar/2018:10:12:59 -0300] "GET /cormun/servlet/solicitudot?1026af293ffe88d5ec0ec1b647983e5dc1686a3faa0257393083fdc7714fcaa9878368ae95828d0c05733b24c2ca4b42,gx-no-cache=1520255529412 HTTP/1.1" 200 30
186.103.156.24 - - [05/Mar/2018:10:12:59 -0300] "GET /cormun/servlet/solicitudot?1026af293ffe88d5ec0ec1b647983e5ddd0ef623a1c9eca2b148904d0373788dfcd48ea99896a6092cba55425fcf5cff,gx-no-cache=1520255529833 HTTP/1.1" 200 103
186.103.156.24 - - [05/Mar/2018:10:12:59 -0300] "GET /cormun/static/Shared/jqueryui/images/ui-bg_highlight-soft_100_c6c2c8_1x100.png HTTP/1.1" 404 1117
186.103.156.24 - - [05/Mar/2018:10:12:59 -0300] "GET /cormun/static/Shared/jqueryui/images/ui-icons_82798d_256x240.png HTTP/1.1" 404 1089
186.103.156.24 - - [05/Mar/2018:10:12:59 -0300] "GET /cormun/static/Shared/jqueryui/images/ui-bg_flat_55_994d53_40x100.png HTTP/1.1" 404 1097
186.103.156.24 - - [05/Mar/2018:10:12:59 -0300] "GET /cormun/static/Shared/jqueryui/images/ui-icons_ebccce_256x240.png HTTP/1.1" 404 1089
186.103.156.24 - - [05/Mar/2018:10:12:59 -0300] "GET /cormun/servlet/solicitudot?1026af293ffe88d5ec0ec1b647983e5d279dc15215e889ad02491e1400bba31b,gx-no-cache=1520255529909 HTTP/1.1" 200 53
186.103.156.24 - - [05/Mar/2018:10:12:59 -0300] "POST /cormun/servlet/solicitudot?gx-no-cache=1520255529966 HTTP/1.1" 200 240
186.103.156.24 - - [05/Mar/2018:10:12:59 -0300] "GET /cormun/servlet/solicitudot?1026af293ffe88d5ec0ec1b647983e5d091ebd4872a7920cd5fcd18795cbd286d9b78f9a405992d9509eef1109a45fcc9f8328cacfeee84cb1241130f6ebdb1d16c241ce370a3a33674a72ae66bd17a80b88090c9b2a7ebcb1c947a6c30f2dcc18ef86abaf4433c21f3656e5fad526b596a7b1a279a45b4f831b42a6328a85e892ca8a616bd410a5e36cc0c57e76e86fc75f2108ba75dd4b6df4cce98dda28d89a4c719e4ce26629be334cd43c899ce619ec5f0192d4973cad6513693dd283d68cc0ad1fb221fb88fa215f393500ffb019d0e8747d34ddc14f77887cf3d1fd26da237878e3a41205bdf2aafddcd487d255bee7964ea2326bf015fdb82a8e5450f51226cd85f3f1fb02ee19ef86d9ef37e551daed9322d25993309efa74fc187cd61b69585c675a18e2c6abff78ea8ac3e8e14751471950e7c4578532a69c4041d34ee87fac76dc2057e1d72d58d6e937039a086faf1e5283ae57500944cec55bc44aa71d74ac16c1affbf07ecc8fe118608f0912b2c51abe29a1e57943ecc093,gx-no-cache=1520255530011 HTTP/1.1" 200 30
186.103.159.43 - - [05/Mar/2018:10:13:02 -0300] "POST /cormun/servlet/solicitudot?gx-no-cache=1520255533650 HTTP/1.1" 200 3415
186.103.159.43 - - [05/Mar/2018:10:13:02 -0300] "POST /cormun/servlet/solicitudot?d9696a537a680e15e457f9ce44eaba75,INS,0,0,,gx-no-cache=1520255534046 HTTP/1.1" 200 10397
186.103.156.24 - - [05/Mar/2018:10:13:02 -0300] "POST /cormun/servlet/solicitudot?gx-no-cache=1520255533397 HTTP/1.1" 200 30
186.103.156.24 - - [05/Mar/2018:10:13:04 -0300] "POST /cormun/servlet/solicitudot?gx-no-cache=1520255535516 HTTP/1.1" 200 1336
186.103.156.24 - - [05/Mar/2018:10:13:04 -0300] "POST /cormun/servlet/solicitudot?gx-no-cache=1520255535579 HTTP/1.1" 200 38
186.103.159.230 - - [05/Mar/2018:10:13:09 -0300] "POST /cormun/servlet/solicitudot?gx-no-cache=1520255539947 HTTP/1.1" 200 3408
186.103.159.230 - - [05/Mar/2018:10:13:09 -0300] "POST /cormun/servlet/solicitudot?ae1034e0373f68a42931bee72b14ec91,INS,0,0,,gx-no-cache=1520255540308 HTTP/1.1" 200 10569
186.103.159.43 - - [05/Mar/2018:10:13:11 -0300] "GET /cormun/servlet/solicitudot?d3bfc98fc142780638f93dc21993fe1635d3d3822d57d74804aabdf66e08f55f919ebb02baf978da5703382d8024a08d,gx-no-cache=1520255542653 HTTP/1.1" 200 30
186.103.159.43 - - [05/Mar/2018:10:13:11 -0300] "GET /cormun/servlet/solicitudot?d3bfc98fc142780638f93dc21993fe1697f23c0c12ba037f63205c2863fa44d5ed54e8cad2c630595a676971cd4a273329a6cdd3b7e04143fabbc68b66c601fb,gx-no-cache=1520255542761 HTTP/1.1" 200 30
186.103.159.43 - - [05/Mar/2018:10:13:11 -0300] "GET /cormun/servlet/solicitudot?d3bfc98fc142780638f93dc21993fe167193c203e412831edc883ea368b28b57,gx-no-cache=1520255542810 HTTP/1.1" 200 70
186.103.159.43 - - [05/Mar/2018:10:13:11 -0300] "POST /cormun/servlet/solicitudot?gx-no-cache=1520255542853 HTTP/1.1" 200 297
186.103.159.43 - - [05/Mar/2018:10:13:11 -0300] "GET /cormun/servlet/solicitudot?d3bfc98fc142780638f93dc21993fe16db089d4f28dc6fb8c4d3f337a6553d76abcb4890781170cad8a7d530113b858a6f5d685aa5901795223cb7190b3ac0d0c87612b662590c6a0d491d88206b2c330798704787b06e9bfdc6fa86d1011b13cb60e79f4ea80eed703fb96a85600a1903c4528bbdf309d79e60b75f2e7e489e647ffa7bce640b2fc16d1ced7940b28be47cf8c28e8bbbc3192bad4fb7b1bc72ff13217ecb76e95e20b9b4759013a02898609c865582dc83fb503d7ffaace3e294336d362aa34cc8588526f4f25d9f82a88f8c8433625d6ce52bd1d28bf52649641ae347de0849c8eaebcf88007002355ed761ceb442d766c7f2c02f65dafb60cf3d28cab11d23428c97a72e61244ccbeea73de31250c25716d2d42db7b50e8703082ce698ba02a7da3eae02e63e06ea852827f057132fd00d60e016d4c35e55494e3de3640009f30c14a5c2c4c3817aa44936ad4093cafab317ae15e7818e6f5c18b1316ab3d78290055b7a6e478c9638a6affb916a65a82fafd1b9a516aa5340356bb2a4eaf1dbae7bf9017f4a22ac,gx-no-cache=1520255542911 HTTP/1.1" 200 30
186.103.159.43 - - [05/Mar/2018:10:13:14 -0300] "POST /cormun/servlet/solicitudot?gx-no-cache=1520255545607 HTTP/1.1" 200 30
186.103.156.24 - - [05/Mar/2018:10:13:14 -0300] "GET /cormun/servlet/solicitudot?1026af293ffe88d5ec0ec1b647983e5d14bb59492706021cd254d9af221e1644db83919bad6eb037715c769b51d5ae084b2c059d3d41e5e09db7bb17d28f13b5c007dd1bd7ac3a5d29ce90774d7a86bd3a95d187bfd79144a58d5ff0ba0cbee35339bc7b3601a35f0d06cadd1f7186b7,gx-no-cache=1520255544870 HTTP/1.1" 200 29
186.103.156.24 - - [05/Mar/2018:10:13:14 -0300] "POST /cormun/servlet/solicitudot?gx-no-cache=1520255544934 HTTP/1.1" 200 1319
186.103.156.24 - - [05/Mar/2018:10:13:14 -0300] "POST /cormun/servlet/solicitudot?gx-no-cache=1520255544980 HTTP/1.1" 200 1218
186.103.156.24 - - [05/Mar/2018:10:13:14 -0300] "GET /cormun/static/menuarrow.gif HTTP/1.1" 404 1015
186.103.156.24 - - [05/Mar/2018:10:13:16 -0300] "POST /cormun/servlet/solicitudot?gx-no-cache=1520255547336 HTTP/1.1" 200 1319
186.103.156.24 - - [05/Mar/2018:10:13:16 -0300] "POST /cormun/servlet/solicitudot?gx-no-cache=1520255547390 HTTP/1.1" 200 1218
186.103.156.24 - - [05/Mar/2018:10:13:18 -0300] "GET /cormun/servlet/solicitudot?1026af293ffe88d5ec0ec1b647983e5d78e880e2b426ee3baa791a76fa58b393c83228e0e090fea15eb7c2ac7dc06f24,gx-no-cache=1520255549157 HTTP/1.1" 200 30
186.103.159.189 - - [05/Mar/2018:10:13:19 -0300] "POST /cormun/servlet/trcontratoobservacion?94c54064f09bec7f8ac0f832ca1ba23a,,gx-no-cache=1520259149587 HTTP/1.1" 200 3740
186.103.159.43 - - [05/Mar/2018:10:13:23 -0300] "POST /cormun/servlet/solicitudot?gx-no-cache=1520255555016 HTTP/1.1" 200 1337
186.103.159.43 - - [05/Mar/2018:10:13:23 -0300] "POST /cormun/servlet/solicitudot?gx-no-cache=1520255555151 HTTP/1.1" 200 38
186.103.159.189 - - [05/Mar/2018:10:13:26 -0300] "GET /cormun/servlet/hlogin HTTP/1.1" 200 1722
186.103.156.24 - - [05/Mar/2018:10:13:34 -0300] "POST /cormun/servlet/solicitudot?gx-no-cache=1520255564923 HTTP/1.1" 200 30
186.103.159.43 - - [05/Mar/2018:10:13:39 -0300] "GET /cormun/servlet/solicitudot?d3bfc98fc142780638f93dc21993fe1640cf98074dab262d42363a8d2483a9039bf0b0afd43409a184bbd5283e8669272422bdf1cc2ac6145d247bd1d167df241cd6bc7ffa4c39bd119d2418021cabefacb408d4232266540632e4a03c584b4a5f67f0965dab6f701d2806ef2e0c634e,gx-no-cache=1520255571321 HTTP/1.1" 200 29
186.103.159.43 - - [05/Mar/2018:10:13:40 -0300] "POST /cormun/servlet/solicitudot?gx-no-cache=1520255571397 HTTP/1.1" 200 1319
186.103.159.43 - - [05/Mar/2018:10:13:40 -0300] "POST /cormun/servlet/solicitudot?gx-no-cache=1520255571513 HTTP/1.1" 200 1218
186.103.159.189 - - [05/Mar/2018:10:13:41 -0300] "POST /cormun/servlet/hlogin?94c54064f09bec7f8ac0f832ca1ba23a,gx-no-cache=1520259171342 HTTP/1.1" 200 90
186.103.159.189 - - [05/Mar/2018:10:13:41 -0300] "GET /cormun/servlet/hpexe_link HTTP/1.1" 200 951
186.103.159.189 - - [05/Mar/2018:10:13:41 -0300] "GET /cormun/servlet/hhome HTTP/1.1" 200 4175
186.103.159.189 - - [05/Mar/2018:10:13:44 -0300] "GET /cormun/servlet/hhome HTTP/1.1" 200 4172
186.103.159.188 - - [05/Mar/2018:10:13:48 -0300] "GET /cormun/servlet/alicenciaprn?14035502,L,20180305000000,PU HTTP/1.1" 200 1529
186.103.159.43 - - [05/Mar/2018:10:13:49 -0300] "GET /cormun/servlet/solicitudot?d3bfc98fc142780638f93dc21993fe16ba1b7d47fbcf436e9baee9c61a63f8a07415602aed2348286cc476f0522ddd46,gx-no-cache=1520255580839 HTTP/1.1" 200 30
186.103.159.43 - - [05/Mar/2018:10:14:08 -0300] "POST /cormun/servlet/solicitudot?gx-no-cache=1520255599845 HTTP/1.1" 200 30
186.103.159.189 - - [05/Mar/2018:10:14:23 -0300] "GET /cormun/servlet/trautorizarsolicitud? HTTP/1.1" 200 7285
186.103.159.189 - - [05/Mar/2018:10:14:26 -0300] "GET /cormun/servlet/trautorizarsolicitud? HTTP/1.1" 200 7284
190.161.236.41 - - [05/Mar/2018:10:14:45 -0300] "GET /cormun/servlet/alicenciaprn?14035502,L,20180305000000,PU HTTP/1.1" 200 1533
186.103.158.250 - - [05/Mar/2018:10:14:47 -0300] "GET /cormun/servlet/hlogin HTTP/1.1" 200 1722
186.103.158.250 - - [05/Mar/2018:10:14:48 -0300] "GET /cormun/servlet/hlogin HTTP/1.1" 200 1722
186.103.158.250 - - [05/Mar/2018:10:14:48 -0300] "GET /cormun/static/gxtimezone.js?85251 HTTP/1.1" 304 -
186.103.158.250 - - [05/Mar/2018:10:14:48 -0300] "GET /cormun/static/gxcfg.js?20175251213516 HTTP/1.1" 304 -
186.103.158.250 - - [05/Mar/2018:10:14:48 -0300] "GET /cormun/static/messages.spa.js?85251 HTTP/1.1" 304 -
186.103.158.250 - - [05/Mar/2018:10:14:48 -0300] "GET /cormun/servlet/hlogin HTTP/1.1" 200 1732
186.103.159.43 - - [05/Mar/2018:10:14:56 -0300] "POST /cormun/servlet/solicitudot?d9696a537a680e15e457f9ce44eaba75,INS,0,0,,gx-no-cache=1520255647568 HTTP/1.1" 200 93
186.103.159.43 - - [05/Mar/2018:10:14:56 -0300] "GET /cormun/servlet/hpexe_return? HTTP/1.1" 200 1010
186.103.159.43 - - [05/Mar/2018:10:14:56 -0300] "GET /cormun/static/gxcfg.js?2016101716175148 HTTP/1.1" 304 -
186.103.159.43 - - [05/Mar/2018:10:14:56 -0300] "GET /cormun/servlet/trsolicitudot HTTP/1.1" 200 8489
186.103.159.43 - - [05/Mar/2018:10:14:57 -0300] "GET /cormun/servlet/trsolicitudot HTTP/1.1" 200 8485
186.103.156.24 - - [05/Mar/2018:10:15:26 -0300] "GET /cormun/servlet/solicitudot?1026af293ffe88d5ec0ec1b647983e5deb3d0feb7aed947acc871c7963d88836f1b4634424f085f40411a93be5db939c,gx-no-cache=1520255677153 HTTP/1.1" 200 30
186.103.156.24 - - [05/Mar/2018:10:15:26 -0300] "POST /cormun/servlet/solicitudot?gx-no-cache=1520255677208 HTTP/1.1" 200 241
186.103.156.24 - - [05/Mar/2018:10:15:26 -0300] "GET /cormun/servlet/solicitudot?1026af293ffe88d5ec0ec1b647983e5d091ebd4872a7920cd5fcd18795cbd286d9b78f9a405992d9509eef1109a45fcc9f8328cacfeee84cb1241130f6ebdb1d16c241ce370a3a33674a72ae66bd17a80b88090c9b2a7ebcb1c947a6c30f2dcc18ef86abaf4433c21f3656e5fad526b596a7b1a279a45b4f831b42a6328a85e892ca8a616bd410a5e36cc0c57e76e86fc75f2108ba75dd4b6df4cce98dda28d89a4c719e4ce26629be334cd43c899ce619ec5f0192d4973cad6513693dd283d68cc0ad1fb221fb88fa215f393500ffb019d0e8747d34ddc14f77887cf3d1fd26da237878e3a41205bdf2aafddcd487d255bee7964ea2326bf015fdb82a8e5450f51226cd85f3f1fb02ee19ef86d9ef37e551daed9322d25993309efa74fc187cd61b69585c675a18e2c6abff78ea8ac3e8e14751471950e7c4578532a69c4041d34ee87fac76dc2057e1d72d58d6e937039a086faf1e5283ae57500944cec55bc44aa71d74ac16c1affbf07ecc8fe1183e5d2d54f52ed029707a7b4dbf9b2b76,gx-no-cache=1520255677255 HTTP/1.1" 200 30
186.103.156.24 - - [05/Mar/2018:10:15:26 -0300] "POST /cormun/servlet/solicitudot?gx-no-cache=1520255677593 HTTP/1.1" 200 30
186.103.156.24 - - [05/Mar/2018:10:15:27 -0300] "POST /cormun/servlet/solicitudot?gx-no-cache=1520255677679 HTTP/1.1" 200 1336
186.103.156.24 - - [05/Mar/2018:10:15:27 -0300] "POST /cormun/servlet/solicitudot?gx-no-cache=1520255678186 HTTP/1.1" 200 41
186.103.156.24 - - [05/Mar/2018:10:15:27 -0300] "POST /cormun/servlet/solicitudot?gx-no-cache=1520255678233 HTTP/1.1" 200 1319
186.103.156.24 - - [05/Mar/2018:10:15:28 -0300] "POST /cormun/servlet/solicitudot?gx-no-cache=1520255678335 HTTP/1.1" 200 1218
186.103.156.24 - - [05/Mar/2018:10:15:28 -0300] "GET /cormun/servlet/solicitudot?1026af293ffe88d5ec0ec1b647983e5d78e880e2b426ee3baa791a76fa58b393c83228e0e090fea15eb7c2ac7dc06f24,gx-no-cache=1520255678731 HTTP/1.1" 200 30
186.103.156.24 - - [05/Mar/2018:10:15:28 -0300] "POST /cormun/servlet/solicitudot?gx-no-cache=1520255678757 HTTP/1.1" 200 30
186.103.156.24 - - [05/Mar/2018:10:15:28 -0300] "POST /cormun/servlet/solicitudot?28b044777fcf615f010edc30d065d001,INS,0,0,,gx-no-cache=1520255678790 HTTP/1.1" 200 11935
186.103.156.24 - - [05/Mar/2018:10:15:35 -0300] "POST /cormun/servlet/solicitudot?28b044777fcf615f010edc30d065d001,INS,0,0,,gx-no-cache=1520255685603 HTTP/1.1" 200 11992
186.103.158.250 - - [05/Mar/2018:10:15:46 -0300] "POST /cormun/servlet/hlogin?e7679cb03976f22f2d2a10568f33ecdd,gx-no-cache=1520255509364 HTTP/1.1" 200 90
186.103.158.250 - - [05/Mar/2018:10:15:46 -0300] "GET /cormun/servlet/hpexe_link HTTP/1.1" 200 953
186.103.158.250 - - [05/Mar/2018:10:15:46 -0300] "GET /cormun/static/gxcfg.js?20177612121792 HTTP/1.1" 304 -
186.103.158.250 - - [05/Mar/2018:10:15:46 -0300] "GET /cormun/servlet/hhome HTTP/1.1" 200 3972
186.103.158.250 - - [05/Mar/2018:10:15:46 -0300] "GET /cormun/static/gxcfg.js?20175251212442 HTTP/1.1" 304 -
186.103.158.250 - - [05/Mar/2018:10:15:48 -0300] "GET /cormun/servlet/hhome HTTP/1.1" 200 3969
186.103.159.43 - - [05/Mar/2018:10:15:52 -0300] "POST /cormun/servlet/trsolicitudot?d9696a537a680e15e457f9ce44eaba75,gx-no-cache=1520255703848 HTTP/1.1" 200 4470
186.103.159.43 - - [05/Mar/2018:10:15:52 -0300] "GET /cormun/static/Shared/jqueryui/images/ui-bg_highlight-soft_100_c6c2c8_1x100.png HTTP/1.1" 404 1117
186.103.159.43 - - [05/Mar/2018:10:15:52 -0300] "GET /cormun/static/Shared/jqueryui/images/ui-icons_82798d_256x240.png HTTP/1.1" 404 1089
186.103.159.43 - - [05/Mar/2018:10:15:52 -0300] "GET /cormun/static/Shared/jqueryui/images/ui-icons_8d78a5_256x240.png HTTP/1.1" 404 1089
186.103.159.43 - - [05/Mar/2018:10:15:52 -0300] "GET /cormun/static/Shared/jqueryui/images/ui-bg_flat_55_fafafa_40x100.png HTTP/1.1" 404 1097
186.103.159.43 - - [05/Mar/2018:10:15:52 -0300] "POST /cormun/servlet/trsolicitudot?d9696a537a680e15e457f9ce44eaba75,gx-no-cache=1520255704233 HTTP/1.1" 200 4261
186.103.156.24 - - [05/Mar/2018:10:16:17 -0300] "GET /cormun/servlet/solicitudot?1026af293ffe88d5ec0ec1b647983e5d6f5afdeb008a3bcc238048e7e95228e3a50510d00f08edbf1653399a458b62006a71cecead38057a79131bd9a2834bd2,gx-no-cache=1520255727884 HTTP/1.1" 200 30
186.103.156.24 - - [05/Mar/2018:10:16:17 -0300] "POST /cormun/servlet/solicitudot?gx-no-cache=1520255728189 HTTP/1.1" 200 241
186.103.156.24 - - [05/Mar/2018:10:16:17 -0300] "GET /cormun/servlet/solicitudot?1026af293ffe88d5ec0ec1b647983e5d091ebd4872a7920cd5fcd18795cbd286d9b78f9a405992d9509eef1109a45fcc9f8328cacfeee84cb1241130f6ebdb1d16c241ce370a3a33674a72ae66bd17a80b88090c9b2a7ebcb1c947a6c30f2dcc18ef86abaf4433c21f3656e5fad526b596a7b1a279a45b4f831b42a6328a85e892ca8a616bd410a5e36cc0c57e76e86fc75f2108ba75dd4b6df4cce98dda28d89a4c719e4ce26629be334cd43c899ce619ec5f0192d4973cad6513693dd283d68cc0ad1fb221fb88fa215f393500ffb019d0e8747d34ddc14f77887cf3d1fd26da237878e3a41205bdf2aafddcd487d255bee7964ea2326bf015fdb82a8e5450f51226cd85f3f1fb02ee19ef86d9ef37e551daed9322d25993309efa74fc187cd61b69585c675a18e2c6abff78ea8ac3e8e14751471950e7c4578532a69c4041d34ee87fac76dc2057e1d72d58d6e937039a086faf1e5283ae57500944cec55bc44aa71d74ac16c1affbf07ecc8fe1183e5d2d54f52ed029707a7b4dbf9b2b76,gx-no-cache=1520255728270 HTTP/1.1" 200 30
186.103.156.24 - - [05/Mar/2018:10:16:17 -0300] "POST /cormun/servlet/solicitudot?gx-no-cache=1520255728608 HTTP/1.1" 200 30
186.103.156.24 - - [05/Mar/2018:10:16:17 -0300] "POST /cormun/servlet/solicitudot?gx-no-cache=1520255728663 HTTP/1.1" 200 1336
186.103.156.24 - - [05/Mar/2018:10:16:18 -0300] "POST /cormun/servlet/solicitudot?gx-no-cache=1520255728720 HTTP/1.1" 200 41
186.103.156.24 - - [05/Mar/2018:10:16:18 -0300] "POST /cormun/servlet/solicitudot?gx-no-cache=1520255728748 HTTP/1.1" 200 1319
186.103.156.24 - - [05/Mar/2018:10:16:18 -0300] "POST /cormun/servlet/solicitudot?gx-no-cache=1520255728810 HTTP/1.1" 200 1218
186.103.156.24 - - [05/Mar/2018:10:16:18 -0300] "GET /cormun/servlet/solicitudot?1026af293ffe88d5ec0ec1b647983e5d78e880e2b426ee3baa791a76fa58b393c83228e0e090fea15eb7c2ac7dc06f24,gx-no-cache=1520255728867 HTTP/1.1" 200 30
186.103.156.24 - - [05/Mar/2018:10:16:18 -0300] "POST /cormun/servlet/solicitudot?gx-no-cache=1520255728900 HTTP/1.1" 200 30
186.103.156.24 - - [05/Mar/2018:10:16:18 -0300] "POST /cormun/servlet/solicitudot?28b044777fcf615f010edc30d065d001,INS,0,0,,gx-no-cache=1520255728962 HTTP/1.1" 200 12038
186.67.203.186 - - [05/Mar/2018:10:16:37 -0300] "GET /cormun/servlet/hlogin HTTP/1.1" 200 1718
186.103.159.189 - - [05/Mar/2018:10:16:40 -0300] "GET /cormun/servlet/trfichaempleado? HTTP/1.1" 200 14585
192.168.10.89 - - [05/Mar/2018:10:17:42 -0300] "POST /cormun/servlet/trsolicitudgral?82a5d372e7df397d62e7f4de7527a758,gx-no-cache=1520255702330 HTTP/1.1" 200 7301
192.168.10.89 - - [05/Mar/2018:10:17:46 -0300] "GET /cormun/servlet/solicitudgral?UPD,2018,9888, HTTP/1.1" 200 13212
192.168.10.89 - - [05/Mar/2018:10:17:46 -0300] "GET /cormun/static/gxcfg.js?20181911354237 HTTP/1.1" 304 -
192.168.10.89 - - [05/Mar/2018:10:17:48 -0300] "POST /cormun/servlet/solicitudgral?gx-no-cache=1520255707617 HTTP/1.1" 200 3911
192.168.10.89 - - [05/Mar/2018:10:17:48 -0300] "GET /cormun/servlet/solicitudgral?f1470cd96b2c1de5ed59f73aca663871a0af146259f6a791ae14a2a77942b97abadbed31321f79f28cde1930ba383971f7690fb85a41029565d70eb468a263483af9a1656905fd8b7f49961e003173e8aa821ea9fb206bea3f15333a5ea8cc9d3c0b64a156b462a465455e529f696783c18cbdc751470933e4ab6316b5703e9fb31c94f314d92916382e6a5c3b18fd4769c9a1c04a8e86ead99bead9960b0775d778bce9a6efbb7fca612bc1591f0b2c09a4127b52f6e6fcb559a0fa414c62d9dc22cd2eef3032449cf3a8912d081249f8c26c59fcc2536385620d949868d1d00b308ea5db9edd8deb06c3f019b647d53047c589f688ef011ceb001cba52e4555c996de0bfe4ebdd617f80c0834e67be40c39f2b3005cbfdd95e16d9f8888719f25d4e2778cb4ca11a1e8b9462c3bf432c6037cfbe9712711d3d644a1b12966021b600f33f9804c246d0edde139701ef,gx-no-cache=1520255707796 HTTP/1.1" 200 297
192.168.10.89 - - [05/Mar/2018:10:17:49 -0300] "GET /cormun/servlet/solicitudgral?f1470cd96b2c1de5ed59f73aca663871d56323d6a694701234a673b415026110240b6dc48f4c2a90177cf1d884b6283d0e7fe86732fc77b10d75f3dcf69cebfae1442e802158c82d0a0903a611f54327d82811225c33dc7dbbe05c0008046229dabd986de82ae5c078bffc1d80cb0c9fdf431fff85d8dd018d5aaeb0c4c36e30c3bba3a009a3791999206fd47ddcd039dbe1c8ca535284e29ee1b5c5fa426fcfa726f3638f69d75b9976836b000669bb03395a762ee6c45ca9498061741bde7b34648a0439eb2a8520ab04aa7d1ff17fbad34c5faab597f2bd644fae35f201b21ad1002d3a2ab0770525b515efda68d0de3da6d6370c1934ce7477cd3556ebb078235700dba7fcdf61f4dc67ed5210b3c911e06c83ef8a1423acb5296938c602e1e1df70c21e8174a111bc00cb722b69c016968a1a4c7a2075c63c534f33f1719a401cacd10c1a43c4470c1ab2a48b4e9dfc5c990e4bb3b5efa6f2da1315d1d1dce58a0cb2273b120cf2fcecc519f1bbf29021b1959277d4aefa352106079bc8e80b346e8d6d7543b9e04a4e0bf3dfbfcc163b16fd7827d64696bf97cdfa7b92de555703abc5dd9aeb16bcdf4c90d456,gx-no-cache=1520255708683 HTTP/1.1" 200 48
192.168.10.89 - - [05/Mar/2018:10:17:50 -0300] "POST /cormun/servlet/solicitudgral?82a5d372e7df397d62e7f4de7527a758,UPD,2018,9888,,gx-no-cache=1520255709624 HTTP/1.1" 200 11827
192.168.10.89 - - [05/Mar/2018:10:17:51 -0300] "GET /cormun/servlet/solicitudgral?f1470cd96b2c1de5ed59f73aca66387156d7d07f8188a2fd7a28b725532576d09e66508d639368d359829f5fae600bb3783d0270fb7a21cbf06d3673f930b3a9bc501b0b7b84eda5043c3271d31845044ed54bd5dda42c656ee014eff453ca775b66a3770f54be90c40e20aeb1c0b558,gx-no-cache=1520255710866 HTTP/1.1" 200 29
192.168.10.89 - - [05/Mar/2018:10:17:51 -0300] "POST /cormun/servlet/solicitudgral?gx-no-cache=1520255710886 HTTP/1.1" 200 1295
186.103.159.189 - - [05/Mar/2018:10:17:51 -0300] "GET /cormun/static/menuarrow.gif HTTP/1.1" 404 1015
192.168.10.89 - - [05/Mar/2018:10:17:51 -0300] "POST /cormun/servlet/solicitudgral?gx-no-cache=1520255710932 HTTP/1.1" 200 1218
192.168.10.89 - - [05/Mar/2018:10:17:53 -0300] "POST /cormun/servlet/solicitudgral?82a5d372e7df397d62e7f4de7527a758,UPD,2018,9888,,gx-no-cache=1520255713338 HTTP/1.1" 200 93
192.168.10.89 - - [05/Mar/2018:10:17:53 -0300] "GET /cormun/servlet/hpexe_return? HTTP/1.1" 200 1037
192.168.10.89 - - [05/Mar/2018:10:17:53 -0300] "GET /cormun/static/gxcfg.js?2016101716175148 HTTP/1.1" 304 -
192.168.10.89 - - [05/Mar/2018:10:17:54 -0300] "GET /cormun/servlet/trsolicitudgral?gx-no-cache=1520255702330 HTTP/1.1" 200 10795
186.103.159.189 - - [05/Mar/2018:10:17:56 -0300] "POST /cormun/servlet/trautorizarsolicitud?94c54064f09bec7f8ac0f832ca1ba23a,,gx-no-cache=1520259426990 HTTP/1.1" 200 5752
186.103.156.24 - - [05/Mar/2018:10:17:58 -0300] "GET /cormun/servlet/hlogin HTTP/1.1" 200 1723
186.103.159.189 - - [05/Mar/2018:10:18:01 -0300] "POST /cormun/servlet/trautorizarsolicitud?94c54064f09bec7f8ac0f832ca1ba23a,,gx-no-cache=1520259431430 HTTP/1.1" 200 7783
186.103.156.24 - - [05/Mar/2018:10:18:12 -0300] "POST /cormun/servlet/hlogin?0cc994f8f5cfeac48bba73b46c1bd8a0,gx-no-cache=1520255843078 HTTP/1.1" 200 429
186.103.159.189 - - [05/Mar/2018:10:18:12 -0300] "POST /cormun/servlet/trautorizarsolicitud?94c54064f09bec7f8ac0f832ca1ba23a,,gx-no-cache=1520259440965 HTTP/1.1" 200 10726
192.168.10.89 - - [05/Mar/2018:10:18:16 -0300] "POST /cormun/servlet/trsolicitudgral?82a5d372e7df397d62e7f4de7527a758,gx-no-cache=1520255702330,gx-no-cache=1520255736363 HTTP/1.1" 200 7298
186.103.156.24 - - [05/Mar/2018:10:19:04 -0300] "POST /cormun/servlet/hlogin?0cc994f8f5cfeac48bba73b46c1bd8a0,gx-no-cache=1520255895146 HTTP/1.1" 200 429
186.103.159.189 - - [05/Mar/2018:10:19:17 -0300] "POST /cormun/servlet/trautorizarsolicitud?94c54064f09bec7f8ac0f832ca1ba23a,,gx-no-cache=1520259506989 HTTP/1.1" 200 7783
192.168.10.96 - - [05/Mar/2018:10:19:31 -0300] "POST /cormun/servlet/trsolicitudgral?f93fef4b366823c15ff0613be9c2e146,,gx-no-cache=1520255811094 HTTP/1.1" 200 11671
192.168.10.96 - - [05/Mar/2018:10:19:41 -0300] "POST /cormun/servlet/trsolicitudgral?f93fef4b366823c15ff0613be9c2e146,,gx-no-cache=1520255816173 HTTP/1.1" 200 25673
186.103.156.24 - - [05/Mar/2018:10:20:10 -0300] "POST /cormun/servlet/hlogin?0cc994f8f5cfeac48bba73b46c1bd8a0,gx-no-cache=1520255960481 HTTP/1.1" 200 429
186.103.157.42 - - [05/Mar/2018:10:20:10 -0300] "GET /cormun/servlet/hlogin HTTP/1.1" 200 1720
186.103.157.42 - - [05/Mar/2018:10:20:10 -0300] "GET /cormun/static/gxtimezone.js?85251 HTTP/1.1" 304 -
186.103.157.42 - - [05/Mar/2018:10:20:10 -0300] "GET /cormun/static/gxcfg.js?20175251213516 HTTP/1.1" 304 -
186.103.157.42 - - [05/Mar/2018:10:20:10 -0300] "GET /cormun/static/messages.spa.js?85251 HTTP/1.1" 304 -
186.103.157.42 - - [05/Mar/2018:10:20:10 -0300] "GET /cormun/servlet/hlogin HTTP/1.1" 200 1726
186.103.157.42 - - [05/Mar/2018:10:20:14 -0300] "POST /cormun/servlet/hlogin?c5e0938221ed21c4a7cfb92e654a6348,gx-no-cache=1520255713814 HTTP/1.1" 200 90
186.103.157.42 - - [05/Mar/2018:10:20:14 -0300] "GET /cormun/servlet/hpexe_link HTTP/1.1" 200 947
186.103.157.42 - - [05/Mar/2018:10:20:14 -0300] "GET /cormun/static/gxcfg.js?20177612121792 HTTP/1.1" 304 -
186.103.157.42 - - [05/Mar/2018:10:20:14 -0300] "GET /cormun/servlet/hhome HTTP/1.1" 200 4253
186.103.157.42 - - [05/Mar/2018:10:20:14 -0300] "GET /cormun/static/gxcfg.js?20175251212442 HTTP/1.1" 304 -
186.103.157.42 - - [05/Mar/2018:10:20:15 -0300] "GET /cormun/servlet/hhome HTTP/1.1" 200 4250
186.103.157.42 - - [05/Mar/2018:10:20:20 -0300] "GET /cormun/servlet/trsolicitudot? HTTP/1.1" 200 7469
186.103.157.42 - - [05/Mar/2018:10:20:21 -0300] "GET /cormun/static/calendar-setup.js?85251 HTTP/1.1" 304 -
186.103.157.42 - - [05/Mar/2018:10:20:21 -0300] "GET /cormun/static/calendar-es.js?85251 HTTP/1.1" 304 -
186.103.157.42 - - [05/Mar/2018:10:20:21 -0300] "GET /cormun/static/gxcfg.js?2017111422585916 HTTP/1.1" 304 -
186.103.157.42 - - [05/Mar/2018:10:20:21 -0300] "GET /cormun/static/calendar.js?85251 HTTP/1.1" 304 -
186.103.157.42 - - [05/Mar/2018:10:20:21 -0300] "GET /cormun/static/gxdec.js?85251 HTTP/1.1" 304 -
186.103.157.42 - - [05/Mar/2018:10:20:21 -0300] "GET /cormun/servlet/trsolicitudot? HTTP/1.1" 200 7468
186.103.156.24 - - [05/Mar/2018:10:20:26 -0300] "POST /cormun/servlet/hlogin?0cc994f8f5cfeac48bba73b46c1bd8a0,gx-no-cache=1520255976682 HTTP/1.1" 200 90
186.103.156.24 - - [05/Mar/2018:10:20:26 -0300] "GET /cormun/servlet/hpexe_link HTTP/1.1" 200 953
186.103.156.24 - - [05/Mar/2018:10:20:26 -0300] "GET /cormun/servlet/hhome HTTP/1.1" 200 4223
186.103.156.24 - - [05/Mar/2018:10:20:26 -0300] "GET /cormun/servlet/hhome HTTP/1.1" 200 4219
186.103.157.42 - - [05/Mar/2018:10:20:37 -0300] "GET /cormun/static/menuarrow.gif HTTP/1.1" 404 1015
186.103.157.42 - - [05/Mar/2018:10:20:48 -0300] "POST /cormun/servlet/trsolicitudot?c5e0938221ed21c4a7cfb92e654a6348,,gx-no-cache=1520255747307 HTTP/1.1" 200 22707
186.103.159.189 - - [05/Mar/2018:10:20:49 -0300] "POST /cormun/servlet/trautorizarsolicitud?94c54064f09bec7f8ac0f832ca1ba23a,,gx-no-cache=1520259598938 HTTP/1.1" 200 106
186.103.159.189 - - [05/Mar/2018:10:20:49 -0300] "GET /cormun/servlet/trsolicitudadjuntos?2018,9917, HTTP/1.1" 200 9917
186.103.159.189 - - [05/Mar/2018:10:20:52 -0300] "GET /cormun/servlet/trsolicitudadjuntos?2018,9917, HTTP/1.1" 200 9918
186.103.159.189 - - [05/Mar/2018:10:20:56 -0300] "GET /cormun/servlet/trautorizarsolicitud? HTTP/1.1" 200 10643
186.103.159.189 - - [05/Mar/2018:10:20:58 -0300] "GET /cormun/servlet/trautorizarsolicitud? HTTP/1.1" 200 10640
186.103.156.24 - - [05/Mar/2018:10:21:01 -0300] "GET /cormun/servlet/trsolicitudot? HTTP/1.1" 200 7437
186.103.156.24 - - [05/Mar/2018:10:21:02 -0300] "GET /cormun/servlet/trsolicitudot? HTTP/1.1" 200 7437
186.67.172.234 - - [05/Mar/2018:10:21:19 -0300] "GET /cormun/servlet/trautorizarsolicitud? HTTP/1.1" 200 6267
186.67.172.234 - - [05/Mar/2018:10:21:19 -0300] "GET /cormun/static/gxcfg.js?2017111423403364 HTTP/1.1" 304 -
186.67.172.234 - - [05/Mar/2018:10:21:19 -0300] "GET /cormun/static/calendar.js?85251 HTTP/1.1" 304 -
186.67.172.234 - - [05/Mar/2018:10:21:19 -0300] "GET /cormun/static/calendar-setup.js?85251 HTTP/1.1" 304 -
186.67.172.234 - - [05/Mar/2018:10:21:19 -0300] "GET /cormun/static/calendar-es.js?85251 HTTP/1.1" 304 -
186.67.172.234 - - [05/Mar/2018:10:21:19 -0300] "GET /cormun/static/gxtimezone.js?85251 HTTP/1.1" 304 -
186.67.172.234 - - [05/Mar/2018:10:21:19 -0300] "GET /cormun/static/messages.spa.js?85251 HTTP/1.1" 304 -
186.67.172.234 - - [05/Mar/2018:10:21:19 -0300] "GET /cormun/static/gxdec.js?85251 HTTP/1.1" 304 -
186.67.172.234 - - [05/Mar/2018:10:21:20 -0300] "GET /cormun/servlet/hlogin HTTP/1.1" 200 1741
186.67.172.234 - - [05/Mar/2018:10:21:20 -0300] "GET /cormun/servlet/trautorizarsolicitud? HTTP/1.1" 200 6277
186.67.172.234 - - [05/Mar/2018:10:21:20 -0300] "GET /cormun/static/gxcfg.js?20175251213516 HTTP/1.1" 304 -
192.168.10.96 - - [05/Mar/2018:10:21:58 -0300] "POST /cormun/servlet/trsolicitudgral?f93fef4b366823c15ff0613be9c2e146,,gx-no-cache=1520255958255 HTTP/1.1" 200 16232
186.103.159.189 - - [05/Mar/2018:10:23:28 -0300] "POST /cormun/servlet/trautorizarsolicitud?94c54064f09bec7f8ac0f832ca1ba23a,,gx-no-cache=1520259757293 HTTP/1.1" 200 7796
186.103.159.189 - - [05/Mar/2018:10:23:29 -0300] "GET /cormun/static/Shared/jqueryui/images/ui-bg_highlight-soft_100_c6c2c8_1x100.png HTTP/1.1" 404 1117
186.103.159.189 - - [05/Mar/2018:10:23:29 -0300] "GET /cormun/static/Shared/jqueryui/images/ui-icons_82798d_256x240.png HTTP/1.1" 404 1089
186.103.159.189 - - [05/Mar/2018:10:23:29 -0300] "GET /cormun/static/Shared/jqueryui/images/ui-bg_flat_55_fafafa_40x100.png HTTP/1.1" 404 1097
186.103.159.189 - - [05/Mar/2018:10:23:29 -0300] "GET /cormun/static/Shared/jqueryui/images/ui-icons_8d78a5_256x240.png HTTP/1.1" 404 1089
186.103.156.24 - - [05/Mar/2018:10:23:30 -0300] "GET /cormun/servlet/trautorizarsolicitud? HTTP/1.1" 200 7339
186.103.156.24 - - [05/Mar/2018:10:23:30 -0300] "GET /cormun/servlet/trautorizarsolicitud? HTTP/1.1" 200 7339
186.103.159.189 - - [05/Mar/2018:10:23:36 -0300] "POST /cormun/servlet/trautorizarsolicitud?94c54064f09bec7f8ac0f832ca1ba23a,,gx-no-cache=1520259766104 HTTP/1.1" 200 106
186.103.159.189 - - [05/Mar/2018:10:23:37 -0300] "GET /cormun/servlet/trsolicitudadjuntos?2018,9917, HTTP/1.1" 200 9917
186.103.159.189 - - [05/Mar/2018:10:23:40 -0300] "GET /cormun/servlet/trsolicitudadjuntos?2018,9917, HTTP/1.1" 200 9920
186.103.159.189 - - [05/Mar/2018:10:23:55 -0300] "GET /cormun/servlet/trautorizarsolicitud? HTTP/1.1" 200 10643
186.103.159.189 - - [05/Mar/2018:10:23:57 -0300] "GET /cormun/servlet/trautorizarsolicitud? HTTP/1.1" 200 10640
186.103.156.24 - - [05/Mar/2018:10:23:58 -0300] "POST /cormun/servlet/trautorizarsolicitud?0cc994f8f5cfeac48bba73b46c1bd8a0,,gx-no-cache=1520256188239 HTTP/1.1" 200 110
186.103.156.24 - - [05/Mar/2018:10:23:58 -0300] "GET /cormun/AutorizarSolicitud-5327.xls HTTP/1.1" 200 4608
186.103.156.24 - - [05/Mar/2018:10:24:05 -0300] "GET /cormun/servlet/trsolicitudot? HTTP/1.1" 200 7437
186.103.156.24 - - [05/Mar/2018:10:24:05 -0300] "GET /cormun/servlet/trsolicitudot? HTTP/1.1" 200 7437
186.103.159.189 - - [05/Mar/2018:10:24:05 -0300] "POST /cormun/servlet/trautorizarsolicitud?94c54064f09bec7f8ac0f832ca1ba23a,,gx-no-cache=1520259795508 HTTP/1.1" 200 7795
186.103.159.189 - - [05/Mar/2018:10:24:06 -0300] "GET /cormun/static/Shared/jqueryui/images/ui-bg_highlight-soft_100_c6c2c8_1x100.png HTTP/1.1" 404 1117
186.103.159.189 - - [05/Mar/2018:10:24:06 -0300] "GET /cormun/static/Shared/jqueryui/images/ui-icons_82798d_256x240.png HTTP/1.1" 404 1089
186.103.159.189 - - [05/Mar/2018:10:24:06 -0300] "GET /cormun/static/Shared/jqueryui/images/ui-bg_flat_55_fafafa_40x100.png HTTP/1.1" 404 1097
186.103.159.189 - - [05/Mar/2018:10:24:06 -0300] "GET /cormun/static/Shared/jqueryui/images/ui-icons_8d78a5_256x240.png HTTP/1.1" 404 1089
186.103.156.24 - - [05/Mar/2018:10:24:08 -0300] "GET /cormun/servlet/solicitudot?INS,0,0, HTTP/1.1" 200 13675
186.103.156.24 - - [05/Mar/2018:10:24:08 -0300] "GET /cormun/servlet/solicitudot?INS,0,0, HTTP/1.1" 200 13680
186.103.159.189 - - [05/Mar/2018:10:24:08 -0300] "POST /cormun/servlet/trautorizarsolicitud?94c54064f09bec7f8ac0f832ca1ba23a,,gx-no-cache=1520259798769 HTTP/1.1" 200 7795
186.103.159.189 - - [05/Mar/2018:10:24:24 -0300] "POST /cormun/servlet/trautorizarsolicitud?94c54064f09bec7f8ac0f832ca1ba23a,,gx-no-cache=1520259814296 HTTP/1.1" 200 5751
186.103.156.24 - - [05/Mar/2018:10:24:26 -0300] "POST /cormun/servlet/solicitudot?gx-no-cache=1520256217155 HTTP/1.1" 200 3411
186.103.156.24 - - [05/Mar/2018:10:24:27 -0300] "POST /cormun/servlet/solicitudot?0cc994f8f5cfeac48bba73b46c1bd8a0,INS,0,0,,gx-no-cache=1520256217493 HTTP/1.1" 200 10535
186.103.159.189 - - [05/Mar/2018:10:24:33 -0300] "POST /cormun/servlet/trautorizarsolicitud?94c54064f09bec7f8ac0f832ca1ba23a,,gx-no-cache=1520259822771 HTTP/1.1" 200 10725
186.103.156.24 - - [05/Mar/2018:10:24:36 -0300] "GET /cormun/servlet/solicitudot?1d8b694a30e5ab8ee2babbd1048c9ee8b93e0a069ec0643fffb461c914b3ed76df7f9fa92413efb888c698ce34afe7db,gx-no-cache=1520256227033 HTTP/1.1" 200 30
186.103.156.24 - - [05/Mar/2018:10:24:36 -0300] "GET /cormun/servlet/solicitudot?1d8b694a30e5ab8ee2babbd1048c9ee8da25131fa35e016f2d673b1e0ace294eb0afc77a1959067a44794f2e6e5d57ec,gx-no-cache=1520256227108 HTTP/1.1" 200 30
186.103.156.24 - - [05/Mar/2018:10:24:36 -0300] "GET /cormun/servlet/solicitudot?1d8b694a30e5ab8ee2babbd1048c9ee89a284d5a3a6288ba64c184441ccc161c,gx-no-cache=1520256227180 HTTP/1.1" 200 53
186.103.156.24 - - [05/Mar/2018:10:24:37 -0300] "POST /cormun/servlet/solicitudot?gx-no-cache=1520256227250 HTTP/1.1" 200 240
186.103.156.24 - - [05/Mar/2018:10:24:37 -0300] "GET /cormun/servlet/solicitudot?1d8b694a30e5ab8ee2babbd1048c9ee8f64dc1a97b5e28525ec4fd1686a8a591c9612d2629d3b7dc265a05fccd8dbee5256400cfc670017498112e192c0830d15b5bdbc319a2a9ce0dfb2d2528235b31e734b20b7489dbb2397423c1e8717f27bb089351359ab713883be2eddb85330b45824f52971e424c8391eb6e47f01dac071c3ad108e9f42d3b218734ad554817193a900a8074ee44ba06d8f7d042b325abc5b9c1b939777a7684ddd8984d718c6f3ad2a177cc054c22c6cae4f0cdb64616b357a7c538258bf5a8f480a11bccb84ea1043a63f1399e7182232c05bc22cb35bcb8064c8b940dd89ccc1a2719e116991289c0e66376ecac5bde5ebee961115ddb1553d7836ae7f88d3fdd27aae535f70cdf1d64a97f4d31040d63aa6d7934f9db61de4c733a4e36ad623c379c1f4847469628a5ada6ee56f2ac24b3957e3fc89aaf288c64790b5be4702b848145ee6a8034fa40b613f4513356b4044a543af1d8503211c0b98e00dfeb70bb5837e9b2e53912ed71d3514d4d498b4943cec8,gx-no-cache=1520256228108 HTTP/1.1" 200 30
186.103.156.24 - - [05/Mar/2018:10:24:37 -0300] "POST /cormun/servlet/solicitudot?gx-no-cache=1520256228520 HTTP/1.1" 200 30
186.103.156.24 - - [05/Mar/2018:10:24:37 -0300] "POST /cormun/servlet/solicitudot?gx-no-cache=1520256228596 HTTP/1.1" 200 1336
186.103.156.24 - - [05/Mar/2018:10:24:38 -0300] "POST /cormun/servlet/solicitudot?gx-no-cache=1520256228703 HTTP/1.1" 200 38
186.103.159.189 - - [05/Mar/2018:10:24:45 -0300] "POST /cormun/servlet/trautorizarsolicitud?94c54064f09bec7f8ac0f832ca1ba23a,,gx-no-cache=1520259835574 HTTP/1.1" 200 7783
186.103.156.24 - - [05/Mar/2018:10:24:45 -0300] "POST /cormun/servlet/solicitudot?gx-no-cache=1520256236532 HTTP/1.1" 200 30
186.103.156.24 - - [05/Mar/2018:10:24:49 -0300] "POST /cormun/servlet/solicitudot?gx-no-cache=1520256239754 HTTP/1.1" 200 1336
186.103.156.24 - - [05/Mar/2018:10:24:49 -0300] "POST /cormun/servlet/solicitudot?gx-no-cache=1520256239805 HTTP/1.1" 200 38
186.67.172.234 - - [05/Mar/2018:10:24:52 -0300] "POST /cormun/servlet/hlogin?f993574586f8d3f0a91bfc6228d8f986,gx-no-cache=1520256199617 HTTP/1.1" 200 457
186.103.156.24 - - [05/Mar/2018:10:24:58 -0300] "GET /cormun/servlet/solicitudot?1d8b694a30e5ab8ee2babbd1048c9ee8e5f30e4e971230de4e007d13a35ad20c91d57ee446087807fdc2a94923715a27dc5b0b4ffd48f9dad7382ebe60c7ab134d77049ab4d3fe314301f4695abb48c5317e00a927496a39623d71db89c38b03eb17751d351c6ec4382457cd5679784c,gx-no-cache=1520256248565 HTTP/1.1" 200 29
186.103.156.24 - - [05/Mar/2018:10:24:59 -0300] "POST /cormun/servlet/solicitudot?gx-no-cache=1520256249604 HTTP/1.1" 200 1319
186.103.156.24 - - [05/Mar/2018:10:24:59 -0300] "POST /cormun/servlet/solicitudot?gx-no-cache=1520256249779 HTTP/1.1" 200 1218
186.103.156.24 - - [05/Mar/2018:10:24:59 -0300] "GET /cormun/static/menuarrow.gif HTTP/1.1" 404 1015
186.103.156.24 - - [05/Mar/2018:10:25:01 -0300] "POST /cormun/servlet/solicitudot?gx-no-cache=1520256252001 HTTP/1.1" 200 1319
186.103.156.24 - - [05/Mar/2018:10:25:01 -0300] "POST /cormun/servlet/solicitudot?gx-no-cache=1520256252143 HTTP/1.1" 200 1218
186.103.156.24 - - [05/Mar/2018:10:25:04 -0300] "GET /cormun/servlet/solicitudot?1d8b694a30e5ab8ee2babbd1048c9ee85db9100c8bb2d6be0597e40c7c35f77b7fc9222ef602f80230ea66fe245213fa,gx-no-cache=1520256254891 HTTP/1.1" 200 30
186.103.156.24 - - [05/Mar/2018:10:25:13 -0300] "POST /cormun/servlet/solicitudot?gx-no-cache=1520256264000 HTTP/1.1" 200 30
186.103.156.24 - - [05/Mar/2018:10:25:29 -0300] "POST /cormun/servlet/solicitudot?0cc994f8f5cfeac48bba73b46c1bd8a0,INS,0,0,,gx-no-cache=1520256279855 HTTP/1.1" 200 93
186.103.156.24 - - [05/Mar/2018:10:25:29 -0300] "GET /cormun/servlet/hpexe_return? HTTP/1.1" 200 1008
186.103.156.24 - - [05/Mar/2018:10:25:29 -0300] "GET /cormun/static/gxcfg.js?2016101716175148 HTTP/1.1" 304 -
186.103.156.24 - - [05/Mar/2018:10:25:29 -0300] "GET /cormun/servlet/trsolicitudot HTTP/1.1" 200 8794
186.103.156.24 - - [05/Mar/2018:10:25:30 -0300] "GET /cormun/servlet/trsolicitudot HTTP/1.1" 200 8790
186.103.156.24 - - [05/Mar/2018:10:25:44 -0300] "POST /cormun/servlet/trsolicitudot?0cc994f8f5cfeac48bba73b46c1bd8a0,gx-no-cache=1520256294570 HTTP/1.1" 200 4682
186.103.156.24 - - [05/Mar/2018:10:25:44 -0300] "GET /cormun/static/Shared/jqueryui/images/ui-bg_highlight-soft_100_c6c2c8_1x100.png HTTP/1.1" 404 1117
186.103.156.24 - - [05/Mar/2018:10:25:44 -0300] "GET /cormun/static/Shared/jqueryui/images/ui-icons_82798d_256x240.png HTTP/1.1" 404 1089
186.103.156.24 - - [05/Mar/2018:10:25:44 -0300] "GET /cormun/static/Shared/jqueryui/images/ui-bg_flat_55_fafafa_40x100.png HTTP/1.1" 404 1097
186.103.156.24 - - [05/Mar/2018:10:25:44 -0300] "GET /cormun/static/Shared/jqueryui/images/ui-icons_8d78a5_256x240.png HTTP/1.1" 404 1089
186.103.156.24 - - [05/Mar/2018:10:25:44 -0300] "POST /cormun/servlet/trsolicitudot?0cc994f8f5cfeac48bba73b46c1bd8a0,gx-no-cache=1520256295033 HTTP/1.1" 200 4454
186.67.172.234 - - [05/Mar/2018:10:25:48 -0300] "POST /cormun/servlet/hlogin?f993574586f8d3f0a91bfc6228d8f986,gx-no-cache=1520256255727 HTTP/1.1" 200 460
186.103.156.24 - - [05/Mar/2018:10:25:51 -0300] "GET /cormun/servlet/trautorizarsolicitud? HTTP/1.1" 200 8681
186.103.156.24 - - [05/Mar/2018:10:25:51 -0300] "GET /cormun/servlet/trautorizarsolicitud? HTTP/1.1" 200 8681
186.103.156.24 - - [05/Mar/2018:10:26:03 -0300] "POST /cormun/servlet/trautorizarsolicitud?0cc994f8f5cfeac48bba73b46c1bd8a0,,gx-no-cache=1520256312641 HTTP/1.1" 200 4613
186.103.156.24 - - [05/Mar/2018:10:26:03 -0300] "GET /cormun/static/Shared/jqueryui/images/ui-bg_highlight-soft_100_c6c2c8_1x100.png HTTP/1.1" 404 1117
186.103.156.24 - - [05/Mar/2018:10:26:03 -0300] "GET /cormun/static/Shared/jqueryui/images/ui-icons_82798d_256x240.png HTTP/1.1" 404 1089
186.103.156.24 - - [05/Mar/2018:10:26:03 -0300] "GET /cormun/static/Shared/jqueryui/images/ui-bg_flat_55_fafafa_40x100.png HTTP/1.1" 404 1097
186.103.156.24 - - [05/Mar/2018:10:26:03 -0300] "GET /cormun/static/Shared/jqueryui/images/ui-icons_8d78a5_256x240.png HTTP/1.1" 404 1089
186.103.156.24 - - [05/Mar/2018:10:26:05 -0300] "POST /cormun/servlet/trautorizarsolicitud?0cc994f8f5cfeac48bba73b46c1bd8a0,,gx-no-cache=1520256314245 HTTP/1.1" 200 4387
186.103.156.24 - - [05/Mar/2018:10:26:31 -0300] "POST /cormun/servlet/trautorizarsolicitud?0cc994f8f5cfeac48bba73b46c1bd8a0,,gx-no-cache=1520256341672 HTTP/1.1" 200 90
186.103.156.24 - - [05/Mar/2018:10:26:31 -0300] "GET /cormun/servlet/hpexe_link HTTP/1.1" 200 984
186.103.156.24 - - [05/Mar/2018:10:26:31 -0300] "GET /cormun/servlet/trsolicitudot?gx-no-cache=1520256295033 HTTP/1.1" 200 7438
186.103.156.24 - - [05/Mar/2018:10:26:32 -0300] "GET /cormun/servlet/trsolicitudot?gx-no-cache=1520256295033 HTTP/1.1" 200 7457
186.103.156.24 - - [05/Mar/2018:10:26:41 -0300] "GET /cormun/servlet/trsolicitudot? HTTP/1.1" 200 7457
186.103.156.24 - - [05/Mar/2018:10:26:41 -0300] "GET /cormun/servlet/trsolicitudot? HTTP/1.1" 200 7437
192.168.10.96 - - [05/Mar/2018:10:26:49 -0300] "POST /cormun/servlet/trsolicitudgral?f93fef4b366823c15ff0613be9c2e146,,gx-no-cache=1520256248912 HTTP/1.1" 200 23498
186.103.156.24 - - [05/Mar/2018:10:26:54 -0300] "GET /cormun/servlet/solicitudot?INS,0,0, HTTP/1.1" 200 13677
186.103.156.24 - - [05/Mar/2018:10:26:55 -0300] "GET /cormun/servlet/solicitudot?INS,0,0, HTTP/1.1" 200 13682
