186.103.159.188 - - [05/Mar/2018:10:52:16 -0300] "POST /cormun/servlet/solicitudotadjuntos?2464b47d5d0f0b7e9492401479510c31,INS,2018,9989,,1, HTTP/1.1" 200 116
186.103.159.188 - - [05/Mar/2018:10:52:16 -0300] "GET /cormun/servlet/hpexe_return? HTTP/1.1" 200 1027
186.103.159.188 - - [05/Mar/2018:10:52:17 -0300] "GET /cormun/servlet/trsolicitudadjuntos?2018,9989, HTTP/1.1" 200 9409
186.103.159.188 - - [05/Mar/2018:10:52:17 -0300] "GET /cormun/servlet/trsolicitudadjuntos?2018,9989, HTTP/1.1" 200 9408
186.103.132.155 - - [05/Mar/2018:10:52:19 -0300] "POST /cormun/servlet/trlicencias?934b2fc8641ba45e7040e871efa22714,,gx-no-cache=1520257893632 HTTP/1.1" 200 5490
190.151.100.218 - - [05/Mar/2018:10:52:21 -0300] "GET /cormun/servlet/trsolicitudot? HTTP/1.1" 200 7416
190.151.100.218 - - [05/Mar/2018:10:52:21 -0300] "GET /cormun/static/gxcfg.js?2017111422585916 HTTP/1.1" 304 -
190.151.100.218 - - [05/Mar/2018:10:52:21 -0300] "GET /cormun/static/calendar-setup.js?85251 HTTP/1.1" 304 -
200.72.197.82 - - [05/Mar/2018:10:52:21 -0300] "GET /cormun/static/calendar.js?85251 HTTP/1.1" 304 -
200.72.197.82 - - [05/Mar/2018:10:52:21 -0300] "GET /cormun/static/calendar-es.js?85251 HTTP/1.1" 304 -
200.72.197.82 - - [05/Mar/2018:10:52:21 -0300] "GET /cormun/static/gxdec.js?85251 HTTP/1.1" 304 -
192.168.10.89 - - [05/Mar/2018:10:52:22 -0300] "GET /cormun/servlet/hlogin HTTP/1.1" 200 1741
200.72.197.82 - - [05/Mar/2018:10:52:22 -0300] "GET /cormun/servlet/trsolicitudot? HTTP/1.1" 200 7415
186.103.159.188 - - [05/Mar/2018:10:52:22 -0300] "GET /cormun/servlet/solicitudotadjuntos?INS,2018,9989,,1, HTTP/1.1" 200 6190
186.103.159.188 - - [05/Mar/2018:10:52:23 -0300] "GET /cormun/static/about:blank HTTP/1.1" 404 1011
186.103.159.188 - - [05/Mar/2018:10:52:23 -0300] "GET /cormun/servlet/solicitudotadjuntos?INS,2018,9989,,1, HTTP/1.1" 200 6184
186.103.159.188 - - [05/Mar/2018:10:52:23 -0300] "GET /cormun/servlet/solicitudotadjuntos?c5f36e82064a4a27876ad25e0550fe1b9752acad5c8dfb5b3728c38613dadf7425c618fa706700ce6b27d232e589f176,gx-no-cache=1520257894889 HTTP/1.1" 200 30
186.103.159.188 - - [05/Mar/2018:10:52:23 -0300] "POST /cormun/servlet/solicitudotadjuntos?2464b47d5d0f0b7e9492401479510c31,INS,2018,9989,,1,,gx-no-cache=1520257894965 HTTP/1.1" 200 4024
186.103.159.188 - - [05/Mar/2018:10:52:26 -0300] "POST /cormun/servlet/solicitudotadjuntos?gx-no-cache=1520257897770 HTTP/1.1" 200 26
192.168.10.89 - - [05/Mar/2018:10:52:32 -0300] "POST /cormun/servlet/hlogin?82a5d372e7df397d62e7f4de7527a758,gx-no-cache=1520257791833 HTTP/1.1" 200 90
192.168.10.89 - - [05/Mar/2018:10:52:32 -0300] "GET /cormun/servlet/hpexe_link HTTP/1.1" 200 961
192.168.10.89 - - [05/Mar/2018:10:52:32 -0300] "GET /cormun/servlet/trsolicitudgral? HTTP/1.1" 200 16315
186.103.159.188 - - [05/Mar/2018:10:52:34 -0300] "GET /cormun/servlet/solicitudotadjuntos?c5f36e82064a4a27876ad25e0550fe1b15e2d4883195b4506e48bde6124979ec,gx-no-cache=1520257906211 HTTP/1.1" 200 30
186.103.159.188 - - [05/Mar/2018:10:52:34 -0300] "GET /cormun/servlet/solicitudotadjuntos?c5f36e82064a4a27876ad25e0550fe1b15e2d4883195b4506e48bde6124979ec,gx-no-cache=1520257906256 HTTP/1.1" 200 30
186.103.159.43 - - [05/Mar/2018:10:52:36 -0300] "POST /cormun/servlet/solicitudot?gx-no-cache=1520257907882 HTTP/1.1" 200 297
186.103.159.188 - - [05/Mar/2018:10:52:36 -0300] "POST /cormun/servlet/solicitudotadjuntos?2464b47d5d0f0b7e9492401479510c31,INS,2018,9989,,1, HTTP/1.1" 200 116
186.103.159.43 - - [05/Mar/2018:10:52:36 -0300] "GET /cormun/servlet/solicitudot?cb38d414940a7ce3ab12812d19020ecee5465937c601ef424cb8d883ef0e514d12095dc85fbd9ae5a66c0e65e56825cdfabfac25b4a3bd6b4730bde3d16ad282b07a64bde899ec24b1168d18e042b332f80a9026f7825a8f9d3a613fc68c52c327648cefe495a835165c767e377f8a1e8332fe0823041db15dcb10aff5ea3d79aa2906ee6e89dd5af56e178e1563b4c61724b0d80d2af056b2745f70a7e814c352f2561255e6dd7e927f9fd9b60d839f255cfc002ff648c520b26524e18e4ae01d2d53e3986547ff89586324a2bf52c33ddf836045e77836c1fc1609b8789cd83dd20f10545b2c0a9ed531394dc4010b0d72df66392925aed1265175edfffa5abd541d29f34df092990c1bfa059efd57d8cb8d07f1362594eff8532a083227ec16c1cd07ce7b66ac44f9ad00b4ea228f30a99fda7bf3a49bbe90a3b4f87703dbce6ba937a6b59a66c4c7121665b52f5c6047dcbf46108c26c6d7a3e2ccb2713d5ea386a620aeb6f92df1e59c1aa388dd89d508ab7d9dd69d6b9b74d031edcc0cc12bbf16c41d6e01e4e293d60183082e,gx-no-cache=1520257908064 HTTP/1.1" 200 30
186.103.159.188 - - [05/Mar/2018:10:52:36 -0300] "GET /cormun/servlet/hpexe_return? HTTP/1.1" 200 1027
186.103.159.43 - - [05/Mar/2018:10:52:36 -0300] "POST /cormun/servlet/solicitudot?gx-no-cache=1520257908155 HTTP/1.1" 200 30
192.168.10.89 - - [05/Mar/2018:10:52:36 -0300] "GET /cormun/servlet/trsecurityuser01? HTTP/1.1" 200 12292
186.103.159.43 - - [05/Mar/2018:10:52:36 -0300] "POST /cormun/servlet/solicitudot?gx-no-cache=1520257908248 HTTP/1.1" 200 1333
186.103.159.43 - - [05/Mar/2018:10:52:37 -0300] "POST /cormun/servlet/solicitudot?gx-no-cache=1520257908386 HTTP/1.1" 200 38
186.103.159.188 - - [05/Mar/2018:10:52:37 -0300] "GET /cormun/servlet/trsolicitudadjuntos?2018,9989, HTTP/1.1" 200 9642
186.103.159.188 - - [05/Mar/2018:10:52:37 -0300] "GET /cormun/servlet/trsolicitudadjuntos?2018,9989, HTTP/1.1" 200 9641
192.168.10.89 - - [05/Mar/2018:10:52:38 -0300] "POST /cormun/servlet/acontrolpreferencessavestate?None,EQUINTEROS,true HTTP/1.1" 200 35
186.103.156.24 - - [05/Mar/2018:10:52:41 -0300] "POST /cormun/servlet/solicitudotadjuntos?gx-no-cache=1520257912135 HTTP/1.1" 200 26
186.103.159.188 - - [05/Mar/2018:10:52:41 -0300] "GET /cormun/servlet/solicitudotadjuntos?INS,2018,9989,,2, HTTP/1.1" 200 6188
186.103.159.188 - - [05/Mar/2018:10:52:42 -0300] "GET /cormun/static/about:blank HTTP/1.1" 404 1011
186.103.159.188 - - [05/Mar/2018:10:52:42 -0300] "GET /cormun/servlet/solicitudotadjuntos?INS,2018,9989,,2, HTTP/1.1" 200 6182
186.103.159.188 - - [05/Mar/2018:10:52:42 -0300] "GET /cormun/servlet/solicitudotadjuntos?c5f36e82064a4a27876ad25e0550fe1b9752acad5c8dfb5b3728c38613dadf7425c618fa706700ce6b27d232e589f176,gx-no-cache=1520257913778 HTTP/1.1" 200 30
186.103.159.188 - - [05/Mar/2018:10:52:42 -0300] "POST /cormun/servlet/solicitudotadjuntos?2464b47d5d0f0b7e9492401479510c31,INS,2018,9989,,2,,gx-no-cache=1520257913846 HTTP/1.1" 200 4165
186.103.159.188 - - [05/Mar/2018:10:52:46 -0300] "POST /cormun/servlet/solicitudotadjuntos?gx-no-cache=1520257917402 HTTP/1.1" 200 26
186.103.156.24 - - [05/Mar/2018:10:52:48 -0300] "GET /cormun/servlet/solicitudotadjuntos?1d8b694a30e5ab8ee2babbd1048c9ee81cd528735a2997ce96b56864c9940362,gx-no-cache=1520257919528 HTTP/1.1" 200 30
186.103.156.24 - - [05/Mar/2018:10:52:48 -0300] "GET /cormun/servlet/solicitudotadjuntos?1d8b694a30e5ab8ee2babbd1048c9ee81cd528735a2997ce96b56864c9940362,gx-no-cache=1520257919548 HTTP/1.1" 200 30
186.103.156.24 - - [05/Mar/2018:10:52:53 -0300] "POST /cormun/servlet/solicitudotadjuntos?0cc994f8f5cfeac48bba73b46c1bd8a0,INS,2018,9987,,2, HTTP/1.1" 200 116
186.103.156.24 - - [05/Mar/2018:10:52:54 -0300] "GET /cormun/servlet/hpexe_return? HTTP/1.1" 200 1026
186.103.156.24 - - [05/Mar/2018:10:52:54 -0300] "GET /cormun/servlet/trsolicitudadjuntos?2018,9987, HTTP/1.1" 200 8924
186.103.156.24 - - [05/Mar/2018:10:52:55 -0300] "GET /cormun/servlet/trsolicitudadjuntos?2018,9987, HTTP/1.1" 200 8922
186.103.159.43 - - [05/Mar/2018:10:52:56 -0300] "GET /cormun/servlet/solicitudot?cb38d414940a7ce3ab12812d19020ece3148ff29e0653be57cb83b8fa765bf797dadcfa8b88d6f2a5299f812a3c8cb16d2d2a2880de70a944ae9fa1fc80ca90fade25dad76278ef024fd873a7e22be7b2b34175d07d543e9e32ccdf773c99fbe869f22ed5a5c2992a915f60264d3c4a5,gx-no-cache=1520257927932 HTTP/1.1" 200 29
186.103.159.43 - - [05/Mar/2018:10:52:56 -0300] "POST /cormun/servlet/solicitudot?gx-no-cache=1520257928016 HTTP/1.1" 200 1317
186.103.159.43 - - [05/Mar/2018:10:52:56 -0300] "POST /cormun/servlet/solicitudot?gx-no-cache=1520257928117 HTTP/1.1" 200 1215
192.168.10.56 - - [05/Mar/2018:10:53:00 -0300] "GET /cormun/servlet/solicitudgral?UPD,2018,9222, HTTP/1.1" 200 12889
192.168.10.56 - - [05/Mar/2018:10:53:01 -0300] "GET /cormun/servlet/solicitudgral?UPD,2018,9222, HTTP/1.1" 200 12898
192.168.10.56 - - [05/Mar/2018:10:53:01 -0300] "POST /cormun/servlet/solicitudgral?gx-no-cache=1520257821077 HTTP/1.1" 200 3909
192.168.10.56 - - [05/Mar/2018:10:53:01 -0300] "GET /cormun/servlet/solicitudgral?75dde68c758b52f41702dfca75180dc0b93f33d779dc313ef93a23d15ae1c0f5ae0919b16f441e5cef51070cb508d37c25f6d81973fb1bbc44ec357c962ee0616d1ea28b83809108f2542b29bacb54aea3cb6105f4b7018d05cec9cf4f57f75eed26cbbe354542221711913edba6c27974620aafb1b472987caba665bee91905638139179a9a94fbbc0252fedf9601f477575c8fa30ee4e2d43f33e4f94c4ec15bbbd3d36eaffcffc49312e6da55f40989881a4c8ba83612251190cd374480c634eb230b61c94ced4f65498f2ee6b9ca95b4552a825ecfbfa1c75f2195d7095f8615132657dbbc65d3751a57d648501f99a0ded66453a92cf48e580fc470ca2f3dffe222864d0fba00ec1e0e98782c22cead91b24f807cbe0f5ecb4ffd7329b8f91ce5609fec9344ee1ae9751cbf6ae65eb04a39f348bf28afded63d3d26fc2564bc1325421784865f997e2b128eede8,gx-no-cache=1520257821239 HTTP/1.1" 200 240
186.103.156.24 - - [05/Mar/2018:10:53:01 -0300] "GET /cormun/servlet/solicitudotadjuntos?INS,2018,9987,,1, HTTP/1.1" 200 6265
186.103.156.24 - - [05/Mar/2018:10:53:02 -0300] "GET /cormun/static/about:blank HTTP/1.1" 404 1011
186.103.156.24 - - [05/Mar/2018:10:53:02 -0300] "GET /cormun/servlet/solicitudotadjuntos?INS,2018,9987,,1, HTTP/1.1" 200 6258
186.103.156.24 - - [05/Mar/2018:10:53:02 -0300] "GET /cormun/servlet/solicitudotadjuntos?1d8b694a30e5ab8ee2babbd1048c9ee892031b8454c84e432a6c04f218abd805015a2bffee063e905f286dce5a8c92aa,gx-no-cache=1520257933435 HTTP/1.1" 200 30
186.103.156.24 - - [05/Mar/2018:10:53:03 -0300] "POST /cormun/servlet/solicitudotadjuntos?0cc994f8f5cfeac48bba73b46c1bd8a0,INS,2018,9987,,1,,gx-no-cache=1520257933524 HTTP/1.1" 200 3985
192.168.10.56 - - [05/Mar/2018:10:53:03 -0300] "GET /cormun/servlet/solicitudgral?75dde68c758b52f41702dfca75180dc0af5a54563825304221d3f5d6810c75fc4ed006a9427ea758bfbf3d1a974622683dffe222864d0fba00ec1e0e98782c2266a6cfac3c733f02b4263ab4a9d7e399864cd1e1c41b4cb4909ae077d523f690a1cd50e7caa62e4289bc626728da91f52963600859666fb123a557ed898537091b2f8a78fa87b1f2d26ef3d7b570c43d0607213739d1a65c3c0820aebaf4e529138111c2267575f24f971f1cfc4abbeb88c828dbc4ecc1586acde7370e5521d0c9097e49b80f66cc70f1c4a0c0752b0409e7c4f7a2a2c946a1d89b9917f26c843652b9983a243450046253ef4fb1ff398b867b2026a0705f788eeb11d3640a96675c5bf2127ab5770febea3e76419f8954b9c06393b4b49b0a56143b973f8f5d7d8c80484bcd8f768c9e3d3fdc51f42be32cb4ddb75c3611c1654d60ea4f0ad899a4d573ecac0bfdcb3f58c2ba8713865b59197d597b593c2e882d35b66a489e675c5bf2127ab5770febea3e76419f894f2af8f653834761f07b9b502c2afa01bd66ed3ae370529e30c9b2b01cf3af93a5ea63807f54bc57a9dcfdbb96aae62aac78421c3d9b2f758f6389348128a8c4,gx-no-cache=1520257823541 HTTP/1.1" 200 48
192.168.10.89 - - [05/Mar/2018:10:53:04 -0300] "GET /cormun/servlet/securityusers?UPD,3845, HTTP/1.1" 200 7501
192.168.10.89 - - [05/Mar/2018:10:53:08 -0300] "POST /cormun/servlet/securityusers?82a5d372e7df397d62e7f4de7527a758,UPD,3845,,gx-no-cache=1520257827669 HTTP/1.1" 200 93
192.168.10.89 - - [05/Mar/2018:10:53:08 -0300] "GET /cormun/servlet/hpexe_return? HTTP/1.1" 200 1013
186.103.156.24 - - [05/Mar/2018:10:53:08 -0300] "POST /cormun/servlet/solicitudotadjuntos?gx-no-cache=1520257938975 HTTP/1.1" 200 26
192.168.10.89 - - [05/Mar/2018:10:53:08 -0300] "GET /cormun/servlet/trsecurityuser01 HTTP/1.1" 200 12305
190.151.100.218 - - [05/Mar/2018:10:53:08 -0300] "GET /cormun/servlet/solicitudot?INS,0,0, HTTP/1.1" 200 13651
190.151.100.218 - - [05/Mar/2018:10:53:08 -0300] "GET /cormun/static/gxcfg.js?201812313224582 HTTP/1.1" 304 -
186.67.203.186 - - [05/Mar/2018:10:53:08 -0300] "GET /cormun/static/solicitudot.js?201812313224831 HTTP/1.1" 304 -
186.67.203.186 - - [05/Mar/2018:10:53:09 -0300] "GET /cormun/servlet/solicitudot?INS,0,0, HTTP/1.1" 200 13656
192.168.10.56 - - [05/Mar/2018:10:53:09 -0300] "POST /cormun/servlet/solicitudgral?c967522d3182b5c31d5a761c445aa71a,UPD,2018,9222,,gx-no-cache=1520257829127 HTTP/1.1" 200 11793
192.168.10.56 - - [05/Mar/2018:10:53:09 -0300] "GET /cormun/servlet/solicitudgral?75dde68c758b52f41702dfca75180dc0e2d62a8932a8c8570b549982a215175223f6cafd1766be75fc5c4c8b194a2ce0142e74dcfd50a4613b733a60c3552896fdb9ea77aa1804dab50d28ca77db5e86d2279619fae205a4c839221166849bf0189a5fe7150a5d0602a969ca8d32fc0343470aac3f21f8c2e508458b062a478e2e6cf11ef618753ee08f63e0fe5a552b8240e24803d0a76b8f643b3cc014bd16,gx-no-cache=1520257829311 HTTP/1.1" 200 29
192.168.10.56 - - [05/Mar/2018:10:53:09 -0300] "POST /cormun/servlet/solicitudgral?gx-no-cache=1520257829326 HTTP/1.1" 200 1296
192.168.10.56 - - [05/Mar/2018:10:53:09 -0300] "POST /cormun/servlet/solicitudgral?gx-no-cache=1520257829363 HTTP/1.1" 200 1219
192.168.10.56 - - [05/Mar/2018:10:53:09 -0300] "POST /cormun/servlet/solicitudgral?c967522d3182b5c31d5a761c445aa71a,UPD,2018,9222,,gx-no-cache=1520257829409 HTTP/1.1" 200 93
192.168.10.56 - - [05/Mar/2018:10:53:09 -0300] "GET /cormun/servlet/hpexe_return? HTTP/1.1" 200 1015
192.168.10.56 - - [05/Mar/2018:10:53:10 -0300] "GET /cormun/servlet/trsolicitudgral? HTTP/1.1" 200 24371
192.168.10.56 - - [05/Mar/2018:10:53:11 -0300] "GET /cormun/servlet/trsolicitudgral? HTTP/1.1" 200 24366
186.103.159.43 - - [05/Mar/2018:10:53:15 -0300] "GET /cormun/servlet/solicitudot?cb38d414940a7ce3ab12812d19020ece76f0449df7363408ed096e1fa1b0987b1c5eee9a1806e1a984b4cf118d3f9875,gx-no-cache=1520257946513 HTTP/1.1" 200 30
200.111.191.210 - - [05/Mar/2018:10:53:16 -0300] "GET /cormun/servlet/hlogin HTTP/1.1" 200 1723
190.151.100.218 - - [05/Mar/2018:10:53:16 -0300] "POST /cormun/servlet/solicitudot?gx-no-cache=1520257946623 HTTP/1.1" 200 3293
200.111.191.210 - - [05/Mar/2018:10:53:16 -0300] "GET /cormun/static/gxcfg.js?20175251213516 HTTP/1.1" 304 -
200.111.191.210 - - [05/Mar/2018:10:53:16 -0300] "GET /cormun/static/gxtimezone.js?85251 HTTP/1.1" 304 -
200.111.191.210 - - [05/Mar/2018:10:53:16 -0300] "GET /cormun/static/messages.spa.js?85251 HTTP/1.1" 304 -
200.111.191.210 - - [05/Mar/2018:10:53:16 -0300] "GET /cormun/servlet/hlogin HTTP/1.1" 200 1733
190.151.100.218 - - [05/Mar/2018:10:53:16 -0300] "POST /cormun/servlet/solicitudot?1c2e1afa1460b0d254975771a1b1fb6a,INS,0,0,,gx-no-cache=1520257947041 HTTP/1.1" 200 10450
190.151.100.218 - - [05/Mar/2018:10:53:18 -0300] "GET /cormun/servlet/solicitudot?720de4a177aa68f987c5d09c673401435c4b1419371e5dce93596fda39a07e17411a73478d6a9ae2d45dd0eb9931233f,gx-no-cache=1520257949018 HTTP/1.1" 200 30
200.111.191.210 - - [05/Mar/2018:10:53:19 -0300] "POST /cormun/servlet/hlogin?06c400d7986a343895eb63bbddc49c43,gx-no-cache=1520257950460 HTTP/1.1" 200 439
192.168.10.56 - - [05/Mar/2018:10:53:19 -0300] "GET /cormun/servlet/solicitudgral?UPD,2018,8330, HTTP/1.1" 200 12757
192.168.10.56 - - [05/Mar/2018:10:53:20 -0300] "GET /cormun/servlet/solicitudgral?UPD,2018,8330, HTTP/1.1" 200 12766
192.168.10.56 - - [05/Mar/2018:10:53:20 -0300] "POST /cormun/servlet/solicitudgral?gx-no-cache=1520257840433 HTTP/1.1" 200 3923
192.168.10.56 - - [05/Mar/2018:10:53:21 -0300] "GET /cormun/servlet/solicitudgral?75dde68c758b52f41702dfca75180dc0b93f33d779dc313ef93a23d15ae1c0f5a76858ad80be65dfdb273ef32cb1209a25f6d81973fb1bbc44ec357c962ee0616d1ea28b83809108f2542b29bacb54aea3cb6105f4b7018d05cec9cf4f57f75eed26cbbe354542221711913edba6c27974620aafb1b472987caba665bee91905638139179a9a94fbbc0252fedf9601f477575c8fa30ee4e2d43f33e4f94c4ec15bbbd3d36eaffcffc49312e6da55f40989881a4c8ba83612251190cd374480c634eb230b61c94ced4f65498f2ee6b9ca95b4552a825ecfbfa1c75f2195d7095f8615132657dbbc65d3751a57d648501f99a0ded66453a92cf48e580fc470ca2f3dffe222864d0fba00ec1e0e98782c22cead91b24f807cbe0f5ecb4ffd7329b8f91ce5609fec9344ee1ae9751cbf6ae65eb04a39f348bf28afded63d3d26fc2564bc1325421784865f997e2b128eede8,gx-no-cache=1520257840582 HTTP/1.1" 200 297
186.103.159.43 - - [05/Mar/2018:10:53:24 -0300] "POST /cormun/servlet/solicitudot?gx-no-cache=1520257956369 HTTP/1.1" 200 30
200.111.191.210 - - [05/Mar/2018:10:53:25 -0300] "POST /cormun/servlet/hlogin?06c400d7986a343895eb63bbddc49c43,gx-no-cache=1520257956634 HTTP/1.1" 200 90
200.111.191.210 - - [05/Mar/2018:10:53:25 -0300] "GET /cormun/servlet/hpexe_link HTTP/1.1" 200 952
200.111.191.210 - - [05/Mar/2018:10:53:25 -0300] "GET /cormun/static/gxcfg.js?20177612121792 HTTP/1.1" 304 -
200.111.191.210 - - [05/Mar/2018:10:53:25 -0300] "GET /cormun/servlet/hhome HTTP/1.1" 200 4192
200.111.191.210 - - [05/Mar/2018:10:53:25 -0300] "GET /cormun/static/gxcfg.js?20175251212442 HTTP/1.1" 304 -
200.111.191.210 - - [05/Mar/2018:10:53:25 -0300] "GET /cormun/static/PXToolsJavascripts/pexe_layers.js HTTP/1.1" 200 4114
200.111.191.210 - - [05/Mar/2018:10:53:25 -0300] "GET /cormun/servlet/hhome HTTP/1.1" 200 4190
192.168.10.56 - - [05/Mar/2018:10:53:29 -0300] "GET /cormun/servlet/solicitudgral?75dde68c758b52f41702dfca75180dc0af5a54563825304221d3f5d6810c75fc4ed006a9427ea758bfbf3d1a974622683dffe222864d0fba00ec1e0e98782c2266a6cfac3c733f02b4263ab4a9d7e399864cd1e1c41b4cb4909ae077d523f690a1cd50e7caa62e4289bc626728da91f52963600859666fb123a557ed898537091b2f8a78fa87b1f2d26ef3d7b570c43d0607213739d1a65c3c0820aebaf4e529138111c2267575f24f971f1cfc4abbeb88c828dbc4ecc1586acde7370e5521d0c9097e49b80f66cc70f1c4a0c0752b0409e7c4f7a2a2c946a1d89b9917f26c843652b9983a243450046253ef4fb1ff398b867b2026a0705f788eeb11d3640a96675c5bf2127ab5770febea3e76419f8954b9c06393b4b49b0a56143b973f8f5d7d8c80484bcd8f768c9e3d3fdc51f42be32cb4ddb75c3611c1654d60ea4f0ad899a4d573ecac0bfdcb3f58c2ba8713865b59197d597b593c2e882d35b66a489e675c5bf2127ab5770febea3e76419f894f2af8f653834761f07b9b502c2afa01bd66ed3ae370529e30c9b2b01cf3af93a5ea63807f54bc57a9dcfdbb96aae62aac78421c3d9b2f758f6389348128a8c4,gx-no-cache=1520257849029 HTTP/1.1" 200 48
200.111.191.210 - - [05/Mar/2018:10:53:29 -0300] "GET /cormun/servlet/trvisualizadoreventos? HTTP/1.1" 200 6947
200.111.191.210 - - [05/Mar/2018:10:53:29 -0300] "GET /cormun/static/gxcfg.js?20175251251426 HTTP/1.1" 304 -
200.111.191.210 - - [05/Mar/2018:10:53:29 -0300] "GET /cormun/static/calendar.js?85251 HTTP/1.1" 304 -
200.111.191.210 - - [05/Mar/2018:10:53:29 -0300] "GET /cormun/static/calendar-setup.js?85251 HTTP/1.1" 304 -
200.111.191.210 - - [05/Mar/2018:10:53:29 -0300] "GET /cormun/static/calendar-es.js?85251 HTTP/1.1" 304 -
200.111.191.210 - - [05/Mar/2018:10:53:29 -0300] "GET /cormun/static/gxdec.js?85251 HTTP/1.1" 304 -
200.111.191.210 - - [05/Mar/2018:10:53:29 -0300] "GET /cormun/servlet/trvisualizadoreventos? HTTP/1.1" 200 6946
186.103.156.24 - - [05/Mar/2018:10:53:30 -0300] "GET /cormun/servlet/solicitudotadjuntos?1d8b694a30e5ab8ee2babbd1048c9ee81cd528735a2997ce96b56864c9940362,gx-no-cache=1520257960376 HTTP/1.1" 200 30
186.103.156.24 - - [05/Mar/2018:10:53:30 -0300] "GET /cormun/servlet/solicitudotadjuntos?1d8b694a30e5ab8ee2babbd1048c9ee81cd528735a2997ce96b56864c9940362,gx-no-cache=1520257961110 HTTP/1.1" 200 30
200.111.191.210 - - [05/Mar/2018:10:53:32 -0300] "GET /cormun/static/menuarrow.gif HTTP/1.1" 404 1015
192.168.10.56 - - [05/Mar/2018:10:53:33 -0300] "POST /cormun/servlet/solicitudgral?c967522d3182b5c31d5a761c445aa71a,UPD,2018,8330,,gx-no-cache=1520257853422 HTTP/1.1" 200 11846
192.168.10.56 - - [05/Mar/2018:10:53:33 -0300] "GET /cormun/servlet/solicitudgral?75dde68c758b52f41702dfca75180dc0e4c44fae6426ccf31aaf863750db90a923f6cafd1766be75fc5c4c8b194a2ce0346b99d90dd88906ee520b61edc4ccd249a556f0a364e3274cee89dc388d33dd12fec81704d5c6ed4f515c01e882ca4a4d235d222dfdddf154c902ce7b3102bd,gx-no-cache=1520257853624 HTTP/1.1" 200 29
192.168.10.56 - - [05/Mar/2018:10:53:34 -0300] "POST /cormun/servlet/solicitudgral?gx-no-cache=1520257853639 HTTP/1.1" 200 1296
192.168.10.56 - - [05/Mar/2018:10:53:34 -0300] "POST /cormun/servlet/solicitudgral?gx-no-cache=1520257853681 HTTP/1.1" 200 1218
200.111.191.210 - - [05/Mar/2018:10:53:36 -0300] "POST /cormun/servlet/trvisualizadoreventos?06c400d7986a343895eb63bbddc49c43,,gx-no-cache=1520257968285 HTTP/1.1" 200 4133
186.103.156.24 - - [05/Mar/2018:10:53:40 -0300] "POST /cormun/servlet/solicitudotadjuntos?0cc994f8f5cfeac48bba73b46c1bd8a0,INS,2018,9987,,1, HTTP/1.1" 200 116
186.103.156.24 - - [05/Mar/2018:10:53:40 -0300] "GET /cormun/servlet/hpexe_return? HTTP/1.1" 200 1026
186.103.156.24 - - [05/Mar/2018:10:53:41 -0300] "GET /cormun/servlet/trsolicitudadjuntos?2018,9987, HTTP/1.1" 200 9097
186.103.156.24 - - [05/Mar/2018:10:53:42 -0300] "GET /cormun/servlet/trsolicitudadjuntos?2018,9987, HTTP/1.1" 200 9096
200.111.191.210 - - [05/Mar/2018:10:53:42 -0300] "POST /cormun/servlet/trvisualizadoreventos?06c400d7986a343895eb63bbddc49c43,,gx-no-cache=1520257974296 HTTP/1.1" 200 4691
192.168.10.56 - - [05/Mar/2018:10:53:46 -0300] "POST /cormun/servlet/solicitudgral?c967522d3182b5c31d5a761c445aa71a,UPD,2018,8330,,gx-no-cache=1520257865557 HTTP/1.1" 200 93
192.168.10.56 - - [05/Mar/2018:10:53:46 -0300] "GET /cormun/servlet/hpexe_return? HTTP/1.1" 200 1016
192.168.10.56 - - [05/Mar/2018:10:53:46 -0300] "GET /cormun/servlet/trsolicitudgral HTTP/1.1" 200 23934
192.168.10.56 - - [05/Mar/2018:10:53:47 -0300] "GET /cormun/servlet/trsolicitudgral HTTP/1.1" 200 23929
186.103.156.24 - - [05/Mar/2018:10:53:47 -0300] "GET /cormun/servlet/solicitudotadjuntos?INS,2018,9987,,1, HTTP/1.1" 200 6265
186.103.156.24 - - [05/Mar/2018:10:53:47 -0300] "GET /cormun/static/about:blank HTTP/1.1" 404 1011
186.103.156.24 - - [05/Mar/2018:10:53:48 -0300] "GET /cormun/servlet/solicitudotadjuntos?INS,2018,9987,,1, HTTP/1.1" 200 6259
186.103.156.24 - - [05/Mar/2018:10:53:48 -0300] "GET /cormun/servlet/solicitudotadjuntos?1d8b694a30e5ab8ee2babbd1048c9ee892031b8454c84e432a6c04f218abd805015a2bffee063e905f286dce5a8c92aa,gx-no-cache=1520257979221 HTTP/1.1" 200 30
186.103.156.24 - - [05/Mar/2018:10:53:49 -0300] "POST /cormun/servlet/solicitudotadjuntos?0cc994f8f5cfeac48bba73b46c1bd8a0,INS,2018,9987,,1,,gx-no-cache=1520257979279 HTTP/1.1" 200 3986
200.111.191.210 - - [05/Mar/2018:10:53:51 -0300] "POST /cormun/servlet/trvisualizadoreventos?06c400d7986a343895eb63bbddc49c43,,gx-no-cache=1520257983304 HTTP/1.1" 200 5356
192.168.10.56 - - [05/Mar/2018:10:53:57 -0300] "GET /cormun/servlet/solicitudgral2?UPD,2018,8283, HTTP/1.1" 200 12879
192.168.10.56 - - [05/Mar/2018:10:53:57 -0300] "GET /cormun/static/gxcfg.js?20181911361990 HTTP/1.1" 304 -
192.168.10.56 - - [05/Mar/2018:10:53:57 -0300] "GET /cormun/static/solicitudgral2.js?20181911362067 HTTP/1.1" 304 -
192.168.10.56 - - [05/Mar/2018:10:53:58 -0300] "GET /cormun/servlet/solicitudgral2?UPD,2018,8283, HTTP/1.1" 200 12891
192.168.10.56 - - [05/Mar/2018:10:53:58 -0300] "POST /cormun/servlet/solicitudgral2?gx-no-cache=1520257878288 HTTP/1.1" 200 3876
192.168.10.56 - - [05/Mar/2018:10:53:58 -0300] "GET /cormun/servlet/solicitudgral2?75dde68c758b52f41702dfca75180dc0b93f33d779dc313ef93a23d15ae1c0f53850c44840168e230dd10d73d9ead0e725f6d81973fb1bbc44ec357c962ee0616d1ea28b83809108f2542b29bacb54aea3cb6105f4b7018d05cec9cf4f57f75eed26cbbe354542221711913edba6c27974620aafb1b472987caba665bee91905638139179a9a94fbbc0252fedf9601f477575c8fa30ee4e2d43f33e4f94c4ec15bbbd3d36eaffcffc49312e6da55f40989881a4c8ba83612251190cd374480c634eb230b61c94ced4f65498f2ee6b9ca95b4552a825ecfbfa1c75f2195d7095f8615132657dbbc65d3751a57d648501f99a0ded66453a92cf48e580fc470ca2f3dffe222864d0fba00ec1e0e98782c22cead91b24f807cbe0f5ecb4ffd7329b8f91ce5609fec9344ee1ae9751cbf6ae65eb04a39f348bf28afded63d3d26fc2564bc1325421784865f997e2b128eede8,gx-no-cache=1520257878421 HTTP/1.1" 200 255
192.168.10.56 - - [05/Mar/2018:10:53:58 -0300] "POST /cormun/servlet/solicitudgral2?gx-no-cache=1520257878444 HTTP/1.1" 200 1399
192.168.10.56 - - [05/Mar/2018:10:53:58 -0300] "GET /cormun/servlet/solicitudgral2?75dde68c758b52f41702dfca75180dc07588851d30772468ee2d871a3af42ab54c9ef58ca02e0b66fa10a59b260a7bc914bcaeac22fa27ff2fbd75f32e2a20a6f2d12b89b1959beab920cbad7121d3757a29dfff3071923bfd8f1d6fe5df87cdda8d07c6e92ad5b9b6d1d51549a73f26,gx-no-cache=1520257878496 HTTP/1.1" 200 41
200.111.191.210 - - [05/Mar/2018:10:54:00 -0300] "POST /cormun/servlet/trvisualizadoreventos?06c400d7986a343895eb63bbddc49c43,,gx-no-cache=1520257991832 HTTP/1.1" 200 7410
192.168.10.89 - - [05/Mar/2018:10:54:03 -0300] "GET /cormun/servlet/hlogin HTTP/1.1" 200 1738
192.168.10.56 - - [05/Mar/2018:10:54:07 -0300] "POST /cormun/servlet/solicitudgral2?c967522d3182b5c31d5a761c445aa71a,UPD,2018,8283,,gx-no-cache=1520257887223 HTTP/1.1" 200 11831
192.168.10.56 - - [05/Mar/2018:10:54:07 -0300] "GET /cormun/servlet/solicitudgral2?75dde68c758b52f41702dfca75180dc0e2d62a8932a8c8570b549982a215175223f6cafd1766be75fc5c4c8b194a2ce0142e74dcfd50a4613b733a60c3552896fdb9ea77aa1804dab50d28ca77db5e86d2279619fae205a4c839221166849bf0189a5fe7150a5d0602a969ca8d32fc0343470aac3f21f8c2e508458b062a478e2e6cf11ef618753ee08f63e0fe5a552b8240e24803d0a76b8f643b3cc014bd16,gx-no-cache=1520257887422 HTTP/1.1" 200 29
192.168.10.56 - - [05/Mar/2018:10:54:07 -0300] "POST /cormun/servlet/solicitudgral2?gx-no-cache=1520257887441 HTTP/1.1" 200 1296
192.168.10.56 - - [05/Mar/2018:10:54:07 -0300] "POST /cormun/servlet/solicitudgral2?gx-no-cache=1520257887484 HTTP/1.1" 200 1218
192.168.10.56 - - [05/Mar/2018:10:54:07 -0300] "GET /cormun/servlet/solicitudgral2?75dde68c758b52f41702dfca75180dc04b443ed9daef2a8823f4f43ca9e96ae74889c75f16eca79337c7ef262d75917e62952ede6f7a500fe75e923051f4e9a25e799fa8dbdd6eaf4ee56788846d1630fe119adb9f5f8e252ee0f9a277af9d00d24b426f5eea62855a15b687b0eb25696da8178c96f9618172b55e874fb1f2ec,gx-no-cache=1520257887526 HTTP/1.1" 200 30
192.168.10.56 - - [05/Mar/2018:10:54:08 -0300] "POST /cormun/servlet/solicitudgral2?c967522d3182b5c31d5a761c445aa71a,UPD,2018,8283,,gx-no-cache=1520257887553 HTTP/1.1" 200 93
192.168.10.56 - - [05/Mar/2018:10:54:08 -0300] "GET /cormun/servlet/hpexe_return? HTTP/1.1" 200 1017
192.168.10.89 - - [05/Mar/2018:10:54:08 -0300] "POST /cormun/servlet/hlogin?82a5d372e7df397d62e7f4de7527a758,gx-no-cache=1520257888182 HTTP/1.1" 200 90
192.168.10.89 - - [05/Mar/2018:10:54:08 -0300] "GET /cormun/servlet/hpexe_link HTTP/1.1" 200 961
192.168.10.56 - - [05/Mar/2018:10:54:08 -0300] "GET /cormun/servlet/trsolicitudgral HTTP/1.1" 200 23629
192.168.10.89 - - [05/Mar/2018:10:54:08 -0300] "GET /cormun/servlet/trsecurityuser01 HTTP/1.1" 200 12302
192.168.10.56 - - [05/Mar/2018:10:54:09 -0300] "GET /cormun/servlet/trsolicitudgral HTTP/1.1" 200 23624
192.168.10.89 - - [05/Mar/2018:10:54:13 -0300] "GET /cormun/servlet/trsolicitudgral? HTTP/1.1" 500 10
192.168.10.89 - - [05/Mar/2018:10:54:15 -0300] "GET /cormun/servlet/trsecurityuser01 HTTP/1.1" 200 12290
192.168.10.56 - - [05/Mar/2018:10:54:18 -0300] "GET /cormun/servlet/solicitudgral2?UPD,2018,8266, HTTP/1.1" 200 12891
192.168.10.56 - - [05/Mar/2018:10:54:18 -0300] "GET /cormun/servlet/solicitudgral2?UPD,2018,8266, HTTP/1.1" 200 12901
192.168.10.56 - - [05/Mar/2018:10:54:19 -0300] "POST /cormun/servlet/solicitudgral2?gx-no-cache=1520257898652 HTTP/1.1" 200 3912
192.168.10.56 - - [05/Mar/2018:10:54:19 -0300] "GET /cormun/servlet/solicitudgral2?75dde68c758b52f41702dfca75180dc0b93f33d779dc313ef93a23d15ae1c0f53850c44840168e230dd10d73d9ead0e725f6d81973fb1bbc44ec357c962ee0616d1ea28b83809108f2542b29bacb54aea3cb6105f4b7018d05cec9cf4f57f75eed26cbbe354542221711913edba6c27974620aafb1b472987caba665bee91905638139179a9a94fbbc0252fedf9601f477575c8fa30ee4e2d43f33e4f94c4ec15bbbd3d36eaffcffc49312e6da55f40989881a4c8ba83612251190cd374480c634eb230b61c94ced4f65498f2ee6b9ca95b4552a825ecfbfa1c75f2195d7095f8615132657dbbc65d3751a57d648501f99a0ded66453a92cf48e580fc470ca2f3dffe222864d0fba00ec1e0e98782c22cead91b24f807cbe0f5ecb4ffd7329b8f91ce5609fec9344ee1ae9751cbf6ae65eb04a39f348bf28afded63d3d26fc2564bc1325421784865f997e2b128eede8,gx-no-cache=1520257898798 HTTP/1.1" 200 255
192.168.10.56 - - [05/Mar/2018:10:54:19 -0300] "POST /cormun/servlet/solicitudgral2?gx-no-cache=1520257898821 HTTP/1.1" 200 1399
192.168.10.56 - - [05/Mar/2018:10:54:19 -0300] "GET /cormun/servlet/solicitudgral2?75dde68c758b52f41702dfca75180dc07588851d30772468ee2d871a3af42ab54c9ef58ca02e0b66fa10a59b260a7bc914bcaeac22fa27ff2fbd75f32e2a20a6f2d12b89b1959beab920cbad7121d3757a29dfff3071923bfd8f1d6fe5df87cdda8d07c6e92ad5b9b6d1d51549a73f26,gx-no-cache=1520257898870 HTTP/1.1" 200 41
192.168.10.89 - - [05/Mar/2018:10:54:21 -0300] "GET /cormun/servlet/trsolicitudgral? HTTP/1.1" 500 10
192.168.10.89 - - [05/Mar/2018:10:54:23 -0300] "GET /cormun/servlet/trsecurityuser01 HTTP/1.1" 200 12290
192.168.10.89 - - [05/Mar/2018:10:54:24 -0300] "GET /cormun/servlet/hlogin HTTP/1.1" 200 1738
186.103.159.43 - - [05/Mar/2018:10:54:25 -0300] "POST /cormun/servlet/solicitudot?gx-no-cache=1520257998309 HTTP/1.1" 200 30
192.168.10.89 - - [05/Mar/2018:10:54:30 -0300] "POST /cormun/servlet/hlogin?82a5d372e7df397d62e7f4de7527a758,gx-no-cache=1520257909764 HTTP/1.1" 200 90
192.168.10.89 - - [05/Mar/2018:10:54:30 -0300] "GET /cormun/servlet/hpexe_link HTTP/1.1" 200 953
192.168.10.56 - - [05/Mar/2018:10:54:30 -0300] "POST /cormun/servlet/solicitudgral2?c967522d3182b5c31d5a761c445aa71a,UPD,2018,8266,,gx-no-cache=1520257909750 HTTP/1.1" 200 11854
192.168.10.56 - - [05/Mar/2018:10:54:30 -0300] "GET /cormun/servlet/solicitudgral2?75dde68c758b52f41702dfca75180dc0e2d62a8932a8c8570b549982a215175223f6cafd1766be75fc5c4c8b194a2ce0142e74dcfd50a4613b733a60c3552896fdb9ea77aa1804dab50d28ca77db5e86d2279619fae205a4c839221166849bf0189a5fe7150a5d0602a969ca8d32fc0343470aac3f21f8c2e508458b062a478e2e6cf11ef618753ee08f63e0fe5a552b8240e24803d0a76b8f643b3cc014bd16,gx-no-cache=1520257909952 HTTP/1.1" 200 29
192.168.10.89 - - [05/Mar/2018:10:54:30 -0300] "GET /cormun/servlet/hhome HTTP/1.1" 200 4923
192.168.10.56 - - [05/Mar/2018:10:54:30 -0300] "POST /cormun/servlet/solicitudgral2?gx-no-cache=1520257909972 HTTP/1.1" 200 1296
192.168.10.56 - - [05/Mar/2018:10:54:30 -0300] "POST /cormun/servlet/solicitudgral2?gx-no-cache=1520257910018 HTTP/1.1" 200 1218
192.168.10.56 - - [05/Mar/2018:10:54:30 -0300] "GET /cormun/servlet/solicitudgral2?75dde68c758b52f41702dfca75180dc04b443ed9daef2a8823f4f43ca9e96ae74889c75f16eca79337c7ef262d75917e62952ede6f7a500fe75e923051f4e9a25e799fa8dbdd6eaf4ee56788846d1630fe119adb9f5f8e252ee0f9a277af9d00d24b426f5eea62855a15b687b0eb25696da8178c96f9618172b55e874fb1f2ec,gx-no-cache=1520257910057 HTTP/1.1" 200 30
192.168.10.56 - - [05/Mar/2018:10:54:30 -0300] "POST /cormun/servlet/solicitudgral2?c967522d3182b5c31d5a761c445aa71a,UPD,2018,8266,,gx-no-cache=1520257910083 HTTP/1.1" 200 93
192.168.10.56 - - [05/Mar/2018:10:54:30 -0300] "GET /cormun/servlet/hpexe_return? HTTP/1.1" 200 1017
192.168.10.56 - - [05/Mar/2018:10:54:31 -0300] "GET /cormun/servlet/trsolicitudgral HTTP/1.1" 200 23291
192.168.10.56 - - [05/Mar/2018:10:54:31 -0300] "GET /cormun/servlet/trsolicitudgral HTTP/1.1" 200 23286
192.168.10.89 - - [05/Mar/2018:10:54:33 -0300] "GET /cormun/servlet/trsecurityrole? HTTP/1.1" 200 10780
192.168.10.89 - - [05/Mar/2018:10:54:33 -0300] "GET /cormun/static/gxcfg.js?20175251224777 HTTP/1.1" 304 -
186.103.156.24 - - [05/Mar/2018:10:54:34 -0300] "POST /cormun/servlet/solicitudotadjuntos?gx-no-cache=1520258025383 HTTP/1.1" 200 26
192.168.10.89 - - [05/Mar/2018:10:54:39 -0300] "POST /cormun/servlet/trsecurityrole?82a5d372e7df397d62e7f4de7527a758,,gx-no-cache=1520257918771 HTTP/1.1" 200 4783
192.168.10.56 - - [05/Mar/2018:10:54:39 -0300] "GET /cormun/servlet/solicitudgral2?UPD,2018,8259, HTTP/1.1" 200 12884
192.168.10.56 - - [05/Mar/2018:10:54:40 -0300] "GET /cormun/servlet/solicitudgral2?UPD,2018,8259, HTTP/1.1" 200 12894
192.168.10.56 - - [05/Mar/2018:10:54:40 -0300] "POST /cormun/servlet/solicitudgral2?gx-no-cache=1520257920191 HTTP/1.1" 200 3892
192.168.10.56 - - [05/Mar/2018:10:54:40 -0300] "GET /cormun/servlet/solicitudgral2?75dde68c758b52f41702dfca75180dc0b93f33d779dc313ef93a23d15ae1c0f53850c44840168e230dd10d73d9ead0e725f6d81973fb1bbc44ec357c962ee0616d1ea28b83809108f2542b29bacb54aea3cb6105f4b7018d05cec9cf4f57f75eed26cbbe354542221711913edba6c27974620aafb1b472987caba665bee91905638139179a9a94fbbc0252fedf9601f477575c8fa30ee4e2d43f33e4f94c4ec15bbbd3d36eaffcffc49312e6da55f40989881a4c8ba83612251190cd374480c634eb230b61c94ced4f65498f2ee6b9ca95b4552a825ecfbfa1c75f2195d7095f8615132657dbbc65d3751a57d648501f99a0ded66453a92cf48e580fc470ca2f3dffe222864d0fba00ec1e0e98782c22cead91b24f807cbe0f5ecb4ffd7329b8f91ce5609fec9344ee1ae9751cbf6ae65eb04a39f348bf28afded63d3d26fc2564bc1325421784865f997e2b128eede8,gx-no-cache=1520257920364 HTTP/1.1" 200 255
192.168.10.56 - - [05/Mar/2018:10:54:40 -0300] "POST /cormun/servlet/solicitudgral2?gx-no-cache=1520257920398 HTTP/1.1" 200 1398
192.168.10.56 - - [05/Mar/2018:10:54:40 -0300] "GET /cormun/servlet/solicitudgral2?75dde68c758b52f41702dfca75180dc07588851d30772468ee2d871a3af42ab54c9ef58ca02e0b66fa10a59b260a7bc914bcaeac22fa27ff2fbd75f32e2a20a6f2d12b89b1959beab920cbad7121d3757a29dfff3071923bfd8f1d6fe5df87cdda8d07c6e92ad5b9b6d1d51549a73f26,gx-no-cache=1520257920490 HTTP/1.1" 200 41
186.103.156.24 - - [05/Mar/2018:10:54:41 -0300] "GET /cormun/servlet/solicitudotadjuntos?1d8b694a30e5ab8ee2babbd1048c9ee81cd528735a2997ce96b56864c9940362,gx-no-cache=1520258031991 HTTP/1.1" 200 30
186.103.156.24 - - [05/Mar/2018:10:54:41 -0300] "GET /cormun/servlet/solicitudotadjuntos?1d8b694a30e5ab8ee2babbd1048c9ee81cd528735a2997ce96b56864c9940362,gx-no-cache=1520258032259 HTTP/1.1" 200 30
192.168.10.56 - - [05/Mar/2018:10:54:45 -0300] "POST /cormun/servlet/solicitudgral2?c967522d3182b5c31d5a761c445aa71a,UPD,2018,8259,,gx-no-cache=1520257925311 HTTP/1.1" 200 11843
186.103.156.24 - - [05/Mar/2018:10:54:48 -0300] "POST /cormun/servlet/solicitudotadjuntos?0cc994f8f5cfeac48bba73b46c1bd8a0,INS,2018,9987,,1, HTTP/1.1" 200 116
192.168.10.89 - - [05/Mar/2018:10:54:48 -0300] "GET /cormun/servlet/trsecurityuser01? HTTP/1.1" 200 12764
186.103.156.24 - - [05/Mar/2018:10:54:48 -0300] "GET /cormun/servlet/hpexe_return? HTTP/1.1" 200 1026
186.103.156.24 - - [05/Mar/2018:10:54:49 -0300] "GET /cormun/servlet/trsolicitudadjuntos?2018,9987, HTTP/1.1" 200 9306
192.168.10.56 - - [05/Mar/2018:10:54:49 -0300] "GET /cormun/servlet/solicitudgral2?75dde68c758b52f41702dfca75180dc0e2d62a8932a8c8570b549982a215175223f6cafd1766be75fc5c4c8b194a2ce0142e74dcfd50a4613b733a60c3552896fdb9ea77aa1804dab50d28ca77db5e86d2279619fae205a4c839221166849bf0189a5fe7150a5d0602a969ca8d32fc0343470aac3f21f8c2e508458b062a478e2e6cf11ef618753ee08f63e0fe5a552b8240e24803d0a76b8f643b3cc014bd16,gx-no-cache=1520257929272 HTTP/1.1" 200 29
192.168.10.56 - - [05/Mar/2018:10:54:49 -0300] "POST /cormun/servlet/solicitudgral2?gx-no-cache=1520257929294 HTTP/1.1" 200 1295
192.168.10.56 - - [05/Mar/2018:10:54:49 -0300] "POST /cormun/servlet/solicitudgral2?gx-no-cache=1520257929333 HTTP/1.1" 200 1218
192.168.10.56 - - [05/Mar/2018:10:54:49 -0300] "GET /cormun/servlet/solicitudgral2?75dde68c758b52f41702dfca75180dc04b443ed9daef2a8823f4f43ca9e96ae74889c75f16eca79337c7ef262d75917e62952ede6f7a500fe75e923051f4e9a25e799fa8dbdd6eaf4ee56788846d1630fe119adb9f5f8e252ee0f9a277af9d00d24b426f5eea62855a15b687b0eb25696da8178c96f9618172b55e874fb1f2ec,gx-no-cache=1520257929372 HTTP/1.1" 200 30
186.103.156.24 - - [05/Mar/2018:10:54:50 -0300] "GET /cormun/servlet/trsolicitudadjuntos?2018,9987, HTTP/1.1" 200 9304
186.103.159.43 - - [05/Mar/2018:10:54:53 -0300] "POST /cormun/servlet/solicitudot?gx-no-cache=1520258044548 HTTP/1.1" 200 1333
186.103.159.43 - - [05/Mar/2018:10:54:53 -0300] "POST /cormun/servlet/solicitudot?gx-no-cache=1520258044747 HTTP/1.1" 200 41
186.103.159.43 - - [05/Mar/2018:10:54:53 -0300] "POST /cormun/servlet/solicitudot?gx-no-cache=1520258044821 HTTP/1.1" 200 1318
186.103.156.24 - - [05/Mar/2018:10:54:53 -0300] "GET /cormun/servlet/solicitudotadjuntos?INS,2018,9987,,1, HTTP/1.1" 200 6265
186.103.159.43 - - [05/Mar/2018:10:54:53 -0300] "POST /cormun/servlet/solicitudot?gx-no-cache=1520258044931 HTTP/1.1" 200 1218
186.103.159.43 - - [05/Mar/2018:10:54:53 -0300] "GET /cormun/servlet/solicitudot?cb38d414940a7ce3ab12812d19020ece76f0449df7363408ed096e1fa1b0987b1c5eee9a1806e1a984b4cf118d3f9875,gx-no-cache=1520258045025 HTTP/1.1" 200 30
186.103.159.43 - - [05/Mar/2018:10:54:53 -0300] "POST /cormun/servlet/solicitudot?gx-no-cache=1520258045100 HTTP/1.1" 200 30
186.103.156.24 - - [05/Mar/2018:10:54:53 -0300] "GET /cormun/static/about:blank HTTP/1.1" 404 1011
186.103.156.24 - - [05/Mar/2018:10:54:53 -0300] "GET /cormun/servlet/solicitudotadjuntos?INS,2018,9987,,1, HTTP/1.1" 200 6259
186.103.156.24 - - [05/Mar/2018:10:54:54 -0300] "GET /cormun/servlet/solicitudotadjuntos?1d8b694a30e5ab8ee2babbd1048c9ee892031b8454c84e432a6c04f218abd805015a2bffee063e905f286dce5a8c92aa,gx-no-cache=1520258044943 HTTP/1.1" 200 30
186.103.159.43 - - [05/Mar/2018:10:54:54 -0300] "POST /cormun/servlet/solicitudot?c6fc2810dd39e9152fde382f2dfaf8c7,INS,0,0,,gx-no-cache=1520258045196 HTTP/1.1" 200 93
186.103.156.24 - - [05/Mar/2018:10:54:54 -0300] "POST /cormun/servlet/solicitudotadjuntos?0cc994f8f5cfeac48bba73b46c1bd8a0,INS,2018,9987,,1,,gx-no-cache=1520258044992 HTTP/1.1" 200 3985
186.103.159.43 - - [05/Mar/2018:10:54:55 -0300] "GET /cormun/servlet/hpexe_return? HTTP/1.1" 200 996
186.103.159.43 - - [05/Mar/2018:10:54:55 -0300] "GET /cormun/servlet/trsolicitudot HTTP/1.1" 200 8469
186.103.159.43 - - [05/Mar/2018:10:54:56 -0300] "GET /cormun/servlet/trsolicitudot HTTP/1.1" 200 8464
192.168.10.89 - - [05/Mar/2018:10:54:56 -0300] "GET /cormun/servlet/securityusers?UPD,3845, HTTP/1.1" 200 7995
186.103.156.24 - - [05/Mar/2018:10:54:59 -0300] "POST /cormun/servlet/solicitudotadjuntos?gx-no-cache=1520258050007 HTTP/1.1" 200 26
192.168.10.56 - - [05/Mar/2018:10:55:00 -0300] "POST /cormun/servlet/solicitudgral2?c967522d3182b5c31d5a761c445aa71a,UPD,2018,8259,,gx-no-cache=1520257940462 HTTP/1.1" 200 93
192.168.10.56 - - [05/Mar/2018:10:55:01 -0300] "GET /cormun/servlet/hpexe_return? HTTP/1.1" 200 1016
192.168.10.56 - - [05/Mar/2018:10:55:01 -0300] "GET /cormun/servlet/trsolicitudgral HTTP/1.1" 200 22948
192.168.10.56 - - [05/Mar/2018:10:55:02 -0300] "GET /cormun/servlet/trsolicitudgral HTTP/1.1" 200 22944
192.168.10.89 - - [05/Mar/2018:10:55:04 -0300] "POST /cormun/servlet/securityusers?82a5d372e7df397d62e7f4de7527a758,UPD,3845,,gx-no-cache=1520257943615 HTTP/1.1" 200 93
192.168.10.89 - - [05/Mar/2018:10:55:04 -0300] "GET /cormun/servlet/hpexe_return? HTTP/1.1" 200 1013
192.168.10.89 - - [05/Mar/2018:10:55:04 -0300] "GET /cormun/servlet/trsecurityuser01 HTTP/1.1" 200 12768
186.103.156.24 - - [05/Mar/2018:10:55:08 -0300] "GET /cormun/servlet/solicitudotadjuntos?1d8b694a30e5ab8ee2babbd1048c9ee81cd528735a2997ce96b56864c9940362,gx-no-cache=1520258058968 HTTP/1.1" 200 30
186.103.156.24 - - [05/Mar/2018:10:55:08 -0300] "GET /cormun/servlet/solicitudotadjuntos?1d8b694a30e5ab8ee2babbd1048c9ee81cd528735a2997ce96b56864c9940362,gx-no-cache=1520258059024 HTTP/1.1" 200 30
192.168.10.89 - - [05/Mar/2018:10:55:11 -0300] "GET /cormun/servlet/trsecurityusersproyecto?3845, HTTP/1.1" 200 7414
192.168.10.56 - - [05/Mar/2018:10:55:12 -0300] "GET /cormun/servlet/solicitudgral2?UPD,2018,8247, HTTP/1.1" 200 12900
192.168.10.56 - - [05/Mar/2018:10:55:12 -0300] "GET /cormun/servlet/solicitudgral2?UPD,2018,8247, HTTP/1.1" 200 12910
192.168.10.56 - - [05/Mar/2018:10:55:12 -0300] "POST /cormun/servlet/solicitudgral2?gx-no-cache=1520257952508 HTTP/1.1" 200 3899
192.168.10.56 - - [05/Mar/2018:10:55:13 -0300] "GET /cormun/servlet/solicitudgral2?75dde68c758b52f41702dfca75180dc0b93f33d779dc313ef93a23d15ae1c0f53850c44840168e230dd10d73d9ead0e725f6d81973fb1bbc44ec357c962ee0616d1ea28b83809108f2542b29bacb54aea3cb6105f4b7018d05cec9cf4f57f75eed26cbbe354542221711913edba6c27974620aafb1b472987caba665bee91905638139179a9a94fbbc0252fedf9601f477575c8fa30ee4e2d43f33e4f94c4ec15bbbd3d36eaffcffc49312e6da55f40989881a4c8ba83612251190cd374480c634eb230b61c94ced4f65498f2ee6b9ca95b4552a825ecfbfa1c75f2195d7095f8615132657dbbc65d3751a57d648501f99a0ded66453a92cf48e580fc470ca2f3dffe222864d0fba00ec1e0e98782c22cead91b24f807cbe0f5ecb4ffd7329b8f91ce5609fec9344ee1ae9751cbf6ae65eb04a39f348bf28afded63d3d26fc2564bc1325421784865f997e2b128eede8,gx-no-cache=1520257952643 HTTP/1.1" 200 255
192.168.10.56 - - [05/Mar/2018:10:55:13 -0300] "POST /cormun/servlet/solicitudgral2?gx-no-cache=1520257952668 HTTP/1.1" 200 1399
192.168.10.56 - - [05/Mar/2018:10:55:13 -0300] "GET /cormun/servlet/solicitudgral2?75dde68c758b52f41702dfca75180dc07588851d30772468ee2d871a3af42ab54c9ef58ca02e0b66fa10a59b260a7bc914bcaeac22fa27ff2fbd75f32e2a20a6f2d12b89b1959beab920cbad7121d3757a29dfff3071923bfd8f1d6fe5df87cdda8d07c6e92ad5b9b6d1d51549a73f26,gx-no-cache=1520257952708 HTTP/1.1" 200 41
186.103.156.24 - - [05/Mar/2018:10:55:15 -0300] "POST /cormun/servlet/solicitudotadjuntos?0cc994f8f5cfeac48bba73b46c1bd8a0,INS,2018,9987,,1, HTTP/1.1" 200 116
186.103.156.24 - - [05/Mar/2018:10:55:15 -0300] "GET /cormun/servlet/hpexe_return? HTTP/1.1" 200 1026
186.103.156.24 - - [05/Mar/2018:10:55:16 -0300] "GET /cormun/servlet/trsolicitudadjuntos?2018,9987, HTTP/1.1" 200 9522
186.103.156.24 - - [05/Mar/2018:10:55:16 -0300] "GET /cormun/servlet/trsolicitudadjuntos?2018,9987, HTTP/1.1" 200 9521
192.168.10.89 - - [05/Mar/2018:10:55:19 -0300] "POST /cormun/servlet/trsecurityusersproyecto?82a5d372e7df397d62e7f4de7527a758,3845,,gx-no-cache=1520257958978 HTTP/1.1" 200 4857
186.103.156.24 - - [05/Mar/2018:10:55:19 -0300] "GET /cormun/servlet/solicitudotadjuntos?INS,2018,9987,,1, HTTP/1.1" 200 6265
186.103.156.24 - - [05/Mar/2018:10:55:19 -0300] "GET /cormun/static/about:blank HTTP/1.1" 404 1011
186.103.156.24 - - [05/Mar/2018:10:55:19 -0300] "GET /cormun/servlet/solicitudotadjuntos?INS,2018,9987,,1, HTTP/1.1" 200 6259
186.103.156.24 - - [05/Mar/2018:10:55:20 -0300] "GET /cormun/servlet/solicitudotadjuntos?1d8b694a30e5ab8ee2babbd1048c9ee892031b8454c84e432a6c04f218abd805015a2bffee063e905f286dce5a8c92aa,gx-no-cache=1520258071071 HTTP/1.1" 200 30
186.103.156.24 - - [05/Mar/2018:10:55:20 -0300] "POST /cormun/servlet/solicitudotadjuntos?0cc994f8f5cfeac48bba73b46c1bd8a0,INS,2018,9987,,1,,gx-no-cache=1520258071141 HTTP/1.1" 200 3985
192.168.10.89 - - [05/Mar/2018:10:55:21 -0300] "POST /cormun/servlet/trsecurityusersproyecto?82a5d372e7df397d62e7f4de7527a758,3845,,gx-no-cache=1520257960776 HTTP/1.1" 200 4882
192.168.10.89 - - [05/Mar/2018:10:55:23 -0300] "POST /cormun/servlet/trsecurityusersproyecto?82a5d372e7df397d62e7f4de7527a758,3845,,gx-no-cache=1520257962887 HTTP/1.1" 200 4909
186.103.156.24 - - [05/Mar/2018:10:55:25 -0300] "POST /cormun/servlet/solicitudotadjuntos?gx-no-cache=1520258075791 HTTP/1.1" 200 26
192.168.10.89 - - [05/Mar/2018:10:55:25 -0300] "POST /cormun/servlet/trsecurityusersproyecto?82a5d372e7df397d62e7f4de7527a758,3845,,gx-no-cache=1520257965560 HTTP/1.1" 200 90
192.168.10.89 - - [05/Mar/2018:10:55:25 -0300] "GET /cormun/servlet/hpexe_link HTTP/1.1" 200 970
192.168.10.89 - - [05/Mar/2018:10:55:26 -0300] "GET /cormun/servlet/trsecurityuser01 HTTP/1.1" 200 12765
192.168.10.56 - - [05/Mar/2018:10:55:32 -0300] "POST /cormun/servlet/solicitudgral2?c967522d3182b5c31d5a761c445aa71a,UPD,2018,8247,,gx-no-cache=1520257972100 HTTP/1.1" 200 11853
192.168.10.56 - - [05/Mar/2018:10:55:32 -0300] "GET /cormun/servlet/solicitudgral2?75dde68c758b52f41702dfca75180dc0e2d62a8932a8c8570b549982a215175223f6cafd1766be75fc5c4c8b194a2ce0142e74dcfd50a4613b733a60c3552896fdb9ea77aa1804dab50d28ca77db5e86d2279619fae205a4c839221166849bf0189a5fe7150a5d0602a969ca8d32fc0343470aac3f21f8c2e508458b062a478e2e6cf11ef618753ee08f63e0fe5a552b8240e24803d0a76b8f643b3cc014bd16,gx-no-cache=1520257972266 HTTP/1.1" 200 29
192.168.10.56 - - [05/Mar/2018:10:55:32 -0300] "POST /cormun/servlet/solicitudgral2?gx-no-cache=1520257972285 HTTP/1.1" 200 1296
192.168.10.56 - - [05/Mar/2018:10:55:32 -0300] "POST /cormun/servlet/solicitudgral2?gx-no-cache=1520257972317 HTTP/1.1" 200 1218
192.168.10.56 - - [05/Mar/2018:10:55:32 -0300] "GET /cormun/servlet/solicitudgral2?75dde68c758b52f41702dfca75180dc04b443ed9daef2a8823f4f43ca9e96ae74889c75f16eca79337c7ef262d75917e62952ede6f7a500fe75e923051f4e9a25e799fa8dbdd6eaf4ee56788846d1630fe119adb9f5f8e252ee0f9a277af9d00d24b426f5eea62855a15b687b0eb25696da8178c96f9618172b55e874fb1f2ec,gx-no-cache=1520257972361 HTTP/1.1" 200 30
192.168.10.89 - - [05/Mar/2018:10:55:32 -0300] "GET /cormun/servlet/trsecurityuserroles2?3845, HTTP/1.1" 200 8325
186.103.156.24 - - [05/Mar/2018:10:55:34 -0300] "GET /cormun/servlet/solicitudotadjuntos?1d8b694a30e5ab8ee2babbd1048c9ee81cd528735a2997ce96b56864c9940362,gx-no-cache=1520258084800 HTTP/1.1" 200 30
186.103.156.24 - - [05/Mar/2018:10:55:34 -0300] "GET /cormun/servlet/solicitudotadjuntos?1d8b694a30e5ab8ee2babbd1048c9ee81cd528735a2997ce96b56864c9940362,gx-no-cache=1520258084814 HTTP/1.1" 200 30
186.103.156.24 - - [05/Mar/2018:10:55:35 -0300] "POST /cormun/servlet/solicitudotadjuntos?0cc994f8f5cfeac48bba73b46c1bd8a0,INS,2018,9987,,1, HTTP/1.1" 200 116
186.103.156.24 - - [05/Mar/2018:10:55:36 -0300] "GET /cormun/servlet/hpexe_return? HTTP/1.1" 200 1026
186.103.156.24 - - [05/Mar/2018:10:55:36 -0300] "GET /cormun/servlet/trsolicitudadjuntos?2018,9987, HTTP/1.1" 200 9762
186.103.156.24 - - [05/Mar/2018:10:55:37 -0300] "GET /cormun/servlet/trsolicitudadjuntos?2018,9987, HTTP/1.1" 200 9759
192.168.10.56 - - [05/Mar/2018:10:55:44 -0300] "POST /cormun/servlet/solicitudgral2?c967522d3182b5c31d5a761c445aa71a,UPD,2018,8247,,gx-no-cache=1520257984398 HTTP/1.1" 200 93
192.168.10.56 - - [05/Mar/2018:10:55:44 -0300] "GET /cormun/servlet/hpexe_return? HTTP/1.1" 200 1017
192.168.10.56 - - [05/Mar/2018:10:55:45 -0300] "GET /cormun/servlet/trsolicitudgral HTTP/1.1" 200 22658
192.168.10.56 - - [05/Mar/2018:10:55:46 -0300] "GET /cormun/servlet/trsolicitudgral HTTP/1.1" 200 22653
192.168.10.89 - - [05/Mar/2018:10:55:47 -0300] "POST /cormun/servlet/trsecurityuserroles2?82a5d372e7df397d62e7f4de7527a758,3845,,gx-no-cache=1520257987266 HTTP/1.1" 200 90
192.168.10.89 - - [05/Mar/2018:10:55:47 -0300] "GET /cormun/servlet/hpexe_link HTTP/1.1" 200 968
192.168.10.89 - - [05/Mar/2018:10:55:47 -0300] "GET /cormun/servlet/trsecurityuser01 HTTP/1.1" 200 12765
192.168.10.56 - - [05/Mar/2018:10:55:52 -0300] "GET /cormun/servlet/solicitudgral2?UPD,2018,8243, HTTP/1.1" 200 12901
192.168.10.89 - - [05/Mar/2018:10:55:53 -0300] "GET /cormun/servlet/trsecurityrole? HTTP/1.1" 200 7399
192.168.10.56 - - [05/Mar/2018:10:55:53 -0300] "GET /cormun/servlet/solicitudgral2?UPD,2018,8243, HTTP/1.1" 200 12912
192.168.10.56 - - [05/Mar/2018:10:55:53 -0300] "POST /cormun/servlet/solicitudgral2?gx-no-cache=1520257993154 HTTP/1.1" 200 3911
192.168.10.56 - - [05/Mar/2018:10:55:53 -0300] "GET /cormun/servlet/solicitudgral2?75dde68c758b52f41702dfca75180dc0b93f33d779dc313ef93a23d15ae1c0f53850c44840168e230dd10d73d9ead0e725f6d81973fb1bbc44ec357c962ee0616d1ea28b83809108f2542b29bacb54aea3cb6105f4b7018d05cec9cf4f57f75eed26cbbe354542221711913edba6c27974620aafb1b472987caba665bee91905638139179a9a94fbbc0252fedf9601f477575c8fa30ee4e2d43f33e4f94c4ec15bbbd3d36eaffcffc49312e6da55f40989881a4c8ba83612251190cd374480c634eb230b61c94ced4f65498f2ee6b9ca95b4552a825ecfbfa1c75f2195d7095f8615132657dbbc65d3751a57d648501f99a0ded66453a92cf48e580fc470ca2f3dffe222864d0fba00ec1e0e98782c22cead91b24f807cbe0f5ecb4ffd7329b8f91ce5609fec9344ee1ae9751cbf6ae65eb04a39f348bf28afded63d3d26fc2564bc1325421784865f997e2b128eede8,gx-no-cache=1520257993301 HTTP/1.1" 200 255
192.168.10.56 - - [05/Mar/2018:10:55:53 -0300] "POST /cormun/servlet/solicitudgral2?gx-no-cache=1520257993329 HTTP/1.1" 200 1398
192.168.10.56 - - [05/Mar/2018:10:55:53 -0300] "GET /cormun/servlet/solicitudgral2?75dde68c758b52f41702dfca75180dc07588851d30772468ee2d871a3af42ab54c9ef58ca02e0b66fa10a59b260a7bc914bcaeac22fa27ff2fbd75f32e2a20a6f2d12b89b1959beab920cbad7121d3757a29dfff3071923bfd8f1d6fe5df87cdda8d07c6e92ad5b9b6d1d51549a73f26,gx-no-cache=1520257993374 HTTP/1.1" 200 41
192.168.10.56 - - [05/Mar/2018:10:55:57 -0300] "POST /cormun/servlet/solicitudgral2?c967522d3182b5c31d5a761c445aa71a,UPD,2018,8243,,gx-no-cache=1520257996905 HTTP/1.1" 200 11857
192.168.10.56 - - [05/Mar/2018:10:55:57 -0300] "GET /cormun/servlet/solicitudgral2?75dde68c758b52f41702dfca75180dc0e2d62a8932a8c8570b549982a215175223f6cafd1766be75fc5c4c8b194a2ce0142e74dcfd50a4613b733a60c3552896fdb9ea77aa1804dab50d28ca77db5e86d2279619fae205a4c839221166849bf0189a5fe7150a5d0602a969ca8d32fc0343470aac3f21f8c2e508458b062a478e2e6cf11ef618753ee08f63e0fe5a552b8240e24803d0a76b8f643b3cc014bd16,gx-no-cache=1520257997096 HTTP/1.1" 200 29
192.168.10.56 - - [05/Mar/2018:10:55:57 -0300] "POST /cormun/servlet/solicitudgral2?gx-no-cache=1520257997110 HTTP/1.1" 200 1295
192.168.10.56 - - [05/Mar/2018:10:55:57 -0300] "POST /cormun/servlet/solicitudgral2?gx-no-cache=1520257997141 HTTP/1.1" 200 1218
192.168.10.56 - - [05/Mar/2018:10:55:57 -0300] "GET /cormun/servlet/solicitudgral2?75dde68c758b52f41702dfca75180dc04b443ed9daef2a8823f4f43ca9e96ae74889c75f16eca79337c7ef262d75917e62952ede6f7a500fe75e923051f4e9a25e799fa8dbdd6eaf4ee56788846d1630fe119adb9f5f8e252ee0f9a277af9d00d24b426f5eea62855a15b687b0eb25696da8178c96f9618172b55e874fb1f2ec,gx-no-cache=1520257997180 HTTP/1.1" 200 30
192.168.10.89 - - [05/Mar/2018:10:55:58 -0300] "POST /cormun/servlet/trsecurityrole?82a5d372e7df397d62e7f4de7527a758,,gx-no-cache=1520257997595 HTTP/1.1" 200 8042
186.103.159.188 - - [05/Mar/2018:10:56:02 -0300] "GET /cormun/servlet/solicitudotadjuntos?c5f36e82064a4a27876ad25e0550fe1b15e2d4883195b4506e48bde6124979ec,gx-no-cache=1520258113748 HTTP/1.1" 200 30
186.103.159.188 - - [05/Mar/2018:10:56:02 -0300] "GET /cormun/servlet/solicitudotadjuntos?c5f36e82064a4a27876ad25e0550fe1b15e2d4883195b4506e48bde6124979ec,gx-no-cache=1520258114091 HTTP/1.1" 200 30
192.168.10.89 - - [05/Mar/2018:10:56:03 -0300] "GET /cormun/servlet/securityroles?UPD,100, HTTP/1.1" 200 6526
192.168.10.89 - - [05/Mar/2018:10:56:03 -0300] "GET /cormun/static/gxcfg.js?2016101716124142 HTTP/1.1" 200 953
192.168.10.89 - - [05/Mar/2018:10:56:03 -0300] "GET /cormun/static/securityroles.js?2016101716124163 HTTP/1.1" 200 11674
186.103.159.188 - - [05/Mar/2018:10:56:03 -0300] "POST /cormun/servlet/solicitudotadjuntos?2464b47d5d0f0b7e9492401479510c31,INS,2018,9989,,2, HTTP/1.1" 200 116
186.103.159.188 - - [05/Mar/2018:10:56:03 -0300] "GET /cormun/servlet/hpexe_return? HTTP/1.1" 200 1027
