200.120.230.197 - - [05/Mar/2018:11:05:49 -0300] "POST /cormun/servlet/vesolicitudot?7c2343ec336aa78d3d4ced0dc3a0236e,2018,9988,,,gx-no-cache=1520258710529 HTTP/1.1" 200 90
200.120.230.197 - - [05/Mar/2018:11:05:49 -0300] "GET /cormun/servlet/hpexe_link HTTP/1.1" 200 961
200.120.230.197 - - [05/Mar/2018:11:05:50 -0300] "GET /cormun/servlet/trsolicitudot HTTP/1.1" 200 8782
200.120.230.197 - - [05/Mar/2018:11:05:51 -0300] "GET /cormun/servlet/trsolicitudot HTTP/1.1" 200 8781
186.79.22.245 - - [05/Mar/2018:11:05:59 -0300] "POST /cormun/servlet/trsolicitudot?7c2343ec336aa78d3d4ced0dc3a0236e,gx-no-cache=1520258719259 HTTP/1.1" 200 4654
186.79.22.245 - - [05/Mar/2018:11:06:00 -0300] "GET /cormun/static/Shared/jqueryui/images/ui-bg_highlight-soft_100_c6c2c8_1x100.png HTTP/1.1" 404 1117
200.120.230.197 - - [05/Mar/2018:11:06:00 -0300] "GET /cormun/static/Shared/jqueryui/images/ui-icons_82798d_256x240.png HTTP/1.1" 404 1089
200.120.230.197 - - [05/Mar/2018:11:06:00 -0300] "GET /cormun/static/Shared/jqueryui/images/ui-bg_flat_55_fafafa_40x100.png HTTP/1.1" 404 1097
186.79.22.245 - - [05/Mar/2018:11:06:00 -0300] "GET /cormun/static/Shared/jqueryui/images/ui-icons_8d78a5_256x240.png HTTP/1.1" 404 1089
200.120.230.197 - - [05/Mar/2018:11:06:01 -0300] "POST /cormun/servlet/trsolicitudot?7c2343ec336aa78d3d4ced0dc3a0236e,gx-no-cache=1520258721877 HTTP/1.1" 200 4446
192.168.10.56 - - [05/Mar/2018:11:06:32 -0300] "POST /cormun/servlet/trautorizarot?c967522d3182b5c31d5a761c445aa71a,,gx-no-cache=1520258631855 HTTP/1.1" 200 5179
192.168.10.56 - - [05/Mar/2018:11:06:37 -0300] "POST /cormun/servlet/trautorizarot?c967522d3182b5c31d5a761c445aa71a,,gx-no-cache=1520258637550 HTTP/1.1" 200 5171
200.120.230.197 - - [05/Mar/2018:11:06:43 -0300] "GET /cormun/servlet/solicitudot?INS,0,0, HTTP/1.1" 200 13665
192.168.10.56 - - [05/Mar/2018:11:06:44 -0300] "GET /cormun/servlet/hlogin HTTP/1.1" 200 1739
200.120.230.197 - - [05/Mar/2018:11:06:45 -0300] "GET /cormun/servlet/solicitudot?INS,0,0, HTTP/1.1" 200 13670
192.168.10.56 - - [05/Mar/2018:11:06:48 -0300] "POST /cormun/servlet/hlogin?c967522d3182b5c31d5a761c445aa71a,gx-no-cache=1520258648055 HTTP/1.1" 200 90
192.168.10.56 - - [05/Mar/2018:11:06:48 -0300] "GET /cormun/servlet/hpexe_link HTTP/1.1" 200 952
192.168.10.56 - - [05/Mar/2018:11:06:48 -0300] "GET /cormun/servlet/hhome HTTP/1.1" 200 4468
192.168.10.56 - - [05/Mar/2018:11:06:48 -0300] "GET /cormun/servlet/hhome HTTP/1.1" 200 4464
192.168.10.56 - - [05/Mar/2018:11:06:51 -0300] "GET /cormun/servlet/trsolicitudgral? HTTP/1.1" 200 21091
192.168.10.56 - - [05/Mar/2018:11:06:51 -0300] "GET /cormun/servlet/trsolicitudgral? HTTP/1.1" 200 21088
200.120.230.197 - - [05/Mar/2018:11:06:54 -0300] "POST /cormun/servlet/solicitudot?gx-no-cache=1520258775714 HTTP/1.1" 200 3367
200.120.230.197 - - [05/Mar/2018:11:06:54 -0300] "GET /cormun/static/Shared/jqueryui/images/ui-bg_highlight-soft_100_c6c2c8_1x100.png HTTP/1.1" 404 1117
200.120.230.197 - - [05/Mar/2018:11:06:54 -0300] "GET /cormun/static/Shared/jqueryui/images/ui-icons_82798d_256x240.png HTTP/1.1" 404 1089
200.120.230.197 - - [05/Mar/2018:11:06:54 -0300] "GET /cormun/static/Shared/jqueryui/images/ui-bg_flat_55_994d53_40x100.png HTTP/1.1" 404 1097
200.120.230.197 - - [05/Mar/2018:11:06:54 -0300] "GET /cormun/static/Shared/jqueryui/images/ui-icons_ebccce_256x240.png HTTP/1.1" 404 1089
200.120.230.197 - - [05/Mar/2018:11:06:57 -0300] "POST /cormun/servlet/solicitudot?7c2343ec336aa78d3d4ced0dc3a0236e,INS,0,0,,gx-no-cache=1520258778600 HTTP/1.1" 200 93
200.120.230.197 - - [05/Mar/2018:11:06:57 -0300] "GET /cormun/servlet/hpexe_return? HTTP/1.1" 200 1025
200.120.230.197 - - [05/Mar/2018:11:06:57 -0300] "GET /cormun/servlet/trsolicitudot?gx-no-cache=1520258721877 HTTP/1.1" 200 7434
200.120.230.197 - - [05/Mar/2018:11:06:59 -0300] "GET /cormun/servlet/trsolicitudot?gx-no-cache=1520258721877 HTTP/1.1" 200 7452
192.168.10.56 - - [05/Mar/2018:11:07:01 -0300] "POST /cormun/servlet/trsolicitudgral?c967522d3182b5c31d5a761c445aa71a,,gx-no-cache=1520258660739 HTTP/1.1" 200 8466
200.120.230.197 - - [05/Mar/2018:11:07:02 -0300] "GET /cormun/servlet/hlogin HTTP/1.1" 200 1755
186.103.159.43 - - [05/Mar/2018:11:07:02 -0300] "GET /cormun/servlet/hlogin HTTP/1.1" 200 1717
186.103.159.43 - - [05/Mar/2018:11:07:04 -0300] "POST /cormun/servlet/hlogin?e2b9ec88f59e87c8dca25e33f7161a68,gx-no-cache=1520258776222 HTTP/1.1" 200 90
186.103.159.43 - - [05/Mar/2018:11:07:05 -0300] "GET /cormun/servlet/hpexe_link HTTP/1.1" 200 949
186.103.159.43 - - [05/Mar/2018:11:07:06 -0300] "GET /cormun/servlet/hhome HTTP/1.1" 200 3926
186.103.159.43 - - [05/Mar/2018:11:07:06 -0300] "GET /cormun/servlet/hhome HTTP/1.1" 200 3922
186.103.159.43 - - [05/Mar/2018:11:07:12 -0300] "GET /cormun/servlet/trsolicitudot? HTTP/1.1" 200 8480
186.103.159.43 - - [05/Mar/2018:11:07:13 -0300] "GET /cormun/servlet/trsolicitudot? HTTP/1.1" 200 8478
186.103.157.246 - - [05/Mar/2018:11:07:14 -0300] "GET /cormun/servlet/trsolicitudot? HTTP/1.1" 200 6357
186.103.157.246 - - [05/Mar/2018:11:07:15 -0300] "GET /cormun/servlet/hlogin HTTP/1.1" 200 1723
186.103.159.43 - - [05/Mar/2018:11:07:31 -0300] "POST /cormun/servlet/trsolicitudot?e2b9ec88f59e87c8dca25e33f7161a68,,gx-no-cache=1520258802302 HTTP/1.1" 200 106
186.103.159.43 - - [05/Mar/2018:11:07:32 -0300] "GET /cormun/servlet/trsolicitudadjuntos?2018,9990, HTTP/1.1" 200 6025
186.103.159.43 - - [05/Mar/2018:11:07:32 -0300] "GET /cormun/static/gxcfg.js?20177612135366 HTTP/1.1" 304 -
186.103.159.43 - - [05/Mar/2018:11:07:32 -0300] "GET /cormun/servlet/trsolicitudadjuntos?2018,9990, HTTP/1.1" 200 6025
186.103.159.43 - - [05/Mar/2018:11:08:12 -0300] "GET /cormun/servlet/solicitudotadjuntos?INS,2018,9990,,1, HTTP/1.1" 200 5970
186.103.159.43 - - [05/Mar/2018:11:08:12 -0300] "GET /cormun/static/gxcfg.js?2017761244068 HTTP/1.1" 304 -
186.103.159.43 - - [05/Mar/2018:11:08:12 -0300] "GET /cormun/static/about:blank HTTP/1.1" 404 1011
186.103.159.43 - - [05/Mar/2018:11:08:12 -0300] "GET /cormun/servlet/solicitudotadjuntos?INS,2018,9990,,1, HTTP/1.1" 200 5963
186.103.159.43 - - [05/Mar/2018:11:08:13 -0300] "GET /cormun/servlet/solicitudotadjuntos?a2015008318bae65a845f847813381e409801dbd3ff90e2391e218f65578fb9e823cf74e57d99ace35f2fcdbd8b32a24,gx-no-cache=1520258844951 HTTP/1.1" 200 30
186.103.159.43 - - [05/Mar/2018:11:08:13 -0300] "POST /cormun/servlet/solicitudotadjuntos?e2b9ec88f59e87c8dca25e33f7161a68,INS,2018,9990,,1,,gx-no-cache=1520258845051 HTTP/1.1" 200 3790
186.103.158.250 - - [05/Mar/2018:11:08:20 -0300] "GET /cormun/servlet/prfichaempleado?,MD,,gxPopupLevel%3D0%3B HTTP/1.1" 200 9321
186.103.158.250 - - [05/Mar/2018:11:08:20 -0300] "GET /cormun/static/gxcfg.js?20177612134814 HTTP/1.1" 200 953
186.103.158.250 - - [05/Mar/2018:11:08:20 -0300] "GET /cormun/static/prfichaempleado.js?20177612134999 HTTP/1.1" 200 16006
186.103.159.43 - - [05/Mar/2018:11:08:21 -0300] "POST /cormun/servlet/solicitudotadjuntos?gx-no-cache=1520258852975 HTTP/1.1" 200 26
186.103.158.250 - - [05/Mar/2018:11:08:30 -0300] "GET /cormun/servlet/licenciaspermisos?021f543df506728dd1d1a82eb5bb8208e54893e997f98e20a73f3952975faeed4adc5612604d3fc3e6e4b0f97a9c4e3d,gx-no-cache=1520258673938 HTTP/1.1" 200 103
186.103.158.250 - - [05/Mar/2018:11:08:30 -0300] "POST /cormun/servlet/licenciaspermisos?f85fccdfb37cd8af55f3c00c6e7d5065,INS,0,,,,gx-no-cache=1520258674013 HTTP/1.1" 200 4695
186.103.159.43 - - [05/Mar/2018:11:09:25 -0300] "POST /cormun/servlet/solicitudotadjuntos?e2b9ec88f59e87c8dca25e33f7161a68,INS,2018,9990,,1, HTTP/1.1" 200 116
186.103.159.43 - - [05/Mar/2018:11:09:25 -0300] "GET /cormun/servlet/hpexe_return? HTTP/1.1" 200 1025
186.103.159.43 - - [05/Mar/2018:11:09:25 -0300] "GET /cormun/servlet/trsolicitudadjuntos?2018,9990, HTTP/1.1" 200 6028
186.103.159.43 - - [05/Mar/2018:11:09:26 -0300] "GET /cormun/servlet/trsolicitudadjuntos?2018,9990, HTTP/1.1" 200 6025
186.103.159.43 - - [05/Mar/2018:11:09:34 -0300] "GET /cormun/servlet/solicitudotadjuntos?INS,2018,9990,,1, HTTP/1.1" 200 5970
186.103.159.43 - - [05/Mar/2018:11:09:34 -0300] "GET /cormun/static/about:blank HTTP/1.1" 404 1011
186.103.159.43 - - [05/Mar/2018:11:09:34 -0300] "GET /cormun/servlet/solicitudotadjuntos?INS,2018,9990,,1, HTTP/1.1" 200 5963
186.103.159.43 - - [05/Mar/2018:11:09:35 -0300] "GET /cormun/servlet/solicitudotadjuntos?a2015008318bae65a845f847813381e409801dbd3ff90e2391e218f65578fb9e823cf74e57d99ace35f2fcdbd8b32a24,gx-no-cache=1520258926877 HTTP/1.1" 200 30
186.103.159.43 - - [05/Mar/2018:11:09:35 -0300] "POST /cormun/servlet/solicitudotadjuntos?e2b9ec88f59e87c8dca25e33f7161a68,INS,2018,9990,,1,,gx-no-cache=1520258926964 HTTP/1.1" 200 3790
186.103.159.43 - - [05/Mar/2018:11:09:40 -0300] "POST /cormun/servlet/solicitudotadjuntos?gx-no-cache=1520258932200 HTTP/1.1" 200 26
186.103.159.43 - - [05/Mar/2018:11:09:58 -0300] "GET /cormun/servlet/solicitudotadjuntos?a2015008318bae65a845f847813381e46f70caccf0cfbbadef3f35956382a1b5,gx-no-cache=1520258949585 HTTP/1.1" 200 30
186.103.159.43 - - [05/Mar/2018:11:09:58 -0300] "GET /cormun/servlet/solicitudotadjuntos?a2015008318bae65a845f847813381e46f70caccf0cfbbadef3f35956382a1b5,gx-no-cache=1520258949657 HTTP/1.1" 200 30
186.103.159.43 - - [05/Mar/2018:11:09:59 -0300] "POST /cormun/servlet/solicitudotadjuntos?e2b9ec88f59e87c8dca25e33f7161a68,INS,2018,9990,,1, HTTP/1.1" 200 116
186.103.159.43 - - [05/Mar/2018:11:09:59 -0300] "GET /cormun/servlet/hpexe_return? HTTP/1.1" 200 1025
186.103.159.43 - - [05/Mar/2018:11:09:59 -0300] "GET /cormun/servlet/trsolicitudadjuntos?2018,9990, HTTP/1.1" 200 8388
186.103.159.43 - - [05/Mar/2018:11:10:00 -0300] "GET /cormun/servlet/trsolicitudadjuntos?2018,9990, HTTP/1.1" 200 8385
186.103.159.43 - - [05/Mar/2018:11:10:04 -0300] "GET /cormun/servlet/solicitudotadjuntos?INS,2018,9990,,1, HTTP/1.1" 200 5970
186.103.159.43 - - [05/Mar/2018:11:10:05 -0300] "GET /cormun/static/about:blank HTTP/1.1" 404 1011
186.103.159.43 - - [05/Mar/2018:11:10:05 -0300] "GET /cormun/servlet/solicitudotadjuntos?INS,2018,9990,,1, HTTP/1.1" 200 5963
186.103.159.43 - - [05/Mar/2018:11:10:05 -0300] "GET /cormun/servlet/solicitudotadjuntos?a2015008318bae65a845f847813381e409801dbd3ff90e2391e218f65578fb9e823cf74e57d99ace35f2fcdbd8b32a24,gx-no-cache=1520258957297 HTTP/1.1" 200 30
186.103.159.43 - - [05/Mar/2018:11:10:05 -0300] "POST /cormun/servlet/solicitudotadjuntos?e2b9ec88f59e87c8dca25e33f7161a68,INS,2018,9990,,1,,gx-no-cache=1520258957383 HTTP/1.1" 200 3790
186.103.159.43 - - [05/Mar/2018:11:10:19 -0300] "POST /cormun/servlet/solicitudotadjuntos?gx-no-cache=1520258970989 HTTP/1.1" 200 26
186.103.158.250 - - [05/Mar/2018:11:10:27 -0300] "GET /cormun/static/menuarrow.gif HTTP/1.1" 404 1015
186.103.159.43 - - [05/Mar/2018:11:10:28 -0300] "GET /cormun/servlet/solicitudotadjuntos?a2015008318bae65a845f847813381e46f70caccf0cfbbadef3f35956382a1b5,gx-no-cache=1520258980139 HTTP/1.1" 200 30
186.103.159.43 - - [05/Mar/2018:11:10:28 -0300] "GET /cormun/servlet/solicitudotadjuntos?a2015008318bae65a845f847813381e46f70caccf0cfbbadef3f35956382a1b5,gx-no-cache=1520258980180 HTTP/1.1" 200 30
186.103.159.43 - - [05/Mar/2018:11:10:29 -0300] "POST /cormun/servlet/solicitudotadjuntos?e2b9ec88f59e87c8dca25e33f7161a68,INS,2018,9990,,1, HTTP/1.1" 200 116
186.103.159.43 - - [05/Mar/2018:11:10:29 -0300] "GET /cormun/servlet/hpexe_return? HTTP/1.1" 200 1025
186.103.159.43 - - [05/Mar/2018:11:10:29 -0300] "GET /cormun/servlet/trsolicitudadjuntos?2018,9990, HTTP/1.1" 200 8600
186.103.159.43 - - [05/Mar/2018:11:10:30 -0300] "GET /cormun/servlet/trsolicitudadjuntos?2018,9990, HTTP/1.1" 200 8598
186.103.159.43 - - [05/Mar/2018:11:10:43 -0300] "GET /cormun/servlet/solicitudotadjuntos?INS,2018,9990,,1, HTTP/1.1" 200 5971
186.103.159.43 - - [05/Mar/2018:11:10:43 -0300] "GET /cormun/static/about:blank HTTP/1.1" 404 1011
186.103.159.43 - - [05/Mar/2018:11:10:44 -0300] "GET /cormun/servlet/solicitudotadjuntos?INS,2018,9990,,1, HTTP/1.1" 200 5963
186.103.159.43 - - [05/Mar/2018:11:10:44 -0300] "GET /cormun/servlet/solicitudotadjuntos?a2015008318bae65a845f847813381e409801dbd3ff90e2391e218f65578fb9e823cf74e57d99ace35f2fcdbd8b32a24,gx-no-cache=1520258996031 HTTP/1.1" 200 30
186.103.159.43 - - [05/Mar/2018:11:10:45 -0300] "POST /cormun/servlet/solicitudotadjuntos?e2b9ec88f59e87c8dca25e33f7161a68,INS,2018,9990,,1,,gx-no-cache=1520258996109 HTTP/1.1" 200 3789
186.103.159.43 - - [05/Mar/2018:11:10:53 -0300] "POST /cormun/servlet/solicitudotadjuntos?gx-no-cache=1520259005351 HTTP/1.1" 200 26
192.168.10.96 - - [05/Mar/2018:11:10:57 -0300] "GET /cormun/servlet/trconsultaempleado? HTTP/1.1" 200 10442
192.168.10.96 - - [05/Mar/2018:11:10:58 -0300] "GET /cormun/static/gxcfg.js?201762717543265 HTTP/1.1" 200 953
192.168.10.96 - - [05/Mar/2018:11:10:59 -0300] "GET /cormun/servlet/trconsultaempleado? HTTP/1.1" 200 10441
186.103.159.43 - - [05/Mar/2018:11:11:00 -0300] "GET /cormun/servlet/solicitudotadjuntos?a2015008318bae65a845f847813381e46f70caccf0cfbbadef3f35956382a1b5,gx-no-cache=1520259011822 HTTP/1.1" 200 30
186.103.159.43 - - [05/Mar/2018:11:11:00 -0300] "GET /cormun/servlet/solicitudotadjuntos?a2015008318bae65a845f847813381e46f70caccf0cfbbadef3f35956382a1b5,gx-no-cache=1520259011920 HTTP/1.1" 200 30
186.103.159.43 - - [05/Mar/2018:11:11:01 -0300] "POST /cormun/servlet/solicitudotadjuntos?e2b9ec88f59e87c8dca25e33f7161a68,INS,2018,9990,,1, HTTP/1.1" 200 116
186.103.159.43 - - [05/Mar/2018:11:11:01 -0300] "GET /cormun/servlet/hpexe_return? HTTP/1.1" 200 1025
186.103.159.43 - - [05/Mar/2018:11:11:01 -0300] "GET /cormun/servlet/trsolicitudadjuntos?2018,9990, HTTP/1.1" 200 8789
186.103.159.43 - - [05/Mar/2018:11:11:02 -0300] "GET /cormun/servlet/trsolicitudadjuntos?2018,9990, HTTP/1.1" 200 8787
192.168.10.96 - - [05/Mar/2018:11:11:02 -0300] "POST /cormun/servlet/trconsultaempleado?f93fef4b366823c15ff0613be9c2e146,,gx-no-cache=1520258902163 HTTP/1.1" 200 4802
186.103.159.43 - - [05/Mar/2018:11:11:05 -0300] "GET /cormun/servlet/solicitudotadjuntos?INS,2018,9990,,1, HTTP/1.1" 200 5971
186.103.159.43 - - [05/Mar/2018:11:11:05 -0300] "GET /cormun/static/about:blank HTTP/1.1" 404 1011
186.103.159.43 - - [05/Mar/2018:11:11:06 -0300] "GET /cormun/servlet/solicitudotadjuntos?INS,2018,9990,,1, HTTP/1.1" 200 5963
186.103.159.43 - - [05/Mar/2018:11:11:06 -0300] "GET /cormun/servlet/solicitudotadjuntos?a2015008318bae65a845f847813381e409801dbd3ff90e2391e218f65578fb9e823cf74e57d99ace35f2fcdbd8b32a24,gx-no-cache=1520259018029 HTTP/1.1" 200 30
186.103.159.43 - - [05/Mar/2018:11:11:06 -0300] "POST /cormun/servlet/solicitudotadjuntos?e2b9ec88f59e87c8dca25e33f7161a68,INS,2018,9990,,1,,gx-no-cache=1520259018072 HTTP/1.1" 200 3789
192.168.10.96 - - [05/Mar/2018:11:11:06 -0300] "GET /cormun/servlet/trsolicitudnombre?7723191, HTTP/1.1" 200 8189
192.168.10.96 - - [05/Mar/2018:11:11:06 -0300] "GET /cormun/static/gxcfg.js?20177612153745 HTTP/1.1" 200 953
192.168.10.96 - - [05/Mar/2018:11:11:06 -0300] "GET /cormun/static/trsolicitudnombre.js?20177612154149 HTTP/1.1" 304 -
192.168.10.96 - - [05/Mar/2018:11:11:07 -0300] "GET /cormun/servlet/trsolicitudnombre?7723191, HTTP/1.1" 200 8191
192.168.10.96 - - [05/Mar/2018:11:11:09 -0300] "GET /cormun/servlet/vesolicitudnombre?2017,5897,, HTTP/1.1" 200 8965
192.168.10.96 - - [05/Mar/2018:11:11:09 -0300] "GET /cormun/static/gxcfg.js?20177612153644 HTTP/1.1" 200 953
192.168.10.96 - - [05/Mar/2018:11:11:09 -0300] "GET /cormun/pexe_scrolldiv.js HTTP/1.1" 404 1009
192.168.10.96 - - [05/Mar/2018:11:11:09 -0300] "GET /cormun/static/vesolicitudnombre.js?20177612153699 HTTP/1.1" 304 -
192.168.10.96 - - [05/Mar/2018:11:11:09 -0300] "GET /cormun/static/tbsolicitudnombre01.js?2017110216261 HTTP/1.1" 304 -
192.168.10.96 - - [05/Mar/2018:11:11:09 -0300] "GET /cormun/servlet/vesolicitudnombre?2017,5897,, HTTP/1.1" 200 8961
186.103.159.43 - - [05/Mar/2018:11:11:10 -0300] "POST /cormun/servlet/solicitudotadjuntos?gx-no-cache=1520259021903 HTTP/1.1" 200 26
192.168.10.96 - - [05/Mar/2018:11:11:11 -0300] "GET /cormun/servlet/vesolicitudnombre?2017,5897,,SolicitudOTAdjuntos HTTP/1.1" 200 11135
192.168.10.96 - - [05/Mar/2018:11:11:11 -0300] "GET /cormun/pexe_scrolldiv.js HTTP/1.1" 404 1009
192.168.10.96 - - [05/Mar/2018:11:11:11 -0300] "GET /cormun/pexe_scrolldiv.js HTTP/1.1" 404 1009
192.168.10.96 - - [05/Mar/2018:11:11:11 -0300] "GET /cormun/static/tbsolicitudnombre02.js?201612218422876 HTTP/1.1" 304 -
192.168.10.96 - - [05/Mar/2018:11:11:12 -0300] "GET /cormun/servlet/vesolicitudnombre?2017,5897,,SolicitudOTAdjuntos HTTP/1.1" 200 11139
192.168.10.96 - - [05/Mar/2018:11:11:12 -0300] "POST /cormun/servlet/acontrolpreferencessavestate?None,DZAMUDIO,true HTTP/1.1" 200 35
192.168.10.96 - - [05/Mar/2018:11:11:18 -0300] "GET /cormun/PublicTempStorage/img098826070.jpg HTTP/1.1" 200 1061459
186.103.159.43 - - [05/Mar/2018:11:11:22 -0300] "POST /cormun/servlet/solicitudotadjuntos?gx-no-cache=1520259034000 HTTP/1.1" 200 26
192.168.10.96 - - [05/Mar/2018:11:11:42 -0300] "GET /cormun/servlet/vesolicitudnombre?2017,5897,,SolicitudOTAdjuntos HTTP/1.1" 200 11138
192.168.10.96 - - [05/Mar/2018:11:11:42 -0300] "GET /cormun/pexe_scrolldiv.js HTTP/1.1" 404 1009
192.168.10.96 - - [05/Mar/2018:11:11:43 -0300] "GET /cormun/servlet/vesolicitudnombre?2017,5897,,SolicitudOTAdjuntos HTTP/1.1" 200 11140
192.168.10.96 - - [05/Mar/2018:11:11:43 -0300] "POST /cormun/servlet/acontrolpreferencessavestate?None,DZAMUDIO,true HTTP/1.1" 200 35
186.103.159.43 - - [05/Mar/2018:11:11:44 -0300] "GET /cormun/servlet/solicitudotadjuntos?a2015008318bae65a845f847813381e46f70caccf0cfbbadef3f35956382a1b5,gx-no-cache=1520259056279 HTTP/1.1" 200 30
186.103.159.43 - - [05/Mar/2018:11:11:44 -0300] "GET /cormun/servlet/solicitudotadjuntos?a2015008318bae65a845f847813381e46f70caccf0cfbbadef3f35956382a1b5,gx-no-cache=1520259056408 HTTP/1.1" 200 30
186.103.159.43 - - [05/Mar/2018:11:11:45 -0300] "POST /cormun/servlet/solicitudotadjuntos?e2b9ec88f59e87c8dca25e33f7161a68,INS,2018,9990,,1,,gx-no-cache=1520259056482 HTTP/1.1" 200 93
186.103.159.43 - - [05/Mar/2018:11:11:45 -0300] "GET /cormun/servlet/hpexe_return? HTTP/1.1" 200 1025
186.103.159.43 - - [05/Mar/2018:11:11:45 -0300] "GET /cormun/servlet/trsolicitudadjuntos?2018,9990, HTTP/1.1" 200 8879
186.103.159.43 - - [05/Mar/2018:11:11:46 -0300] "GET /cormun/servlet/trsolicitudadjuntos?2018,9990, HTTP/1.1" 200 8875
186.103.159.43 - - [05/Mar/2018:11:12:00 -0300] "GET /cormun/servlet/solicitudotadjuntos?DLT,2018,9990,CERTIF4,0, HTTP/1.1" 200 5845
186.103.159.43 - - [05/Mar/2018:11:12:00 -0300] "GET /cormun/static/about:blank HTTP/1.1" 404 1011
186.103.159.43 - - [05/Mar/2018:11:12:00 -0300] "GET /cormun/static/Shared/jqueryui/images/ui-bg_highlight-soft_100_c6c2c8_1x100.png HTTP/1.1" 404 1117
186.103.159.43 - - [05/Mar/2018:11:12:00 -0300] "GET /cormun/static/Shared/jqueryui/images/ui-icons_82798d_256x240.png HTTP/1.1" 404 1089
186.103.159.43 - - [05/Mar/2018:11:12:00 -0300] "GET /cormun/static/Shared/jqueryui/images/ui-bg_flat_55_fafafa_40x100.png HTTP/1.1" 404 1097
186.103.159.43 - - [05/Mar/2018:11:12:00 -0300] "GET /cormun/static/Shared/jqueryui/images/ui-icons_8d78a5_256x240.png HTTP/1.1" 404 1089
186.103.159.43 - - [05/Mar/2018:11:12:00 -0300] "GET /cormun/servlet/solicitudotadjuntos?DLT,2018,9990,CERTIF4,0, HTTP/1.1" 200 5839
186.103.159.43 - - [05/Mar/2018:11:12:07 -0300] "POST /cormun/servlet/solicitudotadjuntos?e2b9ec88f59e87c8dca25e33f7161a68,DLT,2018,9990,CERTIF4,0,,gx-no-cache=1520259078909 HTTP/1.1" 200 93
186.103.159.43 - - [05/Mar/2018:11:12:07 -0300] "GET /cormun/servlet/hpexe_return? HTTP/1.1" 200 1031
186.103.159.43 - - [05/Mar/2018:11:12:08 -0300] "GET /cormun/servlet/trsolicitudadjuntos?2018,9990, HTTP/1.1" 200 8790
186.103.159.43 - - [05/Mar/2018:11:12:08 -0300] "GET /cormun/servlet/trsolicitudadjuntos?2018,9990, HTTP/1.1" 200 8787
186.103.159.43 - - [05/Mar/2018:11:12:11 -0300] "GET /cormun/servlet/solicitudotadjuntos?INS,2018,9990,,1, HTTP/1.1" 200 5970
186.103.159.43 - - [05/Mar/2018:11:12:12 -0300] "GET /cormun/static/about:blank HTTP/1.1" 404 1011
186.103.159.43 - - [05/Mar/2018:11:12:12 -0300] "GET /cormun/servlet/solicitudotadjuntos?INS,2018,9990,,1, HTTP/1.1" 200 5963
186.103.159.43 - - [05/Mar/2018:11:12:13 -0300] "GET /cormun/servlet/solicitudotadjuntos?a2015008318bae65a845f847813381e409801dbd3ff90e2391e218f65578fb9e823cf74e57d99ace35f2fcdbd8b32a24,gx-no-cache=1520259084492 HTTP/1.1" 200 30
186.103.159.43 - - [05/Mar/2018:11:12:13 -0300] "POST /cormun/servlet/solicitudotadjuntos?e2b9ec88f59e87c8dca25e33f7161a68,INS,2018,9990,,1,,gx-no-cache=1520259084572 HTTP/1.1" 200 3790
186.103.159.43 - - [05/Mar/2018:11:12:18 -0300] "POST /cormun/servlet/solicitudotadjuntos?gx-no-cache=1520259089785 HTTP/1.1" 200 26
200.111.122.170 - - [05/Mar/2018:11:12:19 -0300] "POST /cormun/servlet/solicitudot?gx-no-cache=1520259089193 HTTP/1.1" 200 30
200.111.122.170 - - [05/Mar/2018:11:12:19 -0300] "POST /cormun/servlet/solicitudot?gx-no-cache=1520259089518 HTTP/1.1" 200 1333
200.111.122.170 - - [05/Mar/2018:11:12:19 -0300] "POST /cormun/servlet/solicitudot?gx-no-cache=1520259089702 HTTP/1.1" 200 38
186.103.159.43 - - [05/Mar/2018:11:12:23 -0300] "GET /cormun/servlet/solicitudotadjuntos?a2015008318bae65a845f847813381e46f70caccf0cfbbadef3f35956382a1b5,gx-no-cache=1520259095425 HTTP/1.1" 200 30
186.103.159.43 - - [05/Mar/2018:11:12:24 -0300] "GET /cormun/servlet/solicitudotadjuntos?a2015008318bae65a845f847813381e46f70caccf0cfbbadef3f35956382a1b5,gx-no-cache=1520259095497 HTTP/1.1" 200 30
186.103.159.43 - - [05/Mar/2018:11:12:25 -0300] "POST /cormun/servlet/solicitudotadjuntos?e2b9ec88f59e87c8dca25e33f7161a68,INS,2018,9990,,1, HTTP/1.1" 200 116
186.103.159.43 - - [05/Mar/2018:11:12:26 -0300] "GET /cormun/servlet/hpexe_return? HTTP/1.1" 200 1025
186.103.159.43 - - [05/Mar/2018:11:12:26 -0300] "GET /cormun/servlet/trsolicitudadjuntos?2018,9990, HTTP/1.1" 200 8932
186.103.159.43 - - [05/Mar/2018:11:12:27 -0300] "GET /cormun/servlet/trsolicitudadjuntos?2018,9990, HTTP/1.1" 200 8930
200.86.99.60 - - [05/Mar/2018:11:12:29 -0300] "GET /cormun/servlet/hlogin HTTP/1.1" 200 1718
200.86.99.60 - - [05/Mar/2018:11:12:30 -0300] "GET /cormun/static/gxtimezone.js?85251 HTTP/1.1" 304 -
200.86.99.60 - - [05/Mar/2018:11:12:30 -0300] "GET /cormun/static/gxcfg.js?20175251213516 HTTP/1.1" 304 -
200.86.99.60 - - [05/Mar/2018:11:12:30 -0300] "GET /cormun/static/messages.spa.js?85251 HTTP/1.1" 304 -
200.86.99.60 - - [05/Mar/2018:11:12:30 -0300] "GET /cormun/servlet/hlogin HTTP/1.1" 200 1728
186.103.159.43 - - [05/Mar/2018:11:12:31 -0300] "GET /cormun/servlet/solicitudotadjuntos?INS,2018,9990,,1, HTTP/1.1" 200 5970
186.103.159.43 - - [05/Mar/2018:11:12:31 -0300] "GET /cormun/static/about:blank HTTP/1.1" 404 1011
186.103.159.43 - - [05/Mar/2018:11:12:31 -0300] "GET /cormun/servlet/solicitudotadjuntos?INS,2018,9990,,1, HTTP/1.1" 200 5963
186.103.159.43 - - [05/Mar/2018:11:12:32 -0300] "GET /cormun/servlet/solicitudotadjuntos?a2015008318bae65a845f847813381e409801dbd3ff90e2391e218f65578fb9e823cf74e57d99ace35f2fcdbd8b32a24,gx-no-cache=1520259103555 HTTP/1.1" 200 30
186.103.159.43 - - [05/Mar/2018:11:12:32 -0300] "POST /cormun/servlet/solicitudotadjuntos?e2b9ec88f59e87c8dca25e33f7161a68,INS,2018,9990,,1,,gx-no-cache=1520259103602 HTTP/1.1" 200 3790
200.86.99.60 - - [05/Mar/2018:11:12:32 -0300] "POST /cormun/servlet/hlogin?3fc2c176a32b957741e853ad72d2cced,gx-no-cache=1520259103604 HTTP/1.1" 200 90
200.86.99.60 - - [05/Mar/2018:11:12:32 -0300] "GET /cormun/servlet/hpexe_link HTTP/1.1" 200 947
200.86.99.60 - - [05/Mar/2018:11:12:32 -0300] "GET /cormun/static/gxcfg.js?20177612121792 HTTP/1.1" 304 -
200.86.99.60 - - [05/Mar/2018:11:12:32 -0300] "GET /cormun/servlet/hhome HTTP/1.1" 200 4142
200.86.99.60 - - [05/Mar/2018:11:12:33 -0300] "GET /cormun/static/gxcfg.js?20175251212442 HTTP/1.1" 304 -
200.120.230.197 - - [05/Mar/2018:11:12:33 -0300] "GET /cormun/servlet/trvisualizadoreventos? HTTP/1.1" 200 5951
200.86.99.60 - - [05/Mar/2018:11:12:33 -0300] "GET /cormun/servlet/hhome HTTP/1.1" 200 4138
200.120.230.197 - - [05/Mar/2018:11:12:35 -0300] "GET /cormun/servlet/trvisualizadoreventos? HTTP/1.1" 200 5948
200.120.230.197 - - [05/Mar/2018:11:12:35 -0300] "GET /cormun/servlet/hlogin HTTP/1.1" 200 1743
186.103.159.43 - - [05/Mar/2018:11:12:37 -0300] "POST /cormun/servlet/solicitudotadjuntos?gx-no-cache=1520259109030 HTTP/1.1" 200 26
200.86.99.60 - - [05/Mar/2018:11:12:37 -0300] "GET /cormun/servlet/trsolicitudot? HTTP/1.1" 200 7354
200.86.99.60 - - [05/Mar/2018:11:12:37 -0300] "GET /cormun/static/gxcfg.js?2017111422585916 HTTP/1.1" 304 -
200.86.99.60 - - [05/Mar/2018:11:12:37 -0300] "GET /cormun/static/calendar.js?85251 HTTP/1.1" 304 -
200.86.99.60 - - [05/Mar/2018:11:12:37 -0300] "GET /cormun/static/calendar-setup.js?85251 HTTP/1.1" 304 -
200.86.99.60 - - [05/Mar/2018:11:12:37 -0300] "GET /cormun/static/calendar-es.js?85251 HTTP/1.1" 304 -
200.86.99.60 - - [05/Mar/2018:11:12:37 -0300] "GET /cormun/static/gxdec.js?85251 HTTP/1.1" 304 -
200.86.99.60 - - [05/Mar/2018:11:12:38 -0300] "GET /cormun/servlet/trsolicitudot? HTTP/1.1" 200 7353
186.103.161.206 - - [05/Mar/2018:11:12:50 -0300] "GET /cormun/servlet/solicitudot?720de4a177aa68f987c5d09c673401438830362b44e378637fe2169764ae99e4d5c93579ff25041823196fc740dbcea7960b782722a19a4b5fdf63e1a8729f2d8d4936ea0a5c850ca916bb034a906ef7dc0ba15c0d6917d85646b82256c931c915c25f016d07c3de2065c4ccf0ea5897,gx-no-cache=1520259121062 HTTP/1.1" 200 29
186.103.161.206 - - [05/Mar/2018:11:12:50 -0300] "POST /cormun/servlet/solicitudot?gx-no-cache=1520259121184 HTTP/1.1" 200 1318
186.103.161.206 - - [05/Mar/2018:11:12:51 -0300] "POST /cormun/servlet/solicitudot?gx-no-cache=1520259121351 HTTP/1.1" 200 1215
200.120.230.197 - - [05/Mar/2018:11:12:52 -0300] "POST /cormun/servlet/hlogin?93f006149bdb63b0036fa52c0c418429,gx-no-cache=1520259123684 HTTP/1.1" 200 90
200.120.230.197 - - [05/Mar/2018:11:12:53 -0300] "GET /cormun/servlet/hpexe_link HTTP/1.1" 200 963
200.120.230.197 - - [05/Mar/2018:11:12:53 -0300] "GET /cormun/servlet/trvisualizadoreventos HTTP/1.1" 200 6804
200.120.230.197 - - [05/Mar/2018:11:12:55 -0300] "GET /cormun/servlet/trvisualizadoreventos HTTP/1.1" 200 6802
200.86.99.60 - - [05/Mar/2018:11:12:56 -0300] "GET /cormun/static/menuarrow.gif HTTP/1.1" 404 1015
186.103.159.43 - - [05/Mar/2018:11:12:58 -0300] "POST /cormun/servlet/solicitudotadjuntos?gx-no-cache=1520259129888 HTTP/1.1" 200 26
192.168.10.96 - - [05/Mar/2018:11:13:04 -0300] "GET /cormun/PublicTempStorage/img0984823454.jpg HTTP/1.1" 200 1061459
186.103.159.43 - - [05/Mar/2018:11:13:15 -0300] "GET /cormun/servlet/solicitudotadjuntos?a2015008318bae65a845f847813381e46f70caccf0cfbbadef3f35956382a1b5,gx-no-cache=1520259146817 HTTP/1.1" 200 30
186.103.159.43 - - [05/Mar/2018:11:13:15 -0300] "GET /cormun/servlet/solicitudotadjuntos?a2015008318bae65a845f847813381e46f70caccf0cfbbadef3f35956382a1b5,gx-no-cache=1520259146887 HTTP/1.1" 200 30
186.103.159.43 - - [05/Mar/2018:11:13:17 -0300] "POST /cormun/servlet/solicitudotadjuntos?e2b9ec88f59e87c8dca25e33f7161a68,INS,2018,9990,,1, HTTP/1.1" 200 116
186.103.159.43 - - [05/Mar/2018:11:13:17 -0300] "GET /cormun/servlet/hpexe_return? HTTP/1.1" 200 1025
186.103.159.43 - - [05/Mar/2018:11:13:18 -0300] "GET /cormun/servlet/trsolicitudadjuntos?2018,9990, HTTP/1.1" 200 9184
186.103.159.43 - - [05/Mar/2018:11:13:18 -0300] "GET /cormun/servlet/trsolicitudadjuntos?2018,9990, HTTP/1.1" 200 9184
200.120.230.197 - - [05/Mar/2018:11:13:24 -0300] "GET /cormun/static/menuarrow.gif HTTP/1.1" 404 1015
186.79.22.245 - - [05/Mar/2018:11:14:21 -0300] "POST /cormun/servlet/trvisualizadoreventos?93f006149bdb63b0036fa52c0c418429,gx-no-cache=1520259210760 HTTP/1.1" 200 3876
186.79.22.245 - - [05/Mar/2018:11:14:27 -0300] "GET /cormun/servlet/trautorizarsolicitud? HTTP/1.1" 200 8678
200.120.230.197 - - [05/Mar/2018:11:14:27 -0300] "GET /cormun/static/gxcfg.js?2017111423403364 HTTP/1.1" 304 -
186.79.22.245 - - [05/Mar/2018:11:14:28 -0300] "GET /cormun/servlet/trautorizarsolicitud? HTTP/1.1" 200 8678
186.103.159.43 - - [05/Mar/2018:11:14:32 -0300] "GET /cormun/servlet/solicitudotadjuntos?INS,2018,9990,,1, HTTP/1.1" 200 5971
186.103.159.43 - - [05/Mar/2018:11:14:32 -0300] "GET /cormun/static/about:blank HTTP/1.1" 404 1011
186.103.159.43 - - [05/Mar/2018:11:14:33 -0300] "GET /cormun/servlet/solicitudotadjuntos?INS,2018,9990,,1, HTTP/1.1" 200 5963
186.103.159.43 - - [05/Mar/2018:11:14:33 -0300] "GET /cormun/servlet/solicitudotadjuntos?a2015008318bae65a845f847813381e409801dbd3ff90e2391e218f65578fb9e823cf74e57d99ace35f2fcdbd8b32a24,gx-no-cache=1520259225269 HTTP/1.1" 200 30
186.103.159.43 - - [05/Mar/2018:11:14:34 -0300] "POST /cormun/servlet/solicitudotadjuntos?e2b9ec88f59e87c8dca25e33f7161a68,INS,2018,9990,,1,,gx-no-cache=1520259225370 HTTP/1.1" 200 3788
200.86.99.60 - - [05/Mar/2018:11:14:41 -0300] "GET /cormun/servlet/solicitudot?INS,0,0, HTTP/1.1" 200 13590
200.86.99.60 - - [05/Mar/2018:11:14:41 -0300] "GET /cormun/static/gxcfg.js?201812313224582 HTTP/1.1" 200 953
200.86.99.60 - - [05/Mar/2018:11:14:41 -0300] "GET /cormun/static/solicitudot.js?201812313224831 HTTP/1.1" 304 -
200.86.99.60 - - [05/Mar/2018:11:14:42 -0300] "GET /cormun/servlet/solicitudot?INS,0,0, HTTP/1.1" 200 13595
186.103.159.43 - - [05/Mar/2018:11:14:47 -0300] "POST /cormun/servlet/solicitudotadjuntos?gx-no-cache=1520259238500 HTTP/1.1" 200 26
186.103.159.43 - - [05/Mar/2018:11:14:54 -0300] "GET /cormun/servlet/solicitudotadjuntos?a2015008318bae65a845f847813381e46f70caccf0cfbbadef3f35956382a1b5,gx-no-cache=1520259246412 HTTP/1.1" 200 30
186.103.159.43 - - [05/Mar/2018:11:14:54 -0300] "GET /cormun/servlet/solicitudotadjuntos?a2015008318bae65a845f847813381e46f70caccf0cfbbadef3f35956382a1b5,gx-no-cache=1520259246457 HTTP/1.1" 200 30
186.103.159.43 - - [05/Mar/2018:11:14:56 -0300] "POST /cormun/servlet/solicitudotadjuntos?e2b9ec88f59e87c8dca25e33f7161a68,INS,2018,9990,,1, HTTP/1.1" 200 116
186.103.159.43 - - [05/Mar/2018:11:14:56 -0300] "GET /cormun/servlet/hpexe_return? HTTP/1.1" 200 1025
186.103.159.43 - - [05/Mar/2018:11:14:57 -0300] "GET /cormun/servlet/trsolicitudadjuntos?2018,9990, HTTP/1.1" 200 9446
186.103.159.43 - - [05/Mar/2018:11:14:58 -0300] "GET /cormun/servlet/trsolicitudadjuntos?2018,9990, HTTP/1.1" 200 9443
200.86.99.60 - - [05/Mar/2018:11:15:00 -0300] "POST /cormun/servlet/solicitudot?gx-no-cache=1520259252051 HTTP/1.1" 200 3293
200.86.99.60 - - [05/Mar/2018:11:15:01 -0300] "POST /cormun/servlet/solicitudot?3fc2c176a32b957741e853ad72d2cced,INS,0,0,,gx-no-cache=1520259252313 HTTP/1.1" 200 10438
200.86.99.60 - - [05/Mar/2018:11:15:03 -0300] "GET /cormun/servlet/solicitudot?f2b669ea69b35c5a281d27582e9a05635052a94bb26ad06a770e784bda693bf83042e409a989a0daa783fc598abcc5b1,gx-no-cache=1520259254791 HTTP/1.1" 200 30
200.111.122.170 - - [05/Mar/2018:11:15:25 -0300] "GET /cormun/servlet/solicitudot?720de4a177aa68f987c5d09c6734014331c8f2ec63641da70d6ff9d057707f60,gx-no-cache=1520259275852 HTTP/1.1" 200 30
200.111.122.170 - - [05/Mar/2018:11:15:34 -0300] "GET /cormun/servlet/solicitudot?720de4a177aa68f987c5d09c673401430869db06bcc7248944aa217c51d2b269295314d6e1cf8aeb166173b3bd01a07f,gx-no-cache=1520259284551 HTTP/1.1" 200 30
186.103.157.246 - - [05/Mar/2018:11:15:42 -0300] "POST /cormun/servlet/hlogin?0f262e887f327b3a389747c928d2d91b,gx-no-cache=1520259294312 HTTP/1.1" 200 90
186.103.157.246 - - [05/Mar/2018:11:15:42 -0300] "GET /cormun/servlet/hpexe_link HTTP/1.1" 200 941
186.103.157.246 - - [05/Mar/2018:11:15:43 -0300] "GET /cormun/servlet/trsolicitudot HTTP/1.1" 200 6900
186.103.159.43 - - [05/Mar/2018:11:15:48 -0300] "GET /cormun/servlet/hlogin HTTP/1.1" 200 1725
186.103.157.246 - - [05/Mar/2018:11:15:48 -0300] "GET /cormun/servlet/solicitudot?INS,0,0, HTTP/1.1" 200 13327
186.103.157.246 - - [05/Mar/2018:11:15:48 -0300] "GET /cormun/static/gxcfg.js?201812313224582 HTTP/1.1" 304 -
186.103.157.246 - - [05/Mar/2018:11:15:48 -0300] "GET /cormun/static/Resources/prompt.gif HTTP/1.1" 304 -
186.103.157.246 - - [05/Mar/2018:11:15:48 -0300] "GET /cormun/static/solicitudot.js?201812313224831 HTTP/1.1" 304 -
186.103.159.43 - - [05/Mar/2018:11:15:51 -0300] "POST /cormun/servlet/hlogin?de89685873720a913ed6e145179cfe65,gx-no-cache=1520259303172 HTTP/1.1" 200 90
186.103.159.43 - - [05/Mar/2018:11:15:51 -0300] "GET /cormun/servlet/hpexe_link HTTP/1.1" 200 953
186.103.159.43 - - [05/Mar/2018:11:15:52 -0300] "GET /cormun/servlet/hhome HTTP/1.1" 200 3933
186.103.159.43 - - [05/Mar/2018:11:15:52 -0300] "GET /cormun/servlet/hhome HTTP/1.1" 200 3929
186.103.159.43 - - [05/Mar/2018:11:15:57 -0300] "GET /cormun/servlet/trsolicitudot? HTTP/1.1" 200 8483
186.103.159.43 - - [05/Mar/2018:11:15:58 -0300] "GET /cormun/servlet/trsolicitudot? HTTP/1.1" 200 8481
200.120.230.197 - - [05/Mar/2018:11:16:05 -0300] "POST /cormun/servlet/trautorizarsolicitud?93f006149bdb63b0036fa52c0c418429,,gx-no-cache=1520259316058 HTTP/1.1" 200 4589
200.120.230.197 - - [05/Mar/2018:11:16:05 -0300] "GET /cormun/static/Shared/jqueryui/images/ui-icons_82798d_256x240.png HTTP/1.1" 404 1089
186.79.22.245 - - [05/Mar/2018:11:16:05 -0300] "GET /cormun/static/Shared/jqueryui/images/ui-bg_flat_55_fafafa_40x100.png HTTP/1.1" 404 1097
186.103.159.43 - - [05/Mar/2018:11:16:05 -0300] "POST /cormun/servlet/trsolicitudot?de89685873720a913ed6e145179cfe65,,gx-no-cache=1520259316727 HTTP/1.1" 200 4466
186.103.159.43 - - [05/Mar/2018:11:16:06 -0300] "GET /cormun/static/Shared/jqueryui/images/ui-bg_highlight-soft_100_c6c2c8_1x100.png HTTP/1.1" 404 1117
186.79.22.245 - - [05/Mar/2018:11:16:06 -0300] "GET /cormun/static/Shared/jqueryui/images/ui-icons_8d78a5_256x240.png HTTP/1.1" 404 1089
186.103.159.43 - - [05/Mar/2018:11:16:06 -0300] "GET /cormun/static/Shared/jqueryui/images/ui-bg_flat_55_fafafa_40x100.png HTTP/1.1" 404 1097
200.120.230.197 - - [05/Mar/2018:11:16:06 -0300] "POST /cormun/servlet/trautorizarsolicitud?93f006149bdb63b0036fa52c0c418429,,gx-no-cache=1520259317095 HTTP/1.1" 200 4382
186.103.159.43 - - [05/Mar/2018:11:16:06 -0300] "POST /cormun/servlet/trsolicitudot?de89685873720a913ed6e145179cfe65,,gx-no-cache=1520259317576 HTTP/1.1" 200 4257
186.103.159.43 - - [05/Mar/2018:11:16:06 -0300] "GET /cormun/static/Shared/jqueryui/images/ui-icons_8d78a5_256x240.png HTTP/1.1" 404 1089
186.103.159.43 - - [05/Mar/2018:11:16:06 -0300] "GET /cormun/static/Shared/jqueryui/images/ui-icons_82798d_256x240.png HTTP/1.1" 404 1089
200.120.230.197 - - [05/Mar/2018:11:16:07 -0300] "GET /cormun/static/Shared/jqueryui/images/ui-bg_highlight-soft_100_c6c2c8_1x100.png HTTP/1.1" 404 1117
186.103.161.206 - - [05/Mar/2018:11:16:10 -0300] "POST /cormun/servlet/solicitudot?gx-no-cache=1520259320550 HTTP/1.1" 200 1317
186.103.161.206 - - [05/Mar/2018:11:16:10 -0300] "POST /cormun/servlet/solicitudot?gx-no-cache=1520259320730 HTTP/1.1" 200 1215
186.103.161.206 - - [05/Mar/2018:11:16:10 -0300] "POST /cormun/servlet/solicitudot?gx-no-cache=1520259320795 HTTP/1.1" 200 30
186.103.157.246 - - [05/Mar/2018:11:16:21 -0300] "POST /cormun/servlet/solicitudot?gx-no-cache=1520259332830 HTTP/1.1" 200 3407
186.103.157.246 - - [05/Mar/2018:11:16:22 -0300] "POST /cormun/servlet/solicitudot?0f262e887f327b3a389747c928d2d91b,INS,0,0,,gx-no-cache=1520259333596 HTTP/1.1" 200 10339
186.103.159.43 - - [05/Mar/2018:11:16:51 -0300] "GET /cormun/servlet/hlogin HTTP/1.1" 200 1719
186.103.159.43 - - [05/Mar/2018:11:16:55 -0300] "POST /cormun/servlet/hlogin?bf6545e62b0e80e2a58a84d820c4a476,gx-no-cache=1520259367258 HTTP/1.1" 200 90
186.103.159.43 - - [05/Mar/2018:11:16:55 -0300] "GET /cormun/servlet/hpexe_link HTTP/1.1" 200 952
186.103.159.43 - - [05/Mar/2018:11:16:56 -0300] "GET /cormun/servlet/hhome HTTP/1.1" 200 3931
186.103.159.43 - - [05/Mar/2018:11:16:56 -0300] "GET /cormun/servlet/hhome HTTP/1.1" 200 3927
186.103.159.43 - - [05/Mar/2018:11:16:59 -0300] "GET /cormun/servlet/trsolicitudot? HTTP/1.1" 200 7142
186.103.159.43 - - [05/Mar/2018:11:17:00 -0300] "GET /cormun/servlet/trsolicitudot? HTTP/1.1" 200 7141
186.103.159.43 - - [05/Mar/2018:11:17:06 -0300] "GET /cormun/servlet/solicitudot?INS,0,0, HTTP/1.1" 200 13390
186.103.159.43 - - [05/Mar/2018:11:17:07 -0300] "GET /cormun/servlet/solicitudot?INS,0,0, HTTP/1.1" 200 13395
200.111.122.170 - - [05/Mar/2018:11:17:15 -0300] "GET /cormun/servlet/solicitudot?720de4a177aa68f987c5d09c67340143f6792d4d04e712270d3b51c0a7ac0026,gx-no-cache=1520259386058 HTTP/1.1" 200 94
200.111.122.170 - - [05/Mar/2018:11:17:16 -0300] "GET /cormun/servlet/solicitudot?720de4a177aa68f987c5d09c67340143a00c172b0b8bd936d462e64ea51b5c1f55fa274d6d47b418343c5c788aef9179458e48e5e9c73e99d0f9b313e8afd4b1bac5f80430744ef1299d469e69c117ee93700f3c74090d9d88856d47c996a8716c80e522f72adee1534480a5272bfc015ef2cfca4ffd4373a5eb445b109949cb640ccf45a3f090bb974dd3a1ddc4a74108d2d922b7bb473e47953a83b386cf66657537a34ad715ff13f37a8b63d0dfc0041c95100dd4ce5c93d3c61a8b065401012c0eb5749563b8296db93323b9bfa6893606f3e6e090fbce01a09cee212b2aa817aa2d0430ddcc663075057ec29ab2f3c6866823faecc2167c92bfdec2aa115435ece0cd6abadd511590a5f54e8a18b98a5265e7cc7ebe4c768976c7d0aac74a6a167e8fed623bb620ac826a2727e7f8670e74ad6a6c4100b0bd4bddfdb128423d1f698487e92a729ce45d519716996483fc13060387e71108afeedb22712dc5dcdff70ca3af6971c0147a09a5bd5c09d6c2eaded9ec0176736add1522b416b297169916d0e8cec616ec28e94c0cf8,gx-no-cache=1520259386228 HTTP/1.1" 200 30
200.111.122.170 - - [05/Mar/2018:11:17:16 -0300] "POST /cormun/servlet/solicitudot?gx-no-cache=1520259386513 HTTP/1.1" 200 30
200.111.122.170 - - [05/Mar/2018:11:17:16 -0300] "POST /cormun/servlet/solicitudot?gx-no-cache=1520259386565 HTTP/1.1" 200 1332
200.111.122.170 - - [05/Mar/2018:11:17:16 -0300] "POST /cormun/servlet/solicitudot?gx-no-cache=1520259386661 HTTP/1.1" 200 41
200.111.122.170 - - [05/Mar/2018:11:17:16 -0300] "POST /cormun/servlet/solicitudot?gx-no-cache=1520259386735 HTTP/1.1" 200 1317
200.111.122.170 - - [05/Mar/2018:11:17:16 -0300] "POST /cormun/servlet/solicitudot?gx-no-cache=1520259386852 HTTP/1.1" 200 1215
200.111.122.170 - - [05/Mar/2018:11:17:16 -0300] "GET /cormun/servlet/solicitudot?720de4a177aa68f987c5d09c673401430869db06bcc7248944aa217c51d2b269295314d6e1cf8aeb166173b3bd01a07f,gx-no-cache=1520259386928 HTTP/1.1" 200 30
200.111.122.170 - - [05/Mar/2018:11:17:16 -0300] "POST /cormun/servlet/solicitudot?gx-no-cache=1520259387025 HTTP/1.1" 200 30
200.111.122.170 - - [05/Mar/2018:11:17:16 -0300] "POST /cormun/servlet/solicitudot?1c2e1afa1460b0d254975771a1b1fb6a,INS,0,0,,gx-no-cache=1520259387112 HTTP/1.1" 200 11906
200.86.99.60 - - [05/Mar/2018:11:17:22 -0300] "GET /cormun/servlet/solicitudot?f2b669ea69b35c5a281d27582e9a056314f242cde88e8d931a311d199ead4fdc422dc975b63c49deec693b1bb9fbee027a4e7eea2880779749dcc780d6d095f5,gx-no-cache=1520259394217 HTTP/1.1" 200 30
200.86.99.60 - - [05/Mar/2018:11:17:24 -0300] "GET /cormun/servlet/solicitudot?f2b669ea69b35c5a281d27582e9a0563269fb65e486a2f93ba1584d9ee9e5fdc,gx-no-cache=1520259395891 HTTP/1.1" 200 29
186.103.157.246 - - [05/Mar/2018:11:17:29 -0300] "GET /cormun/servlet/solicitudot?54688da65f058a42e1fb883132ee32caf6c5fe22d4a8f369421df3f8266729abe0cb3251fa00edc410c0b7f1781b2722,gx-no-cache=1520259400409 HTTP/1.1" 200 30
186.103.157.246 - - [05/Mar/2018:11:17:29 -0300] "GET /cormun/servlet/solicitudot?54688da65f058a42e1fb883132ee32ca18e40fe0127931a7505f1dda36eb463d1f00a7c86ef60208e55108e3a60f673734b5a99c88b566b28941b615b76838a3,gx-no-cache=1520259400883 HTTP/1.1" 200 30
186.103.157.246 - - [05/Mar/2018:11:17:29 -0300] "GET /cormun/servlet/solicitudot?54688da65f058a42e1fb883132ee32ca5b9e5ab76500825440ba9d7626715f16,gx-no-cache=1520259401255 HTTP/1.1" 200 123
186.103.157.246 - - [05/Mar/2018:11:17:29 -0300] "GET /cormun/static/Shared/jqueryui/images/ui-bg_highlight-soft_100_c6c2c8_1x100.png HTTP/1.1" 404 1117
186.103.157.246 - - [05/Mar/2018:11:17:29 -0300] "GET /cormun/static/Shared/jqueryui/images/ui-icons_ebccce_256x240.png HTTP/1.1" 404 1089
186.103.157.246 - - [05/Mar/2018:11:17:29 -0300] "GET /cormun/static/Shared/jqueryui/images/ui-icons_82798d_256x240.png HTTP/1.1" 404 1089
186.103.157.246 - - [05/Mar/2018:11:17:29 -0300] "GET /cormun/static/Shared/jqueryui/images/ui-bg_flat_55_994d53_40x100.png HTTP/1.1" 404 1097
186.103.157.246 - - [05/Mar/2018:11:17:29 -0300] "POST /cormun/servlet/solicitudot?gx-no-cache=1520259401342 HTTP/1.1" 200 256
186.103.157.246 - - [05/Mar/2018:11:17:30 -0300] "GET /cormun/servlet/solicitudot?54688da65f058a42e1fb883132ee32ca724bb8ca0d409f9cc533a9af32bc24e5ecd17f669eecda8c85a05d2690fe2048aa22565f58c79b6b329aa8f438398de36e3b9af89c0be6c8033c9ecafbc07b83c15be5054898a3db74ace9db26f02bc7e0e9ecba8efb1a11d5ac95292b4133db2c8df0968a145040d5d567a4daff300bf95b89eb43a0790df3b200bc36b57ba1e1d79b440e94cb9afd2d3a23bcbe09d787e60fc77e14c9dbec728b066427c6f1e080fc48d318bc14c645e1a2f88f56aa782af5d996a53eb11e9b4882f3b27e38fa963a8e3fd8d28b74e1ffb5ad092900f76f7310bdfa1b8173eaa5b342609ff3569b1e3dfb4d7af4277ebefe9e9c90df5a234ece0db0251760f37bf349d457e1317ea26d02c3a3481f27713e5c1bb602480499ff74da606676fe28e1017a7d459af251b12394e476ab4893bc5ed58e2363192e3e58332bc2cd82f2597e36cd1b8d243f57583eb8a0595946f7ee5fc8e8913c7c62dbb60daa8a514886369c5f1a0703519da47f6e43fad412f4c1e26cc1,gx-no-cache=1520259401521 HTTP/1.1" 200 30
200.86.99.60 - - [05/Mar/2018:11:17:33 -0300] "POST /cormun/servlet/solicitudot?gx-no-cache=1520259404567 HTTP/1.1" 200 297
186.103.157.246 - - [05/Mar/2018:11:17:34 -0300] "POST /cormun/servlet/solicitudot?gx-no-cache=1520259405602 HTTP/1.1" 200 30
186.103.157.246 - - [05/Mar/2018:11:17:41 -0300] "POST /cormun/servlet/solicitudot?gx-no-cache=1520259413329 HTTP/1.1" 200 1337
186.103.157.246 - - [05/Mar/2018:11:17:42 -0300] "POST /cormun/servlet/solicitudot?gx-no-cache=1520259413499 HTTP/1.1" 200 38
200.86.99.60 - - [05/Mar/2018:11:17:43 -0300] "GET /cormun/servlet/solicitudot?f2b669ea69b35c5a281d27582e9a0563344a09a998c1f54a293233fe7e36d37356b08a5f53ab1820e085db5a107f890ce6b25bee5c0bb3a4fef5121a8bf0e3e71c77e56d468a8fc99da6f0eac57c707441e6657013f4c4577000524213bc0f2816f1351bc23d4ebf247e7591b5100fc19eb8fe0dce79068f54d059032a756fdcbec5eab372bdad01f06cc009b3ceb0dc0e3708887a99c938fae1777bf814e9da3b8f02de06da5de55ee4fca2a6ee27a0e85526f324ce02aabb381640b875e135869f4e515070399cffc3d6b1c007d2f3b67382a91f1bd0bd6bb6e78afa0480d8a6a3449ef3bab653ce68b90b7d75c29aeac9ce07b844a31e21774237891d2c5033e80ccab4a97a136e10e21d8ccfc1ed82172cdcf70bb339384dc45d23d25ece86c30dd3bb02312af7680ef30667079fc185349eb0dfac2d3cd03201511ab36eda87cc0691f2c5a00ffbf8370bfa3b3019921f7ec41498fd4f3a92eed05d9f14b72a45f0c24a9daad7774067d8de591cf2034a649eeb03c5b53808ee36dbfa57ed4e461e305ca42e99c9ec4fb4ebdae9,gx-no-cache=1520259414784 HTTP/1.1" 200 30
200.86.99.60 - - [05/Mar/2018:11:17:43 -0300] "POST /cormun/servlet/solicitudot?gx-no-cache=1520259414866 HTTP/1.1" 200 30
200.86.99.60 - - [05/Mar/2018:11:17:43 -0300] "POST /cormun/servlet/solicitudot?gx-no-cache=1520259414987 HTTP/1.1" 200 1333
200.86.99.60 - - [05/Mar/2018:11:17:44 -0300] "POST /cormun/servlet/solicitudot?gx-no-cache=1520259415135 HTTP/1.1" 200 38
186.103.159.43 - - [05/Mar/2018:11:17:47 -0300] "POST /cormun/servlet/solicitudot?gx-no-cache=1520259418884 HTTP/1.1" 200 3374
186.103.159.43 - - [05/Mar/2018:11:17:47 -0300] "GET /cormun/static/Shared/jqueryui/images/ui-bg_highlight-soft_100_c6c2c8_1x100.png HTTP/1.1" 404 1117
186.103.159.43 - - [05/Mar/2018:11:17:47 -0300] "GET /cormun/static/Shared/jqueryui/images/ui-icons_82798d_256x240.png HTTP/1.1" 404 1089
186.103.159.43 - - [05/Mar/2018:11:17:47 -0300] "GET /cormun/static/Shared/jqueryui/images/ui-bg_flat_55_994d53_40x100.png HTTP/1.1" 404 1097
186.103.159.43 - - [05/Mar/2018:11:17:47 -0300] "GET /cormun/static/Shared/jqueryui/images/ui-icons_ebccce_256x240.png HTTP/1.1" 404 1089
186.103.157.246 - - [05/Mar/2018:11:17:59 -0300] "GET /cormun/servlet/solicitudot?54688da65f058a42e1fb883132ee32ca4288dbbf30c1ba62598965e008b89f692a0bb4c83406814ec1dd5c5915acee1f804c714cce21eb3cb56fb140d7bf511c4e75b120962837f2fbe87e1683d71cf9c4c1a37c297e00f8837b5c5dae07f765fa97b16f7eec4128b8e55373a648fcf6,gx-no-cache=1520259428461 HTTP/1.1" 200 29
186.103.157.246 - - [05/Mar/2018:11:17:59 -0300] "POST /cormun/servlet/solicitudot?gx-no-cache=1520259430693 HTTP/1.1" 200 1319
186.103.157.246 - - [05/Mar/2018:11:17:59 -0300] "POST /cormun/servlet/solicitudot?gx-no-cache=1520259430892 HTTP/1.1" 200 1218
186.103.157.246 - - [05/Mar/2018:11:17:59 -0300] "GET /cormun/static/menuarrow.gif HTTP/1.1" 404 1015
186.103.157.246 - - [05/Mar/2018:11:18:03 -0300] "POST /cormun/servlet/solicitudot?gx-no-cache=1520259435098 HTTP/1.1" 200 1319
186.103.157.246 - - [05/Mar/2018:11:18:03 -0300] "POST /cormun/servlet/solicitudot?gx-no-cache=1520259435395 HTTP/1.1" 200 1218
186.103.157.246 - - [05/Mar/2018:11:18:06 -0300] "GET /cormun/servlet/solicitudot?54688da65f058a42e1fb883132ee32ca789aa3e4217e121a2fdf1423acfc4b64ca299213327ef3ebc3a1fee2eb55862a,gx-no-cache=1520259437881 HTTP/1.1" 200 30
186.103.157.246 - - [05/Mar/2018:11:18:18 -0300] "POST /cormun/servlet/solicitudot?gx-no-cache=1520259449524 HTTP/1.1" 200 30
186.103.158.250 - - [05/Mar/2018:11:19:24 -0300] "GET /cormun/servlet/licenciaspermisos?021f543df506728dd1d1a82eb5bb8208b3cff26243ec37106aa9b8656351b07803437ea7e59737f422cf02d34164f25b0400e1c5504a17af127f50344e9f866391e6e07f9b9b0edef4c060a3cdd255b99bafdf4b1131cc21edbfb7646bf34e0aa8cf0f0c25a03637f228b85fd24064fdb8898a31aae0e91361e2870f450f03e8ae1ae9db47a770c73dcd7b77cd3c0cb236a559cc0769158d231817479f83419544b936b3e5ff73e02237ce6ae3da9e38,gx-no-cache=1520259327647 HTTP/1.1" 200 30
186.103.158.250 - - [05/Mar/2018:11:19:24 -0300] "GET /cormun/servlet/licenciaspermisos?021f543df506728dd1d1a82eb5bb8208442812ada7005ad7e1478baed446a2157f9403af65c33160fdda345f94b71146712d0150488cf1f795ad0ebd91285df03a1d17a31e9039cbf99d9db8dbce0555b1080aea9dbd2eaa7a41254ffada5d5ed15678ca3f30688cfc5e44ed85e16a9b6685a867af0c7cbe05c4f4df4db1b51c83dc8a30b1ed77f15b40ba8044734d9984f53ecc83b74f43f71984a2bf16973154a85d36eda80986548972996a39bff2,gx-no-cache=1520259327696 HTTP/1.1" 200 29
186.103.158.250 - - [05/Mar/2018:11:19:24 -0300] "POST /cormun/servlet/licenciaspermisos?f85fccdfb37cd8af55f3c00c6e7d5065,INS,0,,,,gx-no-cache=1520259327738 HTTP/1.1" 200 93
186.103.158.250 - - [05/Mar/2018:11:19:24 -0300] "GET /cormun/servlet/hpexe_return? HTTP/1.1" 200 1011
186.103.158.250 - - [05/Mar/2018:11:19:24 -0300] "GET /cormun/static/gxcfg.js?2016101716175148 HTTP/1.1" 304 -
186.103.158.250 - - [05/Mar/2018:11:19:25 -0300] "GET /cormun/servlet/trlicencias HTTP/1.1" 200 8753
186.103.158.250 - - [05/Mar/2018:11:19:26 -0300] "GET /cormun/servlet/trlicencias HTTP/1.1" 200 8749
200.86.99.60 - - [05/Mar/2018:11:20:04 -0300] "GET /cormun/servlet/solicitudot?f2b669ea69b35c5a281d27582e9a05633afca5d0dc59ca906b0e421b4b26b221a970a5a97892561e6e2437ac0e602c71e53bd682b2c1c68c2fd900bf407c13cf2a568d46d184d39322ac51356d9b69abcc21a6b8d4f33cc8791e6ebbfc8b75001acc3d16539dcaceac1d61769b954421,gx-no-cache=1520259555802 HTTP/1.1" 200 29
200.86.99.60 - - [05/Mar/2018:11:20:04 -0300] "POST /cormun/servlet/solicitudot?gx-no-cache=1520259555960 HTTP/1.1" 200 1318
200.86.99.60 - - [05/Mar/2018:11:20:04 -0300] "POST /cormun/servlet/solicitudot?gx-no-cache=1520259556069 HTTP/1.1" 200 1215
200.86.99.60 - - [05/Mar/2018:11:20:21 -0300] "GET /cormun/servlet/solicitudot?f2b669ea69b35c5a281d27582e9a0563ac1ac9dc51f99b5ed4d3050e51be397da0eacf8b02c69a4eb70ffe4cba9bcf71,gx-no-cache=1520259573191 HTTP/1.1" 200 30
200.86.99.60 - - [05/Mar/2018:11:20:36 -0300] "POST /cormun/servlet/solicitudot?gx-no-cache=1520259587498 HTTP/1.1" 200 30
186.103.159.43 - - [05/Mar/2018:11:20:49 -0300] "POST /cormun/servlet/solicitudot?gx-no-cache=1520259600969 HTTP/1.1" 200 3374
186.103.161.206 - - [05/Mar/2018:11:21:15 -0300] "GET /cormun/servlet/solicitudot?720de4a177aa68f987c5d09c6734014300da6c9afb20f4ad85a21315b4636f25877ae036aa080e4ab30a9582b49c7bfc4fb6f3679d07f5202c409f59fd908869,gx-no-cache=1520259625847 HTTP/1.1" 200 30
186.103.161.206 - - [05/Mar/2018:11:21:15 -0300] "GET /cormun/servlet/solicitudot?720de4a177aa68f987c5d09c67340143a00c172b0b8bd936d462e64ea51b5c1f55fa274d6d47b418343c5c788aef9179458e48e5e9c73e99d0f9b313e8afd4b1bac5f80430744ef1299d469e69c117ee93700f3c74090d9d88856d47c996a8716c80e522f72adee1534480a5272bfc015ef2cfca4ffd4373a5eb445b109949cb640ccf45a3f090bb974dd3a1ddc4a74108d2d922b7bb473e47953a83b386cf66657537a34ad715ff13f37a8b63d0dfc0041c95100dd4ce5c93d3c61a8b065401012c0eb5749563b8296db93323b9bfa6893606f3e6e090fbce01a09cee212b2aa817aa2d0430ddcc663075057ec29ab2f3c6866823faecc2167c92bfdec2aa115435ece0cd6abadd511590a5f54e8a18b98a5265e7cc7ebe4c768976c7d0aac74a6a167e8fed623bb620ac826a2727e7f8670e74ad6a6c4100b0bd4bddfdb128423d1f698487e92a729ce45d519716996483fc13060387e71108afeedb22712dc5dcdff70ca3af6971c0147a09a5bd5c09d6c2eaded9ec0176736add1522b416b297169916d0e8cec616ec28e94c0cf8,gx-no-cache=1520259626329 HTTP/1.1" 200 30
186.103.157.246 - - [05/Mar/2018:11:21:16 -0300] "GET /cormun/servlet/licenciaspermisos?INS,0,,, HTTP/1.1" 200 6741
186.103.161.206 - - [05/Mar/2018:11:21:16 -0300] "POST /cormun/servlet/solicitudot?gx-no-cache=1520259626407 HTTP/1.1" 200 30
186.103.161.206 - - [05/Mar/2018:11:21:16 -0300] "POST /cormun/servlet/solicitudot?gx-no-cache=1520259626897 HTTP/1.1" 200 1332
186.103.161.206 - - [05/Mar/2018:11:21:16 -0300] "POST /cormun/servlet/solicitudot?gx-no-cache=1520259627135 HTTP/1.1" 200 41
186.103.161.206 - - [05/Mar/2018:11:21:16 -0300] "POST /cormun/servlet/solicitudot?gx-no-cache=1520259627232 HTTP/1.1" 200 1317
186.103.161.206 - - [05/Mar/2018:11:21:17 -0300] "POST /cormun/servlet/solicitudot?gx-no-cache=1520259627405 HTTP/1.1" 200 1215
186.103.157.246 - - [05/Mar/2018:11:21:17 -0300] "GET /cormun/static/gxtimezone.js?85251 HTTP/1.1" 304 -
186.103.161.206 - - [05/Mar/2018:11:21:17 -0300] "GET /cormun/servlet/solicitudot?720de4a177aa68f987c5d09c673401430869db06bcc7248944aa217c51d2b269295314d6e1cf8aeb166173b3bd01a07f,gx-no-cache=1520259627491 HTTP/1.1" 200 30
186.103.161.206 - - [05/Mar/2018:11:21:17 -0300] "POST /cormun/servlet/solicitudot?gx-no-cache=1520259627565 HTTP/1.1" 200 30
186.103.157.246 - - [05/Mar/2018:11:21:17 -0300] "GET /cormun/static/calendar.js?85251 HTTP/1.1" 304 -
