200.73.230.197 - - [05/Mar/2018:09:02:39 -0300] "GET /cormun/servlet/solicitudot?INS,0,0, HTTP/1.1" 200 13366
186.67.203.186 - - [05/Mar/2018:09:03:06 -0300] "POST /cormun/servlet/trsolicitudot?99fc94f863d0c65053f203695ec6d88d,gx-no-cache=1520251336860 HTTP/1.1" 200 106
186.67.203.186 - - [05/Mar/2018:09:03:06 -0300] "GET /cormun/servlet/trsolicitudadjuntos?2018,9969, HTTP/1.1" 200 6287
190.151.100.218 - - [05/Mar/2018:09:03:06 -0300] "GET /cormun/static/gxcfg.js?20177612135366 HTTP/1.1" 304 -
186.67.203.186 - - [05/Mar/2018:09:03:07 -0300] "GET /cormun/servlet/trsolicitudadjuntos?2018,9969, HTTP/1.1" 200 6287
181.73.204.79 - - [05/Mar/2018:09:03:08 -0300] "GET /cormun/servlet/solicitudot?fa2a588ae4a155628be365db1da4b2c804a68d15ad14a07c4244233d38afb2664f3d508af6a8911223d36aacc90fc2f2cb3dceb990e91e4060fde6f272907d136a11c9310a56cff1c06fe2b2289d2a9fd3c50f7b2e2c919c5da09345f9863431cc42713f974814f9400b8caf4248eae1,gx-no-cache=1520251340245 HTTP/1.1" 200 29
181.73.204.79 - - [05/Mar/2018:09:03:08 -0300] "POST /cormun/servlet/solicitudot?gx-no-cache=1520251340450 HTTP/1.1" 200 1317
181.73.204.79 - - [05/Mar/2018:09:03:08 -0300] "POST /cormun/servlet/solicitudot?gx-no-cache=1520251340597 HTTP/1.1" 200 1218
186.67.203.186 - - [05/Mar/2018:09:03:13 -0300] "GET /cormun/servlet/solicitudotadjuntos?INS,2018,9969,,1, HTTP/1.1" 200 6234
186.67.203.186 - - [05/Mar/2018:09:03:13 -0300] "GET /cormun/static/gxcfg.js?2017761244068 HTTP/1.1" 304 -
186.67.203.186 - - [05/Mar/2018:09:03:13 -0300] "GET /cormun/static/about:blank HTTP/1.1" 404 1011
186.67.203.186 - - [05/Mar/2018:09:03:14 -0300] "GET /cormun/servlet/solicitudotadjuntos?INS,2018,9969,,1, HTTP/1.1" 200 6228
181.73.204.79 - - [05/Mar/2018:09:03:14 -0300] "GET /cormun/servlet/solicitudot?fa2a588ae4a155628be365db1da4b2c835db52f31af9d3a69b8e3fbc3ee7440d990bdd56d7032311ec14069bbf0f2288,gx-no-cache=1520251346785 HTTP/1.1" 200 30
181.73.204.79 - - [05/Mar/2018:09:03:14 -0300] "POST /cormun/servlet/solicitudot?gx-no-cache=1520251346865 HTTP/1.1" 200 34
190.151.100.218 - - [05/Mar/2018:09:03:15 -0300] "GET /cormun/servlet/solicitudotadjuntos?ab225b9d4dcfbefa68320ad8f8c2e0a8d4a57b42abf090a2b06c9226bf2d64faf05d30cdf93adb4fca7e2664c85b30f5,gx-no-cache=1520251346376 HTTP/1.1" 200 30
186.67.203.186 - - [05/Mar/2018:09:03:15 -0300] "POST /cormun/servlet/solicitudotadjuntos?99fc94f863d0c65053f203695ec6d88d,INS,2018,9969,,1,,gx-no-cache=1520251346784 HTTP/1.1" 200 4019
186.67.203.186 - - [05/Mar/2018:09:03:26 -0300] "POST /cormun/servlet/solicitudotadjuntos?gx-no-cache=1520251357569 HTTP/1.1" 200 26
200.73.230.197 - - [05/Mar/2018:09:03:37 -0300] "POST /cormun/servlet/solicitudot?gx-no-cache=1520251371404 HTTP/1.1" 200 3432
200.73.230.197 - - [05/Mar/2018:09:03:37 -0300] "POST /cormun/servlet/solicitudot?5b4d484c877b2e7cf59d7c180f63b00b,INS,0,0,,gx-no-cache=1520251371786 HTTP/1.1" 200 10413
200.73.230.197 - - [05/Mar/2018:09:03:47 -0300] "GET /cormun/servlet/prbanco?,MD,,gxPopupLevel%3D0%3B HTTP/1.1" 200 6549
200.73.230.197 - - [05/Mar/2018:09:03:59 -0300] "GET /cormun/servlet/solicitudot?9658fe19d8f10d0511bccf5acfc8c9e3f884fe04e0781f0d2ac74071a8acec830f11de121c9a0f4cc1cd441f2e7cf22a,gx-no-cache=1520251393734 HTTP/1.1" 200 30
200.73.230.197 - - [05/Mar/2018:09:03:59 -0300] "GET /cormun/servlet/solicitudot?9658fe19d8f10d0511bccf5acfc8c9e32420d25cfbb12f29f303616b4b53c1cf531d20f782019435f681129a86ccbd70a24ddec7db2e39a15fc8b8c3cbc0d9ac,gx-no-cache=1520251394047 HTTP/1.1" 200 30
200.111.122.170 - - [05/Mar/2018:09:04:12 -0300] "POST /cormun/servlet/solicitudotadjuntos?99fc94f863d0c65053f203695ec6d88d,INS,2018,9969,,1, HTTP/1.1" 200 116
200.111.122.170 - - [05/Mar/2018:09:04:13 -0300] "GET /cormun/servlet/hpexe_return? HTTP/1.1" 200 1026
200.111.122.170 - - [05/Mar/2018:09:04:13 -0300] "GET /cormun/servlet/trsolicitudadjuntos?2018,9969, HTTP/1.1" 200 6291
200.73.230.197 - - [05/Mar/2018:09:04:14 -0300] "POST /cormun/servlet/solicitudot?5b4d484c877b2e7cf59d7c180f63b00b,INS,0,0,,gx-no-cache=1520251399062 HTTP/1.1" 200 10513
200.73.230.197 - - [05/Mar/2018:09:04:14 -0300] "GET /cormun/static/Shared/jqueryui/images/ui-bg_highlight-soft_100_c6c2c8_1x100.png HTTP/1.1" 404 1117
200.73.230.197 - - [05/Mar/2018:09:04:14 -0300] "GET /cormun/static/Shared/jqueryui/images/ui-bg_flat_55_fafafa_40x100.png HTTP/1.1" 404 1097
200.73.230.197 - - [05/Mar/2018:09:04:14 -0300] "GET /cormun/static/Shared/jqueryui/images/ui-icons_82798d_256x240.png HTTP/1.1" 404 1089
200.73.230.197 - - [05/Mar/2018:09:04:14 -0300] "GET /cormun/static/Shared/jqueryui/images/ui-icons_8d78a5_256x240.png HTTP/1.1" 404 1089
200.111.122.170 - - [05/Mar/2018:09:04:14 -0300] "GET /cormun/servlet/trsolicitudadjuntos?2018,9969, HTTP/1.1" 200 6287
186.67.203.186 - - [05/Mar/2018:09:04:17 -0300] "GET /cormun/servlet/solicitudotadjuntos?INS,2018,9969,,1, HTTP/1.1" 200 6234
200.111.122.170 - - [05/Mar/2018:09:04:18 -0300] "GET /cormun/static/about:blank HTTP/1.1" 404 1011
200.73.230.197 - - [05/Mar/2018:09:04:19 -0300] "GET /cormun/servlet/solicitudot?9658fe19d8f10d0511bccf5acfc8c9e3f884fe04e0781f0d2ac74071a8acec83b669423a8d97f05730689f84f2fd87bb,gx-no-cache=1520251413391 HTTP/1.1" 200 30
200.73.230.197 - - [05/Mar/2018:09:04:19 -0300] "GET /cormun/servlet/solicitudot?9658fe19d8f10d0511bccf5acfc8c9e32420d25cfbb12f29f303616b4b53c1cf531d20f782019435f681129a86ccbd70b222897b846214c2ec037276ae27c7e8,gx-no-cache=1520251413612 HTTP/1.1" 200 30
186.67.203.186 - - [05/Mar/2018:09:04:19 -0300] "GET /cormun/servlet/solicitudotadjuntos?INS,2018,9969,,1, HTTP/1.1" 200 6228
200.73.230.197 - - [05/Mar/2018:09:04:19 -0300] "GET /cormun/servlet/solicitudot?9658fe19d8f10d0511bccf5acfc8c9e3a2e9464582e45c1ec3f0438a0dd62c73,gx-no-cache=1520251413757 HTTP/1.1" 200 70
200.73.230.197 - - [05/Mar/2018:09:04:19 -0300] "POST /cormun/servlet/solicitudot?gx-no-cache=1520251413867 HTTP/1.1" 200 297
200.73.230.197 - - [05/Mar/2018:09:04:19 -0300] "GET /cormun/servlet/solicitudot?9658fe19d8f10d0511bccf5acfc8c9e359beea0221bb1dfca2de863aee38421fa566fa96360b99f93d07f01924e7b1624ea146002e8751d37f66834fde28ee7e2121864ede3ff7bd365aa4f10af7ab8060ad854941f7544b4777866450eab9f1accc3265f94f657ee5adb00091786a16d01578b917ddd1decb83aac0b59093bb2701287e443026b839ff16d070d1a631cb8cb39f047e84827214b7492e25262f37d434d42e81475811d798227980789aee257cf0832a4acbb0b38e97fd68b4110996564dbe00ab761c1905347b6795f83ca3d1ec0bd5d4b6ac7a29735664e7d0275e8bee262177a9c151d9b6cea720baa1d3ba288384689a88f887887a42cc9b35104830cca40311078d824e9c08519e5efa61dcf631a45a0c066db3f7ed012ac65137dffabe0a56bb067f4b0f447482e7c773a7f27b8c6ed50f4edfe8d7f170d29ec34a76fec5fdcae7075bc1a694c3a6aa4c354985cc7345757c8b07ffd525659c0a373dc34a9ec8bdd3db5065db84cbf8480ae2ecc800c7222fba449e59f80ba3407c77452e9462b6e202945b6ff0,gx-no-cache=1520251413987 HTTP/1.1" 200 30
200.111.122.170 - - [05/Mar/2018:09:04:19 -0300] "GET /cormun/servlet/solicitudotadjuntos?ab225b9d4dcfbefa68320ad8f8c2e0a8d4a57b42abf090a2b06c9226bf2d64faf05d30cdf93adb4fca7e2664c85b30f5,gx-no-cache=1520251411188 HTTP/1.1" 200 30
200.111.122.170 - - [05/Mar/2018:09:04:20 -0300] "POST /cormun/servlet/solicitudotadjuntos?99fc94f863d0c65053f203695ec6d88d,INS,2018,9969,,1,,gx-no-cache=1520251411364 HTTP/1.1" 200 4021
186.103.132.155 - - [05/Mar/2018:09:04:25 -0300] "POST /cormun/servlet/solicitudotadjuntos?gx-no-cache=1520251416404 HTTP/1.1" 200 26
186.103.132.155 - - [05/Mar/2018:09:04:32 -0300] "GET /cormun/servlet/solicitudotadjuntos?ab225b9d4dcfbefa68320ad8f8c2e0a88b9fd3d939355a1e0c4d2c282d66eacc,gx-no-cache=1520251423730 HTTP/1.1" 200 30
186.103.132.155 - - [05/Mar/2018:09:04:32 -0300] "GET /cormun/servlet/solicitudotadjuntos?ab225b9d4dcfbefa68320ad8f8c2e0a88b9fd3d939355a1e0c4d2c282d66eacc,gx-no-cache=1520251423810 HTTP/1.1" 200 30
186.103.132.155 - - [05/Mar/2018:09:04:33 -0300] "POST /cormun/servlet/solicitudotadjuntos?99fc94f863d0c65053f203695ec6d88d,INS,2018,9969,,1, HTTP/1.1" 200 116
200.73.230.197 - - [05/Mar/2018:09:04:34 -0300] "POST /cormun/servlet/solicitudot?gx-no-cache=1520251428713 HTTP/1.1" 200 30
200.111.122.170 - - [05/Mar/2018:09:04:36 -0300] "GET /cormun/servlet/hpexe_return? HTTP/1.1" 200 1026
200.111.122.170 - - [05/Mar/2018:09:04:36 -0300] "GET /cormun/servlet/trsolicitudadjuntos?2018,9969, HTTP/1.1" 200 8702
200.111.122.170 - - [05/Mar/2018:09:04:37 -0300] "GET /cormun/servlet/trsolicitudadjuntos?2018,9969, HTTP/1.1" 200 8696
200.73.230.197 - - [05/Mar/2018:09:04:39 -0300] "POST /cormun/servlet/solicitudot?gx-no-cache=1520251434232 HTTP/1.1" 200 1336
200.73.230.197 - - [05/Mar/2018:09:04:40 -0300] "POST /cormun/servlet/solicitudot?gx-no-cache=1520251434428 HTTP/1.1" 200 38
200.111.122.170 - - [05/Mar/2018:09:04:42 -0300] "GET /cormun/servlet/solicitudotadjuntos?INS,2018,9969,,1, HTTP/1.1" 200 6234
200.111.122.170 - - [05/Mar/2018:09:04:43 -0300] "GET /cormun/static/about:blank HTTP/1.1" 404 1011
200.111.122.170 - - [05/Mar/2018:09:04:44 -0300] "GET /cormun/servlet/solicitudotadjuntos?INS,2018,9969,,1, HTTP/1.1" 200 6228
200.72.197.82 - - [05/Mar/2018:09:04:44 -0300] "GET /cormun/servlet/solicitudotadjuntos?ab225b9d4dcfbefa68320ad8f8c2e0a8d4a57b42abf090a2b06c9226bf2d64faf05d30cdf93adb4fca7e2664c85b30f5,gx-no-cache=1520251435850 HTTP/1.1" 200 30
200.72.197.82 - - [05/Mar/2018:09:04:45 -0300] "POST /cormun/servlet/solicitudotadjuntos?99fc94f863d0c65053f203695ec6d88d,INS,2018,9969,,1,,gx-no-cache=1520251436296 HTTP/1.1" 200 4021
200.73.230.197 - - [05/Mar/2018:09:04:45 -0300] "GET /cormun/servlet/solicitudot?9658fe19d8f10d0511bccf5acfc8c9e3dbffc336fcd8c1550c04f99f0c986aa98b7d0af825de0ab248050a2b0712de92a75e6a96e87ff78eaa2f6176ff860ebbc2e667a81330ce06799eeee845d91a7fd6cde4d7c49052e7bbf95b92cc22ec5e3e631a10d87362094ad954afecd38dd9,gx-no-cache=1520251439721 HTTP/1.1" 200 29
200.73.230.197 - - [05/Mar/2018:09:04:45 -0300] "POST /cormun/servlet/solicitudot?gx-no-cache=1520251439854 HTTP/1.1" 200 1318
200.73.230.197 - - [05/Mar/2018:09:04:45 -0300] "POST /cormun/servlet/solicitudot?gx-no-cache=1520251440054 HTTP/1.1" 200 1218
200.73.230.197 - - [05/Mar/2018:09:04:45 -0300] "GET /cormun/static/menuarrow.gif HTTP/1.1" 404 1015
200.73.230.197 - - [05/Mar/2018:09:04:47 -0300] "POST /cormun/servlet/solicitudot?gx-no-cache=1520251442169 HTTP/1.1" 200 1318
200.73.230.197 - - [05/Mar/2018:09:04:48 -0300] "POST /cormun/servlet/solicitudot?gx-no-cache=1520251442309 HTTP/1.1" 200 1218
190.151.100.218 - - [05/Mar/2018:09:04:50 -0300] "POST /cormun/servlet/solicitudotadjuntos?gx-no-cache=1520251441576 HTTP/1.1" 200 26
200.73.230.197 - - [05/Mar/2018:09:04:50 -0300] "GET /cormun/servlet/solicitudot?9658fe19d8f10d0511bccf5acfc8c9e3f796e0d7a69c4e3e8c82840495bf6b1c332ca77a43ced274dfa4854b828d1a0c,gx-no-cache=1520251444664 HTTP/1.1" 200 30
186.103.157.246 - - [05/Mar/2018:09:04:57 -0300] "GET /cormun/servlet/solicitudotadjuntos?INS,2018,9968,,1, HTTP/1.1" 200 5917
186.103.157.246 - - [05/Mar/2018:09:04:57 -0300] "GET /cormun/static/about:blank HTTP/1.1" 404 1011
186.103.157.246 - - [05/Mar/2018:09:04:57 -0300] "GET /cormun/static/about:blank HTTP/1.1" 404 1011
186.103.157.246 - - [05/Mar/2018:09:04:59 -0300] "GET /cormun/servlet/solicitudotadjuntos?3d834c0e6a7b562014dbb3ba4dfb14999bd73ca0579de9f52bc791ac042fffdad4ba03bc39c231a9fb4d18219abff251,gx-no-cache=1520251450393 HTTP/1.1" 200 30
186.103.157.246 - - [05/Mar/2018:09:04:59 -0300] "POST /cormun/servlet/solicitudotadjuntos?af75baf3a6b79b4ecf0c60d6f47704c6,INS,2018,9968,,1,,gx-no-cache=1520251450757 HTTP/1.1" 200 3811
200.73.230.197 - - [05/Mar/2018:09:05:00 -0300] "POST /cormun/servlet/solicitudot?gx-no-cache=1520251454561 HTTP/1.1" 200 30
186.103.157.246 - - [05/Mar/2018:09:05:02 -0300] "POST /cormun/servlet/solicitudotadjuntos?gx-no-cache=1520251454486 HTTP/1.1" 200 26
186.103.157.246 - - [05/Mar/2018:09:05:09 -0300] "GET /cormun/servlet/solicitudotadjuntos?3d834c0e6a7b562014dbb3ba4dfb149940022ffcab17cc82f6959a78732f8bfa,gx-no-cache=1520251460996 HTTP/1.1" 200 30
186.103.157.246 - - [05/Mar/2018:09:05:09 -0300] "GET /cormun/servlet/solicitudotadjuntos?3d834c0e6a7b562014dbb3ba4dfb149940022ffcab17cc82f6959a78732f8bfa,gx-no-cache=1520251461041 HTTP/1.1" 200 30
186.103.157.246 - - [05/Mar/2018:09:05:11 -0300] "POST /cormun/servlet/solicitudotadjuntos?af75baf3a6b79b4ecf0c60d6f47704c6,INS,2018,9968,,1, HTTP/1.1" 200 116
186.103.157.246 - - [05/Mar/2018:09:05:11 -0300] "GET /cormun/servlet/hpexe_return? HTTP/1.1" 200 1011
186.103.157.246 - - [05/Mar/2018:09:05:11 -0300] "GET /cormun/servlet/trsolicitudadjuntos?2018,9968, HTTP/1.1" 200 8709
192.168.10.89 - - [05/Mar/2018:09:05:14 -0300] "POST /cormun/servlet/trsolicitudgral?82a5d372e7df397d62e7f4de7527a758,,gx-no-cache=1520251356461 HTTP/1.1" 200 19869
186.103.157.246 - - [05/Mar/2018:09:05:15 -0300] "GET /cormun/servlet/solicitudotadjuntos?INS,2018,9968,,1, HTTP/1.1" 200 5917
186.103.157.246 - - [05/Mar/2018:09:05:15 -0300] "GET /cormun/static/about:blank HTTP/1.1" 404 1011
200.72.197.82 - - [05/Mar/2018:09:05:15 -0300] "GET /cormun/servlet/solicitudotadjuntos?INS,2018,9969,,1, HTTP/1.1" 200 6228
186.103.157.246 - - [05/Mar/2018:09:05:15 -0300] "GET /cormun/static/about:blank HTTP/1.1" 404 1011
200.72.197.82 - - [05/Mar/2018:09:05:16 -0300] "GET /cormun/static/about:blank HTTP/1.1" 404 1011
200.111.122.170 - - [05/Mar/2018:09:05:16 -0300] "POST /cormun/servlet/solicitudotadjuntos?99fc94f863d0c65053f203695ec6d88d,INS,2018,9969,,1, HTTP/1.1" 200 7038
200.72.197.82 - - [05/Mar/2018:09:05:16 -0300] "GET /cormun/servlet/solicitudotadjuntos?INS,2018,9969,,1, HTTP/1.1" 200 6228
186.103.157.246 - - [05/Mar/2018:09:05:17 -0300] "GET /cormun/servlet/solicitudotadjuntos?3d834c0e6a7b562014dbb3ba4dfb14999bd73ca0579de9f52bc791ac042fffdad4ba03bc39c231a9fb4d18219abff251,gx-no-cache=1520251468345 HTTP/1.1" 200 30
186.103.157.246 - - [05/Mar/2018:09:05:17 -0300] "POST /cormun/servlet/solicitudotadjuntos?af75baf3a6b79b4ecf0c60d6f47704c6,INS,2018,9968,,1,,gx-no-cache=1520251468699 HTTP/1.1" 200 3811
200.72.197.82 - - [05/Mar/2018:09:05:17 -0300] "GET /cormun/servlet/solicitudotadjuntos?ab225b9d4dcfbefa68320ad8f8c2e0a8d4a57b42abf090a2b06c9226bf2d64faf05d30cdf93adb4fca7e2664c85b30f5,gx-no-cache=1520251468846 HTTP/1.1" 200 30
200.72.197.82 - - [05/Mar/2018:09:05:17 -0300] "POST /cormun/servlet/solicitudotadjuntos?99fc94f863d0c65053f203695ec6d88d,INS,2018,9969,,1,,gx-no-cache=1520251469019 HTTP/1.1" 200 4025
186.103.157.246 - - [05/Mar/2018:09:05:20 -0300] "POST /cormun/servlet/solicitudotadjuntos?gx-no-cache=1520251472350 HTTP/1.1" 200 26
200.73.230.197 - - [05/Mar/2018:09:05:23 -0300] "POST /cormun/servlet/solicitudot?5b4d484c877b2e7cf59d7c180f63b00b,INS,0,0,,gx-no-cache=1520251477158 HTTP/1.1" 200 93
200.73.230.197 - - [05/Mar/2018:09:05:23 -0300] "GET /cormun/servlet/hpexe_return? HTTP/1.1" 200 1006
200.73.230.197 - - [05/Mar/2018:09:05:23 -0300] "GET /cormun/servlet/trsolicitudot HTTP/1.1" 200 8518
200.73.230.197 - - [05/Mar/2018:09:05:25 -0300] "GET /cormun/servlet/trsolicitudot HTTP/1.1" 200 8514
186.103.157.246 - - [05/Mar/2018:09:05:26 -0300] "GET /cormun/servlet/solicitudotadjuntos?3d834c0e6a7b562014dbb3ba4dfb149940022ffcab17cc82f6959a78732f8bfa,gx-no-cache=1520251478492 HTTP/1.1" 200 30
186.103.157.246 - - [05/Mar/2018:09:05:27 -0300] "GET /cormun/servlet/solicitudotadjuntos?3d834c0e6a7b562014dbb3ba4dfb149940022ffcab17cc82f6959a78732f8bfa,gx-no-cache=1520251478571 HTTP/1.1" 200 30
186.103.157.246 - - [05/Mar/2018:09:05:30 -0300] "POST /cormun/servlet/solicitudotadjuntos?af75baf3a6b79b4ecf0c60d6f47704c6,INS,2018,9968,,1, HTTP/1.1" 200 116
186.103.157.246 - - [05/Mar/2018:09:05:30 -0300] "GET /cormun/servlet/hpexe_return? HTTP/1.1" 200 1011
186.103.157.246 - - [05/Mar/2018:09:05:30 -0300] "GET /cormun/servlet/trsolicitudadjuntos?2018,9968, HTTP/1.1" 200 8858
186.103.157.246 - - [05/Mar/2018:09:05:34 -0300] "GET /cormun/servlet/solicitudotadjuntos?INS,2018,9968,,1, HTTP/1.1" 200 5917
186.103.157.246 - - [05/Mar/2018:09:05:35 -0300] "GET /cormun/static/about:blank HTTP/1.1" 404 1011
186.103.157.246 - - [05/Mar/2018:09:05:35 -0300] "GET /cormun/static/about:blank HTTP/1.1" 404 1011
186.103.157.246 - - [05/Mar/2018:09:05:36 -0300] "GET /cormun/servlet/solicitudotadjuntos?3d834c0e6a7b562014dbb3ba4dfb14999bd73ca0579de9f52bc791ac042fffdad4ba03bc39c231a9fb4d18219abff251,gx-no-cache=1520251487645 HTTP/1.1" 200 30
200.73.230.197 - - [05/Mar/2018:09:05:36 -0300] "POST /cormun/servlet/trsolicitudot?5b4d484c877b2e7cf59d7c180f63b00b,gx-no-cache=1520251490915 HTTP/1.1" 200 4495
200.73.230.197 - - [05/Mar/2018:09:05:36 -0300] "GET /cormun/static/Shared/jqueryui/images/ui-bg_highlight-soft_100_c6c2c8_1x100.png HTTP/1.1" 404 1117
200.73.230.197 - - [05/Mar/2018:09:05:36 -0300] "GET /cormun/static/Shared/jqueryui/images/ui-icons_82798d_256x240.png HTTP/1.1" 404 1089
200.73.230.197 - - [05/Mar/2018:09:05:36 -0300] "GET /cormun/static/Shared/jqueryui/images/ui-bg_flat_55_fafafa_40x100.png HTTP/1.1" 404 1097
200.73.230.197 - - [05/Mar/2018:09:05:36 -0300] "GET /cormun/static/Shared/jqueryui/images/ui-icons_8d78a5_256x240.png HTTP/1.1" 404 1089
186.103.157.246 - - [05/Mar/2018:09:05:37 -0300] "POST /cormun/servlet/solicitudotadjuntos?af75baf3a6b79b4ecf0c60d6f47704c6,INS,2018,9968,,1,,gx-no-cache=1520251488023 HTTP/1.1" 200 3811
200.73.230.197 - - [05/Mar/2018:09:05:37 -0300] "POST /cormun/servlet/trsolicitudot?5b4d484c877b2e7cf59d7c180f63b00b,gx-no-cache=1520251491425 HTTP/1.1" 200 4253
200.73.230.197 - - [05/Mar/2018:09:05:39 -0300] "GET /cormun/static/Shared/jqueryui/images/ui-bg_highlight-soft_100_eae6ea_1x100.png HTTP/1.1" 404 1117
186.103.157.246 - - [05/Mar/2018:09:05:40 -0300] "POST /cormun/servlet/solicitudotadjuntos?gx-no-cache=1520251492381 HTTP/1.1" 200 26
186.103.157.246 - - [05/Mar/2018:09:05:47 -0300] "GET /cormun/servlet/solicitudotadjuntos?3d834c0e6a7b562014dbb3ba4dfb149940022ffcab17cc82f6959a78732f8bfa,gx-no-cache=1520251498860 HTTP/1.1" 200 30
186.103.157.246 - - [05/Mar/2018:09:05:47 -0300] "GET /cormun/servlet/solicitudotadjuntos?3d834c0e6a7b562014dbb3ba4dfb149940022ffcab17cc82f6959a78732f8bfa,gx-no-cache=1520251498930 HTTP/1.1" 200 30
186.103.157.246 - - [05/Mar/2018:09:05:48 -0300] "POST /cormun/servlet/solicitudotadjuntos?af75baf3a6b79b4ecf0c60d6f47704c6,INS,2018,9968,,1, HTTP/1.1" 200 116
186.103.157.246 - - [05/Mar/2018:09:05:48 -0300] "GET /cormun/servlet/hpexe_return? HTTP/1.1" 200 1011
186.103.157.246 - - [05/Mar/2018:09:05:48 -0300] "GET /cormun/servlet/trsolicitudadjuntos?2018,9968, HTTP/1.1" 200 9103
200.73.230.197 - - [05/Mar/2018:09:05:50 -0300] "GET /cormun/servlet/hlogin HTTP/1.1" 200 1716
186.103.157.246 - - [05/Mar/2018:09:05:53 -0300] "GET /cormun/servlet/solicitudotadjuntos?INS,2018,9968,,1, HTTP/1.1" 200 5917
186.103.157.246 - - [05/Mar/2018:09:05:53 -0300] "GET /cormun/static/about:blank HTTP/1.1" 404 1011
186.103.157.246 - - [05/Mar/2018:09:05:53 -0300] "GET /cormun/static/about:blank HTTP/1.1" 404 1011
186.103.157.246 - - [05/Mar/2018:09:05:54 -0300] "GET /cormun/servlet/solicitudotadjuntos?3d834c0e6a7b562014dbb3ba4dfb14999bd73ca0579de9f52bc791ac042fffdad4ba03bc39c231a9fb4d18219abff251,gx-no-cache=1520251505912 HTTP/1.1" 200 30
186.103.157.246 - - [05/Mar/2018:09:05:55 -0300] "POST /cormun/servlet/solicitudotadjuntos?af75baf3a6b79b4ecf0c60d6f47704c6,INS,2018,9968,,1,,gx-no-cache=1520251506308 HTTP/1.1" 200 3812
186.103.157.246 - - [05/Mar/2018:09:05:58 -0300] "POST /cormun/servlet/solicitudotadjuntos?gx-no-cache=1520251509927 HTTP/1.1" 200 26
200.73.230.197 - - [05/Mar/2018:09:06:02 -0300] "POST /cormun/servlet/hlogin?f0594308ff4b4fcc632a84b7f6f42d26,gx-no-cache=1520251516136 HTTP/1.1" 200 90
200.73.230.197 - - [05/Mar/2018:09:06:02 -0300] "GET /cormun/servlet/hpexe_link HTTP/1.1" 200 946
200.73.230.197 - - [05/Mar/2018:09:06:02 -0300] "GET /cormun/servlet/hhome HTTP/1.1" 200 4116
200.73.230.197 - - [05/Mar/2018:09:06:04 -0300] "GET /cormun/servlet/hhome HTTP/1.1" 200 4112
186.103.157.246 - - [05/Mar/2018:09:06:05 -0300] "GET /cormun/servlet/solicitudotadjuntos?3d834c0e6a7b562014dbb3ba4dfb149940022ffcab17cc82f6959a78732f8bfa,gx-no-cache=1520251516724 HTTP/1.1" 200 30
186.103.157.246 - - [05/Mar/2018:09:06:05 -0300] "GET /cormun/servlet/solicitudotadjuntos?3d834c0e6a7b562014dbb3ba4dfb149940022ffcab17cc82f6959a78732f8bfa,gx-no-cache=1520251516802 HTTP/1.1" 200 30
186.103.157.246 - - [05/Mar/2018:09:06:07 -0300] "POST /cormun/servlet/solicitudotadjuntos?af75baf3a6b79b4ecf0c60d6f47704c6,INS,2018,9968,,1, HTTP/1.1" 200 116
186.103.157.246 - - [05/Mar/2018:09:06:07 -0300] "GET /cormun/servlet/hpexe_return? HTTP/1.1" 200 1011
186.103.157.246 - - [05/Mar/2018:09:06:08 -0300] "GET /cormun/servlet/trsolicitudadjuntos?2018,9968, HTTP/1.1" 200 9356
200.73.230.197 - - [05/Mar/2018:09:06:08 -0300] "GET /cormun/servlet/trautorizarsolicitud? HTTP/1.1" 200 8600
200.73.230.197 - - [05/Mar/2018:09:06:10 -0300] "GET /cormun/servlet/trautorizarsolicitud? HTTP/1.1" 200 8598
200.73.230.197 - - [05/Mar/2018:09:06:14 -0300] "POST /cormun/servlet/trautorizarsolicitud?f0594308ff4b4fcc632a84b7f6f42d26,,gx-no-cache=1520251528482 HTTP/1.1" 200 4619
200.73.230.197 - - [05/Mar/2018:09:06:14 -0300] "GET /cormun/static/Shared/jqueryui/images/ui-bg_highlight-soft_100_c6c2c8_1x100.png HTTP/1.1" 404 1117
200.73.230.197 - - [05/Mar/2018:09:06:14 -0300] "GET /cormun/static/Shared/jqueryui/images/ui-icons_82798d_256x240.png HTTP/1.1" 404 1089
200.73.230.197 - - [05/Mar/2018:09:06:14 -0300] "GET /cormun/static/Shared/jqueryui/images/ui-bg_flat_55_fafafa_40x100.png HTTP/1.1" 404 1097
200.73.230.197 - - [05/Mar/2018:09:06:14 -0300] "GET /cormun/static/Shared/jqueryui/images/ui-icons_8d78a5_256x240.png HTTP/1.1" 404 1089
200.73.230.197 - - [05/Mar/2018:09:06:14 -0300] "POST /cormun/servlet/trautorizarsolicitud?f0594308ff4b4fcc632a84b7f6f42d26,,gx-no-cache=1520251529042 HTTP/1.1" 200 4372
186.103.161.206 - - [05/Mar/2018:09:06:16 -0300] "POST /cormun/servlet/solicitudotadjuntos?gx-no-cache=1520251527467 HTTP/1.1" 200 26
186.103.157.246 - - [05/Mar/2018:09:06:18 -0300] "POST /cormun/servlet/trsolicitudadjuntos?af75baf3a6b79b4ecf0c60d6f47704c6,2018,9968,,gx-no-cache=1520251529485 HTTP/1.1" 200 90
186.103.157.246 - - [05/Mar/2018:09:06:18 -0300] "GET /cormun/servlet/hpexe_link HTTP/1.1" 200 955
186.103.157.246 - - [05/Mar/2018:09:06:18 -0300] "GET /cormun/servlet/trsolicitudot HTTP/1.1" 200 8540
181.73.204.79 - - [05/Mar/2018:09:06:20 -0300] "POST /cormun/servlet/solicitudot?gx-no-cache=1520251532709 HTTP/1.1" 200 1319
181.73.204.79 - - [05/Mar/2018:09:06:20 -0300] "POST /cormun/servlet/solicitudot?gx-no-cache=1520251532877 HTTP/1.1" 200 1218
181.73.204.79 - - [05/Mar/2018:09:06:20 -0300] "GET /cormun/servlet/solicitudot?fa2a588ae4a155628be365db1da4b2c835db52f31af9d3a69b8e3fbc3ee7440d0166e6fdb342da6e96156b6c0dcbb50d,gx-no-cache=1520251532964 HTTP/1.1" 200 30
181.73.204.79 - - [05/Mar/2018:09:06:20 -0300] "POST /cormun/servlet/solicitudot?gx-no-cache=1520251533070 HTTP/1.1" 200 34
186.103.157.246 - - [05/Mar/2018:09:06:26 -0300] "GET /cormun/servlet/solicitudot?INS,0,0, HTTP/1.1" 200 13331
186.103.157.246 - - [05/Mar/2018:09:06:49 -0300] "POST /cormun/servlet/solicitudot?gx-no-cache=1520251561051 HTTP/1.1" 200 3293
186.103.157.246 - - [05/Mar/2018:09:06:50 -0300] "POST /cormun/servlet/solicitudot?af75baf3a6b79b4ecf0c60d6f47704c6,INS,0,0,,gx-no-cache=1520251561546 HTTP/1.1" 200 10243
186.103.157.246 - - [05/Mar/2018:09:06:52 -0300] "GET /cormun/servlet/solicitudot?3d834c0e6a7b562014dbb3ba4dfb1499bf2875e69302cb6d23aeb8978da1327b2c05b6051098088e2d891f39ef7867d0,gx-no-cache=1520251563527 HTTP/1.1" 200 30
190.151.100.218 - - [05/Mar/2018:09:07:47 -0300] "GET /cormun/servlet/solicitudotadjuntos?ab225b9d4dcfbefa68320ad8f8c2e0a88b9fd3d939355a1e0c4d2c282d66eacc,gx-no-cache=1520251619031 HTTP/1.1" 200 30
190.151.100.218 - - [05/Mar/2018:09:07:48 -0300] "GET /cormun/servlet/solicitudotadjuntos?ab225b9d4dcfbefa68320ad8f8c2e0a88b9fd3d939355a1e0c4d2c282d66eacc,gx-no-cache=1520251619419 HTTP/1.1" 200 30
190.151.100.218 - - [05/Mar/2018:09:07:48 -0300] "POST /cormun/servlet/solicitudotadjuntos?99fc94f863d0c65053f203695ec6d88d,INS,2018,9969,,1, HTTP/1.1" 200 116
190.151.100.218 - - [05/Mar/2018:09:07:49 -0300] "GET /cormun/servlet/hpexe_return? HTTP/1.1" 200 1026
190.151.100.218 - - [05/Mar/2018:09:07:49 -0300] "GET /cormun/servlet/trsolicitudadjuntos?2018,9969, HTTP/1.1" 200 8957
190.151.100.218 - - [05/Mar/2018:09:07:51 -0300] "GET /cormun/servlet/trsolicitudadjuntos?2018,9969, HTTP/1.1" 200 8957
190.151.100.218 - - [05/Mar/2018:09:07:59 -0300] "GET /cormun/servlet/solicitudotadjuntos?INS,2018,9969,,1, HTTP/1.1" 200 6234
190.151.100.218 - - [05/Mar/2018:09:08:00 -0300] "GET /cormun/static/about:blank HTTP/1.1" 404 1011
190.151.100.218 - - [05/Mar/2018:09:08:01 -0300] "GET /cormun/servlet/solicitudotadjuntos?INS,2018,9969,,1, HTTP/1.1" 200 6228
190.151.100.218 - - [05/Mar/2018:09:08:01 -0300] "GET /cormun/servlet/solicitudotadjuntos?ab225b9d4dcfbefa68320ad8f8c2e0a8d4a57b42abf090a2b06c9226bf2d64faf05d30cdf93adb4fca7e2664c85b30f5,gx-no-cache=1520251633190 HTTP/1.1" 200 30
190.151.100.218 - - [05/Mar/2018:09:08:02 -0300] "POST /cormun/servlet/solicitudotadjuntos?99fc94f863d0c65053f203695ec6d88d,INS,2018,9969,,1,,gx-no-cache=1520251633568 HTTP/1.1" 200 4022
190.151.100.218 - - [05/Mar/2018:09:08:07 -0300] "POST /cormun/servlet/solicitudotadjuntos?gx-no-cache=1520251638694 HTTP/1.1" 200 26
200.73.230.197 - - [05/Mar/2018:09:08:14 -0300] "GET /cormun/servlet/hlogin HTTP/1.1" 200 1718
186.103.159.183 - - [05/Mar/2018:09:08:17 -0300] "GET /cormun/servlet/hlogin HTTP/1.1" 200 1741
181.73.204.79 - - [05/Mar/2018:09:08:23 -0300] "POST /cormun/servlet/solicitudot?gx-no-cache=1520251655721 HTTP/1.1" 200 1317
181.73.204.79 - - [05/Mar/2018:09:08:23 -0300] "POST /cormun/servlet/solicitudot?gx-no-cache=1520251655940 HTTP/1.1" 200 1218
181.73.204.79 - - [05/Mar/2018:09:08:23 -0300] "GET /cormun/servlet/solicitudot?fa2a588ae4a155628be365db1da4b2c835db52f31af9d3a69b8e3fbc3ee7440d0166e6fdb342da6e96156b6c0dcbb50d,gx-no-cache=1520251656005 HTTP/1.1" 200 30
181.73.204.79 - - [05/Mar/2018:09:08:23 -0300] "POST /cormun/servlet/solicitudot?gx-no-cache=1520251656076 HTTP/1.1" 200 34
181.73.204.79 - - [05/Mar/2018:09:08:24 -0300] "POST /cormun/servlet/solicitudot?7905a5c2838a4a33e4344a86aef14bd0,INS,0,0,,gx-no-cache=1520251656174 HTTP/1.1" 200 93
181.73.204.79 - - [05/Mar/2018:09:08:24 -0300] "GET /cormun/servlet/hpexe_return? HTTP/1.1" 200 1010
181.73.204.79 - - [05/Mar/2018:09:08:24 -0300] "GET /cormun/servlet/trsolicitudot HTTP/1.1" 200 8806
181.73.204.79 - - [05/Mar/2018:09:08:25 -0300] "GET /cormun/servlet/trsolicitudot HTTP/1.1" 200 8803
200.73.230.197 - - [05/Mar/2018:09:08:33 -0300] "POST /cormun/servlet/hlogin?b4330f31acef92d3763cd0d7030a74a7,gx-no-cache=1520251667781 HTTP/1.1" 200 90
200.73.230.197 - - [05/Mar/2018:09:08:33 -0300] "GET /cormun/servlet/hpexe_link HTTP/1.1" 200 950
200.73.230.197 - - [05/Mar/2018:09:08:34 -0300] "GET /cormun/servlet/hhome HTTP/1.1" 200 3915
200.73.230.197 - - [05/Mar/2018:09:08:35 -0300] "GET /cormun/servlet/hhome HTTP/1.1" 200 3912
181.73.204.79 - - [05/Mar/2018:09:08:36 -0300] "GET /cormun/servlet/solicitudot?INS,0,0, HTTP/1.1" 200 13625
192.168.10.89 - - [05/Mar/2018:09:08:36 -0300] "POST /cormun/servlet/trsolicitudgral?82a5d372e7df397d62e7f4de7527a758,,gx-no-cache=1520251558563 HTTP/1.1" 200 22792
181.73.204.79 - - [05/Mar/2018:09:08:37 -0300] "GET /cormun/servlet/solicitudot?INS,0,0, HTTP/1.1" 200 13630
186.103.159.183 - - [05/Mar/2018:09:08:38 -0300] "GET /cormun/servlet/hlogin HTTP/1.1" 200 1721
200.73.230.197 - - [05/Mar/2018:09:08:40 -0300] "GET /cormun/servlet/trsolicitudot? HTTP/1.1" 200 7126
200.73.230.197 - - [05/Mar/2018:09:08:41 -0300] "GET /cormun/servlet/trsolicitudot? HTTP/1.1" 200 7126
186.103.159.188 - - [05/Mar/2018:09:08:45 -0300] "GET /cormun/servlet/hlogin HTTP/1.1" 200 1723
186.103.159.188 - - [05/Mar/2018:09:08:45 -0300] "GET /cormun/static/gxtimezone.js?85251 HTTP/1.1" 200 5781
186.103.159.188 - - [05/Mar/2018:09:08:45 -0300] "GET /cormun/static/Resources/Spanish/PXTools.css?11423723 HTTP/1.1" 200 89042
190.161.236.41 - - [05/Mar/2018:09:08:45 -0300] "GET /cormun/static/gxcfg.js?20175251213516 HTTP/1.1" 200 953
186.103.159.188 - - [05/Mar/2018:09:08:45 -0300] "GET /cormun/static/gxgral.js?85251 HTTP/1.1" 200 384558
190.161.236.41 - - [05/Mar/2018:09:08:45 -0300] "GET /cormun/static/messages.spa.js?85251 HTTP/1.1" 200 30736
190.161.236.41 - - [05/Mar/2018:09:08:45 -0300] "GET /cormun/static/hlogin.js?20175251213537 HTTP/1.1" 200 2136
186.103.159.188 - - [05/Mar/2018:09:08:45 -0300] "GET /cormun/static/Resources/PXToolsLoginTop.png HTTP/1.1" 200 1337
186.103.159.188 - - [05/Mar/2018:09:08:45 -0300] "GET /cormun/static/Resources/ComunLogin.png HTTP/1.1" 200 17326
186.103.159.188 - - [05/Mar/2018:09:08:45 -0300] "GET /cormun/static/Resources/PXToolsButtonLeft21.png HTTP/1.1" 200 1287
190.161.236.41 - - [05/Mar/2018:09:08:45 -0300] "GET /cormun/static/Resources/PXToolsLoginBackground.png HTTP/1.1" 200 1164
190.161.236.41 - - [05/Mar/2018:09:08:45 -0300] "GET /cormun/static/Resources/PXToolsButtonRight21.png HTTP/1.1" 200 1283
190.161.236.41 - - [05/Mar/2018:09:08:45 -0300] "GET /cormun/static/Resources/PXToolsButtonBackground2.png HTTP/1.1" 200 1181
190.161.236.41 - - [05/Mar/2018:09:08:46 -0300] "GET /cormun/static/Resources/PXToolsLoginBottom.png HTTP/1.1" 200 1389
190.161.236.41 - - [05/Mar/2018:09:08:46 -0300] "GET /cormun/static/Resources/indicator.gif HTTP/1.1" 200 1553
190.161.236.41 - - [05/Mar/2018:09:08:46 -0300] "GET /cormun/servlet/hlogin HTTP/1.1" 200 1727
190.161.236.41 - - [05/Mar/2018:09:08:46 -0300] "GET /cormun/static/Resources/indicator.gif HTTP/1.1" 200 1553
200.73.230.197 - - [05/Mar/2018:09:08:46 -0300] "GET /cormun/servlet/solicitudot?INS,0,0, HTTP/1.1" 200 13359
200.73.230.197 - - [05/Mar/2018:09:08:48 -0300] "GET /cormun/servlet/solicitudot?INS,0,0, HTTP/1.1" 200 13364
186.103.159.183 - - [05/Mar/2018:09:08:48 -0300] "POST /cormun/servlet/hlogin?89a5bbfc90ebacf0dd9c56162a9bac4a,gx-no-cache=1520251681758 HTTP/1.1" 200 90
186.103.159.183 - - [05/Mar/2018:09:08:48 -0300] "GET /cormun/servlet/hpexe_link HTTP/1.1" 200 964
186.103.159.183 - - [05/Mar/2018:09:08:49 -0300] "GET /cormun/servlet/trautorizarsolicitud? HTTP/1.1" 200 7311
186.103.159.183 - - [05/Mar/2018:09:08:49 -0300] "GET /cormun/static/Shared/ext/ext-all.js HTTP/1.1" 200 1289687
186.103.159.183 - - [05/Mar/2018:09:08:50 -0300] "GET /cormun/servlet/trautorizarsolicitud? HTTP/1.1" 200 7310
186.103.159.183 - - [05/Mar/2018:09:08:53 -0300] "GET /cormun/servlet/trlicencias? HTTP/1.1" 200 7127
186.103.159.183 - - [05/Mar/2018:09:08:53 -0300] "GET /cormun/static/calendar-system.css?75620 HTTP/1.1" 200 5572
186.103.159.183 - - [05/Mar/2018:09:08:53 -0300] "GET /cormun/static/gxcfg.js?20176272054169 HTTP/1.1" 200 953
186.103.159.183 - - [05/Mar/2018:09:08:53 -0300] "GET /cormun/static/gxui/gxui-all.css?110300 HTTP/1.1" 200 2179
186.103.159.183 - - [05/Mar/2018:09:08:53 -0300] "GET /cormun/static/Resources/Spanish/PXTools.css?17315867 HTTP/1.1" 200 89042
181.73.204.79 - - [05/Mar/2018:09:08:53 -0300] "POST /cormun/servlet/solicitudot?gx-no-cache=1520251685946 HTTP/1.1" 200 3427
186.103.159.183 - - [05/Mar/2018:09:08:53 -0300] "GET /cormun/static/Shared/ext/resources/css/ext-all.css?205870 HTTP/1.1" 200 416045
186.103.159.183 - - [05/Mar/2018:09:08:54 -0300] "GET /cormun/static/trlicencias.js?20176272054837 HTTP/1.1" 200 41883
181.73.204.79 - - [05/Mar/2018:09:08:54 -0300] "POST /cormun/servlet/solicitudot?7905a5c2838a4a33e4344a86aef14bd0,INS,0,0,,gx-no-cache=1520251686491 HTTP/1.1" 200 10552
186.103.159.183 - - [05/Mar/2018:09:08:54 -0300] "GET /cormun/static/Shared/ext/ext-all.js HTTP/1.1" 200 1289687
192.168.10.89 - - [05/Mar/2018:09:08:55 -0300] "POST /cormun/servlet/trsolicitudgral?82a5d372e7df397d62e7f4de7527a758,,gx-no-cache=1520251577509 HTTP/1.1" 200 14827
186.103.159.183 - - [05/Mar/2018:09:08:55 -0300] "GET /cormun/servlet/trlicencias? HTTP/1.1" 200 7126
186.103.159.183 - - [05/Mar/2018:09:09:00 -0300] "GET /cormun/servlet/licenciaspermisos?INS,0,,, HTTP/1.1" 200 7723
186.103.159.183 - - [05/Mar/2018:09:09:00 -0300] "GET /cormun/static/gxcfg.js?201762917281167 HTTP/1.1" 200 953
186.103.159.183 - - [05/Mar/2018:09:09:00 -0300] "GET /cormun/static/licenciaspermisos.js?201762917281260 HTTP/1.1" 200 37491
186.103.159.183 - - [05/Mar/2018:09:09:01 -0300] "GET /cormun/static/Shared/ext/ext-all.js HTTP/1.1" 200 1289687
186.103.159.183 - - [05/Mar/2018:09:09:02 -0300] "GET /cormun/servlet/licenciaspermisos?INS,0,,, HTTP/1.1" 200 7731
200.73.230.197 - - [05/Mar/2018:09:09:03 -0300] "POST /cormun/servlet/solicitudot?gx-no-cache=1520251697892 HTTP/1.1" 200 3414
200.73.230.197 - - [05/Mar/2018:09:09:04 -0300] "POST /cormun/servlet/solicitudot?b4330f31acef92d3763cd0d7030a74a7,INS,0,0,,gx-no-cache=1520251698331 HTTP/1.1" 200 10390
190.161.236.41 - - [05/Mar/2018:09:09:05 -0300] "POST /cormun/servlet/hlogin?a5336402d3335b82b204b279785bf11d,gx-no-cache=1520251699229 HTTP/1.1" 200 90
190.161.236.41 - - [05/Mar/2018:09:09:05 -0300] "GET /cormun/servlet/hpexe_link HTTP/1.1" 200 946
186.103.159.188 - - [05/Mar/2018:09:09:05 -0300] "GET /cormun/static/hpexe_link.js?20177612121795 HTTP/1.1" 200 625
190.161.236.41 - - [05/Mar/2018:09:09:05 -0300] "GET /cormun/static/gxcfg.js?20177612121792 HTTP/1.1" 200 953
190.161.236.41 - - [05/Mar/2018:09:09:05 -0300] "GET /cormun/static/Resources/Spanish/PXTools.css?1155365 HTTP/1.1" 200 89042
190.161.236.41 - - [05/Mar/2018:09:09:05 -0300] "GET /cormun/servlet/hhome HTTP/1.1" 200 4133
186.103.159.188 - - [05/Mar/2018:09:09:05 -0300] "GET /cormun/static/SmoothNavMenu/resources/ddsmoothmenu-v.css?1012540 HTTP/1.1" 200 1188
186.103.159.188 - - [05/Mar/2018:09:09:05 -0300] "GET /cormun/static/scaMessage/css/jquery.pnotify.default.css?1716380 HTTP/1.1" 200 1707
186.103.159.188 - - [05/Mar/2018:09:09:05 -0300] "GET /cormun/static/gxcfg.js?20175251212442 HTTP/1.1" 200 953
190.161.236.41 - - [05/Mar/2018:09:09:05 -0300] "GET /cormun/static/SmoothNavMenu/resources/ddsmoothmenu.css?1012540 HTTP/1.1" 200 2223
190.161.236.41 - - [05/Mar/2018:09:09:05 -0300] "GET /cormun/static/Shared/jqueryui/jquery-ui.min.css?1245370 HTTP/1.1" 200 30288
190.161.236.41 - - [05/Mar/2018:09:09:05 -0300] "GET /cormun/static/PXToolsJavascripts/pexe_autoreload.js HTTP/1.1" 200 1762
186.103.159.188 - - [05/Mar/2018:09:09:05 -0300] "GET /cormun/static/PXToolsJavascripts/pexe_windows.js HTTP/1.1" 200 15207
186.103.159.188 - - [05/Mar/2018:09:09:05 -0300] "GET /cormun/static/PXToolsJavascripts/pexe_cookies.js HTTP/1.1" 200 792
186.103.159.188 - - [05/Mar/2018:09:09:05 -0300] "GET /cormun/static/PXToolsJavascripts/pexe_grid.js HTTP/1.1" 200 7559
190.161.236.41 - - [05/Mar/2018:09:09:05 -0300] "GET /cormun/static/PXToolsJavascripts/pexe_griddivfix.js HTTP/1.1" 200 6644
186.103.159.188 - - [05/Mar/2018:09:09:05 -0300] "GET /cormun/static/PXToolsJavascripts/pexe_menudivfix.js HTTP/1.1" 200 333
190.161.236.41 - - [05/Mar/2018:09:09:05 -0300] "GET /cormun/static/PXToolsJavascripts/pexe_link.js HTTP/1.1" 200 5671
186.103.159.188 - - [05/Mar/2018:09:09:05 -0300] "GET /cormun/static/PXToolsJavascripts/pexe_menus.js HTTP/1.1" 200 1286
186.103.159.188 - - [05/Mar/2018:09:09:05 -0300] "GET /cormun/static/PXToolsJavascripts/pexe_layers.js HTTP/1.1" 200 4114
186.103.159.188 - - [05/Mar/2018:09:09:05 -0300] "GET /cormun/static/PXToolsJavascripts/pexe_oav.js HTTP/1.1" 200 645
190.161.236.41 - - [05/Mar/2018:09:09:05 -0300] "GET /cormun/static/PXToolsJavascripts/pexe_oavdivfix.js HTTP/1.1" 200 639
190.161.236.41 - - [05/Mar/2018:09:09:05 -0300] "GET /cormun/static/PXToolsJavascripts/pexe_picture.js HTTP/1.1" 200 689
190.161.236.41 - - [05/Mar/2018:09:09:05 -0300] "GET /cormun/static/PXToolsJavascripts/pexe_popup.js HTTP/1.1" 200 13458
186.103.159.188 - - [05/Mar/2018:09:09:05 -0300] "GET /cormun/static/PXToolsJavascripts/pexe_scrolldiv.js HTTP/1.1" 200 4138
186.103.159.188 - - [05/Mar/2018:09:09:05 -0300] "GET /cormun/static/PXToolsJavascripts/pexe_tabdivfix.js HTTP/1.1" 200 876
186.103.159.188 - - [05/Mar/2018:09:09:05 -0300] "GET /cormun/static/PXToolsJavascripts/PXToolsJavascriptsRender.js HTTP/1.1" 200 367
190.161.236.41 - - [05/Mar/2018:09:09:05 -0300] "GET /cormun/static/PXToolsJavascripts/pexe_tabs.js HTTP/1.1" 200 3748
190.161.236.41 - - [05/Mar/2018:09:09:05 -0300] "GET /cormun/static/PXToolsJavascripts/pexe_upload.js HTTP/1.1" 200 1423
186.103.159.188 - - [05/Mar/2018:09:09:05 -0300] "GET /cormun/static/Shared/ext/locale/ext-lang-en.js HTTP/1.1" 200 10940
186.103.159.188 - - [05/Mar/2018:09:09:05 -0300] "GET /cormun/static/hwchdr01.js?201752511465785 HTTP/1.1" 200 1183
190.161.236.41 - - [05/Mar/2018:09:09:05 -0300] "GET /cormun/static/RunJS/RunJS.js HTTP/1.1" 200 288
190.161.236.41 - - [05/Mar/2018:09:09:05 -0300] "GET /cormun/static/hhome.js?20175251212450 HTTP/1.1" 200 777
186.103.159.188 - - [05/Mar/2018:09:09:05 -0300] "GET /cormun/static/hpexe_scripts.js?201752511465715 HTTP/1.1" 200 1544
186.103.159.188 - - [05/Mar/2018:09:09:05 -0300] "GET /cormun/static/gxui/gxui-all.js HTTP/1.1" 200 107772
186.103.159.188 - - [05/Mar/2018:09:09:05 -0300] "GET /cormun/static/Resources/PXToolsDataTitle.png HTTP/1.1" 200 1173
190.161.236.41 - - [05/Mar/2018:09:09:05 -0300] "GET /cormun/static/Resources/PXToolsFooterBackground2.png HTTP/1.1" 200 1172
190.161.236.41 - - [05/Mar/2018:09:09:05 -0300] "GET /cormun/static/Resources/PXToolsHeaderBackground2.png HTTP/1.1" 200 1174
186.103.159.188 - - [05/Mar/2018:09:09:05 -0300] "GET /cormun/static/Resources/PXToolsHeaderActionsBackground.png HTTP/1.1" 200 484
186.103.159.188 - - [05/Mar/2018:09:09:05 -0300] "GET /cormun/static/Resources/PXToolsHeaderActionsLeft.png HTTP/1.1" 200 1118
186.103.159.188 - - [05/Mar/2018:09:09:05 -0300] "GET /cormun/static/Resources/PXToolsHeaderLogin.png HTTP/1.1" 200 4279
190.161.236.41 - - [05/Mar/2018:09:09:05 -0300] "GET /cormun/static/Resources/PXToolsHeaderActionsRight.png HTTP/1.1" 200 1201
186.103.159.188 - - [05/Mar/2018:09:09:05 -0300] "GET /cormun/static/Resources/logo4.png HTTP/1.1" 200 6582
190.161.236.41 - - [05/Mar/2018:09:09:05 -0300] "GET /cormun/static/Resources/PXToolsHeaderSecurity.png HTTP/1.1" 200 4166
186.103.159.188 - - [05/Mar/2018:09:09:05 -0300] "GET /cormun/static/Resources/PXToolsHeaderHome.png HTTP/1.1" 200 4147
186.103.159.188 - - [05/Mar/2018:09:09:06 -0300] "GET /cormun/static/hpexe_messagepopupcomponent.js?20161017169425 HTTP/1.1" 200 605
190.161.236.41 - - [05/Mar/2018:09:09:06 -0300] "GET /cormun/static/Resources/PXToolsHeaderPreferences.png HTTP/1.1" 200 4189
186.103.159.188 - - [05/Mar/2018:09:09:06 -0300] "GET /cormun/static/hpexe_messagegenexuscomponent.js?201752511465344 HTTP/1.1" 200 587
186.103.159.188 - - [05/Mar/2018:09:09:06 -0300] "GET /cormun/static/cmcontrolpreferences.js?201752511465670 HTTP/1.1" 200 1375
190.161.236.41 - - [05/Mar/2018:09:09:06 -0300] "GET /cormun/static/hpexe_messagecontroller.js?20177611595012 HTTP/1.1" 200 870
190.161.236.41 - - [05/Mar/2018:09:09:06 -0300] "GET /cormun/static/SmoothNavMenu/resources/ddsmoothmenu.js HTTP/1.1" 200 12712
190.161.236.41 - - [05/Mar/2018:09:09:06 -0300] "GET /cormun/static/Shared/jquery/jquery-1.4.2.min.js HTTP/1.1" 200 72174
186.103.159.188 - - [05/Mar/2018:09:09:06 -0300] "GET /cormun/static/hpexe_recentlink.js?20177611595044 HTTP/1.1" 200 2144
190.161.236.41 - - [05/Mar/2018:09:09:06 -0300] "GET /cormun/static/SmoothNavMenu/resources/SmoothNavMenuRender.js HTTP/1.1" 200 5951
186.103.159.188 - - [05/Mar/2018:09:09:06 -0300] "GET /cormun/static/scaMessage/js/jquery.pnotify.min.js HTTP/1.1" 200 13038
190.161.236.41 - - [05/Mar/2018:09:09:06 -0300] "GET /cormun/static/scaMessage/scaMessageRender.js HTTP/1.1" 200 11977
190.161.236.41 - - [05/Mar/2018:09:09:06 -0300] "GET /cormun/static/hmpwkw03.js?20177612122668 HTTP/1.1" 200 3965
186.103.159.188 - - [05/Mar/2018:09:09:06 -0300] "GET /cormun/static/Shared/jqueryui/jquery-ui.min.js HTTP/1.1" 200 240427
186.103.159.188 - - [05/Mar/2018:09:09:06 -0300] "GET /cormun/static/Shared/jquery/jquery-1.10.2.min.js HTTP/1.1" 200 273199
190.161.236.41 - - [05/Mar/2018:09:09:07 -0300] "GET /cormun/static/Shared/ext/ext-all.js HTTP/1.1" 200 1289687
186.103.159.188 - - [05/Mar/2018:09:09:08 -0300] "GET /cormun/static/SmoothNavMenu/resources/images/down.gif HTTP/1.1" 200 854
186.103.159.188 - - [05/Mar/2018:09:09:08 -0300] "GET /cormun/static/SmoothNavMenu/resources/images/right.gif HTTP/1.1" 200 860
190.161.236.41 - - [05/Mar/2018:09:09:08 -0300] "GET /cormun/servlet/hhome HTTP/1.1" 200 4129
181.73.204.79 - - [05/Mar/2018:09:09:08 -0300] "GET /cormun/servlet/solicitudot?fa2a588ae4a155628be365db1da4b2c8b2fd62d806c961a1e3f0e9a05848fac1c38c2419d956fb4dc671f16ada79e7df,gx-no-cache=1520251700916 HTTP/1.1" 200 30
181.73.204.79 - - [05/Mar/2018:09:09:08 -0300] "GET /cormun/servlet/solicitudot?fa2a588ae4a155628be365db1da4b2c80c62faebdcc6f8d32d5846d91db357ec6265787e90979153b9d4ca935596a5aef8c3a4ad05406025356aff2dd81d1513,gx-no-cache=1520251700987 HTTP/1.1" 200 30
181.73.204.79 - - [05/Mar/2018:09:09:08 -0300] "GET /cormun/servlet/solicitudot?fa2a588ae4a155628be365db1da4b2c889340b82cd99868c1fa1347c0ad16614,gx-no-cache=1520251701033 HTTP/1.1" 200 53
200.73.230.197 - - [05/Mar/2018:09:09:09 -0300] "GET /cormun/servlet/solicitudot?eb6dc364cc91b7af4265b977b5700d8dcc30587e167a25c6d04ccfc4aa083a58c1c2146bb60ed3f9b8cbf54c3d26c80c,gx-no-cache=1520251703828 HTTP/1.1" 200 30
200.73.230.197 - - [05/Mar/2018:09:09:09 -0300] "GET /cormun/servlet/solicitudot?eb6dc364cc91b7af4265b977b5700d8d9809b2f63ed7704539e81dbcc0d2ba484fcf144062f91cf898c6dce27bfb4be2,gx-no-cache=1520251703991 HTTP/1.1" 200 30
200.73.230.197 - - [05/Mar/2018:09:09:09 -0300] "GET /cormun/servlet/solicitudot?eb6dc364cc91b7af4265b977b5700d8d847cff77b1a6e1933152131ff7eaa863,gx-no-cache=1520251704119 HTTP/1.1" 200 51
200.73.230.197 - - [05/Mar/2018:09:09:09 -0300] "POST /cormun/servlet/solicitudot?gx-no-cache=1520251704213 HTTP/1.1" 200 297
200.73.230.197 - - [05/Mar/2018:09:09:09 -0300] "GET /cormun/servlet/solicitudot?eb6dc364cc91b7af4265b977b5700d8d2b86194592dfccd92c5c5751caf085bf302003d7661f477b6fc3d0d6197d289365bef94f440f46fa1bd50b8a5dfbe84acbeac8469bd6c8980aed95e695d1b66501809db2f090ccf9efe0938e8c65003300596cc45d0501aa24bcb3dd400bf1eba328ffd9a4687320268f58d1769775d88c707c496121a938e9c514a49cd16603155af6acdd15aa47c8d564d5d76203892daa465d2e76c9d30309a280b3c20bb7814bafdd033d52dde097504bd8141e829dc3e399ea952583142e26a184d4c340cb636b7139467f2a00fd2a19fdd86bdcd903ee4bbaa23d012c7272aed5a37d3e0337698e47cc6057e860904eb747a1a328bdd6ba5aeb2febd94c87d3b8e45d39ee7172b83b208c74d68404eaf7572c6970a3d65eee4ba27db92d07d6569a9b7c53b097152436808668fbbf63b7828b9a63ffb18ba98cd6433602704716dc04dcd623eea2cf41430bce06a2879002c770e800ae178e80390ecde97fc0f610d13f6a194054a420283a0788b5fb0e5fbbcc6d54072daef7663637e88a067eae21eb,gx-no-cache=1520251704304 HTTP/1.1" 200 30
200.73.230.197 - - [05/Mar/2018:09:09:13 -0300] "POST /cormun/servlet/solicitudot?gx-no-cache=1520251707452 HTTP/1.1" 200 30
200.73.230.197 - - [05/Mar/2018:09:09:16 -0300] "POST /cormun/servlet/solicitudot?gx-no-cache=1520251710573 HTTP/1.1" 200 1337
200.73.230.197 - - [05/Mar/2018:09:09:16 -0300] "POST /cormun/servlet/solicitudot?gx-no-cache=1520251710795 HTTP/1.1" 200 38
186.103.159.183 - - [05/Mar/2018:09:09:16 -0300] "GET /cormun/servlet/licenciaspermisos?af5ad853ab19cb1737d4ba22e06533fdbe806265028a5dc2d50ce91cc677ccf6721b2e2821a9693b886f9599c1fa3f26,gx-no-cache=1520251709665 HTTP/1.1" 200 98
186.103.159.183 - - [05/Mar/2018:09:09:17 -0300] "POST /cormun/servlet/licenciaspermisos?89a5bbfc90ebacf0dd9c56162a9bac4a,INS,0,,,,gx-no-cache=1520251709791 HTTP/1.1" 200 4891
181.73.204.79 - - [05/Mar/2018:09:09:17 -0300] "GET /cormun/servlet/trsolicitudot? HTTP/1.1" 200 8803
181.73.204.79 - - [05/Mar/2018:09:09:18 -0300] "GET /cormun/servlet/trsolicitudot? HTTP/1.1" 200 8803
181.73.204.79 - - [05/Mar/2018:09:09:22 -0300] "POST /cormun/servlet/trsolicitudot?7905a5c2838a4a33e4344a86aef14bd0,,gx-no-cache=1520251714468 HTTP/1.1" 200 105
181.73.204.79 - - [05/Mar/2018:09:09:22 -0300] "GET /cormun/servlet/solicitudot?UPD,2018,9972, HTTP/1.1" 200 15418
181.73.204.79 - - [05/Mar/2018:09:09:23 -0300] "GET /cormun/servlet/solicitudot?UPD,2018,9972, HTTP/1.1" 200 15427
181.73.204.79 - - [05/Mar/2018:09:09:23 -0300] "POST /cormun/servlet/solicitudot?gx-no-cache=1520251715729 HTTP/1.1" 200 3444
181.73.204.79 - - [05/Mar/2018:09:09:24 -0300] "POST /cormun/servlet/solicitudot?7905a5c2838a4a33e4344a86aef14bd0,UPD,2018,9972,,gx-no-cache=1520251716102 HTTP/1.1" 200 11726
181.73.204.79 - - [05/Mar/2018:09:09:24 -0300] "GET /cormun/servlet/solicitudot?fa2a588ae4a155628be365db1da4b2c8b2fd62d806c961a1e3f0e9a05848fac130288afc36acb5c1219dab2fb4f51cdb,gx-no-cache=1520251716416 HTTP/1.1" 200 30
181.73.204.79 - - [05/Mar/2018:09:09:24 -0300] "GET /cormun/servlet/solicitudot?fa2a588ae4a155628be365db1da4b2c80c62faebdcc6f8d32d5846d91db357ec6265787e90979153b9d4ca935596a5ae1631096b2eca007927d6c2bc8ad6b2ec,gx-no-cache=1520251716520 HTTP/1.1" 200 30
181.73.204.79 - - [05/Mar/2018:09:09:24 -0300] "GET /cormun/servlet/solicitudot?fa2a588ae4a155628be365db1da4b2c89bfe84d47450de5c69b425e8c965520b8b0bfaabfd8913458466a6135680066dcc54ed14a212e1a9d62b9a657fadeb4e,gx-no-cache=1520251716565 HTTP/1.1" 200 53
181.73.204.79 - - [05/Mar/2018:09:09:24 -0300] "POST /cormun/servlet/solicitudot?gx-no-cache=1520251716612 HTTP/1.1" 200 238
181.73.204.79 - - [05/Mar/2018:09:09:24 -0300] "GET /cormun/servlet/solicitudot?fa2a588ae4a155628be365db1da4b2c8882c70e2fb165ef13d74a625cbbd5fee1b443c24af1fefa84dabdb7d546d6ab8b158fa5018c18db00ffaeb34ae0577ffe23f9cb468ae0b45d8ac25a2aac037740cfb56b71eb42cbcad32398b9e9d761a66e25565882454bd381ecacf8da9a5d93772e521ed07a68b939461bf0cf0685e24a675dd71a801fe51989d4667802af513d75340d75c6ad3ab3448ab7a2d7b4e03ebf5e2c578768db73314272060244d55d752dcf3da8acfd435db617524d3efca1608fd102e620d91ac2f2224d80f8ead56578c6215666b2f7cba8bd5c51539740d0263df39606249cbf10b00bcc2f4fdff959eb68c3d6613081e34a426a7c3f5f13d892f95ee341c4d05e8deeeb17cf02f53954250f8741ed30c7b1df4487d25f0334c2bd579a0a97374357c993ec6281aa31c678e309bd1b58f1ee6b2006ad26b92a8a2ad92c9f9293133ee9043094e8e84e4ff2c6e93a43ff6cfb55dca52fbf00a94e071c01621605583afc1260a6f0fb3d0b9752947f996069ac23a7fce,gx-no-cache=1520251716667 HTTP/1.1" 200 30
181.73.204.79 - - [05/Mar/2018:09:09:24 -0300] "POST /cormun/servlet/solicitudot?gx-no-cache=1520251716720 HTTP/1.1" 200 30
181.73.204.79 - - [05/Mar/2018:09:09:24 -0300] "POST /cormun/servlet/solicitudot?gx-no-cache=1520251716816 HTTP/1.1" 200 1334
181.73.204.79 - - [05/Mar/2018:09:09:24 -0300] "POST /cormun/servlet/solicitudot?gx-no-cache=1520251716941 HTTP/1.1" 200 41
200.73.230.197 - - [05/Mar/2018:09:09:26 -0300] "GET /cormun/servlet/solicitudot?eb6dc364cc91b7af4265b977b5700d8da0c4d9813c94463c735677ee27f57127dd809396788fa3e55edf31decf1c144407780f9df5af8af8d41b80b4b9052b6ac4fd071247beb52826d0101ac366d3917860e25f48eaf058a4bc1389afddf0840a4ce0490e0ab1e568ea66c45c0e2011,gx-no-cache=1520251721214 HTTP/1.1" 200 29
200.73.230.197 - - [05/Mar/2018:09:09:27 -0300] "POST /cormun/servlet/solicitudot?gx-no-cache=1520251721369 HTTP/1.1" 200 1319
200.73.230.197 - - [05/Mar/2018:09:09:27 -0300] "POST /cormun/servlet/solicitudot?gx-no-cache=1520251721564 HTTP/1.1" 200 1218
200.73.230.197 - - [05/Mar/2018:09:09:27 -0300] "GET /cormun/static/menuarrow.gif HTTP/1.1" 404 1015
200.73.230.197 - - [05/Mar/2018:09:09:31 -0300] "POST /cormun/servlet/solicitudot?gx-no-cache=1520251725950 HTTP/1.1" 200 1319
200.73.230.197 - - [05/Mar/2018:09:09:32 -0300] "POST /cormun/servlet/solicitudot?gx-no-cache=1520251726151 HTTP/1.1" 200 1218
186.103.157.246 - - [05/Mar/2018:09:09:32 -0300] "GET /cormun/servlet/prbanco?,MD,,gxPopupLevel%3D0%3B HTTP/1.1" 200 6481
186.103.157.246 - - [05/Mar/2018:09:09:32 -0300] "GET /cormun/static/gxcfg.js?20181161016094 HTTP/1.1" 304 -
186.103.157.246 - - [05/Mar/2018:09:09:32 -0300] "GET /cormun/static/prbanco.js?2018116101633 HTTP/1.1" 304 -
200.73.230.197 - - [05/Mar/2018:09:09:34 -0300] "GET /cormun/servlet/solicitudot?eb6dc364cc91b7af4265b977b5700d8d0666d0ede1d057b37b823605f58fe14fe3dbb76da14293e3bdb69aea2bc2d213,gx-no-cache=1520251728933 HTTP/1.1" 200 30
200.73.230.197 - - [05/Mar/2018:09:09:45 -0300] "POST /cormun/servlet/solicitudot?gx-no-cache=1520251739565 HTTP/1.1" 200 30
186.103.157.246 - - [05/Mar/2018:09:09:50 -0300] "GET /cormun/servlet/solicitudot?8efc6160ebf46dde6cad02bcfaef2b04fb3f4e6a1308bb7df6bf8c217e582271,gx-no-cache=1520251742025 HTTP/1.1" 200 20
186.103.157.246 - - [05/Mar/2018:09:09:51 -0300] "GET /cormun/servlet/solicitudot?3d834c0e6a7b562014dbb3ba4dfb14996669ec1055500833f1c289085eef4d863340c2f42849262a9e150c7328b68ed82c05b6051098088e2d891f39ef7867d0,gx-no-cache=1520251742208 HTTP/1.1" 200 30
200.73.230.197 - - [05/Mar/2018:09:09:54 -0300] "POST /cormun/servlet/solicitudot?b4330f31acef92d3763cd0d7030a74a7,INS,0,0,,gx-no-cache=1520251747836 HTTP/1.1" 200 93
200.73.230.197 - - [05/Mar/2018:09:09:54 -0300] "GET /cormun/servlet/hpexe_return? HTTP/1.1" 200 1007
200.73.230.197 - - [05/Mar/2018:09:09:55 -0300] "GET /cormun/servlet/trsolicitudot HTTP/1.1" 200 8492
200.73.230.197 - - [05/Mar/2018:09:09:56 -0300] "GET /cormun/servlet/trsolicitudot HTTP/1.1" 200 8488
181.73.204.79 - - [05/Mar/2018:09:10:03 -0300] "POST /cormun/servlet/solicitudot?gx-no-cache=1520251755737 HTTP/1.1" 200 238
