192.168.10.50 - - [05/Mar/2018:08:23:22 -0300] "GET /cormun/servlet/hlogin HTTP/1.1" 200 1730
192.168.10.50 - - [05/Mar/2018:08:23:22 -0300] "GET /favicon.ico HTTP/1.1" 200 21630
192.168.10.96 - - [05/Mar/2018:08:23:27 -0300] "POST /cormun/servlet/trsolicitudgral?f93fef4b366823c15ff0613be9c2e146,,gx-no-cache=1520248848408 HTTP/1.1" 200 7669
192.168.10.50 - - [05/Mar/2018:08:23:29 -0300] "POST /cormun/servlet/hlogin?14603a69631d06f4e2bc4857ec0d04f5,gx-no-cache=1520248850580 HTTP/1.1" 200 443
192.168.10.96 - - [05/Mar/2018:08:23:31 -0300] "POST /cormun/servlet/trsolicitudgral?f93fef4b366823c15ff0613be9c2e146,,gx-no-cache=1520248852345 HTTP/1.1" 200 7670
192.168.10.96 - - [05/Mar/2018:08:23:31 -0300] "POST /cormun/servlet/trsolicitudgral?f93fef4b366823c15ff0613be9c2e146,,gx-no-cache=1520248852753 HTTP/1.1" 200 7670
192.168.10.50 - - [05/Mar/2018:08:23:35 -0300] "POST /cormun/servlet/hlogin?14603a69631d06f4e2bc4857ec0d04f5,gx-no-cache=1520248856306 HTTP/1.1" 200 90
192.168.10.50 - - [05/Mar/2018:08:23:35 -0300] "GET /cormun/servlet/hpexe_link HTTP/1.1" 200 949
192.168.10.50 - - [05/Mar/2018:08:23:35 -0300] "GET /cormun/static/gxcfg.js?20177612121792 HTTP/1.1" 200 953
192.168.10.50 - - [05/Mar/2018:08:23:35 -0300] "GET /cormun/static/hpexe_link.js?20177612121795 HTTP/1.1" 200 625
192.168.10.50 - - [05/Mar/2018:08:23:35 -0300] "GET /cormun/static/Resources/Spanish/PXTools.css?1155365 HTTP/1.1" 200 89042
192.168.10.50 - - [05/Mar/2018:08:23:35 -0300] "GET /cormun/servlet/hhome HTTP/1.1" 200 4463
192.168.10.50 - - [05/Mar/2018:08:23:35 -0300] "GET /cormun/static/Shared/jqueryui/jquery-ui.min.css?1245370 HTTP/1.1" 200 30288
192.168.10.50 - - [05/Mar/2018:08:23:35 -0300] "GET /cormun/static/SmoothNavMenu/resources/ddsmoothmenu-v.css?1012540 HTTP/1.1" 200 1188
192.168.10.50 - - [05/Mar/2018:08:23:35 -0300] "GET /cormun/static/SmoothNavMenu/resources/ddsmoothmenu.css?1012540 HTTP/1.1" 200 2223
192.168.10.50 - - [05/Mar/2018:08:23:35 -0300] "GET /cormun/static/gxcfg.js?20175251212442 HTTP/1.1" 200 953
192.168.10.50 - - [05/Mar/2018:08:23:35 -0300] "GET /cormun/static/PXToolsJavascripts/pexe_autoreload.js HTTP/1.1" 200 1762
192.168.10.50 - - [05/Mar/2018:08:23:35 -0300] "GET /cormun/static/PXToolsJavascripts/pexe_windows.js HTTP/1.1" 200 15207
192.168.10.50 - - [05/Mar/2018:08:23:35 -0300] "GET /cormun/static/PXToolsJavascripts/pexe_grid.js HTTP/1.1" 200 7559
192.168.10.50 - - [05/Mar/2018:08:23:35 -0300] "GET /cormun/static/PXToolsJavascripts/pexe_cookies.js HTTP/1.1" 200 792
192.168.10.50 - - [05/Mar/2018:08:23:35 -0300] "GET /cormun/static/scaMessage/css/jquery.pnotify.default.css?1716380 HTTP/1.1" 200 1707
192.168.10.50 - - [05/Mar/2018:08:23:35 -0300] "GET /cormun/static/PXToolsJavascripts/pexe_griddivfix.js HTTP/1.1" 200 6644
192.168.10.50 - - [05/Mar/2018:08:23:35 -0300] "GET /cormun/static/PXToolsJavascripts/pexe_menudivfix.js HTTP/1.1" 200 333
192.168.10.50 - - [05/Mar/2018:08:23:35 -0300] "GET /cormun/static/PXToolsJavascripts/pexe_layers.js HTTP/1.1" 200 4114
192.168.10.50 - - [05/Mar/2018:08:23:35 -0300] "GET /cormun/static/PXToolsJavascripts/pexe_oav.js HTTP/1.1" 200 645
192.168.10.50 - - [05/Mar/2018:08:23:35 -0300] "GET /cormun/static/PXToolsJavascripts/pexe_link.js HTTP/1.1" 200 5671
192.168.10.50 - - [05/Mar/2018:08:23:35 -0300] "GET /cormun/static/PXToolsJavascripts/pexe_menus.js HTTP/1.1" 200 1286
192.168.10.50 - - [05/Mar/2018:08:23:35 -0300] "GET /cormun/static/PXToolsJavascripts/pexe_oavdivfix.js HTTP/1.1" 200 639
192.168.10.50 - - [05/Mar/2018:08:23:35 -0300] "GET /cormun/static/PXToolsJavascripts/pexe_scrolldiv.js HTTP/1.1" 200 4138
192.168.10.50 - - [05/Mar/2018:08:23:35 -0300] "GET /cormun/static/PXToolsJavascripts/pexe_tabs.js HTTP/1.1" 200 3748
192.168.10.50 - - [05/Mar/2018:08:23:35 -0300] "GET /cormun/static/PXToolsJavascripts/pexe_picture.js HTTP/1.1" 200 689
192.168.10.50 - - [05/Mar/2018:08:23:35 -0300] "GET /cormun/static/PXToolsJavascripts/pexe_tabdivfix.js HTTP/1.1" 200 876
192.168.10.50 - - [05/Mar/2018:08:23:35 -0300] "GET /cormun/static/PXToolsJavascripts/pexe_popup.js HTTP/1.1" 200 13458
192.168.10.50 - - [05/Mar/2018:08:23:35 -0300] "GET /cormun/static/PXToolsJavascripts/PXToolsJavascriptsRender.js HTTP/1.1" 200 367
192.168.10.50 - - [05/Mar/2018:08:23:35 -0300] "GET /cormun/static/PXToolsJavascripts/pexe_upload.js HTTP/1.1" 200 1423
192.168.10.50 - - [05/Mar/2018:08:23:35 -0300] "GET /cormun/static/hwchdr01.js?201752511465785 HTTP/1.1" 200 1183
192.168.10.50 - - [05/Mar/2018:08:23:35 -0300] "GET /cormun/static/hhome.js?20175251212450 HTTP/1.1" 200 777
192.168.10.50 - - [05/Mar/2018:08:23:35 -0300] "GET /cormun/static/RunJS/RunJS.js HTTP/1.1" 200 288
192.168.10.50 - - [05/Mar/2018:08:23:35 -0300] "GET /cormun/static/Shared/ext/locale/ext-lang-en.js HTTP/1.1" 200 10940
192.168.10.50 - - [05/Mar/2018:08:23:35 -0300] "GET /cormun/static/hpexe_recentlink.js?20177611595044 HTTP/1.1" 200 2144
192.168.10.50 - - [05/Mar/2018:08:23:35 -0300] "GET /cormun/static/hpexe_scripts.js?201752511465715 HTTP/1.1" 200 1544
192.168.10.50 - - [05/Mar/2018:08:23:35 -0300] "GET /cormun/static/gxui/gxui-all.js HTTP/1.1" 200 107772
192.168.10.50 - - [05/Mar/2018:08:23:35 -0300] "GET /cormun/static/hpexe_messagecontroller.js?20177611595012 HTTP/1.1" 200 870
192.168.10.50 - - [05/Mar/2018:08:23:35 -0300] "GET /cormun/static/hpexe_messagepopupcomponent.js?20161017169425 HTTP/1.1" 200 605
192.168.10.50 - - [05/Mar/2018:08:23:35 -0300] "GET /cormun/static/hpexe_messagegenexuscomponent.js?201752511465344 HTTP/1.1" 200 587
192.168.10.50 - - [05/Mar/2018:08:23:35 -0300] "GET /cormun/static/Resources/PXToolsHeaderActionsRight.png HTTP/1.1" 200 1201
192.168.10.50 - - [05/Mar/2018:08:23:35 -0300] "GET /cormun/static/Resources/PXToolsHeaderLogin.png HTTP/1.1" 200 4279
192.168.10.50 - - [05/Mar/2018:08:23:35 -0300] "GET /cormun/static/Resources/PXToolsHeaderSecurity.png HTTP/1.1" 200 4166
192.168.10.50 - - [05/Mar/2018:08:23:35 -0300] "GET /cormun/static/Resources/PXToolsFooterBackground2.png HTTP/1.1" 200 1172
192.168.10.50 - - [05/Mar/2018:08:23:35 -0300] "GET /cormun/static/Resources/PXToolsHeaderBackground2.png HTTP/1.1" 200 1174
192.168.10.50 - - [05/Mar/2018:08:23:35 -0300] "GET /cormun/static/Resources/PXToolsDataTitle.png HTTP/1.1" 200 1173
192.168.10.50 - - [05/Mar/2018:08:23:35 -0300] "GET /cormun/static/Shared/ext/ext-all.js HTTP/1.1" 200 1289687
192.168.10.50 - - [05/Mar/2018:08:23:35 -0300] "GET /cormun/static/Resources/PXToolsHeaderActionsLeft.png HTTP/1.1" 200 1118
192.168.10.50 - - [05/Mar/2018:08:23:35 -0300] "GET /cormun/static/Resources/logo4.png HTTP/1.1" 200 6582
192.168.10.50 - - [05/Mar/2018:08:23:35 -0300] "GET /cormun/static/Resources/PXToolsHeaderActionsBackground.png HTTP/1.1" 200 484
192.168.10.50 - - [05/Mar/2018:08:23:36 -0300] "GET /cormun/static/Resources/PXToolsHeaderPreferences.png HTTP/1.1" 200 4189
192.168.10.50 - - [05/Mar/2018:08:23:36 -0300] "GET /cormun/static/Resources/PXToolsHeaderHome.png HTTP/1.1" 200 4147
192.168.10.50 - - [05/Mar/2018:08:23:36 -0300] "GET /cormun/static/cmcontrolpreferences.js?201752511465670 HTTP/1.1" 200 1375
192.168.10.50 - - [05/Mar/2018:08:23:36 -0300] "GET /cormun/static/Shared/jquery/jquery-1.4.2.min.js HTTP/1.1" 200 72174
192.168.10.50 - - [05/Mar/2018:08:23:36 -0300] "GET /cormun/static/Shared/jquery/jquery-1.10.2.min.js HTTP/1.1" 200 273199
192.168.10.50 - - [05/Mar/2018:08:23:36 -0300] "GET /cormun/static/SmoothNavMenu/resources/ddsmoothmenu.js HTTP/1.1" 200 12712
192.168.10.50 - - [05/Mar/2018:08:23:36 -0300] "GET /cormun/static/SmoothNavMenu/resources/SmoothNavMenuRender.js HTTP/1.1" 200 5951
192.168.10.50 - - [05/Mar/2018:08:23:36 -0300] "GET /cormun/static/scaMessage/scaMessageRender.js HTTP/1.1" 200 11977
192.168.10.50 - - [05/Mar/2018:08:23:36 -0300] "GET /cormun/static/scaMessage/js/jquery.pnotify.min.js HTTP/1.1" 200 13038
192.168.10.50 - - [05/Mar/2018:08:23:36 -0300] "GET /cormun/static/Shared/jqueryui/jquery-ui.min.js HTTP/1.1" 200 240427
192.168.10.50 - - [05/Mar/2018:08:23:36 -0300] "GET /cormun/static/hmpwkw03.js?20177612122668 HTTP/1.1" 200 3965
192.168.10.50 - - [05/Mar/2018:08:23:36 -0300] "GET /cormun/servlet/hhome HTTP/1.1" 200 4459
192.168.10.50 - - [05/Mar/2018:08:23:36 -0300] "GET /cormun/static/SmoothNavMenu/resources/images/down.gif HTTP/1.1" 200 854
192.168.10.50 - - [05/Mar/2018:08:23:36 -0300] "GET /cormun/static/SmoothNavMenu/resources/images/right.gif HTTP/1.1" 200 860
200.73.230.197 - - [05/Mar/2018:08:23:42 -0300] "POST /cormun/servlet/solicitudot?d98f96edfcf882439a743991686ed015,INS,0,0,,gx-no-cache=1520248974618 HTTP/1.1" 200 93
200.73.230.197 - - [05/Mar/2018:08:23:42 -0300] "GET /cormun/servlet/hpexe_return? HTTP/1.1" 200 1005
200.73.230.197 - - [05/Mar/2018:08:23:43 -0300] "GET /cormun/servlet/trsolicitudot HTTP/1.1" 200 8475
192.168.10.50 - - [05/Mar/2018:08:23:44 -0300] "GET /cormun/servlet/trsolicitudgral? HTTP/1.1" 200 27940
192.168.10.50 - - [05/Mar/2018:08:23:44 -0300] "GET /cormun/static/calendar-system.css?85620 HTTP/1.1" 200 5572
192.168.10.50 - - [05/Mar/2018:08:23:44 -0300] "GET /cormun/static/gxui/gxui-all.css?120300 HTTP/1.1" 200 2179
192.168.10.50 - - [05/Mar/2018:08:23:44 -0300] "GET /cormun/static/gxcfg.js?201813119461163 HTTP/1.1" 200 953
192.168.10.50 - - [05/Mar/2018:08:23:44 -0300] "GET /cormun/static/Resources/Spanish/PXTools.css?1255365 HTTP/1.1" 200 89042
192.168.10.50 - - [05/Mar/2018:08:23:44 -0300] "GET /cormun/static/calendar.js?85251 HTTP/1.1" 200 26246
192.168.10.50 - - [05/Mar/2018:08:23:44 -0300] "GET /cormun/static/calendar-setup.js?85251 HTTP/1.1" 200 2588
192.168.10.50 - - [05/Mar/2018:08:23:44 -0300] "GET /cormun/static/Shared/ext/resources/css/ext-all.css?215870 HTTP/1.1" 200 416045
192.168.10.50 - - [05/Mar/2018:08:23:44 -0300] "GET /cormun/static/calendar-es.js?85251 HTTP/1.1" 200 1901
192.168.10.50 - - [05/Mar/2018:08:23:44 -0300] "GET /cormun/static/gxdec.js?85251 HTTP/1.1" 200 19579
192.168.10.50 - - [05/Mar/2018:08:23:44 -0300] "GET /cormun/static/trsolicitudgral.js?201813119462015 HTTP/1.1" 200 55173
192.168.10.50 - - [05/Mar/2018:08:23:44 -0300] "GET /cormun/static/Resources/PXTools/calendar.png HTTP/1.1" 200 1306
192.168.10.50 - - [05/Mar/2018:08:23:44 -0300] "GET /cormun/static/Resources/PXToolsDataSearch.png HTTP/1.1" 200 419
192.168.10.50 - - [05/Mar/2018:08:23:44 -0300] "GET /cormun/static/Resources/PXToolsGridFirstDisabled.gif HTTP/1.1" 200 100
192.168.10.50 - - [05/Mar/2018:08:23:44 -0300] "GET /cormun/static/Resources/PXToolsGridPreviousDisabled.gif HTTP/1.1" 200 90
192.168.10.50 - - [05/Mar/2018:08:23:44 -0300] "GET /cormun/static/Resources/PXToolsGridNextDisabled.gif HTTP/1.1" 200 90
192.168.10.50 - - [05/Mar/2018:08:23:44 -0300] "GET /cormun/static/Resources/PXToolsGridLastDisabled.gif HTTP/1.1" 200 98
192.168.10.50 - - [05/Mar/2018:08:23:44 -0300] "GET /cormun/static/Resources/PXToolsGridPage.gif HTTP/1.1" 200 725
192.168.10.50 - - [05/Mar/2018:08:23:44 -0300] "GET /cormun/static/Resources/PXToolsActionExcel.png HTTP/1.1" 200 3187
192.168.10.50 - - [05/Mar/2018:08:23:44 -0300] "GET /cormun/static/Resources/PXToolsAddAllStandardAction.png HTTP/1.1" 200 628
192.168.10.50 - - [05/Mar/2018:08:23:44 -0300] "GET /cormun/static/Resources/PXToolsRemoveAllStandardAction.png HTTP/1.1" 200 495
200.73.230.197 - - [05/Mar/2018:08:23:45 -0300] "GET /cormun/servlet/trsolicitudot HTTP/1.1" 200 8471
192.168.10.50 - - [05/Mar/2018:08:23:45 -0300] "GET /cormun/static/Resources/asc.gif HTTP/1.1" 200 67
192.168.10.50 - - [05/Mar/2018:08:23:45 -0300] "GET /cormun/static/Resources/desc.gif HTTP/1.1" 200 65
192.168.10.50 - - [05/Mar/2018:08:23:45 -0300] "GET /cormun//static/Resources/PXToolsGridUpdate.png HTTP/1.1" 200 2984
192.168.10.50 - - [05/Mar/2018:08:23:45 -0300] "GET /cormun//static/Resources/PXToolsGridDelete.png HTTP/1.1" 200 357
192.168.10.50 - - [05/Mar/2018:08:23:45 -0300] "GET /cormun/static/Shared/ext/resources/themes/images/default/panel/bg-headersPanel.png HTTP/1.1" 200 255
192.168.10.50 - - [05/Mar/2018:08:23:45 -0300] "GET /cormun/static/Shared/ext/resources/themes/images/default/tools/tool-sprites.gif HTTP/1.1" 200 5434
192.168.10.50 - - [05/Mar/2018:08:23:49 -0300] "GET /cormun/servlet/trsolicitudgral? HTTP/1.1" 200 27938
200.73.230.197 - - [05/Mar/2018:08:23:53 -0300] "GET /cormun/servlet/solicitudot?INS,0,0, HTTP/1.1" 200 13360
192.168.10.50 - - [05/Mar/2018:08:23:54 -0300] "POST /cormun/servlet/trsolicitudgral?14603a69631d06f4e2bc4857ec0d04f5,,gx-no-cache=1520248873707 HTTP/1.1" 200 25421
192.168.10.50 - - [05/Mar/2018:08:23:55 -0300] "GET /cormun/static/Resources/PXToolsGridNext.gif HTTP/1.1" 200 369
192.168.10.50 - - [05/Mar/2018:08:23:55 -0300] "GET /cormun/static/Resources/PXToolsGridLast.gif HTTP/1.1" 200 370
200.73.230.197 - - [05/Mar/2018:08:23:55 -0300] "GET /cormun/servlet/solicitudot?INS,0,0, HTTP/1.1" 200 13365
192.168.10.96 - - [05/Mar/2018:08:23:56 -0300] "POST /cormun/servlet/trsolicitudgral?f93fef4b366823c15ff0613be9c2e146,,gx-no-cache=1520248877163 HTTP/1.1" 200 10319
192.168.10.96 - - [05/Mar/2018:08:24:06 -0300] "POST /cormun/servlet/trsolicitudgral?f93fef4b366823c15ff0613be9c2e146,,gx-no-cache=1520248887331 HTTP/1.1" 200 8492
192.168.10.96 - - [05/Mar/2018:08:24:10 -0300] "POST /cormun/servlet/trsolicitudgral?f93fef4b366823c15ff0613be9c2e146,,gx-no-cache=1520248891515 HTTP/1.1" 200 5922
192.168.10.96 - - [05/Mar/2018:08:24:15 -0300] "POST /cormun/servlet/trsolicitudgral?f93fef4b366823c15ff0613be9c2e146,,gx-no-cache=1520248896427 HTTP/1.1" 200 8821
192.168.10.96 - - [05/Mar/2018:08:24:33 -0300] "POST /cormun/servlet/trsolicitudgral?f93fef4b366823c15ff0613be9c2e146,,gx-no-cache=1520248913402 HTTP/1.1" 200 23641
192.168.10.96 - - [05/Mar/2018:08:24:51 -0300] "POST /cormun/servlet/trsolicitudgral?f93fef4b366823c15ff0613be9c2e146,,gx-no-cache=1520248931350 HTTP/1.1" 200 23640
192.168.10.96 - - [05/Mar/2018:08:24:55 -0300] "POST /cormun/servlet/trsolicitudgral?f93fef4b366823c15ff0613be9c2e146,,gx-no-cache=1520248935036 HTTP/1.1" 200 8649
192.168.10.96 - - [05/Mar/2018:08:25:53 -0300] "GET /cormun/servlet/trsecurityuser01? HTTP/1.1" 200 12162
192.168.10.96 - - [05/Mar/2018:08:25:53 -0300] "GET /cormun/static/gxcfg.js?201762721181157 HTTP/1.1" 304 -
192.168.10.56 - - [05/Mar/2018:08:25:53 -0300] "GET /cormun/servlet/hlogin HTTP/1.1" 200 1717
192.168.10.56 - - [05/Mar/2018:08:25:54 -0300] "GET /cormun/static/gxcfg.js?20175251213516 HTTP/1.1" 304 -
192.168.10.56 - - [05/Mar/2018:08:25:54 -0300] "GET /cormun/static/gxtimezone.js?85251 HTTP/1.1" 304 -
192.168.10.96 - - [05/Mar/2018:08:25:54 -0300] "GET /cormun/servlet/trsecurityuser01? HTTP/1.1" 200 12162
192.168.10.56 - - [05/Mar/2018:08:25:54 -0300] "GET /cormun/static/messages.spa.js?85251 HTTP/1.1" 304 -
192.168.10.56 - - [05/Mar/2018:08:25:54 -0300] "GET /cormun/servlet/hlogin HTTP/1.1" 200 1727
192.168.10.56 - - [05/Mar/2018:08:26:00 -0300] "POST /cormun/servlet/hlogin?6a2d58be3f971983ca1b36d7722a7dcc,gx-no-cache=1520249000201 HTTP/1.1" 200 90
192.168.10.56 - - [05/Mar/2018:08:26:00 -0300] "GET /cormun/servlet/hpexe_link HTTP/1.1" 200 947
192.168.10.56 - - [05/Mar/2018:08:26:00 -0300] "GET /cormun/static/gxcfg.js?20177612121792 HTTP/1.1" 304 -
192.168.10.56 - - [05/Mar/2018:08:26:01 -0300] "GET /cormun/servlet/hhome HTTP/1.1" 200 4463
192.168.10.56 - - [05/Mar/2018:08:26:01 -0300] "GET /cormun/static/gxcfg.js?20175251212442 HTTP/1.1" 304 -
192.168.10.56 - - [05/Mar/2018:08:26:01 -0300] "GET /cormun/servlet/hhome HTTP/1.1" 200 4460
192.168.10.56 - - [05/Mar/2018:08:26:08 -0300] "GET /cormun/servlet/trsolicitudgral? HTTP/1.1" 200 27949
192.168.10.56 - - [05/Mar/2018:08:26:08 -0300] "GET /cormun/static/calendar-setup.js?85251 HTTP/1.1" 304 -
192.168.10.56 - - [05/Mar/2018:08:26:08 -0300] "GET /cormun/static/calendar.js?85251 HTTP/1.1" 304 -
192.168.10.56 - - [05/Mar/2018:08:26:08 -0300] "GET /cormun/static/calendar-es.js?85251 HTTP/1.1" 304 -
192.168.10.56 - - [05/Mar/2018:08:26:08 -0300] "GET /cormun/static/gxdec.js?85251 HTTP/1.1" 304 -
192.168.10.56 - - [05/Mar/2018:08:26:08 -0300] "GET /cormun/static/trsolicitudgral.js?201813119462015 HTTP/1.1" 304 -
192.168.10.56 - - [05/Mar/2018:08:26:08 -0300] "GET /cormun/static/gxcfg.js?201813119461163 HTTP/1.1" 304 -
192.168.10.56 - - [05/Mar/2018:08:26:10 -0300] "GET /cormun/static/menuarrow.gif HTTP/1.1" 404 1015
192.168.10.56 - - [05/Mar/2018:08:26:13 -0300] "GET /cormun/servlet/trsolicitudgral? HTTP/1.1" 200 27949
192.168.10.96 - - [05/Mar/2018:08:26:18 -0300] "POST /cormun/servlet/trsecurityuser01?f93fef4b366823c15ff0613be9c2e146,,gx-no-cache=1520249018569 HTTP/1.1" 200 5091
200.73.230.197 - - [05/Mar/2018:08:26:27 -0300] "POST /cormun/servlet/solicitudot?gx-no-cache=1520249141085 HTTP/1.1" 200 3301
192.168.10.56 - - [05/Mar/2018:08:26:27 -0300] "POST /cormun/servlet/trsolicitudgral?6a2d58be3f971983ca1b36d7722a7dcc,,gx-no-cache=1520249025838 HTTP/1.1" 200 17819
200.73.230.197 - - [05/Mar/2018:08:26:27 -0300] "POST /cormun/servlet/solicitudot?d98f96edfcf882439a743991686ed015,INS,0,0,,gx-no-cache=1520249141754 HTTP/1.1" 200 10255
192.168.10.96 - - [05/Mar/2018:08:26:34 -0300] "GET /cormun/servlet/securityusers?UPD,9, HTTP/1.1" 200 7772
192.168.10.96 - - [05/Mar/2018:08:26:34 -0300] "GET /cormun/static/gxcfg.js?20176272118832 HTTP/1.1" 304 -
192.168.10.96 - - [05/Mar/2018:08:26:35 -0300] "GET /cormun/servlet/securityusers?UPD,9, HTTP/1.1" 200 7771
200.73.230.197 - - [05/Mar/2018:08:26:36 -0300] "GET /cormun/servlet/solicitudot?9dc0d6d568de467667df832d5c1922a07efb7dfe209eb4d5cebb2a25cbf60bbd73af48ed52c25b49fd07ce4a7ce8dda0,gx-no-cache=1520249150434 HTTP/1.1" 200 30
192.168.10.96 - - [05/Mar/2018:08:27:22 -0300] "POST /cormun/servlet/securityusers?f93fef4b366823c15ff0613be9c2e146,UPD,9,,gx-no-cache=1520249082855 HTTP/1.1" 200 90
192.168.10.96 - - [05/Mar/2018:08:27:22 -0300] "GET /cormun/servlet/hpexe_link HTTP/1.1" 200 966
192.168.10.96 - - [05/Mar/2018:08:27:23 -0300] "GET /cormun/servlet/trsecurityuser01? HTTP/1.1" 200 7537
192.168.10.96 - - [05/Mar/2018:08:27:23 -0300] "GET /cormun/servlet/trsecurityuser01? HTTP/1.1" 200 7537
192.168.10.96 - - [05/Mar/2018:08:27:26 -0300] "POST /cormun/servlet/trsecurityuser01?f93fef4b366823c15ff0613be9c2e146,,gx-no-cache=1520249086237 HTTP/1.1" 200 90
192.168.10.96 - - [05/Mar/2018:08:27:26 -0300] "GET /cormun/servlet/hpexe_link HTTP/1.1" 200 966
192.168.10.96 - - [05/Mar/2018:08:27:27 -0300] "GET /cormun/servlet/trsolicitudgral? HTTP/1.1" 200 11931
192.168.10.96 - - [05/Mar/2018:08:27:28 -0300] "GET /cormun/servlet/trsolicitudgral? HTTP/1.1" 200 11930
192.168.10.96 - - [05/Mar/2018:08:27:32 -0300] "GET /cormun/servlet/trsecurityuser01? HTTP/1.1" 200 7537
192.168.10.96 - - [05/Mar/2018:08:27:33 -0300] "GET /cormun/servlet/trsecurityuser01? HTTP/1.1" 200 7537
192.168.10.96 - - [05/Mar/2018:08:27:37 -0300] "POST /cormun/servlet/trsecurityuser01?f93fef4b366823c15ff0613be9c2e146,,gx-no-cache=1520249097520 HTTP/1.1" 200 10024
192.168.10.96 - - [05/Mar/2018:08:27:44 -0300] "GET /cormun/servlet/securityusers?UPD,50, HTTP/1.1" 200 7756
192.168.10.96 - - [05/Mar/2018:08:27:45 -0300] "GET /cormun/servlet/securityusers?UPD,50, HTTP/1.1" 200 7755
64.233.172.238 - - [05/Mar/2018:08:28:00 -0300] "GET /cormun/servlet/hlogin HTTP/1.1" 200 1721
64.233.172.240 - - [05/Mar/2018:08:28:01 -0300] "GET /cormun/servlet/hlogin?_escaped_fragment_= HTTP/1.1" 200 1718
64.233.172.238 - - [05/Mar/2018:08:28:01 -0300] "GET /favicon.ico HTTP/1.1" 200 21630
192.168.10.96 - - [05/Mar/2018:08:28:05 -0300] "GET /cormun/servlet/trsolicitudgral? HTTP/1.1" 200 11936
192.168.10.96 - - [05/Mar/2018:08:28:07 -0300] "GET /cormun/servlet/trsolicitudgral? HTTP/1.1" 200 11930
192.168.10.56 - - [05/Mar/2018:08:28:09 -0300] "GET /cormun/servlet/solicitudgral?UPD,2018,8071, HTTP/1.1" 200 12774
192.168.10.56 - - [05/Mar/2018:08:28:09 -0300] "GET /cormun/static/gxcfg.js?20181911354237 HTTP/1.1" 304 -
192.168.10.56 - - [05/Mar/2018:08:28:09 -0300] "GET /cormun/static/solicitudgral.js?20181911354326 HTTP/1.1" 304 -
192.168.10.56 - - [05/Mar/2018:08:28:10 -0300] "GET /cormun/servlet/solicitudgral?UPD,2018,8071, HTTP/1.1" 200 12783
192.168.10.56 - - [05/Mar/2018:08:28:10 -0300] "POST /cormun/servlet/solicitudgral?gx-no-cache=1520249130135 HTTP/1.1" 200 3911
192.168.10.56 - - [05/Mar/2018:08:28:10 -0300] "GET /cormun/servlet/solicitudgral?a8f7b51c7f4d8d8694df08cf00787bae661758d69b667062b133d3fac43437d09e57fcb5dccfc87b15dff302d03305839102c1e99d3959bf6a13ecd6153eaed537d75e35997ae53b4f728b2d0e795e3be20eddc4a6702178b13531df0859d2b5210d401128fb9df45e1e6bbf2e88f4548f931f62a03db1992792747e51e0e61f0faa45fb99a82a705459cf78f7577f3a6e61de68c707e5f64ca098aadd960cf3bf55abaee902980a15c6ce9a3d51efedd0ee437ff9a474e9a95860516c4dbd5dda6cd1c960fc5f4f741ed2141c3c833d0739fdce9eec62b5d9a901c6ef7ff5f1aaaf33b3428e82289fdd8568c8f9be58b55e02cc833a73bf46aa1e6aff69e395c4249277ccc87b359e058b86a6ee5f729e8d54ba00a22e5d2bdc3a1f6cbe472c914e4916008b66996b096915fc9873b2636923e7ae97cd5cc36cd42dd507a927e4c6851940679b8af72ed2141b14606f,gx-no-cache=1520249130373 HTTP/1.1" 200 256
192.168.10.56 - - [05/Mar/2018:08:28:13 -0300] "GET /cormun/servlet/solicitudgral?a8f7b51c7f4d8d8694df08cf00787bae54c1a85c75da45102808cbf32b42e45550157809bb5464bd79ec1af2952d8b2fc4249277ccc87b359e058b86a6ee5f72e4cb24d67d540fc2f2de6d86f894be9e5e832257a0a1cb1d286d17371b29145b8a604e44c655901dd684d227540f59ed0d21d81ef02406f1e07ebe059c4cc0ff6bd73b5000eb80da3a61f76efd9af2e1b787016b541d7c57ebdc4f07f9c06d498935d734c85e40e8f57489b457d7e813f9ed004bf605ea2c54a9e69f7f2ce8152054e0a9d9a8e1d19e37abe4ac9ebf0005d455ef5945669472d1a616568b9869a1a64c0adc1fd87a18b2c49421cbe510eb34698ccacfb9a7ae01ee3b543e296c37aadf72604cbf440e8b96d637f476e07c393a5cbb207e6a2661f0f58e70ff876feb96992df1020c2b7ff45ca6230a4dd558125768a04ab5bec2cb3df3a4149a6571387befe6a52d2ded727776d47297f44789382f5e0cc8edf41657130f03fd37aadf72604cbf440e8b96d637f476e01522907c5e2c5cee749d637b1084464d7d7c9790d3fc0eabb9cecee1dd3128eb992021916f5535a3d9e75d7fdcff66a832901a42c0e072c5e6ac09c5b7c4698f,gx-no-cache=1520249133512 HTTP/1.1" 200 48
192.168.10.56 - - [05/Mar/2018:08:28:16 -0300] "POST /cormun/servlet/solicitudgral?6a2d58be3f971983ca1b36d7722a7dcc,UPD,2018,8071,,gx-no-cache=1520249136082 HTTP/1.1" 200 11832
192.168.10.56 - - [05/Mar/2018:08:28:16 -0300] "GET /cormun/servlet/solicitudgral?a8f7b51c7f4d8d8694df08cf00787baea66d1ac518e47b9ea8956212a175e675013e6c3d47e0a8dd372eea3f271d1a1c36a0cc9a41efeec19e3332dd23d2b89bf17e3ba91c50406f78d493f695053fbb613aa48e6415e3b8b738741e91ad0f342052d1e916fed17aacba26a2c2faafea3ca9005780c4b6b9d5f4750290977c46bce22ba9cdc30b37324078afaf86defe5e729bfba51cb989a0da59b5668b7c5f97d1679b4571aaebd6ebebbe01a879591a7c686b8744bfb3ba6e0dd6cb65522542ece48129af0736063559d874a8beae,gx-no-cache=1520249136369 HTTP/1.1" 200 29
192.168.10.56 - - [05/Mar/2018:08:28:16 -0300] "POST /cormun/servlet/solicitudgral?gx-no-cache=1520249136385 HTTP/1.1" 200 1296
192.168.10.56 - - [05/Mar/2018:08:28:16 -0300] "POST /cormun/servlet/solicitudgral?gx-no-cache=1520249136437 HTTP/1.1" 200 1218
192.168.10.56 - - [05/Mar/2018:08:28:17 -0300] "POST /cormun/servlet/solicitudgral?6a2d58be3f971983ca1b36d7722a7dcc,UPD,2018,8071,,gx-no-cache=1520249136519 HTTP/1.1" 200 93
192.168.10.56 - - [05/Mar/2018:08:28:17 -0300] "GET /cormun/servlet/hpexe_return? HTTP/1.1" 200 1010
192.168.10.56 - - [05/Mar/2018:08:28:17 -0300] "GET /cormun/static/gxcfg.js?2016101716175148 HTTP/1.1" 304 -
192.168.10.56 - - [05/Mar/2018:08:28:17 -0300] "GET /cormun/servlet/trsolicitudgral? HTTP/1.1" 200 20370
192.168.10.96 - - [05/Mar/2018:08:28:17 -0300] "POST /cormun/servlet/trsolicitudgral?f93fef4b366823c15ff0613be9c2e146,,gx-no-cache=1520249137063 HTTP/1.1" 200 16241
192.168.10.56 - - [05/Mar/2018:08:28:18 -0300] "GET /cormun/servlet/trsolicitudgral? HTTP/1.1" 200 20366
192.168.10.96 - - [05/Mar/2018:08:28:23 -0300] "POST /cormun/servlet/trsolicitudgral?f93fef4b366823c15ff0613be9c2e146,,gx-no-cache=1520249142575 HTTP/1.1" 200 7293
192.168.10.56 - - [05/Mar/2018:08:28:23 -0300] "POST /cormun/servlet/trsolicitudgral?6a2d58be3f971983ca1b36d7722a7dcc,,gx-no-cache=1520249142499 HTTP/1.1" 200 7287
200.73.230.197 - - [05/Mar/2018:08:28:28 -0300] "GET /cormun/servlet/prbanco?,MD,,gxPopupLevel%3D0%3B HTTP/1.1" 200 6549
200.73.230.197 - - [05/Mar/2018:08:28:38 -0300] "GET /cormun/servlet/solicitudot?9dc0d6d568de467667df832d5c1922a0413eda4e6e94544bb8f53c70060447002d82f168fd465d1da0a6ce1235aec89773af48ed52c25b49fd07ce4a7ce8dda0,gx-no-cache=1520249272737 HTTP/1.1" 200 30
192.168.10.96 - - [05/Mar/2018:08:28:41 -0300] "POST /cormun/servlet/trsolicitudgral?f93fef4b366823c15ff0613be9c2e146,,gx-no-cache=1520249161549 HTTP/1.1" 200 7295
200.73.230.197 - - [05/Mar/2018:08:28:42 -0300] "GET /cormun/servlet/solicitudot?9dc0d6d568de467667df832d5c1922a0a2024422fd7d162ed25691f93a09f4e3,gx-no-cache=1520249276457 HTTP/1.1" 200 60
192.168.10.96 - - [05/Mar/2018:08:28:45 -0300] "POST /cormun/servlet/trsolicitudgral?f93fef4b366823c15ff0613be9c2e146,,gx-no-cache=1520249165550 HTTP/1.1" 200 5944
192.168.10.96 - - [05/Mar/2018:08:28:47 -0300] "POST /cormun/servlet/trsolicitudgral?f93fef4b366823c15ff0613be9c2e146,,gx-no-cache=1520249167331 HTTP/1.1" 200 5944
192.168.10.96 - - [05/Mar/2018:08:28:47 -0300] "POST /cormun/servlet/trsolicitudgral?f93fef4b366823c15ff0613be9c2e146,,gx-no-cache=1520249167531 HTTP/1.1" 200 5944
200.73.230.197 - - [05/Mar/2018:08:28:54 -0300] "POST /cormun/servlet/solicitudot?d98f96edfcf882439a743991686ed015,INS,0,0,,gx-no-cache=1520249288112 HTTP/1.1" 200 10488
200.73.230.197 - - [05/Mar/2018:08:28:54 -0300] "GET /cormun/static/Shared/jqueryui/images/ui-bg_highlight-soft_100_c6c2c8_1x100.png HTTP/1.1" 404 1117
200.73.230.197 - - [05/Mar/2018:08:28:54 -0300] "GET /cormun/static/Shared/jqueryui/images/ui-icons_82798d_256x240.png HTTP/1.1" 404 1089
200.73.230.197 - - [05/Mar/2018:08:28:54 -0300] "GET /cormun/static/Shared/jqueryui/images/ui-bg_flat_55_fafafa_40x100.png HTTP/1.1" 404 1097
200.73.230.197 - - [05/Mar/2018:08:28:54 -0300] "GET /cormun/static/Shared/jqueryui/images/ui-icons_8d78a5_256x240.png HTTP/1.1" 404 1089
200.73.230.197 - - [05/Mar/2018:08:29:04 -0300] "GET /cormun/servlet/solicitudot?9dc0d6d568de467667df832d5c1922a07efb7dfe209eb4d5cebb2a25cbf60bbd1502e0b9d0927a0a9aa5788efc4c4560,gx-no-cache=1520249299016 HTTP/1.1" 200 30
200.73.230.197 - - [05/Mar/2018:08:29:04 -0300] "GET /cormun/servlet/solicitudot?9dc0d6d568de467667df832d5c1922a0413eda4e6e94544bb8f53c70060447002d82f168fd465d1da0a6ce1235aec8971502e0b9d0927a0a9aa5788efc4c4560,gx-no-cache=1520249299159 HTTP/1.1" 200 30
200.73.230.197 - - [05/Mar/2018:08:29:05 -0300] "GET /cormun/servlet/solicitudot?9dc0d6d568de467667df832d5c1922a0ddc5cbcadb289a6a19f27fee532031127fe488e3044d48b361828f097901b25c07cb657ea97bc8ab9b48cba96a03a58600626cd9b98a81fe5f2a27fcebae7fe8,gx-no-cache=1520249299270 HTTP/1.1" 200 60
200.73.230.197 - - [05/Mar/2018:08:29:05 -0300] "POST /cormun/servlet/solicitudot?gx-no-cache=1520249299712 HTTP/1.1" 200 297
200.73.230.197 - - [05/Mar/2018:08:29:05 -0300] "GET /cormun/servlet/solicitudot?9dc0d6d568de467667df832d5c1922a0f604aac393d582afff57d52ea37e01544a632647f6290ee180fbb3294e4f498b50c72024af166d3db6bfa6f08adffd1d44d28d7dde200436d6aa4a14358f766e297d5dd950a8d94b33b44d65877bb265e467456aa26a4fc8bfe5cae79a5069dae877dbfac78424231c3bec6bb298c84752cefee3422c118961e36778527c6d7227250b649543d8053e7685d09cf3c1920c847aba19f522f75098a21960091089454778cff52cf59c79a1c4136c49fd15db2cb8aedc19c8489287868bfa059ef7a93cd8ed250a78a6b3b2f3381e98149ab8b5f78897acd361c326e130f6628f7fa3dec0b8a42673866e0bcc99b24d586c9af1147b8445e50ccb302a9b269d308fbba6eecdcbec313078b105d5d36573a0c00fe368d334231f24dbc8f8e288b8d9e2e5296c3009ff70fc00f3e1cab0c7e55354b41ca5dc632d2686d3d0b44e4695bc73f52fe33d1611f32562c1daf2c31084b379f1075d80e5a367ea23c57c19acba63913716918df53009cb6e81e80f2e27dfb9e9e85538f51cb4f6f6b3266057,gx-no-cache=1520249299900 HTTP/1.1" 200 30
192.168.10.56 - - [05/Mar/2018:08:29:07 -0300] "POST /cormun/servlet/trsolicitudgral?6a2d58be3f971983ca1b36d7722a7dcc,,gx-no-cache=1520249187273 HTTP/1.1" 200 6133
192.168.10.56 - - [05/Mar/2018:08:29:07 -0300] "GET /cormun/static/Shared/jqueryui/images/ui-bg_highlight-soft_100_c6c2c8_1x100.png HTTP/1.1" 404 1117
192.168.10.56 - - [05/Mar/2018:08:29:07 -0300] "GET /cormun/static/Shared/jqueryui/images/ui-icons_82798d_256x240.png HTTP/1.1" 404 1089
192.168.10.56 - - [05/Mar/2018:08:29:07 -0300] "GET /cormun/static/Shared/jqueryui/images/ui-icons_8d78a5_256x240.png HTTP/1.1" 404 1089
192.168.10.56 - - [05/Mar/2018:08:29:07 -0300] "GET /cormun/static/Shared/jqueryui/images/ui-bg_flat_55_fafafa_40x100.png HTTP/1.1" 404 1097
200.73.230.197 - - [05/Mar/2018:08:29:10 -0300] "POST /cormun/servlet/solicitudot?gx-no-cache=1520249304534 HTTP/1.1" 200 30
200.73.230.197 - - [05/Mar/2018:08:29:13 -0300] "POST /cormun/servlet/solicitudot?gx-no-cache=1520249307452 HTTP/1.1" 200 1337
200.73.230.197 - - [05/Mar/2018:08:29:13 -0300] "POST /cormun/servlet/solicitudot?gx-no-cache=1520249307701 HTTP/1.1" 200 38
192.168.10.96 - - [05/Mar/2018:08:29:14 -0300] "POST /cormun/servlet/trsolicitudgral?f93fef4b366823c15ff0613be9c2e146,,gx-no-cache=1520249194077 HTTP/1.1" 200 7295
192.168.10.56 - - [05/Mar/2018:08:29:18 -0300] "GET /cormun/servlet/hlogin HTTP/1.1" 200 1738
192.168.10.56 - - [05/Mar/2018:08:29:23 -0300] "POST /cormun/servlet/hlogin?6a2d58be3f971983ca1b36d7722a7dcc,gx-no-cache=1520249203243 HTTP/1.1" 200 90
192.168.10.56 - - [05/Mar/2018:08:29:23 -0300] "GET /cormun/servlet/hpexe_link HTTP/1.1" 200 947
192.168.10.56 - - [05/Mar/2018:08:29:23 -0300] "GET /cormun/servlet/hhome HTTP/1.1" 200 3817
192.168.10.56 - - [05/Mar/2018:08:29:24 -0300] "GET /cormun/servlet/hhome HTTP/1.1" 200 3815
192.168.10.56 - - [05/Mar/2018:08:29:26 -0300] "GET /cormun/servlet/trautorizarot? HTTP/1.1" 200 8142
192.168.10.56 - - [05/Mar/2018:08:29:26 -0300] "GET /cormun/static/gxcfg.js?201711151294486 HTTP/1.1" 304 -
192.168.10.56 - - [05/Mar/2018:08:29:26 -0300] "GET /cormun/servlet/trautorizarot? HTTP/1.1" 200 8141
192.168.10.56 - - [05/Mar/2018:08:29:28 -0300] "GET /cormun/static/menuarrow.gif HTTP/1.1" 404 1015
192.168.10.56 - - [05/Mar/2018:08:29:35 -0300] "POST /cormun/servlet/trautorizarot?6a2d58be3f971983ca1b36d7722a7dcc,,gx-no-cache=1520249215301 HTTP/1.1" 200 6519
192.168.10.56 - - [05/Mar/2018:08:29:39 -0300] "POST /cormun/servlet/trautorizarot?6a2d58be3f971983ca1b36d7722a7dcc,,gx-no-cache=1520249219526 HTTP/1.1" 200 5335
192.168.10.56 - - [05/Mar/2018:08:29:47 -0300] "POST /cormun/servlet/trautorizarot?6a2d58be3f971983ca1b36d7722a7dcc,,gx-no-cache=1520249226747 HTTP/1.1" 200 5168
192.168.10.56 - - [05/Mar/2018:08:29:50 -0300] "GET /cormun/servlet/hlogin HTTP/1.1" 200 1736
200.73.230.197 - - [05/Mar/2018:08:30:08 -0300] "GET /cormun/servlet/solicitudot?9dc0d6d568de467667df832d5c1922a030263250ce70986a926b9b977a8519243475525c8b0a824dd5c0aed3ac4251355d46da95fb0dd92c8dc7a2472a60ba843c1cc21ee497001f92c404c204c0de2ced9392161a74c7a5e4f8d650f6e6cd2c72aad6f506e65a3550c3b17653d15406,gx-no-cache=1520249362832 HTTP/1.1" 200 29
200.73.230.197 - - [05/Mar/2018:08:30:08 -0300] "POST /cormun/servlet/solicitudot?gx-no-cache=1520249363140 HTTP/1.1" 200 1319
200.73.230.197 - - [05/Mar/2018:08:30:09 -0300] "POST /cormun/servlet/solicitudot?gx-no-cache=1520249363279 HTTP/1.1" 200 1218
200.73.230.197 - - [05/Mar/2018:08:30:09 -0300] "GET /cormun/static/menuarrow.gif HTTP/1.1" 404 1015
200.73.230.197 - - [05/Mar/2018:08:30:11 -0300] "POST /cormun/servlet/solicitudot?gx-no-cache=1520249365827 HTTP/1.1" 200 1319
200.73.230.197 - - [05/Mar/2018:08:30:11 -0300] "POST /cormun/servlet/solicitudot?gx-no-cache=1520249366008 HTTP/1.1" 200 1218
200.73.230.197 - - [05/Mar/2018:08:30:14 -0300] "GET /cormun/servlet/solicitudot?9dc0d6d568de467667df832d5c1922a08688077bb2925fbf2b1ebc4c923ca17c954d7e1de97b5ee4b13b461a0b4c5455,gx-no-cache=1520249368385 HTTP/1.1" 200 30
200.73.230.197 - - [05/Mar/2018:08:30:28 -0300] "POST /cormun/servlet/solicitudot?gx-no-cache=1520249382574 HTTP/1.1" 200 30
200.73.230.197 - - [05/Mar/2018:08:30:44 -0300] "POST /cormun/servlet/solicitudot?d98f96edfcf882439a743991686ed015,INS,0,0,,gx-no-cache=1520249397220 HTTP/1.1" 200 93
200.73.230.197 - - [05/Mar/2018:08:30:44 -0300] "GET /cormun/servlet/hpexe_return? HTTP/1.1" 200 1005
200.73.230.197 - - [05/Mar/2018:08:30:45 -0300] "GET /cormun/servlet/trsolicitudot HTTP/1.1" 200 8866
200.73.230.197 - - [05/Mar/2018:08:30:47 -0300] "GET /cormun/servlet/trsolicitudot HTTP/1.1" 200 8862
200.73.230.197 - - [05/Mar/2018:08:31:41 -0300] "POST /cormun/servlet/trsolicitudot?d98f96edfcf882439a743991686ed015,gx-no-cache=1520249455194 HTTP/1.1" 200 5639
200.73.230.197 - - [05/Mar/2018:08:31:41 -0300] "GET /cormun/static/Shared/jqueryui/images/ui-bg_highlight-soft_100_c6c2c8_1x100.png HTTP/1.1" 404 1117
200.73.230.197 - - [05/Mar/2018:08:31:41 -0300] "GET /cormun/static/Shared/jqueryui/images/ui-bg_flat_55_fafafa_40x100.png HTTP/1.1" 404 1097
200.73.230.197 - - [05/Mar/2018:08:31:41 -0300] "GET /cormun/static/Shared/jqueryui/images/ui-icons_82798d_256x240.png HTTP/1.1" 404 1089
200.73.230.197 - - [05/Mar/2018:08:31:41 -0300] "GET /cormun/static/Shared/jqueryui/images/ui-icons_8d78a5_256x240.png HTTP/1.1" 404 1089
200.73.230.197 - - [05/Mar/2018:08:31:42 -0300] "POST /cormun/servlet/trsolicitudot?d98f96edfcf882439a743991686ed015,gx-no-cache=1520249456013 HTTP/1.1" 200 5582
200.73.230.197 - - [05/Mar/2018:08:31:44 -0300] "POST /cormun/servlet/trsolicitudot?d98f96edfcf882439a743991686ed015,gx-no-cache=1520249458539 HTTP/1.1" 200 5822
200.73.230.197 - - [05/Mar/2018:08:32:11 -0300] "POST /cormun/servlet/trsolicitudot?d98f96edfcf882439a743991686ed015,gx-no-cache=1520249485570 HTTP/1.1" 200 106
200.73.230.197 - - [05/Mar/2018:08:32:11 -0300] "GET /cormun/servlet/trsolicitudadjuntos?2018,9966, HTTP/1.1" 200 6017
200.73.230.197 - - [05/Mar/2018:08:32:12 -0300] "GET /cormun/static/calendar-system.css?75620 HTTP/1.1" 200 5572
200.73.230.197 - - [05/Mar/2018:08:32:12 -0300] "GET /cormun/static/gxcfg.js?20177612135366 HTTP/1.1" 200 953
200.73.230.197 - - [05/Mar/2018:08:32:12 -0300] "GET /cormun/static/trsolicitudadjuntos.js?20177612135632 HTTP/1.1" 200 17922
200.73.230.197 - - [05/Mar/2018:08:32:13 -0300] "GET /cormun/servlet/trsolicitudadjuntos?2018,9966, HTTP/1.1" 200 6017
200.73.230.197 - - [05/Mar/2018:08:32:16 -0300] "GET /cormun/servlet/solicitudotadjuntos?INS,2018,9966,,2, HTTP/1.1" 200 5964
200.73.230.197 - - [05/Mar/2018:08:32:17 -0300] "GET /cormun/static/gxcfg.js?2017761244068 HTTP/1.1" 200 953
200.73.230.197 - - [05/Mar/2018:08:32:17 -0300] "GET /cormun/static/solicitudotadjuntos.js?2017761244086 HTTP/1.1" 200 11771
200.73.230.197 - - [05/Mar/2018:08:32:17 -0300] "GET /cormun/static/about:blank HTTP/1.1" 404 1011
200.73.230.197 - - [05/Mar/2018:08:32:18 -0300] "GET /cormun/servlet/solicitudotadjuntos?INS,2018,9966,,2, HTTP/1.1" 200 5957
200.73.230.197 - - [05/Mar/2018:08:32:18 -0300] "GET /cormun/servlet/solicitudotadjuntos?9dc0d6d568de467667df832d5c1922a00e18b9faa93325efc3f446c6553e200e3cdcc8982bdf99edebf49dd908bb4a40,gx-no-cache=1520249493041 HTTP/1.1" 200 30
200.73.230.197 - - [05/Mar/2018:08:32:19 -0300] "POST /cormun/servlet/solicitudotadjuntos?d98f96edfcf882439a743991686ed015,INS,2018,9966,,2,,gx-no-cache=1520249493224 HTTP/1.1" 200 4001
186.103.159.188 - - [05/Mar/2018:08:32:29 -0300] "GET /cormun/servlet/hlogin HTTP/1.1" 200 1722
186.103.159.188 - - [05/Mar/2018:08:32:29 -0300] "GET /cormun/static/gxtimezone.js?85251 HTTP/1.1" 304 -
186.103.159.188 - - [05/Mar/2018:08:32:29 -0300] "GET /cormun/static/gxcfg.js?20175251213516 HTTP/1.1" 304 -
186.103.159.188 - - [05/Mar/2018:08:32:29 -0300] "GET /cormun/static/messages.spa.js?85251 HTTP/1.1" 304 -
186.103.159.188 - - [05/Mar/2018:08:32:30 -0300] "GET /cormun/servlet/hlogin HTTP/1.1" 200 1726
190.161.236.41 - - [05/Mar/2018:08:32:59 -0300] "POST /cormun/servlet/hlogin?766fe475c8a6696eb592f5e28ba39b41,gx-no-cache=1520249534159 HTTP/1.1" 200 90
190.161.236.41 - - [05/Mar/2018:08:32:59 -0300] "GET /cormun/servlet/hpexe_link HTTP/1.1" 200 947
190.161.236.41 - - [05/Mar/2018:08:32:59 -0300] "GET /cormun/static/gxcfg.js?20177612121792 HTTP/1.1" 304 -
190.161.236.41 - - [05/Mar/2018:08:32:59 -0300] "GET /cormun/servlet/hhome HTTP/1.1" 200 4131
190.161.236.41 - - [05/Mar/2018:08:32:59 -0300] "GET /cormun/static/gxcfg.js?20175251212442 HTTP/1.1" 304 -
190.161.236.41 - - [05/Mar/2018:08:33:00 -0300] "GET /cormun/servlet/hhome HTTP/1.1" 200 4128
190.161.236.41 - - [05/Mar/2018:08:33:04 -0300] "GET /cormun/servlet/trsolicitudot? HTTP/1.1" 200 9127
190.161.236.41 - - [05/Mar/2018:08:33:04 -0300] "GET /cormun/static/calendar-es.js?85251 HTTP/1.1" 304 -
190.161.236.41 - - [05/Mar/2018:08:33:04 -0300] "GET /cormun/static/calendar-setup.js?85251 HTTP/1.1" 304 -
190.161.236.41 - - [05/Mar/2018:08:33:04 -0300] "GET /cormun/static/gxcfg.js?2017111422585916 HTTP/1.1" 304 -
186.103.159.188 - - [05/Mar/2018:08:33:04 -0300] "GET /cormun/static/calendar.js?85251 HTTP/1.1" 304 -
190.161.236.41 - - [05/Mar/2018:08:33:04 -0300] "GET /cormun/static/gxdec.js?85251 HTTP/1.1" 304 -
190.161.236.41 - - [05/Mar/2018:08:33:05 -0300] "GET /cormun/servlet/trsolicitudot? HTTP/1.1" 200 9123
200.73.230.197 - - [05/Mar/2018:08:33:13 -0300] "POST /cormun/servlet/solicitudotadjuntos?d98f96edfcf882439a743991686ed015,INS,2018,9966,,2,,gx-no-cache=1520249547039 HTTP/1.1" 200 93
200.73.230.197 - - [05/Mar/2018:08:33:13 -0300] "GET /cormun/servlet/hpexe_return? HTTP/1.1" 200 1024
200.73.230.197 - - [05/Mar/2018:08:33:14 -0300] "GET /cormun/servlet/trsolicitudadjuntos?2018,9966, HTTP/1.1" 200 6021
200.73.230.197 - - [05/Mar/2018:08:33:15 -0300] "GET /cormun/servlet/trsolicitudadjuntos?2018,9966, HTTP/1.1" 200 6017
200.73.230.197 - - [05/Mar/2018:08:33:33 -0300] "GET /cormun/servlet/hlogin HTTP/1.1" 200 1723
200.73.230.197 - - [05/Mar/2018:08:33:46 -0300] "POST /cormun/servlet/hlogin?c20998c4c1e8b9f6d034f59d2cad2270,gx-no-cache=1520249580513 HTTP/1.1" 200 90
200.73.230.197 - - [05/Mar/2018:08:33:46 -0300] "GET /cormun/servlet/hpexe_link HTTP/1.1" 200 954
200.73.230.197 - - [05/Mar/2018:08:33:46 -0300] "GET /cormun/servlet/hhome HTTP/1.1" 200 3921
200.73.230.197 - - [05/Mar/2018:08:33:48 -0300] "GET /cormun/servlet/hhome HTTP/1.1" 200 3917
200.73.230.197 - - [05/Mar/2018:08:33:51 -0300] "GET /cormun/servlet/trsolicitudot? HTTP/1.1" 200 8477
200.73.230.197 - - [05/Mar/2018:08:33:53 -0300] "GET /cormun/servlet/trsolicitudot? HTTP/1.1" 200 8474
192.168.10.56 - - [05/Mar/2018:08:33:53 -0300] "POST /cormun/servlet/hlogin?6a2d58be3f971983ca1b36d7722a7dcc,gx-no-cache=1520249473369 HTTP/1.1" 200 90
192.168.10.56 - - [05/Mar/2018:08:33:53 -0300] "GET /cormun/servlet/hpexe_link HTTP/1.1" 200 947
192.168.10.56 - - [05/Mar/2018:08:33:53 -0300] "GET /cormun/servlet/hhome HTTP/1.1" 200 4463
192.168.10.56 - - [05/Mar/2018:08:33:54 -0300] "GET /cormun/servlet/hhome HTTP/1.1" 200 4460
192.168.10.56 - - [05/Mar/2018:08:33:56 -0300] "GET /cormun/servlet/trsolicitudgral? HTTP/1.1" 200 8978
192.168.10.56 - - [05/Mar/2018:08:33:57 -0300] "GET /cormun/servlet/trsolicitudgral? HTTP/1.1" 200 8977
200.73.230.197 - - [05/Mar/2018:08:33:58 -0300] "POST /cormun/servlet/trsolicitudot?c20998c4c1e8b9f6d034f59d2cad2270,,gx-no-cache=1520249591999 HTTP/1.1" 200 106
200.73.230.197 - - [05/Mar/2018:08:33:58 -0300] "GET /cormun/servlet/trsolicitudadjuntos?2018,9966, HTTP/1.1" 200 6021
200.73.230.197 - - [05/Mar/2018:08:34:00 -0300] "GET /cormun/servlet/trsolicitudadjuntos?2018,9966, HTTP/1.1" 200 6021
200.73.230.197 - - [05/Mar/2018:08:34:02 -0300] "GET /cormun/servlet/solicitudotadjuntos?INS,2018,9966,,2, HTTP/1.1" 200 5968
200.73.230.197 - - [05/Mar/2018:08:34:02 -0300] "GET /cormun/static/about:blank HTTP/1.1" 404 1011
200.73.230.197 - - [05/Mar/2018:08:34:03 -0300] "GET /cormun/servlet/solicitudotadjuntos?INS,2018,9966,,2, HTTP/1.1" 200 5962
200.73.230.197 - - [05/Mar/2018:08:34:04 -0300] "GET /cormun/servlet/solicitudotadjuntos?dbaa3aa44d820861dcb1be70bd0d974b17dafa4952cfea8beb3e86e412155edc4326766470349dfa752a09d509c3d601,gx-no-cache=1520249598582 HTTP/1.1" 200 30
200.73.230.197 - - [05/Mar/2018:08:34:04 -0300] "POST /cormun/servlet/solicitudotadjuntos?c20998c4c1e8b9f6d034f59d2cad2270,INS,2018,9966,,2,,gx-no-cache=1520249598716 HTTP/1.1" 200 4003
186.103.159.188 - - [05/Mar/2018:08:34:06 -0300] "GET /cormun/static/menuarrow.gif HTTP/1.1" 404 1015
192.168.10.56 - - [05/Mar/2018:08:34:06 -0300] "POST /cormun/servlet/trsolicitudgral?6a2d58be3f971983ca1b36d7722a7dcc,,gx-no-cache=1520249485115 HTTP/1.1" 200 21311
200.73.230.197 - - [05/Mar/2018:08:34:09 -0300] "POST /cormun/servlet/solicitudotadjuntos?gx-no-cache=1520249603678 HTTP/1.1" 200 26
192.168.10.56 - - [05/Mar/2018:08:34:12 -0300] "POST /cormun/servlet/trsolicitudgral?6a2d58be3f971983ca1b36d7722a7dcc,,gx-no-cache=1520249491761 HTTP/1.1" 200 21001
192.168.10.56 - - [05/Mar/2018:08:34:13 -0300] "GET /cormun/static/Shared/jqueryui/images/ui-bg_highlight-soft_100_c6c2c8_1x100.png HTTP/1.1" 404 1117
192.168.10.56 - - [05/Mar/2018:08:34:13 -0300] "GET /cormun/static/Shared/jqueryui/images/ui-icons_82798d_256x240.png HTTP/1.1" 404 1089
192.168.10.56 - - [05/Mar/2018:08:34:13 -0300] "GET /cormun/static/Shared/jqueryui/images/ui-bg_flat_55_fafafa_40x100.png HTTP/1.1" 404 1097
192.168.10.56 - - [05/Mar/2018:08:34:13 -0300] "GET /cormun/static/Shared/jqueryui/images/ui-icons_8d78a5_256x240.png HTTP/1.1" 404 1089
186.103.159.188 - - [05/Mar/2018:08:34:25 -0300] "POST /cormun/servlet/trsolicitudot?766fe475c8a6696eb592f5e28ba39b41,,gx-no-cache=1520249620159 HTTP/1.1" 200 4471
192.168.10.56 - - [05/Mar/2018:08:34:35 -0300] "POST /cormun/servlet/trsolicitudgral?6a2d58be3f971983ca1b36d7722a7dcc,,gx-no-cache=1520249514337 HTTP/1.1" 200 19947
186.103.159.188 - - [05/Mar/2018:08:34:47 -0300] "POST /cormun/servlet/trsolicitudot?766fe475c8a6696eb592f5e28ba39b41,,gx-no-cache=1520249641750 HTTP/1.1" 200 4478
192.168.10.56 - - [05/Mar/2018:08:34:51 -0300] "POST /cormun/servlet/trsolicitudgral?6a2d58be3f971983ca1b36d7722a7dcc,,gx-no-cache=1520249530458 HTTP/1.1" 200 19206
186.103.159.188 - - [05/Mar/2018:08:34:57 -0300] "GET /cormun/servlet/trsolicitudot? HTTP/1.1" 200 7355
186.103.159.188 - - [05/Mar/2018:08:34:57 -0300] "GET /cormun/servlet/trsolicitudot? HTTP/1.1" 200 7355
186.103.159.188 - - [05/Mar/2018:08:35:03 -0300] "GET /cormun/servlet/trsolicitudot? HTTP/1.1" 200 7355
186.103.159.188 - - [05/Mar/2018:08:35:03 -0300] "GET /cormun/servlet/trsolicitudot? HTTP/1.1" 200 7355
192.168.10.56 - - [05/Mar/2018:08:35:24 -0300] "POST /cormun/servlet/trsolicitudgral?6a2d58be3f971983ca1b36d7722a7dcc,,gx-no-cache=1520249563271 HTTP/1.1" 200 18410
186.103.159.188 - - [05/Mar/2018:08:35:51 -0300] "GET /cormun/servlet/hlogin HTTP/1.1" 200 1722
192.168.10.89 - - [05/Mar/2018:08:35:53 -0300] "GET /cormun/servlet/hlogin HTTP/1.1" 200 1720
192.168.10.89 - - [05/Mar/2018:08:35:54 -0300] "GET /cormun/static/gxtimezone.js?85251 HTTP/1.1" 304 -
192.168.10.89 - - [05/Mar/2018:08:35:54 -0300] "GET /cormun/static/gxcfg.js?20175251213516 HTTP/1.1" 304 -
192.168.10.89 - - [05/Mar/2018:08:35:54 -0300] "GET /cormun/static/Resources/ComunLogin.png HTTP/1.1" 200 17326
192.168.10.89 - - [05/Mar/2018:08:35:54 -0300] "GET /cormun/static/messages.spa.js?85251 HTTP/1.1" 304 -
192.168.10.89 - - [05/Mar/2018:08:35:54 -0300] "GET /cormun/static/Resources/indicator.gif HTTP/1.1" 200 1553
192.168.10.89 - - [05/Mar/2018:08:35:54 -0300] "GET /cormun/servlet/hlogin HTTP/1.1" 200 1731
192.168.10.89 - - [05/Mar/2018:08:35:54 -0300] "GET /cormun/static/Resources/PXToolsLoginBackground.png HTTP/1.1" 200 1164
192.168.10.89 - - [05/Mar/2018:08:35:54 -0300] "GET /cormun/static/Resources/PXToolsLoginTop.png HTTP/1.1" 200 1337
192.168.10.89 - - [05/Mar/2018:08:35:54 -0300] "GET /cormun/static/Resources/PXToolsLoginBottom.png HTTP/1.1" 200 1389
192.168.10.56 - - [05/Mar/2018:08:35:58 -0300] "GET /cormun/servlet/hlogin HTTP/1.1" 200 1738
186.103.159.188 - - [05/Mar/2018:08:36:01 -0300] "POST /cormun/servlet/hlogin?766fe475c8a6696eb592f5e28ba39b41,gx-no-cache=1520249716791 HTTP/1.1" 200 90
192.168.10.56 - - [05/Mar/2018:08:36:02 -0300] "POST /cormun/servlet/hlogin?6a2d58be3f971983ca1b36d7722a7dcc,gx-no-cache=1520249601896 HTTP/1.1" 200 90
192.168.10.56 - - [05/Mar/2018:08:36:02 -0300] "GET /cormun/servlet/hpexe_link HTTP/1.1" 200 947
192.168.10.56 - - [05/Mar/2018:08:36:02 -0300] "GET /cormun/servlet/hhome HTTP/1.1" 200 3817
192.168.10.56 - - [05/Mar/2018:08:36:02 -0300] "GET /cormun/servlet/hhome HTTP/1.1" 200 3815
186.103.159.188 - - [05/Mar/2018:08:36:03 -0300] "GET /cormun/servlet/hpexe_link HTTP/1.1" 200 952
186.103.159.188 - - [05/Mar/2018:08:36:03 -0300] "GET /cormun/servlet/trsolicitudot HTTP/1.1" 200 7356
186.103.159.188 - - [05/Mar/2018:08:36:04 -0300] "GET /cormun/servlet/trsolicitudot HTTP/1.1" 200 7355
192.168.10.89 - - [05/Mar/2018:08:36:04 -0300] "POST /cormun/servlet/hlogin?82a5d372e7df397d62e7f4de7527a758,gx-no-cache=1520249607280 HTTP/1.1" 200 90
192.168.10.89 - - [05/Mar/2018:08:36:04 -0300] "GET /cormun/servlet/hpexe_link HTTP/1.1" 200 953
192.168.10.89 - - [05/Mar/2018:08:36:05 -0300] "GET /cormun/static/gxcfg.js?20177612121792 HTTP/1.1" 304 -
192.168.10.89 - - [05/Mar/2018:08:36:05 -0300] "GET /cormun/servlet/hhome HTTP/1.1" 200 4923
192.168.10.56 - - [05/Mar/2018:08:36:05 -0300] "GET /cormun/servlet/trautorizarot? HTTP/1.1" 200 11999
192.168.10.89 - - [05/Mar/2018:08:36:05 -0300] "GET /cormun/static/gxcfg.js?20175251212442 HTTP/1.1" 304 -
192.168.10.89 - - [05/Mar/2018:08:36:05 -0300] "GET /cormun/static/Resources/PXToolsHeaderActionsLeft.png HTTP/1.1" 200 1118
192.168.10.89 - - [05/Mar/2018:08:36:05 -0300] "GET /cormun/static/Resources/PXToolsHeaderHome.png HTTP/1.1" 200 4147
192.168.10.89 - - [05/Mar/2018:08:36:05 -0300] "GET /cormun/static/Resources/PXToolsHeaderLogin.png HTTP/1.1" 200 4279
192.168.10.89 - - [05/Mar/2018:08:36:05 -0300] "GET /cormun/static/Resources/PXToolsHeaderPreferences.png HTTP/1.1" 200 4189
192.168.10.89 - - [05/Mar/2018:08:36:05 -0300] "GET /cormun/static/Resources/PXToolsHeaderSecurity.png HTTP/1.1" 200 4166
192.168.10.89 - - [05/Mar/2018:08:36:05 -0300] "GET /cormun/static/Resources/PXToolsHeaderActionsRight.png HTTP/1.1" 200 1201
192.168.10.89 - - [05/Mar/2018:08:36:05 -0300] "GET /cormun/static/scaMessage/scaMessageRender.js HTTP/1.1" 200 11977
192.168.10.56 - - [05/Mar/2018:08:36:05 -0300] "GET /cormun/servlet/trautorizarot? HTTP/1.1" 200 11997
192.168.10.89 - - [05/Mar/2018:08:36:06 -0300] "GET /cormun/static/Resources/PXToolsHeaderActionsBackground.png HTTP/1.1" 200 484
192.168.10.89 - - [05/Mar/2018:08:36:06 -0300] "GET /cormun/static/Resources/PXToolsDataTitle.png HTTP/1.1" 200 1173
190.161.236.41 - - [05/Mar/2018:08:36:07 -0300] "GET /cormun/servlet/trsolicitudot? HTTP/1.1" 200 7355
190.161.236.41 - - [05/Mar/2018:08:36:07 -0300] "GET /cormun/servlet/trsolicitudot? HTTP/1.1" 200 7355
192.168.10.89 - - [05/Mar/2018:08:36:11 -0300] "GET /cormun/servlet/trsolicitudgral? HTTP/1.1" 200 28428
192.168.10.89 - - [05/Mar/2018:08:36:11 -0300] "GET /cormun/static/gxcfg.js?201813119461163 HTTP/1.1" 304 -
192.168.10.89 - - [05/Mar/2018:08:36:11 -0300] "GET /cormun/static/calendar-setup.js?85251 HTTP/1.1" 304 -
192.168.10.89 - - [05/Mar/2018:08:36:11 -0300] "GET /cormun/static/calendar-es.js?85251 HTTP/1.1" 304 -
192.168.10.89 - - [05/Mar/2018:08:36:11 -0300] "GET /cormun/static/calendar.js?85251 HTTP/1.1" 304 -
192.168.10.89 - - [05/Mar/2018:08:36:11 -0300] "GET /cormun/static/Resources/PXToolsDataSearch.png HTTP/1.1" 200 419
192.168.10.89 - - [05/Mar/2018:08:36:11 -0300] "GET /cormun/static/Resources/PXToolsGridPage.gif HTTP/1.1" 200 725
192.168.10.89 - - [05/Mar/2018:08:36:11 -0300] "GET /cormun/static/Resources/PXToolsActionExcel.png HTTP/1.1" 200 3187
192.168.10.89 - - [05/Mar/2018:08:36:11 -0300] "GET /cormun/static/Resources/PXToolsRemoveAllStandardAction.png HTTP/1.1" 200 495
192.168.10.89 - - [05/Mar/2018:08:36:11 -0300] "GET /cormun/static/Resources/PXToolsAddAllStandardAction.png HTTP/1.1" 200 628
192.168.10.89 - - [05/Mar/2018:08:36:11 -0300] "GET /cormun/static/gxdec.js?85251 HTTP/1.1" 304 -
192.168.10.89 - - [05/Mar/2018:08:36:11 -0300] "GET /cormun/static/trsolicitudgral.js?201813119462015 HTTP/1.1" 304 -
192.168.10.89 - - [05/Mar/2018:08:36:12 -0300] "GET /cormun/static/Resources/asc.gif HTTP/1.1" 200 67
192.168.10.89 - - [05/Mar/2018:08:36:12 -0300] "GET /cormun/static/Resources/desc.gif HTTP/1.1" 200 65
192.168.10.89 - - [05/Mar/2018:08:36:12 -0300] "GET /cormun//static/Resources/PXToolsGridUpdate.png HTTP/1.1" 200 2984
192.168.10.89 - - [05/Mar/2018:08:36:12 -0300] "GET /cormun//static/Resources/PXToolsGridDelete.png HTTP/1.1" 200 357
192.168.10.56 - - [05/Mar/2018:08:36:14 -0300] "POST /cormun/servlet/trautorizarot?6a2d58be3f971983ca1b36d7722a7dcc,,gx-no-cache=1520249613561 HTTP/1.1" 200 5336
192.168.10.89 - - [05/Mar/2018:08:36:23 -0300] "POST /cormun/servlet/trsolicitudgral?82a5d372e7df397d62e7f4de7527a758,,gx-no-cache=1520249625010 HTTP/1.1" 200 17694
190.161.236.41 - - [05/Mar/2018:08:36:32 -0300] "POST /cormun/servlet/trsolicitudot?766fe475c8a6696eb592f5e28ba39b41,,gx-no-cache=1520249746029 HTTP/1.1" 200 4477
192.168.10.89 - - [05/Mar/2018:08:36:39 -0300] "POST /cormun/servlet/trsolicitudgral?82a5d372e7df397d62e7f4de7527a758,,gx-no-cache=1520249641498 HTTP/1.1" 200 5925
192.168.10.89 - - [05/Mar/2018:08:36:44 -0300] "POST /cormun/servlet/trsolicitudgral?82a5d372e7df397d62e7f4de7527a758,,gx-no-cache=1520249646065 HTTP/1.1" 200 17696
190.161.236.41 - - [05/Mar/2018:08:36:45 -0300] "POST /cormun/servlet/trsolicitudot?766fe475c8a6696eb592f5e28ba39b41,,gx-no-cache=1520249760796 HTTP/1.1" 200 4480
190.161.236.41 - - [05/Mar/2018:08:36:49 -0300] "POST /cormun/servlet/trsolicitudot?766fe475c8a6696eb592f5e28ba39b41,,gx-no-cache=1520249764149 HTTP/1.1" 200 4480
192.168.10.56 - - [05/Mar/2018:08:36:53 -0300] "GET /cormun/servlet/hlogin HTTP/1.1" 200 1736
192.168.10.89 - - [05/Mar/2018:08:37:11 -0300] "POST /cormun/servlet/trsolicitudgral?82a5d372e7df397d62e7f4de7527a758,,gx-no-cache=1520249673889 HTTP/1.1" 200 5931
