200.111.122.170 - - [05/Mar/2018:09:47:36 -0300] "GET /cormun/servlet/solicitudot?615c66ac13f2e342cd0c75cc0fd8ece2a15177655694837cadea4ef18ea403de9e7e80914dce133eba6be3fb20f4aeb6,gx-no-cache=1520254011228 HTTP/1.1" 200 30
200.111.122.170 - - [05/Mar/2018:09:47:37 -0300] "GET /cormun/servlet/solicitudot?615c66ac13f2e342cd0c75cc0fd8ece2196284198836d0cc73a0f0a5cc707d2b7669e8e54331948428edb8e6a4fdb64f9e7e80914dce133eba6be3fb20f4aeb6,gx-no-cache=1520254011385 HTTP/1.1" 200 30
200.111.122.170 - - [05/Mar/2018:09:47:37 -0300] "GET /cormun/servlet/trsolicitudadjuntos?2018,9979, HTTP/1.1" 200 8691
200.111.122.170 - - [05/Mar/2018:09:47:37 -0300] "GET /cormun/servlet/solicitudot?615c66ac13f2e342cd0c75cc0fd8ece2e2b8a769315deb85367c0bad017dc6f1,gx-no-cache=1520254011610 HTTP/1.1" 200 53
200.111.122.170 - - [05/Mar/2018:09:47:41 -0300] "GET /cormun/servlet/solicitudotadjuntos?INS,2018,9979,,1, HTTP/1.1" 200 6234
192.168.10.89 - - [05/Mar/2018:09:47:42 -0300] "GET /cormun/servlet/vesolicitudgral?2018,8721,,SolicitudOTAdjuntos HTTP/1.1" 200 11501
192.168.10.89 - - [05/Mar/2018:09:47:42 -0300] "GET /cormun/pexe_scrolldiv.js HTTP/1.1" 404 1009
200.111.122.170 - - [05/Mar/2018:09:47:42 -0300] "GET /cormun/static/about:blank HTTP/1.1" 404 1011
200.111.122.170 - - [05/Mar/2018:09:47:42 -0300] "POST /cormun/servlet/solicitudot?gx-no-cache=1520254017100 HTTP/1.1" 200 255
200.111.122.170 - - [05/Mar/2018:09:47:42 -0300] "GET /cormun/servlet/solicitudot?615c66ac13f2e342cd0c75cc0fd8ece2afb467dd11e997f9c482d318960cd57e95ee5cf7a963121c96a7c7f04a049cc214206e592114b2780e740719f13e9e894f71767d7ceec3cb2191a1bc74ebd8b2cae0830a159bcb1180ec42d013ae66f5c6a11f8925a1e6c281e3019f80510df012a7d56a7ff01f528a77b741d1474713e552dfc8b3f71c9b51c8bfbb054e4b1033818b639f1c86c209e5ad5900610f5580fd53c6e8f26365abc88250d9aff7b68a907c633729b50016c82a76ce733cd5607ed0191609c0539763c6a23e06be6929fdc59869df7ea06c5c3db21f36d1d933f124b5ca2440c2fb88434679b674147bc7e166aae2d334516b21b4a052c9385af8d79b84f50c0b551d6a3d819acaf8a78e00e5ebd0522ed158c3f7e4628a9e894b51c4fa89bc9d78142158937e9937609a8214d21356777079c816a3f8feaa2ff3bed2d934e53c5081248837b3d723329fb759e6ee20a05f5f74ce8cd25e535b906df8cb90b447c1389cfa582378eae27038c1041cff6535dce165094462b4,gx-no-cache=1520254017200 HTTP/1.1" 200 30
200.72.197.82 - - [05/Mar/2018:09:47:42 -0300] "GET /cormun/servlet/solicitudotadjuntos?INS,2018,9979,,1, HTTP/1.1" 200 6228
200.111.122.170 - - [05/Mar/2018:09:47:43 -0300] "GET /cormun/servlet/solicitudotadjuntos?ab225b9d4dcfbefa68320ad8f8c2e0a8a2b4f2fcb2e2866afe383b8a35d1c5e5f05d30cdf93adb4fca7e2664c85b30f5,gx-no-cache=1520254014568 HTTP/1.1" 200 30
192.168.10.89 - - [05/Mar/2018:09:47:44 -0300] "POST /cormun/servlet/acontrolpreferencessavestate?None,CDROGUETT,true HTTP/1.1" 200 35
200.111.122.170 - - [05/Mar/2018:09:47:44 -0300] "POST /cormun/servlet/solicitudotadjuntos?99fc94f863d0c65053f203695ec6d88d,INS,2018,9979,,1,,gx-no-cache=1520254014794 HTTP/1.1" 200 4021
200.111.122.170 - - [05/Mar/2018:09:47:44 -0300] "POST /cormun/servlet/solicitudot?gx-no-cache=1520254018911 HTTP/1.1" 200 30
186.103.157.246 - - [05/Mar/2018:09:47:44 -0300] "POST /cormun/servlet/trsolicitudadjuntos?4888a8afec5df17a1fc3f6dcdee07fcd,2018,9977,,gx-no-cache=1520254016005 HTTP/1.1" 200 90
186.103.157.246 - - [05/Mar/2018:09:47:44 -0300] "GET /cormun/servlet/hpexe_link HTTP/1.1" 200 953
186.103.157.246 - - [05/Mar/2018:09:47:45 -0300] "GET /cormun/servlet/trsolicitudot HTTP/1.1" 200 9011
192.168.10.89 - - [05/Mar/2018:09:47:45 -0300] "GET /cormun/PublicTempStorage/certificado_de_antecedentes9139458.pdf HTTP/1.1" 200 1582504
200.111.122.170 - - [05/Mar/2018:09:47:47 -0300] "POST /cormun/servlet/solicitudot?gx-no-cache=1520254021889 HTTP/1.1" 200 1337
200.111.122.170 - - [05/Mar/2018:09:47:47 -0300] "POST /cormun/servlet/solicitudot?gx-no-cache=1520254022012 HTTP/1.1" 200 38
186.103.157.246 - - [05/Mar/2018:09:47:48 -0300] "POST /cormun/servlet/trsolicitudot?4888a8afec5df17a1fc3f6dcdee07fcd,gx-no-cache=1520254020284 HTTP/1.1" 200 107
186.103.157.246 - - [05/Mar/2018:09:47:49 -0300] "GET /cormun/servlet/trsolicitudadjuntos?2018,9976, HTTP/1.1" 200 9350
200.111.122.170 - - [05/Mar/2018:09:47:49 -0300] "POST /cormun/servlet/solicitudotadjuntos?gx-no-cache=1520254020864 HTTP/1.1" 200 26
186.103.157.246 - - [05/Mar/2018:09:47:53 -0300] "POST /cormun/servlet/trsolicitudadjuntos?4888a8afec5df17a1fc3f6dcdee07fcd,2018,9976,,gx-no-cache=1520254024644 HTTP/1.1" 200 90
186.103.157.246 - - [05/Mar/2018:09:47:53 -0300] "GET /cormun/servlet/hpexe_link HTTP/1.1" 200 953
186.103.157.246 - - [05/Mar/2018:09:47:53 -0300] "GET /cormun/servlet/trsolicitudot HTTP/1.1" 200 9011
200.111.122.170 - - [05/Mar/2018:09:47:57 -0300] "GET /cormun/servlet/solicitudotadjuntos?ab225b9d4dcfbefa68320ad8f8c2e0a88b9fd3d939355a1e0c4d2c282d66eacc,gx-no-cache=1520254028578 HTTP/1.1" 200 30
200.111.122.170 - - [05/Mar/2018:09:47:57 -0300] "GET /cormun/servlet/solicitudotadjuntos?ab225b9d4dcfbefa68320ad8f8c2e0a88b9fd3d939355a1e0c4d2c282d66eacc,gx-no-cache=1520254028703 HTTP/1.1" 200 30
192.168.10.96 - - [05/Mar/2018:09:47:58 -0300] "POST /cormun/servlet/trsolicitudgral?f93fef4b366823c15ff0613be9c2e146,,gx-no-cache=1520253918067 HTTP/1.1" 200 7752
186.103.157.246 - - [05/Mar/2018:09:47:58 -0300] "POST /cormun/servlet/trsolicitudot?4888a8afec5df17a1fc3f6dcdee07fcd,gx-no-cache=1520254029760 HTTP/1.1" 200 5654
186.103.157.246 - - [05/Mar/2018:09:47:59 -0300] "GET /cormun/static/Shared/jqueryui/images/ui-bg_highlight-soft_100_c6c2c8_1x100.png HTTP/1.1" 404 1117
186.103.157.246 - - [05/Mar/2018:09:47:59 -0300] "GET /cormun/static/Shared/jqueryui/images/ui-icons_82798d_256x240.png HTTP/1.1" 404 1089
186.103.157.246 - - [05/Mar/2018:09:47:59 -0300] "GET /cormun/static/Shared/jqueryui/images/ui-bg_flat_55_fafafa_40x100.png HTTP/1.1" 404 1097
186.103.157.246 - - [05/Mar/2018:09:47:59 -0300] "GET /cormun/static/Shared/jqueryui/images/ui-icons_8d78a5_256x240.png HTTP/1.1" 404 1089
192.168.10.89 - - [05/Mar/2018:09:47:59 -0300] "GET /cormun/servlet/vesolicitudgral?2018,8721,,SolicitudOTAdjuntos HTTP/1.1" 200 11501
192.168.10.89 - - [05/Mar/2018:09:47:59 -0300] "GET /cormun/pexe_scrolldiv.js HTTP/1.1" 404 1009
186.103.157.246 - - [05/Mar/2018:09:47:59 -0300] "POST /cormun/servlet/trsolicitudot?4888a8afec5df17a1fc3f6dcdee07fcd,gx-no-cache=1520254030665 HTTP/1.1" 200 5597
192.168.10.89 - - [05/Mar/2018:09:48:01 -0300] "POST /cormun/servlet/acontrolpreferencessavestate?None,CDROGUETT,true HTTP/1.1" 200 35
200.111.122.170 - - [05/Mar/2018:09:48:02 -0300] "POST /cormun/servlet/solicitudotadjuntos?99fc94f863d0c65053f203695ec6d88d,INS,2018,9979,,1, HTTP/1.1" 200 116
192.168.10.89 - - [05/Mar/2018:09:48:02 -0300] "GET /cormun/PublicTempStorage/curriculum_vitae-022939308.pdf HTTP/1.1" 200 404212
200.111.122.170 - - [05/Mar/2018:09:48:02 -0300] "GET /cormun/servlet/hpexe_return? HTTP/1.1" 200 1026
200.111.122.170 - - [05/Mar/2018:09:48:03 -0300] "GET /cormun/servlet/trsolicitudadjuntos?2018,9979, HTTP/1.1" 200 8936
186.103.157.246 - - [05/Mar/2018:09:48:03 -0300] "POST /cormun/servlet/trsolicitudot?4888a8afec5df17a1fc3f6dcdee07fcd,gx-no-cache=1520254033807 HTTP/1.1" 200 4453
186.103.157.246 - - [05/Mar/2018:09:48:04 -0300] "POST /cormun/servlet/trsolicitudot?4888a8afec5df17a1fc3f6dcdee07fcd,gx-no-cache=1520254035234 HTTP/1.1" 200 4240
200.111.122.170 - - [05/Mar/2018:09:48:04 -0300] "GET /cormun/servlet/trsolicitudadjuntos?2018,9979, HTTP/1.1" 200 8933
192.168.10.89 - - [05/Mar/2018:09:48:10 -0300] "GET /cormun/servlet/vesolicitudgral?2018,8721,,SolicitudOTAdjuntos HTTP/1.1" 200 11500
192.168.10.89 - - [05/Mar/2018:09:48:10 -0300] "GET /cormun/pexe_scrolldiv.js HTTP/1.1" 404 1009
192.168.10.89 - - [05/Mar/2018:09:48:11 -0300] "POST /cormun/servlet/acontrolpreferencessavestate?None,CDROGUETT,true HTTP/1.1" 200 35
192.168.10.89 - - [05/Mar/2018:09:48:12 -0300] "GET /cormun/PublicTempStorage/certificado_de_titulo433258.pdf HTTP/1.1" 200 170660
192.168.10.96 - - [05/Mar/2018:09:48:16 -0300] "POST /cormun/servlet/trsolicitudgral?f93fef4b366823c15ff0613be9c2e146,,gx-no-cache=1520253935878 HTTP/1.1" 200 7752
192.168.10.89 - - [05/Mar/2018:09:48:18 -0300] "GET /cormun/servlet/vesolicitudgral?2018,8721,,SolicitudOTAdjuntos HTTP/1.1" 200 11500
192.168.10.89 - - [05/Mar/2018:09:48:18 -0300] "GET /cormun/pexe_scrolldiv.js HTTP/1.1" 404 1009
192.168.10.89 - - [05/Mar/2018:09:48:20 -0300] "POST /cormun/servlet/acontrolpreferencessavestate?None,CDROGUETT,true HTTP/1.1" 200 35
186.67.203.186 - - [05/Mar/2018:09:48:24 -0300] "GET /cormun/servlet/solicitudotadjuntos?INS,2018,9979,,1, HTTP/1.1" 200 6234
200.72.197.82 - - [05/Mar/2018:09:48:26 -0300] "GET /cormun/servlet/solicitudotadjuntos?INS,2018,9979,,1, HTTP/1.1" 200 6228
186.67.203.186 - - [05/Mar/2018:09:48:26 -0300] "GET /cormun/static/about:blank HTTP/1.1" 404 1011
186.67.203.186 - - [05/Mar/2018:09:48:26 -0300] "GET /cormun/servlet/solicitudotadjuntos?ab225b9d4dcfbefa68320ad8f8c2e0a8a2b4f2fcb2e2866afe383b8a35d1c5e5f05d30cdf93adb4fca7e2664c85b30f5,gx-no-cache=1520254057987 HTTP/1.1" 200 30
186.67.203.186 - - [05/Mar/2018:09:48:27 -0300] "POST /cormun/servlet/solicitudotadjuntos?99fc94f863d0c65053f203695ec6d88d,INS,2018,9979,,1,,gx-no-cache=1520254058169 HTTP/1.1" 200 4021
192.168.10.96 - - [05/Mar/2018:09:48:29 -0300] "POST /cormun/servlet/trsolicitudgral?f93fef4b366823c15ff0613be9c2e146,,gx-no-cache=1520253949495 HTTP/1.1" 200 5923
186.67.203.186 - - [05/Mar/2018:09:48:32 -0300] "POST /cormun/servlet/solicitudotadjuntos?gx-no-cache=1520254063545 HTTP/1.1" 200 26
192.168.10.96 - - [05/Mar/2018:09:48:34 -0300] "POST /cormun/servlet/trsolicitudgral?f93fef4b366823c15ff0613be9c2e146,,gx-no-cache=1520253953654 HTTP/1.1" 200 5926
192.168.10.96 - - [05/Mar/2018:09:48:35 -0300] "POST /cormun/servlet/trsolicitudgral?f93fef4b366823c15ff0613be9c2e146,,gx-no-cache=1520253954637 HTTP/1.1" 200 5925
192.168.10.96 - - [05/Mar/2018:09:48:35 -0300] "POST /cormun/servlet/trsolicitudgral?f93fef4b366823c15ff0613be9c2e146,,gx-no-cache=1520253954863 HTTP/1.1" 200 5926
186.67.203.186 - - [05/Mar/2018:09:48:48 -0300] "GET /cormun/servlet/solicitudotadjuntos?ab225b9d4dcfbefa68320ad8f8c2e0a88b9fd3d939355a1e0c4d2c282d66eacc,gx-no-cache=1520254079384 HTTP/1.1" 200 30
186.67.203.186 - - [05/Mar/2018:09:48:48 -0300] "GET /cormun/servlet/solicitudotadjuntos?ab225b9d4dcfbefa68320ad8f8c2e0a88b9fd3d939355a1e0c4d2c282d66eacc,gx-no-cache=1520254079524 HTTP/1.1" 200 30
192.168.10.96 - - [05/Mar/2018:09:48:55 -0300] "POST /cormun/servlet/trsolicitudgral?f93fef4b366823c15ff0613be9c2e146,,gx-no-cache=1520253975395 HTTP/1.1" 200 7750
186.67.203.186 - - [05/Mar/2018:09:48:56 -0300] "POST /cormun/servlet/solicitudotadjuntos?99fc94f863d0c65053f203695ec6d88d,INS,2018,9979,,1, HTTP/1.1" 200 116
186.67.203.186 - - [05/Mar/2018:09:48:56 -0300] "GET /cormun/servlet/hpexe_return? HTTP/1.1" 200 1026
186.67.203.186 - - [05/Mar/2018:09:48:56 -0300] "GET /cormun/servlet/trsolicitudadjuntos?2018,9979, HTTP/1.1" 200 9102
186.67.203.186 - - [05/Mar/2018:09:48:58 -0300] "GET /cormun/servlet/trsolicitudadjuntos?2018,9979, HTTP/1.1" 200 9101
186.67.203.186 - - [05/Mar/2018:09:49:06 -0300] "GET /cormun/servlet/solicitudotadjuntos?INS,2018,9979,,1, HTTP/1.1" 200 6234
186.67.203.186 - - [05/Mar/2018:09:49:07 -0300] "GET /cormun/static/about:blank HTTP/1.1" 404 1011
186.67.203.186 - - [05/Mar/2018:09:49:07 -0300] "GET /cormun/servlet/solicitudotadjuntos?INS,2018,9979,,1, HTTP/1.1" 200 6228
190.151.100.218 - - [05/Mar/2018:09:49:08 -0300] "GET /cormun/servlet/solicitudotadjuntos?ab225b9d4dcfbefa68320ad8f8c2e0a8a2b4f2fcb2e2866afe383b8a35d1c5e5f05d30cdf93adb4fca7e2664c85b30f5,gx-no-cache=1520254099340 HTTP/1.1" 200 30
192.168.10.96 - - [05/Mar/2018:09:49:08 -0300] "GET /cormun/servlet/solicitudgral?UPD,2018,9695, HTTP/1.1" 200 13184
190.151.100.218 - - [05/Mar/2018:09:49:08 -0300] "POST /cormun/servlet/solicitudotadjuntos?99fc94f863d0c65053f203695ec6d88d,INS,2018,9979,,1,,gx-no-cache=1520254099486 HTTP/1.1" 200 4021
192.168.10.96 - - [05/Mar/2018:09:49:08 -0300] "GET /cormun/static/gxcfg.js?20181911354237 HTTP/1.1" 304 -
192.168.10.96 - - [05/Mar/2018:09:49:09 -0300] "GET /cormun/servlet/solicitudgral?UPD,2018,9695, HTTP/1.1" 200 13192
192.168.10.96 - - [05/Mar/2018:09:49:09 -0300] "POST /cormun/servlet/solicitudgral?gx-no-cache=1520253988958 HTTP/1.1" 200 3929
192.168.10.96 - - [05/Mar/2018:09:49:09 -0300] "GET /cormun/servlet/solicitudgral?e2557627413459b87ef2b514dca5ac5dac97cf31d1f3bf5efea08345785b526e298783ce99cb0f33138f3f7a0e4c740816b31462e1d9c64e71d130a17b148de868751525ab883618326c412b597878aa6fe32577d5046a513b4bbd72ace2123f42e9279305dba6cb5b7e87f5fec86a3b54e476620005449cbb7a54d3ad9bb1faa0ba4a26b5079d54790cfbd8cde38b92585f3d089ff4278452d17fe4dbb6c89b72c2e643a4a3aa3a3512be63263f1042ccda7110849e72c73e5fad72315c0f1c395e3dc17ab0659592352c6857ac6162ff8f0afb4ca35e982edca8cc75b22816192406f5c2b4e80925ee07286f31e0e06ef4cadecee9b0d0585c76d7fb9651ba2cdc0724f223060ed3f33fb690e975a1a24765eee375b28d583c0cd0ed8619b1353bfdfbec300ae9be34d59adea2e7730e16175e45734c00fdb6829b88b04a244a3f5747bfe3123870ab9a097654a20b,gx-no-cache=1520253989305 HTTP/1.1" 200 297
192.168.10.96 - - [05/Mar/2018:09:49:11 -0300] "GET /cormun/servlet/solicitudgral?e2557627413459b87ef2b514dca5ac5dc2a6746ee96ef8da74eed9f7355efcf27b9226ed7f32360d31f60974a5c5b5d3080ccfd8ed51e2eefd8fbd71338d0bc183aca1fcc52e9484f28652e3ac2f2185d98c182478611a1bc8bbf8a5412f43efb850dead48201b5bc0b93b86f1493b327203e6535cb4f5c43367db944891a675dabb56ed7ff56bebf8db37ac283232416e3de3d6703749fc5141499144be160ad70c318b17a51aa1e19e303a0e70cd53055325fe2ecdeedf8ad4963d114b529697591753efe63e6b8c2806d07a27d114ab7edbdcb5e33aec714886af633c5f3a3fafb4d5e8b35282c3d33eaba2b90fa94770faeb29e3dc8d2448a633d327cdf8b05adb6347687d3692a41e617b33d233ba123ff189f6af9eab9838ed4a612556444d46c402be1843f648e25353581e70473de9bace7fc31d92ecabb5aa357725089fc00bc2f9e9949a10c8060cc0b4eb86734172325fa63bdc4bf0a89aa5ad3d10a9474233acdda3c1e18ffd22b8e539955f41441b1bff1374dae4616ff71a12ea188f03bc04d558653a447271afca9a7cafc8c22c7eecf04a79600ca7b82bfaa719e4b1f718335f9da647094dbf5759,gx-no-cache=1520253990734 HTTP/1.1" 200 48
192.168.10.96 - - [05/Mar/2018:09:49:11 -0300] "POST /cormun/servlet/solicitudgral?f93fef4b366823c15ff0613be9c2e146,UPD,2018,9695,,gx-no-cache=1520253990780 HTTP/1.1" 200 11864
192.168.10.96 - - [05/Mar/2018:09:49:11 -0300] "GET /cormun/servlet/solicitudgral?e2557627413459b87ef2b514dca5ac5deac7e45d9693bf7e7c283dfffe29d623f60f2dadc228b6d9203c7d8f758f6b3255004d426e439ac1e10971382b9c3a4b7c846b3d5eebb56575475bbf90bc52d8d1c8a31d85a38ad5def6c88870194961c1e404be05f5fe527aaa208750ffcf92,gx-no-cache=1520253991067 HTTP/1.1" 200 29
192.168.10.96 - - [05/Mar/2018:09:49:11 -0300] "POST /cormun/servlet/solicitudgral?gx-no-cache=1520253991111 HTTP/1.1" 200 1296
192.168.10.96 - - [05/Mar/2018:09:49:11 -0300] "POST /cormun/servlet/solicitudgral?gx-no-cache=1520253991161 HTTP/1.1" 200 1218
190.151.100.218 - - [05/Mar/2018:09:49:13 -0300] "POST /cormun/servlet/solicitudotadjuntos?gx-no-cache=1520254105076 HTTP/1.1" 200 26
192.168.10.96 - - [05/Mar/2018:09:49:16 -0300] "POST /cormun/servlet/solicitudgral?f93fef4b366823c15ff0613be9c2e146,UPD,2018,9695,,gx-no-cache=1520253995493 HTTP/1.1" 200 93
192.168.10.96 - - [05/Mar/2018:09:49:16 -0300] "GET /cormun/servlet/hpexe_return? HTTP/1.1" 200 1015
192.168.10.96 - - [05/Mar/2018:09:49:16 -0300] "GET /cormun/static/gxcfg.js?2016101716175148 HTTP/1.1" 304 -
192.168.10.96 - - [05/Mar/2018:09:49:16 -0300] "GET /cormun/servlet/trsolicitudgral? HTTP/1.1" 200 11013
192.168.10.96 - - [05/Mar/2018:09:49:17 -0300] "GET /cormun/servlet/trsolicitudgral? HTTP/1.1" 200 11009
190.151.100.218 - - [05/Mar/2018:09:49:23 -0300] "GET /cormun/servlet/solicitudotadjuntos?ab225b9d4dcfbefa68320ad8f8c2e0a88b9fd3d939355a1e0c4d2c282d66eacc,gx-no-cache=1520254115057 HTTP/1.1" 200 30
190.151.100.218 - - [05/Mar/2018:09:49:23 -0300] "GET /cormun/servlet/solicitudotadjuntos?ab225b9d4dcfbefa68320ad8f8c2e0a88b9fd3d939355a1e0c4d2c282d66eacc,gx-no-cache=1520254115158 HTTP/1.1" 200 30
192.168.10.96 - - [05/Mar/2018:09:49:25 -0300] "GET /cormun/servlet/solicitudgral?UPD,2018,8492, HTTP/1.1" 200 13018
192.168.10.96 - - [05/Mar/2018:09:49:26 -0300] "GET /cormun/servlet/solicitudgral?UPD,2018,8492, HTTP/1.1" 200 13027
190.151.100.218 - - [05/Mar/2018:09:49:26 -0300] "POST /cormun/servlet/solicitudotadjuntos?99fc94f863d0c65053f203695ec6d88d,INS,2018,9979,,1, HTTP/1.1" 200 116
192.168.10.96 - - [05/Mar/2018:09:49:27 -0300] "POST /cormun/servlet/solicitudgral?gx-no-cache=1520254006444 HTTP/1.1" 200 3926
190.151.100.218 - - [05/Mar/2018:09:49:27 -0300] "GET /cormun/servlet/hpexe_return? HTTP/1.1" 200 1026
192.168.10.96 - - [05/Mar/2018:09:49:27 -0300] "GET /cormun/servlet/solicitudgral?e2557627413459b87ef2b514dca5ac5dac97cf31d1f3bf5efea08345785b526e4fc3194283f244fe60a651225786f24a16b31462e1d9c64e71d130a17b148de868751525ab883618326c412b597878aa6fe32577d5046a513b4bbd72ace2123f42e9279305dba6cb5b7e87f5fec86a3b54e476620005449cbb7a54d3ad9bb1faa0ba4a26b5079d54790cfbd8cde38b92585f3d089ff4278452d17fe4dbb6c89b72c2e643a4a3aa3a3512be63263f1042ccda7110849e72c73e5fad72315c0f1c395e3dc17ab0659592352c6857ac6162ff8f0afb4ca35e982edca8cc75b22816192406f5c2b4e80925ee07286f31e0e06ef4cadecee9b0d0585c76d7fb9651ba2cdc0724f223060ed3f33fb690e975a1a24765eee375b28d583c0cd0ed8619b1353bfdfbec300ae9be34d59adea2e7730e16175e45734c00fdb6829b88b04a244a3f5747bfe3123870ab9a097654a20b,gx-no-cache=1520254006729 HTTP/1.1" 200 255
190.151.100.218 - - [05/Mar/2018:09:49:27 -0300] "GET /cormun/servlet/trsolicitudadjuntos?2018,9979, HTTP/1.1" 200 9310
192.168.10.96 - - [05/Mar/2018:09:49:28 -0300] "GET /cormun/servlet/solicitudgral?e2557627413459b87ef2b514dca5ac5dc2a6746ee96ef8da74eed9f7355efcf27b9226ed7f32360d31f60974a5c5b5d3080ccfd8ed51e2eefd8fbd71338d0bc183aca1fcc52e9484f28652e3ac2f2185d98c182478611a1bc8bbf8a5412f43efb850dead48201b5bc0b93b86f1493b327203e6535cb4f5c43367db944891a675dabb56ed7ff56bebf8db37ac283232416e3de3d6703749fc5141499144be160ad70c318b17a51aa1e19e303a0e70cd53055325fe2ecdeedf8ad4963d114b529697591753efe63e6b8c2806d07a27d114ab7edbdcb5e33aec714886af633c5f3a3fafb4d5e8b35282c3d33eaba2b90fa94770faeb29e3dc8d2448a633d327cdf8b05adb6347687d3692a41e617b33d233ba123ff189f6af9eab9838ed4a612556444d46c402be1843f648e25353581e70473de9bace7fc31d92ecabb5aa357725089fc00bc2f9e9949a10c8060cc0b4eb86734172325fa63bdc4bf0a89aa5ad3d10a9474233acdda3c1e18ffd22b8e539955f41441b1bff1374dae4616ff71a12ea188f03bc04d558653a447271afca9a7cafc8c22c7eecf04a79600ca7b82bfaa719e4b1f718335f9da647094dbf5759,gx-no-cache=1520254007895 HTTP/1.1" 200 48
192.168.10.96 - - [05/Mar/2018:09:49:28 -0300] "POST /cormun/servlet/solicitudgral?f93fef4b366823c15ff0613be9c2e146,UPD,2018,8492,,gx-no-cache=1520254007940 HTTP/1.1" 200 11833
192.168.10.96 - - [05/Mar/2018:09:49:28 -0300] "GET /cormun/servlet/solicitudgral?e2557627413459b87ef2b514dca5ac5d831445a2daa7108eab9cd68537fc1f5bf60f2dadc228b6d9203c7d8f758f6b3205172e82abbcef9b6b7547b86c007e000d96de8c435d101cb60a6aa2553b1c2c06f1cf1eb7ed596b7eba790bd0c8ea3486948f78bc6990591dc7e8b9f605d59a4cd08fc75b238970d49f20e04e070a3218fe4eba8564492da4db0f2a3af2191cbab9e875434ea92ec0ef6f9880942056,gx-no-cache=1520254008162 HTTP/1.1" 200 29
192.168.10.96 - - [05/Mar/2018:09:49:28 -0300] "POST /cormun/servlet/solicitudgral?gx-no-cache=1520254008205 HTTP/1.1" 200 1297
192.168.10.96 - - [05/Mar/2018:09:49:28 -0300] "POST /cormun/servlet/solicitudgral?gx-no-cache=1520254008286 HTTP/1.1" 200 1219
190.151.100.218 - - [05/Mar/2018:09:49:29 -0300] "GET /cormun/servlet/trsolicitudadjuntos?2018,9979, HTTP/1.1" 200 9307
186.103.158.250 - - [05/Mar/2018:09:49:32 -0300] "GET /cormun/servlet/solicitudotadjuntos?75790c4d026b4ff87d5a69645ceb5a0256240a99db453aa0a580d0b4a63a41a2,gx-no-cache=1520254123900 HTTP/1.1" 200 30
186.103.158.250 - - [05/Mar/2018:09:49:33 -0300] "GET /cormun/servlet/solicitudotadjuntos?75790c4d026b4ff87d5a69645ceb5a0256240a99db453aa0a580d0b4a63a41a2,gx-no-cache=1520254123961 HTTP/1.1" 200 30
186.103.158.250 - - [05/Mar/2018:09:49:34 -0300] "POST /cormun/servlet/solicitudotadjuntos?399ef1f3b3ca3840e56d85813155a378,INS,2018,9978,,1, HTTP/1.1" 200 116
186.103.158.250 - - [05/Mar/2018:09:49:34 -0300] "GET /cormun/servlet/hpexe_return? HTTP/1.1" 200 1023
186.67.203.186 - - [05/Mar/2018:09:49:34 -0300] "GET /cormun/servlet/solicitudotadjuntos?INS,2018,9979,,1, HTTP/1.1" 200 6234
192.168.10.96 - - [05/Mar/2018:09:49:34 -0300] "POST /cormun/servlet/solicitudgral?f93fef4b366823c15ff0613be9c2e146,UPD,2018,8492,,gx-no-cache=1520254014180 HTTP/1.1" 200 93
192.168.10.96 - - [05/Mar/2018:09:49:34 -0300] "GET /cormun/servlet/hpexe_return? HTTP/1.1" 200 1015
186.67.203.186 - - [05/Mar/2018:09:49:34 -0300] "GET /cormun/static/about:blank HTTP/1.1" 404 1011
186.103.158.250 - - [05/Mar/2018:09:49:35 -0300] "GET /cormun/servlet/trsolicitudadjuntos?2018,9978, HTTP/1.1" 200 9735
192.168.10.96 - - [05/Mar/2018:09:49:35 -0300] "GET /cormun/servlet/trsolicitudgral HTTP/1.1" 200 11007
186.67.203.186 - - [05/Mar/2018:09:49:35 -0300] "GET /cormun/servlet/solicitudotadjuntos?INS,2018,9979,,1, HTTP/1.1" 200 6228
192.168.10.96 - - [05/Mar/2018:09:49:36 -0300] "GET /cormun/servlet/trsolicitudgral HTTP/1.1" 200 11003
186.67.203.186 - - [05/Mar/2018:09:49:36 -0300] "GET /cormun/servlet/solicitudotadjuntos?ab225b9d4dcfbefa68320ad8f8c2e0a8a2b4f2fcb2e2866afe383b8a35d1c5e5f05d30cdf93adb4fca7e2664c85b30f5,gx-no-cache=1520254127616 HTTP/1.1" 200 30
186.67.203.186 - - [05/Mar/2018:09:49:36 -0300] "POST /cormun/servlet/solicitudotadjuntos?99fc94f863d0c65053f203695ec6d88d,INS,2018,9979,,1,,gx-no-cache=1520254127727 HTTP/1.1" 200 4021
186.103.158.250 - - [05/Mar/2018:09:49:37 -0300] "GET /cormun/servlet/trsolicitudadjuntos?2018,9978, HTTP/1.1" 200 9731
186.67.203.186 - - [05/Mar/2018:09:49:40 -0300] "POST /cormun/servlet/solicitudotadjuntos?gx-no-cache=1520254132174 HTTP/1.1" 200 26
186.103.158.250 - - [05/Mar/2018:09:49:46 -0300] "GET /cormun/servlet/trautorizarsolicitud? HTTP/1.1" 200 7312
186.103.158.250 - - [05/Mar/2018:09:49:46 -0300] "GET /cormun/static/gxcfg.js?2017111423403364 HTTP/1.1" 304 -
186.103.158.250 - - [05/Mar/2018:09:49:47 -0300] "GET /cormun/servlet/trautorizarsolicitud? HTTP/1.1" 200 7298
186.67.203.186 - - [05/Mar/2018:09:49:49 -0300] "GET /cormun/servlet/solicitudotadjuntos?ab225b9d4dcfbefa68320ad8f8c2e0a88b9fd3d939355a1e0c4d2c282d66eacc,gx-no-cache=1520254140381 HTTP/1.1" 200 30
186.67.203.186 - - [05/Mar/2018:09:49:49 -0300] "GET /cormun/servlet/solicitudotadjuntos?ab225b9d4dcfbefa68320ad8f8c2e0a88b9fd3d939355a1e0c4d2c282d66eacc,gx-no-cache=1520254140461 HTTP/1.1" 200 30
186.103.158.250 - - [05/Mar/2018:09:49:50 -0300] "POST /cormun/servlet/trautorizarsolicitud?399ef1f3b3ca3840e56d85813155a378,,gx-no-cache=1520254141795 HTTP/1.1" 200 4407
186.103.158.250 - - [05/Mar/2018:09:49:54 -0300] "GET /cormun/servlet/trsolicitudot? HTTP/1.1" 200 8769
186.67.203.186 - - [05/Mar/2018:09:49:56 -0300] "POST /cormun/servlet/solicitudotadjuntos?99fc94f863d0c65053f203695ec6d88d,INS,2018,9979,,1, HTTP/1.1" 200 116
186.103.158.250 - - [05/Mar/2018:09:49:56 -0300] "GET /cormun/servlet/trsolicitudot? HTTP/1.1" 200 8768
186.67.203.186 - - [05/Mar/2018:09:49:56 -0300] "GET /cormun/servlet/hpexe_return? HTTP/1.1" 200 1026
186.67.203.186 - - [05/Mar/2018:09:49:57 -0300] "GET /cormun/servlet/trsolicitudadjuntos?2018,9979, HTTP/1.1" 200 9539
186.67.203.186 - - [05/Mar/2018:09:49:59 -0300] "GET /cormun/servlet/trsolicitudadjuntos?2018,9979, HTTP/1.1" 200 9535
186.103.132.155 - - [05/Mar/2018:09:50:02 -0300] "GET /cormun/servlet/solicitudot?615c66ac13f2e342cd0c75cc0fd8ece21328f2176dcfddcb451a5de08d27393ae52158c21a013f5152df75abce723a697c994c4b2e309cb394dea4d2aadae7c2aa80a97f9ba269a1389351b35b424434cf16fe0c91e8ddce55e78f2d99da5d6b0f58694a3e0d65e199365e703b34c1cc34a1b19b8dc4cca425c36b4eb4ccf713067c6c31f0409372169ef510e1d25d9410fa6eb5e8c91b5ed5c3d7ddd3eeedc4,gx-no-cache=1520254156350 HTTP/1.1" 200 29
186.103.161.206 - - [05/Mar/2018:09:50:02 -0300] "GET /cormun/servlet/solicitudotadjuntos?INS,2018,9979,,1, HTTP/1.1" 200 6234
186.103.161.206 - - [05/Mar/2018:09:50:03 -0300] "GET /cormun/static/about:blank HTTP/1.1" 404 1011
186.103.132.155 - - [05/Mar/2018:09:50:03 -0300] "GET /cormun/servlet/solicitudot?615c66ac13f2e342cd0c75cc0fd8ece21328f2176dcfddcb451a5de08d27393ae52158c21a013f5152df75abce723a695fb934a44423c8d9c31b531212cfbbdbaa80a97f9ba269a1389351b35b424434cf16fe0c91e8ddce55e78f2d99da5d6b0f58694a3e0d65e199365e703b34c1cc34a1b19b8dc4cca425c36b4eb4ccf713067c6c31f0409372169ef510e1d25d9410fa6eb5e8c91b5ed5c3d7ddd3eeedc4,gx-no-cache=1520254158246 HTTP/1.1" 200 29
186.103.161.206 - - [05/Mar/2018:09:50:04 -0300] "GET /cormun/servlet/solicitudotadjuntos?INS,2018,9979,,1, HTTP/1.1" 200 6228
186.103.161.206 - - [05/Mar/2018:09:50:04 -0300] "GET /cormun/servlet/solicitudotadjuntos?ab225b9d4dcfbefa68320ad8f8c2e0a8a2b4f2fcb2e2866afe383b8a35d1c5e5f05d30cdf93adb4fca7e2664c85b30f5,gx-no-cache=1520254155877 HTTP/1.1" 200 30
186.103.161.206 - - [05/Mar/2018:09:50:06 -0300] "POST /cormun/servlet/solicitudotadjuntos?99fc94f863d0c65053f203695ec6d88d,INS,2018,9979,,1,,gx-no-cache=1520254156202 HTTP/1.1" 200 4021
186.103.132.155 - - [05/Mar/2018:09:50:09 -0300] "POST /cormun/servlet/solicitudot?gx-no-cache=1520254160702 HTTP/1.1" 200 1319
186.103.132.155 - - [05/Mar/2018:09:50:10 -0300] "POST /cormun/servlet/solicitudot?gx-no-cache=1520254164049 HTTP/1.1" 200 1219
186.103.132.155 - - [05/Mar/2018:09:50:10 -0300] "GET /cormun/static/menuarrow.gif HTTP/1.1" 404 1015
186.103.158.250 - - [05/Mar/2018:09:50:10 -0300] "POST /cormun/servlet/trsolicitudot?399ef1f3b3ca3840e56d85813155a378,,gx-no-cache=1520254160702 HTTP/1.1" 200 4686
186.103.158.250 - - [05/Mar/2018:09:50:11 -0300] "GET /cormun/static/Shared/jqueryui/images/ui-bg_highlight-soft_100_c6c2c8_1x100.png HTTP/1.1" 404 1117
186.103.158.250 - - [05/Mar/2018:09:50:11 -0300] "GET /cormun/static/Shared/jqueryui/images/ui-icons_82798d_256x240.png HTTP/1.1" 404 1089
186.103.158.250 - - [05/Mar/2018:09:50:11 -0300] "GET /cormun/static/Shared/jqueryui/images/ui-icons_8d78a5_256x240.png HTTP/1.1" 404 1089
186.103.161.206 - - [05/Mar/2018:09:50:11 -0300] "POST /cormun/servlet/solicitudotadjuntos?gx-no-cache=1520254162094 HTTP/1.1" 200 26
186.103.158.250 - - [05/Mar/2018:09:50:11 -0300] "GET /cormun/static/Shared/jqueryui/images/ui-bg_flat_55_fafafa_40x100.png HTTP/1.1" 404 1097
186.103.158.250 - - [05/Mar/2018:09:50:12 -0300] "POST /cormun/servlet/trsolicitudot?399ef1f3b3ca3840e56d85813155a378,,gx-no-cache=1520254162096 HTTP/1.1" 200 4455
186.103.132.155 - - [05/Mar/2018:09:50:14 -0300] "POST /cormun/servlet/solicitudot?gx-no-cache=1520254168477 HTTP/1.1" 200 1319
186.103.132.155 - - [05/Mar/2018:09:50:14 -0300] "POST /cormun/servlet/solicitudot?gx-no-cache=1520254168789 HTTP/1.1" 200 1219
186.103.132.155 - - [05/Mar/2018:09:50:16 -0300] "GET /cormun/servlet/solicitudot?615c66ac13f2e342cd0c75cc0fd8ece273bef14ee7ba0a3bd118aaf0ad5cfeba71fc9472c2ec48a4ccc512331f392cae,gx-no-cache=1520254171237 HTTP/1.1" 200 30
186.103.158.250 - - [05/Mar/2018:09:50:17 -0300] "GET /cormun/servlet/trautorizarsolicitud? HTTP/1.1" 200 8662
186.103.158.250 - - [05/Mar/2018:09:50:18 -0300] "GET /cormun/servlet/trautorizarsolicitud? HTTP/1.1" 200 8664
186.103.161.206 - - [05/Mar/2018:09:50:20 -0300] "GET /cormun/servlet/solicitudotadjuntos?ab225b9d4dcfbefa68320ad8f8c2e0a88b9fd3d939355a1e0c4d2c282d66eacc,gx-no-cache=1520254171635 HTTP/1.1" 200 30
186.103.161.206 - - [05/Mar/2018:09:50:20 -0300] "GET /cormun/servlet/solicitudotadjuntos?ab225b9d4dcfbefa68320ad8f8c2e0a88b9fd3d939355a1e0c4d2c282d66eacc,gx-no-cache=1520254171775 HTTP/1.1" 200 30
186.103.132.155 - - [05/Mar/2018:09:50:22 -0300] "POST /cormun/servlet/solicitudot?gx-no-cache=1520254175876 HTTP/1.1" 200 30
186.103.158.250 - - [05/Mar/2018:09:50:24 -0300] "POST /cormun/servlet/trautorizarsolicitud?399ef1f3b3ca3840e56d85813155a378,,gx-no-cache=1520254174229 HTTP/1.1" 200 4617
186.103.158.250 - - [05/Mar/2018:09:50:24 -0300] "GET /cormun/static/Shared/jqueryui/images/ui-bg_highlight-soft_100_c6c2c8_1x100.png HTTP/1.1" 404 1117
186.103.158.250 - - [05/Mar/2018:09:50:24 -0300] "GET /cormun/static/Shared/jqueryui/images/ui-bg_flat_55_fafafa_40x100.png HTTP/1.1" 404 1097
186.103.158.250 - - [05/Mar/2018:09:50:24 -0300] "GET /cormun/static/Shared/jqueryui/images/ui-icons_8d78a5_256x240.png HTTP/1.1" 404 1089
186.103.158.250 - - [05/Mar/2018:09:50:25 -0300] "POST /cormun/servlet/trautorizarsolicitud?399ef1f3b3ca3840e56d85813155a378,,gx-no-cache=1520254175911 HTTP/1.1" 200 4387
186.103.158.250 - - [05/Mar/2018:09:50:25 -0300] "GET /cormun/static/Shared/jqueryui/images/ui-icons_82798d_256x240.png HTTP/1.1" 404 1089
37.123.219.46 - - [05/Mar/2018:09:50:36 -0300] "GET / HTTP/1.1" 400 -
37.123.219.46 - - [05/Mar/2018:09:50:37 -0300] "GET / HTTP/1.1" 400 -
37.123.219.46 - - [05/Mar/2018:09:50:42 -0300] "GET / HTTP/1.1" 400 -
186.103.161.206 - - [05/Mar/2018:09:50:42 -0300] "POST /cormun/servlet/solicitudotadjuntos?99fc94f863d0c65053f203695ec6d88d,INS,2018,9979,,1, HTTP/1.1" 200 116
186.103.161.206 - - [05/Mar/2018:09:50:42 -0300] "GET /cormun/servlet/hpexe_return? HTTP/1.1" 200 1026
37.123.219.46 - - [05/Mar/2018:09:50:43 -0300] "GET / HTTP/1.1" 400 -
37.123.219.46 - - [05/Mar/2018:09:50:44 -0300] "GET / HTTP/1.1" 400 -
186.103.161.206 - - [05/Mar/2018:09:50:44 -0300] "GET /cormun/servlet/trsolicitudadjuntos?2018,9979, HTTP/1.1" 200 9779
37.123.219.46 - - [05/Mar/2018:09:50:45 -0300] "GET / HTTP/1.1" 400 -
37.123.219.46 - - [05/Mar/2018:09:50:45 -0300] "GET / HTTP/1.1" 400 -
37.123.219.46 - - [05/Mar/2018:09:50:46 -0300] "GET / HTTP/1.1" 400 -
186.103.161.206 - - [05/Mar/2018:09:50:46 -0300] "GET /cormun/servlet/trsolicitudadjuntos?2018,9979, HTTP/1.1" 200 9776
37.123.219.46 - - [05/Mar/2018:09:50:47 -0300] "GET / HTTP/1.1" 400 -
37.123.219.46 - - [05/Mar/2018:09:50:48 -0300] "GET / HTTP/1.1" 400 -
37.123.219.46 - - [05/Mar/2018:09:50:49 -0300] "GET / HTTP/1.1" 400 -
200.111.122.170 - - [05/Mar/2018:09:50:50 -0300] "POST /cormun/servlet/solicitudot?gx-no-cache=1520254202995 HTTP/1.1" 200 30
37.123.219.46 - - [05/Mar/2018:09:50:52 -0300] "GET / HTTP/1.1" 400 -
37.123.219.46 - - [05/Mar/2018:09:50:53 -0300] "GET / HTTP/1.1" 400 -
37.123.219.46 - - [05/Mar/2018:09:50:54 -0300] "GET / HTTP/1.1" 400 -
37.123.219.46 - - [05/Mar/2018:09:50:55 -0300] "GET / HTTP/1.1" 400 -
37.123.219.46 - - [05/Mar/2018:09:50:56 -0300] "GET / HTTP/1.1" 400 -
37.123.219.46 - - [05/Mar/2018:09:50:57 -0300] "GET / HTTP/1.1" 400 -
37.123.219.46 - - [05/Mar/2018:09:50:58 -0300] "GET / HTTP/1.1" 400 -
37.123.219.46 - - [05/Mar/2018:09:50:59 -0300] "GET / HTTP/1.1" 400 -
37.123.219.46 - - [05/Mar/2018:09:51:00 -0300] "GET / HTTP/1.1" 400 -
190.151.100.218 - - [05/Mar/2018:09:51:00 -0300] "POST /cormun/servlet/trsolicitudadjuntos?99fc94f863d0c65053f203695ec6d88d,2018,9979,,gx-no-cache=1520254211791 HTTP/1.1" 200 90
190.151.100.218 - - [05/Mar/2018:09:51:00 -0300] "GET /cormun/servlet/hpexe_link HTTP/1.1" 200 967
190.151.100.218 - - [05/Mar/2018:09:51:01 -0300] "GET /cormun/servlet/trsolicitudot HTTP/1.1" 200 8765
37.123.219.46 - - [05/Mar/2018:09:51:01 -0300] "GET / HTTP/1.1" 400 -
37.123.219.46 - - [05/Mar/2018:09:51:02 -0300] "GET / HTTP/1.1" 400 -
190.151.100.218 - - [05/Mar/2018:09:51:02 -0300] "GET /cormun/servlet/trsolicitudot HTTP/1.1" 200 8765
37.123.219.46 - - [05/Mar/2018:09:51:03 -0300] "GET / HTTP/1.1" 400 -
37.123.219.46 - - [05/Mar/2018:09:51:04 -0300] "GET / HTTP/1.1" 400 -
37.123.219.46 - - [05/Mar/2018:09:51:05 -0300] "GET / HTTP/1.1" 400 -
37.123.219.46 - - [05/Mar/2018:09:51:06 -0300] "GET / HTTP/1.1" 400 -
37.123.219.46 - - [05/Mar/2018:09:51:07 -0300] "GET / HTTP/1.1" 400 -
37.123.219.46 - - [05/Mar/2018:09:51:08 -0300] "GET / HTTP/1.1" 400 -
37.123.219.46 - - [05/Mar/2018:09:51:09 -0300] "GET / HTTP/1.1" 400 -
37.123.219.46 - - [05/Mar/2018:09:51:10 -0300] "GET / HTTP/1.1" 400 -
37.123.219.46 - - [05/Mar/2018:09:51:11 -0300] "GET / HTTP/1.1" 400 -
37.123.219.46 - - [05/Mar/2018:09:51:12 -0300] "GET / HTTP/1.1" 400 -
37.123.219.46 - - [05/Mar/2018:09:51:13 -0300] "GET / HTTP/1.1" 400 -
37.123.219.46 - - [05/Mar/2018:09:51:14 -0300] "GET / HTTP/1.1" 400 -
37.123.219.46 - - [05/Mar/2018:09:51:14 -0300] "GET / HTTP/1.1" 400 -
37.123.219.46 - - [05/Mar/2018:09:51:15 -0300] "GET / HTTP/1.1" 400 -
37.123.219.46 - - [05/Mar/2018:09:51:16 -0300] "GET / HTTP/1.1" 400 -
37.123.219.46 - - [05/Mar/2018:09:51:17 -0300] "GET / HTTP/1.1" 400 -
37.123.219.46 - - [05/Mar/2018:09:51:17 -0300] "GET / HTTP/1.1" 400 -
37.123.219.46 - - [05/Mar/2018:09:51:18 -0300] "GET / HTTP/1.1" 400 -
190.151.100.218 - - [05/Mar/2018:09:51:18 -0300] "POST /cormun/servlet/trsolicitudot?99fc94f863d0c65053f203695ec6d88d,gx-no-cache=1520254229945 HTTP/1.1" 200 4674
37.123.219.46 - - [05/Mar/2018:09:51:18 -0300] "GET / HTTP/1.1" 400 -
190.151.100.218 - - [05/Mar/2018:09:51:19 -0300] "GET /cormun/static/Shared/jqueryui/images/ui-bg_highlight-soft_100_c6c2c8_1x100.png HTTP/1.1" 404 1117
190.151.100.218 - - [05/Mar/2018:09:51:19 -0300] "GET /cormun/static/Shared/jqueryui/images/ui-icons_8d78a5_256x240.png HTTP/1.1" 404 1089
186.67.203.186 - - [05/Mar/2018:09:51:19 -0300] "GET /cormun/static/Shared/jqueryui/images/ui-bg_flat_55_fafafa_40x100.png HTTP/1.1" 404 1097
200.72.197.82 - - [05/Mar/2018:09:51:19 -0300] "GET /cormun/static/Shared/jqueryui/images/ui-icons_82798d_256x240.png HTTP/1.1" 404 1089
190.151.100.218 - - [05/Mar/2018:09:51:19 -0300] "POST /cormun/servlet/trsolicitudot?99fc94f863d0c65053f203695ec6d88d,gx-no-cache=1520254230500 HTTP/1.1" 200 4457
37.123.219.46 - - [05/Mar/2018:09:51:19 -0300] "GET / HTTP/1.1" 400 -
37.123.219.46 - - [05/Mar/2018:09:51:20 -0300] "GET / HTTP/1.1" 400 -
37.123.219.46 - - [05/Mar/2018:09:51:21 -0300] "GET / HTTP/1.1" 400 -
37.123.219.46 - - [05/Mar/2018:09:51:22 -0300] "GET / HTTP/1.1" 400 -
37.123.219.46 - - [05/Mar/2018:09:51:23 -0300] "GET / HTTP/1.1" 400 -
37.123.219.46 - - [05/Mar/2018:09:51:24 -0300] "GET / HTTP/1.1" 400 -
37.123.219.46 - - [05/Mar/2018:09:51:25 -0300] "GET / HTTP/1.1" 400 -
37.123.219.46 - - [05/Mar/2018:09:51:26 -0300] "GET / HTTP/1.1" 400 -
37.123.219.46 - - [05/Mar/2018:09:51:27 -0300] "GET / HTTP/1.1" 400 -
37.123.219.46 - - [05/Mar/2018:09:51:28 -0300] "GET / HTTP/1.1" 400 -
37.123.219.46 - - [05/Mar/2018:09:51:29 -0300] "GET / HTTP/1.1" 400 -
37.123.219.46 - - [05/Mar/2018:09:51:29 -0300] "GET / HTTP/1.1" 400 -
37.123.219.46 - - [05/Mar/2018:09:51:30 -0300] "GET / HTTP/1.1" 400 -
190.151.100.218 - - [05/Mar/2018:09:51:30 -0300] "GET /cormun/servlet/trautorizarsolicitud? HTTP/1.1" 200 8659
37.123.219.46 - - [05/Mar/2018:09:51:31 -0300] "GET / HTTP/1.1" 400 -
37.123.219.46 - - [05/Mar/2018:09:51:32 -0300] "GET / HTTP/1.1" 400 -
190.151.100.218 - - [05/Mar/2018:09:51:32 -0300] "GET /cormun/servlet/trautorizarsolicitud? HTTP/1.1" 200 8659
37.123.219.46 - - [05/Mar/2018:09:51:33 -0300] "GET / HTTP/1.1" 400 -
37.123.219.46 - - [05/Mar/2018:09:51:34 -0300] "GET / HTTP/1.1" 400 -
37.123.219.46 - - [05/Mar/2018:09:51:35 -0300] "GET / HTTP/1.1" 400 -
37.123.219.46 - - [05/Mar/2018:09:51:35 -0300] "GET / HTTP/1.1" 400 -
37.123.219.46 - - [05/Mar/2018:09:51:36 -0300] "GET / HTTP/1.1" 400 -
37.123.219.46 - - [05/Mar/2018:09:51:37 -0300] "GET / HTTP/1.1" 400 -
37.123.219.46 - - [05/Mar/2018:09:51:38 -0300] "GET / HTTP/1.1" 400 -
37.123.219.46 - - [05/Mar/2018:09:51:39 -0300] "GET / HTTP/1.1" 400 -
37.123.219.46 - - [05/Mar/2018:09:51:40 -0300] "GET / HTTP/1.1" 400 -
37.123.219.46 - - [05/Mar/2018:09:51:40 -0300] "GET / HTTP/1.1" 400 -
37.123.219.46 - - [05/Mar/2018:09:51:41 -0300] "GET / HTTP/1.1" 400 -
37.123.219.46 - - [05/Mar/2018:09:51:42 -0300] "GET / HTTP/1.1" 400 -
37.123.219.46 - - [05/Mar/2018:09:51:43 -0300] "GET / HTTP/1.1" 400 -
37.123.219.46 - - [05/Mar/2018:09:51:44 -0300] "GET / HTTP/1.1" 400 -
37.123.219.46 - - [05/Mar/2018:09:51:45 -0300] "GET / HTTP/1.1" 400 -
37.123.219.46 - - [05/Mar/2018:09:51:46 -0300] "GET / HTTP/1.1" 400 -
190.151.100.218 - - [05/Mar/2018:09:51:46 -0300] "POST /cormun/servlet/trautorizarsolicitud?99fc94f863d0c65053f203695ec6d88d,,gx-no-cache=1520254257689 HTTP/1.1" 200 7345
37.123.219.46 - - [05/Mar/2018:09:51:47 -0300] "GET / HTTP/1.1" 400 -
37.123.219.46 - - [05/Mar/2018:09:51:48 -0300] "GET / HTTP/1.1" 400 -
190.151.100.218 - - [05/Mar/2018:09:51:48 -0300] "GET /cormun/static/Shared/jqueryui/images/ui-bg_highlight-soft_100_c6c2c8_1x100.png HTTP/1.1" 404 1117
190.151.100.218 - - [05/Mar/2018:09:51:48 -0300] "GET /cormun/static/Shared/jqueryui/images/ui-icons_82798d_256x240.png HTTP/1.1" 404 1089
186.67.203.186 - - [05/Mar/2018:09:51:48 -0300] "GET /cormun/static/Shared/jqueryui/images/ui-bg_flat_55_fafafa_40x100.png HTTP/1.1" 404 1097
186.103.161.206 - - [05/Mar/2018:09:51:48 -0300] "GET /cormun/static/Shared/jqueryui/images/ui-icons_8d78a5_256x240.png HTTP/1.1" 404 1089
190.151.100.218 - - [05/Mar/2018:09:51:48 -0300] "POST /cormun/servlet/trautorizarsolicitud?99fc94f863d0c65053f203695ec6d88d,,gx-no-cache=1520254259740 HTTP/1.1" 200 7290
37.123.219.46 - - [05/Mar/2018:09:51:49 -0300] "GET / HTTP/1.1" 400 -
192.168.10.96 - - [05/Mar/2018:09:51:49 -0300] "GET /cormun/servlet/trsolicitudgral? HTTP/1.1" 200 11003
37.123.219.46 - - [05/Mar/2018:09:51:49 -0300] "GET / HTTP/1.1" 400 -
192.168.10.96 - - [05/Mar/2018:09:51:50 -0300] "GET /cormun/servlet/trsolicitudgral? HTTP/1.1" 200 11003
37.123.219.46 - - [05/Mar/2018:09:51:50 -0300] "GET / HTTP/1.1" 400 -
37.123.219.46 - - [05/Mar/2018:09:51:51 -0300] "GET / HTTP/1.1" 400 -
37.123.219.46 - - [05/Mar/2018:09:51:52 -0300] "GET / HTTP/1.1" 400 -
37.123.219.46 - - [05/Mar/2018:09:51:53 -0300] "GET / HTTP/1.1" 400 -
37.123.219.46 - - [05/Mar/2018:09:51:54 -0300] "GET / HTTP/1.1" 400 -
37.123.219.46 - - [05/Mar/2018:09:51:55 -0300] "GET / HTTP/1.1" 400 -
37.123.219.46 - - [05/Mar/2018:09:51:55 -0300] "GET / HTTP/1.1" 400 -
37.123.219.46 - - [05/Mar/2018:09:51:56 -0300] "GET / HTTP/1.1" 400 -
37.123.219.46 - - [05/Mar/2018:09:51:57 -0300] "GET / HTTP/1.1" 400 -
37.123.219.46 - - [05/Mar/2018:09:51:58 -0300] "GET / HTTP/1.1" 400 -
37.123.219.46 - - [05/Mar/2018:09:51:59 -0300] "GET / HTTP/1.1" 400 -
37.123.219.46 - - [05/Mar/2018:09:52:00 -0300] "GET / HTTP/1.1" 400 -
37.123.219.46 - - [05/Mar/2018:09:52:01 -0300] "GET / HTTP/1.1" 400 -
190.151.100.218 - - [05/Mar/2018:09:52:01 -0300] "GET /cormun/servlet/veautorizarsolicitud?2018,9979,, HTTP/1.1" 200 8581
190.151.100.218 - - [05/Mar/2018:09:52:01 -0300] "GET /cormun/pexe_scrolldiv.js HTTP/1.1" 404 1009
37.123.219.46 - - [05/Mar/2018:09:52:01 -0300] "GET / HTTP/1.1" 400 -
37.123.219.46 - - [05/Mar/2018:09:52:02 -0300] "GET / HTTP/1.1" 400 -
190.151.100.218 - - [05/Mar/2018:09:52:02 -0300] "GET /cormun/servlet/veautorizarsolicitud?2018,9979,, HTTP/1.1" 200 8580
37.123.219.46 - - [05/Mar/2018:09:52:03 -0300] "GET / HTTP/1.1" 400 -
37.123.219.46 - - [05/Mar/2018:09:52:04 -0300] "GET / HTTP/1.1" 400 -
37.123.219.46 - - [05/Mar/2018:09:52:05 -0300] "GET / HTTP/1.1" 400 -
37.123.219.46 - - [05/Mar/2018:09:52:06 -0300] "GET / HTTP/1.1" 400 -
37.123.219.46 - - [05/Mar/2018:09:52:07 -0300] "GET / HTTP/1.1" 400 -
37.123.219.46 - - [05/Mar/2018:09:52:08 -0300] "GET / HTTP/1.1" 400 -
37.123.219.46 - - [05/Mar/2018:09:52:09 -0300] "GET / HTTP/1.1" 400 -
37.123.219.46 - - [05/Mar/2018:09:52:10 -0300] "GET / HTTP/1.1" 400 -
37.123.219.46 - - [05/Mar/2018:09:52:11 -0300] "GET / HTTP/1.1" 400 -
37.123.219.46 - - [05/Mar/2018:09:52:11 -0300] "GET / HTTP/1.1" 400 -
37.123.219.46 - - [05/Mar/2018:09:52:12 -0300] "GET / HTTP/1.1" 400 -
37.123.219.46 - - [05/Mar/2018:09:52:13 -0300] "GET / HTTP/1.1" 400 -
37.123.219.46 - - [05/Mar/2018:09:52:14 -0300] "GET / HTTP/1.1" 400 -
37.123.219.46 - - [05/Mar/2018:09:52:15 -0300] "GET / HTTP/1.1" 400 -
37.123.219.46 - - [05/Mar/2018:09:52:16 -0300] "GET / HTTP/1.1" 400 -
37.123.219.46 - - [05/Mar/2018:09:52:16 -0300] "GET / HTTP/1.1" 400 -
37.123.219.46 - - [05/Mar/2018:09:52:17 -0300] "GET / HTTP/1.1" 400 -
37.123.219.46 - - [05/Mar/2018:09:52:18 -0300] "GET / HTTP/1.1" 400 -
37.123.219.46 - - [05/Mar/2018:09:52:18 -0300] "GET / HTTP/1.1" 400 -
37.123.219.46 - - [05/Mar/2018:09:52:19 -0300] "GET / HTTP/1.1" 400 -
37.123.219.46 - - [05/Mar/2018:09:52:20 -0300] "GET / HTTP/1.1" 400 -
37.123.219.46 - - [05/Mar/2018:09:52:20 -0300] "GET / HTTP/1.1" 400 -
37.123.219.46 - - [05/Mar/2018:09:52:21 -0300] "GET / HTTP/1.1" 400 -
37.123.219.46 - - [05/Mar/2018:09:52:22 -0300] "GET / HTTP/1.1" 400 -
37.123.219.46 - - [05/Mar/2018:09:52:23 -0300] "GET / HTTP/1.1" 400 -
37.123.219.46 - - [05/Mar/2018:09:52:24 -0300] "GET / HTTP/1.1" 400 -
37.123.219.46 - - [05/Mar/2018:09:52:25 -0300] "GET / HTTP/1.1" 400 -
200.111.122.170 - - [05/Mar/2018:09:52:25 -0300] "POST /cormun/servlet/solicitudot?gx-no-cache=1520254298259 HTTP/1.1" 200 30
37.123.219.46 - - [05/Mar/2018:09:52:25 -0300] "GET / HTTP/1.1" 400 -
200.111.122.170 - - [05/Mar/2018:09:52:26 -0300] "POST /cormun/servlet/solicitudot?92c21b8850daebe410845a6029066c7c,INS,0,0,,gx-no-cache=1520254298506 HTTP/1.1" 200 93
37.123.219.46 - - [05/Mar/2018:09:52:26 -0300] "GET / HTTP/1.1" 400 -
200.111.122.170 - - [05/Mar/2018:09:52:26 -0300] "GET /cormun/servlet/hpexe_return? HTTP/1.1" 200 1010
37.123.219.46 - - [05/Mar/2018:09:52:27 -0300] "GET / HTTP/1.1" 400 -
200.111.122.170 - - [05/Mar/2018:09:52:27 -0300] "GET /cormun/servlet/trsolicitudot HTTP/1.1" 200 8762
37.123.219.46 - - [05/Mar/2018:09:52:28 -0300] "GET / HTTP/1.1" 400 -
200.111.122.170 - - [05/Mar/2018:09:52:28 -0300] "GET /cormun/servlet/trsolicitudot HTTP/1.1" 200 8758
37.123.219.46 - - [05/Mar/2018:09:52:29 -0300] "GET / HTTP/1.1" 400 -
186.67.203.186 - - [05/Mar/2018:09:52:39 -0300] "POST /cormun/servlet/solicitudot?6ba8cff40705c9181b1e805fc2332e67,INS,0,0,,gx-no-cache=1520254313002 HTTP/1.1" 200 93
186.67.203.186 - - [05/Mar/2018:09:52:39 -0300] "GET /cormun/servlet/hpexe_return? HTTP/1.1" 200 997
186.67.203.186 - - [05/Mar/2018:09:52:39 -0300] "GET /cormun/static/gxcfg.js?2016101716175148 HTTP/1.1" 304 -
200.111.122.170 - - [05/Mar/2018:09:52:39 -0300] "POST /cormun/servlet/trsolicitudot?92c21b8850daebe410845a6029066c7c,gx-no-cache=1520254311522 HTTP/1.1" 200 4664
186.67.203.186 - - [05/Mar/2018:09:52:39 -0300] "GET /cormun/servlet/trsolicitudot HTTP/1.1" 200 8612
190.151.100.218 - - [05/Mar/2018:09:52:39 -0300] "GET /cormun/static/Shared/jqueryui/images/ui-icons_82798d_256x240.png HTTP/1.1" 404 1089
200.111.122.170 - - [05/Mar/2018:09:52:39 -0300] "GET /cormun/static/Shared/jqueryui/images/ui-bg_flat_55_fafafa_40x100.png HTTP/1.1" 404 1097
200.111.122.170 - - [05/Mar/2018:09:52:39 -0300] "GET /cormun/static/Shared/jqueryui/images/ui-bg_highlight-soft_100_c6c2c8_1x100.png HTTP/1.1" 404 1117
200.72.197.82 - - [05/Mar/2018:09:52:39 -0300] "GET /cormun/static/Shared/jqueryui/images/ui-icons_8d78a5_256x240.png HTTP/1.1" 404 1089
186.67.203.186 - - [05/Mar/2018:09:52:39 -0300] "GET /cormun/servlet/trsolicitudot HTTP/1.1" 200 8608
190.151.100.218 - - [05/Mar/2018:09:52:41 -0300] "POST /cormun/servlet/trsolicitudot?92c21b8850daebe410845a6029066c7c,gx-no-cache=1520254312415 HTTP/1.1" 200 4455
192.168.10.96 - - [05/Mar/2018:09:52:46 -0300] "POST /cormun/servlet/trsolicitudgral?f93fef4b366823c15ff0613be9c2e146,,gx-no-cache=1520254200682 HTTP/1.1" 200 26079
186.67.203.186 - - [05/Mar/2018:09:52:48 -0300] "POST /cormun/servlet/trsolicitudot?6ba8cff40705c9181b1e805fc2332e67,gx-no-cache=1520254323285 HTTP/1.1" 200 4669
186.67.203.186 - - [05/Mar/2018:09:52:49 -0300] "GET /cormun/static/Shared/jqueryui/images/ui-bg_highlight-soft_100_c6c2c8_1x100.png HTTP/1.1" 404 1117
186.67.203.186 - - [05/Mar/2018:09:52:49 -0300] "GET /cormun/static/Shared/jqueryui/images/ui-bg_flat_55_fafafa_40x100.png HTTP/1.1" 404 1097
200.72.197.82 - - [05/Mar/2018:09:52:49 -0300] "GET /cormun/static/Shared/jqueryui/images/ui-icons_82798d_256x240.png HTTP/1.1" 404 1089
186.103.161.206 - - [05/Mar/2018:09:52:49 -0300] "GET /cormun/static/Shared/jqueryui/images/ui-icons_8d78a5_256x240.png HTTP/1.1" 404 1089
186.67.203.186 - - [05/Mar/2018:09:52:49 -0300] "POST /cormun/servlet/trsolicitudot?6ba8cff40705c9181b1e805fc2332e67,gx-no-cache=1520254323574 HTTP/1.1" 200 4450
190.151.100.218 - - [05/Mar/2018:09:52:50 -0300] "GET /cormun/servlet/trautorizarsolicitud? HTTP/1.1" 200 10214
190.151.100.218 - - [05/Mar/2018:09:52:51 -0300] "GET /cormun/servlet/trautorizarsolicitud? HTTP/1.1" 200 10214
192.168.10.96 - - [05/Mar/2018:09:52:57 -0300] "POST /cormun/servlet/trsolicitudgral?f93fef4b366823c15ff0613be9c2e146,,gx-no-cache=1520254212028 HTTP/1.1" 200 105
192.168.10.96 - - [05/Mar/2018:09:52:58 -0300] "GET /cormun/SolicitudGral-3185.xls HTTP/1.1" 200 417792
186.67.203.186 - - [05/Mar/2018:09:52:59 -0300] "GET /cormun/servlet/trvisualizadoreventos? HTTP/1.1" 200 6761
186.67.203.186 - - [05/Mar/2018:09:52:59 -0300] "GET /cormun/static/gxcfg.js?20175251251426 HTTP/1.1" 304 -
186.67.203.186 - - [05/Mar/2018:09:52:59 -0300] "GET /cormun/servlet/trvisualizadoreventos? HTTP/1.1" 200 6760
186.67.203.186 - - [05/Mar/2018:09:53:01 -0300] "GET /cormun/servlet/trautorizarsolicitud? HTTP/1.1" 200 9344
186.67.203.186 - - [05/Mar/2018:09:53:01 -0300] "GET /cormun/static/gxcfg.js?2017111423403364 HTTP/1.1" 304 -
186.67.203.186 - - [05/Mar/2018:09:53:01 -0300] "GET /cormun/servlet/trautorizarsolicitud? HTTP/1.1" 200 9343
186.103.161.206 - - [05/Mar/2018:09:53:11 -0300] "POST /cormun/servlet/trautorizarsolicitud?6ba8cff40705c9181b1e805fc2332e67,,gx-no-cache=1520254345484 HTTP/1.1" 200 6264
186.103.161.206 - - [05/Mar/2018:09:53:11 -0300] "GET /cormun/static/Shared/jqueryui/images/ui-bg_highlight-soft_100_c6c2c8_1x100.png HTTP/1.1" 404 1117
186.67.203.186 - - [05/Mar/2018:09:53:11 -0300] "GET /cormun/static/Shared/jqueryui/images/ui-bg_flat_55_fafafa_40x100.png HTTP/1.1" 404 1097
186.103.161.206 - - [05/Mar/2018:09:53:11 -0300] "GET /cormun/static/Shared/jqueryui/images/ui-icons_8d78a5_256x240.png HTTP/1.1" 404 1089
186.103.161.206 - - [05/Mar/2018:09:53:11 -0300] "GET /cormun/static/Shared/jqueryui/images/ui-icons_82798d_256x240.png HTTP/1.1" 404 1089
200.111.122.170 - - [05/Mar/2018:09:53:11 -0300] "POST /cormun/servlet/trautorizarsolicitud?6ba8cff40705c9181b1e805fc2332e67,,gx-no-cache=1520254345730 HTTP/1.1" 200 6207
200.111.122.170 - - [05/Mar/2018:09:53:13 -0300] "POST /cormun/servlet/trautorizarsolicitud?6ba8cff40705c9181b1e805fc2332e67,,gx-no-cache=1520254347520 HTTP/1.1" 200 5792
200.111.122.170 - - [05/Mar/2018:09:53:13 -0300] "POST /cormun/servlet/trautorizarsolicitud?6ba8cff40705c9181b1e805fc2332e67,,gx-no-cache=1520254347748 HTTP/1.1" 200 5740
200.111.122.170 - - [05/Mar/2018:09:53:14 -0300] "POST /cormun/servlet/trautorizarsolicitud?6ba8cff40705c9181b1e805fc2332e67,,gx-no-cache=1520254349071 HTTP/1.1" 200 4596
200.111.122.170 - - [05/Mar/2018:09:53:14 -0300] "POST /cormun/servlet/trautorizarsolicitud?6ba8cff40705c9181b1e805fc2332e67,,gx-no-cache=1520254349239 HTTP/1.1" 200 4380
200.111.122.170 - - [05/Mar/2018:09:53:20 -0300] "GET /cormun/servlet/trsolicitudot? HTTP/1.1" 200 7414
200.111.122.170 - - [05/Mar/2018:09:53:21 -0300] "GET /cormun/servlet/trsolicitudot? HTTP/1.1" 200 7413
200.111.122.170 - - [05/Mar/2018:09:53:24 -0300] "GET /cormun/servlet/solicitudot?INS,0,0, HTTP/1.1" 200 13645
200.111.122.170 - - [05/Mar/2018:09:53:25 -0300] "GET /cormun/servlet/solicitudot?INS,0,0, HTTP/1.1" 200 13650
200.111.122.170 - - [05/Mar/2018:09:53:34 -0300] "GET /cormun/servlet/trsolicitudot? HTTP/1.1" 200 7243
200.111.122.170 - - [05/Mar/2018:09:53:35 -0300] "GET /cormun/servlet/trsolicitudot? HTTP/1.1" 200 7242
200.72.197.82 - - [05/Mar/2018:09:53:37 -0300] "GET /cormun/servlet/solicitudot?INS,0,0, HTTP/1.1" 200 13485
200.72.197.82 - - [05/Mar/2018:09:53:37 -0300] "GET /cormun/servlet/solicitudot?INS,0,0, HTTP/1.1" 200 13490
186.67.203.186 - - [05/Mar/2018:09:53:58 -0300] "POST /cormun/servlet/solicitudot?gx-no-cache=1520254392267 HTTP/1.1" 200 3413
186.67.203.186 - - [05/Mar/2018:09:53:58 -0300] "POST /cormun/servlet/solicitudot?6ba8cff40705c9181b1e805fc2332e67,INS,0,0,,gx-no-cache=1520254392648 HTTP/1.1" 200 10568
186.67.203.186 - - [05/Mar/2018:09:54:01 -0300] "GET /cormun/servlet/solicitudot?615c66ac13f2e342cd0c75cc0fd8ece2d0fbee83b5c00ccb63565675fa50072c9e7e80914dce133eba6be3fb20f4aeb6,gx-no-cache=1520254395536 HTTP/1.1" 200 30
186.67.203.186 - - [05/Mar/2018:09:54:01 -0300] "GET /cormun/servlet/solicitudot?615c66ac13f2e342cd0c75cc0fd8ece20428fc00079e81feeb42b322c748581180490270a7199eefa233aa4e769dc205eaad83ce1fb194e7b3c3a120feb9d701,gx-no-cache=1520254395591 HTTP/1.1" 200 30
186.67.203.186 - - [05/Mar/2018:09:54:01 -0300] "GET /cormun/servlet/solicitudot?615c66ac13f2e342cd0c75cc0fd8ece2991ac2a5b881b282eb07660019d4b55d,gx-no-cache=1520254395635 HTTP/1.1" 200 60
192.168.10.96 - - [05/Mar/2018:09:54:05 -0300] "POST /cormun/servlet/trsolicitudgral?f93fef4b366823c15ff0613be9c2e146,,gx-no-cache=1520254283781 HTTP/1.1" 200 26588
186.67.203.186 - - [05/Mar/2018:09:54:08 -0300] "POST /cormun/servlet/solicitudot?gx-no-cache=1520254403239 HTTP/1.1" 200 256
186.67.203.186 - - [05/Mar/2018:09:54:08 -0300] "GET /cormun/servlet/solicitudot?615c66ac13f2e342cd0c75cc0fd8ece2afb467dd11e997f9c482d318960cd57e59e5f8d9f2bc8fa0dedd620c66d54d1114206e592114b2780e740719f13e9e894f71767d7ceec3cb2191a1bc74ebd8b2cae0830a159bcb1180ec42d013ae66f5c6a11f8925a1e6c281e3019f80510df012a7d56a7ff01f528a77b741d1474713e552dfc8b3f71c9b51c8bfbb054e4b1033818b639f1c86c209e5ad5900610f5580fd53c6e8f26365abc88250d9aff7b68a907c633729b50016c82a76ce733cd5607ed0191609c0539763c6a23e06be6929fdc59869df7ea06c5c3db21f36d1d933f124b5ca2440c2fb88434679b674147bc7e166aae2d334516b21b4a052c9385af8d79b84f50c0b551d6a3d819acaf866d2bb05c8b784469f3491ff299beb7ba8d75d7ddcdc7e782527842ef4f6b8c059b8e89b7e0f13aeb2c43a9fb473354077517019d3c1c72358265b4ec8bc0690f6e2ae813ff601d0d5cd70d4d5b86446e07b9bb5dcb1f0e028f3445b64c384fdd5853065ca66329c886deb7a82dfac89,gx-no-cache=1520254403346 HTTP/1.1" 200 30
186.67.203.186 - - [05/Mar/2018:09:54:11 -0300] "POST /cormun/servlet/solicitudot?gx-no-cache=1520254405594 HTTP/1.1" 200 30
