157.55.39.176 - - [05/Mar/2018:12:30:03 -0300] "GET /cormun/static/gxui/gxui-all.css?120300 HTTP/1.1" 200 2179
157.55.39.176 - - [05/Mar/2018:12:30:03 -0300] "GET /cormun/static/hpexe_messagegenexuscomponent.js?201752511465344 HTTP/1.1" 200 587
157.55.39.177 - - [05/Mar/2018:12:30:03 -0300] "GET /cormun/static/Shared/jqueryui/jquery-ui.min.css?1245370 HTTP/1.1" 200 30288
157.55.39.176 - - [05/Mar/2018:12:30:03 -0300] "GET /cormun/static/hwchdr01.js?201752511465785 HTTP/1.1" 200 1183
157.55.39.177 - - [05/Mar/2018:12:30:04 -0300] "GET /cormun/static/SmoothNavMenu/resources/ddsmoothmenu-v.css?1012540 HTTP/1.1" 200 1188
157.55.39.177 - - [05/Mar/2018:12:30:04 -0300] "GET /cormun/static/SmoothNavMenu/resources/ddsmoothmenu.css?1012540 HTTP/1.1" 200 2223
157.55.39.176 - - [05/Mar/2018:12:30:04 -0300] "GET /cormun/static/trsolicitudot.js?201711142259839 HTTP/1.1" 200 54041
157.55.39.177 - - [05/Mar/2018:12:30:04 -0300] "GET /cormun/static/calendar-system.css?85620 HTTP/1.1" 200 5572
157.55.39.177 - - [05/Mar/2018:12:30:04 -0300] "GET /cormun/static/gxui/gxui-all.js HTTP/1.1" 200 107772
157.55.39.177 - - [05/Mar/2018:12:30:05 -0300] "GET /cormun/static/hpexe_messagepopupcomponent.js?20161017169425 HTTP/1.1" 200 605
157.55.39.177 - - [05/Mar/2018:12:30:05 -0300] "GET /cormun/static/hpexe_recentlink.js?20177611595044 HTTP/1.1" 200 2144
157.55.39.177 - - [05/Mar/2018:12:30:05 -0300] "GET /cormun/static/messages.spa.js?85251 HTTP/1.1" 200 30736
157.55.39.177 - - [05/Mar/2018:12:30:06 -0300] "GET /cormun/static/scaMessage/js/jquery.pnotify.min.js HTTP/1.1" 200 13038
157.55.39.177 - - [05/Mar/2018:12:30:06 -0300] "GET /cormun/static/scaMessage/css/jquery.pnotify.default.css?1716380 HTTP/1.1" 200 1707
157.55.39.176 - - [05/Mar/2018:12:30:11 -0300] "GET /cormun/static/PXToolsJavascripts/pexe_grid.js HTTP/1.1" 200 7559
157.55.39.176 - - [05/Mar/2018:12:30:11 -0300] "GET /cormun/static/PXToolsJavascripts/pexe_menudivfix.js HTTP/1.1" 200 333
157.55.39.176 - - [05/Mar/2018:12:30:11 -0300] "GET /cormun/static/PXToolsJavascripts/pexe_link.js HTTP/1.1" 200 5671
157.55.39.176 - - [05/Mar/2018:12:30:12 -0300] "GET /cormun/static/PXToolsJavascripts/pexe_oav.js HTTP/1.1" 200 645
157.55.39.176 - - [05/Mar/2018:12:30:12 -0300] "GET /cormun/static/PXToolsJavascripts/pexe_popup.js HTTP/1.1" 200 13458
157.55.39.176 - - [05/Mar/2018:12:30:12 -0300] "GET /cormun/static/PXToolsJavascripts/pexe_tabdivfix.js HTTP/1.1" 200 876
157.55.39.176 - - [05/Mar/2018:12:30:13 -0300] "GET /cormun/static/Resources/PXToolsActionExcel.png HTTP/1.1" 200 3187
157.55.39.176 - - [05/Mar/2018:12:30:13 -0300] "GET /cormun/static/Resources/PXToolsFooterBackground2.png HTTP/1.1" 200 1172
157.55.39.176 - - [05/Mar/2018:12:30:13 -0300] "GET /cormun/static/Resources/PXToolsGridLastDisabled.gif HTTP/1.1" 200 98
157.55.39.176 - - [05/Mar/2018:12:30:13 -0300] "GET /cormun/static/Resources/PXToolsGridPage.gif HTTP/1.1" 200 725
157.55.39.176 - - [05/Mar/2018:12:30:14 -0300] "GET /cormun/static/Resources/PXToolsHeaderSecurity.png HTTP/1.1" 200 4166
157.55.39.177 - - [05/Mar/2018:12:30:14 -0300] "GET /cormun/static/PXToolsJavascripts/pexe_layers.js HTTP/1.1" 200 4114
157.55.39.176 - - [05/Mar/2018:12:30:14 -0300] "GET /cormun/static/Resources/logo4.png HTTP/1.1" 200 6582
157.55.39.177 - - [05/Mar/2018:12:30:14 -0300] "GET /cormun/static/PXToolsJavascripts/pexe_picture.js HTTP/1.1" 200 689
157.55.39.176 - - [05/Mar/2018:12:30:14 -0300] "GET /cormun/static/SmoothNavMenu/resources/SmoothNavMenuRender.js HTTP/1.1" 200 5951
157.55.39.177 - - [05/Mar/2018:12:30:14 -0300] "GET /cormun/static/PXToolsJavascripts/pexe_scrolldiv.js HTTP/1.1" 200 4138
157.55.39.177 - - [05/Mar/2018:12:30:15 -0300] "GET /cormun/static/PXToolsJavascripts/pexe_upload.js HTTP/1.1" 200 1423
157.55.39.176 - - [05/Mar/2018:12:30:15 -0300] "GET /cormun/static/calendar-setup.js?85251 HTTP/1.1" 200 2588
157.55.39.177 - - [05/Mar/2018:12:30:15 -0300] "GET /cormun/static/Resources/PXToolsGridFirstDisabled.gif HTTP/1.1" 200 100
157.55.39.176 - - [05/Mar/2018:12:30:15 -0300] "GET /cormun/static/gxcfg.js?2017111422585916 HTTP/1.1" 200 953
157.55.39.177 - - [05/Mar/2018:12:30:15 -0300] "GET /cormun/static/Resources/PXToolsHeaderActionsBackground.png HTTP/1.1" 200 484
157.55.39.176 - - [05/Mar/2018:12:30:15 -0300] "GET /cormun/static/gxdec.js?85251 HTTP/1.1" 200 19579
157.55.39.177 - - [05/Mar/2018:12:30:15 -0300] "GET /cormun/static/Resources/PXToolsHeaderHome.png HTTP/1.1" 200 4147
157.55.39.177 - - [05/Mar/2018:12:30:16 -0300] "GET /cormun/static/Resources/PXToolsHeaderLogin.png HTTP/1.1" 200 4279
157.55.39.176 - - [05/Mar/2018:12:30:16 -0300] "GET /cormun/static/gxui/gxui-all.css?120300 HTTP/1.1" 200 2179
157.55.39.176 - - [05/Mar/2018:12:30:16 -0300] "GET /cormun/static/hpexe_messagegenexuscomponent.js?201752511465344 HTTP/1.1" 200 587
157.55.39.176 - - [05/Mar/2018:12:30:16 -0300] "GET /cormun/static/hwchdr01.js?201752511465785 HTTP/1.1" 200 1183
157.55.39.176 - - [05/Mar/2018:12:30:17 -0300] "GET /cormun/static/trsolicitudot.js?201711142259839 HTTP/1.1" 200 54041
200.86.95.220 - - [05/Mar/2018:12:30:17 -0300] "POST /cormun/servlet/trsolicitudot?9a8bf5951136b49a6ff8f22a17dd5638,gx-no-cache=1520263770824 HTTP/1.1" 200 4455
200.86.95.220 - - [05/Mar/2018:12:30:17 -0300] "GET /cormun/static/Shared/jqueryui/images/ui-bg_highlight-soft_100_c6c2c8_1x100.png HTTP/1.1" 404 1117
200.86.95.220 - - [05/Mar/2018:12:30:17 -0300] "GET /cormun/static/Shared/jqueryui/images/ui-icons_82798d_256x240.png HTTP/1.1" 404 1089
200.86.95.220 - - [05/Mar/2018:12:30:17 -0300] "GET /cormun/static/Shared/jqueryui/images/ui-bg_flat_55_fafafa_40x100.png HTTP/1.1" 404 1097
200.86.95.220 - - [05/Mar/2018:12:30:17 -0300] "GET /cormun/static/Shared/jqueryui/images/ui-icons_8d78a5_256x240.png HTTP/1.1" 404 1089
200.86.95.220 - - [05/Mar/2018:12:30:17 -0300] "POST /cormun/servlet/trsolicitudot?9a8bf5951136b49a6ff8f22a17dd5638,gx-no-cache=1520263771200 HTTP/1.1" 200 4252
157.55.39.177 - - [05/Mar/2018:12:30:21 -0300] "GET /cormun/static/Shared/ext/ext-all.js HTTP/1.1" 200 1289687
157.55.39.177 - - [05/Mar/2018:12:30:23 -0300] "GET /cormun/static/Shared/ext/resources/css/ext-all.css?215870 HTTP/1.1" 200 416045
157.55.39.177 - - [05/Mar/2018:12:30:25 -0300] "GET /cormun/static/Shared/jquery/jquery-1.10.2.min.js HTTP/1.1" 200 273199
157.55.39.177 - - [05/Mar/2018:12:30:25 -0300] "GET /cormun/static/Shared/jquery/jquery-1.4.2.min.js HTTP/1.1" 200 72174
157.55.39.177 - - [05/Mar/2018:12:30:26 -0300] "GET /cormun/static/Shared/jqueryui/jquery-ui.min.css?1245370 HTTP/1.1" 200 30288
157.55.39.177 - - [05/Mar/2018:12:30:26 -0300] "GET /cormun/static/SmoothNavMenu/resources/ddsmoothmenu-v.css?1012540 HTTP/1.1" 200 1188
157.55.39.177 - - [05/Mar/2018:12:30:26 -0300] "GET /cormun/static/SmoothNavMenu/resources/ddsmoothmenu.css?1012540 HTTP/1.1" 200 2223
157.55.39.177 - - [05/Mar/2018:12:30:27 -0300] "GET /cormun/static/calendar-system.css?85620 HTTP/1.1" 200 5572
157.55.39.177 - - [05/Mar/2018:12:30:27 -0300] "GET /cormun/static/gxui/gxui-all.js HTTP/1.1" 200 107772
157.55.39.177 - - [05/Mar/2018:12:30:27 -0300] "GET /cormun/static/hpexe_messagepopupcomponent.js?20161017169425 HTTP/1.1" 200 605
157.55.39.177 - - [05/Mar/2018:12:30:28 -0300] "GET /cormun/static/hpexe_recentlink.js?20177611595044 HTTP/1.1" 200 2144
157.55.39.177 - - [05/Mar/2018:12:30:28 -0300] "GET /cormun/static/scaMessage/css/jquery.pnotify.default.css?1716380 HTTP/1.1" 200 1707
157.55.39.177 - - [05/Mar/2018:12:30:28 -0300] "GET /cormun/static/messages.spa.js?85251 HTTP/1.1" 200 30736
157.55.39.177 - - [05/Mar/2018:12:30:28 -0300] "GET /cormun/static/scaMessage/js/jquery.pnotify.min.js HTTP/1.1" 200 13038
200.86.95.220 - - [05/Mar/2018:12:30:30 -0300] "GET /cormun/servlet/hlogin HTTP/1.1" 200 1715
157.55.39.179 - - [05/Mar/2018:12:30:36 -0300] "GET /cormun/static/Resources/PXToolsGridNextDisabled.gif HTTP/1.1" 200 90
157.55.39.179 - - [05/Mar/2018:12:30:36 -0300] "GET /cormun/static/Resources/PXToolsHeaderActionsLeft.png HTTP/1.1" 200 1118
157.55.39.179 - - [05/Mar/2018:12:30:38 -0300] "GET /cormun/static/gxgral.js?85251 HTTP/1.1" 200 384558
157.55.39.179 - - [05/Mar/2018:12:30:38 -0300] "GET /cormun/static/gxtimezone.js?85251 HTTP/1.1" 200 5781
200.86.95.220 - - [05/Mar/2018:12:30:39 -0300] "POST /cormun/servlet/hlogin?9a8bf5951136b49a6ff8f22a17dd5638,gx-no-cache=1520263792552 HTTP/1.1" 200 90
207.46.13.135 - - [05/Mar/2018:12:30:39 -0300] "GET /cormun/static/PXToolsJavascripts/PXToolsJavascriptsRender.js HTTP/1.1" 200 367
200.86.95.220 - - [05/Mar/2018:12:30:39 -0300] "GET /cormun/servlet/hpexe_link HTTP/1.1" 200 948
157.55.39.179 - - [05/Mar/2018:12:30:39 -0300] "GET /cormun/static/hmpwkw03.js?20177612122668 HTTP/1.1" 200 3965
200.86.95.220 - - [05/Mar/2018:12:30:39 -0300] "GET /cormun/servlet/hhome HTTP/1.1" 200 4116
207.46.13.135 - - [05/Mar/2018:12:30:39 -0300] "GET /cormun/static/PXToolsJavascripts/pexe_menus.js HTTP/1.1" 200 1286
157.55.39.179 - - [05/Mar/2018:12:30:39 -0300] "GET /cormun/static/hpexe_scripts.js?201752511465715 HTTP/1.1" 200 1544
207.46.13.135 - - [05/Mar/2018:12:30:39 -0300] "GET /cormun/static/PXToolsJavascripts/pexe_oavdivfix.js HTTP/1.1" 200 639
207.46.13.135 - - [05/Mar/2018:12:30:40 -0300] "GET /cormun/static/Resources/Spanish/PXTools.css?1255365 HTTP/1.1" 200 89042
200.86.95.220 - - [05/Mar/2018:12:30:40 -0300] "GET /cormun/servlet/hhome HTTP/1.1" 200 4111
186.103.161.206 - - [05/Mar/2018:12:30:40 -0300] "GET /cormun/servlet/solicitudot?cedc5fea418a3fd589ae7c1b1a24ed4e6552d77c1850de712999504d5fdaf54427de0a88600f2d58dcd28ef9460dd1e2165e487c4e6f22d3d80237686d35910c,gx-no-cache=1520263794733 HTTP/1.1" 200 30
186.103.161.206 - - [05/Mar/2018:12:30:40 -0300] "GET /cormun/servlet/solicitudot?cedc5fea418a3fd589ae7c1b1a24ed4e50579ac561e0de53199c6cc49c01fa9050c111f7d775c2ea8673d31d3780080471cec3a789dd3175b34fa74628be86ab9e6117debadc1624d1b67667bea9197cd0243a5e9ef89d0e9f189ec79d401673cf3ef3d68da83c146000a78d72bead9712cb0326059e572d5a1f4743f152f3ec93b301a319e196f09acf914bf89337374813e592b9aa9c4cb6b07e0ed946d33b20870b1fb7760e93c780d3312a0548023191efe174c0d7bf4625c4523022b768237c2657aa2318428c35a5530bd645d052aaaa9a1f39582b24ef56637902b2844112304cf1476804f7910a293fe55f99c055edde0a7c80da0570c6df5236f0fa4bcfbc983d3454d2e8d68aacf41b2b0dd052070bcdacc96ebd021183815a842f436e6d1c15d9f9245f9cb86e2ff438e0a6f6f53686e886744c514b4b01226f8969196409c5cd75c251f83c6f7d8e46d10eab05db15ef7c64bc242758d474e8e872cba7a15f24e4f612817d2c42b078678ab0a2318edd0bf837aefb06d9d08d60ddf726afa67b975243e463ea955f7fad,gx-no-cache=1520263795251 HTTP/1.1" 200 30
186.103.161.206 - - [05/Mar/2018:12:30:40 -0300] "POST /cormun/servlet/solicitudot?gx-no-cache=1520263795306 HTTP/1.1" 200 30
186.103.161.206 - - [05/Mar/2018:12:30:41 -0300] "POST /cormun/servlet/solicitudot?gx-no-cache=1520263795377 HTTP/1.1" 200 1332
186.103.161.206 - - [05/Mar/2018:12:30:41 -0300] "POST /cormun/servlet/solicitudot?gx-no-cache=1520263795499 HTTP/1.1" 200 41
207.46.13.135 - - [05/Mar/2018:12:30:41 -0300] "GET /cormun/static/Shared/jqueryui/jquery-ui.min.js HTTP/1.1" 200 240427
207.46.13.135 - - [05/Mar/2018:12:30:42 -0300] "GET /cormun/static/calendar-es.js?85251 HTTP/1.1" 200 1901
207.46.13.135 - - [05/Mar/2018:12:30:42 -0300] "GET /cormun/static/SmoothNavMenu/resources/ddsmoothmenu.js HTTP/1.1" 200 12712
207.46.13.135 - - [05/Mar/2018:12:30:42 -0300] "GET /cormun/static/hpexe_messagecontroller.js?20177611595012 HTTP/1.1" 200 870
186.103.161.206 - - [05/Mar/2018:12:30:42 -0300] "POST /cormun/servlet/solicitudot?gx-no-cache=1520263796412 HTTP/1.1" 200 1318
207.46.13.135 - - [05/Mar/2018:12:30:42 -0300] "GET /cormun/static/scaMessage/scaMessageRender.js HTTP/1.1" 200 11977
207.46.13.135 - - [05/Mar/2018:12:30:43 -0300] "GET /cormun/static/PXToolsJavascripts/PXToolsJavascriptsRender.js HTTP/1.1" 200 367
200.86.95.220 - - [05/Mar/2018:12:30:43 -0300] "GET /cormun/servlet/trautorizarsolicitud? HTTP/1.1" 200 8578
207.46.13.135 - - [05/Mar/2018:12:30:43 -0300] "GET /cormun/static/PXToolsJavascripts/pexe_menus.js HTTP/1.1" 200 1286
200.86.95.220 - - [05/Mar/2018:12:30:43 -0300] "GET /cormun/static/gxcfg.js?2017111423403364 HTTP/1.1" 304 -
207.46.13.135 - - [05/Mar/2018:12:30:43 -0300] "GET /cormun/static/PXToolsJavascripts/pexe_oavdivfix.js HTTP/1.1" 200 639
207.46.13.135 - - [05/Mar/2018:12:30:43 -0300] "GET /cormun/static/Resources/PXToolsDataSearch.png HTTP/1.1" 200 419
207.46.13.135 - - [05/Mar/2018:12:30:44 -0300] "GET /cormun/static/Resources/PXToolsGridNew.png HTTP/1.1" 200 2949
207.46.13.135 - - [05/Mar/2018:12:30:44 -0300] "GET /cormun/static/Resources/PXToolsGridPreviousDisabled.gif HTTP/1.1" 200 90
200.86.95.220 - - [05/Mar/2018:12:30:44 -0300] "GET /cormun/servlet/trautorizarsolicitud? HTTP/1.1" 200 8576
186.103.161.206 - - [05/Mar/2018:12:30:44 -0300] "POST /cormun/servlet/solicitudot?gx-no-cache=1520263798892 HTTP/1.1" 200 1218
207.46.13.135 - - [05/Mar/2018:12:30:44 -0300] "GET /cormun/static/Resources/PXToolsHeaderActionsRight.png HTTP/1.1" 200 1201
207.46.13.135 - - [05/Mar/2018:12:30:44 -0300] "GET /cormun/static/Resources/PXToolsHeaderPreferences.png HTTP/1.1" 200 4189
207.46.13.135 - - [05/Mar/2018:12:30:45 -0300] "GET /cormun/static/Resources/Spanish/PXTools.css?1255365 HTTP/1.1" 200 89042
186.103.161.206 - - [05/Mar/2018:12:30:45 -0300] "GET /cormun/servlet/solicitudot?cedc5fea418a3fd589ae7c1b1a24ed4ea077f25f1687e2989610c808d5459cfcb91c773f1bea70d75c93abfd70cd8d58,gx-no-cache=1520263799742 HTTP/1.1" 200 30
207.46.13.135 - - [05/Mar/2018:12:30:46 -0300] "GET /cormun/static/Shared/jqueryui/jquery-ui.min.js HTTP/1.1" 200 240427
207.46.13.135 - - [05/Mar/2018:12:30:46 -0300] "GET /cormun/static/SmoothNavMenu/resources/ddsmoothmenu.js HTTP/1.1" 200 12712
207.46.13.135 - - [05/Mar/2018:12:30:46 -0300] "GET /cormun/static/calendar-es.js?85251 HTTP/1.1" 200 1901
207.46.13.135 - - [05/Mar/2018:12:30:46 -0300] "GET /cormun/static/hpexe_messagecontroller.js?20177611595012 HTTP/1.1" 200 870
207.46.13.135 - - [05/Mar/2018:12:30:46 -0300] "GET /cormun/static/scaMessage/scaMessageRender.js HTTP/1.1" 200 11977
186.103.161.206 - - [05/Mar/2018:12:30:47 -0300] "POST /cormun/servlet/solicitudot?gx-no-cache=1520263801395 HTTP/1.1" 200 30
186.103.161.206 - - [05/Mar/2018:12:30:47 -0300] "POST /cormun/servlet/solicitudot?516ec1e7fae1310d0caaf1357bc48578,INS,0,0,,gx-no-cache=1520263801718 HTTP/1.1" 200 93
200.86.95.220 - - [05/Mar/2018:12:30:48 -0300] "POST /cormun/servlet/trautorizarsolicitud?9a8bf5951136b49a6ff8f22a17dd5638,,gx-no-cache=1520263801528 HTTP/1.1" 200 4576
200.86.95.220 - - [05/Mar/2018:12:30:48 -0300] "GET /cormun/static/Shared/jqueryui/images/ui-bg_highlight-soft_100_c6c2c8_1x100.png HTTP/1.1" 404 1117
200.86.95.220 - - [05/Mar/2018:12:30:48 -0300] "GET /cormun/static/Shared/jqueryui/images/ui-icons_82798d_256x240.png HTTP/1.1" 404 1089
200.86.95.220 - - [05/Mar/2018:12:30:48 -0300] "GET /cormun/static/Shared/jqueryui/images/ui-bg_flat_55_fafafa_40x100.png HTTP/1.1" 404 1097
200.86.95.220 - - [05/Mar/2018:12:30:48 -0300] "GET /cormun/static/Shared/jqueryui/images/ui-icons_8d78a5_256x240.png HTTP/1.1" 404 1089
186.103.161.206 - - [05/Mar/2018:12:30:48 -0300] "GET /cormun/servlet/hpexe_return? HTTP/1.1" 200 1004
200.86.95.220 - - [05/Mar/2018:12:30:48 -0300] "POST /cormun/servlet/trautorizarsolicitud?9a8bf5951136b49a6ff8f22a17dd5638,,gx-no-cache=1520263801837 HTTP/1.1" 200 4373
186.103.161.206 - - [05/Mar/2018:12:30:48 -0300] "GET /cormun/servlet/trsolicitudot HTTP/1.1" 200 8634
186.103.161.206 - - [05/Mar/2018:12:30:49 -0300] "GET /cormun/servlet/trsolicitudot HTTP/1.1" 200 8630
200.86.95.220 - - [05/Mar/2018:12:30:52 -0300] "GET /cormun/servlet/trcontratosolicitud? HTTP/1.1" 200 13763
200.86.95.220 - - [05/Mar/2018:12:30:52 -0300] "GET /cormun/static/gxcfg.js?20177612214014 HTTP/1.1" 200 953
200.86.95.220 - - [05/Mar/2018:12:30:52 -0300] "GET /cormun/static/trcontratosolicitud.js?20177612214349 HTTP/1.1" 200 28237
200.86.95.220 - - [05/Mar/2018:12:30:53 -0300] "GET /cormun//static/Resources/PXToolsGridNew.png HTTP/1.1" 200 2949
200.86.95.220 - - [05/Mar/2018:12:30:53 -0300] "GET /cormun/servlet/trcontratosolicitud? HTTP/1.1" 200 13766
200.72.197.82 - - [05/Mar/2018:12:30:55 -0300] "POST /cormun/servlet/trsolicitudot?516ec1e7fae1310d0caaf1357bc48578,gx-no-cache=1520263809260 HTTP/1.1" 200 6053
200.72.197.82 - - [05/Mar/2018:12:30:55 -0300] "GET /cormun/static/Shared/jqueryui/images/ui-bg_highlight-soft_100_c6c2c8_1x100.png HTTP/1.1" 404 1117
186.67.203.186 - - [05/Mar/2018:12:30:55 -0300] "GET /cormun/static/Shared/jqueryui/images/ui-icons_82798d_256x240.png HTTP/1.1" 404 1089
200.72.197.82 - - [05/Mar/2018:12:30:55 -0300] "GET /cormun/static/Shared/jqueryui/images/ui-bg_flat_55_fafafa_40x100.png HTTP/1.1" 404 1097
186.67.203.186 - - [05/Mar/2018:12:30:55 -0300] "GET /cormun/static/Shared/jqueryui/images/ui-icons_8d78a5_256x240.png HTTP/1.1" 404 1089
186.67.203.186 - - [05/Mar/2018:12:30:58 -0300] "GET /cormun/servlet/solicitudot?INS,0,0, HTTP/1.1" 200 13512
186.67.203.186 - - [05/Mar/2018:12:30:58 -0300] "GET /cormun/servlet/solicitudot?INS,0,0, HTTP/1.1" 200 13517
200.72.197.82 - - [05/Mar/2018:12:31:06 -0300] "GET /cormun/servlet/trautorizarsolicitud? HTTP/1.1" 200 7175
200.72.197.82 - - [05/Mar/2018:12:31:06 -0300] "GET /cormun/servlet/trautorizarsolicitud? HTTP/1.1" 200 7169
186.103.132.155 - - [05/Mar/2018:12:31:08 -0300] "GET /cormun/servlet/trsolicitudot? HTTP/1.1" 200 8631
186.103.132.155 - - [05/Mar/2018:12:31:10 -0300] "GET /cormun/servlet/trsolicitudot? HTTP/1.1" 200 8630
200.111.122.170 - - [05/Mar/2018:12:31:14 -0300] "GET /cormun/servlet/solicitudot?INS,0,0, HTTP/1.1" 200 13512
200.111.122.170 - - [05/Mar/2018:12:31:15 -0300] "GET /cormun/servlet/solicitudot?INS,0,0, HTTP/1.1" 200 13517
186.103.132.155 - - [05/Mar/2018:12:31:16 -0300] "POST /cormun/servlet/solicitudot?516ec1e7fae1310d0caaf1357bc48578,INS,0,0,,gx-no-cache=1520263830744 HTTP/1.1" 200 93
186.103.132.155 - - [05/Mar/2018:12:31:16 -0300] "GET /cormun/servlet/hpexe_return? HTTP/1.1" 200 1004
186.103.132.155 - - [05/Mar/2018:12:31:17 -0300] "GET /cormun/servlet/trsolicitudot HTTP/1.1" 200 8634
192.168.10.56 - - [05/Mar/2018:12:31:19 -0300] "POST /cormun/servlet/trsolicitudgral?c967522d3182b5c31d5a761c445aa71a,,gx-no-cache=1520263718463 HTTP/1.1" 200 12565
186.103.132.155 - - [05/Mar/2018:12:31:19 -0300] "GET /cormun/servlet/trsolicitudot HTTP/1.1" 200 8630
200.111.122.170 - - [05/Mar/2018:12:31:21 -0300] "POST /cormun/servlet/trsolicitudot?516ec1e7fae1310d0caaf1357bc48578,gx-no-cache=1520263836147 HTTP/1.1" 200 106
200.111.122.170 - - [05/Mar/2018:12:31:21 -0300] "GET /cormun/servlet/trsolicitudadjuntos?2018,9998, HTTP/1.1" 200 6149
200.111.122.170 - - [05/Mar/2018:12:31:22 -0300] "GET /cormun/static/gxcfg.js?20177612135366 HTTP/1.1" 304 -
200.111.122.170 - - [05/Mar/2018:12:31:23 -0300] "GET /cormun/servlet/trsolicitudadjuntos?2018,9998, HTTP/1.1" 200 6149
200.111.122.170 - - [05/Mar/2018:12:31:24 -0300] "GET /cormun/servlet/solicitudotadjuntos?INS,2018,9998,,2, HTTP/1.1" 200 6099
200.111.122.170 - - [05/Mar/2018:12:31:25 -0300] "GET /cormun/static/gxcfg.js?2017761244068 HTTP/1.1" 304 -
200.111.122.170 - - [05/Mar/2018:12:31:25 -0300] "GET /cormun/static/about:blank HTTP/1.1" 404 1011
200.111.122.170 - - [05/Mar/2018:12:31:25 -0300] "GET /cormun/servlet/solicitudotadjuntos?INS,2018,9998,,2, HTTP/1.1" 200 6093
186.67.203.186 - - [05/Mar/2018:12:31:26 -0300] "GET /cormun/servlet/solicitudotadjuntos?cedc5fea418a3fd589ae7c1b1a24ed4eb6ffc0bcae6fae96d00ee1b33ef58b5535650ceb7073a36218872b5fe5c24d31,gx-no-cache=1520263840398 HTTP/1.1" 200 30
186.67.203.186 - - [05/Mar/2018:12:31:26 -0300] "POST /cormun/servlet/solicitudotadjuntos?516ec1e7fae1310d0caaf1357bc48578,INS,2018,9998,,2,,gx-no-cache=1520263840466 HTTP/1.1" 200 4201
186.67.203.186 - - [05/Mar/2018:12:31:30 -0300] "POST /cormun/servlet/solicitudotadjuntos?516ec1e7fae1310d0caaf1357bc48578,INS,2018,9998,,2,,gx-no-cache=1520263844935 HTTP/1.1" 200 93
186.67.203.186 - - [05/Mar/2018:12:31:30 -0300] "GET /cormun/servlet/hpexe_return? HTTP/1.1" 200 1022
186.67.203.186 - - [05/Mar/2018:12:31:30 -0300] "GET /cormun/servlet/trsolicitudadjuntos?2018,9998, HTTP/1.1" 200 6152
186.67.203.186 - - [05/Mar/2018:12:31:31 -0300] "GET /cormun/servlet/trsolicitudadjuntos?2018,9998, HTTP/1.1" 200 6149
192.168.10.56 - - [05/Mar/2018:12:31:32 -0300] "POST /cormun/servlet/trsolicitudgral?c967522d3182b5c31d5a761c445aa71a,,gx-no-cache=1520263731606 HTTP/1.1" 200 24507
186.103.132.155 - - [05/Mar/2018:12:31:33 -0300] "GET /cormun/servlet/solicitudotadjuntos?INS,2018,9998,,1, HTTP/1.1" 200 6100
200.111.122.170 - - [05/Mar/2018:12:31:33 -0300] "GET /cormun/static/about:blank HTTP/1.1" 404 1011
200.111.122.170 - - [05/Mar/2018:12:31:34 -0300] "GET /cormun/servlet/solicitudotadjuntos?cedc5fea418a3fd589ae7c1b1a24ed4eb6ffc0bcae6fae96d00ee1b33ef58b5535650ceb7073a36218872b5fe5c24d31,gx-no-cache=1520263849023 HTTP/1.1" 200 30
200.111.122.170 - - [05/Mar/2018:12:31:34 -0300] "POST /cormun/servlet/solicitudotadjuntos?516ec1e7fae1310d0caaf1357bc48578,INS,2018,9998,,1,,gx-no-cache=1520263849106 HTTP/1.1" 200 3989
186.103.132.155 - - [05/Mar/2018:12:31:35 -0300] "GET /cormun/servlet/solicitudotadjuntos?INS,2018,9998,,1, HTTP/1.1" 200 6093
200.86.95.220 - - [05/Mar/2018:12:31:36 -0300] "POST /cormun/servlet/trcontratosolicitud?9a8bf5951136b49a6ff8f22a17dd5638,,gx-no-cache=1520263849233 HTTP/1.1" 200 11483
200.111.122.170 - - [05/Mar/2018:12:31:39 -0300] "POST /cormun/servlet/solicitudotadjuntos?gx-no-cache=1520263853862 HTTP/1.1" 200 26
186.103.157.42 - - [05/Mar/2018:12:31:46 -0300] "GET /cormun/servlet/trsolicitudot? HTTP/1.1" 200 7462
186.103.157.42 - - [05/Mar/2018:12:31:46 -0300] "GET /cormun/static/gxcfg.js?2017111422585916 HTTP/1.1" 200 953
186.103.157.42 - - [05/Mar/2018:12:31:46 -0300] "GET /cormun/static/Resources/PXToolsGridNew.png HTTP/1.1" 200 2949
186.103.157.42 - - [05/Mar/2018:12:31:46 -0300] "GET /cormun/static/trsolicitudot.js?201711142259839 HTTP/1.1" 200 54041
186.103.157.42 - - [05/Mar/2018:12:31:46 -0300] "GET /cormun/servlet/trsolicitudot? HTTP/1.1" 200 7461
192.168.10.56 - - [05/Mar/2018:12:31:51 -0300] "POST /cormun/servlet/trsolicitudgral?c967522d3182b5c31d5a761c445aa71a,,gx-no-cache=1520263750828 HTTP/1.1" 200 17608
192.168.10.56 - - [05/Mar/2018:12:31:54 -0300] "GET /cormun/servlet/solicitudgral2?UPD,2018,8094, HTTP/1.1" 200 12944
192.168.10.56 - - [05/Mar/2018:12:31:54 -0300] "GET /cormun/servlet/solicitudgral2?UPD,2018,8094, HTTP/1.1" 200 12954
192.168.10.56 - - [05/Mar/2018:12:31:55 -0300] "POST /cormun/servlet/solicitudgral2?gx-no-cache=1520263754809 HTTP/1.1" 200 3900
192.168.10.56 - - [05/Mar/2018:12:31:55 -0300] "GET /cormun/servlet/solicitudgral2?75dde68c758b52f41702dfca75180dc0b93f33d779dc313ef93a23d15ae1c0f53850c44840168e230dd10d73d9ead0e725f6d81973fb1bbc44ec357c962ee0616d1ea28b83809108f2542b29bacb54aea3cb6105f4b7018d05cec9cf4f57f75eed26cbbe354542221711913edba6c27974620aafb1b472987caba665bee91905638139179a9a94fbbc0252fedf9601f477575c8fa30ee4e2d43f33e4f94c4ec15bbbd3d36eaffcffc49312e6da55f40989881a4c8ba83612251190cd374480c634eb230b61c94ced4f65498f2ee6b9ca95b4552a825ecfbfa1c75f2195d7095f8615132657dbbc65d3751a57d648501f99a0ded66453a92cf48e580fc470ca2f3dffe222864d0fba00ec1e0e98782c22cead91b24f807cbe0f5ecb4ffd7329b8f91ce5609fec9344ee1ae9751cbf6ae65eb04a39f348bf28afded63d3d26fc2564bc1325421784865f997e2b128eede8,gx-no-cache=1520263754940 HTTP/1.1" 200 255
192.168.10.56 - - [05/Mar/2018:12:31:55 -0300] "POST /cormun/servlet/solicitudgral2?gx-no-cache=1520263754964 HTTP/1.1" 200 1398
192.168.10.56 - - [05/Mar/2018:12:31:55 -0300] "GET /cormun/servlet/solicitudgral2?75dde68c758b52f41702dfca75180dc07588851d30772468ee2d871a3af42ab54c9ef58ca02e0b66fa10a59b260a7bc914bcaeac22fa27ff2fbd75f32e2a20a6f2d12b89b1959beab920cbad7121d3757a29dfff3071923bfd8f1d6fe5df87cdda8d07c6e92ad5b9b6d1d51549a73f26,gx-no-cache=1520263755014 HTTP/1.1" 200 41
192.168.10.56 - - [05/Mar/2018:12:32:04 -0300] "POST /cormun/servlet/solicitudgral2?c967522d3182b5c31d5a761c445aa71a,UPD,2018,8094,,gx-no-cache=1520263763990 HTTP/1.1" 200 11851
192.168.10.56 - - [05/Mar/2018:12:32:04 -0300] "GET /cormun/servlet/solicitudgral2?75dde68c758b52f41702dfca75180dc0e2d62a8932a8c8570b549982a215175223f6cafd1766be75fc5c4c8b194a2ce0142e74dcfd50a4613b733a60c3552896fdb9ea77aa1804dab50d28ca77db5e86d2279619fae205a4c839221166849bf0189a5fe7150a5d0602a969ca8d32fc0343470aac3f21f8c2e508458b062a478e2e6cf11ef618753ee08f63e0fe5a552b8240e24803d0a76b8f643b3cc014bd16,gx-no-cache=1520263764162 HTTP/1.1" 200 29
192.168.10.56 - - [05/Mar/2018:12:32:04 -0300] "POST /cormun/servlet/solicitudgral2?gx-no-cache=1520263764178 HTTP/1.1" 200 1295
192.168.10.56 - - [05/Mar/2018:12:32:04 -0300] "POST /cormun/servlet/solicitudgral2?gx-no-cache=1520263764204 HTTP/1.1" 200 1218
192.168.10.56 - - [05/Mar/2018:12:32:04 -0300] "GET /cormun/servlet/solicitudgral2?75dde68c758b52f41702dfca75180dc04b443ed9daef2a8823f4f43ca9e96ae74889c75f16eca79337c7ef262d75917e62952ede6f7a500fe75e923051f4e9a25e799fa8dbdd6eaf4ee56788846d1630fe119adb9f5f8e252ee0f9a277af9d00d24b426f5eea62855a15b687b0eb25696da8178c96f9618172b55e874fb1f2ec,gx-no-cache=1520263764233 HTTP/1.1" 200 30
192.168.10.56 - - [05/Mar/2018:12:32:04 -0300] "POST /cormun/servlet/solicitudgral2?c967522d3182b5c31d5a761c445aa71a,UPD,2018,8094,,gx-no-cache=1520263764256 HTTP/1.1" 200 93
192.168.10.56 - - [05/Mar/2018:12:32:04 -0300] "GET /cormun/servlet/hpexe_return? HTTP/1.1" 200 1017
192.168.10.56 - - [05/Mar/2018:12:32:05 -0300] "GET /cormun/servlet/trsolicitudgral? HTTP/1.1" 200 20189
192.168.10.56 - - [05/Mar/2018:12:32:05 -0300] "GET /cormun/servlet/trsolicitudgral? HTTP/1.1" 200 20184
186.67.203.186 - - [05/Mar/2018:12:32:06 -0300] "GET /cormun/servlet/solicitudotadjuntos?cedc5fea418a3fd589ae7c1b1a24ed4e8d64339ef8be142789cc0f65b3aeb5e3,gx-no-cache=1520263880470 HTTP/1.1" 200 30
186.67.203.186 - - [05/Mar/2018:12:32:06 -0300] "GET /cormun/servlet/solicitudotadjuntos?cedc5fea418a3fd589ae7c1b1a24ed4e8d64339ef8be142789cc0f65b3aeb5e3,gx-no-cache=1520263880579 HTTP/1.1" 200 30
186.67.203.186 - - [05/Mar/2018:12:32:08 -0300] "POST /cormun/servlet/solicitudotadjuntos?516ec1e7fae1310d0caaf1357bc48578,INS,2018,9998,,1, HTTP/1.1" 200 116
186.67.203.186 - - [05/Mar/2018:12:32:08 -0300] "GET /cormun/servlet/hpexe_return? HTTP/1.1" 200 1022
186.67.203.186 - - [05/Mar/2018:12:32:09 -0300] "GET /cormun/servlet/trsolicitudadjuntos?2018,9998, HTTP/1.1" 200 8548
186.67.203.186 - - [05/Mar/2018:12:32:10 -0300] "GET /cormun/servlet/trsolicitudadjuntos?2018,9998, HTTP/1.1" 200 8543
192.168.10.56 - - [05/Mar/2018:12:32:11 -0300] "POST /cormun/servlet/trsolicitudgral?c967522d3182b5c31d5a761c445aa71a,,gx-no-cache=1520263771192 HTTP/1.1" 200 7727
200.111.122.170 - - [05/Mar/2018:12:32:17 -0300] "GET /cormun/servlet/solicitudotadjuntos?INS,2018,9998,,1, HTTP/1.1" 200 6099
192.168.10.56 - - [05/Mar/2018:12:32:17 -0300] "POST /cormun/servlet/trsolicitudgral?c967522d3182b5c31d5a761c445aa71a,,gx-no-cache=1520263777399 HTTP/1.1" 200 6148
192.168.10.56 - - [05/Mar/2018:12:32:17 -0300] "GET /cormun/static/Shared/jqueryui/images/ui-bg_highlight-soft_100_c6c2c8_1x100.png HTTP/1.1" 404 1117
192.168.10.56 - - [05/Mar/2018:12:32:17 -0300] "GET /cormun/static/Shared/jqueryui/images/ui-icons_82798d_256x240.png HTTP/1.1" 404 1089
192.168.10.56 - - [05/Mar/2018:12:32:17 -0300] "GET /cormun/static/Shared/jqueryui/images/ui-bg_flat_55_fafafa_40x100.png HTTP/1.1" 404 1097
192.168.10.56 - - [05/Mar/2018:12:32:17 -0300] "GET /cormun/static/Shared/jqueryui/images/ui-icons_8d78a5_256x240.png HTTP/1.1" 404 1089
190.151.100.218 - - [05/Mar/2018:12:32:18 -0300] "GET /cormun/static/about:blank HTTP/1.1" 404 1011
200.111.122.170 - - [05/Mar/2018:12:32:18 -0300] "GET /cormun/servlet/solicitudotadjuntos?INS,2018,9998,,1, HTTP/1.1" 200 6093
190.151.100.218 - - [05/Mar/2018:12:32:19 -0300] "GET /cormun/servlet/solicitudotadjuntos?cedc5fea418a3fd589ae7c1b1a24ed4eb6ffc0bcae6fae96d00ee1b33ef58b5535650ceb7073a36218872b5fe5c24d31,gx-no-cache=1520263893421 HTTP/1.1" 200 30
190.151.100.218 - - [05/Mar/2018:12:32:19 -0300] "POST /cormun/servlet/solicitudotadjuntos?516ec1e7fae1310d0caaf1357bc48578,INS,2018,9998,,1,,gx-no-cache=1520263893472 HTTP/1.1" 200 3990
192.168.10.56 - - [05/Mar/2018:12:32:21 -0300] "POST /cormun/servlet/trsolicitudgral?c967522d3182b5c31d5a761c445aa71a,,gx-no-cache=1520263781124 HTTP/1.1" 200 17300
190.151.100.218 - - [05/Mar/2018:12:32:22 -0300] "POST /cormun/servlet/solicitudotadjuntos?gx-no-cache=1520263896411 HTTP/1.1" 200 26
190.151.100.218 - - [05/Mar/2018:12:32:27 -0300] "GET /cormun/servlet/solicitudotadjuntos?cedc5fea418a3fd589ae7c1b1a24ed4e8d64339ef8be142789cc0f65b3aeb5e3,gx-no-cache=1520263901622 HTTP/1.1" 200 30
190.151.100.218 - - [05/Mar/2018:12:32:27 -0300] "GET /cormun/servlet/solicitudotadjuntos?cedc5fea418a3fd589ae7c1b1a24ed4e8d64339ef8be142789cc0f65b3aeb5e3,gx-no-cache=1520263901663 HTTP/1.1" 200 30
190.151.100.218 - - [05/Mar/2018:12:32:28 -0300] "POST /cormun/servlet/solicitudotadjuntos?516ec1e7fae1310d0caaf1357bc48578,INS,2018,9998,,1, HTTP/1.1" 200 116
190.151.100.218 - - [05/Mar/2018:12:32:28 -0300] "GET /cormun/servlet/hpexe_return? HTTP/1.1" 200 1022
190.151.100.218 - - [05/Mar/2018:12:32:29 -0300] "GET /cormun/servlet/trsolicitudadjuntos?2018,9998, HTTP/1.1" 200 8751
190.151.100.218 - - [05/Mar/2018:12:32:33 -0300] "GET /cormun/servlet/trsolicitudadjuntos?2018,9998, HTTP/1.1" 200 8748
192.168.10.56 - - [05/Mar/2018:12:32:42 -0300] "GET /cormun/servlet/hlogin HTTP/1.1" 200 1740
186.103.132.155 - - [05/Mar/2018:12:32:43 -0300] "GET /cormun/servlet/solicitudotadjuntos?INS,2018,9998,,1, HTTP/1.1" 200 6101
186.67.203.186 - - [05/Mar/2018:12:32:44 -0300] "GET /cormun/static/about:blank HTTP/1.1" 404 1011
186.103.132.155 - - [05/Mar/2018:12:32:45 -0300] "GET /cormun/servlet/solicitudotadjuntos?INS,2018,9998,,1, HTTP/1.1" 200 6094
186.67.203.186 - - [05/Mar/2018:12:32:45 -0300] "GET /cormun/servlet/solicitudotadjuntos?cedc5fea418a3fd589ae7c1b1a24ed4eb6ffc0bcae6fae96d00ee1b33ef58b5535650ceb7073a36218872b5fe5c24d31,gx-no-cache=1520263920145 HTTP/1.1" 200 30
186.67.203.186 - - [05/Mar/2018:12:32:45 -0300] "POST /cormun/servlet/solicitudotadjuntos?516ec1e7fae1310d0caaf1357bc48578,INS,2018,9998,,1,,gx-no-cache=1520263920209 HTTP/1.1" 200 3990
192.168.10.56 - - [05/Mar/2018:12:32:47 -0300] "POST /cormun/servlet/hlogin?c967522d3182b5c31d5a761c445aa71a,gx-no-cache=1520263806724 HTTP/1.1" 200 90
192.168.10.56 - - [05/Mar/2018:12:32:47 -0300] "GET /cormun/servlet/hpexe_link HTTP/1.1" 200 952
192.168.10.56 - - [05/Mar/2018:12:32:47 -0300] "GET /cormun/servlet/hhome HTTP/1.1" 200 3820
192.168.10.56 - - [05/Mar/2018:12:32:47 -0300] "GET /cormun/servlet/hhome HTTP/1.1" 200 3819
186.67.203.186 - - [05/Mar/2018:12:32:50 -0300] "POST /cormun/servlet/solicitudotadjuntos?gx-no-cache=1520263924806 HTTP/1.1" 200 26
192.168.10.56 - - [05/Mar/2018:12:32:50 -0300] "GET /cormun/servlet/trautorizarot? HTTP/1.1" 200 9938
192.168.10.56 - - [05/Mar/2018:12:32:50 -0300] "GET /cormun/servlet/trautorizarot? HTTP/1.1" 200 9935
186.103.157.42 - - [05/Mar/2018:12:32:53 -0300] "GET /cormun/servlet/solicitudot?INS,0,0, HTTP/1.1" 200 13702
186.103.157.42 - - [05/Mar/2018:12:32:53 -0300] "GET /cormun/static/gxcfg.js?201812313224582 HTTP/1.1" 200 953
186.103.157.42 - - [05/Mar/2018:12:32:53 -0300] "GET /cormun/static/Resources/prompt.gif HTTP/1.1" 200 902
186.103.157.42 - - [05/Mar/2018:12:32:53 -0300] "GET /cormun/static/solicitudot.js?201812313224831 HTTP/1.1" 200 72336
186.103.157.42 - - [05/Mar/2018:12:32:53 -0300] "GET /cormun/servlet/solicitudot?INS,0,0, HTTP/1.1" 200 13707
192.168.10.56 - - [05/Mar/2018:12:32:58 -0300] "POST /cormun/servlet/trautorizarot?c967522d3182b5c31d5a761c445aa71a,,gx-no-cache=1520263818526 HTTP/1.1" 200 6952
186.67.203.186 - - [05/Mar/2018:12:32:59 -0300] "GET /cormun/servlet/solicitudotadjuntos?cedc5fea418a3fd589ae7c1b1a24ed4e8d64339ef8be142789cc0f65b3aeb5e3,gx-no-cache=1520263933583 HTTP/1.1" 200 30
186.67.203.186 - - [05/Mar/2018:12:33:01 -0300] "GET /cormun/servlet/solicitudotadjuntos?cedc5fea418a3fd589ae7c1b1a24ed4e8d64339ef8be142789cc0f65b3aeb5e3,gx-no-cache=1520263935516 HTTP/1.1" 200 30
186.67.203.186 - - [05/Mar/2018:12:33:04 -0300] "POST /cormun/servlet/solicitudotadjuntos?516ec1e7fae1310d0caaf1357bc48578,INS,2018,9998,,1, HTTP/1.1" 200 116
186.67.203.186 - - [05/Mar/2018:12:33:04 -0300] "GET /cormun/servlet/hpexe_return? HTTP/1.1" 200 1022
192.168.10.56 - - [05/Mar/2018:12:33:04 -0300] "POST /cormun/servlet/trautorizarot?c967522d3182b5c31d5a761c445aa71a,,gx-no-cache=1520263824271 HTTP/1.1" 200 6954
186.67.203.186 - - [05/Mar/2018:12:33:05 -0300] "GET /cormun/servlet/trsolicitudadjuntos?2018,9998, HTTP/1.1" 200 8946
186.67.203.186 - - [05/Mar/2018:12:33:06 -0300] "GET /cormun/servlet/trsolicitudadjuntos?2018,9998, HTTP/1.1" 200 8944
186.103.157.42 - - [05/Mar/2018:12:33:06 -0300] "POST /cormun/servlet/solicitudot?gx-no-cache=1520263944422 HTTP/1.1" 200 3293
186.103.157.42 - - [05/Mar/2018:12:33:07 -0300] "POST /cormun/servlet/solicitudot?6b2cb732746e89c383b365c265624f71,INS,0,0,,gx-no-cache=1520263944724 HTTP/1.1" 200 10437
186.103.157.42 - - [05/Mar/2018:12:33:09 -0300] "GET /cormun/servlet/solicitudot?40ca5d84add1c7ea85c4ad052928006467f79977f8c1ba4674013cb7a778f4b04d25981adde5c41defdf61e9ca76a760,gx-no-cache=1520263947186 HTTP/1.1" 200 30
200.111.122.170 - - [05/Mar/2018:12:33:11 -0300] "GET /cormun/servlet/solicitudotadjuntos?INS,2018,9998,,1, HTTP/1.1" 200 6101
190.151.100.218 - - [05/Mar/2018:12:33:12 -0300] "GET /cormun/static/about:blank HTTP/1.1" 404 1011
200.111.122.170 - - [05/Mar/2018:12:33:12 -0300] "GET /cormun/servlet/solicitudotadjuntos?INS,2018,9998,,1, HTTP/1.1" 200 6094
190.151.100.218 - - [05/Mar/2018:12:33:12 -0300] "GET /cormun/servlet/solicitudotadjuntos?cedc5fea418a3fd589ae7c1b1a24ed4eb6ffc0bcae6fae96d00ee1b33ef58b5535650ceb7073a36218872b5fe5c24d31,gx-no-cache=1520263947367 HTTP/1.1" 200 30
190.151.100.218 - - [05/Mar/2018:12:33:13 -0300] "POST /cormun/servlet/solicitudotadjuntos?516ec1e7fae1310d0caaf1357bc48578,INS,2018,9998,,1,,gx-no-cache=1520263947421 HTTP/1.1" 200 3990
192.168.10.56 - - [05/Mar/2018:12:33:15 -0300] "POST /cormun/servlet/trautorizarot?c967522d3182b5c31d5a761c445aa71a,,gx-no-cache=1520263834703 HTTP/1.1" 200 5345
190.151.100.218 - - [05/Mar/2018:12:33:17 -0300] "POST /cormun/servlet/solicitudotadjuntos?gx-no-cache=1520263952149 HTTP/1.1" 200 26
190.151.100.218 - - [05/Mar/2018:12:33:27 -0300] "GET /cormun/servlet/solicitudotadjuntos?cedc5fea418a3fd589ae7c1b1a24ed4e8d64339ef8be142789cc0f65b3aeb5e3,gx-no-cache=1520263962334 HTTP/1.1" 200 30
190.151.100.218 - - [05/Mar/2018:12:33:28 -0300] "GET /cormun/servlet/solicitudotadjuntos?cedc5fea418a3fd589ae7c1b1a24ed4e8d64339ef8be142789cc0f65b3aeb5e3,gx-no-cache=1520263962619 HTTP/1.1" 200 30
190.151.100.218 - - [05/Mar/2018:12:33:29 -0300] "POST /cormun/servlet/solicitudotadjuntos?516ec1e7fae1310d0caaf1357bc48578,INS,2018,9998,,1, HTTP/1.1" 200 116
190.151.100.218 - - [05/Mar/2018:12:33:29 -0300] "GET /cormun/servlet/hpexe_return? HTTP/1.1" 200 1022
190.151.100.218 - - [05/Mar/2018:12:33:29 -0300] "GET /cormun/servlet/trsolicitudadjuntos?2018,9998, HTTP/1.1" 200 9132
190.151.100.218 - - [05/Mar/2018:12:33:32 -0300] "GET /cormun/servlet/trsolicitudadjuntos?2018,9998, HTTP/1.1" 200 9130
186.67.203.186 - - [05/Mar/2018:12:33:41 -0300] "GET /cormun/servlet/solicitudotadjuntos?INS,2018,9998,,1, HTTP/1.1" 200 6101
186.67.203.186 - - [05/Mar/2018:12:33:41 -0300] "GET /cormun/static/about:blank HTTP/1.1" 404 1011
186.103.132.155 - - [05/Mar/2018:12:33:42 -0300] "GET /cormun/servlet/solicitudotadjuntos?INS,2018,9998,,1, HTTP/1.1" 200 6094
186.67.203.186 - - [05/Mar/2018:12:33:42 -0300] "GET /cormun/servlet/solicitudotadjuntos?cedc5fea418a3fd589ae7c1b1a24ed4eb6ffc0bcae6fae96d00ee1b33ef58b5535650ceb7073a36218872b5fe5c24d31,gx-no-cache=1520263976641 HTTP/1.1" 200 30
186.67.203.186 - - [05/Mar/2018:12:33:42 -0300] "POST /cormun/servlet/solicitudotadjuntos?516ec1e7fae1310d0caaf1357bc48578,INS,2018,9998,,1,,gx-no-cache=1520263976730 HTTP/1.1" 200 3989
186.67.203.186 - - [05/Mar/2018:12:33:48 -0300] "POST /cormun/servlet/solicitudotadjuntos?gx-no-cache=1520263982757 HTTP/1.1" 200 26
186.67.203.186 - - [05/Mar/2018:12:33:56 -0300] "GET /cormun/servlet/solicitudotadjuntos?cedc5fea418a3fd589ae7c1b1a24ed4e8d64339ef8be142789cc0f65b3aeb5e3,gx-no-cache=1520263990983 HTTP/1.1" 200 30
186.67.203.186 - - [05/Mar/2018:12:33:57 -0300] "GET /cormun/servlet/solicitudotadjuntos?cedc5fea418a3fd589ae7c1b1a24ed4e8d64339ef8be142789cc0f65b3aeb5e3,gx-no-cache=1520263991532 HTTP/1.1" 200 30
186.103.161.206 - - [05/Mar/2018:12:33:58 -0300] "GET /cormun/servlet/hlogin HTTP/1.1" 200 1722
186.103.161.206 - - [05/Mar/2018:12:33:59 -0300] "GET /favicon.ico HTTP/1.1" 200 21630
186.67.203.186 - - [05/Mar/2018:12:34:01 -0300] "POST /cormun/servlet/solicitudotadjuntos?516ec1e7fae1310d0caaf1357bc48578,INS,2018,9998,,1, HTTP/1.1" 200 116
186.67.203.186 - - [05/Mar/2018:12:34:02 -0300] "GET /cormun/servlet/hpexe_return? HTTP/1.1" 200 1022
186.67.203.186 - - [05/Mar/2018:12:34:02 -0300] "GET /cormun/servlet/trsolicitudadjuntos?2018,9998, HTTP/1.1" 200 9343
186.67.203.186 - - [05/Mar/2018:12:34:03 -0300] "GET /cormun/servlet/trsolicitudadjuntos?2018,9998, HTTP/1.1" 200 9341
186.103.132.155 - - [05/Mar/2018:12:34:09 -0300] "GET /cormun/servlet/solicitudotadjuntos?INS,2018,9998,,1, HTTP/1.1" 200 6101
186.103.132.155 - - [05/Mar/2018:12:34:09 -0300] "GET /cormun/static/about:blank HTTP/1.1" 404 1011
186.103.161.206 - - [05/Mar/2018:12:34:09 -0300] "GET /cormun/servlet/solicitudotadjuntos?INS,2018,9998,,1, HTTP/1.1" 200 6094
186.103.132.155 - - [05/Mar/2018:12:34:09 -0300] "GET /cormun/servlet/solicitudotadjuntos?cedc5fea418a3fd589ae7c1b1a24ed4eb6ffc0bcae6fae96d00ee1b33ef58b5535650ceb7073a36218872b5fe5c24d31,gx-no-cache=1520264004318 HTTP/1.1" 200 30
186.103.132.155 - - [05/Mar/2018:12:34:10 -0300] "POST /cormun/servlet/solicitudotadjuntos?516ec1e7fae1310d0caaf1357bc48578,INS,2018,9998,,1,,gx-no-cache=1520264004382 HTTP/1.1" 200 3989
186.103.161.206 - - [05/Mar/2018:12:34:15 -0300] "POST /cormun/servlet/hlogin?0a9dc63f52f37604b073583980b07b61,gx-no-cache=1520264007097 HTTP/1.1" 200 90
186.103.161.206 - - [05/Mar/2018:12:34:15 -0300] "GET /cormun/servlet/hpexe_link HTTP/1.1" 200 954
186.103.161.206 - - [05/Mar/2018:12:34:16 -0300] "GET /cormun/servlet/hhome HTTP/1.1" 200 4194
186.103.161.206 - - [05/Mar/2018:12:34:18 -0300] "GET /cormun/servlet/hhome HTTP/1.1" 200 4190
186.103.161.206 - - [05/Mar/2018:12:34:21 -0300] "GET /cormun/servlet/trsolicitudot? HTTP/1.1" 200 7408
186.103.161.206 - - [05/Mar/2018:12:34:22 -0300] "GET /cormun/servlet/trsolicitudot? HTTP/1.1" 200 7407
186.103.161.206 - - [05/Mar/2018:12:34:26 -0300] "GET /cormun/servlet/solicitudot?INS,0,0, HTTP/1.1" 200 13649
186.103.161.206 - - [05/Mar/2018:12:34:27 -0300] "GET /cormun/servlet/solicitudot?INS,0,0, HTTP/1.1" 200 13654
186.103.157.42 - - [05/Mar/2018:12:34:48 -0300] "GET /cormun/static/Resources/resize.gif HTTP/1.1" 200 77
186.103.157.42 - - [05/Mar/2018:12:34:48 -0300] "GET /cormun/servlet/prbanco?,MD,,gxPopupLevel%3D0%3B HTTP/1.1" 200 6704
186.103.157.42 - - [05/Mar/2018:12:34:48 -0300] "GET /cormun/static/gxcfg.js?20181161016094 HTTP/1.1" 200 953
186.103.157.42 - - [05/Mar/2018:12:34:48 -0300] "GET /cormun/static/Resources/PXToolsMenuSearch.png HTTP/1.1" 200 2914
186.103.157.42 - - [05/Mar/2018:12:34:48 -0300] "GET /cormun/static/Resources/PXToolsMenuSearchCancel.png HTTP/1.1" 200 2972
186.103.157.42 - - [05/Mar/2018:12:34:48 -0300] "GET /cormun/static/menusearch.js?201610171694467 HTTP/1.1" 200 1424
186.103.157.42 - - [05/Mar/2018:12:34:48 -0300] "GET /cormun/static/hmpwkw011.js?20177612121862 HTTP/1.1" 200 1968
186.103.157.42 - - [05/Mar/2018:12:34:48 -0300] "GET /cormun/static/prbanco.js?2018116101633 HTTP/1.1" 200 10693
186.103.157.42 - - [05/Mar/2018:12:34:54 -0300] "GET /cormun/servlet/solicitudot?40ca5d84add1c7ea85c4ad0529280064ab343ff5dd11f10308bbe667c80554c5,gx-no-cache=1520264051901 HTTP/1.1" 200 94
186.103.157.42 - - [05/Mar/2018:12:34:54 -0300] "GET /cormun/static/Shared/jqueryui/images/ui-bg_highlight-soft_100_c6c2c8_1x100.png HTTP/1.1" 404 1117
186.103.157.42 - - [05/Mar/2018:12:34:54 -0300] "GET /cormun/static/Shared/jqueryui/images/ui-icons_82798d_256x240.png HTTP/1.1" 404 1089
186.103.157.42 - - [05/Mar/2018:12:34:54 -0300] "GET /cormun/static/Shared/jqueryui/images/ui-bg_flat_55_994d53_40x100.png HTTP/1.1" 404 1097
186.103.157.42 - - [05/Mar/2018:12:34:54 -0300] "GET /cormun/static/Shared/jqueryui/images/ui-icons_ebccce_256x240.png HTTP/1.1" 404 1089
186.103.157.42 - - [05/Mar/2018:12:34:55 -0300] "GET /cormun/servlet/solicitudot?40ca5d84add1c7ea85c4ad0529280064ef892c8bda7505aa3efc1d35f41673ba,gx-no-cache=1520264053098 HTTP/1.1" 200 53
186.67.203.186 - - [05/Mar/2018:12:35:09 -0300] "POST /cormun/servlet/solicitudot?gx-no-cache=1520264060685 HTTP/1.1" 200 3350
186.67.203.186 - - [05/Mar/2018:12:35:09 -0300] "GET /cormun/static/Shared/jqueryui/images/ui-bg_highlight-soft_100_c6c2c8_1x100.png HTTP/1.1" 404 1117
186.67.203.186 - - [05/Mar/2018:12:35:09 -0300] "GET /cormun/static/Shared/jqueryui/images/ui-icons_82798d_256x240.png HTTP/1.1" 404 1089
186.67.203.186 - - [05/Mar/2018:12:35:09 -0300] "GET /cormun/static/Shared/jqueryui/images/ui-icons_ebccce_256x240.png HTTP/1.1" 404 1089
186.103.161.206 - - [05/Mar/2018:12:35:09 -0300] "GET /cormun/static/Shared/jqueryui/images/ui-bg_flat_55_994d53_40x100.png HTTP/1.1" 404 1097
186.103.161.206 - - [05/Mar/2018:12:35:09 -0300] "GET /cormun/servlet/solicitudot?951ba7a19f5d1244bacade9a6abcc245660da88ffdebf69ea9c05441037b2300,gx-no-cache=1520264060983 HTTP/1.1" 200 111
186.103.161.206 - - [05/Mar/2018:12:35:09 -0300] "GET /cormun/servlet/solicitudot?951ba7a19f5d1244bacade9a6abcc2455d38e3f82f0067446acb9db80bd1e6b5,gx-no-cache=1520264061141 HTTP/1.1" 200 94
186.103.161.206 - - [05/Mar/2018:12:35:09 -0300] "GET /cormun/servlet/solicitudot?951ba7a19f5d1244bacade9a6abcc245945cbc49138a4a33b0e07a06ddff1481,gx-no-cache=1520264061334 HTTP/1.1" 200 29
186.103.161.206 - - [05/Mar/2018:12:35:10 -0300] "GET /cormun/servlet/solicitudot?951ba7a19f5d1244bacade9a6abcc2456a2967b3fc931f1599674956d805328108d82d0b8eb9361ce7b99155a2760edd9debfc35568076fb4e958e8a16e59afa5080283467b9dfbf3a612f8580dfcda40baa9482bbd2233cfd55bd0d481096b0a9f252eb780b0e7330c0605f146aa080b65de9299f84a22b7dc595a1c4b63b0330128c4a31e7274596e63a55fef9f93d03f6ac4d32b4c1f81406963689ea0ea08a2b1fb91911908a14c7af500130711fa6b746c865f05e0dd3453e38810b2111c72ed2fa903a2e9275e454b7d6ce589099bdc2c33715b1a8e3b53a16a65288c3045f7ff13c6c37cae892bdb6e98b07fbdd65f85b15b4c75c06ba9428dfe01337a560081084f669234c741116bee5839a7c8aa01df5703de1e57063e1e68f8e90e2c6dc6daf7a46bb05b090a3b7e6302674c2628a0c8a0d0dd2f684e957273f1206bc120b87583222c1f038bcdf8f9d07,gx-no-cache=1520264061453 HTTP/1.1" 200 297
186.103.161.206 - - [05/Mar/2018:12:35:10 -0300] "GET /cormun/servlet/solicitudot?951ba7a19f5d1244bacade9a6abcc24574316d2a69954700890f2bf3323c94e9161e5284e49572319daa0d5028eba2d6517fb82d3ec16d48ed7daed50eb7a1a045e80ef56b3c8cd3814bd1e148a76a8fb544573c24ad1842989448a1476f8e5e82b7deb927ddde6cb8570e3e85800534c275d2eecd114ed02b111809567768e76a168a8c493063f470babb54e39a8fa0fc0c28986809468db5f60b396b5310893e685cbc884765b539725dc84367b8f7db1018cedb2e970dbc06133fea5a4a2b9689e4d8f03f3b0a854cb76f8cf156a2be2c418931fba47cfd85a4aa4287290eadb4c0920f7fab9c230013c51064d648053753738ae6c548a6f9358a395ecddd34c56a93181971f1ba739d17c9f33bc211c5d307ae19812e932df141f1b8acfcf4870a44a71b954b301d59212ce42489bcf655f0856a87d0c3391bdcf51f97d3773f8dafdd91b7971a02a4838d4cbeb6251e89dfe9b222e7e15bff5dc9a74ffbc4c0a9e655d57664757ec166ab8f56268cc3e225900cd81a1414debbf01bd35bfec9994af66af1da8d310312e28b62b9,gx-no-cache=1520264061635 HTTP/1.1" 200 30
186.103.161.206 - - [05/Mar/2018:12:35:10 -0300] "POST /cormun/servlet/solicitudot?gx-no-cache=1520264061768 HTTP/1.1" 200 30
186.103.161.206 - - [05/Mar/2018:12:35:10 -0300] "POST /cormun/servlet/solicitudot?gx-no-cache=1520264061956 HTTP/1.1" 200 1331
186.103.161.206 - - [05/Mar/2018:12:35:10 -0300] "POST /cormun/servlet/solicitudot?gx-no-cache=1520264062219 HTTP/1.1" 200 38
186.103.161.206 - - [05/Mar/2018:12:35:11 -0300] "GET /cormun/servlet/solicitudot?951ba7a19f5d1244bacade9a6abcc2456a89a0b82670acdda239ce01d3ab0b6ddd65f85b15b4c75c06ba9428dfe01337a560081084f669234c741116bee5839af4677fcb7b0f6c902169cde0245b3b50,gx-no-cache=1520264062445 HTTP/1.1" 200 29
186.103.161.206 - - [05/Mar/2018:12:35:11 -0300] "POST /cormun/servlet/solicitudot?gx-no-cache=1520264062581 HTTP/1.1" 200 1318
186.103.161.206 - - [05/Mar/2018:12:35:11 -0300] "POST /cormun/servlet/solicitudot?gx-no-cache=1520264062737 HTTP/1.1" 200 1215
186.103.161.206 - - [05/Mar/2018:12:35:12 -0300] "GET /cormun/servlet/solicitudot?951ba7a19f5d1244bacade9a6abcc245039838ed1ead218082f79a65d53337d5,gx-no-cache=1520264063524 HTTP/1.1" 200 30
186.103.161.206 - - [05/Mar/2018:12:35:12 -0300] "POST /cormun/servlet/solicitudot?gx-no-cache=1520264063634 HTTP/1.1" 200 30
186.103.157.42 - - [05/Mar/2018:12:35:45 -0300] "GET /cormun/servlet/solicitudot?40ca5d84add1c7ea85c4ad0529280064d9123d9a665a0d4962de9e01e7f4fe34142424fefce2462592b80514f3f87e1611c6ae6bf50bdff862adebb70b23b304,gx-no-cache=1520264103565 HTTP/1.1" 200 30
186.103.157.42 - - [05/Mar/2018:12:35:47 -0300] "POST /cormun/servlet/solicitudot?gx-no-cache=1520264104807 HTTP/1.1" 200 255
186.103.157.42 - - [05/Mar/2018:12:35:49 -0300] "GET /cormun/servlet/solicitudot?40ca5d84add1c7ea85c4ad05292800641e2edd63cb9a4fdc70c7bfba4c2011789328f6553c8548c49510393473d31cc6b50a23ac63090703e8338aa13255bb78ae4b5e15b8a2c0fab68a688113f47b4b9129091ca6c81d94ff473d27a57769fc0b6bfc1a876a5f362d4e189ed5940ba62a2c829d2513512cd4bcdbcf0a77648d767c11ff041b57c1bb4d31543353c38920e95b0970d8a5178e92de6f4760db98cb3d95d89c7187726d9d77e08984859fae44a4f9c77ed149399ab2581b1cb0483a4650959832454fa6eec4826c12e80f7e9ec0f103b92677e64aaeacc4dbdb8954408d75720091a3c0879c57619957823802578b863c4211ca1378afe75c8d837ab9842d72989cbe6ca6354ec04492938f47778738ecedbe6f76d5bd645f2f57033492aead2d668bf4080b071ac99e9ecb515c0c6c8ae3c9018d5f21414fd10a0c61002cb9ef4753941c7f3448012a484f5500d8d8dfe4b208753a6f1ca8b6978907657846d6d4a015b641f6e7f78c480118a81771a74a9b7a0b25a661c147b7,gx-no-cache=1520264106948 HTTP/1.1" 200 30
186.103.157.42 - - [05/Mar/2018:12:35:51 -0300] "POST /cormun/servlet/solicitudot?gx-no-cache=1520264109523 HTTP/1.1" 200 30
186.103.157.42 - - [05/Mar/2018:12:35:54 -0300] "POST /cormun/servlet/solicitudot?gx-no-cache=1520264112526 HTTP/1.1" 200 1333
186.103.157.42 - - [05/Mar/2018:12:35:54 -0300] "POST /cormun/servlet/solicitudot?gx-no-cache=1520264112580 HTTP/1.1" 200 38
186.103.157.42 - - [05/Mar/2018:12:36:38 -0300] "GET /cormun/servlet/solicitudot?40ca5d84add1c7ea85c4ad05292800647f412b0d0b2655087ef8f72447b0f91508679bea3e185a81a27a65cabbe10440cfd0b2e5eff936f0304ef56bd98ec5bc0af041e8542235635c953ec3d5de6ca5d57b78fd42700bfac7f2fac0104f990b8881bbfa46b246c41d0bcf576c133cbd,gx-no-cache=1520264155765 HTTP/1.1" 200 29
186.103.157.42 - - [05/Mar/2018:12:36:38 -0300] "POST /cormun/servlet/solicitudot?gx-no-cache=1520264155838 HTTP/1.1" 200 1317
186.103.157.42 - - [05/Mar/2018:12:36:38 -0300] "POST /cormun/servlet/solicitudot?gx-no-cache=1520264155917 HTTP/1.1" 200 1215
186.103.157.42 - - [05/Mar/2018:12:36:58 -0300] "GET /cormun/static/menuarrow.gif HTTP/1.1" 404 1015
186.103.157.42 - - [05/Mar/2018:12:37:04 -0300] "GET /cormun/servlet/solicitudot?40ca5d84add1c7ea85c4ad052928006415bd5b88089c02162b75131a3e815cb62dbb56bb930101741943dfe54d30db40,gx-no-cache=1520264182028 HTTP/1.1" 200 30
186.103.157.42 - - [05/Mar/2018:12:37:09 -0300] "POST /cormun/servlet/solicitudot?gx-no-cache=1520264187105 HTTP/1.1" 200 30
186.103.157.42 - - [05/Mar/2018:12:37:15 -0300] "POST /cormun/servlet/solicitudot?6b2cb732746e89c383b365c265624f71,INS,0,0,,gx-no-cache=1520264192832 HTTP/1.1" 200 93
186.103.157.42 - - [05/Mar/2018:12:37:15 -0300] "GET /cormun/servlet/hpexe_return? HTTP/1.1" 200 999
186.103.157.42 - - [05/Mar/2018:12:37:15 -0300] "GET /cormun/static/hpexe_return.js?2016101716175153 HTTP/1.1" 200 1633
186.103.157.42 - - [05/Mar/2018:12:37:15 -0300] "GET /cormun/static/gxcfg.js?2016101716175148 HTTP/1.1" 200 953
186.103.157.42 - - [05/Mar/2018:12:37:15 -0300] "GET /cormun/static/Resources/Spanish/PXTools.css?167811 HTTP/1.1" 200 89042
186.103.157.42 - - [05/Mar/2018:12:37:15 -0300] "GET /cormun/servlet/trsolicitudot HTTP/1.1" 200 8829
186.103.157.42 - - [05/Mar/2018:12:37:15 -0300] "GET /cormun/servlet/trsolicitudot HTTP/1.1" 200 8825
186.103.157.42 - - [05/Mar/2018:12:37:23 -0300] "POST /cormun/servlet/trsolicitudot?6b2cb732746e89c383b365c265624f71,gx-no-cache=1520264200683 HTTP/1.1" 200 4662
186.103.157.42 - - [05/Mar/2018:12:37:23 -0300] "GET /cormun/static/Shared/jqueryui/images/ui-bg_highlight-soft_100_c6c2c8_1x100.png HTTP/1.1" 404 1117
186.103.157.42 - - [05/Mar/2018:12:37:23 -0300] "GET /cormun/static/Shared/jqueryui/images/ui-bg_flat_55_fafafa_40x100.png HTTP/1.1" 404 1097
186.103.157.42 - - [05/Mar/2018:12:37:23 -0300] "GET /cormun/static/Shared/jqueryui/images/ui-icons_82798d_256x240.png HTTP/1.1" 404 1089
186.103.157.42 - - [05/Mar/2018:12:37:23 -0300] "GET /cormun/static/Shared/jqueryui/images/ui-icons_8d78a5_256x240.png HTTP/1.1" 404 1089
186.103.157.42 - - [05/Mar/2018:12:37:23 -0300] "POST /cormun/servlet/trsolicitudot?6b2cb732746e89c383b365c265624f71,gx-no-cache=1520264200839 HTTP/1.1" 200 4446
186.103.157.42 - - [05/Mar/2018:12:37:26 -0300] "GET /cormun/servlet/trautorizarsolicitud? HTTP/1.1" 200 25287
186.103.157.42 - - [05/Mar/2018:12:37:27 -0300] "GET /cormun/servlet/trautorizarsolicitud? HTTP/1.1" 200 25287
200.111.122.170 - - [05/Mar/2018:12:37:30 -0300] "POST /cormun/servlet/solicitudotadjuntos?gx-no-cache=1520264204573 HTTP/1.1" 200 26
186.103.157.42 - - [05/Mar/2018:12:37:31 -0300] "POST /cormun/servlet/trautorizarsolicitud?6b2cb732746e89c383b365c265624f71,,gx-no-cache=1520264208569 HTTP/1.1" 200 22581
