192.168.10.89 - - [05/Mar/2018:09:42:47 -0300] "GET /cormun/servlet/vesolicitudgral?2018,8837,,SolicitudOTAdjuntos HTTP/1.1" 200 11464
192.168.10.89 - - [05/Mar/2018:09:42:47 -0300] "GET /cormun/pexe_scrolldiv.js HTTP/1.1" 404 1009
192.168.10.89 - - [05/Mar/2018:09:42:49 -0300] "POST /cormun/servlet/acontrolpreferencessavestate?None,CDROGUETT,true HTTP/1.1" 200 35
186.103.157.246 - - [05/Mar/2018:09:42:49 -0300] "GET /cormun/servlet/solicitudotadjuntos?3d834c0e6a7b562014dbb3ba4dfb149940022ffcab17cc82f6959a78732f8bfa,gx-no-cache=1520253720909 HTTP/1.1" 200 30
186.103.157.246 - - [05/Mar/2018:09:42:49 -0300] "GET /cormun/servlet/solicitudotadjuntos?3d834c0e6a7b562014dbb3ba4dfb149940022ffcab17cc82f6959a78732f8bfa,gx-no-cache=1520253721388 HTTP/1.1" 200 30
192.168.10.89 - - [05/Mar/2018:09:42:50 -0300] "GET /cormun/PublicTempStorage/run7674129.pdf HTTP/1.1" 200 613348
186.103.161.206 - - [05/Mar/2018:09:42:53 -0300] "POST /cormun/servlet/solicitudotlog?92c21b8850daebe410845a6029066c7c,INS,2018,9694,0,ANU,,gx-no-cache=1520253722944 HTTP/1.1" 200 93
192.168.10.89 - - [05/Mar/2018:09:42:57 -0300] "GET /cormun/servlet/vesolicitudgral?2018,8837,,SolicitudOTAdjuntos HTTP/1.1" 200 11463
192.168.10.89 - - [05/Mar/2018:09:42:57 -0300] "GET /cormun/pexe_scrolldiv.js HTTP/1.1" 404 1009
192.168.10.89 - - [05/Mar/2018:09:42:59 -0300] "POST /cormun/servlet/acontrolpreferencessavestate?None,CDROGUETT,true HTTP/1.1" 200 35
186.103.157.246 - - [05/Mar/2018:09:42:59 -0300] "POST /cormun/servlet/solicitudotadjuntos?af75baf3a6b79b4ecf0c60d6f47704c6,INS,2018,9977,,1, HTTP/1.1" 200 116
186.103.157.246 - - [05/Mar/2018:09:42:59 -0300] "GET /cormun/servlet/hpexe_return? HTTP/1.1" 200 1011
192.168.10.89 - - [05/Mar/2018:09:43:00 -0300] "GET /cormun/PublicTempStorage/certificado_afp7775857.pdf HTTP/1.1" 200 122731
186.103.157.246 - - [05/Mar/2018:09:43:00 -0300] "GET /cormun/servlet/trsolicitudadjuntos?2018,9977, HTTP/1.1" 200 9093
186.103.157.246 - - [05/Mar/2018:09:43:05 -0300] "GET /cormun/servlet/solicitudotadjuntos?INS,2018,9977,,1, HTTP/1.1" 200 5919
192.168.10.89 - - [05/Mar/2018:09:43:05 -0300] "GET /cormun/servlet/vesolicitudgral?2018,8837,,SolicitudOTAdjuntos HTTP/1.1" 200 11462
192.168.10.89 - - [05/Mar/2018:09:43:05 -0300] "GET /cormun/pexe_scrolldiv.js HTTP/1.1" 404 1009
186.103.157.246 - - [05/Mar/2018:09:43:06 -0300] "GET /cormun/static/about:blank HTTP/1.1" 404 1011
186.103.157.246 - - [05/Mar/2018:09:43:06 -0300] "GET /cormun/static/about:blank HTTP/1.1" 404 1011
192.168.10.89 - - [05/Mar/2018:09:43:07 -0300] "POST /cormun/servlet/acontrolpreferencessavestate?None,CDROGUETT,true HTTP/1.1" 200 35
192.168.10.89 - - [05/Mar/2018:09:43:07 -0300] "GET /cormun/PublicTempStorage/certificado_consalud5656536.pdf HTTP/1.1" 200 125765
186.103.157.246 - - [05/Mar/2018:09:43:07 -0300] "GET /cormun/servlet/solicitudotadjuntos?3d834c0e6a7b562014dbb3ba4dfb149901dbcfc8ea5828e54c04c30652387900d4ba03bc39c231a9fb4d18219abff251,gx-no-cache=1520253739143 HTTP/1.1" 200 30
186.103.157.246 - - [05/Mar/2018:09:43:08 -0300] "POST /cormun/servlet/solicitudotadjuntos?af75baf3a6b79b4ecf0c60d6f47704c6,INS,2018,9977,,1,,gx-no-cache=1520253739531 HTTP/1.1" 200 3814
190.161.236.41 - - [05/Mar/2018:09:43:09 -0300] "GET /cormun/servlet/hlogin HTTP/1.1" 200 1725
186.103.157.246 - - [05/Mar/2018:09:43:12 -0300] "POST /cormun/servlet/solicitudotadjuntos?gx-no-cache=1520253743646 HTTP/1.1" 200 26
200.111.122.170 - - [05/Mar/2018:09:43:13 -0300] "GET /cormun/servlet/hpexe_return? HTTP/1.1" 200 1032
200.111.122.170 - - [05/Mar/2018:09:43:14 -0300] "GET /cormun/servlet/trautorizarsolicitud? HTTP/1.1" 200 9880
200.111.122.170 - - [05/Mar/2018:09:43:15 -0300] "GET /cormun/servlet/trautorizarsolicitud? HTTP/1.1" 200 9877
192.168.10.89 - - [05/Mar/2018:09:43:15 -0300] "GET /cormun/servlet/vesolicitudgral?2018,8837,,SolicitudOTAdjuntos HTTP/1.1" 200 11462
192.168.10.89 - - [05/Mar/2018:09:43:15 -0300] "GET /cormun/pexe_scrolldiv.js HTTP/1.1" 404 1009
192.168.10.89 - - [05/Mar/2018:09:43:17 -0300] "POST /cormun/servlet/acontrolpreferencessavestate?None,CDROGUETT,true HTTP/1.1" 200 35
186.103.157.246 - - [05/Mar/2018:09:43:17 -0300] "GET /cormun/servlet/solicitudotadjuntos?3d834c0e6a7b562014dbb3ba4dfb149940022ffcab17cc82f6959a78732f8bfa,gx-no-cache=1520253748949 HTTP/1.1" 200 30
186.103.157.246 - - [05/Mar/2018:09:43:17 -0300] "GET /cormun/servlet/solicitudotadjuntos?3d834c0e6a7b562014dbb3ba4dfb149940022ffcab17cc82f6959a78732f8bfa,gx-no-cache=1520253749003 HTTP/1.1" 200 30
192.168.10.89 - - [05/Mar/2018:09:43:17 -0300] "GET /cormun/PublicTempStorage/certificado_grado_academico2453463.pdf HTTP/1.1" 200 124036
200.111.122.170 - - [05/Mar/2018:09:43:21 -0300] "GET /cormun/servlet/solicitudot?ab225b9d4dcfbefa68320ad8f8c2e0a8a16c80e3d681a43fdbd5ecaeaf2e9968d9d1c5056b598b6f45bff6a6a85970303ba7dfe40df3c9ddd90776f7b1f24b18ca4096f5a7cb50112dff228e8f2708cf6bb3d8eeb459ca6c34e02c554a9fab24ffea9dd225ee2c317605da8c861c95df,gx-no-cache=1520253752576 HTTP/1.1" 200 29
200.111.122.170 - - [05/Mar/2018:09:43:21 -0300] "POST /cormun/servlet/solicitudot?gx-no-cache=1520253752840 HTTP/1.1" 200 1318
200.111.122.170 - - [05/Mar/2018:09:43:22 -0300] "POST /cormun/servlet/solicitudot?gx-no-cache=1520253753432 HTTP/1.1" 200 1215
186.103.157.246 - - [05/Mar/2018:09:43:23 -0300] "POST /cormun/servlet/solicitudotadjuntos?af75baf3a6b79b4ecf0c60d6f47704c6,INS,2018,9977,,1, HTTP/1.1" 200 116
186.103.157.246 - - [05/Mar/2018:09:43:23 -0300] "GET /cormun/servlet/hpexe_return? HTTP/1.1" 200 1011
186.103.157.246 - - [05/Mar/2018:09:43:24 -0300] "GET /cormun/servlet/trsolicitudadjuntos?2018,9977, HTTP/1.1" 200 9345
192.168.10.89 - - [05/Mar/2018:09:43:25 -0300] "GET /cormun/servlet/vesolicitudgral?2018,8837,,SolicitudOTAdjuntos HTTP/1.1" 200 11464
192.168.10.89 - - [05/Mar/2018:09:43:25 -0300] "GET /cormun/pexe_scrolldiv.js HTTP/1.1" 404 1009
190.161.236.41 - - [05/Mar/2018:09:43:26 -0300] "POST /cormun/servlet/hlogin?686c4584ceac54c82d9e26f3236a52c2,gx-no-cache=1520253757653 HTTP/1.1" 200 434
192.168.10.89 - - [05/Mar/2018:09:43:27 -0300] "POST /cormun/servlet/acontrolpreferencessavestate?None,CDROGUETT,true HTTP/1.1" 200 35
192.168.10.89 - - [05/Mar/2018:09:43:28 -0300] "GET /cormun/PublicTempStorage/certificado_de_titulo_profesional9472222.pdf HTTP/1.1" 200 125901
190.161.236.41 - - [05/Mar/2018:09:43:35 -0300] "POST /cormun/servlet/hlogin?686c4584ceac54c82d9e26f3236a52c2,gx-no-cache=1520253767155 HTTP/1.1" 200 434
192.168.10.89 - - [05/Mar/2018:09:43:37 -0300] "GET /cormun/servlet/vesolicitudgral?2018,8837,,SolicitudOTAdjuntos HTTP/1.1" 200 11461
192.168.10.89 - - [05/Mar/2018:09:43:37 -0300] "GET /cormun/pexe_scrolldiv.js HTTP/1.1" 404 1009
200.111.122.170 - - [05/Mar/2018:09:43:37 -0300] "GET /cormun/static/menuarrow.gif HTTP/1.1" 404 1015
192.168.10.89 - - [05/Mar/2018:09:43:38 -0300] "POST /cormun/servlet/acontrolpreferencessavestate?None,CDROGUETT,true HTTP/1.1" 200 35
190.161.236.41 - - [05/Mar/2018:09:43:41 -0300] "POST /cormun/servlet/hlogin?686c4584ceac54c82d9e26f3236a52c2,gx-no-cache=1520253772722 HTTP/1.1" 200 90
190.161.236.41 - - [05/Mar/2018:09:43:41 -0300] "GET /cormun/servlet/hpexe_link HTTP/1.1" 200 951
190.161.236.41 - - [05/Mar/2018:09:43:42 -0300] "GET /cormun/servlet/hhome HTTP/1.1" 200 4132
190.161.236.41 - - [05/Mar/2018:09:43:42 -0300] "GET /cormun/servlet/hhome HTTP/1.1" 200 4130
200.111.122.170 - - [05/Mar/2018:09:43:42 -0300] "GET /cormun/servlet/solicitudot?ab225b9d4dcfbefa68320ad8f8c2e0a8cdd54f86c09f9b54ddb36e06b6f1d28436609f4bfe530a8d7b5fb6d21a0cf48f,gx-no-cache=1520253774037 HTTP/1.1" 200 30
186.67.203.186 - - [05/Mar/2018:09:43:44 -0300] "GET /cormun/servlet/trsolicitudot? HTTP/1.1" 200 7414
186.67.203.186 - - [05/Mar/2018:09:43:45 -0300] "GET /cormun/servlet/trsolicitudot? HTTP/1.1" 200 7413
190.161.236.41 - - [05/Mar/2018:09:43:47 -0300] "GET /cormun/servlet/trsolicitudot? HTTP/1.1" 200 7352
190.161.236.41 - - [05/Mar/2018:09:43:47 -0300] "GET /cormun/servlet/trsolicitudot? HTTP/1.1" 200 7351
186.103.158.250 - - [05/Mar/2018:09:43:52 -0300] "POST /cormun/servlet/solicitudotadjuntos?gx-no-cache=1520253783008 HTTP/1.1" 200 26
186.67.203.186 - - [05/Mar/2018:09:43:52 -0300] "GET /cormun/servlet/solicitudot?INS,0,0, HTTP/1.1" 200 13646
186.67.203.186 - - [05/Mar/2018:09:43:53 -0300] "GET /cormun/servlet/solicitudot?INS,0,0, HTTP/1.1" 200 13651
200.111.122.170 - - [05/Mar/2018:09:44:02 -0300] "POST /cormun/servlet/solicitudot?gx-no-cache=1520253793762 HTTP/1.1" 200 30
186.103.157.246 - - [05/Mar/2018:09:44:05 -0300] "POST /cormun/servlet/trsolicitudadjuntos?af75baf3a6b79b4ecf0c60d6f47704c6,2018,9977,,gx-no-cache=1520253760077 HTTP/1.1" 500 10
192.168.10.89 - - [05/Mar/2018:09:44:08 -0300] "GET /cormun/PublicTempStorage/certificado_de_titulo_profesional1784061.pdf HTTP/1.1" 200 125901
190.161.236.41 - - [05/Mar/2018:09:44:11 -0300] "GET /cormun/servlet/solicitudot?INS,0,0, HTTP/1.1" 200 13591
190.161.236.41 - - [05/Mar/2018:09:44:11 -0300] "GET /cormun/static/gxcfg.js?201812313224582 HTTP/1.1" 304 -
186.103.159.188 - - [05/Mar/2018:09:44:11 -0300] "GET /cormun/static/solicitudot.js?201812313224831 HTTP/1.1" 304 -
186.103.159.188 - - [05/Mar/2018:09:44:12 -0300] "GET /cormun/servlet/solicitudot?INS,0,0, HTTP/1.1" 200 13596
192.168.10.89 - - [05/Mar/2018:09:44:12 -0300] "GET /cormun/servlet/vesolicitudgral?2018,8837,,SolicitudOTAdjuntos HTTP/1.1" 200 11459
192.168.10.89 - - [05/Mar/2018:09:44:12 -0300] "GET /cormun/pexe_scrolldiv.js HTTP/1.1" 404 1009
192.168.10.89 - - [05/Mar/2018:09:44:14 -0300] "POST /cormun/servlet/acontrolpreferencessavestate?None,CDROGUETT,true HTTP/1.1" 200 35
186.103.158.250 - - [05/Mar/2018:09:44:17 -0300] "GET /cormun/servlet/solicitudotadjuntos?75790c4d026b4ff87d5a69645ceb5a0256240a99db453aa0a580d0b4a63a41a2,gx-no-cache=1520253808758 HTTP/1.1" 200 30
186.103.158.250 - - [05/Mar/2018:09:44:17 -0300] "GET /cormun/servlet/solicitudotadjuntos?75790c4d026b4ff87d5a69645ceb5a0256240a99db453aa0a580d0b4a63a41a2,gx-no-cache=1520253808888 HTTP/1.1" 200 30
186.103.158.250 - - [05/Mar/2018:09:44:18 -0300] "POST /cormun/servlet/solicitudotadjuntos?399ef1f3b3ca3840e56d85813155a378,INS,2018,9978,,1, HTTP/1.1" 200 116
186.103.158.250 - - [05/Mar/2018:09:44:18 -0300] "GET /cormun/servlet/hpexe_return? HTTP/1.1" 200 1023
186.103.158.250 - - [05/Mar/2018:09:44:19 -0300] "GET /cormun/servlet/trsolicitudadjuntos?2018,9978, HTTP/1.1" 200 8901
186.103.158.250 - - [05/Mar/2018:09:44:21 -0300] "GET /cormun/servlet/trsolicitudadjuntos?2018,9978, HTTP/1.1" 200 8900
186.103.158.250 - - [05/Mar/2018:09:44:24 -0300] "GET /cormun/servlet/solicitudotadjuntos?INS,2018,9978,,1, HTTP/1.1" 200 6240
186.103.158.250 - - [05/Mar/2018:09:44:24 -0300] "GET /cormun/static/about:blank HTTP/1.1" 404 1011
186.103.158.250 - - [05/Mar/2018:09:44:25 -0300] "GET /cormun/servlet/solicitudotadjuntos?INS,2018,9978,,1, HTTP/1.1" 200 6234
186.103.158.250 - - [05/Mar/2018:09:44:26 -0300] "GET /cormun/servlet/solicitudotadjuntos?75790c4d026b4ff87d5a69645ceb5a02695b3038cce4a35103af106bde040e89b15bc6f5c5f3a99549267dd5a0d8af88,gx-no-cache=1520253817113 HTTP/1.1" 200 30
186.103.158.250 - - [05/Mar/2018:09:44:26 -0300] "POST /cormun/servlet/solicitudotadjuntos?399ef1f3b3ca3840e56d85813155a378,INS,2018,9978,,1,,gx-no-cache=1520253817206 HTTP/1.1" 200 3984
186.67.203.186 - - [05/Mar/2018:09:44:27 -0300] "POST /cormun/servlet/hlogin?6ba8cff40705c9181b1e805fc2332e67,gx-no-cache=1520253821553 HTTP/1.1" 200 90
186.67.203.186 - - [05/Mar/2018:09:44:27 -0300] "GET /cormun/servlet/hpexe_link HTTP/1.1" 200 941
186.67.203.186 - - [05/Mar/2018:09:44:27 -0300] "GET /cormun/static/gxcfg.js?20177612121792 HTTP/1.1" 304 -
186.67.203.186 - - [05/Mar/2018:09:44:28 -0300] "GET /cormun/servlet/hhome HTTP/1.1" 200 4030
200.72.197.82 - - [05/Mar/2018:09:44:28 -0300] "GET /cormun/static/gxcfg.js?20175251212442 HTTP/1.1" 304 -
186.67.203.186 - - [05/Mar/2018:09:44:29 -0300] "GET /cormun/servlet/hhome HTTP/1.1" 200 4026
186.103.158.250 - - [05/Mar/2018:09:44:31 -0300] "POST /cormun/servlet/solicitudotadjuntos?gx-no-cache=1520253822099 HTTP/1.1" 200 26
186.103.159.188 - - [05/Mar/2018:09:44:34 -0300] "POST /cormun/servlet/solicitudot?gx-no-cache=1520253824430 HTTP/1.1" 200 3437
186.103.159.188 - - [05/Mar/2018:09:44:34 -0300] "POST /cormun/servlet/solicitudot?686c4584ceac54c82d9e26f3236a52c2,INS,0,0,,gx-no-cache=1520253825449 HTTP/1.1" 200 10623
186.103.161.206 - - [05/Mar/2018:09:44:38 -0300] "POST /cormun/servlet/solicitudot?gx-no-cache=1520253829747 HTTP/1.1" 200 3403
200.72.197.82 - - [05/Mar/2018:09:44:38 -0300] "GET /cormun/servlet/trsolicitudot? HTTP/1.1" 200 7243
200.72.197.82 - - [05/Mar/2018:09:44:38 -0300] "GET /cormun/static/gxcfg.js?2017111422585916 HTTP/1.1" 304 -
186.103.161.206 - - [05/Mar/2018:09:44:39 -0300] "GET /cormun/static/calendar-es.js?85251 HTTP/1.1" 304 -
200.72.197.82 - - [05/Mar/2018:09:44:39 -0300] "GET /cormun/static/calendar-setup.js?85251 HTTP/1.1" 304 -
186.103.161.206 - - [05/Mar/2018:09:44:39 -0300] "GET /cormun/static/gxdec.js?85251 HTTP/1.1" 304 -
200.72.197.82 - - [05/Mar/2018:09:44:39 -0300] "GET /cormun/static/calendar.js?85251 HTTP/1.1" 304 -
200.72.197.82 - - [05/Mar/2018:09:44:39 -0300] "GET /cormun/servlet/trsolicitudot? HTTP/1.1" 200 7242
186.103.161.206 - - [05/Mar/2018:09:44:40 -0300] "POST /cormun/servlet/solicitudot?92c21b8850daebe410845a6029066c7c,INS,0,0,,gx-no-cache=1520253831237 HTTP/1.1" 200 10585
186.103.158.250 - - [05/Mar/2018:09:44:42 -0300] "GET /cormun/servlet/solicitudotadjuntos?75790c4d026b4ff87d5a69645ceb5a0256240a99db453aa0a580d0b4a63a41a2,gx-no-cache=1520253832960 HTTP/1.1" 200 30
186.103.158.250 - - [05/Mar/2018:09:44:42 -0300] "GET /cormun/servlet/solicitudotadjuntos?75790c4d026b4ff87d5a69645ceb5a0256240a99db453aa0a580d0b4a63a41a2,gx-no-cache=1520253833041 HTTP/1.1" 200 30
186.103.158.250 - - [05/Mar/2018:09:44:42 -0300] "POST /cormun/servlet/solicitudotadjuntos?399ef1f3b3ca3840e56d85813155a378,INS,2018,9978,,1, HTTP/1.1" 200 116
186.103.158.250 - - [05/Mar/2018:09:44:42 -0300] "GET /cormun/servlet/hpexe_return? HTTP/1.1" 200 1023
186.103.158.250 - - [05/Mar/2018:09:44:43 -0300] "GET /cormun/servlet/trsolicitudadjuntos?2018,9978, HTTP/1.1" 200 9070
186.103.158.250 - - [05/Mar/2018:09:44:45 -0300] "GET /cormun/servlet/trsolicitudadjuntos?2018,9978, HTTP/1.1" 200 9068
186.103.161.206 - - [05/Mar/2018:09:44:46 -0300] "GET /cormun/servlet/solicitudot?INS,0,0, HTTP/1.1" 200 13486
200.72.197.82 - - [05/Mar/2018:09:44:46 -0300] "GET /cormun/static/gxcfg.js?201812313224582 HTTP/1.1" 304 -
186.103.161.206 - - [05/Mar/2018:09:44:47 -0300] "GET /cormun/servlet/solicitudot?INS,0,0, HTTP/1.1" 200 13491
186.103.158.250 - - [05/Mar/2018:09:44:47 -0300] "GET /cormun/servlet/solicitudotadjuntos?INS,2018,9978,,1, HTTP/1.1" 200 6240
186.103.158.250 - - [05/Mar/2018:09:44:48 -0300] "GET /cormun/static/about:blank HTTP/1.1" 404 1011
186.103.158.250 - - [05/Mar/2018:09:44:49 -0300] "GET /cormun/servlet/solicitudotadjuntos?INS,2018,9978,,1, HTTP/1.1" 200 6234
186.103.158.250 - - [05/Mar/2018:09:44:49 -0300] "GET /cormun/servlet/solicitudotadjuntos?75790c4d026b4ff87d5a69645ceb5a02695b3038cce4a35103af106bde040e89b15bc6f5c5f3a99549267dd5a0d8af88,gx-no-cache=1520253840450 HTTP/1.1" 200 30
186.103.158.250 - - [05/Mar/2018:09:44:49 -0300] "POST /cormun/servlet/solicitudotadjuntos?399ef1f3b3ca3840e56d85813155a378,INS,2018,9978,,1,,gx-no-cache=1520253840556 HTTP/1.1" 200 3984
186.103.161.206 - - [05/Mar/2018:09:44:50 -0300] "GET /cormun/servlet/solicitudot?94362067b2e2392b78ce8dfa2a640e5d5cb2d2892b0f2623aedb7e2e9be9e11242b6d29ace4b154f3d068286aaedc5f4,gx-no-cache=1520253843515 HTTP/1.1" 200 30
186.103.161.206 - - [05/Mar/2018:09:44:50 -0300] "GET /cormun/servlet/solicitudot?94362067b2e2392b78ce8dfa2a640e5db8eb3c55ce514472598d8d35400e30fde367f1778304d90c4ca99f73125224e2398521cf4db956484e3c7901042de9a7,gx-no-cache=1520253843758 HTTP/1.1" 200 30
186.103.161.206 - - [05/Mar/2018:09:44:51 -0300] "GET /cormun/servlet/solicitudot?94362067b2e2392b78ce8dfa2a640e5daf6f2ceb327cd04538824386f9b73e37,gx-no-cache=1520253843908 HTTP/1.1" 200 51
186.103.161.206 - - [05/Mar/2018:09:44:51 -0300] "POST /cormun/servlet/solicitudot?gx-no-cache=1520253844078 HTTP/1.1" 200 255
186.103.161.206 - - [05/Mar/2018:09:44:51 -0300] "GET /cormun/servlet/solicitudot?94362067b2e2392b78ce8dfa2a640e5df336a603a3413941d6bc0957b942621bf63b8c7e217ad52f5625caefc5a2751c142400a434ad9b270936514fe3f581a1e7939c11ae5f12abfa315ec1e66c233643cb82d7d142acd079c140d5be6d817b9c9edcb80949d7c6d63ed79a42166089a31b1054525a7d08641f45953e964b850bc39bccb12dff8d945695803abd9fdc3c764adbbc86088ca1e7e433f2109fcb6ac5c2fdbc43a93a63f42cadab5b8a9f16ae12e7a265ff2bf9ee8d8dda4cb72fe09bba55da14fdbb12d284e1ec88b692ee14d326a07a4cf271da018b960b9e5770b2d887d5a46ae36a71e44a43af20508c2bed2d6956cc4f95bb6cac0fa40028f23ca485414ad0a07712242bf16a089d2c1a52eb8ae455c027af6db78df382edca16d5cfeddce813167320a2a00c7a16263669d9bbc883d78cd3abe891d1ad8e81efc70f6a651b1ceb94f697d7f9469e7e074216d65905f827562f47a09f3ca49420337b581deb1e5b9c1f16d4262d74de3a5de3eaec187992f0d81522f2c09e,gx-no-cache=1520253844322 HTTP/1.1" 200 30
186.103.158.250 - - [05/Mar/2018:09:44:53 -0300] "POST /cormun/servlet/solicitudotadjuntos?gx-no-cache=1520253844570 HTTP/1.1" 200 26
186.103.161.206 - - [05/Mar/2018:09:44:53 -0300] "POST /cormun/servlet/solicitudot?gx-no-cache=1520253846445 HTTP/1.1" 200 30
186.103.161.206 - - [05/Mar/2018:09:44:56 -0300] "POST /cormun/servlet/solicitudot?gx-no-cache=1520253849668 HTTP/1.1" 200 1336
186.103.161.206 - - [05/Mar/2018:09:44:57 -0300] "POST /cormun/servlet/solicitudot?gx-no-cache=1520253849985 HTTP/1.1" 200 38
186.103.161.206 - - [05/Mar/2018:09:44:57 -0300] "GET /cormun/servlet/solicitudot?94362067b2e2392b78ce8dfa2a640e5d84c4ce0b93aafd4769d9c636223fd7b547b2b03b1878b4d24417aa8296ddd05fcb0305ada395d202ce7a4563f5aa40669212935367034eff426a4a3168690cdba15e3dbfca7c54a76001319fd90eadd68192c3f84394d3da134921218b8089fd85ca2af6218721eec29a5595c894438b139bcaa31a225e8936c9949365cf08e1004a36d4712588ed9ed5cde9065fb3da,gx-no-cache=1520253850293 HTTP/1.1" 200 29
186.103.161.206 - - [05/Mar/2018:09:44:57 -0300] "POST /cormun/servlet/solicitudot?gx-no-cache=1520253850460 HTTP/1.1" 200 1319
186.103.161.206 - - [05/Mar/2018:09:44:58 -0300] "POST /cormun/servlet/solicitudot?gx-no-cache=1520253850892 HTTP/1.1" 200 1219
186.103.158.250 - - [05/Mar/2018:09:45:02 -0300] "GET /cormun/servlet/solicitudotadjuntos?75790c4d026b4ff87d5a69645ceb5a0256240a99db453aa0a580d0b4a63a41a2,gx-no-cache=1520253852539 HTTP/1.1" 200 30
186.103.158.250 - - [05/Mar/2018:09:45:02 -0300] "GET /cormun/servlet/solicitudotadjuntos?75790c4d026b4ff87d5a69645ceb5a0256240a99db453aa0a580d0b4a63a41a2,gx-no-cache=1520253853019 HTTP/1.1" 200 30
186.103.158.250 - - [05/Mar/2018:09:45:03 -0300] "POST /cormun/servlet/solicitudotadjuntos?399ef1f3b3ca3840e56d85813155a378,INS,2018,9978,,1, HTTP/1.1" 200 116
186.103.158.250 - - [05/Mar/2018:09:45:03 -0300] "GET /cormun/servlet/hpexe_return? HTTP/1.1" 200 1023
186.103.158.250 - - [05/Mar/2018:09:45:04 -0300] "GET /cormun/servlet/trsolicitudadjuntos?2018,9978, HTTP/1.1" 200 9263
186.103.158.250 - - [05/Mar/2018:09:45:05 -0300] "GET /cormun/servlet/trsolicitudadjuntos?2018,9978, HTTP/1.1" 200 9264
186.103.158.250 - - [05/Mar/2018:09:45:09 -0300] "GET /cormun/servlet/solicitudotadjuntos?INS,2018,9978,,1, HTTP/1.1" 200 6240
186.103.158.250 - - [05/Mar/2018:09:45:10 -0300] "GET /cormun/static/about:blank HTTP/1.1" 404 1011
186.103.158.250 - - [05/Mar/2018:09:45:11 -0300] "GET /cormun/servlet/solicitudotadjuntos?INS,2018,9978,,1, HTTP/1.1" 200 6234
186.103.158.250 - - [05/Mar/2018:09:45:11 -0300] "GET /cormun/servlet/solicitudotadjuntos?75790c4d026b4ff87d5a69645ceb5a02695b3038cce4a35103af106bde040e89b15bc6f5c5f3a99549267dd5a0d8af88,gx-no-cache=1520253862444 HTTP/1.1" 200 30
186.103.158.250 - - [05/Mar/2018:09:45:13 -0300] "POST /cormun/servlet/solicitudotadjuntos?399ef1f3b3ca3840e56d85813155a378,INS,2018,9978,,1,,gx-no-cache=1520253862552 HTTP/1.1" 200 3984
186.103.158.250 - - [05/Mar/2018:09:45:17 -0300] "POST /cormun/servlet/solicitudotadjuntos?gx-no-cache=1520253868226 HTTP/1.1" 200 26
186.103.158.250 - - [05/Mar/2018:09:45:17 -0300] "GET /cormun/servlet/solicitudotadjuntos?75790c4d026b4ff87d5a69645ceb5a0256240a99db453aa0a580d0b4a63a41a2,gx-no-cache=1520253868317 HTTP/1.1" 200 30
186.103.158.250 - - [05/Mar/2018:09:45:17 -0300] "GET /cormun/servlet/solicitudotadjuntos?75790c4d026b4ff87d5a69645ceb5a0256240a99db453aa0a580d0b4a63a41a2,gx-no-cache=1520253868397 HTTP/1.1" 200 30
186.103.158.250 - - [05/Mar/2018:09:45:17 -0300] "POST /cormun/servlet/solicitudotadjuntos?399ef1f3b3ca3840e56d85813155a378,INS,2018,9978,,1,,gx-no-cache=1520253868492 HTTP/1.1" 200 93
186.103.161.206 - - [05/Mar/2018:09:45:17 -0300] "POST /cormun/servlet/solicitudot?gx-no-cache=1520253870044 HTTP/1.1" 200 30
186.103.158.250 - - [05/Mar/2018:09:45:17 -0300] "GET /cormun/servlet/hpexe_return? HTTP/1.1" 200 1023
186.103.158.250 - - [05/Mar/2018:09:45:18 -0300] "GET /cormun/servlet/trsolicitudadjuntos?2018,9978, HTTP/1.1" 200 9453
186.103.161.206 - - [05/Mar/2018:09:45:18 -0300] "POST /cormun/servlet/solicitudot?gx-no-cache=1520253870816 HTTP/1.1" 200 1336
186.103.161.206 - - [05/Mar/2018:09:45:19 -0300] "POST /cormun/servlet/solicitudot?gx-no-cache=1520253871636 HTTP/1.1" 200 38
186.103.161.206 - - [05/Mar/2018:09:45:19 -0300] "POST /cormun/servlet/solicitudot?gx-no-cache=1520253872025 HTTP/1.1" 200 1319
186.103.161.206 - - [05/Mar/2018:09:45:19 -0300] "POST /cormun/servlet/solicitudot?gx-no-cache=1520253872530 HTTP/1.1" 200 1219
186.103.158.250 - - [05/Mar/2018:09:45:20 -0300] "GET /cormun/servlet/trsolicitudadjuntos?2018,9978, HTTP/1.1" 200 9449
186.103.161.206 - - [05/Mar/2018:09:45:22 -0300] "GET /cormun/static/menuarrow.gif HTTP/1.1" 404 1015
186.103.161.206 - - [05/Mar/2018:09:45:26 -0300] "GET /cormun/servlet/solicitudot?94362067b2e2392b78ce8dfa2a640e5dabc8e6d6f4141abd586a0bbca167444b40545388546589a31e59c251b22d250e,gx-no-cache=1520253878946 HTTP/1.1" 200 30
186.103.158.250 - - [05/Mar/2018:09:45:28 -0300] "GET /cormun/servlet/solicitudotadjuntos?DLT,2018,9978,CARNET,0, HTTP/1.1" 200 6119
186.103.158.250 - - [05/Mar/2018:09:45:28 -0300] "GET /cormun/static/about:blank HTTP/1.1" 404 1011
186.103.158.250 - - [05/Mar/2018:09:45:29 -0300] "GET /cormun/static/Shared/jqueryui/images/ui-bg_highlight-soft_100_c6c2c8_1x100.png HTTP/1.1" 404 1117
186.103.158.250 - - [05/Mar/2018:09:45:29 -0300] "GET /cormun/static/Shared/jqueryui/images/ui-icons_82798d_256x240.png HTTP/1.1" 404 1089
186.103.158.250 - - [05/Mar/2018:09:45:29 -0300] "GET /cormun/static/Shared/jqueryui/images/ui-bg_flat_55_fafafa_40x100.png HTTP/1.1" 404 1097
186.103.158.250 - - [05/Mar/2018:09:45:29 -0300] "GET /cormun/static/Shared/jqueryui/images/ui-icons_8d78a5_256x240.png HTTP/1.1" 404 1089
186.103.158.250 - - [05/Mar/2018:09:45:29 -0300] "GET /cormun/servlet/solicitudotadjuntos?DLT,2018,9978,CARNET,0, HTTP/1.1" 200 6112
186.103.158.250 - - [05/Mar/2018:09:45:35 -0300] "GET /cormun/servlet/trsolicitudadjuntos?2018,9978, HTTP/1.1" 200 9453
186.103.158.250 - - [05/Mar/2018:09:45:36 -0300] "GET /cormun/servlet/trsolicitudadjuntos?2018,9978, HTTP/1.1" 200 9448
186.103.158.250 - - [05/Mar/2018:09:45:43 -0300] "GET /cormun/servlet/solicitudotadjuntos?DLT,2018,9978,CARNET,0, HTTP/1.1" 200 6120
186.103.158.250 - - [05/Mar/2018:09:45:43 -0300] "GET /cormun/static/about:blank HTTP/1.1" 404 1011
186.103.158.250 - - [05/Mar/2018:09:45:44 -0300] "GET /cormun/static/Shared/jqueryui/images/ui-bg_highlight-soft_100_c6c2c8_1x100.png HTTP/1.1" 404 1117
186.103.158.250 - - [05/Mar/2018:09:45:44 -0300] "GET /cormun/static/Shared/jqueryui/images/ui-icons_82798d_256x240.png HTTP/1.1" 404 1089
186.103.158.250 - - [05/Mar/2018:09:45:44 -0300] "GET /cormun/static/Shared/jqueryui/images/ui-bg_flat_55_fafafa_40x100.png HTTP/1.1" 404 1097
186.103.158.250 - - [05/Mar/2018:09:45:44 -0300] "GET /cormun/static/Shared/jqueryui/images/ui-icons_8d78a5_256x240.png HTTP/1.1" 404 1089
186.103.158.250 - - [05/Mar/2018:09:45:44 -0300] "GET /cormun/servlet/solicitudotadjuntos?DLT,2018,9978,CARNET,0, HTTP/1.1" 200 6113
186.103.158.250 - - [05/Mar/2018:09:45:49 -0300] "POST /cormun/servlet/solicitudotadjuntos?399ef1f3b3ca3840e56d85813155a378,DLT,2018,9978,CARNET,0,,gx-no-cache=1520253899415 HTTP/1.1" 200 93
186.103.158.250 - - [05/Mar/2018:09:45:49 -0300] "GET /cormun/servlet/hpexe_return? HTTP/1.1" 200 1028
186.103.158.250 - - [05/Mar/2018:09:45:50 -0300] "GET /cormun/servlet/trsolicitudadjuntos?2018,9978, HTTP/1.1" 200 9267
186.103.158.250 - - [05/Mar/2018:09:45:51 -0300] "GET /cormun/servlet/trsolicitudadjuntos?2018,9978, HTTP/1.1" 200 9265
186.103.158.250 - - [05/Mar/2018:09:45:54 -0300] "GET /cormun/servlet/solicitudotadjuntos?INS,2018,9978,,1, HTTP/1.1" 200 6240
186.103.158.250 - - [05/Mar/2018:09:45:55 -0300] "GET /cormun/static/about:blank HTTP/1.1" 404 1011
186.103.158.250 - - [05/Mar/2018:09:45:56 -0300] "GET /cormun/servlet/solicitudotadjuntos?INS,2018,9978,,1, HTTP/1.1" 200 6234
186.103.158.250 - - [05/Mar/2018:09:45:57 -0300] "GET /cormun/servlet/solicitudotadjuntos?75790c4d026b4ff87d5a69645ceb5a02695b3038cce4a35103af106bde040e89b15bc6f5c5f3a99549267dd5a0d8af88,gx-no-cache=1520253907916 HTTP/1.1" 200 30
186.103.158.250 - - [05/Mar/2018:09:45:57 -0300] "POST /cormun/servlet/solicitudotadjuntos?399ef1f3b3ca3840e56d85813155a378,INS,2018,9978,,1,,gx-no-cache=1520253908014 HTTP/1.1" 200 3983
186.103.157.246 - - [05/Mar/2018:09:45:57 -0300] "GET /cormun/servlet/hlogin HTTP/1.1" 200 1701
186.103.157.246 - - [05/Mar/2018:09:45:57 -0300] "GET /cormun/static/Resources/Spanish/PXTools.css?11423723 HTTP/1.1" 304 -
186.103.157.246 - - [05/Mar/2018:09:45:57 -0300] "GET /cormun/static/gxtimezone.js?85251 HTTP/1.1" 304 -
186.103.157.246 - - [05/Mar/2018:09:45:57 -0300] "GET /cormun/static/gxcfg.js?20175251213516 HTTP/1.1" 304 -
186.103.157.246 - - [05/Mar/2018:09:45:57 -0300] "GET /cormun/static/gxgral.js?85251 HTTP/1.1" 304 -
186.103.157.246 - - [05/Mar/2018:09:45:57 -0300] "GET /cormun/static/messages.spa.js?85251 HTTP/1.1" 304 -
186.103.157.246 - - [05/Mar/2018:09:45:57 -0300] "GET /cormun/static/hlogin.js?20175251213537 HTTP/1.1" 304 -
186.103.157.246 - - [05/Mar/2018:09:45:57 -0300] "GET /cormun/static/Resources/ComunLogin.png HTTP/1.1" 304 -
186.103.157.246 - - [05/Mar/2018:09:45:57 -0300] "GET /cormun/static/Resources/PXToolsLoginTop.png HTTP/1.1" 304 -
186.103.157.246 - - [05/Mar/2018:09:45:57 -0300] "GET /cormun/static/Resources/PXToolsButtonLeft21.png HTTP/1.1" 304 -
186.103.157.246 - - [05/Mar/2018:09:45:57 -0300] "GET /cormun/static/Resources/PXToolsButtonRight21.png HTTP/1.1" 304 -
186.103.157.246 - - [05/Mar/2018:09:45:58 -0300] "GET /cormun/static/Resources/PXToolsLoginBottom.png HTTP/1.1" 304 -
186.103.157.246 - - [05/Mar/2018:09:45:58 -0300] "GET /cormun/static/Resources/PXToolsLoginBackground.png HTTP/1.1" 304 -
186.103.157.246 - - [05/Mar/2018:09:46:01 -0300] "GET /cormun/static/Resources/PXToolsButtonBackground2.png HTTP/1.1" 304 -
186.103.157.246 - - [05/Mar/2018:09:46:01 -0300] "GET /cormun/static/Resources/indicator.gif HTTP/1.1" 304 -
186.103.158.250 - - [05/Mar/2018:09:46:01 -0300] "POST /cormun/servlet/solicitudotadjuntos?gx-no-cache=1520253912257 HTTP/1.1" 200 26
186.103.157.246 - - [05/Mar/2018:09:46:10 -0300] "POST /cormun/servlet/hlogin?4888a8afec5df17a1fc3f6dcdee07fcd,gx-no-cache=1520253922257 HTTP/1.1" 200 90
186.103.157.246 - - [05/Mar/2018:09:46:11 -0300] "GET /cormun/servlet/hpexe_link HTTP/1.1" 200 936
186.103.157.246 - - [05/Mar/2018:09:46:11 -0300] "GET /cormun/static/Resources/Spanish/PXTools.css?1155365 HTTP/1.1" 304 -
186.103.157.246 - - [05/Mar/2018:09:46:11 -0300] "GET /cormun/static/gxcfg.js?20177612121792 HTTP/1.1" 304 -
186.103.157.246 - - [05/Mar/2018:09:46:11 -0300] "GET /cormun/static/hpexe_link.js?20177612121795 HTTP/1.1" 304 -
186.103.157.246 - - [05/Mar/2018:09:46:11 -0300] "GET /cormun/servlet/hhome HTTP/1.1" 200 3866
186.103.157.246 - - [05/Mar/2018:09:46:11 -0300] "GET /cormun/static/SmoothNavMenu/resources/ddsmoothmenu-v.css?1012540 HTTP/1.1" 304 -
186.103.157.246 - - [05/Mar/2018:09:46:11 -0300] "GET /cormun/static/Shared/jqueryui/jquery-ui.min.css?1245370 HTTP/1.1" 304 -
186.103.157.246 - - [05/Mar/2018:09:46:11 -0300] "GET /cormun/static/SmoothNavMenu/resources/ddsmoothmenu.css?1012540 HTTP/1.1" 304 -
186.103.157.246 - - [05/Mar/2018:09:46:11 -0300] "GET /cormun/static/scaMessage/css/jquery.pnotify.default.css?1716380 HTTP/1.1" 304 -
186.103.157.246 - - [05/Mar/2018:09:46:11 -0300] "GET /cormun/static/gxcfg.js?20175251212442 HTTP/1.1" 304 -
186.103.157.246 - - [05/Mar/2018:09:46:11 -0300] "GET /cormun/static/PXToolsJavascripts/pexe_autoreload.js HTTP/1.1" 304 -
186.103.157.246 - - [05/Mar/2018:09:46:11 -0300] "GET /cormun/static/PXToolsJavascripts/pexe_cookies.js HTTP/1.1" 304 -
186.103.157.246 - - [05/Mar/2018:09:46:11 -0300] "GET /cormun/static/PXToolsJavascripts/pexe_windows.js HTTP/1.1" 304 -
186.103.157.246 - - [05/Mar/2018:09:46:11 -0300] "GET /cormun/static/PXToolsJavascripts/pexe_griddivfix.js HTTP/1.1" 304 -
186.103.157.246 - - [05/Mar/2018:09:46:11 -0300] "GET /cormun/static/PXToolsJavascripts/pexe_grid.js HTTP/1.1" 304 -
186.103.157.246 - - [05/Mar/2018:09:46:11 -0300] "GET /cormun/static/PXToolsJavascripts/pexe_link.js HTTP/1.1" 304 -
186.103.157.246 - - [05/Mar/2018:09:46:11 -0300] "GET /cormun/static/PXToolsJavascripts/pexe_menudivfix.js HTTP/1.1" 304 -
186.103.157.246 - - [05/Mar/2018:09:46:11 -0300] "GET /cormun/static/PXToolsJavascripts/pexe_menus.js HTTP/1.1" 304 -
186.103.157.246 - - [05/Mar/2018:09:46:11 -0300] "GET /cormun/static/PXToolsJavascripts/pexe_oav.js HTTP/1.1" 304 -
186.103.157.246 - - [05/Mar/2018:09:46:11 -0300] "GET /cormun/static/PXToolsJavascripts/pexe_oavdivfix.js HTTP/1.1" 304 -
186.103.157.246 - - [05/Mar/2018:09:46:11 -0300] "GET /cormun/static/PXToolsJavascripts/pexe_layers.js HTTP/1.1" 304 -
186.103.157.246 - - [05/Mar/2018:09:46:11 -0300] "GET /cormun/static/PXToolsJavascripts/pexe_popup.js HTTP/1.1" 304 -
186.103.157.246 - - [05/Mar/2018:09:46:11 -0300] "GET /cormun/static/PXToolsJavascripts/pexe_picture.js HTTP/1.1" 304 -
186.103.157.246 - - [05/Mar/2018:09:46:11 -0300] "GET /cormun/static/PXToolsJavascripts/pexe_scrolldiv.js HTTP/1.1" 304 -
186.103.157.246 - - [05/Mar/2018:09:46:11 -0300] "GET /cormun/static/PXToolsJavascripts/pexe_tabdivfix.js HTTP/1.1" 304 -
186.103.157.246 - - [05/Mar/2018:09:46:11 -0300] "GET /cormun/static/PXToolsJavascripts/pexe_tabs.js HTTP/1.1" 304 -
186.103.157.246 - - [05/Mar/2018:09:46:11 -0300] "GET /cormun/static/PXToolsJavascripts/pexe_upload.js HTTP/1.1" 304 -
186.103.157.246 - - [05/Mar/2018:09:46:11 -0300] "GET /cormun/static/PXToolsJavascripts/PXToolsJavascriptsRender.js HTTP/1.1" 304 -
186.103.157.246 - - [05/Mar/2018:09:46:11 -0300] "GET /cormun/static/RunJS/RunJS.js HTTP/1.1" 304 -
186.103.157.246 - - [05/Mar/2018:09:46:11 -0300] "GET /cormun/static/Shared/ext/ext-all.js HTTP/1.1" 304 -
186.103.157.246 - - [05/Mar/2018:09:46:11 -0300] "GET /cormun/static/gxui/gxui-all.js HTTP/1.1" 304 -
186.103.157.246 - - [05/Mar/2018:09:46:11 -0300] "GET /cormun/static/Shared/ext/locale/ext-lang-en.js HTTP/1.1" 304 -
186.103.157.246 - - [05/Mar/2018:09:46:11 -0300] "GET /cormun/static/hhome.js?20175251212450 HTTP/1.1" 304 -
186.103.157.246 - - [05/Mar/2018:09:46:11 -0300] "GET /cormun/static/hwchdr01.js?201752511465785 HTTP/1.1" 304 -
186.103.157.246 - - [05/Mar/2018:09:46:11 -0300] "GET /cormun/static/hpexe_recentlink.js?20177611595044 HTTP/1.1" 304 -
186.103.157.246 - - [05/Mar/2018:09:46:11 -0300] "GET /cormun/static/hpexe_scripts.js?201752511465715 HTTP/1.1" 304 -
186.103.157.246 - - [05/Mar/2018:09:46:11 -0300] "GET /cormun/static/hpexe_messagecontroller.js?20177611595012 HTTP/1.1" 304 -
186.103.157.246 - - [05/Mar/2018:09:46:11 -0300] "GET /cormun/static/hpexe_messagepopupcomponent.js?20161017169425 HTTP/1.1" 304 -
186.103.157.246 - - [05/Mar/2018:09:46:11 -0300] "GET /cormun/static/hpexe_messagegenexuscomponent.js?201752511465344 HTTP/1.1" 304 -
186.103.157.246 - - [05/Mar/2018:09:46:11 -0300] "GET /cormun/static/cmcontrolpreferences.js?201752511465670 HTTP/1.1" 304 -
186.103.157.246 - - [05/Mar/2018:09:46:11 -0300] "GET /cormun/static/Shared/jquery/jquery-1.4.2.min.js HTTP/1.1" 304 -
186.103.157.246 - - [05/Mar/2018:09:46:11 -0300] "GET /cormun/static/Shared/jqueryui/jquery-ui.min.js HTTP/1.1" 304 -
186.103.157.246 - - [05/Mar/2018:09:46:11 -0300] "GET /cormun/static/Shared/jquery/jquery-1.10.2.min.js HTTP/1.1" 304 -
186.103.157.246 - - [05/Mar/2018:09:46:11 -0300] "GET /cormun/static/scaMessage/js/jquery.pnotify.min.js HTTP/1.1" 304 -
186.103.157.246 - - [05/Mar/2018:09:46:12 -0300] "GET /cormun/static/hmpwkw03.js?20177612122668 HTTP/1.1" 304 -
186.103.157.246 - - [05/Mar/2018:09:46:12 -0300] "GET /cormun/static/Resources/logo4.png HTTP/1.1" 304 -
186.103.157.246 - - [05/Mar/2018:09:46:12 -0300] "GET /cormun/static/Resources/PXToolsHeaderActionsLeft.png HTTP/1.1" 304 -
186.103.157.246 - - [05/Mar/2018:09:46:12 -0300] "GET /cormun/static/Resources/PXToolsFooterBackground2.png HTTP/1.1" 304 -
186.103.157.246 - - [05/Mar/2018:09:46:12 -0300] "GET /cormun/static/Resources/PXToolsHeaderHome.png HTTP/1.1" 304 -
186.103.157.246 - - [05/Mar/2018:09:46:12 -0300] "GET /cormun/static/Resources/PXToolsHeaderBackground2.png HTTP/1.1" 304 -
186.103.157.246 - - [05/Mar/2018:09:46:12 -0300] "GET /cormun/static/Resources/PXToolsHeaderLogin.png HTTP/1.1" 304 -
186.103.157.246 - - [05/Mar/2018:09:46:12 -0300] "GET /cormun/static/Resources/PXToolsHeaderPreferences.png HTTP/1.1" 304 -
186.103.157.246 - - [05/Mar/2018:09:46:12 -0300] "GET /cormun/static/Resources/PXToolsHeaderActionsBackground.png HTTP/1.1" 304 -
186.103.157.246 - - [05/Mar/2018:09:46:12 -0300] "GET /cormun/static/Resources/PXToolsHeaderSecurity.png HTTP/1.1" 304 -
186.103.157.246 - - [05/Mar/2018:09:46:12 -0300] "GET /cormun/static/Resources/PXToolsHeaderActionsRight.png HTTP/1.1" 304 -
186.103.157.246 - - [05/Mar/2018:09:46:12 -0300] "GET /cormun/static/Resources/PXToolsDataTitle.png HTTP/1.1" 304 -
186.103.157.246 - - [05/Mar/2018:09:46:12 -0300] "GET /cormun/static/SmoothNavMenu/resources/SmoothNavMenuRender.js HTTP/1.1" 304 -
186.103.157.246 - - [05/Mar/2018:09:46:12 -0300] "GET /cormun/static/scaMessage/scaMessageRender.js HTTP/1.1" 304 -
186.103.157.246 - - [05/Mar/2018:09:46:12 -0300] "GET /cormun/static/SmoothNavMenu/resources/ddsmoothmenu.js HTTP/1.1" 304 -
186.103.157.246 - - [05/Mar/2018:09:46:12 -0300] "GET /cormun/static/SmoothNavMenu/resources/images/down.gif HTTP/1.1" 304 -
186.103.157.246 - - [05/Mar/2018:09:46:18 -0300] "GET /cormun/servlet/trsolicitudot? HTTP/1.1" 200 9011
186.103.157.246 - - [05/Mar/2018:09:46:18 -0300] "GET /cormun/static/gxui/gxui-all.css?120300 HTTP/1.1" 304 -
186.103.157.246 - - [05/Mar/2018:09:46:18 -0300] "GET /cormun/static/Shared/ext/resources/css/ext-all.css?215870 HTTP/1.1" 304 -
186.103.157.246 - - [05/Mar/2018:09:46:18 -0300] "GET /cormun/static/calendar-system.css?85620 HTTP/1.1" 304 -
186.103.157.246 - - [05/Mar/2018:09:46:18 -0300] "GET /cormun/static/gxcfg.js?2017111422585916 HTTP/1.1" 304 -
186.103.157.246 - - [05/Mar/2018:09:46:18 -0300] "GET /cormun/static/calendar-es.js?85251 HTTP/1.1" 304 -
186.103.157.246 - - [05/Mar/2018:09:46:18 -0300] "GET /cormun/static/calendar-setup.js?85251 HTTP/1.1" 304 -
186.103.157.246 - - [05/Mar/2018:09:46:18 -0300] "GET /cormun/static/calendar.js?85251 HTTP/1.1" 304 -
186.103.157.246 - - [05/Mar/2018:09:46:18 -0300] "GET /cormun/static/Resources/Spanish/PXTools.css?1255365 HTTP/1.1" 304 -
186.103.158.250 - - [05/Mar/2018:09:46:18 -0300] "GET /cormun/servlet/solicitudotadjuntos?75790c4d026b4ff87d5a69645ceb5a0256240a99db453aa0a580d0b4a63a41a2,gx-no-cache=1520253929464 HTTP/1.1" 200 30
186.103.157.246 - - [05/Mar/2018:09:46:18 -0300] "GET /cormun/static/Resources/PXTools/calendar.png HTTP/1.1" 304 -
186.103.157.246 - - [05/Mar/2018:09:46:18 -0300] "GET /cormun/static/Resources/PXToolsDataSearch.png HTTP/1.1" 304 -
186.103.157.246 - - [05/Mar/2018:09:46:18 -0300] "GET /cormun/static/Resources/PXToolsGridPreviousDisabled.gif HTTP/1.1" 304 -
186.103.157.246 - - [05/Mar/2018:09:46:18 -0300] "GET /cormun/static/Resources/PXToolsGridFirstDisabled.gif HTTP/1.1" 304 -
186.103.157.246 - - [05/Mar/2018:09:46:18 -0300] "GET /cormun/static/Resources/PXToolsGridLastDisabled.gif HTTP/1.1" 304 -
186.103.157.246 - - [05/Mar/2018:09:46:18 -0300] "GET /cormun/static/Resources/PXToolsGridNextDisabled.gif HTTP/1.1" 304 -
186.103.158.250 - - [05/Mar/2018:09:46:18 -0300] "GET /cormun/servlet/solicitudotadjuntos?75790c4d026b4ff87d5a69645ceb5a0256240a99db453aa0a580d0b4a63a41a2,gx-no-cache=1520253929556 HTTP/1.1" 200 30
186.103.157.246 - - [05/Mar/2018:09:46:18 -0300] "GET /cormun/static/Resources/PXToolsGridPage.gif HTTP/1.1" 304 -
186.103.157.246 - - [05/Mar/2018:09:46:18 -0300] "GET /cormun/static/Resources/PXToolsActionExcel.png HTTP/1.1" 304 -
186.103.157.246 - - [05/Mar/2018:09:46:18 -0300] "GET /cormun/static/gxdec.js?85251 HTTP/1.1" 304 -
186.103.157.246 - - [05/Mar/2018:09:46:18 -0300] "GET /cormun/static/Resources/PXToolsGridNew.png HTTP/1.1" 304 -
186.103.157.246 - - [05/Mar/2018:09:46:18 -0300] "GET /cormun/static/trsolicitudot.js?201711142259839 HTTP/1.1" 304 -
186.103.157.246 - - [05/Mar/2018:09:46:18 -0300] "GET /cormun/static/Resources/desc.gif HTTP/1.1" 304 -
186.103.157.246 - - [05/Mar/2018:09:46:18 -0300] "GET /cormun/static/Resources/asc.gif HTTP/1.1" 304 -
186.103.157.246 - - [05/Mar/2018:09:46:19 -0300] "GET /cormun//static/Resources/PXToolsGridDelete.png HTTP/1.1" 304 -
186.103.157.246 - - [05/Mar/2018:09:46:19 -0300] "GET /cormun//static/Resources/PXToolsGridUpdate.png HTTP/1.1" 304 -
186.103.157.246 - - [05/Mar/2018:09:46:19 -0300] "GET /cormun//static/Resources/PXToolsActionView.png HTTP/1.1" 304 -
186.103.157.246 - - [05/Mar/2018:09:46:19 -0300] "GET /cormun//static/Resources/PXToolsRemoveAllAction.png HTTP/1.1" 304 -
186.103.157.246 - - [05/Mar/2018:09:46:19 -0300] "GET /cormun//static/Resources/PXTools/ActionInsert.png HTTP/1.1" 304 -
186.103.157.246 - - [05/Mar/2018:09:46:19 -0300] "GET /cormun/static/Shared/ext/resources/themes/images/default/tools/tool-sprites.gif HTTP/1.1" 304 -
186.103.157.246 - - [05/Mar/2018:09:46:19 -0300] "GET /cormun/static/Shared/ext/resources/themes/images/default/tip/tip-sides.gif HTTP/1.1" 304 -
186.103.157.246 - - [05/Mar/2018:09:46:19 -0300] "GET /cormun/static/Shared/ext/resources/themes/images/default/tip/tip-corners.gif HTTP/1.1" 304 -
186.103.157.246 - - [05/Mar/2018:09:46:19 -0300] "GET /cormun/static/Shared/ext/resources/themes/images/default/panel/bg-headersPanel.png HTTP/1.1" 304 -
190.151.100.218 - - [05/Mar/2018:09:46:21 -0300] "GET /cormun/servlet/solicitudot?ab225b9d4dcfbefa68320ad8f8c2e0a89b12b19fd76ae849ac08e4660c89345e3c09d199c991790d61148eb190f29c176c5ed366f102a0ee536c9990a61fd14e495d63efad338f0b3f52e7c3187f20c13e58c74f601cd1df4e0d537d51fde6debb203070fe75c878e117385e32a4647dcb1f27228ad1543cf2b70fb658f20bf35b8e3a7a3b08bd609405531712e70537da0efeda3f13919570e604734a0b23b21f3004b4c1a9abeda172cf44abeeebe97da272b2e31475e0fa76162cfd27ef340f8eac45d8df70ad4a7554fffaa7c61ff60b6eaa961d0826ab65b2e2b05fa8a10cb59c3e81cf9bb0957e85282447788f27b516d6caf2a4ee9cae0673e3d641bf987c8c97bfc8c644dba2127203b40ddcd3a77230aa774540abeac33ee58d32351266b368a162b48dfa8514179a105d11c2525a8a44571813a7b5c16ded7e3647fc69a756d28b7eee67e77c04507cc7069ac4d2f4142150abbd910cbb3661793c2648080c20f6493d5172196702925827b591470cdb089a8e839188a2273b1d36,gx-no-cache=1520253932885 HTTP/1.1" 200 30
186.103.158.250 - - [05/Mar/2018:09:46:27 -0300] "POST /cormun/servlet/solicitudotadjuntos?399ef1f3b3ca3840e56d85813155a378,INS,2018,9978,,1, HTTP/1.1" 200 116
186.103.158.250 - - [05/Mar/2018:09:46:28 -0300] "GET /cormun/servlet/hpexe_return? HTTP/1.1" 200 1023
186.103.158.250 - - [05/Mar/2018:09:46:28 -0300] "GET /cormun/servlet/trsolicitudadjuntos?2018,9978, HTTP/1.1" 200 9483
186.103.158.250 - - [05/Mar/2018:09:46:30 -0300] "GET /cormun/servlet/trsolicitudadjuntos?2018,9978, HTTP/1.1" 200 9484
190.151.100.218 - - [05/Mar/2018:09:46:35 -0300] "POST /cormun/servlet/solicitudot?gx-no-cache=1520253947131 HTTP/1.1" 200 30
190.151.100.218 - - [05/Mar/2018:09:46:36 -0300] "POST /cormun/servlet/solicitudot?gx-no-cache=1520253947373 HTTP/1.1" 200 1335
190.151.100.218 - - [05/Mar/2018:09:46:37 -0300] "POST /cormun/servlet/solicitudot?gx-no-cache=1520253948463 HTTP/1.1" 200 41
190.151.100.218 - - [05/Mar/2018:09:46:37 -0300] "POST /cormun/servlet/solicitudot?gx-no-cache=1520253948666 HTTP/1.1" 200 1319
190.151.100.218 - - [05/Mar/2018:09:46:37 -0300] "POST /cormun/servlet/solicitudot?gx-no-cache=1520253948944 HTTP/1.1" 200 1219
190.151.100.218 - - [05/Mar/2018:09:46:38 -0300] "GET /cormun/servlet/solicitudot?ab225b9d4dcfbefa68320ad8f8c2e0a8cdd54f86c09f9b54ddb36e06b6f1d28436609f4bfe530a8d7b5fb6d21a0cf48f,gx-no-cache=1520253949194 HTTP/1.1" 200 30
190.151.100.218 - - [05/Mar/2018:09:46:38 -0300] "POST /cormun/servlet/solicitudot?gx-no-cache=1520253949745 HTTP/1.1" 200 30
190.151.100.218 - - [05/Mar/2018:09:46:40 -0300] "POST /cormun/servlet/solicitudot?99fc94f863d0c65053f203695ec6d88d,INS,0,0,,gx-no-cache=1520253950596 HTTP/1.1" 200 93
190.151.100.218 - - [05/Mar/2018:09:46:40 -0300] "GET /cormun/servlet/hpexe_return? HTTP/1.1" 200 1007
190.151.100.218 - - [05/Mar/2018:09:46:40 -0300] "GET /cormun/servlet/trsolicitudot HTTP/1.1" 200 8767
190.151.100.218 - - [05/Mar/2018:09:46:42 -0300] "GET /cormun/servlet/trsolicitudot HTTP/1.1" 200 8765
190.161.236.41 - - [05/Mar/2018:09:46:47 -0300] "GET /cormun/servlet/solicitudot?91c38d35335eeafb8072a8e2b217fab5aae107e5b7df9b2884cd9055981cfd0fbe55e9ef6f46dbd0ac2af860a63503c3,gx-no-cache=1520253958939 HTTP/1.1" 200 30
190.161.236.41 - - [05/Mar/2018:09:46:47 -0300] "GET /cormun/servlet/solicitudot?91c38d35335eeafb8072a8e2b217fab5f9e73dbfe42697bfc537703c2a00af4759efb211edadd4cfdc8f817d3f37e449c7da7bcb02e4ec23f404a8666172d9e7,gx-no-cache=1520253959128 HTTP/1.1" 200 30
190.161.236.41 - - [05/Mar/2018:09:46:48 -0300] "GET /cormun/servlet/solicitudot?91c38d35335eeafb8072a8e2b217fab5ad7606e5d7f846785dc6b1d8fee9813f,gx-no-cache=1520253959274 HTTP/1.1" 200 53
190.161.236.41 - - [05/Mar/2018:09:46:48 -0300] "POST /cormun/servlet/solicitudot?gx-no-cache=1520253959413 HTTP/1.1" 200 297
190.161.236.41 - - [05/Mar/2018:09:46:48 -0300] "GET /cormun/servlet/solicitudot?91c38d35335eeafb8072a8e2b217fab546717538e1455537ae07caa3effaf3679023f55a0459ba50960ed80e8d3aef6ce502f819324a64245509f947e21c0d044e0142c2d02505b9b67d45652526ce86a333cc753499b7aa0f8805dd8931c36f2139c741937c57d662d36e3a5b58aa4b368229df3d15bcb453d816dfcb7b2598c4b48df9e5f064bdb789e62415b35a4cfb6da30bc8707c3d1b9d8106d382904a4c65316034696e9ee6f5cd779bfa1e196e27b1e3d2cfebefe2fa61b92416d84cab66777b7ceb4672a9bf4b4c7953b26eaa6b85e2251a96be724b2a5b67a590e4bef8983d812fc8c3aacb6bf21daa63c074f9d2495182053ef888af74b45477cbf6ad94eb09155c59e25cc4f8a0b1917926b38742cf4fce8a9cb656ddf3abf8ef23f3d0d0a3db34bc59a4905ac35f1362ab3e3f673269d08bbb5f45ff1cd4f56bf9ab9b88ddad70a7b248d583ddb1308470db9ce9f8089c06f7d8b9dd7a0cc096b17b8623e37cab1a18283da50f5926d09a5937f4493bbce5a7ef973a205441fba7ca278029837724b9111d52e09053fa,gx-no-cache=1520253959551 HTTP/1.1" 200 30
190.161.236.41 - - [05/Mar/2018:09:46:50 -0300] "POST /cormun/servlet/solicitudot?gx-no-cache=1520253961755 HTTP/1.1" 200 30
192.168.10.89 - - [05/Mar/2018:09:46:51 -0300] "POST /cormun/servlet/vesolicitudgral?82a5d372e7df397d62e7f4de7527a758,2018,8837,,SolicitudOTAdjuntos,gx-no-cache=1520253851139 HTTP/1.1" 200 90
192.168.10.89 - - [05/Mar/2018:09:46:51 -0300] "GET /cormun/servlet/hpexe_link HTTP/1.1" 200 979
192.168.10.89 - - [05/Mar/2018:09:46:51 -0300] "GET /cormun/servlet/trsolicitudgral? HTTP/1.1" 200 10772
192.168.10.89 - - [05/Mar/2018:09:46:56 -0300] "POST /cormun/servlet/trsolicitudgral?82a5d372e7df397d62e7f4de7527a758,,gx-no-cache=1520253856124 HTTP/1.1" 200 7262
186.103.158.250 - - [05/Mar/2018:09:46:58 -0300] "GET /cormun/servlet/solicitudotadjuntos?INS,2018,9978,,1, HTTP/1.1" 200 6240
192.168.10.89 - - [05/Mar/2018:09:46:58 -0300] "GET /cormun/servlet/vesolicitudgral?2018,8721,, HTTP/1.1" 200 9465
192.168.10.89 - - [05/Mar/2018:09:46:58 -0300] "GET /cormun/pexe_scrolldiv.js HTTP/1.1" 404 1009
186.103.158.250 - - [05/Mar/2018:09:46:59 -0300] "GET /cormun/static/about:blank HTTP/1.1" 404 1011
186.103.158.250 - - [05/Mar/2018:09:47:00 -0300] "GET /cormun/servlet/solicitudotadjuntos?INS,2018,9978,,1, HTTP/1.1" 200 6234
186.103.158.250 - - [05/Mar/2018:09:47:00 -0300] "GET /cormun/servlet/solicitudotadjuntos?75790c4d026b4ff87d5a69645ceb5a02695b3038cce4a35103af106bde040e89b15bc6f5c5f3a99549267dd5a0d8af88,gx-no-cache=1520253971733 HTTP/1.1" 200 30
186.103.158.250 - - [05/Mar/2018:09:47:01 -0300] "POST /cormun/servlet/solicitudotadjuntos?399ef1f3b3ca3840e56d85813155a378,INS,2018,9978,,1,,gx-no-cache=1520253971838 HTTP/1.1" 200 3984
192.168.10.89 - - [05/Mar/2018:09:47:01 -0300] "GET /cormun/servlet/vesolicitudgral?2018,8721,,SolicitudOTAdjuntos HTTP/1.1" 200 11500
192.168.10.89 - - [05/Mar/2018:09:47:01 -0300] "GET /cormun/pexe_scrolldiv.js HTTP/1.1" 404 1009
192.168.10.89 - - [05/Mar/2018:09:47:03 -0300] "POST /cormun/servlet/acontrolpreferencessavestate?None,CDROGUETT,true HTTP/1.1" 200 35
192.168.10.89 - - [05/Mar/2018:09:47:03 -0300] "GET /cormun/PublicTempStorage/run346452.pdf HTTP/1.1" 200 179784
200.111.122.170 - - [05/Mar/2018:09:47:05 -0300] "POST /cormun/servlet/trsolicitudot?99fc94f863d0c65053f203695ec6d88d,gx-no-cache=1520253976270 HTTP/1.1" 200 106
200.111.122.170 - - [05/Mar/2018:09:47:05 -0300] "GET /cormun/servlet/trsolicitudadjuntos?2018,9979, HTTP/1.1" 200 6287
186.103.158.250 - - [05/Mar/2018:09:47:06 -0300] "POST /cormun/servlet/solicitudotadjuntos?gx-no-cache=1520253977517 HTTP/1.1" 200 26
200.111.122.170 - - [05/Mar/2018:09:47:06 -0300] "GET /cormun/servlet/trsolicitudadjuntos?2018,9979, HTTP/1.1" 200 6287
200.111.122.170 - - [05/Mar/2018:09:47:10 -0300] "GET /cormun/servlet/solicitudotadjuntos?INS,2018,9979,,1, HTTP/1.1" 200 6234
192.168.10.96 - - [05/Mar/2018:09:47:11 -0300] "POST /cormun/servlet/trsolicitudgral?f93fef4b366823c15ff0613be9c2e146,,gx-no-cache=1520253840321 HTTP/1.1" 200 26080
200.111.122.170 - - [05/Mar/2018:09:47:11 -0300] "GET /cormun/static/about:blank HTTP/1.1" 404 1011
200.111.122.170 - - [05/Mar/2018:09:47:11 -0300] "GET /cormun/servlet/solicitudotadjuntos?INS,2018,9979,,1, HTTP/1.1" 200 6228
200.111.122.170 - - [05/Mar/2018:09:47:12 -0300] "GET /cormun/servlet/solicitudotadjuntos?ab225b9d4dcfbefa68320ad8f8c2e0a8a2b4f2fcb2e2866afe383b8a35d1c5e5f05d30cdf93adb4fca7e2664c85b30f5,gx-no-cache=1520253983723 HTTP/1.1" 200 30
200.111.122.170 - - [05/Mar/2018:09:47:12 -0300] "POST /cormun/servlet/solicitudotadjuntos?99fc94f863d0c65053f203695ec6d88d,INS,2018,9979,,1,,gx-no-cache=1520253983841 HTTP/1.1" 200 4021
200.111.122.170 - - [05/Mar/2018:09:47:15 -0300] "POST /cormun/servlet/solicitudotadjuntos?gx-no-cache=1520253986725 HTTP/1.1" 200 26
192.168.10.89 - - [05/Mar/2018:09:47:22 -0300] "GET /cormun/servlet/vesolicitudgral?2018,8721,,SolicitudOTAdjuntos HTTP/1.1" 200 11499
192.168.10.89 - - [05/Mar/2018:09:47:22 -0300] "GET /cormun/pexe_scrolldiv.js HTTP/1.1" 404 1009
192.168.10.89 - - [05/Mar/2018:09:47:24 -0300] "POST /cormun/servlet/acontrolpreferencessavestate?None,CDROGUETT,true HTTP/1.1" 200 35
192.168.10.89 - - [05/Mar/2018:09:47:24 -0300] "GET /cormun/PublicTempStorage/cotizacion9558398.pdf HTTP/1.1" 200 260432
200.111.122.170 - - [05/Mar/2018:09:47:30 -0300] "GET /cormun/servlet/solicitudotadjuntos?ab225b9d4dcfbefa68320ad8f8c2e0a88b9fd3d939355a1e0c4d2c282d66eacc,gx-no-cache=1520254001900 HTTP/1.1" 200 30
192.168.10.89 - - [05/Mar/2018:09:47:30 -0300] "GET /cormun/servlet/vesolicitudgral?2018,8721,,SolicitudOTAdjuntos HTTP/1.1" 200 11500
192.168.10.89 - - [05/Mar/2018:09:47:30 -0300] "GET /cormun/pexe_scrolldiv.js HTTP/1.1" 404 1009
200.111.122.170 - - [05/Mar/2018:09:47:30 -0300] "GET /cormun/servlet/solicitudotadjuntos?ab225b9d4dcfbefa68320ad8f8c2e0a88b9fd3d939355a1e0c4d2c282d66eacc,gx-no-cache=1520254001991 HTTP/1.1" 200 30
192.168.10.89 - - [05/Mar/2018:09:47:32 -0300] "POST /cormun/servlet/acontrolpreferencessavestate?None,CDROGUETT,true HTTP/1.1" 200 35
200.111.122.170 - - [05/Mar/2018:09:47:32 -0300] "POST /cormun/servlet/solicitudot?gx-no-cache=1520254006522 HTTP/1.1" 200 3412
200.111.122.170 - - [05/Mar/2018:09:47:33 -0300] "POST /cormun/servlet/solicitudot?6ba8cff40705c9181b1e805fc2332e67,INS,0,0,,gx-no-cache=1520254007255 HTTP/1.1" 200 10574
186.103.157.246 - - [05/Mar/2018:09:47:34 -0300] "POST /cormun/servlet/trsolicitudot?4888a8afec5df17a1fc3f6dcdee07fcd,,gx-no-cache=1520254005338 HTTP/1.1" 200 106
186.103.157.246 - - [05/Mar/2018:09:47:34 -0300] "GET /cormun/servlet/trsolicitudadjuntos?2018,9977, HTTP/1.1" 200 9338
200.111.122.170 - - [05/Mar/2018:09:47:34 -0300] "POST /cormun/servlet/solicitudotadjuntos?99fc94f863d0c65053f203695ec6d88d,INS,2018,9979,,1, HTTP/1.1" 200 116
186.103.157.246 - - [05/Mar/2018:09:47:35 -0300] "GET /cormun/static/Shared/ext/resources/css/ext-all.css?205870 HTTP/1.1" 304 -
186.103.157.246 - - [05/Mar/2018:09:47:35 -0300] "GET /cormun/static/gxcfg.js?20177612135366 HTTP/1.1" 304 -
186.103.157.246 - - [05/Mar/2018:09:47:35 -0300] "GET /cormun/static/gxui/gxui-all.css?110300 HTTP/1.1" 304 -
200.111.122.170 - - [05/Mar/2018:09:47:35 -0300] "GET /cormun/servlet/hpexe_return? HTTP/1.1" 200 1026
186.103.157.246 - - [05/Mar/2018:09:47:35 -0300] "GET /cormun/static/calendar-system.css?75620 HTTP/1.1" 304 -
200.111.122.170 - - [05/Mar/2018:09:47:35 -0300] "GET /cormun/servlet/trsolicitudadjuntos?2018,9979, HTTP/1.1" 200 8700
186.103.157.246 - - [05/Mar/2018:09:47:35 -0300] "GET /cormun/static/trsolicitudadjuntos.js?20177612135632 HTTP/1.1" 304 -
192.168.10.89 - - [05/Mar/2018:09:47:36 -0300] "GET /cormun/PublicTempStorage/cotizaciones_mas_vida_%282%293072794.pdf HTTP/1.1" 200 28270
