186.103.159.188 - - [05/Mar/2018:10:56:04 -0300] "GET /cormun/servlet/trsolicitudadjuntos?2018,9989, HTTP/1.1" 200 9800
186.103.159.188 - - [05/Mar/2018:10:56:05 -0300] "GET /cormun/servlet/trsolicitudadjuntos?2018,9989, HTTP/1.1" 200 9797
192.168.10.89 - - [05/Mar/2018:10:56:06 -0300] "POST /cormun/servlet/securityroles?82a5d372e7df397d62e7f4de7527a758,UPD,100,,gx-no-cache=1520258006257 HTTP/1.1" 200 93
192.168.10.89 - - [05/Mar/2018:10:56:06 -0300] "GET /cormun/servlet/hpexe_return? HTTP/1.1" 200 1011
192.168.10.89 - - [05/Mar/2018:10:56:06 -0300] "GET /cormun/servlet/trsecurityrole? HTTP/1.1" 200 10781
186.103.156.24 - - [05/Mar/2018:10:56:07 -0300] "POST /cormun/servlet/trsolicitudadjuntos?0cc994f8f5cfeac48bba73b46c1bd8a0,2018,9987,,gx-no-cache=1520258117748 HTTP/1.1" 200 90
186.103.156.24 - - [05/Mar/2018:10:56:07 -0300] "GET /cormun/servlet/hpexe_link HTTP/1.1" 200 970
186.103.156.24 - - [05/Mar/2018:10:56:07 -0300] "GET /cormun/servlet/trsolicitudot HTTP/1.1" 200 8803
192.168.10.56 - - [05/Mar/2018:10:56:08 -0300] "POST /cormun/servlet/solicitudgral2?c967522d3182b5c31d5a761c445aa71a,UPD,2018,8243,,gx-no-cache=1520258007597 HTTP/1.1" 200 93
192.168.10.56 - - [05/Mar/2018:10:56:08 -0300] "GET /cormun/servlet/hpexe_return? HTTP/1.1" 200 1017
186.103.156.24 - - [05/Mar/2018:10:56:08 -0300] "GET /cormun/servlet/trsolicitudot HTTP/1.1" 200 8802
192.168.10.56 - - [05/Mar/2018:10:56:08 -0300] "GET /cormun/servlet/trsolicitudgral HTTP/1.1" 200 22284
192.168.10.56 - - [05/Mar/2018:10:56:09 -0300] "GET /cormun/servlet/trsolicitudgral HTTP/1.1" 200 22280
192.168.10.89 - - [05/Mar/2018:10:56:10 -0300] "GET /cormun/servlet/trsecurityuserroles?100, HTTP/1.1" 200 8327
192.168.10.89 - - [05/Mar/2018:10:56:10 -0300] "GET /cormun/static/gxcfg.js?20177612144287 HTTP/1.1" 200 953
192.168.10.89 - - [05/Mar/2018:10:56:10 -0300] "GET /cormun/static/trsecurityuserroles.js?20177612144520 HTTP/1.1" 200 16289
186.103.156.24 - - [05/Mar/2018:10:56:13 -0300] "POST /cormun/servlet/trsolicitudot?0cc994f8f5cfeac48bba73b46c1bd8a0,gx-no-cache=1520258123589 HTTP/1.1" 200 4688
186.103.156.24 - - [05/Mar/2018:10:56:13 -0300] "GET /cormun/static/Shared/jqueryui/images/ui-bg_flat_55_fafafa_40x100.png HTTP/1.1" 404 1097
186.103.156.24 - - [05/Mar/2018:10:56:13 -0300] "GET /cormun/static/Shared/jqueryui/images/ui-icons_8d78a5_256x240.png HTTP/1.1" 404 1089
186.103.156.24 - - [05/Mar/2018:10:56:14 -0300] "POST /cormun/servlet/trsolicitudot?0cc994f8f5cfeac48bba73b46c1bd8a0,gx-no-cache=1520258124243 HTTP/1.1" 200 4451
200.72.197.82 - - [05/Mar/2018:10:56:14 -0300] "GET /cormun/servlet/trfichaempleado? HTTP/1.1" 200 10577
192.168.10.56 - - [05/Mar/2018:10:56:14 -0300] "GET /cormun/servlet/solicitudgral?UPD,2018,8241, HTTP/1.1" 200 12732
192.168.10.56 - - [05/Mar/2018:10:56:14 -0300] "GET /cormun/servlet/solicitudgral?UPD,2018,8241, HTTP/1.1" 200 12741
192.168.10.56 - - [05/Mar/2018:10:56:15 -0300] "POST /cormun/servlet/solicitudgral?gx-no-cache=1520258014703 HTTP/1.1" 200 3901
192.168.10.56 - - [05/Mar/2018:10:56:15 -0300] "GET /cormun/servlet/solicitudgral?75dde68c758b52f41702dfca75180dc0b93f33d779dc313ef93a23d15ae1c0f520a3b185ea49dc325bfa67db0deb619125f6d81973fb1bbc44ec357c962ee0616d1ea28b83809108f2542b29bacb54aea3cb6105f4b7018d05cec9cf4f57f75eed26cbbe354542221711913edba6c27974620aafb1b472987caba665bee91905638139179a9a94fbbc0252fedf9601f477575c8fa30ee4e2d43f33e4f94c4ec15bbbd3d36eaffcffc49312e6da55f40989881a4c8ba83612251190cd374480c634eb230b61c94ced4f65498f2ee6b9ca95b4552a825ecfbfa1c75f2195d7095f8615132657dbbc65d3751a57d648501f99a0ded66453a92cf48e580fc470ca2f3dffe222864d0fba00ec1e0e98782c22cead91b24f807cbe0f5ecb4ffd7329b8f91ce5609fec9344ee1ae9751cbf6ae65eb04a39f348bf28afded63d3d26fc2564bc1325421784865f997e2b128eede8,gx-no-cache=1520258014830 HTTP/1.1" 200 256
186.103.156.24 - - [05/Mar/2018:10:56:17 -0300] "GET /cormun/servlet/trautorizarsolicitud? HTTP/1.1" 200 8692
186.103.156.24 - - [05/Mar/2018:10:56:18 -0300] "GET /cormun/servlet/trautorizarsolicitud? HTTP/1.1" 200 8691
192.168.10.56 - - [05/Mar/2018:10:56:18 -0300] "GET /cormun/servlet/solicitudgral?75dde68c758b52f41702dfca75180dc0af5a54563825304221d3f5d6810c75fc4ed006a9427ea758bfbf3d1a974622683dffe222864d0fba00ec1e0e98782c2266a6cfac3c733f02b4263ab4a9d7e399864cd1e1c41b4cb4909ae077d523f690a1cd50e7caa62e4289bc626728da91f52963600859666fb123a557ed898537091b2f8a78fa87b1f2d26ef3d7b570c43d0607213739d1a65c3c0820aebaf4e529138111c2267575f24f971f1cfc4abbeb88c828dbc4ecc1586acde7370e5521d0c9097e49b80f66cc70f1c4a0c0752b0409e7c4f7a2a2c946a1d89b9917f26c843652b9983a243450046253ef4fb1ff398b867b2026a0705f788eeb11d3640a96675c5bf2127ab5770febea3e76419f8954b9c06393b4b49b0a56143b973f8f5d7d8c80484bcd8f768c9e3d3fdc51f42be32cb4ddb75c3611c1654d60ea4f0ad899a4d573ecac0bfdcb3f58c2ba8713865b59197d597b593c2e882d35b66a489e675c5bf2127ab5770febea3e76419f894f2af8f653834761f07b9b502c2afa01bd66ed3ae370529e30c9b2b01cf3af93a5ea63807f54bc57a9dcfdbb96aae62aac78421c3d9b2f758f6389348128a8c4,gx-no-cache=1520258018332 HTTP/1.1" 200 48
192.168.10.89 - - [05/Mar/2018:10:56:20 -0300] "GET /cormun/servlet/trsecurityuserroles?d9a886703d3cb4b02eecccbef228b96159032c2ce949a3ee7191a4d7c6f30209eb9e362dbe82fdee38e18a9d033b8109,gx-no-cache=1520258020174 HTTP/1.1" 200 31
192.168.10.89 - - [05/Mar/2018:10:56:20 -0300] "POST /cormun/servlet/trsecurityuserroles?82a5d372e7df397d62e7f4de7527a758,100,,gx-no-cache=1520258020195 HTTP/1.1" 200 5713
192.168.10.89 - - [05/Mar/2018:10:56:20 -0300] "GET /cormun/static/Shared/jqueryui/images/ui-bg_flat_55_fafafa_40x100.png HTTP/1.1" 404 1097
192.168.10.89 - - [05/Mar/2018:10:56:20 -0300] "GET /cormun/static/Shared/jqueryui/images/ui-icons_82798d_256x240.png HTTP/1.1" 404 1089
192.168.10.89 - - [05/Mar/2018:10:56:20 -0300] "GET /cormun/static/Shared/jqueryui/images/ui-icons_8d78a5_256x240.png HTTP/1.1" 404 1089
192.168.10.89 - - [05/Mar/2018:10:56:20 -0300] "GET /cormun/static/Shared/jqueryui/images/ui-bg_highlight-soft_100_c6c2c8_1x100.png HTTP/1.1" 404 1117
186.103.159.188 - - [05/Mar/2018:10:56:20 -0300] "GET /cormun/servlet/trsolicitudot? HTTP/1.1" 200 8813
186.103.159.188 - - [05/Mar/2018:10:56:21 -0300] "GET /cormun/servlet/trsolicitudot? HTTP/1.1" 200 8806
186.103.156.24 - - [05/Mar/2018:10:56:21 -0300] "POST /cormun/servlet/trautorizarsolicitud?0cc994f8f5cfeac48bba73b46c1bd8a0,,gx-no-cache=1520258131916 HTTP/1.1" 200 4621
186.103.156.24 - - [05/Mar/2018:10:56:21 -0300] "POST /cormun/servlet/trautorizarsolicitud?0cc994f8f5cfeac48bba73b46c1bd8a0,,gx-no-cache=1520258132239 HTTP/1.1" 200 4386
192.168.10.56 - - [05/Mar/2018:10:56:22 -0300] "POST /cormun/servlet/solicitudgral?c967522d3182b5c31d5a761c445aa71a,UPD,2018,8241,,gx-no-cache=1520258022351 HTTP/1.1" 200 11797
192.168.10.56 - - [05/Mar/2018:10:56:22 -0300] "GET /cormun/servlet/solicitudgral?75dde68c758b52f41702dfca75180dc0e4c44fae6426ccf31aaf863750db90a923f6cafd1766be75fc5c4c8b194a2ce0346b99d90dd88906ee520b61edc4ccd249a556f0a364e3274cee89dc388d33dd12fec81704d5c6ed4f515c01e882ca4a4d235d222dfdddf154c902ce7b3102bd,gx-no-cache=1520258022524 HTTP/1.1" 200 29
192.168.10.56 - - [05/Mar/2018:10:56:22 -0300] "POST /cormun/servlet/solicitudgral?gx-no-cache=1520258022539 HTTP/1.1" 200 1296
192.168.10.56 - - [05/Mar/2018:10:56:22 -0300] "POST /cormun/servlet/solicitudgral?gx-no-cache=1520258022572 HTTP/1.1" 200 1218
192.168.10.56 - - [05/Mar/2018:10:56:23 -0300] "POST /cormun/servlet/solicitudgral?c967522d3182b5c31d5a761c445aa71a,UPD,2018,8241,,gx-no-cache=1520258022612 HTTP/1.1" 200 93
192.168.10.56 - - [05/Mar/2018:10:56:23 -0300] "GET /cormun/servlet/hpexe_return? HTTP/1.1" 200 1016
192.168.10.56 - - [05/Mar/2018:10:56:23 -0300] "GET /cormun/servlet/trsolicitudgral HTTP/1.1" 200 21935
192.168.10.56 - - [05/Mar/2018:10:56:24 -0300] "GET /cormun/servlet/trsolicitudgral HTTP/1.1" 200 21930
192.168.10.89 - - [05/Mar/2018:10:56:28 -0300] "GET /cormun/servlet/trsecurityuserroles?38cfb2fe1103baf9ed6fd86c98b095c1c5b2ddfe988c0c523fa5fe06b1d3adbf20c1e4c19900e61b8fc155129768e35c,gx-no-cache=1520258027799 HTTP/1.1" 200 40
192.168.10.89 - - [05/Mar/2018:10:56:29 -0300] "GET /cormun/servlet/trsecurityuserroles?d9a886703d3cb4b02eecccbef228b961b765a0ca218a28e28954aaef1135e28c20c1e4c19900e61b8fc155129768e35cb258d538f1be11069a25d7c33494fa35,gx-no-cache=1520258028857 HTTP/1.1" 200 48
192.168.10.89 - - [05/Mar/2018:10:56:29 -0300] "POST /cormun/servlet/trsecurityuserroles?82a5d372e7df397d62e7f4de7527a758,100,,gx-no-cache=1520258028929 HTTP/1.1" 200 5728
192.168.10.56 - - [05/Mar/2018:10:56:30 -0300] "GET /cormun/servlet/solicitudgral2?UPD,2018,8237, HTTP/1.1" 200 12885
192.168.10.56 - - [05/Mar/2018:10:56:30 -0300] "GET /cormun/servlet/solicitudgral2?UPD,2018,8237, HTTP/1.1" 200 12896
192.168.10.56 - - [05/Mar/2018:10:56:31 -0300] "POST /cormun/servlet/solicitudgral2?gx-no-cache=1520258030817 HTTP/1.1" 200 3906
192.168.10.56 - - [05/Mar/2018:10:56:31 -0300] "GET /cormun/servlet/solicitudgral2?75dde68c758b52f41702dfca75180dc0b93f33d779dc313ef93a23d15ae1c0f53850c44840168e230dd10d73d9ead0e725f6d81973fb1bbc44ec357c962ee0616d1ea28b83809108f2542b29bacb54aea3cb6105f4b7018d05cec9cf4f57f75eed26cbbe354542221711913edba6c27974620aafb1b472987caba665bee91905638139179a9a94fbbc0252fedf9601f477575c8fa30ee4e2d43f33e4f94c4ec15bbbd3d36eaffcffc49312e6da55f40989881a4c8ba83612251190cd374480c634eb230b61c94ced4f65498f2ee6b9ca95b4552a825ecfbfa1c75f2195d7095f8615132657dbbc65d3751a57d648501f99a0ded66453a92cf48e580fc470ca2f3dffe222864d0fba00ec1e0e98782c22cead91b24f807cbe0f5ecb4ffd7329b8f91ce5609fec9344ee1ae9751cbf6ae65eb04a39f348bf28afded63d3d26fc2564bc1325421784865f997e2b128eede8,gx-no-cache=1520258030940 HTTP/1.1" 200 255
192.168.10.56 - - [05/Mar/2018:10:56:31 -0300] "POST /cormun/servlet/solicitudgral2?gx-no-cache=1520258031028 HTTP/1.1" 200 1398
192.168.10.56 - - [05/Mar/2018:10:56:31 -0300] "GET /cormun/servlet/solicitudgral2?75dde68c758b52f41702dfca75180dc07588851d30772468ee2d871a3af42ab54c9ef58ca02e0b66fa10a59b260a7bc914bcaeac22fa27ff2fbd75f32e2a20a6f2d12b89b1959beab920cbad7121d3757a29dfff3071923bfd8f1d6fe5df87cdda8d07c6e92ad5b9b6d1d51549a73f26,gx-no-cache=1520258031079 HTTP/1.1" 200 41
192.168.10.89 - - [05/Mar/2018:10:56:33 -0300] "GET /cormun/servlet/trsecurityuserroles?38cfb2fe1103baf9ed6fd86c98b095c1c5b2ddfe988c0c523fa5fe06b1d3adbf1ff62c3902cb21cf06c3701986eb24480cdddc51b1a2f1ca6068ec94e706a457,gx-no-cache=1520258033511 HTTP/1.1" 200 64
192.168.10.89 - - [05/Mar/2018:10:56:33 -0300] "GET /cormun/servlet/trsecurityuserroles?d9a886703d3cb4b02eecccbef228b961b765a0ca218a28e28954aaef1135e28c1ff62c3902cb21cf06c3701986eb24482acbac5de8fc4575e4bf99af8b170513,gx-no-cache=1520258033528 HTTP/1.1" 200 52
192.168.10.89 - - [05/Mar/2018:10:56:34 -0300] "POST /cormun/servlet/trsecurityuserroles?82a5d372e7df397d62e7f4de7527a758,100,,gx-no-cache=1520258034208 HTTP/1.1" 200 5746
192.168.10.56 - - [05/Mar/2018:10:56:38 -0300] "POST /cormun/servlet/solicitudgral2?c967522d3182b5c31d5a761c445aa71a,UPD,2018,8237,,gx-no-cache=1520258038286 HTTP/1.1" 200 11853
192.168.10.56 - - [05/Mar/2018:10:56:38 -0300] "GET /cormun/servlet/solicitudgral2?75dde68c758b52f41702dfca75180dc0e2d62a8932a8c8570b549982a215175223f6cafd1766be75fc5c4c8b194a2ce0142e74dcfd50a4613b733a60c3552896fdb9ea77aa1804dab50d28ca77db5e86d2279619fae205a4c839221166849bf0189a5fe7150a5d0602a969ca8d32fc0343470aac3f21f8c2e508458b062a478e2e6cf11ef618753ee08f63e0fe5a552b8240e24803d0a76b8f643b3cc014bd16,gx-no-cache=1520258038462 HTTP/1.1" 200 29
192.168.10.56 - - [05/Mar/2018:10:56:38 -0300] "POST /cormun/servlet/solicitudgral2?gx-no-cache=1520258038477 HTTP/1.1" 200 1296
192.168.10.56 - - [05/Mar/2018:10:56:38 -0300] "POST /cormun/servlet/solicitudgral2?gx-no-cache=1520258038504 HTTP/1.1" 200 1218
192.168.10.56 - - [05/Mar/2018:10:56:38 -0300] "GET /cormun/servlet/solicitudgral2?75dde68c758b52f41702dfca75180dc04b443ed9daef2a8823f4f43ca9e96ae74889c75f16eca79337c7ef262d75917e62952ede6f7a500fe75e923051f4e9a25e799fa8dbdd6eaf4ee56788846d1630fe119adb9f5f8e252ee0f9a277af9d00d24b426f5eea62855a15b687b0eb25696da8178c96f9618172b55e874fb1f2ec,gx-no-cache=1520258038538 HTTP/1.1" 200 30
192.168.10.56 - - [05/Mar/2018:10:56:46 -0300] "POST /cormun/servlet/solicitudgral2?c967522d3182b5c31d5a761c445aa71a,UPD,2018,8237,,gx-no-cache=1520258045765 HTTP/1.1" 200 93
192.168.10.56 - - [05/Mar/2018:10:56:46 -0300] "GET /cormun/servlet/hpexe_return? HTTP/1.1" 200 1017
192.168.10.56 - - [05/Mar/2018:10:56:46 -0300] "GET /cormun/servlet/trsolicitudgral HTTP/1.1" 200 21935
192.168.10.56 - - [05/Mar/2018:10:56:47 -0300] "GET /cormun/servlet/trsolicitudgral HTTP/1.1" 200 21929
190.161.236.41 - - [05/Mar/2018:10:56:51 -0300] "POST /cormun/servlet/trsolicitudot?2464b47d5d0f0b7e9492401479510c31,,gx-no-cache=1520258163025 HTTP/1.1" 200 4732
190.161.236.41 - - [05/Mar/2018:10:56:52 -0300] "GET /cormun/static/Shared/jqueryui/images/ui-bg_highlight-soft_100_c6c2c8_1x100.png HTTP/1.1" 404 1117
186.103.159.188 - - [05/Mar/2018:10:56:52 -0300] "GET /cormun/static/Shared/jqueryui/images/ui-icons_82798d_256x240.png HTTP/1.1" 404 1089
192.168.10.89 - - [05/Mar/2018:10:56:52 -0300] "GET /cormun/servlet/trsecurityuserroles?d9a886703d3cb4b02eecccbef228b9616625c0eeff8def4ef17b969aae4a2c388ecb46dbc3def8f65a57a10a40c41b2c,gx-no-cache=1520258051720 HTTP/1.1" 200 31
190.161.236.41 - - [05/Mar/2018:10:56:52 -0300] "GET /cormun/static/Shared/jqueryui/images/ui-bg_flat_55_fafafa_40x100.png HTTP/1.1" 404 1097
190.161.236.41 - - [05/Mar/2018:10:56:52 -0300] "GET /cormun/static/Shared/jqueryui/images/ui-icons_8d78a5_256x240.png HTTP/1.1" 404 1089
192.168.10.89 - - [05/Mar/2018:10:56:52 -0300] "GET /cormun/servlet/hlogin HTTP/1.1" 200 1746
186.103.159.188 - - [05/Mar/2018:10:56:52 -0300] "POST /cormun/servlet/trsolicitudot?2464b47d5d0f0b7e9492401479510c31,,gx-no-cache=1520258163321 HTTP/1.1" 200 4472
192.168.10.89 - - [05/Mar/2018:10:57:06 -0300] "POST /cormun/servlet/hlogin?82a5d372e7df397d62e7f4de7527a758,gx-no-cache=1520258065758 HTTP/1.1" 200 90
192.168.10.89 - - [05/Mar/2018:10:57:06 -0300] "GET /cormun/servlet/hpexe_link HTTP/1.1" 200 953
192.168.10.89 - - [05/Mar/2018:10:57:06 -0300] "GET /cormun/servlet/hhome HTTP/1.1" 200 4453
192.168.10.56 - - [05/Mar/2018:10:57:06 -0300] "GET /cormun/servlet/solicitudgral?UPD,2018,8232, HTTP/1.1" 200 12730
192.168.10.56 - - [05/Mar/2018:10:57:07 -0300] "GET /cormun/servlet/solicitudgral?UPD,2018,8232, HTTP/1.1" 200 12739
192.168.10.56 - - [05/Mar/2018:10:57:07 -0300] "POST /cormun/servlet/solicitudgral?gx-no-cache=1520258067235 HTTP/1.1" 200 3902
192.168.10.56 - - [05/Mar/2018:10:57:07 -0300] "GET /cormun/servlet/solicitudgral?75dde68c758b52f41702dfca75180dc0b93f33d779dc313ef93a23d15ae1c0f5a76858ad80be65dfdb273ef32cb1209a25f6d81973fb1bbc44ec357c962ee0616d1ea28b83809108f2542b29bacb54aea3cb6105f4b7018d05cec9cf4f57f75eed26cbbe354542221711913edba6c27974620aafb1b472987caba665bee91905638139179a9a94fbbc0252fedf9601f477575c8fa30ee4e2d43f33e4f94c4ec15bbbd3d36eaffcffc49312e6da55f40989881a4c8ba83612251190cd374480c634eb230b61c94ced4f65498f2ee6b9ca95b4552a825ecfbfa1c75f2195d7095f8615132657dbbc65d3751a57d648501f99a0ded66453a92cf48e580fc470ca2f3dffe222864d0fba00ec1e0e98782c22cead91b24f807cbe0f5ecb4ffd7329b8f91ce5609fec9344ee1ae9751cbf6ae65eb04a39f348bf28afded63d3d26fc2564bc1325421784865f997e2b128eede8,gx-no-cache=1520258067362 HTTP/1.1" 200 297
192.168.10.89 - - [05/Mar/2018:10:57:08 -0300] "GET /cormun/servlet/trsolicitudgral? HTTP/1.1" 500 10
192.168.10.56 - - [05/Mar/2018:10:57:09 -0300] "GET /cormun/servlet/solicitudgral?75dde68c758b52f41702dfca75180dc0af5a54563825304221d3f5d6810c75fc4ed006a9427ea758bfbf3d1a974622683dffe222864d0fba00ec1e0e98782c2266a6cfac3c733f02b4263ab4a9d7e399864cd1e1c41b4cb4909ae077d523f690a1cd50e7caa62e4289bc626728da91f52963600859666fb123a557ed898537091b2f8a78fa87b1f2d26ef3d7b570c43d0607213739d1a65c3c0820aebaf4e529138111c2267575f24f971f1cfc4abbeb88c828dbc4ecc1586acde7370e5521d0c9097e49b80f66cc70f1c4a0c0752b0409e7c4f7a2a2c946a1d89b9917f26c843652b9983a243450046253ef4fb1ff398b867b2026a0705f788eeb11d3640a96675c5bf2127ab5770febea3e76419f8954b9c06393b4b49b0a56143b973f8f5d7d8c80484bcd8f768c9e3d3fdc51f42be32cb4ddb75c3611c1654d60ea4f0ad899a4d573ecac0bfdcb3f58c2ba8713865b59197d597b593c2e882d35b66a489e675c5bf2127ab5770febea3e76419f894f2af8f653834761f07b9b502c2afa01bd66ed3ae370529e30c9b2b01cf3af93a5ea63807f54bc57a9dcfdbb96aae62aac78421c3d9b2f758f6389348128a8c4,gx-no-cache=1520258068986 HTTP/1.1" 200 48
192.168.10.89 - - [05/Mar/2018:10:57:11 -0300] "GET /cormun/servlet/hhome HTTP/1.1" 200 4441
192.168.10.56 - - [05/Mar/2018:10:57:11 -0300] "POST /cormun/servlet/solicitudgral?c967522d3182b5c31d5a761c445aa71a,UPD,2018,8232,,gx-no-cache=1520258071346 HTTP/1.1" 200 11813
192.168.10.56 - - [05/Mar/2018:10:57:11 -0300] "GET /cormun/servlet/solicitudgral?75dde68c758b52f41702dfca75180dc0e4c44fae6426ccf31aaf863750db90a923f6cafd1766be75fc5c4c8b194a2ce0346b99d90dd88906ee520b61edc4ccd249a556f0a364e3274cee89dc388d33dd12fec81704d5c6ed4f515c01e882ca4a4d235d222dfdddf154c902ce7b3102bd,gx-no-cache=1520258071511 HTTP/1.1" 200 29
192.168.10.56 - - [05/Mar/2018:10:57:11 -0300] "POST /cormun/servlet/solicitudgral?gx-no-cache=1520258071527 HTTP/1.1" 200 1296
192.168.10.56 - - [05/Mar/2018:10:57:11 -0300] "POST /cormun/servlet/solicitudgral?gx-no-cache=1520258071553 HTTP/1.1" 200 1218
192.168.10.56 - - [05/Mar/2018:10:57:12 -0300] "POST /cormun/servlet/solicitudgral?c967522d3182b5c31d5a761c445aa71a,UPD,2018,8232,,gx-no-cache=1520258071590 HTTP/1.1" 200 93
192.168.10.56 - - [05/Mar/2018:10:57:12 -0300] "GET /cormun/servlet/hpexe_return? HTTP/1.1" 200 1016
192.168.10.56 - - [05/Mar/2018:10:57:12 -0300] "GET /cormun/servlet/trsolicitudgral HTTP/1.1" 200 21574
192.168.10.56 - - [05/Mar/2018:10:57:13 -0300] "GET /cormun/servlet/trsolicitudgral HTTP/1.1" 200 21569
192.168.10.89 - - [05/Mar/2018:10:57:14 -0300] "GET /cormun/servlet/hlogin HTTP/1.1" 200 1732
192.168.10.89 - - [05/Mar/2018:10:57:20 -0300] "POST /cormun/servlet/hlogin?82a5d372e7df397d62e7f4de7527a758,gx-no-cache=1520258080113 HTTP/1.1" 200 90
192.168.10.89 - - [05/Mar/2018:10:57:20 -0300] "GET /cormun/servlet/hpexe_link HTTP/1.1" 200 953
192.168.10.89 - - [05/Mar/2018:10:57:20 -0300] "GET /cormun/servlet/hhome HTTP/1.1" 200 4923
192.168.10.56 - - [05/Mar/2018:10:57:22 -0300] "GET /cormun/servlet/solicitudgral2?UPD,2018,8123, HTTP/1.1" 200 12876
192.168.10.56 - - [05/Mar/2018:10:57:22 -0300] "GET /cormun/servlet/solicitudgral2?UPD,2018,8123, HTTP/1.1" 200 12887
192.168.10.56 - - [05/Mar/2018:10:57:23 -0300] "POST /cormun/servlet/solicitudgral2?gx-no-cache=1520258082773 HTTP/1.1" 200 3892
192.168.10.56 - - [05/Mar/2018:10:57:23 -0300] "GET /cormun/servlet/solicitudgral2?75dde68c758b52f41702dfca75180dc0b93f33d779dc313ef93a23d15ae1c0f53850c44840168e230dd10d73d9ead0e725f6d81973fb1bbc44ec357c962ee0616d1ea28b83809108f2542b29bacb54aea3cb6105f4b7018d05cec9cf4f57f75eed26cbbe354542221711913edba6c27974620aafb1b472987caba665bee91905638139179a9a94fbbc0252fedf9601f477575c8fa30ee4e2d43f33e4f94c4ec15bbbd3d36eaffcffc49312e6da55f40989881a4c8ba83612251190cd374480c634eb230b61c94ced4f65498f2ee6b9ca95b4552a825ecfbfa1c75f2195d7095f8615132657dbbc65d3751a57d648501f99a0ded66453a92cf48e580fc470ca2f3dffe222864d0fba00ec1e0e98782c22cead91b24f807cbe0f5ecb4ffd7329b8f91ce5609fec9344ee1ae9751cbf6ae65eb04a39f348bf28afded63d3d26fc2564bc1325421784865f997e2b128eede8,gx-no-cache=1520258082901 HTTP/1.1" 200 255
192.168.10.56 - - [05/Mar/2018:10:57:23 -0300] "POST /cormun/servlet/solicitudgral2?gx-no-cache=1520258082924 HTTP/1.1" 200 1399
192.168.10.56 - - [05/Mar/2018:10:57:23 -0300] "GET /cormun/servlet/solicitudgral2?75dde68c758b52f41702dfca75180dc07588851d30772468ee2d871a3af42ab54c9ef58ca02e0b66fa10a59b260a7bc914bcaeac22fa27ff2fbd75f32e2a20a6f2d12b89b1959beab920cbad7121d3757a29dfff3071923bfd8f1d6fe5df87cdda8d07c6e92ad5b9b6d1d51549a73f26,gx-no-cache=1520258082959 HTTP/1.1" 200 41
192.168.10.89 - - [05/Mar/2018:10:57:24 -0300] "GET /cormun/servlet/trsecurityuser01? HTTP/1.1" 200 12766
192.168.10.56 - - [05/Mar/2018:10:57:25 -0300] "POST /cormun/servlet/solicitudgral2?c967522d3182b5c31d5a761c445aa71a,UPD,2018,8123,,gx-no-cache=1520258085274 HTTP/1.1" 200 11845
192.168.10.56 - - [05/Mar/2018:10:57:25 -0300] "GET /cormun/servlet/solicitudgral2?75dde68c758b52f41702dfca75180dc0e2d62a8932a8c8570b549982a215175223f6cafd1766be75fc5c4c8b194a2ce0142e74dcfd50a4613b733a60c3552896fdb9ea77aa1804dab50d28ca77db5e86d2279619fae205a4c839221166849bf0189a5fe7150a5d0602a969ca8d32fc0343470aac3f21f8c2e508458b062a478e2e6cf11ef618753ee08f63e0fe5a552b8240e24803d0a76b8f643b3cc014bd16,gx-no-cache=1520258085419 HTTP/1.1" 200 29
192.168.10.56 - - [05/Mar/2018:10:57:25 -0300] "POST /cormun/servlet/solicitudgral2?gx-no-cache=1520258085434 HTTP/1.1" 200 1296
192.168.10.56 - - [05/Mar/2018:10:57:25 -0300] "POST /cormun/servlet/solicitudgral2?gx-no-cache=1520258085460 HTTP/1.1" 200 1219
192.168.10.56 - - [05/Mar/2018:10:57:25 -0300] "GET /cormun/servlet/solicitudgral2?75dde68c758b52f41702dfca75180dc04b443ed9daef2a8823f4f43ca9e96ae74889c75f16eca79337c7ef262d75917e62952ede6f7a500fe75e923051f4e9a25e799fa8dbdd6eaf4ee56788846d1630fe119adb9f5f8e252ee0f9a277af9d00d24b426f5eea62855a15b687b0eb25696da8178c96f9618172b55e874fb1f2ec,gx-no-cache=1520258085493 HTTP/1.1" 200 30
192.168.10.89 - - [05/Mar/2018:10:57:30 -0300] "GET /cormun/servlet/securityusers?UPD,3845, HTTP/1.1" 200 7995
192.168.10.89 - - [05/Mar/2018:10:57:34 -0300] "POST /cormun/servlet/securityusers?82a5d372e7df397d62e7f4de7527a758,UPD,3845,,gx-no-cache=1520258094522 HTTP/1.1" 200 93
192.168.10.89 - - [05/Mar/2018:10:57:34 -0300] "GET /cormun/servlet/hpexe_return? HTTP/1.1" 200 1013
192.168.10.89 - - [05/Mar/2018:10:57:35 -0300] "GET /cormun/servlet/trsecurityuser01 HTTP/1.1" 200 12768
192.168.10.56 - - [05/Mar/2018:10:57:38 -0300] "POST /cormun/servlet/solicitudgral2?c967522d3182b5c31d5a761c445aa71a,UPD,2018,8123,,gx-no-cache=1520258098116 HTTP/1.1" 200 93
192.168.10.56 - - [05/Mar/2018:10:57:38 -0300] "GET /cormun/servlet/hpexe_return? HTTP/1.1" 200 1017
192.168.10.89 - - [05/Mar/2018:10:57:38 -0300] "GET /cormun/servlet/hlogin HTTP/1.1" 200 1738
192.168.10.56 - - [05/Mar/2018:10:57:39 -0300] "GET /cormun/servlet/trsolicitudgral HTTP/1.1" 200 21207
192.168.10.56 - - [05/Mar/2018:10:57:39 -0300] "GET /cormun/servlet/trsolicitudgral HTTP/1.1" 200 21202
192.168.10.89 - - [05/Mar/2018:10:57:45 -0300] "POST /cormun/servlet/hlogin?82a5d372e7df397d62e7f4de7527a758,gx-no-cache=1520258105202 HTTP/1.1" 200 90
192.168.10.89 - - [05/Mar/2018:10:57:45 -0300] "GET /cormun/servlet/hpexe_link HTTP/1.1" 200 953
192.168.10.89 - - [05/Mar/2018:10:57:45 -0300] "GET /cormun/servlet/hhome HTTP/1.1" 200 4453
192.168.10.89 - - [05/Mar/2018:10:57:47 -0300] "GET /cormun/servlet/trsolicitudgral? HTTP/1.1" 200 16691
192.168.10.56 - - [05/Mar/2018:10:57:48 -0300] "GET /cormun/servlet/solicitudgral2?UPD,2018,8095, HTTP/1.1" 200 12865
192.168.10.56 - - [05/Mar/2018:10:57:49 -0300] "GET /cormun/servlet/solicitudgral2?UPD,2018,8095, HTTP/1.1" 200 12875
192.168.10.56 - - [05/Mar/2018:10:57:49 -0300] "POST /cormun/servlet/solicitudgral2?gx-no-cache=1520258109277 HTTP/1.1" 200 3896
192.168.10.56 - - [05/Mar/2018:10:57:49 -0300] "GET /cormun/servlet/solicitudgral2?75dde68c758b52f41702dfca75180dc0b93f33d779dc313ef93a23d15ae1c0f53850c44840168e230dd10d73d9ead0e725f6d81973fb1bbc44ec357c962ee0616d1ea28b83809108f2542b29bacb54aea3cb6105f4b7018d05cec9cf4f57f75eed26cbbe354542221711913edba6c27974620aafb1b472987caba665bee91905638139179a9a94fbbc0252fedf9601f477575c8fa30ee4e2d43f33e4f94c4ec15bbbd3d36eaffcffc49312e6da55f40989881a4c8ba83612251190cd374480c634eb230b61c94ced4f65498f2ee6b9ca95b4552a825ecfbfa1c75f2195d7095f8615132657dbbc65d3751a57d648501f99a0ded66453a92cf48e580fc470ca2f3dffe222864d0fba00ec1e0e98782c22cead91b24f807cbe0f5ecb4ffd7329b8f91ce5609fec9344ee1ae9751cbf6ae65eb04a39f348bf28afded63d3d26fc2564bc1325421784865f997e2b128eede8,gx-no-cache=1520258109419 HTTP/1.1" 200 255
192.168.10.56 - - [05/Mar/2018:10:57:49 -0300] "POST /cormun/servlet/solicitudgral2?gx-no-cache=1520258109443 HTTP/1.1" 200 1398
192.168.10.56 - - [05/Mar/2018:10:57:49 -0300] "GET /cormun/servlet/solicitudgral2?75dde68c758b52f41702dfca75180dc07588851d30772468ee2d871a3af42ab54c9ef58ca02e0b66fa10a59b260a7bc914bcaeac22fa27ff2fbd75f32e2a20a6f2d12b89b1959beab920cbad7121d3757a29dfff3071923bfd8f1d6fe5df87cdda8d07c6e92ad5b9b6d1d51549a73f26,gx-no-cache=1520258109494 HTTP/1.1" 200 41
192.168.10.56 - - [05/Mar/2018:10:57:57 -0300] "POST /cormun/servlet/solicitudgral2?c967522d3182b5c31d5a761c445aa71a,UPD,2018,8095,,gx-no-cache=1520258117464 HTTP/1.1" 200 11841
192.168.10.56 - - [05/Mar/2018:10:57:58 -0300] "GET /cormun/servlet/solicitudgral2?75dde68c758b52f41702dfca75180dc0e2d62a8932a8c8570b549982a215175223f6cafd1766be75fc5c4c8b194a2ce0142e74dcfd50a4613b733a60c3552896fdb9ea77aa1804dab50d28ca77db5e86d2279619fae205a4c839221166849bf0189a5fe7150a5d0602a969ca8d32fc0343470aac3f21f8c2e508458b062a478e2e6cf11ef618753ee08f63e0fe5a552b8240e24803d0a76b8f643b3cc014bd16,gx-no-cache=1520258117710 HTTP/1.1" 200 29
192.168.10.56 - - [05/Mar/2018:10:57:58 -0300] "POST /cormun/servlet/solicitudgral2?gx-no-cache=1520258117734 HTTP/1.1" 200 1296
192.168.10.56 - - [05/Mar/2018:10:57:58 -0300] "POST /cormun/servlet/solicitudgral2?gx-no-cache=1520258117770 HTTP/1.1" 200 1218
192.168.10.56 - - [05/Mar/2018:10:57:59 -0300] "GET /cormun/servlet/solicitudgral2?75dde68c758b52f41702dfca75180dc04b443ed9daef2a8823f4f43ca9e96ae74889c75f16eca79337c7ef262d75917e62952ede6f7a500fe75e923051f4e9a25e799fa8dbdd6eaf4ee56788846d1630fe119adb9f5f8e252ee0f9a277af9d00d24b426f5eea62855a15b687b0eb25696da8178c96f9618172b55e874fb1f2ec,gx-no-cache=1520258119215 HTTP/1.1" 200 30
192.168.10.56 - - [05/Mar/2018:10:58:05 -0300] "POST /cormun/servlet/solicitudgral2?c967522d3182b5c31d5a761c445aa71a,UPD,2018,8095,,gx-no-cache=1520258124875 HTTP/1.1" 200 93
192.168.10.56 - - [05/Mar/2018:10:58:05 -0300] "GET /cormun/servlet/hpexe_return? HTTP/1.1" 200 1016
192.168.10.56 - - [05/Mar/2018:10:58:05 -0300] "GET /cormun/servlet/trsolicitudgral HTTP/1.1" 200 21210
192.168.10.56 - - [05/Mar/2018:10:58:06 -0300] "GET /cormun/servlet/trsolicitudgral HTTP/1.1" 200 21205
192.168.10.56 - - [05/Mar/2018:10:58:12 -0300] "GET /cormun/servlet/solicitudgral2?UPD,2018,8094, HTTP/1.1" 200 12891
192.168.10.56 - - [05/Mar/2018:10:58:12 -0300] "GET /cormun/servlet/solicitudgral2?UPD,2018,8094, HTTP/1.1" 200 12901
192.168.10.56 - - [05/Mar/2018:10:58:13 -0300] "POST /cormun/servlet/solicitudgral2?gx-no-cache=1520258132704 HTTP/1.1" 200 3900
192.168.10.56 - - [05/Mar/2018:10:58:13 -0300] "GET /cormun/servlet/solicitudgral2?75dde68c758b52f41702dfca75180dc0b93f33d779dc313ef93a23d15ae1c0f53850c44840168e230dd10d73d9ead0e725f6d81973fb1bbc44ec357c962ee0616d1ea28b83809108f2542b29bacb54aea3cb6105f4b7018d05cec9cf4f57f75eed26cbbe354542221711913edba6c27974620aafb1b472987caba665bee91905638139179a9a94fbbc0252fedf9601f477575c8fa30ee4e2d43f33e4f94c4ec15bbbd3d36eaffcffc49312e6da55f40989881a4c8ba83612251190cd374480c634eb230b61c94ced4f65498f2ee6b9ca95b4552a825ecfbfa1c75f2195d7095f8615132657dbbc65d3751a57d648501f99a0ded66453a92cf48e580fc470ca2f3dffe222864d0fba00ec1e0e98782c22cead91b24f807cbe0f5ecb4ffd7329b8f91ce5609fec9344ee1ae9751cbf6ae65eb04a39f348bf28afded63d3d26fc2564bc1325421784865f997e2b128eede8,gx-no-cache=1520258132834 HTTP/1.1" 200 255
192.168.10.56 - - [05/Mar/2018:10:58:13 -0300] "POST /cormun/servlet/solicitudgral2?gx-no-cache=1520258132857 HTTP/1.1" 200 1398
192.168.10.56 - - [05/Mar/2018:10:58:13 -0300] "GET /cormun/servlet/solicitudgral2?75dde68c758b52f41702dfca75180dc07588851d30772468ee2d871a3af42ab54c9ef58ca02e0b66fa10a59b260a7bc914bcaeac22fa27ff2fbd75f32e2a20a6f2d12b89b1959beab920cbad7121d3757a29dfff3071923bfd8f1d6fe5df87cdda8d07c6e92ad5b9b6d1d51549a73f26,gx-no-cache=1520258132901 HTTP/1.1" 200 41
192.168.10.56 - - [05/Mar/2018:10:58:14 -0300] "POST /cormun/servlet/solicitudgral2?c967522d3182b5c31d5a761c445aa71a,UPD,2018,8094,,gx-no-cache=1520258133566 HTTP/1.1" 200 11854
192.168.10.56 - - [05/Mar/2018:10:58:14 -0300] "GET /cormun/servlet/solicitudgral2?75dde68c758b52f41702dfca75180dc0e2d62a8932a8c8570b549982a215175223f6cafd1766be75fc5c4c8b194a2ce0142e74dcfd50a4613b733a60c3552896fdb9ea77aa1804dab50d28ca77db5e86d2279619fae205a4c839221166849bf0189a5fe7150a5d0602a969ca8d32fc0343470aac3f21f8c2e508458b062a478e2e6cf11ef618753ee08f63e0fe5a552b8240e24803d0a76b8f643b3cc014bd16,gx-no-cache=1520258133709 HTTP/1.1" 200 29
192.168.10.56 - - [05/Mar/2018:10:58:14 -0300] "POST /cormun/servlet/solicitudgral2?gx-no-cache=1520258133723 HTTP/1.1" 200 1296
192.168.10.56 - - [05/Mar/2018:10:58:14 -0300] "POST /cormun/servlet/solicitudgral2?gx-no-cache=1520258133750 HTTP/1.1" 200 1218
192.168.10.56 - - [05/Mar/2018:10:58:14 -0300] "GET /cormun/servlet/solicitudgral2?75dde68c758b52f41702dfca75180dc04b443ed9daef2a8823f4f43ca9e96ae74889c75f16eca79337c7ef262d75917e62952ede6f7a500fe75e923051f4e9a25e799fa8dbdd6eaf4ee56788846d1630fe119adb9f5f8e252ee0f9a277af9d00d24b426f5eea62855a15b687b0eb25696da8178c96f9618172b55e874fb1f2ec,gx-no-cache=1520258133779 HTTP/1.1" 200 30
192.168.10.89 - - [05/Mar/2018:10:58:14 -0300] "POST /cormun/servlet/trsolicitudgral?82a5d372e7df397d62e7f4de7527a758,,gx-no-cache=1520258134280 HTTP/1.1" 200 15419
192.168.10.89 - - [05/Mar/2018:10:58:21 -0300] "GET /cormun/servlet/hlogin HTTP/1.1" 200 1741
192.168.10.89 - - [05/Mar/2018:10:59:01 -0300] "POST /cormun/servlet/hlogin?82a5d372e7df397d62e7f4de7527a758,gx-no-cache=1520258180654 HTTP/1.1" 200 90
192.168.10.89 - - [05/Mar/2018:10:59:01 -0300] "GET /cormun/servlet/hpexe_link HTTP/1.1" 200 953
192.168.10.89 - - [05/Mar/2018:10:59:01 -0300] "GET /cormun/servlet/hhome HTTP/1.1" 200 4923
192.168.10.89 - - [05/Mar/2018:10:59:08 -0300] "GET /cormun/servlet/trsecurityuser01? HTTP/1.1" 200 12764
192.168.10.89 - - [05/Mar/2018:10:59:10 -0300] "GET /cormun/servlet/securityusers?INS,0, HTTP/1.1" 200 7869
192.168.10.56 - - [05/Mar/2018:10:59:46 -0300] "POST /cormun/servlet/solicitudgral2?c967522d3182b5c31d5a761c445aa71a,UPD,2018,8094,,gx-no-cache=1520258226281 HTTP/1.1" 200 93
192.168.10.56 - - [05/Mar/2018:10:59:46 -0300] "GET /cormun/servlet/hpexe_return? HTTP/1.1" 200 1016
192.168.10.56 - - [05/Mar/2018:10:59:47 -0300] "GET /cormun/servlet/trsolicitudgral HTTP/1.1" 200 21210
192.168.10.56 - - [05/Mar/2018:10:59:47 -0300] "GET /cormun/servlet/trsolicitudgral HTTP/1.1" 200 21205
192.168.10.56 - - [05/Mar/2018:11:00:03 -0300] "GET /cormun/servlet/solicitudgral2?UPD,2018,8101, HTTP/1.1" 200 12930
192.168.10.56 - - [05/Mar/2018:11:00:04 -0300] "GET /cormun/servlet/solicitudgral2?UPD,2018,8101, HTTP/1.1" 200 12940
192.168.10.56 - - [05/Mar/2018:11:00:04 -0300] "POST /cormun/servlet/solicitudgral2?gx-no-cache=1520258244103 HTTP/1.1" 200 3921
192.168.10.56 - - [05/Mar/2018:11:00:04 -0300] "GET /cormun/servlet/solicitudgral2?75dde68c758b52f41702dfca75180dc0b93f33d779dc313ef93a23d15ae1c0f53850c44840168e230dd10d73d9ead0e725f6d81973fb1bbc44ec357c962ee0616d1ea28b83809108f2542b29bacb54aea3cb6105f4b7018d05cec9cf4f57f75eed26cbbe354542221711913edba6c27974620aafb1b472987caba665bee91905638139179a9a94fbbc0252fedf9601f477575c8fa30ee4e2d43f33e4f94c4ec15bbbd3d36eaffcffc49312e6da55f40989881a4c8ba83612251190cd374480c634eb230b61c94ced4f65498f2ee6b9ca95b4552a825ecfbfa1c75f2195d7095f8615132657dbbc65d3751a57d648501f99a0ded66453a92cf48e580fc470ca2f3dffe222864d0fba00ec1e0e98782c22cead91b24f807cbe0f5ecb4ffd7329b8f91ce5609fec9344ee1ae9751cbf6ae65eb04a39f348bf28afded63d3d26fc2564bc1325421784865f997e2b128eede8,gx-no-cache=1520258244232 HTTP/1.1" 200 255
192.168.10.56 - - [05/Mar/2018:11:00:04 -0300] "POST /cormun/servlet/solicitudgral2?gx-no-cache=1520258244254 HTTP/1.1" 200 1399
192.168.10.56 - - [05/Mar/2018:11:00:04 -0300] "GET /cormun/servlet/solicitudgral2?75dde68c758b52f41702dfca75180dc07588851d30772468ee2d871a3af42ab54c9ef58ca02e0b66fa10a59b260a7bc914bcaeac22fa27ff2fbd75f32e2a20a6f2d12b89b1959beab920cbad7121d3757a29dfff3071923bfd8f1d6fe5df87cdda8d07c6e92ad5b9b6d1d51549a73f26,gx-no-cache=1520258244296 HTTP/1.1" 200 41
186.103.158.250 - - [05/Mar/2018:11:00:11 -0300] "GET /cormun/servlet/trlicencias? HTTP/1.1" 200 6096
192.168.10.56 - - [05/Mar/2018:11:00:13 -0300] "POST /cormun/servlet/solicitudgral2?c967522d3182b5c31d5a761c445aa71a,UPD,2018,8101,,gx-no-cache=1520258253155 HTTP/1.1" 200 11873
192.168.10.56 - - [05/Mar/2018:11:00:13 -0300] "GET /cormun/servlet/solicitudgral2?75dde68c758b52f41702dfca75180dc0e2d62a8932a8c8570b549982a215175223f6cafd1766be75fc5c4c8b194a2ce0142e74dcfd50a4613b733a60c3552896fdb9ea77aa1804dab50d28ca77db5e86d2279619fae205a4c839221166849bf0189a5fe7150a5d0602a969ca8d32fc0343470aac3f21f8c2e508458b062a478e2e6cf11ef618753ee08f63e0fe5a552b8240e24803d0a76b8f643b3cc014bd16,gx-no-cache=1520258253315 HTTP/1.1" 200 29
192.168.10.56 - - [05/Mar/2018:11:00:13 -0300] "POST /cormun/servlet/solicitudgral2?gx-no-cache=1520258253331 HTTP/1.1" 200 1296
186.103.158.250 - - [05/Mar/2018:11:00:13 -0300] "GET /cormun/servlet/trlicencias? HTTP/1.1" 200 6096
192.168.10.56 - - [05/Mar/2018:11:00:13 -0300] "POST /cormun/servlet/solicitudgral2?gx-no-cache=1520258253373 HTTP/1.1" 200 1219
192.168.10.56 - - [05/Mar/2018:11:00:13 -0300] "GET /cormun/servlet/solicitudgral2?75dde68c758b52f41702dfca75180dc04b443ed9daef2a8823f4f43ca9e96ae74889c75f16eca79337c7ef262d75917e62952ede6f7a500fe75e923051f4e9a25e799fa8dbdd6eaf4ee56788846d1630fe119adb9f5f8e252ee0f9a277af9d00d24b426f5eea62855a15b687b0eb25696da8178c96f9618172b55e874fb1f2ec,gx-no-cache=1520258253412 HTTP/1.1" 200 30
186.103.158.250 - - [05/Mar/2018:11:00:13 -0300] "GET /cormun/servlet/hlogin HTTP/1.1" 200 1736
192.168.10.89 - - [05/Mar/2018:11:00:17 -0300] "POST /cormun/servlet/securityusers?82a5d372e7df397d62e7f4de7527a758,INS,0,,gx-no-cache=1520258256650 HTTP/1.1" 200 93
192.168.10.89 - - [05/Mar/2018:11:00:17 -0300] "GET /cormun/servlet/hpexe_return? HTTP/1.1" 200 1010
192.168.10.89 - - [05/Mar/2018:11:00:17 -0300] "GET /cormun/servlet/trsecurityuser01 HTTP/1.1" 200 12772
192.168.10.89 - - [05/Mar/2018:11:00:22 -0300] "POST /cormun/servlet/trsecurityuser01?82a5d372e7df397d62e7f4de7527a758,gx-no-cache=1520258261554 HTTP/1.1" 200 7421
192.168.10.56 - - [05/Mar/2018:11:00:23 -0300] "POST /cormun/servlet/solicitudgral2?c967522d3182b5c31d5a761c445aa71a,UPD,2018,8101,,gx-no-cache=1520258263377 HTTP/1.1" 200 93
192.168.10.56 - - [05/Mar/2018:11:00:23 -0300] "GET /cormun/servlet/hpexe_return? HTTP/1.1" 200 1016
192.168.10.56 - - [05/Mar/2018:11:00:24 -0300] "GET /cormun/servlet/trsolicitudgral HTTP/1.1" 200 20864
192.168.10.56 - - [05/Mar/2018:11:00:24 -0300] "GET /cormun/servlet/trsolicitudgral HTTP/1.1" 200 20860
186.103.158.250 - - [05/Mar/2018:11:00:28 -0300] "POST /cormun/servlet/hlogin?f85fccdfb37cd8af55f3c00c6e7d5065,gx-no-cache=1520258191621 HTTP/1.1" 200 90
186.103.158.250 - - [05/Mar/2018:11:00:28 -0300] "GET /cormun/servlet/hpexe_link HTTP/1.1" 200 955
186.103.158.250 - - [05/Mar/2018:11:00:28 -0300] "GET /cormun/servlet/trlicencias HTTP/1.1" 200 8291
186.103.158.250 - - [05/Mar/2018:11:00:30 -0300] "GET /cormun/servlet/trlicencias HTTP/1.1" 200 8290
192.168.10.89 - - [05/Mar/2018:11:00:33 -0300] "POST /cormun/servlet/trsecurityuser01?82a5d372e7df397d62e7f4de7527a758,gx-no-cache=1520258272724 HTTP/1.1" 200 4445
192.168.10.89 - - [05/Mar/2018:11:00:36 -0300] "POST /cormun/servlet/trsecurityuser01?82a5d372e7df397d62e7f4de7527a758,gx-no-cache=1520258276443 HTTP/1.1" 200 4444
192.168.10.89 - - [05/Mar/2018:11:00:44 -0300] "POST /cormun/servlet/trsecurityuser01?82a5d372e7df397d62e7f4de7527a758,gx-no-cache=1520258284082 HTTP/1.1" 200 4535
186.103.158.250 - - [05/Mar/2018:11:00:46 -0300] "GET /cormun/servlet/licenciaspermisos?INS,0,,, HTTP/1.1" 200 7507
186.103.158.250 - - [05/Mar/2018:11:00:46 -0300] "GET /cormun/static/gxcfg.js?201762917281167 HTTP/1.1" 304 -
186.103.158.250 - - [05/Mar/2018:11:00:48 -0300] "GET /cormun/servlet/licenciaspermisos?INS,0,,, HTTP/1.1" 200 7505
192.168.10.89 - - [05/Mar/2018:11:00:50 -0300] "POST /cormun/servlet/trsecurityuser01?82a5d372e7df397d62e7f4de7527a758,gx-no-cache=1520258289729 HTTP/1.1" 200 90
192.168.10.89 - - [05/Mar/2018:11:00:50 -0300] "GET /cormun/servlet/hpexe_link HTTP/1.1" 200 958
192.168.10.89 - - [05/Mar/2018:11:00:50 -0300] "GET /cormun/servlet/hhome HTTP/1.1" 200 4923
192.168.10.89 - - [05/Mar/2018:11:00:53 -0300] "GET /cormun/servlet/trsecurityuser01? HTTP/1.1" 200 12367
186.79.20.211 - - [05/Mar/2018:11:00:56 -0300] "GET /cormun/servlet/hlogin HTTP/1.1" 200 1741
192.168.10.89 - - [05/Mar/2018:11:01:11 -0300] "POST /cormun/servlet/trsecurityuser01?82a5d372e7df397d62e7f4de7527a758,,gx-no-cache=1520258310840 HTTP/1.1" 200 10360
192.168.10.89 - - [05/Mar/2018:11:01:22 -0300] "GET /cormun/servlet/trsecurityusersproyecto?3860, HTTP/1.1" 200 7116
192.168.10.89 - - [05/Mar/2018:11:01:26 -0300] "POST /cormun/servlet/trsecurityusersproyecto?82a5d372e7df397d62e7f4de7527a758,3860,,gx-no-cache=1520258326002 HTTP/1.1" 200 4747
192.168.10.89 - - [05/Mar/2018:11:01:31 -0300] "GET /cormun/servlet/trsecurityrole? HTTP/1.1" 200 10787
192.168.10.89 - - [05/Mar/2018:11:01:35 -0300] "GET /cormun/servlet/securityroles?UPD,100, HTTP/1.1" 200 6526
192.168.10.89 - - [05/Mar/2018:11:01:37 -0300] "POST /cormun/servlet/securityroles?82a5d372e7df397d62e7f4de7527a758,UPD,100,,gx-no-cache=1520258337602 HTTP/1.1" 200 93
192.168.10.89 - - [05/Mar/2018:11:01:38 -0300] "GET /cormun/servlet/hpexe_return? HTTP/1.1" 200 1010
192.168.10.89 - - [05/Mar/2018:11:01:38 -0300] "GET /cormun/servlet/trsecurityrole HTTP/1.1" 200 10780
192.168.10.89 - - [05/Mar/2018:11:01:40 -0300] "GET /cormun/servlet/trsecurityuserroles?100, HTTP/1.1" 200 8454
192.168.10.89 - - [05/Mar/2018:11:01:45 -0300] "GET /cormun/servlet/trsecurityuserroles?38cfb2fe1103baf9ed6fd86c98b095c14e12f17dac7dbe1cbc251247a1c64208,gx-no-cache=1520258345516 HTTP/1.1" 200 75
192.168.10.89 - - [05/Mar/2018:11:01:45 -0300] "GET /cormun/servlet/trsecurityuserroles?d9a886703d3cb4b02eecccbef228b9619347267a0e705b1295cf6a753c5d6690d1b80c024baa86c2781748a0f7172f1363cd69e1591505955f9121012bd55d98b691bec13f9e9d92bac27befa49c1a54,gx-no-cache=1520258345540 HTTP/1.1" 200 63
192.168.10.89 - - [05/Mar/2018:11:01:47 -0300] "POST /cormun/servlet/trsecurityuserroles?82a5d372e7df397d62e7f4de7527a758,100,,gx-no-cache=1520258347465 HTTP/1.1" 200 5849
192.168.10.89 - - [05/Mar/2018:11:01:48 -0300] "GET /cormun/static/Shared/jqueryui/images/ui-bg_highlight-soft_100_c6c2c8_1x100.png HTTP/1.1" 404 1117
192.168.10.89 - - [05/Mar/2018:11:01:48 -0300] "GET /cormun/static/Shared/jqueryui/images/ui-icons_8d78a5_256x240.png HTTP/1.1" 404 1089
192.168.10.89 - - [05/Mar/2018:11:01:48 -0300] "GET /cormun/static/Shared/jqueryui/images/ui-bg_flat_55_fafafa_40x100.png HTTP/1.1" 404 1097
192.168.10.89 - - [05/Mar/2018:11:01:48 -0300] "GET /cormun/static/Shared/jqueryui/images/ui-icons_82798d_256x240.png HTTP/1.1" 404 1089
192.168.10.56 - - [05/Mar/2018:11:01:49 -0300] "POST /cormun/servlet/trsolicitudgral?c967522d3182b5c31d5a761c445aa71a,gx-no-cache=1520258349121 HTTP/1.1" 200 11729
192.168.10.89 - - [05/Mar/2018:11:01:57 -0300] "GET /cormun/servlet/trsecurityuserroles?d9a886703d3cb4b02eecccbef228b9616625c0eeff8def4ef17b969aae4a2c3812527518c6ec721baa863a5c5c6e5c68,gx-no-cache=1520258357498 HTTP/1.1" 200 31
192.168.10.89 - - [05/Mar/2018:11:01:59 -0300] "GET /cormun/servlet/hlogin HTTP/1.1" 200 1746
192.168.10.89 - - [05/Mar/2018:11:02:06 -0300] "POST /cormun/servlet/hlogin?82a5d372e7df397d62e7f4de7527a758,gx-no-cache=1520258366181 HTTP/1.1" 200 90
192.168.10.89 - - [05/Mar/2018:11:02:06 -0300] "GET /cormun/servlet/hpexe_link HTTP/1.1" 200 953
192.168.10.89 - - [05/Mar/2018:11:02:06 -0300] "GET /cormun/servlet/hhome HTTP/1.1" 200 4391
192.168.10.89 - - [05/Mar/2018:11:02:09 -0300] "GET /cormun/servlet/trsolicitudgral? HTTP/1.1" 200 18097
192.168.10.89 - - [05/Mar/2018:11:02:11 -0300] "POST /cormun/servlet/acontrolpreferencessavestate?None,CGONZALEZ,true HTTP/1.1" 200 35
192.168.10.89 - - [05/Mar/2018:11:02:17 -0300] "POST /cormun/servlet/trsolicitudgral?82a5d372e7df397d62e7f4de7527a758,,gx-no-cache=1520258377200 HTTP/1.1" 200 10177
192.168.10.89 - - [05/Mar/2018:11:02:19 -0300] "GET /cormun/servlet/hlogin HTTP/1.1" 200 1741
200.86.95.220 - - [05/Mar/2018:11:02:34 -0300] "GET /cormun/servlet/hlogin HTTP/1.1" 200 1716
200.86.95.220 - - [05/Mar/2018:11:02:43 -0300] "POST /cormun/servlet/hlogin?61030bdd5656acf6536878adb51d8276,gx-no-cache=1520258516832 HTTP/1.1" 200 90
200.86.95.220 - - [05/Mar/2018:11:02:43 -0300] "GET /cormun/servlet/hpexe_link HTTP/1.1" 200 945
200.86.95.220 - - [05/Mar/2018:11:02:43 -0300] "GET /cormun/static/gxcfg.js?20177612121792 HTTP/1.1" 304 -
200.86.95.220 - - [05/Mar/2018:11:02:43 -0300] "GET /cormun/servlet/hhome HTTP/1.1" 200 3938
200.86.95.220 - - [05/Mar/2018:11:02:43 -0300] "GET /cormun/static/gxcfg.js?20175251212442 HTTP/1.1" 304 -
200.86.95.220 - - [05/Mar/2018:11:02:45 -0300] "GET /cormun/servlet/hhome HTTP/1.1" 200 3935
200.86.95.220 - - [05/Mar/2018:11:02:51 -0300] "GET /cormun/servlet/trpermisosgoce? HTTP/1.1" 200 6817
200.86.95.220 - - [05/Mar/2018:11:02:51 -0300] "GET /cormun/static/gxui/gxui-all.css?110300 HTTP/1.1" 200 2179
200.86.95.220 - - [05/Mar/2018:11:02:51 -0300] "GET /cormun/static/calendar-system.css?75620 HTTP/1.1" 200 5572
200.86.95.220 - - [05/Mar/2018:11:02:51 -0300] "GET /cormun/static/gxcfg.js?20177612163875 HTTP/1.1" 200 953
200.86.95.220 - - [05/Mar/2018:11:02:51 -0300] "GET /cormun/static/calendar.js?85251 HTTP/1.1" 304 -
200.86.95.220 - - [05/Mar/2018:11:02:51 -0300] "GET /cormun/static/calendar-setup.js?85251 HTTP/1.1" 304 -
200.86.95.220 - - [05/Mar/2018:11:02:51 -0300] "GET /cormun/static/calendar-es.js?85251 HTTP/1.1" 304 -
200.86.95.220 - - [05/Mar/2018:11:02:51 -0300] "GET /cormun/static/gxdec.js?85251 HTTP/1.1" 304 -
200.86.95.220 - - [05/Mar/2018:11:02:51 -0300] "GET /cormun/static/trpermisosgoce.js?20177612164335 HTTP/1.1" 200 35904
200.86.95.220 - - [05/Mar/2018:11:02:52 -0300] "GET /cormun/static/Shared/ext/resources/css/ext-all.css?205870 HTTP/1.1" 200 416045
200.86.95.220 - - [05/Mar/2018:11:02:53 -0300] "GET /cormun/servlet/trpermisosgoce? HTTP/1.1" 200 6816
200.86.95.220 - - [05/Mar/2018:11:02:58 -0300] "GET /cormun/servlet/permisogoce?INS,0,,, HTTP/1.1" 200 6769
200.86.95.220 - - [05/Mar/2018:11:02:58 -0300] "GET /cormun/static/gxcfg.js?201776126440 HTTP/1.1" 200 953
200.86.95.220 - - [05/Mar/2018:11:02:58 -0300] "GET /cormun/static/permisogoce.js?2017761264459 HTTP/1.1" 200 27897
200.86.95.220 - - [05/Mar/2018:11:02:59 -0300] "GET /cormun/servlet/permisogoce?INS,0,,, HTTP/1.1" 200 6769
200.86.95.220 - - [05/Mar/2018:11:03:09 -0300] "GET /cormun/servlet/permisogoce?c4e5c5c1796a8497d74246f0bcda95fcb24e45f4713820dcbd02a9e3d5549e96a80adad5cb2f20dee63da086be8531618b71a10e5211254dbe27ad6c2b5bc8e2,gx-no-cache=1520258542522 HTTP/1.1" 200 85
200.86.95.220 - - [05/Mar/2018:11:03:09 -0300] "GET /cormun/static/menuarrow.gif HTTP/1.1" 404 1015
200.86.95.220 - - [05/Mar/2018:11:03:22 -0300] "GET /cormun/servlet/permisogoce?c4e5c5c1796a8497d74246f0bcda95fc465cff663ddd20f357a00d919564ac7fa40dc2f291e5804cfe40dc7f311fbd552f286cb7231a2b8c1859f045a4cc96e2,gx-no-cache=1520258556152 HTTP/1.1" 200 46
200.86.95.220 - - [05/Mar/2018:11:03:52 -0300] "POST /cormun/servlet/permisogoce?61030bdd5656acf6536878adb51d8276,INS,0,,,,gx-no-cache=1520258585868 HTTP/1.1" 200 93
200.86.95.220 - - [05/Mar/2018:11:03:52 -0300] "GET /cormun/servlet/hpexe_return? HTTP/1.1" 200 1004
200.86.95.220 - - [05/Mar/2018:11:03:52 -0300] "GET /cormun/static/gxcfg.js?2016101716175148 HTTP/1.1" 304 -
200.86.95.220 - - [05/Mar/2018:11:03:53 -0300] "GET /cormun/servlet/trpermisosgoce HTTP/1.1" 200 7716
200.86.95.220 - - [05/Mar/2018:11:03:54 -0300] "GET /cormun//static/Resources/PXToolsGridDisplay.png HTTP/1.1" 200 362
200.86.95.220 - - [05/Mar/2018:11:03:54 -0300] "GET /cormun//static/Resources/PXToolsHeaderHelp.png HTTP/1.1" 200 4055
200.86.95.220 - - [05/Mar/2018:11:03:54 -0300] "GET /cormun//static/Resources/PXToolsHeaderFavorites.png HTTP/1.1" 200 2744
200.86.95.220 - - [05/Mar/2018:11:03:54 -0300] "GET /cormun//static/Resources/PXToolsActionPrint.png HTTP/1.1" 200 3317
200.86.95.220 - - [05/Mar/2018:11:03:54 -0300] "GET /cormun/servlet/trpermisosgoce HTTP/1.1" 200 7713
200.86.95.220 - - [05/Mar/2018:11:03:58 -0300] "GET /cormun/servlet/apermisogoceprn?10474958,P,20180305110018,PU HTTP/1.1" 200 1670
192.168.10.56 - - [05/Mar/2018:11:04:14 -0300] "POST /cormun/servlet/trsolicitudgral?c967522d3182b5c31d5a761c445aa71a,gx-no-cache=1520258494317 HTTP/1.1" 200 6159
192.168.10.56 - - [05/Mar/2018:11:04:15 -0300] "GET /cormun/static/Shared/jqueryui/images/ui-bg_highlight-soft_100_c6c2c8_1x100.png HTTP/1.1" 404 1117
192.168.10.56 - - [05/Mar/2018:11:04:15 -0300] "GET /cormun/static/Shared/jqueryui/images/ui-icons_82798d_256x240.png HTTP/1.1" 404 1089
192.168.10.56 - - [05/Mar/2018:11:04:15 -0300] "GET /cormun/static/Shared/jqueryui/images/ui-bg_flat_55_fafafa_40x100.png HTTP/1.1" 404 1097
192.168.10.56 - - [05/Mar/2018:11:04:15 -0300] "GET /cormun/static/Shared/jqueryui/images/ui-icons_8d78a5_256x240.png HTTP/1.1" 404 1089
192.168.10.56 - - [05/Mar/2018:11:04:28 -0300] "POST /cormun/servlet/trsolicitudgral?c967522d3182b5c31d5a761c445aa71a,gx-no-cache=1520258507957 HTTP/1.1" 200 18152
192.168.10.56 - - [05/Mar/2018:11:04:34 -0300] "GET /cormun/servlet/hlogin HTTP/1.1" 200 1739
192.168.10.56 - - [05/Mar/2018:11:04:38 -0300] "POST /cormun/servlet/hlogin?c967522d3182b5c31d5a761c445aa71a,gx-no-cache=1520258518532 HTTP/1.1" 200 90
192.168.10.56 - - [05/Mar/2018:11:04:38 -0300] "GET /cormun/servlet/hpexe_link HTTP/1.1" 200 952
192.168.10.56 - - [05/Mar/2018:11:04:39 -0300] "GET /cormun/servlet/hhome HTTP/1.1" 200 3820
192.168.10.56 - - [05/Mar/2018:11:04:39 -0300] "GET /cormun/servlet/hhome HTTP/1.1" 200 3819
186.103.161.206 - - [05/Mar/2018:11:04:42 -0300] "GET /cormun/servlet/solicitudot?720de4a177aa68f987c5d09c67340143f6792d4d04e712270d3b51c0a7ac0026,gx-no-cache=1520258633109 HTTP/1.1" 200 94
186.103.161.206 - - [05/Mar/2018:11:04:42 -0300] "GET /cormun/static/Shared/jqueryui/images/ui-bg_highlight-soft_100_c6c2c8_1x100.png HTTP/1.1" 404 1117
186.103.132.155 - - [05/Mar/2018:11:04:42 -0300] "GET /cormun/servlet/solicitudot?720de4a177aa68f987c5d09c6734014317701728aa1ceb4da14c8bf0864010b9,gx-no-cache=1520258633262 HTTP/1.1" 200 29
186.103.161.206 - - [05/Mar/2018:11:04:42 -0300] "GET /cormun/static/Shared/jqueryui/images/ui-icons_82798d_256x240.png HTTP/1.1" 404 1089
200.72.197.82 - - [05/Mar/2018:11:04:42 -0300] "GET /cormun/static/Shared/jqueryui/images/ui-bg_flat_55_994d53_40x100.png HTTP/1.1" 404 1097
186.103.161.206 - - [05/Mar/2018:11:04:42 -0300] "GET /cormun/static/Shared/jqueryui/images/ui-icons_ebccce_256x240.png HTTP/1.1" 404 1089
192.168.10.89 - - [05/Mar/2018:11:04:43 -0300] "GET /cormun/servlet/hlogin HTTP/1.1" 200 1720
192.168.10.56 - - [05/Mar/2018:11:04:45 -0300] "GET /cormun/servlet/trautorizarot? HTTP/1.1" 200 10214
192.168.10.56 - - [05/Mar/2018:11:04:45 -0300] "GET /cormun/servlet/trautorizarot? HTTP/1.1" 200 10212
192.168.10.56 - - [05/Mar/2018:11:04:49 -0300] "GET /cormun/static/menuarrow.gif HTTP/1.1" 404 1015
192.168.10.96 - - [05/Mar/2018:11:04:51 -0300] "POST /cormun/servlet/trsolicitudgral?f93fef4b366823c15ff0613be9c2e146,,gx-no-cache=1520258531114 HTTP/1.1" 200 14196
192.168.10.56 - - [05/Mar/2018:11:05:02 -0300] "POST /cormun/servlet/trautorizarot?c967522d3182b5c31d5a761c445aa71a,,gx-no-cache=1520258542246 HTTP/1.1" 200 11633
192.168.10.56 - - [05/Mar/2018:11:05:08 -0300] "POST /cormun/servlet/trautorizarot?c967522d3182b5c31d5a761c445aa71a,,gx-no-cache=1520258548030 HTTP/1.1" 200 5340
200.111.122.170 - - [05/Mar/2018:11:05:16 -0300] "GET /cormun/servlet/solicitudot?720de4a177aa68f987c5d09c67340143f6792d4d04e712270d3b51c0a7ac0026,gx-no-cache=1520258666291 HTTP/1.1" 200 94
200.111.122.170 - - [05/Mar/2018:11:05:16 -0300] "POST /cormun/servlet/solicitudot?gx-no-cache=1520258666466 HTTP/1.1" 200 297
200.111.122.170 - - [05/Mar/2018:11:05:22 -0300] "GET /cormun/servlet/solicitudot?720de4a177aa68f987c5d09c67340143a00c172b0b8bd936d462e64ea51b5c1f55fa274d6d47b418343c5c788aef9179458e48e5e9c73e99d0f9b313e8afd4b1bac5f80430744ef1299d469e69c117ee93700f3c74090d9d88856d47c996a8716c80e522f72adee1534480a5272bfc015ef2cfca4ffd4373a5eb445b109949cb640ccf45a3f090bb974dd3a1ddc4a74108d2d922b7bb473e47953a83b386cf66657537a34ad715ff13f37a8b63d0dfc0041c95100dd4ce5c93d3c61a8b065401012c0eb5749563b8296db93323b9bfa6893606f3e6e090fbce01a09cee212b2aa817aa2d0430ddcc663075057ec29ab2f3c6866823faecc2167c92bfdec2aa115435ece0cd6abadd511590a5f54e8a18b98a5265e7cc7ebe4c768976c7d0aac74a6a167e8fed623bb620ac826a2727e7f8670e74ad6a6c4100b0bd4bddfdb128423d1f698487e92a729ce45d519716996483fc13060387e71108afeedb22712dc5dcdff70ca3af6971c0147a09a5bd5c603fe1ec4b10bd13f1a0b0bfd0648715b297169916d0e8cec616ec28e94c0cf8,gx-no-cache=1520258672557 HTTP/1.1" 200 30
200.111.122.170 - - [05/Mar/2018:11:05:26 -0300] "POST /cormun/servlet/solicitudot?gx-no-cache=1520258676768 HTTP/1.1" 200 30
200.120.230.197 - - [05/Mar/2018:11:05:30 -0300] "GET /cormun/servlet/hlogin HTTP/1.1" 200 1745
200.111.122.170 - - [05/Mar/2018:11:05:42 -0300] "POST /cormun/servlet/solicitudot?gx-no-cache=1520258692958 HTTP/1.1" 200 1333
200.111.122.170 - - [05/Mar/2018:11:05:42 -0300] "POST /cormun/servlet/solicitudot?gx-no-cache=1520258693087 HTTP/1.1" 200 38
200.120.230.197 - - [05/Mar/2018:11:05:43 -0300] "POST /cormun/servlet/hlogin?7c2343ec336aa78d3d4ced0dc3a0236e,gx-no-cache=1520258705213 HTTP/1.1" 200 90
200.120.230.197 - - [05/Mar/2018:11:05:44 -0300] "GET /cormun/servlet/hpexe_link HTTP/1.1" 200 963
200.120.230.197 - - [05/Mar/2018:11:05:44 -0300] "GET /cormun/servlet/vesolicitudot?2018,9988,, HTTP/1.1" 200 8592
200.120.230.197 - - [05/Mar/2018:11:05:44 -0300] "GET /cormun/pexe_scrolldiv.js HTTP/1.1" 404 1009
200.120.230.197 - - [05/Mar/2018:11:05:44 -0300] "GET /cormun/pexe_scrolldiv.js HTTP/1.1" 404 1009
200.120.230.197 - - [05/Mar/2018:11:05:46 -0300] "GET /cormun/servlet/vesolicitudot?2018,9988,, HTTP/1.1" 200 8590
