186.103.159.183 - - [05/Mar/2018:09:22:15 -0300] "GET /cormun//static/Resources/PXToolsHeaderHelp.png HTTP/1.1" 200 4055
186.103.159.183 - - [05/Mar/2018:09:22:15 -0300] "GET /cormun//static/Resources/PXToolsHeaderFavorites.png HTTP/1.1" 200 2744
186.103.159.183 - - [05/Mar/2018:09:22:15 -0300] "GET /cormun/servlet/trlicencias HTTP/1.1" 200 8353
192.168.10.96 - - [05/Mar/2018:09:22:15 -0300] "POST /cormun/servlet/trsolicitudgral?f93fef4b366823c15ff0613be9c2e146,,gx-no-cache=1520252375413 HTTP/1.1" 200 7289
186.103.159.183 - - [05/Mar/2018:09:22:19 -0300] "GET /cormun/servlet/trlicenciaspermisosadjuntos?15104893,20180305000000,L, HTTP/1.1" 200 6543
186.103.159.183 - - [05/Mar/2018:09:22:19 -0300] "GET /cormun/static/gxcfg.js?20177612163414 HTTP/1.1" 200 953
186.103.159.183 - - [05/Mar/2018:09:22:19 -0300] "GET /cormun/static/trlicenciaspermisosadjuntos.js?20177612163719 HTTP/1.1" 200 21036
186.103.159.183 - - [05/Mar/2018:09:22:20 -0300] "GET /cormun/static/Shared/ext/ext-all.js HTTP/1.1" 200 1289687
186.103.159.183 - - [05/Mar/2018:09:22:21 -0300] "GET /cormun/servlet/trlicenciaspermisosadjuntos?15104893,20180305000000,L, HTTP/1.1" 200 6544
186.103.157.246 - - [05/Mar/2018:09:22:23 -0300] "POST /cormun/servlet/solicitudotadjuntos?af75baf3a6b79b4ecf0c60d6f47704c6,INS,2018,9975,,1, HTTP/1.1" 200 116
186.103.157.246 - - [05/Mar/2018:09:22:23 -0300] "GET /cormun/servlet/hpexe_return? HTTP/1.1" 200 1011
186.103.159.183 - - [05/Mar/2018:09:22:23 -0300] "GET /cormun/servlet/licenciaspermisosadjuntos?INS,15104893,L,20180305000000,, HTTP/1.1" 200 5844
186.103.159.183 - - [05/Mar/2018:09:22:23 -0300] "GET /cormun/static/gxcfg.js?2017761263592 HTTP/1.1" 200 953
186.103.159.183 - - [05/Mar/2018:09:22:23 -0300] "GET /cormun/static/licenciaspermisosadjuntos.js?201776126362 HTTP/1.1" 200 8760
186.103.159.183 - - [05/Mar/2018:09:22:23 -0300] "GET /cormun/static/about:blank HTTP/1.1" 404 1011
186.103.157.246 - - [05/Mar/2018:09:22:24 -0300] "GET /cormun/servlet/trsolicitudadjuntos?2018,9975, HTTP/1.1" 200 9351
186.103.159.183 - - [05/Mar/2018:09:22:24 -0300] "GET /cormun/static/Shared/ext/ext-all.js HTTP/1.1" 200 1289687
186.103.159.183 - - [05/Mar/2018:09:22:25 -0300] "GET /cormun/servlet/licenciaspermisosadjuntos?INS,15104893,L,20180305000000,, HTTP/1.1" 200 5833
192.168.10.89 - - [05/Mar/2018:09:22:31 -0300] "POST /cormun/servlet/trsolicitudgral?82a5d372e7df397d62e7f4de7527a758,,gx-no-cache=1520252393778 HTTP/1.1" 200 18143
192.168.10.96 - - [05/Mar/2018:09:22:35 -0300] "POST /cormun/servlet/trsolicitudgral?f93fef4b366823c15ff0613be9c2e146,,gx-no-cache=1520252395493 HTTP/1.1" 200 5931
192.168.10.96 - - [05/Mar/2018:09:22:38 -0300] "POST /cormun/servlet/trsolicitudgral?f93fef4b366823c15ff0613be9c2e146,,gx-no-cache=1520252397829 HTTP/1.1" 200 5931
186.103.157.246 - - [05/Mar/2018:09:22:38 -0300] "POST /cormun/servlet/trsolicitudadjuntos?af75baf3a6b79b4ecf0c60d6f47704c6,2018,9975,,gx-no-cache=1520252509277 HTTP/1.1" 200 90
186.103.157.246 - - [05/Mar/2018:09:22:38 -0300] "GET /cormun/servlet/hpexe_link HTTP/1.1" 200 955
186.103.157.246 - - [05/Mar/2018:09:22:39 -0300] "GET /cormun/servlet/trsolicitudot HTTP/1.1" 200 8986
192.168.10.96 - - [05/Mar/2018:09:22:40 -0300] "POST /cormun/servlet/trsolicitudgral?f93fef4b366823c15ff0613be9c2e146,,gx-no-cache=1520252400565 HTTP/1.1" 200 5929
192.168.10.96 - - [05/Mar/2018:09:22:41 -0300] "POST /cormun/servlet/trsolicitudgral?f93fef4b366823c15ff0613be9c2e146,,gx-no-cache=1520252401301 HTTP/1.1" 200 5928
192.168.10.96 - - [05/Mar/2018:09:22:41 -0300] "POST /cormun/servlet/trsolicitudgral?f93fef4b366823c15ff0613be9c2e146,,gx-no-cache=1520252401482 HTTP/1.1" 200 5928
192.168.10.96 - - [05/Mar/2018:09:22:42 -0300] "POST /cormun/servlet/trsolicitudgral?f93fef4b366823c15ff0613be9c2e146,,gx-no-cache=1520252401657 HTTP/1.1" 200 5929
192.168.10.96 - - [05/Mar/2018:09:22:42 -0300] "POST /cormun/servlet/trsolicitudgral?f93fef4b366823c15ff0613be9c2e146,,gx-no-cache=1520252401828 HTTP/1.1" 200 5928
192.168.10.96 - - [05/Mar/2018:09:22:42 -0300] "POST /cormun/servlet/trsolicitudgral?f93fef4b366823c15ff0613be9c2e146,,gx-no-cache=1520252402005 HTTP/1.1" 200 5928
192.168.10.96 - - [05/Mar/2018:09:22:42 -0300] "POST /cormun/servlet/trsolicitudgral?f93fef4b366823c15ff0613be9c2e146,,gx-no-cache=1520252402208 HTTP/1.1" 200 5929
192.168.10.96 - - [05/Mar/2018:09:22:42 -0300] "POST /cormun/servlet/trsolicitudgral?f93fef4b366823c15ff0613be9c2e146,,gx-no-cache=1520252402396 HTTP/1.1" 200 5929
192.168.10.96 - - [05/Mar/2018:09:22:46 -0300] "POST /cormun/servlet/trsolicitudgral?f93fef4b366823c15ff0613be9c2e146,,gx-no-cache=1520252405909 HTTP/1.1" 200 5932
192.168.10.96 - - [05/Mar/2018:09:22:46 -0300] "POST /cormun/servlet/trsolicitudgral?f93fef4b366823c15ff0613be9c2e146,,gx-no-cache=1520252406309 HTTP/1.1" 200 5932
192.168.10.96 - - [05/Mar/2018:09:22:46 -0300] "POST /cormun/servlet/trsolicitudgral?f93fef4b366823c15ff0613be9c2e146,,gx-no-cache=1520252406575 HTTP/1.1" 200 5932
192.168.10.96 - - [05/Mar/2018:09:22:47 -0300] "POST /cormun/servlet/trsolicitudgral?f93fef4b366823c15ff0613be9c2e146,,gx-no-cache=1520252406781 HTTP/1.1" 200 5932
186.103.157.246 - - [05/Mar/2018:09:22:48 -0300] "POST /cormun/servlet/trsolicitudot?af75baf3a6b79b4ecf0c60d6f47704c6,gx-no-cache=1520252518991 HTTP/1.1" 200 5742
186.103.157.246 - - [05/Mar/2018:09:22:48 -0300] "GET /cormun/static/Shared/jqueryui/images/ui-icons_82798d_256x240.png HTTP/1.1" 404 1089
186.103.157.246 - - [05/Mar/2018:09:22:48 -0300] "GET /cormun/static/Shared/jqueryui/images/ui-bg_flat_55_fafafa_40x100.png HTTP/1.1" 404 1097
186.103.157.246 - - [05/Mar/2018:09:22:48 -0300] "GET /cormun/static/Shared/jqueryui/images/ui-bg_highlight-soft_100_c6c2c8_1x100.png HTTP/1.1" 404 1117
186.103.157.246 - - [05/Mar/2018:09:22:48 -0300] "GET /cormun/static/Shared/jqueryui/images/ui-icons_8d78a5_256x240.png HTTP/1.1" 404 1089
186.103.157.246 - - [05/Mar/2018:09:22:50 -0300] "POST /cormun/servlet/trsolicitudot?af75baf3a6b79b4ecf0c60d6f47704c6,gx-no-cache=1520252520078 HTTP/1.1" 200 5684
192.168.10.96 - - [05/Mar/2018:09:22:50 -0300] "POST /cormun/servlet/trsolicitudgral?f93fef4b366823c15ff0613be9c2e146,,gx-no-cache=1520252409910 HTTP/1.1" 200 5930
192.168.10.89 - - [05/Mar/2018:09:22:51 -0300] "POST /cormun/servlet/trsolicitudgral?82a5d372e7df397d62e7f4de7527a758,,gx-no-cache=1520252413930 HTTP/1.1" 200 7914
192.168.10.96 - - [05/Mar/2018:09:22:53 -0300] "POST /cormun/servlet/trsolicitudgral?f93fef4b366823c15ff0613be9c2e146,,gx-no-cache=1520252413045 HTTP/1.1" 200 5932
186.103.157.246 - - [05/Mar/2018:09:22:53 -0300] "POST /cormun/servlet/trsolicitudot?af75baf3a6b79b4ecf0c60d6f47704c6,gx-no-cache=1520252524620 HTTP/1.1" 200 4492
192.168.10.96 - - [05/Mar/2018:09:22:53 -0300] "POST /cormun/servlet/trsolicitudgral?f93fef4b366823c15ff0613be9c2e146,,gx-no-cache=1520252413485 HTTP/1.1" 200 5931
192.168.10.96 - - [05/Mar/2018:09:22:54 -0300] "POST /cormun/servlet/trsolicitudgral?f93fef4b366823c15ff0613be9c2e146,,gx-no-cache=1520252413707 HTTP/1.1" 200 5930
192.168.10.96 - - [05/Mar/2018:09:22:54 -0300] "POST /cormun/servlet/trsolicitudgral?f93fef4b366823c15ff0613be9c2e146,,gx-no-cache=1520252413991 HTTP/1.1" 200 5930
186.103.157.246 - - [05/Mar/2018:09:22:54 -0300] "POST /cormun/servlet/trsolicitudot?af75baf3a6b79b4ecf0c60d6f47704c6,gx-no-cache=1520252525264 HTTP/1.1" 200 4239
192.168.10.96 - - [05/Mar/2018:09:23:12 -0300] "POST /cormun/servlet/trsolicitudgral?f93fef4b366823c15ff0613be9c2e146,,gx-no-cache=1520252431718 HTTP/1.1" 200 5924
192.168.10.96 - - [05/Mar/2018:09:23:16 -0300] "POST /cormun/servlet/trsolicitudgral?f93fef4b366823c15ff0613be9c2e146,,gx-no-cache=1520252434997 HTTP/1.1" 200 26551
186.103.159.183 - - [05/Mar/2018:09:23:28 -0300] "POST /cormun/servlet/licenciaspermisosadjuntos?89a5bbfc90ebacf0dd9c56162a9bac4a,INS,15104893,L,20180305000000,, HTTP/1.1" 200 116
186.103.159.183 - - [05/Mar/2018:09:23:28 -0300] "GET /cormun/servlet/hpexe_return? HTTP/1.1" 200 1043
186.103.159.183 - - [05/Mar/2018:09:23:29 -0300] "GET /cormun/servlet/trlicenciaspermisosadjuntos?15104893,20180305000000,L, HTTP/1.1" 200 7029
186.103.159.183 - - [05/Mar/2018:09:23:30 -0300] "GET /cormun/static/Shared/ext/ext-all.js HTTP/1.1" 200 1289687
186.103.159.183 - - [05/Mar/2018:09:23:31 -0300] "GET /cormun/servlet/trlicenciaspermisosadjuntos?15104893,20180305000000,L, HTTP/1.1" 200 7026
186.103.159.183 - - [05/Mar/2018:09:23:32 -0300] "GET /cormun/PublicTempStorage/carla_b7133250.jpg HTTP/1.1" 200 1626129
186.103.157.246 - - [05/Mar/2018:09:24:01 -0300] "GET /cormun/servlet/solicitudot?INS,0,0, HTTP/1.1" 200 13330
192.168.10.89 - - [05/Mar/2018:09:24:12 -0300] "POST /cormun/servlet/trsolicitudgral?82a5d372e7df397d62e7f4de7527a758,,gx-no-cache=1520252494982 HTTP/1.1" 200 5928
186.103.159.183 - - [05/Mar/2018:09:24:15 -0300] "GET /cormun/servlet/trlicencias? HTTP/1.1" 200 8354
186.103.159.183 - - [05/Mar/2018:09:24:16 -0300] "GET /cormun/static/Shared/ext/ext-all.js HTTP/1.1" 200 1289687
186.103.159.183 - - [05/Mar/2018:09:24:17 -0300] "GET /cormun/servlet/trlicencias? HTTP/1.1" 200 8353
186.103.157.246 - - [05/Mar/2018:09:24:36 -0300] "POST /cormun/servlet/solicitudot?gx-no-cache=1520252628089 HTTP/1.1" 200 3293
186.103.159.183 - - [05/Mar/2018:09:24:37 -0300] "POST /cormun/servlet/trlicencias?89a5bbfc90ebacf0dd9c56162a9bac4a,,gx-no-cache=1520252629824 HTTP/1.1" 200 5584
186.103.159.183 - - [05/Mar/2018:09:24:37 -0300] "GET /cormun//static/Resources/PXToolsActionDisabled.gif HTTP/1.1" 200 53
186.103.157.246 - - [05/Mar/2018:09:24:37 -0300] "POST /cormun/servlet/solicitudot?af75baf3a6b79b4ecf0c60d6f47704c6,INS,0,0,,gx-no-cache=1520252628713 HTTP/1.1" 200 10244
186.103.159.183 - - [05/Mar/2018:09:24:37 -0300] "GET /cormun/static/Shared/jqueryui/images/ui-bg_highlight-soft_100_c6c2c8_1x100.png HTTP/1.1" 404 1117
186.103.159.183 - - [05/Mar/2018:09:24:37 -0300] "GET /cormun/static/Shared/jqueryui/images/ui-icons_82798d_256x240.png HTTP/1.1" 404 1089
186.103.159.183 - - [05/Mar/2018:09:24:37 -0300] "GET /cormun/static/Shared/jqueryui/images/ui-bg_flat_55_fafafa_40x100.png HTTP/1.1" 404 1097
186.103.159.183 - - [05/Mar/2018:09:24:37 -0300] "GET /cormun/static/Shared/jqueryui/images/ui-icons_8d78a5_256x240.png HTTP/1.1" 404 1089
186.103.157.246 - - [05/Mar/2018:09:24:40 -0300] "GET /cormun/servlet/solicitudot?3d834c0e6a7b562014dbb3ba4dfb1499bf2875e69302cb6d23aeb8978da1327b2c05b6051098088e2d891f39ef7867d0,gx-no-cache=1520252631566 HTTP/1.1" 200 30
186.103.159.183 - - [05/Mar/2018:09:24:42 -0300] "GET /cormun/servlet/alicenciaprn?15104893,L,20180305000000,PU HTTP/1.1" 200 1555
192.168.10.96 - - [05/Mar/2018:09:25:03 -0300] "POST /cormun/servlet/trsolicitudgral?f93fef4b366823c15ff0613be9c2e146,,gx-no-cache=1520252534473 HTTP/1.1" 200 26542
186.103.158.250 - - [05/Mar/2018:09:25:51 -0300] "GET /cormun/servlet/hlogin HTTP/1.1" 200 1716
186.103.158.250 - - [05/Mar/2018:09:25:51 -0300] "GET /cormun/static/gxtimezone.js?85251 HTTP/1.1" 304 -
186.103.158.250 - - [05/Mar/2018:09:25:51 -0300] "GET /cormun/static/gxcfg.js?20175251213516 HTTP/1.1" 304 -
186.103.158.250 - - [05/Mar/2018:09:25:51 -0300] "GET /cormun/static/messages.spa.js?85251 HTTP/1.1" 304 -
186.103.158.250 - - [05/Mar/2018:09:25:52 -0300] "GET /cormun/servlet/hlogin HTTP/1.1" 200 1726
186.103.159.189 - - [05/Mar/2018:09:25:55 -0300] "GET /cormun/servlet/hlogin HTTP/1.1" 200 1719
186.103.159.189 - - [05/Mar/2018:09:26:00 -0300] "GET /cormun/static/gxtimezone.js?85251 HTTP/1.1" 304 -
186.103.159.189 - - [05/Mar/2018:09:26:00 -0300] "GET /cormun/static/gxcfg.js?20175251213516 HTTP/1.1" 304 -
186.103.159.189 - - [05/Mar/2018:09:26:00 -0300] "GET /cormun/static/messages.spa.js?85251 HTTP/1.1" 304 -
186.103.159.189 - - [05/Mar/2018:09:26:03 -0300] "GET /cormun/servlet/hlogin HTTP/1.1" 200 1729
186.103.158.250 - - [05/Mar/2018:09:26:08 -0300] "POST /cormun/servlet/hlogin?399ef1f3b3ca3840e56d85813155a378,gx-no-cache=1520252719122 HTTP/1.1" 200 90
186.103.158.250 - - [05/Mar/2018:09:26:08 -0300] "GET /cormun/servlet/hpexe_link HTTP/1.1" 200 948
186.103.158.250 - - [05/Mar/2018:09:26:09 -0300] "GET /cormun/static/gxcfg.js?20177612121792 HTTP/1.1" 304 -
186.103.158.250 - - [05/Mar/2018:09:26:09 -0300] "GET /cormun/servlet/hhome HTTP/1.1" 200 4190
186.103.158.250 - - [05/Mar/2018:09:26:09 -0300] "GET /cormun/static/gxcfg.js?20175251212442 HTTP/1.1" 304 -
186.103.158.250 - - [05/Mar/2018:09:26:12 -0300] "GET /cormun/servlet/hhome HTTP/1.1" 200 4186
186.103.158.250 - - [05/Mar/2018:09:26:17 -0300] "GET /cormun/servlet/trsolicitudot? HTTP/1.1" 200 7409
186.103.158.250 - - [05/Mar/2018:09:26:17 -0300] "GET /cormun/static/calendar-setup.js?85251 HTTP/1.1" 304 -
186.103.158.250 - - [05/Mar/2018:09:26:17 -0300] "GET /cormun/static/calendar-es.js?85251 HTTP/1.1" 304 -
186.103.158.250 - - [05/Mar/2018:09:26:17 -0300] "GET /cormun/static/gxcfg.js?2017111422585916 HTTP/1.1" 304 -
186.103.158.250 - - [05/Mar/2018:09:26:17 -0300] "GET /cormun/static/calendar.js?85251 HTTP/1.1" 304 -
186.103.158.250 - - [05/Mar/2018:09:26:17 -0300] "GET /cormun/static/gxdec.js?85251 HTTP/1.1" 304 -
186.103.158.250 - - [05/Mar/2018:09:26:19 -0300] "GET /cormun/servlet/trsolicitudot? HTTP/1.1" 200 7408
186.103.158.250 - - [05/Mar/2018:09:26:22 -0300] "GET /cormun/servlet/solicitudot?INS,0,0, HTTP/1.1" 200 13647
186.103.158.250 - - [05/Mar/2018:09:26:22 -0300] "GET /cormun/static/gxcfg.js?201812313224582 HTTP/1.1" 304 -
186.103.158.250 - - [05/Mar/2018:09:26:22 -0300] "GET /cormun/static/solicitudot.js?201812313224831 HTTP/1.1" 304 -
186.103.158.250 - - [05/Mar/2018:09:26:23 -0300] "GET /cormun/servlet/solicitudot?INS,0,0, HTTP/1.1" 200 13651
186.103.157.246 - - [05/Mar/2018:09:26:27 -0300] "GET /cormun/servlet/prbanco?,MD,,gxPopupLevel%3D0%3B HTTP/1.1" 200 6481
186.103.159.189 - - [05/Mar/2018:09:26:28 -0300] "POST /cormun/servlet/hlogin?b791aa89fdd54775cecc710678e24e3e,gx-no-cache=1520252740003 HTTP/1.1" 200 90
186.103.159.189 - - [05/Mar/2018:09:26:28 -0300] "GET /cormun/servlet/hpexe_link HTTP/1.1" 200 948
186.103.159.189 - - [05/Mar/2018:09:26:28 -0300] "GET /cormun/static/gxcfg.js?20177612121792 HTTP/1.1" 304 -
186.103.159.189 - - [05/Mar/2018:09:26:28 -0300] "GET /cormun/servlet/hhome HTTP/1.1" 200 4173
186.103.159.189 - - [05/Mar/2018:09:26:29 -0300] "GET /cormun/static/gxcfg.js?20175251212442 HTTP/1.1" 304 -
186.103.159.189 - - [05/Mar/2018:09:26:31 -0300] "GET /cormun/servlet/hhome HTTP/1.1" 200 4170
186.103.157.246 - - [05/Mar/2018:09:26:33 -0300] "GET /cormun/servlet/solicitudot?8efc6160ebf46dde6cad02bcfaef2b04fb3f4e6a1308bb7df6bf8c217e582271,gx-no-cache=1520252745226 HTTP/1.1" 200 20
186.103.157.246 - - [05/Mar/2018:09:26:34 -0300] "GET /cormun/servlet/solicitudot?3d834c0e6a7b562014dbb3ba4dfb14996669ec1055500833f1c289085eef4d863340c2f42849262a9e150c7328b68ed82c05b6051098088e2d891f39ef7867d0,gx-no-cache=1520252745361 HTTP/1.1" 200 30
186.103.157.246 - - [05/Mar/2018:09:26:37 -0300] "GET /cormun/servlet/solicitudot?3d834c0e6a7b562014dbb3ba4dfb14997ccd3f2855d82632da64150a9775d730,gx-no-cache=1520252749038 HTTP/1.1" 200 59
186.103.159.189 - - [05/Mar/2018:09:26:41 -0300] "GET /cormun/servlet/trautorizarsolicitud? HTTP/1.1" 200 7284
186.103.159.189 - - [05/Mar/2018:09:26:41 -0300] "GET /cormun/static/gxcfg.js?2017111423403364 HTTP/1.1" 304 -
186.103.159.189 - - [05/Mar/2018:09:26:41 -0300] "GET /cormun/static/calendar.js?85251 HTTP/1.1" 304 -
186.103.159.189 - - [05/Mar/2018:09:26:41 -0300] "GET /cormun/static/calendar-setup.js?85251 HTTP/1.1" 304 -
186.103.159.189 - - [05/Mar/2018:09:26:41 -0300] "GET /cormun/static/calendar-es.js?85251 HTTP/1.1" 304 -
186.103.159.189 - - [05/Mar/2018:09:26:41 -0300] "GET /cormun/static/gxdec.js?85251 HTTP/1.1" 304 -
186.103.159.189 - - [05/Mar/2018:09:26:42 -0300] "GET /cormun/servlet/trautorizarsolicitud? HTTP/1.1" 200 7283
186.103.159.189 - - [05/Mar/2018:09:26:48 -0300] "GET /cormun/static/menuarrow.gif HTTP/1.1" 404 1015
186.103.159.189 - - [05/Mar/2018:09:26:59 -0300] "POST /cormun/servlet/trautorizarsolicitud?b791aa89fdd54775cecc710678e24e3e,,gx-no-cache=1520252770468 HTTP/1.1" 200 5750
186.103.157.246 - - [05/Mar/2018:09:26:59 -0300] "POST /cormun/servlet/solicitudot?gx-no-cache=1520252770976 HTTP/1.1" 200 256
192.168.10.96 - - [05/Mar/2018:09:27:01 -0300] "POST /cormun/servlet/trsolicitudgral?f93fef4b366823c15ff0613be9c2e146,,gx-no-cache=1520252652241 HTTP/1.1" 200 105
192.168.10.96 - - [05/Mar/2018:09:27:01 -0300] "GET /cormun/SolicitudGral-1622.xls HTTP/1.1" 200 118784
186.103.157.246 - - [05/Mar/2018:09:27:03 -0300] "GET /cormun/servlet/solicitudot?3d834c0e6a7b562014dbb3ba4dfb1499ec41ad7476e3833db7ece41a063163d039af1b350fc012a7196669730bf70045df43648519c40d3097c6ce06c6b1fe64bac1ebfd4b43026fe6bb4ce550b4ace99c368855be5fad736346192ad194e8433bb3c774eb9a1949cfc858ad1722c4af25bc2cc12066e03b99664d04375f99a4d9f7c42b3551cbc774c8f756eed9a51210300afa24fa1ace7a44292bdc711a2ceabc6af52181733ca7a96b65f8e30cf24290356d4d38fc98e8127dab96b34b26d2356f59c3f106f337de1574d89d88d25c2903b3d7fa8881c6ab9c33487c0bfa32b3946a7efde6b2b334a3fa93b6d26a3410758742024875c94f83ac88d1b8f31c75c20df940b1f5db39f71f0f64ba941be04e94c7d01dfeae7b0c3a198f30b93348cded5bdf9821140fe7c05acab186f50a41097a30df76370701ea05791a3b4117ea64b103b33149ba9aaa3893ed61c1acac49039465ade9a24954cf4c2d31553ae9ad2c6f22b25c170e81edd2daf48addd34bb6774cc19dbf9c90f037ec2e,gx-no-cache=1520252774883 HTTP/1.1" 200 30
186.103.159.189 - - [05/Mar/2018:09:27:06 -0300] "POST /cormun/servlet/trautorizarsolicitud?b791aa89fdd54775cecc710678e24e3e,,gx-no-cache=1520252777955 HTTP/1.1" 200 7783
186.103.157.246 - - [05/Mar/2018:09:27:08 -0300] "POST /cormun/servlet/solicitudot?gx-no-cache=1520252780111 HTTP/1.1" 200 30
186.103.157.246 - - [05/Mar/2018:09:27:11 -0300] "POST /cormun/servlet/solicitudot?gx-no-cache=1520252783264 HTTP/1.1" 200 1333
186.103.157.246 - - [05/Mar/2018:09:27:11 -0300] "POST /cormun/servlet/solicitudot?gx-no-cache=1520252783486 HTTP/1.1" 200 38
186.103.159.189 - - [05/Mar/2018:09:27:17 -0300] "POST /cormun/servlet/trautorizarsolicitud?b791aa89fdd54775cecc710678e24e3e,,gx-no-cache=1520252788422 HTTP/1.1" 200 106
186.103.159.189 - - [05/Mar/2018:09:27:17 -0300] "GET /cormun/servlet/trsolicitudadjuntos?2018,9950, HTTP/1.1" 200 6260
186.103.159.189 - - [05/Mar/2018:09:27:17 -0300] "GET /cormun/static/gxcfg.js?20177612135366 HTTP/1.1" 304 -
186.103.159.189 - - [05/Mar/2018:09:27:19 -0300] "GET /cormun/servlet/trsolicitudadjuntos?2018,9950, HTTP/1.1" 200 6259
186.103.159.189 - - [05/Mar/2018:09:27:23 -0300] "GET /cormun/servlet/trautorizarsolicitud? HTTP/1.1" 200 10641
186.103.159.189 - - [05/Mar/2018:09:27:25 -0300] "GET /cormun/servlet/trautorizarsolicitud? HTTP/1.1" 200 10640
186.103.158.250 - - [05/Mar/2018:09:27:25 -0300] "POST /cormun/servlet/solicitudot?gx-no-cache=1520252794353 HTTP/1.1" 200 3427
186.103.158.250 - - [05/Mar/2018:09:27:27 -0300] "POST /cormun/servlet/solicitudot?399ef1f3b3ca3840e56d85813155a378,INS,0,0,,gx-no-cache=1520252796388 HTTP/1.1" 200 10606
192.168.10.96 - - [05/Mar/2018:09:27:48 -0300] "POST /cormun/servlet/trsolicitudgral?f93fef4b366823c15ff0613be9c2e146,,gx-no-cache=1520252685761 HTTP/1.1" 200 26103
186.103.158.250 - - [05/Mar/2018:09:27:57 -0300] "GET /cormun/servlet/solicitudot?75790c4d026b4ff87d5a69645ceb5a0288ab018dc57dd6dc4c06c3cd7e4af79a3d1cb1610303463fb137c342b83ee7b4,gx-no-cache=1520252827575 HTTP/1.1" 200 30
186.103.158.250 - - [05/Mar/2018:09:27:57 -0300] "GET /cormun/servlet/solicitudot?75790c4d026b4ff87d5a69645ceb5a02e847540aca0618a0ed85210b246fc901826925afad7d2e2cd97aa5ceaad94c04015a05221eacadc988fd18555049c4c3,gx-no-cache=1520252828160 HTTP/1.1" 200 30
186.103.158.250 - - [05/Mar/2018:09:27:57 -0300] "GET /cormun/servlet/solicitudot?75790c4d026b4ff87d5a69645ceb5a02f5e0bc6604eab453d522665de083045e,gx-no-cache=1520252828300 HTTP/1.1" 200 53
186.103.157.246 - - [05/Mar/2018:09:28:13 -0300] "GET /cormun/servlet/solicitudot?3d834c0e6a7b562014dbb3ba4dfb149946de181d25e2f2f0bd66ec24e97675f16cd7d1c782901fd858958d4c8e6f3b9cd9a04fd9cf2d13c8a746500b07449de7d1c112a6c79d874e8c7791612ed28b7253c587ded5bf3195fbe0cca78c880331e038f8f7b82e2eb2a2936c083d77b311,gx-no-cache=1520252844312 HTTP/1.1" 200 29
186.103.157.246 - - [05/Mar/2018:09:28:13 -0300] "POST /cormun/servlet/solicitudot?gx-no-cache=1520252844870 HTTP/1.1" 200 1319
186.103.157.246 - - [05/Mar/2018:09:28:14 -0300] "POST /cormun/servlet/solicitudot?gx-no-cache=1520252845421 HTTP/1.1" 200 1215
200.120.230.197 - - [05/Mar/2018:09:28:16 -0300] "GET /cormun/servlet/hlogin HTTP/1.1" 200 1721
186.103.159.189 - - [05/Mar/2018:09:28:19 -0300] "POST /cormun/servlet/trautorizarsolicitud?b791aa89fdd54775cecc710678e24e3e,,gx-no-cache=1520252851346 HTTP/1.1" 200 90
186.103.159.189 - - [05/Mar/2018:09:28:19 -0300] "GET /cormun/servlet/hpexe_link HTTP/1.1" 200 958
186.103.159.189 - - [05/Mar/2018:09:28:20 -0300] "GET /cormun/servlet/hhome HTTP/1.1" 200 4173
186.103.159.189 - - [05/Mar/2018:09:28:21 -0300] "GET /cormun/servlet/hhome HTTP/1.1" 200 4170
200.120.230.197 - - [05/Mar/2018:09:28:22 -0300] "GET /cormun/static/gxtimezone.js?85251 HTTP/1.1" 304 -
200.120.230.197 - - [05/Mar/2018:09:28:22 -0300] "GET /cormun/static/gxcfg.js?20175251213516 HTTP/1.1" 304 -
200.120.230.197 - - [05/Mar/2018:09:28:22 -0300] "GET /cormun/static/messages.spa.js?85251 HTTP/1.1" 304 -
200.120.230.197 - - [05/Mar/2018:09:28:23 -0300] "GET /cormun/servlet/hlogin HTTP/1.1" 200 1728
192.168.10.96 - - [05/Mar/2018:09:28:26 -0300] "POST /cormun/servlet/trsolicitudgral?f93fef4b366823c15ff0613be9c2e146,,gx-no-cache=1520252712772 HTTP/1.1" 200 105
192.168.10.96 - - [05/Mar/2018:09:28:26 -0300] "GET /cormun/SolicitudGral-3165.xls HTTP/1.1" 200 417280
186.103.159.183 - - [05/Mar/2018:09:28:31 -0300] "GET /cormun/servlet/hlogin HTTP/1.1" 200 1735
186.103.157.246 - - [05/Mar/2018:09:28:37 -0300] "GET /cormun/static/menuarrow.gif HTTP/1.1" 404 1015
186.103.157.246 - - [05/Mar/2018:09:28:51 -0300] "GET /cormun/servlet/solicitudot?3d834c0e6a7b562014dbb3ba4dfb14999a9db8754636da657c783d3ee261d4195ca6cc48ec7cd20911f35c11c893a0ae,gx-no-cache=1520252872847 HTTP/1.1" 200 30
186.103.158.250 - - [05/Mar/2018:09:28:58 -0300] "POST /cormun/servlet/solicitudot?gx-no-cache=1520252889397 HTTP/1.1" 200 297
186.103.158.250 - - [05/Mar/2018:09:28:58 -0300] "GET /cormun/servlet/solicitudot?75790c4d026b4ff87d5a69645ceb5a02c1547503f83b5a0847950d9a359bbf66908c239c3b9918642513d83f38020eda0d9a327bd8e2a5ca1ced45076d4c69d0fbc706e681c7a0855e60294bf1962602c57b5d3acb3be7ef63dda5a446bce0e2c3182b1bfd85e86959c47f7df77463f1ac54007d305933a47a682cd55d4ad07740808157746794207e11a2d473338ba5451d72be165fab2688c773e1bf8db984ca06d434b6390d950392ae5d8ca87f3703cc8db1b2e666306049d460304c4f51b66ebe59d616f11eedcd566b110605d6106fccd523c5180f88a902bad09ddb8efc5d6da70dc1336502b45dcd9c1641ba0f3182ec5b22cc3329c2955fb97b027a9dcea772af10ac36ee466f4c4e22bdb15ec245e74d937441fd230813767886adbedfe361868d92d97308145f93f3bb01791365fb2c06aa64db7880738b84ad2a3fabec3ddae67a1ddf07778a60c6ceade6900b774bc74343b1ba8c3b03adf37ea8aadb3a699128f5ad7c7ff5b08db31270aa1320008f46ecf9e45da8815fa25d4732219bd0b6d7ffedc0a8083b73114d,gx-no-cache=1520252889557 HTTP/1.1" 200 30
186.103.157.246 - - [05/Mar/2018:09:29:01 -0300] "POST /cormun/servlet/solicitudot?gx-no-cache=1520252892506 HTTP/1.1" 200 30
186.79.146.40 - - [05/Mar/2018:09:29:05 -0300] "POST /cormun/servlet/hlogin?6cae5050ff65efc34f9148ff76d8b61c,gx-no-cache=1520252925855 HTTP/1.1" 200 90
186.79.146.40 - - [05/Mar/2018:09:29:06 -0300] "GET /cormun/servlet/hpexe_link HTTP/1.1" 200 949
186.79.146.40 - - [05/Mar/2018:09:29:07 -0300] "GET /cormun/static/gxcfg.js?20177612121792 HTTP/1.1" 304 -
186.79.146.40 - - [05/Mar/2018:09:29:07 -0300] "GET /cormun/servlet/hhome HTTP/1.1" 200 4222
186.79.146.40 - - [05/Mar/2018:09:29:07 -0300] "GET /cormun/static/gxcfg.js?20175251212442 HTTP/1.1" 304 -
186.79.146.40 - - [05/Mar/2018:09:29:11 -0300] "GET /cormun/servlet/hhome HTTP/1.1" 200 4218
186.103.158.250 - - [05/Mar/2018:09:29:12 -0300] "POST /cormun/servlet/solicitudot?gx-no-cache=1520252903120 HTTP/1.1" 200 30
186.103.158.250 - - [05/Mar/2018:09:29:18 -0300] "POST /cormun/servlet/solicitudot?gx-no-cache=1520252908524 HTTP/1.1" 200 1336
186.103.158.250 - - [05/Mar/2018:09:29:18 -0300] "POST /cormun/servlet/solicitudot?gx-no-cache=1520252909139 HTTP/1.1" 200 38
186.103.157.246 - - [05/Mar/2018:09:29:22 -0300] "POST /cormun/servlet/solicitudot?af75baf3a6b79b4ecf0c60d6f47704c6,INS,0,0,,gx-no-cache=1520252910752 HTTP/1.1" 200 93
186.103.157.246 - - [05/Mar/2018:09:29:22 -0300] "GET /cormun/servlet/hpexe_return? HTTP/1.1" 200 1011
186.103.157.246 - - [05/Mar/2018:09:29:23 -0300] "GET /cormun/servlet/trsolicitudot?gx-no-cache=1520252525264 HTTP/1.1" 200 8451
200.120.230.197 - - [05/Mar/2018:09:29:39 -0300] "GET /cormun/servlet/trlicencias? HTTP/1.1" 200 10111
186.79.146.40 - - [05/Mar/2018:09:29:39 -0300] "GET /cormun/static/gxcfg.js?20176272054169 HTTP/1.1" 304 -
186.79.146.40 - - [05/Mar/2018:09:29:39 -0300] "GET /cormun/static/calendar-es.js?85251 HTTP/1.1" 304 -
200.120.230.197 - - [05/Mar/2018:09:29:41 -0300] "GET /cormun/static/calendar.js?85251 HTTP/1.1" 304 -
200.120.230.197 - - [05/Mar/2018:09:29:41 -0300] "GET /cormun/static/gxdec.js?85251 HTTP/1.1" 304 -
186.79.146.40 - - [05/Mar/2018:09:29:42 -0300] "GET /cormun/static/calendar-setup.js?85251 HTTP/1.1" 304 -
186.79.146.40 - - [05/Mar/2018:09:29:44 -0300] "GET /cormun/servlet/trlicencias? HTTP/1.1" 200 10108
186.103.156.24 - - [05/Mar/2018:09:30:07 -0300] "GET /cormun/servlet/hlogin HTTP/1.1" 200 1717
186.103.156.24 - - [05/Mar/2018:09:30:08 -0300] "GET /cormun/static/gxtimezone.js?85251 HTTP/1.1" 304 -
186.103.156.24 - - [05/Mar/2018:09:30:08 -0300] "GET /cormun/static/gxcfg.js?20175251213516 HTTP/1.1" 304 -
186.103.156.24 - - [05/Mar/2018:09:30:08 -0300] "GET /cormun/static/messages.spa.js?85251 HTTP/1.1" 304 -
186.103.156.24 - - [05/Mar/2018:09:30:09 -0300] "GET /cormun/servlet/hlogin HTTP/1.1" 200 1728
186.103.156.24 - - [05/Mar/2018:09:30:27 -0300] "POST /cormun/servlet/hlogin?a5803f438ac9516166d6ff6345b28171,gx-no-cache=1520252973158 HTTP/1.1" 200 90
186.103.156.24 - - [05/Mar/2018:09:30:27 -0300] "GET /cormun/servlet/hpexe_link HTTP/1.1" 200 947
186.103.156.24 - - [05/Mar/2018:09:30:27 -0300] "GET /cormun/static/gxcfg.js?20177612121792 HTTP/1.1" 304 -
186.103.156.24 - - [05/Mar/2018:09:30:29 -0300] "GET /cormun/servlet/hhome HTTP/1.1" 200 4216
186.103.156.24 - - [05/Mar/2018:09:30:32 -0300] "GET /cormun/static/gxcfg.js?20175251212442 HTTP/1.1" 304 -
186.103.156.24 - - [05/Mar/2018:09:30:36 -0300] "GET /cormun/servlet/hhome HTTP/1.1" 200 4212
186.103.156.24 - - [05/Mar/2018:09:30:40 -0300] "GET /cormun/servlet/trcontratosolicitud? HTTP/1.1" 200 13152
186.103.156.24 - - [05/Mar/2018:09:30:40 -0300] "GET /cormun/static/gxcfg.js?20177612214014 HTTP/1.1" 304 -
186.103.156.24 - - [05/Mar/2018:09:30:40 -0300] "GET /cormun/static/calendar.js?85251 HTTP/1.1" 304 -
186.103.156.24 - - [05/Mar/2018:09:30:41 -0300] "GET /cormun/static/calendar-setup.js?85251 HTTP/1.1" 304 -
186.103.156.24 - - [05/Mar/2018:09:30:41 -0300] "GET /cormun/static/calendar-es.js?85251 HTTP/1.1" 304 -
186.103.156.24 - - [05/Mar/2018:09:30:42 -0300] "GET /cormun/static/gxdec.js?85251 HTTP/1.1" 304 -
186.103.156.24 - - [05/Mar/2018:09:30:43 -0300] "GET /cormun/servlet/trcontratosolicitud? HTTP/1.1" 200 13146
186.103.157.246 - - [05/Mar/2018:09:30:50 -0300] "GET /cormun/servlet/solicitudot?INS,0,0, HTTP/1.1" 200 13348
186.103.156.24 - - [05/Mar/2018:09:30:54 -0300] "GET /cormun/servlet/trvisualizadoreventos? HTTP/1.1" 200 6971
186.103.156.24 - - [05/Mar/2018:09:30:54 -0300] "GET /cormun/static/gxcfg.js?20175251251426 HTTP/1.1" 200 953
186.103.156.24 - - [05/Mar/2018:09:30:55 -0300] "GET /cormun/static/Resources/PXToolsActionPrint.png HTTP/1.1" 200 3317
186.103.156.24 - - [05/Mar/2018:09:30:55 -0300] "GET /cormun/static/trvisualizadoreventos.js?20175251251768 HTTP/1.1" 200 19318
186.103.156.24 - - [05/Mar/2018:09:30:56 -0300] "GET /cormun/servlet/trvisualizadoreventos? HTTP/1.1" 200 6970
186.103.157.246 - - [05/Mar/2018:09:31:06 -0300] "POST /cormun/servlet/solicitudot?gx-no-cache=1520253016656 HTTP/1.1" 200 3414
186.103.156.24 - - [05/Mar/2018:09:31:08 -0300] "POST /cormun/servlet/trvisualizadoreventos?a5803f438ac9516166d6ff6345b28171,,gx-no-cache=1520253011264 HTTP/1.1" 200 111
186.103.157.246 - - [05/Mar/2018:09:31:08 -0300] "POST /cormun/servlet/solicitudot?af75baf3a6b79b4ecf0c60d6f47704c6,INS,0,0,,gx-no-cache=1520253018646 HTTP/1.1" 200 10376
186.103.156.24 - - [05/Mar/2018:09:31:09 -0300] "GET /cormun/VisualizadorEventos-6269.xls HTTP/1.1" 200 4096
186.103.156.24 - - [05/Mar/2018:09:31:12 -0300] "GET /cormun/servlet/trsolicitudot? HTTP/1.1" 200 7428
186.103.156.24 - - [05/Mar/2018:09:31:12 -0300] "GET /cormun/static/gxcfg.js?2017111422585916 HTTP/1.1" 304 -
186.103.156.24 - - [05/Mar/2018:09:31:13 -0300] "GET /cormun/servlet/trsolicitudot? HTTP/1.1" 200 7427
186.103.157.246 - - [05/Mar/2018:09:31:32 -0300] "POST /cormun/servlet/solicitudot?gx-no-cache=1520253043580 HTTP/1.1" 200 3414
186.103.157.246 - - [05/Mar/2018:09:31:34 -0300] "POST /cormun/servlet/solicitudot?af75baf3a6b79b4ecf0c60d6f47704c6,INS,0,0,,gx-no-cache=1520253044659 HTTP/1.1" 200 10428
192.168.10.89 - - [05/Mar/2018:09:31:35 -0300] "POST /cormun/servlet/trsolicitudgral?82a5d372e7df397d62e7f4de7527a758,,gx-no-cache=1520252934534 HTTP/1.1" 200 8231
186.103.157.246 - - [05/Mar/2018:09:31:35 -0300] "GET /cormun/servlet/solicitudot?3d834c0e6a7b562014dbb3ba4dfb149956f8633d008291e1d8ac77c7d5baa1012c05b6051098088e2d891f39ef7867d0,gx-no-cache=1520253045990 HTTP/1.1" 200 30
186.103.157.246 - - [05/Mar/2018:09:31:40 -0300] "GET /cormun/servlet/solicitudot?3d834c0e6a7b562014dbb3ba4dfb1499941ead59e1bb566a98fbfa87fbcf39ff7af60f6b3787b84074185b4c87e70f3dcf7fc7e3729ae5fbb805f729459ba534,gx-no-cache=1520253050050 HTTP/1.1" 200 30
186.103.157.246 - - [05/Mar/2018:09:31:40 -0300] "GET /cormun/servlet/solicitudot?3d834c0e6a7b562014dbb3ba4dfb14993bb82e4f6ad9f65697227495ed5aceef,gx-no-cache=1520253052355 HTTP/1.1" 200 53
186.103.157.246 - - [05/Mar/2018:09:31:41 -0300] "POST /cormun/servlet/solicitudot?gx-no-cache=1520253052522 HTTP/1.1" 200 240
186.103.157.246 - - [05/Mar/2018:09:31:41 -0300] "GET /cormun/servlet/solicitudot?3d834c0e6a7b562014dbb3ba4dfb1499ec41ad7476e3833db7ece41a063163d02885f24978c08ce3aed91ba0fd888039df43648519c40d3097c6ce06c6b1fe64bac1ebfd4b43026fe6bb4ce550b4ace99c368855be5fad736346192ad194e8433bb3c774eb9a1949cfc858ad1722c4af25bc2cc12066e03b99664d04375f99a4d9f7c42b3551cbc774c8f756eed9a51210300afa24fa1ace7a44292bdc711a2ceabc6af52181733ca7a96b65f8e30cf24290356d4d38fc98e8127dab96b34b26d2356f59c3f106f337de1574d89d88d25c2903b3d7fa8881c6ab9c33487c0bfa32b3946a7efde6b2b334a3fa93b6d26a3410758742024875c94f83ac88d1b8f31c75c20df940b1f5db39f71f0f64ba941be04e94c7d01dfeae7b0c3a198f30b93348cded5bdf9821140fe7c05acab186f50a41097a30df76370701ea05791a3b4117ea64b103b33149ba9aaa3893ed61c1acac49039465ade9a24954cf4c2d31553ae9ad2c6f22b25c170e81edd2daf48addd34bb6774cc19dbf9c90f037ec2e,gx-no-cache=1520253052795 HTTP/1.1" 200 30
192.168.10.89 - - [05/Mar/2018:09:31:42 -0300] "GET /cormun/servlet/vesolicitudgral?2018,9760,, HTTP/1.1" 200 9575
192.168.10.89 - - [05/Mar/2018:09:31:42 -0300] "GET /cormun/pexe_scrolldiv.js HTTP/1.1" 404 1009
192.168.10.89 - - [05/Mar/2018:09:31:44 -0300] "GET /cormun/servlet/vesolicitudgral?2018,9760,,SolicitudOTAdjuntos HTTP/1.1" 200 11458
192.168.10.89 - - [05/Mar/2018:09:31:44 -0300] "GET /cormun/pexe_scrolldiv.js HTTP/1.1" 404 1009
192.168.10.89 - - [05/Mar/2018:09:31:45 -0300] "POST /cormun/servlet/acontrolpreferencessavestate?None,CDROGUETT,true HTTP/1.1" 200 35
192.168.10.89 - - [05/Mar/2018:09:31:46 -0300] "GET /cormun/PublicTempStorage/cedula9537373.pdf HTTP/1.1" 200 21164
186.103.157.246 - - [05/Mar/2018:09:31:54 -0300] "POST /cormun/servlet/solicitudot?gx-no-cache=1520253065791 HTTP/1.1" 200 30
186.103.157.246 - - [05/Mar/2018:09:31:58 -0300] "GET /cormun/servlet/prfichaempleado?,MD,,gxPopupLevel%3D0%3B HTTP/1.1" 200 9191
192.168.10.89 - - [05/Mar/2018:09:32:07 -0300] "GET /cormun/servlet/vesolicitudgral?2018,9760,,SolicitudOTAdjuntos HTTP/1.1" 200 11458
192.168.10.89 - - [05/Mar/2018:09:32:07 -0300] "GET /cormun/pexe_scrolldiv.js HTTP/1.1" 404 1009
192.168.10.89 - - [05/Mar/2018:09:32:09 -0300] "POST /cormun/servlet/acontrolpreferencessavestate?None,CDROGUETT,true HTTP/1.1" 200 35
192.168.10.89 - - [05/Mar/2018:09:32:09 -0300] "GET /cormun/PublicTempStorage/cotizaciones2501751.pdf HTTP/1.1" 200 75449
186.103.157.246 - - [05/Mar/2018:09:32:12 -0300] "POST /cormun/servlet/prfichaempleado?af75baf3a6b79b4ecf0c60d6f47704c6,,MD,,gxPopupLevel%3D0%3B,gx-no-cache=1520253081719 HTTP/1.1" 200 3380
186.103.157.246 - - [05/Mar/2018:09:32:14 -0300] "GET /cormun/servlet/solicitudot?8efc6160ebf46dde6cad02bcfaef2b04fb3f4e6a1308bb7df6bf8c217e582271,gx-no-cache=1520253085633 HTTP/1.1" 200 20
186.103.157.246 - - [05/Mar/2018:09:32:14 -0300] "POST /cormun/servlet/solicitudot?gx-no-cache=1520253085835 HTTP/1.1" 200 240
186.103.157.246 - - [05/Mar/2018:09:32:14 -0300] "GET /cormun/servlet/solicitudot?3d834c0e6a7b562014dbb3ba4dfb1499ec41ad7476e3833db7ece41a063163d02885f24978c08ce3aed91ba0fd888039df43648519c40d3097c6ce06c6b1fe64bac1ebfd4b43026fe6bb4ce550b4ace99c368855be5fad736346192ad194e8433bb3c774eb9a1949cfc858ad1722c4af25bc2cc12066e03b99664d04375f99a4d9f7c42b3551cbc774c8f756eed9a51210300afa24fa1ace7a44292bdc711a2ceabc6af52181733ca7a96b65f8e30cf24290356d4d38fc98e8127dab96b34b26d2356f59c3f106f337de1574d89d88d25c2903b3d7fa8881c6ab9c33487c0bfa32b3946a7efde6b2b334a3fa93b6d26a3410758742024875c94f83ac88d1b8f31c75c20df940b1f5db39f71f0f64ba941be04e94c7d01dfeae7b0c3a198f30b93348cded5bdf9821140fe7c05acab186f50a41097a30df76370701ea05791a3b4117ea64b103b33149ba9aaa3893ed61c1acac49039465ade9a24954cf4c2d31553ae9ad2c6f22b25c170e81edd2daf4b53c924b7d26733e3c6d9f157136dc98,gx-no-cache=1520253086038 HTTP/1.1" 200 30
186.103.157.246 - - [05/Mar/2018:09:32:15 -0300] "POST /cormun/servlet/solicitudot?gx-no-cache=1520253086499 HTTP/1.1" 200 30
192.168.10.89 - - [05/Mar/2018:09:32:17 -0300] "GET /cormun/servlet/vesolicitudgral?2018,9760,,SolicitudOTAdjuntos HTTP/1.1" 200 11458
192.168.10.89 - - [05/Mar/2018:09:32:17 -0300] "GET /cormun/pexe_scrolldiv.js HTTP/1.1" 404 1009
192.168.10.89 - - [05/Mar/2018:09:32:19 -0300] "POST /cormun/servlet/acontrolpreferencessavestate?None,CDROGUETT,true HTTP/1.1" 200 35
192.168.10.89 - - [05/Mar/2018:09:32:19 -0300] "GET /cormun/PublicTempStorage/cert_foonasa2979612.pdf HTTP/1.1" 200 631291
186.103.157.246 - - [05/Mar/2018:09:32:22 -0300] "POST /cormun/servlet/solicitudot?gx-no-cache=1520253093935 HTTP/1.1" 200 1337
186.103.157.246 - - [05/Mar/2018:09:32:23 -0300] "GET /cormun/static/menuarrow.gif HTTP/1.1" 404 1015
186.103.157.246 - - [05/Mar/2018:09:32:28 -0300] "GET /cormun/servlet/prlicenciaspermisos?15105682,L,,MD,,gxPopupLevel%3D0%3B HTTP/1.1" 200 6488
192.168.10.89 - - [05/Mar/2018:09:32:28 -0300] "GET /cormun/servlet/vesolicitudgral?2018,9760,,SolicitudOTAdjuntos HTTP/1.1" 200 11460
192.168.10.89 - - [05/Mar/2018:09:32:28 -0300] "GET /cormun/pexe_scrolldiv.js HTTP/1.1" 404 1009
200.120.230.197 - - [05/Mar/2018:09:32:29 -0300] "GET /cormun/servlet/trvisualizadoreventos? HTTP/1.1" 200 6976
200.120.230.197 - - [05/Mar/2018:09:32:29 -0300] "GET /cormun/static/Resources/PXToolsActionPrint.png HTTP/1.1" 200 3317
200.120.230.197 - - [05/Mar/2018:09:32:29 -0300] "GET /cormun/static/gxcfg.js?20175251251426 HTTP/1.1" 200 953
200.120.230.197 - - [05/Mar/2018:09:32:29 -0300] "GET /cormun/static/trvisualizadoreventos.js?20175251251768 HTTP/1.1" 200 19318
192.168.10.89 - - [05/Mar/2018:09:32:29 -0300] "POST /cormun/servlet/acontrolpreferencessavestate?None,CDROGUETT,true HTTP/1.1" 200 35
200.120.230.197 - - [05/Mar/2018:09:32:30 -0300] "GET /cormun/servlet/trvisualizadoreventos? HTTP/1.1" 200 6976
192.168.10.89 - - [05/Mar/2018:09:32:31 -0300] "GET /cormun/PublicTempStorage/antecedentes6315853.pdf HTTP/1.1" 200 30886
186.103.157.246 - - [05/Mar/2018:09:32:31 -0300] "GET /cormun/servlet/solicitudot?8efc6160ebf46dde6cad02bcfaef2b04fb3f4e6a1308bb7df6bf8c217e582271,gx-no-cache=1520253103506 HTTP/1.1" 200 20
192.168.10.89 - - [05/Mar/2018:09:32:36 -0300] "GET /cormun/servlet/vesolicitudgral?2018,9760,,SolicitudOTAdjuntos HTTP/1.1" 200 11461
192.168.10.89 - - [05/Mar/2018:09:32:36 -0300] "GET /cormun/pexe_scrolldiv.js HTTP/1.1" 404 1009
192.168.10.89 - - [05/Mar/2018:09:32:38 -0300] "POST /cormun/servlet/acontrolpreferencessavestate?None,CDROGUETT,true HTTP/1.1" 200 35
192.168.10.89 - - [05/Mar/2018:09:32:38 -0300] "GET /cormun/PublicTempStorage/curriculum_vitae_20185832418.pdf HTTP/1.1" 200 189594
186.103.157.246 - - [05/Mar/2018:09:32:38 -0300] "POST /cormun/servlet/solicitudot?gx-no-cache=1520253110467 HTTP/1.1" 200 41
200.120.230.197 - - [05/Mar/2018:09:32:42 -0300] "GET /cormun/static/menuarrow.gif HTTP/1.1" 404 1015
192.168.10.89 - - [05/Mar/2018:09:32:45 -0300] "GET /cormun/servlet/vesolicitudgral?2018,9760,,SolicitudOTAdjuntos HTTP/1.1" 200 11463
192.168.10.89 - - [05/Mar/2018:09:32:45 -0300] "GET /cormun/pexe_scrolldiv.js HTTP/1.1" 404 1009
192.168.10.89 - - [05/Mar/2018:09:32:46 -0300] "POST /cormun/servlet/acontrolpreferencessavestate?None,CDROGUETT,true HTTP/1.1" 200 35
192.168.10.89 - - [05/Mar/2018:09:32:47 -0300] "GET /cormun/PublicTempStorage/titulo2601701.pdf HTTP/1.1" 200 36124
200.120.230.197 - - [05/Mar/2018:09:32:50 -0300] "POST /cormun/servlet/trvisualizadoreventos?6cae5050ff65efc34f9148ff76d8b61c,,gx-no-cache=1520253151058 HTTP/1.1" 200 4130
186.103.157.246 - - [05/Mar/2018:09:32:53 -0300] "GET /cormun/servlet/solicitudot?3d834c0e6a7b562014dbb3ba4dfb149946de181d25e2f2f0bd66ec24e97675f16cd7d1c782901fd858958d4c8e6f3b9cf5a3a6f160aa8f680deac393ed7db9095d5776401aa0a378c5f09d482c31028a9b2130897bc42fca40504a54e8e928544be6340093cd10e393406844f3333792ee7103774e9976badef16851245d192457bad13e7c5af24af214f8d57ed20c5a4ad745f862430d492de4f562e3a4c5fe,gx-no-cache=1520253124812 HTTP/1.1" 200 29
186.103.157.246 - - [05/Mar/2018:09:32:54 -0300] "POST /cormun/servlet/solicitudot?gx-no-cache=1520253125332 HTTP/1.1" 200 1318
186.103.157.246 - - [05/Mar/2018:09:32:54 -0300] "POST /cormun/servlet/solicitudot?gx-no-cache=1520253125712 HTTP/1.1" 200 1219
192.168.10.89 - - [05/Mar/2018:09:32:57 -0300] "GET /cormun/servlet/vesolicitudgral?2018,9760,,SolicitudOTAdjuntos HTTP/1.1" 200 11461
192.168.10.89 - - [05/Mar/2018:09:32:57 -0300] "GET /cormun/pexe_scrolldiv.js HTTP/1.1" 404 1009
186.103.157.246 - - [05/Mar/2018:09:32:57 -0300] "POST /cormun/servlet/solicitudot?gx-no-cache=1520253128333 HTTP/1.1" 200 1318
186.103.157.246 - - [05/Mar/2018:09:32:57 -0300] "POST /cormun/servlet/solicitudot?gx-no-cache=1520253128972 HTTP/1.1" 200 1219
192.168.10.89 - - [05/Mar/2018:09:32:58 -0300] "POST /cormun/servlet/acontrolpreferencessavestate?None,CDROGUETT,true HTTP/1.1" 200 35
186.103.157.246 - - [05/Mar/2018:09:33:00 -0300] "GET /cormun/servlet/solicitudot?3d834c0e6a7b562014dbb3ba4dfb14999a9db8754636da657c783d3ee261d419990081fb138054fff9270aeab0baca63,gx-no-cache=1520253131916 HTTP/1.1" 200 30
186.103.157.246 - - [05/Mar/2018:09:33:00 -0300] "POST /cormun/servlet/solicitudot?gx-no-cache=1520253132388 HTTP/1.1" 200 34
200.72.197.82 - - [05/Mar/2018:09:33:05 -0300] "GET /cormun/servlet/hlogin HTTP/1.1" 200 1718
200.120.230.197 - - [05/Mar/2018:09:33:08 -0300] "GET /cormun/servlet/trcontratosolicitud? HTTP/1.1" 200 14822
200.120.230.197 - - [05/Mar/2018:09:33:09 -0300] "GET /cormun/static/gxcfg.js?20177612214014 HTTP/1.1" 304 -
200.120.230.197 - - [05/Mar/2018:09:33:10 -0300] "GET /cormun/servlet/trcontratosolicitud? HTTP/1.1" 200 14826
186.103.157.246 - - [05/Mar/2018:09:33:16 -0300] "POST /cormun/servlet/solicitudot?af75baf3a6b79b4ecf0c60d6f47704c6,INS,0,0,,gx-no-cache=1520253146673 HTTP/1.1" 200 93
186.103.157.246 - - [05/Mar/2018:09:33:16 -0300] "GET /cormun/servlet/hpexe_return? HTTP/1.1" 200 1011
186.103.157.246 - - [05/Mar/2018:09:33:17 -0300] "GET /cormun/servlet/trsolicitudot?gx-no-cache=1520252525264 HTTP/1.1" 200 9015
200.120.230.197 - - [05/Mar/2018:09:33:23 -0300] "GET /cormun/servlet/trvisualizadoreventos? HTTP/1.1" 200 6979
200.120.230.197 - - [05/Mar/2018:09:33:25 -0300] "GET /cormun/servlet/trvisualizadoreventos? HTTP/1.1" 200 6979
200.72.197.82 - - [05/Mar/2018:09:33:25 -0300] "POST /cormun/servlet/hlogin?99fc94f863d0c65053f203695ec6d88d,gx-no-cache=1520253156796 HTTP/1.1" 200 90
200.72.197.82 - - [05/Mar/2018:09:33:25 -0300] "GET /cormun/servlet/hpexe_link HTTP/1.1" 200 961
200.72.197.82 - - [05/Mar/2018:09:33:26 -0300] "GET /cormun/servlet/trautorizarsolicitud HTTP/1.1" 200 7312
200.72.197.82 - - [05/Mar/2018:09:33:27 -0300] "GET /cormun/servlet/trautorizarsolicitud HTTP/1.1" 200 7311
186.103.157.246 - - [05/Mar/2018:09:33:28 -0300] "POST /cormun/servlet/trsolicitudot?af75baf3a6b79b4ecf0c60d6f47704c6,gx-no-cache=1520252525264,gx-no-cache=1520253159942 HTTP/1.1" 200 106
186.103.157.246 - - [05/Mar/2018:09:33:28 -0300] "GET /cormun/servlet/trsolicitudadjuntos?2018,9977, HTTP/1.1" 200 5990
186.103.156.24 - - [05/Mar/2018:09:33:33 -0300] "POST /cormun/servlet/trsolicitudot?a5803f438ac9516166d6ff6345b28171,,gx-no-cache=1520253164225 HTTP/1.1" 200 4507
186.103.157.246 - - [05/Mar/2018:09:33:34 -0300] "GET /cormun/servlet/solicitudotadjuntos?INS,2018,9977,,1, HTTP/1.1" 200 5917
186.103.157.246 - - [05/Mar/2018:09:33:34 -0300] "GET /cormun/static/about:blank HTTP/1.1" 404 1011
186.103.157.246 - - [05/Mar/2018:09:33:34 -0300] "GET /cormun/static/about:blank HTTP/1.1" 404 1011
186.103.157.246 - - [05/Mar/2018:09:33:35 -0300] "GET /cormun/servlet/solicitudotadjuntos?3d834c0e6a7b562014dbb3ba4dfb149901dbcfc8ea5828e54c04c30652387900d4ba03bc39c231a9fb4d18219abff251,gx-no-cache=1520253166947 HTTP/1.1" 200 30
186.103.157.246 - - [05/Mar/2018:09:33:36 -0300] "POST /cormun/servlet/solicitudotadjuntos?af75baf3a6b79b4ecf0c60d6f47704c6,INS,2018,9977,,1,,gx-no-cache=1520253167336 HTTP/1.1" 200 3814
186.103.156.24 - - [05/Mar/2018:09:33:36 -0300] "POST /cormun/servlet/trsolicitudot?a5803f438ac9516166d6ff6345b28171,,gx-no-cache=1520253166414 HTTP/1.1" 200 4506
186.103.157.246 - - [05/Mar/2018:09:33:38 -0300] "POST /cormun/servlet/solicitudotadjuntos?gx-no-cache=1520253170359 HTTP/1.1" 200 26
186.103.156.24 - - [05/Mar/2018:09:33:40 -0300] "GET /cormun/servlet/solicitudot?INS,0,0, HTTP/1.1" 200 13670
186.103.156.24 - - [05/Mar/2018:09:33:40 -0300] "GET /cormun/static/gxcfg.js?201812313224582 HTTP/1.1" 304 -
186.103.156.24 - - [05/Mar/2018:09:33:42 -0300] "GET /cormun/servlet/solicitudot?INS,0,0, HTTP/1.1" 200 13675
186.103.157.246 - - [05/Mar/2018:09:33:50 -0300] "GET /cormun/servlet/trsolicitudot? HTTP/1.1" 200 9022
186.103.157.246 - - [05/Mar/2018:09:33:56 -0300] "POST /cormun/servlet/trsolicitudot?af75baf3a6b79b4ecf0c60d6f47704c6,,gx-no-cache=1520253187311 HTTP/1.1" 200 107
186.103.157.246 - - [05/Mar/2018:09:33:56 -0300] "GET /cormun/servlet/trsolicitudadjuntos?2018,9976, HTTP/1.1" 200 5971
186.103.156.24 - - [05/Mar/2018:09:33:58 -0300] "POST /cormun/servlet/solicitudot?gx-no-cache=1520253188461 HTTP/1.1" 200 3482
186.103.156.24 - - [05/Mar/2018:09:33:58 -0300] "GET /cormun/static/Shared/jqueryui/images/ui-bg_highlight-soft_100_c6c2c8_1x100.png HTTP/1.1" 404 1117
186.103.156.24 - - [05/Mar/2018:09:33:58 -0300] "GET /cormun/static/Shared/jqueryui/images/ui-icons_82798d_256x240.png HTTP/1.1" 404 1089
186.103.156.24 - - [05/Mar/2018:09:33:58 -0300] "GET /cormun/static/Shared/jqueryui/images/ui-icons_ebccce_256x240.png HTTP/1.1" 404 1089
186.103.156.24 - - [05/Mar/2018:09:33:58 -0300] "GET /cormun/static/Shared/jqueryui/images/ui-bg_flat_55_994d53_40x100.png HTTP/1.1" 404 1097
186.103.157.246 - - [05/Mar/2018:09:34:00 -0300] "GET /cormun/servlet/solicitudotadjuntos?INS,2018,9976,,1, HTTP/1.1" 200 5916
186.103.157.246 - - [05/Mar/2018:09:34:01 -0300] "GET /cormun/static/about:blank HTTP/1.1" 404 1011
186.103.157.246 - - [05/Mar/2018:09:34:01 -0300] "GET /cormun/static/about:blank HTTP/1.1" 404 1011
186.103.157.246 - - [05/Mar/2018:09:34:02 -0300] "GET /cormun/servlet/solicitudotadjuntos?3d834c0e6a7b562014dbb3ba4dfb14993bdd029e17e3e591ec77ed276f5fbf41d4ba03bc39c231a9fb4d18219abff251,gx-no-cache=1520253193819 HTTP/1.1" 200 30
186.103.161.206 - - [05/Mar/2018:09:34:03 -0300] "GET /cormun/servlet/trsolicitudot? HTTP/1.1" 200 7408
186.103.157.246 - - [05/Mar/2018:09:34:03 -0300] "POST /cormun/servlet/solicitudotadjuntos?af75baf3a6b79b4ecf0c60d6f47704c6,INS,2018,9976,,1,,gx-no-cache=1520253194199 HTTP/1.1" 200 3813
186.103.161.206 - - [05/Mar/2018:09:34:04 -0300] "GET /cormun/servlet/trsolicitudot? HTTP/1.1" 200 7407
186.103.157.246 - - [05/Mar/2018:09:34:05 -0300] "POST /cormun/servlet/solicitudotadjuntos?gx-no-cache=1520253197294 HTTP/1.1" 200 26
186.67.203.186 - - [05/Mar/2018:09:34:09 -0300] "GET /cormun/servlet/solicitudot?INS,0,0, HTTP/1.1" 200 13647
186.67.203.186 - - [05/Mar/2018:09:34:10 -0300] "GET /cormun/servlet/solicitudot?INS,0,0, HTTP/1.1" 200 13652
186.103.157.246 - - [05/Mar/2018:09:34:12 -0300] "GET /cormun/servlet/solicitudotadjuntos?3d834c0e6a7b562014dbb3ba4dfb149940022ffcab17cc82f6959a78732f8bfa,gx-no-cache=1520253203589 HTTP/1.1" 200 30
186.103.156.24 - - [05/Mar/2018:09:34:13 -0300] "GET /cormun/servlet/solicitudot?29ae7ce4f45a305d1ea2b4244d760e65a14ba656865e3a5cedc65790d16d539b2e0f997bbad51afcec8dc296219b15e3,gx-no-cache=1520253204553 HTTP/1.1" 200 111
192.168.10.89 - - [05/Mar/2018:09:34:17 -0300] "POST /cormun/servlet/vesolicitudgral?82a5d372e7df397d62e7f4de7527a758,2018,9760,,SolicitudOTAdjuntos,gx-no-cache=1520253097468 HTTP/1.1" 200 90
192.168.10.89 - - [05/Mar/2018:09:34:17 -0300] "GET /cormun/servlet/hpexe_link HTTP/1.1" 200 980
192.168.10.89 - - [05/Mar/2018:09:34:18 -0300] "GET /cormun/servlet/trsolicitudgral? HTTP/1.1" 200 11720
186.103.157.246 - - [05/Mar/2018:09:34:19 -0300] "GET /cormun/servlet/solicitudotadjuntos?3d834c0e6a7b562014dbb3ba4dfb149940022ffcab17cc82f6959a78732f8bfa,gx-no-cache=1520253204568 HTTP/1.1" 200 30
186.103.159.189 - - [05/Mar/2018:09:34:30 -0300] "GET /cormun/servlet/hlogin HTTP/1.1" 200 1719
186.103.159.189 - - [05/Mar/2018:09:34:30 -0300] "GET /cormun/static/gxtimezone.js?85251 HTTP/1.1" 200 5781
186.103.159.189 - - [05/Mar/2018:09:34:30 -0300] "GET /cormun/static/Resources/Spanish/PXTools.css?11423723 HTTP/1.1" 200 89042
186.103.159.189 - - [05/Mar/2018:09:34:31 -0300] "GET /cormun/static/gxgral.js?85251 HTTP/1.1" 200 384558
186.103.159.189 - - [05/Mar/2018:09:34:31 -0300] "GET /cormun/static/gxcfg.js?20175251213516 HTTP/1.1" 200 953
186.103.159.189 - - [05/Mar/2018:09:34:31 -0300] "GET /cormun/static/messages.spa.js?85251 HTTP/1.1" 200 30736
186.103.159.189 - - [05/Mar/2018:09:34:31 -0300] "GET /cormun/static/hlogin.js?20175251213537 HTTP/1.1" 200 2136
186.103.159.189 - - [05/Mar/2018:09:34:31 -0300] "GET /cormun/static/Resources/ComunLogin.png HTTP/1.1" 200 17326
186.103.159.189 - - [05/Mar/2018:09:34:31 -0300] "GET /cormun/static/Resources/PXToolsLoginTop.png HTTP/1.1" 200 1337
186.103.159.189 - - [05/Mar/2018:09:34:31 -0300] "GET /cormun/static/Resources/PXToolsButtonLeft21.png HTTP/1.1" 200 1287
186.103.159.189 - - [05/Mar/2018:09:34:31 -0300] "GET /cormun/static/Resources/PXToolsButtonRight21.png HTTP/1.1" 200 1283
186.103.159.189 - - [05/Mar/2018:09:34:31 -0300] "GET /cormun/static/Resources/PXToolsButtonBackground2.png HTTP/1.1" 200 1181
186.103.159.189 - - [05/Mar/2018:09:34:31 -0300] "GET /cormun/static/Resources/PXToolsLoginBottom.png HTTP/1.1" 200 1389
186.103.159.189 - - [05/Mar/2018:09:34:31 -0300] "GET /cormun/static/Resources/indicator.gif HTTP/1.1" 200 1553
186.103.159.189 - - [05/Mar/2018:09:34:31 -0300] "GET /cormun/servlet/hlogin HTTP/1.1" 200 1728
186.103.159.189 - - [05/Mar/2018:09:34:31 -0300] "GET /cormun/static/Resources/PXToolsLoginBackground.png HTTP/1.1" 200 1164
186.103.159.189 - - [05/Mar/2018:09:34:31 -0300] "GET /cormun/static/Resources/PXToolsLoginBackground.png HTTP/1.1" 200 1164
186.103.159.189 - - [05/Mar/2018:09:34:31 -0300] "GET /favicon.ico HTTP/1.1" 200 21630
186.103.156.24 - - [05/Mar/2018:09:34:33 -0300] "GET /cormun/servlet/solicitudot?29ae7ce4f45a305d1ea2b4244d760e65837009fc5b1c36cfcba66db60dd3a34bd945ac2f3099ac6dc7fdf0437480325d,gx-no-cache=1520253224023 HTTP/1.1" 200 30
190.151.100.218 - - [05/Mar/2018:09:34:41 -0300] "POST /cormun/servlet/solicitudot?gx-no-cache=1520253232672 HTTP/1.1" 200 3293
186.103.157.246 - - [05/Mar/2018:09:34:42 -0300] "POST /cormun/servlet/solicitudotadjuntos?af75baf3a6b79b4ecf0c60d6f47704c6,INS,2018,9976,,1, HTTP/1.1" 200 116
186.103.157.246 - - [05/Mar/2018:09:34:42 -0300] "GET /cormun/servlet/hpexe_return? HTTP/1.1" 200 1011
186.103.159.189 - - [05/Mar/2018:09:34:42 -0300] "POST /cormun/servlet/hlogin?b42f7a9dd88f880f7d97e1fbb3d8ad2e,gx-no-cache=1520253233924 HTTP/1.1" 200 90
186.103.157.246 - - [05/Mar/2018:09:34:42 -0300] "GET /cormun/servlet/trsolicitudadjuntos?2018,9976, HTTP/1.1" 200 8307
186.103.159.189 - - [05/Mar/2018:09:34:43 -0300] "GET /cormun/servlet/hpexe_link HTTP/1.1" 200 947
190.151.100.218 - - [05/Mar/2018:09:34:43 -0300] "POST /cormun/servlet/solicitudot?99fc94f863d0c65053f203695ec6d88d,INS,0,0,,gx-no-cache=1520253233231 HTTP/1.1" 200 10453
186.103.159.189 - - [05/Mar/2018:09:34:43 -0300] "GET /cormun/static/gxcfg.js?20177612121792 HTTP/1.1" 200 953
186.103.159.189 - - [05/Mar/2018:09:34:43 -0300] "GET /cormun/static/hpexe_link.js?20177612121795 HTTP/1.1" 200 625
186.103.159.189 - - [05/Mar/2018:09:34:43 -0300] "GET /cormun/static/Resources/Spanish/PXTools.css?1155365 HTTP/1.1" 200 89042
186.103.159.189 - - [05/Mar/2018:09:34:43 -0300] "GET /cormun/servlet/hhome HTTP/1.1" 200 3969
186.103.159.189 - - [05/Mar/2018:09:34:43 -0300] "GET /cormun/static/Shared/jqueryui/jquery-ui.min.css?1245370 HTTP/1.1" 200 30288
186.103.159.189 - - [05/Mar/2018:09:34:43 -0300] "GET /cormun/static/SmoothNavMenu/resources/ddsmoothmenu.css?1012540 HTTP/1.1" 200 2223
186.103.159.189 - - [05/Mar/2018:09:34:43 -0300] "GET /cormun/static/SmoothNavMenu/resources/ddsmoothmenu-v.css?1012540 HTTP/1.1" 200 1188
