190.151.99.26 - - [05/Mar/2018:11:38:09 -0300] "GET /cormun/static/gxcfg.js?2017111423403364 HTTP/1.1" 200 953
190.151.124.170 - - [05/Mar/2018:11:38:09 -0300] "GET /cormun/static/trautorizarsolicitud.js?201711142340425 HTTP/1.1" 200 53910
190.151.124.170 - - [05/Mar/2018:11:38:09 -0300] "GET /cormun/servlet/trautorizarsolicitud? HTTP/1.1" 200 8647
186.103.157.246 - - [05/Mar/2018:11:38:09 -0300] "POST /cormun/servlet/solicitudotadjuntos?gx-no-cache=1520260640992 HTTP/1.1" 200 26
186.103.157.246 - - [05/Mar/2018:11:38:16 -0300] "GET /cormun/servlet/solicitudotadjuntos?54688da65f058a42e1fb883132ee32cab05df6868b2fb471686a3dc0b8604c37,gx-no-cache=1520260647537 HTTP/1.1" 200 30
186.103.157.246 - - [05/Mar/2018:11:38:16 -0300] "GET /cormun/servlet/solicitudotadjuntos?54688da65f058a42e1fb883132ee32cab05df6868b2fb471686a3dc0b8604c37,gx-no-cache=1520260647572 HTTP/1.1" 200 30
186.103.157.246 - - [05/Mar/2018:11:38:20 -0300] "POST /cormun/servlet/solicitudotadjuntos?0f262e887f327b3a389747c928d2d91b,INS,2018,9994,,1, HTTP/1.1" 200 116
186.103.157.246 - - [05/Mar/2018:11:38:20 -0300] "GET /cormun/servlet/hpexe_return? HTTP/1.1" 200 1010
186.103.159.43 - - [05/Mar/2018:11:38:21 -0300] "POST /cormun/servlet/solicitudot?gx-no-cache=1520260652325 HTTP/1.1" 200 30
200.54.247.70 - - [05/Mar/2018:11:38:21 -0300] "POST /cormun/servlet/solicitudot?gx-no-cache=1520260647580 HTTP/1.1" 200 1336
200.54.247.70 - - [05/Mar/2018:11:38:21 -0300] "POST /cormun/servlet/solicitudot?gx-no-cache=1520260648255 HTTP/1.1" 200 38
186.103.157.246 - - [05/Mar/2018:11:38:21 -0300] "GET /cormun/servlet/trsolicitudadjuntos?2018,9994, HTTP/1.1" 200 8896
200.54.247.70 - - [05/Mar/2018:11:38:21 -0300] "GET /cormun/servlet/solicitudot?c07be72f6710573a25c009c8b2063a9edc531b53f595f45f1b45dd60f98d0d4a507305e07245612add31b8978a9d061c4540ed7d36e7849112b3f79f52eea2fcb9b41e5942516438044c78c7f04914246d16eef9521efbc3cf88cad6ece00367d064f745a0db36790049c57110aa2d2f,gx-no-cache=1520260648359 HTTP/1.1" 200 29
200.54.247.70 - - [05/Mar/2018:11:38:21 -0300] "POST /cormun/servlet/solicitudot?gx-no-cache=1520260648415 HTTP/1.1" 200 1318
200.54.247.70 - - [05/Mar/2018:11:38:21 -0300] "POST /cormun/servlet/solicitudot?gx-no-cache=1520260648481 HTTP/1.1" 200 1218
200.54.247.70 - - [05/Mar/2018:11:38:21 -0300] "GET /cormun/servlet/solicitudot?c07be72f6710573a25c009c8b2063a9eab24481830696519d6bcbc0e38a249d02f85e4344f93109b582ae8d33c9f98d6,gx-no-cache=1520260648552 HTTP/1.1" 200 30
186.103.196.84 - - [05/Mar/2018:11:38:40 -0300] "POST /cormun/servlet/trautorizarsolicitud?14fba5ddae8a2dbb271b3dff477454a0,,gx-no-cache=1520260700086 HTTP/1.1" 200 4619
186.103.196.84 - - [05/Mar/2018:11:38:40 -0300] "GET /cormun/static/Shared/jqueryui/images/ui-bg_highlight-soft_100_c6c2c8_1x100.png HTTP/1.1" 404 1117
190.151.124.170 - - [05/Mar/2018:11:38:40 -0300] "GET /cormun/static/Shared/jqueryui/images/ui-icons_8d78a5_256x240.png HTTP/1.1" 404 1089
186.103.196.84 - - [05/Mar/2018:11:38:40 -0300] "GET /cormun/static/Shared/jqueryui/images/ui-icons_82798d_256x240.png HTTP/1.1" 404 1089
190.151.124.170 - - [05/Mar/2018:11:38:41 -0300] "POST /cormun/servlet/trautorizarsolicitud?14fba5ddae8a2dbb271b3dff477454a0,,gx-no-cache=1520260700397 HTTP/1.1" 200 4391
186.103.196.90 - - [05/Mar/2018:11:38:41 -0300] "GET /cormun/static/Shared/jqueryui/images/ui-bg_flat_55_fafafa_40x100.png HTTP/1.1" 404 1097
200.54.247.70 - - [05/Mar/2018:11:38:42 -0300] "POST /cormun/servlet/solicitudot?gx-no-cache=1520260668801 HTTP/1.1" 200 1318
200.54.247.70 - - [05/Mar/2018:11:38:42 -0300] "POST /cormun/servlet/solicitudot?gx-no-cache=1520260668925 HTTP/1.1" 200 1218
200.54.247.70 - - [05/Mar/2018:11:38:42 -0300] "POST /cormun/servlet/solicitudot?gx-no-cache=1520260668969 HTTP/1.1" 200 33
200.54.247.70 - - [05/Mar/2018:11:38:42 -0300] "POST /cormun/servlet/solicitudot?a95927bee6bd4dfc4b4f602a65422e1f,INS,0,0,,gx-no-cache=1520260669030 HTTP/1.1" 200 93
200.54.247.70 - - [05/Mar/2018:11:38:42 -0300] "GET /cormun/servlet/hpexe_return? HTTP/1.1" 200 1003
200.54.247.70 - - [05/Mar/2018:11:38:42 -0300] "GET /cormun/static/gxcfg.js?2016101716175148 HTTP/1.1" 304 -
200.54.247.70 - - [05/Mar/2018:11:38:42 -0300] "GET /cormun/servlet/trsolicitudot HTTP/1.1" 200 10610
192.168.10.56 - - [05/Mar/2018:11:38:43 -0300] "POST /cormun/servlet/trsolicitudgral?c967522d3182b5c31d5a761c445aa71a,,gx-no-cache=1520260563178 HTTP/1.1" 200 11669
186.67.203.186 - - [05/Mar/2018:11:38:46 -0300] "GET /cormun/servlet/trautorizarsolicitud? HTTP/1.1" 200 7323
186.67.203.186 - - [05/Mar/2018:11:38:46 -0300] "GET /cormun/static/gxcfg.js?2017111423403364 HTTP/1.1" 304 -
186.67.203.186 - - [05/Mar/2018:11:38:46 -0300] "GET /cormun/servlet/trautorizarsolicitud? HTTP/1.1" 200 7310
186.103.196.90 - - [05/Mar/2018:11:38:48 -0300] "GET /cormun/servlet/trvisualizadoreventos? HTTP/1.1" 200 6929
186.103.196.90 - - [05/Mar/2018:11:38:48 -0300] "GET /cormun/static/gxcfg.js?20175251251426 HTTP/1.1" 200 953
190.151.124.170 - - [05/Mar/2018:11:38:48 -0300] "GET /cormun/static/trvisualizadoreventos.js?20175251251768 HTTP/1.1" 200 19318
190.151.124.170 - - [05/Mar/2018:11:38:48 -0300] "GET /cormun/static/Resources/PXToolsActionPrint.png HTTP/1.1" 200 3317
190.151.124.170 - - [05/Mar/2018:11:38:48 -0300] "GET /cormun/servlet/trvisualizadoreventos? HTTP/1.1" 200 6928
200.54.247.70 - - [05/Mar/2018:11:38:50 -0300] "GET /cormun/servlet/trautorizarsolicitud? HTTP/1.1" 200 7344
186.67.203.186 - - [05/Mar/2018:11:38:53 -0300] "POST /cormun/servlet/trautorizarsolicitud?1c2e1afa1460b0d254975771a1b1fb6a,,gx-no-cache=1520260683771 HTTP/1.1" 200 4411
190.151.124.170 - - [05/Mar/2018:11:38:54 -0300] "GET /cormun/servlet/trsolicitudot? HTTP/1.1" 200 7392
190.151.124.170 - - [05/Mar/2018:11:38:54 -0300] "GET /cormun/servlet/trsolicitudot? HTTP/1.1" 200 7392
200.54.247.70 - - [05/Mar/2018:11:38:54 -0300] "GET /cormun/servlet/trvisualizadoreventos? HTTP/1.1" 200 6983
200.54.247.70 - - [05/Mar/2018:11:38:55 -0300] "GET /cormun/static/gxcfg.js?20175251251426 HTTP/1.1" 304 -
200.54.247.70 - - [05/Mar/2018:11:38:58 -0300] "GET /cormun/servlet/trsolicitudot? HTTP/1.1" 200 10607
186.103.157.246 - - [05/Mar/2018:11:39:05 -0300] "GET /cormun/servlet/solicitudotadjuntos?INS,2018,9994,,1, HTTP/1.1" 200 5915
186.103.157.246 - - [05/Mar/2018:11:39:05 -0300] "GET /cormun/static/about:blank HTTP/1.1" 404 1011
186.103.157.246 - - [05/Mar/2018:11:39:05 -0300] "GET /cormun/static/about:blank HTTP/1.1" 404 1011
186.103.157.246 - - [05/Mar/2018:11:39:07 -0300] "GET /cormun/servlet/solicitudotadjuntos?54688da65f058a42e1fb883132ee32ca030ba9c55b30b024e22099a142c114d7d03d6091a9691a571d6f45c697d8ccfa,gx-no-cache=1520260698255 HTTP/1.1" 200 30
186.103.157.246 - - [05/Mar/2018:11:39:07 -0300] "POST /cormun/servlet/solicitudotadjuntos?0f262e887f327b3a389747c928d2d91b,INS,2018,9994,,1,,gx-no-cache=1520260698607 HTTP/1.1" 200 3777
186.103.157.246 - - [05/Mar/2018:11:39:10 -0300] "POST /cormun/servlet/solicitudotadjuntos?gx-no-cache=1520260702352 HTTP/1.1" 200 26
186.103.159.43 - - [05/Mar/2018:11:39:13 -0300] "POST /cormun/servlet/solicitudot?bf6545e62b0e80e2a58a84d820c4a476,INS,0,0,,gx-no-cache=1520260705047 HTTP/1.1" 200 93
186.103.159.43 - - [05/Mar/2018:11:39:13 -0300] "GET /cormun/servlet/hpexe_return? HTTP/1.1" 200 1008
186.103.159.43 - - [05/Mar/2018:11:39:14 -0300] "GET /cormun/servlet/trsolicitudot HTTP/1.1" 200 8495
186.103.159.43 - - [05/Mar/2018:11:39:14 -0300] "GET /cormun/servlet/trsolicitudot HTTP/1.1" 200 8491
200.54.247.70 - - [05/Mar/2018:11:39:16 -0300] "GET /cormun/servlet/trvisualizadoreventos? HTTP/1.1" 200 6992
186.103.157.246 - - [05/Mar/2018:11:39:17 -0300] "GET /cormun/servlet/solicitudotadjuntos?54688da65f058a42e1fb883132ee32cab05df6868b2fb471686a3dc0b8604c37,gx-no-cache=1520260708649 HTTP/1.1" 200 30
186.103.157.246 - - [05/Mar/2018:11:39:17 -0300] "GET /cormun/servlet/solicitudotadjuntos?54688da65f058a42e1fb883132ee32cab05df6868b2fb471686a3dc0b8604c37,gx-no-cache=1520260708682 HTTP/1.1" 200 30
186.67.203.186 - - [05/Mar/2018:11:39:18 -0300] "POST /cormun/servlet/trautorizarsolicitud?1c2e1afa1460b0d254975771a1b1fb6a,,gx-no-cache=1520260708521 HTTP/1.1" 200 5758
186.103.157.246 - - [05/Mar/2018:11:39:22 -0300] "POST /cormun/servlet/solicitudotadjuntos?0f262e887f327b3a389747c928d2d91b,INS,2018,9994,,1, HTTP/1.1" 200 116
186.103.157.246 - - [05/Mar/2018:11:39:22 -0300] "GET /cormun/servlet/hpexe_return? HTTP/1.1" 200 1010
186.103.157.246 - - [05/Mar/2018:11:39:23 -0300] "GET /cormun/servlet/trsolicitudadjuntos?2018,9994, HTTP/1.1" 200 9147
200.54.247.70 - - [05/Mar/2018:11:39:26 -0300] "POST /cormun/servlet/trvisualizadoreventos?a95927bee6bd4dfc4b4f602a65422e1f,,gx-no-cache=1520260713434 HTTP/1.1" 200 4133
186.103.157.246 - - [05/Mar/2018:11:39:28 -0300] "GET /cormun/servlet/solicitudotadjuntos?INS,2018,9994,,1, HTTP/1.1" 200 5915
186.103.157.246 - - [05/Mar/2018:11:39:28 -0300] "GET /cormun/static/about:blank HTTP/1.1" 404 1011
186.103.157.246 - - [05/Mar/2018:11:39:28 -0300] "GET /cormun/static/about:blank HTTP/1.1" 404 1011
186.103.157.246 - - [05/Mar/2018:11:39:29 -0300] "GET /cormun/servlet/solicitudotadjuntos?54688da65f058a42e1fb883132ee32ca030ba9c55b30b024e22099a142c114d7d03d6091a9691a571d6f45c697d8ccfa,gx-no-cache=1520260720837 HTTP/1.1" 200 30
186.103.156.24 - - [05/Mar/2018:11:39:29 -0300] "GET /cormun/servlet/trautorizarsolicitud? HTTP/1.1" 200 6280
186.103.157.246 - - [05/Mar/2018:11:39:29 -0300] "POST /cormun/servlet/solicitudotadjuntos?0f262e887f327b3a389747c928d2d91b,INS,2018,9994,,1,,gx-no-cache=1520260721180 HTTP/1.1" 200 3777
186.103.156.24 - - [05/Mar/2018:11:39:30 -0300] "GET /cormun/servlet/hlogin HTTP/1.1" 200 1743
186.103.156.24 - - [05/Mar/2018:11:39:30 -0300] "GET /cormun/servlet/trautorizarsolicitud? HTTP/1.1" 200 6280
200.54.247.70 - - [05/Mar/2018:11:39:31 -0300] "GET /cormun/servlet/trsolicitudot? HTTP/1.1" 200 10607
186.103.157.246 - - [05/Mar/2018:11:39:32 -0300] "POST /cormun/servlet/solicitudotadjuntos?gx-no-cache=1520260724416 HTTP/1.1" 200 26
186.67.203.186 - - [05/Mar/2018:11:39:34 -0300] "GET /cormun/servlet/treventos?2018,9991, HTTP/1.1" 200 6259
186.67.203.186 - - [05/Mar/2018:11:39:34 -0300] "GET /cormun/static/gxcfg.js?2016101716195975 HTTP/1.1" 200 953
200.111.122.170 - - [05/Mar/2018:11:39:35 -0300] "GET /cormun/static/treventos.js?201610171620222 HTTP/1.1" 200 16064
200.111.122.170 - - [05/Mar/2018:11:39:35 -0300] "GET /cormun/servlet/treventos?2018,9991, HTTP/1.1" 200 6259
186.103.157.246 - - [05/Mar/2018:11:39:38 -0300] "GET /cormun/servlet/solicitudotadjuntos?54688da65f058a42e1fb883132ee32cab05df6868b2fb471686a3dc0b8604c37,gx-no-cache=1520260730200 HTTP/1.1" 200 30
186.103.157.246 - - [05/Mar/2018:11:39:38 -0300] "GET /cormun/servlet/solicitudotadjuntos?54688da65f058a42e1fb883132ee32cab05df6868b2fb471686a3dc0b8604c37,gx-no-cache=1520260730234 HTTP/1.1" 200 30
200.111.122.170 - - [05/Mar/2018:11:39:41 -0300] "POST /cormun/servlet/treventos?1c2e1afa1460b0d254975771a1b1fb6a,2018,9991,,gx-no-cache=1520260731860 HTTP/1.1" 200 90
200.111.122.170 - - [05/Mar/2018:11:39:41 -0300] "GET /cormun/servlet/hpexe_link HTTP/1.1" 200 976
200.111.122.170 - - [05/Mar/2018:11:39:42 -0300] "GET /cormun/servlet/trautorizarsolicitud? HTTP/1.1" 200 8665
200.111.122.170 - - [05/Mar/2018:11:39:42 -0300] "GET /cormun/servlet/trautorizarsolicitud? HTTP/1.1" 200 8664
186.103.157.246 - - [05/Mar/2018:11:39:44 -0300] "POST /cormun/servlet/solicitudotadjuntos?0f262e887f327b3a389747c928d2d91b,INS,2018,9994,,1, HTTP/1.1" 200 116
186.103.157.246 - - [05/Mar/2018:11:39:44 -0300] "GET /cormun/servlet/hpexe_return? HTTP/1.1" 200 1010
186.103.157.246 - - [05/Mar/2018:11:39:45 -0300] "GET /cormun/servlet/trsolicitudadjuntos?2018,9994, HTTP/1.1" 200 9413
186.103.157.246 - - [05/Mar/2018:11:39:56 -0300] "POST /cormun/servlet/trsolicitudadjuntos?0f262e887f327b3a389747c928d2d91b,2018,9994,,gx-no-cache=1520260748103 HTTP/1.1" 200 90
186.103.157.246 - - [05/Mar/2018:11:39:56 -0300] "GET /cormun/servlet/hpexe_link HTTP/1.1" 200 974
186.103.157.246 - - [05/Mar/2018:11:39:57 -0300] "GET /cormun/servlet/trsolicitudot?gx-no-cache=1520260318136 HTTP/1.1" 200 8311
186.103.157.246 - - [05/Mar/2018:11:40:03 -0300] "POST /cormun/servlet/trsolicitudot?0f262e887f327b3a389747c928d2d91b,gx-no-cache=1520260318136,gx-no-cache=1520260754768 HTTP/1.1" 200 4193
186.103.157.246 - - [05/Mar/2018:11:40:03 -0300] "GET /cormun/static/Shared/jqueryui/images/ui-bg_flat_55_fafafa_40x100.png HTTP/1.1" 404 1097
186.103.157.246 - - [05/Mar/2018:11:40:03 -0300] "GET /cormun/static/Shared/jqueryui/images/ui-icons_82798d_256x240.png HTTP/1.1" 404 1089
186.103.157.246 - - [05/Mar/2018:11:40:03 -0300] "GET /cormun/static/Shared/jqueryui/images/ui-icons_8d78a5_256x240.png HTTP/1.1" 404 1089
186.103.157.246 - - [05/Mar/2018:11:40:03 -0300] "POST /cormun/servlet/trsolicitudot?0f262e887f327b3a389747c928d2d91b,gx-no-cache=1520260318136,gx-no-cache=1520260755138 HTTP/1.1" 200 3977
186.103.157.246 - - [05/Mar/2018:11:40:03 -0300] "GET /cormun/static/Shared/jqueryui/images/ui-bg_highlight-soft_100_c6c2c8_1x100.png HTTP/1.1" 404 1117
186.103.158.250 - - [05/Mar/2018:11:40:07 -0300] "POST /cormun/servlet/trlicencias?f85fccdfb37cd8af55f3c00c6e7d5065,,gx-no-cache=1520260570097 HTTP/1.1" 200 5921
186.103.158.250 - - [05/Mar/2018:11:40:07 -0300] "GET /cormun/static/Shared/jqueryui/images/ui-bg_highlight-soft_100_c6c2c8_1x100.png HTTP/1.1" 404 1117
186.103.158.250 - - [05/Mar/2018:11:40:07 -0300] "GET /cormun/static/Shared/jqueryui/images/ui-icons_82798d_256x240.png HTTP/1.1" 404 1089
186.103.158.250 - - [05/Mar/2018:11:40:07 -0300] "GET /cormun/static/Shared/jqueryui/images/ui-bg_flat_55_fafafa_40x100.png HTTP/1.1" 404 1097
190.151.100.218 - - [05/Mar/2018:11:40:07 -0300] "POST /cormun/servlet/trautorizarsolicitud?1c2e1afa1460b0d254975771a1b1fb6a,,gx-no-cache=1520260757337 HTTP/1.1" 200 5763
186.103.158.250 - - [05/Mar/2018:11:40:07 -0300] "GET /cormun/static/Shared/jqueryui/images/ui-icons_8d78a5_256x240.png HTTP/1.1" 404 1089
190.151.100.218 - - [05/Mar/2018:11:40:07 -0300] "GET /cormun/static/Shared/jqueryui/images/ui-bg_highlight-soft_100_c6c2c8_1x100.png HTTP/1.1" 404 1117
190.151.100.218 - - [05/Mar/2018:11:40:07 -0300] "GET /cormun/static/Shared/jqueryui/images/ui-icons_82798d_256x240.png HTTP/1.1" 404 1089
190.151.100.218 - - [05/Mar/2018:11:40:07 -0300] "GET /cormun/static/Shared/jqueryui/images/ui-bg_flat_55_fafafa_40x100.png HTTP/1.1" 404 1097
200.111.122.170 - - [05/Mar/2018:11:40:07 -0300] "GET /cormun/static/Shared/jqueryui/images/ui-icons_8d78a5_256x240.png HTTP/1.1" 404 1089
200.111.122.170 - - [05/Mar/2018:11:40:12 -0300] "POST /cormun/servlet/trautorizarsolicitud?1c2e1afa1460b0d254975771a1b1fb6a,,gx-no-cache=1520260762810 HTTP/1.1" 200 5764
186.103.156.24 - - [05/Mar/2018:11:40:34 -0300] "GET /cormun/servlet/hlogin HTTP/1.1" 200 1720
186.103.159.43 - - [05/Mar/2018:11:40:43 -0300] "POST /cormun/servlet/trsolicitudot?bf6545e62b0e80e2a58a84d820c4a476,gx-no-cache=1520260794824 HTTP/1.1" 200 106
186.103.159.43 - - [05/Mar/2018:11:40:43 -0300] "GET /cormun/servlet/trsolicitudadjuntos?2018,9996, HTTP/1.1" 200 6031
186.103.159.43 - - [05/Mar/2018:11:40:44 -0300] "GET /cormun/servlet/trsolicitudadjuntos?2018,9996, HTTP/1.1" 200 6031
186.103.159.43 - - [05/Mar/2018:11:40:47 -0300] "GET /cormun/servlet/solicitudotadjuntos?INS,2018,9996,,1, HTTP/1.1" 200 5975
186.103.159.43 - - [05/Mar/2018:11:40:47 -0300] "GET /cormun/static/about:blank HTTP/1.1" 404 1011
186.103.159.43 - - [05/Mar/2018:11:40:48 -0300] "GET /cormun/servlet/solicitudotadjuntos?INS,2018,9996,,1, HTTP/1.1" 200 5968
186.103.159.43 - - [05/Mar/2018:11:40:48 -0300] "GET /cormun/servlet/solicitudotadjuntos?37a7e61462a346b0fcd83d071d39b21c7dbce5600bb161f7582379068bf748faa5092f16861a32aaa12c3dc9276e99aa,gx-no-cache=1520260800242 HTTP/1.1" 200 30
186.103.159.43 - - [05/Mar/2018:11:40:48 -0300] "POST /cormun/servlet/solicitudotadjuntos?bf6545e62b0e80e2a58a84d820c4a476,INS,2018,9996,,1,,gx-no-cache=1520260800283 HTTP/1.1" 200 3794
190.151.100.218 - - [05/Mar/2018:11:40:49 -0300] "POST /cormun/servlet/trautorizarsolicitud?1c2e1afa1460b0d254975771a1b1fb6a,,gx-no-cache=1520260800112 HTTP/1.1" 200 105
190.151.100.218 - - [05/Mar/2018:11:40:50 -0300] "GET /cormun/servlet/trsolicitudadjuntos?2018,9991, HTTP/1.1" 200 9737
190.151.100.218 - - [05/Mar/2018:11:40:51 -0300] "GET /cormun/servlet/trsolicitudadjuntos?2018,9991, HTTP/1.1" 200 9738
186.103.159.43 - - [05/Mar/2018:11:40:57 -0300] "POST /cormun/servlet/solicitudotadjuntos?gx-no-cache=1520260809077 HTTP/1.1" 200 26
186.67.203.186 - - [05/Mar/2018:11:41:03 -0300] "GET /cormun/servlet/trvisualizadoreventos? HTTP/1.1" 200 6979
186.67.203.186 - - [05/Mar/2018:11:41:03 -0300] "GET /cormun/static/gxcfg.js?20175251251426 HTTP/1.1" 304 -
186.67.203.186 - - [05/Mar/2018:11:41:04 -0300] "GET /cormun/servlet/trvisualizadoreventos? HTTP/1.1" 200 6966
192.168.10.56 - - [05/Mar/2018:11:41:14 -0300] "POST /cormun/servlet/trsolicitudgral?c967522d3182b5c31d5a761c445aa71a,,gx-no-cache=1520260713536 HTTP/1.1" 200 11302
186.67.203.186 - - [05/Mar/2018:11:41:17 -0300] "POST /cormun/servlet/trvisualizadoreventos?1c2e1afa1460b0d254975771a1b1fb6a,,gx-no-cache=1520260827732 HTTP/1.1" 200 4153
186.67.203.186 - - [05/Mar/2018:11:41:20 -0300] "GET /cormun/servlet/trautorizarsolicitud? HTTP/1.1" 200 8671
186.67.203.186 - - [05/Mar/2018:11:41:21 -0300] "GET /cormun/servlet/trautorizarsolicitud? HTTP/1.1" 200 8670
186.67.203.186 - - [05/Mar/2018:11:41:32 -0300] "GET /cormun/servlet/veautorizarsolicitud?2018,9991,, HTTP/1.1" 200 8584
186.67.203.186 - - [05/Mar/2018:11:41:32 -0300] "GET /cormun/static/gxcfg.js?2017111423404691 HTTP/1.1" 200 953
200.72.197.82 - - [05/Mar/2018:11:41:32 -0300] "GET /cormun/pexe_scrolldiv.js HTTP/1.1" 404 1009
186.67.203.186 - - [05/Mar/2018:11:41:32 -0300] "GET /cormun/static/hpexe_tabsview.js?201610171694228 HTTP/1.1" 200 1661
186.67.203.186 - - [05/Mar/2018:11:41:32 -0300] "GET /cormun/static/veautorizarsolicitud.js?2017111423404756 HTTP/1.1" 200 6140
200.72.197.82 - - [05/Mar/2018:11:41:32 -0300] "GET /cormun/static/hwcviewtabs.js?20177611594913 HTTP/1.1" 200 1074
186.103.161.206 - - [05/Mar/2018:11:41:32 -0300] "GET /cormun/static/Resources/PXToolsTabFirstSelected.png HTTP/1.1" 200 1259
186.67.203.186 - - [05/Mar/2018:11:41:32 -0300] "GET /cormun/static/Resources/PXToolsTabPrevious.gif HTTP/1.1" 200 172
186.103.132.155 - - [05/Mar/2018:11:41:32 -0300] "GET /cormun/static/tbautorizarsolicitud01.js?2017111423392092 HTTP/1.1" 200 30580
200.72.197.82 - - [05/Mar/2018:11:41:32 -0300] "GET /cormun/static/Resources/PXToolsTabNext.gif HTTP/1.1" 200 168
200.72.197.82 - - [05/Mar/2018:11:41:32 -0300] "GET /cormun/static/Resources/PXToolsTabLastUnselected.png HTTP/1.1" 200 1291
186.103.132.155 - - [05/Mar/2018:11:41:32 -0300] "GET /cormun/static/calendar-system.css HTTP/1.1" 200 5572
186.67.203.186 - - [05/Mar/2018:11:41:32 -0300] "GET /cormun/static/Resources/PXToolsTabBackSelected.png HTTP/1.1" 200 1157
200.72.197.82 - - [05/Mar/2018:11:41:32 -0300] "GET /cormun/static/Resources/PXToolsTabBackUnselected.png HTTP/1.1" 200 1175
186.103.132.155 - - [05/Mar/2018:11:41:32 -0300] "GET /cormun/static/Resources/PXToolsTabSelectedUnselected.png HTTP/1.1" 200 1428
186.103.161.206 - - [05/Mar/2018:11:41:32 -0300] "GET /cormun/static/Resources/PXToolsTabUnselectedUnselected.png HTTP/1.1" 200 1459
200.72.197.82 - - [05/Mar/2018:11:41:32 -0300] "GET /cormun/servlet/veautorizarsolicitud?2018,9991,, HTTP/1.1" 200 8584
186.103.161.206 - - [05/Mar/2018:11:41:43 -0300] "GET /cormun/servlet/trautorizarsolicitud? HTTP/1.1" 200 8671
186.103.161.206 - - [05/Mar/2018:11:41:44 -0300] "GET /cormun/servlet/trautorizarsolicitud? HTTP/1.1" 200 8670
186.103.159.43 - - [05/Mar/2018:11:41:49 -0300] "GET /cormun/servlet/solicitudotadjuntos?37a7e61462a346b0fcd83d071d39b21c2dcb34efe946a3ffb0e084f7c4daf637,gx-no-cache=1520260860576 HTTP/1.1" 200 30
186.103.159.43 - - [05/Mar/2018:11:41:49 -0300] "GET /cormun/servlet/solicitudotadjuntos?37a7e61462a346b0fcd83d071d39b21c2dcb34efe946a3ffb0e084f7c4daf637,gx-no-cache=1520260860624 HTTP/1.1" 200 30
186.103.159.43 - - [05/Mar/2018:11:41:49 -0300] "POST /cormun/servlet/solicitudotadjuntos?bf6545e62b0e80e2a58a84d820c4a476,INS,2018,9996,,1, HTTP/1.1" 200 116
186.103.159.43 - - [05/Mar/2018:11:41:49 -0300] "GET /cormun/servlet/hpexe_return? HTTP/1.1" 200 1027
186.103.159.43 - - [05/Mar/2018:11:41:50 -0300] "GET /cormun/servlet/trsolicitudadjuntos?2018,9996, HTTP/1.1" 200 8393
186.103.159.43 - - [05/Mar/2018:11:41:51 -0300] "GET /cormun/servlet/trsolicitudadjuntos?2018,9996, HTTP/1.1" 200 8390
186.103.161.206 - - [05/Mar/2018:11:41:51 -0300] "POST /cormun/servlet/trautorizarsolicitud?1c2e1afa1460b0d254975771a1b1fb6a,,gx-no-cache=1520260861432 HTTP/1.1" 200 5766
186.103.132.155 - - [05/Mar/2018:11:41:51 -0300] "GET /cormun/static/Shared/jqueryui/images/ui-icons_82798d_256x240.png HTTP/1.1" 404 1089
186.103.161.206 - - [05/Mar/2018:11:41:51 -0300] "GET /cormun/static/Shared/jqueryui/images/ui-bg_highlight-soft_100_c6c2c8_1x100.png HTTP/1.1" 404 1117
186.67.203.186 - - [05/Mar/2018:11:41:51 -0300] "GET /cormun/static/Shared/jqueryui/images/ui-icons_8d78a5_256x240.png HTTP/1.1" 404 1089
200.72.197.82 - - [05/Mar/2018:11:41:51 -0300] "GET /cormun/static/Shared/jqueryui/images/ui-bg_flat_55_fafafa_40x100.png HTTP/1.1" 404 1097
186.103.159.43 - - [05/Mar/2018:11:42:06 -0300] "GET /cormun/servlet/solicitudotadjuntos?INS,2018,9996,,1, HTTP/1.1" 200 5975
186.103.159.43 - - [05/Mar/2018:11:42:06 -0300] "GET /cormun/static/about:blank HTTP/1.1" 404 1011
186.103.159.43 - - [05/Mar/2018:11:42:06 -0300] "GET /cormun/servlet/solicitudotadjuntos?INS,2018,9996,,1, HTTP/1.1" 200 5968
186.103.159.43 - - [05/Mar/2018:11:42:07 -0300] "GET /cormun/servlet/solicitudotadjuntos?37a7e61462a346b0fcd83d071d39b21c7dbce5600bb161f7582379068bf748faa5092f16861a32aaa12c3dc9276e99aa,gx-no-cache=1520260878839 HTTP/1.1" 200 30
186.103.159.43 - - [05/Mar/2018:11:42:07 -0300] "POST /cormun/servlet/solicitudotadjuntos?bf6545e62b0e80e2a58a84d820c4a476,INS,2018,9996,,1,,gx-no-cache=1520260878916 HTTP/1.1" 200 3794
186.103.159.43 - - [05/Mar/2018:11:42:10 -0300] "POST /cormun/servlet/solicitudotadjuntos?gx-no-cache=1520260881655 HTTP/1.1" 200 26
186.67.203.186 - - [05/Mar/2018:11:42:11 -0300] "POST /cormun/servlet/trautorizarsolicitud?1c2e1afa1460b0d254975771a1b1fb6a,,gx-no-cache=1520260881241 HTTP/1.1" 200 4410
186.67.203.186 - - [05/Mar/2018:11:42:17 -0300] "POST /cormun/servlet/trautorizarsolicitud?1c2e1afa1460b0d254975771a1b1fb6a,,gx-no-cache=1520260887279 HTTP/1.1" 200 5753
186.103.159.43 - - [05/Mar/2018:11:42:18 -0300] "GET /cormun/servlet/solicitudotadjuntos?37a7e61462a346b0fcd83d071d39b21c2dcb34efe946a3ffb0e084f7c4daf637,gx-no-cache=1520260890074 HTTP/1.1" 200 30
186.103.159.43 - - [05/Mar/2018:11:42:18 -0300] "GET /cormun/servlet/solicitudotadjuntos?37a7e61462a346b0fcd83d071d39b21c2dcb34efe946a3ffb0e084f7c4daf637,gx-no-cache=1520260890100 HTTP/1.1" 200 30
186.103.159.43 - - [05/Mar/2018:11:42:19 -0300] "POST /cormun/servlet/solicitudotadjuntos?bf6545e62b0e80e2a58a84d820c4a476,INS,2018,9996,,1, HTTP/1.1" 200 6094
186.103.159.43 - - [05/Mar/2018:11:42:19 -0300] "GET /home/sistema/apache-tomcat-7.0.65/webapps/cormun/PrivateTempStorage/upload_00002450.pdf HTTP/1.1" 404 1135
186.103.159.43 - - [05/Mar/2018:11:42:19 -0300] "GET /cormun/static/Shared/jqueryui/images/ui-bg_highlight-soft_100_c6c2c8_1x100.png HTTP/1.1" 404 1117
186.103.159.43 - - [05/Mar/2018:11:42:19 -0300] "GET /cormun/static/Shared/jqueryui/images/ui-icons_82798d_256x240.png HTTP/1.1" 404 1089
186.103.159.43 - - [05/Mar/2018:11:42:19 -0300] "GET /cormun/static/Shared/jqueryui/images/ui-bg_flat_55_994d53_40x100.png HTTP/1.1" 404 1097
186.103.159.43 - - [05/Mar/2018:11:42:19 -0300] "GET /cormun/static/Shared/jqueryui/images/ui-icons_ebccce_256x240.png HTTP/1.1" 404 1089
186.103.159.43 - - [05/Mar/2018:11:42:19 -0300] "GET /home/sistema/apache-tomcat-7.0.65/webapps/cormun/PrivateTempStorage/upload_00002450.pdf HTTP/1.1" 404 1135
186.103.159.43 - - [05/Mar/2018:11:42:19 -0300] "GET /cormun/PrivateTempStorage/upload_00002450.pdf HTTP/1.1" 304 -
186.103.159.43 - - [05/Mar/2018:11:42:19 -0300] "GET /cormun/PrivateTempStorage/upload_00002450.pdf HTTP/1.1" 200 433360
186.103.159.43 - - [05/Mar/2018:11:42:28 -0300] "GET /cormun/servlet/solicitudotadjuntos?37a7e61462a346b0fcd83d071d39b21c07e863cb295fc60196bb431211266c215f1f328b8baa91865ac964bc4abd0202,gx-no-cache=1520260899755 HTTP/1.1" 200 30
186.103.159.43 - - [05/Mar/2018:11:42:28 -0300] "GET /cormun/servlet/solicitudotadjuntos?37a7e61462a346b0fcd83d071d39b21c115a55b93034688783f088cccd17d9275f1f328b8baa91865ac964bc4abd0202,gx-no-cache=1520260899779 HTTP/1.1" 200 30
186.103.159.43 - - [05/Mar/2018:11:42:28 -0300] "POST /cormun/servlet/solicitudotadjuntos?bf6545e62b0e80e2a58a84d820c4a476,INS,2018,9996,,1, HTTP/1.1" 200 6094
186.103.159.43 - - [05/Mar/2018:11:42:28 -0300] "GET /home/sistema/apache-tomcat-7.0.65/webapps/cormun/PrivateTempStorage/upload_00002462.pdf HTTP/1.1" 404 1135
186.103.159.43 - - [05/Mar/2018:11:42:28 -0300] "GET /home/sistema/apache-tomcat-7.0.65/webapps/cormun/PrivateTempStorage/upload_00002462.pdf HTTP/1.1" 404 1135
186.103.159.43 - - [05/Mar/2018:11:42:29 -0300] "GET /cormun/PrivateTempStorage/upload_00002462.pdf HTTP/1.1" 304 -
186.103.159.43 - - [05/Mar/2018:11:42:29 -0300] "GET /cormun/PrivateTempStorage/upload_00002462.pdf HTTP/1.1" 200 433360
186.103.159.43 - - [05/Mar/2018:11:42:44 -0300] "POST /cormun/servlet/solicitudotadjuntos?gx-no-cache=1520260915571 HTTP/1.1" 200 26
186.103.159.43 - - [05/Mar/2018:11:42:47 -0300] "GET /cormun/servlet/solicitudotadjuntos?37a7e61462a346b0fcd83d071d39b21c115a55b93034688783f088cccd17d9275f1f328b8baa91865ac964bc4abd0202,gx-no-cache=1520260918873 HTTP/1.1" 200 30
186.103.159.43 - - [05/Mar/2018:11:42:47 -0300] "GET /cormun/servlet/solicitudotadjuntos?37a7e61462a346b0fcd83d071d39b21c115a55b93034688783f088cccd17d9275f1f328b8baa91865ac964bc4abd0202,gx-no-cache=1520260918926 HTTP/1.1" 200 30
186.103.159.43 - - [05/Mar/2018:11:42:47 -0300] "POST /cormun/servlet/solicitudotadjuntos?bf6545e62b0e80e2a58a84d820c4a476,INS,2018,9996,,1, HTTP/1.1" 200 116
186.103.159.43 - - [05/Mar/2018:11:42:48 -0300] "GET /cormun/servlet/hpexe_return? HTTP/1.1" 200 1027
186.103.159.43 - - [05/Mar/2018:11:42:48 -0300] "GET /cormun/servlet/trsolicitudadjuntos?2018,9996, HTTP/1.1" 200 8616
186.103.159.43 - - [05/Mar/2018:11:42:49 -0300] "GET /cormun/servlet/trsolicitudadjuntos?2018,9996, HTTP/1.1" 200 8615
186.103.159.43 - - [05/Mar/2018:11:42:52 -0300] "GET /cormun/servlet/solicitudotadjuntos?INS,2018,9996,,1, HTTP/1.1" 200 5976
186.103.159.43 - - [05/Mar/2018:11:42:52 -0300] "GET /cormun/static/about:blank HTTP/1.1" 404 1011
186.103.159.43 - - [05/Mar/2018:11:42:52 -0300] "GET /cormun/servlet/solicitudotadjuntos?INS,2018,9996,,1, HTTP/1.1" 200 5969
186.103.159.43 - - [05/Mar/2018:11:42:53 -0300] "GET /cormun/servlet/solicitudotadjuntos?37a7e61462a346b0fcd83d071d39b21c7dbce5600bb161f7582379068bf748faa5092f16861a32aaa12c3dc9276e99aa,gx-no-cache=1520260924567 HTTP/1.1" 200 30
186.103.159.43 - - [05/Mar/2018:11:42:53 -0300] "POST /cormun/servlet/solicitudotadjuntos?bf6545e62b0e80e2a58a84d820c4a476,INS,2018,9996,,1,,gx-no-cache=1520260924604 HTTP/1.1" 200 3794
200.86.95.220 - - [05/Mar/2018:11:42:53 -0300] "GET /cormun/servlet/trpermisosadjuntos?10474958,20180305110018,P, HTTP/1.1" 200 5510
200.86.95.220 - - [05/Mar/2018:11:42:53 -0300] "GET /cormun/static/gxcfg.js?201762817193957 HTTP/1.1" 200 953
200.86.95.220 - - [05/Mar/2018:11:42:53 -0300] "GET /cormun/static/Resources/Spanish/PXTools.css?17315867 HTTP/1.1" 200 89042
200.86.95.220 - - [05/Mar/2018:11:42:53 -0300] "GET /cormun/static/trpermisosadjuntos.js?201762817194366 HTTP/1.1" 200 20158
200.86.95.220 - - [05/Mar/2018:11:42:55 -0300] "GET /cormun/servlet/trpermisosadjuntos?10474958,20180305110018,P, HTTP/1.1" 200 5507
200.86.95.220 - - [05/Mar/2018:11:42:55 -0300] "GET /cormun/servlet/hlogin HTTP/1.1" 200 1762
186.103.159.43 - - [05/Mar/2018:11:43:00 -0300] "POST /cormun/servlet/solicitudotadjuntos?gx-no-cache=1520260932485 HTTP/1.1" 200 26
186.103.159.43 - - [05/Mar/2018:11:43:05 -0300] "GET /cormun/servlet/solicitudotadjuntos?37a7e61462a346b0fcd83d071d39b21c2dcb34efe946a3ffb0e084f7c4daf637,gx-no-cache=1520260936709 HTTP/1.1" 200 30
186.103.159.43 - - [05/Mar/2018:11:43:05 -0300] "GET /cormun/servlet/solicitudotadjuntos?37a7e61462a346b0fcd83d071d39b21c2dcb34efe946a3ffb0e084f7c4daf637,gx-no-cache=1520260936793 HTTP/1.1" 200 30
186.103.159.43 - - [05/Mar/2018:11:43:06 -0300] "POST /cormun/servlet/solicitudotadjuntos?bf6545e62b0e80e2a58a84d820c4a476,INS,2018,9996,,1, HTTP/1.1" 200 6096
186.103.159.43 - - [05/Mar/2018:11:43:06 -0300] "GET /home/sistema/apache-tomcat-7.0.65/webapps/cormun/PrivateTempStorage/upload_00002486.pdf HTTP/1.1" 404 1135
186.103.159.43 - - [05/Mar/2018:11:43:06 -0300] "GET /cormun/static/Shared/jqueryui/images/ui-bg_highlight-soft_100_c6c2c8_1x100.png HTTP/1.1" 404 1117
186.103.159.43 - - [05/Mar/2018:11:43:06 -0300] "GET /cormun/static/Shared/jqueryui/images/ui-icons_82798d_256x240.png HTTP/1.1" 404 1089
186.103.159.43 - - [05/Mar/2018:11:43:06 -0300] "GET /cormun/static/Shared/jqueryui/images/ui-bg_flat_55_994d53_40x100.png HTTP/1.1" 404 1097
186.103.159.43 - - [05/Mar/2018:11:43:06 -0300] "GET /cormun/static/Shared/jqueryui/images/ui-icons_ebccce_256x240.png HTTP/1.1" 404 1089
186.103.159.43 - - [05/Mar/2018:11:43:06 -0300] "GET /home/sistema/apache-tomcat-7.0.65/webapps/cormun/PrivateTempStorage/upload_00002486.pdf HTTP/1.1" 404 1135
186.103.159.43 - - [05/Mar/2018:11:43:06 -0300] "GET /cormun/PrivateTempStorage/upload_00002486.pdf HTTP/1.1" 304 -
186.103.159.43 - - [05/Mar/2018:11:43:06 -0300] "GET /cormun/PrivateTempStorage/upload_00002486.pdf HTTP/1.1" 200 266839
186.103.159.43 - - [05/Mar/2018:11:43:24 -0300] "POST /cormun/servlet/solicitudotadjuntos?bf6545e62b0e80e2a58a84d820c4a476,INS,2018,9996,,1, HTTP/1.1" 200 116
186.103.159.43 - - [05/Mar/2018:11:43:24 -0300] "GET /cormun/servlet/hpexe_return? HTTP/1.1" 200 1027
186.103.159.43 - - [05/Mar/2018:11:43:24 -0300] "GET /cormun/servlet/trsolicitudadjuntos?2018,9996, HTTP/1.1" 200 8615
186.103.159.43 - - [05/Mar/2018:11:43:25 -0300] "GET /cormun/servlet/trsolicitudadjuntos?2018,9996, HTTP/1.1" 200 8614
190.151.100.218 - - [05/Mar/2018:11:43:31 -0300] "POST /cormun/servlet/trautorizarsolicitud?1c2e1afa1460b0d254975771a1b1fb6a,,gx-no-cache=1520260961588 HTTP/1.1" 200 5766
186.103.159.43 - - [05/Mar/2018:11:43:32 -0300] "GET /cormun/servlet/solicitudotadjuntos?DLT,2018,9996,CARNET,0, HTTP/1.1" 200 5941
186.103.159.43 - - [05/Mar/2018:11:43:32 -0300] "GET /cormun/PublicTempStorage/curric.8187711.pdf HTTP/1.1" 200 383535
186.103.159.43 - - [05/Mar/2018:11:43:32 -0300] "GET /cormun/static/Shared/jqueryui/images/ui-bg_highlight-soft_100_c6c2c8_1x100.png HTTP/1.1" 404 1117
186.103.159.43 - - [05/Mar/2018:11:43:32 -0300] "GET /cormun/static/Shared/jqueryui/images/ui-icons_82798d_256x240.png HTTP/1.1" 404 1089
186.103.159.43 - - [05/Mar/2018:11:43:32 -0300] "GET /cormun/static/Shared/jqueryui/images/ui-bg_flat_55_fafafa_40x100.png HTTP/1.1" 404 1097
186.103.159.43 - - [05/Mar/2018:11:43:32 -0300] "GET /cormun/static/Shared/jqueryui/images/ui-icons_8d78a5_256x240.png HTTP/1.1" 404 1089
186.103.159.43 - - [05/Mar/2018:11:43:32 -0300] "GET /cormun/servlet/solicitudotadjuntos?DLT,2018,9996,CARNET,0, HTTP/1.1" 200 5934
186.103.159.43 - - [05/Mar/2018:11:43:38 -0300] "POST /cormun/servlet/solicitudotadjuntos?bf6545e62b0e80e2a58a84d820c4a476,DLT,2018,9996,CARNET,0,,gx-no-cache=1520260969681 HTTP/1.1" 200 93
186.103.159.43 - - [05/Mar/2018:11:43:38 -0300] "GET /cormun/servlet/hpexe_return? HTTP/1.1" 200 1032
186.103.159.43 - - [05/Mar/2018:11:43:38 -0300] "GET /cormun/servlet/trsolicitudadjuntos?2018,9996, HTTP/1.1" 200 8393
186.103.159.43 - - [05/Mar/2018:11:43:39 -0300] "GET /cormun/servlet/trsolicitudadjuntos?2018,9996, HTTP/1.1" 200 8390
192.168.10.56 - - [05/Mar/2018:11:43:49 -0300] "POST /cormun/servlet/trsolicitudgral?c967522d3182b5c31d5a761c445aa71a,,gx-no-cache=1520260868935 HTTP/1.1" 200 8116
190.151.100.218 - - [05/Mar/2018:11:43:51 -0300] "POST /cormun/servlet/trautorizarsolicitud?1c2e1afa1460b0d254975771a1b1fb6a,,gx-no-cache=1520260981623 HTTP/1.1" 200 4410
192.168.10.56 - - [05/Mar/2018:11:43:56 -0300] "POST /cormun/servlet/trsolicitudgral?c967522d3182b5c31d5a761c445aa71a,,gx-no-cache=1520260876316 HTTP/1.1" 200 15934
192.168.10.56 - - [05/Mar/2018:11:44:01 -0300] "POST /cormun/servlet/trsolicitudgral?c967522d3182b5c31d5a761c445aa71a,,gx-no-cache=1520260881077 HTTP/1.1" 200 8115
192.168.10.56 - - [05/Mar/2018:11:44:12 -0300] "POST /cormun/servlet/trsolicitudgral?c967522d3182b5c31d5a761c445aa71a,,gx-no-cache=1520260892124 HTTP/1.1" 200 15934
186.103.159.43 - - [05/Mar/2018:11:44:14 -0300] "GET /cormun/servlet/solicitudotadjuntos?INS,2018,9996,,1, HTTP/1.1" 200 5975
200.111.122.170 - - [05/Mar/2018:11:44:14 -0300] "POST /cormun/servlet/trautorizarsolicitud?1c2e1afa1460b0d254975771a1b1fb6a,,gx-no-cache=1520261004998 HTTP/1.1" 200 5752
186.103.159.43 - - [05/Mar/2018:11:44:14 -0300] "GET /cormun/static/about:blank HTTP/1.1" 404 1011
186.103.159.43 - - [05/Mar/2018:11:44:15 -0300] "GET /cormun/servlet/solicitudotadjuntos?INS,2018,9996,,1, HTTP/1.1" 200 5968
186.103.159.43 - - [05/Mar/2018:11:44:15 -0300] "GET /cormun/servlet/solicitudotadjuntos?37a7e61462a346b0fcd83d071d39b21c7dbce5600bb161f7582379068bf748faa5092f16861a32aaa12c3dc9276e99aa,gx-no-cache=1520261007380 HTTP/1.1" 200 30
186.103.159.43 - - [05/Mar/2018:11:44:16 -0300] "POST /cormun/servlet/solicitudotadjuntos?bf6545e62b0e80e2a58a84d820c4a476,INS,2018,9996,,1,,gx-no-cache=1520261007516 HTTP/1.1" 200 3794
200.111.122.170 - - [05/Mar/2018:11:44:18 -0300] "POST /cormun/servlet/trautorizarsolicitud?1c2e1afa1460b0d254975771a1b1fb6a,,gx-no-cache=1520261008967 HTTP/1.1" 200 105
200.111.122.170 - - [05/Mar/2018:11:44:19 -0300] "GET /cormun/servlet/trsolicitudadjuntos?2018,9991, HTTP/1.1" 200 9739
186.103.159.43 - - [05/Mar/2018:11:44:20 -0300] "POST /cormun/servlet/solicitudotadjuntos?gx-no-cache=1520261011656 HTTP/1.1" 200 26
200.111.122.170 - - [05/Mar/2018:11:44:20 -0300] "GET /cormun/servlet/trsolicitudadjuntos?2018,9991, HTTP/1.1" 200 9738
192.168.10.56 - - [05/Mar/2018:11:44:25 -0300] "POST /cormun/servlet/trsolicitudgral?c967522d3182b5c31d5a761c445aa71a,,gx-no-cache=1520260904804 HTTP/1.1" 200 8114
186.103.159.43 - - [05/Mar/2018:11:44:25 -0300] "GET /cormun/servlet/solicitudotadjuntos?37a7e61462a346b0fcd83d071d39b21c2dcb34efe946a3ffb0e084f7c4daf637,gx-no-cache=1520261016895 HTTP/1.1" 200 30
186.103.159.43 - - [05/Mar/2018:11:44:25 -0300] "GET /cormun/servlet/solicitudotadjuntos?37a7e61462a346b0fcd83d071d39b21c2dcb34efe946a3ffb0e084f7c4daf637,gx-no-cache=1520261016952 HTTP/1.1" 200 30
186.103.159.43 - - [05/Mar/2018:11:44:26 -0300] "POST /cormun/servlet/solicitudotadjuntos?bf6545e62b0e80e2a58a84d820c4a476,INS,2018,9996,,1, HTTP/1.1" 200 116
186.103.159.43 - - [05/Mar/2018:11:44:26 -0300] "GET /cormun/servlet/hpexe_return? HTTP/1.1" 200 1027
186.103.159.43 - - [05/Mar/2018:11:44:26 -0300] "GET /cormun/servlet/trsolicitudadjuntos?2018,9996, HTTP/1.1" 200 8613
186.103.159.43 - - [05/Mar/2018:11:44:27 -0300] "GET /cormun/servlet/trsolicitudadjuntos?2018,9996, HTTP/1.1" 200 8611
200.111.122.170 - - [05/Mar/2018:11:44:28 -0300] "POST /cormun/servlet/trsolicitudadjuntos?1c2e1afa1460b0d254975771a1b1fb6a,2018,9991,,gx-no-cache=1520261018292 HTTP/1.1" 200 90
200.111.122.170 - - [05/Mar/2018:11:44:28 -0300] "GET /cormun/servlet/hpexe_link HTTP/1.1" 200 973
200.111.122.170 - - [05/Mar/2018:11:44:28 -0300] "GET /cormun/servlet/trsolicitudot HTTP/1.1" 200 8780
200.111.122.170 - - [05/Mar/2018:11:44:29 -0300] "GET /cormun/servlet/trsolicitudot HTTP/1.1" 200 8782
192.168.10.56 - - [05/Mar/2018:11:44:33 -0300] "POST /cormun/servlet/trsolicitudgral?c967522d3182b5c31d5a761c445aa71a,,gx-no-cache=1520260912254 HTTP/1.1" 200 22474
200.111.122.170 - - [05/Mar/2018:11:44:41 -0300] "POST /cormun/servlet/trsolicitudot?1c2e1afa1460b0d254975771a1b1fb6a,gx-no-cache=1520261031508 HTTP/1.1" 200 4684
200.111.122.170 - - [05/Mar/2018:11:44:41 -0300] "GET /cormun/static/Shared/jqueryui/images/ui-bg_highlight-soft_100_c6c2c8_1x100.png HTTP/1.1" 404 1117
200.111.122.170 - - [05/Mar/2018:11:44:41 -0300] "GET /cormun/static/Shared/jqueryui/images/ui-icons_82798d_256x240.png HTTP/1.1" 404 1089
186.67.203.186 - - [05/Mar/2018:11:44:41 -0300] "GET /cormun/static/Shared/jqueryui/images/ui-bg_flat_55_fafafa_40x100.png HTTP/1.1" 404 1097
200.111.122.170 - - [05/Mar/2018:11:44:41 -0300] "GET /cormun/static/Shared/jqueryui/images/ui-icons_8d78a5_256x240.png HTTP/1.1" 404 1089
190.151.100.218 - - [05/Mar/2018:11:44:42 -0300] "POST /cormun/servlet/trsolicitudot?1c2e1afa1460b0d254975771a1b1fb6a,gx-no-cache=1520261032109 HTTP/1.1" 200 4448
186.103.159.43 - - [05/Mar/2018:11:44:44 -0300] "GET /cormun/servlet/solicitudotadjuntos?INS,2018,9996,,1, HTTP/1.1" 200 5974
186.103.159.43 - - [05/Mar/2018:11:44:44 -0300] "GET /cormun/static/about:blank HTTP/1.1" 404 1011
186.103.159.43 - - [05/Mar/2018:11:44:44 -0300] "GET /cormun/servlet/solicitudotadjuntos?INS,2018,9996,,1, HTTP/1.1" 200 5967
186.103.159.43 - - [05/Mar/2018:11:44:45 -0300] "GET /cormun/servlet/solicitudotadjuntos?37a7e61462a346b0fcd83d071d39b21c7dbce5600bb161f7582379068bf748faa5092f16861a32aaa12c3dc9276e99aa,gx-no-cache=1520261036722 HTTP/1.1" 200 30
186.103.159.43 - - [05/Mar/2018:11:44:45 -0300] "POST /cormun/servlet/solicitudotadjuntos?bf6545e62b0e80e2a58a84d820c4a476,INS,2018,9996,,1,,gx-no-cache=1520261036790 HTTP/1.1" 200 3794
190.151.100.218 - - [05/Mar/2018:11:44:49 -0300] "POST /cormun/servlet/trsolicitudot?1c2e1afa1460b0d254975771a1b1fb6a,gx-no-cache=1520261039623 HTTP/1.1" 200 5830
190.151.100.218 - - [05/Mar/2018:11:44:55 -0300] "POST /cormun/servlet/trsolicitudot?1c2e1afa1460b0d254975771a1b1fb6a,gx-no-cache=1520261046121 HTTP/1.1" 200 5807
186.103.159.43 - - [05/Mar/2018:11:44:56 -0300] "POST /cormun/servlet/solicitudotadjuntos?gx-no-cache=1520261048167 HTTP/1.1" 200 26
186.103.159.43 - - [05/Mar/2018:11:45:01 -0300] "GET /cormun/servlet/solicitudotadjuntos?37a7e61462a346b0fcd83d071d39b21c2dcb34efe946a3ffb0e084f7c4daf637,gx-no-cache=1520261052973 HTTP/1.1" 200 30
186.103.159.43 - - [05/Mar/2018:11:45:01 -0300] "GET /cormun/servlet/solicitudotadjuntos?37a7e61462a346b0fcd83d071d39b21c2dcb34efe946a3ffb0e084f7c4daf637,gx-no-cache=1520261053007 HTTP/1.1" 200 30
186.103.159.43 - - [05/Mar/2018:11:45:02 -0300] "POST /cormun/servlet/solicitudotadjuntos?bf6545e62b0e80e2a58a84d820c4a476,INS,2018,9996,,1, HTTP/1.1" 200 116
186.103.159.43 - - [05/Mar/2018:11:45:02 -0300] "GET /cormun/servlet/hpexe_return? HTTP/1.1" 200 1027
186.103.159.43 - - [05/Mar/2018:11:45:02 -0300] "GET /cormun/servlet/trsolicitudadjuntos?2018,9996, HTTP/1.1" 200 8805
192.168.10.56 - - [05/Mar/2018:11:45:03 -0300] "POST /cormun/servlet/trsolicitudgral?c967522d3182b5c31d5a761c445aa71a,,gx-no-cache=1520260942590 HTTP/1.1" 200 11267
186.103.159.43 - - [05/Mar/2018:11:45:03 -0300] "GET /cormun/servlet/trsolicitudadjuntos?2018,9996, HTTP/1.1" 200 8802
190.151.100.218 - - [05/Mar/2018:11:45:04 -0300] "GET /cormun/servlet/trautorizarsolicitud? HTTP/1.1" 200 7323
190.151.100.218 - - [05/Mar/2018:11:45:05 -0300] "GET /cormun/servlet/trautorizarsolicitud? HTTP/1.1" 200 7322
186.103.159.43 - - [05/Mar/2018:11:45:12 -0300] "GET /cormun/servlet/solicitudotadjuntos?INS,2018,9996,,1, HTTP/1.1" 200 5974
186.103.159.43 - - [05/Mar/2018:11:45:13 -0300] "GET /cormun/static/about:blank HTTP/1.1" 404 1011
186.103.159.43 - - [05/Mar/2018:11:45:13 -0300] "GET /cormun/servlet/solicitudotadjuntos?INS,2018,9996,,1, HTTP/1.1" 200 5967
190.151.100.218 - - [05/Mar/2018:11:45:13 -0300] "POST /cormun/servlet/trautorizarsolicitud?1c2e1afa1460b0d254975771a1b1fb6a,,gx-no-cache=1520261064045 HTTP/1.1" 200 5763
186.103.159.43 - - [05/Mar/2018:11:45:13 -0300] "GET /cormun/servlet/solicitudotadjuntos?37a7e61462a346b0fcd83d071d39b21c7dbce5600bb161f7582379068bf748faa5092f16861a32aaa12c3dc9276e99aa,gx-no-cache=1520261065432 HTTP/1.1" 200 30
186.103.159.43 - - [05/Mar/2018:11:45:14 -0300] "POST /cormun/servlet/solicitudotadjuntos?bf6545e62b0e80e2a58a84d820c4a476,INS,2018,9996,,1,,gx-no-cache=1520261065502 HTTP/1.1" 200 3794
190.151.100.218 - - [05/Mar/2018:11:45:17 -0300] "POST /cormun/servlet/trautorizarsolicitud?1c2e1afa1460b0d254975771a1b1fb6a,,gx-no-cache=1520261067436 HTTP/1.1" 200 4628
190.151.100.218 - - [05/Mar/2018:11:45:17 -0300] "GET /cormun/static/Shared/jqueryui/images/ui-bg_highlight-soft_100_c6c2c8_1x100.png HTTP/1.1" 404 1117
200.111.122.170 - - [05/Mar/2018:11:45:17 -0300] "GET /cormun/static/Shared/jqueryui/images/ui-bg_flat_55_fafafa_40x100.png HTTP/1.1" 404 1097
186.103.132.155 - - [05/Mar/2018:11:45:17 -0300] "GET /cormun/static/Shared/jqueryui/images/ui-icons_82798d_256x240.png HTTP/1.1" 404 1089
190.151.100.218 - - [05/Mar/2018:11:45:17 -0300] "GET /cormun/static/Shared/jqueryui/images/ui-icons_8d78a5_256x240.png HTTP/1.1" 404 1089
190.151.100.218 - - [05/Mar/2018:11:45:17 -0300] "POST /cormun/servlet/trautorizarsolicitud?1c2e1afa1460b0d254975771a1b1fb6a,,gx-no-cache=1520261067693 HTTP/1.1" 200 4391
186.103.159.43 - - [05/Mar/2018:11:45:22 -0300] "POST /cormun/servlet/solicitudotadjuntos?gx-no-cache=1520261073966 HTTP/1.1" 200 26
186.103.159.43 - - [05/Mar/2018:11:45:52 -0300] "GET /cormun/servlet/solicitudotadjuntos?37a7e61462a346b0fcd83d071d39b21c2dcb34efe946a3ffb0e084f7c4daf637,gx-no-cache=1520261103866 HTTP/1.1" 200 30
186.103.159.43 - - [05/Mar/2018:11:45:52 -0300] "GET /cormun/servlet/solicitudotadjuntos?37a7e61462a346b0fcd83d071d39b21c2dcb34efe946a3ffb0e084f7c4daf637,gx-no-cache=1520261103919 HTTP/1.1" 200 30
186.103.159.43 - - [05/Mar/2018:11:45:52 -0300] "POST /cormun/servlet/solicitudotadjuntos?bf6545e62b0e80e2a58a84d820c4a476,INS,2018,9996,,1, HTTP/1.1" 200 116
186.103.159.43 - - [05/Mar/2018:11:45:52 -0300] "GET /cormun/servlet/hpexe_return? HTTP/1.1" 200 1027
186.103.159.43 - - [05/Mar/2018:11:45:53 -0300] "GET /cormun/servlet/trsolicitudadjuntos?2018,9996, HTTP/1.1" 200 8945
186.103.159.43 - - [05/Mar/2018:11:45:54 -0300] "GET /cormun/servlet/trsolicitudadjuntos?2018,9996, HTTP/1.1" 200 8944
186.103.159.43 - - [05/Mar/2018:11:46:01 -0300] "GET /cormun/servlet/solicitudotadjuntos?INS,2018,9996,,1, HTTP/1.1" 200 5975
186.103.159.43 - - [05/Mar/2018:11:46:02 -0300] "GET /cormun/static/about:blank HTTP/1.1" 404 1011
186.103.159.43 - - [05/Mar/2018:11:46:02 -0300] "GET /cormun/servlet/solicitudotadjuntos?INS,2018,9996,,1, HTTP/1.1" 200 5968
186.103.159.43 - - [05/Mar/2018:11:46:02 -0300] "GET /cormun/servlet/solicitudotadjuntos?37a7e61462a346b0fcd83d071d39b21c7dbce5600bb161f7582379068bf748faa5092f16861a32aaa12c3dc9276e99aa,gx-no-cache=1520261114314 HTTP/1.1" 200 30
186.103.159.43 - - [05/Mar/2018:11:46:02 -0300] "POST /cormun/servlet/solicitudotadjuntos?bf6545e62b0e80e2a58a84d820c4a476,INS,2018,9996,,1,,gx-no-cache=1520261114362 HTTP/1.1" 200 3794
192.168.10.56 - - [05/Mar/2018:11:46:08 -0300] "POST /cormun/servlet/trsolicitudgral?c967522d3182b5c31d5a761c445aa71a,,gx-no-cache=1520261007916 HTTP/1.1" 200 17479
186.103.159.43 - - [05/Mar/2018:11:46:09 -0300] "POST /cormun/servlet/solicitudotadjuntos?gx-no-cache=1520261120646 HTTP/1.1" 200 26
192.168.10.96 - - [05/Mar/2018:11:46:14 -0300] "POST /cormun/servlet/trsolicitudgral?f93fef4b366823c15ff0613be9c2e146,,gx-no-cache=1520261013648 HTTP/1.1" 200 5946
186.103.159.43 - - [05/Mar/2018:11:46:14 -0300] "GET /cormun/servlet/solicitudotadjuntos?37a7e61462a346b0fcd83d071d39b21c2dcb34efe946a3ffb0e084f7c4daf637,gx-no-cache=1520261126249 HTTP/1.1" 200 30
186.103.159.43 - - [05/Mar/2018:11:46:14 -0300] "GET /cormun/servlet/solicitudotadjuntos?37a7e61462a346b0fcd83d071d39b21c2dcb34efe946a3ffb0e084f7c4daf637,gx-no-cache=1520261126287 HTTP/1.1" 200 30
186.103.159.43 - - [05/Mar/2018:11:46:15 -0300] "POST /cormun/servlet/solicitudotadjuntos?bf6545e62b0e80e2a58a84d820c4a476,INS,2018,9996,,1, HTTP/1.1" 200 116
186.103.159.43 - - [05/Mar/2018:11:46:15 -0300] "GET /cormun/servlet/hpexe_return? HTTP/1.1" 200 1027
186.103.159.43 - - [05/Mar/2018:11:46:15 -0300] "GET /cormun/servlet/trsolicitudadjuntos?2018,9996, HTTP/1.1" 200 9184
186.103.159.43 - - [05/Mar/2018:11:46:16 -0300] "GET /cormun/servlet/trsolicitudadjuntos?2018,9996, HTTP/1.1" 200 9182
192.168.10.96 - - [05/Mar/2018:11:46:26 -0300] "POST /cormun/servlet/trsolicitudgral?f93fef4b366823c15ff0613be9c2e146,,gx-no-cache=1520261021240 HTTP/1.1" 200 25801
186.103.159.43 - - [05/Mar/2018:11:46:29 -0300] "GET /cormun/servlet/solicitudotadjuntos?INS,2018,9996,,1, HTTP/1.1" 200 5975
186.103.159.43 - - [05/Mar/2018:11:46:29 -0300] "GET /cormun/static/about:blank HTTP/1.1" 404 1011
186.103.159.43 - - [05/Mar/2018:11:46:29 -0300] "GET /cormun/servlet/solicitudotadjuntos?INS,2018,9996,,1, HTTP/1.1" 200 5968
186.103.159.43 - - [05/Mar/2018:11:46:30 -0300] "GET /cormun/servlet/solicitudotadjuntos?37a7e61462a346b0fcd83d071d39b21c7dbce5600bb161f7582379068bf748faa5092f16861a32aaa12c3dc9276e99aa,gx-no-cache=1520261141845 HTTP/1.1" 200 30
186.103.159.43 - - [05/Mar/2018:11:46:30 -0300] "POST /cormun/servlet/solicitudotadjuntos?bf6545e62b0e80e2a58a84d820c4a476,INS,2018,9996,,1,,gx-no-cache=1520261141881 HTTP/1.1" 200 3794
186.103.159.43 - - [05/Mar/2018:11:46:33 -0300] "POST /cormun/servlet/solicitudotadjuntos?gx-no-cache=1520261145431 HTTP/1.1" 200 26
192.168.10.96 - - [05/Mar/2018:11:46:34 -0300] "POST /cormun/servlet/trsolicitudgral?f93fef4b366823c15ff0613be9c2e146,,gx-no-cache=1520261034379 HTTP/1.1" 200 11296
186.103.159.43 - - [05/Mar/2018:11:46:39 -0300] "GET /cormun/servlet/solicitudotadjuntos?37a7e61462a346b0fcd83d071d39b21c2dcb34efe946a3ffb0e084f7c4daf637,gx-no-cache=1520261150822 HTTP/1.1" 200 30
186.103.159.43 - - [05/Mar/2018:11:46:39 -0300] "GET /cormun/servlet/solicitudotadjuntos?37a7e61462a346b0fcd83d071d39b21c2dcb34efe946a3ffb0e084f7c4daf637,gx-no-cache=1520261150856 HTTP/1.1" 200 30
192.168.10.96 - - [05/Mar/2018:11:46:39 -0300] "POST /cormun/servlet/trsolicitudgral?f93fef4b366823c15ff0613be9c2e146,,gx-no-cache=1520261038874 HTTP/1.1" 200 8141
186.103.159.43 - - [05/Mar/2018:11:46:39 -0300] "POST /cormun/servlet/solicitudotadjuntos?bf6545e62b0e80e2a58a84d820c4a476,INS,2018,9996,,1, HTTP/1.1" 200 116
186.103.159.43 - - [05/Mar/2018:11:46:39 -0300] "GET /cormun/servlet/hpexe_return? HTTP/1.1" 200 1027
186.103.159.43 - - [05/Mar/2018:11:46:40 -0300] "GET /cormun/servlet/trsolicitudadjuntos?2018,9996, HTTP/1.1" 200 9436
186.103.159.43 - - [05/Mar/2018:11:46:41 -0300] "GET /cormun/servlet/trsolicitudadjuntos?2018,9996, HTTP/1.1" 200 9436
192.168.10.96 - - [05/Mar/2018:11:46:51 -0300] "POST /cormun/servlet/trsolicitudgral?f93fef4b366823c15ff0613be9c2e146,,gx-no-cache=1520261050834 HTTP/1.1" 200 11295
192.168.10.56 - - [05/Mar/2018:11:46:55 -0300] "POST /cormun/servlet/trsolicitudgral?c967522d3182b5c31d5a761c445aa71a,,gx-no-cache=1520261054282 HTTP/1.1" 200 17132
186.103.159.43 - - [05/Mar/2018:11:46:58 -0300] "GET /cormun/servlet/hlogin HTTP/1.1" 200 1719
186.103.159.43 - - [05/Mar/2018:11:47:01 -0300] "POST /cormun/servlet/hlogin?fa76641718bcd52960167df3cfad8ae6,gx-no-cache=1520261173062 HTTP/1.1" 200 90
186.103.159.43 - - [05/Mar/2018:11:47:01 -0300] "GET /cormun/servlet/hpexe_link HTTP/1.1" 200 952
186.103.159.43 - - [05/Mar/2018:11:47:01 -0300] "GET /cormun/servlet/hhome HTTP/1.1" 200 3932
186.103.159.43 - - [05/Mar/2018:11:47:02 -0300] "GET /cormun/servlet/hhome HTTP/1.1" 200 3928
186.103.159.43 - - [05/Mar/2018:11:47:05 -0300] "GET /cormun/servlet/trsolicitudot? HTTP/1.1" 200 8491
186.103.159.43 - - [05/Mar/2018:11:47:06 -0300] "GET /cormun/servlet/trsolicitudot? HTTP/1.1" 200 8489
192.168.10.56 - - [05/Mar/2018:11:47:06 -0300] "POST /cormun/servlet/trsolicitudgral?c967522d3182b5c31d5a761c445aa71a,,gx-no-cache=1520261066233 HTTP/1.1" 200 16804
192.168.10.96 - - [05/Mar/2018:11:47:14 -0300] "POST /cormun/servlet/trsolicitudgral?f93fef4b366823c15ff0613be9c2e146,,gx-no-cache=1520261073521 HTTP/1.1" 200 8141
186.103.159.43 - - [05/Mar/2018:11:47:20 -0300] "POST /cormun/servlet/trsolicitudot?fa76641718bcd52960167df3cfad8ae6,,gx-no-cache=1520261192114 HTTP/1.1" 200 4468
192.168.10.96 - - [05/Mar/2018:11:47:20 -0300] "POST /cormun/servlet/trsolicitudgral?f93fef4b366823c15ff0613be9c2e146,,gx-no-cache=1520261080176 HTTP/1.1" 200 11295
186.103.159.43 - - [05/Mar/2018:11:47:20 -0300] "GET /cormun/static/Shared/jqueryui/images/ui-bg_highlight-soft_100_c6c2c8_1x100.png HTTP/1.1" 404 1117
186.103.159.43 - - [05/Mar/2018:11:47:20 -0300] "GET /cormun/static/Shared/jqueryui/images/ui-icons_82798d_256x240.png HTTP/1.1" 404 1089
186.103.159.43 - - [05/Mar/2018:11:47:20 -0300] "GET /cormun/static/Shared/jqueryui/images/ui-bg_flat_55_fafafa_40x100.png HTTP/1.1" 404 1097
186.103.159.43 - - [05/Mar/2018:11:47:20 -0300] "GET /cormun/static/Shared/jqueryui/images/ui-icons_8d78a5_256x240.png HTTP/1.1" 404 1089
186.103.159.43 - - [05/Mar/2018:11:47:20 -0300] "POST /cormun/servlet/trsolicitudot?fa76641718bcd52960167df3cfad8ae6,,gx-no-cache=1520261192373 HTTP/1.1" 200 4256
192.168.10.96 - - [05/Mar/2018:11:47:37 -0300] "POST /cormun/servlet/trsolicitudgral?f93fef4b366823c15ff0613be9c2e146,,gx-no-cache=1520261097424 HTTP/1.1" 200 8141
192.168.10.96 - - [05/Mar/2018:11:47:41 -0300] "POST /cormun/servlet/trsolicitudgral?f93fef4b366823c15ff0613be9c2e146,,gx-no-cache=1520261101216 HTTP/1.1" 200 15961
192.168.10.96 - - [05/Mar/2018:11:47:51 -0300] "POST /cormun/servlet/trsolicitudgral?f93fef4b366823c15ff0613be9c2e146,,gx-no-cache=1520261110585 HTTP/1.1" 200 5962
192.168.10.96 - - [05/Mar/2018:11:47:57 -0300] "POST /cormun/servlet/trsolicitudgral?f93fef4b366823c15ff0613be9c2e146,,gx-no-cache=1520261117128 HTTP/1.1" 200 7307
192.168.10.56 - - [05/Mar/2018:11:48:01 -0300] "GET /cormun/servlet/solicitudgral?UPD,2018,8178, HTTP/1.1" 200 12760
