186.103.159.189 - - [05/Mar/2018:09:34:43 -0300] "GET /cormun/static/scaMessage/css/jquery.pnotify.default.css?1716380 HTTP/1.1" 200 1707
186.103.159.189 - - [05/Mar/2018:09:34:43 -0300] "GET /cormun/static/PXToolsJavascripts/pexe_autoreload.js HTTP/1.1" 200 1762
186.103.159.189 - - [05/Mar/2018:09:34:43 -0300] "GET /cormun/static/PXToolsJavascripts/pexe_cookies.js HTTP/1.1" 200 792
186.103.159.189 - - [05/Mar/2018:09:34:43 -0300] "GET /cormun/static/PXToolsJavascripts/pexe_windows.js HTTP/1.1" 200 15207
186.103.159.189 - - [05/Mar/2018:09:34:43 -0300] "GET /cormun/static/PXToolsJavascripts/pexe_grid.js HTTP/1.1" 200 7559
186.103.159.189 - - [05/Mar/2018:09:34:43 -0300] "GET /cormun/static/PXToolsJavascripts/pexe_griddivfix.js HTTP/1.1" 200 6644
186.103.159.189 - - [05/Mar/2018:09:34:43 -0300] "GET /cormun/static/PXToolsJavascripts/pexe_link.js HTTP/1.1" 200 5671
186.103.159.189 - - [05/Mar/2018:09:34:43 -0300] "GET /cormun/static/PXToolsJavascripts/pexe_menudivfix.js HTTP/1.1" 200 333
186.103.159.189 - - [05/Mar/2018:09:34:43 -0300] "GET /cormun/static/PXToolsJavascripts/pexe_menus.js HTTP/1.1" 200 1286
186.103.159.189 - - [05/Mar/2018:09:34:43 -0300] "GET /cormun/static/PXToolsJavascripts/pexe_layers.js HTTP/1.1" 200 4114
186.103.159.189 - - [05/Mar/2018:09:34:43 -0300] "GET /cormun/static/PXToolsJavascripts/pexe_oavdivfix.js HTTP/1.1" 200 639
186.103.159.189 - - [05/Mar/2018:09:34:43 -0300] "GET /cormun/static/PXToolsJavascripts/pexe_oav.js HTTP/1.1" 200 645
186.103.159.189 - - [05/Mar/2018:09:34:43 -0300] "GET /cormun/static/PXToolsJavascripts/pexe_picture.js HTTP/1.1" 200 689
186.103.159.189 - - [05/Mar/2018:09:34:43 -0300] "GET /cormun/static/PXToolsJavascripts/pexe_popup.js HTTP/1.1" 200 13458
186.103.159.189 - - [05/Mar/2018:09:34:43 -0300] "GET /cormun/static/PXToolsJavascripts/pexe_scrolldiv.js HTTP/1.1" 200 4138
186.103.159.189 - - [05/Mar/2018:09:34:43 -0300] "GET /cormun/static/PXToolsJavascripts/pexe_tabdivfix.js HTTP/1.1" 200 876
186.103.159.189 - - [05/Mar/2018:09:34:43 -0300] "GET /cormun/static/PXToolsJavascripts/pexe_tabs.js HTTP/1.1" 200 3748
186.103.159.189 - - [05/Mar/2018:09:34:43 -0300] "GET /cormun/static/PXToolsJavascripts/pexe_upload.js HTTP/1.1" 200 1423
186.103.159.189 - - [05/Mar/2018:09:34:43 -0300] "GET /cormun/static/PXToolsJavascripts/PXToolsJavascriptsRender.js HTTP/1.1" 200 367
186.103.159.189 - - [05/Mar/2018:09:34:44 -0300] "GET /cormun/static/RunJS/RunJS.js HTTP/1.1" 200 288
186.103.159.189 - - [05/Mar/2018:09:34:44 -0300] "GET /cormun/static/Shared/ext/ext-all.js HTTP/1.1" 200 1289687
186.103.159.189 - - [05/Mar/2018:09:34:44 -0300] "GET /cormun/static/gxui/gxui-all.js HTTP/1.1" 200 107772
186.103.159.189 - - [05/Mar/2018:09:34:45 -0300] "GET /cormun/static/Shared/ext/locale/ext-lang-en.js HTTP/1.1" 200 10940
186.103.159.189 - - [05/Mar/2018:09:34:45 -0300] "GET /cormun/static/hhome.js?20175251212450 HTTP/1.1" 200 777
186.103.159.189 - - [05/Mar/2018:09:34:45 -0300] "GET /cormun/static/hwchdr01.js?201752511465785 HTTP/1.1" 200 1183
186.103.159.189 - - [05/Mar/2018:09:34:45 -0300] "GET /cormun/static/hpexe_recentlink.js?20177611595044 HTTP/1.1" 200 2144
186.103.159.189 - - [05/Mar/2018:09:34:45 -0300] "GET /cormun/static/hpexe_scripts.js?201752511465715 HTTP/1.1" 200 1544
186.103.159.189 - - [05/Mar/2018:09:34:45 -0300] "GET /cormun/static/hpexe_messagecontroller.js?20177611595012 HTTP/1.1" 200 870
186.103.159.189 - - [05/Mar/2018:09:34:45 -0300] "GET /cormun/static/hpexe_messagepopupcomponent.js?20161017169425 HTTP/1.1" 200 605
186.103.159.189 - - [05/Mar/2018:09:34:45 -0300] "GET /cormun/static/hpexe_messagegenexuscomponent.js?201752511465344 HTTP/1.1" 200 587
186.103.159.189 - - [05/Mar/2018:09:34:45 -0300] "GET /cormun/static/cmcontrolpreferences.js?201752511465670 HTTP/1.1" 200 1375
186.103.159.189 - - [05/Mar/2018:09:34:45 -0300] "GET /cormun/static/Shared/jquery/jquery-1.4.2.min.js HTTP/1.1" 200 72174
186.103.159.189 - - [05/Mar/2018:09:34:45 -0300] "GET /cormun/static/Shared/jquery/jquery-1.10.2.min.js HTTP/1.1" 200 273199
186.103.159.189 - - [05/Mar/2018:09:34:45 -0300] "GET /cormun/static/Shared/jqueryui/jquery-ui.min.js HTTP/1.1" 200 240427
186.103.159.189 - - [05/Mar/2018:09:34:45 -0300] "GET /cormun/static/SmoothNavMenu/resources/ddsmoothmenu.js HTTP/1.1" 200 12712
186.103.159.189 - - [05/Mar/2018:09:34:45 -0300] "GET /cormun/static/SmoothNavMenu/resources/SmoothNavMenuRender.js HTTP/1.1" 200 5951
186.103.159.189 - - [05/Mar/2018:09:34:45 -0300] "GET /cormun/static/scaMessage/js/jquery.pnotify.min.js HTTP/1.1" 200 13038
186.103.159.189 - - [05/Mar/2018:09:34:45 -0300] "GET /cormun/static/scaMessage/scaMessageRender.js HTTP/1.1" 200 11977
186.103.159.189 - - [05/Mar/2018:09:34:46 -0300] "GET /cormun/static/hmpwkw03.js?20177612122668 HTTP/1.1" 200 3965
186.103.159.189 - - [05/Mar/2018:09:34:46 -0300] "GET /cormun/static/Resources/logo4.png HTTP/1.1" 200 6582
186.103.159.189 - - [05/Mar/2018:09:34:46 -0300] "GET /cormun/static/Resources/PXToolsHeaderActionsLeft.png HTTP/1.1" 200 1118
186.103.159.189 - - [05/Mar/2018:09:34:46 -0300] "GET /cormun/static/Resources/PXToolsHeaderHome.png HTTP/1.1" 200 4147
186.103.159.189 - - [05/Mar/2018:09:34:46 -0300] "GET /cormun/static/Resources/PXToolsHeaderLogin.png HTTP/1.1" 200 4279
186.103.159.189 - - [05/Mar/2018:09:34:46 -0300] "GET /cormun/static/Resources/PXToolsHeaderPreferences.png HTTP/1.1" 200 4189
186.103.159.189 - - [05/Mar/2018:09:34:46 -0300] "GET /cormun/static/Resources/PXToolsHeaderSecurity.png HTTP/1.1" 200 4166
186.103.159.189 - - [05/Mar/2018:09:34:46 -0300] "GET /cormun/static/Resources/PXToolsHeaderActionsRight.png HTTP/1.1" 200 1201
186.103.159.189 - - [05/Mar/2018:09:34:46 -0300] "GET /cormun/static/gxcfg.js?20175251212442 HTTP/1.1" 200 953
186.103.159.189 - - [05/Mar/2018:09:34:47 -0300] "GET /cormun/static/Resources/PXToolsFooterBackground2.png HTTP/1.1" 200 1172
186.103.159.189 - - [05/Mar/2018:09:34:47 -0300] "GET /cormun/static/Resources/PXToolsHeaderBackground2.png HTTP/1.1" 200 1174
186.103.159.189 - - [05/Mar/2018:09:34:47 -0300] "GET /cormun/static/Resources/PXToolsHeaderActionsBackground.png HTTP/1.1" 200 484
186.103.159.189 - - [05/Mar/2018:09:34:47 -0300] "GET /cormun/static/Resources/PXToolsDataTitle.png HTTP/1.1" 200 1173
186.103.159.189 - - [05/Mar/2018:09:34:48 -0300] "GET /cormun/servlet/hhome HTTP/1.1" 200 3966
186.103.159.189 - - [05/Mar/2018:09:34:48 -0300] "GET /cormun/static/SmoothNavMenu/resources/images/down.gif HTTP/1.1" 200 854
190.151.100.218 - - [05/Mar/2018:09:34:49 -0300] "GET /cormun/servlet/solicitudot?ab225b9d4dcfbefa68320ad8f8c2e0a8e2f3f4032f452e165556ca63b2739d0c71528bfee8fec469f50e7fb941fa1545,gx-no-cache=1520253241013 HTTP/1.1" 200 30
186.103.159.189 - - [05/Mar/2018:09:34:57 -0300] "GET /cormun/servlet/trlicencias? HTTP/1.1" 200 8414
186.103.159.189 - - [05/Mar/2018:09:34:57 -0300] "GET /cormun/static/gxui/gxui-all.css?110300 HTTP/1.1" 200 2179
186.103.159.189 - - [05/Mar/2018:09:34:57 -0300] "GET /cormun/static/calendar-system.css?75620 HTTP/1.1" 200 5572
186.103.159.189 - - [05/Mar/2018:09:34:57 -0300] "GET /cormun/static/Resources/Spanish/PXTools.css?17315867 HTTP/1.1" 200 89042
186.103.159.189 - - [05/Mar/2018:09:34:57 -0300] "GET /cormun/static/gxcfg.js?20176272054169 HTTP/1.1" 200 953
186.103.159.189 - - [05/Mar/2018:09:34:57 -0300] "GET /cormun/static/calendar.js?85251 HTTP/1.1" 200 26246
186.103.159.189 - - [05/Mar/2018:09:34:57 -0300] "GET /cormun/static/calendar-setup.js?85251 HTTP/1.1" 200 2588
186.103.159.189 - - [05/Mar/2018:09:34:57 -0300] "GET /cormun/static/calendar-es.js?85251 HTTP/1.1" 200 1901
186.103.159.189 - - [05/Mar/2018:09:34:58 -0300] "GET /cormun/static/gxdec.js?85251 HTTP/1.1" 200 19579
186.103.159.189 - - [05/Mar/2018:09:34:58 -0300] "GET /cormun/static/trlicencias.js?20176272054837 HTTP/1.1" 200 41883
186.103.159.189 - - [05/Mar/2018:09:34:58 -0300] "GET /cormun/static/Resources/PXTools/calendar.png HTTP/1.1" 200 1306
186.103.159.189 - - [05/Mar/2018:09:34:58 -0300] "GET /cormun/static/Shared/ext/resources/css/ext-all.css?205870 HTTP/1.1" 200 416045
186.103.159.189 - - [05/Mar/2018:09:34:58 -0300] "GET /cormun/static/Resources/PXToolsDataSearch.png HTTP/1.1" 200 419
186.103.159.189 - - [05/Mar/2018:09:34:58 -0300] "GET /cormun/static/Resources/PXToolsGridFirstDisabled.gif HTTP/1.1" 200 100
186.103.159.189 - - [05/Mar/2018:09:34:58 -0300] "GET /cormun/static/Resources/PXToolsGridPreviousDisabled.gif HTTP/1.1" 200 90
186.103.159.189 - - [05/Mar/2018:09:34:58 -0300] "GET /cormun/static/Resources/PXToolsGridNextDisabled.gif HTTP/1.1" 200 90
186.103.159.189 - - [05/Mar/2018:09:34:58 -0300] "GET /cormun/static/Resources/PXToolsGridLastDisabled.gif HTTP/1.1" 200 98
186.103.159.189 - - [05/Mar/2018:09:34:58 -0300] "GET /cormun/static/Resources/PXToolsGridPage.gif HTTP/1.1" 200 725
186.103.159.189 - - [05/Mar/2018:09:34:58 -0300] "GET /cormun/static/Resources/PXToolsActionExcel.png HTTP/1.1" 200 3187
186.103.159.189 - - [05/Mar/2018:09:34:58 -0300] "GET /cormun/static/Resources/PXToolsGridNew.png HTTP/1.1" 200 2949
186.103.159.189 - - [05/Mar/2018:09:35:00 -0300] "GET /cormun/static/Resources/asc.gif HTTP/1.1" 200 67
186.103.159.189 - - [05/Mar/2018:09:35:00 -0300] "GET /cormun//static/Resources/PXToolsActionDisabled.gif HTTP/1.1" 200 53
186.103.159.189 - - [05/Mar/2018:09:35:00 -0300] "GET /cormun//static/Resources/PXToolsGridDisplay.png HTTP/1.1" 200 362
186.103.159.189 - - [05/Mar/2018:09:35:00 -0300] "GET /cormun//static/Resources/PXTools/ActionInsert.png HTTP/1.1" 200 1482
186.103.159.189 - - [05/Mar/2018:09:35:00 -0300] "GET /cormun/static/Resources/desc.gif HTTP/1.1" 200 65
186.103.159.189 - - [05/Mar/2018:09:35:00 -0300] "GET /cormun/servlet/trlicencias? HTTP/1.1" 200 8411
186.103.159.189 - - [05/Mar/2018:09:35:00 -0300] "GET /cormun//static/Resources/PXToolsActionPrint.png HTTP/1.1" 200 3317
186.103.159.189 - - [05/Mar/2018:09:35:00 -0300] "GET /cormun//static/Resources/PXToolsHeaderHelp.png HTTP/1.1" 200 4055
186.103.159.189 - - [05/Mar/2018:09:35:00 -0300] "GET /cormun//static/Resources/PXToolsHeaderFavorites.png HTTP/1.1" 200 2744
186.103.159.189 - - [05/Mar/2018:09:35:00 -0300] "GET /cormun/static/Shared/ext/resources/themes/images/default/panel/bg-headersPanel.png HTTP/1.1" 200 255
186.103.159.189 - - [05/Mar/2018:09:35:00 -0300] "GET /cormun/static/Shared/ext/resources/themes/images/default/tools/tool-sprites.gif HTTP/1.1" 200 5434
186.103.157.246 - - [05/Mar/2018:09:35:22 -0300] "GET /cormun/servlet/solicitudotadjuntos?INS,2018,9976,,1, HTTP/1.1" 200 5916
186.103.157.246 - - [05/Mar/2018:09:35:22 -0300] "GET /cormun/static/about:blank HTTP/1.1" 404 1011
186.103.157.246 - - [05/Mar/2018:09:35:22 -0300] "GET /cormun/static/about:blank HTTP/1.1" 404 1011
186.103.157.246 - - [05/Mar/2018:09:35:23 -0300] "GET /cormun/servlet/solicitudotadjuntos?3d834c0e6a7b562014dbb3ba4dfb14993bdd029e17e3e591ec77ed276f5fbf41d4ba03bc39c231a9fb4d18219abff251,gx-no-cache=1520253275015 HTTP/1.1" 200 30
186.103.157.246 - - [05/Mar/2018:09:35:26 -0300] "POST /cormun/servlet/solicitudotadjuntos?af75baf3a6b79b4ecf0c60d6f47704c6,INS,2018,9976,,1,,gx-no-cache=1520253275498 HTTP/1.1" 200 3814
186.103.157.246 - - [05/Mar/2018:09:35:30 -0300] "POST /cormun/servlet/solicitudotadjuntos?gx-no-cache=1520253281654 HTTP/1.1" 200 26
186.103.157.246 - - [05/Mar/2018:09:35:33 -0300] "POST /cormun/servlet/solicitudotadjuntos?gx-no-cache=1520253284709 HTTP/1.1" 200 26
186.103.157.246 - - [05/Mar/2018:09:35:40 -0300] "GET /cormun/servlet/solicitudotadjuntos?3d834c0e6a7b562014dbb3ba4dfb149940022ffcab17cc82f6959a78732f8bfa,gx-no-cache=1520253291877 HTTP/1.1" 200 30
186.103.157.246 - - [05/Mar/2018:09:35:40 -0300] "GET /cormun/servlet/solicitudotadjuntos?3d834c0e6a7b562014dbb3ba4dfb149940022ffcab17cc82f6959a78732f8bfa,gx-no-cache=1520253291954 HTTP/1.1" 200 30
186.103.157.246 - - [05/Mar/2018:09:35:53 -0300] "POST /cormun/servlet/solicitudotadjuntos?af75baf3a6b79b4ecf0c60d6f47704c6,INS,2018,9976,,1, HTTP/1.1" 200 116
186.103.157.246 - - [05/Mar/2018:09:35:53 -0300] "GET /cormun/servlet/hpexe_return? HTTP/1.1" 200 1011
186.103.157.246 - - [05/Mar/2018:09:35:54 -0300] "GET /cormun/servlet/trsolicitudadjuntos?2018,9976, HTTP/1.1" 200 8524
186.103.157.246 - - [05/Mar/2018:09:36:07 -0300] "GET /cormun/servlet/solicitudotadjuntos?INS,2018,9976,,1, HTTP/1.1" 200 5916
186.103.157.246 - - [05/Mar/2018:09:36:07 -0300] "GET /cormun/static/about:blank HTTP/1.1" 404 1011
186.103.157.246 - - [05/Mar/2018:09:36:07 -0300] "GET /cormun/static/about:blank HTTP/1.1" 404 1011
186.103.157.246 - - [05/Mar/2018:09:36:09 -0300] "GET /cormun/servlet/solicitudotadjuntos?3d834c0e6a7b562014dbb3ba4dfb14993bdd029e17e3e591ec77ed276f5fbf41d4ba03bc39c231a9fb4d18219abff251,gx-no-cache=1520253320483 HTTP/1.1" 200 30
186.103.157.246 - - [05/Mar/2018:09:36:09 -0300] "POST /cormun/servlet/solicitudotadjuntos?af75baf3a6b79b4ecf0c60d6f47704c6,INS,2018,9976,,1,,gx-no-cache=1520253320849 HTTP/1.1" 200 3814
186.103.157.246 - - [05/Mar/2018:09:36:14 -0300] "POST /cormun/servlet/solicitudotadjuntos?gx-no-cache=1520253325942 HTTP/1.1" 200 26
186.103.157.246 - - [05/Mar/2018:09:36:20 -0300] "GET /cormun/servlet/solicitudotadjuntos?3d834c0e6a7b562014dbb3ba4dfb149940022ffcab17cc82f6959a78732f8bfa,gx-no-cache=1520253332093 HTTP/1.1" 200 30
186.103.157.246 - - [05/Mar/2018:09:36:20 -0300] "GET /cormun/servlet/solicitudotadjuntos?3d834c0e6a7b562014dbb3ba4dfb149940022ffcab17cc82f6959a78732f8bfa,gx-no-cache=1520253332168 HTTP/1.1" 200 30
186.103.157.246 - - [05/Mar/2018:09:36:23 -0300] "POST /cormun/servlet/solicitudotadjuntos?af75baf3a6b79b4ecf0c60d6f47704c6,INS,2018,9976,,1, HTTP/1.1" 200 116
186.103.157.246 - - [05/Mar/2018:09:36:23 -0300] "GET /cormun/servlet/hpexe_return? HTTP/1.1" 200 1011
186.103.157.246 - - [05/Mar/2018:09:36:23 -0300] "GET /cormun/servlet/trsolicitudadjuntos?2018,9976, HTTP/1.1" 200 8704
186.103.157.246 - - [05/Mar/2018:09:36:27 -0300] "GET /cormun/servlet/solicitudotadjuntos?INS,2018,9976,,1, HTTP/1.1" 200 5916
186.103.157.246 - - [05/Mar/2018:09:36:27 -0300] "GET /cormun/static/about:blank HTTP/1.1" 404 1011
186.103.157.246 - - [05/Mar/2018:09:36:28 -0300] "GET /cormun/static/about:blank HTTP/1.1" 404 1011
186.103.157.246 - - [05/Mar/2018:09:36:29 -0300] "GET /cormun/servlet/solicitudotadjuntos?3d834c0e6a7b562014dbb3ba4dfb14993bdd029e17e3e591ec77ed276f5fbf41d4ba03bc39c231a9fb4d18219abff251,gx-no-cache=1520253340421 HTTP/1.1" 200 30
186.103.157.246 - - [05/Mar/2018:09:36:29 -0300] "POST /cormun/servlet/solicitudotadjuntos?af75baf3a6b79b4ecf0c60d6f47704c6,INS,2018,9976,,1,,gx-no-cache=1520253340801 HTTP/1.1" 200 3814
186.103.157.246 - - [05/Mar/2018:09:36:33 -0300] "POST /cormun/servlet/solicitudotadjuntos?gx-no-cache=1520253344582 HTTP/1.1" 200 26
186.103.157.246 - - [05/Mar/2018:09:36:39 -0300] "GET /cormun/servlet/solicitudotadjuntos?3d834c0e6a7b562014dbb3ba4dfb149940022ffcab17cc82f6959a78732f8bfa,gx-no-cache=1520253350366 HTTP/1.1" 200 30
186.103.157.246 - - [05/Mar/2018:09:36:39 -0300] "GET /cormun/servlet/solicitudotadjuntos?3d834c0e6a7b562014dbb3ba4dfb149940022ffcab17cc82f6959a78732f8bfa,gx-no-cache=1520253350822 HTTP/1.1" 200 30
186.103.157.246 - - [05/Mar/2018:09:36:46 -0300] "POST /cormun/servlet/solicitudotadjuntos?af75baf3a6b79b4ecf0c60d6f47704c6,INS,2018,9976,,1, HTTP/1.1" 200 116
186.103.157.246 - - [05/Mar/2018:09:36:46 -0300] "GET /cormun/servlet/hpexe_return? HTTP/1.1" 200 1011
186.103.157.246 - - [05/Mar/2018:09:36:47 -0300] "GET /cormun/servlet/trsolicitudadjuntos?2018,9976, HTTP/1.1" 200 8853
186.103.157.246 - - [05/Mar/2018:09:36:53 -0300] "GET /cormun/servlet/solicitudotadjuntos?INS,2018,9976,,1, HTTP/1.1" 200 5916
186.103.157.246 - - [05/Mar/2018:09:36:53 -0300] "GET /cormun/static/about:blank HTTP/1.1" 404 1011
186.103.157.246 - - [05/Mar/2018:09:36:56 -0300] "GET /cormun/static/about:blank HTTP/1.1" 404 1011
186.103.157.246 - - [05/Mar/2018:09:36:57 -0300] "GET /cormun/servlet/solicitudotadjuntos?3d834c0e6a7b562014dbb3ba4dfb14993bdd029e17e3e591ec77ed276f5fbf41d4ba03bc39c231a9fb4d18219abff251,gx-no-cache=1520253368703 HTTP/1.1" 200 30
186.103.157.246 - - [05/Mar/2018:09:36:58 -0300] "POST /cormun/servlet/solicitudotadjuntos?af75baf3a6b79b4ecf0c60d6f47704c6,INS,2018,9976,,1,,gx-no-cache=1520253369099 HTTP/1.1" 200 3814
186.67.203.186 - - [05/Mar/2018:09:37:25 -0300] "GET /cormun/servlet/prbanco?,MD,,gxPopupLevel%3D0%3B HTTP/1.1" 200 6631
200.72.197.82 - - [05/Mar/2018:09:37:34 -0300] "GET /cormun/servlet/hlogin HTTP/1.1" 200 1726
200.72.197.82 - - [05/Mar/2018:09:37:35 -0300] "GET /cormun/static/gxtimezone.js?85251 HTTP/1.1" 304 -
200.72.197.82 - - [05/Mar/2018:09:37:35 -0300] "GET /cormun/static/messages.spa.js?85251 HTTP/1.1" 304 -
186.103.132.155 - - [05/Mar/2018:09:37:35 -0300] "GET /cormun/static/gxcfg.js?20175251213516 HTTP/1.1" 304 -
186.103.132.155 - - [05/Mar/2018:09:37:36 -0300] "GET /cormun/servlet/hlogin HTTP/1.1" 200 1732
186.103.156.24 - - [05/Mar/2018:09:37:45 -0300] "GET /cormun/servlet/solicitudot?29ae7ce4f45a305d1ea2b4244d760e656e177432ee55349beeda46d8daf975067f15c782bad17f453fdb6df521784aca,gx-no-cache=1520253415593 HTTP/1.1" 200 30
186.103.156.24 - - [05/Mar/2018:09:37:45 -0300] "GET /cormun/servlet/solicitudot?29ae7ce4f45a305d1ea2b4244d760e65ab2ab0c1c668bc7ca70f2e7dbface01c,gx-no-cache=1520253416090 HTTP/1.1" 200 29
200.72.197.82 - - [05/Mar/2018:09:38:03 -0300] "GET /cormun/servlet/solicitudot?ab225b9d4dcfbefa68320ad8f8c2e0a88adb243472d11fb539d4427e73cb13470e753c02eaa38d844bb8f8580ae60be335ce9abef544fca580ed6deb348ff6f6,gx-no-cache=1520253434900 HTTP/1.1" 200 30
200.72.197.82 - - [05/Mar/2018:09:38:08 -0300] "GET /cormun/servlet/solicitudot?ab225b9d4dcfbefa68320ad8f8c2e0a8a02c9ab2d92d4233679b98778511fa1d,gx-no-cache=1520253439911 HTTP/1.1" 200 70
186.103.156.24 - - [05/Mar/2018:09:38:35 -0300] "GET /cormun/servlet/solicitudot?29ae7ce4f45a305d1ea2b4244d760e65596c565a333a3142c48cb7cecf65d2badf99c62adcf39e06d6b6e300686808956430aec820d67e9b4ad18e17f49bd5391ea0675e3329410fc02f90dbb25f6cc11cee136f4f15eca5bc0c9e97fed30f3e388778fadaa051add97806ffebe31f8c028a26e0978022c831599fb81f6da97c77aaa8639ff69daeb4c23e606565e0e31363c7d0c6d903ab353904aeac805bbb2d74ac02fe7f7422ac5177964ff4bccf1452ffd89582b482ed44c97e03dfcda677f3ac4d89e97418f27747407295d436fafdf7a7569ac0edb0a3f75098f09d3f19878d2a52d881d873551618ff97674b4fabc416d60dd2ea23b84e6f31ab0d0e647ea3c59c0750aee99a251b7807af979ba52ca12c967b7575cc55b8fca8e943b5ae9c661bbf3d5eeb58be5839cdf1bfbc7a14778c39c10fccd9582e8b14d4d388e857621776016bc35d6010828fbd47,gx-no-cache=1520253452796 HTTP/1.1" 200 256
200.72.197.82 - - [05/Mar/2018:09:38:46 -0300] "POST /cormun/servlet/solicitudot?gx-no-cache=1520253476948 HTTP/1.1" 200 255
200.72.197.82 - - [05/Mar/2018:09:38:48 -0300] "GET /cormun/servlet/solicitudot?ab225b9d4dcfbefa68320ad8f8c2e0a89b12b19fd76ae849ac08e4660c89345e3c09d199c991790d61148eb190f29c176c5ed366f102a0ee536c9990a61fd14e495d63efad338f0b3f52e7c3187f20c13e58c74f601cd1df4e0d537d51fde6debb203070fe75c878e117385e32a4647dcb1f27228ad1543cf2b70fb658f20bf35b8e3a7a3b08bd609405531712e70537da0efeda3f13919570e604734a0b23b21f3004b4c1a9abeda172cf44abeeebe97da272b2e31475e0fa76162cfd27ef340f8eac45d8df70ad4a7554fffaa7c61ff60b6eaa961d0826ab65b2e2b05fa8a10cb59c3e81cf9bb0957e85282447788fea153e343a114e8f939ab91488232a94987c8c97bfc8c644dba2127203b40ddcd3a77230aa774540abeac33ee58d32351266b368a162b48dfa8514179a105d11c2525a8a44571813a7b5c16ded7e3647fc69a756d28b7eee67e77c04507cc7069ac4d2f4142150abbd910cbb3661793c2648080c20f6493d51721967029258272fa513520b8a32983759a096b5473705,gx-no-cache=1520253479794 HTTP/1.1" 200 30
200.72.197.82 - - [05/Mar/2018:09:38:49 -0300] "POST /cormun/servlet/solicitudot?gx-no-cache=1520253479973 HTTP/1.1" 200 30
200.72.197.82 - - [05/Mar/2018:09:38:49 -0300] "POST /cormun/servlet/solicitudot?gx-no-cache=1520253480686 HTTP/1.1" 200 1333
200.72.197.82 - - [05/Mar/2018:09:38:49 -0300] "POST /cormun/servlet/solicitudot?gx-no-cache=1520253481032 HTTP/1.1" 200 38
186.103.157.246 - - [05/Mar/2018:09:38:52 -0300] "POST /cormun/servlet/solicitudotadjuntos?gx-no-cache=1520253484094 HTTP/1.1" 200 26
186.103.156.24 - - [05/Mar/2018:09:38:55 -0300] "GET /cormun/servlet/solicitudot?29ae7ce4f45a305d1ea2b4244d760e6508b0ef6270599c421812fffc309592702057813c1567f92e92d796a1c1dc10c1b7a8d75961a2427907ffcd9639cdc559054ede73b6637eedefb00cc622cc836cefdbe66b9885d9ffeb3e4a88b7d1d1e3ba9f0344017eea468b87d82e56c7fdf3d99f90afb7beb56e0d8ec72d0a3d002d480a947699ed0a9249d7d0e847f2db31c496a51f6ceb71e52ccc3e1e8aa1cfc1532555c8704105a05cb2d0d42701fe86986820c30abf4441baa19614fd8f5796dec9b806a78379c61713fd1e7c9f5aee968156c2c70a188e3559e47c3a0624987be90a82e40e68def68734c7bd122ff3acaf4a630b59489c355e77a9fe9b1ef59fbde7926f61af0f6d8d0ae7e30cf474bde335b322a35227720c067dc8b60d3cd2ed2a154b540710c40a51c99c60e6ba169e157e9526eda674e8b88ae190bcd80de835e488328e82d6c8830548f581f88e859b03d1b8f6d61bd7f1cfec420f927811b8992bc5f338165154e7613d391c14554f1be535e0b7347a378e458d065a,gx-no-cache=1520253471138 HTTP/1.1" 200 30
186.103.156.24 - - [05/Mar/2018:09:38:56 -0300] "POST /cormun/servlet/solicitudot?gx-no-cache=1520253486675 HTTP/1.1" 200 30
186.103.156.24 - - [05/Mar/2018:09:38:56 -0300] "POST /cormun/servlet/solicitudot?gx-no-cache=1520253487380 HTTP/1.1" 200 1331
186.103.158.250 - - [05/Mar/2018:09:38:57 -0300] "GET /cormun/servlet/solicitudot?75790c4d026b4ff87d5a69645ceb5a02bfbd2fbace88c89e663780e9960ad826bd1cb02474aae0e54275bb5f661f2ac298e70ca10a8eb37ae113526bf358ac60e1f5fa68a38b046b8bba04b5d349160880d8fa7ce65ec87641c9d1fda2fffa1f79429503dfb69d68f4b7f3c3f787072e,gx-no-cache=1520253487927 HTTP/1.1" 200 29
186.103.156.24 - - [05/Mar/2018:09:38:57 -0300] "POST /cormun/servlet/solicitudot?gx-no-cache=1520253487842 HTTP/1.1" 200 38
186.103.158.250 - - [05/Mar/2018:09:38:57 -0300] "POST /cormun/servlet/solicitudot?gx-no-cache=1520253488120 HTTP/1.1" 200 1318
186.103.158.250 - - [05/Mar/2018:09:38:57 -0300] "POST /cormun/servlet/solicitudot?gx-no-cache=1520253488430 HTTP/1.1" 200 1218
186.103.158.250 - - [05/Mar/2018:09:38:57 -0300] "GET /cormun/static/menuarrow.gif HTTP/1.1" 404 1015
200.72.197.82 - - [05/Mar/2018:09:39:00 -0300] "POST /cormun/servlet/solicitudot?gx-no-cache=1520253491893 HTTP/1.1" 200 30
186.103.157.246 - - [05/Mar/2018:09:39:00 -0300] "GET /cormun/servlet/solicitudotadjuntos?3d834c0e6a7b562014dbb3ba4dfb149940022ffcab17cc82f6959a78732f8bfa,gx-no-cache=1520253492245 HTTP/1.1" 200 30
186.103.157.246 - - [05/Mar/2018:09:39:00 -0300] "GET /cormun/servlet/solicitudotadjuntos?3d834c0e6a7b562014dbb3ba4dfb149940022ffcab17cc82f6959a78732f8bfa,gx-no-cache=1520253492444 HTTP/1.1" 200 30
186.103.156.24 - - [05/Mar/2018:09:39:06 -0300] "POST /cormun/servlet/solicitudot?gx-no-cache=1520253496808 HTTP/1.1" 200 30
186.103.158.250 - - [05/Mar/2018:09:39:09 -0300] "POST /cormun/servlet/solicitudot?gx-no-cache=1520253499991 HTTP/1.1" 200 1318
186.103.156.24 - - [05/Mar/2018:09:39:09 -0300] "POST /cormun/servlet/solicitudot?gx-no-cache=1520253499887 HTTP/1.1" 200 1331
186.103.158.250 - - [05/Mar/2018:09:39:09 -0300] "POST /cormun/servlet/solicitudot?gx-no-cache=1520253500251 HTTP/1.1" 200 1218
186.103.156.24 - - [05/Mar/2018:09:39:09 -0300] "POST /cormun/servlet/solicitudot?gx-no-cache=1520253500102 HTTP/1.1" 200 38
186.103.158.250 - - [05/Mar/2018:09:39:12 -0300] "GET /cormun/servlet/solicitudot?75790c4d026b4ff87d5a69645ceb5a02e61efbe8181b3b326125ad40dfc14583c571729756c2634be2c14e5782fddcd1,gx-no-cache=1520253502957 HTTP/1.1" 200 30
186.103.157.246 - - [05/Mar/2018:09:39:13 -0300] "POST /cormun/servlet/solicitudotadjuntos?af75baf3a6b79b4ecf0c60d6f47704c6,INS,2018,9976,,1, HTTP/1.1" 200 116
186.103.157.246 - - [05/Mar/2018:09:39:13 -0300] "GET /cormun/servlet/hpexe_return? HTTP/1.1" 200 1011
186.103.157.246 - - [05/Mar/2018:09:39:13 -0300] "GET /cormun/servlet/trsolicitudadjuntos?2018,9976, HTTP/1.1" 200 9100
186.103.157.246 - - [05/Mar/2018:09:39:20 -0300] "GET /cormun/servlet/solicitudotadjuntos?INS,2018,9976,,1, HTTP/1.1" 200 5915
186.103.157.246 - - [05/Mar/2018:09:39:20 -0300] "GET /cormun/static/about:blank HTTP/1.1" 404 1011
186.103.157.246 - - [05/Mar/2018:09:39:20 -0300] "GET /cormun/static/about:blank HTTP/1.1" 404 1011
186.103.157.246 - - [05/Mar/2018:09:39:22 -0300] "GET /cormun/servlet/solicitudotadjuntos?3d834c0e6a7b562014dbb3ba4dfb14993bdd029e17e3e591ec77ed276f5fbf41d4ba03bc39c231a9fb4d18219abff251,gx-no-cache=1520253513322 HTTP/1.1" 200 30
186.103.157.246 - - [05/Mar/2018:09:39:22 -0300] "POST /cormun/servlet/solicitudotadjuntos?af75baf3a6b79b4ecf0c60d6f47704c6,INS,2018,9976,,1,,gx-no-cache=1520253513716 HTTP/1.1" 200 3812
186.103.157.246 - - [05/Mar/2018:09:39:26 -0300] "POST /cormun/servlet/solicitudotadjuntos?gx-no-cache=1520253517510 HTTP/1.1" 200 26
186.103.157.246 - - [05/Mar/2018:09:39:31 -0300] "GET /cormun/servlet/solicitudotadjuntos?3d834c0e6a7b562014dbb3ba4dfb149940022ffcab17cc82f6959a78732f8bfa,gx-no-cache=1520253522902 HTTP/1.1" 200 30
186.103.157.246 - - [05/Mar/2018:09:39:31 -0300] "GET /cormun/servlet/solicitudotadjuntos?3d834c0e6a7b562014dbb3ba4dfb149940022ffcab17cc82f6959a78732f8bfa,gx-no-cache=1520253523275 HTTP/1.1" 200 30
200.72.197.82 - - [05/Mar/2018:09:39:35 -0300] "POST /cormun/servlet/hlogin?92c21b8850daebe410845a6029066c7c,gx-no-cache=1520253527744 HTTP/1.1" 200 90
200.72.197.82 - - [05/Mar/2018:09:39:35 -0300] "GET /cormun/servlet/hpexe_link HTTP/1.1" 200 954
200.72.197.82 - - [05/Mar/2018:09:39:35 -0300] "GET /cormun/static/gxcfg.js?20177612121792 HTTP/1.1" 304 -
200.72.197.82 - - [05/Mar/2018:09:39:36 -0300] "GET /cormun/servlet/hhome HTTP/1.1" 200 4195
200.72.197.82 - - [05/Mar/2018:09:39:36 -0300] "GET /cormun/static/gxcfg.js?20175251212442 HTTP/1.1" 304 -
200.72.197.82 - - [05/Mar/2018:09:39:37 -0300] "GET /cormun/servlet/hhome HTTP/1.1" 200 4191
200.72.197.82 - - [05/Mar/2018:09:39:41 -0300] "GET /cormun/servlet/trsolicitudot? HTTP/1.1" 200 8788
186.103.157.246 - - [05/Mar/2018:09:39:41 -0300] "POST /cormun/servlet/solicitudotadjuntos?af75baf3a6b79b4ecf0c60d6f47704c6,INS,2018,9976,,1, HTTP/1.1" 200 116
200.72.197.82 - - [05/Mar/2018:09:39:41 -0300] "GET /cormun/static/gxcfg.js?2017111422585916 HTTP/1.1" 304 -
190.151.100.218 - - [05/Mar/2018:09:39:41 -0300] "GET /cormun/static/calendar-es.js?85251 HTTP/1.1" 304 -
200.111.122.170 - - [05/Mar/2018:09:39:41 -0300] "GET /cormun/static/calendar.js?85251 HTTP/1.1" 304 -
186.67.203.186 - - [05/Mar/2018:09:39:41 -0300] "GET /cormun/static/calendar-setup.js?85251 HTTP/1.1" 304 -
186.103.157.246 - - [05/Mar/2018:09:39:41 -0300] "GET /cormun/servlet/hpexe_return? HTTP/1.1" 200 1011
186.67.203.186 - - [05/Mar/2018:09:39:41 -0300] "GET /cormun/static/gxdec.js?85251 HTTP/1.1" 304 -
200.72.197.82 - - [05/Mar/2018:09:39:42 -0300] "POST /cormun/servlet/solicitudot?gx-no-cache=1520253533083 HTTP/1.1" 200 1333
200.72.197.82 - - [05/Mar/2018:09:39:42 -0300] "POST /cormun/servlet/solicitudot?gx-no-cache=1520253533560 HTTP/1.1" 200 38
186.103.157.246 - - [05/Mar/2018:09:39:42 -0300] "GET /cormun/servlet/trsolicitudadjuntos?2018,9976, HTTP/1.1" 200 9356
186.67.203.186 - - [05/Mar/2018:09:39:42 -0300] "GET /cormun/servlet/trsolicitudot? HTTP/1.1" 200 8786
190.151.100.218 - - [05/Mar/2018:09:39:50 -0300] "POST /cormun/servlet/trsolicitudot?92c21b8850daebe410845a6029066c7c,,gx-no-cache=1520253542805 HTTP/1.1" 200 105
190.151.100.218 - - [05/Mar/2018:09:39:51 -0300] "GET /cormun/servlet/solicitudot?UPD,2018,9816, HTTP/1.1" 200 15459
200.111.122.170 - - [05/Mar/2018:09:39:51 -0300] "GET /cormun/static/gxcfg.js?201812313224582 HTTP/1.1" 304 -
200.72.197.82 - - [05/Mar/2018:09:39:51 -0300] "GET /cormun/static/solicitudot.js?201812313224831 HTTP/1.1" 304 -
200.72.197.82 - - [05/Mar/2018:09:39:52 -0300] "GET /cormun/servlet/solicitudot?UPD,2018,9816, HTTP/1.1" 200 15468
200.111.122.170 - - [05/Mar/2018:09:39:53 -0300] "POST /cormun/servlet/solicitudot?gx-no-cache=1520253545559 HTTP/1.1" 200 3443
200.111.122.170 - - [05/Mar/2018:09:39:53 -0300] "POST /cormun/servlet/solicitudot?92c21b8850daebe410845a6029066c7c,UPD,2018,9816,,gx-no-cache=1520253546375 HTTP/1.1" 200 11761
200.111.122.170 - - [05/Mar/2018:09:39:54 -0300] "GET /cormun/servlet/solicitudot?94362067b2e2392b78ce8dfa2a640e5dde645f68c44eade7292e2163385d4486089a7f9e4d1a2f7539fec109238627e7,gx-no-cache=1520253547072 HTTP/1.1" 200 30
200.111.122.170 - - [05/Mar/2018:09:39:55 -0300] "GET /cormun/servlet/solicitudot?94362067b2e2392b78ce8dfa2a640e5d9463a22742365175b7faaf0e00f04f10bf5338bd3789056919038fe7993125c0ef9401e73b57aab2aa6e74448cbd37e4,gx-no-cache=1520253547848 HTTP/1.1" 200 30
200.111.122.170 - - [05/Mar/2018:09:39:55 -0300] "GET /cormun/servlet/solicitudot?94362067b2e2392b78ce8dfa2a640e5daeb8d7dd3bb9e19d8659489a48e6baaa4324b6eb6b8e89f5abded89cf768f45023e1d8e720927be6329da25442df1bcf,gx-no-cache=1520253547972 HTTP/1.1" 200 53
200.111.122.170 - - [05/Mar/2018:09:39:55 -0300] "POST /cormun/servlet/solicitudot?gx-no-cache=1520253548130 HTTP/1.1" 200 254
200.111.122.170 - - [05/Mar/2018:09:39:56 -0300] "GET /cormun/servlet/solicitudot?94362067b2e2392b78ce8dfa2a640e5df336a603a3413941d6bc0957b942621bf63b8c7e217ad52f5625caefc5a2751c142400a434ad9b270936514fe3f581a1e7939c11ae5f12abfa315ec1e66c233643cb82d7d142acd079c140d5be6d817b9c9edcb80949d7c6d63ed79a42166089a31b1054525a7d08641f45953e964b850bc39bccb12dff8d945695803abd9fdc3c764adbbc86088ca1e7e433f2109fcb6ac5c2fdbc43a93a63f42cadab5b8a9f16ae12e7a265ff2bf9ee8d8dda4cb72fe09bba55da14fdbb12d284e1ec88b692ee14d326a07a4cf271da018b960b9e5770b2d887d5a46ae36a71e44a43af20508c2bed2d6956cc4f95bb6cac0fa40028f23ca485414ad0a07712242bf16a089d2c1a52eb8ae455c027af6db78df382edca16d5cfeddce813167320a2a00c7a16263669d9bbc883d78cd3abe891d1ad8e81efc70f6a651b1ceb94f697d7f9469e7e074216d65905f827562f47a09f3ca49420337b581deb1e5b9c1f16d4262d74c7c02de7b82cdef2294fc02945348afc,gx-no-cache=1520253548810 HTTP/1.1" 200 30
200.111.122.170 - - [05/Mar/2018:09:39:56 -0300] "POST /cormun/servlet/solicitudot?gx-no-cache=1520253549466 HTTP/1.1" 200 30
200.111.122.170 - - [05/Mar/2018:09:39:57 -0300] "POST /cormun/servlet/solicitudot?gx-no-cache=1520253549800 HTTP/1.1" 200 1337
192.168.10.89 - - [05/Mar/2018:09:39:57 -0300] "POST /cormun/servlet/trsolicitudgral?82a5d372e7df397d62e7f4de7527a758,,gx-no-cache=1520253435847 HTTP/1.1" 200 18374
200.111.122.170 - - [05/Mar/2018:09:39:57 -0300] "POST /cormun/servlet/solicitudot?gx-no-cache=1520253550568 HTTP/1.1" 200 41
200.111.122.170 - - [05/Mar/2018:09:40:04 -0300] "GET /cormun/servlet/solicitudot?94362067b2e2392b78ce8dfa2a640e5d4cbba9671ba6e4c3e38f3d4befd0d789ae5c47e8e87ed40db05e42ee10da24b6a4affbdf96de514595240cc3ba1378fcba5e2f234b7ec9140f26f58aefa6a936e7b159daefae2770325bd1e5f71dd68544b686e54b5052ac6cd96cbf0c4227f4f4db7094f800dd0cc4b747ec20c86d098e661b8f07698717406c90c8f9121ad0717ad8ff074bf2d08b5fb205273ffde6,gx-no-cache=1520253557560 HTTP/1.1" 200 29
200.111.122.170 - - [05/Mar/2018:09:40:06 -0300] "POST /cormun/servlet/solicitudot?gx-no-cache=1520253557739 HTTP/1.1" 200 1321
200.111.122.170 - - [05/Mar/2018:09:40:13 -0300] "POST /cormun/servlet/solicitudot?gx-no-cache=1520253559285 HTTP/1.1" 200 1219
200.111.122.170 - - [05/Mar/2018:09:40:13 -0300] "GET /cormun/servlet/solicitudot?94362067b2e2392b78ce8dfa2a640e5dabc8e6d6f4141abd586a0bbca167444b40545388546589a31e59c251b22d250e,gx-no-cache=1520253566455 HTTP/1.1" 200 30
200.111.122.170 - - [05/Mar/2018:09:40:13 -0300] "GET /cormun/static/menuarrow.gif HTTP/1.1" 404 1015
186.103.158.250 - - [05/Mar/2018:09:40:18 -0300] "POST /cormun/servlet/solicitudot?gx-no-cache=1520253569407 HTTP/1.1" 200 30
200.111.122.170 - - [05/Mar/2018:09:40:20 -0300] "POST /cormun/servlet/solicitudot?gx-no-cache=1520253572607 HTTP/1.1" 200 1321
200.111.122.170 - - [05/Mar/2018:09:40:21 -0300] "POST /cormun/servlet/solicitudot?gx-no-cache=1520253573132 HTTP/1.1" 200 1219
200.111.122.170 - - [05/Mar/2018:09:40:33 -0300] "POST /cormun/servlet/solicitudot?gx-no-cache=1520253585604 HTTP/1.1" 200 30
192.168.10.89 - - [05/Mar/2018:09:40:36 -0300] "POST /cormun/servlet/trsolicitudgral?82a5d372e7df397d62e7f4de7527a758,,gx-no-cache=1520253475885 HTTP/1.1" 200 5923
192.168.10.89 - - [05/Mar/2018:09:40:42 -0300] "POST /cormun/servlet/trsolicitudgral?82a5d372e7df397d62e7f4de7527a758,,gx-no-cache=1520253482174 HTTP/1.1" 200 5924
186.103.157.246 - - [05/Mar/2018:09:40:46 -0300] "POST /cormun/servlet/trsolicitudadjuntos?af75baf3a6b79b4ecf0c60d6f47704c6,2018,9976,,gx-no-cache=1520253597493 HTTP/1.1" 200 90
186.103.157.246 - - [05/Mar/2018:09:40:47 -0300] "GET /cormun/servlet/hpexe_link HTTP/1.1" 200 955
186.103.157.246 - - [05/Mar/2018:09:40:47 -0300] "GET /cormun/servlet/trsolicitudot HTTP/1.1" 200 9012
186.103.158.250 - - [05/Mar/2018:09:40:49 -0300] "POST /cormun/servlet/solicitudot?399ef1f3b3ca3840e56d85813155a378,INS,0,0,,gx-no-cache=1520253599019 HTTP/1.1" 200 93
186.103.158.250 - - [05/Mar/2018:09:40:49 -0300] "GET /cormun/servlet/hpexe_return? HTTP/1.1" 200 1003
192.168.10.89 - - [05/Mar/2018:09:40:49 -0300] "POST /cormun/servlet/trsolicitudgral?82a5d372e7df397d62e7f4de7527a758,,gx-no-cache=1520253487640 HTTP/1.1" 200 18374
186.103.158.250 - - [05/Mar/2018:09:40:49 -0300] "GET /cormun/static/gxcfg.js?2016101716175148 HTTP/1.1" 304 -
200.111.122.170 - - [05/Mar/2018:09:40:49 -0300] "POST /cormun/servlet/solicitudot?92c21b8850daebe410845a6029066c7c,UPD,2018,9816,,gx-no-cache=1520253599983 HTTP/1.1" 200 93
200.111.122.170 - - [05/Mar/2018:09:40:49 -0300] "GET /cormun/servlet/hpexe_return? HTTP/1.1" 200 1015
200.111.122.170 - - [05/Mar/2018:09:40:49 -0300] "GET /cormun/static/gxcfg.js?2016101716175148 HTTP/1.1" 304 -
186.103.158.250 - - [05/Mar/2018:09:40:49 -0300] "GET /cormun/servlet/trsolicitudot HTTP/1.1" 200 8772
200.111.122.170 - - [05/Mar/2018:09:40:50 -0300] "GET /cormun/servlet/trsolicitudot HTTP/1.1" 200 8790
200.111.122.170 - - [05/Mar/2018:09:40:51 -0300] "GET /cormun/servlet/trsolicitudot HTTP/1.1" 200 8786
186.103.158.250 - - [05/Mar/2018:09:40:52 -0300] "GET /cormun/servlet/trsolicitudot HTTP/1.1" 200 8768
186.103.157.246 - - [05/Mar/2018:09:40:53 -0300] "POST /cormun/servlet/trsolicitudot?af75baf3a6b79b4ecf0c60d6f47704c6,gx-no-cache=1520253604121 HTTP/1.1" 200 106
186.103.157.246 - - [05/Mar/2018:09:40:53 -0300] "GET /cormun/servlet/trsolicitudadjuntos?2018,9977, HTTP/1.1" 200 5972
186.103.158.250 - - [05/Mar/2018:09:40:57 -0300] "POST /cormun/servlet/trsolicitudot?399ef1f3b3ca3840e56d85813155a378,gx-no-cache=1520253608365 HTTP/1.1" 200 106
186.103.158.250 - - [05/Mar/2018:09:40:57 -0300] "GET /cormun/servlet/trsolicitudadjuntos?2018,9978, HTTP/1.1" 200 6288
186.103.158.250 - - [05/Mar/2018:09:40:58 -0300] "GET /cormun/static/gxcfg.js?20177612135366 HTTP/1.1" 304 -
186.103.157.246 - - [05/Mar/2018:09:40:58 -0300] "GET /cormun/servlet/solicitudotadjuntos?INS,2018,9977,,1, HTTP/1.1" 200 5917
186.103.157.246 - - [05/Mar/2018:09:40:58 -0300] "GET /cormun/static/about:blank HTTP/1.1" 404 1011
186.103.157.246 - - [05/Mar/2018:09:40:58 -0300] "GET /cormun/static/about:blank HTTP/1.1" 404 1011
186.103.157.246 - - [05/Mar/2018:09:41:00 -0300] "GET /cormun/servlet/solicitudotadjuntos?3d834c0e6a7b562014dbb3ba4dfb149901dbcfc8ea5828e54c04c30652387900d4ba03bc39c231a9fb4d18219abff251,gx-no-cache=1520253611455 HTTP/1.1" 200 30
186.103.158.250 - - [05/Mar/2018:09:41:00 -0300] "GET /cormun/servlet/trsolicitudadjuntos?2018,9978, HTTP/1.1" 200 6288
186.103.157.246 - - [05/Mar/2018:09:41:00 -0300] "POST /cormun/servlet/solicitudotadjuntos?af75baf3a6b79b4ecf0c60d6f47704c6,INS,2018,9977,,1,,gx-no-cache=1520253611832 HTTP/1.1" 200 3813
200.111.122.170 - - [05/Mar/2018:09:41:02 -0300] "POST /cormun/servlet/trsolicitudot?92c21b8850daebe410845a6029066c7c,gx-no-cache=1520253614199 HTTP/1.1" 200 4690
186.67.203.186 - - [05/Mar/2018:09:41:03 -0300] "GET /cormun/static/Shared/jqueryui/images/ui-icons_82798d_256x240.png HTTP/1.1" 404 1089
186.67.203.186 - - [05/Mar/2018:09:41:03 -0300] "GET /cormun/static/Shared/jqueryui/images/ui-bg_flat_55_fafafa_40x100.png HTTP/1.1" 404 1097
200.111.122.170 - - [05/Mar/2018:09:41:03 -0300] "GET /cormun/static/Shared/jqueryui/images/ui-icons_8d78a5_256x240.png HTTP/1.1" 404 1089
200.111.122.170 - - [05/Mar/2018:09:41:03 -0300] "GET /cormun/static/Shared/jqueryui/images/ui-bg_highlight-soft_100_c6c2c8_1x100.png HTTP/1.1" 404 1117
186.103.157.246 - - [05/Mar/2018:09:41:04 -0300] "POST /cormun/servlet/solicitudotadjuntos?gx-no-cache=1520253615175 HTTP/1.1" 200 26
186.103.158.250 - - [05/Mar/2018:09:41:05 -0300] "GET /cormun/servlet/solicitudotadjuntos?INS,2018,9978,,1, HTTP/1.1" 200 6239
186.103.158.250 - - [05/Mar/2018:09:41:05 -0300] "GET /cormun/static/gxcfg.js?2017761244068 HTTP/1.1" 304 -
186.103.158.250 - - [05/Mar/2018:09:41:05 -0300] "GET /cormun/static/about:blank HTTP/1.1" 404 1011
186.103.158.250 - - [05/Mar/2018:09:41:06 -0300] "GET /cormun/servlet/solicitudotadjuntos?INS,2018,9978,,1, HTTP/1.1" 200 6233
186.103.158.250 - - [05/Mar/2018:09:41:06 -0300] "GET /cormun/servlet/solicitudotadjuntos?75790c4d026b4ff87d5a69645ceb5a02695b3038cce4a35103af106bde040e89b15bc6f5c5f3a99549267dd5a0d8af88,gx-no-cache=1520253617699 HTTP/1.1" 200 30
186.103.158.250 - - [05/Mar/2018:09:41:07 -0300] "POST /cormun/servlet/solicitudotadjuntos?399ef1f3b3ca3840e56d85813155a378,INS,2018,9978,,1,,gx-no-cache=1520253617796 HTTP/1.1" 200 3983
186.103.161.206 - - [05/Mar/2018:09:41:10 -0300] "POST /cormun/servlet/trsolicitudot?92c21b8850daebe410845a6029066c7c,gx-no-cache=1520253615700 HTTP/1.1" 200 4454
186.103.158.250 - - [05/Mar/2018:09:41:12 -0300] "POST /cormun/servlet/solicitudotadjuntos?gx-no-cache=1520253623481 HTTP/1.1" 200 26
186.103.157.246 - - [05/Mar/2018:09:41:15 -0300] "GET /cormun/servlet/solicitudotadjuntos?3d834c0e6a7b562014dbb3ba4dfb149940022ffcab17cc82f6959a78732f8bfa,gx-no-cache=1520253626840 HTTP/1.1" 200 30
186.103.157.246 - - [05/Mar/2018:09:41:15 -0300] "GET /cormun/servlet/solicitudotadjuntos?3d834c0e6a7b562014dbb3ba4dfb149940022ffcab17cc82f6959a78732f8bfa,gx-no-cache=1520253626917 HTTP/1.1" 200 30
186.103.161.206 - - [05/Mar/2018:09:41:21 -0300] "GET /cormun/servlet/trvisualizadoreventos? HTTP/1.1" 200 6958
200.111.122.170 - - [05/Mar/2018:09:41:21 -0300] "GET /cormun/static/trvisualizadoreventos.js?20175251251768 HTTP/1.1" 200 19318
186.103.161.206 - - [05/Mar/2018:09:41:21 -0300] "GET /cormun/static/gxcfg.js?20175251251426 HTTP/1.1" 200 953
186.103.161.206 - - [05/Mar/2018:09:41:22 -0300] "GET /cormun/static/Resources/PXToolsActionPrint.png HTTP/1.1" 200 3317
186.103.161.206 - - [05/Mar/2018:09:41:23 -0300] "GET /cormun/servlet/trvisualizadoreventos? HTTP/1.1" 200 6959
186.103.157.246 - - [05/Mar/2018:09:41:25 -0300] "POST /cormun/servlet/solicitudotadjuntos?af75baf3a6b79b4ecf0c60d6f47704c6,INS,2018,9977,,1, HTTP/1.1" 200 116
186.103.157.246 - - [05/Mar/2018:09:41:25 -0300] "GET /cormun/servlet/hpexe_return? HTTP/1.1" 200 1011
186.103.157.246 - - [05/Mar/2018:09:41:26 -0300] "GET /cormun/servlet/trsolicitudadjuntos?2018,9977, HTTP/1.1" 200 8306
186.103.157.246 - - [05/Mar/2018:09:41:30 -0300] "GET /cormun/servlet/solicitudotadjuntos?INS,2018,9977,,1, HTTP/1.1" 200 5917
186.103.157.246 - - [05/Mar/2018:09:41:30 -0300] "GET /cormun/static/about:blank HTTP/1.1" 404 1011
186.103.157.246 - - [05/Mar/2018:09:41:30 -0300] "GET /cormun/static/about:blank HTTP/1.1" 404 1011
186.103.157.246 - - [05/Mar/2018:09:41:31 -0300] "GET /cormun/servlet/solicitudotadjuntos?3d834c0e6a7b562014dbb3ba4dfb149901dbcfc8ea5828e54c04c30652387900d4ba03bc39c231a9fb4d18219abff251,gx-no-cache=1520253642984 HTTP/1.1" 200 30
186.103.157.246 - - [05/Mar/2018:09:41:32 -0300] "POST /cormun/servlet/solicitudotadjuntos?af75baf3a6b79b4ecf0c60d6f47704c6,INS,2018,9977,,1,,gx-no-cache=1520253643376 HTTP/1.1" 200 3813
186.103.161.206 - - [05/Mar/2018:09:41:34 -0300] "GET /cormun/static/menuarrow.gif HTTP/1.1" 404 1015
186.103.157.246 - - [05/Mar/2018:09:41:37 -0300] "POST /cormun/servlet/solicitudotadjuntos?gx-no-cache=1520253648894 HTTP/1.1" 200 26
186.103.157.246 - - [05/Mar/2018:09:41:43 -0300] "GET /cormun/servlet/solicitudotadjuntos?3d834c0e6a7b562014dbb3ba4dfb149940022ffcab17cc82f6959a78732f8bfa,gx-no-cache=1520253655470 HTTP/1.1" 200 30
186.103.157.246 - - [05/Mar/2018:09:41:44 -0300] "GET /cormun/servlet/solicitudotadjuntos?3d834c0e6a7b562014dbb3ba4dfb149940022ffcab17cc82f6959a78732f8bfa,gx-no-cache=1520253655547 HTTP/1.1" 200 30
186.103.158.250 - - [05/Mar/2018:09:41:47 -0300] "GET /cormun/servlet/solicitudotadjuntos?75790c4d026b4ff87d5a69645ceb5a0256240a99db453aa0a580d0b4a63a41a2,gx-no-cache=1520253658606 HTTP/1.1" 200 30
186.103.158.250 - - [05/Mar/2018:09:41:47 -0300] "GET /cormun/servlet/solicitudotadjuntos?75790c4d026b4ff87d5a69645ceb5a0256240a99db453aa0a580d0b4a63a41a2,gx-no-cache=1520253658725 HTTP/1.1" 200 30
186.103.157.246 - - [05/Mar/2018:09:41:48 -0300] "POST /cormun/servlet/solicitudotadjuntos?af75baf3a6b79b4ecf0c60d6f47704c6,INS,2018,9977,,1, HTTP/1.1" 200 116
186.103.157.246 - - [05/Mar/2018:09:41:48 -0300] "GET /cormun/servlet/hpexe_return? HTTP/1.1" 200 1011
186.103.157.246 - - [05/Mar/2018:09:41:49 -0300] "GET /cormun/servlet/trsolicitudadjuntos?2018,9977, HTTP/1.1" 200 8525
186.103.157.246 - - [05/Mar/2018:09:41:54 -0300] "GET /cormun/servlet/solicitudotadjuntos?INS,2018,9977,,1, HTTP/1.1" 200 5917
186.103.157.246 - - [05/Mar/2018:09:41:54 -0300] "GET /cormun/static/about:blank HTTP/1.1" 404 1011
186.103.157.246 - - [05/Mar/2018:09:41:54 -0300] "GET /cormun/static/about:blank HTTP/1.1" 404 1011
186.103.157.246 - - [05/Mar/2018:09:41:55 -0300] "GET /cormun/servlet/solicitudotadjuntos?3d834c0e6a7b562014dbb3ba4dfb149901dbcfc8ea5828e54c04c30652387900d4ba03bc39c231a9fb4d18219abff251,gx-no-cache=1520253667133 HTTP/1.1" 200 30
186.103.161.206 - - [05/Mar/2018:09:41:56 -0300] "POST /cormun/servlet/trvisualizadoreventos?92c21b8850daebe410845a6029066c7c,,gx-no-cache=1520253665181 HTTP/1.1" 200 4149
186.103.157.246 - - [05/Mar/2018:09:41:56 -0300] "POST /cormun/servlet/solicitudotadjuntos?af75baf3a6b79b4ecf0c60d6f47704c6,INS,2018,9977,,1,,gx-no-cache=1520253667526 HTTP/1.1" 200 3814
186.103.157.246 - - [05/Mar/2018:09:41:59 -0300] "POST /cormun/servlet/solicitudotadjuntos?gx-no-cache=1520253670798 HTTP/1.1" 200 26
186.103.157.246 - - [05/Mar/2018:09:42:05 -0300] "GET /cormun/servlet/solicitudotadjuntos?3d834c0e6a7b562014dbb3ba4dfb149940022ffcab17cc82f6959a78732f8bfa,gx-no-cache=1520253677285 HTTP/1.1" 200 30
186.103.157.246 - - [05/Mar/2018:09:42:05 -0300] "GET /cormun/servlet/solicitudotadjuntos?3d834c0e6a7b562014dbb3ba4dfb149940022ffcab17cc82f6959a78732f8bfa,gx-no-cache=1520253677361 HTTP/1.1" 200 30
186.103.161.206 - - [05/Mar/2018:09:42:07 -0300] "GET /cormun/servlet/trautorizarsolicitud? HTTP/1.1" 200 10241
186.103.132.155 - - [05/Mar/2018:09:42:08 -0300] "GET /cormun/static/gxcfg.js?2017111423403364 HTTP/1.1" 304 -
186.103.132.155 - - [05/Mar/2018:09:42:09 -0300] "GET /cormun/servlet/trautorizarsolicitud? HTTP/1.1" 200 10241
186.103.157.246 - - [05/Mar/2018:09:42:09 -0300] "POST /cormun/servlet/solicitudotadjuntos?af75baf3a6b79b4ecf0c60d6f47704c6,INS,2018,9977,,1, HTTP/1.1" 200 116
186.103.157.246 - - [05/Mar/2018:09:42:09 -0300] "GET /cormun/servlet/hpexe_return? HTTP/1.1" 200 1011
186.103.157.246 - - [05/Mar/2018:09:42:10 -0300] "GET /cormun/servlet/trsolicitudadjuntos?2018,9977, HTTP/1.1" 200 8701
186.103.157.246 - - [05/Mar/2018:09:42:14 -0300] "GET /cormun/servlet/solicitudotadjuntos?INS,2018,9977,,1, HTTP/1.1" 200 5917
186.103.157.246 - - [05/Mar/2018:09:42:14 -0300] "GET /cormun/static/about:blank HTTP/1.1" 404 1011
186.103.157.246 - - [05/Mar/2018:09:42:14 -0300] "GET /cormun/static/about:blank HTTP/1.1" 404 1011
186.103.157.246 - - [05/Mar/2018:09:42:16 -0300] "GET /cormun/servlet/solicitudotadjuntos?3d834c0e6a7b562014dbb3ba4dfb149901dbcfc8ea5828e54c04c30652387900d4ba03bc39c231a9fb4d18219abff251,gx-no-cache=1520253687522 HTTP/1.1" 200 30
186.103.157.246 - - [05/Mar/2018:09:42:16 -0300] "POST /cormun/servlet/solicitudotadjuntos?af75baf3a6b79b4ecf0c60d6f47704c6,INS,2018,9977,,1,,gx-no-cache=1520253687918 HTTP/1.1" 200 3814
186.103.158.250 - - [05/Mar/2018:09:42:19 -0300] "POST /cormun/servlet/solicitudotadjuntos?399ef1f3b3ca3840e56d85813155a378,INS,2018,9978,,1, HTTP/1.1" 200 116
186.103.157.246 - - [05/Mar/2018:09:42:19 -0300] "POST /cormun/servlet/solicitudotadjuntos?gx-no-cache=1520253691006 HTTP/1.1" 200 26
186.103.158.250 - - [05/Mar/2018:09:42:19 -0300] "GET /cormun/servlet/hpexe_return? HTTP/1.1" 200 1023
186.103.158.250 - - [05/Mar/2018:09:42:20 -0300] "GET /cormun/servlet/trsolicitudadjuntos?2018,9978, HTTP/1.1" 200 8680
186.103.158.250 - - [05/Mar/2018:09:42:22 -0300] "GET /cormun/servlet/trsolicitudadjuntos?2018,9978, HTTP/1.1" 200 8671
186.103.157.246 - - [05/Mar/2018:09:42:25 -0300] "GET /cormun/servlet/solicitudotadjuntos?3d834c0e6a7b562014dbb3ba4dfb149940022ffcab17cc82f6959a78732f8bfa,gx-no-cache=1520253697037 HTTP/1.1" 200 30
186.103.157.246 - - [05/Mar/2018:09:42:25 -0300] "GET /cormun/servlet/solicitudotadjuntos?3d834c0e6a7b562014dbb3ba4dfb149940022ffcab17cc82f6959a78732f8bfa,gx-no-cache=1520253697118 HTTP/1.1" 200 30
186.103.158.250 - - [05/Mar/2018:09:42:27 -0300] "GET /cormun/servlet/solicitudotadjuntos?INS,2018,9978,,1, HTTP/1.1" 200 6239
186.103.132.155 - - [05/Mar/2018:09:42:27 -0300] "POST /cormun/servlet/trautorizarsolicitud?92c21b8850daebe410845a6029066c7c,,gx-no-cache=1520253699563 HTTP/1.1" 200 7031
186.103.158.250 - - [05/Mar/2018:09:42:27 -0300] "GET /cormun/static/about:blank HTTP/1.1" 404 1011
186.103.132.155 - - [05/Mar/2018:09:42:28 -0300] "GET /cormun/static/Shared/jqueryui/images/ui-bg_highlight-soft_100_c6c2c8_1x100.png HTTP/1.1" 404 1117
190.151.100.218 - - [05/Mar/2018:09:42:28 -0300] "GET /cormun/static/Shared/jqueryui/images/ui-icons_8d78a5_256x240.png HTTP/1.1" 404 1089
186.67.203.186 - - [05/Mar/2018:09:42:28 -0300] "GET /cormun/static/Shared/jqueryui/images/ui-bg_flat_55_fafafa_40x100.png HTTP/1.1" 404 1097
186.103.158.250 - - [05/Mar/2018:09:42:28 -0300] "GET /cormun/servlet/solicitudotadjuntos?INS,2018,9978,,1, HTTP/1.1" 200 6233
186.103.158.250 - - [05/Mar/2018:09:42:29 -0300] "GET /cormun/servlet/solicitudotadjuntos?75790c4d026b4ff87d5a69645ceb5a02695b3038cce4a35103af106bde040e89b15bc6f5c5f3a99549267dd5a0d8af88,gx-no-cache=1520253700016 HTTP/1.1" 200 30
186.103.132.155 - - [05/Mar/2018:09:42:29 -0300] "POST /cormun/servlet/trautorizarsolicitud?92c21b8850daebe410845a6029066c7c,,gx-no-cache=1520253700960 HTTP/1.1" 200 6976
186.103.161.206 - - [05/Mar/2018:09:42:29 -0300] "GET /cormun/static/Shared/jqueryui/images/ui-icons_82798d_256x240.png HTTP/1.1" 404 1089
186.103.158.250 - - [05/Mar/2018:09:42:29 -0300] "POST /cormun/servlet/solicitudotadjuntos?399ef1f3b3ca3840e56d85813155a378,INS,2018,9978,,1,,gx-no-cache=1520253700131 HTTP/1.1" 200 3983
186.103.157.246 - - [05/Mar/2018:09:42:32 -0300] "POST /cormun/servlet/solicitudotadjuntos?af75baf3a6b79b4ecf0c60d6f47704c6,INS,2018,9977,,1, HTTP/1.1" 200 116
186.103.157.246 - - [05/Mar/2018:09:42:32 -0300] "GET /cormun/servlet/hpexe_return? HTTP/1.1" 200 1011
186.103.157.246 - - [05/Mar/2018:09:42:32 -0300] "GET /cormun/servlet/trsolicitudadjuntos?2018,9977, HTTP/1.1" 200 8845
186.103.161.206 - - [05/Mar/2018:09:42:33 -0300] "GET /cormun/servlet/hlogin HTTP/1.1" 200 1714
200.111.122.170 - - [05/Mar/2018:09:42:34 -0300] "GET /cormun/static/gxtimezone.js?85251 HTTP/1.1" 304 -
186.103.161.206 - - [05/Mar/2018:09:42:34 -0300] "GET /cormun/static/gxcfg.js?20175251213516 HTTP/1.1" 304 -
200.111.122.170 - - [05/Mar/2018:09:42:34 -0300] "GET /cormun/static/messages.spa.js?85251 HTTP/1.1" 304 -
200.111.122.170 - - [05/Mar/2018:09:42:34 -0300] "GET /cormun/servlet/hlogin HTTP/1.1" 200 1722
186.103.157.246 - - [05/Mar/2018:09:42:37 -0300] "GET /cormun/servlet/solicitudotadjuntos?INS,2018,9977,,1, HTTP/1.1" 200 5917
186.103.157.246 - - [05/Mar/2018:09:42:37 -0300] "GET /cormun/static/about:blank HTTP/1.1" 404 1011
186.103.157.246 - - [05/Mar/2018:09:42:37 -0300] "GET /cormun/static/about:blank HTTP/1.1" 404 1011
186.103.157.246 - - [05/Mar/2018:09:42:38 -0300] "GET /cormun/servlet/solicitudotadjuntos?3d834c0e6a7b562014dbb3ba4dfb149901dbcfc8ea5828e54c04c30652387900d4ba03bc39c231a9fb4d18219abff251,gx-no-cache=1520253710056 HTTP/1.1" 200 30
186.103.157.246 - - [05/Mar/2018:09:42:39 -0300] "POST /cormun/servlet/solicitudotadjuntos?af75baf3a6b79b4ecf0c60d6f47704c6,INS,2018,9977,,1,,gx-no-cache=1520253710455 HTTP/1.1" 200 3814
186.103.161.206 - - [05/Mar/2018:09:42:40 -0300] "POST /cormun/servlet/trautorizarsolicitud?92c21b8850daebe410845a6029066c7c,,gx-no-cache=1520253712615 HTTP/1.1" 200 115
186.103.161.206 - - [05/Mar/2018:09:42:40 -0300] "GET /cormun/servlet/solicitudotlog?INS,2018,9694,0,ANU, HTTP/1.1" 200 5999
186.103.161.206 - - [05/Mar/2018:09:42:41 -0300] "GET /cormun/static/gxcfg.js?2017761245646 HTTP/1.1" 200 953
186.103.132.155 - - [05/Mar/2018:09:42:41 -0300] "GET /cormun/static/solicitudotlog.js?2017761245655 HTTP/1.1" 200 8934
192.168.10.89 - - [05/Mar/2018:09:42:42 -0300] "POST /cormun/servlet/trsolicitudgral?82a5d372e7df397d62e7f4de7527a758,,gx-no-cache=1520253601883 HTTP/1.1" 200 7274
186.103.161.206 - - [05/Mar/2018:09:42:42 -0300] "GET /cormun/servlet/solicitudotlog?INS,2018,9694,0,ANU, HTTP/1.1" 200 5999
186.103.157.246 - - [05/Mar/2018:09:42:44 -0300] "POST /cormun/servlet/solicitudotadjuntos?gx-no-cache=1520253715726 HTTP/1.1" 200 26
192.168.10.89 - - [05/Mar/2018:09:42:44 -0300] "GET /cormun/servlet/vesolicitudgral?2018,8837,, HTTP/1.1" 200 9480
192.168.10.89 - - [05/Mar/2018:09:42:44 -0300] "GET /cormun/pexe_scrolldiv.js HTTP/1.1" 404 1009
186.103.161.206 - - [05/Mar/2018:09:42:46 -0300] "GET /cormun/servlet/solicitudotlog?94362067b2e2392b78ce8dfa2a640e5d422c29e351de7b6ad009b62b7a801eb147b2b03b1878b4d24417aa8296ddd05f9c3421bba0e1a22c1d6c307eb9dfd6543d6bf81b74bab39defcf6c62c2fbbdf1ed7ad98b8eee4a1fed30d8dc725ec244ebc234f283a5450b551eaaff3f1535f25e3bb021ff80352c6873a7d62e7f4a10557d1fe9e19c8b9166822bbf16de635caf5b42069ad163571e54832139975ca2,gx-no-cache=1520253715879 HTTP/1.1" 200 94
