186.103.157.246 - - [05/Mar/2018:11:21:17 -0300] "GET /cormun/static/gxcfg.js?201762917281167 HTTP/1.1" 304 -
186.103.157.246 - - [05/Mar/2018:11:21:17 -0300] "GET /cormun/static/calendar-es.js?85251 HTTP/1.1" 304 -
186.103.157.246 - - [05/Mar/2018:11:21:17 -0300] "GET /cormun/static/calendar-setup.js?85251 HTTP/1.1" 304 -
186.103.157.246 - - [05/Mar/2018:11:21:17 -0300] "GET /cormun/static/messages.spa.js?85251 HTTP/1.1" 304 -
186.103.157.246 - - [05/Mar/2018:11:21:17 -0300] "GET /cormun/static/gxdec.js?85251 HTTP/1.1" 304 -
186.103.161.206 - - [05/Mar/2018:11:21:17 -0300] "POST /cormun/servlet/solicitudot?1c2e1afa1460b0d254975771a1b1fb6a,INS,0,0,,gx-no-cache=1520259627643 HTTP/1.1" 200 93
186.103.161.206 - - [05/Mar/2018:11:21:17 -0300] "GET /cormun/servlet/hpexe_return? HTTP/1.1" 200 1011
186.103.161.206 - - [05/Mar/2018:11:21:18 -0300] "GET /cormun/static/gxcfg.js?2016101716175148 HTTP/1.1" 304 -
186.103.161.206 - - [05/Mar/2018:11:21:18 -0300] "GET /cormun/servlet/trsolicitudot HTTP/1.1" 200 8787
186.103.157.246 - - [05/Mar/2018:11:21:19 -0300] "GET /cormun/servlet/licenciaspermisos?INS,0,,, HTTP/1.1" 200 6752
186.103.161.206 - - [05/Mar/2018:11:21:19 -0300] "GET /cormun/servlet/trsolicitudot HTTP/1.1" 200 8782
186.103.157.246 - - [05/Mar/2018:11:21:19 -0300] "GET /cormun/servlet/hlogin HTTP/1.1" 200 1743
186.103.157.246 - - [05/Mar/2018:11:21:20 -0300] "GET /cormun/static/gxcfg.js?20175251213516 HTTP/1.1" 304 -
186.103.157.246 - - [05/Mar/2018:11:21:37 -0300] "POST /cormun/servlet/hlogin?a89511cf73f3b1219c8d621a3f96594a,gx-no-cache=1520259649033 HTTP/1.1" 200 90
186.103.157.246 - - [05/Mar/2018:11:21:38 -0300] "GET /cormun/servlet/hpexe_link HTTP/1.1" 200 965
186.103.157.246 - - [05/Mar/2018:11:21:41 -0300] "GET /cormun/static/gxcfg.js?20177612121792 HTTP/1.1" 304 -
186.103.157.246 - - [05/Mar/2018:11:21:41 -0300] "GET /cormun/servlet/licenciaspermisos?INS,0,,, HTTP/1.1" 200 7476
200.86.99.60 - - [05/Mar/2018:11:21:41 -0300] "POST /cormun/servlet/solicitudot?3fc2c176a32b957741e853ad72d2cced,INS,0,0,,gx-no-cache=1520259653041 HTTP/1.1" 200 93
200.86.99.60 - - [05/Mar/2018:11:21:41 -0300] "GET /cormun/servlet/hpexe_return? HTTP/1.1" 200 1002
200.86.99.60 - - [05/Mar/2018:11:21:42 -0300] "GET /cormun/static/gxcfg.js?2016101716175148 HTTP/1.1" 304 -
200.86.99.60 - - [05/Mar/2018:11:21:42 -0300] "GET /cormun/servlet/trsolicitudot HTTP/1.1" 200 8725
186.103.157.246 - - [05/Mar/2018:11:21:42 -0300] "GET /cormun/servlet/licenciaspermisos?INS,0,,, HTTP/1.1" 200 7483
200.86.99.60 - - [05/Mar/2018:11:21:43 -0300] "GET /cormun/servlet/trsolicitudot HTTP/1.1" 200 8721
200.86.99.60 - - [05/Mar/2018:11:21:43 -0300] "GET /cormun//static/Resources/PXTools/ActionInsert.png HTTP/1.1" 200 1482
200.86.99.60 - - [05/Mar/2018:11:21:43 -0300] "GET /cormun//static/Resources/PXToolsGridUpdate.png HTTP/1.1" 200 2984
200.86.99.60 - - [05/Mar/2018:11:21:43 -0300] "GET /cormun//static/Resources/PXToolsActionView.png HTTP/1.1" 200 2995
200.86.99.60 - - [05/Mar/2018:11:21:43 -0300] "GET /cormun//static/Resources/PXToolsGridDelete.png HTTP/1.1" 200 357
200.86.99.60 - - [05/Mar/2018:11:21:43 -0300] "GET /cormun//static/Resources/PXToolsRemoveAllAction.png HTTP/1.1" 200 3558
200.86.99.60 - - [05/Mar/2018:11:21:49 -0300] "POST /cormun/servlet/trsolicitudot?3fc2c176a32b957741e853ad72d2cced,gx-no-cache=1520259660267 HTTP/1.1" 200 6053
200.86.99.60 - - [05/Mar/2018:11:21:49 -0300] "GET /cormun/static/Shared/jqueryui/images/ui-bg_highlight-soft_100_c6c2c8_1x100.png HTTP/1.1" 404 1117
200.86.99.60 - - [05/Mar/2018:11:21:49 -0300] "GET /cormun/static/Shared/jqueryui/images/ui-icons_82798d_256x240.png HTTP/1.1" 404 1089
200.86.99.60 - - [05/Mar/2018:11:21:49 -0300] "GET /cormun/static/Shared/jqueryui/images/ui-bg_flat_55_fafafa_40x100.png HTTP/1.1" 404 1097
200.86.99.60 - - [05/Mar/2018:11:21:49 -0300] "GET /cormun/static/Shared/jqueryui/images/ui-icons_8d78a5_256x240.png HTTP/1.1" 404 1089
186.103.157.246 - - [05/Mar/2018:11:21:52 -0300] "GET /cormun/servlet/trautorizarsolicitud? HTTP/1.1" 200 10523
186.103.157.246 - - [05/Mar/2018:11:21:53 -0300] "GET /cormun/static/gxui/gxui-all.css?120300 HTTP/1.1" 200 2179
186.103.157.246 - - [05/Mar/2018:11:21:53 -0300] "GET /cormun/static/calendar-system.css?85620 HTTP/1.1" 200 5572
186.103.157.246 - - [05/Mar/2018:11:21:53 -0300] "GET /cormun/static/gxcfg.js?2017111423403364 HTTP/1.1" 200 953
186.103.157.246 - - [05/Mar/2018:11:21:53 -0300] "GET /cormun/static/Resources/Spanish/PXTools.css?1255365 HTTP/1.1" 200 89042
186.103.157.246 - - [05/Mar/2018:11:21:54 -0300] "GET /cormun/static/Shared/ext/resources/css/ext-all.css?215870 HTTP/1.1" 200 416045
186.103.157.246 - - [05/Mar/2018:11:21:54 -0300] "GET /cormun/static/trautorizarsolicitud.js?201711142340425 HTTP/1.1" 200 53910
186.103.157.246 - - [05/Mar/2018:11:21:56 -0300] "GET /cormun/servlet/trautorizarsolicitud? HTTP/1.1" 200 10511
186.103.157.246 - - [05/Mar/2018:11:21:56 -0300] "GET /cormun//static/Resources/PXToolsRemoveAllAction.png HTTP/1.1" 200 3558
186.103.157.246 - - [05/Mar/2018:11:21:56 -0300] "GET /cormun//static/Resources/PXToolsActionView.png HTTP/1.1" 200 2995
200.86.99.60 - - [05/Mar/2018:11:22:05 -0300] "POST /cormun/servlet/trsolicitudot?3fc2c176a32b957741e853ad72d2cced,gx-no-cache=1520259676908 HTTP/1.1" 200 106
200.86.99.60 - - [05/Mar/2018:11:22:05 -0300] "GET /cormun/servlet/trsolicitudadjuntos?2018,9992, HTTP/1.1" 200 6235
200.86.99.60 - - [05/Mar/2018:11:22:05 -0300] "GET /cormun/static/gxcfg.js?20177612135366 HTTP/1.1" 200 953
200.86.99.60 - - [05/Mar/2018:11:22:05 -0300] "GET /cormun/static/trsolicitudadjuntos.js?20177612135632 HTTP/1.1" 200 17922
200.86.99.60 - - [05/Mar/2018:11:22:06 -0300] "GET /cormun/servlet/trsolicitudadjuntos?2018,9992, HTTP/1.1" 200 6235
186.103.157.246 - - [05/Mar/2018:11:22:10 -0300] "POST /cormun/servlet/trautorizarsolicitud?a89511cf73f3b1219c8d621a3f96594a,,gx-no-cache=1520259680885 HTTP/1.1" 200 7431
186.103.157.246 - - [05/Mar/2018:11:22:11 -0300] "GET /cormun/static/Shared/jqueryui/images/ui-bg_highlight-soft_100_c6c2c8_1x100.png HTTP/1.1" 404 1117
186.103.157.246 - - [05/Mar/2018:11:22:11 -0300] "GET /cormun/static/Shared/jqueryui/images/ui-bg_flat_55_fafafa_40x100.png HTTP/1.1" 404 1097
186.103.157.246 - - [05/Mar/2018:11:22:11 -0300] "GET /cormun/static/Shared/jqueryui/images/ui-icons_82798d_256x240.png HTTP/1.1" 404 1089
186.103.157.246 - - [05/Mar/2018:11:22:11 -0300] "GET /cormun/static/Shared/jqueryui/images/ui-icons_8d78a5_256x240.png HTTP/1.1" 404 1089
200.86.99.60 - - [05/Mar/2018:11:22:12 -0300] "GET /cormun/servlet/solicitudotadjuntos?INS,2018,9992,,1, HTTP/1.1" 200 6180
200.86.99.60 - - [05/Mar/2018:11:22:12 -0300] "GET /cormun/static/gxcfg.js?2017761244068 HTTP/1.1" 200 953
200.86.99.60 - - [05/Mar/2018:11:22:12 -0300] "GET /cormun/static/solicitudotadjuntos.js?2017761244086 HTTP/1.1" 200 11771
200.86.99.60 - - [05/Mar/2018:11:22:12 -0300] "GET /cormun/static/about:blank HTTP/1.1" 404 1011
200.86.99.60 - - [05/Mar/2018:11:22:13 -0300] "GET /cormun/servlet/solicitudotadjuntos?INS,2018,9992,,1, HTTP/1.1" 200 6174
186.103.157.246 - - [05/Mar/2018:11:22:13 -0300] "POST /cormun/servlet/trautorizarsolicitud?a89511cf73f3b1219c8d621a3f96594a,,gx-no-cache=1520259682954 HTTP/1.1" 200 7377
200.86.99.60 - - [05/Mar/2018:11:22:14 -0300] "GET /cormun/servlet/solicitudotadjuntos?f2b669ea69b35c5a281d27582e9a0563fd89c0ca92042a7ed508fc36fffca2efe99e819673a7f4053402b8527796eca6,gx-no-cache=1520259685554 HTTP/1.1" 200 30
200.86.99.60 - - [05/Mar/2018:11:22:14 -0300] "POST /cormun/servlet/solicitudotadjuntos?3fc2c176a32b957741e853ad72d2cced,INS,2018,9992,,1,,gx-no-cache=1520259685651 HTTP/1.1" 200 3976
186.103.157.246 - - [05/Mar/2018:11:22:16 -0300] "POST /cormun/servlet/trautorizarsolicitud?a89511cf73f3b1219c8d621a3f96594a,,gx-no-cache=1520259687065 HTTP/1.1" 200 7129
200.86.99.60 - - [05/Mar/2018:11:22:17 -0300] "POST /cormun/servlet/solicitudotadjuntos?gx-no-cache=1520259689186 HTTP/1.1" 200 26
186.103.157.246 - - [05/Mar/2018:11:22:19 -0300] "POST /cormun/servlet/trautorizarsolicitud?a89511cf73f3b1219c8d621a3f96594a,,gx-no-cache=1520259688659 HTTP/1.1" 200 7075
186.103.157.246 - - [05/Mar/2018:11:22:27 -0300] "POST /cormun/servlet/trautorizarsolicitud?a89511cf73f3b1219c8d621a3f96594a,,gx-no-cache=1520259692455 HTTP/1.1" 200 6775
186.103.157.246 - - [05/Mar/2018:11:22:28 -0300] "POST /cormun/servlet/trautorizarsolicitud?a89511cf73f3b1219c8d621a3f96594a,,gx-no-cache=1520259699441 HTTP/1.1" 200 6719
186.103.157.246 - - [05/Mar/2018:11:22:31 -0300] "POST /cormun/servlet/trautorizarsolicitud?a89511cf73f3b1219c8d621a3f96594a,,gx-no-cache=1520259701598 HTTP/1.1" 200 6232
186.103.157.246 - - [05/Mar/2018:11:22:31 -0300] "POST /cormun/servlet/trautorizarsolicitud?a89511cf73f3b1219c8d621a3f96594a,,gx-no-cache=1520259702906 HTTP/1.1" 200 6177
186.103.157.246 - - [05/Mar/2018:11:22:34 -0300] "POST /cormun/servlet/trautorizarsolicitud?a89511cf73f3b1219c8d621a3f96594a,,gx-no-cache=1520259704802 HTTP/1.1" 200 5788
186.103.157.246 - - [05/Mar/2018:11:22:35 -0300] "POST /cormun/servlet/trautorizarsolicitud?a89511cf73f3b1219c8d621a3f96594a,,gx-no-cache=1520259705942 HTTP/1.1" 200 5735
186.103.157.246 - - [05/Mar/2018:11:22:37 -0300] "POST /cormun/servlet/trautorizarsolicitud?a89511cf73f3b1219c8d621a3f96594a,,gx-no-cache=1520259708199 HTTP/1.1" 200 4596
186.103.157.246 - - [05/Mar/2018:11:22:38 -0300] "POST /cormun/servlet/trautorizarsolicitud?a89511cf73f3b1219c8d621a3f96594a,,gx-no-cache=1520259709309 HTTP/1.1" 200 4383
186.103.157.246 - - [05/Mar/2018:11:23:30 -0300] "GET /cormun/servlet/trautorizarsolicitud? HTTP/1.1" 200 7221
186.103.157.246 - - [05/Mar/2018:11:23:32 -0300] "GET /cormun/servlet/trautorizarsolicitud? HTTP/1.1" 200 7209
186.103.157.246 - - [05/Mar/2018:11:24:12 -0300] "GET /cormun/static/Resources/resize.gif HTTP/1.1" 304 -
186.103.157.246 - - [05/Mar/2018:11:24:12 -0300] "GET /cormun/servlet/prbanco?,MD,,gxPopupLevel%3D0%3B HTTP/1.1" 200 6479
186.103.157.246 - - [05/Mar/2018:11:24:12 -0300] "GET /cormun/static/gxcfg.js?20181161016094 HTTP/1.1" 304 -
186.103.157.246 - - [05/Mar/2018:11:24:13 -0300] "GET /cormun/static/Resources/PXToolsMenuSearch.png HTTP/1.1" 304 -
186.103.157.246 - - [05/Mar/2018:11:24:13 -0300] "GET /cormun/static/Resources/PXToolsMenuSearchCancel.png HTTP/1.1" 304 -
186.103.157.246 - - [05/Mar/2018:11:24:13 -0300] "GET /cormun/static/prbanco.js?2018116101633 HTTP/1.1" 304 -
186.103.157.246 - - [05/Mar/2018:11:24:13 -0300] "GET /cormun/static/menusearch.js?201610171694467 HTTP/1.1" 304 -
186.103.157.246 - - [05/Mar/2018:11:24:13 -0300] "GET /cormun/static/hmpwkw011.js?20177612121862 HTTP/1.1" 304 -
186.103.157.246 - - [05/Mar/2018:11:24:24 -0300] "GET /cormun/servlet/solicitudot?a00b3ad133963aca77a2b5b9c9e8f0db4e59b58e953b3eaee244d4c7f7e09ed3,gx-no-cache=1520259815565 HTTP/1.1" 200 20
186.103.157.246 - - [05/Mar/2018:11:24:27 -0300] "GET /cormun/servlet/solicitudot?54688da65f058a42e1fb883132ee32cae03dc8115ce8b51ab151d1ea1415c0ca,gx-no-cache=1520259819045 HTTP/1.1" 200 51
200.86.99.60 - - [05/Mar/2018:11:25:13 -0300] "GET /cormun/servlet/solicitudotadjuntos?f2b669ea69b35c5a281d27582e9a05634d364a56675e80006318eba10d887f83,gx-no-cache=1520259865088 HTTP/1.1" 200 30
200.86.99.60 - - [05/Mar/2018:11:25:13 -0300] "GET /cormun/servlet/solicitudotadjuntos?f2b669ea69b35c5a281d27582e9a05634d364a56675e80006318eba10d887f83,gx-no-cache=1520259865278 HTTP/1.1" 200 30
186.103.157.246 - - [05/Mar/2018:11:25:16 -0300] "POST /cormun/servlet/solicitudot?gx-no-cache=1520259867665 HTTP/1.1" 200 257
200.86.99.60 - - [05/Mar/2018:11:25:16 -0300] "POST /cormun/servlet/solicitudotadjuntos?3fc2c176a32b957741e853ad72d2cced,INS,2018,9992,,1, HTTP/1.1" 200 116
186.103.157.246 - - [05/Mar/2018:11:25:16 -0300] "GET /cormun/servlet/solicitudot?54688da65f058a42e1fb883132ee32ca724bb8ca0d409f9cc533a9af32bc24e5ecd17f669eecda8c85a05d2690fe2048aa22565f58c79b6b329aa8f438398de36e3b9af89c0be6c8033c9ecafbc07b83c15be5054898a3db74ace9db26f02bc7e0e9ecba8efb1a11d5ac95292b4133db2c8df0968a145040d5d567a4daff300bf95b89eb43a0790df3b200bc36b57ba1e1d79b440e94cb9afd2d3a23bcbe09d787e60fc77e14c9dbec728b066427c6f1e080fc48d318bc14c645e1a2f88f56aa782af5d996a53eb11e9b4882f3b27e38fa963a8e3fd8d28b74e1ffb5ad092900f76f7310bdfa1b8173eaa5b342609ff3569b1e3dfb4d7af4277ebefe9e9c90df5a234ece0db0251760f37bf349d457e1317ea26d02c3a3481f27713e5c1bb602480499ff74da606676fe28e1017a7d459af251b12394e476ab4893bc5ed58e2363192e3e58332bc2cd82f2597e36cd1b8d243f57583eb8a0595946f7ee5fc8e8913c7c62dbb60daa8a514886369c5f1a359566951445581b62837fe65c4528a0,gx-no-cache=1520259867927 HTTP/1.1" 200 30
200.86.99.60 - - [05/Mar/2018:11:25:16 -0300] "GET /cormun/servlet/hpexe_return? HTTP/1.1" 200 1022
200.86.99.60 - - [05/Mar/2018:11:25:17 -0300] "GET /cormun/servlet/trsolicitudadjuntos?2018,9992, HTTP/1.1" 200 8652
200.86.99.60 - - [05/Mar/2018:11:25:18 -0300] "GET /cormun/servlet/trsolicitudadjuntos?2018,9992, HTTP/1.1" 200 8649
186.103.157.246 - - [05/Mar/2018:11:25:19 -0300] "POST /cormun/servlet/solicitudot?gx-no-cache=1520259870705 HTTP/1.1" 200 30
200.86.99.60 - - [05/Mar/2018:11:25:24 -0300] "GET /cormun/servlet/solicitudotadjuntos?INS,2018,9992,,1, HTTP/1.1" 200 6179
200.86.99.60 - - [05/Mar/2018:11:25:24 -0300] "GET /cormun/static/about:blank HTTP/1.1" 404 1011
200.86.99.60 - - [05/Mar/2018:11:25:25 -0300] "GET /cormun/servlet/solicitudotadjuntos?INS,2018,9992,,1, HTTP/1.1" 200 6173
200.86.99.60 - - [05/Mar/2018:11:25:25 -0300] "GET /cormun/servlet/solicitudotadjuntos?f2b669ea69b35c5a281d27582e9a0563fd89c0ca92042a7ed508fc36fffca2efe99e819673a7f4053402b8527796eca6,gx-no-cache=1520259877370 HTTP/1.1" 200 30
200.86.99.60 - - [05/Mar/2018:11:25:26 -0300] "POST /cormun/servlet/solicitudotadjuntos?3fc2c176a32b957741e853ad72d2cced,INS,2018,9992,,1,,gx-no-cache=1520259877477 HTTP/1.1" 200 3974
200.86.99.60 - - [05/Mar/2018:11:25:29 -0300] "POST /cormun/servlet/solicitudotadjuntos?gx-no-cache=1520259881232 HTTP/1.1" 200 26
200.86.99.60 - - [05/Mar/2018:11:25:42 -0300] "GET /cormun/servlet/solicitudotadjuntos?f2b669ea69b35c5a281d27582e9a05634d364a56675e80006318eba10d887f83,gx-no-cache=1520259894219 HTTP/1.1" 200 30
200.86.99.60 - - [05/Mar/2018:11:25:42 -0300] "GET /cormun/servlet/solicitudotadjuntos?f2b669ea69b35c5a281d27582e9a05634d364a56675e80006318eba10d887f83,gx-no-cache=1520259894284 HTTP/1.1" 200 30
200.86.99.60 - - [05/Mar/2018:11:25:45 -0300] "POST /cormun/servlet/solicitudotadjuntos?3fc2c176a32b957741e853ad72d2cced,INS,2018,9992,,1, HTTP/1.1" 200 116
200.86.99.60 - - [05/Mar/2018:11:25:45 -0300] "GET /cormun/servlet/hpexe_return? HTTP/1.1" 200 1022
200.86.99.60 - - [05/Mar/2018:11:25:45 -0300] "GET /cormun/servlet/trsolicitudadjuntos?2018,9992, HTTP/1.1" 200 8880
186.103.157.246 - - [05/Mar/2018:11:25:45 -0300] "POST /cormun/servlet/solicitudot?gx-no-cache=1520259897059 HTTP/1.1" 200 256
186.103.157.246 - - [05/Mar/2018:11:25:46 -0300] "GET /cormun/servlet/solicitudot?54688da65f058a42e1fb883132ee32ca724bb8ca0d409f9cc533a9af32bc24e5ecd17f669eecda8c85a05d2690fe2048aa22565f58c79b6b329aa8f438398de36e3b9af89c0be6c8033c9ecafbc07b83c15be5054898a3db74ace9db26f02bc7e0e9ecba8efb1a11d5ac95292b4133db2c8df0968a145040d5d567a4daff300bf95b89eb43a0790df3b200bc36b57ba1e1d79b440e94cb9afd2d3a23bcbe09d787e60fc77e14c9dbec728b066427c6f1e080fc48d318bc14c645e1a2f88f56aa782af5d996a53eb11e9b4882f3b27e38fa963a8e3fd8d28b74e1ffb5ad092900f76f7310bdfa1b8173eaa5b342609ff3569b1e3dfb4d7af4277ebefe9e9c90df5a234ece0db0251760f37bf349d457e1317ea26d02c3a3481f27713e5c1bb602480499ff74da606676fe28e1017a7d459af251b12394e476ab4893bc5ed58e2363192e3e58332bc2cd82f2597e36cd1b8d243f57583eb8a0595946f7ee5fc8e8913c7c62dbb60daa8a514886369c5f1a359566951445581b62837fe65c4528a0,gx-no-cache=1520259897328 HTTP/1.1" 200 30
200.86.99.60 - - [05/Mar/2018:11:25:46 -0300] "GET /cormun/servlet/trsolicitudadjuntos?2018,9992, HTTP/1.1" 200 8877
186.103.157.246 - - [05/Mar/2018:11:25:49 -0300] "POST /cormun/servlet/solicitudot?gx-no-cache=1520259900810 HTTP/1.1" 200 30
200.86.99.60 - - [05/Mar/2018:11:25:50 -0300] "GET /cormun/servlet/solicitudotadjuntos?INS,2018,9992,,1, HTTP/1.1" 200 6180
200.86.99.60 - - [05/Mar/2018:11:25:50 -0300] "GET /cormun/static/about:blank HTTP/1.1" 404 1011
200.86.99.60 - - [05/Mar/2018:11:25:51 -0300] "GET /cormun/servlet/solicitudotadjuntos?INS,2018,9992,,1, HTTP/1.1" 200 6174
200.86.99.60 - - [05/Mar/2018:11:25:51 -0300] "GET /cormun/servlet/solicitudotadjuntos?f2b669ea69b35c5a281d27582e9a0563fd89c0ca92042a7ed508fc36fffca2efe99e819673a7f4053402b8527796eca6,gx-no-cache=1520259902952 HTTP/1.1" 200 30
200.86.99.60 - - [05/Mar/2018:11:25:51 -0300] "POST /cormun/servlet/solicitudotadjuntos?3fc2c176a32b957741e853ad72d2cced,INS,2018,9992,,1,,gx-no-cache=1520259903011 HTTP/1.1" 200 3975
200.86.99.60 - - [05/Mar/2018:11:25:55 -0300] "POST /cormun/servlet/solicitudotadjuntos?gx-no-cache=1520259907259 HTTP/1.1" 200 26
200.86.99.60 - - [05/Mar/2018:11:26:00 -0300] "GET /cormun/servlet/solicitudotadjuntos?f2b669ea69b35c5a281d27582e9a05634d364a56675e80006318eba10d887f83,gx-no-cache=1520259911900 HTTP/1.1" 200 30
200.86.99.60 - - [05/Mar/2018:11:26:00 -0300] "GET /cormun/servlet/solicitudotadjuntos?f2b669ea69b35c5a281d27582e9a05634d364a56675e80006318eba10d887f83,gx-no-cache=1520259911967 HTTP/1.1" 200 30
200.86.99.60 - - [05/Mar/2018:11:26:00 -0300] "POST /cormun/servlet/solicitudotadjuntos?3fc2c176a32b957741e853ad72d2cced,INS,2018,9992,,1,,gx-no-cache=1520259912028 HTTP/1.1" 200 93
200.86.99.60 - - [05/Mar/2018:11:26:00 -0300] "GET /cormun/servlet/hpexe_return? HTTP/1.1" 200 1022
200.86.99.60 - - [05/Mar/2018:11:26:01 -0300] "GET /cormun/servlet/trsolicitudadjuntos?2018,9992, HTTP/1.1" 200 8993
200.86.99.60 - - [05/Mar/2018:11:26:02 -0300] "GET /cormun/servlet/trsolicitudadjuntos?2018,9992, HTTP/1.1" 200 8991
186.103.157.246 - - [05/Mar/2018:11:26:07 -0300] "POST /cormun/servlet/solicitudot?gx-no-cache=1520259919102 HTTP/1.1" 200 1337
186.103.157.246 - - [05/Mar/2018:11:26:07 -0300] "POST /cormun/servlet/solicitudot?gx-no-cache=1520259919269 HTTP/1.1" 200 41
186.103.157.246 - - [05/Mar/2018:11:26:07 -0300] "POST /cormun/servlet/solicitudot?gx-no-cache=1520259919395 HTTP/1.1" 200 1319
186.103.157.246 - - [05/Mar/2018:11:26:08 -0300] "POST /cormun/servlet/solicitudot?gx-no-cache=1520259919600 HTTP/1.1" 200 1218
186.103.157.246 - - [05/Mar/2018:11:26:08 -0300] "GET /cormun/servlet/solicitudot?54688da65f058a42e1fb883132ee32ca789aa3e4217e121a2fdf1423acfc4b64ca299213327ef3ebc3a1fee2eb55862a,gx-no-cache=1520259919743 HTTP/1.1" 200 30
186.103.157.246 - - [05/Mar/2018:11:26:08 -0300] "POST /cormun/servlet/solicitudot?gx-no-cache=1520259920146 HTTP/1.1" 200 30
186.103.157.246 - - [05/Mar/2018:11:26:09 -0300] "POST /cormun/servlet/solicitudot?0f262e887f327b3a389747c928d2d91b,INS,0,0,,gx-no-cache=1520259920236 HTTP/1.1" 200 93
186.103.157.246 - - [05/Mar/2018:11:26:09 -0300] "GET /cormun/servlet/hpexe_return? HTTP/1.1" 200 992
186.103.157.246 - - [05/Mar/2018:11:26:09 -0300] "GET /cormun/static/Resources/Spanish/PXTools.css?167811 HTTP/1.1" 304 -
186.103.157.246 - - [05/Mar/2018:11:26:09 -0300] "GET /cormun/static/gxcfg.js?2016101716175148 HTTP/1.1" 304 -
186.103.157.246 - - [05/Mar/2018:11:26:09 -0300] "GET /cormun/static/hpexe_return.js?2016101716175153 HTTP/1.1" 304 -
186.103.157.246 - - [05/Mar/2018:11:26:09 -0300] "GET /cormun/servlet/trsolicitudot HTTP/1.1" 200 8306
200.86.99.60 - - [05/Mar/2018:11:26:13 -0300] "GET /cormun/servlet/solicitudotadjuntos?DLT,2018,9992,CERTIF3,0, HTTP/1.1" 200 6054
200.86.99.60 - - [05/Mar/2018:11:26:13 -0300] "GET /cormun/static/about:blank HTTP/1.1" 404 1011
200.86.99.60 - - [05/Mar/2018:11:26:14 -0300] "GET /cormun/static/Shared/jqueryui/images/ui-bg_highlight-soft_100_c6c2c8_1x100.png HTTP/1.1" 404 1117
200.86.99.60 - - [05/Mar/2018:11:26:14 -0300] "GET /cormun/static/Shared/jqueryui/images/ui-bg_flat_55_fafafa_40x100.png HTTP/1.1" 404 1097
200.86.99.60 - - [05/Mar/2018:11:26:14 -0300] "GET /cormun/static/Shared/jqueryui/images/ui-icons_82798d_256x240.png HTTP/1.1" 404 1089
200.86.99.60 - - [05/Mar/2018:11:26:14 -0300] "GET /cormun/static/Shared/jqueryui/images/ui-icons_8d78a5_256x240.png HTTP/1.1" 404 1089
200.86.99.60 - - [05/Mar/2018:11:26:14 -0300] "GET /cormun/servlet/solicitudotadjuntos?DLT,2018,9992,CERTIF3,0, HTTP/1.1" 200 6048
186.103.157.246 - - [05/Mar/2018:11:26:14 -0300] "GET /cormun/servlet/solicitudot?INS,0,0, HTTP/1.1" 200 13327
200.86.99.60 - - [05/Mar/2018:11:26:17 -0300] "POST /cormun/servlet/solicitudotadjuntos?3fc2c176a32b957741e853ad72d2cced,DLT,2018,9992,CERTIF3,0,,gx-no-cache=1520259928718 HTTP/1.1" 200 93
200.86.99.60 - - [05/Mar/2018:11:26:17 -0300] "GET /cormun/servlet/hpexe_return? HTTP/1.1" 200 1028
200.86.99.60 - - [05/Mar/2018:11:26:17 -0300] "GET /cormun/servlet/trsolicitudadjuntos?2018,9992, HTTP/1.1" 200 8880
200.86.99.60 - - [05/Mar/2018:11:26:18 -0300] "GET /cormun/servlet/trsolicitudadjuntos?2018,9992, HTTP/1.1" 200 8877
200.86.99.60 - - [05/Mar/2018:11:26:22 -0300] "GET /cormun/servlet/solicitudotadjuntos?INS,2018,9992,,1, HTTP/1.1" 200 6180
200.86.99.60 - - [05/Mar/2018:11:26:23 -0300] "GET /cormun/static/about:blank HTTP/1.1" 404 1011
200.86.99.60 - - [05/Mar/2018:11:26:23 -0300] "GET /cormun/servlet/solicitudotadjuntos?INS,2018,9992,,1, HTTP/1.1" 200 6174
200.86.99.60 - - [05/Mar/2018:11:26:24 -0300] "GET /cormun/servlet/solicitudotadjuntos?f2b669ea69b35c5a281d27582e9a0563fd89c0ca92042a7ed508fc36fffca2efe99e819673a7f4053402b8527796eca6,gx-no-cache=1520259935606 HTTP/1.1" 200 30
200.86.99.60 - - [05/Mar/2018:11:26:24 -0300] "POST /cormun/servlet/solicitudotadjuntos?3fc2c176a32b957741e853ad72d2cced,INS,2018,9992,,1,,gx-no-cache=1520259935676 HTTP/1.1" 200 3975
200.86.99.60 - - [05/Mar/2018:11:26:29 -0300] "POST /cormun/servlet/solicitudotadjuntos?gx-no-cache=1520259940440 HTTP/1.1" 200 26
186.103.157.246 - - [05/Mar/2018:11:26:36 -0300] "POST /cormun/servlet/solicitudot?0f262e887f327b3a389747c928d2d91b,INS,0,0,,gx-no-cache=1520259947246 HTTP/1.1" 200 90
186.103.157.246 - - [05/Mar/2018:11:26:36 -0300] "GET /cormun/servlet/hpexe_link HTTP/1.1" 200 946
186.103.157.246 - - [05/Mar/2018:11:26:36 -0300] "GET /cormun/servlet/trsolicitudot HTTP/1.1" 200 8303
200.86.99.60 - - [05/Mar/2018:11:26:39 -0300] "GET /cormun/servlet/solicitudotadjuntos?f2b669ea69b35c5a281d27582e9a05634d364a56675e80006318eba10d887f83,gx-no-cache=1520259950892 HTTP/1.1" 200 30
200.86.99.60 - - [05/Mar/2018:11:26:39 -0300] "GET /cormun/servlet/solicitudotadjuntos?f2b669ea69b35c5a281d27582e9a05634d364a56675e80006318eba10d887f83,gx-no-cache=1520259950951 HTTP/1.1" 200 30
200.86.99.60 - - [05/Mar/2018:11:26:40 -0300] "POST /cormun/servlet/solicitudotadjuntos?3fc2c176a32b957741e853ad72d2cced,INS,2018,9992,,1,,gx-no-cache=1520259951009 HTTP/1.1" 200 93
200.86.99.60 - - [05/Mar/2018:11:26:40 -0300] "GET /cormun/servlet/hpexe_return? HTTP/1.1" 200 1022
200.86.99.60 - - [05/Mar/2018:11:26:40 -0300] "GET /cormun/servlet/trsolicitudadjuntos?2018,9992, HTTP/1.1" 200 8994
186.103.157.246 - - [05/Mar/2018:11:26:41 -0300] "POST /cormun/servlet/trsolicitudot?0f262e887f327b3a389747c928d2d91b,gx-no-cache=1520259952712 HTTP/1.1" 200 106
186.103.157.246 - - [05/Mar/2018:11:26:41 -0300] "GET /cormun/servlet/trsolicitudadjuntos?2018,9993, HTTP/1.1" 200 5970
200.86.99.60 - - [05/Mar/2018:11:26:41 -0300] "GET /cormun/servlet/trsolicitudadjuntos?2018,9992, HTTP/1.1" 200 8992
186.103.157.246 - - [05/Mar/2018:11:26:44 -0300] "GET /cormun/servlet/solicitudotadjuntos?INS,2018,9993,,1, HTTP/1.1" 200 5915
186.103.157.246 - - [05/Mar/2018:11:26:45 -0300] "GET /cormun/static/gxcfg.js?2017761244068 HTTP/1.1" 304 -
186.103.157.246 - - [05/Mar/2018:11:26:45 -0300] "GET /cormun/static/about:blank HTTP/1.1" 404 1011
186.103.157.246 - - [05/Mar/2018:11:26:45 -0300] "GET /cormun/static/about:blank HTTP/1.1" 404 1011
186.103.157.246 - - [05/Mar/2018:11:26:45 -0300] "GET /cormun/static/solicitudotadjuntos.js?2017761244086 HTTP/1.1" 304 -
200.86.99.60 - - [05/Mar/2018:11:26:45 -0300] "GET /cormun/servlet/solicitudotadjuntos?DLT,2018,9992,CERTIF3,0, HTTP/1.1" 200 6057
200.86.99.60 - - [05/Mar/2018:11:26:45 -0300] "GET /cormun/static/about:blank HTTP/1.1" 404 1011
200.86.99.60 - - [05/Mar/2018:11:26:46 -0300] "GET /cormun/static/Shared/jqueryui/images/ui-bg_highlight-soft_100_c6c2c8_1x100.png HTTP/1.1" 404 1117
200.86.99.60 - - [05/Mar/2018:11:26:46 -0300] "GET /cormun/static/Shared/jqueryui/images/ui-bg_flat_55_fafafa_40x100.png HTTP/1.1" 404 1097
200.86.99.60 - - [05/Mar/2018:11:26:46 -0300] "GET /cormun/static/Shared/jqueryui/images/ui-icons_82798d_256x240.png HTTP/1.1" 404 1089
200.86.99.60 - - [05/Mar/2018:11:26:46 -0300] "GET /cormun/static/Shared/jqueryui/images/ui-icons_8d78a5_256x240.png HTTP/1.1" 404 1089
200.86.99.60 - - [05/Mar/2018:11:26:46 -0300] "GET /cormun/servlet/solicitudotadjuntos?DLT,2018,9992,CERTIF3,0, HTTP/1.1" 200 6050
186.103.157.246 - - [05/Mar/2018:11:26:46 -0300] "GET /cormun/servlet/solicitudotadjuntos?54688da65f058a42e1fb883132ee32ca0f059785797af8b48ae613b2b2d29408d03d6091a9691a571d6f45c697d8ccfa,gx-no-cache=1520259957858 HTTP/1.1" 200 30
186.103.157.246 - - [05/Mar/2018:11:26:46 -0300] "POST /cormun/servlet/solicitudotadjuntos?0f262e887f327b3a389747c928d2d91b,INS,2018,9993,,1,,gx-no-cache=1520259958215 HTTP/1.1" 200 3777
200.86.99.60 - - [05/Mar/2018:11:26:49 -0300] "GET /cormun/servlet/trsolicitudadjuntos?2018,9992, HTTP/1.1" 200 8993
200.86.99.60 - - [05/Mar/2018:11:26:50 -0300] "GET /cormun/servlet/trsolicitudadjuntos?2018,9992, HTTP/1.1" 200 8992
186.103.157.246 - - [05/Mar/2018:11:26:50 -0300] "POST /cormun/servlet/solicitudotadjuntos?gx-no-cache=1520259961384 HTTP/1.1" 200 26
200.86.99.60 - - [05/Mar/2018:11:26:53 -0300] "GET /cormun/servlet/solicitudotadjuntos?DLT,2018,9992,CERTIF3,0, HTTP/1.1" 200 6057
200.86.99.60 - - [05/Mar/2018:11:26:53 -0300] "GET /cormun/static/about:blank HTTP/1.1" 404 1011
200.86.99.60 - - [05/Mar/2018:11:26:54 -0300] "GET /cormun/static/Shared/jqueryui/images/ui-bg_highlight-soft_100_c6c2c8_1x100.png HTTP/1.1" 404 1117
200.86.99.60 - - [05/Mar/2018:11:26:54 -0300] "GET /cormun/static/Shared/jqueryui/images/ui-icons_82798d_256x240.png HTTP/1.1" 404 1089
200.86.99.60 - - [05/Mar/2018:11:26:54 -0300] "GET /cormun/static/Shared/jqueryui/images/ui-icons_8d78a5_256x240.png HTTP/1.1" 404 1089
200.86.99.60 - - [05/Mar/2018:11:26:54 -0300] "GET /cormun/static/Shared/jqueryui/images/ui-bg_flat_55_fafafa_40x100.png HTTP/1.1" 404 1097
200.86.99.60 - - [05/Mar/2018:11:26:54 -0300] "GET /cormun/servlet/solicitudotadjuntos?DLT,2018,9992,CERTIF3,0, HTTP/1.1" 200 6050
200.86.99.60 - - [05/Mar/2018:11:26:58 -0300] "POST /cormun/servlet/solicitudotadjuntos?3fc2c176a32b957741e853ad72d2cced,DLT,2018,9992,CERTIF3,0,,gx-no-cache=1520259970055 HTTP/1.1" 200 93
200.86.99.60 - - [05/Mar/2018:11:26:58 -0300] "GET /cormun/servlet/hpexe_return? HTTP/1.1" 200 1028
200.86.99.60 - - [05/Mar/2018:11:26:59 -0300] "GET /cormun/servlet/trsolicitudadjuntos?2018,9992, HTTP/1.1" 200 8879
200.86.99.60 - - [05/Mar/2018:11:26:59 -0300] "GET /cormun/servlet/trsolicitudadjuntos?2018,9992, HTTP/1.1" 200 8878
200.86.99.60 - - [05/Mar/2018:11:27:03 -0300] "GET /cormun/servlet/solicitudotadjuntos?INS,2018,9992,,1, HTTP/1.1" 200 6180
200.86.99.60 - - [05/Mar/2018:11:27:03 -0300] "GET /cormun/static/about:blank HTTP/1.1" 404 1011
200.86.99.60 - - [05/Mar/2018:11:27:04 -0300] "GET /cormun/servlet/solicitudotadjuntos?INS,2018,9992,,1, HTTP/1.1" 200 6174
200.86.99.60 - - [05/Mar/2018:11:27:04 -0300] "GET /cormun/servlet/solicitudotadjuntos?f2b669ea69b35c5a281d27582e9a0563fd89c0ca92042a7ed508fc36fffca2efe99e819673a7f4053402b8527796eca6,gx-no-cache=1520259976246 HTTP/1.1" 200 30
200.86.99.60 - - [05/Mar/2018:11:27:04 -0300] "POST /cormun/servlet/solicitudotadjuntos?3fc2c176a32b957741e853ad72d2cced,INS,2018,9992,,1,,gx-no-cache=1520259976290 HTTP/1.1" 200 3975
186.103.158.250 - - [05/Mar/2018:11:27:06 -0300] "GET /cormun/servlet/trlicenciaspermisosadjuntos?17136773,20180305000000,L, HTTP/1.1" 200 6318
186.103.158.250 - - [05/Mar/2018:11:27:06 -0300] "GET /cormun/static/gxcfg.js?20177612163414 HTTP/1.1" 304 -
186.103.158.250 - - [05/Mar/2018:11:27:07 -0300] "GET /cormun/servlet/trlicenciaspermisosadjuntos?17136773,20180305000000,L, HTTP/1.1" 200 6319
200.86.99.60 - - [05/Mar/2018:11:27:09 -0300] "POST /cormun/servlet/solicitudotadjuntos?gx-no-cache=1520259980405 HTTP/1.1" 200 26
186.103.157.246 - - [05/Mar/2018:11:27:10 -0300] "GET /cormun/servlet/solicitudotadjuntos?54688da65f058a42e1fb883132ee32cab05df6868b2fb471686a3dc0b8604c37,gx-no-cache=1520259982143 HTTP/1.1" 200 30
186.103.157.246 - - [05/Mar/2018:11:27:10 -0300] "GET /cormun/servlet/solicitudotadjuntos?54688da65f058a42e1fb883132ee32cab05df6868b2fb471686a3dc0b8604c37,gx-no-cache=1520259982195 HTTP/1.1" 200 30
186.103.157.246 - - [05/Mar/2018:11:27:20 -0300] "POST /cormun/servlet/solicitudotadjuntos?0f262e887f327b3a389747c928d2d91b,INS,2018,9993,,1, HTTP/1.1" 200 116
186.103.157.246 - - [05/Mar/2018:11:27:20 -0300] "GET /cormun/servlet/hpexe_return? HTTP/1.1" 200 1010
186.103.157.246 - - [05/Mar/2018:11:27:21 -0300] "GET /cormun/servlet/trsolicitudadjuntos?2018,9993, HTTP/1.1" 200 8325
186.103.159.43 - - [05/Mar/2018:11:27:27 -0300] "POST /cormun/servlet/solicitudot?gx-no-cache=1520259998357 HTTP/1.1" 200 3301
186.103.159.43 - - [05/Mar/2018:11:27:27 -0300] "POST /cormun/servlet/solicitudot?bf6545e62b0e80e2a58a84d820c4a476,INS,0,0,,gx-no-cache=1520259998643 HTTP/1.1" 200 10261
200.86.99.60 - - [05/Mar/2018:11:27:27 -0300] "GET /cormun/servlet/solicitudotadjuntos?f2b669ea69b35c5a281d27582e9a05634d364a56675e80006318eba10d887f83,gx-no-cache=1520259999373 HTTP/1.1" 200 30
200.86.99.60 - - [05/Mar/2018:11:27:27 -0300] "GET /cormun/servlet/solicitudotadjuntos?f2b669ea69b35c5a281d27582e9a05634d364a56675e80006318eba10d887f83,gx-no-cache=1520259999409 HTTP/1.1" 200 30
200.86.99.60 - - [05/Mar/2018:11:27:29 -0300] "POST /cormun/servlet/solicitudotadjuntos?3fc2c176a32b957741e853ad72d2cced,INS,2018,9992,,1, HTTP/1.1" 200 116
200.86.99.60 - - [05/Mar/2018:11:27:29 -0300] "GET /cormun/servlet/hpexe_return? HTTP/1.1" 200 1022
186.103.157.246 - - [05/Mar/2018:11:27:29 -0300] "GET /cormun/servlet/solicitudotadjuntos?INS,2018,9993,,1, HTTP/1.1" 200 5915
186.103.157.246 - - [05/Mar/2018:11:27:29 -0300] "GET /cormun/static/about:blank HTTP/1.1" 404 1011
200.86.99.60 - - [05/Mar/2018:11:27:29 -0300] "GET /cormun/servlet/trsolicitudadjuntos?2018,9992, HTTP/1.1" 200 9056
186.103.157.246 - - [05/Mar/2018:11:27:29 -0300] "GET /cormun/static/about:blank HTTP/1.1" 404 1011
200.86.99.60 - - [05/Mar/2018:11:27:30 -0300] "GET /cormun/servlet/trsolicitudadjuntos?2018,9992, HTTP/1.1" 200 9056
186.103.157.246 - - [05/Mar/2018:11:27:30 -0300] "GET /cormun/servlet/solicitudotadjuntos?54688da65f058a42e1fb883132ee32ca0f059785797af8b48ae613b2b2d29408d03d6091a9691a571d6f45c697d8ccfa,gx-no-cache=1520260002069 HTTP/1.1" 200 30
186.103.157.246 - - [05/Mar/2018:11:27:31 -0300] "POST /cormun/servlet/solicitudotadjuntos?0f262e887f327b3a389747c928d2d91b,INS,2018,9993,,1,,gx-no-cache=1520260002412 HTTP/1.1" 200 3777
186.103.159.43 - - [05/Mar/2018:11:27:31 -0300] "GET /cormun/servlet/solicitudot?37a7e61462a346b0fcd83d071d39b21c5839de9bd378e05359f91086c0e4a8c4c5433d34b762e0ff31c16bb2ad4b1c19,gx-no-cache=1520260002889 HTTP/1.1" 200 30
200.86.99.60 - - [05/Mar/2018:11:27:34 -0300] "GET /cormun/servlet/solicitudotadjuntos?INS,2018,9992,,1, HTTP/1.1" 200 6180
200.86.99.60 - - [05/Mar/2018:11:27:35 -0300] "GET /cormun/static/about:blank HTTP/1.1" 404 1011
200.86.99.60 - - [05/Mar/2018:11:27:35 -0300] "GET /cormun/servlet/solicitudotadjuntos?INS,2018,9992,,1, HTTP/1.1" 200 6174
200.86.99.60 - - [05/Mar/2018:11:27:36 -0300] "GET /cormun/servlet/solicitudotadjuntos?f2b669ea69b35c5a281d27582e9a0563fd89c0ca92042a7ed508fc36fffca2efe99e819673a7f4053402b8527796eca6,gx-no-cache=1520260007544 HTTP/1.1" 200 30
200.86.99.60 - - [05/Mar/2018:11:27:36 -0300] "POST /cormun/servlet/solicitudotadjuntos?3fc2c176a32b957741e853ad72d2cced,INS,2018,9992,,1,,gx-no-cache=1520260007582 HTTP/1.1" 200 3975
200.86.99.60 - - [05/Mar/2018:11:27:39 -0300] "POST /cormun/servlet/solicitudotadjuntos?gx-no-cache=1520260011194 HTTP/1.1" 200 26
186.103.157.246 - - [05/Mar/2018:11:27:41 -0300] "POST /cormun/servlet/solicitudotadjuntos?gx-no-cache=1520260012920 HTTP/1.1" 200 26
200.86.99.60 - - [05/Mar/2018:11:27:53 -0300] "GET /cormun/servlet/solicitudotadjuntos?f2b669ea69b35c5a281d27582e9a05634d364a56675e80006318eba10d887f83,gx-no-cache=1520260024533 HTTP/1.1" 200 30
200.86.99.60 - - [05/Mar/2018:11:27:53 -0300] "GET /cormun/servlet/solicitudotadjuntos?f2b669ea69b35c5a281d27582e9a05634d364a56675e80006318eba10d887f83,gx-no-cache=1520260024566 HTTP/1.1" 200 30
186.103.157.246 - - [05/Mar/2018:11:27:53 -0300] "GET /cormun/servlet/solicitudotadjuntos?54688da65f058a42e1fb883132ee32cab05df6868b2fb471686a3dc0b8604c37,gx-no-cache=1520260025176 HTTP/1.1" 200 30
186.103.157.246 - - [05/Mar/2018:11:27:53 -0300] "GET /cormun/servlet/solicitudotadjuntos?54688da65f058a42e1fb883132ee32cab05df6868b2fb471686a3dc0b8604c37,gx-no-cache=1520260025257 HTTP/1.1" 200 30
200.86.99.60 - - [05/Mar/2018:11:27:54 -0300] "POST /cormun/servlet/solicitudotadjuntos?3fc2c176a32b957741e853ad72d2cced,INS,2018,9992,,1, HTTP/1.1" 200 116
200.86.99.60 - - [05/Mar/2018:11:27:54 -0300] "GET /cormun/servlet/hpexe_return? HTTP/1.1" 200 1022
200.86.99.60 - - [05/Mar/2018:11:27:54 -0300] "GET /cormun/servlet/trsolicitudadjuntos?2018,9992, HTTP/1.1" 200 9265
200.86.99.60 - - [05/Mar/2018:11:27:55 -0300] "GET /cormun/servlet/trsolicitudadjuntos?2018,9992, HTTP/1.1" 200 9261
200.86.99.60 - - [05/Mar/2018:11:27:58 -0300] "GET /cormun/servlet/solicitudotadjuntos?INS,2018,9992,,1, HTTP/1.1" 200 6180
200.86.99.60 - - [05/Mar/2018:11:27:59 -0300] "GET /cormun/static/about:blank HTTP/1.1" 404 1011
200.86.99.60 - - [05/Mar/2018:11:27:59 -0300] "GET /cormun/servlet/solicitudotadjuntos?INS,2018,9992,,1, HTTP/1.1" 200 6174
200.86.99.60 - - [05/Mar/2018:11:28:00 -0300] "GET /cormun/servlet/solicitudotadjuntos?f2b669ea69b35c5a281d27582e9a0563fd89c0ca92042a7ed508fc36fffca2efe99e819673a7f4053402b8527796eca6,gx-no-cache=1520260031629 HTTP/1.1" 200 30
200.86.99.60 - - [05/Mar/2018:11:28:00 -0300] "POST /cormun/servlet/solicitudotadjuntos?3fc2c176a32b957741e853ad72d2cced,INS,2018,9992,,1,,gx-no-cache=1520260031695 HTTP/1.1" 200 3975
200.86.99.60 - - [05/Mar/2018:11:28:04 -0300] "POST /cormun/servlet/solicitudotadjuntos?gx-no-cache=1520260035438 HTTP/1.1" 200 26
186.103.157.246 - - [05/Mar/2018:11:28:11 -0300] "POST /cormun/servlet/solicitudotadjuntos?0f262e887f327b3a389747c928d2d91b,INS,2018,9993,,1, HTTP/1.1" 200 116
186.103.157.246 - - [05/Mar/2018:11:28:11 -0300] "GET /cormun/servlet/hpexe_return? HTTP/1.1" 200 1010
200.86.99.60 - - [05/Mar/2018:11:28:12 -0300] "GET /cormun/servlet/solicitudotadjuntos?f2b669ea69b35c5a281d27582e9a05634d364a56675e80006318eba10d887f83,gx-no-cache=1520260043511 HTTP/1.1" 200 30
186.103.157.246 - - [05/Mar/2018:11:28:12 -0300] "GET /cormun/servlet/trsolicitudadjuntos?2018,9993, HTTP/1.1" 200 8572
200.86.99.60 - - [05/Mar/2018:11:28:12 -0300] "GET /cormun/servlet/solicitudotadjuntos?f2b669ea69b35c5a281d27582e9a05634d364a56675e80006318eba10d887f83,gx-no-cache=1520260043565 HTTP/1.1" 200 30
200.86.99.60 - - [05/Mar/2018:11:28:14 -0300] "POST /cormun/servlet/solicitudotadjuntos?3fc2c176a32b957741e853ad72d2cced,INS,2018,9992,,1, HTTP/1.1" 200 116
200.86.99.60 - - [05/Mar/2018:11:28:14 -0300] "GET /cormun/servlet/hpexe_return? HTTP/1.1" 200 1022
200.86.99.60 - - [05/Mar/2018:11:28:14 -0300] "GET /cormun/servlet/trsolicitudadjuntos?2018,9992, HTTP/1.1" 200 9494
200.86.99.60 - - [05/Mar/2018:11:28:15 -0300] "GET /cormun/servlet/trsolicitudadjuntos?2018,9992, HTTP/1.1" 200 9489
186.103.158.250 - - [05/Mar/2018:11:28:17 -0300] "GET /cormun/servlet/licenciaspermisosadjuntos?INS,17136773,L,20180305000000,, HTTP/1.1" 200 5617
186.103.158.250 - - [05/Mar/2018:11:28:17 -0300] "GET /cormun/static/gxcfg.js?2017761263592 HTTP/1.1" 304 -
186.103.158.250 - - [05/Mar/2018:11:28:17 -0300] "GET /cormun/static/about:blank HTTP/1.1" 404 1011
186.103.158.250 - - [05/Mar/2018:11:28:18 -0300] "GET /cormun/servlet/licenciaspermisosadjuntos?INS,17136773,L,20180305000000,, HTTP/1.1" 200 5607
200.86.99.60 - - [05/Mar/2018:11:28:21 -0300] "GET /cormun/servlet/solicitudotadjuntos?INS,2018,9992,,1, HTTP/1.1" 200 6180
200.86.99.60 - - [05/Mar/2018:11:28:21 -0300] "GET /cormun/static/about:blank HTTP/1.1" 404 1011
200.86.99.60 - - [05/Mar/2018:11:28:21 -0300] "GET /cormun/servlet/solicitudotadjuntos?INS,2018,9992,,1, HTTP/1.1" 200 6174
200.86.99.60 - - [05/Mar/2018:11:28:22 -0300] "GET /cormun/servlet/solicitudotadjuntos?f2b669ea69b35c5a281d27582e9a0563fd89c0ca92042a7ed508fc36fffca2efe99e819673a7f4053402b8527796eca6,gx-no-cache=1520260053956 HTTP/1.1" 200 30
200.86.99.60 - - [05/Mar/2018:11:28:22 -0300] "POST /cormun/servlet/solicitudotadjuntos?3fc2c176a32b957741e853ad72d2cced,INS,2018,9992,,1,,gx-no-cache=1520260053999 HTTP/1.1" 200 3975
200.86.99.60 - - [05/Mar/2018:11:28:27 -0300] "POST /cormun/servlet/solicitudotadjuntos?gx-no-cache=1520260058969 HTTP/1.1" 200 26
200.86.99.60 - - [05/Mar/2018:11:28:37 -0300] "GET /cormun/servlet/solicitudotadjuntos?f2b669ea69b35c5a281d27582e9a05634d364a56675e80006318eba10d887f83,gx-no-cache=1520260069331 HTTP/1.1" 200 30
200.86.99.60 - - [05/Mar/2018:11:28:37 -0300] "GET /cormun/servlet/solicitudotadjuntos?f2b669ea69b35c5a281d27582e9a05634d364a56675e80006318eba10d887f83,gx-no-cache=1520260069361 HTTP/1.1" 200 30
186.103.158.250 - - [05/Mar/2018:11:28:38 -0300] "POST /cormun/servlet/licenciaspermisosadjuntos?f85fccdfb37cd8af55f3c00c6e7d5065,INS,17136773,L,20180305000000,, HTTP/1.1" 200 116
186.103.158.250 - - [05/Mar/2018:11:28:38 -0300] "GET /cormun/servlet/hpexe_return? HTTP/1.1" 200 1042
186.103.158.250 - - [05/Mar/2018:11:28:39 -0300] "GET /cormun/servlet/trlicenciaspermisosadjuntos?17136773,20180305000000,L, HTTP/1.1" 200 6794
200.86.99.60 - - [05/Mar/2018:11:28:39 -0300] "POST /cormun/servlet/solicitudotadjuntos?3fc2c176a32b957741e853ad72d2cced,INS,2018,9992,,1, HTTP/1.1" 200 116
200.86.99.60 - - [05/Mar/2018:11:28:39 -0300] "GET /cormun/servlet/hpexe_return? HTTP/1.1" 200 1022
200.86.99.60 - - [05/Mar/2018:11:28:40 -0300] "GET /cormun/servlet/trsolicitudadjuntos?2018,9992, HTTP/1.1" 200 9717
186.103.158.250 - - [05/Mar/2018:11:28:40 -0300] "GET /cormun/servlet/trlicenciaspermisosadjuntos?17136773,20180305000000,L, HTTP/1.1" 200 6790
200.86.99.60 - - [05/Mar/2018:11:28:41 -0300] "GET /cormun/servlet/trsolicitudadjuntos?2018,9992, HTTP/1.1" 200 9713
200.86.99.60 - - [05/Mar/2018:11:28:50 -0300] "GET /cormun/servlet/trautorizarsolicitud? HTTP/1.1" 200 7256
200.86.99.60 - - [05/Mar/2018:11:28:50 -0300] "GET /cormun/static/gxcfg.js?2017111423403364 HTTP/1.1" 304 -
200.86.99.60 - - [05/Mar/2018:11:28:51 -0300] "GET /cormun/servlet/trautorizarsolicitud? HTTP/1.1" 200 7243
200.54.247.70 - - [05/Mar/2018:11:28:55 -0300] "GET /cormun/servlet/hlogin HTTP/1.1" 200 1717
200.54.247.70 - - [05/Mar/2018:11:28:56 -0300] "GET /cormun/static/Resources/Spanish/PXTools.css?11423723 HTTP/1.1" 304 -
200.54.247.70 - - [05/Mar/2018:11:28:56 -0300] "GET /cormun/static/gxtimezone.js?85251 HTTP/1.1" 304 -
200.54.247.70 - - [05/Mar/2018:11:28:56 -0300] "GET /cormun/static/gxgral.js?85251 HTTP/1.1" 304 -
200.54.247.70 - - [05/Mar/2018:11:28:56 -0300] "GET /cormun/static/gxcfg.js?20175251213516 HTTP/1.1" 304 -
200.54.247.70 - - [05/Mar/2018:11:28:56 -0300] "GET /cormun/static/Resources/ComunLogin.png HTTP/1.1" 304 -
200.54.247.70 - - [05/Mar/2018:11:28:56 -0300] "GET /cormun/static/messages.spa.js?85251 HTTP/1.1" 304 -
200.54.247.70 - - [05/Mar/2018:11:28:56 -0300] "GET /cormun/static/hlogin.js?20175251213537 HTTP/1.1" 304 -
200.54.247.70 - - [05/Mar/2018:11:28:56 -0300] "GET /cormun/static/Resources/PXToolsLoginTop.png HTTP/1.1" 304 -
200.54.247.70 - - [05/Mar/2018:11:28:56 -0300] "GET /cormun/static/Resources/PXToolsLoginBackground.png HTTP/1.1" 304 -
200.54.247.70 - - [05/Mar/2018:11:28:56 -0300] "GET /cormun/static/Resources/PXToolsButtonLeft21.png HTTP/1.1" 304 -
200.54.247.70 - - [05/Mar/2018:11:28:56 -0300] "GET /cormun/static/Resources/indicator.gif HTTP/1.1" 304 -
200.54.247.70 - - [05/Mar/2018:11:28:56 -0300] "GET /cormun/servlet/hlogin HTTP/1.1" 200 1727
200.86.99.60 - - [05/Mar/2018:11:28:59 -0300] "GET /cormun/servlet/trautorizarsolicitud? HTTP/1.1" 200 7243
200.86.99.60 - - [05/Mar/2018:11:28:59 -0300] "GET /cormun/servlet/trautorizarsolicitud? HTTP/1.1" 200 7243
200.86.99.60 - - [05/Mar/2018:11:29:02 -0300] "GET /cormun/servlet/trvisualizadoreventos? HTTP/1.1" 200 6886
200.86.99.60 - - [05/Mar/2018:11:29:02 -0300] "GET /cormun/static/gxcfg.js?20175251251426 HTTP/1.1" 304 -
200.86.99.60 - - [05/Mar/2018:11:29:03 -0300] "GET /cormun/servlet/trvisualizadoreventos? HTTP/1.1" 200 6886
200.54.247.70 - - [05/Mar/2018:11:29:07 -0300] "POST /cormun/servlet/hlogin?3406d68666464390b17978bf844d8eb5,gx-no-cache=1520260093933 HTTP/1.1" 200 90
200.54.247.70 - - [05/Mar/2018:11:29:07 -0300] "GET /cormun/servlet/hpexe_link HTTP/1.1" 200 948
200.54.247.70 - - [05/Mar/2018:11:29:07 -0300] "GET /cormun/static/gxcfg.js?20177612121792 HTTP/1.1" 304 -
200.54.247.70 - - [05/Mar/2018:11:29:07 -0300] "GET /cormun/servlet/hhome HTTP/1.1" 200 4225
200.54.247.70 - - [05/Mar/2018:11:29:07 -0300] "GET /cormun/static/gxcfg.js?20175251212442 HTTP/1.1" 304 -
200.54.247.70 - - [05/Mar/2018:11:29:14 -0300] "GET /cormun/servlet/trcontratosolicitud? HTTP/1.1" 200 14646
200.54.247.70 - - [05/Mar/2018:11:29:14 -0300] "GET /cormun/static/gxcfg.js?20177612214014 HTTP/1.1" 304 -
200.54.247.70 - - [05/Mar/2018:11:29:14 -0300] "GET /cormun/static/calendar.js?85251 HTTP/1.1" 304 -
200.54.247.70 - - [05/Mar/2018:11:29:14 -0300] "GET /cormun/static/calendar-setup.js?85251 HTTP/1.1" 304 -
200.54.247.70 - - [05/Mar/2018:11:29:14 -0300] "GET /cormun/static/calendar-es.js?85251 HTTP/1.1" 304 -
200.54.247.70 - - [05/Mar/2018:11:29:14 -0300] "GET /cormun/static/gxdec.js?85251 HTTP/1.1" 304 -
200.86.99.60 - - [05/Mar/2018:11:29:15 -0300] "GET /cormun/servlet/trautorizarsolicitud? HTTP/1.1" 200 7244
200.86.99.60 - - [05/Mar/2018:11:29:16 -0300] "GET /cormun/servlet/trautorizarsolicitud? HTTP/1.1" 200 7243
186.103.158.250 - - [05/Mar/2018:11:29:17 -0300] "GET /cormun/servlet/trlicencias? HTTP/1.1" 200 8750
186.103.158.250 - - [05/Mar/2018:11:29:18 -0300] "GET /cormun/servlet/trlicencias? HTTP/1.1" 200 8749
200.86.99.60 - - [05/Mar/2018:11:29:26 -0300] "POST /cormun/servlet/trautorizarsolicitud?3fc2c176a32b957741e853ad72d2cced,,gx-no-cache=1520260117504 HTTP/1.1" 200 4397
200.86.99.60 - - [05/Mar/2018:11:29:30 -0300] "POST /cormun/servlet/trautorizarsolicitud?3fc2c176a32b957741e853ad72d2cced,,gx-no-cache=1520260121544 HTTP/1.1" 200 4398
200.54.247.70 - - [05/Mar/2018:11:29:31 -0300] "GET /cormun/servlet/trsolicitudot? HTTP/1.1" 200 7436
200.54.247.70 - - [05/Mar/2018:11:29:31 -0300] "GET /cormun/static/gxcfg.js?2017111422585916 HTTP/1.1" 304 -
200.86.99.60 - - [05/Mar/2018:11:29:33 -0300] "GET /cormun/servlet/trvisualizadoreventos? HTTP/1.1" 200 6886
200.86.99.60 - - [05/Mar/2018:11:29:33 -0300] "GET /cormun/servlet/trvisualizadoreventos? HTTP/1.1" 200 6886
200.54.247.70 - - [05/Mar/2018:11:29:43 -0300] "POST /cormun/servlet/trsolicitudot?3406d68666464390b17978bf844d8eb5,,gx-no-cache=1520260130152 HTTP/1.1" 200 7646
186.103.158.250 - - [05/Mar/2018:11:29:47 -0300] "GET /cormun/servlet/alicenciaprn?17136773,L,20180305000000,PU HTTP/1.1" 200 1535
186.103.158.250 - - [05/Mar/2018:11:29:48 -0300] "GET /cormun/servlet/alicenciaprn?17136773,L,20180305000000,PU HTTP/1.1" 200 1538
200.86.99.60 - - [05/Mar/2018:11:30:03 -0300] "GET /cormun/servlet/trsolicitudot? HTTP/1.1" 200 8721
200.86.99.60 - - [05/Mar/2018:11:30:04 -0300] "GET /cormun/servlet/trsolicitudot? HTTP/1.1" 200 8721
186.103.157.246 - - [05/Mar/2018:11:30:05 -0300] "GET /cormun/servlet/solicitudotadjuntos?INS,2018,9993,,1, HTTP/1.1" 200 5915
186.103.157.246 - - [05/Mar/2018:11:30:05 -0300] "GET /cormun/static/about:blank HTTP/1.1" 404 1011
186.103.157.246 - - [05/Mar/2018:11:30:05 -0300] "GET /cormun/static/about:blank HTTP/1.1" 404 1011
186.103.157.246 - - [05/Mar/2018:11:30:06 -0300] "GET /cormun/servlet/solicitudotadjuntos?54688da65f058a42e1fb883132ee32ca0f059785797af8b48ae613b2b2d29408d03d6091a9691a571d6f45c697d8ccfa,gx-no-cache=1520260157851 HTTP/1.1" 200 30
186.103.157.246 - - [05/Mar/2018:11:30:06 -0300] "POST /cormun/servlet/solicitudotadjuntos?0f262e887f327b3a389747c928d2d91b,INS,2018,9993,,1,,gx-no-cache=1520260158209 HTTP/1.1" 200 3777
200.86.99.60 - - [05/Mar/2018:11:30:09 -0300] "POST /cormun/servlet/trsolicitudot?3fc2c176a32b957741e853ad72d2cced,,gx-no-cache=1520260160716 HTTP/1.1" 200 4679
200.86.99.60 - - [05/Mar/2018:11:30:09 -0300] "GET /cormun/static/Shared/jqueryui/images/ui-bg_highlight-soft_100_c6c2c8_1x100.png HTTP/1.1" 404 1117
200.86.99.60 - - [05/Mar/2018:11:30:09 -0300] "GET /cormun/static/Shared/jqueryui/images/ui-icons_8d78a5_256x240.png HTTP/1.1" 404 1089
200.86.99.60 - - [05/Mar/2018:11:30:09 -0300] "GET /cormun/static/Shared/jqueryui/images/ui-bg_flat_55_fafafa_40x100.png HTTP/1.1" 404 1097
200.86.99.60 - - [05/Mar/2018:11:30:09 -0300] "GET /cormun/static/Shared/jqueryui/images/ui-icons_82798d_256x240.png HTTP/1.1" 404 1089
200.86.99.60 - - [05/Mar/2018:11:30:09 -0300] "POST /cormun/servlet/trsolicitudot?3fc2c176a32b957741e853ad72d2cced,,gx-no-cache=1520260161093 HTTP/1.1" 200 4451
186.103.157.246 - - [05/Mar/2018:11:30:10 -0300] "POST /cormun/servlet/solicitudotadjuntos?gx-no-cache=1520260161664 HTTP/1.1" 200 26
186.103.157.246 - - [05/Mar/2018:11:30:17 -0300] "GET /cormun/servlet/solicitudotadjuntos?54688da65f058a42e1fb883132ee32cab05df6868b2fb471686a3dc0b8604c37,gx-no-cache=1520260168544 HTTP/1.1" 200 30
186.103.157.246 - - [05/Mar/2018:11:30:17 -0300] "GET /cormun/servlet/solicitudotadjuntos?54688da65f058a42e1fb883132ee32cab05df6868b2fb471686a3dc0b8604c37,gx-no-cache=1520260168577 HTTP/1.1" 200 30
66.249.83.5 - - [05/Mar/2018:11:30:23 -0300] "GET /cormun/servlet/hlogin HTTP/1.1" 200 1719
66.249.83.5 - - [05/Mar/2018:11:30:23 -0300] "GET /cormun/servlet/hlogin?_escaped_fragment_= HTTP/1.1" 200 1722
66.249.83.5 - - [05/Mar/2018:11:30:23 -0300] "GET /favicon.ico HTTP/1.1" 200 21630
186.103.157.246 - - [05/Mar/2018:11:30:37 -0300] "POST /cormun/servlet/solicitudotadjuntos?0f262e887f327b3a389747c928d2d91b,INS,2018,9993,,1, HTTP/1.1" 200 116
186.103.157.246 - - [05/Mar/2018:11:30:37 -0300] "GET /cormun/servlet/hpexe_return? HTTP/1.1" 200 1010
186.103.157.246 - - [05/Mar/2018:11:30:38 -0300] "GET /cormun/servlet/trsolicitudadjuntos?2018,9993, HTTP/1.1" 200 8757
186.103.157.246 - - [05/Mar/2018:11:30:44 -0300] "GET /cormun/servlet/solicitudotadjuntos?INS,2018,9993,,1, HTTP/1.1" 200 5915
186.103.157.246 - - [05/Mar/2018:11:30:45 -0300] "GET /cormun/static/about:blank HTTP/1.1" 404 1011
186.103.157.246 - - [05/Mar/2018:11:30:45 -0300] "GET /cormun/static/about:blank HTTP/1.1" 404 1011
186.103.157.246 - - [05/Mar/2018:11:30:46 -0300] "GET /cormun/servlet/solicitudotadjuntos?54688da65f058a42e1fb883132ee32ca0f059785797af8b48ae613b2b2d29408d03d6091a9691a571d6f45c697d8ccfa,gx-no-cache=1520260197653 HTTP/1.1" 200 30
186.103.157.246 - - [05/Mar/2018:11:30:47 -0300] "POST /cormun/servlet/solicitudotadjuntos?0f262e887f327b3a389747c928d2d91b,INS,2018,9993,,1,,gx-no-cache=1520260198036 HTTP/1.1" 200 3776
186.103.157.246 - - [05/Mar/2018:11:30:50 -0300] "POST /cormun/servlet/solicitudotadjuntos?gx-no-cache=1520260202447 HTTP/1.1" 200 26
186.103.157.246 - - [05/Mar/2018:11:30:56 -0300] "GET /cormun/servlet/solicitudotadjuntos?54688da65f058a42e1fb883132ee32cab05df6868b2fb471686a3dc0b8604c37,gx-no-cache=1520260208064 HTTP/1.1" 200 30
186.103.157.246 - - [05/Mar/2018:11:30:56 -0300] "GET /cormun/servlet/solicitudotadjuntos?54688da65f058a42e1fb883132ee32cab05df6868b2fb471686a3dc0b8604c37,gx-no-cache=1520260208090 HTTP/1.1" 200 30
186.103.157.246 - - [05/Mar/2018:11:31:05 -0300] "POST /cormun/servlet/solicitudotadjuntos?0f262e887f327b3a389747c928d2d91b,INS,2018,9993,,1, HTTP/1.1" 200 116
186.103.157.246 - - [05/Mar/2018:11:31:05 -0300] "GET /cormun/servlet/hpexe_return? HTTP/1.1" 200 1010
186.103.157.246 - - [05/Mar/2018:11:31:06 -0300] "GET /cormun/servlet/trsolicitudadjuntos?2018,9993, HTTP/1.1" 200 8904
186.103.157.246 - - [05/Mar/2018:11:31:13 -0300] "GET /cormun/servlet/solicitudotadjuntos?INS,2018,9993,,1, HTTP/1.1" 200 5915
186.103.157.246 - - [05/Mar/2018:11:31:13 -0300] "GET /cormun/static/about:blank HTTP/1.1" 404 1011
186.103.157.246 - - [05/Mar/2018:11:31:13 -0300] "GET /cormun/static/about:blank HTTP/1.1" 404 1011
186.103.157.246 - - [05/Mar/2018:11:31:14 -0300] "GET /cormun/servlet/solicitudotadjuntos?54688da65f058a42e1fb883132ee32ca0f059785797af8b48ae613b2b2d29408d03d6091a9691a571d6f45c697d8ccfa,gx-no-cache=1520260225884 HTTP/1.1" 200 30
186.103.157.246 - - [05/Mar/2018:11:31:14 -0300] "POST /cormun/servlet/solicitudotadjuntos?0f262e887f327b3a389747c928d2d91b,INS,2018,9993,,1,,gx-no-cache=1520260226248 HTTP/1.1" 200 3776
186.103.157.246 - - [05/Mar/2018:11:31:18 -0300] "POST /cormun/servlet/solicitudotadjuntos?gx-no-cache=1520260230104 HTTP/1.1" 200 26
190.151.124.170 - - [05/Mar/2018:11:31:21 -0300] "GET /cormun/servlet/hlogin HTTP/1.1" 200 1719
190.151.124.170 - - [05/Mar/2018:11:31:21 -0300] "GET /cormun/static/gxtimezone.js?85251 HTTP/1.1" 304 -
190.151.124.170 - - [05/Mar/2018:11:31:21 -0300] "GET /cormun/static/gxcfg.js?20175251213516 HTTP/1.1" 304 -
190.151.124.170 - - [05/Mar/2018:11:31:22 -0300] "GET /cormun/static/messages.spa.js?85251 HTTP/1.1" 304 -
190.151.124.170 - - [05/Mar/2018:11:31:22 -0300] "GET /cormun/servlet/hlogin HTTP/1.1" 200 1730
190.151.124.170 - - [05/Mar/2018:11:31:24 -0300] "POST /cormun/servlet/hlogin?14fba5ddae8a2dbb271b3dff477454a0,gx-no-cache=1520260264141 HTTP/1.1" 200 90
190.151.124.170 - - [05/Mar/2018:11:31:24 -0300] "GET /cormun/servlet/hpexe_link HTTP/1.1" 200 950
