200.86.95.220 - - [05/Mar/2018:14:09:23 -0300] "POST /cormun/servlet/trautorizarsolicitud?a6ed941cc33a4a079804174c641e79ac,,gx-no-cache=1520269716927 HTTP/1.1" 200 6710
200.86.95.220 - - [05/Mar/2018:14:09:24 -0300] "POST /cormun/servlet/trautorizarsolicitud?a6ed941cc33a4a079804174c641e79ac,,gx-no-cache=1520269717615 HTTP/1.1" 200 6655
200.86.95.220 - - [05/Mar/2018:14:09:25 -0300] "POST /cormun/servlet/trautorizarsolicitud?a6ed941cc33a4a079804174c641e79ac,,gx-no-cache=1520269718671 HTTP/1.1" 200 6314
200.86.95.220 - - [05/Mar/2018:14:09:25 -0300] "POST /cormun/servlet/trautorizarsolicitud?a6ed941cc33a4a079804174c641e79ac,,gx-no-cache=1520269719300 HTTP/1.1" 200 6258
200.86.95.220 - - [05/Mar/2018:14:09:26 -0300] "POST /cormun/servlet/trautorizarsolicitud?a6ed941cc33a4a079804174c641e79ac,,gx-no-cache=1520269720295 HTTP/1.1" 200 5771
200.86.95.220 - - [05/Mar/2018:14:09:27 -0300] "POST /cormun/servlet/trautorizarsolicitud?a6ed941cc33a4a079804174c641e79ac,,gx-no-cache=1520269720796 HTTP/1.1" 200 5717
200.86.95.220 - - [05/Mar/2018:14:09:28 -0300] "POST /cormun/servlet/trautorizarsolicitud?a6ed941cc33a4a079804174c641e79ac,,gx-no-cache=1520269721708 HTTP/1.1" 200 4598
200.86.95.220 - - [05/Mar/2018:14:09:28 -0300] "POST /cormun/servlet/trautorizarsolicitud?a6ed941cc33a4a079804174c641e79ac,,gx-no-cache=1520269722091 HTTP/1.1" 200 4374
186.9.6.217 - - [05/Mar/2018:14:09:50 -0300] "GET /cormun/servlet/solicitudot?e46f48777d7b516623817b17a75dae744e71516f53005e6cdaccd765c6dcf9c27b0c0237e0124b28ae9e996f8180e1dc5c1484230a839f2f2755b0c4600e3c02,gx-no-cache=1520269741068 HTTP/1.1" 200 30
186.9.6.217 - - [05/Mar/2018:14:09:50 -0300] "GET /cormun/servlet/solicitudot?e46f48777d7b516623817b17a75dae745fb2ff2283ebd8f2408fbd5e5ffbb60a,gx-no-cache=1520269741522 HTTP/1.1" 200 53
186.9.6.217 - - [05/Mar/2018:14:09:50 -0300] "POST /cormun/servlet/solicitudot?gx-no-cache=1520269741593 HTTP/1.1" 200 297
186.9.6.217 - - [05/Mar/2018:14:09:50 -0300] "GET /cormun/servlet/solicitudot?e46f48777d7b516623817b17a75dae740346af2f6a54f567ff6297f567c42f44dbb827c465220edc7f8277ffd872d3064358af7e5b64159ffe77008767cf91f198332877d8b2eec5c955af47cd30ea23711dd396759753980dd2d7fb21eb8611843c9c3ab085260a600ac0b456386f601924a90109e4fc12c9410a792c17708f6586ac6e95f7ef12df15cb2a500f1cf082dbea4946f6e521a893ab47b4b891d649ae6cd098b7d58637c4a7d4a3a04f373a757acc88ae319bde80a4d57c525bc5b20ca652046aeca1c0d053a6be9e05d601027e7bcec8e2f1019cd44f318408bb899a3959eb8c93e56f23820e983eec8c5cd6df0a90d8ef19b2dbc6a47e95d3468327311da32926feb02d3bb49c3d42c479d0cc0467b8ac761e861f1d06d6010b432d1032981d2b2f46a94f12e121a69fb40f4ed6e8a1cfc491416de605641160b651d6dd6b200c2a98e43d225644896ae1b20ea2e4aceb4075e6377e0750688178311ea2a7cd3e14aea6b5f7ab01c0709fecf92306f734a718f40bfed231cfd2845894d80e628d1743831ad8bb3cf307,gx-no-cache=1520269741685 HTTP/1.1" 200 30
192.168.10.62 - - [05/Mar/2018:14:10:32 -0300] "GET /cormun/servlet/hlogin HTTP/1.1" 200 1719
192.168.10.62 - - [05/Mar/2018:14:10:33 -0300] "GET /cormun/static/Resources/Spanish/PXTools.css?11423723 HTTP/1.1" 200 89042
192.168.10.62 - - [05/Mar/2018:14:10:33 -0300] "GET /cormun/static/gxtimezone.js?85251 HTTP/1.1" 200 5781
192.168.10.62 - - [05/Mar/2018:14:10:33 -0300] "GET /cormun/static/gxcfg.js?20175251213516 HTTP/1.1" 200 953
192.168.10.62 - - [05/Mar/2018:14:10:33 -0300] "GET /cormun/static/messages.spa.js?85251 HTTP/1.1" 200 30736
192.168.10.62 - - [05/Mar/2018:14:10:33 -0300] "GET /cormun/static/hlogin.js?20175251213537 HTTP/1.1" 200 2136
192.168.10.62 - - [05/Mar/2018:14:10:33 -0300] "GET /cormun/servlet/hlogin HTTP/1.1" 200 1729
192.168.10.62 - - [05/Mar/2018:14:10:44 -0300] "POST /cormun/servlet/hlogin?c8a849942490abe35ce43bea96a860e5,gx-no-cache=1520269683354 HTTP/1.1" 200 90
192.168.10.62 - - [05/Mar/2018:14:10:44 -0300] "GET /cormun/servlet/hpexe_link HTTP/1.1" 200 950
192.168.10.62 - - [05/Mar/2018:14:10:44 -0300] "GET /cormun/static/gxcfg.js?20177612121792 HTTP/1.1" 200 953
192.168.10.62 - - [05/Mar/2018:14:10:44 -0300] "GET /cormun/static/hpexe_link.js?20177612121795 HTTP/1.1" 200 625
192.168.10.62 - - [05/Mar/2018:14:10:44 -0300] "GET /cormun/static/Resources/Spanish/PXTools.css?1155365 HTTP/1.1" 200 89042
192.168.10.62 - - [05/Mar/2018:14:10:44 -0300] "GET /cormun/servlet/hhome HTTP/1.1" 200 4444
192.168.10.62 - - [05/Mar/2018:14:10:44 -0300] "GET /cormun/static/SmoothNavMenu/resources/ddsmoothmenu-v.css?1012540 HTTP/1.1" 200 1188
192.168.10.62 - - [05/Mar/2018:14:10:44 -0300] "GET /cormun/static/SmoothNavMenu/resources/ddsmoothmenu.css?1012540 HTTP/1.1" 200 2223
192.168.10.62 - - [05/Mar/2018:14:10:44 -0300] "GET /cormun/static/gxcfg.js?20175251212442 HTTP/1.1" 200 953
192.168.10.62 - - [05/Mar/2018:14:10:44 -0300] "GET /cormun/static/PXToolsJavascripts/pexe_autoreload.js HTTP/1.1" 200 1762
192.168.10.62 - - [05/Mar/2018:14:10:44 -0300] "GET /cormun/static/PXToolsJavascripts/pexe_grid.js HTTP/1.1" 200 7559
192.168.10.62 - - [05/Mar/2018:14:10:44 -0300] "GET /cormun/static/PXToolsJavascripts/pexe_griddivfix.js HTTP/1.1" 200 6644
192.168.10.62 - - [05/Mar/2018:14:10:44 -0300] "GET /cormun/static/PXToolsJavascripts/pexe_menudivfix.js HTTP/1.1" 200 333
192.168.10.62 - - [05/Mar/2018:14:10:44 -0300] "GET /cormun/static/PXToolsJavascripts/pexe_layers.js HTTP/1.1" 200 4114
192.168.10.62 - - [05/Mar/2018:14:10:44 -0300] "GET /cormun/static/PXToolsJavascripts/PXToolsJavascriptsRender.js HTTP/1.1" 200 367
192.168.10.62 - - [05/Mar/2018:14:10:44 -0300] "GET /cormun/static/PXToolsJavascripts/pexe_tabdivfix.js HTTP/1.1" 200 876
192.168.10.62 - - [05/Mar/2018:14:10:44 -0300] "GET /cormun/static/hpexe_recentlink.js?20177611595044 HTTP/1.1" 200 2144
192.168.10.62 - - [05/Mar/2018:14:10:44 -0300] "GET /cormun/static/hwchdr01.js?201752511465785 HTTP/1.1" 200 1183
192.168.10.62 - - [05/Mar/2018:14:10:44 -0300] "GET /cormun/static/Shared/ext/locale/ext-lang-en.js HTTP/1.1" 200 10940
192.168.10.62 - - [05/Mar/2018:14:10:44 -0300] "GET /cormun/static/hhome.js?20175251212450 HTTP/1.1" 200 777
192.168.10.62 - - [05/Mar/2018:14:10:44 -0300] "GET /cormun/static/Shared/ext/ext-all.js HTTP/1.1" 200 1289687
192.168.10.62 - - [05/Mar/2018:14:10:44 -0300] "GET /cormun/static/hpexe_messagecontroller.js?20177611595012 HTTP/1.1" 200 870
192.168.10.62 - - [05/Mar/2018:14:10:44 -0300] "GET /cormun/static/hpexe_messagegenexuscomponent.js?201752511465344 HTTP/1.1" 200 587
192.168.10.62 - - [05/Mar/2018:14:10:44 -0300] "GET /cormun/static/hpexe_messagepopupcomponent.js?20161017169425 HTTP/1.1" 200 605
192.168.10.62 - - [05/Mar/2018:14:10:44 -0300] "GET /cormun/static/hpexe_scripts.js?201752511465715 HTTP/1.1" 200 1544
192.168.10.62 - - [05/Mar/2018:14:10:44 -0300] "GET /cormun/static/cmcontrolpreferences.js?201752511465670 HTTP/1.1" 200 1375
192.168.10.62 - - [05/Mar/2018:14:10:44 -0300] "GET /cormun/static/Shared/jqueryui/jquery-ui.min.js HTTP/1.1" 200 240427
192.168.10.62 - - [05/Mar/2018:14:10:44 -0300] "GET /cormun/static/Shared/jquery/jquery-1.10.2.min.js HTTP/1.1" 200 273199
192.168.10.62 - - [05/Mar/2018:14:10:44 -0300] "GET /cormun/static/scaMessage/js/jquery.pnotify.min.js HTTP/1.1" 200 13038
192.168.10.62 - - [05/Mar/2018:14:10:44 -0300] "GET /cormun/static/hmpwkw03.js?20177612122668 HTTP/1.1" 200 3965
192.168.10.62 - - [05/Mar/2018:14:10:45 -0300] "GET /cormun/servlet/hhome HTTP/1.1" 200 4440
192.168.10.62 - - [05/Mar/2018:14:10:45 -0300] "GET /cormun/static/SmoothNavMenu/resources/images/down.gif HTTP/1.1" 200 854
186.9.6.217 - - [05/Mar/2018:14:10:45 -0300] "POST /cormun/servlet/solicitudot?gx-no-cache=1520269797020 HTTP/1.1" 200 30
192.168.10.62 - - [05/Mar/2018:14:10:49 -0300] "GET /cormun/servlet/trsolicitudgral? HTTP/1.1" 200 28388
192.168.10.62 - - [05/Mar/2018:14:10:49 -0300] "GET /cormun/static/calendar.js?85251 HTTP/1.1" 200 26246
192.168.10.62 - - [05/Mar/2018:14:10:49 -0300] "GET /cormun/static/calendar-setup.js?85251 HTTP/1.1" 200 2588
192.168.10.62 - - [05/Mar/2018:14:10:49 -0300] "GET /cormun/static/gxcfg.js?201813119461163 HTTP/1.1" 200 953
192.168.10.62 - - [05/Mar/2018:14:10:49 -0300] "GET /cormun/static/Resources/Spanish/PXTools.css?1255365 HTTP/1.1" 304 -
192.168.10.62 - - [05/Mar/2018:14:10:49 -0300] "GET /cormun/static/calendar-es.js?85251 HTTP/1.1" 200 1901
192.168.10.62 - - [05/Mar/2018:14:10:49 -0300] "GET /cormun/static/gxdec.js?85251 HTTP/1.1" 200 19579
192.168.10.62 - - [05/Mar/2018:14:10:49 -0300] "GET /cormun/static/trsolicitudgral.js?201813119462015 HTTP/1.1" 200 55173
192.168.10.62 - - [05/Mar/2018:14:10:50 -0300] "GET /cormun/static/Shared/ext/resources/themes/images/default/panel/bg-headersPanel.png HTTP/1.1" 200 255
186.9.6.217 - - [05/Mar/2018:14:10:50 -0300] "POST /cormun/servlet/solicitudot?gx-no-cache=1520269801939 HTTP/1.1" 200 1337
186.9.6.217 - - [05/Mar/2018:14:10:50 -0300] "POST /cormun/servlet/solicitudot?gx-no-cache=1520269802211 HTTP/1.1" 200 38
192.168.10.62 - - [05/Mar/2018:14:10:51 -0300] "GET /cormun/servlet/trsolicitudgral? HTTP/1.1" 200 28385
192.168.10.62 - - [05/Mar/2018:14:11:07 -0300] "POST /cormun/servlet/trsolicitudgral?c8a849942490abe35ce43bea96a860e5,,gx-no-cache=1520269706072 HTTP/1.1" 200 5929
192.168.10.62 - - [05/Mar/2018:14:11:08 -0300] "POST /cormun/servlet/trsolicitudgral?c8a849942490abe35ce43bea96a860e5,,gx-no-cache=1520269707204 HTTP/1.1" 200 5928
192.168.10.62 - - [05/Mar/2018:14:11:09 -0300] "POST /cormun/servlet/trsolicitudgral?c8a849942490abe35ce43bea96a860e5,,gx-no-cache=1520269708059 HTTP/1.1" 200 5928
192.168.10.62 - - [05/Mar/2018:14:11:09 -0300] "POST /cormun/servlet/trsolicitudgral?c8a849942490abe35ce43bea96a860e5,,gx-no-cache=1520269708571 HTTP/1.1" 200 5929
186.9.6.217 - - [05/Mar/2018:14:11:28 -0300] "GET /cormun/servlet/solicitudot?e46f48777d7b516623817b17a75dae74ada1eca20e96c00ebf4a6761fe6efd6d0298f8d33da753cb0f912f8e78725c9d0a3682da58894544c72701a3ef7f7511ec62f3a0ba87fc323d031e71c7de482b820e40a367e39a813e4bf997d513e67fec85eae6910d41512eea5f0029917c16,gx-no-cache=1520269840033 HTTP/1.1" 200 29
186.9.6.217 - - [05/Mar/2018:14:11:29 -0300] "POST /cormun/servlet/solicitudot?gx-no-cache=1520269840237 HTTP/1.1" 200 1319
186.9.6.217 - - [05/Mar/2018:14:11:29 -0300] "POST /cormun/servlet/solicitudot?gx-no-cache=1520269840383 HTTP/1.1" 200 1218
186.9.6.217 - - [05/Mar/2018:14:11:29 -0300] "GET /cormun/static/menuarrow.gif HTTP/1.1" 404 1015
186.9.6.217 - - [05/Mar/2018:14:11:32 -0300] "POST /cormun/servlet/solicitudot?gx-no-cache=1520269843798 HTTP/1.1" 200 1319
186.9.6.217 - - [05/Mar/2018:14:11:32 -0300] "POST /cormun/servlet/solicitudot?gx-no-cache=1520269844077 HTTP/1.1" 200 1218
186.9.6.217 - - [05/Mar/2018:14:11:47 -0300] "GET /cormun/servlet/solicitudot?e46f48777d7b516623817b17a75dae74d22a74273eaa0768e1eaab8adddac782df6b4b05c85950b77845bfbf6f943443,gx-no-cache=1520269858815 HTTP/1.1" 200 30
192.168.10.62 - - [05/Mar/2018:14:12:37 -0300] "POST /cormun/servlet/trsolicitudgral?c8a849942490abe35ce43bea96a860e5,,gx-no-cache=1520269796811 HTTP/1.1" 200 5930
192.168.10.62 - - [05/Mar/2018:14:12:42 -0300] "POST /cormun/servlet/trsolicitudgral?c8a849942490abe35ce43bea96a860e5,,gx-no-cache=1520269801761 HTTP/1.1" 200 5930
192.168.10.62 - - [05/Mar/2018:14:12:50 -0300] "POST /cormun/servlet/trsolicitudgral?c8a849942490abe35ce43bea96a860e5,,gx-no-cache=1520269809801 HTTP/1.1" 200 8688
192.168.10.62 - - [05/Mar/2018:14:12:59 -0300] "POST /cormun/servlet/trsolicitudgral?c8a849942490abe35ce43bea96a860e5,,gx-no-cache=1520269818323 HTTP/1.1" 200 104
192.168.10.62 - - [05/Mar/2018:14:12:59 -0300] "POST /cormun/servlet/trsolicitudgral?c8a849942490abe35ce43bea96a860e5,,gx-no-cache=1520269818441 HTTP/1.1" 200 8671
192.168.10.62 - - [05/Mar/2018:14:12:59 -0300] "GET /cormun/SolicitudGral-328.xls HTTP/1.1" 200 6656
192.168.10.56 - - [05/Mar/2018:14:13:08 -0300] "GET /cormun/servlet/hlogin HTTP/1.1" 200 1737
192.168.10.56 - - [05/Mar/2018:14:13:12 -0300] "POST /cormun/servlet/hlogin?7e956376b5f5efee79e5ac40af95e188,gx-no-cache=1520269831841 HTTP/1.1" 200 90
192.168.10.56 - - [05/Mar/2018:14:13:12 -0300] "GET /cormun/servlet/hpexe_link HTTP/1.1" 200 951
192.168.10.56 - - [05/Mar/2018:14:13:12 -0300] "GET /cormun/servlet/hhome HTTP/1.1" 200 3818
192.168.10.56 - - [05/Mar/2018:14:13:12 -0300] "GET /cormun/servlet/hhome HTTP/1.1" 200 3817
192.168.10.56 - - [05/Mar/2018:14:13:15 -0300] "GET /cormun/servlet/trautorizarot? HTTP/1.1" 200 8144
192.168.10.56 - - [05/Mar/2018:14:13:15 -0300] "GET /cormun/servlet/trautorizarot? HTTP/1.1" 200 8143
192.168.10.62 - - [05/Mar/2018:14:13:19 -0300] "POST /cormun/servlet/trsolicitudgral?c8a849942490abe35ce43bea96a860e5,,gx-no-cache=1520269838630 HTTP/1.1" 200 7285
192.168.10.56 - - [05/Mar/2018:14:13:20 -0300] "POST /cormun/servlet/trautorizarot?7e956376b5f5efee79e5ac40af95e188,,gx-no-cache=1520269840500 HTTP/1.1" 200 5164
192.168.10.56 - - [05/Mar/2018:14:13:26 -0300] "POST /cormun/servlet/trautorizarot?7e956376b5f5efee79e5ac40af95e188,,gx-no-cache=1520269846025 HTTP/1.1" 200 5164
192.168.10.62 - - [05/Mar/2018:14:13:27 -0300] "POST /cormun/servlet/trsolicitudgral?c8a849942490abe35ce43bea96a860e5,,gx-no-cache=1520269846190 HTTP/1.1" 200 5929
192.168.10.56 - - [05/Mar/2018:14:13:28 -0300] "GET /cormun/servlet/hlogin HTTP/1.1" 200 1736
192.168.10.62 - - [05/Mar/2018:14:13:28 -0300] "POST /cormun/servlet/trsolicitudgral?c8a849942490abe35ce43bea96a860e5,,gx-no-cache=1520269847372 HTTP/1.1" 200 5929
192.168.10.56 - - [05/Mar/2018:14:13:31 -0300] "POST /cormun/servlet/hlogin?7e956376b5f5efee79e5ac40af95e188,gx-no-cache=1520269851376 HTTP/1.1" 200 90
192.168.10.56 - - [05/Mar/2018:14:13:31 -0300] "GET /cormun/servlet/hpexe_link HTTP/1.1" 200 951
192.168.10.56 - - [05/Mar/2018:14:13:31 -0300] "GET /cormun/servlet/hhome HTTP/1.1" 200 4467
192.168.10.56 - - [05/Mar/2018:14:13:32 -0300] "GET /cormun/servlet/hhome HTTP/1.1" 200 4463
186.9.6.217 - - [05/Mar/2018:14:13:33 -0300] "POST /cormun/servlet/solicitudot?gx-no-cache=1520269964881 HTTP/1.1" 200 30
192.168.10.62 - - [05/Mar/2018:14:13:35 -0300] "POST /cormun/servlet/trsolicitudgral?c8a849942490abe35ce43bea96a860e5,,gx-no-cache=1520269855134 HTTP/1.1" 200 5927
192.168.10.56 - - [05/Mar/2018:14:13:38 -0300] "GET /cormun/servlet/trsolicitudgral? HTTP/1.1" 200 13204
192.168.10.56 - - [05/Mar/2018:14:13:39 -0300] "GET /cormun/servlet/trsolicitudgral? HTTP/1.1" 200 13202
192.168.10.62 - - [05/Mar/2018:14:13:50 -0300] "POST /cormun/servlet/trsolicitudgral?c8a849942490abe35ce43bea96a860e5,,gx-no-cache=1520269869511 HTTP/1.1" 200 5926
192.168.10.62 - - [05/Mar/2018:14:13:56 -0300] "POST /cormun/servlet/trsolicitudgral?c8a849942490abe35ce43bea96a860e5,,gx-no-cache=1520269875397 HTTP/1.1" 200 7287
192.168.10.56 - - [05/Mar/2018:14:13:57 -0300] "POST /cormun/servlet/trsolicitudgral?7e956376b5f5efee79e5ac40af95e188,,gx-no-cache=1520269877025 HTTP/1.1" 200 7285
192.168.10.62 - - [05/Mar/2018:14:14:02 -0300] "POST /cormun/servlet/trsolicitudgral?c8a849942490abe35ce43bea96a860e5,,gx-no-cache=1520269881055 HTTP/1.1" 200 20441
192.168.10.62 - - [05/Mar/2018:14:14:06 -0300] "POST /cormun/servlet/trsolicitudgral?c8a849942490abe35ce43bea96a860e5,,gx-no-cache=1520269885295 HTTP/1.1" 200 105
192.168.10.62 - - [05/Mar/2018:14:14:06 -0300] "GET /cormun/SolicitudGral-9146.xls HTTP/1.1" 200 21504
186.103.159.46 - - [05/Mar/2018:14:14:07 -0300] "GET /cormun/servlet/hlogin HTTP/1.1" 200 1724
186.103.159.46 - - [05/Mar/2018:14:14:07 -0300] "GET /cormun/static/gxtimezone.js?85251 HTTP/1.1" 304 -
186.103.159.46 - - [05/Mar/2018:14:14:07 -0300] "GET /cormun/static/gxcfg.js?20175251213516 HTTP/1.1" 304 -
186.103.159.46 - - [05/Mar/2018:14:14:07 -0300] "GET /cormun/static/messages.spa.js?85251 HTTP/1.1" 304 -
186.103.159.46 - - [05/Mar/2018:14:14:07 -0300] "GET /cormun/servlet/hlogin HTTP/1.1" 200 1727
192.168.10.56 - - [05/Mar/2018:14:14:15 -0300] "POST /cormun/servlet/trsolicitudgral?7e956376b5f5efee79e5ac40af95e188,,gx-no-cache=1520269894793 HTTP/1.1" 200 24219
186.103.159.46 - - [05/Mar/2018:14:14:17 -0300] "POST /cormun/servlet/hlogin?7dccaf50c61611a98364f6d16ed970d0,gx-no-cache=1520270009678 HTTP/1.1" 200 90
186.103.159.46 - - [05/Mar/2018:14:14:17 -0300] "GET /cormun/servlet/hpexe_link HTTP/1.1" 200 950
186.103.159.46 - - [05/Mar/2018:14:14:17 -0300] "GET /cormun/static/gxcfg.js?20177612121792 HTTP/1.1" 304 -
186.103.159.46 - - [05/Mar/2018:14:14:17 -0300] "GET /cormun/servlet/hhome HTTP/1.1" 200 4191
186.103.159.46 - - [05/Mar/2018:14:14:17 -0300] "GET /cormun/static/gxcfg.js?20175251212442 HTTP/1.1" 304 -
186.103.159.46 - - [05/Mar/2018:14:14:18 -0300] "GET /cormun/servlet/hhome HTTP/1.1" 200 4187
192.168.10.56 - - [05/Mar/2018:14:14:24 -0300] "GET /cormun/servlet/hlogin HTTP/1.1" 200 1737
186.103.159.46 - - [05/Mar/2018:14:14:25 -0300] "GET /cormun/servlet/tratrazos? HTTP/1.1" 200 7088
186.103.159.46 - - [05/Mar/2018:14:14:25 -0300] "GET /cormun/static/gxcfg.js?201742714211359 HTTP/1.1" 200 953
186.103.159.46 - - [05/Mar/2018:14:14:25 -0300] "GET /cormun/static/calendar-es.js?85251 HTTP/1.1" 304 -
186.103.159.46 - - [05/Mar/2018:14:14:25 -0300] "GET /cormun/static/Resources/Spanish/PXTools.css?11294912 HTTP/1.1" 200 89042
186.103.159.46 - - [05/Mar/2018:14:14:25 -0300] "GET /cormun/static/calendar-setup.js?85251 HTTP/1.1" 304 -
186.103.159.46 - - [05/Mar/2018:14:14:25 -0300] "GET /cormun/static/calendar.js?85251 HTTP/1.1" 304 -
186.103.159.46 - - [05/Mar/2018:14:14:25 -0300] "GET /cormun/static/gxdec.js?85251 HTTP/1.1" 304 -
186.103.159.46 - - [05/Mar/2018:14:14:25 -0300] "GET /cormun/static/tratrazos.js?201742714211843 HTTP/1.1" 200 33389
186.103.159.46 - - [05/Mar/2018:14:14:26 -0300] "GET /cormun/servlet/tratrazos? HTTP/1.1" 200 7087
192.168.10.56 - - [05/Mar/2018:14:14:27 -0300] "POST /cormun/servlet/hlogin?7e956376b5f5efee79e5ac40af95e188,gx-no-cache=1520269907055 HTTP/1.1" 200 90
192.168.10.56 - - [05/Mar/2018:14:14:27 -0300] "GET /cormun/servlet/hpexe_link HTTP/1.1" 200 951
192.168.10.56 - - [05/Mar/2018:14:14:27 -0300] "GET /cormun/servlet/hhome HTTP/1.1" 200 3818
192.168.10.56 - - [05/Mar/2018:14:14:27 -0300] "GET /cormun/servlet/hhome HTTP/1.1" 200 3817
192.168.10.56 - - [05/Mar/2018:14:14:31 -0300] "GET /cormun/servlet/trautorizarot? HTTP/1.1" 200 8144
192.168.10.56 - - [05/Mar/2018:14:14:31 -0300] "GET /cormun/servlet/trautorizarot? HTTP/1.1" 200 8143
192.168.10.62 - - [05/Mar/2018:14:14:34 -0300] "POST /cormun/servlet/trsolicitudgral?c8a849942490abe35ce43bea96a860e5,,gx-no-cache=1520269914175 HTTP/1.1" 200 8063
192.168.10.56 - - [05/Mar/2018:14:14:37 -0300] "POST /cormun/servlet/trautorizarot?7e956376b5f5efee79e5ac40af95e188,,gx-no-cache=1520269916980 HTTP/1.1" 200 5164
192.168.10.56 - - [05/Mar/2018:14:14:41 -0300] "POST /cormun/servlet/trautorizarot?7e956376b5f5efee79e5ac40af95e188,,gx-no-cache=1520269921262 HTTP/1.1" 200 5171
192.168.10.56 - - [05/Mar/2018:14:14:49 -0300] "GET /cormun/servlet/hlogin HTTP/1.1" 200 1736
192.168.10.56 - - [05/Mar/2018:14:14:53 -0300] "POST /cormun/servlet/hlogin?7e956376b5f5efee79e5ac40af95e188,gx-no-cache=1520269933269 HTTP/1.1" 200 90
192.168.10.56 - - [05/Mar/2018:14:14:53 -0300] "GET /cormun/servlet/hpexe_link HTTP/1.1" 200 951
192.168.10.56 - - [05/Mar/2018:14:14:53 -0300] "GET /cormun/servlet/hhome HTTP/1.1" 200 4467
192.168.10.56 - - [05/Mar/2018:14:14:54 -0300] "GET /cormun/servlet/hhome HTTP/1.1" 200 4463
192.168.10.56 - - [05/Mar/2018:14:14:59 -0300] "GET /cormun/servlet/trsolicitudgral? HTTP/1.1" 200 26920
192.168.10.56 - - [05/Mar/2018:14:15:00 -0300] "GET /cormun/servlet/trsolicitudgral? HTTP/1.1" 200 26917
192.168.10.56 - - [05/Mar/2018:14:15:11 -0300] "POST /cormun/servlet/trsolicitudgral?7e956376b5f5efee79e5ac40af95e188,,gx-no-cache=1520269950596 HTTP/1.1" 200 11499
186.9.6.217 - - [05/Mar/2018:14:15:24 -0300] "POST /cormun/servlet/solicitudot?gx-no-cache=1520270075445 HTTP/1.1" 200 30
186.9.6.217 - - [05/Mar/2018:14:15:24 -0300] "POST /cormun/servlet/solicitudot?gx-no-cache=1520270075867 HTTP/1.1" 200 1337
186.9.6.217 - - [05/Mar/2018:14:15:24 -0300] "POST /cormun/servlet/solicitudot?gx-no-cache=1520270076027 HTTP/1.1" 200 41
192.168.10.56 - - [05/Mar/2018:14:15:32 -0300] "POST /cormun/servlet/trsolicitudgral?7e956376b5f5efee79e5ac40af95e188,,gx-no-cache=1520269971586 HTTP/1.1" 200 5928
192.168.10.56 - - [05/Mar/2018:14:15:46 -0300] "POST /cormun/servlet/trsolicitudgral?7e956376b5f5efee79e5ac40af95e188,,gx-no-cache=1520269985582 HTTP/1.1" 200 13214
186.9.6.217 - - [05/Mar/2018:14:15:47 -0300] "POST /cormun/servlet/solicitudot?gx-no-cache=1520270098346 HTTP/1.1" 200 1319
186.9.6.217 - - [05/Mar/2018:14:15:47 -0300] "POST /cormun/servlet/solicitudot?gx-no-cache=1520270098828 HTTP/1.1" 200 1218
186.9.6.217 - - [05/Mar/2018:14:15:47 -0300] "GET /cormun/servlet/solicitudot?e46f48777d7b516623817b17a75dae74d22a74273eaa0768e1eaab8adddac782df6b4b05c85950b77845bfbf6f943443,gx-no-cache=1520270098909 HTTP/1.1" 200 30
186.9.6.217 - - [05/Mar/2018:14:15:47 -0300] "POST /cormun/servlet/solicitudot?gx-no-cache=1520270098974 HTTP/1.1" 200 30
186.9.6.217 - - [05/Mar/2018:14:15:48 -0300] "POST /cormun/servlet/solicitudot?dcbcb2cfeb4a6555bb97de841412fcb0,INS,0,0,,gx-no-cache=1520270099082 HTTP/1.1" 200 93
186.9.6.217 - - [05/Mar/2018:14:15:48 -0300] "GET /cormun/servlet/hpexe_return? HTTP/1.1" 200 1060
186.9.6.217 - - [05/Mar/2018:14:15:48 -0300] "GET /cormun/static/Resources/Spanish/PXTools.css?167811 HTTP/1.1" 200 89042
186.9.6.217 - - [05/Mar/2018:14:15:48 -0300] "GET /cormun/static/hpexe_return.js?2016101716175153 HTTP/1.1" 200 1633
186.9.6.217 - - [05/Mar/2018:14:15:49 -0300] "GET /cormun/servlet/trsolicitudot HTTP/1.1" 200 8851
186.9.6.217 - - [05/Mar/2018:14:15:49 -0300] "GET /cormun//static/Resources/PXToolsActionView.png HTTP/1.1" 200 2995
186.9.6.217 - - [05/Mar/2018:14:15:49 -0300] "GET /cormun//static/Resources/PXToolsGridUpdate.png HTTP/1.1" 200 2984
186.9.6.217 - - [05/Mar/2018:14:15:49 -0300] "GET /cormun//static/Resources/PXToolsGridDelete.png HTTP/1.1" 200 357
186.9.6.217 - - [05/Mar/2018:14:15:49 -0300] "GET /cormun//static/Resources/PXToolsRemoveAllAction.png HTTP/1.1" 200 3558
186.9.6.217 - - [05/Mar/2018:14:15:50 -0300] "GET /cormun//static/Resources/PXTools/ActionInsert.png HTTP/1.1" 200 1482
186.9.6.217 - - [05/Mar/2018:14:15:50 -0300] "GET /cormun/servlet/trsolicitudot HTTP/1.1" 200 8848
192.168.10.62 - - [05/Mar/2018:14:15:51 -0300] "POST /cormun/servlet/trsolicitudgral?c8a849942490abe35ce43bea96a860e5,,gx-no-cache=1520269990932 HTTP/1.1" 200 7677
192.168.10.62 - - [05/Mar/2018:14:15:58 -0300] "POST /cormun/servlet/trsolicitudgral?c8a849942490abe35ce43bea96a860e5,,gx-no-cache=1520269998291 HTTP/1.1" 200 5928
192.168.10.62 - - [05/Mar/2018:14:16:02 -0300] "POST /cormun/servlet/trsolicitudgral?c8a849942490abe35ce43bea96a860e5,,gx-no-cache=1520270001548 HTTP/1.1" 200 7678
186.9.6.217 - - [05/Mar/2018:14:16:08 -0300] "POST /cormun/servlet/trsolicitudot?dcbcb2cfeb4a6555bb97de841412fcb0,gx-no-cache=1520270119808 HTTP/1.1" 200 104
186.9.6.217 - - [05/Mar/2018:14:16:09 -0300] "GET /cormun/servlet/solicitudot?UPD,2018,10018, HTTP/1.1" 200 15548
186.9.6.217 - - [05/Mar/2018:14:16:09 -0300] "GET /cormun/servlet/solicitudot?UPD,2018,10018, HTTP/1.1" 200 15559
186.9.6.217 - - [05/Mar/2018:14:16:10 -0300] "POST /cormun/servlet/solicitudot?gx-no-cache=1520270121587 HTTP/1.1" 200 3441
186.9.6.217 - - [05/Mar/2018:14:16:10 -0300] "POST /cormun/servlet/solicitudot?dcbcb2cfeb4a6555bb97de841412fcb0,UPD,2018,10018,,gx-no-cache=1520270121895 HTTP/1.1" 200 11746
186.9.6.217 - - [05/Mar/2018:14:16:10 -0300] "GET /cormun/servlet/solicitudot?e46f48777d7b516623817b17a75dae7468bc6e2d535e9f2094711e0f3c147fa5f7f32284ec46e6e47dddd50d22b060a4,gx-no-cache=1520270122215 HTTP/1.1" 200 30
186.9.6.217 - - [05/Mar/2018:14:16:11 -0300] "GET /cormun/servlet/solicitudot?e46f48777d7b516623817b17a75dae744e71516f53005e6cdaccd765c6dcf9c27b0c0237e0124b28ae9e996f8180e1dc20c54cad934ec002b8d7bb3d8dc9cd9b,gx-no-cache=1520270122286 HTTP/1.1" 200 30
186.9.6.217 - - [05/Mar/2018:14:16:11 -0300] "GET /cormun/servlet/solicitudot?e46f48777d7b516623817b17a75dae74941893b7071f91edefcbe06e33dd390ef4904790c3392e9f7ed551671f588064759335a18e2d654512404640cbd3e393,gx-no-cache=1520270122352 HTTP/1.1" 200 53
186.9.6.217 - - [05/Mar/2018:14:16:11 -0300] "POST /cormun/servlet/solicitudot?gx-no-cache=1520270122423 HTTP/1.1" 200 297
186.9.6.217 - - [05/Mar/2018:14:16:11 -0300] "GET /cormun/servlet/solicitudot?e46f48777d7b516623817b17a75dae740346af2f6a54f567ff6297f567c42f44dbb827c465220edc7f8277ffd872d3064358af7e5b64159ffe77008767cf91f198332877d8b2eec5c955af47cd30ea23711dd396759753980dd2d7fb21eb8611843c9c3ab085260a600ac0b456386f601924a90109e4fc12c9410a792c17708f6586ac6e95f7ef12df15cb2a500f1cf082dbea4946f6e521a893ab47b4b891d649ae6cd098b7d58637c4a7d4a3a04f373a757acc88ae319bde80a4d57c525bc5b20ca652046aeca1c0d053a6be9e05d601027e7bcec8e2f1019cd44f318408bb899a3959eb8c93e56f23820e983eec8c5cd6df0a90d8ef19b2dbc6a47e95d3468327311da32926feb02d3bb49c3d42c479d0cc0467b8ac761e861f1d06d6010b432d1032981d2b2f46a94f12e121a69fb40f4ed6e8a1cfc491416de605641160b651d6dd6b200c2a98e43d225644896ae1b20ea2e4aceb4075e6377e0750688178311ea2a7cd3e14aea6b5f7ab01c0700db909d28741e0a794f490d3bf280185845894d80e628d1743831ad8bb3cf307,gx-no-cache=1520270122510 HTTP/1.1" 200 30
186.9.6.217 - - [05/Mar/2018:14:16:11 -0300] "POST /cormun/servlet/solicitudot?gx-no-cache=1520270122573 HTTP/1.1" 200 30
186.9.6.217 - - [05/Mar/2018:14:16:11 -0300] "POST /cormun/servlet/solicitudot?gx-no-cache=1520270122672 HTTP/1.1" 200 1337
186.9.6.217 - - [05/Mar/2018:14:16:11 -0300] "POST /cormun/servlet/solicitudot?gx-no-cache=1520270122781 HTTP/1.1" 200 41
186.9.6.217 - - [05/Mar/2018:14:16:25 -0300] "GET /cormun/servlet/solicitudot?e46f48777d7b516623817b17a75dae7462621485668ada53256c3d170274defc7a449d37d6858535e8afa42efc6a6dc0097df6482d244cff7a2c261e953f4a5d75660982ecca27875cb6ed07c5bd7cf3c82c5a47cc2ed628c3d9ff30c37a3c7bfeda4874e88155561d1840e98c0530e0,gx-no-cache=1520270137097 HTTP/1.1" 200 29
186.9.6.217 - - [05/Mar/2018:14:16:26 -0300] "POST /cormun/servlet/solicitudot?gx-no-cache=1520270137317 HTTP/1.1" 200 1319
186.9.6.217 - - [05/Mar/2018:14:16:26 -0300] "POST /cormun/servlet/solicitudot?gx-no-cache=1520270137467 HTTP/1.1" 200 1218
186.9.6.217 - - [05/Mar/2018:14:16:26 -0300] "GET /cormun/servlet/solicitudot?e46f48777d7b516623817b17a75dae74d22a74273eaa0768e1eaab8adddac782df6b4b05c85950b77845bfbf6f943443,gx-no-cache=1520270137583 HTTP/1.1" 200 30
186.9.6.217 - - [05/Mar/2018:14:16:26 -0300] "POST /cormun/servlet/solicitudot?gx-no-cache=1520270137652 HTTP/1.1" 200 30
186.9.6.217 - - [05/Mar/2018:14:16:26 -0300] "POST /cormun/servlet/solicitudot?dcbcb2cfeb4a6555bb97de841412fcb0,UPD,2018,10018,,gx-no-cache=1520270137740 HTTP/1.1" 200 93
186.9.6.217 - - [05/Mar/2018:14:16:26 -0300] "GET /cormun/servlet/hpexe_return? HTTP/1.1" 200 1065
186.9.6.217 - - [05/Mar/2018:14:16:26 -0300] "GET /cormun/servlet/trsolicitudot HTTP/1.1" 200 8851
186.9.6.217 - - [05/Mar/2018:14:16:27 -0300] "GET /cormun/servlet/trsolicitudot HTTP/1.1" 200 8848
192.168.10.62 - - [05/Mar/2018:14:16:31 -0300] "POST /cormun/servlet/trsolicitudgral?c8a849942490abe35ce43bea96a860e5,,gx-no-cache=1520270030852 HTTP/1.1" 200 13217
192.168.10.62 - - [05/Mar/2018:14:16:38 -0300] "POST /cormun/servlet/trsolicitudgral?c8a849942490abe35ce43bea96a860e5,,gx-no-cache=1520270037602 HTTP/1.1" 200 104
192.168.10.62 - - [05/Mar/2018:14:16:38 -0300] "GET /cormun/SolicitudGral-983.xls HTTP/1.1" 200 12800
186.9.6.217 - - [05/Mar/2018:14:16:47 -0300] "POST /cormun/servlet/trsolicitudot?dcbcb2cfeb4a6555bb97de841412fcb0,gx-no-cache=1520270158189 HTTP/1.1" 200 106
186.9.6.217 - - [05/Mar/2018:14:16:47 -0300] "GET /cormun/servlet/trsolicitudadjuntos?2018,10018, HTTP/1.1" 200 6393
186.9.6.217 - - [05/Mar/2018:14:16:47 -0300] "GET /cormun/static/calendar-system.css?75620 HTTP/1.1" 200 5572
186.9.6.217 - - [05/Mar/2018:14:16:47 -0300] "GET /cormun/static/trsolicitudadjuntos.js?20177612135632 HTTP/1.1" 200 17922
186.9.6.217 - - [05/Mar/2018:14:16:48 -0300] "GET /cormun/servlet/trsolicitudadjuntos?2018,10018, HTTP/1.1" 200 6393
186.9.6.217 - - [05/Mar/2018:14:16:53 -0300] "GET /cormun/servlet/solicitudotadjuntos?INS,2018,10018,,2, HTTP/1.1" 200 6341
186.9.6.217 - - [05/Mar/2018:14:16:53 -0300] "GET /cormun/static/about:blank HTTP/1.1" 404 1011
186.9.6.217 - - [05/Mar/2018:14:16:53 -0300] "GET /cormun/static/solicitudotadjuntos.js?2017761244086 HTTP/1.1" 200 11771
186.9.6.217 - - [05/Mar/2018:14:16:54 -0300] "GET /cormun/servlet/solicitudotadjuntos?INS,2018,10018,,2, HTTP/1.1" 200 6335
186.9.6.217 - - [05/Mar/2018:14:16:54 -0300] "GET /cormun/servlet/solicitudotadjuntos?e46f48777d7b516623817b17a75dae74341ae7e422e38fa090fe857106154d040fe70ae9a3b26c32902d4d5c7c77f971,gx-no-cache=1520270165795 HTTP/1.1" 200 30
186.9.6.217 - - [05/Mar/2018:14:16:54 -0300] "POST /cormun/servlet/solicitudotadjuntos?dcbcb2cfeb4a6555bb97de841412fcb0,INS,2018,10018,,2,,gx-no-cache=1520270165962 HTTP/1.1" 200 4195
186.9.6.217 - - [05/Mar/2018:14:17:08 -0300] "GET /cormun/servlet/trsolicitudot HTTP/1.1" 200 8856
186.9.6.217 - - [05/Mar/2018:14:17:08 -0300] "GET /cormun/servlet/trsolicitudot HTTP/1.1" 200 8852
186.9.6.217 - - [05/Mar/2018:14:17:39 -0300] "POST /cormun/servlet/trsolicitudot?dcbcb2cfeb4a6555bb97de841412fcb0,gx-no-cache=1520270210398 HTTP/1.1" 200 5851
186.9.6.217 - - [05/Mar/2018:14:17:58 -0300] "POST /cormun/servlet/trsolicitudot?dcbcb2cfeb4a6555bb97de841412fcb0,gx-no-cache=1520270229673 HTTP/1.1" 200 5814
186.9.6.217 - - [05/Mar/2018:14:18:07 -0300] "POST /cormun/servlet/trsolicitudot?dcbcb2cfeb4a6555bb97de841412fcb0,gx-no-cache=1520270238788 HTTP/1.1" 200 4669
186.9.6.217 - - [05/Mar/2018:14:18:07 -0300] "GET /cormun/static/Shared/jqueryui/images/ui-bg_highlight-soft_100_c6c2c8_1x100.png HTTP/1.1" 404 1117
186.9.6.217 - - [05/Mar/2018:14:18:07 -0300] "GET /cormun/static/Shared/jqueryui/images/ui-icons_82798d_256x240.png HTTP/1.1" 404 1089
186.9.6.217 - - [05/Mar/2018:14:18:07 -0300] "GET /cormun/static/Shared/jqueryui/images/ui-bg_flat_55_fafafa_40x100.png HTTP/1.1" 404 1097
186.9.6.217 - - [05/Mar/2018:14:18:07 -0300] "GET /cormun/static/Shared/jqueryui/images/ui-icons_8d78a5_256x240.png HTTP/1.1" 404 1089
186.9.6.217 - - [05/Mar/2018:14:18:08 -0300] "POST /cormun/servlet/trsolicitudot?dcbcb2cfeb4a6555bb97de841412fcb0,gx-no-cache=1520270239194 HTTP/1.1" 200 4450
192.168.10.56 - - [05/Mar/2018:14:18:08 -0300] "POST /cormun/servlet/trsolicitudgral?7e956376b5f5efee79e5ac40af95e188,,gx-no-cache=1520270127812 HTTP/1.1" 200 11166
186.9.6.217 - - [05/Mar/2018:14:18:14 -0300] "POST /cormun/servlet/trsolicitudot?dcbcb2cfeb4a6555bb97de841412fcb0,gx-no-cache=1520270245515 HTTP/1.1" 200 4468
186.9.6.217 - - [05/Mar/2018:14:18:22 -0300] "GET /cormun/servlet/solicitudot?INS,0,0, HTTP/1.1" 200 13743
186.9.6.217 - - [05/Mar/2018:14:18:23 -0300] "GET /cormun/servlet/solicitudot?INS,0,0, HTTP/1.1" 200 13748
186.9.6.217 - - [05/Mar/2018:14:18:36 -0300] "GET /cormun/servlet/prfichaempleado?,MD,,gxPopupLevel%3D0%3B HTTP/1.1" 200 9465
192.168.10.56 - - [05/Mar/2018:14:18:42 -0300] "GET /cormun/servlet/hlogin HTTP/1.1" 200 1737
192.168.10.56 - - [05/Mar/2018:14:18:46 -0300] "POST /cormun/servlet/hlogin?7e956376b5f5efee79e5ac40af95e188,gx-no-cache=1520270165930 HTTP/1.1" 200 90
192.168.10.56 - - [05/Mar/2018:14:18:46 -0300] "GET /cormun/servlet/hpexe_link HTTP/1.1" 200 951
192.168.10.56 - - [05/Mar/2018:14:18:46 -0300] "GET /cormun/servlet/hhome HTTP/1.1" 200 3818
192.168.10.56 - - [05/Mar/2018:14:18:46 -0300] "GET /cormun/servlet/hhome HTTP/1.1" 200 3817
192.168.10.56 - - [05/Mar/2018:14:18:49 -0300] "GET /cormun/servlet/trautorizarot? HTTP/1.1" 200 8152
192.168.10.56 - - [05/Mar/2018:14:18:49 -0300] "GET /cormun/servlet/trautorizarot? HTTP/1.1" 200 8151
186.9.6.217 - - [05/Mar/2018:14:18:51 -0300] "POST /cormun/servlet/prfichaempleado?dcbcb2cfeb4a6555bb97de841412fcb0,,MD,,gxPopupLevel%3D0%3B,gx-no-cache=1520270282563 HTTP/1.1" 200 3723
192.168.10.56 - - [05/Mar/2018:14:18:55 -0300] "POST /cormun/servlet/trautorizarot?7e956376b5f5efee79e5ac40af95e188,,gx-no-cache=1520270175034 HTTP/1.1" 200 5164
192.168.10.56 - - [05/Mar/2018:14:18:57 -0300] "GET /cormun/servlet/hlogin HTTP/1.1" 200 1736
186.9.6.217 - - [05/Mar/2018:14:18:58 -0300] "POST /cormun/servlet/solicitudot?gx-no-cache=1520270289177 HTTP/1.1" 200 3422
186.9.6.217 - - [05/Mar/2018:14:18:58 -0300] "POST /cormun/servlet/solicitudot?dcbcb2cfeb4a6555bb97de841412fcb0,INS,0,0,,gx-no-cache=1520270289673 HTTP/1.1" 200 10598
186.9.6.217 - - [05/Mar/2018:14:19:03 -0300] "GET /cormun/servlet/solicitudot?e46f48777d7b516623817b17a75dae7468bc6e2d535e9f2094711e0f3c147fa571f8c5b95374d5ae9b9bd128a57ed38d,gx-no-cache=1520270294352 HTTP/1.1" 200 30
186.9.6.217 - - [05/Mar/2018:14:19:20 -0300] "GET /cormun/servlet/solicitudot?e46f48777d7b516623817b17a75dae744e71516f53005e6cdaccd765c6dcf9c27b0c0237e0124b28ae9e996f8180e1dc5c1484230a839f2f2755b0c4600e3c02,gx-no-cache=1520270311811 HTTP/1.1" 200 30
186.9.6.217 - - [05/Mar/2018:14:19:20 -0300] "GET /cormun/servlet/solicitudot?e46f48777d7b516623817b17a75dae745fb2ff2283ebd8f2408fbd5e5ffbb60a,gx-no-cache=1520270311978 HTTP/1.1" 200 53
186.9.6.217 - - [05/Mar/2018:14:19:20 -0300] "POST /cormun/servlet/solicitudot?gx-no-cache=1520270312065 HTTP/1.1" 200 297
186.9.6.217 - - [05/Mar/2018:14:19:20 -0300] "GET /cormun/servlet/solicitudot?e46f48777d7b516623817b17a75dae740346af2f6a54f567ff6297f567c42f44dbb827c465220edc7f8277ffd872d3064358af7e5b64159ffe77008767cf91f198332877d8b2eec5c955af47cd30ea23711dd396759753980dd2d7fb21eb8611843c9c3ab085260a600ac0b456386f601924a90109e4fc12c9410a792c17708f6586ac6e95f7ef12df15cb2a500f1cf082dbea4946f6e521a893ab47b4b891d649ae6cd098b7d58637c4a7d4a3a04f373a757acc88ae319bde80a4d57c525bc5b20ca652046aeca1c0d053a6be9e05d601027e7bcec8e2f1019cd44f318408bb899a3959eb8c93e56f23820e983eec8c5cd6df0a90d8ef19b2dbc6a47e95d3468327311da32926feb02d3bb49c3d42c479d0cc0467b8ac761e861f1d06d6010b432d1032981d2b2f46a94f12e121a69fb40f4ed6e8a1cfc491416de605641160b651d6dd6b200c2a98e43d225644896ae1b20ea2e4aceb4075e6377e0750688178311ea2a7cd3e14aea6b5f7ab01c0709fecf92306f734a718f40bfed231cfd2845894d80e628d1743831ad8bb3cf307,gx-no-cache=1520270312169 HTTP/1.1" 200 30
186.9.6.217 - - [05/Mar/2018:14:19:26 -0300] "POST /cormun/servlet/solicitudot?gx-no-cache=1520270317750 HTTP/1.1" 200 30
186.9.6.217 - - [05/Mar/2018:14:19:32 -0300] "POST /cormun/servlet/solicitudot?gx-no-cache=1520270323814 HTTP/1.1" 200 1337
186.9.6.217 - - [05/Mar/2018:14:19:32 -0300] "POST /cormun/servlet/solicitudot?gx-no-cache=1520270324023 HTTP/1.1" 200 38
186.9.6.217 - - [05/Mar/2018:14:19:42 -0300] "GET /cormun/servlet/solicitudot?e46f48777d7b516623817b17a75dae74ada1eca20e96c00ebf4a6761fe6efd6d0298f8d33da753cb0f912f8e78725c9d0a3682da58894544c72701a3ef7f7511ec62f3a0ba87fc323d031e71c7de482b820e40a367e39a813e4bf997d513e67fec85eae6910d41512eea5f0029917c16,gx-no-cache=1520270334081 HTTP/1.1" 200 29
186.9.6.217 - - [05/Mar/2018:14:19:43 -0300] "POST /cormun/servlet/solicitudot?gx-no-cache=1520270334273 HTTP/1.1" 200 1319
186.9.6.217 - - [05/Mar/2018:14:19:43 -0300] "POST /cormun/servlet/solicitudot?gx-no-cache=1520270334427 HTTP/1.1" 200 1218
186.9.6.217 - - [05/Mar/2018:14:19:43 -0300] "GET /cormun/static/menuarrow.gif HTTP/1.1" 404 1015
186.9.6.217 - - [05/Mar/2018:14:19:44 -0300] "POST /cormun/servlet/solicitudot?gx-no-cache=1520270335819 HTTP/1.1" 200 1319
186.9.6.217 - - [05/Mar/2018:14:19:44 -0300] "POST /cormun/servlet/solicitudot?gx-no-cache=1520270336049 HTTP/1.1" 200 1218
186.9.6.217 - - [05/Mar/2018:14:19:47 -0300] "GET /cormun/servlet/solicitudot?e46f48777d7b516623817b17a75dae74d22a74273eaa0768e1eaab8adddac782df6b4b05c85950b77845bfbf6f943443,gx-no-cache=1520270338763 HTTP/1.1" 200 30
186.9.6.217 - - [05/Mar/2018:14:20:01 -0300] "POST /cormun/servlet/solicitudot?gx-no-cache=1520270352607 HTTP/1.1" 200 30
192.168.10.56 - - [05/Mar/2018:14:20:22 -0300] "POST /cormun/servlet/hlogin?7e956376b5f5efee79e5ac40af95e188,gx-no-cache=1520270261862 HTTP/1.1" 200 90
192.168.10.56 - - [05/Mar/2018:14:20:22 -0300] "GET /cormun/servlet/hpexe_link HTTP/1.1" 200 951
192.168.10.56 - - [05/Mar/2018:14:20:22 -0300] "GET /cormun/servlet/hhome HTTP/1.1" 200 4467
192.168.10.56 - - [05/Mar/2018:14:20:22 -0300] "GET /cormun/servlet/hhome HTTP/1.1" 200 4463
192.168.10.56 - - [05/Mar/2018:14:20:25 -0300] "GET /cormun/servlet/trsolicitudgral? HTTP/1.1" 200 14206
192.168.10.56 - - [05/Mar/2018:14:20:26 -0300] "GET /cormun/servlet/trsolicitudgral? HTTP/1.1" 200 14204
192.168.10.56 - - [05/Mar/2018:14:20:40 -0300] "POST /cormun/servlet/trsolicitudgral?7e956376b5f5efee79e5ac40af95e188,,gx-no-cache=1520270279597 HTTP/1.1" 200 12622
192.168.10.56 - - [05/Mar/2018:14:21:52 -0300] "POST /cormun/servlet/trsolicitudgral?7e956376b5f5efee79e5ac40af95e188,,gx-no-cache=1520270351866 HTTP/1.1" 200 12667
192.168.10.56 - - [05/Mar/2018:14:21:52 -0300] "GET /cormun/static/Shared/jqueryui/images/ui-bg_highlight-soft_100_c6c2c8_1x100.png HTTP/1.1" 404 1117
192.168.10.56 - - [05/Mar/2018:14:21:52 -0300] "GET /cormun/static/Shared/jqueryui/images/ui-icons_82798d_256x240.png HTTP/1.1" 404 1089
192.168.10.56 - - [05/Mar/2018:14:21:52 -0300] "GET /cormun/static/Shared/jqueryui/images/ui-bg_flat_55_fafafa_40x100.png HTTP/1.1" 404 1097
192.168.10.56 - - [05/Mar/2018:14:21:52 -0300] "GET /cormun/static/Shared/jqueryui/images/ui-icons_8d78a5_256x240.png HTTP/1.1" 404 1089
192.168.10.56 - - [05/Mar/2018:14:23:13 -0300] "POST /cormun/servlet/trsolicitudgral?7e956376b5f5efee79e5ac40af95e188,,gx-no-cache=1520270433087 HTTP/1.1" 200 10524
186.9.6.217 - - [05/Mar/2018:14:23:14 -0300] "GET /cormun/servlet/solicitudot?INS,0,0, HTTP/1.1" 200 12684
186.9.6.217 - - [05/Mar/2018:14:23:14 -0300] "GET /cormun/servlet/solicitudot?INS,0,0, HTTP/1.1" 200 12694
186.9.6.217 - - [05/Mar/2018:14:23:16 -0300] "GET /cormun/servlet/hlogin HTTP/1.1" 200 1794
192.168.10.56 - - [05/Mar/2018:14:23:43 -0300] "POST /cormun/servlet/trsolicitudgral?7e956376b5f5efee79e5ac40af95e188,,gx-no-cache=1520270462655 HTTP/1.1" 200 10565
192.168.10.56 - - [05/Mar/2018:14:24:10 -0300] "POST /cormun/servlet/trsolicitudgral?7e956376b5f5efee79e5ac40af95e188,,gx-no-cache=1520270490100 HTTP/1.1" 200 14982
192.168.10.56 - - [05/Mar/2018:14:24:35 -0300] "GET /cormun/servlet/hlogin HTTP/1.1" 200 1737
192.168.10.56 - - [05/Mar/2018:14:24:39 -0300] "POST /cormun/servlet/hlogin?7e956376b5f5efee79e5ac40af95e188,gx-no-cache=1520270518590 HTTP/1.1" 200 90
192.168.10.56 - - [05/Mar/2018:14:24:39 -0300] "GET /cormun/servlet/hpexe_link HTTP/1.1" 200 951
192.168.10.56 - - [05/Mar/2018:14:24:39 -0300] "GET /cormun/servlet/hhome HTTP/1.1" 200 3818
192.168.10.56 - - [05/Mar/2018:14:24:39 -0300] "GET /cormun/servlet/hhome HTTP/1.1" 200 3817
186.103.161.206 - - [05/Mar/2018:14:24:42 -0300] "GET /cormun/servlet/hlogin HTTP/1.1" 200 1717
192.168.10.56 - - [05/Mar/2018:14:24:42 -0300] "GET /cormun/servlet/trautorizarot? HTTP/1.1" 200 9985
192.168.10.56 - - [05/Mar/2018:14:24:42 -0300] "GET /cormun/servlet/trautorizarot? HTTP/1.1" 200 9982
192.168.10.56 - - [05/Mar/2018:14:24:49 -0300] "POST /cormun/servlet/trautorizarot?7e956376b5f5efee79e5ac40af95e188,,gx-no-cache=1520270529103 HTTP/1.1" 200 5350
186.103.161.206 - - [05/Mar/2018:14:24:53 -0300] "POST /cormun/servlet/hlogin?d8f24d789090d62e8ea3dd66481f4de8,gx-no-cache=1520270644582 HTTP/1.1" 200 90
186.103.161.206 - - [05/Mar/2018:14:24:53 -0300] "GET /cormun/servlet/hpexe_link HTTP/1.1" 200 968
186.9.6.217 - - [05/Mar/2018:14:24:53 -0300] "GET /cormun/servlet/hlogin HTTP/1.1" 200 1786
186.103.161.206 - - [05/Mar/2018:14:24:53 -0300] "GET /cormun/servlet/veautorizarsolicitud?2018,10017,, HTTP/1.1" 200 8579
186.103.161.206 - - [05/Mar/2018:14:24:53 -0300] "GET /cormun/pexe_scrolldiv.js HTTP/1.1" 404 1009
186.103.161.206 - - [05/Mar/2018:14:24:53 -0300] "GET /cormun/pexe_scrolldiv.js HTTP/1.1" 404 1009
186.103.161.206 - - [05/Mar/2018:14:24:55 -0300] "GET /cormun/servlet/veautorizarsolicitud?2018,10017,, HTTP/1.1" 200 8578
190.151.100.218 - - [05/Mar/2018:14:25:01 -0300] "GET /cormun/servlet/trsolicitudot? HTTP/1.1" 200 7413
190.151.100.218 - - [05/Mar/2018:14:25:02 -0300] "GET /cormun/servlet/trsolicitudot? HTTP/1.1" 200 7401
190.151.100.218 - - [05/Mar/2018:14:25:05 -0300] "GET /cormun/servlet/solicitudot?INS,0,0, HTTP/1.1" 200 13645
190.151.100.218 - - [05/Mar/2018:14:25:06 -0300] "GET /cormun/servlet/solicitudot?INS,0,0, HTTP/1.1" 200 13650
190.151.100.218 - - [05/Mar/2018:14:25:09 -0300] "GET /cormun/servlet/prfichaempleado?,MD,,gxPopupLevel%3D0%3B HTTP/1.1" 200 9348
186.9.6.217 - - [05/Mar/2018:14:25:19 -0300] "POST /cormun/servlet/hlogin?f0c266bab61be6b59bed7ca7aeb89fa9,gx-no-cache=1520270670672 HTTP/1.1" 200 90
186.9.6.217 - - [05/Mar/2018:14:25:19 -0300] "GET /cormun/servlet/hpexe_link HTTP/1.1" 200 1002
186.9.6.217 - - [05/Mar/2018:14:25:20 -0300] "GET /cormun/servlet/hhome HTTP/1.1" 200 4302
186.9.6.217 - - [05/Mar/2018:14:25:21 -0300] "GET /cormun/servlet/hhome HTTP/1.1" 200 4298
190.151.100.218 - - [05/Mar/2018:14:25:22 -0300] "POST /cormun/servlet/prfichaempleado?d8f24d789090d62e8ea3dd66481f4de8,,MD,,gxPopupLevel%3D0%3B,gx-no-cache=1520270673804 HTTP/1.1" 200 3419
190.151.100.218 - - [05/Mar/2018:14:25:27 -0300] "POST /cormun/servlet/solicitudot?gx-no-cache=1520270678545 HTTP/1.1" 200 3398
190.151.100.218 - - [05/Mar/2018:14:25:27 -0300] "POST /cormun/servlet/solicitudot?d8f24d789090d62e8ea3dd66481f4de8,INS,0,0,,gx-no-cache=1520270678867 HTTP/1.1" 200 10575
186.9.6.217 - - [05/Mar/2018:14:25:45 -0300] "GET /cormun/servlet/trsolicitudot? HTTP/1.1" 200 7504
186.9.6.217 - - [05/Mar/2018:14:25:46 -0300] "GET /cormun/servlet/trsolicitudot? HTTP/1.1" 200 7505
192.168.10.56 - - [05/Mar/2018:14:25:48 -0300] "GET /cormun/servlet/hlogin HTTP/1.1" 200 1736
186.9.6.217 - - [05/Mar/2018:14:25:54 -0300] "GET /cormun/servlet/solicitudot?INS,0,0, HTTP/1.1" 200 13789
186.9.6.217 - - [05/Mar/2018:14:25:54 -0300] "GET /cormun/servlet/solicitudot?INS,0,0, HTTP/1.1" 200 13794
186.9.6.217 - - [05/Mar/2018:14:26:05 -0300] "GET /cormun/servlet/prfichaempleado?,MD,,gxPopupLevel%3D0%3B HTTP/1.1" 200 9467
186.9.6.217 - - [05/Mar/2018:14:26:15 -0300] "POST /cormun/servlet/prfichaempleado?f0c266bab61be6b59bed7ca7aeb89fa9,,MD,,gxPopupLevel%3D0%3B,gx-no-cache=1520270726159 HTTP/1.1" 200 3721
186.9.6.217 - - [05/Mar/2018:14:26:23 -0300] "POST /cormun/servlet/solicitudot?gx-no-cache=1520270734229 HTTP/1.1" 200 3422
186.9.6.217 - - [05/Mar/2018:14:26:23 -0300] "POST /cormun/servlet/solicitudot?f0c266bab61be6b59bed7ca7aeb89fa9,INS,0,0,,gx-no-cache=1520270734696 HTTP/1.1" 200 10644
186.9.6.217 - - [05/Mar/2018:14:26:27 -0300] "GET /cormun/servlet/solicitudot?a128bae13a5f9e6e54a0148750e25fbe0b4ec1e7830c819c099ff0eea6ebfb64c1e8a8f7ce6d5e2c3707469fe1e7d99b,gx-no-cache=1520270738233 HTTP/1.1" 200 30
200.86.171.207 - - [05/Mar/2018:14:26:28 -0300] "POST /cormun/servlet/solicitudot?e12a72d51bfb94b59a037b4c6b9daf48,INS,0,0,,gx-no-cache=1520270738573 HTTP/1.1" 200 93
200.86.171.207 - - [05/Mar/2018:14:26:28 -0300] "GET /cormun/servlet/hpexe_return? HTTP/1.1" 200 1005
200.86.171.207 - - [05/Mar/2018:14:26:28 -0300] "GET /cormun/servlet/trsolicitudot HTTP/1.1" 200 8924
200.86.171.207 - - [05/Mar/2018:14:26:29 -0300] "GET /cormun/servlet/trsolicitudot HTTP/1.1" 200 8920
200.86.171.207 - - [05/Mar/2018:14:26:33 -0300] "GET /cormun/servlet/trsolicitudot? HTTP/1.1" 200 8920
200.86.171.207 - - [05/Mar/2018:14:26:33 -0300] "GET /cormun/servlet/trsolicitudot? HTTP/1.1" 200 8920
200.86.171.207 - - [05/Mar/2018:14:26:36 -0300] "GET /cormun/servlet/solicitudot?INS,0,0, HTTP/1.1" 200 13787
200.86.171.207 - - [05/Mar/2018:14:26:36 -0300] "GET /cormun/servlet/solicitudot?INS,0,0, HTTP/1.1" 200 13792
186.9.6.217 - - [05/Mar/2018:14:26:42 -0300] "GET /cormun/servlet/solicitudot?a128bae13a5f9e6e54a0148750e25fbe6d0d0db1e53760c816c94cbee8fad0b7a422bdd6b74063451ead048f6a0d6c06d2bd735b17216ce6cbced8525f43b1a3,gx-no-cache=1520270753315 HTTP/1.1" 200 30
186.9.6.217 - - [05/Mar/2018:14:26:42 -0300] "GET /cormun/servlet/solicitudot?a128bae13a5f9e6e54a0148750e25fbe7c3461005d1422e1c5cff704bcaa7185,gx-no-cache=1520270753566 HTTP/1.1" 200 53
186.9.6.217 - - [05/Mar/2018:14:26:42 -0300] "POST /cormun/servlet/solicitudot?gx-no-cache=1520270753672 HTTP/1.1" 200 297
186.9.6.217 - - [05/Mar/2018:14:26:42 -0300] "GET /cormun/servlet/solicitudot?a128bae13a5f9e6e54a0148750e25fbe00ab0613a8571dbcaa9258e795361aa9101f9e14d24869b4548ab309e12440c80a8717fbd9a48df6b92f1fd42ba0a8b37b787e1003795de5781f448e158421772971189644a0d4f5df1db1bab847512e6084555d63233406987a1b359a1717f440b610cdce0f0a6857a85b59461095f29f832a1b88a449df27441015499c9300ef972ccd91087543aa2eb321acb1a2adc45a9704974625433388a71fef36e6016d9a8f1a2bf8638738df7f30d08211773292da8105f4fe9ec2a6617ca31b4214aeb411183cbcc59e7d1cde34ab6ed4ddee8828efa4c2636544ff9827a0bb88220eab3a76bb1ffe34bf6bb2a2a0ebc8e674a403e4c9dd42ff6b35a8c815a7f2fc78bbc080b109f60796269b75e9ce213569bb0dfc309156fb1a11473339fe846dbf001efff5a7b19cb8901b22f410ba6e1ce0533566d2fcd21c58520296ec06f44e140b5a883b8beb661c5350e1dec068ba8e99a24da82a17968864140529304611cad80f1139ddac4a190aa377b08853291fadb670d1b15c1009d6452ba506d3,gx-no-cache=1520270753806 HTTP/1.1" 200 30
186.9.6.217 - - [05/Mar/2018:14:26:46 -0300] "POST /cormun/servlet/solicitudot?gx-no-cache=1520270757483 HTTP/1.1" 200 30
186.9.6.217 - - [05/Mar/2018:14:26:49 -0300] "POST /cormun/servlet/solicitudot?gx-no-cache=1520270760931 HTTP/1.1" 200 1337
186.9.6.217 - - [05/Mar/2018:14:26:49 -0300] "POST /cormun/servlet/solicitudot?gx-no-cache=1520270761188 HTTP/1.1" 200 38
186.9.6.217 - - [05/Mar/2018:14:26:56 -0300] "GET /cormun/servlet/solicitudot?a128bae13a5f9e6e54a0148750e25fbe4982510884ea79f3e00ee960cb36e7b8dabe1a7c6b7eb4369d8368ae2e1e7a12ef148815a31d6f1bdeb2518f119192d0a6d3e4a176001c6242c68d92fec8553b4584fb1b42ce0eb3f966d35648a9a5234c6d3efffc71b6960977d11f62ba9013,gx-no-cache=1520270767739 HTTP/1.1" 200 29
186.9.6.217 - - [05/Mar/2018:14:26:56 -0300] "POST /cormun/servlet/solicitudot?gx-no-cache=1520270767925 HTTP/1.1" 200 1319
186.9.6.217 - - [05/Mar/2018:14:26:56 -0300] "POST /cormun/servlet/solicitudot?gx-no-cache=1520270768065 HTTP/1.1" 200 1218
186.9.6.217 - - [05/Mar/2018:14:26:56 -0300] "GET /cormun/static/menuarrow.gif HTTP/1.1" 404 1015
200.86.171.207 - - [05/Mar/2018:14:26:59 -0300] "POST /cormun/servlet/solicitudot?gx-no-cache=1520270769992 HTTP/1.1" 200 3293
200.86.171.207 - - [05/Mar/2018:14:27:00 -0300] "POST /cormun/servlet/solicitudot?e12a72d51bfb94b59a037b4c6b9daf48,INS,0,0,,gx-no-cache=1520270770270 HTTP/1.1" 200 10446
200.86.171.207 - - [05/Mar/2018:14:27:00 -0300] "GET /cormun/servlet/solicitudot?9a5d936597557858aa3ab695f4093a56cb5b2509de299092d26c9e7028f0cebc0f5f74bb4cee1acf27b19351ca4a13ea,gx-no-cache=1520270770648 HTTP/1.1" 200 30
190.151.100.218 - - [05/Mar/2018:14:27:12 -0300] "POST /cormun/servlet/solicitudot?d8f24d789090d62e8ea3dd66481f4de8,INS,0,0,,gx-no-cache=1520270783523 HTTP/1.1" 200 10677
186.67.203.186 - - [05/Mar/2018:14:27:12 -0300] "GET /cormun/static/Shared/jqueryui/images/ui-icons_82798d_256x240.png HTTP/1.1" 404 1089
186.67.203.186 - - [05/Mar/2018:14:27:12 -0300] "GET /cormun/static/Shared/jqueryui/images/ui-bg_flat_55_fafafa_40x100.png HTTP/1.1" 404 1097
186.103.132.155 - - [05/Mar/2018:14:27:12 -0300] "GET /cormun/static/Shared/jqueryui/images/ui-icons_8d78a5_256x240.png HTTP/1.1" 404 1089
190.151.100.218 - - [05/Mar/2018:14:27:12 -0300] "GET /cormun/static/Shared/jqueryui/images/ui-bg_highlight-soft_100_c6c2c8_1x100.png HTTP/1.1" 404 1117
190.151.100.218 - - [05/Mar/2018:14:27:17 -0300] "POST /cormun/servlet/solicitudot?gx-no-cache=1520270788757 HTTP/1.1" 200 3398
190.151.100.218 - - [05/Mar/2018:14:27:17 -0300] "POST /cormun/servlet/solicitudot?d8f24d789090d62e8ea3dd66481f4de8,INS,0,0,,gx-no-cache=1520270788980 HTTP/1.1" 200 10687
190.151.100.218 - - [05/Mar/2018:14:27:17 -0300] "GET /cormun/servlet/solicitudot?34ff446c04bdba1f3afe1caa115fdbcbecf461ecb078adff447709442ca43f75b3aa515823b1f8eacbc712605929bde1,gx-no-cache=1520270789337 HTTP/1.1" 200 30
190.151.100.218 - - [05/Mar/2018:14:27:17 -0300] "GET /cormun/servlet/solicitudot?34ff446c04bdba1f3afe1caa115fdbcb9e53c1baf26b68b443960ea76d4ec787bc28fd36f7cc1312da15571a923af268c3cbfbde4f5a130cf60d822ac4ac2457,gx-no-cache=1520270789487 HTTP/1.1" 200 30
190.151.100.218 - - [05/Mar/2018:14:27:18 -0300] "GET /cormun/servlet/solicitudot?34ff446c04bdba1f3afe1caa115fdbcb8bfce72f62f788d679aff5261cae8ab0,gx-no-cache=1520270789592 HTTP/1.1" 200 123
186.103.132.155 - - [05/Mar/2018:14:27:18 -0300] "GET /cormun/static/Shared/jqueryui/images/ui-icons_ebccce_256x240.png HTTP/1.1" 404 1089
190.151.100.218 - - [05/Mar/2018:14:27:18 -0300] "GET /cormun/static/Shared/jqueryui/images/ui-bg_flat_55_994d53_40x100.png HTTP/1.1" 404 1097
186.67.203.186 - - [05/Mar/2018:14:27:18 -0300] "POST /cormun/servlet/solicitudot?gx-no-cache=1520270789767 HTTP/1.1" 200 297
186.103.132.155 - - [05/Mar/2018:14:27:18 -0300] "GET /cormun/servlet/solicitudot?34ff446c04bdba1f3afe1caa115fdbcbf570ef71ebdfd745e21703de5a33a898f99e07c1b135795e7b6a84899c66810431fe360517b3cdd3f951333a8dd7f809bc1eb8873f1822f9ac071850ee422e18984313dcdc4259f7b76a084d43b7de13c1f0fdefab9a1f83773c1aa6c5ac2fe18aa76ff26023814fa4907be8554cff03711f5eceab507d96787e2af1491adb39cfa1f805927dce3cbfdf9445b1c59d987dfdb374f9cb0ab33c07418ba8dc3f8ec1d31085a7e5e87cd9da8813ad1fe5e7fa1640f19c73894d7510977a0eb3b18ff55c021e7bfe0217e14047d25f5276d66fc06eac6a013b1141a03d43120069f88e4676eb690fae4f21ae3b723201d65944a66e02ea5c0130d455b2a0df8febe91eb911b77cc0d23157a464a70e963afb0a2c5a88c81d2c2b2bfd06bab38a1deb2a85bf3d65771a7ec1f8619fba90c3a88f185ae4635e3e65787cd01e9b0efff39056ae0c24bdedc01c481487e66ae82bd53487e39adba50f2d667f3e32631e28339d833221047c6bfd216a8a4043661767fac80a5fcf289a49e52017e6ba55ac,gx-no-cache=1520270789944 HTTP/1.1" 200 30
186.103.132.155 - - [05/Mar/2018:14:27:18 -0300] "POST /cormun/servlet/solicitudot?gx-no-cache=1520270790200 HTTP/1.1" 200 30
186.103.132.155 - - [05/Mar/2018:14:27:18 -0300] "POST /cormun/servlet/solicitudot?gx-no-cache=1520270790365 HTTP/1.1" 200 1337
186.103.132.155 - - [05/Mar/2018:14:27:19 -0300] "POST /cormun/servlet/solicitudot?gx-no-cache=1520270790544 HTTP/1.1" 200 38
