200.54.247.70 - - [05/Mar/2018:13:48:21 -0300] "GET /cormun/servlet/trlicenciaspermisosadjuntos?16491379,20180305000000,L, HTTP/1.1" 200 7100
200.54.247.70 - - [05/Mar/2018:13:48:23 -0300] "GET /cormun/servlet/trlicenciaspermisosadjuntos?16491379,20180305000000,L, HTTP/1.1" 200 7096
200.86.95.220 - - [05/Mar/2018:13:48:26 -0300] "POST /cormun/servlet/solicitudot?a6ed941cc33a4a079804174c641e79ac,INS,0,0,,gx-no-cache=1520268460379 HTTP/1.1" 200 93
200.86.95.220 - - [05/Mar/2018:13:48:26 -0300] "GET /cormun/servlet/hpexe_return? HTTP/1.1" 200 1007
200.86.95.220 - - [05/Mar/2018:13:48:27 -0300] "GET /cormun/servlet/hhome HTTP/1.1" 200 3947
200.86.95.220 - - [05/Mar/2018:13:48:28 -0300] "GET /cormun/servlet/hhome HTTP/1.1" 200 3941
200.54.247.70 - - [05/Mar/2018:13:48:34 -0300] "GET /cormun/servlet/licenciaspermisosadjuntos?INS,16491379,L,20180305000000,, HTTP/1.1" 200 5868
200.54.247.70 - - [05/Mar/2018:13:48:36 -0300] "GET /cormun/servlet/licenciaspermisosadjuntos?INS,16491379,L,20180305000000,, HTTP/1.1" 200 5857
200.86.95.220 - - [05/Mar/2018:13:48:37 -0300] "GET /cormun/servlet/trsolicitudot? HTTP/1.1" 200 11804
200.86.95.220 - - [05/Mar/2018:13:48:39 -0300] "GET /cormun/servlet/trsolicitudot? HTTP/1.1" 200 11802
200.86.95.220 - - [05/Mar/2018:13:48:44 -0300] "GET /cormun/servlet/solicitudot?INS,0,0, HTTP/1.1" 200 13392
186.67.203.186 - - [05/Mar/2018:13:48:45 -0300] "GET /cormun/pexe_scrolldiv.js HTTP/1.1" 404 1009
200.86.95.220 - - [05/Mar/2018:13:48:46 -0300] "GET /cormun/servlet/solicitudot?INS,0,0, HTTP/1.1" 200 13397
200.54.247.70 - - [05/Mar/2018:13:48:48 -0300] "POST /cormun/servlet/licenciaspermisosadjuntos?7895c7d1809b328b633cbf2205296a19,INS,16491379,L,20180305000000,,,gx-no-cache=1520268479456 HTTP/1.1" 200 93
186.67.203.186 - - [05/Mar/2018:13:48:48 -0300] "POST /cormun/servlet/veautorizarsolicitud?d8f24d789090d62e8ea3dd66481f4de8,2018,10010,,,gx-no-cache=1520268480136 HTTP/1.1" 200 93
200.54.247.70 - - [05/Mar/2018:13:48:48 -0300] "GET /cormun/servlet/hpexe_return? HTTP/1.1" 200 1038
186.67.203.186 - - [05/Mar/2018:13:48:48 -0300] "GET /cormun/servlet/hpexe_return? HTTP/1.1" 200 1015
200.54.247.70 - - [05/Mar/2018:13:48:49 -0300] "GET /cormun/servlet/trlicenciaspermisosadjuntos?16491379,20180305000000,L, HTTP/1.1" 200 7168
186.67.203.186 - - [05/Mar/2018:13:48:49 -0300] "GET /cormun/servlet/trautorizarsolicitud? HTTP/1.1" 200 7309
200.54.247.70 - - [05/Mar/2018:13:48:50 -0300] "GET /cormun/servlet/trlicenciaspermisosadjuntos?16491379,20180305000000,L, HTTP/1.1" 200 7166
186.67.203.186 - - [05/Mar/2018:13:48:51 -0300] "GET /cormun/servlet/trautorizarsolicitud? HTTP/1.1" 200 7305
186.103.159.187 - - [05/Mar/2018:13:48:53 -0300] "POST /cormun/servlet/solicitudot?gx-no-cache=1520268582576 HTTP/1.1" 200 1319
200.54.247.70 - - [05/Mar/2018:13:48:53 -0300] "GET /cormun/servlet/licenciaspermisosadjuntos?DLT,16491379,L,20180305000000,20180305134554, HTTP/1.1" 200 5818
200.54.247.70 - - [05/Mar/2018:13:48:54 -0300] "GET /cormun/static/about:blank HTTP/1.1" 404 1011
186.103.159.187 - - [05/Mar/2018:13:48:54 -0300] "POST /cormun/servlet/solicitudot?gx-no-cache=1520268583777 HTTP/1.1" 200 1219
200.54.247.70 - - [05/Mar/2018:13:48:55 -0300] "GET /cormun/static/Shared/jqueryui/images/ui-icons_82798d_256x240.png HTTP/1.1" 404 1089
200.54.247.70 - - [05/Mar/2018:13:48:55 -0300] "GET /cormun/static/Shared/jqueryui/images/ui-bg_highlight-soft_100_c6c2c8_1x100.png HTTP/1.1" 404 1117
200.54.247.70 - - [05/Mar/2018:13:48:55 -0300] "GET /cormun/static/Shared/jqueryui/images/ui-bg_flat_55_fafafa_40x100.png HTTP/1.1" 404 1097
186.103.159.187 - - [05/Mar/2018:13:48:55 -0300] "GET /cormun/servlet/solicitudot?975e67ef8f3ab2cfaf86ffbba2b423290f3d24bd2b742b068009ae36c5ca0d6c78f4e04c082b91bf5bd0fd31a928939a,gx-no-cache=1520268584793 HTTP/1.1" 200 30
200.54.247.70 - - [05/Mar/2018:13:48:55 -0300] "GET /cormun/static/Shared/jqueryui/images/ui-icons_8d78a5_256x240.png HTTP/1.1" 404 1089
200.54.247.70 - - [05/Mar/2018:13:48:55 -0300] "GET /cormun/servlet/licenciaspermisosadjuntos?DLT,16491379,L,20180305000000,20180305134554, HTTP/1.1" 200 5808
186.103.159.187 - - [05/Mar/2018:13:48:55 -0300] "POST /cormun/servlet/solicitudot?gx-no-cache=1520268585045 HTTP/1.1" 200 30
200.111.122.170 - - [05/Mar/2018:13:48:55 -0300] "GET /cormun/servlet/hlogin HTTP/1.1" 200 1739
186.103.159.187 - - [05/Mar/2018:13:48:57 -0300] "POST /cormun/servlet/solicitudot?c41d4969b41b9b3fec90a0c2cd7c1586,INS,0,0,,gx-no-cache=1520268585232 HTTP/1.1" 200 11779
200.54.247.70 - - [05/Mar/2018:13:48:58 -0300] "POST /cormun/servlet/licenciaspermisosadjuntos?7895c7d1809b328b633cbf2205296a19,DLT,16491379,L,20180305000000,20180305134554,,gx-no-cache=1520268490005 HTTP/1.1" 200 93
200.54.247.70 - - [05/Mar/2018:13:48:58 -0300] "GET /cormun/servlet/hpexe_return? HTTP/1.1" 200 1047
200.54.247.70 - - [05/Mar/2018:13:48:59 -0300] "GET /cormun/servlet/trlicenciaspermisosadjuntos?16491379,20180305000000,L, HTTP/1.1" 200 7100
200.54.247.70 - - [05/Mar/2018:13:49:00 -0300] "GET /cormun/servlet/trlicenciaspermisosadjuntos?16491379,20180305000000,L, HTTP/1.1" 200 7097
200.54.247.70 - - [05/Mar/2018:13:49:03 -0300] "POST /cormun/servlet/trlicenciaspermisosadjuntos?7895c7d1809b328b633cbf2205296a19,16491379,20180305000000,L,,gx-no-cache=1520268494827 HTTP/1.1" 200 90
200.54.247.70 - - [05/Mar/2018:13:49:03 -0300] "GET /cormun/servlet/hpexe_link HTTP/1.1" 200 982
200.54.247.70 - - [05/Mar/2018:13:49:04 -0300] "GET /cormun/servlet/trlicencias HTTP/1.1" 200 9562
200.54.247.70 - - [05/Mar/2018:13:49:05 -0300] "GET /cormun/servlet/trlicencias HTTP/1.1" 200 9560
200.86.95.220 - - [05/Mar/2018:13:49:07 -0300] "POST /cormun/servlet/solicitudot?gx-no-cache=1520268501076 HTTP/1.1" 200 3402
200.86.95.220 - - [05/Mar/2018:13:49:07 -0300] "POST /cormun/servlet/solicitudot?a6ed941cc33a4a079804174c641e79ac,INS,0,0,,gx-no-cache=1520268501457 HTTP/1.1" 200 10386
186.103.159.187 - - [05/Mar/2018:13:49:09 -0300] "POST /cormun/servlet/solicitudot?c41d4969b41b9b3fec90a0c2cd7c1586,INS,0,0,,gx-no-cache=1520268598944 HTTP/1.1" 200 11831
200.86.95.220 - - [05/Mar/2018:13:49:10 -0300] "GET /cormun/servlet/solicitudot?6b5e375947670592f620f11c0718b50a7280421a2b7288f5988a8e1bc4780d3e338db77399fe2d3413c7105be1ffc4dc,gx-no-cache=1520268503770 HTTP/1.1" 200 30
200.54.247.70 - - [05/Mar/2018:13:49:10 -0300] "GET /cormun/servlet/alicenciaprn?16491379,L,20180305000000,PU HTTP/1.1" 200 1534
200.86.95.220 - - [05/Mar/2018:13:49:10 -0300] "GET /cormun/servlet/solicitudot?6b5e375947670592f620f11c0718b50a03c90e5e79d8f099fd94e05dc3b6662524d223b8115a85dd7b308c69929160dd670889509a10bdc2406bb551b343d6f5,gx-no-cache=1520268503876 HTTP/1.1" 200 30
200.86.95.220 - - [05/Mar/2018:13:49:10 -0300] "GET /cormun/servlet/solicitudot?6b5e375947670592f620f11c0718b50a2b89ab8c65fca904eb1940d4fe0c57c8,gx-no-cache=1520268503959 HTTP/1.1" 200 53
200.86.95.220 - - [05/Mar/2018:13:49:10 -0300] "POST /cormun/servlet/solicitudot?gx-no-cache=1520268504172 HTTP/1.1" 200 255
200.86.95.220 - - [05/Mar/2018:13:49:10 -0300] "GET /cormun/servlet/solicitudot?6b5e375947670592f620f11c0718b50a11b67b14778f3c3eb61730706cc09be4d3dec166c75ffe14bdf13afd226232de1a7676d96e1110fd0679b2950a872f800aa5af506eff34cc41de9f8d92f29ec8f2fc4acfa080333eff9c3a47f8b395aae7764bb55a337862861be208139bf6210d6fdb53b4ebd7ae8b28c69efd25620e44b207c070404631f1eb9bb84c3b3c0eab865268e2187109147d070580589bc497d10cb8a100108267737bedb895fff2ba00de386df9ba7f46042854e3dd92be3b5fa050b32315b86d91a0de9efce087055ae1eb1e2b0dbc23a4b37920a81be5bbf40c03badc34d8f72d61426b6d2c8e2d44cbdffbf3ad18b3e7c6f1bc8f88383833522db34db71ec34eede8693e7cac75808cad539e3bb896870c4275ce246fd49994f90820829938f7e681471f7b4a61ce450afaad15aafbaabad0adaf304f8d75fbe0198769a026f6d4faaad2c6387e0df3ac27be381caee173aba322e616e51c718addd43e4dcfe94af6c7b221ce65f3ab49b3567356aeceff81bd7461fe,gx-no-cache=1520268504281 HTTP/1.1" 200 30
200.86.95.220 - - [05/Mar/2018:13:49:12 -0300] "POST /cormun/servlet/solicitudot?gx-no-cache=1520268505958 HTTP/1.1" 200 30
200.86.95.220 - - [05/Mar/2018:13:49:13 -0300] "GET /cormun/servlet/prcontratosol?16090696,,,,,MD,,gxPopupLevel%3D0%3B HTTP/1.1" 200 7934
200.86.95.220 - - [05/Mar/2018:13:49:18 -0300] "POST /cormun/servlet/solicitudot?gx-no-cache=1520268512446 HTTP/1.1" 200 1337
200.86.95.220 - - [05/Mar/2018:13:49:18 -0300] "POST /cormun/servlet/solicitudot?gx-no-cache=1520268512574 HTTP/1.1" 200 38
200.86.95.220 - - [05/Mar/2018:13:49:18 -0300] "GET /cormun/servlet/solicitudot?6b5e375947670592f620f11c0718b50ae13a221f1718b007204bc6bedc4f784bd4096441382219106376722caf74a5f629ddbd891be6adddfd49a6b2946dde2c17272af0ca87d80fd0afa57c8b87fab2289b6ea34a9e60010c23c941e78f7837aee37e00e9b303c355130920c5ebece46b33fa716a5fb1972b617306f4c533c47c7192287caa439002ba8e2c94161f5ed62721957263c1a2d7789246392ec23c8eb512fac6eaf5a8baae28b367f648f05a038875cc0a2cd1bdbb9d49a49198bd99bc3bca4acc96cc6d4df0fae5271670,gx-no-cache=1520268512653 HTTP/1.1" 200 29
200.86.95.220 - - [05/Mar/2018:13:49:19 -0300] "POST /cormun/servlet/solicitudot?gx-no-cache=1520268512725 HTTP/1.1" 200 1319
200.86.95.220 - - [05/Mar/2018:13:49:19 -0300] "POST /cormun/servlet/solicitudot?gx-no-cache=1520268512815 HTTP/1.1" 200 1217
200.86.95.220 - - [05/Mar/2018:13:49:19 -0300] "GET /cormun/servlet/solicitudot?6b5e375947670592f620f11c0718b50a940e388fb46e7af38b99f2abff65aa8a3ca35f0aa2b4e08f6cccf213530225f0,gx-no-cache=1520268512883 HTTP/1.1" 200 30
200.54.247.70 - - [05/Mar/2018:13:49:25 -0300] "POST /cormun/servlet/trlicencias?7895c7d1809b328b633cbf2205296a19,gx-no-cache=1520268516155 HTTP/1.1" 200 6786
200.54.247.70 - - [05/Mar/2018:13:49:25 -0300] "GET /cormun/static/Shared/jqueryui/images/ui-bg_highlight-soft_100_c6c2c8_1x100.png HTTP/1.1" 404 1117
200.54.247.70 - - [05/Mar/2018:13:49:25 -0300] "GET /cormun/static/Shared/jqueryui/images/ui-icons_82798d_256x240.png HTTP/1.1" 404 1089
200.54.247.70 - - [05/Mar/2018:13:49:25 -0300] "GET /cormun/static/Shared/jqueryui/images/ui-bg_flat_55_fafafa_40x100.png HTTP/1.1" 404 1097
200.54.247.70 - - [05/Mar/2018:13:49:25 -0300] "GET /cormun/static/Shared/jqueryui/images/ui-icons_8d78a5_256x240.png HTTP/1.1" 404 1089
200.86.95.220 - - [05/Mar/2018:13:49:27 -0300] "GET /cormun/servlet/solicitudot?6b5e375947670592f620f11c0718b50ae13a221f1718b007204bc6bedc4f784bd4096441382219106376722caf74a5f6164d7d3d56a6f1d239b5d6bd307803d417272af0ca87d80fd0afa57c8b87fab2289b6ea34a9e60010c23c941e78f7837aee37e00e9b303c355130920c5ebece46b33fa716a5fb1972b617306f4c533c47c7192287caa439002ba8e2c94161f5ed62721957263c1a2d7789246392ec23c8eb512fac6eaf5a8baae28b367f648f05a038875cc0a2cd1bdbb9d49a49198bd99bc3bca4acc96cc6d4df0fae5271670,gx-no-cache=1520268521161 HTTP/1.1" 200 29
200.86.95.220 - - [05/Mar/2018:13:49:29 -0300] "POST /cormun/servlet/solicitudot?gx-no-cache=1520268523324 HTTP/1.1" 200 1319
200.86.95.220 - - [05/Mar/2018:13:49:29 -0300] "POST /cormun/servlet/solicitudot?gx-no-cache=1520268523406 HTTP/1.1" 200 1217
200.86.95.220 - - [05/Mar/2018:13:49:29 -0300] "POST /cormun/servlet/solicitudot?gx-no-cache=1520268523474 HTTP/1.1" 200 33
186.103.159.187 - - [05/Mar/2018:13:49:38 -0300] "POST /cormun/servlet/solicitudot?c41d4969b41b9b3fec90a0c2cd7c1586,INS,0,0,,gx-no-cache=1520268627305 HTTP/1.1" 200 11881
200.86.95.220 - - [05/Mar/2018:13:49:43 -0300] "POST /cormun/servlet/solicitudot?a6ed941cc33a4a079804174c641e79ac,INS,0,0,,gx-no-cache=1520268537371 HTTP/1.1" 200 93
200.86.95.220 - - [05/Mar/2018:13:49:43 -0300] "GET /cormun/servlet/hpexe_return? HTTP/1.1" 200 1007
200.86.95.220 - - [05/Mar/2018:13:49:44 -0300] "GET /cormun/servlet/trsolicitudot HTTP/1.1" 200 12237
200.86.95.220 - - [05/Mar/2018:13:49:45 -0300] "GET /cormun/servlet/trsolicitudot HTTP/1.1" 200 12232
186.103.159.187 - - [05/Mar/2018:13:49:50 -0300] "POST /cormun/servlet/solicitudot?c41d4969b41b9b3fec90a0c2cd7c1586,INS,0,0,,gx-no-cache=1520268639869 HTTP/1.1" 200 11923
200.86.95.220 - - [05/Mar/2018:13:49:51 -0300] "GET /cormun/servlet/solicitudot?INS,0,0, HTTP/1.1" 200 13392
200.86.95.220 - - [05/Mar/2018:13:49:52 -0300] "GET /cormun/servlet/solicitudot?INS,0,0, HTTP/1.1" 200 13397
200.86.95.220 - - [05/Mar/2018:13:50:03 -0300] "POST /cormun/servlet/solicitudot?gx-no-cache=1520268557129 HTTP/1.1" 200 3396
200.86.95.220 - - [05/Mar/2018:13:50:03 -0300] "POST /cormun/servlet/solicitudot?a6ed941cc33a4a079804174c641e79ac,INS,0,0,,gx-no-cache=1520268557377 HTTP/1.1" 200 10379
186.103.159.187 - - [05/Mar/2018:13:50:04 -0300] "POST /cormun/servlet/solicitudot?c41d4969b41b9b3fec90a0c2cd7c1586,INS,0,0,,gx-no-cache=1520268653592 HTTP/1.1" 200 11991
200.86.95.220 - - [05/Mar/2018:13:50:06 -0300] "GET /cormun/servlet/solicitudot?6b5e375947670592f620f11c0718b50a30147b570f18c9d90a95bb5d2bf07499670889509a10bdc2406bb551b343d6f5,gx-no-cache=1520268560320 HTTP/1.1" 200 30
200.86.95.220 - - [05/Mar/2018:13:50:06 -0300] "GET /cormun/servlet/solicitudot?6b5e375947670592f620f11c0718b50ae08d63257e4438ba297b5ec576d4685dafc410d089954ba32b49ce3086e8eda220a0b72310e9c8e24bd451d6951e05dd,gx-no-cache=1520268560398 HTTP/1.1" 200 30
200.86.95.220 - - [05/Mar/2018:13:50:06 -0300] "GET /cormun/servlet/solicitudot?6b5e375947670592f620f11c0718b50a2b89ab8c65fca904eb1940d4fe0c57c8,gx-no-cache=1520268560447 HTTP/1.1" 200 53
200.86.95.220 - - [05/Mar/2018:13:50:06 -0300] "POST /cormun/servlet/solicitudot?gx-no-cache=1520268560500 HTTP/1.1" 200 255
200.86.95.220 - - [05/Mar/2018:13:50:06 -0300] "GET /cormun/servlet/solicitudot?6b5e375947670592f620f11c0718b50a11b67b14778f3c3eb61730706cc09be4d3dec166c75ffe14bdf13afd226232de1a7676d96e1110fd0679b2950a872f800aa5af506eff34cc41de9f8d92f29ec8f2fc4acfa080333eff9c3a47f8b395aae7764bb55a337862861be208139bf6210d6fdb53b4ebd7ae8b28c69efd25620e44b207c070404631f1eb9bb84c3b3c0eab865268e2187109147d070580589bc497d10cb8a100108267737bedb895fff2ba00de386df9ba7f46042854e3dd92be3b5fa050b32315b86d91a0de9efce087055ae1eb1e2b0dbc23a4b37920a81be5bbf40c03badc34d8f72d61426b6d2c8e2d44cbdffbf3ad18b3e7c6f1bc8f88383833522db34db71ec34eede8693e7cac75808cad539e3bb896870c4275ce246fd49994f90820829938f7e681471f7b4a61ce450afaad15aafbaabad0adaf304f8d75fbe0198769a026f6d4faaad2c6387e0df3ac27be381caee173aba322e616e51c718addd43e4dcfe94af6c7b221ce65f3ab49b3567356aeceff81bd7461fe,gx-no-cache=1520268560565 HTTP/1.1" 200 30
200.86.95.220 - - [05/Mar/2018:13:50:09 -0300] "POST /cormun/servlet/solicitudot?gx-no-cache=1520268562708 HTTP/1.1" 200 30
200.86.95.220 - - [05/Mar/2018:13:50:11 -0300] "GET /cormun/servlet/prcontratosol?9154169,,,,,MD,,gxPopupLevel%3D0%3B HTTP/1.1" 200 7929
200.86.95.220 - - [05/Mar/2018:13:50:14 -0300] "POST /cormun/servlet/solicitudot?gx-no-cache=1520268568608 HTTP/1.1" 200 1337
200.86.95.220 - - [05/Mar/2018:13:50:15 -0300] "POST /cormun/servlet/solicitudot?gx-no-cache=1520268568727 HTTP/1.1" 200 38
200.86.95.220 - - [05/Mar/2018:13:50:15 -0300] "GET /cormun/servlet/solicitudot?6b5e375947670592f620f11c0718b50ae13a221f1718b007204bc6bedc4f784bd4096441382219106376722caf74a5f629ddbd891be6adddfd49a6b2946dde2c17272af0ca87d80fd0afa57c8b87fab2289b6ea34a9e60010c23c941e78f7837aee37e00e9b303c355130920c5ebece46b33fa716a5fb1972b617306f4c533c47c7192287caa439002ba8e2c94161f5ed62721957263c1a2d7789246392ec23c8eb512fac6eaf5a8baae28b367f648f05a038875cc0a2cd1bdbb9d49a49198bd99bc3bca4acc96cc6d4df0fae5271670,gx-no-cache=1520268568794 HTTP/1.1" 200 29
200.86.95.220 - - [05/Mar/2018:13:50:15 -0300] "POST /cormun/servlet/solicitudot?gx-no-cache=1520268568844 HTTP/1.1" 200 1319
200.86.95.220 - - [05/Mar/2018:13:50:15 -0300] "POST /cormun/servlet/solicitudot?gx-no-cache=1520268568914 HTTP/1.1" 200 1217
200.86.95.220 - - [05/Mar/2018:13:50:15 -0300] "GET /cormun/servlet/solicitudot?6b5e375947670592f620f11c0718b50a940e388fb46e7af38b99f2abff65aa8a3ca35f0aa2b4e08f6cccf213530225f0,gx-no-cache=1520268568978 HTTP/1.1" 200 30
186.103.159.187 - - [05/Mar/2018:13:50:20 -0300] "POST /cormun/servlet/solicitudot?c41d4969b41b9b3fec90a0c2cd7c1586,INS,0,0,,gx-no-cache=1520268669576 HTTP/1.1" 200 12062
200.86.95.220 - - [05/Mar/2018:13:50:24 -0300] "GET /cormun/servlet/solicitudot?6b5e375947670592f620f11c0718b50ae13a221f1718b007204bc6bedc4f784bd4096441382219106376722caf74a5f6164d7d3d56a6f1d239b5d6bd307803d417272af0ca87d80fd0afa57c8b87fab2289b6ea34a9e60010c23c941e78f7837aee37e00e9b303c355130920c5ebece46b33fa716a5fb1972b617306f4c533c47c7192287caa439002ba8e2c94161f5ed62721957263c1a2d7789246392ec23c8eb512fac6eaf5a8baae28b367f648f05a038875cc0a2cd1bdbb9d49a49198bd99bc3bca4acc96cc6d4df0fae5271670,gx-no-cache=1520268577759 HTTP/1.1" 200 29
200.86.95.220 - - [05/Mar/2018:13:50:25 -0300] "POST /cormun/servlet/solicitudot?gx-no-cache=1520268579394 HTTP/1.1" 200 1319
200.86.95.220 - - [05/Mar/2018:13:50:25 -0300] "POST /cormun/servlet/solicitudot?gx-no-cache=1520268579484 HTTP/1.1" 200 1217
200.86.95.220 - - [05/Mar/2018:13:50:25 -0300] "POST /cormun/servlet/solicitudot?gx-no-cache=1520268579551 HTTP/1.1" 200 33
186.103.159.187 - - [05/Mar/2018:13:50:33 -0300] "POST /cormun/servlet/solicitudot?c41d4969b41b9b3fec90a0c2cd7c1586,INS,0,0,,gx-no-cache=1520268682659 HTTP/1.1" 200 93
186.103.159.187 - - [05/Mar/2018:13:50:33 -0300] "GET /cormun/servlet/hpexe_return? HTTP/1.1" 200 1005
186.103.159.187 - - [05/Mar/2018:13:50:33 -0300] "GET /cormun/static/gxcfg.js?2016101716175148 HTTP/1.1" 304 -
186.103.159.187 - - [05/Mar/2018:13:50:34 -0300] "GET /cormun/servlet/trsolicitudot HTTP/1.1" 200 7140
186.103.159.187 - - [05/Mar/2018:13:50:35 -0300] "GET /cormun/servlet/trsolicitudot HTTP/1.1" 200 7136
200.86.95.220 - - [05/Mar/2018:13:50:36 -0300] "POST /cormun/servlet/solicitudot?a6ed941cc33a4a079804174c641e79ac,INS,0,0,,gx-no-cache=1520268589992 HTTP/1.1" 200 93
200.86.95.220 - - [05/Mar/2018:13:50:36 -0300] "GET /cormun/servlet/hpexe_return? HTTP/1.1" 200 1007
200.86.95.220 - - [05/Mar/2018:13:50:36 -0300] "GET /cormun/servlet/trsolicitudot HTTP/1.1" 200 12628
200.86.95.220 - - [05/Mar/2018:13:50:38 -0300] "GET /cormun/servlet/trsolicitudot HTTP/1.1" 200 12623
200.86.95.220 - - [05/Mar/2018:13:50:41 -0300] "GET /cormun/servlet/solicitudot?INS,0,0, HTTP/1.1" 200 13390
200.86.95.220 - - [05/Mar/2018:13:50:42 -0300] "GET /cormun/servlet/solicitudot?INS,0,0, HTTP/1.1" 200 13395
200.86.95.220 - - [05/Mar/2018:13:51:02 -0300] "POST /cormun/servlet/solicitudot?gx-no-cache=1520268616131 HTTP/1.1" 200 3416
200.86.95.220 - - [05/Mar/2018:13:51:02 -0300] "POST /cormun/servlet/solicitudot?a6ed941cc33a4a079804174c641e79ac,INS,0,0,,gx-no-cache=1520268616375 HTTP/1.1" 200 10384
200.86.95.220 - - [05/Mar/2018:13:51:04 -0300] "GET /cormun/servlet/solicitudot?6b5e375947670592f620f11c0718b50ac3476d801229f0e090e1b25eb5b0708e338db77399fe2d3413c7105be1ffc4dc,gx-no-cache=1520268618230 HTTP/1.1" 200 30
200.86.95.220 - - [05/Mar/2018:13:51:04 -0300] "GET /cormun/servlet/solicitudot?6b5e375947670592f620f11c0718b50a27ac66de8556a4c713c47bb316fa2e49074e4751e5cf47451783861625906c1a67d9230ed7fb01b2147b5993a8502aac,gx-no-cache=1520268618323 HTTP/1.1" 200 30
200.86.95.220 - - [05/Mar/2018:13:51:04 -0300] "GET /cormun/servlet/solicitudot?6b5e375947670592f620f11c0718b50a2e631ccf256c8b67580cd51bd3088886,gx-no-cache=1520268618414 HTTP/1.1" 200 51
200.86.95.220 - - [05/Mar/2018:13:51:04 -0300] "POST /cormun/servlet/solicitudot?gx-no-cache=1520268618464 HTTP/1.1" 200 256
200.86.95.220 - - [05/Mar/2018:13:51:04 -0300] "GET /cormun/servlet/solicitudot?6b5e375947670592f620f11c0718b50a11b67b14778f3c3eb61730706cc09be42c78028d0dad5a2e5208e49ebc2624491a7676d96e1110fd0679b2950a872f800aa5af506eff34cc41de9f8d92f29ec8f2fc4acfa080333eff9c3a47f8b395aae7764bb55a337862861be208139bf6210d6fdb53b4ebd7ae8b28c69efd25620e44b207c070404631f1eb9bb84c3b3c0eab865268e2187109147d070580589bc497d10cb8a100108267737bedb895fff2ba00de386df9ba7f46042854e3dd92be3b5fa050b32315b86d91a0de9efce087055ae1eb1e2b0dbc23a4b37920a81be5bbf40c03badc34d8f72d61426b6d2c8e2d44cbdffbf3ad18b3e7c6f1bc8f88383833522db34db71ec34eede8693e7cacd8c29087f4fcb65c513db6292e80483246e8a159e09f6b0f7f786a51b072f04046d0b0dae873d2e6bff09f3b4cb2c36972366268219a99c8f1fbde53ca95987cf07e03cbe70f32817ac86f7843eaa963abdf603b0df4cf0effa1b1c6fa9344732c6599ad8b310f67cf4ee787b7821bb9,gx-no-cache=1520268618523 HTTP/1.1" 200 30
200.86.95.220 - - [05/Mar/2018:13:51:06 -0300] "POST /cormun/servlet/solicitudot?gx-no-cache=1520268620083 HTTP/1.1" 200 30
192.168.10.56 - - [05/Mar/2018:13:51:07 -0300] "POST /cormun/servlet/trsolicitudgral?7e956376b5f5efee79e5ac40af95e188,,gx-no-cache=1520268506340 HTTP/1.1" 200 17443
200.86.95.220 - - [05/Mar/2018:13:51:08 -0300] "GET /cormun/servlet/prcontratosol?14011192,,,,,MD,,gxPopupLevel%3D0%3B HTTP/1.1" 200 9204
200.86.95.220 - - [05/Mar/2018:13:51:12 -0300] "POST /cormun/servlet/solicitudot?gx-no-cache=1520268626353 HTTP/1.1" 200 1337
200.86.95.220 - - [05/Mar/2018:13:51:12 -0300] "POST /cormun/servlet/solicitudot?gx-no-cache=1520268626479 HTTP/1.1" 200 38
200.86.95.220 - - [05/Mar/2018:13:51:12 -0300] "GET /cormun/servlet/solicitudot?6b5e375947670592f620f11c0718b50ae13a221f1718b007204bc6bedc4f784bd4096441382219106376722caf74a5f629ddbd891be6adddfd49a6b2946dde2c17272af0ca87d80fd0afa57c8b87fab2289b6ea34a9e60010c23c941e78f7837aee37e00e9b303c355130920c5ebece46b33fa716a5fb1972b617306f4c533c47c7192287caa439002ba8e2c94161f5ed62721957263c1a2d7789246392ec23c8eb512fac6eaf5a8baae28b367f648f05a038875cc0a2cd1bdbb9d49a49198bd99bc3bca4acc96cc6d4df0fae5271670,gx-no-cache=1520268626541 HTTP/1.1" 200 29
200.86.95.220 - - [05/Mar/2018:13:51:12 -0300] "POST /cormun/servlet/solicitudot?gx-no-cache=1520268626590 HTTP/1.1" 200 1319
200.86.95.220 - - [05/Mar/2018:13:51:12 -0300] "POST /cormun/servlet/solicitudot?gx-no-cache=1520268626663 HTTP/1.1" 200 1219
200.86.95.220 - - [05/Mar/2018:13:51:13 -0300] "GET /cormun/servlet/solicitudot?6b5e375947670592f620f11c0718b50a940e388fb46e7af38b99f2abff65aa8a3ca35f0aa2b4e08f6cccf213530225f0,gx-no-cache=1520268626728 HTTP/1.1" 200 30
192.168.10.56 - - [05/Mar/2018:13:51:17 -0300] "POST /cormun/servlet/trsolicitudgral?7e956376b5f5efee79e5ac40af95e188,,gx-no-cache=1520268516907 HTTP/1.1" 200 17061
200.86.95.220 - - [05/Mar/2018:13:51:21 -0300] "POST /cormun/servlet/solicitudot?gx-no-cache=1520268635195 HTTP/1.1" 200 1321
200.86.95.220 - - [05/Mar/2018:13:51:21 -0300] "POST /cormun/servlet/solicitudot?gx-no-cache=1520268635271 HTTP/1.1" 200 1219
200.86.95.220 - - [05/Mar/2018:13:51:21 -0300] "POST /cormun/servlet/solicitudot?gx-no-cache=1520268635337 HTTP/1.1" 200 33
192.168.10.56 - - [05/Mar/2018:13:51:30 -0300] "POST /cormun/servlet/trsolicitudgral?7e956376b5f5efee79e5ac40af95e188,,gx-no-cache=1520268529537 HTTP/1.1" 200 16698
192.168.10.56 - - [05/Mar/2018:13:51:43 -0300] "POST /cormun/servlet/trsolicitudgral?7e956376b5f5efee79e5ac40af95e188,,gx-no-cache=1520268542537 HTTP/1.1" 200 16308
200.86.95.220 - - [05/Mar/2018:13:51:46 -0300] "POST /cormun/servlet/solicitudot?a6ed941cc33a4a079804174c641e79ac,INS,0,0,,gx-no-cache=1520268659589 HTTP/1.1" 200 93
200.86.95.220 - - [05/Mar/2018:13:51:46 -0300] "GET /cormun/servlet/hpexe_return? HTTP/1.1" 200 1007
200.86.95.220 - - [05/Mar/2018:13:51:46 -0300] "GET /cormun/servlet/trsolicitudot HTTP/1.1" 200 13045
200.86.95.220 - - [05/Mar/2018:13:51:48 -0300] "GET /cormun/servlet/trsolicitudot HTTP/1.1" 200 13040
192.168.10.56 - - [05/Mar/2018:13:52:06 -0300] "POST /cormun/servlet/trsolicitudgral?7e956376b5f5efee79e5ac40af95e188,,gx-no-cache=1520268565305 HTTP/1.1" 200 15593
192.168.10.56 - - [05/Mar/2018:13:52:22 -0300] "POST /cormun/servlet/trsolicitudgral?7e956376b5f5efee79e5ac40af95e188,,gx-no-cache=1520268581465 HTTP/1.1" 200 14999
192.168.10.56 - - [05/Mar/2018:13:52:42 -0300] "POST /cormun/servlet/trsolicitudgral?7e956376b5f5efee79e5ac40af95e188,,gx-no-cache=1520268601744 HTTP/1.1" 200 13865
200.86.95.220 - - [05/Mar/2018:13:52:56 -0300] "GET /cormun/servlet/solicitudot?INS,0,0, HTTP/1.1" 200 13390
200.86.95.220 - - [05/Mar/2018:13:52:57 -0300] "GET /cormun/servlet/solicitudot?INS,0,0, HTTP/1.1" 200 13395
192.168.10.56 - - [05/Mar/2018:13:52:59 -0300] "POST /cormun/servlet/trsolicitudgral?7e956376b5f5efee79e5ac40af95e188,,gx-no-cache=1520268618721 HTTP/1.1" 200 13398
200.86.171.207 - - [05/Mar/2018:13:53:18 -0300] "GET /cormun/servlet/hlogin HTTP/1.1" 200 1720
200.86.171.207 - - [05/Mar/2018:13:53:18 -0300] "GET /cormun/static/gxtimezone.js?85251 HTTP/1.1" 304 -
200.86.171.207 - - [05/Mar/2018:13:53:18 -0300] "GET /cormun/static/gxcfg.js?20175251213516 HTTP/1.1" 304 -
200.86.171.207 - - [05/Mar/2018:13:53:18 -0300] "GET /cormun/static/messages.spa.js?85251 HTTP/1.1" 304 -
200.86.171.207 - - [05/Mar/2018:13:53:18 -0300] "GET /cormun/servlet/hlogin HTTP/1.1" 200 1731
200.86.171.207 - - [05/Mar/2018:13:53:30 -0300] "POST /cormun/servlet/hlogin?e12a72d51bfb94b59a037b4c6b9daf48,gx-no-cache=1520268760363 HTTP/1.1" 200 90
200.86.171.207 - - [05/Mar/2018:13:53:30 -0300] "GET /cormun/servlet/hpexe_link HTTP/1.1" 200 950
200.86.171.207 - - [05/Mar/2018:13:53:30 -0300] "GET /cormun/static/gxcfg.js?20177612121792 HTTP/1.1" 304 -
200.86.171.207 - - [05/Mar/2018:13:53:30 -0300] "GET /cormun/servlet/hhome HTTP/1.1" 200 4325
200.86.171.207 - - [05/Mar/2018:13:53:30 -0300] "GET /cormun/static/gxcfg.js?20175251212442 HTTP/1.1" 304 -
200.86.171.207 - - [05/Mar/2018:13:53:30 -0300] "GET /cormun/servlet/hhome HTTP/1.1" 200 4321
192.168.10.56 - - [05/Mar/2018:13:53:32 -0300] "POST /cormun/servlet/trsolicitudgral?7e956376b5f5efee79e5ac40af95e188,,gx-no-cache=1520268652216 HTTP/1.1" 200 13011
200.86.171.207 - - [05/Mar/2018:13:53:38 -0300] "GET /cormun/servlet/trsolicitudot? HTTP/1.1" 200 7539
200.86.171.207 - - [05/Mar/2018:13:53:38 -0300] "GET /cormun/static/gxcfg.js?2017111422585916 HTTP/1.1" 304 -
200.86.171.207 - - [05/Mar/2018:13:53:38 -0300] "GET /cormun/static/calendar-setup.js?85251 HTTP/1.1" 304 -
200.86.171.207 - - [05/Mar/2018:13:53:38 -0300] "GET /cormun/static/calendar.js?85251 HTTP/1.1" 304 -
200.86.171.207 - - [05/Mar/2018:13:53:38 -0300] "GET /cormun/static/calendar-es.js?85251 HTTP/1.1" 304 -
200.86.171.207 - - [05/Mar/2018:13:53:38 -0300] "GET /cormun/static/gxdec.js?85251 HTTP/1.1" 304 -
200.86.171.207 - - [05/Mar/2018:13:53:38 -0300] "GET /cormun/static/Resources/PXToolsDataSearch.png HTTP/1.1" 200 419
200.86.171.207 - - [05/Mar/2018:13:53:38 -0300] "GET /cormun/servlet/trsolicitudot? HTTP/1.1" 200 7537
200.86.171.207 - - [05/Mar/2018:13:53:38 -0300] "GET /cormun/static/Shared/ext/resources/themes/images/default/tools/tool-sprites.gif HTTP/1.1" 200 5434
200.86.171.207 - - [05/Mar/2018:13:53:38 -0300] "GET /cormun/static/Shared/ext/resources/themes/images/default/panel/bg-headersPanel.png HTTP/1.1" 200 255
192.168.10.56 - - [05/Mar/2018:13:53:40 -0300] "POST /cormun/servlet/trsolicitudgral?7e956376b5f5efee79e5ac40af95e188,,gx-no-cache=1520268660114 HTTP/1.1" 200 12542
192.168.10.56 - - [05/Mar/2018:13:53:56 -0300] "POST /cormun/servlet/trsolicitudgral?7e956376b5f5efee79e5ac40af95e188,,gx-no-cache=1520268676217 HTTP/1.1" 200 12031
192.168.10.56 - - [05/Mar/2018:13:54:03 -0300] "POST /cormun/servlet/trsolicitudgral?7e956376b5f5efee79e5ac40af95e188,,gx-no-cache=1520268682913 HTTP/1.1" 200 11657
192.168.10.56 - - [05/Mar/2018:13:54:14 -0300] "POST /cormun/servlet/trsolicitudgral?7e956376b5f5efee79e5ac40af95e188,,gx-no-cache=1520268693752 HTTP/1.1" 200 10759
200.54.247.70 - - [05/Mar/2018:13:54:26 -0300] "GET /cormun/servlet/trlicencias? HTTP/1.1" 200 9472
192.168.10.56 - - [05/Mar/2018:13:54:27 -0300] "POST /cormun/servlet/trsolicitudgral?7e956376b5f5efee79e5ac40af95e188,,gx-no-cache=1520268707273 HTTP/1.1" 200 10279
200.54.247.70 - - [05/Mar/2018:13:54:28 -0300] "GET /cormun/servlet/trlicencias? HTTP/1.1" 200 9420
200.86.171.207 - - [05/Mar/2018:13:54:49 -0300] "GET /cormun/servlet/trsolicitudot? HTTP/1.1" 200 7537
200.86.171.207 - - [05/Mar/2018:13:54:50 -0300] "GET /cormun/servlet/trsolicitudot? HTTP/1.1" 200 7537
200.86.171.207 - - [05/Mar/2018:13:54:54 -0300] "GET /cormun/servlet/solicitudot?INS,0,0, HTTP/1.1" 200 13787
200.86.171.207 - - [05/Mar/2018:13:54:55 -0300] "GET /cormun/static/gxcfg.js?201812313224582 HTTP/1.1" 304 -
200.86.171.207 - - [05/Mar/2018:13:54:55 -0300] "GET /cormun/static/solicitudot.js?201812313224831 HTTP/1.1" 304 -
200.86.171.207 - - [05/Mar/2018:13:54:55 -0300] "GET /cormun/servlet/solicitudot?INS,0,0, HTTP/1.1" 200 13792
192.168.10.56 - - [05/Mar/2018:13:54:58 -0300] "POST /cormun/servlet/trsolicitudgral?7e956376b5f5efee79e5ac40af95e188,,gx-no-cache=1520268737574 HTTP/1.1" 200 9870
200.86.171.207 - - [05/Mar/2018:13:55:08 -0300] "POST /cormun/servlet/solicitudot?gx-no-cache=1520268858809 HTTP/1.1" 200 3293
200.86.171.207 - - [05/Mar/2018:13:55:08 -0300] "POST /cormun/servlet/solicitudot?e12a72d51bfb94b59a037b4c6b9daf48,INS,0,0,,gx-no-cache=1520268859080 HTTP/1.1" 200 10447
200.86.171.207 - - [05/Mar/2018:13:55:14 -0300] "GET /cormun/servlet/solicitudot?9a5d936597557858aa3ab695f4093a56c546b6b2f7550993437b5b3e621e271a0f5f74bb4cee1acf27b19351ca4a13ea,gx-no-cache=1520268864576 HTTP/1.1" 200 30
200.54.247.70 - - [05/Mar/2018:13:55:14 -0300] "GET /cormun/servlet/trlicencias? HTTP/1.1" 200 9472
200.54.247.70 - - [05/Mar/2018:13:55:15 -0300] "GET /cormun/servlet/trlicencias? HTTP/1.1" 200 9472
200.54.247.70 - - [05/Mar/2018:13:55:18 -0300] "GET /cormun/servlet/licenciaspermisos?INS,0,,, HTTP/1.1" 200 7757
200.54.247.70 - - [05/Mar/2018:13:55:19 -0300] "GET /cormun/servlet/licenciaspermisos?INS,0,,, HTTP/1.1" 200 7765
200.54.247.70 - - [05/Mar/2018:13:55:40 -0300] "GET /cormun/servlet/prfichaempleado?,MD,,gxPopupLevel%3D0%3B HTTP/1.1" 200 9391
200.54.247.70 - - [05/Mar/2018:13:55:47 -0300] "POST /cormun/servlet/prfichaempleado?7895c7d1809b328b633cbf2205296a19,,MD,,gxPopupLevel%3D0%3B,gx-no-cache=1520268898790 HTTP/1.1" 200 4680
200.54.247.70 - - [05/Mar/2018:13:55:54 -0300] "GET /cormun/servlet/licenciaspermisos?50a1166d0544330c9dd89dc93be5c9ff2bf7d15ccf21fa5e30d134f74f6bfeac3b2ba41281d010a2dd96c473d0f8c0ae,gx-no-cache=1520268905916 HTTP/1.1" 200 81
200.54.247.70 - - [05/Mar/2018:13:55:54 -0300] "POST /cormun/servlet/licenciaspermisos?7895c7d1809b328b633cbf2205296a19,INS,0,,,,gx-no-cache=1520268905994 HTTP/1.1" 200 4873
192.168.10.56 - - [05/Mar/2018:13:57:41 -0300] "GET /cormun/servlet/hlogin HTTP/1.1" 200 1737
192.168.10.56 - - [05/Mar/2018:13:57:45 -0300] "POST /cormun/servlet/hlogin?7e956376b5f5efee79e5ac40af95e188,gx-no-cache=1520268905106 HTTP/1.1" 200 90
192.168.10.56 - - [05/Mar/2018:13:57:45 -0300] "GET /cormun/servlet/hpexe_link HTTP/1.1" 200 951
192.168.10.56 - - [05/Mar/2018:13:57:45 -0300] "GET /cormun/servlet/hhome HTTP/1.1" 200 3818
192.168.10.56 - - [05/Mar/2018:13:57:45 -0300] "GET /cormun/servlet/hhome HTTP/1.1" 200 3817
192.168.10.56 - - [05/Mar/2018:13:57:49 -0300] "GET /cormun/servlet/trautorizarot? HTTP/1.1" 200 17767
192.168.10.56 - - [05/Mar/2018:13:57:49 -0300] "GET /cormun/servlet/trautorizarot? HTTP/1.1" 200 17764
192.168.10.56 - - [05/Mar/2018:13:57:51 -0300] "GET /cormun/static/menuarrow.gif HTTP/1.1" 404 1015
192.168.10.56 - - [05/Mar/2018:13:57:57 -0300] "POST /cormun/servlet/trautorizarot?7e956376b5f5efee79e5ac40af95e188,,gx-no-cache=1520268917124 HTTP/1.1" 200 15184
192.168.10.56 - - [05/Mar/2018:13:58:07 -0300] "POST /cormun/servlet/trautorizarot?7e956376b5f5efee79e5ac40af95e188,,gx-no-cache=1520268926780 HTTP/1.1" 200 5329
200.86.171.207 - - [05/Mar/2018:13:58:12 -0300] "GET /cormun/servlet/solicitudot?9a5d936597557858aa3ab695f4093a56d63674abb271b7f5fe446f191396e017,gx-no-cache=1520269042758 HTTP/1.1" 200 94
200.86.171.207 - - [05/Mar/2018:13:58:12 -0300] "GET /cormun/static/Shared/jqueryui/images/ui-bg_highlight-soft_100_c6c2c8_1x100.png HTTP/1.1" 404 1117
200.86.171.207 - - [05/Mar/2018:13:58:12 -0300] "GET /cormun/static/Shared/jqueryui/images/ui-icons_82798d_256x240.png HTTP/1.1" 404 1089
200.86.171.207 - - [05/Mar/2018:13:58:12 -0300] "GET /cormun/static/Shared/jqueryui/images/ui-bg_flat_55_994d53_40x100.png HTTP/1.1" 404 1097
200.86.171.207 - - [05/Mar/2018:13:58:12 -0300] "GET /cormun/static/Shared/jqueryui/images/ui-icons_ebccce_256x240.png HTTP/1.1" 404 1089
192.168.10.56 - - [05/Mar/2018:13:58:14 -0300] "GET /cormun/servlet/hlogin HTTP/1.1" 200 1736
192.168.10.56 - - [05/Mar/2018:13:58:20 -0300] "POST /cormun/servlet/hlogin?7e956376b5f5efee79e5ac40af95e188,gx-no-cache=1520268939857 HTTP/1.1" 200 90
192.168.10.56 - - [05/Mar/2018:13:58:20 -0300] "GET /cormun/servlet/hpexe_link HTTP/1.1" 200 951
192.168.10.56 - - [05/Mar/2018:13:58:20 -0300] "GET /cormun/servlet/hhome HTTP/1.1" 200 4467
192.168.10.56 - - [05/Mar/2018:13:58:20 -0300] "GET /cormun/servlet/hhome HTTP/1.1" 200 4463
192.168.10.56 - - [05/Mar/2018:13:58:24 -0300] "GET /cormun/servlet/trsolicitudgral? HTTP/1.1" 200 12862
192.168.10.56 - - [05/Mar/2018:13:58:24 -0300] "GET /cormun/servlet/trsolicitudgral? HTTP/1.1" 200 12860
200.86.171.207 - - [05/Mar/2018:13:58:50 -0300] "GET /cormun/servlet/prbanco?,MD,,gxPopupLevel%3D0%3B HTTP/1.1" 200 6791
200.86.171.207 - - [05/Mar/2018:13:58:50 -0300] "GET /cormun/static/gxcfg.js?20181161016094 HTTP/1.1" 304 -
200.86.171.207 - - [05/Mar/2018:13:58:50 -0300] "GET /cormun/static/prbanco.js?2018116101633 HTTP/1.1" 304 -
200.86.171.207 - - [05/Mar/2018:13:58:55 -0300] "GET /cormun/servlet/solicitudot?9a5d936597557858aa3ab695f4093a56424ff0447e92d18f58be8029eaacc21b621f7ae3743989758ea565e31b7bebbeb36c229710cf88fbbc9b4d6874953ddc,gx-no-cache=1520269085706 HTTP/1.1" 200 30
200.86.171.207 - - [05/Mar/2018:13:58:57 -0300] "GET /cormun/servlet/solicitudot?9a5d936597557858aa3ab695f4093a566cd3e84cf8245c8c6eb0f78605412498,gx-no-cache=1520269087732 HTTP/1.1" 200 53
200.86.95.220 - - [05/Mar/2018:13:59:23 -0300] "POST /cormun/servlet/solicitudot?gx-no-cache=1520269117330 HTTP/1.1" 200 3380
200.86.95.220 - - [05/Mar/2018:13:59:23 -0300] "POST /cormun/servlet/solicitudot?a6ed941cc33a4a079804174c641e79ac,INS,0,0,,gx-no-cache=1520269117625 HTTP/1.1" 200 10358
200.86.171.207 - - [05/Mar/2018:13:59:24 -0300] "POST /cormun/servlet/solicitudot?gx-no-cache=1520269114582 HTTP/1.1" 200 297
200.86.171.207 - - [05/Mar/2018:13:59:24 -0300] "GET /cormun/servlet/solicitudot?9a5d936597557858aa3ab695f4093a566e3d20456a5a6448253a76a90e600587e9e27de0738334a4d88603a0dd788cf53a1feae386b024a66eefae414a60e8abc8239cb2bc6eb82a10c1f67961c6049192e8816419c751423d82118c4b3afd1fbd6e3c68e0944e5373b01063bae4cfc7df63258fd559d8cf0df992fc7cd96cbc9e64101ffbfddd49d9f1b8a06a557b2df5e85de6b92dcdf9a5822d2c5c25e4b207ab939f9f52ed392e461fffea3ebea2f4294a8a876373de064dc3b391f532a83d2549e97560fd3d456b297859f85a1baa529a23bd223d699eb66e75721e72bf491e53bf8e9f2936901e6d32ed62efc3fed41fdb91e43dc9962770b79c3aeaff843d642d86305819b3dc24486ef1d5d5b8443669b27a4fa51b9d0f4bf0b0568f0c779b2d05d61f07ff11f7b6d380623c518d7ce77956a6632e632744b606b7cf04cfffe37a1b1e7ddd788da56c1be3810d9af4d92c1169a5d67d4a43adc0a0f11b3547b7a99b513e493b64128c7503b9abae85c7cc53bfa5e23eddcf5db44079a4ebd3e06ecb7cd8cc1ffd8d75521406,gx-no-cache=1520269115007 HTTP/1.1" 200 30
200.86.95.220 - - [05/Mar/2018:13:59:26 -0300] "GET /cormun/servlet/solicitudot?6b5e375947670592f620f11c0718b50ac547837a377908e989b2eff4259c2316670889509a10bdc2406bb551b343d6f5,gx-no-cache=1520269120350 HTTP/1.1" 200 30
200.86.171.207 - - [05/Mar/2018:13:59:26 -0300] "POST /cormun/servlet/solicitudot?gx-no-cache=1520269117227 HTTP/1.1" 200 30
200.86.171.207 - - [05/Mar/2018:13:59:31 -0300] "POST /cormun/servlet/solicitudot?gx-no-cache=1520269121571 HTTP/1.1" 200 1333
200.86.171.207 - - [05/Mar/2018:13:59:31 -0300] "POST /cormun/servlet/solicitudot?gx-no-cache=1520269121672 HTTP/1.1" 200 38
200.86.95.220 - - [05/Mar/2018:13:59:41 -0300] "GET /cormun/servlet/solicitudot?6b5e375947670592f620f11c0718b50a1e2a85da004c004b27cfb530cfffc953f0f3571359fdc7fe5027a32431f837c8d6b05e67d6dffaf54130c9cf837689a4,gx-no-cache=1520269135167 HTTP/1.1" 200 30
200.86.95.220 - - [05/Mar/2018:13:59:41 -0300] "GET /cormun/servlet/solicitudot?6b5e375947670592f620f11c0718b50a2e631ccf256c8b67580cd51bd3088886,gx-no-cache=1520269135225 HTTP/1.1" 200 51
200.86.95.220 - - [05/Mar/2018:13:59:41 -0300] "POST /cormun/servlet/solicitudot?gx-no-cache=1520269135278 HTTP/1.1" 200 255
200.86.95.220 - - [05/Mar/2018:13:59:41 -0300] "GET /cormun/servlet/solicitudot?6b5e375947670592f620f11c0718b50a11b67b14778f3c3eb61730706cc09be4d3dec166c75ffe14bdf13afd226232de1a7676d96e1110fd0679b2950a872f800aa5af506eff34cc41de9f8d92f29ec8f2fc4acfa080333eff9c3a47f8b395aae7764bb55a337862861be208139bf6210d6fdb53b4ebd7ae8b28c69efd25620e44b207c070404631f1eb9bb84c3b3c0eab865268e2187109147d070580589bc497d10cb8a100108267737bedb895fff2ba00de386df9ba7f46042854e3dd92be3b5fa050b32315b86d91a0de9efce087055ae1eb1e2b0dbc23a4b37920a81be5bbf40c03badc34d8f72d61426b6d2c8e2d44cbdffbf3ad18b3e7c6f1bc8f88383833522db34db71ec34eede8693e7cac75808cad539e3bb896870c4275ce246fd49994f90820829938f7e681471f7b4a61ce450afaad15aafbaabad0adaf304f8d75fbe0198769a026f6d4faaad2c6387e0df3ac27be381caee173aba322e616e51c718addd43e4dcfe94af6c7b221ce65f3ab49b3567356aeceff81bd7461fe,gx-no-cache=1520269135340 HTTP/1.1" 200 30
200.86.95.220 - - [05/Mar/2018:13:59:43 -0300] "POST /cormun/servlet/solicitudot?gx-no-cache=1520269137107 HTTP/1.1" 200 30
200.86.95.220 - - [05/Mar/2018:13:59:45 -0300] "POST /cormun/servlet/solicitudot?gx-no-cache=1520269139567 HTTP/1.1" 200 1337
200.86.95.220 - - [05/Mar/2018:13:59:45 -0300] "POST /cormun/servlet/solicitudot?gx-no-cache=1520269139674 HTTP/1.1" 200 38
200.86.95.220 - - [05/Mar/2018:13:59:55 -0300] "GET /cormun/servlet/solicitudot?6b5e375947670592f620f11c0718b50ae13a221f1718b007204bc6bedc4f784bd4096441382219106376722caf74a5f629ddbd891be6adddfd49a6b2946dde2c17272af0ca87d80fd0afa57c8b87fab2289b6ea34a9e60010c23c941e78f7837aee37e00e9b303c355130920c5ebece46b33fa716a5fb1972b617306f4c533c47c7192287caa439002ba8e2c94161f5ed62721957263c1a2d7789246392ec23c8eb512fac6eaf5a8baae28b367f648f05a038875cc0a2cd1bdbb9d49a49198bd99bc3bca4acc96cc6d4df0fae5271670,gx-no-cache=1520269149370 HTTP/1.1" 200 29
200.86.95.220 - - [05/Mar/2018:13:59:55 -0300] "POST /cormun/servlet/solicitudot?gx-no-cache=1520269149433 HTTP/1.1" 200 1321
200.86.95.220 - - [05/Mar/2018:13:59:55 -0300] "POST /cormun/servlet/solicitudot?gx-no-cache=1520269149505 HTTP/1.1" 200 1219
200.86.95.220 - - [05/Mar/2018:13:59:55 -0300] "GET /cormun/static/menuarrow.gif HTTP/1.1" 404 1015
200.86.95.220 - - [05/Mar/2018:13:59:58 -0300] "POST /cormun/servlet/solicitudot?gx-no-cache=1520269152090 HTTP/1.1" 200 1321
200.86.95.220 - - [05/Mar/2018:13:59:58 -0300] "POST /cormun/servlet/solicitudot?gx-no-cache=1520269152166 HTTP/1.1" 200 1219
200.86.95.220 - - [05/Mar/2018:13:59:59 -0300] "GET /cormun/servlet/solicitudot?6b5e375947670592f620f11c0718b50a940e388fb46e7af38b99f2abff65aa8a3ca35f0aa2b4e08f6cccf213530225f0,gx-no-cache=1520269153219 HTTP/1.1" 200 30
200.86.95.220 - - [05/Mar/2018:14:00:05 -0300] "POST /cormun/servlet/solicitudot?gx-no-cache=1520269159296 HTTP/1.1" 200 30
200.86.95.220 - - [05/Mar/2018:14:00:16 -0300] "POST /cormun/servlet/solicitudot?a6ed941cc33a4a079804174c641e79ac,INS,0,0,,gx-no-cache=1520269170219 HTTP/1.1" 200 11726
200.86.95.220 - - [05/Mar/2018:14:00:16 -0300] "GET /cormun/static/Shared/jqueryui/images/ui-bg_highlight-soft_100_c6c2c8_1x100.png HTTP/1.1" 404 1117
200.86.95.220 - - [05/Mar/2018:14:00:16 -0300] "GET /cormun/static/Shared/jqueryui/images/ui-icons_82798d_256x240.png HTTP/1.1" 404 1089
200.86.95.220 - - [05/Mar/2018:14:00:16 -0300] "GET /cormun/static/Shared/jqueryui/images/ui-bg_flat_55_994d53_40x100.png HTTP/1.1" 404 1097
200.86.95.220 - - [05/Mar/2018:14:00:16 -0300] "GET /cormun/static/Shared/jqueryui/images/ui-icons_ebccce_256x240.png HTTP/1.1" 404 1089
200.86.95.220 - - [05/Mar/2018:14:00:44 -0300] "GET /cormun/servlet/solicitudot?6b5e375947670592f620f11c0718b50a1e2a85da004c004b27cfb530cfffc953f0f3571359fdc7fe5027a32431f837c8d6b05e67d6dffaf54130c9cf837689a4,gx-no-cache=1520269197796 HTTP/1.1" 200 30
200.86.95.220 - - [05/Mar/2018:14:00:44 -0300] "POST /cormun/servlet/solicitudot?gx-no-cache=1520269197882 HTTP/1.1" 200 254
200.86.95.220 - - [05/Mar/2018:14:00:44 -0300] "GET /cormun/servlet/solicitudot?6b5e375947670592f620f11c0718b50a11b67b14778f3c3eb61730706cc09be4d3dec166c75ffe14bdf13afd226232de1a7676d96e1110fd0679b2950a872f800aa5af506eff34cc41de9f8d92f29ec8f2fc4acfa080333eff9c3a47f8b395aae7764bb55a337862861be208139bf6210d6fdb53b4ebd7ae8b28c69efd25620e44b207c070404631f1eb9bb84c3b3c0eab865268e2187109147d070580589bc497d10cb8a100108267737bedb895fff2ba00de386df9ba7f46042854e3dd92be3b5fa050b32315b86d91a0de9efce087055ae1eb1e2b0dbc23a4b37920a81be5bbf40c03badc34d8f72d61426b6d2c8e2d44cbdffbf3ad18b3e7c6f1bc8f88383833522db34db71ec34eede8693e7cac75808cad539e3bb896870c4275ce246fd49994f90820829938f7e681471f7b4a61ce450afaad15aafbaabad0adaf304f8d75fbe0198769a026f6d4faaad2c6387e0df3ac27be381caee173aba322e616e51c718addd43e4dcfe94af6c7b221ce3fa16640bf5fac17a9a6e6d09493c5c6,gx-no-cache=1520269197948 HTTP/1.1" 200 30
200.86.95.220 - - [05/Mar/2018:14:00:44 -0300] "POST /cormun/servlet/solicitudot?gx-no-cache=1520269197993 HTTP/1.1" 200 30
200.86.95.220 - - [05/Mar/2018:14:00:44 -0300] "POST /cormun/servlet/solicitudot?gx-no-cache=1520269198054 HTTP/1.1" 200 1337
200.86.95.220 - - [05/Mar/2018:14:00:44 -0300] "POST /cormun/servlet/solicitudot?gx-no-cache=1520269198147 HTTP/1.1" 200 41
200.86.95.220 - - [05/Mar/2018:14:00:44 -0300] "POST /cormun/servlet/solicitudot?gx-no-cache=1520269198204 HTTP/1.1" 200 1321
200.86.95.220 - - [05/Mar/2018:14:00:44 -0300] "POST /cormun/servlet/solicitudot?gx-no-cache=1520269198271 HTTP/1.1" 200 1219
200.86.95.220 - - [05/Mar/2018:14:00:44 -0300] "GET /cormun/servlet/solicitudot?6b5e375947670592f620f11c0718b50a940e388fb46e7af38b99f2abff65aa8a3ca35f0aa2b4e08f6cccf213530225f0,gx-no-cache=1520269198342 HTTP/1.1" 200 30
200.86.95.220 - - [05/Mar/2018:14:00:44 -0300] "POST /cormun/servlet/solicitudot?gx-no-cache=1520269198387 HTTP/1.1" 200 30
200.86.95.220 - - [05/Mar/2018:14:00:44 -0300] "POST /cormun/servlet/solicitudot?a6ed941cc33a4a079804174c641e79ac,INS,0,0,,gx-no-cache=1520269198437 HTTP/1.1" 200 11777
200.86.95.220 - - [05/Mar/2018:14:01:03 -0300] "GET /cormun/servlet/solicitudot?6b5e375947670592f620f11c0718b50a06e8df729d56ad7816a76326ba63cae8acdd5cd47a0138a4dcd03cb23e7b11e8,gx-no-cache=1520269216877 HTTP/1.1" 200 103
200.86.95.220 - - [05/Mar/2018:14:01:03 -0300] "POST /cormun/servlet/solicitudot?gx-no-cache=1520269216957 HTTP/1.1" 200 254
200.86.95.220 - - [05/Mar/2018:14:01:03 -0300] "GET /cormun/servlet/solicitudot?6b5e375947670592f620f11c0718b50a11b67b14778f3c3eb61730706cc09be4d3dec166c75ffe14bdf13afd226232de1a7676d96e1110fd0679b2950a872f800aa5af506eff34cc41de9f8d92f29ec8f2fc4acfa080333eff9c3a47f8b395aae7764bb55a337862861be208139bf6210d6fdb53b4ebd7ae8b28c69efd25620e44b207c070404631f1eb9bb84c3b3c0eab865268e2187109147d070580589bc497d10cb8a100108267737bedb895fff2ba00de386df9ba7f46042854e3dd92be3b5fa050b32315b86d91a0de9efce087055ae1eb1e2b0dbc23a4b37920a81be5bbf40c03badc34d8f72d61426b6d2c8e2d44cbdffbf3ad18b3e7c6f1bc8f88383833522db34db71ec34eede8693e7cac75808cad539e3bb896870c4275ce246fd49994f90820829938f7e681471f7b4a61ce450afaad15aafbaabad0adaf304f8d75fbe0198769a026f6d4faaad2c6387e0df3ac27be381caee173aba322e616e51c718addd43e4dcfe94af6c7b221ce3fa16640bf5fac17a9a6e6d09493c5c6,gx-no-cache=1520269217570 HTTP/1.1" 200 30
200.86.95.220 - - [05/Mar/2018:14:01:05 -0300] "POST /cormun/servlet/solicitudot?gx-no-cache=1520269219252 HTTP/1.1" 200 30
200.86.95.220 - - [05/Mar/2018:14:01:07 -0300] "GET /cormun/servlet/prcontratosol?6206819,,,,,MD,,gxPopupLevel%3D0%3B HTTP/1.1" 200 7635
192.168.10.89 - - [05/Mar/2018:14:01:07 -0300] "GET /cormun/servlet/hlogin HTTP/1.1" 200 1723
192.168.10.89 - - [05/Mar/2018:14:01:15 -0300] "POST /cormun/servlet/hlogin?9a72c9b597a3f2a6e7c4aa2c889c9990,gx-no-cache=1520269114746 HTTP/1.1" 200 90
192.168.10.89 - - [05/Mar/2018:14:01:15 -0300] "GET /cormun/servlet/hpexe_link HTTP/1.1" 200 953
192.168.10.89 - - [05/Mar/2018:14:01:15 -0300] "GET /cormun/servlet/hhome HTTP/1.1" 200 4923
200.86.95.220 - - [05/Mar/2018:14:01:18 -0300] "POST /cormun/servlet/solicitudot?gx-no-cache=1520269232211 HTTP/1.1" 200 1337
200.86.95.220 - - [05/Mar/2018:14:01:18 -0300] "POST /cormun/servlet/solicitudot?gx-no-cache=1520269232345 HTTP/1.1" 200 41
200.86.95.220 - - [05/Mar/2018:14:01:18 -0300] "POST /cormun/servlet/solicitudot?gx-no-cache=1520269232399 HTTP/1.1" 200 1321
200.86.95.220 - - [05/Mar/2018:14:01:18 -0300] "POST /cormun/servlet/solicitudot?gx-no-cache=1520269232469 HTTP/1.1" 200 1219
200.86.95.220 - - [05/Mar/2018:14:01:18 -0300] "GET /cormun/servlet/solicitudot?6b5e375947670592f620f11c0718b50a3a691889893b0e81f382c4f3fec2a7cc3ca35f0aa2b4e08f6cccf213530225f0,gx-no-cache=1520269232543 HTTP/1.1" 200 134
186.67.203.186 - - [05/Mar/2018:14:01:19 -0300] "POST /cormun/servlet/hlogin?d8f24d789090d62e8ea3dd66481f4de8,gx-no-cache=1520269230289 HTTP/1.1" 200 90
192.168.10.89 - - [05/Mar/2018:14:01:19 -0300] "GET /cormun/servlet/trsolicitudgral? HTTP/1.1" 200 28606
186.67.203.186 - - [05/Mar/2018:14:01:19 -0300] "GET /cormun/servlet/hpexe_link HTTP/1.1" 200 959
186.67.203.186 - - [05/Mar/2018:14:01:19 -0300] "GET /cormun/servlet/trautorizarsolicitud HTTP/1.1" 200 7306
186.67.203.186 - - [05/Mar/2018:14:01:20 -0300] "GET /cormun/servlet/trautorizarsolicitud HTTP/1.1" 200 7305
186.67.203.186 - - [05/Mar/2018:14:01:24 -0300] "GET /cormun/servlet/trsolicitudot? HTTP/1.1" 200 7402
186.67.203.186 - - [05/Mar/2018:14:01:25 -0300] "GET /cormun/servlet/trsolicitudot? HTTP/1.1" 200 7401
186.67.203.186 - - [05/Mar/2018:14:01:28 -0300] "GET /cormun/servlet/solicitudot?INS,0,0, HTTP/1.1" 200 13643
186.67.203.186 - - [05/Mar/2018:14:01:30 -0300] "GET /cormun/servlet/solicitudot?INS,0,0, HTTP/1.1" 200 13648
186.103.132.155 - - [05/Mar/2018:14:01:34 -0300] "GET /cormun/servlet/prfichaempleado?,MD,,gxPopupLevel%3D0%3B HTTP/1.1" 200 9348
186.103.157.42 - - [05/Mar/2018:14:01:36 -0300] "GET /cormun/servlet/trsolicitudot? HTTP/1.1" 200 6386
186.103.157.42 - - [05/Mar/2018:14:01:36 -0300] "GET /cormun/servlet/trsolicitudot? HTTP/1.1" 200 6379
186.103.157.42 - - [05/Mar/2018:14:01:37 -0300] "GET /cormun/servlet/hlogin HTTP/1.1" 200 1741
200.86.95.220 - - [05/Mar/2018:14:01:38 -0300] "POST /cormun/servlet/solicitudot?gx-no-cache=1520269251862 HTTP/1.1" 200 30
186.103.157.42 - - [05/Mar/2018:14:01:40 -0300] "POST /cormun/servlet/hlogin?4968f818da690f651bb53b3e05910212,gx-no-cache=1520269258342 HTTP/1.1" 200 90
186.103.157.42 - - [05/Mar/2018:14:01:40 -0300] "GET /cormun/servlet/hpexe_link HTTP/1.1" 200 959
186.103.157.42 - - [05/Mar/2018:14:01:40 -0300] "GET /cormun/servlet/trsolicitudot HTTP/1.1" 200 7299
186.103.157.42 - - [05/Mar/2018:14:01:40 -0300] "GET /cormun/servlet/trsolicitudot HTTP/1.1" 200 7298
192.168.10.89 - - [05/Mar/2018:14:01:41 -0300] "POST /cormun/servlet/trsolicitudgral?9a72c9b597a3f2a6e7c4aa2c889c9990,,gx-no-cache=1520269140997 HTTP/1.1" 200 7291
186.103.157.42 - - [05/Mar/2018:14:01:45 -0300] "GET /cormun/servlet/solicitudot?INS,0,0, HTTP/1.1" 200 13710
186.103.157.42 - - [05/Mar/2018:14:01:45 -0300] "GET /cormun/servlet/solicitudot?INS,0,0, HTTP/1.1" 200 13715
200.86.95.220 - - [05/Mar/2018:14:01:47 -0300] "POST /cormun/servlet/solicitudot?gx-no-cache=1520269260799 HTTP/1.1" 200 1337
200.86.95.220 - - [05/Mar/2018:14:01:47 -0300] "POST /cormun/servlet/solicitudot?gx-no-cache=1520269260890 HTTP/1.1" 200 41
200.86.95.220 - - [05/Mar/2018:14:01:47 -0300] "POST /cormun/servlet/solicitudot?gx-no-cache=1520269260954 HTTP/1.1" 200 1321
200.86.95.220 - - [05/Mar/2018:14:01:47 -0300] "POST /cormun/servlet/solicitudot?gx-no-cache=1520269261022 HTTP/1.1" 200 1219
200.86.171.207 - - [05/Mar/2018:14:01:47 -0300] "POST /cormun/servlet/solicitudot?gx-no-cache=1520269257779 HTTP/1.1" 200 257
186.103.132.155 - - [05/Mar/2018:14:01:47 -0300] "POST /cormun/servlet/prfichaempleado?d8f24d789090d62e8ea3dd66481f4de8,,MD,,gxPopupLevel%3D0%3B,gx-no-cache=1520269259074 HTTP/1.1" 200 3421
200.86.95.220 - - [05/Mar/2018:14:01:51 -0300] "POST /cormun/servlet/solicitudot?a6ed941cc33a4a079804174c641e79ac,INS,0,0,,gx-no-cache=1520269265322 HTTP/1.1" 200 93
200.86.95.220 - - [05/Mar/2018:14:01:51 -0300] "GET /cormun/servlet/hpexe_return? HTTP/1.1" 200 1007
200.86.95.220 - - [05/Mar/2018:14:01:52 -0300] "GET /cormun/servlet/trsolicitudot HTTP/1.1" 200 13045
200.86.171.207 - - [05/Mar/2018:14:01:53 -0300] "GET /cormun/servlet/solicitudot?9a5d936597557858aa3ab695f4093a566e3d20456a5a6448253a76a90e600587e6a08aa9276c5d566c57ca5ac1f88f7d3a1feae386b024a66eefae414a60e8abc8239cb2bc6eb82a10c1f67961c6049192e8816419c751423d82118c4b3afd1fbd6e3c68e0944e5373b01063bae4cfc7df63258fd559d8cf0df992fc7cd96cbc9e64101ffbfddd49d9f1b8a06a557b2df5e85de6b92dcdf9a5822d2c5c25e4b207ab939f9f52ed392e461fffea3ebea2f4294a8a876373de064dc3b391f532a83d2549e97560fd3d456b297859f85a1baa529a23bd223d699eb66e75721e72bf491e53bf8e9f2936901e6d32ed62efc3fed41fdb91e43dc9962770b79c3aeaff843d642d86305819b3dc24486ef1d5d5b8443669b27a4fa51b9d0f4bf0b0568f0c779b2d05d61f07ff11f7b6d380623c518d7ce77956a6632e632744b606b7cf5075e85c2bebcfca85c6d281767922ca2c0e74ee9fdf60b59f2b2bebbbe68784502f93b001b39e124cfdc5adac6a089ef015734d29203e75f619308c65feea42,gx-no-cache=1520269263610 HTTP/1.1" 200 30
200.86.171.207 - - [05/Mar/2018:14:01:53 -0300] "POST /cormun/servlet/solicitudot?gx-no-cache=1520269263667 HTTP/1.1" 200 30
200.86.171.207 - - [05/Mar/2018:14:01:53 -0300] "POST /cormun/servlet/solicitudot?gx-no-cache=1520269263731 HTTP/1.1" 200 1333
200.86.95.220 - - [05/Mar/2018:14:01:53 -0300] "GET /cormun/servlet/trsolicitudot HTTP/1.1" 200 13040
200.86.171.207 - - [05/Mar/2018:14:01:53 -0300] "POST /cormun/servlet/solicitudot?gx-no-cache=1520269263818 HTTP/1.1" 200 38
186.103.132.155 - - [05/Mar/2018:14:01:53 -0300] "POST /cormun/servlet/solicitudot?gx-no-cache=1520269265214 HTTP/1.1" 200 3412
186.103.132.155 - - [05/Mar/2018:14:01:54 -0300] "POST /cormun/servlet/solicitudot?d8f24d789090d62e8ea3dd66481f4de8,INS,0,0,,gx-no-cache=1520269265569 HTTP/1.1" 200 10580
186.103.132.155 - - [05/Mar/2018:14:01:54 -0300] "GET /cormun/servlet/solicitudot?34ff446c04bdba1f3afe1caa115fdbcbbe85f077749bf07ff5e0a8a030728f17b3aa515823b1f8eacbc712605929bde1,gx-no-cache=1520269266069 HTTP/1.1" 200 30
