186.103.159.188 - - [05/Mar/2018:10:39:36 -0300] "POST /cormun/servlet/solicitudot?gx-no-cache=1520257127353 HTTP/1.1" 200 255
186.103.159.188 - - [05/Mar/2018:10:39:38 -0300] "GET /cormun/servlet/solicitudot?c5f36e82064a4a27876ad25e0550fe1b46ae64e91ac1d45aa4473c56a9782cf41e278956b81e1d05ffede1bfb2389daef89fd6b18528e33e865197b8f87e2613226459e84eaf9d912c927730e12dc730b2bdd96b02ee1a0a1a5c73d64ec8647b4bf85f99517ea8c6f77bff9b06e4e1d9492b40b2972e7f56389c7b58571adb87089178588af8064981c7ee343ba61c0f72d06c07b6affdd6e72330effbfb83ceaa265ede08a9f84b3b366d513f7ebbfd1581252e563c939acdaeb87248c97ee9f99b672ccb2de469a9d4476141716e211950c7b3d277048ce590da51a4f4b642c341a42f4b29711eefc7ba55093920fde66921da64c4384ec60e6d540c8e11cf760b0d9a7cd50699fb04bfe2b7f27a2aae3a2a4a87a1c55803e49b175c0667c63752ea8b78dda03a5d957757026e170cb5326339f68a94e130c7e97eefc7b43dc33d9012594a689fa365252877e07014ccb28f764235635fa91066683fdd97208f24a466551dbb9e033964d5ff559040642f3b61c1fe5620d568f539c459c1b8,gx-no-cache=1520257129515 HTTP/1.1" 200 30
192.168.10.96 - - [05/Mar/2018:10:39:39 -0300] "POST /cormun/servlet/trsolicitudgral?f93fef4b366823c15ff0613be9c2e146,,gx-no-cache=1520257018818 HTTP/1.1" 200 5928
192.168.10.96 - - [05/Mar/2018:10:39:42 -0300] "POST /cormun/servlet/trsolicitudgral?f93fef4b366823c15ff0613be9c2e146,,gx-no-cache=1520257022154 HTTP/1.1" 200 5929
192.168.10.96 - - [05/Mar/2018:10:39:45 -0300] "POST /cormun/servlet/trsolicitudgral?f93fef4b366823c15ff0613be9c2e146,,gx-no-cache=1520257024617 HTTP/1.1" 200 5930
192.168.10.96 - - [05/Mar/2018:10:39:45 -0300] "POST /cormun/servlet/trsolicitudgral?f93fef4b366823c15ff0613be9c2e146,,gx-no-cache=1520257025145 HTTP/1.1" 200 5930
186.79.20.211 - - [05/Mar/2018:10:39:57 -0300] "GET /cormun/servlet/trfichaempleado? HTTP/1.1" 200 13180
190.161.236.41 - - [05/Mar/2018:10:40:16 -0300] "POST /cormun/servlet/solicitudot?gx-no-cache=1520257167270 HTTP/1.1" 200 30
190.161.236.41 - - [05/Mar/2018:10:40:16 -0300] "POST /cormun/servlet/solicitudot?gx-no-cache=1520257167410 HTTP/1.1" 200 1333
190.161.236.41 - - [05/Mar/2018:10:40:16 -0300] "POST /cormun/servlet/solicitudot?gx-no-cache=1520257167531 HTTP/1.1" 200 38
200.120.230.197 - - [05/Mar/2018:10:40:30 -0300] "GET /cormun/servlet/trsolicitudot? HTTP/1.1" 200 7438
200.120.230.197 - - [05/Mar/2018:10:40:30 -0300] "GET /cormun/static/gxui/gxui-all.css?120300 HTTP/1.1" 200 2179
200.120.230.197 - - [05/Mar/2018:10:40:30 -0300] "GET /cormun/static/calendar-system.css?85620 HTTP/1.1" 200 5572
200.120.230.197 - - [05/Mar/2018:10:40:30 -0300] "GET /cormun/static/gxcfg.js?2017111422585916 HTTP/1.1" 200 953
200.120.230.197 - - [05/Mar/2018:10:40:30 -0300] "GET /cormun/static/Resources/Spanish/PXTools.css?1255365 HTTP/1.1" 200 89042
200.120.230.197 - - [05/Mar/2018:10:40:30 -0300] "GET /cormun/static/trsolicitudot.js?201711142259839 HTTP/1.1" 200 54041
200.120.230.197 - - [05/Mar/2018:10:40:30 -0300] "GET /cormun/static/Shared/ext/resources/css/ext-all.css?215870 HTTP/1.1" 200 416045
200.120.230.197 - - [05/Mar/2018:10:40:31 -0300] "GET /cormun/servlet/trsolicitudot? HTTP/1.1" 200 7430
200.120.230.197 - - [05/Mar/2018:10:40:36 -0300] "GET /cormun/servlet/trautorizarsolicitud? HTTP/1.1" 200 7337
200.120.230.197 - - [05/Mar/2018:10:40:37 -0300] "GET /cormun/static/gxcfg.js?2017111423403364 HTTP/1.1" 200 953
200.120.230.197 - - [05/Mar/2018:10:40:37 -0300] "GET /cormun/static/trautorizarsolicitud.js?201711142340425 HTTP/1.1" 200 53910
200.120.230.197 - - [05/Mar/2018:10:40:38 -0300] "GET /cormun/servlet/trautorizarsolicitud? HTTP/1.1" 200 7336
200.120.230.197 - - [05/Mar/2018:10:40:41 -0300] "GET /cormun/servlet/trsolicitudot? HTTP/1.1" 200 7431
200.120.230.197 - - [05/Mar/2018:10:40:42 -0300] "GET /cormun/servlet/trsolicitudot? HTTP/1.1" 200 7430
200.120.230.197 - - [05/Mar/2018:10:40:44 -0300] "GET /cormun/servlet/solicitudot?INS,0,0, HTTP/1.1" 200 13663
200.120.230.197 - - [05/Mar/2018:10:40:44 -0300] "GET /cormun/static/gxcfg.js?201812313224582 HTTP/1.1" 200 953
200.120.230.197 - - [05/Mar/2018:10:40:44 -0300] "GET /cormun/static/solicitudot.js?201812313224831 HTTP/1.1" 200 72336
200.120.230.197 - - [05/Mar/2018:10:40:45 -0300] "GET /cormun/servlet/solicitudot?INS,0,0, HTTP/1.1" 200 13668
200.120.230.197 - - [05/Mar/2018:10:40:59 -0300] "POST /cormun/servlet/solicitudot?gx-no-cache=1520257220972 HTTP/1.1" 200 3393
200.120.230.197 - - [05/Mar/2018:10:41:00 -0300] "POST /cormun/servlet/solicitudot?7c2343ec336aa78d3d4ced0dc3a0236e,INS,0,0,,gx-no-cache=1520257221301 HTTP/1.1" 200 10558
200.120.230.197 - - [05/Mar/2018:10:41:12 -0300] "GET /cormun/servlet/solicitudot?590e8fda1795b13036b7e40b24b80b045dd7af2395e39d5bff88e6d06a4f921d1d2582809cf44dc7d106936af99fa3e0,gx-no-cache=1520257233748 HTTP/1.1" 200 30
200.120.230.197 - - [05/Mar/2018:10:41:12 -0300] "GET /cormun/servlet/solicitudot?590e8fda1795b13036b7e40b24b80b04bd5b1a1fb396f7f2608170c85547d84bbed027c83d4011438050dac69ad22e990efec680debc3b1cc5031c0754617689,gx-no-cache=1520257233861 HTTP/1.1" 200 30
200.120.230.197 - - [05/Mar/2018:10:41:14 -0300] "GET /cormun/servlet/solicitudot?590e8fda1795b13036b7e40b24b80b046756c2e258f259d47cb5ea54baf0cf37,gx-no-cache=1520257236247 HTTP/1.1" 200 29
200.120.230.197 - - [05/Mar/2018:10:41:18 -0300] "POST /cormun/servlet/solicitudot?gx-no-cache=1520257239702 HTTP/1.1" 200 255
200.120.230.197 - - [05/Mar/2018:10:41:18 -0300] "GET /cormun/servlet/solicitudot?590e8fda1795b13036b7e40b24b80b04c3bd2e61d938f39ac716f06a213bdfafdbd17d89ca1f04f702c4c3b3a2e7288381e3daac3605af3cbd665a3be4687d49ca2ea8e5ac973b17a5132ff83736e4b6f908c680a88c55a39d804a55eeef84d3676eca5f3af7b198349af93bae1c8d565d49a11bfd17d1d054c1faec626eff5eb9e7412fe921cc491f26eaef7b8e75a2e2d983491bcf7f6f718b7f736a8442fd798a49e3015860f657b7717751f6ae57df40359c217c5dcbad46bc867bd7f854455097cb4756d0eeb42c4fcc94fe31792e41fd85cdfc574794045e4dfcbd22524f832cd0f891c1db1ae5223160dbe7e9ea1889e9ec9c77ef67df004883136d0c603ae833d14855c97e38b782866df86014b8d579cdcdd008b043a0fa910b035adcb6d6040323503490ccf3257b3cdb5f3400f70fa6a23f1802906f993a68f51e5cc709328eeee8b25a83750f1527e37265914c7fd453244ce28e78423f18b8830611e1cd4d253890820bb3a608e5b88693696f3ddd6e066df51e1d2f247d0919,gx-no-cache=1520257239814 HTTP/1.1" 200 30
200.120.230.197 - - [05/Mar/2018:10:41:21 -0300] "POST /cormun/servlet/solicitudot?gx-no-cache=1520257242747 HTTP/1.1" 200 30
200.120.230.197 - - [05/Mar/2018:10:41:22 -0300] "POST /cormun/servlet/solicitudot?gx-no-cache=1520257244060 HTTP/1.1" 200 1336
200.120.230.197 - - [05/Mar/2018:10:41:22 -0300] "POST /cormun/servlet/solicitudot?gx-no-cache=1520257244255 HTTP/1.1" 200 38
186.103.132.155 - - [05/Mar/2018:10:41:31 -0300] "GET /cormun/servlet/hlogin HTTP/1.1" 200 1725
186.79.22.245 - - [05/Mar/2018:10:43:22 -0300] "GET /cormun/servlet/solicitudot?590e8fda1795b13036b7e40b24b80b041c1313452fd8aa349059c4e5a120f135de7f3b16c6f91a0c40738a3694281898fc8c6389315fd1dbe2d5d5ddbfb6e61028ed956ee4ecb383557113781e965c16c8ac77974d4d622b4b2534371620c2f628ce26306455098b89d9e7c89900638be347bcd996b36695972e3bdd5f8bc20eb257fe915ed20e5a2f9c4719b49f9d9d9f3b715a16c588c6454e98c7e33da2ec,gx-no-cache=1520257363776 HTTP/1.1" 200 29
186.79.22.245 - - [05/Mar/2018:10:43:22 -0300] "POST /cormun/servlet/solicitudot?gx-no-cache=1520257364101 HTTP/1.1" 200 1319
186.79.22.245 - - [05/Mar/2018:10:43:23 -0300] "POST /cormun/servlet/solicitudot?gx-no-cache=1520257364478 HTTP/1.1" 200 1218
186.79.22.245 - - [05/Mar/2018:10:43:23 -0300] "GET /cormun/static/menuarrow.gif HTTP/1.1" 404 1015
186.79.22.245 - - [05/Mar/2018:10:43:25 -0300] "POST /cormun/servlet/solicitudot?gx-no-cache=1520257366833 HTTP/1.1" 200 1319
186.79.22.245 - - [05/Mar/2018:10:43:25 -0300] "POST /cormun/servlet/solicitudot?gx-no-cache=1520257367102 HTTP/1.1" 200 1218
186.79.22.245 - - [05/Mar/2018:10:43:27 -0300] "GET /cormun/servlet/solicitudot?590e8fda1795b13036b7e40b24b80b04486adb0967ef2e0cc37bdab47e5ba62fe835d26a2da4dca62479f21b387d417e,gx-no-cache=1520257369010 HTTP/1.1" 200 30
186.79.22.245 - - [05/Mar/2018:10:43:48 -0300] "POST /cormun/servlet/solicitudot?gx-no-cache=1520257389536 HTTP/1.1" 200 30
186.103.159.43 - - [05/Mar/2018:10:43:50 -0300] "GET /cormun/servlet/hlogin HTTP/1.1" 200 1707
186.103.159.43 - - [05/Mar/2018:10:43:53 -0300] "POST /cormun/servlet/hlogin?c6fc2810dd39e9152fde382f2dfaf8c7,gx-no-cache=1520257384452 HTTP/1.1" 200 90
186.103.159.43 - - [05/Mar/2018:10:43:53 -0300] "GET /cormun/servlet/hpexe_link HTTP/1.1" 200 941
186.103.159.43 - - [05/Mar/2018:10:43:53 -0300] "GET /cormun/servlet/hhome HTTP/1.1" 200 3918
186.103.159.43 - - [05/Mar/2018:10:43:54 -0300] "GET /cormun/servlet/hhome HTTP/1.1" 200 3914
186.103.159.43 - - [05/Mar/2018:10:43:57 -0300] "GET /cormun/servlet/trsolicitudot? HTTP/1.1" 200 7128
186.103.159.43 - - [05/Mar/2018:10:43:57 -0300] "GET /cormun/servlet/trsolicitudot? HTTP/1.1" 200 7127
186.79.22.245 - - [05/Mar/2018:10:44:00 -0300] "POST /cormun/servlet/solicitudot?7c2343ec336aa78d3d4ced0dc3a0236e,INS,0,0,,gx-no-cache=1520257400852 HTTP/1.1" 200 93
186.79.22.245 - - [05/Mar/2018:10:44:00 -0300] "GET /cormun/servlet/hpexe_return? HTTP/1.1" 200 1003
186.103.159.43 - - [05/Mar/2018:10:44:00 -0300] "GET /cormun/servlet/solicitudot?INS,0,0, HTTP/1.1" 200 13377
200.120.230.197 - - [05/Mar/2018:10:44:01 -0300] "GET /cormun/static/gxcfg.js?2016101716175148 HTTP/1.1" 200 953
186.79.22.245 - - [05/Mar/2018:10:44:01 -0300] "GET /cormun/static/hpexe_return.js?2016101716175153 HTTP/1.1" 200 1633
186.103.159.43 - - [05/Mar/2018:10:44:01 -0300] "GET /cormun/servlet/solicitudot?INS,0,0, HTTP/1.1" 200 13382
186.79.22.245 - - [05/Mar/2018:10:44:02 -0300] "GET /cormun/static/Resources/Spanish/PXTools.css?167811 HTTP/1.1" 200 89042
186.79.22.245 - - [05/Mar/2018:10:44:03 -0300] "GET /cormun/servlet/trsolicitudot HTTP/1.1" 200 8784
186.67.203.186 - - [05/Mar/2018:10:44:03 -0300] "POST /cormun/servlet/hlogin?934b2fc8641ba45e7040e871efa22714,gx-no-cache=1520257398005 HTTP/1.1" 200 90
186.67.203.186 - - [05/Mar/2018:10:44:03 -0300] "GET /cormun/servlet/hpexe_link HTTP/1.1" 200 953
186.67.203.186 - - [05/Mar/2018:10:44:04 -0300] "GET /cormun/servlet/hhome HTTP/1.1" 200 4051
186.67.203.186 - - [05/Mar/2018:10:44:04 -0300] "GET /cormun/servlet/hhome HTTP/1.1" 200 4047
186.79.22.245 - - [05/Mar/2018:10:44:05 -0300] "GET /cormun//static/Resources/PXToolsActionView.png HTTP/1.1" 200 2995
200.120.230.197 - - [05/Mar/2018:10:44:05 -0300] "GET /cormun//static/Resources/PXToolsRemoveAllAction.png HTTP/1.1" 200 3558
186.79.22.245 - - [05/Mar/2018:10:44:05 -0300] "GET /cormun/servlet/trsolicitudot HTTP/1.1" 200 8781
186.67.203.186 - - [05/Mar/2018:10:44:07 -0300] "GET /cormun/servlet/trlicencias? HTTP/1.1" 200 8403
186.67.203.186 - - [05/Mar/2018:10:44:07 -0300] "GET /cormun/static/gxcfg.js?20176272054169 HTTP/1.1" 200 953
190.161.236.41 - - [05/Mar/2018:10:44:08 -0300] "GET /cormun/servlet/prbanco?,MD,,gxPopupLevel%3D0%3B HTTP/1.1" 200 6567
186.67.203.186 - - [05/Mar/2018:10:44:10 -0300] "GET /cormun/static/trlicencias.js?20176272054837 HTTP/1.1" 200 41883
186.79.22.245 - - [05/Mar/2018:10:44:12 -0300] "GET /cormun/servlet/vesolicitudot?2018,9988,, HTTP/1.1" 200 8591
200.120.230.197 - - [05/Mar/2018:10:44:12 -0300] "GET /cormun/pexe_scrolldiv.js HTTP/1.1" 404 1009
200.120.230.197 - - [05/Mar/2018:10:44:12 -0300] "GET /cormun/static/Resources/PXToolsTabFirstSelected.png HTTP/1.1" 200 1259
200.120.230.197 - - [05/Mar/2018:10:44:12 -0300] "GET /cormun/static/Resources/PXToolsTabLastUnselected.png HTTP/1.1" 200 1291
200.120.230.197 - - [05/Mar/2018:10:44:13 -0300] "GET /cormun/static/Resources/PXToolsTabPrevious.gif HTTP/1.1" 200 172
200.120.230.197 - - [05/Mar/2018:10:44:13 -0300] "GET /cormun/static/Resources/PXToolsTabNext.gif HTTP/1.1" 200 168
186.79.22.245 - - [05/Mar/2018:10:44:13 -0300] "GET /cormun/static/gxcfg.js?2017111422591385 HTTP/1.1" 200 953
186.79.22.245 - - [05/Mar/2018:10:44:13 -0300] "GET /cormun/static/vesolicitudot.js?2017111422591449 HTTP/1.1" 200 6091
200.120.230.197 - - [05/Mar/2018:10:44:13 -0300] "GET /cormun/static/hpexe_tabsview.js?201610171694228 HTTP/1.1" 200 1661
200.120.230.197 - - [05/Mar/2018:10:44:13 -0300] "GET /cormun/pexe_scrolldiv.js HTTP/1.1" 404 1009
186.79.22.245 - - [05/Mar/2018:10:44:13 -0300] "GET /cormun/static/hwcviewtabs.js?20177611594913 HTTP/1.1" 200 1074
200.120.230.197 - - [05/Mar/2018:10:44:13 -0300] "GET /cormun/static/tbsolicitudot01.js?2017111422581186 HTTP/1.1" 200 30566
186.79.22.245 - - [05/Mar/2018:10:44:14 -0300] "GET /cormun/static/calendar-system.css HTTP/1.1" 200 5572
200.120.230.197 - - [05/Mar/2018:10:44:14 -0300] "GET /cormun/static/Resources/PXToolsTabBackSelected.png HTTP/1.1" 200 1157
200.120.230.197 - - [05/Mar/2018:10:44:14 -0300] "GET /cormun/static/Resources/PXToolsTabBackUnselected.png HTTP/1.1" 200 1175
186.79.22.245 - - [05/Mar/2018:10:44:14 -0300] "GET /cormun/static/Resources/PXToolsTabSelectedUnselected.png HTTP/1.1" 200 1428
200.120.230.197 - - [05/Mar/2018:10:44:14 -0300] "GET /cormun/static/Resources/PXToolsTabUnselectedUnselected.png HTTP/1.1" 200 1459
186.79.22.245 - - [05/Mar/2018:10:44:14 -0300] "GET /cormun/servlet/vesolicitudot?2018,9988,, HTTP/1.1" 200 8590
190.161.236.41 - - [05/Mar/2018:10:44:26 -0300] "GET /cormun/servlet/prbanco?,MD,,gxPopupLevel%3D0%3B HTTP/1.1" 200 6567
190.161.236.41 - - [05/Mar/2018:10:44:38 -0300] "GET /cormun/servlet/prbanco?,MD,,gxPopupLevel%3D0%3B HTTP/1.1" 200 6567
186.103.159.43 - - [05/Mar/2018:10:44:40 -0300] "POST /cormun/servlet/solicitudot?gx-no-cache=1520257431319 HTTP/1.1" 200 3293
186.103.159.43 - - [05/Mar/2018:10:44:40 -0300] "POST /cormun/servlet/solicitudot?c6fc2810dd39e9152fde382f2dfaf8c7,INS,0,0,,gx-no-cache=1520257431791 HTTP/1.1" 200 10242
200.111.122.170 - - [05/Mar/2018:10:44:43 -0300] "GET /cormun/servlet/hlogin HTTP/1.1" 200 1725
200.111.122.170 - - [05/Mar/2018:10:44:43 -0300] "GET /cormun/static/gxtimezone.js?85251 HTTP/1.1" 304 -
190.151.100.218 - - [05/Mar/2018:10:44:43 -0300] "GET /cormun/static/gxcfg.js?20175251213516 HTTP/1.1" 304 -
190.151.100.218 - - [05/Mar/2018:10:44:43 -0300] "GET /cormun/static/messages.spa.js?85251 HTTP/1.1" 304 -
190.151.100.218 - - [05/Mar/2018:10:44:43 -0300] "GET /cormun/servlet/hlogin HTTP/1.1" 200 1735
186.103.159.43 - - [05/Mar/2018:10:44:46 -0300] "GET /cormun/servlet/solicitudot?cb38d414940a7ce3ab12812d19020eceb79aecc3dfabc3e99f4b3d33075664ac5c11d8ea5843e7adf8f80add6cab1809,gx-no-cache=1520257438335 HTTP/1.1" 200 30
190.161.236.41 - - [05/Mar/2018:10:44:58 -0300] "GET /cormun/servlet/solicitudot?c5f36e82064a4a27876ad25e0550fe1b6c03c9ac438b09f94aabed718a88fd3c9195ee8ea518c548c1dd2d37c861c5122b6820b207d83d57fd2c2c196a45670d,gx-no-cache=1520257449415 HTTP/1.1" 200 53
190.151.100.218 - - [05/Mar/2018:10:46:00 -0300] "POST /cormun/servlet/hlogin?1c2e1afa1460b0d254975771a1b1fb6a,gx-no-cache=1520257511264 HTTP/1.1" 200 448
190.151.100.218 - - [05/Mar/2018:10:46:07 -0300] "POST /cormun/servlet/hlogin?1c2e1afa1460b0d254975771a1b1fb6a,gx-no-cache=1520257517616 HTTP/1.1" 200 90
190.151.100.218 - - [05/Mar/2018:10:46:07 -0300] "GET /cormun/servlet/hpexe_link HTTP/1.1" 200 955
190.151.100.218 - - [05/Mar/2018:10:46:07 -0300] "GET /cormun/static/gxcfg.js?20177612121792 HTTP/1.1" 304 -
190.151.100.218 - - [05/Mar/2018:10:46:07 -0300] "GET /cormun/servlet/hhome HTTP/1.1" 200 4204
190.151.100.218 - - [05/Mar/2018:10:46:07 -0300] "GET /cormun/static/gxcfg.js?20175251212442 HTTP/1.1" 304 -
190.151.100.218 - - [05/Mar/2018:10:46:09 -0300] "GET /cormun/servlet/hhome HTTP/1.1" 200 4200
192.168.10.89 - - [05/Mar/2018:10:46:15 -0300] "GET /cormun/servlet/trsecurityuser01? HTTP/1.1" 200 12394
192.168.10.89 - - [05/Mar/2018:10:46:15 -0300] "GET /cormun/static/gxcfg.js?201762721181157 HTTP/1.1" 304 -
192.168.10.89 - - [05/Mar/2018:10:46:24 -0300] "POST /cormun/servlet/trsecurityuser01?82a5d372e7df397d62e7f4de7527a758,,gx-no-cache=1520257423586 HTTP/1.1" 200 4460
192.168.10.89 - - [05/Mar/2018:10:46:28 -0300] "POST /cormun/servlet/trsecurityuser01?82a5d372e7df397d62e7f4de7527a758,,gx-no-cache=1520257427700 HTTP/1.1" 200 10027
192.168.10.89 - - [05/Mar/2018:10:46:50 -0300] "POST /cormun/servlet/trsecurityuser01?82a5d372e7df397d62e7f4de7527a758,,gx-no-cache=1520257449814 HTTP/1.1" 200 10396
186.103.159.188 - - [05/Mar/2018:10:46:56 -0300] "POST /cormun/servlet/solicitudot?gx-no-cache=1520257567282 HTTP/1.1" 200 240
186.103.159.188 - - [05/Mar/2018:10:46:57 -0300] "GET /cormun/servlet/solicitudot?c5f36e82064a4a27876ad25e0550fe1b46ae64e91ac1d45aa4473c56a9782cf4baa42e521e19180052d7e84170d0ead9f89fd6b18528e33e865197b8f87e2613226459e84eaf9d912c927730e12dc730b2bdd96b02ee1a0a1a5c73d64ec8647b4bf85f99517ea8c6f77bff9b06e4e1d9492b40b2972e7f56389c7b58571adb87089178588af8064981c7ee343ba61c0f72d06c07b6affdd6e72330effbfb83ceaa265ede08a9f84b3b366d513f7ebbfd1581252e563c939acdaeb87248c97ee9f99b672ccb2de469a9d4476141716e211950c7b3d277048ce590da51a4f4b642c341a42f4b29711eefc7ba55093920fde66921da64c4384ec60e6d540c8e11cf760b0d9a7cd50699fb04bfe2b7f27a2a6cb243d11f6431b30cbd57349a6d36f444a35b5b4e12617050c57c2adb4b82b6a064d166214e325f6688c1f7b1f1721bd4f78d344e107e1a0c004c36e1fbcc2ab7ea4c4b1b6f1a7bd1fc385cd385a94a8f7b309808ccf7c2ee8fc201ee720a1db0d6b61495644ffeb0dd986856a74dc7,gx-no-cache=1520257568864 HTTP/1.1" 200 30
186.103.159.188 - - [05/Mar/2018:10:47:03 -0300] "POST /cormun/servlet/solicitudot?gx-no-cache=1520257574770 HTTP/1.1" 200 30
192.168.10.89 - - [05/Mar/2018:10:47:11 -0300] "GET /cormun/servlet/securityusers?UPD,3845, HTTP/1.1" 200 7995
192.168.10.89 - - [05/Mar/2018:10:47:12 -0300] "GET /cormun/static/gxcfg.js?20176272118832 HTTP/1.1" 304 -
186.103.156.24 - - [05/Mar/2018:10:47:20 -0300] "GET /cormun/servlet/solicitudotadjuntos?1d8b694a30e5ab8ee2babbd1048c9ee81cd528735a2997ce96b56864c9940362,gx-no-cache=1520257590761 HTTP/1.1" 200 30
186.103.156.24 - - [05/Mar/2018:10:47:20 -0300] "GET /cormun/servlet/solicitudotadjuntos?1d8b694a30e5ab8ee2babbd1048c9ee81cd528735a2997ce96b56864c9940362,gx-no-cache=1520257590799 HTTP/1.1" 200 30
186.103.159.188 - - [05/Mar/2018:10:47:22 -0300] "POST /cormun/servlet/solicitudot?gx-no-cache=1520257593895 HTTP/1.1" 200 1336
186.103.159.188 - - [05/Mar/2018:10:47:28 -0300] "GET /cormun/servlet/prlicenciaspermisos?14035502,P,,MD,,gxPopupLevel%3D0%3B HTTP/1.1" 200 5479
186.103.159.188 - - [05/Mar/2018:10:47:28 -0300] "GET /cormun/static/gxcfg.js?20176272053834 HTTP/1.1" 200 953
186.103.159.188 - - [05/Mar/2018:10:47:29 -0300] "GET /cormun/static/prlicenciaspermisos.js?20176272054050 HTTP/1.1" 200 13379
186.103.159.188 - - [05/Mar/2018:10:47:30 -0300] "POST /cormun/servlet/acontrolpreferencessavestate?None,ASAAVEDRA,true HTTP/1.1" 200 35
192.168.10.89 - - [05/Mar/2018:10:47:39 -0300] "POST /cormun/servlet/securityusers?82a5d372e7df397d62e7f4de7527a758,UPD,3845,,gx-no-cache=1520257498869 HTTP/1.1" 200 93
192.168.10.89 - - [05/Mar/2018:10:47:39 -0300] "GET /cormun/servlet/hpexe_return? HTTP/1.1" 200 1014
192.168.10.89 - - [05/Mar/2018:10:47:39 -0300] "GET /cormun/servlet/trsecurityuser01? HTTP/1.1" 200 12779
186.103.156.24 - - [05/Mar/2018:10:47:40 -0300] "POST /cormun/servlet/solicitudotadjuntos?0cc994f8f5cfeac48bba73b46c1bd8a0,INS,2018,9987,,1, HTTP/1.1" 200 116
186.103.156.24 - - [05/Mar/2018:10:47:41 -0300] "GET /cormun/servlet/hpexe_return? HTTP/1.1" 200 1026
186.103.156.24 - - [05/Mar/2018:10:47:41 -0300] "GET /cormun/servlet/trsolicitudadjuntos?2018,9987, HTTP/1.1" 200 8693
186.103.156.24 - - [05/Mar/2018:10:47:42 -0300] "GET /cormun/servlet/trsolicitudadjuntos?2018,9987, HTTP/1.1" 200 8687
186.103.156.24 - - [05/Mar/2018:10:47:45 -0300] "GET /cormun/servlet/solicitudotadjuntos?INS,2018,9987,,1, HTTP/1.1" 200 6265
186.103.156.24 - - [05/Mar/2018:10:47:45 -0300] "GET /cormun/servlet/solicitudotadjuntos?INS,2018,9987,,1, HTTP/1.1" 200 6259
186.103.156.24 - - [05/Mar/2018:10:47:45 -0300] "GET /cormun/static/about:blank HTTP/1.1" 404 1011
186.103.156.24 - - [05/Mar/2018:10:47:46 -0300] "GET /cormun/servlet/solicitudotadjuntos?1d8b694a30e5ab8ee2babbd1048c9ee892031b8454c84e432a6c04f218abd805015a2bffee063e905f286dce5a8c92aa,gx-no-cache=1520257616726 HTTP/1.1" 200 30
186.103.156.24 - - [05/Mar/2018:10:47:46 -0300] "POST /cormun/servlet/solicitudotadjuntos?0cc994f8f5cfeac48bba73b46c1bd8a0,INS,2018,9987,,1,,gx-no-cache=1520257616812 HTTP/1.1" 200 3985
192.168.10.89 - - [05/Mar/2018:10:47:50 -0300] "GET /cormun/servlet/securityusers?UPD,3845, HTTP/1.1" 200 7995
186.103.156.24 - - [05/Mar/2018:10:47:51 -0300] "POST /cormun/servlet/solicitudotadjuntos?gx-no-cache=1520257622257 HTTP/1.1" 200 26
200.72.197.82 - - [05/Mar/2018:10:47:52 -0300] "GET /cormun/static/Resources/Spanish/PXTools.css?17315867 HTTP/1.1" 200 89042
186.103.156.24 - - [05/Mar/2018:10:47:53 -0300] "GET /cormun/servlet/solicitudotadjuntos?1d8b694a30e5ab8ee2babbd1048c9ee81cd528735a2997ce96b56864c9940362,gx-no-cache=1520257624009 HTTP/1.1" 200 30
186.103.156.24 - - [05/Mar/2018:10:47:53 -0300] "GET /cormun/servlet/solicitudotadjuntos?1d8b694a30e5ab8ee2babbd1048c9ee81cd528735a2997ce96b56864c9940362,gx-no-cache=1520257624068 HTTP/1.1" 200 30
200.72.197.82 - - [05/Mar/2018:10:47:53 -0300] "GET /cormun/servlet/trlicencias? HTTP/1.1" 200 8401
190.151.100.218 - - [05/Mar/2018:10:47:53 -0300] "GET /cormun//static/Resources/PXToolsGridDisplay.png HTTP/1.1" 200 362
186.103.132.155 - - [05/Mar/2018:10:47:53 -0300] "GET /cormun//static/Resources/PXToolsActionPrint.png HTTP/1.1" 200 3317
190.151.100.218 - - [05/Mar/2018:10:47:53 -0300] "GET /cormun//static/Resources/PXToolsHeaderHelp.png HTTP/1.1" 200 4055
186.103.156.24 - - [05/Mar/2018:10:47:54 -0300] "POST /cormun/servlet/solicitudotadjuntos?0cc994f8f5cfeac48bba73b46c1bd8a0,INS,2018,9987,,1,,gx-no-cache=1520257624138 HTTP/1.1" 200 93
186.103.156.24 - - [05/Mar/2018:10:47:54 -0300] "GET /cormun/servlet/hpexe_return? HTTP/1.1" 200 1026
200.72.197.82 - - [05/Mar/2018:10:47:54 -0300] "GET /cormun//static/Resources/PXToolsHeaderFavorites.png HTTP/1.1" 200 2744
186.103.156.24 - - [05/Mar/2018:10:47:54 -0300] "GET /cormun/servlet/trsolicitudadjuntos?2018,9987, HTTP/1.1" 200 8845
200.111.122.170 - - [05/Mar/2018:10:47:54 -0300] "POST /cormun/servlet/acontrolpreferencessavestate?None,MSALGADO,true HTTP/1.1" 200 35
186.103.156.24 - - [05/Mar/2018:10:47:55 -0300] "GET /cormun/servlet/trsolicitudadjuntos?2018,9987, HTTP/1.1" 200 8843
190.161.236.41 - - [05/Mar/2018:10:48:00 -0300] "GET /cormun/servlet/prlicenciaspermisos?14035502,L,,MD,,gxPopupLevel%3D0%3B HTTP/1.1" 200 7176
192.168.10.89 - - [05/Mar/2018:10:48:02 -0300] "POST /cormun/servlet/securityusers?82a5d372e7df397d62e7f4de7527a758,UPD,3845,,gx-no-cache=1520257522604 HTTP/1.1" 200 93
192.168.10.89 - - [05/Mar/2018:10:48:03 -0300] "GET /cormun/servlet/hpexe_return? HTTP/1.1" 200 1013
192.168.10.89 - - [05/Mar/2018:10:48:03 -0300] "GET /cormun/servlet/trsecurityuser01 HTTP/1.1" 200 12779
192.168.10.89 - - [05/Mar/2018:10:48:05 -0300] "GET /cormun/servlet/hlogin HTTP/1.1" 200 1738
186.103.156.24 - - [05/Mar/2018:10:48:06 -0300] "GET /cormun/servlet/solicitudotadjuntos?INS,2018,9987,,1, HTTP/1.1" 200 6265
186.103.156.24 - - [05/Mar/2018:10:48:06 -0300] "GET /cormun/static/about:blank HTTP/1.1" 404 1011
186.103.156.24 - - [05/Mar/2018:10:48:06 -0300] "GET /cormun/servlet/solicitudotadjuntos?INS,2018,9987,,1, HTTP/1.1" 200 6259
186.103.156.24 - - [05/Mar/2018:10:48:07 -0300] "GET /cormun/servlet/solicitudotadjuntos?1d8b694a30e5ab8ee2babbd1048c9ee892031b8454c84e432a6c04f218abd805015a2bffee063e905f286dce5a8c92aa,gx-no-cache=1520257637908 HTTP/1.1" 200 30
186.103.156.24 - - [05/Mar/2018:10:48:07 -0300] "POST /cormun/servlet/solicitudotadjuntos?0cc994f8f5cfeac48bba73b46c1bd8a0,INS,2018,9987,,1,,gx-no-cache=1520257637957 HTTP/1.1" 200 3985
186.103.159.43 - - [05/Mar/2018:10:48:10 -0300] "GET /cormun/servlet/solicitudot?cb38d414940a7ce3ab12812d19020ece84155073c24f68725063d2d2ef7e6055bb4abd4b73512d936286c3ed8c2e8aa6,gx-no-cache=1520257641384 HTTP/1.1" 200 30
186.103.156.24 - - [05/Mar/2018:10:48:11 -0300] "POST /cormun/servlet/solicitudotadjuntos?gx-no-cache=1520257641882 HTTP/1.1" 200 26
192.168.10.89 - - [05/Mar/2018:10:48:11 -0300] "POST /cormun/servlet/hlogin?82a5d372e7df397d62e7f4de7527a758,gx-no-cache=1520257531393 HTTP/1.1" 200 90
192.168.10.89 - - [05/Mar/2018:10:48:11 -0300] "GET /cormun/servlet/hpexe_link HTTP/1.1" 200 953
192.168.10.89 - - [05/Mar/2018:10:48:12 -0300] "GET /cormun/servlet/hhome HTTP/1.1" 200 4441
186.103.159.43 - - [05/Mar/2018:10:48:14 -0300] "GET /cormun/servlet/solicitudot?cb38d414940a7ce3ab12812d19020ece923c760ae0800a7f60c23042088f4c3b,gx-no-cache=1520257646054 HTTP/1.1" 200 29
192.168.10.89 - - [05/Mar/2018:10:48:15 -0300] "GET /cormun/servlet/trsolicitudgral? HTTP/1.1" 500 10
192.168.10.89 - - [05/Mar/2018:10:48:17 -0300] "GET /cormun/servlet/hhome HTTP/1.1" 200 4428
190.161.236.41 - - [05/Mar/2018:10:48:23 -0300] "POST /cormun/servlet/solicitudot?gx-no-cache=1520257654927 HTTP/1.1" 200 41
190.161.236.41 - - [05/Mar/2018:10:48:23 -0300] "GET /cormun/servlet/solicitudot?c5f36e82064a4a27876ad25e0550fe1bd2f09aab3f4dc24d29ae3df1ebf900234d29562adc58ee027c84cc834d6d1ea4f978f33a8d6d34b682e88202a81b9f73d0715de5ee80d63e5c45ecdd8da5b92d121a48c8bba005ccd38a4b39e141e0938c2f7189bfe312447ff0e4f75507f349,gx-no-cache=1520257655074 HTTP/1.1" 200 29
190.161.236.41 - - [05/Mar/2018:10:48:23 -0300] "POST /cormun/servlet/solicitudot?gx-no-cache=1520257655165 HTTP/1.1" 200 1319
190.161.236.41 - - [05/Mar/2018:10:48:24 -0300] "POST /cormun/servlet/solicitudot?gx-no-cache=1520257655279 HTTP/1.1" 200 1218
192.168.10.89 - - [05/Mar/2018:10:48:26 -0300] "GET /cormun/servlet/hlogin HTTP/1.1" 200 1732
186.103.159.43 - - [05/Mar/2018:10:48:34 -0300] "GET /cormun/servlet/prbanco?,MD,,gxPopupLevel%3D0%3B HTTP/1.1" 200 6545
186.103.159.43 - - [05/Mar/2018:10:48:34 -0300] "GET /cormun/static/gxcfg.js?20181161016094 HTTP/1.1" 304 -
192.168.10.89 - - [05/Mar/2018:10:48:35 -0300] "POST /cormun/servlet/hlogin?82a5d372e7df397d62e7f4de7527a758,gx-no-cache=1520257554802 HTTP/1.1" 200 90
192.168.10.89 - - [05/Mar/2018:10:48:35 -0300] "GET /cormun/servlet/hpexe_link HTTP/1.1" 200 953
192.168.10.89 - - [05/Mar/2018:10:48:35 -0300] "GET /cormun/servlet/hhome HTTP/1.1" 200 4441
190.161.236.41 - - [05/Mar/2018:10:48:39 -0300] "GET /cormun/static/menuarrow.gif HTTP/1.1" 404 1015
192.168.10.89 - - [05/Mar/2018:10:48:40 -0300] "GET /cormun/servlet/hlogin HTTP/1.1" 200 1732
190.161.236.41 - - [05/Mar/2018:10:48:42 -0300] "GET /cormun/servlet/solicitudot?c5f36e82064a4a27876ad25e0550fe1bfda64a617bb1c5864f93d72a5502e2e19cfc46869773e75da64caefa741b25b6,gx-no-cache=1520257673903 HTTP/1.1" 200 30
190.161.236.41 - - [05/Mar/2018:10:48:43 -0300] "POST /cormun/servlet/solicitudot?gx-no-cache=1520257674264 HTTP/1.1" 200 34
186.103.156.24 - - [05/Mar/2018:10:48:46 -0300] "GET /cormun/servlet/solicitudotadjuntos?1d8b694a30e5ab8ee2babbd1048c9ee81cd528735a2997ce96b56864c9940362,gx-no-cache=1520257676937 HTTP/1.1" 200 30
186.103.156.24 - - [05/Mar/2018:10:48:46 -0300] "GET /cormun/servlet/solicitudotadjuntos?1d8b694a30e5ab8ee2babbd1048c9ee81cd528735a2997ce96b56864c9940362,gx-no-cache=1520257677063 HTTP/1.1" 200 30
192.168.10.89 - - [05/Mar/2018:10:48:49 -0300] "POST /cormun/servlet/hlogin?82a5d372e7df397d62e7f4de7527a758,gx-no-cache=1520257569270 HTTP/1.1" 200 90
192.168.10.89 - - [05/Mar/2018:10:48:49 -0300] "GET /cormun/servlet/hpexe_link HTTP/1.1" 200 953
192.168.10.89 - - [05/Mar/2018:10:48:49 -0300] "GET /cormun/servlet/hhome HTTP/1.1" 200 4923
186.103.156.24 - - [05/Mar/2018:10:48:53 -0300] "POST /cormun/servlet/solicitudotadjuntos?0cc994f8f5cfeac48bba73b46c1bd8a0,INS,2018,9987,,1, HTTP/1.1" 200 6460
186.103.156.24 - - [05/Mar/2018:10:48:53 -0300] "GET /cormun/static/Shared/jqueryui/images/ui-bg_highlight-soft_100_c6c2c8_1x100.png HTTP/1.1" 404 1117
186.103.156.24 - - [05/Mar/2018:10:48:53 -0300] "GET /cormun/static/Shared/jqueryui/images/ui-bg_flat_55_994d53_40x100.png HTTP/1.1" 404 1097
186.103.156.24 - - [05/Mar/2018:10:48:53 -0300] "GET /cormun/static/Shared/jqueryui/images/ui-icons_ebccce_256x240.png HTTP/1.1" 404 1089
186.103.156.24 - - [05/Mar/2018:10:48:53 -0300] "GET /cormun/static/Shared/jqueryui/images/ui-icons_82798d_256x240.png HTTP/1.1" 404 1089
186.103.156.24 - - [05/Mar/2018:10:48:56 -0300] "GET /cormun/PrivateTempStorage/upload_00001833.jpg HTTP/1.1" 200 394163
192.168.10.89 - - [05/Mar/2018:10:48:57 -0300] "GET /cormun/servlet/trsecurityuser01? HTTP/1.1" 200 12766
186.103.156.24 - - [05/Mar/2018:10:49:06 -0300] "GET /cormun/servlet/trsolicitudadjuntos?2018,9987, HTTP/1.1" 200 8845
192.168.10.89 - - [05/Mar/2018:10:49:06 -0300] "GET /cormun/servlet/securityusers?UPD,3845, HTTP/1.1" 200 7995
186.103.156.24 - - [05/Mar/2018:10:49:07 -0300] "GET /cormun/servlet/trsolicitudadjuntos?2018,9987, HTTP/1.1" 200 8843
186.103.156.24 - - [05/Mar/2018:10:49:11 -0300] "GET /cormun/servlet/solicitudotadjuntos?DLT,2018,9987,CERTIF2,0, HTTP/1.1" 200 6144
186.103.156.24 - - [05/Mar/2018:10:49:11 -0300] "GET /cormun/static/about:blank HTTP/1.1" 404 1011
186.103.156.24 - - [05/Mar/2018:10:49:11 -0300] "GET /cormun/static/Shared/jqueryui/images/ui-icons_82798d_256x240.png HTTP/1.1" 404 1089
186.103.156.24 - - [05/Mar/2018:10:49:11 -0300] "GET /cormun/static/Shared/jqueryui/images/ui-bg_highlight-soft_100_c6c2c8_1x100.png HTTP/1.1" 404 1117
186.103.156.24 - - [05/Mar/2018:10:49:11 -0300] "GET /cormun/servlet/solicitudotadjuntos?DLT,2018,9987,CERTIF2,0, HTTP/1.1" 200 6137
186.103.156.24 - - [05/Mar/2018:10:49:12 -0300] "GET /cormun/static/Shared/jqueryui/images/ui-bg_flat_55_fafafa_40x100.png HTTP/1.1" 404 1097
186.103.156.24 - - [05/Mar/2018:10:49:12 -0300] "GET /cormun/static/Shared/jqueryui/images/ui-icons_8d78a5_256x240.png HTTP/1.1" 404 1089
192.168.10.89 - - [05/Mar/2018:10:49:13 -0300] "POST /cormun/servlet/securityusers?82a5d372e7df397d62e7f4de7527a758,UPD,3845,,gx-no-cache=1520257593108 HTTP/1.1" 200 93
192.168.10.89 - - [05/Mar/2018:10:49:13 -0300] "GET /cormun/servlet/hpexe_return? HTTP/1.1" 200 1013
192.168.10.89 - - [05/Mar/2018:10:49:13 -0300] "GET /cormun/servlet/trsecurityuser01 HTTP/1.1" 200 12768
186.103.156.24 - - [05/Mar/2018:10:49:16 -0300] "POST /cormun/servlet/solicitudotadjuntos?0cc994f8f5cfeac48bba73b46c1bd8a0,DLT,2018,9987,CERTIF2,0,,gx-no-cache=1520257706245 HTTP/1.1" 200 93
186.103.156.24 - - [05/Mar/2018:10:49:16 -0300] "GET /cormun/servlet/hpexe_return? HTTP/1.1" 200 1033
186.103.156.24 - - [05/Mar/2018:10:49:16 -0300] "GET /cormun/servlet/trsolicitudadjuntos?2018,9987, HTTP/1.1" 200 8694
186.103.156.24 - - [05/Mar/2018:10:49:17 -0300] "GET /cormun/servlet/trsolicitudadjuntos?2018,9987, HTTP/1.1" 200 8687
186.103.156.24 - - [05/Mar/2018:10:49:20 -0300] "GET /cormun/servlet/solicitudotadjuntos?INS,2018,9987,,1, HTTP/1.1" 200 6265
186.103.156.24 - - [05/Mar/2018:10:49:20 -0300] "GET /cormun/static/about:blank HTTP/1.1" 404 1011
186.103.156.24 - - [05/Mar/2018:10:49:20 -0300] "GET /cormun/servlet/solicitudotadjuntos?INS,2018,9987,,1, HTTP/1.1" 200 6259
186.103.156.24 - - [05/Mar/2018:10:49:21 -0300] "GET /cormun/servlet/solicitudotadjuntos?1d8b694a30e5ab8ee2babbd1048c9ee892031b8454c84e432a6c04f218abd805015a2bffee063e905f286dce5a8c92aa,gx-no-cache=1520257711803 HTTP/1.1" 200 30
186.103.156.24 - - [05/Mar/2018:10:49:21 -0300] "POST /cormun/servlet/solicitudotadjuntos?0cc994f8f5cfeac48bba73b46c1bd8a0,INS,2018,9987,,1,,gx-no-cache=1520257711862 HTTP/1.1" 200 3985
192.168.10.89 - - [05/Mar/2018:10:49:23 -0300] "GET /cormun/servlet/trsecurityusersproyecto?3845, HTTP/1.1" 200 7303
192.168.10.89 - - [05/Mar/2018:10:49:23 -0300] "GET /cormun/static/gxcfg.js?2016101716222290 HTTP/1.1" 200 953
192.168.10.89 - - [05/Mar/2018:10:49:23 -0300] "GET /cormun/static/trsecurityusersproyecto.js?201610171622255 HTTP/1.1" 200 13866
186.103.156.24 - - [05/Mar/2018:10:49:24 -0300] "POST /cormun/servlet/solicitudotadjuntos?gx-no-cache=1520257714523 HTTP/1.1" 200 26
186.103.156.24 - - [05/Mar/2018:10:49:31 -0300] "GET /cormun/servlet/solicitudotadjuntos?1d8b694a30e5ab8ee2babbd1048c9ee81cd528735a2997ce96b56864c9940362,gx-no-cache=1520257722089 HTTP/1.1" 200 30
186.103.156.24 - - [05/Mar/2018:10:49:31 -0300] "GET /cormun/servlet/solicitudotadjuntos?1d8b694a30e5ab8ee2babbd1048c9ee81cd528735a2997ce96b56864c9940362,gx-no-cache=1520257722143 HTTP/1.1" 200 30
192.168.10.89 - - [05/Mar/2018:10:49:34 -0300] "POST /cormun/servlet/trsecurityusersproyecto?82a5d372e7df397d62e7f4de7527a758,3845,,gx-no-cache=1520257613778 HTTP/1.1" 200 4763
186.103.156.24 - - [05/Mar/2018:10:49:34 -0300] "POST /cormun/servlet/solicitudotadjuntos?0cc994f8f5cfeac48bba73b46c1bd8a0,INS,2018,9987,,1, HTTP/1.1" 200 6459
186.103.156.24 - - [05/Mar/2018:10:49:35 -0300] "GET /cormun/static/Shared/jqueryui/images/ui-bg_highlight-soft_100_c6c2c8_1x100.png HTTP/1.1" 404 1117
186.103.156.24 - - [05/Mar/2018:10:49:35 -0300] "GET /cormun/static/Shared/jqueryui/images/ui-icons_82798d_256x240.png HTTP/1.1" 404 1089
186.103.156.24 - - [05/Mar/2018:10:49:35 -0300] "GET /cormun/static/Shared/jqueryui/images/ui-bg_flat_55_994d53_40x100.png HTTP/1.1" 404 1097
186.103.156.24 - - [05/Mar/2018:10:49:35 -0300] "GET /cormun/static/Shared/jqueryui/images/ui-icons_ebccce_256x240.png HTTP/1.1" 404 1089
186.103.156.24 - - [05/Mar/2018:10:49:35 -0300] "GET /cormun/PrivateTempStorage/upload_00001845.jpg HTTP/1.1" 200 394163
192.168.10.89 - - [05/Mar/2018:10:49:40 -0300] "POST /cormun/servlet/trsecurityusersproyecto?82a5d372e7df397d62e7f4de7527a758,3845,,gx-no-cache=1520257620350 HTTP/1.1" 200 4787
186.103.156.24 - - [05/Mar/2018:10:49:43 -0300] "GET /cormun/servlet/trsolicitudadjuntos?2018,9987, HTTP/1.1" 200 8693
186.103.156.24 - - [05/Mar/2018:10:49:43 -0300] "GET /cormun/servlet/trsolicitudadjuntos?2018,9987, HTTP/1.1" 200 8687
192.168.10.89 - - [05/Mar/2018:10:49:45 -0300] "POST /cormun/servlet/trsecurityusersproyecto?82a5d372e7df397d62e7f4de7527a758,3845,,gx-no-cache=1520257625519 HTTP/1.1" 200 4811
192.168.10.89 - - [05/Mar/2018:10:49:49 -0300] "POST /cormun/servlet/trsecurityusersproyecto?82a5d372e7df397d62e7f4de7527a758,3845,,gx-no-cache=1520257629263 HTTP/1.1" 200 4830
190.161.236.41 - - [05/Mar/2018:10:49:54 -0300] "POST /cormun/servlet/solicitudot?gx-no-cache=1520257745676 HTTP/1.1" 200 1318
190.161.236.41 - - [05/Mar/2018:10:49:54 -0300] "POST /cormun/servlet/solicitudot?gx-no-cache=1520257745887 HTTP/1.1" 200 1218
190.161.236.41 - - [05/Mar/2018:10:49:54 -0300] "GET /cormun/servlet/solicitudot?c5f36e82064a4a27876ad25e0550fe1bfda64a617bb1c5864f93d72a5502e2e14deece4c754c228ecabfba2ca860bd26,gx-no-cache=1520257745970 HTTP/1.1" 200 30
190.161.236.41 - - [05/Mar/2018:10:49:54 -0300] "POST /cormun/servlet/solicitudot?gx-no-cache=1520257746035 HTTP/1.1" 200 34
190.161.236.41 - - [05/Mar/2018:10:49:55 -0300] "POST /cormun/servlet/solicitudot?2464b47d5d0f0b7e9492401479510c31,INS,0,0,,gx-no-cache=1520257746106 HTTP/1.1" 200 93
190.161.236.41 - - [05/Mar/2018:10:49:55 -0300] "GET /cormun/servlet/hpexe_return? HTTP/1.1" 200 1007
190.161.236.41 - - [05/Mar/2018:10:49:55 -0300] "GET /cormun/servlet/trsolicitudot HTTP/1.1" 200 8810
190.161.236.41 - - [05/Mar/2018:10:49:55 -0300] "GET /cormun/servlet/trsolicitudot HTTP/1.1" 200 8806
192.168.10.89 - - [05/Mar/2018:10:49:57 -0300] "GET /cormun/servlet/trsecurityuser01? HTTP/1.1" 200 12766
192.168.10.89 - - [05/Mar/2018:10:50:08 -0300] "GET /cormun/servlet/trsecurityuserroles2?3845, HTTP/1.1" 200 8326
192.168.10.89 - - [05/Mar/2018:10:50:08 -0300] "GET /cormun/static/gxcfg.js?201610171620670 HTTP/1.1" 200 953
192.168.10.89 - - [05/Mar/2018:10:50:08 -0300] "GET /cormun/static/trsecurityuserroles2.js?201610171620897 HTTP/1.1" 200 15414
192.168.10.89 - - [05/Mar/2018:10:50:36 -0300] "POST /cormun/servlet/trsecurityuserroles2?82a5d372e7df397d62e7f4de7527a758,3845,,gx-no-cache=1520257676532 HTTP/1.1" 200 90
192.168.10.89 - - [05/Mar/2018:10:50:36 -0300] "GET /cormun/servlet/hpexe_link HTTP/1.1" 200 968
192.168.10.89 - - [05/Mar/2018:10:50:37 -0300] "GET /cormun/servlet/trsecurityuser01 HTTP/1.1" 200 12764
192.168.10.56 - - [05/Mar/2018:10:50:40 -0300] "POST /cormun/servlet/trsolicitudgral?c967522d3182b5c31d5a761c445aa71a,,gx-no-cache=1520257679289 HTTP/1.1" 200 22029
192.168.10.89 - - [05/Mar/2018:10:50:40 -0300] "GET /cormun/servlet/hlogin HTTP/1.1" 200 1738
190.161.236.41 - - [05/Mar/2018:10:50:43 -0300] "POST /cormun/servlet/trsolicitudot?2464b47d5d0f0b7e9492401479510c31,gx-no-cache=1520257794090 HTTP/1.1" 200 106
190.161.236.41 - - [05/Mar/2018:10:50:43 -0300] "GET /cormun/servlet/trsolicitudadjuntos?2018,9989, HTTP/1.1" 200 6245
190.161.236.41 - - [05/Mar/2018:10:50:43 -0300] "GET /cormun/static/gxcfg.js?20177612135366 HTTP/1.1" 304 -
190.161.236.41 - - [05/Mar/2018:10:50:43 -0300] "GET /cormun/servlet/trsolicitudadjuntos?2018,9989, HTTP/1.1" 200 6245
192.168.10.89 - - [05/Mar/2018:10:50:47 -0300] "POST /cormun/servlet/hlogin?82a5d372e7df397d62e7f4de7527a758,gx-no-cache=1520257686694 HTTP/1.1" 200 90
192.168.10.89 - - [05/Mar/2018:10:50:47 -0300] "GET /cormun/servlet/hpexe_link HTTP/1.1" 200 953
192.168.10.89 - - [05/Mar/2018:10:50:47 -0300] "GET /cormun/servlet/hhome HTTP/1.1" 200 4441
190.161.236.41 - - [05/Mar/2018:10:50:47 -0300] "GET /cormun/servlet/solicitudotadjuntos?INS,2018,9989,,1, HTTP/1.1" 200 6191
190.161.236.41 - - [05/Mar/2018:10:50:47 -0300] "GET /cormun/static/gxcfg.js?2017761244068 HTTP/1.1" 304 -
190.161.236.41 - - [05/Mar/2018:10:50:48 -0300] "GET /cormun/static/about:blank HTTP/1.1" 404 1011
186.103.159.188 - - [05/Mar/2018:10:50:48 -0300] "GET /cormun/servlet/solicitudotadjuntos?INS,2018,9989,,1, HTTP/1.1" 200 6185
186.103.159.188 - - [05/Mar/2018:10:50:48 -0300] "GET /cormun/servlet/solicitudotadjuntos?c5f36e82064a4a27876ad25e0550fe1b9752acad5c8dfb5b3728c38613dadf7425c618fa706700ce6b27d232e589f176,gx-no-cache=1520257799963 HTTP/1.1" 200 30
186.103.159.188 - - [05/Mar/2018:10:50:49 -0300] "POST /cormun/servlet/solicitudotadjuntos?2464b47d5d0f0b7e9492401479510c31,INS,2018,9989,,1,,gx-no-cache=1520257800109 HTTP/1.1" 200 4024
192.168.10.89 - - [05/Mar/2018:10:50:50 -0300] "GET /cormun/servlet/trsolicitudgral? HTTP/1.1" 200 10943
186.103.159.188 - - [05/Mar/2018:10:50:50 -0300] "POST /cormun/servlet/solicitudotadjuntos?gx-no-cache=1520257802216 HTTP/1.1" 200 26
186.103.159.188 - - [05/Mar/2018:10:50:59 -0300] "GET /cormun/servlet/solicitudotadjuntos?c5f36e82064a4a27876ad25e0550fe1b15e2d4883195b4506e48bde6124979ec,gx-no-cache=1520257810171 HTTP/1.1" 200 30
186.103.159.188 - - [05/Mar/2018:10:50:59 -0300] "GET /cormun/servlet/solicitudotadjuntos?c5f36e82064a4a27876ad25e0550fe1b15e2d4883195b4506e48bde6124979ec,gx-no-cache=1520257810574 HTTP/1.1" 200 30
186.103.159.188 - - [05/Mar/2018:10:51:01 -0300] "POST /cormun/servlet/solicitudotadjuntos?2464b47d5d0f0b7e9492401479510c31,INS,2018,9989,,1, HTTP/1.1" 200 116
186.103.159.188 - - [05/Mar/2018:10:51:01 -0300] "GET /cormun/servlet/hpexe_return? HTTP/1.1" 200 1027
186.103.159.188 - - [05/Mar/2018:10:51:01 -0300] "GET /cormun/servlet/trsolicitudadjuntos?2018,9989, HTTP/1.1" 200 8607
186.103.159.188 - - [05/Mar/2018:10:51:01 -0300] "GET /cormun/servlet/trsolicitudadjuntos?2018,9989, HTTP/1.1" 200 8603
186.103.156.24 - - [05/Mar/2018:10:51:02 -0300] "GET /cormun/servlet/solicitudotadjuntos?INS,2018,9987,,1, HTTP/1.1" 200 6265
186.103.156.24 - - [05/Mar/2018:10:51:03 -0300] "GET /cormun/static/about:blank HTTP/1.1" 404 1011
186.103.156.24 - - [05/Mar/2018:10:51:03 -0300] "GET /cormun/servlet/solicitudotadjuntos?INS,2018,9987,,1, HTTP/1.1" 200 6259
186.103.156.24 - - [05/Mar/2018:10:51:03 -0300] "GET /cormun/servlet/solicitudotadjuntos?1d8b694a30e5ab8ee2babbd1048c9ee892031b8454c84e432a6c04f218abd805015a2bffee063e905f286dce5a8c92aa,gx-no-cache=1520257814518 HTTP/1.1" 200 30
186.103.159.188 - - [05/Mar/2018:10:51:03 -0300] "GET /cormun/servlet/solicitudotadjuntos?INS,2018,9989,,1, HTTP/1.1" 200 6191
186.103.156.24 - - [05/Mar/2018:10:51:03 -0300] "POST /cormun/servlet/solicitudotadjuntos?0cc994f8f5cfeac48bba73b46c1bd8a0,INS,2018,9987,,1,,gx-no-cache=1520257814609 HTTP/1.1" 200 3984
186.103.159.188 - - [05/Mar/2018:10:51:04 -0300] "GET /cormun/static/about:blank HTTP/1.1" 404 1011
190.161.236.41 - - [05/Mar/2018:10:51:04 -0300] "GET /cormun/servlet/solicitudotadjuntos?INS,2018,9989,,1, HTTP/1.1" 200 6185
190.161.236.41 - - [05/Mar/2018:10:51:04 -0300] "GET /cormun/servlet/solicitudotadjuntos?c5f36e82064a4a27876ad25e0550fe1b9752acad5c8dfb5b3728c38613dadf7425c618fa706700ce6b27d232e589f176,gx-no-cache=1520257816015 HTTP/1.1" 200 30
190.161.236.41 - - [05/Mar/2018:10:51:04 -0300] "POST /cormun/servlet/solicitudotadjuntos?2464b47d5d0f0b7e9492401479510c31,INS,2018,9989,,1,,gx-no-cache=1520257816062 HTTP/1.1" 200 4024
192.168.10.89 - - [05/Mar/2018:10:51:06 -0300] "POST /cormun/servlet/trsolicitudgral?82a5d372e7df397d62e7f4de7527a758,,gx-no-cache=1520257705812 HTTP/1.1" 200 5885
186.103.156.24 - - [05/Mar/2018:10:51:06 -0300] "POST /cormun/servlet/solicitudotadjuntos?gx-no-cache=1520257817333 HTTP/1.1" 200 26
190.161.236.41 - - [05/Mar/2018:10:51:07 -0300] "POST /cormun/servlet/solicitudotadjuntos?gx-no-cache=1520257818554 HTTP/1.1" 200 26
190.161.236.41 - - [05/Mar/2018:10:51:11 -0300] "GET /cormun/servlet/solicitudotadjuntos?c5f36e82064a4a27876ad25e0550fe1b15e2d4883195b4506e48bde6124979ec,gx-no-cache=1520257823099 HTTP/1.1" 200 30
190.161.236.41 - - [05/Mar/2018:10:51:11 -0300] "GET /cormun/servlet/solicitudotadjuntos?c5f36e82064a4a27876ad25e0550fe1b15e2d4883195b4506e48bde6124979ec,gx-no-cache=1520257823138 HTTP/1.1" 200 30
190.161.236.41 - - [05/Mar/2018:10:51:12 -0300] "POST /cormun/servlet/solicitudotadjuntos?2464b47d5d0f0b7e9492401479510c31,INS,2018,9989,,1, HTTP/1.1" 200 116
190.161.236.41 - - [05/Mar/2018:10:51:12 -0300] "GET /cormun/servlet/hpexe_return? HTTP/1.1" 200 1027
190.161.236.41 - - [05/Mar/2018:10:51:12 -0300] "GET /cormun/servlet/trsolicitudadjuntos?2018,9989, HTTP/1.1" 200 8811
190.161.236.41 - - [05/Mar/2018:10:51:13 -0300] "GET /cormun/servlet/trsolicitudadjuntos?2018,9989, HTTP/1.1" 200 8810
186.103.159.188 - - [05/Mar/2018:10:51:15 -0300] "GET /cormun/servlet/solicitudotadjuntos?INS,2018,9989,,1, HTTP/1.1" 200 6191
186.103.159.188 - - [05/Mar/2018:10:51:15 -0300] "GET /cormun/static/about:blank HTTP/1.1" 404 1011
186.103.159.188 - - [05/Mar/2018:10:51:15 -0300] "GET /cormun/servlet/solicitudotadjuntos?INS,2018,9989,,1, HTTP/1.1" 200 6185
186.103.159.188 - - [05/Mar/2018:10:51:16 -0300] "GET /cormun/servlet/solicitudotadjuntos?c5f36e82064a4a27876ad25e0550fe1b9752acad5c8dfb5b3728c38613dadf7425c618fa706700ce6b27d232e589f176,gx-no-cache=1520257827662 HTTP/1.1" 200 30
186.103.159.188 - - [05/Mar/2018:10:51:17 -0300] "POST /cormun/servlet/solicitudotadjuntos?2464b47d5d0f0b7e9492401479510c31,INS,2018,9989,,1,,gx-no-cache=1520257827741 HTTP/1.1" 200 4024
186.103.159.188 - - [05/Mar/2018:10:51:19 -0300] "POST /cormun/servlet/solicitudotadjuntos?gx-no-cache=1520257830851 HTTP/1.1" 200 26
192.168.10.89 - - [05/Mar/2018:10:51:23 -0300] "POST /cormun/servlet/trsolicitudgral?82a5d372e7df397d62e7f4de7527a758,,gx-no-cache=1520257723409 HTTP/1.1" 200 5883
186.103.156.24 - - [05/Mar/2018:10:51:28 -0300] "GET /cormun/servlet/solicitudotadjuntos?1d8b694a30e5ab8ee2babbd1048c9ee81cd528735a2997ce96b56864c9940362,gx-no-cache=1520257839001 HTTP/1.1" 200 30
186.103.156.24 - - [05/Mar/2018:10:51:28 -0300] "GET /cormun/servlet/solicitudotadjuntos?1d8b694a30e5ab8ee2babbd1048c9ee81cd528735a2997ce96b56864c9940362,gx-no-cache=1520257839039 HTTP/1.1" 200 30
186.103.159.188 - - [05/Mar/2018:10:51:30 -0300] "GET /cormun/servlet/solicitudotadjuntos?c5f36e82064a4a27876ad25e0550fe1b15e2d4883195b4506e48bde6124979ec,gx-no-cache=1520257841859 HTTP/1.1" 200 30
186.103.159.188 - - [05/Mar/2018:10:51:30 -0300] "GET /cormun/servlet/solicitudotadjuntos?c5f36e82064a4a27876ad25e0550fe1b15e2d4883195b4506e48bde6124979ec,gx-no-cache=1520257841879 HTTP/1.1" 200 30
186.103.159.188 - - [05/Mar/2018:10:51:31 -0300] "POST /cormun/servlet/solicitudotadjuntos?2464b47d5d0f0b7e9492401479510c31,INS,2018,9989,,1, HTTP/1.1" 200 116
186.103.159.188 - - [05/Mar/2018:10:51:31 -0300] "GET /cormun/servlet/hpexe_return? HTTP/1.1" 200 1027
186.103.159.188 - - [05/Mar/2018:10:51:31 -0300] "GET /cormun/servlet/trsolicitudadjuntos?2018,9989, HTTP/1.1" 200 8983
192.168.10.89 - - [05/Mar/2018:10:51:32 -0300] "POST /cormun/servlet/trsolicitudgral?82a5d372e7df397d62e7f4de7527a758,,gx-no-cache=1520257731714 HTTP/1.1" 200 5880
186.103.159.188 - - [05/Mar/2018:10:51:32 -0300] "GET /cormun/servlet/trsolicitudadjuntos?2018,9989, HTTP/1.1" 200 8982
190.161.236.41 - - [05/Mar/2018:10:51:35 -0300] "GET /cormun/servlet/solicitudotadjuntos?INS,2018,9989,,1, HTTP/1.1" 200 6191
186.103.156.24 - - [05/Mar/2018:10:51:35 -0300] "POST /cormun/servlet/solicitudotadjuntos?0cc994f8f5cfeac48bba73b46c1bd8a0,INS,2018,9987,,1, HTTP/1.1" 200 6460
190.161.236.41 - - [05/Mar/2018:10:51:35 -0300] "GET /cormun/static/about:blank HTTP/1.1" 404 1011
186.103.159.188 - - [05/Mar/2018:10:51:35 -0300] "GET /cormun/servlet/solicitudotadjuntos?INS,2018,9989,,1, HTTP/1.1" 200 6185
186.103.159.188 - - [05/Mar/2018:10:51:36 -0300] "GET /cormun/servlet/solicitudotadjuntos?c5f36e82064a4a27876ad25e0550fe1b9752acad5c8dfb5b3728c38613dadf7425c618fa706700ce6b27d232e589f176,gx-no-cache=1520257847430 HTTP/1.1" 200 30
186.103.159.188 - - [05/Mar/2018:10:51:36 -0300] "POST /cormun/servlet/solicitudotadjuntos?2464b47d5d0f0b7e9492401479510c31,INS,2018,9989,,1,,gx-no-cache=1520257847466 HTTP/1.1" 200 4024
186.103.159.188 - - [05/Mar/2018:10:51:39 -0300] "POST /cormun/servlet/solicitudotadjuntos?gx-no-cache=1520257850107 HTTP/1.1" 200 26
192.168.10.89 - - [05/Mar/2018:10:51:39 -0300] "POST /cormun/servlet/trsolicitudgral?82a5d372e7df397d62e7f4de7527a758,,gx-no-cache=1520257739065 HTTP/1.1" 200 7240
186.103.156.24 - - [05/Mar/2018:10:51:43 -0300] "GET /cormun/PrivateTempStorage/upload_00001881.jpg HTTP/1.1" 200 394163
186.103.156.24 - - [05/Mar/2018:10:51:52 -0300] "POST /cormun/servlet/solicitudotadjuntos?gx-no-cache=1520257863455 HTTP/1.1" 200 26
186.103.159.188 - - [05/Mar/2018:10:51:53 -0300] "GET /cormun/servlet/solicitudotadjuntos?c5f36e82064a4a27876ad25e0550fe1b15e2d4883195b4506e48bde6124979ec,gx-no-cache=1520257864795 HTTP/1.1" 200 30
186.103.159.188 - - [05/Mar/2018:10:51:53 -0300] "GET /cormun/servlet/solicitudotadjuntos?c5f36e82064a4a27876ad25e0550fe1b15e2d4883195b4506e48bde6124979ec,gx-no-cache=1520257864850 HTTP/1.1" 200 30
186.103.159.43 - - [05/Mar/2018:10:51:54 -0300] "GET /cormun/servlet/solicitudot?cb38d414940a7ce3ab12812d19020eceddc55ede6ef4d3ab9c2fb808443fa9a4,gx-no-cache=1520257866061 HTTP/1.1" 200 53
186.103.159.188 - - [05/Mar/2018:10:51:55 -0300] "POST /cormun/servlet/solicitudotadjuntos?2464b47d5d0f0b7e9492401479510c31,INS,2018,9989,,1, HTTP/1.1" 200 116
186.103.159.188 - - [05/Mar/2018:10:51:55 -0300] "GET /cormun/servlet/hpexe_return? HTTP/1.1" 200 1027
186.103.159.188 - - [05/Mar/2018:10:51:55 -0300] "GET /cormun/servlet/trsolicitudadjuntos?2018,9989, HTTP/1.1" 200 9194
186.103.159.188 - - [05/Mar/2018:10:51:55 -0300] "GET /cormun/servlet/trsolicitudadjuntos?2018,9989, HTTP/1.1" 200 9189
186.103.156.24 - - [05/Mar/2018:10:51:56 -0300] "GET /cormun/servlet/trsolicitudadjuntos?2018,9987, HTTP/1.1" 200 8690
186.103.156.24 - - [05/Mar/2018:10:51:56 -0300] "GET /cormun/servlet/trsolicitudadjuntos?2018,9987, HTTP/1.1" 200 8686
192.168.10.89 - - [05/Mar/2018:10:51:58 -0300] "POST /cormun/servlet/trsolicitudgral?82a5d372e7df397d62e7f4de7527a758,,gx-no-cache=1520257757552 HTTP/1.1" 200 7548
186.103.159.188 - - [05/Mar/2018:10:51:58 -0300] "GET /cormun/servlet/solicitudotadjuntos?INS,2018,9989,,1, HTTP/1.1" 200 6190
190.161.236.41 - - [05/Mar/2018:10:51:59 -0300] "GET /cormun/servlet/solicitudotadjuntos?INS,2018,9989,,1, HTTP/1.1" 200 6184
186.103.159.188 - - [05/Mar/2018:10:51:59 -0300] "GET /cormun/static/about:blank HTTP/1.1" 404 1011
186.103.159.188 - - [05/Mar/2018:10:51:59 -0300] "GET /cormun/servlet/solicitudotadjuntos?c5f36e82064a4a27876ad25e0550fe1b9752acad5c8dfb5b3728c38613dadf7425c618fa706700ce6b27d232e589f176,gx-no-cache=1520257870700 HTTP/1.1" 200 30
186.103.159.188 - - [05/Mar/2018:10:51:59 -0300] "POST /cormun/servlet/solicitudotadjuntos?2464b47d5d0f0b7e9492401479510c31,INS,2018,9989,,1,,gx-no-cache=1520257871039 HTTP/1.1" 200 4024
192.168.10.89 - - [05/Mar/2018:10:52:02 -0300] "POST /cormun/servlet/trsolicitudgral?82a5d372e7df397d62e7f4de7527a758,,gx-no-cache=1520257762401 HTTP/1.1" 200 8425
186.103.159.188 - - [05/Mar/2018:10:52:04 -0300] "POST /cormun/servlet/solicitudotadjuntos?gx-no-cache=1520257876091 HTTP/1.1" 200 26
192.168.10.89 - - [05/Mar/2018:10:52:12 -0300] "POST /cormun/servlet/trsolicitudgral?82a5d372e7df397d62e7f4de7527a758,,gx-no-cache=1520257771650 HTTP/1.1" 200 5885
186.103.159.188 - - [05/Mar/2018:10:52:12 -0300] "GET /cormun/servlet/solicitudotadjuntos?c5f36e82064a4a27876ad25e0550fe1b15e2d4883195b4506e48bde6124979ec,gx-no-cache=1520257883499 HTTP/1.1" 200 30
186.103.159.188 - - [05/Mar/2018:10:52:12 -0300] "GET /cormun/servlet/solicitudotadjuntos?c5f36e82064a4a27876ad25e0550fe1b15e2d4883195b4506e48bde6124979ec,gx-no-cache=1520257883527 HTTP/1.1" 200 30
186.103.132.155 - - [05/Mar/2018:10:52:14 -0300] "GET /cormun/static/menuarrow.gif HTTP/1.1" 404 1015
186.103.156.24 - - [05/Mar/2018:10:52:14 -0300] "GET /cormun/servlet/solicitudotadjuntos?INS,2018,9987,,2, HTTP/1.1" 200 6264
186.103.156.24 - - [05/Mar/2018:10:52:15 -0300] "GET /cormun/static/about:blank HTTP/1.1" 404 1011
186.103.156.24 - - [05/Mar/2018:10:52:15 -0300] "GET /cormun/servlet/solicitudotadjuntos?INS,2018,9987,,2, HTTP/1.1" 200 6258
192.168.10.89 - - [05/Mar/2018:10:52:15 -0300] "POST /cormun/servlet/trsolicitudgral?82a5d372e7df397d62e7f4de7527a758,,gx-no-cache=1520257774768 HTTP/1.1" 200 13412
186.103.156.24 - - [05/Mar/2018:10:52:15 -0300] "GET /cormun/servlet/solicitudotadjuntos?1d8b694a30e5ab8ee2babbd1048c9ee892031b8454c84e432a6c04f218abd805015a2bffee063e905f286dce5a8c92aa,gx-no-cache=1520257886496 HTTP/1.1" 200 30
186.103.156.24 - - [05/Mar/2018:10:52:15 -0300] "POST /cormun/servlet/solicitudotadjuntos?0cc994f8f5cfeac48bba73b46c1bd8a0,INS,2018,9987,,2,,gx-no-cache=1520257886529 HTTP/1.1" 200 4200
