192.168.10.56 - - [05/Mar/2018:12:24:02 -0300] "GET /cormun/servlet/solicitudgral2?75dde68c758b52f41702dfca75180dc07588851d30772468ee2d871a3af42ab54c9ef58ca02e0b66fa10a59b260a7bc914bcaeac22fa27ff2fbd75f32e2a20a6f2d12b89b1959beab920cbad7121d3757a29dfff3071923bfd8f1d6fe5df87cdda8d07c6e92ad5b9b6d1d51549a73f26,gx-no-cache=1520263281776 HTTP/1.1" 200 41
192.168.10.56 - - [05/Mar/2018:12:24:03 -0300] "POST /cormun/servlet/solicitudgral2?c967522d3182b5c31d5a761c445aa71a,UPD,2018,9911,,gx-no-cache=1520263282713 HTTP/1.1" 200 11853
192.168.10.56 - - [05/Mar/2018:12:24:03 -0300] "GET /cormun/servlet/solicitudgral2?75dde68c758b52f41702dfca75180dc0e4c44fae6426ccf31aaf863750db90a923f6cafd1766be75fc5c4c8b194a2ce0346b99d90dd88906ee520b61edc4ccd249a556f0a364e3274cee89dc388d33dd12fec81704d5c6ed4f515c01e882ca4a4d235d222dfdddf154c902ce7b3102bd,gx-no-cache=1520263282872 HTTP/1.1" 200 29
192.168.10.56 - - [05/Mar/2018:12:24:03 -0300] "POST /cormun/servlet/solicitudgral2?gx-no-cache=1520263282886 HTTP/1.1" 200 1297
192.168.10.56 - - [05/Mar/2018:12:24:03 -0300] "POST /cormun/servlet/solicitudgral2?gx-no-cache=1520263282915 HTTP/1.1" 200 1219
192.168.10.56 - - [05/Mar/2018:12:24:18 -0300] "GET /cormun/servlet/solicitudgral2?75dde68c758b52f41702dfca75180dc04b443ed9daef2a8823f4f43ca9e96ae74889c75f16eca79337c7ef262d75917e62952ede6f7a500fe75e923051f4e9a25e799fa8dbdd6eaf4ee56788846d1630fe119adb9f5f8e252ee0f9a277af9d00d24b426f5eea62855a15b687b0eb25696da8178c96f9618172b55e874fb1f2ec,gx-no-cache=1520263298342 HTTP/1.1" 200 30
192.168.10.56 - - [05/Mar/2018:12:24:18 -0300] "POST /cormun/servlet/solicitudgral2?c967522d3182b5c31d5a761c445aa71a,UPD,2018,9911,,gx-no-cache=1520263298358 HTTP/1.1" 200 93
192.168.10.56 - - [05/Mar/2018:12:24:18 -0300] "GET /cormun/servlet/hpexe_return? HTTP/1.1" 200 1017
192.168.10.56 - - [05/Mar/2018:12:24:19 -0300] "GET /cormun/servlet/trsolicitudgral? HTTP/1.1" 200 15829
192.168.10.56 - - [05/Mar/2018:12:24:19 -0300] "GET /cormun/servlet/trsolicitudgral? HTTP/1.1" 200 15825
192.168.10.56 - - [05/Mar/2018:12:24:25 -0300] "POST /cormun/servlet/trsolicitudgral?c967522d3182b5c31d5a761c445aa71a,,gx-no-cache=1520263305077 HTTP/1.1" 200 12895
192.168.10.56 - - [05/Mar/2018:12:24:25 -0300] "GET /cormun/static/Shared/jqueryui/images/ui-bg_highlight-soft_100_c6c2c8_1x100.png HTTP/1.1" 404 1117
192.168.10.56 - - [05/Mar/2018:12:24:25 -0300] "GET /cormun/static/Shared/jqueryui/images/ui-icons_82798d_256x240.png HTTP/1.1" 404 1089
192.168.10.56 - - [05/Mar/2018:12:24:25 -0300] "GET /cormun/static/Shared/jqueryui/images/ui-bg_flat_55_fafafa_40x100.png HTTP/1.1" 404 1097
192.168.10.56 - - [05/Mar/2018:12:24:25 -0300] "GET /cormun/static/Shared/jqueryui/images/ui-icons_8d78a5_256x240.png HTTP/1.1" 404 1089
186.103.157.246 - - [05/Mar/2018:12:24:27 -0300] "GET /cormun/servlet/licenciaspermisos?INS,0,,, HTTP/1.1" 200 6745
186.103.157.246 - - [05/Mar/2018:12:24:41 -0300] "GET /cormun/servlet/licenciaspermisos?INS,0,,, HTTP/1.1" 200 6756
186.103.157.246 - - [05/Mar/2018:12:24:42 -0300] "GET /cormun/servlet/hlogin HTTP/1.1" 200 1750
192.168.10.56 - - [05/Mar/2018:12:24:53 -0300] "POST /cormun/servlet/trsolicitudgral?c967522d3182b5c31d5a761c445aa71a,,gx-no-cache=1520263333331 HTTP/1.1" 200 14334
186.103.157.246 - - [05/Mar/2018:12:25:00 -0300] "POST /cormun/servlet/hlogin?409b293fd48b5ef28d70474efc08719e,gx-no-cache=1520263452640 HTTP/1.1" 200 90
186.103.157.246 - - [05/Mar/2018:12:25:06 -0300] "GET /cormun/servlet/hpexe_link HTTP/1.1" 200 971
186.103.157.246 - - [05/Mar/2018:12:25:08 -0300] "GET /cormun/servlet/licenciaspermisos?INS,0,,, HTTP/1.1" 200 7483
186.67.203.186 - - [05/Mar/2018:12:25:11 -0300] "GET /cormun/servlet/hlogin HTTP/1.1" 200 1720
186.103.157.246 - - [05/Mar/2018:12:25:12 -0300] "GET /cormun/servlet/licenciaspermisos?INS,0,,, HTTP/1.1" 200 7490
186.67.203.186 - - [05/Mar/2018:12:25:17 -0300] "POST /cormun/servlet/hlogin?516ec1e7fae1310d0caaf1357bc48578,gx-no-cache=1520263471944 HTTP/1.1" 200 90
186.67.203.186 - - [05/Mar/2018:12:25:17 -0300] "GET /cormun/servlet/hpexe_link HTTP/1.1" 200 948
186.103.157.246 - - [05/Mar/2018:12:25:17 -0300] "GET /cormun/servlet/trautorizarsolicitud? HTTP/1.1" 200 8948
186.67.203.186 - - [05/Mar/2018:12:25:17 -0300] "GET /cormun/servlet/hhome HTTP/1.1" 200 4049
186.67.203.186 - - [05/Mar/2018:12:25:18 -0300] "GET /cormun/servlet/hhome HTTP/1.1" 200 4045
186.103.157.246 - - [05/Mar/2018:12:25:22 -0300] "GET /cormun/servlet/trautorizarsolicitud? HTTP/1.1" 200 8936
186.67.203.186 - - [05/Mar/2018:12:25:23 -0300] "GET /cormun/servlet/trsolicitudot? HTTP/1.1" 200 7262
186.67.203.186 - - [05/Mar/2018:12:25:24 -0300] "GET /cormun/servlet/trsolicitudot? HTTP/1.1" 200 7262
192.168.10.56 - - [05/Mar/2018:12:25:26 -0300] "POST /cormun/servlet/trsolicitudgral?c967522d3182b5c31d5a761c445aa71a,,gx-no-cache=1520263365703 HTTP/1.1" 200 12861
186.103.132.155 - - [05/Mar/2018:12:25:26 -0300] "GET /cormun/servlet/solicitudot?INS,0,0, HTTP/1.1" 200 13505
186.103.132.155 - - [05/Mar/2018:12:25:27 -0300] "GET /cormun/servlet/solicitudot?INS,0,0, HTTP/1.1" 200 13510
186.103.157.246 - - [05/Mar/2018:12:25:38 -0300] "POST /cormun/servlet/trautorizarsolicitud?409b293fd48b5ef28d70474efc08719e,,gx-no-cache=1520263481390 HTTP/1.1" 200 5767
186.103.161.206 - - [05/Mar/2018:12:25:39 -0300] "POST /cormun/servlet/solicitudot?gx-no-cache=1520263493596 HTTP/1.1" 200 3293
186.103.161.206 - - [05/Mar/2018:12:25:39 -0300] "POST /cormun/servlet/solicitudot?516ec1e7fae1310d0caaf1357bc48578,INS,0,0,,gx-no-cache=1520263493845 HTTP/1.1" 200 10444
192.168.10.56 - - [05/Mar/2018:12:25:40 -0300] "GET /cormun/servlet/hlogin HTTP/1.1" 200 1740
192.168.10.56 - - [05/Mar/2018:12:25:45 -0300] "POST /cormun/servlet/hlogin?c967522d3182b5c31d5a761c445aa71a,gx-no-cache=1520263385110 HTTP/1.1" 200 90
192.168.10.56 - - [05/Mar/2018:12:25:45 -0300] "GET /cormun/servlet/hpexe_link HTTP/1.1" 200 952
192.168.10.56 - - [05/Mar/2018:12:25:45 -0300] "GET /cormun/servlet/hhome HTTP/1.1" 200 3820
192.168.10.56 - - [05/Mar/2018:12:25:45 -0300] "GET /cormun/servlet/hhome HTTP/1.1" 200 3819
186.103.161.206 - - [05/Mar/2018:12:25:46 -0300] "GET /cormun/servlet/solicitudot?cedc5fea418a3fd589ae7c1b1a24ed4e1dd48f52ef8f703629e2c01075753aa3165e487c4e6f22d3d80237686d35910c,gx-no-cache=1520263500407 HTTP/1.1" 200 30
192.168.10.56 - - [05/Mar/2018:12:25:48 -0300] "GET /cormun/servlet/trautorizarot? HTTP/1.1" 200 9528
192.168.10.56 - - [05/Mar/2018:12:25:48 -0300] "GET /cormun/servlet/trautorizarot? HTTP/1.1" 200 9526
192.168.10.56 - - [05/Mar/2018:12:25:54 -0300] "POST /cormun/servlet/trautorizarot?c967522d3182b5c31d5a761c445aa71a,,gx-no-cache=1520263394205 HTTP/1.1" 200 5329
186.103.157.246 - - [05/Mar/2018:12:25:55 -0300] "GET /cormun/static/Shared/jqueryui/images/ui-bg_highlight-soft_100_c6c2c8_1x100.png HTTP/1.1" 404 1117
200.86.95.220 - - [05/Mar/2018:12:25:55 -0300] "POST /cormun/servlet/solicitudotadjuntos?gx-no-cache=1520263509377 HTTP/1.1" 200 26
192.168.10.56 - - [05/Mar/2018:12:25:56 -0300] "GET /cormun/servlet/hlogin HTTP/1.1" 200 1739
186.103.157.246 - - [05/Mar/2018:12:25:57 -0300] "GET /cormun/static/Shared/jqueryui/images/ui-icons_82798d_256x240.png HTTP/1.1" 404 1089
186.103.157.246 - - [05/Mar/2018:12:26:00 -0300] "GET /cormun/static/Shared/jqueryui/images/ui-bg_flat_55_fafafa_40x100.png HTTP/1.1" 404 1097
186.103.157.246 - - [05/Mar/2018:12:26:00 -0300] "GET /cormun/static/Shared/jqueryui/images/ui-icons_8d78a5_256x240.png HTTP/1.1" 404 1089
200.86.95.220 - - [05/Mar/2018:12:26:03 -0300] "GET /cormun/servlet/solicitudotadjuntos?0c7f4bde593e7a2993570d81cc229f0bb6365850991a852943d7b36357dcea10,gx-no-cache=1520263517066 HTTP/1.1" 200 30
200.86.95.220 - - [05/Mar/2018:12:26:03 -0300] "GET /cormun/servlet/solicitudotadjuntos?0c7f4bde593e7a2993570d81cc229f0bb6365850991a852943d7b36357dcea10,gx-no-cache=1520263517105 HTTP/1.1" 200 30
200.86.95.220 - - [05/Mar/2018:12:26:04 -0300] "POST /cormun/servlet/solicitudotadjuntos?9a8bf5951136b49a6ff8f22a17dd5638,INS,2018,9997,,1, HTTP/1.1" 200 116
200.86.95.220 - - [05/Mar/2018:12:26:04 -0300] "GET /cormun/servlet/hpexe_return? HTTP/1.1" 200 1022
200.86.95.220 - - [05/Mar/2018:12:26:04 -0300] "GET /cormun/servlet/trsolicitudadjuntos?2018,9997, HTTP/1.1" 200 8414
200.86.95.220 - - [05/Mar/2018:12:26:05 -0300] "GET /cormun/servlet/trsolicitudadjuntos?2018,9997, HTTP/1.1" 200 8411
186.103.157.246 - - [05/Mar/2018:12:26:08 -0300] "POST /cormun/servlet/trautorizarsolicitud?409b293fd48b5ef28d70474efc08719e,,gx-no-cache=1520263507093 HTTP/1.1" 200 5713
200.86.95.220 - - [05/Mar/2018:12:26:08 -0300] "GET /cormun/servlet/solicitudotadjuntos?INS,2018,9997,,1, HTTP/1.1" 200 5984
200.86.95.220 - - [05/Mar/2018:12:26:08 -0300] "GET /cormun/static/about:blank HTTP/1.1" 404 1011
200.86.95.220 - - [05/Mar/2018:12:26:09 -0300] "GET /cormun/servlet/solicitudotadjuntos?INS,2018,9997,,1, HTTP/1.1" 200 5978
200.86.95.220 - - [05/Mar/2018:12:26:09 -0300] "GET /cormun/servlet/solicitudotadjuntos?0c7f4bde593e7a2993570d81cc229f0ba79f51c7e918d716c48c11b7e494435e985210b08fcb553174702876d1522d1d,gx-no-cache=1520263523371 HTTP/1.1" 200 30
200.86.95.220 - - [05/Mar/2018:12:26:09 -0300] "POST /cormun/servlet/solicitudotadjuntos?9a8bf5951136b49a6ff8f22a17dd5638,INS,2018,9997,,1,,gx-no-cache=1520263523424 HTTP/1.1" 200 3822
200.86.95.220 - - [05/Mar/2018:12:26:13 -0300] "POST /cormun/servlet/solicitudotadjuntos?gx-no-cache=1520263527305 HTTP/1.1" 200 26
186.103.157.246 - - [05/Mar/2018:12:26:14 -0300] "POST /cormun/servlet/trautorizarsolicitud?409b293fd48b5ef28d70474efc08719e,,gx-no-cache=1520263525845 HTTP/1.1" 200 4603
186.103.157.246 - - [05/Mar/2018:12:26:20 -0300] "POST /cormun/servlet/trautorizarsolicitud?409b293fd48b5ef28d70474efc08719e,,gx-no-cache=1520263528941 HTTP/1.1" 200 4388
200.86.95.220 - - [05/Mar/2018:12:26:20 -0300] "GET /cormun/servlet/solicitudotadjuntos?0c7f4bde593e7a2993570d81cc229f0bb6365850991a852943d7b36357dcea10,gx-no-cache=1520263534081 HTTP/1.1" 200 30
200.86.95.220 - - [05/Mar/2018:12:26:20 -0300] "GET /cormun/servlet/solicitudotadjuntos?0c7f4bde593e7a2993570d81cc229f0bb6365850991a852943d7b36357dcea10,gx-no-cache=1520263534120 HTTP/1.1" 200 30
200.86.95.220 - - [05/Mar/2018:12:26:20 -0300] "POST /cormun/servlet/solicitudotadjuntos?9a8bf5951136b49a6ff8f22a17dd5638,INS,2018,9997,,1, HTTP/1.1" 200 116
200.86.95.220 - - [05/Mar/2018:12:26:21 -0300] "GET /cormun/servlet/hpexe_return? HTTP/1.1" 200 1022
200.86.95.220 - - [05/Mar/2018:12:26:21 -0300] "GET /cormun/servlet/trsolicitudadjuntos?2018,9997, HTTP/1.1" 200 8620
200.86.95.220 - - [05/Mar/2018:12:26:22 -0300] "GET /cormun/servlet/trsolicitudadjuntos?2018,9997, HTTP/1.1" 200 8618
200.86.95.220 - - [05/Mar/2018:12:26:25 -0300] "GET /cormun/servlet/solicitudotadjuntos?INS,2018,9997,,1, HTTP/1.1" 200 5984
200.86.95.220 - - [05/Mar/2018:12:26:26 -0300] "GET /cormun/static/about:blank HTTP/1.1" 404 1011
200.86.95.220 - - [05/Mar/2018:12:26:26 -0300] "GET /cormun/servlet/solicitudotadjuntos?INS,2018,9997,,1, HTTP/1.1" 200 5978
200.86.95.220 - - [05/Mar/2018:12:26:26 -0300] "GET /cormun/servlet/solicitudotadjuntos?0c7f4bde593e7a2993570d81cc229f0ba79f51c7e918d716c48c11b7e494435e985210b08fcb553174702876d1522d1d,gx-no-cache=1520263540442 HTTP/1.1" 200 30
200.86.95.220 - - [05/Mar/2018:12:26:26 -0300] "POST /cormun/servlet/solicitudotadjuntos?9a8bf5951136b49a6ff8f22a17dd5638,INS,2018,9997,,1,,gx-no-cache=1520263540493 HTTP/1.1" 200 3822
200.86.95.220 - - [05/Mar/2018:12:26:30 -0300] "POST /cormun/servlet/solicitudotadjuntos?gx-no-cache=1520263543896 HTTP/1.1" 200 26
186.103.159.43 - - [05/Mar/2018:12:26:32 -0300] "GET /cormun/servlet/solicitudot?0b818e75bb2899227b9166783ff8366553ec9de01f298c623428f67bb66ea905f3fb18945d2c66edde17e73b468840a5,gx-no-cache=1520263543666 HTTP/1.1" 200 30
186.103.159.43 - - [05/Mar/2018:12:26:32 -0300] "POST /cormun/servlet/solicitudot?gx-no-cache=1520263543729 HTTP/1.1" 200 297
186.103.159.43 - - [05/Mar/2018:12:26:32 -0300] "GET /cormun/servlet/solicitudot?0b818e75bb2899227b9166783ff8366561be69df75b28258be49802d41018a7ff61506cc8c8bb45656aabf2b7c52b377586e22f9b456c2f3f7af68080f9881fcb75d7c2a1b6217e0896cff6b71bc424de3ac87c8be63181cb2b6ece5a5ce4c98a6cc644ee26a7496de9fe6fe90cd7dc4cadd3ba74e0b3fbfb8fcfb4c3265ee63282f1146446f5062ce3fef8f38e0e512c26972bc1446a3674cbac4e66ca19f47d68c33ea095e566dec9c43ee3b009e5df77548601f21fa7348e7342e635f36c5cee3aa6b2e32a05c6f34ee9c7f3cc45e7c1024a73374e36004452fa173a2e9f59581249c93ce03e789f7f55cf947bfb96395000bdc7dd694716b620f48c71ff6c28492544e1ccad82ccbba69d1b931c40ad1f21c8efd08d2b4b5d4063d8a37b7582701e3b46bc02f5835d0b253bf1692eb1add6c5582e4d32809775ed3b3230b8c28d354f451647bd7fc21cd34d30380d07d4c5afd71f41e8bca024228f5a8e5ea98af3cc8ca7c86afcabf3b2511298d71a280510f2600371814ad8a9e07f6fa6b7561199eceb2a5bc1e629bad4de692,gx-no-cache=1520263543781 HTTP/1.1" 200 30
186.103.159.43 - - [05/Mar/2018:12:26:32 -0300] "POST /cormun/servlet/solicitudot?gx-no-cache=1520263543815 HTTP/1.1" 200 30
186.103.159.43 - - [05/Mar/2018:12:26:32 -0300] "POST /cormun/servlet/solicitudot?gx-no-cache=1520263543860 HTTP/1.1" 200 1334
186.103.159.43 - - [05/Mar/2018:12:26:32 -0300] "POST /cormun/servlet/solicitudot?gx-no-cache=1520263543956 HTTP/1.1" 200 41
186.103.159.43 - - [05/Mar/2018:12:26:32 -0300] "POST /cormun/servlet/solicitudot?gx-no-cache=1520263543991 HTTP/1.1" 200 1318
186.103.159.43 - - [05/Mar/2018:12:26:32 -0300] "POST /cormun/servlet/solicitudot?gx-no-cache=1520263544040 HTTP/1.1" 200 1218
186.103.159.43 - - [05/Mar/2018:12:26:32 -0300] "GET /cormun/servlet/solicitudot?0b818e75bb2899227b9166783ff83665a3173fb8a348b69d9850b651b327ca123674a6559c95b8d3c78199d38ff48114,gx-no-cache=1520263544104 HTTP/1.1" 200 30
186.103.159.43 - - [05/Mar/2018:12:26:32 -0300] "POST /cormun/servlet/solicitudot?gx-no-cache=1520263544164 HTTP/1.1" 200 30
186.103.159.43 - - [05/Mar/2018:12:26:33 -0300] "POST /cormun/servlet/solicitudot?fa76641718bcd52960167df3cfad8ae6,INS,0,0,,gx-no-cache=1520263544232 HTTP/1.1" 200 12264
200.86.95.220 - - [05/Mar/2018:12:26:38 -0300] "GET /cormun/servlet/solicitudotadjuntos?0c7f4bde593e7a2993570d81cc229f0bb6365850991a852943d7b36357dcea10,gx-no-cache=1520263551649 HTTP/1.1" 200 30
200.86.95.220 - - [05/Mar/2018:12:26:38 -0300] "GET /cormun/servlet/solicitudotadjuntos?0c7f4bde593e7a2993570d81cc229f0bb6365850991a852943d7b36357dcea10,gx-no-cache=1520263551707 HTTP/1.1" 200 30
186.103.157.42 - - [05/Mar/2018:12:26:38 -0300] "POST /cormun/servlet/trautorizarsolicitud?6b2cb732746e89c383b365c265624f71,,gx-no-cache=1520263555339 HTTP/1.1" 200 22605
200.86.95.220 - - [05/Mar/2018:12:26:38 -0300] "POST /cormun/servlet/solicitudotadjuntos?9a8bf5951136b49a6ff8f22a17dd5638,INS,2018,9997,,1, HTTP/1.1" 200 116
200.86.95.220 - - [05/Mar/2018:12:26:38 -0300] "GET /cormun/servlet/hpexe_return? HTTP/1.1" 200 1022
200.86.95.220 - - [05/Mar/2018:12:26:39 -0300] "GET /cormun/servlet/trsolicitudadjuntos?2018,9997, HTTP/1.1" 200 8792
200.86.95.220 - - [05/Mar/2018:12:26:40 -0300] "GET /cormun/servlet/trsolicitudadjuntos?2018,9997, HTTP/1.1" 200 8789
200.86.95.220 - - [05/Mar/2018:12:26:42 -0300] "GET /cormun/servlet/solicitudotadjuntos?INS,2018,9997,,1, HTTP/1.1" 200 5984
200.86.95.220 - - [05/Mar/2018:12:26:42 -0300] "GET /cormun/static/about:blank HTTP/1.1" 404 1011
200.86.95.220 - - [05/Mar/2018:12:26:42 -0300] "GET /cormun/servlet/solicitudotadjuntos?INS,2018,9997,,1, HTTP/1.1" 200 5978
200.111.122.170 - - [05/Mar/2018:12:26:43 -0300] "GET /cormun/servlet/solicitudot?cedc5fea418a3fd589ae7c1b1a24ed4eeccc19ac65a74ebf1223b83ed09b4a9a,gx-no-cache=1520263557379 HTTP/1.1" 200 94
200.111.122.170 - - [05/Mar/2018:12:26:43 -0300] "GET /cormun/static/Shared/jqueryui/images/ui-bg_highlight-soft_100_c6c2c8_1x100.png HTTP/1.1" 404 1117
200.111.122.170 - - [05/Mar/2018:12:26:43 -0300] "GET /cormun/static/Shared/jqueryui/images/ui-icons_82798d_256x240.png HTTP/1.1" 404 1089
200.111.122.170 - - [05/Mar/2018:12:26:43 -0300] "GET /cormun/static/Shared/jqueryui/images/ui-icons_ebccce_256x240.png HTTP/1.1" 404 1089
200.72.197.82 - - [05/Mar/2018:12:26:43 -0300] "GET /cormun/static/Shared/jqueryui/images/ui-bg_flat_55_994d53_40x100.png HTTP/1.1" 404 1097
200.111.122.170 - - [05/Mar/2018:12:26:43 -0300] "GET /cormun/servlet/solicitudot?cedc5fea418a3fd589ae7c1b1a24ed4eec85808ac31fabef5ed486da4ca358ed,gx-no-cache=1520263557555 HTTP/1.1" 200 29
200.86.95.220 - - [05/Mar/2018:12:26:43 -0300] "GET /cormun/servlet/solicitudotadjuntos?0c7f4bde593e7a2993570d81cc229f0ba79f51c7e918d716c48c11b7e494435e985210b08fcb553174702876d1522d1d,gx-no-cache=1520263557045 HTTP/1.1" 200 30
200.86.95.220 - - [05/Mar/2018:12:26:44 -0300] "POST /cormun/servlet/solicitudotadjuntos?9a8bf5951136b49a6ff8f22a17dd5638,INS,2018,9997,,1,,gx-no-cache=1520263557093 HTTP/1.1" 200 3822
200.111.122.170 - - [05/Mar/2018:12:26:44 -0300] "GET /cormun/static/Resources/resize.gif HTTP/1.1" 200 77
200.111.122.170 - - [05/Mar/2018:12:26:44 -0300] "GET /cormun/servlet/prbanco?,MD,,gxPopupLevel%3D0%3B HTTP/1.1" 200 6470
200.111.122.170 - - [05/Mar/2018:12:26:44 -0300] "GET /cormun/static/gxcfg.js?20181161016094 HTTP/1.1" 200 953
200.72.197.82 - - [05/Mar/2018:12:26:44 -0300] "GET /cormun/static/Resources/PXToolsMenuSearch.png HTTP/1.1" 200 2914
186.67.203.186 - - [05/Mar/2018:12:26:44 -0300] "GET /cormun/static/Resources/PXToolsMenuSearchCancel.png HTTP/1.1" 200 2972
200.111.122.170 - - [05/Mar/2018:12:26:44 -0300] "GET /cormun/static/prbanco.js?2018116101633 HTTP/1.1" 200 10693
200.72.197.82 - - [05/Mar/2018:12:26:44 -0300] "GET /cormun/static/hmpwkw011.js?20177612121862 HTTP/1.1" 200 1968
186.67.203.186 - - [05/Mar/2018:12:26:44 -0300] "GET /cormun/static/menusearch.js?201610171694467 HTTP/1.1" 200 1424
200.111.122.170 - - [05/Mar/2018:12:26:46 -0300] "POST /cormun/servlet/acontrolpreferencessavestate?None,MSALGADO,true HTTP/1.1" 200 35
200.86.95.220 - - [05/Mar/2018:12:26:47 -0300] "POST /cormun/servlet/solicitudotadjuntos?gx-no-cache=1520263560767 HTTP/1.1" 200 26
200.111.122.170 - - [05/Mar/2018:12:26:51 -0300] "POST /cormun/servlet/prbanco?516ec1e7fae1310d0caaf1357bc48578,,MD,,gxPopupLevel%3D0%3B,gx-no-cache=1520263565426 HTTP/1.1" 200 2552
200.86.95.220 - - [05/Mar/2018:12:26:54 -0300] "GET /cormun/servlet/solicitudotadjuntos?0c7f4bde593e7a2993570d81cc229f0bb6365850991a852943d7b36357dcea10,gx-no-cache=1520263568305 HTTP/1.1" 200 30
200.86.95.220 - - [05/Mar/2018:12:26:54 -0300] "GET /cormun/servlet/solicitudotadjuntos?0c7f4bde593e7a2993570d81cc229f0bb6365850991a852943d7b36357dcea10,gx-no-cache=1520263568341 HTTP/1.1" 200 30
200.86.95.220 - - [05/Mar/2018:12:26:55 -0300] "POST /cormun/servlet/solicitudotadjuntos?9a8bf5951136b49a6ff8f22a17dd5638,INS,2018,9997,,1, HTTP/1.1" 200 116
200.86.95.220 - - [05/Mar/2018:12:26:55 -0300] "GET /cormun/servlet/hpexe_return? HTTP/1.1" 200 1022
200.111.122.170 - - [05/Mar/2018:12:26:56 -0300] "POST /cormun/servlet/prbanco?516ec1e7fae1310d0caaf1357bc48578,,MD,,gxPopupLevel%3D0%3B,gx-no-cache=1520263570392 HTTP/1.1" 200 2555
200.86.95.220 - - [05/Mar/2018:12:26:56 -0300] "GET /cormun/servlet/trsolicitudadjuntos?2018,9997, HTTP/1.1" 200 8943
200.86.95.220 - - [05/Mar/2018:12:26:57 -0300] "GET /cormun/servlet/trsolicitudadjuntos?2018,9997, HTTP/1.1" 200 8940
192.168.10.89 - - [05/Mar/2018:12:26:59 -0300] "GET /cormun/servlet/hlogin HTTP/1.1" 200 1741
200.86.95.220 - - [05/Mar/2018:12:27:00 -0300] "GET /cormun/servlet/solicitudotadjuntos?INS,2018,9997,,1, HTTP/1.1" 200 5984
200.86.95.220 - - [05/Mar/2018:12:27:01 -0300] "GET /cormun/static/about:blank HTTP/1.1" 404 1011
200.86.95.220 - - [05/Mar/2018:12:27:01 -0300] "GET /cormun/servlet/solicitudotadjuntos?INS,2018,9997,,1, HTTP/1.1" 200 5978
200.86.95.220 - - [05/Mar/2018:12:27:01 -0300] "GET /cormun/servlet/solicitudotadjuntos?0c7f4bde593e7a2993570d81cc229f0ba79f51c7e918d716c48c11b7e494435e985210b08fcb553174702876d1522d1d,gx-no-cache=1520263575288 HTTP/1.1" 200 30
200.86.95.220 - - [05/Mar/2018:12:27:01 -0300] "POST /cormun/servlet/solicitudotadjuntos?9a8bf5951136b49a6ff8f22a17dd5638,INS,2018,9997,,1,,gx-no-cache=1520263575339 HTTP/1.1" 200 3822
200.111.122.170 - - [05/Mar/2018:12:27:02 -0300] "POST /cormun/servlet/prbanco?516ec1e7fae1310d0caaf1357bc48578,,MD,,gxPopupLevel%3D0%3B,gx-no-cache=1520263577152 HTTP/1.1" 200 3871
200.111.122.170 - - [05/Mar/2018:12:27:08 -0300] "GET /cormun/servlet/solicitudot?cedc5fea418a3fd589ae7c1b1a24ed4ed74b9a105cbea0a8ffe0c08f5ef73def,gx-no-cache=1520263583009 HTTP/1.1" 200 53
192.168.10.89 - - [05/Mar/2018:12:27:09 -0300] "POST /cormun/servlet/hlogin?753823bb2c3fc1dfd10ab40f4d18bf02,gx-no-cache=1520263468955 HTTP/1.1" 200 90
192.168.10.89 - - [05/Mar/2018:12:27:09 -0300] "GET /cormun/servlet/hpexe_link HTTP/1.1" 200 954
192.168.10.89 - - [05/Mar/2018:12:27:09 -0300] "GET /cormun/servlet/hhome HTTP/1.1" 200 4147
192.168.10.89 - - [05/Mar/2018:12:27:12 -0300] "GET /cormun/servlet/trsolicitudot? HTTP/1.1" 200 7360
192.168.10.89 - - [05/Mar/2018:12:27:12 -0300] "GET /cormun/static/gxcfg.js?2017111422585916 HTTP/1.1" 304 -
200.111.122.170 - - [05/Mar/2018:12:27:17 -0300] "POST /cormun/servlet/solicitudot?516ec1e7fae1310d0caaf1357bc48578,INS,0,0,,gx-no-cache=1520263591537 HTTP/1.1" 200 10622
200.86.95.220 - - [05/Mar/2018:12:27:19 -0300] "POST /cormun/servlet/solicitudotadjuntos?gx-no-cache=1520263592689 HTTP/1.1" 200 26
192.168.10.89 - - [05/Mar/2018:12:27:21 -0300] "POST /cormun/servlet/trsolicitudot?753823bb2c3fc1dfd10ab40f4d18bf02,,gx-no-cache=1520263480695 HTTP/1.1" 200 4469
192.168.10.89 - - [05/Mar/2018:12:27:24 -0300] "POST /cormun/servlet/trsolicitudot?753823bb2c3fc1dfd10ab40f4d18bf02,,gx-no-cache=1520263483695 HTTP/1.1" 200 5839
192.168.10.89 - - [05/Mar/2018:12:27:27 -0300] "GET /cormun/servlet/trautorizarsolicitud? HTTP/1.1" 200 8622
192.168.10.89 - - [05/Mar/2018:12:27:27 -0300] "GET /cormun/static/gxcfg.js?2017111423403364 HTTP/1.1" 304 -
192.168.10.89 - - [05/Mar/2018:12:27:31 -0300] "POST /cormun/servlet/trautorizarsolicitud?753823bb2c3fc1dfd10ab40f4d18bf02,,gx-no-cache=1520263491038 HTTP/1.1" 200 115
192.168.10.89 - - [05/Mar/2018:12:27:31 -0300] "GET /cormun/servlet/solicitudotlog?INS,2018,9992,0,REC, HTTP/1.1" 200 5943
192.168.10.89 - - [05/Mar/2018:12:27:31 -0300] "GET /cormun/static/gxcfg.js?2017761245646 HTTP/1.1" 304 -
200.86.95.220 - - [05/Mar/2018:12:27:32 -0300] "GET /cormun/servlet/solicitudotadjuntos?0c7f4bde593e7a2993570d81cc229f0bb6365850991a852943d7b36357dcea10,gx-no-cache=1520263605722 HTTP/1.1" 200 30
200.86.95.220 - - [05/Mar/2018:12:27:32 -0300] "GET /cormun/servlet/solicitudotadjuntos?0c7f4bde593e7a2993570d81cc229f0bb6365850991a852943d7b36357dcea10,gx-no-cache=1520263605756 HTTP/1.1" 200 30
192.168.10.89 - - [05/Mar/2018:12:27:32 -0300] "GET /cormun/servlet/solicitudotlog?aa006f9a3d9c0e01b956deab6495b88876a0d40ec0709c0f6bd2dd02826164af3726963ac7c172a90f1dea3ba31ffd91d77cac374b8de95c7cf9ce2d900a403fea18dd504f0f8b5e0e4b8e924a8fd7f18bd28ec9bff5035e148d1f3cae8ce769fb34bca612545af7b71fe8c39e0b08adf45cd9b0a29e6b5b7c5c5b664d5052313e1c84350e5762e9ab9e202ebaedc097548a4389f6d5f3a2579e3c742ae21a60,gx-no-cache=1520263492293 HTTP/1.1" 200 94
200.111.122.170 - - [05/Mar/2018:12:27:33 -0300] "GET /cormun/static/Shared/jqueryui/images/ui-bg_flat_55_fafafa_40x100.png HTTP/1.1" 404 1097
200.111.122.170 - - [05/Mar/2018:12:27:33 -0300] "GET /cormun/static/Shared/jqueryui/images/ui-icons_8d78a5_256x240.png HTTP/1.1" 404 1089
200.86.95.220 - - [05/Mar/2018:12:27:33 -0300] "POST /cormun/servlet/solicitudotadjuntos?9a8bf5951136b49a6ff8f22a17dd5638,INS,2018,9997,,1, HTTP/1.1" 200 116
200.86.95.220 - - [05/Mar/2018:12:27:33 -0300] "GET /cormun/servlet/hpexe_return? HTTP/1.1" 200 1022
200.86.95.220 - - [05/Mar/2018:12:27:34 -0300] "GET /cormun/servlet/trsolicitudadjuntos?2018,9997, HTTP/1.1" 200 9227
200.86.95.220 - - [05/Mar/2018:12:27:35 -0300] "GET /cormun/servlet/trsolicitudadjuntos?2018,9997, HTTP/1.1" 200 9224
192.168.10.89 - - [05/Mar/2018:12:27:36 -0300] "POST /cormun/servlet/solicitudotlog?753823bb2c3fc1dfd10ab40f4d18bf02,INS,2018,9992,0,REC,,gx-no-cache=1520263495739 HTTP/1.1" 200 93
192.168.10.89 - - [05/Mar/2018:12:27:36 -0300] "GET /cormun/servlet/hpexe_return? HTTP/1.1" 200 1030
192.168.10.89 - - [05/Mar/2018:12:27:36 -0300] "GET /cormun/servlet/trautorizarsolicitud HTTP/1.1" 200 7267
200.86.95.220 - - [05/Mar/2018:12:27:37 -0300] "GET /cormun/servlet/solicitudotadjuntos?INS,2018,9997,,1, HTTP/1.1" 200 5984
200.86.95.220 - - [05/Mar/2018:12:27:37 -0300] "GET /cormun/static/about:blank HTTP/1.1" 404 1011
192.168.10.89 - - [05/Mar/2018:12:27:38 -0300] "GET /cormun/servlet/trsolicitudot? HTTP/1.1" 200 7358
200.86.95.220 - - [05/Mar/2018:12:27:38 -0300] "GET /cormun/servlet/solicitudotadjuntos?INS,2018,9997,,1, HTTP/1.1" 200 5978
200.86.95.220 - - [05/Mar/2018:12:27:39 -0300] "GET /cormun/servlet/solicitudotadjuntos?0c7f4bde593e7a2993570d81cc229f0ba79f51c7e918d716c48c11b7e494435e985210b08fcb553174702876d1522d1d,gx-no-cache=1520263612660 HTTP/1.1" 200 30
200.86.95.220 - - [05/Mar/2018:12:27:39 -0300] "POST /cormun/servlet/solicitudotadjuntos?9a8bf5951136b49a6ff8f22a17dd5638,INS,2018,9997,,1,,gx-no-cache=1520263612719 HTTP/1.1" 200 3822
200.86.95.220 - - [05/Mar/2018:12:27:41 -0300] "POST /cormun/servlet/solicitudotadjuntos?gx-no-cache=1520263614794 HTTP/1.1" 200 26
192.168.10.89 - - [05/Mar/2018:12:27:43 -0300] "POST /cormun/servlet/trsolicitudot?753823bb2c3fc1dfd10ab40f4d18bf02,,gx-no-cache=1520263502794 HTTP/1.1" 200 5840
192.168.10.89 - - [05/Mar/2018:12:27:44 -0300] "POST /cormun/servlet/trsolicitudot?753823bb2c3fc1dfd10ab40f4d18bf02,,gx-no-cache=1520263504418 HTTP/1.1" 200 104
192.168.10.89 - - [05/Mar/2018:12:27:45 -0300] "GET /cormun/servlet/solicitudot?UPD,2018,9992, HTTP/1.1" 200 15398
192.168.10.89 - - [05/Mar/2018:12:27:45 -0300] "GET /cormun/static/gxcfg.js?201812313224582 HTTP/1.1" 304 -
192.168.10.89 - - [05/Mar/2018:12:27:45 -0300] "GET /cormun/static/solicitudot.js?201812313224831 HTTP/1.1" 304 -
192.168.10.89 - - [05/Mar/2018:12:27:46 -0300] "POST /cormun/servlet/solicitudot?gx-no-cache=1520263505852 HTTP/1.1" 200 3369
192.168.10.89 - - [05/Mar/2018:12:27:46 -0300] "POST /cormun/servlet/solicitudot?753823bb2c3fc1dfd10ab40f4d18bf02,UPD,2018,9992,,gx-no-cache=1520263506035 HTTP/1.1" 200 11702
192.168.10.89 - - [05/Mar/2018:12:27:46 -0300] "GET /cormun/servlet/solicitudot?aa006f9a3d9c0e01b956deab6495b888ef0ac9bc8b6065f6379a88ff56778ff8caac05450282ee3f9d82ccc2fdf7f736,gx-no-cache=1520263506243 HTTP/1.1" 200 30
192.168.10.89 - - [05/Mar/2018:12:27:46 -0300] "GET /cormun/servlet/solicitudot?aa006f9a3d9c0e01b956deab6495b8882f19018f0f682af155a586645d64914a9a8ed2799d872b7fa6c8641392d7b2ab8d199aafa3fd041b43501a4c34b8d1af,gx-no-cache=1520263506296 HTTP/1.1" 200 30
192.168.10.89 - - [05/Mar/2018:12:27:46 -0300] "GET /cormun/servlet/solicitudot?aa006f9a3d9c0e01b956deab6495b888a51401d72a7461d6a481f399f3ab1bcb,gx-no-cache=1520263506343 HTTP/1.1" 200 29
192.168.10.89 - - [05/Mar/2018:12:27:46 -0300] "POST /cormun/servlet/solicitudot?gx-no-cache=1520263506363 HTTP/1.1" 200 297
192.168.10.89 - - [05/Mar/2018:12:27:46 -0300] "GET /cormun/servlet/solicitudot?aa006f9a3d9c0e01b956deab6495b88899a30499df3e6c3a70b95b25acd207b35c55c2458a302281a433c22e16fe592cbc881338977a8542e4598417b47634a376cc4fc950d42c6cb373ea22fdaaacd215dd2f1d0f1fb6d19efe1c489a19432274d895a0560fc52fd9d15ef0e2e83ee2d4fb1a0265e6f888ec255e307af6bdc366a7cac8f08fd27fc9e2b35f2e1700b25bb03d696b32bf908ee40cd23cc4ed998fd50b40a191ab3f3071d2cc8068e575f04c9a72b13bc64d81cddb0e3ea29c52691927abfc333ee942d297c04de15449816f9aac4a544a87d3308985166678a9045736fcbe948fb8d7e26d473b60cdc40f01c31d00a39d82c72eec397a0391f2cb80013d3381cd9034d651e6792c9cc241c364977c879f142d462f7921feaad1e86161337a16d583559373d0d76c40e416ff5d7723af1338922762b664cc9371cdf2916b318bbac1226e95ac3ca55eeff2664eeafe22e356f0495365df434f956d536d7fe00da3e15fa8ad3e9bfb48b7672bd4da1646cd3d20a3eb4b7dfee365b5189fde0536487913ab7069cabf8158,gx-no-cache=1520263506386 HTTP/1.1" 200 30
192.168.10.89 - - [05/Mar/2018:12:27:46 -0300] "POST /cormun/servlet/solicitudot?gx-no-cache=1520263506405 HTTP/1.1" 200 30
192.168.10.89 - - [05/Mar/2018:12:27:46 -0300] "POST /cormun/servlet/solicitudot?gx-no-cache=1520263506441 HTTP/1.1" 200 1334
192.168.10.89 - - [05/Mar/2018:12:27:46 -0300] "POST /cormun/servlet/solicitudot?gx-no-cache=1520263506490 HTTP/1.1" 200 40
200.86.95.220 - - [05/Mar/2018:12:27:51 -0300] "GET /cormun/servlet/solicitudotadjuntos?0c7f4bde593e7a2993570d81cc229f0bb6365850991a852943d7b36357dcea10,gx-no-cache=1520263624620 HTTP/1.1" 200 30
200.86.95.220 - - [05/Mar/2018:12:27:51 -0300] "GET /cormun/servlet/solicitudotadjuntos?0c7f4bde593e7a2993570d81cc229f0bb6365850991a852943d7b36357dcea10,gx-no-cache=1520263624657 HTTP/1.1" 200 30
192.168.10.89 - - [05/Mar/2018:12:27:52 -0300] "POST /cormun/servlet/solicitudot?gx-no-cache=1520263512043 HTTP/1.1" 200 30
200.86.95.220 - - [05/Mar/2018:12:27:53 -0300] "POST /cormun/servlet/solicitudotadjuntos?9a8bf5951136b49a6ff8f22a17dd5638,INS,2018,9997,,1, HTTP/1.1" 200 116
200.86.95.220 - - [05/Mar/2018:12:27:53 -0300] "GET /cormun/servlet/hpexe_return? HTTP/1.1" 200 1022
192.168.10.89 - - [05/Mar/2018:12:27:54 -0300] "POST /cormun/servlet/solicitudot?gx-no-cache=1520263513581 HTTP/1.1" 200 1334
192.168.10.89 - - [05/Mar/2018:12:27:54 -0300] "POST /cormun/servlet/solicitudot?gx-no-cache=1520263513734 HTTP/1.1" 200 40
200.86.95.220 - - [05/Mar/2018:12:27:54 -0300] "GET /cormun/servlet/trsolicitudadjuntos?2018,9997, HTTP/1.1" 200 9465
200.86.95.220 - - [05/Mar/2018:12:27:56 -0300] "GET /cormun/servlet/trsolicitudadjuntos?2018,9997, HTTP/1.1" 200 9466
200.86.95.220 - - [05/Mar/2018:12:27:59 -0300] "POST /cormun/servlet/trsolicitudadjuntos?9a8bf5951136b49a6ff8f22a17dd5638,2018,9997,,gx-no-cache=1520263632900 HTTP/1.1" 200 90
200.86.95.220 - - [05/Mar/2018:12:27:59 -0300] "GET /cormun/servlet/hpexe_link HTTP/1.1" 200 966
200.86.95.220 - - [05/Mar/2018:12:27:59 -0300] "GET /cormun/servlet/trsolicitudot HTTP/1.1" 200 8519
200.86.95.220 - - [05/Mar/2018:12:28:00 -0300] "GET /cormun/servlet/trsolicitudot HTTP/1.1" 200 8517
192.168.10.89 - - [05/Mar/2018:12:28:01 -0300] "POST /cormun/servlet/solicitudot?gx-no-cache=1520263521486 HTTP/1.1" 200 30
200.72.197.82 - - [05/Mar/2018:12:28:09 -0300] "GET /cormun/servlet/solicitudot?cedc5fea418a3fd589ae7c1b1a24ed4eeccc19ac65a74ebf1223b83ed09b4a9a,gx-no-cache=1520263643152 HTTP/1.1" 200 94
200.72.197.82 - - [05/Mar/2018:12:28:09 -0300] "GET /cormun/servlet/solicitudot?cedc5fea418a3fd589ae7c1b1a24ed4eb9c002e2e88ddd60eb188594e3a290996fe61003900758f3f199aab9a3935fd3798451fb6568e53a73275165ca729811,gx-no-cache=1520263643497 HTTP/1.1" 200 53
200.72.197.82 - - [05/Mar/2018:12:28:09 -0300] "POST /cormun/servlet/solicitudot?gx-no-cache=1520263643557 HTTP/1.1" 200 297
200.72.197.82 - - [05/Mar/2018:12:28:10 -0300] "GET /cormun/servlet/solicitudot?cedc5fea418a3fd589ae7c1b1a24ed4e50579ac561e0de53199c6cc49c01fa9050c111f7d775c2ea8673d31d3780080471cec3a789dd3175b34fa74628be86ab9e6117debadc1624d1b67667bea9197cd0243a5e9ef89d0e9f189ec79d401673cf3ef3d68da83c146000a78d72bead9712cb0326059e572d5a1f4743f152f3ec93b301a319e196f09acf914bf89337374813e592b9aa9c4cb6b07e0ed946d33b20870b1fb7760e93c780d3312a0548023191efe174c0d7bf4625c4523022b768237c2657aa2318428c35a5530bd645d052aaaa9a1f39582b24ef56637902b2844112304cf1476804f7910a293fe55f99c055edde0a7c80da0570c6df5236f0fa4bcfbc983d3454d2e8d68aacf41b2b0dd052070bcdacc96ebd021183815a842f436e6d1c15d9f9245f9cb86e2ff438e0a6f6f53686e886744c514b4b01226f8969196409c5cd75c251f83c6f7d8e46d10eab05db15ef7c64bc242758d474e8e872cba7a15f24e4f612817d2c42b078673f4592e93746e34b72ea9c8ad314d0e9ddf726afa67b975243e463ea955f7fad,gx-no-cache=1520263645228 HTTP/1.1" 200 30
200.72.197.82 - - [05/Mar/2018:12:28:13 -0300] "POST /cormun/servlet/solicitudot?gx-no-cache=1520263648126 HTTP/1.1" 200 30
200.86.95.220 - - [05/Mar/2018:12:28:14 -0300] "POST /cormun/servlet/trsolicitudot?9a8bf5951136b49a6ff8f22a17dd5638,gx-no-cache=1520263648186 HTTP/1.1" 200 105
200.86.95.220 - - [05/Mar/2018:12:28:14 -0300] "GET /cormun/servlet/solicitudot?UPD,2018,9997, HTTP/1.1" 200 15097
200.86.95.220 - - [05/Mar/2018:12:28:16 -0300] "GET /cormun/servlet/solicitudot?UPD,2018,9997, HTTP/1.1" 200 15106
200.86.95.220 - - [05/Mar/2018:12:28:16 -0300] "POST /cormun/servlet/solicitudot?gx-no-cache=1520263650061 HTTP/1.1" 200 3340
200.86.95.220 - - [05/Mar/2018:12:28:16 -0300] "POST /cormun/servlet/solicitudot?9a8bf5951136b49a6ff8f22a17dd5638,UPD,2018,9997,,gx-no-cache=1520263650244 HTTP/1.1" 200 11443
200.86.95.220 - - [05/Mar/2018:12:28:16 -0300] "GET /cormun/servlet/solicitudot?0c7f4bde593e7a2993570d81cc229f0be53c9f78494a8353d68c3e4969c45767e40418e20cf4b3f83989d30681e36488,gx-no-cache=1520263650552 HTTP/1.1" 200 30
200.86.95.220 - - [05/Mar/2018:12:28:17 -0300] "GET /cormun/servlet/solicitudot?0c7f4bde593e7a2993570d81cc229f0bae3f88a036129c50294178f04dcd4b277f6c5255f640d4db1eb3e3ba145aeafd,gx-no-cache=1520263650612 HTTP/1.1" 200 30
200.86.95.220 - - [05/Mar/2018:12:28:17 -0300] "GET /cormun/servlet/solicitudot?0c7f4bde593e7a2993570d81cc229f0bc007be9c3eef517901a9f4e4ffa629a4,gx-no-cache=1520263650656 HTTP/1.1" 200 29
200.86.95.220 - - [05/Mar/2018:12:28:17 -0300] "POST /cormun/servlet/solicitudot?gx-no-cache=1520263650713 HTTP/1.1" 200 254
200.86.95.220 - - [05/Mar/2018:12:28:17 -0300] "GET /cormun/servlet/solicitudot?0c7f4bde593e7a2993570d81cc229f0bdec1400c9606a115143c3caf33388d0028013b9f02f76dbd37b6b1babcfffe2ed270de30948169c062a31cd6f31925e1244bf5358e56ff41d9311d69c44c8016eeceaa1a17cdbd3dd66458faab3e16c61540793f4f3163b9fa2e9ae0a707e01375c826350e5e2e379c00e70915bcd30239ec83af5d2e1f69a81555bbd2f0c346a8a512d7ff6c4d0c1c8be7083a3fd3be594bfd9dbbea4f2fa83f76dc1c3c699e60813a2a791352085cc342a9f3915668f885ad91291872e89a27191f98fd95e241e23994429da3ad3dd3053744fab9cdfa6e46091137cd943fbce5081ce800602ed448dcbaf65a625f2f44436dd7a0f2f48e7b76c3e865c5255e75fdcece9569d86635f7d10c71ab6c96c9efff9fe3c2777bdcaef88dc87be16dd03a67097c6ca42e2a93659e6da438aeb0cd5d8b888032f9912769cf851246de2fe837f97a9742d442436344ab31990e0286b10ecf68e4c9b720ce0e4a8b235992917e5bde092fe54fece2a4833aa9a20e3e3f44148c,gx-no-cache=1520263650766 HTTP/1.1" 200 30
200.86.95.220 - - [05/Mar/2018:12:28:17 -0300] "POST /cormun/servlet/solicitudot?gx-no-cache=1520263650812 HTTP/1.1" 200 30
200.86.95.220 - - [05/Mar/2018:12:28:17 -0300] "POST /cormun/servlet/solicitudot?gx-no-cache=1520263650880 HTTP/1.1" 200 1333
200.86.95.220 - - [05/Mar/2018:12:28:17 -0300] "POST /cormun/servlet/solicitudot?gx-no-cache=1520263650983 HTTP/1.1" 200 41
200.72.197.82 - - [05/Mar/2018:12:28:19 -0300] "POST /cormun/servlet/solicitudot?gx-no-cache=1520263653698 HTTP/1.1" 200 1333
200.72.197.82 - - [05/Mar/2018:12:28:20 -0300] "POST /cormun/servlet/solicitudot?gx-no-cache=1520263654606 HTTP/1.1" 200 38
200.86.95.220 - - [05/Mar/2018:12:28:21 -0300] "GET /cormun/servlet/solicitudot?0c7f4bde593e7a2993570d81cc229f0b22d5db586be8007c3684a64d8b46db36e2e7d42b985ed54adf4df9ed9db3c640d95f83be923950273d60be7864635f60914d178acae17f8e474a357d5bdae835bcd6b51f017e50a8d51baa0d9926cb4d11a680dc08d2200ec653ff792000e54a2e9c495d90a3581fe0af3312bedf3c8c424a048dced6cc1d2300775add7e97b02adb35767fce834e914a4df486565f16707af4998608c57899e2408834a0bcea2412687e0cd68ff3abfa831b6ce270a7c40a7edf27b2dc014bd6aab1f118fb80,gx-no-cache=1520263655349 HTTP/1.1" 200 30
192.168.10.89 - - [05/Mar/2018:12:28:22 -0300] "POST /cormun/servlet/solicitudot?gx-no-cache=1520263541770 HTTP/1.1" 200 1336
200.86.95.220 - - [05/Mar/2018:12:28:23 -0300] "POST /cormun/servlet/solicitudot?gx-no-cache=1520263657241 HTTP/1.1" 200 1318
192.168.10.89 - - [05/Mar/2018:12:28:23 -0300] "GET /cormun/servlet/prlicenciaspermisos?14221368,L,,MD,,gxPopupLevel%3D0%3B HTTP/1.1" 200 5928
192.168.10.89 - - [05/Mar/2018:12:28:23 -0300] "GET /cormun/static/gxcfg.js?20176272053834 HTTP/1.1" 304 -
200.86.95.220 - - [05/Mar/2018:12:28:23 -0300] "POST /cormun/servlet/solicitudot?gx-no-cache=1520263657325 HTTP/1.1" 200 1218
200.86.95.220 - - [05/Mar/2018:12:28:23 -0300] "GET /cormun/servlet/solicitudot?0c7f4bde593e7a2993570d81cc229f0b29ab33afc6f16b263d021b02e3e44d89e1331ce3af7fc14197fb0280096635ea,gx-no-cache=1520263657388 HTTP/1.1" 200 30
200.86.95.220 - - [05/Mar/2018:12:28:23 -0300] "POST /cormun/servlet/solicitudot?gx-no-cache=1520263657432 HTTP/1.1" 200 30
200.86.95.220 - - [05/Mar/2018:12:28:24 -0300] "POST /cormun/servlet/solicitudot?9a8bf5951136b49a6ff8f22a17dd5638,UPD,2018,9997,,gx-no-cache=1520263657493 HTTP/1.1" 200 93
200.86.95.220 - - [05/Mar/2018:12:28:24 -0300] "GET /cormun/servlet/hpexe_return? HTTP/1.1" 200 1010
200.86.95.220 - - [05/Mar/2018:12:28:24 -0300] "GET /cormun/servlet/trsolicitudot HTTP/1.1" 200 8521
200.86.95.220 - - [05/Mar/2018:12:28:25 -0300] "GET /cormun/servlet/trsolicitudot HTTP/1.1" 200 8517
192.168.10.89 - - [05/Mar/2018:12:28:28 -0300] "POST /cormun/servlet/solicitudot?gx-no-cache=1520263548345 HTTP/1.1" 200 40
192.168.10.89 - - [05/Mar/2018:12:28:31 -0300] "GET /cormun/servlet/solicitudot?aa006f9a3d9c0e01b956deab6495b888365669a041cbf13e7310b81f1ad1104aa2ebb826ed7bc93583eda9d3d60f9d96a2be4777139fa37260a554003e5a1a9cf4fdfeaec1dbff624c92a17bf2f0f422bc023090c1070900acdb83e9718077f84f8fcf6db188ead9d9c7d872f655a6ea,gx-no-cache=1520263551372 HTTP/1.1" 200 29
192.168.10.89 - - [05/Mar/2018:12:28:31 -0300] "POST /cormun/servlet/solicitudot?gx-no-cache=1520263551398 HTTP/1.1" 200 1318
192.168.10.89 - - [05/Mar/2018:12:28:31 -0300] "POST /cormun/servlet/solicitudot?gx-no-cache=1520263551436 HTTP/1.1" 200 1218
192.168.10.89 - - [05/Mar/2018:12:28:32 -0300] "GET /cormun/servlet/solicitudot?aa006f9a3d9c0e01b956deab6495b8881a81c1ff3481badc78d23f8f4e0b7604f58c38cf472e4314399e4be34f545ae3,gx-no-cache=1520263552352 HTTP/1.1" 200 30
192.168.10.89 - - [05/Mar/2018:12:28:35 -0300] "POST /cormun/servlet/solicitudot?gx-no-cache=1520263555434 HTTP/1.1" 200 34
192.168.10.89 - - [05/Mar/2018:12:28:37 -0300] "POST /cormun/servlet/solicitudot?753823bb2c3fc1dfd10ab40f4d18bf02,UPD,2018,9992,,gx-no-cache=1520263556546 HTTP/1.1" 200 93
192.168.10.89 - - [05/Mar/2018:12:28:37 -0300] "GET /cormun/servlet/hpexe_return? HTTP/1.1" 200 1016
192.168.10.89 - - [05/Mar/2018:12:28:37 -0300] "GET /cormun/servlet/trsolicitudot? HTTP/1.1" 200 8748
192.168.10.89 - - [05/Mar/2018:12:28:40 -0300] "POST /cormun/servlet/trsolicitudot?753823bb2c3fc1dfd10ab40f4d18bf02,,gx-no-cache=1520263560373 HTTP/1.1" 200 4697
192.168.10.89 - - [05/Mar/2018:12:28:41 -0300] "POST /cormun/servlet/trsolicitudot?753823bb2c3fc1dfd10ab40f4d18bf02,,gx-no-cache=1520263560621 HTTP/1.1" 200 4453
192.168.10.89 - - [05/Mar/2018:12:28:41 -0300] "GET /cormun/static/Shared/jqueryui/images/ui-icons_8d78a5_256x240.png HTTP/1.1" 404 1089
192.168.10.89 - - [05/Mar/2018:12:28:41 -0300] "GET /cormun/static/Shared/jqueryui/images/ui-icons_82798d_256x240.png HTTP/1.1" 404 1089
192.168.10.89 - - [05/Mar/2018:12:28:41 -0300] "GET /cormun/static/Shared/jqueryui/images/ui-bg_flat_55_fafafa_40x100.png HTTP/1.1" 404 1097
192.168.10.89 - - [05/Mar/2018:12:28:41 -0300] "GET /cormun/static/Shared/jqueryui/images/ui-bg_highlight-soft_100_c6c2c8_1x100.png HTTP/1.1" 404 1117
192.168.10.89 - - [05/Mar/2018:12:28:43 -0300] "GET /cormun/servlet/trautorizarsolicitud? HTTP/1.1" 200 8639
192.168.10.89 - - [05/Mar/2018:12:28:46 -0300] "POST /cormun/servlet/trautorizarsolicitud?753823bb2c3fc1dfd10ab40f4d18bf02,,gx-no-cache=1520263566462 HTTP/1.1" 200 4628
192.168.10.89 - - [05/Mar/2018:12:28:47 -0300] "POST /cormun/servlet/trautorizarsolicitud?753823bb2c3fc1dfd10ab40f4d18bf02,,gx-no-cache=1520263566713 HTTP/1.1" 200 4389
192.168.10.89 - - [05/Mar/2018:12:28:47 -0300] "GET /cormun/static/Shared/jqueryui/images/ui-bg_flat_55_fafafa_40x100.png HTTP/1.1" 404 1097
192.168.10.89 - - [05/Mar/2018:12:28:47 -0300] "GET /cormun/static/Shared/jqueryui/images/ui-bg_highlight-soft_100_c6c2c8_1x100.png HTTP/1.1" 404 1117
192.168.10.89 - - [05/Mar/2018:12:28:47 -0300] "GET /cormun/static/Shared/jqueryui/images/ui-icons_8d78a5_256x240.png HTTP/1.1" 404 1089
192.168.10.89 - - [05/Mar/2018:12:28:47 -0300] "GET /cormun/static/Shared/jqueryui/images/ui-icons_82798d_256x240.png HTTP/1.1" 404 1089
192.168.10.56 - - [05/Mar/2018:12:28:54 -0300] "POST /cormun/servlet/hlogin?c967522d3182b5c31d5a761c445aa71a,gx-no-cache=1520263574187 HTTP/1.1" 200 90
192.168.10.56 - - [05/Mar/2018:12:28:54 -0300] "GET /cormun/servlet/hpexe_link HTTP/1.1" 200 952
192.168.10.56 - - [05/Mar/2018:12:28:54 -0300] "GET /cormun/servlet/hhome HTTP/1.1" 200 4468
192.168.10.56 - - [05/Mar/2018:12:28:55 -0300] "GET /cormun/servlet/hhome HTTP/1.1" 200 4464
192.168.10.89 - - [05/Mar/2018:12:28:57 -0300] "GET /cormun/servlet/hlogin HTTP/1.1" 200 1744
192.168.10.56 - - [05/Mar/2018:12:28:58 -0300] "GET /cormun/servlet/trsolicitudgral? HTTP/1.1" 200 15833
192.168.10.56 - - [05/Mar/2018:12:28:58 -0300] "GET /cormun/servlet/trsolicitudgral? HTTP/1.1" 200 15830
186.67.203.186 - - [05/Mar/2018:12:29:01 -0300] "GET /cormun/servlet/solicitudot?cedc5fea418a3fd589ae7c1b1a24ed4eec7d5895c9fb0c1af6b941a4f4f0127007e5708c6f9e4a460fe29351c08ebbfb0cb0b2b68d0187045231e0804b580bd29149f97a5025d1005fbaf12d170a94901ae4cb76c9e2caba814c26a170298eaaa147939c1f974be4626a86b5d3dad2f3,gx-no-cache=1520263695519 HTTP/1.1" 200 29
186.67.203.186 - - [05/Mar/2018:12:29:01 -0300] "POST /cormun/servlet/solicitudot?gx-no-cache=1520263695602 HTTP/1.1" 200 1317
186.67.203.186 - - [05/Mar/2018:12:29:01 -0300] "POST /cormun/servlet/solicitudot?gx-no-cache=1520263695979 HTTP/1.1" 200 1215
192.168.10.89 - - [05/Mar/2018:12:29:03 -0300] "POST /cormun/servlet/hlogin?753823bb2c3fc1dfd10ab40f4d18bf02,gx-no-cache=1520263583048 HTTP/1.1" 200 90
192.168.10.89 - - [05/Mar/2018:12:29:03 -0300] "GET /cormun/servlet/hpexe_link HTTP/1.1" 200 954
192.168.10.89 - - [05/Mar/2018:12:29:03 -0300] "GET /cormun/servlet/hhome HTTP/1.1" 200 4925
192.168.10.89 - - [05/Mar/2018:12:29:05 -0300] "GET /cormun/servlet/trsolicitudgral? HTTP/1.1" 200 16973
192.168.10.56 - - [05/Mar/2018:12:29:09 -0300] "POST /cormun/servlet/trsolicitudgral?c967522d3182b5c31d5a761c445aa71a,,gx-no-cache=1520263588952 HTTP/1.1" 200 17976
192.168.10.89 - - [05/Mar/2018:12:29:14 -0300] "POST /cormun/servlet/trsolicitudgral?753823bb2c3fc1dfd10ab40f4d18bf02,,gx-no-cache=1520263593665 HTTP/1.1" 200 9319
192.168.10.56 - - [05/Mar/2018:12:29:36 -0300] "GET /cormun/servlet/solicitudgral2?UPD,2018,8098, HTTP/1.1" 200 12915
192.168.10.56 - - [05/Mar/2018:12:29:37 -0300] "GET /cormun/servlet/solicitudgral2?UPD,2018,8098, HTTP/1.1" 200 12925
157.55.39.177 - - [05/Mar/2018:12:29:37 -0300] "GET /cormun/servlet/trsolicitudot?_escaped_fragment_= HTTP/1.1" 200 6350
192.168.10.56 - - [05/Mar/2018:12:29:37 -0300] "POST /cormun/servlet/solicitudgral2?gx-no-cache=1520263617304 HTTP/1.1" 200 3919
192.168.10.56 - - [05/Mar/2018:12:29:37 -0300] "GET /cormun/servlet/solicitudgral2?75dde68c758b52f41702dfca75180dc0b93f33d779dc313ef93a23d15ae1c0f53850c44840168e230dd10d73d9ead0e725f6d81973fb1bbc44ec357c962ee0616d1ea28b83809108f2542b29bacb54aea3cb6105f4b7018d05cec9cf4f57f75eed26cbbe354542221711913edba6c27974620aafb1b472987caba665bee91905638139179a9a94fbbc0252fedf9601f477575c8fa30ee4e2d43f33e4f94c4ec15bbbd3d36eaffcffc49312e6da55f40989881a4c8ba83612251190cd374480c634eb230b61c94ced4f65498f2ee6b9ca95b4552a825ecfbfa1c75f2195d7095f8615132657dbbc65d3751a57d648501f99a0ded66453a92cf48e580fc470ca2f3dffe222864d0fba00ec1e0e98782c22cead91b24f807cbe0f5ecb4ffd7329b8f91ce5609fec9344ee1ae9751cbf6ae65eb04a39f348bf28afded63d3d26fc2564bc1325421784865f997e2b128eede8,gx-no-cache=1520263617430 HTTP/1.1" 200 255
192.168.10.56 - - [05/Mar/2018:12:29:37 -0300] "POST /cormun/servlet/solicitudgral2?gx-no-cache=1520263617452 HTTP/1.1" 200 1398
192.168.10.56 - - [05/Mar/2018:12:29:37 -0300] "GET /cormun/servlet/solicitudgral2?75dde68c758b52f41702dfca75180dc07588851d30772468ee2d871a3af42ab54c9ef58ca02e0b66fa10a59b260a7bc914bcaeac22fa27ff2fbd75f32e2a20a6f2d12b89b1959beab920cbad7121d3757a29dfff3071923bfd8f1d6fe5df87cdda8d07c6e92ad5b9b6d1d51549a73f26,gx-no-cache=1520263617487 HTTP/1.1" 200 41
186.103.132.155 - - [05/Mar/2018:12:29:44 -0300] "GET /cormun/static/menuarrow.gif HTTP/1.1" 404 1015
192.168.10.56 - - [05/Mar/2018:12:29:46 -0300] "POST /cormun/servlet/solicitudgral2?c967522d3182b5c31d5a761c445aa71a,UPD,2018,8098,,gx-no-cache=1520263625671 HTTP/1.1" 200 11877
186.103.132.155 - - [05/Mar/2018:12:29:46 -0300] "GET /cormun/servlet/solicitudot?cedc5fea418a3fd589ae7c1b1a24ed4ea077f25f1687e2989610c808d5459cfcb91c773f1bea70d75c93abfd70cd8d58,gx-no-cache=1520263741037 HTTP/1.1" 200 30
157.55.39.179 - - [05/Mar/2018:12:29:50 -0300] "GET /cormun/static/PXToolsJavascripts/pexe_autoreload.js HTTP/1.1" 200 1762
157.55.39.179 - - [05/Mar/2018:12:29:50 -0300] "GET /cormun/static/PXToolsJavascripts/pexe_tabs.js HTTP/1.1" 200 3748
157.55.39.179 - - [05/Mar/2018:12:29:50 -0300] "GET /cormun/static/RunJS/RunJS.js HTTP/1.1" 200 288
157.55.39.179 - - [05/Mar/2018:12:29:50 -0300] "GET /cormun/static/PXToolsJavascripts/pexe_windows.js HTTP/1.1" 200 15207
186.103.132.155 - - [05/Mar/2018:12:29:51 -0300] "POST /cormun/servlet/solicitudot?gx-no-cache=1520263745615 HTTP/1.1" 200 30
157.55.39.179 - - [05/Mar/2018:12:29:51 -0300] "GET /cormun/static/Shared/ext/locale/ext-lang-en.js HTTP/1.1" 200 10940
157.55.39.179 - - [05/Mar/2018:12:29:51 -0300] "GET /cormun/static/calendar.js?85251 HTTP/1.1" 200 26246
192.168.10.56 - - [05/Mar/2018:12:29:51 -0300] "GET /cormun/servlet/solicitudgral2?75dde68c758b52f41702dfca75180dc0e2d62a8932a8c8570b549982a215175223f6cafd1766be75fc5c4c8b194a2ce0142e74dcfd50a4613b733a60c3552896fdb9ea77aa1804dab50d28ca77db5e86d2279619fae205a4c839221166849bf0189a5fe7150a5d0602a969ca8d32fc0343470aac3f21f8c2e508458b062a478e2e6cf11ef618753ee08f63e0fe5a552b8240e24803d0a76b8f643b3cc014bd16,gx-no-cache=1520263631530 HTTP/1.1" 200 29
192.168.10.56 - - [05/Mar/2018:12:29:51 -0300] "POST /cormun/servlet/solicitudgral2?gx-no-cache=1520263631544 HTTP/1.1" 200 1295
192.168.10.56 - - [05/Mar/2018:12:29:51 -0300] "POST /cormun/servlet/solicitudgral2?gx-no-cache=1520263631571 HTTP/1.1" 200 1217
192.168.10.56 - - [05/Mar/2018:12:29:51 -0300] "GET /cormun/servlet/solicitudgral2?75dde68c758b52f41702dfca75180dc04b443ed9daef2a8823f4f43ca9e96ae74889c75f16eca79337c7ef262d75917e62952ede6f7a500fe75e923051f4e9a25e799fa8dbdd6eaf4ee56788846d1630fe119adb9f5f8e252ee0f9a277af9d00d24b426f5eea62855a15b687b0eb25696da8178c96f9618172b55e874fb1f2ec,gx-no-cache=1520263631602 HTTP/1.1" 200 30
192.168.10.56 - - [05/Mar/2018:12:29:52 -0300] "POST /cormun/servlet/solicitudgral2?c967522d3182b5c31d5a761c445aa71a,UPD,2018,8098,,gx-no-cache=1520263631623 HTTP/1.1" 200 93
157.55.39.179 - - [05/Mar/2018:12:29:52 -0300] "GET /cormun/static/cmcontrolpreferences.js?201752511465670 HTTP/1.1" 200 1375
192.168.10.56 - - [05/Mar/2018:12:29:52 -0300] "GET /cormun/servlet/hpexe_return? HTTP/1.1" 200 1017
192.168.10.56 - - [05/Mar/2018:12:29:52 -0300] "GET /cormun/servlet/trsolicitudgral? HTTP/1.1" 200 20511
157.55.39.177 - - [05/Mar/2018:12:29:52 -0300] "GET /cormun/static/PXToolsJavascripts/pexe_cookies.js HTTP/1.1" 200 792
157.55.39.177 - - [05/Mar/2018:12:29:52 -0300] "GET /cormun/static/PXToolsJavascripts/pexe_griddivfix.js HTTP/1.1" 200 6644
157.55.39.177 - - [05/Mar/2018:12:29:53 -0300] "GET /cormun/static/PXToolsJavascripts/pexe_layers.js HTTP/1.1" 200 4114
192.168.10.56 - - [05/Mar/2018:12:29:53 -0300] "GET /cormun/servlet/trsolicitudgral? HTTP/1.1" 200 20505
157.55.39.177 - - [05/Mar/2018:12:29:53 -0300] "GET /cormun/static/PXToolsJavascripts/pexe_picture.js HTTP/1.1" 200 689
157.55.39.179 - - [05/Mar/2018:12:29:53 -0300] "GET /cormun/static/gxgral.js?85251 HTTP/1.1" 200 384558
157.55.39.177 - - [05/Mar/2018:12:29:53 -0300] "GET /cormun/static/PXToolsJavascripts/pexe_scrolldiv.js HTTP/1.1" 200 4138
157.55.39.177 - - [05/Mar/2018:12:29:53 -0300] "GET /cormun/static/PXToolsJavascripts/pexe_upload.js HTTP/1.1" 200 1423
157.55.39.179 - - [05/Mar/2018:12:29:54 -0300] "GET /cormun/static/gxtimezone.js?85251 HTTP/1.1" 200 5781
157.55.39.179 - - [05/Mar/2018:12:29:54 -0300] "GET /cormun/static/hmpwkw03.js?20177612122668 HTTP/1.1" 200 3965
157.55.39.179 - - [05/Mar/2018:12:29:54 -0300] "GET /cormun/static/hpexe_scripts.js?201752511465715 HTTP/1.1" 200 1544
157.55.39.177 - - [05/Mar/2018:12:29:59 -0300] "GET /cormun/static/Shared/ext/ext-all.js HTTP/1.1" 200 1289687
186.103.132.155 - - [05/Mar/2018:12:30:00 -0300] "POST /cormun/servlet/solicitudot?516ec1e7fae1310d0caaf1357bc48578,INS,0,0,,gx-no-cache=1520263754605 HTTP/1.1" 200 11978
157.55.39.176 - - [05/Mar/2018:12:30:00 -0300] "GET /cormun/static/PXToolsJavascripts/pexe_grid.js HTTP/1.1" 200 7559
157.55.39.176 - - [05/Mar/2018:12:30:00 -0300] "GET /cormun/static/PXToolsJavascripts/pexe_link.js HTTP/1.1" 200 5671
157.55.39.176 - - [05/Mar/2018:12:30:00 -0300] "GET /cormun/static/PXToolsJavascripts/pexe_menudivfix.js HTTP/1.1" 200 333
157.55.39.177 - - [05/Mar/2018:12:30:01 -0300] "GET /cormun/static/Shared/ext/resources/css/ext-all.css?215870 HTTP/1.1" 200 416045
157.55.39.176 - - [05/Mar/2018:12:30:01 -0300] "GET /cormun/static/PXToolsJavascripts/pexe_oav.js HTTP/1.1" 200 645
157.55.39.176 - - [05/Mar/2018:12:30:01 -0300] "GET /cormun/static/PXToolsJavascripts/pexe_popup.js HTTP/1.1" 200 13458
157.55.39.176 - - [05/Mar/2018:12:30:01 -0300] "GET /cormun/static/PXToolsJavascripts/pexe_tabdivfix.js HTTP/1.1" 200 876
157.55.39.176 - - [05/Mar/2018:12:30:02 -0300] "GET /cormun/static/SmoothNavMenu/resources/SmoothNavMenuRender.js HTTP/1.1" 200 5951
157.55.39.177 - - [05/Mar/2018:12:30:02 -0300] "GET /cormun/static/Shared/jquery/jquery-1.10.2.min.js HTTP/1.1" 200 273199
157.55.39.176 - - [05/Mar/2018:12:30:02 -0300] "GET /cormun/static/calendar-setup.js?85251 HTTP/1.1" 200 2588
157.55.39.176 - - [05/Mar/2018:12:30:02 -0300] "GET /cormun/static/gxcfg.js?2017111422585916 HTTP/1.1" 200 953
157.55.39.176 - - [05/Mar/2018:12:30:02 -0300] "GET /cormun/static/gxdec.js?85251 HTTP/1.1" 200 19579
157.55.39.177 - - [05/Mar/2018:12:30:03 -0300] "GET /cormun/static/Shared/jquery/jquery-1.4.2.min.js HTTP/1.1" 200 72174
