186.9.38.149 - - [05/Mar/2018:16:23:47 -0300] "GET /cormun/servlet/hhome HTTP/1.1" 200 4186
186.9.38.149 - - [05/Mar/2018:16:23:48 -0300] "GET /cormun/servlet/trsolicitudot? HTTP/1.1" 200 7404
186.9.38.149 - - [05/Mar/2018:16:23:48 -0300] "GET /cormun/static/gxcfg.js?2017111422585916 HTTP/1.1" 304 -
186.9.38.149 - - [05/Mar/2018:16:23:48 -0300] "GET /cormun/static/calendar.js?85251 HTTP/1.1" 304 -
186.9.38.149 - - [05/Mar/2018:16:23:48 -0300] "GET /cormun/static/calendar-setup.js?85251 HTTP/1.1" 304 -
186.9.38.149 - - [05/Mar/2018:16:23:48 -0300] "GET /cormun/static/calendar-es.js?85251 HTTP/1.1" 304 -
186.9.38.149 - - [05/Mar/2018:16:23:49 -0300] "GET /cormun/static/gxdec.js?85251 HTTP/1.1" 304 -
186.9.38.149 - - [05/Mar/2018:16:23:50 -0300] "GET /cormun/servlet/trsolicitudot? HTTP/1.1" 200 7403
200.120.230.197 - - [05/Mar/2018:16:23:50 -0300] "GET /cormun/servlet/trautorizarsolicitud? HTTP/1.1" 200 6277
186.9.38.149 - - [05/Mar/2018:16:23:52 -0300] "GET /cormun/servlet/solicitudot?INS,0,0, HTTP/1.1" 200 13642
186.9.38.149 - - [05/Mar/2018:16:23:52 -0300] "GET /cormun/static/gxcfg.js?201812313224582 HTTP/1.1" 304 -
200.120.230.197 - - [05/Mar/2018:16:23:52 -0300] "GET /cormun/servlet/trautorizarsolicitud? HTTP/1.1" 200 6277
200.120.230.197 - - [05/Mar/2018:16:23:52 -0300] "GET /cormun/servlet/hlogin HTTP/1.1" 200 1744
186.9.38.149 - - [05/Mar/2018:16:23:53 -0300] "GET /cormun/static/solicitudot.js?201812313224831 HTTP/1.1" 304 -
186.9.38.149 - - [05/Mar/2018:16:23:54 -0300] "GET /cormun/servlet/solicitudot?INS,0,0, HTTP/1.1" 200 13647
186.103.161.206 - - [05/Mar/2018:16:23:55 -0300] "POST /cormun/servlet/trautorizarsolicitud?2b568a8d0ac422457e2ba1bece173727,,gx-no-cache=1520277786704 HTTP/1.1" 200 8547
186.9.38.149 - - [05/Mar/2018:16:24:09 -0300] "POST /cormun/servlet/solicitudot?gx-no-cache=1520277804290 HTTP/1.1" 200 3293
186.9.38.149 - - [05/Mar/2018:16:24:10 -0300] "POST /cormun/servlet/solicitudot?c2276b62d1f036539e6d89791926d3b7,INS,0,0,,gx-no-cache=1520277805358 HTTP/1.1" 200 10442
186.9.38.149 - - [05/Mar/2018:16:24:12 -0300] "GET /cormun/servlet/solicitudot?ddce36254e44cd1ed9fdc7d14e9c97be19a7680a78b41106b3d4d8f4dca543c9c583fee11a6e71fecbad029d3110ea21,gx-no-cache=1520277808297 HTTP/1.1" 200 30
200.72.197.82 - - [05/Mar/2018:16:24:16 -0300] "GET /cormun/servlet/veautorizarsolicitud?2018,10027,, HTTP/1.1" 200 8586
200.72.197.82 - - [05/Mar/2018:16:24:16 -0300] "GET /cormun/pexe_scrolldiv.js HTTP/1.1" 404 1009
200.72.197.82 - - [05/Mar/2018:16:24:16 -0300] "GET /cormun/pexe_scrolldiv.js HTTP/1.1" 404 1009
200.72.197.82 - - [05/Mar/2018:16:24:18 -0300] "GET /cormun/servlet/veautorizarsolicitud?2018,10027,, HTTP/1.1" 200 8585
186.103.132.155 - - [05/Mar/2018:16:25:08 -0300] "GET /cormun/servlet/hlogin HTTP/1.1" 200 1757
186.9.38.149 - - [05/Mar/2018:16:25:25 -0300] "GET /cormun/servlet/prbanco?,MD,,gxPopupLevel%3D0%3B HTTP/1.1" 200 6627
186.9.38.149 - - [05/Mar/2018:16:25:26 -0300] "GET /cormun/static/gxcfg.js?20181161016094 HTTP/1.1" 304 -
186.9.38.149 - - [05/Mar/2018:16:25:26 -0300] "GET /cormun/static/prbanco.js?2018116101633 HTTP/1.1" 304 -
186.9.38.149 - - [05/Mar/2018:16:25:29 -0300] "GET /cormun/servlet/solicitudot?ddce36254e44cd1ed9fdc7d14e9c97be226b94900dc301e259b55c8144d59bf9,gx-no-cache=1520277885446 HTTP/1.1" 200 94
186.9.38.149 - - [05/Mar/2018:16:25:30 -0300] "GET /cormun/static/Shared/jqueryui/images/ui-icons_82798d_256x240.png HTTP/1.1" 404 1089
186.9.38.149 - - [05/Mar/2018:16:25:30 -0300] "GET /cormun/static/Shared/jqueryui/images/ui-bg_highlight-soft_100_c6c2c8_1x100.png HTTP/1.1" 404 1117
186.9.38.149 - - [05/Mar/2018:16:25:30 -0300] "GET /cormun/static/Shared/jqueryui/images/ui-bg_flat_55_994d53_40x100.png HTTP/1.1" 404 1097
186.9.38.149 - - [05/Mar/2018:16:25:30 -0300] "GET /cormun/static/Shared/jqueryui/images/ui-icons_ebccce_256x240.png HTTP/1.1" 404 1089
186.9.38.149 - - [05/Mar/2018:16:25:31 -0300] "GET /cormun/servlet/solicitudot?ddce36254e44cd1ed9fdc7d14e9c97be4262e4f3287dccf89099f6584602fcfa,gx-no-cache=1520277887477 HTTP/1.1" 200 53
192.168.10.61 - - [05/Mar/2018:16:25:34 -0300] "GET /cormun/servlet/vesolicitudgral?2018,9333,, HTTP/1.1" 200 9050
192.168.10.61 - - [05/Mar/2018:16:25:34 -0300] "GET /cormun/pexe_scrolldiv.js HTTP/1.1" 404 1009
192.168.10.61 - - [05/Mar/2018:16:25:35 -0300] "GET /cormun/pexe_scrolldiv.js HTTP/1.1" 404 1009
192.168.10.61 - - [05/Mar/2018:16:25:35 -0300] "GET /cormun/servlet/vesolicitudgral?2018,9333,, HTTP/1.1" 200 9049
192.168.10.61 - - [05/Mar/2018:16:25:37 -0300] "POST /cormun/servlet/vesolicitudgral?162aed5000c6a57ed66c3d24c28634ca,2018,9333,,,gx-no-cache=1520277777280 HTTP/1.1" 200 106
192.168.10.61 - - [05/Mar/2018:16:25:38 -0300] "GET /cormun/servlet/solicitudgral?UPD,2018,9333, HTTP/1.1" 200 12792
192.168.10.61 - - [05/Mar/2018:16:25:38 -0300] "GET /cormun/servlet/solicitudgral?UPD,2018,9333, HTTP/1.1" 200 12793
192.168.10.61 - - [05/Mar/2018:16:25:38 -0300] "POST /cormun/servlet/solicitudgral?gx-no-cache=1520277778395 HTTP/1.1" 200 3934
192.168.10.61 - - [05/Mar/2018:16:25:38 -0300] "GET /cormun/servlet/solicitudgral?8603167fc899e69bcb35b841ed6acf773c041af5502e22b7de0d5eb7b8ceb4c8af11b8d709492d3ab14aef40ae7b036efbfcbe33a4432ba57990f48b48ff8cdc63d4f292401960628368f64e1334bbce98d635b41968db0eede44b7d19345278b85338556dbfcf0e19e17f448037a9d4604fe5b098b7ec67a8d6d94954e7c70769f6d7a809719ca2fbfac58d64ef45782e0c77654a08104e6937562fb6a80ca680943c72244ad8b4b97b5fcfd11cf5aa4dd117bdfa27c5f5769affdbe3d475d5f61d0d21106c889e3b84c6f43c876ac36c0097b9de856a4336be8b0645de2a3605b34521e6cb5f581486f6f81cddc429a0b4180cbbc7f7ee6eaae839ea812154212aaa0b4f497729889e68f5efffee80abe12d9b0d6c0c8c5680e10654a935820107c1513e34f91e970aa4fa6c7a1e13608666876e955341cefe5c794bf5b4c008e84e03ba7cb0272f7dd637743a7f00,gx-no-cache=1520277778543 HTTP/1.1" 200 297
192.168.10.61 - - [05/Mar/2018:16:25:39 -0300] "GET /cormun/servlet/solicitudgral?8603167fc899e69bcb35b841ed6acf77d4dba9a3f75a48513d3f77702e022921c0d021dbc7c6a7816b372ae497e4ee069e857c1e74fcf03e5c0c4c294f51a5d213ad58c874b5822f427b0d739e15fdc112f8ff3136435fba9c58221dfe7ac752ddfa2c8df971f2cec9df0005f4636ccd9662a94f52e83910f1aa712e251d75020ae1dc9c6a7c8b71334f696174c300573b8aba89c84d55ac31d5fc5d4aa79ee7a24499b4116317e82f73aba0da8604819f5ad14b8e6db213c6d89fee1e2bbcf537acd62841abb23a7370f9f4239df5d460df29d8bda83d2ccd15bad28556f99390a4fe0cd88f5539f376de89c75fc0b56dd060a728047ef2ad997ddda71c3e876c99d01c6a1fff39e48a19e1e36512736d8d8c456029ff98153bcd1516d6e7c2d4a3af57a434a4efd0d8c93f3c75ad1ca8a956fdeca052998c731b234cd8c09269021333da0f819001e78e497195301658f3376c446ccb3fdb50dad733e640f7dcf309aa9ad1dcab714a81b86f3ee55390b0f2c6c30cb1f04df4e4478de547f71e64bc2d496b495e498b3c362821ca85e4ea977a322fb06fa94922c7dd7add1246902c2f3c518c73a39db919f92d9b06,gx-no-cache=1520277779088 HTTP/1.1" 200 48
192.168.10.61 - - [05/Mar/2018:16:25:45 -0300] "POST /cormun/servlet/solicitudgral?162aed5000c6a57ed66c3d24c28634ca,UPD,2018,9333,,gx-no-cache=1520277784550 HTTP/1.1" 200 11880
192.168.10.61 - - [05/Mar/2018:16:25:45 -0300] "GET /cormun/servlet/solicitudgral?8603167fc899e69bcb35b841ed6acf77ed8751609eaa3aca8fa3c29c14f898794bb6b71e6db54193553326afc87c1e3cddbedac2de8a16756266d6460b4fcee9b3d4e2b8f12c1e1d2809e636a31dd8db587ff47f17c1547155683a5f61936239b9c92222a8dfa7c9671d060c28291596,gx-no-cache=1520277784759 HTTP/1.1" 200 29
192.168.10.61 - - [05/Mar/2018:16:25:45 -0300] "POST /cormun/servlet/solicitudgral?gx-no-cache=1520277784779 HTTP/1.1" 200 1295
192.168.10.61 - - [05/Mar/2018:16:25:45 -0300] "POST /cormun/servlet/solicitudgral?gx-no-cache=1520277784808 HTTP/1.1" 200 1218
192.168.10.61 - - [05/Mar/2018:16:25:45 -0300] "POST /cormun/servlet/solicitudgral?162aed5000c6a57ed66c3d24c28634ca,UPD,2018,9333,,gx-no-cache=1520277784838 HTTP/1.1" 200 93
192.168.10.61 - - [05/Mar/2018:16:25:45 -0300] "GET /cormun/servlet/hpexe_return? HTTP/1.1" 200 1019
192.168.10.61 - - [05/Mar/2018:16:25:45 -0300] "GET /cormun/servlet/vesolicitudgral?2018,9333,, HTTP/1.1" 200 9087
192.168.10.61 - - [05/Mar/2018:16:25:45 -0300] "GET /cormun/pexe_scrolldiv.js HTTP/1.1" 404 1009
192.168.10.61 - - [05/Mar/2018:16:25:45 -0300] "GET /cormun/pexe_scrolldiv.js HTTP/1.1" 404 1009
192.168.10.61 - - [05/Mar/2018:16:25:46 -0300] "GET /cormun/servlet/vesolicitudgral?2018,9333,, HTTP/1.1" 200 9084
192.168.10.61 - - [05/Mar/2018:16:25:49 -0300] "POST /cormun/servlet/vesolicitudgral?162aed5000c6a57ed66c3d24c28634ca,2018,9333,,,gx-no-cache=1520277788716 HTTP/1.1" 200 12023
192.168.10.61 - - [05/Mar/2018:16:25:49 -0300] "GET /cormun/static/Shared/jqueryui/images/ui-bg_highlight-soft_100_c6c2c8_1x100.png HTTP/1.1" 404 1117
192.168.10.61 - - [05/Mar/2018:16:25:49 -0300] "GET /cormun/static/Shared/jqueryui/images/ui-icons_82798d_256x240.png HTTP/1.1" 404 1089
192.168.10.61 - - [05/Mar/2018:16:25:49 -0300] "GET /cormun/static/Shared/jqueryui/images/ui-icons_8d78a5_256x240.png HTTP/1.1" 404 1089
192.168.10.61 - - [05/Mar/2018:16:25:49 -0300] "GET /cormun/static/Shared/jqueryui/images/ui-bg_flat_55_fafafa_40x100.png HTTP/1.1" 404 1097
192.168.10.61 - - [05/Mar/2018:16:25:49 -0300] "POST /cormun/servlet/vesolicitudgral?162aed5000c6a57ed66c3d24c28634ca,2018,9333,,,gx-no-cache=1520277788969 HTTP/1.1" 200 11957
192.168.10.61 - - [05/Mar/2018:16:25:56 -0300] "GET /cormun/servlet/vesolicitudgral?2018,9333,,SolicitudOTLog HTTP/1.1" 200 9361
192.168.10.61 - - [05/Mar/2018:16:25:57 -0300] "GET /cormun/pexe_scrolldiv.js HTTP/1.1" 404 1009
192.168.10.61 - - [05/Mar/2018:16:25:57 -0300] "GET /cormun/static/tbsolicitudgral03.js?20177611585854 HTTP/1.1" 200 13342
192.168.10.61 - - [05/Mar/2018:16:25:57 -0300] "GET /cormun/static/Resources/PXToolsTabLastSelected.png HTTP/1.1" 200 1262
192.168.10.61 - - [05/Mar/2018:16:25:57 -0300] "GET /cormun/pexe_scrolldiv.js HTTP/1.1" 404 1009
192.168.10.61 - - [05/Mar/2018:16:25:57 -0300] "GET /cormun/static/gxui/gxui-all.css HTTP/1.1" 200 2179
192.168.10.61 - - [05/Mar/2018:16:25:57 -0300] "GET /cormun/static/Shared/ext/resources/css/ext-all.css HTTP/1.1" 200 416045
192.168.10.61 - - [05/Mar/2018:16:25:57 -0300] "GET /cormun/static/Resources/PXToolsTabFirstUnselected.png HTTP/1.1" 200 1264
192.168.10.61 - - [05/Mar/2018:16:25:57 -0300] "GET /cormun/static/Resources/PXToolsTabUnselectedSelected.png HTTP/1.1" 200 1444
192.168.10.61 - - [05/Mar/2018:16:25:57 -0300] "GET /cormun/servlet/vesolicitudgral?2018,9333,,SolicitudOTLog HTTP/1.1" 200 9361
192.168.10.61 - - [05/Mar/2018:16:25:58 -0300] "POST /cormun/servlet/acontrolpreferencessavestate?None,CGONZALEZ,true HTTP/1.1" 200 35
192.168.10.61 - - [05/Mar/2018:16:26:01 -0300] "GET /cormun/servlet/vesolicitudgral?2018,9333,,SolicitudOTAdjuntos HTTP/1.1" 200 7715
192.168.10.61 - - [05/Mar/2018:16:26:01 -0300] "GET /cormun/pexe_scrolldiv.js HTTP/1.1" 404 1009
192.168.10.61 - - [05/Mar/2018:16:26:01 -0300] "GET /cormun/static/tbsolicitudgral02.js?20171115129853 HTTP/1.1" 200 13312
192.168.10.61 - - [05/Mar/2018:16:26:01 -0300] "GET /cormun/pexe_scrolldiv.js HTTP/1.1" 404 1009
192.168.10.61 - - [05/Mar/2018:16:26:01 -0300] "GET /cormun/servlet/vesolicitudgral?2018,9333,,SolicitudOTAdjuntos HTTP/1.1" 200 7716
192.168.10.61 - - [05/Mar/2018:16:26:02 -0300] "POST /cormun/servlet/acontrolpreferencessavestate?None,CGONZALEZ,true HTTP/1.1" 200 35
192.168.10.61 - - [05/Mar/2018:16:26:04 -0300] "GET /cormun/servlet/vesolicitudgral?2018,9333,,General HTTP/1.1" 200 9110
192.168.10.61 - - [05/Mar/2018:16:26:04 -0300] "GET /cormun/pexe_scrolldiv.js HTTP/1.1" 404 1009
192.168.10.61 - - [05/Mar/2018:16:26:04 -0300] "GET /cormun/pexe_scrolldiv.js HTTP/1.1" 404 1009
192.168.10.61 - - [05/Mar/2018:16:26:04 -0300] "GET /cormun/servlet/vesolicitudgral?2018,9333,,General HTTP/1.1" 200 9109
200.111.122.170 - - [05/Mar/2018:16:26:05 -0300] "POST /cormun/servlet/hlogin?2b568a8d0ac422457e2ba1bece173727,gx-no-cache=1520277916539 HTTP/1.1" 200 90
200.111.122.170 - - [05/Mar/2018:16:26:05 -0300] "GET /cormun/servlet/hpexe_link HTTP/1.1" 200 978
200.111.122.170 - - [05/Mar/2018:16:26:05 -0300] "GET /cormun/servlet/veautorizarsolicitud?2018,10027,, HTTP/1.1" 200 8586
200.111.122.170 - - [05/Mar/2018:16:26:05 -0300] "GET /cormun/pexe_scrolldiv.js HTTP/1.1" 404 1009
200.111.122.170 - - [05/Mar/2018:16:26:07 -0300] "GET /cormun/servlet/veautorizarsolicitud?2018,10027,, HTTP/1.1" 200 8585
186.79.22.245 - - [05/Mar/2018:16:26:10 -0300] "POST /cormun/servlet/hlogin?1185d62a6764977f1df4ff37e401c278,gx-no-cache=1520277921753 HTTP/1.1" 200 90
186.79.22.245 - - [05/Mar/2018:16:26:10 -0300] "GET /cormun/servlet/hpexe_link HTTP/1.1" 200 963
186.79.22.245 - - [05/Mar/2018:16:26:11 -0300] "GET /cormun/servlet/trautorizarsolicitud HTTP/1.1" 200 7161
200.111.122.170 - - [05/Mar/2018:16:26:12 -0300] "GET /cormun/servlet/trsolicitudot? HTTP/1.1" 200 7424
186.79.22.245 - - [05/Mar/2018:16:26:12 -0300] "GET /cormun/servlet/trautorizarsolicitud HTTP/1.1" 200 7160
192.168.10.61 - - [05/Mar/2018:16:26:12 -0300] "GET /cormun/servlet/trsolicitudgral? HTTP/1.1" 200 13153
192.168.10.61 - - [05/Mar/2018:16:26:13 -0300] "GET /cormun/servlet/trsolicitudgral? HTTP/1.1" 200 13150
200.111.122.170 - - [05/Mar/2018:16:26:13 -0300] "GET /cormun/servlet/trsolicitudot? HTTP/1.1" 200 7413
200.111.122.170 - - [05/Mar/2018:16:26:16 -0300] "GET /cormun/servlet/solicitudot?INS,0,0, HTTP/1.1" 200 13654
200.111.122.170 - - [05/Mar/2018:16:26:17 -0300] "GET /cormun/servlet/solicitudot?INS,0,0, HTTP/1.1" 200 13659
186.79.22.245 - - [05/Mar/2018:16:26:22 -0300] "GET /cormun/servlet/trsolicitudot? HTTP/1.1" 200 7434
186.79.22.245 - - [05/Mar/2018:16:26:23 -0300] "GET /cormun/static/gxcfg.js?2017111422585916 HTTP/1.1" 200 953
186.79.22.245 - - [05/Mar/2018:16:26:23 -0300] "GET /cormun/static/trsolicitudot.js?201711142259839 HTTP/1.1" 200 54041
186.79.22.245 - - [05/Mar/2018:16:26:24 -0300] "GET /cormun/servlet/trsolicitudot? HTTP/1.1" 200 7433
200.72.197.82 - - [05/Mar/2018:16:26:27 -0300] "GET /cormun/servlet/prfichaempleado?,MD,,gxPopupLevel%3D0%3B HTTP/1.1" 200 9357
186.79.22.245 - - [05/Mar/2018:16:26:34 -0300] "GET /cormun/servlet/trcontratosolicitud? HTTP/1.1" 200 14817
186.79.22.245 - - [05/Mar/2018:16:26:36 -0300] "GET /cormun/servlet/trcontratosolicitud? HTTP/1.1" 200 14815
186.9.38.149 - - [05/Mar/2018:16:26:51 -0300] "GET /cormun/servlet/solicitudot?ddce36254e44cd1ed9fdc7d14e9c97bed8e2489c0e480b85b146ec459f0dad9e155421718b4cef5476b8ca10f8b74d7d1e49b66801cab72a72ae4b2ff2e79e30,gx-no-cache=1520277967391 HTTP/1.1" 200 30
200.72.197.82 - - [05/Mar/2018:16:26:53 -0300] "POST /cormun/servlet/prfichaempleado?2b568a8d0ac422457e2ba1bece173727,,MD,,gxPopupLevel%3D0%3B,gx-no-cache=1520277954740 HTTP/1.1" 200 3434
186.9.38.149 - - [05/Mar/2018:16:26:57 -0300] "POST /cormun/servlet/solicitudot?gx-no-cache=1520277973057 HTTP/1.1" 200 297
186.9.38.149 - - [05/Mar/2018:16:26:57 -0300] "GET /cormun/servlet/solicitudot?ddce36254e44cd1ed9fdc7d14e9c97be78b5488e37993eda16d3d5dd756db901a5696a0e80f9afcb80ff3d3da7c119b55a7e7b6184da16ffdf5278dce181ca5a1e9e7771d38996f9aa3481af423f7c9dd629a5a09361deab3c7107ee6591bbba2f03f4018e3dcafec73f28699b31ef693c725a0ae6c4b07d73eff3fc5856f1dc184554b129adb1ef4b1411df6657b6629beee5cdc57e994324b83eafd3d35b1e860fcefa358a7211a5525f5d80008b780ae94975231188e45b58f88737cc523b75261d80b727d3dfd27e52999ed1ea0d1e6afe6e43064a00cc75678da79b72e668bd77e132eb81e14b293057c72d8207732c01e2f76b73505c0130e71375e5a958d5f1f848249ba94b907a4259e8d40d346fc8599058e1ae58abc7c9167b28495d35b9a6799a7b29fecaa1f98e926bd735db815f6076f1287b573a3458be45d18b6e3af25fdb5d92c27bc6708f8066ef83be0829931e4f6c673fef5649a8e7e348430755ec838f5b50a7230ea604702d592116d722e77c68fcad3b39794a78d9aecb562fa5c4bf76781c8411b5d82788,gx-no-cache=1520277973301 HTTP/1.1" 200 30
200.72.197.82 - - [05/Mar/2018:16:26:59 -0300] "POST /cormun/servlet/solicitudot?gx-no-cache=1520277970931 HTTP/1.1" 200 3412
200.72.197.82 - - [05/Mar/2018:16:26:59 -0300] "POST /cormun/servlet/solicitudot?2b568a8d0ac422457e2ba1bece173727,INS,0,0,,gx-no-cache=1520277971273 HTTP/1.1" 200 10594
200.72.197.82 - - [05/Mar/2018:16:27:00 -0300] "GET /cormun/servlet/solicitudot?c3b81f6abc789558766fae8a322e39cdbbc18f358f283a6d9670994250c4cc712531d68066f557cb09aceea9d6e1bdab,gx-no-cache=1520277971915 HTTP/1.1" 200 30
186.9.38.149 - - [05/Mar/2018:16:27:01 -0300] "POST /cormun/servlet/solicitudot?gx-no-cache=1520277977495 HTTP/1.1" 200 30
186.9.38.149 - - [05/Mar/2018:16:27:03 -0300] "POST /cormun/servlet/solicitudot?gx-no-cache=1520277979134 HTTP/1.1" 200 1333
186.9.38.149 - - [05/Mar/2018:16:27:03 -0300] "POST /cormun/servlet/solicitudot?gx-no-cache=1520277979360 HTTP/1.1" 200 38
200.72.197.82 - - [05/Mar/2018:16:27:12 -0300] "GET /cormun/servlet/solicitudot?c3b81f6abc789558766fae8a322e39cdc07b2b4b7308ae9c3792e511b9d8c7ee075e7e30dabfd8ea7415a9d3e5a578e135a4af8b8cfff325f21af0b00246cdaf,gx-no-cache=1520277983805 HTTP/1.1" 200 30
200.72.197.82 - - [05/Mar/2018:16:27:12 -0300] "GET /cormun/servlet/solicitudot?c3b81f6abc789558766fae8a322e39cd118909c3b95141132115fa59fad70c40,gx-no-cache=1520277983931 HTTP/1.1" 200 53
200.72.197.82 - - [05/Mar/2018:16:27:12 -0300] "POST /cormun/servlet/solicitudot?gx-no-cache=1520277984011 HTTP/1.1" 200 297
200.72.197.82 - - [05/Mar/2018:16:27:12 -0300] "GET /cormun/servlet/solicitudot?c3b81f6abc789558766fae8a322e39cd4aebfc46da42a56b52b4c8646297a29f5ebad4d6860f1a9b850a451231f0eb7d9ab0f96f97a163ed996bbb7ae1c52690ce83f9b135e6573de6f6fec5791770016ce2dcd6cb091903abc98e8365306aed3b92f1856e9161a3a1aac6783a250ea125372a4c34c2695f8ff111e345961212544db50f90949b065b50087fdd3a365bc80b8d4faed85c768ee112d26ad4b2d53bf965642443fdf945ea9ab87c7c1d47df64b774cae431b4db5be6591ae90fc83fad648097566faee6ff939f0dcd2e420e25d9135209e71ef6ec3c18ffa9462f7387c876b4423e7d0350b9ca8c10807059f84ebc7d0160441ff13275bdafdefe1e3aeaa822c2b384781f535f45916a0eb99be7c3c904f9cf0f84b8a5da286c55529d6b0128240b780d276016ac5d37726f1cb8a3c2731721c1e56f650689ba93ff4bce520d432e344fc0a70a2cd7d650f0d06bc3332ced939b1cf8dc4c440b7e3655b63894e118a7d47cdfc16d3322922b8e3c41da7b0c862115815028b61a53187d0736a67667eb9decced58ce374bc,gx-no-cache=1520277984193 HTTP/1.1" 200 30
200.72.197.82 - - [05/Mar/2018:16:27:14 -0300] "POST /cormun/servlet/solicitudot?gx-no-cache=1520277986081 HTTP/1.1" 200 30
186.9.38.149 - - [05/Mar/2018:16:27:16 -0300] "GET /cormun/servlet/solicitudot?ddce36254e44cd1ed9fdc7d14e9c97be4c8d25016593465bff2deb589682ab31d2701e8a773cb3b5b0ef14a2befa755ffef084a5c709d23d4c2b9e13a95bdc293f3f2060ce191f35e9ceca64b942fa685958c82b5ed834cf303d0a5cd08aaa91c00ecc7573cb0fc83b58632550c05711,gx-no-cache=1520277992063 HTTP/1.1" 200 29
186.9.38.149 - - [05/Mar/2018:16:27:16 -0300] "POST /cormun/servlet/solicitudot?gx-no-cache=1520277992677 HTTP/1.1" 200 1318
186.9.38.149 - - [05/Mar/2018:16:27:17 -0300] "POST /cormun/servlet/solicitudot?gx-no-cache=1520277992972 HTTP/1.1" 200 1215
200.72.197.82 - - [05/Mar/2018:16:27:22 -0300] "POST /cormun/servlet/solicitudot?gx-no-cache=1520277993357 HTTP/1.1" 200 1337
200.72.197.82 - - [05/Mar/2018:16:27:22 -0300] "POST /cormun/servlet/solicitudot?gx-no-cache=1520277993919 HTTP/1.1" 200 38
200.72.197.82 - - [05/Mar/2018:16:27:22 -0300] "GET /cormun/servlet/solicitudot?c3b81f6abc789558766fae8a322e39cdcaa9eca0bbc6e04f61c3e05830f51864a14c14dda850bdb03ba6bfdaaf1ae9edd21c61616a0c99d2d847c17388379f8db17b2f4db62cc74990a252cf45af2f9748f75341d385d964903fa3c38f0647481db732fa81708ced560feafee3ae5e5c,gx-no-cache=1520277994000 HTTP/1.1" 200 29
200.72.197.82 - - [05/Mar/2018:16:27:22 -0300] "POST /cormun/servlet/solicitudot?gx-no-cache=1520277994075 HTTP/1.1" 200 1319
200.72.197.82 - - [05/Mar/2018:16:27:22 -0300] "POST /cormun/servlet/solicitudot?gx-no-cache=1520277994287 HTTP/1.1" 200 1219
186.9.38.149 - - [05/Mar/2018:16:27:28 -0300] "GET /cormun/static/menuarrow.gif HTTP/1.1" 404 1015
192.168.10.61 - - [05/Mar/2018:16:27:31 -0300] "GET /cormun/servlet/solicitudgral2?UPD,2018,9333, HTTP/1.1" 200 13005
192.168.10.61 - - [05/Mar/2018:16:27:31 -0300] "GET /cormun/servlet/solicitudgral2?UPD,2018,9333, HTTP/1.1" 200 13015
192.168.10.61 - - [05/Mar/2018:16:27:32 -0300] "POST /cormun/servlet/solicitudgral2?gx-no-cache=1520277891596 HTTP/1.1" 200 3934
192.168.10.61 - - [05/Mar/2018:16:27:32 -0300] "GET /cormun/servlet/solicitudgral2?8603167fc899e69bcb35b841ed6acf773c041af5502e22b7de0d5eb7b8ceb4c8af11b8d709492d3ab14aef40ae7b036efbfcbe33a4432ba57990f48b48ff8cdc63d4f292401960628368f64e1334bbce98d635b41968db0eede44b7d19345278b85338556dbfcf0e19e17f448037a9d4604fe5b098b7ec67a8d6d94954e7c70769f6d7a809719ca2fbfac58d64ef45782e0c77654a08104e6937562fb6a80ca680943c72244ad8b4b97b5fcfd11cf5aa4dd117bdfa27c5f5769affdbe3d475d5f61d0d21106c889e3b84c6f43c876ac36c0097b9de856a4336be8b0645de2a3605b34521e6cb5f581486f6f81cddc429a0b4180cbbc7f7ee6eaae839ea812154212aaa0b4f497729889e68f5efffee80abe12d9b0d6c0c8c5680e10654a935820107c1513e34f91e970aa4fa6c7a1e13608666876e955341cefe5c794bf5b4c008e84e03ba7cb0272f7dd637743a7f00,gx-no-cache=1520277891719 HTTP/1.1" 200 297
192.168.10.61 - - [05/Mar/2018:16:27:32 -0300] "POST /cormun/servlet/solicitudgral2?gx-no-cache=1520277891745 HTTP/1.1" 200 1398
192.168.10.61 - - [05/Mar/2018:16:27:32 -0300] "GET /cormun/servlet/solicitudgral2?8603167fc899e69bcb35b841ed6acf7747d406fe47b1e6b55ed0ba90b85e58c9ba27426bcd18711b257747353355e62cbe299b55cd61a2da05c2dc0cc39e616e191121e4fd4f869294278fe9206cc1db9b10fa805df5ca16b3537457b634b2b93af965c0298e1e19e94f7b813a738fcc,gx-no-cache=1520277891798 HTTP/1.1" 200 41
186.9.38.149 - - [05/Mar/2018:16:27:35 -0300] "GET /cormun/servlet/solicitudot?ddce36254e44cd1ed9fdc7d14e9c97be744cb86db5de20e566c9657bbd5a1725033e0b502d4075ad3bb021597faf9ded,gx-no-cache=1520278010485 HTTP/1.1" 200 30
192.168.10.61 - - [05/Mar/2018:16:27:35 -0300] "POST /cormun/servlet/solicitudgral2?162aed5000c6a57ed66c3d24c28634ca,UPD,2018,9333,,gx-no-cache=1520277895226 HTTP/1.1" 200 11909
192.168.10.61 - - [05/Mar/2018:16:27:35 -0300] "GET /cormun/servlet/solicitudgral2?8603167fc899e69bcb35b841ed6acf77ed8751609eaa3aca8fa3c29c14f898794bb6b71e6db54193553326afc87c1e3cddbedac2de8a16756266d6460b4fcee9b3d4e2b8f12c1e1d2809e636a31dd8db587ff47f17c1547155683a5f61936239b9c92222a8dfa7c9671d060c28291596,gx-no-cache=1520277895421 HTTP/1.1" 200 29
192.168.10.61 - - [05/Mar/2018:16:27:35 -0300] "POST /cormun/servlet/solicitudgral2?gx-no-cache=1520277895438 HTTP/1.1" 200 1295
192.168.10.61 - - [05/Mar/2018:16:27:35 -0300] "POST /cormun/servlet/solicitudgral2?gx-no-cache=1520277895468 HTTP/1.1" 200 1218
192.168.10.61 - - [05/Mar/2018:16:27:35 -0300] "GET /cormun/servlet/solicitudgral2?8603167fc899e69bcb35b841ed6acf779f6248b369e1c42e8b0b62f2efae002a90a691692337059e335dcf8e5a4ad793b8a1884864aec48cf47d13e9d3066eb014250cc3f4a4237e81570934648ce4857f81501c92ff0b3bc9f70618262c08531b077015924ab97b2defd88df33f1d03738cacfb5285dc7b74570bac33d9c05e,gx-no-cache=1520277895504 HTTP/1.1" 200 30
192.168.10.61 - - [05/Mar/2018:16:27:36 -0300] "POST /cormun/servlet/solicitudgral2?162aed5000c6a57ed66c3d24c28634ca,UPD,2018,9333,,gx-no-cache=1520277895537 HTTP/1.1" 200 93
192.168.10.61 - - [05/Mar/2018:16:27:36 -0300] "GET /cormun/servlet/hpexe_return? HTTP/1.1" 200 1016
192.168.10.61 - - [05/Mar/2018:16:27:36 -0300] "GET /cormun/servlet/trsolicitudgral HTTP/1.1" 200 13155
192.168.10.61 - - [05/Mar/2018:16:27:36 -0300] "GET /cormun/servlet/trsolicitudgral HTTP/1.1" 200 13151
186.103.132.155 - - [05/Mar/2018:16:27:45 -0300] "POST /cormun/servlet/solicitudot?gx-no-cache=1520278016820 HTTP/1.1" 200 1320
186.103.132.155 - - [05/Mar/2018:16:27:46 -0300] "POST /cormun/servlet/solicitudot?gx-no-cache=1520278017635 HTTP/1.1" 200 1219
186.103.132.155 - - [05/Mar/2018:16:27:46 -0300] "GET /cormun/static/menuarrow.gif HTTP/1.1" 404 1015
186.103.132.155 - - [05/Mar/2018:16:27:48 -0300] "POST /cormun/servlet/solicitudot?gx-no-cache=1520278019913 HTTP/1.1" 200 1320
186.103.132.155 - - [05/Mar/2018:16:27:48 -0300] "POST /cormun/servlet/solicitudot?gx-no-cache=1520278020115 HTTP/1.1" 200 1219
186.103.132.155 - - [05/Mar/2018:16:27:50 -0300] "GET /cormun/servlet/solicitudot?c3b81f6abc789558766fae8a322e39cdfa1c4fa703d4e3bb6a83dfd2c778db8c7b3daa527c593aa4934545aea516bcde,gx-no-cache=1520278022439 HTTP/1.1" 200 30
186.9.38.149 - - [05/Mar/2018:16:27:52 -0300] "POST /cormun/servlet/solicitudot?gx-no-cache=1520278027400 HTTP/1.1" 200 30
186.103.159.204 - - [05/Mar/2018:16:28:00 -0300] "GET /cormun/servlet/solicitudot?df80c80aa2f9674b3bcfc905130afe7b69f91d8eab8ae5b73513a420e10a7907b07859ab4eb71b04671c6b4bf9461d1ec428ad66d03be6c5884f454873e51a8fe36d880b12d95eb00c7dc031948d90fa507934a8475fa5482f7f8246c097ec9696c3d16c8cb24dd52d4afbf2c924bfa044f0f0e49c8e99f756fcecfa42fc96de6c8babd5ab1a377da61cbba2e089bfd325a6a85aa50d08e2582ba50f930829b4,gx-no-cache=1520278031333 HTTP/1.1" 200 29
186.103.159.204 - - [05/Mar/2018:16:28:00 -0300] "POST /cormun/servlet/solicitudot?gx-no-cache=1520278031641 HTTP/1.1" 200 1318
186.103.159.204 - - [05/Mar/2018:16:28:00 -0300] "POST /cormun/servlet/solicitudot?gx-no-cache=1520278031697 HTTP/1.1" 200 1218
186.103.132.155 - - [05/Mar/2018:16:28:04 -0300] "POST /cormun/servlet/solicitudot?gx-no-cache=1520278036080 HTTP/1.1" 200 30
186.9.38.149 - - [05/Mar/2018:16:28:15 -0300] "POST /cormun/servlet/solicitudot?c2276b62d1f036539e6d89791926d3b7,INS,0,0,,gx-no-cache=1520278050020 HTTP/1.1" 200 93
186.9.38.149 - - [05/Mar/2018:16:28:15 -0300] "GET /cormun/servlet/hpexe_return? HTTP/1.1" 200 1004
186.9.38.149 - - [05/Mar/2018:16:28:15 -0300] "GET /cormun/static/gxcfg.js?2016101716175148 HTTP/1.1" 304 -
186.9.38.149 - - [05/Mar/2018:16:28:15 -0300] "GET /cormun/servlet/trsolicitudot HTTP/1.1" 200 8769
186.9.38.149 - - [05/Mar/2018:16:28:16 -0300] "GET /cormun/servlet/trsolicitudot HTTP/1.1" 200 8765
186.9.38.149 - - [05/Mar/2018:16:28:21 -0300] "POST /cormun/servlet/trsolicitudot?c2276b62d1f036539e6d89791926d3b7,gx-no-cache=1520278055219 HTTP/1.1" 200 106
186.9.38.149 - - [05/Mar/2018:16:28:21 -0300] "GET /cormun/servlet/trsolicitudadjuntos?2018,10028, HTTP/1.1" 200 6283
186.9.38.149 - - [05/Mar/2018:16:28:21 -0300] "GET /cormun/static/gxcfg.js?20177612135366 HTTP/1.1" 304 -
186.9.38.149 - - [05/Mar/2018:16:28:22 -0300] "GET /cormun/servlet/trsolicitudadjuntos?2018,10028, HTTP/1.1" 200 6282
190.151.100.218 - - [05/Mar/2018:16:28:36 -0300] "POST /cormun/servlet/solicitudot?2b568a8d0ac422457e2ba1bece173727,INS,0,0,,gx-no-cache=1520278068141 HTTP/1.1" 200 93
190.151.100.218 - - [05/Mar/2018:16:28:36 -0300] "GET /cormun/servlet/hpexe_return? HTTP/1.1" 200 1012
190.151.100.218 - - [05/Mar/2018:16:28:37 -0300] "GET /cormun/servlet/trsolicitudot HTTP/1.1" 200 8775
190.151.100.218 - - [05/Mar/2018:16:28:38 -0300] "GET /cormun/servlet/trsolicitudot HTTP/1.1" 200 8774
190.151.100.218 - - [05/Mar/2018:16:28:53 -0300] "POST /cormun/servlet/trsolicitudot?2b568a8d0ac422457e2ba1bece173727,gx-no-cache=1520278084508 HTTP/1.1" 200 4697
190.151.100.218 - - [05/Mar/2018:16:28:53 -0300] "GET /cormun/static/Shared/jqueryui/images/ui-bg_highlight-soft_100_c6c2c8_1x100.png HTTP/1.1" 404 1117
190.151.100.218 - - [05/Mar/2018:16:28:53 -0300] "GET /cormun/static/Shared/jqueryui/images/ui-icons_82798d_256x240.png HTTP/1.1" 404 1089
190.151.100.218 - - [05/Mar/2018:16:28:53 -0300] "GET /cormun/static/Shared/jqueryui/images/ui-bg_flat_55_fafafa_40x100.png HTTP/1.1" 404 1097
190.151.100.218 - - [05/Mar/2018:16:28:53 -0300] "POST /cormun/servlet/trsolicitudot?2b568a8d0ac422457e2ba1bece173727,gx-no-cache=1520278085142 HTTP/1.1" 200 4465
200.72.197.82 - - [05/Mar/2018:16:28:53 -0300] "GET /cormun/static/Shared/jqueryui/images/ui-icons_8d78a5_256x240.png HTTP/1.1" 404 1089
186.103.159.46 - - [05/Mar/2018:16:28:54 -0300] "POST /cormun/servlet/solicitudot?gx-no-cache=1520278029086 HTTP/1.1" 200 3373
186.103.159.46 - - [05/Mar/2018:16:28:54 -0300] "POST /cormun/servlet/solicitudot?59e0d73316b79814d71019f5a33dcaab,INS,0,0,,gx-no-cache=1520278029766 HTTP/1.1" 200 10328
186.103.159.46 - - [05/Mar/2018:16:28:55 -0300] "GET /cormun/servlet/solicitudot?c5484b51e4122c178bafb718f5c47208f14ab5bed871fd7f4890622fbcaf81aa05d2a7eed19ec38650fdfe9b323a3a4e,gx-no-cache=1520278030190 HTTP/1.1" 200 30
186.79.22.245 - - [05/Mar/2018:16:28:58 -0300] "POST /cormun/servlet/trcontratosolicitud?1185d62a6764977f1df4ff37e401c278,,gx-no-cache=1520278088637 HTTP/1.1" 200 5542
200.72.197.82 - - [05/Mar/2018:16:29:03 -0300] "GET /cormun/servlet/trautorizarsolicitud? HTTP/1.1" 200 11340
200.72.197.82 - - [05/Mar/2018:16:29:05 -0300] "GET /cormun/servlet/trautorizarsolicitud? HTTP/1.1" 200 11339
186.67.203.186 - - [05/Mar/2018:16:29:15 -0300] "POST /cormun/servlet/trautorizarsolicitud?2b568a8d0ac422457e2ba1bece173727,,gx-no-cache=1520278107029 HTTP/1.1" 200 8545
186.9.38.149 - - [05/Mar/2018:16:29:16 -0300] "GET /cormun/servlet/solicitudotadjuntos?INS,2018,10028,,1, HTTP/1.1" 200 6231
186.9.38.149 - - [05/Mar/2018:16:29:16 -0300] "GET /cormun/static/gxcfg.js?2017761244068 HTTP/1.1" 304 -
186.9.38.149 - - [05/Mar/2018:16:29:16 -0300] "GET /cormun/static/about:blank HTTP/1.1" 404 1011
186.9.38.149 - - [05/Mar/2018:16:29:16 -0300] "GET /cormun/servlet/solicitudotadjuntos?INS,2018,10028,,1, HTTP/1.1" 200 6225
186.9.38.149 - - [05/Mar/2018:16:29:17 -0300] "GET /cormun/servlet/solicitudotadjuntos?ddce36254e44cd1ed9fdc7d14e9c97be9963aa64c2857f60f34998c15035a92164520652fc822c5e0a718f5a81f0dee9,gx-no-cache=1520278113288 HTTP/1.1" 200 30
186.9.38.149 - - [05/Mar/2018:16:29:18 -0300] "POST /cormun/servlet/solicitudotadjuntos?c2276b62d1f036539e6d89791926d3b7,INS,2018,10028,,1,,gx-no-cache=1520278113543 HTTP/1.1" 200 3982
186.9.38.149 - - [05/Mar/2018:16:29:20 -0300] "POST /cormun/servlet/solicitudotadjuntos?gx-no-cache=1520278115909 HTTP/1.1" 200 26
186.9.38.149 - - [05/Mar/2018:16:29:26 -0300] "GET /cormun/servlet/solicitudotadjuntos?ddce36254e44cd1ed9fdc7d14e9c97beda28806f9635515a0e3dc5eadcceb91d,gx-no-cache=1520278121859 HTTP/1.1" 200 30
186.67.203.186 - - [05/Mar/2018:16:29:26 -0300] "POST /cormun/servlet/trautorizarsolicitud?2b568a8d0ac422457e2ba1bece173727,,gx-no-cache=1520278116771 HTTP/1.1" 200 5766
186.9.38.149 - - [05/Mar/2018:16:29:26 -0300] "GET /cormun/servlet/solicitudotadjuntos?ddce36254e44cd1ed9fdc7d14e9c97beda28806f9635515a0e3dc5eadcceb91d,gx-no-cache=1520278121987 HTTP/1.1" 200 30
186.9.38.149 - - [05/Mar/2018:16:29:27 -0300] "POST /cormun/servlet/solicitudotadjuntos?c2276b62d1f036539e6d89791926d3b7,INS,2018,10028,,1, HTTP/1.1" 200 116
186.9.38.149 - - [05/Mar/2018:16:29:27 -0300] "GET /cormun/servlet/hpexe_return? HTTP/1.1" 200 1024
186.9.38.149 - - [05/Mar/2018:16:29:27 -0300] "GET /cormun/servlet/trsolicitudadjuntos?2018,10028, HTTP/1.1" 200 8676
186.9.38.149 - - [05/Mar/2018:16:29:28 -0300] "GET /cormun/servlet/trsolicitudadjuntos?2018,10028, HTTP/1.1" 200 8667
186.9.38.149 - - [05/Mar/2018:16:29:30 -0300] "GET /cormun/servlet/solicitudotadjuntos?INS,2018,10028,,1, HTTP/1.1" 200 6231
186.9.38.149 - - [05/Mar/2018:16:29:30 -0300] "GET /cormun/static/about:blank HTTP/1.1" 404 1011
186.9.38.149 - - [05/Mar/2018:16:29:30 -0300] "GET /cormun/servlet/solicitudotadjuntos?INS,2018,10028,,1, HTTP/1.1" 200 6225
186.9.38.149 - - [05/Mar/2018:16:29:31 -0300] "GET /cormun/servlet/solicitudotadjuntos?ddce36254e44cd1ed9fdc7d14e9c97be9963aa64c2857f60f34998c15035a92164520652fc822c5e0a718f5a81f0dee9,gx-no-cache=1520278126976 HTTP/1.1" 200 30
186.9.38.149 - - [05/Mar/2018:16:29:31 -0300] "POST /cormun/servlet/solicitudotadjuntos?c2276b62d1f036539e6d89791926d3b7,INS,2018,10028,,1,,gx-no-cache=1520278127144 HTTP/1.1" 200 3982
186.9.38.149 - - [05/Mar/2018:16:29:34 -0300] "POST /cormun/servlet/solicitudotadjuntos?gx-no-cache=1520278130096 HTTP/1.1" 200 26
186.103.159.204 - - [05/Mar/2018:16:29:34 -0300] "GET /cormun/static/menuarrow.gif HTTP/1.1" 404 1015
200.72.197.82 - - [05/Mar/2018:16:29:46 -0300] "POST /cormun/servlet/trautorizarsolicitud?2b568a8d0ac422457e2ba1bece173727,,gx-no-cache=1520278137639 HTTP/1.1" 200 4627
186.103.159.204 - - [05/Mar/2018:16:29:46 -0300] "GET /cormun/servlet/solicitudot?df80c80aa2f9674b3bcfc905130afe7bbf2976f8fe5e83f4f8686f79b553d183aba39b7208468516ae5752707471495e,gx-no-cache=1520278137538 HTTP/1.1" 200 30
200.72.197.82 - - [05/Mar/2018:16:29:46 -0300] "GET /cormun/static/Shared/jqueryui/images/ui-bg_highlight-soft_100_c6c2c8_1x100.png HTTP/1.1" 404 1117
190.151.100.218 - - [05/Mar/2018:16:29:46 -0300] "GET /cormun/static/Shared/jqueryui/images/ui-icons_8d78a5_256x240.png HTTP/1.1" 404 1089
200.72.197.82 - - [05/Mar/2018:16:29:46 -0300] "GET /cormun/static/Shared/jqueryui/images/ui-bg_flat_55_fafafa_40x100.png HTTP/1.1" 404 1097
200.72.197.82 - - [05/Mar/2018:16:29:46 -0300] "GET /cormun/static/Shared/jqueryui/images/ui-icons_82798d_256x240.png HTTP/1.1" 404 1089
200.72.197.82 - - [05/Mar/2018:16:29:47 -0300] "POST /cormun/servlet/trautorizarsolicitud?2b568a8d0ac422457e2ba1bece173727,,gx-no-cache=1520278138607 HTTP/1.1" 200 4398
192.168.10.61 - - [05/Mar/2018:16:29:53 -0300] "GET /cormun/servlet/vesolicitudgral?2018,9344,, HTTP/1.1" 200 9039
192.168.10.61 - - [05/Mar/2018:16:29:53 -0300] "GET /cormun/pexe_scrolldiv.js HTTP/1.1" 404 1009
192.168.10.61 - - [05/Mar/2018:16:29:53 -0300] "GET /cormun/pexe_scrolldiv.js HTTP/1.1" 404 1009
192.168.10.61 - - [05/Mar/2018:16:29:53 -0300] "GET /cormun/servlet/vesolicitudgral?2018,9344,, HTTP/1.1" 200 9039
200.72.197.82 - - [05/Mar/2018:16:29:58 -0300] "POST /cormun/servlet/trautorizarsolicitud?2b568a8d0ac422457e2ba1bece173727,,gx-no-cache=1520278150155 HTTP/1.1" 200 8903
186.103.159.204 - - [05/Mar/2018:16:30:01 -0300] "POST /cormun/servlet/solicitudot?gx-no-cache=1520278152236 HTTP/1.1" 200 30
200.72.197.82 - - [05/Mar/2018:16:30:11 -0300] "GET /cormun/servlet/veautorizarsolicitud?2018,10029,, HTTP/1.1" 200 8597
200.72.197.82 - - [05/Mar/2018:16:30:11 -0300] "GET /cormun/pexe_scrolldiv.js HTTP/1.1" 404 1009
200.72.197.82 - - [05/Mar/2018:16:30:11 -0300] "GET /cormun/pexe_scrolldiv.js HTTP/1.1" 404 1009
186.9.38.149 - - [05/Mar/2018:16:30:12 -0300] "GET /cormun/servlet/solicitudotadjuntos?ddce36254e44cd1ed9fdc7d14e9c97beda28806f9635515a0e3dc5eadcceb91d,gx-no-cache=1520278168575 HTTP/1.1" 200 30
186.9.38.149 - - [05/Mar/2018:16:30:13 -0300] "GET /cormun/servlet/solicitudotadjuntos?ddce36254e44cd1ed9fdc7d14e9c97beda28806f9635515a0e3dc5eadcceb91d,gx-no-cache=1520278168942 HTTP/1.1" 200 30
200.72.197.82 - - [05/Mar/2018:16:30:13 -0300] "GET /cormun/servlet/veautorizarsolicitud?2018,10029,, HTTP/1.1" 200 8596
186.9.38.149 - - [05/Mar/2018:16:30:13 -0300] "POST /cormun/servlet/solicitudotadjuntos?c2276b62d1f036539e6d89791926d3b7,INS,2018,10028,,1, HTTP/1.1" 200 116
186.9.38.149 - - [05/Mar/2018:16:30:13 -0300] "GET /cormun/servlet/hpexe_return? HTTP/1.1" 200 1024
186.9.38.149 - - [05/Mar/2018:16:30:14 -0300] "GET /cormun/servlet/trsolicitudadjuntos?2018,10028, HTTP/1.1" 200 8888
186.9.38.149 - - [05/Mar/2018:16:30:14 -0300] "GET /cormun/servlet/trsolicitudadjuntos?2018,10028, HTTP/1.1" 200 8884
186.9.38.149 - - [05/Mar/2018:16:30:17 -0300] "GET /cormun/servlet/solicitudotadjuntos?INS,2018,10028,,1, HTTP/1.1" 200 6230
186.9.38.149 - - [05/Mar/2018:16:30:18 -0300] "GET /cormun/static/about:blank HTTP/1.1" 404 1011
186.9.38.149 - - [05/Mar/2018:16:30:18 -0300] "GET /cormun/servlet/solicitudotadjuntos?INS,2018,10028,,1, HTTP/1.1" 200 6224
186.9.38.149 - - [05/Mar/2018:16:30:18 -0300] "GET /cormun/servlet/solicitudotadjuntos?ddce36254e44cd1ed9fdc7d14e9c97be9963aa64c2857f60f34998c15035a92164520652fc822c5e0a718f5a81f0dee9,gx-no-cache=1520278174537 HTTP/1.1" 200 30
186.9.38.149 - - [05/Mar/2018:16:30:19 -0300] "POST /cormun/servlet/solicitudotadjuntos?c2276b62d1f036539e6d89791926d3b7,INS,2018,10028,,1,,gx-no-cache=1520278174677 HTTP/1.1" 200 3980
186.9.38.149 - - [05/Mar/2018:16:30:21 -0300] "POST /cormun/servlet/solicitudotadjuntos?gx-no-cache=1520278177570 HTTP/1.1" 200 26
186.103.159.204 - - [05/Mar/2018:16:30:27 -0300] "POST /cormun/servlet/solicitudot?152ff03f76c070b2e10f6c5b493d57a9,INS,0,0,,gx-no-cache=1520278177764 HTTP/1.1" 200 93
186.103.159.204 - - [05/Mar/2018:16:30:27 -0300] "GET /cormun/servlet/hpexe_return? HTTP/1.1" 200 1005
186.103.159.204 - - [05/Mar/2018:16:30:27 -0300] "GET /cormun/servlet/trsolicitudot? HTTP/1.1" 200 7443
186.103.159.204 - - [05/Mar/2018:16:30:27 -0300] "GET /cormun/servlet/trsolicitudot? HTTP/1.1" 200 7440
186.103.159.46 - - [05/Mar/2018:16:30:45 -0300] "GET /cormun/servlet/solicitudot?c5484b51e4122c178bafb718f5c47208a43e13f568b1e503c04c44e1144baf86bd6aaafc7c8497a97c7100bd88503243,gx-no-cache=1520278140322 HTTP/1.1" 200 30
192.168.10.61 - - [05/Mar/2018:16:30:53 -0300] "POST /cormun/servlet/vesolicitudgral?162aed5000c6a57ed66c3d24c28634ca,2018,9344,,,gx-no-cache=1520278093411 HTTP/1.1" 200 107
192.168.10.61 - - [05/Mar/2018:16:30:54 -0300] "GET /cormun/servlet/solicitudgral?UPD,2018,9344, HTTP/1.1" 200 12770
192.168.10.61 - - [05/Mar/2018:16:30:54 -0300] "GET /cormun/servlet/solicitudgral?UPD,2018,9344, HTTP/1.1" 200 12770
192.168.10.61 - - [05/Mar/2018:16:30:55 -0300] "POST /cormun/servlet/solicitudgral?gx-no-cache=1520278094593 HTTP/1.1" 200 3924
192.168.10.61 - - [05/Mar/2018:16:30:55 -0300] "GET /cormun/servlet/solicitudgral?8603167fc899e69bcb35b841ed6acf773c041af5502e22b7de0d5eb7b8ceb4c8af11b8d709492d3ab14aef40ae7b036efbfcbe33a4432ba57990f48b48ff8cdc63d4f292401960628368f64e1334bbce98d635b41968db0eede44b7d19345278b85338556dbfcf0e19e17f448037a9d4604fe5b098b7ec67a8d6d94954e7c70769f6d7a809719ca2fbfac58d64ef45782e0c77654a08104e6937562fb6a80ca680943c72244ad8b4b97b5fcfd11cf5aa4dd117bdfa27c5f5769affdbe3d475d5f61d0d21106c889e3b84c6f43c876ac36c0097b9de856a4336be8b0645de2a3605b34521e6cb5f581486f6f81cddc429a0b4180cbbc7f7ee6eaae839ea812154212aaa0b4f497729889e68f5efffee80abe12d9b0d6c0c8c5680e10654a935820107c1513e34f91e970aa4fa6c7a1e13608666876e955341cefe5c794bf5b4c008e84e03ba7cb0272f7dd637743a7f00,gx-no-cache=1520278094723 HTTP/1.1" 200 297
192.168.10.61 - - [05/Mar/2018:16:30:56 -0300] "GET /cormun/servlet/solicitudgral?8603167fc899e69bcb35b841ed6acf77d4dba9a3f75a48513d3f77702e022921c0d021dbc7c6a7816b372ae497e4ee069e857c1e74fcf03e5c0c4c294f51a5d213ad58c874b5822f427b0d739e15fdc112f8ff3136435fba9c58221dfe7ac752ddfa2c8df971f2cec9df0005f4636ccd9662a94f52e83910f1aa712e251d75020ae1dc9c6a7c8b71334f696174c300573b8aba89c84d55ac31d5fc5d4aa79ee7a24499b4116317e82f73aba0da8604819f5ad14b8e6db213c6d89fee1e2bbcf537acd62841abb23a7370f9f4239df5d460df29d8bda83d2ccd15bad28556f99390a4fe0cd88f5539f376de89c75fc0b56dd060a728047ef2ad997ddda71c3e876c99d01c6a1fff39e48a19e1e36512736d8d8c456029ff98153bcd1516d6e7c2d4a3af57a434a4efd0d8c93f3c75ad1ca8a956fdeca052998c731b234cd8c09269021333da0f819001e78e497195301658f3376c446ccb3fdb50dad733e640f7dcf309aa9ad1dcab714a81b86f3ee55390b0f2c6c30cb1f04df4e4478de547f71e64bc2d496b495e498b3c362821ca85e4ea977a322fb06fa94922c7dd7add1246902c2f3c518c73a39db919f92d9b06,gx-no-cache=1520278095564 HTTP/1.1" 200 48
192.168.10.61 - - [05/Mar/2018:16:31:00 -0300] "POST /cormun/servlet/solicitudgral?162aed5000c6a57ed66c3d24c28634ca,UPD,2018,9344,,gx-no-cache=1520278100024 HTTP/1.1" 200 11865
192.168.10.61 - - [05/Mar/2018:16:31:00 -0300] "GET /cormun/servlet/solicitudgral?8603167fc899e69bcb35b841ed6acf77ed8751609eaa3aca8fa3c29c14f898794bb6b71e6db54193553326afc87c1e3cddbedac2de8a16756266d6460b4fcee9b3d4e2b8f12c1e1d2809e636a31dd8db587ff47f17c1547155683a5f61936239b9c92222a8dfa7c9671d060c28291596,gx-no-cache=1520278100216 HTTP/1.1" 200 29
192.168.10.61 - - [05/Mar/2018:16:31:00 -0300] "POST /cormun/servlet/solicitudgral?gx-no-cache=1520278100236 HTTP/1.1" 200 1295
192.168.10.61 - - [05/Mar/2018:16:31:00 -0300] "POST /cormun/servlet/solicitudgral?gx-no-cache=1520278100266 HTTP/1.1" 200 1218
192.168.10.61 - - [05/Mar/2018:16:31:00 -0300] "POST /cormun/servlet/solicitudgral?162aed5000c6a57ed66c3d24c28634ca,UPD,2018,9344,,gx-no-cache=1520278100310 HTTP/1.1" 200 93
192.168.10.61 - - [05/Mar/2018:16:31:00 -0300] "GET /cormun/servlet/hpexe_return? HTTP/1.1" 200 1019
192.168.10.61 - - [05/Mar/2018:16:31:01 -0300] "GET /cormun/servlet/vesolicitudgral?2018,9344,, HTTP/1.1" 200 9077
192.168.10.61 - - [05/Mar/2018:16:31:01 -0300] "GET /cormun/pexe_scrolldiv.js HTTP/1.1" 404 1009
192.168.10.61 - - [05/Mar/2018:16:31:01 -0300] "GET /cormun/pexe_scrolldiv.js HTTP/1.1" 404 1009
192.168.10.61 - - [05/Mar/2018:16:31:01 -0300] "GET /cormun/servlet/vesolicitudgral?2018,9344,, HTTP/1.1" 200 9073
192.168.10.61 - - [05/Mar/2018:16:31:06 -0300] "POST /cormun/servlet/vesolicitudgral?162aed5000c6a57ed66c3d24c28634ca,2018,9344,,,gx-no-cache=1520278105597 HTTP/1.1" 200 12008
192.168.10.61 - - [05/Mar/2018:16:31:06 -0300] "GET /cormun/static/Shared/jqueryui/images/ui-bg_highlight-soft_100_c6c2c8_1x100.png HTTP/1.1" 404 1117
192.168.10.61 - - [05/Mar/2018:16:31:06 -0300] "GET /cormun/static/Shared/jqueryui/images/ui-icons_82798d_256x240.png HTTP/1.1" 404 1089
192.168.10.61 - - [05/Mar/2018:16:31:06 -0300] "GET /cormun/static/Shared/jqueryui/images/ui-bg_flat_55_fafafa_40x100.png HTTP/1.1" 404 1097
192.168.10.61 - - [05/Mar/2018:16:31:06 -0300] "GET /cormun/static/Shared/jqueryui/images/ui-icons_8d78a5_256x240.png HTTP/1.1" 404 1089
192.168.10.61 - - [05/Mar/2018:16:31:06 -0300] "POST /cormun/servlet/vesolicitudgral?162aed5000c6a57ed66c3d24c28634ca,2018,9344,,,gx-no-cache=1520278105819 HTTP/1.1" 200 11943
186.9.38.149 - - [05/Mar/2018:16:31:07 -0300] "GET /cormun/servlet/solicitudotadjuntos?ddce36254e44cd1ed9fdc7d14e9c97beda28806f9635515a0e3dc5eadcceb91d,gx-no-cache=1520278222162 HTTP/1.1" 200 30
186.9.38.149 - - [05/Mar/2018:16:31:07 -0300] "GET /cormun/servlet/solicitudotadjuntos?ddce36254e44cd1ed9fdc7d14e9c97beda28806f9635515a0e3dc5eadcceb91d,gx-no-cache=1520278223062 HTTP/1.1" 200 30
186.9.38.149 - - [05/Mar/2018:16:31:08 -0300] "POST /cormun/servlet/solicitudotadjuntos?c2276b62d1f036539e6d89791926d3b7,INS,2018,10028,,1, HTTP/1.1" 200 116
186.9.38.149 - - [05/Mar/2018:16:31:08 -0300] "GET /cormun/servlet/hpexe_return? HTTP/1.1" 200 1024
186.9.38.149 - - [05/Mar/2018:16:31:08 -0300] "GET /cormun/servlet/trsolicitudadjuntos?2018,10028, HTTP/1.1" 200 9050
186.9.38.149 - - [05/Mar/2018:16:31:09 -0300] "GET /cormun/servlet/trsolicitudadjuntos?2018,10028, HTTP/1.1" 200 9051
192.168.10.96 - - [05/Mar/2018:16:31:10 -0300] "GET /cormun/servlet/trsolicitudgral? HTTP/1.1" 500 10
186.9.38.149 - - [05/Mar/2018:16:31:11 -0300] "GET /cormun/servlet/solicitudotadjuntos?INS,2018,10028,,1, HTTP/1.1" 200 6229
186.9.38.149 - - [05/Mar/2018:16:31:11 -0300] "GET /cormun/static/about:blank HTTP/1.1" 404 1011
186.9.38.149 - - [05/Mar/2018:16:31:12 -0300] "GET /cormun/servlet/solicitudotadjuntos?INS,2018,10028,,1, HTTP/1.1" 200 6223
186.9.38.149 - - [05/Mar/2018:16:31:12 -0300] "GET /cormun/servlet/solicitudotadjuntos?ddce36254e44cd1ed9fdc7d14e9c97be9963aa64c2857f60f34998c15035a92164520652fc822c5e0a718f5a81f0dee9,gx-no-cache=1520278228279 HTTP/1.1" 200 30
186.9.38.149 - - [05/Mar/2018:16:31:12 -0300] "POST /cormun/servlet/solicitudotadjuntos?c2276b62d1f036539e6d89791926d3b7,INS,2018,10028,,1,,gx-no-cache=1520278228421 HTTP/1.1" 200 3980
192.168.10.96 - - [05/Mar/2018:16:31:14 -0300] "GET /cormun/servlet/hlogin HTTP/1.1" 200 1720
192.168.10.96 - - [05/Mar/2018:16:31:14 -0300] "GET /cormun/servlet/hlogin HTTP/1.1" 200 1720
186.9.38.149 - - [05/Mar/2018:16:31:17 -0300] "POST /cormun/servlet/solicitudotadjuntos?gx-no-cache=1520278233004 HTTP/1.1" 200 26
186.103.159.204 - - [05/Mar/2018:16:31:17 -0300] "GET /cormun/servlet/trsolicitudot? HTTP/1.1" 200 7440
186.103.159.204 - - [05/Mar/2018:16:31:18 -0300] "GET /cormun/servlet/trsolicitudot? HTTP/1.1" 200 7440
186.67.203.186 - - [05/Mar/2018:16:31:22 -0300] "GET /cormun/servlet/trautorizarsolicitud? HTTP/1.1" 200 11771
192.168.10.96 - - [05/Mar/2018:16:31:24 -0300] "POST /cormun/servlet/hlogin?75f947a28920a536fbc3b95520e093ca,gx-no-cache=1520278123614 HTTP/1.1" 200 90
192.168.10.96 - - [05/Mar/2018:16:31:24 -0300] "GET /cormun/servlet/hpexe_link HTTP/1.1" 200 952
192.168.10.96 - - [05/Mar/2018:16:31:24 -0300] "GET /cormun/servlet/hhome HTTP/1.1" 200 4707
192.168.10.96 - - [05/Mar/2018:16:31:24 -0300] "GET /cormun/servlet/hhome HTTP/1.1" 200 4703
186.67.203.186 - - [05/Mar/2018:16:31:25 -0300] "GET /cormun/servlet/trautorizarsolicitud? HTTP/1.1" 200 11770
192.168.10.96 - - [05/Mar/2018:16:31:28 -0300] "GET /cormun/servlet/trsolicitudgral? HTTP/1.1" 200 28573
192.168.10.61 - - [05/Mar/2018:16:31:29 -0300] "POST /cormun/servlet/vesolicitudgral?162aed5000c6a57ed66c3d24c28634ca,2018,9344,,,gx-no-cache=1520278128805 HTTP/1.1" 200 11992
192.168.10.96 - - [05/Mar/2018:16:31:30 -0300] "GET /cormun/servlet/trsolicitudgral? HTTP/1.1" 200 28571
192.168.10.61 - - [05/Mar/2018:16:31:59 -0300] "POST /cormun/servlet/vesolicitudgral?162aed5000c6a57ed66c3d24c28634ca,2018,9344,,,gx-no-cache=1520278159182 HTTP/1.1" 200 11992
192.168.10.61 - - [05/Mar/2018:16:32:01 -0300] "POST /cormun/servlet/vesolicitudgral?162aed5000c6a57ed66c3d24c28634ca,2018,9344,,,gx-no-cache=1520278161414 HTTP/1.1" 200 93
192.168.10.61 - - [05/Mar/2018:16:32:01 -0300] "GET /cormun/servlet/hpexe_return? HTTP/1.1" 200 1013
192.168.10.61 - - [05/Mar/2018:16:32:02 -0300] "GET /cormun/servlet/trsolicitudgral HTTP/1.1" 200 13155
192.168.10.61 - - [05/Mar/2018:16:32:02 -0300] "GET /cormun/servlet/trsolicitudgral HTTP/1.1" 200 13150
192.168.10.61 - - [05/Mar/2018:16:32:18 -0300] "GET /cormun/servlet/solicitudgral?UPD,2018,9344, HTTP/1.1" 200 12919
192.168.10.61 - - [05/Mar/2018:16:32:18 -0300] "GET /cormun/servlet/solicitudgral?UPD,2018,9344, HTTP/1.1" 200 12929
192.168.10.61 - - [05/Mar/2018:16:32:19 -0300] "POST /cormun/servlet/solicitudgral?gx-no-cache=1520278178631 HTTP/1.1" 200 3924
192.168.10.61 - - [05/Mar/2018:16:32:19 -0300] "GET /cormun/servlet/solicitudgral?8603167fc899e69bcb35b841ed6acf773c041af5502e22b7de0d5eb7b8ceb4c8af11b8d709492d3ab14aef40ae7b036efbfcbe33a4432ba57990f48b48ff8cdc63d4f292401960628368f64e1334bbce98d635b41968db0eede44b7d19345278b85338556dbfcf0e19e17f448037a9d4604fe5b098b7ec67a8d6d94954e7c70769f6d7a809719ca2fbfac58d64ef45782e0c77654a08104e6937562fb6a80ca680943c72244ad8b4b97b5fcfd11cf5aa4dd117bdfa27c5f5769affdbe3d475d5f61d0d21106c889e3b84c6f43c876ac36c0097b9de856a4336be8b0645de2a3605b34521e6cb5f581486f6f81cddc429a0b4180cbbc7f7ee6eaae839ea812154212aaa0b4f497729889e68f5efffee80abe12d9b0d6c0c8c5680e10654a935820107c1513e34f91e970aa4fa6c7a1e13608666876e955341cefe5c794bf5b4c008e84e03ba7cb0272f7dd637743a7f00,gx-no-cache=1520278178758 HTTP/1.1" 200 297
192.168.10.61 - - [05/Mar/2018:16:32:20 -0300] "POST /cormun/servlet/solicitudgral?162aed5000c6a57ed66c3d24c28634ca,UPD,2018,9344,,gx-no-cache=1520278180076 HTTP/1.1" 200 93
192.168.10.61 - - [05/Mar/2018:16:32:20 -0300] "GET /cormun/servlet/hpexe_return? HTTP/1.1" 200 1016
192.168.10.61 - - [05/Mar/2018:16:32:20 -0300] "GET /cormun/servlet/trsolicitudgral HTTP/1.1" 200 13155
192.168.10.61 - - [05/Mar/2018:16:32:21 -0300] "GET /cormun/servlet/trsolicitudgral HTTP/1.1" 200 13150
186.9.38.149 - - [05/Mar/2018:16:32:23 -0300] "GET /cormun/servlet/solicitudotadjuntos?ddce36254e44cd1ed9fdc7d14e9c97beda28806f9635515a0e3dc5eadcceb91d,gx-no-cache=1520278299493 HTTP/1.1" 200 30
186.9.38.149 - - [05/Mar/2018:16:32:23 -0300] "GET /cormun/servlet/solicitudotadjuntos?ddce36254e44cd1ed9fdc7d14e9c97beda28806f9635515a0e3dc5eadcceb91d,gx-no-cache=1520278299732 HTTP/1.1" 200 30
186.9.38.149 - - [05/Mar/2018:16:32:24 -0300] "POST /cormun/servlet/solicitudotadjuntos?c2276b62d1f036539e6d89791926d3b7,INS,2018,10028,,1, HTTP/1.1" 200 116
186.9.38.149 - - [05/Mar/2018:16:32:24 -0300] "GET /cormun/servlet/hpexe_return? HTTP/1.1" 200 1024
186.9.38.149 - - [05/Mar/2018:16:32:25 -0300] "GET /cormun/servlet/trsolicitudadjuntos?2018,10028, HTTP/1.1" 200 9250
186.9.38.149 - - [05/Mar/2018:16:32:26 -0300] "GET /cormun/servlet/trsolicitudadjuntos?2018,10028, HTTP/1.1" 200 9249
186.9.38.149 - - [05/Mar/2018:16:32:28 -0300] "GET /cormun/servlet/solicitudotadjuntos?INS,2018,10028,,1, HTTP/1.1" 200 6230
186.9.38.149 - - [05/Mar/2018:16:32:28 -0300] "GET /cormun/static/about:blank HTTP/1.1" 404 1011
186.9.38.149 - - [05/Mar/2018:16:32:28 -0300] "GET /cormun/servlet/solicitudotadjuntos?INS,2018,10028,,1, HTTP/1.1" 200 6224
186.9.38.149 - - [05/Mar/2018:16:32:29 -0300] "GET /cormun/servlet/solicitudotadjuntos?ddce36254e44cd1ed9fdc7d14e9c97be9963aa64c2857f60f34998c15035a92164520652fc822c5e0a718f5a81f0dee9,gx-no-cache=1520278305094 HTTP/1.1" 200 30
186.9.38.149 - - [05/Mar/2018:16:32:29 -0300] "POST /cormun/servlet/solicitudotadjuntos?c2276b62d1f036539e6d89791926d3b7,INS,2018,10028,,1,,gx-no-cache=1520278305352 HTTP/1.1" 200 3982
192.168.10.50 - - [05/Mar/2018:16:32:31 -0300] "POST /cormun/servlet/trsolicitudgral?08886aee9f64f9eda3f07596263c0b99,gx-no-cache=1520277516483,gx-no-cache=1520278190684 HTTP/1.1" 200 5930
192.168.10.50 - - [05/Mar/2018:16:32:35 -0300] "POST /cormun/servlet/trsolicitudgral?08886aee9f64f9eda3f07596263c0b99,gx-no-cache=1520277516483,gx-no-cache=1520278195232 HTTP/1.1" 200 5930
186.9.38.149 - - [05/Mar/2018:16:32:37 -0300] "POST /cormun/servlet/solicitudotadjuntos?gx-no-cache=1520278313073 HTTP/1.1" 200 26
192.168.10.96 - - [05/Mar/2018:16:32:48 -0300] "POST /cormun/servlet/trsolicitudgral?75f947a28920a536fbc3b95520e093ca,,gx-no-cache=1520278207892 HTTP/1.1" 200 7298
192.168.10.96 - - [05/Mar/2018:16:32:53 -0300] "POST /cormun/servlet/trsolicitudgral?75f947a28920a536fbc3b95520e093ca,,gx-no-cache=1520278213095 HTTP/1.1" 200 7298
192.168.10.96 - - [05/Mar/2018:16:32:58 -0300] "POST /cormun/servlet/trsolicitudgral?75f947a28920a536fbc3b95520e093ca,,gx-no-cache=1520278218096 HTTP/1.1" 200 7275
186.103.159.204 - - [05/Mar/2018:16:33:35 -0300] "GET /cormun/servlet/trsolicitudot? HTTP/1.1" 200 7440
186.103.159.204 - - [05/Mar/2018:16:33:35 -0300] "GET /cormun/servlet/trsolicitudot? HTTP/1.1" 200 7440
186.9.38.149 - - [05/Mar/2018:16:33:37 -0300] "GET /cormun/servlet/solicitudotadjuntos?ddce36254e44cd1ed9fdc7d14e9c97beda28806f9635515a0e3dc5eadcceb91d,gx-no-cache=1520278373388 HTTP/1.1" 200 30
186.9.38.149 - - [05/Mar/2018:16:33:37 -0300] "GET /cormun/servlet/solicitudotadjuntos?ddce36254e44cd1ed9fdc7d14e9c97beda28806f9635515a0e3dc5eadcceb91d,gx-no-cache=1520278373528 HTTP/1.1" 200 30
